(49889,'INSERT INTO mae_productos (pro_codigo_plu,pro_codigo_barra,pro_tipo,pro_nombre_producto,pro_nombre_corto,med_id,emb_id,pro_unidades_embalaje,dep_id,lin_id,mar_id,pro_precio_compra_neto,pro_precio_compra_bruto,pro_precio_venta,pro_margen_actual,pro_oferta,pro_fecha_inicio_oferta,pro_fecha_termino_oferta,pro_precio_oferta,pro_stock_minimo,pro_stock_critico,pro_entradas_bodega,pro_salidas_bodega,pro_mermas_bodega,pro_ajustes_bodega,pro_entradas_sv,pro_salidas_sv,pro_mermas_sv,pro_ajustes_sv,pro_activo,rec_numero,pro_unidad,pro_capacidad,pro_consumo_bodega,pro_consumo_sv,pro_estado,pro_funcion_plu,pro_flejes,pro_iva,pro_plu_asociado,pro_envase,pro_duracion,pro_numero_etiqueta) VALUES (693331245,@@@6933312450680@@@,@@@0@@@,@@@AUTO DEPORTIVO CON CONTROL REMOTO@@@,@@@AUTO DEPORTIVO C@@@,@@@1 @@@,@@@9 @@@,@@@1@@@,@@@23 @@@,@@@135@@@,@@@2507@@@,@@@0@@@,@@@3750@@@,@@@6290@@@,@@@67.73@@@,@@@@@@,@@@2006.09.07@@@,@@@2006.09.07@@@,@@@0@@@,@@@0@@@,@@@0@@@,@@@0@@@,@@@0@@@,@@@0@@@,@@@0@@@,@@@0@@@,@@@0@@@,@@@0@@@,@@@0@@@,@@@1@@@,@@@0@@@,0,1,0,0,2,0,1,1,0,@@@NO@@@,0,0)','',2,'2013-08-08'),(49890,'DELETE FROM mae_impuestos_productos WHERE pro_codigo_plu=@@@693331245@@@','',2,'2013-08-08'),(49891,'INSERT INTO gne_vale_ferreteria (vfe_id,vfe_fecha,vfe_total,vfe_estado,vfe_entregado,usu_nusuario) VALUES (7563,@@@2013.08.08@@@,749,1,0,@@@m_martinez@@@)','',2,'2013-08-08'),(49892,'INSERT INTO gne_vale_ferreteria_mov (vfe_id,pro_codigo_plu,vfm_cantidad,vfm_unitario,vfm_total,vfm_entregado) VALUES (7563,780721388,1,399,399,@@@NO@@@)','',2,'2013-08-08'),(49893,'INSERT INTO gne_vale_ferreteria_mov (vfe_id,pro_codigo_plu,vfm_cantidad,vfm_unitario,vfm_total,vfm_entregado) VALUES (7563,763597,1,350,350,@@@NO@@@)','',2,'2013-08-08'),(49894,'INSERT INTO mae_productos (pro_codigo_plu,pro_codigo_barra,pro_tipo,pro_nombre_producto,pro_nombre_corto,med_id,emb_id,pro_unidades_embalaje,dep_id,lin_id,mar_id,pro_precio_compra_neto,pro_precio_compra_bruto,pro_precio_venta,pro_margen_actual,pro_oferta,pro_fecha_inicio_oferta,pro_fecha_termino_oferta,pro_precio_oferta,pro_stock_minimo,pro_stock_critico,pro_entradas_bodega,pro_salidas_bodega,pro_mermas_bodega,pro_ajustes_bodega,pro_entradas_sv,pro_salidas_sv,pro_mermas_sv,pro_ajustes_sv,pro_activo,rec_numero,pro_unidad,pro_capacidad,pro_consumo_bodega,pro_consumo_sv,pro_estado,pro_funcion_plu,pro_flejes,pro_iva,pro_plu_asociado,pro_envase,pro_duracion,pro_numero_etiqueta) VALUES (780721623,@@@6933312450710@@@,@@@0@@@,@@@CAMION DE CARGA@@@,@@@CAMION DE CARGA@@@,@@@1 @@@,@@@9 @@@,@@@1@@@,@@@23 @@@,@@@135@@@,@@@2507@@@,@@@0@@@,@@@820@@@,@@@1390@@@,@@@69.51@@@,@@@@@@,@@@2006.09.07@@@,@@@2006.09.07@@@,@@@0@@@,@@@0@@@,@@@0@@@,@@@0@@@,@@@0@@@,@@@0@@@,@@@0@@@,@@@0@@@,@@@0@@@,@@@0@@@,@@@0@@@,@@@1@@@,@@@0@@@,0,1,0,0,2,0,1,1,0,@@@NO@@@,0,0)','',2,'2013-08-08'),(49895,'DELETE FROM mae_impuestos_productos WHERE pro_codigo_plu=@@@780721623@@@','',2,'2013-08-08'),(49896,'INSERT INTO gne_vale_ferreteria (vfe_id,vfe_fecha,vfe_total,vfe_estado,vfe_entregado,usu_nusuario) VALUES (7564,@@@2013.08.08@@@,200,1,0,@@@m_martinez@@@)','',2,'2013-08-08'),(49897,'INSERT INTO gne_vale_ferreteria_mov (vfe_id,pro_codigo_plu,vfm_cantidad,vfm_unitario,vfm_total,vfm_entregado) VALUES (7564,770024,2,100,200,@@@NO@@@)','',2,'2013-08-08'),(49898,'UPDATE mae_productos SET pro_precio_fiscal=pro_precio_venta WHERE pro_codigo_plu=17225','',2,'2013-08-08'),(49899,'UPDATE mae_productos SET pro_precio_fiscal=pro_precio_venta WHERE pro_codigo_plu=17313','',2,'2013-08-08'),(49900,'UPDATE mae_productos SET pro_precio_fiscal=pro_precio_venta WHERE pro_codigo_plu=780721618','',2,'2013-08-08'),(49901,'UPDATE mae_productos SET pro_precio_fiscal=pro_precio_venta WHERE pro_codigo_plu=780721617','',2,'2013-08-08'),(49902,'INSERT INTO mae_productos (pro_codigo_plu,pro_codigo_barra,pro_tipo,pro_nombre_producto,pro_nombre_corto,med_id,emb_id,pro_unidades_embalaje,dep_id,lin_id,mar_id,pro_precio_compra_neto,pro_precio_compra_bruto,pro_precio_venta,pro_margen_actual,pro_oferta,pro_fecha_inicio_oferta,pro_fecha_termino_oferta,pro_precio_oferta,pro_stock_minimo,pro_stock_critico,pro_entradas_bodega,pro_salidas_bodega,pro_mermas_bodega,pro_ajustes_bodega,pro_entradas_sv,pro_salidas_sv,pro_mermas_sv,pro_ajustes_sv,pro_activo,rec_numero,pro_unidad,pro_capacidad,pro_consumo_bodega,pro_consumo_sv,pro_estado,pro_funcion_plu,pro_flejes,pro_iva,pro_plu_asociado,pro_envase,pro_duracion,pro_numero_etiqueta) VALUES (780721624,@@@6933312008898@@@,@@@0@@@,@@@AUTO TRASFORMER PILASTY@@@,@@@AUTO TRASFORMER @@@,@@@1 @@@,@@@9 @@@,@@@1@@@,@@@23 @@@,@@@135@@@,@@@2507@@@,@@@0@@@,@@@2400@@@,@@@3990@@@,@@@66.25@@@,@@@@@@,@@@2006.09.07@@@,@@@2006.09.07@@@,@@@0@@@,@@@0@@@,@@@0@@@,@@@0@@@,@@@0@@@,@@@0@@@,@@@0@@@,@@@0@@@,@@@0@@@,@@@0@@@,@@@0@@@,@@@1@@@,@@@0@@@,0,1,0,0,2,0,1,1,0,@@@NO@@@,0,0)','',2,'2013-08-08'),(49903,'DELETE FROM mae_impuestos_productos WHERE pro_codigo_plu=@@@780721624@@@','',2,'2013-08-08'),(49904,'INSERT INTO mae_productos (pro_codigo_plu,pro_codigo_barra,pro_tipo,pro_nombre_producto,pro_nombre_corto,med_id,emb_id,pro_unidades_embalaje,dep_id,lin_id,mar_id,pro_precio_compra_neto,pro_precio_compra_bruto,pro_precio_venta,pro_margen_actual,pro_oferta,pro_fecha_inicio_oferta,pro_fecha_termino_oferta,pro_precio_oferta,pro_stock_minimo,pro_stock_critico,pro_entradas_bodega,pro_salidas_bodega,pro_mermas_bodega,pro_ajustes_bodega,pro_entradas_sv,pro_salidas_sv,pro_mermas_sv,pro_ajustes_sv,pro_activo,rec_numero,pro_unidad,pro_capacidad,pro_consumo_bodega,pro_consumo_sv,pro_estado,pro_funcion_plu,pro_flejes,pro_iva,pro_plu_asociado,pro_envase,pro_duracion,pro_numero_etiqueta) VALUES (780721625,@@@6933312008348@@@,@@@0@@@,@@@TORTUGA A PILA@@@,@@@TORTUGA A PILA@@@,@@@1 @@@,@@@9 @@@,@@@1@@@,@@@23 @@@,@@@135@@@,@@@2507@@@,@@@0@@@,@@@1290@@@,@@@2490@@@,@@@93.02@@@,@@@@@@,@@@2006.09.07@@@,@@@2006.09.07@@@,@@@0@@@,@@@0@@@,@@@0@@@,@@@0@@@,@@@0@@@,@@@0@@@,@@@0@@@,@@@0@@@,@@@0@@@,@@@0@@@,@@@0@@@,@@@1@@@,@@@0@@@,0,1,0,0,2,0,1,1,0,@@@NO@@@,0,0)','',2,'2013-08-08'),(49905,'DELETE FROM mae_impuestos_productos WHERE pro_codigo_plu=@@@780721625@@@','',2,'2013-08-08'),(49906,'INSERT INTO mae_productos (pro_codigo_plu,pro_codigo_barra,pro_tipo,pro_nombre_producto,pro_nombre_corto,med_id,emb_id,pro_unidades_embalaje,dep_id,lin_id,mar_id,pro_precio_compra_neto,pro_precio_compra_bruto,pro_precio_venta,pro_margen_actual,pro_oferta,pro_fecha_inicio_oferta,pro_fecha_termino_oferta,pro_precio_oferta,pro_stock_minimo,pro_stock_critico,pro_entradas_bodega,pro_salidas_bodega,pro_mermas_bodega,pro_ajustes_bodega,pro_entradas_sv,pro_salidas_sv,pro_mermas_sv,pro_ajustes_sv,pro_activo,rec_numero,pro_unidad,pro_capacidad,pro_consumo_bodega,pro_consumo_sv,pro_estado,pro_funcion_plu,pro_flejes,pro_iva,pro_plu_asociado,pro_envase,pro_duracion,pro_numero_etiqueta) VALUES (780721626,@@@6933312450697@@@,@@@0@@@,@@@CAMIONETA A FRICCION@@@,@@@CAMIONETA A FRIC@@@,@@@1 @@@,@@@9 @@@,@@@1@@@,@@@23 @@@,@@@135@@@,@@@2507@@@,@@@0@@@,@@@730@@@,@@@1450@@@,@@@98.63@@@,@@@@@@,@@@2006.09.07@@@,@@@2006.09.07@@@,@@@0@@@,@@@0@@@,@@@0@@@,@@@0@@@,@@@0@@@,@@@0@@@,@@@0@@@,@@@0@@@,@@@0@@@,@@@0@@@,@@@0@@@,@@@1@@@,@@@0@@@,0,1,0,0,2,0,1,1,0,@@@NO@@@,0,0)','',2,'2013-08-08'),(49907,'DELETE FROM mae_impuestos_productos WHERE pro_codigo_plu=@@@780721626@@@','',2,'2013-08-08'),(49908,'UPDATE mae_productos SET pro_precio_compra_bruto=998.41,pro_margen_actual=(pro_precio_venta-998.41)/998.41 * 100,pro_ultima_compra=@@@2013.08.08@@@,pro_ultimo_proveedor=@@@96618540-6@@@ WHERE pro_codigo_plu=13780','',2,'2013-08-08'),(49909,'UPDATE mae_productos SET pro_precio_compra_bruto=43.733,pro_margen_actual=(pro_precio_venta-43.733)/43.733 * 100,pro_ultima_compra=@@@2013.08.08@@@,pro_ultimo_proveedor=@@@96618540-6@@@ WHERE pro_codigo_plu=763510','',2,'2013-08-08'),(49910,'UPDATE mae_productos SET pro_precio_compra_bruto=43.733,pro_margen_actual=(pro_precio_venta-43.733)/43.733 * 100,pro_ultima_compra=@@@2013.08.08@@@,pro_ultimo_proveedor=@@@96618540-6@@@ WHERE pro_codigo_plu=763508','',2,'2013-08-08'),(49911,'UPDATE mae_productos SET pro_precio_compra_bruto=43.73,pro_margen_actual=(pro_precio_venta-43.73)/43.73 * 100,pro_ultima_compra=@@@2013.08.08@@@,pro_ultimo_proveedor=@@@96618540-6@@@ WHERE pro_codigo_plu=763509','',2,'2013-08-08'),(49912,'UPDATE mae_productos SET pro_precio_compra_bruto=43.73,pro_margen_actual=(pro_precio_venta-43.73)/43.73 * 100,pro_ultima_compra=@@@2013.08.08@@@,pro_ultimo_proveedor=@@@96618540-6@@@ WHERE pro_codigo_plu=763498','',2,'2013-08-08'),(49913,'INSERT INTO gne_vale_ferreteria (vfe_id,vfe_fecha,vfe_total,vfe_estado,vfe_entregado,usu_nusuario) VALUES (7565,@@@2013.08.08@@@,840,1,0,@@@m_martinez@@@)','',2,'2013-08-08'),(49914,'INSERT INTO gne_vale_ferreteria_mov (vfe_id,pro_codigo_plu,vfm_cantidad,vfm_unitario,vfm_total,vfm_entregado) VALUES (7565,11670,1,840,840,@@@NO@@@)','',2,'2013-08-08'),(49915,'INSERT INTO mae_productos (pro_codigo_plu,pro_codigo_barra,pro_tipo,pro_nombre_producto,pro_nombre_corto,med_id,emb_id,pro_unidades_embalaje,dep_id,lin_id,mar_id,pro_precio_compra_neto,pro_precio_compra_bruto,pro_precio_venta,pro_margen_actual,pro_oferta,pro_fecha_inicio_oferta,pro_fecha_termino_oferta,pro_precio_oferta,pro_stock_minimo,pro_stock_critico,pro_entradas_bodega,pro_salidas_bodega,pro_mermas_bodega,pro_ajustes_bodega,pro_entradas_sv,pro_salidas_sv,pro_mermas_sv,pro_ajustes_sv,pro_activo,rec_numero,pro_unidad,pro_capacidad,pro_consumo_bodega,pro_consumo_sv,pro_estado,pro_funcion_plu,pro_flejes,pro_iva,pro_plu_asociado,pro_envase,pro_duracion,pro_numero_etiqueta) VALUES (780721627,@@@6933312450765@@@,@@@0@@@,@@@SOLDADO PLAST BOLSA@@@,@@@SOLDADO PLAST BO@@@,@@@1 @@@,@@@9 @@@,@@@1@@@,@@@23 @@@,@@@135@@@,@@@2507@@@,@@@0@@@,@@@650@@@,@@@1290@@@,@@@98.46@@@,@@@@@@,@@@2006.09.07@@@,@@@2006.09.07@@@,@@@0@@@,@@@0@@@,@@@0@@@,@@@0@@@,@@@0@@@,@@@0@@@,@@@0@@@,@@@0@@@,@@@0@@@,@@@0@@@,@@@0@@@,@@@1@@@,@@@0@@@,0,1,0,0,2,0,1,1,0,@@@NO@@@,0,0)','',2,'2013-08-08'),(49916,'DELETE FROM mae_impuestos_productos WHERE pro_codigo_plu=@@@780721627@@@','',2,'2013-08-08'),(49917,'UPDATE mae_productos SET pro_precio_compra_bruto=3594,pro_margen_actual=(pro_precio_venta-3594)/3594 * 100,pro_ultima_compra=@@@2013.08.08@@@,pro_ultimo_proveedor=@@@77457730-0@@@ WHERE pro_codigo_plu=780721617','',2,'2013-08-08'),(49918,'UPDATE mae_productos SET pro_precio_compra_bruto=2694,pro_margen_actual=(pro_precio_venta-2694)/2694 * 100,pro_ultima_compra=@@@2013.08.08@@@,pro_ultimo_proveedor=@@@77457730-0@@@ WHERE pro_codigo_plu=780721618','',2,'2013-08-08'),(49919,'UPDATE mae_productos SET pro_precio_compra_bruto=545,pro_margen_actual=(pro_precio_venta-545)/545 * 100,pro_ultima_compra=@@@2013.08.08@@@,pro_ultimo_proveedor=@@@77457730-0@@@ WHERE pro_codigo_plu=18065','',2,'2013-08-08'),(49920,'UPDATE mae_productos SET pro_precio_compra_bruto=3303,pro_margen_actual=(pro_precio_venta-3303)/3303 * 100,pro_ultima_compra=@@@2013.08.08@@@,pro_ultimo_proveedor=@@@77457730-0@@@ WHERE pro_codigo_plu=10808','',2,'2013-08-08'),(49921,'UPDATE mae_productos SET pro_precio_compra_bruto=2853,pro_margen_actual=(pro_precio_venta-2853)/2853 * 100,pro_ultima_compra=@@@2013.08.08@@@,pro_ultimo_proveedor=@@@77457730-0@@@ WHERE pro_codigo_plu=18039','',2,'2013-08-08'),(49922,'UPDATE mae_productos SET pro_precio_compra_bruto=2280,pro_margen_actual=(pro_precio_venta-2280)/2280 * 100,pro_ultima_compra=@@@2013.08.08@@@,pro_ultimo_proveedor=@@@77457730-0@@@ WHERE pro_codigo_plu=18054','',2,'2013-08-08'),(49923,'UPDATE mae_productos SET pro_precio_compra_bruto=3234,pro_margen_actual=(pro_precio_venta-3234)/3234 * 100,pro_ultima_compra=@@@2013.08.08@@@,pro_ultimo_proveedor=@@@77457730-0@@@ WHERE pro_codigo_plu=18037','',2,'2013-08-08'),(49924,'UPDATE mae_productos SET pro_precio_compra_bruto=80.096,pro_margen_actual=(pro_precio_venta-80.096)/80.096 * 100,pro_ultima_compra=@@@2013.08.08@@@,pro_ultimo_proveedor=@@@77457730-0@@@ WHERE pro_codigo_plu=13960','',2,'2013-08-08'),(49925,'UPDATE mae_productos SET pro_precio_compra_bruto=80.096,pro_margen_actual=(pro_precio_venta-80.096)/80.096 * 100,pro_ultima_compra=@@@2013.08.08@@@,pro_ultimo_proveedor=@@@77457730-0@@@ WHERE pro_codigo_plu=13959','',2,'2013-08-08'),(49926,'UPDATE mae_productos SET pro_precio_compra_bruto=80.084,pro_margen_actual=(pro_precio_venta-80.084)/80.084 * 100,pro_ultima_compra=@@@2013.08.08@@@,pro_ultimo_proveedor=@@@77457730-0@@@ WHERE pro_codigo_plu=13962','',2,'2013-08-08'),(49927,'UPDATE mae_productos SET pro_precio_compra_bruto=80.084,pro_margen_actual=(pro_precio_venta-80.084)/80.084 * 100,pro_ultima_compra=@@@2013.08.08@@@,pro_ultimo_proveedor=@@@77457730-0@@@ WHERE pro_codigo_plu=13961','',2,'2013-08-08'),(49928,'INSERT INTO mae_productos (pro_codigo_plu,pro_codigo_barra,pro_tipo,pro_nombre_producto,pro_nombre_corto,med_id,emb_id,pro_unidades_embalaje,dep_id,lin_id,mar_id,pro_precio_compra_neto,pro_precio_compra_bruto,pro_precio_venta,pro_margen_actual,pro_oferta,pro_fecha_inicio_oferta,pro_fecha_termino_oferta,pro_precio_oferta,pro_stock_minimo,pro_stock_critico,pro_entradas_bodega,pro_salidas_bodega,pro_mermas_bodega,pro_ajustes_bodega,pro_entradas_sv,pro_salidas_sv,pro_mermas_sv,pro_ajustes_sv,pro_activo,rec_numero,pro_unidad,pro_capacidad,pro_consumo_bodega,pro_consumo_sv,pro_estado,pro_funcion_plu,pro_flejes,pro_iva,pro_plu_asociado,pro_envase,pro_duracion,pro_numero_etiqueta) VALUES (780721628,@@@6933312008768@@@,@@@0@@@,@@@ESPADA A PILA@@@,@@@ESPADA A PILA@@@,@@@1 @@@,@@@9 @@@,@@@1@@@,@@@23 @@@,@@@135@@@,@@@2507@@@,@@@0@@@,@@@1250@@@,@@@2390@@@,@@@91.2@@@,@@@@@@,@@@2006.09.07@@@,@@@2006.09.07@@@,@@@0@@@,@@@0@@@,@@@0@@@,@@@0@@@,@@@0@@@,@@@0@@@,@@@0@@@,@@@0@@@,@@@0@@@,@@@0@@@,@@@0@@@,@@@1@@@,@@@0@@@,0,1,0,0,2,0,1,1,0,@@@NO@@@,0,0)','',2,'2013-08-08'),(49929,'DELETE FROM mae_impuestos_productos WHERE pro_codigo_plu=@@@780721628@@@','',2,'2013-08-08'),(49930,'INSERT INTO mae_productos (pro_codigo_plu,pro_codigo_barra,pro_tipo,pro_nombre_producto,pro_nombre_corto,med_id,emb_id,pro_unidades_embalaje,dep_id,lin_id,mar_id,pro_precio_compra_neto,pro_precio_compra_bruto,pro_precio_venta,pro_margen_actual,pro_oferta,pro_fecha_inicio_oferta,pro_fecha_termino_oferta,pro_precio_oferta,pro_stock_minimo,pro_stock_critico,pro_entradas_bodega,pro_salidas_bodega,pro_mermas_bodega,pro_ajustes_bodega,pro_entradas_sv,pro_salidas_sv,pro_mermas_sv,pro_ajustes_sv,pro_activo,rec_numero,pro_unidad,pro_capacidad,pro_consumo_bodega,pro_consumo_sv,pro_estado,pro_funcion_plu,pro_flejes,pro_iva,pro_plu_asociado,pro_envase,pro_duracion,pro_numero_etiqueta) VALUES (7500899,@@@7500899@@@,@@@0@@@,@@@SOLDADO CHICO CRAWLING FORCE@@@,@@@SOLDADO CRAWLING@@@,@@@1 @@@,@@@9 @@@,@@@1@@@,@@@23 @@@,@@@135@@@,@@@2507@@@,@@@0@@@,@@@1250@@@,@@@2490@@@,@@@99.2@@@,@@@@@@,@@@2006.09.07@@@,@@@2006.09.07@@@,@@@0@@@,@@@0@@@,@@@0@@@,@@@0@@@,@@@0@@@,@@@0@@@,@@@0@@@,@@@0@@@,@@@0@@@,@@@0@@@,@@@0@@@,@@@1@@@,@@@0@@@,0,1,0,0,2,0,1,1,0,@@@NO@@@,0,0)','',2,'2013-08-08'),(49931,'DELETE FROM mae_impuestos_productos WHERE pro_codigo_plu=@@@7500899@@@','',2,'2013-08-08'),(49932,'INSERT INTO gne_vale_ferreteria (vfe_id,vfe_fecha,vfe_total,vfe_estado,vfe_entregado,usu_nusuario) VALUES (7566,@@@2013.08.08@@@,390,1,0,@@@m_martinez@@@)','',2,'2013-08-08'),(49933,'INSERT INTO gne_vale_ferreteria_mov (vfe_id,pro_codigo_plu,vfm_cantidad,vfm_unitario,vfm_total,vfm_entregado) VALUES (7566,761990,1,390,390,@@@NO@@@)','',2,'2013-08-08'),(49934,'UPDATE gpr_pack_virtual SET pav_nombre=@@@PACK VIENESA + PEPSI 1,5@@@,pav_total_pack=1980,pav_total_descuento=509,pav_desde=@@@2013-08-08@@@,pav_hasta=@@@2013-08-11@@@,pav_tipo=@@@PR@@@,pav_precio=0,pav_lleva=0,pav_paga=0,pav_descuento=0,pav_porcentaje=0,pav_oferta_exclusiva=@@@NO@@@,pav_agotar_stock=@@@SI@@@,pav_stock=25,pav_costo=1640.16,pav_margen=20.72 WHERE pav_id=23','',2,'2013-08-08'),(49935,'DELETE FROM gpr_pack_virtual_mov WHERE pav_id=23','',2,'2013-08-08'),(49936,'DELETE FROM gpr_pack_virtual_horario WHERE pav_id=23','',2,'2013-08-08'),(49937,'INSERT INTO gpr_pack_virtual_mov (pav_id,pro_codigo_plu,pvm_precio,pvm_total,pvm_lleva,pvm_paga,pvm_descuento,pvm_porcentaje,pvm_total_normal,pvm_descuento_linea,pvm_costo,pvm_margen) VALUES (23,18557,1590,1495,1,0.94,6.00000000000001E-02,0,1590,95,1190,25.63),(23,17269,899,485,1,0.54,0.46,0,899,414,450.16,7.74)','',2,'2013-08-08'),(49938,'INSERT INTO gpr_pack_virtual_horario (pav_id,pvh_dia,pvh_hora_desde,pvh_hora_hasta) VALUES (23,99,@@@00:00@@@,@@@23:59@@@)','',2,'2013-08-08'),(49939,'INSERT INTO mae_productos (pro_codigo_plu,pro_codigo_barra,pro_tipo,pro_nombre_producto,pro_nombre_corto,med_id,emb_id,pro_unidades_embalaje,dep_id,lin_id,mar_id,pro_precio_compra_neto,pro_precio_compra_bruto,pro_precio_venta,pro_margen_actual,pro_oferta,pro_fecha_inicio_oferta,pro_fecha_termino_oferta,pro_precio_oferta,pro_stock_minimo,pro_stock_critico,pro_entradas_bodega,pro_salidas_bodega,pro_mermas_bodega,pro_ajustes_bodega,pro_entradas_sv,pro_salidas_sv,pro_mermas_sv,pro_ajustes_sv,pro_activo,rec_numero,pro_unidad,pro_capacidad,pro_consumo_bodega,pro_consumo_sv,pro_estado,pro_funcion_plu,pro_flejes,pro_iva,pro_plu_asociado,pro_envase,pro_duracion,pro_numero_etiqueta) VALUES (7500898,@@@7500898@@@,@@@0@@@,@@@SOLDADO A PILAS GRANDE @@@,@@@SOLDADO A PILAS @@@,@@@1 @@@,@@@9 @@@,@@@1@@@,@@@23 @@@,@@@135@@@,@@@2507@@@,@@@0@@@,@@@1850@@@,@@@3590@@@,@@@94.05@@@,@@@@@@,@@@2006.09.07@@@,@@@2006.09.07@@@,@@@0@@@,@@@0@@@,@@@0@@@,@@@0@@@,@@@0@@@,@@@0@@@,@@@0@@@,@@@0@@@,@@@0@@@,@@@0@@@,@@@0@@@,@@@1@@@,@@@0@@@,0,1,0,0,2,0,1,1,0,@@@NO@@@,0,0)','',2,'2013-08-08'),(49940,'DELETE FROM mae_impuestos_productos WHERE pro_codigo_plu=@@@7500898@@@','',2,'2013-08-08'),(49941,'INSERT INTO gne_vale_ferreteria (vfe_id,vfe_fecha,vfe_total,vfe_estado,vfe_entregado,usu_nusuario) VALUES (7567,@@@2013.08.08@@@,7090,1,0,@@@m_martinez@@@)','',2,'2013-08-08'),(49942,'INSERT INTO gne_vale_ferreteria_mov (vfe_id,pro_codigo_plu,vfm_cantidad,vfm_unitario,vfm_total,vfm_entregado) VALUES (7567,78016968,1,5100,5100,@@@NO@@@)','',2,'2013-08-08'),(49943,'INSERT INTO gne_vale_ferreteria_mov (vfe_id,pro_codigo_plu,vfm_cantidad,vfm_unitario,vfm_total,vfm_entregado) VALUES (7567,764916,1,1990,1990,@@@NO@@@)','',2,'2013-08-08'),(49944,'INSERT INTO gne_vale_ferreteria (vfe_id,vfe_fecha,vfe_total,vfe_estado,vfe_entregado,usu_nusuario) VALUES (7568,@@@2013.08.08@@@,60,1,0,@@@m_martinez@@@)','',2,'2013-08-08'),(49945,'INSERT INTO gne_vale_ferreteria_mov (vfe_id,pro_codigo_plu,vfm_cantidad,vfm_unitario,vfm_total,vfm_entregado) VALUES (7568,764780,1,60,60,@@@NO@@@)','',2,'2013-08-08'),(49946,'INSERT INTO mae_productos (pro_codigo_plu,pro_codigo_barra,pro_tipo,pro_nombre_producto,pro_nombre_corto,med_id,emb_id,pro_unidades_embalaje,dep_id,lin_id,mar_id,pro_precio_compra_neto,pro_precio_compra_bruto,pro_precio_venta,pro_margen_actual,pro_oferta,pro_fecha_inicio_oferta,pro_fecha_termino_oferta,pro_precio_oferta,pro_stock_minimo,pro_stock_critico,pro_entradas_bodega,pro_salidas_bodega,pro_mermas_bodega,pro_ajustes_bodega,pro_entradas_sv,pro_salidas_sv,pro_mermas_sv,pro_ajustes_sv,pro_activo,rec_numero,pro_unidad,pro_capacidad,pro_consumo_bodega,pro_consumo_sv,pro_estado,pro_funcion_plu,pro_flejes,pro_iva,pro_plu_asociado,pro_envase,pro_duracion,pro_numero_etiqueta) VALUES (7500897,@@@7500897@@@,@@@0@@@,@@@TROMPO GAMGAM STYLE@@@,@@@TROMPO GAMGAM ST@@@,@@@1 @@@,@@@9 @@@,@@@1@@@,@@@23 @@@,@@@135@@@,@@@2507@@@,@@@0@@@,@@@650@@@,@@@1190@@@,@@@83.08@@@,@@@@@@,@@@2006.09.07@@@,@@@2006.09.07@@@,@@@0@@@,@@@0@@@,@@@0@@@,@@@0@@@,@@@0@@@,@@@0@@@,@@@0@@@,@@@0@@@,@@@0@@@,@@@0@@@,@@@0@@@,@@@1@@@,@@@0@@@,0,1,0,0,2,0,1,1,0,@@@NO@@@,0,0)','',2,'2013-08-08'),(49947,'DELETE FROM mae_impuestos_productos WHERE pro_codigo_plu=@@@7500897@@@','',2,'2013-08-08'),(49948,'INSERT INTO mae_productos (pro_codigo_plu,pro_codigo_barra,pro_tipo,pro_nombre_producto,pro_nombre_corto,med_id,emb_id,pro_unidades_embalaje,dep_id,lin_id,mar_id,pro_precio_compra_neto,pro_precio_compra_bruto,pro_precio_venta,pro_margen_actual,pro_oferta,pro_fecha_inicio_oferta,pro_fecha_termino_oferta,pro_precio_oferta,pro_stock_minimo,pro_stock_critico,pro_entradas_bodega,pro_salidas_bodega,pro_mermas_bodega,pro_ajustes_bodega,pro_entradas_sv,pro_salidas_sv,pro_mermas_sv,pro_ajustes_sv,pro_activo,rec_numero,pro_unidad,pro_capacidad,pro_consumo_bodega,pro_consumo_sv,pro_estado,pro_funcion_plu,pro_flejes,pro_iva,pro_plu_asociado,pro_envase,pro_duracion,pro_numero_etiqueta) VALUES (7500896,@@@7500896@@@,@@@0@@@,@@@TROMPO PAJARO@@@,@@@TROMPO PAJARO@@@,@@@1 @@@,@@@9 @@@,@@@1@@@,@@@23 @@@,@@@135@@@,@@@2507@@@,@@@0@@@,@@@650@@@,@@@1190@@@,@@@83.08@@@,@@@@@@,@@@2006.09.07@@@,@@@2006.09.07@@@,@@@0@@@,@@@0@@@,@@@0@@@,@@@0@@@,@@@0@@@,@@@0@@@,@@@0@@@,@@@0@@@,@@@0@@@,@@@0@@@,@@@0@@@,@@@1@@@,@@@0@@@,0,1,0,0,2,0,1,1,0,@@@NO@@@,0,0)','',2,'2013-08-08'),(49949,'DELETE FROM mae_impuestos_productos WHERE pro_codigo_plu=@@@7500896@@@','',2,'2013-08-08'),(49950,'INSERT INTO mae_productos (pro_codigo_plu,pro_codigo_barra,pro_tipo,pro_nombre_producto,pro_nombre_corto,med_id,emb_id,pro_unidades_embalaje,dep_id,lin_id,mar_id,pro_precio_compra_neto,pro_precio_compra_bruto,pro_precio_venta,pro_margen_actual,pro_oferta,pro_fecha_inicio_oferta,pro_fecha_termino_oferta,pro_precio_oferta,pro_stock_minimo,pro_stock_critico,pro_entradas_bodega,pro_salidas_bodega,pro_mermas_bodega,pro_ajustes_bodega,pro_entradas_sv,pro_salidas_sv,pro_mermas_sv,pro_ajustes_sv,pro_activo,rec_numero,pro_unidad,pro_capacidad,pro_consumo_bodega,pro_consumo_sv,pro_estado,pro_funcion_plu,pro_flejes,pro_iva,pro_plu_asociado,pro_envase,pro_duracion,pro_numero_etiqueta) VALUES (7500895,@@@7500895@@@,@@@0@@@,@@@TROMPO GATO@@@,@@@TROMPO GATO@@@,@@@1 @@@,@@@9 @@@,@@@1@@@,@@@23 @@@,@@@135@@@,@@@2507@@@,@@@0@@@,@@@650@@@,@@@1190@@@,@@@83.08@@@,@@@@@@,@@@2006.09.07@@@,@@@2006.09.07@@@,@@@0@@@,@@@0@@@,@@@0@@@,@@@0@@@,@@@0@@@,@@@0@@@,@@@0@@@,@@@0@@@,@@@0@@@,@@@0@@@,@@@0@@@,@@@1@@@,@@@0@@@,0,1,0,0,2,0,1,1,0,@@@NO@@@,0,0)','',2,'2013-08-08'),(49951,'DELETE FROM mae_impuestos_productos WHERE pro_codigo_plu=@@@7500895@@@','',2,'2013-08-08'),(49952,'INSERT INTO gne_vale_ferreteria (vfe_id,vfe_fecha,vfe_total,vfe_estado,vfe_entregado,usu_nusuario) VALUES (7569,@@@2013.08.08@@@,600,1,0,@@@m_martinez@@@)','',2,'2013-08-08'),(49953,'INSERT INTO gne_vale_ferreteria_mov (vfe_id,pro_codigo_plu,vfm_cantidad,vfm_unitario,vfm_total,vfm_entregado) VALUES (7569,78017006,1,120,120,@@@NO@@@)','',2,'2013-08-08'),(49954,'INSERT INTO gne_vale_ferreteria_mov (vfe_id,pro_codigo_plu,vfm_cantidad,vfm_unitario,vfm_total,vfm_entregado) VALUES (7569,78017004,1,120,120,@@@NO@@@)','',2,'2013-08-08'),(49955,'INSERT INTO gne_vale_ferreteria_mov (vfe_id,pro_codigo_plu,vfm_cantidad,vfm_unitario,vfm_total,vfm_entregado) VALUES (7569,764157,1,120,120,@@@NO@@@)','',2,'2013-08-08'),(49956,'INSERT INTO gne_vale_ferreteria_mov (vfe_id,pro_codigo_plu,vfm_cantidad,vfm_unitario,vfm_total,vfm_entregado) VALUES (7569,764329,1,120,120,@@@NO@@@)','',2,'2013-08-08'),(49957,'INSERT INTO gne_vale_ferreteria_mov (vfe_id,pro_codigo_plu,vfm_cantidad,vfm_unitario,vfm_total,vfm_entregado) VALUES (7569,78017008,1,120,120,@@@NO@@@)','',2,'2013-08-08'),(49958,'INSERT INTO gne_vale_ferreteria (vfe_id,vfe_fecha,vfe_total,vfe_estado,vfe_entregado,usu_nusuario) VALUES (7570,@@@2013.08.08@@@,790,1,0,@@@m_martinez@@@)','',2,'2013-08-08'),(49959,'INSERT INTO gne_vale_ferreteria_mov (vfe_id,pro_codigo_plu,vfm_cantidad,vfm_unitario,vfm_total,vfm_entregado) VALUES (7570,763804,1,790,790,@@@NO@@@)','',2,'2013-08-08'),(49960,'INSERT INTO gne_vale_ferreteria (vfe_id,vfe_fecha,vfe_total,vfe_estado,vfe_entregado,usu_nusuario) VALUES (7571,@@@2013.08.08@@@,840,1,0,@@@m_martinez@@@)','',2,'2013-08-08'),(49961,'INSERT INTO gne_vale_ferreteria_mov (vfe_id,pro_codigo_plu,vfm_cantidad,vfm_unitario,vfm_total,vfm_entregado) VALUES (7571,11670,1,840,840,@@@NO@@@)','',2,'2013-08-08'),(49962,'INSERT INTO gne_vale_ferreteria (vfe_id,vfe_fecha,vfe_total,vfe_estado,vfe_entregado,usu_nusuario) VALUES (7572,@@@2013.08.08@@@,9420,1,0,@@@m_martinez@@@)','',2,'2013-08-08'),(49963,'INSERT INTO gne_vale_ferreteria_mov (vfe_id,pro_codigo_plu,vfm_cantidad,vfm_unitario,vfm_total,vfm_entregado) VALUES (7572,20484,1,1750,1750,@@@NO@@@)','',2,'2013-08-08'),(49964,'INSERT INTO gne_vale_ferreteria_mov (vfe_id,pro_codigo_plu,vfm_cantidad,vfm_unitario,vfm_total,vfm_entregado) VALUES (7572,20476,1,1690,1690,@@@NO@@@)','',2,'2013-08-08'),(49965,'INSERT INTO gne_vale_ferreteria_mov (vfe_id,pro_codigo_plu,vfm_cantidad,vfm_unitario,vfm_total,vfm_entregado) VALUES (7572,764970,2,2990,5980,@@@NO@@@)','',2,'2013-08-08'),(49966,'INSERT INTO gne_vale_ferreteria (vfe_id,vfe_fecha,vfe_total,vfe_estado,vfe_entregado,usu_nusuario) VALUES (7573,@@@2013.08.08@@@,2340,1,0,@@@m_martinez@@@)','',2,'2013-08-08'),(49967,'INSERT INTO gne_vale_ferreteria_mov (vfe_id,pro_codigo_plu,vfm_cantidad,vfm_unitario,vfm_total,vfm_entregado) VALUES (7573,764518,1,1350,1350,@@@NO@@@)','',2,'2013-08-08'),(49968,'INSERT INTO gne_vale_ferreteria_mov (vfe_id,pro_codigo_plu,vfm_cantidad,vfm_unitario,vfm_total,vfm_entregado) VALUES (7573,780721231,1,990,990,@@@NO@@@)','',2,'2013-08-08'),(49969,'INSERT INTO gne_vale_ferreteria (vfe_id,vfe_fecha,vfe_total,vfe_estado,vfe_entregado,usu_nusuario) VALUES (7574,@@@2013.08.08@@@,499,1,0,@@@m_martinez@@@)','',2,'2013-08-08'),(49970,'INSERT INTO gne_vale_ferreteria_mov (vfe_id,pro_codigo_plu,vfm_cantidad,vfm_unitario,vfm_total,vfm_entregado) VALUES (7574,764285,1,499,499,@@@NO@@@)','',2,'2013-08-08'),(49971,'INSERT INTO gne_vale_ferreteria (vfe_id,vfe_fecha,vfe_total,vfe_estado,vfe_entregado,usu_nusuario) VALUES (7575,@@@2013.08.08@@@,980,1,0,@@@m_martinez@@@)','',2,'2013-08-08'),(49972,'INSERT INTO gne_vale_ferreteria_mov (vfe_id,pro_codigo_plu,vfm_cantidad,vfm_unitario,vfm_total,vfm_entregado) VALUES (7575,78017128,2,490,980,@@@NO@@@)','',2,'2013-08-08'),(49973,'INSERT INTO gne_vale_ferreteria (vfe_id,vfe_fecha,vfe_total,vfe_estado,vfe_entregado,usu_nusuario) VALUES (7576,@@@2013.08.08@@@,350,1,0,@@@m_martinez@@@)','',2,'2013-08-08'),(49974,'INSERT INTO gne_vale_ferreteria_mov (vfe_id,pro_codigo_plu,vfm_cantidad,vfm_unitario,vfm_total,vfm_entregado) VALUES (7576,1017,1,350,350,@@@NO@@@)','',2,'2013-08-08'),(49975,'INSERT INTO gne_vale_ferreteria (vfe_id,vfe_fecha,vfe_total,vfe_estado,vfe_entregado,usu_nusuario) VALUES (7577,@@@2013.08.08@@@,350,1,0,@@@m_martinez@@@)','',2,'2013-08-08'),(49976,'INSERT INTO gne_vale_ferreteria_mov (vfe_id,pro_codigo_plu,vfm_cantidad,vfm_unitario,vfm_total,vfm_entregado) VALUES (7577,1017,1,350,350,@@@NO@@@)','',2,'2013-08-08'),(49977,'INSERT INTO gne_vale_ferreteria (vfe_id,vfe_fecha,vfe_total,vfe_estado,vfe_entregado,usu_nusuario) VALUES (7578,@@@2013.08.08@@@,260,1,0,@@@m_martinez@@@)','',2,'2013-08-08'),(49978,'INSERT INTO gne_vale_ferreteria_mov (vfe_id,pro_codigo_plu,vfm_cantidad,vfm_unitario,vfm_total,vfm_entregado) VALUES (7578,780721387,2,130,260,@@@NO@@@)','',2,'2013-08-08'),(49979,'INSERT INTO gne_vale_ferreteria (vfe_id,vfe_fecha,vfe_total,vfe_estado,vfe_entregado,usu_nusuario) VALUES (7579,@@@2013.08.08@@@,690,1,0,@@@m_martinez@@@)','',2,'2013-08-08'),(49980,'INSERT INTO gne_vale_ferreteria_mov (vfe_id,pro_codigo_plu,vfm_cantidad,vfm_unitario,vfm_total,vfm_entregado) VALUES (7579,764582,1,690,690,@@@NO@@@)','',2,'2013-08-08'),(49981,'INSERT INTO gne_vale_ferreteria (vfe_id,vfe_fecha,vfe_total,vfe_estado,vfe_entregado,usu_nusuario) VALUES (7580,@@@2013.08.08@@@,780,1,0,@@@m_martinez@@@)','',2,'2013-08-08'),(49982,'INSERT INTO gne_vale_ferreteria_mov (vfe_id,pro_codigo_plu,vfm_cantidad,vfm_unitario,vfm_total,vfm_entregado) VALUES (7580,102455,6,130,780,@@@NO@@@)','',2,'2013-08-08'),(49983,'INSERT INTO gne_vale_ferreteria (vfe_id,vfe_fecha,vfe_total,vfe_estado,vfe_entregado,usu_nusuario) VALUES (7581,@@@2013.08.09@@@,960,1,0,@@@s_diaz@@@)','',2,'2013-08-09'),(49984,'INSERT INTO gne_vale_ferreteria_mov (vfe_id,pro_codigo_plu,vfm_cantidad,vfm_unitario,vfm_total,vfm_entregado) VALUES (7581,14836,3,320,960,@@@NO@@@)','',2,'2013-08-09'),(49985,'INSERT INTO gne_vale_ferreteria (vfe_id,vfe_fecha,vfe_total,vfe_estado,vfe_entregado,usu_nusuario) VALUES (7582,@@@2013.08.09@@@,200,1,0,@@@s_diaz@@@)','',2,'2013-08-09'),(49986,'INSERT INTO gne_vale_ferreteria_mov (vfe_id,pro_codigo_plu,vfm_cantidad,vfm_unitario,vfm_total,vfm_entregado) VALUES (7582,765072,1,200,200,@@@NO@@@)','',2,'2013-08-09'),(49987,'INSERT INTO mae_productos (pro_codigo_plu,pro_codigo_barra,pro_tipo,pro_nombre_producto,pro_nombre_corto,med_id,emb_id,pro_unidades_embalaje,dep_id,lin_id,mar_id,pro_precio_compra_neto,pro_precio_compra_bruto,pro_precio_venta,pro_margen_actual,pro_oferta,pro_fecha_inicio_oferta,pro_fecha_termino_oferta,pro_precio_oferta,pro_stock_minimo,pro_stock_critico,pro_entradas_bodega,pro_salidas_bodega,pro_mermas_bodega,pro_ajustes_bodega,pro_entradas_sv,pro_salidas_sv,pro_mermas_sv,pro_ajustes_sv,pro_activo,rec_numero,pro_unidad,pro_capacidad,pro_consumo_bodega,pro_consumo_sv,pro_estado,pro_funcion_plu,pro_flejes,pro_iva,pro_plu_asociado,pro_envase,pro_duracion,pro_numero_etiqueta) VALUES (7500894,@@@7500894@@@,@@@0@@@,@@@MUÑECA POPULAR GIFT@@@,@@@MUÑECA POPULAR G@@@,@@@1 @@@,@@@9 @@@,@@@1@@@,@@@23 @@@,@@@135@@@,@@@2507@@@,@@@0@@@,@@@3000@@@,@@@5390@@@,@@@79.67@@@,@@@@@@,@@@2006.09.07@@@,@@@2006.09.07@@@,@@@0@@@,@@@0@@@,@@@0@@@,@@@0@@@,@@@0@@@,@@@0@@@,@@@0@@@,@@@0@@@,@@@0@@@,@@@0@@@,@@@0@@@,@@@1@@@,@@@0@@@,0,1,0,0,2,0,1,1,0,@@@NO@@@,0,0)','',2,'2013-08-09'),(49988,'DELETE FROM mae_impuestos_productos WHERE pro_codigo_plu=@@@7500894@@@','',2,'2013-08-09'),(49989,'INSERT INTO mae_productos (pro_codigo_plu,pro_codigo_barra,pro_tipo,pro_nombre_producto,pro_nombre_corto,med_id,emb_id,pro_unidades_embalaje,dep_id,lin_id,mar_id,pro_precio_compra_neto,pro_precio_compra_bruto,pro_precio_venta,pro_margen_actual,pro_oferta,pro_fecha_inicio_oferta,pro_fecha_termino_oferta,pro_precio_oferta,pro_stock_minimo,pro_stock_critico,pro_entradas_bodega,pro_salidas_bodega,pro_mermas_bodega,pro_ajustes_bodega,pro_entradas_sv,pro_salidas_sv,pro_mermas_sv,pro_ajustes_sv,pro_activo,rec_numero,pro_unidad,pro_capacidad,pro_consumo_bodega,pro_consumo_sv,pro_estado,pro_funcion_plu,pro_flejes,pro_iva,pro_plu_asociado,pro_envase,pro_duracion,pro_numero_etiqueta) VALUES (7500893,@@@7500893@@@,@@@0@@@,@@@MUÑECA PASTICA POPULAR GIFT@@@,@@@MUÑECA PASTICA P@@@,@@@1 @@@,@@@9 @@@,@@@1@@@,@@@23 @@@,@@@135@@@,@@@2507@@@,@@@0@@@,@@@3000@@@,@@@5490@@@,@@@83@@@,@@@@@@,@@@2006.09.07@@@,@@@2006.09.07@@@,@@@0@@@,@@@0@@@,@@@0@@@,@@@0@@@,@@@0@@@,@@@0@@@,@@@0@@@,@@@0@@@,@@@0@@@,@@@0@@@,@@@0@@@,@@@1@@@,@@@0@@@,0,1,0,0,2,0,1,1,0,@@@NO@@@,0,0)','',2,'2013-08-09'),(49990,'DELETE FROM mae_impuestos_productos WHERE pro_codigo_plu=@@@7500893@@@','',2,'2013-08-09'),(49991,'INSERT INTO mae_productos (pro_codigo_plu,pro_codigo_barra,pro_tipo,pro_nombre_producto,pro_nombre_corto,med_id,emb_id,pro_unidades_embalaje,dep_id,lin_id,mar_id,pro_precio_compra_neto,pro_precio_compra_bruto,pro_precio_venta,pro_margen_actual,pro_oferta,pro_fecha_inicio_oferta,pro_fecha_termino_oferta,pro_precio_oferta,pro_stock_minimo,pro_stock_critico,pro_entradas_bodega,pro_salidas_bodega,pro_mermas_bodega,pro_ajustes_bodega,pro_entradas_sv,pro_salidas_sv,pro_mermas_sv,pro_ajustes_sv,pro_activo,rec_numero,pro_unidad,pro_capacidad,pro_consumo_bodega,pro_consumo_sv,pro_estado,pro_funcion_plu,pro_flejes,pro_iva,pro_plu_asociado,pro_envase,pro_duracion,pro_numero_etiqueta) VALUES (7500892,@@@7500892@@@,@@@0@@@,@@@MUÑECAS PLASTICAS 3 BEAUTIFUL BRIDE@@@,@@@MUÑECAS PLASTICA@@@,@@@1 @@@,@@@9 @@@,@@@1@@@,@@@23 @@@,@@@135@@@,@@@2507@@@,@@@0@@@,@@@5900@@@,@@@10650@@@,@@@80.51@@@,@@@@@@,@@@2006.09.07@@@,@@@2006.09.07@@@,@@@0@@@,@@@0@@@,@@@0@@@,@@@0@@@,@@@0@@@,@@@0@@@,@@@0@@@,@@@0@@@,@@@0@@@,@@@0@@@,@@@0@@@,@@@1@@@,@@@0@@@,0,1,0,0,2,0,1,1,0,@@@NO@@@,0,0)','',2,'2013-08-09'),(49992,'DELETE FROM mae_impuestos_productos WHERE pro_codigo_plu=@@@7500892@@@','',2,'2013-08-09'),(49993,'INSERT INTO mae_productos (pro_codigo_plu,pro_codigo_barra,pro_tipo,pro_nombre_producto,pro_nombre_corto,med_id,emb_id,pro_unidades_embalaje,dep_id,lin_id,mar_id,pro_precio_compra_neto,pro_precio_compra_bruto,pro_precio_venta,pro_margen_actual,pro_oferta,pro_fecha_inicio_oferta,pro_fecha_termino_oferta,pro_precio_oferta,pro_stock_minimo,pro_stock_critico,pro_entradas_bodega,pro_salidas_bodega,pro_mermas_bodega,pro_ajustes_bodega,pro_entradas_sv,pro_salidas_sv,pro_mermas_sv,pro_ajustes_sv,pro_activo,rec_numero,pro_unidad,pro_capacidad,pro_consumo_bodega,pro_consumo_sv,pro_estado,pro_funcion_plu,pro_flejes,pro_iva,pro_plu_asociado,pro_envase,pro_duracion,pro_numero_etiqueta) VALUES (7500891,@@@7500891@@@,@@@0@@@,@@@PIANO FUN NIÑO@@@,@@@PIANO FUN NIÑO@@@,@@@1 @@@,@@@9 @@@,@@@1@@@,@@@23 @@@,@@@135@@@,@@@2507@@@,@@@0@@@,@@@1450@@@,@@@2690@@@,@@@85.52@@@,@@@@@@,@@@2006.09.07@@@,@@@2006.09.07@@@,@@@0@@@,@@@0@@@,@@@0@@@,@@@0@@@,@@@0@@@,@@@0@@@,@@@0@@@,@@@0@@@,@@@0@@@,@@@0@@@,@@@0@@@,@@@1@@@,@@@0@@@,0,1,0,0,2,0,1,1,0,@@@NO@@@,0,0)','',2,'2013-08-09'),(49994,'DELETE FROM mae_impuestos_productos WHERE pro_codigo_plu=@@@7500891@@@','',2,'2013-08-09'),(49995,'INSERT INTO mae_productos (pro_codigo_plu,pro_codigo_barra,pro_tipo,pro_nombre_producto,pro_nombre_corto,med_id,emb_id,pro_unidades_embalaje,dep_id,lin_id,mar_id,pro_precio_compra_neto,pro_precio_compra_bruto,pro_precio_venta,pro_margen_actual,pro_oferta,pro_fecha_inicio_oferta,pro_fecha_termino_oferta,pro_precio_oferta,pro_stock_minimo,pro_stock_critico,pro_entradas_bodega,pro_salidas_bodega,pro_mermas_bodega,pro_ajustes_bodega,pro_entradas_sv,pro_salidas_sv,pro_mermas_sv,pro_ajustes_sv,pro_activo,rec_numero,pro_unidad,pro_capacidad,pro_consumo_bodega,pro_consumo_sv,pro_estado,pro_funcion_plu,pro_flejes,pro_iva,pro_plu_asociado,pro_envase,pro_duracion,pro_numero_etiqueta) VALUES (7500890,@@@7500890@@@,@@@0@@@,@@@COMPUTADOR STUDY GAME@@@,@@@COMPUTADOR STUDY@@@,@@@1 @@@,@@@9 @@@,@@@1@@@,@@@23 @@@,@@@135@@@,@@@2507@@@,@@@0@@@,@@@1850@@@,@@@3690@@@,@@@99.46@@@,@@@@@@,@@@2006.09.07@@@,@@@2006.09.07@@@,@@@0@@@,@@@0@@@,@@@0@@@,@@@0@@@,@@@0@@@,@@@0@@@,@@@0@@@,@@@0@@@,@@@0@@@,@@@0@@@,@@@0@@@,@@@1@@@,@@@0@@@,0,1,0,0,2,0,1,1,0,@@@NO@@@,0,0)','',2,'2013-08-09'),(49996,'DELETE FROM mae_impuestos_productos WHERE pro_codigo_plu=@@@7500890@@@','',2,'2013-08-09'),(49997,'INSERT INTO mae_productos (pro_codigo_plu,pro_codigo_barra,pro_tipo,pro_nombre_producto,pro_nombre_corto,med_id,emb_id,pro_unidades_embalaje,dep_id,lin_id,mar_id,pro_precio_compra_neto,pro_precio_compra_bruto,pro_precio_venta,pro_margen_actual,pro_oferta,pro_fecha_inicio_oferta,pro_fecha_termino_oferta,pro_precio_oferta,pro_stock_minimo,pro_stock_critico,pro_entradas_bodega,pro_salidas_bodega,pro_mermas_bodega,pro_ajustes_bodega,pro_entradas_sv,pro_salidas_sv,pro_mermas_sv,pro_ajustes_sv,pro_activo,rec_numero,pro_unidad,pro_capacidad,pro_consumo_bodega,pro_consumo_sv,pro_estado,pro_funcion_plu,pro_flejes,pro_iva,pro_plu_asociado,pro_envase,pro_duracion,pro_numero_etiqueta) VALUES (7500889,@@@7500889@@@,@@@0@@@,@@@SET DE AUTOS X 25@@@,@@@SET DE AUTOS X 2@@@,@@@1 @@@,@@@9 @@@,@@@1@@@,@@@23 @@@,@@@135@@@,@@@2507@@@,@@@0@@@,@@@1750@@@,@@@3190@@@,@@@82.29@@@,@@@@@@,@@@2006.09.07@@@,@@@2006.09.07@@@,@@@0@@@,@@@0@@@,@@@0@@@,@@@0@@@,@@@0@@@,@@@0@@@,@@@0@@@,@@@0@@@,@@@0@@@,@@@0@@@,@@@0@@@,@@@1@@@,@@@0@@@,0,1,0,0,2,0,1,1,0,@@@NO@@@,0,0)','',2,'2013-08-09'),(49998,'DELETE FROM mae_impuestos_productos WHERE pro_codigo_plu=@@@7500889@@@','',2,'2013-08-09'),(49999,'INSERT INTO gne_vale_ferreteria (vfe_id,vfe_fecha,vfe_total,vfe_estado,vfe_entregado,usu_nusuario) VALUES (7583,@@@2013.08.09@@@,300,1,0,@@@s_diaz@@@)','',2,'2013-08-09'),(50000,'INSERT INTO gne_vale_ferreteria_mov (vfe_id,pro_codigo_plu,vfm_cantidad,vfm_unitario,vfm_total,vfm_entregado) VALUES (7583,780721221,1,300,300,@@@NO@@@)','',2,'2013-08-09'),(50001,'INSERT INTO mae_productos (pro_codigo_plu,pro_codigo_barra,pro_tipo,pro_nombre_producto,pro_nombre_corto,med_id,emb_id,pro_unidades_embalaje,dep_id,lin_id,mar_id,pro_precio_compra_neto,pro_precio_compra_bruto,pro_precio_venta,pro_margen_actual,pro_oferta,pro_fecha_inicio_oferta,pro_fecha_termino_oferta,pro_precio_oferta,pro_stock_minimo,pro_stock_critico,pro_entradas_bodega,pro_salidas_bodega,pro_mermas_bodega,pro_ajustes_bodega,pro_entradas_sv,pro_salidas_sv,pro_mermas_sv,pro_ajustes_sv,pro_activo,rec_numero,pro_unidad,pro_capacidad,pro_consumo_bodega,pro_consumo_sv,pro_estado,pro_funcion_plu,pro_flejes,pro_iva,pro_plu_asociado,pro_envase,pro_duracion,pro_numero_etiqueta) VALUES (7500888,@@@7500888@@@,@@@0@@@,@@@ESTIQUER@@@,@@@ESTIQUER@@@,@@@1 @@@,@@@9 @@@,@@@1@@@,@@@23 @@@,@@@135@@@,@@@2507@@@,@@@0@@@,@@@120@@@,@@@250@@@,@@@108.33@@@,@@@@@@,@@@2006.09.07@@@,@@@2006.09.07@@@,@@@0@@@,@@@0@@@,@@@0@@@,@@@0@@@,@@@0@@@,@@@0@@@,@@@0@@@,@@@0@@@,@@@0@@@,@@@0@@@,@@@0@@@,@@@1@@@,@@@0@@@,0,1,0,0,2,0,1,1,0,@@@NO@@@,0,0)','',2,'2013-08-09'),(50002,'DELETE FROM mae_impuestos_productos WHERE pro_codigo_plu=@@@7500888@@@','',2,'2013-08-09'),(50003,'INSERT INTO mae_productos (pro_codigo_plu,pro_codigo_barra,pro_tipo,pro_nombre_producto,pro_nombre_corto,med_id,emb_id,pro_unidades_embalaje,dep_id,lin_id,mar_id,pro_precio_compra_neto,pro_precio_compra_bruto,pro_precio_venta,pro_margen_actual,pro_oferta,pro_fecha_inicio_oferta,pro_fecha_termino_oferta,pro_precio_oferta,pro_stock_minimo,pro_stock_critico,pro_entradas_bodega,pro_salidas_bodega,pro_mermas_bodega,pro_ajustes_bodega,pro_entradas_sv,pro_salidas_sv,pro_mermas_sv,pro_ajustes_sv,pro_activo,rec_numero,pro_unidad,pro_capacidad,pro_consumo_bodega,pro_consumo_sv,pro_estado,pro_funcion_plu,pro_flejes,pro_iva,pro_plu_asociado,pro_envase,pro_duracion,pro_numero_etiqueta) VALUES (780721629,@@@6927433628929@@@,@@@0@@@,@@@ENCRESPADOR DE PESTAÑAS CHINO@@@,@@@ENCRESPADOR DE P@@@,@@@1 @@@,@@@9 @@@,@@@1@@@,@@@23 @@@,@@@135@@@,@@@2507@@@,@@@0@@@,@@@550@@@,@@@990@@@,@@@80@@@,@@@@@@,@@@2006.09.07@@@,@@@2006.09.07@@@,@@@0@@@,@@@0@@@,@@@0@@@,@@@0@@@,@@@0@@@,@@@0@@@,@@@0@@@,@@@0@@@,@@@0@@@,@@@0@@@,@@@0@@@,@@@1@@@,@@@0@@@,0,1,0,0,2,0,1,1,0,@@@NO@@@,0,0)','',2,'2013-08-09'),(50004,'DELETE FROM mae_impuestos_productos WHERE pro_codigo_plu=@@@780721629@@@','',2,'2013-08-09'),(50005,'INSERT INTO mae_productos (pro_codigo_plu,pro_codigo_barra,pro_tipo,pro_nombre_producto,pro_nombre_corto,med_id,emb_id,pro_unidades_embalaje,dep_id,lin_id,mar_id,pro_precio_compra_neto,pro_precio_compra_bruto,pro_precio_venta,pro_margen_actual,pro_oferta,pro_fecha_inicio_oferta,pro_fecha_termino_oferta,pro_precio_oferta,pro_stock_minimo,pro_stock_critico,pro_entradas_bodega,pro_salidas_bodega,pro_mermas_bodega,pro_ajustes_bodega,pro_entradas_sv,pro_salidas_sv,pro_mermas_sv,pro_ajustes_sv,pro_activo,rec_numero,pro_unidad,pro_capacidad,pro_consumo_bodega,pro_consumo_sv,pro_estado,pro_funcion_plu,pro_flejes,pro_iva,pro_plu_asociado,pro_envase,pro_duracion,pro_numero_etiqueta) VALUES (7500887,@@@7500887@@@,@@@0@@@,@@@JUEGO DE CARTAS UNO@@@,@@@JUEGO DE CARTAS @@@,@@@1 @@@,@@@9 @@@,@@@1@@@,@@@23 @@@,@@@135@@@,@@@2507@@@,@@@0@@@,@@@600@@@,@@@1100@@@,@@@83.33@@@,@@@@@@,@@@2006.09.07@@@,@@@2006.09.07@@@,@@@0@@@,@@@0@@@,@@@0@@@,@@@0@@@,@@@0@@@,@@@0@@@,@@@0@@@,@@@0@@@,@@@0@@@,@@@0@@@,@@@0@@@,@@@1@@@,@@@0@@@,0,1,0,0,2,0,1,1,0,@@@NO@@@,0,0)','',2,'2013-08-09'),(50006,'DELETE FROM mae_impuestos_productos WHERE pro_codigo_plu=@@@7500887@@@','',2,'2013-08-09'),(50007,'INSERT INTO gne_vale_ferreteria (vfe_id,vfe_fecha,vfe_total,vfe_estado,vfe_entregado,usu_nusuario) VALUES (7584,@@@2013.08.09@@@,840,1,0,@@@s_diaz@@@)','',2,'2013-08-09'),(50008,'INSERT INTO gne_vale_ferreteria_mov (vfe_id,pro_codigo_plu,vfm_cantidad,vfm_unitario,vfm_total,vfm_entregado) VALUES (7584,11670,1,840,840,@@@NO@@@)','',2,'2013-08-09'),(50009,'INSERT INTO mae_productos (pro_codigo_plu,pro_codigo_barra,pro_tipo,pro_nombre_producto,pro_nombre_corto,med_id,emb_id,pro_unidades_embalaje,dep_id,lin_id,mar_id,pro_precio_compra_neto,pro_precio_compra_bruto,pro_precio_venta,pro_margen_actual,pro_oferta,pro_fecha_inicio_oferta,pro_fecha_termino_oferta,pro_precio_oferta,pro_stock_minimo,pro_stock_critico,pro_entradas_bodega,pro_salidas_bodega,pro_mermas_bodega,pro_ajustes_bodega,pro_entradas_sv,pro_salidas_sv,pro_mermas_sv,pro_ajustes_sv,pro_activo,rec_numero,pro_unidad,pro_capacidad,pro_consumo_bodega,pro_consumo_sv,pro_estado,pro_funcion_plu,pro_flejes,pro_iva,pro_plu_asociado,pro_envase,pro_duracion,pro_numero_etiqueta) VALUES (7500886,@@@7500886@@@,@@@0@@@,@@@PIRCING BRILLANTE NARIZ@@@,@@@PIRCING BRILLANT@@@,@@@1 @@@,@@@6 @@@,@@@40@@@,@@@23 @@@,@@@135@@@,@@@2507@@@,@@@0@@@,@@@50@@@,@@@150@@@,@@@200@@@,@@@@@@,@@@2006.09.07@@@,@@@2006.09.07@@@,@@@0@@@,@@@0@@@,@@@0@@@,@@@0@@@,@@@0@@@,@@@0@@@,@@@0@@@,@@@0@@@,@@@0@@@,@@@0@@@,@@@0@@@,@@@1@@@,@@@0@@@,0,1,0,0,2,0,1,1,0,@@@NO@@@,0,0)','',2,'2013-08-09'),(50010,'DELETE FROM mae_impuestos_productos WHERE pro_codigo_plu=@@@7500886@@@','',2,'2013-08-09'),(50011,'INSERT INTO gne_vale_ferreteria (vfe_id,vfe_fecha,vfe_total,vfe_estado,vfe_entregado,usu_nusuario) VALUES (7585,@@@2013.08.09@@@,390,1,0,@@@s_diaz@@@)','',2,'2013-08-09'),(50012,'INSERT INTO gne_vale_ferreteria_mov (vfe_id,pro_codigo_plu,vfm_cantidad,vfm_unitario,vfm_total,vfm_entregado) VALUES (7585,101102,1,390,390,@@@NO@@@)','',2,'2013-08-09'),(50013,'INSERT INTO gne_vale_ferreteria (vfe_id,vfe_fecha,vfe_total,vfe_estado,vfe_entregado,usu_nusuario) VALUES (7586,@@@2013.08.09@@@,400,1,0,@@@s_diaz@@@)','',2,'2013-08-09'),(50014,'INSERT INTO gne_vale_ferreteria_mov (vfe_id,pro_codigo_plu,vfm_cantidad,vfm_unitario,vfm_total,vfm_entregado) VALUES (7586,7051,4,100,400,@@@NO@@@)','',2,'2013-08-09'),(50015,'INSERT INTO gne_vale_ferreteria (vfe_id,vfe_fecha,vfe_total,vfe_estado,vfe_entregado,usu_nusuario) VALUES (7587,@@@2013.08.09@@@,290,1,0,@@@s_diaz@@@)','',2,'2013-08-09'),(50016,'INSERT INTO gne_vale_ferreteria_mov (vfe_id,pro_codigo_plu,vfm_cantidad,vfm_unitario,vfm_total,vfm_entregado) VALUES (7587,764256,1,290,290,@@@NO@@@)','',2,'2013-08-09'),(50017,'INSERT INTO gne_vale_ferreteria (vfe_id,vfe_fecha,vfe_total,vfe_estado,vfe_entregado,usu_nusuario) VALUES (7588,@@@2013.08.09@@@,680,1,0,@@@s_diaz@@@)','',2,'2013-08-09'),(50018,'INSERT INTO gne_vale_ferreteria_mov (vfe_id,pro_codigo_plu,vfm_cantidad,vfm_unitario,vfm_total,vfm_entregado) VALUES (7588,19866,1,680,680,@@@NO@@@)','',2,'2013-08-09'),(50019,'INSERT INTO gne_vale_ferreteria (vfe_id,vfe_fecha,vfe_total,vfe_estado,vfe_entregado,usu_nusuario) VALUES (7589,@@@2013.08.09@@@,4990,1,0,@@@s_diaz@@@)','',2,'2013-08-09'),(50020,'INSERT INTO gne_vale_ferreteria_mov (vfe_id,pro_codigo_plu,vfm_cantidad,vfm_unitario,vfm_total,vfm_entregado) VALUES (7589,4119,1,4990,4990,@@@NO@@@)','',2,'2013-08-09'),(50021,'INSERT INTO gne_vale_ferreteria (vfe_id,vfe_fecha,vfe_total,vfe_estado,vfe_entregado,usu_nusuario) VALUES (7590,@@@2013.08.09@@@,990,1,0,@@@s_diaz@@@)','',2,'2013-08-09'),(50022,'INSERT INTO gne_vale_ferreteria_mov (vfe_id,pro_codigo_plu,vfm_cantidad,vfm_unitario,vfm_total,vfm_entregado) VALUES (7590,2008,1,990,990,@@@NO@@@)','',2,'2013-08-09'),(50023,'INSERT INTO gne_vale_ferreteria (vfe_id,vfe_fecha,vfe_total,vfe_estado,vfe_entregado,usu_nusuario) VALUES (7591,@@@2013.08.09@@@,580,1,0,@@@s_diaz@@@)','',2,'2013-08-09'),(50024,'INSERT INTO gne_vale_ferreteria_mov (vfe_id,pro_codigo_plu,vfm_cantidad,vfm_unitario,vfm_total,vfm_entregado) VALUES (7591,764256,2,290,580,@@@NO@@@)','',2,'2013-08-09'),(50025,'INSERT INTO gne_vale_ferreteria (vfe_id,vfe_fecha,vfe_total,vfe_estado,vfe_entregado,usu_nusuario) VALUES (7592,@@@2013.08.09@@@,1089,1,0,@@@s_diaz@@@)','',2,'2013-08-09'),(50026,'INSERT INTO gne_vale_ferreteria_mov (vfe_id,pro_codigo_plu,vfm_cantidad,vfm_unitario,vfm_total,vfm_entregado) VALUES (7592,764285,1,499,499,@@@NO@@@)','',2,'2013-08-09'),(50027,'INSERT INTO gne_vale_ferreteria_mov (vfe_id,pro_codigo_plu,vfm_cantidad,vfm_unitario,vfm_total,vfm_entregado) VALUES (7592,764700,1,590,590,@@@NO@@@)','',2,'2013-08-09'),(50028,'INSERT INTO com_ventas_grupo (vgr_fecha,vgr_grupo,vgr_cantidad,vgr_total) VALUES (@@@2013.08.08@@@,1,162.935,108456)','',2,'2013-08-09'),(50029,'INSERT INTO com_ventas_grupo (vgr_fecha,vgr_grupo,vgr_cantidad,vgr_total) VALUES (@@@2013.08.08@@@,2,200,99577)','',2,'2013-08-09'),(50030,'INSERT INTO com_ventas_grupo (vgr_fecha,vgr_grupo,vgr_cantidad,vgr_total) VALUES (@@@2013.08.08@@@,3,331,71672)','',2,'2013-08-09'),(50031,'INSERT INTO com_ventas_grupo (vgr_fecha,vgr_grupo,vgr_cantidad,vgr_total) VALUES (@@@2013.08.08@@@,4,78,70130)','',2,'2013-08-09'),(50032,'INSERT INTO com_ventas_grupo (vgr_fecha,vgr_grupo,vgr_cantidad,vgr_total) VALUES (@@@2013.08.08@@@,5,4,15996)','',2,'2013-08-09'),(50033,'INSERT INTO com_ventas_grupo (vgr_fecha,vgr_grupo,vgr_cantidad,vgr_total) VALUES (@@@2013.08.08@@@,6,10,12709)','',2,'2013-08-09'),(50034,'INSERT INTO com_ventas_grupo (vgr_fecha,vgr_grupo,vgr_cantidad,vgr_total) VALUES (@@@2013.08.08@@@,7,25,40711)','',2,'2013-08-09'),(50035,'INSERT INTO com_ventas_grupo (vgr_fecha,vgr_grupo,vgr_cantidad,vgr_total) VALUES (@@@2013.08.08@@@,8,26,15950)','',2,'2013-08-09'),(50036,'INSERT INTO com_ventas_grupo (vgr_fecha,vgr_grupo,vgr_cantidad,vgr_total) VALUES (@@@2013.08.08@@@,9,68.925,116483)','',2,'2013-08-09'),(50037,'INSERT INTO com_ventas_grupo (vgr_fecha,vgr_grupo,vgr_cantidad,vgr_total) VALUES (@@@2013.08.08@@@,10,44.2,161031)','',2,'2013-08-09'),(50038,'INSERT INTO com_ventas_grupo (vgr_fecha,vgr_grupo,vgr_cantidad,vgr_total) VALUES (@@@2013.08.08@@@,11,37.42,75402)','',2,'2013-08-09'),(50039,'INSERT INTO com_ventas_grupo (vgr_fecha,vgr_grupo,vgr_cantidad,vgr_total) VALUES (@@@2013.08.08@@@,12,56.235,79511)','',2,'2013-08-09'),(50040,'INSERT INTO com_ventas_grupo (vgr_fecha,vgr_grupo,vgr_cantidad,vgr_total) VALUES (@@@2013.08.08@@@,13,11.59,36667)','',2,'2013-08-09'),(50041,'INSERT INTO com_ventas_grupo (vgr_fecha,vgr_grupo,vgr_cantidad,vgr_total) VALUES (@@@2013.08.08@@@,14,89.405,82049)','',2,'2013-08-09'),(50042,'INSERT INTO com_ventas_grupo (vgr_fecha,vgr_grupo,vgr_cantidad,vgr_total) VALUES (@@@2013.08.08@@@,16,1,150)','',2,'2013-08-09'),(50043,'INSERT INTO com_ventas_grupo (vgr_fecha,vgr_grupo,vgr_cantidad,vgr_total) VALUES (@@@2013.08.08@@@,18,219.735,122842)','',2,'2013-08-09'),(50044,'INSERT INTO com_ventas_grupo (vgr_fecha,vgr_grupo,vgr_cantidad,vgr_total) VALUES (@@@2013.08.08@@@,20,127,42526)','',2,'2013-08-09'),(50045,'INSERT INTO com_ventas_grupo (vgr_fecha,vgr_grupo,vgr_cantidad,vgr_total) VALUES (@@@2013.08.08@@@,21,48,52768)','',2,'2013-08-09'),(50046,'INSERT INTO com_ventas_grupo (vgr_fecha,vgr_grupo,vgr_cantidad,vgr_total) VALUES (@@@2013.08.08@@@,23,11,20390)','',2,'2013-08-09'),(50047,'INSERT INTO com_ventas_grupo (vgr_fecha,vgr_grupo,vgr_cantidad,vgr_total) VALUES (@@@2013.08.08@@@,24,161,32219)','',2,'2013-08-09'),(50048,'INSERT INTO com_ventas_grupo (vgr_fecha,vgr_grupo,vgr_cantidad,vgr_total) VALUES (@@@2013.08.08@@@,25,62,91300)','',2,'2013-08-09'),(50049,'INSERT INTO com_ventas_grupo (vgr_fecha,vgr_grupo,vgr_cantidad,vgr_total) VALUES (@@@2013.08.08@@@,31,10,9568)','',2,'2013-08-09'),(50050,'INSERT INTO com_ventas_grupo (vgr_fecha,vgr_grupo,vgr_cantidad,vgr_total) VALUES (@@@2013.08.08@@@,32,296,106554)','',2,'2013-08-09'),(50051,'INSERT INTO com_ventas_grupo (vgr_fecha,vgr_grupo,vgr_cantidad,vgr_total) VALUES (@@@2013.08.08@@@,33,1,3199)','',2,'2013-08-09'),(50052,'INSERT INTO com_ventas_grupo (vgr_fecha,vgr_grupo,vgr_cantidad,vgr_total) VALUES (@@@2013.08.08@@@,35,14,17235)','',2,'2013-08-09'),(50053,'INSERT INTO com_ventas_grupo (vgr_fecha,vgr_grupo,vgr_cantidad,vgr_total) VALUES (@@@2013.08.08@@@,36,14,2330)','',2,'2013-08-09'),(50054,'INSERT INTO com_ventas_grupo (vgr_fecha,vgr_grupo,vgr_cantidad,vgr_total) VALUES (@@@2013.08.08@@@,37,12,6030)','',2,'2013-08-09'),(50055,'INSERT INTO com_ventas_grupo (vgr_fecha,vgr_grupo,vgr_cantidad,vgr_total) VALUES (@@@2013.08.08@@@,38,5,6050)','',2,'2013-08-09'),(50056,'INSERT INTO com_ventas_grupo (vgr_fecha,vgr_grupo,vgr_cantidad,vgr_total) VALUES (@@@2013.08.08@@@,39,3,6080)','',2,'2013-08-09'),(50057,'INSERT INTO com_ventas_grupo (vgr_fecha,vgr_grupo,vgr_cantidad,vgr_total) VALUES (@@@2013.08.08@@@,40,26406,26406)','',2,'2013-08-09'),(50058,'INSERT INTO com_ventas_grupo (vgr_fecha,vgr_grupo,vgr_cantidad,vgr_total) VALUES (@@@2013.08.08@@@,41,3,150)','',2,'2013-08-09'),(50059,'INSERT INTO com_ventas_grupo (vgr_fecha,vgr_grupo,vgr_cantidad,vgr_total) VALUES (@@@2013.08.08@@@,42,33.98,29931)','',2,'2013-08-09'),(50060,'UPDATE mae_datos_empresa SET emp_oferta=@@@NO@@@','',2,'2013-08-09'),(50061,'UPDATE mae_productos SET pro_codigo_barra=@@@353@@@,pro_tipo=@@@0@@@,pro_nombre_producto=@@@MORTADELA LISA SUPER CERDO@@@,pro_nombre_corto=@@@MORTADELA LISA S@@@,med_id=@@@1@@@,emb_id=@@@1@@@,pro_unidades_embalaje=@@@1@@@,dep_id=@@@12 @@@,lin_id=@@@71@@@,mar_id=@@@2433@@@,pro_precio_compra_neto=@@@0@@@,pro_precio_compra_bruto=@@@1074.5@@@,pro_precio_venta=@@@1770@@@,pro_margen_actual=@@@64.73@@@,pro_oferta=@@@NO@@@,pro_fecha_inicio_oferta=@@@1900.01.01@@@,pro_fecha_termino_oferta=@@@1900.01.01@@@,pro_precio_oferta=@@@0@@@,pro_stock_minimo=@@@10@@@,pro_stock_critico=@@@5@@@,pro_activo=@@@1@@@,pro_unidad=@@@1@@@,pro_precio_compra_bruto=1074.5,pro_margen_actual=64.73,pro_capacidad=1,pro_funcion_plu=1,pro_flejes=1,pro_iva=1,pro_plu_asociado=0,pro_envase=@@@NO@@@,pro_duracion=0,pro_numero_etiqueta=1 WHERE pro_codigo_plu=@@@353@@@','',2,'2013-08-09'),(50062,'UPDATE mae_productos SET pro_estado=1 WHERE pro_codigo_plu=353','',2,'2013-08-09'),(50063,'DELETE FROM mae_impuestos_productos WHERE pro_codigo_plu=@@@353@@@','',2,'2013-08-09'),(50064,'UPDATE mae_productos SET pro_codigo_barra=@@@348@@@,pro_tipo=@@@0@@@,pro_nombre_producto=@@@JAMONADA SUPER CERDO @@@,pro_nombre_corto=@@@JAMONADA SUPER C@@@,med_id=@@@1@@@,emb_id=@@@1@@@,pro_unidades_embalaje=@@@1@@@,dep_id=@@@12 @@@,lin_id=@@@71@@@,mar_id=@@@2507@@@,pro_precio_compra_neto=@@@0@@@,pro_precio_compra_bruto=@@@1531.5@@@,pro_precio_venta=@@@2890@@@,pro_margen_actual=@@@88.7@@@,pro_oferta=@@@NO@@@,pro_fecha_inicio_oferta=@@@1900.01.01@@@,pro_fecha_termino_oferta=@@@1900.01.01@@@,pro_precio_oferta=@@@0@@@,pro_stock_minimo=@@@15@@@,pro_stock_critico=@@@9@@@,pro_activo=@@@1@@@,pro_unidad=@@@1@@@,pro_precio_compra_bruto=1531.5,pro_margen_actual=88.7,pro_capacidad=1,pro_funcion_plu=1,pro_flejes=0,pro_iva=1,pro_plu_asociado=0,pro_envase=@@@NO@@@,pro_duracion=0,pro_numero_etiqueta=1 WHERE pro_codigo_plu=@@@348@@@','',2,'2013-08-09'),(50065,'UPDATE mae_productos SET pro_estado=1 WHERE pro_codigo_plu=348','',2,'2013-08-09'),(50066,'DELETE FROM mae_impuestos_productos WHERE pro_codigo_plu=@@@348@@@','',2,'2013-08-09'),(50067,'INSERT INTO gne_vale_ferreteria (vfe_id,vfe_fecha,vfe_total,vfe_estado,vfe_entregado,usu_nusuario) VALUES (7593,@@@2013.08.09@@@,1170,1,0,@@@s_diaz@@@)','',2,'2013-08-09'),(50068,'INSERT INTO gne_vale_ferreteria_mov (vfe_id,pro_codigo_plu,vfm_cantidad,vfm_unitario,vfm_total,vfm_entregado) VALUES (7593,780721139,1,890,890,@@@NO@@@)','',2,'2013-08-09'),(50069,'INSERT INTO gne_vale_ferreteria_mov (vfe_id,pro_codigo_plu,vfm_cantidad,vfm_unitario,vfm_total,vfm_entregado) VALUES (7593,765064,1,280,280,@@@NO@@@)','',2,'2013-08-09'),(50070,'UPDATE mae_productos SET pro_codigo_barra=@@@307@@@,pro_tipo=@@@0@@@,pro_nombre_producto=@@@ARROLL LOMO AGROSUP@@@,pro_nombre_corto=@@@ARROLL LOMO @@@,med_id=@@@2@@@,emb_id=@@@1@@@,pro_unidades_embalaje=@@@1@@@,dep_id=@@@12 @@@,lin_id=@@@74@@@,mar_id=@@@2507@@@,pro_precio_compra_neto=@@@0@@@,pro_precio_compra_bruto=@@@0@@@,pro_precio_venta=@@@4450@@@,pro_margen_actual=@@@0@@@,pro_oferta=@@@NO@@@,pro_fecha_inicio_oferta=@@@1900.01.01@@@,pro_fecha_termino_oferta=@@@1900.01.01@@@,pro_precio_oferta=@@@0@@@,pro_stock_minimo=@@@5@@@,pro_stock_critico=@@@3@@@,pro_activo=@@@1@@@,pro_unidad=@@@1@@@,pro_precio_compra_bruto=0,pro_margen_actual=0,pro_capacidad=1,pro_funcion_plu=1,pro_flejes=0,pro_iva=1,pro_plu_asociado=0,pro_envase=@@@NO@@@,pro_duracion=0,pro_numero_etiqueta=1 WHERE pro_codigo_plu=@@@307@@@','',2,'2013-08-09'),(50071,'UPDATE mae_productos SET pro_estado=1 WHERE pro_codigo_plu=307','',2,'2013-08-09'),(50072,'DELETE FROM mae_impuestos_productos WHERE pro_codigo_plu=@@@307@@@','',2,'2013-08-09'),(50073,'INSERT INTO gne_vale_ferreteria (vfe_id,vfe_fecha,vfe_total,vfe_estado,vfe_entregado,usu_nusuario) VALUES (7594,@@@2013.08.09@@@,3031,1,0,@@@s_diaz@@@)','',2,'2013-08-09'),(50074,'INSERT INTO gne_vale_ferreteria_mov (vfe_id,pro_codigo_plu,vfm_cantidad,vfm_unitario,vfm_total,vfm_entregado) VALUES (7594,770066,1,490,490,@@@NO@@@)','',2,'2013-08-09'),(50075,'INSERT INTO gne_vale_ferreteria_mov (vfe_id,pro_codigo_plu,vfm_cantidad,vfm_unitario,vfm_total,vfm_entregado) VALUES (7594,780721542,2,1270,2540,@@@NO@@@)','',2,'2013-08-09'),(50076,'INSERT INTO gne_vale_ferreteria_mov (vfe_id,pro_codigo_plu,vfm_cantidad,vfm_unitario,vfm_total,vfm_entregado) VALUES (7594,2500,1,1,1,@@@NO@@@)','',2,'2013-08-09'),(50077,'UPDATE mae_productos SET pro_codigo_barra=@@@302@@@,pro_tipo=@@@0@@@,pro_nombre_producto=@@@ARROLLADO HUASO AGROSUPER@@@,pro_nombre_corto=@@@ARROLLADO HUASO@@@,med_id=@@@1@@@,emb_id=@@@1@@@,pro_unidades_embalaje=@@@1@@@,dep_id=@@@12 @@@,lin_id=@@@225@@@,mar_id=@@@2658@@@,pro_precio_compra_neto=@@@0@@@,pro_precio_compra_bruto=@@@2399@@@,pro_precio_venta=@@@4390@@@,pro_margen_actual=@@@82.99@@@,pro_oferta=@@@NO@@@,pro_fecha_inicio_oferta=@@@1900.01.01@@@,pro_fecha_termino_oferta=@@@1900.01.01@@@,pro_precio_oferta=@@@0@@@,pro_stock_minimo=@@@4@@@,pro_stock_critico=@@@3@@@,pro_activo=@@@1@@@,pro_unidad=@@@1@@@,pro_precio_compra_bruto=2399,pro_margen_actual=82.99,pro_capacidad=1,pro_funcion_plu=1,pro_flejes=0,pro_iva=1,pro_plu_asociado=0,pro_envase=@@@NO@@@,pro_duracion=0,pro_numero_etiqueta=2 WHERE pro_codigo_plu=@@@302@@@','',2,'2013-08-09'),(50078,'UPDATE mae_productos SET pro_estado=1 WHERE pro_codigo_plu=302','',2,'2013-08-09'),(50079,'DELETE FROM mae_impuestos_productos WHERE pro_codigo_plu=@@@302@@@','',2,'2013-08-09'),(50080,'INSERT INTO gne_vale_ferreteria (vfe_id,vfe_fecha,vfe_total,vfe_estado,vfe_entregado,usu_nusuario) VALUES (7595,@@@2013.08.09@@@,680,1,0,@@@s_diaz@@@)','',2,'2013-08-09'),(50081,'INSERT INTO gne_vale_ferreteria_mov (vfe_id,pro_codigo_plu,vfm_cantidad,vfm_unitario,vfm_total,vfm_entregado) VALUES (7595,1536,1,290,290,@@@NO@@@)','',2,'2013-08-09'),(50082,'INSERT INTO gne_vale_ferreteria_mov (vfe_id,pro_codigo_plu,vfm_cantidad,vfm_unitario,vfm_total,vfm_entregado) VALUES (7595,1535,1,390,390,@@@NO@@@)','',2,'2013-08-09'),(50083,'INSERT INTO gne_vale_ferreteria (vfe_id,vfe_fecha,vfe_total,vfe_estado,vfe_entregado,usu_nusuario) VALUES (7596,@@@2013.08.09@@@,620,1,0,@@@s_diaz@@@)','',2,'2013-08-09'),(50084,'INSERT INTO gne_vale_ferreteria_mov (vfe_id,pro_codigo_plu,vfm_cantidad,vfm_unitario,vfm_total,vfm_entregado) VALUES (7596,11378,1,620,620,@@@NO@@@)','',2,'2013-08-09'),(50085,'UPDATE mae_productos SET pro_codigo_barra=@@@351@@@,pro_tipo=@@@0@@@,pro_nombre_producto=@@@MORTADELA PIMENTON AVE AGROSUPER@@@,pro_nombre_corto=@@@MORTADELA PIMENT@@@,med_id=@@@1@@@,emb_id=@@@1@@@,pro_unidades_embalaje=@@@1@@@,dep_id=@@@12 @@@,lin_id=@@@71@@@,mar_id=@@@2507@@@,pro_precio_compra_neto=@@@0@@@,pro_precio_compra_bruto=@@@0@@@,pro_precio_venta=@@@2350@@@,pro_margen_actual=@@@0@@@,pro_oferta=@@@NO@@@,pro_fecha_inicio_oferta=@@@1900.01.01@@@,pro_fecha_termino_oferta=@@@1900.01.01@@@,pro_precio_oferta=@@@0@@@,pro_stock_minimo=@@@2@@@,pro_stock_critico=@@@1@@@,pro_activo=@@@1@@@,pro_unidad=@@@0@@@,pro_precio_compra_bruto=0,pro_margen_actual=0,pro_capacidad=1,pro_funcion_plu=0,pro_flejes=0,pro_iva=1,pro_plu_asociado=0,pro_envase=@@@NO@@@,pro_duracion=0,pro_numero_etiqueta=0 WHERE pro_codigo_plu=@@@351@@@','',2,'2013-08-09'),(50086,'UPDATE mae_productos SET pro_estado=1 WHERE pro_codigo_plu=351','',2,'2013-08-09'),(50087,'DELETE FROM mae_impuestos_productos WHERE pro_codigo_plu=@@@351@@@','',2,'2013-08-09'),(50088,'UPDATE mae_productos SET pro_codigo_barra=@@@351@@@,pro_tipo=@@@0@@@,pro_nombre_producto=@@@MORTADELA PIMENTON AVE AGROSUPER@@@,pro_nombre_corto=@@@MORTADELA PIMENT@@@,med_id=@@@1@@@,emb_id=@@@1@@@,pro_unidades_embalaje=@@@1@@@,dep_id=@@@12 @@@,lin_id=@@@71@@@,mar_id=@@@2507@@@,pro_precio_compra_neto=@@@0@@@,pro_precio_compra_bruto=@@@0@@@,pro_precio_venta=@@@2350@@@,pro_margen_actual=@@@0@@@,pro_oferta=@@@NO@@@,pro_fecha_inicio_oferta=@@@1900.01.01@@@,pro_fecha_termino_oferta=@@@1900.01.01@@@,pro_precio_oferta=@@@0@@@,pro_stock_minimo=@@@2@@@,pro_stock_critico=@@@1@@@,pro_activo=@@@1@@@,pro_unidad=@@@1@@@,pro_precio_compra_bruto=0,pro_margen_actual=0,pro_capacidad=1,pro_funcion_plu=1,pro_flejes=0,pro_iva=1,pro_plu_asociado=0,pro_envase=@@@NO@@@,pro_duracion=0,pro_numero_etiqueta=1 WHERE pro_codigo_plu=@@@351@@@','',2,'2013-08-09'),(50089,'UPDATE mae_productos SET pro_estado=1 WHERE pro_codigo_plu=351','',2,'2013-08-09'),(50090,'DELETE FROM mae_impuestos_productos WHERE pro_codigo_plu=@@@351@@@','',2,'2013-08-09'),(50091,'UPDATE mae_productos SET pro_codigo_barra=@@@355@@@,pro_tipo=@@@0@@@,pro_nombre_producto=@@@MORTADELA LISA AVE AGROSUPER@@@,pro_nombre_corto=@@@MORTADELA LISA A@@@,med_id=@@@1@@@,emb_id=@@@1@@@,pro_unidades_embalaje=@@@1@@@,dep_id=@@@12 @@@,lin_id=@@@71@@@,mar_id=@@@2433@@@,pro_precio_compra_neto=@@@0@@@,pro_precio_compra_bruto=@@@1192.3@@@,pro_precio_venta=@@@1790@@@,pro_margen_actual=@@@50.13@@@,pro_oferta=@@@NO@@@,pro_fecha_inicio_oferta=@@@1900.01.01@@@,pro_fecha_termino_oferta=@@@1900.01.01@@@,pro_precio_oferta=@@@0@@@,pro_stock_minimo=@@@40@@@,pro_stock_critico=@@@30@@@,pro_activo=@@@1@@@,pro_unidad=@@@0@@@,pro_precio_compra_bruto=1192.3,pro_margen_actual=50.13,pro_capacidad=1,pro_funcion_plu=0,pro_flejes=0,pro_iva=1,pro_plu_asociado=0,pro_envase=@@@NO@@@,pro_duracion=0,pro_numero_etiqueta=0 WHERE pro_codigo_plu=@@@355@@@','',2,'2013-08-09'),(50092,'UPDATE mae_productos SET pro_estado=1 WHERE pro_codigo_plu=355','',2,'2013-08-09'),(50093,'DELETE FROM mae_impuestos_productos WHERE pro_codigo_plu=@@@355@@@','',2,'2013-08-09'),(50094,'INSERT INTO gne_vale_ferreteria (vfe_id,vfe_fecha,vfe_total,vfe_estado,vfe_entregado,usu_nusuario) VALUES (7597,@@@2013.08.09@@@,680,1,0,@@@s_diaz@@@)','',2,'2013-08-09'),(50095,'INSERT INTO gne_vale_ferreteria_mov (vfe_id,pro_codigo_plu,vfm_cantidad,vfm_unitario,vfm_total,vfm_entregado) VALUES (7597,19866,1,680,680,@@@NO@@@)','',2,'2013-08-09'),(50096,'INSERT INTO gne_vale_ferreteria (vfe_id,vfe_fecha,vfe_total,vfe_estado,vfe_entregado,usu_nusuario) VALUES (7598,@@@2013.08.09@@@,300,1,0,@@@s_diaz@@@)','',2,'2013-08-09'),(50097,'INSERT INTO gne_vale_ferreteria_mov (vfe_id,pro_codigo_plu,vfm_cantidad,vfm_unitario,vfm_total,vfm_entregado) VALUES (7598,78017111,3,100,300,@@@NO@@@)','',2,'2013-08-09'),(50098,'UPDATE mae_productos SET pro_codigo_barra=@@@375@@@,pro_tipo=@@@0@@@,pro_nombre_producto=@@@PECHUGA POLLO AHUM/ASAD/ACARA@@@,pro_nombre_corto=@@@PECHUGA POLLO AH@@@,med_id=@@@1@@@,emb_id=@@@1@@@,pro_unidades_embalaje=@@@1@@@,dep_id=@@@12 @@@,lin_id=@@@77@@@,mar_id=@@@2507@@@,pro_precio_compra_neto=@@@0@@@,pro_precio_compra_bruto=@@@2570@@@,pro_precio_venta=@@@4490@@@,pro_margen_actual=@@@74.71@@@,pro_oferta=@@@NO@@@,pro_fecha_inicio_oferta=@@@1900.01.01@@@,pro_fecha_termino_oferta=@@@1900.01.01@@@,pro_precio_oferta=@@@0@@@,pro_stock_minimo=@@@4@@@,pro_stock_critico=@@@3@@@,pro_activo=@@@1@@@,pro_unidad=@@@1@@@,pro_precio_compra_bruto=2570,pro_margen_actual=74.71,pro_capacidad=1,pro_funcion_plu=1,pro_flejes=0,pro_iva=1,pro_plu_asociado=0,pro_envase=@@@NO@@@,pro_duracion=0,pro_numero_etiqueta=1 WHERE pro_codigo_plu=@@@375@@@','',2,'2013-08-09'),(50099,'UPDATE mae_productos SET pro_estado=1 WHERE pro_codigo_plu=375','',2,'2013-08-09'),(50100,'DELETE FROM mae_impuestos_productos WHERE pro_codigo_plu=@@@375@@@','',2,'2013-08-09'),(50101,'INSERT INTO mae_productos (pro_codigo_plu,pro_codigo_barra,pro_tipo,pro_nombre_producto,pro_nombre_corto,med_id,emb_id,pro_unidades_embalaje,dep_id,lin_id,mar_id,pro_precio_compra_neto,pro_precio_compra_bruto,pro_precio_venta,pro_margen_actual,pro_oferta,pro_fecha_inicio_oferta,pro_fecha_termino_oferta,pro_precio_oferta,pro_stock_minimo,pro_stock_critico,pro_entradas_bodega,pro_salidas_bodega,pro_mermas_bodega,pro_ajustes_bodega,pro_entradas_sv,pro_salidas_sv,pro_mermas_sv,pro_ajustes_sv,pro_activo,rec_numero,pro_unidad,pro_capacidad,pro_consumo_bodega,pro_consumo_sv,pro_estado,pro_funcion_plu,pro_flejes,pro_iva,pro_plu_asociado,pro_envase,pro_duracion,pro_numero_etiqueta) VALUES (7500885,@@@7500885@@@,@@@0@@@,@@@PLATO DE CARTON BLANCO@@@,@@@PLATO DE CARTON @@@,@@@1 @@@,@@@9 @@@,@@@1@@@,@@@24 @@@,@@@177@@@,@@@2507@@@,@@@0@@@,@@@30@@@,@@@50@@@,@@@66.67@@@,@@@@@@,@@@2013.08.09@@@,@@@2013.08.09@@@,@@@0@@@,@@@0@@@,@@@0@@@,@@@0@@@,@@@0@@@,@@@0@@@,@@@0@@@,@@@0@@@,@@@0@@@,@@@0@@@,@@@0@@@,@@@1@@@,@@@0@@@,0,1,0,0,2,0,1,1,0,@@@NO@@@,0,0)','',2,'2013-08-09'),(50102,'DELETE FROM mae_impuestos_productos WHERE pro_codigo_plu=@@@7500885@@@','',2,'2013-08-09'),(50103,'INSERT INTO mae_productos (pro_codigo_plu,pro_codigo_barra,pro_tipo,pro_nombre_producto,pro_nombre_corto,med_id,emb_id,pro_unidades_embalaje,dep_id,lin_id,mar_id,pro_precio_compra_neto,pro_precio_compra_bruto,pro_precio_venta,pro_margen_actual,pro_oferta,pro_fecha_inicio_oferta,pro_fecha_termino_oferta,pro_precio_oferta,pro_stock_minimo,pro_stock_critico,pro_entradas_bodega,pro_salidas_bodega,pro_mermas_bodega,pro_ajustes_bodega,pro_entradas_sv,pro_salidas_sv,pro_mermas_sv,pro_ajustes_sv,pro_activo,rec_numero,pro_unidad,pro_capacidad,pro_consumo_bodega,pro_consumo_sv,pro_estado,pro_funcion_plu,pro_flejes,pro_iva,pro_plu_asociado,pro_envase,pro_duracion,pro_numero_etiqueta) VALUES (7500884,@@@7500884@@@,@@@0@@@,@@@GLOBO Nª9 SIN DISEÑO@@@,@@@GLOBO Nª9 SIN DI@@@,@@@1 @@@,@@@9 @@@,@@@1@@@,@@@24 @@@,@@@177@@@,@@@2507@@@,@@@0@@@,@@@30@@@,@@@60@@@,@@@100@@@,@@@@@@,@@@2013.08.09@@@,@@@2013.08.09@@@,@@@0@@@,@@@0@@@,@@@0@@@,@@@0@@@,@@@0@@@,@@@0@@@,@@@0@@@,@@@0@@@,@@@0@@@,@@@0@@@,@@@0@@@,@@@1@@@,@@@0@@@,0,1,0,0,2,0,1,1,0,@@@NO@@@,0,0)','',2,'2013-08-09'),(50104,'DELETE FROM mae_impuestos_productos WHERE pro_codigo_plu=@@@7500884@@@','',2,'2013-08-09'),(50105,'INSERT INTO mae_productos (pro_codigo_plu,pro_codigo_barra,pro_tipo,pro_nombre_producto,pro_nombre_corto,med_id,emb_id,pro_unidades_embalaje,dep_id,lin_id,mar_id,pro_precio_compra_neto,pro_precio_compra_bruto,pro_precio_venta,pro_margen_actual,pro_oferta,pro_fecha_inicio_oferta,pro_fecha_termino_oferta,pro_precio_oferta,pro_stock_minimo,pro_stock_critico,pro_entradas_bodega,pro_salidas_bodega,pro_mermas_bodega,pro_ajustes_bodega,pro_entradas_sv,pro_salidas_sv,pro_mermas_sv,pro_ajustes_sv,pro_activo,rec_numero,pro_unidad,pro_capacidad,pro_consumo_bodega,pro_consumo_sv,pro_estado,pro_funcion_plu,pro_flejes,pro_iva,pro_plu_asociado,pro_envase,pro_duracion,pro_numero_etiqueta) VALUES (780721630,@@@7801300571510@@@,@@@0@@@,@@@CHOCLO TROZO FRUTOS MAIPO 650 GRS@@@,@@@CHOCLO TROZO FRU@@@,@@@5 @@@,@@@6 @@@,@@@20@@@,@@@20 @@@,@@@107@@@,@@@2433@@@,@@@0@@@,@@@714@@@,@@@999@@@,@@@39.92@@@,@@@@@@,@@@2006.09.07@@@,@@@2006.09.07@@@,@@@0@@@,@@@20@@@,@@@15@@@,@@@0@@@,@@@0@@@,@@@0@@@,@@@0@@@,@@@0@@@,@@@0@@@,@@@0@@@,@@@0@@@,@@@1@@@,@@@0@@@,0,650,0,0,2,0,1,1,0,@@@NO@@@,0,0)','',2,'2013-08-09'),(50106,'DELETE FROM mae_impuestos_productos WHERE pro_codigo_plu=@@@780721630@@@','',2,'2013-08-09'),(50107,'UPDATE mae_productos SET pro_precio_venta=1480,pro_margen_actual=43.69, pro_precio_compra_bruto=1030, pro_precio_compra_neto=865.546218487395 WHERE pro_codigo_plu=355','',2,'2013-08-09'),(50108,'UPDATE mae_productos SET pro_precio_venta=4990,pro_margen_actual=45.6, pro_precio_compra_bruto=3427.2, pro_precio_compra_neto=2880 WHERE pro_codigo_plu=375','',2,'2013-08-09'),(50109,'INSERT INTO gne_vale_ferreteria (vfe_id,vfe_fecha,vfe_total,vfe_estado,vfe_entregado,usu_nusuario) VALUES (7599,@@@2013.08.09@@@,360,1,0,@@@s_diaz@@@)','',2,'2013-08-09'),(50110,'INSERT INTO gne_vale_ferreteria_mov (vfe_id,pro_codigo_plu,vfm_cantidad,vfm_unitario,vfm_total,vfm_entregado) VALUES (7599,15745,2,180,360,@@@NO@@@)','',2,'2013-08-09'),(50111,'INSERT INTO mae_productos (pro_codigo_plu,pro_codigo_barra,pro_tipo,pro_nombre_producto,pro_nombre_corto,med_id,emb_id,pro_unidades_embalaje,dep_id,lin_id,mar_id,pro_precio_compra_neto,pro_precio_compra_bruto,pro_precio_venta,pro_margen_actual,pro_oferta,pro_fecha_inicio_oferta,pro_fecha_termino_oferta,pro_precio_oferta,pro_stock_minimo,pro_stock_critico,pro_entradas_bodega,pro_salidas_bodega,pro_mermas_bodega,pro_ajustes_bodega,pro_entradas_sv,pro_salidas_sv,pro_mermas_sv,pro_ajustes_sv,pro_activo,rec_numero,pro_unidad,pro_capacidad,pro_consumo_bodega,pro_consumo_sv,pro_estado,pro_funcion_plu,pro_flejes,pro_iva,pro_plu_asociado,pro_envase,pro_duracion,pro_numero_etiqueta) VALUES (7500879,@@@7500879@@@,@@@0@@@,@@@CEPILLO DE PELO @@@,@@@CEPILLO DE PELO @@@,@@@1 @@@,@@@9 @@@,@@@1@@@,@@@24 @@@,@@@207@@@,@@@2507@@@,@@@0@@@,@@@1000@@@,@@@1490@@@,@@@49@@@,@@@@@@,@@@2013.08.09@@@,@@@2013.08.09@@@,@@@0@@@,@@@0@@@,@@@0@@@,@@@0@@@,@@@0@@@,@@@0@@@,@@@0@@@,@@@0@@@,@@@0@@@,@@@0@@@,@@@0@@@,@@@1@@@,@@@0@@@,0,1,0,0,2,0,1,1,0,@@@NO@@@,0,0)','',2,'2013-08-09'),(50112,'DELETE FROM mae_impuestos_productos WHERE pro_codigo_plu=@@@7500879@@@','',2,'2013-08-09'),(50113,'INSERT INTO mae_productos (pro_codigo_plu,pro_codigo_barra,pro_tipo,pro_nombre_producto,pro_nombre_corto,med_id,emb_id,pro_unidades_embalaje,dep_id,lin_id,mar_id,pro_precio_compra_neto,pro_precio_compra_bruto,pro_precio_venta,pro_margen_actual,pro_oferta,pro_fecha_inicio_oferta,pro_fecha_termino_oferta,pro_precio_oferta,pro_stock_minimo,pro_stock_critico,pro_entradas_bodega,pro_salidas_bodega,pro_mermas_bodega,pro_ajustes_bodega,pro_entradas_sv,pro_salidas_sv,pro_mermas_sv,pro_ajustes_sv,pro_activo,rec_numero,pro_unidad,pro_capacidad,pro_consumo_bodega,pro_consumo_sv,pro_estado,pro_funcion_plu,pro_flejes,pro_iva,pro_plu_asociado,pro_envase,pro_duracion,pro_numero_etiqueta) VALUES (7500878,@@@7500878@@@,@@@0@@@,@@@CEPILLO DE PELO REDONDO O CHICO@@@,@@@CEPILLO DE PELO @@@,@@@1 @@@,@@@9 @@@,@@@1@@@,@@@24 @@@,@@@207@@@,@@@2507@@@,@@@0@@@,@@@800@@@,@@@1490@@@,@@@86.25@@@,@@@@@@,@@@2013.08.09@@@,@@@2013.08.09@@@,@@@0@@@,@@@0@@@,@@@0@@@,@@@0@@@,@@@0@@@,@@@0@@@,@@@0@@@,@@@0@@@,@@@0@@@,@@@0@@@,@@@0@@@,@@@1@@@,@@@0@@@,0,1,0,0,2,0,1,1,0,@@@NO@@@,0,0)','',2,'2013-08-09'),(50114,'DELETE FROM mae_impuestos_productos WHERE pro_codigo_plu=@@@7500878@@@','',2,'2013-08-09'),(50115,'UPDATE mae_productos SET pro_codigo_barra=@@@7500879@@@,pro_tipo=@@@0@@@,pro_nombre_producto=@@@CEPILLO DE PELO@@@,pro_nombre_corto=@@@CEPILLO DE PELO@@@,med_id=@@@1@@@,emb_id=@@@9@@@,pro_unidades_embalaje=@@@1@@@,dep_id=@@@24 @@@,lin_id=@@@207@@@,mar_id=@@@2507@@@,pro_precio_compra_neto=@@@0@@@,pro_precio_compra_bruto=@@@1000@@@,pro_precio_venta=@@@1890@@@,pro_margen_actual=@@@89@@@,pro_oferta=@@@NO@@@,pro_fecha_inicio_oferta=@@@2013.08.09@@@,pro_fecha_termino_oferta=@@@2013.08.09@@@,pro_precio_oferta=@@@0@@@,pro_stock_minimo=@@@0@@@,pro_stock_critico=@@@0@@@,pro_activo=@@@1@@@,pro_unidad=@@@0@@@,pro_precio_compra_bruto=1000,pro_margen_actual=89,pro_capacidad=1,pro_funcion_plu=0,pro_flejes=1,pro_iva=1,pro_plu_asociado=0,pro_envase=@@@NO@@@,pro_duracion=0,pro_numero_etiqueta=0 WHERE pro_codigo_plu=@@@7500879@@@','',2,'2013-08-09'),(50116,'UPDATE mae_productos SET pro_estado=1 WHERE pro_codigo_plu=7500879','',2,'2013-08-09'),(50117,'DELETE FROM mae_impuestos_productos WHERE pro_codigo_plu=@@@7500879@@@','',2,'2013-08-09'),(50118,'INSERT INTO gne_vale_ferreteria (vfe_id,vfe_fecha,vfe_total,vfe_estado,vfe_entregado,usu_nusuario) VALUES (7600,@@@2013.08.09@@@,1890,1,0,@@@s_diaz@@@)','',2,'2013-08-09'),(50119,'INSERT INTO gne_vale_ferreteria_mov (vfe_id,pro_codigo_plu,vfm_cantidad,vfm_unitario,vfm_total,vfm_entregado) VALUES (7600,7500879,1,1890,1890,@@@NO@@@)','',2,'2013-08-09'),(50120,'UPDATE mae_productos SET pro_precio_venta=1890,pro_margen_actual=51.26, pro_precio_compra_bruto=1249.5, pro_precio_compra_neto=1050 WHERE pro_codigo_plu=128','',2,'2013-08-09'),(50121,'UPDATE mae_productos SET pro_precio_venta=2590,pro_margen_actual=47.06, pro_precio_compra_bruto=1761.2, pro_precio_compra_neto=1480 WHERE pro_codigo_plu=115','',2,'2013-08-09'),(50122,'UPDATE mae_productos SET pro_precio_venta=2390,pro_margen_actual=49.88, pro_precio_compra_bruto=1594.6, pro_precio_compra_neto=1340 WHERE pro_codigo_plu=126','',2,'2013-08-09'),(50123,'UPDATE mae_productos SET pro_precio_venta=2850,pro_margen_actual=49.55, pro_precio_compra_bruto=1905.68, pro_precio_compra_neto=1601.41176470588 WHERE pro_codigo_plu=213','',2,'2013-08-09'),(50124,'UPDATE mae_productos SET pro_precio_venta=950,pro_margen_actual=45.15, pro_precio_compra_bruto=654.5, pro_precio_compra_neto=550 WHERE pro_codigo_plu=107','',2,'2013-08-09'),(50125,'INSERT INTO gne_vale_ferreteria (vfe_id,vfe_fecha,vfe_total,vfe_estado,vfe_entregado,usu_nusuario) VALUES (7601,@@@2013.08.09@@@,710,1,0,@@@s_diaz@@@)','',2,'2013-08-09'),(50126,'INSERT INTO gne_vale_ferreteria_mov (vfe_id,pro_codigo_plu,vfm_cantidad,vfm_unitario,vfm_total,vfm_entregado) VALUES (7601,780220195,1,590,590,@@@NO@@@)','',2,'2013-08-09'),(50127,'INSERT INTO gne_vale_ferreteria_mov (vfe_id,pro_codigo_plu,vfm_cantidad,vfm_unitario,vfm_total,vfm_entregado) VALUES (7601,8022,1,120,120,@@@NO@@@)','',2,'2013-08-09'),(50128,'UPDATE mae_productos SET pro_precio_fiscal=pro_precio_venta WHERE pro_codigo_plu=107','',2,'2013-08-09'),(50129,'UPDATE mae_productos SET pro_precio_fiscal=pro_precio_venta WHERE pro_codigo_plu=115','',2,'2013-08-09'),(50130,'UPDATE mae_productos SET pro_precio_fiscal=pro_precio_venta WHERE pro_codigo_plu=126','',2,'2013-08-09'),(50131,'UPDATE mae_productos SET pro_precio_fiscal=pro_precio_venta WHERE pro_codigo_plu=128','',2,'2013-08-09'),(50132,'UPDATE mae_productos SET pro_precio_fiscal=pro_precio_venta WHERE pro_codigo_plu=213','',2,'2013-08-09'),(50133,'UPDATE mae_productos SET pro_precio_fiscal=pro_precio_venta WHERE pro_codigo_plu=355','',2,'2013-08-09'),(50134,'UPDATE mae_productos SET pro_precio_fiscal=pro_precio_venta WHERE pro_codigo_plu=375','',2,'2013-08-09'),(50135,'UPDATE mae_productos SET pro_precio_fiscal=pro_precio_venta WHERE pro_codigo_plu=780721629','',2,'2013-08-09'),(50136,'UPDATE mae_productos SET pro_precio_fiscal=pro_precio_venta WHERE pro_codigo_plu=780721625','',2,'2013-08-09'),(50137,'UPDATE mae_productos SET pro_precio_fiscal=pro_precio_venta WHERE pro_codigo_plu=780721628','',2,'2013-08-09'),(50138,'UPDATE mae_productos SET pro_precio_fiscal=pro_precio_venta WHERE pro_codigo_plu=780721624','',2,'2013-08-09'),(50139,'UPDATE mae_productos SET pro_precio_fiscal=pro_precio_venta WHERE pro_codigo_plu=780721619','',2,'2013-08-09'),(50140,'UPDATE mae_productos SET pro_precio_fiscal=pro_precio_venta WHERE pro_codigo_plu=780721620','',2,'2013-08-09'),(50141,'UPDATE mae_productos SET pro_precio_fiscal=pro_precio_venta WHERE pro_codigo_plu=693331245','',2,'2013-08-09'),(50142,'UPDATE mae_productos SET pro_precio_fiscal=pro_precio_venta WHERE pro_codigo_plu=780721626','',2,'2013-08-09'),(50143,'UPDATE mae_productos SET pro_precio_fiscal=pro_precio_venta WHERE pro_codigo_plu=780721623','',2,'2013-08-09'),(50144,'UPDATE mae_productos SET pro_precio_fiscal=pro_precio_venta WHERE pro_codigo_plu=780721627','',2,'2013-08-09'),(50145,'UPDATE mae_productos SET pro_precio_fiscal=pro_precio_venta WHERE pro_codigo_plu=780721622','',2,'2013-08-09'),(50146,'UPDATE mae_productos SET pro_precio_fiscal=pro_precio_venta WHERE pro_codigo_plu=780721621','',2,'2013-08-09'),(50147,'UPDATE mae_productos SET pro_precio_fiscal=pro_precio_venta WHERE pro_codigo_plu=7500878','',2,'2013-08-09'),(50148,'UPDATE mae_productos SET pro_precio_fiscal=pro_precio_venta WHERE pro_codigo_plu=7500879','',2,'2013-08-09'),(50149,'UPDATE mae_productos SET pro_precio_fiscal=pro_precio_venta WHERE pro_codigo_plu=7500884','',2,'2013-08-09'),(50150,'UPDATE mae_productos SET pro_precio_fiscal=pro_precio_venta WHERE pro_codigo_plu=7500885','',2,'2013-08-09'),(50151,'UPDATE mae_productos SET pro_precio_fiscal=pro_precio_venta WHERE pro_codigo_plu=7500886','',2,'2013-08-09'),(50152,'UPDATE mae_productos SET pro_precio_fiscal=pro_precio_venta WHERE pro_codigo_plu=7500887','',2,'2013-08-09'),(50153,'UPDATE mae_productos SET pro_precio_fiscal=pro_precio_venta WHERE pro_codigo_plu=7500888','',2,'2013-08-09'),(50154,'UPDATE mae_productos SET pro_precio_fiscal=pro_precio_venta WHERE pro_codigo_plu=7500889','',2,'2013-08-09'),(50155,'UPDATE mae_productos SET pro_precio_fiscal=pro_precio_venta WHERE pro_codigo_plu=7500890','',2,'2013-08-09'),(50156,'UPDATE mae_productos SET pro_precio_fiscal=pro_precio_venta WHERE pro_codigo_plu=7500891','',2,'2013-08-09'),(50157,'UPDATE mae_productos SET pro_precio_fiscal=pro_precio_venta WHERE pro_codigo_plu=7500892','',2,'2013-08-09'),(50158,'UPDATE mae_productos SET pro_precio_fiscal=pro_precio_venta WHERE pro_codigo_plu=7500893','',2,'2013-08-09'),(50159,'UPDATE mae_productos SET pro_precio_fiscal=pro_precio_venta WHERE pro_codigo_plu=7500894','',2,'2013-08-09'),(50160,'UPDATE mae_productos SET pro_precio_fiscal=pro_precio_venta WHERE pro_codigo_plu=7500895','',2,'2013-08-09'),(50161,'UPDATE mae_productos SET pro_precio_fiscal=pro_precio_venta WHERE pro_codigo_plu=7500896','',2,'2013-08-09'),(50162,'UPDATE mae_productos SET pro_precio_fiscal=pro_precio_venta WHERE pro_codigo_plu=7500897','',2,'2013-08-09'),(50163,'UPDATE mae_productos SET pro_precio_fiscal=pro_precio_venta WHERE pro_codigo_plu=7500898','',2,'2013-08-09'),(50164,'UPDATE mae_productos SET pro_precio_fiscal=pro_precio_venta WHERE pro_codigo_plu=7500899','',2,'2013-08-09'),(50165,'UPDATE mae_productos SET pro_precio_fiscal=pro_precio_venta WHERE pro_codigo_plu=780721630','',2,'2013-08-09'),(50166,'INSERT INTO gne_vale_ferreteria (vfe_id,vfe_fecha,vfe_total,vfe_estado,vfe_entregado,usu_nusuario) VALUES (7602,@@@2013.08.09@@@,990,1,0,@@@s_diaz@@@)','',2,'2013-08-09'),(50167,'INSERT INTO gne_vale_ferreteria_mov (vfe_id,pro_codigo_plu,vfm_cantidad,vfm_unitario,vfm_total,vfm_entregado) VALUES (7602,764605,1,990,990,@@@NO@@@)','',2,'2013-08-09'),(50168,'UPDATE mae_productos SET pro_precio_compra_bruto=1190,pro_margen_actual=(pro_precio_venta-1190)/1190 * 100,pro_ultima_compra=@@@2013.08.09@@@,pro_ultimo_proveedor=@@@79984240-8@@@ WHERE pro_codigo_plu=353','',2,'2013-08-09'),(50169,'UPDATE mae_productos SET pro_precio_compra_bruto=1554.14,pro_margen_actual=(pro_precio_venta-1554.14)/1554.14 * 100,pro_ultima_compra=@@@2013.08.09@@@,pro_ultimo_proveedor=@@@79984240-8@@@ WHERE pro_codigo_plu=348','',2,'2013-08-09'),(50170,'UPDATE mae_productos SET pro_precio_compra_bruto=2380,pro_margen_actual=(pro_precio_venta-2380)/2380 * 100,pro_ultima_compra=@@@2013.08.09@@@,pro_ultimo_proveedor=@@@79984240-8@@@ WHERE pro_codigo_plu=307','',2,'2013-08-09'),(50171,'UPDATE mae_productos SET pro_precio_compra_bruto=1191.58,pro_margen_actual=(pro_precio_venta-1191.58)/1191.58 * 100,pro_ultima_compra=@@@2013.08.09@@@,pro_ultimo_proveedor=@@@79984240-8@@@ WHERE pro_codigo_plu=18557','',2,'2013-08-09'),(50172,'UPDATE mae_productos SET pro_precio_compra_bruto=2380,pro_margen_actual=(pro_precio_venta-2380)/2380 * 100,pro_ultima_compra=@@@2013.08.09@@@,pro_ultimo_proveedor=@@@79984240-8@@@ WHERE pro_codigo_plu=302','',2,'2013-08-09'),(50173,'UPDATE mae_productos SET pro_precio_compra_bruto=1570.8,pro_margen_actual=(pro_precio_venta-1570.8)/1570.8 * 100,pro_ultima_compra=@@@2013.08.09@@@,pro_ultimo_proveedor=@@@79984240-8@@@ WHERE pro_codigo_plu=351','',2,'2013-08-09'),(50174,'UPDATE mae_productos SET pro_precio_compra_bruto=1030,pro_margen_actual=(pro_precio_venta-1030)/1030 * 100,pro_ultima_compra=@@@2013.08.09@@@,pro_ultimo_proveedor=@@@79984240-8@@@ WHERE pro_codigo_plu=355','',2,'2013-08-09'),(50175,'UPDATE mae_productos SET pro_precio_compra_bruto=2000,pro_margen_actual=(pro_precio_venta-2000)/2000 * 100,pro_ultima_compra=@@@2013.08.09@@@,pro_ultimo_proveedor=@@@79984240-8@@@ WHERE pro_codigo_plu=337','',2,'2013-08-09'),(50176,'UPDATE mae_productos SET pro_precio_compra_bruto=3427.2,pro_margen_actual=(pro_precio_venta-3427.2)/3427.2 * 100,pro_ultima_compra=@@@2013.08.09@@@,pro_ultimo_proveedor=@@@79984240-8@@@ WHERE pro_codigo_plu=375','',2,'2013-08-09'),(50177,'UPDATE mae_productos SET pro_precio_compra_bruto=3570,pro_margen_actual=(pro_precio_venta-3570)/3570 * 100,pro_ultima_compra=@@@2013.08.09@@@,pro_ultimo_proveedor=@@@79984240-8@@@ WHERE pro_codigo_plu=344','',2,'2013-08-09'),(50178,'UPDATE mae_productos SET pro_precio_compra_bruto=368.9,pro_margen_actual=(pro_precio_venta-368.9)/368.9 * 100,pro_ultima_compra=@@@2013.08.09@@@,pro_ultimo_proveedor=@@@79984240-8@@@ WHERE pro_codigo_plu=765077','',2,'2013-08-09'),(50179,'UPDATE mae_productos SET pro_precio_compra_bruto=249.9,pro_margen_actual=(pro_precio_venta-249.9)/249.9 * 100,pro_ultima_compra=@@@2013.08.09@@@,pro_ultimo_proveedor=@@@79984240-8@@@ WHERE pro_codigo_plu=19677','',2,'2013-08-09'),(50180,'UPDATE mae_productos SET pro_precio_compra_bruto=249.9,pro_margen_actual=(pro_precio_venta-249.9)/249.9 * 100,pro_ultima_compra=@@@2013.08.09@@@,pro_ultimo_proveedor=@@@79984240-8@@@ WHERE pro_codigo_plu=11116','',2,'2013-08-09'),(50181,'UPDATE mae_productos SET pro_precio_compra_bruto=714,pro_margen_actual=(pro_precio_venta-714)/714 * 100,pro_ultima_compra=@@@2013.08.09@@@,pro_ultimo_proveedor=@@@79984240-8@@@ WHERE pro_codigo_plu=780721630','',2,'2013-08-09'),(50182,'UPDATE mae_productos SET pro_precio_compra_bruto=1249.5,pro_margen_actual=(pro_precio_venta-1249.5)/1249.5 * 100,pro_ultima_compra=@@@2013.08.09@@@,pro_ultimo_proveedor=@@@79984240-8@@@ WHERE pro_codigo_plu=128','',2,'2013-08-09'),(50183,'UPDATE mae_productos SET pro_precio_compra_bruto=1761.2,pro_margen_actual=(pro_precio_venta-1761.2)/1761.2 * 100,pro_ultima_compra=@@@2013.08.09@@@,pro_ultimo_proveedor=@@@79984240-8@@@ WHERE pro_codigo_plu=115','',2,'2013-08-09'),(50184,'UPDATE mae_productos SET pro_precio_compra_bruto=1594.6,pro_margen_actual=(pro_precio_venta-1594.6)/1594.6 * 100,pro_ultima_compra=@@@2013.08.09@@@,pro_ultimo_proveedor=@@@79984240-8@@@ WHERE pro_codigo_plu=126','',2,'2013-08-09'),(50185,'UPDATE mae_productos SET pro_precio_compra_bruto=2249,pro_margen_actual=(pro_precio_venta-2249)/2249 * 100,pro_ultima_compra=@@@2013.08.09@@@,pro_ultimo_proveedor=@@@79984240-8@@@ WHERE pro_codigo_plu=205','',2,'2013-08-09'),(50186,'UPDATE mae_productos SET pro_precio_compra_bruto=1905.68,pro_margen_actual=(pro_precio_venta-1905.68)/1905.68 * 100,pro_ultima_compra=@@@2013.08.09@@@,pro_ultimo_proveedor=@@@79984240-8@@@ WHERE pro_codigo_plu=213','',2,'2013-08-09'),(50187,'UPDATE mae_productos SET pro_precio_compra_bruto=654.5,pro_margen_actual=(pro_precio_venta-654.5)/654.5 * 100,pro_ultima_compra=@@@2013.08.09@@@,pro_ultimo_proveedor=@@@79984240-8@@@ WHERE pro_codigo_plu=107','',2,'2013-08-09'),(50188,'UPDATE mae_productos SET pro_precio_compra_bruto=940.1,pro_margen_actual=(pro_precio_venta-940.1)/940.1 * 100,pro_ultima_compra=@@@2013.08.09@@@,pro_ultimo_proveedor=@@@79984240-8@@@ WHERE pro_codigo_plu=129','',2,'2013-08-09'),(50189,'INSERT INTO gne_vale_ferreteria (vfe_id,vfe_fecha,vfe_total,vfe_estado,vfe_entregado,usu_nusuario) VALUES (7603,@@@2013.08.09@@@,6259,1,0,@@@s_diaz@@@)','',2,'2013-08-09'),(50190,'INSERT INTO gne_vale_ferreteria_mov (vfe_id,pro_codigo_plu,vfm_cantidad,vfm_unitario,vfm_total,vfm_entregado) VALUES (7603,78017020,1,390,390,@@@NO@@@)','',2,'2013-08-09'),(50191,'INSERT INTO gne_vale_ferreteria_mov (vfe_id,pro_codigo_plu,vfm_cantidad,vfm_unitario,vfm_total,vfm_entregado) VALUES (7603,763622,1,1399,1399,@@@NO@@@)','',2,'2013-08-09'),(50192,'INSERT INTO gne_vale_ferreteria_mov (vfe_id,pro_codigo_plu,vfm_cantidad,vfm_unitario,vfm_total,vfm_entregado) VALUES (7603,763740,1,1350,1350,@@@NO@@@)','',2,'2013-08-09'),(50193,'INSERT INTO gne_vale_ferreteria_mov (vfe_id,pro_codigo_plu,vfm_cantidad,vfm_unitario,vfm_total,vfm_entregado) VALUES (7603,763624,1,660,660,@@@NO@@@)','',2,'2013-08-09'),(50194,'INSERT INTO gne_vale_ferreteria_mov (vfe_id,pro_codigo_plu,vfm_cantidad,vfm_unitario,vfm_total,vfm_entregado) VALUES (7603,763632,1,890,890,@@@NO@@@)','',2,'2013-08-09'),(50195,'INSERT INTO gne_vale_ferreteria_mov (vfe_id,pro_codigo_plu,vfm_cantidad,vfm_unitario,vfm_total,vfm_entregado) VALUES (7603,1069,3,200,600,@@@NO@@@)','',2,'2013-08-09'),(50196,'INSERT INTO gne_vale_ferreteria_mov (vfe_id,pro_codigo_plu,vfm_cantidad,vfm_unitario,vfm_total,vfm_entregado) VALUES (7603,780220198,1,350,350,@@@NO@@@)','',2,'2013-08-09'),(50197,'INSERT INTO gne_vale_ferreteria_mov (vfe_id,pro_codigo_plu,vfm_cantidad,vfm_unitario,vfm_total,vfm_entregado) VALUES (7603,780220199,1,150,150,@@@NO@@@)','',2,'2013-08-09'),(50198,'INSERT INTO gne_vale_ferreteria_mov (vfe_id,pro_codigo_plu,vfm_cantidad,vfm_unitario,vfm_total,vfm_entregado) VALUES (7603,780721057,1,190,190,@@@NO@@@)','',2,'2013-08-09'),(50199,'INSERT INTO gne_vale_ferreteria_mov (vfe_id,pro_codigo_plu,vfm_cantidad,vfm_unitario,vfm_total,vfm_entregado) VALUES (7603,780721273,1,280,280,@@@NO@@@)','',2,'2013-08-09'),(50200,'INSERT INTO gne_vale_ferreteria (vfe_id,vfe_fecha,vfe_total,vfe_estado,vfe_entregado,usu_nusuario) VALUES (7604,@@@2013.08.09@@@,840,1,0,@@@s_diaz@@@)','',2,'2013-08-09'),(50201,'INSERT INTO gne_vale_ferreteria_mov (vfe_id,pro_codigo_plu,vfm_cantidad,vfm_unitario,vfm_total,vfm_entregado) VALUES (7604,11670,1,840,840,@@@NO@@@)','',2,'2013-08-09'),(50202,'INSERT INTO mae_productos (pro_codigo_plu,pro_codigo_barra,pro_tipo,pro_nombre_producto,pro_nombre_corto,med_id,emb_id,pro_unidades_embalaje,dep_id,lin_id,mar_id,pro_precio_compra_neto,pro_precio_compra_bruto,pro_precio_venta,pro_margen_actual,pro_oferta,pro_fecha_inicio_oferta,pro_fecha_termino_oferta,pro_precio_oferta,pro_stock_minimo,pro_stock_critico,pro_entradas_bodega,pro_salidas_bodega,pro_mermas_bodega,pro_ajustes_bodega,pro_entradas_sv,pro_salidas_sv,pro_mermas_sv,pro_ajustes_sv,pro_activo,rec_numero,pro_unidad,pro_capacidad,pro_consumo_bodega,pro_consumo_sv,pro_estado,pro_funcion_plu,pro_flejes,pro_iva,pro_plu_asociado,pro_envase,pro_duracion,pro_numero_etiqueta) VALUES (7500876,@@@7500876@@@,@@@0@@@,@@@LIJA@@@,@@@LIJA@@@,@@@1 @@@,@@@9 @@@,@@@1@@@,@@@24 @@@,@@@137@@@,@@@2507@@@,@@@0@@@,@@@150@@@,@@@300@@@,@@@100@@@,@@@@@@,@@@2013.08.09@@@,@@@2013.08.09@@@,@@@0@@@,@@@1@@@,@@@1@@@,@@@0@@@,@@@0@@@,@@@0@@@,@@@0@@@,@@@0@@@,@@@0@@@,@@@0@@@,@@@0@@@,@@@1@@@,@@@0@@@,0,1,0,0,2,0,1,1,0,@@@NO@@@,0,0)','',2,'2013-08-09'),(50203,'DELETE FROM mae_impuestos_productos WHERE pro_codigo_plu=@@@7500876@@@','',2,'2013-08-09'),(50204,'INSERT INTO gne_vale_ferreteria (vfe_id,vfe_fecha,vfe_total,vfe_estado,vfe_entregado,usu_nusuario) VALUES (7605,@@@2013.08.09@@@,300,1,0,@@@s_diaz@@@)','',2,'2013-08-09'),(50205,'INSERT INTO gne_vale_ferreteria_mov (vfe_id,pro_codigo_plu,vfm_cantidad,vfm_unitario,vfm_total,vfm_entregado) VALUES (7605,7500876,1,300,300,@@@NO@@@)','',2,'2013-08-09'),(50206,'INSERT INTO gne_vale_ferreteria (vfe_id,vfe_fecha,vfe_total,vfe_estado,vfe_entregado,usu_nusuario) VALUES (7606,@@@2013.08.09@@@,1190,1,0,@@@s_diaz@@@)','',2,'2013-08-09'),(50207,'INSERT INTO gne_vale_ferreteria_mov (vfe_id,pro_codigo_plu,vfm_cantidad,vfm_unitario,vfm_total,vfm_entregado) VALUES (7606,8689,1,1190,1190,@@@NO@@@)','',2,'2013-08-09'),(50208,'INSERT INTO gne_vale_ferreteria (vfe_id,vfe_fecha,vfe_total,vfe_estado,vfe_entregado,usu_nusuario) VALUES (7607,@@@2013.08.09@@@,2240,1,0,@@@s_diaz@@@)','',2,'2013-08-09'),(50209,'INSERT INTO gne_vale_ferreteria_mov (vfe_id,pro_codigo_plu,vfm_cantidad,vfm_unitario,vfm_total,vfm_entregado) VALUES (7607,763910,1,550,550,@@@NO@@@)','',2,'2013-08-09'),(50210,'INSERT INTO gne_vale_ferreteria_mov (vfe_id,pro_codigo_plu,vfm_cantidad,vfm_unitario,vfm_total,vfm_entregado) VALUES (7607,20476,1,1690,1690,@@@NO@@@)','',2,'2013-08-09'),(50211,'INSERT INTO gne_vale_ferreteria (vfe_id,vfe_fecha,vfe_total,vfe_estado,vfe_entregado,usu_nusuario) VALUES (7608,@@@2013.08.09@@@,300,1,0,@@@s_diaz@@@)','',2,'2013-08-09'),(50212,'INSERT INTO gne_vale_ferreteria_mov (vfe_id,pro_codigo_plu,vfm_cantidad,vfm_unitario,vfm_total,vfm_entregado) VALUES (7608,4074,1,300,300,@@@NO@@@)','',2,'2013-08-09'),(50213,'INSERT INTO gne_vale_ferreteria (vfe_id,vfe_fecha,vfe_total,vfe_estado,vfe_entregado,usu_nusuario) VALUES (7609,@@@2013.08.09@@@,1080,1,0,@@@G_DIAZ@@@)','',2,'2013-08-09'),(50214,'INSERT INTO gne_vale_ferreteria_mov (vfe_id,pro_codigo_plu,vfm_cantidad,vfm_unitario,vfm_total,vfm_entregado) VALUES (7609,764160,9,120,1080,@@@NO@@@)','',2,'2013-08-09'),(50215,'INSERT INTO gne_vale_ferreteria (vfe_id,vfe_fecha,vfe_total,vfe_estado,vfe_entregado,usu_nusuario) VALUES (7610,@@@2013.08.09@@@,790,1,0,@@@G_DIAZ@@@)','',2,'2013-08-09'),(50216,'INSERT INTO gne_vale_ferreteria_mov (vfe_id,pro_codigo_plu,vfm_cantidad,vfm_unitario,vfm_total,vfm_entregado) VALUES (7610,764555,1,790,790,@@@NO@@@)','',2,'2013-08-09'),(50217,'INSERT INTO gne_vale_ferreteria (vfe_id,vfe_fecha,vfe_total,vfe_estado,vfe_entregado,usu_nusuario) VALUES (7611,@@@2013.08.09@@@,6590,1,0,@@@G_DIAZ@@@)','',2,'2013-08-09'),(50218,'INSERT INTO gne_vale_ferreteria_mov (vfe_id,pro_codigo_plu,vfm_cantidad,vfm_unitario,vfm_total,vfm_entregado) VALUES (7611,780721621,1,6590,6590,@@@NO@@@)','',2,'2013-08-09'),(50219,'INSERT INTO gne_vale_ferreteria (vfe_id,vfe_fecha,vfe_total,vfe_estado,vfe_entregado,usu_nusuario) VALUES (7612,@@@2013.08.09@@@,1990,1,0,@@@G_DIAZ@@@)','',2,'2013-08-09'),(50220,'INSERT INTO gne_vale_ferreteria_mov (vfe_id,pro_codigo_plu,vfm_cantidad,vfm_unitario,vfm_total,vfm_entregado) VALUES (7612,101856,1,1990,1990,@@@NO@@@)','',2,'2013-08-09'),(50221,'INSERT INTO gne_vale_ferreteria (vfe_id,vfe_fecha,vfe_total,vfe_estado,vfe_entregado,usu_nusuario) VALUES (7613,@@@2013.08.09@@@,1490,1,0,@@@G_DIAZ@@@)','',2,'2013-08-09'),(50222,'INSERT INTO gne_vale_ferreteria_mov (vfe_id,pro_codigo_plu,vfm_cantidad,vfm_unitario,vfm_total,vfm_entregado) VALUES (7613,780721556,1,1490,1490,@@@NO@@@)','',2,'2013-08-09'),(50223,'INSERT INTO gne_vale_ferreteria (vfe_id,vfe_fecha,vfe_total,vfe_estado,vfe_entregado,usu_nusuario) VALUES (7614,@@@2013.08.09@@@,2990,1,0,@@@G_DIAZ@@@)','',2,'2013-08-09'),(50224,'INSERT INTO gne_vale_ferreteria_mov (vfe_id,pro_codigo_plu,vfm_cantidad,vfm_unitario,vfm_total,vfm_entregado) VALUES (7614,780721586,1,2990,2990,@@@NO@@@)','',2,'2013-08-09'),(50225,'INSERT INTO gne_vale_ferreteria (vfe_id,vfe_fecha,vfe_total,vfe_estado,vfe_entregado,usu_nusuario) VALUES (7615,@@@2013.08.09@@@,440,1,0,@@@G_DIAZ@@@)','',2,'2013-08-09'),(50226,'INSERT INTO gne_vale_ferreteria_mov (vfe_id,pro_codigo_plu,vfm_cantidad,vfm_unitario,vfm_total,vfm_entregado) VALUES (7615,78017193,10,20,200,@@@NO@@@)','',2,'2013-08-09'),(50227,'INSERT INTO gne_vale_ferreteria_mov (vfe_id,pro_codigo_plu,vfm_cantidad,vfm_unitario,vfm_total,vfm_entregado) VALUES (7615,78017002,2,120,240,@@@NO@@@)','',2,'2013-08-09'),(50228,'INSERT INTO gne_vale_ferreteria (vfe_id,vfe_fecha,vfe_total,vfe_estado,vfe_entregado,usu_nusuario) VALUES (7616,@@@2013.08.09@@@,6590,1,0,@@@G_DIAZ@@@)','',2,'2013-08-09'),(50229,'INSERT INTO gne_vale_ferreteria_mov (vfe_id,pro_codigo_plu,vfm_cantidad,vfm_unitario,vfm_total,vfm_entregado) VALUES (7616,780721621,1,6590,6590,@@@NO@@@)','',2,'2013-08-09'),(50230,'INSERT INTO gne_vale_ferreteria (vfe_id,vfe_fecha,vfe_total,vfe_estado,vfe_entregado,usu_nusuario) VALUES (7617,@@@2013.08.09@@@,1190,1,0,@@@G_DIAZ@@@)','',2,'2013-08-09'),(50231,'INSERT INTO gne_vale_ferreteria_mov (vfe_id,pro_codigo_plu,vfm_cantidad,vfm_unitario,vfm_total,vfm_entregado) VALUES (7617,780721467,1,1190,1190,@@@NO@@@)','',2,'2013-08-09'),(50232,'UPDATE mae_productos SET med_id=5,pro_capacidad=900 WHERE pro_codigo_plu=780721610','',2,'2013-08-09'),(50233,'UPDATE mae_productos SET med_id=5,pro_capacidad=0.2 WHERE pro_codigo_plu=10406','',2,'2013-08-09'),(50234,'UPDATE mae_productos SET med_id=5,pro_capacidad=0.5 WHERE pro_codigo_plu=10405','',2,'2013-08-09'),(50235,'UPDATE mae_productos SET med_id=2,pro_capacidad=1 WHERE pro_codigo_plu=10408','',2,'2013-08-09'),(50236,'UPDATE mae_productos SET med_id=5,pro_capacidad=0.2 WHERE pro_codigo_plu=10404','',2,'2013-08-09'),(50237,'UPDATE mae_productos SET med_id=5,pro_capacidad=0.4 WHERE pro_codigo_plu=10438','',2,'2013-08-09'),(50238,'UPDATE mae_productos SET med_id=3,pro_capacidad=1 WHERE pro_codigo_plu=18226','',2,'2013-08-09'),(50239,'UPDATE mae_productos SET med_id=6,pro_capacidad=0.2 WHERE pro_codigo_plu=18220','',2,'2013-08-09'),(50240,'UPDATE mae_productos SET med_id=3,pro_capacidad=1 WHERE pro_codigo_plu=18225','',2,'2013-08-09'),(50241,'UPDATE mae_productos SET med_id=6,pro_capacidad=0.2 WHERE pro_codigo_plu=18219','',2,'2013-08-09'),(50242,'UPDATE mae_productos SET med_id=3,pro_capacidad=1 WHERE pro_codigo_plu=18224','',2,'2013-08-09'),(50243,'UPDATE mae_productos SET med_id=6,pro_capacidad=0.2 WHERE pro_codigo_plu=18218','',2,'2013-08-09'),(50244,'UPDATE mae_productos SET med_id=3,pro_capacidad=1 WHERE pro_codigo_plu=18223','',2,'2013-08-09'),(50245,'UPDATE mae_productos SET med_id=6,pro_capacidad=0.2 WHERE pro_codigo_plu=18217','',2,'2013-08-09'),(50246,'INSERT INTO gne_vale_ferreteria (vfe_id,vfe_fecha,vfe_total,vfe_estado,vfe_entregado,usu_nusuario) VALUES (7618,@@@2013.08.09@@@,790,1,0,@@@G_DIAZ@@@)','',2,'2013-08-09'),(50247,'INSERT INTO gne_vale_ferreteria_mov (vfe_id,pro_codigo_plu,vfm_cantidad,vfm_unitario,vfm_total,vfm_entregado) VALUES (7618,763623,1,790,790,@@@NO@@@)','',2,'2013-08-09'),(50248,'INSERT INTO gne_vale_ferreteria (vfe_id,vfe_fecha,vfe_total,vfe_estado,vfe_entregado,usu_nusuario) VALUES (7619,@@@2013.08.09@@@,850,1,0,@@@G_DIAZ@@@)','',2,'2013-08-09'),(50249,'INSERT INTO gne_vale_ferreteria_mov (vfe_id,pro_codigo_plu,vfm_cantidad,vfm_unitario,vfm_total,vfm_entregado) VALUES (7619,763794,1,850,850,@@@NO@@@)','',2,'2013-08-09'),(50250,'UPDATE mae_productos SET med_id=3,pro_capacidad=1 WHERE pro_codigo_plu=18222','',2,'2013-08-09'),(50251,'UPDATE mae_productos SET med_id=6,pro_capacidad=0.2 WHERE pro_codigo_plu=18216','',2,'2013-08-09'),(50252,'UPDATE mae_productos SET med_id=5,pro_capacidad=140 WHERE pro_codigo_plu=763338','',2,'2013-08-09'),(50253,'UPDATE mae_productos SET med_id=5,pro_capacidad=140 WHERE pro_codigo_plu=763335','',2,'2013-08-09'),(50254,'UPDATE mae_productos SET med_id=5,pro_capacidad=165 WHERE pro_codigo_plu=763343','',2,'2013-08-09'),(50255,'UPDATE mae_productos SET med_id=5,pro_capacidad=165 WHERE pro_codigo_plu=763342','',2,'2013-08-09'),(50256,'UPDATE mae_productos SET med_id=5,pro_capacidad=165 WHERE pro_codigo_plu=780721342','',2,'2013-08-09'),(50257,'UPDATE mae_productos SET med_id=5,pro_capacidad=125 WHERE pro_codigo_plu=780721285','',2,'2013-08-09'),(50258,'UPDATE mae_productos SET med_id=5,pro_capacidad=165 WHERE pro_codigo_plu=780721113','',2,'2013-08-09'),(50259,'UPDATE mae_datos_empresa SET emp_oferta=@@@SI@@@,emp_descuento=15','',2,'2013-08-09'),(50260,'UPDATE mae_departamento SET dep_oferta=@@@NO@@@ WHERE dep_id=1','',2,'2013-08-09'),(50261,'UPDATE mae_departamento SET dep_oferta=@@@NO@@@ WHERE dep_id=2','',2,'2013-08-09'),(50262,'UPDATE mae_departamento SET dep_oferta=@@@NO@@@ WHERE dep_id=3','',2,'2013-08-09'),(50263,'UPDATE mae_departamento SET dep_oferta=@@@NO@@@ WHERE dep_id=4','',2,'2013-08-09'),(50264,'UPDATE mae_departamento SET dep_oferta=@@@NO@@@ WHERE dep_id=5','',2,'2013-08-09'),(50265,'UPDATE mae_departamento SET dep_oferta=@@@NO@@@ WHERE dep_id=6','',2,'2013-08-09'),(50266,'UPDATE mae_departamento SET dep_oferta=@@@NO@@@ WHERE dep_id=7','',2,'2013-08-09'),(50267,'UPDATE mae_departamento SET dep_oferta=@@@NO@@@ WHERE dep_id=8','',2,'2013-08-09'),(50268,'UPDATE mae_departamento SET dep_oferta=@@@NO@@@ WHERE dep_id=9','',2,'2013-08-09'),(50269,'UPDATE mae_departamento SET dep_oferta=@@@NO@@@ WHERE dep_id=10','',2,'2013-08-09'),(50270,'UPDATE mae_departamento SET dep_oferta=@@@NO@@@ WHERE dep_id=11','',2,'2013-08-09'),(50271,'UPDATE mae_departamento SET dep_oferta=@@@NO@@@ WHERE dep_id=12','',2,'2013-08-09'),(50272,'UPDATE mae_departamento SET dep_oferta=@@@NO@@@ WHERE dep_id=13','',2,'2013-08-09'),(50273,'UPDATE mae_departamento SET dep_oferta=@@@NO@@@ WHERE dep_id=14','',2,'2013-08-09'),(50274,'UPDATE mae_departamento SET dep_oferta=@@@NO@@@ WHERE dep_id=15','',2,'2013-08-09'),(50275,'UPDATE mae_departamento SET dep_oferta=@@@NO@@@ WHERE dep_id=16','',2,'2013-08-09'),(50276,'UPDATE mae_departamento SET dep_oferta=@@@NO@@@ WHERE dep_id=17','',2,'2013-08-09'),(50277,'UPDATE mae_departamento SET dep_oferta=@@@NO@@@ WHERE dep_id=18','',2,'2013-08-09'),(50278,'UPDATE mae_departamento SET dep_oferta=@@@NO@@@ WHERE dep_id=19','',2,'2013-08-09'),(50279,'UPDATE mae_departamento SET dep_oferta=@@@NO@@@ WHERE dep_id=20','',2,'2013-08-09'),(50280,'UPDATE mae_departamento SET dep_oferta=@@@NO@@@ WHERE dep_id=21','',2,'2013-08-09'),(50281,'UPDATE mae_departamento SET dep_oferta=@@@NO@@@ WHERE dep_id=22','',2,'2013-08-09'),(50282,'UPDATE mae_departamento SET dep_oferta=@@@SI@@@ WHERE dep_id=23','',2,'2013-08-09'),(50283,'UPDATE mae_departamento SET dep_oferta=@@@NO@@@ WHERE dep_id=24','',2,'2013-08-09'),(50284,'UPDATE mae_departamento SET dep_oferta=@@@NO@@@ WHERE dep_id=25','',2,'2013-08-09'),(50285,'UPDATE mae_departamento SET dep_oferta=@@@NO@@@ WHERE dep_id=26','',2,'2013-08-09'),(50286,'UPDATE mae_departamento SET dep_oferta=@@@NO@@@ WHERE dep_id=27','',2,'2013-08-09'),(50287,'UPDATE mae_departamento SET dep_oferta=@@@NO@@@ WHERE dep_id=28','',2,'2013-08-09'),(50288,'UPDATE mae_departamento SET dep_oferta=@@@NO@@@ WHERE dep_id=29','',2,'2013-08-09'),(50289,'UPDATE mae_departamento SET dep_oferta=@@@NO@@@ WHERE dep_id=30','',2,'2013-08-09'),(50290,'UPDATE mae_departamento SET dep_oferta=@@@NO@@@ WHERE dep_id=31','',2,'2013-08-09'),(50291,'UPDATE mae_departamento SET dep_oferta=@@@NO@@@ WHERE dep_id=32','',2,'2013-08-09'),(50292,'UPDATE mae_departamento SET dep_oferta=@@@NO@@@ WHERE dep_id=33','',2,'2013-08-09'),(50293,'UPDATE mae_departamento SET dep_oferta=@@@NO@@@ WHERE dep_id=34','',2,'2013-08-09'),(50294,'UPDATE mae_departamento SET dep_oferta=@@@NO@@@ WHERE dep_id=35','',2,'2013-08-09'),(50295,'UPDATE mae_departamento SET dep_oferta=@@@NO@@@ WHERE dep_id=36','',2,'2013-08-09'),(50296,'UPDATE mae_departamento SET dep_oferta=@@@NO@@@ WHERE dep_id=37','',2,'2013-08-09'),(50297,'UPDATE mae_departamento SET dep_oferta=@@@NO@@@ WHERE dep_id=38','',2,'2013-08-09'),(50298,'UPDATE mae_departamento SET dep_oferta=@@@NO@@@ WHERE dep_id=39','',2,'2013-08-09'),(50299,'UPDATE mae_departamento SET dep_oferta=@@@NO@@@ WHERE dep_id=40','',2,'2013-08-09'),(50300,'UPDATE mae_departamento SET dep_oferta=@@@NO@@@ WHERE dep_id=41','',2,'2013-08-09'),(50301,'UPDATE mae_departamento SET dep_oferta=@@@NO@@@ WHERE dep_id=42','',2,'2013-08-09'),(50302,'UPDATE mae_departamento SET dep_oferta=@@@NO@@@ WHERE dep_id=43','',2,'2013-08-09'),(50303,'UPDATE mae_departamento SET dep_oferta=@@@NO@@@ WHERE dep_id=44','',2,'2013-08-09'),(50304,'UPDATE mae_datos_empresa SET emp_rut=@@@10162956-2@@@,emp_razon_social=@@@SUPERMERCADO UNICO NACIMIENTO@@@,emp_sucursal=@@@MATRIZ@@@,emp_giro=@@@SUPERMERCADOS@@@,emp_direccion=@@@AV. SAN GREGORIO 15@@@,emp_ciudad=@@@NACIMIENTO@@@,emp_telefono=@@@511706@@@,emp_mail=@@@UNICONACIMIENTO@GMAIL.COM@@@,emp_mail_gerencia_comercial=@@@@@@,emp_mail_gerencia_operaciones=@@@@@@,emp_mail_gerencia_sistemas=@@@@@@,emp_nombre_administrador=@@@SUPERMERCADO UNICO@@@,emp_direccion_sala=@@@AV. SAN GREGORIO 15@@@,emp_ciudad_sala=@@@NACIMIENTO@@@,emp_utm=40005,emp_telefono_sala=@@@511706@@@,emp_fax_sala=@@@511706@@@,emp_mail_sala=@@@UNICONACIMIENTO@GMAIL.COM@@@,emp_cta_efectivo=@@@0@@@,emp_cta_cheque=@@@0@@@,emp_cta_ventas=@@@0@@@,emp_cta_t_credito=@@@0@@@,emp_cta_t_debito=@@@0@@@,emp_cta_p_acumulados=@@@0@@@,emp_cta_descuento=@@@0@@@,emp_cta_cliente=@@@0@@@,emp_cta_funcionario=@@@0@@@,emp_cta_apoyo=@@@0@@@','',2,'2013-08-09'),(50305,'UPDATE mae_datos_empresa SET emp_entradas_compras=@@@0@@@,emp_entradas_pack=@@@0@@@,emp_entradas_preparados=@@@0@@@,emp_salidas_pi_pack=@@@0@@@,emp_salidas_pi_preparados=@@@0@@@,emp_iva=19,emp_lineas_facturas=18,emp_lineas_guias=18,emp_lineas_nc=@@@12@@@,emp_minimo_nc=@@@500@@@,emp_codigo_ferreteria=0,emp_codigo_cigarrillos=25,emp_path_flejes=@@@C:/Users/Administracion/Documents/flejes@@@,emp_path_balanzas=@@@C:/@@@,emp_path_precios=@@@//secretaria/C/UX60/CORREO@@@,emp_path_ventas=@@@//secretaria/C/UX60@@@,emp_cta_mercaderias=0,emp_cta_iva=0,emp_cta_excento=0,emp_cta_harina=0,emp_cta_especifico=0,emp_cta_carne=0,emp_cta_ila=0,emp_cta_proveedor=0,emp_registradora=3,emp_funcionamiento=0,emp_codigo_queseria=0,emp_codigo_roticeria=3,emp_com=@@@COM1@@@,emp_baudios=@@@9600@@@,emp_total_cajas=3','',2,'2013-08-09'),(50306,'UPDATE mae_productos SET pro_codigo_barra=@@@7806505978577@@@,pro_tipo=@@@0@@@,pro_nombre_producto=@@@CARPETA ESCOLAR CARTULINA COLOR X 18 HJS TORRE@@@,pro_nombre_corto=@@@CARPETA ESCOLAR@@@,med_id=@@@1@@@,emb_id=@@@4@@@,pro_unidades_embalaje=@@@32@@@,dep_id=@@@24 @@@,lin_id=@@@138@@@,mar_id=@@@2403@@@,pro_precio_compra_neto=@@@0@@@,pro_precio_compra_bruto=@@@0@@@,pro_precio_venta=@@@1200@@@,pro_margen_actual=@@@0@@@,pro_oferta=@@@NO@@@,pro_fecha_inicio_oferta=@@@2006.09.07@@@,pro_fecha_termino_oferta=@@@2006.09.07@@@,pro_precio_oferta=@@@0@@@,pro_stock_minimo=@@@6@@@,pro_stock_critico=@@@3@@@,pro_activo=@@@1@@@,pro_unidad=@@@0@@@,pro_precio_compra_bruto=0,pro_margen_actual=0,pro_capacidad=1,pro_funcion_plu=0,pro_flejes=1,pro_iva=1,pro_plu_asociado=0,pro_envase=@@@NO@@@,pro_duracion=0,pro_numero_etiqueta=0 WHERE pro_codigo_plu=@@@761996@@@','',2,'2013-08-09'),(50307,'UPDATE mae_productos SET pro_estado=1 WHERE pro_codigo_plu=761996','',2,'2013-08-09'),(50308,'DELETE FROM mae_impuestos_productos WHERE pro_codigo_plu=@@@761996@@@','',2,'2013-08-09'),(50309,'UPDATE mae_productos SET pro_precio_fiscal=pro_precio_venta WHERE pro_codigo_plu=761996','',2,'2013-08-09'),(50310,'INSERT INTO gne_vale_ferreteria (vfe_id,vfe_fecha,vfe_total,vfe_estado,vfe_entregado,usu_nusuario) VALUES (7620,@@@2013.08.09@@@,1890,1,0,@@@admin@@@)','',2,'2013-08-09'),(50311,'INSERT INTO gne_vale_ferreteria_mov (vfe_id,pro_codigo_plu,vfm_cantidad,vfm_unitario,vfm_total,vfm_entregado) VALUES (7620,761996,1,1200,1200,@@@NO@@@)','',2,'2013-08-09'),(50312,'INSERT INTO gne_vale_ferreteria_mov (vfe_id,pro_codigo_plu,vfm_cantidad,vfm_unitario,vfm_total,vfm_entregado) VALUES (7620,764830,1,690,690,@@@NO@@@)','',2,'2013-08-09'),(50313,'INSERT INTO gne_vale_ferreteria (vfe_id,vfe_fecha,vfe_total,vfe_estado,vfe_entregado,usu_nusuario) VALUES (7621,@@@2013.08.09@@@,290,1,0,@@@admin@@@)','',2,'2013-08-09'),(50314,'INSERT INTO gne_vale_ferreteria_mov (vfe_id,pro_codigo_plu,vfm_cantidad,vfm_unitario,vfm_total,vfm_entregado) VALUES (7621,12161,1,290,290,@@@NO@@@)','',2,'2013-08-09'),(50315,'UPDATE mae_productos SET med_id=7,pro_capacidad=0.2 WHERE pro_codigo_plu=16410','',2,'2013-08-09'),(50316,'UPDATE mae_productos SET med_id=5,pro_capacidad=0.13 WHERE pro_codigo_plu=13283','',2,'2013-08-09'),(50317,'UPDATE mae_productos SET med_id=5,pro_capacidad=0.13 WHERE pro_codigo_plu=101529','',2,'2013-08-09'),(50318,'UPDATE mae_productos SET med_id=5,pro_capacidad=0.12 WHERE pro_codigo_plu=17056','',2,'2013-08-09'),(50319,'UPDATE mae_productos SET med_id=5,pro_capacidad=0.12 WHERE pro_codigo_plu=19111','',2,'2013-08-09'),(50320,'UPDATE mae_productos SET med_id=5,pro_capacidad=0.12 WHERE pro_codigo_plu=19243','',2,'2013-08-09'),(50321,'UPDATE mae_productos SET med_id=5,pro_capacidad=165 WHERE pro_codigo_plu=780721607','',2,'2013-08-09'),(50322,'UPDATE mae_productos SET med_id=5,pro_capacidad=165 WHERE pro_codigo_plu=763334','',2,'2013-08-09'),(50323,'UPDATE mae_productos SET med_id=5,pro_capacidad=125 WHERE pro_codigo_plu=763345','',2,'2013-08-09'),(50324,'UPDATE mae_productos SET med_id=5,pro_capacidad=125 WHERE pro_codigo_plu=763339','',2,'2013-08-09'),(50325,'UPDATE mae_productos SET med_id=5,pro_capacidad=0.11 WHERE pro_codigo_plu=19238','',2,'2013-08-09'),(50326,'UPDATE mae_productos SET med_id=5,pro_capacidad=0.11 WHERE pro_codigo_plu=18877','',2,'2013-08-09'),(50327,'UPDATE mae_productos SET med_id=5,pro_capacidad=0.1 WHERE pro_codigo_plu=12454','',2,'2013-08-09'),(50328,'UPDATE mae_productos SET med_id=5,pro_capacidad=0.11 WHERE pro_codigo_plu=17030','',2,'2013-08-09'),(50329,'UPDATE mae_productos SET med_id=5,pro_capacidad=0.11 WHERE pro_codigo_plu=19240','',2,'2013-08-09'),(50330,'UPDATE mae_productos SET med_id=7,pro_capacidad=200 WHERE pro_codigo_plu=780721341','',2,'2013-08-09'),(50331,'UPDATE mae_productos SET med_id=6,pro_capacidad=0.2 WHERE pro_codigo_plu=16113','',2,'2013-08-09'),(50332,'UPDATE mae_productos SET med_id=7,pro_capacidad=190 WHERE pro_codigo_plu=780721401','',2,'2013-08-09'),(50333,'UPDATE mae_productos SET med_id=6,pro_capacidad=0.2 WHERE pro_codigo_plu=762184','',2,'2013-08-09'),(50334,'UPDATE mae_productos SET med_id=3,pro_capacidad=1 WHERE pro_codigo_plu=16111','',2,'2013-08-09'),(50335,'UPDATE mae_productos SET med_id=6,pro_capacidad=0.2 WHERE pro_codigo_plu=762183','',2,'2013-08-09'),(50336,'UPDATE mae_productos SET med_id=3,pro_capacidad=1 WHERE pro_codigo_plu=16111','',2,'2013-08-09'),(50337,'UPDATE mae_productos SET med_id=6,pro_capacidad=0.2 WHERE pro_codigo_plu=762183','',2,'2013-08-09'),(50338,'UPDATE mae_productos SET med_id=7,pro_capacidad=0.19 WHERE pro_codigo_plu=16230','',2,'2013-08-09'),(50339,'UPDATE mae_productos SET med_id=7,pro_capacidad=0.19 WHERE pro_codigo_plu=16231','',2,'2013-08-09'),(50340,'UPDATE mae_productos SET med_id=3,pro_capacidad=1 WHERE pro_codigo_plu=16004','',2,'2013-08-09'),(50341,'UPDATE mae_productos SET med_id=3,pro_capacidad=1 WHERE pro_codigo_plu=15986','',2,'2013-08-09'),(50342,'UPDATE mae_productos SET med_id=1,pro_capacidad=0.5 WHERE pro_codigo_plu=16118','',2,'2013-08-09'),(50343,'UPDATE mae_productos SET med_id=3,pro_capacidad=1 WHERE pro_codigo_plu=16114','',2,'2013-08-09'),(50344,'UPDATE mae_productos SET med_id=3,pro_capacidad=1 WHERE pro_codigo_plu=15992','',2,'2013-08-09'),(50345,'UPDATE mae_productos SET med_id=6,pro_capacidad=0.2 WHERE pro_codigo_plu=16110','',2,'2013-08-09'),(50346,'UPDATE mae_productos SET med_id=5,pro_capacidad=0.125 WHERE pro_codigo_plu=17023','',2,'2013-08-09'),(50347,'UPDATE mae_productos SET med_id=5,pro_capacidad=125 WHERE pro_codigo_plu=780721400','',2,'2013-08-09'),(50348,'UPDATE mae_productos SET med_id=5,pro_capacidad=250 WHERE pro_codigo_plu=780721403','',2,'2013-08-09'),(50349,'UPDATE mae_productos SET med_id=5,pro_capacidad=0.125 WHERE pro_codigo_plu=16256','',2,'2013-08-09'),(50350,'UPDATE mae_productos SET med_id=5,pro_capacidad=0.25 WHERE pro_codigo_plu=16255','',2,'2013-08-09'),(50351,'UPDATE mae_productos SET med_id=5,pro_capacidad=0.125 WHERE pro_codigo_plu=16371','',2,'2013-08-09'),(50352,'UPDATE mae_productos SET med_id=5,pro_capacidad=0.25 WHERE pro_codigo_plu=16372','',2,'2013-08-09'),(50353,'UPDATE mae_productos SET med_id=5,pro_capacidad=0.25 WHERE pro_codigo_plu=16324','',2,'2013-08-09'),(50354,'UPDATE mae_productos SET med_id=5,pro_capacidad=0.5 WHERE pro_codigo_plu=16380','',2,'2013-08-09'),(50355,'UPDATE mae_productos SET med_id=5,pro_capacidad=0.125 WHERE pro_codigo_plu=16315','',2,'2013-08-09'),(50356,'UPDATE mae_productos SET med_id=5,pro_capacidad=0.25 WHERE pro_codigo_plu=16314','',2,'2013-08-09'),(50357,'UPDATE mae_productos SET med_id=5,pro_capacidad=0.25 WHERE pro_codigo_plu=16313','',2,'2013-08-09'),(50358,'UPDATE mae_productos SET med_id=5,pro_capacidad=0.5 WHERE pro_codigo_plu=16378','',2,'2013-08-09'),(50359,'UPDATE mae_productos SET med_id=5,pro_capacidad=125 WHERE pro_codigo_plu=763340','',2,'2013-08-09'),(50360,'UPDATE mae_productos SET med_id=5,pro_capacidad=125 WHERE pro_codigo_plu=780721287','',2,'2013-08-09'),(50361,'UPDATE mae_productos SET med_id=5,pro_capacidad=125 WHERE pro_codigo_plu=763346','',2,'2013-08-09'),(50362,'UPDATE mae_productos SET med_id=7,pro_capacidad=125 WHERE pro_codigo_plu=780721402','',2,'2013-08-09'),(50363,'UPDATE mae_productos SET med_id=5,pro_capacidad=125 WHERE pro_codigo_plu=780721288','',2,'2013-08-09'),(50364,'UPDATE mae_productos SET med_id=5,pro_capacidad=125 WHERE pro_codigo_plu=780721286','',2,'2013-08-09'),(50365,'UPDATE mae_productos SET med_id=5,pro_capacidad=0.045 WHERE pro_codigo_plu=17018','',2,'2013-08-09'),(50366,'UPDATE mae_productos SET med_id=5,pro_capacidad=0.045 WHERE pro_codigo_plu=17097','',2,'2013-08-09'),(50367,'UPDATE mae_productos SET med_id=5,pro_capacidad=0.045 WHERE pro_codigo_plu=17016','',2,'2013-08-09'),(50368,'UPDATE mae_productos SET med_id=5,pro_capacidad=0.045 WHERE pro_codigo_plu=17014','',2,'2013-08-09'),(50369,'UPDATE mae_productos SET med_id=5,pro_capacidad=0.045 WHERE pro_codigo_plu=17104','',2,'2013-08-09'),(50370,'UPDATE mae_productos SET med_id=5,pro_capacidad=0.14 WHERE pro_codigo_plu=19211','',2,'2013-08-09'),(50371,'UPDATE mae_productos SET med_id=5,pro_capacidad=0.14 WHERE pro_codigo_plu=16999','',2,'2013-08-09'),(50372,'UPDATE mae_productos SET med_id=5,pro_capacidad=0.14 WHERE pro_codigo_plu=19143','',2,'2013-08-09'),(50373,'UPDATE mae_productos SET med_id=5,pro_capacidad=0.16 WHERE pro_codigo_plu=17000','',2,'2013-08-09'),(50374,'UPDATE mae_productos SET med_id=2,pro_capacidad=170 WHERE pro_codigo_plu=780721211','',2,'2013-08-09'),(50375,'UPDATE mae_productos SET med_id=5,pro_capacidad=170 WHERE pro_codigo_plu=780721212','',2,'2013-08-09'),(50376,'UPDATE mae_productos SET med_id=7,pro_capacidad=90 WHERE pro_codigo_plu=78016941','',2,'2013-08-09'),(50377,'UPDATE mae_productos SET med_id=1,pro_capacidad=1 WHERE pro_codigo_plu=78016958','',2,'2013-08-09'),(50378,'UPDATE mae_productos SET med_id=3,pro_capacidad=90 WHERE pro_codigo_plu=78016965','',2,'2013-08-09'),(50379,'UPDATE mae_productos SET med_id=7,pro_capacidad=90 WHERE pro_codigo_plu=763459','',2,'2013-08-09'),(50380,'UPDATE mae_productos SET med_id=7,pro_capacidad=90 WHERE pro_codigo_plu=780721609','',2,'2013-08-09'),(50381,'UPDATE mae_productos SET med_id=5,pro_capacidad=0.125 WHERE pro_codigo_plu=16947','',2,'2013-08-09'),(50382,'UPDATE mae_productos SET med_id=5,pro_capacidad=0.125 WHERE pro_codigo_plu=16672','',2,'2013-08-09'),(50383,'UPDATE mae_productos SET med_id=5,pro_capacidad=0.125 WHERE pro_codigo_plu=16952','',2,'2013-08-09'),(50384,'UPDATE mae_productos SET med_id=5,pro_capacidad=0.125 WHERE pro_codigo_plu=16951','',2,'2013-08-09'),(50385,'UPDATE mae_productos SET med_id=2,pro_capacidad=0.14 WHERE pro_codigo_plu=16821','',2,'2013-08-09'),(50386,'UPDATE mae_productos SET med_id=2,pro_capacidad=0.14 WHERE pro_codigo_plu=16820','',2,'2013-08-09'),(50387,'UPDATE mae_productos SET med_id=5,pro_capacidad=0.175 WHERE pro_codigo_plu=761918','',2,'2013-08-09'),(50388,'UPDATE mae_productos SET med_id=5,pro_capacidad=0.175 WHERE pro_codigo_plu=761919','',2,'2013-08-09'),(50389,'UPDATE mae_productos SET med_id=2,pro_capacidad=1 WHERE pro_codigo_plu=16480','',2,'2013-08-09'),(50390,'UPDATE mae_productos SET med_id=2,pro_capacidad=1 WHERE pro_codigo_plu=16477','',2,'2013-08-09'),(50391,'UPDATE mae_productos SET med_id=2,pro_capacidad=1 WHERE pro_codigo_plu=16938','',2,'2013-08-09'),(50392,'UPDATE mae_productos SET med_id=2,pro_capacidad=1 WHERE pro_codigo_plu=16937','',2,'2013-08-09'),(50393,'UPDATE mae_productos SET med_id=5,pro_capacidad=0.17 WHERE pro_codigo_plu=101240','',2,'2013-08-09'),(50394,'UPDATE mae_productos SET med_id=5,pro_capacidad=125 WHERE pro_codigo_plu=780721376','',2,'2013-08-09'),(50395,'UPDATE mae_productos SET med_id=5,pro_capacidad=0.165 WHERE pro_codigo_plu=16495','',2,'2013-08-09'),(50396,'UPDATE mae_productos SET med_id=5,pro_capacidad=0.165 WHERE pro_codigo_plu=16494','',2,'2013-08-09'),(50397,'UPDATE mae_productos SET med_id=5,pro_capacidad=0.125 WHERE pro_codigo_plu=101942','',2,'2013-08-09'),(50398,'UPDATE mae_productos SET med_id=5,pro_capacidad=0.125 WHERE pro_codigo_plu=101943','',2,'2013-08-09'),(50399,'UPDATE mae_productos SET med_id=1,pro_capacidad=0.175 WHERE pro_codigo_plu=16532','',2,'2013-08-09'),(50400,'UPDATE mae_productos SET med_id=1,pro_capacidad=0.175 WHERE pro_codigo_plu=16531','',2,'2013-08-09'),(50401,'UPDATE mae_productos SET med_id=1,pro_capacidad=0.175 WHERE pro_codigo_plu=16529','',2,'2013-08-09'),(50402,'UPDATE mae_productos SET med_id=1,pro_capacidad=0.175 WHERE pro_codigo_plu=16528','',2,'2013-08-09'),(50403,'UPDATE mae_productos SET med_id=1,pro_capacidad=0.175 WHERE pro_codigo_plu=16526','',2,'2013-08-09'),(50404,'UPDATE mae_productos SET med_id=1,pro_capacidad=0.175 WHERE pro_codigo_plu=16524','',2,'2013-08-09'),(50405,'UPDATE mae_productos SET med_id=2,pro_capacidad=0.165 WHERE pro_codigo_plu=16514','',2,'2013-08-09'),(50406,'UPDATE mae_productos SET med_id=5,pro_capacidad=0.165 WHERE pro_codigo_plu=16513','',2,'2013-08-09'),(50407,'UPDATE mae_productos SET med_id=5,pro_capacidad=120 WHERE pro_codigo_plu=780721612','',2,'2013-08-09'),(50408,'UPDATE mae_productos SET med_id=5,pro_capacidad=125 WHERE pro_codigo_plu=780721343','',2,'2013-08-09'),(50409,'UPDATE mae_productos SET med_id=5,pro_capacidad=120 WHERE pro_codigo_plu=780721608','',2,'2013-08-09'),(50410,'UPDATE mae_productos SET med_id=5,pro_capacidad=170 WHERE pro_codigo_plu=780721375','',2,'2013-08-09'),(50411,'UPDATE mae_productos SET med_id=2,pro_capacidad=0.2 WHERE pro_codigo_plu=761596','',2,'2013-08-09'),(50412,'UPDATE mae_productos SET med_id=5,pro_capacidad=0.1 WHERE pro_codigo_plu=16995','',2,'2013-08-09'),(50413,'UPDATE mae_productos SET med_id=5,pro_capacidad=0.1 WHERE pro_codigo_plu=16994','',2,'2013-08-09'),(50414,'UPDATE mae_productos SET med_id=1,pro_capacidad=1 WHERE pro_codigo_plu=386','',2,'2013-08-09'),(50415,'UPDATE mae_productos SET med_id=2,pro_capacidad=2 WHERE pro_codigo_plu=403','',2,'2013-08-09'),(50416,'UPDATE mae_productos SET med_id=1,pro_capacidad=1 WHERE pro_codigo_plu=385','',2,'2013-08-09'),(50417,'UPDATE mae_productos SET med_id=1,pro_capacidad=1 WHERE pro_codigo_plu=385','',2,'2013-08-09'),(50418,'INSERT INTO gne_vale_ferreteria (vfe_id,vfe_fecha,vfe_total,vfe_estado,vfe_entregado,usu_nusuario) VALUES (7622,@@@2013.08.09@@@,1450,1,0,@@@G_DIAZ@@@)','',2,'2013-08-09'),(50419,'INSERT INTO gne_vale_ferreteria_mov (vfe_id,pro_codigo_plu,vfm_cantidad,vfm_unitario,vfm_total,vfm_entregado) VALUES (7622,780721082,1,1450,1450,@@@NO@@@)','',2,'2013-08-09'),(50420,'INSERT INTO gne_vale_ferreteria (vfe_id,vfe_fecha,vfe_total,vfe_estado,vfe_entregado,usu_nusuario) VALUES (7623,@@@2013.08.09@@@,790,1,0,@@@G_DIAZ@@@)','',2,'2013-08-09'),(50421,'INSERT INTO gne_vale_ferreteria_mov (vfe_id,pro_codigo_plu,vfm_cantidad,vfm_unitario,vfm_total,vfm_entregado) VALUES (7623,101454,1,790,790,@@@NO@@@)','',2,'2013-08-09'),(50422,'INSERT INTO gne_vale_ferreteria (vfe_id,vfe_fecha,vfe_total,vfe_estado,vfe_entregado,usu_nusuario) VALUES (7624,@@@2013.08.09@@@,1890,1,0,@@@G_DIAZ@@@)','',2,'2013-08-09'),(50423,'INSERT INTO gne_vale_ferreteria_mov (vfe_id,pro_codigo_plu,vfm_cantidad,vfm_unitario,vfm_total,vfm_entregado) VALUES (7624,763609,1,1890,1890,@@@NO@@@)','',2,'2013-08-09'),(50424,'UPDATE mae_productos SET med_id=3,pro_capacidad=1 WHERE pro_codigo_plu=16185','',2,'2013-08-09'),(50425,'UPDATE mae_productos SET med_id=3,pro_capacidad=1 WHERE pro_codigo_plu=16076','',2,'2013-08-09'),(50426,'UPDATE mae_productos SET med_id=5,pro_capacidad=125 WHERE pro_codigo_plu=780721223','',2,'2013-08-09'),(50427,'UPDATE mae_productos SET med_id=5,pro_capacidad=125 WHERE pro_codigo_plu=780721224','',2,'2013-08-09'),(50428,'UPDATE mae_productos SET med_id=5,pro_capacidad=0.125 WHERE pro_codigo_plu=16605','',2,'2013-08-09'),(50429,'UPDATE mae_productos SET med_id=5,pro_capacidad=0.125 WHERE pro_codigo_plu=16606','',2,'2013-08-09'),(50430,'UPDATE mae_productos SET med_id=5,pro_capacidad=0.125 WHERE pro_codigo_plu=16588','',2,'2013-08-09'),(50431,'UPDATE mae_productos SET med_id=7,pro_capacidad=80 WHERE pro_codigo_plu=780721225','',2,'2013-08-09'),(50432,'UPDATE mae_productos SET med_id=5,pro_capacidad=0.13 WHERE pro_codigo_plu=17069','',2,'2013-08-09'),(50433,'UPDATE mae_productos SET med_id=5,pro_capacidad=0.13 WHERE pro_codigo_plu=17072','',2,'2013-08-09'),(50434,'UPDATE mae_productos SET med_id=5,pro_capacidad=0.13 WHERE pro_codigo_plu=17068','',2,'2013-08-09'),(50435,'UPDATE mae_productos SET med_id=1,pro_capacidad=120 WHERE pro_codigo_plu=780721226','',2,'2013-08-09'),(50436,'UPDATE mae_productos SET med_id=5,pro_capacidad=0.142 WHERE pro_codigo_plu=762719','',2,'2013-08-09'),(50437,'UPDATE mae_productos SET med_id=5,pro_capacidad=131 WHERE pro_codigo_plu=780220178','',2,'2013-08-09'),(50438,'UPDATE mae_productos SET med_id=5,pro_capacidad=0.142 WHERE pro_codigo_plu=762721','',2,'2013-08-09'),(50439,'UPDATE mae_productos SET med_id=5,pro_capacidad=0.12 WHERE pro_codigo_plu=16923','',2,'2013-08-09'),(50440,'UPDATE mae_productos SET med_id=5,pro_capacidad=120 WHERE pro_codigo_plu=780721183','',2,'2013-08-09'),(50441,'UPDATE mae_productos SET med_id=5,pro_capacidad=120 WHERE pro_codigo_plu=763580','',2,'2013-08-09'),(50442,'UPDATE mae_productos SET med_id=1,pro_capacidad=0.12 WHERE pro_codigo_plu=17037','',2,'2013-08-09'),(50443,'UPDATE mae_productos SET med_id=1,pro_capacidad=0.12 WHERE pro_codigo_plu=17040','',2,'2013-08-09'),(50444,'UPDATE mae_productos SET med_id=5,pro_capacidad=120 WHERE pro_codigo_plu=78017065','',2,'2013-08-09'),(50445,'UPDATE mae_productos SET med_id=1,pro_capacidad=0.045 WHERE pro_codigo_plu=16697','',2,'2013-08-09'),(50446,'UPDATE mae_productos SET med_id=5,pro_capacidad=0.157 WHERE pro_codigo_plu=19153','',2,'2013-08-09'),(50447,'UPDATE mae_productos SET med_id=5,pro_capacidad=0.236 WHERE pro_codigo_plu=14422','',2,'2013-08-09'),(50448,'UPDATE mae_productos SET med_id=6,pro_capacidad=0.2 WHERE pro_codigo_plu=16402','',2,'2013-08-09'),(50449,'UPDATE mae_productos SET med_id=1,pro_capacidad=1 WHERE pro_codigo_plu=15990','',2,'2013-08-09'),(50450,'UPDATE mae_productos SET med_id=5,pro_capacidad=0.397 WHERE pro_codigo_plu=14394','',2,'2013-08-09'),(50451,'UPDATE mae_productos SET med_id=1,pro_capacidad=1 WHERE pro_codigo_plu=78017066','',2,'2013-08-09'),(50452,'UPDATE mae_productos SET med_id=3,pro_capacidad=0.138 WHERE pro_codigo_plu=16691','',2,'2013-08-09'),(50453,'UPDATE mae_productos SET med_id=5,pro_capacidad=0.12 WHERE pro_codigo_plu=16919','',2,'2013-08-09'),(50454,'UPDATE mae_productos SET med_id=5,pro_capacidad=0.125 WHERE pro_codigo_plu=12140','',2,'2013-08-09'),(50455,'UPDATE mae_productos SET med_id=1,pro_capacidad=1 WHERE pro_codigo_plu=12135','',2,'2013-08-09'),(50456,'UPDATE mae_productos SET med_id=5,pro_capacidad=135 WHERE pro_codigo_plu=764337','',2,'2013-08-09'),(50457,'UPDATE mae_productos SET med_id=1,pro_capacidad=0.12 WHERE pro_codigo_plu=17011','',2,'2013-08-09'),(50458,'UPDATE mae_productos SET med_id=1,pro_capacidad=0.12 WHERE pro_codigo_plu=17066','',2,'2013-08-09'),(50459,'UPDATE mae_productos SET med_id=1,pro_capacidad=0.12 WHERE pro_codigo_plu=17067','',2,'2013-08-09'),(50460,'UPDATE mae_productos SET med_id=1,pro_capacidad=0.2 WHERE pro_codigo_plu=16066','',2,'2013-08-09'),(50461,'UPDATE mae_productos SET med_id=5,pro_capacidad=0.125 WHERE pro_codigo_plu=16593','',2,'2013-08-09'),(50462,'UPDATE mae_productos SET med_id=1,pro_capacidad=0.12 WHERE pro_codigo_plu=17039','',2,'2013-08-09'),(50463,'UPDATE mae_productos SET med_id=7,pro_capacidad=80 WHERE pro_codigo_plu=763928','',2,'2013-08-09'),(50464,'UPDATE mae_productos SET med_id=7,pro_capacidad=190 WHERE pro_codigo_plu=763941','',2,'2013-08-09'),(50465,'UPDATE mae_productos SET med_id=1,pro_capacidad=0.27 WHERE pro_codigo_plu=15065','',2,'2013-08-09'),(50466,'UPDATE mae_productos SET med_id=6,pro_capacidad=210 WHERE pro_codigo_plu=762948','',2,'2013-08-09'),(50467,'UPDATE mae_productos SET med_id=3,pro_capacidad=25 WHERE pro_codigo_plu=763558','',2,'2013-08-09'),(50468,'UPDATE mae_productos SET med_id=7,pro_capacidad=0.2 WHERE pro_codigo_plu=16228','',2,'2013-08-09'),(50469,'UPDATE mae_productos SET med_id=2,pro_capacidad=3 WHERE pro_codigo_plu=761721','',2,'2013-08-09'),(50470,'UPDATE mae_productos SET med_id=1,pro_capacidad=1 WHERE pro_codigo_plu=707','',2,'2013-08-09'),(50471,'UPDATE mae_productos SET med_id=1,pro_capacidad=1 WHERE pro_codigo_plu=706','',2,'2013-08-09'),(50472,'UPDATE mae_productos SET med_id=3,pro_capacidad=1 WHERE pro_codigo_plu=262545','',2,'2013-08-09'),(50473,'UPDATE mae_productos SET med_id=6,pro_capacidad=1 WHERE pro_codigo_plu=19383','',2,'2013-08-09'),(50474,'UPDATE mae_productos SET med_id=6,pro_capacidad=1 WHERE pro_codigo_plu=19439','',2,'2013-08-09'),(50475,'UPDATE mae_productos SET med_id=7,pro_capacidad=190 WHERE pro_codigo_plu=763939','',2,'2013-08-09'),(50476,'UPDATE mae_productos SET med_id=7,pro_capacidad=70 WHERE pro_codigo_plu=763929','',2,'2013-08-09'),(50477,'UPDATE mae_productos SET med_id=3,pro_capacidad=1 WHERE pro_codigo_plu=763567','',2,'2013-08-09'),(50478,'UPDATE mae_productos SET med_id=6,pro_capacidad=1 WHERE pro_codigo_plu=19595','',2,'2013-08-09'),(50479,'UPDATE mae_productos SET med_id=3,pro_capacidad=25 WHERE pro_codigo_plu=763556','',2,'2013-08-09'),(50480,'UPDATE mae_productos SET med_id=3,pro_capacidad=1 WHERE pro_codigo_plu=763559','',2,'2013-08-09'),(50481,'UPDATE mae_productos SET med_id=6,pro_capacidad=1 WHERE pro_codigo_plu=19384','',2,'2013-08-09'),(50482,'UPDATE mae_productos SET med_id=6,pro_capacidad=1 WHERE pro_codigo_plu=19385','',2,'2013-08-09'),(50483,'UPDATE mae_productos SET med_id=1,pro_capacidad=0.2 WHERE pro_codigo_plu=16088','',2,'2013-08-09'),(50484,'UPDATE mae_productos SET med_id=5,pro_capacidad=0.12 WHERE pro_codigo_plu=1453','',2,'2013-08-09'),(50485,'UPDATE mae_productos SET med_id=1,pro_capacidad=1 WHERE pro_codigo_plu=780721173','',2,'2013-08-09'),(50486,'UPDATE mae_productos SET med_id=6,pro_capacidad=1 WHERE pro_codigo_plu=19390','',2,'2013-08-09'),(50487,'UPDATE mae_productos SET med_id=6,pro_capacidad=1 WHERE pro_codigo_plu=19391','',2,'2013-08-09'),(50488,'UPDATE mae_productos SET med_id=2,pro_capacidad=1 WHERE pro_codigo_plu=19783','',2,'2013-08-09'),(50489,'UPDATE mae_productos SET med_id=7,pro_capacidad=85 WHERE pro_codigo_plu=763926','',2,'2013-08-09'),(50490,'UPDATE mae_productos SET med_id=7,pro_capacidad=50 WHERE pro_codigo_plu=763931','',2,'2013-08-09'),(50491,'UPDATE mae_productos SET med_id=7,pro_capacidad=70 WHERE pro_codigo_plu=763936','',2,'2013-08-09'),(50492,'UPDATE mae_productos SET med_id=3,pro_capacidad=25 WHERE pro_codigo_plu=763557','',2,'2013-08-09'),(50493,'UPDATE mae_productos SET med_id=7,pro_capacidad=85 WHERE pro_codigo_plu=763925','',2,'2013-08-09'),(50494,'UPDATE mae_productos SET med_id=3,pro_capacidad=25 WHERE pro_codigo_plu=763568','',2,'2013-08-09'),(50495,'UPDATE mae_productos SET med_id=1,pro_capacidad=1 WHERE pro_codigo_plu=711','',2,'2013-08-09'),(50496,'UPDATE mae_productos SET med_id=1,pro_capacidad=1 WHERE pro_codigo_plu=702','',2,'2013-08-09'),(50497,'UPDATE mae_productos SET med_id=1,pro_capacidad=0.045 WHERE pro_codigo_plu=16698','',2,'2013-08-09'),(50498,'UPDATE mae_productos SET med_id=5,pro_capacidad=120 WHERE pro_codigo_plu=780721533','',2,'2013-08-09'),(50499,'UPDATE mae_productos SET med_id=5,pro_capacidad=0.125 WHERE pro_codigo_plu=12141','',2,'2013-08-09'),(50500,'UPDATE mae_productos SET med_id=5,pro_capacidad=35 WHERE pro_codigo_plu=780721182','',2,'2013-08-09'),(50501,'UPDATE mae_productos SET med_id=6,pro_capacidad=1 WHERE pro_codigo_plu=19602','',2,'2013-08-09'),(50502,'UPDATE mae_productos SET med_id=7,pro_capacidad=90 WHERE pro_codigo_plu=763921','',2,'2013-08-09'),(50503,'INSERT INTO gne_vale_ferreteria (vfe_id,vfe_fecha,vfe_total,vfe_estado,vfe_entregado,usu_nusuario) VALUES (7625,@@@2013.08.09@@@,540,1,0,@@@G_DIAZ@@@)','',2,'2013-08-09'),(50504,'INSERT INTO gne_vale_ferreteria_mov (vfe_id,pro_codigo_plu,vfm_cantidad,vfm_unitario,vfm_total,vfm_entregado) VALUES (7625,764242,1,490,490,@@@NO@@@)','',2,'2013-08-09'),(50505,'INSERT INTO gne_vale_ferreteria_mov (vfe_id,pro_codigo_plu,vfm_cantidad,vfm_unitario,vfm_total,vfm_entregado) VALUES (7625,1545,1,50,50,@@@NO@@@)','',2,'2013-08-09'),(50506,'INSERT INTO gne_vale_ferreteria (vfe_id,vfe_fecha,vfe_total,vfe_estado,vfe_entregado,usu_nusuario) VALUES (7626,@@@2013.08.09@@@,350,1,0,@@@G_DIAZ@@@)','',2,'2013-08-09'),(50507,'INSERT INTO gne_vale_ferreteria_mov (vfe_id,pro_codigo_plu,vfm_cantidad,vfm_unitario,vfm_total,vfm_entregado) VALUES (7626,764832,1,150,150,@@@NO@@@)','',2,'2013-08-09'),(50508,'INSERT INTO gne_vale_ferreteria_mov (vfe_id,pro_codigo_plu,vfm_cantidad,vfm_unitario,vfm_total,vfm_entregado) VALUES (7626,765072,1,200,200,@@@NO@@@)','',2,'2013-08-09'),(50509,'INSERT INTO gne_vale_ferreteria (vfe_id,vfe_fecha,vfe_total,vfe_estado,vfe_entregado,usu_nusuario) VALUES (7627,@@@2013.08.09@@@,4370,1,0,@@@G_DIAZ@@@)','',2,'2013-08-09'),(50510,'INSERT INTO gne_vale_ferreteria_mov (vfe_id,pro_codigo_plu,vfm_cantidad,vfm_unitario,vfm_total,vfm_entregado) VALUES (7627,764842,1,1000,1000,@@@NO@@@)','',2,'2013-08-09'),(50511,'INSERT INTO gne_vale_ferreteria_mov (vfe_id,pro_codigo_plu,vfm_cantidad,vfm_unitario,vfm_total,vfm_entregado) VALUES (7627,780721623,2,1390,2780,@@@NO@@@)','',2,'2013-08-09'),(50512,'INSERT INTO gne_vale_ferreteria_mov (vfe_id,pro_codigo_plu,vfm_cantidad,vfm_unitario,vfm_total,vfm_entregado) VALUES (7627,1555,1,590,590,@@@NO@@@)','',2,'2013-08-09'),(50513,'INSERT INTO mae_productos (pro_codigo_plu,pro_codigo_barra,pro_tipo,pro_nombre_producto,pro_nombre_corto,med_id,emb_id,pro_unidades_embalaje,dep_id,lin_id,mar_id,pro_precio_compra_neto,pro_precio_compra_bruto,pro_precio_venta,pro_margen_actual,pro_oferta,pro_fecha_inicio_oferta,pro_fecha_termino_oferta,pro_precio_oferta,pro_stock_minimo,pro_stock_critico,pro_entradas_bodega,pro_salidas_bodega,pro_mermas_bodega,pro_ajustes_bodega,pro_entradas_sv,pro_salidas_sv,pro_mermas_sv,pro_ajustes_sv,pro_activo,rec_numero,pro_unidad,pro_capacidad,pro_consumo_bodega,pro_consumo_sv,pro_estado,pro_funcion_plu,pro_flejes,pro_iva,pro_plu_asociado,pro_envase,pro_duracion,pro_numero_etiqueta) VALUES (780153400,@@@7801534001920@@@,@@@0@@@,@@@DURAZNO CUBITOS DEYCO 570 GR.@@@,@@@DURAZNO CUBITOS @@@,@@@5 @@@,@@@6 @@@,@@@24@@@,@@@1 @@@,@@@19@@@,@@@1257@@@,@@@0@@@,@@@710@@@,@@@930@@@,@@@30.99@@@,@@@@@@,@@@2006.09.07@@@,@@@2006.09.07@@@,@@@0@@@,@@@3@@@,@@@2@@@,@@@0@@@,@@@0@@@,@@@0@@@,@@@0@@@,@@@0@@@,@@@0@@@,@@@0@@@,@@@0@@@,@@@1@@@,@@@0@@@,0,570,0,0,2,0,1,1,0,@@@NO@@@,0,0)','',2,'2013-08-09'),(50514,'DELETE FROM mae_impuestos_productos WHERE pro_codigo_plu=@@@780153400@@@','',2,'2013-08-09'),(50515,'INSERT INTO mae_productos (pro_codigo_plu,pro_codigo_barra,pro_tipo,pro_nombre_producto,pro_nombre_corto,med_id,emb_id,pro_unidades_embalaje,dep_id,lin_id,mar_id,pro_precio_compra_neto,pro_precio_compra_bruto,pro_precio_venta,pro_margen_actual,pro_oferta,pro_fecha_inicio_oferta,pro_fecha_termino_oferta,pro_precio_oferta,pro_stock_minimo,pro_stock_critico,pro_entradas_bodega,pro_salidas_bodega,pro_mermas_bodega,pro_ajustes_bodega,pro_entradas_sv,pro_salidas_sv,pro_mermas_sv,pro_ajustes_sv,pro_activo,rec_numero,pro_unidad,pro_capacidad,pro_consumo_bodega,pro_consumo_sv,pro_estado,pro_funcion_plu,pro_flejes,pro_iva,pro_plu_asociado,pro_envase,pro_duracion,pro_numero_etiqueta) VALUES (780721631,@@@7801534001500@@@,@@@0@@@,@@@DURAZNO MITADES DEYCO 570 GR.@@@,@@@DURAZNO MITADES @@@,@@@5 @@@,@@@6 @@@,@@@24@@@,@@@1 @@@,@@@19@@@,@@@1257@@@,@@@0@@@,@@@604@@@,@@@990@@@,@@@63.91@@@,@@@@@@,@@@2006.09.07@@@,@@@2006.09.07@@@,@@@0@@@,@@@5@@@,@@@3@@@,@@@0@@@,@@@0@@@,@@@0@@@,@@@0@@@,@@@0@@@,@@@0@@@,@@@0@@@,@@@0@@@,@@@1@@@,@@@0@@@,0,570,0,0,2,0,1,1,0,@@@NO@@@,0,0)','',2,'2013-08-09'),(50516,'DELETE FROM mae_impuestos_productos WHERE pro_codigo_plu=@@@780721631@@@','',2,'2013-08-09'),(50517,'INSERT INTO gne_vale_ferreteria (vfe_id,vfe_fecha,vfe_total,vfe_estado,vfe_entregado,usu_nusuario) VALUES (7628,@@@2013.08.09@@@,2130,1,0,@@@G_DIAZ@@@)','',2,'2013-08-09'),(50518,'INSERT INTO gne_vale_ferreteria_mov (vfe_id,pro_codigo_plu,vfm_cantidad,vfm_unitario,vfm_total,vfm_entregado) VALUES (7628,18530,1,2130,2130,@@@NO@@@)','',2,'2013-08-09'),(50519,'INSERT INTO gne_vale_ferreteria (vfe_id,vfe_fecha,vfe_total,vfe_estado,vfe_entregado,usu_nusuario) VALUES (7629,@@@2013.08.09@@@,420,1,0,@@@G_DIAZ@@@)','',2,'2013-08-09'),(50520,'INSERT INTO gne_vale_ferreteria_mov (vfe_id,pro_codigo_plu,vfm_cantidad,vfm_unitario,vfm_total,vfm_entregado) VALUES (7629,763587,1,420,420,@@@NO@@@)','',2,'2013-08-09'),(50521,'UPDATE mae_productos SET pro_precio_venta=850,pro_margen_actual=30.57, pro_precio_compra_bruto=651, pro_precio_compra_neto=547.058823529412 WHERE pro_codigo_plu=780153400','',2,'2013-08-09'),(50522,'UPDATE mae_productos SET pro_precio_venta=799,pro_margen_actual=31.2, pro_precio_compra_bruto=609, pro_precio_compra_neto=511.764705882353 WHERE pro_codigo_plu=780721631','',2,'2013-08-09'),(50523,'INSERT INTO gne_vale_ferreteria (vfe_id,vfe_fecha,vfe_total,vfe_estado,vfe_entregado,usu_nusuario) VALUES (7630,@@@2013.08.09@@@,1890,1,0,@@@G_DIAZ@@@)','',2,'2013-08-09'),(50524,'INSERT INTO gne_vale_ferreteria_mov (vfe_id,pro_codigo_plu,vfm_cantidad,vfm_unitario,vfm_total,vfm_entregado) VALUES (7630,101624,1,1890,1890,@@@NO@@@)','',2,'2013-08-09'),(50525,'UPDATE mae_productos SET pro_precio_fiscal=pro_precio_venta WHERE pro_codigo_plu=7500876','',2,'2013-08-09'),(50526,'UPDATE mae_productos SET pro_precio_fiscal=pro_precio_venta WHERE pro_codigo_plu=780721631','',2,'2013-08-09'),(50527,'UPDATE mae_productos SET pro_precio_fiscal=pro_precio_venta WHERE pro_codigo_plu=780153400','',2,'2013-08-09'),(50528,'UPDATE mae_productos SET pro_margen_actual=0,pro_precio_venta=1990 WHERE pro_codigo_plu=780721615','',2,'2013-08-09'),(50529,'INSERT INTO gne_vale_ferreteria (vfe_id,vfe_fecha,vfe_total,vfe_estado,vfe_entregado,usu_nusuario) VALUES (7631,@@@2013.08.09@@@,1740,1,0,@@@G_DIAZ@@@)','',2,'2013-08-09'),(50530,'INSERT INTO gne_vale_ferreteria_mov (vfe_id,pro_codigo_plu,vfm_cantidad,vfm_unitario,vfm_total,vfm_entregado) VALUES (7631,78017112,2,120,240,@@@NO@@@)','',2,'2013-08-09'),(50531,'INSERT INTO gne_vale_ferreteria_mov (vfe_id,pro_codigo_plu,vfm_cantidad,vfm_unitario,vfm_total,vfm_entregado) VALUES (7631,770000,30,50,1500,@@@NO@@@)','',2,'2013-08-09'),(50532,'UPDATE mae_productos SET pro_precio_compra_bruto=1000,pro_margen_actual=(pro_precio_venta-1000)/1000 * 100,pro_ultima_compra=@@@2013.08.09@@@,pro_ultimo_proveedor=@@@76717550-7@@@ WHERE pro_codigo_plu=383','',2,'2013-08-09'),(50533,'UPDATE mae_productos SET pro_precio_compra_bruto=651,pro_margen_actual=(pro_precio_venta-651)/651 * 100,pro_ultima_compra=@@@2013.08.09@@@,pro_ultimo_proveedor=@@@78752470-2@@@ WHERE pro_codigo_plu=780153400','',2,'2013-08-09'),(50534,'UPDATE mae_productos SET pro_precio_compra_bruto=609,pro_margen_actual=(pro_precio_venta-609)/609 * 100,pro_ultima_compra=@@@2013.08.09@@@,pro_ultimo_proveedor=@@@78752470-2@@@ WHERE pro_codigo_plu=780721631','',2,'2013-08-09'),(50535,'UPDATE mae_productos SET pro_precio_compra_bruto=1450,pro_margen_actual=(pro_precio_venta-1450)/1450 * 100,pro_ultima_compra=@@@2013.08.09@@@,pro_ultimo_proveedor=@@@18279548-8@@@ WHERE pro_codigo_plu=7500891','',2,'2013-08-09'),(50536,'UPDATE mae_productos SET pro_precio_compra_bruto=1850,pro_margen_actual=(pro_precio_venta-1850)/1850 * 100,pro_ultima_compra=@@@2013.08.09@@@,pro_ultimo_proveedor=@@@18279548-8@@@ WHERE pro_codigo_plu=7500890','',2,'2013-08-09'),(50537,'UPDATE mae_productos SET pro_precio_compra_bruto=1750,pro_margen_actual=(pro_precio_venta-1750)/1750 * 100,pro_ultima_compra=@@@2013.08.09@@@,pro_ultimo_proveedor=@@@18279548-8@@@ WHERE pro_codigo_plu=7500889','',2,'2013-08-09'),(50538,'UPDATE mae_productos SET pro_precio_compra_bruto=120,pro_margen_actual=(pro_precio_venta-120)/120 * 100,pro_ultima_compra=@@@2013.08.09@@@,pro_ultimo_proveedor=@@@18279548-8@@@ WHERE pro_codigo_plu=7500888','',2,'2013-08-09'),(50539,'UPDATE mae_productos SET pro_precio_compra_bruto=550,pro_margen_actual=(pro_precio_venta-550)/550 * 100,pro_ultima_compra=@@@2013.08.09@@@,pro_ultimo_proveedor=@@@18279548-8@@@ WHERE pro_codigo_plu=780721629','',2,'2013-08-09'),(50540,'UPDATE mae_productos SET pro_precio_compra_bruto=550,pro_margen_actual=(pro_precio_venta-550)/550 * 100,pro_ultima_compra=@@@2013.08.09@@@,pro_ultimo_proveedor=@@@18279548-8@@@ WHERE pro_codigo_plu=764043','',2,'2013-08-09'),(50541,'UPDATE mae_productos SET pro_precio_compra_bruto=25,pro_margen_actual=(pro_precio_venta-25)/25 * 100,pro_ultima_compra=@@@2013.08.09@@@,pro_ultimo_proveedor=@@@18279548-8@@@ WHERE pro_codigo_plu=4098','',2,'2013-08-09'),(50542,'UPDATE mae_productos SET pro_precio_compra_bruto=50,pro_margen_actual=(pro_precio_venta-50)/50 * 100,pro_ultima_compra=@@@2013.08.09@@@,pro_ultimo_proveedor=@@@18279548-8@@@ WHERE pro_codigo_plu=7500886','',2,'2013-08-09'),(50543,'UPDATE mae_productos SET pro_precio_compra_bruto=600,pro_margen_actual=(pro_precio_venta-600)/600 * 100,pro_ultima_compra=@@@2013.08.09@@@,pro_ultimo_proveedor=@@@18279548-8@@@ WHERE pro_codigo_plu=7500887','',2,'2013-08-09'),(50544,'INSERT INTO gne_vale_ferreteria (vfe_id,vfe_fecha,vfe_total,vfe_estado,vfe_entregado,usu_nusuario) VALUES (7632,@@@2013.08.09@@@,400,1,0,@@@G_DIAZ@@@)','',2,'2013-08-09'),(50545,'INSERT INTO gne_vale_ferreteria_mov (vfe_id,pro_codigo_plu,vfm_cantidad,vfm_unitario,vfm_total,vfm_entregado) VALUES (7632,78017014,1,200,200,@@@NO@@@)','',2,'2013-08-09'),(50546,'INSERT INTO gne_vale_ferreteria_mov (vfe_id,pro_codigo_plu,vfm_cantidad,vfm_unitario,vfm_total,vfm_entregado) VALUES (7632,780721352,1,200,200,@@@NO@@@)','',2,'2013-08-09'),(50547,'INSERT INTO gne_vale_ferreteria (vfe_id,vfe_fecha,vfe_total,vfe_estado,vfe_entregado,usu_nusuario) VALUES (7633,@@@2013.08.09@@@,1890,1,0,@@@G_DIAZ@@@)','',2,'2013-08-09'),(50548,'INSERT INTO gne_vale_ferreteria_mov (vfe_id,pro_codigo_plu,vfm_cantidad,vfm_unitario,vfm_total,vfm_entregado) VALUES (7633,7500879,1,1890,1890,@@@NO@@@)','',2,'2013-08-09'),(50549,'INSERT INTO gne_vale_ferreteria (vfe_id,vfe_fecha,vfe_total,vfe_estado,vfe_entregado,usu_nusuario) VALUES (7634,@@@2013.08.09@@@,620,1,0,@@@G_DIAZ@@@)','',2,'2013-08-09'),(50550,'INSERT INTO gne_vale_ferreteria_mov (vfe_id,pro_codigo_plu,vfm_cantidad,vfm_unitario,vfm_total,vfm_entregado) VALUES (7634,11378,1,620,620,@@@NO@@@)','',2,'2013-08-09'),(50551,'INSERT INTO gne_vale_ferreteria (vfe_id,vfe_fecha,vfe_total,vfe_estado,vfe_entregado,usu_nusuario) VALUES (7635,@@@2013.08.09@@@,1100,1,0,@@@G_DIAZ@@@)','',2,'2013-08-09'),(50552,'INSERT INTO gne_vale_ferreteria_mov (vfe_id,pro_codigo_plu,vfm_cantidad,vfm_unitario,vfm_total,vfm_entregado) VALUES (7635,763908,1,1100,1100,@@@NO@@@)','',2,'2013-08-09'),(50553,'INSERT INTO gne_vale_ferreteria (vfe_id,vfe_fecha,vfe_total,vfe_estado,vfe_entregado,usu_nusuario) VALUES (7636,@@@2013.08.09@@@,1690,1,0,@@@G_DIAZ@@@)','',2,'2013-08-09'),(50554,'INSERT INTO gne_vale_ferreteria_mov (vfe_id,pro_codigo_plu,vfm_cantidad,vfm_unitario,vfm_total,vfm_entregado) VALUES (7636,780721316,1,1690,1690,@@@NO@@@)','',2,'2013-08-09'),(50555,'INSERT INTO gne_vale_ferreteria (vfe_id,vfe_fecha,vfe_total,vfe_estado,vfe_entregado,usu_nusuario) VALUES (7637,@@@2013.08.09@@@,700,1,0,@@@G_DIAZ@@@)','',2,'2013-08-09'),(50556,'INSERT INTO gne_vale_ferreteria_mov (vfe_id,pro_codigo_plu,vfm_cantidad,vfm_unitario,vfm_total,vfm_entregado) VALUES (7637,770098,7,100,700,@@@NO@@@)','',2,'2013-08-09'),(50557,'INSERT INTO gne_vale_ferreteria (vfe_id,vfe_fecha,vfe_total,vfe_estado,vfe_entregado,usu_nusuario) VALUES (7638,@@@2013.08.09@@@,1250,1,0,@@@G_DIAZ@@@)','',2,'2013-08-09'),(50558,'INSERT INTO gne_vale_ferreteria_mov (vfe_id,pro_codigo_plu,vfm_cantidad,vfm_unitario,vfm_total,vfm_entregado) VALUES (7638,770098,8,100,800,@@@NO@@@)','',2,'2013-08-09'),(50559,'INSERT INTO gne_vale_ferreteria_mov (vfe_id,pro_codigo_plu,vfm_cantidad,vfm_unitario,vfm_total,vfm_entregado) VALUES (7638,764832,3,150,450,@@@NO@@@)','',2,'2013-08-09'),(50560,'INSERT INTO gne_vale_ferreteria (vfe_id,vfe_fecha,vfe_total,vfe_estado,vfe_entregado,usu_nusuario) VALUES (7639,@@@2013.08.09@@@,1460,1,0,@@@G_DIAZ@@@)','',2,'2013-08-09'),(50561,'INSERT INTO gne_vale_ferreteria_mov (vfe_id,pro_codigo_plu,vfm_cantidad,vfm_unitario,vfm_total,vfm_entregado) VALUES (7639,15949,2,480,960,@@@NO@@@)','',2,'2013-08-09'),(50562,'INSERT INTO gne_vale_ferreteria_mov (vfe_id,pro_codigo_plu,vfm_cantidad,vfm_unitario,vfm_total,vfm_entregado) VALUES (7639,770098,2,100,200,@@@NO@@@)','',2,'2013-08-09'),(50563,'INSERT INTO gne_vale_ferreteria_mov (vfe_id,pro_codigo_plu,vfm_cantidad,vfm_unitario,vfm_total,vfm_entregado) VALUES (7639,780721128,2,150,300,@@@NO@@@)','',2,'2013-08-09'),(50564,'INSERT INTO gne_vale_ferreteria (vfe_id,vfe_fecha,vfe_total,vfe_estado,vfe_entregado,usu_nusuario) VALUES (7640,@@@2013.08.09@@@,390,1,0,@@@G_DIAZ@@@)','',2,'2013-08-09'),(50565,'INSERT INTO gne_vale_ferreteria_mov (vfe_id,pro_codigo_plu,vfm_cantidad,vfm_unitario,vfm_total,vfm_entregado) VALUES (7640,764281,1,390,390,@@@NO@@@)','',2,'2013-08-09'),(50566,'UPDATE mae_productos SET pro_precio_venta=870,pro_margen_actual=31.02, pro_precio_compra_bruto=664.02, pro_precio_compra_neto=558 WHERE pro_codigo_plu=13976','',2,'2013-08-09'),(50567,'UPDATE mae_productos SET pro_precio_venta=939,pro_margen_actual=30.21, pro_precio_compra_bruto=721.14, pro_precio_compra_neto=606 WHERE pro_codigo_plu=11946','',2,'2013-08-09'),(50568,'UPDATE mae_productos SET pro_precio_venta=1370,pro_margen_actual=32.94, pro_precio_compra_bruto=1030.54, pro_precio_compra_neto=866 WHERE pro_codigo_plu=10248','',2,'2013-08-09'),(50569,'UPDATE mae_productos SET pro_precio_fiscal=pro_precio_venta WHERE pro_codigo_plu=10248','',2,'2013-08-09'),(50570,'UPDATE mae_productos SET pro_precio_fiscal=pro_precio_venta WHERE pro_codigo_plu=13976','',2,'2013-08-09'),(50571,'UPDATE mae_productos SET pro_margen_actual=30.35,pro_precio_venta=940 WHERE pro_codigo_plu=11946','',2,'2013-08-09'),(50572,'INSERT INTO mae_productos (pro_codigo_plu,pro_codigo_barra,pro_tipo,pro_nombre_producto,pro_nombre_corto,med_id,emb_id,pro_unidades_embalaje,dep_id,lin_id,mar_id,pro_precio_compra_neto,pro_precio_compra_bruto,pro_precio_venta,pro_margen_actual,pro_oferta,pro_fecha_inicio_oferta,pro_fecha_termino_oferta,pro_precio_oferta,pro_stock_minimo,pro_stock_critico,pro_entradas_bodega,pro_salidas_bodega,pro_mermas_bodega,pro_ajustes_bodega,pro_entradas_sv,pro_salidas_sv,pro_mermas_sv,pro_ajustes_sv,pro_activo,rec_numero,pro_unidad,pro_capacidad,pro_consumo_bodega,pro_consumo_sv,pro_estado,pro_funcion_plu,pro_flejes,pro_iva,pro_plu_asociado,pro_envase,pro_duracion,pro_numero_etiqueta) VALUES (7500874,@@@7500874@@@,@@@0@@@,@@@PEGAMENTO PARCHE BICICLETA@@@,@@@PEGAMENTO PARCHE@@@,@@@1 @@@,@@@9 @@@,@@@1@@@,@@@24 @@@,@@@207@@@,@@@2507@@@,@@@0@@@,@@@400@@@,@@@850@@@,@@@112.5@@@,@@@@@@,@@@2013.08.09@@@,@@@2013.08.09@@@,@@@0@@@,@@@0@@@,@@@0@@@,@@@0@@@,@@@0@@@,@@@0@@@,@@@0@@@,@@@0@@@,@@@0@@@,@@@0@@@,@@@0@@@,@@@1@@@,@@@0@@@,0,1,0,0,2,0,1,1,0,@@@NO@@@,0,0)','',2,'2013-08-09'),(50573,'DELETE FROM mae_impuestos_productos WHERE pro_codigo_plu=@@@7500874@@@','',2,'2013-08-09'),(50574,'INSERT INTO gne_vale_ferreteria (vfe_id,vfe_fecha,vfe_total,vfe_estado,vfe_entregado,usu_nusuario) VALUES (7641,@@@2013.08.09@@@,850,1,0,@@@G_DIAZ@@@)','',2,'2013-08-09'),(50575,'INSERT INTO gne_vale_ferreteria_mov (vfe_id,pro_codigo_plu,vfm_cantidad,vfm_unitario,vfm_total,vfm_entregado) VALUES (7641,7500874,1,850,850,@@@NO@@@)','',2,'2013-08-09'),(50576,'INSERT INTO gne_vale_ferreteria (vfe_id,vfe_fecha,vfe_total,vfe_estado,vfe_entregado,usu_nusuario) VALUES (7642,@@@2013.08.09@@@,1890,1,0,@@@G_DIAZ@@@)','',2,'2013-08-09'),(50577,'INSERT INTO gne_vale_ferreteria_mov (vfe_id,pro_codigo_plu,vfm_cantidad,vfm_unitario,vfm_total,vfm_entregado) VALUES (7642,101622,1,1890,1890,@@@NO@@@)','',2,'2013-08-09'),(50578,'UPDATE mae_productos SET pro_precio_fiscal=pro_precio_venta WHERE pro_codigo_plu=7500874','',2,'2013-08-09'),(50579,'INSERT INTO gne_vale_ferreteria (vfe_id,vfe_fecha,vfe_total,vfe_estado,vfe_entregado,usu_nusuario) VALUES (7643,@@@2013.08.09@@@,590,1,0,@@@G_DIAZ@@@)','',2,'2013-08-09'),(50580,'INSERT INTO gne_vale_ferreteria_mov (vfe_id,pro_codigo_plu,vfm_cantidad,vfm_unitario,vfm_total,vfm_entregado) VALUES (7643,15485,1,590,590,@@@NO@@@)','',2,'2013-08-09'),(50581,'UPDATE mae_productos SET pro_precio_compra_bruto=354.5,pro_margen_actual=(pro_precio_venta-354.5)/354.5 * 100,pro_ultima_compra=@@@2013.08.09@@@,pro_ultimo_proveedor=@@@76218060-K@@@ WHERE pro_codigo_plu=12345','',2,'2013-08-09'),(50582,'UPDATE mae_productos SET pro_precio_compra_bruto=1473.2,pro_margen_actual=(pro_precio_venta-1473.2)/1473.2 * 100,pro_ultima_compra=@@@2013.08.09@@@,pro_ultimo_proveedor=@@@76218060-K@@@ WHERE pro_codigo_plu=19222','',2,'2013-08-09'),(50583,'UPDATE mae_productos SET pro_precio_compra_bruto=546.2,pro_margen_actual=(pro_precio_venta-546.2)/546.2 * 100,pro_ultima_compra=@@@2013.08.09@@@,pro_ultimo_proveedor=@@@76218060-K@@@ WHERE pro_codigo_plu=11939','',2,'2013-08-09'),(50584,'UPDATE mae_productos SET pro_precio_compra_bruto=591.4,pro_margen_actual=(pro_precio_venta-591.4)/591.4 * 100,pro_ultima_compra=@@@2013.08.09@@@,pro_ultimo_proveedor=@@@76218060-K@@@ WHERE pro_codigo_plu=11992','',2,'2013-08-09'),(50585,'UPDATE mae_productos SET pro_precio_compra_bruto=373.6,pro_margen_actual=(pro_precio_venta-373.6)/373.6 * 100,pro_ultima_compra=@@@2013.08.09@@@,pro_ultimo_proveedor=@@@76218060-K@@@ WHERE pro_codigo_plu=11995','',2,'2013-08-09'),(50586,'UPDATE mae_productos SET pro_precio_compra_bruto=354.58,pro_margen_actual=(pro_precio_venta-354.58)/354.58 * 100,pro_ultima_compra=@@@2013.08.09@@@,pro_ultimo_proveedor=@@@76218060-K@@@ WHERE pro_codigo_plu=11998','',2,'2013-08-09'),(50587,'UPDATE mae_productos SET pro_precio_compra_bruto=101.15,pro_margen_actual=(pro_precio_venta-101.15)/101.15 * 100,pro_ultima_compra=@@@2013.08.09@@@,pro_ultimo_proveedor=@@@76218060-K@@@ WHERE pro_codigo_plu=100995','',2,'2013-08-09'),(50588,'UPDATE mae_productos SET pro_precio_compra_bruto=101.15,pro_margen_actual=(pro_precio_venta-101.15)/101.15 * 100,pro_ultima_compra=@@@2013.08.09@@@,pro_ultimo_proveedor=@@@76218060-K@@@ WHERE pro_codigo_plu=100997','',2,'2013-08-09'),(50589,'UPDATE mae_productos SET pro_precio_compra_bruto=153,pro_margen_actual=(pro_precio_venta-153)/153 * 100,pro_ultima_compra=@@@2013.08.09@@@,pro_ultimo_proveedor=@@@76218060-K@@@ WHERE pro_codigo_plu=780721259','',2,'2013-08-09'),(50590,'UPDATE mae_productos SET pro_precio_compra_bruto=228.5,pro_margen_actual=(pro_precio_venta-228.5)/228.5 * 100,pro_ultima_compra=@@@2013.08.09@@@,pro_ultimo_proveedor=@@@76218060-K@@@ WHERE pro_codigo_plu=763446','',2,'2013-08-09'),(50591,'UPDATE mae_productos SET pro_precio_compra_bruto=277.09,pro_margen_actual=(pro_precio_venta-277.09)/277.09 * 100,pro_ultima_compra=@@@2013.08.09@@@,pro_ultimo_proveedor=@@@76218060-K@@@ WHERE pro_codigo_plu=10614','',2,'2013-08-09'),(50592,'UPDATE mae_productos SET pro_precio_compra_bruto=277,pro_margen_actual=(pro_precio_venta-277)/277 * 100,pro_ultima_compra=@@@2013.08.09@@@,pro_ultimo_proveedor=@@@76218060-K@@@ WHERE pro_codigo_plu=10613','',2,'2013-08-09'),(50593,'UPDATE mae_productos SET pro_precio_compra_bruto=1499.4,pro_margen_actual=(pro_precio_venta-1499.4)/1499.4 * 100,pro_ultima_compra=@@@2013.08.09@@@,pro_ultimo_proveedor=@@@76218060-K@@@ WHERE pro_codigo_plu=763412','',2,'2013-08-09'),(50594,'UPDATE mae_productos SET pro_precio_compra_bruto=133.52,pro_margen_actual=(pro_precio_venta-133.52)/133.52 * 100,pro_ultima_compra=@@@2013.08.09@@@,pro_ultimo_proveedor=@@@76218060-K@@@ WHERE pro_codigo_plu=78017088','',2,'2013-08-09'),(50595,'UPDATE mae_productos SET pro_precio_compra_bruto=133.52,pro_margen_actual=(pro_precio_venta-133.52)/133.52 * 100,pro_ultima_compra=@@@2013.08.09@@@,pro_ultimo_proveedor=@@@76218060-K@@@ WHERE pro_codigo_plu=78017076','',2,'2013-08-09'),(50596,'UPDATE mae_productos SET pro_precio_compra_bruto=1469.6,pro_margen_actual=(pro_precio_venta-1469.6)/1469.6 * 100,pro_ultima_compra=@@@2013.08.09@@@,pro_ultimo_proveedor=@@@76218060-K@@@ WHERE pro_codigo_plu=78017209','',2,'2013-08-09'),(50597,'UPDATE mae_productos SET pro_precio_compra_bruto=1469.6,pro_margen_actual=(pro_precio_venta-1469.6)/1469.6 * 100,pro_ultima_compra=@@@2013.08.09@@@,pro_ultimo_proveedor=@@@76218060-K@@@ WHERE pro_codigo_plu=780220190','',2,'2013-08-09'),(50598,'UPDATE mae_productos SET pro_precio_compra_bruto=228.6,pro_margen_actual=(pro_precio_venta-228.6)/228.6 * 100,pro_ultima_compra=@@@2013.08.09@@@,pro_ultimo_proveedor=@@@76218060-K@@@ WHERE pro_codigo_plu=763447','',2,'2013-08-09'),(50599,'UPDATE mae_productos SET pro_precio_compra_bruto=969.85,pro_margen_actual=(pro_precio_venta-969.85)/969.85 * 100,pro_ultima_compra=@@@2013.08.09@@@,pro_ultimo_proveedor=@@@76218060-K@@@ WHERE pro_codigo_plu=12432','',2,'2013-08-09'),(50600,'UPDATE mae_productos SET pro_precio_compra_bruto=1915,pro_margen_actual=(pro_precio_venta-1915)/1915 * 100,pro_ultima_compra=@@@2013.08.09@@@,pro_ultimo_proveedor=@@@76218060-K@@@ WHERE pro_codigo_plu=12431','',2,'2013-08-09'),(50601,'UPDATE mae_productos SET pro_precio_compra_bruto=102,pro_margen_actual=(pro_precio_venta-102)/102 * 100,pro_ultima_compra=@@@2013.08.09@@@,pro_ultimo_proveedor=@@@76218060-K@@@ WHERE pro_codigo_plu=12556','',2,'2013-08-09'),(50602,'UPDATE mae_productos SET pro_precio_compra_bruto=115.37,pro_margen_actual=(pro_precio_venta-115.37)/115.37 * 100,pro_ultima_compra=@@@2013.08.09@@@,pro_ultimo_proveedor=@@@76218060-K@@@ WHERE pro_codigo_plu=12237','',2,'2013-08-09'),(50603,'UPDATE mae_productos SET pro_precio_compra_bruto=200,pro_margen_actual=(pro_precio_venta-200)/200 * 100,pro_ultima_compra=@@@2013.08.09@@@,pro_ultimo_proveedor=@@@76218060-K@@@ WHERE pro_codigo_plu=12837','',2,'2013-08-09'),(50604,'UPDATE mae_productos SET pro_precio_compra_bruto=2165.8,pro_margen_actual=(pro_precio_venta-2165.8)/2165.8 * 100,pro_ultima_compra=@@@2013.08.09@@@,pro_ultimo_proveedor=@@@76218060-K@@@ WHERE pro_codigo_plu=10222','',2,'2013-08-09'),(50605,'UPDATE mae_productos SET pro_precio_compra_bruto=83.91,pro_margen_actual=(pro_precio_venta-83.91)/83.91 * 100,pro_ultima_compra=@@@2013.08.09@@@,pro_ultimo_proveedor=@@@76218060-K@@@ WHERE pro_codigo_plu=11083','',2,'2013-08-09'),(50606,'UPDATE mae_productos SET pro_precio_compra_bruto=380.8,pro_margen_actual=(pro_precio_venta-380.8)/380.8 * 100,pro_ultima_compra=@@@2013.08.09@@@,pro_ultimo_proveedor=@@@76218060-K@@@ WHERE pro_codigo_plu=11075','',2,'2013-08-09'),(50607,'UPDATE mae_productos SET pro_precio_compra_bruto=262.69,pro_margen_actual=(pro_precio_venta-262.69)/262.69 * 100,pro_ultima_compra=@@@2013.08.09@@@,pro_ultimo_proveedor=@@@76218060-K@@@ WHERE pro_codigo_plu=11074','',2,'2013-08-09'),(50608,'UPDATE mae_productos SET pro_precio_compra_bruto=2028.95,pro_margen_actual=(pro_precio_venta-2028.95)/2028.95 * 100,pro_ultima_compra=@@@2013.08.09@@@,pro_ultimo_proveedor=@@@76218060-K@@@ WHERE pro_codigo_plu=13884','',2,'2013-08-09'),(50609,'UPDATE mae_productos SET pro_precio_compra_bruto=1892,pro_margen_actual=(pro_precio_venta-1892)/1892 * 100,pro_ultima_compra=@@@2013.08.09@@@,pro_ultimo_proveedor=@@@76218060-K@@@ WHERE pro_codigo_plu=13889','',2,'2013-08-09'),(50610,'UPDATE mae_productos SET pro_precio_compra_bruto=1999,pro_margen_actual=(pro_precio_venta-1999)/1999 * 100,pro_ultima_compra=@@@2013.08.09@@@,pro_ultimo_proveedor=@@@76218060-K@@@ WHERE pro_codigo_plu=13892','',2,'2013-08-09'),(50611,'UPDATE mae_productos SET pro_precio_compra_bruto=1637.4,pro_margen_actual=(pro_precio_venta-1637.4)/1637.4 * 100,pro_ultima_compra=@@@2013.08.09@@@,pro_ultimo_proveedor=@@@76218060-K@@@ WHERE pro_codigo_plu=13890','',2,'2013-08-09'),(50612,'UPDATE mae_productos SET pro_precio_compra_bruto=825.8,pro_margen_actual=(pro_precio_venta-825.8)/825.8 * 100,pro_ultima_compra=@@@2013.08.09@@@,pro_ultimo_proveedor=@@@76218060-K@@@ WHERE pro_codigo_plu=78017079','',2,'2013-08-09'),(50613,'UPDATE mae_productos SET pro_precio_compra_bruto=1645,pro_margen_actual=(pro_precio_venta-1645)/1645 * 100,pro_ultima_compra=@@@2013.08.09@@@,pro_ultimo_proveedor=@@@76218060-K@@@ WHERE pro_codigo_plu=763407','',2,'2013-08-09'),(50614,'UPDATE mae_productos SET pro_precio_compra_bruto=664,pro_margen_actual=(pro_precio_venta-664)/664 * 100,pro_ultima_compra=@@@2013.08.09@@@,pro_ultimo_proveedor=@@@76218060-K@@@ WHERE pro_codigo_plu=13971','',2,'2013-08-09'),(50615,'UPDATE mae_productos SET pro_precio_compra_bruto=664.02,pro_margen_actual=(pro_precio_venta-664.02)/664.02 * 100,pro_ultima_compra=@@@2013.08.09@@@,pro_ultimo_proveedor=@@@76218060-K@@@ WHERE pro_codigo_plu=13976','',2,'2013-08-09'),(50616,'UPDATE mae_productos SET pro_precio_compra_bruto=964,pro_margen_actual=(pro_precio_venta-964)/964 * 100,pro_ultima_compra=@@@2013.08.09@@@,pro_ultimo_proveedor=@@@76218060-K@@@ WHERE pro_codigo_plu=13989','',2,'2013-08-09'),(50617,'UPDATE mae_productos SET pro_precio_compra_bruto=3501,pro_margen_actual=(pro_precio_venta-3501)/3501 * 100,pro_ultima_compra=@@@2013.08.09@@@,pro_ultimo_proveedor=@@@76218060-K@@@ WHERE pro_codigo_plu=763419','',2,'2013-08-09'),(50618,'UPDATE mae_productos SET pro_precio_compra_bruto=141.46,pro_margen_actual=(pro_precio_venta-141.46)/141.46 * 100,pro_ultima_compra=@@@2013.08.09@@@,pro_ultimo_proveedor=@@@76218060-K@@@ WHERE pro_codigo_plu=262062','',2,'2013-08-09'),(50619,'UPDATE mae_productos SET pro_precio_compra_bruto=721.14,pro_margen_actual=(pro_precio_venta-721.14)/721.14 * 100,pro_ultima_compra=@@@2013.08.09@@@,pro_ultimo_proveedor=@@@76218060-K@@@ WHERE pro_codigo_plu=11946','',2,'2013-08-09'),(50620,'UPDATE mae_productos SET pro_precio_compra_bruto=1030.54,pro_margen_actual=(pro_precio_venta-1030.54)/1030.54 * 100,pro_ultima_compra=@@@2013.08.09@@@,pro_ultimo_proveedor=@@@76218060-K@@@ WHERE pro_codigo_plu=10248','',2,'2013-08-09'),(50621,'INSERT INTO gne_vale_ferreteria (vfe_id,vfe_fecha,vfe_total,vfe_estado,vfe_entregado,usu_nusuario) VALUES (7644,@@@2013.08.09@@@,390,1,0,@@@G_DIAZ@@@)','',2,'2013-08-09'),(50622,'INSERT INTO gne_vale_ferreteria_mov (vfe_id,pro_codigo_plu,vfm_cantidad,vfm_unitario,vfm_total,vfm_entregado) VALUES (7644,780721459,1,390,390,@@@NO@@@)','',2,'2013-08-09'),(50623,'UPDATE mae_productos SET med_id=5,pro_capacidad=0.1 WHERE pro_codigo_plu=11074','',2,'2013-08-09'),(50624,'UPDATE mae_productos SET med_id=5,pro_capacidad=400 WHERE pro_codigo_plu=763455','',2,'2013-08-09'),(50625,'UPDATE mae_productos SET med_id=5,pro_capacidad=0.15 WHERE pro_codigo_plu=14036','',2,'2013-08-09'),(50626,'UPDATE mae_productos SET med_id=5,pro_capacidad=800 WHERE pro_codigo_plu=763419','',2,'2013-08-09'),(50627,'UPDATE mae_productos SET med_id=5,pro_capacidad=0.16 WHERE pro_codigo_plu=19222','',2,'2013-08-09'),(50628,'UPDATE mae_productos SET med_id=5,pro_capacidad=0.03 WHERE pro_codigo_plu=12579','',2,'2013-08-09'),(50629,'UPDATE mae_productos SET med_id=5,pro_capacidad=0.014 WHERE pro_codigo_plu=12236','',2,'2013-08-09'),(50630,'UPDATE mae_productos SET med_id=5,pro_capacidad=0.029 WHERE pro_codigo_plu=12616','',2,'2013-08-09'),(50631,'UPDATE mae_productos SET med_id=5,pro_capacidad=29 WHERE pro_codigo_plu=780721179','',2,'2013-08-09'),(50632,'UPDATE mae_productos SET med_id=5,pro_capacidad=0.125 WHERE pro_codigo_plu=10744','',2,'2013-08-09'),(50633,'UPDATE mae_productos SET med_id=5,pro_capacidad=0.51 WHERE pro_codigo_plu=13890','',2,'2013-08-09'),(50634,'UPDATE mae_productos SET med_id=5,pro_capacidad=0.17 WHERE pro_codigo_plu=10248','',2,'2013-08-09'),(50635,'UPDATE mae_productos SET med_id=5,pro_capacidad=0.042 WHERE pro_codigo_plu=14283','',2,'2013-08-09'),(50636,'UPDATE mae_productos SET med_id=5,pro_capacidad=0.042 WHERE pro_codigo_plu=101964','',2,'2013-08-09'),(50637,'UPDATE mae_productos SET med_id=5,pro_capacidad=0.1 WHERE pro_codigo_plu=10222','',2,'2013-08-09'),(50638,'UPDATE mae_productos SET med_id=5,pro_capacidad=0.215 WHERE pro_codigo_plu=13983','',2,'2013-08-09'),(50639,'UPDATE mae_productos SET med_id=5,pro_capacidad=0.132 WHERE pro_codigo_plu=13971','',2,'2013-08-09'),(50640,'UPDATE mae_productos SET med_id=5,pro_capacidad=0.15 WHERE pro_codigo_plu=12432','',2,'2013-08-09'),(50641,'UPDATE mae_productos SET med_id=5,pro_capacidad=0.08 WHERE pro_codigo_plu=12418','',2,'2013-08-09'),(50642,'UPDATE mae_productos SET med_id=5,pro_capacidad=0.25 WHERE pro_codigo_plu=12431','',2,'2013-08-09'),(50643,'UPDATE mae_productos SET med_id=5,pro_capacidad=0.35 WHERE pro_codigo_plu=12837','',2,'2013-08-09'),(50644,'UPDATE mae_productos SET med_id=5,pro_capacidad=0.15 WHERE pro_codigo_plu=12003','',2,'2013-08-09'),(50645,'UPDATE mae_productos SET med_id=5,pro_capacidad=0.12 WHERE pro_codigo_plu=12257','',2,'2013-08-09'),(50646,'UPDATE mae_productos SET med_id=5,pro_capacidad=0.126 WHERE pro_codigo_plu=11998','',2,'2013-08-09'),(50647,'UPDATE mae_productos SET med_id=5,pro_capacidad=0.15 WHERE pro_codigo_plu=12061','',2,'2013-08-09'),(50648,'UPDATE mae_productos SET med_id=5,pro_capacidad=0.14 WHERE pro_codigo_plu=11964','',2,'2013-08-09'),(50649,'UPDATE mae_productos SET med_id=1,pro_capacidad=1 WHERE pro_codigo_plu=780721259','',2,'2013-08-09'),(50650,'UPDATE mae_productos SET med_id=5,pro_capacidad=0.03 WHERE pro_codigo_plu=12237','',2,'2013-08-09'),(50651,'UPDATE mae_productos SET med_id=5,pro_capacidad=0.04 WHERE pro_codigo_plu=100997','',2,'2013-08-09'),(50652,'UPDATE mae_productos SET med_id=5,pro_capacidad=0.05 WHERE pro_codigo_plu=262062','',2,'2013-08-09'),(50653,'UPDATE mae_productos SET med_id=5,pro_capacidad=0.03 WHERE pro_codigo_plu=14063','',2,'2013-08-09'),(50654,'UPDATE mae_productos SET med_id=5,pro_capacidad=0.014 WHERE pro_codigo_plu=12556','',2,'2013-08-09'),(50655,'UPDATE mae_productos SET med_id=5,pro_capacidad=1 WHERE pro_codigo_plu=1449','',2,'2013-08-09'),(50656,'UPDATE mae_productos SET med_id=5,pro_capacidad=0.14 WHERE pro_codigo_plu=11937','',2,'2013-08-09'),(50657,'UPDATE mae_productos SET med_id=5,pro_capacidad=1805 WHERE pro_codigo_plu=763492','',2,'2013-08-09'),(50658,'UPDATE mae_productos SET med_id=5,pro_capacidad=30 WHERE pro_codigo_plu=78017088','',2,'2013-08-09'),(50659,'UPDATE mae_productos SET med_id=5,pro_capacidad=330 WHERE pro_codigo_plu=78017209','',2,'2013-08-09'),(50660,'UPDATE mae_productos SET med_id=5,pro_capacidad=200 WHERE pro_codigo_plu=780220189','',2,'2013-08-09'),(50661,'UPDATE mae_productos SET med_id=5,pro_capacidad=0.5 WHERE pro_codigo_plu=13884','',2,'2013-08-09'),(50662,'UPDATE mae_productos SET med_id=5,pro_capacidad=0.24 WHERE pro_codigo_plu=13887','',2,'2013-08-09'),(50663,'UPDATE mae_productos SET med_id=5,pro_capacidad=330 WHERE pro_codigo_plu=763412','',2,'2013-08-09'),(50664,'UPDATE mae_productos SET med_id=5,pro_capacidad=330 WHERE pro_codigo_plu=780721284','',2,'2013-08-09'),(50665,'UPDATE mae_productos SET med_id=5,pro_capacidad=0.5 WHERE pro_codigo_plu=13889','',2,'2013-08-09'),(50666,'UPDATE mae_productos SET med_id=5,pro_capacidad=330 WHERE pro_codigo_plu=780220190','',2,'2013-08-09'),(50667,'UPDATE mae_productos SET med_id=5,pro_capacidad=0.46 WHERE pro_codigo_plu=13937','',2,'2013-08-09'),(50668,'UPDATE mae_productos SET med_id=5,pro_capacidad=0.5 WHERE pro_codigo_plu=13892','',2,'2013-08-09'),(50669,'UPDATE mae_productos SET med_id=5,pro_capacidad=0.39 WHERE pro_codigo_plu=13943','',2,'2013-08-09'),(50670,'UPDATE mae_productos SET med_id=5,pro_capacidad=0.2 WHERE pro_codigo_plu=11077','',2,'2013-08-09'),(50671,'UPDATE mae_productos SET med_id=2,pro_capacidad=0.9 WHERE pro_codigo_plu=761305','',2,'2013-08-09'),(50672,'UPDATE mae_productos SET med_id=5,pro_capacidad=14 WHERE pro_codigo_plu=763446','',2,'2013-08-09'),(50673,'UPDATE mae_productos SET med_id=1,pro_capacidad=1 WHERE pro_codigo_plu=761307','',2,'2013-08-09'),(50674,'UPDATE mae_productos SET med_id=5,pro_capacidad=200 WHERE pro_codigo_plu=763274','',2,'2013-08-09'),(50675,'UPDATE mae_productos SET med_id=5,pro_capacidad=0.25 WHERE pro_codigo_plu=10743','',2,'2013-08-09'),(50676,'UPDATE mae_productos SET med_id=5,pro_capacidad=0.25 WHERE pro_codigo_plu=762915','',2,'2013-08-09'),(50677,'INSERT INTO gne_vale_ferreteria (vfe_id,vfe_fecha,vfe_total,vfe_estado,vfe_entregado,usu_nusuario) VALUES (7645,@@@2013.08.09@@@,600,1,0,@@@G_DIAZ@@@)','',2,'2013-08-09'),(50678,'INSERT INTO gne_vale_ferreteria_mov (vfe_id,pro_codigo_plu,vfm_cantidad,vfm_unitario,vfm_total,vfm_entregado) VALUES (7645,1556,1,200,200,@@@NO@@@)','',2,'2013-08-09'),(50679,'INSERT INTO gne_vale_ferreteria_mov (vfe_id,pro_codigo_plu,vfm_cantidad,vfm_unitario,vfm_total,vfm_entregado) VALUES (7645,880006,2,200,400,@@@NO@@@)','',2,'2013-08-09'),(50680,'INSERT INTO gne_vale_ferreteria (vfe_id,vfe_fecha,vfe_total,vfe_estado,vfe_entregado,usu_nusuario) VALUES (7646,@@@2013.08.09@@@,490,1,0,@@@G_DIAZ@@@)','',2,'2013-08-09'),(50681,'INSERT INTO gne_vale_ferreteria_mov (vfe_id,pro_codigo_plu,vfm_cantidad,vfm_unitario,vfm_total,vfm_entregado) VALUES (7646,1020,1,490,490,@@@NO@@@)','',2,'2013-08-09'),(50682,'INSERT INTO gne_vale_ferreteria (vfe_id,vfe_fecha,vfe_total,vfe_estado,vfe_entregado,usu_nusuario) VALUES (7647,@@@2013.08.09@@@,790,1,0,@@@G_DIAZ@@@)','',2,'2013-08-09'),(50683,'INSERT INTO gne_vale_ferreteria_mov (vfe_id,pro_codigo_plu,vfm_cantidad,vfm_unitario,vfm_total,vfm_entregado) VALUES (7647,101454,1,790,790,@@@NO@@@)','',2,'2013-08-09'),(50684,'UPDATE mae_productos SET pro_precio_compra_bruto=1300,pro_margen_actual=(pro_precio_venta-1300)/1300 * 100,pro_ultima_compra=@@@2013.08.09@@@,pro_ultimo_proveedor=@@@76845830-8@@@ WHERE pro_codigo_plu=780721622','',2,'2013-08-09'),(50685,'UPDATE mae_productos SET pro_precio_compra_bruto=820,pro_margen_actual=(pro_precio_venta-820)/820 * 100,pro_ultima_compra=@@@2013.08.09@@@,pro_ultimo_proveedor=@@@76845830-8@@@ WHERE pro_codigo_plu=780721623','',2,'2013-08-09'),(50686,'UPDATE mae_productos SET pro_precio_compra_bruto=650,pro_margen_actual=(pro_precio_venta-650)/650 * 100,pro_ultima_compra=@@@2013.08.09@@@,pro_ultimo_proveedor=@@@76845830-8@@@ WHERE pro_codigo_plu=7500897','',2,'2013-08-09'),(50687,'UPDATE mae_productos SET pro_precio_compra_bruto=650,pro_margen_actual=(pro_precio_venta-650)/650 * 100,pro_ultima_compra=@@@2013.08.09@@@,pro_ultimo_proveedor=@@@76845830-8@@@ WHERE pro_codigo_plu=7500896','',2,'2013-08-09'),(50688,'UPDATE mae_productos SET pro_precio_compra_bruto=650,pro_margen_actual=(pro_precio_venta-650)/650 * 100,pro_ultima_compra=@@@2013.08.09@@@,pro_ultimo_proveedor=@@@76845830-8@@@ WHERE pro_codigo_plu=7500895','',2,'2013-08-09'),(50689,'UPDATE mae_productos SET pro_precio_compra_bruto=3500,pro_margen_actual=(pro_precio_venta-3500)/3500 * 100,pro_ultima_compra=@@@2013.08.09@@@,pro_ultimo_proveedor=@@@76845830-8@@@ WHERE pro_codigo_plu=780721621','',2,'2013-08-09'),(50690,'UPDATE mae_productos SET pro_precio_compra_bruto=3749,pro_margen_actual=(pro_precio_venta-3749)/3749 * 100,pro_ultima_compra=@@@2013.08.09@@@,pro_ultimo_proveedor=@@@76845830-8@@@ WHERE pro_codigo_plu=780721619','',2,'2013-08-09'),(50691,'UPDATE mae_productos SET pro_precio_compra_bruto=5500,pro_margen_actual=(pro_precio_venta-5500)/5500 * 100,pro_ultima_compra=@@@2013.08.09@@@,pro_ultimo_proveedor=@@@76845830-8@@@ WHERE pro_codigo_plu=780721620','',2,'2013-08-09'),(50692,'UPDATE mae_productos SET pro_precio_compra_bruto=3750,pro_margen_actual=(pro_precio_venta-3750)/3750 * 100,pro_ultima_compra=@@@2013.08.09@@@,pro_ultimo_proveedor=@@@76845830-8@@@ WHERE pro_codigo_plu=693331245','',2,'2013-08-09'),(50693,'UPDATE mae_productos SET pro_precio_compra_bruto=2400,pro_margen_actual=(pro_precio_venta-2400)/2400 * 100,pro_ultima_compra=@@@2013.08.09@@@,pro_ultimo_proveedor=@@@76845830-8@@@ WHERE pro_codigo_plu=780721624','',2,'2013-08-09'),(50694,'UPDATE mae_productos SET pro_precio_compra_bruto=1250,pro_margen_actual=(pro_precio_venta-1250)/1250 * 100,pro_ultima_compra=@@@2013.08.09@@@,pro_ultimo_proveedor=@@@76845830-8@@@ WHERE pro_codigo_plu=7500899','',2,'2013-08-09'),(50695,'UPDATE mae_productos SET pro_precio_compra_bruto=1290,pro_margen_actual=(pro_precio_venta-1290)/1290 * 100,pro_ultima_compra=@@@2013.08.09@@@,pro_ultimo_proveedor=@@@76845830-8@@@ WHERE pro_codigo_plu=780721625','',2,'2013-08-09'),(50696,'UPDATE mae_productos SET pro_precio_compra_bruto=1250,pro_margen_actual=(pro_precio_venta-1250)/1250 * 100,pro_ultima_compra=@@@2013.08.09@@@,pro_ultimo_proveedor=@@@76845830-8@@@ WHERE pro_codigo_plu=780721628','',2,'2013-08-09'),(50697,'UPDATE mae_productos SET pro_precio_compra_bruto=650,pro_margen_actual=(pro_precio_venta-650)/650 * 100,pro_ultima_compra=@@@2013.08.09@@@,pro_ultimo_proveedor=@@@76845830-8@@@ WHERE pro_codigo_plu=780721627','',2,'2013-08-09'),(50698,'UPDATE mae_productos SET pro_precio_compra_bruto=1850,pro_margen_actual=(pro_precio_venta-1850)/1850 * 100,pro_ultima_compra=@@@2013.08.09@@@,pro_ultimo_proveedor=@@@76845830-8@@@ WHERE pro_codigo_plu=7500898','',2,'2013-08-09'),(50699,'UPDATE mae_productos SET pro_precio_compra_bruto=730,pro_margen_actual=(pro_precio_venta-730)/730 * 100,pro_ultima_compra=@@@2013.08.09@@@,pro_ultimo_proveedor=@@@76845830-8@@@ WHERE pro_codigo_plu=780721626','',2,'2013-08-09'),(50700,'UPDATE mae_productos SET pro_precio_compra_bruto=3000,pro_margen_actual=(pro_precio_venta-3000)/3000 * 100,pro_ultima_compra=@@@2013.08.09@@@,pro_ultimo_proveedor=@@@76845830-8@@@ WHERE pro_codigo_plu=7500894','',2,'2013-08-09'),(50701,'UPDATE mae_productos SET pro_precio_compra_bruto=3900,pro_margen_actual=(pro_precio_venta-3900)/3900 * 100,pro_ultima_compra=@@@2013.08.09@@@,pro_ultimo_proveedor=@@@76845830-8@@@ WHERE pro_codigo_plu=7500893','',2,'2013-08-09'),(50702,'UPDATE mae_productos SET pro_precio_compra_bruto=5900,pro_margen_actual=(pro_precio_venta-5900)/5900 * 100,pro_ultima_compra=@@@2013.08.09@@@,pro_ultimo_proveedor=@@@76845830-8@@@ WHERE pro_codigo_plu=7500892','',2,'2013-08-09'),(50703,'UPDATE mae_productos SET med_id=5,pro_capacidad=0.25 WHERE pro_codigo_plu=762915','',2,'2013-08-09'),(50704,'UPDATE mae_productos SET med_id=5,pro_capacidad=0.25 WHERE pro_codigo_plu=762677','',2,'2013-08-09'),(50705,'UPDATE mae_productos SET med_id=5,pro_capacidad=0.25 WHERE pro_codigo_plu=762859','',2,'2013-08-09'),(50706,'UPDATE mae_productos SET med_id=5,pro_capacidad=0.35 WHERE pro_codigo_plu=13901','',2,'2013-08-09'),(50707,'UPDATE mae_productos SET med_id=5,pro_capacidad=0.35 WHERE pro_codigo_plu=262352','',2,'2013-08-09'),(50708,'UPDATE mae_productos SET med_id=5,pro_capacidad=0.35 WHERE pro_codigo_plu=13901','',2,'2013-08-09'),(50709,'UPDATE mae_productos SET med_id=5,pro_capacidad=0.35 WHERE pro_codigo_plu=262352','',2,'2013-08-09'),(50710,'UPDATE mae_productos SET med_id=5,pro_capacidad=200 WHERE pro_codigo_plu=763318','',2,'2013-08-09'),(50711,'UPDATE mae_productos SET med_id=5,pro_capacidad=0.07 WHERE pro_codigo_plu=10613','',2,'2013-08-09'),(50712,'UPDATE mae_productos SET med_id=5,pro_capacidad=23 WHERE pro_codigo_plu=763447','',2,'2013-08-09'),(50713,'UPDATE mae_productos SET med_id=5,pro_capacidad=0.04 WHERE pro_codigo_plu=100995','',2,'2013-08-09'),(50714,'UPDATE mae_productos SET med_id=5,pro_capacidad=0.04 WHERE pro_codigo_plu=100996','',2,'2013-08-09'),(50715,'UPDATE mae_productos SET med_id=5,pro_capacidad=0.1 WHERE pro_codigo_plu=11075','',2,'2013-08-09'),(50716,'UPDATE mae_productos SET med_id=5,pro_capacidad=9 WHERE pro_codigo_plu=78017072','',2,'2013-08-09'),(50717,'UPDATE mae_productos SET med_id=5,pro_capacidad=0.002 WHERE pro_codigo_plu=10191','',2,'2013-08-09'),(50718,'UPDATE mae_productos SET med_id=5,pro_capacidad=9 WHERE pro_codigo_plu=78017073','',2,'2013-08-09'),(50719,'UPDATE mae_productos SET med_id=5,pro_capacidad=0.04 WHERE pro_codigo_plu=101427','',2,'2013-08-09'),(50720,'UPDATE mae_productos SET med_id=5,pro_capacidad=0.155 WHERE pro_codigo_plu=10955','',2,'2013-08-09'),(50721,'UPDATE mae_productos SET med_id=5,pro_capacidad=0.1 WHERE pro_codigo_plu=11945','',2,'2013-08-09'),(50722,'UPDATE mae_productos SET med_id=5,pro_capacidad=0.397 WHERE pro_codigo_plu=102563','',2,'2013-08-09'),(50723,'UPDATE mae_productos SET med_id=5,pro_capacidad=200 WHERE pro_codigo_plu=780721380','',2,'2013-08-09'),(50724,'UPDATE mae_productos SET med_id=5,pro_capacidad=0.068 WHERE pro_codigo_plu=10612','',2,'2013-08-09'),(50725,'UPDATE mae_productos SET med_id=5,pro_capacidad=0.126 WHERE pro_codigo_plu=11997','',2,'2013-08-09'),(50726,'UPDATE mae_productos SET med_id=5,pro_capacidad=0.02 WHERE pro_codigo_plu=11083','',2,'2013-08-09'),(50727,'UPDATE mae_productos SET med_id=5,pro_capacidad=8 WHERE pro_codigo_plu=78017079','',2,'2013-08-09'),(50728,'UPDATE mae_productos SET med_id=5,pro_capacidad=0.07 WHERE pro_codigo_plu=10614','',2,'2013-08-09'),(50729,'UPDATE mae_productos SET med_id=5,pro_capacidad=0.17 WHERE pro_codigo_plu=10220','',2,'2013-08-09'),(50730,'UPDATE mae_productos SET med_id=5,pro_capacidad=0.126 WHERE pro_codigo_plu=12345','',2,'2013-08-09'),(50731,'UPDATE mae_productos SET med_id=5,pro_capacidad=0.18 WHERE pro_codigo_plu=11992','',2,'2013-08-09'),(50732,'UPDATE mae_productos SET med_id=5,pro_capacidad=0.123 WHERE pro_codigo_plu=11995','',2,'2013-08-09'),(50733,'UPDATE mae_productos SET med_id=5,pro_capacidad=0.12 WHERE pro_codigo_plu=11944','',2,'2013-08-09'),(50734,'UPDATE mae_productos SET med_id=5,pro_capacidad=0.17 WHERE pro_codigo_plu=10226','',2,'2013-08-09'),(50735,'UPDATE mae_productos SET med_id=5,pro_capacidad=0.05 WHERE pro_codigo_plu=10217','',2,'2013-08-09'),(50736,'UPDATE mae_productos SET med_id=5,pro_capacidad=400 WHERE pro_codigo_plu=763407','',2,'2013-08-09'),(50737,'UPDATE mae_productos SET med_id=5,pro_capacidad=0.14 WHERE pro_codigo_plu=11932','',2,'2013-08-09'),(50738,'UPDATE mae_productos SET med_id=5,pro_capacidad=0.14 WHERE pro_codigo_plu=11939','',2,'2013-08-09'),(50739,'UPDATE mae_productos SET med_id=5,pro_capacidad=0.06 WHERE pro_codigo_plu=12409','',2,'2013-08-09'),(50740,'UPDATE mae_productos SET med_id=5,pro_capacidad=0.2 WHERE pro_codigo_plu=14034','',2,'2013-08-09'),(50741,'UPDATE mae_productos SET med_id=5,pro_capacidad=900 WHERE pro_codigo_plu=763453','',2,'2013-08-09'),(50742,'UPDATE mae_productos SET med_id=1,pro_capacidad=1 WHERE pro_codigo_plu=761304','',2,'2013-08-09'),(50743,'UPDATE mae_productos SET med_id=5,pro_capacidad=0.215 WHERE pro_codigo_plu=13989','',2,'2013-08-09'),(50744,'UPDATE mae_productos SET med_id=5,pro_capacidad=0.035 WHERE pro_codigo_plu=12581','',2,'2013-08-09'),(50745,'UPDATE mae_productos SET med_id=5,pro_capacidad=0.14 WHERE pro_codigo_plu=11938','',2,'2013-08-09'),(50746,'UPDATE mae_productos SET med_id=2,pro_capacidad=1 WHERE pro_codigo_plu=14050','',2,'2013-08-09'),(50747,'INSERT INTO gne_vale_ferreteria (vfe_id,vfe_fecha,vfe_total,vfe_estado,vfe_entregado,usu_nusuario) VALUES (7648,@@@2013.08.09@@@,300,1,0,@@@G_DIAZ@@@)','',2,'2013-08-09'),(50748,'INSERT INTO gne_vale_ferreteria_mov (vfe_id,pro_codigo_plu,vfm_cantidad,vfm_unitario,vfm_total,vfm_entregado) VALUES (7648,4079,10,30,300,@@@NO@@@)','',2,'2013-08-09'),(50749,'INSERT INTO gne_vale_ferreteria (vfe_id,vfe_fecha,vfe_total,vfe_estado,vfe_entregado,usu_nusuario) VALUES (7649,@@@2013.08.09@@@,1350,1,0,@@@G_DIAZ@@@)','',2,'2013-08-09'),(50750,'INSERT INTO gne_vale_ferreteria_mov (vfe_id,pro_codigo_plu,vfm_cantidad,vfm_unitario,vfm_total,vfm_entregado) VALUES (7649,800001,1,300,300,@@@NO@@@)','',2,'2013-08-09'),(50751,'INSERT INTO gne_vale_ferreteria_mov (vfe_id,pro_codigo_plu,vfm_cantidad,vfm_unitario,vfm_total,vfm_entregado) VALUES (7649,763806,1,1050,1050,@@@NO@@@)','',2,'2013-08-09'),(50752,'INSERT INTO gne_vale_ferreteria (vfe_id,vfe_fecha,vfe_total,vfe_estado,vfe_entregado,usu_nusuario) VALUES (7650,@@@2013.08.09@@@,400,1,0,@@@G_DIAZ@@@)','',2,'2013-08-09'),(50753,'INSERT INTO gne_vale_ferreteria_mov (vfe_id,pro_codigo_plu,vfm_cantidad,vfm_unitario,vfm_total,vfm_entregado) VALUES (7650,880006,2,200,400,@@@NO@@@)','',2,'2013-08-09'),(50754,'INSERT INTO gne_vale_ferreteria (vfe_id,vfe_fecha,vfe_total,vfe_estado,vfe_entregado,usu_nusuario) VALUES (7651,@@@2013.08.09@@@,840,1,0,@@@G_DIAZ@@@)','',2,'2013-08-09'),(50755,'INSERT INTO gne_vale_ferreteria_mov (vfe_id,pro_codigo_plu,vfm_cantidad,vfm_unitario,vfm_total,vfm_entregado) VALUES (7651,78017006,5,120,600,@@@NO@@@)','',2,'2013-08-09'),(50756,'INSERT INTO gne_vale_ferreteria_mov (vfe_id,pro_codigo_plu,vfm_cantidad,vfm_unitario,vfm_total,vfm_entregado) VALUES (7651,764766,2,120,240,@@@NO@@@)','',2,'2013-08-09'),(50757,'UPDATE mae_productos SET pro_codigo_barra=@@@7802225688000@@@,pro_tipo=@@@0@@@,pro_nombre_producto=@@@GALLETA DULCE MANTEQUILLA 135 GRS.@@@,pro_nombre_corto=@@@GALLETA DULCE MA@@@,med_id=@@@5@@@,emb_id=@@@4@@@,pro_unidades_embalaje=@@@24@@@,dep_id=@@@32 @@@,lin_id=@@@18@@@,mar_id=@@@1740@@@,pro_precio_compra_neto=@@@0@@@,pro_precio_compra_bruto=@@@280@@@,pro_precio_venta=@@@380@@@,pro_margen_actual=@@@35.71@@@,pro_oferta=@@@NO@@@,pro_fecha_inicio_oferta=@@@2006.09.07@@@,pro_fecha_termino_oferta=@@@2006.09.07@@@,pro_precio_oferta=@@@0@@@,pro_stock_minimo=@@@24@@@,pro_stock_critico=@@@12@@@,pro_activo=@@@1@@@,pro_unidad=@@@0@@@,pro_precio_compra_bruto=280,pro_margen_actual=35.71,pro_capacidad=0.135,pro_funcion_plu=0,pro_flejes=1,pro_iva=1,pro_plu_asociado=0,pro_envase=@@@NO@@@,pro_duracion=0,pro_numero_etiqueta=0 WHERE pro_codigo_plu=@@@102313@@@','',2,'2013-08-09'),(50758,'UPDATE mae_productos SET pro_estado=1 WHERE pro_codigo_plu=102313','',2,'2013-08-09'),(50759,'DELETE FROM mae_impuestos_productos WHERE pro_codigo_plu=@@@102313@@@','',2,'2013-08-09'),(50760,'UPDATE mae_productos SET pro_codigo_barra=@@@7802225688017@@@,pro_tipo=@@@0@@@,pro_nombre_producto=@@@GALLETA DULCE COCO 135 GRS.@@@,pro_nombre_corto=@@@GALLETA DULCE CO@@@,med_id=@@@5@@@,emb_id=@@@3@@@,pro_unidades_embalaje=@@@24@@@,dep_id=@@@32 @@@,lin_id=@@@18@@@,mar_id=@@@1740@@@,pro_precio_compra_neto=@@@0@@@,pro_precio_compra_bruto=@@@280@@@,pro_precio_venta=@@@380@@@,pro_margen_actual=@@@35.71@@@,pro_oferta=@@@NO@@@,pro_fecha_inicio_oferta=@@@2006.09.07@@@,pro_fecha_termino_oferta=@@@2006.09.07@@@,pro_precio_oferta=@@@0@@@,pro_stock_minimo=@@@24@@@,pro_stock_critico=@@@12@@@,pro_activo=@@@1@@@,pro_unidad=@@@0@@@,pro_precio_compra_bruto=280,pro_margen_actual=35.71,pro_capacidad=0.135,pro_funcion_plu=0,pro_flejes=1,pro_iva=1,pro_plu_asociado=0,pro_envase=@@@NO@@@,pro_duracion=0,pro_numero_etiqueta=0 WHERE pro_codigo_plu=@@@102311@@@','',2,'2013-08-09'),(50761,'UPDATE mae_productos SET pro_estado=1 WHERE pro_codigo_plu=102311','',2,'2013-08-09'),(50762,'DELETE FROM mae_impuestos_productos WHERE pro_codigo_plu=@@@102311@@@','',2,'2013-08-09'),(50763,'UPDATE mae_productos SET pro_codigo_barra=@@@7802225688024@@@,pro_tipo=@@@0@@@,pro_nombre_producto=@@@GALLETA DULCE LIMON 135 GRS.@@@,pro_nombre_corto=@@@GALLETA DULCE LI@@@,med_id=@@@5@@@,emb_id=@@@3@@@,pro_unidades_embalaje=@@@24@@@,dep_id=@@@32 @@@,lin_id=@@@18@@@,mar_id=@@@1740@@@,pro_precio_compra_neto=@@@0@@@,pro_precio_compra_bruto=@@@280@@@,pro_precio_venta=@@@380@@@,pro_margen_actual=@@@35.71@@@,pro_oferta=@@@NO@@@,pro_fecha_inicio_oferta=@@@2006.09.07@@@,pro_fecha_termino_oferta=@@@2006.09.07@@@,pro_precio_oferta=@@@0@@@,pro_stock_minimo=@@@24@@@,pro_stock_critico=@@@12@@@,pro_activo=@@@1@@@,pro_unidad=@@@0@@@,pro_precio_compra_bruto=280,pro_margen_actual=35.71,pro_capacidad=0.135,pro_funcion_plu=0,pro_flejes=1,pro_iva=1,pro_plu_asociado=0,pro_envase=@@@NO@@@,pro_duracion=0,pro_numero_etiqueta=0 WHERE pro_codigo_plu=@@@102312@@@','',2,'2013-08-09'),(50764,'UPDATE mae_productos SET pro_estado=1 WHERE pro_codigo_plu=102312','',2,'2013-08-09'),(50765,'DELETE FROM mae_impuestos_productos WHERE pro_codigo_plu=@@@102312@@@','',2,'2013-08-09'),(50766,'INSERT INTO gne_vale_ferreteria (vfe_id,vfe_fecha,vfe_total,vfe_estado,vfe_entregado,usu_nusuario) VALUES (7652,@@@2013.08.09@@@,6290,1,0,@@@G_DIAZ@@@)','',2,'2013-08-09'),(50767,'INSERT INTO gne_vale_ferreteria_mov (vfe_id,pro_codigo_plu,vfm_cantidad,vfm_unitario,vfm_total,vfm_entregado) VALUES (7652,693331245,1,6290,6290,@@@NO@@@)','',2,'2013-08-09'),(50768,'UPDATE mae_productos SET pro_codigo_barra=@@@7802225688031@@@,pro_tipo=@@@0@@@,pro_nombre_producto=@@@GALLETA DULCE CHOCOLATE 135 GRS.@@@,pro_nombre_corto=@@@GALLETA DULCE C@@@,med_id=@@@5@@@,emb_id=@@@4@@@,pro_unidades_embalaje=@@@24@@@,dep_id=@@@32 @@@,lin_id=@@@18@@@,mar_id=@@@1740@@@,pro_precio_compra_neto=@@@0@@@,pro_precio_compra_bruto=@@@280@@@,pro_precio_venta=@@@380@@@,pro_margen_actual=@@@35.71@@@,pro_oferta=@@@NO@@@,pro_fecha_inicio_oferta=@@@2006.09.07@@@,pro_fecha_termino_oferta=@@@2006.09.07@@@,pro_precio_oferta=@@@0@@@,pro_stock_minimo=@@@24@@@,pro_stock_critico=@@@12@@@,pro_activo=@@@1@@@,pro_unidad=@@@0@@@,pro_precio_compra_bruto=280,pro_margen_actual=35.71,pro_capacidad=0.135,pro_funcion_plu=0,pro_flejes=1,pro_iva=1,pro_plu_asociado=0,pro_envase=@@@NO@@@,pro_duracion=0,pro_numero_etiqueta=0 WHERE pro_codigo_plu=@@@102310@@@','',2,'2013-08-09'),(50769,'UPDATE mae_productos SET pro_estado=1 WHERE pro_codigo_plu=102310','',2,'2013-08-09'),(50770,'DELETE FROM mae_impuestos_productos WHERE pro_codigo_plu=@@@102310@@@','',2,'2013-08-09'),(50771,'UPDATE mae_productos SET pro_codigo_barra=@@@7802225587198@@@,pro_tipo=@@@0@@@,pro_nombre_producto=@@@GOLPE TRADICIONAL LARGO 36GR.@@@,pro_nombre_corto=@@@GOLPE TRADICIONA@@@,med_id=@@@5@@@,emb_id=@@@4@@@,pro_unidades_embalaje=@@@30@@@,dep_id=@@@32 @@@,lin_id=@@@18@@@,mar_id=@@@1740@@@,pro_precio_compra_neto=@@@0@@@,pro_precio_compra_bruto=@@@92@@@,pro_precio_venta=@@@120@@@,pro_margen_actual=@@@30.43@@@,pro_oferta=@@@NO@@@,pro_fecha_inicio_oferta=@@@1900.01.01@@@,pro_fecha_termino_oferta=@@@1900.01.01@@@,pro_precio_oferta=@@@0@@@,pro_stock_minimo=@@@0@@@,pro_stock_critico=@@@0@@@,pro_activo=@@@1@@@,pro_unidad=@@@0@@@,pro_precio_compra_bruto=92,pro_margen_actual=30.43,pro_capacidad=0.36,pro_funcion_plu=0,pro_flejes=0,pro_iva=1,pro_plu_asociado=0,pro_envase=@@@NO@@@,pro_duracion=0,pro_numero_etiqueta=0 WHERE pro_codigo_plu=@@@12089@@@','',2,'2013-08-09'),(50772,'UPDATE mae_productos SET pro_estado=1 WHERE pro_codigo_plu=12089','',2,'2013-08-09'),(50773,'DELETE FROM mae_impuestos_productos WHERE pro_codigo_plu=@@@12089@@@','',2,'2013-08-09'),(50774,'INSERT INTO gne_vale_ferreteria (vfe_id,vfe_fecha,vfe_total,vfe_estado,vfe_entregado,usu_nusuario) VALUES (7653,@@@2013.08.09@@@,600,1,0,@@@G_DIAZ@@@)','',2,'2013-08-09'),(50775,'INSERT INTO gne_vale_ferreteria_mov (vfe_id,pro_codigo_plu,vfm_cantidad,vfm_unitario,vfm_total,vfm_entregado) VALUES (7653,770098,6,100,600,@@@NO@@@)','',2,'2013-08-09'),(50776,'UPDATE mae_productos SET pro_margen_actual=35.71,pro_precio_venta=380 WHERE pro_codigo_plu=102310','',2,'2013-08-09'),(50777,'UPDATE mae_productos SET pro_margen_actual=35.71,pro_precio_venta=380 WHERE pro_codigo_plu=102311','',2,'2013-08-09'),(50778,'UPDATE mae_productos SET pro_margen_actual=35.71,pro_precio_venta=380 WHERE pro_codigo_plu=102312','',2,'2013-08-09'),(50779,'UPDATE mae_productos SET pro_margen_actual=35.71,pro_precio_venta=380 WHERE pro_codigo_plu=102313','',2,'2013-08-09'),(50780,'UPDATE mae_productos SET pro_margen_actual=30.43,pro_precio_venta=120 WHERE pro_codigo_plu=12089','',2,'2013-08-09'),(50781,'UPDATE mae_productos SET pro_margen_actual=29.95,pro_precio_venta=999 WHERE pro_codigo_plu=780721485','',2,'2013-08-09'),(50782,'UPDATE mae_productos SET pro_margen_actual=29.76,pro_precio_venta=1050 WHERE pro_codigo_plu=780721484','',2,'2013-08-09'),(50783,'UPDATE mae_productos SET pro_precio_fiscal=pro_precio_venta WHERE pro_codigo_plu=780721484','',2,'2013-08-09'),(50784,'UPDATE mae_productos SET pro_precio_fiscal=pro_precio_venta WHERE pro_codigo_plu=780721485','',2,'2013-08-09'),(50785,'UPDATE mae_productos SET pro_margen_actual=59.83,pro_precio_venta=2690 WHERE pro_codigo_plu=780721528','',2,'2013-08-09'),(50786,'UPDATE mae_productos SET pro_margen_actual=59.83,pro_precio_venta=2690 WHERE pro_codigo_plu=780721526','',2,'2013-08-09'),(50787,'INSERT INTO gpr_pack_virtual (pav_id,pav_nombre,pav_total_pack,pav_total_descuento,pav_desde,pav_hasta,pav_tipo,pav_precio,pav_lleva,pav_paga,pav_descuento,pav_porcentaje,pav_oferta_exclusiva,pav_agotar_stock,pav_stock,pav_costo,pav_margen) VALUES (56,@@@PACK PISCO BAUZA 35° + PEPSI 1,5 LT,@@@,3999,699,@@@2013-08-08@@@,@@@2013-09-30@@@,@@@PR@@@,0,0,0,0,0,@@@NO@@@,@@@SI@@@,30,3087.64,29.52)','',2,'2013-08-09'),(50788,'INSERT INTO gpr_pack_virtual_mov (pav_id,pro_codigo_plu,pvm_precio,pvm_total,pvm_lleva,pvm_paga,pvm_descuento,pvm_porcentaje,pvm_total_normal,pvm_descuento_linea,pvm_costo,pvm_margen) VALUES (56,763536,3799,3799,1,1,0,0,3799,0,2637.48,44.04),(56,17269,899,200,1,0.2225,0.7775,0,899,699,450.16,-55.57)','',2,'2013-08-09'),(50789,'INSERT INTO gpr_pack_virtual_horario (pav_id,pvh_dia,pvh_hora_desde,pvh_hora_hasta) VALUES (56,99,@@@00:00@@@,@@@23:59@@@)','',2,'2013-08-09'),(50790,'INSERT INTO gne_vale_ferreteria (vfe_id,vfe_fecha,vfe_total,vfe_estado,vfe_entregado,usu_nusuario) VALUES (7654,@@@2013.08.09@@@,1380,1,0,@@@G_DIAZ@@@)','',2,'2013-08-09'),(50791,'INSERT INTO gne_vale_ferreteria_mov (vfe_id,pro_codigo_plu,vfm_cantidad,vfm_unitario,vfm_total,vfm_entregado) VALUES (7654,19918,3,330,990,@@@NO@@@)','',2,'2013-08-09'),(50792,'INSERT INTO gne_vale_ferreteria_mov (vfe_id,pro_codigo_plu,vfm_cantidad,vfm_unitario,vfm_total,vfm_entregado) VALUES (7654,1535,1,390,390,@@@NO@@@)','',2,'2013-08-09'),(50793,'INSERT INTO gpr_pack_virtual (pav_id,pav_nombre,pav_total_pack,pav_total_descuento,pav_desde,pav_hasta,pav_tipo,pav_precio,pav_lleva,pav_paga,pav_descuento,pav_porcentaje,pav_oferta_exclusiva,pav_agotar_stock,pav_stock,pav_costo,pav_margen) VALUES (57,@@@PACK GALLETAS + GOLPE@@@,1292,348,@@@2013-08-09@@@,@@@2013-08-09@@@,@@@PR@@@,0,0,0,0,0,@@@NO@@@,@@@NO@@@,0,1212,6.6)','',2,'2013-08-09'),(50794,'INSERT INTO gpr_pack_virtual_mov (pav_id,pro_codigo_plu,pvm_precio,pvm_total,pvm_lleva,pvm_paga,pvm_descuento,pvm_porcentaje,pvm_total_normal,pvm_descuento_linea,pvm_costo,pvm_margen) VALUES (57,12089,120,120,1,1,0,0,120,0,92,30.43),(57,102311,380,293,1,0.77,0.23,0,380,87,280,4.64),(57,102310,380,293,1,0.77,0.23,0,380,87,280,4.64),(57,102313,380,293,1,0.77,0.23,0,380,87,280,4.64),(57,102312,380,293,1,0.77,0.23,0,380,87,280,4.64)','',2,'2013-08-09'),(50795,'INSERT INTO gpr_pack_virtual_horario (pav_id,pvh_dia,pvh_hora_desde,pvh_hora_hasta) VALUES (57,99,@@@00:00@@@,@@@23:59@@@)','',2,'2013-08-09'),(50796,'INSERT INTO gne_vale_ferreteria (vfe_id,vfe_fecha,vfe_total,vfe_estado,vfe_entregado,usu_nusuario) VALUES (7655,@@@2013.08.09@@@,300,1,0,@@@G_DIAZ@@@)','',2,'2013-08-09'),(50797,'INSERT INTO gne_vale_ferreteria_mov (vfe_id,pro_codigo_plu,vfm_cantidad,vfm_unitario,vfm_total,vfm_entregado) VALUES (7655,8021,2,150,300,@@@NO@@@)','',2,'2013-08-09'),(50798,'UPDATE gpr_pack_virtual SET pav_nombre=@@@PACK GALLETAS + GOLPE@@@,pav_total_pack=999,pav_total_descuento=261,pav_desde=@@@2013-08-09@@@,pav_hasta=@@@2013-08-09@@@,pav_tipo=@@@PR@@@,pav_precio=0,pav_lleva=0,pav_paga=0,pav_descuento=0,pav_porcentaje=0,pav_oferta_exclusiva=@@@NO@@@,pav_agotar_stock=@@@SI@@@,pav_stock=15,pav_costo=932,pav_margen=7.19 WHERE pav_id=57','',2,'2013-08-09'),(50799,'DELETE FROM gpr_pack_virtual_mov WHERE pav_id=57','',2,'2013-08-09'),(50800,'DELETE FROM gpr_pack_virtual_horario WHERE pav_id=57','',2,'2013-08-09'),(50801,'INSERT INTO gpr_pack_virtual_mov (pav_id,pro_codigo_plu,pvm_precio,pvm_total,pvm_lleva,pvm_paga,pvm_descuento,pvm_porcentaje,pvm_total_normal,pvm_descuento_linea,pvm_costo,pvm_margen) VALUES (57,102311,380,293,1,0.77,0.23,0,380,87,280,4.64),(57,102312,380,293,1,0.77,0.23,0,380,87,280,4.64),(57,12089,120,120,1,1,0,0,120,0,92,30.43),(57,102310,380,293,1,0.77,0.23,0,380,87,280,4.64)','',2,'2013-08-09'),(50802,'INSERT INTO gpr_pack_virtual_horario (pav_id,pvh_dia,pvh_hora_desde,pvh_hora_hasta) VALUES (57,99,@@@00:00@@@,@@@23:59@@@)','',2,'2013-08-09'),(50803,'INSERT INTO gne_vale_ferreteria (vfe_id,vfe_fecha,vfe_total,vfe_estado,vfe_entregado,usu_nusuario) VALUES (7656,@@@2013.08.09@@@,1590,1,0,@@@G_DIAZ@@@)','',2,'2013-08-09'),(50804,'INSERT INTO gne_vale_ferreteria_mov (vfe_id,pro_codigo_plu,vfm_cantidad,vfm_unitario,vfm_total,vfm_entregado) VALUES (7656,78017200,1,1590,1590,@@@NO@@@)','',2,'2013-08-09'),(50805,'INSERT INTO gpr_pack_virtual (pav_id,pav_nombre,pav_total_pack,pav_total_descuento,pav_desde,pav_hasta,pav_tipo,pav_precio,pav_lleva,pav_paga,pav_descuento,pav_porcentaje,pav_oferta_exclusiva,pav_agotar_stock,pav_stock,pav_costo,pav_margen) VALUES (58,@@@PACK BURN ENERGY @@@,2000,580,@@@2013-08-09@@@,@@@2013-09-09@@@,@@@PA@@@,1290,2,1.55,0.45,1,@@@NO@@@,@@@SI@@@,60,1332,50.15)','',2,'2013-08-09'),(50806,'INSERT INTO gpr_pack_virtual_mov (pav_id,pro_codigo_plu,pvm_precio,pvm_total,pvm_lleva,pvm_paga,pvm_descuento,pvm_porcentaje,pvm_total_normal,pvm_descuento_linea,pvm_costo,pvm_margen) VALUES (58,102249,1290,0,1,1,0,0,1290,290,666,50.15)','',2,'2013-08-09'),(50807,'INSERT INTO gpr_pack_virtual_horario (pav_id,pvh_dia,pvh_hora_desde,pvh_hora_hasta) VALUES (58,99,@@@00:00@@@,@@@23:59@@@)','',2,'2013-08-09'),(50808,'INSERT INTO gne_vale_ferreteria (vfe_id,vfe_fecha,vfe_total,vfe_estado,vfe_entregado,usu_nusuario) VALUES (7657,@@@2013.08.10@@@,570,1,0,@@@b_SAEZ@@@)','',2,'2013-08-10'),(50809,'INSERT INTO gne_vale_ferreteria_mov (vfe_id,pro_codigo_plu,vfm_cantidad,vfm_unitario,vfm_total,vfm_entregado) VALUES (7657,780721281,1,180,180,@@@NO@@@)','',2,'2013-08-10'),(50810,'INSERT INTO gne_vale_ferreteria_mov (vfe_id,pro_codigo_plu,vfm_cantidad,vfm_unitario,vfm_total,vfm_entregado) VALUES (7657,780721282,1,390,390,@@@NO@@@)','',2,'2013-08-10'),(50811,'INSERT INTO gne_vale_ferreteria (vfe_id,vfe_fecha,vfe_total,vfe_estado,vfe_entregado,usu_nusuario) VALUES (7658,@@@2013.08.10@@@,350,1,0,@@@b_SAEZ@@@)','',2,'2013-08-10'),(50812,'INSERT INTO gne_vale_ferreteria_mov (vfe_id,pro_codigo_plu,vfm_cantidad,vfm_unitario,vfm_total,vfm_entregado) VALUES (7658,4092,7,50,350,@@@NO@@@)','',2,'2013-08-10'),(50813,'INSERT INTO gne_vale_ferreteria (vfe_id,vfe_fecha,vfe_total,vfe_estado,vfe_entregado,usu_nusuario) VALUES (7659,@@@2013.08.10@@@,440,1,0,@@@b_SAEZ@@@)','',2,'2013-08-10'),(50814,'INSERT INTO gne_vale_ferreteria_mov (vfe_id,pro_codigo_plu,vfm_cantidad,vfm_unitario,vfm_total,vfm_entregado) VALUES (7659,4089,1,200,200,@@@NO@@@)','',2,'2013-08-10'),(50815,'INSERT INTO gne_vale_ferreteria_mov (vfe_id,pro_codigo_plu,vfm_cantidad,vfm_unitario,vfm_total,vfm_entregado) VALUES (7659,78017154,2,120,240,@@@NO@@@)','',2,'2013-08-10'),(50816,'INSERT INTO gne_vale_ferreteria (vfe_id,vfe_fecha,vfe_total,vfe_estado,vfe_entregado,usu_nusuario) VALUES (7660,@@@2013.08.10@@@,680,1,0,@@@b_SAEZ@@@)','',2,'2013-08-10'),(50817,'INSERT INTO gne_vale_ferreteria_mov (vfe_id,pro_codigo_plu,vfm_cantidad,vfm_unitario,vfm_total,vfm_entregado) VALUES (7660,19866,1,680,680,@@@NO@@@)','',2,'2013-08-10'),(50818,'INSERT INTO gne_vale_ferreteria (vfe_id,vfe_fecha,vfe_total,vfe_estado,vfe_entregado,usu_nusuario) VALUES (7661,@@@2013.08.10@@@,390,1,0,@@@b_SAEZ@@@)','',2,'2013-08-10'),(50819,'INSERT INTO gne_vale_ferreteria_mov (vfe_id,pro_codigo_plu,vfm_cantidad,vfm_unitario,vfm_total,vfm_entregado) VALUES (7661,1535,1,390,390,@@@NO@@@)','',2,'2013-08-10'),(50820,'INSERT INTO gne_vale_ferreteria (vfe_id,vfe_fecha,vfe_total,vfe_estado,vfe_entregado,usu_nusuario) VALUES (7662,@@@2013.08.10@@@,1470,1,0,@@@b_SAEZ@@@)','',2,'2013-08-10'),(50821,'INSERT INTO gne_vale_ferreteria_mov (vfe_id,pro_codigo_plu,vfm_cantidad,vfm_unitario,vfm_total,vfm_entregado) VALUES (7662,780721587,3,490,1470,@@@NO@@@)','',2,'2013-08-10'),(50822,'INSERT INTO gne_vale_ferreteria (vfe_id,vfe_fecha,vfe_total,vfe_estado,vfe_entregado,usu_nusuario) VALUES (7663,@@@2013.08.10@@@,310,1,0,@@@b_SAEZ@@@)','',2,'2013-08-10'),(50823,'INSERT INTO gne_vale_ferreteria_mov (vfe_id,pro_codigo_plu,vfm_cantidad,vfm_unitario,vfm_total,vfm_entregado) VALUES (7663,18799,1,310,310,@@@NO@@@)','',2,'2013-08-10'),(50824,'INSERT INTO gne_vale_ferreteria (vfe_id,vfe_fecha,vfe_total,vfe_estado,vfe_entregado,usu_nusuario) VALUES (7664,@@@2013.08.10@@@,720,1,0,@@@b_SAEZ@@@)','',2,'2013-08-10'),(50825,'INSERT INTO gne_vale_ferreteria_mov (vfe_id,pro_codigo_plu,vfm_cantidad,vfm_unitario,vfm_total,vfm_entregado) VALUES (7664,78017050,1,720,720,@@@NO@@@)','',2,'2013-08-10'),(50826,'INSERT INTO gne_vale_ferreteria (vfe_id,vfe_fecha,vfe_total,vfe_estado,vfe_entregado,usu_nusuario) VALUES (7665,@@@2013.08.10@@@,1890,1,0,@@@b_SAEZ@@@)','',2,'2013-08-10'),(50827,'INSERT INTO gne_vale_ferreteria_mov (vfe_id,pro_codigo_plu,vfm_cantidad,vfm_unitario,vfm_total,vfm_entregado) VALUES (7665,101622,1,1890,1890,@@@NO@@@)','',2,'2013-08-10'),(50828,'INSERT INTO gne_vale_ferreteria (vfe_id,vfe_fecha,vfe_total,vfe_estado,vfe_entregado,usu_nusuario) VALUES (7666,@@@2013.08.10@@@,150,1,0,@@@b_SAEZ@@@)','',2,'2013-08-10'),(50829,'INSERT INTO gne_vale_ferreteria_mov (vfe_id,pro_codigo_plu,vfm_cantidad,vfm_unitario,vfm_total,vfm_entregado) VALUES (7666,8021,1,150,150,@@@NO@@@)','',2,'2013-08-10'),(50830,'INSERT INTO gne_vale_ferreteria (vfe_id,vfe_fecha,vfe_total,vfe_estado,vfe_entregado,usu_nusuario) VALUES (7667,@@@2013.08.10@@@,450,1,0,@@@b_SAEZ@@@)','',2,'2013-08-10'),(50831,'INSERT INTO gne_vale_ferreteria_mov (vfe_id,pro_codigo_plu,vfm_cantidad,vfm_unitario,vfm_total,vfm_entregado) VALUES (7667,78017202,1,450,450,@@@NO@@@)','',2,'2013-08-10'),(50832,'INSERT INTO gne_vale_ferreteria (vfe_id,vfe_fecha,vfe_total,vfe_estado,vfe_entregado,usu_nusuario) VALUES (7668,@@@2013.08.10@@@,480,1,0,@@@b_SAEZ@@@)','',2,'2013-08-10'),(50833,'INSERT INTO gne_vale_ferreteria_mov (vfe_id,pro_codigo_plu,vfm_cantidad,vfm_unitario,vfm_total,vfm_entregado) VALUES (7668,15949,1,480,480,@@@NO@@@)','',2,'2013-08-10'),(50834,'INSERT INTO gne_vale_ferreteria (vfe_id,vfe_fecha,vfe_total,vfe_estado,vfe_entregado,usu_nusuario) VALUES (7669,@@@2013.08.10@@@,1390,1,0,@@@b_SAEZ@@@)','',2,'2013-08-10'),(50835,'INSERT INTO gne_vale_ferreteria_mov (vfe_id,pro_codigo_plu,vfm_cantidad,vfm_unitario,vfm_total,vfm_entregado) VALUES (7669,763922,1,1390,1390,@@@NO@@@)','',2,'2013-08-10'),(50836,'INSERT INTO gne_vale_ferreteria (vfe_id,vfe_fecha,vfe_total,vfe_estado,vfe_entregado,usu_nusuario) VALUES (7670,@@@2013.08.10@@@,1000,1,0,@@@b_SAEZ@@@)','',2,'2013-08-10'),(50837,'INSERT INTO gne_vale_ferreteria_mov (vfe_id,pro_codigo_plu,vfm_cantidad,vfm_unitario,vfm_total,vfm_entregado) VALUES (7670,78017111,10,100,1000,@@@NO@@@)','',2,'2013-08-10'),(50838,'INSERT INTO gne_vale_ferreteria (vfe_id,vfe_fecha,vfe_total,vfe_estado,vfe_entregado,usu_nusuario) VALUES (7671,@@@2013.08.10@@@,300,1,0,@@@b_SAEZ@@@)','',2,'2013-08-10'),(50839,'INSERT INTO gne_vale_ferreteria_mov (vfe_id,pro_codigo_plu,vfm_cantidad,vfm_unitario,vfm_total,vfm_entregado) VALUES (7671,8021,2,150,300,@@@NO@@@)','',2,'2013-08-10'),(50840,'INSERT INTO gne_vale_ferreteria (vfe_id,vfe_fecha,vfe_total,vfe_estado,vfe_entregado,usu_nusuario) VALUES (7672,@@@2013.08.10@@@,620,1,0,@@@b_SAEZ@@@)','',2,'2013-08-10'),(50841,'INSERT INTO gne_vale_ferreteria_mov (vfe_id,pro_codigo_plu,vfm_cantidad,vfm_unitario,vfm_total,vfm_entregado) VALUES (7672,11378,1,620,620,@@@NO@@@)','',2,'2013-08-10'),(50842,'INSERT INTO gne_vale_ferreteria (vfe_id,vfe_fecha,vfe_total,vfe_estado,vfe_entregado,usu_nusuario) VALUES (7673,@@@2013.08.10@@@,150,1,0,@@@b_SAEZ@@@)','',2,'2013-08-10'),(50843,'INSERT INTO gne_vale_ferreteria_mov (vfe_id,pro_codigo_plu,vfm_cantidad,vfm_unitario,vfm_total,vfm_entregado) VALUES (7673,8021,1,150,150,@@@NO@@@)','',2,'2013-08-10'),(50844,'INSERT INTO gne_vale_ferreteria (vfe_id,vfe_fecha,vfe_total,vfe_estado,vfe_entregado,usu_nusuario) VALUES (7674,@@@2013.08.10@@@,1230,1,0,@@@b_SAEZ@@@)','',2,'2013-08-10'),(50845,'INSERT INTO gne_vale_ferreteria_mov (vfe_id,pro_codigo_plu,vfm_cantidad,vfm_unitario,vfm_total,vfm_entregado) VALUES (7674,761984,1,350,350,@@@NO@@@)','',2,'2013-08-10'),(50846,'INSERT INTO gne_vale_ferreteria_mov (vfe_id,pro_codigo_plu,vfm_cantidad,vfm_unitario,vfm_total,vfm_entregado) VALUES (7674,762000,1,690,690,@@@NO@@@)','',2,'2013-08-10'),(50847,'INSERT INTO gne_vale_ferreteria_mov (vfe_id,pro_codigo_plu,vfm_cantidad,vfm_unitario,vfm_total,vfm_entregado) VALUES (7674,78016987,1,190,190,@@@NO@@@)','',2,'2013-08-10'),(50848,'INSERT INTO gne_vale_ferreteria (vfe_id,vfe_fecha,vfe_total,vfe_estado,vfe_entregado,usu_nusuario) VALUES (7675,@@@2013.08.10@@@,250,1,0,@@@b_SAEZ@@@)','',2,'2013-08-10'),(50849,'INSERT INTO gne_vale_ferreteria_mov (vfe_id,pro_codigo_plu,vfm_cantidad,vfm_unitario,vfm_total,vfm_entregado) VALUES (7675,764583,1,250,250,@@@NO@@@)','',2,'2013-08-10'),(50850,'INSERT INTO gne_vale_ferreteria (vfe_id,vfe_fecha,vfe_total,vfe_estado,vfe_entregado,usu_nusuario) VALUES (7676,@@@2013.08.10@@@,1780,1,0,@@@b_SAEZ@@@)','',2,'2013-08-10'),(50851,'INSERT INTO gne_vale_ferreteria_mov (vfe_id,pro_codigo_plu,vfm_cantidad,vfm_unitario,vfm_total,vfm_entregado) VALUES (7676,2014,2,890,1780,@@@NO@@@)','',2,'2013-08-10'),(50852,'INSERT INTO gne_vale_ferreteria (vfe_id,vfe_fecha,vfe_total,vfe_estado,vfe_entregado,usu_nusuario) VALUES (7677,@@@2013.08.10@@@,1700,1,0,@@@b_SAEZ@@@)','',2,'2013-08-10'),(50853,'INSERT INTO gne_vale_ferreteria_mov (vfe_id,pro_codigo_plu,vfm_cantidad,vfm_unitario,vfm_total,vfm_entregado) VALUES (7677,780721478,1,1490,1490,@@@NO@@@)','',2,'2013-08-10'),(50854,'INSERT INTO gne_vale_ferreteria_mov (vfe_id,pro_codigo_plu,vfm_cantidad,vfm_unitario,vfm_total,vfm_entregado) VALUES (7677,764122,1,210,210,@@@NO@@@)','',2,'2013-08-10'),(50855,'INSERT INTO gne_vale_ferreteria (vfe_id,vfe_fecha,vfe_total,vfe_estado,vfe_entregado,usu_nusuario) VALUES (7678,@@@2013.08.10@@@,120,1,0,@@@b_SAEZ@@@)','',2,'2013-08-10'),(50856,'INSERT INTO gne_vale_ferreteria_mov (vfe_id,pro_codigo_plu,vfm_cantidad,vfm_unitario,vfm_total,vfm_entregado) VALUES (7678,8022,1,120,120,@@@NO@@@)','',2,'2013-08-10'),(50857,'INSERT INTO gne_vale_ferreteria (vfe_id,vfe_fecha,vfe_total,vfe_estado,vfe_entregado,usu_nusuario) VALUES (7679,@@@2013.08.10@@@,290,1,0,@@@b_SAEZ@@@)','',2,'2013-08-10'),(50858,'INSERT INTO gne_vale_ferreteria_mov (vfe_id,pro_codigo_plu,vfm_cantidad,vfm_unitario,vfm_total,vfm_entregado) VALUES (7679,763830,1,290,290,@@@NO@@@)','',2,'2013-08-10'),(50859,'INSERT INTO gne_vale_ferreteria (vfe_id,vfe_fecha,vfe_total,vfe_estado,vfe_entregado,usu_nusuario) VALUES (7680,@@@2013.08.10@@@,1550,1,0,@@@b_SAEZ@@@)','',2,'2013-08-10'),(50860,'INSERT INTO gne_vale_ferreteria_mov (vfe_id,pro_codigo_plu,vfm_cantidad,vfm_unitario,vfm_total,vfm_entregado) VALUES (7680,12033,1,1550,1550,@@@NO@@@)','',2,'2013-08-10'),(50861,'INSERT INTO gne_vale_ferreteria (vfe_id,vfe_fecha,vfe_total,vfe_estado,vfe_entregado,usu_nusuario) VALUES (7681,@@@2013.08.10@@@,1450,1,0,@@@b_SAEZ@@@)','',2,'2013-08-10'),(50862,'INSERT INTO gne_vale_ferreteria_mov (vfe_id,pro_codigo_plu,vfm_cantidad,vfm_unitario,vfm_total,vfm_entregado) VALUES (7681,15668,1,1450,1450,@@@NO@@@)','',2,'2013-08-10'),(50863,'INSERT INTO gne_vale_ferreteria (vfe_id,vfe_fecha,vfe_total,vfe_estado,vfe_entregado,usu_nusuario) VALUES (7682,@@@2013.08.10@@@,560,1,0,@@@b_SAEZ@@@)','',2,'2013-08-10'),(50864,'INSERT INTO gne_vale_ferreteria_mov (vfe_id,pro_codigo_plu,vfm_cantidad,vfm_unitario,vfm_total,vfm_entregado) VALUES (7682,1535,1,390,390,@@@NO@@@)','',2,'2013-08-10'),(50865,'INSERT INTO gne_vale_ferreteria_mov (vfe_id,pro_codigo_plu,vfm_cantidad,vfm_unitario,vfm_total,vfm_entregado) VALUES (7682,78017154,1,120,120,@@@NO@@@)','',2,'2013-08-10'),(50866,'INSERT INTO gne_vale_ferreteria_mov (vfe_id,pro_codigo_plu,vfm_cantidad,vfm_unitario,vfm_total,vfm_entregado) VALUES (7682,1545,1,50,50,@@@NO@@@)','',2,'2013-08-10'),(50867,'INSERT INTO gne_vale_ferreteria (vfe_id,vfe_fecha,vfe_total,vfe_estado,vfe_entregado,usu_nusuario) VALUES (7683,@@@2013.08.10@@@,490,1,0,@@@b_SAEZ@@@)','',2,'2013-08-10'),(50868,'INSERT INTO gne_vale_ferreteria_mov (vfe_id,pro_codigo_plu,vfm_cantidad,vfm_unitario,vfm_total,vfm_entregado) VALUES (7683,21135,1,200,200,@@@NO@@@)','',2,'2013-08-10'),(50869,'INSERT INTO gne_vale_ferreteria_mov (vfe_id,pro_codigo_plu,vfm_cantidad,vfm_unitario,vfm_total,vfm_entregado) VALUES (7683,1536,1,290,290,@@@NO@@@)','',2,'2013-08-10'),(50870,'INSERT INTO gne_vale_ferreteria (vfe_id,vfe_fecha,vfe_total,vfe_estado,vfe_entregado,usu_nusuario) VALUES (7684,@@@2013.08.10@@@,960,1,0,@@@b_SAEZ@@@)','',2,'2013-08-10'),(50871,'INSERT INTO gne_vale_ferreteria_mov (vfe_id,pro_codigo_plu,vfm_cantidad,vfm_unitario,vfm_total,vfm_entregado) VALUES (7684,15949,2,480,960,@@@NO@@@)','',2,'2013-08-10'),(50872,'INSERT INTO gne_vale_ferreteria (vfe_id,vfe_fecha,vfe_total,vfe_estado,vfe_entregado,usu_nusuario) VALUES (7685,@@@2013.08.10@@@,500,1,0,@@@b_SAEZ@@@)','',2,'2013-08-10'),(50873,'INSERT INTO gne_vale_ferreteria_mov (vfe_id,pro_codigo_plu,vfm_cantidad,vfm_unitario,vfm_total,vfm_entregado) VALUES (7685,78017208,2,250,500,@@@NO@@@)','',2,'2013-08-10'),(50874,'INSERT INTO mae_productos (pro_codigo_plu,pro_codigo_barra,pro_tipo,pro_nombre_producto,pro_nombre_corto,med_id,emb_id,pro_unidades_embalaje,dep_id,lin_id,mar_id,pro_precio_compra_neto,pro_precio_compra_bruto,pro_precio_venta,pro_margen_actual,pro_oferta,pro_fecha_inicio_oferta,pro_fecha_termino_oferta,pro_precio_oferta,pro_stock_minimo,pro_stock_critico,pro_entradas_bodega,pro_salidas_bodega,pro_mermas_bodega,pro_ajustes_bodega,pro_entradas_sv,pro_salidas_sv,pro_mermas_sv,pro_ajustes_sv,pro_activo,rec_numero,pro_unidad,pro_capacidad,pro_consumo_bodega,pro_consumo_sv,pro_estado,pro_funcion_plu,pro_flejes,pro_iva,pro_plu_asociado,pro_envase,pro_duracion,pro_numero_etiqueta) VALUES (780721632,@@@7803473002815@@@,@@@0@@@,@@@KEQUITOS SABOR LIMON 100GR@@@,@@@KEQUITOS SABOR L@@@,@@@5 @@@,@@@9 @@@,@@@1@@@,@@@32 @@@,@@@215@@@,@@@1762@@@,@@@0@@@,@@@230.86@@@,@@@300@@@,@@@29.95@@@,@@@@@@,@@@2006.09.07@@@,@@@2006.09.07@@@,@@@0@@@,@@@3@@@,@@@1@@@,@@@0@@@,@@@0@@@,@@@0@@@,@@@0@@@,@@@0@@@,@@@0@@@,@@@0@@@,@@@0@@@,@@@1@@@,@@@0@@@,0,100,0,0,2,0,1,1,0,@@@NO@@@,0,0)','',2,'2013-08-10'),(50875,'DELETE FROM mae_impuestos_productos WHERE pro_codigo_plu=@@@780721632@@@','',2,'2013-08-10'),(50876,'INSERT INTO gne_vale_ferreteria (vfe_id,vfe_fecha,vfe_total,vfe_estado,vfe_entregado,usu_nusuario) VALUES (7686,@@@2013.08.10@@@,940,1,0,@@@b_SAEZ@@@)','',2,'2013-08-10'),(50877,'INSERT INTO gne_vale_ferreteria_mov (vfe_id,pro_codigo_plu,vfm_cantidad,vfm_unitario,vfm_total,vfm_entregado) VALUES (7686,78017111,3,100,300,@@@NO@@@)','',2,'2013-08-10'),(50878,'INSERT INTO gne_vale_ferreteria_mov (vfe_id,pro_codigo_plu,vfm_cantidad,vfm_unitario,vfm_total,vfm_entregado) VALUES (7686,770066,1,490,490,@@@NO@@@)','',2,'2013-08-10'),(50879,'INSERT INTO gne_vale_ferreteria_mov (vfe_id,pro_codigo_plu,vfm_cantidad,vfm_unitario,vfm_total,vfm_entregado) VALUES (7686,8021,1,150,150,@@@NO@@@)','',2,'2013-08-10'),(50880,'INSERT INTO gne_vale_ferreteria (vfe_id,vfe_fecha,vfe_total,vfe_estado,vfe_entregado,usu_nusuario) VALUES (7687,@@@2013.08.10@@@,850,1,0,@@@b_SAEZ@@@)','',2,'2013-08-10'),(50881,'INSERT INTO gne_vale_ferreteria_mov (vfe_id,pro_codigo_plu,vfm_cantidad,vfm_unitario,vfm_total,vfm_entregado) VALUES (7687,780721221,2,300,600,@@@NO@@@)','',2,'2013-08-10'),(50882,'INSERT INTO gne_vale_ferreteria_mov (vfe_id,pro_codigo_plu,vfm_cantidad,vfm_unitario,vfm_total,vfm_entregado) VALUES (7687,12608,1,250,250,@@@NO@@@)','',2,'2013-08-10'),(50883,'INSERT INTO gne_vale_ferreteria (vfe_id,vfe_fecha,vfe_total,vfe_estado,vfe_entregado,usu_nusuario) VALUES (7688,@@@2013.08.10@@@,2600,1,0,@@@b_SAEZ@@@)','',2,'2013-08-10'),(50884,'INSERT INTO gne_vale_ferreteria_mov (vfe_id,pro_codigo_plu,vfm_cantidad,vfm_unitario,vfm_total,vfm_entregado) VALUES (7688,78017208,2,250,500,@@@NO@@@)','',2,'2013-08-10'),(50885,'INSERT INTO gne_vale_ferreteria_mov (vfe_id,pro_codigo_plu,vfm_cantidad,vfm_unitario,vfm_total,vfm_entregado) VALUES (7688,763945,1,2100,2100,@@@NO@@@)','',2,'2013-08-10'),(50886,'INSERT INTO gne_vale_ferreteria (vfe_id,vfe_fecha,vfe_total,vfe_estado,vfe_entregado,usu_nusuario) VALUES (7689,@@@2013.08.10@@@,980,1,0,@@@b_SAEZ@@@)','',2,'2013-08-10'),(50887,'INSERT INTO gne_vale_ferreteria_mov (vfe_id,pro_codigo_plu,vfm_cantidad,vfm_unitario,vfm_total,vfm_entregado) VALUES (7689,19876,1,980,980,@@@NO@@@)','',2,'2013-08-10'),(50888,'INSERT INTO gne_vale_ferreteria (vfe_id,vfe_fecha,vfe_total,vfe_estado,vfe_entregado,usu_nusuario) VALUES (7690,@@@2013.08.10@@@,200,1,0,@@@b_SAEZ@@@)','',2,'2013-08-10'),(50889,'INSERT INTO gne_vale_ferreteria_mov (vfe_id,pro_codigo_plu,vfm_cantidad,vfm_unitario,vfm_total,vfm_entregado) VALUES (7690,764702,1,200,200,@@@NO@@@)','',2,'2013-08-10'),(50890,'INSERT INTO gne_vale_ferreteria (vfe_id,vfe_fecha,vfe_total,vfe_estado,vfe_entregado,usu_nusuario) VALUES (7691,@@@2013.08.10@@@,3120,1,0,@@@b_SAEZ@@@)','',2,'2013-08-10'),(50891,'INSERT INTO gne_vale_ferreteria_mov (vfe_id,pro_codigo_plu,vfm_cantidad,vfm_unitario,vfm_total,vfm_entregado) VALUES (7691,765064,9,280,2520,@@@NO@@@)','',2,'2013-08-10'),(50892,'INSERT INTO gne_vale_ferreteria_mov (vfe_id,pro_codigo_plu,vfm_cantidad,vfm_unitario,vfm_total,vfm_entregado) VALUES (7691,77009,2,300,600,@@@NO@@@)','',2,'2013-08-10'),(50893,'UPDATE mae_productos SET pro_precio_venta=310,pro_margen_actual=34.28, pro_precio_compra_bruto=230.86, pro_precio_compra_neto=194 WHERE pro_codigo_plu=780721632','',2,'2013-08-10'),(50894,'UPDATE mae_productos SET pro_precio_venta=1550,pro_margen_actual=34.28, pro_precio_compra_bruto=1154.3, pro_precio_compra_neto=970 WHERE pro_codigo_plu=763530','',2,'2013-08-10'),(50895,'UPDATE mae_productos SET pro_precio_fiscal=pro_precio_venta WHERE pro_codigo_plu=763530','',2,'2013-08-10'),(50896,'UPDATE mae_productos SET pro_precio_fiscal=pro_precio_venta WHERE pro_codigo_plu=780721632','',2,'2013-08-10'),(50897,'UPDATE mae_productos SET pro_precio_fiscal=pro_precio_venta WHERE pro_codigo_plu=780721528','',2,'2013-08-10'),(50898,'UPDATE mae_productos SET pro_precio_fiscal=pro_precio_venta WHERE pro_codigo_plu=780721526','',2,'2013-08-10'),(50899,'INSERT INTO gne_vale_ferreteria (vfe_id,vfe_fecha,vfe_total,vfe_estado,vfe_entregado,usu_nusuario) VALUES (7692,@@@2013.08.10@@@,1490,1,0,@@@b_SAEZ@@@)','',2,'2013-08-10'),(50900,'INSERT INTO gne_vale_ferreteria_mov (vfe_id,pro_codigo_plu,vfm_cantidad,vfm_unitario,vfm_total,vfm_entregado) VALUES (7692,780721473,1,1490,1490,@@@NO@@@)','',2,'2013-08-10'),(50901,'INSERT INTO gne_vale_ferreteria (vfe_id,vfe_fecha,vfe_total,vfe_estado,vfe_entregado,usu_nusuario) VALUES (7693,@@@2013.08.10@@@,399,1,0,@@@b_SAEZ@@@)','',2,'2013-08-10'),(50902,'INSERT INTO gne_vale_ferreteria_mov (vfe_id,pro_codigo_plu,vfm_cantidad,vfm_unitario,vfm_total,vfm_entregado) VALUES (7693,763721,1,399,399,@@@NO@@@)','',2,'2013-08-10'),(50903,'INSERT INTO gne_vale_ferreteria (vfe_id,vfe_fecha,vfe_total,vfe_estado,vfe_entregado,usu_nusuario) VALUES (7694,@@@2013.08.10@@@,2889,1,0,@@@b_SAEZ@@@)','',2,'2013-08-10'),(50904,'INSERT INTO gne_vale_ferreteria_mov (vfe_id,pro_codigo_plu,vfm_cantidad,vfm_unitario,vfm_total,vfm_entregado) VALUES (7694,763622,1,1399,1399,@@@NO@@@)','',2,'2013-08-10'),(50905,'INSERT INTO gne_vale_ferreteria_mov (vfe_id,pro_codigo_plu,vfm_cantidad,vfm_unitario,vfm_total,vfm_entregado) VALUES (7694,1087,1,1490,1490,@@@NO@@@)','',2,'2013-08-10'),(50906,'INSERT INTO gne_vale_ferreteria (vfe_id,vfe_fecha,vfe_total,vfe_estado,vfe_entregado,usu_nusuario) VALUES (7695,@@@2013.08.10@@@,1240,1,0,@@@b_SAEZ@@@)','',2,'2013-08-10'),(50907,'INSERT INTO gne_vale_ferreteria_mov (vfe_id,pro_codigo_plu,vfm_cantidad,vfm_unitario,vfm_total,vfm_entregado) VALUES (7695,19803,1,520,520,@@@NO@@@)','',2,'2013-08-10'),(50908,'INSERT INTO gne_vale_ferreteria_mov (vfe_id,pro_codigo_plu,vfm_cantidad,vfm_unitario,vfm_total,vfm_entregado) VALUES (7695,78017050,1,720,720,@@@NO@@@)','',2,'2013-08-10'),(50909,'INSERT INTO gne_vale_ferreteria (vfe_id,vfe_fecha,vfe_total,vfe_estado,vfe_entregado,usu_nusuario) VALUES (7696,@@@2013.08.10@@@,1290,1,0,@@@b_SAEZ@@@)','',2,'2013-08-10'),(50910,'INSERT INTO gne_vale_ferreteria_mov (vfe_id,pro_codigo_plu,vfm_cantidad,vfm_unitario,vfm_total,vfm_entregado) VALUES (7696,764692,1,1290,1290,@@@NO@@@)','',2,'2013-08-10'),(50911,'INSERT INTO gne_vale_ferreteria (vfe_id,vfe_fecha,vfe_total,vfe_estado,vfe_entregado,usu_nusuario) VALUES (7697,@@@2013.08.10@@@,7980,1,0,@@@b_SAEZ@@@)','',2,'2013-08-10'),(50912,'INSERT INTO gne_vale_ferreteria_mov (vfe_id,pro_codigo_plu,vfm_cantidad,vfm_unitario,vfm_total,vfm_entregado) VALUES (7697,780721537,1,4990,4990,@@@NO@@@)','',2,'2013-08-10'),(50913,'INSERT INTO gne_vale_ferreteria_mov (vfe_id,pro_codigo_plu,vfm_cantidad,vfm_unitario,vfm_total,vfm_entregado) VALUES (7697,780721548,1,2990,2990,@@@NO@@@)','',2,'2013-08-10'),(50914,'INSERT INTO gne_vale_ferreteria (vfe_id,vfe_fecha,vfe_total,vfe_estado,vfe_entregado,usu_nusuario) VALUES (7698,@@@2013.08.10@@@,990,1,0,@@@b_SAEZ@@@)','',2,'2013-08-10'),(50915,'INSERT INTO gne_vale_ferreteria_mov (vfe_id,pro_codigo_plu,vfm_cantidad,vfm_unitario,vfm_total,vfm_entregado) VALUES (7698,764043,1,990,990,@@@NO@@@)','',2,'2013-08-10'),(50916,'INSERT INTO gne_vale_ferreteria (vfe_id,vfe_fecha,vfe_total,vfe_estado,vfe_entregado,usu_nusuario) VALUES (7699,@@@2013.08.10@@@,2490,1,0,@@@b_SAEZ@@@)','',2,'2013-08-10'),(50917,'INSERT INTO gne_vale_ferreteria_mov (vfe_id,pro_codigo_plu,vfm_cantidad,vfm_unitario,vfm_total,vfm_entregado) VALUES (7699,780721555,1,2490,2490,@@@NO@@@)','',2,'2013-08-10'),(50918,'INSERT INTO gne_vale_ferreteria (vfe_id,vfe_fecha,vfe_total,vfe_estado,vfe_entregado,usu_nusuario) VALUES (7700,@@@2013.08.10@@@,300,1,0,@@@b_SAEZ@@@)','',2,'2013-08-10'),(50919,'INSERT INTO gne_vale_ferreteria_mov (vfe_id,pro_codigo_plu,vfm_cantidad,vfm_unitario,vfm_total,vfm_entregado) VALUES (7700,800001,1,300,300,@@@NO@@@)','',2,'2013-08-10'),(50920,'INSERT INTO gne_vale_ferreteria (vfe_id,vfe_fecha,vfe_total,vfe_estado,vfe_entregado,usu_nusuario) VALUES (7701,@@@2013.08.10@@@,890,1,0,@@@b_SAEZ@@@)','',2,'2013-08-10'),(50921,'INSERT INTO gne_vale_ferreteria_mov (vfe_id,pro_codigo_plu,vfm_cantidad,vfm_unitario,vfm_total,vfm_entregado) VALUES (7701,20880,1,890,890,@@@NO@@@)','',2,'2013-08-10'),(50922,'INSERT INTO gne_vale_ferreteria (vfe_id,vfe_fecha,vfe_total,vfe_estado,vfe_entregado,usu_nusuario) VALUES (7702,@@@2013.08.10@@@,300,1,0,@@@b_SAEZ@@@)','',2,'2013-08-10'),(50923,'INSERT INTO gne_vale_ferreteria_mov (vfe_id,pro_codigo_plu,vfm_cantidad,vfm_unitario,vfm_total,vfm_entregado) VALUES (7702,1542,3,100,300,@@@NO@@@)','',2,'2013-08-10'),(50924,'INSERT INTO gne_vale_ferreteria (vfe_id,vfe_fecha,vfe_total,vfe_estado,vfe_entregado,usu_nusuario) VALUES (7703,@@@2013.08.10@@@,6380,1,0,@@@b_SAEZ@@@)','',2,'2013-08-10'),(50925,'INSERT INTO gne_vale_ferreteria_mov (vfe_id,pro_codigo_plu,vfm_cantidad,vfm_unitario,vfm_total,vfm_entregado) VALUES (7703,780721194,1,3990,3990,@@@NO@@@)','',2,'2013-08-10'),(50926,'INSERT INTO gne_vale_ferreteria_mov (vfe_id,pro_codigo_plu,vfm_cantidad,vfm_unitario,vfm_total,vfm_entregado) VALUES (7703,780721622,1,2390,2390,@@@NO@@@)','',2,'2013-08-10'),(50927,'INSERT INTO gne_vale_ferreteria (vfe_id,vfe_fecha,vfe_total,vfe_estado,vfe_entregado,usu_nusuario) VALUES (7704,@@@2013.08.10@@@,3390,1,0,@@@b_SAEZ@@@)','',2,'2013-08-10'),(50928,'INSERT INTO gne_vale_ferreteria_mov (vfe_id,pro_codigo_plu,vfm_cantidad,vfm_unitario,vfm_total,vfm_entregado) VALUES (7704,780721569,1,3390,3390,@@@NO@@@)','',2,'2013-08-10'),(50929,'INSERT INTO gne_vale_ferreteria (vfe_id,vfe_fecha,vfe_total,vfe_estado,vfe_entregado,usu_nusuario) VALUES (7705,@@@2013.08.10@@@,2790,1,0,@@@b_SAEZ@@@)','',2,'2013-08-10'),(50930,'INSERT INTO gne_vale_ferreteria_mov (vfe_id,pro_codigo_plu,vfm_cantidad,vfm_unitario,vfm_total,vfm_entregado) VALUES (7705,761743,1,2790,2790,@@@NO@@@)','',2,'2013-08-10'),(50931,'INSERT INTO gne_vale_ferreteria (vfe_id,vfe_fecha,vfe_total,vfe_estado,vfe_entregado,usu_nusuario) VALUES (7706,@@@2013.08.10@@@,980,1,0,@@@b_SAEZ@@@)','',2,'2013-08-10'),(50932,'INSERT INTO gne_vale_ferreteria_mov (vfe_id,pro_codigo_plu,vfm_cantidad,vfm_unitario,vfm_total,vfm_entregado) VALUES (7706,770005,2,490,980,@@@NO@@@)','',2,'2013-08-10'),(50933,'INSERT INTO gne_vale_ferreteria (vfe_id,vfe_fecha,vfe_total,vfe_estado,vfe_entregado,usu_nusuario) VALUES (7707,@@@2013.08.10@@@,300,1,0,@@@b_SAEZ@@@)','',2,'2013-08-10'),(50934,'INSERT INTO gne_vale_ferreteria_mov (vfe_id,pro_codigo_plu,vfm_cantidad,vfm_unitario,vfm_total,vfm_entregado) VALUES (7707,764383,1,50,50,@@@NO@@@)','',2,'2013-08-10'),(50935,'INSERT INTO gne_vale_ferreteria_mov (vfe_id,pro_codigo_plu,vfm_cantidad,vfm_unitario,vfm_total,vfm_entregado) VALUES (7707,780721186,1,250,250,@@@NO@@@)','',2,'2013-08-10'),(50936,'INSERT INTO gne_vale_ferreteria (vfe_id,vfe_fecha,vfe_total,vfe_estado,vfe_entregado,usu_nusuario) VALUES (7708,@@@2013.08.10@@@,1190,1,0,@@@b_SAEZ@@@)','',2,'2013-08-10'),(50937,'INSERT INTO gne_vale_ferreteria_mov (vfe_id,pro_codigo_plu,vfm_cantidad,vfm_unitario,vfm_total,vfm_entregado) VALUES (7708,2008,1,990,990,@@@NO@@@)','',2,'2013-08-10'),(50938,'INSERT INTO gne_vale_ferreteria_mov (vfe_id,pro_codigo_plu,vfm_cantidad,vfm_unitario,vfm_total,vfm_entregado) VALUES (7708,1542,2,100,200,@@@NO@@@)','',2,'2013-08-10'),(50939,'INSERT INTO gne_vale_ferreteria (vfe_id,vfe_fecha,vfe_total,vfe_estado,vfe_entregado,usu_nusuario) VALUES (7709,@@@2013.08.10@@@,1100,1,0,@@@b_SAEZ@@@)','',2,'2013-08-10'),(50940,'INSERT INTO gne_vale_ferreteria_mov (vfe_id,pro_codigo_plu,vfm_cantidad,vfm_unitario,vfm_total,vfm_entregado) VALUES (7709,780721583,1,1100,1100,@@@NO@@@)','',2,'2013-08-10'),(50941,'INSERT INTO gne_vale_ferreteria (vfe_id,vfe_fecha,vfe_total,vfe_estado,vfe_entregado,usu_nusuario) VALUES (7710,@@@2013.08.10@@@,11470,1,0,@@@b_SAEZ@@@)','',2,'2013-08-10'),(50942,'INSERT INTO gne_vale_ferreteria_mov (vfe_id,pro_codigo_plu,vfm_cantidad,vfm_unitario,vfm_total,vfm_entregado) VALUES (7710,761743,1,2790,2790,@@@NO@@@)','',2,'2013-08-10'),(50943,'INSERT INTO gne_vale_ferreteria_mov (vfe_id,pro_codigo_plu,vfm_cantidad,vfm_unitario,vfm_total,vfm_entregado) VALUES (7710,780721583,1,1100,1100,@@@NO@@@)','',2,'2013-08-10'),(50944,'INSERT INTO gne_vale_ferreteria_mov (vfe_id,pro_codigo_plu,vfm_cantidad,vfm_unitario,vfm_total,vfm_entregado) VALUES (7710,762697,1,3590,3590,@@@NO@@@)','',2,'2013-08-10'),(50945,'INSERT INTO gne_vale_ferreteria_mov (vfe_id,pro_codigo_plu,vfm_cantidad,vfm_unitario,vfm_total,vfm_entregado) VALUES (7710,780721194,1,3990,3990,@@@NO@@@)','',2,'2013-08-10'),(50946,'INSERT INTO gne_vale_ferreteria (vfe_id,vfe_fecha,vfe_total,vfe_estado,vfe_entregado,usu_nusuario) VALUES (7711,@@@2013.08.10@@@,1550,1,0,@@@b_SAEZ@@@)','',2,'2013-08-10'),(50947,'INSERT INTO gne_vale_ferreteria_mov (vfe_id,pro_codigo_plu,vfm_cantidad,vfm_unitario,vfm_total,vfm_entregado) VALUES (7711,8022,3,120,360,@@@NO@@@)','',2,'2013-08-10'),(50948,'INSERT INTO gne_vale_ferreteria_mov (vfe_id,pro_codigo_plu,vfm_cantidad,vfm_unitario,vfm_total,vfm_entregado) VALUES (7711,78017055,1,790,790,@@@NO@@@)','',2,'2013-08-10'),(50949,'INSERT INTO gne_vale_ferreteria_mov (vfe_id,pro_codigo_plu,vfm_cantidad,vfm_unitario,vfm_total,vfm_entregado) VALUES (7711,4077,2,200,400,@@@NO@@@)','',2,'2013-08-10'),(50950,'INSERT INTO gne_vale_ferreteria (vfe_id,vfe_fecha,vfe_total,vfe_estado,vfe_entregado,usu_nusuario) VALUES (7712,@@@2013.08.10@@@,4680,1,0,@@@b_SAEZ@@@)','',2,'2013-08-10'),(50951,'INSERT INTO gne_vale_ferreteria_mov (vfe_id,pro_codigo_plu,vfm_cantidad,vfm_unitario,vfm_total,vfm_entregado) VALUES (7712,780721589,1,3490,3490,@@@NO@@@)','',2,'2013-08-10'),(50952,'INSERT INTO gne_vale_ferreteria_mov (vfe_id,pro_codigo_plu,vfm_cantidad,vfm_unitario,vfm_total,vfm_entregado) VALUES (7712,7500895,1,1190,1190,@@@NO@@@)','',2,'2013-08-10'),(50953,'INSERT INTO gne_vale_ferreteria (vfe_id,vfe_fecha,vfe_total,vfe_estado,vfe_entregado,usu_nusuario) VALUES (7713,@@@2013.08.10@@@,2590,1,0,@@@b_SAEZ@@@)','',2,'2013-08-10'),(50954,'INSERT INTO gne_vale_ferreteria_mov (vfe_id,pro_codigo_plu,vfm_cantidad,vfm_unitario,vfm_total,vfm_entregado) VALUES (7713,780721566,1,2590,2590,@@@NO@@@)','',2,'2013-08-10'),(50955,'INSERT INTO gne_vale_ferreteria (vfe_id,vfe_fecha,vfe_total,vfe_estado,vfe_entregado,usu_nusuario) VALUES (7714,@@@2013.08.10@@@,7070,1,0,@@@b_SAEZ@@@)','',2,'2013-08-10'),(50956,'INSERT INTO gne_vale_ferreteria_mov (vfe_id,pro_codigo_plu,vfm_cantidad,vfm_unitario,vfm_total,vfm_entregado) VALUES (7714,693331245,1,6290,6290,@@@NO@@@)','',2,'2013-08-10'),(50957,'INSERT INTO gne_vale_ferreteria_mov (vfe_id,pro_codigo_plu,vfm_cantidad,vfm_unitario,vfm_total,vfm_entregado) VALUES (7714,15967,6,130,780,@@@NO@@@)','',2,'2013-08-10'),(50958,'INSERT INTO gne_vale_ferreteria (vfe_id,vfe_fecha,vfe_total,vfe_estado,vfe_entregado,usu_nusuario) VALUES (7715,@@@2013.08.10@@@,1890,1,0,@@@b_SAEZ@@@)','',2,'2013-08-10'),(50959,'INSERT INTO gne_vale_ferreteria_mov (vfe_id,pro_codigo_plu,vfm_cantidad,vfm_unitario,vfm_total,vfm_entregado) VALUES (7715,780721543,1,1890,1890,@@@NO@@@)','',2,'2013-08-10'),(50960,'INSERT INTO gne_vale_ferreteria (vfe_id,vfe_fecha,vfe_total,vfe_estado,vfe_entregado,usu_nusuario) VALUES (7716,@@@2013.08.10@@@,200,1,0,@@@b_SAEZ@@@)','',2,'2013-08-10'),(50961,'INSERT INTO gne_vale_ferreteria_mov (vfe_id,pro_codigo_plu,vfm_cantidad,vfm_unitario,vfm_total,vfm_entregado) VALUES (7716,4077,1,200,200,@@@NO@@@)','',2,'2013-08-10'),(50962,'INSERT INTO gne_vale_ferreteria (vfe_id,vfe_fecha,vfe_total,vfe_estado,vfe_entregado,usu_nusuario) VALUES (7717,@@@2013.08.10@@@,200,1,0,@@@b_SAEZ@@@)','',2,'2013-08-10'),(50963,'INSERT INTO gne_vale_ferreteria_mov (vfe_id,pro_codigo_plu,vfm_cantidad,vfm_unitario,vfm_total,vfm_entregado) VALUES (7717,8021,1,150,150,@@@NO@@@)','',2,'2013-08-10'),(50964,'INSERT INTO gne_vale_ferreteria_mov (vfe_id,pro_codigo_plu,vfm_cantidad,vfm_unitario,vfm_total,vfm_entregado) VALUES (7717,764383,1,50,50,@@@NO@@@)','',2,'2013-08-10'),(50965,'INSERT INTO gne_vale_ferreteria (vfe_id,vfe_fecha,vfe_total,vfe_estado,vfe_entregado,usu_nusuario) VALUES (7718,@@@2013.08.10@@@,2490,1,0,@@@b_SAEZ@@@)','',2,'2013-08-10'),(50966,'INSERT INTO gne_vale_ferreteria_mov (vfe_id,pro_codigo_plu,vfm_cantidad,vfm_unitario,vfm_total,vfm_entregado) VALUES (7718,780721425,2,850,1700,@@@NO@@@)','',2,'2013-08-10'),(50967,'INSERT INTO gne_vale_ferreteria_mov (vfe_id,pro_codigo_plu,vfm_cantidad,vfm_unitario,vfm_total,vfm_entregado) VALUES (7718,101454,1,790,790,@@@NO@@@)','',2,'2013-08-10'),(50968,'INSERT INTO gne_vale_ferreteria (vfe_id,vfe_fecha,vfe_total,vfe_estado,vfe_entregado,usu_nusuario) VALUES (7719,@@@2013.08.10@@@,5570,1,0,@@@b_SAEZ@@@)','',2,'2013-08-10'),(50969,'INSERT INTO gne_vale_ferreteria_mov (vfe_id,pro_codigo_plu,vfm_cantidad,vfm_unitario,vfm_total,vfm_entregado) VALUES (7719,780721153,1,3190,3190,@@@NO@@@)','',2,'2013-08-10'),(50970,'INSERT INTO gne_vale_ferreteria_mov (vfe_id,pro_codigo_plu,vfm_cantidad,vfm_unitario,vfm_total,vfm_entregado) VALUES (7719,7500895,2,1190,2380,@@@NO@@@)','',2,'2013-08-10'),(50971,'INSERT INTO gne_vale_ferreteria (vfe_id,vfe_fecha,vfe_total,vfe_estado,vfe_entregado,usu_nusuario) VALUES (7720,@@@2013.08.10@@@,350,1,0,@@@b_SAEZ@@@)','',2,'2013-08-10'),(50972,'INSERT INTO gne_vale_ferreteria_mov (vfe_id,pro_codigo_plu,vfm_cantidad,vfm_unitario,vfm_total,vfm_entregado) VALUES (7720,780721185,1,350,350,@@@NO@@@)','',2,'2013-08-10'),(50973,'INSERT INTO gne_vale_ferreteria (vfe_id,vfe_fecha,vfe_total,vfe_estado,vfe_entregado,usu_nusuario) VALUES (7721,@@@2013.08.10@@@,1390,1,0,@@@b_SAEZ@@@)','',2,'2013-08-10'),(50974,'INSERT INTO gne_vale_ferreteria_mov (vfe_id,pro_codigo_plu,vfm_cantidad,vfm_unitario,vfm_total,vfm_entregado) VALUES (7721,780721623,1,1390,1390,@@@NO@@@)','',2,'2013-08-10'),(50975,'INSERT INTO gne_vale_ferreteria (vfe_id,vfe_fecha,vfe_total,vfe_estado,vfe_entregado,usu_nusuario) VALUES (7722,@@@2013.08.10@@@,1750,1,0,@@@b_SAEZ@@@)','',2,'2013-08-10'),(50976,'INSERT INTO gne_vale_ferreteria_mov (vfe_id,pro_codigo_plu,vfm_cantidad,vfm_unitario,vfm_total,vfm_entregado) VALUES (7722,780721480,1,1490,1490,@@@NO@@@)','',2,'2013-08-10'),(50977,'INSERT INTO gne_vale_ferreteria_mov (vfe_id,pro_codigo_plu,vfm_cantidad,vfm_unitario,vfm_total,vfm_entregado) VALUES (7722,15967,2,130,260,@@@NO@@@)','',2,'2013-08-10'),(50978,'INSERT INTO gne_vale_ferreteria (vfe_id,vfe_fecha,vfe_total,vfe_estado,vfe_entregado,usu_nusuario) VALUES (7723,@@@2013.08.10@@@,200,1,0,@@@b_SAEZ@@@)','',2,'2013-08-10'),(50979,'INSERT INTO gne_vale_ferreteria_mov (vfe_id,pro_codigo_plu,vfm_cantidad,vfm_unitario,vfm_total,vfm_entregado) VALUES (7723,763592,1,200,200,@@@NO@@@)','',2,'2013-08-10'),(50980,'INSERT INTO gne_vale_ferreteria (vfe_id,vfe_fecha,vfe_total,vfe_estado,vfe_entregado,usu_nusuario) VALUES (7724,@@@2013.08.10@@@,990,1,0,@@@b_SAEZ@@@)','',2,'2013-08-10'),(50981,'INSERT INTO gne_vale_ferreteria_mov (vfe_id,pro_codigo_plu,vfm_cantidad,vfm_unitario,vfm_total,vfm_entregado) VALUES (7724,2008,1,990,990,@@@NO@@@)','',2,'2013-08-10'),(50982,'INSERT INTO gne_vale_ferreteria (vfe_id,vfe_fecha,vfe_total,vfe_estado,vfe_entregado,usu_nusuario) VALUES (7725,@@@2013.08.10@@@,450,1,0,@@@b_SAEZ@@@)','',2,'2013-08-10'),(50983,'INSERT INTO gne_vale_ferreteria_mov (vfe_id,pro_codigo_plu,vfm_cantidad,vfm_unitario,vfm_total,vfm_entregado) VALUES (7725,78017202,1,450,450,@@@NO@@@)','',2,'2013-08-10'),(50984,'INSERT INTO gne_vale_ferreteria (vfe_id,vfe_fecha,vfe_total,vfe_estado,vfe_entregado,usu_nusuario) VALUES (7726,@@@2013.08.10@@@,1160,1,0,@@@b_SAEZ@@@)','',2,'2013-08-10'),(50985,'INSERT INTO gne_vale_ferreteria_mov (vfe_id,pro_codigo_plu,vfm_cantidad,vfm_unitario,vfm_total,vfm_entregado) VALUES (7726,15949,2,480,960,@@@NO@@@)','',2,'2013-08-10'),(50986,'INSERT INTO gne_vale_ferreteria_mov (vfe_id,pro_codigo_plu,vfm_cantidad,vfm_unitario,vfm_total,vfm_entregado) VALUES (7726,1556,1,200,200,@@@NO@@@)','',2,'2013-08-10'),(50987,'INSERT INTO gne_vale_ferreteria (vfe_id,vfe_fecha,vfe_total,vfe_estado,vfe_entregado,usu_nusuario) VALUES (7727,@@@2013.08.10@@@,1490,1,0,@@@b_SAEZ@@@)','',2,'2013-08-10'),(50988,'INSERT INTO gne_vale_ferreteria_mov (vfe_id,pro_codigo_plu,vfm_cantidad,vfm_unitario,vfm_total,vfm_entregado) VALUES (7727,780721458,1,1490,1490,@@@NO@@@)','',2,'2013-08-10'),(50989,'INSERT INTO gne_vale_ferreteria (vfe_id,vfe_fecha,vfe_total,vfe_estado,vfe_entregado,usu_nusuario) VALUES (7728,@@@2013.08.10@@@,1490,1,0,@@@b_SAEZ@@@)','',2,'2013-08-10'),(50990,'INSERT INTO gne_vale_ferreteria_mov (vfe_id,pro_codigo_plu,vfm_cantidad,vfm_unitario,vfm_total,vfm_entregado) VALUES (7728,780721584,1,1490,1490,@@@NO@@@)','',2,'2013-08-10'),(50991,'INSERT INTO gne_vale_ferreteria (vfe_id,vfe_fecha,vfe_total,vfe_estado,vfe_entregado,usu_nusuario) VALUES (7729,@@@2013.08.10@@@,3990,1,0,@@@b_SAEZ@@@)','',2,'2013-08-10'),(50992,'INSERT INTO gne_vale_ferreteria_mov (vfe_id,pro_codigo_plu,vfm_cantidad,vfm_unitario,vfm_total,vfm_entregado) VALUES (7729,764879,1,3990,3990,@@@NO@@@)','',2,'2013-08-10'),(50993,'INSERT INTO gne_vale_ferreteria (vfe_id,vfe_fecha,vfe_total,vfe_estado,vfe_entregado,usu_nusuario) VALUES (7730,@@@2013.08.10@@@,590,1,0,@@@b_SAEZ@@@)','',2,'2013-08-10'),(50994,'INSERT INTO gne_vale_ferreteria_mov (vfe_id,pro_codigo_plu,vfm_cantidad,vfm_unitario,vfm_total,vfm_entregado) VALUES (7730,262241,1,590,590,@@@NO@@@)','',2,'2013-08-10'),(50995,'INSERT INTO gne_vale_ferreteria (vfe_id,vfe_fecha,vfe_total,vfe_estado,vfe_entregado,usu_nusuario) VALUES (7731,@@@2013.08.10@@@,1100,1,0,@@@b_SAEZ@@@)','',2,'2013-08-10'),(50996,'INSERT INTO gne_vale_ferreteria_mov (vfe_id,pro_codigo_plu,vfm_cantidad,vfm_unitario,vfm_total,vfm_entregado) VALUES (7731,780721583,1,1100,1100,@@@NO@@@)','',2,'2013-08-10'),(50997,'INSERT INTO gne_vale_ferreteria (vfe_id,vfe_fecha,vfe_total,vfe_estado,vfe_entregado,usu_nusuario) VALUES (7732,@@@2013.08.10@@@,1990,1,0,@@@b_SAEZ@@@)','',2,'2013-08-10'),(50998,'INSERT INTO gne_vale_ferreteria_mov (vfe_id,pro_codigo_plu,vfm_cantidad,vfm_unitario,vfm_total,vfm_entregado) VALUES (7732,102628,1,1990,1990,@@@NO@@@)','',2,'2013-08-10'),(50999,'INSERT INTO gne_vale_ferreteria (vfe_id,vfe_fecha,vfe_total,vfe_estado,vfe_entregado,usu_nusuario) VALUES (7733,@@@2013.08.10@@@,1890,1,0,@@@b_SAEZ@@@)','',2,'2013-08-10'),(51000,'INSERT INTO gne_vale_ferreteria_mov (vfe_id,pro_codigo_plu,vfm_cantidad,vfm_unitario,vfm_total,vfm_entregado) VALUES (7733,763607,1,1890,1890,@@@NO@@@)','',2,'2013-08-10'),(51001,'INSERT INTO gne_vale_ferreteria (vfe_id,vfe_fecha,vfe_total,vfe_estado,vfe_entregado,usu_nusuario) VALUES (7734,@@@2013.08.10@@@,250,1,0,@@@b_SAEZ@@@)','',2,'2013-08-10'),(51002,'INSERT INTO gne_vale_ferreteria_mov (vfe_id,pro_codigo_plu,vfm_cantidad,vfm_unitario,vfm_total,vfm_entregado) VALUES (7734,764383,2,50,100,@@@NO@@@)','',2,'2013-08-10'),(51003,'INSERT INTO gne_vale_ferreteria_mov (vfe_id,pro_codigo_plu,vfm_cantidad,vfm_unitario,vfm_total,vfm_entregado) VALUES (7734,8021,1,150,150,@@@NO@@@)','',2,'2013-08-10'),(51004,'INSERT INTO gne_vale_ferreteria (vfe_id,vfe_fecha,vfe_total,vfe_estado,vfe_entregado,usu_nusuario) VALUES (7735,@@@2013.08.10@@@,350,1,0,@@@b_SAEZ@@@)','',2,'2013-08-10'),(51005,'INSERT INTO gne_vale_ferreteria_mov (vfe_id,pro_codigo_plu,vfm_cantidad,vfm_unitario,vfm_total,vfm_entregado) VALUES (7735,4092,7,50,350,@@@NO@@@)','',2,'2013-08-10'),(51006,'INSERT INTO gne_vale_ferreteria (vfe_id,vfe_fecha,vfe_total,vfe_estado,vfe_entregado,usu_nusuario) VALUES (7736,@@@2013.08.10@@@,4650,1,0,@@@b_SAEZ@@@)','',2,'2013-08-10'),(51007,'INSERT INTO gne_vale_ferreteria_mov (vfe_id,pro_codigo_plu,vfm_cantidad,vfm_unitario,vfm_total,vfm_entregado) VALUES (7736,780220096,1,250,250,@@@NO@@@)','',2,'2013-08-10'),(51008,'INSERT INTO gne_vale_ferreteria_mov (vfe_id,pro_codigo_plu,vfm_cantidad,vfm_unitario,vfm_total,vfm_entregado) VALUES (7736,780220193,3,370,1110,@@@NO@@@)','',2,'2013-08-10'),(51009,'INSERT INTO gne_vale_ferreteria_mov (vfe_id,pro_codigo_plu,vfm_cantidad,vfm_unitario,vfm_total,vfm_entregado) VALUES (7736,990005,1,3290,3290,@@@NO@@@)','',2,'2013-08-10'),(51010,'INSERT INTO gne_vale_ferreteria (vfe_id,vfe_fecha,vfe_total,vfe_estado,vfe_entregado,usu_nusuario) VALUES (7737,@@@2013.08.10@@@,3990,1,0,@@@b_SAEZ@@@)','',2,'2013-08-10'),(51011,'INSERT INTO gne_vale_ferreteria_mov (vfe_id,pro_codigo_plu,vfm_cantidad,vfm_unitario,vfm_total,vfm_entregado) VALUES (7737,764971,1,3990,3990,@@@NO@@@)','',2,'2013-08-10'),(51012,'INSERT INTO gne_vale_ferreteria (vfe_id,vfe_fecha,vfe_total,vfe_estado,vfe_entregado,usu_nusuario) VALUES (7738,@@@2013.08.10@@@,600,1,0,@@@b_SAEZ@@@)','',2,'2013-08-10'),(51013,'INSERT INTO gne_vale_ferreteria_mov (vfe_id,pro_codigo_plu,vfm_cantidad,vfm_unitario,vfm_total,vfm_entregado) VALUES (7738,78017193,30,20,600,@@@NO@@@)','',2,'2013-08-10'),(51014,'INSERT INTO gne_vale_ferreteria (vfe_id,vfe_fecha,vfe_total,vfe_estado,vfe_entregado,usu_nusuario) VALUES (7739,@@@2013.08.10@@@,600,1,0,@@@b_SAEZ@@@)','',2,'2013-08-10'),(51015,'INSERT INTO gne_vale_ferreteria_mov (vfe_id,pro_codigo_plu,vfm_cantidad,vfm_unitario,vfm_total,vfm_entregado) VALUES (7739,78017193,30,20,600,@@@NO@@@)','',2,'2013-08-10'),(51016,'INSERT INTO gne_vale_ferreteria (vfe_id,vfe_fecha,vfe_total,vfe_estado,vfe_entregado,usu_nusuario) VALUES (7740,@@@2013.08.10@@@,600,1,0,@@@b_SAEZ@@@)','',2,'2013-08-10'),(51017,'INSERT INTO gne_vale_ferreteria_mov (vfe_id,pro_codigo_plu,vfm_cantidad,vfm_unitario,vfm_total,vfm_entregado) VALUES (7740,880006,1,200,200,@@@NO@@@)','',2,'2013-08-10'),(51018,'INSERT INTO gne_vale_ferreteria_mov (vfe_id,pro_codigo_plu,vfm_cantidad,vfm_unitario,vfm_total,vfm_entregado) VALUES (7740,764571,4,100,400,@@@NO@@@)','',2,'2013-08-10'),(51019,'INSERT INTO gne_vale_ferreteria (vfe_id,vfe_fecha,vfe_total,vfe_estado,vfe_entregado,usu_nusuario) VALUES (7741,@@@2013.08.10@@@,1990,1,0,@@@b_SAEZ@@@)','',2,'2013-08-10'),(51020,'INSERT INTO gne_vale_ferreteria_mov (vfe_id,pro_codigo_plu,vfm_cantidad,vfm_unitario,vfm_total,vfm_entregado) VALUES (7741,764803,1,1990,1990,@@@NO@@@)','',2,'2013-08-10'),(51021,'INSERT INTO gne_vale_ferreteria (vfe_id,vfe_fecha,vfe_total,vfe_estado,vfe_entregado,usu_nusuario) VALUES (7742,@@@2013.08.10@@@,250,1,0,@@@b_SAEZ@@@)','',2,'2013-08-10'),(51022,'INSERT INTO gne_vale_ferreteria_mov (vfe_id,pro_codigo_plu,vfm_cantidad,vfm_unitario,vfm_total,vfm_entregado) VALUES (7742,780721186,1,250,250,@@@NO@@@)','',2,'2013-08-10'),(51023,'UPDATE mae_productos SET pro_codigo_barra=@@@4078@@@,pro_tipo=@@@0@@@,pro_nombre_producto=@@@CINTA NORMAL 1METRO@@@,pro_nombre_corto=@@@CINTA NORMAL 1ME@@@,med_id=@@@4@@@,emb_id=@@@3@@@,pro_unidades_embalaje=@@@0@@@,dep_id=@@@36 @@@,lin_id=@@@203@@@,mar_id=@@@2507@@@,pro_precio_compra_neto=@@@0@@@,pro_precio_compra_bruto=@@@0@@@,pro_precio_venta=@@@100@@@,pro_margen_actual=@@@0@@@,pro_oferta=@@@NO@@@,pro_fecha_inicio_oferta=@@@2013.05.06@@@,pro_fecha_termino_oferta=@@@2013.05.06@@@,pro_precio_oferta=@@@0@@@,pro_stock_minimo=@@@0@@@,pro_stock_critico=@@@0@@@,pro_activo=@@@1@@@,pro_unidad=@@@0@@@,pro_precio_compra_bruto=0,pro_margen_actual=0,pro_capacidad=1,pro_funcion_plu=0,pro_flejes=1,pro_iva=1,pro_plu_asociado=0,pro_envase=@@@NO@@@,pro_duracion=0,pro_numero_etiqueta=0 WHERE pro_codigo_plu=@@@4078@@@','',2,'2013-08-10'),(51024,'UPDATE mae_productos SET pro_estado=1 WHERE pro_codigo_plu=4078','',2,'2013-08-10'),(51025,'DELETE FROM mae_impuestos_productos WHERE pro_codigo_plu=@@@4078@@@','',2,'2013-08-10'),(51026,'INSERT INTO gne_vale_ferreteria (vfe_id,vfe_fecha,vfe_total,vfe_estado,vfe_entregado,usu_nusuario) VALUES (7743,@@@2013.08.10@@@,2250,1,0,@@@b_SAEZ@@@)','',2,'2013-08-10'),(51027,'INSERT INTO gne_vale_ferreteria_mov (vfe_id,pro_codigo_plu,vfm_cantidad,vfm_unitario,vfm_total,vfm_entregado) VALUES (7743,4078,1,100,100,@@@NO@@@)','',2,'2013-08-10'),(51028,'INSERT INTO gne_vale_ferreteria_mov (vfe_id,pro_codigo_plu,vfm_cantidad,vfm_unitario,vfm_total,vfm_entregado) VALUES (7743,763996,1,2100,2100,@@@NO@@@)','',2,'2013-08-10'),(51029,'INSERT INTO gne_vale_ferreteria_mov (vfe_id,pro_codigo_plu,vfm_cantidad,vfm_unitario,vfm_total,vfm_entregado) VALUES (7743,1545,1,50,50,@@@NO@@@)','',2,'2013-08-10'),(51030,'INSERT INTO gne_vale_ferreteria (vfe_id,vfe_fecha,vfe_total,vfe_estado,vfe_entregado,usu_nusuario) VALUES (7744,@@@2013.08.10@@@,800,1,0,@@@b_SAEZ@@@)','',2,'2013-08-10'),(51031,'INSERT INTO gne_vale_ferreteria_mov (vfe_id,pro_codigo_plu,vfm_cantidad,vfm_unitario,vfm_total,vfm_entregado) VALUES (7744,78017111,2,100,200,@@@NO@@@)','',2,'2013-08-10'),(51032,'INSERT INTO gne_vale_ferreteria_mov (vfe_id,pro_codigo_plu,vfm_cantidad,vfm_unitario,vfm_total,vfm_entregado) VALUES (7744,770000,12,50,600,@@@NO@@@)','',2,'2013-08-10'),(51033,'INSERT INTO gne_vale_ferreteria (vfe_id,vfe_fecha,vfe_total,vfe_estado,vfe_entregado,usu_nusuario) VALUES (7745,@@@2013.08.10@@@,1230,1,0,@@@b_SAEZ@@@)','',2,'2013-08-10'),(51034,'INSERT INTO gne_vale_ferreteria_mov (vfe_id,pro_codigo_plu,vfm_cantidad,vfm_unitario,vfm_total,vfm_entregado) VALUES (7745,764507,1,330,330,@@@NO@@@)','',2,'2013-08-10'),(51035,'INSERT INTO gne_vale_ferreteria_mov (vfe_id,pro_codigo_plu,vfm_cantidad,vfm_unitario,vfm_total,vfm_entregado) VALUES (7745,7500876,3,300,900,@@@NO@@@)','',2,'2013-08-10'),(51036,'INSERT INTO gne_vale_ferreteria (vfe_id,vfe_fecha,vfe_total,vfe_estado,vfe_entregado,usu_nusuario) VALUES (7746,@@@2013.08.10@@@,1990,1,0,@@@b_SAEZ@@@)','',2,'2013-08-10'),(51037,'INSERT INTO gne_vale_ferreteria_mov (vfe_id,pro_codigo_plu,vfm_cantidad,vfm_unitario,vfm_total,vfm_entregado) VALUES (7746,20976,1,1990,1990,@@@NO@@@)','',2,'2013-08-10'),(51038,'INSERT INTO gne_vale_ferreteria (vfe_id,vfe_fecha,vfe_total,vfe_estado,vfe_entregado,usu_nusuario) VALUES (7747,@@@2013.08.10@@@,1890,1,0,@@@b_SAEZ@@@)','',2,'2013-08-10'),(51039,'INSERT INTO gne_vale_ferreteria_mov (vfe_id,pro_codigo_plu,vfm_cantidad,vfm_unitario,vfm_total,vfm_entregado) VALUES (7747,101841,1,1890,1890,@@@NO@@@)','',2,'2013-08-10'),(51040,'INSERT INTO gne_vale_ferreteria (vfe_id,vfe_fecha,vfe_total,vfe_estado,vfe_entregado,usu_nusuario) VALUES (7748,@@@2013.08.10@@@,1490,1,0,@@@b_SAEZ@@@)','',2,'2013-08-10'),(51041,'INSERT INTO gne_vale_ferreteria_mov (vfe_id,pro_codigo_plu,vfm_cantidad,vfm_unitario,vfm_total,vfm_entregado) VALUES (7748,780721479,1,1490,1490,@@@NO@@@)','',2,'2013-08-10'),(51042,'INSERT INTO gne_vale_ferreteria (vfe_id,vfe_fecha,vfe_total,vfe_estado,vfe_entregado,usu_nusuario) VALUES (7749,@@@2013.08.10@@@,998,1,0,@@@b_SAEZ@@@)','',2,'2013-08-10'),(51043,'INSERT INTO gne_vale_ferreteria_mov (vfe_id,pro_codigo_plu,vfm_cantidad,vfm_unitario,vfm_total,vfm_entregado) VALUES (7749,764285,2,499,998,@@@NO@@@)','',2,'2013-08-10'),(51044,'INSERT INTO gne_vale_ferreteria (vfe_id,vfe_fecha,vfe_total,vfe_estado,vfe_entregado,usu_nusuario) VALUES (7750,@@@2013.08.10@@@,5370,1,0,@@@b_SAEZ@@@)','',2,'2013-08-10'),(51045,'INSERT INTO gne_vale_ferreteria_mov (vfe_id,pro_codigo_plu,vfm_cantidad,vfm_unitario,vfm_total,vfm_entregado) VALUES (7750,780721419,1,1390,1390,@@@NO@@@)','',2,'2013-08-10'),(51046,'INSERT INTO gne_vale_ferreteria_mov (vfe_id,pro_codigo_plu,vfm_cantidad,vfm_unitario,vfm_total,vfm_entregado) VALUES (7750,780721479,1,1490,1490,@@@NO@@@)','',2,'2013-08-10'),(51047,'INSERT INTO gne_vale_ferreteria_mov (vfe_id,pro_codigo_plu,vfm_cantidad,vfm_unitario,vfm_total,vfm_entregado) VALUES (7750,780721482,1,2490,2490,@@@NO@@@)','',2,'2013-08-10'),(51048,'INSERT INTO gne_vale_ferreteria (vfe_id,vfe_fecha,vfe_total,vfe_estado,vfe_entregado,usu_nusuario) VALUES (7751,@@@2013.08.10@@@,620,1,0,@@@b_SAEZ@@@)','',2,'2013-08-10'),(51049,'INSERT INTO gne_vale_ferreteria_mov (vfe_id,pro_codigo_plu,vfm_cantidad,vfm_unitario,vfm_total,vfm_entregado) VALUES (7751,11378,1,620,620,@@@NO@@@)','',2,'2013-08-10'),(51050,'INSERT INTO gne_vale_ferreteria (vfe_id,vfe_fecha,vfe_total,vfe_estado,vfe_entregado,usu_nusuario) VALUES (7752,@@@2013.08.10@@@,3980,1,0,@@@b_SAEZ@@@)','',2,'2013-08-10'),(51051,'INSERT INTO gne_vale_ferreteria_mov (vfe_id,pro_codigo_plu,vfm_cantidad,vfm_unitario,vfm_total,vfm_entregado) VALUES (7752,780721550,1,2590,2590,@@@NO@@@)','',2,'2013-08-10'),(51052,'INSERT INTO gne_vale_ferreteria_mov (vfe_id,pro_codigo_plu,vfm_cantidad,vfm_unitario,vfm_total,vfm_entregado) VALUES (7752,780721588,1,1390,1390,@@@NO@@@)','',2,'2013-08-10'),(51053,'INSERT INTO gne_vale_ferreteria (vfe_id,vfe_fecha,vfe_total,vfe_estado,vfe_entregado,usu_nusuario) VALUES (7753,@@@2013.08.10@@@,500,1,0,@@@b_SAEZ@@@)','',2,'2013-08-10'),(51054,'INSERT INTO gne_vale_ferreteria_mov (vfe_id,pro_codigo_plu,vfm_cantidad,vfm_unitario,vfm_total,vfm_entregado) VALUES (7753,7500885,10,50,500,@@@NO@@@)','',2,'2013-08-10'),(51055,'INSERT INTO gne_vale_ferreteria (vfe_id,vfe_fecha,vfe_total,vfe_estado,vfe_entregado,usu_nusuario) VALUES (7754,@@@2013.08.10@@@,3140,1,0,@@@b_SAEZ@@@)','',2,'2013-08-10'),(51056,'INSERT INTO gne_vale_ferreteria_mov (vfe_id,pro_codigo_plu,vfm_cantidad,vfm_unitario,vfm_total,vfm_entregado) VALUES (7754,15967,2,130,260,@@@NO@@@)','',2,'2013-08-10'),(51057,'INSERT INTO gne_vale_ferreteria_mov (vfe_id,pro_codigo_plu,vfm_cantidad,vfm_unitario,vfm_total,vfm_entregado) VALUES (7754,780721480,1,1490,1490,@@@NO@@@)','',2,'2013-08-10'),(51058,'INSERT INTO gne_vale_ferreteria_mov (vfe_id,pro_codigo_plu,vfm_cantidad,vfm_unitario,vfm_total,vfm_entregado) VALUES (7754,780721588,1,1390,1390,@@@NO@@@)','',2,'2013-08-10'),(51059,'INSERT INTO gne_vale_ferreteria (vfe_id,vfe_fecha,vfe_total,vfe_estado,vfe_entregado,usu_nusuario) VALUES (7755,@@@2013.08.10@@@,2990,1,0,@@@b_SAEZ@@@)','',2,'2013-08-10'),(51060,'INSERT INTO gne_vale_ferreteria_mov (vfe_id,pro_codigo_plu,vfm_cantidad,vfm_unitario,vfm_total,vfm_entregado) VALUES (7755,764573,1,2990,2990,@@@NO@@@)','',2,'2013-08-10'),(51061,'INSERT INTO gne_vale_ferreteria (vfe_id,vfe_fecha,vfe_total,vfe_estado,vfe_entregado,usu_nusuario) VALUES (7756,@@@2013.08.10@@@,300,1,0,@@@b_SAEZ@@@)','',2,'2013-08-10'),(51062,'INSERT INTO gne_vale_ferreteria_mov (vfe_id,pro_codigo_plu,vfm_cantidad,vfm_unitario,vfm_total,vfm_entregado) VALUES (7756,780721221,1,300,300,@@@NO@@@)','',2,'2013-08-10'),(51063,'INSERT INTO gne_vale_ferreteria (vfe_id,vfe_fecha,vfe_total,vfe_estado,vfe_entregado,usu_nusuario) VALUES (7757,@@@2013.08.10@@@,4970,1,0,@@@b_SAEZ@@@)','',2,'2013-08-10'),(51064,'INSERT INTO gne_vale_ferreteria_mov (vfe_id,pro_codigo_plu,vfm_cantidad,vfm_unitario,vfm_total,vfm_entregado) VALUES (7757,780721513,1,1490,1490,@@@NO@@@)','',2,'2013-08-10'),(51065,'INSERT INTO gne_vale_ferreteria_mov (vfe_id,pro_codigo_plu,vfm_cantidad,vfm_unitario,vfm_total,vfm_entregado) VALUES (7757,780721473,1,1490,1490,@@@NO@@@)','',2,'2013-08-10'),(51066,'INSERT INTO gne_vale_ferreteria_mov (vfe_id,pro_codigo_plu,vfm_cantidad,vfm_unitario,vfm_total,vfm_entregado) VALUES (7757,780721477,1,1990,1990,@@@NO@@@)','',2,'2013-08-10'),(51067,'INSERT INTO gne_vale_ferreteria (vfe_id,vfe_fecha,vfe_total,vfe_estado,vfe_entregado,usu_nusuario) VALUES (7758,@@@2013.08.10@@@,2490,1,0,@@@b_SAEZ@@@)','',2,'2013-08-10'),(51068,'INSERT INTO gne_vale_ferreteria_mov (vfe_id,pro_codigo_plu,vfm_cantidad,vfm_unitario,vfm_total,vfm_entregado) VALUES (7758,764769,1,2490,2490,@@@NO@@@)','',2,'2013-08-10'),(51069,'INSERT INTO gne_vale_ferreteria (vfe_id,vfe_fecha,vfe_total,vfe_estado,vfe_entregado,usu_nusuario) VALUES (7759,@@@2013.08.10@@@,200,1,0,@@@b_SAEZ@@@)','',2,'2013-08-10'),(51070,'INSERT INTO gne_vale_ferreteria_mov (vfe_id,pro_codigo_plu,vfm_cantidad,vfm_unitario,vfm_total,vfm_entregado) VALUES (7759,8021,1,150,150,@@@NO@@@)','',2,'2013-08-10'),(51071,'INSERT INTO gne_vale_ferreteria_mov (vfe_id,pro_codigo_plu,vfm_cantidad,vfm_unitario,vfm_total,vfm_entregado) VALUES (7759,764383,1,50,50,@@@NO@@@)','',2,'2013-08-10'),(51072,'INSERT INTO gne_vale_ferreteria (vfe_id,vfe_fecha,vfe_total,vfe_estado,vfe_entregado,usu_nusuario) VALUES (7760,@@@2013.08.10@@@,200,1,0,@@@b_SAEZ@@@)','',2,'2013-08-10'),(51073,'INSERT INTO gne_vale_ferreteria_mov (vfe_id,pro_codigo_plu,vfm_cantidad,vfm_unitario,vfm_total,vfm_entregado) VALUES (7760,8021,1,150,150,@@@NO@@@)','',2,'2013-08-10'),(51074,'INSERT INTO gne_vale_ferreteria_mov (vfe_id,pro_codigo_plu,vfm_cantidad,vfm_unitario,vfm_total,vfm_entregado) VALUES (7760,764383,1,50,50,@@@NO@@@)','',2,'2013-08-10'),(51075,'INSERT INTO gne_vale_ferreteria (vfe_id,vfe_fecha,vfe_total,vfe_estado,vfe_entregado,usu_nusuario) VALUES (7761,@@@2013.08.10@@@,14990,1,0,@@@b_SAEZ@@@)','',2,'2013-08-10'),(51076,'INSERT INTO gne_vale_ferreteria_mov (vfe_id,pro_codigo_plu,vfm_cantidad,vfm_unitario,vfm_total,vfm_entregado) VALUES (7761,780721449,1,14990,14990,@@@NO@@@)','',2,'2013-08-10'),(51077,'INSERT INTO gne_vale_ferreteria (vfe_id,vfe_fecha,vfe_total,vfe_estado,vfe_entregado,usu_nusuario) VALUES (7762,@@@2013.08.10@@@,750,1,0,@@@b_SAEZ@@@)','',2,'2013-08-10'),(51078,'INSERT INTO gne_vale_ferreteria_mov (vfe_id,pro_codigo_plu,vfm_cantidad,vfm_unitario,vfm_total,vfm_entregado) VALUES (7762,1079,1,750,750,@@@NO@@@)','',2,'2013-08-10'),(51079,'INSERT INTO gne_vale_ferreteria (vfe_id,vfe_fecha,vfe_total,vfe_estado,vfe_entregado,usu_nusuario) VALUES (7763,@@@2013.08.10@@@,3190,1,0,@@@b_SAEZ@@@)','',2,'2013-08-10'),(51080,'INSERT INTO gne_vale_ferreteria_mov (vfe_id,pro_codigo_plu,vfm_cantidad,vfm_unitario,vfm_total,vfm_entregado) VALUES (7763,262179,1,3190,3190,@@@NO@@@)','',2,'2013-08-10'),(51081,'INSERT INTO gne_vale_ferreteria (vfe_id,vfe_fecha,vfe_total,vfe_estado,vfe_entregado,usu_nusuario) VALUES (7764,@@@2013.08.10@@@,220,1,0,@@@b_SAEZ@@@)','',2,'2013-08-10'),(51082,'INSERT INTO gne_vale_ferreteria_mov (vfe_id,pro_codigo_plu,vfm_cantidad,vfm_unitario,vfm_total,vfm_entregado) VALUES (7764,20146,1,100,100,@@@NO@@@)','',2,'2013-08-10'),(51083,'INSERT INTO gne_vale_ferreteria_mov (vfe_id,pro_codigo_plu,vfm_cantidad,vfm_unitario,vfm_total,vfm_entregado) VALUES (7764,764412,1,120,120,@@@NO@@@)','',2,'2013-08-10'),(51084,'INSERT INTO gne_vale_ferreteria (vfe_id,vfe_fecha,vfe_total,vfe_estado,vfe_entregado,usu_nusuario) VALUES (7765,@@@2013.08.10@@@,470,1,0,@@@b_SAEZ@@@)','',2,'2013-08-10'),(51085,'INSERT INTO gne_vale_ferreteria_mov (vfe_id,pro_codigo_plu,vfm_cantidad,vfm_unitario,vfm_total,vfm_entregado) VALUES (7765,78016986,1,170,170,@@@NO@@@)','',2,'2013-08-10'),(51086,'INSERT INTO gne_vale_ferreteria_mov (vfe_id,pro_codigo_plu,vfm_cantidad,vfm_unitario,vfm_total,vfm_entregado) VALUES (7765,78016992,1,300,300,@@@NO@@@)','',2,'2013-08-10'),(51087,'INSERT INTO gne_vale_ferreteria (vfe_id,vfe_fecha,vfe_total,vfe_estado,vfe_entregado,usu_nusuario) VALUES (7766,@@@2013.08.10@@@,539,1,0,@@@b_SAEZ@@@)','',2,'2013-08-10'),(51088,'INSERT INTO gne_vale_ferreteria_mov (vfe_id,pro_codigo_plu,vfm_cantidad,vfm_unitario,vfm_total,vfm_entregado) VALUES (7766,780721388,1,399,399,@@@NO@@@)','',2,'2013-08-10'),(51089,'INSERT INTO gne_vale_ferreteria_mov (vfe_id,pro_codigo_plu,vfm_cantidad,vfm_unitario,vfm_total,vfm_entregado) VALUES (7766,764364,1,140,140,@@@NO@@@)','',2,'2013-08-10'),(51090,'UPDATE mae_productos SET pro_codigo_barra=@@@400@@@,pro_tipo=@@@0@@@,pro_nombre_producto=@@@QUESO LAMINADO COLUN*@@@,pro_nombre_corto=@@@QUESO LAMINADO C@@@,med_id=@@@2@@@,emb_id=@@@4@@@,pro_unidades_embalaje=@@@4@@@,dep_id=@@@13 @@@,lin_id=@@@81@@@,mar_id=@@@1004@@@,pro_precio_compra_neto=@@@0@@@,pro_precio_compra_bruto=@@@4573.36@@@,pro_precio_venta=@@@6790@@@,pro_margen_actual=@@@48.47@@@,pro_oferta=@@@NO@@@,pro_fecha_inicio_oferta=@@@2013.07.18@@@,pro_fecha_termino_oferta=@@@2013.07.18@@@,pro_precio_oferta=@@@0@@@,pro_stock_minimo=@@@4@@@,pro_stock_critico=@@@2@@@,pro_activo=@@@1@@@,pro_unidad=@@@1@@@,pro_precio_compra_bruto=4573.36,pro_margen_actual=48.47,pro_capacidad=2,pro_funcion_plu=1,pro_flejes=1,pro_iva=1,pro_plu_asociado=0,pro_envase=@@@NO@@@,pro_duracion=0,pro_numero_etiqueta=1 WHERE pro_codigo_plu=@@@400@@@','',2,'2013-08-10'),(51091,'UPDATE mae_productos SET pro_estado=1 WHERE pro_codigo_plu=400','',2,'2013-08-10'),(51092,'DELETE FROM mae_impuestos_productos WHERE pro_codigo_plu=@@@400@@@','',2,'2013-08-10'),(51093,'INSERT INTO gne_vale_ferreteria (vfe_id,vfe_fecha,vfe_total,vfe_estado,vfe_entregado,usu_nusuario) VALUES (7767,@@@2013.08.10@@@,1260,1,0,@@@b_SAEZ@@@)','',2,'2013-08-10'),(51094,'INSERT INTO gne_vale_ferreteria_mov (vfe_id,pro_codigo_plu,vfm_cantidad,vfm_unitario,vfm_total,vfm_entregado) VALUES (7767,20880,1,890,890,@@@NO@@@)','',2,'2013-08-10'),(51095,'INSERT INTO gne_vale_ferreteria_mov (vfe_id,pro_codigo_plu,vfm_cantidad,vfm_unitario,vfm_total,vfm_entregado) VALUES (7767,78017154,1,120,120,@@@NO@@@)','',2,'2013-08-10'),(51096,'INSERT INTO gne_vale_ferreteria_mov (vfe_id,pro_codigo_plu,vfm_cantidad,vfm_unitario,vfm_total,vfm_entregado) VALUES (7767,78017208,1,250,250,@@@NO@@@)','',2,'2013-08-10'),(51097,'INSERT INTO gne_vale_ferreteria (vfe_id,vfe_fecha,vfe_total,vfe_estado,vfe_entregado,usu_nusuario) VALUES (7768,@@@2013.08.10@@@,4770,1,0,@@@b_SAEZ@@@)','',2,'2013-08-10'),(51098,'INSERT INTO gne_vale_ferreteria_mov (vfe_id,pro_codigo_plu,vfm_cantidad,vfm_unitario,vfm_total,vfm_entregado) VALUES (7768,780721478,1,1490,1490,@@@NO@@@)','',2,'2013-08-10'),(51099,'INSERT INTO gne_vale_ferreteria_mov (vfe_id,pro_codigo_plu,vfm_cantidad,vfm_unitario,vfm_total,vfm_entregado) VALUES (7768,1535,1,390,390,@@@NO@@@)','',2,'2013-08-10'),(51100,'INSERT INTO gne_vale_ferreteria_mov (vfe_id,pro_codigo_plu,vfm_cantidad,vfm_unitario,vfm_total,vfm_entregado) VALUES (7768,780721481,1,2890,2890,@@@NO@@@)','',2,'2013-08-10'),(51101,'INSERT INTO gne_vale_ferreteria (vfe_id,vfe_fecha,vfe_total,vfe_estado,vfe_entregado,usu_nusuario) VALUES (7769,@@@2013.08.10@@@,5380,1,0,@@@b_SAEZ@@@)','',2,'2013-08-10'),(51102,'INSERT INTO gne_vale_ferreteria_mov (vfe_id,pro_codigo_plu,vfm_cantidad,vfm_unitario,vfm_total,vfm_entregado) VALUES (7769,780721481,1,2890,2890,@@@NO@@@)','',2,'2013-08-10'),(51103,'INSERT INTO gne_vale_ferreteria_mov (vfe_id,pro_codigo_plu,vfm_cantidad,vfm_unitario,vfm_total,vfm_entregado) VALUES (7769,780721482,1,2490,2490,@@@NO@@@)','',2,'2013-08-10'),(51104,'INSERT INTO gne_vale_ferreteria (vfe_id,vfe_fecha,vfe_total,vfe_estado,vfe_entregado,usu_nusuario) VALUES (7770,@@@2013.08.10@@@,2480,1,0,@@@b_SAEZ@@@)','',2,'2013-08-10'),(51105,'INSERT INTO gne_vale_ferreteria_mov (vfe_id,pro_codigo_plu,vfm_cantidad,vfm_unitario,vfm_total,vfm_entregado) VALUES (7770,780721301,1,1890,1890,@@@NO@@@)','',2,'2013-08-10'),(51106,'INSERT INTO gne_vale_ferreteria_mov (vfe_id,pro_codigo_plu,vfm_cantidad,vfm_unitario,vfm_total,vfm_entregado) VALUES (7770,15485,1,590,590,@@@NO@@@)','',2,'2013-08-10'),(51107,'INSERT INTO gne_vale_ferreteria (vfe_id,vfe_fecha,vfe_total,vfe_estado,vfe_entregado,usu_nusuario) VALUES (7771,@@@2013.08.10@@@,3980,1,0,@@@b_SAEZ@@@)','',2,'2013-08-10'),(51108,'INSERT INTO gne_vale_ferreteria_mov (vfe_id,pro_codigo_plu,vfm_cantidad,vfm_unitario,vfm_total,vfm_entregado) VALUES (7771,764804,1,1990,1990,@@@NO@@@)','',2,'2013-08-10'),(51109,'INSERT INTO gne_vale_ferreteria_mov (vfe_id,pro_codigo_plu,vfm_cantidad,vfm_unitario,vfm_total,vfm_entregado) VALUES (7771,764750,1,1990,1990,@@@NO@@@)','',2,'2013-08-10'),(51110,'INSERT INTO gne_vale_ferreteria (vfe_id,vfe_fecha,vfe_total,vfe_estado,vfe_entregado,usu_nusuario) VALUES (7772,@@@2013.08.10@@@,250,1,0,@@@b_SAEZ@@@)','',2,'2013-08-10'),(51111,'INSERT INTO gne_vale_ferreteria_mov (vfe_id,pro_codigo_plu,vfm_cantidad,vfm_unitario,vfm_total,vfm_entregado) VALUES (7772,780721186,1,250,250,@@@NO@@@)','',2,'2013-08-10'),(51112,'UPDATE mae_productos SET pro_codigo_barra=@@@7805810121616@@@,pro_tipo=@@@0@@@,pro_nombre_producto=@@@PANTY CAFFARENA T3 COGNAC UN.@@@,pro_nombre_corto=@@@PANTY CAFFARENA@@@,med_id=@@@1@@@,emb_id=@@@6@@@,pro_unidades_embalaje=@@@1@@@,dep_id=@@@39 @@@,lin_id=@@@233@@@,mar_id=@@@225@@@,pro_precio_compra_neto=@@@0@@@,pro_precio_compra_bruto=@@@0@@@,pro_precio_venta=@@@750@@@,pro_margen_actual=@@@0@@@,pro_oferta=@@@NO@@@,pro_fecha_inicio_oferta=@@@2006.09.07@@@,pro_fecha_termino_oferta=@@@2006.09.07@@@,pro_precio_oferta=@@@0@@@,pro_stock_minimo=@@@10@@@,pro_stock_critico=@@@5@@@,pro_activo=@@@1@@@,pro_unidad=@@@0@@@,pro_precio_compra_bruto=0,pro_margen_actual=0,pro_capacidad=1,pro_funcion_plu=0,pro_flejes=1,pro_iva=1,pro_plu_asociado=0,pro_envase=@@@NO@@@,pro_duracion=0,pro_numero_etiqueta=0 WHERE pro_codigo_plu=@@@100365@@@','',2,'2013-08-10'),(51113,'UPDATE mae_productos SET pro_estado=1 WHERE pro_codigo_plu=100365','',2,'2013-08-10'),(51114,'DELETE FROM mae_impuestos_productos WHERE pro_codigo_plu=@@@100365@@@','',2,'2013-08-10'),(51115,'INSERT INTO gne_vale_ferreteria (vfe_id,vfe_fecha,vfe_total,vfe_estado,vfe_entregado,usu_nusuario) VALUES (7773,@@@2013.08.10@@@,1040,1,0,@@@b_SAEZ@@@)','',2,'2013-08-10'),(51116,'INSERT INTO gne_vale_ferreteria_mov (vfe_id,pro_codigo_plu,vfm_cantidad,vfm_unitario,vfm_total,vfm_entregado) VALUES (7773,100365,1,750,750,@@@NO@@@)','',2,'2013-08-10'),(51117,'INSERT INTO gne_vale_ferreteria_mov (vfe_id,pro_codigo_plu,vfm_cantidad,vfm_unitario,vfm_total,vfm_entregado) VALUES (7773,1559,1,290,290,@@@NO@@@)','',2,'2013-08-10'),(51118,'INSERT INTO gne_vale_ferreteria (vfe_id,vfe_fecha,vfe_total,vfe_estado,vfe_entregado,usu_nusuario) VALUES (7774,@@@2013.08.10@@@,1500,1,0,@@@b_SAEZ@@@)','',2,'2013-08-10'),(51119,'INSERT INTO gne_vale_ferreteria_mov (vfe_id,pro_codigo_plu,vfm_cantidad,vfm_unitario,vfm_total,vfm_entregado) VALUES (7774,78017110,10,150,1500,@@@NO@@@)','',2,'2013-08-10'),(51120,'INSERT INTO gne_vale_ferreteria (vfe_id,vfe_fecha,vfe_total,vfe_estado,vfe_entregado,usu_nusuario) VALUES (7775,@@@2013.08.10@@@,840,1,0,@@@b_SAEZ@@@)','',2,'2013-08-10'),(51121,'INSERT INTO gne_vale_ferreteria_mov (vfe_id,pro_codigo_plu,vfm_cantidad,vfm_unitario,vfm_total,vfm_entregado) VALUES (7775,11670,1,840,840,@@@NO@@@)','',2,'2013-08-10'),(51122,'INSERT INTO gne_vale_ferreteria (vfe_id,vfe_fecha,vfe_total,vfe_estado,vfe_entregado,usu_nusuario) VALUES (7776,@@@2013.08.10@@@,1990,1,0,@@@b_SAEZ@@@)','',2,'2013-08-10'),(51123,'INSERT INTO gne_vale_ferreteria_mov (vfe_id,pro_codigo_plu,vfm_cantidad,vfm_unitario,vfm_total,vfm_entregado) VALUES (7776,780721614,1,1490,1490,@@@NO@@@)','',2,'2013-08-10'),(51124,'INSERT INTO gne_vale_ferreteria_mov (vfe_id,pro_codigo_plu,vfm_cantidad,vfm_unitario,vfm_total,vfm_entregado) VALUES (7776,12608,2,250,500,@@@NO@@@)','',2,'2013-08-10'),(51125,'INSERT INTO gne_vale_ferreteria (vfe_id,vfe_fecha,vfe_total,vfe_estado,vfe_entregado,usu_nusuario) VALUES (7777,@@@2013.08.10@@@,5980,1,0,@@@b_SAEZ@@@)','',2,'2013-08-10'),(51126,'INSERT INTO gne_vale_ferreteria_mov (vfe_id,pro_codigo_plu,vfm_cantidad,vfm_unitario,vfm_total,vfm_entregado) VALUES (7777,780721589,1,3490,3490,@@@NO@@@)','',2,'2013-08-10'),(51127,'INSERT INTO gne_vale_ferreteria_mov (vfe_id,pro_codigo_plu,vfm_cantidad,vfm_unitario,vfm_total,vfm_entregado) VALUES (7777,780721625,1,2490,2490,@@@NO@@@)','',2,'2013-08-10'),(51128,'INSERT INTO gne_vale_ferreteria (vfe_id,vfe_fecha,vfe_total,vfe_estado,vfe_entregado,usu_nusuario) VALUES (7778,@@@2013.08.10@@@,300,1,0,@@@b_SAEZ@@@)','',2,'2013-08-10'),(51129,'INSERT INTO gne_vale_ferreteria_mov (vfe_id,pro_codigo_plu,vfm_cantidad,vfm_unitario,vfm_total,vfm_entregado) VALUES (7778,764848,1,300,300,@@@NO@@@)','',2,'2013-08-10'),(51130,'INSERT INTO gne_vale_ferreteria (vfe_id,vfe_fecha,vfe_total,vfe_estado,vfe_entregado,usu_nusuario) VALUES (7779,@@@2013.08.10@@@,880,1,0,@@@b_SAEZ@@@)','',2,'2013-08-10'),(51131,'INSERT INTO gne_vale_ferreteria_mov (vfe_id,pro_codigo_plu,vfm_cantidad,vfm_unitario,vfm_total,vfm_entregado) VALUES (7779,780721516,1,590,590,@@@NO@@@)','',2,'2013-08-10'),(51132,'INSERT INTO gne_vale_ferreteria_mov (vfe_id,pro_codigo_plu,vfm_cantidad,vfm_unitario,vfm_total,vfm_entregado) VALUES (7779,1536,1,290,290,@@@NO@@@)','',2,'2013-08-10'),(51133,'INSERT INTO gne_vale_ferreteria (vfe_id,vfe_fecha,vfe_total,vfe_estado,vfe_entregado,usu_nusuario) VALUES (7780,@@@2013.08.10@@@,120,1,0,@@@b_SAEZ@@@)','',2,'2013-08-10'),(51134,'INSERT INTO gne_vale_ferreteria_mov (vfe_id,pro_codigo_plu,vfm_cantidad,vfm_unitario,vfm_total,vfm_entregado) VALUES (7780,764766,1,120,120,@@@NO@@@)','',2,'2013-08-10'),(51135,'INSERT INTO gne_vale_ferreteria (vfe_id,vfe_fecha,vfe_total,vfe_estado,vfe_entregado,usu_nusuario) VALUES (7781,@@@2013.08.10@@@,840,1,0,@@@b_SAEZ@@@)','',2,'2013-08-10'),(51136,'INSERT INTO gne_vale_ferreteria_mov (vfe_id,pro_codigo_plu,vfm_cantidad,vfm_unitario,vfm_total,vfm_entregado) VALUES (7781,764832,1,150,150,@@@NO@@@)','',2,'2013-08-10'),(51137,'INSERT INTO gne_vale_ferreteria_mov (vfe_id,pro_codigo_plu,vfm_cantidad,vfm_unitario,vfm_total,vfm_entregado) VALUES (7781,21135,1,200,200,@@@NO@@@)','',2,'2013-08-10'),(51138,'INSERT INTO gne_vale_ferreteria_mov (vfe_id,pro_codigo_plu,vfm_cantidad,vfm_unitario,vfm_total,vfm_entregado) VALUES (7781,4127,1,490,490,@@@NO@@@)','',2,'2013-08-10'),(51139,'INSERT INTO gne_vale_ferreteria (vfe_id,vfe_fecha,vfe_total,vfe_estado,vfe_entregado,usu_nusuario) VALUES (7782,@@@2013.08.10@@@,3090,1,0,@@@b_SAEZ@@@)','',2,'2013-08-10'),(51140,'INSERT INTO gne_vale_ferreteria_mov (vfe_id,pro_codigo_plu,vfm_cantidad,vfm_unitario,vfm_total,vfm_entregado) VALUES (7782,8021,4,150,600,@@@NO@@@)','',2,'2013-08-10'),(51141,'INSERT INTO gne_vale_ferreteria_mov (vfe_id,pro_codigo_plu,vfm_cantidad,vfm_unitario,vfm_total,vfm_entregado) VALUES (7782,780721509,1,2490,2490,@@@NO@@@)','',2,'2013-08-10'),(51142,'INSERT INTO gne_vale_ferreteria (vfe_id,vfe_fecha,vfe_total,vfe_estado,vfe_entregado,usu_nusuario) VALUES (7783,@@@2013.08.10@@@,980,1,0,@@@b_SAEZ@@@)','',2,'2013-08-10'),(51143,'INSERT INTO gne_vale_ferreteria_mov (vfe_id,pro_codigo_plu,vfm_cantidad,vfm_unitario,vfm_total,vfm_entregado) VALUES (7783,7001,2,490,980,@@@NO@@@)','',2,'2013-08-10'),(51144,'INSERT INTO gne_vale_ferreteria (vfe_id,vfe_fecha,vfe_total,vfe_estado,vfe_entregado,usu_nusuario) VALUES (7784,@@@2013.08.10@@@,330,1,0,@@@b_SAEZ@@@)','',2,'2013-08-10'),(51145,'INSERT INTO gne_vale_ferreteria_mov (vfe_id,pro_codigo_plu,vfm_cantidad,vfm_unitario,vfm_total,vfm_entregado) VALUES (7784,780220186,1,330,330,@@@NO@@@)','',2,'2013-08-10'),(51146,'INSERT INTO gne_vale_ferreteria (vfe_id,vfe_fecha,vfe_total,vfe_estado,vfe_entregado,usu_nusuario) VALUES (7785,@@@2013.08.10@@@,2970,1,0,@@@b_SAEZ@@@)','',2,'2013-08-10'),(51147,'INSERT INTO gne_vale_ferreteria_mov (vfe_id,pro_codigo_plu,vfm_cantidad,vfm_unitario,vfm_total,vfm_entregado) VALUES (7785,764750,1,1990,1990,@@@NO@@@)','',2,'2013-08-10'),(51148,'INSERT INTO gne_vale_ferreteria_mov (vfe_id,pro_codigo_plu,vfm_cantidad,vfm_unitario,vfm_total,vfm_entregado) VALUES (7785,764529,1,490,490,@@@NO@@@)','',2,'2013-08-10'),(51149,'INSERT INTO gne_vale_ferreteria_mov (vfe_id,pro_codigo_plu,vfm_cantidad,vfm_unitario,vfm_total,vfm_entregado) VALUES (7785,1552,1,490,490,@@@NO@@@)','',2,'2013-08-10'),(51150,'INSERT INTO gne_vale_ferreteria (vfe_id,vfe_fecha,vfe_total,vfe_estado,vfe_entregado,usu_nusuario) VALUES (7786,@@@2013.08.10@@@,940,1,0,@@@b_SAEZ@@@)','',2,'2013-08-10'),(51151,'INSERT INTO gne_vale_ferreteria_mov (vfe_id,pro_codigo_plu,vfm_cantidad,vfm_unitario,vfm_total,vfm_entregado) VALUES (7786,770000,10,50,500,@@@NO@@@)','',2,'2013-08-10'),(51152,'INSERT INTO gne_vale_ferreteria_mov (vfe_id,pro_codigo_plu,vfm_cantidad,vfm_unitario,vfm_total,vfm_entregado) VALUES (7786,78017111,2,100,200,@@@NO@@@)','',2,'2013-08-10'),(51153,'INSERT INTO gne_vale_ferreteria_mov (vfe_id,pro_codigo_plu,vfm_cantidad,vfm_unitario,vfm_total,vfm_entregado) VALUES (7786,78017112,2,120,240,@@@NO@@@)','',2,'2013-08-10'),(51154,'INSERT INTO gne_vale_ferreteria (vfe_id,vfe_fecha,vfe_total,vfe_estado,vfe_entregado,usu_nusuario) VALUES (7787,@@@2013.08.10@@@,200,1,0,@@@b_SAEZ@@@)','',2,'2013-08-10'),(51155,'INSERT INTO gne_vale_ferreteria_mov (vfe_id,pro_codigo_plu,vfm_cantidad,vfm_unitario,vfm_total,vfm_entregado) VALUES (7787,765072,1,200,200,@@@NO@@@)','',2,'2013-08-10'),(51156,'INSERT INTO mae_productos (pro_codigo_plu,pro_codigo_barra,pro_tipo,pro_nombre_producto,pro_nombre_corto,med_id,emb_id,pro_unidades_embalaje,dep_id,lin_id,mar_id,pro_precio_compra_neto,pro_precio_compra_bruto,pro_precio_venta,pro_margen_actual,pro_oferta,pro_fecha_inicio_oferta,pro_fecha_termino_oferta,pro_precio_oferta,pro_stock_minimo,pro_stock_critico,pro_entradas_bodega,pro_salidas_bodega,pro_mermas_bodega,pro_ajustes_bodega,pro_entradas_sv,pro_salidas_sv,pro_mermas_sv,pro_ajustes_sv,pro_activo,rec_numero,pro_unidad,pro_capacidad,pro_consumo_bodega,pro_consumo_sv,pro_estado,pro_funcion_plu,pro_flejes,pro_iva,pro_plu_asociado,pro_envase,pro_duracion,pro_numero_etiqueta) VALUES (75000872,@@@75000872@@@,@@@0@@@,@@@TORTA SIN DISEÑO@@@,@@@TORTA SIN DISEÑO@@@,@@@1 @@@,@@@9 @@@,@@@1@@@,@@@1 @@@,@@@151@@@,@@@2507@@@,@@@0@@@,@@@3000@@@,@@@4990@@@,@@@66.33@@@,@@@@@@,@@@2013.08.10@@@,@@@2013.08.10@@@,@@@0@@@,@@@0@@@,@@@0@@@,@@@0@@@,@@@0@@@,@@@0@@@,@@@0@@@,@@@0@@@,@@@0@@@,@@@0@@@,@@@0@@@,@@@1@@@,@@@0@@@,0,1,0,0,2,0,1,1,0,@@@NO@@@,0,0)','',2,'2013-08-10'),(51157,'DELETE FROM mae_impuestos_productos WHERE pro_codigo_plu=@@@75000872@@@','',2,'2013-08-10'),(51158,'INSERT INTO mae_productos (pro_codigo_plu,pro_codigo_barra,pro_tipo,pro_nombre_producto,pro_nombre_corto,med_id,emb_id,pro_unidades_embalaje,dep_id,lin_id,mar_id,pro_precio_compra_neto,pro_precio_compra_bruto,pro_precio_venta,pro_margen_actual,pro_oferta,pro_fecha_inicio_oferta,pro_fecha_termino_oferta,pro_precio_oferta,pro_stock_minimo,pro_stock_critico,pro_entradas_bodega,pro_salidas_bodega,pro_mermas_bodega,pro_ajustes_bodega,pro_entradas_sv,pro_salidas_sv,pro_mermas_sv,pro_ajustes_sv,pro_activo,rec_numero,pro_unidad,pro_capacidad,pro_consumo_bodega,pro_consumo_sv,pro_estado,pro_funcion_plu,pro_flejes,pro_iva,pro_plu_asociado,pro_envase,pro_duracion,pro_numero_etiqueta) VALUES (75000871,@@@75000871@@@,@@@0@@@,@@@TORTA CON DISEÑO@@@,@@@TORTA CON DISEÑO@@@,@@@1 @@@,@@@9 @@@,@@@1@@@,@@@1 @@@,@@@151@@@,@@@2507@@@,@@@0@@@,@@@5000@@@,@@@7990@@@,@@@59.8@@@,@@@@@@,@@@2013.08.10@@@,@@@2013.08.10@@@,@@@0@@@,@@@0@@@,@@@0@@@,@@@0@@@,@@@0@@@,@@@0@@@,@@@0@@@,@@@0@@@,@@@0@@@,@@@0@@@,@@@0@@@,@@@1@@@,@@@0@@@,0,1,0,0,2,0,1,1,0,@@@NO@@@,0,0)','',2,'2013-08-10'),(51159,'DELETE FROM mae_impuestos_productos WHERE pro_codigo_plu=@@@75000871@@@','',2,'2013-08-10'),(51160,'INSERT INTO gne_vale_ferreteria (vfe_id,vfe_fecha,vfe_total,vfe_estado,vfe_entregado,usu_nusuario) VALUES (7788,@@@2013.08.10@@@,180,1,0,@@@b_SAEZ@@@)','',2,'2013-08-10'),(51161,'INSERT INTO gne_vale_ferreteria_mov (vfe_id,pro_codigo_plu,vfm_cantidad,vfm_unitario,vfm_total,vfm_entregado) VALUES (7788,770031,6,30,180,@@@NO@@@)','',2,'2013-08-10'),(51162,'UPDATE mae_productos SET pro_precio_fiscal=pro_precio_venta WHERE pro_codigo_plu=75000871','',2,'2013-08-10'),(51163,'UPDATE mae_productos SET pro_precio_fiscal=pro_precio_venta WHERE pro_codigo_plu=75000872','',2,'2013-08-10'),(51164,'INSERT INTO gne_vale_ferreteria (vfe_id,vfe_fecha,vfe_total,vfe_estado,vfe_entregado,usu_nusuario) VALUES (7789,@@@2013.08.10@@@,900,1,0,@@@b_SAEZ@@@)','',2,'2013-08-10'),(51165,'INSERT INTO gne_vale_ferreteria_mov (vfe_id,pro_codigo_plu,vfm_cantidad,vfm_unitario,vfm_total,vfm_entregado) VALUES (7789,7500876,3,300,900,@@@NO@@@)','',2,'2013-08-10'),(51166,'INSERT INTO gne_vale_ferreteria (vfe_id,vfe_fecha,vfe_total,vfe_estado,vfe_entregado,usu_nusuario) VALUES (7790,@@@2013.08.10@@@,4320,1,0,@@@b_SAEZ@@@)','',2,'2013-08-10'),(51167,'INSERT INTO gne_vale_ferreteria_mov (vfe_id,pro_codigo_plu,vfm_cantidad,vfm_unitario,vfm_total,vfm_entregado) VALUES (7790,4098,2,590,1180,@@@NO@@@)','',2,'2013-08-10'),(51168,'INSERT INTO gne_vale_ferreteria_mov (vfe_id,pro_codigo_plu,vfm_cantidad,vfm_unitario,vfm_total,vfm_entregado) VALUES (7790,780721561,1,1990,1990,@@@NO@@@)','',2,'2013-08-10'),(51169,'INSERT INTO gne_vale_ferreteria_mov (vfe_id,pro_codigo_plu,vfm_cantidad,vfm_unitario,vfm_total,vfm_entregado) VALUES (7790,764434,1,1150,1150,@@@NO@@@)','',2,'2013-08-10'),(51170,'INSERT INTO gne_vale_ferreteria (vfe_id,vfe_fecha,vfe_total,vfe_estado,vfe_entregado,usu_nusuario) VALUES (7791,@@@2013.08.10@@@,400,1,0,@@@b_SAEZ@@@)','',2,'2013-08-10'),(51171,'INSERT INTO gne_vale_ferreteria_mov (vfe_id,pro_codigo_plu,vfm_cantidad,vfm_unitario,vfm_total,vfm_entregado) VALUES (7791,4089,2,200,400,@@@NO@@@)','',2,'2013-08-10'),(51172,'UPDATE mae_productos SET pro_precio_venta=289,pro_margen_actual=30.8, pro_precio_compra_bruto=220.94, pro_precio_compra_neto=185.663865546218 WHERE pro_codigo_plu=16815','',2,'2013-08-10'),(51173,'UPDATE mae_productos SET pro_precio_fiscal=pro_precio_venta WHERE pro_codigo_plu=16815','',2,'2013-08-10'),(51174,'INSERT INTO gne_vale_ferreteria (vfe_id,vfe_fecha,vfe_total,vfe_estado,vfe_entregado,usu_nusuario) VALUES (7792,@@@2013.08.10@@@,4000,1,0,@@@b_SAEZ@@@)','',2,'2013-08-10'),(51175,'INSERT INTO gne_vale_ferreteria_mov (vfe_id,pro_codigo_plu,vfm_cantidad,vfm_unitario,vfm_total,vfm_entregado) VALUES (7792,764434,1,1150,1150,@@@NO@@@)','',2,'2013-08-10'),(51176,'INSERT INTO gne_vale_ferreteria_mov (vfe_id,pro_codigo_plu,vfm_cantidad,vfm_unitario,vfm_total,vfm_entregado) VALUES (7792,764444,1,2850,2850,@@@NO@@@)','',2,'2013-08-10'),(51177,'INSERT INTO gne_vale_ferreteria (vfe_id,vfe_fecha,vfe_total,vfe_estado,vfe_entregado,usu_nusuario) VALUES (7793,@@@2013.08.10@@@,6480,1,0,@@@b_SAEZ@@@)','',2,'2013-08-10'),(51178,'INSERT INTO gne_vale_ferreteria_mov (vfe_id,pro_codigo_plu,vfm_cantidad,vfm_unitario,vfm_total,vfm_entregado) VALUES (7793,763724,1,2490,2490,@@@NO@@@)','',2,'2013-08-10'),(51179,'INSERT INTO gne_vale_ferreteria_mov (vfe_id,pro_codigo_plu,vfm_cantidad,vfm_unitario,vfm_total,vfm_entregado) VALUES (7793,18822,1,3990,3990,@@@NO@@@)','',2,'2013-08-10'),(51180,'UPDATE mae_productos SET pro_margen_actual=0,pro_precio_venta=100 WHERE pro_codigo_plu=4078','',2,'2013-08-10'),(51181,'UPDATE mae_productos SET pro_margen_actual=0,pro_precio_venta=750 WHERE pro_codigo_plu=100365','',2,'2013-08-10'),(51182,'INSERT INTO gne_vale_ferreteria (vfe_id,vfe_fecha,vfe_total,vfe_estado,vfe_entregado,usu_nusuario) VALUES (7794,@@@2013.08.10@@@,1790,1,0,@@@b_SAEZ@@@)','',2,'2013-08-10'),(51183,'INSERT INTO gne_vale_ferreteria_mov (vfe_id,pro_codigo_plu,vfm_cantidad,vfm_unitario,vfm_total,vfm_entregado) VALUES (7794,763718,1,1790,1790,@@@NO@@@)','',2,'2013-08-10'),(51184,'INSERT INTO gne_vale_ferreteria (vfe_id,vfe_fecha,vfe_total,vfe_estado,vfe_entregado,usu_nusuario) VALUES (7795,@@@2013.08.10@@@,500,1,0,@@@b_SAEZ@@@)','',2,'2013-08-10'),(51185,'INSERT INTO gne_vale_ferreteria_mov (vfe_id,pro_codigo_plu,vfm_cantidad,vfm_unitario,vfm_total,vfm_entregado) VALUES (7795,764013,1,300,300,@@@NO@@@)','',2,'2013-08-10'),(51186,'INSERT INTO gne_vale_ferreteria_mov (vfe_id,pro_codigo_plu,vfm_cantidad,vfm_unitario,vfm_total,vfm_entregado) VALUES (7795,765072,1,200,200,@@@NO@@@)','',2,'2013-08-10'),(51187,'INSERT INTO gne_vale_ferreteria (vfe_id,vfe_fecha,vfe_total,vfe_estado,vfe_entregado,usu_nusuario) VALUES (7796,@@@2013.08.10@@@,1350,1,0,@@@b_SAEZ@@@)','',2,'2013-08-10'),(51188,'INSERT INTO gne_vale_ferreteria_mov (vfe_id,pro_codigo_plu,vfm_cantidad,vfm_unitario,vfm_total,vfm_entregado) VALUES (7796,763479,1,1350,1350,@@@NO@@@)','',2,'2013-08-10'),(51189,'UPDATE mae_productos SET pro_precio_compra_bruto=98.77,pro_margen_actual=(pro_precio_venta-98.77)/98.77 * 100,pro_ultima_compra=@@@2013.08.10@@@,pro_ultimo_proveedor=@@@82623500-4@@@ WHERE pro_codigo_plu=12976','',2,'2013-08-10'),(51190,'UPDATE mae_productos SET pro_precio_compra_bruto=960.33,pro_margen_actual=(pro_precio_venta-960.33)/960.33 * 100,pro_ultima_compra=@@@2013.08.10@@@,pro_ultimo_proveedor=@@@82623500-4@@@ WHERE pro_codigo_plu=11339','',2,'2013-08-10'),(51191,'UPDATE mae_productos SET pro_precio_compra_bruto=153.51,pro_margen_actual=(pro_precio_venta-153.51)/153.51 * 100,pro_ultima_compra=@@@2013.08.10@@@,pro_ultimo_proveedor=@@@82623500-4@@@ WHERE pro_codigo_plu=12029','',2,'2013-08-10'),(51192,'UPDATE mae_productos SET pro_precio_compra_bruto=268.94,pro_margen_actual=(pro_precio_venta-268.94)/268.94 * 100,pro_ultima_compra=@@@2013.08.10@@@,pro_ultimo_proveedor=@@@82623500-4@@@ WHERE pro_codigo_plu=78017083','',2,'2013-08-10'),(51193,'UPDATE mae_productos SET pro_precio_compra_bruto=268.94,pro_margen_actual=(pro_precio_venta-268.94)/268.94 * 100,pro_ultima_compra=@@@2013.08.10@@@,pro_ultimo_proveedor=@@@82623500-4@@@ WHERE pro_codigo_plu=13551','',2,'2013-08-10'),(51194,'UPDATE mae_productos SET pro_precio_compra_bruto=115.43,pro_margen_actual=(pro_precio_venta-115.43)/115.43 * 100,pro_ultima_compra=@@@2013.08.10@@@,pro_ultimo_proveedor=@@@82623500-4@@@ WHERE pro_codigo_plu=14222','',2,'2013-08-10'),(51195,'UPDATE mae_productos SET pro_precio_compra_bruto=230.86,pro_margen_actual=(pro_precio_venta-230.86)/230.86 * 100,pro_ultima_compra=@@@2013.08.10@@@,pro_ultimo_proveedor=@@@82623500-4@@@ WHERE pro_codigo_plu=780721632','',2,'2013-08-10'),(51196,'UPDATE mae_productos SET pro_precio_compra_bruto=191.59,pro_margen_actual=(pro_precio_venta-191.59)/191.59 * 100,pro_ultima_compra=@@@2013.08.10@@@,pro_ultimo_proveedor=@@@82623500-4@@@ WHERE pro_codigo_plu=763488','',2,'2013-08-10'),(51197,'UPDATE mae_productos SET pro_precio_compra_bruto=1075.76,pro_margen_actual=(pro_precio_venta-1075.76)/1075.76 * 100,pro_ultima_compra=@@@2013.08.10@@@,pro_ultimo_proveedor=@@@82623500-4@@@ WHERE pro_codigo_plu=763525','',2,'2013-08-10'),(51198,'UPDATE mae_productos SET pro_precio_compra_bruto=191.59,pro_margen_actual=(pro_precio_venta-191.59)/191.59 * 100,pro_ultima_compra=@@@2013.08.10@@@,pro_ultimo_proveedor=@@@82623500-4@@@ WHERE pro_codigo_plu=13054','',2,'2013-08-10'),(51199,'UPDATE mae_productos SET pro_precio_compra_bruto=192.78,pro_margen_actual=(pro_precio_venta-192.78)/192.78 * 100,pro_ultima_compra=@@@2013.08.10@@@,pro_ultimo_proveedor=@@@82623500-4@@@ WHERE pro_codigo_plu=78017082','',2,'2013-08-10'),(51200,'UPDATE mae_productos SET pro_precio_compra_bruto=192.78,pro_margen_actual=(pro_precio_venta-192.78)/192.78 * 100,pro_ultima_compra=@@@2013.08.10@@@,pro_ultimo_proveedor=@@@82623500-4@@@ WHERE pro_codigo_plu=763475','',2,'2013-08-10'),(51201,'UPDATE mae_productos SET pro_precio_compra_bruto=1154.3,pro_margen_actual=(pro_precio_venta-1154.3)/1154.3 * 100,pro_ultima_compra=@@@2013.08.10@@@,pro_ultimo_proveedor=@@@82623500-4@@@ WHERE pro_codigo_plu=763530','',2,'2013-08-10'),(51202,'UPDATE mae_productos SET pro_precio_compra_bruto=922.25,pro_margen_actual=(pro_precio_venta-922.25)/922.25 * 100,pro_ultima_compra=@@@2013.08.10@@@,pro_ultimo_proveedor=@@@82623500-4@@@ WHERE pro_codigo_plu=10855','',2,'2013-08-10'),(51203,'INSERT INTO gne_vale_ferreteria (vfe_id,vfe_fecha,vfe_total,vfe_estado,vfe_entregado,usu_nusuario) VALUES (7797,@@@2013.08.10@@@,1990,1,0,@@@b_SAEZ@@@)','',2,'2013-08-10'),(51204,'INSERT INTO gne_vale_ferreteria_mov (vfe_id,pro_codigo_plu,vfm_cantidad,vfm_unitario,vfm_total,vfm_entregado) VALUES (7797,780721477,1,1990,1990,@@@NO@@@)','',2,'2013-08-10'),(51205,'UPDATE mae_productos SET pro_codigo_barra=@@@104@@@,pro_tipo=@@@0@@@,pro_nombre_producto=@@@CAZUELA DE POLLO@@@,pro_nombre_corto=@@@CAZUELA DE POLLO@@@,med_id=@@@2@@@,emb_id=@@@1@@@,pro_unidades_embalaje=@@@1@@@,dep_id=@@@9 @@@,lin_id=@@@65@@@,mar_id=@@@2507@@@,pro_precio_compra_neto=@@@0@@@,pro_precio_compra_bruto=@@@0@@@,pro_precio_venta=@@@1290@@@,pro_margen_actual=@@@0@@@,pro_oferta=@@@NO@@@,pro_fecha_inicio_oferta=@@@1900.01.01@@@,pro_fecha_termino_oferta=@@@1900.01.01@@@,pro_precio_oferta=@@@0@@@,pro_stock_minimo=@@@1@@@,pro_stock_critico=@@@1@@@,pro_activo=@@@1@@@,pro_unidad=@@@1@@@,pro_precio_compra_bruto=0,pro_margen_actual=0,pro_capacidad=1,pro_funcion_plu=1,pro_flejes=0,pro_iva=1,pro_plu_asociado=0,pro_envase=@@@NO@@@,pro_duracion=0,pro_numero_etiqueta=1 WHERE pro_codigo_plu=@@@104@@@','',2,'2013-08-10'),(51206,'UPDATE mae_productos SET pro_estado=1 WHERE pro_codigo_plu=104','',2,'2013-08-10'),(51207,'DELETE FROM mae_impuestos_productos WHERE pro_codigo_plu=@@@104@@@','',2,'2013-08-10'),(51208,'INSERT INTO gne_vale_ferreteria (vfe_id,vfe_fecha,vfe_total,vfe_estado,vfe_entregado,usu_nusuario) VALUES (7798,@@@2013.08.10@@@,650,1,0,@@@b_SAEZ@@@)','',2,'2013-08-10'),(51209,'INSERT INTO gne_vale_ferreteria_mov (vfe_id,pro_codigo_plu,vfm_cantidad,vfm_unitario,vfm_total,vfm_entregado) VALUES (7798,78017013,1,650,650,@@@NO@@@)','',2,'2013-08-10'),(51210,'UPDATE mae_productos SET pro_precio_venta=1590,pro_margen_actual=39.91, pro_precio_compra_bruto=1136.45, pro_precio_compra_neto=955 WHERE pro_codigo_plu=104','',2,'2013-08-10'),(51211,'UPDATE mae_productos SET pro_precio_fiscal=pro_precio_venta WHERE pro_codigo_plu=104','',2,'2013-08-10'),(51212,'INSERT INTO gne_vale_ferreteria (vfe_id,vfe_fecha,vfe_total,vfe_estado,vfe_entregado,usu_nusuario) VALUES (7799,@@@2013.08.10@@@,600,1,0,@@@b_SAEZ@@@)','',2,'2013-08-10'),(51213,'INSERT INTO gne_vale_ferreteria_mov (vfe_id,pro_codigo_plu,vfm_cantidad,vfm_unitario,vfm_total,vfm_entregado) VALUES (7799,780721221,2,300,600,@@@NO@@@)','',2,'2013-08-10'),(51214,'INSERT INTO gne_vale_ferreteria (vfe_id,vfe_fecha,vfe_total,vfe_estado,vfe_entregado,usu_nusuario) VALUES (7800,@@@2013.08.10@@@,390,1,0,@@@b_SAEZ@@@)','',2,'2013-08-10'),(51215,'INSERT INTO gne_vale_ferreteria_mov (vfe_id,pro_codigo_plu,vfm_cantidad,vfm_unitario,vfm_total,vfm_entregado) VALUES (7800,780721358,1,390,390,@@@NO@@@)','',2,'2013-08-10'),(51216,'INSERT INTO gne_vale_ferreteria (vfe_id,vfe_fecha,vfe_total,vfe_estado,vfe_entregado,usu_nusuario) VALUES (7801,@@@2013.08.10@@@,1990,1,0,@@@b_SAEZ@@@)','',2,'2013-08-10'),(51217,'INSERT INTO gne_vale_ferreteria_mov (vfe_id,pro_codigo_plu,vfm_cantidad,vfm_unitario,vfm_total,vfm_entregado) VALUES (7801,764482,1,1990,1990,@@@NO@@@)','',2,'2013-08-10'),(51218,'INSERT INTO gne_vale_ferreteria (vfe_id,vfe_fecha,vfe_total,vfe_estado,vfe_entregado,usu_nusuario) VALUES (7802,@@@2013.08.10@@@,590,1,0,@@@b_SAEZ@@@)','',2,'2013-08-10'),(51219,'INSERT INTO gne_vale_ferreteria_mov (vfe_id,pro_codigo_plu,vfm_cantidad,vfm_unitario,vfm_total,vfm_entregado) VALUES (7802,780721487,1,590,590,@@@NO@@@)','',2,'2013-08-10'),(51220,'INSERT INTO gne_vale_ferreteria (vfe_id,vfe_fecha,vfe_total,vfe_estado,vfe_entregado,usu_nusuario) VALUES (7803,@@@2013.08.10@@@,450,1,0,@@@b_SAEZ@@@)','',2,'2013-08-10'),(51221,'INSERT INTO gne_vale_ferreteria_mov (vfe_id,pro_codigo_plu,vfm_cantidad,vfm_unitario,vfm_total,vfm_entregado) VALUES (7803,7500885,9,50,450,@@@NO@@@)','',2,'2013-08-10'),(51222,'INSERT INTO gne_vale_ferreteria (vfe_id,vfe_fecha,vfe_total,vfe_estado,vfe_entregado,usu_nusuario) VALUES (7804,@@@2013.08.10@@@,3990,1,0,@@@b_SAEZ@@@)','',2,'2013-08-10'),(51223,'INSERT INTO gne_vale_ferreteria_mov (vfe_id,pro_codigo_plu,vfm_cantidad,vfm_unitario,vfm_total,vfm_entregado) VALUES (7804,770090,1,3990,3990,@@@NO@@@)','',2,'2013-08-10'),(51224,'INSERT INTO gne_vale_ferreteria (vfe_id,vfe_fecha,vfe_total,vfe_estado,vfe_entregado,usu_nusuario) VALUES (7805,@@@2013.08.10@@@,390,1,0,@@@b_SAEZ@@@)','',2,'2013-08-10'),(51225,'INSERT INTO gne_vale_ferreteria_mov (vfe_id,pro_codigo_plu,vfm_cantidad,vfm_unitario,vfm_total,vfm_entregado) VALUES (7805,15967,3,130,390,@@@NO@@@)','',2,'2013-08-10'),(51226,'INSERT INTO gne_vale_ferreteria (vfe_id,vfe_fecha,vfe_total,vfe_estado,vfe_entregado,usu_nusuario) VALUES (7806,@@@2013.08.10@@@,840,1,0,@@@b_SAEZ@@@)','',2,'2013-08-10'),(51227,'INSERT INTO gne_vale_ferreteria_mov (vfe_id,pro_codigo_plu,vfm_cantidad,vfm_unitario,vfm_total,vfm_entregado) VALUES (7806,11670,1,840,840,@@@NO@@@)','',2,'2013-08-10'),(51228,'INSERT INTO gne_vale_ferreteria (vfe_id,vfe_fecha,vfe_total,vfe_estado,vfe_entregado,usu_nusuario) VALUES (7807,@@@2013.08.10@@@,2890,1,0,@@@b_SAEZ@@@)','',2,'2013-08-10'),(51229,'INSERT INTO gne_vale_ferreteria_mov (vfe_id,pro_codigo_plu,vfm_cantidad,vfm_unitario,vfm_total,vfm_entregado) VALUES (7807,780721481,1,2890,2890,@@@NO@@@)','',2,'2013-08-10'),(51230,'UPDATE mae_productos SET pro_codigo_barra=@@@112@@@,pro_tipo=@@@0@@@,pro_nombre_producto=@@@PATITAS POLLO@@@,pro_nombre_corto=@@@PATITAS POLLO@@@,med_id=@@@2@@@,emb_id=@@@1@@@,pro_unidades_embalaje=@@@1@@@,dep_id=@@@9 @@@,lin_id=@@@65@@@,mar_id=@@@2507@@@,pro_precio_compra_neto=@@@0@@@,pro_precio_compra_bruto=@@@0@@@,pro_precio_venta=@@@790@@@,pro_margen_actual=@@@0@@@,pro_oferta=@@@NO@@@,pro_fecha_inicio_oferta=@@@1900.01.01@@@,pro_fecha_termino_oferta=@@@1900.01.01@@@,pro_precio_oferta=@@@0@@@,pro_stock_minimo=@@@1@@@,pro_stock_critico=@@@1@@@,pro_activo=@@@1@@@,pro_unidad=@@@1@@@,pro_precio_compra_bruto=0,pro_margen_actual=0,pro_capacidad=1,pro_funcion_plu=1,pro_flejes=1,pro_iva=1,pro_plu_asociado=0,pro_envase=@@@NO@@@,pro_duracion=0,pro_numero_etiqueta=1 WHERE pro_codigo_plu=@@@112@@@','',2,'2013-08-10'),(51231,'UPDATE mae_productos SET pro_estado=1 WHERE pro_codigo_plu=112','',2,'2013-08-10'),(51232,'DELETE FROM mae_impuestos_productos WHERE pro_codigo_plu=@@@112@@@','',2,'2013-08-10'),(51233,'UPDATE mae_productos SET pro_codigo_barra=@@@202@@@,pro_tipo=@@@0@@@,pro_nombre_producto=@@@RESTO PECHO CERDO@@@,pro_nombre_corto=@@@RESTO PECHO CERD@@@,med_id=@@@1@@@,emb_id=@@@1@@@,pro_unidades_embalaje=@@@1@@@,dep_id=@@@11 @@@,lin_id=@@@70@@@,mar_id=@@@2507@@@,pro_precio_compra_neto=@@@0@@@,pro_precio_compra_bruto=@@@0@@@,pro_precio_venta=@@@1290@@@,pro_margen_actual=@@@0@@@,pro_oferta=@@@NO@@@,pro_fecha_inicio_oferta=@@@1900.01.01@@@,pro_fecha_termino_oferta=@@@1900.01.01@@@,pro_precio_oferta=@@@0@@@,pro_stock_minimo=@@@1@@@,pro_stock_critico=@@@1@@@,pro_activo=@@@1@@@,pro_unidad=@@@1@@@,pro_precio_compra_bruto=0,pro_margen_actual=0,pro_capacidad=1,pro_funcion_plu=1,pro_flejes=0,pro_iva=1,pro_plu_asociado=0,pro_envase=@@@NO@@@,pro_duracion=0,pro_numero_etiqueta=1 WHERE pro_codigo_plu=@@@202@@@','',2,'2013-08-10'),(51234,'UPDATE mae_productos SET pro_estado=1 WHERE pro_codigo_plu=202','',2,'2013-08-10'),(51235,'DELETE FROM mae_impuestos_productos WHERE pro_codigo_plu=@@@202@@@','',2,'2013-08-10'),(51236,'INSERT INTO gne_vale_ferreteria (vfe_id,vfe_fecha,vfe_total,vfe_estado,vfe_entregado,usu_nusuario) VALUES (7808,@@@2013.08.10@@@,7380,1,0,@@@b_SAEZ@@@)','',2,'2013-08-10'),(51237,'INSERT INTO gne_vale_ferreteria_mov (vfe_id,pro_codigo_plu,vfm_cantidad,vfm_unitario,vfm_total,vfm_entregado) VALUES (7808,780721622,1,2390,2390,@@@NO@@@)','',2,'2013-08-10'),(51238,'INSERT INTO gne_vale_ferreteria_mov (vfe_id,pro_codigo_plu,vfm_cantidad,vfm_unitario,vfm_total,vfm_entregado) VALUES (7808,780721537,1,4990,4990,@@@NO@@@)','',2,'2013-08-10'),(51239,'INSERT INTO gne_vale_ferreteria (vfe_id,vfe_fecha,vfe_total,vfe_estado,vfe_entregado,usu_nusuario) VALUES (7809,@@@2013.08.10@@@,840,1,0,@@@b_SAEZ@@@)','',2,'2013-08-10'),(51240,'INSERT INTO gne_vale_ferreteria_mov (vfe_id,pro_codigo_plu,vfm_cantidad,vfm_unitario,vfm_total,vfm_entregado) VALUES (7809,11670,1,840,840,@@@NO@@@)','',2,'2013-08-10'),(51241,'INSERT INTO gne_vale_ferreteria (vfe_id,vfe_fecha,vfe_total,vfe_estado,vfe_entregado,usu_nusuario) VALUES (7810,@@@2013.08.10@@@,2390,1,0,@@@b_SAEZ@@@)','',2,'2013-08-10'),(51242,'INSERT INTO gne_vale_ferreteria_mov (vfe_id,pro_codigo_plu,vfm_cantidad,vfm_unitario,vfm_total,vfm_entregado) VALUES (7810,780721622,1,2390,2390,@@@NO@@@)','',2,'2013-08-10'),(51243,'INSERT INTO gne_vale_ferreteria (vfe_id,vfe_fecha,vfe_total,vfe_estado,vfe_entregado,usu_nusuario) VALUES (7811,@@@2013.08.10@@@,2390,1,0,@@@b_SAEZ@@@)','',2,'2013-08-10'),(51244,'INSERT INTO gne_vale_ferreteria_mov (vfe_id,pro_codigo_plu,vfm_cantidad,vfm_unitario,vfm_total,vfm_entregado) VALUES (7811,780721622,1,2390,2390,@@@NO@@@)','',2,'2013-08-10'),(51245,'INSERT INTO gne_vale_ferreteria (vfe_id,vfe_fecha,vfe_total,vfe_estado,vfe_entregado,usu_nusuario) VALUES (7812,@@@2013.08.10@@@,1150,1,0,@@@b_SAEZ@@@)','',2,'2013-08-10'),(51246,'INSERT INTO gne_vale_ferreteria_mov (vfe_id,pro_codigo_plu,vfm_cantidad,vfm_unitario,vfm_total,vfm_entregado) VALUES (7812,770000,1,50,50,@@@NO@@@)','',2,'2013-08-10'),(51247,'INSERT INTO gne_vale_ferreteria_mov (vfe_id,pro_codigo_plu,vfm_cantidad,vfm_unitario,vfm_total,vfm_entregado) VALUES (7812,780721581,1,1100,1100,@@@NO@@@)','',2,'2013-08-10'),(51248,'INSERT INTO gne_vale_ferreteria (vfe_id,vfe_fecha,vfe_total,vfe_estado,vfe_entregado,usu_nusuario) VALUES (7813,@@@2013.08.10@@@,120,1,0,@@@b_SAEZ@@@)','',2,'2013-08-10'),(51249,'INSERT INTO gne_vale_ferreteria_mov (vfe_id,pro_codigo_plu,vfm_cantidad,vfm_unitario,vfm_total,vfm_entregado) VALUES (7813,78017154,1,120,120,@@@NO@@@)','',2,'2013-08-10'),(51250,'INSERT INTO gne_vale_ferreteria (vfe_id,vfe_fecha,vfe_total,vfe_estado,vfe_entregado,usu_nusuario) VALUES (7814,@@@2013.08.10@@@,390,1,0,@@@b_SAEZ@@@)','',2,'2013-08-10'),(51251,'INSERT INTO gne_vale_ferreteria_mov (vfe_id,pro_codigo_plu,vfm_cantidad,vfm_unitario,vfm_total,vfm_entregado) VALUES (7814,78017020,1,390,390,@@@NO@@@)','',2,'2013-08-10'),(51252,'INSERT INTO gne_vale_ferreteria (vfe_id,vfe_fecha,vfe_total,vfe_estado,vfe_entregado,usu_nusuario) VALUES (7815,@@@2013.08.10@@@,1040,1,0,@@@b_SAEZ@@@)','',2,'2013-08-10'),(51253,'INSERT INTO gne_vale_ferreteria_mov (vfe_id,pro_codigo_plu,vfm_cantidad,vfm_unitario,vfm_total,vfm_entregado) VALUES (7815,15967,8,130,1040,@@@NO@@@)','',2,'2013-08-10'),(51254,'INSERT INTO gne_vale_ferreteria (vfe_id,vfe_fecha,vfe_total,vfe_estado,vfe_entregado,usu_nusuario) VALUES (7816,@@@2013.08.10@@@,1890,1,0,@@@b_SAEZ@@@)','',2,'2013-08-10'),(51255,'INSERT INTO gne_vale_ferreteria_mov (vfe_id,pro_codigo_plu,vfm_cantidad,vfm_unitario,vfm_total,vfm_entregado) VALUES (7816,780721543,1,1890,1890,@@@NO@@@)','',2,'2013-08-10'),(51256,'INSERT INTO gne_vale_ferreteria (vfe_id,vfe_fecha,vfe_total,vfe_estado,vfe_entregado,usu_nusuario) VALUES (7817,@@@2013.08.10@@@,2490,1,0,@@@b_SAEZ@@@)','',2,'2013-08-10'),(51257,'INSERT INTO gne_vale_ferreteria_mov (vfe_id,pro_codigo_plu,vfm_cantidad,vfm_unitario,vfm_total,vfm_entregado) VALUES (7817,780721509,1,2490,2490,@@@NO@@@)','',2,'2013-08-10'),(51258,'UPDATE mae_productos SET pro_codigo_barra=@@@7804902019046@@@,pro_tipo=@@@0@@@,pro_nombre_producto=@@@TU SECRETO CORAL 50ML@@@,pro_nombre_corto=@@@TU SECRETO CORAL@@@,med_id=@@@7@@@,emb_id=@@@3@@@,pro_unidades_embalaje=@@@0@@@,dep_id=@@@21 @@@,lin_id=@@@116@@@,mar_id=@@@347@@@,pro_precio_compra_neto=@@@0@@@,pro_precio_compra_bruto=@@@0@@@,pro_precio_venta=@@@5100@@@,pro_margen_actual=@@@0@@@,pro_oferta=@@@NO@@@,pro_fecha_inicio_oferta=@@@2013.05.08@@@,pro_fecha_termino_oferta=@@@2013.05.08@@@,pro_precio_oferta=@@@0@@@,pro_stock_minimo=@@@0@@@,pro_stock_critico=@@@0@@@,pro_activo=@@@1@@@,pro_unidad=@@@0@@@,pro_precio_compra_bruto=0,pro_margen_actual=0,pro_capacidad=50,pro_funcion_plu=0,pro_flejes=1,pro_iva=1,pro_plu_asociado=0,pro_envase=@@@NO@@@,pro_duracion=0,pro_numero_etiqueta=0 WHERE pro_codigo_plu=@@@78016968@@@','',2,'2013-08-10'),(51259,'UPDATE mae_productos SET pro_estado=1 WHERE pro_codigo_plu=78016968','',2,'2013-08-10'),(51260,'DELETE FROM mae_impuestos_productos WHERE pro_codigo_plu=@@@78016968@@@','',2,'2013-08-10'),(51261,'INSERT INTO gne_vale_ferreteria (vfe_id,vfe_fecha,vfe_total,vfe_estado,vfe_entregado,usu_nusuario) VALUES (7818,@@@2013.08.10@@@,5100,1,0,@@@b_SAEZ@@@)','',2,'2013-08-10'),(51262,'INSERT INTO gne_vale_ferreteria_mov (vfe_id,pro_codigo_plu,vfm_cantidad,vfm_unitario,vfm_total,vfm_entregado) VALUES (7818,78016968,1,5100,5100,@@@NO@@@)','',2,'2013-08-10'),(51263,'INSERT INTO gne_vale_ferreteria (vfe_id,vfe_fecha,vfe_total,vfe_estado,vfe_entregado,usu_nusuario) VALUES (7819,@@@2013.08.10@@@,1990,1,0,@@@b_SAEZ@@@)','',2,'2013-08-10'),(51264,'INSERT INTO gne_vale_ferreteria_mov (vfe_id,pro_codigo_plu,vfm_cantidad,vfm_unitario,vfm_total,vfm_entregado) VALUES (7819,764750,1,1990,1990,@@@NO@@@)','',2,'2013-08-10'),(51265,'INSERT INTO gne_vale_ferreteria (vfe_id,vfe_fecha,vfe_total,vfe_estado,vfe_entregado,usu_nusuario) VALUES (7820,@@@2013.08.10@@@,3240,1,0,@@@b_SAEZ@@@)','',2,'2013-08-10'),(51266,'INSERT INTO gne_vale_ferreteria_mov (vfe_id,pro_codigo_plu,vfm_cantidad,vfm_unitario,vfm_total,vfm_entregado) VALUES (7820,780721478,1,1490,1490,@@@NO@@@)','',2,'2013-08-10'),(51267,'INSERT INTO gne_vale_ferreteria_mov (vfe_id,pro_codigo_plu,vfm_cantidad,vfm_unitario,vfm_total,vfm_entregado) VALUES (7820,780721480,1,1490,1490,@@@NO@@@)','',2,'2013-08-10'),(51268,'INSERT INTO gne_vale_ferreteria_mov (vfe_id,pro_codigo_plu,vfm_cantidad,vfm_unitario,vfm_total,vfm_entregado) VALUES (7820,15967,2,130,260,@@@NO@@@)','',2,'2013-08-10'),(51269,'INSERT INTO gne_vale_ferreteria (vfe_id,vfe_fecha,vfe_total,vfe_estado,vfe_entregado,usu_nusuario) VALUES (7821,@@@2013.08.10@@@,4400,1,0,@@@b_SAEZ@@@)','',2,'2013-08-10'),(51270,'INSERT INTO gne_vale_ferreteria_mov (vfe_id,pro_codigo_plu,vfm_cantidad,vfm_unitario,vfm_total,vfm_entregado) VALUES (7821,780721547,2,1100,2200,@@@NO@@@)','',2,'2013-08-10'),(51271,'INSERT INTO gne_vale_ferreteria_mov (vfe_id,pro_codigo_plu,vfm_cantidad,vfm_unitario,vfm_total,vfm_entregado) VALUES (7821,780721583,2,1100,2200,@@@NO@@@)','',2,'2013-08-10'),(51272,'INSERT INTO gne_vale_ferreteria (vfe_id,vfe_fecha,vfe_total,vfe_estado,vfe_entregado,usu_nusuario) VALUES (7822,@@@2013.08.10@@@,600,1,0,@@@b_SAEZ@@@)','',2,'2013-08-10'),(51273,'INSERT INTO gne_vale_ferreteria_mov (vfe_id,pro_codigo_plu,vfm_cantidad,vfm_unitario,vfm_total,vfm_entregado) VALUES (7822,780721221,2,300,600,@@@NO@@@)','',2,'2013-08-10'),(51274,'INSERT INTO gne_vale_ferreteria (vfe_id,vfe_fecha,vfe_total,vfe_estado,vfe_entregado,usu_nusuario) VALUES (7823,@@@2013.08.10@@@,2980,1,0,@@@b_SAEZ@@@)','',2,'2013-08-10'),(51275,'INSERT INTO gne_vale_ferreteria_mov (vfe_id,pro_codigo_plu,vfm_cantidad,vfm_unitario,vfm_total,vfm_entregado) VALUES (7823,780721513,1,1490,1490,@@@NO@@@)','',2,'2013-08-10'),(51276,'INSERT INTO gne_vale_ferreteria_mov (vfe_id,pro_codigo_plu,vfm_cantidad,vfm_unitario,vfm_total,vfm_entregado) VALUES (7823,780721479,1,1490,1490,@@@NO@@@)','',2,'2013-08-10'),(51277,'INSERT INTO gne_vale_ferreteria (vfe_id,vfe_fecha,vfe_total,vfe_estado,vfe_entregado,usu_nusuario) VALUES (7824,@@@2013.08.10@@@,1180,1,0,@@@b_SAEZ@@@)','',2,'2013-08-10'),(51278,'INSERT INTO gne_vale_ferreteria_mov (vfe_id,pro_codigo_plu,vfm_cantidad,vfm_unitario,vfm_total,vfm_entregado) VALUES (7824,780721516,2,590,1180,@@@NO@@@)','',2,'2013-08-10'),(51279,'UPDATE mae_productos SET pro_precio_venta=2490,pro_margen_actual=49.51, pro_precio_compra_bruto=1665.465, pro_precio_compra_neto=1399.55042016807 WHERE pro_codigo_plu=17754','',2,'2013-08-10'),(51280,'INSERT INTO gne_vale_ferreteria (vfe_id,vfe_fecha,vfe_total,vfe_estado,vfe_entregado,usu_nusuario) VALUES (7825,@@@2013.08.10@@@,9000,1,0,@@@b_SAEZ@@@)','',2,'2013-08-10'),(51281,'INSERT INTO gne_vale_ferreteria_mov (vfe_id,pro_codigo_plu,vfm_cantidad,vfm_unitario,vfm_total,vfm_entregado) VALUES (7825,78017004,1,120,120,@@@NO@@@)','',2,'2013-08-10'),(51282,'INSERT INTO gne_vale_ferreteria_mov (vfe_id,pro_codigo_plu,vfm_cantidad,vfm_unitario,vfm_total,vfm_entregado) VALUES (7825,764157,1,120,120,@@@NO@@@)','',2,'2013-08-10'),(51283,'INSERT INTO gne_vale_ferreteria_mov (vfe_id,pro_codigo_plu,vfm_cantidad,vfm_unitario,vfm_total,vfm_entregado) VALUES (7825,78017007,1,120,120,@@@NO@@@)','',2,'2013-08-10'),(51284,'INSERT INTO gne_vale_ferreteria_mov (vfe_id,pro_codigo_plu,vfm_cantidad,vfm_unitario,vfm_total,vfm_entregado) VALUES (7825,78017147,10,90,900,@@@NO@@@)','',2,'2013-08-10'),(51285,'INSERT INTO gne_vale_ferreteria_mov (vfe_id,pro_codigo_plu,vfm_cantidad,vfm_unitario,vfm_total,vfm_entregado) VALUES (7825,780721377,1,6990,6990,@@@NO@@@)','',2,'2013-08-10'),(51286,'INSERT INTO gne_vale_ferreteria_mov (vfe_id,pro_codigo_plu,vfm_cantidad,vfm_unitario,vfm_total,vfm_entregado) VALUES (7825,8021,5,150,750,@@@NO@@@)','',2,'2013-08-10'),(51287,'INSERT INTO gne_vale_ferreteria (vfe_id,vfe_fecha,vfe_total,vfe_estado,vfe_entregado,usu_nusuario) VALUES (7826,@@@2013.08.10@@@,250,1,0,@@@b_SAEZ@@@)','',2,'2013-08-10'),(51288,'INSERT INTO gne_vale_ferreteria_mov (vfe_id,pro_codigo_plu,vfm_cantidad,vfm_unitario,vfm_total,vfm_entregado) VALUES (7826,780721186,1,250,250,@@@NO@@@)','',2,'2013-08-10'),(51289,'INSERT INTO gne_vale_ferreteria (vfe_id,vfe_fecha,vfe_total,vfe_estado,vfe_entregado,usu_nusuario) VALUES (7827,@@@2013.08.10@@@,300,1,0,@@@b_SAEZ@@@)','',2,'2013-08-10'),(51290,'INSERT INTO gne_vale_ferreteria_mov (vfe_id,pro_codigo_plu,vfm_cantidad,vfm_unitario,vfm_total,vfm_entregado) VALUES (7827,770065,3,100,300,@@@NO@@@)','',2,'2013-08-10'),(51291,'INSERT INTO gne_vale_ferreteria (vfe_id,vfe_fecha,vfe_total,vfe_estado,vfe_entregado,usu_nusuario) VALUES (7828,@@@2013.08.10@@@,7460,1,0,@@@b_SAEZ@@@)','',2,'2013-08-10'),(51292,'INSERT INTO gne_vale_ferreteria_mov (vfe_id,pro_codigo_plu,vfm_cantidad,vfm_unitario,vfm_total,vfm_entregado) VALUES (7828,764514,2,1890,3780,@@@NO@@@)','',2,'2013-08-10'),(51293,'INSERT INTO gne_vale_ferreteria_mov (vfe_id,pro_codigo_plu,vfm_cantidad,vfm_unitario,vfm_total,vfm_entregado) VALUES (7828,780721623,1,1390,1390,@@@NO@@@)','',2,'2013-08-10'),(51294,'INSERT INTO gne_vale_ferreteria_mov (vfe_id,pro_codigo_plu,vfm_cantidad,vfm_unitario,vfm_total,vfm_entregado) VALUES (7828,7500887,1,1100,1100,@@@NO@@@)','',2,'2013-08-10'),(51295,'INSERT INTO gne_vale_ferreteria_mov (vfe_id,pro_codigo_plu,vfm_cantidad,vfm_unitario,vfm_total,vfm_entregado) VALUES (7828,7500896,1,1190,1190,@@@NO@@@)','',2,'2013-08-10'),(51296,'INSERT INTO gne_vale_ferreteria (vfe_id,vfe_fecha,vfe_total,vfe_estado,vfe_entregado,usu_nusuario) VALUES (7829,@@@2013.08.10@@@,250,1,0,@@@b_SAEZ@@@)','',2,'2013-08-10'),(51297,'INSERT INTO gne_vale_ferreteria_mov (vfe_id,pro_codigo_plu,vfm_cantidad,vfm_unitario,vfm_total,vfm_entregado) VALUES (7829,780721186,1,250,250,@@@NO@@@)','',2,'2013-08-10'),(51298,'INSERT INTO gne_vale_ferreteria (vfe_id,vfe_fecha,vfe_total,vfe_estado,vfe_entregado,usu_nusuario) VALUES (7830,@@@2013.08.10@@@,200,1,0,@@@b_SAEZ@@@)','',2,'2013-08-10'),(51299,'INSERT INTO gne_vale_ferreteria_mov (vfe_id,pro_codigo_plu,vfm_cantidad,vfm_unitario,vfm_total,vfm_entregado) VALUES (7830,1556,1,200,200,@@@NO@@@)','',2,'2013-08-10'),(51300,'INSERT INTO gne_vale_ferreteria (vfe_id,vfe_fecha,vfe_total,vfe_estado,vfe_entregado,usu_nusuario) VALUES (7831,@@@2013.08.10@@@,600,1,0,@@@b_SAEZ@@@)','',2,'2013-08-10'),(51301,'INSERT INTO gne_vale_ferreteria_mov (vfe_id,pro_codigo_plu,vfm_cantidad,vfm_unitario,vfm_total,vfm_entregado) VALUES (7831,8021,4,150,600,@@@NO@@@)','',2,'2013-08-10'),(51302,'INSERT INTO gne_vale_ferreteria (vfe_id,vfe_fecha,vfe_total,vfe_estado,vfe_entregado,usu_nusuario) VALUES (7832,@@@2013.08.10@@@,1320,1,0,@@@b_SAEZ@@@)','',2,'2013-08-10'),(51303,'INSERT INTO gne_vale_ferreteria_mov (vfe_id,pro_codigo_plu,vfm_cantidad,vfm_unitario,vfm_total,vfm_entregado) VALUES (7832,19918,4,330,1320,@@@NO@@@)','',2,'2013-08-10'),(51304,'INSERT INTO gne_vale_ferreteria (vfe_id,vfe_fecha,vfe_total,vfe_estado,vfe_entregado,usu_nusuario) VALUES (7833,@@@2013.08.10@@@,1790,1,0,@@@b_SAEZ@@@)','',2,'2013-08-10'),(51305,'INSERT INTO gne_vale_ferreteria_mov (vfe_id,pro_codigo_plu,vfm_cantidad,vfm_unitario,vfm_total,vfm_entregado) VALUES (7833,8021,2,150,300,@@@NO@@@)','',2,'2013-08-10'),(51306,'INSERT INTO gne_vale_ferreteria_mov (vfe_id,pro_codigo_plu,vfm_cantidad,vfm_unitario,vfm_total,vfm_entregado) VALUES (7833,764383,2,50,100,@@@NO@@@)','',2,'2013-08-10'),(51307,'INSERT INTO gne_vale_ferreteria_mov (vfe_id,pro_codigo_plu,vfm_cantidad,vfm_unitario,vfm_total,vfm_entregado) VALUES (7833,780721623,1,1390,1390,@@@NO@@@)','',2,'2013-08-10'),(51308,'INSERT INTO gne_vale_ferreteria (vfe_id,vfe_fecha,vfe_total,vfe_estado,vfe_entregado,usu_nusuario) VALUES (7834,@@@2013.08.10@@@,1790,1,0,@@@b_SAEZ@@@)','',2,'2013-08-10'),(51309,'INSERT INTO gne_vale_ferreteria_mov (vfe_id,pro_codigo_plu,vfm_cantidad,vfm_unitario,vfm_total,vfm_entregado) VALUES (7834,763884,1,900,900,@@@NO@@@)','',2,'2013-08-10'),(51310,'INSERT INTO gne_vale_ferreteria_mov (vfe_id,pro_codigo_plu,vfm_cantidad,vfm_unitario,vfm_total,vfm_entregado) VALUES (7834,19855,1,890,890,@@@NO@@@)','',2,'2013-08-10'),(51311,'UPDATE mae_productos SET pro_precio_fiscal=pro_precio_venta WHERE pro_codigo_plu=17754','',2,'2013-08-10'),(51312,'INSERT INTO gne_vale_ferreteria (vfe_id,vfe_fecha,vfe_total,vfe_estado,vfe_entregado,usu_nusuario) VALUES (7835,@@@2013.08.10@@@,400,1,0,@@@b_SAEZ@@@)','',2,'2013-08-10'),(51313,'INSERT INTO gne_vale_ferreteria_mov (vfe_id,pro_codigo_plu,vfm_cantidad,vfm_unitario,vfm_total,vfm_entregado) VALUES (7835,4089,1,200,200,@@@NO@@@)','',2,'2013-08-10'),(51314,'INSERT INTO gne_vale_ferreteria_mov (vfe_id,pro_codigo_plu,vfm_cantidad,vfm_unitario,vfm_total,vfm_entregado) VALUES (7835,1556,1,200,200,@@@NO@@@)','',2,'2013-08-10'),(51315,'INSERT INTO gne_vale_ferreteria (vfe_id,vfe_fecha,vfe_total,vfe_estado,vfe_entregado,usu_nusuario) VALUES (7836,@@@2013.08.10@@@,450,1,0,@@@b_SAEZ@@@)','',2,'2013-08-10'),(51316,'INSERT INTO gne_vale_ferreteria_mov (vfe_id,pro_codigo_plu,vfm_cantidad,vfm_unitario,vfm_total,vfm_entregado) VALUES (7836,78017110,1,150,150,@@@NO@@@)','',2,'2013-08-10'),(51317,'INSERT INTO gne_vale_ferreteria_mov (vfe_id,pro_codigo_plu,vfm_cantidad,vfm_unitario,vfm_total,vfm_entregado) VALUES (7836,780721220,1,300,300,@@@NO@@@)','',2,'2013-08-10'),(51318,'INSERT INTO gne_vale_ferreteria (vfe_id,vfe_fecha,vfe_total,vfe_estado,vfe_entregado,usu_nusuario) VALUES (7837,@@@2013.08.10@@@,600,1,0,@@@b_SAEZ@@@)','',2,'2013-08-10'),(51319,'INSERT INTO gne_vale_ferreteria_mov (vfe_id,pro_codigo_plu,vfm_cantidad,vfm_unitario,vfm_total,vfm_entregado) VALUES (7837,780721220,2,300,600,@@@NO@@@)','',2,'2013-08-10'),(51320,'UPDATE mae_productos SET pro_precio_compra_bruto=1850.2,pro_margen_actual=(pro_precio_venta-1850.2)/1850.2 * 100,pro_ultima_compra=@@@2013.08.10@@@,pro_ultimo_proveedor=@@@85037900-9@@@ WHERE pro_codigo_plu=17754','',2,'2013-08-10'),(51321,'UPDATE mae_productos SET pro_precio_compra_bruto=5300.17,pro_margen_actual=(pro_precio_venta-5300.17)/5300.17 * 100,pro_ultima_compra=@@@2013.08.10@@@,pro_ultimo_proveedor=@@@85037900-9@@@ WHERE pro_codigo_plu=17665','',2,'2013-08-10'),(51322,'UPDATE mae_productos SET pro_precio_venta=1189,pro_margen_actual=36.61, pro_precio_compra_bruto=870.38, pro_precio_compra_neto=731.411764705882 WHERE pro_codigo_plu=17829','',2,'2013-08-10'),(51323,'INSERT INTO gne_vale_ferreteria (vfe_id,vfe_fecha,vfe_total,vfe_estado,vfe_entregado,usu_nusuario) VALUES (7838,@@@2013.08.10@@@,150,1,0,@@@b_SAEZ@@@)','',2,'2013-08-10'),(51324,'INSERT INTO gne_vale_ferreteria_mov (vfe_id,pro_codigo_plu,vfm_cantidad,vfm_unitario,vfm_total,vfm_entregado) VALUES (7838,8021,1,150,150,@@@NO@@@)','',2,'2013-08-10'),(51325,'INSERT INTO gne_vale_ferreteria (vfe_id,vfe_fecha,vfe_total,vfe_estado,vfe_entregado,usu_nusuario) VALUES (7839,@@@2013.08.10@@@,2190,1,0,@@@b_SAEZ@@@)','',2,'2013-08-10'),(51326,'INSERT INTO gne_vale_ferreteria_mov (vfe_id,pro_codigo_plu,vfm_cantidad,vfm_unitario,vfm_total,vfm_entregado) VALUES (7839,8021,2,150,300,@@@NO@@@)','',2,'2013-08-10'),(51327,'INSERT INTO gne_vale_ferreteria_mov (vfe_id,pro_codigo_plu,vfm_cantidad,vfm_unitario,vfm_total,vfm_entregado) VALUES (7839,21135,1,200,200,@@@NO@@@)','',2,'2013-08-10'),(51328,'INSERT INTO gne_vale_ferreteria_mov (vfe_id,pro_codigo_plu,vfm_cantidad,vfm_unitario,vfm_total,vfm_entregado) VALUES (7839,780721456,1,1690,1690,@@@NO@@@)','',2,'2013-08-10'),(51329,'INSERT INTO gne_vale_ferreteria (vfe_id,vfe_fecha,vfe_total,vfe_estado,vfe_entregado,usu_nusuario) VALUES (7840,@@@2013.08.10@@@,6480,1,0,@@@b_SAEZ@@@)','',2,'2013-08-10'),(51330,'INSERT INTO gne_vale_ferreteria_mov (vfe_id,pro_codigo_plu,vfm_cantidad,vfm_unitario,vfm_total,vfm_entregado) VALUES (7840,780721440,1,3990,3990,@@@NO@@@)','',2,'2013-08-10'),(51331,'INSERT INTO gne_vale_ferreteria_mov (vfe_id,pro_codigo_plu,vfm_cantidad,vfm_unitario,vfm_total,vfm_entregado) VALUES (7840,780721509,1,2490,2490,@@@NO@@@)','',2,'2013-08-10'),(51332,'INSERT INTO gne_vale_ferreteria (vfe_id,vfe_fecha,vfe_total,vfe_estado,vfe_entregado,usu_nusuario) VALUES (7841,@@@2013.08.10@@@,150,1,0,@@@b_SAEZ@@@)','',2,'2013-08-10'),(51333,'INSERT INTO gne_vale_ferreteria_mov (vfe_id,pro_codigo_plu,vfm_cantidad,vfm_unitario,vfm_total,vfm_entregado) VALUES (7841,21136,1,150,150,@@@NO@@@)','',2,'2013-08-10'),(51334,'INSERT INTO gne_vale_ferreteria (vfe_id,vfe_fecha,vfe_total,vfe_estado,vfe_entregado,usu_nusuario) VALUES (7842,@@@2013.08.10@@@,12230,1,0,@@@b_SAEZ@@@)','',2,'2013-08-10'),(51335,'INSERT INTO gne_vale_ferreteria_mov (vfe_id,pro_codigo_plu,vfm_cantidad,vfm_unitario,vfm_total,vfm_entregado) VALUES (7842,2008,1,990,990,@@@NO@@@)','',2,'2013-08-10'),(51336,'INSERT INTO gne_vale_ferreteria_mov (vfe_id,pro_codigo_plu,vfm_cantidad,vfm_unitario,vfm_total,vfm_entregado) VALUES (7842,262490,1,1100,1100,@@@NO@@@)','',2,'2013-08-10'),(51337,'INSERT INTO gne_vale_ferreteria_mov (vfe_id,pro_codigo_plu,vfm_cantidad,vfm_unitario,vfm_total,vfm_entregado) VALUES (7842,20460,1,1890,1890,@@@NO@@@)','',2,'2013-08-10'),(51338,'INSERT INTO gne_vale_ferreteria_mov (vfe_id,pro_codigo_plu,vfm_cantidad,vfm_unitario,vfm_total,vfm_entregado) VALUES (7842,19956,1,990,990,@@@NO@@@)','',2,'2013-08-10'),(51339,'INSERT INTO gne_vale_ferreteria_mov (vfe_id,pro_codigo_plu,vfm_cantidad,vfm_unitario,vfm_total,vfm_entregado) VALUES (7842,780220096,1,250,250,@@@NO@@@)','',2,'2013-08-10'),(51340,'INSERT INTO gne_vale_ferreteria_mov (vfe_id,pro_codigo_plu,vfm_cantidad,vfm_unitario,vfm_total,vfm_entregado) VALUES (7842,780220192,2,370,740,@@@NO@@@)','',2,'2013-08-10'),(51341,'INSERT INTO gne_vale_ferreteria_mov (vfe_id,pro_codigo_plu,vfm_cantidad,vfm_unitario,vfm_total,vfm_entregado) VALUES (7842,990005,1,3290,3290,@@@NO@@@)','',2,'2013-08-10'),(51342,'INSERT INTO gne_vale_ferreteria_mov (vfe_id,pro_codigo_plu,vfm_cantidad,vfm_unitario,vfm_total,vfm_entregado) VALUES (7842,763650,1,1490,1490,@@@NO@@@)','',2,'2013-08-10'),(51343,'INSERT INTO gne_vale_ferreteria_mov (vfe_id,pro_codigo_plu,vfm_cantidad,vfm_unitario,vfm_total,vfm_entregado) VALUES (7842,780721513,1,1490,1490,@@@NO@@@)','',2,'2013-08-10'),(51344,'INSERT INTO gne_vale_ferreteria (vfe_id,vfe_fecha,vfe_total,vfe_estado,vfe_entregado,usu_nusuario) VALUES (7843,@@@2013.08.10@@@,980,1,0,@@@b_SAEZ@@@)','',2,'2013-08-10'),(51345,'INSERT INTO gne_vale_ferreteria_mov (vfe_id,pro_codigo_plu,vfm_cantidad,vfm_unitario,vfm_total,vfm_entregado) VALUES (7843,770005,2,490,980,@@@NO@@@)','',2,'2013-08-10'),(51346,'INSERT INTO gne_vale_ferreteria (vfe_id,vfe_fecha,vfe_total,vfe_estado,vfe_entregado,usu_nusuario) VALUES (7844,@@@2013.08.11@@@,1190,1,0,@@@b_SAEZ@@@)','',2,'2013-08-11'),(51347,'INSERT INTO gne_vale_ferreteria_mov (vfe_id,pro_codigo_plu,vfm_cantidad,vfm_unitario,vfm_total,vfm_entregado) VALUES (7844,7651,1,1190,1190,@@@NO@@@)','',2,'2013-08-11'),(51348,'INSERT INTO gne_vale_ferreteria (vfe_id,vfe_fecha,vfe_total,vfe_estado,vfe_entregado,usu_nusuario) VALUES (7845,@@@2013.08.11@@@,250,1,0,@@@b_SAEZ@@@)','',2,'2013-08-11'),(51349,'INSERT INTO gne_vale_ferreteria_mov (vfe_id,pro_codigo_plu,vfm_cantidad,vfm_unitario,vfm_total,vfm_entregado) VALUES (7845,780721186,1,250,250,@@@NO@@@)','',2,'2013-08-11'),(51350,'INSERT INTO gne_vale_ferreteria (vfe_id,vfe_fecha,vfe_total,vfe_estado,vfe_entregado,usu_nusuario) VALUES (7846,@@@2013.08.11@@@,200,1,0,@@@b_SAEZ@@@)','',2,'2013-08-11'),(51351,'INSERT INTO gne_vale_ferreteria_mov (vfe_id,pro_codigo_plu,vfm_cantidad,vfm_unitario,vfm_total,vfm_entregado) VALUES (7846,770003,20,10,200,@@@NO@@@)','',2,'2013-08-11'),(51352,'INSERT INTO gne_vale_ferreteria (vfe_id,vfe_fecha,vfe_total,vfe_estado,vfe_entregado,usu_nusuario) VALUES (7847,@@@2013.08.11@@@,1490,1,0,@@@b_SAEZ@@@)','',2,'2013-08-11'),(51353,'INSERT INTO gne_vale_ferreteria_mov (vfe_id,pro_codigo_plu,vfm_cantidad,vfm_unitario,vfm_total,vfm_entregado) VALUES (7847,764564,1,1490,1490,@@@NO@@@)','',2,'2013-08-11'),(51354,'INSERT INTO gne_vale_ferreteria (vfe_id,vfe_fecha,vfe_total,vfe_estado,vfe_entregado,usu_nusuario) VALUES (7848,@@@2013.08.11@@@,620,1,0,@@@b_SAEZ@@@)','',2,'2013-08-11'),(51355,'INSERT INTO gne_vale_ferreteria_mov (vfe_id,pro_codigo_plu,vfm_cantidad,vfm_unitario,vfm_total,vfm_entregado) VALUES (7848,11378,1,620,620,@@@NO@@@)','',2,'2013-08-11'),(51356,'INSERT INTO gne_vale_ferreteria (vfe_id,vfe_fecha,vfe_total,vfe_estado,vfe_entregado,usu_nusuario) VALUES (7849,@@@2013.08.11@@@,1390,1,0,@@@b_SAEZ@@@)','',2,'2013-08-11'),(51357,'INSERT INTO gne_vale_ferreteria_mov (vfe_id,pro_codigo_plu,vfm_cantidad,vfm_unitario,vfm_total,vfm_entregado) VALUES (7849,780721538,1,1390,1390,@@@NO@@@)','',2,'2013-08-11'),(51358,'INSERT INTO gne_vale_ferreteria (vfe_id,vfe_fecha,vfe_total,vfe_estado,vfe_entregado,usu_nusuario) VALUES (7850,@@@2013.08.11@@@,160,1,0,@@@b_SAEZ@@@)','',2,'2013-08-11'),(51359,'INSERT INTO gne_vale_ferreteria_mov (vfe_id,pro_codigo_plu,vfm_cantidad,vfm_unitario,vfm_total,vfm_entregado) VALUES (7850,16421,1,160,160,@@@NO@@@)','',2,'2013-08-11'),(51360,'INSERT INTO gne_vale_ferreteria (vfe_id,vfe_fecha,vfe_total,vfe_estado,vfe_entregado,usu_nusuario) VALUES (7851,@@@2013.08.11@@@,200,1,0,@@@b_SAEZ@@@)','',2,'2013-08-11'),(51361,'INSERT INTO gne_vale_ferreteria_mov (vfe_id,pro_codigo_plu,vfm_cantidad,vfm_unitario,vfm_total,vfm_entregado) VALUES (7851,21135,1,200,200,@@@NO@@@)','',2,'2013-08-11'),(51362,'INSERT INTO gne_vale_ferreteria (vfe_id,vfe_fecha,vfe_total,vfe_estado,vfe_entregado,usu_nusuario) VALUES (7852,@@@2013.08.11@@@,6390,1,0,@@@b_SAEZ@@@)','',2,'2013-08-11'),(51363,'INSERT INTO gne_vale_ferreteria_mov (vfe_id,pro_codigo_plu,vfm_cantidad,vfm_unitario,vfm_total,vfm_entregado) VALUES (7852,764010,1,6390,6390,@@@NO@@@)','',2,'2013-08-11'),(51364,'INSERT INTO gne_vale_ferreteria (vfe_id,vfe_fecha,vfe_total,vfe_estado,vfe_entregado,usu_nusuario) VALUES (7853,@@@2013.08.11@@@,1560,1,0,@@@b_SAEZ@@@)','',2,'2013-08-11'),(51365,'INSERT INTO gne_vale_ferreteria_mov (vfe_id,pro_codigo_plu,vfm_cantidad,vfm_unitario,vfm_total,vfm_entregado) VALUES (7853,763623,1,790,790,@@@NO@@@)','',2,'2013-08-11'),(51366,'INSERT INTO gne_vale_ferreteria_mov (vfe_id,pro_codigo_plu,vfm_cantidad,vfm_unitario,vfm_total,vfm_entregado) VALUES (7853,78017013,1,650,650,@@@NO@@@)','',2,'2013-08-11'),(51367,'INSERT INTO gne_vale_ferreteria_mov (vfe_id,pro_codigo_plu,vfm_cantidad,vfm_unitario,vfm_total,vfm_entregado) VALUES (7853,764160,1,120,120,@@@NO@@@)','',2,'2013-08-11'),(51368,'INSERT INTO gne_vale_ferreteria (vfe_id,vfe_fecha,vfe_total,vfe_estado,vfe_entregado,usu_nusuario) VALUES (7854,@@@2013.08.11@@@,710,1,0,@@@b_SAEZ@@@)','',2,'2013-08-11'),(51369,'INSERT INTO gne_vale_ferreteria_mov (vfe_id,pro_codigo_plu,vfm_cantidad,vfm_unitario,vfm_total,vfm_entregado) VALUES (7854,780220103,1,450,450,@@@NO@@@)','',2,'2013-08-11'),(51370,'INSERT INTO gne_vale_ferreteria_mov (vfe_id,pro_codigo_plu,vfm_cantidad,vfm_unitario,vfm_total,vfm_entregado) VALUES (7854,102455,2,130,260,@@@NO@@@)','',2,'2013-08-11'),(51371,'INSERT INTO gne_vale_ferreteria (vfe_id,vfe_fecha,vfe_total,vfe_estado,vfe_entregado,usu_nusuario) VALUES (7855,@@@2013.08.11@@@,490,1,0,@@@b_SAEZ@@@)','',2,'2013-08-11'),(51372,'INSERT INTO gne_vale_ferreteria_mov (vfe_id,pro_codigo_plu,vfm_cantidad,vfm_unitario,vfm_total,vfm_entregado) VALUES (7855,764242,1,490,490,@@@NO@@@)','',2,'2013-08-11'),(51373,'INSERT INTO gne_vale_ferreteria (vfe_id,vfe_fecha,vfe_total,vfe_estado,vfe_entregado,usu_nusuario) VALUES (7856,@@@2013.08.11@@@,100,1,0,@@@b_SAEZ@@@)','',2,'2013-08-11'),(51374,'INSERT INTO gne_vale_ferreteria_mov (vfe_id,pro_codigo_plu,vfm_cantidad,vfm_unitario,vfm_total,vfm_entregado) VALUES (7856,4078,1,100,100,@@@NO@@@)','',2,'2013-08-11'),(51375,'INSERT INTO gne_vale_ferreteria (vfe_id,vfe_fecha,vfe_total,vfe_estado,vfe_entregado,usu_nusuario) VALUES (7857,@@@2013.08.11@@@,490,1,0,@@@b_SAEZ@@@)','',2,'2013-08-11'),(51376,'INSERT INTO gne_vale_ferreteria_mov (vfe_id,pro_codigo_plu,vfm_cantidad,vfm_unitario,vfm_total,vfm_entregado) VALUES (7857,1538,1,490,490,@@@NO@@@)','',2,'2013-08-11'),(51377,'INSERT INTO gne_vale_ferreteria (vfe_id,vfe_fecha,vfe_total,vfe_estado,vfe_entregado,usu_nusuario) VALUES (7858,@@@2013.08.11@@@,1490,1,0,@@@b_SAEZ@@@)','',2,'2013-08-11'),(51378,'INSERT INTO gne_vale_ferreteria_mov (vfe_id,pro_codigo_plu,vfm_cantidad,vfm_unitario,vfm_total,vfm_entregado) VALUES (7858,78017117,1,1490,1490,@@@NO@@@)','',2,'2013-08-11'),(51379,'INSERT INTO gne_vale_ferreteria (vfe_id,vfe_fecha,vfe_total,vfe_estado,vfe_entregado,usu_nusuario) VALUES (7859,@@@2013.08.11@@@,13980,1,0,@@@b_SAEZ@@@)','',2,'2013-08-11'),(51380,'INSERT INTO gne_vale_ferreteria_mov (vfe_id,pro_codigo_plu,vfm_cantidad,vfm_unitario,vfm_total,vfm_entregado) VALUES (7859,780721620,2,6990,13980,@@@NO@@@)','',2,'2013-08-11'),(51381,'INSERT INTO gne_vale_ferreteria (vfe_id,vfe_fecha,vfe_total,vfe_estado,vfe_entregado,usu_nusuario) VALUES (7860,@@@2013.08.11@@@,700,1,0,@@@b_SAEZ@@@)','',2,'2013-08-11'),(51382,'INSERT INTO gne_vale_ferreteria_mov (vfe_id,pro_codigo_plu,vfm_cantidad,vfm_unitario,vfm_total,vfm_entregado) VALUES (7860,7051,3,100,300,@@@NO@@@)','',2,'2013-08-11'),(51383,'INSERT INTO gne_vale_ferreteria_mov (vfe_id,pro_codigo_plu,vfm_cantidad,vfm_unitario,vfm_total,vfm_entregado) VALUES (7860,1069,2,200,400,@@@NO@@@)','',2,'2013-08-11'),(51384,'INSERT INTO gne_vale_ferreteria (vfe_id,vfe_fecha,vfe_total,vfe_estado,vfe_entregado,usu_nusuario) VALUES (7861,@@@2013.08.11@@@,520,1,0,@@@b_SAEZ@@@)','',2,'2013-08-11'),(51385,'INSERT INTO gne_vale_ferreteria_mov (vfe_id,pro_codigo_plu,vfm_cantidad,vfm_unitario,vfm_total,vfm_entregado) VALUES (7861,15967,4,130,520,@@@NO@@@)','',2,'2013-08-11'),(51386,'INSERT INTO gne_vale_ferreteria (vfe_id,vfe_fecha,vfe_total,vfe_estado,vfe_entregado,usu_nusuario) VALUES (7862,@@@2013.08.11@@@,2880,1,0,@@@b_SAEZ@@@)','',2,'2013-08-11'),(51387,'INSERT INTO gne_vale_ferreteria_mov (vfe_id,pro_codigo_plu,vfm_cantidad,vfm_unitario,vfm_total,vfm_entregado) VALUES (7862,765020,1,2390,2390,@@@NO@@@)','',2,'2013-08-11'),(51388,'INSERT INTO gne_vale_ferreteria_mov (vfe_id,pro_codigo_plu,vfm_cantidad,vfm_unitario,vfm_total,vfm_entregado) VALUES (7862,78017126,1,490,490,@@@NO@@@)','',2,'2013-08-11'),(51389,'INSERT INTO gne_vale_ferreteria (vfe_id,vfe_fecha,vfe_total,vfe_estado,vfe_entregado,usu_nusuario) VALUES (7863,@@@2013.08.11@@@,990,1,0,@@@b_SAEZ@@@)','',2,'2013-08-11'),(51390,'INSERT INTO gne_vale_ferreteria_mov (vfe_id,pro_codigo_plu,vfm_cantidad,vfm_unitario,vfm_total,vfm_entregado) VALUES (7863,780721539,1,990,990,@@@NO@@@)','',2,'2013-08-11'),(51391,'INSERT INTO gne_vale_ferreteria (vfe_id,vfe_fecha,vfe_total,vfe_estado,vfe_entregado,usu_nusuario) VALUES (7864,@@@2013.08.11@@@,1830,1,0,@@@b_SAEZ@@@)','',2,'2013-08-11'),(51392,'INSERT INTO gne_vale_ferreteria_mov (vfe_id,pro_codigo_plu,vfm_cantidad,vfm_unitario,vfm_total,vfm_entregado) VALUES (7864,763587,1,420,420,@@@NO@@@)','',2,'2013-08-11'),(51393,'INSERT INTO gne_vale_ferreteria_mov (vfe_id,pro_codigo_plu,vfm_cantidad,vfm_unitario,vfm_total,vfm_entregado) VALUES (7864,78017020,1,390,390,@@@NO@@@)','',2,'2013-08-11'),(51394,'INSERT INTO gne_vale_ferreteria_mov (vfe_id,pro_codigo_plu,vfm_cantidad,vfm_unitario,vfm_total,vfm_entregado) VALUES (7864,770038,4,90,360,@@@NO@@@)','',2,'2013-08-11'),(51395,'INSERT INTO gne_vale_ferreteria_mov (vfe_id,pro_codigo_plu,vfm_cantidad,vfm_unitario,vfm_total,vfm_entregado) VALUES (7864,764507,2,330,660,@@@NO@@@)','',2,'2013-08-11'),(51396,'INSERT INTO gne_vale_ferreteria (vfe_id,vfe_fecha,vfe_total,vfe_estado,vfe_entregado,usu_nusuario) VALUES (7865,@@@2013.08.11@@@,100,1,0,@@@b_SAEZ@@@)','',2,'2013-08-11'),(51397,'INSERT INTO gne_vale_ferreteria_mov (vfe_id,pro_codigo_plu,vfm_cantidad,vfm_unitario,vfm_total,vfm_entregado) VALUES (7865,78017190,1,100,100,@@@NO@@@)','',2,'2013-08-11'),(51398,'INSERT INTO gne_vale_ferreteria (vfe_id,vfe_fecha,vfe_total,vfe_estado,vfe_entregado,usu_nusuario) VALUES (7866,@@@2013.08.11@@@,1290,1,0,@@@b_SAEZ@@@)','',2,'2013-08-11'),(51399,'INSERT INTO gne_vale_ferreteria_mov (vfe_id,pro_codigo_plu,vfm_cantidad,vfm_unitario,vfm_total,vfm_entregado) VALUES (7866,780721118,1,1290,1290,@@@NO@@@)','',2,'2013-08-11'),(51400,'INSERT INTO gne_vale_ferreteria (vfe_id,vfe_fecha,vfe_total,vfe_estado,vfe_entregado,usu_nusuario) VALUES (7867,@@@2013.08.11@@@,200,1,0,@@@b_SAEZ@@@)','',2,'2013-08-11'),(51401,'INSERT INTO gne_vale_ferreteria_mov (vfe_id,pro_codigo_plu,vfm_cantidad,vfm_unitario,vfm_total,vfm_entregado) VALUES (7867,20365,2,100,200,@@@NO@@@)','',2,'2013-08-11'),(51402,'INSERT INTO gne_vale_ferreteria (vfe_id,vfe_fecha,vfe_total,vfe_estado,vfe_entregado,usu_nusuario) VALUES (7868,@@@2013.08.11@@@,1350,1,0,@@@b_SAEZ@@@)','',2,'2013-08-11'),(51403,'INSERT INTO gne_vale_ferreteria_mov (vfe_id,pro_codigo_plu,vfm_cantidad,vfm_unitario,vfm_total,vfm_entregado) VALUES (7868,763740,1,1350,1350,@@@NO@@@)','',2,'2013-08-11'),(51404,'INSERT INTO gne_vale_ferreteria (vfe_id,vfe_fecha,vfe_total,vfe_estado,vfe_entregado,usu_nusuario) VALUES (7869,@@@2013.08.11@@@,1180,1,0,@@@b_SAEZ@@@)','',2,'2013-08-11'),(51405,'INSERT INTO gne_vale_ferreteria_mov (vfe_id,pro_codigo_plu,vfm_cantidad,vfm_unitario,vfm_total,vfm_entregado) VALUES (7869,764840,2,590,1180,@@@NO@@@)','',2,'2013-08-11'),(51406,'INSERT INTO gne_vale_ferreteria (vfe_id,vfe_fecha,vfe_total,vfe_estado,vfe_entregado,usu_nusuario) VALUES (7870,@@@2013.08.11@@@,150,1,0,@@@b_SAEZ@@@)','',2,'2013-08-11'),(51407,'INSERT INTO gne_vale_ferreteria_mov (vfe_id,pro_codigo_plu,vfm_cantidad,vfm_unitario,vfm_total,vfm_entregado) VALUES (7870,8021,1,150,150,@@@NO@@@)','',2,'2013-08-11'),(51408,'INSERT INTO gne_vale_ferreteria (vfe_id,vfe_fecha,vfe_total,vfe_estado,vfe_entregado,usu_nusuario) VALUES (7871,@@@2013.08.11@@@,3980,1,0,@@@b_SAEZ@@@)','',2,'2013-08-11'),(51409,'INSERT INTO gne_vale_ferreteria_mov (vfe_id,pro_codigo_plu,vfm_cantidad,vfm_unitario,vfm_total,vfm_entregado) VALUES (7871,7500898,1,3590,3590,@@@NO@@@)','',2,'2013-08-11'),(51410,'INSERT INTO gne_vale_ferreteria_mov (vfe_id,pro_codigo_plu,vfm_cantidad,vfm_unitario,vfm_total,vfm_entregado) VALUES (7871,15967,3,130,390,@@@NO@@@)','',2,'2013-08-11'),(51411,'INSERT INTO gne_vale_ferreteria (vfe_id,vfe_fecha,vfe_total,vfe_estado,vfe_entregado,usu_nusuario) VALUES (7872,@@@2013.08.11@@@,150,1,0,@@@b_SAEZ@@@)','',2,'2013-08-11'),(51412,'INSERT INTO gne_vale_ferreteria_mov (vfe_id,pro_codigo_plu,vfm_cantidad,vfm_unitario,vfm_total,vfm_entregado) VALUES (7872,770062,1,150,150,@@@NO@@@)','',2,'2013-08-11'),(51413,'INSERT INTO gne_vale_ferreteria (vfe_id,vfe_fecha,vfe_total,vfe_estado,vfe_entregado,usu_nusuario) VALUES (7873,@@@2013.08.11@@@,2790,1,0,@@@b_SAEZ@@@)','',2,'2013-08-11'),(51414,'INSERT INTO gne_vale_ferreteria_mov (vfe_id,pro_codigo_plu,vfm_cantidad,vfm_unitario,vfm_total,vfm_entregado) VALUES (7873,780721064,1,2790,2790,@@@NO@@@)','',2,'2013-08-11'),(51415,'INSERT INTO gne_vale_ferreteria (vfe_id,vfe_fecha,vfe_total,vfe_estado,vfe_entregado,usu_nusuario) VALUES (7874,@@@2013.08.11@@@,650,1,0,@@@b_SAEZ@@@)','',2,'2013-08-11'),(51416,'INSERT INTO gne_vale_ferreteria_mov (vfe_id,pro_codigo_plu,vfm_cantidad,vfm_unitario,vfm_total,vfm_entregado) VALUES (7874,78017013,1,650,650,@@@NO@@@)','',2,'2013-08-11'),(51417,'INSERT INTO gne_vale_ferreteria (vfe_id,vfe_fecha,vfe_total,vfe_estado,vfe_entregado,usu_nusuario) VALUES (7875,@@@2013.08.11@@@,590,1,0,@@@b_SAEZ@@@)','',2,'2013-08-11'),(51418,'INSERT INTO gne_vale_ferreteria_mov (vfe_id,pro_codigo_plu,vfm_cantidad,vfm_unitario,vfm_total,vfm_entregado) VALUES (7875,780721516,1,590,590,@@@NO@@@)','',2,'2013-08-11'),(51419,'INSERT INTO gne_vale_ferreteria (vfe_id,vfe_fecha,vfe_total,vfe_estado,vfe_entregado,usu_nusuario) VALUES (7876,@@@2013.08.11@@@,790,1,0,@@@b_SAEZ@@@)','',2,'2013-08-11'),(51420,'INSERT INTO gne_vale_ferreteria_mov (vfe_id,pro_codigo_plu,vfm_cantidad,vfm_unitario,vfm_total,vfm_entregado) VALUES (7876,7500876,1,300,300,@@@NO@@@)','',2,'2013-08-11'),(51421,'INSERT INTO gne_vale_ferreteria_mov (vfe_id,pro_codigo_plu,vfm_cantidad,vfm_unitario,vfm_total,vfm_entregado) VALUES (7876,764506,1,490,490,@@@NO@@@)','',2,'2013-08-11'),(51422,'INSERT INTO gne_vale_ferreteria (vfe_id,vfe_fecha,vfe_total,vfe_estado,vfe_entregado,usu_nusuario) VALUES (7877,@@@2013.08.11@@@,1690,1,0,@@@b_SAEZ@@@)','',2,'2013-08-11'),(51423,'INSERT INTO gne_vale_ferreteria_mov (vfe_id,pro_codigo_plu,vfm_cantidad,vfm_unitario,vfm_total,vfm_entregado) VALUES (7877,780721456,1,1690,1690,@@@NO@@@)','',2,'2013-08-11'),(51424,'INSERT INTO gne_vale_ferreteria (vfe_id,vfe_fecha,vfe_total,vfe_estado,vfe_entregado,usu_nusuario) VALUES (7878,@@@2013.08.11@@@,1490,1,0,@@@b_SAEZ@@@)','',2,'2013-08-11'),(51425,'INSERT INTO gne_vale_ferreteria_mov (vfe_id,pro_codigo_plu,vfm_cantidad,vfm_unitario,vfm_total,vfm_entregado) VALUES (7878,780721370,1,990,990,@@@NO@@@)','',2,'2013-08-11'),(51426,'INSERT INTO gne_vale_ferreteria_mov (vfe_id,pro_codigo_plu,vfm_cantidad,vfm_unitario,vfm_total,vfm_entregado) VALUES (7878,8021,2,150,300,@@@NO@@@)','',2,'2013-08-11'),(51427,'INSERT INTO gne_vale_ferreteria_mov (vfe_id,pro_codigo_plu,vfm_cantidad,vfm_unitario,vfm_total,vfm_entregado) VALUES (7878,21135,1,200,200,@@@NO@@@)','',2,'2013-08-11'),(51428,'INSERT INTO gne_vale_ferreteria (vfe_id,vfe_fecha,vfe_total,vfe_estado,vfe_entregado,usu_nusuario) VALUES (7879,@@@2013.08.11@@@,130,1,0,@@@b_SAEZ@@@)','',2,'2013-08-11'),(51429,'INSERT INTO gne_vale_ferreteria_mov (vfe_id,pro_codigo_plu,vfm_cantidad,vfm_unitario,vfm_total,vfm_entregado) VALUES (7879,102455,1,130,130,@@@NO@@@)','',2,'2013-08-11'),(51430,'INSERT INTO gne_vale_ferreteria (vfe_id,vfe_fecha,vfe_total,vfe_estado,vfe_entregado,usu_nusuario) VALUES (7880,@@@2013.08.11@@@,2590,1,0,@@@b_SAEZ@@@)','',2,'2013-08-11'),(51431,'INSERT INTO gne_vale_ferreteria_mov (vfe_id,pro_codigo_plu,vfm_cantidad,vfm_unitario,vfm_total,vfm_entregado) VALUES (7880,780721132,1,2590,2590,@@@NO@@@)','',2,'2013-08-11'),(51432,'INSERT INTO gne_vale_ferreteria (vfe_id,vfe_fecha,vfe_total,vfe_estado,vfe_entregado,usu_nusuario) VALUES (7881,@@@2013.08.11@@@,299,1,0,@@@b_SAEZ@@@)','',2,'2013-08-11'),(51433,'INSERT INTO gne_vale_ferreteria_mov (vfe_id,pro_codigo_plu,vfm_cantidad,vfm_unitario,vfm_total,vfm_entregado) VALUES (7881,20847,1,299,299,@@@NO@@@)','',2,'2013-08-11'),(51434,'INSERT INTO gne_vale_ferreteria (vfe_id,vfe_fecha,vfe_total,vfe_estado,vfe_entregado,usu_nusuario) VALUES (7882,@@@2013.08.11@@@,590,1,0,@@@b_SAEZ@@@)','',2,'2013-08-11'),(51435,'INSERT INTO gne_vale_ferreteria_mov (vfe_id,pro_codigo_plu,vfm_cantidad,vfm_unitario,vfm_total,vfm_entregado) VALUES (7882,780220195,1,590,590,@@@NO@@@)','',2,'2013-08-11'),(51436,'INSERT INTO gne_vale_ferreteria (vfe_id,vfe_fecha,vfe_total,vfe_estado,vfe_entregado,usu_nusuario) VALUES (7883,@@@2013.08.11@@@,1490,1,0,@@@b_SAEZ@@@)','',2,'2013-08-11'),(51437,'INSERT INTO gne_vale_ferreteria_mov (vfe_id,pro_codigo_plu,vfm_cantidad,vfm_unitario,vfm_total,vfm_entregado) VALUES (7883,11161,1,1490,1490,@@@NO@@@)','',2,'2013-08-11'),(51438,'INSERT INTO gne_vale_ferreteria (vfe_id,vfe_fecha,vfe_total,vfe_estado,vfe_entregado,usu_nusuario) VALUES (7884,@@@2013.08.11@@@,3390,1,0,@@@b_SAEZ@@@)','',2,'2013-08-11'),(51439,'INSERT INTO gne_vale_ferreteria_mov (vfe_id,pro_codigo_plu,vfm_cantidad,vfm_unitario,vfm_total,vfm_entregado) VALUES (7884,780721569,1,3390,3390,@@@NO@@@)','',2,'2013-08-11'),(51440,'INSERT INTO gne_vale_ferreteria (vfe_id,vfe_fecha,vfe_total,vfe_estado,vfe_entregado,usu_nusuario) VALUES (7885,@@@2013.08.11@@@,990,1,0,@@@b_SAEZ@@@)','',2,'2013-08-11'),(51441,'INSERT INTO gne_vale_ferreteria_mov (vfe_id,pro_codigo_plu,vfm_cantidad,vfm_unitario,vfm_total,vfm_entregado) VALUES (7885,780220138,1,990,990,@@@NO@@@)','',2,'2013-08-11'),(51442,'INSERT INTO gne_vale_ferreteria (vfe_id,vfe_fecha,vfe_total,vfe_estado,vfe_entregado,usu_nusuario) VALUES (7886,@@@2013.08.11@@@,5990,1,0,@@@b_SAEZ@@@)','',2,'2013-08-11'),(51443,'INSERT INTO gne_vale_ferreteria_mov (vfe_id,pro_codigo_plu,vfm_cantidad,vfm_unitario,vfm_total,vfm_entregado) VALUES (7886,780721443,1,5990,5990,@@@NO@@@)','',2,'2013-08-11'),(51444,'INSERT INTO gne_vale_ferreteria (vfe_id,vfe_fecha,vfe_total,vfe_estado,vfe_entregado,usu_nusuario) VALUES (7887,@@@2013.08.11@@@,750,1,0,@@@b_SAEZ@@@)','',2,'2013-08-11'),(51445,'INSERT INTO gne_vale_ferreteria_mov (vfe_id,pro_codigo_plu,vfm_cantidad,vfm_unitario,vfm_total,vfm_entregado) VALUES (7887,100365,1,750,750,@@@NO@@@)','',2,'2013-08-11'),(51446,'INSERT INTO gne_vale_ferreteria (vfe_id,vfe_fecha,vfe_total,vfe_estado,vfe_entregado,usu_nusuario) VALUES (7888,@@@2013.08.11@@@,990,1,0,@@@b_SAEZ@@@)','',2,'2013-08-11'),(51447,'INSERT INTO gne_vale_ferreteria_mov (vfe_id,pro_codigo_plu,vfm_cantidad,vfm_unitario,vfm_total,vfm_entregado) VALUES (7888,2008,1,990,990,@@@NO@@@)','',2,'2013-08-11'),(51448,'INSERT INTO gne_vale_ferreteria (vfe_id,vfe_fecha,vfe_total,vfe_estado,vfe_entregado,usu_nusuario) VALUES (7889,@@@2013.08.11@@@,6370,1,0,@@@b_SAEZ@@@)','',2,'2013-08-11'),(51449,'INSERT INTO gne_vale_ferreteria_mov (vfe_id,pro_codigo_plu,vfm_cantidad,vfm_unitario,vfm_total,vfm_entregado) VALUES (7889,780721579,1,1990,1990,@@@NO@@@)','',2,'2013-08-11'),(51450,'INSERT INTO gne_vale_ferreteria_mov (vfe_id,pro_codigo_plu,vfm_cantidad,vfm_unitario,vfm_total,vfm_entregado) VALUES (7889,780721510,1,1190,1190,@@@NO@@@)','',2,'2013-08-11'),(51451,'INSERT INTO gne_vale_ferreteria_mov (vfe_id,pro_codigo_plu,vfm_cantidad,vfm_unitario,vfm_total,vfm_entregado) VALUES (7889,780721450,1,3190,3190,@@@NO@@@)','',2,'2013-08-11'),(51452,'INSERT INTO gne_vale_ferreteria (vfe_id,vfe_fecha,vfe_total,vfe_estado,vfe_entregado,usu_nusuario) VALUES (7890,@@@2013.08.11@@@,2840,1,0,@@@b_SAEZ@@@)','',2,'2013-08-11'),(51453,'INSERT INTO gne_vale_ferreteria_mov (vfe_id,pro_codigo_plu,vfm_cantidad,vfm_unitario,vfm_total,vfm_entregado) VALUES (7890,780721588,1,1390,1390,@@@NO@@@)','',2,'2013-08-11'),(51454,'INSERT INTO gne_vale_ferreteria_mov (vfe_id,pro_codigo_plu,vfm_cantidad,vfm_unitario,vfm_total,vfm_entregado) VALUES (7890,780721626,1,1450,1450,@@@NO@@@)','',2,'2013-08-11'),(51455,'INSERT INTO gne_vale_ferreteria (vfe_id,vfe_fecha,vfe_total,vfe_estado,vfe_entregado,usu_nusuario) VALUES (7891,@@@2013.08.11@@@,120,1,0,@@@b_SAEZ@@@)','',2,'2013-08-11'),(51456,'INSERT INTO gne_vale_ferreteria_mov (vfe_id,pro_codigo_plu,vfm_cantidad,vfm_unitario,vfm_total,vfm_entregado) VALUES (7891,780721265,1,120,120,@@@NO@@@)','',2,'2013-08-11'),(51457,'INSERT INTO gne_vale_ferreteria (vfe_id,vfe_fecha,vfe_total,vfe_estado,vfe_entregado,usu_nusuario) VALUES (7892,@@@2013.08.11@@@,800,1,0,@@@b_SAEZ@@@)','',2,'2013-08-11'),(51458,'INSERT INTO gne_vale_ferreteria_mov (vfe_id,pro_codigo_plu,vfm_cantidad,vfm_unitario,vfm_total,vfm_entregado) VALUES (7892,770000,8,50,400,@@@NO@@@)','',2,'2013-08-11'),(51459,'INSERT INTO gne_vale_ferreteria_mov (vfe_id,pro_codigo_plu,vfm_cantidad,vfm_unitario,vfm_total,vfm_entregado) VALUES (7892,764832,2,150,300,@@@NO@@@)','',2,'2013-08-11'),(51460,'INSERT INTO gne_vale_ferreteria_mov (vfe_id,pro_codigo_plu,vfm_cantidad,vfm_unitario,vfm_total,vfm_entregado) VALUES (7892,78017111,1,100,100,@@@NO@@@)','',2,'2013-08-11'),(51461,'INSERT INTO gne_vale_ferreteria (vfe_id,vfe_fecha,vfe_total,vfe_estado,vfe_entregado,usu_nusuario) VALUES (7893,@@@2013.08.11@@@,590,1,0,@@@b_SAEZ@@@)','',2,'2013-08-11'),(51462,'INSERT INTO gne_vale_ferreteria_mov (vfe_id,pro_codigo_plu,vfm_cantidad,vfm_unitario,vfm_total,vfm_entregado) VALUES (7893,780721516,1,590,590,@@@NO@@@)','',2,'2013-08-11'),(51463,'INSERT INTO gne_vale_ferreteria (vfe_id,vfe_fecha,vfe_total,vfe_estado,vfe_entregado,usu_nusuario) VALUES (7894,@@@2013.08.11@@@,100,1,0,@@@b_SAEZ@@@)','',2,'2013-08-11'),(51464,'INSERT INTO gne_vale_ferreteria_mov (vfe_id,pro_codigo_plu,vfm_cantidad,vfm_unitario,vfm_total,vfm_entregado) VALUES (7894,770023,1,100,100,@@@NO@@@)','',2,'2013-08-11'),(51465,'INSERT INTO gne_vale_ferreteria (vfe_id,vfe_fecha,vfe_total,vfe_estado,vfe_entregado,usu_nusuario) VALUES (7895,@@@2013.08.11@@@,150,1,0,@@@b_SAEZ@@@)','',2,'2013-08-11'),(51466,'INSERT INTO gne_vale_ferreteria_mov (vfe_id,pro_codigo_plu,vfm_cantidad,vfm_unitario,vfm_total,vfm_entregado) VALUES (7895,21136,1,150,150,@@@NO@@@)','',2,'2013-08-11'),(51467,'INSERT INTO gne_vale_ferreteria (vfe_id,vfe_fecha,vfe_total,vfe_estado,vfe_entregado,usu_nusuario) VALUES (7896,@@@2013.08.11@@@,360,1,0,@@@b_SAEZ@@@)','',2,'2013-08-11'),(51468,'INSERT INTO gne_vale_ferreteria_mov (vfe_id,pro_codigo_plu,vfm_cantidad,vfm_unitario,vfm_total,vfm_entregado) VALUES (7896,15745,2,180,360,@@@NO@@@)','',2,'2013-08-11'),(51469,'INSERT INTO gne_vale_ferreteria (vfe_id,vfe_fecha,vfe_total,vfe_estado,vfe_entregado,usu_nusuario) VALUES (7897,@@@2013.08.11@@@,10630,1,0,@@@b_SAEZ@@@)','',2,'2013-08-11'),(51470,'INSERT INTO gne_vale_ferreteria_mov (vfe_id,pro_codigo_plu,vfm_cantidad,vfm_unitario,vfm_total,vfm_entregado) VALUES (7897,780721539,1,990,990,@@@NO@@@)','',2,'2013-08-11'),(51471,'INSERT INTO gne_vale_ferreteria_mov (vfe_id,pro_codigo_plu,vfm_cantidad,vfm_unitario,vfm_total,vfm_entregado) VALUES (7897,780220194,1,370,370,@@@NO@@@)','',2,'2013-08-11'),(51472,'INSERT INTO gne_vale_ferreteria_mov (vfe_id,pro_codigo_plu,vfm_cantidad,vfm_unitario,vfm_total,vfm_entregado) VALUES (7897,780721537,1,4990,4990,@@@NO@@@)','',2,'2013-08-11'),(51473,'INSERT INTO gne_vale_ferreteria_mov (vfe_id,pro_codigo_plu,vfm_cantidad,vfm_unitario,vfm_total,vfm_entregado) VALUES (7897,990005,1,3290,3290,@@@NO@@@)','',2,'2013-08-11'),(51474,'INSERT INTO gne_vale_ferreteria_mov (vfe_id,pro_codigo_plu,vfm_cantidad,vfm_unitario,vfm_total,vfm_entregado) VALUES (7897,2008,1,990,990,@@@NO@@@)','',2,'2013-08-11'),(51475,'INSERT INTO gne_vale_ferreteria (vfe_id,vfe_fecha,vfe_total,vfe_estado,vfe_entregado,usu_nusuario) VALUES (7898,@@@2013.08.11@@@,290,1,0,@@@b_SAEZ@@@)','',2,'2013-08-11'),(51476,'INSERT INTO gne_vale_ferreteria_mov (vfe_id,pro_codigo_plu,vfm_cantidad,vfm_unitario,vfm_total,vfm_entregado) VALUES (7898,78016966,2,20,40,@@@NO@@@)','',2,'2013-08-11'),(51477,'INSERT INTO gne_vale_ferreteria_mov (vfe_id,pro_codigo_plu,vfm_cantidad,vfm_unitario,vfm_total,vfm_entregado) VALUES (7898,4091,1,250,250,@@@NO@@@)','',2,'2013-08-11'),(51478,'INSERT INTO gne_vale_ferreteria (vfe_id,vfe_fecha,vfe_total,vfe_estado,vfe_entregado,usu_nusuario) VALUES (7899,@@@2013.08.11@@@,3770,1,0,@@@b_SAEZ@@@)','',2,'2013-08-11'),(51479,'INSERT INTO gne_vale_ferreteria_mov (vfe_id,pro_codigo_plu,vfm_cantidad,vfm_unitario,vfm_total,vfm_entregado) VALUES (7899,2008,1,990,990,@@@NO@@@)','',2,'2013-08-11'),(51480,'INSERT INTO gne_vale_ferreteria_mov (vfe_id,pro_codigo_plu,vfm_cantidad,vfm_unitario,vfm_total,vfm_entregado) VALUES (7899,780721568,1,1590,1590,@@@NO@@@)','',2,'2013-08-11'),(51481,'INSERT INTO gne_vale_ferreteria_mov (vfe_id,pro_codigo_plu,vfm_cantidad,vfm_unitario,vfm_total,vfm_entregado) VALUES (7899,780721467,1,1190,1190,@@@NO@@@)','',2,'2013-08-11'),(51482,'INSERT INTO gne_vale_ferreteria (vfe_id,vfe_fecha,vfe_total,vfe_estado,vfe_entregado,usu_nusuario) VALUES (7900,@@@2013.08.11@@@,2590,1,0,@@@b_SAEZ@@@)','',2,'2013-08-11'),(51483,'INSERT INTO gne_vale_ferreteria_mov (vfe_id,pro_codigo_plu,vfm_cantidad,vfm_unitario,vfm_total,vfm_entregado) VALUES (7900,780721550,1,2590,2590,@@@NO@@@)','',2,'2013-08-11'),(51484,'INSERT INTO gne_vale_ferreteria (vfe_id,vfe_fecha,vfe_total,vfe_estado,vfe_entregado,usu_nusuario) VALUES (7901,@@@2013.08.11@@@,4470,1,0,@@@b_SAEZ@@@)','',2,'2013-08-11'),(51485,'INSERT INTO gne_vale_ferreteria_mov (vfe_id,pro_codigo_plu,vfm_cantidad,vfm_unitario,vfm_total,vfm_entregado) VALUES (7901,780721584,2,1490,2980,@@@NO@@@)','',2,'2013-08-11'),(51486,'INSERT INTO gne_vale_ferreteria_mov (vfe_id,pro_codigo_plu,vfm_cantidad,vfm_unitario,vfm_total,vfm_entregado) VALUES (7901,780721549,1,1490,1490,@@@NO@@@)','',2,'2013-08-11'),(51487,'INSERT INTO gne_vale_ferreteria (vfe_id,vfe_fecha,vfe_total,vfe_estado,vfe_entregado,usu_nusuario) VALUES (7902,@@@2013.08.11@@@,990,1,0,@@@b_SAEZ@@@)','',2,'2013-08-11'),(51488,'INSERT INTO gne_vale_ferreteria_mov (vfe_id,pro_codigo_plu,vfm_cantidad,vfm_unitario,vfm_total,vfm_entregado) VALUES (7902,780721442,1,990,990,@@@NO@@@)','',2,'2013-08-11'),(51489,'INSERT INTO gne_vale_ferreteria (vfe_id,vfe_fecha,vfe_total,vfe_estado,vfe_entregado,usu_nusuario) VALUES (7903,@@@2013.08.11@@@,7770,1,0,@@@b_SAEZ@@@)','',2,'2013-08-11'),(51490,'INSERT INTO gne_vale_ferreteria_mov (vfe_id,pro_codigo_plu,vfm_cantidad,vfm_unitario,vfm_total,vfm_entregado) VALUES (7903,780721566,3,2590,7770,@@@NO@@@)','',2,'2013-08-11'),(51491,'INSERT INTO gne_vale_ferreteria (vfe_id,vfe_fecha,vfe_total,vfe_estado,vfe_entregado,usu_nusuario) VALUES (7904,@@@2013.08.11@@@,2990,1,0,@@@b_SAEZ@@@)','',2,'2013-08-11'),(51492,'INSERT INTO gne_vale_ferreteria_mov (vfe_id,pro_codigo_plu,vfm_cantidad,vfm_unitario,vfm_total,vfm_entregado) VALUES (7904,780721571,1,2990,2990,@@@NO@@@)','',2,'2013-08-11'),(51493,'INSERT INTO gne_vale_ferreteria (vfe_id,vfe_fecha,vfe_total,vfe_estado,vfe_entregado,usu_nusuario) VALUES (7905,@@@2013.08.11@@@,1690,1,0,@@@b_SAEZ@@@)','',2,'2013-08-11'),(51494,'INSERT INTO gne_vale_ferreteria_mov (vfe_id,pro_codigo_plu,vfm_cantidad,vfm_unitario,vfm_total,vfm_entregado) VALUES (7905,780721316,1,1690,1690,@@@NO@@@)','',2,'2013-08-11'),(51495,'INSERT INTO gne_vale_ferreteria (vfe_id,vfe_fecha,vfe_total,vfe_estado,vfe_entregado,usu_nusuario) VALUES (7906,@@@2013.08.11@@@,9410,1,0,@@@b_SAEZ@@@)','',2,'2013-08-11'),(51496,'INSERT INTO gne_vale_ferreteria_mov (vfe_id,pro_codigo_plu,vfm_cantidad,vfm_unitario,vfm_total,vfm_entregado) VALUES (7906,763800,2,470,940,@@@NO@@@)','',2,'2013-08-11'),(51497,'INSERT INTO gne_vale_ferreteria_mov (vfe_id,pro_codigo_plu,vfm_cantidad,vfm_unitario,vfm_total,vfm_entregado) VALUES (7906,764583,2,250,500,@@@NO@@@)','',2,'2013-08-11'),(51498,'INSERT INTO gne_vale_ferreteria_mov (vfe_id,pro_codigo_plu,vfm_cantidad,vfm_unitario,vfm_total,vfm_entregado) VALUES (7906,78017204,2,120,240,@@@NO@@@)','',2,'2013-08-11'),(51499,'INSERT INTO gne_vale_ferreteria_mov (vfe_id,pro_codigo_plu,vfm_cantidad,vfm_unitario,vfm_total,vfm_entregado) VALUES (7906,780721387,2,130,260,@@@NO@@@)','',2,'2013-08-11'),(51500,'INSERT INTO gne_vale_ferreteria_mov (vfe_id,pro_codigo_plu,vfm_cantidad,vfm_unitario,vfm_total,vfm_entregado) VALUES (7906,20477,1,1690,1690,@@@NO@@@)','',2,'2013-08-11'),(51501,'INSERT INTO gne_vale_ferreteria_mov (vfe_id,pro_codigo_plu,vfm_cantidad,vfm_unitario,vfm_total,vfm_entregado) VALUES (7906,20476,1,1690,1690,@@@NO@@@)','',2,'2013-08-11'),(51502,'INSERT INTO gne_vale_ferreteria_mov (vfe_id,pro_codigo_plu,vfm_cantidad,vfm_unitario,vfm_total,vfm_entregado) VALUES (7906,780721481,1,2890,2890,@@@NO@@@)','',2,'2013-08-11'),(51503,'INSERT INTO gne_vale_ferreteria_mov (vfe_id,pro_codigo_plu,vfm_cantidad,vfm_unitario,vfm_total,vfm_entregado) VALUES (7906,78017155,1,450,450,@@@NO@@@)','',2,'2013-08-11'),(51504,'INSERT INTO gne_vale_ferreteria_mov (vfe_id,pro_codigo_plu,vfm_cantidad,vfm_unitario,vfm_total,vfm_entregado) VALUES (7906,763807,1,750,750,@@@NO@@@)','',2,'2013-08-11'),(51505,'INSERT INTO gne_vale_ferreteria (vfe_id,vfe_fecha,vfe_total,vfe_estado,vfe_entregado,usu_nusuario) VALUES (7907,@@@2013.08.11@@@,1000,1,0,@@@b_SAEZ@@@)','',2,'2013-08-11'),(51506,'INSERT INTO gne_vale_ferreteria_mov (vfe_id,pro_codigo_plu,vfm_cantidad,vfm_unitario,vfm_total,vfm_entregado) VALUES (7907,4078,4,100,400,@@@NO@@@)','',2,'2013-08-11'),(51507,'INSERT INTO gne_vale_ferreteria_mov (vfe_id,pro_codigo_plu,vfm_cantidad,vfm_unitario,vfm_total,vfm_entregado) VALUES (7907,78017019,4,150,600,@@@NO@@@)','',2,'2013-08-11'),(51508,'INSERT INTO gne_vale_ferreteria (vfe_id,vfe_fecha,vfe_total,vfe_estado,vfe_entregado,usu_nusuario) VALUES (7908,@@@2013.08.11@@@,6990,1,0,@@@b_SAEZ@@@)','',2,'2013-08-11'),(51509,'INSERT INTO gne_vale_ferreteria_mov (vfe_id,pro_codigo_plu,vfm_cantidad,vfm_unitario,vfm_total,vfm_entregado) VALUES (7908,780721535,1,6990,6990,@@@NO@@@)','',2,'2013-08-11'),(51510,'INSERT INTO gne_vale_ferreteria (vfe_id,vfe_fecha,vfe_total,vfe_estado,vfe_entregado,usu_nusuario) VALUES (7909,@@@2013.08.11@@@,220,1,0,@@@b_SAEZ@@@)','',2,'2013-08-11'),(51511,'INSERT INTO gne_vale_ferreteria_mov (vfe_id,pro_codigo_plu,vfm_cantidad,vfm_unitario,vfm_total,vfm_entregado) VALUES (7909,4078,1,100,100,@@@NO@@@)','',2,'2013-08-11'),(51512,'INSERT INTO gne_vale_ferreteria_mov (vfe_id,pro_codigo_plu,vfm_cantidad,vfm_unitario,vfm_total,vfm_entregado) VALUES (7909,764766,1,120,120,@@@NO@@@)','',2,'2013-08-11'),(51513,'INSERT INTO gne_vale_ferreteria (vfe_id,vfe_fecha,vfe_total,vfe_estado,vfe_entregado,usu_nusuario) VALUES (7910,@@@2013.08.11@@@,150,1,0,@@@b_SAEZ@@@)','',2,'2013-08-11'),(51514,'INSERT INTO gne_vale_ferreteria_mov (vfe_id,pro_codigo_plu,vfm_cantidad,vfm_unitario,vfm_total,vfm_entregado) VALUES (7910,780220199,1,150,150,@@@NO@@@)','',2,'2013-08-11'),(51515,'INSERT INTO gne_vale_ferreteria (vfe_id,vfe_fecha,vfe_total,vfe_estado,vfe_entregado,usu_nusuario) VALUES (7911,@@@2013.08.11@@@,2490,1,0,@@@b_SAEZ@@@)','',2,'2013-08-11'),(51516,'INSERT INTO gne_vale_ferreteria_mov (vfe_id,pro_codigo_plu,vfm_cantidad,vfm_unitario,vfm_total,vfm_entregado) VALUES (7911,780721482,1,2490,2490,@@@NO@@@)','',2,'2013-08-11'),(51517,'INSERT INTO gne_vale_ferreteria (vfe_id,vfe_fecha,vfe_total,vfe_estado,vfe_entregado,usu_nusuario) VALUES (7912,@@@2013.08.11@@@,890,1,0,@@@b_SAEZ@@@)','',2,'2013-08-11'),(51518,'INSERT INTO gne_vale_ferreteria_mov (vfe_id,pro_codigo_plu,vfm_cantidad,vfm_unitario,vfm_total,vfm_entregado) VALUES (7912,763980,1,890,890,@@@NO@@@)','',2,'2013-08-11'),(51519,'INSERT INTO gne_vale_ferreteria (vfe_id,vfe_fecha,vfe_total,vfe_estado,vfe_entregado,usu_nusuario) VALUES (7913,@@@2013.08.11@@@,100,1,0,@@@b_SAEZ@@@)','',2,'2013-08-11'),(51520,'INSERT INTO gne_vale_ferreteria_mov (vfe_id,pro_codigo_plu,vfm_cantidad,vfm_unitario,vfm_total,vfm_entregado) VALUES (7913,4130,1,100,100,@@@NO@@@)','',2,'2013-08-11'),(51521,'INSERT INTO gne_vale_ferreteria (vfe_id,vfe_fecha,vfe_total,vfe_estado,vfe_entregado,usu_nusuario) VALUES (7914,@@@2013.08.11@@@,2380,1,0,@@@b_SAEZ@@@)','',2,'2013-08-11'),(51522,'INSERT INTO gne_vale_ferreteria_mov (vfe_id,pro_codigo_plu,vfm_cantidad,vfm_unitario,vfm_total,vfm_entregado) VALUES (7914,61944300,1,1190,1190,@@@NO@@@)','',2,'2013-08-11'),(51523,'INSERT INTO gne_vale_ferreteria_mov (vfe_id,pro_codigo_plu,vfm_cantidad,vfm_unitario,vfm_total,vfm_entregado) VALUES (7914,780721469,1,1190,1190,@@@NO@@@)','',2,'2013-08-11'),(51524,'INSERT INTO gne_vale_ferreteria (vfe_id,vfe_fecha,vfe_total,vfe_estado,vfe_entregado,usu_nusuario) VALUES (7915,@@@2013.08.11@@@,490,1,0,@@@b_SAEZ@@@)','',2,'2013-08-11'),(51525,'INSERT INTO gne_vale_ferreteria_mov (vfe_id,pro_codigo_plu,vfm_cantidad,vfm_unitario,vfm_total,vfm_entregado) VALUES (7915,1552,1,490,490,@@@NO@@@)','',2,'2013-08-11'),(51526,'INSERT INTO gne_vale_ferreteria (vfe_id,vfe_fecha,vfe_total,vfe_estado,vfe_entregado,usu_nusuario) VALUES (7916,@@@2013.08.11@@@,3990,1,0,@@@b_SAEZ@@@)','',2,'2013-08-11'),(51527,'INSERT INTO gne_vale_ferreteria_mov (vfe_id,pro_codigo_plu,vfm_cantidad,vfm_unitario,vfm_total,vfm_entregado) VALUES (7916,780721624,1,3990,3990,@@@NO@@@)','',2,'2013-08-11'),(51528,'INSERT INTO gne_vale_ferreteria (vfe_id,vfe_fecha,vfe_total,vfe_estado,vfe_entregado,usu_nusuario) VALUES (7917,@@@2013.08.11@@@,420,1,0,@@@b_SAEZ@@@)','',2,'2013-08-11'),(51529,'INSERT INTO gne_vale_ferreteria_mov (vfe_id,pro_codigo_plu,vfm_cantidad,vfm_unitario,vfm_total,vfm_entregado) VALUES (7917,78017111,3,100,300,@@@NO@@@)','',2,'2013-08-11'),(51530,'INSERT INTO gne_vale_ferreteria_mov (vfe_id,pro_codigo_plu,vfm_cantidad,vfm_unitario,vfm_total,vfm_entregado) VALUES (7917,8022,1,120,120,@@@NO@@@)','',2,'2013-08-11'),(51531,'INSERT INTO gne_vale_ferreteria (vfe_id,vfe_fecha,vfe_total,vfe_estado,vfe_entregado,usu_nusuario) VALUES (7918,@@@2013.08.11@@@,1080,1,0,@@@b_SAEZ@@@)','',2,'2013-08-11'),(51532,'INSERT INTO gne_vale_ferreteria_mov (vfe_id,pro_codigo_plu,vfm_cantidad,vfm_unitario,vfm_total,vfm_entregado) VALUES (7918,1552,1,490,490,@@@NO@@@)','',2,'2013-08-11'),(51533,'INSERT INTO gne_vale_ferreteria_mov (vfe_id,pro_codigo_plu,vfm_cantidad,vfm_unitario,vfm_total,vfm_entregado) VALUES (7918,780721516,1,590,590,@@@NO@@@)','',2,'2013-08-11'),(51534,'INSERT INTO gne_vale_ferreteria (vfe_id,vfe_fecha,vfe_total,vfe_estado,vfe_entregado,usu_nusuario) VALUES (7919,@@@2013.08.11@@@,500,1,0,@@@b_SAEZ@@@)','',2,'2013-08-11'),(51535,'INSERT INTO gne_vale_ferreteria_mov (vfe_id,pro_codigo_plu,vfm_cantidad,vfm_unitario,vfm_total,vfm_entregado) VALUES (7919,770001,1,80,80,@@@NO@@@)','',2,'2013-08-11'),(51536,'INSERT INTO gne_vale_ferreteria_mov (vfe_id,pro_codigo_plu,vfm_cantidad,vfm_unitario,vfm_total,vfm_entregado) VALUES (7919,763587,1,420,420,@@@NO@@@)','',2,'2013-08-11'),(51537,'INSERT INTO gne_vale_ferreteria (vfe_id,vfe_fecha,vfe_total,vfe_estado,vfe_entregado,usu_nusuario) VALUES (7920,@@@2013.08.11@@@,230,1,0,@@@b_SAEZ@@@)','',2,'2013-08-11'),(51538,'INSERT INTO gne_vale_ferreteria_mov (vfe_id,pro_codigo_plu,vfm_cantidad,vfm_unitario,vfm_total,vfm_entregado) VALUES (7920,78016993,1,230,230,@@@NO@@@)','',2,'2013-08-11'),(51539,'INSERT INTO gne_vale_ferreteria (vfe_id,vfe_fecha,vfe_total,vfe_estado,vfe_entregado,usu_nusuario) VALUES (7921,@@@2013.08.11@@@,1450,1,0,@@@b_SAEZ@@@)','',2,'2013-08-11'),(51540,'INSERT INTO gne_vale_ferreteria_mov (vfe_id,pro_codigo_plu,vfm_cantidad,vfm_unitario,vfm_total,vfm_entregado) VALUES (7921,780721626,1,1450,1450,@@@NO@@@)','',2,'2013-08-11'),(51541,'INSERT INTO gne_vale_ferreteria (vfe_id,vfe_fecha,vfe_total,vfe_estado,vfe_entregado,usu_nusuario) VALUES (7922,@@@2013.08.11@@@,350,1,0,@@@b_SAEZ@@@)','',2,'2013-08-11'),(51542,'INSERT INTO gne_vale_ferreteria_mov (vfe_id,pro_codigo_plu,vfm_cantidad,vfm_unitario,vfm_total,vfm_entregado) VALUES (7922,102408,1,350,350,@@@NO@@@)','',2,'2013-08-11'),(51543,'INSERT INTO gne_vale_ferreteria (vfe_id,vfe_fecha,vfe_total,vfe_estado,vfe_entregado,usu_nusuario) VALUES (7923,@@@2013.08.11@@@,3950,1,0,@@@b_SAEZ@@@)','',2,'2013-08-11'),(51544,'INSERT INTO gne_vale_ferreteria_mov (vfe_id,pro_codigo_plu,vfm_cantidad,vfm_unitario,vfm_total,vfm_entregado) VALUES (7923,7500896,2,1190,2380,@@@NO@@@)','',2,'2013-08-11'),(51545,'INSERT INTO gne_vale_ferreteria_mov (vfe_id,pro_codigo_plu,vfm_cantidad,vfm_unitario,vfm_total,vfm_entregado) VALUES (7923,1547,2,390,780,@@@NO@@@)','',2,'2013-08-11'),(51546,'INSERT INTO gne_vale_ferreteria_mov (vfe_id,pro_codigo_plu,vfm_cantidad,vfm_unitario,vfm_total,vfm_entregado) VALUES (7923,1540,1,300,300,@@@NO@@@)','',2,'2013-08-11'),(51547,'INSERT INTO gne_vale_ferreteria_mov (vfe_id,pro_codigo_plu,vfm_cantidad,vfm_unitario,vfm_total,vfm_entregado) VALUES (7923,1552,1,490,490,@@@NO@@@)','',2,'2013-08-11'),(51548,'INSERT INTO gne_vale_ferreteria (vfe_id,vfe_fecha,vfe_total,vfe_estado,vfe_entregado,usu_nusuario) VALUES (7924,@@@2013.08.11@@@,1920,1,0,@@@b_SAEZ@@@)','',2,'2013-08-11'),(51549,'INSERT INTO gne_vale_ferreteria_mov (vfe_id,pro_codigo_plu,vfm_cantidad,vfm_unitario,vfm_total,vfm_entregado) VALUES (7924,15927,4,480,1920,@@@NO@@@)','',2,'2013-08-11'),(51550,'INSERT INTO gne_vale_ferreteria (vfe_id,vfe_fecha,vfe_total,vfe_estado,vfe_entregado,usu_nusuario) VALUES (7925,@@@2013.08.11@@@,500,1,0,@@@b_SAEZ@@@)','',2,'2013-08-11'),(51551,'INSERT INTO gne_vale_ferreteria_mov (vfe_id,pro_codigo_plu,vfm_cantidad,vfm_unitario,vfm_total,vfm_entregado) VALUES (7925,1070,2,250,500,@@@NO@@@)','',2,'2013-08-11'),(51552,'INSERT INTO gne_vale_ferreteria (vfe_id,vfe_fecha,vfe_total,vfe_estado,vfe_entregado,usu_nusuario) VALUES (7926,@@@2013.08.11@@@,3480,1,0,@@@b_SAEZ@@@)','',2,'2013-08-11'),(51553,'INSERT INTO gne_vale_ferreteria_mov (vfe_id,pro_codigo_plu,vfm_cantidad,vfm_unitario,vfm_total,vfm_entregado) VALUES (7926,764615,1,1390,1390,@@@NO@@@)','',2,'2013-08-11'),(51554,'INSERT INTO gne_vale_ferreteria_mov (vfe_id,pro_codigo_plu,vfm_cantidad,vfm_unitario,vfm_total,vfm_entregado) VALUES (7926,780721581,1,1100,1100,@@@NO@@@)','',2,'2013-08-11'),(51555,'INSERT INTO gne_vale_ferreteria_mov (vfe_id,pro_codigo_plu,vfm_cantidad,vfm_unitario,vfm_total,vfm_entregado) VALUES (7926,780721370,1,990,990,@@@NO@@@)','',2,'2013-08-11'),(51556,'INSERT INTO gne_vale_ferreteria (vfe_id,vfe_fecha,vfe_total,vfe_estado,vfe_entregado,usu_nusuario) VALUES (7927,@@@2013.08.11@@@,1780,1,0,@@@b_SAEZ@@@)','',2,'2013-08-11'),(51557,'INSERT INTO gne_vale_ferreteria_mov (vfe_id,pro_codigo_plu,vfm_cantidad,vfm_unitario,vfm_total,vfm_entregado) VALUES (7927,780721510,1,1190,1190,@@@NO@@@)','',2,'2013-08-11'),(51558,'INSERT INTO gne_vale_ferreteria_mov (vfe_id,pro_codigo_plu,vfm_cantidad,vfm_unitario,vfm_total,vfm_entregado) VALUES (7927,780721516,1,590,590,@@@NO@@@)','',2,'2013-08-11'),(51559,'INSERT INTO gne_vale_ferreteria (vfe_id,vfe_fecha,vfe_total,vfe_estado,vfe_entregado,usu_nusuario) VALUES (7928,@@@2013.08.11@@@,1610,1,0,@@@b_SAEZ@@@)','',2,'2013-08-11'),(51560,'INSERT INTO gne_vale_ferreteria_mov (vfe_id,pro_codigo_plu,vfm_cantidad,vfm_unitario,vfm_total,vfm_entregado) VALUES (7928,763980,1,890,890,@@@NO@@@)','',2,'2013-08-11'),(51561,'INSERT INTO gne_vale_ferreteria_mov (vfe_id,pro_codigo_plu,vfm_cantidad,vfm_unitario,vfm_total,vfm_entregado) VALUES (7928,15967,4,130,520,@@@NO@@@)','',2,'2013-08-11'),(51562,'INSERT INTO gne_vale_ferreteria_mov (vfe_id,pro_codigo_plu,vfm_cantidad,vfm_unitario,vfm_total,vfm_entregado) VALUES (7928,764696,2,100,200,@@@NO@@@)','',2,'2013-08-11'),(51563,'INSERT INTO gne_vale_ferreteria (vfe_id,vfe_fecha,vfe_total,vfe_estado,vfe_entregado,usu_nusuario) VALUES (7929,@@@2013.08.11@@@,2490,1,0,@@@b_SAEZ@@@)','',2,'2013-08-11'),(51564,'INSERT INTO gne_vale_ferreteria_mov (vfe_id,pro_codigo_plu,vfm_cantidad,vfm_unitario,vfm_total,vfm_entregado) VALUES (7929,780721482,1,2490,2490,@@@NO@@@)','',2,'2013-08-11'),(51565,'INSERT INTO gne_vale_ferreteria (vfe_id,vfe_fecha,vfe_total,vfe_estado,vfe_entregado,usu_nusuario) VALUES (7930,@@@2013.08.11@@@,990,1,0,@@@b_SAEZ@@@)','',2,'2013-08-11'),(51566,'INSERT INTO gne_vale_ferreteria_mov (vfe_id,pro_codigo_plu,vfm_cantidad,vfm_unitario,vfm_total,vfm_entregado) VALUES (7930,764779,1,990,990,@@@NO@@@)','',2,'2013-08-11'),(51567,'INSERT INTO gne_vale_ferreteria (vfe_id,vfe_fecha,vfe_total,vfe_estado,vfe_entregado,usu_nusuario) VALUES (7931,@@@2013.08.11@@@,4650,1,0,@@@b_SAEZ@@@)','',2,'2013-08-11'),(51568,'INSERT INTO gne_vale_ferreteria_mov (vfe_id,pro_codigo_plu,vfm_cantidad,vfm_unitario,vfm_total,vfm_entregado) VALUES (7931,780721452,1,2490,2490,@@@NO@@@)','',2,'2013-08-11'),(51569,'INSERT INTO gne_vale_ferreteria_mov (vfe_id,pro_codigo_plu,vfm_cantidad,vfm_unitario,vfm_total,vfm_entregado) VALUES (7931,780721516,2,590,1180,@@@NO@@@)','',2,'2013-08-11'),(51570,'INSERT INTO gne_vale_ferreteria_mov (vfe_id,pro_codigo_plu,vfm_cantidad,vfm_unitario,vfm_total,vfm_entregado) VALUES (7931,1538,2,490,980,@@@NO@@@)','',2,'2013-08-11'),(51571,'INSERT INTO gne_vale_ferreteria (vfe_id,vfe_fecha,vfe_total,vfe_estado,vfe_entregado,usu_nusuario) VALUES (7932,@@@2013.08.11@@@,300,1,0,@@@b_SAEZ@@@)','',2,'2013-08-11'),(51572,'INSERT INTO gne_vale_ferreteria_mov (vfe_id,pro_codigo_plu,vfm_cantidad,vfm_unitario,vfm_total,vfm_entregado) VALUES (7932,764833,30,10,300,@@@NO@@@)','',2,'2013-08-11'),(51573,'INSERT INTO gne_vale_ferreteria (vfe_id,vfe_fecha,vfe_total,vfe_estado,vfe_entregado,usu_nusuario) VALUES (7933,@@@2013.08.11@@@,560,1,0,@@@b_SAEZ@@@)','',2,'2013-08-11'),(51574,'INSERT INTO gne_vale_ferreteria_mov (vfe_id,pro_codigo_plu,vfm_cantidad,vfm_unitario,vfm_total,vfm_entregado) VALUES (7933,12083,1,260,260,@@@NO@@@)','',2,'2013-08-11'),(51575,'INSERT INTO gne_vale_ferreteria_mov (vfe_id,pro_codigo_plu,vfm_cantidad,vfm_unitario,vfm_total,vfm_entregado) VALUES (7933,1546,1,200,200,@@@NO@@@)','',2,'2013-08-11'),(51576,'INSERT INTO gne_vale_ferreteria_mov (vfe_id,pro_codigo_plu,vfm_cantidad,vfm_unitario,vfm_total,vfm_entregado) VALUES (7933,764833,10,10,100,@@@NO@@@)','',2,'2013-08-11'),(51577,'INSERT INTO gne_vale_ferreteria (vfe_id,vfe_fecha,vfe_total,vfe_estado,vfe_entregado,usu_nusuario) VALUES (7934,@@@2013.08.11@@@,1490,1,0,@@@b_SAEZ@@@)','',2,'2013-08-11'),(51578,'INSERT INTO gne_vale_ferreteria_mov (vfe_id,pro_codigo_plu,vfm_cantidad,vfm_unitario,vfm_total,vfm_entregado) VALUES (7934,780721614,1,1490,1490,@@@NO@@@)','',2,'2013-08-11'),(51579,'INSERT INTO gne_vale_ferreteria (vfe_id,vfe_fecha,vfe_total,vfe_estado,vfe_entregado,usu_nusuario) VALUES (7935,@@@2013.08.11@@@,1490,1,0,@@@b_SAEZ@@@)','',2,'2013-08-11'),(51580,'INSERT INTO gne_vale_ferreteria_mov (vfe_id,pro_codigo_plu,vfm_cantidad,vfm_unitario,vfm_total,vfm_entregado) VALUES (7935,780721614,1,1490,1490,@@@NO@@@)','',2,'2013-08-11'),(51581,'INSERT INTO gne_vale_ferreteria (vfe_id,vfe_fecha,vfe_total,vfe_estado,vfe_entregado,usu_nusuario) VALUES (7936,@@@2013.08.11@@@,1690,1,0,@@@b_SAEZ@@@)','',2,'2013-08-11'),(51582,'INSERT INTO gne_vale_ferreteria_mov (vfe_id,pro_codigo_plu,vfm_cantidad,vfm_unitario,vfm_total,vfm_entregado) VALUES (7936,20476,1,1690,1690,@@@NO@@@)','',2,'2013-08-11'),(51583,'INSERT INTO gne_vale_ferreteria (vfe_id,vfe_fecha,vfe_total,vfe_estado,vfe_entregado,usu_nusuario) VALUES (7937,@@@2013.08.11@@@,250,1,0,@@@b_SAEZ@@@)','',2,'2013-08-11'),(51584,'INSERT INTO gne_vale_ferreteria_mov (vfe_id,pro_codigo_plu,vfm_cantidad,vfm_unitario,vfm_total,vfm_entregado) VALUES (7937,780721186,1,250,250,@@@NO@@@)','',2,'2013-08-11'),(51585,'INSERT INTO gne_vale_ferreteria (vfe_id,vfe_fecha,vfe_total,vfe_estado,vfe_entregado,usu_nusuario) VALUES (7938,@@@2013.08.11@@@,2190,1,0,@@@b_SAEZ@@@)','',2,'2013-08-11'),(51586,'INSERT INTO gne_vale_ferreteria_mov (vfe_id,pro_codigo_plu,vfm_cantidad,vfm_unitario,vfm_total,vfm_entregado) VALUES (7938,101714,1,2190,2190,@@@NO@@@)','',2,'2013-08-11'),(51587,'INSERT INTO gne_vale_ferreteria (vfe_id,vfe_fecha,vfe_total,vfe_estado,vfe_entregado,usu_nusuario) VALUES (7939,@@@2013.08.11@@@,1490,1,0,@@@b_SAEZ@@@)','',2,'2013-08-11'),(51588,'INSERT INTO gne_vale_ferreteria_mov (vfe_id,pro_codigo_plu,vfm_cantidad,vfm_unitario,vfm_total,vfm_entregado) VALUES (7939,780721478,1,1490,1490,@@@NO@@@)','',2,'2013-08-11'),(51589,'INSERT INTO gne_vale_ferreteria (vfe_id,vfe_fecha,vfe_total,vfe_estado,vfe_entregado,usu_nusuario) VALUES (7940,@@@2013.08.11@@@,1790,1,0,@@@b_SAEZ@@@)','',2,'2013-08-11'),(51590,'INSERT INTO gne_vale_ferreteria_mov (vfe_id,pro_codigo_plu,vfm_cantidad,vfm_unitario,vfm_total,vfm_entregado) VALUES (7940,780721585,1,1790,1790,@@@NO@@@)','',2,'2013-08-11'),(51591,'INSERT INTO gne_vale_ferreteria (vfe_id,vfe_fecha,vfe_total,vfe_estado,vfe_entregado,usu_nusuario) VALUES (7941,@@@2013.08.11@@@,890,1,0,@@@b_SAEZ@@@)','',2,'2013-08-11'),(51592,'INSERT INTO gne_vale_ferreteria_mov (vfe_id,pro_codigo_plu,vfm_cantidad,vfm_unitario,vfm_total,vfm_entregado) VALUES (7941,763610,1,890,890,@@@NO@@@)','',2,'2013-08-11'),(51593,'INSERT INTO gne_vale_ferreteria (vfe_id,vfe_fecha,vfe_total,vfe_estado,vfe_entregado,usu_nusuario) VALUES (7942,@@@2013.08.11@@@,1050,1,0,@@@b_SAEZ@@@)','',2,'2013-08-11'),(51594,'INSERT INTO gne_vale_ferreteria_mov (vfe_id,pro_codigo_plu,vfm_cantidad,vfm_unitario,vfm_total,vfm_entregado) VALUES (7942,78017016,3,120,360,@@@NO@@@)','',2,'2013-08-11'),(51595,'INSERT INTO gne_vale_ferreteria_mov (vfe_id,pro_codigo_plu,vfm_cantidad,vfm_unitario,vfm_total,vfm_entregado) VALUES (7942,78017017,1,150,150,@@@NO@@@)','',2,'2013-08-11'),(51596,'INSERT INTO gne_vale_ferreteria_mov (vfe_id,pro_codigo_plu,vfm_cantidad,vfm_unitario,vfm_total,vfm_entregado) VALUES (7942,78017018,1,150,150,@@@NO@@@)','',2,'2013-08-11'),(51597,'INSERT INTO gne_vale_ferreteria_mov (vfe_id,pro_codigo_plu,vfm_cantidad,vfm_unitario,vfm_total,vfm_entregado) VALUES (7942,1547,1,390,390,@@@NO@@@)','',2,'2013-08-11'),(51598,'INSERT INTO gne_vale_ferreteria (vfe_id,vfe_fecha,vfe_total,vfe_estado,vfe_entregado,usu_nusuario) VALUES (7943,@@@2013.08.11@@@,2000,1,0,@@@b_SAEZ@@@)','',2,'2013-08-11'),(51599,'INSERT INTO gne_vale_ferreteria_mov (vfe_id,pro_codigo_plu,vfm_cantidad,vfm_unitario,vfm_total,vfm_entregado) VALUES (7943,15819,40,50,2000,@@@NO@@@)','',2,'2013-08-11'),(51600,'INSERT INTO gne_vale_ferreteria (vfe_id,vfe_fecha,vfe_total,vfe_estado,vfe_entregado,usu_nusuario) VALUES (7944,@@@2013.08.11@@@,3180,1,0,@@@b_SAEZ@@@)','',2,'2013-08-11'),(51601,'INSERT INTO gne_vale_ferreteria_mov (vfe_id,pro_codigo_plu,vfm_cantidad,vfm_unitario,vfm_total,vfm_entregado) VALUES (7944,780721510,1,1190,1190,@@@NO@@@)','',2,'2013-08-11'),(51602,'INSERT INTO gne_vale_ferreteria_mov (vfe_id,pro_codigo_plu,vfm_cantidad,vfm_unitario,vfm_total,vfm_entregado) VALUES (7944,780721561,1,1990,1990,@@@NO@@@)','',2,'2013-08-11'),(51603,'INSERT INTO gne_vale_ferreteria (vfe_id,vfe_fecha,vfe_total,vfe_estado,vfe_entregado,usu_nusuario) VALUES (7945,@@@2013.08.11@@@,120,1,0,@@@b_SAEZ@@@)','',2,'2013-08-11'),(51604,'INSERT INTO gne_vale_ferreteria_mov (vfe_id,pro_codigo_plu,vfm_cantidad,vfm_unitario,vfm_total,vfm_entregado) VALUES (7945,8022,1,120,120,@@@NO@@@)','',2,'2013-08-11'),(51605,'INSERT INTO gne_vale_ferreteria (vfe_id,vfe_fecha,vfe_total,vfe_estado,vfe_entregado,usu_nusuario) VALUES (7946,@@@2013.08.11@@@,1890,1,0,@@@b_SAEZ@@@)','',2,'2013-08-11'),(51606,'INSERT INTO gne_vale_ferreteria_mov (vfe_id,pro_codigo_plu,vfm_cantidad,vfm_unitario,vfm_total,vfm_entregado) VALUES (7946,763604,1,1890,1890,@@@NO@@@)','',2,'2013-08-11'),(51607,'INSERT INTO gne_vale_ferreteria (vfe_id,vfe_fecha,vfe_total,vfe_estado,vfe_entregado,usu_nusuario) VALUES (7947,@@@2013.08.11@@@,1590,1,0,@@@b_SAEZ@@@)','',2,'2013-08-11'),(51608,'INSERT INTO gne_vale_ferreteria_mov (vfe_id,pro_codigo_plu,vfm_cantidad,vfm_unitario,vfm_total,vfm_entregado) VALUES (7947,780721570,1,1590,1590,@@@NO@@@)','',2,'2013-08-11'),(51609,'INSERT INTO gne_vale_ferreteria (vfe_id,vfe_fecha,vfe_total,vfe_estado,vfe_entregado,usu_nusuario) VALUES (7948,@@@2013.08.11@@@,620,1,0,@@@b_SAEZ@@@)','',2,'2013-08-11'),(51610,'INSERT INTO gne_vale_ferreteria_mov (vfe_id,pro_codigo_plu,vfm_cantidad,vfm_unitario,vfm_total,vfm_entregado) VALUES (7948,780220180,1,620,620,@@@NO@@@)','',2,'2013-08-11'),(51611,'INSERT INTO gne_vale_ferreteria (vfe_id,vfe_fecha,vfe_total,vfe_estado,vfe_entregado,usu_nusuario) VALUES (7949,@@@2013.08.11@@@,700,1,0,@@@b_SAEZ@@@)','',2,'2013-08-11'),(51612,'INSERT INTO gne_vale_ferreteria_mov (vfe_id,pro_codigo_plu,vfm_cantidad,vfm_unitario,vfm_total,vfm_entregado) VALUES (7949,8021,3,150,450,@@@NO@@@)','',2,'2013-08-11'),(51613,'INSERT INTO gne_vale_ferreteria_mov (vfe_id,pro_codigo_plu,vfm_cantidad,vfm_unitario,vfm_total,vfm_entregado) VALUES (7949,21136,1,150,150,@@@NO@@@)','',2,'2013-08-11'),(51614,'INSERT INTO gne_vale_ferreteria_mov (vfe_id,pro_codigo_plu,vfm_cantidad,vfm_unitario,vfm_total,vfm_entregado) VALUES (7949,764383,2,50,100,@@@NO@@@)','',2,'2013-08-11'),(51615,'INSERT INTO gne_vale_ferreteria (vfe_id,vfe_fecha,vfe_total,vfe_estado,vfe_entregado,usu_nusuario) VALUES (7950,@@@2013.08.11@@@,500,1,0,@@@b_SAEZ@@@)','',2,'2013-08-11'),(51616,'INSERT INTO gne_vale_ferreteria_mov (vfe_id,pro_codigo_plu,vfm_cantidad,vfm_unitario,vfm_total,vfm_entregado) VALUES (7950,78017193,25,20,500,@@@NO@@@)','',2,'2013-08-11'),(51617,'INSERT INTO gne_vale_ferreteria (vfe_id,vfe_fecha,vfe_total,vfe_estado,vfe_entregado,usu_nusuario) VALUES (7951,@@@2013.08.11@@@,450,1,0,@@@b_SAEZ@@@)','',2,'2013-08-11'),(51618,'INSERT INTO gne_vale_ferreteria_mov (vfe_id,pro_codigo_plu,vfm_cantidad,vfm_unitario,vfm_total,vfm_entregado) VALUES (7951,764539,1,450,450,@@@NO@@@)','',2,'2013-08-11'),(51619,'INSERT INTO gne_vale_ferreteria (vfe_id,vfe_fecha,vfe_total,vfe_estado,vfe_entregado,usu_nusuario) VALUES (7952,@@@2013.08.11@@@,1590,1,0,@@@b_SAEZ@@@)','',2,'2013-08-11'),(51620,'INSERT INTO gne_vale_ferreteria_mov (vfe_id,pro_codigo_plu,vfm_cantidad,vfm_unitario,vfm_total,vfm_entregado) VALUES (7952,780721570,1,1590,1590,@@@NO@@@)','',2,'2013-08-11'),(51621,'INSERT INTO gne_vale_ferreteria (vfe_id,vfe_fecha,vfe_total,vfe_estado,vfe_entregado,usu_nusuario) VALUES (7953,@@@2013.08.11@@@,1470,1,0,@@@b_SAEZ@@@)','',2,'2013-08-11'),(51622,'INSERT INTO gne_vale_ferreteria_mov (vfe_id,pro_codigo_plu,vfm_cantidad,vfm_unitario,vfm_total,vfm_entregado) VALUES (7953,763812,1,690,690,@@@NO@@@)','',2,'2013-08-11'),(51623,'INSERT INTO gne_vale_ferreteria_mov (vfe_id,pro_codigo_plu,vfm_cantidad,vfm_unitario,vfm_total,vfm_entregado) VALUES (7953,765000,2,390,780,@@@NO@@@)','',2,'2013-08-11'),(51624,'INSERT INTO gne_vale_ferreteria (vfe_id,vfe_fecha,vfe_total,vfe_estado,vfe_entregado,usu_nusuario) VALUES (7954,@@@2013.08.11@@@,300,1,0,@@@b_SAEZ@@@)','',2,'2013-08-11'),(51625,'INSERT INTO gne_vale_ferreteria_mov (vfe_id,pro_codigo_plu,vfm_cantidad,vfm_unitario,vfm_total,vfm_entregado) VALUES (7954,764848,1,300,300,@@@NO@@@)','',2,'2013-08-11'),(51626,'INSERT INTO gne_vale_ferreteria (vfe_id,vfe_fecha,vfe_total,vfe_estado,vfe_entregado,usu_nusuario) VALUES (7955,@@@2013.08.11@@@,790,1,0,@@@b_SAEZ@@@)','',2,'2013-08-11'),(51627,'INSERT INTO gne_vale_ferreteria_mov (vfe_id,pro_codigo_plu,vfm_cantidad,vfm_unitario,vfm_total,vfm_entregado) VALUES (7955,780721131,1,790,790,@@@NO@@@)','',2,'2013-08-11'),(51628,'INSERT INTO gne_vale_ferreteria (vfe_id,vfe_fecha,vfe_total,vfe_estado,vfe_entregado,usu_nusuario) VALUES (7956,@@@2013.08.11@@@,100,1,0,@@@b_SAEZ@@@)','',2,'2013-08-11'),(51629,'INSERT INTO gne_vale_ferreteria_mov (vfe_id,pro_codigo_plu,vfm_cantidad,vfm_unitario,vfm_total,vfm_entregado) VALUES (7956,764833,10,10,100,@@@NO@@@)','',2,'2013-08-11'),(51630,'INSERT INTO gne_vale_ferreteria (vfe_id,vfe_fecha,vfe_total,vfe_estado,vfe_entregado,usu_nusuario) VALUES (7957,@@@2013.08.11@@@,300,1,0,@@@b_SAEZ@@@)','',2,'2013-08-11'),(51631,'INSERT INTO gne_vale_ferreteria_mov (vfe_id,pro_codigo_plu,vfm_cantidad,vfm_unitario,vfm_total,vfm_entregado) VALUES (7957,2004,1,300,300,@@@NO@@@)','',2,'2013-08-11'),(51632,'INSERT INTO gne_vale_ferreteria (vfe_id,vfe_fecha,vfe_total,vfe_estado,vfe_entregado,usu_nusuario) VALUES (7958,@@@2013.08.11@@@,1650,1,0,@@@b_SAEZ@@@)','',2,'2013-08-11'),(51633,'INSERT INTO gne_vale_ferreteria_mov (vfe_id,pro_codigo_plu,vfm_cantidad,vfm_unitario,vfm_total,vfm_entregado) VALUES (7958,1067,1,200,200,@@@NO@@@)','',2,'2013-08-11'),(51634,'INSERT INTO gne_vale_ferreteria_mov (vfe_id,pro_codigo_plu,vfm_cantidad,vfm_unitario,vfm_total,vfm_entregado) VALUES (7958,15668,1,1450,1450,@@@NO@@@)','',2,'2013-08-11'),(51635,'INSERT INTO gne_vale_ferreteria (vfe_id,vfe_fecha,vfe_total,vfe_estado,vfe_entregado,usu_nusuario) VALUES (7959,@@@2013.08.11@@@,300,1,0,@@@b_SAEZ@@@)','',2,'2013-08-11'),(51636,'INSERT INTO gne_vale_ferreteria_mov (vfe_id,pro_codigo_plu,vfm_cantidad,vfm_unitario,vfm_total,vfm_entregado) VALUES (7959,9900006,2,150,300,@@@NO@@@)','',2,'2013-08-11'),(51637,'INSERT INTO gne_vale_ferreteria (vfe_id,vfe_fecha,vfe_total,vfe_estado,vfe_entregado,usu_nusuario) VALUES (7960,@@@2013.08.11@@@,1390,1,0,@@@b_SAEZ@@@)','',2,'2013-08-11'),(51638,'INSERT INTO gne_vale_ferreteria_mov (vfe_id,pro_codigo_plu,vfm_cantidad,vfm_unitario,vfm_total,vfm_entregado) VALUES (7960,780721623,1,1390,1390,@@@NO@@@)','',2,'2013-08-11'),(51639,'INSERT INTO gne_vale_ferreteria (vfe_id,vfe_fecha,vfe_total,vfe_estado,vfe_entregado,usu_nusuario) VALUES (7961,@@@2013.08.11@@@,300,1,0,@@@b_SAEZ@@@)','',2,'2013-08-11'),(51640,'INSERT INTO gne_vale_ferreteria_mov (vfe_id,pro_codigo_plu,vfm_cantidad,vfm_unitario,vfm_total,vfm_entregado) VALUES (7961,800001,1,300,300,@@@NO@@@)','',2,'2013-08-11'),(51641,'INSERT INTO gne_vale_ferreteria (vfe_id,vfe_fecha,vfe_total,vfe_estado,vfe_entregado,usu_nusuario) VALUES (7962,@@@2013.08.11@@@,300,1,0,@@@b_SAEZ@@@)','',2,'2013-08-11'),(51642,'INSERT INTO gne_vale_ferreteria_mov (vfe_id,pro_codigo_plu,vfm_cantidad,vfm_unitario,vfm_total,vfm_entregado) VALUES (7962,800001,1,300,300,@@@NO@@@)','',2,'2013-08-11'),(51643,'INSERT INTO gne_vale_ferreteria (vfe_id,vfe_fecha,vfe_total,vfe_estado,vfe_entregado,usu_nusuario) VALUES (7963,@@@2013.08.11@@@,320,1,0,@@@b_SAEZ@@@)','',2,'2013-08-11'),(51644,'INSERT INTO gne_vale_ferreteria_mov (vfe_id,pro_codigo_plu,vfm_cantidad,vfm_unitario,vfm_total,vfm_entregado) VALUES (7963,764834,10,20,200,@@@NO@@@)','',2,'2013-08-11'),(51645,'INSERT INTO gne_vale_ferreteria_mov (vfe_id,pro_codigo_plu,vfm_cantidad,vfm_unitario,vfm_total,vfm_entregado) VALUES (7963,8022,1,120,120,@@@NO@@@)','',2,'2013-08-11'),(51646,'INSERT INTO gne_vale_ferreteria (vfe_id,vfe_fecha,vfe_total,vfe_estado,vfe_entregado,usu_nusuario) VALUES (7964,@@@2013.08.11@@@,950,1,0,@@@b_SAEZ@@@)','',2,'2013-08-11'),(51647,'INSERT INTO gne_vale_ferreteria_mov (vfe_id,pro_codigo_plu,vfm_cantidad,vfm_unitario,vfm_total,vfm_entregado) VALUES (7964,14106,1,950,950,@@@NO@@@)','',2,'2013-08-11'),(51648,'INSERT INTO gne_vale_ferreteria (vfe_id,vfe_fecha,vfe_total,vfe_estado,vfe_entregado,usu_nusuario) VALUES (7965,@@@2013.08.11@@@,2990,1,0,@@@b_SAEZ@@@)','',2,'2013-08-11'),(51649,'INSERT INTO gne_vale_ferreteria_mov (vfe_id,pro_codigo_plu,vfm_cantidad,vfm_unitario,vfm_total,vfm_entregado) VALUES (7965,763804,1,790,790,@@@NO@@@)','',2,'2013-08-11'),(51650,'INSERT INTO gne_vale_ferreteria_mov (vfe_id,pro_codigo_plu,vfm_cantidad,vfm_unitario,vfm_total,vfm_entregado) VALUES (7965,11519,1,750,750,@@@NO@@@)','',2,'2013-08-11'),(51651,'INSERT INTO gne_vale_ferreteria_mov (vfe_id,pro_codigo_plu,vfm_cantidad,vfm_unitario,vfm_total,vfm_entregado) VALUES (7965,780721390,1,1050,1050,@@@NO@@@)','',2,'2013-08-11'),(51652,'INSERT INTO gne_vale_ferreteria_mov (vfe_id,pro_codigo_plu,vfm_cantidad,vfm_unitario,vfm_total,vfm_entregado) VALUES (7965,78016993,1,230,230,@@@NO@@@)','',2,'2013-08-11'),(51653,'INSERT INTO gne_vale_ferreteria_mov (vfe_id,pro_codigo_plu,vfm_cantidad,vfm_unitario,vfm_total,vfm_entregado) VALUES (7965,78016986,1,170,170,@@@NO@@@)','',2,'2013-08-11'),(51654,'INSERT INTO gne_vale_ferreteria (vfe_id,vfe_fecha,vfe_total,vfe_estado,vfe_entregado,usu_nusuario) VALUES (7966,@@@2013.08.11@@@,990,1,0,@@@b_SAEZ@@@)','',2,'2013-08-11'),(51655,'INSERT INTO gne_vale_ferreteria_mov (vfe_id,pro_codigo_plu,vfm_cantidad,vfm_unitario,vfm_total,vfm_entregado) VALUES (7966,780721370,1,990,990,@@@NO@@@)','',2,'2013-08-11'),(51656,'INSERT INTO gne_vale_ferreteria (vfe_id,vfe_fecha,vfe_total,vfe_estado,vfe_entregado,usu_nusuario) VALUES (7967,@@@2013.08.11@@@,200,1,0,@@@b_SAEZ@@@)','',2,'2013-08-11'),(51657,'INSERT INTO gne_vale_ferreteria_mov (vfe_id,pro_codigo_plu,vfm_cantidad,vfm_unitario,vfm_total,vfm_entregado) VALUES (7967,3104,1,200,200,@@@NO@@@)','',2,'2013-08-11'),(51658,'INSERT INTO gne_vale_ferreteria (vfe_id,vfe_fecha,vfe_total,vfe_estado,vfe_entregado,usu_nusuario) VALUES (7968,@@@2013.08.11@@@,7180,1,0,@@@b_SAEZ@@@)','',2,'2013-08-11'),(51659,'INSERT INTO gne_vale_ferreteria_mov (vfe_id,pro_codigo_plu,vfm_cantidad,vfm_unitario,vfm_total,vfm_entregado) VALUES (7968,780721460,2,2490,4980,@@@NO@@@)','',2,'2013-08-11'),(51660,'INSERT INTO gne_vale_ferreteria_mov (vfe_id,pro_codigo_plu,vfm_cantidad,vfm_unitario,vfm_total,vfm_entregado) VALUES (7968,764200,1,2200,2200,@@@NO@@@)','',2,'2013-08-11'),(51661,'INSERT INTO gne_vale_ferreteria (vfe_id,vfe_fecha,vfe_total,vfe_estado,vfe_entregado,usu_nusuario) VALUES (7969,@@@2013.08.11@@@,200,1,0,@@@b_SAEZ@@@)','',2,'2013-08-11'),(51662,'INSERT INTO gne_vale_ferreteria_mov (vfe_id,pro_codigo_plu,vfm_cantidad,vfm_unitario,vfm_total,vfm_entregado) VALUES (7969,4130,2,100,200,@@@NO@@@)','',2,'2013-08-11'),(51663,'INSERT INTO gne_vale_ferreteria (vfe_id,vfe_fecha,vfe_total,vfe_estado,vfe_entregado,usu_nusuario) VALUES (7970,@@@2013.08.11@@@,2940,1,0,@@@b_SAEZ@@@)','',2,'2013-08-11'),(51664,'INSERT INTO gne_vale_ferreteria_mov (vfe_id,pro_codigo_plu,vfm_cantidad,vfm_unitario,vfm_total,vfm_entregado) VALUES (7970,780721480,1,1490,1490,@@@NO@@@)','',2,'2013-08-11'),(51665,'INSERT INTO gne_vale_ferreteria_mov (vfe_id,pro_codigo_plu,vfm_cantidad,vfm_unitario,vfm_total,vfm_entregado) VALUES (7970,15967,2,130,260,@@@NO@@@)','',2,'2013-08-11'),(51666,'INSERT INTO gne_vale_ferreteria_mov (vfe_id,pro_codigo_plu,vfm_cantidad,vfm_unitario,vfm_total,vfm_entregado) VALUES (7970,780721469,1,1190,1190,@@@NO@@@)','',2,'2013-08-11'),(51667,'INSERT INTO gne_vale_ferreteria (vfe_id,vfe_fecha,vfe_total,vfe_estado,vfe_entregado,usu_nusuario) VALUES (7971,@@@2013.08.11@@@,4839,1,0,@@@b_SAEZ@@@)','',2,'2013-08-11'),(51668,'INSERT INTO gne_vale_ferreteria_mov (vfe_id,pro_codigo_plu,vfm_cantidad,vfm_unitario,vfm_total,vfm_entregado) VALUES (7971,780721540,1,1590,1590,@@@NO@@@)','',2,'2013-08-11'),(51669,'INSERT INTO gne_vale_ferreteria_mov (vfe_id,pro_codigo_plu,vfm_cantidad,vfm_unitario,vfm_total,vfm_entregado) VALUES (7971,763622,1,1399,1399,@@@NO@@@)','',2,'2013-08-11'),(51670,'INSERT INTO gne_vale_ferreteria_mov (vfe_id,pro_codigo_plu,vfm_cantidad,vfm_unitario,vfm_total,vfm_entregado) VALUES (7971,764782,1,1850,1850,@@@NO@@@)','',2,'2013-08-11'),(51671,'INSERT INTO gne_vale_ferreteria (vfe_id,vfe_fecha,vfe_total,vfe_estado,vfe_entregado,usu_nusuario) VALUES (7972,@@@2013.08.11@@@,4839,1,0,@@@b_SAEZ@@@)','',2,'2013-08-11'),(51672,'INSERT INTO gne_vale_ferreteria_mov (vfe_id,pro_codigo_plu,vfm_cantidad,vfm_unitario,vfm_total,vfm_entregado) VALUES (7972,780721540,1,1590,1590,@@@NO@@@)','',2,'2013-08-11'),(51673,'INSERT INTO gne_vale_ferreteria_mov (vfe_id,pro_codigo_plu,vfm_cantidad,vfm_unitario,vfm_total,vfm_entregado) VALUES (7972,763622,1,1399,1399,@@@NO@@@)','',2,'2013-08-11'),(51674,'INSERT INTO gne_vale_ferreteria_mov (vfe_id,pro_codigo_plu,vfm_cantidad,vfm_unitario,vfm_total,vfm_entregado) VALUES (7972,764782,1,1850,1850,@@@NO@@@)','',2,'2013-08-11'),(51675,'INSERT INTO gne_vale_ferreteria (vfe_id,vfe_fecha,vfe_total,vfe_estado,vfe_entregado,usu_nusuario) VALUES (7973,@@@2013.08.11@@@,390,1,0,@@@b_SAEZ@@@)','',2,'2013-08-11'),(51676,'INSERT INTO gne_vale_ferreteria_mov (vfe_id,pro_codigo_plu,vfm_cantidad,vfm_unitario,vfm_total,vfm_entregado) VALUES (7973,764281,1,390,390,@@@NO@@@)','',2,'2013-08-11'),(51677,'INSERT INTO gne_vale_ferreteria (vfe_id,vfe_fecha,vfe_total,vfe_estado,vfe_entregado,usu_nusuario) VALUES (7974,@@@2013.08.11@@@,200,1,0,@@@b_SAEZ@@@)','',2,'2013-08-11'),(51678,'INSERT INTO gne_vale_ferreteria_mov (vfe_id,pro_codigo_plu,vfm_cantidad,vfm_unitario,vfm_total,vfm_entregado) VALUES (7974,3104,1,200,200,@@@NO@@@)','',2,'2013-08-11'),(51679,'INSERT INTO gne_vale_ferreteria (vfe_id,vfe_fecha,vfe_total,vfe_estado,vfe_entregado,usu_nusuario) VALUES (7975,@@@2013.08.11@@@,440,1,0,@@@b_SAEZ@@@)','',2,'2013-08-11'),(51680,'INSERT INTO gne_vale_ferreteria_mov (vfe_id,pro_codigo_plu,vfm_cantidad,vfm_unitario,vfm_total,vfm_entregado) VALUES (7975,4078,2,100,200,@@@NO@@@)','',2,'2013-08-11'),(51681,'INSERT INTO gne_vale_ferreteria_mov (vfe_id,pro_codigo_plu,vfm_cantidad,vfm_unitario,vfm_total,vfm_entregado) VALUES (7975,763790,8,30,240,@@@NO@@@)','',2,'2013-08-11'),(51682,'INSERT INTO gne_vale_ferreteria (vfe_id,vfe_fecha,vfe_total,vfe_estado,vfe_entregado,usu_nusuario) VALUES (7976,@@@2013.08.11@@@,790,1,0,@@@b_SAEZ@@@)','',2,'2013-08-11'),(51683,'INSERT INTO gne_vale_ferreteria_mov (vfe_id,pro_codigo_plu,vfm_cantidad,vfm_unitario,vfm_total,vfm_entregado) VALUES (7976,1071,1,790,790,@@@NO@@@)','',2,'2013-08-11'),(51684,'INSERT INTO gne_vale_ferreteria (vfe_id,vfe_fecha,vfe_total,vfe_estado,vfe_entregado,usu_nusuario) VALUES (7977,@@@2013.08.11@@@,570,1,0,@@@b_SAEZ@@@)','',2,'2013-08-11'),(51685,'INSERT INTO gne_vale_ferreteria_mov (vfe_id,pro_codigo_plu,vfm_cantidad,vfm_unitario,vfm_total,vfm_entregado) VALUES (7977,770035,1,150,150,@@@NO@@@)','',2,'2013-08-11'),(51686,'INSERT INTO gne_vale_ferreteria_mov (vfe_id,pro_codigo_plu,vfm_cantidad,vfm_unitario,vfm_total,vfm_entregado) VALUES (7977,764269,1,420,420,@@@NO@@@)','',2,'2013-08-11'),(51687,'INSERT INTO gne_vale_ferreteria (vfe_id,vfe_fecha,vfe_total,vfe_estado,vfe_entregado,usu_nusuario) VALUES (7978,@@@2013.08.11@@@,640,1,0,@@@b_SAEZ@@@)','',2,'2013-08-11'),(51688,'INSERT INTO gne_vale_ferreteria_mov (vfe_id,pro_codigo_plu,vfm_cantidad,vfm_unitario,vfm_total,vfm_entregado) VALUES (7978,780220197,1,280,280,@@@NO@@@)','',2,'2013-08-11'),(51689,'INSERT INTO gne_vale_ferreteria_mov (vfe_id,pro_codigo_plu,vfm_cantidad,vfm_unitario,vfm_total,vfm_entregado) VALUES (7978,78016986,1,170,170,@@@NO@@@)','',2,'2013-08-11'),(51690,'INSERT INTO gne_vale_ferreteria_mov (vfe_id,pro_codigo_plu,vfm_cantidad,vfm_unitario,vfm_total,vfm_entregado) VALUES (7978,78016987,1,190,190,@@@NO@@@)','',2,'2013-08-11'),(51691,'INSERT INTO gne_vale_ferreteria (vfe_id,vfe_fecha,vfe_total,vfe_estado,vfe_entregado,usu_nusuario) VALUES (7979,@@@2013.08.11@@@,1990,1,0,@@@b_SAEZ@@@)','',2,'2013-08-11'),(51692,'INSERT INTO gne_vale_ferreteria_mov (vfe_id,pro_codigo_plu,vfm_cantidad,vfm_unitario,vfm_total,vfm_entregado) VALUES (7979,780721579,1,1990,1990,@@@NO@@@)','',2,'2013-08-11'),(51693,'INSERT INTO gne_vale_ferreteria (vfe_id,vfe_fecha,vfe_total,vfe_estado,vfe_entregado,usu_nusuario) VALUES (7980,@@@2013.08.11@@@,200,1,0,@@@b_SAEZ@@@)','',2,'2013-08-11'),(51694,'INSERT INTO gne_vale_ferreteria_mov (vfe_id,pro_codigo_plu,vfm_cantidad,vfm_unitario,vfm_total,vfm_entregado) VALUES (7980,764572,2,100,200,@@@NO@@@)','',2,'2013-08-11'),(51695,'INSERT INTO gne_vale_ferreteria (vfe_id,vfe_fecha,vfe_total,vfe_estado,vfe_entregado,usu_nusuario) VALUES (7981,@@@2013.08.11@@@,750,1,0,@@@b_SAEZ@@@)','',2,'2013-08-11'),(51696,'INSERT INTO gne_vale_ferreteria_mov (vfe_id,pro_codigo_plu,vfm_cantidad,vfm_unitario,vfm_total,vfm_entregado) VALUES (7981,764833,20,10,200,@@@NO@@@)','',2,'2013-08-11'),(51697,'INSERT INTO gne_vale_ferreteria_mov (vfe_id,pro_codigo_plu,vfm_cantidad,vfm_unitario,vfm_total,vfm_entregado) VALUES (7981,763582,1,550,550,@@@NO@@@)','',2,'2013-08-11'),(51698,'INSERT INTO gne_vale_ferreteria (vfe_id,vfe_fecha,vfe_total,vfe_estado,vfe_entregado,usu_nusuario) VALUES (7982,@@@2013.08.11@@@,14170,1,0,@@@b_SAEZ@@@)','',2,'2013-08-11'),(51699,'INSERT INTO gne_vale_ferreteria_mov (vfe_id,pro_codigo_plu,vfm_cantidad,vfm_unitario,vfm_total,vfm_entregado) VALUES (7982,764973,1,4990,4990,@@@NO@@@)','',2,'2013-08-11'),(51700,'INSERT INTO gne_vale_ferreteria_mov (vfe_id,pro_codigo_plu,vfm_cantidad,vfm_unitario,vfm_total,vfm_entregado) VALUES (7982,1,2,4590,9180,@@@NO@@@)','',2,'2013-08-11'),(51701,'INSERT INTO gne_vale_ferreteria (vfe_id,vfe_fecha,vfe_total,vfe_estado,vfe_entregado,usu_nusuario) VALUES (7983,@@@2013.08.11@@@,4990,1,0,@@@b_SAEZ@@@)','',2,'2013-08-11'),(51702,'INSERT INTO gne_vale_ferreteria_mov (vfe_id,pro_codigo_plu,vfm_cantidad,vfm_unitario,vfm_total,vfm_entregado) VALUES (7983,764973,1,4990,4990,@@@NO@@@)','',2,'2013-08-11'),(51703,'INSERT INTO gne_vale_ferreteria (vfe_id,vfe_fecha,vfe_total,vfe_estado,vfe_entregado,usu_nusuario) VALUES (7984,@@@2013.08.11@@@,14960,1,0,@@@b_SAEZ@@@)','',2,'2013-08-11'),(51704,'INSERT INTO gne_vale_ferreteria_mov (vfe_id,pro_codigo_plu,vfm_cantidad,vfm_unitario,vfm_total,vfm_entregado) VALUES (7984,780721317,2,2490,4980,@@@NO@@@)','',2,'2013-08-11'),(51705,'INSERT INTO gne_vale_ferreteria_mov (vfe_id,pro_codigo_plu,vfm_cantidad,vfm_unitario,vfm_total,vfm_entregado) VALUES (7984,764973,2,4990,9980,@@@NO@@@)','',2,'2013-08-11'),(51706,'INSERT INTO gne_vale_ferreteria (vfe_id,vfe_fecha,vfe_total,vfe_estado,vfe_entregado,usu_nusuario) VALUES (7985,@@@2013.08.11@@@,1340,1,0,@@@b_SAEZ@@@)','',2,'2013-08-11'),(51707,'INSERT INTO gne_vale_ferreteria_mov (vfe_id,pro_codigo_plu,vfm_cantidad,vfm_unitario,vfm_total,vfm_entregado) VALUES (7985,4064,4,140,560,@@@NO@@@)','',2,'2013-08-11'),(51708,'INSERT INTO gne_vale_ferreteria_mov (vfe_id,pro_codigo_plu,vfm_cantidad,vfm_unitario,vfm_total,vfm_entregado) VALUES (7985,78016971,2,390,780,@@@NO@@@)','',2,'2013-08-11'),(51709,'INSERT INTO gne_vale_ferreteria (vfe_id,vfe_fecha,vfe_total,vfe_estado,vfe_entregado,usu_nusuario) VALUES (7986,@@@2013.08.11@@@,3630,1,0,@@@b_SAEZ@@@)','',2,'2013-08-11'),(51710,'INSERT INTO gne_vale_ferreteria_mov (vfe_id,pro_codigo_plu,vfm_cantidad,vfm_unitario,vfm_total,vfm_entregado) VALUES (7986,78016969,2,390,780,@@@NO@@@)','',2,'2013-08-11'),(51711,'INSERT INTO gne_vale_ferreteria_mov (vfe_id,pro_codigo_plu,vfm_cantidad,vfm_unitario,vfm_total,vfm_entregado) VALUES (7986,764257,4,140,560,@@@NO@@@)','',2,'2013-08-11'),(51712,'INSERT INTO gne_vale_ferreteria_mov (vfe_id,pro_codigo_plu,vfm_cantidad,vfm_unitario,vfm_total,vfm_entregado) VALUES (7986,780721097,1,2290,2290,@@@NO@@@)','',2,'2013-08-11'),(51713,'INSERT INTO gne_vale_ferreteria (vfe_id,vfe_fecha,vfe_total,vfe_estado,vfe_entregado,usu_nusuario) VALUES (7987,@@@2013.08.11@@@,150,1,0,@@@b_SAEZ@@@)','',2,'2013-08-11'),(51714,'INSERT INTO gne_vale_ferreteria_mov (vfe_id,pro_codigo_plu,vfm_cantidad,vfm_unitario,vfm_total,vfm_entregado) VALUES (7987,763790,5,30,150,@@@NO@@@)','',2,'2013-08-11'),(51715,'INSERT INTO gne_vale_ferreteria (vfe_id,vfe_fecha,vfe_total,vfe_estado,vfe_entregado,usu_nusuario) VALUES (7988,@@@2013.08.11@@@,400,1,0,@@@b_SAEZ@@@)','',2,'2013-08-11'),(51716,'INSERT INTO gne_vale_ferreteria_mov (vfe_id,pro_codigo_plu,vfm_cantidad,vfm_unitario,vfm_total,vfm_entregado) VALUES (7988,763790,6,30,180,@@@NO@@@)','',2,'2013-08-11'),(51717,'INSERT INTO gne_vale_ferreteria_mov (vfe_id,pro_codigo_plu,vfm_cantidad,vfm_unitario,vfm_total,vfm_entregado) VALUES (7988,764768,1,220,220,@@@NO@@@)','',2,'2013-08-11'),(51718,'INSERT INTO gne_vale_ferreteria (vfe_id,vfe_fecha,vfe_total,vfe_estado,vfe_entregado,usu_nusuario) VALUES (7989,@@@2013.08.11@@@,1690,1,0,@@@b_SAEZ@@@)','',2,'2013-08-11'),(51719,'INSERT INTO gne_vale_ferreteria_mov (vfe_id,pro_codigo_plu,vfm_cantidad,vfm_unitario,vfm_total,vfm_entregado) VALUES (7989,764833,10,10,100,@@@NO@@@)','',2,'2013-08-11'),(51720,'INSERT INTO gne_vale_ferreteria_mov (vfe_id,pro_codigo_plu,vfm_cantidad,vfm_unitario,vfm_total,vfm_entregado) VALUES (7989,78016966,5,20,100,@@@NO@@@)','',2,'2013-08-11'),(51721,'INSERT INTO gne_vale_ferreteria_mov (vfe_id,pro_codigo_plu,vfm_cantidad,vfm_unitario,vfm_total,vfm_entregado) VALUES (7989,780721584,1,1490,1490,@@@NO@@@)','',2,'2013-08-11'),(51722,'INSERT INTO gne_vale_ferreteria (vfe_id,vfe_fecha,vfe_total,vfe_estado,vfe_entregado,usu_nusuario) VALUES (7990,@@@2013.08.11@@@,1990,1,0,@@@b_SAEZ@@@)','',2,'2013-08-11'),(51723,'INSERT INTO gne_vale_ferreteria_mov (vfe_id,pro_codigo_plu,vfm_cantidad,vfm_unitario,vfm_total,vfm_entregado) VALUES (7990,20976,1,1990,1990,@@@NO@@@)','',2,'2013-08-11'),(51724,'INSERT INTO gne_vale_ferreteria (vfe_id,vfe_fecha,vfe_total,vfe_estado,vfe_entregado,usu_nusuario) VALUES (7991,@@@2013.08.11@@@,990,1,0,@@@b_SAEZ@@@)','',2,'2013-08-11'),(51725,'INSERT INTO gne_vale_ferreteria_mov (vfe_id,pro_codigo_plu,vfm_cantidad,vfm_unitario,vfm_total,vfm_entregado) VALUES (7991,780721442,1,990,990,@@@NO@@@)','',2,'2013-08-11'),(51726,'INSERT INTO gne_vale_ferreteria (vfe_id,vfe_fecha,vfe_total,vfe_estado,vfe_entregado,usu_nusuario) VALUES (7992,@@@2013.08.11@@@,3180,1,0,@@@b_SAEZ@@@)','',2,'2013-08-11'),(51727,'INSERT INTO gne_vale_ferreteria_mov (vfe_id,pro_codigo_plu,vfm_cantidad,vfm_unitario,vfm_total,vfm_entregado) VALUES (7992,20476,1,1690,1690,@@@NO@@@)','',2,'2013-08-11'),(51728,'INSERT INTO gne_vale_ferreteria_mov (vfe_id,pro_codigo_plu,vfm_cantidad,vfm_unitario,vfm_total,vfm_entregado) VALUES (7992,779564601,1,1490,1490,@@@NO@@@)','',2,'2013-08-11'),(51729,'INSERT INTO gne_vale_ferreteria (vfe_id,vfe_fecha,vfe_total,vfe_estado,vfe_entregado,usu_nusuario) VALUES (7993,@@@2013.08.11@@@,260,1,0,@@@b_SAEZ@@@)','',2,'2013-08-11'),(51730,'INSERT INTO gne_vale_ferreteria_mov (vfe_id,pro_codigo_plu,vfm_cantidad,vfm_unitario,vfm_total,vfm_entregado) VALUES (7993,102455,2,130,260,@@@NO@@@)','',2,'2013-08-11'),(51731,'INSERT INTO gne_vale_ferreteria (vfe_id,vfe_fecha,vfe_total,vfe_estado,vfe_entregado,usu_nusuario) VALUES (7994,@@@2013.08.11@@@,1890,1,0,@@@b_SAEZ@@@)','',2,'2013-08-11'),(51732,'INSERT INTO gne_vale_ferreteria_mov (vfe_id,pro_codigo_plu,vfm_cantidad,vfm_unitario,vfm_total,vfm_entregado) VALUES (7994,780721334,1,1890,1890,@@@NO@@@)','',2,'2013-08-11'),(51733,'INSERT INTO gne_vale_ferreteria (vfe_id,vfe_fecha,vfe_total,vfe_estado,vfe_entregado,usu_nusuario) VALUES (7995,@@@2013.08.11@@@,290,1,0,@@@b_SAEZ@@@)','',2,'2013-08-11'),(51734,'INSERT INTO gne_vale_ferreteria_mov (vfe_id,pro_codigo_plu,vfm_cantidad,vfm_unitario,vfm_total,vfm_entregado) VALUES (7995,761330,1,290,290,@@@NO@@@)','',2,'2013-08-11'),(51735,'INSERT INTO gne_vale_ferreteria (vfe_id,vfe_fecha,vfe_total,vfe_estado,vfe_entregado,usu_nusuario) VALUES (7996,@@@2013.08.11@@@,390,1,0,@@@b_SAEZ@@@)','',2,'2013-08-11'),(51736,'INSERT INTO gne_vale_ferreteria_mov (vfe_id,pro_codigo_plu,vfm_cantidad,vfm_unitario,vfm_total,vfm_entregado) VALUES (7996,4092,2,50,100,@@@NO@@@)','',2,'2013-08-11'),(51737,'INSERT INTO gne_vale_ferreteria_mov (vfe_id,pro_codigo_plu,vfm_cantidad,vfm_unitario,vfm_total,vfm_entregado) VALUES (7996,1536,1,290,290,@@@NO@@@)','',2,'2013-08-11'),(51738,'INSERT INTO gne_vale_ferreteria (vfe_id,vfe_fecha,vfe_total,vfe_estado,vfe_entregado,usu_nusuario) VALUES (7997,@@@2013.08.11@@@,200,1,0,@@@b_SAEZ@@@)','',2,'2013-08-11'),(51739,'INSERT INTO gne_vale_ferreteria_mov (vfe_id,pro_codigo_plu,vfm_cantidad,vfm_unitario,vfm_total,vfm_entregado) VALUES (7997,78017238,1,200,200,@@@NO@@@)','',2,'2013-08-11'),(51740,'INSERT INTO gne_vale_ferreteria (vfe_id,vfe_fecha,vfe_total,vfe_estado,vfe_entregado,usu_nusuario) VALUES (7998,@@@2013.08.11@@@,590,1,0,@@@b_SAEZ@@@)','',2,'2013-08-11'),(51741,'INSERT INTO gne_vale_ferreteria_mov (vfe_id,pro_codigo_plu,vfm_cantidad,vfm_unitario,vfm_total,vfm_entregado) VALUES (7998,15662,1,590,590,@@@NO@@@)','',2,'2013-08-11'),(51742,'INSERT INTO gne_vale_ferreteria (vfe_id,vfe_fecha,vfe_total,vfe_estado,vfe_entregado,usu_nusuario) VALUES (7999,@@@2013.08.11@@@,2888,1,0,@@@b_SAEZ@@@)','',2,'2013-08-11'),(51743,'INSERT INTO gne_vale_ferreteria_mov (vfe_id,pro_codigo_plu,vfm_cantidad,vfm_unitario,vfm_total,vfm_entregado) VALUES (7999,763622,2,1399,2798,@@@NO@@@)','',2,'2013-08-11'),(51744,'INSERT INTO gne_vale_ferreteria_mov (vfe_id,pro_codigo_plu,vfm_cantidad,vfm_unitario,vfm_total,vfm_entregado) VALUES (7999,763596,1,90,90,@@@NO@@@)','',2,'2013-08-11'),(51745,'INSERT INTO gne_vale_ferreteria (vfe_id,vfe_fecha,vfe_total,vfe_estado,vfe_entregado,usu_nusuario) VALUES (8000,@@@2013.08.11@@@,30,1,0,@@@b_SAEZ@@@)','',2,'2013-08-11'),(51746,'INSERT INTO gne_vale_ferreteria_mov (vfe_id,pro_codigo_plu,vfm_cantidad,vfm_unitario,vfm_total,vfm_entregado) VALUES (8000,7502,1,30,30,@@@NO@@@)','',2,'2013-08-11'),(51747,'INSERT INTO gne_vale_ferreteria (vfe_id,vfe_fecha,vfe_total,vfe_estado,vfe_entregado,usu_nusuario) VALUES (8001,@@@2013.08.11@@@,390,1,0,@@@b_SAEZ@@@)','',2,'2013-08-11'),(51748,'INSERT INTO gne_vale_ferreteria_mov (vfe_id,pro_codigo_plu,vfm_cantidad,vfm_unitario,vfm_total,vfm_entregado) VALUES (8001,780721420,1,390,390,@@@NO@@@)','',2,'2013-08-11'),(51749,'INSERT INTO gne_vale_ferreteria (vfe_id,vfe_fecha,vfe_total,vfe_estado,vfe_entregado,usu_nusuario) VALUES (8002,@@@2013.08.11@@@,1490,1,0,@@@b_SAEZ@@@)','',2,'2013-08-11'),(51750,'INSERT INTO gne_vale_ferreteria_mov (vfe_id,pro_codigo_plu,vfm_cantidad,vfm_unitario,vfm_total,vfm_entregado) VALUES (8002,780721584,1,1490,1490,@@@NO@@@)','',2,'2013-08-11'),(51751,'INSERT INTO gne_vale_ferreteria (vfe_id,vfe_fecha,vfe_total,vfe_estado,vfe_entregado,usu_nusuario) VALUES (8003,@@@2013.08.11@@@,120,1,0,@@@b_SAEZ@@@)','',2,'2013-08-11'),(51752,'INSERT INTO gne_vale_ferreteria_mov (vfe_id,pro_codigo_plu,vfm_cantidad,vfm_unitario,vfm_total,vfm_entregado) VALUES (8003,770031,4,30,120,@@@NO@@@)','',2,'2013-08-11'),(51753,'INSERT INTO gne_vale_ferreteria (vfe_id,vfe_fecha,vfe_total,vfe_estado,vfe_entregado,usu_nusuario) VALUES (8004,@@@2013.08.11@@@,120,1,0,@@@b_SAEZ@@@)','',2,'2013-08-11'),(51754,'INSERT INTO gne_vale_ferreteria_mov (vfe_id,pro_codigo_plu,vfm_cantidad,vfm_unitario,vfm_total,vfm_entregado) VALUES (8004,8022,1,120,120,@@@NO@@@)','',2,'2013-08-11'),(51755,'INSERT INTO gne_vale_ferreteria (vfe_id,vfe_fecha,vfe_total,vfe_estado,vfe_entregado,usu_nusuario) VALUES (8005,@@@2013.08.11@@@,1100,1,0,@@@b_SAEZ@@@)','',2,'2013-08-11'),(51756,'INSERT INTO gne_vale_ferreteria_mov (vfe_id,pro_codigo_plu,vfm_cantidad,vfm_unitario,vfm_total,vfm_entregado) VALUES (8005,780721583,1,1100,1100,@@@NO@@@)','',2,'2013-08-11'),(51757,'INSERT INTO gne_vale_ferreteria (vfe_id,vfe_fecha,vfe_total,vfe_estado,vfe_entregado,usu_nusuario) VALUES (8006,@@@2013.08.11@@@,120,1,0,@@@b_SAEZ@@@)','',2,'2013-08-11'),(51758,'INSERT INTO gne_vale_ferreteria_mov (vfe_id,pro_codigo_plu,vfm_cantidad,vfm_unitario,vfm_total,vfm_entregado) VALUES (8006,8022,1,120,120,@@@NO@@@)','',2,'2013-08-11'),(51759,'INSERT INTO gne_vale_ferreteria (vfe_id,vfe_fecha,vfe_total,vfe_estado,vfe_entregado,usu_nusuario) VALUES (8007,@@@2013.08.11@@@,6680,1,0,@@@b_SAEZ@@@)','',2,'2013-08-11'),(51760,'INSERT INTO gne_vale_ferreteria_mov (vfe_id,pro_codigo_plu,vfm_cantidad,vfm_unitario,vfm_total,vfm_entregado) VALUES (8007,780721450,1,3190,3190,@@@NO@@@)','',2,'2013-08-11'),(51761,'INSERT INTO gne_vale_ferreteria_mov (vfe_id,pro_codigo_plu,vfm_cantidad,vfm_unitario,vfm_total,vfm_entregado) VALUES (8007,21108,1,3490,3490,@@@NO@@@)','',2,'2013-08-11'),(51762,'INSERT INTO gne_vale_ferreteria (vfe_id,vfe_fecha,vfe_total,vfe_estado,vfe_entregado,usu_nusuario) VALUES (8008,@@@2013.08.11@@@,90,1,0,@@@b_SAEZ@@@)','',2,'2013-08-11'),(51763,'INSERT INTO gne_vale_ferreteria_mov (vfe_id,pro_codigo_plu,vfm_cantidad,vfm_unitario,vfm_total,vfm_entregado) VALUES (8008,770038,1,90,90,@@@NO@@@)','',2,'2013-08-11'),(51764,'INSERT INTO gne_vale_ferreteria (vfe_id,vfe_fecha,vfe_total,vfe_estado,vfe_entregado,usu_nusuario) VALUES (8009,@@@2013.08.11@@@,1100,1,0,@@@b_SAEZ@@@)','',2,'2013-08-11'),(51765,'INSERT INTO gne_vale_ferreteria_mov (vfe_id,pro_codigo_plu,vfm_cantidad,vfm_unitario,vfm_total,vfm_entregado) VALUES (8009,15491,1,1100,1100,@@@NO@@@)','',2,'2013-08-11'),(51766,'INSERT INTO gne_vale_ferreteria (vfe_id,vfe_fecha,vfe_total,vfe_estado,vfe_entregado,usu_nusuario) VALUES (8010,@@@2013.08.11@@@,120,1,0,@@@b_SAEZ@@@)','',2,'2013-08-11'),(51767,'INSERT INTO gne_vale_ferreteria_mov (vfe_id,pro_codigo_plu,vfm_cantidad,vfm_unitario,vfm_total,vfm_entregado) VALUES (8010,78017236,4,30,120,@@@NO@@@)','',2,'2013-08-11'),(51768,'INSERT INTO gne_vale_ferreteria (vfe_id,vfe_fecha,vfe_total,vfe_estado,vfe_entregado,usu_nusuario) VALUES (8011,@@@2013.08.11@@@,50,1,0,@@@b_SAEZ@@@)','',2,'2013-08-11'),(51769,'INSERT INTO gne_vale_ferreteria_mov (vfe_id,pro_codigo_plu,vfm_cantidad,vfm_unitario,vfm_total,vfm_entregado) VALUES (8011,770000,1,50,50,@@@NO@@@)','',2,'2013-08-11'),(51770,'INSERT INTO gne_vale_ferreteria (vfe_id,vfe_fecha,vfe_total,vfe_estado,vfe_entregado,usu_nusuario) VALUES (8012,@@@2013.08.11@@@,910,1,0,@@@b_SAEZ@@@)','',2,'2013-08-11'),(51771,'INSERT INTO gne_vale_ferreteria_mov (vfe_id,pro_codigo_plu,vfm_cantidad,vfm_unitario,vfm_total,vfm_entregado) VALUES (8012,764507,1,330,330,@@@NO@@@)','',2,'2013-08-11'),(51772,'INSERT INTO gne_vale_ferreteria_mov (vfe_id,pro_codigo_plu,vfm_cantidad,vfm_unitario,vfm_total,vfm_entregado) VALUES (8012,780220102,1,250,250,@@@NO@@@)','',2,'2013-08-11'),(51773,'INSERT INTO gne_vale_ferreteria_mov (vfe_id,pro_codigo_plu,vfm_cantidad,vfm_unitario,vfm_total,vfm_entregado) VALUES (8012,763588,1,330,330,@@@NO@@@)','',2,'2013-08-11'),(51774,'INSERT INTO gne_vale_ferreteria (vfe_id,vfe_fecha,vfe_total,vfe_estado,vfe_entregado,usu_nusuario) VALUES (8013,@@@2013.08.12@@@,260,1,0,@@@m_martinez@@@)','',2,'2013-08-12'),(51775,'INSERT INTO gne_vale_ferreteria_mov (vfe_id,pro_codigo_plu,vfm_cantidad,vfm_unitario,vfm_total,vfm_entregado) VALUES (8013,764364,1,140,140,@@@NO@@@)','',2,'2013-08-12'),(51776,'INSERT INTO gne_vale_ferreteria_mov (vfe_id,pro_codigo_plu,vfm_cantidad,vfm_unitario,vfm_total,vfm_entregado) VALUES (8013,78017204,1,120,120,@@@NO@@@)','',2,'2013-08-12'),(51777,'INSERT INTO gne_vale_ferreteria (vfe_id,vfe_fecha,vfe_total,vfe_estado,vfe_entregado,usu_nusuario) VALUES (8014,@@@2013.08.12@@@,490,1,0,@@@m_martinez@@@)','',2,'2013-08-12'),(51778,'INSERT INTO gne_vale_ferreteria_mov (vfe_id,pro_codigo_plu,vfm_cantidad,vfm_unitario,vfm_total,vfm_entregado) VALUES (8014,78017126,1,490,490,@@@NO@@@)','',2,'2013-08-12'),(51779,'INSERT INTO gne_vale_ferreteria (vfe_id,vfe_fecha,vfe_total,vfe_estado,vfe_entregado,usu_nusuario) VALUES (8015,@@@2013.08.12@@@,495,1,0,@@@m_martinez@@@)','',2,'2013-08-12'),(51780,'INSERT INTO gne_vale_ferreteria_mov (vfe_id,pro_codigo_plu,vfm_cantidad,vfm_unitario,vfm_total,vfm_entregado) VALUES (8015,21117,1,495,495,@@@NO@@@)','',2,'2013-08-12'),(51781,'INSERT INTO gne_vale_ferreteria (vfe_id,vfe_fecha,vfe_total,vfe_estado,vfe_entregado,usu_nusuario) VALUES (8016,@@@2013.08.12@@@,30,1,0,@@@m_martinez@@@)','',2,'2013-08-12'),(51782,'INSERT INTO gne_vale_ferreteria_mov (vfe_id,pro_codigo_plu,vfm_cantidad,vfm_unitario,vfm_total,vfm_entregado) VALUES (8016,764770,1,30,30,@@@NO@@@)','',2,'2013-08-12'),(51783,'INSERT INTO gne_vale_ferreteria (vfe_id,vfe_fecha,vfe_total,vfe_estado,vfe_entregado,usu_nusuario) VALUES (8017,@@@2013.08.12@@@,390,1,0,@@@m_martinez@@@)','',2,'2013-08-12'),(51784,'INSERT INTO gne_vale_ferreteria_mov (vfe_id,pro_codigo_plu,vfm_cantidad,vfm_unitario,vfm_total,vfm_entregado) VALUES (8017,101102,1,390,390,@@@NO@@@)','',2,'2013-08-12'),(51785,'INSERT INTO gne_vale_ferreteria (vfe_id,vfe_fecha,vfe_total,vfe_estado,vfe_entregado,usu_nusuario) VALUES (8018,@@@2013.08.12@@@,1480,1,0,@@@m_martinez@@@)','',2,'2013-08-12'),(51786,'INSERT INTO gne_vale_ferreteria_mov (vfe_id,pro_codigo_plu,vfm_cantidad,vfm_unitario,vfm_total,vfm_entregado) VALUES (8018,764043,1,990,990,@@@NO@@@)','',2,'2013-08-12'),(51787,'INSERT INTO gne_vale_ferreteria_mov (vfe_id,pro_codigo_plu,vfm_cantidad,vfm_unitario,vfm_total,vfm_entregado) VALUES (8018,1538,1,490,490,@@@NO@@@)','',2,'2013-08-12'),(51788,'INSERT INTO gne_vale_ferreteria (vfe_id,vfe_fecha,vfe_total,vfe_estado,vfe_entregado,usu_nusuario) VALUES (8019,@@@2013.08.12@@@,490,1,0,@@@m_martinez@@@)','',2,'2013-08-12'),(51789,'INSERT INTO gne_vale_ferreteria_mov (vfe_id,pro_codigo_plu,vfm_cantidad,vfm_unitario,vfm_total,vfm_entregado) VALUES (8019,2006,1,490,490,@@@NO@@@)','',2,'2013-08-12'),(51790,'INSERT INTO gne_vale_ferreteria (vfe_id,vfe_fecha,vfe_total,vfe_estado,vfe_entregado,usu_nusuario) VALUES (8020,@@@2013.08.12@@@,860,1,0,@@@m_martinez@@@)','',2,'2013-08-12'),(51791,'INSERT INTO gne_vale_ferreteria_mov (vfe_id,pro_codigo_plu,vfm_cantidad,vfm_unitario,vfm_total,vfm_entregado) VALUES (8020,780721220,1,300,300,@@@NO@@@)','',2,'2013-08-12'),(51792,'INSERT INTO gne_vale_ferreteria_mov (vfe_id,pro_codigo_plu,vfm_cantidad,vfm_unitario,vfm_total,vfm_entregado) VALUES (8020,780721221,1,300,300,@@@NO@@@)','',2,'2013-08-12'),(51793,'INSERT INTO gne_vale_ferreteria_mov (vfe_id,pro_codigo_plu,vfm_cantidad,vfm_unitario,vfm_total,vfm_entregado) VALUES (8020,15967,2,130,260,@@@NO@@@)','',2,'2013-08-12'),(51794,'UPDATE mae_productos SET pro_margen_actual=0,pro_precio_venta=790 WHERE pro_codigo_plu=112','',2,'2013-08-12'),(51795,'UPDATE mae_productos SET pro_margen_actual=0,pro_precio_venta=1290 WHERE pro_codigo_plu=202','',2,'2013-08-12'),(51796,'UPDATE mae_productos SET pro_margen_actual=0,pro_precio_venta=5100 WHERE pro_codigo_plu=78016968','',2,'2013-08-12'),(51797,'UPDATE mae_productos SET pro_margen_actual=82.32,pro_precio_venta=990 WHERE pro_codigo_plu=579','',2,'2013-08-12'),(51798,'UPDATE mae_productos SET pro_margen_actual=85.74,pro_precio_venta=990 WHERE pro_codigo_plu=580','',2,'2013-08-12'),(51799,'UPDATE mae_productos SET pro_margen_actual=80.65,pro_precio_venta=280 WHERE pro_codigo_plu=533','',2,'2013-08-12'),(51800,'UPDATE mae_productos SET pro_margen_actual=80.65,pro_precio_venta=280 WHERE pro_codigo_plu=534','',2,'2013-08-12'),(51801,'UPDATE mae_productos SET pro_precio_fiscal=pro_precio_venta WHERE pro_codigo_plu=533','',2,'2013-08-12'),(51802,'UPDATE mae_productos SET pro_precio_fiscal=pro_precio_venta WHERE pro_codigo_plu=534','',2,'2013-08-12'),(51803,'UPDATE mae_productos SET pro_precio_fiscal=pro_precio_venta WHERE pro_codigo_plu=579','',2,'2013-08-12'),(51804,'UPDATE mae_productos SET pro_precio_fiscal=pro_precio_venta WHERE pro_codigo_plu=580','',2,'2013-08-12'),(51805,'INSERT INTO gne_vale_ferreteria (vfe_id,vfe_fecha,vfe_total,vfe_estado,vfe_entregado,usu_nusuario) VALUES (8021,@@@2013.08.12@@@,820,1,0,@@@m_martinez@@@)','',2,'2013-08-12'),(51806,'INSERT INTO gne_vale_ferreteria_mov (vfe_id,pro_codigo_plu,vfm_cantidad,vfm_unitario,vfm_total,vfm_entregado) VALUES (8021,764507,1,330,330,@@@NO@@@)','',2,'2013-08-12'),(51807,'INSERT INTO gne_vale_ferreteria_mov (vfe_id,pro_codigo_plu,vfm_cantidad,vfm_unitario,vfm_total,vfm_entregado) VALUES (8021,78017152,1,490,490,@@@NO@@@)','',2,'2013-08-12'),(51808,'INSERT INTO gne_vale_ferreteria (vfe_id,vfe_fecha,vfe_total,vfe_estado,vfe_entregado,usu_nusuario) VALUES (8022,@@@2013.08.12@@@,1790,1,0,@@@m_martinez@@@)','',2,'2013-08-12'),(51809,'INSERT INTO gne_vale_ferreteria_mov (vfe_id,pro_codigo_plu,vfm_cantidad,vfm_unitario,vfm_total,vfm_entregado) VALUES (8022,763741,1,1790,1790,@@@NO@@@)','',2,'2013-08-12'),(51810,'INSERT INTO gne_vale_ferreteria (vfe_id,vfe_fecha,vfe_total,vfe_estado,vfe_entregado,usu_nusuario) VALUES (8023,@@@2013.08.12@@@,1100,1,0,@@@m_martinez@@@)','',2,'2013-08-12'),(51811,'INSERT INTO gne_vale_ferreteria_mov (vfe_id,pro_codigo_plu,vfm_cantidad,vfm_unitario,vfm_total,vfm_entregado) VALUES (8023,780721583,1,1100,1100,@@@NO@@@)','',2,'2013-08-12'),(51812,'INSERT INTO gne_vale_ferreteria (vfe_id,vfe_fecha,vfe_total,vfe_estado,vfe_entregado,usu_nusuario) VALUES (8024,@@@2013.08.12@@@,1890,1,0,@@@m_martinez@@@)','',2,'2013-08-12'),(51813,'INSERT INTO gne_vale_ferreteria_mov (vfe_id,pro_codigo_plu,vfm_cantidad,vfm_unitario,vfm_total,vfm_entregado) VALUES (8024,780721301,1,1890,1890,@@@NO@@@)','',2,'2013-08-12'),(51814,'INSERT INTO gne_vale_ferreteria (vfe_id,vfe_fecha,vfe_total,vfe_estado,vfe_entregado,usu_nusuario) VALUES (8025,@@@2013.08.12@@@,250,1,0,@@@m_martinez@@@)','',2,'2013-08-12'),(51815,'INSERT INTO gne_vale_ferreteria_mov (vfe_id,pro_codigo_plu,vfm_cantidad,vfm_unitario,vfm_total,vfm_entregado) VALUES (8025,764583,1,250,250,@@@NO@@@)','',2,'2013-08-12'),(51816,'INSERT INTO gne_vale_ferreteria (vfe_id,vfe_fecha,vfe_total,vfe_estado,vfe_entregado,usu_nusuario) VALUES (8026,@@@2013.08.12@@@,300,1,0,@@@m_martinez@@@)','',2,'2013-08-12'),(51817,'INSERT INTO gne_vale_ferreteria_mov (vfe_id,pro_codigo_plu,vfm_cantidad,vfm_unitario,vfm_total,vfm_entregado) VALUES (8026,14979,1,300,300,@@@NO@@@)','',2,'2013-08-12'),(51818,'INSERT INTO gne_vale_ferreteria (vfe_id,vfe_fecha,vfe_total,vfe_estado,vfe_entregado,usu_nusuario) VALUES (8027,@@@2013.08.12@@@,390,1,0,@@@m_martinez@@@)','',2,'2013-08-12'),(51819,'INSERT INTO gne_vale_ferreteria_mov (vfe_id,pro_codigo_plu,vfm_cantidad,vfm_unitario,vfm_total,vfm_entregado) VALUES (8027,4090,1,390,390,@@@NO@@@)','',2,'2013-08-12'),(51820,'INSERT INTO gne_vale_ferreteria (vfe_id,vfe_fecha,vfe_total,vfe_estado,vfe_entregado,usu_nusuario) VALUES (8028,@@@2013.08.12@@@,490,1,0,@@@m_martinez@@@)','',2,'2013-08-12'),(51821,'INSERT INTO gne_vale_ferreteria_mov (vfe_id,pro_codigo_plu,vfm_cantidad,vfm_unitario,vfm_total,vfm_entregado) VALUES (8028,780721546,1,490,490,@@@NO@@@)','',2,'2013-08-12'),(51822,'INSERT INTO gne_vale_ferreteria (vfe_id,vfe_fecha,vfe_total,vfe_estado,vfe_entregado,usu_nusuario) VALUES (8029,@@@2013.08.12@@@,720,1,0,@@@m_martinez@@@)','',2,'2013-08-12'),(51823,'INSERT INTO gne_vale_ferreteria_mov (vfe_id,pro_codigo_plu,vfm_cantidad,vfm_unitario,vfm_total,vfm_entregado) VALUES (8029,10720,1,720,720,@@@NO@@@)','',2,'2013-08-12'),(51824,'INSERT INTO gne_vale_ferreteria (vfe_id,vfe_fecha,vfe_total,vfe_estado,vfe_entregado,usu_nusuario) VALUES (8030,@@@2013.08.12@@@,620,1,0,@@@m_martinez@@@)','',2,'2013-08-12'),(51825,'INSERT INTO gne_vale_ferreteria_mov (vfe_id,pro_codigo_plu,vfm_cantidad,vfm_unitario,vfm_total,vfm_entregado) VALUES (8030,11378,1,620,620,@@@NO@@@)','',2,'2013-08-12'),(51826,'INSERT INTO gne_vale_ferreteria (vfe_id,vfe_fecha,vfe_total,vfe_estado,vfe_entregado,usu_nusuario) VALUES (8031,@@@2013.08.12@@@,240,1,0,@@@m_martinez@@@)','',2,'2013-08-12'),(51827,'INSERT INTO gne_vale_ferreteria_mov (vfe_id,pro_codigo_plu,vfm_cantidad,vfm_unitario,vfm_total,vfm_entregado) VALUES (8031,764160,2,120,240,@@@NO@@@)','',2,'2013-08-12'),(51828,'INSERT INTO gne_vale_ferreteria (vfe_id,vfe_fecha,vfe_total,vfe_estado,vfe_entregado,usu_nusuario) VALUES (8032,@@@2013.08.12@@@,690,1,0,@@@m_martinez@@@)','',2,'2013-08-12'),(51829,'INSERT INTO gne_vale_ferreteria_mov (vfe_id,pro_codigo_plu,vfm_cantidad,vfm_unitario,vfm_total,vfm_entregado) VALUES (8032,78017154,1,120,120,@@@NO@@@)','',2,'2013-08-12'),(51830,'INSERT INTO gne_vale_ferreteria_mov (vfe_id,pro_codigo_plu,vfm_cantidad,vfm_unitario,vfm_total,vfm_entregado) VALUES (8032,9900006,1,150,150,@@@NO@@@)','',2,'2013-08-12'),(51831,'INSERT INTO gne_vale_ferreteria_mov (vfe_id,pro_codigo_plu,vfm_cantidad,vfm_unitario,vfm_total,vfm_entregado) VALUES (8032,764269,1,420,420,@@@NO@@@)','',2,'2013-08-12'),(51832,'INSERT INTO gne_vale_ferreteria (vfe_id,vfe_fecha,vfe_total,vfe_estado,vfe_entregado,usu_nusuario) VALUES (8033,@@@2013.08.12@@@,1890,1,0,@@@m_martinez@@@)','',2,'2013-08-12'),(51833,'INSERT INTO gne_vale_ferreteria_mov (vfe_id,pro_codigo_plu,vfm_cantidad,vfm_unitario,vfm_total,vfm_entregado) VALUES (8033,770082,1,1890,1890,@@@NO@@@)','',2,'2013-08-12'),(51834,'INSERT INTO gne_vale_ferreteria (vfe_id,vfe_fecha,vfe_total,vfe_estado,vfe_entregado,usu_nusuario) VALUES (8034,@@@2013.08.12@@@,500,1,0,@@@m_martinez@@@)','',2,'2013-08-12'),(51835,'INSERT INTO gne_vale_ferreteria_mov (vfe_id,pro_codigo_plu,vfm_cantidad,vfm_unitario,vfm_total,vfm_entregado) VALUES (8034,763841,1,500,500,@@@NO@@@)','',2,'2013-08-12'),(51836,'INSERT INTO gne_vale_ferreteria (vfe_id,vfe_fecha,vfe_total,vfe_estado,vfe_entregado,usu_nusuario) VALUES (8035,@@@2013.08.12@@@,120,1,0,@@@m_martinez@@@)','',2,'2013-08-12'),(51837,'INSERT INTO gne_vale_ferreteria_mov (vfe_id,pro_codigo_plu,vfm_cantidad,vfm_unitario,vfm_total,vfm_entregado) VALUES (8035,78017059,1,120,120,@@@NO@@@)','',2,'2013-08-12'),(51838,'UPDATE mae_productos SET pro_codigo_barra=@@@4078@@@,pro_tipo=@@@0@@@,pro_nombre_producto=@@@CINTA NORMAL 1METRO@@@,pro_nombre_corto=@@@CINTA NORMAL 1ME@@@,med_id=@@@4@@@,emb_id=@@@3@@@,pro_unidades_embalaje=@@@0@@@,dep_id=@@@36 @@@,lin_id=@@@203@@@,mar_id=@@@2507@@@,pro_precio_compra_neto=@@@0@@@,pro_precio_compra_bruto=@@@0@@@,pro_precio_venta=@@@100@@@,pro_margen_actual=@@@0@@@,pro_oferta=@@@NO@@@,pro_fecha_inicio_oferta=@@@2013.05.06@@@,pro_fecha_termino_oferta=@@@2013.05.06@@@,pro_precio_oferta=@@@0@@@,pro_stock_minimo=@@@0@@@,pro_stock_critico=@@@0@@@,pro_activo=@@@1@@@,pro_unidad=@@@0@@@,pro_precio_compra_bruto=0,pro_margen_actual=0,pro_capacidad=1,pro_funcion_plu=0,pro_flejes=1,pro_iva=1,pro_plu_asociado=0,pro_envase=@@@NO@@@,pro_duracion=0,pro_numero_etiqueta=0 WHERE pro_codigo_plu=@@@4078@@@','',2,'2013-08-12'),(51839,'UPDATE mae_productos SET pro_estado=1 WHERE pro_codigo_plu=4078','',2,'2013-08-12'),(51840,'DELETE FROM mae_impuestos_productos WHERE pro_codigo_plu=@@@4078@@@','',2,'2013-08-12'),(51841,'INSERT INTO gne_vale_ferreteria (vfe_id,vfe_fecha,vfe_total,vfe_estado,vfe_entregado,usu_nusuario) VALUES (8036,@@@2013.08.12@@@,570,1,0,@@@m_martinez@@@)','',2,'2013-08-12'),(51842,'INSERT INTO gne_vale_ferreteria_mov (vfe_id,pro_codigo_plu,vfm_cantidad,vfm_unitario,vfm_total,vfm_entregado) VALUES (8036,4078,1,100,100,@@@NO@@@)','',2,'2013-08-12'),(51843,'INSERT INTO gne_vale_ferreteria_mov (vfe_id,pro_codigo_plu,vfm_cantidad,vfm_unitario,vfm_total,vfm_entregado) VALUES (8036,764363,1,150,150,@@@NO@@@)','',2,'2013-08-12'),(51844,'INSERT INTO gne_vale_ferreteria_mov (vfe_id,pro_codigo_plu,vfm_cantidad,vfm_unitario,vfm_total,vfm_entregado) VALUES (8036,16421,2,160,320,@@@NO@@@)','',2,'2013-08-12'),(51845,'INSERT INTO gne_vale_ferreteria (vfe_id,vfe_fecha,vfe_total,vfe_estado,vfe_entregado,usu_nusuario) VALUES (8037,@@@2013.08.12@@@,3680,1,0,@@@m_martinez@@@)','',2,'2013-08-12'),(51846,'INSERT INTO gne_vale_ferreteria_mov (vfe_id,pro_codigo_plu,vfm_cantidad,vfm_unitario,vfm_total,vfm_entregado) VALUES (8037,780721136,2,990,1980,@@@NO@@@)','',2,'2013-08-12'),(51847,'INSERT INTO gne_vale_ferreteria_mov (vfe_id,pro_codigo_plu,vfm_cantidad,vfm_unitario,vfm_total,vfm_entregado) VALUES (8037,780721425,2,850,1700,@@@NO@@@)','',2,'2013-08-12'),(51848,'INSERT INTO gne_vale_ferreteria (vfe_id,vfe_fecha,vfe_total,vfe_estado,vfe_entregado,usu_nusuario) VALUES (8038,@@@2013.08.12@@@,560,1,0,@@@m_martinez@@@)','',2,'2013-08-12'),(51849,'INSERT INTO gne_vale_ferreteria_mov (vfe_id,pro_codigo_plu,vfm_cantidad,vfm_unitario,vfm_total,vfm_entregado) VALUES (8038,18799,1,310,310,@@@NO@@@)','',2,'2013-08-12'),(51850,'INSERT INTO gne_vale_ferreteria_mov (vfe_id,pro_codigo_plu,vfm_cantidad,vfm_unitario,vfm_total,vfm_entregado) VALUES (8038,780721186,1,250,250,@@@NO@@@)','',2,'2013-08-12'),(51851,'INSERT INTO gne_vale_ferreteria (vfe_id,vfe_fecha,vfe_total,vfe_estado,vfe_entregado,usu_nusuario) VALUES (8039,@@@2013.08.12@@@,200,1,0,@@@m_martinez@@@)','',2,'2013-08-12'),(51852,'INSERT INTO gne_vale_ferreteria_mov (vfe_id,pro_codigo_plu,vfm_cantidad,vfm_unitario,vfm_total,vfm_entregado) VALUES (8039,7051,2,100,200,@@@NO@@@)','',2,'2013-08-12'),(51853,'INSERT INTO gne_vale_ferreteria (vfe_id,vfe_fecha,vfe_total,vfe_estado,vfe_entregado,usu_nusuario) VALUES (8040,@@@2013.08.12@@@,470,1,0,@@@m_martinez@@@)','',2,'2013-08-12'),(51854,'INSERT INTO gne_vale_ferreteria_mov (vfe_id,pro_codigo_plu,vfm_cantidad,vfm_unitario,vfm_total,vfm_entregado) VALUES (8040,763800,1,470,470,@@@NO@@@)','',2,'2013-08-12'),(51855,'INSERT INTO gne_vale_ferreteria (vfe_id,vfe_fecha,vfe_total,vfe_estado,vfe_entregado,usu_nusuario) VALUES (8041,@@@2013.08.12@@@,890,1,0,@@@m_martinez@@@)','',2,'2013-08-12'),(51856,'INSERT INTO gne_vale_ferreteria_mov (vfe_id,pro_codigo_plu,vfm_cantidad,vfm_unitario,vfm_total,vfm_entregado) VALUES (8041,78017051,1,890,890,@@@NO@@@)','',2,'2013-08-12'),(51857,'INSERT INTO gne_vale_ferreteria (vfe_id,vfe_fecha,vfe_total,vfe_estado,vfe_entregado,usu_nusuario) VALUES (8042,@@@2013.08.12@@@,4090,1,0,@@@m_martinez@@@)','',2,'2013-08-12'),(51858,'INSERT INTO gne_vale_ferreteria_mov (vfe_id,pro_codigo_plu,vfm_cantidad,vfm_unitario,vfm_total,vfm_entregado) VALUES (8042,262018,1,1990,1990,@@@NO@@@)','',2,'2013-08-12'),(51859,'INSERT INTO gne_vale_ferreteria_mov (vfe_id,pro_codigo_plu,vfm_cantidad,vfm_unitario,vfm_total,vfm_entregado) VALUES (8042,18678,1,2100,2100,@@@NO@@@)','',2,'2013-08-12'),(51860,'INSERT INTO gne_vale_ferreteria (vfe_id,vfe_fecha,vfe_total,vfe_estado,vfe_entregado,usu_nusuario) VALUES (8043,@@@2013.08.12@@@,620,1,0,@@@m_martinez@@@)','',2,'2013-08-12'),(51861,'INSERT INTO gne_vale_ferreteria_mov (vfe_id,pro_codigo_plu,vfm_cantidad,vfm_unitario,vfm_total,vfm_entregado) VALUES (8043,11378,1,620,620,@@@NO@@@)','',2,'2013-08-12'),(51862,'INSERT INTO gne_vale_ferreteria (vfe_id,vfe_fecha,vfe_total,vfe_estado,vfe_entregado,usu_nusuario) VALUES (8044,@@@2013.08.12@@@,4070,1,0,@@@m_martinez@@@)','',2,'2013-08-12'),(51863,'INSERT INTO gne_vale_ferreteria_mov (vfe_id,pro_codigo_plu,vfm_cantidad,vfm_unitario,vfm_total,vfm_entregado) VALUES (8044,15431,1,1590,1590,@@@NO@@@)','',2,'2013-08-12'),(51864,'INSERT INTO gne_vale_ferreteria_mov (vfe_id,pro_codigo_plu,vfm_cantidad,vfm_unitario,vfm_total,vfm_entregado) VALUES (8044,15485,1,590,590,@@@NO@@@)','',2,'2013-08-12'),(51865,'INSERT INTO gne_vale_ferreteria_mov (vfe_id,pro_codigo_plu,vfm_cantidad,vfm_unitario,vfm_total,vfm_entregado) VALUES (8044,101626,1,1890,1890,@@@NO@@@)','',2,'2013-08-12'),(51866,'INSERT INTO gne_vale_ferreteria (vfe_id,vfe_fecha,vfe_total,vfe_estado,vfe_entregado,usu_nusuario) VALUES (8045,@@@2013.08.12@@@,3240,1,0,@@@m_martinez@@@)','',2,'2013-08-12'),(51867,'INSERT INTO gne_vale_ferreteria_mov (vfe_id,pro_codigo_plu,vfm_cantidad,vfm_unitario,vfm_total,vfm_entregado) VALUES (8045,763616,1,1990,1990,@@@NO@@@)','',2,'2013-08-12'),(51868,'INSERT INTO gne_vale_ferreteria_mov (vfe_id,pro_codigo_plu,vfm_cantidad,vfm_unitario,vfm_total,vfm_entregado) VALUES (8045,763794,1,850,850,@@@NO@@@)','',2,'2013-08-12'),(51869,'INSERT INTO gne_vale_ferreteria_mov (vfe_id,pro_codigo_plu,vfm_cantidad,vfm_unitario,vfm_total,vfm_entregado) VALUES (8045,1068,1,200,200,@@@NO@@@)','',2,'2013-08-12'),(51870,'INSERT INTO gne_vale_ferreteria_mov (vfe_id,pro_codigo_plu,vfm_cantidad,vfm_unitario,vfm_total,vfm_entregado) VALUES (8045,1067,1,200,200,@@@NO@@@)','',2,'2013-08-12'),(51871,'INSERT INTO gne_vale_ferreteria (vfe_id,vfe_fecha,vfe_total,vfe_estado,vfe_entregado,usu_nusuario) VALUES (8046,@@@2013.08.12@@@,30,1,0,@@@m_martinez@@@)','',2,'2013-08-12'),(51872,'INSERT INTO gne_vale_ferreteria_mov (vfe_id,pro_codigo_plu,vfm_cantidad,vfm_unitario,vfm_total,vfm_entregado) VALUES (8046,764772,1,30,30,@@@NO@@@)','',2,'2013-08-12'),(51873,'INSERT INTO gne_vale_ferreteria (vfe_id,vfe_fecha,vfe_total,vfe_estado,vfe_entregado,usu_nusuario) VALUES (8047,@@@2013.08.12@@@,230,1,0,@@@m_martinez@@@)','',2,'2013-08-12'),(51874,'INSERT INTO gne_vale_ferreteria_mov (vfe_id,pro_codigo_plu,vfm_cantidad,vfm_unitario,vfm_total,vfm_entregado) VALUES (8047,763811,1,230,230,@@@NO@@@)','',2,'2013-08-12'),(51875,'INSERT INTO gne_vale_ferreteria (vfe_id,vfe_fecha,vfe_total,vfe_estado,vfe_entregado,usu_nusuario) VALUES (8048,@@@2013.08.12@@@,650,1,0,@@@m_martinez@@@)','',2,'2013-08-12'),(51876,'INSERT INTO gne_vale_ferreteria_mov (vfe_id,pro_codigo_plu,vfm_cantidad,vfm_unitario,vfm_total,vfm_entregado) VALUES (8048,763837,1,650,650,@@@NO@@@)','',2,'2013-08-12'),(51877,'INSERT INTO gne_vale_ferreteria (vfe_id,vfe_fecha,vfe_total,vfe_estado,vfe_entregado,usu_nusuario) VALUES (8049,@@@2013.08.12@@@,200,1,0,@@@m_martinez@@@)','',2,'2013-08-12'),(51878,'INSERT INTO gne_vale_ferreteria_mov (vfe_id,pro_codigo_plu,vfm_cantidad,vfm_unitario,vfm_total,vfm_entregado) VALUES (8049,78017176,1,200,200,@@@NO@@@)','',2,'2013-08-12'),(51879,'INSERT INTO gne_vale_ferreteria (vfe_id,vfe_fecha,vfe_total,vfe_estado,vfe_entregado,usu_nusuario) VALUES (8050,@@@2013.08.12@@@,1199,1,0,@@@m_martinez@@@)','',2,'2013-08-12'),(51880,'INSERT INTO gne_vale_ferreteria_mov (vfe_id,pro_codigo_plu,vfm_cantidad,vfm_unitario,vfm_total,vfm_entregado) VALUES (8050,763777,1,1199,1199,@@@NO@@@)','',2,'2013-08-12'),(51881,'INSERT INTO gne_vale_ferreteria (vfe_id,vfe_fecha,vfe_total,vfe_estado,vfe_entregado,usu_nusuario) VALUES (8051,@@@2013.08.12@@@,2580,1,0,@@@m_martinez@@@)','',2,'2013-08-12'),(51882,'INSERT INTO gne_vale_ferreteria_mov (vfe_id,pro_codigo_plu,vfm_cantidad,vfm_unitario,vfm_total,vfm_entregado) VALUES (8051,763765,1,1890,1890,@@@NO@@@)','',2,'2013-08-12'),(51883,'INSERT INTO gne_vale_ferreteria_mov (vfe_id,pro_codigo_plu,vfm_cantidad,vfm_unitario,vfm_total,vfm_entregado) VALUES (8051,763829,1,690,690,@@@NO@@@)','',2,'2013-08-12'),(51884,'INSERT INTO gne_vale_ferreteria (vfe_id,vfe_fecha,vfe_total,vfe_estado,vfe_entregado,usu_nusuario) VALUES (8052,@@@2013.08.12@@@,2850,1,0,@@@m_martinez@@@)','',2,'2013-08-12'),(51885,'INSERT INTO gne_vale_ferreteria_mov (vfe_id,pro_codigo_plu,vfm_cantidad,vfm_unitario,vfm_total,vfm_entregado) VALUES (8052,763862,1,2100,2100,@@@NO@@@)','',2,'2013-08-12'),(51886,'INSERT INTO gne_vale_ferreteria_mov (vfe_id,pro_codigo_plu,vfm_cantidad,vfm_unitario,vfm_total,vfm_entregado) VALUES (8052,11519,1,750,750,@@@NO@@@)','',2,'2013-08-12'),(51887,'INSERT INTO gne_vale_ferreteria (vfe_id,vfe_fecha,vfe_total,vfe_estado,vfe_entregado,usu_nusuario) VALUES (8053,@@@2013.08.12@@@,3090,1,0,@@@m_martinez@@@)','',2,'2013-08-12'),(51888,'INSERT INTO gne_vale_ferreteria_mov (vfe_id,pro_codigo_plu,vfm_cantidad,vfm_unitario,vfm_total,vfm_entregado) VALUES (8053,2008,1,990,990,@@@NO@@@)','',2,'2013-08-12'),(51889,'INSERT INTO gne_vale_ferreteria_mov (vfe_id,pro_codigo_plu,vfm_cantidad,vfm_unitario,vfm_total,vfm_entregado) VALUES (8053,763862,1,2100,2100,@@@NO@@@)','',2,'2013-08-12'),(51890,'INSERT INTO gne_vale_ferreteria (vfe_id,vfe_fecha,vfe_total,vfe_estado,vfe_entregado,usu_nusuario) VALUES (8054,@@@2013.08.12@@@,200,1,0,@@@m_martinez@@@)','',2,'2013-08-12'),(51891,'INSERT INTO gne_vale_ferreteria_mov (vfe_id,pro_codigo_plu,vfm_cantidad,vfm_unitario,vfm_total,vfm_entregado) VALUES (8054,2011,1,200,200,@@@NO@@@)','',2,'2013-08-12'),(51892,'INSERT INTO gne_vale_ferreteria (vfe_id,vfe_fecha,vfe_total,vfe_estado,vfe_entregado,usu_nusuario) VALUES (8055,@@@2013.08.12@@@,1770,1,0,@@@m_martinez@@@)','',2,'2013-08-12'),(51893,'INSERT INTO gne_vale_ferreteria_mov (vfe_id,pro_codigo_plu,vfm_cantidad,vfm_unitario,vfm_total,vfm_entregado) VALUES (8055,262241,2,590,1180,@@@NO@@@)','',2,'2013-08-12'),(51894,'INSERT INTO gne_vale_ferreteria_mov (vfe_id,pro_codigo_plu,vfm_cantidad,vfm_unitario,vfm_total,vfm_entregado) VALUES (8055,780721519,1,590,590,@@@NO@@@)','',2,'2013-08-12'),(51895,'INSERT INTO gne_vale_ferreteria (vfe_id,vfe_fecha,vfe_total,vfe_estado,vfe_entregado,usu_nusuario) VALUES (8056,@@@2013.08.12@@@,390,1,0,@@@m_martinez@@@)','',2,'2013-08-12'),(51896,'INSERT INTO gne_vale_ferreteria_mov (vfe_id,pro_codigo_plu,vfm_cantidad,vfm_unitario,vfm_total,vfm_entregado) VALUES (8056,770020,1,390,390,@@@NO@@@)','',2,'2013-08-12'),(51897,'INSERT INTO gne_vale_ferreteria (vfe_id,vfe_fecha,vfe_total,vfe_estado,vfe_entregado,usu_nusuario) VALUES (8057,@@@2013.08.12@@@,590,1,0,@@@m_martinez@@@)','',2,'2013-08-12'),(51898,'INSERT INTO gne_vale_ferreteria_mov (vfe_id,pro_codigo_plu,vfm_cantidad,vfm_unitario,vfm_total,vfm_entregado) VALUES (8057,19865,1,590,590,@@@NO@@@)','',2,'2013-08-12'),(51899,'INSERT INTO gne_vale_ferreteria (vfe_id,vfe_fecha,vfe_total,vfe_estado,vfe_entregado,usu_nusuario) VALUES (8058,@@@2013.08.12@@@,990,1,0,@@@m_martinez@@@)','',2,'2013-08-12'),(51900,'INSERT INTO gne_vale_ferreteria_mov (vfe_id,pro_codigo_plu,vfm_cantidad,vfm_unitario,vfm_total,vfm_entregado) VALUES (8058,1576,1,990,990,@@@NO@@@)','',2,'2013-08-12'),(51901,'INSERT INTO gne_vale_ferreteria (vfe_id,vfe_fecha,vfe_total,vfe_estado,vfe_entregado,usu_nusuario) VALUES (8059,@@@2013.08.12@@@,2020,1,0,@@@m_martinez@@@)','',2,'2013-08-12'),(51902,'INSERT INTO gne_vale_ferreteria_mov (vfe_id,pro_codigo_plu,vfm_cantidad,vfm_unitario,vfm_total,vfm_entregado) VALUES (8059,78017198,2,490,980,@@@NO@@@)','',2,'2013-08-12'),(51903,'INSERT INTO gne_vale_ferreteria_mov (vfe_id,pro_codigo_plu,vfm_cantidad,vfm_unitario,vfm_total,vfm_entregado) VALUES (8059,762000,1,690,690,@@@NO@@@)','',2,'2013-08-12'),(51904,'INSERT INTO gne_vale_ferreteria_mov (vfe_id,pro_codigo_plu,vfm_cantidad,vfm_unitario,vfm_total,vfm_entregado) VALUES (8059,780220198,1,350,350,@@@NO@@@)','',2,'2013-08-12'),(51905,'INSERT INTO gne_vale_ferreteria (vfe_id,vfe_fecha,vfe_total,vfe_estado,vfe_entregado,usu_nusuario) VALUES (8060,@@@2013.08.12@@@,290,1,0,@@@m_martinez@@@)','',2,'2013-08-12'),(51906,'INSERT INTO gne_vale_ferreteria_mov (vfe_id,pro_codigo_plu,vfm_cantidad,vfm_unitario,vfm_total,vfm_entregado) VALUES (8060,12161,1,290,290,@@@NO@@@)','',2,'2013-08-12'),(51907,'INSERT INTO gne_vale_ferreteria (vfe_id,vfe_fecha,vfe_total,vfe_estado,vfe_entregado,usu_nusuario) VALUES (8061,@@@2013.08.12@@@,1110,1,0,@@@m_martinez@@@)','',2,'2013-08-12'),(51908,'INSERT INTO gne_vale_ferreteria_mov (vfe_id,pro_codigo_plu,vfm_cantidad,vfm_unitario,vfm_total,vfm_entregado) VALUES (8061,800001,1,300,300,@@@NO@@@)','',2,'2013-08-12'),(51909,'INSERT INTO gne_vale_ferreteria_mov (vfe_id,pro_codigo_plu,vfm_cantidad,vfm_unitario,vfm_total,vfm_entregado) VALUES (8061,780220180,1,620,620,@@@NO@@@)','',2,'2013-08-12'),(51910,'INSERT INTO gne_vale_ferreteria_mov (vfe_id,pro_codigo_plu,vfm_cantidad,vfm_unitario,vfm_total,vfm_entregado) VALUES (8061,780721057,1,190,190,@@@NO@@@)','',2,'2013-08-12'),(51911,'INSERT INTO gne_vale_ferreteria (vfe_id,vfe_fecha,vfe_total,vfe_estado,vfe_entregado,usu_nusuario) VALUES (8062,@@@2013.08.12@@@,200,1,0,@@@m_martinez@@@)','',2,'2013-08-12'),(51912,'INSERT INTO gne_vale_ferreteria_mov (vfe_id,pro_codigo_plu,vfm_cantidad,vfm_unitario,vfm_total,vfm_entregado) VALUES (8062,770021,1,200,200,@@@NO@@@)','',2,'2013-08-12'),(51913,'INSERT INTO gne_vale_ferreteria (vfe_id,vfe_fecha,vfe_total,vfe_estado,vfe_entregado,usu_nusuario) VALUES (8063,@@@2013.08.12@@@,3980,1,0,@@@m_martinez@@@)','',2,'2013-08-12'),(51914,'INSERT INTO gne_vale_ferreteria_mov (vfe_id,pro_codigo_plu,vfm_cantidad,vfm_unitario,vfm_total,vfm_entregado) VALUES (8063,764199,1,3490,3490,@@@NO@@@)','',2,'2013-08-12'),(51915,'INSERT INTO gne_vale_ferreteria_mov (vfe_id,pro_codigo_plu,vfm_cantidad,vfm_unitario,vfm_total,vfm_entregado) VALUES (8063,764529,1,490,490,@@@NO@@@)','',2,'2013-08-12'),(51916,'INSERT INTO gne_vale_ferreteria (vfe_id,vfe_fecha,vfe_total,vfe_estado,vfe_entregado,usu_nusuario) VALUES (8064,@@@2013.08.12@@@,1640,1,0,@@@m_martinez@@@)','',2,'2013-08-12'),(51917,'INSERT INTO gne_vale_ferreteria_mov (vfe_id,pro_codigo_plu,vfm_cantidad,vfm_unitario,vfm_total,vfm_entregado) VALUES (8064,7500885,1,50,50,@@@NO@@@)','',2,'2013-08-12'),(51918,'INSERT INTO gne_vale_ferreteria_mov (vfe_id,pro_codigo_plu,vfm_cantidad,vfm_unitario,vfm_total,vfm_entregado) VALUES (8064,764833,10,10,100,@@@NO@@@)','',2,'2013-08-12'),(51919,'INSERT INTO gne_vale_ferreteria_mov (vfe_id,pro_codigo_plu,vfm_cantidad,vfm_unitario,vfm_total,vfm_entregado) VALUES (8064,78017028,2,70,140,@@@NO@@@)','',2,'2013-08-12'),(51920,'INSERT INTO gne_vale_ferreteria_mov (vfe_id,pro_codigo_plu,vfm_cantidad,vfm_unitario,vfm_total,vfm_entregado) VALUES (8064,780721357,1,390,390,@@@NO@@@)','',2,'2013-08-12'),(51921,'INSERT INTO gne_vale_ferreteria_mov (vfe_id,pro_codigo_plu,vfm_cantidad,vfm_unitario,vfm_total,vfm_entregado) VALUES (8064,770001,12,80,960,@@@NO@@@)','',2,'2013-08-12'),(51922,'INSERT INTO gne_vale_ferreteria (vfe_id,vfe_fecha,vfe_total,vfe_estado,vfe_entregado,usu_nusuario) VALUES (8065,@@@2013.08.12@@@,390,1,0,@@@m_martinez@@@)','',2,'2013-08-12'),(51923,'INSERT INTO gne_vale_ferreteria_mov (vfe_id,pro_codigo_plu,vfm_cantidad,vfm_unitario,vfm_total,vfm_entregado) VALUES (8065,15967,3,130,390,@@@NO@@@)','',2,'2013-08-12'),(51924,'INSERT INTO gne_vale_ferreteria (vfe_id,vfe_fecha,vfe_total,vfe_estado,vfe_entregado,usu_nusuario) VALUES (8066,@@@2013.08.12@@@,1890,1,0,@@@m_martinez@@@)','',2,'2013-08-12'),(51925,'INSERT INTO gne_vale_ferreteria_mov (vfe_id,pro_codigo_plu,vfm_cantidad,vfm_unitario,vfm_total,vfm_entregado) VALUES (8066,20611,1,1890,1890,@@@NO@@@)','',2,'2013-08-12'),(51926,'INSERT INTO gne_vale_ferreteria (vfe_id,vfe_fecha,vfe_total,vfe_estado,vfe_entregado,usu_nusuario) VALUES (8067,@@@2013.08.12@@@,2000,1,0,@@@m_martinez@@@)','',2,'2013-08-12'),(51927,'INSERT INTO gne_vale_ferreteria_mov (vfe_id,pro_codigo_plu,vfm_cantidad,vfm_unitario,vfm_total,vfm_entregado) VALUES (8067,780721292,1,1690,1690,@@@NO@@@)','',2,'2013-08-12'),(51928,'INSERT INTO gne_vale_ferreteria_mov (vfe_id,pro_codigo_plu,vfm_cantidad,vfm_unitario,vfm_total,vfm_entregado) VALUES (8067,9900006,1,150,150,@@@NO@@@)','',2,'2013-08-12'),(51929,'INSERT INTO gne_vale_ferreteria_mov (vfe_id,pro_codigo_plu,vfm_cantidad,vfm_unitario,vfm_total,vfm_entregado) VALUES (8067,78016972,1,160,160,@@@NO@@@)','',2,'2013-08-12'),(51930,'INSERT INTO gne_vale_ferreteria (vfe_id,vfe_fecha,vfe_total,vfe_estado,vfe_entregado,usu_nusuario) VALUES (8068,@@@2013.08.12@@@,1960,1,0,@@@m_martinez@@@)','',2,'2013-08-12'),(51931,'INSERT INTO gne_vale_ferreteria_mov (vfe_id,pro_codigo_plu,vfm_cantidad,vfm_unitario,vfm_total,vfm_entregado) VALUES (8068,764508,4,490,1960,@@@NO@@@)','',2,'2013-08-12'),(51932,'INSERT INTO gne_vale_ferreteria (vfe_id,vfe_fecha,vfe_total,vfe_estado,vfe_entregado,usu_nusuario) VALUES (8069,@@@2013.08.12@@@,330,1,0,@@@m_martinez@@@)','',2,'2013-08-12'),(51933,'INSERT INTO gne_vale_ferreteria_mov (vfe_id,pro_codigo_plu,vfm_cantidad,vfm_unitario,vfm_total,vfm_entregado) VALUES (8069,763588,1,330,330,@@@NO@@@)','',2,'2013-08-12'),(51934,'INSERT INTO gne_vale_ferreteria (vfe_id,vfe_fecha,vfe_total,vfe_estado,vfe_entregado,usu_nusuario) VALUES (8070,@@@2013.08.12@@@,130,1,0,@@@m_martinez@@@)','',2,'2013-08-12'),(51935,'INSERT INTO gne_vale_ferreteria_mov (vfe_id,pro_codigo_plu,vfm_cantidad,vfm_unitario,vfm_total,vfm_entregado) VALUES (8070,15967,1,130,130,@@@NO@@@)','',2,'2013-08-12'),(51936,'INSERT INTO gne_vale_ferreteria (vfe_id,vfe_fecha,vfe_total,vfe_estado,vfe_entregado,usu_nusuario) VALUES (8071,@@@2013.08.12@@@,1100,1,0,@@@m_martinez@@@)','',2,'2013-08-12'),(51937,'INSERT INTO gne_vale_ferreteria_mov (vfe_id,pro_codigo_plu,vfm_cantidad,vfm_unitario,vfm_total,vfm_entregado) VALUES (8071,990025,1,1100,1100,@@@NO@@@)','',2,'2013-08-12'),(51938,'INSERT INTO gne_vale_ferreteria (vfe_id,vfe_fecha,vfe_total,vfe_estado,vfe_entregado,usu_nusuario) VALUES (8072,@@@2013.08.12@@@,1890,1,0,@@@m_martinez@@@)','',2,'2013-08-12'),(51939,'INSERT INTO gne_vale_ferreteria_mov (vfe_id,pro_codigo_plu,vfm_cantidad,vfm_unitario,vfm_total,vfm_entregado) VALUES (8072,763608,1,1890,1890,@@@NO@@@)','',2,'2013-08-12'),(51940,'INSERT INTO gne_vale_ferreteria (vfe_id,vfe_fecha,vfe_total,vfe_estado,vfe_entregado,usu_nusuario) VALUES (8073,@@@2013.08.12@@@,2690,1,0,@@@m_martinez@@@)','',2,'2013-08-12'),(51941,'INSERT INTO gne_vale_ferreteria_mov (vfe_id,pro_codigo_plu,vfm_cantidad,vfm_unitario,vfm_total,vfm_entregado) VALUES (8073,762144,1,2690,2690,@@@NO@@@)','',2,'2013-08-12'),(51942,'INSERT INTO gne_vale_ferreteria (vfe_id,vfe_fecha,vfe_total,vfe_estado,vfe_entregado,usu_nusuario) VALUES (8074,@@@2013.08.12@@@,2690,1,0,@@@m_martinez@@@)','',2,'2013-08-12'),(51943,'INSERT INTO gne_vale_ferreteria_mov (vfe_id,pro_codigo_plu,vfm_cantidad,vfm_unitario,vfm_total,vfm_entregado) VALUES (8074,762144,1,2690,2690,@@@NO@@@)','',2,'2013-08-12'),(51944,'INSERT INTO gne_vale_ferreteria (vfe_id,vfe_fecha,vfe_total,vfe_estado,vfe_entregado,usu_nusuario) VALUES (8075,@@@2013.08.12@@@,200,1,0,@@@m_martinez@@@)','',2,'2013-08-12'),(51945,'INSERT INTO gne_vale_ferreteria_mov (vfe_id,pro_codigo_plu,vfm_cantidad,vfm_unitario,vfm_total,vfm_entregado) VALUES (8075,3104,1,200,200,@@@NO@@@)','',2,'2013-08-12'),(51946,'INSERT INTO gne_vale_ferreteria (vfe_id,vfe_fecha,vfe_total,vfe_estado,vfe_entregado,usu_nusuario) VALUES (8076,@@@2013.08.12@@@,100,1,0,@@@m_martinez@@@)','',2,'2013-08-12'),(51947,'INSERT INTO gne_vale_ferreteria_mov (vfe_id,pro_codigo_plu,vfm_cantidad,vfm_unitario,vfm_total,vfm_entregado) VALUES (8076,1542,1,100,100,@@@NO@@@)','',2,'2013-08-12'),(51948,'INSERT INTO gne_vale_ferreteria (vfe_id,vfe_fecha,vfe_total,vfe_estado,vfe_entregado,usu_nusuario) VALUES (8077,@@@2013.08.12@@@,3370,1,0,@@@m_martinez@@@)','',2,'2013-08-12'),(51949,'INSERT INTO gne_vale_ferreteria_mov (vfe_id,pro_codigo_plu,vfm_cantidad,vfm_unitario,vfm_total,vfm_entregado) VALUES (8077,15967,3,130,390,@@@NO@@@)','',2,'2013-08-12'),(51950,'INSERT INTO gne_vale_ferreteria_mov (vfe_id,pro_codigo_plu,vfm_cantidad,vfm_unitario,vfm_total,vfm_entregado) VALUES (8077,4109,1,1990,1990,@@@NO@@@)','',2,'2013-08-12'),(51951,'INSERT INTO gne_vale_ferreteria_mov (vfe_id,pro_codigo_plu,vfm_cantidad,vfm_unitario,vfm_total,vfm_entregado) VALUES (8077,764922,1,990,990,@@@NO@@@)','',2,'2013-08-12'),(51952,'INSERT INTO gne_vale_ferreteria (vfe_id,vfe_fecha,vfe_total,vfe_estado,vfe_entregado,usu_nusuario) VALUES (8078,@@@2013.08.12@@@,690,1,0,@@@m_martinez@@@)','',2,'2013-08-12'),(51953,'INSERT INTO gne_vale_ferreteria_mov (vfe_id,pro_codigo_plu,vfm_cantidad,vfm_unitario,vfm_total,vfm_entregado) VALUES (8078,15967,3,130,390,@@@NO@@@)','',2,'2013-08-12'),(51954,'INSERT INTO gne_vale_ferreteria_mov (vfe_id,pro_codigo_plu,vfm_cantidad,vfm_unitario,vfm_total,vfm_entregado) VALUES (8078,77009,1,300,300,@@@NO@@@)','',2,'2013-08-12'),(51955,'INSERT INTO gne_vale_ferreteria (vfe_id,vfe_fecha,vfe_total,vfe_estado,vfe_entregado,usu_nusuario) VALUES (8079,@@@2013.08.12@@@,1890,1,0,@@@m_martinez@@@)','',2,'2013-08-12'),(51956,'INSERT INTO gne_vale_ferreteria_mov (vfe_id,pro_codigo_plu,vfm_cantidad,vfm_unitario,vfm_total,vfm_entregado) VALUES (8079,101680,1,1890,1890,@@@NO@@@)','',2,'2013-08-12'),(51957,'INSERT INTO gne_vale_ferreteria (vfe_id,vfe_fecha,vfe_total,vfe_estado,vfe_entregado,usu_nusuario) VALUES (8080,@@@2013.08.12@@@,1980,1,0,@@@m_martinez@@@)','',2,'2013-08-12'),(51958,'INSERT INTO gne_vale_ferreteria_mov (vfe_id,pro_codigo_plu,vfm_cantidad,vfm_unitario,vfm_total,vfm_entregado) VALUES (8080,780721339,1,1390,1390,@@@NO@@@)','',2,'2013-08-12'),(51959,'INSERT INTO gne_vale_ferreteria_mov (vfe_id,pro_codigo_plu,vfm_cantidad,vfm_unitario,vfm_total,vfm_entregado) VALUES (8080,765046,1,590,590,@@@NO@@@)','',2,'2013-08-12'),(51960,'INSERT INTO gne_vale_ferreteria (vfe_id,vfe_fecha,vfe_total,vfe_estado,vfe_entregado,usu_nusuario) VALUES (8081,@@@2013.08.12@@@,300,1,0,@@@m_martinez@@@)','',2,'2013-08-12'),(51961,'INSERT INTO gne_vale_ferreteria_mov (vfe_id,pro_codigo_plu,vfm_cantidad,vfm_unitario,vfm_total,vfm_entregado) VALUES (8081,7500876,1,300,300,@@@NO@@@)','',2,'2013-08-12'),(51962,'INSERT INTO gne_vale_ferreteria (vfe_id,vfe_fecha,vfe_total,vfe_estado,vfe_entregado,usu_nusuario) VALUES (8082,@@@2013.08.12@@@,2500,1,0,@@@m_martinez@@@)','',2,'2013-08-12'),(51963,'INSERT INTO gne_vale_ferreteria_mov (vfe_id,pro_codigo_plu,vfm_cantidad,vfm_unitario,vfm_total,vfm_entregado) VALUES (8082,761981,1,2100,2100,@@@NO@@@)','',2,'2013-08-12'),(51964,'INSERT INTO gne_vale_ferreteria_mov (vfe_id,pro_codigo_plu,vfm_cantidad,vfm_unitario,vfm_total,vfm_entregado) VALUES (8082,1069,2,200,400,@@@NO@@@)','',2,'2013-08-12'),(51965,'INSERT INTO gne_vale_ferreteria (vfe_id,vfe_fecha,vfe_total,vfe_estado,vfe_entregado,usu_nusuario) VALUES (8083,@@@2013.08.12@@@,250,1,0,@@@m_martinez@@@)','',2,'2013-08-12'),(51966,'INSERT INTO gne_vale_ferreteria_mov (vfe_id,pro_codigo_plu,vfm_cantidad,vfm_unitario,vfm_total,vfm_entregado) VALUES (8083,78017105,1,250,250,@@@NO@@@)','',2,'2013-08-12'),(51967,'INSERT INTO gne_vale_ferreteria (vfe_id,vfe_fecha,vfe_total,vfe_estado,vfe_entregado,usu_nusuario) VALUES (8084,@@@2013.08.12@@@,2200,1,0,@@@m_martinez@@@)','',2,'2013-08-12'),(51968,'INSERT INTO gne_vale_ferreteria_mov (vfe_id,pro_codigo_plu,vfm_cantidad,vfm_unitario,vfm_total,vfm_entregado) VALUES (8084,764200,1,2200,2200,@@@NO@@@)','',2,'2013-08-12'),(51969,'INSERT INTO gne_vale_ferreteria (vfe_id,vfe_fecha,vfe_total,vfe_estado,vfe_entregado,usu_nusuario) VALUES (8085,@@@2013.08.12@@@,840,1,0,@@@m_martinez@@@)','',2,'2013-08-12'),(51970,'INSERT INTO gne_vale_ferreteria_mov (vfe_id,pro_codigo_plu,vfm_cantidad,vfm_unitario,vfm_total,vfm_entregado) VALUES (8085,763593,1,220,220,@@@NO@@@)','',2,'2013-08-12'),(51971,'INSERT INTO gne_vale_ferreteria_mov (vfe_id,pro_codigo_plu,vfm_cantidad,vfm_unitario,vfm_total,vfm_entregado) VALUES (8085,21116,1,620,620,@@@NO@@@)','',2,'2013-08-12'),(51972,'INSERT INTO gne_vale_ferreteria (vfe_id,vfe_fecha,vfe_total,vfe_estado,vfe_entregado,usu_nusuario) VALUES (8086,@@@2013.08.12@@@,490,1,0,@@@m_martinez@@@)','',2,'2013-08-12'),(51973,'INSERT INTO gne_vale_ferreteria_mov (vfe_id,pro_codigo_plu,vfm_cantidad,vfm_unitario,vfm_total,vfm_entregado) VALUES (8086,1552,1,490,490,@@@NO@@@)','',2,'2013-08-12'),(51974,'INSERT INTO gne_vale_ferreteria (vfe_id,vfe_fecha,vfe_total,vfe_estado,vfe_entregado,usu_nusuario) VALUES (8087,@@@2013.08.12@@@,1490,1,0,@@@m_martinez@@@)','',2,'2013-08-12'),(51975,'INSERT INTO gne_vale_ferreteria_mov (vfe_id,pro_codigo_plu,vfm_cantidad,vfm_unitario,vfm_total,vfm_entregado) VALUES (8087,780721479,1,1490,1490,@@@NO@@@)','',2,'2013-08-12'),(51976,'INSERT INTO gne_vale_ferreteria (vfe_id,vfe_fecha,vfe_total,vfe_estado,vfe_entregado,usu_nusuario) VALUES (8088,@@@2013.08.12@@@,480,1,0,@@@m_martinez@@@)','',2,'2013-08-12'),(51977,'INSERT INTO gne_vale_ferreteria_mov (vfe_id,pro_codigo_plu,vfm_cantidad,vfm_unitario,vfm_total,vfm_entregado) VALUES (8088,15935,1,480,480,@@@NO@@@)','',2,'2013-08-12'),(51978,'INSERT INTO gne_vale_ferreteria (vfe_id,vfe_fecha,vfe_total,vfe_estado,vfe_entregado,usu_nusuario) VALUES (8089,@@@2013.08.12@@@,910,1,0,@@@m_martinez@@@)','',2,'2013-08-12'),(51979,'INSERT INTO gne_vale_ferreteria_mov (vfe_id,pro_codigo_plu,vfm_cantidad,vfm_unitario,vfm_total,vfm_entregado) VALUES (8089,8022,1,120,120,@@@NO@@@)','',2,'2013-08-12'),(51980,'INSERT INTO gne_vale_ferreteria_mov (vfe_id,pro_codigo_plu,vfm_cantidad,vfm_unitario,vfm_total,vfm_entregado) VALUES (8089,763588,1,330,330,@@@NO@@@)','',2,'2013-08-12'),(51981,'INSERT INTO gne_vale_ferreteria_mov (vfe_id,pro_codigo_plu,vfm_cantidad,vfm_unitario,vfm_total,vfm_entregado) VALUES (8089,764768,1,220,220,@@@NO@@@)','',2,'2013-08-12');
