(18614,'INSERT INTO gpr_pack_virtual_mov (pav_id,pro_codigo_plu,pvm_precio,pvm_total,pvm_lleva,pvm_paga,pvm_descuento,pvm_porcentaje,pvm_total_normal,pvm_descuento_linea,pvm_costo,pvm_margen) VALUES (12,17641,3890,3890,1,1,0,0,3890,0,0,0),(12,763553,490,490,1,1,0,0,490,0,0,0),(12,17167,1000,310,1,0,1,310,1000,690,0,0)','',2,'2013-05-28'),(18615,'INSERT INTO gpr_pack_virtual_horario (pav_id,pvh_dia,pvh_hora_desde,pvh_hora_hasta) VALUES (12,99,@@@00:00@@@,@@@23:59@@@)','',2,'2013-05-28'),(18616,'UPDATE mae_productos SET pro_precio_fiscal=pro_precio_venta WHERE pro_codigo_plu=780220093','',2,'2013-05-28'),(18617,'INSERT INTO gne_vale_ferreteria (vfe_id,vfe_fecha,vfe_total,vfe_estado,vfe_entregado,usu_nusuario) VALUES (815,@@@2013.05.28@@@,3780,1,0,@@@G_DIAZ@@@)','',2,'2013-05-28'),(18618,'INSERT INTO gne_vale_ferreteria_mov (vfe_id,pro_codigo_plu,vfm_cantidad,vfm_unitario,vfm_total,vfm_entregado) VALUES (815,101623,2,1890,3780,@@@NO@@@)','',2,'2013-05-28'),(18619,'INSERT INTO gne_vale_ferreteria (vfe_id,vfe_fecha,vfe_total,vfe_estado,vfe_entregado,usu_nusuario) VALUES (816,@@@2013.05.28@@@,590,1,0,@@@G_DIAZ@@@)','',2,'2013-05-28'),(18620,'INSERT INTO gne_vale_ferreteria_mov (vfe_id,pro_codigo_plu,vfm_cantidad,vfm_unitario,vfm_total,vfm_entregado) VALUES (816,764506,1,590,590,@@@NO@@@)','',2,'2013-05-28'),(18621,'INSERT INTO gne_vale_ferreteria (vfe_id,vfe_fecha,vfe_total,vfe_estado,vfe_entregado,usu_nusuario) VALUES (817,@@@2013.05.28@@@,2990,1,0,@@@G_DIAZ@@@)','',2,'2013-05-28'),(18622,'INSERT INTO gne_vale_ferreteria_mov (vfe_id,pro_codigo_plu,vfm_cantidad,vfm_unitario,vfm_total,vfm_entregado) VALUES (817,764334,1,2990,2990,@@@NO@@@)','',2,'2013-05-28'),(18623,'INSERT INTO gne_vale_ferreteria (vfe_id,vfe_fecha,vfe_total,vfe_estado,vfe_entregado,usu_nusuario) VALUES (818,@@@2013.05.28@@@,890,1,0,@@@G_DIAZ@@@)','',2,'2013-05-28'),(18624,'INSERT INTO gne_vale_ferreteria_mov (vfe_id,pro_codigo_plu,vfm_cantidad,vfm_unitario,vfm_total,vfm_entregado) VALUES (818,2004,1,300,300,@@@NO@@@)','',2,'2013-05-28'),(18625,'INSERT INTO gne_vale_ferreteria_mov (vfe_id,pro_codigo_plu,vfm_cantidad,vfm_unitario,vfm_total,vfm_entregado) VALUES (818,2012,1,590,590,@@@NO@@@)','',2,'2013-05-28'),(18626,'INSERT INTO gne_vale_ferreteria (vfe_id,vfe_fecha,vfe_total,vfe_estado,vfe_entregado,usu_nusuario) VALUES (819,@@@2013.05.28@@@,2140,1,0,@@@G_DIAZ@@@)','',2,'2013-05-28'),(18627,'INSERT INTO gne_vale_ferreteria_mov (vfe_id,pro_codigo_plu,vfm_cantidad,vfm_unitario,vfm_total,vfm_entregado) VALUES (819,761644,1,1890,1890,@@@NO@@@)','',2,'2013-05-28'),(18628,'INSERT INTO gne_vale_ferreteria_mov (vfe_id,pro_codigo_plu,vfm_cantidad,vfm_unitario,vfm_total,vfm_entregado) VALUES (819,1070,1,250,250,@@@NO@@@)','',2,'2013-05-28'),(18629,'INSERT INTO mae_productos (pro_codigo_plu,pro_codigo_barra,pro_tipo,pro_nombre_producto,pro_nombre_corto,med_id,emb_id,pro_unidades_embalaje,dep_id,lin_id,mar_id,pro_precio_compra_neto,pro_precio_compra_bruto,pro_precio_venta,pro_margen_actual,pro_oferta,pro_fecha_inicio_oferta,pro_fecha_termino_oferta,pro_precio_oferta,pro_stock_minimo,pro_stock_critico,pro_entradas_bodega,pro_salidas_bodega,pro_mermas_bodega,pro_ajustes_bodega,pro_entradas_sv,pro_salidas_sv,pro_mermas_sv,pro_ajustes_sv,pro_activo,rec_numero,pro_unidad,pro_capacidad,pro_consumo_bodega,pro_consumo_sv,pro_estado,pro_funcion_plu,pro_flejes,pro_iva,pro_plu_asociado,pro_envase,pro_duracion,pro_numero_etiqueta) VALUES (780220094,@@@780220094@@@,@@@0@@@,@@@UÑETA PLASTICA 1UND@@@,@@@UÑETA PLASTICA 1@@@,@@@1 @@@,@@@3 @@@,@@@0@@@,@@@24 @@@,@@@137@@@,@@@2507@@@,@@@0@@@,@@@0@@@,@@@300@@@,@@@0@@@,@@@@@@,@@@2013.05.28@@@,@@@2013.05.28@@@,@@@0@@@,@@@0@@@,@@@0@@@,@@@0@@@,@@@0@@@,@@@0@@@,@@@0@@@,@@@0@@@,@@@0@@@,@@@0@@@,@@@0@@@,@@@1@@@,@@@0@@@,0,1,0,0,2,0,1,1,0,@@@NO@@@,0,0)','',2,'2013-05-28'),(18630,'DELETE FROM mae_impuestos_productos WHERE pro_codigo_plu=@@@780220094@@@','',2,'2013-05-28'),(18631,'INSERT INTO gne_vale_ferreteria (vfe_id,vfe_fecha,vfe_total,vfe_estado,vfe_entregado,usu_nusuario) VALUES (820,@@@2013.05.28@@@,580,1,0,@@@G_DIAZ@@@)','',2,'2013-05-28'),(18632,'INSERT INTO gne_vale_ferreteria_mov (vfe_id,pro_codigo_plu,vfm_cantidad,vfm_unitario,vfm_total,vfm_entregado) VALUES (820,764119,1,580,580,@@@NO@@@)','',2,'2013-05-28'),(18633,'INSERT INTO gne_vale_ferreteria (vfe_id,vfe_fecha,vfe_total,vfe_estado,vfe_entregado,usu_nusuario) VALUES (821,@@@2013.05.28@@@,3880,1,0,@@@G_DIAZ@@@)','',2,'2013-05-28'),(18634,'INSERT INTO gne_vale_ferreteria_mov (vfe_id,pro_codigo_plu,vfm_cantidad,vfm_unitario,vfm_total,vfm_entregado) VALUES (821,764510,1,1990,1990,@@@NO@@@)','',2,'2013-05-28'),(18635,'INSERT INTO gne_vale_ferreteria_mov (vfe_id,pro_codigo_plu,vfm_cantidad,vfm_unitario,vfm_total,vfm_entregado) VALUES (821,20477,1,1690,1690,@@@NO@@@)','',2,'2013-05-28'),(18636,'INSERT INTO gne_vale_ferreteria_mov (vfe_id,pro_codigo_plu,vfm_cantidad,vfm_unitario,vfm_total,vfm_entregado) VALUES (821,1542,2,100,200,@@@NO@@@)','',2,'2013-05-28'),(18637,'INSERT INTO gne_vale_ferreteria (vfe_id,vfe_fecha,vfe_total,vfe_estado,vfe_entregado,usu_nusuario) VALUES (822,@@@2013.05.28@@@,980,1,0,@@@G_DIAZ@@@)','',2,'2013-05-28'),(18638,'INSERT INTO gne_vale_ferreteria_mov (vfe_id,pro_codigo_plu,vfm_cantidad,vfm_unitario,vfm_total,vfm_entregado) VALUES (822,78017198,2,490,980,@@@NO@@@)','',2,'2013-05-28'),(18639,'INSERT INTO gne_vale_ferreteria (vfe_id,vfe_fecha,vfe_total,vfe_estado,vfe_entregado,usu_nusuario) VALUES (823,@@@2013.05.28@@@,250,1,0,@@@G_DIAZ@@@)','',2,'2013-05-28'),(18640,'INSERT INTO gne_vale_ferreteria_mov (vfe_id,pro_codigo_plu,vfm_cantidad,vfm_unitario,vfm_total,vfm_entregado) VALUES (823,78017105,1,250,250,@@@NO@@@)','',2,'2013-05-28'),(18641,'INSERT INTO gne_vale_ferreteria (vfe_id,vfe_fecha,vfe_total,vfe_estado,vfe_entregado,usu_nusuario) VALUES (824,@@@2013.05.28@@@,330,1,0,@@@G_DIAZ@@@)','',2,'2013-05-28'),(18642,'INSERT INTO gne_vale_ferreteria_mov (vfe_id,pro_codigo_plu,vfm_cantidad,vfm_unitario,vfm_total,vfm_entregado) VALUES (824,19918,1,330,330,@@@NO@@@)','',2,'2013-05-28'),(18643,'INSERT INTO gne_vale_ferreteria (vfe_id,vfe_fecha,vfe_total,vfe_estado,vfe_entregado,usu_nusuario) VALUES (825,@@@2013.05.28@@@,3230,1,0,@@@G_DIAZ@@@)','',2,'2013-05-28'),(18644,'INSERT INTO gne_vale_ferreteria_mov (vfe_id,pro_codigo_plu,vfm_cantidad,vfm_unitario,vfm_total,vfm_entregado) VALUES (825,763891,1,1130,1130,@@@NO@@@)','',2,'2013-05-28'),(18645,'INSERT INTO gne_vale_ferreteria_mov (vfe_id,pro_codigo_plu,vfm_cantidad,vfm_unitario,vfm_total,vfm_entregado) VALUES (825,763902,1,2100,2100,@@@NO@@@)','',2,'2013-05-28'),(18646,'INSERT INTO gne_vale_ferreteria (vfe_id,vfe_fecha,vfe_total,vfe_estado,vfe_entregado,usu_nusuario) VALUES (826,@@@2013.05.28@@@,600,1,0,@@@G_DIAZ@@@)','',2,'2013-05-28'),(18647,'INSERT INTO gne_vale_ferreteria_mov (vfe_id,pro_codigo_plu,vfm_cantidad,vfm_unitario,vfm_total,vfm_entregado) VALUES (826,78017110,4,150,600,@@@NO@@@)','',2,'2013-05-28'),(18648,'INSERT INTO gne_vale_ferreteria (vfe_id,vfe_fecha,vfe_total,vfe_estado,vfe_entregado,usu_nusuario) VALUES (827,@@@2013.05.28@@@,3290,1,0,@@@G_DIAZ@@@)','',2,'2013-05-28'),(18649,'INSERT INTO gne_vale_ferreteria_mov (vfe_id,pro_codigo_plu,vfm_cantidad,vfm_unitario,vfm_total,vfm_entregado) VALUES (827,764680,1,3290,3290,@@@NO@@@)','',2,'2013-05-28'),(18650,'INSERT INTO gne_vale_ferreteria (vfe_id,vfe_fecha,vfe_total,vfe_estado,vfe_entregado,usu_nusuario) VALUES (828,@@@2013.05.28@@@,330,1,0,@@@G_DIAZ@@@)','',2,'2013-05-28'),(18651,'INSERT INTO gne_vale_ferreteria_mov (vfe_id,pro_codigo_plu,vfm_cantidad,vfm_unitario,vfm_total,vfm_entregado) VALUES (828,764507,1,330,330,@@@NO@@@)','',2,'2013-05-28'),(18652,'INSERT INTO gne_vale_ferreteria (vfe_id,vfe_fecha,vfe_total,vfe_estado,vfe_entregado,usu_nusuario) VALUES (829,@@@2013.05.28@@@,390,1,0,@@@G_DIAZ@@@)','',2,'2013-05-28'),(18653,'INSERT INTO gne_vale_ferreteria_mov (vfe_id,pro_codigo_plu,vfm_cantidad,vfm_unitario,vfm_total,vfm_entregado) VALUES (829,4090,1,390,390,@@@NO@@@)','',2,'2013-05-28'),(18654,'INSERT INTO gne_vale_ferreteria (vfe_id,vfe_fecha,vfe_total,vfe_estado,vfe_entregado,usu_nusuario) VALUES (830,@@@2013.05.28@@@,1550,1,0,@@@G_DIAZ@@@)','',2,'2013-05-28'),(18655,'INSERT INTO gne_vale_ferreteria_mov (vfe_id,pro_codigo_plu,vfm_cantidad,vfm_unitario,vfm_total,vfm_entregado) VALUES (830,763627,1,1550,1550,@@@NO@@@)','',2,'2013-05-28'),(18656,'INSERT INTO gne_vale_ferreteria (vfe_id,vfe_fecha,vfe_total,vfe_estado,vfe_entregado,usu_nusuario) VALUES (831,@@@2013.05.28@@@,1380,1,0,@@@G_DIAZ@@@)','',2,'2013-05-28'),(18657,'INSERT INTO gne_vale_ferreteria_mov (vfe_id,pro_codigo_plu,vfm_cantidad,vfm_unitario,vfm_total,vfm_entregado) VALUES (831,763767,2,690,1380,@@@NO@@@)','',2,'2013-05-28'),(18658,'INSERT INTO gne_vale_ferreteria (vfe_id,vfe_fecha,vfe_total,vfe_estado,vfe_entregado,usu_nusuario) VALUES (832,@@@2013.05.28@@@,120,1,0,@@@G_DIAZ@@@)','',2,'2013-05-28'),(18659,'INSERT INTO gne_vale_ferreteria_mov (vfe_id,pro_codigo_plu,vfm_cantidad,vfm_unitario,vfm_total,vfm_entregado) VALUES (832,78017191,3,40,120,@@@NO@@@)','',2,'2013-05-28'),(18660,'INSERT INTO gne_vale_ferreteria (vfe_id,vfe_fecha,vfe_total,vfe_estado,vfe_entregado,usu_nusuario) VALUES (833,@@@2013.05.28@@@,100,1,0,@@@G_DIAZ@@@)','',2,'2013-05-28'),(18661,'INSERT INTO gne_vale_ferreteria_mov (vfe_id,pro_codigo_plu,vfm_cantidad,vfm_unitario,vfm_total,vfm_entregado) VALUES (833,764159,1,100,100,@@@NO@@@)','',2,'2013-05-28'),(18662,'INSERT INTO gne_vale_ferreteria (vfe_id,vfe_fecha,vfe_total,vfe_estado,vfe_entregado,usu_nusuario) VALUES (834,@@@2013.05.28@@@,440,1,0,@@@G_DIAZ@@@)','',2,'2013-05-28'),(18663,'INSERT INTO gne_vale_ferreteria_mov (vfe_id,pro_codigo_plu,vfm_cantidad,vfm_unitario,vfm_total,vfm_entregado) VALUES (834,764159,2,100,200,@@@NO@@@)','',2,'2013-05-28'),(18664,'INSERT INTO gne_vale_ferreteria_mov (vfe_id,pro_codigo_plu,vfm_cantidad,vfm_unitario,vfm_total,vfm_entregado) VALUES (834,1064,2,120,240,@@@NO@@@)','',2,'2013-05-28'),(18665,'INSERT INTO gne_vale_ferreteria (vfe_id,vfe_fecha,vfe_total,vfe_estado,vfe_entregado,usu_nusuario) VALUES (835,@@@2013.05.28@@@,250,1,0,@@@G_DIAZ@@@)','',2,'2013-05-28'),(18666,'INSERT INTO gne_vale_ferreteria_mov (vfe_id,pro_codigo_plu,vfm_cantidad,vfm_unitario,vfm_total,vfm_entregado) VALUES (835,8021,1,150,150,@@@NO@@@)','',2,'2013-05-28'),(18667,'INSERT INTO gne_vale_ferreteria_mov (vfe_id,pro_codigo_plu,vfm_cantidad,vfm_unitario,vfm_total,vfm_entregado) VALUES (835,764411,1,100,100,@@@NO@@@)','',2,'2013-05-28'),(18668,'INSERT INTO gne_vale_ferreteria (vfe_id,vfe_fecha,vfe_total,vfe_estado,vfe_entregado,usu_nusuario) VALUES (836,@@@2013.05.28@@@,830,1,0,@@@G_DIAZ@@@)','',2,'2013-05-28'),(18669,'INSERT INTO gne_vale_ferreteria_mov (vfe_id,pro_codigo_plu,vfm_cantidad,vfm_unitario,vfm_total,vfm_entregado) VALUES (836,4090,2,390,780,@@@NO@@@)','',2,'2013-05-28'),(18670,'INSERT INTO gne_vale_ferreteria_mov (vfe_id,pro_codigo_plu,vfm_cantidad,vfm_unitario,vfm_total,vfm_entregado) VALUES (836,13229,2,25,50,@@@NO@@@)','',2,'2013-05-28'),(18671,'INSERT INTO gne_vale_ferreteria (vfe_id,vfe_fecha,vfe_total,vfe_estado,vfe_entregado,usu_nusuario) VALUES (837,@@@2013.05.28@@@,320,1,0,@@@G_DIAZ@@@)','',2,'2013-05-28'),(18672,'INSERT INTO gne_vale_ferreteria_mov (vfe_id,pro_codigo_plu,vfm_cantidad,vfm_unitario,vfm_total,vfm_entregado) VALUES (837,16430,2,160,320,@@@NO@@@)','',2,'2013-05-28'),(18673,'INSERT INTO gne_vale_ferreteria (vfe_id,vfe_fecha,vfe_total,vfe_estado,vfe_entregado,usu_nusuario) VALUES (838,@@@2013.05.28@@@,790,1,0,@@@G_DIAZ@@@)','',2,'2013-05-28'),(18674,'INSERT INTO gne_vale_ferreteria_mov (vfe_id,pro_codigo_plu,vfm_cantidad,vfm_unitario,vfm_total,vfm_entregado) VALUES (838,101454,1,790,790,@@@NO@@@)','',2,'2013-05-28'),(18675,'INSERT INTO gne_vale_ferreteria (vfe_id,vfe_fecha,vfe_total,vfe_estado,vfe_entregado,usu_nusuario) VALUES (839,@@@2013.05.28@@@,1450,1,0,@@@G_DIAZ@@@)','',2,'2013-05-28'),(18676,'INSERT INTO gne_vale_ferreteria_mov (vfe_id,pro_codigo_plu,vfm_cantidad,vfm_unitario,vfm_total,vfm_entregado) VALUES (839,764507,1,330,330,@@@NO@@@)','',2,'2013-05-28'),(18677,'INSERT INTO gne_vale_ferreteria_mov (vfe_id,pro_codigo_plu,vfm_cantidad,vfm_unitario,vfm_total,vfm_entregado) VALUES (839,764826,2,250,500,@@@NO@@@)','',2,'2013-05-28'),(18678,'INSERT INTO gne_vale_ferreteria_mov (vfe_id,pro_codigo_plu,vfm_cantidad,vfm_unitario,vfm_total,vfm_entregado) VALUES (839,11378,1,620,620,@@@NO@@@)','',2,'2013-05-28'),(18679,'INSERT INTO mae_productos (pro_codigo_plu,pro_codigo_barra,pro_tipo,pro_nombre_producto,pro_nombre_corto,med_id,emb_id,pro_unidades_embalaje,dep_id,lin_id,mar_id,pro_precio_compra_neto,pro_precio_compra_bruto,pro_precio_venta,pro_margen_actual,pro_oferta,pro_fecha_inicio_oferta,pro_fecha_termino_oferta,pro_precio_oferta,pro_stock_minimo,pro_stock_critico,pro_entradas_bodega,pro_salidas_bodega,pro_mermas_bodega,pro_ajustes_bodega,pro_entradas_sv,pro_salidas_sv,pro_mermas_sv,pro_ajustes_sv,pro_activo,rec_numero,pro_unidad,pro_capacidad,pro_consumo_bodega,pro_consumo_sv,pro_estado,pro_funcion_plu,pro_flejes,pro_iva,pro_plu_asociado,pro_envase,pro_duracion,pro_numero_etiqueta) VALUES (780220095,@@@780220095@@@,@@@0@@@,@@@TIZA BLANCA 12 UND CAJA@@@,@@@TIZA BLANCA 12 U@@@,@@@1 @@@,@@@3 @@@,@@@0@@@,@@@24 @@@,@@@137@@@,@@@2407@@@,@@@0@@@,@@@0@@@,@@@300@@@,@@@0@@@,@@@@@@,@@@2013.05.28@@@,@@@2013.05.28@@@,@@@0@@@,@@@0@@@,@@@0@@@,@@@0@@@,@@@0@@@,@@@0@@@,@@@0@@@,@@@0@@@,@@@0@@@,@@@0@@@,@@@0@@@,@@@1@@@,@@@0@@@,0,1,0,0,2,0,1,1,0,@@@NO@@@,0,0)','',2,'2013-05-28'),(18680,'DELETE FROM mae_impuestos_productos WHERE pro_codigo_plu=@@@780220095@@@','',2,'2013-05-28'),(18681,'UPDATE mae_productos SET pro_codigo_barra=@@@1001@@@,pro_tipo=@@@0@@@,pro_nombre_producto=@@@PAN CORRIENTE@@@,pro_nombre_corto=@@@PAN CORRIENTE@@@,med_id=@@@1@@@,emb_id=@@@1@@@,pro_unidades_embalaje=@@@1@@@,dep_id=@@@14 @@@,lin_id=@@@164@@@,mar_id=@@@2507@@@,pro_precio_compra_neto=@@@0@@@,pro_precio_compra_bruto=@@@0@@@,pro_precio_venta=@@@899@@@,pro_margen_actual=@@@1@@@,pro_oferta=@@@NO@@@,pro_fecha_inicio_oferta=@@@1900.01.01@@@,pro_fecha_termino_oferta=@@@1900.01.01@@@,pro_precio_oferta=@@@0@@@,pro_stock_minimo=@@@1@@@,pro_stock_critico=@@@1@@@,pro_activo=@@@1@@@,pro_unidad=@@@1@@@,pro_precio_compra_bruto=0,pro_margen_actual=1,pro_capacidad=1,pro_funcion_plu=1,pro_flejes=0,pro_iva=1,pro_plu_asociado=0,pro_envase=@@@NO@@@,pro_duracion=0,pro_numero_etiqueta=2 WHERE pro_codigo_plu=@@@1001@@@','',2,'2013-05-28'),(18682,'UPDATE mae_productos SET pro_estado=1 WHERE pro_codigo_plu=1001','',2,'2013-05-28'),(18683,'DELETE FROM mae_impuestos_productos WHERE pro_codigo_plu=@@@1001@@@','',2,'2013-05-28'),(18684,'INSERT INTO mae_productos (pro_codigo_plu,pro_codigo_barra,pro_tipo,pro_nombre_producto,pro_nombre_corto,med_id,emb_id,pro_unidades_embalaje,dep_id,lin_id,mar_id,pro_precio_compra_neto,pro_precio_compra_bruto,pro_precio_venta,pro_margen_actual,pro_oferta,pro_fecha_inicio_oferta,pro_fecha_termino_oferta,pro_precio_oferta,pro_stock_minimo,pro_stock_critico,pro_entradas_bodega,pro_salidas_bodega,pro_mermas_bodega,pro_ajustes_bodega,pro_entradas_sv,pro_salidas_sv,pro_mermas_sv,pro_ajustes_sv,pro_activo,rec_numero,pro_unidad,pro_capacidad,pro_consumo_bodega,pro_consumo_sv,pro_estado,pro_funcion_plu,pro_flejes,pro_iva,pro_plu_asociado,pro_envase,pro_duracion,pro_numero_etiqueta) VALUES (780220096,@@@7807210041051@@@,@@@0@@@,@@@TIZA COLOR 12 UND CAJA@@@,@@@TIZA COLOR 12 UN@@@,@@@1 @@@,@@@3 @@@,@@@0@@@,@@@24 @@@,@@@137@@@,@@@2407@@@,@@@0@@@,@@@0@@@,@@@300@@@,@@@0@@@,@@@@@@,@@@2013.05.28@@@,@@@2013.05.28@@@,@@@0@@@,@@@0@@@,@@@0@@@,@@@0@@@,@@@0@@@,@@@0@@@,@@@0@@@,@@@0@@@,@@@0@@@,@@@0@@@,@@@0@@@,@@@1@@@,@@@0@@@,0,1,0,0,2,0,1,1,0,@@@NO@@@,0,0)','',2,'2013-05-28'),(18685,'DELETE FROM mae_impuestos_productos WHERE pro_codigo_plu=@@@780220096@@@','',2,'2013-05-28'),(18686,'INSERT INTO gne_vale_ferreteria (vfe_id,vfe_fecha,vfe_total,vfe_estado,vfe_entregado,usu_nusuario) VALUES (840,@@@2013.05.28@@@,390,1,0,@@@G_DIAZ@@@)','',2,'2013-05-29'),(18687,'INSERT INTO gne_vale_ferreteria_mov (vfe_id,pro_codigo_plu,vfm_cantidad,vfm_unitario,vfm_total,vfm_entregado) VALUES (840,764207,1,390,390,@@@NO@@@)','',2,'2013-05-29'),(18688,'INSERT INTO gne_vale_ferreteria (vfe_id,vfe_fecha,vfe_total,vfe_estado,vfe_entregado,usu_nusuario) VALUES (841,@@@2013.05.28@@@,640,1,0,@@@G_DIAZ@@@)','',2,'2013-05-29'),(18689,'INSERT INTO gne_vale_ferreteria_mov (vfe_id,pro_codigo_plu,vfm_cantidad,vfm_unitario,vfm_total,vfm_entregado) VALUES (841,8022,1,120,120,@@@NO@@@)','',2,'2013-05-29'),(18690,'INSERT INTO gne_vale_ferreteria_mov (vfe_id,pro_codigo_plu,vfm_cantidad,vfm_unitario,vfm_total,vfm_entregado) VALUES (841,764269,1,400,400,@@@NO@@@)','',2,'2013-05-29'),(18691,'INSERT INTO gne_vale_ferreteria_mov (vfe_id,pro_codigo_plu,vfm_cantidad,vfm_unitario,vfm_total,vfm_entregado) VALUES (841,78017204,1,120,120,@@@NO@@@)','',2,'2013-05-29'),(18692,'INSERT INTO gne_vale_ferreteria (vfe_id,vfe_fecha,vfe_total,vfe_estado,vfe_entregado,usu_nusuario) VALUES (842,@@@2013.05.28@@@,610,1,0,@@@G_DIAZ@@@)','',2,'2013-05-29'),(18693,'INSERT INTO gne_vale_ferreteria_mov (vfe_id,pro_codigo_plu,vfm_cantidad,vfm_unitario,vfm_total,vfm_entregado) VALUES (842,761962,1,450,450,@@@NO@@@)','',2,'2013-05-29'),(18694,'INSERT INTO gne_vale_ferreteria_mov (vfe_id,pro_codigo_plu,vfm_cantidad,vfm_unitario,vfm_total,vfm_entregado) VALUES (842,16430,1,160,160,@@@NO@@@)','',2,'2013-05-29'),(18695,'INSERT INTO gne_vale_ferreteria (vfe_id,vfe_fecha,vfe_total,vfe_estado,vfe_entregado,usu_nusuario) VALUES (843,@@@2013.05.28@@@,120,1,0,@@@G_DIAZ@@@)','',2,'2013-05-29'),(18696,'INSERT INTO gne_vale_ferreteria_mov (vfe_id,pro_codigo_plu,vfm_cantidad,vfm_unitario,vfm_total,vfm_entregado) VALUES (843,78017191,3,40,120,@@@NO@@@)','',2,'2013-05-29'),(18697,'INSERT INTO gne_vale_ferreteria (vfe_id,vfe_fecha,vfe_total,vfe_estado,vfe_entregado,usu_nusuario) VALUES (844,@@@2013.05.28@@@,160,1,0,@@@G_DIAZ@@@)','',2,'2013-05-29'),(18698,'INSERT INTO gne_vale_ferreteria_mov (vfe_id,pro_codigo_plu,vfm_cantidad,vfm_unitario,vfm_total,vfm_entregado) VALUES (844,78017191,4,40,160,@@@NO@@@)','',2,'2013-05-29'),(18699,'INSERT INTO gne_vale_ferreteria (vfe_id,vfe_fecha,vfe_total,vfe_estado,vfe_entregado,usu_nusuario) VALUES (845,@@@2013.05.28@@@,360,1,0,@@@G_DIAZ@@@)','',2,'2013-05-29'),(18700,'INSERT INTO gne_vale_ferreteria_mov (vfe_id,pro_codigo_plu,vfm_cantidad,vfm_unitario,vfm_total,vfm_entregado) VALUES (845,1064,2,120,240,@@@NO@@@)','',2,'2013-05-29'),(18701,'INSERT INTO gne_vale_ferreteria_mov (vfe_id,pro_codigo_plu,vfm_cantidad,vfm_unitario,vfm_total,vfm_entregado) VALUES (845,78017204,1,120,120,@@@NO@@@)','',2,'2013-05-29'),(18702,'INSERT INTO gne_vale_ferreteria (vfe_id,vfe_fecha,vfe_total,vfe_estado,vfe_entregado,usu_nusuario) VALUES (846,@@@2013.05.28@@@,2880,1,0,@@@G_DIAZ@@@)','',2,'2013-05-29'),(18703,'INSERT INTO gne_vale_ferreteria_mov (vfe_id,pro_codigo_plu,vfm_cantidad,vfm_unitario,vfm_total,vfm_entregado) VALUES (846,764603,1,1390,1390,@@@NO@@@)','',2,'2013-05-29'),(18704,'INSERT INTO gne_vale_ferreteria_mov (vfe_id,pro_codigo_plu,vfm_cantidad,vfm_unitario,vfm_total,vfm_entregado) VALUES (846,764955,1,1490,1490,@@@NO@@@)','',2,'2013-05-29'),(18705,'INSERT INTO gne_vale_ferreteria (vfe_id,vfe_fecha,vfe_total,vfe_estado,vfe_entregado,usu_nusuario) VALUES (847,@@@2013.05.28@@@,150,1,0,@@@G_DIAZ@@@)','',2,'2013-05-29'),(18706,'INSERT INTO gne_vale_ferreteria_mov (vfe_id,pro_codigo_plu,vfm_cantidad,vfm_unitario,vfm_total,vfm_entregado) VALUES (847,8021,1,150,150,@@@NO@@@)','',2,'2013-05-29'),(18707,'INSERT INTO gne_vale_ferreteria (vfe_id,vfe_fecha,vfe_total,vfe_estado,vfe_entregado,usu_nusuario) VALUES (848,@@@2013.05.28@@@,200,1,0,@@@G_DIAZ@@@)','',2,'2013-05-29'),(18708,'INSERT INTO gne_vale_ferreteria_mov (vfe_id,pro_codigo_plu,vfm_cantidad,vfm_unitario,vfm_total,vfm_entregado) VALUES (848,78017194,1,200,200,@@@NO@@@)','',2,'2013-05-29'),(18709,'INSERT INTO gne_vale_ferreteria (vfe_id,vfe_fecha,vfe_total,vfe_estado,vfe_entregado,usu_nusuario) VALUES (849,@@@2013.05.28@@@,200,1,0,@@@G_DIAZ@@@)','',2,'2013-05-29'),(18710,'INSERT INTO gne_vale_ferreteria_mov (vfe_id,pro_codigo_plu,vfm_cantidad,vfm_unitario,vfm_total,vfm_entregado) VALUES (849,78017190,2,100,200,@@@NO@@@)','',2,'2013-05-29'),(18711,'INSERT INTO gne_vale_ferreteria (vfe_id,vfe_fecha,vfe_total,vfe_estado,vfe_entregado,usu_nusuario) VALUES (850,@@@2013.05.28@@@,260,1,0,@@@G_DIAZ@@@)','',2,'2013-05-29'),(18712,'INSERT INTO gne_vale_ferreteria_mov (vfe_id,pro_codigo_plu,vfm_cantidad,vfm_unitario,vfm_total,vfm_entregado) VALUES (850,764134,1,260,260,@@@NO@@@)','',2,'2013-05-29'),(18713,'INSERT INTO gne_vale_ferreteria (vfe_id,vfe_fecha,vfe_total,vfe_estado,vfe_entregado,usu_nusuario) VALUES (851,@@@2013.05.28@@@,200,1,0,@@@G_DIAZ@@@)','',2,'2013-05-29'),(18714,'INSERT INTO gne_vale_ferreteria_mov (vfe_id,pro_codigo_plu,vfm_cantidad,vfm_unitario,vfm_total,vfm_entregado) VALUES (851,1040,1,200,200,@@@NO@@@)','',2,'2013-05-29'),(18715,'INSERT INTO gne_vale_ferreteria (vfe_id,vfe_fecha,vfe_total,vfe_estado,vfe_entregado,usu_nusuario) VALUES (852,@@@2013.05.28@@@,990,1,0,@@@G_DIAZ@@@)','',2,'2013-05-29'),(18716,'INSERT INTO gne_vale_ferreteria_mov (vfe_id,pro_codigo_plu,vfm_cantidad,vfm_unitario,vfm_total,vfm_entregado) VALUES (852,2008,1,990,990,@@@NO@@@)','',2,'2013-05-29'),(18717,'INSERT INTO gne_vale_ferreteria (vfe_id,vfe_fecha,vfe_total,vfe_estado,vfe_entregado,usu_nusuario) VALUES (853,@@@2013.05.28@@@,120,1,0,@@@G_DIAZ@@@)','',2,'2013-05-29'),(18718,'INSERT INTO gne_vale_ferreteria_mov (vfe_id,pro_codigo_plu,vfm_cantidad,vfm_unitario,vfm_total,vfm_entregado) VALUES (853,4080,3,40,120,@@@NO@@@)','',2,'2013-05-29'),(18719,'INSERT INTO gne_vale_ferreteria (vfe_id,vfe_fecha,vfe_total,vfe_estado,vfe_entregado,usu_nusuario) VALUES (854,@@@2013.05.28@@@,650,1,0,@@@G_DIAZ@@@)','',2,'2013-05-29'),(18720,'INSERT INTO gne_vale_ferreteria_mov (vfe_id,pro_codigo_plu,vfm_cantidad,vfm_unitario,vfm_total,vfm_entregado) VALUES (854,764834,10,20,200,@@@NO@@@)','',2,'2013-05-29'),(18721,'INSERT INTO gne_vale_ferreteria_mov (vfe_id,pro_codigo_plu,vfm_cantidad,vfm_unitario,vfm_total,vfm_entregado) VALUES (854,4080,3,40,120,@@@NO@@@)','',2,'2013-05-29'),(18722,'INSERT INTO gne_vale_ferreteria_mov (vfe_id,pro_codigo_plu,vfm_cantidad,vfm_unitario,vfm_total,vfm_entregado) VALUES (854,764507,1,330,330,@@@NO@@@)','',2,'2013-05-29'),(18723,'INSERT INTO gne_vale_ferreteria (vfe_id,vfe_fecha,vfe_total,vfe_estado,vfe_entregado,usu_nusuario) VALUES (855,@@@2013.05.28@@@,530,1,0,@@@G_DIAZ@@@)','',2,'2013-05-29'),(18724,'INSERT INTO gne_vale_ferreteria_mov (vfe_id,pro_codigo_plu,vfm_cantidad,vfm_unitario,vfm_total,vfm_entregado) VALUES (855,764366,1,360,360,@@@NO@@@)','',2,'2013-05-29'),(18725,'INSERT INTO gne_vale_ferreteria_mov (vfe_id,pro_codigo_plu,vfm_cantidad,vfm_unitario,vfm_total,vfm_entregado) VALUES (855,764367,1,170,170,@@@NO@@@)','',2,'2013-05-29'),(18726,'INSERT INTO gne_vale_ferreteria (vfe_id,vfe_fecha,vfe_total,vfe_estado,vfe_entregado,usu_nusuario) VALUES (856,@@@2013.05.28@@@,120,1,0,@@@G_DIAZ@@@)','',2,'2013-05-29'),(18727,'INSERT INTO gne_vale_ferreteria_mov (vfe_id,pro_codigo_plu,vfm_cantidad,vfm_unitario,vfm_total,vfm_entregado) VALUES (856,8022,1,120,120,@@@NO@@@)','',2,'2013-05-29'),(18728,'INSERT INTO gne_vale_ferreteria (vfe_id,vfe_fecha,vfe_total,vfe_estado,vfe_entregado,usu_nusuario) VALUES (857,@@@2013.05.28@@@,590,1,0,@@@G_DIAZ@@@)','',2,'2013-05-29'),(18729,'INSERT INTO gne_vale_ferreteria_mov (vfe_id,pro_codigo_plu,vfm_cantidad,vfm_unitario,vfm_total,vfm_entregado) VALUES (857,4098,1,590,590,@@@NO@@@)','',2,'2013-05-29'),(18730,'INSERT INTO gne_vale_ferreteria (vfe_id,vfe_fecha,vfe_total,vfe_estado,vfe_entregado,usu_nusuario) VALUES (858,@@@2013.05.28@@@,1990,1,0,@@@G_DIAZ@@@)','',2,'2013-05-29'),(18731,'INSERT INTO gne_vale_ferreteria_mov (vfe_id,pro_codigo_plu,vfm_cantidad,vfm_unitario,vfm_total,vfm_entregado) VALUES (858,764986,1,1990,1990,@@@NO@@@)','',2,'2013-05-29'),(18732,'INSERT INTO gne_vale_ferreteria (vfe_id,vfe_fecha,vfe_total,vfe_estado,vfe_entregado,usu_nusuario) VALUES (859,@@@2013.05.28@@@,380,1,0,@@@G_DIAZ@@@)','',2,'2013-05-29'),(18733,'INSERT INTO gne_vale_ferreteria_mov (vfe_id,pro_codigo_plu,vfm_cantidad,vfm_unitario,vfm_total,vfm_entregado) VALUES (859,764134,1,260,260,@@@NO@@@)','',2,'2013-05-29'),(18734,'INSERT INTO gne_vale_ferreteria_mov (vfe_id,pro_codigo_plu,vfm_cantidad,vfm_unitario,vfm_total,vfm_entregado) VALUES (859,1064,1,120,120,@@@NO@@@)','',2,'2013-05-29'),(18735,'INSERT INTO gne_vale_ferreteria (vfe_id,vfe_fecha,vfe_total,vfe_estado,vfe_entregado,usu_nusuario) VALUES (860,@@@2013.05.28@@@,190,1,0,@@@G_DIAZ@@@)','',2,'2013-05-29'),(18736,'INSERT INTO gne_vale_ferreteria_mov (vfe_id,pro_codigo_plu,vfm_cantidad,vfm_unitario,vfm_total,vfm_entregado) VALUES (860,1067,1,190,190,@@@NO@@@)','',2,'2013-05-29'),(18737,'UPDATE mae_productos SET pro_precio_fiscal=pro_precio_venta WHERE pro_codigo_plu=780220094','',2,'2013-05-29'),(18738,'UPDATE mae_productos SET pro_precio_fiscal=pro_precio_venta WHERE pro_codigo_plu=780220095','',2,'2013-05-29'),(18739,'UPDATE mae_productos SET pro_precio_fiscal=pro_precio_venta WHERE pro_codigo_plu=780220096','',2,'2013-05-29'),(18740,'INSERT INTO gne_vale_ferreteria (vfe_id,vfe_fecha,vfe_total,vfe_estado,vfe_entregado,usu_nusuario) VALUES (861,@@@2013.05.28@@@,150,1,0,@@@G_DIAZ@@@)','',2,'2013-05-29'),(18741,'INSERT INTO gne_vale_ferreteria_mov (vfe_id,pro_codigo_plu,vfm_cantidad,vfm_unitario,vfm_total,vfm_entregado) VALUES (861,78017018,1,150,150,@@@NO@@@)','',2,'2013-05-29'),(18742,'UPDATE mae_cajeros SET cro_nombre = @@@SOLANGE BIZAMA@@@,cro_password=@@@corsa@@@,cro_activo=@@@SI@@@,cro_codigo=1 WHERE cro_nusuario =@@@S_BIZAMA@@@','',2,'2013-05-29'),(18743,'UPDATE mae_cajeros SET cro_nombre = @@@SOLANGE BIZAMA@@@,cro_password=@@@corsa@@@,cro_activo=@@@SI@@@,cro_codigo=1 WHERE cro_nusuario =@@@S_BIZAMA@@@','',2,'2013-05-29'),(18744,'UPDATE mae_datos_empresa SET emp_rut=@@@10162956-2@@@,emp_razon_social=@@@SOFIA DE LA CRUZ DIAZ FERNANDEZ@@@,emp_sucursal=@@@MATRIZ@@@,emp_giro=@@@SUPERMERCADOS@@@,emp_direccion=@@@AV. SAN GREGORIO 15@@@,emp_ciudad=@@@NACIMIENTO@@@,emp_telefono=@@@511706@@@,emp_mail=@@@UNICONACIMIENTO@GMAIL.COM@@@,emp_mail_gerencia_comercial=@@@@@@,emp_mail_gerencia_operaciones=@@@@@@,emp_mail_gerencia_sistemas=@@@@@@,emp_nombre_administrador=@@@SUPERMERCADO UNICO@@@,emp_direccion_sala=@@@AV. SAN GREGORIO 15@@@,emp_ciudad_sala=@@@NACIMIENTO@@@,emp_utm=40005,emp_telefono_sala=@@@511706@@@,emp_fax_sala=@@@511706@@@,emp_mail_sala=@@@UNICONACIMIENTO@GMAIL.COM@@@,emp_cta_efectivo=@@@0@@@,emp_cta_cheque=@@@0@@@,emp_cta_ventas=@@@0@@@,emp_cta_t_credito=@@@0@@@,emp_cta_t_debito=@@@0@@@,emp_cta_p_acumulados=@@@0@@@,emp_cta_descuento=@@@0@@@,emp_cta_cliente=@@@0@@@,emp_cta_funcionario=@@@0@@@,emp_cta_apoyo=@@@0@@@','',2,'2013-05-29'),(18745,'UPDATE mae_datos_empresa SET emp_entradas_compras=@@@0@@@,emp_entradas_pack=@@@0@@@,emp_entradas_preparados=@@@0@@@,emp_salidas_pi_pack=@@@0@@@,emp_salidas_pi_preparados=@@@0@@@,emp_iva=19,emp_lineas_facturas=18,emp_lineas_guias=18,emp_lineas_nc=@@@12@@@,emp_minimo_nc=@@@500@@@,emp_codigo_ferreteria=0,emp_codigo_cigarrillos=21,emp_path_flejes=@@@//Hugo-PC/flejes@@@,emp_path_balanzas=@@@C:/@@@,emp_path_precios=@@@//secretaria/C/UX60/CORREO@@@,emp_path_ventas=@@@//secretaria/C/UX60@@@,emp_cta_mercaderias=0,emp_cta_iva=0,emp_cta_excento=0,emp_cta_harina=0,emp_cta_especifico=0,emp_cta_carne=0,emp_cta_ila=0,emp_cta_proveedor=0,emp_registradora=3,emp_funcionamiento=0,emp_codigo_queseria=0,emp_codigo_roticeria=3,emp_com=@@@COM1@@@,emp_baudios=@@@9600@@@,emp_total_cajas=3','',2,'2013-05-29'),(18746,'INSERT INTO mae_departamento (dep_id,dep_nombre,dep_porcentaje_margen,dep_oferta,cco_id) VALUES (@@@40@@@,@@@COMODIN@@@,@@@100@@@,@@@NO@@@,0)','',2,'2013-05-29'),(18747,'UPDATE mae_datos_empresa SET emp_rut=@@@10162956-2@@@,emp_razon_social=@@@SOFIA DE LA CRUZ DIAZ FERNANDEZ@@@,emp_sucursal=@@@MATRIZ@@@,emp_giro=@@@SUPERMERCADOS@@@,emp_direccion=@@@AV. SAN GREGORIO 15@@@,emp_ciudad=@@@NACIMIENTO@@@,emp_telefono=@@@511706@@@,emp_mail=@@@UNICONACIMIENTO@GMAIL.COM@@@,emp_mail_gerencia_comercial=@@@@@@,emp_mail_gerencia_operaciones=@@@@@@,emp_mail_gerencia_sistemas=@@@@@@,emp_nombre_administrador=@@@SUPERMERCADO UNICO@@@,emp_direccion_sala=@@@AV. SAN GREGORIO 15@@@,emp_ciudad_sala=@@@NACIMIENTO@@@,emp_utm=40005,emp_telefono_sala=@@@511706@@@,emp_fax_sala=@@@511706@@@,emp_mail_sala=@@@UNICONACIMIENTO@GMAIL.COM@@@,emp_cta_efectivo=@@@0@@@,emp_cta_cheque=@@@0@@@,emp_cta_ventas=@@@0@@@,emp_cta_t_credito=@@@0@@@,emp_cta_t_debito=@@@0@@@,emp_cta_p_acumulados=@@@0@@@,emp_cta_descuento=@@@0@@@,emp_cta_cliente=@@@0@@@,emp_cta_funcionario=@@@0@@@,emp_cta_apoyo=@@@0@@@','',2,'2013-05-29'),(18748,'UPDATE mae_datos_empresa SET emp_entradas_compras=@@@0@@@,emp_entradas_pack=@@@0@@@,emp_entradas_preparados=@@@0@@@,emp_salidas_pi_pack=@@@0@@@,emp_salidas_pi_preparados=@@@0@@@,emp_iva=19,emp_lineas_facturas=18,emp_lineas_guias=18,emp_lineas_nc=@@@12@@@,emp_minimo_nc=@@@500@@@,emp_codigo_ferreteria=0,emp_codigo_cigarrillos=21,emp_path_flejes=@@@//Hugo-PC/flejes@@@,emp_path_balanzas=@@@C:/@@@,emp_path_precios=@@@//secretaria/C/UX60/CORREO@@@,emp_path_ventas=@@@//secretaria/C/UX60@@@,emp_cta_mercaderias=0,emp_cta_iva=0,emp_cta_excento=0,emp_cta_harina=0,emp_cta_especifico=0,emp_cta_carne=0,emp_cta_ila=0,emp_cta_proveedor=0,emp_registradora=3,emp_funcionamiento=0,emp_codigo_queseria=0,emp_codigo_roticeria=3,emp_com=@@@COM1@@@,emp_baudios=@@@9600@@@,emp_total_cajas=3','',2,'2013-05-29'),(18749,'INSERT INTO mae_productos (pro_codigo_plu,pro_codigo_barra,pro_tipo,pro_nombre_producto,pro_nombre_corto,med_id,emb_id,pro_unidades_embalaje,dep_id,lin_id,mar_id,pro_precio_compra_neto,pro_precio_compra_bruto,pro_precio_venta,pro_margen_actual,pro_oferta,pro_fecha_inicio_oferta,pro_fecha_termino_oferta,pro_precio_oferta,pro_stock_minimo,pro_stock_critico,pro_entradas_bodega,pro_salidas_bodega,pro_mermas_bodega,pro_ajustes_bodega,pro_entradas_sv,pro_salidas_sv,pro_mermas_sv,pro_ajustes_sv,pro_activo,rec_numero,pro_unidad,pro_capacidad,pro_consumo_bodega,pro_consumo_sv,pro_estado,pro_funcion_plu,pro_flejes,pro_iva,pro_plu_asociado,pro_envase,pro_duracion,pro_numero_etiqueta) VALUES (780220097,@@@7809604505019@@@,@@@0@@@,@@@PRESERVATIVO 3 UND SENSORPLUS @@@,@@@PRESERVATIVO 3 U@@@,@@@1 @@@,@@@3 @@@,@@@0@@@,@@@2 @@@,@@@41@@@,@@@2667@@@,@@@0@@@,@@@0@@@,@@@1990@@@,@@@0@@@,@@@@@@,@@@2013.05.28@@@,@@@2013.05.28@@@,@@@0@@@,@@@0@@@,@@@0@@@,@@@0@@@,@@@0@@@,@@@0@@@,@@@0@@@,@@@0@@@,@@@0@@@,@@@0@@@,@@@0@@@,@@@1@@@,@@@0@@@,0,3,0,0,2,0,1,1,0,@@@NO@@@,0,0)','',2,'2013-05-29'),(18750,'DELETE FROM mae_impuestos_productos WHERE pro_codigo_plu=@@@780220097@@@','',2,'2013-05-29'),(18751,'UPDATE mae_productos SET pro_codigo_barra=@@@7613031651382@@@,pro_tipo=@@@0@@@,pro_nombre_producto=@@@GALLETA MCKAY MINI MUSEO VAINILLA 40GR.@@@,pro_nombre_corto=@@@GALLETA MCKAY MI@@@,med_id=@@@5@@@,emb_id=@@@3@@@,pro_unidades_embalaje=@@@42@@@,dep_id=@@@32 @@@,lin_id=@@@18@@@,mar_id=@@@1889@@@,pro_precio_compra_neto=@@@0@@@,pro_precio_compra_bruto=@@@0@@@,pro_precio_venta=@@@130@@@,pro_margen_actual=@@@0@@@,pro_oferta=@@@NO@@@,pro_fecha_inicio_oferta=@@@2006.09.07@@@,pro_fecha_termino_oferta=@@@2006.09.07@@@,pro_precio_oferta=@@@0@@@,pro_stock_minimo=@@@42@@@,pro_stock_critico=@@@21@@@,pro_activo=@@@1@@@,pro_unidad=@@@0@@@,pro_precio_compra_bruto=0,pro_margen_actual=0,pro_capacidad=0.04,pro_funcion_plu=0,pro_flejes=1,pro_iva=1,pro_plu_asociado=0,pro_envase=@@@NO@@@,pro_duracion=0,pro_numero_etiqueta=0 WHERE pro_codigo_plu=@@@101698@@@','',2,'2013-05-29'),(18752,'UPDATE mae_productos SET pro_estado=1 WHERE pro_codigo_plu=101698','',2,'2013-05-29'),(18753,'DELETE FROM mae_impuestos_productos WHERE pro_codigo_plu=@@@101698@@@','',2,'2013-05-29'),(18754,'UPDATE mae_datos_empresa SET emp_rut=@@@10162956-2@@@,emp_razon_social=@@@SOFIA DE LA CRUZ DIAZ FERNANDEZ@@@,emp_sucursal=@@@MATRIZ@@@,emp_giro=@@@SUPERMERCADOS@@@,emp_direccion=@@@AV. SAN GREGORIO 15@@@,emp_ciudad=@@@NACIMIENTO@@@,emp_telefono=@@@511706@@@,emp_mail=@@@UNICONACIMIENTO@GMAIL.COM@@@,emp_mail_gerencia_comercial=@@@@@@,emp_mail_gerencia_operaciones=@@@@@@,emp_mail_gerencia_sistemas=@@@@@@,emp_nombre_administrador=@@@SUPERMERCADO UNICO@@@,emp_direccion_sala=@@@AV. SAN GREGORIO 15@@@,emp_ciudad_sala=@@@NACIMIENTO@@@,emp_utm=40005,emp_telefono_sala=@@@511706@@@,emp_fax_sala=@@@511706@@@,emp_mail_sala=@@@UNICONACIMIENTO@GMAIL.COM@@@,emp_cta_efectivo=@@@0@@@,emp_cta_cheque=@@@0@@@,emp_cta_ventas=@@@0@@@,emp_cta_t_credito=@@@0@@@,emp_cta_t_debito=@@@0@@@,emp_cta_p_acumulados=@@@0@@@,emp_cta_descuento=@@@0@@@,emp_cta_cliente=@@@0@@@,emp_cta_funcionario=@@@0@@@,emp_cta_apoyo=@@@0@@@','',2,'2013-05-29'),(18755,'UPDATE mae_datos_empresa SET emp_entradas_compras=@@@0@@@,emp_entradas_pack=@@@0@@@,emp_entradas_preparados=@@@0@@@,emp_salidas_pi_pack=@@@0@@@,emp_salidas_pi_preparados=@@@0@@@,emp_iva=19,emp_lineas_facturas=18,emp_lineas_guias=18,emp_lineas_nc=@@@12@@@,emp_minimo_nc=@@@500@@@,emp_codigo_ferreteria=0,emp_codigo_cigarrillos=21,emp_path_flejes=@@@//Hugo-PC/flejes@@@,emp_path_balanzas=@@@C:/@@@,emp_path_precios=@@@//secretaria/C/UX60/CORREO@@@,emp_path_ventas=@@@//secretaria/C/UX60@@@,emp_cta_mercaderias=0,emp_cta_iva=0,emp_cta_excento=0,emp_cta_harina=0,emp_cta_especifico=0,emp_cta_carne=0,emp_cta_ila=0,emp_cta_proveedor=0,emp_registradora=3,emp_funcionamiento=0,emp_codigo_queseria=0,emp_codigo_roticeria=3,emp_com=@@@COM1@@@,emp_baudios=@@@9600@@@,emp_total_cajas=3','',2,'2013-05-29'),(18756,'UPDATE mae_productos SET pro_precio_fiscal=pro_precio_venta WHERE pro_codigo_plu=101698','',2,'2013-05-29'),(18757,'UPDATE mae_productos SET pro_precio_fiscal=pro_precio_venta WHERE pro_codigo_plu=780220097','',2,'2013-05-29'),(18758,'UPDATE mae_productos SET pro_margen_actual=0,pro_precio_venta=990 WHERE pro_codigo_plu=765062','',2,'2013-05-29'),(18759,'UPDATE mae_productos SET pro_margen_actual=0,pro_precio_venta=899 WHERE pro_codigo_plu=1001','',2,'2013-05-29'),(18760,'UPDATE mae_productos SET pro_margen_actual=0,pro_precio_venta=990 WHERE pro_codigo_plu=780220097','',2,'2013-05-29'),(18761,'UPDATE mae_productos SET pro_precio_fiscal=pro_precio_venta WHERE pro_codigo_plu=780220097','',2,'2013-05-29'),(18762,'UPDATE mae_productos SET pro_codigo_barra=@@@2500@@@,pro_tipo=@@@0@@@,pro_nombre_producto=@@@COMODIN ??@@@,pro_nombre_corto=@@@COMODIN ??@@@,med_id=@@@1@@@,emb_id=@@@3@@@,pro_unidades_embalaje=@@@0@@@,dep_id=@@@40 @@@,lin_id=@@@208@@@,mar_id=@@@2507@@@,pro_precio_compra_neto=@@@1@@@,pro_precio_compra_bruto=@@@1@@@,pro_precio_venta=@@@1@@@,pro_margen_actual=@@@0@@@,pro_oferta=@@@NO@@@,pro_fecha_inicio_oferta=@@@2013.05.22@@@,pro_fecha_termino_oferta=@@@2013.05.22@@@,pro_precio_oferta=@@@0@@@,pro_stock_minimo=@@@0@@@,pro_stock_critico=@@@0@@@,pro_activo=@@@1@@@,pro_unidad=@@@1@@@,pro_precio_compra_bruto=1,pro_margen_actual=0,pro_capacidad=1,pro_funcion_plu=2,pro_flejes=1,pro_iva=1,pro_plu_asociado=0,pro_envase=@@@NO@@@,pro_duracion=5,pro_numero_etiqueta=2 WHERE pro_codigo_plu=@@@2500@@@','',2,'2013-05-29'),(18763,'UPDATE mae_productos SET pro_estado=1 WHERE pro_codigo_plu=2500','',2,'2013-05-29'),(18764,'DELETE FROM mae_impuestos_productos WHERE pro_codigo_plu=@@@2500@@@','',2,'2013-05-29'),(18765,'UPDATE mae_productos SET pro_codigo_barra=@@@2500@@@,pro_tipo=@@@0@@@,pro_nombre_producto=@@@COMODIN ??@@@,pro_nombre_corto=@@@COMODIN ??@@@,med_id=@@@1@@@,emb_id=@@@3@@@,pro_unidades_embalaje=@@@0@@@,dep_id=@@@40 @@@,lin_id=@@@208@@@,mar_id=@@@2507@@@,pro_precio_compra_neto=@@@1@@@,pro_precio_compra_bruto=@@@1@@@,pro_precio_venta=@@@1@@@,pro_margen_actual=@@@0@@@,pro_oferta=@@@NO@@@,pro_fecha_inicio_oferta=@@@2013.05.22@@@,pro_fecha_termino_oferta=@@@2013.06.08@@@,pro_precio_oferta=@@@0@@@,pro_stock_minimo=@@@0@@@,pro_stock_critico=@@@0@@@,pro_activo=@@@1@@@,pro_unidad=@@@1@@@,pro_precio_compra_bruto=1,pro_margen_actual=0,pro_capacidad=1,pro_funcion_plu=2,pro_flejes=1,pro_iva=1,pro_plu_asociado=0,pro_envase=@@@NO@@@,pro_duracion=10,pro_numero_etiqueta=2 WHERE pro_codigo_plu=@@@2500@@@','',2,'2013-05-29'),(18766,'UPDATE mae_productos SET pro_estado=1 WHERE pro_codigo_plu=2500','',2,'2013-05-29'),(18767,'DELETE FROM mae_impuestos_productos WHERE pro_codigo_plu=@@@2500@@@','',2,'2013-05-29'),(18768,'INSERT INTO gne_vale_ferreteria (vfe_id,vfe_fecha,vfe_total,vfe_estado,vfe_entregado,usu_nusuario) VALUES (862,@@@2013.05.28@@@,4990,1,0,@@@G_DIAZ@@@)','',2,'2013-05-29'),(18769,'INSERT INTO gne_vale_ferreteria_mov (vfe_id,pro_codigo_plu,vfm_cantidad,vfm_unitario,vfm_total,vfm_entregado) VALUES (862,764962,1,4990,4990,@@@NO@@@)','',2,'2013-05-29'),(18770,'UPDATE mae_productos SET pro_activo=@@@0@@@ WHERE pro_codigo_plu=@@@202@@@','',2,'2013-05-29'),(18771,'INSERT INTO gne_vale_ferreteria (vfe_id,vfe_fecha,vfe_total,vfe_estado,vfe_entregado,usu_nusuario) VALUES (863,@@@2013.05.28@@@,390,1,0,@@@G_DIAZ@@@)','',2,'2013-05-29'),(18772,'INSERT INTO gne_vale_ferreteria_mov (vfe_id,pro_codigo_plu,vfm_cantidad,vfm_unitario,vfm_total,vfm_entregado) VALUES (863,78016971,1,390,390,@@@NO@@@)','',2,'2013-05-29'),(18773,'UPDATE mae_productos SET pro_margen_actual=0,pro_precio_venta=1 WHERE pro_codigo_plu=2500','',2,'2013-05-29'),(18774,'UPDATE mae_productos SET pro_codigo_barra=@@@200@@@,pro_tipo=@@@0@@@,pro_nombre_producto=@@@COCA COLA DESCH.1.5 LTS+ PAN DE PASCUA 500@@@,pro_nombre_corto=@@@COCA COLA DESCH.@@@,med_id=@@@3@@@,emb_id=@@@4@@@,pro_unidades_embalaje=@@@1@@@,dep_id=@@@4 @@@,lin_id=@@@55@@@,mar_id=@@@1790@@@,pro_precio_compra_neto=@@@0@@@,pro_precio_compra_bruto=@@@0@@@,pro_precio_venta=@@@1@@@,pro_margen_actual=@@@0@@@,pro_oferta=@@@NO@@@,pro_fecha_inicio_oferta=@@@1900.01.01@@@,pro_fecha_termino_oferta=@@@1900.01.01@@@,pro_precio_oferta=@@@0@@@,pro_stock_minimo=@@@0@@@,pro_stock_critico=@@@0@@@,pro_activo=@@@1@@@,pro_unidad=@@@0@@@,pro_precio_compra_bruto=0,pro_margen_actual=0,pro_capacidad=1.5,pro_funcion_plu=0,pro_flejes=1,pro_iva=1,pro_plu_asociado=0,pro_envase=@@@NO@@@,pro_duracion=0,pro_numero_etiqueta=0 WHERE pro_codigo_plu=@@@17209@@@','',2,'2013-05-29'),(18775,'UPDATE mae_productos SET pro_estado=1 WHERE pro_codigo_plu=17209','',2,'2013-05-29'),(18776,'DELETE FROM mae_impuestos_productos WHERE pro_codigo_plu=@@@17209@@@','',2,'2013-05-29'),(18777,'UPDATE mae_productos SET pro_codigo_barra=@@@202@@@,pro_tipo=@@@0@@@,pro_nombre_producto=@@@RESTO PECHO CERDO@@@,pro_nombre_corto=@@@RESTO PECHO CERD@@@,med_id=@@@1@@@,emb_id=@@@1@@@,pro_unidades_embalaje=@@@1@@@,dep_id=@@@11 @@@,lin_id=@@@70@@@,mar_id=@@@2507@@@,pro_precio_compra_neto=@@@0@@@,pro_precio_compra_bruto=@@@0@@@,pro_precio_venta=@@@1100@@@,pro_margen_actual=@@@1@@@,pro_oferta=@@@NO@@@,pro_fecha_inicio_oferta=@@@1900.01.01@@@,pro_fecha_termino_oferta=@@@1900.01.01@@@,pro_precio_oferta=@@@0@@@,pro_stock_minimo=@@@1@@@,pro_stock_critico=@@@1@@@,pro_activo=@@@1@@@,pro_unidad=@@@1@@@,pro_precio_compra_bruto=0,pro_margen_actual=1,pro_capacidad=1,pro_funcion_plu=1,pro_flejes=0,pro_iva=1,pro_plu_asociado=0,pro_envase=@@@NO@@@,pro_duracion=0,pro_numero_etiqueta=2 WHERE pro_codigo_plu=@@@202@@@','',2,'2013-05-29'),(18778,'UPDATE mae_productos SET pro_estado=1 WHERE pro_codigo_plu=202','',2,'2013-05-29'),(18779,'DELETE FROM mae_impuestos_productos WHERE pro_codigo_plu=@@@202@@@','',2,'2013-05-29'),(18780,'INSERT INTO gne_vale_ferreteria (vfe_id,vfe_fecha,vfe_total,vfe_estado,vfe_entregado,usu_nusuario) VALUES (864,@@@2013.05.28@@@,150,1,0,@@@G_DIAZ@@@)','',2,'2013-05-29'),(18781,'INSERT INTO gne_vale_ferreteria_mov (vfe_id,pro_codigo_plu,vfm_cantidad,vfm_unitario,vfm_total,vfm_entregado) VALUES (864,2016,1,150,150,@@@NO@@@)','',2,'2013-05-29'),(18782,'INSERT INTO gne_vale_ferreteria (vfe_id,vfe_fecha,vfe_total,vfe_estado,vfe_entregado,usu_nusuario) VALUES (865,@@@2013.05.28@@@,800,1,0,@@@G_DIAZ@@@)','',2,'2013-05-29'),(18783,'INSERT INTO gne_vale_ferreteria_mov (vfe_id,pro_codigo_plu,vfm_cantidad,vfm_unitario,vfm_total,vfm_entregado) VALUES (865,761989,1,800,800,@@@NO@@@)','',2,'2013-05-29'),(18784,'UPDATE mae_productos SET pro_codigo_barra=@@@202@@@,pro_tipo=@@@0@@@,pro_nombre_producto=@@@RESTO PECHO CERDO@@@,pro_nombre_corto=@@@RESTO PECHO CERD@@@,med_id=@@@1@@@,emb_id=@@@1@@@,pro_unidades_embalaje=@@@1@@@,dep_id=@@@11 @@@,lin_id=@@@70@@@,mar_id=@@@2507@@@,pro_precio_compra_neto=@@@0@@@,pro_precio_compra_bruto=@@@0@@@,pro_precio_venta=@@@1100@@@,pro_margen_actual=@@@1@@@,pro_oferta=@@@NO@@@,pro_fecha_inicio_oferta=@@@1900.01.01@@@,pro_fecha_termino_oferta=@@@1900.01.01@@@,pro_precio_oferta=@@@0@@@,pro_stock_minimo=@@@1@@@,pro_stock_critico=@@@1@@@,pro_activo=@@@1@@@,pro_unidad=@@@0@@@,pro_precio_compra_bruto=0,pro_margen_actual=1,pro_capacidad=1,pro_funcion_plu=0,pro_flejes=0,pro_iva=1,pro_plu_asociado=0,pro_envase=@@@NO@@@,pro_duracion=0,pro_numero_etiqueta=0 WHERE pro_codigo_plu=@@@202@@@','',2,'2013-05-29'),(18785,'UPDATE mae_productos SET pro_estado=1 WHERE pro_codigo_plu=202','',2,'2013-05-29'),(18786,'DELETE FROM mae_impuestos_productos WHERE pro_codigo_plu=@@@202@@@','',2,'2013-05-29'),(18787,'UPDATE mae_productos SET pro_codigo_barra=@@@7805000141660@@@,pro_tipo=@@@0@@@,pro_nombre_producto=@@@JABON LIQ. DOVE 230 ML.@@@,pro_nombre_corto=@@@JABON LIQ. DOVE@@@,med_id=@@@7@@@,emb_id=@@@3@@@,pro_unidades_embalaje=@@@12@@@,dep_id=@@@21 @@@,lin_id=@@@122@@@,mar_id=@@@377@@@,pro_precio_compra_neto=@@@0@@@,pro_precio_compra_bruto=@@@0@@@,pro_precio_venta=@@@1530@@@,pro_margen_actual=@@@0@@@,pro_oferta=@@@NO@@@,pro_fecha_inicio_oferta=@@@2006.09.07@@@,pro_fecha_termino_oferta=@@@2006.09.07@@@,pro_precio_oferta=@@@0@@@,pro_stock_minimo=@@@0@@@,pro_stock_critico=@@@0@@@,pro_activo=@@@1@@@,pro_unidad=@@@0@@@,pro_precio_compra_bruto=0,pro_margen_actual=0,pro_capacidad=0.23,pro_funcion_plu=0,pro_flejes=1,pro_iva=1,pro_plu_asociado=0,pro_envase=@@@NO@@@,pro_duracion=0,pro_numero_etiqueta=0 WHERE pro_codigo_plu=@@@762357@@@','',2,'2013-05-29'),(18788,'UPDATE mae_productos SET pro_estado=1 WHERE pro_codigo_plu=762357','',2,'2013-05-29'),(18789,'DELETE FROM mae_impuestos_productos WHERE pro_codigo_plu=@@@762357@@@','',2,'2013-05-29'),(18790,'INSERT INTO gne_vale_ferreteria (vfe_id,vfe_fecha,vfe_total,vfe_estado,vfe_entregado,usu_nusuario) VALUES (866,@@@2013.05.28@@@,1530,1,0,@@@G_DIAZ@@@)','',2,'2013-05-29'),(18791,'INSERT INTO gne_vale_ferreteria_mov (vfe_id,pro_codigo_plu,vfm_cantidad,vfm_unitario,vfm_total,vfm_entregado) VALUES (866,762357,1,1530,1530,@@@NO@@@)','',2,'2013-05-29'),(18792,'UPDATE mae_productos SET pro_codigo_barra=@@@7800018163000@@@,pro_tipo=@@@0@@@,pro_nombre_producto=@@@PANCRIT MIEL LIMON 10 COMPRIMIDOS@@@,pro_nombre_corto=@@@PANCRIT MIEL LIM@@@,med_id=@@@1@@@,emb_id=@@@4@@@,pro_unidades_embalaje=@@@1@@@,dep_id=@@@23 @@@,lin_id=@@@136@@@,mar_id=@@@2611@@@,pro_precio_compra_neto=@@@0@@@,pro_precio_compra_bruto=@@@0@@@,pro_precio_venta=@@@1300@@@,pro_margen_actual=@@@0@@@,pro_oferta=@@@NO@@@,pro_fecha_inicio_oferta=@@@1900.01.01@@@,pro_fecha_termino_oferta=@@@1900.01.01@@@,pro_precio_oferta=@@@0@@@,pro_stock_minimo=@@@0@@@,pro_stock_critico=@@@0@@@,pro_activo=@@@1@@@,pro_unidad=@@@0@@@,pro_precio_compra_bruto=0,pro_margen_actual=0,pro_capacidad=10,pro_funcion_plu=0,pro_flejes=1,pro_iva=1,pro_plu_asociado=0,pro_envase=@@@NO@@@,pro_duracion=0,pro_numero_etiqueta=0 WHERE pro_codigo_plu=@@@17209@@@','',2,'2013-05-29'),(18793,'UPDATE mae_productos SET pro_estado=1 WHERE pro_codigo_plu=17209','',2,'2013-05-29'),(18794,'DELETE FROM mae_impuestos_productos WHERE pro_codigo_plu=@@@17209@@@','',2,'2013-05-29'),(18795,'UPDATE mae_productos SET pro_codigo_barra=@@@7800007386526@@@,pro_tipo=@@@0@@@,pro_nombre_producto=@@@NASTIFRIN COMPUESTO 10 COMPRIMIDOS@@@,pro_nombre_corto=@@@NASTIFRIN COMPUE@@@,med_id=@@@1@@@,emb_id=@@@3@@@,pro_unidades_embalaje=@@@1@@@,dep_id=@@@22 @@@,lin_id=@@@132@@@,mar_id=@@@1348@@@,pro_precio_compra_neto=@@@0@@@,pro_precio_compra_bruto=@@@0@@@,pro_precio_venta=@@@1300@@@,pro_margen_actual=@@@0@@@,pro_oferta=@@@NO@@@,pro_fecha_inicio_oferta=@@@1900.01.01@@@,pro_fecha_termino_oferta=@@@1900.01.01@@@,pro_precio_oferta=@@@0@@@,pro_stock_minimo=@@@6@@@,pro_stock_critico=@@@3@@@,pro_activo=@@@1@@@,pro_unidad=@@@0@@@,pro_precio_compra_bruto=0,pro_margen_actual=0,pro_capacidad=10,pro_funcion_plu=0,pro_flejes=1,pro_iva=1,pro_plu_asociado=0,pro_envase=@@@NO@@@,pro_duracion=0,pro_numero_etiqueta=0 WHERE pro_codigo_plu=@@@21343@@@','',2,'2013-05-29'),(18796,'UPDATE mae_productos SET pro_estado=1 WHERE pro_codigo_plu=21343','',2,'2013-05-29'),(18797,'DELETE FROM mae_impuestos_productos WHERE pro_codigo_plu=@@@21343@@@','',2,'2013-05-29'),(18798,'UPDATE mae_productos SET pro_precio_fiscal=pro_precio_venta WHERE pro_codigo_plu=21343','',2,'2013-05-29'),(18799,'UPDATE mae_productos SET pro_precio_fiscal=pro_precio_venta WHERE pro_codigo_plu=17209','',2,'2013-05-29'),(18800,'UPDATE mae_productos SET pro_precio_fiscal=pro_precio_venta WHERE pro_codigo_plu=762357','',2,'2013-05-29'),(18801,'UPDATE mae_productos SET pro_codigo_barra=@@@213@@@,pro_tipo=@@@0@@@,pro_nombre_producto=@@@PALETA@@@,pro_nombre_corto=@@@PALETA@@@,med_id=@@@1@@@,emb_id=@@@1@@@,pro_unidades_embalaje=@@@1@@@,dep_id=@@@11 @@@,lin_id=@@@70@@@,mar_id=@@@2507@@@,pro_precio_compra_neto=@@@0@@@,pro_precio_compra_bruto=@@@0@@@,pro_precio_venta=@@@2690@@@,pro_margen_actual=@@@0@@@,pro_oferta=@@@NO@@@,pro_fecha_inicio_oferta=@@@1900.01.01@@@,pro_fecha_termino_oferta=@@@1900.01.01@@@,pro_precio_oferta=@@@0@@@,pro_stock_minimo=@@@1@@@,pro_stock_critico=@@@1@@@,pro_activo=@@@1@@@,pro_unidad=@@@1@@@,pro_precio_compra_bruto=0,pro_margen_actual=0,pro_capacidad=1,pro_funcion_plu=1,pro_flejes=1,pro_iva=1,pro_plu_asociado=0,pro_envase=@@@NO@@@,pro_duracion=0,pro_numero_etiqueta=2 WHERE pro_codigo_plu=@@@213@@@','',2,'2013-05-29'),(18802,'UPDATE mae_productos SET pro_estado=1 WHERE pro_codigo_plu=213','',2,'2013-05-29'),(18803,'DELETE FROM mae_impuestos_productos WHERE pro_codigo_plu=@@@213@@@','',2,'2013-05-29'),(18804,'UPDATE mae_productos SET pro_margen_actual=0,pro_precio_venta=2690 WHERE pro_codigo_plu=213','',2,'2013-05-29'),(18805,'UPDATE mae_productos SET pro_margen_actual=0,pro_precio_venta=1100 WHERE pro_codigo_plu=202','',2,'2013-05-29'),(18806,'INSERT INTO mae_productos (pro_codigo_plu,pro_codigo_barra,pro_tipo,pro_nombre_producto,pro_nombre_corto,med_id,emb_id,pro_unidades_embalaje,dep_id,lin_id,mar_id,pro_precio_compra_neto,pro_precio_compra_bruto,pro_precio_venta,pro_margen_actual,pro_oferta,pro_fecha_inicio_oferta,pro_fecha_termino_oferta,pro_precio_oferta,pro_stock_minimo,pro_stock_critico,pro_entradas_bodega,pro_salidas_bodega,pro_mermas_bodega,pro_ajustes_bodega,pro_entradas_sv,pro_salidas_sv,pro_mermas_sv,pro_ajustes_sv,pro_activo,rec_numero,pro_unidad,pro_capacidad,pro_consumo_bodega,pro_consumo_sv,pro_estado,pro_funcion_plu,pro_flejes,pro_iva,pro_plu_asociado,pro_envase,pro_duracion,pro_numero_etiqueta) VALUES (780220098,@@@780220098@@@,@@@0@@@,@@@VINO BLANCO 500CC@@@,@@@VINO BLANCO 500C@@@,@@@6 @@@,@@@3 @@@,@@@0@@@,@@@6 @@@,@@@60@@@,@@@1819@@@,@@@0@@@,@@@0@@@,@@@690@@@,@@@0@@@,@@@@@@,@@@2013.05.28@@@,@@@2013.05.28@@@,@@@0@@@,@@@0@@@,@@@0@@@,@@@0@@@,@@@0@@@,@@@0@@@,@@@0@@@,@@@0@@@,@@@0@@@,@@@0@@@,@@@0@@@,@@@1@@@,@@@0@@@,0,500,0,0,2,0,1,1,0,@@@NO@@@,0,0)','',2,'2013-05-29'),(18807,'DELETE FROM mae_impuestos_productos WHERE pro_codigo_plu=@@@780220098@@@','',2,'2013-05-29'),(18808,'UPDATE mae_productos SET pro_codigo_barra=@@@7806510122224@@@,pro_tipo=@@@0@@@,pro_nombre_producto=@@@CUADERNO AUSTRAL MATE 100 HJS@@@,pro_nombre_corto=@@@CUADERNO AUSTRAL@@@,med_id=@@@1@@@,emb_id=@@@9@@@,pro_unidades_embalaje=@@@10@@@,dep_id=@@@24 @@@,lin_id=@@@137@@@,mar_id=@@@490@@@,pro_precio_compra_neto=@@@0@@@,pro_precio_compra_bruto=@@@0@@@,pro_precio_venta=@@@890@@@,pro_margen_actual=@@@0@@@,pro_oferta=@@@NO@@@,pro_fecha_inicio_oferta=@@@1900.01.01@@@,pro_fecha_termino_oferta=@@@1900.01.01@@@,pro_precio_oferta=@@@0@@@,pro_stock_minimo=@@@10@@@,pro_stock_critico=@@@5@@@,pro_activo=@@@1@@@,pro_unidad=@@@0@@@,pro_precio_compra_bruto=0,pro_margen_actual=0,pro_capacidad=1,pro_funcion_plu=0,pro_flejes=1,pro_iva=1,pro_plu_asociado=0,pro_envase=@@@NO@@@,pro_duracion=0,pro_numero_etiqueta=0 WHERE pro_codigo_plu=@@@20334@@@','',2,'2013-05-29'),(18809,'UPDATE mae_productos SET pro_estado=1 WHERE pro_codigo_plu=20334','',2,'2013-05-29'),(18810,'DELETE FROM mae_impuestos_productos WHERE pro_codigo_plu=@@@20334@@@','',2,'2013-05-29'),(18811,'UPDATE mae_productos SET pro_precio_fiscal=pro_precio_venta WHERE pro_codigo_plu=780220098','',2,'2013-05-29'),(18812,'UPDATE mae_productos SET pro_precio_fiscal=pro_precio_venta WHERE pro_codigo_plu=20334','',2,'2013-05-29'),(18813,'UPDATE mae_productos SET pro_codigo_barra=@@@203@@@,pro_tipo=@@@0@@@,pro_nombre_producto=@@@COSTILLAR AHUMADO@@@,pro_nombre_corto=@@@COSTILLAR AHUMAD@@@,med_id=@@@1@@@,emb_id=@@@1@@@,pro_unidades_embalaje=@@@1@@@,dep_id=@@@11 @@@,lin_id=@@@70@@@,mar_id=@@@2507@@@,pro_precio_compra_neto=@@@0@@@,pro_precio_compra_bruto=@@@0@@@,pro_precio_venta=@@@4650@@@,pro_margen_actual=@@@1@@@,pro_oferta=@@@NO@@@,pro_fecha_inicio_oferta=@@@1900.01.01@@@,pro_fecha_termino_oferta=@@@1900.01.01@@@,pro_precio_oferta=@@@0@@@,pro_stock_minimo=@@@1@@@,pro_stock_critico=@@@1@@@,pro_activo=@@@1@@@,pro_unidad=@@@1@@@,pro_precio_compra_bruto=0,pro_margen_actual=1,pro_capacidad=1,pro_funcion_plu=1,pro_flejes=0,pro_iva=1,pro_plu_asociado=0,pro_envase=@@@NO@@@,pro_duracion=0,pro_numero_etiqueta=2 WHERE pro_codigo_plu=@@@203@@@','',2,'2013-05-29'),(18814,'UPDATE mae_productos SET pro_estado=1 WHERE pro_codigo_plu=203','',2,'2013-05-29'),(18815,'DELETE FROM mae_impuestos_productos WHERE pro_codigo_plu=@@@203@@@','',2,'2013-05-29'),(18816,'UPDATE mae_productos SET pro_codigo_barra=@@@7802130000539@@@,pro_tipo=@@@0@@@,pro_nombre_producto=@@@MALTA DEL SUR C 970 CC RETORNABLE@@@,pro_nombre_corto=@@@MALTA DEL SUR C@@@,med_id=@@@6@@@,emb_id=@@@3@@@,pro_unidades_embalaje=@@@12@@@,dep_id=@@@7 @@@,lin_id=@@@63@@@,mar_id=@@@2398@@@,pro_precio_compra_neto=@@@0@@@,pro_precio_compra_bruto=@@@0@@@,pro_precio_venta=@@@900@@@,pro_margen_actual=@@@0@@@,pro_oferta=@@@NO@@@,pro_fecha_inicio_oferta=@@@2010.02.04@@@,pro_fecha_termino_oferta=@@@2010.02.04@@@,pro_precio_oferta=@@@0@@@,pro_stock_minimo=@@@6@@@,pro_stock_critico=@@@3@@@,pro_activo=@@@1@@@,pro_unidad=@@@0@@@,pro_precio_compra_bruto=0,pro_margen_actual=0,pro_capacidad=0.97,pro_funcion_plu=0,pro_flejes=1,pro_iva=1,pro_plu_asociado=0,pro_envase=@@@NO@@@,pro_duracion=0,pro_numero_etiqueta=0 WHERE pro_codigo_plu=@@@761921@@@','',2,'2013-05-29'),(18817,'UPDATE mae_productos SET pro_estado=1 WHERE pro_codigo_plu=761921','',2,'2013-05-29'),(18818,'DELETE FROM mae_impuestos_productos WHERE pro_codigo_plu=@@@761921@@@','',2,'2013-05-29'),(18819,'INSERT INTO gne_vale_ferreteria (vfe_id,vfe_fecha,vfe_total,vfe_estado,vfe_entregado,usu_nusuario) VALUES (867,@@@2013.05.28@@@,390,1,0,@@@G_DIAZ@@@)','',2,'2013-05-29'),(18820,'INSERT INTO gne_vale_ferreteria_mov (vfe_id,pro_codigo_plu,vfm_cantidad,vfm_unitario,vfm_total,vfm_entregado) VALUES (867,1547,1,390,390,@@@NO@@@)','',2,'2013-05-29'),(18821,'INSERT INTO gne_vale_ferreteria (vfe_id,vfe_fecha,vfe_total,vfe_estado,vfe_entregado,usu_nusuario) VALUES (868,@@@2013.05.28@@@,400,1,0,@@@G_DIAZ@@@)','',2,'2013-05-29'),(18822,'INSERT INTO gne_vale_ferreteria_mov (vfe_id,pro_codigo_plu,vfm_cantidad,vfm_unitario,vfm_total,vfm_entregado) VALUES (868,764125,1,250,250,@@@NO@@@)','',2,'2013-05-29'),(18823,'INSERT INTO gne_vale_ferreteria_mov (vfe_id,pro_codigo_plu,vfm_cantidad,vfm_unitario,vfm_total,vfm_entregado) VALUES (868,770035,1,150,150,@@@NO@@@)','',2,'2013-05-29'),(18824,'UPDATE mae_productos SET pro_margen_actual=0,pro_precio_venta=4650 WHERE pro_codigo_plu=203','',2,'2013-05-29'),(18825,'UPDATE mae_productos SET pro_precio_fiscal=pro_precio_venta WHERE pro_codigo_plu=761921','',2,'2013-05-29'),(18826,'UPDATE mae_productos SET pro_codigo_barra=@@@1002@@@,pro_tipo=@@@0@@@,pro_nombre_producto=@@@PAN HAMBURGUESA@@@,pro_nombre_corto=@@@PAN HAMBURGUESA@@@,med_id=@@@1@@@,emb_id=@@@1@@@,pro_unidades_embalaje=@@@1@@@,dep_id=@@@14 @@@,lin_id=@@@164@@@,mar_id=@@@2507@@@,pro_precio_compra_neto=@@@0@@@,pro_precio_compra_bruto=@@@0@@@,pro_precio_venta=@@@999@@@,pro_margen_actual=@@@1@@@,pro_oferta=@@@NO@@@,pro_fecha_inicio_oferta=@@@1900.01.01@@@,pro_fecha_termino_oferta=@@@1900.01.01@@@,pro_precio_oferta=@@@0@@@,pro_stock_minimo=@@@1@@@,pro_stock_critico=@@@1@@@,pro_activo=@@@1@@@,pro_unidad=@@@1@@@,pro_precio_compra_bruto=0,pro_margen_actual=1,pro_capacidad=1,pro_funcion_plu=1,pro_flejes=0,pro_iva=1,pro_plu_asociado=0,pro_envase=@@@NO@@@,pro_duracion=0,pro_numero_etiqueta=2 WHERE pro_codigo_plu=@@@1002@@@','',2,'2013-05-29'),(18827,'UPDATE mae_productos SET pro_estado=1 WHERE pro_codigo_plu=1002','',2,'2013-05-29'),(18828,'DELETE FROM mae_impuestos_productos WHERE pro_codigo_plu=@@@1002@@@','',2,'2013-05-29'),(18829,'INSERT INTO gne_vale_ferreteria (vfe_id,vfe_fecha,vfe_total,vfe_estado,vfe_entregado,usu_nusuario) VALUES (869,@@@2013.05.28@@@,100,1,0,@@@G_DIAZ@@@)','',2,'2013-05-29'),(18830,'INSERT INTO gne_vale_ferreteria_mov (vfe_id,pro_codigo_plu,vfm_cantidad,vfm_unitario,vfm_total,vfm_entregado) VALUES (869,13229,4,25,100,@@@NO@@@)','',2,'2013-05-29'),(18831,'UPDATE mae_productos SET pro_codigo_barra=@@@1003@@@,pro_tipo=@@@0@@@,pro_nombre_producto=@@@PAN CHICHARRONES@@@,pro_nombre_corto=@@@PAN CHICHARRONES@@@,med_id=@@@1@@@,emb_id=@@@1@@@,pro_unidades_embalaje=@@@1@@@,dep_id=@@@14 @@@,lin_id=@@@164@@@,mar_id=@@@2507@@@,pro_precio_compra_neto=@@@0@@@,pro_precio_compra_bruto=@@@0@@@,pro_precio_venta=@@@1@@@,pro_margen_actual=@@@1@@@,pro_oferta=@@@NO@@@,pro_fecha_inicio_oferta=@@@1900.01.01@@@,pro_fecha_termino_oferta=@@@1900.01.01@@@,pro_precio_oferta=@@@0@@@,pro_stock_minimo=@@@1@@@,pro_stock_critico=@@@1@@@,pro_activo=@@@1@@@,pro_unidad=@@@1@@@,pro_precio_compra_bruto=0,pro_margen_actual=1,pro_capacidad=1,pro_funcion_plu=1,pro_flejes=0,pro_iva=1,pro_plu_asociado=0,pro_envase=@@@NO@@@,pro_duracion=0,pro_numero_etiqueta=2 WHERE pro_codigo_plu=@@@1003@@@','',2,'2013-05-29'),(18832,'UPDATE mae_productos SET pro_estado=1 WHERE pro_codigo_plu=1003','',2,'2013-05-29'),(18833,'DELETE FROM mae_impuestos_productos WHERE pro_codigo_plu=@@@1003@@@','',2,'2013-05-29'),(18834,'UPDATE mae_productos SET pro_codigo_barra=@@@1004@@@,pro_tipo=@@@0@@@,pro_nombre_producto=@@@PAN FRIO@@@,pro_nombre_corto=@@@PAN FRIO@@@,med_id=@@@1@@@,emb_id=@@@1@@@,pro_unidades_embalaje=@@@1@@@,dep_id=@@@14 @@@,lin_id=@@@164@@@,mar_id=@@@2507@@@,pro_precio_compra_neto=@@@0@@@,pro_precio_compra_bruto=@@@0@@@,pro_precio_venta=@@@599@@@,pro_margen_actual=@@@1@@@,pro_oferta=@@@NO@@@,pro_fecha_inicio_oferta=@@@1900.01.01@@@,pro_fecha_termino_oferta=@@@1900.01.01@@@,pro_precio_oferta=@@@0@@@,pro_stock_minimo=@@@1@@@,pro_stock_critico=@@@1@@@,pro_activo=@@@1@@@,pro_unidad=@@@1@@@,pro_precio_compra_bruto=0,pro_margen_actual=1,pro_capacidad=1,pro_funcion_plu=1,pro_flejes=0,pro_iva=1,pro_plu_asociado=0,pro_envase=@@@NO@@@,pro_duracion=0,pro_numero_etiqueta=2 WHERE pro_codigo_plu=@@@1004@@@','',2,'2013-05-29'),(18835,'UPDATE mae_productos SET pro_estado=1 WHERE pro_codigo_plu=1004','',2,'2013-05-29'),(18836,'DELETE FROM mae_impuestos_productos WHERE pro_codigo_plu=@@@1004@@@','',2,'2013-05-29'),(18837,'UPDATE mae_productos SET pro_codigo_barra=@@@1001@@@,pro_tipo=@@@0@@@,pro_nombre_producto=@@@PAN CORRIENTE@@@,pro_nombre_corto=@@@PAN CORRIENTE@@@,med_id=@@@1@@@,emb_id=@@@1@@@,pro_unidades_embalaje=@@@1@@@,dep_id=@@@14 @@@,lin_id=@@@164@@@,mar_id=@@@2507@@@,pro_precio_compra_neto=@@@0@@@,pro_precio_compra_bruto=@@@0@@@,pro_precio_venta=@@@899@@@,pro_margen_actual=@@@0@@@,pro_oferta=@@@NO@@@,pro_fecha_inicio_oferta=@@@1900.01.01@@@,pro_fecha_termino_oferta=@@@1900.01.01@@@,pro_precio_oferta=@@@0@@@,pro_stock_minimo=@@@1@@@,pro_stock_critico=@@@1@@@,pro_activo=@@@1@@@,pro_unidad=@@@1@@@,pro_precio_compra_bruto=0,pro_margen_actual=0,pro_capacidad=1,pro_funcion_plu=1,pro_flejes=0,pro_iva=1,pro_plu_asociado=0,pro_envase=@@@NO@@@,pro_duracion=0,pro_numero_etiqueta=2 WHERE pro_codigo_plu=@@@1001@@@','',2,'2013-05-29'),(18838,'UPDATE mae_productos SET pro_estado=1 WHERE pro_codigo_plu=1001','',2,'2013-05-29'),(18839,'DELETE FROM mae_impuestos_productos WHERE pro_codigo_plu=@@@1001@@@','',2,'2013-05-29'),(18840,'UPDATE mae_productos SET pro_codigo_barra=@@@1002@@@,pro_tipo=@@@0@@@,pro_nombre_producto=@@@PAN HAMBURGUESA@@@,pro_nombre_corto=@@@PAN HAMBURGUESA@@@,med_id=@@@1@@@,emb_id=@@@1@@@,pro_unidades_embalaje=@@@1@@@,dep_id=@@@14 @@@,lin_id=@@@164@@@,mar_id=@@@2507@@@,pro_precio_compra_neto=@@@0@@@,pro_precio_compra_bruto=@@@0@@@,pro_precio_venta=@@@999@@@,pro_margen_actual=@@@1@@@,pro_oferta=@@@NO@@@,pro_fecha_inicio_oferta=@@@1900.01.01@@@,pro_fecha_termino_oferta=@@@1900.01.01@@@,pro_precio_oferta=@@@0@@@,pro_stock_minimo=@@@1@@@,pro_stock_critico=@@@1@@@,pro_activo=@@@1@@@,pro_unidad=@@@0@@@,pro_precio_compra_bruto=0,pro_margen_actual=1,pro_capacidad=1,pro_funcion_plu=0,pro_flejes=0,pro_iva=1,pro_plu_asociado=0,pro_envase=@@@NO@@@,pro_duracion=0,pro_numero_etiqueta=0 WHERE pro_codigo_plu=@@@1002@@@','',2,'2013-05-29'),(18841,'UPDATE mae_productos SET pro_estado=1 WHERE pro_codigo_plu=1002','',2,'2013-05-29'),(18842,'DELETE FROM mae_impuestos_productos WHERE pro_codigo_plu=@@@1002@@@','',2,'2013-05-29'),(18843,'UPDATE mae_productos SET pro_codigo_barra=@@@1003@@@,pro_tipo=@@@0@@@,pro_nombre_producto=@@@PAN CHICHARRONES@@@,pro_nombre_corto=@@@PAN CHICHARRONES@@@,med_id=@@@1@@@,emb_id=@@@1@@@,pro_unidades_embalaje=@@@1@@@,dep_id=@@@14 @@@,lin_id=@@@164@@@,mar_id=@@@2507@@@,pro_precio_compra_neto=@@@0@@@,pro_precio_compra_bruto=@@@0@@@,pro_precio_venta=@@@1@@@,pro_margen_actual=@@@1@@@,pro_oferta=@@@NO@@@,pro_fecha_inicio_oferta=@@@1900.01.01@@@,pro_fecha_termino_oferta=@@@1900.01.01@@@,pro_precio_oferta=@@@0@@@,pro_stock_minimo=@@@1@@@,pro_stock_critico=@@@1@@@,pro_activo=@@@1@@@,pro_unidad=@@@0@@@,pro_precio_compra_bruto=0,pro_margen_actual=1,pro_capacidad=1,pro_funcion_plu=0,pro_flejes=0,pro_iva=1,pro_plu_asociado=0,pro_envase=@@@NO@@@,pro_duracion=0,pro_numero_etiqueta=0 WHERE pro_codigo_plu=@@@1003@@@','',2,'2013-05-29'),(18844,'UPDATE mae_productos SET pro_estado=1 WHERE pro_codigo_plu=1003','',2,'2013-05-29'),(18845,'DELETE FROM mae_impuestos_productos WHERE pro_codigo_plu=@@@1003@@@','',2,'2013-05-29'),(18846,'UPDATE mae_productos SET pro_codigo_barra=@@@7804620830053@@@,pro_tipo=@@@0@@@,pro_nombre_producto=@@@OMEPRAZOL CAPSULAS 20MG@@@,pro_nombre_corto=@@@OMEPRAZOL CAPSUL@@@,med_id=@@@1@@@,emb_id=@@@9@@@,pro_unidades_embalaje=@@@10@@@,dep_id=@@@12 @@@,lin_id=@@@71@@@,mar_id=@@@2616@@@,pro_precio_compra_neto=@@@0@@@,pro_precio_compra_bruto=@@@0@@@,pro_precio_venta=@@@2500@@@,pro_margen_actual=@@@0@@@,pro_oferta=@@@NO@@@,pro_fecha_inicio_oferta=@@@1900.01.01@@@,pro_fecha_termino_oferta=@@@1900.01.01@@@,pro_precio_oferta=@@@0@@@,pro_stock_minimo=@@@12@@@,pro_stock_critico=@@@6@@@,pro_activo=@@@1@@@,pro_unidad=@@@0@@@,pro_precio_compra_bruto=0,pro_margen_actual=0,pro_capacidad=30,pro_funcion_plu=0,pro_flejes=1,pro_iva=1,pro_plu_asociado=0,pro_envase=@@@NO@@@,pro_duracion=0,pro_numero_etiqueta=0 WHERE pro_codigo_plu=@@@12562@@@','',2,'2013-05-29'),(18847,'UPDATE mae_productos SET pro_estado=1 WHERE pro_codigo_plu=12562','',2,'2013-05-29'),(18848,'DELETE FROM mae_impuestos_productos WHERE pro_codigo_plu=@@@12562@@@','',2,'2013-05-29'),(18849,'INSERT INTO gne_vale_ferreteria (vfe_id,vfe_fecha,vfe_total,vfe_estado,vfe_entregado,usu_nusuario) VALUES (870,@@@2013.05.28@@@,650,1,0,@@@G_DIAZ@@@)','',2,'2013-05-29'),(18850,'INSERT INTO gne_vale_ferreteria_mov (vfe_id,pro_codigo_plu,vfm_cantidad,vfm_unitario,vfm_total,vfm_entregado) VALUES (870,78017013,1,650,650,@@@NO@@@)','',2,'2013-05-29'),(18851,'INSERT INTO gne_vale_ferreteria (vfe_id,vfe_fecha,vfe_total,vfe_estado,vfe_entregado,usu_nusuario) VALUES (871,@@@2013.05.28@@@,3780,1,0,@@@G_DIAZ@@@)','',2,'2013-05-29'),(18852,'INSERT INTO gne_vale_ferreteria_mov (vfe_id,pro_codigo_plu,vfm_cantidad,vfm_unitario,vfm_total,vfm_entregado) VALUES (871,101679,2,1890,3780,@@@NO@@@)','',2,'2013-05-29'),(18853,'UPDATE mae_productos SET pro_codigo_barra=@@@7800004509317@@@,pro_tipo=@@@0@@@,pro_nombre_producto=@@@TAPSIN PERIODO PASTILLAS@@@,pro_nombre_corto=@@@TAPSIN PERIODO P@@@,med_id=@@@1@@@,emb_id=@@@3@@@,pro_unidades_embalaje=@@@1@@@,dep_id=@@@2 @@@,lin_id=@@@41@@@,mar_id=@@@2612@@@,pro_precio_compra_neto=@@@0@@@,pro_precio_compra_bruto=@@@0@@@,pro_precio_venta=@@@150@@@,pro_margen_actual=@@@0@@@,pro_oferta=@@@NO@@@,pro_fecha_inicio_oferta=@@@1900.01.01@@@,pro_fecha_termino_oferta=@@@1900.01.01@@@,pro_precio_oferta=@@@0@@@,pro_stock_minimo=@@@6@@@,pro_stock_critico=@@@3@@@,pro_activo=@@@1@@@,pro_unidad=@@@0@@@,pro_precio_compra_bruto=0,pro_margen_actual=0,pro_capacidad=1,pro_funcion_plu=0,pro_flejes=1,pro_iva=1,pro_plu_asociado=0,pro_envase=@@@NO@@@,pro_duracion=0,pro_numero_etiqueta=0 WHERE pro_codigo_plu=@@@21237@@@','',2,'2013-05-29'),(18854,'UPDATE mae_productos SET pro_estado=1 WHERE pro_codigo_plu=21237','',2,'2013-05-29'),(18855,'DELETE FROM mae_impuestos_productos WHERE pro_codigo_plu=@@@21237@@@','',2,'2013-05-29'),(18856,'UPDATE mae_productos SET pro_codigo_barra=@@@7800018126401@@@,pro_tipo=@@@0@@@,pro_nombre_producto=@@@IMECOL ADULTOS 1UND@@@,pro_nombre_corto=@@@IMECOL ADULTOS@@@,med_id=@@@1@@@,emb_id=@@@3@@@,pro_unidades_embalaje=@@@1@@@,dep_id=@@@2 @@@,lin_id=@@@41@@@,mar_id=@@@2668@@@,pro_precio_compra_neto=@@@0@@@,pro_precio_compra_bruto=@@@0@@@,pro_precio_venta=@@@150@@@,pro_margen_actual=@@@0@@@,pro_oferta=@@@NO@@@,pro_fecha_inicio_oferta=@@@1900.01.01@@@,pro_fecha_termino_oferta=@@@1900.01.01@@@,pro_precio_oferta=@@@0@@@,pro_stock_minimo=@@@6@@@,pro_stock_critico=@@@3@@@,pro_activo=@@@1@@@,pro_unidad=@@@0@@@,pro_precio_compra_bruto=0,pro_margen_actual=0,pro_capacidad=1,pro_funcion_plu=0,pro_flejes=1,pro_iva=1,pro_plu_asociado=0,pro_envase=@@@NO@@@,pro_duracion=0,pro_numero_etiqueta=0 WHERE pro_codigo_plu=@@@12462@@@','',2,'2013-05-29'),(18857,'UPDATE mae_productos SET pro_estado=1 WHERE pro_codigo_plu=12462','',2,'2013-05-29'),(18858,'DELETE FROM mae_impuestos_productos WHERE pro_codigo_plu=@@@12462@@@','',2,'2013-05-29'),(18859,'UPDATE mae_productos SET pro_codigo_barra=@@@214@@@,pro_tipo=@@@0@@@,pro_nombre_producto=@@@PERNIL@@@,pro_nombre_corto=@@@PERNIL@@@,med_id=@@@2@@@,emb_id=@@@1@@@,pro_unidades_embalaje=@@@1@@@,dep_id=@@@11 @@@,lin_id=@@@70@@@,mar_id=@@@2507@@@,pro_precio_compra_neto=@@@0@@@,pro_precio_compra_bruto=@@@0@@@,pro_precio_venta=@@@1@@@,pro_margen_actual=@@@1@@@,pro_oferta=@@@NO@@@,pro_fecha_inicio_oferta=@@@1900.01.01@@@,pro_fecha_termino_oferta=@@@1900.01.01@@@,pro_precio_oferta=@@@0@@@,pro_stock_minimo=@@@1@@@,pro_stock_critico=@@@1@@@,pro_activo=@@@1@@@,pro_unidad=@@@1@@@,pro_precio_compra_bruto=0,pro_margen_actual=1,pro_capacidad=1,pro_funcion_plu=1,pro_flejes=0,pro_iva=1,pro_plu_asociado=0,pro_envase=@@@NO@@@,pro_duracion=0,pro_numero_etiqueta=2 WHERE pro_codigo_plu=@@@214@@@','',2,'2013-05-29'),(18860,'UPDATE mae_productos SET pro_estado=1 WHERE pro_codigo_plu=214','',2,'2013-05-29'),(18861,'DELETE FROM mae_impuestos_productos WHERE pro_codigo_plu=@@@214@@@','',2,'2013-05-29'),(18862,'UPDATE mae_productos SET pro_codigo_barra=@@@7700051@@@,pro_tipo=@@@0@@@,pro_nombre_producto=@@@PACK SALSA  DOÑA CLARA X 8@@@,pro_nombre_corto=@@@PACK SALSA  DOÑA@@@,med_id=@@@1@@@,emb_id=@@@3@@@,pro_unidades_embalaje=@@@1@@@,dep_id=@@@1 @@@,lin_id=@@@5@@@,mar_id=@@@1721@@@,pro_precio_compra_neto=@@@0@@@,pro_precio_compra_bruto=@@@0@@@,pro_precio_venta=@@@990@@@,pro_margen_actual=@@@0@@@,pro_oferta=@@@NO@@@,pro_fecha_inicio_oferta=@@@1900.01.01@@@,pro_fecha_termino_oferta=@@@1900.01.01@@@,pro_precio_oferta=@@@0@@@,pro_stock_minimo=@@@0@@@,pro_stock_critico=@@@0@@@,pro_activo=@@@1@@@,pro_unidad=@@@0@@@,pro_precio_compra_bruto=0,pro_margen_actual=0,pro_capacidad=8,pro_funcion_plu=0,pro_flejes=1,pro_iva=1,pro_plu_asociado=0,pro_envase=@@@NO@@@,pro_duracion=0,pro_numero_etiqueta=0 WHERE pro_codigo_plu=@@@13447@@@','',2,'2013-05-29'),(18863,'UPDATE mae_productos SET pro_estado=1 WHERE pro_codigo_plu=13447','',2,'2013-05-29'),(18864,'DELETE FROM mae_impuestos_productos WHERE pro_codigo_plu=@@@13447@@@','',2,'2013-05-29'),(18865,'UPDATE mae_productos SET pro_codigo_barra=@@@213@@@,pro_tipo=@@@0@@@,pro_nombre_producto=@@@PALETA@@@,pro_nombre_corto=@@@PALETA@@@,med_id=@@@2@@@,emb_id=@@@1@@@,pro_unidades_embalaje=@@@1@@@,dep_id=@@@11 @@@,lin_id=@@@70@@@,mar_id=@@@2507@@@,pro_precio_compra_neto=@@@0@@@,pro_precio_compra_bruto=@@@0@@@,pro_precio_venta=@@@2690@@@,pro_margen_actual=@@@0@@@,pro_oferta=@@@NO@@@,pro_fecha_inicio_oferta=@@@1900.01.01@@@,pro_fecha_termino_oferta=@@@1900.01.01@@@,pro_precio_oferta=@@@0@@@,pro_stock_minimo=@@@1@@@,pro_stock_critico=@@@1@@@,pro_activo=@@@1@@@,pro_unidad=@@@1@@@,pro_precio_compra_bruto=0,pro_margen_actual=0,pro_capacidad=1,pro_funcion_plu=1,pro_flejes=1,pro_iva=1,pro_plu_asociado=0,pro_envase=@@@NO@@@,pro_duracion=0,pro_numero_etiqueta=2 WHERE pro_codigo_plu=@@@213@@@','',2,'2013-05-29'),(18866,'UPDATE mae_productos SET pro_estado=1 WHERE pro_codigo_plu=213','',2,'2013-05-29'),(18867,'DELETE FROM mae_impuestos_productos WHERE pro_codigo_plu=@@@213@@@','',2,'2013-05-29'),(18868,'UPDATE mae_productos SET pro_codigo_barra=@@@301@@@,pro_tipo=@@@0@@@,pro_nombre_producto=@@@ARROLLADO ITALIANO@@@,pro_nombre_corto=@@@ARROLLADO ITALIA@@@,med_id=@@@2@@@,emb_id=@@@1@@@,pro_unidades_embalaje=@@@1@@@,dep_id=@@@12 @@@,lin_id=@@@71@@@,mar_id=@@@2507@@@,pro_precio_compra_neto=@@@0@@@,pro_precio_compra_bruto=@@@0@@@,pro_precio_venta=@@@2790@@@,pro_margen_actual=@@@0@@@,pro_oferta=@@@NO@@@,pro_fecha_inicio_oferta=@@@1900.01.01@@@,pro_fecha_termino_oferta=@@@1900.01.01@@@,pro_precio_oferta=@@@0@@@,pro_stock_minimo=@@@1@@@,pro_stock_critico=@@@1@@@,pro_activo=@@@1@@@,pro_unidad=@@@0@@@,pro_precio_compra_bruto=0,pro_margen_actual=0,pro_capacidad=1,pro_funcion_plu=0,pro_flejes=1,pro_iva=1,pro_plu_asociado=0,pro_envase=@@@NO@@@,pro_duracion=0,pro_numero_etiqueta=0 WHERE pro_codigo_plu=@@@301@@@','',2,'2013-05-29'),(18869,'UPDATE mae_productos SET pro_estado=1 WHERE pro_codigo_plu=301','',2,'2013-05-29'),(18870,'DELETE FROM mae_impuestos_productos WHERE pro_codigo_plu=@@@301@@@','',2,'2013-05-29'),(18871,'UPDATE mae_productos SET pro_codigo_barra=@@@7700052@@@,pro_tipo=@@@0@@@,pro_nombre_producto=@@@HIERBA AROM.NATRE H.CHILE 5FRS@@@,pro_nombre_corto=@@@HIERBA AROM.NATR@@@,med_id=@@@2@@@,emb_id=@@@4@@@,pro_unidades_embalaje=@@@1@@@,dep_id=@@@1 @@@,lin_id=@@@5@@@,mar_id=@@@636@@@,pro_precio_compra_neto=@@@0@@@,pro_precio_compra_bruto=@@@0@@@,pro_precio_venta=@@@1@@@,pro_margen_actual=@@@0@@@,pro_oferta=@@@NO@@@,pro_fecha_inicio_oferta=@@@1900.01.01@@@,pro_fecha_termino_oferta=@@@1900.01.01@@@,pro_precio_oferta=@@@0@@@,pro_stock_minimo=@@@0@@@,pro_stock_critico=@@@0@@@,pro_activo=@@@1@@@,pro_unidad=@@@0@@@,pro_precio_compra_bruto=0,pro_margen_actual=0,pro_capacidad=0.005,pro_funcion_plu=0,pro_flejes=1,pro_iva=1,pro_plu_asociado=0,pro_envase=@@@NO@@@,pro_duracion=0,pro_numero_etiqueta=0 WHERE pro_codigo_plu=@@@10376@@@','',2,'2013-05-29'),(18872,'UPDATE mae_productos SET pro_estado=1 WHERE pro_codigo_plu=10376','',2,'2013-05-29'),(18873,'DELETE FROM mae_impuestos_productos WHERE pro_codigo_plu=@@@10376@@@','',2,'2013-05-29'),(18874,'INSERT INTO mae_departamento (dep_id,dep_nombre,dep_porcentaje_margen,dep_oferta,cco_id) VALUES (@@@41@@@,@@@MEDICAMENTOS@@@,@@@100@@@,@@@NO@@@,0)','',2,'2013-05-29'),(18875,'UPDATE mae_productos SET pro_codigo_barra=@@@7700053@@@,pro_tipo=@@@0@@@,pro_nombre_producto=@@@PACK MERMELADAS LOS LAGOS X 2 UDS.@@@,pro_nombre_corto=@@@PACK MERMELADAS @@@,med_id=@@@1@@@,emb_id=@@@4@@@,pro_unidades_embalaje=@@@1@@@,dep_id=@@@1 @@@,lin_id=@@@4@@@,mar_id=@@@2070@@@,pro_precio_compra_neto=@@@0@@@,pro_precio_compra_bruto=@@@0@@@,pro_precio_venta=@@@1@@@,pro_margen_actual=@@@0@@@,pro_oferta=@@@NO@@@,pro_fecha_inicio_oferta=@@@1900.01.01@@@,pro_fecha_termino_oferta=@@@1900.01.01@@@,pro_precio_oferta=@@@0@@@,pro_stock_minimo=@@@0@@@,pro_stock_critico=@@@0@@@,pro_activo=@@@1@@@,pro_unidad=@@@0@@@,pro_precio_compra_bruto=0,pro_margen_actual=0,pro_capacidad=1,pro_funcion_plu=0,pro_flejes=1,pro_iva=1,pro_plu_asociado=0,pro_envase=@@@NO@@@,pro_duracion=0,pro_numero_etiqueta=0 WHERE pro_codigo_plu=@@@10504@@@','',2,'2013-05-29'),(18876,'UPDATE mae_productos SET pro_estado=1 WHERE pro_codigo_plu=10504','',2,'2013-05-29'),(18877,'DELETE FROM mae_impuestos_productos WHERE pro_codigo_plu=@@@10504@@@','',2,'2013-05-29'),(18878,'UPDATE mae_datos_empresa SET emp_rut=@@@10162956-2@@@,emp_razon_social=@@@SOFIA DE LA CRUZ DIAZ FERNANDEZ@@@,emp_sucursal=@@@MATRIZ@@@,emp_giro=@@@SUPERMERCADOS@@@,emp_direccion=@@@AV. SAN GREGORIO 15@@@,emp_ciudad=@@@NACIMIENTO@@@,emp_telefono=@@@511706@@@,emp_mail=@@@UNICONACIMIENTO@GMAIL.COM@@@,emp_mail_gerencia_comercial=@@@@@@,emp_mail_gerencia_operaciones=@@@@@@,emp_mail_gerencia_sistemas=@@@@@@,emp_nombre_administrador=@@@SUPERMERCADO UNICO@@@,emp_direccion_sala=@@@AV. SAN GREGORIO 15@@@,emp_ciudad_sala=@@@NACIMIENTO@@@,emp_utm=40005,emp_telefono_sala=@@@511706@@@,emp_fax_sala=@@@511706@@@,emp_mail_sala=@@@UNICONACIMIENTO@GMAIL.COM@@@,emp_cta_efectivo=@@@0@@@,emp_cta_cheque=@@@0@@@,emp_cta_ventas=@@@0@@@,emp_cta_t_credito=@@@0@@@,emp_cta_t_debito=@@@0@@@,emp_cta_p_acumulados=@@@0@@@,emp_cta_descuento=@@@0@@@,emp_cta_cliente=@@@0@@@,emp_cta_funcionario=@@@0@@@,emp_cta_apoyo=@@@0@@@','',2,'2013-05-29'),(18879,'UPDATE mae_datos_empresa SET emp_entradas_compras=@@@0@@@,emp_entradas_pack=@@@0@@@,emp_entradas_preparados=@@@0@@@,emp_salidas_pi_pack=@@@0@@@,emp_salidas_pi_preparados=@@@0@@@,emp_iva=19,emp_lineas_facturas=18,emp_lineas_guias=18,emp_lineas_nc=@@@12@@@,emp_minimo_nc=@@@500@@@,emp_codigo_ferreteria=0,emp_codigo_cigarrillos=21,emp_path_flejes=@@@//Hugo-PC/flejes@@@,emp_path_balanzas=@@@C:/@@@,emp_path_precios=@@@//secretaria/C/UX60/CORREO@@@,emp_path_ventas=@@@//secretaria/C/UX60@@@,emp_cta_mercaderias=0,emp_cta_iva=0,emp_cta_excento=0,emp_cta_harina=0,emp_cta_especifico=0,emp_cta_carne=0,emp_cta_ila=0,emp_cta_proveedor=0,emp_registradora=3,emp_funcionamiento=0,emp_codigo_queseria=0,emp_codigo_roticeria=3,emp_com=@@@COM1@@@,emp_baudios=@@@9600@@@,emp_total_cajas=3','',2,'2013-05-29'),(18880,'UPDATE mae_productos SET pro_codigo_barra=@@@7700054@@@,pro_tipo=@@@0@@@,pro_nombre_producto=@@@CHICLE GROSSO SABOR SURT@@@,pro_nombre_corto=@@@CHICLE GROSSO SA@@@,med_id=@@@1@@@,emb_id=@@@4@@@,pro_unidades_embalaje=@@@1@@@,dep_id=@@@1 @@@,lin_id=@@@7@@@,mar_id=@@@1740@@@,pro_precio_compra_neto=@@@0@@@,pro_precio_compra_bruto=@@@0@@@,pro_precio_venta=@@@50@@@,pro_margen_actual=@@@0@@@,pro_oferta=@@@NO@@@,pro_fecha_inicio_oferta=@@@1900.01.01@@@,pro_fecha_termino_oferta=@@@1900.01.01@@@,pro_precio_oferta=@@@0@@@,pro_stock_minimo=@@@0@@@,pro_stock_critico=@@@0@@@,pro_activo=@@@1@@@,pro_unidad=@@@0@@@,pro_precio_compra_bruto=0,pro_margen_actual=0,pro_capacidad=1,pro_funcion_plu=0,pro_flejes=1,pro_iva=1,pro_plu_asociado=0,pro_envase=@@@NO@@@,pro_duracion=0,pro_numero_etiqueta=0 WHERE pro_codigo_plu=@@@13017@@@','',2,'2013-05-29'),(18881,'UPDATE mae_productos SET pro_estado=1 WHERE pro_codigo_plu=13017','',2,'2013-05-29'),(18882,'DELETE FROM mae_impuestos_productos WHERE pro_codigo_plu=@@@13017@@@','',2,'2013-05-29'),(18883,'UPDATE mae_productos SET pro_codigo_barra=@@@302@@@,pro_tipo=@@@0@@@,pro_nombre_producto=@@@ARROLLADO HUASO@@@,pro_nombre_corto=@@@ARROLLADO HUASO@@@,med_id=@@@1@@@,emb_id=@@@1@@@,pro_unidades_embalaje=@@@1@@@,dep_id=@@@1 @@@,lin_id=@@@1@@@,mar_id=@@@2507@@@,pro_precio_compra_neto=@@@0@@@,pro_precio_compra_bruto=@@@0@@@,pro_precio_venta=@@@3650@@@,pro_margen_actual=@@@0@@@,pro_oferta=@@@NO@@@,pro_fecha_inicio_oferta=@@@1900.01.01@@@,pro_fecha_termino_oferta=@@@1900.01.01@@@,pro_precio_oferta=@@@0@@@,pro_stock_minimo=@@@1@@@,pro_stock_critico=@@@1@@@,pro_activo=@@@1@@@,pro_unidad=@@@1@@@,pro_precio_compra_bruto=0,pro_margen_actual=0,pro_capacidad=1,pro_funcion_plu=1,pro_flejes=0,pro_iva=1,pro_plu_asociado=0,pro_envase=@@@NO@@@,pro_duracion=0,pro_numero_etiqueta=2 WHERE pro_codigo_plu=@@@302@@@','',2,'2013-05-29'),(18884,'UPDATE mae_productos SET pro_estado=1 WHERE pro_codigo_plu=302','',2,'2013-05-29'),(18885,'DELETE FROM mae_impuestos_productos WHERE pro_codigo_plu=@@@302@@@','',2,'2013-05-29'),(18886,'UPDATE mae_productos SET pro_codigo_barra=@@@301@@@,pro_tipo=@@@0@@@,pro_nombre_producto=@@@ARROLLADO ITALIANO@@@,pro_nombre_corto=@@@ARROLLADO ITALIA@@@,med_id=@@@2@@@,emb_id=@@@1@@@,pro_unidades_embalaje=@@@1@@@,dep_id=@@@12 @@@,lin_id=@@@71@@@,mar_id=@@@1810@@@,pro_precio_compra_neto=@@@0@@@,pro_precio_compra_bruto=@@@0@@@,pro_precio_venta=@@@2790@@@,pro_margen_actual=@@@0@@@,pro_oferta=@@@NO@@@,pro_fecha_inicio_oferta=@@@1900.01.01@@@,pro_fecha_termino_oferta=@@@1900.01.01@@@,pro_precio_oferta=@@@0@@@,pro_stock_minimo=@@@1@@@,pro_stock_critico=@@@1@@@,pro_activo=@@@1@@@,pro_unidad=@@@0@@@,pro_precio_compra_bruto=0,pro_margen_actual=0,pro_capacidad=1,pro_funcion_plu=0,pro_flejes=1,pro_iva=1,pro_plu_asociado=0,pro_envase=@@@NO@@@,pro_duracion=0,pro_numero_etiqueta=0 WHERE pro_codigo_plu=@@@301@@@','',2,'2013-05-29'),(18887,'UPDATE mae_productos SET pro_estado=1 WHERE pro_codigo_plu=301','',2,'2013-05-29'),(18888,'DELETE FROM mae_impuestos_productos WHERE pro_codigo_plu=@@@301@@@','',2,'2013-05-29'),(18889,'UPDATE mae_productos SET pro_codigo_barra=@@@7700055@@@,pro_tipo=@@@0@@@,pro_nombre_producto=@@@ESPONJA AMARILLA FIBRO@@@,pro_nombre_corto=@@@ESPONJA AMARILLA@@@,med_id=@@@1@@@,emb_id=@@@4@@@,pro_unidades_embalaje=@@@1@@@,dep_id=@@@2 @@@,lin_id=@@@32@@@,mar_id=@@@1635@@@,pro_precio_compra_neto=@@@0@@@,pro_precio_compra_bruto=@@@0@@@,pro_precio_venta=@@@1@@@,pro_margen_actual=@@@0@@@,pro_oferta=@@@NO@@@,pro_fecha_inicio_oferta=@@@1900.01.01@@@,pro_fecha_termino_oferta=@@@1900.01.01@@@,pro_precio_oferta=@@@0@@@,pro_stock_minimo=@@@0@@@,pro_stock_critico=@@@0@@@,pro_activo=@@@1@@@,pro_unidad=@@@0@@@,pro_precio_compra_bruto=0,pro_margen_actual=0,pro_capacidad=1,pro_funcion_plu=0,pro_flejes=1,pro_iva=1,pro_plu_asociado=0,pro_envase=@@@NO@@@,pro_duracion=0,pro_numero_etiqueta=0 WHERE pro_codigo_plu=@@@15038@@@','',2,'2013-05-29'),(18890,'UPDATE mae_productos SET pro_estado=1 WHERE pro_codigo_plu=15038','',2,'2013-05-29'),(18891,'DELETE FROM mae_impuestos_productos WHERE pro_codigo_plu=@@@15038@@@','',2,'2013-05-29'),(18892,'UPDATE mae_productos SET pro_codigo_barra=@@@302@@@,pro_tipo=@@@0@@@,pro_nombre_producto=@@@ARROLLADO HUASO@@@,pro_nombre_corto=@@@ARROLLADO HUASO@@@,med_id=@@@1@@@,emb_id=@@@1@@@,pro_unidades_embalaje=@@@1@@@,dep_id=@@@12 @@@,lin_id=@@@71@@@,mar_id=@@@2658@@@,pro_precio_compra_neto=@@@0@@@,pro_precio_compra_bruto=@@@0@@@,pro_precio_venta=@@@3650@@@,pro_margen_actual=@@@0@@@,pro_oferta=@@@NO@@@,pro_fecha_inicio_oferta=@@@1900.01.01@@@,pro_fecha_termino_oferta=@@@1900.01.01@@@,pro_precio_oferta=@@@0@@@,pro_stock_minimo=@@@1@@@,pro_stock_critico=@@@1@@@,pro_activo=@@@1@@@,pro_unidad=@@@1@@@,pro_precio_compra_bruto=0,pro_margen_actual=0,pro_capacidad=1,pro_funcion_plu=1,pro_flejes=0,pro_iva=1,pro_plu_asociado=0,pro_envase=@@@NO@@@,pro_duracion=0,pro_numero_etiqueta=2 WHERE pro_codigo_plu=@@@302@@@','',2,'2013-05-29'),(18893,'UPDATE mae_productos SET pro_estado=1 WHERE pro_codigo_plu=302','',2,'2013-05-29'),(18894,'DELETE FROM mae_impuestos_productos WHERE pro_codigo_plu=@@@302@@@','',2,'2013-05-29'),(18895,'UPDATE mae_productos SET pro_codigo_barra=@@@7700056@@@,pro_tipo=@@@0@@@,pro_nombre_producto=@@@AZUCAR SACHET 6.25 GRS.@@@,pro_nombre_corto=@@@AZUCAR SACHET 6.@@@,med_id=@@@5@@@,emb_id=@@@4@@@,pro_unidades_embalaje=@@@60@@@,dep_id=@@@31 @@@,lin_id=@@@149@@@,mar_id=@@@1801@@@,pro_precio_compra_neto=@@@0@@@,pro_precio_compra_bruto=@@@0@@@,pro_precio_venta=@@@1@@@,pro_margen_actual=@@@0@@@,pro_oferta=@@@NO@@@,pro_fecha_inicio_oferta=@@@1900.01.01@@@,pro_fecha_termino_oferta=@@@1900.01.01@@@,pro_precio_oferta=@@@0@@@,pro_stock_minimo=@@@60@@@,pro_stock_critico=@@@30@@@,pro_activo=@@@1@@@,pro_unidad=@@@0@@@,pro_precio_compra_bruto=0,pro_margen_actual=0,pro_capacidad=0.006,pro_funcion_plu=0,pro_flejes=1,pro_iva=1,pro_plu_asociado=0,pro_envase=@@@NO@@@,pro_duracion=0,pro_numero_etiqueta=0 WHERE pro_codigo_plu=@@@10583@@@','',2,'2013-05-29'),(18896,'UPDATE mae_productos SET pro_estado=1 WHERE pro_codigo_plu=10583','',2,'2013-05-29'),(18897,'DELETE FROM mae_impuestos_productos WHERE pro_codigo_plu=@@@10583@@@','',2,'2013-05-29'),(18898,'UPDATE mae_productos SET pro_codigo_barra=@@@7700057@@@,pro_tipo=@@@0@@@,pro_nombre_producto=@@@CHUPET.LHERITIER P.DULCE .FRUTAL 14 GRS@@@,pro_nombre_corto=@@@CHUPETIN PICO DU@@@,med_id=@@@1@@@,emb_id=@@@4@@@,pro_unidades_embalaje=@@@48@@@,dep_id=@@@1 @@@,lin_id=@@@4@@@,mar_id=@@@1042@@@,pro_precio_compra_neto=@@@0@@@,pro_precio_compra_bruto=@@@0@@@,pro_precio_venta=@@@60@@@,pro_margen_actual=@@@0@@@,pro_oferta=@@@NO@@@,pro_fecha_inicio_oferta=@@@1900.01.01@@@,pro_fecha_termino_oferta=@@@1900.01.01@@@,pro_precio_oferta=@@@0@@@,pro_stock_minimo=@@@0@@@,pro_stock_critico=@@@0@@@,pro_activo=@@@1@@@,pro_unidad=@@@0@@@,pro_precio_compra_bruto=0,pro_margen_actual=0,pro_capacidad=1,pro_funcion_plu=0,pro_flejes=1,pro_iva=1,pro_plu_asociado=0,pro_envase=@@@NO@@@,pro_duracion=0,pro_numero_etiqueta=0 WHERE pro_codigo_plu=@@@12843@@@','',2,'2013-05-29'),(18899,'UPDATE mae_productos SET pro_estado=1 WHERE pro_codigo_plu=12843','',2,'2013-05-29'),(18900,'DELETE FROM mae_impuestos_productos WHERE pro_codigo_plu=@@@12843@@@','',2,'2013-05-29'),(18901,'UPDATE mae_productos SET pro_codigo_barra=@@@303@@@,pro_tipo=@@@0@@@,pro_nombre_producto=@@@ARROLLADO HUASO@@@,pro_nombre_corto=@@@ARROLLADO HUASO@@@,med_id=@@@2@@@,emb_id=@@@1@@@,pro_unidades_embalaje=@@@1@@@,dep_id=@@@12 @@@,lin_id=@@@71@@@,mar_id=@@@2669@@@,pro_precio_compra_neto=@@@0@@@,pro_precio_compra_bruto=@@@0@@@,pro_precio_venta=@@@1@@@,pro_margen_actual=@@@0@@@,pro_oferta=@@@NO@@@,pro_fecha_inicio_oferta=@@@1900.01.01@@@,pro_fecha_termino_oferta=@@@1900.01.01@@@,pro_precio_oferta=@@@0@@@,pro_stock_minimo=@@@1@@@,pro_stock_critico=@@@1@@@,pro_activo=@@@1@@@,pro_unidad=@@@0@@@,pro_precio_compra_bruto=0,pro_margen_actual=0,pro_capacidad=1,pro_funcion_plu=0,pro_flejes=0,pro_iva=1,pro_plu_asociado=0,pro_envase=@@@NO@@@,pro_duracion=0,pro_numero_etiqueta=0 WHERE pro_codigo_plu=@@@303@@@','',2,'2013-05-29'),(18902,'UPDATE mae_productos SET pro_estado=1 WHERE pro_codigo_plu=303','',2,'2013-05-29'),(18903,'DELETE FROM mae_impuestos_productos WHERE pro_codigo_plu=@@@303@@@','',2,'2013-05-29'),(18904,'UPDATE mae_productos SET pro_codigo_barra=@@@7700058@@@,pro_tipo=@@@0@@@,pro_nombre_producto=@@@PACK COCA COLA 1.5+ BEB.TAI 2.0 LTS@@@,pro_nombre_corto=@@@PACK COCA COLA 1@@@,med_id=@@@3@@@,emb_id=@@@4@@@,pro_unidades_embalaje=@@@1@@@,dep_id=@@@4 @@@,lin_id=@@@55@@@,mar_id=@@@1790@@@,pro_precio_compra_neto=@@@0@@@,pro_precio_compra_bruto=@@@0@@@,pro_precio_venta=@@@1@@@,pro_margen_actual=@@@0@@@,pro_oferta=@@@NO@@@,pro_fecha_inicio_oferta=@@@1900.01.01@@@,pro_fecha_termino_oferta=@@@1900.01.01@@@,pro_precio_oferta=@@@0@@@,pro_stock_minimo=@@@0@@@,pro_stock_critico=@@@0@@@,pro_activo=@@@1@@@,pro_unidad=@@@0@@@,pro_precio_compra_bruto=0,pro_margen_actual=0,pro_capacidad=1.5,pro_funcion_plu=0,pro_flejes=1,pro_iva=1,pro_plu_asociado=0,pro_envase=@@@NO@@@,pro_duracion=0,pro_numero_etiqueta=0 WHERE pro_codigo_plu=@@@17253@@@','',2,'2013-05-29'),(18905,'UPDATE mae_productos SET pro_estado=1 WHERE pro_codigo_plu=17253','',2,'2013-05-29'),(18906,'DELETE FROM mae_impuestos_productos WHERE pro_codigo_plu=@@@17253@@@','',2,'2013-05-29'),(18907,'UPDATE mae_productos SET pro_codigo_barra=@@@304@@@,pro_tipo=@@@0@@@,pro_nombre_producto=@@@ARROLLADO HUASO@@@,pro_nombre_corto=@@@ARROLLADO HUASO@@@,med_id=@@@2@@@,emb_id=@@@1@@@,pro_unidades_embalaje=@@@1@@@,dep_id=@@@12 @@@,lin_id=@@@71@@@,mar_id=@@@1810@@@,pro_precio_compra_neto=@@@0@@@,pro_precio_compra_bruto=@@@0@@@,pro_precio_venta=@@@6190@@@,pro_margen_actual=@@@0@@@,pro_oferta=@@@NO@@@,pro_fecha_inicio_oferta=@@@1900.01.01@@@,pro_fecha_termino_oferta=@@@1900.01.01@@@,pro_precio_oferta=@@@0@@@,pro_stock_minimo=@@@1@@@,pro_stock_critico=@@@1@@@,pro_activo=@@@1@@@,pro_unidad=@@@0@@@,pro_precio_compra_bruto=0,pro_margen_actual=0,pro_capacidad=1,pro_funcion_plu=0,pro_flejes=0,pro_iva=1,pro_plu_asociado=0,pro_envase=@@@NO@@@,pro_duracion=0,pro_numero_etiqueta=0 WHERE pro_codigo_plu=@@@304@@@','',2,'2013-05-29'),(18908,'UPDATE mae_productos SET pro_estado=1 WHERE pro_codigo_plu=304','',2,'2013-05-29'),(18909,'DELETE FROM mae_impuestos_productos WHERE pro_codigo_plu=@@@304@@@','',2,'2013-05-29'),(18910,'INSERT INTO gne_vale_ferreteria (vfe_id,vfe_fecha,vfe_total,vfe_estado,vfe_entregado,usu_nusuario) VALUES (872,@@@2013.05.28@@@,290,1,0,@@@G_DIAZ@@@)','',2,'2013-05-29'),(18911,'INSERT INTO gne_vale_ferreteria_mov (vfe_id,pro_codigo_plu,vfm_cantidad,vfm_unitario,vfm_total,vfm_entregado) VALUES (872,2005,1,290,290,@@@NO@@@)','',2,'2013-05-29'),(18912,'INSERT INTO mae_productos (pro_codigo_plu,pro_codigo_barra,pro_tipo,pro_nombre_producto,pro_nombre_corto,med_id,emb_id,pro_unidades_embalaje,dep_id,lin_id,mar_id,pro_precio_compra_neto,pro_precio_compra_bruto,pro_precio_venta,pro_margen_actual,pro_oferta,pro_fecha_inicio_oferta,pro_fecha_termino_oferta,pro_precio_oferta,pro_stock_minimo,pro_stock_critico,pro_entradas_bodega,pro_salidas_bodega,pro_mermas_bodega,pro_ajustes_bodega,pro_entradas_sv,pro_salidas_sv,pro_mermas_sv,pro_ajustes_sv,pro_activo,rec_numero,pro_unidad,pro_capacidad,pro_consumo_bodega,pro_consumo_sv,pro_estado,pro_funcion_plu,pro_flejes,pro_iva,pro_plu_asociado,pro_envase,pro_duracion,pro_numero_etiqueta) VALUES (780220099,@@@7800044000409@@@,@@@0@@@,@@@PASTILLA DE CARBON 1 UND@@@,@@@PASTILLA DE CARB@@@,@@@1 @@@,@@@3 @@@,@@@0@@@,@@@41 @@@,@@@209@@@,@@@2507@@@,@@@0@@@,@@@0@@@,@@@150@@@,@@@0@@@,@@@@@@,@@@2013.05.28@@@,@@@2013.05.28@@@,@@@0@@@,@@@0@@@,@@@0@@@,@@@0@@@,@@@0@@@,@@@0@@@,@@@0@@@,@@@0@@@,@@@0@@@,@@@0@@@,@@@0@@@,@@@1@@@,@@@0@@@,0,1,0,0,2,0,1,1,0,@@@NO@@@,0,0)','',2,'2013-05-29'),(18913,'DELETE FROM mae_impuestos_productos WHERE pro_codigo_plu=@@@780220099@@@','',2,'2013-05-29'),(18914,'UPDATE mae_productos SET pro_codigo_barra=@@@1520@@@,pro_tipo=@@@0@@@,pro_nombre_producto=@@@NESCAFE STICK 1.8 GRS.@@@,pro_nombre_corto=@@@NESCAFE STICK 1.@@@,med_id=@@@5@@@,emb_id=@@@4@@@,pro_unidades_embalaje=@@@100@@@,dep_id=@@@1 @@@,lin_id=@@@3@@@,mar_id=@@@1895@@@,pro_precio_compra_neto=@@@0@@@,pro_precio_compra_bruto=@@@0@@@,pro_precio_venta=@@@80@@@,pro_margen_actual=@@@0@@@,pro_oferta=@@@NO@@@,pro_fecha_inicio_oferta=@@@1900.01.01@@@,pro_fecha_termino_oferta=@@@1900.01.01@@@,pro_precio_oferta=@@@0@@@,pro_stock_minimo=@@@100@@@,pro_stock_critico=@@@50@@@,pro_activo=@@@1@@@,pro_unidad=@@@0@@@,pro_precio_compra_bruto=0,pro_margen_actual=0,pro_capacidad=0.002,pro_funcion_plu=0,pro_flejes=1,pro_iva=1,pro_plu_asociado=0,pro_envase=@@@NO@@@,pro_duracion=0,pro_numero_etiqueta=0 WHERE pro_codigo_plu=@@@10191@@@','',2,'2013-05-29'),(18915,'UPDATE mae_productos SET pro_estado=1 WHERE pro_codigo_plu=10191','',2,'2013-05-29'),(18916,'DELETE FROM mae_impuestos_productos WHERE pro_codigo_plu=@@@10191@@@','',2,'2013-05-29'),(18917,'UPDATE mae_productos SET pro_codigo_barra=@@@305@@@,pro_tipo=@@@0@@@,pro_nombre_producto=@@@ARROLL. LOMO@@@,pro_nombre_corto=@@@ARROLL. LOMO@@@,med_id=@@@2@@@,emb_id=@@@1@@@,pro_unidades_embalaje=@@@1@@@,dep_id=@@@12 @@@,lin_id=@@@71@@@,mar_id=@@@2670@@@,pro_precio_compra_neto=@@@0@@@,pro_precio_compra_bruto=@@@0@@@,pro_precio_venta=@@@4190@@@,pro_margen_actual=@@@0@@@,pro_oferta=@@@NO@@@,pro_fecha_inicio_oferta=@@@1900.01.01@@@,pro_fecha_termino_oferta=@@@1900.01.01@@@,pro_precio_oferta=@@@0@@@,pro_stock_minimo=@@@1@@@,pro_stock_critico=@@@1@@@,pro_activo=@@@1@@@,pro_unidad=@@@0@@@,pro_precio_compra_bruto=0,pro_margen_actual=0,pro_capacidad=1,pro_funcion_plu=0,pro_flejes=0,pro_iva=1,pro_plu_asociado=0,pro_envase=@@@NO@@@,pro_duracion=0,pro_numero_etiqueta=0 WHERE pro_codigo_plu=@@@305@@@','',2,'2013-05-29'),(18918,'UPDATE mae_productos SET pro_estado=1 WHERE pro_codigo_plu=305','',2,'2013-05-29'),(18919,'DELETE FROM mae_impuestos_productos WHERE pro_codigo_plu=@@@305@@@','',2,'2013-05-29'),(18920,'UPDATE mae_productos SET pro_margen_actual=0,pro_precio_venta=4190 WHERE pro_codigo_plu=305','',2,'2013-05-29'),(18921,'UPDATE mae_productos SET pro_margen_actual=0,pro_precio_venta=1 WHERE pro_codigo_plu=303','',2,'2013-05-29'),(18922,'UPDATE mae_productos SET pro_margen_actual=0,pro_precio_venta=3650 WHERE pro_codigo_plu=302','',2,'2013-05-29'),(18923,'UPDATE mae_productos SET pro_margen_actual=0,pro_precio_venta=6190 WHERE pro_codigo_plu=304','',2,'2013-05-29'),(18924,'UPDATE mae_productos SET pro_margen_actual=0,pro_precio_venta=2790 WHERE pro_codigo_plu=301','',2,'2013-05-29'),(18925,'UPDATE mae_productos SET pro_margen_actual=0,pro_precio_venta=1 WHERE pro_codigo_plu=10583','',2,'2013-05-29'),(18926,'UPDATE mae_productos SET pro_margen_actual=0,pro_precio_venta=50 WHERE pro_codigo_plu=13017','',2,'2013-05-29'),(18927,'UPDATE mae_productos SET pro_margen_actual=0,pro_precio_venta=60 WHERE pro_codigo_plu=12843','',2,'2013-05-29'),(18928,'UPDATE mae_productos SET pro_margen_actual=0,pro_precio_venta=1 WHERE pro_codigo_plu=15038','',2,'2013-05-29'),(18929,'UPDATE mae_productos SET pro_margen_actual=0,pro_precio_venta=1 WHERE pro_codigo_plu=10376','',2,'2013-05-29'),(18930,'UPDATE mae_productos SET pro_margen_actual=0,pro_precio_venta=150 WHERE pro_codigo_plu=12462','',2,'2013-05-29'),(18931,'UPDATE mae_productos SET pro_margen_actual=0,pro_precio_venta=80 WHERE pro_codigo_plu=10191','',2,'2013-05-29'),(18932,'UPDATE mae_productos SET pro_margen_actual=0,pro_precio_venta=2500 WHERE pro_codigo_plu=12562','',2,'2013-05-29'),(18933,'UPDATE mae_productos SET pro_margen_actual=0,pro_precio_venta=1 WHERE pro_codigo_plu=17253','',2,'2013-05-29'),(18934,'UPDATE mae_productos SET pro_margen_actual=0,pro_precio_venta=1 WHERE pro_codigo_plu=10504','',2,'2013-05-29'),(18935,'UPDATE mae_productos SET pro_margen_actual=0,pro_precio_venta=990 WHERE pro_codigo_plu=13447','',2,'2013-05-29'),(18936,'UPDATE mae_productos SET pro_margen_actual=0,pro_precio_venta=2690 WHERE pro_codigo_plu=213','',2,'2013-05-29'),(18937,'UPDATE mae_productos SET pro_margen_actual=0,pro_precio_venta=1 WHERE pro_codigo_plu=1003','',2,'2013-05-29'),(18938,'UPDATE mae_productos SET pro_margen_actual=0,pro_precio_venta=899 WHERE pro_codigo_plu=1001','',2,'2013-05-29'),(18939,'UPDATE mae_productos SET pro_margen_actual=0,pro_precio_venta=599 WHERE pro_codigo_plu=1004','',2,'2013-05-29'),(18940,'UPDATE mae_productos SET pro_margen_actual=0,pro_precio_venta=999 WHERE pro_codigo_plu=1002','',2,'2013-05-29'),(18941,'UPDATE mae_productos SET pro_margen_actual=0,pro_precio_venta=150 WHERE pro_codigo_plu=780220099','',2,'2013-05-29'),(18942,'UPDATE mae_productos SET pro_margen_actual=0,pro_precio_venta=1 WHERE pro_codigo_plu=214','',2,'2013-05-29'),(18943,'UPDATE mae_productos SET pro_margen_actual=0,pro_precio_venta=150 WHERE pro_codigo_plu=21237','',2,'2013-05-29'),(18944,'UPDATE mae_productos SET pro_precio_fiscal=pro_precio_venta WHERE pro_codigo_plu=1003','',2,'2013-05-29'),(18945,'UPDATE mae_productos SET pro_precio_fiscal=pro_precio_venta WHERE pro_codigo_plu=10191','',2,'2013-05-29'),(18946,'UPDATE mae_productos SET pro_precio_fiscal=pro_precio_venta WHERE pro_codigo_plu=214','',2,'2013-05-29'),(18947,'UPDATE mae_productos SET pro_precio_fiscal=pro_precio_venta WHERE pro_codigo_plu=13447','',2,'2013-05-29'),(18948,'UPDATE mae_productos SET pro_precio_fiscal=pro_precio_venta WHERE pro_codigo_plu=10376','',2,'2013-05-29'),(18949,'UPDATE mae_productos SET pro_precio_fiscal=pro_precio_venta WHERE pro_codigo_plu=10504','',2,'2013-05-29'),(18950,'UPDATE mae_productos SET pro_precio_fiscal=pro_precio_venta WHERE pro_codigo_plu=15038','',2,'2013-05-29'),(18951,'UPDATE mae_productos SET pro_precio_fiscal=pro_precio_venta WHERE pro_codigo_plu=10583','',2,'2013-05-29'),(18952,'UPDATE mae_productos SET pro_precio_fiscal=pro_precio_venta WHERE pro_codigo_plu=12843','',2,'2013-05-29'),(18953,'UPDATE mae_productos SET pro_precio_fiscal=pro_precio_venta WHERE pro_codigo_plu=17253','',2,'2013-05-29'),(18954,'UPDATE mae_productos SET pro_precio_fiscal=pro_precio_venta WHERE pro_codigo_plu=21237','',2,'2013-05-29'),(18955,'UPDATE mae_productos SET pro_precio_fiscal=pro_precio_venta WHERE pro_codigo_plu=12462','',2,'2013-05-29'),(18956,'UPDATE mae_productos SET pro_precio_fiscal=pro_precio_venta WHERE pro_codigo_plu=780220099','',2,'2013-05-29'),(18957,'UPDATE mae_productos SET pro_precio_fiscal=pro_precio_venta WHERE pro_codigo_plu=12562','',2,'2013-05-29'),(18958,'INSERT INTO mae_productos (pro_codigo_plu,pro_codigo_barra,pro_tipo,pro_nombre_producto,pro_nombre_corto,med_id,emb_id,pro_unidades_embalaje,dep_id,lin_id,mar_id,pro_precio_compra_neto,pro_precio_compra_bruto,pro_precio_venta,pro_margen_actual,pro_oferta,pro_fecha_inicio_oferta,pro_fecha_termino_oferta,pro_precio_oferta,pro_stock_minimo,pro_stock_critico,pro_entradas_bodega,pro_salidas_bodega,pro_mermas_bodega,pro_ajustes_bodega,pro_entradas_sv,pro_salidas_sv,pro_mermas_sv,pro_ajustes_sv,pro_activo,rec_numero,pro_unidad,pro_capacidad,pro_consumo_bodega,pro_consumo_sv,pro_estado,pro_funcion_plu,pro_flejes,pro_iva,pro_plu_asociado,pro_envase,pro_duracion,pro_numero_etiqueta) VALUES (780220100,@@@780220100@@@,@@@0@@@,@@@PARCHE CURITA TIRA  5 UND@@@,@@@PARCHE CURITA TI@@@,@@@1 @@@,@@@3 @@@,@@@0@@@,@@@41 @@@,@@@209@@@,@@@2507@@@,@@@0@@@,@@@0@@@,@@@1@@@,@@@0@@@,@@@@@@,@@@2013.05.28@@@,@@@2013.05.28@@@,@@@0@@@,@@@0@@@,@@@0@@@,@@@0@@@,@@@0@@@,@@@0@@@,@@@0@@@,@@@0@@@,@@@0@@@,@@@0@@@,@@@0@@@,@@@1@@@,@@@0@@@,0,5,0,0,2,0,1,1,0,@@@NO@@@,0,0)','',2,'2013-05-29'),(18959,'DELETE FROM mae_impuestos_productos WHERE pro_codigo_plu=@@@780220100@@@','',2,'2013-05-29'),(18960,'UPDATE mae_productos SET pro_margen_actual=0,pro_precio_venta=13000 WHERE pro_codigo_plu=12462','',2,'2013-05-29'),(18961,'UPDATE mae_productos SET pro_margen_actual=0,pro_precio_venta=1500 WHERE pro_codigo_plu=10504','',2,'2013-05-29'),(18962,'UPDATE mae_productos SET pro_margen_actual=0,pro_precio_venta=1500 WHERE pro_codigo_plu=780220100','',2,'2013-05-29'),(18963,'UPDATE mae_productos SET pro_margen_actual=0,pro_precio_venta=50 WHERE pro_codigo_plu=13017','',2,'2013-05-29'),(18964,'UPDATE mae_productos SET pro_margen_actual=0,pro_precio_venta=220 WHERE pro_codigo_plu=15038','',2,'2013-05-29'),(18965,'UPDATE mae_productos SET pro_margen_actual=0,pro_precio_venta=150 WHERE pro_codigo_plu=10583','',2,'2013-05-29'),(18966,'UPDATE mae_productos SET pro_margen_actual=0,pro_precio_venta=60 WHERE pro_codigo_plu=12843','',2,'2013-05-29'),(18967,'UPDATE mae_productos SET pro_margen_actual=0,pro_precio_venta=1790 WHERE pro_codigo_plu=102','',2,'2013-05-29'),(18968,'UPDATE mae_productos SET pro_margen_actual=0,pro_precio_venta=2190 WHERE pro_codigo_plu=103','',2,'2013-05-29'),(18969,'UPDATE mae_productos SET pro_margen_actual=0,pro_precio_venta=1990 WHERE pro_codigo_plu=780220100','',2,'2013-05-29'),(18970,'UPDATE mae_productos SET pro_margen_actual=0,pro_precio_venta=1890 WHERE pro_codigo_plu=118','',2,'2013-05-29'),(18971,'UPDATE mae_productos SET pro_margen_actual=0,pro_precio_venta=2990 WHERE pro_codigo_plu=122','',2,'2013-05-29'),(18972,'UPDATE mae_productos SET pro_margen_actual=0,pro_precio_venta=2990 WHERE pro_codigo_plu=394','',2,'2013-05-29'),(18973,'UPDATE mae_productos SET pro_margen_actual=0,pro_precio_venta=150 WHERE pro_codigo_plu=510','',2,'2013-05-29'),(18974,'UPDATE mae_productos SET pro_precio_fiscal=pro_precio_venta WHERE pro_codigo_plu=102','',2,'2013-05-29'),(18975,'UPDATE mae_productos SET pro_precio_fiscal=pro_precio_venta WHERE pro_codigo_plu=103','',2,'2013-05-29'),(18976,'UPDATE mae_productos SET pro_precio_fiscal=pro_precio_venta WHERE pro_codigo_plu=118','',2,'2013-05-29'),(18977,'UPDATE mae_productos SET pro_precio_fiscal=pro_precio_venta WHERE pro_codigo_plu=122','',2,'2013-05-29'),(18978,'UPDATE mae_productos SET pro_precio_fiscal=pro_precio_venta WHERE pro_codigo_plu=394','',2,'2013-05-29'),(18979,'UPDATE mae_productos SET pro_precio_fiscal=pro_precio_venta WHERE pro_codigo_plu=510','',2,'2013-05-29'),(18980,'UPDATE mae_productos SET pro_precio_fiscal=pro_precio_venta WHERE pro_codigo_plu=10504','',2,'2013-05-29'),(18981,'UPDATE mae_productos SET pro_precio_fiscal=pro_precio_venta WHERE pro_codigo_plu=15038','',2,'2013-05-29'),(18982,'UPDATE mae_productos SET pro_precio_fiscal=pro_precio_venta WHERE pro_codigo_plu=10583','',2,'2013-05-29'),(18983,'UPDATE mae_productos SET pro_precio_fiscal=pro_precio_venta WHERE pro_codigo_plu=12462','',2,'2013-05-29'),(18984,'UPDATE mae_productos SET pro_precio_fiscal=pro_precio_venta WHERE pro_codigo_plu=780220100','',2,'2013-05-29'),(18985,'INSERT INTO mae_productos (pro_codigo_plu,pro_codigo_barra,pro_tipo,pro_nombre_producto,pro_nombre_corto,med_id,emb_id,pro_unidades_embalaje,dep_id,lin_id,mar_id,pro_precio_compra_neto,pro_precio_compra_bruto,pro_precio_venta,pro_margen_actual,pro_oferta,pro_fecha_inicio_oferta,pro_fecha_termino_oferta,pro_precio_oferta,pro_stock_minimo,pro_stock_critico,pro_entradas_bodega,pro_salidas_bodega,pro_mermas_bodega,pro_ajustes_bodega,pro_entradas_sv,pro_salidas_sv,pro_mermas_sv,pro_ajustes_sv,pro_activo,rec_numero,pro_unidad,pro_capacidad,pro_consumo_bodega,pro_consumo_sv,pro_estado,pro_funcion_plu,pro_flejes,pro_iva,pro_plu_asociado,pro_envase,pro_duracion,pro_numero_etiqueta) VALUES (780220101,@@@7800007374271@@@,@@@0@@@,@@@GRIPASAN PASTILLAS CAJA@@@,@@@GRIPASAN PASTILL@@@,@@@1 @@@,@@@3 @@@,@@@0@@@,@@@41 @@@,@@@209@@@,@@@2671@@@,@@@0@@@,@@@0@@@,@@@1500@@@,@@@0@@@,@@@@@@,@@@2013.05.28@@@,@@@2013.05.28@@@,@@@0@@@,@@@0@@@,@@@0@@@,@@@0@@@,@@@0@@@,@@@0@@@,@@@0@@@,@@@0@@@,@@@0@@@,@@@0@@@,@@@0@@@,@@@1@@@,@@@0@@@,0,1,0,0,2,0,1,1,0,@@@NO@@@,0,0)','',2,'2013-05-29'),(18986,'DELETE FROM mae_impuestos_productos WHERE pro_codigo_plu=@@@780220101@@@','',2,'2013-05-29'),(18987,'UPDATE mae_productos SET pro_codigo_barra=@@@517@@@,pro_tipo=@@@0@@@,pro_nombre_producto=@@@CILANTRO X 1 UND@@@,pro_nombre_corto=@@@CILANTRO X 1 UND@@@,med_id=@@@1@@@,emb_id=@@@9@@@,pro_unidades_embalaje=@@@1@@@,dep_id=@@@18 @@@,lin_id=@@@98@@@,mar_id=@@@2507@@@,pro_precio_compra_neto=@@@0@@@,pro_precio_compra_bruto=@@@0@@@,pro_precio_venta=@@@390@@@,pro_margen_actual=@@@1@@@,pro_oferta=@@@NO@@@,pro_fecha_inicio_oferta=@@@1900.01.01@@@,pro_fecha_termino_oferta=@@@1900.01.01@@@,pro_precio_oferta=@@@0@@@,pro_stock_minimo=@@@1@@@,pro_stock_critico=@@@1@@@,pro_activo=@@@1@@@,pro_unidad=@@@1@@@,pro_precio_compra_bruto=0,pro_margen_actual=1,pro_capacidad=1,pro_funcion_plu=2,pro_flejes=0,pro_iva=1,pro_plu_asociado=0,pro_envase=@@@NO@@@,pro_duracion=0,pro_numero_etiqueta=3 WHERE pro_codigo_plu=@@@517@@@','',2,'2013-05-29'),(18988,'UPDATE mae_productos SET pro_estado=1 WHERE pro_codigo_plu=517','',2,'2013-05-29'),(18989,'DELETE FROM mae_impuestos_productos WHERE pro_codigo_plu=@@@517@@@','',2,'2013-05-29'),(18990,'UPDATE mae_productos SET pro_precio_fiscal=pro_precio_venta WHERE pro_codigo_plu=517','',2,'2013-05-29'),(18991,'UPDATE mae_productos SET pro_precio_fiscal=pro_precio_venta WHERE pro_codigo_plu=780220101','',2,'2013-05-29'),(18992,'UPDATE mae_productos SET pro_margen_actual=0,pro_precio_venta=350 WHERE pro_codigo_plu=530','',2,'2013-05-29'),(18993,'UPDATE mae_productos SET pro_precio_fiscal=pro_precio_venta WHERE pro_codigo_plu=530','',2,'2013-05-29'),(18994,'UPDATE mae_productos SET pro_margen_actual=0,pro_precio_venta=490 WHERE pro_codigo_plu=532','',2,'2013-05-29'),(18995,'UPDATE mae_productos SET pro_margen_actual=0,pro_precio_venta=270 WHERE pro_codigo_plu=542','',2,'2013-05-29'),(18996,'UPDATE mae_productos SET pro_margen_actual=0,pro_precio_venta=2990 WHERE pro_codigo_plu=840','',2,'2013-05-29'),(18997,'UPDATE mae_productos SET pro_margen_actual=0,pro_precio_venta=499 WHERE pro_codigo_plu=532','',2,'2013-05-29'),(18998,'UPDATE mae_productos SET pro_precio_fiscal=pro_precio_venta WHERE pro_codigo_plu=542','',2,'2013-05-29'),(18999,'INSERT INTO gne_vale_ferreteria (vfe_id,vfe_fecha,vfe_total,vfe_estado,vfe_entregado,usu_nusuario) VALUES (873,@@@2013.05.28@@@,900,1,0,@@@G_DIAZ@@@)','',2,'2013-05-29'),(19000,'INSERT INTO gne_vale_ferreteria_mov (vfe_id,pro_codigo_plu,vfm_cantidad,vfm_unitario,vfm_total,vfm_entregado) VALUES (873,763720,1,600,600,@@@NO@@@)','',2,'2013-05-29'),(19001,'INSERT INTO gne_vale_ferreteria_mov (vfe_id,pro_codigo_plu,vfm_cantidad,vfm_unitario,vfm_total,vfm_entregado) VALUES (873,4130,3,100,300,@@@NO@@@)','',2,'2013-05-29'),(19002,'UPDATE mae_cajeros SET cro_nombre = @@@SOFIA DIAZ FERNANDEZ@@@,cro_password=@@@BICHO@@@,cro_activo=@@@SI@@@,cro_codigo=0 WHERE cro_nusuario =@@@S_DIAZ@@@','',2,'2013-05-29'),(19003,'UPDATE mae_datos_empresa SET emp_rut=@@@10162956-2@@@,emp_razon_social=@@@SOFIA DE LA CRUZ DIAZ FERNANDEZ@@@,emp_sucursal=@@@MATRIZ@@@,emp_giro=@@@SUPERMERCADOS@@@,emp_direccion=@@@AV. SAN GREGORIO 15@@@,emp_ciudad=@@@NACIMIENTO@@@,emp_telefono=@@@511706@@@,emp_mail=@@@UNICONACIMIENTO@GMAIL.COM@@@,emp_mail_gerencia_comercial=@@@@@@,emp_mail_gerencia_operaciones=@@@@@@,emp_mail_gerencia_sistemas=@@@@@@,emp_nombre_administrador=@@@SUPERMERCADO UNICO@@@,emp_direccion_sala=@@@AV. SAN GREGORIO 15@@@,emp_ciudad_sala=@@@NACIMIENTO@@@,emp_utm=40005,emp_telefono_sala=@@@511706@@@,emp_fax_sala=@@@511706@@@,emp_mail_sala=@@@UNICONACIMIENTO@GMAIL.COM@@@,emp_cta_efectivo=@@@0@@@,emp_cta_cheque=@@@0@@@,emp_cta_ventas=@@@0@@@,emp_cta_t_credito=@@@0@@@,emp_cta_t_debito=@@@0@@@,emp_cta_p_acumulados=@@@0@@@,emp_cta_descuento=@@@0@@@,emp_cta_cliente=@@@0@@@,emp_cta_funcionario=@@@0@@@,emp_cta_apoyo=@@@0@@@','',2,'2013-05-29'),(19004,'UPDATE mae_datos_empresa SET emp_entradas_compras=@@@0@@@,emp_entradas_pack=@@@0@@@,emp_entradas_preparados=@@@0@@@,emp_salidas_pi_pack=@@@0@@@,emp_salidas_pi_preparados=@@@0@@@,emp_iva=19,emp_lineas_facturas=18,emp_lineas_guias=18,emp_lineas_nc=@@@12@@@,emp_minimo_nc=@@@500@@@,emp_codigo_ferreteria=0,emp_codigo_cigarrillos=21,emp_path_flejes=@@@//Hugo-PC/flejes@@@,emp_path_balanzas=@@@C:/@@@,emp_path_precios=@@@//secretaria/C/UX60/CORREO@@@,emp_path_ventas=@@@//secretaria/C/UX60@@@,emp_cta_mercaderias=0,emp_cta_iva=0,emp_cta_excento=0,emp_cta_harina=0,emp_cta_especifico=0,emp_cta_carne=0,emp_cta_ila=0,emp_cta_proveedor=0,emp_registradora=3,emp_funcionamiento=0,emp_codigo_queseria=0,emp_codigo_roticeria=3,emp_com=@@@COM1@@@,emp_baudios=@@@9600@@@,emp_total_cajas=3','',2,'2013-05-29'),(19005,'UPDATE mae_datos_empresa SET emp_rut=@@@10162956-2@@@,emp_razon_social=@@@SOFIA DE LA CRUZ DIAZ FERNANDEZ@@@,emp_sucursal=@@@MATRIZ@@@,emp_giro=@@@SUPERMERCADOS@@@,emp_direccion=@@@AV. SAN GREGORIO 15@@@,emp_ciudad=@@@NACIMIENTO@@@,emp_telefono=@@@511706@@@,emp_mail=@@@UNICONACIMIENTO@GMAIL.COM@@@,emp_mail_gerencia_comercial=@@@@@@,emp_mail_gerencia_operaciones=@@@@@@,emp_mail_gerencia_sistemas=@@@@@@,emp_nombre_administrador=@@@SUPERMERCADO UNICO@@@,emp_direccion_sala=@@@AV. SAN GREGORIO 15@@@,emp_ciudad_sala=@@@NACIMIENTO@@@,emp_utm=40005,emp_telefono_sala=@@@511706@@@,emp_fax_sala=@@@511706@@@,emp_mail_sala=@@@UNICONACIMIENTO@GMAIL.COM@@@,emp_cta_efectivo=@@@0@@@,emp_cta_cheque=@@@0@@@,emp_cta_ventas=@@@0@@@,emp_cta_t_credito=@@@0@@@,emp_cta_t_debito=@@@0@@@,emp_cta_p_acumulados=@@@0@@@,emp_cta_descuento=@@@0@@@,emp_cta_cliente=@@@0@@@,emp_cta_funcionario=@@@0@@@,emp_cta_apoyo=@@@0@@@','',2,'2013-05-28'),(19006,'UPDATE mae_datos_empresa SET emp_entradas_compras=@@@0@@@,emp_entradas_pack=@@@0@@@,emp_entradas_preparados=@@@0@@@,emp_salidas_pi_pack=@@@0@@@,emp_salidas_pi_preparados=@@@0@@@,emp_iva=19,emp_lineas_facturas=18,emp_lineas_guias=18,emp_lineas_nc=@@@12@@@,emp_minimo_nc=@@@500@@@,emp_codigo_ferreteria=0,emp_codigo_cigarrillos=21,emp_path_flejes=@@@//Hugo-PC/flejes@@@,emp_path_balanzas=@@@C:/@@@,emp_path_precios=@@@//secretaria/C/UX60/CORREO@@@,emp_path_ventas=@@@//secretaria/C/UX60@@@,emp_cta_mercaderias=0,emp_cta_iva=0,emp_cta_excento=0,emp_cta_harina=0,emp_cta_especifico=0,emp_cta_carne=0,emp_cta_ila=0,emp_cta_proveedor=0,emp_registradora=3,emp_funcionamiento=0,emp_codigo_queseria=0,emp_codigo_roticeria=3,emp_com=@@@COM1@@@,emp_baudios=@@@9600@@@,emp_total_cajas=3','',2,'2013-05-28'),(19007,'INSERT INTO mae_productos (pro_codigo_plu,pro_codigo_barra,pro_tipo,pro_nombre_producto,pro_nombre_corto,med_id,emb_id,pro_unidades_embalaje,dep_id,lin_id,mar_id,pro_precio_compra_neto,pro_precio_compra_bruto,pro_precio_venta,pro_margen_actual,pro_oferta,pro_fecha_inicio_oferta,pro_fecha_termino_oferta,pro_precio_oferta,pro_stock_minimo,pro_stock_critico,pro_entradas_bodega,pro_salidas_bodega,pro_mermas_bodega,pro_ajustes_bodega,pro_entradas_sv,pro_salidas_sv,pro_mermas_sv,pro_ajustes_sv,pro_activo,rec_numero,pro_unidad,pro_capacidad,pro_consumo_bodega,pro_consumo_sv,pro_estado,pro_funcion_plu,pro_flejes,pro_iva,pro_plu_asociado,pro_envase,pro_duracion,pro_numero_etiqueta) VALUES (770057,@@@770057@@@,@@@0@@@,@@@CALCO AMARILLO @@@,@@@CALCO AMARILLO @@@,@@@1 @@@,@@@3 @@@,@@@0@@@,@@@24 @@@,@@@137@@@,@@@2507@@@,@@@0@@@,@@@0@@@,@@@150@@@,@@@0@@@,@@@@@@,@@@2013.05.29@@@,@@@2013.05.29@@@,@@@0@@@,@@@0@@@,@@@0@@@,@@@0@@@,@@@0@@@,@@@0@@@,@@@0@@@,@@@0@@@,@@@0@@@,@@@0@@@,@@@0@@@,@@@1@@@,@@@0@@@,0,1,0,0,2,0,1,1,0,@@@NO@@@,0,0)','',2,'2013-05-28'),(19008,'DELETE FROM mae_impuestos_productos WHERE pro_codigo_plu=@@@770057@@@','',2,'2013-05-28'),(19009,'INSERT INTO mae_productos (pro_codigo_plu,pro_codigo_barra,pro_tipo,pro_nombre_producto,pro_nombre_corto,med_id,emb_id,pro_unidades_embalaje,dep_id,lin_id,mar_id,pro_precio_compra_neto,pro_precio_compra_bruto,pro_precio_venta,pro_margen_actual,pro_oferta,pro_fecha_inicio_oferta,pro_fecha_termino_oferta,pro_precio_oferta,pro_stock_minimo,pro_stock_critico,pro_entradas_bodega,pro_salidas_bodega,pro_mermas_bodega,pro_ajustes_bodega,pro_entradas_sv,pro_salidas_sv,pro_mermas_sv,pro_ajustes_sv,pro_activo,rec_numero,pro_unidad,pro_capacidad,pro_consumo_bodega,pro_consumo_sv,pro_estado,pro_funcion_plu,pro_flejes,pro_iva,pro_plu_asociado,pro_envase,pro_duracion,pro_numero_etiqueta) VALUES (770058,@@@770058@@@,@@@0@@@,@@@PAPEL FOTOGRAFICO@@@,@@@PAPEL FOTOGRAFIC@@@,@@@1 @@@,@@@3 @@@,@@@0@@@,@@@24 @@@,@@@137@@@,@@@2507@@@,@@@0@@@,@@@0@@@,@@@200@@@,@@@0@@@,@@@@@@,@@@2013.05.29@@@,@@@2013.05.29@@@,@@@0@@@,@@@0@@@,@@@0@@@,@@@0@@@,@@@0@@@,@@@0@@@,@@@0@@@,@@@0@@@,@@@0@@@,@@@0@@@,@@@0@@@,@@@1@@@,@@@0@@@,0,1,0,0,2,0,1,1,0,@@@NO@@@,0,0)','',2,'2013-05-28'),(19010,'DELETE FROM mae_impuestos_productos WHERE pro_codigo_plu=@@@770058@@@','',2,'2013-05-28'),(19011,'INSERT INTO mae_productos (pro_codigo_plu,pro_codigo_barra,pro_tipo,pro_nombre_producto,pro_nombre_corto,med_id,emb_id,pro_unidades_embalaje,dep_id,lin_id,mar_id,pro_precio_compra_neto,pro_precio_compra_bruto,pro_precio_venta,pro_margen_actual,pro_oferta,pro_fecha_inicio_oferta,pro_fecha_termino_oferta,pro_precio_oferta,pro_stock_minimo,pro_stock_critico,pro_entradas_bodega,pro_salidas_bodega,pro_mermas_bodega,pro_ajustes_bodega,pro_entradas_sv,pro_salidas_sv,pro_mermas_sv,pro_ajustes_sv,pro_activo,rec_numero,pro_unidad,pro_capacidad,pro_consumo_bodega,pro_consumo_sv,pro_estado,pro_funcion_plu,pro_flejes,pro_iva,pro_plu_asociado,pro_envase,pro_duracion,pro_numero_etiqueta) VALUES (770059,@@@770059@@@,@@@0@@@,@@@CALCO NEGRO@@@,@@@CALCO NEGRO@@@,@@@1 @@@,@@@3 @@@,@@@0@@@,@@@24 @@@,@@@137@@@,@@@2507@@@,@@@0@@@,@@@0@@@,@@@150@@@,@@@0@@@,@@@@@@,@@@2013.05.29@@@,@@@2013.05.29@@@,@@@0@@@,@@@0@@@,@@@0@@@,@@@0@@@,@@@0@@@,@@@0@@@,@@@0@@@,@@@0@@@,@@@0@@@,@@@0@@@,@@@0@@@,@@@1@@@,@@@0@@@,0,1,0,0,2,0,1,1,0,@@@NO@@@,0,0)','',2,'2013-05-28'),(19012,'DELETE FROM mae_impuestos_productos WHERE pro_codigo_plu=@@@770059@@@','',2,'2013-05-28'),(19013,'INSERT INTO mae_productos (pro_codigo_plu,pro_codigo_barra,pro_tipo,pro_nombre_producto,pro_nombre_corto,med_id,emb_id,pro_unidades_embalaje,dep_id,lin_id,mar_id,pro_precio_compra_neto,pro_precio_compra_bruto,pro_precio_venta,pro_margen_actual,pro_oferta,pro_fecha_inicio_oferta,pro_fecha_termino_oferta,pro_precio_oferta,pro_stock_minimo,pro_stock_critico,pro_entradas_bodega,pro_salidas_bodega,pro_mermas_bodega,pro_ajustes_bodega,pro_entradas_sv,pro_salidas_sv,pro_mermas_sv,pro_ajustes_sv,pro_activo,rec_numero,pro_unidad,pro_capacidad,pro_consumo_bodega,pro_consumo_sv,pro_estado,pro_funcion_plu,pro_flejes,pro_iva,pro_plu_asociado,pro_envase,pro_duracion,pro_numero_etiqueta) VALUES (780220102,@@@6932082800206@@@,@@@0@@@,@@@MOLDADIENTES@@@,@@@MOLDADIENTES@@@,@@@1 @@@,@@@3 @@@,@@@0@@@,@@@24 @@@,@@@207@@@,@@@2507@@@,@@@0@@@,@@@0@@@,@@@250@@@,@@@0@@@,@@@@@@,@@@2013.05.29@@@,@@@2013.05.29@@@,@@@0@@@,@@@0@@@,@@@0@@@,@@@0@@@,@@@0@@@,@@@0@@@,@@@0@@@,@@@0@@@,@@@0@@@,@@@0@@@,@@@0@@@,@@@1@@@,@@@0@@@,0,1,0,0,2,0,1,1,0,@@@NO@@@,0,0)','',2,'2013-05-28'),(19014,'DELETE FROM mae_impuestos_productos WHERE pro_codigo_plu=@@@780220102@@@','',2,'2013-05-28'),(19015,'INSERT INTO mae_productos (pro_codigo_plu,pro_codigo_barra,pro_tipo,pro_nombre_producto,pro_nombre_corto,med_id,emb_id,pro_unidades_embalaje,dep_id,lin_id,mar_id,pro_precio_compra_neto,pro_precio_compra_bruto,pro_precio_venta,pro_margen_actual,pro_oferta,pro_fecha_inicio_oferta,pro_fecha_termino_oferta,pro_precio_oferta,pro_stock_minimo,pro_stock_critico,pro_entradas_bodega,pro_salidas_bodega,pro_mermas_bodega,pro_ajustes_bodega,pro_entradas_sv,pro_salidas_sv,pro_mermas_sv,pro_ajustes_sv,pro_activo,rec_numero,pro_unidad,pro_capacidad,pro_consumo_bodega,pro_consumo_sv,pro_estado,pro_funcion_plu,pro_flejes,pro_iva,pro_plu_asociado,pro_envase,pro_duracion,pro_numero_etiqueta) VALUES (770060,@@@770060@@@,@@@0@@@,@@@MOLDADIENTES COCKTAIL@@@,@@@MOLDADIENTES@@@,@@@1 @@@,@@@3 @@@,@@@0@@@,@@@24 @@@,@@@207@@@,@@@2507@@@,@@@0@@@,@@@0@@@,@@@250@@@,@@@0@@@,@@@@@@,@@@2013.05.29@@@,@@@2013.05.29@@@,@@@0@@@,@@@0@@@,@@@0@@@,@@@0@@@,@@@0@@@,@@@0@@@,@@@0@@@,@@@0@@@,@@@0@@@,@@@0@@@,@@@0@@@,@@@1@@@,@@@0@@@,0,1,0,0,2,0,1,1,0,@@@NO@@@,0,0)','',2,'2013-05-28'),(19016,'DELETE FROM mae_impuestos_productos WHERE pro_codigo_plu=@@@770060@@@','',2,'2013-05-28'),(19017,'INSERT INTO mae_productos (pro_codigo_plu,pro_codigo_barra,pro_tipo,pro_nombre_producto,pro_nombre_corto,med_id,emb_id,pro_unidades_embalaje,dep_id,lin_id,mar_id,pro_precio_compra_neto,pro_precio_compra_bruto,pro_precio_venta,pro_margen_actual,pro_oferta,pro_fecha_inicio_oferta,pro_fecha_termino_oferta,pro_precio_oferta,pro_stock_minimo,pro_stock_critico,pro_entradas_bodega,pro_salidas_bodega,pro_mermas_bodega,pro_ajustes_bodega,pro_entradas_sv,pro_salidas_sv,pro_mermas_sv,pro_ajustes_sv,pro_activo,rec_numero,pro_unidad,pro_capacidad,pro_consumo_bodega,pro_consumo_sv,pro_estado,pro_funcion_plu,pro_flejes,pro_iva,pro_plu_asociado,pro_envase,pro_duracion,pro_numero_etiqueta) VALUES (770061,@@@770061@@@,@@@0@@@,@@@SISAL @@@,@@@SISAL @@@,@@@1 @@@,@@@3 @@@,@@@0@@@,@@@24 @@@,@@@137@@@,@@@2507@@@,@@@0@@@,@@@0@@@,@@@690@@@,@@@0@@@,@@@@@@,@@@2013.05.29@@@,@@@2013.05.29@@@,@@@0@@@,@@@0@@@,@@@0@@@,@@@0@@@,@@@0@@@,@@@0@@@,@@@0@@@,@@@0@@@,@@@0@@@,@@@0@@@,@@@0@@@,@@@1@@@,@@@0@@@,0,1,0,0,2,0,1,1,0,@@@NO@@@,0,0)','',2,'2013-05-28'),(19018,'DELETE FROM mae_impuestos_productos WHERE pro_codigo_plu=@@@770061@@@','',2,'2013-05-28'),(19019,'UPDATE mae_productos SET pro_margen_actual=0,pro_precio_venta=150 WHERE pro_codigo_plu=770057','',2,'2013-05-28'),(19020,'UPDATE mae_productos SET pro_margen_actual=0,pro_precio_venta=150 WHERE pro_codigo_plu=770059','',2,'2013-05-28'),(19021,'UPDATE mae_productos SET pro_margen_actual=0,pro_precio_venta=250 WHERE pro_codigo_plu=780220102','',2,'2013-05-28'),(19022,'UPDATE mae_productos SET pro_margen_actual=0,pro_precio_venta=250 WHERE pro_codigo_plu=770060','',2,'2013-05-28'),(19023,'UPDATE mae_productos SET pro_margen_actual=0,pro_precio_venta=200 WHERE pro_codigo_plu=770058','',2,'2013-05-28'),(19024,'UPDATE mae_productos SET pro_margen_actual=0,pro_precio_venta=2295 WHERE pro_codigo_plu=17752','',2,'2013-05-28'),(19025,'UPDATE mae_productos SET pro_margen_actual=0,pro_precio_venta=2295 WHERE pro_codigo_plu=761637','',2,'2013-05-28'),(19026,'UPDATE mae_productos SET pro_margen_actual=0,pro_precio_venta=2295 WHERE pro_codigo_plu=10948','',2,'2013-05-28'),(19027,'UPDATE mae_productos SET pro_margen_actual=0,pro_precio_venta=2295 WHERE pro_codigo_plu=761660','',2,'2013-05-28'),(19028,'UPDATE mae_productos SET pro_precio_fiscal=pro_precio_venta WHERE pro_codigo_plu=780220102','',2,'2013-05-28'),(19029,'UPDATE mae_productos SET pro_precio_fiscal=pro_precio_venta WHERE pro_codigo_plu=770057','',2,'2013-05-28'),(19030,'UPDATE mae_productos SET pro_precio_fiscal=pro_precio_venta WHERE pro_codigo_plu=770058','',2,'2013-05-28'),(19031,'UPDATE mae_productos SET pro_precio_fiscal=pro_precio_venta WHERE pro_codigo_plu=770059','',2,'2013-05-28'),(19032,'UPDATE mae_productos SET pro_precio_fiscal=pro_precio_venta WHERE pro_codigo_plu=770060','',2,'2013-05-28'),(19033,'UPDATE mae_productos SET pro_precio_fiscal=pro_precio_venta WHERE pro_codigo_plu=770061','',2,'2013-05-28'),(19034,'UPDATE mae_productos SET pro_precio_fiscal=pro_precio_venta WHERE pro_codigo_plu=17752','',2,'2013-05-28'),(19035,'INSERT INTO gne_vale_ferreteria (vfe_id,vfe_fecha,vfe_total,vfe_estado,vfe_entregado,usu_nusuario) VALUES (874,@@@2013.05.29@@@,1690,1,0,@@@b_SAEZ@@@)','',2,'2013-05-28'),(19036,'INSERT INTO gne_vale_ferreteria_mov (vfe_id,pro_codigo_plu,vfm_cantidad,vfm_unitario,vfm_total,vfm_entregado) VALUES (874,1070,4,250,1000,@@@NO@@@)','',2,'2013-05-28'),(19037,'INSERT INTO gne_vale_ferreteria_mov (vfe_id,pro_codigo_plu,vfm_cantidad,vfm_unitario,vfm_total,vfm_entregado) VALUES (874,770061,1,690,690,@@@NO@@@)','',2,'2013-05-28'),(19038,'INSERT INTO gne_vale_ferreteria (vfe_id,vfe_fecha,vfe_total,vfe_estado,vfe_entregado,usu_nusuario) VALUES (875,@@@2013.05.29@@@,1190,1,0,@@@b_SAEZ@@@)','',2,'2013-05-28'),(19039,'INSERT INTO gne_vale_ferreteria_mov (vfe_id,pro_codigo_plu,vfm_cantidad,vfm_unitario,vfm_total,vfm_entregado) VALUES (875,764758,1,1190,1190,@@@NO@@@)','',2,'2013-05-28'),(19040,'UPDATE mae_productos SET pro_margen_actual=0,pro_precio_venta=290 WHERE pro_codigo_plu=599','',2,'2013-05-28'),(19041,'UPDATE mae_productos SET pro_precio_fiscal=pro_precio_venta WHERE pro_codigo_plu=599','',2,'2013-05-28'),(19042,'INSERT INTO gne_vale_ferreteria (vfe_id,vfe_fecha,vfe_total,vfe_estado,vfe_entregado,usu_nusuario) VALUES (876,@@@2013.05.29@@@,1690,1,0,@@@b_SAEZ@@@)','',2,'2013-05-29'),(19043,'INSERT INTO gne_vale_ferreteria_mov (vfe_id,pro_codigo_plu,vfm_cantidad,vfm_unitario,vfm_total,vfm_entregado) VALUES (876,20476,1,1690,1690,@@@NO@@@)','',2,'2013-05-29'),(19044,'INSERT INTO gne_vale_ferreteria (vfe_id,vfe_fecha,vfe_total,vfe_estado,vfe_entregado,usu_nusuario) VALUES (877,@@@2013.05.29@@@,250,1,0,@@@b_SAEZ@@@)','',2,'2013-05-29'),(19045,'INSERT INTO gne_vale_ferreteria_mov (vfe_id,pro_codigo_plu,vfm_cantidad,vfm_unitario,vfm_total,vfm_entregado) VALUES (877,78017105,1,250,250,@@@NO@@@)','',2,'2013-05-29'),(19046,'INSERT INTO gne_vale_ferreteria (vfe_id,vfe_fecha,vfe_total,vfe_estado,vfe_entregado,usu_nusuario) VALUES (878,@@@2013.05.29@@@,890,1,0,@@@b_SAEZ@@@)','',2,'2013-05-29'),(19047,'INSERT INTO gne_vale_ferreteria_mov (vfe_id,pro_codigo_plu,vfm_cantidad,vfm_unitario,vfm_total,vfm_entregado) VALUES (878,2014,1,890,890,@@@NO@@@)','',2,'2013-05-29'),(19048,'INSERT INTO gne_vale_ferreteria (vfe_id,vfe_fecha,vfe_total,vfe_estado,vfe_entregado,usu_nusuario) VALUES (879,@@@2013.05.29@@@,790,1,0,@@@b_SAEZ@@@)','',2,'2013-05-29'),(19049,'INSERT INTO gne_vale_ferreteria_mov (vfe_id,pro_codigo_plu,vfm_cantidad,vfm_unitario,vfm_total,vfm_entregado) VALUES (879,763804,1,790,790,@@@NO@@@)','',2,'2013-05-29'),(19050,'INSERT INTO gne_vale_ferreteria (vfe_id,vfe_fecha,vfe_total,vfe_estado,vfe_entregado,usu_nusuario) VALUES (880,@@@2013.05.29@@@,3490,1,0,@@@b_SAEZ@@@)','',2,'2013-05-29'),(19051,'INSERT INTO gne_vale_ferreteria_mov (vfe_id,pro_codigo_plu,vfm_cantidad,vfm_unitario,vfm_total,vfm_entregado) VALUES (880,764857,1,3490,3490,@@@NO@@@)','',2,'2013-05-29'),(19052,'UPDATE mae_productos SET pro_margen_actual=0,pro_precio_venta=350 WHERE pro_codigo_plu=538','',2,'2013-05-29'),(19053,'UPDATE mae_productos SET pro_precio_fiscal=pro_precio_venta WHERE pro_codigo_plu=538','',2,'2013-05-29'),(19054,'INSERT INTO gne_vale_ferreteria (vfe_id,vfe_fecha,vfe_total,vfe_estado,vfe_entregado,usu_nusuario) VALUES (881,@@@2013.05.29@@@,1890,1,0,@@@b_SAEZ@@@)','',2,'2013-05-29'),(19055,'INSERT INTO gne_vale_ferreteria_mov (vfe_id,pro_codigo_plu,vfm_cantidad,vfm_unitario,vfm_total,vfm_entregado) VALUES (881,101678,1,1890,1890,@@@NO@@@)','',2,'2013-05-29'),(19056,'INSERT INTO gne_vale_ferreteria (vfe_id,vfe_fecha,vfe_total,vfe_estado,vfe_entregado,usu_nusuario) VALUES (882,@@@2013.05.29@@@,450,1,0,@@@b_SAEZ@@@)','',2,'2013-05-29'),(19057,'INSERT INTO gne_vale_ferreteria_mov (vfe_id,pro_codigo_plu,vfm_cantidad,vfm_unitario,vfm_total,vfm_entregado) VALUES (882,764016,1,450,450,@@@NO@@@)','',2,'2013-05-29'),(19058,'INSERT INTO mae_productos (pro_codigo_plu,pro_codigo_barra,pro_tipo,pro_nombre_producto,pro_nombre_corto,med_id,emb_id,pro_unidades_embalaje,dep_id,lin_id,mar_id,pro_precio_compra_neto,pro_precio_compra_bruto,pro_precio_venta,pro_margen_actual,pro_oferta,pro_fecha_inicio_oferta,pro_fecha_termino_oferta,pro_precio_oferta,pro_stock_minimo,pro_stock_critico,pro_entradas_bodega,pro_salidas_bodega,pro_mermas_bodega,pro_ajustes_bodega,pro_entradas_sv,pro_salidas_sv,pro_mermas_sv,pro_ajustes_sv,pro_activo,rec_numero,pro_unidad,pro_capacidad,pro_consumo_bodega,pro_consumo_sv,pro_estado,pro_funcion_plu,pro_flejes,pro_iva,pro_plu_asociado,pro_envase,pro_duracion,pro_numero_etiqueta) VALUES (780220103,@@@2100011305007@@@,@@@0@@@,@@@RESIBO DE ARRIENDO@@@,@@@RESIBO DE ARRIEN@@@,@@@1 @@@,@@@3 @@@,@@@0@@@,@@@24 @@@,@@@138@@@,@@@2566@@@,@@@0@@@,@@@0@@@,@@@450@@@,@@@0@@@,@@@@@@,@@@2013.05.29@@@,@@@2013.05.29@@@,@@@0@@@,@@@0@@@,@@@0@@@,@@@0@@@,@@@0@@@,@@@0@@@,@@@0@@@,@@@0@@@,@@@0@@@,@@@0@@@,@@@0@@@,@@@1@@@,@@@0@@@,0,1,0,0,2,0,1,1,0,@@@NO@@@,0,0)','',2,'2013-05-29'),(19059,'DELETE FROM mae_impuestos_productos WHERE pro_codigo_plu=@@@780220103@@@','',2,'2013-05-29'),(19060,'INSERT INTO mae_productos (pro_codigo_plu,pro_codigo_barra,pro_tipo,pro_nombre_producto,pro_nombre_corto,med_id,emb_id,pro_unidades_embalaje,dep_id,lin_id,mar_id,pro_precio_compra_neto,pro_precio_compra_bruto,pro_precio_venta,pro_margen_actual,pro_oferta,pro_fecha_inicio_oferta,pro_fecha_termino_oferta,pro_precio_oferta,pro_stock_minimo,pro_stock_critico,pro_entradas_bodega,pro_salidas_bodega,pro_mermas_bodega,pro_ajustes_bodega,pro_entradas_sv,pro_salidas_sv,pro_mermas_sv,pro_ajustes_sv,pro_activo,rec_numero,pro_unidad,pro_capacidad,pro_consumo_bodega,pro_consumo_sv,pro_estado,pro_funcion_plu,pro_flejes,pro_iva,pro_plu_asociado,pro_envase,pro_duracion,pro_numero_etiqueta) VALUES (780220104,@@@2100011306004@@@,@@@0@@@,@@@CHEQUE DE PRACTICA@@@,@@@CHEQUE DE PRACTI@@@,@@@1 @@@,@@@3 @@@,@@@0@@@,@@@24 @@@,@@@138@@@,@@@2566@@@,@@@0@@@,@@@0@@@,@@@290@@@,@@@0@@@,@@@@@@,@@@2013.05.29@@@,@@@2013.05.29@@@,@@@0@@@,@@@0@@@,@@@0@@@,@@@0@@@,@@@0@@@,@@@0@@@,@@@0@@@,@@@0@@@,@@@0@@@,@@@0@@@,@@@0@@@,@@@1@@@,@@@0@@@,0,1,0,0,2,0,1,1,0,@@@NO@@@,0,0)','',2,'2013-05-29'),(19061,'DELETE FROM mae_impuestos_productos WHERE pro_codigo_plu=@@@780220104@@@','',2,'2013-05-29'),(19062,'INSERT INTO gne_vale_ferreteria (vfe_id,vfe_fecha,vfe_total,vfe_estado,vfe_entregado,usu_nusuario) VALUES (883,@@@2013.05.29@@@,140,1,0,@@@b_SAEZ@@@)','',2,'2013-05-29'),(19063,'INSERT INTO gne_vale_ferreteria_mov (vfe_id,pro_codigo_plu,vfm_cantidad,vfm_unitario,vfm_total,vfm_entregado) VALUES (883,78016966,7,20,140,@@@NO@@@)','',2,'2013-05-29'),(19064,'INSERT INTO mae_productos (pro_codigo_plu,pro_codigo_barra,pro_tipo,pro_nombre_producto,pro_nombre_corto,med_id,emb_id,pro_unidades_embalaje,dep_id,lin_id,mar_id,pro_precio_compra_neto,pro_precio_compra_bruto,pro_precio_venta,pro_margen_actual,pro_oferta,pro_fecha_inicio_oferta,pro_fecha_termino_oferta,pro_precio_oferta,pro_stock_minimo,pro_stock_critico,pro_entradas_bodega,pro_salidas_bodega,pro_mermas_bodega,pro_ajustes_bodega,pro_entradas_sv,pro_salidas_sv,pro_mermas_sv,pro_ajustes_sv,pro_activo,rec_numero,pro_unidad,pro_capacidad,pro_consumo_bodega,pro_consumo_sv,pro_estado,pro_funcion_plu,pro_flejes,pro_iva,pro_plu_asociado,pro_envase,pro_duracion,pro_numero_etiqueta) VALUES (770062,@@@770062@@@,@@@0@@@,@@@SOBRE TAMAÑO OFICIO@@@,@@@SOBRE TAMAÑO OFI@@@,@@@1 @@@,@@@3 @@@,@@@0@@@,@@@24 @@@,@@@138@@@,@@@2507@@@,@@@0@@@,@@@0@@@,@@@100@@@,@@@0@@@,@@@@@@,@@@2013.05.29@@@,@@@2013.05.29@@@,@@@0@@@,@@@0@@@,@@@0@@@,@@@0@@@,@@@0@@@,@@@0@@@,@@@0@@@,@@@0@@@,@@@0@@@,@@@0@@@,@@@0@@@,@@@1@@@,@@@0@@@,0,1,0,0,2,0,1,1,0,@@@NO@@@,0,0)','',2,'2013-05-29'),(19065,'DELETE FROM mae_impuestos_productos WHERE pro_codigo_plu=@@@770062@@@','',2,'2013-05-29'),(19066,'INSERT INTO mae_productos (pro_codigo_plu,pro_codigo_barra,pro_tipo,pro_nombre_producto,pro_nombre_corto,med_id,emb_id,pro_unidades_embalaje,dep_id,lin_id,mar_id,pro_precio_compra_neto,pro_precio_compra_bruto,pro_precio_venta,pro_margen_actual,pro_oferta,pro_fecha_inicio_oferta,pro_fecha_termino_oferta,pro_precio_oferta,pro_stock_minimo,pro_stock_critico,pro_entradas_bodega,pro_salidas_bodega,pro_mermas_bodega,pro_ajustes_bodega,pro_entradas_sv,pro_salidas_sv,pro_mermas_sv,pro_ajustes_sv,pro_activo,rec_numero,pro_unidad,pro_capacidad,pro_consumo_bodega,pro_consumo_sv,pro_estado,pro_funcion_plu,pro_flejes,pro_iva,pro_plu_asociado,pro_envase,pro_duracion,pro_numero_etiqueta) VALUES (770063,@@@770063@@@,@@@0@@@,@@@SOBRE TAMAÑO CARTA@@@,@@@SOBRE TAMAÑO CAR@@@,@@@1 @@@,@@@3 @@@,@@@0@@@,@@@24 @@@,@@@138@@@,@@@2507@@@,@@@0@@@,@@@0@@@,@@@100@@@,@@@0@@@,@@@@@@,@@@2013.05.29@@@,@@@2013.05.29@@@,@@@0@@@,@@@0@@@,@@@0@@@,@@@0@@@,@@@0@@@,@@@0@@@,@@@0@@@,@@@0@@@,@@@0@@@,@@@0@@@,@@@0@@@,@@@1@@@,@@@0@@@,0,1,0,0,2,0,1,1,0,@@@NO@@@,0,0)','',2,'2013-05-29'),(19067,'DELETE FROM mae_impuestos_productos WHERE pro_codigo_plu=@@@770063@@@','',2,'2013-05-29'),(19068,'INSERT INTO gne_vale_ferreteria (vfe_id,vfe_fecha,vfe_total,vfe_estado,vfe_entregado,usu_nusuario) VALUES (884,@@@2013.05.29@@@,200,1,0,@@@b_SAEZ@@@)','',2,'2013-05-29'),(19069,'INSERT INTO gne_vale_ferreteria_mov (vfe_id,pro_codigo_plu,vfm_cantidad,vfm_unitario,vfm_total,vfm_entregado) VALUES (884,2011,1,200,200,@@@NO@@@)','',2,'2013-05-29'),(19070,'INSERT INTO gne_vale_ferreteria (vfe_id,vfe_fecha,vfe_total,vfe_estado,vfe_entregado,usu_nusuario) VALUES (885,@@@2013.05.29@@@,3210,1,0,@@@b_SAEZ@@@)','',2,'2013-05-29'),(19071,'INSERT INTO gne_vale_ferreteria_mov (vfe_id,pro_codigo_plu,vfm_cantidad,vfm_unitario,vfm_total,vfm_entregado) VALUES (885,102408,2,350,700,@@@NO@@@)','',2,'2013-05-29'),(19072,'INSERT INTO gne_vale_ferreteria_mov (vfe_id,pro_codigo_plu,vfm_cantidad,vfm_unitario,vfm_total,vfm_entregado) VALUES (885,102071,1,1890,1890,@@@NO@@@)','',2,'2013-05-29'),(19073,'INSERT INTO gne_vale_ferreteria_mov (vfe_id,pro_codigo_plu,vfm_cantidad,vfm_unitario,vfm_total,vfm_entregado) VALUES (885,11378,1,620,620,@@@NO@@@)','',2,'2013-05-29'),(19074,'INSERT INTO gne_vale_ferreteria (vfe_id,vfe_fecha,vfe_total,vfe_estado,vfe_entregado,usu_nusuario) VALUES (886,@@@2013.05.29@@@,1690,1,0,@@@b_SAEZ@@@)','',2,'2013-05-29'),(19075,'INSERT INTO gne_vale_ferreteria_mov (vfe_id,pro_codigo_plu,vfm_cantidad,vfm_unitario,vfm_total,vfm_entregado) VALUES (886,20477,1,1690,1690,@@@NO@@@)','',2,'2013-05-29'),(19076,'INSERT INTO mae_productos (pro_codigo_plu,pro_codigo_barra,pro_tipo,pro_nombre_producto,pro_nombre_corto,med_id,emb_id,pro_unidades_embalaje,dep_id,lin_id,mar_id,pro_precio_compra_neto,pro_precio_compra_bruto,pro_precio_venta,pro_margen_actual,pro_oferta,pro_fecha_inicio_oferta,pro_fecha_termino_oferta,pro_precio_oferta,pro_stock_minimo,pro_stock_critico,pro_entradas_bodega,pro_salidas_bodega,pro_mermas_bodega,pro_ajustes_bodega,pro_entradas_sv,pro_salidas_sv,pro_mermas_sv,pro_ajustes_sv,pro_activo,rec_numero,pro_unidad,pro_capacidad,pro_consumo_bodega,pro_consumo_sv,pro_estado,pro_funcion_plu,pro_flejes,pro_iva,pro_plu_asociado,pro_envase,pro_duracion,pro_numero_etiqueta) VALUES (780220105,@@@0000026010014@@@,@@@0@@@,@@@TABLA PERIODICA@@@,@@@TABLA PERIODICA@@@,@@@1 @@@,@@@3 @@@,@@@0@@@,@@@24 @@@,@@@137@@@,@@@2507@@@,@@@0@@@,@@@0@@@,@@@390@@@,@@@0@@@,@@@@@@,@@@2013.05.29@@@,@@@2013.05.29@@@,@@@0@@@,@@@0@@@,@@@0@@@,@@@0@@@,@@@0@@@,@@@0@@@,@@@0@@@,@@@0@@@,@@@0@@@,@@@0@@@,@@@0@@@,@@@1@@@,@@@0@@@,0,1,0,0,2,0,1,1,0,@@@NO@@@,0,0)','',2,'2013-05-29'),(19077,'DELETE FROM mae_impuestos_productos WHERE pro_codigo_plu=@@@780220105@@@','',2,'2013-05-29'),(19078,'INSERT INTO mae_productos (pro_codigo_plu,pro_codigo_barra,pro_tipo,pro_nombre_producto,pro_nombre_corto,med_id,emb_id,pro_unidades_embalaje,dep_id,lin_id,mar_id,pro_precio_compra_neto,pro_precio_compra_bruto,pro_precio_venta,pro_margen_actual,pro_oferta,pro_fecha_inicio_oferta,pro_fecha_termino_oferta,pro_precio_oferta,pro_stock_minimo,pro_stock_critico,pro_entradas_bodega,pro_salidas_bodega,pro_mermas_bodega,pro_ajustes_bodega,pro_entradas_sv,pro_salidas_sv,pro_mermas_sv,pro_ajustes_sv,pro_activo,rec_numero,pro_unidad,pro_capacidad,pro_consumo_bodega,pro_consumo_sv,pro_estado,pro_funcion_plu,pro_flejes,pro_iva,pro_plu_asociado,pro_envase,pro_duracion,pro_numero_etiqueta) VALUES (770065,@@@770065@@@,@@@0@@@,@@@OPALINA@@@,@@@OPALINA@@@,@@@1 @@@,@@@3 @@@,@@@0@@@,@@@24 @@@,@@@137@@@,@@@2507@@@,@@@0@@@,@@@0@@@,@@@100@@@,@@@0@@@,@@@@@@,@@@2013.05.29@@@,@@@2013.05.29@@@,@@@0@@@,@@@0@@@,@@@0@@@,@@@0@@@,@@@0@@@,@@@0@@@,@@@0@@@,@@@0@@@,@@@0@@@,@@@0@@@,@@@0@@@,@@@1@@@,@@@0@@@,0,1,0,0,2,0,1,1,0,@@@NO@@@,0,0)','',2,'2013-05-29'),(19079,'DELETE FROM mae_impuestos_productos WHERE pro_codigo_plu=@@@770065@@@','',2,'2013-05-29'),(19080,'INSERT INTO gne_vale_ferreteria (vfe_id,vfe_fecha,vfe_total,vfe_estado,vfe_entregado,usu_nusuario) VALUES (887,@@@2013.05.29@@@,120,1,0,@@@b_SAEZ@@@)','',2,'2013-05-29'),(19081,'INSERT INTO gne_vale_ferreteria_mov (vfe_id,pro_codigo_plu,vfm_cantidad,vfm_unitario,vfm_total,vfm_entregado) VALUES (887,8022,1,120,120,@@@NO@@@)','',2,'2013-05-29'),(19082,'INSERT INTO gne_vale_ferreteria (vfe_id,vfe_fecha,vfe_total,vfe_estado,vfe_entregado,usu_nusuario) VALUES (888,@@@2013.05.29@@@,420,1,0,@@@b_SAEZ@@@)','',2,'2013-05-29'),(19083,'INSERT INTO gne_vale_ferreteria_mov (vfe_id,pro_codigo_plu,vfm_cantidad,vfm_unitario,vfm_total,vfm_entregado) VALUES (888,770004,6,70,420,@@@NO@@@)','',2,'2013-05-29'),(19084,'INSERT INTO gne_vale_ferreteria (vfe_id,vfe_fecha,vfe_total,vfe_estado,vfe_entregado,usu_nusuario) VALUES (889,@@@2013.05.29@@@,3580,1,0,@@@b_SAEZ@@@)','',2,'2013-05-29'),(19085,'INSERT INTO gne_vale_ferreteria_mov (vfe_id,pro_codigo_plu,vfm_cantidad,vfm_unitario,vfm_total,vfm_entregado) VALUES (889,763640,1,1890,1890,@@@NO@@@)','',2,'2013-05-29'),(19086,'INSERT INTO gne_vale_ferreteria_mov (vfe_id,pro_codigo_plu,vfm_cantidad,vfm_unitario,vfm_total,vfm_entregado) VALUES (889,20477,1,1690,1690,@@@NO@@@)','',2,'2013-05-29'),(19087,'INSERT INTO gne_vale_ferreteria (vfe_id,vfe_fecha,vfe_total,vfe_estado,vfe_entregado,usu_nusuario) VALUES (890,@@@2013.05.29@@@,890,1,0,@@@b_SAEZ@@@)','',2,'2013-05-29'),(19088,'INSERT INTO gne_vale_ferreteria_mov (vfe_id,pro_codigo_plu,vfm_cantidad,vfm_unitario,vfm_total,vfm_entregado) VALUES (890,2014,1,890,890,@@@NO@@@)','',2,'2013-05-29'),(19089,'INSERT INTO mae_productos (pro_codigo_plu,pro_codigo_barra,pro_tipo,pro_nombre_producto,pro_nombre_corto,med_id,emb_id,pro_unidades_embalaje,dep_id,lin_id,mar_id,pro_precio_compra_neto,pro_precio_compra_bruto,pro_precio_venta,pro_margen_actual,pro_oferta,pro_fecha_inicio_oferta,pro_fecha_termino_oferta,pro_precio_oferta,pro_stock_minimo,pro_stock_critico,pro_entradas_bodega,pro_salidas_bodega,pro_mermas_bodega,pro_ajustes_bodega,pro_entradas_sv,pro_salidas_sv,pro_mermas_sv,pro_ajustes_sv,pro_activo,rec_numero,pro_unidad,pro_capacidad,pro_consumo_bodega,pro_consumo_sv,pro_estado,pro_funcion_plu,pro_flejes,pro_iva,pro_plu_asociado,pro_envase,pro_duracion,pro_numero_etiqueta) VALUES (770066,@@@770066@@@,@@@0@@@,@@@CINTA DE REGALO@@@,@@@CINTA DE REGALO@@@,@@@1 @@@,@@@3 @@@,@@@0@@@,@@@24 @@@,@@@177@@@,@@@2507@@@,@@@0@@@,@@@0@@@,@@@490@@@,@@@0@@@,@@@@@@,@@@2013.05.29@@@,@@@2013.05.29@@@,@@@0@@@,@@@0@@@,@@@0@@@,@@@0@@@,@@@0@@@,@@@0@@@,@@@0@@@,@@@0@@@,@@@0@@@,@@@0@@@,@@@0@@@,@@@1@@@,@@@0@@@,0,1,0,0,2,0,1,1,0,@@@NO@@@,0,0)','',2,'2013-05-29'),(19090,'DELETE FROM mae_impuestos_productos WHERE pro_codigo_plu=@@@770066@@@','',2,'2013-05-29'),(19091,'INSERT INTO mae_productos (pro_codigo_plu,pro_codigo_barra,pro_tipo,pro_nombre_producto,pro_nombre_corto,med_id,emb_id,pro_unidades_embalaje,dep_id,lin_id,mar_id,pro_precio_compra_neto,pro_precio_compra_bruto,pro_precio_venta,pro_margen_actual,pro_oferta,pro_fecha_inicio_oferta,pro_fecha_termino_oferta,pro_precio_oferta,pro_stock_minimo,pro_stock_critico,pro_entradas_bodega,pro_salidas_bodega,pro_mermas_bodega,pro_ajustes_bodega,pro_entradas_sv,pro_salidas_sv,pro_mermas_sv,pro_ajustes_sv,pro_activo,rec_numero,pro_unidad,pro_capacidad,pro_consumo_bodega,pro_consumo_sv,pro_estado,pro_funcion_plu,pro_flejes,pro_iva,pro_plu_asociado,pro_envase,pro_duracion,pro_numero_etiqueta) VALUES (770067,@@@770067@@@,@@@0@@@,@@@GOTERO @@@,@@@GOTERO @@@,@@@1 @@@,@@@3 @@@,@@@0@@@,@@@24 @@@,@@@137@@@,@@@2507@@@,@@@0@@@,@@@0@@@,@@@380@@@,@@@0@@@,@@@@@@,@@@2013.05.29@@@,@@@2013.05.29@@@,@@@0@@@,@@@0@@@,@@@0@@@,@@@0@@@,@@@0@@@,@@@0@@@,@@@0@@@,@@@0@@@,@@@0@@@,@@@0@@@,@@@0@@@,@@@1@@@,@@@0@@@,0,1,0,0,2,0,1,1,0,@@@NO@@@,0,0)','',2,'2013-05-29'),(19092,'DELETE FROM mae_impuestos_productos WHERE pro_codigo_plu=@@@770067@@@','',2,'2013-05-29'),(19093,'INSERT INTO mae_productos (pro_codigo_plu,pro_codigo_barra,pro_tipo,pro_nombre_producto,pro_nombre_corto,med_id,emb_id,pro_unidades_embalaje,dep_id,lin_id,mar_id,pro_precio_compra_neto,pro_precio_compra_bruto,pro_precio_venta,pro_margen_actual,pro_oferta,pro_fecha_inicio_oferta,pro_fecha_termino_oferta,pro_precio_oferta,pro_stock_minimo,pro_stock_critico,pro_entradas_bodega,pro_salidas_bodega,pro_mermas_bodega,pro_ajustes_bodega,pro_entradas_sv,pro_salidas_sv,pro_mermas_sv,pro_ajustes_sv,pro_activo,rec_numero,pro_unidad,pro_capacidad,pro_consumo_bodega,pro_consumo_sv,pro_estado,pro_funcion_plu,pro_flejes,pro_iva,pro_plu_asociado,pro_envase,pro_duracion,pro_numero_etiqueta) VALUES (770068,@@@770068@@@,@@@0@@@,@@@TUBO DE ENSAYO@@@,@@@TUBO DE ENSAYO@@@,@@@1 @@@,@@@3 @@@,@@@0@@@,@@@24 @@@,@@@137@@@,@@@2507@@@,@@@0@@@,@@@0@@@,@@@750@@@,@@@0@@@,@@@@@@,@@@2013.05.29@@@,@@@2013.05.29@@@,@@@0@@@,@@@0@@@,@@@0@@@,@@@0@@@,@@@0@@@,@@@0@@@,@@@0@@@,@@@0@@@,@@@0@@@,@@@0@@@,@@@0@@@,@@@1@@@,@@@0@@@,0,1,0,0,2,0,1,1,0,@@@NO@@@,0,0)','',2,'2013-05-29'),(19094,'DELETE FROM mae_impuestos_productos WHERE pro_codigo_plu=@@@770068@@@','',2,'2013-05-29'),(19095,'INSERT INTO mae_productos (pro_codigo_plu,pro_codigo_barra,pro_tipo,pro_nombre_producto,pro_nombre_corto,med_id,emb_id,pro_unidades_embalaje,dep_id,lin_id,mar_id,pro_precio_compra_neto,pro_precio_compra_bruto,pro_precio_venta,pro_margen_actual,pro_oferta,pro_fecha_inicio_oferta,pro_fecha_termino_oferta,pro_precio_oferta,pro_stock_minimo,pro_stock_critico,pro_entradas_bodega,pro_salidas_bodega,pro_mermas_bodega,pro_ajustes_bodega,pro_entradas_sv,pro_salidas_sv,pro_mermas_sv,pro_ajustes_sv,pro_activo,rec_numero,pro_unidad,pro_capacidad,pro_consumo_bodega,pro_consumo_sv,pro_estado,pro_funcion_plu,pro_flejes,pro_iva,pro_plu_asociado,pro_envase,pro_duracion,pro_numero_etiqueta) VALUES (780220106,@@@7807210004100@@@,@@@0@@@,@@@TISA BLANCA@@@,@@@TISA BLANCA@@@,@@@1 @@@,@@@3 @@@,@@@0@@@,@@@24 @@@,@@@137@@@,@@@2407@@@,@@@0@@@,@@@0@@@,@@@290@@@,@@@0@@@,@@@@@@,@@@2013.05.29@@@,@@@2013.05.29@@@,@@@0@@@,@@@0@@@,@@@0@@@,@@@0@@@,@@@0@@@,@@@0@@@,@@@0@@@,@@@0@@@,@@@0@@@,@@@0@@@,@@@0@@@,@@@1@@@,@@@0@@@,0,12,0,0,2,0,1,1,0,@@@NO@@@,0,0)','',2,'2013-05-29'),(19096,'DELETE FROM mae_impuestos_productos WHERE pro_codigo_plu=@@@780220106@@@','',2,'2013-05-29'),(19097,'INSERT INTO gne_vale_ferreteria (vfe_id,vfe_fecha,vfe_total,vfe_estado,vfe_entregado,usu_nusuario) VALUES (891,@@@2013.05.29@@@,450,1,0,@@@b_SAEZ@@@)','',2,'2013-05-29'),(19098,'INSERT INTO gne_vale_ferreteria_mov (vfe_id,pro_codigo_plu,vfm_cantidad,vfm_unitario,vfm_total,vfm_entregado) VALUES (891,770000,5,50,250,@@@NO@@@)','',2,'2013-05-29'),(19099,'INSERT INTO gne_vale_ferreteria_mov (vfe_id,pro_codigo_plu,vfm_cantidad,vfm_unitario,vfm_total,vfm_entregado) VALUES (891,78017111,2,100,200,@@@NO@@@)','',2,'2013-05-29'),(19100,'INSERT INTO gne_vale_ferreteria (vfe_id,vfe_fecha,vfe_total,vfe_estado,vfe_entregado,usu_nusuario) VALUES (892,@@@2013.05.29@@@,300,1,0,@@@G_DIAZ@@@)','',2,'2013-05-29'),(19101,'INSERT INTO gne_vale_ferreteria_mov (vfe_id,pro_codigo_plu,vfm_cantidad,vfm_unitario,vfm_total,vfm_entregado) VALUES (892,20141,1,100,100,@@@NO@@@)','',2,'2013-05-29'),(19102,'INSERT INTO gne_vale_ferreteria_mov (vfe_id,pro_codigo_plu,vfm_cantidad,vfm_unitario,vfm_total,vfm_entregado) VALUES (892,20366,2,100,200,@@@NO@@@)','',2,'2013-05-29'),(19103,'INSERT INTO gne_vale_ferreteria (vfe_id,vfe_fecha,vfe_total,vfe_estado,vfe_entregado,usu_nusuario) VALUES (893,@@@2013.05.29@@@,1590,1,0,@@@G_DIAZ@@@)','',2,'2013-05-29'),(19104,'INSERT INTO gne_vale_ferreteria_mov (vfe_id,pro_codigo_plu,vfm_cantidad,vfm_unitario,vfm_total,vfm_entregado) VALUES (893,262011,1,1590,1590,@@@NO@@@)','',2,'2013-05-29'),(19105,'INSERT INTO gne_vale_ferreteria (vfe_id,vfe_fecha,vfe_total,vfe_estado,vfe_entregado,usu_nusuario) VALUES (894,@@@2013.05.29@@@,200,1,0,@@@G_DIAZ@@@)','',2,'2013-05-29'),(19106,'INSERT INTO gne_vale_ferreteria_mov (vfe_id,pro_codigo_plu,vfm_cantidad,vfm_unitario,vfm_total,vfm_entregado) VALUES (894,78017238,1,200,200,@@@NO@@@)','',2,'2013-05-29'),(19107,'INSERT INTO gne_vale_ferreteria (vfe_id,vfe_fecha,vfe_total,vfe_estado,vfe_entregado,usu_nusuario) VALUES (895,@@@2013.05.29@@@,790,1,0,@@@G_DIAZ@@@)','',2,'2013-05-29'),(19108,'INSERT INTO gne_vale_ferreteria_mov (vfe_id,pro_codigo_plu,vfm_cantidad,vfm_unitario,vfm_total,vfm_entregado) VALUES (895,101454,1,790,790,@@@NO@@@)','',2,'2013-05-29'),(19109,'INSERT INTO gne_vale_ferreteria (vfe_id,vfe_fecha,vfe_total,vfe_estado,vfe_entregado,usu_nusuario) VALUES (896,@@@2013.05.29@@@,1700,1,0,@@@G_DIAZ@@@)','',2,'2013-05-29'),(19110,'INSERT INTO gne_vale_ferreteria_mov (vfe_id,pro_codigo_plu,vfm_cantidad,vfm_unitario,vfm_total,vfm_entregado) VALUES (896,770065,17,100,1700,@@@NO@@@)','',2,'2013-05-29'),(19111,'INSERT INTO mae_productos (pro_codigo_plu,pro_codigo_barra,pro_tipo,pro_nombre_producto,pro_nombre_corto,med_id,emb_id,pro_unidades_embalaje,dep_id,lin_id,mar_id,pro_precio_compra_neto,pro_precio_compra_bruto,pro_precio_venta,pro_margen_actual,pro_oferta,pro_fecha_inicio_oferta,pro_fecha_termino_oferta,pro_precio_oferta,pro_stock_minimo,pro_stock_critico,pro_entradas_bodega,pro_salidas_bodega,pro_mermas_bodega,pro_ajustes_bodega,pro_entradas_sv,pro_salidas_sv,pro_mermas_sv,pro_ajustes_sv,pro_activo,rec_numero,pro_unidad,pro_capacidad,pro_consumo_bodega,pro_consumo_sv,pro_estado,pro_funcion_plu,pro_flejes,pro_iva,pro_plu_asociado,pro_envase,pro_duracion,pro_numero_etiqueta) VALUES (780220107,@@@770054@@@,@@@0@@@,@@@MICA CELESTE 1UND@@@,@@@MICA CELESTE @@@,@@@1 @@@,@@@3 @@@,@@@0@@@,@@@24 @@@,@@@137@@@,@@@2507@@@,@@@0@@@,@@@0@@@,@@@150@@@,@@@0@@@,@@@@@@,@@@2013.05.29@@@,@@@2013.05.29@@@,@@@0@@@,@@@0@@@,@@@0@@@,@@@0@@@,@@@0@@@,@@@0@@@,@@@0@@@,@@@0@@@,@@@0@@@,@@@0@@@,@@@0@@@,@@@1@@@,@@@0@@@,0,1,0,0,2,0,1,1,0,@@@NO@@@,0,0)','',2,'2013-05-29'),(19112,'DELETE FROM mae_impuestos_productos WHERE pro_codigo_plu=@@@780220107@@@','',2,'2013-05-29'),(19113,'INSERT INTO gne_vale_ferreteria (vfe_id,vfe_fecha,vfe_total,vfe_estado,vfe_entregado,usu_nusuario) VALUES (897,@@@2013.05.29@@@,1000,1,0,@@@G_DIAZ@@@)','',2,'2013-05-29'),(19114,'INSERT INTO gne_vale_ferreteria_mov (vfe_id,pro_codigo_plu,vfm_cantidad,vfm_unitario,vfm_total,vfm_entregado) VALUES (897,764842,1,1000,1000,@@@NO@@@)','',2,'2013-05-29'),(19115,'INSERT INTO gne_vale_ferreteria (vfe_id,vfe_fecha,vfe_total,vfe_estado,vfe_entregado,usu_nusuario) VALUES (898,@@@2013.05.29@@@,690,1,0,@@@G_DIAZ@@@)','',2,'2013-05-29'),(19116,'INSERT INTO gne_vale_ferreteria_mov (vfe_id,pro_codigo_plu,vfm_cantidad,vfm_unitario,vfm_total,vfm_entregado) VALUES (898,78016993,1,230,230,@@@NO@@@)','',2,'2013-05-29'),(19117,'INSERT INTO gne_vale_ferreteria_mov (vfe_id,pro_codigo_plu,vfm_cantidad,vfm_unitario,vfm_total,vfm_entregado) VALUES (898,78016991,1,270,270,@@@NO@@@)','',2,'2013-05-29'),(19118,'INSERT INTO gne_vale_ferreteria_mov (vfe_id,pro_codigo_plu,vfm_cantidad,vfm_unitario,vfm_total,vfm_entregado) VALUES (898,78016987,1,190,190,@@@NO@@@)','',2,'2013-05-29'),(19119,'INSERT INTO gne_vale_ferreteria (vfe_id,vfe_fecha,vfe_total,vfe_estado,vfe_entregado,usu_nusuario) VALUES (899,@@@2013.05.29@@@,1280,1,0,@@@G_DIAZ@@@)','',2,'2013-05-29'),(19120,'INSERT INTO gne_vale_ferreteria_mov (vfe_id,pro_codigo_plu,vfm_cantidad,vfm_unitario,vfm_total,vfm_entregado) VALUES (899,763869,2,150,300,@@@NO@@@)','',2,'2013-05-29'),(19121,'INSERT INTO gne_vale_ferreteria_mov (vfe_id,pro_codigo_plu,vfm_cantidad,vfm_unitario,vfm_total,vfm_entregado) VALUES (899,764761,2,490,980,@@@NO@@@)','',2,'2013-05-29'),(19122,'INSERT INTO gne_vale_ferreteria (vfe_id,vfe_fecha,vfe_total,vfe_estado,vfe_entregado,usu_nusuario) VALUES (900,@@@2013.05.29@@@,1170,1,0,@@@G_DIAZ@@@)','',2,'2013-05-29'),(19123,'INSERT INTO gne_vale_ferreteria_mov (vfe_id,pro_codigo_plu,vfm_cantidad,vfm_unitario,vfm_total,vfm_entregado) VALUES (900,764203,1,390,390,@@@NO@@@)','',2,'2013-05-29'),(19124,'INSERT INTO gne_vale_ferreteria_mov (vfe_id,pro_codigo_plu,vfm_cantidad,vfm_unitario,vfm_total,vfm_entregado) VALUES (900,764206,2,390,780,@@@NO@@@)','',2,'2013-05-29'),(19125,'INSERT INTO gne_vale_ferreteria (vfe_id,vfe_fecha,vfe_total,vfe_estado,vfe_entregado,usu_nusuario) VALUES (901,@@@2013.05.29@@@,120,1,0,@@@G_DIAZ@@@)','',2,'2013-05-29'),(19126,'INSERT INTO gne_vale_ferreteria_mov (vfe_id,pro_codigo_plu,vfm_cantidad,vfm_unitario,vfm_total,vfm_entregado) VALUES (901,8022,1,120,120,@@@NO@@@)','',2,'2013-05-29'),(19127,'INSERT INTO gne_vale_ferreteria (vfe_id,vfe_fecha,vfe_total,vfe_estado,vfe_entregado,usu_nusuario) VALUES (902,@@@2013.05.29@@@,360,1,0,@@@G_DIAZ@@@)','',2,'2013-05-29'),(19128,'INSERT INTO gne_vale_ferreteria_mov (vfe_id,pro_codigo_plu,vfm_cantidad,vfm_unitario,vfm_total,vfm_entregado) VALUES (902,764766,3,120,360,@@@NO@@@)','',2,'2013-05-29'),(19129,'INSERT INTO gne_vale_ferreteria (vfe_id,vfe_fecha,vfe_total,vfe_estado,vfe_entregado,usu_nusuario) VALUES (903,@@@2013.05.29@@@,150,1,0,@@@G_DIAZ@@@)','',2,'2013-05-29'),(19130,'INSERT INTO gne_vale_ferreteria_mov (vfe_id,pro_codigo_plu,vfm_cantidad,vfm_unitario,vfm_total,vfm_entregado) VALUES (903,8021,1,150,150,@@@NO@@@)','',2,'2013-05-29'),(19131,'INSERT INTO gne_vale_ferreteria (vfe_id,vfe_fecha,vfe_total,vfe_estado,vfe_entregado,usu_nusuario) VALUES (904,@@@2013.05.29@@@,590,1,0,@@@G_DIAZ@@@)','',2,'2013-05-29'),(19132,'INSERT INTO gne_vale_ferreteria_mov (vfe_id,pro_codigo_plu,vfm_cantidad,vfm_unitario,vfm_total,vfm_entregado) VALUES (904,53044,1,590,590,@@@NO@@@)','',2,'2013-05-29'),(19133,'INSERT INTO gne_vale_ferreteria (vfe_id,vfe_fecha,vfe_total,vfe_estado,vfe_entregado,usu_nusuario) VALUES (905,@@@2013.05.29@@@,390,1,0,@@@G_DIAZ@@@)','',2,'2013-05-29'),(19134,'INSERT INTO gne_vale_ferreteria_mov (vfe_id,pro_codigo_plu,vfm_cantidad,vfm_unitario,vfm_total,vfm_entregado) VALUES (905,764846,1,390,390,@@@NO@@@)','',2,'2013-05-29'),(19135,'INSERT INTO gne_vale_ferreteria (vfe_id,vfe_fecha,vfe_total,vfe_estado,vfe_entregado,usu_nusuario) VALUES (906,@@@2013.05.29@@@,1780,1,0,@@@G_DIAZ@@@)','',2,'2013-05-29'),(19136,'INSERT INTO gne_vale_ferreteria_mov (vfe_id,pro_codigo_plu,vfm_cantidad,vfm_unitario,vfm_total,vfm_entregado) VALUES (906,78017118,2,890,1780,@@@NO@@@)','',2,'2013-05-29'),(19137,'INSERT INTO gne_vale_ferreteria (vfe_id,vfe_fecha,vfe_total,vfe_estado,vfe_entregado,usu_nusuario) VALUES (907,@@@2013.05.29@@@,50,1,0,@@@G_DIAZ@@@)','',2,'2013-05-29'),(19138,'INSERT INTO gne_vale_ferreteria_mov (vfe_id,pro_codigo_plu,vfm_cantidad,vfm_unitario,vfm_total,vfm_entregado) VALUES (907,770032,1,50,50,@@@NO@@@)','',2,'2013-05-29'),(19139,'INSERT INTO gne_vale_ferreteria (vfe_id,vfe_fecha,vfe_total,vfe_estado,vfe_entregado,usu_nusuario) VALUES (908,@@@2013.05.29@@@,120,1,0,@@@G_DIAZ@@@)','',2,'2013-05-29'),(19140,'INSERT INTO gne_vale_ferreteria_mov (vfe_id,pro_codigo_plu,vfm_cantidad,vfm_unitario,vfm_total,vfm_entregado) VALUES (908,4080,3,40,120,@@@NO@@@)','',2,'2013-05-29'),(19141,'INSERT INTO gne_vale_ferreteria (vfe_id,vfe_fecha,vfe_total,vfe_estado,vfe_entregado,usu_nusuario) VALUES (909,@@@2013.05.29@@@,200,1,0,@@@G_DIAZ@@@)','',2,'2013-05-29'),(19142,'INSERT INTO gne_vale_ferreteria_mov (vfe_id,pro_codigo_plu,vfm_cantidad,vfm_unitario,vfm_total,vfm_entregado) VALUES (909,78017140,1,200,200,@@@NO@@@)','',2,'2013-05-29'),(19143,'INSERT INTO gne_vale_ferreteria (vfe_id,vfe_fecha,vfe_total,vfe_estado,vfe_entregado,usu_nusuario) VALUES (910,@@@2013.05.29@@@,520,1,0,@@@G_DIAZ@@@)','',2,'2013-05-29'),(19144,'INSERT INTO gne_vale_ferreteria_mov (vfe_id,pro_codigo_plu,vfm_cantidad,vfm_unitario,vfm_total,vfm_entregado) VALUES (910,18386,2,200,400,@@@NO@@@)','',2,'2013-05-29'),(19145,'INSERT INTO gne_vale_ferreteria_mov (vfe_id,pro_codigo_plu,vfm_cantidad,vfm_unitario,vfm_total,vfm_entregado) VALUES (910,8022,1,120,120,@@@NO@@@)','',2,'2013-05-29'),(19146,'INSERT INTO gne_vale_ferreteria (vfe_id,vfe_fecha,vfe_total,vfe_estado,vfe_entregado,usu_nusuario) VALUES (911,@@@2013.05.29@@@,120,1,0,@@@G_DIAZ@@@)','',2,'2013-05-29'),(19147,'INSERT INTO gne_vale_ferreteria_mov (vfe_id,pro_codigo_plu,vfm_cantidad,vfm_unitario,vfm_total,vfm_entregado) VALUES (911,764766,1,120,120,@@@NO@@@)','',2,'2013-05-29'),(19148,'INSERT INTO gne_vale_ferreteria (vfe_id,vfe_fecha,vfe_total,vfe_estado,vfe_entregado,usu_nusuario) VALUES (912,@@@2013.05.29@@@,790,1,0,@@@G_DIAZ@@@)','',2,'2013-05-29'),(19149,'INSERT INTO gne_vale_ferreteria_mov (vfe_id,pro_codigo_plu,vfm_cantidad,vfm_unitario,vfm_total,vfm_entregado) VALUES (912,763623,1,790,790,@@@NO@@@)','',2,'2013-05-29'),(19150,'INSERT INTO gne_vale_ferreteria (vfe_id,vfe_fecha,vfe_total,vfe_estado,vfe_entregado,usu_nusuario) VALUES (913,@@@2013.05.29@@@,100,1,0,@@@G_DIAZ@@@)','',2,'2013-05-29'),(19151,'INSERT INTO gne_vale_ferreteria_mov (vfe_id,pro_codigo_plu,vfm_cantidad,vfm_unitario,vfm_total,vfm_entregado) VALUES (913,764833,10,10,100,@@@NO@@@)','',2,'2013-05-29'),(19152,'INSERT INTO gne_vale_ferreteria (vfe_id,vfe_fecha,vfe_total,vfe_estado,vfe_entregado,usu_nusuario) VALUES (914,@@@2013.05.29@@@,300,1,0,@@@G_DIAZ@@@)','',2,'2013-05-29'),(19153,'INSERT INTO gne_vale_ferreteria_mov (vfe_id,pro_codigo_plu,vfm_cantidad,vfm_unitario,vfm_total,vfm_entregado) VALUES (914,2004,1,300,300,@@@NO@@@)','',2,'2013-05-29'),(19154,'INSERT INTO gne_vale_ferreteria (vfe_id,vfe_fecha,vfe_total,vfe_estado,vfe_entregado,usu_nusuario) VALUES (915,@@@2013.05.29@@@,150,1,0,@@@G_DIAZ@@@)','',2,'2013-05-29'),(19155,'INSERT INTO gne_vale_ferreteria_mov (vfe_id,pro_codigo_plu,vfm_cantidad,vfm_unitario,vfm_total,vfm_entregado) VALUES (915,78017017,1,150,150,@@@NO@@@)','',2,'2013-05-29'),(19156,'INSERT INTO gne_vale_ferreteria (vfe_id,vfe_fecha,vfe_total,vfe_estado,vfe_entregado,usu_nusuario) VALUES (916,@@@2013.05.29@@@,300,1,0,@@@G_DIAZ@@@)','',2,'2013-05-29'),(19157,'INSERT INTO gne_vale_ferreteria_mov (vfe_id,pro_codigo_plu,vfm_cantidad,vfm_unitario,vfm_total,vfm_entregado) VALUES (916,2004,1,300,300,@@@NO@@@)','',2,'2013-05-29'),(19158,'INSERT INTO gne_vale_ferreteria (vfe_id,vfe_fecha,vfe_total,vfe_estado,vfe_entregado,usu_nusuario) VALUES (917,@@@2013.05.29@@@,290,1,0,@@@G_DIAZ@@@)','',2,'2013-05-29'),(19159,'INSERT INTO gne_vale_ferreteria_mov (vfe_id,pro_codigo_plu,vfm_cantidad,vfm_unitario,vfm_total,vfm_entregado) VALUES (917,1559,1,290,290,@@@NO@@@)','',2,'2013-05-29'),(19160,'INSERT INTO gne_vale_ferreteria (vfe_id,vfe_fecha,vfe_total,vfe_estado,vfe_entregado,usu_nusuario) VALUES (918,@@@2013.05.29@@@,330,1,0,@@@G_DIAZ@@@)','',2,'2013-05-29'),(19161,'INSERT INTO gne_vale_ferreteria_mov (vfe_id,pro_codigo_plu,vfm_cantidad,vfm_unitario,vfm_total,vfm_entregado) VALUES (918,19918,1,330,330,@@@NO@@@)','',2,'2013-05-29'),(19162,'INSERT INTO gne_vale_ferreteria (vfe_id,vfe_fecha,vfe_total,vfe_estado,vfe_entregado,usu_nusuario) VALUES (919,@@@2013.05.29@@@,250,1,0,@@@G_DIAZ@@@)','',2,'2013-05-29'),(19163,'INSERT INTO gne_vale_ferreteria_mov (vfe_id,pro_codigo_plu,vfm_cantidad,vfm_unitario,vfm_total,vfm_entregado) VALUES (919,78017105,1,250,250,@@@NO@@@)','',2,'2013-05-29'),(19164,'INSERT INTO gne_vale_ferreteria (vfe_id,vfe_fecha,vfe_total,vfe_estado,vfe_entregado,usu_nusuario) VALUES (920,@@@2013.05.29@@@,250,1,0,@@@G_DIAZ@@@)','',2,'2013-05-29'),(19165,'INSERT INTO gne_vale_ferreteria_mov (vfe_id,pro_codigo_plu,vfm_cantidad,vfm_unitario,vfm_total,vfm_entregado) VALUES (920,78017148,1,130,130,@@@NO@@@)','',2,'2013-05-29'),(19166,'INSERT INTO gne_vale_ferreteria_mov (vfe_id,pro_codigo_plu,vfm_cantidad,vfm_unitario,vfm_total,vfm_entregado) VALUES (920,1064,1,120,120,@@@NO@@@)','',2,'2013-05-29'),(19167,'INSERT INTO gne_vale_ferreteria (vfe_id,vfe_fecha,vfe_total,vfe_estado,vfe_entregado,usu_nusuario) VALUES (921,@@@2013.05.29@@@,340,1,0,@@@G_DIAZ@@@)','',2,'2013-05-29'),(19168,'INSERT INTO gne_vale_ferreteria_mov (vfe_id,pro_codigo_plu,vfm_cantidad,vfm_unitario,vfm_total,vfm_entregado) VALUES (921,764768,1,220,220,@@@NO@@@)','',2,'2013-05-29'),(19169,'INSERT INTO gne_vale_ferreteria_mov (vfe_id,pro_codigo_plu,vfm_cantidad,vfm_unitario,vfm_total,vfm_entregado) VALUES (921,764766,1,120,120,@@@NO@@@)','',2,'2013-05-29'),(19170,'INSERT INTO gne_vale_ferreteria (vfe_id,vfe_fecha,vfe_total,vfe_estado,vfe_entregado,usu_nusuario) VALUES (922,@@@2013.05.29@@@,130,1,0,@@@G_DIAZ@@@)','',2,'2013-05-29'),(19171,'INSERT INTO gne_vale_ferreteria_mov (vfe_id,pro_codigo_plu,vfm_cantidad,vfm_unitario,vfm_total,vfm_entregado) VALUES (922,15967,1,130,130,@@@NO@@@)','',2,'2013-05-29'),(19172,'INSERT INTO gne_vale_ferreteria (vfe_id,vfe_fecha,vfe_total,vfe_estado,vfe_entregado,usu_nusuario) VALUES (923,@@@2013.05.29@@@,1990,1,0,@@@G_DIAZ@@@)','',2,'2013-05-29'),(19173,'INSERT INTO gne_vale_ferreteria_mov (vfe_id,pro_codigo_plu,vfm_cantidad,vfm_unitario,vfm_total,vfm_entregado) VALUES (923,102731,1,1990,1990,@@@NO@@@)','',2,'2013-05-29'),(19174,'INSERT INTO gne_vale_ferreteria (vfe_id,vfe_fecha,vfe_total,vfe_estado,vfe_entregado,usu_nusuario) VALUES (924,@@@2013.05.29@@@,200,1,0,@@@G_DIAZ@@@)','',2,'2013-05-29'),(19175,'INSERT INTO gne_vale_ferreteria_mov (vfe_id,pro_codigo_plu,vfm_cantidad,vfm_unitario,vfm_total,vfm_entregado) VALUES (924,764702,1,200,200,@@@NO@@@)','',2,'2013-05-29'),(19176,'INSERT INTO gne_vale_ferreteria (vfe_id,vfe_fecha,vfe_total,vfe_estado,vfe_entregado,usu_nusuario) VALUES (925,@@@2013.05.29@@@,120,1,0,@@@G_DIAZ@@@)','',2,'2013-05-29'),(19177,'INSERT INTO gne_vale_ferreteria_mov (vfe_id,pro_codigo_plu,vfm_cantidad,vfm_unitario,vfm_total,vfm_entregado) VALUES (925,764780,2,60,120,@@@NO@@@)','',2,'2013-05-29'),(19178,'INSERT INTO gne_vale_ferreteria (vfe_id,vfe_fecha,vfe_total,vfe_estado,vfe_entregado,usu_nusuario) VALUES (926,@@@2013.05.29@@@,790,1,0,@@@G_DIAZ@@@)','',2,'2013-05-29'),(19179,'INSERT INTO gne_vale_ferreteria_mov (vfe_id,pro_codigo_plu,vfm_cantidad,vfm_unitario,vfm_total,vfm_entregado) VALUES (926,764052,1,790,790,@@@NO@@@)','',2,'2013-05-29'),(19180,'INSERT INTO gne_vale_ferreteria (vfe_id,vfe_fecha,vfe_total,vfe_estado,vfe_entregado,usu_nusuario) VALUES (927,@@@2013.05.29@@@,590,1,0,@@@G_DIAZ@@@)','',2,'2013-05-29'),(19181,'INSERT INTO gne_vale_ferreteria_mov (vfe_id,pro_codigo_plu,vfm_cantidad,vfm_unitario,vfm_total,vfm_entregado) VALUES (927,762252,1,590,590,@@@NO@@@)','',2,'2013-05-29'),(19182,'INSERT INTO gne_vale_ferreteria (vfe_id,vfe_fecha,vfe_total,vfe_estado,vfe_entregado,usu_nusuario) VALUES (928,@@@2013.05.29@@@,150,1,0,@@@G_DIAZ@@@)','',2,'2013-05-29'),(19183,'INSERT INTO gne_vale_ferreteria_mov (vfe_id,pro_codigo_plu,vfm_cantidad,vfm_unitario,vfm_total,vfm_entregado) VALUES (928,78017110,1,150,150,@@@NO@@@)','',2,'2013-05-29'),(19184,'INSERT INTO gne_vale_ferreteria (vfe_id,vfe_fecha,vfe_total,vfe_estado,vfe_entregado,usu_nusuario) VALUES (929,@@@2013.05.29@@@,1590,1,0,@@@G_DIAZ@@@)','',2,'2013-05-29'),(19185,'INSERT INTO gne_vale_ferreteria_mov (vfe_id,pro_codigo_plu,vfm_cantidad,vfm_unitario,vfm_total,vfm_entregado) VALUES (929,15955,3,530,1590,@@@NO@@@)','',2,'2013-05-29'),(19186,'INSERT INTO gne_vale_ferreteria (vfe_id,vfe_fecha,vfe_total,vfe_estado,vfe_entregado,usu_nusuario) VALUES (930,@@@2013.05.29@@@,600,1,0,@@@G_DIAZ@@@)','',2,'2013-05-29'),(19187,'INSERT INTO gne_vale_ferreteria_mov (vfe_id,pro_codigo_plu,vfm_cantidad,vfm_unitario,vfm_total,vfm_entregado) VALUES (930,763587,1,420,420,@@@NO@@@)','',2,'2013-05-29'),(19188,'INSERT INTO gne_vale_ferreteria_mov (vfe_id,pro_codigo_plu,vfm_cantidad,vfm_unitario,vfm_total,vfm_entregado) VALUES (930,78017026,2,90,180,@@@NO@@@)','',2,'2013-05-29'),(19189,'INSERT INTO gne_vale_ferreteria (vfe_id,vfe_fecha,vfe_total,vfe_estado,vfe_entregado,usu_nusuario) VALUES (931,@@@2013.05.29@@@,100,1,0,@@@G_DIAZ@@@)','',2,'2013-05-29'),(19190,'INSERT INTO gne_vale_ferreteria_mov (vfe_id,pro_codigo_plu,vfm_cantidad,vfm_unitario,vfm_total,vfm_entregado) VALUES (931,770003,10,10,100,@@@NO@@@)','',2,'2013-05-29'),(19191,'INSERT INTO gne_vale_ferreteria (vfe_id,vfe_fecha,vfe_total,vfe_estado,vfe_entregado,usu_nusuario) VALUES (932,@@@2013.05.29@@@,790,1,0,@@@G_DIAZ@@@)','',2,'2013-05-29'),(19192,'INSERT INTO gne_vale_ferreteria_mov (vfe_id,pro_codigo_plu,vfm_cantidad,vfm_unitario,vfm_total,vfm_entregado) VALUES (932,763804,1,790,790,@@@NO@@@)','',2,'2013-05-29'),(19193,'INSERT INTO gne_vale_ferreteria (vfe_id,vfe_fecha,vfe_total,vfe_estado,vfe_entregado,usu_nusuario) VALUES (933,@@@2013.05.29@@@,1890,1,0,@@@G_DIAZ@@@)','',2,'2013-05-29'),(19194,'INSERT INTO gne_vale_ferreteria_mov (vfe_id,pro_codigo_plu,vfm_cantidad,vfm_unitario,vfm_total,vfm_entregado) VALUES (933,101679,1,1890,1890,@@@NO@@@)','',2,'2013-05-29'),(19195,'INSERT INTO gne_vale_ferreteria (vfe_id,vfe_fecha,vfe_total,vfe_estado,vfe_entregado,usu_nusuario) VALUES (934,@@@2013.05.29@@@,2850,1,0,@@@G_DIAZ@@@)','',2,'2013-05-29'),(19196,'INSERT INTO gne_vale_ferreteria_mov (vfe_id,pro_codigo_plu,vfm_cantidad,vfm_unitario,vfm_total,vfm_entregado) VALUES (934,764444,1,2850,2850,@@@NO@@@)','',2,'2013-05-29'),(19197,'INSERT INTO gne_vale_ferreteria (vfe_id,vfe_fecha,vfe_total,vfe_estado,vfe_entregado,usu_nusuario) VALUES (935,@@@2013.05.29@@@,320,1,0,@@@G_DIAZ@@@)','',2,'2013-05-29'),(19198,'INSERT INTO gne_vale_ferreteria_mov (vfe_id,pro_codigo_plu,vfm_cantidad,vfm_unitario,vfm_total,vfm_entregado) VALUES (935,8022,1,120,120,@@@NO@@@)','',2,'2013-05-29'),(19199,'INSERT INTO gne_vale_ferreteria_mov (vfe_id,pro_codigo_plu,vfm_cantidad,vfm_unitario,vfm_total,vfm_entregado) VALUES (935,764159,2,100,200,@@@NO@@@)','',2,'2013-05-29'),(19200,'INSERT INTO gne_vale_ferreteria (vfe_id,vfe_fecha,vfe_total,vfe_estado,vfe_entregado,usu_nusuario) VALUES (936,@@@2013.05.29@@@,100,1,0,@@@G_DIAZ@@@)','',2,'2013-05-29'),(19201,'INSERT INTO gne_vale_ferreteria_mov (vfe_id,pro_codigo_plu,vfm_cantidad,vfm_unitario,vfm_total,vfm_entregado) VALUES (936,770024,1,100,100,@@@NO@@@)','',2,'2013-05-29'),(19202,'INSERT INTO gne_vale_ferreteria (vfe_id,vfe_fecha,vfe_total,vfe_estado,vfe_entregado,usu_nusuario) VALUES (937,@@@2013.05.29@@@,830,1,0,@@@G_DIAZ@@@)','',2,'2013-05-29'),(19203,'INSERT INTO gne_vale_ferreteria_mov (vfe_id,pro_codigo_plu,vfm_cantidad,vfm_unitario,vfm_total,vfm_entregado) VALUES (937,763626,1,830,830,@@@NO@@@)','',2,'2013-05-29'),(19204,'INSERT INTO gne_vale_ferreteria (vfe_id,vfe_fecha,vfe_total,vfe_estado,vfe_entregado,usu_nusuario) VALUES (938,@@@2013.05.29@@@,5280,1,0,@@@G_DIAZ@@@)','',2,'2013-05-29'),(19205,'INSERT INTO gne_vale_ferreteria_mov (vfe_id,pro_codigo_plu,vfm_cantidad,vfm_unitario,vfm_total,vfm_entregado) VALUES (938,764676,1,2290,2290,@@@NO@@@)','',2,'2013-05-29'),(19206,'INSERT INTO gne_vale_ferreteria_mov (vfe_id,pro_codigo_plu,vfm_cantidad,vfm_unitario,vfm_total,vfm_entregado) VALUES (938,1201,1,2990,2990,@@@NO@@@)','',2,'2013-05-29'),(19207,'INSERT INTO gne_vale_ferreteria (vfe_id,vfe_fecha,vfe_total,vfe_estado,vfe_entregado,usu_nusuario) VALUES (939,@@@2013.05.29@@@,120,1,0,@@@G_DIAZ@@@)','',2,'2013-05-29'),(19208,'INSERT INTO gne_vale_ferreteria_mov (vfe_id,pro_codigo_plu,vfm_cantidad,vfm_unitario,vfm_total,vfm_entregado) VALUES (939,8022,1,120,120,@@@NO@@@)','',2,'2013-05-29'),(19209,'INSERT INTO gne_vale_ferreteria (vfe_id,vfe_fecha,vfe_total,vfe_estado,vfe_entregado,usu_nusuario) VALUES (940,@@@2013.05.29@@@,180,1,0,@@@G_DIAZ@@@)','',2,'2013-05-29'),(19210,'INSERT INTO gne_vale_ferreteria_mov (vfe_id,pro_codigo_plu,vfm_cantidad,vfm_unitario,vfm_total,vfm_entregado) VALUES (940,770038,2,90,180,@@@NO@@@)','',2,'2013-05-29'),(19211,'INSERT INTO gne_vale_ferreteria (vfe_id,vfe_fecha,vfe_total,vfe_estado,vfe_entregado,usu_nusuario) VALUES (941,@@@2013.05.29@@@,120,1,0,@@@G_DIAZ@@@)','',2,'2013-05-29'),(19212,'INSERT INTO gne_vale_ferreteria_mov (vfe_id,pro_codigo_plu,vfm_cantidad,vfm_unitario,vfm_total,vfm_entregado) VALUES (941,8022,1,120,120,@@@NO@@@)','',2,'2013-05-29'),(19213,'INSERT INTO gne_vale_ferreteria (vfe_id,vfe_fecha,vfe_total,vfe_estado,vfe_entregado,usu_nusuario) VALUES (942,@@@2013.05.29@@@,1990,1,0,@@@G_DIAZ@@@)','',2,'2013-05-29'),(19214,'INSERT INTO gne_vale_ferreteria_mov (vfe_id,pro_codigo_plu,vfm_cantidad,vfm_unitario,vfm_total,vfm_entregado) VALUES (942,5500,1,1990,1990,@@@NO@@@)','',2,'2013-05-29'),(19215,'INSERT INTO gne_vale_ferreteria (vfe_id,vfe_fecha,vfe_total,vfe_estado,vfe_entregado,usu_nusuario) VALUES (943,@@@2013.05.29@@@,100,1,0,@@@G_DIAZ@@@)','',2,'2013-05-29'),(19216,'INSERT INTO gne_vale_ferreteria_mov (vfe_id,pro_codigo_plu,vfm_cantidad,vfm_unitario,vfm_total,vfm_entregado) VALUES (943,764833,10,10,100,@@@NO@@@)','',2,'2013-05-29'),(19217,'INSERT INTO gne_vale_ferreteria (vfe_id,vfe_fecha,vfe_total,vfe_estado,vfe_entregado,usu_nusuario) VALUES (944,@@@2013.05.29@@@,390,1,0,@@@G_DIAZ@@@)','',2,'2013-05-29'),(19218,'INSERT INTO gne_vale_ferreteria_mov (vfe_id,pro_codigo_plu,vfm_cantidad,vfm_unitario,vfm_total,vfm_entregado) VALUES (944,78017177,1,390,390,@@@NO@@@)','',2,'2013-05-29'),(19219,'INSERT INTO gne_vale_ferreteria (vfe_id,vfe_fecha,vfe_total,vfe_estado,vfe_entregado,usu_nusuario) VALUES (945,@@@2013.05.29@@@,120,1,0,@@@G_DIAZ@@@)','',2,'2013-05-29'),(19220,'INSERT INTO gne_vale_ferreteria_mov (vfe_id,pro_codigo_plu,vfm_cantidad,vfm_unitario,vfm_total,vfm_entregado) VALUES (945,761335,1,120,120,@@@NO@@@)','',2,'2013-05-29'),(19221,'INSERT INTO gne_vale_ferreteria (vfe_id,vfe_fecha,vfe_total,vfe_estado,vfe_entregado,usu_nusuario) VALUES (946,@@@2013.05.29@@@,1060,1,0,@@@G_DIAZ@@@)','',2,'2013-05-29'),(19222,'INSERT INTO gne_vale_ferreteria_mov (vfe_id,pro_codigo_plu,vfm_cantidad,vfm_unitario,vfm_total,vfm_entregado) VALUES (946,15955,2,530,1060,@@@NO@@@)','',2,'2013-05-29'),(19223,'INSERT INTO gne_vale_ferreteria (vfe_id,vfe_fecha,vfe_total,vfe_estado,vfe_entregado,usu_nusuario) VALUES (947,@@@2013.05.29@@@,220,1,0,@@@G_DIAZ@@@)','',2,'2013-05-29'),(19224,'INSERT INTO gne_vale_ferreteria_mov (vfe_id,pro_codigo_plu,vfm_cantidad,vfm_unitario,vfm_total,vfm_entregado) VALUES (947,763783,1,220,220,@@@NO@@@)','',2,'2013-05-29'),(19225,'INSERT INTO gne_vale_ferreteria (vfe_id,vfe_fecha,vfe_total,vfe_estado,vfe_entregado,usu_nusuario) VALUES (948,@@@2013.05.29@@@,690,1,0,@@@G_DIAZ@@@)','',2,'2013-05-29'),(19226,'INSERT INTO gne_vale_ferreteria_mov (vfe_id,pro_codigo_plu,vfm_cantidad,vfm_unitario,vfm_total,vfm_entregado) VALUES (948,8022,2,120,240,@@@NO@@@)','',2,'2013-05-29'),(19227,'INSERT INTO gne_vale_ferreteria_mov (vfe_id,pro_codigo_plu,vfm_cantidad,vfm_unitario,vfm_total,vfm_entregado) VALUES (948,1063,1,450,450,@@@NO@@@)','',2,'2013-05-29'),(19228,'INSERT INTO gne_vale_ferreteria (vfe_id,vfe_fecha,vfe_total,vfe_estado,vfe_entregado,usu_nusuario) VALUES (949,@@@2013.05.29@@@,420,1,0,@@@G_DIAZ@@@)','',2,'2013-05-29'),(19229,'INSERT INTO gne_vale_ferreteria_mov (vfe_id,pro_codigo_plu,vfm_cantidad,vfm_unitario,vfm_total,vfm_entregado) VALUES (949,763587,1,420,420,@@@NO@@@)','',2,'2013-05-29'),(19230,'INSERT INTO gne_vale_ferreteria (vfe_id,vfe_fecha,vfe_total,vfe_estado,vfe_entregado,usu_nusuario) VALUES (950,@@@2013.05.29@@@,1690,1,0,@@@G_DIAZ@@@)','',2,'2013-05-29'),(19231,'INSERT INTO gne_vale_ferreteria_mov (vfe_id,pro_codigo_plu,vfm_cantidad,vfm_unitario,vfm_total,vfm_entregado) VALUES (950,764599,1,1690,1690,@@@NO@@@)','',2,'2013-05-29'),(19232,'INSERT INTO gne_vale_ferreteria (vfe_id,vfe_fecha,vfe_total,vfe_estado,vfe_entregado,usu_nusuario) VALUES (951,@@@2013.05.29@@@,4620,1,0,@@@G_DIAZ@@@)','',2,'2013-05-29'),(19233,'INSERT INTO gne_vale_ferreteria_mov (vfe_id,pro_codigo_plu,vfm_cantidad,vfm_unitario,vfm_total,vfm_entregado) VALUES (951,764264,1,960,960,@@@NO@@@)','',2,'2013-05-29'),(19234,'INSERT INTO gne_vale_ferreteria_mov (vfe_id,pro_codigo_plu,vfm_cantidad,vfm_unitario,vfm_total,vfm_entregado) VALUES (951,763804,1,790,790,@@@NO@@@)','',2,'2013-05-29'),(19235,'INSERT INTO gne_vale_ferreteria_mov (vfe_id,pro_codigo_plu,vfm_cantidad,vfm_unitario,vfm_total,vfm_entregado) VALUES (951,78017194,1,200,200,@@@NO@@@)','',2,'2013-05-29'),(19236,'INSERT INTO gne_vale_ferreteria_mov (vfe_id,pro_codigo_plu,vfm_cantidad,vfm_unitario,vfm_total,vfm_entregado) VALUES (951,12083,1,260,260,@@@NO@@@)','',2,'2013-05-29'),(19237,'INSERT INTO gne_vale_ferreteria_mov (vfe_id,pro_codigo_plu,vfm_cantidad,vfm_unitario,vfm_total,vfm_entregado) VALUES (951,761979,2,915,1830,@@@NO@@@)','',2,'2013-05-29'),(19238,'INSERT INTO gne_vale_ferreteria_mov (vfe_id,pro_codigo_plu,vfm_cantidad,vfm_unitario,vfm_total,vfm_entregado) VALUES (951,764119,1,580,580,@@@NO@@@)','',2,'2013-05-29'),(19239,'INSERT INTO gne_vale_ferreteria (vfe_id,vfe_fecha,vfe_total,vfe_estado,vfe_entregado,usu_nusuario) VALUES (952,@@@2013.05.29@@@,1500,1,0,@@@G_DIAZ@@@)','',2,'2013-05-29'),(19240,'INSERT INTO gne_vale_ferreteria_mov (vfe_id,pro_codigo_plu,vfm_cantidad,vfm_unitario,vfm_total,vfm_entregado) VALUES (952,765064,2,280,560,@@@NO@@@)','',2,'2013-05-29'),(19241,'INSERT INTO gne_vale_ferreteria_mov (vfe_id,pro_codigo_plu,vfm_cantidad,vfm_unitario,vfm_total,vfm_entregado) VALUES (952,763831,1,200,200,@@@NO@@@)','',2,'2013-05-29'),(19242,'INSERT INTO gne_vale_ferreteria_mov (vfe_id,pro_codigo_plu,vfm_cantidad,vfm_unitario,vfm_total,vfm_entregado) VALUES (952,8022,1,120,120,@@@NO@@@)','',2,'2013-05-29'),(19243,'INSERT INTO gne_vale_ferreteria_mov (vfe_id,pro_codigo_plu,vfm_cantidad,vfm_unitario,vfm_total,vfm_entregado) VALUES (952,763832,1,620,620,@@@NO@@@)','',2,'2013-05-29'),(19244,'INSERT INTO gne_vale_ferreteria (vfe_id,vfe_fecha,vfe_total,vfe_estado,vfe_entregado,usu_nusuario) VALUES (953,@@@2013.05.29@@@,250,1,0,@@@G_DIAZ@@@)','',2,'2013-05-29'),(19245,'INSERT INTO gne_vale_ferreteria_mov (vfe_id,pro_codigo_plu,vfm_cantidad,vfm_unitario,vfm_total,vfm_entregado) VALUES (953,4091,1,250,250,@@@NO@@@)','',2,'2013-05-29'),(19246,'INSERT INTO gne_vale_ferreteria (vfe_id,vfe_fecha,vfe_total,vfe_estado,vfe_entregado,usu_nusuario) VALUES (954,@@@2013.05.29@@@,930,1,0,@@@G_DIAZ@@@)','',2,'2013-05-29'),(19247,'INSERT INTO gne_vale_ferreteria_mov (vfe_id,pro_codigo_plu,vfm_cantidad,vfm_unitario,vfm_total,vfm_entregado) VALUES (954,763804,1,790,790,@@@NO@@@)','',2,'2013-05-29'),(19248,'INSERT INTO gne_vale_ferreteria_mov (vfe_id,pro_codigo_plu,vfm_cantidad,vfm_unitario,vfm_total,vfm_entregado) VALUES (954,78016980,1,140,140,@@@NO@@@)','',2,'2013-05-29'),(19249,'INSERT INTO gne_vale_ferreteria (vfe_id,vfe_fecha,vfe_total,vfe_estado,vfe_entregado,usu_nusuario) VALUES (955,@@@2013.05.29@@@,130,1,0,@@@G_DIAZ@@@)','',2,'2013-05-29'),(19250,'INSERT INTO gne_vale_ferreteria_mov (vfe_id,pro_codigo_plu,vfm_cantidad,vfm_unitario,vfm_total,vfm_entregado) VALUES (955,764833,13,10,130,@@@NO@@@)','',2,'2013-05-29'),(19251,'INSERT INTO gne_vale_ferreteria (vfe_id,vfe_fecha,vfe_total,vfe_estado,vfe_entregado,usu_nusuario) VALUES (956,@@@2013.05.29@@@,60,1,0,@@@G_DIAZ@@@)','',2,'2013-05-29'),(19252,'INSERT INTO gne_vale_ferreteria_mov (vfe_id,pro_codigo_plu,vfm_cantidad,vfm_unitario,vfm_total,vfm_entregado) VALUES (956,764834,3,20,60,@@@NO@@@)','',2,'2013-05-29'),(19253,'INSERT INTO gne_vale_ferreteria (vfe_id,vfe_fecha,vfe_total,vfe_estado,vfe_entregado,usu_nusuario) VALUES (957,@@@2013.05.29@@@,450,1,0,@@@G_DIAZ@@@)','',2,'2013-05-29'),(19254,'INSERT INTO gne_vale_ferreteria_mov (vfe_id,pro_codigo_plu,vfm_cantidad,vfm_unitario,vfm_total,vfm_entregado) VALUES (957,764539,1,450,450,@@@NO@@@)','',2,'2013-05-29'),(19255,'INSERT INTO gne_vale_ferreteria (vfe_id,vfe_fecha,vfe_total,vfe_estado,vfe_entregado,usu_nusuario) VALUES (958,@@@2013.05.29@@@,300,1,0,@@@G_DIAZ@@@)','',2,'2013-05-29'),(19256,'INSERT INTO gne_vale_ferreteria_mov (vfe_id,pro_codigo_plu,vfm_cantidad,vfm_unitario,vfm_total,vfm_entregado) VALUES (958,2004,1,300,300,@@@NO@@@)','',2,'2013-05-29'),(19257,'INSERT INTO gne_vale_ferreteria (vfe_id,vfe_fecha,vfe_total,vfe_estado,vfe_entregado,usu_nusuario) VALUES (959,@@@2013.05.29@@@,850,1,0,@@@G_DIAZ@@@)','',2,'2013-05-29'),(19258,'INSERT INTO gne_vale_ferreteria_mov (vfe_id,pro_codigo_plu,vfm_cantidad,vfm_unitario,vfm_total,vfm_entregado) VALUES (959,763794,1,850,850,@@@NO@@@)','',2,'2013-05-29'),(19259,'INSERT INTO gne_vale_ferreteria (vfe_id,vfe_fecha,vfe_total,vfe_estado,vfe_entregado,usu_nusuario) VALUES (960,@@@2013.05.29@@@,390,1,0,@@@G_DIAZ@@@)','',2,'2013-05-29'),(19260,'INSERT INTO gne_vale_ferreteria_mov (vfe_id,pro_codigo_plu,vfm_cantidad,vfm_unitario,vfm_total,vfm_entregado) VALUES (960,8023,1,390,390,@@@NO@@@)','',2,'2013-05-29'),(19261,'INSERT INTO gne_vale_ferreteria (vfe_id,vfe_fecha,vfe_total,vfe_estado,vfe_entregado,usu_nusuario) VALUES (961,@@@2013.05.29@@@,240,1,0,@@@G_DIAZ@@@)','',2,'2013-05-29'),(19262,'INSERT INTO gne_vale_ferreteria_mov (vfe_id,pro_codigo_plu,vfm_cantidad,vfm_unitario,vfm_total,vfm_entregado) VALUES (961,8022,2,120,240,@@@NO@@@)','',2,'2013-05-29'),(19263,'INSERT INTO gne_vale_ferreteria (vfe_id,vfe_fecha,vfe_total,vfe_estado,vfe_entregado,usu_nusuario) VALUES (962,@@@2013.05.29@@@,350,1,0,@@@G_DIAZ@@@)','',2,'2013-05-29'),(19264,'INSERT INTO gne_vale_ferreteria_mov (vfe_id,pro_codigo_plu,vfm_cantidad,vfm_unitario,vfm_total,vfm_entregado) VALUES (962,12719,1,350,350,@@@NO@@@)','',2,'2013-05-29'),(19265,'INSERT INTO gne_vale_ferreteria (vfe_id,vfe_fecha,vfe_total,vfe_estado,vfe_entregado,usu_nusuario) VALUES (963,@@@2013.05.29@@@,2940,1,0,@@@G_DIAZ@@@)','',2,'2013-05-29'),(19266,'INSERT INTO gne_vale_ferreteria_mov (vfe_id,pro_codigo_plu,vfm_cantidad,vfm_unitario,vfm_total,vfm_entregado) VALUES (963,12719,1,350,350,@@@NO@@@)','',2,'2013-05-29'),(19267,'INSERT INTO gne_vale_ferreteria_mov (vfe_id,pro_codigo_plu,vfm_cantidad,vfm_unitario,vfm_total,vfm_entregado) VALUES (963,763694,1,2590,2590,@@@NO@@@)','',2,'2013-05-29'),(19268,'INSERT INTO gne_vale_ferreteria (vfe_id,vfe_fecha,vfe_total,vfe_estado,vfe_entregado,usu_nusuario) VALUES (964,@@@2013.05.29@@@,1970,1,0,@@@G_DIAZ@@@)','',2,'2013-05-29'),(19269,'INSERT INTO gne_vale_ferreteria_mov (vfe_id,pro_codigo_plu,vfm_cantidad,vfm_unitario,vfm_total,vfm_entregado) VALUES (964,763740,1,1350,1350,@@@NO@@@)','',2,'2013-05-29'),(19270,'INSERT INTO gne_vale_ferreteria_mov (vfe_id,pro_codigo_plu,vfm_cantidad,vfm_unitario,vfm_total,vfm_entregado) VALUES (964,78016977,1,350,350,@@@NO@@@)','',2,'2013-05-29'),(19271,'INSERT INTO gne_vale_ferreteria_mov (vfe_id,pro_codigo_plu,vfm_cantidad,vfm_unitario,vfm_total,vfm_entregado) VALUES (964,78016991,1,270,270,@@@NO@@@)','',2,'2013-05-29'),(19272,'INSERT INTO gne_vale_ferreteria (vfe_id,vfe_fecha,vfe_total,vfe_estado,vfe_entregado,usu_nusuario) VALUES (965,@@@2013.05.29@@@,570,1,0,@@@G_DIAZ@@@)','',2,'2013-05-29'),(19273,'INSERT INTO gne_vale_ferreteria_mov (vfe_id,pro_codigo_plu,vfm_cantidad,vfm_unitario,vfm_total,vfm_entregado) VALUES (965,764507,1,330,330,@@@NO@@@)','',2,'2013-05-29'),(19274,'INSERT INTO gne_vale_ferreteria_mov (vfe_id,pro_codigo_plu,vfm_cantidad,vfm_unitario,vfm_total,vfm_entregado) VALUES (965,764766,2,120,240,@@@NO@@@)','',2,'2013-05-29'),(19275,'INSERT INTO gne_vale_ferreteria (vfe_id,vfe_fecha,vfe_total,vfe_estado,vfe_entregado,usu_nusuario) VALUES (966,@@@2013.05.29@@@,810,1,0,@@@G_DIAZ@@@)','',2,'2013-05-29'),(19276,'INSERT INTO gne_vale_ferreteria_mov (vfe_id,pro_codigo_plu,vfm_cantidad,vfm_unitario,vfm_total,vfm_entregado) VALUES (966,78017155,1,450,450,@@@NO@@@)','',2,'2013-05-29'),(19277,'INSERT INTO gne_vale_ferreteria_mov (vfe_id,pro_codigo_plu,vfm_cantidad,vfm_unitario,vfm_total,vfm_entregado) VALUES (966,1064,3,120,360,@@@NO@@@)','',2,'2013-05-29'),(19278,'INSERT INTO gne_vale_ferreteria (vfe_id,vfe_fecha,vfe_total,vfe_estado,vfe_entregado,usu_nusuario) VALUES (967,@@@2013.05.29@@@,130,1,0,@@@G_DIAZ@@@)','',2,'2013-05-29'),(19279,'INSERT INTO gne_vale_ferreteria_mov (vfe_id,pro_codigo_plu,vfm_cantidad,vfm_unitario,vfm_total,vfm_entregado) VALUES (967,15967,1,130,130,@@@NO@@@)','',2,'2013-05-29'),(19280,'INSERT INTO gne_vale_ferreteria (vfe_id,vfe_fecha,vfe_total,vfe_estado,vfe_entregado,usu_nusuario) VALUES (968,@@@2013.05.29@@@,400,1,0,@@@G_DIAZ@@@)','',2,'2013-05-29'),(19281,'INSERT INTO gne_vale_ferreteria_mov (vfe_id,pro_codigo_plu,vfm_cantidad,vfm_unitario,vfm_total,vfm_entregado) VALUES (968,16664,1,400,400,@@@NO@@@)','',2,'2013-05-29'),(19282,'INSERT INTO gne_vale_ferreteria (vfe_id,vfe_fecha,vfe_total,vfe_estado,vfe_entregado,usu_nusuario) VALUES (969,@@@2013.05.29@@@,240,1,0,@@@G_DIAZ@@@)','',2,'2013-05-29'),(19283,'INSERT INTO gne_vale_ferreteria_mov (vfe_id,pro_codigo_plu,vfm_cantidad,vfm_unitario,vfm_total,vfm_entregado) VALUES (969,78017004,2,100,200,@@@NO@@@)','',2,'2013-05-29'),(19284,'INSERT INTO gne_vale_ferreteria_mov (vfe_id,pro_codigo_plu,vfm_cantidad,vfm_unitario,vfm_total,vfm_entregado) VALUES (969,78017241,1,40,40,@@@NO@@@)','',2,'2013-05-29'),(19285,'INSERT INTO gne_vale_ferreteria (vfe_id,vfe_fecha,vfe_total,vfe_estado,vfe_entregado,usu_nusuario) VALUES (970,@@@2013.05.29@@@,930,1,0,@@@G_DIAZ@@@)','',2,'2013-05-29'),(19286,'INSERT INTO gne_vale_ferreteria_mov (vfe_id,pro_codigo_plu,vfm_cantidad,vfm_unitario,vfm_total,vfm_entregado) VALUES (970,78017017,1,150,150,@@@NO@@@)','',2,'2013-05-29'),(19287,'INSERT INTO gne_vale_ferreteria_mov (vfe_id,pro_codigo_plu,vfm_cantidad,vfm_unitario,vfm_total,vfm_entregado) VALUES (970,78017016,4,120,480,@@@NO@@@)','',2,'2013-05-29'),(19288,'INSERT INTO gne_vale_ferreteria_mov (vfe_id,pro_codigo_plu,vfm_cantidad,vfm_unitario,vfm_total,vfm_entregado) VALUES (970,764279,1,300,300,@@@NO@@@)','',2,'2013-05-29'),(19289,'INSERT INTO gne_vale_ferreteria (vfe_id,vfe_fecha,vfe_total,vfe_estado,vfe_entregado,usu_nusuario) VALUES (971,@@@2013.05.29@@@,360,1,0,@@@G_DIAZ@@@)','',2,'2013-05-29'),(19290,'INSERT INTO gne_vale_ferreteria_mov (vfe_id,pro_codigo_plu,vfm_cantidad,vfm_unitario,vfm_total,vfm_entregado) VALUES (971,764766,3,120,360,@@@NO@@@)','',2,'2013-05-29'),(19291,'INSERT INTO gne_vale_ferreteria (vfe_id,vfe_fecha,vfe_total,vfe_estado,vfe_entregado,usu_nusuario) VALUES (972,@@@2013.05.29@@@,4940,1,0,@@@G_DIAZ@@@)','',2,'2013-05-29'),(19292,'INSERT INTO gne_vale_ferreteria_mov (vfe_id,pro_codigo_plu,vfm_cantidad,vfm_unitario,vfm_total,vfm_entregado) VALUES (972,764225,1,490,490,@@@NO@@@)','',2,'2013-05-29'),(19293,'INSERT INTO gne_vale_ferreteria_mov (vfe_id,pro_codigo_plu,vfm_cantidad,vfm_unitario,vfm_total,vfm_entregado) VALUES (972,764611,1,990,990,@@@NO@@@)','',2,'2013-05-29'),(19294,'INSERT INTO gne_vale_ferreteria_mov (vfe_id,pro_codigo_plu,vfm_cantidad,vfm_unitario,vfm_total,vfm_entregado) VALUES (972,1536,1,290,290,@@@NO@@@)','',2,'2013-05-29'),(19295,'INSERT INTO gne_vale_ferreteria_mov (vfe_id,pro_codigo_plu,vfm_cantidad,vfm_unitario,vfm_total,vfm_entregado) VALUES (972,765016,1,1890,1890,@@@NO@@@)','',2,'2013-05-29'),(19296,'INSERT INTO gne_vale_ferreteria_mov (vfe_id,pro_codigo_plu,vfm_cantidad,vfm_unitario,vfm_total,vfm_entregado) VALUES (972,765032,1,990,990,@@@NO@@@)','',2,'2013-05-29'),(19297,'INSERT INTO gne_vale_ferreteria_mov (vfe_id,pro_codigo_plu,vfm_cantidad,vfm_unitario,vfm_total,vfm_entregado) VALUES (972,1559,1,290,290,@@@NO@@@)','',2,'2013-05-29'),(19298,'INSERT INTO gne_vale_ferreteria (vfe_id,vfe_fecha,vfe_total,vfe_estado,vfe_entregado,usu_nusuario) VALUES (973,@@@2013.05.29@@@,200,1,0,@@@G_DIAZ@@@)','',2,'2013-05-29'),(19299,'INSERT INTO gne_vale_ferreteria_mov (vfe_id,pro_codigo_plu,vfm_cantidad,vfm_unitario,vfm_total,vfm_entregado) VALUES (973,78017176,1,200,200,@@@NO@@@)','',2,'2013-05-29'),(19300,'INSERT INTO gne_vale_ferreteria (vfe_id,vfe_fecha,vfe_total,vfe_estado,vfe_entregado,usu_nusuario) VALUES (974,@@@2013.05.29@@@,130,1,0,@@@G_DIAZ@@@)','',2,'2013-05-29'),(19301,'INSERT INTO gne_vale_ferreteria_mov (vfe_id,pro_codigo_plu,vfm_cantidad,vfm_unitario,vfm_total,vfm_entregado) VALUES (974,78017148,1,130,130,@@@NO@@@)','',2,'2013-05-29'),(19302,'INSERT INTO gne_vale_ferreteria (vfe_id,vfe_fecha,vfe_total,vfe_estado,vfe_entregado,usu_nusuario) VALUES (975,@@@2013.05.29@@@,590,1,0,@@@G_DIAZ@@@)','',2,'2013-05-29'),(19303,'INSERT INTO gne_vale_ferreteria_mov (vfe_id,pro_codigo_plu,vfm_cantidad,vfm_unitario,vfm_total,vfm_entregado) VALUES (975,762250,1,590,590,@@@NO@@@)','',2,'2013-05-29'),(19304,'INSERT INTO gne_vale_ferreteria (vfe_id,vfe_fecha,vfe_total,vfe_estado,vfe_entregado,usu_nusuario) VALUES (976,@@@2013.05.29@@@,650,1,0,@@@G_DIAZ@@@)','',2,'2013-05-29'),(19305,'INSERT INTO gne_vale_ferreteria_mov (vfe_id,pro_codigo_plu,vfm_cantidad,vfm_unitario,vfm_total,vfm_entregado) VALUES (976,78017018,1,150,150,@@@NO@@@)','',2,'2013-05-29'),(19306,'INSERT INTO gne_vale_ferreteria_mov (vfe_id,pro_codigo_plu,vfm_cantidad,vfm_unitario,vfm_total,vfm_entregado) VALUES (976,764266,1,300,300,@@@NO@@@)','',2,'2013-05-29'),(19307,'INSERT INTO gne_vale_ferreteria_mov (vfe_id,pro_codigo_plu,vfm_cantidad,vfm_unitario,vfm_total,vfm_entregado) VALUES (976,764702,1,200,200,@@@NO@@@)','',2,'2013-05-29'),(19308,'INSERT INTO gne_vale_ferreteria (vfe_id,vfe_fecha,vfe_total,vfe_estado,vfe_entregado,usu_nusuario) VALUES (977,@@@2013.05.29@@@,1890,1,0,@@@G_DIAZ@@@)','',2,'2013-05-29'),(19309,'INSERT INTO gne_vale_ferreteria_mov (vfe_id,pro_codigo_plu,vfm_cantidad,vfm_unitario,vfm_total,vfm_entregado) VALUES (977,101625,1,1890,1890,@@@NO@@@)','',2,'2013-05-29'),(19310,'INSERT INTO gne_vale_ferreteria (vfe_id,vfe_fecha,vfe_total,vfe_estado,vfe_entregado,usu_nusuario) VALUES (978,@@@2013.05.29@@@,130,1,0,@@@G_DIAZ@@@)','',2,'2013-05-29'),(19311,'INSERT INTO gne_vale_ferreteria_mov (vfe_id,pro_codigo_plu,vfm_cantidad,vfm_unitario,vfm_total,vfm_entregado) VALUES (978,1066,1,130,130,@@@NO@@@)','',2,'2013-05-29'),(19312,'INSERT INTO gne_vale_ferreteria (vfe_id,vfe_fecha,vfe_total,vfe_estado,vfe_entregado,usu_nusuario) VALUES (979,@@@2013.05.29@@@,550,1,0,@@@G_DIAZ@@@)','',2,'2013-05-29'),(19313,'INSERT INTO gne_vale_ferreteria_mov (vfe_id,pro_codigo_plu,vfm_cantidad,vfm_unitario,vfm_total,vfm_entregado) VALUES (979,763722,1,350,350,@@@NO@@@)','',2,'2013-05-29'),(19314,'INSERT INTO gne_vale_ferreteria_mov (vfe_id,pro_codigo_plu,vfm_cantidad,vfm_unitario,vfm_total,vfm_entregado) VALUES (979,4130,2,100,200,@@@NO@@@)','',2,'2013-05-29'),(19315,'INSERT INTO gne_vale_ferreteria (vfe_id,vfe_fecha,vfe_total,vfe_estado,vfe_entregado,usu_nusuario) VALUES (980,@@@2013.05.29@@@,80,1,0,@@@G_DIAZ@@@)','',2,'2013-05-29'),(19316,'INSERT INTO gne_vale_ferreteria_mov (vfe_id,pro_codigo_plu,vfm_cantidad,vfm_unitario,vfm_total,vfm_entregado) VALUES (980,78017191,2,40,80,@@@NO@@@)','',2,'2013-05-29'),(19317,'INSERT INTO gne_vale_ferreteria (vfe_id,vfe_fecha,vfe_total,vfe_estado,vfe_entregado,usu_nusuario) VALUES (981,@@@2013.05.29@@@,540,1,0,@@@G_DIAZ@@@)','',2,'2013-05-29'),(19318,'INSERT INTO gne_vale_ferreteria_mov (vfe_id,pro_codigo_plu,vfm_cantidad,vfm_unitario,vfm_total,vfm_entregado) VALUES (981,78017177,1,390,390,@@@NO@@@)','',2,'2013-05-29'),(19319,'INSERT INTO gne_vale_ferreteria_mov (vfe_id,pro_codigo_plu,vfm_cantidad,vfm_unitario,vfm_total,vfm_entregado) VALUES (981,8021,1,150,150,@@@NO@@@)','',2,'2013-05-29'),(19320,'INSERT INTO gne_vale_ferreteria (vfe_id,vfe_fecha,vfe_total,vfe_estado,vfe_entregado,usu_nusuario) VALUES (982,@@@2013.05.29@@@,120,1,0,@@@G_DIAZ@@@)','',2,'2013-05-29'),(19321,'INSERT INTO gne_vale_ferreteria_mov (vfe_id,pro_codigo_plu,vfm_cantidad,vfm_unitario,vfm_total,vfm_entregado) VALUES (982,8022,1,120,120,@@@NO@@@)','',2,'2013-05-29'),(19322,'INSERT INTO gne_vale_ferreteria (vfe_id,vfe_fecha,vfe_total,vfe_estado,vfe_entregado,usu_nusuario) VALUES (983,@@@2013.05.29@@@,300,1,0,@@@G_DIAZ@@@)','',2,'2013-05-29'),(19323,'INSERT INTO gne_vale_ferreteria_mov (vfe_id,pro_codigo_plu,vfm_cantidad,vfm_unitario,vfm_total,vfm_entregado) VALUES (983,8021,2,150,300,@@@NO@@@)','',2,'2013-05-29'),(19324,'INSERT INTO gne_vale_ferreteria (vfe_id,vfe_fecha,vfe_total,vfe_estado,vfe_entregado,usu_nusuario) VALUES (984,@@@2013.05.30@@@,1890,1,0,@@@b_SAEZ@@@)','',2,'2013-05-29'),(19325,'INSERT INTO gne_vale_ferreteria_mov (vfe_id,pro_codigo_plu,vfm_cantidad,vfm_unitario,vfm_total,vfm_entregado) VALUES (984,101680,1,1890,1890,@@@NO@@@)','',2,'2013-05-29'),(19326,'INSERT INTO gne_vale_ferreteria (vfe_id,vfe_fecha,vfe_total,vfe_estado,vfe_entregado,usu_nusuario) VALUES (985,@@@2013.05.30@@@,860,1,0,@@@b_SAEZ@@@)','',2,'2013-05-29'),(19327,'INSERT INTO gne_vale_ferreteria_mov (vfe_id,pro_codigo_plu,vfm_cantidad,vfm_unitario,vfm_total,vfm_entregado) VALUES (985,11378,1,620,620,@@@NO@@@)','',2,'2013-05-29'),(19328,'INSERT INTO gne_vale_ferreteria_mov (vfe_id,pro_codigo_plu,vfm_cantidad,vfm_unitario,vfm_total,vfm_entregado) VALUES (985,761334,1,120,120,@@@NO@@@)','',2,'2013-05-29'),(19329,'INSERT INTO gne_vale_ferreteria_mov (vfe_id,pro_codigo_plu,vfm_cantidad,vfm_unitario,vfm_total,vfm_entregado) VALUES (985,78017204,1,120,120,@@@NO@@@)','',2,'2013-05-29'),(19330,'INSERT INTO mae_productos (pro_codigo_plu,pro_codigo_barra,pro_tipo,pro_nombre_producto,pro_nombre_corto,med_id,emb_id,pro_unidades_embalaje,dep_id,lin_id,mar_id,pro_precio_compra_neto,pro_precio_compra_bruto,pro_precio_venta,pro_margen_actual,pro_oferta,pro_fecha_inicio_oferta,pro_fecha_termino_oferta,pro_precio_oferta,pro_stock_minimo,pro_stock_critico,pro_entradas_bodega,pro_salidas_bodega,pro_mermas_bodega,pro_ajustes_bodega,pro_entradas_sv,pro_salidas_sv,pro_mermas_sv,pro_ajustes_sv,pro_activo,rec_numero,pro_unidad,pro_capacidad,pro_consumo_bodega,pro_consumo_sv,pro_estado,pro_funcion_plu,pro_flejes,pro_iva,pro_plu_asociado,pro_envase,pro_duracion,pro_numero_etiqueta) VALUES (770069,@@@770069@@@,@@@0@@@,@@@SEPARADORES CARTA Y OFICIO@@@,@@@SEPARADORES CART@@@,@@@1 @@@,@@@3 @@@,@@@0@@@,@@@24 @@@,@@@138@@@,@@@2507@@@,@@@0@@@,@@@0@@@,@@@220@@@,@@@0@@@,@@@@@@,@@@2013.05.30@@@,@@@2013.05.30@@@,@@@0@@@,@@@0@@@,@@@0@@@,@@@0@@@,@@@0@@@,@@@0@@@,@@@0@@@,@@@0@@@,@@@0@@@,@@@0@@@,@@@0@@@,@@@1@@@,@@@0@@@,0,1,0,0,2,0,1,1,0,@@@NO@@@,0,0)','',2,'2013-05-29'),(19331,'DELETE FROM mae_impuestos_productos WHERE pro_codigo_plu=@@@770069@@@','',2,'2013-05-29'),(19332,'INSERT INTO mae_productos (pro_codigo_plu,pro_codigo_barra,pro_tipo,pro_nombre_producto,pro_nombre_corto,med_id,emb_id,pro_unidades_embalaje,dep_id,lin_id,mar_id,pro_precio_compra_neto,pro_precio_compra_bruto,pro_precio_venta,pro_margen_actual,pro_oferta,pro_fecha_inicio_oferta,pro_fecha_termino_oferta,pro_precio_oferta,pro_stock_minimo,pro_stock_critico,pro_entradas_bodega,pro_salidas_bodega,pro_mermas_bodega,pro_ajustes_bodega,pro_entradas_sv,pro_salidas_sv,pro_mermas_sv,pro_ajustes_sv,pro_activo,rec_numero,pro_unidad,pro_capacidad,pro_consumo_bodega,pro_consumo_sv,pro_estado,pro_funcion_plu,pro_flejes,pro_iva,pro_plu_asociado,pro_envase,pro_duracion,pro_numero_etiqueta) VALUES (770070,@@@770070@@@,@@@0@@@,@@@HOJA MILIMETRADA@@@,@@@HOJA MILIMETRADA@@@,@@@1 @@@,@@@3 @@@,@@@0@@@,@@@24 @@@,@@@137@@@,@@@2507@@@,@@@0@@@,@@@0@@@,@@@30@@@,@@@0@@@,@@@@@@,@@@2013.05.30@@@,@@@2013.05.30@@@,@@@0@@@,@@@0@@@,@@@0@@@,@@@0@@@,@@@0@@@,@@@0@@@,@@@0@@@,@@@0@@@,@@@0@@@,@@@0@@@,@@@0@@@,@@@1@@@,@@@0@@@,0,1,0,0,2,0,1,1,0,@@@NO@@@,0,0)','',2,'2013-05-29'),(19333,'DELETE FROM mae_impuestos_productos WHERE pro_codigo_plu=@@@770070@@@','',2,'2013-05-29'),(19334,'INSERT INTO mae_productos (pro_codigo_plu,pro_codigo_barra,pro_tipo,pro_nombre_producto,pro_nombre_corto,med_id,emb_id,pro_unidades_embalaje,dep_id,lin_id,mar_id,pro_precio_compra_neto,pro_precio_compra_bruto,pro_precio_venta,pro_margen_actual,pro_oferta,pro_fecha_inicio_oferta,pro_fecha_termino_oferta,pro_precio_oferta,pro_stock_minimo,pro_stock_critico,pro_entradas_bodega,pro_salidas_bodega,pro_mermas_bodega,pro_ajustes_bodega,pro_entradas_sv,pro_salidas_sv,pro_mermas_sv,pro_ajustes_sv,pro_activo,rec_numero,pro_unidad,pro_capacidad,pro_consumo_bodega,pro_consumo_sv,pro_estado,pro_funcion_plu,pro_flejes,pro_iva,pro_plu_asociado,pro_envase,pro_duracion,pro_numero_etiqueta) VALUES (780220108,@@@7806515010175@@@,@@@0@@@,@@@AUTOADHESIVOS PARA ARCHIVADORES@@@,@@@AUTOADHESIVOS PA@@@,@@@1 @@@,@@@3 @@@,@@@0@@@,@@@24 @@@,@@@138@@@,@@@2507@@@,@@@0@@@,@@@0@@@,@@@650@@@,@@@0@@@,@@@@@@,@@@2013.05.30@@@,@@@2013.05.30@@@,@@@0@@@,@@@0@@@,@@@0@@@,@@@0@@@,@@@0@@@,@@@0@@@,@@@0@@@,@@@0@@@,@@@0@@@,@@@0@@@,@@@0@@@,@@@1@@@,@@@0@@@,0,1,0,0,2,0,1,1,0,@@@NO@@@,0,0)','',2,'2013-05-29'),(19335,'DELETE FROM mae_impuestos_productos WHERE pro_codigo_plu=@@@780220108@@@','',2,'2013-05-29'),(19336,'INSERT INTO mae_productos (pro_codigo_plu,pro_codigo_barra,pro_tipo,pro_nombre_producto,pro_nombre_corto,med_id,emb_id,pro_unidades_embalaje,dep_id,lin_id,mar_id,pro_precio_compra_neto,pro_precio_compra_bruto,pro_precio_venta,pro_margen_actual,pro_oferta,pro_fecha_inicio_oferta,pro_fecha_termino_oferta,pro_precio_oferta,pro_stock_minimo,pro_stock_critico,pro_entradas_bodega,pro_salidas_bodega,pro_mermas_bodega,pro_ajustes_bodega,pro_entradas_sv,pro_salidas_sv,pro_mermas_sv,pro_ajustes_sv,pro_activo,rec_numero,pro_unidad,pro_capacidad,pro_consumo_bodega,pro_consumo_sv,pro_estado,pro_funcion_plu,pro_flejes,pro_iva,pro_plu_asociado,pro_envase,pro_duracion,pro_numero_etiqueta) VALUES (780220109,@@@7807265981326@@@,@@@0@@@,@@@PAPEL CREPE BLANCO@@@,@@@PAPEL CREPE BLAN@@@,@@@1 @@@,@@@3 @@@,@@@0@@@,@@@24 @@@,@@@137@@@,@@@1254@@@,@@@0@@@,@@@0@@@,@@@200@@@,@@@0@@@,@@@@@@,@@@2013.05.30@@@,@@@2013.05.30@@@,@@@0@@@,@@@0@@@,@@@0@@@,@@@0@@@,@@@0@@@,@@@0@@@,@@@0@@@,@@@0@@@,@@@0@@@,@@@0@@@,@@@0@@@,@@@1@@@,@@@0@@@,0,1,0,0,2,0,1,1,0,@@@NO@@@,0,0)','',2,'2013-05-29'),(19337,'DELETE FROM mae_impuestos_productos WHERE pro_codigo_plu=@@@780220109@@@','',2,'2013-05-29'),(19338,'INSERT INTO mae_productos (pro_codigo_plu,pro_codigo_barra,pro_tipo,pro_nombre_producto,pro_nombre_corto,med_id,emb_id,pro_unidades_embalaje,dep_id,lin_id,mar_id,pro_precio_compra_neto,pro_precio_compra_bruto,pro_precio_venta,pro_margen_actual,pro_oferta,pro_fecha_inicio_oferta,pro_fecha_termino_oferta,pro_precio_oferta,pro_stock_minimo,pro_stock_critico,pro_entradas_bodega,pro_salidas_bodega,pro_mermas_bodega,pro_ajustes_bodega,pro_entradas_sv,pro_salidas_sv,pro_mermas_sv,pro_ajustes_sv,pro_activo,rec_numero,pro_unidad,pro_capacidad,pro_consumo_bodega,pro_consumo_sv,pro_estado,pro_funcion_plu,pro_flejes,pro_iva,pro_plu_asociado,pro_envase,pro_duracion,pro_numero_etiqueta) VALUES (770071,@@@770071@@@,@@@0@@@,@@@CONECTORES DE 3@@@,@@@CONECTORES DE 3@@@,@@@1 @@@,@@@3 @@@,@@@0@@@,@@@2 @@@,@@@41@@@,@@@2507@@@,@@@0@@@,@@@0@@@,@@@490@@@,@@@0@@@,@@@@@@,@@@2013.05.30@@@,@@@2013.05.30@@@,@@@0@@@,@@@0@@@,@@@0@@@,@@@0@@@,@@@0@@@,@@@0@@@,@@@0@@@,@@@0@@@,@@@0@@@,@@@0@@@,@@@0@@@,@@@1@@@,@@@0@@@,0,1,0,0,2,0,1,1,0,@@@NO@@@,0,0)','',2,'2013-05-29'),(19339,'DELETE FROM mae_impuestos_productos WHERE pro_codigo_plu=@@@770071@@@','',2,'2013-05-29'),(19340,'INSERT INTO mae_productos (pro_codigo_plu,pro_codigo_barra,pro_tipo,pro_nombre_producto,pro_nombre_corto,med_id,emb_id,pro_unidades_embalaje,dep_id,lin_id,mar_id,pro_precio_compra_neto,pro_precio_compra_bruto,pro_precio_venta,pro_margen_actual,pro_oferta,pro_fecha_inicio_oferta,pro_fecha_termino_oferta,pro_precio_oferta,pro_stock_minimo,pro_stock_critico,pro_entradas_bodega,pro_salidas_bodega,pro_mermas_bodega,pro_ajustes_bodega,pro_entradas_sv,pro_salidas_sv,pro_mermas_sv,pro_ajustes_sv,pro_activo,rec_numero,pro_unidad,pro_capacidad,pro_consumo_bodega,pro_consumo_sv,pro_estado,pro_funcion_plu,pro_flejes,pro_iva,pro_plu_asociado,pro_envase,pro_duracion,pro_numero_etiqueta) VALUES (770072,@@@770072@@@,@@@0@@@,@@@CONECTORES DE 4@@@,@@@CONECTORES DE 4@@@,@@@1 @@@,@@@3 @@@,@@@0@@@,@@@2 @@@,@@@41@@@,@@@2507@@@,@@@0@@@,@@@0@@@,@@@650@@@,@@@0@@@,@@@@@@,@@@2013.05.30@@@,@@@2013.05.30@@@,@@@0@@@,@@@0@@@,@@@0@@@,@@@0@@@,@@@0@@@,@@@0@@@,@@@0@@@,@@@0@@@,@@@0@@@,@@@0@@@,@@@0@@@,@@@1@@@,@@@0@@@,0,1,0,0,2,0,1,1,0,@@@NO@@@,0,0)','',2,'2013-05-29'),(19341,'DELETE FROM mae_impuestos_productos WHERE pro_codigo_plu=@@@770072@@@','',2,'2013-05-29'),(19342,'INSERT INTO mae_productos (pro_codigo_plu,pro_codigo_barra,pro_tipo,pro_nombre_producto,pro_nombre_corto,med_id,emb_id,pro_unidades_embalaje,dep_id,lin_id,mar_id,pro_precio_compra_neto,pro_precio_compra_bruto,pro_precio_venta,pro_margen_actual,pro_oferta,pro_fecha_inicio_oferta,pro_fecha_termino_oferta,pro_precio_oferta,pro_stock_minimo,pro_stock_critico,pro_entradas_bodega,pro_salidas_bodega,pro_mermas_bodega,pro_ajustes_bodega,pro_entradas_sv,pro_salidas_sv,pro_mermas_sv,pro_ajustes_sv,pro_activo,rec_numero,pro_unidad,pro_capacidad,pro_consumo_bodega,pro_consumo_sv,pro_estado,pro_funcion_plu,pro_flejes,pro_iva,pro_plu_asociado,pro_envase,pro_duracion,pro_numero_etiqueta) VALUES (770073,@@@770073@@@,@@@0@@@,@@@CONECTORES DE 5@@@,@@@CONECTORES DE 5@@@,@@@1 @@@,@@@3 @@@,@@@0@@@,@@@2 @@@,@@@41@@@,@@@2507@@@,@@@0@@@,@@@0@@@,@@@690@@@,@@@0@@@,@@@@@@,@@@2013.05.30@@@,@@@2013.05.30@@@,@@@0@@@,@@@0@@@,@@@0@@@,@@@0@@@,@@@0@@@,@@@0@@@,@@@0@@@,@@@0@@@,@@@0@@@,@@@0@@@,@@@0@@@,@@@1@@@,@@@0@@@,0,1,0,0,2,0,1,1,0,@@@NO@@@,0,0)','',2,'2013-05-29'),(19343,'DELETE FROM mae_impuestos_productos WHERE pro_codigo_plu=@@@770073@@@','',2,'2013-05-29'),(19344,'INSERT INTO mae_productos (pro_codigo_plu,pro_codigo_barra,pro_tipo,pro_nombre_producto,pro_nombre_corto,med_id,emb_id,pro_unidades_embalaje,dep_id,lin_id,mar_id,pro_precio_compra_neto,pro_precio_compra_bruto,pro_precio_venta,pro_margen_actual,pro_oferta,pro_fecha_inicio_oferta,pro_fecha_termino_oferta,pro_precio_oferta,pro_stock_minimo,pro_stock_critico,pro_entradas_bodega,pro_salidas_bodega,pro_mermas_bodega,pro_ajustes_bodega,pro_entradas_sv,pro_salidas_sv,pro_mermas_sv,pro_ajustes_sv,pro_activo,rec_numero,pro_unidad,pro_capacidad,pro_consumo_bodega,pro_consumo_sv,pro_estado,pro_funcion_plu,pro_flejes,pro_iva,pro_plu_asociado,pro_envase,pro_duracion,pro_numero_etiqueta) VALUES (770074,@@@770074@@@,@@@0@@@,@@@BROCHA 4\"@@@,@@@BROCHA 4\"@@@,@@@1 @@@,@@@3 @@@,@@@0@@@,@@@2 @@@,@@@41@@@,@@@2507@@@,@@@0@@@,@@@0@@@,@@@1690@@@,@@@0@@@,@@@@@@,@@@2013.05.30@@@,@@@2013.05.30@@@,@@@0@@@,@@@0@@@,@@@0@@@,@@@0@@@,@@@0@@@,@@@0@@@,@@@0@@@,@@@0@@@,@@@0@@@,@@@0@@@,@@@0@@@,@@@1@@@,@@@0@@@,0,1,0,0,2,0,1,1,0,@@@NO@@@,0,0)','',2,'2013-05-29'),(19345,'DELETE FROM mae_impuestos_productos WHERE pro_codigo_plu=@@@770074@@@','',2,'2013-05-29'),(19346,'INSERT INTO mae_productos (pro_codigo_plu,pro_codigo_barra,pro_tipo,pro_nombre_producto,pro_nombre_corto,med_id,emb_id,pro_unidades_embalaje,dep_id,lin_id,mar_id,pro_precio_compra_neto,pro_precio_compra_bruto,pro_precio_venta,pro_margen_actual,pro_oferta,pro_fecha_inicio_oferta,pro_fecha_termino_oferta,pro_precio_oferta,pro_stock_minimo,pro_stock_critico,pro_entradas_bodega,pro_salidas_bodega,pro_mermas_bodega,pro_ajustes_bodega,pro_entradas_sv,pro_salidas_sv,pro_mermas_sv,pro_ajustes_sv,pro_activo,rec_numero,pro_unidad,pro_capacidad,pro_consumo_bodega,pro_consumo_sv,pro_estado,pro_funcion_plu,pro_flejes,pro_iva,pro_plu_asociado,pro_envase,pro_duracion,pro_numero_etiqueta) VALUES (770075,@@@770075@@@,@@@0@@@,@@@BROCHA 1 1/2@@@,@@@BROCHA 1 1/2@@@,@@@1 @@@,@@@3 @@@,@@@0@@@,@@@2 @@@,@@@41@@@,@@@2507@@@,@@@0@@@,@@@0@@@,@@@390@@@,@@@0@@@,@@@@@@,@@@2013.05.30@@@,@@@2013.05.30@@@,@@@0@@@,@@@0@@@,@@@0@@@,@@@0@@@,@@@0@@@,@@@0@@@,@@@0@@@,@@@0@@@,@@@0@@@,@@@0@@@,@@@0@@@,@@@1@@@,@@@0@@@,0,1,0,0,2,0,1,1,0,@@@NO@@@,0,0)','',2,'2013-05-29'),(19347,'DELETE FROM mae_impuestos_productos WHERE pro_codigo_plu=@@@770075@@@','',2,'2013-05-29'),(19348,'INSERT INTO mae_productos (pro_codigo_plu,pro_codigo_barra,pro_tipo,pro_nombre_producto,pro_nombre_corto,med_id,emb_id,pro_unidades_embalaje,dep_id,lin_id,mar_id,pro_precio_compra_neto,pro_precio_compra_bruto,pro_precio_venta,pro_margen_actual,pro_oferta,pro_fecha_inicio_oferta,pro_fecha_termino_oferta,pro_precio_oferta,pro_stock_minimo,pro_stock_critico,pro_entradas_bodega,pro_salidas_bodega,pro_mermas_bodega,pro_ajustes_bodega,pro_entradas_sv,pro_salidas_sv,pro_mermas_sv,pro_ajustes_sv,pro_activo,rec_numero,pro_unidad,pro_capacidad,pro_consumo_bodega,pro_consumo_sv,pro_estado,pro_funcion_plu,pro_flejes,pro_iva,pro_plu_asociado,pro_envase,pro_duracion,pro_numero_etiqueta) VALUES (770076,@@@770076@@@,@@@0@@@,@@@BROCHA 3/4@@@,@@@BROCHA 3/4@@@,@@@1 @@@,@@@3 @@@,@@@0@@@,@@@2 @@@,@@@41@@@,@@@2507@@@,@@@0@@@,@@@0@@@,@@@250@@@,@@@0@@@,@@@@@@,@@@2013.05.30@@@,@@@2013.05.30@@@,@@@0@@@,@@@0@@@,@@@0@@@,@@@0@@@,@@@0@@@,@@@0@@@,@@@0@@@,@@@0@@@,@@@0@@@,@@@0@@@,@@@0@@@,@@@1@@@,@@@0@@@,0,1,0,0,2,0,1,1,0,@@@NO@@@,0,0)','',2,'2013-05-29'),(19349,'DELETE FROM mae_impuestos_productos WHERE pro_codigo_plu=@@@770076@@@','',2,'2013-05-29'),(19350,'INSERT INTO mae_productos (pro_codigo_plu,pro_codigo_barra,pro_tipo,pro_nombre_producto,pro_nombre_corto,med_id,emb_id,pro_unidades_embalaje,dep_id,lin_id,mar_id,pro_precio_compra_neto,pro_precio_compra_bruto,pro_precio_venta,pro_margen_actual,pro_oferta,pro_fecha_inicio_oferta,pro_fecha_termino_oferta,pro_precio_oferta,pro_stock_minimo,pro_stock_critico,pro_entradas_bodega,pro_salidas_bodega,pro_mermas_bodega,pro_ajustes_bodega,pro_entradas_sv,pro_salidas_sv,pro_mermas_sv,pro_ajustes_sv,pro_activo,rec_numero,pro_unidad,pro_capacidad,pro_consumo_bodega,pro_consumo_sv,pro_estado,pro_funcion_plu,pro_flejes,pro_iva,pro_plu_asociado,pro_envase,pro_duracion,pro_numero_etiqueta) VALUES (770077,@@@770077@@@,@@@0@@@,@@@BROCHA 1/2@@@,@@@BROCHA@@@,@@@1 @@@,@@@3 @@@,@@@0@@@,@@@2 @@@,@@@41@@@,@@@2507@@@,@@@0@@@,@@@0@@@,@@@180@@@,@@@0@@@,@@@@@@,@@@2013.05.30@@@,@@@2013.05.30@@@,@@@0@@@,@@@0@@@,@@@0@@@,@@@0@@@,@@@0@@@,@@@0@@@,@@@0@@@,@@@0@@@,@@@0@@@,@@@0@@@,@@@0@@@,@@@1@@@,@@@0@@@,0,1,0,0,2,0,1,1,0,@@@NO@@@,0,0)','',2,'2013-05-29'),(19351,'DELETE FROM mae_impuestos_productos WHERE pro_codigo_plu=@@@770077@@@','',2,'2013-05-29'),(19352,'INSERT INTO mae_productos (pro_codigo_plu,pro_codigo_barra,pro_tipo,pro_nombre_producto,pro_nombre_corto,med_id,emb_id,pro_unidades_embalaje,dep_id,lin_id,mar_id,pro_precio_compra_neto,pro_precio_compra_bruto,pro_precio_venta,pro_margen_actual,pro_oferta,pro_fecha_inicio_oferta,pro_fecha_termino_oferta,pro_precio_oferta,pro_stock_minimo,pro_stock_critico,pro_entradas_bodega,pro_salidas_bodega,pro_mermas_bodega,pro_ajustes_bodega,pro_entradas_sv,pro_salidas_sv,pro_mermas_sv,pro_ajustes_sv,pro_activo,rec_numero,pro_unidad,pro_capacidad,pro_consumo_bodega,pro_consumo_sv,pro_estado,pro_funcion_plu,pro_flejes,pro_iva,pro_plu_asociado,pro_envase,pro_duracion,pro_numero_etiqueta) VALUES (770078,@@@770078@@@,@@@0@@@,@@@BROCHA 2 1/2@@@,@@@BROCHA 2 1/2@@@,@@@1 @@@,@@@3 @@@,@@@0@@@,@@@2 @@@,@@@41@@@,@@@2507@@@,@@@0@@@,@@@0@@@,@@@1100@@@,@@@0@@@,@@@@@@,@@@2013.05.30@@@,@@@2013.05.30@@@,@@@0@@@,@@@0@@@,@@@0@@@,@@@0@@@,@@@0@@@,@@@0@@@,@@@0@@@,@@@0@@@,@@@0@@@,@@@0@@@,@@@0@@@,@@@1@@@,@@@0@@@,0,1,0,0,2,0,1,1,0,@@@NO@@@,0,0)','',2,'2013-05-29'),(19353,'DELETE FROM mae_impuestos_productos WHERE pro_codigo_plu=@@@770078@@@','',2,'2013-05-29'),(19354,'INSERT INTO mae_productos (pro_codigo_plu,pro_codigo_barra,pro_tipo,pro_nombre_producto,pro_nombre_corto,med_id,emb_id,pro_unidades_embalaje,dep_id,lin_id,mar_id,pro_precio_compra_neto,pro_precio_compra_bruto,pro_precio_venta,pro_margen_actual,pro_oferta,pro_fecha_inicio_oferta,pro_fecha_termino_oferta,pro_precio_oferta,pro_stock_minimo,pro_stock_critico,pro_entradas_bodega,pro_salidas_bodega,pro_mermas_bodega,pro_ajustes_bodega,pro_entradas_sv,pro_salidas_sv,pro_mermas_sv,pro_ajustes_sv,pro_activo,rec_numero,pro_unidad,pro_capacidad,pro_consumo_bodega,pro_consumo_sv,pro_estado,pro_funcion_plu,pro_flejes,pro_iva,pro_plu_asociado,pro_envase,pro_duracion,pro_numero_etiqueta) VALUES (770079,@@@770079@@@,@@@0@@@,@@@BROCHA 3@@@,@@@BROCHA 3@@@,@@@1 @@@,@@@3 @@@,@@@0@@@,@@@2 @@@,@@@41@@@,@@@2507@@@,@@@0@@@,@@@0@@@,@@@1490@@@,@@@0@@@,@@@@@@,@@@2013.05.30@@@,@@@2013.05.30@@@,@@@0@@@,@@@0@@@,@@@0@@@,@@@0@@@,@@@0@@@,@@@0@@@,@@@0@@@,@@@0@@@,@@@0@@@,@@@0@@@,@@@0@@@,@@@1@@@,@@@0@@@,0,1,0,0,2,0,1,1,0,@@@NO@@@,0,0)','',2,'2013-05-29'),(19355,'DELETE FROM mae_impuestos_productos WHERE pro_codigo_plu=@@@770079@@@','',2,'2013-05-29'),(19356,'INSERT INTO mae_productos (pro_codigo_plu,pro_codigo_barra,pro_tipo,pro_nombre_producto,pro_nombre_corto,med_id,emb_id,pro_unidades_embalaje,dep_id,lin_id,mar_id,pro_precio_compra_neto,pro_precio_compra_bruto,pro_precio_venta,pro_margen_actual,pro_oferta,pro_fecha_inicio_oferta,pro_fecha_termino_oferta,pro_precio_oferta,pro_stock_minimo,pro_stock_critico,pro_entradas_bodega,pro_salidas_bodega,pro_mermas_bodega,pro_ajustes_bodega,pro_entradas_sv,pro_salidas_sv,pro_mermas_sv,pro_ajustes_sv,pro_activo,rec_numero,pro_unidad,pro_capacidad,pro_consumo_bodega,pro_consumo_sv,pro_estado,pro_funcion_plu,pro_flejes,pro_iva,pro_plu_asociado,pro_envase,pro_duracion,pro_numero_etiqueta) VALUES (770080,@@@770080@@@,@@@0@@@,@@@BROCHA 1@@@,@@@BROCHA 1@@@,@@@1 @@@,@@@3 @@@,@@@0@@@,@@@2 @@@,@@@41@@@,@@@2507@@@,@@@0@@@,@@@0@@@,@@@350@@@,@@@0@@@,@@@@@@,@@@2013.05.30@@@,@@@2013.05.30@@@,@@@0@@@,@@@0@@@,@@@0@@@,@@@0@@@,@@@0@@@,@@@0@@@,@@@0@@@,@@@0@@@,@@@0@@@,@@@0@@@,@@@0@@@,@@@1@@@,@@@0@@@,0,1,0,0,2,0,1,1,0,@@@NO@@@,0,0)','',2,'2013-05-29'),(19357,'DELETE FROM mae_impuestos_productos WHERE pro_codigo_plu=@@@770080@@@','',2,'2013-05-29'),(19358,'INSERT INTO mae_productos (pro_codigo_plu,pro_codigo_barra,pro_tipo,pro_nombre_producto,pro_nombre_corto,med_id,emb_id,pro_unidades_embalaje,dep_id,lin_id,mar_id,pro_precio_compra_neto,pro_precio_compra_bruto,pro_precio_venta,pro_margen_actual,pro_oferta,pro_fecha_inicio_oferta,pro_fecha_termino_oferta,pro_precio_oferta,pro_stock_minimo,pro_stock_critico,pro_entradas_bodega,pro_salidas_bodega,pro_mermas_bodega,pro_ajustes_bodega,pro_entradas_sv,pro_salidas_sv,pro_mermas_sv,pro_ajustes_sv,pro_activo,rec_numero,pro_unidad,pro_capacidad,pro_consumo_bodega,pro_consumo_sv,pro_estado,pro_funcion_plu,pro_flejes,pro_iva,pro_plu_asociado,pro_envase,pro_duracion,pro_numero_etiqueta) VALUES (770081,@@@770081@@@,@@@0@@@,@@@CANDADO 63MM COPPER@@@,@@@CANDADO 63MM COP@@@,@@@1 @@@,@@@3 @@@,@@@0@@@,@@@2 @@@,@@@41@@@,@@@2507@@@,@@@0@@@,@@@0@@@,@@@1990@@@,@@@0@@@,@@@@@@,@@@2013.05.30@@@,@@@2013.05.30@@@,@@@0@@@,@@@0@@@,@@@0@@@,@@@0@@@,@@@0@@@,@@@0@@@,@@@0@@@,@@@0@@@,@@@0@@@,@@@0@@@,@@@0@@@,@@@1@@@,@@@0@@@,0,1,0,0,2,0,1,1,0,@@@NO@@@,0,0)','',2,'2013-05-29'),(19359,'DELETE FROM mae_impuestos_productos WHERE pro_codigo_plu=@@@770081@@@','',2,'2013-05-29'),(19360,'INSERT INTO mae_productos (pro_codigo_plu,pro_codigo_barra,pro_tipo,pro_nombre_producto,pro_nombre_corto,med_id,emb_id,pro_unidades_embalaje,dep_id,lin_id,mar_id,pro_precio_compra_neto,pro_precio_compra_bruto,pro_precio_venta,pro_margen_actual,pro_oferta,pro_fecha_inicio_oferta,pro_fecha_termino_oferta,pro_precio_oferta,pro_stock_minimo,pro_stock_critico,pro_entradas_bodega,pro_salidas_bodega,pro_mermas_bodega,pro_ajustes_bodega,pro_entradas_sv,pro_salidas_sv,pro_mermas_sv,pro_ajustes_sv,pro_activo,rec_numero,pro_unidad,pro_capacidad,pro_consumo_bodega,pro_consumo_sv,pro_estado,pro_funcion_plu,pro_flejes,pro_iva,pro_plu_asociado,pro_envase,pro_duracion,pro_numero_etiqueta) VALUES (770082,@@@770082@@@,@@@0@@@,@@@CANDADO 38MM YALIAN@@@,@@@CANDADO 38MM@@@,@@@1 @@@,@@@3 @@@,@@@0@@@,@@@2 @@@,@@@41@@@,@@@2507@@@,@@@0@@@,@@@0@@@,@@@1890@@@,@@@0@@@,@@@@@@,@@@2013.05.30@@@,@@@2013.05.30@@@,@@@0@@@,@@@0@@@,@@@0@@@,@@@0@@@,@@@0@@@,@@@0@@@,@@@0@@@,@@@0@@@,@@@0@@@,@@@0@@@,@@@0@@@,@@@1@@@,@@@0@@@,0,1,0,0,2,0,1,1,0,@@@NO@@@,0,0)','',2,'2013-05-29'),(19361,'DELETE FROM mae_impuestos_productos WHERE pro_codigo_plu=@@@770082@@@','',2,'2013-05-29'),(19362,'INSERT INTO mae_productos (pro_codigo_plu,pro_codigo_barra,pro_tipo,pro_nombre_producto,pro_nombre_corto,med_id,emb_id,pro_unidades_embalaje,dep_id,lin_id,mar_id,pro_precio_compra_neto,pro_precio_compra_bruto,pro_precio_venta,pro_margen_actual,pro_oferta,pro_fecha_inicio_oferta,pro_fecha_termino_oferta,pro_precio_oferta,pro_stock_minimo,pro_stock_critico,pro_entradas_bodega,pro_salidas_bodega,pro_mermas_bodega,pro_ajustes_bodega,pro_entradas_sv,pro_salidas_sv,pro_mermas_sv,pro_ajustes_sv,pro_activo,rec_numero,pro_unidad,pro_capacidad,pro_consumo_bodega,pro_consumo_sv,pro_estado,pro_funcion_plu,pro_flejes,pro_iva,pro_plu_asociado,pro_envase,pro_duracion,pro_numero_etiqueta) VALUES (770083,@@@770083@@@,@@@0@@@,@@@CANDADO 32MM YALIAN@@@,@@@CANDADO 32MM YAL@@@,@@@1 @@@,@@@3 @@@,@@@0@@@,@@@2 @@@,@@@41@@@,@@@2507@@@,@@@0@@@,@@@0@@@,@@@1490@@@,@@@0@@@,@@@@@@,@@@2013.05.30@@@,@@@2013.05.30@@@,@@@0@@@,@@@0@@@,@@@0@@@,@@@0@@@,@@@0@@@,@@@0@@@,@@@0@@@,@@@0@@@,@@@0@@@,@@@0@@@,@@@0@@@,@@@1@@@,@@@0@@@,0,1,0,0,2,0,1,1,0,@@@NO@@@,0,0)','',2,'2013-05-29'),(19363,'DELETE FROM mae_impuestos_productos WHERE pro_codigo_plu=@@@770083@@@','',2,'2013-05-29'),(19364,'UPDATE mae_productos SET pro_margen_actual=0,pro_precio_venta=650 WHERE pro_codigo_plu=780220108','',2,'2013-05-29'),(19365,'UPDATE mae_productos SET pro_margen_actual=0,pro_precio_venta=350 WHERE pro_codigo_plu=770080','',2,'2013-05-29'),(19366,'UPDATE mae_productos SET pro_margen_actual=0,pro_precio_venta=390 WHERE pro_codigo_plu=770075','',2,'2013-05-29'),(19367,'UPDATE mae_productos SET pro_margen_actual=0,pro_precio_venta=180 WHERE pro_codigo_plu=770077','',2,'2013-05-29'),(19368,'UPDATE mae_productos SET pro_margen_actual=0,pro_precio_venta=1100 WHERE pro_codigo_plu=770078','',2,'2013-05-29'),(19369,'UPDATE mae_productos SET pro_margen_actual=0,pro_precio_venta=1490 WHERE pro_codigo_plu=770079','',2,'2013-05-29'),(19370,'UPDATE mae_productos SET pro_margen_actual=0,pro_precio_venta=250 WHERE pro_codigo_plu=770076','',2,'2013-05-29'),(19371,'UPDATE mae_productos SET pro_margen_actual=0,pro_precio_venta=1690 WHERE pro_codigo_plu=770074','',2,'2013-05-29'),(19372,'UPDATE mae_productos SET pro_margen_actual=0,pro_precio_venta=1490 WHERE pro_codigo_plu=770083','',2,'2013-05-29'),(19373,'UPDATE mae_productos SET pro_margen_actual=0,pro_precio_venta=1890 WHERE pro_codigo_plu=770082','',2,'2013-05-29'),(19374,'UPDATE mae_productos SET pro_margen_actual=0,pro_precio_venta=1990 WHERE pro_codigo_plu=770081','',2,'2013-05-29'),(19375,'UPDATE mae_productos SET pro_margen_actual=0,pro_precio_venta=290 WHERE pro_codigo_plu=780220104','',2,'2013-05-29'),(19376,'UPDATE mae_productos SET pro_margen_actual=0,pro_precio_venta=490 WHERE pro_codigo_plu=770066','',2,'2013-05-29'),(19377,'UPDATE mae_productos SET pro_margen_actual=0,pro_precio_venta=490 WHERE pro_codigo_plu=770071','',2,'2013-05-29'),(19378,'UPDATE mae_productos SET pro_margen_actual=0,pro_precio_venta=650 WHERE pro_codigo_plu=770072','',2,'2013-05-29'),(19379,'UPDATE mae_productos SET pro_margen_actual=0,pro_precio_venta=690 WHERE pro_codigo_plu=770073','',2,'2013-05-29'),(19380,'UPDATE mae_productos SET pro_margen_actual=0,pro_precio_venta=380 WHERE pro_codigo_plu=770067','',2,'2013-05-29'),(19381,'UPDATE mae_productos SET pro_margen_actual=0,pro_precio_venta=30 WHERE pro_codigo_plu=770070','',2,'2013-05-29'),(19382,'UPDATE mae_productos SET pro_margen_actual=0,pro_precio_venta=150 WHERE pro_codigo_plu=780220107','',2,'2013-05-29'),(19383,'UPDATE mae_productos SET pro_margen_actual=0,pro_precio_venta=100 WHERE pro_codigo_plu=770065','',2,'2013-05-29'),(19384,'UPDATE mae_productos SET pro_margen_actual=0,pro_precio_venta=200 WHERE pro_codigo_plu=780220109','',2,'2013-05-29'),(19385,'UPDATE mae_productos SET pro_margen_actual=0,pro_precio_venta=450 WHERE pro_codigo_plu=780220103','',2,'2013-05-29'),(19386,'UPDATE mae_productos SET pro_margen_actual=0,pro_precio_venta=220 WHERE pro_codigo_plu=770069','',2,'2013-05-29'),(19387,'UPDATE mae_productos SET pro_margen_actual=0,pro_precio_venta=100 WHERE pro_codigo_plu=770063','',2,'2013-05-29'),(19388,'UPDATE mae_productos SET pro_margen_actual=0,pro_precio_venta=100 WHERE pro_codigo_plu=770062','',2,'2013-05-29'),(19389,'UPDATE mae_productos SET pro_margen_actual=0,pro_precio_venta=390 WHERE pro_codigo_plu=780220105','',2,'2013-05-29'),(19390,'UPDATE mae_productos SET pro_margen_actual=0,pro_precio_venta=290 WHERE pro_codigo_plu=780220106','',2,'2013-05-29'),(19391,'UPDATE mae_productos SET pro_margen_actual=0,pro_precio_venta=750 WHERE pro_codigo_plu=770068','',2,'2013-05-29'),(19392,'UPDATE mae_productos SET pro_precio_fiscal=pro_precio_venta WHERE pro_codigo_plu=780220105','',2,'2013-05-29'),(19393,'UPDATE mae_productos SET pro_precio_fiscal=pro_precio_venta WHERE pro_codigo_plu=780220103','',2,'2013-05-29'),(19394,'UPDATE mae_productos SET pro_precio_fiscal=pro_precio_venta WHERE pro_codigo_plu=780220104','',2,'2013-05-29'),(19395,'UPDATE mae_productos SET pro_precio_fiscal=pro_precio_venta WHERE pro_codigo_plu=780220107','',2,'2013-05-29'),(19396,'UPDATE mae_productos SET pro_precio_fiscal=pro_precio_venta WHERE pro_codigo_plu=770062','',2,'2013-05-29'),(19397,'UPDATE mae_productos SET pro_precio_fiscal=pro_precio_venta WHERE pro_codigo_plu=770063','',2,'2013-05-29'),(19398,'UPDATE mae_productos SET pro_precio_fiscal=pro_precio_venta WHERE pro_codigo_plu=770065','',2,'2013-05-29'),(19399,'UPDATE mae_productos SET pro_precio_fiscal=pro_precio_venta WHERE pro_codigo_plu=770066','',2,'2013-05-29'),(19400,'UPDATE mae_productos SET pro_precio_fiscal=pro_precio_venta WHERE pro_codigo_plu=770067','',2,'2013-05-29'),(19401,'UPDATE mae_productos SET pro_precio_fiscal=pro_precio_venta WHERE pro_codigo_plu=770068','',2,'2013-05-29'),(19402,'UPDATE mae_productos SET pro_precio_fiscal=pro_precio_venta WHERE pro_codigo_plu=770069','',2,'2013-05-29'),(19403,'UPDATE mae_productos SET pro_precio_fiscal=pro_precio_venta WHERE pro_codigo_plu=770070','',2,'2013-05-29'),(19404,'UPDATE mae_productos SET pro_precio_fiscal=pro_precio_venta WHERE pro_codigo_plu=770071','',2,'2013-05-29'),(19405,'UPDATE mae_productos SET pro_precio_fiscal=pro_precio_venta WHERE pro_codigo_plu=770072','',2,'2013-05-29'),(19406,'UPDATE mae_productos SET pro_precio_fiscal=pro_precio_venta WHERE pro_codigo_plu=770073','',2,'2013-05-29'),(19407,'UPDATE mae_productos SET pro_precio_fiscal=pro_precio_venta WHERE pro_codigo_plu=770074','',2,'2013-05-29'),(19408,'UPDATE mae_productos SET pro_precio_fiscal=pro_precio_venta WHERE pro_codigo_plu=770075','',2,'2013-05-29'),(19409,'UPDATE mae_productos SET pro_precio_fiscal=pro_precio_venta WHERE pro_codigo_plu=770076','',2,'2013-05-29'),(19410,'UPDATE mae_productos SET pro_precio_fiscal=pro_precio_venta WHERE pro_codigo_plu=770077','',2,'2013-05-29'),(19411,'UPDATE mae_productos SET pro_precio_fiscal=pro_precio_venta WHERE pro_codigo_plu=770078','',2,'2013-05-29'),(19412,'UPDATE mae_productos SET pro_precio_fiscal=pro_precio_venta WHERE pro_codigo_plu=770079','',2,'2013-05-29'),(19413,'UPDATE mae_productos SET pro_precio_fiscal=pro_precio_venta WHERE pro_codigo_plu=770080','',2,'2013-05-29'),(19414,'UPDATE mae_productos SET pro_precio_fiscal=pro_precio_venta WHERE pro_codigo_plu=770081','',2,'2013-05-29'),(19415,'UPDATE mae_productos SET pro_precio_fiscal=pro_precio_venta WHERE pro_codigo_plu=770082','',2,'2013-05-29'),(19416,'UPDATE mae_productos SET pro_precio_fiscal=pro_precio_venta WHERE pro_codigo_plu=770083','',2,'2013-05-29'),(19417,'UPDATE mae_productos SET pro_precio_fiscal=pro_precio_venta WHERE pro_codigo_plu=780220108','',2,'2013-05-29'),(19418,'UPDATE mae_productos SET pro_precio_fiscal=pro_precio_venta WHERE pro_codigo_plu=780220106','',2,'2013-05-29'),(19419,'UPDATE mae_productos SET pro_precio_fiscal=pro_precio_venta WHERE pro_codigo_plu=780220109','',2,'2013-05-29'),(19420,'INSERT INTO mae_productos (pro_codigo_plu,pro_codigo_barra,pro_tipo,pro_nombre_producto,pro_nombre_corto,med_id,emb_id,pro_unidades_embalaje,dep_id,lin_id,mar_id,pro_precio_compra_neto,pro_precio_compra_bruto,pro_precio_venta,pro_margen_actual,pro_oferta,pro_fecha_inicio_oferta,pro_fecha_termino_oferta,pro_precio_oferta,pro_stock_minimo,pro_stock_critico,pro_entradas_bodega,pro_salidas_bodega,pro_mermas_bodega,pro_ajustes_bodega,pro_entradas_sv,pro_salidas_sv,pro_mermas_sv,pro_ajustes_sv,pro_activo,rec_numero,pro_unidad,pro_capacidad,pro_consumo_bodega,pro_consumo_sv,pro_estado,pro_funcion_plu,pro_flejes,pro_iva,pro_plu_asociado,pro_envase,pro_duracion,pro_numero_etiqueta) VALUES (780220110,@@@6952938340793@@@,@@@0@@@,@@@CANDADO MUJER FEI_HUAN@@@,@@@CANDADO MUJER FE@@@,@@@1 @@@,@@@3 @@@,@@@0@@@,@@@2 @@@,@@@41@@@,@@@2507@@@,@@@0@@@,@@@0@@@,@@@1490@@@,@@@0@@@,@@@@@@,@@@2013.05.30@@@,@@@2013.05.30@@@,@@@0@@@,@@@0@@@,@@@0@@@,@@@0@@@,@@@0@@@,@@@0@@@,@@@0@@@,@@@0@@@,@@@0@@@,@@@0@@@,@@@0@@@,@@@1@@@,@@@0@@@,0,1,0,0,2,0,1,1,0,@@@NO@@@,0,0)','',2,'2013-05-29'),(19421,'DELETE FROM mae_impuestos_productos WHERE pro_codigo_plu=@@@780220110@@@','',2,'2013-05-29'),(19422,'UPDATE mae_productos SET pro_margen_actual=0,pro_precio_venta=1490 WHERE pro_codigo_plu=780220110','',2,'2013-05-29'),(19423,'UPDATE mae_productos SET pro_margen_actual=0,pro_precio_venta=230 WHERE pro_codigo_plu=590','',2,'2013-05-29'),(19424,'UPDATE mae_productos SET pro_precio_fiscal=pro_precio_venta WHERE pro_codigo_plu=590','',2,'2013-05-29'),(19425,'UPDATE mae_productos SET pro_precio_fiscal=pro_precio_venta WHERE pro_codigo_plu=780220110','',2,'2013-05-29'),(19426,'INSERT INTO mae_productos (pro_codigo_plu,pro_codigo_barra,pro_tipo,pro_nombre_producto,pro_nombre_corto,med_id,emb_id,pro_unidades_embalaje,dep_id,lin_id,mar_id,pro_precio_compra_neto,pro_precio_compra_bruto,pro_precio_venta,pro_margen_actual,pro_oferta,pro_fecha_inicio_oferta,pro_fecha_termino_oferta,pro_precio_oferta,pro_stock_minimo,pro_stock_critico,pro_entradas_bodega,pro_salidas_bodega,pro_mermas_bodega,pro_ajustes_bodega,pro_entradas_sv,pro_salidas_sv,pro_mermas_sv,pro_ajustes_sv,pro_activo,rec_numero,pro_unidad,pro_capacidad,pro_consumo_bodega,pro_consumo_sv,pro_estado,pro_funcion_plu,pro_flejes,pro_iva,pro_plu_asociado,pro_envase,pro_duracion,pro_numero_etiqueta) VALUES (770084,@@@770084@@@,@@@0@@@,@@@ENCHUFE HEMBRA @@@,@@@ENCHUFE HEMBRA @@@,@@@1 @@@,@@@3 @@@,@@@0@@@,@@@2 @@@,@@@41@@@,@@@2507@@@,@@@0@@@,@@@0@@@,@@@690@@@,@@@0@@@,@@@@@@,@@@2013.05.30@@@,@@@2013.05.30@@@,@@@0@@@,@@@0@@@,@@@0@@@,@@@0@@@,@@@0@@@,@@@0@@@,@@@0@@@,@@@0@@@,@@@0@@@,@@@0@@@,@@@0@@@,@@@1@@@,@@@0@@@,0,1,0,0,2,0,1,1,0,@@@NO@@@,0,0)','',2,'2013-05-29'),(19427,'DELETE FROM mae_impuestos_productos WHERE pro_codigo_plu=@@@770084@@@','',2,'2013-05-29'),(19428,'INSERT INTO mae_productos (pro_codigo_plu,pro_codigo_barra,pro_tipo,pro_nombre_producto,pro_nombre_corto,med_id,emb_id,pro_unidades_embalaje,dep_id,lin_id,mar_id,pro_precio_compra_neto,pro_precio_compra_bruto,pro_precio_venta,pro_margen_actual,pro_oferta,pro_fecha_inicio_oferta,pro_fecha_termino_oferta,pro_precio_oferta,pro_stock_minimo,pro_stock_critico,pro_entradas_bodega,pro_salidas_bodega,pro_mermas_bodega,pro_ajustes_bodega,pro_entradas_sv,pro_salidas_sv,pro_mermas_sv,pro_ajustes_sv,pro_activo,rec_numero,pro_unidad,pro_capacidad,pro_consumo_bodega,pro_consumo_sv,pro_estado,pro_funcion_plu,pro_flejes,pro_iva,pro_plu_asociado,pro_envase,pro_duracion,pro_numero_etiqueta) VALUES (770085,@@@770085@@@,@@@0@@@,@@@ENCHUFE MACHO@@@,@@@ENCHUFE MACHO@@@,@@@1 @@@,@@@3 @@@,@@@0@@@,@@@2 @@@,@@@41@@@,@@@2507@@@,@@@0@@@,@@@0@@@,@@@690@@@,@@@0@@@,@@@@@@,@@@2013.05.30@@@,@@@2013.05.30@@@,@@@0@@@,@@@0@@@,@@@0@@@,@@@0@@@,@@@0@@@,@@@0@@@,@@@0@@@,@@@0@@@,@@@0@@@,@@@0@@@,@@@0@@@,@@@1@@@,@@@0@@@,0,1,0,0,2,0,1,1,0,@@@NO@@@,0,0)','',2,'2013-05-29'),(19429,'DELETE FROM mae_impuestos_productos WHERE pro_codigo_plu=@@@770085@@@','',2,'2013-05-29'),(19430,'INSERT INTO mae_productos (pro_codigo_plu,pro_codigo_barra,pro_tipo,pro_nombre_producto,pro_nombre_corto,med_id,emb_id,pro_unidades_embalaje,dep_id,lin_id,mar_id,pro_precio_compra_neto,pro_precio_compra_bruto,pro_precio_venta,pro_margen_actual,pro_oferta,pro_fecha_inicio_oferta,pro_fecha_termino_oferta,pro_precio_oferta,pro_stock_minimo,pro_stock_critico,pro_entradas_bodega,pro_salidas_bodega,pro_mermas_bodega,pro_ajustes_bodega,pro_entradas_sv,pro_salidas_sv,pro_mermas_sv,pro_ajustes_sv,pro_activo,rec_numero,pro_unidad,pro_capacidad,pro_consumo_bodega,pro_consumo_sv,pro_estado,pro_funcion_plu,pro_flejes,pro_iva,pro_plu_asociado,pro_envase,pro_duracion,pro_numero_etiqueta) VALUES (770086,@@@770086@@@,@@@0@@@,@@@CANDADO L.E.O@@@,@@@CANDADO L.E.O@@@,@@@1 @@@,@@@3 @@@,@@@0@@@,@@@2 @@@,@@@41@@@,@@@2507@@@,@@@0@@@,@@@0@@@,@@@2290@@@,@@@0@@@,@@@@@@,@@@2013.05.30@@@,@@@2013.05.30@@@,@@@0@@@,@@@0@@@,@@@0@@@,@@@0@@@,@@@0@@@,@@@0@@@,@@@0@@@,@@@0@@@,@@@0@@@,@@@0@@@,@@@0@@@,@@@1@@@,@@@0@@@,0,1,0,0,2,0,1,1,0,@@@NO@@@,0,0)','',2,'2013-05-29'),(19431,'DELETE FROM mae_impuestos_productos WHERE pro_codigo_plu=@@@770086@@@','',2,'2013-05-29'),(19432,'INSERT INTO gne_vale_ferreteria (vfe_id,vfe_fecha,vfe_total,vfe_estado,vfe_entregado,usu_nusuario) VALUES (986,@@@2013.05.30@@@,330,1,0,@@@b_SAEZ@@@)','',2,'2013-05-29'),(19433,'INSERT INTO gne_vale_ferreteria_mov (vfe_id,pro_codigo_plu,vfm_cantidad,vfm_unitario,vfm_total,vfm_entregado) VALUES (986,764261,1,330,330,@@@NO@@@)','',2,'2013-05-29'),(19434,'INSERT INTO mae_productos (pro_codigo_plu,pro_codigo_barra,pro_tipo,pro_nombre_producto,pro_nombre_corto,med_id,emb_id,pro_unidades_embalaje,dep_id,lin_id,mar_id,pro_precio_compra_neto,pro_precio_compra_bruto,pro_precio_venta,pro_margen_actual,pro_oferta,pro_fecha_inicio_oferta,pro_fecha_termino_oferta,pro_precio_oferta,pro_stock_minimo,pro_stock_critico,pro_entradas_bodega,pro_salidas_bodega,pro_mermas_bodega,pro_ajustes_bodega,pro_entradas_sv,pro_salidas_sv,pro_mermas_sv,pro_ajustes_sv,pro_activo,rec_numero,pro_unidad,pro_capacidad,pro_consumo_bodega,pro_consumo_sv,pro_estado,pro_funcion_plu,pro_flejes,pro_iva,pro_plu_asociado,pro_envase,pro_duracion,pro_numero_etiqueta) VALUES (770087,@@@770087@@@,@@@0@@@,@@@CAJA DE PARCHES BICICLETA@@@,@@@CAJA DE PARCHES @@@,@@@1 @@@,@@@3 @@@,@@@0@@@,@@@2 @@@,@@@41@@@,@@@2507@@@,@@@0@@@,@@@0@@@,@@@990@@@,@@@0@@@,@@@@@@,@@@2013.05.30@@@,@@@2013.05.30@@@,@@@0@@@,@@@0@@@,@@@0@@@,@@@0@@@,@@@0@@@,@@@0@@@,@@@0@@@,@@@0@@@,@@@0@@@,@@@0@@@,@@@0@@@,@@@1@@@,@@@0@@@,0,1,0,0,2,0,1,1,0,@@@NO@@@,0,0)','',2,'2013-05-29'),(19435,'DELETE FROM mae_impuestos_productos WHERE pro_codigo_plu=@@@770087@@@','',2,'2013-05-29'),(19436,'INSERT INTO mae_productos (pro_codigo_plu,pro_codigo_barra,pro_tipo,pro_nombre_producto,pro_nombre_corto,med_id,emb_id,pro_unidades_embalaje,dep_id,lin_id,mar_id,pro_precio_compra_neto,pro_precio_compra_bruto,pro_precio_venta,pro_margen_actual,pro_oferta,pro_fecha_inicio_oferta,pro_fecha_termino_oferta,pro_precio_oferta,pro_stock_minimo,pro_stock_critico,pro_entradas_bodega,pro_salidas_bodega,pro_mermas_bodega,pro_ajustes_bodega,pro_entradas_sv,pro_salidas_sv,pro_mermas_sv,pro_ajustes_sv,pro_activo,rec_numero,pro_unidad,pro_capacidad,pro_consumo_bodega,pro_consumo_sv,pro_estado,pro_funcion_plu,pro_flejes,pro_iva,pro_plu_asociado,pro_envase,pro_duracion,pro_numero_etiqueta) VALUES (770088,@@@770088@@@,@@@0@@@,@@@PARCHE BICICLETA@@@,@@@PARCHE BICICLETA@@@,@@@1 @@@,@@@3 @@@,@@@0@@@,@@@2 @@@,@@@41@@@,@@@2507@@@,@@@0@@@,@@@0@@@,@@@70@@@,@@@0@@@,@@@@@@,@@@2013.05.30@@@,@@@2013.05.30@@@,@@@0@@@,@@@0@@@,@@@0@@@,@@@0@@@,@@@0@@@,@@@0@@@,@@@0@@@,@@@0@@@,@@@0@@@,@@@0@@@,@@@0@@@,@@@1@@@,@@@0@@@,0,1,0,0,2,0,1,1,0,@@@NO@@@,0,0)','',2,'2013-05-29'),(19437,'DELETE FROM mae_impuestos_productos WHERE pro_codigo_plu=@@@770088@@@','',2,'2013-05-29'),(19438,'UPDATE mae_productos SET pro_margen_actual=0,pro_precio_venta=990 WHERE pro_codigo_plu=770087','',2,'2013-05-29'),(19439,'UPDATE mae_productos SET pro_margen_actual=0,pro_precio_venta=2290 WHERE pro_codigo_plu=770086','',2,'2013-05-29'),(19440,'UPDATE mae_productos SET pro_margen_actual=0,pro_precio_venta=690 WHERE pro_codigo_plu=770084','',2,'2013-05-29'),(19441,'UPDATE mae_productos SET pro_margen_actual=0,pro_precio_venta=690 WHERE pro_codigo_plu=770085','',2,'2013-05-29'),(19442,'UPDATE mae_productos SET pro_margen_actual=0,pro_precio_venta=70 WHERE pro_codigo_plu=770088','',2,'2013-05-29'),(19443,'UPDATE mae_productos SET pro_margen_actual=0,pro_precio_venta=950 WHERE pro_codigo_plu=535','',2,'2013-05-29'),(19444,'UPDATE mae_productos SET pro_margen_actual=0,pro_precio_venta=799 WHERE pro_codigo_plu=576','',2,'2013-05-29'),(19445,'UPDATE mae_productos SET pro_margen_actual=0,pro_precio_venta=380 WHERE pro_codigo_plu=597','',2,'2013-05-29'),(19446,'UPDATE mae_productos SET pro_margen_actual=0,pro_precio_venta=390 WHERE pro_codigo_plu=610','',2,'2013-05-29'),(19447,'UPDATE mae_productos SET pro_precio_fiscal=pro_precio_venta WHERE pro_codigo_plu=535','',2,'2013-05-29'),(19448,'UPDATE mae_productos SET pro_precio_fiscal=pro_precio_venta WHERE pro_codigo_plu=597','',2,'2013-05-29'),(19449,'UPDATE mae_productos SET pro_precio_fiscal=pro_precio_venta WHERE pro_codigo_plu=610','',2,'2013-05-29'),(19450,'UPDATE mae_productos SET pro_precio_fiscal=pro_precio_venta WHERE pro_codigo_plu=770084','',2,'2013-05-29'),(19451,'UPDATE mae_productos SET pro_precio_fiscal=pro_precio_venta WHERE pro_codigo_plu=770085','',2,'2013-05-29'),(19452,'UPDATE mae_productos SET pro_precio_fiscal=pro_precio_venta WHERE pro_codigo_plu=770086','',2,'2013-05-29'),(19453,'UPDATE mae_productos SET pro_precio_fiscal=pro_precio_venta WHERE pro_codigo_plu=770087','',2,'2013-05-29'),(19454,'UPDATE mae_productos SET pro_precio_fiscal=pro_precio_venta WHERE pro_codigo_plu=770088','',2,'2013-05-29'),(19455,'INSERT INTO mae_productos (pro_codigo_plu,pro_codigo_barra,pro_tipo,pro_nombre_producto,pro_nombre_corto,med_id,emb_id,pro_unidades_embalaje,dep_id,lin_id,mar_id,pro_precio_compra_neto,pro_precio_compra_bruto,pro_precio_venta,pro_margen_actual,pro_oferta,pro_fecha_inicio_oferta,pro_fecha_termino_oferta,pro_precio_oferta,pro_stock_minimo,pro_stock_critico,pro_entradas_bodega,pro_salidas_bodega,pro_mermas_bodega,pro_ajustes_bodega,pro_entradas_sv,pro_salidas_sv,pro_mermas_sv,pro_ajustes_sv,pro_activo,rec_numero,pro_unidad,pro_capacidad,pro_consumo_bodega,pro_consumo_sv,pro_estado,pro_funcion_plu,pro_flejes,pro_iva,pro_plu_asociado,pro_envase,pro_duracion,pro_numero_etiqueta) VALUES (770089,@@@770089@@@,@@@0@@@,@@@RELOJ MURAL @@@,@@@RELOJ MURAL @@@,@@@1 @@@,@@@3 @@@,@@@0@@@,@@@38 @@@,@@@179@@@,@@@2507@@@,@@@0@@@,@@@0@@@,@@@5990@@@,@@@0@@@,@@@@@@,@@@2013.05.30@@@,@@@2013.05.30@@@,@@@0@@@,@@@0@@@,@@@0@@@,@@@0@@@,@@@0@@@,@@@0@@@,@@@0@@@,@@@0@@@,@@@0@@@,@@@0@@@,@@@0@@@,@@@1@@@,@@@0@@@,0,1,0,0,2,0,1,1,0,@@@NO@@@,0,0)','',2,'2013-05-29'),(19456,'DELETE FROM mae_impuestos_productos WHERE pro_codigo_plu=@@@770089@@@','',2,'2013-05-29'),(19457,'INSERT INTO mae_productos (pro_codigo_plu,pro_codigo_barra,pro_tipo,pro_nombre_producto,pro_nombre_corto,med_id,emb_id,pro_unidades_embalaje,dep_id,lin_id,mar_id,pro_precio_compra_neto,pro_precio_compra_bruto,pro_precio_venta,pro_margen_actual,pro_oferta,pro_fecha_inicio_oferta,pro_fecha_termino_oferta,pro_precio_oferta,pro_stock_minimo,pro_stock_critico,pro_entradas_bodega,pro_salidas_bodega,pro_mermas_bodega,pro_ajustes_bodega,pro_entradas_sv,pro_salidas_sv,pro_mermas_sv,pro_ajustes_sv,pro_activo,rec_numero,pro_unidad,pro_capacidad,pro_consumo_bodega,pro_consumo_sv,pro_estado,pro_funcion_plu,pro_flejes,pro_iva,pro_plu_asociado,pro_envase,pro_duracion,pro_numero_etiqueta) VALUES (770090,@@@770090@@@,@@@0@@@,@@@RELOJ MURAL MEDIANO@@@,@@@RELOJ MURAL MEDI@@@,@@@1 @@@,@@@3 @@@,@@@0@@@,@@@38 @@@,@@@179@@@,@@@2507@@@,@@@0@@@,@@@0@@@,@@@3990@@@,@@@0@@@,@@@@@@,@@@2013.05.30@@@,@@@2013.05.30@@@,@@@0@@@,@@@0@@@,@@@0@@@,@@@0@@@,@@@0@@@,@@@0@@@,@@@0@@@,@@@0@@@,@@@0@@@,@@@0@@@,@@@0@@@,@@@1@@@,@@@0@@@,0,1,0,0,2,0,1,1,0,@@@NO@@@,0,0)','',2,'2013-05-29'),(19458,'DELETE FROM mae_impuestos_productos WHERE pro_codigo_plu=@@@770090@@@','',2,'2013-05-29'),(19459,'INSERT INTO gne_vale_ferreteria (vfe_id,vfe_fecha,vfe_total,vfe_estado,vfe_entregado,usu_nusuario) VALUES (987,@@@2013.05.30@@@,840,1,0,@@@b_SAEZ@@@)','',2,'2013-05-30'),(19460,'INSERT INTO gne_vale_ferreteria_mov (vfe_id,pro_codigo_plu,vfm_cantidad,vfm_unitario,vfm_total,vfm_entregado) VALUES (987,11670,1,840,840,@@@NO@@@)','',2,'2013-05-30'),(19461,'INSERT INTO mae_productos (pro_codigo_plu,pro_codigo_barra,pro_tipo,pro_nombre_producto,pro_nombre_corto,med_id,emb_id,pro_unidades_embalaje,dep_id,lin_id,mar_id,pro_precio_compra_neto,pro_precio_compra_bruto,pro_precio_venta,pro_margen_actual,pro_oferta,pro_fecha_inicio_oferta,pro_fecha_termino_oferta,pro_precio_oferta,pro_stock_minimo,pro_stock_critico,pro_entradas_bodega,pro_salidas_bodega,pro_mermas_bodega,pro_ajustes_bodega,pro_entradas_sv,pro_salidas_sv,pro_mermas_sv,pro_ajustes_sv,pro_activo,rec_numero,pro_unidad,pro_capacidad,pro_consumo_bodega,pro_consumo_sv,pro_estado,pro_funcion_plu,pro_flejes,pro_iva,pro_plu_asociado,pro_envase,pro_duracion,pro_numero_etiqueta) VALUES (770095,@@@770095@@@,@@@0@@@,@@@BOLSO DE REGALO GRANDE@@@,@@@BOLSO DE REGALO @@@,@@@1 @@@,@@@3 @@@,@@@0@@@,@@@24 @@@,@@@177@@@,@@@2507@@@,@@@0@@@,@@@0@@@,@@@850@@@,@@@0@@@,@@@@@@,@@@2013.05.30@@@,@@@2013.05.30@@@,@@@0@@@,@@@0@@@,@@@0@@@,@@@0@@@,@@@0@@@,@@@0@@@,@@@0@@@,@@@0@@@,@@@0@@@,@@@0@@@,@@@0@@@,@@@1@@@,@@@0@@@,0,1,0,0,2,0,1,1,0,@@@NO@@@,0,0)','',2,'2013-05-30'),(19462,'DELETE FROM mae_impuestos_productos WHERE pro_codigo_plu=@@@770095@@@','',2,'2013-05-30'),(19463,'UPDATE mae_productos SET pro_margen_actual=0,pro_precio_venta=850 WHERE pro_codigo_plu=770095','',2,'2013-05-30'),(19464,'UPDATE mae_productos SET pro_margen_actual=0,pro_precio_venta=5990 WHERE pro_codigo_plu=770089','',2,'2013-05-30'),(19465,'UPDATE mae_productos SET pro_margen_actual=0,pro_precio_venta=3990 WHERE pro_codigo_plu=770090','',2,'2013-05-30'),(19466,'UPDATE mae_productos SET pro_precio_fiscal=pro_precio_venta WHERE pro_codigo_plu=770089','',2,'2013-05-30'),(19467,'UPDATE mae_productos SET pro_precio_fiscal=pro_precio_venta WHERE pro_codigo_plu=770090','',2,'2013-05-30'),(19468,'UPDATE mae_productos SET pro_precio_fiscal=pro_precio_venta WHERE pro_codigo_plu=770095','',2,'2013-05-30'),(19469,'INSERT INTO mae_productos (pro_codigo_plu,pro_codigo_barra,pro_tipo,pro_nombre_producto,pro_nombre_corto,med_id,emb_id,pro_unidades_embalaje,dep_id,lin_id,mar_id,pro_precio_compra_neto,pro_precio_compra_bruto,pro_precio_venta,pro_margen_actual,pro_oferta,pro_fecha_inicio_oferta,pro_fecha_termino_oferta,pro_precio_oferta,pro_stock_minimo,pro_stock_critico,pro_entradas_bodega,pro_salidas_bodega,pro_mermas_bodega,pro_ajustes_bodega,pro_entradas_sv,pro_salidas_sv,pro_mermas_sv,pro_ajustes_sv,pro_activo,rec_numero,pro_unidad,pro_capacidad,pro_consumo_bodega,pro_consumo_sv,pro_estado,pro_funcion_plu,pro_flejes,pro_iva,pro_plu_asociado,pro_envase,pro_duracion,pro_numero_etiqueta) VALUES (770091,@@@770091@@@,@@@0@@@,@@@BOLSO REGALO@@@,@@@BOLSO REGALO@@@,@@@1 @@@,@@@3 @@@,@@@0@@@,@@@24 @@@,@@@177@@@,@@@2507@@@,@@@0@@@,@@@0@@@,@@@690@@@,@@@0@@@,@@@@@@,@@@2013.05.30@@@,@@@2013.05.30@@@,@@@0@@@,@@@0@@@,@@@0@@@,@@@0@@@,@@@0@@@,@@@0@@@,@@@0@@@,@@@0@@@,@@@0@@@,@@@0@@@,@@@0@@@,@@@1@@@,@@@0@@@,0,1,0,0,2,0,1,1,0,@@@NO@@@,0,0)','',2,'2013-05-30'),(19470,'DELETE FROM mae_impuestos_productos WHERE pro_codigo_plu=@@@770091@@@','',2,'2013-05-30'),(19471,'INSERT INTO mae_productos (pro_codigo_plu,pro_codigo_barra,pro_tipo,pro_nombre_producto,pro_nombre_corto,med_id,emb_id,pro_unidades_embalaje,dep_id,lin_id,mar_id,pro_precio_compra_neto,pro_precio_compra_bruto,pro_precio_venta,pro_margen_actual,pro_oferta,pro_fecha_inicio_oferta,pro_fecha_termino_oferta,pro_precio_oferta,pro_stock_minimo,pro_stock_critico,pro_entradas_bodega,pro_salidas_bodega,pro_mermas_bodega,pro_ajustes_bodega,pro_entradas_sv,pro_salidas_sv,pro_mermas_sv,pro_ajustes_sv,pro_activo,rec_numero,pro_unidad,pro_capacidad,pro_consumo_bodega,pro_consumo_sv,pro_estado,pro_funcion_plu,pro_flejes,pro_iva,pro_plu_asociado,pro_envase,pro_duracion,pro_numero_etiqueta) VALUES (770092,@@@770092@@@,@@@0@@@,@@@BOLSA DE REGALO@@@,@@@BOLSA DE REGALO@@@,@@@1 @@@,@@@3 @@@,@@@0@@@,@@@24 @@@,@@@177@@@,@@@2507@@@,@@@0@@@,@@@0@@@,@@@590@@@,@@@0@@@,@@@@@@,@@@2013.05.30@@@,@@@2013.05.30@@@,@@@0@@@,@@@0@@@,@@@0@@@,@@@0@@@,@@@0@@@,@@@0@@@,@@@0@@@,@@@0@@@,@@@0@@@,@@@0@@@,@@@0@@@,@@@1@@@,@@@0@@@,0,1,0,0,2,0,1,1,0,@@@NO@@@,0,0)','',2,'2013-05-30'),(19472,'DELETE FROM mae_impuestos_productos WHERE pro_codigo_plu=@@@770092@@@','',2,'2013-05-30'),(19473,'INSERT INTO gne_vale_ferreteria (vfe_id,vfe_fecha,vfe_total,vfe_estado,vfe_entregado,usu_nusuario) VALUES (988,@@@2013.05.30@@@,890,1,0,@@@b_SAEZ@@@)','',2,'2013-05-30'),(19474,'INSERT INTO gne_vale_ferreteria_mov (vfe_id,pro_codigo_plu,vfm_cantidad,vfm_unitario,vfm_total,vfm_entregado) VALUES (988,763610,1,890,890,@@@NO@@@)','',2,'2013-05-30'),(19475,'INSERT INTO gne_vale_ferreteria (vfe_id,vfe_fecha,vfe_total,vfe_estado,vfe_entregado,usu_nusuario) VALUES (989,@@@2013.05.30@@@,730,1,0,@@@b_SAEZ@@@)','',2,'2013-05-30'),(19476,'INSERT INTO gne_vale_ferreteria_mov (vfe_id,pro_codigo_plu,vfm_cantidad,vfm_unitario,vfm_total,vfm_entregado) VALUES (989,78017007,4,100,400,@@@NO@@@)','',2,'2013-05-30'),(19477,'INSERT INTO gne_vale_ferreteria_mov (vfe_id,pro_codigo_plu,vfm_cantidad,vfm_unitario,vfm_total,vfm_entregado) VALUES (989,763588,1,330,330,@@@NO@@@)','',2,'2013-05-30'),(19478,'INSERT INTO gne_vale_ferreteria (vfe_id,vfe_fecha,vfe_total,vfe_estado,vfe_entregado,usu_nusuario) VALUES (990,@@@2013.05.30@@@,390,1,0,@@@b_SAEZ@@@)','',2,'2013-05-30'),(19479,'INSERT INTO gne_vale_ferreteria_mov (vfe_id,pro_codigo_plu,vfm_cantidad,vfm_unitario,vfm_total,vfm_entregado) VALUES (990,78017020,1,390,390,@@@NO@@@)','',2,'2013-05-30'),(19480,'UPDATE mae_productos SET pro_margen_actual=0,pro_precio_venta=590 WHERE pro_codigo_plu=770092','',2,'2013-05-30'),(19481,'UPDATE mae_productos SET pro_margen_actual=0,pro_precio_venta=690 WHERE pro_codigo_plu=770091','',2,'2013-05-30'),(19482,'UPDATE mae_productos SET pro_margen_actual=0,pro_precio_venta=720 WHERE pro_codigo_plu=8829','',2,'2013-05-30'),(19483,'UPDATE mae_productos SET pro_margen_actual=0,pro_precio_venta=720 WHERE pro_codigo_plu=8829','',2,'2013-05-30'),(19484,'UPDATE mae_productos SET pro_margen_actual=0,pro_precio_venta=720 WHERE pro_codigo_plu=762256','',2,'2013-05-30'),(19485,'UPDATE mae_productos SET pro_margen_actual=0,pro_precio_venta=720 WHERE pro_codigo_plu=763940','',2,'2013-05-30'),(19486,'UPDATE mae_productos SET pro_margen_actual=0,pro_precio_venta=720 WHERE pro_codigo_plu=762256','',2,'2013-05-30'),(19487,'UPDATE mae_productos SET pro_margen_actual=0,pro_precio_venta=720 WHERE pro_codigo_plu=763940','',2,'2013-05-30'),(19488,'UPDATE mae_productos SET pro_margen_actual=0,pro_precio_venta=720 WHERE pro_codigo_plu=762256','',2,'2013-05-30'),(19489,'UPDATE mae_productos SET pro_margen_actual=0,pro_precio_venta=720 WHERE pro_codigo_plu=1454','',2,'2013-05-30'),(19490,'UPDATE mae_productos SET pro_margen_actual=0,pro_precio_venta=720 WHERE pro_codigo_plu=8829','',2,'2013-05-30'),(19491,'UPDATE mae_productos SET pro_margen_actual=0,pro_precio_venta=720 WHERE pro_codigo_plu=8829','',2,'2013-05-30'),(19492,'UPDATE mae_productos SET pro_margen_actual=0,pro_precio_venta=720 WHERE pro_codigo_plu=8829','',2,'2013-05-30'),(19493,'UPDATE mae_productos SET pro_margen_actual=0,pro_precio_venta=720 WHERE pro_codigo_plu=10720','',2,'2013-05-30'),(19494,'UPDATE mae_productos SET pro_margen_actual=0,pro_precio_venta=720 WHERE pro_codigo_plu=10720','',2,'2013-05-30'),(19495,'UPDATE mae_productos SET pro_margen_actual=0,pro_precio_venta=720 WHERE pro_codigo_plu=763933','',2,'2013-05-30'),(19496,'UPDATE mae_productos SET pro_margen_actual=0,pro_precio_venta=450 WHERE pro_codigo_plu=1046','',2,'2013-05-30'),(19497,'UPDATE mae_productos SET pro_margen_actual=0,pro_precio_venta=720 WHERE pro_codigo_plu=763935','',2,'2013-05-30'),(19498,'UPDATE mae_productos SET pro_margen_actual=0,pro_precio_venta=1390 WHERE pro_codigo_plu=763916','',2,'2013-05-30'),(19499,'UPDATE mae_productos SET pro_margen_actual=0,pro_precio_venta=1390 WHERE pro_codigo_plu=763922','',2,'2013-05-30'),(19500,'UPDATE mae_productos SET pro_margen_actual=0,pro_precio_venta=495 WHERE pro_codigo_plu=763937','',2,'2013-05-30'),(19501,'UPDATE mae_productos SET pro_margen_actual=0,pro_precio_venta=720 WHERE pro_codigo_plu=78017050','',2,'2013-05-30'),(19502,'UPDATE mae_productos SET pro_margen_actual=0,pro_precio_venta=720 WHERE pro_codigo_plu=10159','',2,'2013-05-30'),(19503,'UPDATE mae_productos SET pro_margen_actual=0,pro_precio_venta=720 WHERE pro_codigo_plu=78017050','',2,'2013-05-30'),(19504,'UPDATE mae_productos SET pro_margen_actual=0,pro_precio_venta=720 WHERE pro_codigo_plu=1079','',2,'2013-05-30'),(19505,'UPDATE mae_productos SET pro_margen_actual=0,pro_precio_venta=720 WHERE pro_codigo_plu=762250','',2,'2013-05-30'),(19506,'UPDATE mae_productos SET pro_margen_actual=0,pro_precio_venta=350 WHERE pro_codigo_plu=538','',2,'2013-05-30'),(19507,'UPDATE mae_productos SET pro_precio_fiscal=pro_precio_venta WHERE pro_codigo_plu=770091','',2,'2013-05-30'),(19508,'UPDATE mae_productos SET pro_precio_fiscal=pro_precio_venta WHERE pro_codigo_plu=770092','',2,'2013-05-30'),(19509,'UPDATE mae_productos SET pro_precio_fiscal=pro_precio_venta WHERE pro_codigo_plu=763940','',2,'2013-05-30'),(19510,'UPDATE mae_productos SET pro_precio_fiscal=pro_precio_venta WHERE pro_codigo_plu=762250','',2,'2013-05-30'),(19511,'UPDATE mae_productos SET pro_precio_fiscal=pro_precio_venta WHERE pro_codigo_plu=8829','',2,'2013-05-30'),(19512,'UPDATE mae_productos SET pro_precio_fiscal=pro_precio_venta WHERE pro_codigo_plu=10159','',2,'2013-05-30'),(19513,'INSERT INTO gne_vale_ferreteria (vfe_id,vfe_fecha,vfe_total,vfe_estado,vfe_entregado,usu_nusuario) VALUES (991,@@@2013.05.30@@@,500,1,0,@@@b_SAEZ@@@)','',2,'2013-05-30'),(19514,'INSERT INTO gne_vale_ferreteria_mov (vfe_id,pro_codigo_plu,vfm_cantidad,vfm_unitario,vfm_total,vfm_entregado) VALUES (991,1070,2,250,500,@@@NO@@@)','',2,'2013-05-30'),(19515,'INSERT INTO gne_vale_ferreteria (vfe_id,vfe_fecha,vfe_total,vfe_estado,vfe_entregado,usu_nusuario) VALUES (992,@@@2013.05.30@@@,80,1,0,@@@G_DIAZ@@@)','',2,'2013-05-30'),(19516,'INSERT INTO gne_vale_ferreteria_mov (vfe_id,pro_codigo_plu,vfm_cantidad,vfm_unitario,vfm_total,vfm_entregado) VALUES (992,78017191,2,40,80,@@@NO@@@)','',2,'2013-05-30'),(19517,'INSERT INTO gne_vale_ferreteria (vfe_id,vfe_fecha,vfe_total,vfe_estado,vfe_entregado,usu_nusuario) VALUES (993,@@@2013.05.30@@@,1980,1,0,@@@G_DIAZ@@@)','',2,'2013-05-30'),(19518,'INSERT INTO gne_vale_ferreteria_mov (vfe_id,pro_codigo_plu,vfm_cantidad,vfm_unitario,vfm_total,vfm_entregado) VALUES (993,11670,2,840,1680,@@@NO@@@)','',2,'2013-05-30'),(19519,'INSERT INTO gne_vale_ferreteria_mov (vfe_id,pro_codigo_plu,vfm_cantidad,vfm_unitario,vfm_total,vfm_entregado) VALUES (993,1540,1,300,300,@@@NO@@@)','',2,'2013-05-30'),(19520,'INSERT INTO gne_vale_ferreteria (vfe_id,vfe_fecha,vfe_total,vfe_estado,vfe_entregado,usu_nusuario) VALUES (994,@@@2013.05.30@@@,495,1,0,@@@G_DIAZ@@@)','',2,'2013-05-30'),(19521,'INSERT INTO gne_vale_ferreteria_mov (vfe_id,pro_codigo_plu,vfm_cantidad,vfm_unitario,vfm_total,vfm_entregado) VALUES (994,11218,1,495,495,@@@NO@@@)','',2,'2013-05-30'),(19522,'INSERT INTO gne_vale_ferreteria (vfe_id,vfe_fecha,vfe_total,vfe_estado,vfe_entregado,usu_nusuario) VALUES (995,@@@2013.05.30@@@,620,1,0,@@@G_DIAZ@@@)','',2,'2013-05-30'),(19523,'INSERT INTO gne_vale_ferreteria_mov (vfe_id,pro_codigo_plu,vfm_cantidad,vfm_unitario,vfm_total,vfm_entregado) VALUES (995,21116,1,620,620,@@@NO@@@)','',2,'2013-05-30'),(19524,'INSERT INTO gne_vale_ferreteria (vfe_id,vfe_fecha,vfe_total,vfe_estado,vfe_entregado,usu_nusuario) VALUES (996,@@@2013.05.30@@@,510,1,0,@@@G_DIAZ@@@)','',2,'2013-05-30'),(19525,'INSERT INTO gne_vale_ferreteria_mov (vfe_id,pro_codigo_plu,vfm_cantidad,vfm_unitario,vfm_total,vfm_entregado) VALUES (996,78017177,1,390,390,@@@NO@@@)','',2,'2013-05-30'),(19526,'INSERT INTO gne_vale_ferreteria_mov (vfe_id,pro_codigo_plu,vfm_cantidad,vfm_unitario,vfm_total,vfm_entregado) VALUES (996,8022,1,120,120,@@@NO@@@)','',2,'2013-05-30'),(19527,'INSERT INTO gne_vale_ferreteria (vfe_id,vfe_fecha,vfe_total,vfe_estado,vfe_entregado,usu_nusuario) VALUES (997,@@@2013.05.30@@@,120,1,0,@@@G_DIAZ@@@)','',2,'2013-05-30'),(19528,'INSERT INTO gne_vale_ferreteria_mov (vfe_id,pro_codigo_plu,vfm_cantidad,vfm_unitario,vfm_total,vfm_entregado) VALUES (997,8022,1,120,120,@@@NO@@@)','',2,'2013-05-30'),(19529,'INSERT INTO gne_vale_ferreteria (vfe_id,vfe_fecha,vfe_total,vfe_estado,vfe_entregado,usu_nusuario) VALUES (998,@@@2013.05.30@@@,1390,1,0,@@@G_DIAZ@@@)','',2,'2013-05-30'),(19530,'INSERT INTO gne_vale_ferreteria_mov (vfe_id,pro_codigo_plu,vfm_cantidad,vfm_unitario,vfm_total,vfm_entregado) VALUES (998,15668,1,1390,1390,@@@NO@@@)','',2,'2013-05-30'),(19531,'INSERT INTO gne_vale_ferreteria (vfe_id,vfe_fecha,vfe_total,vfe_estado,vfe_entregado,usu_nusuario) VALUES (999,@@@2013.05.30@@@,140,1,0,@@@G_DIAZ@@@)','',2,'2013-05-30'),(19532,'INSERT INTO gne_vale_ferreteria_mov (vfe_id,pro_codigo_plu,vfm_cantidad,vfm_unitario,vfm_total,vfm_entregado) VALUES (999,78016966,7,20,140,@@@NO@@@)','',2,'2013-05-30'),(19533,'INSERT INTO gne_vale_ferreteria (vfe_id,vfe_fecha,vfe_total,vfe_estado,vfe_entregado,usu_nusuario) VALUES (1000,@@@2013.05.30@@@,670,1,0,@@@G_DIAZ@@@)','',2,'2013-05-30'),(19534,'INSERT INTO gne_vale_ferreteria_mov (vfe_id,pro_codigo_plu,vfm_cantidad,vfm_unitario,vfm_total,vfm_entregado) VALUES (1000,8022,1,120,120,@@@NO@@@)','',2,'2013-05-30'),(19535,'INSERT INTO gne_vale_ferreteria_mov (vfe_id,pro_codigo_plu,vfm_cantidad,vfm_unitario,vfm_total,vfm_entregado) VALUES (1000,763582,1,550,550,@@@NO@@@)','',2,'2013-05-30'),(19536,'INSERT INTO gne_vale_ferreteria (vfe_id,vfe_fecha,vfe_total,vfe_estado,vfe_entregado,usu_nusuario) VALUES (1001,@@@2013.05.30@@@,1600,1,0,@@@G_DIAZ@@@)','',2,'2013-05-30'),(19537,'INSERT INTO gne_vale_ferreteria_mov (vfe_id,pro_codigo_plu,vfm_cantidad,vfm_unitario,vfm_total,vfm_entregado) VALUES (1001,763582,2,550,1100,@@@NO@@@)','',2,'2013-05-30'),(19538,'INSERT INTO gne_vale_ferreteria_mov (vfe_id,pro_codigo_plu,vfm_cantidad,vfm_unitario,vfm_total,vfm_entregado) VALUES (1001,78016996,1,230,230,@@@NO@@@)','',2,'2013-05-30'),(19539,'INSERT INTO gne_vale_ferreteria_mov (vfe_id,pro_codigo_plu,vfm_cantidad,vfm_unitario,vfm_total,vfm_entregado) VALUES (1001,78016991,1,270,270,@@@NO@@@)','',2,'2013-05-30'),(19540,'INSERT INTO gne_vale_ferreteria (vfe_id,vfe_fecha,vfe_total,vfe_estado,vfe_entregado,usu_nusuario) VALUES (1002,@@@2013.05.30@@@,1490,1,0,@@@G_DIAZ@@@)','',2,'2013-05-30'),(19541,'INSERT INTO gne_vale_ferreteria_mov (vfe_id,pro_codigo_plu,vfm_cantidad,vfm_unitario,vfm_total,vfm_entregado) VALUES (1002,764634,1,1490,1490,@@@NO@@@)','',2,'2013-05-30'),(19542,'INSERT INTO gne_vale_ferreteria (vfe_id,vfe_fecha,vfe_total,vfe_estado,vfe_entregado,usu_nusuario) VALUES (1003,@@@2013.05.30@@@,330,1,0,@@@G_DIAZ@@@)','',2,'2013-05-30'),(19543,'INSERT INTO gne_vale_ferreteria_mov (vfe_id,pro_codigo_plu,vfm_cantidad,vfm_unitario,vfm_total,vfm_entregado) VALUES (1003,764507,1,330,330,@@@NO@@@)','',2,'2013-05-30'),(19544,'INSERT INTO gne_vale_ferreteria (vfe_id,vfe_fecha,vfe_total,vfe_estado,vfe_entregado,usu_nusuario) VALUES (1004,@@@2013.05.30@@@,420,1,0,@@@G_DIAZ@@@)','',2,'2013-05-30'),(19545,'INSERT INTO gne_vale_ferreteria_mov (vfe_id,pro_codigo_plu,vfm_cantidad,vfm_unitario,vfm_total,vfm_entregado) VALUES (1004,8022,1,120,120,@@@NO@@@)','',2,'2013-05-30'),(19546,'INSERT INTO gne_vale_ferreteria_mov (vfe_id,pro_codigo_plu,vfm_cantidad,vfm_unitario,vfm_total,vfm_entregado) VALUES (1004,764159,3,100,300,@@@NO@@@)','',2,'2013-05-30'),(19547,'INSERT INTO gne_vale_ferreteria (vfe_id,vfe_fecha,vfe_total,vfe_estado,vfe_entregado,usu_nusuario) VALUES (1005,@@@2013.05.30@@@,390,1,0,@@@G_DIAZ@@@)','',2,'2013-05-30'),(19548,'INSERT INTO gne_vale_ferreteria_mov (vfe_id,pro_codigo_plu,vfm_cantidad,vfm_unitario,vfm_total,vfm_entregado) VALUES (1005,78017177,1,390,390,@@@NO@@@)','',2,'2013-05-30'),(19549,'INSERT INTO gne_vale_ferreteria (vfe_id,vfe_fecha,vfe_total,vfe_estado,vfe_entregado,usu_nusuario) VALUES (1006,@@@2013.05.30@@@,100,1,0,@@@G_DIAZ@@@)','',2,'2013-05-30'),(19550,'INSERT INTO gne_vale_ferreteria_mov (vfe_id,pro_codigo_plu,vfm_cantidad,vfm_unitario,vfm_total,vfm_entregado) VALUES (1006,78017027,2,50,100,@@@NO@@@)','',2,'2013-05-30'),(19551,'INSERT INTO gne_vale_ferreteria (vfe_id,vfe_fecha,vfe_total,vfe_estado,vfe_entregado,usu_nusuario) VALUES (1007,@@@2013.05.30@@@,220,1,0,@@@G_DIAZ@@@)','',2,'2013-05-30'),(19552,'INSERT INTO gne_vale_ferreteria_mov (vfe_id,pro_codigo_plu,vfm_cantidad,vfm_unitario,vfm_total,vfm_entregado) VALUES (1007,78017027,2,50,100,@@@NO@@@)','',2,'2013-05-30'),(19553,'INSERT INTO gne_vale_ferreteria_mov (vfe_id,pro_codigo_plu,vfm_cantidad,vfm_unitario,vfm_total,vfm_entregado) VALUES (1007,764766,1,120,120,@@@NO@@@)','',2,'2013-05-30'),(19554,'INSERT INTO gne_vale_ferreteria (vfe_id,vfe_fecha,vfe_total,vfe_estado,vfe_entregado,usu_nusuario) VALUES (1008,@@@2013.05.30@@@,3580,1,0,@@@G_DIAZ@@@)','',2,'2013-05-30'),(19555,'INSERT INTO gne_vale_ferreteria_mov (vfe_id,pro_codigo_plu,vfm_cantidad,vfm_unitario,vfm_total,vfm_entregado) VALUES (1008,20516,1,1890,1890,@@@NO@@@)','',2,'2013-05-30'),(19556,'INSERT INTO gne_vale_ferreteria_mov (vfe_id,pro_codigo_plu,vfm_cantidad,vfm_unitario,vfm_total,vfm_entregado) VALUES (1008,20476,1,1690,1690,@@@NO@@@)','',2,'2013-05-30'),(19557,'INSERT INTO gne_vale_ferreteria (vfe_id,vfe_fecha,vfe_total,vfe_estado,vfe_entregado,usu_nusuario) VALUES (1009,@@@2013.05.30@@@,330,1,0,@@@G_DIAZ@@@)','',2,'2013-05-30'),(19558,'INSERT INTO gne_vale_ferreteria_mov (vfe_id,pro_codigo_plu,vfm_cantidad,vfm_unitario,vfm_total,vfm_entregado) VALUES (1009,19918,1,330,330,@@@NO@@@)','',2,'2013-05-30'),(19559,'INSERT INTO gne_vale_ferreteria (vfe_id,vfe_fecha,vfe_total,vfe_estado,vfe_entregado,usu_nusuario) VALUES (1010,@@@2013.05.30@@@,2890,1,0,@@@G_DIAZ@@@)','',2,'2013-05-30'),(19560,'INSERT INTO gne_vale_ferreteria_mov (vfe_id,pro_codigo_plu,vfm_cantidad,vfm_unitario,vfm_total,vfm_entregado) VALUES (1010,19866,1,680,680,@@@NO@@@)','',2,'2013-05-30'),(19561,'INSERT INTO gne_vale_ferreteria_mov (vfe_id,pro_codigo_plu,vfm_cantidad,vfm_unitario,vfm_total,vfm_entregado) VALUES (1010,18640,1,1490,1490,@@@NO@@@)','',2,'2013-05-30'),(19562,'INSERT INTO gne_vale_ferreteria_mov (vfe_id,pro_codigo_plu,vfm_cantidad,vfm_unitario,vfm_total,vfm_entregado) VALUES (1010,19918,1,330,330,@@@NO@@@)','',2,'2013-05-30'),(19563,'INSERT INTO gne_vale_ferreteria_mov (vfe_id,pro_codigo_plu,vfm_cantidad,vfm_unitario,vfm_total,vfm_entregado) VALUES (1010,764285,1,390,390,@@@NO@@@)','',2,'2013-05-30'),(19564,'INSERT INTO gne_vale_ferreteria (vfe_id,vfe_fecha,vfe_total,vfe_estado,vfe_entregado,usu_nusuario) VALUES (1011,@@@2013.05.30@@@,2260,1,0,@@@G_DIAZ@@@)','',2,'2013-05-30'),(19565,'INSERT INTO gne_vale_ferreteria_mov (vfe_id,pro_codigo_plu,vfm_cantidad,vfm_unitario,vfm_total,vfm_entregado) VALUES (1011,1064,3,120,360,@@@NO@@@)','',2,'2013-05-30'),(19566,'INSERT INTO gne_vale_ferreteria_mov (vfe_id,pro_codigo_plu,vfm_cantidad,vfm_unitario,vfm_total,vfm_entregado) VALUES (1011,78017204,3,120,360,@@@NO@@@)','',2,'2013-05-30'),(19567,'INSERT INTO gne_vale_ferreteria_mov (vfe_id,pro_codigo_plu,vfm_cantidad,vfm_unitario,vfm_total,vfm_entregado) VALUES (1011,763623,1,790,790,@@@NO@@@)','',2,'2013-05-30'),(19568,'INSERT INTO gne_vale_ferreteria_mov (vfe_id,pro_codigo_plu,vfm_cantidad,vfm_unitario,vfm_total,vfm_entregado) VALUES (1011,764780,4,60,240,@@@NO@@@)','',2,'2013-05-30'),(19569,'INSERT INTO gne_vale_ferreteria_mov (vfe_id,pro_codigo_plu,vfm_cantidad,vfm_unitario,vfm_total,vfm_entregado) VALUES (1011,764768,1,220,220,@@@NO@@@)','',2,'2013-05-30'),(19570,'INSERT INTO gne_vale_ferreteria_mov (vfe_id,pro_codigo_plu,vfm_cantidad,vfm_unitario,vfm_total,vfm_entregado) VALUES (1011,1559,1,290,290,@@@NO@@@)','',2,'2013-05-30'),(19571,'INSERT INTO gne_vale_ferreteria (vfe_id,vfe_fecha,vfe_total,vfe_estado,vfe_entregado,usu_nusuario) VALUES (1012,@@@2013.05.30@@@,830,1,0,@@@G_DIAZ@@@)','',2,'2013-05-30'),(19572,'INSERT INTO gne_vale_ferreteria_mov (vfe_id,pro_codigo_plu,vfm_cantidad,vfm_unitario,vfm_total,vfm_entregado) VALUES (1012,763626,1,830,830,@@@NO@@@)','',2,'2013-05-30'),(19573,'INSERT INTO gne_vale_ferreteria (vfe_id,vfe_fecha,vfe_total,vfe_estado,vfe_entregado,usu_nusuario) VALUES (1013,@@@2013.05.30@@@,380,1,0,@@@G_DIAZ@@@)','',2,'2013-05-30'),(19574,'INSERT INTO gne_vale_ferreteria_mov (vfe_id,pro_codigo_plu,vfm_cantidad,vfm_unitario,vfm_total,vfm_entregado) VALUES (1013,8022,1,120,120,@@@NO@@@)','',2,'2013-05-30'),(19575,'INSERT INTO gne_vale_ferreteria_mov (vfe_id,pro_codigo_plu,vfm_cantidad,vfm_unitario,vfm_total,vfm_entregado) VALUES (1013,764134,1,260,260,@@@NO@@@)','',2,'2013-05-30'),(19576,'INSERT INTO gne_vale_ferreteria (vfe_id,vfe_fecha,vfe_total,vfe_estado,vfe_entregado,usu_nusuario) VALUES (1014,@@@2013.05.30@@@,550,1,0,@@@G_DIAZ@@@)','',2,'2013-05-30'),(19577,'INSERT INTO gne_vale_ferreteria_mov (vfe_id,pro_codigo_plu,vfm_cantidad,vfm_unitario,vfm_total,vfm_entregado) VALUES (1014,764768,1,220,220,@@@NO@@@)','',2,'2013-05-30'),(19578,'INSERT INTO gne_vale_ferreteria_mov (vfe_id,pro_codigo_plu,vfm_cantidad,vfm_unitario,vfm_total,vfm_entregado) VALUES (1014,763588,1,330,330,@@@NO@@@)','',2,'2013-05-30'),(19579,'INSERT INTO gne_vale_ferreteria (vfe_id,vfe_fecha,vfe_total,vfe_estado,vfe_entregado,usu_nusuario) VALUES (1015,@@@2013.05.30@@@,120,1,0,@@@G_DIAZ@@@)','',2,'2013-05-30'),(19580,'INSERT INTO gne_vale_ferreteria_mov (vfe_id,pro_codigo_plu,vfm_cantidad,vfm_unitario,vfm_total,vfm_entregado) VALUES (1015,8022,1,120,120,@@@NO@@@)','',2,'2013-05-30'),(19581,'INSERT INTO gne_vale_ferreteria (vfe_id,vfe_fecha,vfe_total,vfe_estado,vfe_entregado,usu_nusuario) VALUES (1016,@@@2013.05.30@@@,450,1,0,@@@G_DIAZ@@@)','',2,'2013-05-30'),(19582,'INSERT INTO gne_vale_ferreteria_mov (vfe_id,pro_codigo_plu,vfm_cantidad,vfm_unitario,vfm_total,vfm_entregado) VALUES (1016,4091,1,250,250,@@@NO@@@)','',2,'2013-05-30'),(19583,'INSERT INTO gne_vale_ferreteria_mov (vfe_id,pro_codigo_plu,vfm_cantidad,vfm_unitario,vfm_total,vfm_entregado) VALUES (1016,78017238,1,200,200,@@@NO@@@)','',2,'2013-05-30'),(19584,'INSERT INTO gne_vale_ferreteria (vfe_id,vfe_fecha,vfe_total,vfe_estado,vfe_entregado,usu_nusuario) VALUES (1017,@@@2013.05.30@@@,630,1,0,@@@G_DIAZ@@@)','',2,'2013-05-30'),(19585,'INSERT INTO gne_vale_ferreteria_mov (vfe_id,pro_codigo_plu,vfm_cantidad,vfm_unitario,vfm_total,vfm_entregado) VALUES (1017,78016971,1,390,390,@@@NO@@@)','',2,'2013-05-30'),(19586,'INSERT INTO gne_vale_ferreteria_mov (vfe_id,pro_codigo_plu,vfm_cantidad,vfm_unitario,vfm_total,vfm_entregado) VALUES (1017,8022,2,120,240,@@@NO@@@)','',2,'2013-05-30'),(19587,'INSERT INTO gne_vale_ferreteria (vfe_id,vfe_fecha,vfe_total,vfe_estado,vfe_entregado,usu_nusuario) VALUES (1018,@@@2013.05.30@@@,610,1,0,@@@G_DIAZ@@@)','',2,'2013-05-30'),(19588,'INSERT INTO gne_vale_ferreteria_mov (vfe_id,pro_codigo_plu,vfm_cantidad,vfm_unitario,vfm_total,vfm_entregado) VALUES (1018,763818,1,390,390,@@@NO@@@)','',2,'2013-05-30'),(19589,'INSERT INTO gne_vale_ferreteria_mov (vfe_id,pro_codigo_plu,vfm_cantidad,vfm_unitario,vfm_total,vfm_entregado) VALUES (1018,764768,1,220,220,@@@NO@@@)','',2,'2013-05-30'),(19590,'INSERT INTO gne_vale_ferreteria (vfe_id,vfe_fecha,vfe_total,vfe_estado,vfe_entregado,usu_nusuario) VALUES (1019,@@@2013.05.30@@@,1990,1,0,@@@G_DIAZ@@@)','',2,'2013-05-30'),(19591,'INSERT INTO gne_vale_ferreteria_mov (vfe_id,pro_codigo_plu,vfm_cantidad,vfm_unitario,vfm_total,vfm_entregado) VALUES (1019,764332,1,1990,1990,@@@NO@@@)','',2,'2013-05-30'),(19592,'INSERT INTO gne_vale_ferreteria (vfe_id,vfe_fecha,vfe_total,vfe_estado,vfe_entregado,usu_nusuario) VALUES (1020,@@@2013.05.30@@@,60,1,0,@@@G_DIAZ@@@)','',2,'2013-05-30'),(19593,'INSERT INTO gne_vale_ferreteria_mov (vfe_id,pro_codigo_plu,vfm_cantidad,vfm_unitario,vfm_total,vfm_entregado) VALUES (1020,764780,1,60,60,@@@NO@@@)','',2,'2013-05-30'),(19594,'UPDATE mae_productos SET pro_codigo_barra=@@@7801620000738@@@,pro_tipo=@@@0@@@,pro_nombre_producto=@@@NECTAR WATTS LIGHT DURAZNO 1.5 LT.@@@,pro_nombre_corto=@@@NECTAR WATTS LIG@@@,med_id=@@@3@@@,emb_id=@@@5@@@,pro_unidades_embalaje=@@@6@@@,dep_id=@@@8 @@@,lin_id=@@@64@@@,mar_id=@@@2070@@@,pro_precio_compra_neto=@@@0@@@,pro_precio_compra_bruto=@@@0@@@,pro_precio_venta=@@@950@@@,pro_margen_actual=@@@0@@@,pro_oferta=@@@NO@@@,pro_fecha_inicio_oferta=@@@1900.01.01@@@,pro_fecha_termino_oferta=@@@1900.01.01@@@,pro_precio_oferta=@@@0@@@,pro_stock_minimo=@@@6@@@,pro_stock_critico=@@@3@@@,pro_activo=@@@1@@@,pro_unidad=@@@0@@@,pro_precio_compra_bruto=0,pro_margen_actual=0,pro_capacidad=1.5,pro_funcion_plu=0,pro_flejes=1,pro_iva=1,pro_plu_asociado=0,pro_envase=@@@NO@@@,pro_duracion=0,pro_numero_etiqueta=0 WHERE pro_codigo_plu=@@@18299@@@','',2,'2013-05-30'),(19595,'UPDATE mae_productos SET pro_estado=1 WHERE pro_codigo_plu=18299','',2,'2013-05-30'),(19596,'DELETE FROM mae_impuestos_productos WHERE pro_codigo_plu=@@@18299@@@','',2,'2013-05-30'),(19597,'INSERT INTO gne_vale_ferreteria (vfe_id,vfe_fecha,vfe_total,vfe_estado,vfe_entregado,usu_nusuario) VALUES (1021,@@@2013.05.30@@@,330,1,0,@@@G_DIAZ@@@)','',2,'2013-05-30'),(19598,'INSERT INTO gne_vale_ferreteria_mov (vfe_id,pro_codigo_plu,vfm_cantidad,vfm_unitario,vfm_total,vfm_entregado) VALUES (1021,19918,1,330,330,@@@NO@@@)','',2,'2013-05-30'),(19599,'INSERT INTO gne_vale_ferreteria (vfe_id,vfe_fecha,vfe_total,vfe_estado,vfe_entregado,usu_nusuario) VALUES (1022,@@@2013.05.30@@@,330,1,0,@@@G_DIAZ@@@)','',2,'2013-05-30'),(19600,'INSERT INTO gne_vale_ferreteria_mov (vfe_id,pro_codigo_plu,vfm_cantidad,vfm_unitario,vfm_total,vfm_entregado) VALUES (1022,764507,1,330,330,@@@NO@@@)','',2,'2013-05-30'),(19601,'INSERT INTO gne_vale_ferreteria (vfe_id,vfe_fecha,vfe_total,vfe_estado,vfe_entregado,usu_nusuario) VALUES (1023,@@@2013.05.30@@@,1160,1,0,@@@G_DIAZ@@@)','',2,'2013-05-30'),(19602,'INSERT INTO gne_vale_ferreteria_mov (vfe_id,pro_codigo_plu,vfm_cantidad,vfm_unitario,vfm_total,vfm_entregado) VALUES (1023,78017194,1,200,200,@@@NO@@@)','',2,'2013-05-30'),(19603,'INSERT INTO gne_vale_ferreteria_mov (vfe_id,pro_codigo_plu,vfm_cantidad,vfm_unitario,vfm_total,vfm_entregado) VALUES (1023,78017179,1,960,960,@@@NO@@@)','',2,'2013-05-30'),(19604,'INSERT INTO gne_vale_ferreteria (vfe_id,vfe_fecha,vfe_total,vfe_estado,vfe_entregado,usu_nusuario) VALUES (1024,@@@2013.05.30@@@,1650,1,0,@@@G_DIAZ@@@)','',2,'2013-05-30'),(19605,'INSERT INTO gne_vale_ferreteria_mov (vfe_id,pro_codigo_plu,vfm_cantidad,vfm_unitario,vfm_total,vfm_entregado) VALUES (1024,12222,1,1650,1650,@@@NO@@@)','',2,'2013-05-30'),(19606,'INSERT INTO gne_vale_ferreteria (vfe_id,vfe_fecha,vfe_total,vfe_estado,vfe_entregado,usu_nusuario) VALUES (1025,@@@2013.05.30@@@,320,1,0,@@@G_DIAZ@@@)','',2,'2013-05-30'),(19607,'INSERT INTO gne_vale_ferreteria_mov (vfe_id,pro_codigo_plu,vfm_cantidad,vfm_unitario,vfm_total,vfm_entregado) VALUES (1025,78017204,1,120,120,@@@NO@@@)','',2,'2013-05-30'),(19608,'INSERT INTO gne_vale_ferreteria_mov (vfe_id,pro_codigo_plu,vfm_cantidad,vfm_unitario,vfm_total,vfm_entregado) VALUES (1025,1040,1,200,200,@@@NO@@@)','',2,'2013-05-30'),(19609,'INSERT INTO gne_vale_ferreteria (vfe_id,vfe_fecha,vfe_total,vfe_estado,vfe_entregado,usu_nusuario) VALUES (1026,@@@2013.05.30@@@,450,1,0,@@@G_DIAZ@@@)','',2,'2013-05-30'),(19610,'INSERT INTO gne_vale_ferreteria_mov (vfe_id,pro_codigo_plu,vfm_cantidad,vfm_unitario,vfm_total,vfm_entregado) VALUES (1026,764016,1,450,450,@@@NO@@@)','',2,'2013-05-30'),(19611,'INSERT INTO gne_vale_ferreteria (vfe_id,vfe_fecha,vfe_total,vfe_estado,vfe_entregado,usu_nusuario) VALUES (1027,@@@2013.05.30@@@,40,1,0,@@@G_DIAZ@@@)','',2,'2013-05-30'),(19612,'INSERT INTO gne_vale_ferreteria_mov (vfe_id,pro_codigo_plu,vfm_cantidad,vfm_unitario,vfm_total,vfm_entregado) VALUES (1027,78017241,1,40,40,@@@NO@@@)','',2,'2013-05-30'),(19613,'INSERT INTO gne_vale_ferreteria (vfe_id,vfe_fecha,vfe_total,vfe_estado,vfe_entregado,usu_nusuario) VALUES (1028,@@@2013.05.30@@@,1230,1,0,@@@G_DIAZ@@@)','',2,'2013-05-30'),(19614,'INSERT INTO gne_vale_ferreteria_mov (vfe_id,pro_codigo_plu,vfm_cantidad,vfm_unitario,vfm_total,vfm_entregado) VALUES (1028,8022,1,120,120,@@@NO@@@)','',2,'2013-05-30'),(19615,'INSERT INTO gne_vale_ferreteria_mov (vfe_id,pro_codigo_plu,vfm_cantidad,vfm_unitario,vfm_total,vfm_entregado) VALUES (1028,78017127,1,490,490,@@@NO@@@)','',2,'2013-05-30'),(19616,'INSERT INTO gne_vale_ferreteria_mov (vfe_id,pro_codigo_plu,vfm_cantidad,vfm_unitario,vfm_total,vfm_entregado) VALUES (1028,21116,1,620,620,@@@NO@@@)','',2,'2013-05-30'),(19617,'INSERT INTO gne_vale_ferreteria (vfe_id,vfe_fecha,vfe_total,vfe_estado,vfe_entregado,usu_nusuario) VALUES (1029,@@@2013.05.30@@@,620,1,0,@@@G_DIAZ@@@)','',2,'2013-05-30'),(19618,'INSERT INTO gne_vale_ferreteria_mov (vfe_id,pro_codigo_plu,vfm_cantidad,vfm_unitario,vfm_total,vfm_entregado) VALUES (1029,11378,1,620,620,@@@NO@@@)','',2,'2013-05-30'),(19619,'INSERT INTO gne_vale_ferreteria (vfe_id,vfe_fecha,vfe_total,vfe_estado,vfe_entregado,usu_nusuario) VALUES (1030,@@@2013.05.30@@@,180,1,0,@@@G_DIAZ@@@)','',2,'2013-05-30'),(19620,'INSERT INTO gne_vale_ferreteria_mov (vfe_id,pro_codigo_plu,vfm_cantidad,vfm_unitario,vfm_total,vfm_entregado) VALUES (1030,7502,6,30,180,@@@NO@@@)','',2,'2013-05-30'),(19621,'INSERT INTO gne_vale_ferreteria (vfe_id,vfe_fecha,vfe_total,vfe_estado,vfe_entregado,usu_nusuario) VALUES (1031,@@@2013.05.30@@@,270,1,0,@@@G_DIAZ@@@)','',2,'2013-05-30'),(19622,'INSERT INTO gne_vale_ferreteria_mov (vfe_id,pro_codigo_plu,vfm_cantidad,vfm_unitario,vfm_total,vfm_entregado) VALUES (1031,7502,9,30,270,@@@NO@@@)','',2,'2013-05-30'),(19623,'INSERT INTO mae_productos (pro_codigo_plu,pro_codigo_barra,pro_tipo,pro_nombre_producto,pro_nombre_corto,med_id,emb_id,pro_unidades_embalaje,dep_id,lin_id,mar_id,pro_precio_compra_neto,pro_precio_compra_bruto,pro_precio_venta,pro_margen_actual,pro_oferta,pro_fecha_inicio_oferta,pro_fecha_termino_oferta,pro_precio_oferta,pro_stock_minimo,pro_stock_critico,pro_entradas_bodega,pro_salidas_bodega,pro_mermas_bodega,pro_ajustes_bodega,pro_entradas_sv,pro_salidas_sv,pro_mermas_sv,pro_ajustes_sv,pro_activo,rec_numero,pro_unidad,pro_capacidad,pro_consumo_bodega,pro_consumo_sv,pro_estado,pro_funcion_plu,pro_flejes,pro_iva,pro_plu_asociado,pro_envase,pro_duracion,pro_numero_etiqueta) VALUES (780220111,@@@7700085@@@,@@@0@@@,@@@PIÑON X 1 KG@@@,@@@PIÑON X 1 KG@@@,@@@5 @@@,@@@3 @@@,@@@0@@@,@@@18 @@@,@@@99@@@,@@@2507@@@,@@@0@@@,@@@0@@@,@@@790@@@,@@@0@@@,@@@@@@,@@@2013.05.30@@@,@@@2013.05.30@@@,@@@0@@@,@@@0@@@,@@@0@@@,@@@0@@@,@@@0@@@,@@@0@@@,@@@0@@@,@@@0@@@,@@@0@@@,@@@0@@@,@@@0@@@,@@@1@@@,@@@0@@@,0,1,0,0,2,0,1,1,0,@@@NO@@@,0,0)','',2,'2013-05-30'),(19624,'DELETE FROM mae_impuestos_productos WHERE pro_codigo_plu=@@@780220111@@@','',2,'2013-05-30'),(19625,'UPDATE mae_productos SET dep_id=18,lin_id=97 WHERE pro_codigo_plu in (501,502,503,505,506,507,836,504,710,708,807,804,814,13704,508,16659,366,365,310,312,313,311,321,322,315,809,1013,509,510,819,826,837,704,511,512,515,514,516,513,835,316,317,805,314,519,827,518,822,820,821,808,520,521,838,823,843,813,812,320,318,319,839,522,701,703,702,706,707,523,526,524,527,528,525,1009,328,323,810,12090,711,16830,531,529)','',2,'2013-05-30'),(19626,'INSERT INTO gne_vale_ferreteria (vfe_id,vfe_fecha,vfe_total,vfe_estado,vfe_entregado,usu_nusuario) VALUES (1032,@@@2013.05.30@@@,1590,1,0,@@@G_DIAZ@@@)','',2,'2013-05-30'),(19627,'INSERT INTO gne_vale_ferreteria_mov (vfe_id,pro_codigo_plu,vfm_cantidad,vfm_unitario,vfm_total,vfm_entregado) VALUES (1032,15955,3,530,1590,@@@NO@@@)','',2,'2013-05-30'),(19628,'INSERT INTO gne_vale_ferreteria (vfe_id,vfe_fecha,vfe_total,vfe_estado,vfe_entregado,usu_nusuario) VALUES (1033,@@@2013.05.30@@@,70,1,0,@@@G_DIAZ@@@)','',2,'2013-05-30'),(19629,'INSERT INTO gne_vale_ferreteria_mov (vfe_id,pro_codigo_plu,vfm_cantidad,vfm_unitario,vfm_total,vfm_entregado) VALUES (1033,78017028,1,70,70,@@@NO@@@)','',2,'2013-05-30'),(19630,'INSERT INTO gne_vale_ferreteria (vfe_id,vfe_fecha,vfe_total,vfe_estado,vfe_entregado,usu_nusuario) VALUES (1034,@@@2013.05.30@@@,360,1,0,@@@G_DIAZ@@@)','',2,'2013-05-30'),(19631,'INSERT INTO gne_vale_ferreteria_mov (vfe_id,pro_codigo_plu,vfm_cantidad,vfm_unitario,vfm_total,vfm_entregado) VALUES (1034,78017026,4,90,360,@@@NO@@@)','',2,'2013-05-30'),(19632,'INSERT INTO gne_vale_ferreteria (vfe_id,vfe_fecha,vfe_total,vfe_estado,vfe_entregado,usu_nusuario) VALUES (1035,@@@2013.05.30@@@,100,1,0,@@@G_DIAZ@@@)','',2,'2013-05-30'),(19633,'INSERT INTO gne_vale_ferreteria_mov (vfe_id,pro_codigo_plu,vfm_cantidad,vfm_unitario,vfm_total,vfm_entregado) VALUES (1035,7051,1,100,100,@@@NO@@@)','',2,'2013-05-30'),(19634,'UPDATE mae_productos SET pro_margen_actual=0,pro_precio_venta=950 WHERE pro_codigo_plu=18299','',2,'2013-05-30'),(19635,'UPDATE mae_productos SET pro_margen_actual=0,pro_precio_venta=790 WHERE pro_codigo_plu=780220111','',2,'2013-05-30'),(19636,'UPDATE mae_productos SET pro_margen_actual=0,pro_precio_venta=790 WHERE pro_codigo_plu=574','',2,'2013-05-30'),(19637,'UPDATE mae_productos SET pro_precio_fiscal=pro_precio_venta WHERE pro_codigo_plu=574','',2,'2013-05-30'),(19638,'UPDATE mae_productos SET pro_precio_fiscal=pro_precio_venta WHERE pro_codigo_plu=780220111','',2,'2013-05-30'),(19639,'UPDATE mae_productos SET pro_precio_fiscal=pro_precio_venta WHERE pro_codigo_plu=18299','',2,'2013-05-30'),(19640,'UPDATE mae_productos SET pro_codigo_barra=@@@7809604010148@@@,pro_tipo=@@@0@@@,pro_nombre_producto=@@@HUGGIES TRAD.XXG. EX-EX-GDE.24 UN.@@@,pro_nombre_corto=@@@HUGGIES XXG 24 U@@@,med_id=@@@1@@@,emb_id=@@@2@@@,pro_unidades_embalaje=@@@1@@@,dep_id=@@@35 @@@,lin_id=@@@168@@@,mar_id=@@@1996@@@,pro_precio_compra_neto=@@@0@@@,pro_precio_compra_bruto=@@@0@@@,pro_precio_venta=@@@2490@@@,pro_margen_actual=@@@0@@@,pro_oferta=@@@NO@@@,pro_fecha_inicio_oferta=@@@2006.09.07@@@,pro_fecha_termino_oferta=@@@2006.09.07@@@,pro_precio_oferta=@@@0@@@,pro_stock_minimo=@@@16@@@,pro_stock_critico=@@@8@@@,pro_activo=@@@1@@@,pro_unidad=@@@0@@@,pro_precio_compra_bruto=0,pro_margen_actual=0,pro_capacidad=1,pro_funcion_plu=0,pro_flejes=1,pro_iva=1,pro_plu_asociado=0,pro_envase=@@@NO@@@,pro_duracion=0,pro_numero_etiqueta=0 WHERE pro_codigo_plu=@@@100916@@@','',2,'2013-05-30'),(19641,'UPDATE mae_productos SET pro_estado=1 WHERE pro_codigo_plu=100916','',2,'2013-05-30'),(19642,'DELETE FROM mae_impuestos_productos WHERE pro_codigo_plu=@@@100916@@@','',2,'2013-05-30'),(19643,'INSERT INTO gne_vale_ferreteria (vfe_id,vfe_fecha,vfe_total,vfe_estado,vfe_entregado,usu_nusuario) VALUES (1036,@@@2013.05.30@@@,660,1,0,@@@G_DIAZ@@@)','',2,'2013-05-30'),(19644,'INSERT INTO gne_vale_ferreteria_mov (vfe_id,pro_codigo_plu,vfm_cantidad,vfm_unitario,vfm_total,vfm_entregado) VALUES (1036,764507,1,330,330,@@@NO@@@)','',2,'2013-05-30'),(19645,'INSERT INTO gne_vale_ferreteria_mov (vfe_id,pro_codigo_plu,vfm_cantidad,vfm_unitario,vfm_total,vfm_entregado) VALUES (1036,763588,1,330,330,@@@NO@@@)','',2,'2013-05-30'),(19646,'INSERT INTO gne_vale_ferreteria (vfe_id,vfe_fecha,vfe_total,vfe_estado,vfe_entregado,usu_nusuario) VALUES (1037,@@@2013.05.30@@@,550,1,0,@@@G_DIAZ@@@)','',2,'2013-05-30'),(19647,'INSERT INTO gne_vale_ferreteria_mov (vfe_id,pro_codigo_plu,vfm_cantidad,vfm_unitario,vfm_total,vfm_entregado) VALUES (1037,763833,1,550,550,@@@NO@@@)','',2,'2013-05-30'),(19648,'INSERT INTO gne_vale_ferreteria (vfe_id,vfe_fecha,vfe_total,vfe_estado,vfe_entregado,usu_nusuario) VALUES (1038,@@@2013.05.30@@@,100,1,0,@@@G_DIAZ@@@)','',2,'2013-05-30'),(19649,'INSERT INTO gne_vale_ferreteria_mov (vfe_id,pro_codigo_plu,vfm_cantidad,vfm_unitario,vfm_total,vfm_entregado) VALUES (1038,78017027,2,50,100,@@@NO@@@)','',2,'2013-05-30'),(19650,'INSERT INTO gne_vale_ferreteria (vfe_id,vfe_fecha,vfe_total,vfe_estado,vfe_entregado,usu_nusuario) VALUES (1039,@@@2013.05.30@@@,710,1,0,@@@G_DIAZ@@@)','',2,'2013-05-30'),(19651,'INSERT INTO gne_vale_ferreteria_mov (vfe_id,pro_codigo_plu,vfm_cantidad,vfm_unitario,vfm_total,vfm_entregado) VALUES (1039,1063,1,450,450,@@@NO@@@)','',2,'2013-05-30'),(19652,'INSERT INTO gne_vale_ferreteria_mov (vfe_id,pro_codigo_plu,vfm_cantidad,vfm_unitario,vfm_total,vfm_entregado) VALUES (1039,12083,1,260,260,@@@NO@@@)','',2,'2013-05-30'),(19653,'UPDATE mae_productos SET pro_precio_fiscal=pro_precio_venta WHERE pro_codigo_plu=100916','',2,'2013-05-30'),(19654,'UPDATE mae_productos SET pro_codigo_barra=@@@7613033458507@@@,pro_tipo=@@@0@@@,pro_nombre_producto=@@@NESCAFE CAFE VIENES@@@,pro_nombre_corto=@@@NESCAFE CAFE VIE@@@,med_id=@@@5@@@,emb_id=@@@3@@@,pro_unidades_embalaje=@@@0@@@,dep_id=@@@1 @@@,lin_id=@@@3@@@,mar_id=@@@1895@@@,pro_precio_compra_neto=@@@0@@@,pro_precio_compra_bruto=@@@0@@@,pro_precio_venta=@@@200@@@,pro_margen_actual=@@@0@@@,pro_oferta=@@@NO@@@,pro_fecha_inicio_oferta=@@@2013.04.27@@@,pro_fecha_termino_oferta=@@@2013.04.27@@@,pro_precio_oferta=@@@0@@@,pro_stock_minimo=@@@0@@@,pro_stock_critico=@@@0@@@,pro_activo=@@@1@@@,pro_unidad=@@@0@@@,pro_precio_compra_bruto=0,pro_margen_actual=0,pro_capacidad=18,pro_funcion_plu=0,pro_flejes=1,pro_iva=1,pro_plu_asociado=0,pro_envase=@@@NO@@@,pro_duracion=0,pro_numero_etiqueta=0 WHERE pro_codigo_plu=@@@763445@@@','',2,'2013-05-30'),(19655,'UPDATE mae_productos SET pro_estado=1 WHERE pro_codigo_plu=763445','',2,'2013-05-30'),(19656,'DELETE FROM mae_impuestos_productos WHERE pro_codigo_plu=@@@763445@@@','',2,'2013-05-30'),(19657,'UPDATE mae_productos SET pro_margen_actual=0,pro_precio_venta=200 WHERE pro_codigo_plu=763445','',2,'2013-05-30'),(19658,'INSERT INTO gne_vale_ferreteria (vfe_id,vfe_fecha,vfe_total,vfe_estado,vfe_entregado,usu_nusuario) VALUES (1040,@@@2013.05.30@@@,360,1,0,@@@G_DIAZ@@@)','',2,'2013-05-30'),(19659,'INSERT INTO gne_vale_ferreteria_mov (vfe_id,pro_codigo_plu,vfm_cantidad,vfm_unitario,vfm_total,vfm_entregado) VALUES (1040,770000,4,50,200,@@@NO@@@)','',2,'2013-05-30'),(19660,'INSERT INTO gne_vale_ferreteria_mov (vfe_id,pro_codigo_plu,vfm_cantidad,vfm_unitario,vfm_total,vfm_entregado) VALUES (1040,764823,2,80,160,@@@NO@@@)','',2,'2013-05-30'),(19661,'INSERT INTO gne_vale_ferreteria (vfe_id,vfe_fecha,vfe_total,vfe_estado,vfe_entregado,usu_nusuario) VALUES (1041,@@@2013.05.30@@@,420,1,0,@@@G_DIAZ@@@)','',2,'2013-05-30'),(19662,'INSERT INTO gne_vale_ferreteria_mov (vfe_id,pro_codigo_plu,vfm_cantidad,vfm_unitario,vfm_total,vfm_entregado) VALUES (1041,764250,1,420,420,@@@NO@@@)','',2,'2013-05-30'),(19663,'INSERT INTO gne_vale_ferreteria (vfe_id,vfe_fecha,vfe_total,vfe_estado,vfe_entregado,usu_nusuario) VALUES (1042,@@@2013.05.30@@@,1950,1,0,@@@G_DIAZ@@@)','',2,'2013-05-30'),(19664,'INSERT INTO gne_vale_ferreteria_mov (vfe_id,pro_codigo_plu,vfm_cantidad,vfm_unitario,vfm_total,vfm_entregado) VALUES (1042,8022,2,120,240,@@@NO@@@)','',2,'2013-05-30'),(19665,'INSERT INTO gne_vale_ferreteria_mov (vfe_id,pro_codigo_plu,vfm_cantidad,vfm_unitario,vfm_total,vfm_entregado) VALUES (1042,19964,1,1710,1710,@@@NO@@@)','',2,'2013-05-30'),(19666,'INSERT INTO gne_vale_ferreteria (vfe_id,vfe_fecha,vfe_total,vfe_estado,vfe_entregado,usu_nusuario) VALUES (1043,@@@2013.05.30@@@,2570,1,0,@@@G_DIAZ@@@)','',2,'2013-05-30'),(19667,'INSERT INTO gne_vale_ferreteria_mov (vfe_id,pro_codigo_plu,vfm_cantidad,vfm_unitario,vfm_total,vfm_entregado) VALUES (1043,8022,2,120,240,@@@NO@@@)','',2,'2013-05-30'),(19668,'INSERT INTO gne_vale_ferreteria_mov (vfe_id,pro_codigo_plu,vfm_cantidad,vfm_unitario,vfm_total,vfm_entregado) VALUES (1043,19964,1,1710,1710,@@@NO@@@)','',2,'2013-05-30'),(19669,'INSERT INTO gne_vale_ferreteria_mov (vfe_id,pro_codigo_plu,vfm_cantidad,vfm_unitario,vfm_total,vfm_entregado) VALUES (1043,21116,1,620,620,@@@NO@@@)','',2,'2013-05-30'),(19670,'INSERT INTO gne_vale_ferreteria (vfe_id,vfe_fecha,vfe_total,vfe_estado,vfe_entregado,usu_nusuario) VALUES (1044,@@@2013.05.30@@@,160,1,0,@@@G_DIAZ@@@)','',2,'2013-05-30'),(19671,'INSERT INTO gne_vale_ferreteria_mov (vfe_id,pro_codigo_plu,vfm_cantidad,vfm_unitario,vfm_total,vfm_entregado) VALUES (1044,78016982,1,160,160,@@@NO@@@)','',2,'2013-05-30'),(19672,'INSERT INTO gne_vale_ferreteria (vfe_id,vfe_fecha,vfe_total,vfe_estado,vfe_entregado,usu_nusuario) VALUES (1045,@@@2013.05.30@@@,2690,1,0,@@@G_DIAZ@@@)','',2,'2013-05-30'),(19673,'INSERT INTO gne_vale_ferreteria_mov (vfe_id,pro_codigo_plu,vfm_cantidad,vfm_unitario,vfm_total,vfm_entregado) VALUES (1045,763804,1,790,790,@@@NO@@@)','',2,'2013-05-30'),(19674,'INSERT INTO gne_vale_ferreteria_mov (vfe_id,pro_codigo_plu,vfm_cantidad,vfm_unitario,vfm_total,vfm_entregado) VALUES (1045,764273,1,440,440,@@@NO@@@)','',2,'2013-05-30'),(19675,'INSERT INTO gne_vale_ferreteria_mov (vfe_id,pro_codigo_plu,vfm_cantidad,vfm_unitario,vfm_total,vfm_entregado) VALUES (1045,763815,1,1460,1460,@@@NO@@@)','',2,'2013-05-30'),(19676,'INSERT INTO gne_vale_ferreteria (vfe_id,vfe_fecha,vfe_total,vfe_estado,vfe_entregado,usu_nusuario) VALUES (1046,@@@2013.05.31@@@,690,1,0,@@@b_SAEZ@@@)','',2,'2013-05-30'),(19677,'INSERT INTO gne_vale_ferreteria_mov (vfe_id,pro_codigo_plu,vfm_cantidad,vfm_unitario,vfm_total,vfm_entregado) VALUES (1046,763767,1,690,690,@@@NO@@@)','',2,'2013-05-30'),(19678,'INSERT INTO gne_vale_ferreteria (vfe_id,vfe_fecha,vfe_total,vfe_estado,vfe_entregado,usu_nusuario) VALUES (1047,@@@2013.05.31@@@,330,1,0,@@@b_SAEZ@@@)','',2,'2013-05-30'),(19679,'INSERT INTO gne_vale_ferreteria_mov (vfe_id,pro_codigo_plu,vfm_cantidad,vfm_unitario,vfm_total,vfm_entregado) VALUES (1047,19918,1,330,330,@@@NO@@@)','',2,'2013-05-30'),(19680,'INSERT INTO gne_vale_ferreteria (vfe_id,vfe_fecha,vfe_total,vfe_estado,vfe_entregado,usu_nusuario) VALUES (1048,@@@2013.05.31@@@,350,1,0,@@@b_SAEZ@@@)','',2,'2013-05-30'),(19681,'INSERT INTO gne_vale_ferreteria_mov (vfe_id,pro_codigo_plu,vfm_cantidad,vfm_unitario,vfm_total,vfm_entregado) VALUES (1048,102408,1,350,350,@@@NO@@@)','',2,'2013-05-30'),(19682,'INSERT INTO gne_vale_ferreteria (vfe_id,vfe_fecha,vfe_total,vfe_estado,vfe_entregado,usu_nusuario) VALUES (1049,@@@2013.05.31@@@,2190,1,0,@@@b_SAEZ@@@)','',2,'2013-05-30'),(19683,'INSERT INTO gne_vale_ferreteria_mov (vfe_id,pro_codigo_plu,vfm_cantidad,vfm_unitario,vfm_total,vfm_entregado) VALUES (1049,20564,1,2190,2190,@@@NO@@@)','',2,'2013-05-30'),(19684,'INSERT INTO gne_vale_ferreteria (vfe_id,vfe_fecha,vfe_total,vfe_estado,vfe_entregado,usu_nusuario) VALUES (1050,@@@2013.05.31@@@,4570,1,0,@@@b_SAEZ@@@)','',2,'2013-05-30'),(19685,'INSERT INTO gne_vale_ferreteria_mov (vfe_id,pro_codigo_plu,vfm_cantidad,vfm_unitario,vfm_total,vfm_entregado) VALUES (1050,764750,1,1990,1990,@@@NO@@@)','',2,'2013-05-30'),(19686,'INSERT INTO gne_vale_ferreteria_mov (vfe_id,pro_codigo_plu,vfm_cantidad,vfm_unitario,vfm_total,vfm_entregado) VALUES (1050,764785,1,1890,1890,@@@NO@@@)','',2,'2013-05-30'),(19687,'INSERT INTO gne_vale_ferreteria_mov (vfe_id,pro_codigo_plu,vfm_cantidad,vfm_unitario,vfm_total,vfm_entregado) VALUES (1050,770091,1,690,690,@@@NO@@@)','',2,'2013-05-30'),(19688,'INSERT INTO gne_vale_ferreteria (vfe_id,vfe_fecha,vfe_total,vfe_estado,vfe_entregado,usu_nusuario) VALUES (1051,@@@2013.05.31@@@,750,1,0,@@@b_SAEZ@@@)','',2,'2013-05-31'),(19689,'INSERT INTO gne_vale_ferreteria_mov (vfe_id,pro_codigo_plu,vfm_cantidad,vfm_unitario,vfm_total,vfm_entregado) VALUES (1051,763807,1,750,750,@@@NO@@@)','',2,'2013-05-31'),(19690,'INSERT INTO gne_vale_ferreteria (vfe_id,vfe_fecha,vfe_total,vfe_estado,vfe_entregado,usu_nusuario) VALUES (1052,@@@2013.05.31@@@,1740,1,0,@@@b_SAEZ@@@)','',2,'2013-05-31'),(19691,'INSERT INTO gne_vale_ferreteria_mov (vfe_id,pro_codigo_plu,vfm_cantidad,vfm_unitario,vfm_total,vfm_entregado) VALUES (1052,78017002,10,100,1000,@@@NO@@@)','',2,'2013-05-31'),(19692,'INSERT INTO gne_vale_ferreteria_mov (vfe_id,pro_codigo_plu,vfm_cantidad,vfm_unitario,vfm_total,vfm_entregado) VALUES (1052,763629,1,390,390,@@@NO@@@)','',2,'2013-05-31'),(19693,'INSERT INTO gne_vale_ferreteria_mov (vfe_id,pro_codigo_plu,vfm_cantidad,vfm_unitario,vfm_total,vfm_entregado) VALUES (1052,102408,1,350,350,@@@NO@@@)','',2,'2013-05-31'),(19694,'UPDATE mae_productos SET pro_margen_actual=0,pro_precio_venta=440 WHERE pro_codigo_plu=10799','',2,'2013-05-31'),(19695,'UPDATE mae_productos SET pro_margen_actual=0,pro_precio_venta=440 WHERE pro_codigo_plu=10798','',2,'2013-05-31'),(19696,'INSERT INTO mae_productos (pro_codigo_plu,pro_codigo_barra,pro_tipo,pro_nombre_producto,pro_nombre_corto,med_id,emb_id,pro_unidades_embalaje,dep_id,lin_id,mar_id,pro_precio_compra_neto,pro_precio_compra_bruto,pro_precio_venta,pro_margen_actual,pro_oferta,pro_fecha_inicio_oferta,pro_fecha_termino_oferta,pro_precio_oferta,pro_stock_minimo,pro_stock_critico,pro_entradas_bodega,pro_salidas_bodega,pro_mermas_bodega,pro_ajustes_bodega,pro_entradas_sv,pro_salidas_sv,pro_mermas_sv,pro_ajustes_sv,pro_activo,rec_numero,pro_unidad,pro_capacidad,pro_consumo_bodega,pro_consumo_sv,pro_estado,pro_funcion_plu,pro_flejes,pro_iva,pro_plu_asociado,pro_envase,pro_duracion,pro_numero_etiqueta) VALUES (780220112,@@@7804520014867@@@,@@@0@@@,@@@VELAS BUQUE @@@,@@@VELAS BUQUE @@@,@@@1 @@@,@@@3 @@@,@@@0@@@,@@@2 @@@,@@@44@@@,@@@1176@@@,@@@0@@@,@@@0@@@,@@@980@@@,@@@0@@@,@@@@@@,@@@2013.05.31@@@,@@@2013.05.31@@@,@@@0@@@,@@@0@@@,@@@0@@@,@@@0@@@,@@@0@@@,@@@0@@@,@@@0@@@,@@@0@@@,@@@0@@@,@@@0@@@,@@@0@@@,@@@1@@@,@@@0@@@,0,4,0,0,2,0,1,1,0,@@@NO@@@,0,0)','',2,'2013-05-31'),(19697,'DELETE FROM mae_impuestos_productos WHERE pro_codigo_plu=@@@780220112@@@','',2,'2013-05-31'),(19698,'UPDATE mae_productos SET pro_margen_actual=0,pro_precio_venta=980 WHERE pro_codigo_plu=780220112','',2,'2013-05-31'),(19699,'UPDATE mae_productos SET pro_precio_fiscal=pro_precio_venta WHERE pro_codigo_plu=10798','',2,'2013-05-31'),(19700,'UPDATE mae_productos SET pro_precio_fiscal=pro_precio_venta WHERE pro_codigo_plu=10799','',2,'2013-05-31'),(19701,'UPDATE mae_productos SET pro_precio_fiscal=pro_precio_venta WHERE pro_codigo_plu=780220112','',2,'2013-05-31'),(19702,'INSERT INTO gne_vale_ferreteria (vfe_id,vfe_fecha,vfe_total,vfe_estado,vfe_entregado,usu_nusuario) VALUES (1053,@@@2013.05.31@@@,2989,1,0,@@@b_SAEZ@@@)','',2,'2013-05-31'),(19703,'INSERT INTO gne_vale_ferreteria_mov (vfe_id,pro_codigo_plu,vfm_cantidad,vfm_unitario,vfm_total,vfm_entregado) VALUES (1053,763610,1,890,890,@@@NO@@@)','',2,'2013-05-31'),(19704,'INSERT INTO gne_vale_ferreteria_mov (vfe_id,pro_codigo_plu,vfm_cantidad,vfm_unitario,vfm_total,vfm_entregado) VALUES (1053,15491,1,1100,1100,@@@NO@@@)','',2,'2013-05-31'),(19705,'INSERT INTO gne_vale_ferreteria_mov (vfe_id,pro_codigo_plu,vfm_cantidad,vfm_unitario,vfm_total,vfm_entregado) VALUES (1053,15490,1,999,999,@@@NO@@@)','',2,'2013-05-31'),(19706,'UPDATE mae_productos SET pro_margen_actual=0,pro_precio_venta=670 WHERE pro_codigo_plu=12772','',2,'2013-05-31'),(19707,'UPDATE mae_productos SET pro_precio_fiscal=pro_precio_venta WHERE pro_codigo_plu=12772','',2,'2013-05-31'),(19708,'INSERT INTO gne_vale_ferreteria (vfe_id,vfe_fecha,vfe_total,vfe_estado,vfe_entregado,usu_nusuario) VALUES (1054,@@@2013.05.31@@@,150,1,0,@@@b_SAEZ@@@)','',2,'2013-05-31'),(19709,'INSERT INTO gne_vale_ferreteria_mov (vfe_id,pro_codigo_plu,vfm_cantidad,vfm_unitario,vfm_total,vfm_entregado) VALUES (1054,78017017,1,150,150,@@@NO@@@)','',2,'2013-05-31'),(19710,'INSERT INTO gne_vale_ferreteria (vfe_id,vfe_fecha,vfe_total,vfe_estado,vfe_entregado,usu_nusuario) VALUES (1055,@@@2013.05.31@@@,170,1,0,@@@b_SAEZ@@@)','',2,'2013-05-31'),(19711,'INSERT INTO gne_vale_ferreteria_mov (vfe_id,pro_codigo_plu,vfm_cantidad,vfm_unitario,vfm_total,vfm_entregado) VALUES (1055,770036,1,170,170,@@@NO@@@)','',2,'2013-05-31'),(19712,'INSERT INTO gne_vale_ferreteria (vfe_id,vfe_fecha,vfe_total,vfe_estado,vfe_entregado,usu_nusuario) VALUES (1056,@@@2013.05.31@@@,190,1,0,@@@b_SAEZ@@@)','',2,'2013-05-31'),(19713,'INSERT INTO gne_vale_ferreteria_mov (vfe_id,pro_codigo_plu,vfm_cantidad,vfm_unitario,vfm_total,vfm_entregado) VALUES (1056,1069,1,190,190,@@@NO@@@)','',2,'2013-05-31'),(19714,'UPDATE mae_productos SET pro_margen_actual=0,pro_precio_venta=499 WHERE pro_codigo_plu=572','',2,'2013-05-31'),(19715,'UPDATE mae_productos SET pro_precio_fiscal=pro_precio_venta WHERE pro_codigo_plu=572','',2,'2013-05-31'),(19716,'INSERT INTO gne_vale_ferreteria (vfe_id,vfe_fecha,vfe_total,vfe_estado,vfe_entregado,usu_nusuario) VALUES (1057,@@@2013.05.31@@@,3890,1,0,@@@b_SAEZ@@@)','',2,'2013-05-31'),(19717,'INSERT INTO gne_vale_ferreteria_mov (vfe_id,pro_codigo_plu,vfm_cantidad,vfm_unitario,vfm_total,vfm_entregado) VALUES (1057,764801,1,3890,3890,@@@NO@@@)','',2,'2013-05-31'),(19718,'INSERT INTO gne_vale_ferreteria (vfe_id,vfe_fecha,vfe_total,vfe_estado,vfe_entregado,usu_nusuario) VALUES (1058,@@@2013.05.31@@@,1490,1,0,@@@b_SAEZ@@@)','',2,'2013-05-31'),(19719,'INSERT INTO gne_vale_ferreteria_mov (vfe_id,pro_codigo_plu,vfm_cantidad,vfm_unitario,vfm_total,vfm_entregado) VALUES (1058,764564,1,1490,1490,@@@NO@@@)','',2,'2013-05-31'),(19720,'INSERT INTO gne_vale_ferreteria (vfe_id,vfe_fecha,vfe_total,vfe_estado,vfe_entregado,usu_nusuario) VALUES (1059,@@@2013.05.31@@@,240,1,0,@@@b_SAEZ@@@)','',2,'2013-05-31'),(19721,'INSERT INTO gne_vale_ferreteria_mov (vfe_id,pro_codigo_plu,vfm_cantidad,vfm_unitario,vfm_total,vfm_entregado) VALUES (1059,78016966,12,20,240,@@@NO@@@)','',2,'2013-05-31'),(19722,'UPDATE mae_productos SET pro_margen_actual=0,pro_precio_venta=650 WHERE pro_codigo_plu=543','',2,'2013-05-31'),(19723,'UPDATE mae_productos SET pro_margen_actual=0,pro_precio_venta=750 WHERE pro_codigo_plu=551','',2,'2013-05-31'),(19724,'UPDATE mae_productos SET pro_margen_actual=0,pro_precio_venta=450 WHERE pro_codigo_plu=541','',2,'2013-05-31'),(19725,'UPDATE mae_productos SET pro_margen_actual=0,pro_precio_venta=699 WHERE pro_codigo_plu=570','',2,'2013-05-31'),(19726,'UPDATE mae_productos SET pro_margen_actual=0,pro_precio_venta=280 WHERE pro_codigo_plu=597','',2,'2013-05-31'),(19727,'UPDATE mae_productos SET pro_margen_actual=0,pro_precio_venta=350 WHERE pro_codigo_plu=564','',2,'2013-05-31'),(19728,'UPDATE mae_productos SET pro_margen_actual=0,pro_precio_venta=790 WHERE pro_codigo_plu=508','',2,'2013-05-31'),(19729,'UPDATE mae_productos SET pro_margen_actual=0,pro_precio_venta=799 WHERE pro_codigo_plu=612','',2,'2013-05-31'),(19730,'UPDATE mae_productos SET pro_margen_actual=0,pro_precio_venta=750 WHERE pro_codigo_plu=611','',2,'2013-05-31'),(19731,'UPDATE mae_productos SET pro_precio_fiscal=pro_precio_venta WHERE pro_codigo_plu=508','',2,'2013-05-31'),(19732,'UPDATE mae_productos SET pro_precio_fiscal=pro_precio_venta WHERE pro_codigo_plu=541','',2,'2013-05-31'),(19733,'UPDATE mae_productos SET pro_precio_fiscal=pro_precio_venta WHERE pro_codigo_plu=543','',2,'2013-05-31'),(19734,'UPDATE mae_productos SET pro_precio_fiscal=pro_precio_venta WHERE pro_codigo_plu=551','',2,'2013-05-31'),(19735,'UPDATE mae_productos SET pro_precio_fiscal=pro_precio_venta WHERE pro_codigo_plu=564','',2,'2013-05-31'),(19736,'UPDATE mae_productos SET pro_precio_fiscal=pro_precio_venta WHERE pro_codigo_plu=570','',2,'2013-05-31'),(19737,'UPDATE mae_productos SET pro_precio_fiscal=pro_precio_venta WHERE pro_codigo_plu=597','',2,'2013-05-31'),(19738,'UPDATE mae_productos SET pro_precio_fiscal=pro_precio_venta WHERE pro_codigo_plu=611','',2,'2013-05-31'),(19739,'UPDATE mae_productos SET pro_precio_fiscal=pro_precio_venta WHERE pro_codigo_plu=612','',2,'2013-05-31'),(19740,'INSERT INTO gne_vale_ferreteria (vfe_id,vfe_fecha,vfe_total,vfe_estado,vfe_entregado,usu_nusuario) VALUES (1060,@@@2013.05.31@@@,3580,1,0,@@@b_SAEZ@@@)','',2,'2013-05-31'),(19741,'INSERT INTO gne_vale_ferreteria_mov (vfe_id,pro_codigo_plu,vfm_cantidad,vfm_unitario,vfm_total,vfm_entregado) VALUES (1060,763640,1,1890,1890,@@@NO@@@)','',2,'2013-05-31'),(19742,'INSERT INTO gne_vale_ferreteria_mov (vfe_id,pro_codigo_plu,vfm_cantidad,vfm_unitario,vfm_total,vfm_entregado) VALUES (1060,20489,1,1690,1690,@@@NO@@@)','',2,'2013-05-31'),(19743,'INSERT INTO gne_vale_ferreteria (vfe_id,vfe_fecha,vfe_total,vfe_estado,vfe_entregado,usu_nusuario) VALUES (1061,@@@2013.05.31@@@,1990,1,0,@@@b_SAEZ@@@)','',2,'2013-05-31'),(19744,'INSERT INTO gne_vale_ferreteria_mov (vfe_id,pro_codigo_plu,vfm_cantidad,vfm_unitario,vfm_total,vfm_entregado) VALUES (1061,764510,1,1990,1990,@@@NO@@@)','',2,'2013-05-31'),(19745,'INSERT INTO mae_productos (pro_codigo_plu,pro_codigo_barra,pro_tipo,pro_nombre_producto,pro_nombre_corto,med_id,emb_id,pro_unidades_embalaje,dep_id,lin_id,mar_id,pro_precio_compra_neto,pro_precio_compra_bruto,pro_precio_venta,pro_margen_actual,pro_oferta,pro_fecha_inicio_oferta,pro_fecha_termino_oferta,pro_precio_oferta,pro_stock_minimo,pro_stock_critico,pro_entradas_bodega,pro_salidas_bodega,pro_mermas_bodega,pro_ajustes_bodega,pro_entradas_sv,pro_salidas_sv,pro_mermas_sv,pro_ajustes_sv,pro_activo,rec_numero,pro_unidad,pro_capacidad,pro_consumo_bodega,pro_consumo_sv,pro_estado,pro_funcion_plu,pro_flejes,pro_iva,pro_plu_asociado,pro_envase,pro_duracion,pro_numero_etiqueta) VALUES (780220113,@@@7613033964954@@@,@@@0@@@,@@@GALLETAS FITNESS CHIA MIEL Y ALMENDRAS 160G@@@,@@@GALLETAS FITNESS@@@,@@@5 @@@,@@@3 @@@,@@@0@@@,@@@32 @@@,@@@18@@@,@@@9@@@,@@@0@@@,@@@0@@@,@@@960@@@,@@@0@@@,@@@@@@,@@@2013.05.31@@@,@@@2013.05.31@@@,@@@0@@@,@@@0@@@,@@@0@@@,@@@0@@@,@@@0@@@,@@@0@@@,@@@0@@@,@@@0@@@,@@@0@@@,@@@0@@@,@@@0@@@,@@@1@@@,@@@0@@@,0,160,0,0,2,0,1,1,0,@@@NO@@@,0,0)','',2,'2013-05-31'),(19746,'DELETE FROM mae_impuestos_productos WHERE pro_codigo_plu=@@@780220113@@@','',2,'2013-05-31'),(19747,'INSERT INTO mae_productos (pro_codigo_plu,pro_codigo_barra,pro_tipo,pro_nombre_producto,pro_nombre_corto,med_id,emb_id,pro_unidades_embalaje,dep_id,lin_id,mar_id,pro_precio_compra_neto,pro_precio_compra_bruto,pro_precio_venta,pro_margen_actual,pro_oferta,pro_fecha_inicio_oferta,pro_fecha_termino_oferta,pro_precio_oferta,pro_stock_minimo,pro_stock_critico,pro_entradas_bodega,pro_salidas_bodega,pro_mermas_bodega,pro_ajustes_bodega,pro_entradas_sv,pro_salidas_sv,pro_mermas_sv,pro_ajustes_sv,pro_activo,rec_numero,pro_unidad,pro_capacidad,pro_consumo_bodega,pro_consumo_sv,pro_estado,pro_funcion_plu,pro_flejes,pro_iva,pro_plu_asociado,pro_envase,pro_duracion,pro_numero_etiqueta) VALUES (780220114,@@@7613033964985@@@,@@@0@@@,@@@GALLETAS FITNES CACAO Y GRANBERRIES 160G@@@,@@@GALLETAS FITNES @@@,@@@5 @@@,@@@3 @@@,@@@0@@@,@@@32 @@@,@@@18@@@,@@@9@@@,@@@0@@@,@@@0@@@,@@@960@@@,@@@0@@@,@@@@@@,@@@2013.05.31@@@,@@@2013.05.31@@@,@@@0@@@,@@@0@@@,@@@0@@@,@@@0@@@,@@@0@@@,@@@0@@@,@@@0@@@,@@@0@@@,@@@0@@@,@@@0@@@,@@@0@@@,@@@1@@@,@@@0@@@,0,150,0,0,2,0,1,1,0,@@@NO@@@,0,0)','',2,'2013-05-31'),(19748,'DELETE FROM mae_impuestos_productos WHERE pro_codigo_plu=@@@780220114@@@','',2,'2013-05-31'),(19749,'UPDATE mae_productos SET pro_margen_actual=0,pro_precio_venta=960 WHERE pro_codigo_plu=780220114','',2,'2013-05-31'),(19750,'UPDATE mae_productos SET pro_margen_actual=0,pro_precio_venta=960 WHERE pro_codigo_plu=780220113','',2,'2013-05-31'),(19751,'UPDATE mae_productos SET pro_margen_actual=0,pro_precio_venta=960 WHERE pro_codigo_plu=780220113','',2,'2013-05-31'),(19752,'UPDATE mae_productos SET pro_margen_actual=0,pro_precio_venta=980 WHERE pro_codigo_plu=763274','',2,'2013-05-31'),(19753,'UPDATE mae_productos SET pro_margen_actual=0,pro_precio_venta=1660 WHERE pro_codigo_plu=13901','',2,'2013-05-31'),(19754,'UPDATE mae_productos SET pro_margen_actual=0,pro_precio_venta=190 WHERE pro_codigo_plu=262062','',2,'2013-05-31'),(19755,'UPDATE mae_productos SET pro_precio_fiscal=pro_precio_venta WHERE pro_codigo_plu=13901','',2,'2013-05-31'),(19756,'UPDATE mae_productos SET pro_precio_fiscal=pro_precio_venta WHERE pro_codigo_plu=262062','',2,'2013-05-31'),(19757,'UPDATE mae_productos SET pro_precio_fiscal=pro_precio_venta WHERE pro_codigo_plu=763274','',2,'2013-05-31'),(19758,'UPDATE mae_productos SET pro_precio_fiscal=pro_precio_venta WHERE pro_codigo_plu=780220113','',2,'2013-05-31'),(19759,'UPDATE mae_productos SET pro_precio_fiscal=pro_precio_venta WHERE pro_codigo_plu=780220114','',2,'2013-05-31'),(19760,'INSERT INTO gne_vale_ferreteria (vfe_id,vfe_fecha,vfe_total,vfe_estado,vfe_entregado,usu_nusuario) VALUES (1062,@@@2013.05.31@@@,6770,1,0,@@@b_SAEZ@@@)','',2,'2013-05-31'),(19761,'INSERT INTO gne_vale_ferreteria_mov (vfe_id,pro_codigo_plu,vfm_cantidad,vfm_unitario,vfm_total,vfm_entregado) VALUES (1062,764970,1,2990,2990,@@@NO@@@)','',2,'2013-05-31'),(19762,'INSERT INTO gne_vale_ferreteria_mov (vfe_id,pro_codigo_plu,vfm_cantidad,vfm_unitario,vfm_total,vfm_entregado) VALUES (1062,764949,1,1890,1890,@@@NO@@@)','',2,'2013-05-31'),(19763,'INSERT INTO gne_vale_ferreteria_mov (vfe_id,pro_codigo_plu,vfm_cantidad,vfm_unitario,vfm_total,vfm_entregado) VALUES (1062,764514,1,1890,1890,@@@NO@@@)','',2,'2013-05-31'),(19764,'INSERT INTO gne_vale_ferreteria (vfe_id,vfe_fecha,vfe_total,vfe_estado,vfe_entregado,usu_nusuario) VALUES (1063,@@@2013.05.31@@@,990,1,0,@@@G_DIAZ@@@)','',2,'2013-05-31'),(19765,'INSERT INTO gne_vale_ferreteria_mov (vfe_id,pro_codigo_plu,vfm_cantidad,vfm_unitario,vfm_total,vfm_entregado) VALUES (1063,4115,1,990,990,@@@NO@@@)','',2,'2013-05-31'),(19766,'INSERT INTO gne_vale_ferreteria (vfe_id,vfe_fecha,vfe_total,vfe_estado,vfe_entregado,usu_nusuario) VALUES (1064,@@@2013.05.31@@@,3190,1,0,@@@G_DIAZ@@@)','',2,'2013-05-31'),(19767,'INSERT INTO gne_vale_ferreteria_mov (vfe_id,pro_codigo_plu,vfm_cantidad,vfm_unitario,vfm_total,vfm_entregado) VALUES (1064,19855,1,890,890,@@@NO@@@)','',2,'2013-05-31'),(19768,'INSERT INTO gne_vale_ferreteria_mov (vfe_id,pro_codigo_plu,vfm_cantidad,vfm_unitario,vfm_total,vfm_entregado) VALUES (1064,11670,2,840,1680,@@@NO@@@)','',2,'2013-05-31'),(19769,'INSERT INTO gne_vale_ferreteria_mov (vfe_id,pro_codigo_plu,vfm_cantidad,vfm_unitario,vfm_total,vfm_entregado) VALUES (1064,11378,1,620,620,@@@NO@@@)','',2,'2013-05-31'),(19770,'INSERT INTO gne_vale_ferreteria (vfe_id,vfe_fecha,vfe_total,vfe_estado,vfe_entregado,usu_nusuario) VALUES (1065,@@@2013.05.31@@@,2990,1,0,@@@G_DIAZ@@@)','',2,'2013-05-31'),(19771,'INSERT INTO gne_vale_ferreteria_mov (vfe_id,pro_codigo_plu,vfm_cantidad,vfm_unitario,vfm_total,vfm_entregado) VALUES (1065,101817,1,2990,2990,@@@NO@@@)','',2,'2013-05-31'),(19772,'INSERT INTO gne_vale_ferreteria (vfe_id,vfe_fecha,vfe_total,vfe_estado,vfe_entregado,usu_nusuario) VALUES (1066,@@@2013.05.31@@@,2990,1,0,@@@G_DIAZ@@@)','',2,'2013-05-31'),(19773,'INSERT INTO gne_vale_ferreteria_mov (vfe_id,pro_codigo_plu,vfm_cantidad,vfm_unitario,vfm_total,vfm_entregado) VALUES (1066,764635,1,2990,2990,@@@NO@@@)','',2,'2013-05-31'),(19774,'INSERT INTO gne_vale_ferreteria (vfe_id,vfe_fecha,vfe_total,vfe_estado,vfe_entregado,usu_nusuario) VALUES (1067,@@@2013.05.31@@@,300,1,0,@@@G_DIAZ@@@)','',2,'2013-05-31'),(19775,'INSERT INTO gne_vale_ferreteria_mov (vfe_id,pro_codigo_plu,vfm_cantidad,vfm_unitario,vfm_total,vfm_entregado) VALUES (1067,78017194,1,200,200,@@@NO@@@)','',2,'2013-05-31'),(19776,'INSERT INTO gne_vale_ferreteria_mov (vfe_id,pro_codigo_plu,vfm_cantidad,vfm_unitario,vfm_total,vfm_entregado) VALUES (1067,763851,1,100,100,@@@NO@@@)','',2,'2013-05-31'),(19777,'INSERT INTO gne_vale_ferreteria (vfe_id,vfe_fecha,vfe_total,vfe_estado,vfe_entregado,usu_nusuario) VALUES (1068,@@@2013.05.31@@@,200,1,0,@@@G_DIAZ@@@)','',2,'2013-05-31'),(19778,'INSERT INTO gne_vale_ferreteria_mov (vfe_id,pro_codigo_plu,vfm_cantidad,vfm_unitario,vfm_total,vfm_entregado) VALUES (1068,7051,2,100,200,@@@NO@@@)','',2,'2013-05-31'),(19779,'INSERT INTO gne_vale_ferreteria (vfe_id,vfe_fecha,vfe_total,vfe_estado,vfe_entregado,usu_nusuario) VALUES (1069,@@@2013.05.31@@@,400,1,0,@@@G_DIAZ@@@)','',2,'2013-05-31'),(19780,'INSERT INTO gne_vale_ferreteria_mov (vfe_id,pro_codigo_plu,vfm_cantidad,vfm_unitario,vfm_total,vfm_entregado) VALUES (1069,7051,4,100,400,@@@NO@@@)','',2,'2013-05-31'),(19781,'INSERT INTO gne_vale_ferreteria (vfe_id,vfe_fecha,vfe_total,vfe_estado,vfe_entregado,usu_nusuario) VALUES (1070,@@@2013.05.31@@@,330,1,0,@@@G_DIAZ@@@)','',2,'2013-05-31'),(19782,'INSERT INTO gne_vale_ferreteria_mov (vfe_id,pro_codigo_plu,vfm_cantidad,vfm_unitario,vfm_total,vfm_entregado) VALUES (1070,19918,1,330,330,@@@NO@@@)','',2,'2013-05-31'),(19783,'INSERT INTO gne_vale_ferreteria (vfe_id,vfe_fecha,vfe_total,vfe_estado,vfe_entregado,usu_nusuario) VALUES (1071,@@@2013.05.31@@@,150,1,0,@@@G_DIAZ@@@)','',2,'2013-05-31'),(19784,'INSERT INTO gne_vale_ferreteria_mov (vfe_id,pro_codigo_plu,vfm_cantidad,vfm_unitario,vfm_total,vfm_entregado) VALUES (1071,78017017,1,150,150,@@@NO@@@)','',2,'2013-05-31'),(19785,'INSERT INTO gne_vale_ferreteria (vfe_id,vfe_fecha,vfe_total,vfe_estado,vfe_entregado,usu_nusuario) VALUES (1072,@@@2013.05.31@@@,750,1,0,@@@G_DIAZ@@@)','',2,'2013-05-31'),(19786,'INSERT INTO gne_vale_ferreteria_mov (vfe_id,pro_codigo_plu,vfm_cantidad,vfm_unitario,vfm_total,vfm_entregado) VALUES (1072,2004,1,300,300,@@@NO@@@)','',2,'2013-05-31'),(19787,'INSERT INTO gne_vale_ferreteria_mov (vfe_id,pro_codigo_plu,vfm_cantidad,vfm_unitario,vfm_total,vfm_entregado) VALUES (1072,764016,1,450,450,@@@NO@@@)','',2,'2013-05-31'),(19788,'INSERT INTO gne_vale_ferreteria (vfe_id,vfe_fecha,vfe_total,vfe_estado,vfe_entregado,usu_nusuario) VALUES (1073,@@@2013.05.31@@@,5980,1,0,@@@G_DIAZ@@@)','',2,'2013-05-31'),(19789,'INSERT INTO gne_vale_ferreteria_mov (vfe_id,pro_codigo_plu,vfm_cantidad,vfm_unitario,vfm_total,vfm_entregado) VALUES (1073,763620,1,3490,3490,@@@NO@@@)','',2,'2013-05-31'),(19790,'INSERT INTO gne_vale_ferreteria_mov (vfe_id,pro_codigo_plu,vfm_cantidad,vfm_unitario,vfm_total,vfm_entregado) VALUES (1073,765001,1,2490,2490,@@@NO@@@)','',2,'2013-05-31'),(19791,'INSERT INTO gne_vale_ferreteria (vfe_id,vfe_fecha,vfe_total,vfe_estado,vfe_entregado,usu_nusuario) VALUES (1074,@@@2013.05.31@@@,800,1,0,@@@G_DIAZ@@@)','',2,'2013-05-31'),(19792,'INSERT INTO gne_vale_ferreteria_mov (vfe_id,pro_codigo_plu,vfm_cantidad,vfm_unitario,vfm_total,vfm_entregado) VALUES (1074,770039,4,200,800,@@@NO@@@)','',2,'2013-05-31'),(19793,'INSERT INTO gne_vale_ferreteria (vfe_id,vfe_fecha,vfe_total,vfe_estado,vfe_entregado,usu_nusuario) VALUES (1075,@@@2013.05.31@@@,1180,1,0,@@@G_DIAZ@@@)','',2,'2013-05-31'),(19794,'INSERT INTO gne_vale_ferreteria_mov (vfe_id,pro_codigo_plu,vfm_cantidad,vfm_unitario,vfm_total,vfm_entregado) VALUES (1075,101881,2,590,1180,@@@NO@@@)','',2,'2013-05-31'),(19795,'INSERT INTO gne_vale_ferreteria (vfe_id,vfe_fecha,vfe_total,vfe_estado,vfe_entregado,usu_nusuario) VALUES (1076,@@@2013.05.31@@@,2590,1,0,@@@G_DIAZ@@@)','',2,'2013-05-31'),(19796,'INSERT INTO gne_vale_ferreteria_mov (vfe_id,pro_codigo_plu,vfm_cantidad,vfm_unitario,vfm_total,vfm_entregado) VALUES (1076,761995,1,2590,2590,@@@NO@@@)','',2,'2013-05-31'),(19797,'INSERT INTO gne_vale_ferreteria (vfe_id,vfe_fecha,vfe_total,vfe_estado,vfe_entregado,usu_nusuario) VALUES (1077,@@@2013.05.31@@@,990,1,0,@@@G_DIAZ@@@)','',2,'2013-05-31'),(19798,'INSERT INTO gne_vale_ferreteria_mov (vfe_id,pro_codigo_plu,vfm_cantidad,vfm_unitario,vfm_total,vfm_entregado) VALUES (1077,2008,1,990,990,@@@NO@@@)','',2,'2013-05-31'),(19799,'INSERT INTO gne_vale_ferreteria (vfe_id,vfe_fecha,vfe_total,vfe_estado,vfe_entregado,usu_nusuario) VALUES (1078,@@@2013.05.31@@@,40,1,0,@@@G_DIAZ@@@)','',2,'2013-05-31'),(19800,'INSERT INTO gne_vale_ferreteria_mov (vfe_id,pro_codigo_plu,vfm_cantidad,vfm_unitario,vfm_total,vfm_entregado) VALUES (1078,4080,1,40,40,@@@NO@@@)','',2,'2013-05-31'),(19801,'INSERT INTO gne_vale_ferreteria (vfe_id,vfe_fecha,vfe_total,vfe_estado,vfe_entregado,usu_nusuario) VALUES (1079,@@@2013.05.31@@@,200,1,0,@@@G_DIAZ@@@)','',2,'2013-05-31'),(19802,'INSERT INTO gne_vale_ferreteria_mov (vfe_id,pro_codigo_plu,vfm_cantidad,vfm_unitario,vfm_total,vfm_entregado) VALUES (1079,18021,1,200,200,@@@NO@@@)','',2,'2013-05-31'),(19803,'INSERT INTO gne_vale_ferreteria (vfe_id,vfe_fecha,vfe_total,vfe_estado,vfe_entregado,usu_nusuario) VALUES (1080,@@@2013.05.31@@@,3780,1,0,@@@G_DIAZ@@@)','',2,'2013-05-31'),(19804,'INSERT INTO gne_vale_ferreteria_mov (vfe_id,pro_codigo_plu,vfm_cantidad,vfm_unitario,vfm_total,vfm_entregado) VALUES (1080,763717,2,1890,3780,@@@NO@@@)','',2,'2013-05-31'),(19805,'INSERT INTO gne_vale_ferreteria (vfe_id,vfe_fecha,vfe_total,vfe_estado,vfe_entregado,usu_nusuario) VALUES (1081,@@@2013.05.31@@@,250,1,0,@@@G_DIAZ@@@)','',2,'2013-05-31'),(19806,'INSERT INTO gne_vale_ferreteria_mov (vfe_id,pro_codigo_plu,vfm_cantidad,vfm_unitario,vfm_total,vfm_entregado) VALUES (1081,1551,1,250,250,@@@NO@@@)','',2,'2013-05-31'),(19807,'INSERT INTO gne_vale_ferreteria (vfe_id,vfe_fecha,vfe_total,vfe_estado,vfe_entregado,usu_nusuario) VALUES (1082,@@@2013.05.31@@@,790,1,0,@@@G_DIAZ@@@)','',2,'2013-05-31'),(19808,'INSERT INTO gne_vale_ferreteria_mov (vfe_id,pro_codigo_plu,vfm_cantidad,vfm_unitario,vfm_total,vfm_entregado) VALUES (1082,4139,1,790,790,@@@NO@@@)','',2,'2013-05-31'),(19809,'INSERT INTO gne_vale_ferreteria (vfe_id,vfe_fecha,vfe_total,vfe_estado,vfe_entregado,usu_nusuario) VALUES (1083,@@@2013.05.31@@@,200,1,0,@@@G_DIAZ@@@)','',2,'2013-05-31'),(19810,'INSERT INTO gne_vale_ferreteria_mov (vfe_id,pro_codigo_plu,vfm_cantidad,vfm_unitario,vfm_total,vfm_entregado) VALUES (1083,78017141,1,200,200,@@@NO@@@)','',2,'2013-05-31'),(19811,'INSERT INTO mae_productos (pro_codigo_plu,pro_codigo_barra,pro_tipo,pro_nombre_producto,pro_nombre_corto,med_id,emb_id,pro_unidades_embalaje,dep_id,lin_id,mar_id,pro_precio_compra_neto,pro_precio_compra_bruto,pro_precio_venta,pro_margen_actual,pro_oferta,pro_fecha_inicio_oferta,pro_fecha_termino_oferta,pro_precio_oferta,pro_stock_minimo,pro_stock_critico,pro_entradas_bodega,pro_salidas_bodega,pro_mermas_bodega,pro_ajustes_bodega,pro_entradas_sv,pro_salidas_sv,pro_mermas_sv,pro_ajustes_sv,pro_activo,rec_numero,pro_unidad,pro_capacidad,pro_consumo_bodega,pro_consumo_sv,pro_estado,pro_funcion_plu,pro_flejes,pro_iva,pro_plu_asociado,pro_envase,pro_duracion,pro_numero_etiqueta) VALUES (780220115,@@@7702166047013@@@,@@@0@@@,@@@DETERGENTE DERSA ULTRA LABANDA@@@,@@@DETERGENTE DERSA@@@,@@@1 @@@,@@@3 @@@,@@@0@@@,@@@2 @@@,@@@36@@@,@@@2358@@@,@@@0@@@,@@@0@@@,@@@350@@@,@@@0@@@,@@@@@@,@@@2013.05.31@@@,@@@2013.05.31@@@,@@@0@@@,@@@0@@@,@@@0@@@,@@@0@@@,@@@0@@@,@@@0@@@,@@@0@@@,@@@0@@@,@@@0@@@,@@@0@@@,@@@0@@@,@@@1@@@,@@@0@@@,0,1,0,0,2,0,1,1,0,@@@NO@@@,0,0)','',2,'2013-05-31'),(19812,'DELETE FROM mae_impuestos_productos WHERE pro_codigo_plu=@@@780220115@@@','',2,'2013-05-31'),(19813,'UPDATE mae_productos SET pro_precio_fiscal=pro_precio_venta WHERE pro_codigo_plu=780220115','',2,'2013-05-31'),(19814,'INSERT INTO gne_vale_ferreteria (vfe_id,vfe_fecha,vfe_total,vfe_estado,vfe_entregado,usu_nusuario) VALUES (1084,@@@2013.05.31@@@,1000,1,0,@@@G_DIAZ@@@)','',2,'2013-05-31'),(19815,'INSERT INTO gne_vale_ferreteria_mov (vfe_id,pro_codigo_plu,vfm_cantidad,vfm_unitario,vfm_total,vfm_entregado) VALUES (1084,6006,1,500,500,@@@NO@@@)','',2,'2013-05-31'),(19816,'INSERT INTO gne_vale_ferreteria_mov (vfe_id,pro_codigo_plu,vfm_cantidad,vfm_unitario,vfm_total,vfm_entregado) VALUES (1084,764696,3,100,300,@@@NO@@@)','',2,'2013-05-31'),(19817,'INSERT INTO gne_vale_ferreteria_mov (vfe_id,pro_codigo_plu,vfm_cantidad,vfm_unitario,vfm_total,vfm_entregado) VALUES (1084,78017007,2,100,200,@@@NO@@@)','',2,'2013-05-31'),(19818,'INSERT INTO gne_vale_ferreteria (vfe_id,vfe_fecha,vfe_total,vfe_estado,vfe_entregado,usu_nusuario) VALUES (1085,@@@2013.05.31@@@,250,1,0,@@@G_DIAZ@@@)','',2,'2013-05-31'),(19819,'INSERT INTO gne_vale_ferreteria_mov (vfe_id,pro_codigo_plu,vfm_cantidad,vfm_unitario,vfm_total,vfm_entregado) VALUES (1085,764583,1,250,250,@@@NO@@@)','',2,'2013-05-31'),(19820,'INSERT INTO gne_vale_ferreteria (vfe_id,vfe_fecha,vfe_total,vfe_estado,vfe_entregado,usu_nusuario) VALUES (1086,@@@2013.05.31@@@,300,1,0,@@@G_DIAZ@@@)','',2,'2013-05-31'),(19821,'INSERT INTO gne_vale_ferreteria_mov (vfe_id,pro_codigo_plu,vfm_cantidad,vfm_unitario,vfm_total,vfm_entregado) VALUES (1086,764696,3,100,300,@@@NO@@@)','',2,'2013-05-31'),(19822,'UPDATE mae_productos SET pro_margen_actual=0,pro_precio_venta=450 WHERE pro_codigo_plu=607','',2,'2013-05-31'),(19823,'UPDATE mae_productos SET pro_precio_fiscal=pro_precio_venta WHERE pro_codigo_plu=607','',2,'2013-05-31'),(19824,'INSERT INTO gne_vale_ferreteria (vfe_id,vfe_fecha,vfe_total,vfe_estado,vfe_entregado,usu_nusuario) VALUES (1087,@@@2013.05.31@@@,1690,1,0,@@@G_DIAZ@@@)','',2,'2013-05-31'),(19825,'INSERT INTO gne_vale_ferreteria_mov (vfe_id,pro_codigo_plu,vfm_cantidad,vfm_unitario,vfm_total,vfm_entregado) VALUES (1087,763697,1,1690,1690,@@@NO@@@)','',2,'2013-05-31'),(19826,'UPDATE mae_productos SET pro_codigo_barra=@@@7791293995755@@@,pro_tipo=@@@0@@@,pro_nombre_producto=@@@AXE DEO.SPRAY DARK TEMPTATION 160 ML.@@@,pro_nombre_corto=@@@AXE DEO.SPRAY DA@@@,med_id=@@@7@@@,emb_id=@@@3@@@,pro_unidades_embalaje=@@@1@@@,dep_id=@@@21 @@@,lin_id=@@@118@@@,mar_id=@@@128@@@,pro_precio_compra_neto=@@@0@@@,pro_precio_compra_bruto=@@@0@@@,pro_precio_venta=@@@1690@@@,pro_margen_actual=@@@0@@@,pro_oferta=@@@NO@@@,pro_fecha_inicio_oferta=@@@2006.09.07@@@,pro_fecha_termino_oferta=@@@2006.09.07@@@,pro_precio_oferta=@@@0@@@,pro_stock_minimo=@@@12@@@,pro_stock_critico=@@@6@@@,pro_activo=@@@1@@@,pro_unidad=@@@0@@@,pro_precio_compra_bruto=0,pro_margen_actual=0,pro_capacidad=0.16,pro_funcion_plu=0,pro_flejes=1,pro_iva=1,pro_plu_asociado=0,pro_envase=@@@NO@@@,pro_duracion=0,pro_numero_etiqueta=0 WHERE pro_codigo_plu=@@@101563@@@','',2,'2013-05-31'),(19827,'UPDATE mae_productos SET pro_estado=1 WHERE pro_codigo_plu=101563','',2,'2013-05-31'),(19828,'DELETE FROM mae_impuestos_productos WHERE pro_codigo_plu=@@@101563@@@','',2,'2013-05-31'),(19829,'INSERT INTO gne_vale_ferreteria (vfe_id,vfe_fecha,vfe_total,vfe_estado,vfe_entregado,usu_nusuario) VALUES (1088,@@@2013.05.31@@@,500,1,0,@@@G_DIAZ@@@)','',2,'2013-05-31'),(19830,'INSERT INTO gne_vale_ferreteria_mov (vfe_id,pro_codigo_plu,vfm_cantidad,vfm_unitario,vfm_total,vfm_entregado) VALUES (1088,763871,1,500,500,@@@NO@@@)','',2,'2013-05-31'),(19831,'INSERT INTO gne_vale_ferreteria (vfe_id,vfe_fecha,vfe_total,vfe_estado,vfe_entregado,usu_nusuario) VALUES (1089,@@@2013.05.31@@@,250,1,0,@@@G_DIAZ@@@)','',2,'2013-05-31'),(19832,'INSERT INTO gne_vale_ferreteria_mov (vfe_id,pro_codigo_plu,vfm_cantidad,vfm_unitario,vfm_total,vfm_entregado) VALUES (1089,770060,1,250,250,@@@NO@@@)','',2,'2013-05-31'),(19833,'INSERT INTO gne_vale_ferreteria (vfe_id,vfe_fecha,vfe_total,vfe_estado,vfe_entregado,usu_nusuario) VALUES (1090,@@@2013.05.31@@@,1490,1,0,@@@G_DIAZ@@@)','',2,'2013-05-31'),(19834,'INSERT INTO gne_vale_ferreteria_mov (vfe_id,pro_codigo_plu,vfm_cantidad,vfm_unitario,vfm_total,vfm_entregado) VALUES (1090,762308,1,1490,1490,@@@NO@@@)','',2,'2013-05-31'),(19835,'INSERT INTO gne_vale_ferreteria (vfe_id,vfe_fecha,vfe_total,vfe_estado,vfe_entregado,usu_nusuario) VALUES (1091,@@@2013.05.31@@@,800,1,0,@@@G_DIAZ@@@)','',2,'2013-05-31'),(19836,'INSERT INTO gne_vale_ferreteria_mov (vfe_id,pro_codigo_plu,vfm_cantidad,vfm_unitario,vfm_total,vfm_entregado) VALUES (1091,770000,12,50,600,@@@NO@@@)','',2,'2013-05-31'),(19837,'INSERT INTO gne_vale_ferreteria_mov (vfe_id,pro_codigo_plu,vfm_cantidad,vfm_unitario,vfm_total,vfm_entregado) VALUES (1091,78017111,2,100,200,@@@NO@@@)','',2,'2013-05-31'),(19838,'INSERT INTO gne_vale_ferreteria (vfe_id,vfe_fecha,vfe_total,vfe_estado,vfe_entregado,usu_nusuario) VALUES (1092,@@@2013.05.31@@@,2990,1,0,@@@G_DIAZ@@@)','',2,'2013-05-31'),(19839,'INSERT INTO gne_vale_ferreteria_mov (vfe_id,pro_codigo_plu,vfm_cantidad,vfm_unitario,vfm_total,vfm_entregado) VALUES (1092,764635,1,2990,2990,@@@NO@@@)','',2,'2013-05-31'),(19840,'INSERT INTO gne_vale_ferreteria (vfe_id,vfe_fecha,vfe_total,vfe_estado,vfe_entregado,usu_nusuario) VALUES (1093,@@@2013.05.31@@@,680,1,0,@@@G_DIAZ@@@)','',2,'2013-05-31'),(19841,'INSERT INTO gne_vale_ferreteria_mov (vfe_id,pro_codigo_plu,vfm_cantidad,vfm_unitario,vfm_total,vfm_entregado) VALUES (1093,19866,1,680,680,@@@NO@@@)','',2,'2013-05-31'),(19842,'INSERT INTO gne_vale_ferreteria (vfe_id,vfe_fecha,vfe_total,vfe_estado,vfe_entregado,usu_nusuario) VALUES (1094,@@@2013.05.31@@@,3780,1,0,@@@G_DIAZ@@@)','',2,'2013-05-31'),(19843,'INSERT INTO gne_vale_ferreteria_mov (vfe_id,pro_codigo_plu,vfm_cantidad,vfm_unitario,vfm_total,vfm_entregado) VALUES (1094,101841,2,1890,3780,@@@NO@@@)','',2,'2013-05-31'),(19844,'INSERT INTO gne_vale_ferreteria (vfe_id,vfe_fecha,vfe_total,vfe_estado,vfe_entregado,usu_nusuario) VALUES (1095,@@@2013.05.31@@@,840,1,0,@@@G_DIAZ@@@)','',2,'2013-05-31'),(19845,'INSERT INTO gne_vale_ferreteria_mov (vfe_id,pro_codigo_plu,vfm_cantidad,vfm_unitario,vfm_total,vfm_entregado) VALUES (1095,11670,1,840,840,@@@NO@@@)','',2,'2013-05-31'),(19846,'INSERT INTO gne_vale_ferreteria (vfe_id,vfe_fecha,vfe_total,vfe_estado,vfe_entregado,usu_nusuario) VALUES (1096,@@@2013.05.31@@@,1040,1,0,@@@G_DIAZ@@@)','',2,'2013-05-31'),(19847,'INSERT INTO gne_vale_ferreteria_mov (vfe_id,pro_codigo_plu,vfm_cantidad,vfm_unitario,vfm_total,vfm_entregado) VALUES (1096,15967,8,130,1040,@@@NO@@@)','',2,'2013-05-31'),(19848,'INSERT INTO gne_vale_ferreteria (vfe_id,vfe_fecha,vfe_total,vfe_estado,vfe_entregado,usu_nusuario) VALUES (1097,@@@2013.05.31@@@,14320,1,0,@@@G_DIAZ@@@)','',2,'2013-05-31'),(19849,'INSERT INTO gne_vale_ferreteria_mov (vfe_id,pro_codigo_plu,vfm_cantidad,vfm_unitario,vfm_total,vfm_entregado) VALUES (1097,764976,1,5990,5990,@@@NO@@@)','',2,'2013-05-31'),(19850,'INSERT INTO gne_vale_ferreteria_mov (vfe_id,pro_codigo_plu,vfm_cantidad,vfm_unitario,vfm_total,vfm_entregado) VALUES (1097,764923,7,1190,8330,@@@NO@@@)','',2,'2013-05-31'),(19851,'INSERT INTO gne_vale_ferreteria (vfe_id,vfe_fecha,vfe_total,vfe_estado,vfe_entregado,usu_nusuario) VALUES (1098,@@@2013.05.31@@@,150,1,0,@@@G_DIAZ@@@)','',2,'2013-05-31'),(19852,'INSERT INTO gne_vale_ferreteria_mov (vfe_id,pro_codigo_plu,vfm_cantidad,vfm_unitario,vfm_total,vfm_entregado) VALUES (1098,21136,1,150,150,@@@NO@@@)','',2,'2013-05-31'),(19853,'UPDATE mae_productos SET pro_codigo_barra=@@@7802225688017@@@,pro_tipo=@@@0@@@,pro_nombre_producto=@@@GALLETA DULCE COCO 135 GRS.@@@,pro_nombre_corto=@@@GALLETA DULCE CO@@@,med_id=@@@5@@@,emb_id=@@@3@@@,pro_unidades_embalaje=@@@24@@@,dep_id=@@@32 @@@,lin_id=@@@18@@@,mar_id=@@@1740@@@,pro_precio_compra_neto=@@@0@@@,pro_precio_compra_bruto=@@@0@@@,pro_precio_venta=@@@380@@@,pro_margen_actual=@@@0@@@,pro_oferta=@@@NO@@@,pro_fecha_inicio_oferta=@@@2006.09.07@@@,pro_fecha_termino_oferta=@@@2006.09.07@@@,pro_precio_oferta=@@@0@@@,pro_stock_minimo=@@@24@@@,pro_stock_critico=@@@12@@@,pro_activo=@@@1@@@,pro_unidad=@@@0@@@,pro_precio_compra_bruto=0,pro_margen_actual=0,pro_capacidad=0.135,pro_funcion_plu=0,pro_flejes=1,pro_iva=1,pro_plu_asociado=0,pro_envase=@@@NO@@@,pro_duracion=0,pro_numero_etiqueta=0 WHERE pro_codigo_plu=@@@102311@@@','',2,'2013-05-31'),(19854,'UPDATE mae_productos SET pro_estado=1 WHERE pro_codigo_plu=102311','',2,'2013-05-31'),(19855,'DELETE FROM mae_impuestos_productos WHERE pro_codigo_plu=@@@102311@@@','',2,'2013-05-31'),(19856,'UPDATE mae_productos SET pro_codigo_barra=@@@7802225688024@@@,pro_tipo=@@@0@@@,pro_nombre_producto=@@@GALLETA DULCE LIMON 135 GRS.@@@,pro_nombre_corto=@@@GALLETA DULCE LI@@@,med_id=@@@5@@@,emb_id=@@@3@@@,pro_unidades_embalaje=@@@24@@@,dep_id=@@@32 @@@,lin_id=@@@18@@@,mar_id=@@@1740@@@,pro_precio_compra_neto=@@@0@@@,pro_precio_compra_bruto=@@@0@@@,pro_precio_venta=@@@380@@@,pro_margen_actual=@@@0@@@,pro_oferta=@@@NO@@@,pro_fecha_inicio_oferta=@@@2006.09.07@@@,pro_fecha_termino_oferta=@@@2006.09.07@@@,pro_precio_oferta=@@@0@@@,pro_stock_minimo=@@@24@@@,pro_stock_critico=@@@12@@@,pro_activo=@@@1@@@,pro_unidad=@@@0@@@,pro_precio_compra_bruto=0,pro_margen_actual=0,pro_capacidad=0.135,pro_funcion_plu=0,pro_flejes=1,pro_iva=1,pro_plu_asociado=0,pro_envase=@@@NO@@@,pro_duracion=0,pro_numero_etiqueta=0 WHERE pro_codigo_plu=@@@102312@@@','',2,'2013-05-31'),(19857,'UPDATE mae_productos SET pro_estado=1 WHERE pro_codigo_plu=102312','',2,'2013-05-31'),(19858,'DELETE FROM mae_impuestos_productos WHERE pro_codigo_plu=@@@102312@@@','',2,'2013-05-31'),(19859,'UPDATE mae_productos SET pro_codigo_barra=@@@7802225688031@@@,pro_tipo=@@@0@@@,pro_nombre_producto=@@@GALLETA DULCE CHOCOLATE 135 GRS.@@@,pro_nombre_corto=@@@GALLETA DULCE C@@@,med_id=@@@5@@@,emb_id=@@@4@@@,pro_unidades_embalaje=@@@24@@@,dep_id=@@@32 @@@,lin_id=@@@18@@@,mar_id=@@@1740@@@,pro_precio_compra_neto=@@@0@@@,pro_precio_compra_bruto=@@@0@@@,pro_precio_venta=@@@380@@@,pro_margen_actual=@@@0@@@,pro_oferta=@@@NO@@@,pro_fecha_inicio_oferta=@@@2006.09.07@@@,pro_fecha_termino_oferta=@@@2006.09.07@@@,pro_precio_oferta=@@@0@@@,pro_stock_minimo=@@@24@@@,pro_stock_critico=@@@12@@@,pro_activo=@@@1@@@,pro_unidad=@@@0@@@,pro_precio_compra_bruto=0,pro_margen_actual=0,pro_capacidad=0.135,pro_funcion_plu=0,pro_flejes=1,pro_iva=1,pro_plu_asociado=0,pro_envase=@@@NO@@@,pro_duracion=0,pro_numero_etiqueta=0 WHERE pro_codigo_plu=@@@102310@@@','',2,'2013-05-31'),(19860,'UPDATE mae_productos SET pro_estado=1 WHERE pro_codigo_plu=102310','',2,'2013-05-31'),(19861,'DELETE FROM mae_impuestos_productos WHERE pro_codigo_plu=@@@102310@@@','',2,'2013-05-31'),(19862,'UPDATE mae_productos SET pro_codigo_barra=@@@7802225688017@@@,pro_tipo=@@@0@@@,pro_nombre_producto=@@@GALLETA DULCE COCO 135 GRS.@@@,pro_nombre_corto=@@@GALLETA DULCE CO@@@,med_id=@@@5@@@,emb_id=@@@3@@@,pro_unidades_embalaje=@@@24@@@,dep_id=@@@32 @@@,lin_id=@@@18@@@,mar_id=@@@1740@@@,pro_precio_compra_neto=@@@0@@@,pro_precio_compra_bruto=@@@0@@@,pro_precio_venta=@@@380@@@,pro_margen_actual=@@@0@@@,pro_oferta=@@@NO@@@,pro_fecha_inicio_oferta=@@@2006.09.07@@@,pro_fecha_termino_oferta=@@@2006.09.07@@@,pro_precio_oferta=@@@0@@@,pro_stock_minimo=@@@24@@@,pro_stock_critico=@@@12@@@,pro_activo=@@@1@@@,pro_unidad=@@@0@@@,pro_precio_compra_bruto=0,pro_margen_actual=0,pro_capacidad=0.135,pro_funcion_plu=0,pro_flejes=1,pro_iva=1,pro_plu_asociado=0,pro_envase=@@@NO@@@,pro_duracion=0,pro_numero_etiqueta=0 WHERE pro_codigo_plu=@@@102311@@@','',2,'2013-05-31'),(19863,'UPDATE mae_productos SET pro_estado=1 WHERE pro_codigo_plu=102311','',2,'2013-05-31'),(19864,'DELETE FROM mae_impuestos_productos WHERE pro_codigo_plu=@@@102311@@@','',2,'2013-05-31'),(19865,'UPDATE mae_productos SET pro_codigo_barra=@@@7802225632607@@@,pro_tipo=@@@0@@@,pro_nombre_producto=@@@GALLETA DOS EN UNO VINO 160 GRS@@@,pro_nombre_corto=@@@GALLETA DOS EN U@@@,med_id=@@@5@@@,emb_id=@@@4@@@,pro_unidades_embalaje=@@@24@@@,dep_id=@@@32 @@@,lin_id=@@@18@@@,mar_id=@@@1740@@@,pro_precio_compra_neto=@@@0@@@,pro_precio_compra_bruto=@@@0@@@,pro_precio_venta=@@@380@@@,pro_margen_actual=@@@0@@@,pro_oferta=@@@NO@@@,pro_fecha_inicio_oferta=@@@1900.01.01@@@,pro_fecha_termino_oferta=@@@1900.01.01@@@,pro_precio_oferta=@@@0@@@,pro_stock_minimo=@@@24@@@,pro_stock_critico=@@@12@@@,pro_activo=@@@1@@@,pro_unidad=@@@0@@@,pro_precio_compra_bruto=0,pro_margen_actual=0,pro_capacidad=0.16,pro_funcion_plu=0,pro_flejes=1,pro_iva=1,pro_plu_asociado=0,pro_envase=@@@NO@@@,pro_duracion=0,pro_numero_etiqueta=0 WHERE pro_codigo_plu=@@@12174@@@','',2,'2013-05-31'),(19866,'UPDATE mae_productos SET pro_estado=1 WHERE pro_codigo_plu=12174','',2,'2013-05-31'),(19867,'DELETE FROM mae_impuestos_productos WHERE pro_codigo_plu=@@@12174@@@','',2,'2013-05-31'),(19868,'UPDATE mae_productos SET pro_codigo_barra=@@@7802225688000@@@,pro_tipo=@@@0@@@,pro_nombre_producto=@@@GALLETA DULCE MANTEQUILLA 135 GRS.@@@,pro_nombre_corto=@@@GALLETA DULCE MA@@@,med_id=@@@5@@@,emb_id=@@@4@@@,pro_unidades_embalaje=@@@24@@@,dep_id=@@@32 @@@,lin_id=@@@18@@@,mar_id=@@@1740@@@,pro_precio_compra_neto=@@@0@@@,pro_precio_compra_bruto=@@@0@@@,pro_precio_venta=@@@380@@@,pro_margen_actual=@@@0@@@,pro_oferta=@@@NO@@@,pro_fecha_inicio_oferta=@@@2006.09.07@@@,pro_fecha_termino_oferta=@@@2006.09.07@@@,pro_precio_oferta=@@@0@@@,pro_stock_minimo=@@@24@@@,pro_stock_critico=@@@12@@@,pro_activo=@@@1@@@,pro_unidad=@@@0@@@,pro_precio_compra_bruto=0,pro_margen_actual=0,pro_capacidad=0.135,pro_funcion_plu=0,pro_flejes=1,pro_iva=1,pro_plu_asociado=0,pro_envase=@@@NO@@@,pro_duracion=0,pro_numero_etiqueta=0 WHERE pro_codigo_plu=@@@102313@@@','',2,'2013-05-31'),(19869,'UPDATE mae_productos SET pro_estado=1 WHERE pro_codigo_plu=102313','',2,'2013-05-31'),(19870,'DELETE FROM mae_impuestos_productos WHERE pro_codigo_plu=@@@102313@@@','',2,'2013-05-31'),(19871,'UPDATE mae_productos SET pro_precio_fiscal=pro_precio_venta WHERE pro_codigo_plu=101563','',2,'2013-05-31'),(19872,'UPDATE mae_productos SET pro_precio_fiscal=pro_precio_venta WHERE pro_codigo_plu=12174','',2,'2013-05-31'),(19873,'UPDATE mae_productos SET pro_precio_fiscal=pro_precio_venta WHERE pro_codigo_plu=102313','',2,'2013-05-31'),(19874,'UPDATE mae_productos SET pro_precio_fiscal=pro_precio_venta WHERE pro_codigo_plu=102311','',2,'2013-05-31'),(19875,'UPDATE mae_productos SET pro_precio_fiscal=pro_precio_venta WHERE pro_codigo_plu=102312','',2,'2013-05-31'),(19876,'UPDATE mae_productos SET pro_precio_fiscal=pro_precio_venta WHERE pro_codigo_plu=102310','',2,'2013-05-31'),(19877,'INSERT INTO gne_vale_ferreteria (vfe_id,vfe_fecha,vfe_total,vfe_estado,vfe_entregado,usu_nusuario) VALUES (1099,@@@2013.05.31@@@,990,1,0,@@@G_DIAZ@@@)','',2,'2013-05-31'),(19878,'INSERT INTO gne_vale_ferreteria_mov (vfe_id,pro_codigo_plu,vfm_cantidad,vfm_unitario,vfm_total,vfm_entregado) VALUES (1099,2008,1,990,990,@@@NO@@@)','',2,'2013-05-31'),(19879,'INSERT INTO gne_vale_ferreteria (vfe_id,vfe_fecha,vfe_total,vfe_estado,vfe_entregado,usu_nusuario) VALUES (1100,@@@2013.05.31@@@,1590,1,0,@@@G_DIAZ@@@)','',2,'2013-05-31'),(19880,'INSERT INTO gne_vale_ferreteria_mov (vfe_id,pro_codigo_plu,vfm_cantidad,vfm_unitario,vfm_total,vfm_entregado) VALUES (1100,15955,3,530,1590,@@@NO@@@)','',2,'2013-05-31'),(19881,'INSERT INTO gne_vale_ferreteria (vfe_id,vfe_fecha,vfe_total,vfe_estado,vfe_entregado,usu_nusuario) VALUES (1101,@@@2013.05.31@@@,920,1,0,@@@G_DIAZ@@@)','',2,'2013-05-31'),(19882,'INSERT INTO gne_vale_ferreteria_mov (vfe_id,pro_codigo_plu,vfm_cantidad,vfm_unitario,vfm_total,vfm_entregado) VALUES (1101,19856,1,920,920,@@@NO@@@)','',2,'2013-05-31'),(19883,'INSERT INTO gne_vale_ferreteria (vfe_id,vfe_fecha,vfe_total,vfe_estado,vfe_entregado,usu_nusuario) VALUES (1102,@@@2013.05.31@@@,350,1,0,@@@G_DIAZ@@@)','',2,'2013-05-31'),(19884,'INSERT INTO gne_vale_ferreteria_mov (vfe_id,pro_codigo_plu,vfm_cantidad,vfm_unitario,vfm_total,vfm_entregado) VALUES (1102,102408,1,350,350,@@@NO@@@)','',2,'2013-05-31'),(19885,'INSERT INTO gne_vale_ferreteria (vfe_id,vfe_fecha,vfe_total,vfe_estado,vfe_entregado,usu_nusuario) VALUES (1103,@@@2013.05.31@@@,1100,1,0,@@@G_DIAZ@@@)','',2,'2013-05-31'),(19886,'INSERT INTO gne_vale_ferreteria_mov (vfe_id,pro_codigo_plu,vfm_cantidad,vfm_unitario,vfm_total,vfm_entregado) VALUES (1103,763742,1,1100,1100,@@@NO@@@)','',2,'2013-05-31'),(19887,'INSERT INTO gne_vale_ferreteria (vfe_id,vfe_fecha,vfe_total,vfe_estado,vfe_entregado,usu_nusuario) VALUES (1104,@@@2013.06.01@@@,1890,1,0,@@@G_DIAZ@@@)','',2,'2013-05-31'),(19888,'INSERT INTO gne_vale_ferreteria_mov (vfe_id,pro_codigo_plu,vfm_cantidad,vfm_unitario,vfm_total,vfm_entregado) VALUES (1104,764948,1,1890,1890,@@@NO@@@)','',2,'2013-05-31'),(19889,'INSERT INTO gne_vale_ferreteria (vfe_id,vfe_fecha,vfe_total,vfe_estado,vfe_entregado,usu_nusuario) VALUES (1105,@@@2013.06.01@@@,1890,1,0,@@@G_DIAZ@@@)','',2,'2013-05-31'),(19890,'INSERT INTO gne_vale_ferreteria_mov (vfe_id,pro_codigo_plu,vfm_cantidad,vfm_unitario,vfm_total,vfm_entregado) VALUES (1105,764948,1,1890,1890,@@@NO@@@)','',2,'2013-05-31'),(19891,'INSERT INTO gne_vale_ferreteria (vfe_id,vfe_fecha,vfe_total,vfe_estado,vfe_entregado,usu_nusuario) VALUES (1106,@@@2013.06.01@@@,1890,1,0,@@@G_DIAZ@@@)','',2,'2013-05-31'),(19892,'INSERT INTO gne_vale_ferreteria_mov (vfe_id,pro_codigo_plu,vfm_cantidad,vfm_unitario,vfm_total,vfm_entregado) VALUES (1106,764948,1,1890,1890,@@@NO@@@)','',2,'2013-05-31'),(19893,'INSERT INTO gne_vale_ferreteria (vfe_id,vfe_fecha,vfe_total,vfe_estado,vfe_entregado,usu_nusuario) VALUES (1107,@@@2013.06.01@@@,150,1,0,@@@G_DIAZ@@@)','',2,'2013-05-31'),(19894,'INSERT INTO gne_vale_ferreteria_mov (vfe_id,pro_codigo_plu,vfm_cantidad,vfm_unitario,vfm_total,vfm_entregado) VALUES (1107,78017110,1,150,150,@@@NO@@@)','',2,'2013-05-31'),(19895,'INSERT INTO gne_vale_ferreteria (vfe_id,vfe_fecha,vfe_total,vfe_estado,vfe_entregado,usu_nusuario) VALUES (1108,@@@2013.06.01@@@,1690,1,0,@@@G_DIAZ@@@)','',2,'2013-05-31'),(19896,'INSERT INTO gne_vale_ferreteria_mov (vfe_id,pro_codigo_plu,vfm_cantidad,vfm_unitario,vfm_total,vfm_entregado) VALUES (1108,20476,1,1690,1690,@@@NO@@@)','',2,'2013-05-31'),(19897,'INSERT INTO gne_vale_ferreteria (vfe_id,vfe_fecha,vfe_total,vfe_estado,vfe_entregado,usu_nusuario) VALUES (1109,@@@2013.06.01@@@,3090,1,0,@@@G_DIAZ@@@)','',2,'2013-05-31'),(19898,'INSERT INTO gne_vale_ferreteria_mov (vfe_id,pro_codigo_plu,vfm_cantidad,vfm_unitario,vfm_total,vfm_entregado) VALUES (1109,19956,1,990,990,@@@NO@@@)','',2,'2013-05-31'),(19899,'INSERT INTO gne_vale_ferreteria_mov (vfe_id,pro_codigo_plu,vfm_cantidad,vfm_unitario,vfm_total,vfm_entregado) VALUES (1109,1518,1,2100,2100,@@@NO@@@)','',2,'2013-05-31'),(19900,'INSERT INTO gne_vale_ferreteria (vfe_id,vfe_fecha,vfe_total,vfe_estado,vfe_entregado,usu_nusuario) VALUES (1110,@@@2013.06.01@@@,700,1,0,@@@G_DIAZ@@@)','',2,'2013-05-31'),(19901,'INSERT INTO gne_vale_ferreteria_mov (vfe_id,pro_codigo_plu,vfm_cantidad,vfm_unitario,vfm_total,vfm_entregado) VALUES (1110,764696,3,100,300,@@@NO@@@)','',2,'2013-05-31'),(19902,'INSERT INTO gne_vale_ferreteria_mov (vfe_id,pro_codigo_plu,vfm_cantidad,vfm_unitario,vfm_total,vfm_entregado) VALUES (1110,770021,2,200,400,@@@NO@@@)','',2,'2013-05-31'),(19903,'INSERT INTO gne_vale_ferreteria (vfe_id,vfe_fecha,vfe_total,vfe_estado,vfe_entregado,usu_nusuario) VALUES (1111,@@@2013.06.01@@@,1580,1,0,@@@G_DIAZ@@@)','',2,'2013-05-31'),(19904,'INSERT INTO gne_vale_ferreteria_mov (vfe_id,pro_codigo_plu,vfm_cantidad,vfm_unitario,vfm_total,vfm_entregado) VALUES (1111,101454,2,790,1580,@@@NO@@@)','',2,'2013-05-31'),(19905,'INSERT INTO gne_vale_ferreteria (vfe_id,vfe_fecha,vfe_total,vfe_estado,vfe_entregado,usu_nusuario) VALUES (1112,@@@2013.06.01@@@,660,1,0,@@@G_DIAZ@@@)','',2,'2013-05-31'),(19906,'INSERT INTO gne_vale_ferreteria_mov (vfe_id,pro_codigo_plu,vfm_cantidad,vfm_unitario,vfm_total,vfm_entregado) VALUES (1112,19918,2,330,660,@@@NO@@@)','',2,'2013-05-31'),(19907,'UPDATE mae_productos SET pro_codigo_barra=@@@7804945076204@@@,pro_tipo=@@@0@@@,pro_nombre_producto=@@@BABYLAND COL.PINK 125 ML.@@@,pro_nombre_corto=@@@BABYLAND COL.PIN@@@,med_id=@@@7@@@,emb_id=@@@3@@@,pro_unidades_embalaje=@@@1@@@,dep_id=@@@21 @@@,lin_id=@@@116@@@,mar_id=@@@155@@@,pro_precio_compra_neto=@@@0@@@,pro_precio_compra_bruto=@@@0@@@,pro_precio_venta=@@@890@@@,pro_margen_actual=@@@0@@@,pro_oferta=@@@NO@@@,pro_fecha_inicio_oferta=@@@2006.09.07@@@,pro_fecha_termino_oferta=@@@2006.09.07@@@,pro_precio_oferta=@@@0@@@,pro_stock_minimo=@@@24@@@,pro_stock_critico=@@@12@@@,pro_activo=@@@1@@@,pro_unidad=@@@0@@@,pro_precio_compra_bruto=0,pro_margen_actual=0,pro_capacidad=0.125,pro_funcion_plu=0,pro_flejes=1,pro_iva=1,pro_plu_asociado=0,pro_envase=@@@NO@@@,pro_duracion=0,pro_numero_etiqueta=0 WHERE pro_codigo_plu=@@@101098@@@','',2,'2013-05-31'),(19908,'UPDATE mae_productos SET pro_estado=1 WHERE pro_codigo_plu=101098','',2,'2013-05-31'),(19909,'DELETE FROM mae_impuestos_productos WHERE pro_codigo_plu=@@@101098@@@','',2,'2013-05-31'),(19910,'INSERT INTO gne_vale_ferreteria (vfe_id,vfe_fecha,vfe_total,vfe_estado,vfe_entregado,usu_nusuario) VALUES (1113,@@@2013.06.01@@@,290,1,0,@@@G_DIAZ@@@)','',2,'2013-05-31'),(19911,'INSERT INTO gne_vale_ferreteria_mov (vfe_id,pro_codigo_plu,vfm_cantidad,vfm_unitario,vfm_total,vfm_entregado) VALUES (1113,1559,1,290,290,@@@NO@@@)','',2,'2013-05-31'),(19912,'INSERT INTO gne_vale_ferreteria (vfe_id,vfe_fecha,vfe_total,vfe_estado,vfe_entregado,usu_nusuario) VALUES (1114,@@@2013.06.01@@@,590,1,0,@@@G_DIAZ@@@)','',2,'2013-05-31'),(19913,'INSERT INTO gne_vale_ferreteria_mov (vfe_id,pro_codigo_plu,vfm_cantidad,vfm_unitario,vfm_total,vfm_entregado) VALUES (1114,19865,1,590,590,@@@NO@@@)','',2,'2013-05-31'),(19914,'INSERT INTO gne_vale_ferreteria (vfe_id,vfe_fecha,vfe_total,vfe_estado,vfe_entregado,usu_nusuario) VALUES (1115,@@@2013.06.01@@@,3080,1,0,@@@G_DIAZ@@@)','',2,'2013-05-31'),(19915,'INSERT INTO gne_vale_ferreteria_mov (vfe_id,pro_codigo_plu,vfm_cantidad,vfm_unitario,vfm_total,vfm_entregado) VALUES (1115,764993,1,1590,1590,@@@NO@@@)','',2,'2013-05-31'),(19916,'INSERT INTO gne_vale_ferreteria_mov (vfe_id,pro_codigo_plu,vfm_cantidad,vfm_unitario,vfm_total,vfm_entregado) VALUES (1115,4053,1,1490,1490,@@@NO@@@)','',2,'2013-05-31'),(19917,'INSERT INTO gne_vale_ferreteria (vfe_id,vfe_fecha,vfe_total,vfe_estado,vfe_entregado,usu_nusuario) VALUES (1116,@@@2013.06.01@@@,1690,1,0,@@@G_DIAZ@@@)','',2,'2013-05-31'),(19918,'INSERT INTO gne_vale_ferreteria_mov (vfe_id,pro_codigo_plu,vfm_cantidad,vfm_unitario,vfm_total,vfm_entregado) VALUES (1116,764880,1,1690,1690,@@@NO@@@)','',2,'2013-05-31'),(19919,'INSERT INTO gne_vale_ferreteria (vfe_id,vfe_fecha,vfe_total,vfe_estado,vfe_entregado,usu_nusuario) VALUES (1117,@@@2013.06.01@@@,350,1,0,@@@G_DIAZ@@@)','',2,'2013-05-31'),(19920,'INSERT INTO gne_vale_ferreteria_mov (vfe_id,pro_codigo_plu,vfm_cantidad,vfm_unitario,vfm_total,vfm_entregado) VALUES (1117,12719,1,350,350,@@@NO@@@)','',2,'2013-05-31'),(19921,'INSERT INTO gne_vale_ferreteria (vfe_id,vfe_fecha,vfe_total,vfe_estado,vfe_entregado,usu_nusuario) VALUES (1118,@@@2013.06.01@@@,1990,1,0,@@@G_DIAZ@@@)','',2,'2013-05-31'),(19922,'INSERT INTO gne_vale_ferreteria_mov (vfe_id,pro_codigo_plu,vfm_cantidad,vfm_unitario,vfm_total,vfm_entregado) VALUES (1118,764636,1,1990,1990,@@@NO@@@)','',2,'2013-05-31'),(19923,'INSERT INTO gne_vale_ferreteria (vfe_id,vfe_fecha,vfe_total,vfe_estado,vfe_entregado,usu_nusuario) VALUES (1119,@@@2013.06.01@@@,680,1,0,@@@G_DIAZ@@@)','',2,'2013-05-31'),(19924,'INSERT INTO gne_vale_ferreteria_mov (vfe_id,pro_codigo_plu,vfm_cantidad,vfm_unitario,vfm_total,vfm_entregado) VALUES (1119,19866,1,680,680,@@@NO@@@)','',2,'2013-05-31'),(19925,'INSERT INTO gne_vale_ferreteria (vfe_id,vfe_fecha,vfe_total,vfe_estado,vfe_entregado,usu_nusuario) VALUES (1120,@@@2013.06.01@@@,350,1,0,@@@G_DIAZ@@@)','',2,'2013-05-31'),(19926,'INSERT INTO gne_vale_ferreteria_mov (vfe_id,pro_codigo_plu,vfm_cantidad,vfm_unitario,vfm_total,vfm_entregado) VALUES (1120,4131,1,150,150,@@@NO@@@)','',2,'2013-05-31'),(19927,'INSERT INTO gne_vale_ferreteria_mov (vfe_id,pro_codigo_plu,vfm_cantidad,vfm_unitario,vfm_total,vfm_entregado) VALUES (1120,4094,1,200,200,@@@NO@@@)','',2,'2013-05-31'),(19928,'INSERT INTO gne_vale_ferreteria (vfe_id,vfe_fecha,vfe_total,vfe_estado,vfe_entregado,usu_nusuario) VALUES (1121,@@@2013.06.01@@@,200,1,0,@@@G_DIAZ@@@)','',2,'2013-05-31'),(19929,'INSERT INTO gne_vale_ferreteria_mov (vfe_id,pro_codigo_plu,vfm_cantidad,vfm_unitario,vfm_total,vfm_entregado) VALUES (1121,1546,1,200,200,@@@NO@@@)','',2,'2013-05-31'),(19930,'INSERT INTO gne_vale_ferreteria (vfe_id,vfe_fecha,vfe_total,vfe_estado,vfe_entregado,usu_nusuario) VALUES (1122,@@@2013.06.01@@@,1300,1,0,@@@G_DIAZ@@@)','',2,'2013-06-01'),(19931,'INSERT INTO gne_vale_ferreteria_mov (vfe_id,pro_codigo_plu,vfm_cantidad,vfm_unitario,vfm_total,vfm_entregado) VALUES (1122,780220109,5,200,1000,@@@NO@@@)','',2,'2013-06-01'),(19932,'INSERT INTO gne_vale_ferreteria_mov (vfe_id,pro_codigo_plu,vfm_cantidad,vfm_unitario,vfm_total,vfm_entregado) VALUES (1122,763595,2,150,300,@@@NO@@@)','',2,'2013-06-01'),(19933,'INSERT INTO gne_vale_ferreteria (vfe_id,vfe_fecha,vfe_total,vfe_estado,vfe_entregado,usu_nusuario) VALUES (1123,@@@2013.06.01@@@,1890,1,0,@@@G_DIAZ@@@)','',2,'2013-06-01'),(19934,'INSERT INTO gne_vale_ferreteria_mov (vfe_id,pro_codigo_plu,vfm_cantidad,vfm_unitario,vfm_total,vfm_entregado) VALUES (1123,102071,1,1890,1890,@@@NO@@@)','',2,'2013-06-01'),(19935,'INSERT INTO gne_vale_ferreteria (vfe_id,vfe_fecha,vfe_total,vfe_estado,vfe_entregado,usu_nusuario) VALUES (1124,@@@2013.06.01@@@,720,1,0,@@@G_DIAZ@@@)','',2,'2013-06-01'),(19936,'INSERT INTO gne_vale_ferreteria_mov (vfe_id,pro_codigo_plu,vfm_cantidad,vfm_unitario,vfm_total,vfm_entregado) VALUES (1124,763940,1,720,720,@@@NO@@@)','',2,'2013-06-01'),(19937,'INSERT INTO gne_vale_ferreteria (vfe_id,vfe_fecha,vfe_total,vfe_estado,vfe_entregado,usu_nusuario) VALUES (1125,@@@2013.06.01@@@,870,1,0,@@@G_DIAZ@@@)','',2,'2013-06-01'),(19938,'INSERT INTO gne_vale_ferreteria_mov (vfe_id,pro_codigo_plu,vfm_cantidad,vfm_unitario,vfm_total,vfm_entregado) VALUES (1125,764831,1,120,120,@@@NO@@@)','',2,'2013-06-01'),(19939,'INSERT INTO gne_vale_ferreteria_mov (vfe_id,pro_codigo_plu,vfm_cantidad,vfm_unitario,vfm_total,vfm_entregado) VALUES (1125,780220093,1,350,350,@@@NO@@@)','',2,'2013-06-01'),(19940,'INSERT INTO gne_vale_ferreteria_mov (vfe_id,pro_codigo_plu,vfm_cantidad,vfm_unitario,vfm_total,vfm_entregado) VALUES (1125,770065,4,100,400,@@@NO@@@)','',2,'2013-06-01'),(19941,'INSERT INTO gne_vale_ferreteria (vfe_id,vfe_fecha,vfe_total,vfe_estado,vfe_entregado,usu_nusuario) VALUES (1126,@@@2013.06.01@@@,400,1,0,@@@G_DIAZ@@@)','',2,'2013-06-01'),(19942,'INSERT INTO gne_vale_ferreteria_mov (vfe_id,pro_codigo_plu,vfm_cantidad,vfm_unitario,vfm_total,vfm_entregado) VALUES (1126,78017233,4,100,400,@@@NO@@@)','',2,'2013-06-01'),(19943,'INSERT INTO gne_vale_ferreteria (vfe_id,vfe_fecha,vfe_total,vfe_estado,vfe_entregado,usu_nusuario) VALUES (1127,@@@2013.06.01@@@,3750,1,0,@@@G_DIAZ@@@)','',2,'2013-06-01'),(19944,'INSERT INTO gne_vale_ferreteria_mov (vfe_id,pro_codigo_plu,vfm_cantidad,vfm_unitario,vfm_total,vfm_entregado) VALUES (1127,764225,2,490,980,@@@NO@@@)','',2,'2013-06-01'),(19945,'INSERT INTO gne_vale_ferreteria_mov (vfe_id,pro_codigo_plu,vfm_cantidad,vfm_unitario,vfm_total,vfm_entregado) VALUES (1127,764819,2,390,780,@@@NO@@@)','',2,'2013-06-01'),(19946,'INSERT INTO gne_vale_ferreteria_mov (vfe_id,pro_codigo_plu,vfm_cantidad,vfm_unitario,vfm_total,vfm_entregado) VALUES (1127,764804,1,1990,1990,@@@NO@@@)','',2,'2013-06-01'),(19947,'INSERT INTO gne_vale_ferreteria (vfe_id,vfe_fecha,vfe_total,vfe_estado,vfe_entregado,usu_nusuario) VALUES (1128,@@@2013.06.01@@@,120,1,0,@@@G_DIAZ@@@)','',2,'2013-06-01'),(19948,'INSERT INTO gne_vale_ferreteria_mov (vfe_id,pro_codigo_plu,vfm_cantidad,vfm_unitario,vfm_total,vfm_entregado) VALUES (1128,8022,1,120,120,@@@NO@@@)','',2,'2013-06-01'),(19949,'INSERT INTO gne_vale_ferreteria (vfe_id,vfe_fecha,vfe_total,vfe_estado,vfe_entregado,usu_nusuario) VALUES (1129,@@@2013.06.01@@@,720,1,0,@@@G_DIAZ@@@)','',2,'2013-06-01'),(19950,'INSERT INTO gne_vale_ferreteria_mov (vfe_id,pro_codigo_plu,vfm_cantidad,vfm_unitario,vfm_total,vfm_entregado) VALUES (1129,1064,6,120,720,@@@NO@@@)','',2,'2013-06-01'),(19951,'INSERT INTO gne_vale_ferreteria (vfe_id,vfe_fecha,vfe_total,vfe_estado,vfe_entregado,usu_nusuario) VALUES (1130,@@@2013.06.01@@@,440,1,0,@@@G_DIAZ@@@)','',2,'2013-06-01'),(19952,'INSERT INTO gne_vale_ferreteria_mov (vfe_id,pro_codigo_plu,vfm_cantidad,vfm_unitario,vfm_total,vfm_entregado) VALUES (1130,764768,2,220,440,@@@NO@@@)','',2,'2013-06-01'),(19953,'INSERT INTO gne_vale_ferreteria (vfe_id,vfe_fecha,vfe_total,vfe_estado,vfe_entregado,usu_nusuario) VALUES (1131,@@@2013.06.01@@@,1580,1,0,@@@G_DIAZ@@@)','',2,'2013-06-01'),(19954,'INSERT INTO gne_vale_ferreteria_mov (vfe_id,pro_codigo_plu,vfm_cantidad,vfm_unitario,vfm_total,vfm_entregado) VALUES (1131,763891,1,1130,1130,@@@NO@@@)','',2,'2013-06-01'),(19955,'INSERT INTO gne_vale_ferreteria_mov (vfe_id,pro_codigo_plu,vfm_cantidad,vfm_unitario,vfm_total,vfm_entregado) VALUES (1131,102629,1,450,450,@@@NO@@@)','',2,'2013-06-01'),(19956,'INSERT INTO gne_vale_ferreteria (vfe_id,vfe_fecha,vfe_total,vfe_estado,vfe_entregado,usu_nusuario) VALUES (1132,@@@2013.06.01@@@,250,1,0,@@@G_DIAZ@@@)','',2,'2013-06-01'),(19957,'INSERT INTO gne_vale_ferreteria_mov (vfe_id,pro_codigo_plu,vfm_cantidad,vfm_unitario,vfm_total,vfm_entregado) VALUES (1132,764833,25,10,250,@@@NO@@@)','',2,'2013-06-01'),(19958,'INSERT INTO gne_vale_ferreteria (vfe_id,vfe_fecha,vfe_total,vfe_estado,vfe_entregado,usu_nusuario) VALUES (1133,@@@2013.06.01@@@,910,1,0,@@@G_DIAZ@@@)','',2,'2013-06-01'),(19959,'INSERT INTO gne_vale_ferreteria_mov (vfe_id,pro_codigo_plu,vfm_cantidad,vfm_unitario,vfm_total,vfm_entregado) VALUES (1133,763832,1,620,620,@@@NO@@@)','',2,'2013-06-01'),(19960,'INSERT INTO gne_vale_ferreteria_mov (vfe_id,pro_codigo_plu,vfm_cantidad,vfm_unitario,vfm_total,vfm_entregado) VALUES (1133,763772,1,290,290,@@@NO@@@)','',2,'2013-06-01'),(19961,'INSERT INTO gne_vale_ferreteria (vfe_id,vfe_fecha,vfe_total,vfe_estado,vfe_entregado,usu_nusuario) VALUES (1134,@@@2013.06.01@@@,350,1,0,@@@G_DIAZ@@@)','',2,'2013-06-01'),(19962,'INSERT INTO gne_vale_ferreteria_mov (vfe_id,pro_codigo_plu,vfm_cantidad,vfm_unitario,vfm_total,vfm_entregado) VALUES (1134,102408,1,350,350,@@@NO@@@)','',2,'2013-06-01'),(19963,'INSERT INTO gne_vale_ferreteria (vfe_id,vfe_fecha,vfe_total,vfe_estado,vfe_entregado,usu_nusuario) VALUES (1135,@@@2013.06.01@@@,380,1,0,@@@G_DIAZ@@@)','',2,'2013-06-01'),(19964,'INSERT INTO gne_vale_ferreteria_mov (vfe_id,pro_codigo_plu,vfm_cantidad,vfm_unitario,vfm_total,vfm_entregado) VALUES (1135,763825,1,380,380,@@@NO@@@)','',2,'2013-06-01'),(19965,'INSERT INTO gne_vale_ferreteria (vfe_id,vfe_fecha,vfe_total,vfe_estado,vfe_entregado,usu_nusuario) VALUES (1136,@@@2013.06.01@@@,1750,1,0,@@@G_DIAZ@@@)','',2,'2013-06-01'),(19966,'INSERT INTO gne_vale_ferreteria_mov (vfe_id,pro_codigo_plu,vfm_cantidad,vfm_unitario,vfm_total,vfm_entregado) VALUES (1136,764161,1,1750,1750,@@@NO@@@)','',2,'2013-06-01'),(19967,'INSERT INTO gne_vale_ferreteria (vfe_id,vfe_fecha,vfe_total,vfe_estado,vfe_entregado,usu_nusuario) VALUES (1137,@@@2013.06.01@@@,950,1,0,@@@G_DIAZ@@@)','',2,'2013-06-01'),(19968,'INSERT INTO gne_vale_ferreteria_mov (vfe_id,pro_codigo_plu,vfm_cantidad,vfm_unitario,vfm_total,vfm_entregado) VALUES (1137,14106,1,950,950,@@@NO@@@)','',2,'2013-06-01'),(19969,'INSERT INTO gne_vale_ferreteria (vfe_id,vfe_fecha,vfe_total,vfe_estado,vfe_entregado,usu_nusuario) VALUES (1138,@@@2013.06.01@@@,1690,1,0,@@@G_DIAZ@@@)','',2,'2013-06-01'),(19970,'INSERT INTO gne_vale_ferreteria_mov (vfe_id,pro_codigo_plu,vfm_cantidad,vfm_unitario,vfm_total,vfm_entregado) VALUES (1138,4058,1,1690,1690,@@@NO@@@)','',2,'2013-06-01'),(19971,'INSERT INTO gne_vale_ferreteria (vfe_id,vfe_fecha,vfe_total,vfe_estado,vfe_entregado,usu_nusuario) VALUES (1139,@@@2013.06.01@@@,720,1,0,@@@G_DIAZ@@@)','',2,'2013-06-01'),(19972,'INSERT INTO gne_vale_ferreteria_mov (vfe_id,pro_codigo_plu,vfm_cantidad,vfm_unitario,vfm_total,vfm_entregado) VALUES (1139,10720,1,720,720,@@@NO@@@)','',2,'2013-06-01'),(19973,'INSERT INTO gne_vale_ferreteria (vfe_id,vfe_fecha,vfe_total,vfe_estado,vfe_entregado,usu_nusuario) VALUES (1140,@@@2013.06.01@@@,120,1,0,@@@G_DIAZ@@@)','',2,'2013-06-01'),(19974,'INSERT INTO gne_vale_ferreteria_mov (vfe_id,pro_codigo_plu,vfm_cantidad,vfm_unitario,vfm_total,vfm_entregado) VALUES (1140,764780,2,60,120,@@@NO@@@)','',2,'2013-06-01'),(19975,'INSERT INTO gne_vale_ferreteria (vfe_id,vfe_fecha,vfe_total,vfe_estado,vfe_entregado,usu_nusuario) VALUES (1141,@@@2013.06.01@@@,1780,1,0,@@@G_DIAZ@@@)','',2,'2013-06-01'),(19976,'INSERT INTO gne_vale_ferreteria_mov (vfe_id,pro_codigo_plu,vfm_cantidad,vfm_unitario,vfm_total,vfm_entregado) VALUES (1141,764821,1,390,390,@@@NO@@@)','',2,'2013-06-01'),(19977,'INSERT INTO gne_vale_ferreteria_mov (vfe_id,pro_codigo_plu,vfm_cantidad,vfm_unitario,vfm_total,vfm_entregado) VALUES (1141,764598,1,1390,1390,@@@NO@@@)','',2,'2013-06-01'),(19978,'INSERT INTO gne_vale_ferreteria (vfe_id,vfe_fecha,vfe_total,vfe_estado,vfe_entregado,usu_nusuario) VALUES (1142,@@@2013.06.01@@@,1540,1,0,@@@G_DIAZ@@@)','',2,'2013-06-01'),(19979,'INSERT INTO gne_vale_ferreteria_mov (vfe_id,pro_codigo_plu,vfm_cantidad,vfm_unitario,vfm_total,vfm_entregado) VALUES (1142,4057,1,1150,1150,@@@NO@@@)','',2,'2013-06-01'),(19980,'INSERT INTO gne_vale_ferreteria_mov (vfe_id,pro_codigo_plu,vfm_cantidad,vfm_unitario,vfm_total,vfm_entregado) VALUES (1142,764820,1,390,390,@@@NO@@@)','',2,'2013-06-01'),(19981,'INSERT INTO gne_vale_ferreteria (vfe_id,vfe_fecha,vfe_total,vfe_estado,vfe_entregado,usu_nusuario) VALUES (1143,@@@2013.06.01@@@,200,1,0,@@@G_DIAZ@@@)','',2,'2013-06-01'),(19982,'INSERT INTO gne_vale_ferreteria_mov (vfe_id,pro_codigo_plu,vfm_cantidad,vfm_unitario,vfm_total,vfm_entregado) VALUES (1143,764702,1,200,200,@@@NO@@@)','',2,'2013-06-01'),(19983,'INSERT INTO gne_vale_ferreteria (vfe_id,vfe_fecha,vfe_total,vfe_estado,vfe_entregado,usu_nusuario) VALUES (1144,@@@2013.06.01@@@,1190,1,0,@@@G_DIAZ@@@)','',2,'2013-06-01'),(19984,'INSERT INTO gne_vale_ferreteria_mov (vfe_id,pro_codigo_plu,vfm_cantidad,vfm_unitario,vfm_total,vfm_entregado) VALUES (1144,764608,1,1190,1190,@@@NO@@@)','',2,'2013-06-01'),(19985,'INSERT INTO gne_vale_ferreteria (vfe_id,vfe_fecha,vfe_total,vfe_estado,vfe_entregado,usu_nusuario) VALUES (1145,@@@2013.06.01@@@,1990,1,0,@@@G_DIAZ@@@)','',2,'2013-06-01'),(19986,'INSERT INTO gne_vale_ferreteria_mov (vfe_id,pro_codigo_plu,vfm_cantidad,vfm_unitario,vfm_total,vfm_entregado) VALUES (1145,764218,1,1990,1990,@@@NO@@@)','',2,'2013-06-01'),(19987,'INSERT INTO gne_vale_ferreteria (vfe_id,vfe_fecha,vfe_total,vfe_estado,vfe_entregado,usu_nusuario) VALUES (1146,@@@2013.06.01@@@,590,1,0,@@@G_DIAZ@@@)','',2,'2013-06-01'),(19988,'INSERT INTO gne_vale_ferreteria_mov (vfe_id,pro_codigo_plu,vfm_cantidad,vfm_unitario,vfm_total,vfm_entregado) VALUES (1146,19864,1,590,590,@@@NO@@@)','',2,'2013-06-01'),(19989,'INSERT INTO gne_vale_ferreteria (vfe_id,vfe_fecha,vfe_total,vfe_estado,vfe_entregado,usu_nusuario) VALUES (1147,@@@2013.06.01@@@,300,1,0,@@@G_DIAZ@@@)','',2,'2013-06-01'),(19990,'INSERT INTO gne_vale_ferreteria_mov (vfe_id,pro_codigo_plu,vfm_cantidad,vfm_unitario,vfm_total,vfm_entregado) VALUES (1147,8021,1,150,150,@@@NO@@@)','',2,'2013-06-01'),(19991,'INSERT INTO gne_vale_ferreteria_mov (vfe_id,pro_codigo_plu,vfm_cantidad,vfm_unitario,vfm_total,vfm_entregado) VALUES (1147,21136,1,150,150,@@@NO@@@)','',2,'2013-06-01'),(19992,'UPDATE mae_productos SET pro_margen_actual=0,pro_precio_venta=890 WHERE pro_codigo_plu=101098','',2,'2013-06-01'),(19993,'UPDATE mae_productos SET pro_margen_actual=0,pro_precio_venta=150 WHERE pro_codigo_plu=507','',2,'2013-06-01'),(19994,'UPDATE mae_productos SET pro_margen_actual=0,pro_precio_venta=990 WHERE pro_codigo_plu=506','',2,'2013-06-01'),(19995,'UPDATE mae_productos SET pro_precio_fiscal=pro_precio_venta WHERE pro_codigo_plu=506','',2,'2013-06-01'),(19996,'UPDATE mae_productos SET pro_precio_fiscal=pro_precio_venta WHERE pro_codigo_plu=101098','',2,'2013-06-01'),(19997,'INSERT INTO gne_vale_ferreteria (vfe_id,vfe_fecha,vfe_total,vfe_estado,vfe_entregado,usu_nusuario) VALUES (1148,@@@2013.06.01@@@,3880,1,0,@@@G_DIAZ@@@)','',2,'2013-06-01'),(19998,'INSERT INTO gne_vale_ferreteria_mov (vfe_id,pro_codigo_plu,vfm_cantidad,vfm_unitario,vfm_total,vfm_entregado) VALUES (1148,764198,1,3490,3490,@@@NO@@@)','',2,'2013-06-01'),(19999,'INSERT INTO gne_vale_ferreteria_mov (vfe_id,pro_codigo_plu,vfm_cantidad,vfm_unitario,vfm_total,vfm_entregado) VALUES (1148,764821,1,390,390,@@@NO@@@)','',2,'2013-06-01'),(20000,'INSERT INTO gne_vale_ferreteria (vfe_id,vfe_fecha,vfe_total,vfe_estado,vfe_entregado,usu_nusuario) VALUES (1149,@@@2013.06.01@@@,1690,1,0,@@@G_DIAZ@@@)','',2,'2013-06-01'),(20001,'INSERT INTO gne_vale_ferreteria_mov (vfe_id,pro_codigo_plu,vfm_cantidad,vfm_unitario,vfm_total,vfm_entregado) VALUES (1149,20489,1,1690,1690,@@@NO@@@)','',2,'2013-06-01'),(20002,'INSERT INTO gne_vale_ferreteria (vfe_id,vfe_fecha,vfe_total,vfe_estado,vfe_entregado,usu_nusuario) VALUES (1150,@@@2013.06.01@@@,1890,1,0,@@@G_DIAZ@@@)','',2,'2013-06-01'),(20003,'INSERT INTO gne_vale_ferreteria_mov (vfe_id,pro_codigo_plu,vfm_cantidad,vfm_unitario,vfm_total,vfm_entregado) VALUES (1150,763609,1,1890,1890,@@@NO@@@)','',2,'2013-06-01'),(20004,'INSERT INTO gne_vale_ferreteria (vfe_id,vfe_fecha,vfe_total,vfe_estado,vfe_entregado,usu_nusuario) VALUES (1151,@@@2013.06.01@@@,1890,1,0,@@@G_DIAZ@@@)','',2,'2013-06-01'),(20005,'INSERT INTO gne_vale_ferreteria_mov (vfe_id,pro_codigo_plu,vfm_cantidad,vfm_unitario,vfm_total,vfm_entregado) VALUES (1151,763609,1,1890,1890,@@@NO@@@)','',2,'2013-06-01'),(20006,'INSERT INTO gne_vale_ferreteria (vfe_id,vfe_fecha,vfe_total,vfe_estado,vfe_entregado,usu_nusuario) VALUES (1152,@@@2013.06.01@@@,990,1,0,@@@G_DIAZ@@@)','',2,'2013-06-01'),(20007,'INSERT INTO gne_vale_ferreteria_mov (vfe_id,pro_codigo_plu,vfm_cantidad,vfm_unitario,vfm_total,vfm_entregado) VALUES (1152,4091,2,250,500,@@@NO@@@)','',2,'2013-06-01'),(20008,'INSERT INTO gne_vale_ferreteria_mov (vfe_id,pro_codigo_plu,vfm_cantidad,vfm_unitario,vfm_total,vfm_entregado) VALUES (1152,3019,1,490,490,@@@NO@@@)','',2,'2013-06-01'),(20009,'INSERT INTO gne_vale_ferreteria (vfe_id,vfe_fecha,vfe_total,vfe_estado,vfe_entregado,usu_nusuario) VALUES (1153,@@@2013.06.01@@@,300,1,0,@@@G_DIAZ@@@)','',2,'2013-06-01'),(20010,'INSERT INTO gne_vale_ferreteria_mov (vfe_id,pro_codigo_plu,vfm_cantidad,vfm_unitario,vfm_total,vfm_entregado) VALUES (1153,4088,2,150,300,@@@NO@@@)','',2,'2013-06-01'),(20011,'INSERT INTO gne_vale_ferreteria (vfe_id,vfe_fecha,vfe_total,vfe_estado,vfe_entregado,usu_nusuario) VALUES (1154,@@@2013.06.01@@@,2390,1,0,@@@G_DIAZ@@@)','',2,'2013-06-01'),(20012,'INSERT INTO gne_vale_ferreteria_mov (vfe_id,pro_codigo_plu,vfm_cantidad,vfm_unitario,vfm_total,vfm_entregado) VALUES (1154,764202,1,2390,2390,@@@NO@@@)','',2,'2013-06-01'),(20013,'INSERT INTO gne_vale_ferreteria (vfe_id,vfe_fecha,vfe_total,vfe_estado,vfe_entregado,usu_nusuario) VALUES (1155,@@@2013.06.01@@@,790,1,0,@@@G_DIAZ@@@)','',2,'2013-06-01'),(20014,'INSERT INTO gne_vale_ferreteria_mov (vfe_id,pro_codigo_plu,vfm_cantidad,vfm_unitario,vfm_total,vfm_entregado) VALUES (1155,101454,1,790,790,@@@NO@@@)','',2,'2013-06-01'),(20015,'INSERT INTO gne_vale_ferreteria (vfe_id,vfe_fecha,vfe_total,vfe_estado,vfe_entregado,usu_nusuario) VALUES (1156,@@@2013.06.01@@@,1290,1,0,@@@G_DIAZ@@@)','',2,'2013-06-01'),(20016,'INSERT INTO gne_vale_ferreteria_mov (vfe_id,pro_codigo_plu,vfm_cantidad,vfm_unitario,vfm_total,vfm_entregado) VALUES (1156,1572,1,1290,1290,@@@NO@@@)','',2,'2013-06-01'),(20017,'INSERT INTO gne_vale_ferreteria (vfe_id,vfe_fecha,vfe_total,vfe_estado,vfe_entregado,usu_nusuario) VALUES (1157,@@@2013.06.01@@@,2100,1,0,@@@G_DIAZ@@@)','',2,'2013-06-01'),(20018,'INSERT INTO gne_vale_ferreteria_mov (vfe_id,pro_codigo_plu,vfm_cantidad,vfm_unitario,vfm_total,vfm_entregado) VALUES (1157,763996,1,2100,2100,@@@NO@@@)','',2,'2013-06-01'),(20019,'INSERT INTO gne_vale_ferreteria (vfe_id,vfe_fecha,vfe_total,vfe_estado,vfe_entregado,usu_nusuario) VALUES (1158,@@@2013.06.01@@@,3990,1,0,@@@G_DIAZ@@@)','',2,'2013-06-01'),(20020,'INSERT INTO gne_vale_ferreteria_mov (vfe_id,pro_codigo_plu,vfm_cantidad,vfm_unitario,vfm_total,vfm_entregado) VALUES (1158,764889,1,3990,3990,@@@NO@@@)','',2,'2013-06-01'),(20021,'INSERT INTO gne_vale_ferreteria (vfe_id,vfe_fecha,vfe_total,vfe_estado,vfe_entregado,usu_nusuario) VALUES (1159,@@@2013.06.01@@@,390,1,0,@@@G_DIAZ@@@)','',2,'2013-06-01'),(20022,'INSERT INTO gne_vale_ferreteria_mov (vfe_id,pro_codigo_plu,vfm_cantidad,vfm_unitario,vfm_total,vfm_entregado) VALUES (1159,761330,1,390,390,@@@NO@@@)','',2,'2013-06-01'),(20023,'INSERT INTO gne_vale_ferreteria (vfe_id,vfe_fecha,vfe_total,vfe_estado,vfe_entregado,usu_nusuario) VALUES (1160,@@@2013.06.01@@@,1100,1,0,@@@G_DIAZ@@@)','',2,'2013-06-01'),(20024,'INSERT INTO gne_vale_ferreteria_mov (vfe_id,pro_codigo_plu,vfm_cantidad,vfm_unitario,vfm_total,vfm_entregado) VALUES (1160,763951,1,1100,1100,@@@NO@@@)','',2,'2013-06-01'),(20025,'INSERT INTO gne_vale_ferreteria (vfe_id,vfe_fecha,vfe_total,vfe_estado,vfe_entregado,usu_nusuario) VALUES (1161,@@@2013.06.01@@@,200,1,0,@@@G_DIAZ@@@)','',2,'2013-06-01'),(20026,'INSERT INTO gne_vale_ferreteria_mov (vfe_id,pro_codigo_plu,vfm_cantidad,vfm_unitario,vfm_total,vfm_entregado) VALUES (1161,78017111,2,100,200,@@@NO@@@)','',2,'2013-06-01'),(20027,'UPDATE mae_productos SET dep_id=18,lin_id=97 WHERE pro_codigo_plu in (530,532,533,534,802,803,535,831,833,832,544,536,537,539,540,541,542,545,538,546,842,1006,709,547,548,543,811,549,550,829,551,552,554,555,556,558,553,828,815,561,560,562,563,564,565,840,841,575,576,570,567,568,569,566,817,818,574,830,573,572,571,578,383,582,583,581,579,580,801,584,585,586,588,587,590,589,592,591)','',2,'2013-06-01'),(20028,'UPDATE mae_departamento SET dep_nombre = @@@ABARROTES COMESTIBLES@@@,dep_porcentaje_margen=@@@30@@@,cco_id=10 WHERE dep_id =@@@1@@@','',2,'2013-06-01'),(20029,'UPDATE mae_departamento SET dep_nombre = @@@AVES@@@,dep_porcentaje_margen=@@@40@@@,cco_id=2 WHERE dep_id =@@@9@@@','',2,'2013-06-01'),(20030,'UPDATE mae_departamento SET dep_nombre = @@@AZUCAR@@@,dep_porcentaje_margen=@@@25@@@,cco_id=10 WHERE dep_id =@@@31@@@','',2,'2013-06-01'),(20031,'UPDATE mae_departamento SET dep_nombre = @@@BEBIDAS@@@,dep_porcentaje_margen=@@@25@@@,cco_id=8 WHERE dep_id =@@@4@@@','',2,'2013-06-01'),(20032,'INSERT INTO gne_vale_ferreteria (vfe_id,vfe_fecha,vfe_total,vfe_estado,vfe_entregado,usu_nusuario) VALUES (1162,@@@2013.06.01@@@,2370,1,0,@@@G_DIAZ@@@)','',2,'2013-06-01'),(20033,'INSERT INTO gne_vale_ferreteria_mov (vfe_id,pro_codigo_plu,vfm_cantidad,vfm_unitario,vfm_total,vfm_entregado) VALUES (1162,78017008,2,100,200,@@@NO@@@)','',2,'2013-06-01'),(20034,'INSERT INTO gne_vale_ferreteria_mov (vfe_id,pro_codigo_plu,vfm_cantidad,vfm_unitario,vfm_total,vfm_entregado) VALUES (1162,770033,30,40,1200,@@@NO@@@)','',2,'2013-06-01'),(20035,'INSERT INTO gne_vale_ferreteria_mov (vfe_id,pro_codigo_plu,vfm_cantidad,vfm_unitario,vfm_total,vfm_entregado) VALUES (1162,764766,1,120,120,@@@NO@@@)','',2,'2013-06-01'),(20036,'INSERT INTO gne_vale_ferreteria_mov (vfe_id,pro_codigo_plu,vfm_cantidad,vfm_unitario,vfm_total,vfm_entregado) VALUES (1162,4136,1,350,350,@@@NO@@@)','',2,'2013-06-01'),(20037,'INSERT INTO gne_vale_ferreteria_mov (vfe_id,pro_codigo_plu,vfm_cantidad,vfm_unitario,vfm_total,vfm_entregado) VALUES (1162,4134,2,250,500,@@@NO@@@)','',2,'2013-06-01'),(20038,'UPDATE mae_departamento SET dep_nombre = @@@CARNES ROJAS@@@,dep_porcentaje_margen=@@@40@@@,cco_id=2 WHERE dep_id =@@@10@@@','',2,'2013-06-01'),(20039,'UPDATE mae_departamento SET dep_nombre = @@@CERDO@@@,dep_porcentaje_margen=@@@40@@@,cco_id=2 WHERE dep_id =@@@11@@@','',2,'2013-06-01'),(20040,'UPDATE mae_departamento SET dep_nombre = @@@CERVEZAS@@@,dep_porcentaje_margen=@@@25@@@,cco_id=8 WHERE dep_id =@@@7@@@','',2,'2013-06-01'),(20041,'INSERT INTO gne_vale_ferreteria (vfe_id,vfe_fecha,vfe_total,vfe_estado,vfe_entregado,usu_nusuario) VALUES (1163,@@@2013.06.01@@@,850,1,0,@@@G_DIAZ@@@)','',2,'2013-06-01'),(20042,'INSERT INTO gne_vale_ferreteria_mov (vfe_id,pro_codigo_plu,vfm_cantidad,vfm_unitario,vfm_total,vfm_entregado) VALUES (1163,763794,1,850,850,@@@NO@@@)','',2,'2013-06-01'),(20043,'UPDATE mae_departamento SET dep_nombre = @@@CIGARRILLOS@@@,dep_porcentaje_margen=@@@12@@@,cco_id=9 WHERE dep_id =@@@25@@@','',2,'2013-06-01'),(20044,'UPDATE mae_departamento SET dep_nombre = @@@COMODIN@@@,dep_porcentaje_margen=@@@100@@@,cco_id=0 WHERE dep_id =@@@40@@@','',2,'2013-06-01'),(20045,'UPDATE mae_departamento SET dep_nombre = @@@CONFITERIA@@@,dep_porcentaje_margen=@@@30@@@,cco_id=10 WHERE dep_id =@@@32@@@','',2,'2013-06-01'),(20046,'INSERT INTO gne_vale_ferreteria (vfe_id,vfe_fecha,vfe_total,vfe_estado,vfe_entregado,usu_nusuario) VALUES (1164,@@@2013.06.01@@@,1190,1,0,@@@G_DIAZ@@@)','',2,'2013-06-01'),(20047,'INSERT INTO gne_vale_ferreteria_mov (vfe_id,pro_codigo_plu,vfm_cantidad,vfm_unitario,vfm_total,vfm_entregado) VALUES (1164,764608,1,1190,1190,@@@NO@@@)','',2,'2013-06-01'),(20048,'UPDATE mae_departamento SET dep_nombre = @@@FRUTAS Y VERDURAS@@@,dep_porcentaje_margen=@@@50@@@,cco_id=3 WHERE dep_id =@@@18@@@','',2,'2013-06-01'),(20049,'UPDATE mae_departamento SET dep_nombre = @@@GELATERIA@@@,dep_porcentaje_margen=@@@30@@@,cco_id=10 WHERE dep_id =@@@19@@@','',2,'2013-06-01'),(20050,'UPDATE mae_departamento SET dep_nombre = @@@JUGUETERIA@@@,dep_porcentaje_margen=@@@100@@@,cco_id=7 WHERE dep_id =@@@23@@@','',2,'2013-06-01'),(20051,'UPDATE mae_departamento SET dep_nombre = @@@LACTEOS@@@,dep_porcentaje_margen=@@@30@@@,cco_id=2 WHERE dep_id =@@@3@@@','',2,'2013-06-01'),(20052,'UPDATE mae_departamento SET dep_nombre = @@@LIBRERIA@@@,dep_porcentaje_margen=@@@50@@@,cco_id=7 WHERE dep_id =@@@24@@@','',2,'2013-06-01'),(20053,'UPDATE mae_departamento SET dep_nombre = @@@LICORES@@@,dep_porcentaje_margen=@@@30@@@,cco_id=8 WHERE dep_id =@@@5@@@','',2,'2013-06-01'),(20054,'INSERT INTO gne_vale_ferreteria (vfe_id,vfe_fecha,vfe_total,vfe_estado,vfe_entregado,usu_nusuario) VALUES (1165,@@@2013.06.01@@@,1890,1,0,@@@G_DIAZ@@@)','',2,'2013-06-01'),(20055,'INSERT INTO gne_vale_ferreteria_mov (vfe_id,pro_codigo_plu,vfm_cantidad,vfm_unitario,vfm_total,vfm_entregado) VALUES (1165,101852,1,1890,1890,@@@NO@@@)','',2,'2013-06-01'),(20056,'UPDATE mae_departamento SET dep_nombre = @@@PERFUMERIA@@@,dep_porcentaje_margen=@@@50@@@,cco_id=7 WHERE dep_id =@@@21@@@','',2,'2013-06-01'),(20057,'UPDATE mae_departamento SET dep_nombre = @@@VINOS@@@,dep_porcentaje_margen=@@@30@@@,cco_id=8 WHERE dep_id =@@@6@@@','',2,'2013-06-01'),(20058,'UPDATE mae_datos_empresa SET emp_rut=@@@10162956-2@@@,emp_razon_social=@@@SOFIA DE LA CRUZ DIAZ FERNANDEZ@@@,emp_sucursal=@@@MATRIZ@@@,emp_giro=@@@SUPERMERCADOS@@@,emp_direccion=@@@AV. SAN GREGORIO 15@@@,emp_ciudad=@@@NACIMIENTO@@@,emp_telefono=@@@511706@@@,emp_mail=@@@UNICONACIMIENTO@GMAIL.COM@@@,emp_mail_gerencia_comercial=@@@@@@,emp_mail_gerencia_operaciones=@@@@@@,emp_mail_gerencia_sistemas=@@@@@@,emp_nombre_administrador=@@@SUPERMERCADO UNICO@@@,emp_direccion_sala=@@@AV. SAN GREGORIO 15@@@,emp_ciudad_sala=@@@NACIMIENTO@@@,emp_utm=40005,emp_telefono_sala=@@@511706@@@,emp_fax_sala=@@@511706@@@,emp_mail_sala=@@@UNICONACIMIENTO@GMAIL.COM@@@,emp_cta_efectivo=@@@0@@@,emp_cta_cheque=@@@0@@@,emp_cta_ventas=@@@0@@@,emp_cta_t_credito=@@@0@@@,emp_cta_t_debito=@@@0@@@,emp_cta_p_acumulados=@@@0@@@,emp_cta_descuento=@@@0@@@,emp_cta_cliente=@@@0@@@,emp_cta_funcionario=@@@0@@@,emp_cta_apoyo=@@@0@@@','',2,'2013-06-01'),(20059,'UPDATE mae_datos_empresa SET emp_entradas_compras=@@@0@@@,emp_entradas_pack=@@@0@@@,emp_entradas_preparados=@@@0@@@,emp_salidas_pi_pack=@@@0@@@,emp_salidas_pi_preparados=@@@0@@@,emp_iva=19,emp_lineas_facturas=18,emp_lineas_guias=18,emp_lineas_nc=@@@12@@@,emp_minimo_nc=@@@500@@@,emp_codigo_ferreteria=0,emp_codigo_cigarrillos=21,emp_path_flejes=@@@//Hugo-PC/flejes@@@,emp_path_balanzas=@@@C:/@@@,emp_path_precios=@@@//secretaria/C/UX60/CORREO@@@,emp_path_ventas=@@@//secretaria/C/UX60@@@,emp_cta_mercaderias=0,emp_cta_iva=0,emp_cta_excento=0,emp_cta_harina=0,emp_cta_especifico=0,emp_cta_carne=0,emp_cta_ila=0,emp_cta_proveedor=0,emp_registradora=3,emp_funcionamiento=0,emp_codigo_queseria=0,emp_codigo_roticeria=3,emp_com=@@@COM1@@@,emp_baudios=@@@9600@@@,emp_total_cajas=3','',2,'2013-06-01'),(20060,'INSERT INTO gne_vale_ferreteria (vfe_id,vfe_fecha,vfe_total,vfe_estado,vfe_entregado,usu_nusuario) VALUES (1166,@@@2013.06.01@@@,990,1,0,@@@G_DIAZ@@@)','',2,'2013-06-01'),(20061,'INSERT INTO gne_vale_ferreteria_mov (vfe_id,pro_codigo_plu,vfm_cantidad,vfm_unitario,vfm_total,vfm_entregado) VALUES (1166,764779,1,990,990,@@@NO@@@)','',2,'2013-06-01'),(20062,'UPDATE mae_datos_empresa SET emp_rut=@@@10162956-2@@@,emp_razon_social=@@@SOFIA DE LA CRUZ DIAZ FERNANDEZ@@@,emp_sucursal=@@@MATRIZ@@@,emp_giro=@@@SUPERMERCADOS@@@,emp_direccion=@@@AV. SAN GREGORIO 15@@@,emp_ciudad=@@@NACIMIENTO@@@,emp_telefono=@@@511706@@@,emp_mail=@@@UNICONACIMIENTO@GMAIL.COM@@@,emp_mail_gerencia_comercial=@@@@@@,emp_mail_gerencia_operaciones=@@@@@@,emp_mail_gerencia_sistemas=@@@@@@,emp_nombre_administrador=@@@SUPERMERCADO UNICO@@@,emp_direccion_sala=@@@AV. SAN GREGORIO 15@@@,emp_ciudad_sala=@@@NACIMIENTO@@@,emp_utm=40005,emp_telefono_sala=@@@511706@@@,emp_fax_sala=@@@511706@@@,emp_mail_sala=@@@UNICONACIMIENTO@GMAIL.COM@@@,emp_cta_efectivo=@@@0@@@,emp_cta_cheque=@@@0@@@,emp_cta_ventas=@@@0@@@,emp_cta_t_credito=@@@0@@@,emp_cta_t_debito=@@@0@@@,emp_cta_p_acumulados=@@@0@@@,emp_cta_descuento=@@@0@@@,emp_cta_cliente=@@@0@@@,emp_cta_funcionario=@@@0@@@,emp_cta_apoyo=@@@0@@@','',2,'2013-06-01'),(20063,'UPDATE mae_datos_empresa SET emp_entradas_compras=@@@0@@@,emp_entradas_pack=@@@0@@@,emp_entradas_preparados=@@@0@@@,emp_salidas_pi_pack=@@@0@@@,emp_salidas_pi_preparados=@@@0@@@,emp_iva=19,emp_lineas_facturas=18,emp_lineas_guias=18,emp_lineas_nc=@@@12@@@,emp_minimo_nc=@@@500@@@,emp_codigo_ferreteria=0,emp_codigo_cigarrillos=21,emp_path_flejes=@@@//Hugo-PC/flejes@@@,emp_path_balanzas=@@@C:/@@@,emp_path_precios=@@@//secretaria/C/UX60/CORREO@@@,emp_path_ventas=@@@//secretaria/C/UX60@@@,emp_cta_mercaderias=0,emp_cta_iva=0,emp_cta_excento=0,emp_cta_harina=0,emp_cta_especifico=0,emp_cta_carne=0,emp_cta_ila=0,emp_cta_proveedor=0,emp_registradora=3,emp_funcionamiento=0,emp_codigo_queseria=0,emp_codigo_roticeria=3,emp_com=@@@COM1@@@,emp_baudios=@@@9600@@@,emp_total_cajas=3','',2,'2013-06-01'),(20064,'INSERT INTO gne_vale_ferreteria (vfe_id,vfe_fecha,vfe_total,vfe_estado,vfe_entregado,usu_nusuario) VALUES (1167,@@@2013.06.01@@@,370,1,0,@@@G_DIAZ@@@)','',2,'2013-06-01'),(20065,'INSERT INTO gne_vale_ferreteria_mov (vfe_id,pro_codigo_plu,vfm_cantidad,vfm_unitario,vfm_total,vfm_entregado) VALUES (1167,4124,1,370,370,@@@NO@@@)','',2,'2013-06-01'),(20066,'INSERT INTO gne_vale_ferreteria (vfe_id,vfe_fecha,vfe_total,vfe_estado,vfe_entregado,usu_nusuario) VALUES (1168,@@@2013.06.01@@@,590,1,0,@@@G_DIAZ@@@)','',2,'2013-06-01'),(20067,'INSERT INTO gne_vale_ferreteria_mov (vfe_id,pro_codigo_plu,vfm_cantidad,vfm_unitario,vfm_total,vfm_entregado) VALUES (1168,101881,1,590,590,@@@NO@@@)','',2,'2013-06-01'),(20068,'INSERT INTO gne_vale_ferreteria (vfe_id,vfe_fecha,vfe_total,vfe_estado,vfe_entregado,usu_nusuario) VALUES (1169,@@@2013.06.01@@@,490,1,0,@@@G_DIAZ@@@)','',2,'2013-06-01'),(20069,'INSERT INTO gne_vale_ferreteria_mov (vfe_id,pro_codigo_plu,vfm_cantidad,vfm_unitario,vfm_total,vfm_entregado) VALUES (1169,764253,1,490,490,@@@NO@@@)','',2,'2013-06-01'),(20070,'INSERT INTO gne_vale_ferreteria (vfe_id,vfe_fecha,vfe_total,vfe_estado,vfe_entregado,usu_nusuario) VALUES (1170,@@@2013.06.01@@@,490,1,0,@@@G_DIAZ@@@)','',2,'2013-06-01'),(20071,'INSERT INTO gne_vale_ferreteria_mov (vfe_id,pro_codigo_plu,vfm_cantidad,vfm_unitario,vfm_total,vfm_entregado) VALUES (1170,764701,1,490,490,@@@NO@@@)','',2,'2013-06-01'),(20072,'UPDATE mae_productos SET dep_id=12,lin_id=71 WHERE pro_codigo_plu in (324,342,330,329,331,343,332,341,344,339,345,346,335,337,333,334,336,338,348,347,370,349,371,363,373,372,361,362,359,360,358,357,368,355,352,354,353,356,350,351,367,309,375,376,377,378,374,369,387,394,577,816,389,390,391,393,364,392)','',2,'2013-06-01'),(20073,'UPDATE mae_productos SET dep_id=13,lin_id=81 WHERE pro_codigo_plu in (379,308,384,382,386,380,381,385,388)','',2,'2013-06-01'),(20074,'INSERT INTO gne_vale_ferreteria (vfe_id,vfe_fecha,vfe_total,vfe_estado,vfe_entregado,usu_nusuario) VALUES (1171,@@@2013.06.01@@@,150,1,0,@@@G_DIAZ@@@)','',2,'2013-06-01'),(20075,'INSERT INTO gne_vale_ferreteria_mov (vfe_id,pro_codigo_plu,vfm_cantidad,vfm_unitario,vfm_total,vfm_entregado) VALUES (1171,8021,1,150,150,@@@NO@@@)','',2,'2013-06-01'),(20076,'UPDATE mae_productos SET dep_id=20,lin_id=108 WHERE pro_codigo_plu in (325)','',2,'2013-06-01'),(20077,'UPDATE mae_productos SET dep_id=14,lin_id=164 WHERE pro_codigo_plu in (1007,1005,1008)','',2,'2013-06-01'),(20078,'INSERT INTO mae_departamento (dep_id,dep_nombre,dep_porcentaje_margen,dep_oferta,cco_id) VALUES (@@@42@@@,@@@ALIMENTO MASCOTAS@@@,@@@40@@@,@@@NO@@@,0)','',2,'2013-06-01'),(20079,'INSERT INTO gne_vale_ferreteria (vfe_id,vfe_fecha,vfe_total,vfe_estado,vfe_entregado,usu_nusuario) VALUES (1172,@@@2013.06.01@@@,2390,1,0,@@@G_DIAZ@@@)','',2,'2013-06-01'),(20080,'INSERT INTO gne_vale_ferreteria_mov (vfe_id,pro_codigo_plu,vfm_cantidad,vfm_unitario,vfm_total,vfm_entregado) VALUES (1172,764944,1,2390,2390,@@@NO@@@)','',2,'2013-06-01'),(20081,'UPDATE mae_datos_empresa SET emp_rut=@@@10162956-2@@@,emp_razon_social=@@@SOFIA DE LA CRUZ DIAZ FERNANDEZ@@@,emp_sucursal=@@@MATRIZ@@@,emp_giro=@@@SUPERMERCADOS@@@,emp_direccion=@@@AV. SAN GREGORIO 15@@@,emp_ciudad=@@@NACIMIENTO@@@,emp_telefono=@@@511706@@@,emp_mail=@@@UNICONACIMIENTO@GMAIL.COM@@@,emp_mail_gerencia_comercial=@@@@@@,emp_mail_gerencia_operaciones=@@@@@@,emp_mail_gerencia_sistemas=@@@@@@,emp_nombre_administrador=@@@SUPERMERCADO UNICO@@@,emp_direccion_sala=@@@AV. SAN GREGORIO 15@@@,emp_ciudad_sala=@@@NACIMIENTO@@@,emp_utm=40005,emp_telefono_sala=@@@511706@@@,emp_fax_sala=@@@511706@@@,emp_mail_sala=@@@UNICONACIMIENTO@GMAIL.COM@@@,emp_cta_efectivo=@@@0@@@,emp_cta_cheque=@@@0@@@,emp_cta_ventas=@@@0@@@,emp_cta_t_credito=@@@0@@@,emp_cta_t_debito=@@@0@@@,emp_cta_p_acumulados=@@@0@@@,emp_cta_descuento=@@@0@@@,emp_cta_cliente=@@@0@@@,emp_cta_funcionario=@@@0@@@,emp_cta_apoyo=@@@0@@@','',2,'2013-06-01'),(20082,'UPDATE mae_datos_empresa SET emp_entradas_compras=@@@0@@@,emp_entradas_pack=@@@0@@@,emp_entradas_preparados=@@@0@@@,emp_salidas_pi_pack=@@@0@@@,emp_salidas_pi_preparados=@@@0@@@,emp_iva=19,emp_lineas_facturas=18,emp_lineas_guias=18,emp_lineas_nc=@@@12@@@,emp_minimo_nc=@@@500@@@,emp_codigo_ferreteria=0,emp_codigo_cigarrillos=21,emp_path_flejes=@@@//Hugo-PC/flejes@@@,emp_path_balanzas=@@@C:/@@@,emp_path_precios=@@@//secretaria/C/UX60/CORREO@@@,emp_path_ventas=@@@//secretaria/C/UX60@@@,emp_cta_mercaderias=0,emp_cta_iva=0,emp_cta_excento=0,emp_cta_harina=0,emp_cta_especifico=0,emp_cta_carne=0,emp_cta_ila=0,emp_cta_proveedor=0,emp_registradora=3,emp_funcionamiento=0,emp_codigo_queseria=0,emp_codigo_roticeria=3,emp_com=@@@COM1@@@,emp_baudios=@@@9600@@@,emp_total_cajas=3','',2,'2013-06-01'),(20083,'UPDATE mae_productos SET dep_id=42,lin_id=210 WHERE pro_codigo_plu in (806,712)','',2,'2013-06-01'),(20084,'UPDATE mae_productos SET dep_id=1,lin_id=14 WHERE pro_codigo_plu in (845,846,847,849,848)','',2,'2013-06-01'),(20085,'UPDATE mae_productos SET dep_id=1,lin_id=10 WHERE pro_codigo_plu in (1010)','',2,'2013-06-01'),(20086,'UPDATE mae_productos SET dep_id=3,lin_id=46 WHERE pro_codigo_plu in (16116,16115,16141,16140,16139,16138,16137,16136,16135,16134,16105,16104,16103,16102)','',2,'2013-06-01'),(20087,'UPDATE mae_productos SET dep_id=3,lin_id=53 WHERE pro_codigo_plu in (1011)','',2,'2013-06-01'),(20088,'UPDATE mae_productos SET dep_id=3,lin_id=46 WHERE pro_codigo_plu in (16101)','',2,'2013-06-01'),(20089,'INSERT INTO gne_vale_ferreteria (vfe_id,vfe_fecha,vfe_total,vfe_estado,vfe_entregado,usu_nusuario) VALUES (1173,@@@2013.06.01@@@,2780,1,0,@@@G_DIAZ@@@)','',2,'2013-06-01'),(20090,'INSERT INTO gne_vale_ferreteria_mov (vfe_id,pro_codigo_plu,vfm_cantidad,vfm_unitario,vfm_total,vfm_entregado) VALUES (1173,764992,1,1190,1190,@@@NO@@@)','',2,'2013-06-01'),(20091,'INSERT INTO gne_vale_ferreteria_mov (vfe_id,pro_codigo_plu,vfm_cantidad,vfm_unitario,vfm_total,vfm_entregado) VALUES (1173,764443,1,1590,1590,@@@NO@@@)','',2,'2013-06-01'),(20092,'UPDATE mae_departamento SET dep_nombre = @@@SECTOR LIBRERIA@@@,dep_porcentaje_margen=@@@50@@@,cco_id=7 WHERE dep_id =@@@24@@@','',2,'2013-06-01'),(20093,'UPDATE mae_datos_empresa SET emp_rut=@@@10162956-2@@@,emp_razon_social=@@@SOFIA DE LA CRUZ DIAZ FERNANDEZ@@@,emp_sucursal=@@@MATRIZ@@@,emp_giro=@@@SUPERMERCADOS@@@,emp_direccion=@@@AV. SAN GREGORIO 15@@@,emp_ciudad=@@@NACIMIENTO@@@,emp_telefono=@@@511706@@@,emp_mail=@@@UNICONACIMIENTO@GMAIL.COM@@@,emp_mail_gerencia_comercial=@@@@@@,emp_mail_gerencia_operaciones=@@@@@@,emp_mail_gerencia_sistemas=@@@@@@,emp_nombre_administrador=@@@SUPERMERCADO UNICO@@@,emp_direccion_sala=@@@AV. SAN GREGORIO 15@@@,emp_ciudad_sala=@@@NACIMIENTO@@@,emp_utm=40005,emp_telefono_sala=@@@511706@@@,emp_fax_sala=@@@511706@@@,emp_mail_sala=@@@UNICONACIMIENTO@GMAIL.COM@@@,emp_cta_efectivo=@@@0@@@,emp_cta_cheque=@@@0@@@,emp_cta_ventas=@@@0@@@,emp_cta_t_credito=@@@0@@@,emp_cta_t_debito=@@@0@@@,emp_cta_p_acumulados=@@@0@@@,emp_cta_descuento=@@@0@@@,emp_cta_cliente=@@@0@@@,emp_cta_funcionario=@@@0@@@,emp_cta_apoyo=@@@0@@@','',2,'2013-06-01'),(20094,'UPDATE mae_datos_empresa SET emp_entradas_compras=@@@0@@@,emp_entradas_pack=@@@0@@@,emp_entradas_preparados=@@@0@@@,emp_salidas_pi_pack=@@@0@@@,emp_salidas_pi_preparados=@@@0@@@,emp_iva=19,emp_lineas_facturas=18,emp_lineas_guias=18,emp_lineas_nc=@@@12@@@,emp_minimo_nc=@@@500@@@,emp_codigo_ferreteria=0,emp_codigo_cigarrillos=21,emp_path_flejes=@@@//Hugo-PC/flejes@@@,emp_path_balanzas=@@@C:/@@@,emp_path_precios=@@@//secretaria/C/UX60/CORREO@@@,emp_path_ventas=@@@//secretaria/C/UX60@@@,emp_cta_mercaderias=0,emp_cta_iva=0,emp_cta_excento=0,emp_cta_harina=0,emp_cta_especifico=0,emp_cta_carne=0,emp_cta_ila=0,emp_cta_proveedor=0,emp_registradora=3,emp_funcionamiento=0,emp_codigo_queseria=0,emp_codigo_roticeria=3,emp_com=@@@COM1@@@,emp_baudios=@@@9600@@@,emp_total_cajas=3','',2,'2013-06-01'),(20095,'INSERT INTO gne_vale_ferreteria (vfe_id,vfe_fecha,vfe_total,vfe_estado,vfe_entregado,usu_nusuario) VALUES (1174,@@@2013.06.01@@@,1690,1,0,@@@G_DIAZ@@@)','',2,'2013-06-01'),(20096,'INSERT INTO gne_vale_ferreteria_mov (vfe_id,pro_codigo_plu,vfm_cantidad,vfm_unitario,vfm_total,vfm_entregado) VALUES (1174,764726,1,1690,1690,@@@NO@@@)','',2,'2013-06-01'),(20097,'UPDATE mae_datos_empresa SET emp_rut=@@@10162956-2@@@,emp_razon_social=@@@SOFIA DE LA CRUZ DIAZ FERNANDEZ@@@,emp_sucursal=@@@MATRIZ@@@,emp_giro=@@@SUPERMERCADOS@@@,emp_direccion=@@@AV. SAN GREGORIO 15@@@,emp_ciudad=@@@NACIMIENTO@@@,emp_telefono=@@@511706@@@,emp_mail=@@@UNICONACIMIENTO@GMAIL.COM@@@,emp_mail_gerencia_comercial=@@@@@@,emp_mail_gerencia_operaciones=@@@@@@,emp_mail_gerencia_sistemas=@@@@@@,emp_nombre_administrador=@@@SUPERMERCADO UNICO@@@,emp_direccion_sala=@@@AV. SAN GREGORIO 15@@@,emp_ciudad_sala=@@@NACIMIENTO@@@,emp_utm=40005,emp_telefono_sala=@@@511706@@@,emp_fax_sala=@@@511706@@@,emp_mail_sala=@@@UNICONACIMIENTO@GMAIL.COM@@@,emp_cta_efectivo=@@@0@@@,emp_cta_cheque=@@@0@@@,emp_cta_ventas=@@@0@@@,emp_cta_t_credito=@@@0@@@,emp_cta_t_debito=@@@0@@@,emp_cta_p_acumulados=@@@0@@@,emp_cta_descuento=@@@0@@@,emp_cta_cliente=@@@0@@@,emp_cta_funcionario=@@@0@@@,emp_cta_apoyo=@@@0@@@','',2,'2013-06-01'),(20098,'UPDATE mae_datos_empresa SET emp_entradas_compras=@@@0@@@,emp_entradas_pack=@@@0@@@,emp_entradas_preparados=@@@0@@@,emp_salidas_pi_pack=@@@0@@@,emp_salidas_pi_preparados=@@@0@@@,emp_iva=19,emp_lineas_facturas=18,emp_lineas_guias=18,emp_lineas_nc=@@@12@@@,emp_minimo_nc=@@@500@@@,emp_codigo_ferreteria=0,emp_codigo_cigarrillos=21,emp_path_flejes=@@@//Hugo-PC/flejes@@@,emp_path_balanzas=@@@C:/@@@,emp_path_precios=@@@//secretaria/C/UX60/CORREO@@@,emp_path_ventas=@@@//secretaria/C/UX60@@@,emp_cta_mercaderias=0,emp_cta_iva=0,emp_cta_excento=0,emp_cta_harina=0,emp_cta_especifico=0,emp_cta_carne=0,emp_cta_ila=0,emp_cta_proveedor=0,emp_registradora=3,emp_funcionamiento=0,emp_codigo_queseria=0,emp_codigo_roticeria=3,emp_com=@@@COM1@@@,emp_baudios=@@@9600@@@,emp_total_cajas=3','',2,'2013-06-01'),(20099,'UPDATE mae_productos SET dep_id=31,lin_id=149 WHERE pro_codigo_plu in (762187)','',2,'2013-06-01'),(20100,'INSERT INTO gne_vale_ferreteria (vfe_id,vfe_fecha,vfe_total,vfe_estado,vfe_entregado,usu_nusuario) VALUES (1175,@@@2013.06.01@@@,1990,1,0,@@@G_DIAZ@@@)','',2,'2013-06-01'),(20101,'INSERT INTO gne_vale_ferreteria_mov (vfe_id,pro_codigo_plu,vfm_cantidad,vfm_unitario,vfm_total,vfm_entregado) VALUES (1175,764218,1,1990,1990,@@@NO@@@)','',2,'2013-06-01'),(20102,'INSERT INTO gne_vale_ferreteria (vfe_id,vfe_fecha,vfe_total,vfe_estado,vfe_entregado,usu_nusuario) VALUES (1176,@@@2013.06.01@@@,300,1,0,@@@G_DIAZ@@@)','',2,'2013-06-01'),(20103,'INSERT INTO gne_vale_ferreteria_mov (vfe_id,pro_codigo_plu,vfm_cantidad,vfm_unitario,vfm_total,vfm_entregado) VALUES (1176,78017018,2,150,300,@@@NO@@@)','',2,'2013-06-01'),(20104,'UPDATE mae_productos SET dep_id=32,lin_id=162 WHERE pro_codigo_plu in (13027,13021,13020,13019,13018)','',2,'2013-06-01'),(20105,'UPDATE mae_productos SET dep_id=32,lin_id=162 WHERE pro_codigo_plu in (12992,12993,12998,13015,13016,13017,13014,13024,13026,13025,13023,12985,12991,13013,13012,12990,12986,12989,12988,12987,13011,13010,13009,13008,12984)','',2,'2013-06-01'),(20106,'UPDATE mae_productos SET dep_id=1,lin_id=29 WHERE pro_codigo_plu in (14325,14308,14306,14304,14303,14334,14299,14298,14353,14342,14297,14296,14330,14318,14319,14328,14343,14316,14337,14322,14332,14336,14323,14338,14345,14333,14335,14329,14348,14321,14327,14287,14324,14331)','',2,'2013-06-01'),(20107,'UPDATE mae_productos SET dep_id=1,lin_id=14 WHERE pro_codigo_plu in (11369,11355,11278,11279,11235,11305,11237,11311,11236,11239,11241)','',2,'2013-06-01'),(20108,'UPDATE mae_productos SET dep_id=1,lin_id=1 WHERE pro_codigo_plu in (10025)','',2,'2013-06-01'),(20109,'UPDATE mae_productos SET dep_id=1,lin_id=15 WHERE pro_codigo_plu in (11456,11512,11455,11486,11452,11510,11485,11450,11484,11449,11487)','',2,'2013-06-01'),(20110,'UPDATE mae_productos SET dep_id=1,lin_id=15 WHERE pro_codigo_plu in (11515)','',2,'2013-06-01'),(20111,'INSERT INTO gne_vale_ferreteria (vfe_id,vfe_fecha,vfe_total,vfe_estado,vfe_entregado,usu_nusuario) VALUES (1177,@@@2013.06.01@@@,390,1,0,@@@G_DIAZ@@@)','',2,'2013-06-01'),(20112,'INSERT INTO gne_vale_ferreteria_mov (vfe_id,pro_codigo_plu,vfm_cantidad,vfm_unitario,vfm_total,vfm_entregado) VALUES (1177,15967,3,130,390,@@@NO@@@)','',2,'2013-06-01'),(20113,'UPDATE mae_datos_empresa SET emp_rut=@@@10162956-2@@@,emp_razon_social=@@@SOFIA DE LA CRUZ DIAZ FERNANDEZ@@@,emp_sucursal=@@@MATRIZ@@@,emp_giro=@@@SUPERMERCADOS@@@,emp_direccion=@@@AV. SAN GREGORIO 15@@@,emp_ciudad=@@@NACIMIENTO@@@,emp_telefono=@@@511706@@@,emp_mail=@@@UNICONACIMIENTO@GMAIL.COM@@@,emp_mail_gerencia_comercial=@@@@@@,emp_mail_gerencia_operaciones=@@@@@@,emp_mail_gerencia_sistemas=@@@@@@,emp_nombre_administrador=@@@SUPERMERCADO UNICO@@@,emp_direccion_sala=@@@AV. SAN GREGORIO 15@@@,emp_ciudad_sala=@@@NACIMIENTO@@@,emp_utm=40005,emp_telefono_sala=@@@511706@@@,emp_fax_sala=@@@511706@@@,emp_mail_sala=@@@UNICONACIMIENTO@GMAIL.COM@@@,emp_cta_efectivo=@@@0@@@,emp_cta_cheque=@@@0@@@,emp_cta_ventas=@@@0@@@,emp_cta_t_credito=@@@0@@@,emp_cta_t_debito=@@@0@@@,emp_cta_p_acumulados=@@@0@@@,emp_cta_descuento=@@@0@@@,emp_cta_cliente=@@@0@@@,emp_cta_funcionario=@@@0@@@,emp_cta_apoyo=@@@0@@@','',2,'2013-06-01'),(20114,'UPDATE mae_datos_empresa SET emp_entradas_compras=@@@0@@@,emp_entradas_pack=@@@0@@@,emp_entradas_preparados=@@@0@@@,emp_salidas_pi_pack=@@@0@@@,emp_salidas_pi_preparados=@@@0@@@,emp_iva=19,emp_lineas_facturas=18,emp_lineas_guias=18,emp_lineas_nc=@@@12@@@,emp_minimo_nc=@@@500@@@,emp_codigo_ferreteria=0,emp_codigo_cigarrillos=21,emp_path_flejes=@@@//Hugo-PC/flejes@@@,emp_path_balanzas=@@@C:/@@@,emp_path_precios=@@@//secretaria/C/UX60/CORREO@@@,emp_path_ventas=@@@//secretaria/C/UX60@@@,emp_cta_mercaderias=0,emp_cta_iva=0,emp_cta_excento=0,emp_cta_harina=0,emp_cta_especifico=0,emp_cta_carne=0,emp_cta_ila=0,emp_cta_proveedor=0,emp_registradora=3,emp_funcionamiento=0,emp_codigo_queseria=0,emp_codigo_roticeria=3,emp_com=@@@COM1@@@,emp_baudios=@@@9600@@@,emp_total_cajas=3','',2,'2013-06-01'),(20115,'UPDATE mae_productos SET dep_id=1,lin_id=23 WHERE pro_codigo_plu in (844)','',2,'2013-06-01'),(20116,'UPDATE mae_productos SET dep_id=20,lin_id=108 WHERE pro_codigo_plu in (327,326)','',2,'2013-06-01'),(20117,'UPDATE mae_datos_empresa SET emp_rut=@@@10162956-2@@@,emp_razon_social=@@@SOFIA DE LA CRUZ DIAZ FERNANDEZ@@@,emp_sucursal=@@@MATRIZ@@@,emp_giro=@@@SUPERMERCADOS@@@,emp_direccion=@@@AV. SAN GREGORIO 15@@@,emp_ciudad=@@@NACIMIENTO@@@,emp_telefono=@@@511706@@@,emp_mail=@@@UNICONACIMIENTO@GMAIL.COM@@@,emp_mail_gerencia_comercial=@@@@@@,emp_mail_gerencia_operaciones=@@@@@@,emp_mail_gerencia_sistemas=@@@@@@,emp_nombre_administrador=@@@SUPERMERCADO UNICO@@@,emp_direccion_sala=@@@AV. SAN GREGORIO 15@@@,emp_ciudad_sala=@@@NACIMIENTO@@@,emp_utm=40005,emp_telefono_sala=@@@511706@@@,emp_fax_sala=@@@511706@@@,emp_mail_sala=@@@UNICONACIMIENTO@GMAIL.COM@@@,emp_cta_efectivo=@@@0@@@,emp_cta_cheque=@@@0@@@,emp_cta_ventas=@@@0@@@,emp_cta_t_credito=@@@0@@@,emp_cta_t_debito=@@@0@@@,emp_cta_p_acumulados=@@@0@@@,emp_cta_descuento=@@@0@@@,emp_cta_cliente=@@@0@@@,emp_cta_funcionario=@@@0@@@,emp_cta_apoyo=@@@0@@@','',2,'2013-06-01'),(20118,'UPDATE mae_datos_empresa SET emp_entradas_compras=@@@0@@@,emp_entradas_pack=@@@0@@@,emp_entradas_preparados=@@@0@@@,emp_salidas_pi_pack=@@@0@@@,emp_salidas_pi_preparados=@@@0@@@,emp_iva=19,emp_lineas_facturas=18,emp_lineas_guias=18,emp_lineas_nc=@@@12@@@,emp_minimo_nc=@@@500@@@,emp_codigo_ferreteria=0,emp_codigo_cigarrillos=21,emp_path_flejes=@@@//Hugo-PC/flejes@@@,emp_path_balanzas=@@@C:/@@@,emp_path_precios=@@@//secretaria/C/UX60/CORREO@@@,emp_path_ventas=@@@//secretaria/C/UX60@@@,emp_cta_mercaderias=0,emp_cta_iva=0,emp_cta_excento=0,emp_cta_harina=0,emp_cta_especifico=0,emp_cta_carne=0,emp_cta_ila=0,emp_cta_proveedor=0,emp_registradora=3,emp_funcionamiento=0,emp_codigo_queseria=0,emp_codigo_roticeria=3,emp_com=@@@COM1@@@,emp_baudios=@@@9600@@@,emp_total_cajas=3','',2,'2013-06-01'),(20119,'UPDATE mae_productos SET dep_id=1,lin_id=216 WHERE pro_codigo_plu in (763439)','',2,'2013-06-01'),(20120,'UPDATE mae_productos SET dep_id=24,lin_id=45 WHERE pro_codigo_plu in (15954)','',2,'2013-06-01'),(20121,'INSERT INTO gne_vale_ferreteria (vfe_id,vfe_fecha,vfe_total,vfe_estado,vfe_entregado,usu_nusuario) VALUES (1178,@@@2013.06.01@@@,1690,1,0,@@@G_DIAZ@@@)','',2,'2013-06-01'),(20122,'INSERT INTO gne_vale_ferreteria_mov (vfe_id,pro_codigo_plu,vfm_cantidad,vfm_unitario,vfm_total,vfm_entregado) VALUES (1178,764880,1,1690,1690,@@@NO@@@)','',2,'2013-06-01'),(20123,'UPDATE mae_datos_empresa SET emp_rut=@@@10162956-2@@@,emp_razon_social=@@@SOFIA DE LA CRUZ DIAZ FERNANDEZ@@@,emp_sucursal=@@@MATRIZ@@@,emp_giro=@@@SUPERMERCADOS@@@,emp_direccion=@@@AV. SAN GREGORIO 15@@@,emp_ciudad=@@@NACIMIENTO@@@,emp_telefono=@@@511706@@@,emp_mail=@@@UNICONACIMIENTO@GMAIL.COM@@@,emp_mail_gerencia_comercial=@@@@@@,emp_mail_gerencia_operaciones=@@@@@@,emp_mail_gerencia_sistemas=@@@@@@,emp_nombre_administrador=@@@SUPERMERCADO UNICO@@@,emp_direccion_sala=@@@AV. SAN GREGORIO 15@@@,emp_ciudad_sala=@@@NACIMIENTO@@@,emp_utm=40005,emp_telefono_sala=@@@511706@@@,emp_fax_sala=@@@511706@@@,emp_mail_sala=@@@UNICONACIMIENTO@GMAIL.COM@@@,emp_cta_efectivo=@@@0@@@,emp_cta_cheque=@@@0@@@,emp_cta_ventas=@@@0@@@,emp_cta_t_credito=@@@0@@@,emp_cta_t_debito=@@@0@@@,emp_cta_p_acumulados=@@@0@@@,emp_cta_descuento=@@@0@@@,emp_cta_cliente=@@@0@@@,emp_cta_funcionario=@@@0@@@,emp_cta_apoyo=@@@0@@@','',2,'2013-06-01'),(20124,'UPDATE mae_datos_empresa SET emp_entradas_compras=@@@0@@@,emp_entradas_pack=@@@0@@@,emp_entradas_preparados=@@@0@@@,emp_salidas_pi_pack=@@@0@@@,emp_salidas_pi_preparados=@@@0@@@,emp_iva=19,emp_lineas_facturas=18,emp_lineas_guias=18,emp_lineas_nc=@@@12@@@,emp_minimo_nc=@@@500@@@,emp_codigo_ferreteria=0,emp_codigo_cigarrillos=21,emp_path_flejes=@@@//Hugo-PC/flejes@@@,emp_path_balanzas=@@@C:/@@@,emp_path_precios=@@@//secretaria/C/UX60/CORREO@@@,emp_path_ventas=@@@//secretaria/C/UX60@@@,emp_cta_mercaderias=0,emp_cta_iva=0,emp_cta_excento=0,emp_cta_harina=0,emp_cta_especifico=0,emp_cta_carne=0,emp_cta_ila=0,emp_cta_proveedor=0,emp_registradora=3,emp_funcionamiento=0,emp_codigo_queseria=0,emp_codigo_roticeria=3,emp_com=@@@COM1@@@,emp_baudios=@@@9600@@@,emp_total_cajas=3','',2,'2013-06-01'),(20125,'UPDATE mae_productos SET pro_margen_actual=0,pro_precio_venta=1370 WHERE pro_codigo_plu=17808','',2,'2013-06-01'),(20126,'UPDATE mae_productos SET pro_precio_fiscal=pro_precio_venta WHERE pro_codigo_plu=17808','',2,'2013-06-01'),(20127,'UPDATE mae_productos SET dep_id=1,lin_id=217 WHERE pro_codigo_plu in (824,825,834)','',2,'2013-06-01'),(20128,'UPDATE mae_productos SET dep_id=2,lin_id=40 WHERE pro_codigo_plu in (15637)','',2,'2013-06-01'),(20129,'UPDATE mae_productos SET dep_id=1,lin_id=8 WHERE pro_codigo_plu in (10869)','',2,'2013-06-01'),(20130,'INSERT INTO gne_vale_ferreteria (vfe_id,vfe_fecha,vfe_total,vfe_estado,vfe_entregado,usu_nusuario) VALUES (1179,@@@2013.06.01@@@,5480,1,0,@@@G_DIAZ@@@)','',2,'2013-06-01'),(20131,'INSERT INTO gne_vale_ferreteria_mov (vfe_id,pro_codigo_plu,vfm_cantidad,vfm_unitario,vfm_total,vfm_entregado) VALUES (1179,764879,1,3990,3990,@@@NO@@@)','',2,'2013-06-01'),(20132,'INSERT INTO gne_vale_ferreteria_mov (vfe_id,pro_codigo_plu,vfm_cantidad,vfm_unitario,vfm_total,vfm_entregado) VALUES (1179,4053,1,1490,1490,@@@NO@@@)','',2,'2013-06-01'),(20133,'UPDATE mae_productos SET dep_id=2,lin_id=36 WHERE pro_codigo_plu in (15148)','',2,'2013-06-01'),(20134,'UPDATE mae_productos SET dep_id=3,lin_id=50 WHERE pro_codigo_plu in (16209)','',2,'2013-06-01'),(20135,'UPDATE mae_productos SET dep_id=1,lin_id=8 WHERE pro_codigo_plu in (16763)','',2,'2013-06-01'),(20136,'INSERT INTO gne_vale_ferreteria (vfe_id,vfe_fecha,vfe_total,vfe_estado,vfe_entregado,usu_nusuario) VALUES (1180,@@@2013.06.01@@@,2490,1,0,@@@G_DIAZ@@@)','',2,'2013-06-01'),(20137,'INSERT INTO gne_vale_ferreteria_mov (vfe_id,pro_codigo_plu,vfm_cantidad,vfm_unitario,vfm_total,vfm_entregado) VALUES (1180,764911,1,2490,2490,@@@NO@@@)','',2,'2013-06-01'),(20138,'UPDATE mae_productos SET dep_id=1,lin_id=23 WHERE pro_codigo_plu in (13794,13792,13796,13788,13793,13790)','',2,'2013-06-01'),(20139,'INSERT INTO gne_vale_ferreteria (vfe_id,vfe_fecha,vfe_total,vfe_estado,vfe_entregado,usu_nusuario) VALUES (1181,@@@2013.06.01@@@,3990,1,0,@@@G_DIAZ@@@)','',2,'2013-06-01'),(20140,'INSERT INTO gne_vale_ferreteria_mov (vfe_id,pro_codigo_plu,vfm_cantidad,vfm_unitario,vfm_total,vfm_entregado) VALUES (1181,764298,1,3990,3990,@@@NO@@@)','',2,'2013-06-01'),(20141,'UPDATE mae_productos SET dep_id=32,lin_id=215 WHERE pro_codigo_plu in (14282)','',2,'2013-06-01'),(20142,'UPDATE mae_productos SET dep_id=1,lin_id=14 WHERE pro_codigo_plu in (11330,11331,11332)','',2,'2013-06-01'),(20143,'INSERT INTO gne_vale_ferreteria (vfe_id,vfe_fecha,vfe_total,vfe_estado,vfe_entregado,usu_nusuario) VALUES (1182,@@@2013.06.01@@@,200,1,0,@@@G_DIAZ@@@)','',2,'2013-06-01'),(20144,'INSERT INTO gne_vale_ferreteria_mov (vfe_id,pro_codigo_plu,vfm_cantidad,vfm_unitario,vfm_total,vfm_entregado) VALUES (1182,78017238,1,200,200,@@@NO@@@)','',2,'2013-06-01'),(20145,'INSERT INTO mae_departamento (dep_id,dep_nombre,dep_porcentaje_margen,dep_oferta,cco_id) VALUES (@@@43@@@,@@@PRODUCTOS NO VENDEN@@@,@@@50@@@,@@@NO@@@,0)','',2,'2013-06-01'),(20146,'UPDATE mae_datos_empresa SET emp_rut=@@@10162956-2@@@,emp_razon_social=@@@SOFIA DE LA CRUZ DIAZ FERNANDEZ@@@,emp_sucursal=@@@MATRIZ@@@,emp_giro=@@@SUPERMERCADOS@@@,emp_direccion=@@@AV. SAN GREGORIO 15@@@,emp_ciudad=@@@NACIMIENTO@@@,emp_telefono=@@@511706@@@,emp_mail=@@@UNICONACIMIENTO@GMAIL.COM@@@,emp_mail_gerencia_comercial=@@@@@@,emp_mail_gerencia_operaciones=@@@@@@,emp_mail_gerencia_sistemas=@@@@@@,emp_nombre_administrador=@@@SUPERMERCADO UNICO@@@,emp_direccion_sala=@@@AV. SAN GREGORIO 15@@@,emp_ciudad_sala=@@@NACIMIENTO@@@,emp_utm=40005,emp_telefono_sala=@@@511706@@@,emp_fax_sala=@@@511706@@@,emp_mail_sala=@@@UNICONACIMIENTO@GMAIL.COM@@@,emp_cta_efectivo=@@@0@@@,emp_cta_cheque=@@@0@@@,emp_cta_ventas=@@@0@@@,emp_cta_t_credito=@@@0@@@,emp_cta_t_debito=@@@0@@@,emp_cta_p_acumulados=@@@0@@@,emp_cta_descuento=@@@0@@@,emp_cta_cliente=@@@0@@@,emp_cta_funcionario=@@@0@@@,emp_cta_apoyo=@@@0@@@','',2,'2013-06-01'),(20147,'UPDATE mae_datos_empresa SET emp_entradas_compras=@@@0@@@,emp_entradas_pack=@@@0@@@,emp_entradas_preparados=@@@0@@@,emp_salidas_pi_pack=@@@0@@@,emp_salidas_pi_preparados=@@@0@@@,emp_iva=19,emp_lineas_facturas=18,emp_lineas_guias=18,emp_lineas_nc=@@@12@@@,emp_minimo_nc=@@@500@@@,emp_codigo_ferreteria=0,emp_codigo_cigarrillos=21,emp_path_flejes=@@@//Hugo-PC/flejes@@@,emp_path_balanzas=@@@C:/@@@,emp_path_precios=@@@//secretaria/C/UX60/CORREO@@@,emp_path_ventas=@@@//secretaria/C/UX60@@@,emp_cta_mercaderias=0,emp_cta_iva=0,emp_cta_excento=0,emp_cta_harina=0,emp_cta_especifico=0,emp_cta_carne=0,emp_cta_ila=0,emp_cta_proveedor=0,emp_registradora=3,emp_funcionamiento=0,emp_codigo_queseria=0,emp_codigo_roticeria=3,emp_com=@@@COM1@@@,emp_baudios=@@@9600@@@,emp_total_cajas=3','',2,'2013-06-01'),(20148,'INSERT INTO gne_vale_ferreteria (vfe_id,vfe_fecha,vfe_total,vfe_estado,vfe_entregado,usu_nusuario) VALUES (1183,@@@2013.06.01@@@,1690,1,0,@@@G_DIAZ@@@)','',2,'2013-06-01'),(20149,'INSERT INTO gne_vale_ferreteria_mov (vfe_id,pro_codigo_plu,vfm_cantidad,vfm_unitario,vfm_total,vfm_entregado) VALUES (1183,763697,1,1690,1690,@@@NO@@@)','',2,'2013-06-01'),(20150,'UPDATE mae_datos_empresa SET emp_rut=@@@10162956-2@@@,emp_razon_social=@@@SOFIA DE LA CRUZ DIAZ FERNANDEZ@@@,emp_sucursal=@@@MATRIZ@@@,emp_giro=@@@SUPERMERCADOS@@@,emp_direccion=@@@AV. SAN GREGORIO 15@@@,emp_ciudad=@@@NACIMIENTO@@@,emp_telefono=@@@511706@@@,emp_mail=@@@UNICONACIMIENTO@GMAIL.COM@@@,emp_mail_gerencia_comercial=@@@@@@,emp_mail_gerencia_operaciones=@@@@@@,emp_mail_gerencia_sistemas=@@@@@@,emp_nombre_administrador=@@@SUPERMERCADO UNICO@@@,emp_direccion_sala=@@@AV. SAN GREGORIO 15@@@,emp_ciudad_sala=@@@NACIMIENTO@@@,emp_utm=40005,emp_telefono_sala=@@@511706@@@,emp_fax_sala=@@@511706@@@,emp_mail_sala=@@@UNICONACIMIENTO@GMAIL.COM@@@,emp_cta_efectivo=@@@0@@@,emp_cta_cheque=@@@0@@@,emp_cta_ventas=@@@0@@@,emp_cta_t_credito=@@@0@@@,emp_cta_t_debito=@@@0@@@,emp_cta_p_acumulados=@@@0@@@,emp_cta_descuento=@@@0@@@,emp_cta_cliente=@@@0@@@,emp_cta_funcionario=@@@0@@@,emp_cta_apoyo=@@@0@@@','',2,'2013-06-01'),(20151,'UPDATE mae_datos_empresa SET emp_entradas_compras=@@@0@@@,emp_entradas_pack=@@@0@@@,emp_entradas_preparados=@@@0@@@,emp_salidas_pi_pack=@@@0@@@,emp_salidas_pi_preparados=@@@0@@@,emp_iva=19,emp_lineas_facturas=18,emp_lineas_guias=18,emp_lineas_nc=@@@12@@@,emp_minimo_nc=@@@500@@@,emp_codigo_ferreteria=0,emp_codigo_cigarrillos=21,emp_path_flejes=@@@//Hugo-PC/flejes@@@,emp_path_balanzas=@@@C:/@@@,emp_path_precios=@@@//secretaria/C/UX60/CORREO@@@,emp_path_ventas=@@@//secretaria/C/UX60@@@,emp_cta_mercaderias=0,emp_cta_iva=0,emp_cta_excento=0,emp_cta_harina=0,emp_cta_especifico=0,emp_cta_carne=0,emp_cta_ila=0,emp_cta_proveedor=0,emp_registradora=3,emp_funcionamiento=0,emp_codigo_queseria=0,emp_codigo_roticeria=3,emp_com=@@@COM1@@@,emp_baudios=@@@9600@@@,emp_total_cajas=3','',2,'2013-06-01'),(20152,'UPDATE mae_productos SET dep_id=43,lin_id=218 WHERE pro_codigo_plu in (11746,12669,12663,14223,14258,14242,14243,14244,14257,14272,10714)','',2,'2013-06-01'),(20153,'UPDATE mae_productos SET dep_id=32,lin_id=161 WHERE pro_codigo_plu in (12699,12667,12697,12698,12700,12702,12701,12622,12555,12554)','',2,'2013-06-01'),(20154,'UPDATE mae_productos SET dep_id=32,lin_id=215 WHERE pro_codigo_plu in (14247,14245)','',2,'2013-06-01'),(20155,'UPDATE mae_productos SET dep_id=1,lin_id=8 WHERE pro_codigo_plu in (10974,10969,10932)','',2,'2013-06-01'),(20156,'UPDATE mae_productos SET dep_id=1,lin_id=8 WHERE pro_codigo_plu in (10942,10941,10940,10961)','',2,'2013-06-01'),(20157,'UPDATE mae_productos SET dep_id=1,lin_id=155 WHERE pro_codigo_plu in (11724,11723)','',2,'2013-06-01'),(20158,'INSERT INTO mae_productos (pro_codigo_plu,pro_codigo_barra,pro_tipo,pro_nombre_producto,pro_nombre_corto,med_id,emb_id,pro_unidades_embalaje,dep_id,lin_id,mar_id,pro_precio_compra_neto,pro_precio_compra_bruto,pro_precio_venta,pro_margen_actual,pro_oferta,pro_fecha_inicio_oferta,pro_fecha_termino_oferta,pro_precio_oferta,pro_stock_minimo,pro_stock_critico,pro_entradas_bodega,pro_salidas_bodega,pro_mermas_bodega,pro_ajustes_bodega,pro_entradas_sv,pro_salidas_sv,pro_mermas_sv,pro_ajustes_sv,pro_activo,rec_numero,pro_unidad,pro_capacidad,pro_consumo_bodega,pro_consumo_sv,pro_estado,pro_funcion_plu,pro_flejes,pro_iva,pro_plu_asociado,pro_envase,pro_duracion,pro_numero_etiqueta) VALUES (780220116,@@@7613033519444@@@,@@@0@@@,@@@CHARLOT PRESTIGIO@@@,@@@CHARLOT PRESTIGI@@@,@@@1 @@@,@@@6 @@@,@@@1@@@,@@@20 @@@,@@@105@@@,@@@22@@@,@@@0@@@,@@@0@@@,@@@2190@@@,@@@0@@@,@@@@@@,@@@2013.06.01@@@,@@@2013.06.01@@@,@@@0@@@,@@@1@@@,@@@0@@@,@@@0@@@,@@@0@@@,@@@0@@@,@@@0@@@,@@@0@@@,@@@0@@@,@@@0@@@,@@@0@@@,@@@1@@@,@@@0@@@,0,1,0,0,2,0,1,1,0,@@@NO@@@,0,0)','',2,'2013-06-01'),(20159,'DELETE FROM mae_impuestos_productos WHERE pro_codigo_plu=@@@780220116@@@','',2,'2013-06-01'),(20160,'UPDATE mae_productos SET dep_id=32,lin_id=215 WHERE pro_codigo_plu in (14284)','',2,'2013-06-01'),(20161,'INSERT INTO gne_vale_ferreteria (vfe_id,vfe_fecha,vfe_total,vfe_estado,vfe_entregado,usu_nusuario) VALUES (1184,@@@2013.06.01@@@,120,1,0,@@@G_DIAZ@@@)','',2,'2013-06-01'),(20162,'INSERT INTO gne_vale_ferreteria_mov (vfe_id,pro_codigo_plu,vfm_cantidad,vfm_unitario,vfm_total,vfm_entregado) VALUES (1184,78017204,1,120,120,@@@NO@@@)','',2,'2013-06-01'),(20163,'INSERT INTO gne_vale_ferreteria (vfe_id,vfe_fecha,vfe_total,vfe_estado,vfe_entregado,usu_nusuario) VALUES (1185,@@@2013.06.01@@@,400,1,0,@@@G_DIAZ@@@)','',2,'2013-06-01'),(20164,'INSERT INTO gne_vale_ferreteria_mov (vfe_id,pro_codigo_plu,vfm_cantidad,vfm_unitario,vfm_total,vfm_entregado) VALUES (1185,16664,1,400,400,@@@NO@@@)','',2,'2013-06-01'),(20165,'INSERT INTO gne_vale_ferreteria (vfe_id,vfe_fecha,vfe_total,vfe_estado,vfe_entregado,usu_nusuario) VALUES (1186,@@@2013.06.01@@@,260,1,0,@@@G_DIAZ@@@)','',2,'2013-06-01'),(20166,'INSERT INTO gne_vale_ferreteria_mov (vfe_id,pro_codigo_plu,vfm_cantidad,vfm_unitario,vfm_total,vfm_entregado) VALUES (1186,15967,2,130,260,@@@NO@@@)','',2,'2013-06-01'),(20167,'INSERT INTO gne_vale_ferreteria (vfe_id,vfe_fecha,vfe_total,vfe_estado,vfe_entregado,usu_nusuario) VALUES (1187,@@@2013.06.01@@@,150,1,0,@@@G_DIAZ@@@)','',2,'2013-06-01'),(20168,'INSERT INTO gne_vale_ferreteria_mov (vfe_id,pro_codigo_plu,vfm_cantidad,vfm_unitario,vfm_total,vfm_entregado) VALUES (1187,8021,1,150,150,@@@NO@@@)','',2,'2013-06-01'),(20169,'INSERT INTO gne_vale_ferreteria (vfe_id,vfe_fecha,vfe_total,vfe_estado,vfe_entregado,usu_nusuario) VALUES (1188,@@@2013.06.01@@@,300,1,0,@@@G_DIAZ@@@)','',2,'2013-06-01'),(20170,'INSERT INTO gne_vale_ferreteria_mov (vfe_id,pro_codigo_plu,vfm_cantidad,vfm_unitario,vfm_total,vfm_entregado) VALUES (1188,8021,2,150,300,@@@NO@@@)','',2,'2013-06-01'),(20171,'INSERT INTO gne_vale_ferreteria (vfe_id,vfe_fecha,vfe_total,vfe_estado,vfe_entregado,usu_nusuario) VALUES (1189,@@@2013.06.01@@@,1890,1,0,@@@G_DIAZ@@@)','',2,'2013-06-01'),(20172,'INSERT INTO gne_vale_ferreteria_mov (vfe_id,pro_codigo_plu,vfm_cantidad,vfm_unitario,vfm_total,vfm_entregado) VALUES (1189,102627,1,1890,1890,@@@NO@@@)','',2,'2013-06-01'),(20173,'INSERT INTO gne_vale_ferreteria (vfe_id,vfe_fecha,vfe_total,vfe_estado,vfe_entregado,usu_nusuario) VALUES (1190,@@@2013.06.01@@@,4160,1,0,@@@G_DIAZ@@@)','',2,'2013-06-01'),(20174,'INSERT INTO gne_vale_ferreteria_mov (vfe_id,pro_codigo_plu,vfm_cantidad,vfm_unitario,vfm_total,vfm_entregado) VALUES (1190,20476,1,1690,1690,@@@NO@@@)','',2,'2013-06-01'),(20175,'INSERT INTO gne_vale_ferreteria_mov (vfe_id,pro_codigo_plu,vfm_cantidad,vfm_unitario,vfm_total,vfm_entregado) VALUES (1190,15668,1,1390,1390,@@@NO@@@)','',2,'2013-06-01'),(20176,'INSERT INTO gne_vale_ferreteria_mov (vfe_id,pro_codigo_plu,vfm_cantidad,vfm_unitario,vfm_total,vfm_entregado) VALUES (1190,101881,1,590,590,@@@NO@@@)','',2,'2013-06-01'),(20177,'INSERT INTO gne_vale_ferreteria_mov (vfe_id,pro_codigo_plu,vfm_cantidad,vfm_unitario,vfm_total,vfm_entregado) VALUES (1190,1538,1,490,490,@@@NO@@@)','',2,'2013-06-01'),(20178,'UPDATE mae_productos SET pro_codigo_barra=@@@7751851122504@@@,pro_tipo=@@@0@@@,pro_nombre_producto=@@@BETUN SAPOLIO NEGRO 88 GRS@@@,pro_nombre_corto=@@@BETUN SAPOLIO NE@@@,med_id=@@@5@@@,emb_id=@@@4@@@,pro_unidades_embalaje=@@@12@@@,dep_id=@@@2 @@@,lin_id=@@@38@@@,mar_id=@@@880@@@,pro_precio_compra_neto=@@@0@@@,pro_precio_compra_bruto=@@@0@@@,pro_precio_venta=@@@590@@@,pro_margen_actual=@@@0@@@,pro_oferta=@@@NO@@@,pro_fecha_inicio_oferta=@@@1900.01.01@@@,pro_fecha_termino_oferta=@@@1900.01.01@@@,pro_precio_oferta=@@@0@@@,pro_stock_minimo=@@@0@@@,pro_stock_critico=@@@0@@@,pro_activo=@@@1@@@,pro_unidad=@@@0@@@,pro_precio_compra_bruto=0,pro_margen_actual=0,pro_capacidad=0.088,pro_funcion_plu=0,pro_flejes=1,pro_iva=1,pro_plu_asociado=0,pro_envase=@@@NO@@@,pro_duracion=0,pro_numero_etiqueta=0 WHERE pro_codigo_plu=@@@15485@@@','',2,'2013-06-01'),(20179,'UPDATE mae_productos SET pro_estado=1 WHERE pro_codigo_plu=15485','',2,'2013-06-01'),(20180,'DELETE FROM mae_impuestos_productos WHERE pro_codigo_plu=@@@15485@@@','',2,'2013-06-01'),(20181,'INSERT INTO gne_vale_ferreteria (vfe_id,vfe_fecha,vfe_total,vfe_estado,vfe_entregado,usu_nusuario) VALUES (1191,@@@2013.06.01@@@,1750,1,0,@@@G_DIAZ@@@)','',2,'2013-06-01'),(20182,'INSERT INTO gne_vale_ferreteria_mov (vfe_id,pro_codigo_plu,vfm_cantidad,vfm_unitario,vfm_total,vfm_entregado) VALUES (1191,764161,1,1750,1750,@@@NO@@@)','',2,'2013-06-01'),(20183,'INSERT INTO gne_vale_ferreteria (vfe_id,vfe_fecha,vfe_total,vfe_estado,vfe_entregado,usu_nusuario) VALUES (1192,@@@2013.06.01@@@,3990,1,0,@@@G_DIAZ@@@)','',2,'2013-06-01'),(20184,'INSERT INTO gne_vale_ferreteria_mov (vfe_id,pro_codigo_plu,vfm_cantidad,vfm_unitario,vfm_total,vfm_entregado) VALUES (1192,764889,1,3990,3990,@@@NO@@@)','',2,'2013-06-01'),(20185,'INSERT INTO gne_vale_ferreteria (vfe_id,vfe_fecha,vfe_total,vfe_estado,vfe_entregado,usu_nusuario) VALUES (1193,@@@2013.06.01@@@,720,1,0,@@@G_DIAZ@@@)','',2,'2013-06-01'),(20186,'INSERT INTO gne_vale_ferreteria_mov (vfe_id,pro_codigo_plu,vfm_cantidad,vfm_unitario,vfm_total,vfm_entregado) VALUES (1193,10720,1,720,720,@@@NO@@@)','',2,'2013-06-01'),(20187,'INSERT INTO gne_vale_ferreteria (vfe_id,vfe_fecha,vfe_total,vfe_estado,vfe_entregado,usu_nusuario) VALUES (1194,@@@2013.06.01@@@,790,1,0,@@@G_DIAZ@@@)','',2,'2013-06-01'),(20188,'INSERT INTO gne_vale_ferreteria_mov (vfe_id,pro_codigo_plu,vfm_cantidad,vfm_unitario,vfm_total,vfm_entregado) VALUES (1194,101454,1,790,790,@@@NO@@@)','',2,'2013-06-01'),(20189,'INSERT INTO gne_vale_ferreteria (vfe_id,vfe_fecha,vfe_total,vfe_estado,vfe_entregado,usu_nusuario) VALUES (1195,@@@2013.06.01@@@,1590,1,0,@@@G_DIAZ@@@)','',2,'2013-06-01'),(20190,'INSERT INTO gne_vale_ferreteria_mov (vfe_id,pro_codigo_plu,vfm_cantidad,vfm_unitario,vfm_total,vfm_entregado) VALUES (1195,78017200,1,1590,1590,@@@NO@@@)','',2,'2013-06-01'),(20191,'UPDATE mae_productos SET pro_codigo_barra=@@@78014046@@@,pro_tipo=@@@0@@@,pro_nombre_producto=@@@JALEA GUINDA COLUN 100 GR.@@@,pro_nombre_corto=@@@JALEA GUINDA COL@@@,med_id=@@@5@@@,emb_id=@@@4@@@,pro_unidades_embalaje=@@@48@@@,dep_id=@@@3 @@@,lin_id=@@@52@@@,mar_id=@@@1004@@@,pro_precio_compra_neto=@@@0@@@,pro_precio_compra_bruto=@@@0@@@,pro_precio_venta=@@@190@@@,pro_margen_actual=@@@0@@@,pro_oferta=@@@NO@@@,pro_fecha_inicio_oferta=@@@1900.01.01@@@,pro_fecha_termino_oferta=@@@1900.01.01@@@,pro_precio_oferta=@@@0@@@,pro_stock_minimo=@@@48@@@,pro_stock_critico=@@@24@@@,pro_activo=@@@1@@@,pro_unidad=@@@0@@@,pro_precio_compra_bruto=0,pro_margen_actual=0,pro_capacidad=0.1,pro_funcion_plu=0,pro_flejes=1,pro_iva=1,pro_plu_asociado=0,pro_envase=@@@NO@@@,pro_duracion=0,pro_numero_etiqueta=0 WHERE pro_codigo_plu=@@@12453@@@','',2,'2013-06-01'),(20192,'UPDATE mae_productos SET pro_estado=1 WHERE pro_codigo_plu=12453','',2,'2013-06-01'),(20193,'DELETE FROM mae_impuestos_productos WHERE pro_codigo_plu=@@@12453@@@','',2,'2013-06-01'),(20194,'INSERT INTO gne_vale_ferreteria (vfe_id,vfe_fecha,vfe_total,vfe_estado,vfe_entregado,usu_nusuario) VALUES (1196,@@@2013.06.01@@@,790,1,0,@@@G_DIAZ@@@)','',2,'2013-06-01'),(20195,'INSERT INTO gne_vale_ferreteria_mov (vfe_id,pro_codigo_plu,vfm_cantidad,vfm_unitario,vfm_total,vfm_entregado) VALUES (1196,101454,1,790,790,@@@NO@@@)','',2,'2013-06-01'),(20196,'INSERT INTO mae_productos (pro_codigo_plu,pro_codigo_barra,pro_tipo,pro_nombre_producto,pro_nombre_corto,med_id,emb_id,pro_unidades_embalaje,dep_id,lin_id,mar_id,pro_precio_compra_neto,pro_precio_compra_bruto,pro_precio_venta,pro_margen_actual,pro_oferta,pro_fecha_inicio_oferta,pro_fecha_termino_oferta,pro_precio_oferta,pro_stock_minimo,pro_stock_critico,pro_entradas_bodega,pro_salidas_bodega,pro_mermas_bodega,pro_ajustes_bodega,pro_entradas_sv,pro_salidas_sv,pro_mermas_sv,pro_ajustes_sv,pro_activo,rec_numero,pro_unidad,pro_capacidad,pro_consumo_bodega,pro_consumo_sv,pro_estado,pro_funcion_plu,pro_flejes,pro_iva,pro_plu_asociado,pro_envase,pro_duracion,pro_numero_etiqueta) VALUES (780220117,@@@780220117@@@,@@@0@@@,@@@JUGO ZUKO NARANJA CITRICO@@@,@@@JUGO ZUKO NARANJ@@@,@@@1 @@@,@@@3 @@@,@@@0@@@,@@@1 @@@,@@@152@@@,@@@189@@@,@@@0@@@,@@@0@@@,@@@170@@@,@@@0@@@,@@@@@@,@@@2013.06.01@@@,@@@2013.06.01@@@,@@@0@@@,@@@0@@@,@@@0@@@,@@@0@@@,@@@0@@@,@@@0@@@,@@@0@@@,@@@0@@@,@@@0@@@,@@@0@@@,@@@0@@@,@@@1@@@,@@@0@@@,0,1,0,0,2,0,1,1,0,@@@NO@@@,0,0)','',2,'2013-06-01'),(20197,'DELETE FROM mae_impuestos_productos WHERE pro_codigo_plu=@@@780220117@@@','',2,'2013-06-01'),(20198,'INSERT INTO mae_productos (pro_codigo_plu,pro_codigo_barra,pro_tipo,pro_nombre_producto,pro_nombre_corto,med_id,emb_id,pro_unidades_embalaje,dep_id,lin_id,mar_id,pro_precio_compra_neto,pro_precio_compra_bruto,pro_precio_venta,pro_margen_actual,pro_oferta,pro_fecha_inicio_oferta,pro_fecha_termino_oferta,pro_precio_oferta,pro_stock_minimo,pro_stock_critico,pro_entradas_bodega,pro_salidas_bodega,pro_mermas_bodega,pro_ajustes_bodega,pro_entradas_sv,pro_salidas_sv,pro_mermas_sv,pro_ajustes_sv,pro_activo,rec_numero,pro_unidad,pro_capacidad,pro_consumo_bodega,pro_consumo_sv,pro_estado,pro_funcion_plu,pro_flejes,pro_iva,pro_plu_asociado,pro_envase,pro_duracion,pro_numero_etiqueta) VALUES (780220118,@@@780220118@@@,@@@0@@@,@@@BOLSA REGALO VARIEDAD 1 UND@@@,@@@BOLSA REGALO VAR@@@,@@@1 @@@,@@@3 @@@,@@@0@@@,@@@24 @@@,@@@42@@@,@@@2507@@@,@@@0@@@,@@@0@@@,@@@590@@@,@@@0@@@,@@@@@@,@@@2013.06.01@@@,@@@2013.06.01@@@,@@@0@@@,@@@0@@@,@@@0@@@,@@@0@@@,@@@0@@@,@@@0@@@,@@@0@@@,@@@0@@@,@@@0@@@,@@@0@@@,@@@0@@@,@@@1@@@,@@@0@@@,0,1,0,0,2,0,1,1,0,@@@NO@@@,0,0)','',2,'2013-06-01'),(20199,'DELETE FROM mae_impuestos_productos WHERE pro_codigo_plu=@@@780220118@@@','',2,'2013-06-01'),(20200,'INSERT INTO gne_vale_ferreteria (vfe_id,vfe_fecha,vfe_total,vfe_estado,vfe_entregado,usu_nusuario) VALUES (1197,@@@2013.06.01@@@,2070,1,0,@@@G_DIAZ@@@)','',2,'2013-06-01'),(20201,'INSERT INTO gne_vale_ferreteria_mov (vfe_id,pro_codigo_plu,vfm_cantidad,vfm_unitario,vfm_total,vfm_entregado) VALUES (1197,764779,1,990,990,@@@NO@@@)','',2,'2013-06-01'),(20202,'INSERT INTO gne_vale_ferreteria_mov (vfe_id,pro_codigo_plu,vfm_cantidad,vfm_unitario,vfm_total,vfm_entregado) VALUES (1197,4139,1,790,790,@@@NO@@@)','',2,'2013-06-01'),(20203,'INSERT INTO gne_vale_ferreteria_mov (vfe_id,pro_codigo_plu,vfm_cantidad,vfm_unitario,vfm_total,vfm_entregado) VALUES (1197,1536,1,290,290,@@@NO@@@)','',2,'2013-06-01'),(20204,'INSERT INTO gne_vale_ferreteria (vfe_id,vfe_fecha,vfe_total,vfe_estado,vfe_entregado,usu_nusuario) VALUES (1198,@@@2013.06.01@@@,1190,1,0,@@@G_DIAZ@@@)','',2,'2013-06-01'),(20205,'INSERT INTO gne_vale_ferreteria_mov (vfe_id,pro_codigo_plu,vfm_cantidad,vfm_unitario,vfm_total,vfm_entregado) VALUES (1198,4005,1,1190,1190,@@@NO@@@)','',2,'2013-06-01'),(20206,'INSERT INTO mae_productos (pro_codigo_plu,pro_codigo_barra,pro_tipo,pro_nombre_producto,pro_nombre_corto,med_id,emb_id,pro_unidades_embalaje,dep_id,lin_id,mar_id,pro_precio_compra_neto,pro_precio_compra_bruto,pro_precio_venta,pro_margen_actual,pro_oferta,pro_fecha_inicio_oferta,pro_fecha_termino_oferta,pro_precio_oferta,pro_stock_minimo,pro_stock_critico,pro_entradas_bodega,pro_salidas_bodega,pro_mermas_bodega,pro_ajustes_bodega,pro_entradas_sv,pro_salidas_sv,pro_mermas_sv,pro_ajustes_sv,pro_activo,rec_numero,pro_unidad,pro_capacidad,pro_consumo_bodega,pro_consumo_sv,pro_estado,pro_funcion_plu,pro_flejes,pro_iva,pro_plu_asociado,pro_envase,pro_duracion,pro_numero_etiqueta) VALUES (780220119,@@@780220119@@@,@@@0@@@,@@@MALETA REGALO VARIEDAD 1UND@@@,@@@MALETA REGALO VA@@@,@@@1 @@@,@@@3 @@@,@@@0@@@,@@@24 @@@,@@@42@@@,@@@2507@@@,@@@0@@@,@@@0@@@,@@@690@@@,@@@0@@@,@@@@@@,@@@2013.06.01@@@,@@@2013.06.01@@@,@@@0@@@,@@@0@@@,@@@0@@@,@@@0@@@,@@@0@@@,@@@0@@@,@@@0@@@,@@@0@@@,@@@0@@@,@@@0@@@,@@@0@@@,@@@1@@@,@@@0@@@,0,1,0,0,2,0,1,1,0,@@@NO@@@,0,0)','',2,'2013-06-01'),(20207,'DELETE FROM mae_impuestos_productos WHERE pro_codigo_plu=@@@780220119@@@','',2,'2013-06-01'),(20208,'UPDATE mae_productos SET dep_id=1,lin_id=31 WHERE pro_codigo_plu in (10728,10729,10730,10733,10732,10731,10734)','',2,'2013-06-01'),(20209,'INSERT INTO mae_productos (pro_codigo_plu,pro_codigo_barra,pro_tipo,pro_nombre_producto,pro_nombre_corto,med_id,emb_id,pro_unidades_embalaje,dep_id,lin_id,mar_id,pro_precio_compra_neto,pro_precio_compra_bruto,pro_precio_venta,pro_margen_actual,pro_oferta,pro_fecha_inicio_oferta,pro_fecha_termino_oferta,pro_precio_oferta,pro_stock_minimo,pro_stock_critico,pro_entradas_bodega,pro_salidas_bodega,pro_mermas_bodega,pro_ajustes_bodega,pro_entradas_sv,pro_salidas_sv,pro_mermas_sv,pro_ajustes_sv,pro_activo,rec_numero,pro_unidad,pro_capacidad,pro_consumo_bodega,pro_consumo_sv,pro_estado,pro_funcion_plu,pro_flejes,pro_iva,pro_plu_asociado,pro_envase,pro_duracion,pro_numero_etiqueta) VALUES (780220120,@@@643294201170@@@,@@@0@@@,@@@MALETA REGALO CHICA@@@,@@@MALETA REGALO CH@@@,@@@1 @@@,@@@3 @@@,@@@0@@@,@@@24 @@@,@@@42@@@,@@@2507@@@,@@@0@@@,@@@0@@@,@@@450@@@,@@@0@@@,@@@@@@,@@@2013.06.01@@@,@@@2013.06.01@@@,@@@0@@@,@@@0@@@,@@@0@@@,@@@0@@@,@@@0@@@,@@@0@@@,@@@0@@@,@@@0@@@,@@@0@@@,@@@0@@@,@@@0@@@,@@@1@@@,@@@0@@@,0,1,0,0,2,0,1,1,0,@@@NO@@@,0,0)','',2,'2013-06-01'),(20210,'DELETE FROM mae_impuestos_productos WHERE pro_codigo_plu=@@@780220120@@@','',2,'2013-06-01'),(20211,'INSERT INTO gne_vale_ferreteria (vfe_id,vfe_fecha,vfe_total,vfe_estado,vfe_entregado,usu_nusuario) VALUES (1199,@@@2013.06.01@@@,250,1,0,@@@G_DIAZ@@@)','',2,'2013-06-01'),(20212,'INSERT INTO gne_vale_ferreteria_mov (vfe_id,pro_codigo_plu,vfm_cantidad,vfm_unitario,vfm_total,vfm_entregado) VALUES (1199,78017105,1,250,250,@@@NO@@@)','',2,'2013-06-01'),(20213,'UPDATE mae_productos SET dep_id=1,lin_id=153 WHERE pro_codigo_plu in (13991)','',2,'2013-06-01'),(20214,'UPDATE mae_productos SET dep_id=1,lin_id=3 WHERE pro_codigo_plu in (10199)','',2,'2013-06-01'),(20215,'UPDATE mae_productos SET dep_id=1,lin_id=3 WHERE pro_codigo_plu in (10198,10209)','',2,'2013-06-01'),(20216,'INSERT INTO mae_productos (pro_codigo_plu,pro_codigo_barra,pro_tipo,pro_nombre_producto,pro_nombre_corto,med_id,emb_id,pro_unidades_embalaje,dep_id,lin_id,mar_id,pro_precio_compra_neto,pro_precio_compra_bruto,pro_precio_venta,pro_margen_actual,pro_oferta,pro_fecha_inicio_oferta,pro_fecha_termino_oferta,pro_precio_oferta,pro_stock_minimo,pro_stock_critico,pro_entradas_bodega,pro_salidas_bodega,pro_mermas_bodega,pro_ajustes_bodega,pro_entradas_sv,pro_salidas_sv,pro_mermas_sv,pro_ajustes_sv,pro_activo,rec_numero,pro_unidad,pro_capacidad,pro_consumo_bodega,pro_consumo_sv,pro_estado,pro_funcion_plu,pro_flejes,pro_iva,pro_plu_asociado,pro_envase,pro_duracion,pro_numero_etiqueta) VALUES (780220121,@@@7777005@@@,@@@0@@@,@@@BOLSO DE REGALO CHICO 1 UND@@@,@@@BOLSO DE REGALO @@@,@@@1 @@@,@@@3 @@@,@@@0@@@,@@@24 @@@,@@@42@@@,@@@2507@@@,@@@0@@@,@@@0@@@,@@@390@@@,@@@0@@@,@@@@@@,@@@2013.06.01@@@,@@@2013.06.01@@@,@@@0@@@,@@@0@@@,@@@0@@@,@@@0@@@,@@@0@@@,@@@0@@@,@@@0@@@,@@@0@@@,@@@0@@@,@@@0@@@,@@@0@@@,@@@1@@@,@@@0@@@,0,1,0,0,2,0,1,1,0,@@@NO@@@,0,0)','',2,'2013-06-01'),(20217,'DELETE FROM mae_impuestos_productos WHERE pro_codigo_plu=@@@780220121@@@','',2,'2013-06-01'),(20218,'UPDATE mae_productos SET dep_id=1,lin_id=20 WHERE pro_codigo_plu in (13475)','',2,'2013-06-01'),(20219,'UPDATE mae_productos SET dep_id=1,lin_id=19 WHERE pro_codigo_plu in (13202)','',2,'2013-06-01'),(20220,'UPDATE mae_productos SET dep_id=1,lin_id=19 WHERE pro_codigo_plu in (13210)','',2,'2013-06-01'),(20221,'UPDATE mae_productos SET dep_id=1,lin_id=19 WHERE pro_codigo_plu in (13999)','',2,'2013-06-01'),(20222,'UPDATE mae_productos SET dep_id=43,lin_id=218 WHERE pro_codigo_plu in (12531,14225,14224)','',2,'2013-06-01'),(20223,'UPDATE mae_productos SET dep_id=1,lin_id=14 WHERE pro_codigo_plu in (13996,13997,13998)','',2,'2013-06-01'),(20224,'UPDATE mae_productos SET dep_id=32,lin_id=163 WHERE pro_codigo_plu in (12810,12809)','',2,'2013-06-01'),(20225,'UPDATE mae_productos SET dep_id=1,lin_id=19 WHERE pro_codigo_plu in (13385)','',2,'2013-06-01'),(20226,'UPDATE mae_productos SET dep_id=32,lin_id=163 WHERE pro_codigo_plu in (12877,12787,12858,12873,12776,12891,12856,12887,12766,12871,12861,12739,12767,12910,12870,12730,12848,12849,12768,12866,12872,12769,12770,12771,12885,12884,12883,12853,12874,12714,12762)','',2,'2013-06-01'),(20227,'UPDATE mae_productos SET dep_id=1,lin_id=19 WHERE pro_codigo_plu in (13389,12781,13388,13374,13391,13359,13338,13375)','',2,'2013-06-01'),(20228,'UPDATE mae_productos SET dep_id=32,lin_id=163 WHERE pro_codigo_plu in (12843,12761,12786,12788,12760,12759,12758,12757,12756,12734,12879)','',2,'2013-06-01'),(20229,'UPDATE mae_productos SET dep_id=32,lin_id=163 WHERE pro_codigo_plu in (12833,12890)','',2,'2013-06-01'),(20230,'INSERT INTO gne_vale_ferreteria (vfe_id,vfe_fecha,vfe_total,vfe_estado,vfe_entregado,usu_nusuario) VALUES (1200,@@@2013.06.01@@@,2590,1,0,@@@G_DIAZ@@@)','',2,'2013-06-01'),(20231,'INSERT INTO gne_vale_ferreteria_mov (vfe_id,pro_codigo_plu,vfm_cantidad,vfm_unitario,vfm_total,vfm_entregado) VALUES (1200,18676,1,2590,2590,@@@NO@@@)','',2,'2013-06-01'),(20232,'UPDATE mae_productos SET dep_id=1,lin_id=16 WHERE pro_codigo_plu in (10753,10751,10752,10755,13345)','',2,'2013-06-01'),(20233,'UPDATE mae_productos SET dep_id=32,lin_id=160 WHERE pro_codigo_plu in (12808)','',2,'2013-06-01'),(20234,'UPDATE mae_productos SET dep_id=1,lin_id=154 WHERE pro_codigo_plu in (12785,12784,12783,12782)','',2,'2013-06-01'),(20235,'UPDATE mae_productos SET dep_id=1,lin_id=5 WHERE pro_codigo_plu in (10490,10535,10534,10533,10531,10536,10501,10494,10495,10493,10498,10497,10496,10499,10500,10526,10491,10522,10521,10523,10476,10492,10525,10524,10520,10519,10471,10472,10467,10466,10470,10468,10473,10451,10474,10452,10469,10486,10459,10462,10487,10463,10488,10461,10479,10480,10457,10465,10464,10489,10477,10478,10460,10503)','',2,'2013-06-01'),(20236,'UPDATE mae_productos SET dep_id=1,lin_id=10 WHERE pro_codigo_plu in (11049,11066,11070,11069,11054,11053,11059,11058,11048,11050)','',2,'2013-06-01'),(20237,'UPDATE mae_productos SET dep_id=1,lin_id=19 WHERE pro_codigo_plu in (13371,13369,13383,13350,13360,13365,11902,11909,13349)','',2,'2013-06-01'),(20238,'INSERT INTO mae_productos (pro_codigo_plu,pro_codigo_barra,pro_tipo,pro_nombre_producto,pro_nombre_corto,med_id,emb_id,pro_unidades_embalaje,dep_id,lin_id,mar_id,pro_precio_compra_neto,pro_precio_compra_bruto,pro_precio_venta,pro_margen_actual,pro_oferta,pro_fecha_inicio_oferta,pro_fecha_termino_oferta,pro_precio_oferta,pro_stock_minimo,pro_stock_critico,pro_entradas_bodega,pro_salidas_bodega,pro_mermas_bodega,pro_ajustes_bodega,pro_entradas_sv,pro_salidas_sv,pro_mermas_sv,pro_ajustes_sv,pro_activo,rec_numero,pro_unidad,pro_capacidad,pro_consumo_bodega,pro_consumo_sv,pro_estado,pro_funcion_plu,pro_flejes,pro_iva,pro_plu_asociado,pro_envase,pro_duracion,pro_numero_etiqueta) VALUES (780220122,@@@777000@@@,@@@0@@@,@@@BALLERINA ECONOMICA AZUL1 UND @@@,@@@BALLERINA ECONOM@@@,@@@1 @@@,@@@3 @@@,@@@0@@@,@@@39 @@@,@@@191@@@,@@@2507@@@,@@@0@@@,@@@0@@@,@@@1000@@@,@@@0@@@,@@@@@@,@@@2013.06.01@@@,@@@2013.06.01@@@,@@@0@@@,@@@0@@@,@@@0@@@,@@@0@@@,@@@0@@@,@@@0@@@,@@@0@@@,@@@0@@@,@@@0@@@,@@@0@@@,@@@0@@@,@@@1@@@,@@@0@@@,0,1,0,0,2,0,1,1,0,@@@NO@@@,0,0)','',2,'2013-06-01'),(20239,'DELETE FROM mae_impuestos_productos WHERE pro_codigo_plu=@@@780220122@@@','',2,'2013-06-01'),(20240,'UPDATE mae_productos SET dep_id=1,lin_id=4 WHERE pro_codigo_plu in (10381,10354,10383,10384,10385,10386,10387,10388,10389,10390,10391,10392,10393,10394,10395,10396,10397,10398,10399,10401)','',2,'2013-06-01'),(20241,'INSERT INTO gne_vale_ferreteria (vfe_id,vfe_fecha,vfe_total,vfe_estado,vfe_entregado,usu_nusuario) VALUES (1201,@@@2013.06.01@@@,200,1,0,@@@G_DIAZ@@@)','',2,'2013-06-01'),(20242,'INSERT INTO gne_vale_ferreteria_mov (vfe_id,pro_codigo_plu,vfm_cantidad,vfm_unitario,vfm_total,vfm_entregado) VALUES (1201,78017176,1,200,200,@@@NO@@@)','',2,'2013-06-01'),(20243,'UPDATE mae_productos SET dep_id=1,lin_id=156 WHERE pro_codigo_plu in (13428,13426,13395,13400,13399,13449,13409,13404,13405,13406,13438,13440,13411,13410,13431,13412,13423,13422,13421,13420,13419,13418,13443,13396,13417,13415,13414,13392,13413,13441,13437)','',2,'2013-06-01'),(20244,'UPDATE mae_productos SET dep_id=1,lin_id=154 WHERE pro_codigo_plu in (11014,11012,11016,11017,11010,11011,11005,11008,11021,11015,11013)','',2,'2013-06-01'),(20245,'UPDATE mae_datos_empresa SET emp_rut=@@@10162956-2@@@,emp_razon_social=@@@SOFIA DE LA CRUZ DIAZ FERNANDEZ@@@,emp_sucursal=@@@MATRIZ@@@,emp_giro=@@@SUPERMERCADOS@@@,emp_direccion=@@@AV. SAN GREGORIO 15@@@,emp_ciudad=@@@NACIMIENTO@@@,emp_telefono=@@@511706@@@,emp_mail=@@@UNICONACIMIENTO@GMAIL.COM@@@,emp_mail_gerencia_comercial=@@@@@@,emp_mail_gerencia_operaciones=@@@@@@,emp_mail_gerencia_sistemas=@@@@@@,emp_nombre_administrador=@@@SUPERMERCADO UNICO@@@,emp_direccion_sala=@@@AV. SAN GREGORIO 15@@@,emp_ciudad_sala=@@@NACIMIENTO@@@,emp_utm=40005,emp_telefono_sala=@@@511706@@@,emp_fax_sala=@@@511706@@@,emp_mail_sala=@@@UNICONACIMIENTO@GMAIL.COM@@@,emp_cta_efectivo=@@@0@@@,emp_cta_cheque=@@@0@@@,emp_cta_ventas=@@@0@@@,emp_cta_t_credito=@@@0@@@,emp_cta_t_debito=@@@0@@@,emp_cta_p_acumulados=@@@0@@@,emp_cta_descuento=@@@0@@@,emp_cta_cliente=@@@0@@@,emp_cta_funcionario=@@@0@@@,emp_cta_apoyo=@@@0@@@','',2,'2013-06-01'),(20246,'UPDATE mae_datos_empresa SET emp_entradas_compras=@@@0@@@,emp_entradas_pack=@@@0@@@,emp_entradas_preparados=@@@0@@@,emp_salidas_pi_pack=@@@0@@@,emp_salidas_pi_preparados=@@@0@@@,emp_iva=19,emp_lineas_facturas=18,emp_lineas_guias=18,emp_lineas_nc=@@@12@@@,emp_minimo_nc=@@@500@@@,emp_codigo_ferreteria=0,emp_codigo_cigarrillos=21,emp_path_flejes=@@@//Hugo-PC/flejes@@@,emp_path_balanzas=@@@C:/@@@,emp_path_precios=@@@//secretaria/C/UX60/CORREO@@@,emp_path_ventas=@@@//secretaria/C/UX60@@@,emp_cta_mercaderias=0,emp_cta_iva=0,emp_cta_excento=0,emp_cta_harina=0,emp_cta_especifico=0,emp_cta_carne=0,emp_cta_ila=0,emp_cta_proveedor=0,emp_registradora=3,emp_funcionamiento=0,emp_codigo_queseria=0,emp_codigo_roticeria=3,emp_com=@@@COM1@@@,emp_baudios=@@@9600@@@,emp_total_cajas=3','',2,'2013-06-01'),(20247,'INSERT INTO gne_vale_ferreteria (vfe_id,vfe_fecha,vfe_total,vfe_estado,vfe_entregado,usu_nusuario) VALUES (1202,@@@2013.06.01@@@,600,1,0,@@@G_DIAZ@@@)','',2,'2013-06-01'),(20248,'INSERT INTO gne_vale_ferreteria_mov (vfe_id,pro_codigo_plu,vfm_cantidad,vfm_unitario,vfm_total,vfm_entregado) VALUES (1202,78017176,3,200,600,@@@NO@@@)','',2,'2013-06-01'),(20249,'UPDATE mae_productos SET dep_id=1,lin_id=10 WHERE pro_codigo_plu in (11078,11076,11073,11084,11082,11081)','',2,'2013-06-01'),(20250,'INSERT INTO gne_vale_ferreteria (vfe_id,vfe_fecha,vfe_total,vfe_estado,vfe_entregado,usu_nusuario) VALUES (1203,@@@2013.06.01@@@,260,1,0,@@@G_DIAZ@@@)','',2,'2013-06-01'),(20251,'INSERT INTO gne_vale_ferreteria_mov (vfe_id,pro_codigo_plu,vfm_cantidad,vfm_unitario,vfm_total,vfm_entregado) VALUES (1203,15967,2,130,260,@@@NO@@@)','',2,'2013-06-01'),(20252,'UPDATE mae_productos SET dep_id=1,lin_id=216 WHERE pro_codigo_plu in (11859,11858,11872,11860,11873,11857,11854)','',2,'2013-06-01'),(20253,'UPDATE mae_productos SET dep_id=1,lin_id=1 WHERE pro_codigo_plu in (11871)','',2,'2013-06-01'),(20254,'UPDATE mae_productos SET dep_id=1,lin_id=5 WHERE pro_codigo_plu in (10566,10568,10569)','',2,'2013-06-01'),(20255,'UPDATE mae_productos SET dep_id=32,lin_id=219 WHERE pro_codigo_plu in (12977,12933,12946,12942,12966,12965,12964,12953,12952,12922,12944,12951,12945,12963,12962,12949,12921,12950,12983,12947,12969,12943,12918,12924,12925,12926,12923,12961,12960,12920,12919,12972,12974,12948,12970,12973,12935,12959,12958,12957)','',2,'2013-06-01'),(20256,'UPDATE mae_productos SET dep_id=32,lin_id=219 WHERE pro_codigo_plu in (12929,12932,12940,12927,12928,12941,12936,12937,12938,12934)','',2,'2013-06-01'),(20257,'UPDATE mae_productos SET dep_id=1,lin_id=10 WHERE pro_codigo_plu in (763403,11026)','',2,'2013-06-01'),(20258,'UPDATE mae_productos SET dep_id=1,lin_id=19 WHERE pro_codigo_plu in (14173)','',2,'2013-06-01'),(20259,'UPDATE mae_productos SET dep_id=1,lin_id=16 WHERE pro_codigo_plu in (763566)','',2,'2013-06-01'),(20260,'UPDATE mae_productos SET dep_id=1,lin_id=154 WHERE pro_codigo_plu in (11006,11007,11009,13729,11002,11003,13730,11020,11001,11000,13894,11160,11004)','',2,'2013-06-01'),(20261,'UPDATE mae_productos SET dep_id=1,lin_id=10 WHERE pro_codigo_plu in (11071,11545,11498,11051,11092,9119)','',2,'2013-06-01'),(20262,'UPDATE mae_productos SET dep_id=1,lin_id=216 WHERE pro_codigo_plu in (11886,11630,11862,11884,17026,761432,11870,11878,11880,11882,11885,11877,11879,11881,11864,11865,17025,1517,11856,11855,1947,11853,11861,761433,11883,101904,11866,11852,11867,11863,11869,11851,11868)','',2,'2013-06-01'),(20263,'UPDATE mae_datos_empresa SET emp_rut=@@@10162956-2@@@,emp_razon_social=@@@SOFIA DE LA CRUZ DIAZ FERNANDEZ@@@,emp_sucursal=@@@MATRIZ@@@,emp_giro=@@@SUPERMERCADOS@@@,emp_direccion=@@@AV. SAN GREGORIO 15@@@,emp_ciudad=@@@NACIMIENTO@@@,emp_telefono=@@@511706@@@,emp_mail=@@@UNICONACIMIENTO@GMAIL.COM@@@,emp_mail_gerencia_comercial=@@@@@@,emp_mail_gerencia_operaciones=@@@@@@,emp_mail_gerencia_sistemas=@@@@@@,emp_nombre_administrador=@@@SUPERMERCADO UNICO@@@,emp_direccion_sala=@@@AV. SAN GREGORIO 15@@@,emp_ciudad_sala=@@@NACIMIENTO@@@,emp_utm=40005,emp_telefono_sala=@@@511706@@@,emp_fax_sala=@@@511706@@@,emp_mail_sala=@@@UNICONACIMIENTO@GMAIL.COM@@@,emp_cta_efectivo=@@@0@@@,emp_cta_cheque=@@@0@@@,emp_cta_ventas=@@@0@@@,emp_cta_t_credito=@@@0@@@,emp_cta_t_debito=@@@0@@@,emp_cta_p_acumulados=@@@0@@@,emp_cta_descuento=@@@0@@@,emp_cta_cliente=@@@0@@@,emp_cta_funcionario=@@@0@@@,emp_cta_apoyo=@@@0@@@','',2,'2013-06-01'),(20264,'UPDATE mae_datos_empresa SET emp_entradas_compras=@@@0@@@,emp_entradas_pack=@@@0@@@,emp_entradas_preparados=@@@0@@@,emp_salidas_pi_pack=@@@0@@@,emp_salidas_pi_preparados=@@@0@@@,emp_iva=19,emp_lineas_facturas=18,emp_lineas_guias=18,emp_lineas_nc=@@@12@@@,emp_minimo_nc=@@@500@@@,emp_codigo_ferreteria=0,emp_codigo_cigarrillos=21,emp_path_flejes=@@@//Hugo-PC/flejes@@@,emp_path_balanzas=@@@C:/@@@,emp_path_precios=@@@//secretaria/C/UX60/CORREO@@@,emp_path_ventas=@@@//secretaria/C/UX60@@@,emp_cta_mercaderias=0,emp_cta_iva=0,emp_cta_excento=0,emp_cta_harina=0,emp_cta_especifico=0,emp_cta_carne=0,emp_cta_ila=0,emp_cta_proveedor=0,emp_registradora=3,emp_funcionamiento=0,emp_codigo_queseria=0,emp_codigo_roticeria=3,emp_com=@@@COM1@@@,emp_baudios=@@@9600@@@,emp_total_cajas=3','',2,'2013-06-01'),(20265,'UPDATE mae_datos_empresa SET emp_rut=@@@10162956-2@@@,emp_razon_social=@@@SOFIA DE LA CRUZ DIAZ FERNANDEZ@@@,emp_sucursal=@@@MATRIZ@@@,emp_giro=@@@SUPERMERCADOS@@@,emp_direccion=@@@AV. SAN GREGORIO 15@@@,emp_ciudad=@@@NACIMIENTO@@@,emp_telefono=@@@511706@@@,emp_mail=@@@UNICONACIMIENTO@GMAIL.COM@@@,emp_mail_gerencia_comercial=@@@@@@,emp_mail_gerencia_operaciones=@@@@@@,emp_mail_gerencia_sistemas=@@@@@@,emp_nombre_administrador=@@@SUPERMERCADO UNICO@@@,emp_direccion_sala=@@@AV. SAN GREGORIO 15@@@,emp_ciudad_sala=@@@NACIMIENTO@@@,emp_utm=40005,emp_telefono_sala=@@@511706@@@,emp_fax_sala=@@@511706@@@,emp_mail_sala=@@@UNICONACIMIENTO@GMAIL.COM@@@,emp_cta_efectivo=@@@0@@@,emp_cta_cheque=@@@0@@@,emp_cta_ventas=@@@0@@@,emp_cta_t_credito=@@@0@@@,emp_cta_t_debito=@@@0@@@,emp_cta_p_acumulados=@@@0@@@,emp_cta_descuento=@@@0@@@,emp_cta_cliente=@@@0@@@,emp_cta_funcionario=@@@0@@@,emp_cta_apoyo=@@@0@@@','',2,'2013-06-01'),(20266,'UPDATE mae_datos_empresa SET emp_entradas_compras=@@@0@@@,emp_entradas_pack=@@@0@@@,emp_entradas_preparados=@@@0@@@,emp_salidas_pi_pack=@@@0@@@,emp_salidas_pi_preparados=@@@0@@@,emp_iva=19,emp_lineas_facturas=18,emp_lineas_guias=18,emp_lineas_nc=@@@12@@@,emp_minimo_nc=@@@500@@@,emp_codigo_ferreteria=0,emp_codigo_cigarrillos=21,emp_path_flejes=@@@//Hugo-PC/flejes@@@,emp_path_balanzas=@@@C:/@@@,emp_path_precios=@@@//secretaria/C/UX60/CORREO@@@,emp_path_ventas=@@@//secretaria/C/UX60@@@,emp_cta_mercaderias=0,emp_cta_iva=0,emp_cta_excento=0,emp_cta_harina=0,emp_cta_especifico=0,emp_cta_carne=0,emp_cta_ila=0,emp_cta_proveedor=0,emp_registradora=3,emp_funcionamiento=0,emp_codigo_queseria=0,emp_codigo_roticeria=3,emp_com=@@@COM1@@@,emp_baudios=@@@9600@@@,emp_total_cajas=3','',2,'2013-06-01'),(20267,'UPDATE mae_productos SET dep_id=1,lin_id=216 WHERE pro_codigo_plu in (12452,11850,17027,101692,11839,11847,11836,14104,762991,11844,101955,13570,13480,102556,101691,11838,11874,11875,11876,11843,11842,11849,11833,761431,11845,11832,11846)','',2,'2013-06-01'),(20268,'UPDATE mae_productos SET dep_id=1,lin_id=156 WHERE pro_codigo_plu in (13430,13436,11715,11714,13345)','',2,'2013-06-01'),(20269,'UPDATE mae_productos SET dep_id=1,lin_id=31 WHERE pro_codigo_plu in (761466,761465,12468,12467,12469)','',2,'2013-06-01'),(20270,'INSERT INTO gne_vale_ferreteria (vfe_id,vfe_fecha,vfe_total,vfe_estado,vfe_entregado,usu_nusuario) VALUES (1204,@@@2013.06.01@@@,480,1,0,@@@G_DIAZ@@@)','',2,'2013-06-01'),(20271,'INSERT INTO gne_vale_ferreteria_mov (vfe_id,pro_codigo_plu,vfm_cantidad,vfm_unitario,vfm_total,vfm_entregado) VALUES (1204,764766,4,120,480,@@@NO@@@)','',2,'2013-06-01'),(20272,'INSERT INTO gne_vale_ferreteria (vfe_id,vfe_fecha,vfe_total,vfe_estado,vfe_entregado,usu_nusuario) VALUES (1205,@@@2013.06.01@@@,790,1,0,@@@G_DIAZ@@@)','',2,'2013-06-01'),(20273,'INSERT INTO gne_vale_ferreteria_mov (vfe_id,pro_codigo_plu,vfm_cantidad,vfm_unitario,vfm_total,vfm_entregado) VALUES (1205,101454,1,790,790,@@@NO@@@)','',2,'2013-06-01'),(20274,'UPDATE mae_productos SET dep_id=32,lin_id=160 WHERE pro_codigo_plu in (13517,13682,13751,13642,102451,13693,13513,13679,13703,13697,13717,13698,13512,13541,13529,13545,13201,13506,13549,13683,13681,763204,763203,763201,763202,763200,763199,262207,13773,13766,13696,12897,13503,1502,1488,100363,102685,11694,20552,13548,13547,102229,2032,102228,102444,13479,13530,13502,13726,13631,13501,13761,13653,13526,102684,13620,11693,13525,13622,13531,13532,101359,262061,13678,13552,13557,13556,13555,13554,13553,13543,13672,13524,13523,13522,13521,13520,13519,13687,13688,13714,13712,13711,13684,13539)','',2,'2013-06-01'),(20275,'UPDATE mae_productos SET dep_id=32,lin_id=18 WHERE pro_codigo_plu in (78017199)','',2,'2013-06-01'),(20276,'UPDATE mae_productos SET dep_id=1,lin_id=16 WHERE pro_codigo_plu in (11613)','',2,'2013-06-01'),(20277,'UPDATE mae_productos SET pro_precio_fiscal=pro_precio_venta WHERE pro_codigo_plu=780220120','',2,'2013-06-01'),(20278,'UPDATE mae_productos SET pro_precio_fiscal=pro_precio_venta WHERE pro_codigo_plu=780220116','',2,'2013-06-01'),(20279,'UPDATE mae_productos SET pro_precio_fiscal=pro_precio_venta WHERE pro_codigo_plu=15485','',2,'2013-06-01'),(20280,'UPDATE mae_productos SET pro_precio_fiscal=pro_precio_venta WHERE pro_codigo_plu=780220122','',2,'2013-06-01'),(20281,'UPDATE mae_productos SET pro_precio_fiscal=pro_precio_venta WHERE pro_codigo_plu=780220121','',2,'2013-06-01'),(20282,'UPDATE mae_productos SET pro_precio_fiscal=pro_precio_venta WHERE pro_codigo_plu=12453','',2,'2013-06-01'),(20283,'UPDATE mae_productos SET pro_precio_fiscal=pro_precio_venta WHERE pro_codigo_plu=780220117','',2,'2013-06-01'),(20284,'UPDATE mae_productos SET pro_precio_fiscal=pro_precio_venta WHERE pro_codigo_plu=780220118','',2,'2013-06-01'),(20285,'UPDATE mae_productos SET pro_precio_fiscal=pro_precio_venta WHERE pro_codigo_plu=780220119','',2,'2013-06-01'),(20286,'INSERT INTO gne_vale_ferreteria (vfe_id,vfe_fecha,vfe_total,vfe_estado,vfe_entregado,usu_nusuario) VALUES (1206,@@@2013.06.01@@@,150,1,0,@@@G_DIAZ@@@)','',2,'2013-06-01'),(20287,'INSERT INTO gne_vale_ferreteria_mov (vfe_id,pro_codigo_plu,vfm_cantidad,vfm_unitario,vfm_total,vfm_entregado) VALUES (1206,763595,1,150,150,@@@NO@@@)','',2,'2013-06-01'),(20288,'INSERT INTO mae_productos (pro_codigo_plu,pro_codigo_barra,pro_tipo,pro_nombre_producto,pro_nombre_corto,med_id,emb_id,pro_unidades_embalaje,dep_id,lin_id,mar_id,pro_precio_compra_neto,pro_precio_compra_bruto,pro_precio_venta,pro_margen_actual,pro_oferta,pro_fecha_inicio_oferta,pro_fecha_termino_oferta,pro_precio_oferta,pro_stock_minimo,pro_stock_critico,pro_entradas_bodega,pro_salidas_bodega,pro_mermas_bodega,pro_ajustes_bodega,pro_entradas_sv,pro_salidas_sv,pro_mermas_sv,pro_ajustes_sv,pro_activo,rec_numero,pro_unidad,pro_capacidad,pro_consumo_bodega,pro_consumo_sv,pro_estado,pro_funcion_plu,pro_flejes,pro_iva,pro_plu_asociado,pro_envase,pro_duracion,pro_numero_etiqueta) VALUES (780220123,@@@7770001@@@,@@@0@@@,@@@TARJETA DE CUMPLEAÑOS 1 UND VARIEDAD@@@,@@@TARJETA DE CUMPL@@@,@@@1 @@@,@@@3 @@@,@@@0@@@,@@@24 @@@,@@@42@@@,@@@2507@@@,@@@0@@@,@@@0@@@,@@@50@@@,@@@0@@@,@@@@@@,@@@2013.06.01@@@,@@@2013.06.01@@@,@@@0@@@,@@@0@@@,@@@0@@@,@@@0@@@,@@@0@@@,@@@0@@@,@@@0@@@,@@@0@@@,@@@0@@@,@@@0@@@,@@@0@@@,@@@1@@@,@@@0@@@,0,1,0,0,2,0,1,1,0,@@@NO@@@,0,0)','',2,'2013-06-01'),(20289,'DELETE FROM mae_impuestos_productos WHERE pro_codigo_plu=@@@780220123@@@','',2,'2013-06-01'),(20290,'UPDATE mae_productos SET pro_codigo_barra=@@@7802920801452@@@,pro_tipo=@@@0@@@,pro_nombre_producto=@@@LECHE COLUN 1 LT SQ CHOCOLATE@@@,pro_nombre_corto=@@@LECHE COLUN 1 LT@@@,med_id=@@@1@@@,emb_id=@@@4@@@,pro_unidades_embalaje=@@@12@@@,dep_id=@@@3 @@@,lin_id=@@@46@@@,mar_id=@@@1004@@@,pro_precio_compra_neto=@@@0@@@,pro_precio_compra_bruto=@@@0@@@,pro_precio_venta=@@@990@@@,pro_margen_actual=@@@0@@@,pro_oferta=@@@NO@@@,pro_fecha_inicio_oferta=@@@1900.01.01@@@,pro_fecha_termino_oferta=@@@1900.01.01@@@,pro_precio_oferta=@@@0@@@,pro_stock_minimo=@@@0@@@,pro_stock_critico=@@@0@@@,pro_activo=@@@1@@@,pro_unidad=@@@0@@@,pro_precio_compra_bruto=0,pro_margen_actual=0,pro_capacidad=1,pro_funcion_plu=0,pro_flejes=1,pro_iva=1,pro_plu_asociado=0,pro_envase=@@@NO@@@,pro_duracion=0,pro_numero_etiqueta=0 WHERE pro_codigo_plu=@@@16080@@@','',2,'2013-06-01'),(20291,'UPDATE mae_productos SET pro_estado=1 WHERE pro_codigo_plu=16080','',2,'2013-06-01'),(20292,'DELETE FROM mae_impuestos_productos WHERE pro_codigo_plu=@@@16080@@@','',2,'2013-06-01'),(20293,'UPDATE mae_productos SET pro_codigo_barra=@@@7802920001999@@@,pro_tipo=@@@0@@@,pro_nombre_producto=@@@LECHE COLUN INSTANTANEA 400 GRS.@@@,pro_nombre_corto=@@@LECHE COLUN INST@@@,med_id=@@@5@@@,emb_id=@@@4@@@,pro_unidades_embalaje=@@@20@@@,dep_id=@@@1 @@@,lin_id=@@@29@@@,mar_id=@@@1004@@@,pro_precio_compra_neto=@@@0@@@,pro_precio_compra_bruto=@@@0@@@,pro_precio_venta=@@@1795@@@,pro_margen_actual=@@@0@@@,pro_oferta=@@@NO@@@,pro_fecha_inicio_oferta=@@@2006.09.07@@@,pro_fecha_termino_oferta=@@@2006.09.07@@@,pro_precio_oferta=@@@0@@@,pro_stock_minimo=@@@20@@@,pro_stock_critico=@@@10@@@,pro_activo=@@@1@@@,pro_unidad=@@@0@@@,pro_precio_compra_bruto=0,pro_margen_actual=0,pro_capacidad=0.4,pro_funcion_plu=0,pro_flejes=1,pro_iva=1,pro_plu_asociado=0,pro_envase=@@@NO@@@,pro_duracion=0,pro_numero_etiqueta=0 WHERE pro_codigo_plu=@@@101681@@@','',2,'2013-06-01'),(20294,'UPDATE mae_productos SET pro_estado=1 WHERE pro_codigo_plu=101681','',2,'2013-06-01'),(20295,'DELETE FROM mae_impuestos_productos WHERE pro_codigo_plu=@@@101681@@@','',2,'2013-06-01'),(20296,'UPDATE mae_productos SET pro_codigo_barra=@@@7802920802206@@@,pro_tipo=@@@0@@@,pro_nombre_producto=@@@MANJAR LOS ALERCES BOLSA KILO@@@,pro_nombre_corto=@@@MANJAR LOS ALERC@@@,med_id=@@@2@@@,emb_id=@@@4@@@,pro_unidades_embalaje=@@@9@@@,dep_id=@@@1 @@@,lin_id=@@@5@@@,mar_id=@@@396@@@,pro_precio_compra_neto=@@@0@@@,pro_precio_compra_bruto=@@@0@@@,pro_precio_venta=@@@1780@@@,pro_margen_actual=@@@0@@@,pro_oferta=@@@NO@@@,pro_fecha_inicio_oferta=@@@1900.01.01@@@,pro_fecha_termino_oferta=@@@1900.01.01@@@,pro_precio_oferta=@@@0@@@,pro_stock_minimo=@@@9@@@,pro_stock_critico=@@@5@@@,pro_activo=@@@1@@@,pro_unidad=@@@0@@@,pro_precio_compra_bruto=0,pro_margen_actual=0,pro_capacidad=1,pro_funcion_plu=0,pro_flejes=1,pro_iva=1,pro_plu_asociado=0,pro_envase=@@@NO@@@,pro_duracion=0,pro_numero_etiqueta=0 WHERE pro_codigo_plu=@@@10434@@@','',2,'2013-06-01'),(20297,'UPDATE mae_productos SET pro_estado=1 WHERE pro_codigo_plu=10434','',2,'2013-06-01'),(20298,'DELETE FROM mae_impuestos_productos WHERE pro_codigo_plu=@@@10434@@@','',2,'2013-06-01'),(20299,'UPDATE mae_productos SET pro_codigo_barra=@@@7802920003023@@@,pro_tipo=@@@0@@@,pro_nombre_producto=@@@LECHE COLUN 120 GR.@@@,pro_nombre_corto=@@@LECHE COLUN 120@@@,med_id=@@@5@@@,emb_id=@@@4@@@,pro_unidades_embalaje=@@@20@@@,dep_id=@@@1 @@@,lin_id=@@@29@@@,mar_id=@@@1004@@@,pro_precio_compra_neto=@@@0@@@,pro_precio_compra_bruto=@@@0@@@,pro_precio_venta=@@@630@@@,pro_margen_actual=@@@0@@@,pro_oferta=@@@NO@@@,pro_fecha_inicio_oferta=@@@1900.01.01@@@,pro_fecha_termino_oferta=@@@1900.01.01@@@,pro_precio_oferta=@@@0@@@,pro_stock_minimo=@@@20@@@,pro_stock_critico=@@@10@@@,pro_activo=@@@1@@@,pro_unidad=@@@0@@@,pro_precio_compra_bruto=0,pro_margen_actual=0,pro_capacidad=0.12,pro_funcion_plu=0,pro_flejes=1,pro_iva=1,pro_plu_asociado=0,pro_envase=@@@NO@@@,pro_duracion=0,pro_numero_etiqueta=0 WHERE pro_codigo_plu=@@@12493@@@','',2,'2013-06-01'),(20300,'UPDATE mae_productos SET pro_estado=1 WHERE pro_codigo_plu=12493','',2,'2013-06-01'),(20301,'DELETE FROM mae_impuestos_productos WHERE pro_codigo_plu=@@@12493@@@','',2,'2013-06-01'),(20302,'INSERT INTO gne_vale_ferreteria (vfe_id,vfe_fecha,vfe_total,vfe_estado,vfe_entregado,usu_nusuario) VALUES (1207,@@@2013.06.01@@@,900,1,0,@@@G_DIAZ@@@)','',2,'2013-06-01'),(20303,'INSERT INTO gne_vale_ferreteria_mov (vfe_id,pro_codigo_plu,vfm_cantidad,vfm_unitario,vfm_total,vfm_entregado) VALUES (1207,7053,2,450,900,@@@NO@@@)','',2,'2013-06-01'),(20304,'UPDATE mae_productos SET pro_codigo_barra=@@@7802920002118@@@,pro_tipo=@@@0@@@,pro_nombre_producto=@@@LECHE COLUN 0 % DESCREMADA 400 GRS.@@@,pro_nombre_corto=@@@LECHE COLUN 0 %@@@,med_id=@@@5@@@,emb_id=@@@4@@@,pro_unidades_embalaje=@@@20@@@,dep_id=@@@1 @@@,lin_id=@@@29@@@,mar_id=@@@1004@@@,pro_precio_compra_neto=@@@0@@@,pro_precio_compra_bruto=@@@0@@@,pro_precio_venta=@@@1890@@@,pro_margen_actual=@@@0@@@,pro_oferta=@@@NO@@@,pro_fecha_inicio_oferta=@@@2006.09.07@@@,pro_fecha_termino_oferta=@@@2006.09.07@@@,pro_precio_oferta=@@@0@@@,pro_stock_minimo=@@@20@@@,pro_stock_critico=@@@10@@@,pro_activo=@@@1@@@,pro_unidad=@@@0@@@,pro_precio_compra_bruto=0,pro_margen_actual=0,pro_capacidad=0.4,pro_funcion_plu=0,pro_flejes=1,pro_iva=1,pro_plu_asociado=0,pro_envase=@@@NO@@@,pro_duracion=0,pro_numero_etiqueta=0 WHERE pro_codigo_plu=@@@101702@@@','',2,'2013-06-01'),(20305,'UPDATE mae_productos SET pro_estado=1 WHERE pro_codigo_plu=101702','',2,'2013-06-01'),(20306,'DELETE FROM mae_impuestos_productos WHERE pro_codigo_plu=@@@101702@@@','',2,'2013-06-01'),(20307,'UPDATE mae_productos SET pro_precio_fiscal=pro_precio_venta WHERE pro_codigo_plu=780220123','',2,'2013-06-01'),(20308,'UPDATE mae_productos SET pro_precio_fiscal=pro_precio_venta WHERE pro_codigo_plu=101681','',2,'2013-06-01'),(20309,'UPDATE mae_productos SET pro_precio_fiscal=pro_precio_venta WHERE pro_codigo_plu=101702','',2,'2013-06-01'),(20310,'UPDATE mae_productos SET pro_precio_fiscal=pro_precio_venta WHERE pro_codigo_plu=12493','',2,'2013-06-01'),(20311,'UPDATE mae_productos SET pro_precio_fiscal=pro_precio_venta WHERE pro_codigo_plu=16080','',2,'2013-06-01'),(20312,'UPDATE mae_productos SET pro_precio_fiscal=pro_precio_venta WHERE pro_codigo_plu=10434','',2,'2013-06-01'),(20313,'UPDATE mae_productos SET pro_codigo_barra=@@@7801875047038@@@,pro_tipo=@@@0@@@,pro_nombre_producto=@@@TE SUPREMO CEYLAN ORO X 100@@@,pro_nombre_corto=@@@TE SUPREMO CEYLA@@@,med_id=@@@1@@@,emb_id=@@@4@@@,pro_unidades_embalaje=@@@10@@@,dep_id=@@@1 @@@,lin_id=@@@4@@@,mar_id=@@@2021@@@,pro_precio_compra_neto=@@@0@@@,pro_precio_compra_bruto=@@@0@@@,pro_precio_venta=@@@2440@@@,pro_margen_actual=@@@0@@@,pro_oferta=@@@NO@@@,pro_fecha_inicio_oferta=@@@2006.09.07@@@,pro_fecha_termino_oferta=@@@2006.09.07@@@,pro_precio_oferta=@@@0@@@,pro_stock_minimo=@@@0@@@,pro_stock_critico=@@@0@@@,pro_activo=@@@1@@@,pro_unidad=@@@0@@@,pro_precio_compra_bruto=0,pro_margen_actual=0,pro_capacidad=1,pro_funcion_plu=0,pro_flejes=1,pro_iva=1,pro_plu_asociado=0,pro_envase=@@@NO@@@,pro_duracion=0,pro_numero_etiqueta=0 WHERE pro_codigo_plu=@@@762616@@@','',2,'2013-06-01'),(20314,'UPDATE mae_productos SET pro_estado=1 WHERE pro_codigo_plu=762616','',2,'2013-06-01'),(20315,'DELETE FROM mae_impuestos_productos WHERE pro_codigo_plu=@@@762616@@@','',2,'2013-06-01'),(20316,'UPDATE mae_productos SET dep_id=1,lin_id=14 WHERE pro_codigo_plu in (780220117)','',2,'2013-06-01'),(20317,'UPDATE mae_productos SET pro_codigo_barra=@@@7809631600015@@@,pro_tipo=@@@0@@@,pro_nombre_producto=@@@RATICIDA KLERAT PELLETS 50 GRS@@@,pro_nombre_corto=@@@RATICIDA KLERAT@@@,med_id=@@@1@@@,emb_id=@@@4@@@,pro_unidades_embalaje=@@@10@@@,dep_id=@@@2 @@@,lin_id=@@@40@@@,mar_id=@@@1897@@@,pro_precio_compra_neto=@@@0@@@,pro_precio_compra_bruto=@@@0@@@,pro_precio_venta=@@@1450@@@,pro_margen_actual=@@@0@@@,pro_oferta=@@@NO@@@,pro_fecha_inicio_oferta=@@@1900.01.01@@@,pro_fecha_termino_oferta=@@@1900.01.01@@@,pro_precio_oferta=@@@0@@@,pro_stock_minimo=@@@0@@@,pro_stock_critico=@@@0@@@,pro_activo=@@@1@@@,pro_unidad=@@@0@@@,pro_precio_compra_bruto=0,pro_margen_actual=0,pro_capacidad=0.05,pro_funcion_plu=0,pro_flejes=1,pro_iva=1,pro_plu_asociado=0,pro_envase=@@@NO@@@,pro_duracion=0,pro_numero_etiqueta=0 WHERE pro_codigo_plu=@@@15668@@@','',2,'2013-06-01'),(20318,'UPDATE mae_productos SET pro_estado=1 WHERE pro_codigo_plu=15668','',2,'2013-06-01'),(20319,'DELETE FROM mae_impuestos_productos WHERE pro_codigo_plu=@@@15668@@@','',2,'2013-06-01'),(20320,'UPDATE mae_productos SET dep_id=1,lin_id=5 WHERE pro_codigo_plu in (762622,762620,762621,762625,762626,762623,762627,762624,78017211)','',2,'2013-06-01'),(20321,'UPDATE mae_productos SET dep_id=1,lin_id=153 WHERE pro_codigo_plu in (78017217,18524,18523)','',2,'2013-06-01'),(20322,'UPDATE mae_productos SET dep_id=1,lin_id=19 WHERE pro_codigo_plu in (762286)','',2,'2013-06-01'),(20323,'UPDATE mae_productos SET dep_id=1,lin_id=16 WHERE pro_codigo_plu in (762731)','',2,'2013-06-01'),(20324,'INSERT INTO gne_vale_ferreteria (vfe_id,vfe_fecha,vfe_total,vfe_estado,vfe_entregado,usu_nusuario) VALUES (1208,@@@2013.06.01@@@,790,1,0,@@@G_DIAZ@@@)','',2,'2013-06-01'),(20325,'INSERT INTO gne_vale_ferreteria_mov (vfe_id,pro_codigo_plu,vfm_cantidad,vfm_unitario,vfm_total,vfm_entregado) VALUES (1208,764071,1,790,790,@@@NO@@@)','',2,'2013-06-01'),(20326,'UPDATE mae_datos_empresa SET emp_rut=@@@10162956-2@@@,emp_razon_social=@@@SOFIA DE LA CRUZ DIAZ FERNANDEZ@@@,emp_sucursal=@@@MATRIZ@@@,emp_giro=@@@SUPERMERCADOS@@@,emp_direccion=@@@AV. SAN GREGORIO 15@@@,emp_ciudad=@@@NACIMIENTO@@@,emp_telefono=@@@511706@@@,emp_mail=@@@UNICONACIMIENTO@GMAIL.COM@@@,emp_mail_gerencia_comercial=@@@@@@,emp_mail_gerencia_operaciones=@@@@@@,emp_mail_gerencia_sistemas=@@@@@@,emp_nombre_administrador=@@@SUPERMERCADO UNICO@@@,emp_direccion_sala=@@@AV. SAN GREGORIO 15@@@,emp_ciudad_sala=@@@NACIMIENTO@@@,emp_utm=40005,emp_telefono_sala=@@@511706@@@,emp_fax_sala=@@@511706@@@,emp_mail_sala=@@@UNICONACIMIENTO@GMAIL.COM@@@,emp_cta_efectivo=@@@0@@@,emp_cta_cheque=@@@0@@@,emp_cta_ventas=@@@0@@@,emp_cta_t_credito=@@@0@@@,emp_cta_t_debito=@@@0@@@,emp_cta_p_acumulados=@@@0@@@,emp_cta_descuento=@@@0@@@,emp_cta_cliente=@@@0@@@,emp_cta_funcionario=@@@0@@@,emp_cta_apoyo=@@@0@@@','',2,'2013-06-01'),(20327,'UPDATE mae_datos_empresa SET emp_entradas_compras=@@@0@@@,emp_entradas_pack=@@@0@@@,emp_entradas_preparados=@@@0@@@,emp_salidas_pi_pack=@@@0@@@,emp_salidas_pi_preparados=@@@0@@@,emp_iva=19,emp_lineas_facturas=18,emp_lineas_guias=18,emp_lineas_nc=@@@12@@@,emp_minimo_nc=@@@500@@@,emp_codigo_ferreteria=0,emp_codigo_cigarrillos=21,emp_path_flejes=@@@//Hugo-PC/flejes@@@,emp_path_balanzas=@@@C:/@@@,emp_path_precios=@@@//secretaria/C/UX60/CORREO@@@,emp_path_ventas=@@@//secretaria/C/UX60@@@,emp_cta_mercaderias=0,emp_cta_iva=0,emp_cta_excento=0,emp_cta_harina=0,emp_cta_especifico=0,emp_cta_carne=0,emp_cta_ila=0,emp_cta_proveedor=0,emp_registradora=3,emp_funcionamiento=0,emp_codigo_queseria=0,emp_codigo_roticeria=3,emp_com=@@@COM1@@@,emp_baudios=@@@9600@@@,emp_total_cajas=3','',2,'2013-06-01'),(20328,'INSERT INTO mae_productos (pro_codigo_plu,pro_codigo_barra,pro_tipo,pro_nombre_producto,pro_nombre_corto,med_id,emb_id,pro_unidades_embalaje,dep_id,lin_id,mar_id,pro_precio_compra_neto,pro_precio_compra_bruto,pro_precio_venta,pro_margen_actual,pro_oferta,pro_fecha_inicio_oferta,pro_fecha_termino_oferta,pro_precio_oferta,pro_stock_minimo,pro_stock_critico,pro_entradas_bodega,pro_salidas_bodega,pro_mermas_bodega,pro_ajustes_bodega,pro_entradas_sv,pro_salidas_sv,pro_mermas_sv,pro_ajustes_sv,pro_activo,rec_numero,pro_unidad,pro_capacidad,pro_consumo_bodega,pro_consumo_sv,pro_estado,pro_funcion_plu,pro_flejes,pro_iva,pro_plu_asociado,pro_envase,pro_duracion,pro_numero_etiqueta) VALUES (780220124,@@@7805000175634@@@,@@@0@@@,@@@QUIX LVALOZA LIMON 1500ML@@@,@@@QUIX LVALOZA LIM@@@,@@@7 @@@,@@@3 @@@,@@@0@@@,@@@2 @@@,@@@36@@@,@@@1433@@@,@@@0@@@,@@@0@@@,@@@2330@@@,@@@0@@@,@@@@@@,@@@2013.06.01@@@,@@@2013.06.01@@@,@@@0@@@,@@@0@@@,@@@0@@@,@@@0@@@,@@@0@@@,@@@0@@@,@@@0@@@,@@@0@@@,@@@0@@@,@@@0@@@,@@@0@@@,@@@1@@@,@@@0@@@,0,1500,0,0,2,0,1,1,0,@@@NO@@@,0,0)','',2,'2013-06-01'),(20329,'DELETE FROM mae_impuestos_productos WHERE pro_codigo_plu=@@@780220124@@@','',2,'2013-06-01'),(20330,'INSERT INTO com_ventas_grupo (vgr_fecha,vgr_grupo,vgr_cantidad,vgr_total) VALUES (@@@2013.05.23@@@,1,55707.674,483599)','',2,'2013-06-01'),(20331,'INSERT INTO com_ventas_grupo (vgr_fecha,vgr_grupo,vgr_cantidad,vgr_total) VALUES (@@@2013.05.23@@@,2,136,83983)','',2,'2013-06-01');
