(65199,'UPDATE mae_productos SET med_id=5,pro_capacidad=0.215 WHERE pro_codigo_plu=13989','',2,'2013-09-13'),(65200,'UPDATE mae_productos SET med_id=5,pro_capacidad=0.035 WHERE pro_codigo_plu=12581','',2,'2013-09-13'),(65201,'UPDATE mae_productos SET med_id=5,pro_capacidad=0.14 WHERE pro_codigo_plu=11938','',2,'2013-09-13'),(65202,'UPDATE mae_productos SET med_id=2,pro_capacidad=1 WHERE pro_codigo_plu=14050','',2,'2013-09-13'),(65203,'UPDATE mae_productos SET med_id=5,pro_capacidad=0.2 WHERE pro_codigo_plu=11077','',2,'2013-09-13'),(65204,'UPDATE mae_productos SET med_id=2,pro_capacidad=0.9 WHERE pro_codigo_plu=761305','',2,'2013-09-13'),(65205,'UPDATE mae_productos SET med_id=5,pro_capacidad=14 WHERE pro_codigo_plu=763446','',2,'2013-09-13'),(65206,'UPDATE mae_productos SET med_id=1,pro_capacidad=1 WHERE pro_codigo_plu=761307','',2,'2013-09-13'),(65207,'UPDATE mae_productos SET med_id=5,pro_capacidad=3 WHERE pro_codigo_plu=78017076','',2,'2013-09-13'),(65208,'UPDATE mae_productos SET med_id=5,pro_capacidad=0.132 WHERE pro_codigo_plu=13976','',2,'2013-09-13'),(65209,'UPDATE mae_productos SET med_id=5,pro_capacidad=0.1 WHERE pro_codigo_plu=11946','',2,'2013-09-13'),(65210,'UPDATE mae_productos SET med_id=5,pro_capacidad=0.215 WHERE pro_codigo_plu=13988','',2,'2013-09-13'),(65211,'UPDATE mae_productos SET med_id=5,pro_capacidad=0.068 WHERE pro_codigo_plu=10654','',2,'2013-09-13'),(65212,'UPDATE mae_productos SET med_id=5,pro_capacidad=0.12 WHERE pro_codigo_plu=11951','',2,'2013-09-13'),(65213,'UPDATE mae_productos SET med_id=5,pro_capacidad=140 WHERE pro_codigo_plu=763420','',2,'2013-09-13'),(65214,'UPDATE mae_productos SET med_id=5,pro_capacidad=0.04 WHERE pro_codigo_plu=12129','',2,'2013-09-13'),(65215,'UPDATE mae_productos SET med_id=5,pro_capacidad=0.035 WHERE pro_codigo_plu=12231','',2,'2013-09-13'),(65216,'UPDATE mae_productos SET med_id=5,pro_capacidad=30 WHERE pro_codigo_plu=78017077','',2,'2013-09-13'),(65217,'UPDATE mae_productos SET med_id=1,pro_capacidad=1 WHERE pro_codigo_plu=780721243','',2,'2013-09-13'),(65218,'UPDATE mae_productos SET pro_precio_venta=620,pro_margen_actual= 51.96 WHERE pro_codigo_plu=15949','',2,'2013-09-13'),(65219,'UPDATE mae_productos SET pro_precio_venta=500,pro_margen_actual= 176.24 WHERE pro_codigo_plu=78017095','',2,'2013-09-13'),(65220,'UPDATE mae_productos SET pro_precio_venta=900,pro_margen_actual= 28.39 WHERE pro_codigo_plu=78017108','',2,'2013-09-13'),(65221,'UPDATE mae_productos SET med_id=1,pro_capacidad=1 WHERE pro_codigo_plu=10697','',2,'2013-09-13'),(65222,'UPDATE mae_productos SET med_id=1,pro_capacidad=1 WHERE pro_codigo_plu=10701','',2,'2013-09-13'),(65223,'UPDATE mae_productos SET med_id=1,pro_capacidad=1 WHERE pro_codigo_plu=10703','',2,'2013-09-13'),(65224,'UPDATE mae_productos SET med_id=1,pro_capacidad=1 WHERE pro_codigo_plu=10699','',2,'2013-09-13'),(65225,'UPDATE mae_productos SET pro_precio_compra_bruto=851,pro_margen_actual=(pro_precio_venta-851)/851 * 100,pro_ultima_compra=@@@2013.09.13@@@,pro_ultimo_proveedor=@@@84156500-2@@@ WHERE pro_codigo_plu=676767','',2,'2013-09-13'),(65226,'UPDATE mae_productos SET pro_precio_compra_bruto=464,pro_margen_actual=(pro_precio_venta-464)/464 * 100,pro_ultima_compra=@@@2013.09.13@@@,pro_ultimo_proveedor=@@@84156500-2@@@ WHERE pro_codigo_plu=763739','',2,'2013-09-13'),(65227,'UPDATE mae_productos SET pro_precio_compra_bruto=181,pro_margen_actual=(pro_precio_venta-181)/181 * 100,pro_ultima_compra=@@@2013.09.13@@@,pro_ultimo_proveedor=@@@84156500-2@@@ WHERE pro_codigo_plu=763270','',2,'2013-09-13'),(65228,'UPDATE mae_productos SET pro_precio_compra_bruto=227,pro_margen_actual=(pro_precio_venta-227)/227 * 100,pro_ultima_compra=@@@2013.09.13@@@,pro_ultimo_proveedor=@@@84156500-2@@@ WHERE pro_codigo_plu=763286','',2,'2013-09-13'),(65229,'UPDATE mae_productos SET pro_precio_compra_bruto=701,pro_margen_actual=(pro_precio_venta-701)/701 * 100,pro_ultima_compra=@@@2013.09.13@@@,pro_ultimo_proveedor=@@@84156500-2@@@ WHERE pro_codigo_plu=78017192','',2,'2013-09-13'),(65230,'UPDATE mae_productos SET pro_precio_compra_bruto=1013,pro_margen_actual=(pro_precio_venta-1013)/1013 * 100,pro_ultima_compra=@@@2013.09.13@@@,pro_ultimo_proveedor=@@@84156500-2@@@ WHERE pro_codigo_plu=1597','',2,'2013-09-13'),(65231,'UPDATE mae_productos SET pro_precio_compra_bruto=1162,pro_margen_actual=(pro_precio_venta-1162)/1162 * 100,pro_ultima_compra=@@@2013.09.13@@@,pro_ultimo_proveedor=@@@84156500-2@@@ WHERE pro_codigo_plu=13189','',2,'2013-09-13'),(65232,'UPDATE mae_productos SET pro_precio_compra_bruto=979,pro_margen_actual=(pro_precio_venta-979)/979 * 100,pro_ultima_compra=@@@2013.09.13@@@,pro_ultimo_proveedor=@@@84156500-2@@@ WHERE pro_codigo_plu=763728','',2,'2013-09-13'),(65233,'UPDATE mae_productos SET pro_precio_compra_bruto=917,pro_margen_actual=(pro_precio_venta-917)/917 * 100,pro_ultima_compra=@@@2013.09.13@@@,pro_ultimo_proveedor=@@@84156500-2@@@ WHERE pro_codigo_plu=763731','',2,'2013-09-13'),(65234,'UPDATE mae_productos SET pro_precio_compra_bruto=979,pro_margen_actual=(pro_precio_venta-979)/979 * 100,pro_ultima_compra=@@@2013.09.13@@@,pro_ultimo_proveedor=@@@84156500-2@@@ WHERE pro_codigo_plu=763732','',2,'2013-09-13'),(65235,'UPDATE mae_productos SET pro_precio_compra_bruto=79,pro_margen_actual=(pro_precio_venta-79)/79 * 100,pro_ultima_compra=@@@2013.09.13@@@,pro_ultimo_proveedor=@@@84156500-2@@@ WHERE pro_codigo_plu=13962','',2,'2013-09-13'),(65236,'UPDATE mae_productos SET pro_precio_compra_bruto=79,pro_margen_actual=(pro_precio_venta-79)/79 * 100,pro_ultima_compra=@@@2013.09.13@@@,pro_ultimo_proveedor=@@@84156500-2@@@ WHERE pro_codigo_plu=13960','',2,'2013-09-13'),(65237,'UPDATE mae_productos SET pro_precio_compra_bruto=140,pro_margen_actual=(pro_precio_venta-140)/140 * 100,pro_ultima_compra=@@@2013.09.13@@@,pro_ultimo_proveedor=@@@84156500-2@@@ WHERE pro_codigo_plu=78017108','',2,'2013-09-13'),(65238,'UPDATE mae_productos SET pro_precio_compra_bruto=1377,pro_margen_actual=(pro_precio_venta-1377)/1377 * 100,pro_ultima_compra=@@@2013.09.13@@@,pro_ultimo_proveedor=@@@84156500-2@@@ WHERE pro_codigo_plu=3128056','',2,'2013-09-13'),(65239,'UPDATE mae_productos SET pro_precio_compra_bruto=114,pro_margen_actual=(pro_precio_venta-114)/114 * 100,pro_ultima_compra=@@@2013.09.13@@@,pro_ultimo_proveedor=@@@84156500-2@@@ WHERE pro_codigo_plu=12616','',2,'2013-09-13'),(65240,'UPDATE mae_productos SET pro_precio_compra_bruto=536,pro_margen_actual=(pro_precio_venta-536)/536 * 100,pro_ultima_compra=@@@2013.09.13@@@,pro_ultimo_proveedor=@@@84156500-2@@@ WHERE pro_codigo_plu=763704','',2,'2013-09-13'),(65241,'UPDATE mae_productos SET pro_precio_compra_bruto=536,pro_margen_actual=(pro_precio_venta-536)/536 * 100,pro_ultima_compra=@@@2013.09.13@@@,pro_ultimo_proveedor=@@@84156500-2@@@ WHERE pro_codigo_plu=763733','',2,'2013-09-13'),(65242,'UPDATE mae_productos SET pro_precio_compra_bruto=110.67,pro_margen_actual=(pro_precio_venta-110.67)/110.67 * 100,pro_ultima_compra=@@@2013.09.13@@@,pro_ultimo_proveedor=@@@84156500-2@@@ WHERE pro_codigo_plu=762445','',2,'2013-09-13'),(65243,'UPDATE mae_productos SET pro_precio_compra_bruto=91.98,pro_margen_actual=(pro_precio_venta-91.98)/91.98 * 100,pro_ultima_compra=@@@2013.09.13@@@,pro_ultimo_proveedor=@@@84156500-2@@@ WHERE pro_codigo_plu=762447','',2,'2013-09-13'),(65244,'UPDATE mae_productos SET pro_precio_compra_bruto=355.81,pro_margen_actual=(pro_precio_venta-355.81)/355.81 * 100,pro_ultima_compra=@@@2013.09.13@@@,pro_ultimo_proveedor=@@@84156500-2@@@ WHERE pro_codigo_plu=14128','',2,'2013-09-13'),(65245,'UPDATE mae_productos SET pro_precio_compra_bruto=1800,pro_margen_actual=(pro_precio_venta-1800)/1800 * 100,pro_ultima_compra=@@@2013.09.13@@@,pro_ultimo_proveedor=@@@14094193-k@@@ WHERE pro_codigo_plu=209','',2,'2013-09-13'),(65246,'UPDATE mae_productos SET pro_precio_compra_bruto=936,pro_margen_actual=(pro_precio_venta-936)/936 * 100,pro_ultima_compra=@@@2013.09.13@@@,pro_ultimo_proveedor=@@@84156500-2@@@ WHERE pro_codigo_plu=12028','',2,'2013-09-13'),(65247,'UPDATE mae_productos SET pro_precio_compra_bruto=999,pro_margen_actual=(pro_precio_venta-999)/999 * 100,pro_ultima_compra=@@@2013.09.13@@@,pro_ultimo_proveedor=@@@84156500-2@@@ WHERE pro_codigo_plu=102270','',2,'2013-09-13'),(65248,'UPDATE mae_productos SET pro_precio_compra_bruto=946,pro_margen_actual=(pro_precio_venta-946)/946 * 100,pro_ultima_compra=@@@2013.09.13@@@,pro_ultimo_proveedor=@@@84156500-2@@@ WHERE pro_codigo_plu=14216','',2,'2013-09-13'),(65249,'INSERT INTO gne_vale_ferreteria (vfe_id,vfe_fecha,vfe_total,vfe_estado,vfe_entregado,usu_nusuario) VALUES (10827,@@@2013.09.13@@@,1790,1,0,@@@admin@@@)','',2,'2013-09-13'),(65250,'INSERT INTO gne_vale_ferreteria_mov (vfe_id,pro_codigo_plu,vfm_cantidad,vfm_unitario,vfm_total,vfm_entregado) VALUES (10827,780721735,1,1790,1790,@@@NO@@@)','',2,'2013-09-13'),(65251,'UPDATE mae_productos SET pro_margen_actual=5.62,pro_precio_venta=2200 WHERE pro_codigo_plu=21198','',2,'2013-09-13'),(65252,'UPDATE mae_productos SET pro_margen_actual=31.58,pro_precio_venta=1450 WHERE pro_codigo_plu=780721842','',2,'2013-09-13'),(65253,'UPDATE mae_productos SET pro_margen_actual=0,pro_precio_venta=1 WHERE pro_codigo_plu=780721848','',2,'2013-09-13'),(65254,'UPDATE mae_productos SET pro_margen_actual=0,pro_precio_venta=1 WHERE pro_codigo_plu=780721849','',2,'2013-09-13'),(65255,'UPDATE mae_productos SET pro_margen_actual=26.76,pro_precio_venta=3790 WHERE pro_codigo_plu=17737','',2,'2013-09-13'),(65256,'UPDATE mae_productos SET pro_margen_actual=29.97,pro_precio_venta=3790 WHERE pro_codigo_plu=761920','',2,'2013-09-13'),(65257,'UPDATE mae_productos SET pro_margen_actual=56.01,pro_precio_venta=390 WHERE pro_codigo_plu=1543','',2,'2013-09-13'),(65258,'UPDATE mae_productos SET pro_margen_actual=542.86,pro_precio_venta=900 WHERE pro_codigo_plu=78017108','',2,'2013-09-13'),(65259,'UPDATE mae_productos SET pro_margen_actual=46.34,pro_precio_venta=370 WHERE pro_codigo_plu=763297','',2,'2013-09-13'),(65260,'UPDATE mae_productos SET pro_margen_actual=46.34,pro_precio_venta=370 WHERE pro_codigo_plu=78017199','',2,'2013-09-13'),(65261,'UPDATE mae_productos SET pro_margen_actual=46.34,pro_precio_venta=370 WHERE pro_codigo_plu=764862','',2,'2013-09-13'),(65262,'UPDATE mae_productos SET pro_margen_actual=46.41,pro_precio_venta=450 WHERE pro_codigo_plu=11953','',2,'2013-09-13'),(65263,'UPDATE mae_productos SET pro_margen_actual=0,pro_precio_venta=1 WHERE pro_codigo_plu=780721847','',2,'2013-09-13'),(65264,'UPDATE mae_productos SET pro_margen_actual=136.91,pro_precio_venta=1990 WHERE pro_codigo_plu=764823','',2,'2013-09-13'),(65265,'UPDATE mae_productos SET pro_margen_actual=36.75,pro_precio_venta=620 WHERE pro_codigo_plu=780220089','',2,'2013-09-13'),(65266,'UPDATE mae_productos SET pro_margen_actual=20.58,pro_precio_venta=599 WHERE pro_codigo_plu=763427','',2,'2013-09-13'),(65267,'UPDATE mae_productos SET pro_margen_actual=-3.64,pro_precio_venta=1000 WHERE pro_codigo_plu=764108','',2,'2013-09-13'),(65268,'UPDATE mae_productos SET pro_margen_actual=-0.6,pro_precio_venta=1500 WHERE pro_codigo_plu=764106','',2,'2013-09-13'),(65269,'UPDATE mae_productos SET pro_margen_actual=121.67,pro_precio_venta=3990 WHERE pro_codigo_plu=780721838','',2,'2013-09-13'),(65270,'UPDATE mae_productos SET pro_margen_actual=51.96,pro_precio_venta=620 WHERE pro_codigo_plu=15949','',2,'2013-09-13'),(65271,'UPDATE mae_productos SET pro_margen_actual=31.3,pro_precio_venta=890 WHERE pro_codigo_plu=18467','',2,'2013-09-13'),(65272,'UPDATE mae_productos SET pro_margen_actual=176.24,pro_precio_venta=500 WHERE pro_codigo_plu=78017095','',2,'2013-09-13'),(65273,'UPDATE mae_productos SET pro_margen_actual=58.88,pro_precio_venta=170 WHERE pro_codigo_plu=763474','',2,'2013-09-13'),(65274,'UPDATE mae_productos SET pro_margen_actual=29.8,pro_precio_venta=550 WHERE pro_codigo_plu=17456','',2,'2013-09-13'),(65275,'UPDATE mae_productos SET pro_margen_actual=35.69,pro_precio_venta=690 WHERE pro_codigo_plu=17455','',2,'2013-09-13'),(65276,'UPDATE mae_productos SET pro_margen_actual=33.19,pro_precio_venta=550 WHERE pro_codigo_plu=780200000','',2,'2013-09-13'),(65277,'INSERT INTO gne_vale_ferreteria (vfe_id,vfe_fecha,vfe_total,vfe_estado,vfe_entregado,usu_nusuario) VALUES (10828,@@@2013.09.13@@@,200,1,0,@@@admin@@@)','',2,'2013-09-13'),(65278,'INSERT INTO gne_vale_ferreteria_mov (vfe_id,pro_codigo_plu,vfm_cantidad,vfm_unitario,vfm_total,vfm_entregado) VALUES (10828,78017136,1,200,200,@@@NO@@@)','',2,'2013-09-13'),(65279,'UPDATE mae_productos SET pro_precio_fiscal=pro_precio_venta WHERE pro_codigo_plu=1543','',2,'2013-09-13'),(65280,'UPDATE mae_productos SET pro_precio_fiscal=pro_precio_venta WHERE pro_codigo_plu=780721838','',2,'2013-09-13'),(65281,'UPDATE mae_productos SET pro_precio_fiscal=pro_precio_venta WHERE pro_codigo_plu=764823','',2,'2013-09-13'),(65282,'INSERT INTO gne_vale_ferreteria (vfe_id,vfe_fecha,vfe_total,vfe_estado,vfe_entregado,usu_nusuario) VALUES (10829,@@@2013.09.13@@@,300,1,0,@@@admin@@@)','',2,'2013-09-13'),(65283,'INSERT INTO gne_vale_ferreteria_mov (vfe_id,pro_codigo_plu,vfm_cantidad,vfm_unitario,vfm_total,vfm_entregado) VALUES (10829,78017049,1,300,300,@@@NO@@@)','',2,'2013-09-13'),(65284,'INSERT INTO gne_vale_ferreteria (vfe_id,vfe_fecha,vfe_total,vfe_estado,vfe_entregado,usu_nusuario) VALUES (10830,@@@2013.09.13@@@,390,1,0,@@@admin@@@)','',2,'2013-09-13'),(65285,'INSERT INTO gne_vale_ferreteria_mov (vfe_id,pro_codigo_plu,vfm_cantidad,vfm_unitario,vfm_total,vfm_entregado) VALUES (10830,15929,3,130,390,@@@NO@@@)','',2,'2013-09-13'),(65286,'INSERT INTO gne_vale_ferreteria (vfe_id,vfe_fecha,vfe_total,vfe_estado,vfe_entregado,usu_nusuario) VALUES (10831,@@@2013.09.13@@@,480,1,0,@@@admin@@@)','',2,'2013-09-13'),(65287,'INSERT INTO gne_vale_ferreteria_mov (vfe_id,pro_codigo_plu,vfm_cantidad,vfm_unitario,vfm_total,vfm_entregado) VALUES (10831,15935,1,480,480,@@@NO@@@)','',2,'2013-09-13'),(65288,'UPDATE mae_productos SET pro_margen_actual=0,pro_precio_venta=480 WHERE pro_codigo_plu=15936','',2,'2013-09-13'),(65289,'UPDATE mae_productos SET pro_margen_actual=0,pro_precio_venta=590 WHERE pro_codigo_plu=695293838','',2,'2013-09-13'),(65290,'UPDATE mae_productos SET pro_margen_actual=6.03,pro_precio_venta=1600 WHERE pro_codigo_plu=764106','',2,'2013-09-13'),(65291,'UPDATE mae_productos SET pro_margen_actual=5.99,pro_precio_venta=1100 WHERE pro_codigo_plu=764108','',2,'2013-09-13'),(65292,'INSERT INTO gne_vale_ferreteria (vfe_id,vfe_fecha,vfe_total,vfe_estado,vfe_entregado,usu_nusuario) VALUES (10832,@@@2013.09.13@@@,240,1,0,@@@admin@@@)','',2,'2013-09-13'),(65293,'INSERT INTO gne_vale_ferreteria_mov (vfe_id,pro_codigo_plu,vfm_cantidad,vfm_unitario,vfm_total,vfm_entregado) VALUES (10832,770001,3,80,240,@@@NO@@@)','',2,'2013-09-13'),(65294,'UPDATE mae_productos SET pro_margen_actual=34.8,pro_precio_venta=550 WHERE pro_codigo_plu=15949','',2,'2013-09-13'),(65295,'UPDATE mae_productos SET pro_codigo_barra=@@@1015@@@,pro_tipo=@@@0@@@,pro_nombre_producto=@@@CHUÑO SUELTO@@@,pro_nombre_corto=@@@CARPETA PLASTIFI@@@,med_id=@@@2@@@,emb_id=@@@4@@@,pro_unidades_embalaje=@@@1@@@,dep_id=@@@1 @@@,lin_id=@@@9@@@,mar_id=@@@2507@@@,pro_precio_compra_neto=@@@0@@@,pro_precio_compra_bruto=@@@1@@@,pro_precio_venta=@@@1700@@@,pro_margen_actual=@@@169900@@@,pro_oferta=@@@NO@@@,pro_fecha_inicio_oferta=@@@2013.05.02@@@,pro_fecha_termino_oferta=@@@2013.05.02@@@,pro_precio_oferta=@@@0@@@,pro_stock_minimo=@@@30@@@,pro_stock_critico=@@@10@@@,pro_activo=@@@1@@@,pro_unidad=@@@0@@@,pro_precio_compra_bruto=1,pro_margen_actual=169900,pro_capacidad=1,pro_funcion_plu=0,pro_flejes=1,pro_iva=1,pro_plu_asociado=0,pro_envase=@@@NO@@@,pro_duracion=0,pro_numero_etiqueta=0 WHERE pro_codigo_plu=@@@1015@@@','',2,'2013-09-13'),(65296,'UPDATE mae_productos SET pro_estado=1 WHERE pro_codigo_plu=1015','',2,'2013-09-13'),(65297,'DELETE FROM mae_impuestos_productos WHERE pro_codigo_plu=@@@1015@@@','',2,'2013-09-13'),(65298,'UPDATE mae_productos SET pro_precio_fiscal=pro_precio_venta WHERE pro_codigo_plu=15949','',2,'2013-09-13'),(65299,'UPDATE mae_productos SET pro_precio_fiscal=pro_precio_venta WHERE pro_codigo_plu=695293838','',2,'2013-09-13'),(65300,'UPDATE mae_productos SET pro_precio_fiscal=pro_precio_venta WHERE pro_codigo_plu=11953','',2,'2013-09-13'),(65301,'UPDATE mae_productos SET pro_precio_fiscal=pro_precio_venta WHERE pro_codigo_plu=78017199','',2,'2013-09-13'),(65302,'UPDATE mae_productos SET pro_precio_fiscal=pro_precio_venta WHERE pro_codigo_plu=764862','',2,'2013-09-13'),(65303,'UPDATE mae_productos SET pro_precio_fiscal=pro_precio_venta WHERE pro_codigo_plu=763297','',2,'2013-09-13'),(65304,'UPDATE mae_productos SET pro_precio_fiscal=pro_precio_venta WHERE pro_codigo_plu=78017095','',2,'2013-09-13'),(65305,'UPDATE mae_productos SET pro_precio_fiscal=pro_precio_venta WHERE pro_codigo_plu=78017108','',2,'2013-09-13'),(65306,'UPDATE mae_productos SET pro_precio_fiscal=pro_precio_venta WHERE pro_codigo_plu=780721842','',2,'2013-09-13'),(65307,'UPDATE mae_productos SET pro_precio_fiscal=pro_precio_venta WHERE pro_codigo_plu=17455','',2,'2013-09-13'),(65308,'UPDATE mae_productos SET pro_precio_fiscal=pro_precio_venta WHERE pro_codigo_plu=17456','',2,'2013-09-13'),(65309,'UPDATE mae_productos SET pro_precio_fiscal=pro_precio_venta WHERE pro_codigo_plu=18467','',2,'2013-09-13'),(65310,'UPDATE mae_productos SET pro_precio_fiscal=pro_precio_venta WHERE pro_codigo_plu=17737','',2,'2013-09-13'),(65311,'UPDATE mae_productos SET pro_precio_fiscal=pro_precio_venta WHERE pro_codigo_plu=761920','',2,'2013-09-13'),(65312,'UPDATE mae_productos SET pro_precio_fiscal=pro_precio_venta WHERE pro_codigo_plu=1015','',2,'2013-09-13'),(65313,'UPDATE mae_productos SET pro_codigo_barra=@@@1016@@@,pro_tipo=@@@0@@@,pro_nombre_producto=@@@AZUCAR FLOR SUELTA@@@,pro_nombre_corto=@@@SORPRESA X1@@@,med_id=@@@2@@@,emb_id=@@@4@@@,pro_unidades_embalaje=@@@10@@@,dep_id=@@@1 @@@,lin_id=@@@152@@@,mar_id=@@@2507@@@,pro_precio_compra_neto=@@@0@@@,pro_precio_compra_bruto=@@@1@@@,pro_precio_venta=@@@1390@@@,pro_margen_actual=@@@138900@@@,pro_oferta=@@@NO@@@,pro_fecha_inicio_oferta=@@@2013.05.02@@@,pro_fecha_termino_oferta=@@@2013.05.02@@@,pro_precio_oferta=@@@0@@@,pro_stock_minimo=@@@30@@@,pro_stock_critico=@@@10@@@,pro_activo=@@@1@@@,pro_unidad=@@@0@@@,pro_precio_compra_bruto=1,pro_margen_actual=138900,pro_capacidad=1,pro_funcion_plu=0,pro_flejes=1,pro_iva=1,pro_plu_asociado=0,pro_envase=@@@NO@@@,pro_duracion=0,pro_numero_etiqueta=0 WHERE pro_codigo_plu=@@@1016@@@','',2,'2013-09-13'),(65314,'UPDATE mae_productos SET pro_estado=1 WHERE pro_codigo_plu=1016','',2,'2013-09-13'),(65315,'DELETE FROM mae_impuestos_productos WHERE pro_codigo_plu=@@@1016@@@','',2,'2013-09-13'),(65316,'INSERT INTO gne_vale_ferreteria (vfe_id,vfe_fecha,vfe_total,vfe_estado,vfe_entregado,usu_nusuario) VALUES (10833,@@@2013.09.13@@@,1190,1,0,@@@admin@@@)','',2,'2013-09-13'),(65317,'INSERT INTO gne_vale_ferreteria_mov (vfe_id,pro_codigo_plu,vfm_cantidad,vfm_unitario,vfm_total,vfm_entregado) VALUES (10833,54790,1,1190,1190,@@@NO@@@)','',2,'2013-09-13'),(65318,'UPDATE mae_clientes SET cli_rut=@@@96532330-9@@@,cli_nombre=@@@CMPC CELULOSA S.A.@@@,cli_direccion=@@@AV JULIO HEMMELMAN 670@@@,cli_sucursal=@@@NACIMIENTO@@@,cli_ciudad=@@@NACIMIENTO@@@,cli_nombre_contacto=@@@FLOR CENTENO@@@,cli_cargo=@@@@@@,cli_comuna=@@@NACIMIENTO@@@,cli_fpago=@@@CONTADO@@@,cli_telefono=@@@@@@,cli_fax=@@@@@@,cli_celular=@@@511706@@@,cli_mail=@@@@@@,tcp_id=@@@2@@@,cli_fecha_nacimiento=@@@2013.07.01@@@,cli_activo=@@@1@@@,cli_limite_credito=@@@5000000@@@,cli_giro=@@@FABRICACION Y VENTA DE CELULOSA Y PAPEL@@@,cli_sobrecargo=0,cli_descuento_venta=0,cli_rapel=0 ,cli_credito_ilimitado=0 WHERE cli_id=@@@8@@@','',2,'2013-09-13'),(65319,'UPDATE mae_productos SET pro_precio_venta=250,pro_margen_actual= 78.57 WHERE pro_codigo_plu=78017108','',2,'2013-09-13'),(65320,'UPDATE mae_productos SET pro_precio_fiscal=pro_precio_venta WHERE pro_codigo_plu=1016','',2,'2013-09-13'),(65321,'UPDATE mae_productos SET pro_precio_fiscal=pro_precio_venta WHERE pro_codigo_plu=780200000','',2,'2013-09-13'),(65322,'UPDATE mae_productos SET pro_precio_fiscal=pro_precio_venta WHERE pro_codigo_plu=78017108','',2,'2013-09-13'),(65323,'UPDATE mae_productos SET pro_margen_actual=30.84,pro_precio_venta=650 WHERE pro_codigo_plu=763427','',2,'2013-09-13'),(65324,'UPDATE mae_productos SET pro_margen_actual=43.36,pro_precio_venta=650 WHERE pro_codigo_plu=780220089','',2,'2013-09-13'),(65325,'UPDATE mae_productos SET pro_margen_actual=40.19,pro_precio_venta=150 WHERE pro_codigo_plu=763474','',2,'2013-09-13'),(65326,'UPDATE mae_productos SET pro_precio_fiscal=pro_precio_venta WHERE pro_codigo_plu=780220089','',2,'2013-09-13'),(65327,'INSERT INTO gne_vale_ferreteria (vfe_id,vfe_fecha,vfe_total,vfe_estado,vfe_entregado,usu_nusuario) VALUES (10834,@@@2013.09.13@@@,900,1,0,@@@admin@@@)','',2,'2013-09-13'),(65328,'INSERT INTO gne_vale_ferreteria_mov (vfe_id,pro_codigo_plu,vfm_cantidad,vfm_unitario,vfm_total,vfm_entregado) VALUES (10834,78017202,2,450,900,@@@NO@@@)','',2,'2013-09-13'),(65329,'INSERT INTO gne_vale_ferreteria (vfe_id,vfe_fecha,vfe_total,vfe_estado,vfe_entregado,usu_nusuario) VALUES (10835,@@@2013.09.13@@@,3780,1,0,@@@admin@@@)','',2,'2013-09-13'),(65330,'INSERT INTO gne_vale_ferreteria_mov (vfe_id,pro_codigo_plu,vfm_cantidad,vfm_unitario,vfm_total,vfm_entregado) VALUES (10835,100473,2,1890,3780,@@@NO@@@)','',2,'2013-09-13'),(65331,'INSERT INTO gne_vale_ferreteria (vfe_id,vfe_fecha,vfe_total,vfe_estado,vfe_entregado,usu_nusuario) VALUES (10836,@@@2013.09.13@@@,990,1,0,@@@admin@@@)','',2,'2013-09-13'),(65332,'INSERT INTO gne_vale_ferreteria_mov (vfe_id,pro_codigo_plu,vfm_cantidad,vfm_unitario,vfm_total,vfm_entregado) VALUES (10836,770087,1,990,990,@@@NO@@@)','',2,'2013-09-13'),(65333,'INSERT INTO gne_vale_ferreteria (vfe_id,vfe_fecha,vfe_total,vfe_estado,vfe_entregado,usu_nusuario) VALUES (10837,@@@2013.09.13@@@,800,1,0,@@@admin@@@)','',2,'2013-09-13'),(65334,'INSERT INTO gne_vale_ferreteria_mov (vfe_id,pro_codigo_plu,vfm_cantidad,vfm_unitario,vfm_total,vfm_entregado) VALUES (10837,78017132,1,200,200,@@@NO@@@)','',2,'2013-09-13'),(65335,'INSERT INTO gne_vale_ferreteria_mov (vfe_id,pro_codigo_plu,vfm_cantidad,vfm_unitario,vfm_total,vfm_entregado) VALUES (10837,78017136,3,200,600,@@@NO@@@)','',2,'2013-09-13'),(65336,'INSERT INTO gne_vale_ferreteria (vfe_id,vfe_fecha,vfe_total,vfe_estado,vfe_entregado,usu_nusuario) VALUES (10838,@@@2013.09.13@@@,300,1,0,@@@admin@@@)','',2,'2013-09-13'),(65337,'INSERT INTO gne_vale_ferreteria_mov (vfe_id,pro_codigo_plu,vfm_cantidad,vfm_unitario,vfm_total,vfm_entregado) VALUES (10838,78017049,1,300,300,@@@NO@@@)','',2,'2013-09-13'),(65338,'INSERT INTO gne_vale_ferreteria (vfe_id,vfe_fecha,vfe_total,vfe_estado,vfe_entregado,usu_nusuario) VALUES (10839,@@@2013.09.13@@@,790,1,0,@@@admin@@@)','',2,'2013-09-13'),(65339,'INSERT INTO gne_vale_ferreteria_mov (vfe_id,pro_codigo_plu,vfm_cantidad,vfm_unitario,vfm_total,vfm_entregado) VALUES (10839,101104,1,790,790,@@@NO@@@)','',2,'2013-09-13'),(65340,'INSERT INTO gne_vale_ferreteria (vfe_id,vfe_fecha,vfe_total,vfe_estado,vfe_entregado,usu_nusuario) VALUES (10840,@@@2013.09.13@@@,240,1,0,@@@admin@@@)','',2,'2013-09-13'),(65341,'INSERT INTO gne_vale_ferreteria_mov (vfe_id,pro_codigo_plu,vfm_cantidad,vfm_unitario,vfm_total,vfm_entregado) VALUES (10840,78017154,2,120,240,@@@NO@@@)','',2,'2013-09-13'),(65342,'INSERT INTO gne_vale_ferreteria (vfe_id,vfe_fecha,vfe_total,vfe_estado,vfe_entregado,usu_nusuario) VALUES (10841,@@@2013.09.13@@@,1890,1,0,@@@admin@@@)','',2,'2013-09-13'),(65343,'INSERT INTO gne_vale_ferreteria_mov (vfe_id,pro_codigo_plu,vfm_cantidad,vfm_unitario,vfm_total,vfm_entregado) VALUES (10841,100473,1,1890,1890,@@@NO@@@)','',2,'2013-09-13'),(65344,'INSERT INTO gne_vale_ferreteria (vfe_id,vfe_fecha,vfe_total,vfe_estado,vfe_entregado,usu_nusuario) VALUES (10842,@@@2013.09.13@@@,720,1,0,@@@admin@@@)','',2,'2013-09-13'),(65345,'INSERT INTO gne_vale_ferreteria_mov (vfe_id,pro_codigo_plu,vfm_cantidad,vfm_unitario,vfm_total,vfm_entregado) VALUES (10842,8829,1,720,720,@@@NO@@@)','',2,'2013-09-13'),(65346,'INSERT INTO gne_vale_ferreteria (vfe_id,vfe_fecha,vfe_total,vfe_estado,vfe_entregado,usu_nusuario) VALUES (10843,@@@2013.09.13@@@,1120,1,0,@@@admin@@@)','',2,'2013-09-13'),(65347,'INSERT INTO gne_vale_ferreteria_mov (vfe_id,pro_codigo_plu,vfm_cantidad,vfm_unitario,vfm_total,vfm_entregado) VALUES (10843,780721608,4,250,1000,@@@NO@@@)','',2,'2013-09-13'),(65348,'INSERT INTO gne_vale_ferreteria_mov (vfe_id,pro_codigo_plu,vfm_cantidad,vfm_unitario,vfm_total,vfm_entregado) VALUES (10843,78017154,1,120,120,@@@NO@@@)','',2,'2013-09-13'),(65349,'INSERT INTO gne_vale_ferreteria (vfe_id,vfe_fecha,vfe_total,vfe_estado,vfe_entregado,usu_nusuario) VALUES (10844,@@@2013.09.13@@@,990,1,0,@@@admin@@@)','',2,'2013-09-13'),(65350,'INSERT INTO gne_vale_ferreteria_mov (vfe_id,pro_codigo_plu,vfm_cantidad,vfm_unitario,vfm_total,vfm_entregado) VALUES (10844,764003,1,990,990,@@@NO@@@)','',2,'2013-09-13'),(65351,'INSERT INTO gne_vale_ferreteria (vfe_id,vfe_fecha,vfe_total,vfe_estado,vfe_entregado,usu_nusuario) VALUES (10845,@@@2013.09.14@@@,120,1,0,@@@G_DIAZ@@@)','',2,'2013-09-14'),(65352,'INSERT INTO gne_vale_ferreteria_mov (vfe_id,pro_codigo_plu,vfm_cantidad,vfm_unitario,vfm_total,vfm_entregado) VALUES (10845,78017233,1,100,100,@@@NO@@@)','',2,'2013-09-14'),(65353,'INSERT INTO gne_vale_ferreteria_mov (vfe_id,pro_codigo_plu,vfm_cantidad,vfm_unitario,vfm_total,vfm_entregado) VALUES (10845,1605,2,10,20,@@@NO@@@)','',2,'2013-09-14'),(65354,'INSERT INTO gne_vale_ferreteria (vfe_id,vfe_fecha,vfe_total,vfe_estado,vfe_entregado,usu_nusuario) VALUES (10846,@@@2013.09.14@@@,1290,1,0,@@@G_DIAZ@@@)','',2,'2013-09-14'),(65355,'INSERT INTO gne_vale_ferreteria_mov (vfe_id,pro_codigo_plu,vfm_cantidad,vfm_unitario,vfm_total,vfm_entregado) VALUES (10846,764570,1,1290,1290,@@@NO@@@)','',2,'2013-09-14'),(65356,'UPDATE mae_productos SET med_id=2,pro_capacidad=1 WHERE pro_codigo_plu=50','',2,'2013-09-14'),(65357,'UPDATE mae_productos SET med_id=2,pro_capacidad=1 WHERE pro_codigo_plu=51','',2,'2013-09-14'),(65358,'UPDATE mae_productos SET med_id=2,pro_capacidad=1 WHERE pro_codigo_plu=52','',2,'2013-09-14'),(65359,'UPDATE mae_productos SET med_id=2,pro_capacidad=1 WHERE pro_codigo_plu=53','',2,'2013-09-14'),(65360,'UPDATE mae_productos SET med_id=2,pro_capacidad=1 WHERE pro_codigo_plu=54','',2,'2013-09-14'),(65361,'UPDATE mae_productos SET med_id=2,pro_capacidad=1 WHERE pro_codigo_plu=81','',2,'2013-09-14'),(65362,'UPDATE mae_productos SET med_id=2,pro_capacidad=1 WHERE pro_codigo_plu=48','',2,'2013-09-14'),(65363,'UPDATE mae_productos SET med_id=2,pro_capacidad=1 WHERE pro_codigo_plu=780721236','',2,'2013-09-14'),(65364,'UPDATE mae_productos SET med_id=2,pro_capacidad=1 WHERE pro_codigo_plu=55','',2,'2013-09-14'),(65365,'UPDATE mae_productos SET med_id=2,pro_capacidad=1 WHERE pro_codigo_plu=56','',2,'2013-09-14'),(65366,'UPDATE mae_productos SET med_id=2,pro_capacidad=1 WHERE pro_codigo_plu=57','',2,'2013-09-14'),(65367,'UPDATE mae_productos SET med_id=2,pro_capacidad=1 WHERE pro_codigo_plu=58','',2,'2013-09-14'),(65368,'UPDATE mae_productos SET med_id=2,pro_capacidad=1 WHERE pro_codigo_plu=59','',2,'2013-09-14'),(65369,'UPDATE mae_productos SET med_id=2,pro_capacidad=1 WHERE pro_codigo_plu=60','',2,'2013-09-14'),(65370,'UPDATE mae_productos SET med_id=2,pro_capacidad=1 WHERE pro_codigo_plu=61','',2,'2013-09-14'),(65371,'UPDATE mae_productos SET med_id=2,pro_capacidad=1 WHERE pro_codigo_plu=62','',2,'2013-09-14'),(65372,'UPDATE mae_productos SET med_id=2,pro_capacidad=1 WHERE pro_codigo_plu=63','',2,'2013-09-14'),(65373,'UPDATE mae_productos SET med_id=2,pro_capacidad=1 WHERE pro_codigo_plu=64','',2,'2013-09-14'),(65374,'UPDATE mae_productos SET med_id=2,pro_capacidad=1 WHERE pro_codigo_plu=65','',2,'2013-09-14'),(65375,'UPDATE mae_productos SET med_id=2,pro_capacidad=1 WHERE pro_codigo_plu=66','',2,'2013-09-14'),(65376,'UPDATE mae_productos SET med_id=2,pro_capacidad=1 WHERE pro_codigo_plu=67','',2,'2013-09-14'),(65377,'UPDATE mae_productos SET med_id=2,pro_capacidad=1 WHERE pro_codigo_plu=68','',2,'2013-09-14'),(65378,'UPDATE mae_productos SET med_id=2,pro_capacidad=1 WHERE pro_codigo_plu=69','',2,'2013-09-14'),(65379,'UPDATE mae_productos SET med_id=2,pro_capacidad=1 WHERE pro_codigo_plu=70','',2,'2013-09-14'),(65380,'UPDATE mae_productos SET med_id=2,pro_capacidad=1 WHERE pro_codigo_plu=71','',2,'2013-09-14'),(65381,'UPDATE mae_productos SET med_id=2,pro_capacidad=1 WHERE pro_codigo_plu=72','',2,'2013-09-14'),(65382,'UPDATE mae_productos SET med_id=2,pro_capacidad=1 WHERE pro_codigo_plu=74','',2,'2013-09-14'),(65383,'UPDATE mae_productos SET med_id=2,pro_capacidad=1 WHERE pro_codigo_plu=73','',2,'2013-09-14'),(65384,'UPDATE mae_productos SET med_id=2,pro_capacidad=1 WHERE pro_codigo_plu=75','',2,'2013-09-14'),(65385,'UPDATE mae_productos SET med_id=2,pro_capacidad=1 WHERE pro_codigo_plu=76','',2,'2013-09-14'),(65386,'UPDATE mae_productos SET med_id=2,pro_capacidad=1 WHERE pro_codigo_plu=77','',2,'2013-09-14'),(65387,'INSERT INTO gne_vale_ferreteria (vfe_id,vfe_fecha,vfe_total,vfe_estado,vfe_entregado,usu_nusuario) VALUES (10847,@@@2013.09.14@@@,1050,1,0,@@@G_DIAZ@@@)','',2,'2013-09-14'),(65388,'INSERT INTO gne_vale_ferreteria_mov (vfe_id,pro_codigo_plu,vfm_cantidad,vfm_unitario,vfm_total,vfm_entregado) VALUES (10847,780721061,1,1050,1050,@@@NO@@@)','',2,'2013-09-14'),(65389,'INSERT INTO gne_vale_ferreteria (vfe_id,vfe_fecha,vfe_total,vfe_estado,vfe_entregado,usu_nusuario) VALUES (10848,@@@2013.09.14@@@,1890,1,0,@@@G_DIAZ@@@)','',2,'2013-09-14'),(65390,'INSERT INTO gne_vale_ferreteria_mov (vfe_id,pro_codigo_plu,vfm_cantidad,vfm_unitario,vfm_total,vfm_entregado) VALUES (10848,101852,1,1890,1890,@@@NO@@@)','',2,'2013-09-14'),(65391,'INSERT INTO mae_productos (pro_codigo_plu,pro_codigo_barra,pro_tipo,pro_nombre_producto,pro_nombre_corto,med_id,emb_id,pro_unidades_embalaje,dep_id,lin_id,mar_id,pro_precio_compra_neto,pro_precio_compra_bruto,pro_precio_venta,pro_margen_actual,pro_oferta,pro_fecha_inicio_oferta,pro_fecha_termino_oferta,pro_precio_oferta,pro_stock_minimo,pro_stock_critico,pro_entradas_bodega,pro_salidas_bodega,pro_mermas_bodega,pro_ajustes_bodega,pro_entradas_sv,pro_salidas_sv,pro_mermas_sv,pro_ajustes_sv,pro_activo,rec_numero,pro_unidad,pro_capacidad,pro_consumo_bodega,pro_consumo_sv,pro_estado,pro_funcion_plu,pro_flejes,pro_iva,pro_plu_asociado,pro_envase,pro_duracion,pro_numero_etiqueta) VALUES (780721850,@@@7804520985785@@@,@@@0@@@,@@@DURAZNOS TROCITOS POMMERING  GALON 3100GRS@@@,@@@DURAZNOS TROCITO@@@,@@@5 @@@,@@@6 @@@,@@@6@@@,@@@1 @@@,@@@19@@@,@@@1816@@@,@@@0@@@,@@@3677.1@@@,@@@1@@@,@@@-99.97@@@,@@@@@@,@@@2006.09.07@@@,@@@2006.09.07@@@,@@@0@@@,@@@6@@@,@@@2@@@,@@@0@@@,@@@0@@@,@@@0@@@,@@@0@@@,@@@0@@@,@@@0@@@,@@@0@@@,@@@0@@@,@@@1@@@,@@@0@@@,0,3100,0,0,2,0,1,1,0,@@@NO@@@,0,0)','',2,'2013-09-14'),(65392,'DELETE FROM mae_impuestos_productos WHERE pro_codigo_plu=@@@780721850@@@','',2,'2013-09-14'),(65393,'INSERT INTO gne_vale_ferreteria (vfe_id,vfe_fecha,vfe_total,vfe_estado,vfe_entregado,usu_nusuario) VALUES (10849,@@@2013.09.14@@@,1990,1,0,@@@G_DIAZ@@@)','',2,'2013-09-14'),(65394,'INSERT INTO gne_vale_ferreteria_mov (vfe_id,pro_codigo_plu,vfm_cantidad,vfm_unitario,vfm_total,vfm_entregado) VALUES (10849,780721541,1,1990,1990,@@@NO@@@)','',2,'2013-09-14'),(65395,'INSERT INTO gne_vale_ferreteria (vfe_id,vfe_fecha,vfe_total,vfe_estado,vfe_entregado,usu_nusuario) VALUES (10850,@@@2013.09.14@@@,390,1,0,@@@G_DIAZ@@@)','',2,'2013-09-14'),(65396,'INSERT INTO gne_vale_ferreteria_mov (vfe_id,pro_codigo_plu,vfm_cantidad,vfm_unitario,vfm_total,vfm_entregado) VALUES (10850,1547,1,390,390,@@@NO@@@)','',2,'2013-09-14'),(65397,'INSERT INTO gne_vale_ferreteria (vfe_id,vfe_fecha,vfe_total,vfe_estado,vfe_entregado,usu_nusuario) VALUES (10851,@@@2013.09.14@@@,680,1,0,@@@G_DIAZ@@@)','',2,'2013-09-14'),(65398,'INSERT INTO gne_vale_ferreteria_mov (vfe_id,pro_codigo_plu,vfm_cantidad,vfm_unitario,vfm_total,vfm_entregado) VALUES (10851,19866,1,680,680,@@@NO@@@)','',2,'2013-09-14'),(65399,'INSERT INTO gne_vale_ferreteria (vfe_id,vfe_fecha,vfe_total,vfe_estado,vfe_entregado,usu_nusuario) VALUES (10852,@@@2013.09.14@@@,590,1,0,@@@G_DIAZ@@@)','',2,'2013-09-14'),(65400,'INSERT INTO gne_vale_ferreteria_mov (vfe_id,pro_codigo_plu,vfm_cantidad,vfm_unitario,vfm_total,vfm_entregado) VALUES (10852,15662,1,590,590,@@@NO@@@)','',2,'2013-09-14'),(65401,'INSERT INTO gne_vale_ferreteria (vfe_id,vfe_fecha,vfe_total,vfe_estado,vfe_entregado,usu_nusuario) VALUES (10853,@@@2013.09.14@@@,1430,1,0,@@@G_DIAZ@@@)','',2,'2013-09-14'),(65402,'INSERT INTO gne_vale_ferreteria_mov (vfe_id,pro_codigo_plu,vfm_cantidad,vfm_unitario,vfm_total,vfm_entregado) VALUES (10853,8022,1,120,120,@@@NO@@@)','',2,'2013-09-14'),(65403,'INSERT INTO gne_vale_ferreteria_mov (vfe_id,pro_codigo_plu,vfm_cantidad,vfm_unitario,vfm_total,vfm_entregado) VALUES (10853,4130,2,100,200,@@@NO@@@)','',2,'2013-09-14'),(65404,'INSERT INTO gne_vale_ferreteria_mov (vfe_id,pro_codigo_plu,vfm_cantidad,vfm_unitario,vfm_total,vfm_entregado) VALUES (10853,78017112,6,120,720,@@@NO@@@)','',2,'2013-09-14'),(65405,'INSERT INTO gne_vale_ferreteria_mov (vfe_id,pro_codigo_plu,vfm_cantidad,vfm_unitario,vfm_total,vfm_entregado) VALUES (10853,764820,1,390,390,@@@NO@@@)','',2,'2013-09-14'),(65406,'INSERT INTO gne_vale_ferreteria (vfe_id,vfe_fecha,vfe_total,vfe_estado,vfe_entregado,usu_nusuario) VALUES (10854,@@@2013.09.14@@@,1890,1,0,@@@G_DIAZ@@@)','',2,'2013-09-14'),(65407,'INSERT INTO gne_vale_ferreteria_mov (vfe_id,pro_codigo_plu,vfm_cantidad,vfm_unitario,vfm_total,vfm_entregado) VALUES (10854,10674,1,1890,1890,@@@NO@@@)','',2,'2013-09-14'),(65408,'INSERT INTO gne_vale_ferreteria (vfe_id,vfe_fecha,vfe_total,vfe_estado,vfe_entregado,usu_nusuario) VALUES (10855,@@@2013.09.14@@@,2120,1,0,@@@G_DIAZ@@@)','',2,'2013-09-14'),(65409,'INSERT INTO gne_vale_ferreteria_mov (vfe_id,pro_codigo_plu,vfm_cantidad,vfm_unitario,vfm_total,vfm_entregado) VALUES (10855,1538,1,490,490,@@@NO@@@)','',2,'2013-09-14'),(65410,'INSERT INTO gne_vale_ferreteria_mov (vfe_id,pro_codigo_plu,vfm_cantidad,vfm_unitario,vfm_total,vfm_entregado) VALUES (10855,1536,1,290,290,@@@NO@@@)','',2,'2013-09-14'),(65411,'INSERT INTO gne_vale_ferreteria_mov (vfe_id,pro_codigo_plu,vfm_cantidad,vfm_unitario,vfm_total,vfm_entregado) VALUES (10855,78017012,1,150,150,@@@NO@@@)','',2,'2013-09-14'),(65412,'INSERT INTO gne_vale_ferreteria_mov (vfe_id,pro_codigo_plu,vfm_cantidad,vfm_unitario,vfm_total,vfm_entregado) VALUES (10855,54790,1,1190,1190,@@@NO@@@)','',2,'2013-09-14'),(65413,'INSERT INTO gne_vale_ferreteria (vfe_id,vfe_fecha,vfe_total,vfe_estado,vfe_entregado,usu_nusuario) VALUES (10856,@@@2013.09.14@@@,500,1,0,@@@G_DIAZ@@@)','',2,'2013-09-14'),(65414,'INSERT INTO gne_vale_ferreteria_mov (vfe_id,pro_codigo_plu,vfm_cantidad,vfm_unitario,vfm_total,vfm_entregado) VALUES (10856,78017105,2,250,500,@@@NO@@@)','',2,'2013-09-14'),(65415,'INSERT INTO gne_vale_ferreteria (vfe_id,vfe_fecha,vfe_total,vfe_estado,vfe_entregado,usu_nusuario) VALUES (10857,@@@2013.09.14@@@,990,1,0,@@@G_DIAZ@@@)','',2,'2013-09-14'),(65416,'INSERT INTO gne_vale_ferreteria_mov (vfe_id,pro_codigo_plu,vfm_cantidad,vfm_unitario,vfm_total,vfm_entregado) VALUES (10857,54792,1,990,990,@@@NO@@@)','',2,'2013-09-14'),(65417,'INSERT INTO mae_productos (pro_codigo_plu,pro_codigo_barra,pro_tipo,pro_nombre_producto,pro_nombre_corto,med_id,emb_id,pro_unidades_embalaje,dep_id,lin_id,mar_id,pro_precio_compra_neto,pro_precio_compra_bruto,pro_precio_venta,pro_margen_actual,pro_oferta,pro_fecha_inicio_oferta,pro_fecha_termino_oferta,pro_precio_oferta,pro_stock_minimo,pro_stock_critico,pro_entradas_bodega,pro_salidas_bodega,pro_mermas_bodega,pro_ajustes_bodega,pro_entradas_sv,pro_salidas_sv,pro_mermas_sv,pro_ajustes_sv,pro_activo,rec_numero,pro_unidad,pro_capacidad,pro_consumo_bodega,pro_consumo_sv,pro_estado,pro_funcion_plu,pro_flejes,pro_iva,pro_plu_asociado,pro_envase,pro_duracion,pro_numero_etiqueta) VALUES (780721851,@@@7751851012843@@@,@@@0@@@,@@@BETUN PASTA SAPOLIO NEGRO 22 GRS@@@,@@@BETUN PASTA SAPO@@@,@@@5 @@@,@@@6 @@@,@@@12@@@,@@@2 @@@,@@@38@@@,@@@880@@@,@@@0@@@,@@@211.82@@@,@@@1@@@,@@@-99.53@@@,@@@@@@,@@@2006.09.07@@@,@@@2006.09.07@@@,@@@0@@@,@@@12@@@,@@@4@@@,@@@0@@@,@@@0@@@,@@@0@@@,@@@0@@@,@@@0@@@,@@@0@@@,@@@0@@@,@@@0@@@,@@@1@@@,@@@0@@@,0,22,0,0,2,0,1,1,0,@@@NO@@@,0,0)','',2,'2013-09-14'),(65418,'DELETE FROM mae_impuestos_productos WHERE pro_codigo_plu=@@@780721851@@@','',2,'2013-09-14'),(65419,'INSERT INTO gne_vale_ferreteria (vfe_id,vfe_fecha,vfe_total,vfe_estado,vfe_entregado,usu_nusuario) VALUES (10858,@@@2013.09.14@@@,360,1,0,@@@G_DIAZ@@@)','',2,'2013-09-14'),(65420,'INSERT INTO gne_vale_ferreteria_mov (vfe_id,pro_codigo_plu,vfm_cantidad,vfm_unitario,vfm_total,vfm_entregado) VALUES (10858,8022,3,120,360,@@@NO@@@)','',2,'2013-09-14'),(65421,'INSERT INTO gne_vale_ferreteria (vfe_id,vfe_fecha,vfe_total,vfe_estado,vfe_entregado,usu_nusuario) VALUES (10859,@@@2013.09.14@@@,160,1,0,@@@G_DIAZ@@@)','',2,'2013-09-14'),(65422,'INSERT INTO gne_vale_ferreteria_mov (vfe_id,pro_codigo_plu,vfm_cantidad,vfm_unitario,vfm_total,vfm_entregado) VALUES (10859,4080,4,40,160,@@@NO@@@)','',2,'2013-09-14'),(65423,'INSERT INTO gne_vale_ferreteria (vfe_id,vfe_fecha,vfe_total,vfe_estado,vfe_entregado,usu_nusuario) VALUES (10860,@@@2013.09.14@@@,980,1,0,@@@G_DIAZ@@@)','',2,'2013-09-14'),(65424,'INSERT INTO gne_vale_ferreteria_mov (vfe_id,pro_codigo_plu,vfm_cantidad,vfm_unitario,vfm_total,vfm_entregado) VALUES (10860,4130,2,100,200,@@@NO@@@)','',2,'2013-09-14'),(65425,'INSERT INTO gne_vale_ferreteria_mov (vfe_id,pro_codigo_plu,vfm_cantidad,vfm_unitario,vfm_total,vfm_entregado) VALUES (10860,7500,2,390,780,@@@NO@@@)','',2,'2013-09-14'),(65426,'INSERT INTO gne_vale_ferreteria (vfe_id,vfe_fecha,vfe_total,vfe_estado,vfe_entregado,usu_nusuario) VALUES (10861,@@@2013.09.14@@@,720,1,0,@@@G_DIAZ@@@)','',2,'2013-09-14'),(65427,'INSERT INTO gne_vale_ferreteria_mov (vfe_id,pro_codigo_plu,vfm_cantidad,vfm_unitario,vfm_total,vfm_entregado) VALUES (10861,8829,1,720,720,@@@NO@@@)','',2,'2013-09-14'),(65428,'INSERT INTO gne_vale_ferreteria (vfe_id,vfe_fecha,vfe_total,vfe_estado,vfe_entregado,usu_nusuario) VALUES (10862,@@@2013.09.14@@@,540,1,0,@@@G_DIAZ@@@)','',2,'2013-09-14'),(65429,'INSERT INTO gne_vale_ferreteria_mov (vfe_id,pro_codigo_plu,vfm_cantidad,vfm_unitario,vfm_total,vfm_entregado) VALUES (10862,19916,1,540,540,@@@NO@@@)','',2,'2013-09-14'),(65430,'INSERT INTO gne_vale_ferreteria (vfe_id,vfe_fecha,vfe_total,vfe_estado,vfe_entregado,usu_nusuario) VALUES (10863,@@@2013.09.14@@@,250,1,0,@@@G_DIAZ@@@)','',2,'2013-09-14'),(65431,'INSERT INTO gne_vale_ferreteria_mov (vfe_id,pro_codigo_plu,vfm_cantidad,vfm_unitario,vfm_total,vfm_entregado) VALUES (10863,4091,1,250,250,@@@NO@@@)','',2,'2013-09-14'),(65432,'INSERT INTO gne_vale_ferreteria (vfe_id,vfe_fecha,vfe_total,vfe_estado,vfe_entregado,usu_nusuario) VALUES (10864,@@@2013.09.14@@@,690,1,0,@@@G_DIAZ@@@)','',2,'2013-09-14'),(65433,'INSERT INTO gne_vale_ferreteria_mov (vfe_id,pro_codigo_plu,vfm_cantidad,vfm_unitario,vfm_total,vfm_entregado) VALUES (10864,7705007,1,690,690,@@@NO@@@)','',2,'2013-09-14'),(65434,'INSERT INTO gne_vale_ferreteria (vfe_id,vfe_fecha,vfe_total,vfe_estado,vfe_entregado,usu_nusuario) VALUES (10865,@@@2013.09.14@@@,2140,1,0,@@@G_DIAZ@@@)','',2,'2013-09-14'),(65435,'INSERT INTO gne_vale_ferreteria_mov (vfe_id,pro_codigo_plu,vfm_cantidad,vfm_unitario,vfm_total,vfm_entregado) VALUES (10865,4092,2,50,100,@@@NO@@@)','',2,'2013-09-14'),(65436,'INSERT INTO gne_vale_ferreteria_mov (vfe_id,pro_codigo_plu,vfm_cantidad,vfm_unitario,vfm_total,vfm_entregado) VALUES (10865,4088,1,150,150,@@@NO@@@)','',2,'2013-09-14'),(65437,'INSERT INTO gne_vale_ferreteria_mov (vfe_id,pro_codigo_plu,vfm_cantidad,vfm_unitario,vfm_total,vfm_entregado) VALUES (10865,763598,1,1890,1890,@@@NO@@@)','',2,'2013-09-14'),(65438,'INSERT INTO gne_vale_ferreteria (vfe_id,vfe_fecha,vfe_total,vfe_estado,vfe_entregado,usu_nusuario) VALUES (10866,@@@2013.09.14@@@,300,1,0,@@@G_DIAZ@@@)','',2,'2013-09-14'),(65439,'INSERT INTO gne_vale_ferreteria_mov (vfe_id,pro_codigo_plu,vfm_cantidad,vfm_unitario,vfm_total,vfm_entregado) VALUES (10866,14979,1,300,300,@@@NO@@@)','',2,'2013-09-14'),(65440,'INSERT INTO gne_vale_ferreteria (vfe_id,vfe_fecha,vfe_total,vfe_estado,vfe_entregado,usu_nusuario) VALUES (10867,@@@2013.09.14@@@,1030,1,0,@@@G_DIAZ@@@)','',2,'2013-09-14'),(65441,'INSERT INTO gne_vale_ferreteria_mov (vfe_id,pro_codigo_plu,vfm_cantidad,vfm_unitario,vfm_total,vfm_entregado) VALUES (10867,764016,1,450,450,@@@NO@@@)','',2,'2013-09-14'),(65442,'INSERT INTO gne_vale_ferreteria_mov (vfe_id,pro_codigo_plu,vfm_cantidad,vfm_unitario,vfm_total,vfm_entregado) VALUES (10867,1536,2,290,580,@@@NO@@@)','',2,'2013-09-14'),(65443,'INSERT INTO gne_vale_ferreteria (vfe_id,vfe_fecha,vfe_total,vfe_estado,vfe_entregado,usu_nusuario) VALUES (10868,@@@2013.09.14@@@,1280,1,0,@@@G_DIAZ@@@)','',2,'2013-09-14'),(65444,'INSERT INTO gne_vale_ferreteria_mov (vfe_id,pro_codigo_plu,vfm_cantidad,vfm_unitario,vfm_total,vfm_entregado) VALUES (10868,764746,1,890,890,@@@NO@@@)','',2,'2013-09-14'),(65445,'INSERT INTO gne_vale_ferreteria_mov (vfe_id,pro_codigo_plu,vfm_cantidad,vfm_unitario,vfm_total,vfm_entregado) VALUES (10868,7500,1,390,390,@@@NO@@@)','',2,'2013-09-14'),(65446,'INSERT INTO gne_vale_ferreteria (vfe_id,vfe_fecha,vfe_total,vfe_estado,vfe_entregado,usu_nusuario) VALUES (10869,@@@2013.09.14@@@,2150,1,0,@@@G_DIAZ@@@)','',2,'2013-09-14'),(65447,'INSERT INTO gne_vale_ferreteria_mov (vfe_id,pro_codigo_plu,vfm_cantidad,vfm_unitario,vfm_total,vfm_entregado) VALUES (10869,780721733,1,2150,2150,@@@NO@@@)','',2,'2013-09-14'),(65448,'INSERT INTO gne_vale_ferreteria (vfe_id,vfe_fecha,vfe_total,vfe_estado,vfe_entregado,usu_nusuario) VALUES (10870,@@@2013.09.14@@@,240,1,0,@@@G_DIAZ@@@)','',2,'2013-09-14'),(65449,'INSERT INTO gne_vale_ferreteria_mov (vfe_id,pro_codigo_plu,vfm_cantidad,vfm_unitario,vfm_total,vfm_entregado) VALUES (10870,764412,2,120,240,@@@NO@@@)','',2,'2013-09-14'),(65450,'INSERT INTO gne_vale_ferreteria (vfe_id,vfe_fecha,vfe_total,vfe_estado,vfe_entregado,usu_nusuario) VALUES (10871,@@@2013.09.14@@@,2690,1,0,@@@G_DIAZ@@@)','',2,'2013-09-14'),(65451,'INSERT INTO gne_vale_ferreteria_mov (vfe_id,pro_codigo_plu,vfm_cantidad,vfm_unitario,vfm_total,vfm_entregado) VALUES (10871,780721750,1,990,990,@@@NO@@@)','',2,'2013-09-14'),(65452,'INSERT INTO gne_vale_ferreteria_mov (vfe_id,pro_codigo_plu,vfm_cantidad,vfm_unitario,vfm_total,vfm_entregado) VALUES (10871,780721752,1,1100,1100,@@@NO@@@)','',2,'2013-09-14'),(65453,'INSERT INTO gne_vale_ferreteria_mov (vfe_id,pro_codigo_plu,vfm_cantidad,vfm_unitario,vfm_total,vfm_entregado) VALUES (10871,7500876,2,300,600,@@@NO@@@)','',2,'2013-09-14'),(65454,'INSERT INTO gne_vale_ferreteria (vfe_id,vfe_fecha,vfe_total,vfe_estado,vfe_entregado,usu_nusuario) VALUES (10872,@@@2013.09.14@@@,250,1,0,@@@G_DIAZ@@@)','',2,'2013-09-14'),(65455,'INSERT INTO gne_vale_ferreteria_mov (vfe_id,pro_codigo_plu,vfm_cantidad,vfm_unitario,vfm_total,vfm_entregado) VALUES (10872,780721186,1,250,250,@@@NO@@@)','',2,'2013-09-14'),(65456,'INSERT INTO gne_vale_ferreteria (vfe_id,vfe_fecha,vfe_total,vfe_estado,vfe_entregado,usu_nusuario) VALUES (10873,@@@2013.09.14@@@,210,1,0,@@@G_DIAZ@@@)','',2,'2013-09-14'),(65457,'INSERT INTO gne_vale_ferreteria_mov (vfe_id,pro_codigo_plu,vfm_cantidad,vfm_unitario,vfm_total,vfm_entregado) VALUES (10873,78017027,3,70,210,@@@NO@@@)','',2,'2013-09-14'),(65458,'INSERT INTO gne_vale_ferreteria (vfe_id,vfe_fecha,vfe_total,vfe_estado,vfe_entregado,usu_nusuario) VALUES (10874,@@@2013.09.14@@@,690,1,0,@@@G_DIAZ@@@)','',2,'2013-09-14'),(65459,'INSERT INTO gne_vale_ferreteria_mov (vfe_id,pro_codigo_plu,vfm_cantidad,vfm_unitario,vfm_total,vfm_entregado) VALUES (10874,770091,1,690,690,@@@NO@@@)','',2,'2013-09-14'),(65460,'INSERT INTO gne_vale_ferreteria (vfe_id,vfe_fecha,vfe_total,vfe_estado,vfe_entregado,usu_nusuario) VALUES (10875,@@@2013.09.14@@@,1790,1,0,@@@G_DIAZ@@@)','',2,'2013-09-14'),(65461,'INSERT INTO gne_vale_ferreteria_mov (vfe_id,pro_codigo_plu,vfm_cantidad,vfm_unitario,vfm_total,vfm_entregado) VALUES (10875,780220154,1,1790,1790,@@@NO@@@)','',2,'2013-09-14'),(65462,'INSERT INTO gne_vale_ferreteria (vfe_id,vfe_fecha,vfe_total,vfe_estado,vfe_entregado,usu_nusuario) VALUES (10876,@@@2013.09.14@@@,890,1,0,@@@G_DIAZ@@@)','',2,'2013-09-14'),(65463,'INSERT INTO gne_vale_ferreteria_mov (vfe_id,pro_codigo_plu,vfm_cantidad,vfm_unitario,vfm_total,vfm_entregado) VALUES (10876,764276,1,300,300,@@@NO@@@)','',2,'2013-09-14'),(65464,'INSERT INTO gne_vale_ferreteria_mov (vfe_id,pro_codigo_plu,vfm_cantidad,vfm_unitario,vfm_total,vfm_entregado) VALUES (10876,780721129,1,590,590,@@@NO@@@)','',2,'2013-09-14'),(65465,'INSERT INTO gne_vale_ferreteria (vfe_id,vfe_fecha,vfe_total,vfe_estado,vfe_entregado,usu_nusuario) VALUES (10877,@@@2013.09.14@@@,750,1,0,@@@G_DIAZ@@@)','',2,'2013-09-14'),(65466,'INSERT INTO gne_vale_ferreteria_mov (vfe_id,pro_codigo_plu,vfm_cantidad,vfm_unitario,vfm_total,vfm_entregado) VALUES (10877,763624,1,750,750,@@@NO@@@)','',2,'2013-09-14'),(65467,'INSERT INTO gne_vale_ferreteria (vfe_id,vfe_fecha,vfe_total,vfe_estado,vfe_entregado,usu_nusuario) VALUES (10878,@@@2013.09.14@@@,300,1,0,@@@G_DIAZ@@@)','',2,'2013-09-14'),(65468,'INSERT INTO gne_vale_ferreteria_mov (vfe_id,pro_codigo_plu,vfm_cantidad,vfm_unitario,vfm_total,vfm_entregado) VALUES (10878,78017153,10,30,300,@@@NO@@@)','',2,'2013-09-14'),(65469,'INSERT INTO gne_vale_ferreteria (vfe_id,vfe_fecha,vfe_total,vfe_estado,vfe_entregado,usu_nusuario) VALUES (10879,@@@2013.09.14@@@,750,1,0,@@@G_DIAZ@@@)','',2,'2013-09-14'),(65470,'INSERT INTO gne_vale_ferreteria_mov (vfe_id,pro_codigo_plu,vfm_cantidad,vfm_unitario,vfm_total,vfm_entregado) VALUES (10879,763624,1,750,750,@@@NO@@@)','',2,'2013-09-14'),(65471,'UPDATE mae_productos SET pro_precio_compra_bruto=960.33,pro_margen_actual=(pro_precio_venta-960.33)/960.33 * 100,pro_ultima_compra=@@@2013.09.14@@@,pro_ultimo_proveedor=@@@82623500-4@@@ WHERE pro_codigo_plu=11339','',2,'2013-09-14'),(65472,'UPDATE mae_productos SET pro_precio_compra_bruto=153.51,pro_margen_actual=(pro_precio_venta-153.51)/153.51 * 100,pro_ultima_compra=@@@2013.09.14@@@,pro_ultimo_proveedor=@@@82623500-4@@@ WHERE pro_codigo_plu=12029','',2,'2013-09-14'),(65473,'UPDATE mae_productos SET pro_precio_compra_bruto=268.94,pro_margen_actual=(pro_precio_venta-268.94)/268.94 * 100,pro_ultima_compra=@@@2013.09.14@@@,pro_ultimo_proveedor=@@@82623500-4@@@ WHERE pro_codigo_plu=78017083','',2,'2013-09-14'),(65474,'UPDATE mae_productos SET pro_precio_compra_bruto=268.94,pro_margen_actual=(pro_precio_venta-268.94)/268.94 * 100,pro_ultima_compra=@@@2013.09.14@@@,pro_ultimo_proveedor=@@@82623500-4@@@ WHERE pro_codigo_plu=13551','',2,'2013-09-14'),(65475,'UPDATE mae_productos SET pro_precio_compra_bruto=2023,pro_margen_actual=(pro_precio_venta-2023)/2023 * 100,pro_ultima_compra=@@@2013.09.14@@@,pro_ultimo_proveedor=@@@82623500-4@@@ WHERE pro_codigo_plu=780721593','',2,'2013-09-14'),(65476,'UPDATE mae_productos SET pro_precio_compra_bruto=192.78,pro_margen_actual=(pro_precio_venta-192.78)/192.78 * 100,pro_ultima_compra=@@@2013.09.14@@@,pro_ultimo_proveedor=@@@82623500-4@@@ WHERE pro_codigo_plu=78017082','',2,'2013-09-14'),(65477,'UPDATE mae_productos SET pro_precio_compra_bruto=1154.3,pro_margen_actual=(pro_precio_venta-1154.3)/1154.3 * 100,pro_ultima_compra=@@@2013.09.14@@@,pro_ultimo_proveedor=@@@82623500-4@@@ WHERE pro_codigo_plu=763530','',2,'2013-09-14'),(65478,'UPDATE mae_productos SET pro_precio_compra_bruto=925.82,pro_margen_actual=(pro_precio_venta-925.82)/925.82 * 100,pro_ultima_compra=@@@2013.09.14@@@,pro_ultimo_proveedor=@@@82623500-4@@@ WHERE pro_codigo_plu=10855','',2,'2013-09-14'),(65479,'UPDATE mae_productos SET pro_precio_venta=1250,pro_margen_actual= 35.02 WHERE pro_codigo_plu=10855','',2,'2013-09-14'),(65480,'UPDATE mae_productos SET pro_precio_fiscal=pro_precio_venta WHERE pro_codigo_plu=10855','',2,'2013-09-14'),(65481,'INSERT INTO gne_vale_ferreteria (vfe_id,vfe_fecha,vfe_total,vfe_estado,vfe_entregado,usu_nusuario) VALUES (10880,@@@2013.09.14@@@,1980,1,0,@@@G_DIAZ@@@)','',2,'2013-09-14'),(65482,'INSERT INTO gne_vale_ferreteria_mov (vfe_id,pro_codigo_plu,vfm_cantidad,vfm_unitario,vfm_total,vfm_entregado) VALUES (10880,20372,1,1190,1190,@@@NO@@@)','',2,'2013-09-14'),(65483,'INSERT INTO gne_vale_ferreteria_mov (vfe_id,pro_codigo_plu,vfm_cantidad,vfm_unitario,vfm_total,vfm_entregado) VALUES (10880,780721751,1,790,790,@@@NO@@@)','',2,'2013-09-14'),(65484,'INSERT INTO gne_vale_ferreteria (vfe_id,vfe_fecha,vfe_total,vfe_estado,vfe_entregado,usu_nusuario) VALUES (10881,@@@2013.09.14@@@,1390,1,0,@@@G_DIAZ@@@)','',2,'2013-09-14'),(65485,'INSERT INTO gne_vale_ferreteria_mov (vfe_id,pro_codigo_plu,vfm_cantidad,vfm_unitario,vfm_total,vfm_entregado) VALUES (10881,100979,1,1390,1390,@@@NO@@@)','',2,'2013-09-14'),(65486,'UPDATE mae_productos SET pro_precio_compra_bruto=211.82,pro_margen_actual=(pro_precio_venta-211.82)/211.82 * 100,pro_ultima_compra=@@@2013.09.14@@@,pro_ultimo_proveedor=@@@76041579-0@@@ WHERE pro_codigo_plu=780721851','',2,'2013-09-14'),(65487,'UPDATE mae_productos SET pro_precio_compra_bruto=180.88,pro_margen_actual=(pro_precio_venta-180.88)/180.88 * 100,pro_ultima_compra=@@@2013.09.14@@@,pro_ultimo_proveedor=@@@76041579-0@@@ WHERE pro_codigo_plu=77009','',2,'2013-09-14'),(65488,'UPDATE mae_productos SET pro_precio_compra_bruto=267.75,pro_margen_actual=(pro_precio_venta-267.75)/267.75 * 100,pro_ultima_compra=@@@2013.09.14@@@,pro_ultimo_proveedor=@@@76041579-0@@@ WHERE pro_codigo_plu=780721719','',2,'2013-09-14'),(65489,'UPDATE mae_productos SET pro_precio_compra_bruto=324.87,pro_margen_actual=(pro_precio_venta-324.87)/324.87 * 100,pro_ultima_compra=@@@2013.09.14@@@,pro_ultimo_proveedor=@@@76041579-0@@@ WHERE pro_codigo_plu=780721305','',2,'2013-09-14'),(65490,'UPDATE mae_productos SET pro_precio_compra_bruto=11.63,pro_margen_actual=(pro_precio_venta-11.63)/11.63 * 100,pro_ultima_compra=@@@2013.09.14@@@,pro_ultimo_proveedor=@@@76041579-0@@@ WHERE pro_codigo_plu=124154','',2,'2013-09-14'),(65491,'UPDATE mae_productos SET pro_precio_compra_bruto=259.42,pro_margen_actual=(pro_precio_venta-259.42)/259.42 * 100,pro_ultima_compra=@@@2013.09.14@@@,pro_ultimo_proveedor=@@@76041579-0@@@ WHERE pro_codigo_plu=10481','',2,'2013-09-14'),(65492,'UPDATE mae_productos SET pro_precio_compra_bruto=259.42,pro_margen_actual=(pro_precio_venta-259.42)/259.42 * 100,pro_ultima_compra=@@@2013.09.14@@@,pro_ultimo_proveedor=@@@76041579-0@@@ WHERE pro_codigo_plu=10482','',2,'2013-09-14'),(65493,'UPDATE mae_productos SET pro_precio_venta=290,pro_margen_actual= 36.91 WHERE pro_codigo_plu=780721851','',2,'2013-09-14'),(65494,'UPDATE mae_productos SET pro_precio_fiscal=pro_precio_venta WHERE pro_codigo_plu=780721851','',2,'2013-09-14'),(65495,'INSERT INTO gne_vale_ferreteria (vfe_id,vfe_fecha,vfe_total,vfe_estado,vfe_entregado,usu_nusuario) VALUES (10882,@@@2013.09.14@@@,990,1,0,@@@G_DIAZ@@@)','',2,'2013-09-14'),(65496,'INSERT INTO gne_vale_ferreteria_mov (vfe_id,pro_codigo_plu,vfm_cantidad,vfm_unitario,vfm_total,vfm_entregado) VALUES (10882,763963,1,990,990,@@@NO@@@)','',2,'2013-09-14'),(65497,'UPDATE mae_productos SET pro_precio_compra_bruto=478.38,pro_margen_actual=(pro_precio_venta-478.38)/478.38 * 100,pro_ultima_compra=@@@2013.09.14@@@,pro_ultimo_proveedor=@@@96565260-4@@@ WHERE pro_codigo_plu=10773','',2,'2013-09-14'),(65498,'UPDATE mae_productos SET pro_precio_compra_bruto=379.61,pro_margen_actual=(pro_precio_venta-379.61)/379.61 * 100,pro_ultima_compra=@@@2013.09.14@@@,pro_ultimo_proveedor=@@@96565260-4@@@ WHERE pro_codigo_plu=10061','',2,'2013-09-14'),(65499,'UPDATE mae_productos SET pro_precio_compra_bruto=174.78,pro_margen_actual=(pro_precio_venta-174.78)/174.78 * 100,pro_ultima_compra=@@@2013.09.14@@@,pro_ultimo_proveedor=@@@96565260-4@@@ WHERE pro_codigo_plu=763512','',2,'2013-09-14'),(65500,'UPDATE mae_productos SET pro_precio_compra_bruto=174.78,pro_margen_actual=(pro_precio_venta-174.78)/174.78 * 100,pro_ultima_compra=@@@2013.09.14@@@,pro_ultimo_proveedor=@@@96565260-4@@@ WHERE pro_codigo_plu=918830','',2,'2013-09-14'),(65501,'UPDATE mae_productos SET pro_precio_compra_bruto=950.81,pro_margen_actual=(pro_precio_venta-950.81)/950.81 * 100,pro_ultima_compra=@@@2013.09.14@@@,pro_ultimo_proveedor=@@@96565260-4@@@ WHERE pro_codigo_plu=102653','',2,'2013-09-14'),(65502,'UPDATE mae_productos SET pro_precio_compra_bruto=950.81,pro_margen_actual=(pro_precio_venta-950.81)/950.81 * 100,pro_ultima_compra=@@@2013.09.14@@@,pro_ultimo_proveedor=@@@96565260-4@@@ WHERE pro_codigo_plu=102276','',2,'2013-09-14'),(65503,'UPDATE mae_productos SET pro_precio_compra_bruto=1742.16,pro_margen_actual=(pro_precio_venta-1742.16)/1742.16 * 100,pro_ultima_compra=@@@2013.09.14@@@,pro_ultimo_proveedor=@@@96565260-4@@@ WHERE pro_codigo_plu=12286','',2,'2013-09-14'),(65504,'UPDATE mae_productos SET pro_precio_compra_bruto=478.38,pro_margen_actual=(pro_precio_venta-478.38)/478.38 * 100,pro_ultima_compra=@@@2013.09.14@@@,pro_ultimo_proveedor=@@@96565260-4@@@ WHERE pro_codigo_plu=10795','',2,'2013-09-14'),(65505,'UPDATE mae_productos SET pro_precio_compra_bruto=478.38,pro_margen_actual=(pro_precio_venta-478.38)/478.38 * 100,pro_ultima_compra=@@@2013.09.14@@@,pro_ultimo_proveedor=@@@96565260-4@@@ WHERE pro_codigo_plu=10813','',2,'2013-09-14'),(65506,'UPDATE mae_productos SET pro_precio_compra_bruto=174.78,pro_margen_actual=(pro_precio_venta-174.78)/174.78 * 100,pro_ultima_compra=@@@2013.09.14@@@,pro_ultimo_proveedor=@@@96565260-4@@@ WHERE pro_codigo_plu=763430','',2,'2013-09-14'),(65507,'UPDATE mae_productos SET pro_precio_compra_bruto=478.38,pro_margen_actual=(pro_precio_venta-478.38)/478.38 * 100,pro_ultima_compra=@@@2013.09.14@@@,pro_ultimo_proveedor=@@@96565260-4@@@ WHERE pro_codigo_plu=10790','',2,'2013-09-14'),(65508,'UPDATE mae_productos SET pro_precio_compra_bruto=968.66,pro_margen_actual=(pro_precio_venta-968.66)/968.66 * 100,pro_ultima_compra=@@@2013.09.14@@@,pro_ultimo_proveedor=@@@96565260-4@@@ WHERE pro_codigo_plu=763421','',2,'2013-09-14'),(65509,'UPDATE mae_productos SET pro_precio_venta=630,pro_margen_actual= 31.69 WHERE pro_codigo_plu=10795','',2,'2013-09-14'),(65510,'UPDATE mae_productos SET pro_precio_venta=630,pro_margen_actual= 31.69 WHERE pro_codigo_plu=10813','',2,'2013-09-14'),(65511,'UPDATE mae_productos SET pro_precio_fiscal=pro_precio_venta WHERE pro_codigo_plu=10795','',2,'2013-09-14'),(65512,'UPDATE mae_productos SET pro_precio_fiscal=pro_precio_venta WHERE pro_codigo_plu=10813','',2,'2013-09-14'),(65513,'INSERT INTO mae_productos (pro_codigo_plu,pro_codigo_barra,pro_tipo,pro_nombre_producto,pro_nombre_corto,med_id,emb_id,pro_unidades_embalaje,dep_id,lin_id,mar_id,pro_precio_compra_neto,pro_precio_compra_bruto,pro_precio_venta,pro_margen_actual,pro_oferta,pro_fecha_inicio_oferta,pro_fecha_termino_oferta,pro_precio_oferta,pro_stock_minimo,pro_stock_critico,pro_entradas_bodega,pro_salidas_bodega,pro_mermas_bodega,pro_ajustes_bodega,pro_entradas_sv,pro_salidas_sv,pro_mermas_sv,pro_ajustes_sv,pro_activo,rec_numero,pro_unidad,pro_capacidad,pro_consumo_bodega,pro_consumo_sv,pro_estado,pro_funcion_plu,pro_flejes,pro_iva,pro_plu_asociado,pro_envase,pro_duracion,pro_numero_etiqueta) VALUES (780721852,@@@7802920005232@@@,@@@0@@@,@@@CREMA COLUN 200CC SIN LACTOSA@@@,@@@CREMA COLUN 200C@@@,@@@6 @@@,@@@6 @@@,@@@18@@@,@@@1 @@@,@@@16@@@,@@@1004@@@,@@@0@@@,@@@361.09@@@,@@@1@@@,@@@-99.72@@@,@@@@@@,@@@2006.09.07@@@,@@@2006.09.07@@@,@@@0@@@,@@@18@@@,@@@4@@@,@@@0@@@,@@@0@@@,@@@0@@@,@@@0@@@,@@@0@@@,@@@0@@@,@@@0@@@,@@@0@@@,@@@1@@@,@@@0@@@,0,200,0,0,2,0,1,1,0,@@@NO@@@,0,0)','',2,'2013-09-14'),(65514,'DELETE FROM mae_impuestos_productos WHERE pro_codigo_plu=@@@780721852@@@','',2,'2013-09-14'),(65515,'INSERT INTO gne_vale_ferreteria (vfe_id,vfe_fecha,vfe_total,vfe_estado,vfe_entregado,usu_nusuario) VALUES (10883,@@@2013.09.14@@@,3490,1,0,@@@G_DIAZ@@@)','',2,'2013-09-14'),(65516,'INSERT INTO gne_vale_ferreteria_mov (vfe_id,pro_codigo_plu,vfm_cantidad,vfm_unitario,vfm_total,vfm_entregado) VALUES (10883,102117,1,3490,3490,@@@NO@@@)','',2,'2013-09-14'),(65517,'INSERT INTO gne_vale_ferreteria (vfe_id,vfe_fecha,vfe_total,vfe_estado,vfe_entregado,usu_nusuario) VALUES (10884,@@@2013.09.14@@@,520,1,0,@@@G_DIAZ@@@)','',2,'2013-09-14'),(65518,'INSERT INTO gne_vale_ferreteria_mov (vfe_id,pro_codigo_plu,vfm_cantidad,vfm_unitario,vfm_total,vfm_entregado) VALUES (10884,15929,4,130,520,@@@NO@@@)','',2,'2013-09-14'),(65519,'INSERT INTO gne_vale_ferreteria (vfe_id,vfe_fecha,vfe_total,vfe_estado,vfe_entregado,usu_nusuario) VALUES (10885,@@@2013.09.14@@@,4770,1,0,@@@G_DIAZ@@@)','',2,'2013-09-14'),(65520,'INSERT INTO gne_vale_ferreteria_mov (vfe_id,pro_codigo_plu,vfm_cantidad,vfm_unitario,vfm_total,vfm_entregado) VALUES (10885,102628,1,1990,1990,@@@NO@@@)','',2,'2013-09-14'),(65521,'INSERT INTO gne_vale_ferreteria_mov (vfe_id,pro_codigo_plu,vfm_cantidad,vfm_unitario,vfm_total,vfm_entregado) VALUES (10885,780721827,2,1390,2780,@@@NO@@@)','',2,'2013-09-14'),(65522,'INSERT INTO gne_vale_ferreteria (vfe_id,vfe_fecha,vfe_total,vfe_estado,vfe_entregado,usu_nusuario) VALUES (10886,@@@2013.09.14@@@,1390,1,0,@@@G_DIAZ@@@)','',2,'2013-09-14'),(65523,'INSERT INTO gne_vale_ferreteria_mov (vfe_id,pro_codigo_plu,vfm_cantidad,vfm_unitario,vfm_total,vfm_entregado) VALUES (10886,780721827,1,1390,1390,@@@NO@@@)','',2,'2013-09-14'),(65524,'INSERT INTO gne_vale_ferreteria (vfe_id,vfe_fecha,vfe_total,vfe_estado,vfe_entregado,usu_nusuario) VALUES (10887,@@@2013.09.14@@@,540,1,0,@@@G_DIAZ@@@)','',2,'2013-09-14'),(65525,'INSERT INTO gne_vale_ferreteria_mov (vfe_id,pro_codigo_plu,vfm_cantidad,vfm_unitario,vfm_total,vfm_entregado) VALUES (10887,15745,3,180,540,@@@NO@@@)','',2,'2013-09-14'),(65526,'INSERT INTO gne_vale_ferreteria (vfe_id,vfe_fecha,vfe_total,vfe_estado,vfe_entregado,usu_nusuario) VALUES (10888,@@@2013.09.14@@@,300,1,0,@@@G_DIAZ@@@)','',2,'2013-09-14'),(65527,'INSERT INTO gne_vale_ferreteria_mov (vfe_id,pro_codigo_plu,vfm_cantidad,vfm_unitario,vfm_total,vfm_entregado) VALUES (10888,909190,2,150,300,@@@NO@@@)','',2,'2013-09-14'),(65528,'UPDATE mae_productos SET pro_precio_compra_bruto=759.83,pro_margen_actual=(pro_precio_venta-759.83)/759.83 * 100,pro_ultima_compra=@@@2013.09.14@@@,pro_ultimo_proveedor=@@@99554560-8@@@ WHERE pro_codigo_plu=780220165','',2,'2013-09-14'),(65529,'UPDATE mae_productos SET pro_precio_compra_bruto=759.83,pro_margen_actual=(pro_precio_venta-759.83)/759.83 * 100,pro_ultima_compra=@@@2013.09.14@@@,pro_ultimo_proveedor=@@@99554560-8@@@ WHERE pro_codigo_plu=780220166','',2,'2013-09-14'),(65530,'UPDATE mae_productos SET pro_precio_compra_bruto=759.83,pro_margen_actual=(pro_precio_venta-759.83)/759.83 * 100,pro_ultima_compra=@@@2013.09.14@@@,pro_ultimo_proveedor=@@@99554560-8@@@ WHERE pro_codigo_plu=780220167','',2,'2013-09-14'),(65531,'UPDATE mae_productos SET pro_margen_actual=-99.72,pro_precio_venta=1 WHERE pro_codigo_plu=780721852','',2,'2013-09-14'),(65532,'UPDATE mae_productos SET pro_margen_actual=-99.97,pro_precio_venta=1 WHERE pro_codigo_plu=780721850','',2,'2013-09-14'),(65533,'UPDATE mae_productos SET pro_margen_actual=258900,pro_precio_venta=2590 WHERE pro_codigo_plu=780721849','',2,'2013-09-14'),(65534,'UPDATE mae_productos SET pro_precio_fiscal=pro_precio_venta WHERE pro_codigo_plu=780721849','',2,'2013-09-14'),(65535,'UPDATE mae_productos SET pro_precio_compra_bruto=1284.59,pro_margen_actual=(pro_precio_venta-1284.59)/1284.59 * 100,pro_ultima_compra=@@@2013.09.14@@@,pro_ultimo_proveedor=@@@99554560-8@@@ WHERE pro_codigo_plu=17620','',2,'2013-09-14'),(65536,'UPDATE mae_productos SET pro_precio_compra_bruto=1592.39,pro_margen_actual=(pro_precio_venta-1592.39)/1592.39 * 100,pro_ultima_compra=@@@2013.09.14@@@,pro_ultimo_proveedor=@@@99554560-8@@@ WHERE pro_codigo_plu=17649','',2,'2013-09-14'),(65537,'INSERT INTO gne_vale_ferreteria (vfe_id,vfe_fecha,vfe_total,vfe_estado,vfe_entregado,usu_nusuario) VALUES (10889,@@@2013.09.14@@@,2990,1,0,@@@G_DIAZ@@@)','',2,'2013-09-14'),(65538,'INSERT INTO gne_vale_ferreteria_mov (vfe_id,pro_codigo_plu,vfm_cantidad,vfm_unitario,vfm_total,vfm_entregado) VALUES (10889,780721433,4,100,400,@@@NO@@@)','',2,'2013-09-14'),(65539,'INSERT INTO gne_vale_ferreteria_mov (vfe_id,pro_codigo_plu,vfm_cantidad,vfm_unitario,vfm_total,vfm_entregado) VALUES (10889,780721849,1,2590,2590,@@@NO@@@)','',2,'2013-09-14'),(65540,'INSERT INTO gne_vale_ferreteria (vfe_id,vfe_fecha,vfe_total,vfe_estado,vfe_entregado,usu_nusuario) VALUES (10890,@@@2013.09.14@@@,1790,1,0,@@@G_DIAZ@@@)','',2,'2013-09-14'),(65541,'INSERT INTO gne_vale_ferreteria_mov (vfe_id,pro_codigo_plu,vfm_cantidad,vfm_unitario,vfm_total,vfm_entregado) VALUES (10890,764726,1,1790,1790,@@@NO@@@)','',2,'2013-09-14'),(65542,'UPDATE mae_productos SET pro_precio_compra_bruto=7604.5,pro_margen_actual=(pro_precio_venta-7604.5)/7604.5 * 100,pro_ultima_compra=@@@2013.09.14@@@,pro_ultimo_proveedor=@@@99554560-8@@@ WHERE pro_codigo_plu=780721829','',2,'2013-09-14'),(65543,'UPDATE mae_productos SET pro_precio_compra_bruto=1115.33,pro_margen_actual=(pro_precio_venta-1115.33)/1115.33 * 100,pro_ultima_compra=@@@2013.09.14@@@,pro_ultimo_proveedor=@@@99554560-8@@@ WHERE pro_codigo_plu=17808','',2,'2013-09-14'),(65544,'UPDATE mae_productos SET pro_precio_compra_bruto=412.5,pro_margen_actual=(pro_precio_venta-412.5)/412.5 * 100,pro_ultima_compra=@@@2013.09.14@@@,pro_ultimo_proveedor=@@@99554560-8@@@ WHERE pro_codigo_plu=17444','',2,'2013-09-14'),(65545,'UPDATE mae_productos SET pro_precio_compra_bruto=1996.35,pro_margen_actual=(pro_precio_venta-1996.35)/1996.35 * 100,pro_ultima_compra=@@@2013.09.14@@@,pro_ultimo_proveedor=@@@99554560-8@@@ WHERE pro_codigo_plu=18090','',2,'2013-09-14'),(65546,'UPDATE mae_productos SET pro_precio_compra_bruto=773.88,pro_margen_actual=(pro_precio_venta-773.88)/773.88 * 100,pro_ultima_compra=@@@2013.09.14@@@,pro_ultimo_proveedor=@@@99554560-8@@@ WHERE pro_codigo_plu=18031','',2,'2013-09-14'),(65547,'UPDATE mae_productos SET pro_precio_compra_bruto=773.93,pro_margen_actual=(pro_precio_venta-773.93)/773.93 * 100,pro_ultima_compra=@@@2013.09.14@@@,pro_ultimo_proveedor=@@@99554560-8@@@ WHERE pro_codigo_plu=18068','',2,'2013-09-14'),(65548,'UPDATE mae_productos SET pro_precio_compra_bruto=1199.39,pro_margen_actual=(pro_precio_venta-1199.39)/1199.39 * 100,pro_ultima_compra=@@@2013.09.14@@@,pro_ultimo_proveedor=@@@99554560-8@@@ WHERE pro_codigo_plu=18064','',2,'2013-09-14'),(65549,'UPDATE mae_productos SET pro_precio_compra_bruto=779.68,pro_margen_actual=(pro_precio_venta-779.68)/779.68 * 100,pro_ultima_compra=@@@2013.09.14@@@,pro_ultimo_proveedor=@@@99554560-8@@@ WHERE pro_codigo_plu=763390','',2,'2013-09-14'),(65550,'UPDATE mae_productos SET pro_precio_compra_bruto=779.68,pro_margen_actual=(pro_precio_venta-779.68)/779.68 * 100,pro_ultima_compra=@@@2013.09.14@@@,pro_ultimo_proveedor=@@@99554560-8@@@ WHERE pro_codigo_plu=780721831','',2,'2013-09-14'),(65551,'UPDATE mae_productos SET pro_precio_compra_bruto=1037.87,pro_margen_actual=(pro_precio_venta-1037.87)/1037.87 * 100,pro_ultima_compra=@@@2013.09.14@@@,pro_ultimo_proveedor=@@@99554560-8@@@ WHERE pro_codigo_plu=17812','',2,'2013-09-14'),(65552,'UPDATE mae_productos SET pro_precio_compra_bruto=823.89,pro_margen_actual=(pro_precio_venta-823.89)/823.89 * 100,pro_ultima_compra=@@@2013.09.14@@@,pro_ultimo_proveedor=@@@99554560-8@@@ WHERE pro_codigo_plu=17174','',2,'2013-09-14'),(65553,'UPDATE mae_productos SET pro_precio_compra_bruto=823.89,pro_margen_actual=(pro_precio_venta-823.89)/823.89 * 100,pro_ultima_compra=@@@2013.09.14@@@,pro_ultimo_proveedor=@@@99554560-8@@@ WHERE pro_codigo_plu=12230','',2,'2013-09-14'),(65554,'UPDATE mae_productos SET pro_precio_compra_bruto=863.02,pro_margen_actual=(pro_precio_venta-863.02)/863.02 * 100,pro_ultima_compra=@@@2013.09.14@@@,pro_ultimo_proveedor=@@@99554560-8@@@ WHERE pro_codigo_plu=763369','',2,'2013-09-14'),(65555,'UPDATE mae_productos SET pro_precio_compra_bruto=754.38,pro_margen_actual=(pro_precio_venta-754.38)/754.38 * 100,pro_ultima_compra=@@@2013.09.14@@@,pro_ultimo_proveedor=@@@99554560-8@@@ WHERE pro_codigo_plu=763367','',2,'2013-09-14'),(65556,'UPDATE mae_productos SET pro_precio_compra_bruto=863.02,pro_margen_actual=(pro_precio_venta-863.02)/863.02 * 100,pro_ultima_compra=@@@2013.09.14@@@,pro_ultimo_proveedor=@@@99554560-8@@@ WHERE pro_codigo_plu=763368','',2,'2013-09-14'),(65557,'UPDATE mae_productos SET pro_precio_compra_bruto=863.02,pro_margen_actual=(pro_precio_venta-863.02)/863.02 * 100,pro_ultima_compra=@@@2013.09.14@@@,pro_ultimo_proveedor=@@@99554560-8@@@ WHERE pro_codigo_plu=763366','',2,'2013-09-14'),(65558,'UPDATE mae_productos SET pro_precio_compra_bruto=863.02,pro_margen_actual=(pro_precio_venta-863.02)/863.02 * 100,pro_ultima_compra=@@@2013.09.14@@@,pro_ultimo_proveedor=@@@99554560-8@@@ WHERE pro_codigo_plu=763377','',2,'2013-09-14'),(65559,'INSERT INTO gne_vale_ferreteria (vfe_id,vfe_fecha,vfe_total,vfe_estado,vfe_entregado,usu_nusuario) VALUES (10891,@@@2013.09.14@@@,690,1,0,@@@G_DIAZ@@@)','',2,'2013-09-14'),(65560,'INSERT INTO gne_vale_ferreteria_mov (vfe_id,pro_codigo_plu,vfm_cantidad,vfm_unitario,vfm_total,vfm_entregado) VALUES (10891,7705007,1,690,690,@@@NO@@@)','',2,'2013-09-14'),(65561,'INSERT INTO gne_vale_ferreteria (vfe_id,vfe_fecha,vfe_total,vfe_estado,vfe_entregado,usu_nusuario) VALUES (10892,@@@2013.09.14@@@,3990,1,0,@@@G_DIAZ@@@)','',2,'2013-09-14'),(65562,'INSERT INTO gne_vale_ferreteria_mov (vfe_id,pro_codigo_plu,vfm_cantidad,vfm_unitario,vfm_total,vfm_entregado) VALUES (10892,764743,1,3990,3990,@@@NO@@@)','',2,'2013-09-14'),(65563,'INSERT INTO gne_vale_ferreteria (vfe_id,vfe_fecha,vfe_total,vfe_estado,vfe_entregado,usu_nusuario) VALUES (10893,@@@2013.09.14@@@,990,1,0,@@@G_DIAZ@@@)','',2,'2013-09-14'),(65564,'INSERT INTO gne_vale_ferreteria_mov (vfe_id,pro_codigo_plu,vfm_cantidad,vfm_unitario,vfm_total,vfm_entregado) VALUES (10893,7705006,1,990,990,@@@NO@@@)','',2,'2013-09-14'),(65565,'INSERT INTO gne_vale_ferreteria (vfe_id,vfe_fecha,vfe_total,vfe_estado,vfe_entregado,usu_nusuario) VALUES (10894,@@@2013.09.14@@@,600,1,0,@@@G_DIAZ@@@)','',2,'2013-09-14'),(65566,'INSERT INTO gne_vale_ferreteria_mov (vfe_id,pro_codigo_plu,vfm_cantidad,vfm_unitario,vfm_total,vfm_entregado) VALUES (10894,78017049,2,300,600,@@@NO@@@)','',2,'2013-09-14'),(65567,'UPDATE mae_productos SET pro_precio_venta=2100,pro_margen_actual= 31.88 WHERE pro_codigo_plu=17649','',2,'2013-09-14'),(65568,'INSERT INTO gne_vale_ferreteria (vfe_id,vfe_fecha,vfe_total,vfe_estado,vfe_entregado,usu_nusuario) VALUES (10895,@@@2013.09.14@@@,1690,1,0,@@@G_DIAZ@@@)','',2,'2013-09-14'),(65569,'INSERT INTO gne_vale_ferreteria_mov (vfe_id,pro_codigo_plu,vfm_cantidad,vfm_unitario,vfm_total,vfm_entregado) VALUES (10895,20618,1,1690,1690,@@@NO@@@)','',2,'2013-09-14'),(65570,'INSERT INTO mae_productos (pro_codigo_plu,pro_codigo_barra,pro_tipo,pro_nombre_producto,pro_nombre_corto,med_id,emb_id,pro_unidades_embalaje,dep_id,lin_id,mar_id,pro_precio_compra_neto,pro_precio_compra_bruto,pro_precio_venta,pro_margen_actual,pro_oferta,pro_fecha_inicio_oferta,pro_fecha_termino_oferta,pro_precio_oferta,pro_stock_minimo,pro_stock_critico,pro_entradas_bodega,pro_salidas_bodega,pro_mermas_bodega,pro_ajustes_bodega,pro_entradas_sv,pro_salidas_sv,pro_mermas_sv,pro_ajustes_sv,pro_activo,rec_numero,pro_unidad,pro_capacidad,pro_consumo_bodega,pro_consumo_sv,pro_estado,pro_funcion_plu,pro_flejes,pro_iva,pro_plu_asociado,pro_envase,pro_duracion,pro_numero_etiqueta) VALUES (414,@@@414@@@,@@@0@@@,@@@QUESO RANCO TROZO COLUN@@@,@@@QUESO RANCO TROZ@@@,@@@1 @@@,@@@6 @@@,@@@3@@@,@@@13 @@@,@@@81@@@,@@@1004@@@,@@@0@@@,@@@3462.23@@@,@@@1@@@,@@@-99.97@@@,@@@@@@,@@@2013.09.14@@@,@@@2013.09.14@@@,@@@0@@@,@@@7@@@,@@@2@@@,@@@0@@@,@@@0@@@,@@@0@@@,@@@0@@@,@@@0@@@,@@@0@@@,@@@0@@@,@@@0@@@,@@@1@@@,@@@0@@@,0,1,0,0,2,0,1,1,0,@@@NO@@@,0,0)','',2,'2013-09-14'),(65571,'DELETE FROM mae_impuestos_productos WHERE pro_codigo_plu=@@@414@@@','',2,'2013-09-14'),(65572,'UPDATE mae_productos SET pro_codigo_barra=@@@414@@@,pro_tipo=@@@0@@@,pro_nombre_producto=@@@QUESO RANCO TROZO COLUN@@@,pro_nombre_corto=@@@QUESO RANCO TROZ@@@,med_id=@@@1@@@,emb_id=@@@6@@@,pro_unidades_embalaje=@@@3@@@,dep_id=@@@13 @@@,lin_id=@@@81@@@,mar_id=@@@1004@@@,pro_precio_compra_neto=@@@0@@@,pro_precio_compra_bruto=@@@3462.23@@@,pro_precio_venta=@@@1@@@,pro_margen_actual=@@@-99.97@@@,pro_oferta=@@@NO@@@,pro_fecha_inicio_oferta=@@@2013.09.14@@@,pro_fecha_termino_oferta=@@@2013.09.14@@@,pro_precio_oferta=@@@0@@@,pro_stock_minimo=@@@7@@@,pro_stock_critico=@@@2@@@,pro_activo=@@@1@@@,pro_unidad=@@@1@@@,pro_precio_compra_bruto=3462.23,pro_margen_actual=-99.97,pro_capacidad=1,pro_funcion_plu=1,pro_flejes=1,pro_iva=1,pro_plu_asociado=0,pro_envase=@@@NO@@@,pro_duracion=0,pro_numero_etiqueta=1 WHERE pro_codigo_plu=@@@414@@@','',2,'2013-09-14'),(65573,'UPDATE mae_productos SET pro_estado=1 WHERE pro_codigo_plu=414','',2,'2013-09-14'),(65574,'DELETE FROM mae_impuestos_productos WHERE pro_codigo_plu=@@@414@@@','',2,'2013-09-14'),(65575,'UPDATE mae_productos SET pro_precio_venta=970,pro_margen_actual= 25.34 WHERE pro_codigo_plu=18031','',2,'2013-09-14'),(65576,'UPDATE mae_productos SET pro_precio_venta=2495,pro_margen_actual= 24.98 WHERE pro_codigo_plu=18090','',2,'2013-09-14'),(65577,'UPDATE mae_productos SET pro_precio_venta=1499,pro_margen_actual= 24.98 WHERE pro_codigo_plu=18064','',2,'2013-09-14'),(65578,'UPDATE mae_productos SET pro_precio_venta=970,pro_margen_actual= 25.33 WHERE pro_codigo_plu=18068','',2,'2013-09-14'),(65579,'INSERT INTO gne_vale_ferreteria (vfe_id,vfe_fecha,vfe_total,vfe_estado,vfe_entregado,usu_nusuario) VALUES (10896,@@@2013.09.14@@@,350,1,0,@@@G_DIAZ@@@)','',2,'2013-09-14'),(65580,'INSERT INTO gne_vale_ferreteria_mov (vfe_id,pro_codigo_plu,vfm_cantidad,vfm_unitario,vfm_total,vfm_entregado) VALUES (10896,19150,1,350,350,@@@NO@@@)','',2,'2013-09-14'),(65581,'INSERT INTO gne_vale_ferreteria (vfe_id,vfe_fecha,vfe_total,vfe_estado,vfe_entregado,usu_nusuario) VALUES (10897,@@@2013.09.14@@@,5990,1,0,@@@G_DIAZ@@@)','',2,'2013-09-14'),(65582,'INSERT INTO gne_vale_ferreteria_mov (vfe_id,pro_codigo_plu,vfm_cantidad,vfm_unitario,vfm_total,vfm_entregado) VALUES (10897,780721441,1,5990,5990,@@@NO@@@)','',2,'2013-09-14'),(65583,'UPDATE mae_productos SET pro_precio_venta=600,pro_margen_actual= 45.45 WHERE pro_codigo_plu=17444','',2,'2013-09-14'),(65584,'UPDATE mae_productos SET pro_precio_venta=1450,pro_margen_actual= 30.01 WHERE pro_codigo_plu=17808','',2,'2013-09-14'),(65585,'UPDATE mae_productos SET pro_precio_venta=9890,pro_margen_actual= 30.05 WHERE pro_codigo_plu=780721829','',2,'2013-09-14'),(65586,'UPDATE mae_productos SET pro_precio_venta=990,pro_margen_actual= 30.29 WHERE pro_codigo_plu=780220165','',2,'2013-09-14'),(65587,'INSERT INTO gne_vale_ferreteria (vfe_id,vfe_fecha,vfe_total,vfe_estado,vfe_entregado,usu_nusuario) VALUES (10898,@@@2013.09.14@@@,1550,1,0,@@@G_DIAZ@@@)','',2,'2013-09-14'),(65588,'INSERT INTO gne_vale_ferreteria_mov (vfe_id,pro_codigo_plu,vfm_cantidad,vfm_unitario,vfm_total,vfm_entregado) VALUES (10898,780721668,1,650,650,@@@NO@@@)','',2,'2013-09-14'),(65589,'INSERT INTO gne_vale_ferreteria_mov (vfe_id,pro_codigo_plu,vfm_cantidad,vfm_unitario,vfm_total,vfm_entregado) VALUES (10898,764539,2,450,900,@@@NO@@@)','',2,'2013-09-14'),(65590,'INSERT INTO gne_vale_ferreteria (vfe_id,vfe_fecha,vfe_total,vfe_estado,vfe_entregado,usu_nusuario) VALUES (10899,@@@2013.09.14@@@,450,1,0,@@@G_DIAZ@@@)','',2,'2013-09-14'),(65591,'INSERT INTO gne_vale_ferreteria_mov (vfe_id,pro_codigo_plu,vfm_cantidad,vfm_unitario,vfm_total,vfm_entregado) VALUES (10899,764539,1,450,450,@@@NO@@@)','',2,'2013-09-14'),(65592,'INSERT INTO gne_vale_ferreteria (vfe_id,vfe_fecha,vfe_total,vfe_estado,vfe_entregado,usu_nusuario) VALUES (10900,@@@2013.09.14@@@,990,1,0,@@@G_DIAZ@@@)','',2,'2013-09-14'),(65593,'INSERT INTO gne_vale_ferreteria_mov (vfe_id,pro_codigo_plu,vfm_cantidad,vfm_unitario,vfm_total,vfm_entregado) VALUES (10900,7705006,1,990,990,@@@NO@@@)','',2,'2013-09-14'),(65594,'UPDATE mae_productos SET pro_precio_venta=3100,pro_margen_actual= 31.63 WHERE pro_codigo_plu=17613','',2,'2013-09-14'),(65595,'UPDATE mae_productos SET pro_precio_venta=1195,pro_margen_actual= 30.51 WHERE pro_codigo_plu=17829','',2,'2013-09-14'),(65596,'UPDATE mae_productos SET pro_precio_venta=1195,pro_margen_actual= 30.51 WHERE pro_codigo_plu=17831','',2,'2013-09-14'),(65597,'UPDATE mae_productos SET pro_precio_venta=2290,pro_margen_actual= 35.23 WHERE pro_codigo_plu=17812','',2,'2013-09-14'),(65598,'UPDATE mae_productos SET pro_precio_venta=2290,pro_margen_actual= 35.23 WHERE pro_codigo_plu=17809','',2,'2013-09-14'),(65599,'UPDATE mae_productos SET pro_precio_fiscal=pro_precio_venta WHERE pro_codigo_plu=18031','',2,'2013-09-14'),(65600,'UPDATE mae_productos SET pro_precio_fiscal=pro_precio_venta WHERE pro_codigo_plu=18090','',2,'2013-09-14'),(65601,'UPDATE mae_productos SET pro_precio_fiscal=pro_precio_venta WHERE pro_codigo_plu=780220165','',2,'2013-09-14'),(65602,'UPDATE mae_productos SET pro_precio_fiscal=pro_precio_venta WHERE pro_codigo_plu=17444','',2,'2013-09-14'),(65603,'UPDATE mae_productos SET pro_precio_fiscal=pro_precio_venta WHERE pro_codigo_plu=18068','',2,'2013-09-14'),(65604,'UPDATE mae_productos SET pro_precio_fiscal=pro_precio_venta WHERE pro_codigo_plu=17649','',2,'2013-09-14'),(65605,'UPDATE mae_productos SET pro_precio_fiscal=pro_precio_venta WHERE pro_codigo_plu=17808','',2,'2013-09-14'),(65606,'UPDATE mae_productos SET pro_precio_fiscal=pro_precio_venta WHERE pro_codigo_plu=17812','',2,'2013-09-14'),(65607,'UPDATE mae_productos SET pro_precio_fiscal=pro_precio_venta WHERE pro_codigo_plu=17809','',2,'2013-09-14'),(65608,'UPDATE mae_productos SET pro_precio_fiscal=pro_precio_venta WHERE pro_codigo_plu=780721829','',2,'2013-09-14'),(65609,'UPDATE mae_productos SET pro_precio_fiscal=pro_precio_venta WHERE pro_codigo_plu=17829','',2,'2013-09-14'),(65610,'UPDATE mae_productos SET pro_precio_fiscal=pro_precio_venta WHERE pro_codigo_plu=17831','',2,'2013-09-14'),(65611,'UPDATE mae_productos SET pro_precio_fiscal=pro_precio_venta WHERE pro_codigo_plu=18064','',2,'2013-09-14'),(65612,'UPDATE mae_productos SET pro_precio_fiscal=pro_precio_venta WHERE pro_codigo_plu=17613','',2,'2013-09-14'),(65613,'UPDATE mae_productos SET pro_precio_compra_bruto=171.06,pro_margen_actual=(pro_precio_venta-171.06)/171.06 * 100,pro_ultima_compra=@@@2013.09.14@@@,pro_ultimo_proveedor=@@@81094100-6@@@ WHERE pro_codigo_plu=764563','',2,'2013-09-14'),(65614,'UPDATE mae_productos SET pro_precio_compra_bruto=461.95,pro_margen_actual=(pro_precio_venta-461.95)/461.95 * 100,pro_ultima_compra=@@@2013.09.14@@@,pro_ultimo_proveedor=@@@81094100-6@@@ WHERE pro_codigo_plu=12493','',2,'2013-09-14'),(65615,'UPDATE mae_productos SET pro_precio_compra_bruto=822.09,pro_margen_actual=(pro_precio_venta-822.09)/822.09 * 100,pro_ultima_compra=@@@2013.09.14@@@,pro_ultimo_proveedor=@@@81094100-6@@@ WHERE pro_codigo_plu=10421','',2,'2013-09-14'),(65616,'UPDATE mae_productos SET pro_precio_compra_bruto=361.09,pro_margen_actual=(pro_precio_venta-361.09)/361.09 * 100,pro_ultima_compra=@@@2013.09.14@@@,pro_ultimo_proveedor=@@@81094100-6@@@ WHERE pro_codigo_plu=780721852','',2,'2013-09-14'),(65617,'UPDATE mae_productos SET pro_precio_compra_bruto=134.9,pro_margen_actual=(pro_precio_venta-134.9)/134.9 * 100,pro_ultima_compra=@@@2013.09.14@@@,pro_ultimo_proveedor=@@@81094100-6@@@ WHERE pro_codigo_plu=18268','',2,'2013-09-14'),(65618,'UPDATE mae_productos SET pro_precio_compra_bruto=134.9,pro_margen_actual=(pro_precio_venta-134.9)/134.9 * 100,pro_ultima_compra=@@@2013.09.14@@@,pro_ultimo_proveedor=@@@81094100-6@@@ WHERE pro_codigo_plu=18266','',2,'2013-09-14'),(65619,'UPDATE mae_productos SET pro_precio_compra_bruto=134.9,pro_margen_actual=(pro_precio_venta-134.9)/134.9 * 100,pro_ultima_compra=@@@2013.09.14@@@,pro_ultimo_proveedor=@@@81094100-6@@@ WHERE pro_codigo_plu=101340','',2,'2013-09-14'),(65620,'UPDATE mae_productos SET pro_precio_compra_bruto=134.9,pro_margen_actual=(pro_precio_venta-134.9)/134.9 * 100,pro_ultima_compra=@@@2013.09.14@@@,pro_ultimo_proveedor=@@@81094100-6@@@ WHERE pro_codigo_plu=762649','',2,'2013-09-14'),(65621,'UPDATE mae_productos SET pro_precio_compra_bruto=149.94,pro_margen_actual=(pro_precio_venta-149.94)/149.94 * 100,pro_ultima_compra=@@@2013.09.14@@@,pro_ultimo_proveedor=@@@81094100-6@@@ WHERE pro_codigo_plu=763625','',2,'2013-09-14'),(65622,'UPDATE mae_productos SET pro_precio_compra_bruto=149.94,pro_margen_actual=(pro_precio_venta-149.94)/149.94 * 100,pro_ultima_compra=@@@2013.09.14@@@,pro_ultimo_proveedor=@@@81094100-6@@@ WHERE pro_codigo_plu=764562','',2,'2013-09-14'),(65623,'UPDATE mae_productos SET pro_precio_compra_bruto=129.71,pro_margen_actual=(pro_precio_venta-129.71)/129.71 * 100,pro_ultima_compra=@@@2013.09.14@@@,pro_ultimo_proveedor=@@@81094100-6@@@ WHERE pro_codigo_plu=102537','',2,'2013-09-14'),(65624,'UPDATE mae_productos SET pro_precio_compra_bruto=129.71,pro_margen_actual=(pro_precio_venta-129.71)/129.71 * 100,pro_ultima_compra=@@@2013.09.14@@@,pro_ultimo_proveedor=@@@81094100-6@@@ WHERE pro_codigo_plu=102536','',2,'2013-09-14'),(65625,'UPDATE mae_productos SET pro_precio_compra_bruto=932.365,pro_margen_actual=(pro_precio_venta-932.365)/932.365 * 100,pro_ultima_compra=@@@2013.09.14@@@,pro_ultimo_proveedor=@@@81094100-6@@@ WHERE pro_codigo_plu=764561','',2,'2013-09-14'),(65626,'UPDATE mae_productos SET pro_precio_compra_bruto=178.5,pro_margen_actual=(pro_precio_venta-178.5)/178.5 * 100,pro_ultima_compra=@@@2013.09.14@@@,pro_ultimo_proveedor=@@@81094100-6@@@ WHERE pro_codigo_plu=780721360','',2,'2013-09-14'),(65627,'UPDATE mae_productos SET pro_precio_compra_bruto=809.2,pro_margen_actual=(pro_precio_venta-809.2)/809.2 * 100,pro_ultima_compra=@@@2013.09.14@@@,pro_ultimo_proveedor=@@@81094100-6@@@ WHERE pro_codigo_plu=16640','',2,'2013-09-14'),(65628,'UPDATE mae_productos SET pro_precio_compra_bruto=809.2,pro_margen_actual=(pro_precio_venta-809.2)/809.2 * 100,pro_ultima_compra=@@@2013.09.14@@@,pro_ultimo_proveedor=@@@81094100-6@@@ WHERE pro_codigo_plu=16641','',2,'2013-09-14'),(65629,'UPDATE mae_productos SET pro_precio_compra_bruto=220.94,pro_margen_actual=(pro_precio_venta-220.94)/220.94 * 100,pro_ultima_compra=@@@2013.09.14@@@,pro_ultimo_proveedor=@@@81094100-6@@@ WHERE pro_codigo_plu=16790','',2,'2013-09-14'),(65630,'UPDATE mae_productos SET pro_precio_compra_bruto=220.94,pro_margen_actual=(pro_precio_venta-220.94)/220.94 * 100,pro_ultima_compra=@@@2013.09.14@@@,pro_ultimo_proveedor=@@@81094100-6@@@ WHERE pro_codigo_plu=16815','',2,'2013-09-14'),(65631,'UPDATE mae_productos SET pro_precio_compra_bruto=525.14,pro_margen_actual=(pro_precio_venta-525.14)/525.14 * 100,pro_ultima_compra=@@@2013.09.14@@@,pro_ultimo_proveedor=@@@81094100-6@@@ WHERE pro_codigo_plu=18668','',2,'2013-09-14'),(65632,'UPDATE mae_productos SET pro_precio_compra_bruto=525.2,pro_margen_actual=(pro_precio_venta-525.2)/525.2 * 100,pro_ultima_compra=@@@2013.09.14@@@,pro_ultimo_proveedor=@@@81094100-6@@@ WHERE pro_codigo_plu=18679','',2,'2013-09-14'),(65633,'UPDATE mae_productos SET pro_precio_compra_bruto=4268.24,pro_margen_actual=(pro_precio_venta-4268.24)/4268.24 * 100,pro_ultima_compra=@@@2013.09.14@@@,pro_ultimo_proveedor=@@@81094100-6@@@ WHERE pro_codigo_plu=400','',2,'2013-09-14'),(65634,'UPDATE mae_productos SET pro_precio_compra_bruto=3387.86,pro_margen_actual=(pro_precio_venta-3387.86)/3387.86 * 100,pro_ultima_compra=@@@2013.09.14@@@,pro_ultimo_proveedor=@@@81094100-6@@@ WHERE pro_codigo_plu=414','',2,'2013-09-14'),(65635,'INSERT INTO gne_vale_ferreteria (vfe_id,vfe_fecha,vfe_total,vfe_estado,vfe_entregado,usu_nusuario) VALUES (10901,@@@2013.09.14@@@,2890,1,0,@@@G_DIAZ@@@)','',2,'2013-09-14'),(65636,'INSERT INTO gne_vale_ferreteria_mov (vfe_id,pro_codigo_plu,vfm_cantidad,vfm_unitario,vfm_total,vfm_entregado) VALUES (10901,15646,1,2890,2890,@@@NO@@@)','',2,'2013-09-14'),(65637,'UPDATE mae_productos SET pro_precio_venta=5490,pro_margen_actual= 62.05 WHERE pro_codigo_plu=414','',2,'2013-09-14'),(65638,'UPDATE mae_productos SET pro_precio_venta=299,pro_margen_actual= 35.33 WHERE pro_codigo_plu=16790','',2,'2013-09-14'),(65639,'UPDATE mae_productos SET pro_precio_venta=499,pro_margen_actual= 38.19 WHERE pro_codigo_plu=780721852','',2,'2013-09-14'),(65640,'INSERT INTO gne_vale_ferreteria (vfe_id,vfe_fecha,vfe_total,vfe_estado,vfe_entregado,usu_nusuario) VALUES (10902,@@@2013.09.14@@@,250,1,0,@@@G_DIAZ@@@)','',2,'2013-09-14'),(65641,'INSERT INTO gne_vale_ferreteria_mov (vfe_id,pro_codigo_plu,vfm_cantidad,vfm_unitario,vfm_total,vfm_entregado) VALUES (10902,780721186,1,250,250,@@@NO@@@)','',2,'2013-09-14'),(65642,'INSERT INTO gne_vale_ferreteria (vfe_id,vfe_fecha,vfe_total,vfe_estado,vfe_entregado,usu_nusuario) VALUES (10903,@@@2013.09.14@@@,180,1,0,@@@G_DIAZ@@@)','',2,'2013-09-14'),(65643,'INSERT INTO gne_vale_ferreteria_mov (vfe_id,pro_codigo_plu,vfm_cantidad,vfm_unitario,vfm_total,vfm_entregado) VALUES (10903,78017026,2,90,180,@@@NO@@@)','',2,'2013-09-14'),(65644,'UPDATE mae_productos SET pro_margen_actual=38.19,pro_precio_venta=499 WHERE pro_codigo_plu=780721852','',2,'2013-09-14'),(65645,'UPDATE mae_productos SET pro_margen_actual=35.33,pro_precio_venta=299 WHERE pro_codigo_plu=16790','',2,'2013-09-14'),(65646,'UPDATE mae_productos SET pro_margen_actual=62.05,pro_precio_venta=5490 WHERE pro_codigo_plu=414','',2,'2013-09-14'),(65647,'UPDATE mae_productos SET pro_precio_fiscal=pro_precio_venta WHERE pro_codigo_plu=414','',2,'2013-09-14'),(65648,'UPDATE mae_productos SET pro_precio_fiscal=pro_precio_venta WHERE pro_codigo_plu=16790','',2,'2013-09-14'),(65649,'UPDATE mae_productos SET pro_precio_fiscal=pro_precio_venta WHERE pro_codigo_plu=780721852','',2,'2013-09-14'),(65650,'INSERT INTO gne_vale_ferreteria (vfe_id,vfe_fecha,vfe_total,vfe_estado,vfe_entregado,usu_nusuario) VALUES (10904,@@@2013.09.14@@@,1660,1,0,@@@G_DIAZ@@@)','',2,'2013-09-14'),(65651,'INSERT INTO gne_vale_ferreteria_mov (vfe_id,pro_codigo_plu,vfm_cantidad,vfm_unitario,vfm_total,vfm_entregado) VALUES (10904,78017112,4,120,480,@@@NO@@@)','',2,'2013-09-14'),(65652,'INSERT INTO gne_vale_ferreteria_mov (vfe_id,pro_codigo_plu,vfm_cantidad,vfm_unitario,vfm_total,vfm_entregado) VALUES (10904,262241,2,590,1180,@@@NO@@@)','',2,'2013-09-14'),(65653,'INSERT INTO gne_vale_ferreteria (vfe_id,vfe_fecha,vfe_total,vfe_estado,vfe_entregado,usu_nusuario) VALUES (10905,@@@2013.09.14@@@,690,1,0,@@@G_DIAZ@@@)','',2,'2013-09-14'),(65654,'INSERT INTO gne_vale_ferreteria_mov (vfe_id,pro_codigo_plu,vfm_cantidad,vfm_unitario,vfm_total,vfm_entregado) VALUES (10905,7705007,1,690,690,@@@NO@@@)','',2,'2013-09-14'),(65655,'INSERT INTO gne_vale_ferreteria (vfe_id,vfe_fecha,vfe_total,vfe_estado,vfe_entregado,usu_nusuario) VALUES (10906,@@@2013.09.14@@@,480,1,0,@@@G_DIAZ@@@)','',2,'2013-09-14'),(65656,'INSERT INTO gne_vale_ferreteria_mov (vfe_id,pro_codigo_plu,vfm_cantidad,vfm_unitario,vfm_total,vfm_entregado) VALUES (10906,15935,1,480,480,@@@NO@@@)','',2,'2013-09-14'),(65657,'INSERT INTO gne_vale_ferreteria (vfe_id,vfe_fecha,vfe_total,vfe_estado,vfe_entregado,usu_nusuario) VALUES (10907,@@@2013.09.14@@@,3190,1,0,@@@G_DIAZ@@@)','',2,'2013-09-14'),(65658,'INSERT INTO gne_vale_ferreteria_mov (vfe_id,pro_codigo_plu,vfm_cantidad,vfm_unitario,vfm_total,vfm_entregado) VALUES (10907,780721450,1,3190,3190,@@@NO@@@)','',2,'2013-09-14'),(65659,'UPDATE mae_productos SET pro_precio_compra_bruto=3332.07,pro_margen_actual=(pro_precio_venta-3332.07)/3332.07 * 100,pro_ultima_compra=@@@2013.09.14@@@,pro_ultimo_proveedor=@@@80186300-0@@@ WHERE pro_codigo_plu=312','',2,'2013-09-14'),(65660,'UPDATE mae_productos SET pro_precio_compra_bruto=3450.98,pro_margen_actual=(pro_precio_venta-3450.98)/3450.98 * 100,pro_ultima_compra=@@@2013.09.14@@@,pro_ultimo_proveedor=@@@80186300-0@@@ WHERE pro_codigo_plu=313','',2,'2013-09-14'),(65661,'UPDATE mae_productos SET pro_precio_compra_bruto=4141.16,pro_margen_actual=(pro_precio_venta-4141.16)/4141.16 * 100,pro_ultima_compra=@@@2013.09.14@@@,pro_ultimo_proveedor=@@@80186300-0@@@ WHERE pro_codigo_plu=304','',2,'2013-09-14'),(65662,'UPDATE mae_productos SET pro_precio_compra_bruto=2142,pro_margen_actual=(pro_precio_venta-2142)/2142 * 100,pro_ultima_compra=@@@2013.09.14@@@,pro_ultimo_proveedor=@@@80186300-0@@@ WHERE pro_codigo_plu=323','',2,'2013-09-14'),(65663,'UPDATE mae_productos SET pro_precio_compra_bruto=2380,pro_margen_actual=(pro_precio_venta-2380)/2380 * 100,pro_ultima_compra=@@@2013.09.14@@@,pro_ultimo_proveedor=@@@80186300-0@@@ WHERE pro_codigo_plu=335','',2,'2013-09-14'),(65664,'UPDATE mae_productos SET pro_precio_compra_bruto=4641.14,pro_margen_actual=(pro_precio_venta-4641.14)/4641.14 * 100,pro_ultima_compra=@@@2013.09.14@@@,pro_ultimo_proveedor=@@@80186300-0@@@ WHERE pro_codigo_plu=332','',2,'2013-09-14'),(65665,'UPDATE mae_productos SET pro_precio_compra_bruto=4771.74,pro_margen_actual=(pro_precio_venta-4771.74)/4771.74 * 100,pro_ultima_compra=@@@2013.09.14@@@,pro_ultimo_proveedor=@@@80186300-0@@@ WHERE pro_codigo_plu=329','',2,'2013-09-14'),(65666,'UPDATE mae_productos SET pro_precio_compra_bruto=2201.49,pro_margen_actual=(pro_precio_venta-2201.49)/2201.49 * 100,pro_ultima_compra=@@@2013.09.14@@@,pro_ultimo_proveedor=@@@80186300-0@@@ WHERE pro_codigo_plu=347','',2,'2013-09-14'),(65667,'UPDATE mae_productos SET pro_precio_compra_bruto=1309.16,pro_margen_actual=(pro_precio_venta-1309.16)/1309.16 * 100,pro_ultima_compra=@@@2013.09.14@@@,pro_ultimo_proveedor=@@@80186300-0@@@ WHERE pro_codigo_plu=350','',2,'2013-09-14'),(65668,'UPDATE mae_productos SET pro_precio_compra_bruto=191.88,pro_margen_actual=(pro_precio_venta-191.88)/191.88 * 100,pro_ultima_compra=@@@2013.09.14@@@,pro_ultimo_proveedor=@@@80186300-0@@@ WHERE pro_codigo_plu=262530','',2,'2013-09-14'),(65669,'UPDATE mae_productos SET pro_precio_compra_bruto=191.88,pro_margen_actual=(pro_precio_venta-191.88)/191.88 * 100,pro_ultima_compra=@@@2013.09.14@@@,pro_ultimo_proveedor=@@@80186300-0@@@ WHERE pro_codigo_plu=262531','',2,'2013-09-14'),(65670,'UPDATE mae_productos SET pro_precio_compra_bruto=191.88,pro_margen_actual=(pro_precio_venta-191.88)/191.88 * 100,pro_ultima_compra=@@@2013.09.14@@@,pro_ultimo_proveedor=@@@80186300-0@@@ WHERE pro_codigo_plu=762638','',2,'2013-09-14'),(65671,'UPDATE mae_productos SET pro_precio_compra_bruto=386.75,pro_margen_actual=(pro_precio_venta-386.75)/386.75 * 100,pro_ultima_compra=@@@2013.09.14@@@,pro_ultimo_proveedor=@@@80186300-0@@@ WHERE pro_codigo_plu=262521','',2,'2013-09-14'),(65672,'UPDATE mae_productos SET pro_precio_compra_bruto=386.75,pro_margen_actual=(pro_precio_venta-386.75)/386.75 * 100,pro_ultima_compra=@@@2013.09.14@@@,pro_ultimo_proveedor=@@@80186300-0@@@ WHERE pro_codigo_plu=262524','',2,'2013-09-14'),(65673,'INSERT INTO gne_vale_ferreteria (vfe_id,vfe_fecha,vfe_total,vfe_estado,vfe_entregado,usu_nusuario) VALUES (10908,@@@2013.09.14@@@,980,1,0,@@@G_DIAZ@@@)','',2,'2013-09-14'),(65674,'INSERT INTO gne_vale_ferreteria_mov (vfe_id,pro_codigo_plu,vfm_cantidad,vfm_unitario,vfm_total,vfm_entregado) VALUES (10908,764397,2,490,980,@@@NO@@@)','',2,'2013-09-14'),(65675,'INSERT INTO gne_vale_ferreteria (vfe_id,vfe_fecha,vfe_total,vfe_estado,vfe_entregado,usu_nusuario) VALUES (10909,@@@2013.09.14@@@,50,1,0,@@@G_DIAZ@@@)','',2,'2013-09-14'),(65676,'INSERT INTO gne_vale_ferreteria_mov (vfe_id,pro_codigo_plu,vfm_cantidad,vfm_unitario,vfm_total,vfm_entregado) VALUES (10909,780220123,1,50,50,@@@NO@@@)','',2,'2013-09-14'),(65677,'INSERT INTO gne_vale_ferreteria (vfe_id,vfe_fecha,vfe_total,vfe_estado,vfe_entregado,usu_nusuario) VALUES (10910,@@@2013.09.14@@@,720,1,0,@@@G_DIAZ@@@)','',2,'2013-09-14'),(65678,'INSERT INTO gne_vale_ferreteria_mov (vfe_id,pro_codigo_plu,vfm_cantidad,vfm_unitario,vfm_total,vfm_entregado) VALUES (10910,8829,1,720,720,@@@NO@@@)','',2,'2013-09-14'),(65679,'INSERT INTO gne_vale_ferreteria (vfe_id,vfe_fecha,vfe_total,vfe_estado,vfe_entregado,usu_nusuario) VALUES (10911,@@@2013.09.14@@@,3340,1,0,@@@G_DIAZ@@@)','',2,'2013-09-14'),(65680,'INSERT INTO gne_vale_ferreteria_mov (vfe_id,pro_codigo_plu,vfm_cantidad,vfm_unitario,vfm_total,vfm_entregado) VALUES (10911,262263,1,2390,2390,@@@NO@@@)','',2,'2013-09-14'),(65681,'INSERT INTO gne_vale_ferreteria_mov (vfe_id,pro_codigo_plu,vfm_cantidad,vfm_unitario,vfm_total,vfm_entregado) VALUES (10911,14106,1,950,950,@@@NO@@@)','',2,'2013-09-14'),(65682,'INSERT INTO gne_vale_ferreteria (vfe_id,vfe_fecha,vfe_total,vfe_estado,vfe_entregado,usu_nusuario) VALUES (10912,@@@2013.09.14@@@,2500,1,0,@@@G_DIAZ@@@)','',2,'2013-09-14'),(65683,'INSERT INTO gne_vale_ferreteria_mov (vfe_id,pro_codigo_plu,vfm_cantidad,vfm_unitario,vfm_total,vfm_entregado) VALUES (10912,780721763,5,500,2500,@@@NO@@@)','',2,'2013-09-14'),(65684,'INSERT INTO gne_vale_ferreteria (vfe_id,vfe_fecha,vfe_total,vfe_estado,vfe_entregado,usu_nusuario) VALUES (10913,@@@2013.09.14@@@,690,1,0,@@@G_DIAZ@@@)','',2,'2013-09-14'),(65685,'INSERT INTO gne_vale_ferreteria_mov (vfe_id,pro_codigo_plu,vfm_cantidad,vfm_unitario,vfm_total,vfm_entregado) VALUES (10913,7705005,1,690,690,@@@NO@@@)','',2,'2013-09-14'),(65686,'INSERT INTO gne_vale_ferreteria (vfe_id,vfe_fecha,vfe_total,vfe_estado,vfe_entregado,usu_nusuario) VALUES (10914,@@@2013.09.14@@@,6780,1,0,@@@G_DIAZ@@@)','',2,'2013-09-14'),(65687,'INSERT INTO gne_vale_ferreteria_mov (vfe_id,pro_codigo_plu,vfm_cantidad,vfm_unitario,vfm_total,vfm_entregado) VALUES (10914,7500898,1,3590,3590,@@@NO@@@)','',2,'2013-09-14'),(65688,'INSERT INTO gne_vale_ferreteria_mov (vfe_id,pro_codigo_plu,vfm_cantidad,vfm_unitario,vfm_total,vfm_entregado) VALUES (10914,7500889,1,3190,3190,@@@NO@@@)','',2,'2013-09-14'),(65689,'INSERT INTO gne_vale_ferreteria (vfe_id,vfe_fecha,vfe_total,vfe_estado,vfe_entregado,usu_nusuario) VALUES (10915,@@@2013.09.14@@@,2500,1,0,@@@G_DIAZ@@@)','',2,'2013-09-14'),(65690,'INSERT INTO gne_vale_ferreteria_mov (vfe_id,pro_codigo_plu,vfm_cantidad,vfm_unitario,vfm_total,vfm_entregado) VALUES (10915,780721763,5,500,2500,@@@NO@@@)','',2,'2013-09-14'),(65691,'INSERT INTO gne_vale_ferreteria (vfe_id,vfe_fecha,vfe_total,vfe_estado,vfe_entregado,usu_nusuario) VALUES (10916,@@@2013.09.14@@@,390,1,0,@@@G_DIAZ@@@)','',2,'2013-09-14'),(65692,'INSERT INTO gne_vale_ferreteria_mov (vfe_id,pro_codigo_plu,vfm_cantidad,vfm_unitario,vfm_total,vfm_entregado) VALUES (10916,15967,3,130,390,@@@NO@@@)','',2,'2013-09-14'),(65693,'INSERT INTO gne_vale_ferreteria (vfe_id,vfe_fecha,vfe_total,vfe_estado,vfe_entregado,usu_nusuario) VALUES (10917,@@@2013.09.14@@@,1890,1,0,@@@G_DIAZ@@@)','',2,'2013-09-14'),(65694,'INSERT INTO gne_vale_ferreteria_mov (vfe_id,pro_codigo_plu,vfm_cantidad,vfm_unitario,vfm_total,vfm_entregado) VALUES (10917,101678,1,1890,1890,@@@NO@@@)','',2,'2013-09-14'),(65695,'UPDATE mae_productos SET pro_precio_compra_bruto=781.78,pro_margen_actual=(pro_precio_venta-781.78)/781.78 * 100,pro_ultima_compra=@@@2013.09.14@@@,pro_ultimo_proveedor=@@@84348700-9@@@ WHERE pro_codigo_plu=13092','',2,'2013-09-14'),(65696,'UPDATE mae_productos SET pro_precio_compra_bruto=791.7,pro_margen_actual=(pro_precio_venta-791.7)/791.7 * 100,pro_ultima_compra=@@@2013.09.14@@@,pro_ultimo_proveedor=@@@84348700-9@@@ WHERE pro_codigo_plu=20177','',2,'2013-09-14'),(65697,'UPDATE mae_productos SET pro_precio_compra_bruto=791.7,pro_margen_actual=(pro_precio_venta-791.7)/791.7 * 100,pro_ultima_compra=@@@2013.09.14@@@,pro_ultimo_proveedor=@@@84348700-9@@@ WHERE pro_codigo_plu=20180','',2,'2013-09-14'),(65698,'UPDATE mae_productos SET pro_precio_compra_bruto=791.7,pro_margen_actual=(pro_precio_venta-791.7)/791.7 * 100,pro_ultima_compra=@@@2013.09.14@@@,pro_ultimo_proveedor=@@@84348700-9@@@ WHERE pro_codigo_plu=20183','',2,'2013-09-14'),(65699,'UPDATE mae_productos SET pro_precio_compra_bruto=791.74,pro_margen_actual=(pro_precio_venta-791.74)/791.74 * 100,pro_ultima_compra=@@@2013.09.14@@@,pro_ultimo_proveedor=@@@84348700-9@@@ WHERE pro_codigo_plu=20181','',2,'2013-09-14'),(65700,'UPDATE mae_productos SET pro_precio_compra_bruto=298.98,pro_margen_actual=(pro_precio_venta-298.98)/298.98 * 100,pro_ultima_compra=@@@2013.09.14@@@,pro_ultimo_proveedor=@@@84348700-9@@@ WHERE pro_codigo_plu=14601','',2,'2013-09-14'),(65701,'UPDATE mae_productos SET pro_precio_compra_bruto=582.2,pro_margen_actual=(pro_precio_venta-582.2)/582.2 * 100,pro_ultima_compra=@@@2013.09.14@@@,pro_ultimo_proveedor=@@@84348700-9@@@ WHERE pro_codigo_plu=10287','',2,'2013-09-14'),(65702,'UPDATE mae_productos SET pro_precio_compra_bruto=3677.1,pro_margen_actual=(pro_precio_venta-3677.1)/3677.1 * 100,pro_ultima_compra=@@@2013.09.14@@@,pro_ultimo_proveedor=@@@84348700-9@@@ WHERE pro_codigo_plu=780721850','',2,'2013-09-14'),(65703,'UPDATE mae_productos SET pro_precio_compra_bruto=781.78,pro_margen_actual=(pro_precio_venta-781.78)/781.78 * 100,pro_ultima_compra=@@@2013.09.14@@@,pro_ultimo_proveedor=@@@84348700-9@@@ WHERE pro_codigo_plu=13093','',2,'2013-09-14'),(65704,'UPDATE mae_productos SET pro_precio_compra_bruto=833.39,pro_margen_actual=(pro_precio_venta-833.39)/833.39 * 100,pro_ultima_compra=@@@2013.09.14@@@,pro_ultimo_proveedor=@@@84348700-9@@@ WHERE pro_codigo_plu=4448','',2,'2013-09-14'),(65705,'UPDATE mae_productos SET pro_precio_compra_bruto=228.99,pro_margen_actual=(pro_precio_venta-228.99)/228.99 * 100,pro_ultima_compra=@@@2013.09.14@@@,pro_ultimo_proveedor=@@@84348700-9@@@ WHERE pro_codigo_plu=14573','',2,'2013-09-14'),(65706,'UPDATE mae_productos SET pro_precio_compra_bruto=214.69,pro_margen_actual=(pro_precio_venta-214.69)/214.69 * 100,pro_ultima_compra=@@@2013.09.14@@@,pro_ultimo_proveedor=@@@84348700-9@@@ WHERE pro_codigo_plu=1522','',2,'2013-09-14'),(65707,'UPDATE mae_productos SET pro_precio_compra_bruto=219,pro_margen_actual=(pro_precio_venta-219)/219 * 100,pro_ultima_compra=@@@2013.09.14@@@,pro_ultimo_proveedor=@@@84348700-9@@@ WHERE pro_codigo_plu=10283','',2,'2013-09-14'),(65708,'UPDATE mae_productos SET pro_precio_compra_bruto=791.74,pro_margen_actual=(pro_precio_venta-791.74)/791.74 * 100,pro_ultima_compra=@@@2013.09.14@@@,pro_ultimo_proveedor=@@@84348700-9@@@ WHERE pro_codigo_plu=20182','',2,'2013-09-14'),(65709,'UPDATE mae_productos SET pro_precio_compra_bruto=833.39,pro_margen_actual=(pro_precio_venta-833.39)/833.39 * 100,pro_ultima_compra=@@@2013.09.14@@@,pro_ultimo_proveedor=@@@84348700-9@@@ WHERE pro_codigo_plu=20373','',2,'2013-09-14'),(65710,'INSERT INTO gne_vale_ferreteria (vfe_id,vfe_fecha,vfe_total,vfe_estado,vfe_entregado,usu_nusuario) VALUES (10918,@@@2013.09.14@@@,990,1,0,@@@G_DIAZ@@@)','',2,'2013-09-14'),(65711,'INSERT INTO gne_vale_ferreteria_mov (vfe_id,pro_codigo_plu,vfm_cantidad,vfm_unitario,vfm_total,vfm_entregado) VALUES (10918,7705006,1,990,990,@@@NO@@@)','',2,'2013-09-14'),(65712,'INSERT INTO gne_vale_ferreteria (vfe_id,vfe_fecha,vfe_total,vfe_estado,vfe_entregado,usu_nusuario) VALUES (10919,@@@2013.09.14@@@,1790,1,0,@@@G_DIAZ@@@)','',2,'2013-09-14'),(65713,'INSERT INTO gne_vale_ferreteria_mov (vfe_id,pro_codigo_plu,vfm_cantidad,vfm_unitario,vfm_total,vfm_entregado) VALUES (10919,101563,1,1790,1790,@@@NO@@@)','',2,'2013-09-14'),(65714,'INSERT INTO gne_vale_ferreteria (vfe_id,vfe_fecha,vfe_total,vfe_estado,vfe_entregado,usu_nusuario) VALUES (10920,@@@2013.09.14@@@,300,1,0,@@@G_DIAZ@@@)','',2,'2013-09-14'),(65715,'INSERT INTO gne_vale_ferreteria_mov (vfe_id,pro_codigo_plu,vfm_cantidad,vfm_unitario,vfm_total,vfm_entregado) VALUES (10920,764848,1,300,300,@@@NO@@@)','',2,'2013-09-14'),(65716,'INSERT INTO gne_vale_ferreteria (vfe_id,vfe_fecha,vfe_total,vfe_estado,vfe_entregado,usu_nusuario) VALUES (10921,@@@2013.09.14@@@,150,1,0,@@@G_DIAZ@@@)','',2,'2013-09-14'),(65717,'INSERT INTO gne_vale_ferreteria_mov (vfe_id,pro_codigo_plu,vfm_cantidad,vfm_unitario,vfm_total,vfm_entregado) VALUES (10921,909190,1,150,150,@@@NO@@@)','',2,'2013-09-14'),(65718,'UPDATE mae_productos SET pro_precio_venta=290,pro_margen_actual= 32.42 WHERE pro_codigo_plu=10283','',2,'2013-09-14'),(65719,'UPDATE mae_productos SET pro_precio_venta=760,pro_margen_actual= 30.54 WHERE pro_codigo_plu=10287','',2,'2013-09-14'),(65720,'UPDATE mae_productos SET pro_precio_venta=280,pro_margen_actual= 30.42 WHERE pro_codigo_plu=1522','',2,'2013-09-14'),(65721,'UPDATE mae_productos SET pro_precio_venta=4780,pro_margen_actual= 29.99 WHERE pro_codigo_plu=780721850','',2,'2013-09-14'),(65722,'UPDATE mae_productos SET pro_precio_venta=990,pro_margen_actual= 26.63 WHERE pro_codigo_plu=13093','',2,'2013-09-14'),(65723,'INSERT INTO gne_vale_ferreteria (vfe_id,vfe_fecha,vfe_total,vfe_estado,vfe_entregado,usu_nusuario) VALUES (10922,@@@2013.09.14@@@,200,1,0,@@@G_DIAZ@@@)','',2,'2013-09-14'),(65724,'INSERT INTO gne_vale_ferreteria_mov (vfe_id,pro_codigo_plu,vfm_cantidad,vfm_unitario,vfm_total,vfm_entregado) VALUES (10922,770058,1,200,200,@@@NO@@@)','',2,'2013-09-14'),(65725,'UPDATE mae_productos SET pro_precio_fiscal=pro_precio_venta WHERE pro_codigo_plu=10283','',2,'2013-09-14'),(65726,'UPDATE mae_productos SET pro_precio_fiscal=pro_precio_venta WHERE pro_codigo_plu=10287','',2,'2013-09-14'),(65727,'UPDATE mae_productos SET pro_precio_fiscal=pro_precio_venta WHERE pro_codigo_plu=1522','',2,'2013-09-14'),(65728,'UPDATE mae_productos SET pro_precio_fiscal=pro_precio_venta WHERE pro_codigo_plu=780721850','',2,'2013-09-14'),(65729,'UPDATE mae_productos SET pro_precio_fiscal=pro_precio_venta WHERE pro_codigo_plu=13093','',2,'2013-09-14'),(65730,'INSERT INTO mae_productos (pro_codigo_plu,pro_codigo_barra,pro_tipo,pro_nombre_producto,pro_nombre_corto,med_id,emb_id,pro_unidades_embalaje,dep_id,lin_id,mar_id,pro_precio_compra_neto,pro_precio_compra_bruto,pro_precio_venta,pro_margen_actual,pro_oferta,pro_fecha_inicio_oferta,pro_fecha_termino_oferta,pro_precio_oferta,pro_stock_minimo,pro_stock_critico,pro_entradas_bodega,pro_salidas_bodega,pro_mermas_bodega,pro_ajustes_bodega,pro_entradas_sv,pro_salidas_sv,pro_mermas_sv,pro_ajustes_sv,pro_activo,rec_numero,pro_unidad,pro_capacidad,pro_consumo_bodega,pro_consumo_sv,pro_estado,pro_funcion_plu,pro_flejes,pro_iva,pro_plu_asociado,pro_envase,pro_duracion,pro_numero_etiqueta) VALUES (780721853,@@@7803101002538@@@,@@@0@@@,@@@LEVADURA GOLONDRINA 500 GRS@@@,@@@LEVADURA GOLONDR@@@,@@@5 @@@,@@@3 @@@,@@@1@@@,@@@1 @@@,@@@23@@@,@@@721@@@,@@@0@@@,@@@911.54@@@,@@@1@@@,@@@-99.89@@@,@@@@@@,@@@2006.09.07@@@,@@@2006.09.07@@@,@@@0@@@,@@@10@@@,@@@4@@@,@@@0@@@,@@@0@@@,@@@0@@@,@@@0@@@,@@@0@@@,@@@0@@@,@@@0@@@,@@@0@@@,@@@1@@@,@@@0@@@,0,500,0,0,2,0,1,1,0,@@@NO@@@,0,0)','',2,'2013-09-14'),(65731,'DELETE FROM mae_impuestos_productos WHERE pro_codigo_plu=@@@780721853@@@','',2,'2013-09-14'),(65732,'INSERT INTO gne_vale_ferreteria (vfe_id,vfe_fecha,vfe_total,vfe_estado,vfe_entregado,usu_nusuario) VALUES (10923,@@@2013.09.14@@@,520,1,0,@@@G_DIAZ@@@)','',2,'2013-09-14'),(65733,'INSERT INTO gne_vale_ferreteria_mov (vfe_id,pro_codigo_plu,vfm_cantidad,vfm_unitario,vfm_total,vfm_entregado) VALUES (10923,15967,4,130,520,@@@NO@@@)','',2,'2013-09-14'),(65734,'INSERT INTO mae_productos (pro_codigo_plu,pro_codigo_barra,pro_tipo,pro_nombre_producto,pro_nombre_corto,med_id,emb_id,pro_unidades_embalaje,dep_id,lin_id,mar_id,pro_precio_compra_neto,pro_precio_compra_bruto,pro_precio_venta,pro_margen_actual,pro_oferta,pro_fecha_inicio_oferta,pro_fecha_termino_oferta,pro_precio_oferta,pro_stock_minimo,pro_stock_critico,pro_entradas_bodega,pro_salidas_bodega,pro_mermas_bodega,pro_ajustes_bodega,pro_entradas_sv,pro_salidas_sv,pro_mermas_sv,pro_ajustes_sv,pro_activo,rec_numero,pro_unidad,pro_capacidad,pro_consumo_bodega,pro_consumo_sv,pro_estado,pro_funcion_plu,pro_flejes,pro_iva,pro_plu_asociado,pro_envase,pro_duracion,pro_numero_etiqueta) VALUES (780721854,@@@7802810002006@@@,@@@0@@@,@@@MANTECA CRUCINA VACUNO 1 KG@@@,@@@MANTECA CRUCINA @@@,@@@2 @@@,@@@6 @@@,@@@10@@@,@@@1 @@@,@@@20@@@,@@@1937@@@,@@@0@@@,@@@1408.96@@@,@@@1@@@,@@@-99.93@@@,@@@@@@,@@@2006.09.07@@@,@@@2006.09.07@@@,@@@0@@@,@@@10@@@,@@@4@@@,@@@0@@@,@@@0@@@,@@@0@@@,@@@0@@@,@@@0@@@,@@@0@@@,@@@0@@@,@@@0@@@,@@@1@@@,@@@0@@@,0,1,0,0,2,0,1,1,0,@@@NO@@@,0,0)','',2,'2013-09-14'),(65735,'DELETE FROM mae_impuestos_productos WHERE pro_codigo_plu=@@@780721854@@@','',2,'2013-09-14'),(65736,'INSERT INTO gne_vale_ferreteria (vfe_id,vfe_fecha,vfe_total,vfe_estado,vfe_entregado,usu_nusuario) VALUES (10924,@@@2013.09.14@@@,720,1,0,@@@G_DIAZ@@@)','',2,'2013-09-14'),(65737,'INSERT INTO gne_vale_ferreteria_mov (vfe_id,pro_codigo_plu,vfm_cantidad,vfm_unitario,vfm_total,vfm_entregado) VALUES (10924,763933,1,720,720,@@@NO@@@)','',2,'2013-09-14'),(65738,'INSERT INTO gne_vale_ferreteria (vfe_id,vfe_fecha,vfe_total,vfe_estado,vfe_entregado,usu_nusuario) VALUES (10925,@@@2013.09.14@@@,4760,1,0,@@@G_DIAZ@@@)','',2,'2013-09-14'),(65739,'INSERT INTO gne_vale_ferreteria_mov (vfe_id,pro_codigo_plu,vfm_cantidad,vfm_unitario,vfm_total,vfm_entregado) VALUES (10925,1553,1,790,790,@@@NO@@@)','',2,'2013-09-14'),(65740,'INSERT INTO gne_vale_ferreteria_mov (vfe_id,pro_codigo_plu,vfm_cantidad,vfm_unitario,vfm_total,vfm_entregado) VALUES (10925,101817,1,2990,2990,@@@NO@@@)','',2,'2013-09-14'),(65741,'INSERT INTO gne_vale_ferreteria_mov (vfe_id,pro_codigo_plu,vfm_cantidad,vfm_unitario,vfm_total,vfm_entregado) VALUES (10925,1538,2,490,980,@@@NO@@@)','',2,'2013-09-14'),(65742,'INSERT INTO gne_vale_ferreteria (vfe_id,vfe_fecha,vfe_total,vfe_estado,vfe_entregado,usu_nusuario) VALUES (10926,@@@2013.09.14@@@,930,1,0,@@@G_DIAZ@@@)','',2,'2013-09-14'),(65743,'INSERT INTO gne_vale_ferreteria_mov (vfe_id,pro_codigo_plu,vfm_cantidad,vfm_unitario,vfm_total,vfm_entregado) VALUES (10926,7500,2,390,780,@@@NO@@@)','',2,'2013-09-14'),(65744,'INSERT INTO gne_vale_ferreteria_mov (vfe_id,pro_codigo_plu,vfm_cantidad,vfm_unitario,vfm_total,vfm_entregado) VALUES (10926,7500886,1,150,150,@@@NO@@@)','',2,'2013-09-14'),(65745,'INSERT INTO gne_vale_ferreteria (vfe_id,vfe_fecha,vfe_total,vfe_estado,vfe_entregado,usu_nusuario) VALUES (10927,@@@2013.09.14@@@,150,1,0,@@@G_DIAZ@@@)','',2,'2013-09-14'),(65746,'INSERT INTO gne_vale_ferreteria_mov (vfe_id,pro_codigo_plu,vfm_cantidad,vfm_unitario,vfm_total,vfm_entregado) VALUES (10927,4129,3,50,150,@@@NO@@@)','',2,'2013-09-14'),(65747,'UPDATE gpr_pack_virtual SET pav_nombre=@@@PACK HAMBURGUESAS DE POLLO 10 UND X $990@@@,pav_total_pack=990,pav_total_descuento=310,pav_desde=@@@2013-05-22@@@,pav_hasta=@@@2013-10-31@@@,pav_tipo=@@@PR@@@,pav_precio=0,pav_lleva=0,pav_paga=0,pav_descuento=0,pav_porcentaje=0,pav_oferta_exclusiva=@@@NO@@@,pav_agotar_stock=@@@SI@@@,pav_stock=300,pav_costo=0,pav_margen=0 WHERE pav_id=9','',2,'2013-09-14'),(65748,'DELETE FROM gpr_pack_virtual_mov WHERE pav_id=9','',2,'2013-09-14'),(65749,'DELETE FROM gpr_pack_virtual_horario WHERE pav_id=9','',2,'2013-09-14'),(65750,'INSERT INTO gpr_pack_virtual_mov (pav_id,pro_codigo_plu,pvm_precio,pvm_total,pvm_lleva,pvm_paga,pvm_descuento,pvm_porcentaje,pvm_total_normal,pvm_descuento_linea,pvm_costo,pvm_margen) VALUES (9,19719,130,990,10,5,5,68,1300,310,0,0)','',2,'2013-09-14'),(65751,'INSERT INTO gpr_pack_virtual_horario (pav_id,pvh_dia,pvh_hora_desde,pvh_hora_hasta) VALUES (9,99,@@@00:00@@@,@@@23:59@@@)','',2,'2013-09-14'),(65752,'UPDATE mae_productos SET pro_margen_actual=-99.89,pro_precio_venta=1 WHERE pro_codigo_plu=780721853','',2,'2013-09-14'),(65753,'UPDATE mae_productos SET pro_margen_actual=-99.93,pro_precio_venta=1 WHERE pro_codigo_plu=780721854','',2,'2013-09-14'),(65754,'UPDATE mae_productos SET pro_margen_actual=68900,pro_precio_venta=690 WHERE pro_codigo_plu=780721796','',2,'2013-09-14'),(65755,'INSERT INTO gne_vale_ferreteria (vfe_id,vfe_fecha,vfe_total,vfe_estado,vfe_entregado,usu_nusuario) VALUES (10928,@@@2013.09.14@@@,1490,1,0,@@@G_DIAZ@@@)','',2,'2013-09-14'),(65756,'INSERT INTO gne_vale_ferreteria_mov (vfe_id,pro_codigo_plu,vfm_cantidad,vfm_unitario,vfm_total,vfm_entregado) VALUES (10928,7705008,1,1490,1490,@@@NO@@@)','',2,'2013-09-14'),(65757,'UPDATE mae_productos SET pro_precio_fiscal=pro_precio_venta WHERE pro_codigo_plu=780721796','',2,'2013-09-14'),(65758,'INSERT INTO gne_vale_ferreteria (vfe_id,vfe_fecha,vfe_total,vfe_estado,vfe_entregado,usu_nusuario) VALUES (10929,@@@2013.09.14@@@,300,1,0,@@@G_DIAZ@@@)','',2,'2013-09-14'),(65759,'INSERT INTO gne_vale_ferreteria_mov (vfe_id,pro_codigo_plu,vfm_cantidad,vfm_unitario,vfm_total,vfm_entregado) VALUES (10929,78017049,1,300,300,@@@NO@@@)','',2,'2013-09-14'),(65760,'INSERT INTO gne_vale_ferreteria (vfe_id,vfe_fecha,vfe_total,vfe_estado,vfe_entregado,usu_nusuario) VALUES (10930,@@@2013.09.14@@@,650,1,0,@@@G_DIAZ@@@)','',2,'2013-09-14'),(65761,'INSERT INTO gne_vale_ferreteria_mov (vfe_id,pro_codigo_plu,vfm_cantidad,vfm_unitario,vfm_total,vfm_entregado) VALUES (10930,102168,1,650,650,@@@NO@@@)','',2,'2013-09-14'),(65762,'UPDATE gpr_pack_virtual SET pav_nombre=@@@YOGURTH NESTLE FRUTILLA+ VAINILLA+DAMASCO+PIÑ@@@,pav_total_pack=999,pav_total_descuento=201,pav_desde=@@@2013-07-09@@@,pav_hasta=@@@2013-10-31@@@,pav_tipo=@@@PA@@@,pav_precio=150,pav_lleva=8,pav_paga=6.65,pav_descuento=1.35,pav_porcentaje=1,pav_oferta_exclusiva=@@@NO@@@,pav_agotar_stock=@@@SI@@@,pav_stock=400,pav_costo=795.84,pav_margen=25.53 WHERE pav_id=25','',2,'2013-09-14'),(65763,'DELETE FROM gpr_pack_virtual_mov WHERE pav_id=25','',2,'2013-09-14'),(65764,'DELETE FROM gpr_pack_virtual_horario WHERE pav_id=25','',2,'2013-09-14'),(65765,'INSERT INTO gpr_pack_virtual_mov (pav_id,pro_codigo_plu,pvm_precio,pvm_total,pvm_lleva,pvm_paga,pvm_descuento,pvm_porcentaje,pvm_total_normal,pvm_descuento_linea,pvm_costo,pvm_margen) VALUES (25,16593,150,0,1,1,0,0,150,25.125,99.48,25.53),(25,16606,150,0,1,1,0,0,150,25.125,99.48,25.53),(25,16588,150,0,1,1,0,0,150,25.125,99.48,25.53),(25,16605,150,0,1,1,0,0,150,25.125,99.48,25.53)','',2,'2013-09-14'),(65766,'INSERT INTO gpr_pack_virtual_horario (pav_id,pvh_dia,pvh_hora_desde,pvh_hora_hasta) VALUES (25,99,@@@00:00@@@,@@@23:59@@@)','',2,'2013-09-14'),(65767,'UPDATE mae_productos SET pro_precio_compra_bruto=1098.37,pro_margen_actual=(pro_precio_venta-1098.37)/1098.37 * 100,pro_ultima_compra=@@@2013.09.14@@@,pro_ultimo_proveedor=@@@96618540-6@@@ WHERE pro_codigo_plu=101549','',2,'2013-09-14'),(65768,'UPDATE mae_productos SET pro_precio_compra_bruto=911.54,pro_margen_actual=(pro_precio_venta-911.54)/911.54 * 100,pro_ultima_compra=@@@2013.09.14@@@,pro_ultimo_proveedor=@@@96618540-6@@@ WHERE pro_codigo_plu=780721853','',2,'2013-09-14'),(65769,'UPDATE mae_productos SET pro_precio_compra_bruto=1408.96,pro_margen_actual=(pro_precio_venta-1408.96)/1408.96 * 100,pro_ultima_compra=@@@2013.09.14@@@,pro_ultimo_proveedor=@@@96618540-6@@@ WHERE pro_codigo_plu=780721854','',2,'2013-09-14'),(65770,'UPDATE gpr_pack_virtual SET pav_nombre=@@@PACK HAMBURGUEZAS SUPER POLLO + SUPER CERDO 1@@@,pav_total_pack=990,pav_total_descuento=410,pav_desde=@@@2013-07-12@@@,pav_hasta=@@@2013-10-31@@@,pav_tipo=@@@PR@@@,pav_precio=0,pav_lleva=0,pav_paga=0,pav_descuento=0,pav_porcentaje=0,pav_oferta_exclusiva=@@@NO@@@,pav_agotar_stock=@@@SI@@@,pav_stock=300,pav_costo=374.85,pav_margen=164.11 WHERE pav_id=30','',2,'2013-09-14'),(65771,'DELETE FROM gpr_pack_virtual_mov WHERE pav_id=30','',2,'2013-09-14'),(65772,'DELETE FROM gpr_pack_virtual_horario WHERE pav_id=30','',2,'2013-09-14'),(65773,'INSERT INTO gpr_pack_virtual_mov (pav_id,pro_codigo_plu,pvm_precio,pvm_total,pvm_lleva,pvm_paga,pvm_descuento,pvm_porcentaje,pvm_total_normal,pvm_descuento_linea,pvm_costo,pvm_margen) VALUES (30,19748,150,496,5,3.29,1.71,1,750,254,0,0),(30,19719,130,494,5,3.79,1.21,1,650,156,74.97,31.79)','',2,'2013-09-14'),(65774,'INSERT INTO gpr_pack_virtual_horario (pav_id,pvh_dia,pvh_hora_desde,pvh_hora_hasta) VALUES (30,99,@@@00:00@@@,@@@23:59@@@)','',2,'2013-09-14'),(65775,'UPDATE gpr_pack_virtual SET pav_nombre=@@@PACK PISCO MISTRAL 35° + COCA ZERO 1,5 LT@@@,pav_total_pack=4799,pav_total_descuento=200,pav_desde=@@@2013-07-15@@@,pav_hasta=@@@2013-09-30@@@,pav_tipo=@@@PR@@@,pav_precio=0,pav_lleva=0,pav_paga=0,pav_descuento=0,pav_porcentaje=0,pav_oferta_exclusiva=@@@NO@@@,pav_agotar_stock=@@@SI@@@,pav_stock=50,pav_costo=3821.34,pav_margen=25.58 WHERE pav_id=35','',2,'2013-09-14'),(65776,'DELETE FROM gpr_pack_virtual_mov WHERE pav_id=35','',2,'2013-09-14'),(65777,'DELETE FROM gpr_pack_virtual_horario WHERE pav_id=35','',2,'2013-09-14'),(65778,'INSERT INTO gpr_pack_virtual_mov (pav_id,pro_codigo_plu,pvm_precio,pvm_total,pvm_lleva,pvm_paga,pvm_descuento,pvm_porcentaje,pvm_total_normal,pvm_descuento_linea,pvm_costo,pvm_margen) VALUES (35,17641,3999,3999,1,1,0,0,3999,0,3083.62,29.69),(35,17414,1000,800,1,0.7999,0.2001,1,1000,200,737.72,8.44)','',2,'2013-09-14'),(65779,'INSERT INTO gpr_pack_virtual_horario (pav_id,pvh_dia,pvh_hora_desde,pvh_hora_hasta) VALUES (35,99,@@@00:00@@@,@@@23:59@@@)','',2,'2013-09-14'),(65780,'UPDATE gpr_pack_virtual SET pav_nombre=@@@PACK VIENESAS SUPER POLLO 20 UND 2 X $2790@@@,pav_total_pack=2790,pav_total_descuento=390,pav_desde=@@@2013-07-08@@@,pav_hasta=@@@2013-09-30@@@,pav_tipo=@@@PR@@@,pav_precio=0,pav_lleva=0,pav_paga=0,pav_descuento=0,pav_porcentaje=0,pav_oferta_exclusiva=@@@NO@@@,pav_agotar_stock=@@@SI@@@,pav_stock=60,pav_costo=2380,pav_margen=17.23 WHERE pav_id=22','',2,'2013-09-14'),(65781,'DELETE FROM gpr_pack_virtual_mov WHERE pav_id=22','',2,'2013-09-14'),(65782,'DELETE FROM gpr_pack_virtual_horario WHERE pav_id=22','',2,'2013-09-14'),(65783,'INSERT INTO gpr_pack_virtual_mov (pav_id,pro_codigo_plu,pvm_precio,pvm_total,pvm_lleva,pvm_paga,pvm_descuento,pvm_porcentaje,pvm_total_normal,pvm_descuento_linea,pvm_costo,pvm_margen) VALUES (22,18557,1590,2790,2,1.7547,0.2453,0,3180,390,1190,17.23)','',2,'2013-09-14'),(65784,'INSERT INTO gpr_pack_virtual_horario (pav_id,pvh_dia,pvh_hora_desde,pvh_hora_hasta) VALUES (22,99,@@@00:00@@@,@@@23:59@@@)','',2,'2013-09-14'),(65785,'UPDATE mae_productos SET pro_precio_venta=1840,pro_margen_actual= 30.59 WHERE pro_codigo_plu=780721854','',2,'2013-09-14'),(65786,'UPDATE mae_productos SET pro_precio_venta=1490,pro_margen_actual= 63.46 WHERE pro_codigo_plu=780721853','',2,'2013-09-14'),(65787,'UPDATE mae_productos SET pro_precio_venta=1490,pro_margen_actual= 35.66 WHERE pro_codigo_plu=101549','',2,'2013-09-14'),(65788,'UPDATE mae_productos SET pro_precio_fiscal=pro_precio_venta WHERE pro_codigo_plu=780721854','',2,'2013-09-14'),(65789,'UPDATE mae_productos SET pro_precio_fiscal=pro_precio_venta WHERE pro_codigo_plu=780721853','',2,'2013-09-14'),(65790,'UPDATE mae_productos SET pro_precio_fiscal=pro_precio_venta WHERE pro_codigo_plu=101549','',2,'2013-09-14'),(65791,'INSERT INTO gne_vale_ferreteria (vfe_id,vfe_fecha,vfe_total,vfe_estado,vfe_entregado,usu_nusuario) VALUES (10931,@@@2013.09.14@@@,2400,1,0,@@@G_DIAZ@@@)','',2,'2013-09-14'),(65792,'INSERT INTO gne_vale_ferreteria_mov (vfe_id,pro_codigo_plu,vfm_cantidad,vfm_unitario,vfm_total,vfm_entregado) VALUES (10931,4096,5,250,1250,@@@NO@@@)','',2,'2013-09-14'),(65793,'INSERT INTO gne_vale_ferreteria_mov (vfe_id,pro_codigo_plu,vfm_cantidad,vfm_unitario,vfm_total,vfm_entregado) VALUES (10931,2004,1,300,300,@@@NO@@@)','',2,'2013-09-14'),(65794,'INSERT INTO gne_vale_ferreteria_mov (vfe_id,pro_codigo_plu,vfm_cantidad,vfm_unitario,vfm_total,vfm_entregado) VALUES (10931,78049,1,850,850,@@@NO@@@)','',2,'2013-09-14'),(65795,'UPDATE gpr_pack_virtual SET pav_nombre=@@@PACK PASTA DIENTES 99G 2 X $ 1.390@@@,pav_total_pack=1390,pav_total_descuento=510,pav_desde=@@@2013-07-23@@@,pav_hasta=@@@2013-10-31@@@,pav_tipo=@@@PA@@@,pav_precio=950,pav_lleva=2,pav_paga=1.45,pav_descuento=0.55,pav_porcentaje=24,pav_oferta_exclusiva=@@@NO@@@,pav_agotar_stock=@@@SI@@@,pav_stock=60,pav_costo=916,pav_margen=51.75 WHERE pav_id=48','',2,'2013-09-14'),(65796,'DELETE FROM gpr_pack_virtual_mov WHERE pav_id=48','',2,'2013-09-14'),(65797,'DELETE FROM gpr_pack_virtual_horario WHERE pav_id=48','',2,'2013-09-14'),(65798,'INSERT INTO gpr_pack_virtual_mov (pav_id,pro_codigo_plu,pvm_precio,pvm_total,pvm_lleva,pvm_paga,pvm_descuento,pvm_porcentaje,pvm_total_normal,pvm_descuento_linea,pvm_costo,pvm_margen) VALUES (48,14106,950,0,1,1,0,0,950,255,458,51.75)','',2,'2013-09-14'),(65799,'INSERT INTO gpr_pack_virtual_horario (pav_id,pvh_dia,pvh_hora_desde,pvh_hora_hasta) VALUES (48,99,@@@00:00@@@,@@@23:59@@@)','',2,'2013-09-14'),(65800,'UPDATE mae_productos SET pro_precio_compra_bruto=873.81,pro_margen_actual=(pro_precio_venta-873.81)/873.81 * 100,pro_ultima_compra=@@@2013.09.14@@@,pro_ultimo_proveedor=@@@99554560-8@@@ WHERE pro_codigo_plu=763369','',2,'2013-09-14'),(65801,'UPDATE mae_productos SET pro_precio_compra_bruto=873.81,pro_margen_actual=(pro_precio_venta-873.81)/873.81 * 100,pro_ultima_compra=@@@2013.09.14@@@,pro_ultimo_proveedor=@@@99554560-8@@@ WHERE pro_codigo_plu=763377','',2,'2013-09-14'),(65802,'UPDATE mae_productos SET pro_precio_compra_bruto=873.81,pro_margen_actual=(pro_precio_venta-873.81)/873.81 * 100,pro_ultima_compra=@@@2013.09.14@@@,pro_ultimo_proveedor=@@@99554560-8@@@ WHERE pro_codigo_plu=763368','',2,'2013-09-14'),(65803,'UPDATE mae_productos SET pro_precio_compra_bruto=873.81,pro_margen_actual=(pro_precio_venta-873.81)/873.81 * 100,pro_ultima_compra=@@@2013.09.14@@@,pro_ultimo_proveedor=@@@99554560-8@@@ WHERE pro_codigo_plu=763366','',2,'2013-09-14'),(65804,'UPDATE mae_productos SET pro_precio_compra_bruto=777.8,pro_margen_actual=(pro_precio_venta-777.8)/777.8 * 100,pro_ultima_compra=@@@2013.09.14@@@,pro_ultimo_proveedor=@@@99554560-8@@@ WHERE pro_codigo_plu=18074','',2,'2013-09-14'),(65805,'INSERT INTO gne_vale_ferreteria (vfe_id,vfe_fecha,vfe_total,vfe_estado,vfe_entregado,usu_nusuario) VALUES (10932,@@@2013.09.14@@@,300,1,0,@@@G_DIAZ@@@)','',2,'2013-09-14'),(65806,'INSERT INTO gne_vale_ferreteria_mov (vfe_id,pro_codigo_plu,vfm_cantidad,vfm_unitario,vfm_total,vfm_entregado) VALUES (10932,102110,1,300,300,@@@NO@@@)','',2,'2013-09-14'),(65807,'INSERT INTO gne_vale_ferreteria (vfe_id,vfe_fecha,vfe_total,vfe_estado,vfe_entregado,usu_nusuario) VALUES (10933,@@@2013.09.14@@@,150,1,0,@@@G_DIAZ@@@)','',2,'2013-09-14'),(65808,'INSERT INTO gne_vale_ferreteria_mov (vfe_id,pro_codigo_plu,vfm_cantidad,vfm_unitario,vfm_total,vfm_entregado) VALUES (10933,8021,1,150,150,@@@NO@@@)','',2,'2013-09-14'),(65809,'INSERT INTO gne_vale_ferreteria (vfe_id,vfe_fecha,vfe_total,vfe_estado,vfe_entregado,usu_nusuario) VALUES (10934,@@@2013.09.14@@@,1500,1,0,@@@G_DIAZ@@@)','',2,'2013-09-14'),(65810,'INSERT INTO gne_vale_ferreteria_mov (vfe_id,pro_codigo_plu,vfm_cantidad,vfm_unitario,vfm_total,vfm_entregado) VALUES (10934,780721763,3,500,1500,@@@NO@@@)','',2,'2013-09-14'),(65811,'INSERT INTO gne_vale_ferreteria (vfe_id,vfe_fecha,vfe_total,vfe_estado,vfe_entregado,usu_nusuario) VALUES (10935,@@@2013.09.14@@@,1890,1,0,@@@G_DIAZ@@@)','',2,'2013-09-14'),(65812,'INSERT INTO gne_vale_ferreteria_mov (vfe_id,pro_codigo_plu,vfm_cantidad,vfm_unitario,vfm_total,vfm_entregado) VALUES (10935,101623,1,1890,1890,@@@NO@@@)','',2,'2013-09-14'),(65813,'INSERT INTO gne_vale_ferreteria (vfe_id,vfe_fecha,vfe_total,vfe_estado,vfe_entregado,usu_nusuario) VALUES (10936,@@@2013.09.14@@@,2590,1,0,@@@G_DIAZ@@@)','',2,'2013-09-14'),(65814,'INSERT INTO gne_vale_ferreteria_mov (vfe_id,pro_codigo_plu,vfm_cantidad,vfm_unitario,vfm_total,vfm_entregado) VALUES (10936,764426,1,2590,2590,@@@NO@@@)','',2,'2013-09-14'),(65815,'INSERT INTO com_ventas_grupo (vgr_fecha,vgr_grupo,vgr_cantidad,vgr_total) VALUES (@@@2013.09.13@@@,1,483.815,322220)','',2,'2013-09-14'),(65816,'INSERT INTO com_ventas_grupo (vgr_fecha,vgr_grupo,vgr_cantidad,vgr_total) VALUES (@@@2013.09.13@@@,2,244.32,146888)','',2,'2013-09-14'),(65817,'INSERT INTO com_ventas_grupo (vgr_fecha,vgr_grupo,vgr_cantidad,vgr_total) VALUES (@@@2013.09.13@@@,3,306,70033)','',2,'2013-09-14'),(65818,'INSERT INTO com_ventas_grupo (vgr_fecha,vgr_grupo,vgr_cantidad,vgr_total) VALUES (@@@2013.09.13@@@,4,236,308628)','',2,'2013-09-14'),(65819,'INSERT INTO com_ventas_grupo (vgr_fecha,vgr_grupo,vgr_cantidad,vgr_total) VALUES (@@@2013.09.13@@@,5,9,35455)','',2,'2013-09-14'),(65820,'INSERT INTO com_ventas_grupo (vgr_fecha,vgr_grupo,vgr_cantidad,vgr_total) VALUES (@@@2013.09.13@@@,6,48,98254)','',2,'2013-09-14'),(65821,'INSERT INTO com_ventas_grupo (vgr_fecha,vgr_grupo,vgr_cantidad,vgr_total) VALUES (@@@2013.09.13@@@,7,59,99556)','',2,'2013-09-14'),(65822,'INSERT INTO com_ventas_grupo (vgr_fecha,vgr_grupo,vgr_cantidad,vgr_total) VALUES (@@@2013.09.13@@@,8,38,29580)','',2,'2013-09-14'),(65823,'INSERT INTO com_ventas_grupo (vgr_fecha,vgr_grupo,vgr_cantidad,vgr_total) VALUES (@@@2013.09.13@@@,9,93.075,171009)','',2,'2013-09-14'),(65824,'INSERT INTO com_ventas_grupo (vgr_fecha,vgr_grupo,vgr_cantidad,vgr_total) VALUES (@@@2013.09.13@@@,10,61.71,216235)','',2,'2013-09-14'),(65825,'INSERT INTO com_ventas_grupo (vgr_fecha,vgr_grupo,vgr_cantidad,vgr_total) VALUES (@@@2013.09.13@@@,11,43.11,152715)','',2,'2013-09-14'),(65826,'INSERT INTO com_ventas_grupo (vgr_fecha,vgr_grupo,vgr_cantidad,vgr_total) VALUES (@@@2013.09.13@@@,12,102.67,230575)','',2,'2013-09-14'),(65827,'INSERT INTO com_ventas_grupo (vgr_fecha,vgr_grupo,vgr_cantidad,vgr_total) VALUES (@@@2013.09.13@@@,13,9.495,30591)','',2,'2013-09-14'),(65828,'INSERT INTO com_ventas_grupo (vgr_fecha,vgr_grupo,vgr_cantidad,vgr_total) VALUES (@@@2013.09.13@@@,14,89.3700000000001,81259)','',2,'2013-09-14'),(65829,'INSERT INTO com_ventas_grupo (vgr_fecha,vgr_grupo,vgr_cantidad,vgr_total) VALUES (@@@2013.09.13@@@,15,1,290)','',2,'2013-09-14'),(65830,'INSERT INTO com_ventas_grupo (vgr_fecha,vgr_grupo,vgr_cantidad,vgr_total) VALUES (@@@2013.09.13@@@,16,1,170)','',2,'2013-09-14'),(65831,'INSERT INTO com_ventas_grupo (vgr_fecha,vgr_grupo,vgr_cantidad,vgr_total) VALUES (@@@2013.09.13@@@,18,219.92,132847)','',2,'2013-09-14'),(65832,'INSERT INTO com_ventas_grupo (vgr_fecha,vgr_grupo,vgr_cantidad,vgr_total) VALUES (@@@2013.09.13@@@,20,100.445,38716)','',2,'2013-09-14'),(65833,'INSERT INTO com_ventas_grupo (vgr_fecha,vgr_grupo,vgr_cantidad,vgr_total) VALUES (@@@2013.09.13@@@,21,66,57398)','',2,'2013-09-14'),(65834,'INSERT INTO com_ventas_grupo (vgr_fecha,vgr_grupo,vgr_cantidad,vgr_total) VALUES (@@@2013.09.13@@@,23,13,18650)','',2,'2013-09-14'),(65835,'INSERT INTO com_ventas_grupo (vgr_fecha,vgr_grupo,vgr_cantidad,vgr_total) VALUES (@@@2013.09.13@@@,24,152,31268)','',2,'2013-09-14'),(65836,'INSERT INTO com_ventas_grupo (vgr_fecha,vgr_grupo,vgr_cantidad,vgr_total) VALUES (@@@2013.09.13@@@,25,100,153100)','',2,'2013-09-14'),(65837,'INSERT INTO com_ventas_grupo (vgr_fecha,vgr_grupo,vgr_cantidad,vgr_total) VALUES (@@@2013.09.13@@@,31,25,18379)','',2,'2013-09-14'),(65838,'INSERT INTO com_ventas_grupo (vgr_fecha,vgr_grupo,vgr_cantidad,vgr_total) VALUES (@@@2013.09.13@@@,32,397,183100)','',2,'2013-09-14'),(65839,'INSERT INTO com_ventas_grupo (vgr_fecha,vgr_grupo,vgr_cantidad,vgr_total) VALUES (@@@2013.09.13@@@,35,22,23040)','',2,'2013-09-14'),(65840,'INSERT INTO com_ventas_grupo (vgr_fecha,vgr_grupo,vgr_cantidad,vgr_total) VALUES (@@@2013.09.13@@@,36,82,9990)','',2,'2013-09-14'),(65841,'INSERT INTO com_ventas_grupo (vgr_fecha,vgr_grupo,vgr_cantidad,vgr_total) VALUES (@@@2013.09.13@@@,37,3,6070)','',2,'2013-09-14'),(65842,'INSERT INTO com_ventas_grupo (vgr_fecha,vgr_grupo,vgr_cantidad,vgr_total) VALUES (@@@2013.09.13@@@,38,2,2880)','',2,'2013-09-14'),(65843,'INSERT INTO com_ventas_grupo (vgr_fecha,vgr_grupo,vgr_cantidad,vgr_total) VALUES (@@@2013.09.13@@@,39,7,11990)','',2,'2013-09-14'),(65844,'INSERT INTO com_ventas_grupo (vgr_fecha,vgr_grupo,vgr_cantidad,vgr_total) VALUES (@@@2013.09.13@@@,40,2,2)','',2,'2013-09-14'),(65845,'INSERT INTO com_ventas_grupo (vgr_fecha,vgr_grupo,vgr_cantidad,vgr_total) VALUES (@@@2013.09.13@@@,41,3,540)','',2,'2013-09-14'),(65846,'INSERT INTO com_ventas_grupo (vgr_fecha,vgr_grupo,vgr_cantidad,vgr_total) VALUES (@@@2013.09.13@@@,42,27.5,31985)','',2,'2013-09-14'),(65847,'UPDATE mae_datos_empresa SET emp_oferta=@@@NO@@@','',2,'2013-09-14'),(65848,'UPDATE gpr_pack_virtual SET pav_nombre=@@@PACK GALLETAS + GOLPE X $999@@@,pav_total_pack=999,pav_total_descuento=261,pav_desde=@@@2013-08-09@@@,pav_hasta=@@@2013-10-31@@@,pav_tipo=@@@PR@@@,pav_precio=0,pav_lleva=0,pav_paga=0,pav_descuento=0,pav_porcentaje=0,pav_oferta_exclusiva=@@@NO@@@,pav_agotar_stock=@@@SI@@@,pav_stock=50,pav_costo=932,pav_margen=7.19 WHERE pav_id=57','',2,'2013-09-14'),(65849,'DELETE FROM gpr_pack_virtual_mov WHERE pav_id=57','',2,'2013-09-14'),(65850,'DELETE FROM gpr_pack_virtual_horario WHERE pav_id=57','',2,'2013-09-14'),(65851,'INSERT INTO gpr_pack_virtual_mov (pav_id,pro_codigo_plu,pvm_precio,pvm_total,pvm_lleva,pvm_paga,pvm_descuento,pvm_porcentaje,pvm_total_normal,pvm_descuento_linea,pvm_costo,pvm_margen) VALUES (57,102311,380,293,1,0.77,0.23,0,380,87,280,4.64),(57,102312,380,293,1,0.77,0.23,0,380,87,280,4.64),(57,12089,120,120,1,1,0,0,120,0,92,30.43),(57,102310,380,293,1,0.77,0.23,0,380,87,280,4.64)','',2,'2013-09-14'),(65852,'INSERT INTO gpr_pack_virtual_horario (pav_id,pvh_dia,pvh_hora_desde,pvh_hora_hasta) VALUES (57,99,@@@00:00@@@,@@@23:59@@@)','',2,'2013-09-14'),(65853,'UPDATE mae_productos SET pro_margen_actual=28.26,pro_precio_venta=1000 WHERE pro_codigo_plu=763390','',2,'2013-09-14'),(65854,'INSERT INTO gne_vale_ferreteria (vfe_id,vfe_fecha,vfe_total,vfe_estado,vfe_entregado,usu_nusuario) VALUES (10937,@@@2013.09.14@@@,3690,1,0,@@@G_DIAZ@@@)','',2,'2013-09-14'),(65855,'INSERT INTO gne_vale_ferreteria_mov (vfe_id,pro_codigo_plu,vfm_cantidad,vfm_unitario,vfm_total,vfm_entregado) VALUES (10937,763996,1,2100,2100,@@@NO@@@)','',2,'2013-09-14'),(65856,'INSERT INTO gne_vale_ferreteria_mov (vfe_id,pro_codigo_plu,vfm_cantidad,vfm_unitario,vfm_total,vfm_entregado) VALUES (10937,780721598,1,1590,1590,@@@NO@@@)','',2,'2013-09-14'),(65857,'UPDATE mae_productos SET pro_margen_actual=33.22,pro_precio_venta=390 WHERE pro_codigo_plu=763552','',2,'2013-09-14'),(65858,'INSERT INTO gne_vale_ferreteria (vfe_id,vfe_fecha,vfe_total,vfe_estado,vfe_entregado,usu_nusuario) VALUES (10938,@@@2013.09.14@@@,2380,1,0,@@@G_DIAZ@@@)','',2,'2013-09-14'),(65859,'INSERT INTO gne_vale_ferreteria_mov (vfe_id,pro_codigo_plu,vfm_cantidad,vfm_unitario,vfm_total,vfm_entregado) VALUES (10938,764049,1,590,590,@@@NO@@@)','',2,'2013-09-14'),(65860,'INSERT INTO gne_vale_ferreteria_mov (vfe_id,pro_codigo_plu,vfm_cantidad,vfm_unitario,vfm_total,vfm_entregado) VALUES (10938,764842,1,1000,1000,@@@NO@@@)','',2,'2013-09-14'),(65861,'INSERT INTO gne_vale_ferreteria_mov (vfe_id,pro_codigo_plu,vfm_cantidad,vfm_unitario,vfm_total,vfm_entregado) VALUES (10938,780721094,1,790,790,@@@NO@@@)','',2,'2013-09-14'),(65862,'INSERT INTO gne_vale_ferreteria (vfe_id,vfe_fecha,vfe_total,vfe_estado,vfe_entregado,usu_nusuario) VALUES (10939,@@@2013.09.14@@@,1890,1,0,@@@G_DIAZ@@@)','',2,'2013-09-14'),(65863,'INSERT INTO gne_vale_ferreteria_mov (vfe_id,pro_codigo_plu,vfm_cantidad,vfm_unitario,vfm_total,vfm_entregado) VALUES (10939,101625,1,1890,1890,@@@NO@@@)','',2,'2013-09-14'),(65864,'INSERT INTO gne_vale_ferreteria (vfe_id,vfe_fecha,vfe_total,vfe_estado,vfe_entregado,usu_nusuario) VALUES (10940,@@@2013.09.14@@@,540,1,0,@@@G_DIAZ@@@)','',2,'2013-09-14'),(65865,'INSERT INTO gne_vale_ferreteria_mov (vfe_id,pro_codigo_plu,vfm_cantidad,vfm_unitario,vfm_total,vfm_entregado) VALUES (10940,19916,1,540,540,@@@NO@@@)','',2,'2013-09-14'),(65866,'INSERT INTO gne_vale_ferreteria (vfe_id,vfe_fecha,vfe_total,vfe_estado,vfe_entregado,usu_nusuario) VALUES (10941,@@@2013.09.14@@@,3860,1,0,@@@G_DIAZ@@@)','',2,'2013-09-14'),(65867,'INSERT INTO gne_vale_ferreteria_mov (vfe_id,pro_codigo_plu,vfm_cantidad,vfm_unitario,vfm_total,vfm_entregado) VALUES (10941,780220149,1,1390,1390,@@@NO@@@)','',2,'2013-09-14'),(65868,'INSERT INTO gne_vale_ferreteria_mov (vfe_id,pro_codigo_plu,vfm_cantidad,vfm_unitario,vfm_total,vfm_entregado) VALUES (10941,764048,1,1690,1690,@@@NO@@@)','',2,'2013-09-14'),(65869,'INSERT INTO gne_vale_ferreteria_mov (vfe_id,pro_codigo_plu,vfm_cantidad,vfm_unitario,vfm_total,vfm_entregado) VALUES (10941,764846,2,390,780,@@@NO@@@)','',2,'2013-09-14'),(65870,'INSERT INTO gne_vale_ferreteria (vfe_id,vfe_fecha,vfe_total,vfe_estado,vfe_entregado,usu_nusuario) VALUES (10942,@@@2013.09.14@@@,360,1,0,@@@G_DIAZ@@@)','',2,'2013-09-14'),(65871,'INSERT INTO gne_vale_ferreteria_mov (vfe_id,pro_codigo_plu,vfm_cantidad,vfm_unitario,vfm_total,vfm_entregado) VALUES (10942,8022,3,120,360,@@@NO@@@)','',2,'2013-09-14'),(65872,'INSERT INTO gne_vale_ferreteria (vfe_id,vfe_fecha,vfe_total,vfe_estado,vfe_entregado,usu_nusuario) VALUES (10943,@@@2013.09.14@@@,300,1,0,@@@G_DIAZ@@@)','',2,'2013-09-14'),(65873,'INSERT INTO gne_vale_ferreteria_mov (vfe_id,pro_codigo_plu,vfm_cantidad,vfm_unitario,vfm_total,vfm_entregado) VALUES (10943,2004,1,300,300,@@@NO@@@)','',2,'2013-09-14'),(65874,'INSERT INTO gne_vale_ferreteria (vfe_id,vfe_fecha,vfe_total,vfe_estado,vfe_entregado,usu_nusuario) VALUES (10944,@@@2013.09.14@@@,4990,1,0,@@@G_DIAZ@@@)','',2,'2013-09-14'),(65875,'INSERT INTO gne_vale_ferreteria_mov (vfe_id,pro_codigo_plu,vfm_cantidad,vfm_unitario,vfm_total,vfm_entregado) VALUES (10944,764973,1,4990,4990,@@@NO@@@)','',2,'2013-09-14'),(65876,'INSERT INTO gne_vale_ferreteria (vfe_id,vfe_fecha,vfe_total,vfe_estado,vfe_entregado,usu_nusuario) VALUES (10945,@@@2013.09.14@@@,790,1,0,@@@G_DIAZ@@@)','',2,'2013-09-14'),(65877,'INSERT INTO gne_vale_ferreteria_mov (vfe_id,pro_codigo_plu,vfm_cantidad,vfm_unitario,vfm_total,vfm_entregado) VALUES (10945,764020,1,790,790,@@@NO@@@)','',2,'2013-09-14'),(65878,'INSERT INTO gne_vale_ferreteria (vfe_id,vfe_fecha,vfe_total,vfe_estado,vfe_entregado,usu_nusuario) VALUES (10946,@@@2013.09.14@@@,2390,1,0,@@@G_DIAZ@@@)','',2,'2013-09-14'),(65879,'INSERT INTO gne_vale_ferreteria_mov (vfe_id,pro_codigo_plu,vfm_cantidad,vfm_unitario,vfm_total,vfm_entregado) VALUES (10946,262263,1,2390,2390,@@@NO@@@)','',2,'2013-09-14'),(65880,'UPDATE mae_productos SET pro_codigo_barra=@@@595@@@,pro_tipo=@@@0@@@,pro_nombre_producto=@@@ACEITUNA NEGRA GRANDE@@@,pro_nombre_corto=@@@ACEITUNA@@@,med_id=@@@2@@@,emb_id=@@@4@@@,pro_unidades_embalaje=@@@5@@@,dep_id=@@@18 @@@,lin_id=@@@98@@@,mar_id=@@@2507@@@,pro_precio_compra_neto=@@@0@@@,pro_precio_compra_bruto=@@@0@@@,pro_precio_venta=@@@2890@@@,pro_margen_actual=@@@32.67@@@,pro_oferta=@@@NO@@@,pro_fecha_inicio_oferta=@@@2013.05.09@@@,pro_fecha_termino_oferta=@@@2013.05.09@@@,pro_precio_oferta=@@@0@@@,pro_stock_minimo=@@@3@@@,pro_stock_critico=@@@1@@@,pro_activo=@@@1@@@,pro_unidad=@@@0@@@,pro_precio_compra_bruto=0,pro_margen_actual=32.67,pro_capacidad=1,pro_funcion_plu=0,pro_flejes=1,pro_iva=1,pro_plu_asociado=0,pro_envase=@@@NO@@@,pro_duracion=0,pro_numero_etiqueta=0 WHERE pro_codigo_plu=@@@595@@@','',2,'2013-09-14'),(65881,'UPDATE mae_productos SET pro_estado=1 WHERE pro_codigo_plu=595','',2,'2013-09-14'),(65882,'DELETE FROM mae_impuestos_productos WHERE pro_codigo_plu=@@@595@@@','',2,'2013-09-14'),(65883,'INSERT INTO mae_productos (pro_codigo_plu,pro_codigo_barra,pro_tipo,pro_nombre_producto,pro_nombre_corto,med_id,emb_id,pro_unidades_embalaje,dep_id,lin_id,mar_id,pro_precio_compra_neto,pro_precio_compra_bruto,pro_precio_venta,pro_margen_actual,pro_oferta,pro_fecha_inicio_oferta,pro_fecha_termino_oferta,pro_precio_oferta,pro_stock_minimo,pro_stock_critico,pro_entradas_bodega,pro_salidas_bodega,pro_mermas_bodega,pro_ajustes_bodega,pro_entradas_sv,pro_salidas_sv,pro_mermas_sv,pro_ajustes_sv,pro_activo,rec_numero,pro_unidad,pro_capacidad,pro_consumo_bodega,pro_consumo_sv,pro_estado,pro_funcion_plu,pro_flejes,pro_iva,pro_plu_asociado,pro_envase,pro_duracion,pro_numero_etiqueta) VALUES (78,@@@78@@@,@@@0@@@,@@@ASADO DE TIRA OFERTA@@@,@@@ASADO DE TIRA OF@@@,@@@2 @@@,@@@6 @@@,@@@5@@@,@@@10 @@@,@@@68@@@,@@@2507@@@,@@@0@@@,@@@0@@@,@@@1990@@@,@@@0@@@,@@@@@@,@@@2013.09.14@@@,@@@2013.09.14@@@,@@@0@@@,@@@10@@@,@@@2@@@,@@@0@@@,@@@0@@@,@@@0@@@,@@@0@@@,@@@0@@@,@@@0@@@,@@@0@@@,@@@0@@@,@@@1@@@,@@@0@@@,0,1,0,0,2,0,1,1,0,@@@NO@@@,0,0)','',2,'2013-09-14'),(65884,'DELETE FROM mae_impuestos_productos WHERE pro_codigo_plu=@@@78@@@','',2,'2013-09-14'),(65885,'UPDATE mae_productos SET pro_margen_actual=0,pro_precio_venta=2890 WHERE pro_codigo_plu=595','',2,'2013-09-14'),(65886,'UPDATE mae_productos SET pro_margen_actual=0,pro_precio_venta=1990 WHERE pro_codigo_plu=78','',2,'2013-09-14'),(65887,'UPDATE mae_productos SET pro_precio_fiscal=pro_precio_venta WHERE pro_codigo_plu=595','',2,'2013-09-14'),(65888,'UPDATE mae_productos SET pro_precio_fiscal=pro_precio_venta WHERE pro_codigo_plu=78','',2,'2013-09-14'),(65889,'UPDATE mae_productos SET pro_precio_fiscal=pro_precio_venta WHERE pro_codigo_plu=763552','',2,'2013-09-14'),(65890,'INSERT INTO gne_vale_ferreteria (vfe_id,vfe_fecha,vfe_total,vfe_estado,vfe_entregado,usu_nusuario) VALUES (10947,@@@2013.09.14@@@,1890,1,0,@@@G_DIAZ@@@)','',2,'2013-09-14'),(65891,'INSERT INTO gne_vale_ferreteria_mov (vfe_id,pro_codigo_plu,vfm_cantidad,vfm_unitario,vfm_total,vfm_entregado) VALUES (10947,763948,1,1890,1890,@@@NO@@@)','',2,'2013-09-14'),(65892,'INSERT INTO gne_vale_ferreteria (vfe_id,vfe_fecha,vfe_total,vfe_estado,vfe_entregado,usu_nusuario) VALUES (10948,@@@2013.09.14@@@,2290,1,0,@@@G_DIAZ@@@)','',2,'2013-09-14'),(65893,'INSERT INTO gne_vale_ferreteria_mov (vfe_id,pro_codigo_plu,vfm_cantidad,vfm_unitario,vfm_total,vfm_entregado) VALUES (10948,764642,1,2290,2290,@@@NO@@@)','',2,'2013-09-14'),(65894,'INSERT INTO gne_vale_ferreteria (vfe_id,vfe_fecha,vfe_total,vfe_estado,vfe_entregado,usu_nusuario) VALUES (10949,@@@2013.09.14@@@,720,1,0,@@@G_DIAZ@@@)','',2,'2013-09-14'),(65895,'INSERT INTO gne_vale_ferreteria_mov (vfe_id,pro_codigo_plu,vfm_cantidad,vfm_unitario,vfm_total,vfm_entregado) VALUES (10949,8829,1,720,720,@@@NO@@@)','',2,'2013-09-14'),(65896,'INSERT INTO gne_vale_ferreteria (vfe_id,vfe_fecha,vfe_total,vfe_estado,vfe_entregado,usu_nusuario) VALUES (10950,@@@2013.09.14@@@,14840,1,0,@@@G_DIAZ@@@)','',2,'2013-09-14'),(65897,'INSERT INTO gne_vale_ferreteria_mov (vfe_id,pro_codigo_plu,vfm_cantidad,vfm_unitario,vfm_total,vfm_entregado) VALUES (10950,763676,1,13990,13990,@@@NO@@@)','',2,'2013-09-14'),(65898,'INSERT INTO gne_vale_ferreteria_mov (vfe_id,pro_codigo_plu,vfm_cantidad,vfm_unitario,vfm_total,vfm_entregado) VALUES (10950,780721425,1,850,850,@@@NO@@@)','',2,'2013-09-14'),(65899,'INSERT INTO gne_vale_ferreteria (vfe_id,vfe_fecha,vfe_total,vfe_estado,vfe_entregado,usu_nusuario) VALUES (10951,@@@2013.09.14@@@,4750,1,0,@@@G_DIAZ@@@)','',2,'2013-09-14'),(65900,'INSERT INTO gne_vale_ferreteria_mov (vfe_id,pro_codigo_plu,vfm_cantidad,vfm_unitario,vfm_total,vfm_entregado) VALUES (10951,13498,1,1100,1100,@@@NO@@@)','',2,'2013-09-14'),(65901,'INSERT INTO gne_vale_ferreteria_mov (vfe_id,pro_codigo_plu,vfm_cantidad,vfm_unitario,vfm_total,vfm_entregado) VALUES (10951,78016973,1,3650,3650,@@@NO@@@)','',2,'2013-09-14'),(65902,'INSERT INTO gne_vale_ferreteria (vfe_id,vfe_fecha,vfe_total,vfe_estado,vfe_entregado,usu_nusuario) VALUES (10952,@@@2013.09.14@@@,1100,1,0,@@@G_DIAZ@@@)','',2,'2013-09-14'),(65903,'INSERT INTO gne_vale_ferreteria_mov (vfe_id,pro_codigo_plu,vfm_cantidad,vfm_unitario,vfm_total,vfm_entregado) VALUES (10952,13498,1,1100,1100,@@@NO@@@)','',2,'2013-09-14'),(65904,'INSERT INTO gne_vale_ferreteria (vfe_id,vfe_fecha,vfe_total,vfe_estado,vfe_entregado,usu_nusuario) VALUES (10953,@@@2013.09.14@@@,450,1,0,@@@G_DIAZ@@@)','',2,'2013-09-14'),(65905,'INSERT INTO gne_vale_ferreteria_mov (vfe_id,pro_codigo_plu,vfm_cantidad,vfm_unitario,vfm_total,vfm_entregado) VALUES (10953,7053,1,450,450,@@@NO@@@)','',2,'2013-09-14'),(65906,'INSERT INTO gne_vale_ferreteria (vfe_id,vfe_fecha,vfe_total,vfe_estado,vfe_entregado,usu_nusuario) VALUES (10954,@@@2013.09.14@@@,960,1,0,@@@G_DIAZ@@@)','',2,'2013-09-14'),(65907,'INSERT INTO gne_vale_ferreteria_mov (vfe_id,pro_codigo_plu,vfm_cantidad,vfm_unitario,vfm_total,vfm_entregado) VALUES (10954,15927,2,480,960,@@@NO@@@)','',2,'2013-09-14'),(65908,'INSERT INTO gne_vale_ferreteria (vfe_id,vfe_fecha,vfe_total,vfe_estado,vfe_entregado,usu_nusuario) VALUES (10955,@@@2013.09.14@@@,790,1,0,@@@G_DIAZ@@@)','',2,'2013-09-14'),(65909,'INSERT INTO gne_vale_ferreteria_mov (vfe_id,pro_codigo_plu,vfm_cantidad,vfm_unitario,vfm_total,vfm_entregado) VALUES (10955,101104,1,790,790,@@@NO@@@)','',2,'2013-09-14'),(65910,'INSERT INTO gne_vale_ferreteria (vfe_id,vfe_fecha,vfe_total,vfe_estado,vfe_entregado,usu_nusuario) VALUES (10956,@@@2013.09.14@@@,2990,1,0,@@@G_DIAZ@@@)','',2,'2013-09-14'),(65911,'INSERT INTO gne_vale_ferreteria_mov (vfe_id,pro_codigo_plu,vfm_cantidad,vfm_unitario,vfm_total,vfm_entregado) VALUES (10956,1584,1,2990,2990,@@@NO@@@)','',2,'2013-09-14'),(65912,'INSERT INTO gne_vale_ferreteria (vfe_id,vfe_fecha,vfe_total,vfe_estado,vfe_entregado,usu_nusuario) VALUES (10957,@@@2013.09.14@@@,650,1,0,@@@G_DIAZ@@@)','',2,'2013-09-14'),(65913,'INSERT INTO gne_vale_ferreteria_mov (vfe_id,pro_codigo_plu,vfm_cantidad,vfm_unitario,vfm_total,vfm_entregado) VALUES (10957,78017198,1,650,650,@@@NO@@@)','',2,'2013-09-14'),(65914,'INSERT INTO gne_vale_ferreteria (vfe_id,vfe_fecha,vfe_total,vfe_estado,vfe_entregado,usu_nusuario) VALUES (10958,@@@2013.09.14@@@,9990,1,0,@@@G_DIAZ@@@)','',2,'2013-09-14'),(65915,'INSERT INTO gne_vale_ferreteria_mov (vfe_id,pro_codigo_plu,vfm_cantidad,vfm_unitario,vfm_total,vfm_entregado) VALUES (10958,780721828,1,9990,9990,@@@NO@@@)','',2,'2013-09-14'),(65916,'INSERT INTO gne_vale_ferreteria (vfe_id,vfe_fecha,vfe_total,vfe_estado,vfe_entregado,usu_nusuario) VALUES (10959,@@@2013.09.14@@@,50,1,0,@@@G_DIAZ@@@)','',2,'2013-09-14'),(65917,'INSERT INTO gne_vale_ferreteria_mov (vfe_id,pro_codigo_plu,vfm_cantidad,vfm_unitario,vfm_total,vfm_entregado) VALUES (10959,780220123,1,50,50,@@@NO@@@)','',2,'2013-09-14'),(65918,'INSERT INTO gne_vale_ferreteria (vfe_id,vfe_fecha,vfe_total,vfe_estado,vfe_entregado,usu_nusuario) VALUES (10960,@@@2013.09.14@@@,1890,1,0,@@@G_DIAZ@@@)','',2,'2013-09-14'),(65919,'INSERT INTO gne_vale_ferreteria_mov (vfe_id,pro_codigo_plu,vfm_cantidad,vfm_unitario,vfm_total,vfm_entregado) VALUES (10960,101625,1,1890,1890,@@@NO@@@)','',2,'2013-09-14'),(65920,'INSERT INTO gne_vale_ferreteria (vfe_id,vfe_fecha,vfe_total,vfe_estado,vfe_entregado,usu_nusuario) VALUES (10961,@@@2013.09.14@@@,450,1,0,@@@G_DIAZ@@@)','',2,'2013-09-14'),(65921,'INSERT INTO gne_vale_ferreteria_mov (vfe_id,pro_codigo_plu,vfm_cantidad,vfm_unitario,vfm_total,vfm_entregado) VALUES (10961,780721808,1,450,450,@@@NO@@@)','',2,'2013-09-14'),(65922,'INSERT INTO gne_vale_ferreteria (vfe_id,vfe_fecha,vfe_total,vfe_estado,vfe_entregado,usu_nusuario) VALUES (10962,@@@2013.09.14@@@,1890,1,0,@@@G_DIAZ@@@)','',2,'2013-09-14'),(65923,'INSERT INTO gne_vale_ferreteria_mov (vfe_id,pro_codigo_plu,vfm_cantidad,vfm_unitario,vfm_total,vfm_entregado) VALUES (10962,763949,1,1890,1890,@@@NO@@@)','',2,'2013-09-14'),(65924,'INSERT INTO gne_vale_ferreteria (vfe_id,vfe_fecha,vfe_total,vfe_estado,vfe_entregado,usu_nusuario) VALUES (10963,@@@2013.09.14@@@,4240,1,0,@@@G_DIAZ@@@)','',2,'2013-09-14'),(65925,'INSERT INTO gne_vale_ferreteria_mov (vfe_id,pro_codigo_plu,vfm_cantidad,vfm_unitario,vfm_total,vfm_entregado) VALUES (10963,15922,2,1640,3280,@@@NO@@@)','',2,'2013-09-14'),(65926,'INSERT INTO gne_vale_ferreteria_mov (vfe_id,pro_codigo_plu,vfm_cantidad,vfm_unitario,vfm_total,vfm_entregado) VALUES (10963,15927,2,480,960,@@@NO@@@)','',2,'2013-09-14'),(65927,'INSERT INTO gne_vale_ferreteria (vfe_id,vfe_fecha,vfe_total,vfe_estado,vfe_entregado,usu_nusuario) VALUES (10964,@@@2013.09.14@@@,7690,1,0,@@@G_DIAZ@@@)','',2,'2013-09-14'),(65928,'INSERT INTO gne_vale_ferreteria_mov (vfe_id,pro_codigo_plu,vfm_cantidad,vfm_unitario,vfm_total,vfm_entregado) VALUES (10964,780721733,1,2150,2150,@@@NO@@@)','',2,'2013-09-14'),(65929,'INSERT INTO gne_vale_ferreteria_mov (vfe_id,pro_codigo_plu,vfm_cantidad,vfm_unitario,vfm_total,vfm_entregado) VALUES (10964,78016973,1,3650,3650,@@@NO@@@)','',2,'2013-09-14'),(65930,'INSERT INTO gne_vale_ferreteria_mov (vfe_id,pro_codigo_plu,vfm_cantidad,vfm_unitario,vfm_total,vfm_entregado) VALUES (10964,763603,1,1890,1890,@@@NO@@@)','',2,'2013-09-14'),(65931,'INSERT INTO gne_vale_ferreteria (vfe_id,vfe_fecha,vfe_total,vfe_estado,vfe_entregado,usu_nusuario) VALUES (10965,@@@2013.09.14@@@,7790,1,0,@@@G_DIAZ@@@)','',2,'2013-09-14'),(65932,'INSERT INTO gne_vale_ferreteria_mov (vfe_id,pro_codigo_plu,vfm_cantidad,vfm_unitario,vfm_total,vfm_entregado) VALUES (10965,764474,1,7790,7790,@@@NO@@@)','',2,'2013-09-14'),(65933,'INSERT INTO gne_vale_ferreteria (vfe_id,vfe_fecha,vfe_total,vfe_estado,vfe_entregado,usu_nusuario) VALUES (10966,@@@2013.09.14@@@,250,1,0,@@@G_DIAZ@@@)','',2,'2013-09-14'),(65934,'INSERT INTO gne_vale_ferreteria_mov (vfe_id,pro_codigo_plu,vfm_cantidad,vfm_unitario,vfm_total,vfm_entregado) VALUES (10966,780721186,1,250,250,@@@NO@@@)','',2,'2013-09-14'),(65935,'INSERT INTO gne_vale_ferreteria (vfe_id,vfe_fecha,vfe_total,vfe_estado,vfe_entregado,usu_nusuario) VALUES (10967,@@@2013.09.14@@@,2390,1,0,@@@G_DIAZ@@@)','',2,'2013-09-14'),(65936,'INSERT INTO gne_vale_ferreteria_mov (vfe_id,pro_codigo_plu,vfm_cantidad,vfm_unitario,vfm_total,vfm_entregado) VALUES (10967,780721489,1,2390,2390,@@@NO@@@)','',2,'2013-09-14'),(65937,'INSERT INTO gne_vale_ferreteria (vfe_id,vfe_fecha,vfe_total,vfe_estado,vfe_entregado,usu_nusuario) VALUES (10968,@@@2013.09.14@@@,1490,1,0,@@@G_DIAZ@@@)','',2,'2013-09-14'),(65938,'INSERT INTO gne_vale_ferreteria_mov (vfe_id,pro_codigo_plu,vfm_cantidad,vfm_unitario,vfm_total,vfm_entregado) VALUES (10968,4005,1,1190,1190,@@@NO@@@)','',2,'2013-09-14'),(65939,'INSERT INTO gne_vale_ferreteria_mov (vfe_id,pro_codigo_plu,vfm_cantidad,vfm_unitario,vfm_total,vfm_entregado) VALUES (10968,78017111,3,100,300,@@@NO@@@)','',2,'2013-09-14'),(65940,'INSERT INTO gne_vale_ferreteria (vfe_id,vfe_fecha,vfe_total,vfe_estado,vfe_entregado,usu_nusuario) VALUES (10969,@@@2013.09.14@@@,690,1,0,@@@G_DIAZ@@@)','',2,'2013-09-14'),(65941,'INSERT INTO gne_vale_ferreteria_mov (vfe_id,pro_codigo_plu,vfm_cantidad,vfm_unitario,vfm_total,vfm_entregado) VALUES (10969,18386,1,200,200,@@@NO@@@)','',2,'2013-09-14'),(65942,'INSERT INTO gne_vale_ferreteria_mov (vfe_id,pro_codigo_plu,vfm_cantidad,vfm_unitario,vfm_total,vfm_entregado) VALUES (10969,780220183,1,490,490,@@@NO@@@)','',2,'2013-09-14'),(65943,'INSERT INTO gne_vale_ferreteria (vfe_id,vfe_fecha,vfe_total,vfe_estado,vfe_entregado,usu_nusuario) VALUES (10970,@@@2013.09.14@@@,250,1,0,@@@G_DIAZ@@@)','',2,'2013-09-14'),(65944,'INSERT INTO gne_vale_ferreteria_mov (vfe_id,pro_codigo_plu,vfm_cantidad,vfm_unitario,vfm_total,vfm_entregado) VALUES (10970,4091,1,250,250,@@@NO@@@)','',2,'2013-09-14'),(65945,'INSERT INTO gne_vale_ferreteria (vfe_id,vfe_fecha,vfe_total,vfe_estado,vfe_entregado,usu_nusuario) VALUES (10971,@@@2013.09.14@@@,390,1,0,@@@G_DIAZ@@@)','',2,'2013-09-14'),(65946,'INSERT INTO gne_vale_ferreteria_mov (vfe_id,pro_codigo_plu,vfm_cantidad,vfm_unitario,vfm_total,vfm_entregado) VALUES (10971,7500,1,390,390,@@@NO@@@)','',2,'2013-09-14'),(65947,'INSERT INTO gne_vale_ferreteria (vfe_id,vfe_fecha,vfe_total,vfe_estado,vfe_entregado,usu_nusuario) VALUES (10972,@@@2013.09.14@@@,1780,1,0,@@@G_DIAZ@@@)','',2,'2013-09-14'),(65948,'INSERT INTO gne_vale_ferreteria_mov (vfe_id,pro_codigo_plu,vfm_cantidad,vfm_unitario,vfm_total,vfm_entregado) VALUES (10972,11670,2,890,1780,@@@NO@@@)','',2,'2013-09-14'),(65949,'INSERT INTO gne_vale_ferreteria (vfe_id,vfe_fecha,vfe_total,vfe_estado,vfe_entregado,usu_nusuario) VALUES (10973,@@@2013.09.14@@@,1420,1,0,@@@G_DIAZ@@@)','',2,'2013-09-14'),(65950,'INSERT INTO gne_vale_ferreteria_mov (vfe_id,pro_codigo_plu,vfm_cantidad,vfm_unitario,vfm_total,vfm_entregado) VALUES (10973,780721351,1,200,200,@@@NO@@@)','',2,'2013-09-14'),(65951,'INSERT INTO gne_vale_ferreteria_mov (vfe_id,pro_codigo_plu,vfm_cantidad,vfm_unitario,vfm_total,vfm_entregado) VALUES (10973,780721778,2,200,400,@@@NO@@@)','',2,'2013-09-14'),(65952,'INSERT INTO gne_vale_ferreteria_mov (vfe_id,pro_codigo_plu,vfm_cantidad,vfm_unitario,vfm_total,vfm_entregado) VALUES (10973,780220109,2,200,400,@@@NO@@@)','',2,'2013-09-14'),(65953,'INSERT INTO gne_vale_ferreteria_mov (vfe_id,pro_codigo_plu,vfm_cantidad,vfm_unitario,vfm_total,vfm_entregado) VALUES (10973,78017026,1,90,90,@@@NO@@@)','',2,'2013-09-14'),(65954,'INSERT INTO gne_vale_ferreteria_mov (vfe_id,pro_codigo_plu,vfm_cantidad,vfm_unitario,vfm_total,vfm_entregado) VALUES (10973,763588,1,330,330,@@@NO@@@)','',2,'2013-09-14'),(65955,'INSERT INTO gne_vale_ferreteria (vfe_id,vfe_fecha,vfe_total,vfe_estado,vfe_entregado,usu_nusuario) VALUES (10974,@@@2013.09.14@@@,1390,1,0,@@@G_DIAZ@@@)','',2,'2013-09-14'),(65956,'INSERT INTO gne_vale_ferreteria_mov (vfe_id,pro_codigo_plu,vfm_cantidad,vfm_unitario,vfm_total,vfm_entregado) VALUES (10974,780721827,1,1390,1390,@@@NO@@@)','',2,'2013-09-14'),(65957,'INSERT INTO gne_vale_ferreteria (vfe_id,vfe_fecha,vfe_total,vfe_estado,vfe_entregado,usu_nusuario) VALUES (10975,@@@2013.09.14@@@,900,1,0,@@@G_DIAZ@@@)','',2,'2013-09-14'),(65958,'INSERT INTO gne_vale_ferreteria_mov (vfe_id,pro_codigo_plu,vfm_cantidad,vfm_unitario,vfm_total,vfm_entregado) VALUES (10975,78017110,6,150,900,@@@NO@@@)','',2,'2013-09-14'),(65959,'INSERT INTO gne_vale_ferreteria (vfe_id,vfe_fecha,vfe_total,vfe_estado,vfe_entregado,usu_nusuario) VALUES (10976,@@@2013.09.14@@@,130,1,0,@@@G_DIAZ@@@)','',2,'2013-09-14'),(65960,'INSERT INTO gne_vale_ferreteria_mov (vfe_id,pro_codigo_plu,vfm_cantidad,vfm_unitario,vfm_total,vfm_entregado) VALUES (10976,15967,1,130,130,@@@NO@@@)','',2,'2013-09-14'),(65961,'INSERT INTO gne_vale_ferreteria (vfe_id,vfe_fecha,vfe_total,vfe_estado,vfe_entregado,usu_nusuario) VALUES (10977,@@@2013.09.14@@@,80,1,0,@@@G_DIAZ@@@)','',2,'2013-09-14'),(65962,'INSERT INTO gne_vale_ferreteria_mov (vfe_id,pro_codigo_plu,vfm_cantidad,vfm_unitario,vfm_total,vfm_entregado) VALUES (10977,770001,1,80,80,@@@NO@@@)','',2,'2013-09-14'),(65963,'INSERT INTO gne_vale_ferreteria (vfe_id,vfe_fecha,vfe_total,vfe_estado,vfe_entregado,usu_nusuario) VALUES (10978,@@@2013.09.14@@@,5990,1,0,@@@G_DIAZ@@@)','',2,'2013-09-14'),(65964,'INSERT INTO gne_vale_ferreteria_mov (vfe_id,pro_codigo_plu,vfm_cantidad,vfm_unitario,vfm_total,vfm_entregado) VALUES (10978,764649,1,5990,5990,@@@NO@@@)','',2,'2013-09-14'),(65965,'INSERT INTO gne_vale_ferreteria (vfe_id,vfe_fecha,vfe_total,vfe_estado,vfe_entregado,usu_nusuario) VALUES (10979,@@@2013.09.14@@@,130,1,0,@@@G_DIAZ@@@)','',2,'2013-09-14'),(65966,'INSERT INTO gne_vale_ferreteria_mov (vfe_id,pro_codigo_plu,vfm_cantidad,vfm_unitario,vfm_total,vfm_entregado) VALUES (10979,15967,1,130,130,@@@NO@@@)','',2,'2013-09-14'),(65967,'INSERT INTO gne_vale_ferreteria (vfe_id,vfe_fecha,vfe_total,vfe_estado,vfe_entregado,usu_nusuario) VALUES (10980,@@@2013.09.14@@@,260,1,0,@@@G_DIAZ@@@)','',2,'2013-09-14'),(65968,'INSERT INTO gne_vale_ferreteria_mov (vfe_id,pro_codigo_plu,vfm_cantidad,vfm_unitario,vfm_total,vfm_entregado) VALUES (10980,15929,2,130,260,@@@NO@@@)','',2,'2013-09-14'),(65969,'INSERT INTO gne_vale_ferreteria (vfe_id,vfe_fecha,vfe_total,vfe_estado,vfe_entregado,usu_nusuario) VALUES (10981,@@@2013.09.14@@@,1490,1,0,@@@G_DIAZ@@@)','',2,'2013-09-14'),(65970,'INSERT INTO gne_vale_ferreteria_mov (vfe_id,pro_codigo_plu,vfm_cantidad,vfm_unitario,vfm_total,vfm_entregado) VALUES (10981,770001,5,80,400,@@@NO@@@)','',2,'2013-09-14'),(65971,'INSERT INTO gne_vale_ferreteria_mov (vfe_id,pro_codigo_plu,vfm_cantidad,vfm_unitario,vfm_total,vfm_entregado) VALUES (10981,2004,1,300,300,@@@NO@@@)','',2,'2013-09-14'),(65972,'INSERT INTO gne_vale_ferreteria_mov (vfe_id,pro_codigo_plu,vfm_cantidad,vfm_unitario,vfm_total,vfm_entregado) VALUES (10981,780721096,1,790,790,@@@NO@@@)','',2,'2013-09-14'),(65973,'INSERT INTO gne_vale_ferreteria (vfe_id,vfe_fecha,vfe_total,vfe_estado,vfe_entregado,usu_nusuario) VALUES (10982,@@@2013.09.14@@@,300,1,0,@@@G_DIAZ@@@)','',2,'2013-09-14'),(65974,'INSERT INTO gne_vale_ferreteria_mov (vfe_id,pro_codigo_plu,vfm_cantidad,vfm_unitario,vfm_total,vfm_entregado) VALUES (10982,780721222,1,300,300,@@@NO@@@)','',2,'2013-09-14'),(65975,'INSERT INTO gne_vale_ferreteria (vfe_id,vfe_fecha,vfe_total,vfe_estado,vfe_entregado,usu_nusuario) VALUES (10983,@@@2013.09.14@@@,2950,1,0,@@@G_DIAZ@@@)','',2,'2013-09-14'),(65976,'INSERT INTO gne_vale_ferreteria_mov (vfe_id,pro_codigo_plu,vfm_cantidad,vfm_unitario,vfm_total,vfm_entregado) VALUES (10983,764994,2,390,780,@@@NO@@@)','',2,'2013-09-14'),(65977,'INSERT INTO gne_vale_ferreteria_mov (vfe_id,pro_codigo_plu,vfm_cantidad,vfm_unitario,vfm_total,vfm_entregado) VALUES (10983,780721516,2,590,1180,@@@NO@@@)','',2,'2013-09-14'),(65978,'INSERT INTO gne_vale_ferreteria_mov (vfe_id,pro_codigo_plu,vfm_cantidad,vfm_unitario,vfm_total,vfm_entregado) VALUES (10983,765038,1,990,990,@@@NO@@@)','',2,'2013-09-14'),(65979,'INSERT INTO gne_vale_ferreteria (vfe_id,vfe_fecha,vfe_total,vfe_estado,vfe_entregado,usu_nusuario) VALUES (10984,@@@2013.09.15@@@,390,1,0,@@@b_SAEZ@@@)','',2,'2013-09-15'),(65980,'INSERT INTO gne_vale_ferreteria_mov (vfe_id,pro_codigo_plu,vfm_cantidad,vfm_unitario,vfm_total,vfm_entregado) VALUES (10984,78017020,1,390,390,@@@NO@@@)','',2,'2013-09-15'),(65981,'INSERT INTO gne_vale_ferreteria (vfe_id,vfe_fecha,vfe_total,vfe_estado,vfe_entregado,usu_nusuario) VALUES (10985,@@@2013.09.15@@@,1890,1,0,@@@b_SAEZ@@@)','',2,'2013-09-15'),(65982,'INSERT INTO gne_vale_ferreteria_mov (vfe_id,pro_codigo_plu,vfm_cantidad,vfm_unitario,vfm_total,vfm_entregado) VALUES (10985,101678,1,1890,1890,@@@NO@@@)','',2,'2013-09-15'),(65983,'INSERT INTO gne_vale_ferreteria (vfe_id,vfe_fecha,vfe_total,vfe_estado,vfe_entregado,usu_nusuario) VALUES (10986,@@@2013.09.15@@@,1890,1,0,@@@b_SAEZ@@@)','',2,'2013-09-15'),(65984,'INSERT INTO gne_vale_ferreteria_mov (vfe_id,pro_codigo_plu,vfm_cantidad,vfm_unitario,vfm_total,vfm_entregado) VALUES (10986,762051,1,1890,1890,@@@NO@@@)','',2,'2013-09-15'),(65985,'INSERT INTO gne_vale_ferreteria (vfe_id,vfe_fecha,vfe_total,vfe_estado,vfe_entregado,usu_nusuario) VALUES (10987,@@@2013.09.15@@@,3780,1,0,@@@b_SAEZ@@@)','',2,'2013-09-15'),(65986,'INSERT INTO gne_vale_ferreteria_mov (vfe_id,pro_codigo_plu,vfm_cantidad,vfm_unitario,vfm_total,vfm_entregado) VALUES (10987,762051,1,1890,1890,@@@NO@@@)','',2,'2013-09-15'),(65987,'INSERT INTO gne_vale_ferreteria_mov (vfe_id,pro_codigo_plu,vfm_cantidad,vfm_unitario,vfm_total,vfm_entregado) VALUES (10987,20571,1,1890,1890,@@@NO@@@)','',2,'2013-09-15'),(65988,'INSERT INTO gne_vale_ferreteria (vfe_id,vfe_fecha,vfe_total,vfe_estado,vfe_entregado,usu_nusuario) VALUES (10988,@@@2013.09.15@@@,600,1,0,@@@b_SAEZ@@@)','',2,'2013-09-15'),(65989,'INSERT INTO gne_vale_ferreteria_mov (vfe_id,pro_codigo_plu,vfm_cantidad,vfm_unitario,vfm_total,vfm_entregado) VALUES (10988,4074,1,350,350,@@@NO@@@)','',2,'2013-09-15'),(65990,'INSERT INTO gne_vale_ferreteria_mov (vfe_id,pro_codigo_plu,vfm_cantidad,vfm_unitario,vfm_total,vfm_entregado) VALUES (10988,1545,1,50,50,@@@NO@@@)','',2,'2013-09-15'),(65991,'INSERT INTO gne_vale_ferreteria_mov (vfe_id,pro_codigo_plu,vfm_cantidad,vfm_unitario,vfm_total,vfm_entregado) VALUES (10988,4077,1,200,200,@@@NO@@@)','',2,'2013-09-15'),(65992,'INSERT INTO gne_vale_ferreteria (vfe_id,vfe_fecha,vfe_total,vfe_estado,vfe_entregado,usu_nusuario) VALUES (10989,@@@2013.09.15@@@,2820,1,0,@@@b_SAEZ@@@)','',2,'2013-09-15'),(65993,'INSERT INTO gne_vale_ferreteria_mov (vfe_id,pro_codigo_plu,vfm_cantidad,vfm_unitario,vfm_total,vfm_entregado) VALUES (10989,78017229,1,2100,2100,@@@NO@@@)','',2,'2013-09-15'),(65994,'INSERT INTO gne_vale_ferreteria_mov (vfe_id,pro_codigo_plu,vfm_cantidad,vfm_unitario,vfm_total,vfm_entregado) VALUES (10989,1079,1,720,720,@@@NO@@@)','',2,'2013-09-15'),(65995,'INSERT INTO gne_vale_ferreteria (vfe_id,vfe_fecha,vfe_total,vfe_estado,vfe_entregado,usu_nusuario) VALUES (10990,@@@2013.09.15@@@,450,1,0,@@@b_SAEZ@@@)','',2,'2013-09-15'),(65996,'INSERT INTO gne_vale_ferreteria_mov (vfe_id,pro_codigo_plu,vfm_cantidad,vfm_unitario,vfm_total,vfm_entregado) VALUES (10990,764016,1,450,450,@@@NO@@@)','',2,'2013-09-15'),(65997,'INSERT INTO gne_vale_ferreteria (vfe_id,vfe_fecha,vfe_total,vfe_estado,vfe_entregado,usu_nusuario) VALUES (10991,@@@2013.09.15@@@,390,1,0,@@@b_SAEZ@@@)','',2,'2013-09-15'),(65998,'INSERT INTO gne_vale_ferreteria_mov (vfe_id,pro_codigo_plu,vfm_cantidad,vfm_unitario,vfm_total,vfm_entregado) VALUES (10991,15454,1,390,390,@@@NO@@@)','',2,'2013-09-15'),(65999,'UPDATE mae_productos SET pro_margen_actual=194.78,pro_precio_venta=395 WHERE pro_codigo_plu=589','',2,'2013-09-15'),(66000,'UPDATE mae_productos SET pro_margen_actual=8.7,pro_precio_venta=250 WHERE pro_codigo_plu=597','',2,'2013-09-15'),(66001,'UPDATE mae_productos SET pro_margen_actual=0,pro_precio_venta=3190 WHERE pro_codigo_plu=595','',2,'2013-09-15'),(66002,'INSERT INTO gne_vale_ferreteria (vfe_id,vfe_fecha,vfe_total,vfe_estado,vfe_entregado,usu_nusuario) VALUES (10992,@@@2013.09.15@@@,2800,1,0,@@@b_SAEZ@@@)','',2,'2013-09-15'),(66003,'INSERT INTO gne_vale_ferreteria_mov (vfe_id,pro_codigo_plu,vfm_cantidad,vfm_unitario,vfm_total,vfm_entregado) VALUES (10992,763996,1,2100,2100,@@@NO@@@)','',2,'2013-09-15'),(66004,'INSERT INTO gne_vale_ferreteria_mov (vfe_id,pro_codigo_plu,vfm_cantidad,vfm_unitario,vfm_total,vfm_entregado) VALUES (10992,2021,1,250,250,@@@NO@@@)','',2,'2013-09-15'),(66005,'INSERT INTO gne_vale_ferreteria_mov (vfe_id,pro_codigo_plu,vfm_cantidad,vfm_unitario,vfm_total,vfm_entregado) VALUES (10992,764278,1,300,300,@@@NO@@@)','',2,'2013-09-15'),(66006,'INSERT INTO gne_vale_ferreteria_mov (vfe_id,pro_codigo_plu,vfm_cantidad,vfm_unitario,vfm_total,vfm_entregado) VALUES (10992,764580,1,150,150,@@@NO@@@)','',2,'2013-09-15'),(66007,'INSERT INTO gne_vale_ferreteria (vfe_id,vfe_fecha,vfe_total,vfe_estado,vfe_entregado,usu_nusuario) VALUES (10993,@@@2013.09.15@@@,980,1,0,@@@b_SAEZ@@@)','',2,'2013-09-15'),(66008,'INSERT INTO gne_vale_ferreteria_mov (vfe_id,pro_codigo_plu,vfm_cantidad,vfm_unitario,vfm_total,vfm_entregado) VALUES (10993,780721351,1,200,200,@@@NO@@@)','',2,'2013-09-15'),(66009,'INSERT INTO gne_vale_ferreteria_mov (vfe_id,pro_codigo_plu,vfm_cantidad,vfm_unitario,vfm_total,vfm_entregado) VALUES (10993,764222,1,490,490,@@@NO@@@)','',2,'2013-09-15'),(66010,'INSERT INTO gne_vale_ferreteria_mov (vfe_id,pro_codigo_plu,vfm_cantidad,vfm_unitario,vfm_total,vfm_entregado) VALUES (10993,1536,1,290,290,@@@NO@@@)','',2,'2013-09-15'),(66011,'INSERT INTO gne_vale_ferreteria (vfe_id,vfe_fecha,vfe_total,vfe_estado,vfe_entregado,usu_nusuario) VALUES (10994,@@@2013.09.15@@@,1599,1,0,@@@b_SAEZ@@@)','',2,'2013-09-15'),(66012,'INSERT INTO gne_vale_ferreteria_mov (vfe_id,pro_codigo_plu,vfm_cantidad,vfm_unitario,vfm_total,vfm_entregado) VALUES (10994,15668,1,1599,1599,@@@NO@@@)','',2,'2013-09-15'),(66013,'INSERT INTO gne_vale_ferreteria (vfe_id,vfe_fecha,vfe_total,vfe_estado,vfe_entregado,usu_nusuario) VALUES (10995,@@@2013.09.15@@@,300,1,0,@@@b_SAEZ@@@)','',2,'2013-09-15'),(66014,'INSERT INTO gne_vale_ferreteria_mov (vfe_id,pro_codigo_plu,vfm_cantidad,vfm_unitario,vfm_total,vfm_entregado) VALUES (10995,78017110,2,150,300,@@@NO@@@)','',2,'2013-09-15'),(66015,'INSERT INTO gne_vale_ferreteria (vfe_id,vfe_fecha,vfe_total,vfe_estado,vfe_entregado,usu_nusuario) VALUES (10996,@@@2013.09.15@@@,790,1,0,@@@b_SAEZ@@@)','',2,'2013-09-15'),(66016,'INSERT INTO gne_vale_ferreteria_mov (vfe_id,pro_codigo_plu,vfm_cantidad,vfm_unitario,vfm_total,vfm_entregado) VALUES (10996,101104,1,790,790,@@@NO@@@)','',2,'2013-09-15'),(66017,'INSERT INTO gne_vale_ferreteria (vfe_id,vfe_fecha,vfe_total,vfe_estado,vfe_entregado,usu_nusuario) VALUES (10997,@@@2013.09.15@@@,390,1,0,@@@b_SAEZ@@@)','',2,'2013-09-15'),(66018,'INSERT INTO gne_vale_ferreteria_mov (vfe_id,pro_codigo_plu,vfm_cantidad,vfm_unitario,vfm_total,vfm_entregado) VALUES (10997,780721379,1,390,390,@@@NO@@@)','',2,'2013-09-15'),(66019,'INSERT INTO gne_vale_ferreteria (vfe_id,vfe_fecha,vfe_total,vfe_estado,vfe_entregado,usu_nusuario) VALUES (10998,@@@2013.09.15@@@,3990,1,0,@@@b_SAEZ@@@)','',2,'2013-09-15'),(66020,'INSERT INTO gne_vale_ferreteria_mov (vfe_id,pro_codigo_plu,vfm_cantidad,vfm_unitario,vfm_total,vfm_entregado) VALUES (10998,785050,1,3990,3990,@@@NO@@@)','',2,'2013-09-15'),(66021,'INSERT INTO gne_vale_ferreteria (vfe_id,vfe_fecha,vfe_total,vfe_estado,vfe_entregado,usu_nusuario) VALUES (10999,@@@2013.09.15@@@,690,1,0,@@@b_SAEZ@@@)','',2,'2013-09-15'),(66022,'INSERT INTO gne_vale_ferreteria_mov (vfe_id,pro_codigo_plu,vfm_cantidad,vfm_unitario,vfm_total,vfm_entregado) VALUES (10999,770091,1,690,690,@@@NO@@@)','',2,'2013-09-15'),(66023,'INSERT INTO gne_vale_ferreteria (vfe_id,vfe_fecha,vfe_total,vfe_estado,vfe_entregado,usu_nusuario) VALUES (11000,@@@2013.09.15@@@,1890,1,0,@@@b_SAEZ@@@)','',2,'2013-09-15'),(66024,'INSERT INTO gne_vale_ferreteria_mov (vfe_id,pro_codigo_plu,vfm_cantidad,vfm_unitario,vfm_total,vfm_entregado) VALUES (11000,101623,1,1890,1890,@@@NO@@@)','',2,'2013-09-15'),(66025,'INSERT INTO gne_vale_ferreteria (vfe_id,vfe_fecha,vfe_total,vfe_estado,vfe_entregado,usu_nusuario) VALUES (11001,@@@2013.09.15@@@,1490,1,0,@@@b_SAEZ@@@)','',2,'2013-09-15'),(66026,'INSERT INTO gne_vale_ferreteria_mov (vfe_id,pro_codigo_plu,vfm_cantidad,vfm_unitario,vfm_total,vfm_entregado) VALUES (11001,770083,1,1490,1490,@@@NO@@@)','',2,'2013-09-15'),(66027,'INSERT INTO gne_vale_ferreteria (vfe_id,vfe_fecha,vfe_total,vfe_estado,vfe_entregado,usu_nusuario) VALUES (11002,@@@2013.09.15@@@,1590,1,0,@@@b_SAEZ@@@)','',2,'2013-09-15'),(66028,'INSERT INTO gne_vale_ferreteria_mov (vfe_id,pro_codigo_plu,vfm_cantidad,vfm_unitario,vfm_total,vfm_entregado) VALUES (11002,15391,1,1590,1590,@@@NO@@@)','',2,'2013-09-15'),(66029,'INSERT INTO gne_vale_ferreteria (vfe_id,vfe_fecha,vfe_total,vfe_estado,vfe_entregado,usu_nusuario) VALUES (11003,@@@2013.09.15@@@,1000,1,0,@@@b_SAEZ@@@)','',2,'2013-09-15'),(66030,'INSERT INTO gne_vale_ferreteria_mov (vfe_id,pro_codigo_plu,vfm_cantidad,vfm_unitario,vfm_total,vfm_entregado) VALUES (11003,780721763,2,500,1000,@@@NO@@@)','',2,'2013-09-15'),(66031,'INSERT INTO gne_vale_ferreteria (vfe_id,vfe_fecha,vfe_total,vfe_estado,vfe_entregado,usu_nusuario) VALUES (11004,@@@2013.09.15@@@,300,1,0,@@@b_SAEZ@@@)','',2,'2013-09-15'),(66032,'INSERT INTO gne_vale_ferreteria_mov (vfe_id,pro_codigo_plu,vfm_cantidad,vfm_unitario,vfm_total,vfm_entregado) VALUES (11004,78017049,1,300,300,@@@NO@@@)','',2,'2013-09-15'),(66033,'INSERT INTO gne_vale_ferreteria (vfe_id,vfe_fecha,vfe_total,vfe_estado,vfe_entregado,usu_nusuario) VALUES (11005,@@@2013.09.15@@@,1590,1,0,@@@b_SAEZ@@@)','',2,'2013-09-15'),(66034,'INSERT INTO gne_vale_ferreteria_mov (vfe_id,pro_codigo_plu,vfm_cantidad,vfm_unitario,vfm_total,vfm_entregado) VALUES (11005,780721835,1,590,590,@@@NO@@@)','',2,'2013-09-15'),(66035,'INSERT INTO gne_vale_ferreteria_mov (vfe_id,pro_codigo_plu,vfm_cantidad,vfm_unitario,vfm_total,vfm_entregado) VALUES (11005,4077,5,200,1000,@@@NO@@@)','',2,'2013-09-15'),(66036,'INSERT INTO gne_vale_ferreteria (vfe_id,vfe_fecha,vfe_total,vfe_estado,vfe_entregado,usu_nusuario) VALUES (11006,@@@2013.09.15@@@,370,1,0,@@@b_SAEZ@@@)','',2,'2013-09-15'),(66037,'INSERT INTO gne_vale_ferreteria_mov (vfe_id,pro_codigo_plu,vfm_cantidad,vfm_unitario,vfm_total,vfm_entregado) VALUES (11006,102408,1,370,370,@@@NO@@@)','',2,'2013-09-15'),(66038,'INSERT INTO gne_vale_ferreteria (vfe_id,vfe_fecha,vfe_total,vfe_estado,vfe_entregado,usu_nusuario) VALUES (11007,@@@2013.09.15@@@,690,1,0,@@@b_SAEZ@@@)','',2,'2013-09-15'),(66039,'INSERT INTO gne_vale_ferreteria_mov (vfe_id,pro_codigo_plu,vfm_cantidad,vfm_unitario,vfm_total,vfm_entregado) VALUES (11007,7705005,1,690,690,@@@NO@@@)','',2,'2013-09-15'),(66040,'INSERT INTO gne_vale_ferreteria (vfe_id,vfe_fecha,vfe_total,vfe_estado,vfe_entregado,usu_nusuario) VALUES (11008,@@@2013.09.15@@@,750,1,0,@@@b_SAEZ@@@)','',2,'2013-09-15'),(66041,'INSERT INTO gne_vale_ferreteria_mov (vfe_id,pro_codigo_plu,vfm_cantidad,vfm_unitario,vfm_total,vfm_entregado) VALUES (11008,4091,3,250,750,@@@NO@@@)','',2,'2013-09-15'),(66042,'INSERT INTO gne_vale_ferreteria (vfe_id,vfe_fecha,vfe_total,vfe_estado,vfe_entregado,usu_nusuario) VALUES (11009,@@@2013.09.15@@@,3300,1,0,@@@b_SAEZ@@@)','',2,'2013-09-15'),(66043,'INSERT INTO gne_vale_ferreteria_mov (vfe_id,pro_codigo_plu,vfm_cantidad,vfm_unitario,vfm_total,vfm_entregado) VALUES (11009,7500885,30,50,1500,@@@NO@@@)','',2,'2013-09-15'),(66044,'INSERT INTO gne_vale_ferreteria_mov (vfe_id,pro_codigo_plu,vfm_cantidad,vfm_unitario,vfm_total,vfm_entregado) VALUES (11009,4801,30,30,900,@@@NO@@@)','',2,'2013-09-15'),(66045,'INSERT INTO gne_vale_ferreteria_mov (vfe_id,pro_codigo_plu,vfm_cantidad,vfm_unitario,vfm_total,vfm_entregado) VALUES (11009,770029,30,30,900,@@@NO@@@)','',2,'2013-09-15'),(66046,'INSERT INTO gne_vale_ferreteria (vfe_id,vfe_fecha,vfe_total,vfe_estado,vfe_entregado,usu_nusuario) VALUES (11010,@@@2013.09.15@@@,1150,1,0,@@@b_SAEZ@@@)','',2,'2013-09-15'),(66047,'INSERT INTO gne_vale_ferreteria_mov (vfe_id,pro_codigo_plu,vfm_cantidad,vfm_unitario,vfm_total,vfm_entregado) VALUES (11010,764435,1,1150,1150,@@@NO@@@)','',2,'2013-09-15'),(66048,'INSERT INTO gne_vale_ferreteria (vfe_id,vfe_fecha,vfe_total,vfe_estado,vfe_entregado,usu_nusuario) VALUES (11011,@@@2013.09.15@@@,120,1,0,@@@b_SAEZ@@@)','',2,'2013-09-15'),(66049,'INSERT INTO gne_vale_ferreteria_mov (vfe_id,pro_codigo_plu,vfm_cantidad,vfm_unitario,vfm_total,vfm_entregado) VALUES (11011,8022,1,120,120,@@@NO@@@)','',2,'2013-09-15'),(66050,'INSERT INTO gne_vale_ferreteria (vfe_id,vfe_fecha,vfe_total,vfe_estado,vfe_entregado,usu_nusuario) VALUES (11012,@@@2013.09.15@@@,550,1,0,@@@b_SAEZ@@@)','',2,'2013-09-15'),(66051,'INSERT INTO gne_vale_ferreteria_mov (vfe_id,pro_codigo_plu,vfm_cantidad,vfm_unitario,vfm_total,vfm_entregado) VALUES (11012,764583,1,250,250,@@@NO@@@)','',2,'2013-09-15'),(66052,'INSERT INTO gne_vale_ferreteria_mov (vfe_id,pro_codigo_plu,vfm_cantidad,vfm_unitario,vfm_total,vfm_entregado) VALUES (11012,4077,1,200,200,@@@NO@@@)','',2,'2013-09-15'),(66053,'INSERT INTO gne_vale_ferreteria_mov (vfe_id,pro_codigo_plu,vfm_cantidad,vfm_unitario,vfm_total,vfm_entregado) VALUES (11012,4130,1,100,100,@@@NO@@@)','',2,'2013-09-15'),(66054,'INSERT INTO gne_vale_ferreteria (vfe_id,vfe_fecha,vfe_total,vfe_estado,vfe_entregado,usu_nusuario) VALUES (11013,@@@2013.09.15@@@,1790,1,0,@@@b_SAEZ@@@)','',2,'2013-09-15'),(66055,'INSERT INTO gne_vale_ferreteria_mov (vfe_id,pro_codigo_plu,vfm_cantidad,vfm_unitario,vfm_total,vfm_entregado) VALUES (11013,780721735,1,1790,1790,@@@NO@@@)','',2,'2013-09-15'),(66056,'INSERT INTO gne_vale_ferreteria (vfe_id,vfe_fecha,vfe_total,vfe_estado,vfe_entregado,usu_nusuario) VALUES (11014,@@@2013.09.15@@@,200,1,0,@@@b_SAEZ@@@)','',2,'2013-09-15'),(66057,'INSERT INTO gne_vale_ferreteria_mov (vfe_id,pro_codigo_plu,vfm_cantidad,vfm_unitario,vfm_total,vfm_entregado) VALUES (11014,2011,1,200,200,@@@NO@@@)','',2,'2013-09-15'),(66058,'INSERT INTO gne_vale_ferreteria (vfe_id,vfe_fecha,vfe_total,vfe_estado,vfe_entregado,usu_nusuario) VALUES (11015,@@@2013.09.15@@@,500,1,0,@@@b_SAEZ@@@)','',2,'2013-09-15'),(66059,'INSERT INTO gne_vale_ferreteria_mov (vfe_id,pro_codigo_plu,vfm_cantidad,vfm_unitario,vfm_total,vfm_entregado) VALUES (11015,8021,2,150,300,@@@NO@@@)','',2,'2013-09-15'),(66060,'INSERT INTO gne_vale_ferreteria_mov (vfe_id,pro_codigo_plu,vfm_cantidad,vfm_unitario,vfm_total,vfm_entregado) VALUES (11015,21135,1,200,200,@@@NO@@@)','',2,'2013-09-15'),(66061,'INSERT INTO gne_vale_ferreteria (vfe_id,vfe_fecha,vfe_total,vfe_estado,vfe_entregado,usu_nusuario) VALUES (11016,@@@2013.09.15@@@,40,1,0,@@@b_SAEZ@@@)','',2,'2013-09-15'),(66062,'INSERT INTO gne_vale_ferreteria_mov (vfe_id,pro_codigo_plu,vfm_cantidad,vfm_unitario,vfm_total,vfm_entregado) VALUES (11016,780721717,2,20,40,@@@NO@@@)','',2,'2013-09-15'),(66063,'INSERT INTO gne_vale_ferreteria (vfe_id,vfe_fecha,vfe_total,vfe_estado,vfe_entregado,usu_nusuario) VALUES (11017,@@@2013.09.15@@@,1290,1,0,@@@b_SAEZ@@@)','',2,'2013-09-15'),(66064,'INSERT INTO gne_vale_ferreteria_mov (vfe_id,pro_codigo_plu,vfm_cantidad,vfm_unitario,vfm_total,vfm_entregado) VALUES (11017,764845,1,1290,1290,@@@NO@@@)','',2,'2013-09-15'),(66065,'INSERT INTO gne_vale_ferreteria (vfe_id,vfe_fecha,vfe_total,vfe_estado,vfe_entregado,usu_nusuario) VALUES (11018,@@@2013.09.15@@@,1190,1,0,@@@b_SAEZ@@@)','',2,'2013-09-15'),(66066,'INSERT INTO gne_vale_ferreteria_mov (vfe_id,pro_codigo_plu,vfm_cantidad,vfm_unitario,vfm_total,vfm_entregado) VALUES (11018,4069,1,1190,1190,@@@NO@@@)','',2,'2013-09-15'),(66067,'INSERT INTO gne_vale_ferreteria (vfe_id,vfe_fecha,vfe_total,vfe_estado,vfe_entregado,usu_nusuario) VALUES (11019,@@@2013.09.15@@@,590,1,0,@@@b_SAEZ@@@)','',2,'2013-09-15'),(66068,'INSERT INTO gne_vale_ferreteria_mov (vfe_id,pro_codigo_plu,vfm_cantidad,vfm_unitario,vfm_total,vfm_entregado) VALUES (11019,695293838,1,590,590,@@@NO@@@)','',2,'2013-09-15'),(66069,'INSERT INTO gne_vale_ferreteria (vfe_id,vfe_fecha,vfe_total,vfe_estado,vfe_entregado,usu_nusuario) VALUES (11020,@@@2013.09.15@@@,1490,1,0,@@@b_SAEZ@@@)','',2,'2013-09-15'),(66070,'INSERT INTO gne_vale_ferreteria_mov (vfe_id,pro_codigo_plu,vfm_cantidad,vfm_unitario,vfm_total,vfm_entregado) VALUES (11020,4131,6,150,900,@@@NO@@@)','',2,'2013-09-15'),(66071,'INSERT INTO gne_vale_ferreteria_mov (vfe_id,pro_codigo_plu,vfm_cantidad,vfm_unitario,vfm_total,vfm_entregado) VALUES (11020,780721835,1,590,590,@@@NO@@@)','',2,'2013-09-15'),(66072,'INSERT INTO gne_vale_ferreteria (vfe_id,vfe_fecha,vfe_total,vfe_estado,vfe_entregado,usu_nusuario) VALUES (11021,@@@2013.09.15@@@,650,1,0,@@@b_SAEZ@@@)','',2,'2013-09-15'),(66073,'INSERT INTO gne_vale_ferreteria_mov (vfe_id,pro_codigo_plu,vfm_cantidad,vfm_unitario,vfm_total,vfm_entregado) VALUES (11021,4801,2,30,60,@@@NO@@@)','',2,'2013-09-15'),(66074,'INSERT INTO gne_vale_ferreteria_mov (vfe_id,pro_codigo_plu,vfm_cantidad,vfm_unitario,vfm_total,vfm_entregado) VALUES (11021,695293838,1,590,590,@@@NO@@@)','',2,'2013-09-15'),(66075,'INSERT INTO gne_vale_ferreteria (vfe_id,vfe_fecha,vfe_total,vfe_estado,vfe_entregado,usu_nusuario) VALUES (11022,@@@2013.09.15@@@,990,1,0,@@@b_SAEZ@@@)','',2,'2013-09-15'),(66076,'INSERT INTO gne_vale_ferreteria_mov (vfe_id,pro_codigo_plu,vfm_cantidad,vfm_unitario,vfm_total,vfm_entregado) VALUES (11022,7705006,1,990,990,@@@NO@@@)','',2,'2013-09-15'),(66077,'INSERT INTO gne_vale_ferreteria (vfe_id,vfe_fecha,vfe_total,vfe_estado,vfe_entregado,usu_nusuario) VALUES (11023,@@@2013.09.15@@@,270,1,0,@@@b_SAEZ@@@)','',2,'2013-09-15'),(66078,'INSERT INTO gne_vale_ferreteria_mov (vfe_id,pro_codigo_plu,vfm_cantidad,vfm_unitario,vfm_total,vfm_entregado) VALUES (11023,78017026,3,90,270,@@@NO@@@)','',2,'2013-09-15'),(66079,'INSERT INTO gne_vale_ferreteria (vfe_id,vfe_fecha,vfe_total,vfe_estado,vfe_entregado,usu_nusuario) VALUES (11024,@@@2013.09.15@@@,440,1,0,@@@b_SAEZ@@@)','',2,'2013-09-15'),(66080,'INSERT INTO gne_vale_ferreteria_mov (vfe_id,pro_codigo_plu,vfm_cantidad,vfm_unitario,vfm_total,vfm_entregado) VALUES (11024,770065,2,120,240,@@@NO@@@)','',2,'2013-09-15'),(66081,'INSERT INTO gne_vale_ferreteria_mov (vfe_id,pro_codigo_plu,vfm_cantidad,vfm_unitario,vfm_total,vfm_entregado) VALUES (11024,1605,20,10,200,@@@NO@@@)','',2,'2013-09-15'),(66082,'INSERT INTO gne_vale_ferreteria (vfe_id,vfe_fecha,vfe_total,vfe_estado,vfe_entregado,usu_nusuario) VALUES (11025,@@@2013.09.15@@@,200,1,0,@@@b_SAEZ@@@)','',2,'2013-09-15'),(66083,'INSERT INTO gne_vale_ferreteria_mov (vfe_id,pro_codigo_plu,vfm_cantidad,vfm_unitario,vfm_total,vfm_entregado) VALUES (11025,1605,20,10,200,@@@NO@@@)','',2,'2013-09-15'),(66084,'INSERT INTO gne_vale_ferreteria (vfe_id,vfe_fecha,vfe_total,vfe_estado,vfe_entregado,usu_nusuario) VALUES (11026,@@@2013.09.15@@@,490,1,0,@@@b_SAEZ@@@)','',2,'2013-09-15'),(66085,'INSERT INTO gne_vale_ferreteria_mov (vfe_id,pro_codigo_plu,vfm_cantidad,vfm_unitario,vfm_total,vfm_entregado) VALUES (11026,770066,1,490,490,@@@NO@@@)','',2,'2013-09-15'),(66086,'INSERT INTO gne_vale_ferreteria (vfe_id,vfe_fecha,vfe_total,vfe_estado,vfe_entregado,usu_nusuario) VALUES (11027,@@@2013.09.15@@@,1100,1,0,@@@b_SAEZ@@@)','',2,'2013-09-15'),(66087,'INSERT INTO gne_vale_ferreteria_mov (vfe_id,pro_codigo_plu,vfm_cantidad,vfm_unitario,vfm_total,vfm_entregado) VALUES (11027,780721583,1,1100,1100,@@@NO@@@)','',2,'2013-09-15'),(66088,'INSERT INTO gne_vale_ferreteria (vfe_id,vfe_fecha,vfe_total,vfe_estado,vfe_entregado,usu_nusuario) VALUES (11028,@@@2013.09.15@@@,1310,1,0,@@@b_SAEZ@@@)','',2,'2013-09-15'),(66089,'INSERT INTO gne_vale_ferreteria_mov (vfe_id,pro_codigo_plu,vfm_cantidad,vfm_unitario,vfm_total,vfm_entregado) VALUES (11028,762252,1,720,720,@@@NO@@@)','',2,'2013-09-15'),(66090,'INSERT INTO gne_vale_ferreteria_mov (vfe_id,pro_codigo_plu,vfm_cantidad,vfm_unitario,vfm_total,vfm_entregado) VALUES (11028,780721379,1,390,390,@@@NO@@@)','',2,'2013-09-15'),(66091,'INSERT INTO gne_vale_ferreteria_mov (vfe_id,pro_codigo_plu,vfm_cantidad,vfm_unitario,vfm_total,vfm_entregado) VALUES (11028,1539,20,10,200,@@@NO@@@)','',2,'2013-09-15'),(66092,'INSERT INTO gne_vale_ferreteria (vfe_id,vfe_fecha,vfe_total,vfe_estado,vfe_entregado,usu_nusuario) VALUES (11029,@@@2013.09.15@@@,250,1,0,@@@b_SAEZ@@@)','',2,'2013-09-15'),(66093,'INSERT INTO gne_vale_ferreteria_mov (vfe_id,pro_codigo_plu,vfm_cantidad,vfm_unitario,vfm_total,vfm_entregado) VALUES (11029,4091,1,250,250,@@@NO@@@)','',2,'2013-09-15'),(66094,'INSERT INTO gne_vale_ferreteria (vfe_id,vfe_fecha,vfe_total,vfe_estado,vfe_entregado,usu_nusuario) VALUES (11030,@@@2013.09.15@@@,640,1,0,@@@b_SAEZ@@@)','',2,'2013-09-15'),(66095,'INSERT INTO gne_vale_ferreteria_mov (vfe_id,pro_codigo_plu,vfm_cantidad,vfm_unitario,vfm_total,vfm_entregado) VALUES (11030,14836,2,320,640,@@@NO@@@)','',2,'2013-09-15'),(66096,'INSERT INTO gne_vale_ferreteria (vfe_id,vfe_fecha,vfe_total,vfe_estado,vfe_entregado,usu_nusuario) VALUES (11031,@@@2013.09.15@@@,1360,1,0,@@@b_SAEZ@@@)','',2,'2013-09-15'),(66097,'INSERT INTO gne_vale_ferreteria_mov (vfe_id,pro_codigo_plu,vfm_cantidad,vfm_unitario,vfm_total,vfm_entregado) VALUES (11031,19866,2,680,1360,@@@NO@@@)','',2,'2013-09-15'),(66098,'INSERT INTO gne_vale_ferreteria (vfe_id,vfe_fecha,vfe_total,vfe_estado,vfe_entregado,usu_nusuario) VALUES (11032,@@@2013.09.15@@@,490,1,0,@@@b_SAEZ@@@)','',2,'2013-09-15'),(66099,'INSERT INTO gne_vale_ferreteria_mov (vfe_id,pro_codigo_plu,vfm_cantidad,vfm_unitario,vfm_total,vfm_entregado) VALUES (11032,780220183,1,490,490,@@@NO@@@)','',2,'2013-09-15'),(66100,'INSERT INTO gne_vale_ferreteria (vfe_id,vfe_fecha,vfe_total,vfe_estado,vfe_entregado,usu_nusuario) VALUES (11033,@@@2013.09.15@@@,1890,1,0,@@@b_SAEZ@@@)','',2,'2013-09-15'),(66101,'INSERT INTO gne_vale_ferreteria_mov (vfe_id,pro_codigo_plu,vfm_cantidad,vfm_unitario,vfm_total,vfm_entregado) VALUES (11033,20571,1,1890,1890,@@@NO@@@)','',2,'2013-09-15'),(66102,'INSERT INTO gne_vale_ferreteria (vfe_id,vfe_fecha,vfe_total,vfe_estado,vfe_entregado,usu_nusuario) VALUES (11034,@@@2013.09.15@@@,310,1,0,@@@b_SAEZ@@@)','',2,'2013-09-15'),(66103,'INSERT INTO gne_vale_ferreteria_mov (vfe_id,pro_codigo_plu,vfm_cantidad,vfm_unitario,vfm_total,vfm_entregado) VALUES (11034,18799,1,310,310,@@@NO@@@)','',2,'2013-09-15'),(66104,'INSERT INTO gne_vale_ferreteria (vfe_id,vfe_fecha,vfe_total,vfe_estado,vfe_entregado,usu_nusuario) VALUES (11035,@@@2013.09.15@@@,1150,1,0,@@@b_SAEZ@@@)','',2,'2013-09-15'),(66105,'INSERT INTO gne_vale_ferreteria_mov (vfe_id,pro_codigo_plu,vfm_cantidad,vfm_unitario,vfm_total,vfm_entregado) VALUES (11035,764435,1,1150,1150,@@@NO@@@)','',2,'2013-09-15'),(66106,'INSERT INTO gne_vale_ferreteria (vfe_id,vfe_fecha,vfe_total,vfe_estado,vfe_entregado,usu_nusuario) VALUES (11036,@@@2013.09.15@@@,1340,1,0,@@@b_SAEZ@@@)','',2,'2013-09-15'),(66107,'INSERT INTO gne_vale_ferreteria_mov (vfe_id,pro_codigo_plu,vfm_cantidad,vfm_unitario,vfm_total,vfm_entregado) VALUES (11036,11378,2,670,1340,@@@NO@@@)','',2,'2013-09-15'),(66108,'INSERT INTO gne_vale_ferreteria (vfe_id,vfe_fecha,vfe_total,vfe_estado,vfe_entregado,usu_nusuario) VALUES (11037,@@@2013.09.15@@@,390,1,0,@@@b_SAEZ@@@)','',2,'2013-09-15'),(66109,'INSERT INTO gne_vale_ferreteria_mov (vfe_id,pro_codigo_plu,vfm_cantidad,vfm_unitario,vfm_total,vfm_entregado) VALUES (11037,780721379,1,390,390,@@@NO@@@)','',2,'2013-09-15'),(66110,'INSERT INTO gne_vale_ferreteria (vfe_id,vfe_fecha,vfe_total,vfe_estado,vfe_entregado,usu_nusuario) VALUES (11038,@@@2013.09.15@@@,500,1,0,@@@b_SAEZ@@@)','',2,'2013-09-15'),(66111,'INSERT INTO gne_vale_ferreteria_mov (vfe_id,pro_codigo_plu,vfm_cantidad,vfm_unitario,vfm_total,vfm_entregado) VALUES (11038,780721186,2,250,500,@@@NO@@@)','',2,'2013-09-15'),(66112,'INSERT INTO gne_vale_ferreteria (vfe_id,vfe_fecha,vfe_total,vfe_estado,vfe_entregado,usu_nusuario) VALUES (11039,@@@2013.09.15@@@,1190,1,0,@@@b_SAEZ@@@)','',2,'2013-09-15'),(66113,'INSERT INTO gne_vale_ferreteria_mov (vfe_id,pro_codigo_plu,vfm_cantidad,vfm_unitario,vfm_total,vfm_entregado) VALUES (11039,101040,1,1190,1190,@@@NO@@@)','',2,'2013-09-15'),(66114,'INSERT INTO gne_vale_ferreteria (vfe_id,vfe_fecha,vfe_total,vfe_estado,vfe_entregado,usu_nusuario) VALUES (11040,@@@2013.09.15@@@,1890,1,0,@@@b_SAEZ@@@)','',2,'2013-09-15'),(66115,'INSERT INTO gne_vale_ferreteria_mov (vfe_id,pro_codigo_plu,vfm_cantidad,vfm_unitario,vfm_total,vfm_entregado) VALUES (11040,101678,1,1890,1890,@@@NO@@@)','',2,'2013-09-15'),(66116,'INSERT INTO gne_vale_ferreteria (vfe_id,vfe_fecha,vfe_total,vfe_estado,vfe_entregado,usu_nusuario) VALUES (11041,@@@2013.09.15@@@,2220,1,0,@@@b_SAEZ@@@)','',2,'2013-09-15'),(66117,'INSERT INTO gne_vale_ferreteria_mov (vfe_id,pro_codigo_plu,vfm_cantidad,vfm_unitario,vfm_total,vfm_entregado) VALUES (11041,101456,3,740,2220,@@@NO@@@)','',2,'2013-09-15'),(66118,'INSERT INTO gne_vale_ferreteria (vfe_id,vfe_fecha,vfe_total,vfe_estado,vfe_entregado,usu_nusuario) VALUES (11042,@@@2013.09.15@@@,3990,1,0,@@@b_SAEZ@@@)','',2,'2013-09-15'),(66119,'INSERT INTO gne_vale_ferreteria_mov (vfe_id,pro_codigo_plu,vfm_cantidad,vfm_unitario,vfm_total,vfm_entregado) VALUES (11042,780721117,1,3990,3990,@@@NO@@@)','',2,'2013-09-15'),(66120,'INSERT INTO gne_vale_ferreteria (vfe_id,vfe_fecha,vfe_total,vfe_estado,vfe_entregado,usu_nusuario) VALUES (11043,@@@2013.09.15@@@,20,1,0,@@@b_SAEZ@@@)','',2,'2013-09-15'),(66121,'INSERT INTO gne_vale_ferreteria_mov (vfe_id,pro_codigo_plu,vfm_cantidad,vfm_unitario,vfm_total,vfm_entregado) VALUES (11043,1539,2,10,20,@@@NO@@@)','',2,'2013-09-15'),(66122,'INSERT INTO gne_vale_ferreteria (vfe_id,vfe_fecha,vfe_total,vfe_estado,vfe_entregado,usu_nusuario) VALUES (11044,@@@2013.09.15@@@,980,1,0,@@@b_SAEZ@@@)','',2,'2013-09-15'),(66123,'INSERT INTO gne_vale_ferreteria_mov (vfe_id,pro_codigo_plu,vfm_cantidad,vfm_unitario,vfm_total,vfm_entregado) VALUES (11044,780220183,2,490,980,@@@NO@@@)','',2,'2013-09-15'),(66124,'INSERT INTO gne_vale_ferreteria (vfe_id,vfe_fecha,vfe_total,vfe_estado,vfe_entregado,usu_nusuario) VALUES (11045,@@@2013.09.15@@@,250,1,0,@@@b_SAEZ@@@)','',2,'2013-09-15'),(66125,'INSERT INTO gne_vale_ferreteria_mov (vfe_id,pro_codigo_plu,vfm_cantidad,vfm_unitario,vfm_total,vfm_entregado) VALUES (11045,763786,1,250,250,@@@NO@@@)','',2,'2013-09-15'),(66126,'INSERT INTO gne_vale_ferreteria (vfe_id,vfe_fecha,vfe_total,vfe_estado,vfe_entregado,usu_nusuario) VALUES (11046,@@@2013.09.15@@@,1790,1,0,@@@b_SAEZ@@@)','',2,'2013-09-15'),(66127,'INSERT INTO gne_vale_ferreteria_mov (vfe_id,pro_codigo_plu,vfm_cantidad,vfm_unitario,vfm_total,vfm_entregado) VALUES (11046,763697,1,1790,1790,@@@NO@@@)','',2,'2013-09-15'),(66128,'INSERT INTO gne_vale_ferreteria (vfe_id,vfe_fecha,vfe_total,vfe_estado,vfe_entregado,usu_nusuario) VALUES (11047,@@@2013.09.15@@@,200,1,0,@@@b_SAEZ@@@)','',2,'2013-09-15'),(66129,'INSERT INTO gne_vale_ferreteria_mov (vfe_id,pro_codigo_plu,vfm_cantidad,vfm_unitario,vfm_total,vfm_entregado) VALUES (11047,763851,2,100,200,@@@NO@@@)','',2,'2013-09-15'),(66130,'INSERT INTO gne_vale_ferreteria (vfe_id,vfe_fecha,vfe_total,vfe_estado,vfe_entregado,usu_nusuario) VALUES (11048,@@@2013.09.15@@@,4970,1,0,@@@b_SAEZ@@@)','',2,'2013-09-15'),(66131,'INSERT INTO gne_vale_ferreteria_mov (vfe_id,pro_codigo_plu,vfm_cantidad,vfm_unitario,vfm_total,vfm_entregado) VALUES (11048,101433,1,300,300,@@@NO@@@)','',2,'2013-09-15'),(66132,'INSERT INTO gne_vale_ferreteria_mov (vfe_id,pro_codigo_plu,vfm_cantidad,vfm_unitario,vfm_total,vfm_entregado) VALUES (11048,764019,1,970,970,@@@NO@@@)','',2,'2013-09-15'),(66133,'INSERT INTO gne_vale_ferreteria_mov (vfe_id,pro_codigo_plu,vfm_cantidad,vfm_unitario,vfm_total,vfm_entregado) VALUES (11048,761890,1,690,690,@@@NO@@@)','',2,'2013-09-15'),(66134,'INSERT INTO gne_vale_ferreteria_mov (vfe_id,pro_codigo_plu,vfm_cantidad,vfm_unitario,vfm_total,vfm_entregado) VALUES (11048,763588,1,330,330,@@@NO@@@)','',2,'2013-09-15'),(66135,'INSERT INTO gne_vale_ferreteria_mov (vfe_id,pro_codigo_plu,vfm_cantidad,vfm_unitario,vfm_total,vfm_entregado) VALUES (11048,764072,1,890,890,@@@NO@@@)','',2,'2013-09-15'),(66136,'INSERT INTO gne_vale_ferreteria_mov (vfe_id,pro_codigo_plu,vfm_cantidad,vfm_unitario,vfm_total,vfm_entregado) VALUES (11048,764729,1,1790,1790,@@@NO@@@)','',2,'2013-09-15'),(66137,'INSERT INTO gne_vale_ferreteria (vfe_id,vfe_fecha,vfe_total,vfe_estado,vfe_entregado,usu_nusuario) VALUES (11049,@@@2013.09.15@@@,3380,1,0,@@@b_SAEZ@@@)','',2,'2013-09-15'),(66138,'INSERT INTO gne_vale_ferreteria_mov (vfe_id,pro_codigo_plu,vfm_cantidad,vfm_unitario,vfm_total,vfm_entregado) VALUES (11049,780721827,1,1390,1390,@@@NO@@@)','',2,'2013-09-15'),(66139,'INSERT INTO gne_vale_ferreteria_mov (vfe_id,pro_codigo_plu,vfm_cantidad,vfm_unitario,vfm_total,vfm_entregado) VALUES (11049,780721544,1,1990,1990,@@@NO@@@)','',2,'2013-09-15'),(66140,'INSERT INTO gne_vale_ferreteria (vfe_id,vfe_fecha,vfe_total,vfe_estado,vfe_entregado,usu_nusuario) VALUES (11050,@@@2013.09.15@@@,999,1,0,@@@b_SAEZ@@@)','',2,'2013-09-15'),(66141,'INSERT INTO gne_vale_ferreteria_mov (vfe_id,pro_codigo_plu,vfm_cantidad,vfm_unitario,vfm_total,vfm_entregado) VALUES (11050,15491,1,999,999,@@@NO@@@)','',2,'2013-09-15'),(66142,'INSERT INTO gne_vale_ferreteria (vfe_id,vfe_fecha,vfe_total,vfe_estado,vfe_entregado,usu_nusuario) VALUES (11051,@@@2013.09.15@@@,490,1,0,@@@b_SAEZ@@@)','',2,'2013-09-15'),(66143,'INSERT INTO gne_vale_ferreteria_mov (vfe_id,pro_codigo_plu,vfm_cantidad,vfm_unitario,vfm_total,vfm_entregado) VALUES (11051,780220183,1,490,490,@@@NO@@@)','',2,'2013-09-15'),(66144,'INSERT INTO gne_vale_ferreteria (vfe_id,vfe_fecha,vfe_total,vfe_estado,vfe_entregado,usu_nusuario) VALUES (11052,@@@2013.09.15@@@,480,1,0,@@@b_SAEZ@@@)','',2,'2013-09-15'),(66145,'INSERT INTO gne_vale_ferreteria_mov (vfe_id,pro_codigo_plu,vfm_cantidad,vfm_unitario,vfm_total,vfm_entregado) VALUES (11052,8022,4,120,480,@@@NO@@@)','',2,'2013-09-15'),(66146,'INSERT INTO gne_vale_ferreteria (vfe_id,vfe_fecha,vfe_total,vfe_estado,vfe_entregado,usu_nusuario) VALUES (11053,@@@2013.09.15@@@,390,1,0,@@@b_SAEZ@@@)','',2,'2013-09-15'),(66147,'INSERT INTO gne_vale_ferreteria_mov (vfe_id,pro_codigo_plu,vfm_cantidad,vfm_unitario,vfm_total,vfm_entregado) VALUES (11053,780721379,1,390,390,@@@NO@@@)','',2,'2013-09-15'),(66148,'INSERT INTO gne_vale_ferreteria (vfe_id,vfe_fecha,vfe_total,vfe_estado,vfe_entregado,usu_nusuario) VALUES (11054,@@@2013.09.15@@@,100,1,0,@@@b_SAEZ@@@)','',2,'2013-09-15'),(66149,'INSERT INTO gne_vale_ferreteria_mov (vfe_id,pro_codigo_plu,vfm_cantidad,vfm_unitario,vfm_total,vfm_entregado) VALUES (11054,78017146,2,50,100,@@@NO@@@)','',2,'2013-09-15'),(66150,'INSERT INTO gne_vale_ferreteria (vfe_id,vfe_fecha,vfe_total,vfe_estado,vfe_entregado,usu_nusuario) VALUES (11055,@@@2013.09.15@@@,1320,1,0,@@@b_SAEZ@@@)','',2,'2013-09-15'),(66151,'INSERT INTO gne_vale_ferreteria_mov (vfe_id,pro_codigo_plu,vfm_cantidad,vfm_unitario,vfm_total,vfm_entregado) VALUES (11055,78017146,2,50,100,@@@NO@@@)','',2,'2013-09-15'),(66152,'INSERT INTO gne_vale_ferreteria_mov (vfe_id,pro_codigo_plu,vfm_cantidad,vfm_unitario,vfm_total,vfm_entregado) VALUES (11055,78017111,1,100,100,@@@NO@@@)','',2,'2013-09-15'),(66153,'INSERT INTO gne_vale_ferreteria_mov (vfe_id,pro_codigo_plu,vfm_cantidad,vfm_unitario,vfm_total,vfm_entregado) VALUES (11055,770000,8,50,400,@@@NO@@@)','',2,'2013-09-15'),(66154,'INSERT INTO gne_vale_ferreteria_mov (vfe_id,pro_codigo_plu,vfm_cantidad,vfm_unitario,vfm_total,vfm_entregado) VALUES (11055,78017112,1,120,120,@@@NO@@@)','',2,'2013-09-15'),(66155,'INSERT INTO gne_vale_ferreteria_mov (vfe_id,pro_codigo_plu,vfm_cantidad,vfm_unitario,vfm_total,vfm_entregado) VALUES (11055,780721278,1,390,390,@@@NO@@@)','',2,'2013-09-15'),(66156,'INSERT INTO gne_vale_ferreteria_mov (vfe_id,pro_codigo_plu,vfm_cantidad,vfm_unitario,vfm_total,vfm_entregado) VALUES (11055,78017028,3,70,210,@@@NO@@@)','',2,'2013-09-15'),(66157,'INSERT INTO gne_vale_ferreteria (vfe_id,vfe_fecha,vfe_total,vfe_estado,vfe_entregado,usu_nusuario) VALUES (11056,@@@2013.09.15@@@,780,1,0,@@@b_SAEZ@@@)','',2,'2013-09-15'),(66158,'INSERT INTO gne_vale_ferreteria_mov (vfe_id,pro_codigo_plu,vfm_cantidad,vfm_unitario,vfm_total,vfm_entregado) VALUES (11056,780721379,2,390,780,@@@NO@@@)','',2,'2013-09-15'),(66159,'INSERT INTO gne_vale_ferreteria (vfe_id,vfe_fecha,vfe_total,vfe_estado,vfe_entregado,usu_nusuario) VALUES (11057,@@@2013.09.15@@@,495,1,0,@@@b_SAEZ@@@)','',2,'2013-09-15'),(66160,'INSERT INTO gne_vale_ferreteria_mov (vfe_id,pro_codigo_plu,vfm_cantidad,vfm_unitario,vfm_total,vfm_entregado) VALUES (11057,21117,1,495,495,@@@NO@@@)','',2,'2013-09-15'),(66161,'INSERT INTO gne_vale_ferreteria (vfe_id,vfe_fecha,vfe_total,vfe_estado,vfe_entregado,usu_nusuario) VALUES (11058,@@@2013.09.15@@@,2400,1,0,@@@b_SAEZ@@@)','',2,'2013-09-15'),(66162,'INSERT INTO gne_vale_ferreteria_mov (vfe_id,pro_codigo_plu,vfm_cantidad,vfm_unitario,vfm_total,vfm_entregado) VALUES (11058,770029,30,30,900,@@@NO@@@)','',2,'2013-09-15'),(66163,'INSERT INTO gne_vale_ferreteria_mov (vfe_id,pro_codigo_plu,vfm_cantidad,vfm_unitario,vfm_total,vfm_entregado) VALUES (11058,764580,10,150,1500,@@@NO@@@)','',2,'2013-09-15'),(66164,'INSERT INTO gne_vale_ferreteria (vfe_id,vfe_fecha,vfe_total,vfe_estado,vfe_entregado,usu_nusuario) VALUES (11059,@@@2013.09.15@@@,390,1,0,@@@b_SAEZ@@@)','',2,'2013-09-15'),(66165,'INSERT INTO gne_vale_ferreteria_mov (vfe_id,pro_codigo_plu,vfm_cantidad,vfm_unitario,vfm_total,vfm_entregado) VALUES (11059,780721420,1,390,390,@@@NO@@@)','',2,'2013-09-15'),(66166,'INSERT INTO gne_vale_ferreteria (vfe_id,vfe_fecha,vfe_total,vfe_estado,vfe_entregado,usu_nusuario) VALUES (11060,@@@2013.09.15@@@,1490,1,0,@@@b_SAEZ@@@)','',2,'2013-09-15'),(66167,'INSERT INTO gne_vale_ferreteria_mov (vfe_id,pro_codigo_plu,vfm_cantidad,vfm_unitario,vfm_total,vfm_entregado) VALUES (11060,780721584,1,1490,1490,@@@NO@@@)','',2,'2013-09-15'),(66168,'INSERT INTO gne_vale_ferreteria (vfe_id,vfe_fecha,vfe_total,vfe_estado,vfe_entregado,usu_nusuario) VALUES (11061,@@@2013.09.15@@@,900,1,0,@@@b_SAEZ@@@)','',2,'2013-09-15'),(66169,'INSERT INTO gne_vale_ferreteria_mov (vfe_id,pro_codigo_plu,vfm_cantidad,vfm_unitario,vfm_total,vfm_entregado) VALUES (11061,12000,3,300,900,@@@NO@@@)','',2,'2013-09-15'),(66170,'INSERT INTO gne_vale_ferreteria (vfe_id,vfe_fecha,vfe_total,vfe_estado,vfe_entregado,usu_nusuario) VALUES (11062,@@@2013.09.15@@@,1200,1,0,@@@b_SAEZ@@@)','',2,'2013-09-15'),(66171,'INSERT INTO gne_vale_ferreteria_mov (vfe_id,pro_codigo_plu,vfm_cantidad,vfm_unitario,vfm_total,vfm_entregado) VALUES (11062,12000,4,300,1200,@@@NO@@@)','',2,'2013-09-15'),(66172,'INSERT INTO gne_vale_ferreteria (vfe_id,vfe_fecha,vfe_total,vfe_estado,vfe_entregado,usu_nusuario) VALUES (11063,@@@2013.09.15@@@,150,1,0,@@@b_SAEZ@@@)','',2,'2013-09-15'),(66173,'INSERT INTO gne_vale_ferreteria_mov (vfe_id,pro_codigo_plu,vfm_cantidad,vfm_unitario,vfm_total,vfm_entregado) VALUES (11063,8021,1,150,150,@@@NO@@@)','',2,'2013-09-15'),(66174,'INSERT INTO gne_vale_ferreteria (vfe_id,vfe_fecha,vfe_total,vfe_estado,vfe_entregado,usu_nusuario) VALUES (11064,@@@2013.09.15@@@,750,1,0,@@@b_SAEZ@@@)','',2,'2013-09-15'),(66175,'INSERT INTO gne_vale_ferreteria_mov (vfe_id,pro_codigo_plu,vfm_cantidad,vfm_unitario,vfm_total,vfm_entregado) VALUES (11064,764580,5,150,750,@@@NO@@@)','',2,'2013-09-15'),(66176,'INSERT INTO gne_vale_ferreteria (vfe_id,vfe_fecha,vfe_total,vfe_estado,vfe_entregado,usu_nusuario) VALUES (11065,@@@2013.09.15@@@,690,1,0,@@@b_SAEZ@@@)','',2,'2013-09-15'),(66177,'INSERT INTO gne_vale_ferreteria_mov (vfe_id,pro_codigo_plu,vfm_cantidad,vfm_unitario,vfm_total,vfm_entregado) VALUES (11065,4082,1,690,690,@@@NO@@@)','',2,'2013-09-15'),(66178,'INSERT INTO gne_vale_ferreteria (vfe_id,vfe_fecha,vfe_total,vfe_estado,vfe_entregado,usu_nusuario) VALUES (11066,@@@2013.09.15@@@,250,1,0,@@@b_SAEZ@@@)','',2,'2013-09-15'),(66179,'INSERT INTO gne_vale_ferreteria_mov (vfe_id,pro_codigo_plu,vfm_cantidad,vfm_unitario,vfm_total,vfm_entregado) VALUES (11066,780220102,1,250,250,@@@NO@@@)','',2,'2013-09-15'),(66180,'INSERT INTO gne_vale_ferreteria (vfe_id,vfe_fecha,vfe_total,vfe_estado,vfe_entregado,usu_nusuario) VALUES (11067,@@@2013.09.15@@@,250,1,0,@@@b_SAEZ@@@)','',2,'2013-09-15'),(66181,'INSERT INTO gne_vale_ferreteria_mov (vfe_id,pro_codigo_plu,vfm_cantidad,vfm_unitario,vfm_total,vfm_entregado) VALUES (11067,4091,1,250,250,@@@NO@@@)','',2,'2013-09-15'),(66182,'INSERT INTO gne_vale_ferreteria (vfe_id,vfe_fecha,vfe_total,vfe_estado,vfe_entregado,usu_nusuario) VALUES (11068,@@@2013.09.15@@@,20,1,0,@@@b_SAEZ@@@)','',2,'2013-09-15'),(66183,'INSERT INTO gne_vale_ferreteria_mov (vfe_id,pro_codigo_plu,vfm_cantidad,vfm_unitario,vfm_total,vfm_entregado) VALUES (11068,780721717,1,20,20,@@@NO@@@)','',2,'2013-09-15'),(66184,'INSERT INTO gne_vale_ferreteria (vfe_id,vfe_fecha,vfe_total,vfe_estado,vfe_entregado,usu_nusuario) VALUES (11069,@@@2013.09.15@@@,20,1,0,@@@b_SAEZ@@@)','',2,'2013-09-15'),(66185,'INSERT INTO gne_vale_ferreteria_mov (vfe_id,pro_codigo_plu,vfm_cantidad,vfm_unitario,vfm_total,vfm_entregado) VALUES (11069,780721717,1,20,20,@@@NO@@@)','',2,'2013-09-15'),(66186,'INSERT INTO gne_vale_ferreteria (vfe_id,vfe_fecha,vfe_total,vfe_estado,vfe_entregado,usu_nusuario) VALUES (11070,@@@2013.09.15@@@,499,1,0,@@@b_SAEZ@@@)','',2,'2013-09-15'),(66187,'INSERT INTO gne_vale_ferreteria_mov (vfe_id,pro_codigo_plu,vfm_cantidad,vfm_unitario,vfm_total,vfm_entregado) VALUES (11070,764285,1,499,499,@@@NO@@@)','',2,'2013-09-15'),(66188,'INSERT INTO gne_vale_ferreteria (vfe_id,vfe_fecha,vfe_total,vfe_estado,vfe_entregado,usu_nusuario) VALUES (11071,@@@2013.09.15@@@,990,1,0,@@@b_SAEZ@@@)','',2,'2013-09-15'),(66189,'INSERT INTO gne_vale_ferreteria_mov (vfe_id,pro_codigo_plu,vfm_cantidad,vfm_unitario,vfm_total,vfm_entregado) VALUES (11071,19956,1,990,990,@@@NO@@@)','',2,'2013-09-15'),(66190,'INSERT INTO gne_vale_ferreteria (vfe_id,vfe_fecha,vfe_total,vfe_estado,vfe_entregado,usu_nusuario) VALUES (11072,@@@2013.09.15@@@,200,1,0,@@@b_SAEZ@@@)','',2,'2013-09-15'),(66191,'INSERT INTO gne_vale_ferreteria_mov (vfe_id,pro_codigo_plu,vfm_cantidad,vfm_unitario,vfm_total,vfm_entregado) VALUES (11072,3131,1,200,200,@@@NO@@@)','',2,'2013-09-15'),(66192,'INSERT INTO gne_vale_ferreteria (vfe_id,vfe_fecha,vfe_total,vfe_estado,vfe_entregado,usu_nusuario) VALUES (11073,@@@2013.09.15@@@,3280,1,0,@@@b_SAEZ@@@)','',2,'2013-09-15'),(66193,'INSERT INTO gne_vale_ferreteria_mov (vfe_id,pro_codigo_plu,vfm_cantidad,vfm_unitario,vfm_total,vfm_entregado) VALUES (11073,20595,1,2290,2290,@@@NO@@@)','',2,'2013-09-15'),(66194,'INSERT INTO gne_vale_ferreteria_mov (vfe_id,pro_codigo_plu,vfm_cantidad,vfm_unitario,vfm_total,vfm_entregado) VALUES (11073,780721750,1,990,990,@@@NO@@@)','',2,'2013-09-15'),(66195,'INSERT INTO gne_vale_ferreteria (vfe_id,vfe_fecha,vfe_total,vfe_estado,vfe_entregado,usu_nusuario) VALUES (11074,@@@2013.09.15@@@,300,1,0,@@@b_SAEZ@@@)','',2,'2013-09-15'),(66196,'INSERT INTO gne_vale_ferreteria_mov (vfe_id,pro_codigo_plu,vfm_cantidad,vfm_unitario,vfm_total,vfm_entregado) VALUES (11074,1542,3,100,300,@@@NO@@@)','',2,'2013-09-15'),(66197,'INSERT INTO gne_vale_ferreteria (vfe_id,vfe_fecha,vfe_total,vfe_estado,vfe_entregado,usu_nusuario) VALUES (11075,@@@2013.09.15@@@,250,1,0,@@@b_SAEZ@@@)','',2,'2013-09-15'),(66198,'INSERT INTO gne_vale_ferreteria_mov (vfe_id,pro_codigo_plu,vfm_cantidad,vfm_unitario,vfm_total,vfm_entregado) VALUES (11075,780721186,1,250,250,@@@NO@@@)','',2,'2013-09-15'),(66199,'INSERT INTO gne_vale_ferreteria (vfe_id,vfe_fecha,vfe_total,vfe_estado,vfe_entregado,usu_nusuario) VALUES (11076,@@@2013.09.15@@@,50,1,0,@@@b_SAEZ@@@)','',2,'2013-09-15'),(66200,'INSERT INTO gne_vale_ferreteria_mov (vfe_id,pro_codigo_plu,vfm_cantidad,vfm_unitario,vfm_total,vfm_entregado) VALUES (11076,780220123,1,50,50,@@@NO@@@)','',2,'2013-09-15'),(66201,'INSERT INTO gne_vale_ferreteria (vfe_id,vfe_fecha,vfe_total,vfe_estado,vfe_entregado,usu_nusuario) VALUES (11077,@@@2013.09.15@@@,330,1,0,@@@b_SAEZ@@@)','',2,'2013-09-15'),(66202,'INSERT INTO gne_vale_ferreteria_mov (vfe_id,pro_codigo_plu,vfm_cantidad,vfm_unitario,vfm_total,vfm_entregado) VALUES (11077,764778,1,330,330,@@@NO@@@)','',2,'2013-09-15'),(66203,'INSERT INTO gne_vale_ferreteria (vfe_id,vfe_fecha,vfe_total,vfe_estado,vfe_entregado,usu_nusuario) VALUES (11078,@@@2013.09.15@@@,220,1,0,@@@b_SAEZ@@@)','',2,'2013-09-15'),(66204,'INSERT INTO gne_vale_ferreteria_mov (vfe_id,pro_codigo_plu,vfm_cantidad,vfm_unitario,vfm_total,vfm_entregado) VALUES (11078,780721807,1,220,220,@@@NO@@@)','',2,'2013-09-15'),(66205,'INSERT INTO gne_vale_ferreteria (vfe_id,vfe_fecha,vfe_total,vfe_estado,vfe_entregado,usu_nusuario) VALUES (11079,@@@2013.09.15@@@,2190,1,0,@@@b_SAEZ@@@)','',2,'2013-09-15'),(66206,'INSERT INTO gne_vale_ferreteria_mov (vfe_id,pro_codigo_plu,vfm_cantidad,vfm_unitario,vfm_total,vfm_entregado) VALUES (11079,780721743,1,2190,2190,@@@NO@@@)','',2,'2013-09-15'),(66207,'INSERT INTO gne_vale_ferreteria (vfe_id,vfe_fecha,vfe_total,vfe_estado,vfe_entregado,usu_nusuario) VALUES (11080,@@@2013.09.15@@@,750,1,0,@@@b_SAEZ@@@)','',2,'2013-09-15'),(66208,'INSERT INTO gne_vale_ferreteria_mov (vfe_id,pro_codigo_plu,vfm_cantidad,vfm_unitario,vfm_total,vfm_entregado) VALUES (11080,100397,1,750,750,@@@NO@@@)','',2,'2013-09-15'),(66209,'INSERT INTO gne_vale_ferreteria (vfe_id,vfe_fecha,vfe_total,vfe_estado,vfe_entregado,usu_nusuario) VALUES (11081,@@@2013.09.15@@@,400,1,0,@@@b_SAEZ@@@)','',2,'2013-09-15'),(66210,'INSERT INTO gne_vale_ferreteria_mov (vfe_id,pro_codigo_plu,vfm_cantidad,vfm_unitario,vfm_total,vfm_entregado) VALUES (11081,4077,2,200,400,@@@NO@@@)','',2,'2013-09-15'),(66211,'INSERT INTO gne_vale_ferreteria (vfe_id,vfe_fecha,vfe_total,vfe_estado,vfe_entregado,usu_nusuario) VALUES (11082,@@@2013.09.15@@@,2390,1,0,@@@b_SAEZ@@@)','',2,'2013-09-15'),(66212,'INSERT INTO gne_vale_ferreteria_mov (vfe_id,pro_codigo_plu,vfm_cantidad,vfm_unitario,vfm_total,vfm_entregado) VALUES (11082,780721622,1,2390,2390,@@@NO@@@)','',2,'2013-09-15'),(66213,'INSERT INTO gne_vale_ferreteria (vfe_id,vfe_fecha,vfe_total,vfe_estado,vfe_entregado,usu_nusuario) VALUES (11083,@@@2013.09.15@@@,800,1,0,@@@b_SAEZ@@@)','',2,'2013-09-15'),(66214,'INSERT INTO gne_vale_ferreteria_mov (vfe_id,pro_codigo_plu,vfm_cantidad,vfm_unitario,vfm_total,vfm_entregado) VALUES (11083,78017018,1,150,150,@@@NO@@@)','',2,'2013-09-15'),(66215,'INSERT INTO gne_vale_ferreteria_mov (vfe_id,pro_codigo_plu,vfm_cantidad,vfm_unitario,vfm_total,vfm_entregado) VALUES (11083,780721668,1,650,650,@@@NO@@@)','',2,'2013-09-15'),(66216,'INSERT INTO gne_vale_ferreteria (vfe_id,vfe_fecha,vfe_total,vfe_estado,vfe_entregado,usu_nusuario) VALUES (11084,@@@2013.09.15@@@,4990,1,0,@@@b_SAEZ@@@)','',2,'2013-09-15'),(66217,'INSERT INTO gne_vale_ferreteria_mov (vfe_id,pro_codigo_plu,vfm_cantidad,vfm_unitario,vfm_total,vfm_entregado) VALUES (11084,780721470,1,4190,4190,@@@NO@@@)','',2,'2013-09-15'),(66218,'INSERT INTO gne_vale_ferreteria_mov (vfe_id,pro_codigo_plu,vfm_cantidad,vfm_unitario,vfm_total,vfm_entregado) VALUES (11084,770001,10,80,800,@@@NO@@@)','',2,'2013-09-15'),(66219,'INSERT INTO gne_vale_ferreteria (vfe_id,vfe_fecha,vfe_total,vfe_estado,vfe_entregado,usu_nusuario) VALUES (11085,@@@2013.09.15@@@,2290,1,0,@@@b_SAEZ@@@)','',2,'2013-09-15'),(66220,'INSERT INTO gne_vale_ferreteria_mov (vfe_id,pro_codigo_plu,vfm_cantidad,vfm_unitario,vfm_total,vfm_entregado) VALUES (11085,20595,1,2290,2290,@@@NO@@@)','',2,'2013-09-15'),(66221,'INSERT INTO gne_vale_ferreteria (vfe_id,vfe_fecha,vfe_total,vfe_estado,vfe_entregado,usu_nusuario) VALUES (11086,@@@2013.09.15@@@,1690,1,0,@@@b_SAEZ@@@)','',2,'2013-09-15'),(66222,'INSERT INTO gne_vale_ferreteria_mov (vfe_id,pro_codigo_plu,vfm_cantidad,vfm_unitario,vfm_total,vfm_entregado) VALUES (11086,763968,1,1690,1690,@@@NO@@@)','',2,'2013-09-15'),(66223,'INSERT INTO gne_vale_ferreteria (vfe_id,vfe_fecha,vfe_total,vfe_estado,vfe_entregado,usu_nusuario) VALUES (11087,@@@2013.09.15@@@,590,1,0,@@@b_SAEZ@@@)','',2,'2013-09-15'),(66224,'INSERT INTO gne_vale_ferreteria_mov (vfe_id,pro_codigo_plu,vfm_cantidad,vfm_unitario,vfm_total,vfm_entregado) VALUES (11087,780721516,1,590,590,@@@NO@@@)','',2,'2013-09-15'),(66225,'INSERT INTO gne_vale_ferreteria (vfe_id,vfe_fecha,vfe_total,vfe_estado,vfe_entregado,usu_nusuario) VALUES (11088,@@@2013.09.15@@@,2989,1,0,@@@b_SAEZ@@@)','',2,'2013-09-15'),(66226,'INSERT INTO gne_vale_ferreteria_mov (vfe_id,pro_codigo_plu,vfm_cantidad,vfm_unitario,vfm_total,vfm_entregado) VALUES (11088,763613,1,999,999,@@@NO@@@)','',2,'2013-09-15'),(66227,'INSERT INTO gne_vale_ferreteria_mov (vfe_id,pro_codigo_plu,vfm_cantidad,vfm_unitario,vfm_total,vfm_entregado) VALUES (11088,990001,1,1990,1990,@@@NO@@@)','',2,'2013-09-15'),(66228,'INSERT INTO gne_vale_ferreteria (vfe_id,vfe_fecha,vfe_total,vfe_estado,vfe_entregado,usu_nusuario) VALUES (11089,@@@2013.09.15@@@,2490,1,0,@@@b_SAEZ@@@)','',2,'2013-09-15'),(66229,'INSERT INTO gne_vale_ferreteria_mov (vfe_id,pro_codigo_plu,vfm_cantidad,vfm_unitario,vfm_total,vfm_entregado) VALUES (11089,1110,1,2490,2490,@@@NO@@@)','',2,'2013-09-15'),(66230,'INSERT INTO gne_vale_ferreteria (vfe_id,vfe_fecha,vfe_total,vfe_estado,vfe_entregado,usu_nusuario) VALUES (11090,@@@2013.09.15@@@,150,1,0,@@@b_SAEZ@@@)','',2,'2013-09-15'),(66231,'INSERT INTO gne_vale_ferreteria_mov (vfe_id,pro_codigo_plu,vfm_cantidad,vfm_unitario,vfm_total,vfm_entregado) VALUES (11090,770000,3,50,150,@@@NO@@@)','',2,'2013-09-15'),(66232,'INSERT INTO gne_vale_ferreteria (vfe_id,vfe_fecha,vfe_total,vfe_estado,vfe_entregado,usu_nusuario) VALUES (11091,@@@2013.09.15@@@,1840,1,0,@@@b_SAEZ@@@)','',2,'2013-09-15'),(66233,'INSERT INTO gne_vale_ferreteria_mov (vfe_id,pro_codigo_plu,vfm_cantidad,vfm_unitario,vfm_total,vfm_entregado) VALUES (11091,764564,1,1490,1490,@@@NO@@@)','',2,'2013-09-15'),(66234,'INSERT INTO gne_vale_ferreteria_mov (vfe_id,pro_codigo_plu,vfm_cantidad,vfm_unitario,vfm_total,vfm_entregado) VALUES (11091,4074,1,350,350,@@@NO@@@)','',2,'2013-09-15'),(66235,'INSERT INTO gne_vale_ferreteria (vfe_id,vfe_fecha,vfe_total,vfe_estado,vfe_entregado,usu_nusuario) VALUES (11092,@@@2013.09.15@@@,3290,1,0,@@@b_SAEZ@@@)','',2,'2013-09-15'),(66236,'INSERT INTO gne_vale_ferreteria_mov (vfe_id,pro_codigo_plu,vfm_cantidad,vfm_unitario,vfm_total,vfm_entregado) VALUES (11092,4067,1,3290,3290,@@@NO@@@)','',2,'2013-09-15'),(66237,'INSERT INTO gne_vale_ferreteria (vfe_id,vfe_fecha,vfe_total,vfe_estado,vfe_entregado,usu_nusuario) VALUES (11093,@@@2013.09.15@@@,880,1,0,@@@b_SAEZ@@@)','',2,'2013-09-15'),(66238,'INSERT INTO gne_vale_ferreteria_mov (vfe_id,pro_codigo_plu,vfm_cantidad,vfm_unitario,vfm_total,vfm_entregado) VALUES (11093,78017020,2,390,780,@@@NO@@@)','',2,'2013-09-15'),(66239,'INSERT INTO gne_vale_ferreteria_mov (vfe_id,pro_codigo_plu,vfm_cantidad,vfm_unitario,vfm_total,vfm_entregado) VALUES (11093,4130,1,100,100,@@@NO@@@)','',2,'2013-09-15'),(66240,'INSERT INTO gne_vale_ferreteria (vfe_id,vfe_fecha,vfe_total,vfe_estado,vfe_entregado,usu_nusuario) VALUES (11094,@@@2013.09.15@@@,45,1,0,@@@b_SAEZ@@@)','',2,'2013-09-15'),(66241,'INSERT INTO gne_vale_ferreteria_mov (vfe_id,pro_codigo_plu,vfm_cantidad,vfm_unitario,vfm_total,vfm_entregado) VALUES (11094,13229,3,15,45,@@@NO@@@)','',2,'2013-09-15'),(66242,'INSERT INTO gne_vale_ferreteria (vfe_id,vfe_fecha,vfe_total,vfe_estado,vfe_entregado,usu_nusuario) VALUES (11095,@@@2013.09.15@@@,540,1,0,@@@b_SAEZ@@@)','',2,'2013-09-15'),(66243,'INSERT INTO gne_vale_ferreteria_mov (vfe_id,pro_codigo_plu,vfm_cantidad,vfm_unitario,vfm_total,vfm_entregado) VALUES (11095,19916,1,540,540,@@@NO@@@)','',2,'2013-09-15'),(66244,'INSERT INTO gne_vale_ferreteria (vfe_id,vfe_fecha,vfe_total,vfe_estado,vfe_entregado,usu_nusuario) VALUES (11096,@@@2013.09.15@@@,260,1,0,@@@b_SAEZ@@@)','',2,'2013-09-15'),(66245,'INSERT INTO gne_vale_ferreteria_mov (vfe_id,pro_codigo_plu,vfm_cantidad,vfm_unitario,vfm_total,vfm_entregado) VALUES (11096,78016966,13,20,260,@@@NO@@@)','',2,'2013-09-15'),(66246,'INSERT INTO gne_vale_ferreteria (vfe_id,vfe_fecha,vfe_total,vfe_estado,vfe_entregado,usu_nusuario) VALUES (11097,@@@2013.09.15@@@,450,1,0,@@@b_SAEZ@@@)','',2,'2013-09-15'),(66247,'INSERT INTO gne_vale_ferreteria_mov (vfe_id,pro_codigo_plu,vfm_cantidad,vfm_unitario,vfm_total,vfm_entregado) VALUES (11097,780721808,1,450,450,@@@NO@@@)','',2,'2013-09-15'),(66248,'INSERT INTO gne_vale_ferreteria (vfe_id,vfe_fecha,vfe_total,vfe_estado,vfe_entregado,usu_nusuario) VALUES (11098,@@@2013.09.15@@@,690,1,0,@@@b_SAEZ@@@)','',2,'2013-09-15'),(66249,'INSERT INTO gne_vale_ferreteria_mov (vfe_id,pro_codigo_plu,vfm_cantidad,vfm_unitario,vfm_total,vfm_entregado) VALUES (11098,19804,1,690,690,@@@NO@@@)','',2,'2013-09-15'),(66250,'INSERT INTO gne_vale_ferreteria (vfe_id,vfe_fecha,vfe_total,vfe_estado,vfe_entregado,usu_nusuario) VALUES (11099,@@@2013.09.15@@@,680,1,0,@@@b_SAEZ@@@)','',2,'2013-09-15'),(66251,'INSERT INTO gne_vale_ferreteria_mov (vfe_id,pro_codigo_plu,vfm_cantidad,vfm_unitario,vfm_total,vfm_entregado) VALUES (11099,19866,1,680,680,@@@NO@@@)','',2,'2013-09-15'),(66252,'INSERT INTO gne_vale_ferreteria (vfe_id,vfe_fecha,vfe_total,vfe_estado,vfe_entregado,usu_nusuario) VALUES (11100,@@@2013.09.15@@@,40,1,0,@@@b_SAEZ@@@)','',2,'2013-09-15'),(66253,'INSERT INTO gne_vale_ferreteria_mov (vfe_id,pro_codigo_plu,vfm_cantidad,vfm_unitario,vfm_total,vfm_entregado) VALUES (11100,1539,4,10,40,@@@NO@@@)','',2,'2013-09-15'),(66254,'INSERT INTO gne_vale_ferreteria (vfe_id,vfe_fecha,vfe_total,vfe_estado,vfe_entregado,usu_nusuario) VALUES (11101,@@@2013.09.15@@@,1990,1,0,@@@b_SAEZ@@@)','',2,'2013-09-15'),(66255,'INSERT INTO gne_vale_ferreteria_mov (vfe_id,pro_codigo_plu,vfm_cantidad,vfm_unitario,vfm_total,vfm_entregado) VALUES (11101,764916,1,1990,1990,@@@NO@@@)','',2,'2013-09-15'),(66256,'INSERT INTO gne_vale_ferreteria (vfe_id,vfe_fecha,vfe_total,vfe_estado,vfe_entregado,usu_nusuario) VALUES (11102,@@@2013.09.15@@@,2490,1,0,@@@b_SAEZ@@@)','',2,'2013-09-15'),(66257,'INSERT INTO gne_vale_ferreteria_mov (vfe_id,pro_codigo_plu,vfm_cantidad,vfm_unitario,vfm_total,vfm_entregado) VALUES (11102,764753,1,2490,2490,@@@NO@@@)','',2,'2013-09-15'),(66258,'INSERT INTO gne_vale_ferreteria (vfe_id,vfe_fecha,vfe_total,vfe_estado,vfe_entregado,usu_nusuario) VALUES (11103,@@@2013.09.15@@@,1590,1,0,@@@b_SAEZ@@@)','',2,'2013-09-15'),(66259,'INSERT INTO gne_vale_ferreteria_mov (vfe_id,pro_codigo_plu,vfm_cantidad,vfm_unitario,vfm_total,vfm_entregado) VALUES (11103,775010,1,1590,1590,@@@NO@@@)','',2,'2013-09-15'),(66260,'INSERT INTO gne_vale_ferreteria (vfe_id,vfe_fecha,vfe_total,vfe_estado,vfe_entregado,usu_nusuario) VALUES (11104,@@@2013.09.15@@@,1590,1,0,@@@b_SAEZ@@@)','',2,'2013-09-15'),(66261,'INSERT INTO gne_vale_ferreteria_mov (vfe_id,pro_codigo_plu,vfm_cantidad,vfm_unitario,vfm_total,vfm_entregado) VALUES (11104,775010,1,1590,1590,@@@NO@@@)','',2,'2013-09-15'),(66262,'INSERT INTO gne_vale_ferreteria (vfe_id,vfe_fecha,vfe_total,vfe_estado,vfe_entregado,usu_nusuario) VALUES (11105,@@@2013.09.15@@@,3780,1,0,@@@b_SAEZ@@@)','',2,'2013-09-15'),(66263,'INSERT INTO gne_vale_ferreteria_mov (vfe_id,pro_codigo_plu,vfm_cantidad,vfm_unitario,vfm_total,vfm_entregado) VALUES (11105,761644,1,1990,1990,@@@NO@@@)','',2,'2013-09-15'),(66264,'INSERT INTO gne_vale_ferreteria_mov (vfe_id,pro_codigo_plu,vfm_cantidad,vfm_unitario,vfm_total,vfm_entregado) VALUES (11105,20476,1,1790,1790,@@@NO@@@)','',2,'2013-09-15'),(66265,'INSERT INTO gne_vale_ferreteria (vfe_id,vfe_fecha,vfe_total,vfe_estado,vfe_entregado,usu_nusuario) VALUES (11106,@@@2013.09.15@@@,540,1,0,@@@b_SAEZ@@@)','',2,'2013-09-15'),(66266,'INSERT INTO gne_vale_ferreteria_mov (vfe_id,pro_codigo_plu,vfm_cantidad,vfm_unitario,vfm_total,vfm_entregado) VALUES (11106,1539,10,10,100,@@@NO@@@)','',2,'2013-09-15'),(66267,'INSERT INTO gne_vale_ferreteria_mov (vfe_id,pro_codigo_plu,vfm_cantidad,vfm_unitario,vfm_total,vfm_entregado) VALUES (11106,780721379,1,390,390,@@@NO@@@)','',2,'2013-09-15'),(66268,'INSERT INTO gne_vale_ferreteria_mov (vfe_id,pro_codigo_plu,vfm_cantidad,vfm_unitario,vfm_total,vfm_entregado) VALUES (11106,4092,1,50,50,@@@NO@@@)','',2,'2013-09-15'),(66269,'INSERT INTO gne_vale_ferreteria (vfe_id,vfe_fecha,vfe_total,vfe_estado,vfe_entregado,usu_nusuario) VALUES (11107,@@@2013.09.15@@@,150,1,0,@@@b_SAEZ@@@)','',2,'2013-09-15'),(66270,'INSERT INTO gne_vale_ferreteria_mov (vfe_id,pro_codigo_plu,vfm_cantidad,vfm_unitario,vfm_total,vfm_entregado) VALUES (11107,1539,10,10,100,@@@NO@@@)','',2,'2013-09-15'),(66271,'INSERT INTO gne_vale_ferreteria_mov (vfe_id,pro_codigo_plu,vfm_cantidad,vfm_unitario,vfm_total,vfm_entregado) VALUES (11107,4092,1,50,50,@@@NO@@@)','',2,'2013-09-15'),(66272,'INSERT INTO gne_vale_ferreteria (vfe_id,vfe_fecha,vfe_total,vfe_estado,vfe_entregado,usu_nusuario) VALUES (11108,@@@2013.09.15@@@,2320,1,0,@@@b_SAEZ@@@)','',2,'2013-09-15'),(66273,'INSERT INTO gne_vale_ferreteria_mov (vfe_id,pro_codigo_plu,vfm_cantidad,vfm_unitario,vfm_total,vfm_entregado) VALUES (11108,78017114,1,1950,1950,@@@NO@@@)','',2,'2013-09-15'),(66274,'INSERT INTO gne_vale_ferreteria_mov (vfe_id,pro_codigo_plu,vfm_cantidad,vfm_unitario,vfm_total,vfm_entregado) VALUES (11108,780220193,1,370,370,@@@NO@@@)','',2,'2013-09-15'),(66275,'INSERT INTO gne_vale_ferreteria (vfe_id,vfe_fecha,vfe_total,vfe_estado,vfe_entregado,usu_nusuario) VALUES (11109,@@@2013.09.15@@@,200,1,0,@@@b_SAEZ@@@)','',2,'2013-09-15'),(66276,'INSERT INTO gne_vale_ferreteria_mov (vfe_id,pro_codigo_plu,vfm_cantidad,vfm_unitario,vfm_total,vfm_entregado) VALUES (11109,21135,1,200,200,@@@NO@@@)','',2,'2013-09-15'),(66277,'INSERT INTO gne_vale_ferreteria (vfe_id,vfe_fecha,vfe_total,vfe_estado,vfe_entregado,usu_nusuario) VALUES (11110,@@@2013.09.15@@@,830,1,0,@@@b_SAEZ@@@)','',2,'2013-09-15'),(66278,'INSERT INTO gne_vale_ferreteria_mov (vfe_id,pro_codigo_plu,vfm_cantidad,vfm_unitario,vfm_total,vfm_entregado) VALUES (11110,764509,1,490,490,@@@NO@@@)','',2,'2013-09-15'),(66279,'INSERT INTO gne_vale_ferreteria_mov (vfe_id,pro_codigo_plu,vfm_cantidad,vfm_unitario,vfm_total,vfm_entregado) VALUES (11110,763789,1,340,340,@@@NO@@@)','',2,'2013-09-15'),(66280,'INSERT INTO gne_vale_ferreteria (vfe_id,vfe_fecha,vfe_total,vfe_estado,vfe_entregado,usu_nusuario) VALUES (11111,@@@2013.09.15@@@,290,1,0,@@@b_SAEZ@@@)','',2,'2013-09-15'),(66281,'INSERT INTO gne_vale_ferreteria_mov (vfe_id,pro_codigo_plu,vfm_cantidad,vfm_unitario,vfm_total,vfm_entregado) VALUES (11111,12608,1,290,290,@@@NO@@@)','',2,'2013-09-15'),(66282,'INSERT INTO gne_vale_ferreteria (vfe_id,vfe_fecha,vfe_total,vfe_estado,vfe_entregado,usu_nusuario) VALUES (11112,@@@2013.09.15@@@,720,1,0,@@@b_SAEZ@@@)','',2,'2013-09-15'),(66283,'INSERT INTO gne_vale_ferreteria_mov (vfe_id,pro_codigo_plu,vfm_cantidad,vfm_unitario,vfm_total,vfm_entregado) VALUES (11112,763940,1,720,720,@@@NO@@@)','',2,'2013-09-15'),(66284,'INSERT INTO gne_vale_ferreteria (vfe_id,vfe_fecha,vfe_total,vfe_estado,vfe_entregado,usu_nusuario) VALUES (11113,@@@2013.09.15@@@,4480,1,0,@@@b_SAEZ@@@)','',2,'2013-09-15'),(66285,'INSERT INTO gne_vale_ferreteria_mov (vfe_id,pro_codigo_plu,vfm_cantidad,vfm_unitario,vfm_total,vfm_entregado) VALUES (11113,764934,1,2490,2490,@@@NO@@@)','',2,'2013-09-15'),(66286,'INSERT INTO gne_vale_ferreteria_mov (vfe_id,pro_codigo_plu,vfm_cantidad,vfm_unitario,vfm_total,vfm_entregado) VALUES (11113,764750,1,1990,1990,@@@NO@@@)','',2,'2013-09-15'),(66287,'INSERT INTO gne_vale_ferreteria (vfe_id,vfe_fecha,vfe_total,vfe_estado,vfe_entregado,usu_nusuario) VALUES (11114,@@@2013.09.15@@@,1300,1,0,@@@b_SAEZ@@@)','',2,'2013-09-15'),(66288,'INSERT INTO gne_vale_ferreteria_mov (vfe_id,pro_codigo_plu,vfm_cantidad,vfm_unitario,vfm_total,vfm_entregado) VALUES (11114,20310,1,1190,1190,@@@NO@@@)','',2,'2013-09-15'),(66289,'INSERT INTO gne_vale_ferreteria_mov (vfe_id,pro_codigo_plu,vfm_cantidad,vfm_unitario,vfm_total,vfm_entregado) VALUES (11114,770003,11,10,110,@@@NO@@@)','',2,'2013-09-15'),(66290,'INSERT INTO gne_vale_ferreteria (vfe_id,vfe_fecha,vfe_total,vfe_estado,vfe_entregado,usu_nusuario) VALUES (11115,@@@2013.09.15@@@,1390,1,0,@@@b_SAEZ@@@)','',2,'2013-09-15'),(66291,'INSERT INTO gne_vale_ferreteria_mov (vfe_id,pro_codigo_plu,vfm_cantidad,vfm_unitario,vfm_total,vfm_entregado) VALUES (11115,764189,1,1000,1000,@@@NO@@@)','',2,'2013-09-15'),(66292,'INSERT INTO gne_vale_ferreteria_mov (vfe_id,pro_codigo_plu,vfm_cantidad,vfm_unitario,vfm_total,vfm_entregado) VALUES (11115,101102,1,390,390,@@@NO@@@)','',2,'2013-09-15'),(66293,'INSERT INTO gne_vale_ferreteria (vfe_id,vfe_fecha,vfe_total,vfe_estado,vfe_entregado,usu_nusuario) VALUES (11116,@@@2013.09.15@@@,100,1,0,@@@b_SAEZ@@@)','',2,'2013-09-15'),(66294,'INSERT INTO gne_vale_ferreteria_mov (vfe_id,pro_codigo_plu,vfm_cantidad,vfm_unitario,vfm_total,vfm_entregado) VALUES (11116,4130,1,100,100,@@@NO@@@)','',2,'2013-09-15'),(66295,'INSERT INTO gne_vale_ferreteria (vfe_id,vfe_fecha,vfe_total,vfe_estado,vfe_entregado,usu_nusuario) VALUES (11117,@@@2013.09.15@@@,15,1,0,@@@b_SAEZ@@@)','',2,'2013-09-15'),(66296,'INSERT INTO gne_vale_ferreteria_mov (vfe_id,pro_codigo_plu,vfm_cantidad,vfm_unitario,vfm_total,vfm_entregado) VALUES (11117,13229,1,15,15,@@@NO@@@)','',2,'2013-09-15'),(66297,'INSERT INTO gne_vale_ferreteria (vfe_id,vfe_fecha,vfe_total,vfe_estado,vfe_entregado,usu_nusuario) VALUES (11118,@@@2013.09.15@@@,590,1,0,@@@b_SAEZ@@@)','',2,'2013-09-15'),(66298,'INSERT INTO gne_vale_ferreteria_mov (vfe_id,pro_codigo_plu,vfm_cantidad,vfm_unitario,vfm_total,vfm_entregado) VALUES (11118,695293838,1,590,590,@@@NO@@@)','',2,'2013-09-15'),(66299,'INSERT INTO gne_vale_ferreteria (vfe_id,vfe_fecha,vfe_total,vfe_estado,vfe_entregado,usu_nusuario) VALUES (11119,@@@2013.09.15@@@,600,1,0,@@@b_SAEZ@@@)','',2,'2013-09-15'),(66300,'INSERT INTO gne_vale_ferreteria_mov (vfe_id,pro_codigo_plu,vfm_cantidad,vfm_unitario,vfm_total,vfm_entregado) VALUES (11119,780721422,2,300,600,@@@NO@@@)','',2,'2013-09-15'),(66301,'INSERT INTO gne_vale_ferreteria (vfe_id,vfe_fecha,vfe_total,vfe_estado,vfe_entregado,usu_nusuario) VALUES (11120,@@@2013.09.15@@@,390,1,0,@@@b_SAEZ@@@)','',2,'2013-09-15'),(66302,'INSERT INTO gne_vale_ferreteria_mov (vfe_id,pro_codigo_plu,vfm_cantidad,vfm_unitario,vfm_total,vfm_entregado) VALUES (11120,4131,1,150,150,@@@NO@@@)','',2,'2013-09-15'),(66303,'INSERT INTO gne_vale_ferreteria_mov (vfe_id,pro_codigo_plu,vfm_cantidad,vfm_unitario,vfm_total,vfm_entregado) VALUES (11120,764330,2,120,240,@@@NO@@@)','',2,'2013-09-15'),(66304,'INSERT INTO gne_vale_ferreteria (vfe_id,vfe_fecha,vfe_total,vfe_estado,vfe_entregado,usu_nusuario) VALUES (11121,@@@2013.09.15@@@,1150,1,0,@@@b_SAEZ@@@)','',2,'2013-09-15'),(66305,'INSERT INTO gne_vale_ferreteria_mov (vfe_id,pro_codigo_plu,vfm_cantidad,vfm_unitario,vfm_total,vfm_entregado) VALUES (11121,2016,1,150,150,@@@NO@@@)','',2,'2013-09-15'),(66306,'INSERT INTO gne_vale_ferreteria_mov (vfe_id,pro_codigo_plu,vfm_cantidad,vfm_unitario,vfm_total,vfm_entregado) VALUES (11121,764580,2,150,300,@@@NO@@@)','',2,'2013-09-15'),(66307,'INSERT INTO gne_vale_ferreteria_mov (vfe_id,pro_codigo_plu,vfm_cantidad,vfm_unitario,vfm_total,vfm_entregado) VALUES (11121,1545,8,50,400,@@@NO@@@)','',2,'2013-09-15'),(66308,'INSERT INTO gne_vale_ferreteria_mov (vfe_id,pro_codigo_plu,vfm_cantidad,vfm_unitario,vfm_total,vfm_entregado) VALUES (11121,9900006,2,150,300,@@@NO@@@)','',2,'2013-09-15'),(66309,'INSERT INTO gne_vale_ferreteria (vfe_id,vfe_fecha,vfe_total,vfe_estado,vfe_entregado,usu_nusuario) VALUES (11122,@@@2013.09.15@@@,150,1,0,@@@b_SAEZ@@@)','',2,'2013-09-15'),(66310,'INSERT INTO gne_vale_ferreteria_mov (vfe_id,pro_codigo_plu,vfm_cantidad,vfm_unitario,vfm_total,vfm_entregado) VALUES (11122,8021,1,150,150,@@@NO@@@)','',2,'2013-09-15'),(66311,'INSERT INTO gne_vale_ferreteria (vfe_id,vfe_fecha,vfe_total,vfe_estado,vfe_entregado,usu_nusuario) VALUES (11123,@@@2013.09.15@@@,290,1,0,@@@b_SAEZ@@@)','',2,'2013-09-15'),(66312,'INSERT INTO gne_vale_ferreteria_mov (vfe_id,pro_codigo_plu,vfm_cantidad,vfm_unitario,vfm_total,vfm_entregado) VALUES (11123,1536,1,290,290,@@@NO@@@)','',2,'2013-09-15'),(66313,'INSERT INTO gne_vale_ferreteria (vfe_id,vfe_fecha,vfe_total,vfe_estado,vfe_entregado,usu_nusuario) VALUES (11124,@@@2013.09.15@@@,1370,1,0,@@@b_SAEZ@@@)','',2,'2013-09-15'),(66314,'INSERT INTO gne_vale_ferreteria_mov (vfe_id,pro_codigo_plu,vfm_cantidad,vfm_unitario,vfm_total,vfm_entregado) VALUES (11124,780721379,1,390,390,@@@NO@@@)','',2,'2013-09-15'),(66315,'INSERT INTO gne_vale_ferreteria_mov (vfe_id,pro_codigo_plu,vfm_cantidad,vfm_unitario,vfm_total,vfm_entregado) VALUES (11124,78017126,1,490,490,@@@NO@@@)','',2,'2013-09-15'),(66316,'INSERT INTO gne_vale_ferreteria_mov (vfe_id,pro_codigo_plu,vfm_cantidad,vfm_unitario,vfm_total,vfm_entregado) VALUES (11124,78017128,1,490,490,@@@NO@@@)','',2,'2013-09-15'),(66317,'INSERT INTO gne_vale_ferreteria (vfe_id,vfe_fecha,vfe_total,vfe_estado,vfe_entregado,usu_nusuario) VALUES (11125,@@@2013.09.15@@@,800,1,0,@@@b_SAEZ@@@)','',2,'2013-09-15'),(66318,'INSERT INTO gne_vale_ferreteria_mov (vfe_id,pro_codigo_plu,vfm_cantidad,vfm_unitario,vfm_total,vfm_entregado) VALUES (11125,1556,1,200,200,@@@NO@@@)','',2,'2013-09-15'),(66319,'INSERT INTO gne_vale_ferreteria_mov (vfe_id,pro_codigo_plu,vfm_cantidad,vfm_unitario,vfm_total,vfm_entregado) VALUES (11125,780721221,2,300,600,@@@NO@@@)','',2,'2013-09-15'),(66320,'INSERT INTO gne_vale_ferreteria (vfe_id,vfe_fecha,vfe_total,vfe_estado,vfe_entregado,usu_nusuario) VALUES (11126,@@@2013.09.15@@@,590,1,0,@@@b_SAEZ@@@)','',2,'2013-09-15'),(66321,'INSERT INTO gne_vale_ferreteria_mov (vfe_id,pro_codigo_plu,vfm_cantidad,vfm_unitario,vfm_total,vfm_entregado) VALUES (11126,780721516,1,590,590,@@@NO@@@)','',2,'2013-09-15'),(66322,'INSERT INTO gne_vale_ferreteria (vfe_id,vfe_fecha,vfe_total,vfe_estado,vfe_entregado,usu_nusuario) VALUES (11127,@@@2013.09.15@@@,1900,1,0,@@@b_SAEZ@@@)','',2,'2013-09-15'),(66323,'INSERT INTO gne_vale_ferreteria_mov (vfe_id,pro_codigo_plu,vfm_cantidad,vfm_unitario,vfm_total,vfm_entregado) VALUES (11127,15819,38,50,1900,@@@NO@@@)','',2,'2013-09-15'),(66324,'INSERT INTO gne_vale_ferreteria (vfe_id,vfe_fecha,vfe_total,vfe_estado,vfe_entregado,usu_nusuario) VALUES (11128,@@@2013.09.15@@@,1030,1,0,@@@b_SAEZ@@@)','',2,'2013-09-15'),(66325,'INSERT INTO gne_vale_ferreteria_mov (vfe_id,pro_codigo_plu,vfm_cantidad,vfm_unitario,vfm_total,vfm_entregado) VALUES (11128,8022,4,120,480,@@@NO@@@)','',2,'2013-09-15'),(66326,'INSERT INTO gne_vale_ferreteria_mov (vfe_id,pro_codigo_plu,vfm_cantidad,vfm_unitario,vfm_total,vfm_entregado) VALUES (11128,780721253,1,550,550,@@@NO@@@)','',2,'2013-09-15'),(66327,'INSERT INTO gne_vale_ferreteria (vfe_id,vfe_fecha,vfe_total,vfe_estado,vfe_entregado,usu_nusuario) VALUES (11129,@@@2013.09.15@@@,500,1,0,@@@b_SAEZ@@@)','',2,'2013-09-15'),(66328,'INSERT INTO gne_vale_ferreteria_mov (vfe_id,pro_codigo_plu,vfm_cantidad,vfm_unitario,vfm_total,vfm_entregado) VALUES (11129,78017146,10,50,500,@@@NO@@@)','',2,'2013-09-15'),(66329,'INSERT INTO gne_vale_ferreteria (vfe_id,vfe_fecha,vfe_total,vfe_estado,vfe_entregado,usu_nusuario) VALUES (11130,@@@2013.09.15@@@,720,1,0,@@@b_SAEZ@@@)','',2,'2013-09-15'),(66330,'INSERT INTO gne_vale_ferreteria_mov (vfe_id,pro_codigo_plu,vfm_cantidad,vfm_unitario,vfm_total,vfm_entregado) VALUES (11130,762252,1,720,720,@@@NO@@@)','',2,'2013-09-15'),(66331,'INSERT INTO gne_vale_ferreteria (vfe_id,vfe_fecha,vfe_total,vfe_estado,vfe_entregado,usu_nusuario) VALUES (11131,@@@2013.09.15@@@,200,1,0,@@@b_SAEZ@@@)','',2,'2013-09-15'),(66332,'INSERT INTO gne_vale_ferreteria_mov (vfe_id,pro_codigo_plu,vfm_cantidad,vfm_unitario,vfm_total,vfm_entregado) VALUES (11131,1542,2,100,200,@@@NO@@@)','',2,'2013-09-15'),(66333,'INSERT INTO gne_vale_ferreteria (vfe_id,vfe_fecha,vfe_total,vfe_estado,vfe_entregado,usu_nusuario) VALUES (11132,@@@2013.09.15@@@,270,1,0,@@@b_SAEZ@@@)','',2,'2013-09-15'),(66334,'INSERT INTO gne_vale_ferreteria_mov (vfe_id,pro_codigo_plu,vfm_cantidad,vfm_unitario,vfm_total,vfm_entregado) VALUES (11132,78017147,3,90,270,@@@NO@@@)','',2,'2013-09-15'),(66335,'INSERT INTO gne_vale_ferreteria (vfe_id,vfe_fecha,vfe_total,vfe_estado,vfe_entregado,usu_nusuario) VALUES (11133,@@@2013.09.15@@@,390,1,0,@@@b_SAEZ@@@)','',2,'2013-09-15'),(66336,'INSERT INTO gne_vale_ferreteria_mov (vfe_id,pro_codigo_plu,vfm_cantidad,vfm_unitario,vfm_total,vfm_entregado) VALUES (11133,780721379,1,390,390,@@@NO@@@)','',2,'2013-09-15'),(66337,'UPDATE mae_productos SET pro_margen_actual=0,pro_precio_venta=3190 WHERE pro_codigo_plu=595','',2,'2013-09-16'),(66338,'UPDATE mae_productos SET pro_precio_fiscal=pro_precio_venta WHERE pro_codigo_plu=589','',2,'2013-09-16'),(66339,'UPDATE mae_productos SET pro_precio_fiscal=pro_precio_venta WHERE pro_codigo_plu=595','',2,'2013-09-16'),(66340,'UPDATE mae_productos SET pro_precio_fiscal=pro_precio_venta WHERE pro_codigo_plu=597','',2,'2013-09-16'),(66341,'INSERT INTO gne_vale_ferreteria (vfe_id,vfe_fecha,vfe_total,vfe_estado,vfe_entregado,usu_nusuario) VALUES (11134,@@@2013.09.16@@@,300,1,0,@@@M_SANDOVAL@@@)','',2,'2013-09-16'),(66342,'INSERT INTO gne_vale_ferreteria_mov (vfe_id,pro_codigo_plu,vfm_cantidad,vfm_unitario,vfm_total,vfm_entregado) VALUES (11134,4130,3,100,300,@@@NO@@@)','',2,'2013-09-16'),(66343,'INSERT INTO gne_vale_ferreteria (vfe_id,vfe_fecha,vfe_total,vfe_estado,vfe_entregado,usu_nusuario) VALUES (11135,@@@2013.09.16@@@,780,1,0,@@@M_SANDOVAL@@@)','',2,'2013-09-16'),(66344,'INSERT INTO gne_vale_ferreteria_mov (vfe_id,pro_codigo_plu,vfm_cantidad,vfm_unitario,vfm_total,vfm_entregado) VALUES (11135,780721692,2,390,780,@@@NO@@@)','',2,'2013-09-16'),(66345,'UPDATE mae_productos SET pro_margen_actual=94.78,pro_precio_venta=970 WHERE pro_codigo_plu=514','',2,'2013-09-16'),(66346,'UPDATE mae_productos SET pro_precio_fiscal=pro_precio_venta WHERE pro_codigo_plu=514','',2,'2013-09-16'),(66347,'UPDATE mae_productos SET pro_margen_actual=94.78,pro_precio_venta=970 WHERE pro_codigo_plu=514','',2,'2013-09-16'),(66348,'UPDATE mae_productos SET pro_margen_actual=61.62,pro_precio_venta=320 WHERE pro_codigo_plu=534','',2,'2013-09-16'),(66349,'UPDATE mae_productos SET pro_margen_actual=176,pro_precio_venta=690 WHERE pro_codigo_plu=535','',2,'2013-09-16'),(66350,'UPDATE mae_productos SET pro_margen_actual=65.87,pro_precio_venta=690 WHERE pro_codigo_plu=566','',2,'2013-09-16'),(66351,'UPDATE mae_productos SET pro_margen_actual=0,pro_precio_venta=690 WHERE pro_codigo_plu=570','',2,'2013-09-16'),(66352,'UPDATE mae_productos SET pro_margen_actual=28.95,pro_precio_venta=490 WHERE pro_codigo_plu=572','',2,'2013-09-16'),(66353,'UPDATE mae_productos SET pro_margen_actual=379.81,pro_precio_venta=499 WHERE pro_codigo_plu=575','',2,'2013-09-16'),(66354,'UPDATE mae_productos SET pro_margen_actual=0,pro_precio_venta=1790 WHERE pro_codigo_plu=578','',2,'2013-09-16'),(66355,'UPDATE mae_productos SET pro_margen_actual=66.98,pro_precio_venta=890 WHERE pro_codigo_plu=580','',2,'2013-09-16'),(66356,'UPDATE mae_productos SET pro_margen_actual=0,pro_precio_venta=3190 WHERE pro_codigo_plu=595','',2,'2013-09-16'),(66357,'UPDATE mae_productos SET pro_margen_actual=8.7,pro_precio_venta=250 WHERE pro_codigo_plu=597','',2,'2013-09-16'),(66358,'UPDATE mae_productos SET pro_margen_actual=-9.26,pro_precio_venta=490 WHERE pro_codigo_plu=607','',2,'2013-09-16'),(66359,'UPDATE mae_productos SET pro_precio_fiscal=pro_precio_venta WHERE pro_codigo_plu=535','',2,'2013-09-16'),(66360,'UPDATE mae_productos SET pro_precio_fiscal=pro_precio_venta WHERE pro_codigo_plu=566','',2,'2013-09-16'),(66361,'UPDATE mae_productos SET pro_precio_fiscal=pro_precio_venta WHERE pro_codigo_plu=570','',2,'2013-09-16'),(66362,'UPDATE mae_productos SET pro_precio_fiscal=pro_precio_venta WHERE pro_codigo_plu=572','',2,'2013-09-16'),(66363,'UPDATE mae_productos SET pro_precio_fiscal=pro_precio_venta WHERE pro_codigo_plu=575','',2,'2013-09-16'),(66364,'UPDATE mae_productos SET pro_precio_fiscal=pro_precio_venta WHERE pro_codigo_plu=578','',2,'2013-09-16'),(66365,'UPDATE mae_productos SET pro_precio_fiscal=pro_precio_venta WHERE pro_codigo_plu=580','',2,'2013-09-16'),(66366,'INSERT INTO gne_vale_ferreteria (vfe_id,vfe_fecha,vfe_total,vfe_estado,vfe_entregado,usu_nusuario) VALUES (11136,@@@2013.09.16@@@,720,1,0,@@@M_SANDOVAL@@@)','',2,'2013-09-16'),(66367,'INSERT INTO gne_vale_ferreteria_mov (vfe_id,pro_codigo_plu,vfm_cantidad,vfm_unitario,vfm_total,vfm_entregado) VALUES (11136,763935,1,720,720,@@@NO@@@)','',2,'2013-09-16'),(66368,'INSERT INTO gne_vale_ferreteria (vfe_id,vfe_fecha,vfe_total,vfe_estado,vfe_entregado,usu_nusuario) VALUES (11137,@@@2013.09.16@@@,590,1,0,@@@M_SANDOVAL@@@)','',2,'2013-09-16'),(66369,'INSERT INTO gne_vale_ferreteria_mov (vfe_id,pro_codigo_plu,vfm_cantidad,vfm_unitario,vfm_total,vfm_entregado) VALUES (11137,2012,1,590,590,@@@NO@@@)','',2,'2013-09-16'),(66370,'INSERT INTO gne_vale_ferreteria (vfe_id,vfe_fecha,vfe_total,vfe_estado,vfe_entregado,usu_nusuario) VALUES (11138,@@@2013.09.16@@@,2790,1,0,@@@M_SANDOVAL@@@)','',2,'2013-09-16'),(66371,'INSERT INTO gne_vale_ferreteria_mov (vfe_id,pro_codigo_plu,vfm_cantidad,vfm_unitario,vfm_total,vfm_entregado) VALUES (11138,764907,1,2790,2790,@@@NO@@@)','',2,'2013-09-16'),(66372,'INSERT INTO gne_vale_ferreteria (vfe_id,vfe_fecha,vfe_total,vfe_estado,vfe_entregado,usu_nusuario) VALUES (11139,@@@2013.09.16@@@,1490,1,0,@@@M_SANDOVAL@@@)','',2,'2013-09-16'),(66373,'INSERT INTO gne_vale_ferreteria_mov (vfe_id,pro_codigo_plu,vfm_cantidad,vfm_unitario,vfm_total,vfm_entregado) VALUES (11139,763666,1,1490,1490,@@@NO@@@)','',2,'2013-09-16'),(66374,'INSERT INTO gne_vale_ferreteria (vfe_id,vfe_fecha,vfe_total,vfe_estado,vfe_entregado,usu_nusuario) VALUES (11140,@@@2013.09.16@@@,170,1,0,@@@M_SANDOVAL@@@)','',2,'2013-09-16'),(66375,'INSERT INTO gne_vale_ferreteria_mov (vfe_id,pro_codigo_plu,vfm_cantidad,vfm_unitario,vfm_total,vfm_entregado) VALUES (11140,8021,1,150,150,@@@NO@@@)','',2,'2013-09-16'),(66376,'INSERT INTO gne_vale_ferreteria_mov (vfe_id,pro_codigo_plu,vfm_cantidad,vfm_unitario,vfm_total,vfm_entregado) VALUES (11140,780721717,1,20,20,@@@NO@@@)','',2,'2013-09-16'),(66377,'INSERT INTO gne_vale_ferreteria (vfe_id,vfe_fecha,vfe_total,vfe_estado,vfe_entregado,usu_nusuario) VALUES (11141,@@@2013.09.16@@@,1600,1,0,@@@M_SANDOVAL@@@)','',2,'2013-09-16'),(66378,'INSERT INTO gne_vale_ferreteria_mov (vfe_id,pro_codigo_plu,vfm_cantidad,vfm_unitario,vfm_total,vfm_entregado) VALUES (11141,78017027,3,70,210,@@@NO@@@)','',2,'2013-09-16'),(66379,'INSERT INTO gne_vale_ferreteria_mov (vfe_id,pro_codigo_plu,vfm_cantidad,vfm_unitario,vfm_total,vfm_entregado) VALUES (11141,780721827,1,1390,1390,@@@NO@@@)','',2,'2013-09-16'),(66380,'INSERT INTO gne_vale_ferreteria (vfe_id,vfe_fecha,vfe_total,vfe_estado,vfe_entregado,usu_nusuario) VALUES (11142,@@@2013.09.16@@@,360,1,0,@@@M_SANDOVAL@@@)','',2,'2013-09-16'),(66381,'INSERT INTO gne_vale_ferreteria_mov (vfe_id,pro_codigo_plu,vfm_cantidad,vfm_unitario,vfm_total,vfm_entregado) VALUES (11142,1059,1,360,360,@@@NO@@@)','',2,'2013-09-16'),(66382,'INSERT INTO gne_vale_ferreteria (vfe_id,vfe_fecha,vfe_total,vfe_estado,vfe_entregado,usu_nusuario) VALUES (11143,@@@2013.09.16@@@,400,1,0,@@@M_SANDOVAL@@@)','',2,'2013-09-16'),(66383,'INSERT INTO gne_vale_ferreteria_mov (vfe_id,pro_codigo_plu,vfm_cantidad,vfm_unitario,vfm_total,vfm_entregado) VALUES (11143,880006,2,200,400,@@@NO@@@)','',2,'2013-09-16'),(66384,'INSERT INTO gne_vale_ferreteria (vfe_id,vfe_fecha,vfe_total,vfe_estado,vfe_entregado,usu_nusuario) VALUES (11144,@@@2013.09.16@@@,1590,1,0,@@@M_SANDOVAL@@@)','',2,'2013-09-16'),(66385,'INSERT INTO gne_vale_ferreteria_mov (vfe_id,pro_codigo_plu,vfm_cantidad,vfm_unitario,vfm_total,vfm_entregado) VALUES (11144,765026,1,1590,1590,@@@NO@@@)','',2,'2013-09-16'),(66386,'INSERT INTO gne_vale_ferreteria (vfe_id,vfe_fecha,vfe_total,vfe_estado,vfe_entregado,usu_nusuario) VALUES (11145,@@@2013.09.16@@@,2380,1,0,@@@M_SANDOVAL@@@)','',2,'2013-09-16'),(66387,'INSERT INTO gne_vale_ferreteria_mov (vfe_id,pro_codigo_plu,vfm_cantidad,vfm_unitario,vfm_total,vfm_entregado) VALUES (11145,78017021,1,1190,1190,@@@NO@@@)','',2,'2013-09-16'),(66388,'INSERT INTO gne_vale_ferreteria_mov (vfe_id,pro_codigo_plu,vfm_cantidad,vfm_unitario,vfm_total,vfm_entregado) VALUES (11145,765050,1,1190,1190,@@@NO@@@)','',2,'2013-09-16'),(66389,'INSERT INTO gne_vale_ferreteria (vfe_id,vfe_fecha,vfe_total,vfe_estado,vfe_entregado,usu_nusuario) VALUES (11146,@@@2013.09.16@@@,1890,1,0,@@@M_SANDOVAL@@@)','',2,'2013-09-16'),(66390,'INSERT INTO gne_vale_ferreteria_mov (vfe_id,pro_codigo_plu,vfm_cantidad,vfm_unitario,vfm_total,vfm_entregado) VALUES (11146,101620,1,1890,1890,@@@NO@@@)','',2,'2013-09-16'),(66391,'INSERT INTO gne_vale_ferreteria (vfe_id,vfe_fecha,vfe_total,vfe_estado,vfe_entregado,usu_nusuario) VALUES (11147,@@@2013.09.16@@@,100,1,0,@@@M_SANDOVAL@@@)','',2,'2013-09-16'),(66392,'INSERT INTO gne_vale_ferreteria_mov (vfe_id,pro_codigo_plu,vfm_cantidad,vfm_unitario,vfm_total,vfm_entregado) VALUES (11147,1542,1,100,100,@@@NO@@@)','',2,'2013-09-16'),(66393,'INSERT INTO com_ventas_grupo (vgr_fecha,vgr_grupo,vgr_cantidad,vgr_total) VALUES (@@@2013.09.15@@@,1,159.77,146304)','',2,'2013-09-16'),(66394,'INSERT INTO com_ventas_grupo (vgr_fecha,vgr_grupo,vgr_cantidad,vgr_total) VALUES (@@@2013.09.15@@@,2,310.115,127937)','',2,'2013-09-16'),(66395,'INSERT INTO com_ventas_grupo (vgr_fecha,vgr_grupo,vgr_cantidad,vgr_total) VALUES (@@@2013.09.15@@@,3,321,70205)','',2,'2013-09-16'),(66396,'INSERT INTO com_ventas_grupo (vgr_fecha,vgr_grupo,vgr_cantidad,vgr_total) VALUES (@@@2013.09.15@@@,4,289,338482)','',2,'2013-09-16'),(66397,'INSERT INTO com_ventas_grupo (vgr_fecha,vgr_grupo,vgr_cantidad,vgr_total) VALUES (@@@2013.09.15@@@,5,2,6740)','',2,'2013-09-16'),(66398,'INSERT INTO com_ventas_grupo (vgr_fecha,vgr_grupo,vgr_cantidad,vgr_total) VALUES (@@@2013.09.15@@@,6,47,83663)','',2,'2013-09-16'),(66399,'INSERT INTO com_ventas_grupo (vgr_fecha,vgr_grupo,vgr_cantidad,vgr_total) VALUES (@@@2013.09.15@@@,7,106,185843)','',2,'2013-09-16'),(66400,'INSERT INTO com_ventas_grupo (vgr_fecha,vgr_grupo,vgr_cantidad,vgr_total) VALUES (@@@2013.09.15@@@,8,31,25140)','',2,'2013-09-16'),(66401,'INSERT INTO com_ventas_grupo (vgr_fecha,vgr_grupo,vgr_cantidad,vgr_total) VALUES (@@@2013.09.15@@@,9,111.74,217233)','',2,'2013-09-16'),(66402,'INSERT INTO com_ventas_grupo (vgr_fecha,vgr_grupo,vgr_cantidad,vgr_total) VALUES (@@@2013.09.15@@@,10,63.6,198285)','',2,'2013-09-16'),(66403,'INSERT INTO com_ventas_grupo (vgr_fecha,vgr_grupo,vgr_cantidad,vgr_total) VALUES (@@@2013.09.15@@@,11,40.21,149900)','',2,'2013-09-16'),(66404,'INSERT INTO com_ventas_grupo (vgr_fecha,vgr_grupo,vgr_cantidad,vgr_total) VALUES (@@@2013.09.15@@@,12,103.87,235899)','',2,'2013-09-16'),(66405,'INSERT INTO com_ventas_grupo (vgr_fecha,vgr_grupo,vgr_cantidad,vgr_total) VALUES (@@@2013.09.15@@@,13,7.07,33308)','',2,'2013-09-16'),(66406,'INSERT INTO com_ventas_grupo (vgr_fecha,vgr_grupo,vgr_cantidad,vgr_total) VALUES (@@@2013.09.15@@@,14,103.165,94249)','',2,'2013-09-16'),(66407,'INSERT INTO com_ventas_grupo (vgr_fecha,vgr_grupo,vgr_cantidad,vgr_total) VALUES (@@@2013.09.15@@@,15,1,1999)','',2,'2013-09-16'),(66408,'INSERT INTO com_ventas_grupo (vgr_fecha,vgr_grupo,vgr_cantidad,vgr_total) VALUES (@@@2013.09.15@@@,16,1,170)','',2,'2013-09-16'),(66409,'INSERT INTO com_ventas_grupo (vgr_fecha,vgr_grupo,vgr_cantidad,vgr_total) VALUES (@@@2013.09.15@@@,18,159.835,91286)','',2,'2013-09-16'),(66410,'INSERT INTO com_ventas_grupo (vgr_fecha,vgr_grupo,vgr_cantidad,vgr_total) VALUES (@@@2013.09.15@@@,20,103.985,54488)','',2,'2013-09-16'),(66411,'INSERT INTO com_ventas_grupo (vgr_fecha,vgr_grupo,vgr_cantidad,vgr_total) VALUES (@@@2013.09.15@@@,21,121,55778)','',2,'2013-09-16'),(66412,'INSERT INTO com_ventas_grupo (vgr_fecha,vgr_grupo,vgr_cantidad,vgr_total) VALUES (@@@2013.09.15@@@,22,1,1390)','',2,'2013-09-16'),(66413,'INSERT INTO com_ventas_grupo (vgr_fecha,vgr_grupo,vgr_cantidad,vgr_total) VALUES (@@@2013.09.15@@@,23,12,19110)','',2,'2013-09-16'),(66414,'INSERT INTO com_ventas_grupo (vgr_fecha,vgr_grupo,vgr_cantidad,vgr_total) VALUES (@@@2013.09.15@@@,24,278,34725)','',2,'2013-09-16'),(66415,'INSERT INTO com_ventas_grupo (vgr_fecha,vgr_grupo,vgr_cantidad,vgr_total) VALUES (@@@2013.09.15@@@,25,84,133900)','',2,'2013-09-16'),(66416,'INSERT INTO com_ventas_grupo (vgr_fecha,vgr_grupo,vgr_cantidad,vgr_total) VALUES (@@@2013.09.15@@@,27,1,1190)','',2,'2013-09-16'),(66417,'INSERT INTO com_ventas_grupo (vgr_fecha,vgr_grupo,vgr_cantidad,vgr_total) VALUES (@@@2013.09.15@@@,31,11,7395)','',2,'2013-09-16'),(66418,'INSERT INTO com_ventas_grupo (vgr_fecha,vgr_grupo,vgr_cantidad,vgr_total) VALUES (@@@2013.09.15@@@,32,389,153211)','',2,'2013-09-16'),(66419,'INSERT INTO com_ventas_grupo (vgr_fecha,vgr_grupo,vgr_cantidad,vgr_total) VALUES (@@@2013.09.15@@@,34,1,1250)','',2,'2013-09-16'),(66420,'INSERT INTO com_ventas_grupo (vgr_fecha,vgr_grupo,vgr_cantidad,vgr_total) VALUES (@@@2013.09.15@@@,35,26,30779)','',2,'2013-09-16'),(66421,'INSERT INTO com_ventas_grupo (vgr_fecha,vgr_grupo,vgr_cantidad,vgr_total) VALUES (@@@2013.09.15@@@,36,51,9860)','',2,'2013-09-16'),(66422,'INSERT INTO com_ventas_grupo (vgr_fecha,vgr_grupo,vgr_cantidad,vgr_total) VALUES (@@@2013.09.15@@@,37,2,6480)','',2,'2013-09-16'),(66423,'INSERT INTO com_ventas_grupo (vgr_fecha,vgr_grupo,vgr_cantidad,vgr_total) VALUES (@@@2013.09.15@@@,38,6,6040)','',2,'2013-09-16'),(66424,'INSERT INTO com_ventas_grupo (vgr_fecha,vgr_grupo,vgr_cantidad,vgr_total) VALUES (@@@2013.09.15@@@,39,9,14550)','',2,'2013-09-16'),(66425,'INSERT INTO com_ventas_grupo (vgr_fecha,vgr_grupo,vgr_cantidad,vgr_total) VALUES (@@@2013.09.15@@@,42,19.795,27289)','',2,'2013-09-16'),(66426,'INSERT INTO com_ventas_grupo (vgr_fecha,vgr_grupo,vgr_cantidad,vgr_total) VALUES (@@@2013.09.15@@@,44,1,2650)','',2,'2013-09-16'),(66427,'UPDATE mae_datos_empresa SET emp_oferta=@@@NO@@@','',2,'2013-09-16'),(66428,'INSERT INTO com_ventas_grupo (vgr_fecha,vgr_grupo,vgr_cantidad,vgr_total) VALUES (@@@2013.09.14@@@,1,162.31,162787)','',2,'2013-09-16'),(66429,'INSERT INTO com_ventas_grupo (vgr_fecha,vgr_grupo,vgr_cantidad,vgr_total) VALUES (@@@2013.09.14@@@,2,281.76,130867)','',2,'2013-09-16'),(66430,'INSERT INTO com_ventas_grupo (vgr_fecha,vgr_grupo,vgr_cantidad,vgr_total) VALUES (@@@2013.09.14@@@,3,292,59531)','',2,'2013-09-16'),(66431,'INSERT INTO com_ventas_grupo (vgr_fecha,vgr_grupo,vgr_cantidad,vgr_total) VALUES (@@@2013.09.14@@@,4,332,424378)','',2,'2013-09-16'),(66432,'INSERT INTO com_ventas_grupo (vgr_fecha,vgr_grupo,vgr_cantidad,vgr_total) VALUES (@@@2013.09.14@@@,5,10,34845)','',2,'2013-09-16'),(66433,'INSERT INTO com_ventas_grupo (vgr_fecha,vgr_grupo,vgr_cantidad,vgr_total) VALUES (@@@2013.09.14@@@,6,57,123010)','',2,'2013-09-16'),(66434,'INSERT INTO com_ventas_grupo (vgr_fecha,vgr_grupo,vgr_cantidad,vgr_total) VALUES (@@@2013.09.14@@@,7,180,369184)','',2,'2013-09-16'),(66435,'INSERT INTO com_ventas_grupo (vgr_fecha,vgr_grupo,vgr_cantidad,vgr_total) VALUES (@@@2013.09.14@@@,8,28,23840)','',2,'2013-09-16'),(66436,'INSERT INTO com_ventas_grupo (vgr_fecha,vgr_grupo,vgr_cantidad,vgr_total) VALUES (@@@2013.09.14@@@,9,100.385,185231)','',2,'2013-09-16'),(66437,'INSERT INTO com_ventas_grupo (vgr_fecha,vgr_grupo,vgr_cantidad,vgr_total) VALUES (@@@2013.09.14@@@,10,58.195,252383)','',2,'2013-09-16'),(66438,'INSERT INTO com_ventas_grupo (vgr_fecha,vgr_grupo,vgr_cantidad,vgr_total) VALUES (@@@2013.09.14@@@,11,32.775,128350)','',2,'2013-09-16'),(66439,'INSERT INTO com_ventas_grupo (vgr_fecha,vgr_grupo,vgr_cantidad,vgr_total) VALUES (@@@2013.09.14@@@,12,119.56,269910)','',2,'2013-09-16'),(66440,'INSERT INTO com_ventas_grupo (vgr_fecha,vgr_grupo,vgr_cantidad,vgr_total) VALUES (@@@2013.09.14@@@,13,12.85,39424)','',2,'2013-09-16'),(66441,'INSERT INTO com_ventas_grupo (vgr_fecha,vgr_grupo,vgr_cantidad,vgr_total) VALUES (@@@2013.09.14@@@,14,95.095,86495)','',2,'2013-09-16'),(66442,'INSERT INTO com_ventas_grupo (vgr_fecha,vgr_grupo,vgr_cantidad,vgr_total) VALUES (@@@2013.09.14@@@,16,2,340)','',2,'2013-09-16'),(66443,'INSERT INTO com_ventas_grupo (vgr_fecha,vgr_grupo,vgr_cantidad,vgr_total) VALUES (@@@2013.09.14@@@,18,188.575,123208)','',2,'2013-09-16'),(66444,'INSERT INTO com_ventas_grupo (vgr_fecha,vgr_grupo,vgr_cantidad,vgr_total) VALUES (@@@2013.09.14@@@,20,78.905,43701)','',2,'2013-09-16'),(66445,'INSERT INTO com_ventas_grupo (vgr_fecha,vgr_grupo,vgr_cantidad,vgr_total) VALUES (@@@2013.09.14@@@,21,66,95620)','',2,'2013-09-16'),(66446,'INSERT INTO com_ventas_grupo (vgr_fecha,vgr_grupo,vgr_cantidad,vgr_total) VALUES (@@@2013.09.14@@@,22,6,16440)','',2,'2013-09-16'),(66447,'INSERT INTO com_ventas_grupo (vgr_fecha,vgr_grupo,vgr_cantidad,vgr_total) VALUES (@@@2013.09.14@@@,23,24,36400)','',2,'2013-09-16'),(66448,'INSERT INTO com_ventas_grupo (vgr_fecha,vgr_grupo,vgr_cantidad,vgr_total) VALUES (@@@2013.09.14@@@,24,109,45470)','',2,'2013-09-16'),(66449,'INSERT INTO com_ventas_grupo (vgr_fecha,vgr_grupo,vgr_cantidad,vgr_total) VALUES (@@@2013.09.14@@@,25,98,150700)','',2,'2013-09-16'),(66450,'INSERT INTO com_ventas_grupo (vgr_fecha,vgr_grupo,vgr_cantidad,vgr_total) VALUES (@@@2013.09.14@@@,31,6,4259)','',2,'2013-09-16'),(66451,'INSERT INTO com_ventas_grupo (vgr_fecha,vgr_grupo,vgr_cantidad,vgr_total) VALUES (@@@2013.09.14@@@,32,437,159450)','',2,'2013-09-16'),(66452,'INSERT INTO com_ventas_grupo (vgr_fecha,vgr_grupo,vgr_cantidad,vgr_total) VALUES (@@@2013.09.14@@@,34,3,3700)','',2,'2013-09-16'),(66453,'INSERT INTO com_ventas_grupo (vgr_fecha,vgr_grupo,vgr_cantidad,vgr_total) VALUES (@@@2013.09.14@@@,35,20,28903)','',2,'2013-09-16'),(66454,'INSERT INTO com_ventas_grupo (vgr_fecha,vgr_grupo,vgr_cantidad,vgr_total) VALUES (@@@2013.09.14@@@,36,21,2710)','',2,'2013-09-16'),(66455,'INSERT INTO com_ventas_grupo (vgr_fecha,vgr_grupo,vgr_cantidad,vgr_total) VALUES (@@@2013.09.14@@@,38,11,14590)','',2,'2013-09-16'),(66456,'INSERT INTO com_ventas_grupo (vgr_fecha,vgr_grupo,vgr_cantidad,vgr_total) VALUES (@@@2013.09.14@@@,39,10,10730)','',2,'2013-09-16'),(66457,'INSERT INTO com_ventas_grupo (vgr_fecha,vgr_grupo,vgr_cantidad,vgr_total) VALUES (@@@2013.09.14@@@,41,1,690)','',2,'2013-09-16'),(66458,'INSERT INTO com_ventas_grupo (vgr_fecha,vgr_grupo,vgr_cantidad,vgr_total) VALUES (@@@2013.09.14@@@,42,20.05,21948)','',2,'2013-09-16'),(66459,'UPDATE mae_datos_empresa SET emp_oferta=@@@NO@@@','',2,'2013-09-16'),(66460,'UPDATE mae_productos SET pro_margen_actual=48.46,pro_precio_venta=1590 WHERE pro_codigo_plu=103','',2,'2013-09-16'),(66461,'UPDATE mae_productos SET pro_margen_actual=34.96,pro_precio_venta=1590 WHERE pro_codigo_plu=110','',2,'2013-09-16'),(66462,'INSERT INTO gne_vale_ferreteria (vfe_id,vfe_fecha,vfe_total,vfe_estado,vfe_entregado,usu_nusuario) VALUES (11148,@@@2013.09.16@@@,200,1,0,@@@M_SANDOVAL@@@)','',2,'2013-09-16'),(66463,'INSERT INTO gne_vale_ferreteria_mov (vfe_id,pro_codigo_plu,vfm_cantidad,vfm_unitario,vfm_total,vfm_entregado) VALUES (11148,18259,1,200,200,@@@NO@@@)','',2,'2013-09-16'),(66464,'INSERT INTO gne_vale_ferreteria (vfe_id,vfe_fecha,vfe_total,vfe_estado,vfe_entregado,usu_nusuario) VALUES (11149,@@@2013.09.16@@@,640,1,0,@@@M_SANDOVAL@@@)','',2,'2013-09-16'),(66465,'INSERT INTO gne_vale_ferreteria_mov (vfe_id,pro_codigo_plu,vfm_cantidad,vfm_unitario,vfm_total,vfm_entregado) VALUES (11149,14836,2,320,640,@@@NO@@@)','',2,'2013-09-16'),(66466,'INSERT INTO gne_vale_ferreteria (vfe_id,vfe_fecha,vfe_total,vfe_estado,vfe_entregado,usu_nusuario) VALUES (11150,@@@2013.09.16@@@,490,1,0,@@@M_SANDOVAL@@@)','',2,'2013-09-16'),(66467,'INSERT INTO gne_vale_ferreteria_mov (vfe_id,pro_codigo_plu,vfm_cantidad,vfm_unitario,vfm_total,vfm_entregado) VALUES (11150,1538,1,490,490,@@@NO@@@)','',2,'2013-09-16'),(66468,'INSERT INTO gne_vale_ferreteria (vfe_id,vfe_fecha,vfe_total,vfe_estado,vfe_entregado,usu_nusuario) VALUES (11151,@@@2013.09.16@@@,840,1,0,@@@M_SANDOVAL@@@)','',2,'2013-09-16'),(66469,'INSERT INTO gne_vale_ferreteria_mov (vfe_id,pro_codigo_plu,vfm_cantidad,vfm_unitario,vfm_total,vfm_entregado) VALUES (11151,780721220,1,300,300,@@@NO@@@)','',2,'2013-09-16'),(66470,'INSERT INTO gne_vale_ferreteria_mov (vfe_id,pro_codigo_plu,vfm_cantidad,vfm_unitario,vfm_total,vfm_entregado) VALUES (11151,19916,1,540,540,@@@NO@@@)','',2,'2013-09-16'),(66471,'INSERT INTO gne_vale_ferreteria (vfe_id,vfe_fecha,vfe_total,vfe_estado,vfe_entregado,usu_nusuario) VALUES (11152,@@@2013.09.16@@@,250,1,0,@@@M_SANDOVAL@@@)','',2,'2013-09-16'),(66472,'INSERT INTO gne_vale_ferreteria_mov (vfe_id,pro_codigo_plu,vfm_cantidad,vfm_unitario,vfm_total,vfm_entregado) VALUES (11152,1551,1,250,250,@@@NO@@@)','',2,'2013-09-16'),(66473,'INSERT INTO gne_vale_ferreteria (vfe_id,vfe_fecha,vfe_total,vfe_estado,vfe_entregado,usu_nusuario) VALUES (11153,@@@2013.09.16@@@,790,1,0,@@@M_SANDOVAL@@@)','',2,'2013-09-16'),(66474,'INSERT INTO gne_vale_ferreteria_mov (vfe_id,pro_codigo_plu,vfm_cantidad,vfm_unitario,vfm_total,vfm_entregado) VALUES (11153,78017238,1,200,200,@@@NO@@@)','',2,'2013-09-16'),(66475,'INSERT INTO gne_vale_ferreteria_mov (vfe_id,pro_codigo_plu,vfm_cantidad,vfm_unitario,vfm_total,vfm_entregado) VALUES (11153,10178,1,590,590,@@@NO@@@)','',2,'2013-09-16'),(66476,'INSERT INTO gne_vale_ferreteria (vfe_id,vfe_fecha,vfe_total,vfe_estado,vfe_entregado,usu_nusuario) VALUES (11154,@@@2013.09.16@@@,300,1,0,@@@M_SANDOVAL@@@)','',2,'2013-09-16'),(66477,'INSERT INTO gne_vale_ferreteria_mov (vfe_id,pro_codigo_plu,vfm_cantidad,vfm_unitario,vfm_total,vfm_entregado) VALUES (11154,78017110,2,150,300,@@@NO@@@)','',2,'2013-09-16'),(66478,'INSERT INTO gne_vale_ferreteria (vfe_id,vfe_fecha,vfe_total,vfe_estado,vfe_entregado,usu_nusuario) VALUES (11155,@@@2013.09.16@@@,2590,1,0,@@@M_SANDOVAL@@@)','',2,'2013-09-16'),(66479,'INSERT INTO gne_vale_ferreteria_mov (vfe_id,pro_codigo_plu,vfm_cantidad,vfm_unitario,vfm_total,vfm_entregado) VALUES (11155,18677,1,2590,2590,@@@NO@@@)','',2,'2013-09-16'),(66480,'INSERT INTO gne_vale_ferreteria (vfe_id,vfe_fecha,vfe_total,vfe_estado,vfe_entregado,usu_nusuario) VALUES (11156,@@@2013.09.16@@@,5850,1,0,@@@M_SANDOVAL@@@)','',2,'2013-09-16'),(66481,'INSERT INTO gne_vale_ferreteria_mov (vfe_id,pro_codigo_plu,vfm_cantidad,vfm_unitario,vfm_total,vfm_entregado) VALUES (11156,4090,15,390,5850,@@@NO@@@)','',2,'2013-09-16'),(66482,'INSERT INTO gne_vale_ferreteria (vfe_id,vfe_fecha,vfe_total,vfe_estado,vfe_entregado,usu_nusuario) VALUES (11157,@@@2013.09.16@@@,540,1,0,@@@M_SANDOVAL@@@)','',2,'2013-09-16'),(66483,'INSERT INTO gne_vale_ferreteria_mov (vfe_id,pro_codigo_plu,vfm_cantidad,vfm_unitario,vfm_total,vfm_entregado) VALUES (11157,4090,1,390,390,@@@NO@@@)','',2,'2013-09-16'),(66484,'INSERT INTO gne_vale_ferreteria_mov (vfe_id,pro_codigo_plu,vfm_cantidad,vfm_unitario,vfm_total,vfm_entregado) VALUES (11157,4088,1,150,150,@@@NO@@@)','',2,'2013-09-16'),(66485,'UPDATE mae_productos SET pro_margen_actual=-81.16,pro_precio_venta=50 WHERE pro_codigo_plu=763816','',2,'2013-09-16'),(66486,'UPDATE mae_productos SET pro_margen_actual=0,pro_precio_venta=350 WHERE pro_codigo_plu=15689','',2,'2013-09-16'),(66487,'UPDATE mae_productos SET pro_precio_fiscal=pro_precio_venta WHERE pro_codigo_plu=763816','',2,'2013-09-16'),(66488,'INSERT INTO gne_vale_ferreteria (vfe_id,vfe_fecha,vfe_total,vfe_estado,vfe_entregado,usu_nusuario) VALUES (11158,@@@2013.09.16@@@,1490,1,0,@@@admin@@@)','',2,'2013-09-16'),(66489,'INSERT INTO gne_vale_ferreteria_mov (vfe_id,pro_codigo_plu,vfm_cantidad,vfm_unitario,vfm_total,vfm_entregado) VALUES (11158,780721488,1,1490,1490,@@@NO@@@)','',2,'2013-09-16'),(66490,'INSERT INTO gne_vale_ferreteria (vfe_id,vfe_fecha,vfe_total,vfe_estado,vfe_entregado,usu_nusuario) VALUES (11159,@@@2013.09.16@@@,100,1,0,@@@admin@@@)','',2,'2013-09-16'),(66491,'INSERT INTO gne_vale_ferreteria_mov (vfe_id,pro_codigo_plu,vfm_cantidad,vfm_unitario,vfm_total,vfm_entregado) VALUES (11159,764411,1,100,100,@@@NO@@@)','',2,'2013-09-16'),(66492,'UPDATE mae_productos SET pro_margen_actual=168.66,pro_precio_venta=360 WHERE pro_codigo_plu=589','',2,'2013-09-16'),(66493,'UPDATE mae_productos SET pro_margen_actual=168.66,pro_precio_venta=360 WHERE pro_codigo_plu=590','',2,'2013-09-16'),(66494,'UPDATE mae_productos SET pro_precio_fiscal=pro_precio_venta WHERE pro_codigo_plu=589','',2,'2013-09-16'),(66495,'UPDATE mae_productos SET pro_precio_fiscal=pro_precio_venta WHERE pro_codigo_plu=590','',2,'2013-09-16'),(66496,'INSERT INTO gne_vale_ferreteria (vfe_id,vfe_fecha,vfe_total,vfe_estado,vfe_entregado,usu_nusuario) VALUES (11160,@@@2013.09.16@@@,3980,1,0,@@@admin@@@)','',2,'2013-09-16'),(66497,'INSERT INTO gne_vale_ferreteria_mov (vfe_id,pro_codigo_plu,vfm_cantidad,vfm_unitario,vfm_total,vfm_entregado) VALUES (11160,101856,1,1990,1990,@@@NO@@@)','',2,'2013-09-16'),(66498,'INSERT INTO gne_vale_ferreteria_mov (vfe_id,pro_codigo_plu,vfm_cantidad,vfm_unitario,vfm_total,vfm_entregado) VALUES (11160,20998,1,1990,1990,@@@NO@@@)','',2,'2013-09-16'),(66499,'INSERT INTO gne_vale_ferreteria (vfe_id,vfe_fecha,vfe_total,vfe_estado,vfe_entregado,usu_nusuario) VALUES (11161,@@@2013.09.16@@@,2400,1,0,@@@admin@@@)','',2,'2013-09-16'),(66500,'INSERT INTO gne_vale_ferreteria_mov (vfe_id,pro_codigo_plu,vfm_cantidad,vfm_unitario,vfm_total,vfm_entregado) VALUES (11161,780721668,1,650,650,@@@NO@@@)','',2,'2013-09-16'),(66501,'INSERT INTO gne_vale_ferreteria_mov (vfe_id,pro_codigo_plu,vfm_cantidad,vfm_unitario,vfm_total,vfm_entregado) VALUES (11161,78017179,1,960,960,@@@NO@@@)','',2,'2013-09-16'),(66502,'INSERT INTO gne_vale_ferreteria_mov (vfe_id,pro_codigo_plu,vfm_cantidad,vfm_unitario,vfm_total,vfm_entregado) VALUES (11161,4077,1,200,200,@@@NO@@@)','',2,'2013-09-16'),(66503,'INSERT INTO gne_vale_ferreteria_mov (vfe_id,pro_codigo_plu,vfm_cantidad,vfm_unitario,vfm_total,vfm_entregado) VALUES (11161,780721516,1,590,590,@@@NO@@@)','',2,'2013-09-16'),(66504,'INSERT INTO gne_vale_ferreteria (vfe_id,vfe_fecha,vfe_total,vfe_estado,vfe_entregado,usu_nusuario) VALUES (11162,@@@2013.09.16@@@,30,1,0,@@@admin@@@)','',2,'2013-09-16'),(66505,'INSERT INTO gne_vale_ferreteria_mov (vfe_id,pro_codigo_plu,vfm_cantidad,vfm_unitario,vfm_total,vfm_entregado) VALUES (11162,764772,1,30,30,@@@NO@@@)','',2,'2013-09-16'),(66506,'INSERT INTO mae_productos (pro_codigo_plu,pro_codigo_barra,pro_tipo,pro_nombre_producto,pro_nombre_corto,med_id,emb_id,pro_unidades_embalaje,dep_id,lin_id,mar_id,pro_precio_compra_neto,pro_precio_compra_bruto,pro_precio_venta,pro_margen_actual,pro_oferta,pro_fecha_inicio_oferta,pro_fecha_termino_oferta,pro_precio_oferta,pro_stock_minimo,pro_stock_critico,pro_entradas_bodega,pro_salidas_bodega,pro_mermas_bodega,pro_ajustes_bodega,pro_entradas_sv,pro_salidas_sv,pro_mermas_sv,pro_ajustes_sv,pro_activo,rec_numero,pro_unidad,pro_capacidad,pro_consumo_bodega,pro_consumo_sv,pro_estado,pro_funcion_plu,pro_flejes,pro_iva,pro_plu_asociado,pro_envase,pro_duracion,pro_numero_etiqueta) VALUES (133,@@@133@@@,@@@0@@@,@@@CONTRE POLLO DESGRASADO@@@,@@@CONTRE POLLO DES@@@,@@@2 @@@,@@@6 @@@,@@@5@@@,@@@9 @@@,@@@65@@@,@@@2507@@@,@@@0@@@,@@@833@@@,@@@1@@@,@@@-99.88@@@,@@@@@@,@@@2006.09.07@@@,@@@2006.09.07@@@,@@@0@@@,@@@8@@@,@@@2@@@,@@@0@@@,@@@0@@@,@@@0@@@,@@@0@@@,@@@0@@@,@@@0@@@,@@@0@@@,@@@0@@@,@@@1@@@,@@@0@@@,0,1,0,0,2,0,1,1,0,@@@NO@@@,0,0)','',2,'2013-09-16'),(66507,'DELETE FROM mae_impuestos_productos WHERE pro_codigo_plu=@@@133@@@','',2,'2013-09-16'),(66508,'UPDATE mae_productos SET pro_codigo_barra=@@@133@@@,pro_tipo=@@@0@@@,pro_nombre_producto=@@@CONTRE POLLO DESGRASADO@@@,pro_nombre_corto=@@@CONTRE POLLO DES@@@,med_id=@@@2@@@,emb_id=@@@6@@@,pro_unidades_embalaje=@@@5@@@,dep_id=@@@9 @@@,lin_id=@@@65@@@,mar_id=@@@2507@@@,pro_precio_compra_neto=@@@0@@@,pro_precio_compra_bruto=@@@833@@@,pro_precio_venta=@@@1@@@,pro_margen_actual=@@@-99.88@@@,pro_oferta=@@@NO@@@,pro_fecha_inicio_oferta=@@@2006.09.07@@@,pro_fecha_termino_oferta=@@@2006.09.07@@@,pro_precio_oferta=@@@0@@@,pro_stock_minimo=@@@8@@@,pro_stock_critico=@@@2@@@,pro_activo=@@@1@@@,pro_unidad=@@@1@@@,pro_precio_compra_bruto=833,pro_margen_actual=-99.88,pro_capacidad=1,pro_funcion_plu=1,pro_flejes=1,pro_iva=1,pro_plu_asociado=0,pro_envase=@@@NO@@@,pro_duracion=0,pro_numero_etiqueta=1 WHERE pro_codigo_plu=@@@133@@@','',2,'2013-09-16'),(66509,'UPDATE mae_productos SET pro_estado=1 WHERE pro_codigo_plu=133','',2,'2013-09-16'),(66510,'DELETE FROM mae_impuestos_productos WHERE pro_codigo_plu=@@@133@@@','',2,'2013-09-16'),(66511,'UPDATE mae_productos SET pro_margen_actual=-99.88,pro_precio_venta=1 WHERE pro_codigo_plu=133','',2,'2013-09-16'),(66512,'UPDATE mae_productos SET pro_margen_actual=58,pro_precio_venta=790 WHERE pro_codigo_plu=611','',2,'2013-09-16'),(66513,'UPDATE mae_productos SET pro_precio_fiscal=pro_precio_venta WHERE pro_codigo_plu=611','',2,'2013-09-16'),(66514,'INSERT INTO mae_productos (pro_codigo_plu,pro_codigo_barra,pro_tipo,pro_nombre_producto,pro_nombre_corto,med_id,emb_id,pro_unidades_embalaje,dep_id,lin_id,mar_id,pro_precio_compra_neto,pro_precio_compra_bruto,pro_precio_venta,pro_margen_actual,pro_oferta,pro_fecha_inicio_oferta,pro_fecha_termino_oferta,pro_precio_oferta,pro_stock_minimo,pro_stock_critico,pro_entradas_bodega,pro_salidas_bodega,pro_mermas_bodega,pro_ajustes_bodega,pro_entradas_sv,pro_salidas_sv,pro_mermas_sv,pro_ajustes_sv,pro_activo,rec_numero,pro_unidad,pro_capacidad,pro_consumo_bodega,pro_consumo_sv,pro_estado,pro_funcion_plu,pro_flejes,pro_iva,pro_plu_asociado,pro_envase,pro_duracion,pro_numero_etiqueta) VALUES (780721855,@@@7809611704436@@@,@@@0@@@,@@@TUTO AL OREGANO SUPER POLLO 1KG@@@,@@@TUTO AL OREGANO @@@,@@@2 @@@,@@@6 @@@,@@@1@@@,@@@9 @@@,@@@65@@@,@@@2507@@@,@@@0@@@,@@@1547@@@,@@@1@@@,@@@-99.94@@@,@@@@@@,@@@2006.09.07@@@,@@@2006.09.07@@@,@@@0@@@,@@@10@@@,@@@4@@@,@@@0@@@,@@@0@@@,@@@0@@@,@@@0@@@,@@@0@@@,@@@0@@@,@@@0@@@,@@@0@@@,@@@1@@@,@@@0@@@,0,1,0,0,2,0,1,1,0,@@@NO@@@,0,0)','',2,'2013-09-16'),(66515,'DELETE FROM mae_impuestos_productos WHERE pro_codigo_plu=@@@780721855@@@','',2,'2013-09-16'),(66516,'INSERT INTO mae_productos (pro_codigo_plu,pro_codigo_barra,pro_tipo,pro_nombre_producto,pro_nombre_corto,med_id,emb_id,pro_unidades_embalaje,dep_id,lin_id,mar_id,pro_precio_compra_neto,pro_precio_compra_bruto,pro_precio_venta,pro_margen_actual,pro_oferta,pro_fecha_inicio_oferta,pro_fecha_termino_oferta,pro_precio_oferta,pro_stock_minimo,pro_stock_critico,pro_entradas_bodega,pro_salidas_bodega,pro_mermas_bodega,pro_ajustes_bodega,pro_entradas_sv,pro_salidas_sv,pro_mermas_sv,pro_ajustes_sv,pro_activo,rec_numero,pro_unidad,pro_capacidad,pro_consumo_bodega,pro_consumo_sv,pro_estado,pro_funcion_plu,pro_flejes,pro_iva,pro_plu_asociado,pro_envase,pro_duracion,pro_numero_etiqueta) VALUES (220,@@@220@@@,@@@0@@@,@@@CAZUELA ENTERA DE CERDO (GORDO)@@@,@@@CAZUELA ENTERA D@@@,@@@2 @@@,@@@6 @@@,@@@4@@@,@@@11 @@@,@@@70@@@,@@@2507@@@,@@@0@@@,@@@744@@@,@@@1@@@,@@@-99.87@@@,@@@@@@,@@@2006.09.07@@@,@@@2006.09.07@@@,@@@0@@@,@@@4@@@,@@@1@@@,@@@0@@@,@@@0@@@,@@@0@@@,@@@0@@@,@@@0@@@,@@@0@@@,@@@0@@@,@@@0@@@,@@@1@@@,@@@0@@@,0,1,0,0,2,0,1,1,0,@@@NO@@@,0,0)','',2,'2013-09-16'),(66517,'DELETE FROM mae_impuestos_productos WHERE pro_codigo_plu=@@@220@@@','',2,'2013-09-16'),(66518,'UPDATE mae_productos SET pro_codigo_barra=@@@220@@@,pro_tipo=@@@0@@@,pro_nombre_producto=@@@CAZUELA ENTERA DE CERDO (GORDO)@@@,pro_nombre_corto=@@@CAZUELA ENTERA D@@@,med_id=@@@2@@@,emb_id=@@@6@@@,pro_unidades_embalaje=@@@4@@@,dep_id=@@@11 @@@,lin_id=@@@70@@@,mar_id=@@@2507@@@,pro_precio_compra_neto=@@@0@@@,pro_precio_compra_bruto=@@@744@@@,pro_precio_venta=@@@1@@@,pro_margen_actual=@@@-99.87@@@,pro_oferta=@@@NO@@@,pro_fecha_inicio_oferta=@@@2006.09.07@@@,pro_fecha_termino_oferta=@@@2006.09.07@@@,pro_precio_oferta=@@@0@@@,pro_stock_minimo=@@@4@@@,pro_stock_critico=@@@1@@@,pro_activo=@@@1@@@,pro_unidad=@@@1@@@,pro_precio_compra_bruto=744,pro_margen_actual=-99.87,pro_capacidad=1,pro_funcion_plu=1,pro_flejes=1,pro_iva=1,pro_plu_asociado=0,pro_envase=@@@NO@@@,pro_duracion=0,pro_numero_etiqueta=1 WHERE pro_codigo_plu=@@@220@@@','',2,'2013-09-16'),(66519,'UPDATE mae_productos SET pro_estado=1 WHERE pro_codigo_plu=220','',2,'2013-09-16'),(66520,'DELETE FROM mae_impuestos_productos WHERE pro_codigo_plu=@@@220@@@','',2,'2013-09-16'),(66521,'INSERT INTO mae_productos (pro_codigo_plu,pro_codigo_barra,pro_tipo,pro_nombre_producto,pro_nombre_corto,med_id,emb_id,pro_unidades_embalaje,dep_id,lin_id,mar_id,pro_precio_compra_neto,pro_precio_compra_bruto,pro_precio_venta,pro_margen_actual,pro_oferta,pro_fecha_inicio_oferta,pro_fecha_termino_oferta,pro_precio_oferta,pro_stock_minimo,pro_stock_critico,pro_entradas_bodega,pro_salidas_bodega,pro_mermas_bodega,pro_ajustes_bodega,pro_entradas_sv,pro_salidas_sv,pro_mermas_sv,pro_ajustes_sv,pro_activo,rec_numero,pro_unidad,pro_capacidad,pro_consumo_bodega,pro_consumo_sv,pro_estado,pro_funcion_plu,pro_flejes,pro_iva,pro_plu_asociado,pro_envase,pro_duracion,pro_numero_etiqueta) VALUES (780721856,@@@7809611702494@@@,@@@0@@@,@@@COSTILLITAS DE PAVO SOPRAVAL 800 GRS@@@,@@@COSTILLITAS DE P@@@,@@@5 @@@,@@@6 @@@,@@@1@@@,@@@9 @@@,@@@66@@@,@@@1857@@@,@@@0@@@,@@@1071@@@,@@@1@@@,@@@-99.91@@@,@@@@@@,@@@2006.09.07@@@,@@@2006.09.07@@@,@@@0@@@,@@@8@@@,@@@1@@@,@@@0@@@,@@@0@@@,@@@0@@@,@@@0@@@,@@@0@@@,@@@0@@@,@@@0@@@,@@@0@@@,@@@1@@@,@@@0@@@,0,800,0,0,2,0,1,1,0,@@@NO@@@,0,0)','',2,'2013-09-16'),(66522,'DELETE FROM mae_impuestos_productos WHERE pro_codigo_plu=@@@780721856@@@','',2,'2013-09-16'),(66523,'INSERT INTO gne_vale_ferreteria (vfe_id,vfe_fecha,vfe_total,vfe_estado,vfe_entregado,usu_nusuario) VALUES (11163,@@@2013.09.16@@@,360,1,0,@@@c_jara@@@)','',2,'2013-09-16'),(66524,'INSERT INTO gne_vale_ferreteria_mov (vfe_id,pro_codigo_plu,vfm_cantidad,vfm_unitario,vfm_total,vfm_entregado) VALUES (11163,15745,2,180,360,@@@NO@@@)','',2,'2013-09-16'),(66525,'INSERT INTO gne_vale_ferreteria (vfe_id,vfe_fecha,vfe_total,vfe_estado,vfe_entregado,usu_nusuario) VALUES (11164,@@@2013.09.16@@@,360,1,0,@@@c_jara@@@)','',2,'2013-09-16'),(66526,'INSERT INTO gne_vale_ferreteria_mov (vfe_id,pro_codigo_plu,vfm_cantidad,vfm_unitario,vfm_total,vfm_entregado) VALUES (11164,15745,2,180,360,@@@NO@@@)','',2,'2013-09-16'),(66527,'UPDATE mae_productos SET pro_codigo_barra=@@@7802575006035@@@,pro_tipo=@@@0@@@,pro_nombre_producto=@@@CORBATAS 80 CAROZZI 400 GRS@@@,pro_nombre_corto=@@@CORBATAS 80 CARO@@@,med_id=@@@5@@@,emb_id=@@@2@@@,pro_unidades_embalaje=@@@25@@@,dep_id=@@@1 @@@,lin_id=@@@8@@@,mar_id=@@@1279@@@,pro_precio_compra_neto=@@@0@@@,pro_precio_compra_bruto=@@@0@@@,pro_precio_venta=@@@599@@@,pro_margen_actual=@@@0@@@,pro_oferta=@@@NO@@@,pro_fecha_inicio_oferta=@@@1900.01.01@@@,pro_fecha_termino_oferta=@@@1900.01.01@@@,pro_precio_oferta=@@@0@@@,pro_stock_minimo=@@@25@@@,pro_stock_critico=@@@15@@@,pro_activo=@@@1@@@,pro_unidad=@@@0@@@,pro_precio_compra_bruto=0,pro_margen_actual=0,pro_capacidad=0.4,pro_funcion_plu=0,pro_flejes=1,pro_iva=1,pro_plu_asociado=0,pro_envase=@@@NO@@@,pro_duracion=0,pro_numero_etiqueta=0 WHERE pro_codigo_plu=@@@10829@@@','',2,'2013-09-16'),(66528,'UPDATE mae_productos SET pro_estado=1 WHERE pro_codigo_plu=10829','',2,'2013-09-16'),(66529,'DELETE FROM mae_impuestos_productos WHERE pro_codigo_plu=@@@10829@@@','',2,'2013-09-16'),(66530,'UPDATE mae_productos SET pro_precio_fiscal=pro_precio_venta WHERE pro_codigo_plu=10829','',2,'2013-09-16'),(66531,'UPDATE mae_productos SET pro_codigo_barra=@@@7802575004437@@@,pro_tipo=@@@0@@@,pro_nombre_producto=@@@SPAGHETTI 5 CAROZZI 400 GRS.@@@,pro_nombre_corto=@@@SPAGHETTI 5 CARO@@@,med_id=@@@5@@@,emb_id=@@@2@@@,pro_unidades_embalaje=@@@25@@@,dep_id=@@@1 @@@,lin_id=@@@8@@@,mar_id=@@@1279@@@,pro_precio_compra_neto=@@@0@@@,pro_precio_compra_bruto=@@@0@@@,pro_precio_venta=@@@599@@@,pro_margen_actual=@@@0@@@,pro_oferta=@@@NO@@@,pro_fecha_inicio_oferta=@@@1900.01.01@@@,pro_fecha_termino_oferta=@@@1900.01.01@@@,pro_precio_oferta=@@@0@@@,pro_stock_minimo=@@@25@@@,pro_stock_critico=@@@15@@@,pro_activo=@@@1@@@,pro_unidad=@@@0@@@,pro_precio_compra_bruto=0,pro_margen_actual=0,pro_capacidad=0.4,pro_funcion_plu=0,pro_flejes=1,pro_iva=1,pro_plu_asociado=0,pro_envase=@@@NO@@@,pro_duracion=0,pro_numero_etiqueta=0 WHERE pro_codigo_plu=@@@10787@@@','',2,'2013-09-16'),(66532,'UPDATE mae_productos SET pro_estado=1 WHERE pro_codigo_plu=10787','',2,'2013-09-16'),(66533,'DELETE FROM mae_impuestos_productos WHERE pro_codigo_plu=@@@10787@@@','',2,'2013-09-16'),(66534,'UPDATE mae_productos SET pro_precio_compra_bruto=90,pro_margen_actual=(pro_precio_venta-90)/90 * 100,pro_ultima_compra=@@@2013.09.16@@@,pro_ultimo_proveedor=@@@76027786-k@@@ WHERE pro_codigo_plu=1011','',2,'2013-09-16'),(66535,'UPDATE mae_productos SET pro_precio_compra_bruto=90,pro_margen_actual=(pro_precio_venta-90)/90 * 100,pro_ultima_compra=@@@2013.09.16@@@,pro_ultimo_proveedor=@@@76027786-k@@@ WHERE pro_codigo_plu=1012','',2,'2013-09-16'),(66536,'INSERT INTO gne_vale_ferreteria (vfe_id,vfe_fecha,vfe_total,vfe_estado,vfe_entregado,usu_nusuario) VALUES (11165,@@@2013.09.16@@@,690,1,0,@@@c_jara@@@)','',2,'2013-09-16'),(66537,'INSERT INTO gne_vale_ferreteria_mov (vfe_id,pro_codigo_plu,vfm_cantidad,vfm_unitario,vfm_total,vfm_entregado) VALUES (11165,15485,1,690,690,@@@NO@@@)','',2,'2013-09-16'),(66538,'INSERT INTO gne_vale_ferreteria (vfe_id,vfe_fecha,vfe_total,vfe_estado,vfe_entregado,usu_nusuario) VALUES (11166,@@@2013.09.16@@@,450,1,0,@@@G_DIAZ@@@)','',2,'2013-09-16'),(66539,'INSERT INTO gne_vale_ferreteria_mov (vfe_id,pro_codigo_plu,vfm_cantidad,vfm_unitario,vfm_total,vfm_entregado) VALUES (11166,763772,1,290,290,@@@NO@@@)','',2,'2013-09-16'),(66540,'INSERT INTO gne_vale_ferreteria_mov (vfe_id,pro_codigo_plu,vfm_cantidad,vfm_unitario,vfm_total,vfm_entregado) VALUES (11166,16430,1,160,160,@@@NO@@@)','',2,'2013-09-16'),(66541,'INSERT INTO gne_vale_ferreteria (vfe_id,vfe_fecha,vfe_total,vfe_estado,vfe_entregado,usu_nusuario) VALUES (11167,@@@2013.09.16@@@,450,1,0,@@@G_DIAZ@@@)','',2,'2013-09-16'),(66542,'INSERT INTO gne_vale_ferreteria_mov (vfe_id,pro_codigo_plu,vfm_cantidad,vfm_unitario,vfm_total,vfm_entregado) VALUES (11167,763772,1,290,290,@@@NO@@@)','',2,'2013-09-16'),(66543,'INSERT INTO gne_vale_ferreteria_mov (vfe_id,pro_codigo_plu,vfm_cantidad,vfm_unitario,vfm_total,vfm_entregado) VALUES (11167,16430,1,160,160,@@@NO@@@)','',2,'2013-09-16'),(66544,'INSERT INTO gpr_pack_virtual (pav_id,pav_nombre,pav_total_pack,pav_total_descuento,pav_desde,pav_hasta,pav_tipo,pav_precio,pav_lleva,pav_paga,pav_descuento,pav_porcentaje,pav_oferta_exclusiva,pav_agotar_stock,pav_stock,pav_costo,pav_margen) VALUES (60,@@@PACK CARBON UNICO 2,5 KL. 2 X 2350@@@,2350,230,@@@2013-09-16@@@,@@@2013-09-30@@@,@@@PR@@@,0,0,0,0,0,@@@NO@@@,@@@NO@@@,0,0,0)','',2,'2013-09-16'),(66545,'INSERT INTO gpr_pack_virtual_mov (pav_id,pro_codigo_plu,pvm_precio,pvm_total,pvm_lleva,pvm_paga,pvm_descuento,pvm_porcentaje,pvm_total_normal,pvm_descuento_linea,pvm_costo,pvm_margen) VALUES (60,765099,1290,2350,2,1.8,0.2,138,2580,230,0,0)','',2,'2013-09-16'),(66546,'INSERT INTO gpr_pack_virtual_horario (pav_id,pvh_dia,pvh_hora_desde,pvh_hora_hasta) VALUES (60,99,@@@00:00@@@,@@@23:59@@@)','',2,'2013-09-16'),(66547,'UPDATE gpr_pack_virtual SET pav_nombre=@@@PACK CARBON UNICO 2,5 KL. 2 X 2350@@@,pav_total_pack=2290,pav_total_descuento=290,pav_desde=@@@2013-09-16@@@,pav_hasta=@@@2013-09-30@@@,pav_tipo=@@@PR@@@,pav_precio=0,pav_lleva=0,pav_paga=0,pav_descuento=0,pav_porcentaje=0,pav_oferta_exclusiva=@@@NO@@@,pav_agotar_stock=@@@NO@@@,pav_stock=0,pav_costo=0,pav_margen=0 WHERE pav_id=60','',2,'2013-09-16'),(66548,'DELETE FROM gpr_pack_virtual_mov WHERE pav_id=60','',2,'2013-09-16'),(66549,'DELETE FROM gpr_pack_virtual_horario WHERE pav_id=60','',2,'2013-09-16'),(66550,'INSERT INTO gpr_pack_virtual_mov (pav_id,pro_codigo_plu,pvm_precio,pvm_total,pvm_lleva,pvm_paga,pvm_descuento,pvm_porcentaje,pvm_total_normal,pvm_descuento_linea,pvm_costo,pvm_margen) VALUES (60,765099,1290,2290,2,1.7,0.3,325,2580,290,0,0)','',2,'2013-09-16'),(66551,'INSERT INTO gpr_pack_virtual_horario (pav_id,pvh_dia,pvh_hora_desde,pvh_hora_hasta) VALUES (60,99,@@@00:00@@@,@@@23:59@@@)','',2,'2013-09-16'),(66552,'UPDATE mae_productos SET pro_margen_actual=-99.87,pro_precio_venta=1 WHERE pro_codigo_plu=220','',2,'2013-09-16'),(66553,'UPDATE mae_productos SET pro_margen_actual=-99.91,pro_precio_venta=1 WHERE pro_codigo_plu=780721856','',2,'2013-09-16'),(66554,'UPDATE mae_productos SET pro_margen_actual=0,pro_precio_venta=599 WHERE pro_codigo_plu=10787','',2,'2013-09-16'),(66555,'UPDATE mae_productos SET pro_margen_actual=-99.94,pro_precio_venta=1 WHERE pro_codigo_plu=780721855','',2,'2013-09-16'),(66556,'UPDATE mae_productos SET pro_margen_actual=0,pro_precio_venta=25000 WHERE pro_codigo_plu=838','',2,'2013-09-16'),(66557,'UPDATE mae_productos SET med_id=2,pro_capacidad=2.5 WHERE pro_codigo_plu=765099','',2,'2013-09-16'),(66558,'INSERT INTO gne_vale_ferreteria (vfe_id,vfe_fecha,vfe_total,vfe_estado,vfe_entregado,usu_nusuario) VALUES (11168,@@@2013.09.16@@@,2900,1,0,@@@G_DIAZ@@@)','',2,'2013-09-16'),(66559,'INSERT INTO gne_vale_ferreteria_mov (vfe_id,pro_codigo_plu,vfm_cantidad,vfm_unitario,vfm_total,vfm_entregado) VALUES (11168,780721691,10,290,2900,@@@NO@@@)','',2,'2013-09-16'),(66560,'UPDATE mae_productos SET pro_margen_actual=31.32,pro_precio_venta=499 WHERE pro_codigo_plu=572','',2,'2013-09-16'),(66561,'UPDATE mae_productos SET pro_margen_actual=0,pro_precio_venta=2990 WHERE pro_codigo_plu=840','',2,'2013-09-16'),(66562,'INSERT INTO gne_vale_ferreteria (vfe_id,vfe_fecha,vfe_total,vfe_estado,vfe_entregado,usu_nusuario) VALUES (11169,@@@2013.09.16@@@,600,1,0,@@@G_DIAZ@@@)','',2,'2013-09-16'),(66563,'INSERT INTO gne_vale_ferreteria_mov (vfe_id,pro_codigo_plu,vfm_cantidad,vfm_unitario,vfm_total,vfm_entregado) VALUES (11169,78017110,4,150,600,@@@NO@@@)','',2,'2013-09-16'),(66564,'UPDATE mae_productos SET pro_precio_compra_bruto=357,pro_margen_actual=(pro_precio_venta-357)/357 * 100,pro_ultima_compra=@@@2013.09.16@@@,pro_ultimo_proveedor=@@@79984240-8@@@ WHERE pro_codigo_plu=111','',2,'2013-09-16'),(66565,'UPDATE mae_productos SET pro_precio_compra_bruto=833,pro_margen_actual=(pro_precio_venta-833)/833 * 100,pro_ultima_compra=@@@2013.09.16@@@,pro_ultimo_proveedor=@@@79984240-8@@@ WHERE pro_codigo_plu=133','',2,'2013-09-16'),(66566,'UPDATE mae_productos SET pro_precio_compra_bruto=1547,pro_margen_actual=(pro_precio_venta-1547)/1547 * 100,pro_ultima_compra=@@@2013.09.16@@@,pro_ultimo_proveedor=@@@79984240-8@@@ WHERE pro_codigo_plu=780721855','',2,'2013-09-16'),(66567,'UPDATE mae_productos SET pro_precio_compra_bruto=952,pro_margen_actual=(pro_precio_venta-952)/952 * 100,pro_ultima_compra=@@@2013.09.16@@@,pro_ultimo_proveedor=@@@79984240-8@@@ WHERE pro_codigo_plu=102','',2,'2013-09-16'),(66568,'UPDATE mae_productos SET pro_precio_compra_bruto=744,pro_margen_actual=(pro_precio_venta-744)/744 * 100,pro_ultima_compra=@@@2013.09.16@@@,pro_ultimo_proveedor=@@@79984240-8@@@ WHERE pro_codigo_plu=220','',2,'2013-09-16'),(66569,'UPDATE mae_productos SET pro_precio_compra_bruto=833,pro_margen_actual=(pro_precio_venta-833)/833 * 100,pro_ultima_compra=@@@2013.09.16@@@,pro_ultimo_proveedor=@@@79984240-8@@@ WHERE pro_codigo_plu=110','',2,'2013-09-16'),(66570,'UPDATE mae_productos SET pro_precio_compra_bruto=1071,pro_margen_actual=(pro_precio_venta-1071)/1071 * 100,pro_ultima_compra=@@@2013.09.16@@@,pro_ultimo_proveedor=@@@79984240-8@@@ WHERE pro_codigo_plu=780721856','',2,'2013-09-16'),(66571,'UPDATE mae_productos SET pro_precio_compra_bruto=1037.81,pro_margen_actual=(pro_precio_venta-1037.81)/1037.81 * 100,pro_ultima_compra=@@@2013.09.16@@@,pro_ultimo_proveedor=@@@88502900-0@@@ WHERE pro_codigo_plu=764116','',2,'2013-09-16'),(66572,'UPDATE mae_productos SET pro_precio_compra_bruto=2272.33,pro_margen_actual=(pro_precio_venta-2272.33)/2272.33 * 100,pro_ultima_compra=@@@2013.09.16@@@,pro_ultimo_proveedor=@@@88502900-0@@@ WHERE pro_codigo_plu=764428','',2,'2013-09-16'),(66573,'UPDATE mae_productos SET pro_precio_compra_bruto=1230.74,pro_margen_actual=(pro_precio_venta-1230.74)/1230.74 * 100,pro_ultima_compra=@@@2013.09.16@@@,pro_ultimo_proveedor=@@@88502900-0@@@ WHERE pro_codigo_plu=21194','',2,'2013-09-16'),(66574,'UPDATE mae_productos SET pro_precio_compra_bruto=2082.85,pro_margen_actual=(pro_precio_venta-2082.85)/2082.85 * 100,pro_ultima_compra=@@@2013.09.16@@@,pro_ultimo_proveedor=@@@88502900-0@@@ WHERE pro_codigo_plu=21197','',2,'2013-09-16'),(66575,'UPDATE mae_productos SET pro_precio_compra_bruto=1230.74,pro_margen_actual=(pro_precio_venta-1230.74)/1230.74 * 100,pro_ultima_compra=@@@2013.09.16@@@,pro_ultimo_proveedor=@@@88502900-0@@@ WHERE pro_codigo_plu=21200','',2,'2013-09-16'),(66576,'UPDATE mae_productos SET pro_precio_compra_bruto=2082.85,pro_margen_actual=(pro_precio_venta-2082.85)/2082.85 * 100,pro_ultima_compra=@@@2013.09.16@@@,pro_ultimo_proveedor=@@@88502900-0@@@ WHERE pro_codigo_plu=21198','',2,'2013-09-16'),(66577,'UPDATE mae_productos SET pro_precio_compra_bruto=2613.79,pro_margen_actual=(pro_precio_venta-2613.79)/2613.79 * 100,pro_ultima_compra=@@@2013.09.16@@@,pro_ultimo_proveedor=@@@88502900-0@@@ WHERE pro_codigo_plu=764429','',2,'2013-09-16'),(66578,'UPDATE mae_productos SET pro_precio_compra_bruto=1237.06,pro_margen_actual=(pro_precio_venta-1237.06)/1237.06 * 100,pro_ultima_compra=@@@2013.09.16@@@,pro_ultimo_proveedor=@@@88502900-0@@@ WHERE pro_codigo_plu=78017159','',2,'2013-09-16'),(66579,'UPDATE mae_productos SET pro_precio_compra_bruto=1237.06,pro_margen_actual=(pro_precio_venta-1237.06)/1237.06 * 100,pro_ultima_compra=@@@2013.09.16@@@,pro_ultimo_proveedor=@@@88502900-0@@@ WHERE pro_codigo_plu=780721307','',2,'2013-09-16'),(66580,'UPDATE mae_productos SET pro_precio_compra_bruto=2622.22,pro_margen_actual=(pro_precio_venta-2622.22)/2622.22 * 100,pro_ultima_compra=@@@2013.09.16@@@,pro_ultimo_proveedor=@@@88502900-0@@@ WHERE pro_codigo_plu=21183','',2,'2013-09-16'),(66581,'UPDATE mae_productos SET pro_precio_compra_bruto=1311.11,pro_margen_actual=(pro_precio_venta-1311.11)/1311.11 * 100,pro_ultima_compra=@@@2013.09.16@@@,pro_ultimo_proveedor=@@@88502900-0@@@ WHERE pro_codigo_plu=764102','',2,'2013-09-16'),(66582,'UPDATE mae_productos SET pro_precio_compra_bruto=1311.11,pro_margen_actual=(pro_precio_venta-1311.11)/1311.11 * 100,pro_ultima_compra=@@@2013.09.16@@@,pro_ultimo_proveedor=@@@88502900-0@@@ WHERE pro_codigo_plu=764107','',2,'2013-09-16'),(66583,'UPDATE mae_productos SET pro_precio_compra_bruto=2434.88,pro_margen_actual=(pro_precio_venta-2434.88)/2434.88 * 100,pro_ultima_compra=@@@2013.09.16@@@,pro_ultimo_proveedor=@@@88502900-0@@@ WHERE pro_codigo_plu=21176','',2,'2013-09-16'),(66584,'UPDATE mae_productos SET pro_precio_compra_bruto=1306.89,pro_margen_actual=(pro_precio_venta-1306.89)/1306.89 * 100,pro_ultima_compra=@@@2013.09.16@@@,pro_ultimo_proveedor=@@@88502900-0@@@ WHERE pro_codigo_plu=780721633','',2,'2013-09-16'),(66585,'UPDATE mae_productos SET pro_precio_compra_bruto=2520.49,pro_margen_actual=(pro_precio_venta-2520.49)/2520.49 * 100,pro_ultima_compra=@@@2013.09.16@@@,pro_ultimo_proveedor=@@@88502900-0@@@ WHERE pro_codigo_plu=764103','',2,'2013-09-16'),(66586,'UPDATE mae_productos SET pro_precio_compra_bruto=1509.64,pro_margen_actual=(pro_precio_venta-1509.64)/1509.64 * 100,pro_ultima_compra=@@@2013.09.16@@@,pro_ultimo_proveedor=@@@88502900-0@@@ WHERE pro_codigo_plu=21207','',2,'2013-09-16'),(66587,'UPDATE mae_productos SET pro_precio_compra_bruto=849.152,pro_margen_actual=(pro_precio_venta-849.152)/849.152 * 100,pro_ultima_compra=@@@2013.09.16@@@,pro_ultimo_proveedor=@@@88502900-0@@@ WHERE pro_codigo_plu=780721718','',2,'2013-09-16'),(66588,'UPDATE mae_productos SET pro_precio_compra_bruto=1037.81,pro_margen_actual=(pro_precio_venta-1037.81)/1037.81 * 100,pro_ultima_compra=@@@2013.09.16@@@,pro_ultimo_proveedor=@@@88502900-0@@@ WHERE pro_codigo_plu=764108','',2,'2013-09-16'),(66589,'UPDATE mae_productos SET pro_precio_venta=1300,pro_margen_actual= 5.63 WHERE pro_codigo_plu=21200','',2,'2013-09-16');
insert  into `sys_comunicacion_caja`(`coc_id`,`coc_sql`,`coc_cajas`,`coc_prioridad`,`coc_fecha`) values (66590,'UPDATE mae_productos SET pro_precio_venta=1400,pro_margen_actual= 6.78 WHERE pro_codigo_plu=764107','',2,'2013-09-16'),(66591,'UPDATE mae_productos SET pro_precio_venta=2800,pro_margen_actual= 7.12 WHERE pro_codigo_plu=764429','',2,'2013-09-16'),(66592,'INSERT INTO gne_vale_ferreteria (vfe_id,vfe_fecha,vfe_total,vfe_estado,vfe_entregado,usu_nusuario) VALUES (11170,@@@2013.09.16@@@,200,1,0,@@@G_DIAZ@@@)','',2,'2013-09-16'),(66593,'INSERT INTO gne_vale_ferreteria_mov (vfe_id,pro_codigo_plu,vfm_cantidad,vfm_unitario,vfm_total,vfm_entregado) VALUES (11170,1556,1,200,200,@@@NO@@@)','',2,'2013-09-16'),(66594,'UPDATE mae_productos SET pro_codigo_barra=@@@103@@@,pro_tipo=@@@0@@@,pro_nombre_producto=@@@ALITA POLLO@@@,pro_nombre_corto=@@@ALITA POLLO@@@,med_id=@@@2@@@,emb_id=@@@1@@@,pro_unidades_embalaje=@@@1@@@,dep_id=@@@9 @@@,lin_id=@@@65@@@,mar_id=@@@2507@@@,pro_precio_compra_neto=@@@900@@@,pro_precio_compra_bruto=@@@1071@@@,pro_precio_venta=@@@1590@@@,pro_margen_actual=@@@48.46@@@,pro_oferta=@@@NO@@@,pro_fecha_inicio_oferta=@@@1900.01.01@@@,pro_fecha_termino_oferta=@@@1900.01.01@@@,pro_precio_oferta=@@@0@@@,pro_stock_minimo=@@@1@@@,pro_stock_critico=@@@1@@@,pro_activo=@@@1@@@,pro_unidad=@@@1@@@,pro_precio_compra_bruto=1071,pro_margen_actual=48.46,pro_capacidad=1,pro_funcion_plu=1,pro_flejes=0,pro_iva=1,pro_plu_asociado=0,pro_envase=@@@NO@@@,pro_duracion=0,pro_numero_etiqueta=1 WHERE pro_codigo_plu=@@@103@@@','',2,'2013-09-16'),(66595,'UPDATE mae_productos SET pro_estado=1 WHERE pro_codigo_plu=103','',2,'2013-09-16'),(66596,'DELETE FROM mae_impuestos_productos WHERE pro_codigo_plu=@@@103@@@','',2,'2013-09-16'),(66597,'UPDATE mae_productos SET pro_precio_compra_bruto=357,pro_margen_actual=(pro_precio_venta-357)/357 * 100,pro_ultima_compra=@@@2013.09.16@@@,pro_ultimo_proveedor=@@@79984240-8@@@ WHERE pro_codigo_plu=111','',2,'2013-09-16'),(66598,'UPDATE mae_productos SET pro_precio_compra_bruto=833,pro_margen_actual=(pro_precio_venta-833)/833 * 100,pro_ultima_compra=@@@2013.09.16@@@,pro_ultimo_proveedor=@@@79984240-8@@@ WHERE pro_codigo_plu=133','',2,'2013-09-16'),(66599,'UPDATE mae_productos SET pro_precio_compra_bruto=1547,pro_margen_actual=(pro_precio_venta-1547)/1547 * 100,pro_ultima_compra=@@@2013.09.16@@@,pro_ultimo_proveedor=@@@79984240-8@@@ WHERE pro_codigo_plu=780721855','',2,'2013-09-16'),(66600,'UPDATE mae_productos SET pro_precio_compra_bruto=744,pro_margen_actual=(pro_precio_venta-744)/744 * 100,pro_ultima_compra=@@@2013.09.16@@@,pro_ultimo_proveedor=@@@79984240-8@@@ WHERE pro_codigo_plu=220','',2,'2013-09-16'),(66601,'UPDATE mae_productos SET pro_precio_compra_bruto=833,pro_margen_actual=(pro_precio_venta-833)/833 * 100,pro_ultima_compra=@@@2013.09.16@@@,pro_ultimo_proveedor=@@@79984240-8@@@ WHERE pro_codigo_plu=110','',2,'2013-09-16'),(66602,'UPDATE mae_productos SET pro_precio_compra_bruto=1071,pro_margen_actual=(pro_precio_venta-1071)/1071 * 100,pro_ultima_compra=@@@2013.09.16@@@,pro_ultimo_proveedor=@@@79984240-8@@@ WHERE pro_codigo_plu=780721856','',2,'2013-09-16'),(66603,'UPDATE mae_productos SET pro_precio_compra_bruto=952,pro_margen_actual=(pro_precio_venta-952)/952 * 100,pro_ultima_compra=@@@2013.09.16@@@,pro_ultimo_proveedor=@@@79984240-8@@@ WHERE pro_codigo_plu=103','',2,'2013-09-16'),(66604,'UPDATE mae_productos SET pro_precio_venta=1490,pro_margen_actual= 78.87 WHERE pro_codigo_plu=110','',2,'2013-09-16'),(66605,'UPDATE mae_productos SET pro_precio_venta=1390,pro_margen_actual= 66.87 WHERE pro_codigo_plu=133','',2,'2013-09-16'),(66606,'UPDATE mae_productos SET pro_precio_venta=1490,pro_margen_actual= 100.27 WHERE pro_codigo_plu=220','',2,'2013-09-16'),(66607,'UPDATE mae_productos SET pro_precio_venta=1590,pro_margen_actual= 48.46 WHERE pro_codigo_plu=780721856','',2,'2013-09-16'),(66608,'UPDATE mae_productos SET pro_precio_venta=2190,pro_margen_actual= 41.56 WHERE pro_codigo_plu=780721855','',2,'2013-09-16'),(66609,'INSERT INTO gne_vale_ferreteria (vfe_id,vfe_fecha,vfe_total,vfe_estado,vfe_entregado,usu_nusuario) VALUES (11171,@@@2013.09.16@@@,790,1,0,@@@G_DIAZ@@@)','',2,'2013-09-16'),(66610,'INSERT INTO gne_vale_ferreteria_mov (vfe_id,pro_codigo_plu,vfm_cantidad,vfm_unitario,vfm_total,vfm_entregado) VALUES (11171,763804,1,790,790,@@@NO@@@)','',2,'2013-09-16'),(66611,'UPDATE mae_productos SET pro_margen_actual=67.02,pro_precio_venta=1590 WHERE pro_codigo_plu=103','',2,'2013-09-16'),(66612,'UPDATE mae_productos SET pro_margen_actual=5.63,pro_precio_venta=1300 WHERE pro_codigo_plu=21200','',2,'2013-09-16'),(66613,'UPDATE mae_productos SET pro_margen_actual=100.27,pro_precio_venta=1490 WHERE pro_codigo_plu=220','',2,'2013-09-16'),(66614,'UPDATE mae_productos SET pro_margen_actual=66.87,pro_precio_venta=1390 WHERE pro_codigo_plu=133','',2,'2013-09-16'),(66615,'UPDATE mae_productos SET pro_margen_actual=48.46,pro_precio_venta=1590 WHERE pro_codigo_plu=780721856','',2,'2013-09-16'),(66616,'UPDATE mae_productos SET pro_margen_actual=7.12,pro_precio_venta=2800 WHERE pro_codigo_plu=764429','',2,'2013-09-16'),(66617,'UPDATE mae_productos SET pro_margen_actual=6.78,pro_precio_venta=1400 WHERE pro_codigo_plu=764107','',2,'2013-09-16'),(66618,'UPDATE mae_productos SET pro_margen_actual=78.87,pro_precio_venta=1490 WHERE pro_codigo_plu=110','',2,'2013-09-16'),(66619,'UPDATE mae_productos SET pro_margen_actual=41.56,pro_precio_venta=2190 WHERE pro_codigo_plu=780721855','',2,'2013-09-16'),(66620,'UPDATE mae_productos SET pro_margen_actual=0,pro_precio_venta=890 WHERE pro_codigo_plu=568','',2,'2013-09-16'),(66621,'UPDATE mae_productos SET pro_margen_actual=63.9,pro_precio_venta=890 WHERE pro_codigo_plu=579','',2,'2013-09-16'),(66622,'UPDATE mae_productos SET pro_margen_actual=0,pro_precio_venta=25000 WHERE pro_codigo_plu=838','',2,'2013-09-16'),(66623,'INSERT INTO gne_vale_ferreteria (vfe_id,vfe_fecha,vfe_total,vfe_estado,vfe_entregado,usu_nusuario) VALUES (11172,@@@2013.09.16@@@,960,1,0,@@@G_DIAZ@@@)','',2,'2013-09-16'),(66624,'INSERT INTO gne_vale_ferreteria_mov (vfe_id,pro_codigo_plu,vfm_cantidad,vfm_unitario,vfm_total,vfm_entregado) VALUES (11172,15935,2,480,960,@@@NO@@@)','',2,'2013-09-16'),(66625,'UPDATE mae_productos SET pro_codigo_barra=@@@838@@@,pro_tipo=@@@0@@@,pro_nombre_producto=@@@CLAVO OLOR@@@,pro_nombre_corto=@@@CLAVO OLOR@@@,med_id=@@@1@@@,emb_id=@@@1@@@,pro_unidades_embalaje=@@@1@@@,dep_id=@@@1 @@@,lin_id=@@@217@@@,mar_id=@@@2507@@@,pro_precio_compra_neto=@@@0@@@,pro_precio_compra_bruto=@@@0@@@,pro_precio_venta=@@@25000@@@,pro_margen_actual=@@@0@@@,pro_oferta=@@@NO@@@,pro_fecha_inicio_oferta=@@@1900.01.01@@@,pro_fecha_termino_oferta=@@@1900.01.01@@@,pro_precio_oferta=@@@0@@@,pro_stock_minimo=@@@1@@@,pro_stock_critico=@@@1@@@,pro_activo=@@@1@@@,pro_unidad=@@@0@@@,pro_precio_compra_bruto=0,pro_margen_actual=0,pro_capacidad=1,pro_funcion_plu=0,pro_flejes=0,pro_iva=1,pro_plu_asociado=0,pro_envase=@@@NO@@@,pro_duracion=0,pro_numero_etiqueta=0 WHERE pro_codigo_plu=@@@838@@@','',2,'2013-09-16'),(66626,'UPDATE mae_productos SET pro_estado=1 WHERE pro_codigo_plu=838','',2,'2013-09-16'),(66627,'DELETE FROM mae_impuestos_productos WHERE pro_codigo_plu=@@@838@@@','',2,'2013-09-16'),(66628,'UPDATE mae_productos SET pro_codigo_barra=@@@845@@@,pro_tipo=@@@0@@@,pro_nombre_producto=@@@CLAVO OLOR MOLIDO@@@,pro_nombre_corto=@@@CLAVO OLOR MOLID@@@,med_id=@@@2@@@,emb_id=@@@1@@@,pro_unidades_embalaje=@@@1@@@,dep_id=@@@1 @@@,lin_id=@@@155@@@,mar_id=@@@2507@@@,pro_precio_compra_neto=@@@0@@@,pro_precio_compra_bruto=@@@0@@@,pro_precio_venta=@@@25000@@@,pro_margen_actual=@@@0@@@,pro_oferta=@@@NO@@@,pro_fecha_inicio_oferta=@@@1900.01.01@@@,pro_fecha_termino_oferta=@@@1900.01.01@@@,pro_precio_oferta=@@@0@@@,pro_stock_minimo=@@@1@@@,pro_stock_critico=@@@1@@@,pro_activo=@@@1@@@,pro_unidad=@@@0@@@,pro_precio_compra_bruto=0,pro_margen_actual=0,pro_capacidad=1,pro_funcion_plu=0,pro_flejes=0,pro_iva=1,pro_plu_asociado=0,pro_envase=@@@NO@@@,pro_duracion=0,pro_numero_etiqueta=0 WHERE pro_codigo_plu=@@@845@@@','',2,'2013-09-16'),(66629,'UPDATE mae_productos SET pro_estado=1 WHERE pro_codigo_plu=845','',2,'2013-09-16'),(66630,'DELETE FROM mae_impuestos_productos WHERE pro_codigo_plu=@@@845@@@','',2,'2013-09-16'),(66631,'UPDATE mae_productos SET pro_precio_fiscal=pro_precio_venta WHERE pro_codigo_plu=21200','',2,'2013-09-16'),(66632,'UPDATE mae_productos SET pro_precio_fiscal=pro_precio_venta WHERE pro_codigo_plu=764107','',2,'2013-09-16'),(66633,'UPDATE mae_productos SET pro_precio_fiscal=pro_precio_venta WHERE pro_codigo_plu=764429','',2,'2013-09-16'),(66634,'UPDATE mae_productos SET pro_precio_fiscal=pro_precio_venta WHERE pro_codigo_plu=780721856','',2,'2013-09-16'),(66635,'UPDATE mae_productos SET pro_precio_fiscal=pro_precio_venta WHERE pro_codigo_plu=780721855','',2,'2013-09-16'),(66636,'UPDATE mae_productos SET pro_precio_fiscal=pro_precio_venta WHERE pro_codigo_plu=103','',2,'2013-09-16'),(66637,'UPDATE mae_productos SET pro_precio_fiscal=pro_precio_venta WHERE pro_codigo_plu=110','',2,'2013-09-16'),(66638,'UPDATE mae_productos SET pro_precio_fiscal=pro_precio_venta WHERE pro_codigo_plu=133','',2,'2013-09-16'),(66639,'UPDATE mae_productos SET pro_precio_fiscal=pro_precio_venta WHERE pro_codigo_plu=220','',2,'2013-09-16'),(66640,'UPDATE mae_productos SET pro_precio_fiscal=pro_precio_venta WHERE pro_codigo_plu=568','',2,'2013-09-16'),(66641,'UPDATE mae_productos SET pro_precio_fiscal=pro_precio_venta WHERE pro_codigo_plu=572','',2,'2013-09-16'),(66642,'UPDATE mae_productos SET pro_precio_fiscal=pro_precio_venta WHERE pro_codigo_plu=579','',2,'2013-09-16'),(66643,'UPDATE mae_productos SET pro_precio_fiscal=pro_precio_venta WHERE pro_codigo_plu=838','',2,'2013-09-16'),(66644,'UPDATE mae_productos SET pro_precio_fiscal=pro_precio_venta WHERE pro_codigo_plu=845','',2,'2013-09-16'),(66645,'UPDATE mae_productos SET pro_codigo_barra=@@@1015@@@,pro_tipo=@@@0@@@,pro_nombre_producto=@@@CHUÑO SUELTO@@@,pro_nombre_corto=@@@CARPETA PLASTIFI@@@,med_id=@@@2@@@,emb_id=@@@4@@@,pro_unidades_embalaje=@@@1@@@,dep_id=@@@1 @@@,lin_id=@@@9@@@,mar_id=@@@2507@@@,pro_precio_compra_neto=@@@0@@@,pro_precio_compra_bruto=@@@1@@@,pro_precio_venta=@@@2190@@@,pro_margen_actual=@@@218900@@@,pro_oferta=@@@NO@@@,pro_fecha_inicio_oferta=@@@2013.05.02@@@,pro_fecha_termino_oferta=@@@2013.05.02@@@,pro_precio_oferta=@@@0@@@,pro_stock_minimo=@@@30@@@,pro_stock_critico=@@@10@@@,pro_activo=@@@1@@@,pro_unidad=@@@0@@@,pro_precio_compra_bruto=1,pro_margen_actual=218900,pro_capacidad=1,pro_funcion_plu=0,pro_flejes=1,pro_iva=1,pro_plu_asociado=0,pro_envase=@@@NO@@@,pro_duracion=0,pro_numero_etiqueta=0 WHERE pro_codigo_plu=@@@1015@@@','',2,'2013-09-16'),(66646,'UPDATE mae_productos SET pro_estado=1 WHERE pro_codigo_plu=1015','',2,'2013-09-16'),(66647,'DELETE FROM mae_impuestos_productos WHERE pro_codigo_plu=@@@1015@@@','',2,'2013-09-16'),(66648,'UPDATE mae_productos SET pro_codigo_barra=@@@1016@@@,pro_tipo=@@@0@@@,pro_nombre_producto=@@@AZUCAR FLOR SUELTA@@@,pro_nombre_corto=@@@SORPRESA X1@@@,med_id=@@@2@@@,emb_id=@@@4@@@,pro_unidades_embalaje=@@@10@@@,dep_id=@@@1 @@@,lin_id=@@@152@@@,mar_id=@@@2507@@@,pro_precio_compra_neto=@@@0@@@,pro_precio_compra_bruto=@@@1@@@,pro_precio_venta=@@@1890@@@,pro_margen_actual=@@@188900@@@,pro_oferta=@@@NO@@@,pro_fecha_inicio_oferta=@@@2013.05.02@@@,pro_fecha_termino_oferta=@@@2013.05.02@@@,pro_precio_oferta=@@@0@@@,pro_stock_minimo=@@@30@@@,pro_stock_critico=@@@10@@@,pro_activo=@@@1@@@,pro_unidad=@@@0@@@,pro_precio_compra_bruto=1,pro_margen_actual=188900,pro_capacidad=1,pro_funcion_plu=0,pro_flejes=1,pro_iva=1,pro_plu_asociado=0,pro_envase=@@@NO@@@,pro_duracion=0,pro_numero_etiqueta=0 WHERE pro_codigo_plu=@@@1016@@@','',2,'2013-09-16'),(66649,'UPDATE mae_productos SET pro_estado=1 WHERE pro_codigo_plu=1016','',2,'2013-09-16'),(66650,'DELETE FROM mae_impuestos_productos WHERE pro_codigo_plu=@@@1016@@@','',2,'2013-09-16'),(66651,'INSERT INTO gne_vale_ferreteria (vfe_id,vfe_fecha,vfe_total,vfe_estado,vfe_entregado,usu_nusuario) VALUES (11173,@@@2013.09.16@@@,2290,1,0,@@@G_DIAZ@@@)','',2,'2013-09-16'),(66652,'INSERT INTO gne_vale_ferreteria_mov (vfe_id,pro_codigo_plu,vfm_cantidad,vfm_unitario,vfm_total,vfm_entregado) VALUES (11173,764445,1,2290,2290,@@@NO@@@)','',2,'2013-09-16'),(66653,'INSERT INTO gne_vale_ferreteria (vfe_id,vfe_fecha,vfe_total,vfe_estado,vfe_entregado,usu_nusuario) VALUES (11174,@@@2013.09.16@@@,2190,1,0,@@@G_DIAZ@@@)','',2,'2013-09-16'),(66654,'INSERT INTO gne_vale_ferreteria_mov (vfe_id,pro_codigo_plu,vfm_cantidad,vfm_unitario,vfm_total,vfm_entregado) VALUES (11174,78017224,1,1890,1890,@@@NO@@@)','',2,'2013-09-16'),(66655,'INSERT INTO gne_vale_ferreteria_mov (vfe_id,pro_codigo_plu,vfm_cantidad,vfm_unitario,vfm_total,vfm_entregado) VALUES (11174,780721221,1,300,300,@@@NO@@@)','',2,'2013-09-16'),(66656,'UPDATE mae_productos SET pro_margen_actual=188900,pro_precio_venta=1890 WHERE pro_codigo_plu=1016','',2,'2013-09-16'),(66657,'UPDATE mae_productos SET pro_margen_actual=218900,pro_precio_venta=2190 WHERE pro_codigo_plu=1015','',2,'2013-09-16'),(66658,'UPDATE mae_productos SET pro_margen_actual=0,pro_precio_venta=1690 WHERE pro_codigo_plu=824','',2,'2013-09-16'),(66659,'UPDATE mae_productos SET pro_margen_actual=0,pro_precio_venta=890 WHERE pro_codigo_plu=568','',2,'2013-09-16'),(66660,'UPDATE mae_productos SET pro_margen_actual=65.87,pro_precio_venta=690 WHERE pro_codigo_plu=566','',2,'2013-09-16'),(66661,'UPDATE mae_productos SET pro_margen_actual=31.32,pro_precio_venta=499 WHERE pro_codigo_plu=572','',2,'2013-09-16'),(66662,'UPDATE mae_productos SET pro_margen_actual=63.9,pro_precio_venta=890 WHERE pro_codigo_plu=579','',2,'2013-09-16'),(66663,'UPDATE mae_productos SET pro_margen_actual=66.98,pro_precio_venta=890 WHERE pro_codigo_plu=580','',2,'2013-09-16'),(66664,'UPDATE mae_productos SET pro_margen_actual=0,pro_precio_venta=12000 WHERE pro_codigo_plu=845','',2,'2013-09-16'),(66665,'UPDATE mae_productos SET pro_margen_actual=0,pro_precio_venta=25000 WHERE pro_codigo_plu=838','',2,'2013-09-16'),(66666,'UPDATE mae_productos SET pro_margen_actual=0,pro_precio_venta=3990 WHERE pro_codigo_plu=841','',2,'2013-09-16'),(66667,'UPDATE mae_productos SET pro_precio_fiscal=pro_precio_venta WHERE pro_codigo_plu=1015','',2,'2013-09-16'),(66668,'UPDATE mae_productos SET pro_precio_fiscal=pro_precio_venta WHERE pro_codigo_plu=1016','',2,'2013-09-16'),(66669,'UPDATE mae_productos SET pro_precio_fiscal=pro_precio_venta WHERE pro_codigo_plu=841','',2,'2013-09-16'),(66670,'UPDATE mae_productos SET pro_precio_fiscal=pro_precio_venta WHERE pro_codigo_plu=845','',2,'2013-09-16'),(66671,'INSERT INTO gne_vale_ferreteria (vfe_id,vfe_fecha,vfe_total,vfe_estado,vfe_entregado,usu_nusuario) VALUES (11175,@@@2013.09.16@@@,390,1,0,@@@G_DIAZ@@@)','',2,'2013-09-16'),(66672,'INSERT INTO gne_vale_ferreteria_mov (vfe_id,pro_codigo_plu,vfm_cantidad,vfm_unitario,vfm_total,vfm_entregado) VALUES (11175,780721379,1,390,390,@@@NO@@@)','',2,'2013-09-16'),(66673,'INSERT INTO gne_vale_ferreteria (vfe_id,vfe_fecha,vfe_total,vfe_estado,vfe_entregado,usu_nusuario) VALUES (11176,@@@2013.09.16@@@,600,1,0,@@@G_DIAZ@@@)','',2,'2013-09-16'),(66674,'INSERT INTO gne_vale_ferreteria_mov (vfe_id,pro_codigo_plu,vfm_cantidad,vfm_unitario,vfm_total,vfm_entregado) VALUES (11176,4077,3,200,600,@@@NO@@@)','',2,'2013-09-16'),(66675,'INSERT INTO gne_vale_ferreteria (vfe_id,vfe_fecha,vfe_total,vfe_estado,vfe_entregado,usu_nusuario) VALUES (11177,@@@2013.09.16@@@,590,1,0,@@@G_DIAZ@@@)','',2,'2013-09-16'),(66676,'INSERT INTO gne_vale_ferreteria_mov (vfe_id,pro_codigo_plu,vfm_cantidad,vfm_unitario,vfm_total,vfm_entregado) VALUES (11177,54791,1,590,590,@@@NO@@@)','',2,'2013-09-16'),(66677,'INSERT INTO gne_vale_ferreteria (vfe_id,vfe_fecha,vfe_total,vfe_estado,vfe_entregado,usu_nusuario) VALUES (11178,@@@2013.09.16@@@,1590,1,0,@@@G_DIAZ@@@)','',2,'2013-09-16'),(66678,'INSERT INTO gne_vale_ferreteria_mov (vfe_id,pro_codigo_plu,vfm_cantidad,vfm_unitario,vfm_total,vfm_entregado) VALUES (11178,780721123,1,1590,1590,@@@NO@@@)','',2,'2013-09-16'),(66679,'INSERT INTO gne_vale_ferreteria (vfe_id,vfe_fecha,vfe_total,vfe_estado,vfe_entregado,usu_nusuario) VALUES (11179,@@@2013.09.16@@@,80,1,0,@@@G_DIAZ@@@)','',2,'2013-09-16'),(66680,'INSERT INTO gne_vale_ferreteria_mov (vfe_id,pro_codigo_plu,vfm_cantidad,vfm_unitario,vfm_total,vfm_entregado) VALUES (11179,78016966,4,20,80,@@@NO@@@)','',2,'2013-09-16'),(66681,'INSERT INTO gne_vale_ferreteria (vfe_id,vfe_fecha,vfe_total,vfe_estado,vfe_entregado,usu_nusuario) VALUES (11180,@@@2013.09.16@@@,150,1,0,@@@G_DIAZ@@@)','',2,'2013-09-16'),(66682,'INSERT INTO gne_vale_ferreteria_mov (vfe_id,pro_codigo_plu,vfm_cantidad,vfm_unitario,vfm_total,vfm_entregado) VALUES (11180,4088,1,150,150,@@@NO@@@)','',2,'2013-09-16'),(66683,'INSERT INTO gne_vale_ferreteria (vfe_id,vfe_fecha,vfe_total,vfe_estado,vfe_entregado,usu_nusuario) VALUES (11181,@@@2013.09.16@@@,1920,1,0,@@@G_DIAZ@@@)','',2,'2013-09-16'),(66684,'INSERT INTO gne_vale_ferreteria_mov (vfe_id,pro_codigo_plu,vfm_cantidad,vfm_unitario,vfm_total,vfm_entregado) VALUES (11181,15927,4,480,1920,@@@NO@@@)','',2,'2013-09-16'),(66685,'INSERT INTO gne_vale_ferreteria (vfe_id,vfe_fecha,vfe_total,vfe_estado,vfe_entregado,usu_nusuario) VALUES (11182,@@@2013.09.16@@@,1750,1,0,@@@G_DIAZ@@@)','',2,'2013-09-16'),(66686,'INSERT INTO gne_vale_ferreteria_mov (vfe_id,pro_codigo_plu,vfm_cantidad,vfm_unitario,vfm_total,vfm_entregado) VALUES (11182,761650,1,1750,1750,@@@NO@@@)','',2,'2013-09-16'),(66687,'INSERT INTO gne_vale_ferreteria (vfe_id,vfe_fecha,vfe_total,vfe_estado,vfe_entregado,usu_nusuario) VALUES (11183,@@@2013.09.16@@@,3180,1,0,@@@G_DIAZ@@@)','',2,'2013-09-16'),(66688,'INSERT INTO gne_vale_ferreteria_mov (vfe_id,pro_codigo_plu,vfm_cantidad,vfm_unitario,vfm_total,vfm_entregado) VALUES (11183,780721697,1,1590,1590,@@@NO@@@)','',2,'2013-09-16'),(66689,'INSERT INTO gne_vale_ferreteria_mov (vfe_id,pro_codigo_plu,vfm_cantidad,vfm_unitario,vfm_total,vfm_entregado) VALUES (11183,15391,1,1590,1590,@@@NO@@@)','',2,'2013-09-16'),(66690,'INSERT INTO gne_vale_ferreteria (vfe_id,vfe_fecha,vfe_total,vfe_estado,vfe_entregado,usu_nusuario) VALUES (11184,@@@2013.09.16@@@,1890,1,0,@@@G_DIAZ@@@)','',2,'2013-09-16'),(66691,'INSERT INTO gne_vale_ferreteria_mov (vfe_id,pro_codigo_plu,vfm_cantidad,vfm_unitario,vfm_total,vfm_entregado) VALUES (11184,101678,1,1890,1890,@@@NO@@@)','',2,'2013-09-16'),(66692,'INSERT INTO gne_vale_ferreteria (vfe_id,vfe_fecha,vfe_total,vfe_estado,vfe_entregado,usu_nusuario) VALUES (11185,@@@2013.09.16@@@,590,1,0,@@@G_DIAZ@@@)','',2,'2013-09-16'),(66693,'INSERT INTO gne_vale_ferreteria_mov (vfe_id,pro_codigo_plu,vfm_cantidad,vfm_unitario,vfm_total,vfm_entregado) VALUES (11185,10178,1,590,590,@@@NO@@@)','',2,'2013-09-16'),(66694,'INSERT INTO gne_vale_ferreteria (vfe_id,vfe_fecha,vfe_total,vfe_estado,vfe_entregado,usu_nusuario) VALUES (11186,@@@2013.09.16@@@,990,1,0,@@@G_DIAZ@@@)','',2,'2013-09-16'),(66695,'INSERT INTO gne_vale_ferreteria_mov (vfe_id,pro_codigo_plu,vfm_cantidad,vfm_unitario,vfm_total,vfm_entregado) VALUES (11186,54792,1,990,990,@@@NO@@@)','',2,'2013-09-16'),(66696,'INSERT INTO gne_vale_ferreteria (vfe_id,vfe_fecha,vfe_total,vfe_estado,vfe_entregado,usu_nusuario) VALUES (11187,@@@2013.09.16@@@,200,1,0,@@@G_DIAZ@@@)','',2,'2013-09-16'),(66697,'INSERT INTO gne_vale_ferreteria_mov (vfe_id,pro_codigo_plu,vfm_cantidad,vfm_unitario,vfm_total,vfm_entregado) VALUES (11187,18386,1,200,200,@@@NO@@@)','',2,'2013-09-16'),(66698,'INSERT INTO gne_vale_ferreteria (vfe_id,vfe_fecha,vfe_total,vfe_estado,vfe_entregado,usu_nusuario) VALUES (11188,@@@2013.09.16@@@,360,1,0,@@@G_DIAZ@@@)','',2,'2013-09-16'),(66699,'INSERT INTO gne_vale_ferreteria_mov (vfe_id,pro_codigo_plu,vfm_cantidad,vfm_unitario,vfm_total,vfm_entregado) VALUES (11188,764366,1,360,360,@@@NO@@@)','',2,'2013-09-16'),(66700,'INSERT INTO gne_vale_ferreteria (vfe_id,vfe_fecha,vfe_total,vfe_estado,vfe_entregado,usu_nusuario) VALUES (11189,@@@2013.09.16@@@,390,1,0,@@@G_DIAZ@@@)','',2,'2013-09-16'),(66701,'INSERT INTO gne_vale_ferreteria_mov (vfe_id,pro_codigo_plu,vfm_cantidad,vfm_unitario,vfm_total,vfm_entregado) VALUES (11189,780721379,1,390,390,@@@NO@@@)','',2,'2013-09-16'),(66702,'INSERT INTO gne_vale_ferreteria (vfe_id,vfe_fecha,vfe_total,vfe_estado,vfe_entregado,usu_nusuario) VALUES (11190,@@@2013.09.16@@@,880,1,0,@@@G_DIAZ@@@)','',2,'2013-09-16'),(66703,'INSERT INTO gne_vale_ferreteria_mov (vfe_id,pro_codigo_plu,vfm_cantidad,vfm_unitario,vfm_total,vfm_entregado) VALUES (11190,1552,1,490,490,@@@NO@@@)','',2,'2013-09-16'),(66704,'INSERT INTO gne_vale_ferreteria_mov (vfe_id,pro_codigo_plu,vfm_cantidad,vfm_unitario,vfm_total,vfm_entregado) VALUES (11190,780721692,1,390,390,@@@NO@@@)','',2,'2013-09-16'),(66705,'INSERT INTO gne_vale_ferreteria (vfe_id,vfe_fecha,vfe_total,vfe_estado,vfe_entregado,usu_nusuario) VALUES (11191,@@@2013.09.16@@@,390,1,0,@@@G_DIAZ@@@)','',2,'2013-09-16'),(66706,'INSERT INTO gne_vale_ferreteria_mov (vfe_id,pro_codigo_plu,vfm_cantidad,vfm_unitario,vfm_total,vfm_entregado) VALUES (11191,780721379,1,390,390,@@@NO@@@)','',2,'2013-09-16'),(66707,'INSERT INTO gne_vale_ferreteria (vfe_id,vfe_fecha,vfe_total,vfe_estado,vfe_entregado,usu_nusuario) VALUES (11192,@@@2013.09.16@@@,300,1,0,@@@G_DIAZ@@@)','',2,'2013-09-16'),(66708,'INSERT INTO gne_vale_ferreteria_mov (vfe_id,pro_codigo_plu,vfm_cantidad,vfm_unitario,vfm_total,vfm_entregado) VALUES (11192,78017049,1,300,300,@@@NO@@@)','',2,'2013-09-16'),(66709,'INSERT INTO gne_vale_ferreteria (vfe_id,vfe_fecha,vfe_total,vfe_estado,vfe_entregado,usu_nusuario) VALUES (11193,@@@2013.09.16@@@,930,1,0,@@@G_DIAZ@@@)','',2,'2013-09-16'),(66710,'INSERT INTO gne_vale_ferreteria_mov (vfe_id,pro_codigo_plu,vfm_cantidad,vfm_unitario,vfm_total,vfm_entregado) VALUES (11193,11743,1,930,930,@@@NO@@@)','',2,'2013-09-16'),(66711,'INSERT INTO gne_vale_ferreteria (vfe_id,vfe_fecha,vfe_total,vfe_estado,vfe_entregado,usu_nusuario) VALUES (11194,@@@2013.09.16@@@,300,1,0,@@@G_DIAZ@@@)','',2,'2013-09-16'),(66712,'INSERT INTO gne_vale_ferreteria_mov (vfe_id,pro_codigo_plu,vfm_cantidad,vfm_unitario,vfm_total,vfm_entregado) VALUES (11194,7051,3,100,300,@@@NO@@@)','',2,'2013-09-16'),(66713,'INSERT INTO gne_vale_ferreteria (vfe_id,vfe_fecha,vfe_total,vfe_estado,vfe_entregado,usu_nusuario) VALUES (11195,@@@2013.09.16@@@,200,1,0,@@@G_DIAZ@@@)','',2,'2013-09-16'),(66714,'INSERT INTO gne_vale_ferreteria_mov (vfe_id,pro_codigo_plu,vfm_cantidad,vfm_unitario,vfm_total,vfm_entregado) VALUES (11195,7051,2,100,200,@@@NO@@@)','',2,'2013-09-16'),(66715,'INSERT INTO gne_vale_ferreteria (vfe_id,vfe_fecha,vfe_total,vfe_estado,vfe_entregado,usu_nusuario) VALUES (11196,@@@2013.09.16@@@,1020,1,0,@@@G_DIAZ@@@)','',2,'2013-09-16'),(66716,'INSERT INTO gne_vale_ferreteria_mov (vfe_id,pro_codigo_plu,vfm_cantidad,vfm_unitario,vfm_total,vfm_entregado) VALUES (11196,19856,1,920,920,@@@NO@@@)','',2,'2013-09-16'),(66717,'INSERT INTO gne_vale_ferreteria_mov (vfe_id,pro_codigo_plu,vfm_cantidad,vfm_unitario,vfm_total,vfm_entregado) VALUES (11196,20146,1,100,100,@@@NO@@@)','',2,'2013-09-16'),(66718,'INSERT INTO gne_vale_ferreteria (vfe_id,vfe_fecha,vfe_total,vfe_estado,vfe_entregado,usu_nusuario) VALUES (11197,@@@2013.09.16@@@,1490,1,0,@@@G_DIAZ@@@)','',2,'2013-09-16'),(66719,'INSERT INTO gne_vale_ferreteria_mov (vfe_id,pro_codigo_plu,vfm_cantidad,vfm_unitario,vfm_total,vfm_entregado) VALUES (11197,780721770,1,1490,1490,@@@NO@@@)','',2,'2013-09-16'),(66720,'INSERT INTO gne_vale_ferreteria (vfe_id,vfe_fecha,vfe_total,vfe_estado,vfe_entregado,usu_nusuario) VALUES (11198,@@@2013.09.16@@@,80,1,0,@@@G_DIAZ@@@)','',2,'2013-09-16'),(66721,'INSERT INTO gne_vale_ferreteria_mov (vfe_id,pro_codigo_plu,vfm_cantidad,vfm_unitario,vfm_total,vfm_entregado) VALUES (11198,770001,1,80,80,@@@NO@@@)','',2,'2013-09-16'),(66722,'INSERT INTO mae_productos (pro_codigo_plu,pro_codigo_barra,pro_tipo,pro_nombre_producto,pro_nombre_corto,med_id,emb_id,pro_unidades_embalaje,dep_id,lin_id,mar_id,pro_precio_compra_neto,pro_precio_compra_bruto,pro_precio_venta,pro_margen_actual,pro_oferta,pro_fecha_inicio_oferta,pro_fecha_termino_oferta,pro_precio_oferta,pro_stock_minimo,pro_stock_critico,pro_entradas_bodega,pro_salidas_bodega,pro_mermas_bodega,pro_ajustes_bodega,pro_entradas_sv,pro_salidas_sv,pro_mermas_sv,pro_ajustes_sv,pro_activo,rec_numero,pro_unidad,pro_capacidad,pro_consumo_bodega,pro_consumo_sv,pro_estado,pro_funcion_plu,pro_flejes,pro_iva,pro_plu_asociado,pro_envase,pro_duracion,pro_numero_etiqueta) VALUES (780721857,@@@7800078010139@@@,@@@0@@@,@@@BETAMETASONA CREMA TOPICA 15 G@@@,@@@BETAMETASONA CRE@@@,@@@5 @@@,@@@6 @@@,@@@1@@@,@@@41 @@@,@@@209@@@,@@@2507@@@,@@@0@@@,@@@0@@@,@@@1@@@,@@@0@@@,@@@@@@,@@@2006.09.07@@@,@@@2006.09.07@@@,@@@0@@@,@@@10@@@,@@@2@@@,@@@0@@@,@@@0@@@,@@@0@@@,@@@0@@@,@@@0@@@,@@@0@@@,@@@0@@@,@@@0@@@,@@@1@@@,@@@0@@@,0,15,0,0,2,0,1,1,0,@@@NO@@@,0,0)','',2,'2013-09-16'),(66723,'DELETE FROM mae_impuestos_productos WHERE pro_codigo_plu=@@@780721857@@@','',2,'2013-09-16'),(66724,'INSERT INTO mae_productos (pro_codigo_plu,pro_codigo_barra,pro_tipo,pro_nombre_producto,pro_nombre_corto,med_id,emb_id,pro_unidades_embalaje,dep_id,lin_id,mar_id,pro_precio_compra_neto,pro_precio_compra_bruto,pro_precio_venta,pro_margen_actual,pro_oferta,pro_fecha_inicio_oferta,pro_fecha_termino_oferta,pro_precio_oferta,pro_stock_minimo,pro_stock_critico,pro_entradas_bodega,pro_salidas_bodega,pro_mermas_bodega,pro_ajustes_bodega,pro_entradas_sv,pro_salidas_sv,pro_mermas_sv,pro_ajustes_sv,pro_activo,rec_numero,pro_unidad,pro_capacidad,pro_consumo_bodega,pro_consumo_sv,pro_estado,pro_funcion_plu,pro_flejes,pro_iva,pro_plu_asociado,pro_envase,pro_duracion,pro_numero_etiqueta) VALUES (780721858,@@@7800063310503@@@,@@@0@@@,@@@BUTON ADULTO CAJA 100 COMP.@@@,@@@BUTON ADULTO CAJ@@@,@@@1 @@@,@@@6 @@@,@@@100@@@,@@@41 @@@,@@@209@@@,@@@2507@@@,@@@0@@@,@@@1@@@,@@@1@@@,@@@0@@@,@@@@@@,@@@2006.09.07@@@,@@@2006.09.07@@@,@@@0@@@,@@@5@@@,@@@2@@@,@@@0@@@,@@@0@@@,@@@0@@@,@@@0@@@,@@@0@@@,@@@0@@@,@@@0@@@,@@@0@@@,@@@1@@@,@@@0@@@,0,100,0,0,2,0,1,1,0,@@@NO@@@,0,0)','',2,'2013-09-16'),(66725,'DELETE FROM mae_impuestos_productos WHERE pro_codigo_plu=@@@780721858@@@','',2,'2013-09-16'),(66726,'UPDATE mae_productos SET pro_margen_actual=0,pro_precio_venta=1 WHERE pro_codigo_plu=780721857','',2,'2013-09-16'),(66727,'UPDATE mae_productos SET pro_margen_actual=40.55,pro_precio_venta=280 WHERE pro_codigo_plu=100328','',2,'2013-09-16'),(66728,'UPDATE mae_productos SET pro_precio_fiscal=pro_precio_venta WHERE pro_codigo_plu=100328','',2,'2013-09-16'),(66729,'INSERT INTO mae_productos (pro_codigo_plu,pro_codigo_barra,pro_tipo,pro_nombre_producto,pro_nombre_corto,med_id,emb_id,pro_unidades_embalaje,dep_id,lin_id,mar_id,pro_precio_compra_neto,pro_precio_compra_bruto,pro_precio_venta,pro_margen_actual,pro_oferta,pro_fecha_inicio_oferta,pro_fecha_termino_oferta,pro_precio_oferta,pro_stock_minimo,pro_stock_critico,pro_entradas_bodega,pro_salidas_bodega,pro_mermas_bodega,pro_ajustes_bodega,pro_entradas_sv,pro_salidas_sv,pro_mermas_sv,pro_ajustes_sv,pro_activo,rec_numero,pro_unidad,pro_capacidad,pro_consumo_bodega,pro_consumo_sv,pro_estado,pro_funcion_plu,pro_flejes,pro_iva,pro_plu_asociado,pro_envase,pro_duracion,pro_numero_etiqueta) VALUES (780721859,@@@7800007128072@@@,@@@0@@@,@@@CLORFENAMINA MALEATO 4 MG  CAJA 20 COMP.@@@,@@@CLORFENAMINA MAL@@@,@@@5 @@@,@@@6 @@@,@@@20@@@,@@@41 @@@,@@@209@@@,@@@2507@@@,@@@0@@@,@@@1@@@,@@@1@@@,@@@0@@@,@@@@@@,@@@2006.09.07@@@,@@@2006.09.07@@@,@@@0@@@,@@@9@@@,@@@4@@@,@@@0@@@,@@@0@@@,@@@0@@@,@@@0@@@,@@@0@@@,@@@0@@@,@@@0@@@,@@@0@@@,@@@1@@@,@@@0@@@,0,4,0,0,2,0,1,1,0,@@@NO@@@,0,0)','',2,'2013-09-16'),(66730,'DELETE FROM mae_impuestos_productos WHERE pro_codigo_plu=@@@780721859@@@','',2,'2013-09-16'),(66731,'UPDATE mae_productos SET pro_codigo_barra=@@@7800007142061@@@,pro_tipo=@@@0@@@,pro_nombre_producto=@@@DICLOFENACO SÓDICO  INFANTIL  CAJA12,5MG. X5@@@,pro_nombre_corto=@@@DICLOFENACO X5@@@,med_id=@@@1@@@,emb_id=@@@6@@@,pro_unidades_embalaje=@@@0@@@,dep_id=@@@41 @@@,lin_id=@@@209@@@,mar_id=@@@2621@@@,pro_precio_compra_neto=@@@0@@@,pro_precio_compra_bruto=@@@1@@@,pro_precio_venta=@@@1@@@,pro_margen_actual=@@@0@@@,pro_oferta=@@@NO@@@,pro_fecha_inicio_oferta=@@@2013.04.30@@@,pro_fecha_termino_oferta=@@@2013.04.30@@@,pro_precio_oferta=@@@0@@@,pro_stock_minimo=@@@2@@@,pro_stock_critico=@@@1@@@,pro_activo=@@@1@@@,pro_unidad=@@@0@@@,pro_precio_compra_bruto=1,pro_margen_actual=0,pro_capacidad=5,pro_funcion_plu=0,pro_flejes=1,pro_iva=1,pro_plu_asociado=0,pro_envase=@@@NO@@@,pro_duracion=0,pro_numero_etiqueta=0 WHERE pro_codigo_plu=@@@764176@@@','',2,'2013-09-16'),(66732,'UPDATE mae_productos SET pro_estado=1 WHERE pro_codigo_plu=764176','',2,'2013-09-16'),(66733,'DELETE FROM mae_impuestos_productos WHERE pro_codigo_plu=@@@764176@@@','',2,'2013-09-16'),(66734,'INSERT INTO gne_vale_ferreteria (vfe_id,vfe_fecha,vfe_total,vfe_estado,vfe_entregado,usu_nusuario) VALUES (11199,@@@2013.09.16@@@,890,1,0,@@@G_DIAZ@@@)','',2,'2013-09-16'),(66735,'INSERT INTO gne_vale_ferreteria_mov (vfe_id,pro_codigo_plu,vfm_cantidad,vfm_unitario,vfm_total,vfm_entregado) VALUES (11199,20880,1,890,890,@@@NO@@@)','',2,'2013-09-16'),(66736,'UPDATE mae_productos SET pro_codigo_barra=@@@7705006138469@@@,pro_tipo=@@@0@@@,pro_nombre_producto=@@@DIARIO DE VIDA PRINCESAS@@@,pro_nombre_corto=@@@DIARIO DE VIDA P@@@,med_id=@@@1@@@,emb_id=@@@9@@@,pro_unidades_embalaje=@@@1@@@,dep_id=@@@23 @@@,lin_id=@@@135@@@,mar_id=@@@1107@@@,pro_precio_compra_neto=@@@0@@@,pro_precio_compra_bruto=@@@1490@@@,pro_precio_venta=@@@1990@@@,pro_margen_actual=@@@33.56@@@,pro_oferta=@@@NO@@@,pro_fecha_inicio_oferta=@@@1900.01.01@@@,pro_fecha_termino_oferta=@@@1900.01.01@@@,pro_precio_oferta=@@@0@@@,pro_stock_minimo=@@@12@@@,pro_stock_critico=@@@6@@@,pro_activo=@@@1@@@,pro_unidad=@@@0@@@,pro_precio_compra_bruto=1490,pro_margen_actual=33.56,pro_capacidad=1,pro_funcion_plu=0,pro_flejes=1,pro_iva=1,pro_plu_asociado=0,pro_envase=@@@NO@@@,pro_duracion=0,pro_numero_etiqueta=0 WHERE pro_codigo_plu=@@@13846@@@','',2,'2013-09-16'),(66737,'UPDATE mae_productos SET pro_estado=1 WHERE pro_codigo_plu=13846','',2,'2013-09-16'),(66738,'DELETE FROM mae_impuestos_productos WHERE pro_codigo_plu=@@@13846@@@','',2,'2013-09-16'),(66739,'INSERT INTO gne_vale_ferreteria (vfe_id,vfe_fecha,vfe_total,vfe_estado,vfe_entregado,usu_nusuario) VALUES (11200,@@@2013.09.16@@@,1500,1,0,@@@G_DIAZ@@@)','',2,'2013-09-16'),(66740,'INSERT INTO gne_vale_ferreteria_mov (vfe_id,pro_codigo_plu,vfm_cantidad,vfm_unitario,vfm_total,vfm_entregado) VALUES (11200,763934,1,720,720,@@@NO@@@)','',2,'2013-09-16'),(66741,'INSERT INTO gne_vale_ferreteria_mov (vfe_id,pro_codigo_plu,vfm_cantidad,vfm_unitario,vfm_total,vfm_entregado) VALUES (11200,780721379,2,390,780,@@@NO@@@)','',2,'2013-09-16'),(66742,'INSERT INTO gne_vale_ferreteria (vfe_id,vfe_fecha,vfe_total,vfe_estado,vfe_entregado,usu_nusuario) VALUES (11201,@@@2013.09.16@@@,1950,1,0,@@@G_DIAZ@@@)','',2,'2013-09-16'),(66743,'INSERT INTO gne_vale_ferreteria_mov (vfe_id,pro_codigo_plu,vfm_cantidad,vfm_unitario,vfm_total,vfm_entregado) VALUES (11201,780721816,3,450,1350,@@@NO@@@)','',2,'2013-09-16'),(66744,'INSERT INTO gne_vale_ferreteria_mov (vfe_id,pro_codigo_plu,vfm_cantidad,vfm_unitario,vfm_total,vfm_entregado) VALUES (11201,78017111,6,100,600,@@@NO@@@)','',2,'2013-09-16'),(66745,'UPDATE mae_productos SET pro_codigo_barra=@@@846@@@,pro_tipo=@@@0@@@,pro_nombre_producto=@@@ALIMENTO ROCKY  PERRO ADULTO@@@,pro_nombre_corto=@@@ALIMENTO ROCKY@@@,med_id=@@@2@@@,emb_id=@@@1@@@,pro_unidades_embalaje=@@@3@@@,dep_id=@@@42 @@@,lin_id=@@@213@@@,mar_id=@@@2220@@@,pro_precio_compra_neto=@@@0@@@,pro_precio_compra_bruto=@@@1@@@,pro_precio_venta=@@@1@@@,pro_margen_actual=@@@0@@@,pro_oferta=@@@NO@@@,pro_fecha_inicio_oferta=@@@1900.01.01@@@,pro_fecha_termino_oferta=@@@1900.01.01@@@,pro_precio_oferta=@@@0@@@,pro_stock_minimo=@@@5@@@,pro_stock_critico=@@@2@@@,pro_activo=@@@1@@@,pro_unidad=@@@1@@@,pro_precio_compra_bruto=1,pro_margen_actual=0,pro_capacidad=3,pro_funcion_plu=2,pro_flejes=0,pro_iva=1,pro_plu_asociado=0,pro_envase=@@@NO@@@,pro_duracion=0,pro_numero_etiqueta=3 WHERE pro_codigo_plu=@@@846@@@','',2,'2013-09-16'),(66746,'UPDATE mae_productos SET pro_estado=1 WHERE pro_codigo_plu=846','',2,'2013-09-16'),(66747,'DELETE FROM mae_impuestos_productos WHERE pro_codigo_plu=@@@846@@@','',2,'2013-09-16'),(66748,'INSERT INTO gne_vale_ferreteria (vfe_id,vfe_fecha,vfe_total,vfe_estado,vfe_entregado,usu_nusuario) VALUES (11202,@@@2013.09.16@@@,1150,1,0,@@@G_DIAZ@@@)','',2,'2013-09-16'),(66749,'INSERT INTO gne_vale_ferreteria_mov (vfe_id,pro_codigo_plu,vfm_cantidad,vfm_unitario,vfm_total,vfm_entregado) VALUES (11202,764433,1,1150,1150,@@@NO@@@)','',2,'2013-09-16'),(66750,'UPDATE mae_productos SET pro_margen_actual=0,pro_precio_venta=1 WHERE pro_codigo_plu=780721859','',2,'2013-09-16'),(66751,'UPDATE mae_productos SET pro_margen_actual=33.56,pro_precio_venta=1990 WHERE pro_codigo_plu=13846','',2,'2013-09-16'),(66752,'UPDATE mae_productos SET pro_margen_actual=0,pro_precio_venta=1 WHERE pro_codigo_plu=764176','',2,'2013-09-16'),(66753,'UPDATE mae_productos SET pro_margen_actual=76900,pro_precio_venta=770 WHERE pro_codigo_plu=846','',2,'2013-09-16'),(66754,'UPDATE mae_productos SET pro_codigo_barra=@@@846@@@,pro_tipo=@@@0@@@,pro_nombre_producto=@@@ALIMENTO ROCKY  PERRO ADULTO@@@,pro_nombre_corto=@@@ALIMENTO ROCKY@@@,med_id=@@@2@@@,emb_id=@@@1@@@,pro_unidades_embalaje=@@@3@@@,dep_id=@@@42 @@@,lin_id=@@@213@@@,mar_id=@@@2220@@@,pro_precio_compra_neto=@@@0@@@,pro_precio_compra_bruto=@@@530@@@,pro_precio_venta=@@@770@@@,pro_margen_actual=@@@45.28@@@,pro_oferta=@@@NO@@@,pro_fecha_inicio_oferta=@@@1900.01.01@@@,pro_fecha_termino_oferta=@@@1900.01.01@@@,pro_precio_oferta=@@@0@@@,pro_stock_minimo=@@@5@@@,pro_stock_critico=@@@2@@@,pro_activo=@@@1@@@,pro_unidad=@@@1@@@,pro_precio_compra_bruto=530,pro_margen_actual=45.28,pro_capacidad=3,pro_funcion_plu=2,pro_flejes=0,pro_iva=1,pro_plu_asociado=0,pro_envase=@@@NO@@@,pro_duracion=0,pro_numero_etiqueta=3 WHERE pro_codigo_plu=@@@846@@@','',2,'2013-09-16'),(66755,'UPDATE mae_productos SET pro_estado=1 WHERE pro_codigo_plu=846','',2,'2013-09-16'),(66756,'DELETE FROM mae_impuestos_productos WHERE pro_codigo_plu=@@@846@@@','',2,'2013-09-16'),(66757,'UPDATE mae_productos SET pro_precio_fiscal=pro_precio_venta WHERE pro_codigo_plu=13846','',2,'2013-09-16'),(66758,'UPDATE mae_productos SET pro_precio_fiscal=pro_precio_venta WHERE pro_codigo_plu=846','',2,'2013-09-16'),(66759,'INSERT INTO gne_vale_ferreteria (vfe_id,vfe_fecha,vfe_total,vfe_estado,vfe_entregado,usu_nusuario) VALUES (11203,@@@2013.09.16@@@,890,1,0,@@@G_DIAZ@@@)','',2,'2013-09-16'),(66760,'INSERT INTO gne_vale_ferreteria_mov (vfe_id,pro_codigo_plu,vfm_cantidad,vfm_unitario,vfm_total,vfm_entregado) VALUES (11203,11670,1,890,890,@@@NO@@@)','',2,'2013-09-16'),(66761,'INSERT INTO gne_vale_ferreteria (vfe_id,vfe_fecha,vfe_total,vfe_estado,vfe_entregado,usu_nusuario) VALUES (11204,@@@2013.09.16@@@,490,1,0,@@@G_DIAZ@@@)','',2,'2013-09-16'),(66762,'INSERT INTO gne_vale_ferreteria_mov (vfe_id,pro_codigo_plu,vfm_cantidad,vfm_unitario,vfm_total,vfm_entregado) VALUES (11204,780220183,1,490,490,@@@NO@@@)','',2,'2013-09-16'),(66763,'INSERT INTO gne_vale_ferreteria (vfe_id,vfe_fecha,vfe_total,vfe_estado,vfe_entregado,usu_nusuario) VALUES (11205,@@@2013.09.16@@@,300,1,0,@@@G_DIAZ@@@)','',2,'2013-09-16'),(66764,'INSERT INTO gne_vale_ferreteria_mov (vfe_id,pro_codigo_plu,vfm_cantidad,vfm_unitario,vfm_total,vfm_entregado) VALUES (11205,78017049,1,300,300,@@@NO@@@)','',2,'2013-09-16'),(66765,'INSERT INTO gne_vale_ferreteria (vfe_id,vfe_fecha,vfe_total,vfe_estado,vfe_entregado,usu_nusuario) VALUES (11206,@@@2013.09.16@@@,690,1,0,@@@G_DIAZ@@@)','',2,'2013-09-16'),(66766,'INSERT INTO gne_vale_ferreteria_mov (vfe_id,pro_codigo_plu,vfm_cantidad,vfm_unitario,vfm_total,vfm_entregado) VALUES (11206,7705005,1,690,690,@@@NO@@@)','',2,'2013-09-16'),(66767,'INSERT INTO gne_vale_ferreteria (vfe_id,vfe_fecha,vfe_total,vfe_estado,vfe_entregado,usu_nusuario) VALUES (11207,@@@2013.09.16@@@,1490,1,0,@@@G_DIAZ@@@)','',2,'2013-09-16'),(66768,'INSERT INTO gne_vale_ferreteria_mov (vfe_id,pro_codigo_plu,vfm_cantidad,vfm_unitario,vfm_total,vfm_entregado) VALUES (11207,780721770,1,1490,1490,@@@NO@@@)','',2,'2013-09-16'),(66769,'INSERT INTO gne_vale_ferreteria (vfe_id,vfe_fecha,vfe_total,vfe_estado,vfe_entregado,usu_nusuario) VALUES (11208,@@@2013.09.16@@@,200,1,0,@@@G_DIAZ@@@)','',2,'2013-09-16'),(66770,'INSERT INTO gne_vale_ferreteria_mov (vfe_id,pro_codigo_plu,vfm_cantidad,vfm_unitario,vfm_total,vfm_entregado) VALUES (11208,4077,1,200,200,@@@NO@@@)','',2,'2013-09-16'),(66771,'INSERT INTO gne_vale_ferreteria (vfe_id,vfe_fecha,vfe_total,vfe_estado,vfe_entregado,usu_nusuario) VALUES (11209,@@@2013.09.16@@@,720,1,0,@@@G_DIAZ@@@)','',2,'2013-09-16'),(66772,'INSERT INTO gne_vale_ferreteria_mov (vfe_id,pro_codigo_plu,vfm_cantidad,vfm_unitario,vfm_total,vfm_entregado) VALUES (11209,8829,1,720,720,@@@NO@@@)','',2,'2013-09-16'),(66773,'INSERT INTO gne_vale_ferreteria (vfe_id,vfe_fecha,vfe_total,vfe_estado,vfe_entregado,usu_nusuario) VALUES (11210,@@@2013.09.16@@@,200,1,0,@@@G_DIAZ@@@)','',2,'2013-09-16'),(66774,'INSERT INTO gne_vale_ferreteria_mov (vfe_id,pro_codigo_plu,vfm_cantidad,vfm_unitario,vfm_total,vfm_entregado) VALUES (11210,4077,1,200,200,@@@NO@@@)','',2,'2013-09-16'),(66775,'INSERT INTO gne_vale_ferreteria (vfe_id,vfe_fecha,vfe_total,vfe_estado,vfe_entregado,usu_nusuario) VALUES (11211,@@@2013.09.16@@@,2100,1,0,@@@G_DIAZ@@@)','',2,'2013-09-16'),(66776,'INSERT INTO gne_vale_ferreteria_mov (vfe_id,pro_codigo_plu,vfm_cantidad,vfm_unitario,vfm_total,vfm_entregado) VALUES (11211,763697,1,1790,1790,@@@NO@@@)','',2,'2013-09-16'),(66777,'INSERT INTO gne_vale_ferreteria_mov (vfe_id,pro_codigo_plu,vfm_cantidad,vfm_unitario,vfm_total,vfm_entregado) VALUES (11211,18799,1,310,310,@@@NO@@@)','',2,'2013-09-16'),(66778,'INSERT INTO gne_vale_ferreteria (vfe_id,vfe_fecha,vfe_total,vfe_estado,vfe_entregado,usu_nusuario) VALUES (11212,@@@2013.09.16@@@,980,1,0,@@@G_DIAZ@@@)','',2,'2013-09-16'),(66779,'INSERT INTO gne_vale_ferreteria_mov (vfe_id,pro_codigo_plu,vfm_cantidad,vfm_unitario,vfm_total,vfm_entregado) VALUES (11212,770066,2,490,980,@@@NO@@@)','',2,'2013-09-16'),(66780,'INSERT INTO mae_productos (pro_codigo_plu,pro_codigo_barra,pro_tipo,pro_nombre_producto,pro_nombre_corto,med_id,emb_id,pro_unidades_embalaje,dep_id,lin_id,mar_id,pro_precio_compra_neto,pro_precio_compra_bruto,pro_precio_venta,pro_margen_actual,pro_oferta,pro_fecha_inicio_oferta,pro_fecha_termino_oferta,pro_precio_oferta,pro_stock_minimo,pro_stock_critico,pro_entradas_bodega,pro_salidas_bodega,pro_mermas_bodega,pro_ajustes_bodega,pro_entradas_sv,pro_salidas_sv,pro_mermas_sv,pro_ajustes_sv,pro_activo,rec_numero,pro_unidad,pro_capacidad,pro_consumo_bodega,pro_consumo_sv,pro_estado,pro_funcion_plu,pro_flejes,pro_iva,pro_plu_asociado,pro_envase,pro_duracion,pro_numero_etiqueta) VALUES (780721860,@@@7800034510970@@@,@@@0@@@,@@@IBUPROFENO 600MG CAJA@@@,@@@IBUPROFENO 600MG@@@,@@@5 @@@,@@@6 @@@,@@@6@@@,@@@41 @@@,@@@209@@@,@@@2507@@@,@@@0@@@,@@@1@@@,@@@1@@@,@@@0@@@,@@@@@@,@@@2006.09.07@@@,@@@2006.09.07@@@,@@@0@@@,@@@6@@@,@@@2@@@,@@@0@@@,@@@0@@@,@@@0@@@,@@@0@@@,@@@0@@@,@@@0@@@,@@@0@@@,@@@0@@@,@@@1@@@,@@@0@@@,0,600,0,0,2,0,1,1,0,@@@NO@@@,0,0)','',2,'2013-09-16'),(66781,'DELETE FROM mae_impuestos_productos WHERE pro_codigo_plu=@@@780721860@@@','',2,'2013-09-16'),(66782,'INSERT INTO gne_vale_ferreteria (vfe_id,vfe_fecha,vfe_total,vfe_estado,vfe_entregado,usu_nusuario) VALUES (11213,@@@2013.09.16@@@,490,1,0,@@@G_DIAZ@@@)','',2,'2013-09-16'),(66783,'INSERT INTO gne_vale_ferreteria_mov (vfe_id,pro_codigo_plu,vfm_cantidad,vfm_unitario,vfm_total,vfm_entregado) VALUES (11213,780220183,1,490,490,@@@NO@@@)','',2,'2013-09-16'),(66784,'UPDATE mae_productos SET pro_codigo_barra=@@@4032@@@,pro_tipo=@@@0@@@,pro_nombre_producto=@@@DIPIRONA 300MG X TIRA  10 UNID@@@,pro_nombre_corto=@@@DIPIRONA  X1@@@,med_id=@@@1@@@,emb_id=@@@4@@@,pro_unidades_embalaje=@@@10@@@,dep_id=@@@41 @@@,lin_id=@@@209@@@,mar_id=@@@1653@@@,pro_precio_compra_neto=@@@0@@@,pro_precio_compra_bruto=@@@1@@@,pro_precio_venta=@@@1@@@,pro_margen_actual=@@@0@@@,pro_oferta=@@@NO@@@,pro_fecha_inicio_oferta=@@@2013.04.30@@@,pro_fecha_termino_oferta=@@@2013.04.30@@@,pro_precio_oferta=@@@0@@@,pro_stock_minimo=@@@12@@@,pro_stock_critico=@@@4@@@,pro_activo=@@@1@@@,pro_unidad=@@@0@@@,pro_precio_compra_bruto=1,pro_margen_actual=0,pro_capacidad=1,pro_funcion_plu=0,pro_flejes=1,pro_iva=1,pro_plu_asociado=0,pro_envase=@@@NO@@@,pro_duracion=0,pro_numero_etiqueta=0 WHERE pro_codigo_plu=@@@4032@@@','',2,'2013-09-16'),(66785,'UPDATE mae_productos SET pro_estado=1 WHERE pro_codigo_plu=4032','',2,'2013-09-16'),(66786,'DELETE FROM mae_impuestos_productos WHERE pro_codigo_plu=@@@4032@@@','',2,'2013-09-16'),(66787,'INSERT INTO gne_vale_ferreteria (vfe_id,vfe_fecha,vfe_total,vfe_estado,vfe_entregado,usu_nusuario) VALUES (11214,@@@2013.09.16@@@,1490,1,0,@@@G_DIAZ@@@)','',2,'2013-09-16'),(66788,'INSERT INTO gne_vale_ferreteria_mov (vfe_id,pro_codigo_plu,vfm_cantidad,vfm_unitario,vfm_total,vfm_entregado) VALUES (11214,780721770,1,1490,1490,@@@NO@@@)','',2,'2013-09-16'),(66789,'INSERT INTO gne_vale_ferreteria (vfe_id,vfe_fecha,vfe_total,vfe_estado,vfe_entregado,usu_nusuario) VALUES (11215,@@@2013.09.16@@@,2580,1,0,@@@G_DIAZ@@@)','',2,'2013-09-16'),(66790,'INSERT INTO gne_vale_ferreteria_mov (vfe_id,pro_codigo_plu,vfm_cantidad,vfm_unitario,vfm_total,vfm_entregado) VALUES (11215,764570,2,1290,2580,@@@NO@@@)','',2,'2013-09-16'),(66791,'UPDATE gpr_pack_virtual SET pav_nombre=@@@PACK PISCO MISTRAL 35° + COCA COLA 1.5@@@,pav_total_pack=4799,pav_total_descuento=200,pav_desde=@@@2013-07-11@@@,pav_hasta=@@@2013-10-30@@@,pav_tipo=@@@PR@@@,pav_precio=0,pav_lleva=0,pav_paga=0,pav_descuento=0,pav_porcentaje=0,pav_oferta_exclusiva=@@@NO@@@,pav_agotar_stock=@@@SI@@@,pav_stock=50,pav_costo=3883.62,pav_margen=23.57 WHERE pav_id=27','',2,'2013-09-16'),(66792,'DELETE FROM gpr_pack_virtual_mov WHERE pav_id=27','',2,'2013-09-16'),(66793,'DELETE FROM gpr_pack_virtual_horario WHERE pav_id=27','',2,'2013-09-16'),(66794,'INSERT INTO gpr_pack_virtual_mov (pav_id,pro_codigo_plu,pvm_precio,pvm_total,pvm_lleva,pvm_paga,pvm_descuento,pvm_porcentaje,pvm_total_normal,pvm_descuento_linea,pvm_costo,pvm_margen) VALUES (27,17641,3999,3999,1,1,0,0,3999,0,3083.62,29.69),(27,17167,1000,800,1,0.8,0.2,0,1000,200,800,0)','',2,'2013-09-16'),(66795,'INSERT INTO gpr_pack_virtual_horario (pav_id,pvh_dia,pvh_hora_desde,pvh_hora_hasta) VALUES (27,99,@@@00:00@@@,@@@23:59@@@)','',2,'2013-09-16'),(66796,'UPDATE mae_productos SET pro_codigo_barra=@@@4019@@@,pro_tipo=@@@0@@@,pro_nombre_producto=@@@PARACETAMOL ADULTO 500MG X TIRA@@@,pro_nombre_corto=@@@PARACETAMOL X 1@@@,med_id=@@@1@@@,emb_id=@@@6@@@,pro_unidades_embalaje=@@@1@@@,dep_id=@@@41 @@@,lin_id=@@@209@@@,mar_id=@@@2619@@@,pro_precio_compra_neto=@@@0@@@,pro_precio_compra_bruto=@@@1@@@,pro_precio_venta=@@@1@@@,pro_margen_actual=@@@0@@@,pro_oferta=@@@NO@@@,pro_fecha_inicio_oferta=@@@2013.04.30@@@,pro_fecha_termino_oferta=@@@2013.04.30@@@,pro_precio_oferta=@@@0@@@,pro_stock_minimo=@@@10@@@,pro_stock_critico=@@@5@@@,pro_activo=@@@1@@@,pro_unidad=@@@0@@@,pro_precio_compra_bruto=1,pro_margen_actual=0,pro_capacidad=1,pro_funcion_plu=0,pro_flejes=1,pro_iva=1,pro_plu_asociado=0,pro_envase=@@@NO@@@,pro_duracion=0,pro_numero_etiqueta=0 WHERE pro_codigo_plu=@@@4019@@@','',2,'2013-09-16'),(66797,'UPDATE mae_productos SET pro_estado=1 WHERE pro_codigo_plu=4019','',2,'2013-09-16'),(66798,'DELETE FROM mae_impuestos_productos WHERE pro_codigo_plu=@@@4019@@@','',2,'2013-09-16'),(66799,'INSERT INTO mae_productos (pro_codigo_plu,pro_codigo_barra,pro_tipo,pro_nombre_producto,pro_nombre_corto,med_id,emb_id,pro_unidades_embalaje,dep_id,lin_id,mar_id,pro_precio_compra_neto,pro_precio_compra_bruto,pro_precio_venta,pro_margen_actual,pro_oferta,pro_fecha_inicio_oferta,pro_fecha_termino_oferta,pro_precio_oferta,pro_stock_minimo,pro_stock_critico,pro_entradas_bodega,pro_salidas_bodega,pro_mermas_bodega,pro_ajustes_bodega,pro_entradas_sv,pro_salidas_sv,pro_mermas_sv,pro_ajustes_sv,pro_activo,rec_numero,pro_unidad,pro_capacidad,pro_consumo_bodega,pro_consumo_sv,pro_estado,pro_funcion_plu,pro_flejes,pro_iva,pro_plu_asociado,pro_envase,pro_duracion,pro_numero_etiqueta) VALUES (780721861,@@@7800068014109@@@,@@@0@@@,@@@POMADA VITAMINICA TOPICA 10 GRS@@@,@@@POMADA VITAMINIC@@@,@@@5 @@@,@@@6 @@@,@@@1@@@,@@@41 @@@,@@@209@@@,@@@2507@@@,@@@0@@@,@@@1@@@,@@@1@@@,@@@0@@@,@@@@@@,@@@2006.09.07@@@,@@@2006.09.07@@@,@@@0@@@,@@@10@@@,@@@2@@@,@@@0@@@,@@@0@@@,@@@0@@@,@@@0@@@,@@@0@@@,@@@0@@@,@@@0@@@,@@@0@@@,@@@1@@@,@@@0@@@,0,10,0,0,2,0,1,1,0,@@@NO@@@,0,0)','',2,'2013-09-16'),(66800,'DELETE FROM mae_impuestos_productos WHERE pro_codigo_plu=@@@780721861@@@','',2,'2013-09-16'),(66801,'INSERT INTO gne_vale_ferreteria (vfe_id,vfe_fecha,vfe_total,vfe_estado,vfe_entregado,usu_nusuario) VALUES (11216,@@@2013.09.16@@@,720,1,0,@@@G_DIAZ@@@)','',2,'2013-09-16'),(66802,'INSERT INTO gne_vale_ferreteria_mov (vfe_id,pro_codigo_plu,vfm_cantidad,vfm_unitario,vfm_total,vfm_entregado) VALUES (11216,1079,1,720,720,@@@NO@@@)','',2,'2013-09-16'),(66803,'UPDATE mae_productos SET pro_codigo_barra=@@@7800034163343@@@,pro_tipo=@@@0@@@,pro_nombre_producto=@@@RANITIDINA 300MG. X CAJA@@@,pro_nombre_corto=@@@RANITIDINA X10@@@,med_id=@@@1@@@,emb_id=@@@3@@@,pro_unidades_embalaje=@@@1@@@,dep_id=@@@41 @@@,lin_id=@@@209@@@,mar_id=@@@2611@@@,pro_precio_compra_neto=@@@0@@@,pro_precio_compra_bruto=@@@1@@@,pro_precio_venta=@@@1@@@,pro_margen_actual=@@@0@@@,pro_oferta=@@@NO@@@,pro_fecha_inicio_oferta=@@@2013.04.30@@@,pro_fecha_termino_oferta=@@@2013.04.30@@@,pro_precio_oferta=@@@0@@@,pro_stock_minimo=@@@10@@@,pro_stock_critico=@@@1@@@,pro_activo=@@@1@@@,pro_unidad=@@@0@@@,pro_precio_compra_bruto=1,pro_margen_actual=0,pro_capacidad=10,pro_funcion_plu=0,pro_flejes=1,pro_iva=1,pro_plu_asociado=0,pro_envase=@@@NO@@@,pro_duracion=0,pro_numero_etiqueta=0 WHERE pro_codigo_plu=@@@764173@@@','',2,'2013-09-16'),(66804,'UPDATE mae_productos SET pro_estado=1 WHERE pro_codigo_plu=764173','',2,'2013-09-16'),(66805,'DELETE FROM mae_impuestos_productos WHERE pro_codigo_plu=@@@764173@@@','',2,'2013-09-16'),(66806,'INSERT INTO gne_vale_ferreteria (vfe_id,vfe_fecha,vfe_total,vfe_estado,vfe_entregado,usu_nusuario) VALUES (11217,@@@2013.09.16@@@,300,1,0,@@@G_DIAZ@@@)','',2,'2013-09-16'),(66807,'INSERT INTO gne_vale_ferreteria_mov (vfe_id,pro_codigo_plu,vfm_cantidad,vfm_unitario,vfm_total,vfm_entregado) VALUES (11217,764848,1,300,300,@@@NO@@@)','',2,'2013-09-16'),(66808,'UPDATE mae_productos SET pro_codigo_barra=@@@780721@@@,pro_tipo=@@@0@@@,pro_nombre_producto=@@@TERMOMETRO CLINICO CRANBERRY@@@,pro_nombre_corto=@@@TEMOMETRO CLINIC@@@,med_id=@@@1@@@,emb_id=@@@6@@@,pro_unidades_embalaje=@@@12@@@,dep_id=@@@41 @@@,lin_id=@@@209@@@,mar_id=@@@2507@@@,pro_precio_compra_neto=@@@0@@@,pro_precio_compra_bruto=@@@1@@@,pro_precio_venta=@@@1@@@,pro_margen_actual=@@@0@@@,pro_oferta=@@@NO@@@,pro_fecha_inicio_oferta=@@@2013.09.08@@@,pro_fecha_termino_oferta=@@@2013.09.08@@@,pro_precio_oferta=@@@0@@@,pro_stock_minimo=@@@12@@@,pro_stock_critico=@@@3@@@,pro_activo=@@@1@@@,pro_unidad=@@@0@@@,pro_precio_compra_bruto=1,pro_margen_actual=0,pro_capacidad=1,pro_funcion_plu=0,pro_flejes=1,pro_iva=1,pro_plu_asociado=0,pro_envase=@@@NO@@@,pro_duracion=0,pro_numero_etiqueta=0 WHERE pro_codigo_plu=@@@780721@@@','',2,'2013-09-16'),(66809,'UPDATE mae_productos SET pro_estado=1 WHERE pro_codigo_plu=780721','',2,'2013-09-16'),(66810,'DELETE FROM mae_impuestos_productos WHERE pro_codigo_plu=@@@780721@@@','',2,'2013-09-16'),(66811,'INSERT INTO gne_vale_ferreteria (vfe_id,vfe_fecha,vfe_total,vfe_estado,vfe_entregado,usu_nusuario) VALUES (11218,@@@2013.09.16@@@,390,1,0,@@@G_DIAZ@@@)','',2,'2013-09-16'),(66812,'INSERT INTO gne_vale_ferreteria_mov (vfe_id,pro_codigo_plu,vfm_cantidad,vfm_unitario,vfm_total,vfm_entregado) VALUES (11218,780721379,1,390,390,@@@NO@@@)','',2,'2013-09-16'),(66813,'INSERT INTO gne_vale_ferreteria (vfe_id,vfe_fecha,vfe_total,vfe_estado,vfe_entregado,usu_nusuario) VALUES (11219,@@@2013.09.16@@@,3490,1,0,@@@G_DIAZ@@@)','',2,'2013-09-16'),(66814,'INSERT INTO gne_vale_ferreteria_mov (vfe_id,pro_codigo_plu,vfm_cantidad,vfm_unitario,vfm_total,vfm_entregado) VALUES (11219,764791,1,3490,3490,@@@NO@@@)','',2,'2013-09-16'),(66815,'UPDATE mae_productos SET pro_margen_actual=0,pro_precio_venta=1 WHERE pro_codigo_plu=4032','',2,'2013-09-16'),(66816,'UPDATE mae_productos SET pro_margen_actual=0,pro_precio_venta=1 WHERE pro_codigo_plu=780721860','',2,'2013-09-16'),(66817,'UPDATE mae_productos SET pro_margen_actual=0,pro_precio_venta=1 WHERE pro_codigo_plu=4019','',2,'2013-09-16'),(66818,'UPDATE mae_productos SET pro_margen_actual=0,pro_precio_venta=1 WHERE pro_codigo_plu=780721861','',2,'2013-09-16'),(66819,'UPDATE mae_productos SET pro_margen_actual=0,pro_precio_venta=1 WHERE pro_codigo_plu=764173','',2,'2013-09-16'),(66820,'UPDATE mae_productos SET pro_margen_actual=0,pro_precio_venta=1 WHERE pro_codigo_plu=780721','',2,'2013-09-16'),(66821,'UPDATE mae_productos SET pro_margen_actual=15.32,pro_precio_venta=1400 WHERE pro_codigo_plu=764112','',2,'2013-09-16'),(66822,'UPDATE mae_productos SET pro_margen_actual=15.22,pro_precio_venta=2400 WHERE pro_codigo_plu=21202','',2,'2013-09-16'),(66823,'UPDATE mae_productos SET pro_margen_actual=0,pro_precio_venta=2800 WHERE pro_codigo_plu=764113','',2,'2013-09-16'),(66824,'UPDATE mae_productos SET pro_margen_actual=0,pro_precio_venta=2800 WHERE pro_codigo_plu=764100','',2,'2013-09-16'),(66825,'UPDATE mae_productos SET pro_margen_actual=0,pro_precio_venta=2800 WHERE pro_codigo_plu=764105','',2,'2013-09-16'),(66826,'UPDATE mae_productos SET pro_margen_actual=15.35,pro_precio_venta=2800 WHERE pro_codigo_plu=78017052','',2,'2013-09-16'),(66827,'UPDATE mae_productos SET pro_precio_fiscal=pro_precio_venta WHERE pro_codigo_plu=21202','',2,'2013-09-16'),(66828,'UPDATE mae_productos SET pro_precio_fiscal=pro_precio_venta WHERE pro_codigo_plu=764100','',2,'2013-09-16'),(66829,'UPDATE mae_productos SET pro_precio_fiscal=pro_precio_venta WHERE pro_codigo_plu=764105','',2,'2013-09-16'),(66830,'UPDATE mae_productos SET pro_precio_fiscal=pro_precio_venta WHERE pro_codigo_plu=78017052','',2,'2013-09-16'),(66831,'UPDATE mae_productos SET pro_precio_fiscal=pro_precio_venta WHERE pro_codigo_plu=764112','',2,'2013-09-16'),(66832,'UPDATE mae_productos SET pro_precio_fiscal=pro_precio_venta WHERE pro_codigo_plu=764113','',2,'2013-09-16'),(66833,'INSERT INTO gne_vale_ferreteria (vfe_id,vfe_fecha,vfe_total,vfe_estado,vfe_entregado,usu_nusuario) VALUES (11220,@@@2013.09.16@@@,1700,1,0,@@@G_DIAZ@@@)','',2,'2013-09-16'),(66834,'INSERT INTO gne_vale_ferreteria_mov (vfe_id,pro_codigo_plu,vfm_cantidad,vfm_unitario,vfm_total,vfm_entregado) VALUES (11220,1537,1,190,190,@@@NO@@@)','',2,'2013-09-16'),(66835,'INSERT INTO gne_vale_ferreteria_mov (vfe_id,pro_codigo_plu,vfm_cantidad,vfm_unitario,vfm_total,vfm_entregado) VALUES (11220,10989,1,720,720,@@@NO@@@)','',2,'2013-09-16'),(66836,'INSERT INTO gne_vale_ferreteria_mov (vfe_id,pro_codigo_plu,vfm_cantidad,vfm_unitario,vfm_total,vfm_entregado) VALUES (11220,1553,1,790,790,@@@NO@@@)','',2,'2013-09-16'),(66837,'INSERT INTO gne_vale_ferreteria (vfe_id,vfe_fecha,vfe_total,vfe_estado,vfe_entregado,usu_nusuario) VALUES (11221,@@@2013.09.16@@@,690,1,0,@@@G_DIAZ@@@)','',2,'2013-09-16'),(66838,'INSERT INTO gne_vale_ferreteria_mov (vfe_id,pro_codigo_plu,vfm_cantidad,vfm_unitario,vfm_total,vfm_entregado) VALUES (11221,7705007,1,690,690,@@@NO@@@)','',2,'2013-09-16'),(66839,'INSERT INTO gne_vale_ferreteria (vfe_id,vfe_fecha,vfe_total,vfe_estado,vfe_entregado,usu_nusuario) VALUES (11222,@@@2013.09.16@@@,1590,1,0,@@@G_DIAZ@@@)','',2,'2013-09-16'),(66840,'INSERT INTO gne_vale_ferreteria_mov (vfe_id,pro_codigo_plu,vfm_cantidad,vfm_unitario,vfm_total,vfm_entregado) VALUES (11222,775010,1,1590,1590,@@@NO@@@)','',2,'2013-09-16'),(66841,'INSERT INTO gne_vale_ferreteria (vfe_id,vfe_fecha,vfe_total,vfe_estado,vfe_entregado,usu_nusuario) VALUES (11223,@@@2013.09.16@@@,1380,1,0,@@@G_DIAZ@@@)','',2,'2013-09-16'),(66842,'INSERT INTO gne_vale_ferreteria_mov (vfe_id,pro_codigo_plu,vfm_cantidad,vfm_unitario,vfm_total,vfm_entregado) VALUES (11223,7705007,2,690,1380,@@@NO@@@)','',2,'2013-09-16'),(66843,'INSERT INTO gne_vale_ferreteria (vfe_id,vfe_fecha,vfe_total,vfe_estado,vfe_entregado,usu_nusuario) VALUES (11224,@@@2013.09.16@@@,1590,1,0,@@@G_DIAZ@@@)','',2,'2013-09-16'),(66844,'INSERT INTO gne_vale_ferreteria_mov (vfe_id,pro_codigo_plu,vfm_cantidad,vfm_unitario,vfm_total,vfm_entregado) VALUES (11224,775010,1,1590,1590,@@@NO@@@)','',2,'2013-09-16'),(66845,'INSERT INTO gne_vale_ferreteria (vfe_id,vfe_fecha,vfe_total,vfe_estado,vfe_entregado,usu_nusuario) VALUES (11225,@@@2013.09.16@@@,790,1,0,@@@G_DIAZ@@@)','',2,'2013-09-16'),(66846,'INSERT INTO gne_vale_ferreteria_mov (vfe_id,pro_codigo_plu,vfm_cantidad,vfm_unitario,vfm_total,vfm_entregado) VALUES (11225,1535,1,390,390,@@@NO@@@)','',2,'2013-09-16'),(66847,'INSERT INTO gne_vale_ferreteria_mov (vfe_id,pro_codigo_plu,vfm_cantidad,vfm_unitario,vfm_total,vfm_entregado) VALUES (11225,764702,1,200,200,@@@NO@@@)','',2,'2013-09-16'),(66848,'INSERT INTO gne_vale_ferreteria_mov (vfe_id,pro_codigo_plu,vfm_cantidad,vfm_unitario,vfm_total,vfm_entregado) VALUES (11225,1556,1,200,200,@@@NO@@@)','',2,'2013-09-16'),(66849,'INSERT INTO gne_vale_ferreteria (vfe_id,vfe_fecha,vfe_total,vfe_estado,vfe_entregado,usu_nusuario) VALUES (11226,@@@2013.09.16@@@,1090,1,0,@@@G_DIAZ@@@)','',2,'2013-09-16'),(66850,'INSERT INTO gne_vale_ferreteria_mov (vfe_id,pro_codigo_plu,vfm_cantidad,vfm_unitario,vfm_total,vfm_entregado) VALUES (11226,1545,2,50,100,@@@NO@@@)','',2,'2013-09-16'),(66851,'INSERT INTO gne_vale_ferreteria_mov (vfe_id,pro_codigo_plu,vfm_cantidad,vfm_unitario,vfm_total,vfm_entregado) VALUES (11226,4077,1,200,200,@@@NO@@@)','',2,'2013-09-16'),(66852,'INSERT INTO gne_vale_ferreteria_mov (vfe_id,pro_codigo_plu,vfm_cantidad,vfm_unitario,vfm_total,vfm_entregado) VALUES (11226,764059,1,790,790,@@@NO@@@)','',2,'2013-09-16'),(66853,'INSERT INTO gne_vale_ferreteria (vfe_id,vfe_fecha,vfe_total,vfe_estado,vfe_entregado,usu_nusuario) VALUES (11227,@@@2013.09.16@@@,6990,1,0,@@@G_DIAZ@@@)','',2,'2013-09-16'),(66854,'INSERT INTO gne_vale_ferreteria_mov (vfe_id,pro_codigo_plu,vfm_cantidad,vfm_unitario,vfm_total,vfm_entregado) VALUES (11227,765036,1,6990,6990,@@@NO@@@)','',2,'2013-09-16'),(66855,'INSERT INTO gne_vale_ferreteria (vfe_id,vfe_fecha,vfe_total,vfe_estado,vfe_entregado,usu_nusuario) VALUES (11228,@@@2013.09.16@@@,590,1,0,@@@G_DIAZ@@@)','',2,'2013-09-16'),(66856,'INSERT INTO gne_vale_ferreteria_mov (vfe_id,pro_codigo_plu,vfm_cantidad,vfm_unitario,vfm_total,vfm_entregado) VALUES (11228,763864,1,590,590,@@@NO@@@)','',2,'2013-09-16'),(66857,'INSERT INTO gne_vale_ferreteria (vfe_id,vfe_fecha,vfe_total,vfe_estado,vfe_entregado,usu_nusuario) VALUES (11229,@@@2013.09.16@@@,360,1,0,@@@G_DIAZ@@@)','',2,'2013-09-16'),(66858,'INSERT INTO gne_vale_ferreteria_mov (vfe_id,pro_codigo_plu,vfm_cantidad,vfm_unitario,vfm_total,vfm_entregado) VALUES (11229,4077,1,200,200,@@@NO@@@)','',2,'2013-09-16'),(66859,'INSERT INTO gne_vale_ferreteria_mov (vfe_id,pro_codigo_plu,vfm_cantidad,vfm_unitario,vfm_total,vfm_entregado) VALUES (11229,1542,1,100,100,@@@NO@@@)','',2,'2013-09-16'),(66860,'INSERT INTO gne_vale_ferreteria_mov (vfe_id,pro_codigo_plu,vfm_cantidad,vfm_unitario,vfm_total,vfm_entregado) VALUES (11229,1539,6,10,60,@@@NO@@@)','',2,'2013-09-16'),(66861,'INSERT INTO gne_vale_ferreteria (vfe_id,vfe_fecha,vfe_total,vfe_estado,vfe_entregado,usu_nusuario) VALUES (11230,@@@2013.09.16@@@,100,1,0,@@@G_DIAZ@@@)','',2,'2013-09-16'),(66862,'INSERT INTO gne_vale_ferreteria_mov (vfe_id,pro_codigo_plu,vfm_cantidad,vfm_unitario,vfm_total,vfm_entregado) VALUES (11230,4130,1,100,100,@@@NO@@@)','',2,'2013-09-16'),(66863,'INSERT INTO gne_vale_ferreteria (vfe_id,vfe_fecha,vfe_total,vfe_estado,vfe_entregado,usu_nusuario) VALUES (11231,@@@2013.09.16@@@,50,1,0,@@@G_DIAZ@@@)','',2,'2013-09-16'),(66864,'INSERT INTO gne_vale_ferreteria_mov (vfe_id,pro_codigo_plu,vfm_cantidad,vfm_unitario,vfm_total,vfm_entregado) VALUES (11231,1545,1,50,50,@@@NO@@@)','',2,'2013-09-16'),(66865,'INSERT INTO gne_vale_ferreteria (vfe_id,vfe_fecha,vfe_total,vfe_estado,vfe_entregado,usu_nusuario) VALUES (11232,@@@2013.09.16@@@,920,1,0,@@@G_DIAZ@@@)','',2,'2013-09-16'),(66866,'INSERT INTO gne_vale_ferreteria_mov (vfe_id,pro_codigo_plu,vfm_cantidad,vfm_unitario,vfm_total,vfm_entregado) VALUES (11232,1556,1,200,200,@@@NO@@@)','',2,'2013-09-16'),(66867,'INSERT INTO gne_vale_ferreteria_mov (vfe_id,pro_codigo_plu,vfm_cantidad,vfm_unitario,vfm_total,vfm_entregado) VALUES (11232,1079,1,720,720,@@@NO@@@)','',2,'2013-09-16'),(66868,'INSERT INTO gne_vale_ferreteria (vfe_id,vfe_fecha,vfe_total,vfe_estado,vfe_entregado,usu_nusuario) VALUES (11233,@@@2013.09.16@@@,200,1,0,@@@G_DIAZ@@@)','',2,'2013-09-16'),(66869,'INSERT INTO gne_vale_ferreteria_mov (vfe_id,pro_codigo_plu,vfm_cantidad,vfm_unitario,vfm_total,vfm_entregado) VALUES (11233,4077,1,200,200,@@@NO@@@)','',2,'2013-09-16'),(66870,'INSERT INTO gne_vale_ferreteria (vfe_id,vfe_fecha,vfe_total,vfe_estado,vfe_entregado,usu_nusuario) VALUES (11234,@@@2013.09.16@@@,4420,1,0,@@@G_DIAZ@@@)','',2,'2013-09-16'),(66871,'INSERT INTO gne_vale_ferreteria_mov (vfe_id,pro_codigo_plu,vfm_cantidad,vfm_unitario,vfm_total,vfm_entregado) VALUES (11234,78016970,1,2990,2990,@@@NO@@@)','',2,'2013-09-16'),(66872,'INSERT INTO gne_vale_ferreteria_mov (vfe_id,pro_codigo_plu,vfm_cantidad,vfm_unitario,vfm_total,vfm_entregado) VALUES (11234,19916,1,540,540,@@@NO@@@)','',2,'2013-09-16'),(66873,'INSERT INTO gne_vale_ferreteria_mov (vfe_id,pro_codigo_plu,vfm_cantidad,vfm_unitario,vfm_total,vfm_entregado) VALUES (11234,11597,1,890,890,@@@NO@@@)','',2,'2013-09-16'),(66874,'INSERT INTO gne_vale_ferreteria (vfe_id,vfe_fecha,vfe_total,vfe_estado,vfe_entregado,usu_nusuario) VALUES (11235,@@@2013.09.16@@@,200,1,0,@@@G_DIAZ@@@)','',2,'2013-09-16'),(66875,'INSERT INTO gne_vale_ferreteria_mov (vfe_id,pro_codigo_plu,vfm_cantidad,vfm_unitario,vfm_total,vfm_entregado) VALUES (11235,4077,1,200,200,@@@NO@@@)','',2,'2013-09-16'),(66876,'INSERT INTO gne_vale_ferreteria (vfe_id,vfe_fecha,vfe_total,vfe_estado,vfe_entregado,usu_nusuario) VALUES (11236,@@@2013.09.16@@@,1890,1,0,@@@G_DIAZ@@@)','',2,'2013-09-16'),(66877,'INSERT INTO gne_vale_ferreteria_mov (vfe_id,pro_codigo_plu,vfm_cantidad,vfm_unitario,vfm_total,vfm_entregado) VALUES (11236,763604,1,1890,1890,@@@NO@@@)','',2,'2013-09-16'),(66878,'INSERT INTO gne_vale_ferreteria (vfe_id,vfe_fecha,vfe_total,vfe_estado,vfe_entregado,usu_nusuario) VALUES (11237,@@@2013.09.16@@@,1920,1,0,@@@G_DIAZ@@@)','',2,'2013-09-16'),(66879,'INSERT INTO gne_vale_ferreteria_mov (vfe_id,pro_codigo_plu,vfm_cantidad,vfm_unitario,vfm_total,vfm_entregado) VALUES (11237,15935,4,480,1920,@@@NO@@@)','',2,'2013-09-16'),(66880,'INSERT INTO gne_vale_ferreteria (vfe_id,vfe_fecha,vfe_total,vfe_estado,vfe_entregado,usu_nusuario) VALUES (11238,@@@2013.09.16@@@,540,1,0,@@@G_DIAZ@@@)','',2,'2013-09-16'),(66881,'INSERT INTO gne_vale_ferreteria_mov (vfe_id,pro_codigo_plu,vfm_cantidad,vfm_unitario,vfm_total,vfm_entregado) VALUES (11238,19916,1,540,540,@@@NO@@@)','',2,'2013-09-16'),(66882,'INSERT INTO gne_vale_ferreteria (vfe_id,vfe_fecha,vfe_total,vfe_estado,vfe_entregado,usu_nusuario) VALUES (11239,@@@2013.09.16@@@,200,1,0,@@@G_DIAZ@@@)','',2,'2013-09-16'),(66883,'INSERT INTO gne_vale_ferreteria_mov (vfe_id,pro_codigo_plu,vfm_cantidad,vfm_unitario,vfm_total,vfm_entregado) VALUES (11239,4077,1,200,200,@@@NO@@@)','',2,'2013-09-16'),(66884,'INSERT INTO gne_vale_ferreteria (vfe_id,vfe_fecha,vfe_total,vfe_estado,vfe_entregado,usu_nusuario) VALUES (11240,@@@2013.09.16@@@,600,1,0,@@@G_DIAZ@@@)','',2,'2013-09-16'),(66885,'INSERT INTO gne_vale_ferreteria_mov (vfe_id,pro_codigo_plu,vfm_cantidad,vfm_unitario,vfm_total,vfm_entregado) VALUES (11240,763720,1,600,600,@@@NO@@@)','',2,'2013-09-16'),(66886,'INSERT INTO gne_vale_ferreteria (vfe_id,vfe_fecha,vfe_total,vfe_estado,vfe_entregado,usu_nusuario) VALUES (11241,@@@2013.09.16@@@,1490,1,0,@@@G_DIAZ@@@)','',2,'2013-09-16'),(66887,'INSERT INTO gne_vale_ferreteria_mov (vfe_id,pro_codigo_plu,vfm_cantidad,vfm_unitario,vfm_total,vfm_entregado) VALUES (11241,780721770,1,1490,1490,@@@NO@@@)','',2,'2013-09-16'),(66888,'INSERT INTO gne_vale_ferreteria (vfe_id,vfe_fecha,vfe_total,vfe_estado,vfe_entregado,usu_nusuario) VALUES (11242,@@@2013.09.16@@@,500,1,0,@@@G_DIAZ@@@)','',2,'2013-09-16'),(66889,'INSERT INTO gne_vale_ferreteria_mov (vfe_id,pro_codigo_plu,vfm_cantidad,vfm_unitario,vfm_total,vfm_entregado) VALUES (11242,763909,1,500,500,@@@NO@@@)','',2,'2013-09-16'),(66890,'INSERT INTO gne_vale_ferreteria (vfe_id,vfe_fecha,vfe_total,vfe_estado,vfe_entregado,usu_nusuario) VALUES (11243,@@@2013.09.16@@@,1750,1,0,@@@G_DIAZ@@@)','',2,'2013-09-16'),(66891,'INSERT INTO gne_vale_ferreteria_mov (vfe_id,pro_codigo_plu,vfm_cantidad,vfm_unitario,vfm_total,vfm_entregado) VALUES (11243,761650,1,1750,1750,@@@NO@@@)','',2,'2013-09-16'),(66892,'INSERT INTO gne_vale_ferreteria (vfe_id,vfe_fecha,vfe_total,vfe_estado,vfe_entregado,usu_nusuario) VALUES (11244,@@@2013.09.16@@@,400,1,0,@@@G_DIAZ@@@)','',2,'2013-09-16'),(66893,'INSERT INTO gne_vale_ferreteria_mov (vfe_id,pro_codigo_plu,vfm_cantidad,vfm_unitario,vfm_total,vfm_entregado) VALUES (11244,13662,1,400,400,@@@NO@@@)','',2,'2013-09-16'),(66894,'INSERT INTO gne_vale_ferreteria (vfe_id,vfe_fecha,vfe_total,vfe_estado,vfe_entregado,usu_nusuario) VALUES (11245,@@@2013.09.16@@@,240,1,0,@@@G_DIAZ@@@)','',2,'2013-09-16'),(66895,'INSERT INTO gne_vale_ferreteria_mov (vfe_id,pro_codigo_plu,vfm_cantidad,vfm_unitario,vfm_total,vfm_entregado) VALUES (11245,1539,5,10,50,@@@NO@@@)','',2,'2013-09-16'),(66896,'INSERT INTO gne_vale_ferreteria_mov (vfe_id,pro_codigo_plu,vfm_cantidad,vfm_unitario,vfm_total,vfm_entregado) VALUES (11245,1537,1,190,190,@@@NO@@@)','',2,'2013-09-16'),(66897,'INSERT INTO gne_vale_ferreteria (vfe_id,vfe_fecha,vfe_total,vfe_estado,vfe_entregado,usu_nusuario) VALUES (11246,@@@2013.09.16@@@,390,1,0,@@@G_DIAZ@@@)','',2,'2013-09-16'),(66898,'INSERT INTO gne_vale_ferreteria_mov (vfe_id,pro_codigo_plu,vfm_cantidad,vfm_unitario,vfm_total,vfm_entregado) VALUES (11246,780721379,1,390,390,@@@NO@@@)','',2,'2013-09-16'),(66899,'INSERT INTO gne_vale_ferreteria (vfe_id,vfe_fecha,vfe_total,vfe_estado,vfe_entregado,usu_nusuario) VALUES (11247,@@@2013.09.16@@@,2980,1,0,@@@G_DIAZ@@@)','',2,'2013-09-16'),(66900,'INSERT INTO gne_vale_ferreteria_mov (vfe_id,pro_codigo_plu,vfm_cantidad,vfm_unitario,vfm_total,vfm_entregado) VALUES (11247,780220183,1,490,490,@@@NO@@@)','',2,'2013-09-16'),(66901,'INSERT INTO gne_vale_ferreteria_mov (vfe_id,pro_codigo_plu,vfm_cantidad,vfm_unitario,vfm_total,vfm_entregado) VALUES (11247,78017027,6,70,420,@@@NO@@@)','',2,'2013-09-16'),(66902,'INSERT INTO gne_vale_ferreteria_mov (vfe_id,pro_codigo_plu,vfm_cantidad,vfm_unitario,vfm_total,vfm_entregado) VALUES (11247,780721766,2,390,780,@@@NO@@@)','',2,'2013-09-16'),(66903,'INSERT INTO gne_vale_ferreteria_mov (vfe_id,pro_codigo_plu,vfm_cantidad,vfm_unitario,vfm_total,vfm_entregado) VALUES (11247,780721692,1,390,390,@@@NO@@@)','',2,'2013-09-16'),(66904,'INSERT INTO gne_vale_ferreteria_mov (vfe_id,pro_codigo_plu,vfm_cantidad,vfm_unitario,vfm_total,vfm_entregado) VALUES (11247,780721763,1,500,500,@@@NO@@@)','',2,'2013-09-16'),(66905,'INSERT INTO gne_vale_ferreteria_mov (vfe_id,pro_codigo_plu,vfm_cantidad,vfm_unitario,vfm_total,vfm_entregado) VALUES (11247,4077,1,200,200,@@@NO@@@)','',2,'2013-09-16'),(66906,'INSERT INTO gne_vale_ferreteria_mov (vfe_id,pro_codigo_plu,vfm_cantidad,vfm_unitario,vfm_total,vfm_entregado) VALUES (11247,1545,4,50,200,@@@NO@@@)','',2,'2013-09-16'),(66907,'INSERT INTO gne_vale_ferreteria (vfe_id,vfe_fecha,vfe_total,vfe_estado,vfe_entregado,usu_nusuario) VALUES (11248,@@@2013.09.16@@@,400,1,0,@@@G_DIAZ@@@)','',2,'2013-09-16'),(66908,'INSERT INTO gne_vale_ferreteria_mov (vfe_id,pro_codigo_plu,vfm_cantidad,vfm_unitario,vfm_total,vfm_entregado) VALUES (11248,4077,2,200,400,@@@NO@@@)','',2,'2013-09-16'),(66909,'INSERT INTO gne_vale_ferreteria (vfe_id,vfe_fecha,vfe_total,vfe_estado,vfe_entregado,usu_nusuario) VALUES (11249,@@@2013.09.16@@@,2280,1,0,@@@G_DIAZ@@@)','',2,'2013-09-16'),(66910,'INSERT INTO gne_vale_ferreteria_mov (vfe_id,pro_codigo_plu,vfm_cantidad,vfm_unitario,vfm_total,vfm_entregado) VALUES (11249,15949,2,550,1100,@@@NO@@@)','',2,'2013-09-16'),(66911,'INSERT INTO gne_vale_ferreteria_mov (vfe_id,pro_codigo_plu,vfm_cantidad,vfm_unitario,vfm_total,vfm_entregado) VALUES (11249,54791,1,590,590,@@@NO@@@)','',2,'2013-09-16'),(66912,'INSERT INTO gne_vale_ferreteria_mov (vfe_id,pro_codigo_plu,vfm_cantidad,vfm_unitario,vfm_total,vfm_entregado) VALUES (11249,780721835,1,590,590,@@@NO@@@)','',2,'2013-09-16'),(66913,'INSERT INTO gne_vale_ferreteria (vfe_id,vfe_fecha,vfe_total,vfe_estado,vfe_entregado,usu_nusuario) VALUES (11250,@@@2013.09.16@@@,120,1,0,@@@G_DIAZ@@@)','',2,'2013-09-16'),(66914,'INSERT INTO gne_vale_ferreteria_mov (vfe_id,pro_codigo_plu,vfm_cantidad,vfm_unitario,vfm_total,vfm_entregado) VALUES (11250,770065,1,120,120,@@@NO@@@)','',2,'2013-09-16'),(66915,'INSERT INTO gne_vale_ferreteria (vfe_id,vfe_fecha,vfe_total,vfe_estado,vfe_entregado,usu_nusuario) VALUES (11251,@@@2013.09.16@@@,300,1,0,@@@G_DIAZ@@@)','',2,'2013-09-16'),(66916,'INSERT INTO gne_vale_ferreteria_mov (vfe_id,pro_codigo_plu,vfm_cantidad,vfm_unitario,vfm_total,vfm_entregado) VALUES (11251,1539,10,10,100,@@@NO@@@)','',2,'2013-09-16'),(66917,'INSERT INTO gne_vale_ferreteria_mov (vfe_id,pro_codigo_plu,vfm_cantidad,vfm_unitario,vfm_total,vfm_entregado) VALUES (11251,4077,1,200,200,@@@NO@@@)','',2,'2013-09-16'),(66918,'INSERT INTO gne_vale_ferreteria (vfe_id,vfe_fecha,vfe_total,vfe_estado,vfe_entregado,usu_nusuario) VALUES (11252,@@@2013.09.16@@@,400,1,0,@@@G_DIAZ@@@)','',2,'2013-09-16'),(66919,'INSERT INTO gne_vale_ferreteria_mov (vfe_id,pro_codigo_plu,vfm_cantidad,vfm_unitario,vfm_total,vfm_entregado) VALUES (11252,4077,2,200,400,@@@NO@@@)','',2,'2013-09-16'),(66920,'INSERT INTO gne_vale_ferreteria (vfe_id,vfe_fecha,vfe_total,vfe_estado,vfe_entregado,usu_nusuario) VALUES (11253,@@@2013.09.16@@@,999,1,0,@@@G_DIAZ@@@)','',2,'2013-09-16'),(66921,'INSERT INTO gne_vale_ferreteria_mov (vfe_id,pro_codigo_plu,vfm_cantidad,vfm_unitario,vfm_total,vfm_entregado) VALUES (11253,763613,1,999,999,@@@NO@@@)','',2,'2013-09-16'),(66922,'INSERT INTO gne_vale_ferreteria (vfe_id,vfe_fecha,vfe_total,vfe_estado,vfe_entregado,usu_nusuario) VALUES (11254,@@@2013.09.16@@@,980,1,0,@@@G_DIAZ@@@)','',2,'2013-09-16'),(66923,'INSERT INTO gne_vale_ferreteria_mov (vfe_id,pro_codigo_plu,vfm_cantidad,vfm_unitario,vfm_total,vfm_entregado) VALUES (11254,780721379,1,390,390,@@@NO@@@)','',2,'2013-09-16'),(66924,'INSERT INTO gne_vale_ferreteria_mov (vfe_id,pro_codigo_plu,vfm_cantidad,vfm_unitario,vfm_total,vfm_entregado) VALUES (11254,780721516,1,590,590,@@@NO@@@)','',2,'2013-09-16'),(66925,'INSERT INTO gne_vale_ferreteria (vfe_id,vfe_fecha,vfe_total,vfe_estado,vfe_entregado,usu_nusuario) VALUES (11255,@@@2013.09.16@@@,1000,1,0,@@@G_DIAZ@@@)','',2,'2013-09-16'),(66926,'INSERT INTO gne_vale_ferreteria_mov (vfe_id,pro_codigo_plu,vfm_cantidad,vfm_unitario,vfm_total,vfm_entregado) VALUES (11255,1542,10,100,1000,@@@NO@@@)','',2,'2013-09-16'),(66927,'INSERT INTO gne_vale_ferreteria (vfe_id,vfe_fecha,vfe_total,vfe_estado,vfe_entregado,usu_nusuario) VALUES (11256,@@@2013.09.16@@@,200,1,0,@@@G_DIAZ@@@)','',2,'2013-09-16'),(66928,'INSERT INTO gne_vale_ferreteria_mov (vfe_id,pro_codigo_plu,vfm_cantidad,vfm_unitario,vfm_total,vfm_entregado) VALUES (11256,4077,1,200,200,@@@NO@@@)','',2,'2013-09-16'),(66929,'UPDATE mae_productos SET pro_margen_actual=0,pro_precio_venta=350 WHERE pro_codigo_plu=805','',2,'2013-09-16'),(66930,'UPDATE mae_productos SET pro_margen_actual=0,pro_precio_venta=350 WHERE pro_codigo_plu=804','',2,'2013-09-16'),(66931,'UPDATE mae_productos SET pro_precio_fiscal=pro_precio_venta WHERE pro_codigo_plu=805','',2,'2013-09-16'),(66932,'INSERT INTO gne_vale_ferreteria (vfe_id,vfe_fecha,vfe_total,vfe_estado,vfe_entregado,usu_nusuario) VALUES (11257,@@@2013.09.16@@@,310,1,0,@@@G_DIAZ@@@)','',2,'2013-09-16'),(66933,'INSERT INTO gne_vale_ferreteria_mov (vfe_id,pro_codigo_plu,vfm_cantidad,vfm_unitario,vfm_total,vfm_entregado) VALUES (11257,18799,1,310,310,@@@NO@@@)','',2,'2013-09-16'),(66934,'INSERT INTO gne_vale_ferreteria (vfe_id,vfe_fecha,vfe_total,vfe_estado,vfe_entregado,usu_nusuario) VALUES (11258,@@@2013.09.16@@@,1950,1,0,@@@G_DIAZ@@@)','',2,'2013-09-16'),(66935,'INSERT INTO gne_vale_ferreteria_mov (vfe_id,pro_codigo_plu,vfm_cantidad,vfm_unitario,vfm_total,vfm_entregado) VALUES (11258,1539,20,10,200,@@@NO@@@)','',2,'2013-09-16'),(66936,'INSERT INTO gne_vale_ferreteria_mov (vfe_id,pro_codigo_plu,vfm_cantidad,vfm_unitario,vfm_total,vfm_entregado) VALUES (11258,2010,1,1590,1590,@@@NO@@@)','',2,'2013-09-16'),(66937,'INSERT INTO gne_vale_ferreteria_mov (vfe_id,pro_codigo_plu,vfm_cantidad,vfm_unitario,vfm_total,vfm_entregado) VALUES (11258,4080,4,40,160,@@@NO@@@)','',2,'2013-09-16'),(66938,'INSERT INTO gne_vale_ferreteria (vfe_id,vfe_fecha,vfe_total,vfe_estado,vfe_entregado,usu_nusuario) VALUES (11259,@@@2013.09.16@@@,2990,1,0,@@@G_DIAZ@@@)','',2,'2013-09-16'),(66939,'INSERT INTO gne_vale_ferreteria_mov (vfe_id,pro_codigo_plu,vfm_cantidad,vfm_unitario,vfm_total,vfm_entregado) VALUES (11259,10720,1,720,720,@@@NO@@@)','',2,'2013-09-16'),(66940,'INSERT INTO gne_vale_ferreteria_mov (vfe_id,pro_codigo_plu,vfm_cantidad,vfm_unitario,vfm_total,vfm_entregado) VALUES (11259,780721742,1,1550,1550,@@@NO@@@)','',2,'2013-09-16'),(66941,'INSERT INTO gne_vale_ferreteria_mov (vfe_id,pro_codigo_plu,vfm_cantidad,vfm_unitario,vfm_total,vfm_entregado) VALUES (11259,763934,1,720,720,@@@NO@@@)','',2,'2013-09-16'),(66942,'INSERT INTO gne_vale_ferreteria (vfe_id,vfe_fecha,vfe_total,vfe_estado,vfe_entregado,usu_nusuario) VALUES (11260,@@@2013.09.16@@@,720,1,0,@@@G_DIAZ@@@)','',2,'2013-09-16'),(66943,'INSERT INTO gne_vale_ferreteria_mov (vfe_id,pro_codigo_plu,vfm_cantidad,vfm_unitario,vfm_total,vfm_entregado) VALUES (11260,1079,1,720,720,@@@NO@@@)','',2,'2013-09-16'),(66944,'INSERT INTO gne_vale_ferreteria (vfe_id,vfe_fecha,vfe_total,vfe_estado,vfe_entregado,usu_nusuario) VALUES (11261,@@@2013.09.16@@@,5089,1,0,@@@G_DIAZ@@@)','',2,'2013-09-16'),(66945,'INSERT INTO gne_vale_ferreteria_mov (vfe_id,pro_codigo_plu,vfm_cantidad,vfm_unitario,vfm_total,vfm_entregado) VALUES (11261,990025,1,1100,1100,@@@NO@@@)','',2,'2013-09-16'),(66946,'INSERT INTO gne_vale_ferreteria_mov (vfe_id,pro_codigo_plu,vfm_cantidad,vfm_unitario,vfm_total,vfm_entregado) VALUES (11261,15491,1,999,999,@@@NO@@@)','',2,'2013-09-16'),(66947,'INSERT INTO gne_vale_ferreteria_mov (vfe_id,pro_codigo_plu,vfm_cantidad,vfm_unitario,vfm_total,vfm_entregado) VALUES (11261,101097,1,890,890,@@@NO@@@)','',2,'2013-09-16'),(66948,'INSERT INTO gne_vale_ferreteria_mov (vfe_id,pro_codigo_plu,vfm_cantidad,vfm_unitario,vfm_total,vfm_entregado) VALUES (11261,763993,1,2100,2100,@@@NO@@@)','',2,'2013-09-16'),(66949,'INSERT INTO gne_vale_ferreteria (vfe_id,vfe_fecha,vfe_total,vfe_estado,vfe_entregado,usu_nusuario) VALUES (11262,@@@2013.09.16@@@,1180,1,0,@@@G_DIAZ@@@)','',2,'2013-09-16'),(66950,'INSERT INTO gne_vale_ferreteria_mov (vfe_id,pro_codigo_plu,vfm_cantidad,vfm_unitario,vfm_total,vfm_entregado) VALUES (11262,780721730,2,590,1180,@@@NO@@@)','',2,'2013-09-16'),(66951,'INSERT INTO gne_vale_ferreteria (vfe_id,vfe_fecha,vfe_total,vfe_estado,vfe_entregado,usu_nusuario) VALUES (11263,@@@2013.09.16@@@,190,1,0,@@@G_DIAZ@@@)','',2,'2013-09-16'),(66952,'INSERT INTO gne_vale_ferreteria_mov (vfe_id,pro_codigo_plu,vfm_cantidad,vfm_unitario,vfm_total,vfm_entregado) VALUES (11263,1537,1,190,190,@@@NO@@@)','',2,'2013-09-16'),(66953,'INSERT INTO gne_vale_ferreteria (vfe_id,vfe_fecha,vfe_total,vfe_estado,vfe_entregado,usu_nusuario) VALUES (11264,@@@2013.09.16@@@,990,1,0,@@@G_DIAZ@@@)','',2,'2013-09-16'),(66954,'INSERT INTO gne_vale_ferreteria_mov (vfe_id,pro_codigo_plu,vfm_cantidad,vfm_unitario,vfm_total,vfm_entregado) VALUES (11264,780220138,1,990,990,@@@NO@@@)','',2,'2013-09-16'),(66955,'UPDATE mae_productos SET pro_precio_compra_bruto=3330,pro_margen_actual=(pro_precio_venta-3330)/3330 * 100,pro_ultima_compra=@@@2013.09.16@@@,pro_ultimo_proveedor=@@@96568970-2@@@ WHERE pro_codigo_plu=763518','',2,'2013-09-16'),(66956,'UPDATE mae_productos SET pro_precio_compra_bruto=950,pro_margen_actual=(pro_precio_venta-950)/950 * 100,pro_ultima_compra=@@@2013.09.16@@@,pro_ultimo_proveedor=@@@96568970-2@@@ WHERE pro_codigo_plu=17146','',2,'2013-09-16'),(66957,'INSERT INTO gne_vale_ferreteria (vfe_id,vfe_fecha,vfe_total,vfe_estado,vfe_entregado,usu_nusuario) VALUES (11265,@@@2013.09.16@@@,990,1,0,@@@G_DIAZ@@@)','',2,'2013-09-16'),(66958,'INSERT INTO gne_vale_ferreteria_mov (vfe_id,pro_codigo_plu,vfm_cantidad,vfm_unitario,vfm_total,vfm_entregado) VALUES (11265,202020,1,990,990,@@@NO@@@)','',2,'2013-09-16'),(66959,'INSERT INTO gne_vale_ferreteria (vfe_id,vfe_fecha,vfe_total,vfe_estado,vfe_entregado,usu_nusuario) VALUES (11266,@@@2013.09.16@@@,200,1,0,@@@G_DIAZ@@@)','',2,'2013-09-16'),(66960,'INSERT INTO gne_vale_ferreteria_mov (vfe_id,pro_codigo_plu,vfm_cantidad,vfm_unitario,vfm_total,vfm_entregado) VALUES (11266,4077,1,200,200,@@@NO@@@)','',2,'2013-09-16'),(66961,'INSERT INTO gne_vale_ferreteria (vfe_id,vfe_fecha,vfe_total,vfe_estado,vfe_entregado,usu_nusuario) VALUES (11267,@@@2013.09.16@@@,250,1,0,@@@G_DIAZ@@@)','',2,'2013-09-16'),(66962,'INSERT INTO gne_vale_ferreteria_mov (vfe_id,pro_codigo_plu,vfm_cantidad,vfm_unitario,vfm_total,vfm_entregado) VALUES (11267,780220139,1,250,250,@@@NO@@@)','',2,'2013-09-16'),(66963,'INSERT INTO gne_vale_ferreteria (vfe_id,vfe_fecha,vfe_total,vfe_estado,vfe_entregado,usu_nusuario) VALUES (11268,@@@2013.09.16@@@,2490,1,0,@@@G_DIAZ@@@)','',2,'2013-09-16'),(66964,'INSERT INTO gne_vale_ferreteria_mov (vfe_id,pro_codigo_plu,vfm_cantidad,vfm_unitario,vfm_total,vfm_entregado) VALUES (11268,764934,1,2490,2490,@@@NO@@@)','',2,'2013-09-16'),(66965,'INSERT INTO gne_vale_ferreteria (vfe_id,vfe_fecha,vfe_total,vfe_estado,vfe_entregado,usu_nusuario) VALUES (11269,@@@2013.09.16@@@,1100,1,0,@@@G_DIAZ@@@)','',2,'2013-09-16'),(66966,'INSERT INTO gne_vale_ferreteria_mov (vfe_id,pro_codigo_plu,vfm_cantidad,vfm_unitario,vfm_total,vfm_entregado) VALUES (11269,780721583,1,1100,1100,@@@NO@@@)','',2,'2013-09-16'),(66967,'INSERT INTO gne_vale_ferreteria (vfe_id,vfe_fecha,vfe_total,vfe_estado,vfe_entregado,usu_nusuario) VALUES (11270,@@@2013.09.16@@@,990,1,0,@@@G_DIAZ@@@)','',2,'2013-09-16'),(66968,'INSERT INTO gne_vale_ferreteria_mov (vfe_id,pro_codigo_plu,vfm_cantidad,vfm_unitario,vfm_total,vfm_entregado) VALUES (11270,780721539,1,990,990,@@@NO@@@)','',2,'2013-09-16'),(66969,'INSERT INTO gne_vale_ferreteria (vfe_id,vfe_fecha,vfe_total,vfe_estado,vfe_entregado,usu_nusuario) VALUES (11271,@@@2013.09.16@@@,1890,1,0,@@@G_DIAZ@@@)','',2,'2013-09-16'),(66970,'INSERT INTO gne_vale_ferreteria_mov (vfe_id,pro_codigo_plu,vfm_cantidad,vfm_unitario,vfm_total,vfm_entregado) VALUES (11271,101852,1,1890,1890,@@@NO@@@)','',2,'2013-09-16'),(66971,'INSERT INTO gne_vale_ferreteria (vfe_id,vfe_fecha,vfe_total,vfe_estado,vfe_entregado,usu_nusuario) VALUES (11272,@@@2013.09.16@@@,200,1,0,@@@G_DIAZ@@@)','',2,'2013-09-16'),(66972,'INSERT INTO gne_vale_ferreteria_mov (vfe_id,pro_codigo_plu,vfm_cantidad,vfm_unitario,vfm_total,vfm_entregado) VALUES (11272,4077,1,200,200,@@@NO@@@)','',2,'2013-09-16'),(66973,'INSERT INTO gne_vale_ferreteria (vfe_id,vfe_fecha,vfe_total,vfe_estado,vfe_entregado,usu_nusuario) VALUES (11273,@@@2013.09.16@@@,490,1,0,@@@G_DIAZ@@@)','',2,'2013-09-16'),(66974,'INSERT INTO gne_vale_ferreteria_mov (vfe_id,pro_codigo_plu,vfm_cantidad,vfm_unitario,vfm_total,vfm_entregado) VALUES (11273,3003,1,490,490,@@@NO@@@)','',2,'2013-09-16'),(66975,'INSERT INTO gne_vale_ferreteria (vfe_id,vfe_fecha,vfe_total,vfe_estado,vfe_entregado,usu_nusuario) VALUES (11274,@@@2013.09.16@@@,780,1,0,@@@G_DIAZ@@@)','',2,'2013-09-16'),(66976,'INSERT INTO gne_vale_ferreteria_mov (vfe_id,pro_codigo_plu,vfm_cantidad,vfm_unitario,vfm_total,vfm_entregado) VALUES (11274,780721451,2,390,780,@@@NO@@@)','',2,'2013-09-16'),(66977,'INSERT INTO gne_vale_ferreteria (vfe_id,vfe_fecha,vfe_total,vfe_estado,vfe_entregado,usu_nusuario) VALUES (11275,@@@2013.09.16@@@,970,1,0,@@@G_DIAZ@@@)','',2,'2013-09-16'),(66978,'INSERT INTO gne_vale_ferreteria_mov (vfe_id,pro_codigo_plu,vfm_cantidad,vfm_unitario,vfm_total,vfm_entregado) VALUES (11275,1537,1,190,190,@@@NO@@@)','',2,'2013-09-16'),(66979,'INSERT INTO gne_vale_ferreteria_mov (vfe_id,pro_codigo_plu,vfm_cantidad,vfm_unitario,vfm_total,vfm_entregado) VALUES (11275,780721420,2,390,780,@@@NO@@@)','',2,'2013-09-16'),(66980,'INSERT INTO gne_vale_ferreteria (vfe_id,vfe_fecha,vfe_total,vfe_estado,vfe_entregado,usu_nusuario) VALUES (11276,@@@2013.09.16@@@,1200,1,0,@@@G_DIAZ@@@)','',2,'2013-09-16'),(66981,'INSERT INTO gne_vale_ferreteria_mov (vfe_id,pro_codigo_plu,vfm_cantidad,vfm_unitario,vfm_total,vfm_entregado) VALUES (11276,78017049,4,300,1200,@@@NO@@@)','',2,'2013-09-16'),(66982,'UPDATE mae_productos SET pro_margen_actual=0,pro_precio_venta=6690 WHERE pro_codigo_plu=54','',2,'2013-09-16'),(66983,'INSERT INTO gne_vale_ferreteria (vfe_id,vfe_fecha,vfe_total,vfe_estado,vfe_entregado,usu_nusuario) VALUES (11277,@@@2013.09.16@@@,1890,1,0,@@@G_DIAZ@@@)','',2,'2013-09-16'),(66984,'INSERT INTO gne_vale_ferreteria_mov (vfe_id,pro_codigo_plu,vfm_cantidad,vfm_unitario,vfm_total,vfm_entregado) VALUES (11277,101625,1,1890,1890,@@@NO@@@)','',2,'2013-09-16'),(66985,'UPDATE mae_productos SET pro_precio_fiscal=pro_precio_venta WHERE pro_codigo_plu=54','',2,'2013-09-16'),(66986,'INSERT INTO gne_vale_ferreteria (vfe_id,vfe_fecha,vfe_total,vfe_estado,vfe_entregado,usu_nusuario) VALUES (11278,@@@2013.09.16@@@,200,1,0,@@@G_DIAZ@@@)','',2,'2013-09-16'),(66987,'INSERT INTO gne_vale_ferreteria_mov (vfe_id,pro_codigo_plu,vfm_cantidad,vfm_unitario,vfm_total,vfm_entregado) VALUES (11278,880006,1,200,200,@@@NO@@@)','',2,'2013-09-16'),(66988,'INSERT INTO gne_vale_ferreteria (vfe_id,vfe_fecha,vfe_total,vfe_estado,vfe_entregado,usu_nusuario) VALUES (11279,@@@2013.09.16@@@,200,1,0,@@@G_DIAZ@@@)','',2,'2013-09-16'),(66989,'INSERT INTO gne_vale_ferreteria_mov (vfe_id,pro_codigo_plu,vfm_cantidad,vfm_unitario,vfm_total,vfm_entregado) VALUES (11279,4077,1,200,200,@@@NO@@@)','',2,'2013-09-16'),(66990,'INSERT INTO gne_vale_ferreteria (vfe_id,vfe_fecha,vfe_total,vfe_estado,vfe_entregado,usu_nusuario) VALUES (11280,@@@2013.09.16@@@,1740,1,0,@@@G_DIAZ@@@)','',2,'2013-09-16'),(66991,'INSERT INTO gne_vale_ferreteria_mov (vfe_id,pro_codigo_plu,vfm_cantidad,vfm_unitario,vfm_total,vfm_entregado) VALUES (11280,764564,1,1490,1490,@@@NO@@@)','',2,'2013-09-16'),(66992,'INSERT INTO gne_vale_ferreteria_mov (vfe_id,pro_codigo_plu,vfm_cantidad,vfm_unitario,vfm_total,vfm_entregado) VALUES (11280,764583,1,250,250,@@@NO@@@)','',2,'2013-09-16'),(66993,'INSERT INTO gne_vale_ferreteria (vfe_id,vfe_fecha,vfe_total,vfe_estado,vfe_entregado,usu_nusuario) VALUES (11281,@@@2013.09.16@@@,3380,1,0,@@@G_DIAZ@@@)','',2,'2013-09-16'),(66994,'INSERT INTO gne_vale_ferreteria_mov (vfe_id,pro_codigo_plu,vfm_cantidad,vfm_unitario,vfm_total,vfm_entregado) VALUES (11281,780721572,1,1490,1490,@@@NO@@@)','',2,'2013-09-16'),(66995,'INSERT INTO gne_vale_ferreteria_mov (vfe_id,pro_codigo_plu,vfm_cantidad,vfm_unitario,vfm_total,vfm_entregado) VALUES (11281,780721456,1,1690,1690,@@@NO@@@)','',2,'2013-09-16'),(66996,'INSERT INTO gne_vale_ferreteria_mov (vfe_id,pro_codigo_plu,vfm_cantidad,vfm_unitario,vfm_total,vfm_entregado) VALUES (11281,4077,1,200,200,@@@NO@@@)','',2,'2013-09-16'),(66997,'INSERT INTO gne_vale_ferreteria (vfe_id,vfe_fecha,vfe_total,vfe_estado,vfe_entregado,usu_nusuario) VALUES (11282,@@@2013.09.16@@@,4750,1,0,@@@G_DIAZ@@@)','',2,'2013-09-16'),(66998,'INSERT INTO gne_vale_ferreteria_mov (vfe_id,pro_codigo_plu,vfm_cantidad,vfm_unitario,vfm_total,vfm_entregado) VALUES (11282,780721349,1,4750,4750,@@@NO@@@)','',2,'2013-09-16'),(66999,'INSERT INTO gne_vale_ferreteria (vfe_id,vfe_fecha,vfe_total,vfe_estado,vfe_entregado,usu_nusuario) VALUES (11283,@@@2013.09.16@@@,200,1,0,@@@G_DIAZ@@@)','',2,'2013-09-16'),(67000,'INSERT INTO gne_vale_ferreteria_mov (vfe_id,pro_codigo_plu,vfm_cantidad,vfm_unitario,vfm_total,vfm_entregado) VALUES (11283,4077,1,200,200,@@@NO@@@)','',2,'2013-09-16'),(67001,'INSERT INTO gne_vale_ferreteria (vfe_id,vfe_fecha,vfe_total,vfe_estado,vfe_entregado,usu_nusuario) VALUES (11284,@@@2013.09.16@@@,780,1,0,@@@G_DIAZ@@@)','',2,'2013-09-16'),(67002,'INSERT INTO gne_vale_ferreteria_mov (vfe_id,pro_codigo_plu,vfm_cantidad,vfm_unitario,vfm_total,vfm_entregado) VALUES (11284,4090,2,390,780,@@@NO@@@)','',2,'2013-09-16'),(67003,'INSERT INTO gne_vale_ferreteria (vfe_id,vfe_fecha,vfe_total,vfe_estado,vfe_entregado,usu_nusuario) VALUES (11285,@@@2013.09.16@@@,1590,1,0,@@@G_DIAZ@@@)','',2,'2013-09-16'),(67004,'INSERT INTO gne_vale_ferreteria_mov (vfe_id,pro_codigo_plu,vfm_cantidad,vfm_unitario,vfm_total,vfm_entregado) VALUES (11285,101677,3,530,1590,@@@NO@@@)','',2,'2013-09-16'),(67005,'INSERT INTO gne_vale_ferreteria (vfe_id,vfe_fecha,vfe_total,vfe_estado,vfe_entregado,usu_nusuario) VALUES (11286,@@@2013.09.16@@@,1120,1,0,@@@G_DIAZ@@@)','',2,'2013-09-16'),(67006,'INSERT INTO gne_vale_ferreteria_mov (vfe_id,pro_codigo_plu,vfm_cantidad,vfm_unitario,vfm_total,vfm_entregado) VALUES (11286,10720,1,720,720,@@@NO@@@)','',2,'2013-09-16'),(67007,'INSERT INTO gne_vale_ferreteria_mov (vfe_id,pro_codigo_plu,vfm_cantidad,vfm_unitario,vfm_total,vfm_entregado) VALUES (11286,4077,2,200,400,@@@NO@@@)','',2,'2013-09-16'),(67008,'INSERT INTO gne_vale_ferreteria (vfe_id,vfe_fecha,vfe_total,vfe_estado,vfe_entregado,usu_nusuario) VALUES (11287,@@@2013.09.16@@@,200,1,0,@@@G_DIAZ@@@)','',2,'2013-09-16'),(67009,'INSERT INTO gne_vale_ferreteria_mov (vfe_id,pro_codigo_plu,vfm_cantidad,vfm_unitario,vfm_total,vfm_entregado) VALUES (11287,4077,1,200,200,@@@NO@@@)','',2,'2013-09-16'),(67010,'INSERT INTO gne_vale_ferreteria (vfe_id,vfe_fecha,vfe_total,vfe_estado,vfe_entregado,usu_nusuario) VALUES (11288,@@@2013.09.16@@@,999,1,0,@@@G_DIAZ@@@)','',2,'2013-09-16'),(67011,'INSERT INTO gne_vale_ferreteria_mov (vfe_id,pro_codigo_plu,vfm_cantidad,vfm_unitario,vfm_total,vfm_entregado) VALUES (11288,15491,1,999,999,@@@NO@@@)','',2,'2013-09-16'),(67012,'INSERT INTO gne_vale_ferreteria (vfe_id,vfe_fecha,vfe_total,vfe_estado,vfe_entregado,usu_nusuario) VALUES (11289,@@@2013.09.16@@@,580,1,0,@@@G_DIAZ@@@)','',2,'2013-09-16'),(67013,'INSERT INTO gne_vale_ferreteria_mov (vfe_id,pro_codigo_plu,vfm_cantidad,vfm_unitario,vfm_total,vfm_entregado) VALUES (11289,1536,2,290,580,@@@NO@@@)','',2,'2013-09-16'),(67014,'INSERT INTO gne_vale_ferreteria (vfe_id,vfe_fecha,vfe_total,vfe_estado,vfe_entregado,usu_nusuario) VALUES (11290,@@@2013.09.16@@@,1080,1,0,@@@G_DIAZ@@@)','',2,'2013-09-16'),(67015,'INSERT INTO gne_vale_ferreteria_mov (vfe_id,pro_codigo_plu,vfm_cantidad,vfm_unitario,vfm_total,vfm_entregado) VALUES (11290,761330,1,290,290,@@@NO@@@)','',2,'2013-09-16'),(67016,'INSERT INTO gne_vale_ferreteria_mov (vfe_id,pro_codigo_plu,vfm_cantidad,vfm_unitario,vfm_total,vfm_entregado) VALUES (11290,764114,1,790,790,@@@NO@@@)','',2,'2013-09-16'),(67017,'INSERT INTO gne_vale_ferreteria (vfe_id,vfe_fecha,vfe_total,vfe_estado,vfe_entregado,usu_nusuario) VALUES (11291,@@@2013.09.16@@@,790,1,0,@@@G_DIAZ@@@)','',2,'2013-09-16'),(67018,'INSERT INTO gne_vale_ferreteria_mov (vfe_id,pro_codigo_plu,vfm_cantidad,vfm_unitario,vfm_total,vfm_entregado) VALUES (11291,101104,1,790,790,@@@NO@@@)','',2,'2013-09-16'),(67019,'INSERT INTO gne_vale_ferreteria (vfe_id,vfe_fecha,vfe_total,vfe_estado,vfe_entregado,usu_nusuario) VALUES (11292,@@@2013.09.16@@@,590,1,0,@@@G_DIAZ@@@)','',2,'2013-09-16'),(67020,'INSERT INTO gne_vale_ferreteria_mov (vfe_id,pro_codigo_plu,vfm_cantidad,vfm_unitario,vfm_total,vfm_entregado) VALUES (11292,101881,1,590,590,@@@NO@@@)','',2,'2013-09-16'),(67021,'INSERT INTO mae_productos (pro_codigo_plu,pro_codigo_barra,pro_tipo,pro_nombre_producto,pro_nombre_corto,med_id,emb_id,pro_unidades_embalaje,dep_id,lin_id,mar_id,pro_precio_compra_neto,pro_precio_compra_bruto,pro_precio_venta,pro_margen_actual,pro_oferta,pro_fecha_inicio_oferta,pro_fecha_termino_oferta,pro_precio_oferta,pro_stock_minimo,pro_stock_critico,pro_entradas_bodega,pro_salidas_bodega,pro_mermas_bodega,pro_ajustes_bodega,pro_entradas_sv,pro_salidas_sv,pro_mermas_sv,pro_ajustes_sv,pro_activo,rec_numero,pro_unidad,pro_capacidad,pro_consumo_bodega,pro_consumo_sv,pro_estado,pro_funcion_plu,pro_flejes,pro_iva,pro_plu_asociado,pro_envase,pro_duracion,pro_numero_etiqueta) VALUES (780721862,@@@7802408001411@@@,@@@0@@@,@@@CASATA PIÑA FRUNA 2.5L@@@,@@@CASATA PIÑA 2.5L@@@,@@@3 @@@,@@@6 @@@,@@@60@@@,@@@19 @@@,@@@100@@@,@@@2508@@@,@@@0@@@,@@@1134@@@,@@@2290@@@,@@@101.94@@@,@@@@@@,@@@2013.09.16@@@,@@@2013.09.16@@@,@@@0@@@,@@@5@@@,@@@60@@@,@@@0@@@,@@@0@@@,@@@0@@@,@@@0@@@,@@@0@@@,@@@0@@@,@@@0@@@,@@@0@@@,@@@1@@@,@@@0@@@,0,1,0,0,2,0,1,1,0,@@@NO@@@,0,0)','',2,'2013-09-16'),(67022,'DELETE FROM mae_impuestos_productos WHERE pro_codigo_plu=@@@780721862@@@','',2,'2013-09-16'),(67023,'UPDATE mae_productos SET pro_margen_actual=101.94,pro_precio_venta=2290 WHERE pro_codigo_plu=780721862','',2,'2013-09-16'),(67024,'UPDATE mae_productos SET pro_precio_fiscal=pro_precio_venta WHERE pro_codigo_plu=780721862','',2,'2013-09-16'),(67025,'INSERT INTO gne_vale_ferreteria (vfe_id,vfe_fecha,vfe_total,vfe_estado,vfe_entregado,usu_nusuario) VALUES (11293,@@@2013.09.16@@@,2400,1,0,@@@G_DIAZ@@@)','',2,'2013-09-16'),(67026,'INSERT INTO gne_vale_ferreteria_mov (vfe_id,pro_codigo_plu,vfm_cantidad,vfm_unitario,vfm_total,vfm_entregado) VALUES (11293,763479,1,1350,1350,@@@NO@@@)','',2,'2013-09-16'),(67027,'INSERT INTO gne_vale_ferreteria_mov (vfe_id,pro_codigo_plu,vfm_cantidad,vfm_unitario,vfm_total,vfm_entregado) VALUES (11293,78017110,3,150,450,@@@NO@@@)','',2,'2013-09-16'),(67028,'INSERT INTO gne_vale_ferreteria_mov (vfe_id,pro_codigo_plu,vfm_cantidad,vfm_unitario,vfm_total,vfm_entregado) VALUES (11293,770058,3,200,600,@@@NO@@@)','',2,'2013-09-16'),(67029,'INSERT INTO gne_vale_ferreteria (vfe_id,vfe_fecha,vfe_total,vfe_estado,vfe_entregado,usu_nusuario) VALUES (11294,@@@2013.09.16@@@,100,1,0,@@@G_DIAZ@@@)','',2,'2013-09-16'),(67030,'INSERT INTO gne_vale_ferreteria_mov (vfe_id,pro_codigo_plu,vfm_cantidad,vfm_unitario,vfm_total,vfm_entregado) VALUES (11294,1542,1,100,100,@@@NO@@@)','',2,'2013-09-16'),(67031,'INSERT INTO gne_vale_ferreteria (vfe_id,vfe_fecha,vfe_total,vfe_estado,vfe_entregado,usu_nusuario) VALUES (11295,@@@2013.09.16@@@,400,1,0,@@@G_DIAZ@@@)','',2,'2013-09-16'),(67032,'INSERT INTO gne_vale_ferreteria_mov (vfe_id,pro_codigo_plu,vfm_cantidad,vfm_unitario,vfm_total,vfm_entregado) VALUES (11295,4077,2,200,400,@@@NO@@@)','',2,'2013-09-16'),(67033,'INSERT INTO gne_vale_ferreteria (vfe_id,vfe_fecha,vfe_total,vfe_estado,vfe_entregado,usu_nusuario) VALUES (11296,@@@2013.09.16@@@,150,1,0,@@@G_DIAZ@@@)','',2,'2013-09-16'),(67034,'INSERT INTO gne_vale_ferreteria_mov (vfe_id,pro_codigo_plu,vfm_cantidad,vfm_unitario,vfm_total,vfm_entregado) VALUES (11296,4131,1,150,150,@@@NO@@@)','',2,'2013-09-16'),(67035,'INSERT INTO gne_vale_ferreteria (vfe_id,vfe_fecha,vfe_total,vfe_estado,vfe_entregado,usu_nusuario) VALUES (11297,@@@2013.09.16@@@,700,1,0,@@@G_DIAZ@@@)','',2,'2013-09-16'),(67036,'INSERT INTO gne_vale_ferreteria_mov (vfe_id,pro_codigo_plu,vfm_cantidad,vfm_unitario,vfm_total,vfm_entregado) VALUES (11297,780721763,1,500,500,@@@NO@@@)','',2,'2013-09-16'),(67037,'INSERT INTO gne_vale_ferreteria_mov (vfe_id,pro_codigo_plu,vfm_cantidad,vfm_unitario,vfm_total,vfm_entregado) VALUES (11297,765072,1,200,200,@@@NO@@@)','',2,'2013-09-16'),(67038,'INSERT INTO gne_vale_ferreteria (vfe_id,vfe_fecha,vfe_total,vfe_estado,vfe_entregado,usu_nusuario) VALUES (11298,@@@2013.09.16@@@,300,1,0,@@@G_DIAZ@@@)','',2,'2013-09-16'),(67039,'INSERT INTO gne_vale_ferreteria_mov (vfe_id,pro_codigo_plu,vfm_cantidad,vfm_unitario,vfm_total,vfm_entregado) VALUES (11298,4077,1,200,200,@@@NO@@@)','',2,'2013-09-16'),(67040,'INSERT INTO gne_vale_ferreteria_mov (vfe_id,pro_codigo_plu,vfm_cantidad,vfm_unitario,vfm_total,vfm_entregado) VALUES (11298,4130,1,100,100,@@@NO@@@)','',2,'2013-09-16'),(67041,'INSERT INTO gne_vale_ferreteria (vfe_id,vfe_fecha,vfe_total,vfe_estado,vfe_entregado,usu_nusuario) VALUES (11299,@@@2013.09.16@@@,280,1,0,@@@G_DIAZ@@@)','',2,'2013-09-16'),(67042,'INSERT INTO gne_vale_ferreteria_mov (vfe_id,pro_codigo_plu,vfm_cantidad,vfm_unitario,vfm_total,vfm_entregado) VALUES (11299,4080,2,40,80,@@@NO@@@)','',2,'2013-09-16'),(67043,'INSERT INTO gne_vale_ferreteria_mov (vfe_id,pro_codigo_plu,vfm_cantidad,vfm_unitario,vfm_total,vfm_entregado) VALUES (11299,4130,2,100,200,@@@NO@@@)','',2,'2013-09-16'),(67044,'INSERT INTO gne_vale_ferreteria (vfe_id,vfe_fecha,vfe_total,vfe_estado,vfe_entregado,usu_nusuario) VALUES (11300,@@@2013.09.16@@@,1780,1,0,@@@G_DIAZ@@@)','',2,'2013-09-16'),(67045,'INSERT INTO gne_vale_ferreteria_mov (vfe_id,pro_codigo_plu,vfm_cantidad,vfm_unitario,vfm_total,vfm_entregado) VALUES (11300,1539,20,10,200,@@@NO@@@)','',2,'2013-09-16'),(67046,'INSERT INTO gne_vale_ferreteria_mov (vfe_id,pro_codigo_plu,vfm_cantidad,vfm_unitario,vfm_total,vfm_entregado) VALUES (11300,4098,1,590,590,@@@NO@@@)','',2,'2013-09-16'),(67047,'INSERT INTO gne_vale_ferreteria_mov (vfe_id,pro_codigo_plu,vfm_cantidad,vfm_unitario,vfm_total,vfm_entregado) VALUES (11300,780721629,1,990,990,@@@NO@@@)','',2,'2013-09-16'),(67048,'INSERT INTO gne_vale_ferreteria (vfe_id,vfe_fecha,vfe_total,vfe_estado,vfe_entregado,usu_nusuario) VALUES (11301,@@@2013.09.17@@@,30,1,0,@@@M_SANDOVAL@@@)','',2,'2013-09-17'),(67049,'INSERT INTO gne_vale_ferreteria_mov (vfe_id,pro_codigo_plu,vfm_cantidad,vfm_unitario,vfm_total,vfm_entregado) VALUES (11301,4079,1,30,30,@@@NO@@@)','',2,'2013-09-17'),(67050,'INSERT INTO gne_vale_ferreteria (vfe_id,vfe_fecha,vfe_total,vfe_estado,vfe_entregado,usu_nusuario) VALUES (11302,@@@2013.09.17@@@,450,1,0,@@@M_SANDOVAL@@@)','',2,'2013-09-17'),(67051,'INSERT INTO gne_vale_ferreteria_mov (vfe_id,pro_codigo_plu,vfm_cantidad,vfm_unitario,vfm_total,vfm_entregado) VALUES (11302,780721379,1,390,390,@@@NO@@@)','',2,'2013-09-17'),(67052,'INSERT INTO gne_vale_ferreteria_mov (vfe_id,pro_codigo_plu,vfm_cantidad,vfm_unitario,vfm_total,vfm_entregado) VALUES (11302,1544,2,30,60,@@@NO@@@)','',2,'2013-09-17'),(67053,'INSERT INTO gne_vale_ferreteria (vfe_id,vfe_fecha,vfe_total,vfe_estado,vfe_entregado,usu_nusuario) VALUES (11303,@@@2013.09.17@@@,690,1,0,@@@M_SANDOVAL@@@)','',2,'2013-09-17'),(67054,'INSERT INTO gne_vale_ferreteria_mov (vfe_id,pro_codigo_plu,vfm_cantidad,vfm_unitario,vfm_total,vfm_entregado) VALUES (11303,15485,1,690,690,@@@NO@@@)','',2,'2013-09-17'),(67055,'INSERT INTO gne_vale_ferreteria (vfe_id,vfe_fecha,vfe_total,vfe_estado,vfe_entregado,usu_nusuario) VALUES (11304,@@@2013.09.17@@@,999,1,0,@@@M_SANDOVAL@@@)','',2,'2013-09-17'),(67056,'INSERT INTO gne_vale_ferreteria_mov (vfe_id,pro_codigo_plu,vfm_cantidad,vfm_unitario,vfm_total,vfm_entregado) VALUES (11304,763613,1,999,999,@@@NO@@@)','',2,'2013-09-17'),(67057,'INSERT INTO gne_vale_ferreteria (vfe_id,vfe_fecha,vfe_total,vfe_estado,vfe_entregado,usu_nusuario) VALUES (11305,@@@2013.09.17@@@,30,1,0,@@@M_SANDOVAL@@@)','',2,'2013-09-17'),(67058,'INSERT INTO gne_vale_ferreteria_mov (vfe_id,pro_codigo_plu,vfm_cantidad,vfm_unitario,vfm_total,vfm_entregado) VALUES (11305,4079,1,30,30,@@@NO@@@)','',2,'2013-09-17'),(67059,'INSERT INTO gne_vale_ferreteria (vfe_id,vfe_fecha,vfe_total,vfe_estado,vfe_entregado,usu_nusuario) VALUES (11306,@@@2013.09.17@@@,1820,1,0,@@@M_SANDOVAL@@@)','',2,'2013-09-17'),(67060,'INSERT INTO gne_vale_ferreteria_mov (vfe_id,pro_codigo_plu,vfm_cantidad,vfm_unitario,vfm_total,vfm_entregado) VALUES (11306,1556,1,200,200,@@@NO@@@)','',2,'2013-09-17'),(67061,'INSERT INTO gne_vale_ferreteria_mov (vfe_id,pro_codigo_plu,vfm_cantidad,vfm_unitario,vfm_total,vfm_entregado) VALUES (11306,4079,1,30,30,@@@NO@@@)','',2,'2013-09-17'),(67062,'INSERT INTO gne_vale_ferreteria_mov (vfe_id,pro_codigo_plu,vfm_cantidad,vfm_unitario,vfm_total,vfm_entregado) VALUES (11306,2010,1,1590,1590,@@@NO@@@)','',2,'2013-09-17'),(67063,'INSERT INTO gne_vale_ferreteria (vfe_id,vfe_fecha,vfe_total,vfe_estado,vfe_entregado,usu_nusuario) VALUES (11307,@@@2013.09.17@@@,2340,1,0,@@@M_SANDOVAL@@@)','',2,'2013-09-17'),(67064,'INSERT INTO gne_vale_ferreteria_mov (vfe_id,pro_codigo_plu,vfm_cantidad,vfm_unitario,vfm_total,vfm_entregado) VALUES (11307,10989,1,720,720,@@@NO@@@)','',2,'2013-09-17'),(67065,'INSERT INTO gne_vale_ferreteria_mov (vfe_id,pro_codigo_plu,vfm_cantidad,vfm_unitario,vfm_total,vfm_entregado) VALUES (11307,4079,1,30,30,@@@NO@@@)','',2,'2013-09-17'),(67066,'INSERT INTO gne_vale_ferreteria_mov (vfe_id,pro_codigo_plu,vfm_cantidad,vfm_unitario,vfm_total,vfm_entregado) VALUES (11307,2010,1,1590,1590,@@@NO@@@)','',2,'2013-09-17'),(67067,'INSERT INTO gne_vale_ferreteria (vfe_id,vfe_fecha,vfe_total,vfe_estado,vfe_entregado,usu_nusuario) VALUES (11308,@@@2013.09.17@@@,990,1,0,@@@M_SANDOVAL@@@)','',2,'2013-09-17'),(67068,'INSERT INTO gne_vale_ferreteria_mov (vfe_id,pro_codigo_plu,vfm_cantidad,vfm_unitario,vfm_total,vfm_entregado) VALUES (11308,8829,1,720,720,@@@NO@@@)','',2,'2013-09-17'),(67069,'INSERT INTO gne_vale_ferreteria_mov (vfe_id,pro_codigo_plu,vfm_cantidad,vfm_unitario,vfm_total,vfm_entregado) VALUES (11308,9900006,1,150,150,@@@NO@@@)','',2,'2013-09-17'),(67070,'INSERT INTO gne_vale_ferreteria_mov (vfe_id,pro_codigo_plu,vfm_cantidad,vfm_unitario,vfm_total,vfm_entregado) VALUES (11308,1544,4,30,120,@@@NO@@@)','',2,'2013-09-17'),(67071,'INSERT INTO gne_vale_ferreteria (vfe_id,vfe_fecha,vfe_total,vfe_estado,vfe_entregado,usu_nusuario) VALUES (11309,@@@2013.09.17@@@,30,1,0,@@@M_SANDOVAL@@@)','',2,'2013-09-17'),(67072,'INSERT INTO gne_vale_ferreteria_mov (vfe_id,pro_codigo_plu,vfm_cantidad,vfm_unitario,vfm_total,vfm_entregado) VALUES (11309,4079,1,30,30,@@@NO@@@)','',2,'2013-09-17'),(67073,'INSERT INTO gne_vale_ferreteria (vfe_id,vfe_fecha,vfe_total,vfe_estado,vfe_entregado,usu_nusuario) VALUES (11310,@@@2013.09.17@@@,50,1,0,@@@M_SANDOVAL@@@)','',2,'2013-09-17'),(67074,'INSERT INTO gne_vale_ferreteria_mov (vfe_id,pro_codigo_plu,vfm_cantidad,vfm_unitario,vfm_total,vfm_entregado) VALUES (11310,1545,1,50,50,@@@NO@@@)','',2,'2013-09-17'),(67075,'INSERT INTO gne_vale_ferreteria (vfe_id,vfe_fecha,vfe_total,vfe_estado,vfe_entregado,usu_nusuario) VALUES (11311,@@@2013.09.17@@@,500,1,0,@@@M_SANDOVAL@@@)','',2,'2013-09-17'),(67076,'INSERT INTO gne_vale_ferreteria_mov (vfe_id,pro_codigo_plu,vfm_cantidad,vfm_unitario,vfm_total,vfm_entregado) VALUES (11311,763786,2,250,500,@@@NO@@@)','',2,'2013-09-17'),(67077,'INSERT INTO gne_vale_ferreteria (vfe_id,vfe_fecha,vfe_total,vfe_estado,vfe_entregado,usu_nusuario) VALUES (11312,@@@2013.09.17@@@,990,1,0,@@@M_SANDOVAL@@@)','',2,'2013-09-17'),(67078,'INSERT INTO gne_vale_ferreteria_mov (vfe_id,pro_codigo_plu,vfm_cantidad,vfm_unitario,vfm_total,vfm_entregado) VALUES (11312,7652,1,990,990,@@@NO@@@)','',2,'2013-09-17'),(67079,'INSERT INTO gne_vale_ferreteria (vfe_id,vfe_fecha,vfe_total,vfe_estado,vfe_entregado,usu_nusuario) VALUES (11313,@@@2013.09.17@@@,550,1,0,@@@M_SANDOVAL@@@)','',2,'2013-09-17'),(67080,'INSERT INTO gne_vale_ferreteria_mov (vfe_id,pro_codigo_plu,vfm_cantidad,vfm_unitario,vfm_total,vfm_entregado) VALUES (11313,1542,2,100,200,@@@NO@@@)','',2,'2013-09-17'),(67081,'INSERT INTO gne_vale_ferreteria_mov (vfe_id,pro_codigo_plu,vfm_cantidad,vfm_unitario,vfm_total,vfm_entregado) VALUES (11313,9900006,1,150,150,@@@NO@@@)','',2,'2013-09-17'),(67082,'INSERT INTO gne_vale_ferreteria_mov (vfe_id,pro_codigo_plu,vfm_cantidad,vfm_unitario,vfm_total,vfm_entregado) VALUES (11313,1556,1,200,200,@@@NO@@@)','',2,'2013-09-17'),(67083,'INSERT INTO gne_vale_ferreteria (vfe_id,vfe_fecha,vfe_total,vfe_estado,vfe_entregado,usu_nusuario) VALUES (11314,@@@2013.09.17@@@,150,1,0,@@@M_SANDOVAL@@@)','',2,'2013-09-17'),(67084,'INSERT INTO gne_vale_ferreteria_mov (vfe_id,pro_codigo_plu,vfm_cantidad,vfm_unitario,vfm_total,vfm_entregado) VALUES (11314,9900006,1,150,150,@@@NO@@@)','',2,'2013-09-17'),(67085,'INSERT INTO gne_vale_ferreteria (vfe_id,vfe_fecha,vfe_total,vfe_estado,vfe_entregado,usu_nusuario) VALUES (11315,@@@2013.09.17@@@,2490,1,0,@@@M_SANDOVAL@@@)','',2,'2013-09-17'),(67086,'INSERT INTO gne_vale_ferreteria_mov (vfe_id,pro_codigo_plu,vfm_cantidad,vfm_unitario,vfm_total,vfm_entregado) VALUES (11315,780721771,1,2490,2490,@@@NO@@@)','',2,'2013-09-17'),(67087,'INSERT INTO gne_vale_ferreteria (vfe_id,vfe_fecha,vfe_total,vfe_estado,vfe_entregado,usu_nusuario) VALUES (11316,@@@2013.09.17@@@,30,1,0,@@@M_SANDOVAL@@@)','',2,'2013-09-17'),(67088,'INSERT INTO gne_vale_ferreteria_mov (vfe_id,pro_codigo_plu,vfm_cantidad,vfm_unitario,vfm_total,vfm_entregado) VALUES (11316,4079,1,30,30,@@@NO@@@)','',2,'2013-09-17'),(67089,'INSERT INTO gne_vale_ferreteria (vfe_id,vfe_fecha,vfe_total,vfe_estado,vfe_entregado,usu_nusuario) VALUES (11317,@@@2013.09.17@@@,150,1,0,@@@M_SANDOVAL@@@)','',2,'2013-09-17'),(67090,'INSERT INTO gne_vale_ferreteria_mov (vfe_id,pro_codigo_plu,vfm_cantidad,vfm_unitario,vfm_total,vfm_entregado) VALUES (11317,9900006,1,150,150,@@@NO@@@)','',2,'2013-09-17'),(67091,'INSERT INTO gne_vale_ferreteria (vfe_id,vfe_fecha,vfe_total,vfe_estado,vfe_entregado,usu_nusuario) VALUES (11318,@@@2013.09.17@@@,400,1,0,@@@M_SANDOVAL@@@)','',2,'2013-09-17'),(67092,'INSERT INTO gne_vale_ferreteria_mov (vfe_id,pro_codigo_plu,vfm_cantidad,vfm_unitario,vfm_total,vfm_entregado) VALUES (11318,1542,2,100,200,@@@NO@@@)','',2,'2013-09-17'),(67093,'INSERT INTO gne_vale_ferreteria_mov (vfe_id,pro_codigo_plu,vfm_cantidad,vfm_unitario,vfm_total,vfm_entregado) VALUES (11318,1556,1,200,200,@@@NO@@@)','',2,'2013-09-17'),(67094,'INSERT INTO gne_vale_ferreteria (vfe_id,vfe_fecha,vfe_total,vfe_estado,vfe_entregado,usu_nusuario) VALUES (11319,@@@2013.09.17@@@,1890,1,0,@@@M_SANDOVAL@@@)','',2,'2013-09-17'),(67095,'INSERT INTO gne_vale_ferreteria_mov (vfe_id,pro_codigo_plu,vfm_cantidad,vfm_unitario,vfm_total,vfm_entregado) VALUES (11319,101853,1,1890,1890,@@@NO@@@)','',2,'2013-09-17'),(67096,'INSERT INTO gne_vale_ferreteria (vfe_id,vfe_fecha,vfe_total,vfe_estado,vfe_entregado,usu_nusuario) VALUES (11320,@@@2013.09.17@@@,30,1,0,@@@M_SANDOVAL@@@)','',2,'2013-09-17'),(67097,'INSERT INTO gne_vale_ferreteria_mov (vfe_id,pro_codigo_plu,vfm_cantidad,vfm_unitario,vfm_total,vfm_entregado) VALUES (11320,4079,1,30,30,@@@NO@@@)','',2,'2013-09-17'),(67098,'INSERT INTO gne_vale_ferreteria (vfe_id,vfe_fecha,vfe_total,vfe_estado,vfe_entregado,usu_nusuario) VALUES (11321,@@@2013.09.17@@@,30,1,0,@@@M_SANDOVAL@@@)','',2,'2013-09-17'),(67099,'INSERT INTO gne_vale_ferreteria_mov (vfe_id,pro_codigo_plu,vfm_cantidad,vfm_unitario,vfm_total,vfm_entregado) VALUES (11321,4079,1,30,30,@@@NO@@@)','',2,'2013-09-17'),(67100,'INSERT INTO gne_vale_ferreteria (vfe_id,vfe_fecha,vfe_total,vfe_estado,vfe_entregado,usu_nusuario) VALUES (11322,@@@2013.09.17@@@,30,1,0,@@@M_SANDOVAL@@@)','',2,'2013-09-17'),(67101,'INSERT INTO gne_vale_ferreteria_mov (vfe_id,pro_codigo_plu,vfm_cantidad,vfm_unitario,vfm_total,vfm_entregado) VALUES (11322,4079,1,30,30,@@@NO@@@)','',2,'2013-09-17'),(67102,'INSERT INTO gne_vale_ferreteria (vfe_id,vfe_fecha,vfe_total,vfe_estado,vfe_entregado,usu_nusuario) VALUES (11323,@@@2013.09.17@@@,320,1,0,@@@M_SANDOVAL@@@)','',2,'2013-09-17'),(67103,'INSERT INTO gne_vale_ferreteria_mov (vfe_id,pro_codigo_plu,vfm_cantidad,vfm_unitario,vfm_total,vfm_entregado) VALUES (11323,78016972,2,160,320,@@@NO@@@)','',2,'2013-09-17'),(67104,'INSERT INTO gne_vale_ferreteria (vfe_id,vfe_fecha,vfe_total,vfe_estado,vfe_entregado,usu_nusuario) VALUES (11324,@@@2013.09.17@@@,250,1,0,@@@M_SANDOVAL@@@)','',2,'2013-09-17'),(67105,'INSERT INTO gne_vale_ferreteria_mov (vfe_id,pro_codigo_plu,vfm_cantidad,vfm_unitario,vfm_total,vfm_entregado) VALUES (11324,780721493,1,250,250,@@@NO@@@)','',2,'2013-09-17'),(67106,'INSERT INTO gne_vale_ferreteria (vfe_id,vfe_fecha,vfe_total,vfe_estado,vfe_entregado,usu_nusuario) VALUES (11325,@@@2013.09.17@@@,120,1,0,@@@M_SANDOVAL@@@)','',2,'2013-09-17'),(67107,'INSERT INTO gne_vale_ferreteria_mov (vfe_id,pro_codigo_plu,vfm_cantidad,vfm_unitario,vfm_total,vfm_entregado) VALUES (11325,78017001,1,120,120,@@@NO@@@)','',2,'2013-09-17'),(67108,'INSERT INTO gne_vale_ferreteria (vfe_id,vfe_fecha,vfe_total,vfe_estado,vfe_entregado,usu_nusuario) VALUES (11326,@@@2013.09.17@@@,30,1,0,@@@M_SANDOVAL@@@)','',2,'2013-09-17'),(67109,'INSERT INTO gne_vale_ferreteria_mov (vfe_id,pro_codigo_plu,vfm_cantidad,vfm_unitario,vfm_total,vfm_entregado) VALUES (11326,4079,1,30,30,@@@NO@@@)','',2,'2013-09-17'),(67110,'INSERT INTO gne_vale_ferreteria (vfe_id,vfe_fecha,vfe_total,vfe_estado,vfe_entregado,usu_nusuario) VALUES (11327,@@@2013.09.17@@@,1890,1,0,@@@M_SANDOVAL@@@)','',2,'2013-09-17'),(67111,'INSERT INTO gne_vale_ferreteria_mov (vfe_id,pro_codigo_plu,vfm_cantidad,vfm_unitario,vfm_total,vfm_entregado) VALUES (11327,101626,1,1890,1890,@@@NO@@@)','',2,'2013-09-17'),(67112,'INSERT INTO gne_vale_ferreteria (vfe_id,vfe_fecha,vfe_total,vfe_estado,vfe_entregado,usu_nusuario) VALUES (11328,@@@2013.09.17@@@,250,1,0,@@@M_SANDOVAL@@@)','',2,'2013-09-17'),(67113,'INSERT INTO gne_vale_ferreteria_mov (vfe_id,pro_codigo_plu,vfm_cantidad,vfm_unitario,vfm_total,vfm_entregado) VALUES (11328,80091,1,250,250,@@@NO@@@)','',2,'2013-09-17'),(67114,'INSERT INTO gne_vale_ferreteria (vfe_id,vfe_fecha,vfe_total,vfe_estado,vfe_entregado,usu_nusuario) VALUES (11329,@@@2013.09.17@@@,690,1,0,@@@M_SANDOVAL@@@)','',2,'2013-09-17'),(67115,'INSERT INTO gne_vale_ferreteria_mov (vfe_id,pro_codigo_plu,vfm_cantidad,vfm_unitario,vfm_total,vfm_entregado) VALUES (11329,15479,1,690,690,@@@NO@@@)','',2,'2013-09-17'),(67116,'INSERT INTO gne_vale_ferreteria (vfe_id,vfe_fecha,vfe_total,vfe_estado,vfe_entregado,usu_nusuario) VALUES (11330,@@@2013.09.17@@@,450,1,0,@@@M_SANDOVAL@@@)','',2,'2013-09-17'),(67117,'INSERT INTO gne_vale_ferreteria_mov (vfe_id,pro_codigo_plu,vfm_cantidad,vfm_unitario,vfm_total,vfm_entregado) VALUES (11330,4079,2,30,60,@@@NO@@@)','',2,'2013-09-17'),(67118,'INSERT INTO gne_vale_ferreteria_mov (vfe_id,pro_codigo_plu,vfm_cantidad,vfm_unitario,vfm_total,vfm_entregado) VALUES (11330,1543,1,390,390,@@@NO@@@)','',2,'2013-09-17'),(67119,'INSERT INTO gne_vale_ferreteria (vfe_id,vfe_fecha,vfe_total,vfe_estado,vfe_entregado,usu_nusuario) VALUES (11331,@@@2013.09.17@@@,60,1,0,@@@M_SANDOVAL@@@)','',2,'2013-09-17'),(67120,'INSERT INTO gne_vale_ferreteria_mov (vfe_id,pro_codigo_plu,vfm_cantidad,vfm_unitario,vfm_total,vfm_entregado) VALUES (11331,13229,4,15,60,@@@NO@@@)','',2,'2013-09-17'),(67121,'INSERT INTO gne_vale_ferreteria (vfe_id,vfe_fecha,vfe_total,vfe_estado,vfe_entregado,usu_nusuario) VALUES (11332,@@@2013.09.17@@@,290,1,0,@@@M_SANDOVAL@@@)','',2,'2013-09-17'),(67122,'INSERT INTO gne_vale_ferreteria_mov (vfe_id,pro_codigo_plu,vfm_cantidad,vfm_unitario,vfm_total,vfm_entregado) VALUES (11332,780721691,1,290,290,@@@NO@@@)','',2,'2013-09-17'),(67123,'INSERT INTO gne_vale_ferreteria (vfe_id,vfe_fecha,vfe_total,vfe_estado,vfe_entregado,usu_nusuario) VALUES (11333,@@@2013.09.17@@@,100,1,0,@@@M_SANDOVAL@@@)','',2,'2013-09-17'),(67124,'INSERT INTO gne_vale_ferreteria_mov (vfe_id,pro_codigo_plu,vfm_cantidad,vfm_unitario,vfm_total,vfm_entregado) VALUES (11333,1545,2,50,100,@@@NO@@@)','',2,'2013-09-17'),(67125,'INSERT INTO gne_vale_ferreteria (vfe_id,vfe_fecha,vfe_total,vfe_estado,vfe_entregado,usu_nusuario) VALUES (11334,@@@2013.09.17@@@,720,1,0,@@@M_SANDOVAL@@@)','',2,'2013-09-17'),(67126,'INSERT INTO gne_vale_ferreteria_mov (vfe_id,pro_codigo_plu,vfm_cantidad,vfm_unitario,vfm_total,vfm_entregado) VALUES (11334,1079,1,720,720,@@@NO@@@)','',2,'2013-09-17'),(67127,'INSERT INTO gne_vale_ferreteria (vfe_id,vfe_fecha,vfe_total,vfe_estado,vfe_entregado,usu_nusuario) VALUES (11335,@@@2013.09.17@@@,1350,1,0,@@@M_SANDOVAL@@@)','',2,'2013-09-17'),(67128,'INSERT INTO gne_vale_ferreteria_mov (vfe_id,pro_codigo_plu,vfm_cantidad,vfm_unitario,vfm_total,vfm_entregado) VALUES (11335,780721713,3,450,1350,@@@NO@@@)','',2,'2013-09-17'),(67129,'INSERT INTO gne_vale_ferreteria (vfe_id,vfe_fecha,vfe_total,vfe_estado,vfe_entregado,usu_nusuario) VALUES (11336,@@@2013.09.17@@@,150,1,0,@@@M_SANDOVAL@@@)','',2,'2013-09-17'),(67130,'INSERT INTO gne_vale_ferreteria_mov (vfe_id,pro_codigo_plu,vfm_cantidad,vfm_unitario,vfm_total,vfm_entregado) VALUES (11336,9900006,1,150,150,@@@NO@@@)','',2,'2013-09-17'),(67131,'INSERT INTO gne_vale_ferreteria (vfe_id,vfe_fecha,vfe_total,vfe_estado,vfe_entregado,usu_nusuario) VALUES (11337,@@@2013.09.17@@@,450,1,0,@@@M_SANDOVAL@@@)','',2,'2013-09-17'),(67132,'INSERT INTO gne_vale_ferreteria_mov (vfe_id,pro_codigo_plu,vfm_cantidad,vfm_unitario,vfm_total,vfm_entregado) VALUES (11337,4079,1,30,30,@@@NO@@@)','',2,'2013-09-17'),(67133,'INSERT INTO gne_vale_ferreteria_mov (vfe_id,pro_codigo_plu,vfm_cantidad,vfm_unitario,vfm_total,vfm_entregado) VALUES (11337,1543,1,390,390,@@@NO@@@)','',2,'2013-09-17'),(67134,'INSERT INTO gne_vale_ferreteria_mov (vfe_id,pro_codigo_plu,vfm_cantidad,vfm_unitario,vfm_total,vfm_entregado) VALUES (11337,1544,1,30,30,@@@NO@@@)','',2,'2013-09-17'),(67135,'INSERT INTO gne_vale_ferreteria (vfe_id,vfe_fecha,vfe_total,vfe_estado,vfe_entregado,usu_nusuario) VALUES (11338,@@@2013.09.17@@@,1070,1,0,@@@M_SANDOVAL@@@)','',2,'2013-09-17'),(67136,'INSERT INTO gne_vale_ferreteria_mov (vfe_id,pro_codigo_plu,vfm_cantidad,vfm_unitario,vfm_total,vfm_entregado) VALUES (11338,9900006,1,150,150,@@@NO@@@)','',2,'2013-09-17'),(67137,'INSERT INTO gne_vale_ferreteria_mov (vfe_id,pro_codigo_plu,vfm_cantidad,vfm_unitario,vfm_total,vfm_entregado) VALUES (11338,1546,1,200,200,@@@NO@@@)','',2,'2013-09-17'),(67138,'INSERT INTO gne_vale_ferreteria_mov (vfe_id,pro_codigo_plu,vfm_cantidad,vfm_unitario,vfm_total,vfm_entregado) VALUES (11338,8829,1,720,720,@@@NO@@@)','',2,'2013-09-17'),(67139,'INSERT INTO gne_vale_ferreteria (vfe_id,vfe_fecha,vfe_total,vfe_estado,vfe_entregado,usu_nusuario) VALUES (11339,@@@2013.09.17@@@,440,1,0,@@@M_SANDOVAL@@@)','',2,'2013-09-17'),(67140,'INSERT INTO gne_vale_ferreteria_mov (vfe_id,pro_codigo_plu,vfm_cantidad,vfm_unitario,vfm_total,vfm_entregado) VALUES (11339,761330,1,290,290,@@@NO@@@)','',2,'2013-09-17'),(67141,'INSERT INTO gne_vale_ferreteria_mov (vfe_id,pro_codigo_plu,vfm_cantidad,vfm_unitario,vfm_total,vfm_entregado) VALUES (11339,9900006,1,150,150,@@@NO@@@)','',2,'2013-09-17'),(67142,'INSERT INTO gne_vale_ferreteria (vfe_id,vfe_fecha,vfe_total,vfe_estado,vfe_entregado,usu_nusuario) VALUES (11340,@@@2013.09.17@@@,100,1,0,@@@M_SANDOVAL@@@)','',2,'2013-09-17'),(67143,'INSERT INTO gne_vale_ferreteria_mov (vfe_id,pro_codigo_plu,vfm_cantidad,vfm_unitario,vfm_total,vfm_entregado) VALUES (11340,78017146,2,50,100,@@@NO@@@)','',2,'2013-09-17'),(67144,'INSERT INTO gne_vale_ferreteria (vfe_id,vfe_fecha,vfe_total,vfe_estado,vfe_entregado,usu_nusuario) VALUES (11341,@@@2013.09.17@@@,720,1,0,@@@M_SANDOVAL@@@)','',2,'2013-09-17'),(67145,'INSERT INTO gne_vale_ferreteria_mov (vfe_id,pro_codigo_plu,vfm_cantidad,vfm_unitario,vfm_total,vfm_entregado) VALUES (11341,10989,1,720,720,@@@NO@@@)','',2,'2013-09-17'),(67146,'INSERT INTO gne_vale_ferreteria (vfe_id,vfe_fecha,vfe_total,vfe_estado,vfe_entregado,usu_nusuario) VALUES (11342,@@@2013.09.17@@@,50,1,0,@@@M_SANDOVAL@@@)','',2,'2013-09-17'),(67147,'INSERT INTO gne_vale_ferreteria_mov (vfe_id,pro_codigo_plu,vfm_cantidad,vfm_unitario,vfm_total,vfm_entregado) VALUES (11342,1545,1,50,50,@@@NO@@@)','',2,'2013-09-17'),(67148,'INSERT INTO gne_vale_ferreteria (vfe_id,vfe_fecha,vfe_total,vfe_estado,vfe_entregado,usu_nusuario) VALUES (11343,@@@2013.09.17@@@,30,1,0,@@@M_SANDOVAL@@@)','',2,'2013-09-17'),(67149,'INSERT INTO gne_vale_ferreteria_mov (vfe_id,pro_codigo_plu,vfm_cantidad,vfm_unitario,vfm_total,vfm_entregado) VALUES (11343,4079,1,30,30,@@@NO@@@)','',2,'2013-09-17'),(67150,'INSERT INTO gne_vale_ferreteria (vfe_id,vfe_fecha,vfe_total,vfe_estado,vfe_entregado,usu_nusuario) VALUES (11344,@@@2013.09.17@@@,1390,1,0,@@@M_SANDOVAL@@@)','',2,'2013-09-17'),(67151,'INSERT INTO gne_vale_ferreteria_mov (vfe_id,pro_codigo_plu,vfm_cantidad,vfm_unitario,vfm_total,vfm_entregado) VALUES (11344,4117,1,1390,1390,@@@NO@@@)','',2,'2013-09-17'),(67152,'INSERT INTO gne_vale_ferreteria (vfe_id,vfe_fecha,vfe_total,vfe_estado,vfe_entregado,usu_nusuario) VALUES (11345,@@@2013.09.17@@@,390,1,0,@@@M_SANDOVAL@@@)','',2,'2013-09-17'),(67153,'INSERT INTO gne_vale_ferreteria_mov (vfe_id,pro_codigo_plu,vfm_cantidad,vfm_unitario,vfm_total,vfm_entregado) VALUES (11345,15948,3,130,390,@@@NO@@@)','',2,'2013-09-17'),(67154,'UPDATE gpr_pack_virtual SET pav_nombre=@@@PACK PISCO CAMPANARIO SOUR + MANGO 2 X $ 4599@@@,pav_total_pack=4599,pav_total_descuento=899,pav_desde=@@@2013-05-08@@@,pav_hasta=@@@2013-10-30@@@,pav_tipo=@@@PR@@@,pav_precio=0,pav_lleva=0,pav_paga=0,pav_descuento=0,pav_porcentaje=0,pav_oferta_exclusiva=@@@NO@@@,pav_agotar_stock=@@@SI@@@,pav_stock=50,pav_costo=3620.93,pav_margen=27.01 WHERE pav_id=1','',2,'2013-09-17'),(67155,'DELETE FROM gpr_pack_virtual_mov WHERE pav_id=1','',2,'2013-09-17'),(67156,'DELETE FROM gpr_pack_virtual_horario WHERE pav_id=1','',2,'2013-09-17'),(67157,'INSERT INTO gpr_pack_virtual_mov (pav_id,pro_codigo_plu,pvm_precio,pvm_total,pvm_lleva,pvm_paga,pvm_descuento,pvm_porcentaje,pvm_total_normal,pvm_descuento_linea,pvm_costo,pvm_margen) VALUES (1,17630,2499,2499,1,1,0,0,2499,0,1733.94,44.12),(1,17659,2999,2100,1,0.7,0.3,2,2999,899,1886.99,11.29)','',2,'2013-09-17'),(67158,'INSERT INTO gpr_pack_virtual_horario (pav_id,pvh_dia,pvh_hora_desde,pvh_hora_hasta) VALUES (1,99,@@@00:00@@@,@@@23:59@@@)','',2,'2013-09-17'),(67159,'INSERT INTO gne_vale_ferreteria (vfe_id,vfe_fecha,vfe_total,vfe_estado,vfe_entregado,usu_nusuario) VALUES (11346,@@@2013.09.17@@@,15,1,0,@@@M_SANDOVAL@@@)','',2,'2013-09-17'),(67160,'INSERT INTO gne_vale_ferreteria_mov (vfe_id,pro_codigo_plu,vfm_cantidad,vfm_unitario,vfm_total,vfm_entregado) VALUES (11346,13229,1,15,15,@@@NO@@@)','',2,'2013-09-17'),(67161,'UPDATE gpr_pack_virtual SET pav_nombre=@@@PACK YOGHURT NESTLE 10 X $ 1200@@@,pav_total_pack=1200,pav_total_descuento=300,pav_desde=@@@2013-07-08@@@,pav_hasta=@@@2013-09-30@@@,pav_tipo=@@@PR@@@,pav_precio=0,pav_lleva=0,pav_paga=0,pav_descuento=0,pav_porcentaje=0,pav_oferta_exclusiva=@@@NO@@@,pav_agotar_stock=@@@SI@@@,pav_stock=80,pav_costo=1100,pav_margen=9.09 WHERE pav_id=20','',2,'2013-09-17'),(67162,'DELETE FROM gpr_pack_virtual_mov WHERE pav_id=20','',2,'2013-09-17'),(67163,'DELETE FROM gpr_pack_virtual_horario WHERE pav_id=20','',2,'2013-09-17'),(67164,'INSERT INTO gpr_pack_virtual_mov (pav_id,pro_codigo_plu,pvm_precio,pvm_total,pvm_lleva,pvm_paga,pvm_descuento,pvm_porcentaje,pvm_total_normal,pvm_descuento_linea,pvm_costo,pvm_margen) VALUES (20,16605,150,750,6,5,1,0,900,150,110,13.64),(20,16588,150,450,4,3,1,0,600,150,110,2.27)','',2,'2013-09-17'),(67165,'INSERT INTO gpr_pack_virtual_horario (pav_id,pvh_dia,pvh_hora_desde,pvh_hora_hasta) VALUES (20,99,@@@00:00@@@,@@@23:59@@@)','',2,'2013-09-17'),(67166,'UPDATE gpr_pack_virtual SET pav_nombre=@@@PACK YOGHURT NESTLE 10 X $ 1200@@@,pav_total_pack=1200,pav_total_descuento=300,pav_desde=@@@2013-07-08@@@,pav_hasta=@@@2013-10-31@@@,pav_tipo=@@@PR@@@,pav_precio=0,pav_lleva=0,pav_paga=0,pav_descuento=0,pav_porcentaje=0,pav_oferta_exclusiva=@@@NO@@@,pav_agotar_stock=@@@SI@@@,pav_stock=200,pav_costo=1100,pav_margen=9.09 WHERE pav_id=21','',2,'2013-09-17'),(67167,'DELETE FROM gpr_pack_virtual_mov WHERE pav_id=21','',2,'2013-09-17'),(67168,'DELETE FROM gpr_pack_virtual_horario WHERE pav_id=21','',2,'2013-09-17'),(67169,'INSERT INTO gpr_pack_virtual_mov (pav_id,pro_codigo_plu,pvm_precio,pvm_total,pvm_lleva,pvm_paga,pvm_descuento,pvm_porcentaje,pvm_total_normal,pvm_descuento_linea,pvm_costo,pvm_margen) VALUES (21,16605,150,750,6,5,1,0,900,150,110,13.64),(21,16606,150,450,4,3,1,0,600,150,110,2.27)','',2,'2013-09-17'),(67170,'INSERT INTO gpr_pack_virtual_horario (pav_id,pvh_dia,pvh_hora_desde,pvh_hora_hasta) VALUES (21,99,@@@00:00@@@,@@@23:59@@@)','',2,'2013-09-17'),(67171,'UPDATE gpr_pack_virtual SET pav_nombre=@@@PACK PISCO MISTRAL 35° + COCA COLA 1.5@@@,pav_total_pack=4799,pav_total_descuento=200,pav_desde=@@@2013-07-11@@@,pav_hasta=@@@2013-10-30@@@,pav_tipo=@@@PR@@@,pav_precio=0,pav_lleva=0,pav_paga=0,pav_descuento=0,pav_porcentaje=0,pav_oferta_exclusiva=@@@NO@@@,pav_agotar_stock=@@@SI@@@,pav_stock=80,pav_costo=3883.62,pav_margen=23.57 WHERE pav_id=27','',2,'2013-09-17'),(67172,'DELETE FROM gpr_pack_virtual_mov WHERE pav_id=27','',2,'2013-09-17'),(67173,'DELETE FROM gpr_pack_virtual_horario WHERE pav_id=27','',2,'2013-09-17'),(67174,'INSERT INTO gpr_pack_virtual_mov (pav_id,pro_codigo_plu,pvm_precio,pvm_total,pvm_lleva,pvm_paga,pvm_descuento,pvm_porcentaje,pvm_total_normal,pvm_descuento_linea,pvm_costo,pvm_margen) VALUES (27,17641,3999,3999,1,1,0,0,3999,0,3083.62,29.69),(27,17167,1000,800,1,0.8,0.2,0,1000,200,800,0)','',2,'2013-09-17'),(67175,'INSERT INTO gpr_pack_virtual_horario (pav_id,pvh_dia,pvh_hora_desde,pvh_hora_hasta) VALUES (27,99,@@@00:00@@@,@@@23:59@@@)','',2,'2013-09-17'),(67176,'UPDATE gpr_pack_virtual SET pav_nombre=@@@PACK HAMBURGUEZAS SUPER POLLO 10 X $990@@@,pav_total_pack=990,pav_total_descuento=310,pav_desde=@@@2013-07-11@@@,pav_hasta=@@@2013-10-31@@@,pav_tipo=@@@PA@@@,pav_precio=130,pav_lleva=10,pav_paga=7.6,pav_descuento=2.4,pav_porcentaje=1,pav_oferta_exclusiva=@@@NO@@@,pav_agotar_stock=@@@SI@@@,pav_stock=300,pav_costo=749.7,pav_margen=32.05 WHERE pav_id=28','',2,'2013-09-17'),(67177,'DELETE FROM gpr_pack_virtual_mov WHERE pav_id=28','',2,'2013-09-17'),(67178,'DELETE FROM gpr_pack_virtual_horario WHERE pav_id=28','',2,'2013-09-17'),(67179,'INSERT INTO gpr_pack_virtual_mov (pav_id,pro_codigo_plu,pvm_precio,pvm_total,pvm_lleva,pvm_paga,pvm_descuento,pvm_porcentaje,pvm_total_normal,pvm_descuento_linea,pvm_costo,pvm_margen) VALUES (28,19719,130,0,1,1,0,0,130,31,74.97,32.05)','',2,'2013-09-17'),(67180,'INSERT INTO gpr_pack_virtual_horario (pav_id,pvh_dia,pvh_hora_desde,pvh_hora_hasta) VALUES (28,99,@@@00:00@@@,@@@23:59@@@)','',2,'2013-09-17'),(67181,'UPDATE gpr_pack_virtual SET pav_nombre=@@@PACK PEPSI 2 X $ 1199@@@,pav_total_pack=1199,pav_total_descuento=599,pav_desde=@@@2013-07-13@@@,pav_hasta=@@@2013-09-30@@@,pav_tipo=@@@PR@@@,pav_precio=0,pav_lleva=0,pav_paga=0,pav_descuento=0,pav_porcentaje=0,pav_oferta_exclusiva=@@@NO@@@,pav_agotar_stock=@@@SI@@@,pav_stock=40,pav_costo=900.32,pav_margen=33.17 WHERE pav_id=31','',2,'2013-09-17'),(67182,'DELETE FROM gpr_pack_virtual_mov WHERE pav_id=31','',2,'2013-09-17'),(67183,'DELETE FROM gpr_pack_virtual_horario WHERE pav_id=31','',2,'2013-09-17'),(67184,'INSERT INTO gpr_pack_virtual_mov (pav_id,pro_codigo_plu,pvm_precio,pvm_total,pvm_lleva,pvm_paga,pvm_descuento,pvm_porcentaje,pvm_total_normal,pvm_descuento_linea,pvm_costo,pvm_margen) VALUES (31,17269,899,1199,2,1.3,0.7,43,1798,599,450.16,33.17)','',2,'2013-09-17'),(67185,'INSERT INTO gpr_pack_virtual_horario (pav_id,pvh_dia,pvh_hora_desde,pvh_hora_hasta) VALUES (31,99,@@@00:00@@@,@@@23:59@@@)','',2,'2013-09-17'),(67186,'INSERT INTO gne_vale_ferreteria (vfe_id,vfe_fecha,vfe_total,vfe_estado,vfe_entregado,usu_nusuario) VALUES (11347,@@@2013.09.17@@@,1890,1,0,@@@M_SANDOVAL@@@)','',2,'2013-09-17'),(67187,'INSERT INTO gne_vale_ferreteria_mov (vfe_id,pro_codigo_plu,vfm_cantidad,vfm_unitario,vfm_total,vfm_entregado) VALUES (11347,101680,1,1890,1890,@@@NO@@@)','',2,'2013-09-17'),(67188,'UPDATE gpr_pack_virtual SET pav_nombre=@@@PACK PISCO MISTRAL 35° + COCA LIGHT 1,5 LT@@@,pav_total_pack=4799,pav_total_descuento=200,pav_desde=@@@2013-07-15@@@,pav_hasta=@@@2013-09-30@@@,pav_tipo=@@@PR@@@,pav_precio=0,pav_lleva=0,pav_paga=0,pav_descuento=0,pav_porcentaje=0,pav_oferta_exclusiva=@@@NO@@@,pav_agotar_stock=@@@SI@@@,pav_stock=50,pav_costo=3883.62,pav_margen=23.57 WHERE pav_id=36','',2,'2013-09-17'),(67189,'DELETE FROM gpr_pack_virtual_mov WHERE pav_id=36','',2,'2013-09-17'),(67190,'DELETE FROM gpr_pack_virtual_horario WHERE pav_id=36','',2,'2013-09-17'),(67191,'INSERT INTO gpr_pack_virtual_mov (pav_id,pro_codigo_plu,pvm_precio,pvm_total,pvm_lleva,pvm_paga,pvm_descuento,pvm_porcentaje,pvm_total_normal,pvm_descuento_linea,pvm_costo,pvm_margen) VALUES (36,17641,3999,3999,1,1,0,0,3999,0,3083.62,29.69),(36,17166,1000,800,1,0.7999,0.2001,1,1000,200,800,0)','',2,'2013-09-17'),(67192,'INSERT INTO gpr_pack_virtual_horario (pav_id,pvh_dia,pvh_hora_desde,pvh_hora_hasta) VALUES (36,99,@@@00:00@@@,@@@23:59@@@)','',2,'2013-09-17'),(67193,'UPDATE gpr_pack_virtual SET pav_nombre=@@@PACK PISCO MISTRAL 35°+ BEBIDA SPRITE 1.5 LT@@@,pav_total_pack=4799,pav_total_descuento=200,pav_desde=@@@2013-07-15@@@,pav_hasta=@@@2013-09-30@@@,pav_tipo=@@@PR@@@,pav_precio=0,pav_lleva=0,pav_paga=0,pav_descuento=0,pav_porcentaje=0,pav_oferta_exclusiva=@@@NO@@@,pav_agotar_stock=@@@NO@@@,pav_stock=0,pav_costo=3821.38,pav_margen=25.58 WHERE pav_id=37','',2,'2013-09-17'),(67194,'DELETE FROM gpr_pack_virtual_mov WHERE pav_id=37','',2,'2013-09-17'),(67195,'DELETE FROM gpr_pack_virtual_horario WHERE pav_id=37','',2,'2013-09-17'),(67196,'INSERT INTO gpr_pack_virtual_mov (pav_id,pro_codigo_plu,pvm_precio,pvm_total,pvm_lleva,pvm_paga,pvm_descuento,pvm_porcentaje,pvm_total_normal,pvm_descuento_linea,pvm_costo,pvm_margen) VALUES (37,17641,3999,3999,1,1,0,0,3999,0,3083.62,29.69),(37,17319,1000,800,1,0.7999,0.2001,1,1000,200,737.76,8.44)','',2,'2013-09-17'),(67197,'INSERT INTO gpr_pack_virtual_horario (pav_id,pvh_dia,pvh_hora_desde,pvh_hora_hasta) VALUES (37,99,@@@00:00@@@,@@@23:59@@@)','',2,'2013-09-17'),(67198,'INSERT INTO gne_vale_ferreteria (vfe_id,vfe_fecha,vfe_total,vfe_estado,vfe_entregado,usu_nusuario) VALUES (11348,@@@2013.09.17@@@,1890,1,0,@@@M_SANDOVAL@@@)','',2,'2013-09-17'),(67199,'INSERT INTO gne_vale_ferreteria_mov (vfe_id,pro_codigo_plu,vfm_cantidad,vfm_unitario,vfm_total,vfm_entregado) VALUES (11348,101853,1,1890,1890,@@@NO@@@)','',2,'2013-09-17'),(67200,'UPDATE gpr_pack_virtual SET pav_nombre=@@@PACK PISCO MISTRAL 35° + BEBIDA SPRITE ZERO 1@@@,pav_total_pack=4799,pav_total_descuento=200,pav_desde=@@@2013-07-15@@@,pav_hasta=@@@2013-09-30@@@,pav_tipo=@@@PR@@@,pav_precio=0,pav_lleva=0,pav_paga=0,pav_descuento=0,pav_porcentaje=0,pav_oferta_exclusiva=@@@NO@@@,pav_agotar_stock=@@@SI@@@,pav_stock=50,pav_costo=3821.34,pav_margen=25.58 WHERE pav_id=38','',2,'2013-09-17'),(67201,'DELETE FROM gpr_pack_virtual_mov WHERE pav_id=38','',2,'2013-09-17'),(67202,'DELETE FROM gpr_pack_virtual_horario WHERE pav_id=38','',2,'2013-09-17'),(67203,'INSERT INTO gpr_pack_virtual_mov (pav_id,pro_codigo_plu,pvm_precio,pvm_total,pvm_lleva,pvm_paga,pvm_descuento,pvm_porcentaje,pvm_total_normal,pvm_descuento_linea,pvm_costo,pvm_margen) VALUES (38,17641,3999,3999,1,1,0,0,3999,0,3083.62,29.69),(38,17330,1000,800,1,0.7999,0.2001,1,1000,200,737.72,8.44)','',2,'2013-09-17'),(67204,'INSERT INTO gpr_pack_virtual_horario (pav_id,pvh_dia,pvh_hora_desde,pvh_hora_hasta) VALUES (38,99,@@@00:00@@@,@@@23:59@@@)','',2,'2013-09-17'),(67205,'UPDATE gpr_pack_virtual SET pav_nombre=@@@PACK CARBON UNICO 2,5 KL. 2 X $2290@@@,pav_total_pack=2290,pav_total_descuento=290,pav_desde=@@@2013-09-16@@@,pav_hasta=@@@2013-09-30@@@,pav_tipo=@@@PR@@@,pav_precio=0,pav_lleva=0,pav_paga=0,pav_descuento=0,pav_porcentaje=0,pav_oferta_exclusiva=@@@NO@@@,pav_agotar_stock=@@@NO@@@,pav_stock=0,pav_costo=0,pav_margen=0 WHERE pav_id=60','',2,'2013-09-17'),(67206,'DELETE FROM gpr_pack_virtual_mov WHERE pav_id=60','',2,'2013-09-17'),(67207,'DELETE FROM gpr_pack_virtual_horario WHERE pav_id=60','',2,'2013-09-17'),(67208,'INSERT INTO gpr_pack_virtual_mov (pav_id,pro_codigo_plu,pvm_precio,pvm_total,pvm_lleva,pvm_paga,pvm_descuento,pvm_porcentaje,pvm_total_normal,pvm_descuento_linea,pvm_costo,pvm_margen) VALUES (60,765099,1290,2290,2,1.7,0.3,325,2580,290,0,0)','',2,'2013-09-17'),(67209,'INSERT INTO gpr_pack_virtual_horario (pav_id,pvh_dia,pvh_hora_desde,pvh_hora_hasta) VALUES (60,99,@@@00:00@@@,@@@23:59@@@)','',2,'2013-09-17'),(67210,'INSERT INTO gne_vale_ferreteria (vfe_id,vfe_fecha,vfe_total,vfe_estado,vfe_entregado,usu_nusuario) VALUES (11349,@@@2013.09.17@@@,970,1,0,@@@M_SANDOVAL@@@)','',2,'2013-09-17'),(67211,'INSERT INTO gne_vale_ferreteria_mov (vfe_id,pro_codigo_plu,vfm_cantidad,vfm_unitario,vfm_total,vfm_entregado) VALUES (11349,8829,1,720,720,@@@NO@@@)','',2,'2013-09-17'),(67212,'INSERT INTO gne_vale_ferreteria_mov (vfe_id,pro_codigo_plu,vfm_cantidad,vfm_unitario,vfm_total,vfm_entregado) VALUES (11349,9595,1,250,250,@@@NO@@@)','',2,'2013-09-17'),(67213,'INSERT INTO gne_vale_ferreteria (vfe_id,vfe_fecha,vfe_total,vfe_estado,vfe_entregado,usu_nusuario) VALUES (11350,@@@2013.09.17@@@,250,1,0,@@@M_SANDOVAL@@@)','',2,'2013-09-17'),(67214,'INSERT INTO gne_vale_ferreteria_mov (vfe_id,pro_codigo_plu,vfm_cantidad,vfm_unitario,vfm_total,vfm_entregado) VALUES (11350,764583,1,250,250,@@@NO@@@)','',2,'2013-09-17'),(67215,'INSERT INTO gne_vale_ferreteria (vfe_id,vfe_fecha,vfe_total,vfe_estado,vfe_entregado,usu_nusuario) VALUES (11351,@@@2013.09.17@@@,1590,1,0,@@@M_SANDOVAL@@@)','',2,'2013-09-17'),(67216,'INSERT INTO gne_vale_ferreteria_mov (vfe_id,pro_codigo_plu,vfm_cantidad,vfm_unitario,vfm_total,vfm_entregado) VALUES (11351,775010,1,1590,1590,@@@NO@@@)','',2,'2013-09-17'),(67217,'INSERT INTO gne_vale_ferreteria (vfe_id,vfe_fecha,vfe_total,vfe_estado,vfe_entregado,usu_nusuario) VALUES (11352,@@@2013.09.17@@@,300,1,0,@@@M_SANDOVAL@@@)','',2,'2013-09-17'),(67218,'INSERT INTO gne_vale_ferreteria_mov (vfe_id,pro_codigo_plu,vfm_cantidad,vfm_unitario,vfm_total,vfm_entregado) VALUES (11352,764832,2,150,300,@@@NO@@@)','',2,'2013-09-17'),(67219,'INSERT INTO gne_vale_ferreteria (vfe_id,vfe_fecha,vfe_total,vfe_estado,vfe_entregado,usu_nusuario) VALUES (11353,@@@2013.09.17@@@,40,1,0,@@@M_SANDOVAL@@@)','',2,'2013-09-17'),(67220,'INSERT INTO gne_vale_ferreteria_mov (vfe_id,pro_codigo_plu,vfm_cantidad,vfm_unitario,vfm_total,vfm_entregado) VALUES (11353,780721717,2,20,40,@@@NO@@@)','',2,'2013-09-17'),(67221,'INSERT INTO gne_vale_ferreteria (vfe_id,vfe_fecha,vfe_total,vfe_estado,vfe_entregado,usu_nusuario) VALUES (11354,@@@2013.09.17@@@,100,1,0,@@@M_SANDOVAL@@@)','',2,'2013-09-17'),(67222,'INSERT INTO gne_vale_ferreteria_mov (vfe_id,pro_codigo_plu,vfm_cantidad,vfm_unitario,vfm_total,vfm_entregado) VALUES (11354,4078,1,100,100,@@@NO@@@)','',2,'2013-09-17'),(67223,'INSERT INTO gne_vale_ferreteria (vfe_id,vfe_fecha,vfe_total,vfe_estado,vfe_entregado,usu_nusuario) VALUES (11355,@@@2013.09.17@@@,150,1,0,@@@M_SANDOVAL@@@)','',2,'2013-09-17'),(67224,'INSERT INTO gne_vale_ferreteria_mov (vfe_id,pro_codigo_plu,vfm_cantidad,vfm_unitario,vfm_total,vfm_entregado) VALUES (11355,4131,1,150,150,@@@NO@@@)','',2,'2013-09-17'),(67225,'INSERT INTO gne_vale_ferreteria (vfe_id,vfe_fecha,vfe_total,vfe_estado,vfe_entregado,usu_nusuario) VALUES (11356,@@@2013.09.17@@@,100,1,0,@@@M_SANDOVAL@@@)','',2,'2013-09-17'),(67226,'INSERT INTO gne_vale_ferreteria_mov (vfe_id,pro_codigo_plu,vfm_cantidad,vfm_unitario,vfm_total,vfm_entregado) VALUES (11356,4078,1,100,100,@@@NO@@@)','',2,'2013-09-17'),(67227,'INSERT INTO gne_vale_ferreteria (vfe_id,vfe_fecha,vfe_total,vfe_estado,vfe_entregado,usu_nusuario) VALUES (11357,@@@2013.09.17@@@,1100,1,0,@@@M_SANDOVAL@@@)','',2,'2013-09-17'),(67228,'INSERT INTO gne_vale_ferreteria_mov (vfe_id,pro_codigo_plu,vfm_cantidad,vfm_unitario,vfm_total,vfm_entregado) VALUES (11357,15949,2,550,1100,@@@NO@@@)','',2,'2013-09-17'),(67229,'INSERT INTO gne_vale_ferreteria (vfe_id,vfe_fecha,vfe_total,vfe_estado,vfe_entregado,usu_nusuario) VALUES (11358,@@@2013.09.17@@@,1190,1,0,@@@M_SANDOVAL@@@)','',2,'2013-09-17'),(67230,'INSERT INTO gne_vale_ferreteria_mov (vfe_id,pro_codigo_plu,vfm_cantidad,vfm_unitario,vfm_total,vfm_entregado) VALUES (11358,764610,1,1190,1190,@@@NO@@@)','',2,'2013-09-17'),(67231,'INSERT INTO gne_vale_ferreteria (vfe_id,vfe_fecha,vfe_total,vfe_estado,vfe_entregado,usu_nusuario) VALUES (11359,@@@2013.09.17@@@,490,1,0,@@@M_SANDOVAL@@@)','',2,'2013-09-17'),(67232,'INSERT INTO gne_vale_ferreteria_mov (vfe_id,pro_codigo_plu,vfm_cantidad,vfm_unitario,vfm_total,vfm_entregado) VALUES (11359,20756,1,490,490,@@@NO@@@)','',2,'2013-09-17'),(67233,'INSERT INTO gne_vale_ferreteria (vfe_id,vfe_fecha,vfe_total,vfe_estado,vfe_entregado,usu_nusuario) VALUES (11360,@@@2013.09.17@@@,1970,1,0,@@@M_SANDOVAL@@@)','',2,'2013-09-17'),(67234,'INSERT INTO gne_vale_ferreteria_mov (vfe_id,pro_codigo_plu,vfm_cantidad,vfm_unitario,vfm_total,vfm_entregado) VALUES (11360,780721827,1,1390,1390,@@@NO@@@)','',2,'2013-09-17'),(67235,'INSERT INTO gne_vale_ferreteria_mov (vfe_id,pro_codigo_plu,vfm_cantidad,vfm_unitario,vfm_total,vfm_entregado) VALUES (11360,1559,2,290,580,@@@NO@@@)','',2,'2013-09-17'),(67236,'INSERT INTO gne_vale_ferreteria (vfe_id,vfe_fecha,vfe_total,vfe_estado,vfe_entregado,usu_nusuario) VALUES (11361,@@@2013.09.17@@@,150,1,0,@@@M_SANDOVAL@@@)','',2,'2013-09-17'),(67237,'INSERT INTO gne_vale_ferreteria_mov (vfe_id,pro_codigo_plu,vfm_cantidad,vfm_unitario,vfm_total,vfm_entregado) VALUES (11361,78017110,1,150,150,@@@NO@@@)','',2,'2013-09-17'),(67238,'INSERT INTO gne_vale_ferreteria (vfe_id,vfe_fecha,vfe_total,vfe_estado,vfe_entregado,usu_nusuario) VALUES (11362,@@@2013.09.17@@@,2990,1,0,@@@M_SANDOVAL@@@)','',2,'2013-09-17'),(67239,'INSERT INTO gne_vale_ferreteria_mov (vfe_id,pro_codigo_plu,vfm_cantidad,vfm_unitario,vfm_total,vfm_entregado) VALUES (11362,764528,1,2990,2990,@@@NO@@@)','',2,'2013-09-17'),(67240,'INSERT INTO gne_vale_ferreteria (vfe_id,vfe_fecha,vfe_total,vfe_estado,vfe_entregado,usu_nusuario) VALUES (11363,@@@2013.09.17@@@,990,1,0,@@@M_SANDOVAL@@@)','',2,'2013-09-17'),(67241,'INSERT INTO gne_vale_ferreteria_mov (vfe_id,pro_codigo_plu,vfm_cantidad,vfm_unitario,vfm_total,vfm_entregado) VALUES (11363,780721136,1,990,990,@@@NO@@@)','',2,'2013-09-17'),(67242,'INSERT INTO gne_vale_ferreteria (vfe_id,vfe_fecha,vfe_total,vfe_estado,vfe_entregado,usu_nusuario) VALUES (11364,@@@2013.09.17@@@,150,1,0,@@@M_SANDOVAL@@@)','',2,'2013-09-17'),(67243,'INSERT INTO gne_vale_ferreteria_mov (vfe_id,pro_codigo_plu,vfm_cantidad,vfm_unitario,vfm_total,vfm_entregado) VALUES (11364,7500886,1,150,150,@@@NO@@@)','',2,'2013-09-17'),(67244,'INSERT INTO gne_vale_ferreteria (vfe_id,vfe_fecha,vfe_total,vfe_estado,vfe_entregado,usu_nusuario) VALUES (11365,@@@2013.09.17@@@,540,1,0,@@@M_SANDOVAL@@@)','',2,'2013-09-17'),(67245,'INSERT INTO gne_vale_ferreteria_mov (vfe_id,pro_codigo_plu,vfm_cantidad,vfm_unitario,vfm_total,vfm_entregado) VALUES (11365,19916,1,540,540,@@@NO@@@)','',2,'2013-09-17'),(67246,'INSERT INTO gne_vale_ferreteria (vfe_id,vfe_fecha,vfe_total,vfe_estado,vfe_entregado,usu_nusuario) VALUES (11366,@@@2013.09.17@@@,990,1,0,@@@M_SANDOVAL@@@)','',2,'2013-09-17'),(67247,'INSERT INTO gne_vale_ferreteria_mov (vfe_id,pro_codigo_plu,vfm_cantidad,vfm_unitario,vfm_total,vfm_entregado) VALUES (11366,780721629,1,990,990,@@@NO@@@)','',2,'2013-09-17'),(67248,'INSERT INTO gne_vale_ferreteria (vfe_id,vfe_fecha,vfe_total,vfe_estado,vfe_entregado,usu_nusuario) VALUES (11367,@@@2013.09.17@@@,1070,1,0,@@@M_SANDOVAL@@@)','',2,'2013-09-17'),(67249,'INSERT INTO gne_vale_ferreteria_mov (vfe_id,pro_codigo_plu,vfm_cantidad,vfm_unitario,vfm_total,vfm_entregado) VALUES (11367,780721629,1,990,990,@@@NO@@@)','',2,'2013-09-17'),(67250,'INSERT INTO gne_vale_ferreteria_mov (vfe_id,pro_codigo_plu,vfm_cantidad,vfm_unitario,vfm_total,vfm_entregado) VALUES (11367,770001,1,80,80,@@@NO@@@)','',2,'2013-09-17'),(67251,'INSERT INTO gne_vale_ferreteria (vfe_id,vfe_fecha,vfe_total,vfe_estado,vfe_entregado,usu_nusuario) VALUES (11368,@@@2013.09.17@@@,399,1,0,@@@M_SANDOVAL@@@)','',2,'2013-09-17'),(67252,'INSERT INTO gne_vale_ferreteria_mov (vfe_id,pro_codigo_plu,vfm_cantidad,vfm_unitario,vfm_total,vfm_entregado) VALUES (11368,763721,1,399,399,@@@NO@@@)','',2,'2013-09-17'),(67253,'INSERT INTO gne_vale_ferreteria (vfe_id,vfe_fecha,vfe_total,vfe_estado,vfe_entregado,usu_nusuario) VALUES (11369,@@@2013.09.17@@@,850,1,0,@@@M_SANDOVAL@@@)','',2,'2013-09-17'),(67254,'INSERT INTO gne_vale_ferreteria_mov (vfe_id,pro_codigo_plu,vfm_cantidad,vfm_unitario,vfm_total,vfm_entregado) VALUES (11369,780721425,1,850,850,@@@NO@@@)','',2,'2013-09-17'),(67255,'INSERT INTO gne_vale_ferreteria (vfe_id,vfe_fecha,vfe_total,vfe_estado,vfe_entregado,usu_nusuario) VALUES (11370,@@@2013.09.17@@@,2190,1,0,@@@M_SANDOVAL@@@)','',2,'2013-09-17'),(67256,'INSERT INTO gne_vale_ferreteria_mov (vfe_id,pro_codigo_plu,vfm_cantidad,vfm_unitario,vfm_total,vfm_entregado) VALUES (11370,100983,1,2190,2190,@@@NO@@@)','',2,'2013-09-17'),(67257,'UPDATE mae_productos SET pro_precio_compra_bruto=313.86,pro_margen_actual=(pro_precio_venta-313.86)/313.86 * 100,pro_ultima_compra=@@@2013.09.17@@@,pro_ultimo_proveedor=@@@90703000-8@@@ WHERE pro_codigo_plu=762721','',2,'2013-09-17'),(67258,'UPDATE mae_productos SET pro_precio_compra_bruto=124.35,pro_margen_actual=(pro_precio_venta-124.35)/124.35 * 100,pro_ultima_compra=@@@2013.09.17@@@,pro_ultimo_proveedor=@@@90703000-8@@@ WHERE pro_codigo_plu=16606','',2,'2013-09-17'),(67259,'UPDATE mae_productos SET pro_precio_compra_bruto=246.44,pro_margen_actual=(pro_precio_venta-246.44)/246.44 * 100,pro_ultima_compra=@@@2013.09.17@@@,pro_ultimo_proveedor=@@@90703000-8@@@ WHERE pro_codigo_plu=78017065','',2,'2013-09-17'),(67260,'UPDATE mae_productos SET pro_precio_compra_bruto=246.44,pro_margen_actual=(pro_precio_venta-246.44)/246.44 * 100,pro_ultima_compra=@@@2013.09.17@@@,pro_ultimo_proveedor=@@@90703000-8@@@ WHERE pro_codigo_plu=780721226','',2,'2013-09-17'),(67261,'UPDATE mae_productos SET pro_precio_compra_bruto=229.19,pro_margen_actual=(pro_precio_venta-229.19)/229.19 * 100,pro_ultima_compra=@@@2013.09.17@@@,pro_ultimo_proveedor=@@@90703000-8@@@ WHERE pro_codigo_plu=17040','',2,'2013-09-17'),(67262,'UPDATE mae_productos SET pro_precio_compra_bruto=229.19,pro_margen_actual=(pro_precio_venta-229.19)/229.19 * 100,pro_ultima_compra=@@@2013.09.17@@@,pro_ultimo_proveedor=@@@90703000-8@@@ WHERE pro_codigo_plu=17037','',2,'2013-09-17'),(67263,'UPDATE mae_productos SET pro_precio_compra_bruto=150.89,pro_margen_actual=(pro_precio_venta-150.89)/150.89 * 100,pro_ultima_compra=@@@2013.09.17@@@,pro_ultimo_proveedor=@@@90703000-8@@@ WHERE pro_codigo_plu=12141','',2,'2013-09-17'),(67264,'UPDATE mae_productos SET pro_precio_compra_bruto=150.89,pro_margen_actual=(pro_precio_venta-150.89)/150.89 * 100,pro_ultima_compra=@@@2013.09.17@@@,pro_ultimo_proveedor=@@@90703000-8@@@ WHERE pro_codigo_plu=12140','',2,'2013-09-17'),(67265,'UPDATE mae_productos SET pro_precio_venta=210,pro_margen_actual= 39.17 WHERE pro_codigo_plu=12140','',2,'2013-09-17'),(67266,'UPDATE mae_productos SET pro_precio_venta=210,pro_margen_actual= 39.17 WHERE pro_codigo_plu=12141','',2,'2013-09-17'),(67267,'UPDATE mae_productos SET pro_precio_fiscal=pro_precio_venta WHERE pro_codigo_plu=12140','',2,'2013-09-17'),(67268,'UPDATE mae_productos SET pro_precio_fiscal=pro_precio_venta WHERE pro_codigo_plu=12141','',2,'2013-09-17'),(67269,'INSERT INTO gne_vale_ferreteria (vfe_id,vfe_fecha,vfe_total,vfe_estado,vfe_entregado,usu_nusuario) VALUES (11371,@@@2013.09.17@@@,1890,1,0,@@@M_SANDOVAL@@@)','',2,'2013-09-17'),(67270,'INSERT INTO gne_vale_ferreteria_mov (vfe_id,pro_codigo_plu,vfm_cantidad,vfm_unitario,vfm_total,vfm_entregado) VALUES (11371,101624,1,1890,1890,@@@NO@@@)','',2,'2013-09-17'),(67271,'INSERT INTO gne_vale_ferreteria (vfe_id,vfe_fecha,vfe_total,vfe_estado,vfe_entregado,usu_nusuario) VALUES (11372,@@@2013.09.17@@@,780,1,0,@@@M_SANDOVAL@@@)','',2,'2013-09-17'),(67272,'INSERT INTO gne_vale_ferreteria_mov (vfe_id,pro_codigo_plu,vfm_cantidad,vfm_unitario,vfm_total,vfm_entregado) VALUES (11372,780721379,1,390,390,@@@NO@@@)','',2,'2013-09-17'),(67273,'INSERT INTO gne_vale_ferreteria_mov (vfe_id,pro_codigo_plu,vfm_cantidad,vfm_unitario,vfm_total,vfm_entregado) VALUES (11372,780721420,1,390,390,@@@NO@@@)','',2,'2013-09-17'),(67274,'INSERT INTO gne_vale_ferreteria (vfe_id,vfe_fecha,vfe_total,vfe_estado,vfe_entregado,usu_nusuario) VALUES (11373,@@@2013.09.17@@@,1440,1,0,@@@M_SANDOVAL@@@)','',2,'2013-09-17'),(67275,'INSERT INTO gne_vale_ferreteria_mov (vfe_id,pro_codigo_plu,vfm_cantidad,vfm_unitario,vfm_total,vfm_entregado) VALUES (11373,10720,2,720,1440,@@@NO@@@)','',2,'2013-09-17'),(67276,'INSERT INTO gne_vale_ferreteria (vfe_id,vfe_fecha,vfe_total,vfe_estado,vfe_entregado,usu_nusuario) VALUES (11374,@@@2013.09.17@@@,1440,1,0,@@@M_SANDOVAL@@@)','',2,'2013-09-17'),(67277,'INSERT INTO gne_vale_ferreteria_mov (vfe_id,pro_codigo_plu,vfm_cantidad,vfm_unitario,vfm_total,vfm_entregado) VALUES (11374,10720,2,720,1440,@@@NO@@@)','',2,'2013-09-17'),(67278,'INSERT INTO gne_vale_ferreteria (vfe_id,vfe_fecha,vfe_total,vfe_estado,vfe_entregado,usu_nusuario) VALUES (11375,@@@2013.09.17@@@,1440,1,0,@@@M_SANDOVAL@@@)','',2,'2013-09-17'),(67279,'INSERT INTO gne_vale_ferreteria_mov (vfe_id,pro_codigo_plu,vfm_cantidad,vfm_unitario,vfm_total,vfm_entregado) VALUES (11375,10720,2,720,1440,@@@NO@@@)','',2,'2013-09-17'),(67280,'INSERT INTO gne_vale_ferreteria (vfe_id,vfe_fecha,vfe_total,vfe_estado,vfe_entregado,usu_nusuario) VALUES (11376,@@@2013.09.17@@@,200,1,0,@@@M_SANDOVAL@@@)','',2,'2013-09-17'),(67281,'INSERT INTO gne_vale_ferreteria_mov (vfe_id,pro_codigo_plu,vfm_cantidad,vfm_unitario,vfm_total,vfm_entregado) VALUES (11376,20366,1,100,100,@@@NO@@@)','',2,'2013-09-17'),(67282,'INSERT INTO gne_vale_ferreteria_mov (vfe_id,pro_codigo_plu,vfm_cantidad,vfm_unitario,vfm_total,vfm_entregado) VALUES (11376,20368,1,100,100,@@@NO@@@)','',2,'2013-09-17'),(67283,'INSERT INTO gne_vale_ferreteria (vfe_id,vfe_fecha,vfe_total,vfe_estado,vfe_entregado,usu_nusuario) VALUES (11377,@@@2013.09.17@@@,300,1,0,@@@M_SANDOVAL@@@)','',2,'2013-09-17'),(67284,'INSERT INTO gne_vale_ferreteria_mov (vfe_id,pro_codigo_plu,vfm_cantidad,vfm_unitario,vfm_total,vfm_entregado) VALUES (11377,7500876,1,300,300,@@@NO@@@)','',2,'2013-09-17'),(67285,'INSERT INTO gne_vale_ferreteria (vfe_id,vfe_fecha,vfe_total,vfe_estado,vfe_entregado,usu_nusuario) VALUES (11378,@@@2013.09.17@@@,850,1,0,@@@M_SANDOVAL@@@)','',2,'2013-09-17'),(67286,'INSERT INTO gne_vale_ferreteria_mov (vfe_id,pro_codigo_plu,vfm_cantidad,vfm_unitario,vfm_total,vfm_entregado) VALUES (11378,780721425,1,850,850,@@@NO@@@)','',2,'2013-09-17'),(67287,'UPDATE mae_productos SET pro_precio_compra_bruto=4581.5,pro_margen_actual=(pro_precio_venta-4581.5)/4581.5 * 100,pro_ultima_compra=@@@2013.09.17@@@,pro_ultimo_proveedor=@@@79953750-8@@@ WHERE pro_codigo_plu=365','',2,'2013-09-17'),(67288,'UPDATE mae_productos SET pro_precio_compra_bruto=2200.5,pro_margen_actual=(pro_precio_venta-2200.5)/2200.5 * 100,pro_ultima_compra=@@@2013.09.17@@@,pro_ultimo_proveedor=@@@79953750-8@@@ WHERE pro_codigo_plu=368','',2,'2013-09-17'),(67289,'UPDATE mae_productos SET pro_precio_compra_bruto=3736,pro_margen_actual=(pro_precio_venta-3736)/3736 * 100,pro_ultima_compra=@@@2013.09.17@@@,pro_ultimo_proveedor=@@@79953750-8@@@ WHERE pro_codigo_plu=391','',2,'2013-09-17'),(67290,'UPDATE mae_productos SET pro_precio_compra_bruto=3689,pro_margen_actual=(pro_precio_venta-3689)/3689 * 100,pro_ultima_compra=@@@2013.09.17@@@,pro_ultimo_proveedor=@@@79953750-8@@@ WHERE pro_codigo_plu=211','',2,'2013-09-17'),(67291,'UPDATE mae_productos SET pro_precio_compra_bruto=3379,pro_margen_actual=(pro_precio_venta-3379)/3379 * 100,pro_ultima_compra=@@@2013.09.17@@@,pro_ultimo_proveedor=@@@79953750-8@@@ WHERE pro_codigo_plu=362','',2,'2013-09-17'),(67292,'UPDATE mae_productos SET pro_precio_venta=5100,pro_margen_actual= 50.93 WHERE pro_codigo_plu=362','',2,'2013-09-17'),(67293,'UPDATE mae_productos SET pro_precio_venta=3300,pro_margen_actual= 49.97 WHERE pro_codigo_plu=368','',2,'2013-09-17'),(67294,'UPDATE mae_productos SET pro_precio_venta=5590,pro_margen_actual= 49.63 WHERE pro_codigo_plu=391','',2,'2013-09-17'),(67295,'UPDATE mae_productos SET pro_precio_fiscal=pro_precio_venta WHERE pro_codigo_plu=362','',2,'2013-09-17'),(67296,'UPDATE mae_productos SET pro_precio_fiscal=pro_precio_venta WHERE pro_codigo_plu=368','',2,'2013-09-17'),(67297,'UPDATE mae_productos SET pro_precio_fiscal=pro_precio_venta WHERE pro_codigo_plu=391','',2,'2013-09-17'),(67298,'UPDATE mae_productos SET pro_codigo_barra=@@@362@@@,pro_tipo=@@@0@@@,pro_nombre_producto=@@@MORTADELA JAMONADA FANDA@@@,pro_nombre_corto=@@@MORTADELA JAMONA@@@,med_id=@@@1@@@,emb_id=@@@1@@@,pro_unidades_embalaje=@@@1@@@,dep_id=@@@12 @@@,lin_id=@@@71@@@,mar_id=@@@2507@@@,pro_precio_compra_neto=@@@0@@@,pro_precio_compra_bruto=@@@3379@@@,pro_precio_venta=@@@5100@@@,pro_margen_actual=@@@50.93@@@,pro_oferta=@@@NO@@@,pro_fecha_inicio_oferta=@@@1900.01.01@@@,pro_fecha_termino_oferta=@@@1900.01.01@@@,pro_precio_oferta=@@@0@@@,pro_stock_minimo=@@@1@@@,pro_stock_critico=@@@1@@@,pro_activo=@@@1@@@,pro_unidad=@@@1@@@,pro_precio_compra_bruto=3379,pro_margen_actual=50.93,pro_capacidad=1,pro_funcion_plu=1,pro_flejes=0,pro_iva=1,pro_plu_asociado=0,pro_envase=@@@NO@@@,pro_duracion=0,pro_numero_etiqueta=1 WHERE pro_codigo_plu=@@@362@@@','',2,'2013-09-17'),(67299,'UPDATE mae_productos SET pro_estado=1 WHERE pro_codigo_plu=362','',2,'2013-09-17'),(67300,'DELETE FROM mae_impuestos_productos WHERE pro_codigo_plu=@@@362@@@','',2,'2013-09-17'),(67301,'UPDATE mae_productos SET pro_codigo_barra=@@@368@@@,pro_tipo=@@@0@@@,pro_nombre_producto=@@@MORTADELA LISA FANDA@@@,pro_nombre_corto=@@@MORTADELA LISA@@@,med_id=@@@1@@@,emb_id=@@@1@@@,pro_unidades_embalaje=@@@1@@@,dep_id=@@@12 @@@,lin_id=@@@71@@@,mar_id=@@@2507@@@,pro_precio_compra_neto=@@@0@@@,pro_precio_compra_bruto=@@@2200.5@@@,pro_precio_venta=@@@3300@@@,pro_margen_actual=@@@49.97@@@,pro_oferta=@@@NO@@@,pro_fecha_inicio_oferta=@@@1900.01.01@@@,pro_fecha_termino_oferta=@@@1900.01.01@@@,pro_precio_oferta=@@@0@@@,pro_stock_minimo=@@@1@@@,pro_stock_critico=@@@1@@@,pro_activo=@@@1@@@,pro_unidad=@@@1@@@,pro_precio_compra_bruto=2200.5,pro_margen_actual=49.97,pro_capacidad=1,pro_funcion_plu=1,pro_flejes=0,pro_iva=1,pro_plu_asociado=0,pro_envase=@@@NO@@@,pro_duracion=0,pro_numero_etiqueta=1 WHERE pro_codigo_plu=@@@368@@@','',2,'2013-09-17'),(67302,'UPDATE mae_productos SET pro_estado=1 WHERE pro_codigo_plu=368','',2,'2013-09-17'),(67303,'DELETE FROM mae_impuestos_productos WHERE pro_codigo_plu=@@@368@@@','',2,'2013-09-17'),(67304,'UPDATE mae_productos SET pro_codigo_barra=@@@391@@@,pro_tipo=@@@0@@@,pro_nombre_producto=@@@SALCH CERVEZA FANDA@@@,pro_nombre_corto=@@@SALCH CERVEZA@@@,med_id=@@@1@@@,emb_id=@@@1@@@,pro_unidades_embalaje=@@@1@@@,dep_id=@@@12 @@@,lin_id=@@@71@@@,mar_id=@@@2507@@@,pro_precio_compra_neto=@@@0@@@,pro_precio_compra_bruto=@@@3736@@@,pro_precio_venta=@@@5590@@@,pro_margen_actual=@@@49.63@@@,pro_oferta=@@@NO@@@,pro_fecha_inicio_oferta=@@@1900.01.01@@@,pro_fecha_termino_oferta=@@@1900.01.01@@@,pro_precio_oferta=@@@0@@@,pro_stock_minimo=@@@1@@@,pro_stock_critico=@@@1@@@,pro_activo=@@@1@@@,pro_unidad=@@@1@@@,pro_precio_compra_bruto=3736,pro_margen_actual=49.63,pro_capacidad=1,pro_funcion_plu=1,pro_flejes=0,pro_iva=1,pro_plu_asociado=0,pro_envase=@@@NO@@@,pro_duracion=0,pro_numero_etiqueta=1 WHERE pro_codigo_plu=@@@391@@@','',2,'2013-09-17'),(67305,'UPDATE mae_productos SET pro_estado=1 WHERE pro_codigo_plu=391','',2,'2013-09-17'),(67306,'DELETE FROM mae_impuestos_productos WHERE pro_codigo_plu=@@@391@@@','',2,'2013-09-17'),(67307,'INSERT INTO gne_vale_ferreteria (vfe_id,vfe_fecha,vfe_total,vfe_estado,vfe_entregado,usu_nusuario) VALUES (11379,@@@2013.09.17@@@,1890,1,0,@@@M_SANDOVAL@@@)','',2,'2013-09-17'),(67308,'INSERT INTO gne_vale_ferreteria_mov (vfe_id,pro_codigo_plu,vfm_cantidad,vfm_unitario,vfm_total,vfm_entregado) VALUES (11379,101627,1,1890,1890,@@@NO@@@)','',2,'2013-09-17'),(67309,'INSERT INTO gne_vale_ferreteria (vfe_id,vfe_fecha,vfe_total,vfe_estado,vfe_entregado,usu_nusuario) VALUES (11380,@@@2013.09.17@@@,1790,1,0,@@@M_SANDOVAL@@@)','',2,'2013-09-17'),(67310,'INSERT INTO gne_vale_ferreteria_mov (vfe_id,pro_codigo_plu,vfm_cantidad,vfm_unitario,vfm_total,vfm_entregado) VALUES (11380,763697,1,1790,1790,@@@NO@@@)','',2,'2013-09-17'),(67311,'INSERT INTO gne_vale_ferreteria (vfe_id,vfe_fecha,vfe_total,vfe_estado,vfe_entregado,usu_nusuario) VALUES (11381,@@@2013.09.17@@@,1550,1,0,@@@M_SANDOVAL@@@)','',2,'2013-09-17'),(67312,'INSERT INTO gne_vale_ferreteria_mov (vfe_id,pro_codigo_plu,vfm_cantidad,vfm_unitario,vfm_total,vfm_entregado) VALUES (11381,780721742,1,1550,1550,@@@NO@@@)','',2,'2013-09-17'),(67313,'INSERT INTO gne_vale_ferreteria (vfe_id,vfe_fecha,vfe_total,vfe_estado,vfe_entregado,usu_nusuario) VALUES (11382,@@@2013.09.17@@@,1390,1,0,@@@M_SANDOVAL@@@)','',2,'2013-09-17'),(67314,'INSERT INTO gne_vale_ferreteria_mov (vfe_id,pro_codigo_plu,vfm_cantidad,vfm_unitario,vfm_total,vfm_entregado) VALUES (11382,764615,1,1390,1390,@@@NO@@@)','',2,'2013-09-17'),(67315,'INSERT INTO gne_vale_ferreteria (vfe_id,vfe_fecha,vfe_total,vfe_estado,vfe_entregado,usu_nusuario) VALUES (11383,@@@2013.09.17@@@,170,1,0,@@@M_SANDOVAL@@@)','',2,'2013-09-17'),(67316,'INSERT INTO gne_vale_ferreteria_mov (vfe_id,pro_codigo_plu,vfm_cantidad,vfm_unitario,vfm_total,vfm_entregado) VALUES (11383,780721187,1,150,150,@@@NO@@@)','',2,'2013-09-17'),(67317,'INSERT INTO gne_vale_ferreteria_mov (vfe_id,pro_codigo_plu,vfm_cantidad,vfm_unitario,vfm_total,vfm_entregado) VALUES (11383,780721717,1,20,20,@@@NO@@@)','',2,'2013-09-17'),(67318,'INSERT INTO gne_vale_ferreteria (vfe_id,vfe_fecha,vfe_total,vfe_estado,vfe_entregado,usu_nusuario) VALUES (11384,@@@2013.09.17@@@,150,1,0,@@@M_SANDOVAL@@@)','',2,'2013-09-17'),(67319,'INSERT INTO gne_vale_ferreteria_mov (vfe_id,pro_codigo_plu,vfm_cantidad,vfm_unitario,vfm_total,vfm_entregado) VALUES (11384,7500886,1,150,150,@@@NO@@@)','',2,'2013-09-17'),(67320,'INSERT INTO gne_vale_ferreteria (vfe_id,vfe_fecha,vfe_total,vfe_estado,vfe_entregado,usu_nusuario) VALUES (11385,@@@2013.09.17@@@,2290,1,0,@@@M_SANDOVAL@@@)','',2,'2013-09-17'),(67321,'INSERT INTO gne_vale_ferreteria_mov (vfe_id,pro_codigo_plu,vfm_cantidad,vfm_unitario,vfm_total,vfm_entregado) VALUES (11385,780721425,2,850,1700,@@@NO@@@)','',2,'2013-09-17'),(67322,'INSERT INTO gne_vale_ferreteria_mov (vfe_id,pro_codigo_plu,vfm_cantidad,vfm_unitario,vfm_total,vfm_entregado) VALUES (11385,764700,1,590,590,@@@NO@@@)','',2,'2013-09-17'),(67323,'INSERT INTO gne_vale_ferreteria (vfe_id,vfe_fecha,vfe_total,vfe_estado,vfe_entregado,usu_nusuario) VALUES (11386,@@@2013.09.17@@@,850,1,0,@@@M_SANDOVAL@@@)','',2,'2013-09-17'),(67324,'INSERT INTO gne_vale_ferreteria_mov (vfe_id,pro_codigo_plu,vfm_cantidad,vfm_unitario,vfm_total,vfm_entregado) VALUES (11386,780721425,1,850,850,@@@NO@@@)','',2,'2013-09-17'),(67325,'UPDATE mae_productos SET pro_precio_venta=1550,pro_margen_actual=25.91, pro_precio_compra_bruto=1231, pro_precio_compra_neto=1034.45378151261 WHERE pro_codigo_plu=17275','',2,'2013-09-17'),(67326,'UPDATE mae_productos SET pro_precio_venta=1550,pro_margen_actual=25.91, pro_precio_compra_bruto=1231, pro_precio_compra_neto=1034.45378151261 WHERE pro_codigo_plu=17180','',2,'2013-09-17'),(67327,'UPDATE mae_productos SET pro_precio_venta=1550,pro_margen_actual=25.91, pro_precio_compra_bruto=1231, pro_precio_compra_neto=1034.45378151261 WHERE pro_codigo_plu=17230','',2,'2013-09-17'),(67328,'UPDATE mae_productos SET pro_precio_venta=1550,pro_margen_actual=25.91, pro_precio_compra_bruto=1231, pro_precio_compra_neto=1034.45378151261 WHERE pro_codigo_plu=17266','',2,'2013-09-17'),(67329,'UPDATE mae_productos SET pro_margen_actual=50.93,pro_precio_venta=5100 WHERE pro_codigo_plu=362','',2,'2013-09-17'),(67330,'UPDATE mae_productos SET pro_margen_actual=49.97,pro_precio_venta=3300 WHERE pro_codigo_plu=368','',2,'2013-09-17'),(67331,'UPDATE mae_productos SET pro_margen_actual=49.63,pro_precio_venta=5590 WHERE pro_codigo_plu=391','',2,'2013-09-17'),(67332,'UPDATE mae_productos SET pro_margen_actual=34.83,pro_precio_venta=1550 WHERE pro_codigo_plu=17343','',2,'2013-09-17'),(67333,'UPDATE mae_productos SET pro_margen_actual=23.9,pro_precio_venta=1550 WHERE pro_codigo_plu=17382','',2,'2013-09-17'),(67334,'UPDATE mae_productos SET pro_margen_actual=23.92,pro_precio_venta=1550 WHERE pro_codigo_plu=17383','',2,'2013-09-17'),(67335,'UPDATE mae_productos SET pro_precio_fiscal=pro_precio_venta WHERE pro_codigo_plu=17180','',2,'2013-09-17'),(67336,'UPDATE mae_productos SET pro_precio_fiscal=pro_precio_venta WHERE pro_codigo_plu=17275','',2,'2013-09-17'),(67337,'UPDATE mae_productos SET pro_precio_fiscal=pro_precio_venta WHERE pro_codigo_plu=17230','',2,'2013-09-17'),(67338,'UPDATE mae_productos SET pro_precio_fiscal=pro_precio_venta WHERE pro_codigo_plu=17343','',2,'2013-09-17'),(67339,'UPDATE mae_productos SET pro_precio_fiscal=pro_precio_venta WHERE pro_codigo_plu=17266','',2,'2013-09-17'),(67340,'UPDATE mae_productos SET pro_precio_fiscal=pro_precio_venta WHERE pro_codigo_plu=17383','',2,'2013-09-17'),(67341,'UPDATE mae_productos SET pro_precio_fiscal=pro_precio_venta WHERE pro_codigo_plu=17382','',2,'2013-09-17'),(67342,'UPDATE mae_productos SET pro_precio_compra_bruto=1231,pro_margen_actual=(pro_precio_venta-1231)/1231 * 100,pro_ultima_compra=@@@2013.09.17@@@,pro_ultimo_proveedor=@@@99554560-8@@@ WHERE pro_codigo_plu=17275','',2,'2013-09-17'),(67343,'UPDATE mae_productos SET pro_precio_compra_bruto=1231,pro_margen_actual=(pro_precio_venta-1231)/1231 * 100,pro_ultima_compra=@@@2013.09.17@@@,pro_ultimo_proveedor=@@@99554560-8@@@ WHERE pro_codigo_plu=17180','',2,'2013-09-17'),(67344,'UPDATE mae_productos SET pro_precio_compra_bruto=1231,pro_margen_actual=(pro_precio_venta-1231)/1231 * 100,pro_ultima_compra=@@@2013.09.17@@@,pro_ultimo_proveedor=@@@99554560-8@@@ WHERE pro_codigo_plu=17230','',2,'2013-09-17'),(67345,'UPDATE mae_productos SET pro_precio_compra_bruto=1231,pro_margen_actual=(pro_precio_venta-1231)/1231 * 100,pro_ultima_compra=@@@2013.09.17@@@,pro_ultimo_proveedor=@@@99554560-8@@@ WHERE pro_codigo_plu=17266','',2,'2013-09-17'),(67346,'INSERT INTO gne_vale_ferreteria (vfe_id,vfe_fecha,vfe_total,vfe_estado,vfe_entregado,usu_nusuario) VALUES (11387,@@@2013.09.17@@@,100,1,0,@@@M_SANDOVAL@@@)','',2,'2013-09-17'),(67347,'INSERT INTO gne_vale_ferreteria_mov (vfe_id,pro_codigo_plu,vfm_cantidad,vfm_unitario,vfm_total,vfm_entregado) VALUES (11387,1545,2,50,100,@@@NO@@@)','',2,'2013-09-17'),(67348,'INSERT INTO gne_vale_ferreteria (vfe_id,vfe_fecha,vfe_total,vfe_estado,vfe_entregado,usu_nusuario) VALUES (11388,@@@2013.09.17@@@,8475,1,0,@@@M_SANDOVAL@@@)','',2,'2013-09-17'),(67349,'INSERT INTO gne_vale_ferreteria_mov (vfe_id,pro_codigo_plu,vfm_cantidad,vfm_unitario,vfm_total,vfm_entregado) VALUES (11388,764030,1,3795,3795,@@@NO@@@)','',2,'2013-09-17'),(67350,'INSERT INTO gne_vale_ferreteria_mov (vfe_id,pro_codigo_plu,vfm_cantidad,vfm_unitario,vfm_total,vfm_entregado) VALUES (11388,780721686,1,990,990,@@@NO@@@)','',2,'2013-09-17'),(67351,'INSERT INTO gne_vale_ferreteria_mov (vfe_id,pro_codigo_plu,vfm_cantidad,vfm_unitario,vfm_total,vfm_entregado) VALUES (11388,4104,1,3690,3690,@@@NO@@@)','',2,'2013-09-17'),(67352,'INSERT INTO gpr_pack_virtual (pav_id,pav_nombre,pav_total_pack,pav_total_descuento,pav_desde,pav_hasta,pav_tipo,pav_precio,pav_lleva,pav_paga,pav_descuento,pav_porcentaje,pav_oferta_exclusiva,pav_agotar_stock,pav_stock,pav_costo,pav_margen) VALUES (61,@@@PACK LECHUGA SCAROLA 3 X $1000@@@,1000,470,@@@2013-09-17@@@,@@@2013-09-21@@@,@@@PR@@@,0,0,0,0,0,@@@NO@@@,@@@SI@@@,100,1620,-38.27)','',2,'2013-09-17'),(67353,'INSERT INTO gpr_pack_virtual_mov (pav_id,pro_codigo_plu,pvm_precio,pvm_total,pvm_lleva,pvm_paga,pvm_descuento,pvm_porcentaje,pvm_total_normal,pvm_descuento_linea,pvm_costo,pvm_margen) VALUES (61,607,490,1000,3,2,1,20,1470,470,540,-38.27)','',2,'2013-09-17'),(67354,'INSERT INTO gpr_pack_virtual_horario (pav_id,pvh_dia,pvh_hora_desde,pvh_hora_hasta) VALUES (61,99,@@@00:00@@@,@@@23:59@@@)','',2,'2013-09-17'),(67355,'INSERT INTO gne_vale_ferreteria (vfe_id,vfe_fecha,vfe_total,vfe_estado,vfe_entregado,usu_nusuario) VALUES (11389,@@@2013.09.17@@@,3830,1,0,@@@admin@@@)','',2,'2013-09-17'),(67356,'INSERT INTO gne_vale_ferreteria_mov (vfe_id,pro_codigo_plu,vfm_cantidad,vfm_unitario,vfm_total,vfm_entregado) VALUES (11389,763697,2,1790,3580,@@@NO@@@)','',2,'2013-09-17'),(67357,'INSERT INTO gne_vale_ferreteria_mov (vfe_id,pro_codigo_plu,vfm_cantidad,vfm_unitario,vfm_total,vfm_entregado) VALUES (11389,4134,1,250,250,@@@NO@@@)','',2,'2013-09-17'),(67358,'INSERT INTO gne_vale_ferreteria (vfe_id,vfe_fecha,vfe_total,vfe_estado,vfe_entregado,usu_nusuario) VALUES (11390,@@@2013.09.17@@@,3780,1,0,@@@admin@@@)','',2,'2013-09-17'),(67359,'INSERT INTO gne_vale_ferreteria_mov (vfe_id,pro_codigo_plu,vfm_cantidad,vfm_unitario,vfm_total,vfm_entregado) VALUES (11390,4077,1,200,200,@@@NO@@@)','',2,'2013-09-17'),(67360,'INSERT INTO gne_vale_ferreteria_mov (vfe_id,pro_codigo_plu,vfm_cantidad,vfm_unitario,vfm_total,vfm_entregado) VALUES (11390,763697,2,1790,3580,@@@NO@@@)','',2,'2013-09-17'),(67361,'INSERT INTO gne_vale_ferreteria (vfe_id,vfe_fecha,vfe_total,vfe_estado,vfe_entregado,usu_nusuario) VALUES (11391,@@@2013.09.17@@@,2100,1,0,@@@admin@@@)','',2,'2013-09-17'),(67362,'INSERT INTO gne_vale_ferreteria_mov (vfe_id,pro_codigo_plu,vfm_cantidad,vfm_unitario,vfm_total,vfm_entregado) VALUES (11391,763991,1,2100,2100,@@@NO@@@)','',2,'2013-09-17'),(67363,'INSERT INTO gne_vale_ferreteria (vfe_id,vfe_fecha,vfe_total,vfe_estado,vfe_entregado,usu_nusuario) VALUES (11392,@@@2013.09.17@@@,220,1,0,@@@admin@@@)','',2,'2013-09-17'),(67364,'INSERT INTO gne_vale_ferreteria_mov (vfe_id,pro_codigo_plu,vfm_cantidad,vfm_unitario,vfm_total,vfm_entregado) VALUES (11392,764768,1,220,220,@@@NO@@@)','',2,'2013-09-17'),(67365,'INSERT INTO gne_vale_ferreteria (vfe_id,vfe_fecha,vfe_total,vfe_estado,vfe_entregado,usu_nusuario) VALUES (11393,@@@2013.09.17@@@,1890,1,0,@@@admin@@@)','',2,'2013-09-17'),(67366,'INSERT INTO gne_vale_ferreteria_mov (vfe_id,pro_codigo_plu,vfm_cantidad,vfm_unitario,vfm_total,vfm_entregado) VALUES (11393,100473,1,1890,1890,@@@NO@@@)','',2,'2013-09-17'),(67367,'INSERT INTO gne_vale_ferreteria (vfe_id,vfe_fecha,vfe_total,vfe_estado,vfe_entregado,usu_nusuario) VALUES (11394,@@@2013.09.17@@@,390,1,0,@@@admin@@@)','',2,'2013-09-17'),(67368,'INSERT INTO gne_vale_ferreteria_mov (vfe_id,pro_codigo_plu,vfm_cantidad,vfm_unitario,vfm_total,vfm_entregado) VALUES (11394,780721379,1,390,390,@@@NO@@@)','',2,'2013-09-17'),(67369,'INSERT INTO gne_vale_ferreteria (vfe_id,vfe_fecha,vfe_total,vfe_estado,vfe_entregado,usu_nusuario) VALUES (11395,@@@2013.09.17@@@,2330,1,0,@@@admin@@@)','',2,'2013-09-17'),(67370,'INSERT INTO gne_vale_ferreteria_mov (vfe_id,pro_codigo_plu,vfm_cantidad,vfm_unitario,vfm_total,vfm_entregado) VALUES (11395,20476,1,1790,1790,@@@NO@@@)','',2,'2013-09-17'),(67371,'INSERT INTO gne_vale_ferreteria_mov (vfe_id,pro_codigo_plu,vfm_cantidad,vfm_unitario,vfm_total,vfm_entregado) VALUES (11395,19916,1,540,540,@@@NO@@@)','',2,'2013-09-17'),(67372,'INSERT INTO gne_vale_ferreteria (vfe_id,vfe_fecha,vfe_total,vfe_estado,vfe_entregado,usu_nusuario) VALUES (11396,@@@2013.09.17@@@,240,1,0,@@@admin@@@)','',2,'2013-09-17'),(67373,'INSERT INTO gne_vale_ferreteria_mov (vfe_id,pro_codigo_plu,vfm_cantidad,vfm_unitario,vfm_total,vfm_entregado) VALUES (11396,4080,6,40,240,@@@NO@@@)','',2,'2013-09-17'),(67374,'INSERT INTO gne_vale_ferreteria (vfe_id,vfe_fecha,vfe_total,vfe_estado,vfe_entregado,usu_nusuario) VALUES (11397,@@@2013.09.17@@@,1750,1,0,@@@admin@@@)','',2,'2013-09-17'),(67375,'INSERT INTO gne_vale_ferreteria_mov (vfe_id,pro_codigo_plu,vfm_cantidad,vfm_unitario,vfm_total,vfm_entregado) VALUES (11397,764580,5,150,750,@@@NO@@@)','',2,'2013-09-17'),(67376,'INSERT INTO gne_vale_ferreteria_mov (vfe_id,pro_codigo_plu,vfm_cantidad,vfm_unitario,vfm_total,vfm_entregado) VALUES (11397,78017176,5,200,1000,@@@NO@@@)','',2,'2013-09-17'),(67377,'INSERT INTO gne_vale_ferreteria (vfe_id,vfe_fecha,vfe_total,vfe_estado,vfe_entregado,usu_nusuario) VALUES (11398,@@@2013.09.17@@@,1920,1,0,@@@admin@@@)','',2,'2013-09-17'),(67378,'INSERT INTO gne_vale_ferreteria_mov (vfe_id,pro_codigo_plu,vfm_cantidad,vfm_unitario,vfm_total,vfm_entregado) VALUES (11398,15935,4,480,1920,@@@NO@@@)','',2,'2013-09-17'),(67379,'INSERT INTO gne_vale_ferreteria (vfe_id,vfe_fecha,vfe_total,vfe_estado,vfe_entregado,usu_nusuario) VALUES (11399,@@@2013.09.17@@@,1490,1,0,@@@admin@@@)','',2,'2013-09-17'),(67380,'INSERT INTO gne_vale_ferreteria_mov (vfe_id,pro_codigo_plu,vfm_cantidad,vfm_unitario,vfm_total,vfm_entregado) VALUES (11399,780721770,1,1490,1490,@@@NO@@@)','',2,'2013-09-17'),(67381,'INSERT INTO gne_vale_ferreteria (vfe_id,vfe_fecha,vfe_total,vfe_estado,vfe_entregado,usu_nusuario) VALUES (11400,@@@2013.09.17@@@,1980,1,0,@@@admin@@@)','',2,'2013-09-17'),(67382,'INSERT INTO gne_vale_ferreteria_mov (vfe_id,pro_codigo_plu,vfm_cantidad,vfm_unitario,vfm_total,vfm_entregado) VALUES (11400,764463,2,990,1980,@@@NO@@@)','',2,'2013-09-17'),(67383,'INSERT INTO gne_vale_ferreteria (vfe_id,vfe_fecha,vfe_total,vfe_estado,vfe_entregado,usu_nusuario) VALUES (11401,@@@2013.09.17@@@,890,1,0,@@@admin@@@)','',2,'2013-09-17'),(67384,'INSERT INTO gne_vale_ferreteria_mov (vfe_id,pro_codigo_plu,vfm_cantidad,vfm_unitario,vfm_total,vfm_entregado) VALUES (11401,763633,1,890,890,@@@NO@@@)','',2,'2013-09-17'),(67385,'INSERT INTO gne_vale_ferreteria (vfe_id,vfe_fecha,vfe_total,vfe_estado,vfe_entregado,usu_nusuario) VALUES (11402,@@@2013.09.17@@@,650,1,0,@@@admin@@@)','',2,'2013-09-17'),(67386,'INSERT INTO gne_vale_ferreteria_mov (vfe_id,pro_codigo_plu,vfm_cantidad,vfm_unitario,vfm_total,vfm_entregado) VALUES (11402,15967,5,130,650,@@@NO@@@)','',2,'2013-09-17'),(67387,'INSERT INTO gne_vale_ferreteria (vfe_id,vfe_fecha,vfe_total,vfe_estado,vfe_entregado,usu_nusuario) VALUES (11403,@@@2013.09.17@@@,300,1,0,@@@admin@@@)','',2,'2013-09-17'),(67388,'INSERT INTO gne_vale_ferreteria_mov (vfe_id,pro_codigo_plu,vfm_cantidad,vfm_unitario,vfm_total,vfm_entregado) VALUES (11403,2004,1,300,300,@@@NO@@@)','',2,'2013-09-17'),(67389,'INSERT INTO gne_vale_ferreteria (vfe_id,vfe_fecha,vfe_total,vfe_estado,vfe_entregado,usu_nusuario) VALUES (11404,@@@2013.09.17@@@,300,1,0,@@@admin@@@)','',2,'2013-09-17'),(67390,'INSERT INTO gne_vale_ferreteria_mov (vfe_id,pro_codigo_plu,vfm_cantidad,vfm_unitario,vfm_total,vfm_entregado) VALUES (11404,800001,1,300,300,@@@NO@@@)','',2,'2013-09-17'),(67391,'INSERT INTO gne_vale_ferreteria (vfe_id,vfe_fecha,vfe_total,vfe_estado,vfe_entregado,usu_nusuario) VALUES (11405,@@@2013.09.17@@@,690,1,0,@@@admin@@@)','',2,'2013-09-17'),(67392,'INSERT INTO gne_vale_ferreteria_mov (vfe_id,pro_codigo_plu,vfm_cantidad,vfm_unitario,vfm_total,vfm_entregado) VALUES (11405,7705007,1,690,690,@@@NO@@@)','',2,'2013-09-17'),(67393,'INSERT INTO gne_vale_ferreteria (vfe_id,vfe_fecha,vfe_total,vfe_estado,vfe_entregado,usu_nusuario) VALUES (11406,@@@2013.09.17@@@,2260,1,0,@@@admin@@@)','',2,'2013-09-17'),(67394,'INSERT INTO gne_vale_ferreteria_mov (vfe_id,pro_codigo_plu,vfm_cantidad,vfm_unitario,vfm_total,vfm_entregado) VALUES (11406,780721766,2,390,780,@@@NO@@@)','',2,'2013-09-17'),(67395,'INSERT INTO gne_vale_ferreteria_mov (vfe_id,pro_codigo_plu,vfm_cantidad,vfm_unitario,vfm_total,vfm_entregado) VALUES (11406,780721836,1,390,390,@@@NO@@@)','',2,'2013-09-17'),(67396,'INSERT INTO gne_vale_ferreteria_mov (vfe_id,pro_codigo_plu,vfm_cantidad,vfm_unitario,vfm_total,vfm_entregado) VALUES (11406,780721763,1,500,500,@@@NO@@@)','',2,'2013-09-17'),(67397,'INSERT INTO gne_vale_ferreteria_mov (vfe_id,pro_codigo_plu,vfm_cantidad,vfm_unitario,vfm_total,vfm_entregado) VALUES (11406,763786,1,250,250,@@@NO@@@)','',2,'2013-09-17'),(67398,'INSERT INTO gne_vale_ferreteria_mov (vfe_id,pro_codigo_plu,vfm_cantidad,vfm_unitario,vfm_total,vfm_entregado) VALUES (11406,763789,1,340,340,@@@NO@@@)','',2,'2013-09-17'),(67399,'INSERT INTO gne_vale_ferreteria (vfe_id,vfe_fecha,vfe_total,vfe_estado,vfe_entregado,usu_nusuario) VALUES (11407,@@@2013.09.17@@@,400,1,0,@@@admin@@@)','',2,'2013-09-17'),(67400,'INSERT INTO gne_vale_ferreteria_mov (vfe_id,pro_codigo_plu,vfm_cantidad,vfm_unitario,vfm_total,vfm_entregado) VALUES (11407,4077,2,200,400,@@@NO@@@)','',2,'2013-09-17'),(67401,'INSERT INTO gne_vale_ferreteria (vfe_id,vfe_fecha,vfe_total,vfe_estado,vfe_entregado,usu_nusuario) VALUES (11408,@@@2013.09.17@@@,2490,1,0,@@@admin@@@)','',2,'2013-09-17'),(67402,'INSERT INTO gne_vale_ferreteria_mov (vfe_id,pro_codigo_plu,vfm_cantidad,vfm_unitario,vfm_total,vfm_entregado) VALUES (11408,780721771,1,2490,2490,@@@NO@@@)','',2,'2013-09-17'),(67403,'INSERT INTO gne_vale_ferreteria (vfe_id,vfe_fecha,vfe_total,vfe_estado,vfe_entregado,usu_nusuario) VALUES (11409,@@@2013.09.17@@@,490,1,0,@@@admin@@@)','',2,'2013-09-17'),(67404,'INSERT INTO gne_vale_ferreteria_mov (vfe_id,pro_codigo_plu,vfm_cantidad,vfm_unitario,vfm_total,vfm_entregado) VALUES (11409,780220183,1,490,490,@@@NO@@@)','',2,'2013-09-17'),(67405,'INSERT INTO gne_vale_ferreteria (vfe_id,vfe_fecha,vfe_total,vfe_estado,vfe_entregado,usu_nusuario) VALUES (11410,@@@2013.09.17@@@,490,1,0,@@@admin@@@)','',2,'2013-09-17'),(67406,'INSERT INTO gne_vale_ferreteria_mov (vfe_id,pro_codigo_plu,vfm_cantidad,vfm_unitario,vfm_total,vfm_entregado) VALUES (11410,2006,1,490,490,@@@NO@@@)','',2,'2013-09-17'),(67407,'INSERT INTO gne_vale_ferreteria (vfe_id,vfe_fecha,vfe_total,vfe_estado,vfe_entregado,usu_nusuario) VALUES (11411,@@@2013.09.17@@@,1890,1,0,@@@admin@@@)','',2,'2013-09-17'),(67408,'INSERT INTO gne_vale_ferreteria_mov (vfe_id,pro_codigo_plu,vfm_cantidad,vfm_unitario,vfm_total,vfm_entregado) VALUES (11411,763599,1,1890,1890,@@@NO@@@)','',2,'2013-09-17'),(67409,'INSERT INTO gne_vale_ferreteria (vfe_id,vfe_fecha,vfe_total,vfe_estado,vfe_entregado,usu_nusuario) VALUES (11412,@@@2013.09.17@@@,200,1,0,@@@admin@@@)','',2,'2013-09-17'),(67410,'INSERT INTO gne_vale_ferreteria_mov (vfe_id,pro_codigo_plu,vfm_cantidad,vfm_unitario,vfm_total,vfm_entregado) VALUES (11412,7051,2,100,200,@@@NO@@@)','',2,'2013-09-17'),(67411,'INSERT INTO gne_vale_ferreteria (vfe_id,vfe_fecha,vfe_total,vfe_estado,vfe_entregado,usu_nusuario) VALUES (11413,@@@2013.09.17@@@,300,1,0,@@@admin@@@)','',2,'2013-09-17'),(67412,'INSERT INTO gne_vale_ferreteria_mov (vfe_id,pro_codigo_plu,vfm_cantidad,vfm_unitario,vfm_total,vfm_entregado) VALUES (11413,764848,1,300,300,@@@NO@@@)','',2,'2013-09-17'),(67413,'INSERT INTO gne_vale_ferreteria (vfe_id,vfe_fecha,vfe_total,vfe_estado,vfe_entregado,usu_nusuario) VALUES (11414,@@@2013.09.17@@@,720,1,0,@@@admin@@@)','',2,'2013-09-17'),(67414,'INSERT INTO gne_vale_ferreteria_mov (vfe_id,pro_codigo_plu,vfm_cantidad,vfm_unitario,vfm_total,vfm_entregado) VALUES (11414,10720,1,720,720,@@@NO@@@)','',2,'2013-09-17'),(67415,'INSERT INTO gne_vale_ferreteria (vfe_id,vfe_fecha,vfe_total,vfe_estado,vfe_entregado,usu_nusuario) VALUES (11415,@@@2013.09.17@@@,200,1,0,@@@admin@@@)','',2,'2013-09-17'),(67416,'INSERT INTO gne_vale_ferreteria_mov (vfe_id,pro_codigo_plu,vfm_cantidad,vfm_unitario,vfm_total,vfm_entregado) VALUES (11415,78017233,2,100,200,@@@NO@@@)','',2,'2013-09-17'),(67417,'INSERT INTO gne_vale_ferreteria (vfe_id,vfe_fecha,vfe_total,vfe_estado,vfe_entregado,usu_nusuario) VALUES (11416,@@@2013.09.17@@@,6170,1,0,@@@admin@@@)','',2,'2013-09-17'),(67418,'INSERT INTO gne_vale_ferreteria_mov (vfe_id,pro_codigo_plu,vfm_cantidad,vfm_unitario,vfm_total,vfm_entregado) VALUES (11416,780721734,1,1790,1790,@@@NO@@@)','',2,'2013-09-17'),(67419,'INSERT INTO gne_vale_ferreteria_mov (vfe_id,pro_codigo_plu,vfm_cantidad,vfm_unitario,vfm_total,vfm_entregado) VALUES (11416,764931,1,2490,2490,@@@NO@@@)','',2,'2013-09-17'),(67420,'INSERT INTO gne_vale_ferreteria_mov (vfe_id,pro_codigo_plu,vfm_cantidad,vfm_unitario,vfm_total,vfm_entregado) VALUES (11416,764523,1,1890,1890,@@@NO@@@)','',2,'2013-09-17'),(67421,'INSERT INTO gne_vale_ferreteria (vfe_id,vfe_fecha,vfe_total,vfe_estado,vfe_entregado,usu_nusuario) VALUES (11417,@@@2013.09.17@@@,150,1,0,@@@admin@@@)','',2,'2013-09-17'),(67422,'INSERT INTO gne_vale_ferreteria_mov (vfe_id,pro_codigo_plu,vfm_cantidad,vfm_unitario,vfm_total,vfm_entregado) VALUES (11417,2016,1,150,150,@@@NO@@@)','',2,'2013-09-17'),(67423,'INSERT INTO gne_vale_ferreteria (vfe_id,vfe_fecha,vfe_total,vfe_estado,vfe_entregado,usu_nusuario) VALUES (11418,@@@2013.09.17@@@,290,1,0,@@@admin@@@)','',2,'2013-09-17'),(67424,'INSERT INTO gne_vale_ferreteria_mov (vfe_id,pro_codigo_plu,vfm_cantidad,vfm_unitario,vfm_total,vfm_entregado) VALUES (11418,761330,1,290,290,@@@NO@@@)','',2,'2013-09-17'),(67425,'INSERT INTO gne_vale_ferreteria (vfe_id,vfe_fecha,vfe_total,vfe_estado,vfe_entregado,usu_nusuario) VALUES (11419,@@@2013.09.17@@@,390,1,0,@@@admin@@@)','',2,'2013-09-17'),(67426,'INSERT INTO gne_vale_ferreteria_mov (vfe_id,pro_codigo_plu,vfm_cantidad,vfm_unitario,vfm_total,vfm_entregado) VALUES (11419,780721692,1,390,390,@@@NO@@@)','',2,'2013-09-17'),(67427,'INSERT INTO gne_vale_ferreteria (vfe_id,vfe_fecha,vfe_total,vfe_estado,vfe_entregado,usu_nusuario) VALUES (11420,@@@2013.09.17@@@,590,1,0,@@@admin@@@)','',2,'2013-09-17'),(67428,'INSERT INTO gne_vale_ferreteria_mov (vfe_id,pro_codigo_plu,vfm_cantidad,vfm_unitario,vfm_total,vfm_entregado) VALUES (11420,4098,1,590,590,@@@NO@@@)','',2,'2013-09-17'),(67429,'INSERT INTO gne_vale_ferreteria (vfe_id,vfe_fecha,vfe_total,vfe_estado,vfe_entregado,usu_nusuario) VALUES (11421,@@@2013.09.17@@@,970,1,0,@@@admin@@@)','',2,'2013-09-17'),(67430,'INSERT INTO gne_vale_ferreteria_mov (vfe_id,pro_codigo_plu,vfm_cantidad,vfm_unitario,vfm_total,vfm_entregado) VALUES (11421,780721420,1,390,390,@@@NO@@@)','',2,'2013-09-17'),(67431,'INSERT INTO gne_vale_ferreteria_mov (vfe_id,pro_codigo_plu,vfm_cantidad,vfm_unitario,vfm_total,vfm_entregado) VALUES (11421,1537,1,190,190,@@@NO@@@)','',2,'2013-09-17'),(67432,'INSERT INTO gne_vale_ferreteria_mov (vfe_id,pro_codigo_plu,vfm_cantidad,vfm_unitario,vfm_total,vfm_entregado) VALUES (11421,764820,1,390,390,@@@NO@@@)','',2,'2013-09-17'),(67433,'INSERT INTO gne_vale_ferreteria (vfe_id,vfe_fecha,vfe_total,vfe_estado,vfe_entregado,usu_nusuario) VALUES (11422,@@@2013.09.17@@@,600,1,0,@@@admin@@@)','',2,'2013-09-17'),(67434,'INSERT INTO gne_vale_ferreteria_mov (vfe_id,pro_codigo_plu,vfm_cantidad,vfm_unitario,vfm_total,vfm_entregado) VALUES (11422,4088,4,150,600,@@@NO@@@)','',2,'2013-09-17'),(67435,'INSERT INTO gne_vale_ferreteria (vfe_id,vfe_fecha,vfe_total,vfe_estado,vfe_entregado,usu_nusuario) VALUES (11423,@@@2013.09.17@@@,960,1,0,@@@admin@@@)','',2,'2013-09-17'),(67436,'INSERT INTO gne_vale_ferreteria_mov (vfe_id,pro_codigo_plu,vfm_cantidad,vfm_unitario,vfm_total,vfm_entregado) VALUES (11423,15935,2,480,960,@@@NO@@@)','',2,'2013-09-17'),(67437,'INSERT INTO gne_vale_ferreteria (vfe_id,vfe_fecha,vfe_total,vfe_estado,vfe_entregado,usu_nusuario) VALUES (11424,@@@2013.09.17@@@,4740,1,0,@@@admin@@@)','',2,'2013-09-17'),(67438,'INSERT INTO gne_vale_ferreteria_mov (vfe_id,pro_codigo_plu,vfm_cantidad,vfm_unitario,vfm_total,vfm_entregado) VALUES (11424,780721763,4,500,2000,@@@NO@@@)','',2,'2013-09-17'),(67439,'INSERT INTO gne_vale_ferreteria_mov (vfe_id,pro_codigo_plu,vfm_cantidad,vfm_unitario,vfm_total,vfm_entregado) VALUES (11424,780721688,4,610,2440,@@@NO@@@)','',2,'2013-09-17'),(67440,'INSERT INTO gne_vale_ferreteria_mov (vfe_id,pro_codigo_plu,vfm_cantidad,vfm_unitario,vfm_total,vfm_entregado) VALUES (11424,764580,2,150,300,@@@NO@@@)','',2,'2013-09-17'),(67441,'INSERT INTO gne_vale_ferreteria (vfe_id,vfe_fecha,vfe_total,vfe_estado,vfe_entregado,usu_nusuario) VALUES (11425,@@@2013.09.17@@@,3330,1,0,@@@admin@@@)','',2,'2013-09-17'),(67442,'INSERT INTO gne_vale_ferreteria_mov (vfe_id,pro_codigo_plu,vfm_cantidad,vfm_unitario,vfm_total,vfm_entregado) VALUES (11425,78017135,2,200,400,@@@NO@@@)','',2,'2013-09-17'),(67443,'INSERT INTO gne_vale_ferreteria_mov (vfe_id,pro_codigo_plu,vfm_cantidad,vfm_unitario,vfm_total,vfm_entregado) VALUES (11425,78017014,2,200,400,@@@NO@@@)','',2,'2013-09-17'),(67444,'INSERT INTO gne_vale_ferreteria_mov (vfe_id,pro_codigo_plu,vfm_cantidad,vfm_unitario,vfm_total,vfm_entregado) VALUES (11425,78017131,2,200,400,@@@NO@@@)','',2,'2013-09-17'),(67445,'INSERT INTO gne_vale_ferreteria_mov (vfe_id,pro_codigo_plu,vfm_cantidad,vfm_unitario,vfm_total,vfm_entregado) VALUES (11425,780721352,2,200,400,@@@NO@@@)','',2,'2013-09-17'),(67446,'INSERT INTO gne_vale_ferreteria_mov (vfe_id,pro_codigo_plu,vfm_cantidad,vfm_unitario,vfm_total,vfm_entregado) VALUES (11425,780721778,1,200,200,@@@NO@@@)','',2,'2013-09-17'),(67447,'INSERT INTO gne_vale_ferreteria_mov (vfe_id,pro_codigo_plu,vfm_cantidad,vfm_unitario,vfm_total,vfm_entregado) VALUES (11425,78017142,2,200,400,@@@NO@@@)','',2,'2013-09-17'),(67448,'INSERT INTO gne_vale_ferreteria_mov (vfe_id,pro_codigo_plu,vfm_cantidad,vfm_unitario,vfm_total,vfm_entregado) VALUES (11425,780220109,2,200,400,@@@NO@@@)','',2,'2013-09-17'),(67449,'INSERT INTO gne_vale_ferreteria_mov (vfe_id,pro_codigo_plu,vfm_cantidad,vfm_unitario,vfm_total,vfm_entregado) VALUES (11425,780721351,1,200,200,@@@NO@@@)','',2,'2013-09-17'),(67450,'INSERT INTO gne_vale_ferreteria_mov (vfe_id,pro_codigo_plu,vfm_cantidad,vfm_unitario,vfm_total,vfm_entregado) VALUES (11425,78017134,1,200,200,@@@NO@@@)','',2,'2013-09-17'),(67451,'INSERT INTO gne_vale_ferreteria_mov (vfe_id,pro_codigo_plu,vfm_cantidad,vfm_unitario,vfm_total,vfm_entregado) VALUES (11425,763588,1,330,330,@@@NO@@@)','',2,'2013-09-17'),(67452,'INSERT INTO gne_vale_ferreteria (vfe_id,vfe_fecha,vfe_total,vfe_estado,vfe_entregado,usu_nusuario) VALUES (11426,@@@2013.09.17@@@,900,1,0,@@@admin@@@)','',2,'2013-09-17'),(67453,'INSERT INTO gne_vale_ferreteria_mov (vfe_id,pro_codigo_plu,vfm_cantidad,vfm_unitario,vfm_total,vfm_entregado) VALUES (11426,780721713,2,450,900,@@@NO@@@)','',2,'2013-09-17'),(67454,'INSERT INTO gne_vale_ferreteria (vfe_id,vfe_fecha,vfe_total,vfe_estado,vfe_entregado,usu_nusuario) VALUES (11427,@@@2013.09.17@@@,300,1,0,@@@admin@@@)','',2,'2013-09-17'),(67455,'INSERT INTO gne_vale_ferreteria_mov (vfe_id,pro_codigo_plu,vfm_cantidad,vfm_unitario,vfm_total,vfm_entregado) VALUES (11427,1540,1,300,300,@@@NO@@@)','',2,'2013-09-17'),(67456,'INSERT INTO gne_vale_ferreteria (vfe_id,vfe_fecha,vfe_total,vfe_estado,vfe_entregado,usu_nusuario) VALUES (11428,@@@2013.09.17@@@,990,1,0,@@@admin@@@)','',2,'2013-09-17'),(67457,'INSERT INTO gne_vale_ferreteria_mov (vfe_id,pro_codigo_plu,vfm_cantidad,vfm_unitario,vfm_total,vfm_entregado) VALUES (11428,780721539,1,990,990,@@@NO@@@)','',2,'2013-09-17'),(67458,'INSERT INTO gne_vale_ferreteria (vfe_id,vfe_fecha,vfe_total,vfe_estado,vfe_entregado,usu_nusuario) VALUES (11429,@@@2013.09.17@@@,300,1,0,@@@admin@@@)','',2,'2013-09-17'),(67459,'INSERT INTO gne_vale_ferreteria_mov (vfe_id,pro_codigo_plu,vfm_cantidad,vfm_unitario,vfm_total,vfm_entregado) VALUES (11429,780721503,1,300,300,@@@NO@@@)','',2,'2013-09-17'),(67460,'INSERT INTO gne_vale_ferreteria (vfe_id,vfe_fecha,vfe_total,vfe_estado,vfe_entregado,usu_nusuario) VALUES (11430,@@@2013.09.17@@@,500,1,0,@@@admin@@@)','',2,'2013-09-17'),(67461,'INSERT INTO gne_vale_ferreteria_mov (vfe_id,pro_codigo_plu,vfm_cantidad,vfm_unitario,vfm_total,vfm_entregado) VALUES (11430,20394,5,100,500,@@@NO@@@)','',2,'2013-09-17'),(67462,'INSERT INTO gne_vale_ferreteria (vfe_id,vfe_fecha,vfe_total,vfe_estado,vfe_entregado,usu_nusuario) VALUES (11431,@@@2013.09.17@@@,1840,1,0,@@@admin@@@)','',2,'2013-09-17'),(67463,'INSERT INTO gne_vale_ferreteria_mov (vfe_id,pro_codigo_plu,vfm_cantidad,vfm_unitario,vfm_total,vfm_entregado) VALUES (11431,880004,1,650,650,@@@NO@@@)','',2,'2013-09-17'),(67464,'INSERT INTO gne_vale_ferreteria_mov (vfe_id,pro_codigo_plu,vfm_cantidad,vfm_unitario,vfm_total,vfm_entregado) VALUES (11431,20372,1,1190,1190,@@@NO@@@)','',2,'2013-09-17'),(67465,'INSERT INTO gne_vale_ferreteria (vfe_id,vfe_fecha,vfe_total,vfe_estado,vfe_entregado,usu_nusuario) VALUES (11432,@@@2013.09.17@@@,2490,1,0,@@@admin@@@)','',2,'2013-09-17'),(67466,'INSERT INTO gne_vale_ferreteria_mov (vfe_id,pro_codigo_plu,vfm_cantidad,vfm_unitario,vfm_total,vfm_entregado) VALUES (11432,780721771,1,2490,2490,@@@NO@@@)','',2,'2013-09-17'),(67467,'INSERT INTO gne_vale_ferreteria (vfe_id,vfe_fecha,vfe_total,vfe_estado,vfe_entregado,usu_nusuario) VALUES (11433,@@@2013.09.17@@@,280,1,0,@@@admin@@@)','',2,'2013-09-17'),(67468,'INSERT INTO gne_vale_ferreteria_mov (vfe_id,pro_codigo_plu,vfm_cantidad,vfm_unitario,vfm_total,vfm_entregado) VALUES (11433,4080,7,40,280,@@@NO@@@)','',2,'2013-09-17'),(67469,'INSERT INTO gne_vale_ferreteria (vfe_id,vfe_fecha,vfe_total,vfe_estado,vfe_entregado,usu_nusuario) VALUES (11434,@@@2013.09.17@@@,500,1,0,@@@admin@@@)','',2,'2013-09-17'),(67470,'INSERT INTO gne_vale_ferreteria_mov (vfe_id,pro_codigo_plu,vfm_cantidad,vfm_unitario,vfm_total,vfm_entregado) VALUES (11434,780721763,1,500,500,@@@NO@@@)','',2,'2013-09-17'),(67471,'INSERT INTO gne_vale_ferreteria (vfe_id,vfe_fecha,vfe_total,vfe_estado,vfe_entregado,usu_nusuario) VALUES (11435,@@@2013.09.17@@@,4290,1,0,@@@admin@@@)','',2,'2013-09-17'),(67472,'INSERT INTO gne_vale_ferreteria_mov (vfe_id,pro_codigo_plu,vfm_cantidad,vfm_unitario,vfm_total,vfm_entregado) VALUES (11435,764765,1,4290,4290,@@@NO@@@)','',2,'2013-09-17'),(67473,'INSERT INTO gne_vale_ferreteria (vfe_id,vfe_fecha,vfe_total,vfe_estado,vfe_entregado,usu_nusuario) VALUES (11436,@@@2013.09.17@@@,990,1,0,@@@admin@@@)','',2,'2013-09-17'),(67474,'INSERT INTO gne_vale_ferreteria_mov (vfe_id,pro_codigo_plu,vfm_cantidad,vfm_unitario,vfm_total,vfm_entregado) VALUES (11436,7705006,1,990,990,@@@NO@@@)','',2,'2013-09-17'),(67475,'INSERT INTO gne_vale_ferreteria (vfe_id,vfe_fecha,vfe_total,vfe_estado,vfe_entregado,usu_nusuario) VALUES (11437,@@@2013.09.17@@@,2080,1,0,@@@admin@@@)','',2,'2013-09-17'),(67476,'INSERT INTO gne_vale_ferreteria_mov (vfe_id,pro_codigo_plu,vfm_cantidad,vfm_unitario,vfm_total,vfm_entregado) VALUES (11437,780721770,1,1490,1490,@@@NO@@@)','',2,'2013-09-17'),(67477,'INSERT INTO gne_vale_ferreteria_mov (vfe_id,pro_codigo_plu,vfm_cantidad,vfm_unitario,vfm_total,vfm_entregado) VALUES (11437,54791,1,590,590,@@@NO@@@)','',2,'2013-09-17'),(67478,'INSERT INTO gne_vale_ferreteria (vfe_id,vfe_fecha,vfe_total,vfe_estado,vfe_entregado,usu_nusuario) VALUES (11438,@@@2013.09.17@@@,30,1,0,@@@admin@@@)','',2,'2013-09-17'),(67479,'INSERT INTO gne_vale_ferreteria_mov (vfe_id,pro_codigo_plu,vfm_cantidad,vfm_unitario,vfm_total,vfm_entregado) VALUES (11438,7502,1,30,30,@@@NO@@@)','',2,'2013-09-17'),(67480,'INSERT INTO gne_vale_ferreteria (vfe_id,vfe_fecha,vfe_total,vfe_estado,vfe_entregado,usu_nusuario) VALUES (11439,@@@2013.09.17@@@,1790,1,0,@@@admin@@@)','',2,'2013-09-17'),(67481,'INSERT INTO gne_vale_ferreteria_mov (vfe_id,pro_codigo_plu,vfm_cantidad,vfm_unitario,vfm_total,vfm_entregado) VALUES (11439,764726,1,1790,1790,@@@NO@@@)','',2,'2013-09-17'),(67482,'INSERT INTO gne_vale_ferreteria (vfe_id,vfe_fecha,vfe_total,vfe_estado,vfe_entregado,usu_nusuario) VALUES (11440,@@@2013.09.17@@@,200,1,0,@@@admin@@@)','',2,'2013-09-17'),(67483,'INSERT INTO gne_vale_ferreteria_mov (vfe_id,pro_codigo_plu,vfm_cantidad,vfm_unitario,vfm_total,vfm_entregado) VALUES (11440,1556,1,200,200,@@@NO@@@)','',2,'2013-09-17'),(67484,'INSERT INTO gne_vale_ferreteria (vfe_id,vfe_fecha,vfe_total,vfe_estado,vfe_entregado,usu_nusuario) VALUES (11441,@@@2013.09.17@@@,240,1,0,@@@admin@@@)','',2,'2013-09-17'),(67485,'INSERT INTO gne_vale_ferreteria_mov (vfe_id,pro_codigo_plu,vfm_cantidad,vfm_unitario,vfm_total,vfm_entregado) VALUES (11441,770033,6,40,240,@@@NO@@@)','',2,'2013-09-17'),(67486,'INSERT INTO gne_vale_ferreteria (vfe_id,vfe_fecha,vfe_total,vfe_estado,vfe_entregado,usu_nusuario) VALUES (11442,@@@2013.09.17@@@,1490,1,0,@@@admin@@@)','',2,'2013-09-17'),(67487,'INSERT INTO gne_vale_ferreteria_mov (vfe_id,pro_codigo_plu,vfm_cantidad,vfm_unitario,vfm_total,vfm_entregado) VALUES (11442,780721770,1,1490,1490,@@@NO@@@)','',2,'2013-09-17'),(67488,'INSERT INTO gne_vale_ferreteria (vfe_id,vfe_fecha,vfe_total,vfe_estado,vfe_entregado,usu_nusuario) VALUES (11443,@@@2013.09.17@@@,1890,1,0,@@@admin@@@)','',2,'2013-09-17'),(67489,'INSERT INTO gne_vale_ferreteria_mov (vfe_id,pro_codigo_plu,vfm_cantidad,vfm_unitario,vfm_total,vfm_entregado) VALUES (11443,101840,1,1890,1890,@@@NO@@@)','',2,'2013-09-17'),(67490,'INSERT INTO gne_vale_ferreteria (vfe_id,vfe_fecha,vfe_total,vfe_estado,vfe_entregado,usu_nusuario) VALUES (11444,@@@2013.09.17@@@,1790,1,0,@@@admin@@@)','',2,'2013-09-17'),(67491,'INSERT INTO gne_vale_ferreteria_mov (vfe_id,pro_codigo_plu,vfm_cantidad,vfm_unitario,vfm_total,vfm_entregado) VALUES (11444,763697,1,1790,1790,@@@NO@@@)','',2,'2013-09-17'),(67492,'INSERT INTO gne_vale_ferreteria (vfe_id,vfe_fecha,vfe_total,vfe_estado,vfe_entregado,usu_nusuario) VALUES (11445,@@@2013.09.17@@@,1890,1,0,@@@c_jara@@@)','',2,'2013-09-17'),(67493,'INSERT INTO gne_vale_ferreteria_mov (vfe_id,pro_codigo_plu,vfm_cantidad,vfm_unitario,vfm_total,vfm_entregado) VALUES (11445,102074,1,1890,1890,@@@NO@@@)','',2,'2013-09-17'),(67494,'INSERT INTO gne_vale_ferreteria (vfe_id,vfe_fecha,vfe_total,vfe_estado,vfe_entregado,usu_nusuario) VALUES (11446,@@@2013.09.17@@@,200,1,0,@@@c_jara@@@)','',2,'2013-09-17'),(67495,'INSERT INTO gne_vale_ferreteria_mov (vfe_id,pro_codigo_plu,vfm_cantidad,vfm_unitario,vfm_total,vfm_entregado) VALUES (11446,18387,1,200,200,@@@NO@@@)','',2,'2013-09-17'),(67496,'INSERT INTO gne_vale_ferreteria (vfe_id,vfe_fecha,vfe_total,vfe_estado,vfe_entregado,usu_nusuario) VALUES (11447,@@@2013.09.17@@@,2100,1,0,@@@c_jara@@@)','',2,'2013-09-17'),(67497,'INSERT INTO gne_vale_ferreteria_mov (vfe_id,pro_codigo_plu,vfm_cantidad,vfm_unitario,vfm_total,vfm_entregado) VALUES (11447,763997,1,2100,2100,@@@NO@@@)','',2,'2013-09-17'),(67498,'INSERT INTO gne_vale_ferreteria (vfe_id,vfe_fecha,vfe_total,vfe_estado,vfe_entregado,usu_nusuario) VALUES (11448,@@@2013.09.17@@@,1680,1,0,@@@c_jara@@@)','',2,'2013-09-17'),(67499,'INSERT INTO gne_vale_ferreteria_mov (vfe_id,pro_codigo_plu,vfm_cantidad,vfm_unitario,vfm_total,vfm_entregado) VALUES (11448,7705007,1,690,690,@@@NO@@@)','',2,'2013-09-17'),(67500,'INSERT INTO gne_vale_ferreteria_mov (vfe_id,pro_codigo_plu,vfm_cantidad,vfm_unitario,vfm_total,vfm_entregado) VALUES (11448,7705006,1,990,990,@@@NO@@@)','',2,'2013-09-17'),(67501,'INSERT INTO gne_vale_ferreteria (vfe_id,vfe_fecha,vfe_total,vfe_estado,vfe_entregado,usu_nusuario) VALUES (11449,@@@2013.09.17@@@,1050,1,0,@@@c_jara@@@)','',2,'2013-09-17'),(67502,'INSERT INTO gne_vale_ferreteria_mov (vfe_id,pro_codigo_plu,vfm_cantidad,vfm_unitario,vfm_total,vfm_entregado) VALUES (11449,78017206,1,1050,1050,@@@NO@@@)','',2,'2013-09-17'),(67503,'INSERT INTO gne_vale_ferreteria (vfe_id,vfe_fecha,vfe_total,vfe_estado,vfe_entregado,usu_nusuario) VALUES (11450,@@@2013.09.17@@@,1490,1,0,@@@c_jara@@@)','',2,'2013-09-17'),(67504,'INSERT INTO gne_vale_ferreteria_mov (vfe_id,pro_codigo_plu,vfm_cantidad,vfm_unitario,vfm_total,vfm_entregado) VALUES (11450,780721770,1,1490,1490,@@@NO@@@)','',2,'2013-09-17'),(67505,'INSERT INTO com_ventas_grupo (vgr_fecha,vgr_grupo,vgr_cantidad,vgr_total) VALUES (@@@2013.09.16@@@,1,271.24,293972)','',2,'2013-09-17'),(67506,'INSERT INTO com_ventas_grupo (vgr_fecha,vgr_grupo,vgr_cantidad,vgr_total) VALUES (@@@2013.09.16@@@,2,271.495,164948)','',2,'2013-09-17'),(67507,'INSERT INTO com_ventas_grupo (vgr_fecha,vgr_grupo,vgr_cantidad,vgr_total) VALUES (@@@2013.09.16@@@,3,341,65170)','',2,'2013-09-17'),(67508,'INSERT INTO com_ventas_grupo (vgr_fecha,vgr_grupo,vgr_cantidad,vgr_total) VALUES (@@@2013.09.16@@@,4,157,142480)','',2,'2013-09-17'),(67509,'INSERT INTO com_ventas_grupo (vgr_fecha,vgr_grupo,vgr_cantidad,vgr_total) VALUES (@@@2013.09.16@@@,5,9,35366)','',2,'2013-09-17'),(67510,'INSERT INTO com_ventas_grupo (vgr_fecha,vgr_grupo,vgr_cantidad,vgr_total) VALUES (@@@2013.09.16@@@,6,33,56480)','',2,'2013-09-17'),(67511,'INSERT INTO com_ventas_grupo (vgr_fecha,vgr_grupo,vgr_cantidad,vgr_total) VALUES (@@@2013.09.16@@@,7,67,118467)','',2,'2013-09-17'),(67512,'INSERT INTO com_ventas_grupo (vgr_fecha,vgr_grupo,vgr_cantidad,vgr_total) VALUES (@@@2013.09.16@@@,8,28,20040)','',2,'2013-09-17'),(67513,'INSERT INTO com_ventas_grupo (vgr_fecha,vgr_grupo,vgr_cantidad,vgr_total) VALUES (@@@2013.09.16@@@,9,102.095,194098)','',2,'2013-09-17'),(67514,'INSERT INTO com_ventas_grupo (vgr_fecha,vgr_grupo,vgr_cantidad,vgr_total) VALUES (@@@2013.09.16@@@,10,83.4550000000001,390456)','',2,'2013-09-17'),(67515,'INSERT INTO com_ventas_grupo (vgr_fecha,vgr_grupo,vgr_cantidad,vgr_total) VALUES (@@@2013.09.16@@@,11,45.19,163731)','',2,'2013-09-17'),(67516,'INSERT INTO com_ventas_grupo (vgr_fecha,vgr_grupo,vgr_cantidad,vgr_total) VALUES (@@@2013.09.16@@@,12,47.1,94008)','',2,'2013-09-17'),(67517,'INSERT INTO com_ventas_grupo (vgr_fecha,vgr_grupo,vgr_cantidad,vgr_total) VALUES (@@@2013.09.16@@@,13,10.795,37120)','',2,'2013-09-17'),(67518,'INSERT INTO com_ventas_grupo (vgr_fecha,vgr_grupo,vgr_cantidad,vgr_total) VALUES (@@@2013.09.16@@@,14,79.1000000000001,71609)','',2,'2013-09-17'),(67519,'INSERT INTO com_ventas_grupo (vgr_fecha,vgr_grupo,vgr_cantidad,vgr_total) VALUES (@@@2013.09.16@@@,16,3,450)','',2,'2013-09-17'),(67520,'INSERT INTO com_ventas_grupo (vgr_fecha,vgr_grupo,vgr_cantidad,vgr_total) VALUES (@@@2013.09.16@@@,18,258.095,167533)','',2,'2013-09-17'),(67521,'INSERT INTO com_ventas_grupo (vgr_fecha,vgr_grupo,vgr_cantidad,vgr_total) VALUES (@@@2013.09.16@@@,19,3,5080)','',2,'2013-09-17'),(67522,'INSERT INTO com_ventas_grupo (vgr_fecha,vgr_grupo,vgr_cantidad,vgr_total) VALUES (@@@2013.09.16@@@,20,96.91,52033)','',2,'2013-09-17'),(67523,'INSERT INTO com_ventas_grupo (vgr_fecha,vgr_grupo,vgr_cantidad,vgr_total) VALUES (@@@2013.09.16@@@,21,159,82187)','',2,'2013-09-17'),(67524,'INSERT INTO com_ventas_grupo (vgr_fecha,vgr_grupo,vgr_cantidad,vgr_total) VALUES (@@@2013.09.16@@@,22,3,11870)','',2,'2013-09-17'),(67525,'INSERT INTO com_ventas_grupo (vgr_fecha,vgr_grupo,vgr_cantidad,vgr_total) VALUES (@@@2013.09.16@@@,23,12,16050)','',2,'2013-09-17'),(67526,'INSERT INTO com_ventas_grupo (vgr_fecha,vgr_grupo,vgr_cantidad,vgr_total) VALUES (@@@2013.09.16@@@,24,80,31550)','',2,'2013-09-17'),(67527,'INSERT INTO com_ventas_grupo (vgr_fecha,vgr_grupo,vgr_cantidad,vgr_total) VALUES (@@@2013.09.16@@@,25,103,160200)','',2,'2013-09-17'),(67528,'INSERT INTO com_ventas_grupo (vgr_fecha,vgr_grupo,vgr_cantidad,vgr_total) VALUES (@@@2013.09.16@@@,27,1,1190)','',2,'2013-09-17'),(67529,'INSERT INTO com_ventas_grupo (vgr_fecha,vgr_grupo,vgr_cantidad,vgr_total) VALUES (@@@2013.09.16@@@,31,17,14728)','',2,'2013-09-17'),(67530,'INSERT INTO com_ventas_grupo (vgr_fecha,vgr_grupo,vgr_cantidad,vgr_total) VALUES (@@@2013.09.16@@@,32,353,126756)','',2,'2013-09-17'),(67531,'INSERT INTO com_ventas_grupo (vgr_fecha,vgr_grupo,vgr_cantidad,vgr_total) VALUES (@@@2013.09.16@@@,33,2,6998)','',2,'2013-09-17'),(67532,'INSERT INTO com_ventas_grupo (vgr_fecha,vgr_grupo,vgr_cantidad,vgr_total) VALUES (@@@2013.09.16@@@,34,3,3750)','',2,'2013-09-17'),(67533,'INSERT INTO com_ventas_grupo (vgr_fecha,vgr_grupo,vgr_cantidad,vgr_total) VALUES (@@@2013.09.16@@@,35,22,42224)','',2,'2013-09-17'),(67534,'INSERT INTO com_ventas_grupo (vgr_fecha,vgr_grupo,vgr_cantidad,vgr_total) VALUES (@@@2013.09.16@@@,36,71,14820)','',2,'2013-09-17'),(67535,'INSERT INTO com_ventas_grupo (vgr_fecha,vgr_grupo,vgr_cantidad,vgr_total) VALUES (@@@2013.09.16@@@,37,1,1590)','',2,'2013-09-17'),(67536,'INSERT INTO com_ventas_grupo (vgr_fecha,vgr_grupo,vgr_cantidad,vgr_total) VALUES (@@@2013.09.16@@@,38,27,18350)','',2,'2013-09-17'),(67537,'INSERT INTO com_ventas_grupo (vgr_fecha,vgr_grupo,vgr_cantidad,vgr_total) VALUES (@@@2013.09.16@@@,39,12,10020)','',2,'2013-09-17'),(67538,'INSERT INTO com_ventas_grupo (vgr_fecha,vgr_grupo,vgr_cantidad,vgr_total) VALUES (@@@2013.09.16@@@,41,5,380)','',2,'2013-09-17'),(67539,'INSERT INTO com_ventas_grupo (vgr_fecha,vgr_grupo,vgr_cantidad,vgr_total) VALUES (@@@2013.09.16@@@,42,17.55,14665)','',2,'2013-09-17'),(67540,'UPDATE mae_datos_empresa SET emp_oferta=@@@NO@@@','',2,'2013-09-17'),(67541,'INSERT INTO com_ventas_grupo (vgr_fecha,vgr_grupo,vgr_cantidad,vgr_total) VALUES (@@@2013.09.17@@@,1,291.865,362858)','',2,'2013-09-17'),(67542,'INSERT INTO com_ventas_grupo (vgr_fecha,vgr_grupo,vgr_cantidad,vgr_total) VALUES (@@@2013.09.17@@@,2,254,148663)','',2,'2013-09-17'),(67543,'INSERT INTO com_ventas_grupo (vgr_fecha,vgr_grupo,vgr_cantidad,vgr_total) VALUES (@@@2013.09.17@@@,3,398,76586)','',2,'2013-09-17'),(67544,'INSERT INTO com_ventas_grupo (vgr_fecha,vgr_grupo,vgr_cantidad,vgr_total) VALUES (@@@2013.09.17@@@,4,310,268364)','',2,'2013-09-17'),(67545,'INSERT INTO com_ventas_grupo (vgr_fecha,vgr_grupo,vgr_cantidad,vgr_total) VALUES (@@@2013.09.17@@@,5,8,29025)','',2,'2013-09-17'),(67546,'INSERT INTO com_ventas_grupo (vgr_fecha,vgr_grupo,vgr_cantidad,vgr_total) VALUES (@@@2013.09.17@@@,6,85,181011)','',2,'2013-09-17'),(67547,'INSERT INTO com_ventas_grupo (vgr_fecha,vgr_grupo,vgr_cantidad,vgr_total) VALUES (@@@2013.09.17@@@,7,150,319953)','',2,'2013-09-17'),(67548,'INSERT INTO com_ventas_grupo (vgr_fecha,vgr_grupo,vgr_cantidad,vgr_total) VALUES (@@@2013.09.17@@@,8,45,33790)','',2,'2013-09-17'),(67549,'INSERT INTO com_ventas_grupo (vgr_fecha,vgr_grupo,vgr_cantidad,vgr_total) VALUES (@@@2013.09.17@@@,9,189.24,374073)','',2,'2013-09-17'),(67550,'INSERT INTO com_ventas_grupo (vgr_fecha,vgr_grupo,vgr_cantidad,vgr_total) VALUES (@@@2013.09.17@@@,10,112.965,554989)','',2,'2013-09-17'),(67551,'INSERT INTO com_ventas_grupo (vgr_fecha,vgr_grupo,vgr_cantidad,vgr_total) VALUES (@@@2013.09.17@@@,11,73.03,272902)','',2,'2013-09-17'),(67552,'INSERT INTO com_ventas_grupo (vgr_fecha,vgr_grupo,vgr_cantidad,vgr_total) VALUES (@@@2013.09.17@@@,12,37.745,83128)','',2,'2013-09-17'),(67553,'INSERT INTO com_ventas_grupo (vgr_fecha,vgr_grupo,vgr_cantidad,vgr_total) VALUES (@@@2013.09.17@@@,13,15.365,52002)','',2,'2013-09-17'),(67554,'INSERT INTO com_ventas_grupo (vgr_fecha,vgr_grupo,vgr_cantidad,vgr_total) VALUES (@@@2013.09.17@@@,14,89.53,80781)','',2,'2013-09-17'),(67555,'INSERT INTO com_ventas_grupo (vgr_fecha,vgr_grupo,vgr_cantidad,vgr_total) VALUES (@@@2013.09.17@@@,18,387.015,244819)','',2,'2013-09-17'),(67556,'INSERT INTO com_ventas_grupo (vgr_fecha,vgr_grupo,vgr_cantidad,vgr_total) VALUES (@@@2013.09.17@@@,19,11,19820)','',2,'2013-09-17'),(67557,'INSERT INTO com_ventas_grupo (vgr_fecha,vgr_grupo,vgr_cantidad,vgr_total) VALUES (@@@2013.09.17@@@,20,99,67774)','',2,'2013-09-17'),(67558,'INSERT INTO com_ventas_grupo (vgr_fecha,vgr_grupo,vgr_cantidad,vgr_total) VALUES (@@@2013.09.17@@@,21,91,71384)','',2,'2013-09-17'),(67559,'INSERT INTO com_ventas_grupo (vgr_fecha,vgr_grupo,vgr_cantidad,vgr_total) VALUES (@@@2013.09.17@@@,22,1,1390)','',2,'2013-09-17'),(67560,'INSERT INTO com_ventas_grupo (vgr_fecha,vgr_grupo,vgr_cantidad,vgr_total) VALUES (@@@2013.09.17@@@,23,30,26040)','',2,'2013-09-17'),(67561,'INSERT INTO com_ventas_grupo (vgr_fecha,vgr_grupo,vgr_cantidad,vgr_total) VALUES (@@@2013.09.17@@@,24,85,28600)','',2,'2013-09-17'),(67562,'INSERT INTO com_ventas_grupo (vgr_fecha,vgr_grupo,vgr_cantidad,vgr_total) VALUES (@@@2013.09.17@@@,25,86,130700)','',2,'2013-09-17'),(67563,'INSERT INTO com_ventas_grupo (vgr_fecha,vgr_grupo,vgr_cantidad,vgr_total) VALUES (@@@2013.09.17@@@,31,19,24560)','',2,'2013-09-17'),(67564,'INSERT INTO com_ventas_grupo (vgr_fecha,vgr_grupo,vgr_cantidad,vgr_total) VALUES (@@@2013.09.17@@@,32,328,119425)','',2,'2013-09-17'),(67565,'INSERT INTO com_ventas_grupo (vgr_fecha,vgr_grupo,vgr_cantidad,vgr_total) VALUES (@@@2013.09.17@@@,35,8,15005)','',2,'2013-09-17'),(67566,'INSERT INTO com_ventas_grupo (vgr_fecha,vgr_grupo,vgr_cantidad,vgr_total) VALUES (@@@2013.09.17@@@,36,42,4160)','',2,'2013-09-17'),(67567,'INSERT INTO com_ventas_grupo (vgr_fecha,vgr_grupo,vgr_cantidad,vgr_total) VALUES (@@@2013.09.17@@@,37,1,2990)','',2,'2013-09-17'),(67568,'INSERT INTO com_ventas_grupo (vgr_fecha,vgr_grupo,vgr_cantidad,vgr_total) VALUES (@@@2013.09.17@@@,38,13,19270)','',2,'2013-09-17'),(67569,'INSERT INTO com_ventas_grupo (vgr_fecha,vgr_grupo,vgr_cantidad,vgr_total) VALUES (@@@2013.09.17@@@,39,17,17120)','',2,'2013-09-17'),(67570,'INSERT INTO com_ventas_grupo (vgr_fecha,vgr_grupo,vgr_cantidad,vgr_total) VALUES (@@@2013.09.17@@@,41,4,280)','',2,'2013-09-17'),(67571,'INSERT INTO com_ventas_grupo (vgr_fecha,vgr_grupo,vgr_cantidad,vgr_total) VALUES (@@@2013.09.17@@@,42,24.13,18722)','',2,'2013-09-17'),(67572,'UPDATE mae_datos_empresa SET emp_oferta=@@@NO@@@','',2,'2013-09-17'),(67573,'DELETE FROM com_ventas_grupo WHERE vgr_fecha=@@@2013-09-17@@@','',2,'2013-09-17'),(67574,'DELETE FROM com_ventas_horario WHERE vho_fecha=@@@2013-09-17@@@','',2,'2013-09-17'),(67575,'DELETE FROM com_ventas_medios_pagos WHERE vmp_fecha=@@@2013-09-17@@@','',2,'2013-09-17'),(67576,'DELETE FROM com_ventas_vendedor WHERE vve_fecha=@@@2013-09-17@@@','',2,'2013-09-17'),(67577,'DELETE FROM com_ventas_productos WHERE vpr_fecha=@@@2013-09-17@@@','',2,'2013-09-17'),(67578,'UPDATE com_descuentos_ventas SET dve_descuentos=0,dve_descuentos_pack=0,dve_descuentos_puntos=0 WHERE dve_fecha=@@@2013-09-17@@@','',2,'2013-09-17'),(67579,'INSERT INTO gne_vale_ferreteria (vfe_id,vfe_fecha,vfe_total,vfe_estado,vfe_entregado,usu_nusuario) VALUES (11451,@@@2013.09.17@@@,2000,1,0,@@@c_jara@@@)','',2,'2013-09-17'),(67580,'INSERT INTO gne_vale_ferreteria_mov (vfe_id,pro_codigo_plu,vfm_cantidad,vfm_unitario,vfm_total,vfm_entregado) VALUES (11451,13498,1,1100,1100,@@@NO@@@)','',2,'2013-09-17'),(67581,'INSERT INTO gne_vale_ferreteria_mov (vfe_id,pro_codigo_plu,vfm_cantidad,vfm_unitario,vfm_total,vfm_entregado) VALUES (11451,764280,3,300,900,@@@NO@@@)','',2,'2013-09-17'),(67582,'INSERT INTO gne_vale_ferreteria (vfe_id,vfe_fecha,vfe_total,vfe_estado,vfe_entregado,usu_nusuario) VALUES (11452,@@@2013.09.17@@@,1680,1,0,@@@c_jara@@@)','',2,'2013-09-17'),(67583,'INSERT INTO gne_vale_ferreteria_mov (vfe_id,pro_codigo_plu,vfm_cantidad,vfm_unitario,vfm_total,vfm_entregado) VALUES (11452,764049,1,590,590,@@@NO@@@)','',2,'2013-09-17'),(67584,'INSERT INTO gne_vale_ferreteria_mov (vfe_id,pro_codigo_plu,vfm_cantidad,vfm_unitario,vfm_total,vfm_entregado) VALUES (11452,4139,1,790,790,@@@NO@@@)','',2,'2013-09-17'),(67585,'INSERT INTO gne_vale_ferreteria_mov (vfe_id,pro_codigo_plu,vfm_cantidad,vfm_unitario,vfm_total,vfm_entregado) VALUES (11452,1540,1,300,300,@@@NO@@@)','',2,'2013-09-17'),(67586,'INSERT INTO gne_vale_ferreteria (vfe_id,vfe_fecha,vfe_total,vfe_estado,vfe_entregado,usu_nusuario) VALUES (11453,@@@2013.09.17@@@,190,1,0,@@@c_jara@@@)','',2,'2013-09-17'),(67587,'INSERT INTO gne_vale_ferreteria_mov (vfe_id,pro_codigo_plu,vfm_cantidad,vfm_unitario,vfm_total,vfm_entregado) VALUES (11453,1537,1,190,190,@@@NO@@@)','',2,'2013-09-17'),(67588,'INSERT INTO gne_vale_ferreteria (vfe_id,vfe_fecha,vfe_total,vfe_estado,vfe_entregado,usu_nusuario) VALUES (11454,@@@2013.09.17@@@,1360,1,0,@@@c_jara@@@)','',2,'2013-09-17'),(67589,'INSERT INTO gne_vale_ferreteria_mov (vfe_id,pro_codigo_plu,vfm_cantidad,vfm_unitario,vfm_total,vfm_entregado) VALUES (11454,19866,2,680,1360,@@@NO@@@)','',2,'2013-09-17'),(67590,'INSERT INTO gne_vale_ferreteria (vfe_id,vfe_fecha,vfe_total,vfe_estado,vfe_entregado,usu_nusuario) VALUES (11455,@@@2013.09.17@@@,790,1,0,@@@c_jara@@@)','',2,'2013-09-17'),(67591,'INSERT INTO gne_vale_ferreteria_mov (vfe_id,pro_codigo_plu,vfm_cantidad,vfm_unitario,vfm_total,vfm_entregado) VALUES (11455,780721280,1,790,790,@@@NO@@@)','',2,'2013-09-17'),(67592,'INSERT INTO gne_vale_ferreteria (vfe_id,vfe_fecha,vfe_total,vfe_estado,vfe_entregado,usu_nusuario) VALUES (11456,@@@2013.09.17@@@,940,1,0,@@@c_jara@@@)','',2,'2013-09-17'),(67593,'INSERT INTO gne_vale_ferreteria_mov (vfe_id,pro_codigo_plu,vfm_cantidad,vfm_unitario,vfm_total,vfm_entregado) VALUES (11456,780220183,1,490,490,@@@NO@@@)','',2,'2013-09-17'),(67594,'INSERT INTO gne_vale_ferreteria_mov (vfe_id,pro_codigo_plu,vfm_cantidad,vfm_unitario,vfm_total,vfm_entregado) VALUES (11456,15848,1,450,450,@@@NO@@@)','',2,'2013-09-17'),(67595,'INSERT INTO gne_vale_ferreteria (vfe_id,vfe_fecha,vfe_total,vfe_estado,vfe_entregado,usu_nusuario) VALUES (11457,@@@2013.09.17@@@,1390,1,0,@@@c_jara@@@)','',2,'2013-09-17'),(67596,'INSERT INTO gne_vale_ferreteria_mov (vfe_id,pro_codigo_plu,vfm_cantidad,vfm_unitario,vfm_total,vfm_entregado) VALUES (11457,780721827,1,1390,1390,@@@NO@@@)','',2,'2013-09-17'),(67597,'INSERT INTO gne_vale_ferreteria (vfe_id,vfe_fecha,vfe_total,vfe_estado,vfe_entregado,usu_nusuario) VALUES (11458,@@@2013.09.17@@@,410,1,0,@@@c_jara@@@)','',2,'2013-09-17'),(67598,'INSERT INTO gne_vale_ferreteria_mov (vfe_id,pro_codigo_plu,vfm_cantidad,vfm_unitario,vfm_total,vfm_entregado) VALUES (11458,780721265,1,120,120,@@@NO@@@)','',2,'2013-09-17'),(67599,'INSERT INTO gne_vale_ferreteria_mov (vfe_id,pro_codigo_plu,vfm_cantidad,vfm_unitario,vfm_total,vfm_entregado) VALUES (11458,1559,1,290,290,@@@NO@@@)','',2,'2013-09-17'),(67600,'INSERT INTO gne_vale_ferreteria (vfe_id,vfe_fecha,vfe_total,vfe_estado,vfe_entregado,usu_nusuario) VALUES (11459,@@@2013.09.17@@@,450,1,0,@@@c_jara@@@)','',2,'2013-09-17'),(67601,'INSERT INTO gne_vale_ferreteria_mov (vfe_id,pro_codigo_plu,vfm_cantidad,vfm_unitario,vfm_total,vfm_entregado) VALUES (11459,15848,1,450,450,@@@NO@@@)','',2,'2013-09-17'),(67602,'INSERT INTO gne_vale_ferreteria (vfe_id,vfe_fecha,vfe_total,vfe_estado,vfe_entregado,usu_nusuario) VALUES (11460,@@@2013.09.17@@@,1590,1,0,@@@c_jara@@@)','',2,'2013-09-17'),(67603,'INSERT INTO gne_vale_ferreteria_mov (vfe_id,pro_codigo_plu,vfm_cantidad,vfm_unitario,vfm_total,vfm_entregado) VALUES (11460,764790,1,1590,1590,@@@NO@@@)','',2,'2013-09-17'),(67604,'INSERT INTO gne_vale_ferreteria (vfe_id,vfe_fecha,vfe_total,vfe_estado,vfe_entregado,usu_nusuario) VALUES (11461,@@@2013.09.17@@@,12240,1,0,@@@c_jara@@@)','',2,'2013-09-17'),(67605,'INSERT INTO gne_vale_ferreteria_mov (vfe_id,pro_codigo_plu,vfm_cantidad,vfm_unitario,vfm_total,vfm_entregado) VALUES (11461,764790,1,1590,1590,@@@NO@@@)','',2,'2013-09-17'),(67606,'INSERT INTO gne_vale_ferreteria_mov (vfe_id,pro_codigo_plu,vfm_cantidad,vfm_unitario,vfm_total,vfm_entregado) VALUES (11461,7500892,1,10650,10650,@@@NO@@@)','',2,'2013-09-17'),(67607,'INSERT INTO gne_vale_ferreteria (vfe_id,vfe_fecha,vfe_total,vfe_estado,vfe_entregado,usu_nusuario) VALUES (11462,@@@2013.09.17@@@,3890,1,0,@@@c_jara@@@)','',2,'2013-09-17'),(67608,'INSERT INTO gne_vale_ferreteria_mov (vfe_id,pro_codigo_plu,vfm_cantidad,vfm_unitario,vfm_total,vfm_entregado) VALUES (11462,764038,1,3890,3890,@@@NO@@@)','',2,'2013-09-17'),(67609,'INSERT INTO gne_vale_ferreteria (vfe_id,vfe_fecha,vfe_total,vfe_estado,vfe_entregado,usu_nusuario) VALUES (11463,@@@2013.09.17@@@,800,1,0,@@@c_jara@@@)','',2,'2013-09-17'),(67610,'INSERT INTO gne_vale_ferreteria_mov (vfe_id,pro_codigo_plu,vfm_cantidad,vfm_unitario,vfm_total,vfm_entregado) VALUES (11463,102110,1,300,300,@@@NO@@@)','',2,'2013-09-17'),(67611,'INSERT INTO gne_vale_ferreteria_mov (vfe_id,pro_codigo_plu,vfm_cantidad,vfm_unitario,vfm_total,vfm_entregado) VALUES (11463,780721221,1,300,300,@@@NO@@@)','',2,'2013-09-17'),(67612,'INSERT INTO gne_vale_ferreteria_mov (vfe_id,pro_codigo_plu,vfm_cantidad,vfm_unitario,vfm_total,vfm_entregado) VALUES (11463,770000,4,50,200,@@@NO@@@)','',2,'2013-09-17'),(67613,'INSERT INTO gne_vale_ferreteria (vfe_id,vfe_fecha,vfe_total,vfe_estado,vfe_entregado,usu_nusuario) VALUES (11464,@@@2013.09.17@@@,100,1,0,@@@c_jara@@@)','',2,'2013-09-17'),(67614,'INSERT INTO gne_vale_ferreteria_mov (vfe_id,pro_codigo_plu,vfm_cantidad,vfm_unitario,vfm_total,vfm_entregado) VALUES (11464,763851,1,100,100,@@@NO@@@)','',2,'2013-09-17'),(67615,'INSERT INTO gne_vale_ferreteria (vfe_id,vfe_fecha,vfe_total,vfe_estado,vfe_entregado,usu_nusuario) VALUES (11465,@@@2013.09.17@@@,230,1,0,@@@c_jara@@@)','',2,'2013-09-17'),(67616,'INSERT INTO gne_vale_ferreteria_mov (vfe_id,pro_codigo_plu,vfm_cantidad,vfm_unitario,vfm_total,vfm_entregado) VALUES (11465,78017147,2,90,180,@@@NO@@@)','',2,'2013-09-17'),(67617,'INSERT INTO gne_vale_ferreteria_mov (vfe_id,pro_codigo_plu,vfm_cantidad,vfm_unitario,vfm_total,vfm_entregado) VALUES (11465,78017146,1,50,50,@@@NO@@@)','',2,'2013-09-17'),(67618,'INSERT INTO gne_vale_ferreteria (vfe_id,vfe_fecha,vfe_total,vfe_estado,vfe_entregado,usu_nusuario) VALUES (11466,@@@2013.09.17@@@,960,1,0,@@@c_jara@@@)','',2,'2013-09-17'),(67619,'INSERT INTO gne_vale_ferreteria_mov (vfe_id,pro_codigo_plu,vfm_cantidad,vfm_unitario,vfm_total,vfm_entregado) VALUES (11466,15935,2,480,960,@@@NO@@@)','',2,'2013-09-17'),(67620,'INSERT INTO gne_vale_ferreteria (vfe_id,vfe_fecha,vfe_total,vfe_estado,vfe_entregado,usu_nusuario) VALUES (11467,@@@2013.09.17@@@,310,1,0,@@@c_jara@@@)','',2,'2013-09-17'),(67621,'INSERT INTO gne_vale_ferreteria_mov (vfe_id,pro_codigo_plu,vfm_cantidad,vfm_unitario,vfm_total,vfm_entregado) VALUES (11467,18799,1,310,310,@@@NO@@@)','',2,'2013-09-17'),(67622,'INSERT INTO gne_vale_ferreteria (vfe_id,vfe_fecha,vfe_total,vfe_estado,vfe_entregado,usu_nusuario) VALUES (11468,@@@2013.09.17@@@,490,1,0,@@@c_jara@@@)','',2,'2013-09-17'),(67623,'INSERT INTO gne_vale_ferreteria_mov (vfe_id,pro_codigo_plu,vfm_cantidad,vfm_unitario,vfm_total,vfm_entregado) VALUES (11468,4127,1,490,490,@@@NO@@@)','',2,'2013-09-17'),(67624,'INSERT INTO gne_vale_ferreteria (vfe_id,vfe_fecha,vfe_total,vfe_estado,vfe_entregado,usu_nusuario) VALUES (11469,@@@2013.09.17@@@,11990,1,0,@@@c_jara@@@)','',2,'2013-09-17'),(67625,'INSERT INTO gne_vale_ferreteria_mov (vfe_id,pro_codigo_plu,vfm_cantidad,vfm_unitario,vfm_total,vfm_entregado) VALUES (11469,764739,1,11990,11990,@@@NO@@@)','',2,'2013-09-17'),(67626,'INSERT INTO gne_vale_ferreteria (vfe_id,vfe_fecha,vfe_total,vfe_estado,vfe_entregado,usu_nusuario) VALUES (11470,@@@2013.09.17@@@,1380,1,0,@@@c_jara@@@)','',2,'2013-09-17'),(67627,'INSERT INTO gne_vale_ferreteria_mov (vfe_id,pro_codigo_plu,vfm_cantidad,vfm_unitario,vfm_total,vfm_entregado) VALUES (11470,7705007,1,690,690,@@@NO@@@)','',2,'2013-09-17'),(67628,'INSERT INTO gne_vale_ferreteria_mov (vfe_id,pro_codigo_plu,vfm_cantidad,vfm_unitario,vfm_total,vfm_entregado) VALUES (11470,7705005,1,690,690,@@@NO@@@)','',2,'2013-09-17'),(67629,'INSERT INTO gne_vale_ferreteria (vfe_id,vfe_fecha,vfe_total,vfe_estado,vfe_entregado,usu_nusuario) VALUES (11471,@@@2013.09.17@@@,590,1,0,@@@c_jara@@@)','',2,'2013-09-17'),(67630,'INSERT INTO gne_vale_ferreteria_mov (vfe_id,pro_codigo_plu,vfm_cantidad,vfm_unitario,vfm_total,vfm_entregado) VALUES (11471,780721516,1,590,590,@@@NO@@@)','',2,'2013-09-17'),(67631,'INSERT INTO gne_vale_ferreteria (vfe_id,vfe_fecha,vfe_total,vfe_estado,vfe_entregado,usu_nusuario) VALUES (11472,@@@2013.09.17@@@,1990,1,0,@@@c_jara@@@)','',2,'2013-09-17'),(67632,'INSERT INTO gne_vale_ferreteria_mov (vfe_id,pro_codigo_plu,vfm_cantidad,vfm_unitario,vfm_total,vfm_entregado) VALUES (11472,7653,1,1990,1990,@@@NO@@@)','',2,'2013-09-17'),(67633,'INSERT INTO gne_vale_ferreteria (vfe_id,vfe_fecha,vfe_total,vfe_estado,vfe_entregado,usu_nusuario) VALUES (11473,@@@2013.09.17@@@,1990,1,0,@@@c_jara@@@)','',2,'2013-09-17'),(67634,'INSERT INTO gne_vale_ferreteria_mov (vfe_id,pro_codigo_plu,vfm_cantidad,vfm_unitario,vfm_total,vfm_entregado) VALUES (11473,1505,1,1990,1990,@@@NO@@@)','',2,'2013-09-17'),(67635,'INSERT INTO gne_vale_ferreteria (vfe_id,vfe_fecha,vfe_total,vfe_estado,vfe_entregado,usu_nusuario) VALUES (11474,@@@2013.09.17@@@,590,1,0,@@@c_jara@@@)','',2,'2013-09-17'),(67636,'INSERT INTO gne_vale_ferreteria_mov (vfe_id,pro_codigo_plu,vfm_cantidad,vfm_unitario,vfm_total,vfm_entregado) VALUES (11474,780721516,1,590,590,@@@NO@@@)','',2,'2013-09-17'),(67637,'INSERT INTO gne_vale_ferreteria (vfe_id,vfe_fecha,vfe_total,vfe_estado,vfe_entregado,usu_nusuario) VALUES (11475,@@@2013.09.17@@@,2290,1,0,@@@G_DIAZ@@@)','',2,'2013-09-17'),(67638,'INSERT INTO gne_vale_ferreteria_mov (vfe_id,pro_codigo_plu,vfm_cantidad,vfm_unitario,vfm_total,vfm_entregado) VALUES (11475,763695,1,2290,2290,@@@NO@@@)','',2,'2013-09-17'),(67639,'INSERT INTO gne_vale_ferreteria (vfe_id,vfe_fecha,vfe_total,vfe_estado,vfe_entregado,usu_nusuario) VALUES (11476,@@@2013.09.17@@@,250,1,0,@@@G_DIAZ@@@)','',2,'2013-09-17'),(67640,'INSERT INTO gne_vale_ferreteria_mov (vfe_id,pro_codigo_plu,vfm_cantidad,vfm_unitario,vfm_total,vfm_entregado) VALUES (11476,763802,1,250,250,@@@NO@@@)','',2,'2013-09-17'),(67641,'INSERT INTO gne_vale_ferreteria (vfe_id,vfe_fecha,vfe_total,vfe_estado,vfe_entregado,usu_nusuario) VALUES (11477,@@@2013.09.17@@@,540,1,0,@@@G_DIAZ@@@)','',2,'2013-09-17'),(67642,'INSERT INTO gne_vale_ferreteria_mov (vfe_id,pro_codigo_plu,vfm_cantidad,vfm_unitario,vfm_total,vfm_entregado) VALUES (11477,780721692,1,390,390,@@@NO@@@)','',2,'2013-09-17'),(67643,'INSERT INTO gne_vale_ferreteria_mov (vfe_id,pro_codigo_plu,vfm_cantidad,vfm_unitario,vfm_total,vfm_entregado) VALUES (11477,78017012,1,150,150,@@@NO@@@)','',2,'2013-09-17'),(67644,'INSERT INTO gne_vale_ferreteria (vfe_id,vfe_fecha,vfe_total,vfe_estado,vfe_entregado,usu_nusuario) VALUES (11478,@@@2013.09.17@@@,250,1,0,@@@G_DIAZ@@@)','',2,'2013-09-17'),(67645,'INSERT INTO gne_vale_ferreteria_mov (vfe_id,pro_codigo_plu,vfm_cantidad,vfm_unitario,vfm_total,vfm_entregado) VALUES (11478,780721493,1,250,250,@@@NO@@@)','',2,'2013-09-17'),(67646,'INSERT INTO gne_vale_ferreteria (vfe_id,vfe_fecha,vfe_total,vfe_estado,vfe_entregado,usu_nusuario) VALUES (11479,@@@2013.09.17@@@,390,1,0,@@@G_DIAZ@@@)','',2,'2013-09-17'),(67647,'INSERT INTO gne_vale_ferreteria_mov (vfe_id,pro_codigo_plu,vfm_cantidad,vfm_unitario,vfm_total,vfm_entregado) VALUES (11479,780721692,1,390,390,@@@NO@@@)','',2,'2013-09-17'),(67648,'INSERT INTO gne_vale_ferreteria (vfe_id,vfe_fecha,vfe_total,vfe_estado,vfe_entregado,usu_nusuario) VALUES (11480,@@@2013.09.17@@@,690,1,0,@@@G_DIAZ@@@)','',2,'2013-09-17'),(67649,'INSERT INTO gne_vale_ferreteria_mov (vfe_id,pro_codigo_plu,vfm_cantidad,vfm_unitario,vfm_total,vfm_entregado) VALUES (11480,761436,1,690,690,@@@NO@@@)','',2,'2013-09-17'),(67650,'INSERT INTO gne_vale_ferreteria (vfe_id,vfe_fecha,vfe_total,vfe_estado,vfe_entregado,usu_nusuario) VALUES (11481,@@@2013.09.17@@@,1890,1,0,@@@G_DIAZ@@@)','',2,'2013-09-17'),(67651,'INSERT INTO gne_vale_ferreteria_mov (vfe_id,pro_codigo_plu,vfm_cantidad,vfm_unitario,vfm_total,vfm_entregado) VALUES (11481,101625,1,1890,1890,@@@NO@@@)','',2,'2013-09-17'),(67652,'INSERT INTO gne_vale_ferreteria (vfe_id,vfe_fecha,vfe_total,vfe_estado,vfe_entregado,usu_nusuario) VALUES (11482,@@@2013.09.17@@@,600,1,0,@@@G_DIAZ@@@)','',2,'2013-09-17'),(67653,'INSERT INTO gne_vale_ferreteria_mov (vfe_id,pro_codigo_plu,vfm_cantidad,vfm_unitario,vfm_total,vfm_entregado) VALUES (11482,780721221,2,300,600,@@@NO@@@)','',2,'2013-09-17'),(67654,'INSERT INTO gne_vale_ferreteria (vfe_id,vfe_fecha,vfe_total,vfe_estado,vfe_entregado,usu_nusuario) VALUES (11483,@@@2013.09.17@@@,550,1,0,@@@G_DIAZ@@@)','',2,'2013-09-17'),(67655,'INSERT INTO gne_vale_ferreteria_mov (vfe_id,pro_codigo_plu,vfm_cantidad,vfm_unitario,vfm_total,vfm_entregado) VALUES (11483,780721140,1,550,550,@@@NO@@@)','',2,'2013-09-17'),(67656,'INSERT INTO gne_vale_ferreteria (vfe_id,vfe_fecha,vfe_total,vfe_estado,vfe_entregado,usu_nusuario) VALUES (11484,@@@2013.09.17@@@,1250,1,0,@@@G_DIAZ@@@)','',2,'2013-09-17'),(67657,'INSERT INTO gne_vale_ferreteria_mov (vfe_id,pro_codigo_plu,vfm_cantidad,vfm_unitario,vfm_total,vfm_entregado) VALUES (11484,20836,1,650,650,@@@NO@@@)','',2,'2013-09-17'),(67658,'INSERT INTO gne_vale_ferreteria_mov (vfe_id,pro_codigo_plu,vfm_cantidad,vfm_unitario,vfm_total,vfm_entregado) VALUES (11484,12000,2,300,600,@@@NO@@@)','',2,'2013-09-17'),(67659,'INSERT INTO gne_vale_ferreteria (vfe_id,vfe_fecha,vfe_total,vfe_estado,vfe_entregado,usu_nusuario) VALUES (11485,@@@2013.09.17@@@,990,1,0,@@@G_DIAZ@@@)','',2,'2013-09-17'),(67660,'INSERT INTO gne_vale_ferreteria_mov (vfe_id,pro_codigo_plu,vfm_cantidad,vfm_unitario,vfm_total,vfm_entregado) VALUES (11485,78017130,1,390,390,@@@NO@@@)','',2,'2013-09-17'),(67661,'INSERT INTO gne_vale_ferreteria_mov (vfe_id,pro_codigo_plu,vfm_cantidad,vfm_unitario,vfm_total,vfm_entregado) VALUES (11485,8022,5,120,600,@@@NO@@@)','',2,'2013-09-17'),(67662,'INSERT INTO gne_vale_ferreteria (vfe_id,vfe_fecha,vfe_total,vfe_estado,vfe_entregado,usu_nusuario) VALUES (11486,@@@2013.09.17@@@,450,1,0,@@@G_DIAZ@@@)','',2,'2013-09-17'),(67663,'INSERT INTO gne_vale_ferreteria_mov (vfe_id,pro_codigo_plu,vfm_cantidad,vfm_unitario,vfm_total,vfm_entregado) VALUES (11486,15848,1,450,450,@@@NO@@@)','',2,'2013-09-17'),(67664,'INSERT INTO gne_vale_ferreteria (vfe_id,vfe_fecha,vfe_total,vfe_estado,vfe_entregado,usu_nusuario) VALUES (11487,@@@2013.09.17@@@,3130,1,0,@@@G_DIAZ@@@)','',2,'2013-09-17'),(67665,'INSERT INTO gne_vale_ferreteria_mov (vfe_id,pro_codigo_plu,vfm_cantidad,vfm_unitario,vfm_total,vfm_entregado) VALUES (11487,78017229,1,2100,2100,@@@NO@@@)','',2,'2013-09-17'),(67666,'INSERT INTO gne_vale_ferreteria_mov (vfe_id,pro_codigo_plu,vfm_cantidad,vfm_unitario,vfm_total,vfm_entregado) VALUES (11487,20813,1,1030,1030,@@@NO@@@)','',2,'2013-09-17'),(67667,'INSERT INTO gne_vale_ferreteria (vfe_id,vfe_fecha,vfe_total,vfe_estado,vfe_entregado,usu_nusuario) VALUES (11488,@@@2013.09.17@@@,1100,1,0,@@@G_DIAZ@@@)','',2,'2013-09-17'),(67668,'INSERT INTO gne_vale_ferreteria_mov (vfe_id,pro_codigo_plu,vfm_cantidad,vfm_unitario,vfm_total,vfm_entregado) VALUES (11488,990025,1,1100,1100,@@@NO@@@)','',2,'2013-09-17'),(67669,'INSERT INTO gne_vale_ferreteria (vfe_id,vfe_fecha,vfe_total,vfe_estado,vfe_entregado,usu_nusuario) VALUES (11489,@@@2013.09.17@@@,1150,1,0,@@@G_DIAZ@@@)','',2,'2013-09-17'),(67670,'INSERT INTO gne_vale_ferreteria_mov (vfe_id,pro_codigo_plu,vfm_cantidad,vfm_unitario,vfm_total,vfm_entregado) VALUES (11489,764436,1,1150,1150,@@@NO@@@)','',2,'2013-09-17'),(67671,'INSERT INTO gne_vale_ferreteria (vfe_id,vfe_fecha,vfe_total,vfe_estado,vfe_entregado,usu_nusuario) VALUES (11490,@@@2013.09.17@@@,300,1,0,@@@G_DIAZ@@@)','',2,'2013-09-17'),(67672,'INSERT INTO gne_vale_ferreteria_mov (vfe_id,pro_codigo_plu,vfm_cantidad,vfm_unitario,vfm_total,vfm_entregado) VALUES (11490,780721220,1,300,300,@@@NO@@@)','',2,'2013-09-17'),(67673,'INSERT INTO gne_vale_ferreteria (vfe_id,vfe_fecha,vfe_total,vfe_estado,vfe_entregado,usu_nusuario) VALUES (11491,@@@2013.09.17@@@,1890,1,0,@@@G_DIAZ@@@)','',2,'2013-09-17'),(67674,'INSERT INTO gne_vale_ferreteria_mov (vfe_id,pro_codigo_plu,vfm_cantidad,vfm_unitario,vfm_total,vfm_entregado) VALUES (11491,101678,1,1890,1890,@@@NO@@@)','',2,'2013-09-17'),(67675,'INSERT INTO gne_vale_ferreteria (vfe_id,vfe_fecha,vfe_total,vfe_estado,vfe_entregado,usu_nusuario) VALUES (11492,@@@2013.09.17@@@,1270,1,0,@@@G_DIAZ@@@)','',2,'2013-09-17'),(67676,'INSERT INTO gne_vale_ferreteria_mov (vfe_id,pro_codigo_plu,vfm_cantidad,vfm_unitario,vfm_total,vfm_entregado) VALUES (11492,780721265,1,120,120,@@@NO@@@)','',2,'2013-09-17'),(67677,'INSERT INTO gne_vale_ferreteria_mov (vfe_id,pro_codigo_plu,vfm_cantidad,vfm_unitario,vfm_total,vfm_entregado) VALUES (11492,7500874,1,850,850,@@@NO@@@)','',2,'2013-09-17'),(67678,'INSERT INTO gne_vale_ferreteria_mov (vfe_id,pro_codigo_plu,vfm_cantidad,vfm_unitario,vfm_total,vfm_entregado) VALUES (11492,78017049,1,300,300,@@@NO@@@)','',2,'2013-09-17'),(67679,'INSERT INTO gne_vale_ferreteria (vfe_id,vfe_fecha,vfe_total,vfe_estado,vfe_entregado,usu_nusuario) VALUES (11493,@@@2013.09.17@@@,2490,1,0,@@@G_DIAZ@@@)','',2,'2013-09-17'),(67680,'INSERT INTO gne_vale_ferreteria_mov (vfe_id,pro_codigo_plu,vfm_cantidad,vfm_unitario,vfm_total,vfm_entregado) VALUES (11493,780721771,1,2490,2490,@@@NO@@@)','',2,'2013-09-17'),(67681,'INSERT INTO gne_vale_ferreteria (vfe_id,vfe_fecha,vfe_total,vfe_estado,vfe_entregado,usu_nusuario) VALUES (11494,@@@2013.09.17@@@,6870,1,0,@@@G_DIAZ@@@)','',2,'2013-09-17'),(67682,'INSERT INTO gne_vale_ferreteria_mov (vfe_id,pro_codigo_plu,vfm_cantidad,vfm_unitario,vfm_total,vfm_entregado) VALUES (11494,780721203,1,1990,1990,@@@NO@@@)','',2,'2013-09-17'),(67683,'INSERT INTO gne_vale_ferreteria_mov (vfe_id,pro_codigo_plu,vfm_cantidad,vfm_unitario,vfm_total,vfm_entregado) VALUES (11494,780721732,1,3890,3890,@@@NO@@@)','',2,'2013-09-17'),(67684,'INSERT INTO gne_vale_ferreteria_mov (vfe_id,pro_codigo_plu,vfm_cantidad,vfm_unitario,vfm_total,vfm_entregado) VALUES (11494,780721442,1,990,990,@@@NO@@@)','',2,'2013-09-17'),(67685,'INSERT INTO gne_vale_ferreteria (vfe_id,vfe_fecha,vfe_total,vfe_estado,vfe_entregado,usu_nusuario) VALUES (11495,@@@2013.09.17@@@,390,1,0,@@@G_DIAZ@@@)','',2,'2013-09-17'),(67686,'INSERT INTO gne_vale_ferreteria_mov (vfe_id,pro_codigo_plu,vfm_cantidad,vfm_unitario,vfm_total,vfm_entregado) VALUES (11495,4090,1,390,390,@@@NO@@@)','',2,'2013-09-17'),(67687,'INSERT INTO gne_vale_ferreteria (vfe_id,vfe_fecha,vfe_total,vfe_estado,vfe_entregado,usu_nusuario) VALUES (11496,@@@2013.09.17@@@,590,1,0,@@@G_DIAZ@@@)','',2,'2013-09-17'),(67688,'INSERT INTO gne_vale_ferreteria_mov (vfe_id,pro_codigo_plu,vfm_cantidad,vfm_unitario,vfm_total,vfm_entregado) VALUES (11496,7051,2,100,200,@@@NO@@@)','',2,'2013-09-17'),(67689,'INSERT INTO gne_vale_ferreteria_mov (vfe_id,pro_codigo_plu,vfm_cantidad,vfm_unitario,vfm_total,vfm_entregado) VALUES (11496,7500,1,390,390,@@@NO@@@)','',2,'2013-09-17'),(67690,'INSERT INTO gne_vale_ferreteria (vfe_id,vfe_fecha,vfe_total,vfe_estado,vfe_entregado,usu_nusuario) VALUES (11497,@@@2013.09.17@@@,16980,1,0,@@@G_DIAZ@@@)','',2,'2013-09-17'),(67691,'INSERT INTO gne_vale_ferreteria_mov (vfe_id,pro_codigo_plu,vfm_cantidad,vfm_unitario,vfm_total,vfm_entregado) VALUES (11497,764044,1,3990,3990,@@@NO@@@)','',2,'2013-09-17'),(67692,'INSERT INTO gne_vale_ferreteria_mov (vfe_id,pro_codigo_plu,vfm_cantidad,vfm_unitario,vfm_total,vfm_entregado) VALUES (11497,780721116,1,12990,12990,@@@NO@@@)','',2,'2013-09-17'),(67693,'INSERT INTO gne_vale_ferreteria (vfe_id,vfe_fecha,vfe_total,vfe_estado,vfe_entregado,usu_nusuario) VALUES (11498,@@@2013.09.17@@@,3090,1,0,@@@G_DIAZ@@@)','',2,'2013-09-17'),(67694,'INSERT INTO gne_vale_ferreteria_mov (vfe_id,pro_codigo_plu,vfm_cantidad,vfm_unitario,vfm_total,vfm_entregado) VALUES (11498,763944,1,2100,2100,@@@NO@@@)','',2,'2013-09-17'),(67695,'INSERT INTO gne_vale_ferreteria_mov (vfe_id,pro_codigo_plu,vfm_cantidad,vfm_unitario,vfm_total,vfm_entregado) VALUES (11498,764003,1,990,990,@@@NO@@@)','',2,'2013-09-17'),(67696,'INSERT INTO gne_vale_ferreteria (vfe_id,vfe_fecha,vfe_total,vfe_estado,vfe_entregado,usu_nusuario) VALUES (11499,@@@2013.09.17@@@,300,1,0,@@@G_DIAZ@@@)','',2,'2013-09-17'),(67697,'INSERT INTO gne_vale_ferreteria_mov (vfe_id,pro_codigo_plu,vfm_cantidad,vfm_unitario,vfm_total,vfm_entregado) VALUES (11499,2004,1,300,300,@@@NO@@@)','',2,'2013-09-17'),(67698,'INSERT INTO gne_vale_ferreteria (vfe_id,vfe_fecha,vfe_total,vfe_estado,vfe_entregado,usu_nusuario) VALUES (11500,@@@2013.09.17@@@,18050,1,0,@@@G_DIAZ@@@)','',2,'2013-09-17'),(67699,'INSERT INTO gne_vale_ferreteria_mov (vfe_id,pro_codigo_plu,vfm_cantidad,vfm_unitario,vfm_total,vfm_entregado) VALUES (11500,4104,1,3690,3690,@@@NO@@@)','',2,'2013-09-17'),(67700,'INSERT INTO gne_vale_ferreteria_mov (vfe_id,pro_codigo_plu,vfm_cantidad,vfm_unitario,vfm_total,vfm_entregado) VALUES (11500,764779,5,990,4950,@@@NO@@@)','',2,'2013-09-17'),(67701,'INSERT INTO gne_vale_ferreteria_mov (vfe_id,pro_codigo_plu,vfm_cantidad,vfm_unitario,vfm_total,vfm_entregado) VALUES (11500,4139,5,790,3950,@@@NO@@@)','',2,'2013-09-17'),(67702,'INSERT INTO gne_vale_ferreteria_mov (vfe_id,pro_codigo_plu,vfm_cantidad,vfm_unitario,vfm_total,vfm_entregado) VALUES (11500,764994,14,390,5460,@@@NO@@@)','',2,'2013-09-17'),(67703,'INSERT INTO gne_vale_ferreteria (vfe_id,vfe_fecha,vfe_total,vfe_estado,vfe_entregado,usu_nusuario) VALUES (11501,@@@2013.09.17@@@,2490,1,0,@@@G_DIAZ@@@)','',2,'2013-09-17'),(67704,'INSERT INTO gne_vale_ferreteria_mov (vfe_id,pro_codigo_plu,vfm_cantidad,vfm_unitario,vfm_total,vfm_entregado) VALUES (11501,262365,1,1390,1390,@@@NO@@@)','',2,'2013-09-17'),(67705,'INSERT INTO gne_vale_ferreteria_mov (vfe_id,pro_codigo_plu,vfm_cantidad,vfm_unitario,vfm_total,vfm_entregado) VALUES (11501,13498,1,1100,1100,@@@NO@@@)','',2,'2013-09-17'),(67706,'INSERT INTO gne_vale_ferreteria (vfe_id,vfe_fecha,vfe_total,vfe_estado,vfe_entregado,usu_nusuario) VALUES (11502,@@@2013.09.17@@@,14150,1,0,@@@G_DIAZ@@@)','',2,'2013-09-17'),(67707,'INSERT INTO gne_vale_ferreteria_mov (vfe_id,pro_codigo_plu,vfm_cantidad,vfm_unitario,vfm_total,vfm_entregado) VALUES (11502,4104,1,3690,3690,@@@NO@@@)','',2,'2013-09-17'),(67708,'INSERT INTO gne_vale_ferreteria_mov (vfe_id,pro_codigo_plu,vfm_cantidad,vfm_unitario,vfm_total,vfm_entregado) VALUES (11502,764779,5,990,4950,@@@NO@@@)','',2,'2013-09-17'),(67709,'INSERT INTO gne_vale_ferreteria_mov (vfe_id,pro_codigo_plu,vfm_cantidad,vfm_unitario,vfm_total,vfm_entregado) VALUES (11502,4139,5,790,3950,@@@NO@@@)','',2,'2013-09-17'),(67710,'INSERT INTO gne_vale_ferreteria_mov (vfe_id,pro_codigo_plu,vfm_cantidad,vfm_unitario,vfm_total,vfm_entregado) VALUES (11502,764994,4,390,1560,@@@NO@@@)','',2,'2013-09-17'),(67711,'INSERT INTO gne_vale_ferreteria (vfe_id,vfe_fecha,vfe_total,vfe_estado,vfe_entregado,usu_nusuario) VALUES (11503,@@@2013.09.17@@@,490,1,0,@@@G_DIAZ@@@)','',2,'2013-09-17'),(67712,'INSERT INTO gne_vale_ferreteria_mov (vfe_id,pro_codigo_plu,vfm_cantidad,vfm_unitario,vfm_total,vfm_entregado) VALUES (11503,780220183,1,490,490,@@@NO@@@)','',2,'2013-09-17'),(67713,'INSERT INTO gne_vale_ferreteria (vfe_id,vfe_fecha,vfe_total,vfe_estado,vfe_entregado,usu_nusuario) VALUES (11504,@@@2013.09.17@@@,300,1,0,@@@G_DIAZ@@@)','',2,'2013-09-17'),(67714,'INSERT INTO gne_vale_ferreteria_mov (vfe_id,pro_codigo_plu,vfm_cantidad,vfm_unitario,vfm_total,vfm_entregado) VALUES (11504,8021,2,150,300,@@@NO@@@)','',2,'2013-09-17'),(67715,'INSERT INTO gne_vale_ferreteria (vfe_id,vfe_fecha,vfe_total,vfe_estado,vfe_entregado,usu_nusuario) VALUES (11505,@@@2013.09.17@@@,200,1,0,@@@G_DIAZ@@@)','',2,'2013-09-17'),(67716,'INSERT INTO gne_vale_ferreteria_mov (vfe_id,pro_codigo_plu,vfm_cantidad,vfm_unitario,vfm_total,vfm_entregado) VALUES (11505,765072,1,200,200,@@@NO@@@)','',2,'2013-09-17'),(67717,'INSERT INTO gne_vale_ferreteria (vfe_id,vfe_fecha,vfe_total,vfe_estado,vfe_entregado,usu_nusuario) VALUES (11506,@@@2013.09.17@@@,6330,1,0,@@@G_DIAZ@@@)','',2,'2013-09-17'),(67718,'INSERT INTO gne_vale_ferreteria_mov (vfe_id,pro_codigo_plu,vfm_cantidad,vfm_unitario,vfm_total,vfm_entregado) VALUES (11506,780721736,1,3990,3990,@@@NO@@@)','',2,'2013-09-17'),(67719,'INSERT INTO gne_vale_ferreteria_mov (vfe_id,pro_codigo_plu,vfm_cantidad,vfm_unitario,vfm_total,vfm_entregado) VALUES (11506,780220154,1,1790,1790,@@@NO@@@)','',2,'2013-09-17'),(67720,'INSERT INTO gne_vale_ferreteria_mov (vfe_id,pro_codigo_plu,vfm_cantidad,vfm_unitario,vfm_total,vfm_entregado) VALUES (11506,763910,1,550,550,@@@NO@@@)','',2,'2013-09-17'),(67721,'INSERT INTO gne_vale_ferreteria (vfe_id,vfe_fecha,vfe_total,vfe_estado,vfe_entregado,usu_nusuario) VALUES (11507,@@@2013.09.17@@@,1490,1,0,@@@G_DIAZ@@@)','',2,'2013-09-17'),(67722,'INSERT INTO gne_vale_ferreteria_mov (vfe_id,pro_codigo_plu,vfm_cantidad,vfm_unitario,vfm_total,vfm_entregado) VALUES (11507,780721770,1,1490,1490,@@@NO@@@)','',2,'2013-09-17'),(67723,'INSERT INTO gne_vale_ferreteria (vfe_id,vfe_fecha,vfe_total,vfe_estado,vfe_entregado,usu_nusuario) VALUES (11508,@@@2013.09.17@@@,690,1,0,@@@G_DIAZ@@@)','',2,'2013-09-17'),(67724,'INSERT INTO gne_vale_ferreteria_mov (vfe_id,pro_codigo_plu,vfm_cantidad,vfm_unitario,vfm_total,vfm_entregado) VALUES (11508,7705005,1,690,690,@@@NO@@@)','',2,'2013-09-17'),(67725,'INSERT INTO gne_vale_ferreteria (vfe_id,vfe_fecha,vfe_total,vfe_estado,vfe_entregado,usu_nusuario) VALUES (11509,@@@2013.09.17@@@,1490,1,0,@@@G_DIAZ@@@)','',2,'2013-09-17'),(67726,'INSERT INTO gne_vale_ferreteria_mov (vfe_id,pro_codigo_plu,vfm_cantidad,vfm_unitario,vfm_total,vfm_entregado) VALUES (11509,764564,1,1490,1490,@@@NO@@@)','',2,'2013-09-17'),(67727,'INSERT INTO gne_vale_ferreteria (vfe_id,vfe_fecha,vfe_total,vfe_estado,vfe_entregado,usu_nusuario) VALUES (11510,@@@2013.09.17@@@,790,1,0,@@@G_DIAZ@@@)','',2,'2013-09-17'),(67728,'INSERT INTO gne_vale_ferreteria_mov (vfe_id,pro_codigo_plu,vfm_cantidad,vfm_unitario,vfm_total,vfm_entregado) VALUES (11510,7051,3,100,300,@@@NO@@@)','',2,'2013-09-17'),(67729,'INSERT INTO gne_vale_ferreteria_mov (vfe_id,pro_codigo_plu,vfm_cantidad,vfm_unitario,vfm_total,vfm_entregado) VALUES (11510,3003,1,490,490,@@@NO@@@)','',2,'2013-09-17'),(67730,'INSERT INTO gne_vale_ferreteria (vfe_id,vfe_fecha,vfe_total,vfe_estado,vfe_entregado,usu_nusuario) VALUES (11511,@@@2013.09.17@@@,450,1,0,@@@G_DIAZ@@@)','',2,'2013-09-17'),(67731,'INSERT INTO gne_vale_ferreteria_mov (vfe_id,pro_codigo_plu,vfm_cantidad,vfm_unitario,vfm_total,vfm_entregado) VALUES (11511,761966,1,450,450,@@@NO@@@)','',2,'2013-09-17'),(67732,'INSERT INTO gne_vale_ferreteria (vfe_id,vfe_fecha,vfe_total,vfe_estado,vfe_entregado,usu_nusuario) VALUES (11512,@@@2013.09.17@@@,600,1,0,@@@G_DIAZ@@@)','',2,'2013-09-17'),(67733,'INSERT INTO gne_vale_ferreteria_mov (vfe_id,pro_codigo_plu,vfm_cantidad,vfm_unitario,vfm_total,vfm_entregado) VALUES (11512,764160,5,120,600,@@@NO@@@)','',2,'2013-09-17'),(67734,'INSERT INTO gne_vale_ferreteria (vfe_id,vfe_fecha,vfe_total,vfe_estado,vfe_entregado,usu_nusuario) VALUES (11513,@@@2013.09.17@@@,50,1,0,@@@G_DIAZ@@@)','',2,'2013-09-17'),(67735,'INSERT INTO gne_vale_ferreteria_mov (vfe_id,pro_codigo_plu,vfm_cantidad,vfm_unitario,vfm_total,vfm_entregado) VALUES (11513,770000,1,50,50,@@@NO@@@)','',2,'2013-09-17'),(67736,'INSERT INTO gne_vale_ferreteria (vfe_id,vfe_fecha,vfe_total,vfe_estado,vfe_entregado,usu_nusuario) VALUES (11514,@@@2013.09.20@@@,290,1,0,@@@b_SAEZ@@@)','',2,'2013-09-20'),(67737,'INSERT INTO gne_vale_ferreteria_mov (vfe_id,pro_codigo_plu,vfm_cantidad,vfm_unitario,vfm_total,vfm_entregado) VALUES (11514,763772,1,290,290,@@@NO@@@)','',2,'2013-09-20'),(67738,'INSERT INTO gne_vale_ferreteria (vfe_id,vfe_fecha,vfe_total,vfe_estado,vfe_entregado,usu_nusuario) VALUES (11515,@@@2013.09.20@@@,290,1,0,@@@b_SAEZ@@@)','',2,'2013-09-20'),(67739,'INSERT INTO gne_vale_ferreteria_mov (vfe_id,pro_codigo_plu,vfm_cantidad,vfm_unitario,vfm_total,vfm_entregado) VALUES (11515,763772,1,290,290,@@@NO@@@)','',2,'2013-09-20'),(67740,'INSERT INTO gne_vale_ferreteria (vfe_id,vfe_fecha,vfe_total,vfe_estado,vfe_entregado,usu_nusuario) VALUES (11516,@@@2013.09.20@@@,490,1,0,@@@b_SAEZ@@@)','',2,'2013-09-20'),(67741,'INSERT INTO gne_vale_ferreteria_mov (vfe_id,pro_codigo_plu,vfm_cantidad,vfm_unitario,vfm_total,vfm_entregado) VALUES (11516,780220183,1,490,490,@@@NO@@@)','',2,'2013-09-20'),(67742,'INSERT INTO gne_vale_ferreteria (vfe_id,vfe_fecha,vfe_total,vfe_estado,vfe_entregado,usu_nusuario) VALUES (11517,@@@2013.09.20@@@,240,1,0,@@@b_SAEZ@@@)','',2,'2013-09-20'),(67743,'INSERT INTO gne_vale_ferreteria_mov (vfe_id,pro_codigo_plu,vfm_cantidad,vfm_unitario,vfm_total,vfm_entregado) VALUES (11517,770065,2,120,240,@@@NO@@@)','',2,'2013-09-20'),(67744,'INSERT INTO com_ventas_grupo (vgr_fecha,vgr_grupo,vgr_cantidad,vgr_total) VALUES (@@@2013.09.17@@@,1,445.55,522101)','',2,'2013-09-20'),(67745,'INSERT INTO com_ventas_grupo (vgr_fecha,vgr_grupo,vgr_cantidad,vgr_total) VALUES (@@@2013.09.17@@@,2,387,229951)','',2,'2013-09-20'),(67746,'INSERT INTO com_ventas_grupo (vgr_fecha,vgr_grupo,vgr_cantidad,vgr_total) VALUES (@@@2013.09.17@@@,3,639,132438)','',2,'2013-09-20'),(67747,'INSERT INTO com_ventas_grupo (vgr_fecha,vgr_grupo,vgr_cantidad,vgr_total) VALUES (@@@2013.09.17@@@,4,486,451864)','',2,'2013-09-20'),(67748,'INSERT INTO com_ventas_grupo (vgr_fecha,vgr_grupo,vgr_cantidad,vgr_total) VALUES (@@@2013.09.17@@@,5,19,60204)','',2,'2013-09-20'),(67749,'INSERT INTO com_ventas_grupo (vgr_fecha,vgr_grupo,vgr_cantidad,vgr_total) VALUES (@@@2013.09.17@@@,6,158,347602)','',2,'2013-09-20'),(67750,'INSERT INTO com_ventas_grupo (vgr_fecha,vgr_grupo,vgr_cantidad,vgr_total) VALUES (@@@2013.09.17@@@,7,252,552135)','',2,'2013-09-20'),(67751,'INSERT INTO com_ventas_grupo (vgr_fecha,vgr_grupo,vgr_cantidad,vgr_total) VALUES (@@@2013.09.17@@@,8,61,46480)','',2,'2013-09-20'),(67752,'INSERT INTO com_ventas_grupo (vgr_fecha,vgr_grupo,vgr_cantidad,vgr_total) VALUES (@@@2013.09.17@@@,9,340.625,673971)','',2,'2013-09-20'),(67753,'INSERT INTO com_ventas_grupo (vgr_fecha,vgr_grupo,vgr_cantidad,vgr_total) VALUES (@@@2013.09.17@@@,10,186.005,889948)','',2,'2013-09-20'),(67754,'INSERT INTO com_ventas_grupo (vgr_fecha,vgr_grupo,vgr_cantidad,vgr_total) VALUES (@@@2013.09.17@@@,11,139.24,520466)','',2,'2013-09-20'),(67755,'INSERT INTO com_ventas_grupo (vgr_fecha,vgr_grupo,vgr_cantidad,vgr_total) VALUES (@@@2013.09.17@@@,12,71.9,163508)','',2,'2013-09-20'),(67756,'INSERT INTO com_ventas_grupo (vgr_fecha,vgr_grupo,vgr_cantidad,vgr_total) VALUES (@@@2013.09.17@@@,13,23.225,85375)','',2,'2013-09-20'),(67757,'INSERT INTO com_ventas_grupo (vgr_fecha,vgr_grupo,vgr_cantidad,vgr_total) VALUES (@@@2013.09.17@@@,14,126.545,116655)','',2,'2013-09-20'),(67758,'INSERT INTO com_ventas_grupo (vgr_fecha,vgr_grupo,vgr_cantidad,vgr_total) VALUES (@@@2013.09.17@@@,16,1,170)','',2,'2013-09-20'),(67759,'INSERT INTO com_ventas_grupo (vgr_fecha,vgr_grupo,vgr_cantidad,vgr_total) VALUES (@@@2013.09.17@@@,18,545.925,347766)','',2,'2013-09-20'),(67760,'INSERT INTO com_ventas_grupo (vgr_fecha,vgr_grupo,vgr_cantidad,vgr_total) VALUES (@@@2013.09.17@@@,19,13,24400)','',2,'2013-09-20'),(67761,'INSERT INTO com_ventas_grupo (vgr_fecha,vgr_grupo,vgr_cantidad,vgr_total) VALUES (@@@2013.09.17@@@,20,163,91900)','',2,'2013-09-20'),(67762,'INSERT INTO com_ventas_grupo (vgr_fecha,vgr_grupo,vgr_cantidad,vgr_total) VALUES (@@@2013.09.17@@@,21,135,124184)','',2,'2013-09-20'),(67763,'INSERT INTO com_ventas_grupo (vgr_fecha,vgr_grupo,vgr_cantidad,vgr_total) VALUES (@@@2013.09.17@@@,22,4,5960)','',2,'2013-09-20'),(67764,'INSERT INTO com_ventas_grupo (vgr_fecha,vgr_grupo,vgr_cantidad,vgr_total) VALUES (@@@2013.09.17@@@,23,35,50750)','',2,'2013-09-20'),(67765,'INSERT INTO com_ventas_grupo (vgr_fecha,vgr_grupo,vgr_cantidad,vgr_total) VALUES (@@@2013.09.17@@@,24,126,42270)','',2,'2013-09-20'),(67766,'INSERT INTO com_ventas_grupo (vgr_fecha,vgr_grupo,vgr_cantidad,vgr_total) VALUES (@@@2013.09.17@@@,25,174,283500)','',2,'2013-09-20'),(67767,'INSERT INTO com_ventas_grupo (vgr_fecha,vgr_grupo,vgr_cantidad,vgr_total) VALUES (@@@2013.09.17@@@,31,27,38570)','',2,'2013-09-20'),(67768,'INSERT INTO com_ventas_grupo (vgr_fecha,vgr_grupo,vgr_cantidad,vgr_total) VALUES (@@@2013.09.17@@@,32,514,243461)','',2,'2013-09-20'),(67769,'INSERT INTO com_ventas_grupo (vgr_fecha,vgr_grupo,vgr_cantidad,vgr_total) VALUES (@@@2013.09.17@@@,35,28,46563)','',2,'2013-09-20'),(67770,'INSERT INTO com_ventas_grupo (vgr_fecha,vgr_grupo,vgr_cantidad,vgr_total) VALUES (@@@2013.09.17@@@,36,45,5530)','',2,'2013-09-20'),(67771,'INSERT INTO com_ventas_grupo (vgr_fecha,vgr_grupo,vgr_cantidad,vgr_total) VALUES (@@@2013.09.17@@@,37,2,15980)','',2,'2013-09-20'),(67772,'INSERT INTO com_ventas_grupo (vgr_fecha,vgr_grupo,vgr_cantidad,vgr_total) VALUES (@@@2013.09.17@@@,38,20,27900)','',2,'2013-09-20'),(67773,'INSERT INTO com_ventas_grupo (vgr_fecha,vgr_grupo,vgr_cantidad,vgr_total) VALUES (@@@2013.09.17@@@,39,26,30760)','',2,'2013-09-20'),(67774,'INSERT INTO com_ventas_grupo (vgr_fecha,vgr_grupo,vgr_cantidad,vgr_total) VALUES (@@@2013.09.17@@@,40,373,373)','',2,'2013-09-20'),(67775,'INSERT INTO com_ventas_grupo (vgr_fecha,vgr_grupo,vgr_cantidad,vgr_total) VALUES (@@@2013.09.17@@@,41,30,2705)','',2,'2013-09-20'),(67776,'INSERT INTO com_ventas_grupo (vgr_fecha,vgr_grupo,vgr_cantidad,vgr_total) VALUES (@@@2013.09.17@@@,42,35.575,26293)','',2,'2013-09-20'),(67777,'UPDATE mae_datos_empresa SET emp_oferta=@@@NO@@@','',2,'2013-09-20'),(67778,'INSERT INTO gne_vale_ferreteria (vfe_id,vfe_fecha,vfe_total,vfe_estado,vfe_entregado,usu_nusuario) VALUES (11518,@@@2013.09.20@@@,600,1,0,@@@b_SAEZ@@@)','',2,'2013-09-20'),(67779,'INSERT INTO gne_vale_ferreteria_mov (vfe_id,pro_codigo_plu,vfm_cantidad,vfm_unitario,vfm_total,vfm_entregado) VALUES (11518,1067,3,200,600,@@@NO@@@)','',2,'2013-09-20'),(67780,'INSERT INTO gne_vale_ferreteria (vfe_id,vfe_fecha,vfe_total,vfe_estado,vfe_entregado,usu_nusuario) VALUES (11519,@@@2013.09.20@@@,720,1,0,@@@b_SAEZ@@@)','',2,'2013-09-20'),(67781,'INSERT INTO gne_vale_ferreteria_mov (vfe_id,pro_codigo_plu,vfm_cantidad,vfm_unitario,vfm_total,vfm_entregado) VALUES (11519,764507,1,330,330,@@@NO@@@)','',2,'2013-09-20'),(67782,'INSERT INTO gne_vale_ferreteria_mov (vfe_id,pro_codigo_plu,vfm_cantidad,vfm_unitario,vfm_total,vfm_entregado) VALUES (11519,78017020,1,390,390,@@@NO@@@)','',2,'2013-09-20'),(67783,'INSERT INTO gne_vale_ferreteria (vfe_id,vfe_fecha,vfe_total,vfe_estado,vfe_entregado,usu_nusuario) VALUES (11520,@@@2013.09.20@@@,1290,1,0,@@@b_SAEZ@@@)','',2,'2013-09-20'),(67784,'INSERT INTO gne_vale_ferreteria_mov (vfe_id,pro_codigo_plu,vfm_cantidad,vfm_unitario,vfm_total,vfm_entregado) VALUES (11520,19925,1,1290,1290,@@@NO@@@)','',2,'2013-09-20'),(67785,'INSERT INTO gne_vale_ferreteria (vfe_id,vfe_fecha,vfe_total,vfe_estado,vfe_entregado,usu_nusuario) VALUES (11521,@@@2013.09.20@@@,290,1,0,@@@b_SAEZ@@@)','',2,'2013-09-20'),(67786,'INSERT INTO gne_vale_ferreteria_mov (vfe_id,pro_codigo_plu,vfm_cantidad,vfm_unitario,vfm_total,vfm_entregado) VALUES (11521,12161,1,290,290,@@@NO@@@)','',2,'2013-09-20'),(67787,'INSERT INTO gne_vale_ferreteria (vfe_id,vfe_fecha,vfe_total,vfe_estado,vfe_entregado,usu_nusuario) VALUES (11522,@@@2013.09.20@@@,399,1,0,@@@b_SAEZ@@@)','',2,'2013-09-20'),(67788,'INSERT INTO gne_vale_ferreteria_mov (vfe_id,pro_codigo_plu,vfm_cantidad,vfm_unitario,vfm_total,vfm_entregado) VALUES (11522,761990,1,399,399,@@@NO@@@)','',2,'2013-09-20'),(67789,'INSERT INTO gne_vale_ferreteria (vfe_id,vfe_fecha,vfe_total,vfe_estado,vfe_entregado,usu_nusuario) VALUES (11523,@@@2013.09.20@@@,1390,1,0,@@@b_SAEZ@@@)','',2,'2013-09-20'),(67790,'INSERT INTO gne_vale_ferreteria_mov (vfe_id,pro_codigo_plu,vfm_cantidad,vfm_unitario,vfm_total,vfm_entregado) VALUES (11523,780721340,1,1390,1390,@@@NO@@@)','',2,'2013-09-20'),(67791,'INSERT INTO gne_vale_ferreteria (vfe_id,vfe_fecha,vfe_total,vfe_estado,vfe_entregado,usu_nusuario) VALUES (11524,@@@2013.09.20@@@,3190,1,0,@@@b_SAEZ@@@)','',2,'2013-09-20'),(67792,'INSERT INTO gne_vale_ferreteria_mov (vfe_id,pro_codigo_plu,vfm_cantidad,vfm_unitario,vfm_total,vfm_entregado) VALUES (11524,780721244,1,3190,3190,@@@NO@@@)','',2,'2013-09-20'),(67793,'INSERT INTO gne_vale_ferreteria (vfe_id,vfe_fecha,vfe_total,vfe_estado,vfe_entregado,usu_nusuario) VALUES (11525,@@@2013.09.20@@@,1690,1,0,@@@b_SAEZ@@@)','',2,'2013-09-20'),(67794,'INSERT INTO gne_vale_ferreteria_mov (vfe_id,pro_codigo_plu,vfm_cantidad,vfm_unitario,vfm_total,vfm_entregado) VALUES (11525,780721687,1,590,590,@@@NO@@@)','',2,'2013-09-20'),(67795,'INSERT INTO gne_vale_ferreteria_mov (vfe_id,pro_codigo_plu,vfm_cantidad,vfm_unitario,vfm_total,vfm_entregado) VALUES (11525,780721763,1,500,500,@@@NO@@@)','',2,'2013-09-20'),(67796,'INSERT INTO gne_vale_ferreteria_mov (vfe_id,pro_codigo_plu,vfm_cantidad,vfm_unitario,vfm_total,vfm_entregado) VALUES (11525,78017139,1,200,200,@@@NO@@@)','',2,'2013-09-20'),(67797,'INSERT INTO gne_vale_ferreteria_mov (vfe_id,pro_codigo_plu,vfm_cantidad,vfm_unitario,vfm_total,vfm_entregado) VALUES (11525,78017141,1,200,200,@@@NO@@@)','',2,'2013-09-20'),(67798,'INSERT INTO gne_vale_ferreteria_mov (vfe_id,pro_codigo_plu,vfm_cantidad,vfm_unitario,vfm_total,vfm_entregado) VALUES (11525,780220109,1,200,200,@@@NO@@@)','',2,'2013-09-20'),(67799,'INSERT INTO gne_vale_ferreteria (vfe_id,vfe_fecha,vfe_total,vfe_estado,vfe_entregado,usu_nusuario) VALUES (11526,@@@2013.09.20@@@,490,1,0,@@@b_SAEZ@@@)','',2,'2013-09-20'),(67800,'INSERT INTO gne_vale_ferreteria_mov (vfe_id,pro_codigo_plu,vfm_cantidad,vfm_unitario,vfm_total,vfm_entregado) VALUES (11526,780220183,1,490,490,@@@NO@@@)','',2,'2013-09-20'),(67801,'INSERT INTO gne_vale_ferreteria (vfe_id,vfe_fecha,vfe_total,vfe_estado,vfe_entregado,usu_nusuario) VALUES (11527,@@@2013.09.20@@@,700,1,0,@@@b_SAEZ@@@)','',2,'2013-09-20'),(67802,'INSERT INTO gne_vale_ferreteria_mov (vfe_id,pro_codigo_plu,vfm_cantidad,vfm_unitario,vfm_total,vfm_entregado) VALUES (11527,770004,10,70,700,@@@NO@@@)','',2,'2013-09-20'),(67803,'INSERT INTO gne_vale_ferreteria (vfe_id,vfe_fecha,vfe_total,vfe_estado,vfe_entregado,usu_nusuario) VALUES (11528,@@@2013.09.20@@@,290,1,0,@@@b_SAEZ@@@)','',2,'2013-09-20'),(67804,'INSERT INTO gne_vale_ferreteria_mov (vfe_id,pro_codigo_plu,vfm_cantidad,vfm_unitario,vfm_total,vfm_entregado) VALUES (11528,1559,1,290,290,@@@NO@@@)','',2,'2013-09-20'),(67805,'INSERT INTO gne_vale_ferreteria (vfe_id,vfe_fecha,vfe_total,vfe_estado,vfe_entregado,usu_nusuario) VALUES (11529,@@@2013.09.20@@@,499,1,0,@@@b_SAEZ@@@)','',2,'2013-09-20'),(67806,'INSERT INTO gne_vale_ferreteria_mov (vfe_id,pro_codigo_plu,vfm_cantidad,vfm_unitario,vfm_total,vfm_entregado) VALUES (11529,764285,1,499,499,@@@NO@@@)','',2,'2013-09-20'),(67807,'INSERT INTO gne_vale_ferreteria (vfe_id,vfe_fecha,vfe_total,vfe_estado,vfe_entregado,usu_nusuario) VALUES (11530,@@@2013.09.20@@@,500,1,0,@@@b_SAEZ@@@)','',2,'2013-09-20'),(67808,'INSERT INTO gne_vale_ferreteria_mov (vfe_id,pro_codigo_plu,vfm_cantidad,vfm_unitario,vfm_total,vfm_entregado) VALUES (11530,770076,2,250,500,@@@NO@@@)','',2,'2013-09-20'),(67809,'INSERT INTO gne_vale_ferreteria (vfe_id,vfe_fecha,vfe_total,vfe_estado,vfe_entregado,usu_nusuario) VALUES (11531,@@@2013.09.20@@@,3330,1,0,@@@b_SAEZ@@@)','',2,'2013-09-20'),(67810,'INSERT INTO gne_vale_ferreteria_mov (vfe_id,pro_codigo_plu,vfm_cantidad,vfm_unitario,vfm_total,vfm_entregado) VALUES (11531,763991,1,2100,2100,@@@NO@@@)','',2,'2013-09-20'),(67811,'INSERT INTO gne_vale_ferreteria_mov (vfe_id,pro_codigo_plu,vfm_cantidad,vfm_unitario,vfm_total,vfm_entregado) VALUES (11531,19916,1,540,540,@@@NO@@@)','',2,'2013-09-20'),(67812,'INSERT INTO gne_vale_ferreteria_mov (vfe_id,pro_codigo_plu,vfm_cantidad,vfm_unitario,vfm_total,vfm_entregado) VALUES (11531,761890,1,690,690,@@@NO@@@)','',2,'2013-09-20'),(67813,'INSERT INTO gne_vale_ferreteria (vfe_id,vfe_fecha,vfe_total,vfe_estado,vfe_entregado,usu_nusuario) VALUES (11532,@@@2013.09.20@@@,3330,1,0,@@@b_SAEZ@@@)','',2,'2013-09-20'),(67814,'INSERT INTO gne_vale_ferreteria_mov (vfe_id,pro_codigo_plu,vfm_cantidad,vfm_unitario,vfm_total,vfm_entregado) VALUES (11532,763991,1,2100,2100,@@@NO@@@)','',2,'2013-09-20'),(67815,'INSERT INTO gne_vale_ferreteria_mov (vfe_id,pro_codigo_plu,vfm_cantidad,vfm_unitario,vfm_total,vfm_entregado) VALUES (11532,19916,1,540,540,@@@NO@@@)','',2,'2013-09-20'),(67816,'INSERT INTO gne_vale_ferreteria_mov (vfe_id,pro_codigo_plu,vfm_cantidad,vfm_unitario,vfm_total,vfm_entregado) VALUES (11532,761890,1,690,690,@@@NO@@@)','',2,'2013-09-20'),(67817,'INSERT INTO gne_vale_ferreteria (vfe_id,vfe_fecha,vfe_total,vfe_estado,vfe_entregado,usu_nusuario) VALUES (11533,@@@2013.09.20@@@,420,1,0,@@@b_SAEZ@@@)','',2,'2013-09-20'),(67818,'INSERT INTO gne_vale_ferreteria_mov (vfe_id,pro_codigo_plu,vfm_cantidad,vfm_unitario,vfm_total,vfm_entregado) VALUES (11533,78017027,6,70,420,@@@NO@@@)','',2,'2013-09-20'),(67819,'INSERT INTO gne_vale_ferreteria (vfe_id,vfe_fecha,vfe_total,vfe_estado,vfe_entregado,usu_nusuario) VALUES (11534,@@@2013.09.20@@@,3980,1,0,@@@b_SAEZ@@@)','',2,'2013-09-20'),(67820,'INSERT INTO gne_vale_ferreteria_mov (vfe_id,pro_codigo_plu,vfm_cantidad,vfm_unitario,vfm_total,vfm_entregado) VALUES (11534,11367,2,1990,3980,@@@NO@@@)','',2,'2013-09-20'),(67821,'INSERT INTO gne_vale_ferreteria (vfe_id,vfe_fecha,vfe_total,vfe_estado,vfe_entregado,usu_nusuario) VALUES (11535,@@@2013.09.20@@@,4990,1,0,@@@b_SAEZ@@@)','',2,'2013-09-20'),(67822,'INSERT INTO gne_vale_ferreteria_mov (vfe_id,pro_codigo_plu,vfm_cantidad,vfm_unitario,vfm_total,vfm_entregado) VALUES (11535,780721148,1,4990,4990,@@@NO@@@)','',2,'2013-09-20'),(67823,'INSERT INTO gne_vale_ferreteria (vfe_id,vfe_fecha,vfe_total,vfe_estado,vfe_entregado,usu_nusuario) VALUES (11536,@@@2013.09.20@@@,370,1,0,@@@b_SAEZ@@@)','',2,'2013-09-20'),(67824,'INSERT INTO gne_vale_ferreteria_mov (vfe_id,pro_codigo_plu,vfm_cantidad,vfm_unitario,vfm_total,vfm_entregado) VALUES (11536,102408,1,370,370,@@@NO@@@)','',2,'2013-09-20'),(67825,'INSERT INTO gne_vale_ferreteria (vfe_id,vfe_fecha,vfe_total,vfe_estado,vfe_entregado,usu_nusuario) VALUES (11537,@@@2013.09.20@@@,5388,1,0,@@@b_SAEZ@@@)','',2,'2013-09-20'),(67826,'INSERT INTO gne_vale_ferreteria_mov (vfe_id,pro_codigo_plu,vfm_cantidad,vfm_unitario,vfm_total,vfm_entregado) VALUES (11537,763777,2,1199,2398,@@@NO@@@)','',2,'2013-09-20'),(67827,'INSERT INTO gne_vale_ferreteria_mov (vfe_id,pro_codigo_plu,vfm_cantidad,vfm_unitario,vfm_total,vfm_entregado) VALUES (11537,78017030,1,2990,2990,@@@NO@@@)','',2,'2013-09-20'),(67828,'INSERT INTO gne_vale_ferreteria (vfe_id,vfe_fecha,vfe_total,vfe_estado,vfe_entregado,usu_nusuario) VALUES (11538,@@@2013.09.20@@@,1790,1,0,@@@b_SAEZ@@@)','',2,'2013-09-20'),(67829,'INSERT INTO gne_vale_ferreteria_mov (vfe_id,pro_codigo_plu,vfm_cantidad,vfm_unitario,vfm_total,vfm_entregado) VALUES (11538,20476,1,1790,1790,@@@NO@@@)','',2,'2013-09-20'),(67830,'INSERT INTO gne_vale_ferreteria (vfe_id,vfe_fecha,vfe_total,vfe_estado,vfe_entregado,usu_nusuario) VALUES (11539,@@@2013.09.20@@@,1180,1,0,@@@b_SAEZ@@@)','',2,'2013-09-20'),(67831,'INSERT INTO gne_vale_ferreteria_mov (vfe_id,pro_codigo_plu,vfm_cantidad,vfm_unitario,vfm_total,vfm_entregado) VALUES (11539,1535,1,390,390,@@@NO@@@)','',2,'2013-09-20'),(67832,'INSERT INTO gne_vale_ferreteria_mov (vfe_id,pro_codigo_plu,vfm_cantidad,vfm_unitario,vfm_total,vfm_entregado) VALUES (11539,764079,1,790,790,@@@NO@@@)','',2,'2013-09-20'),(67833,'INSERT INTO gne_vale_ferreteria (vfe_id,vfe_fecha,vfe_total,vfe_estado,vfe_entregado,usu_nusuario) VALUES (11540,@@@2013.09.20@@@,999,1,0,@@@b_SAEZ@@@)','',2,'2013-09-20'),(67834,'INSERT INTO gne_vale_ferreteria_mov (vfe_id,pro_codigo_plu,vfm_cantidad,vfm_unitario,vfm_total,vfm_entregado) VALUES (11540,780721231,1,999,999,@@@NO@@@)','',2,'2013-09-20'),(67835,'INSERT INTO gne_vale_ferreteria (vfe_id,vfe_fecha,vfe_total,vfe_estado,vfe_entregado,usu_nusuario) VALUES (11541,@@@2013.09.20@@@,900,1,0,@@@b_SAEZ@@@)','',2,'2013-09-20'),(67836,'INSERT INTO gne_vale_ferreteria_mov (vfe_id,pro_codigo_plu,vfm_cantidad,vfm_unitario,vfm_total,vfm_entregado) VALUES (11541,3100,1,450,450,@@@NO@@@)','',2,'2013-09-20'),(67837,'INSERT INTO gne_vale_ferreteria_mov (vfe_id,pro_codigo_plu,vfm_cantidad,vfm_unitario,vfm_total,vfm_entregado) VALUES (11541,764539,1,450,450,@@@NO@@@)','',2,'2013-09-20'),(67838,'INSERT INTO gne_vale_ferreteria (vfe_id,vfe_fecha,vfe_total,vfe_estado,vfe_entregado,usu_nusuario) VALUES (11542,@@@2013.09.20@@@,650,1,0,@@@b_SAEZ@@@)','',2,'2013-09-20'),(67839,'INSERT INTO gne_vale_ferreteria_mov (vfe_id,pro_codigo_plu,vfm_cantidad,vfm_unitario,vfm_total,vfm_entregado) VALUES (11542,780721668,1,650,650,@@@NO@@@)','',2,'2013-09-20'),(67840,'INSERT INTO gne_vale_ferreteria (vfe_id,vfe_fecha,vfe_total,vfe_estado,vfe_entregado,usu_nusuario) VALUES (11543,@@@2013.09.20@@@,1440,1,0,@@@b_SAEZ@@@)','',2,'2013-09-20'),(67841,'INSERT INTO gne_vale_ferreteria_mov (vfe_id,pro_codigo_plu,vfm_cantidad,vfm_unitario,vfm_total,vfm_entregado) VALUES (11543,763837,1,650,650,@@@NO@@@)','',2,'2013-09-20'),(67842,'INSERT INTO gne_vale_ferreteria_mov (vfe_id,pro_codigo_plu,vfm_cantidad,vfm_unitario,vfm_total,vfm_entregado) VALUES (11543,763828,1,790,790,@@@NO@@@)','',2,'2013-09-20'),(67843,'INSERT INTO gne_vale_ferreteria (vfe_id,vfe_fecha,vfe_total,vfe_estado,vfe_entregado,usu_nusuario) VALUES (11544,@@@2013.09.20@@@,300,1,0,@@@b_SAEZ@@@)','',2,'2013-09-20'),(67844,'INSERT INTO gne_vale_ferreteria_mov (vfe_id,pro_codigo_plu,vfm_cantidad,vfm_unitario,vfm_total,vfm_entregado) VALUES (11544,780721387,2,150,300,@@@NO@@@)','',2,'2013-09-20'),(67845,'INSERT INTO gne_vale_ferreteria (vfe_id,vfe_fecha,vfe_total,vfe_estado,vfe_entregado,usu_nusuario) VALUES (11545,@@@2013.09.20@@@,1390,1,0,@@@b_SAEZ@@@)','',2,'2013-09-20'),(67846,'INSERT INTO gne_vale_ferreteria_mov (vfe_id,pro_codigo_plu,vfm_cantidad,vfm_unitario,vfm_total,vfm_entregado) VALUES (11545,20440,1,1390,1390,@@@NO@@@)','',2,'2013-09-20'),(67847,'INSERT INTO gne_vale_ferreteria (vfe_id,vfe_fecha,vfe_total,vfe_estado,vfe_entregado,usu_nusuario) VALUES (11546,@@@2013.09.20@@@,2260,1,0,@@@b_SAEZ@@@)','',2,'2013-09-20'),(67848,'INSERT INTO gne_vale_ferreteria_mov (vfe_id,pro_codigo_plu,vfm_cantidad,vfm_unitario,vfm_total,vfm_entregado) VALUES (11546,764280,1,300,300,@@@NO@@@)','',2,'2013-09-20'),(67849,'INSERT INTO gne_vale_ferreteria_mov (vfe_id,pro_codigo_plu,vfm_cantidad,vfm_unitario,vfm_total,vfm_entregado) VALUES (11546,3003,4,490,1960,@@@NO@@@)','',2,'2013-09-20'),(67850,'INSERT INTO gne_vale_ferreteria (vfe_id,vfe_fecha,vfe_total,vfe_estado,vfe_entregado,usu_nusuario) VALUES (11547,@@@2013.09.20@@@,1100,1,0,@@@b_SAEZ@@@)','',2,'2013-09-20'),(67851,'INSERT INTO gne_vale_ferreteria_mov (vfe_id,pro_codigo_plu,vfm_cantidad,vfm_unitario,vfm_total,vfm_entregado) VALUES (11547,780721666,1,650,650,@@@NO@@@)','',2,'2013-09-20'),(67852,'INSERT INTO gne_vale_ferreteria_mov (vfe_id,pro_codigo_plu,vfm_cantidad,vfm_unitario,vfm_total,vfm_entregado) VALUES (11547,3100,1,450,450,@@@NO@@@)','',2,'2013-09-20'),(67853,'INSERT INTO gne_vale_ferreteria (vfe_id,vfe_fecha,vfe_total,vfe_estado,vfe_entregado,usu_nusuario) VALUES (11548,@@@2013.09.20@@@,980,1,0,@@@b_SAEZ@@@)','',2,'2013-09-20'),(67854,'INSERT INTO gne_vale_ferreteria_mov (vfe_id,pro_codigo_plu,vfm_cantidad,vfm_unitario,vfm_total,vfm_entregado) VALUES (11548,780220183,2,490,980,@@@NO@@@)','',2,'2013-09-20'),(67855,'INSERT INTO gne_vale_ferreteria (vfe_id,vfe_fecha,vfe_total,vfe_estado,vfe_entregado,usu_nusuario) VALUES (11549,@@@2013.09.20@@@,490,1,0,@@@b_SAEZ@@@)','',2,'2013-09-20'),(67856,'INSERT INTO gne_vale_ferreteria_mov (vfe_id,pro_codigo_plu,vfm_cantidad,vfm_unitario,vfm_total,vfm_entregado) VALUES (11549,4127,1,490,490,@@@NO@@@)','',2,'2013-09-20'),(67857,'INSERT INTO gne_vale_ferreteria (vfe_id,vfe_fecha,vfe_total,vfe_estado,vfe_entregado,usu_nusuario) VALUES (11550,@@@2013.09.20@@@,740,1,0,@@@b_SAEZ@@@)','',2,'2013-09-20'),(67858,'INSERT INTO gne_vale_ferreteria_mov (vfe_id,pro_codigo_plu,vfm_cantidad,vfm_unitario,vfm_total,vfm_entregado) VALUES (11550,761997,1,740,740,@@@NO@@@)','',2,'2013-09-20'),(67859,'INSERT INTO gne_vale_ferreteria (vfe_id,vfe_fecha,vfe_total,vfe_estado,vfe_entregado,usu_nusuario) VALUES (11551,@@@2013.09.20@@@,250,1,0,@@@b_SAEZ@@@)','',2,'2013-09-20'),(67860,'INSERT INTO gne_vale_ferreteria_mov (vfe_id,pro_codigo_plu,vfm_cantidad,vfm_unitario,vfm_total,vfm_entregado) VALUES (11551,1070,1,250,250,@@@NO@@@)','',2,'2013-09-20'),(67861,'INSERT INTO gne_vale_ferreteria (vfe_id,vfe_fecha,vfe_total,vfe_estado,vfe_entregado,usu_nusuario) VALUES (11552,@@@2013.09.20@@@,790,1,0,@@@b_SAEZ@@@)','',2,'2013-09-20'),(67862,'INSERT INTO gne_vale_ferreteria_mov (vfe_id,pro_codigo_plu,vfm_cantidad,vfm_unitario,vfm_total,vfm_entregado) VALUES (11552,780721107,1,790,790,@@@NO@@@)','',2,'2013-09-20'),(67863,'INSERT INTO gne_vale_ferreteria (vfe_id,vfe_fecha,vfe_total,vfe_estado,vfe_entregado,usu_nusuario) VALUES (11553,@@@2013.09.20@@@,450,1,0,@@@b_SAEZ@@@)','',2,'2013-09-20'),(67864,'INSERT INTO gne_vale_ferreteria_mov (vfe_id,pro_codigo_plu,vfm_cantidad,vfm_unitario,vfm_total,vfm_entregado) VALUES (11553,78017110,3,150,450,@@@NO@@@)','',2,'2013-09-20'),(67865,'INSERT INTO gne_vale_ferreteria (vfe_id,vfe_fecha,vfe_total,vfe_estado,vfe_entregado,usu_nusuario) VALUES (11554,@@@2013.09.20@@@,1980,1,0,@@@b_SAEZ@@@)','',2,'2013-09-20'),(67866,'INSERT INTO gne_vale_ferreteria_mov (vfe_id,pro_codigo_plu,vfm_cantidad,vfm_unitario,vfm_total,vfm_entregado) VALUES (11554,7705006,1,990,990,@@@NO@@@)','',2,'2013-09-20'),(67867,'INSERT INTO gne_vale_ferreteria_mov (vfe_id,pro_codigo_plu,vfm_cantidad,vfm_unitario,vfm_total,vfm_entregado) VALUES (11554,780721686,1,990,990,@@@NO@@@)','',2,'2013-09-20'),(67868,'INSERT INTO gne_vale_ferreteria (vfe_id,vfe_fecha,vfe_total,vfe_estado,vfe_entregado,usu_nusuario) VALUES (11555,@@@2013.09.20@@@,3660,1,0,@@@b_SAEZ@@@)','',2,'2013-09-20'),(67869,'INSERT INTO gne_vale_ferreteria_mov (vfe_id,pro_codigo_plu,vfm_cantidad,vfm_unitario,vfm_total,vfm_entregado) VALUES (11555,78017147,10,90,900,@@@NO@@@)','',2,'2013-09-20'),(67870,'INSERT INTO gne_vale_ferreteria_mov (vfe_id,pro_codigo_plu,vfm_cantidad,vfm_unitario,vfm_total,vfm_entregado) VALUES (11555,78,1,1990,1990,@@@NO@@@)','',2,'2013-09-20'),(67871,'INSERT INTO gne_vale_ferreteria_mov (vfe_id,pro_codigo_plu,vfm_cantidad,vfm_unitario,vfm_total,vfm_entregado) VALUES (11555,21116,1,770,770,@@@NO@@@)','',2,'2013-09-20'),(67872,'INSERT INTO gne_vale_ferreteria (vfe_id,vfe_fecha,vfe_total,vfe_estado,vfe_entregado,usu_nusuario) VALUES (11556,@@@2013.09.20@@@,300,1,0,@@@b_SAEZ@@@)','',2,'2013-09-20'),(67873,'INSERT INTO gne_vale_ferreteria_mov (vfe_id,pro_codigo_plu,vfm_cantidad,vfm_unitario,vfm_total,vfm_entregado) VALUES (11556,2004,1,300,300,@@@NO@@@)','',2,'2013-09-20'),(67874,'INSERT INTO gne_vale_ferreteria (vfe_id,vfe_fecha,vfe_total,vfe_estado,vfe_entregado,usu_nusuario) VALUES (11557,@@@2013.09.20@@@,890,1,0,@@@b_SAEZ@@@)','',2,'2013-09-20'),(67875,'INSERT INTO gne_vale_ferreteria_mov (vfe_id,pro_codigo_plu,vfm_cantidad,vfm_unitario,vfm_total,vfm_entregado) VALUES (11557,11670,1,890,890,@@@NO@@@)','',2,'2013-09-20'),(67876,'INSERT INTO gne_vale_ferreteria (vfe_id,vfe_fecha,vfe_total,vfe_estado,vfe_entregado,usu_nusuario) VALUES (11558,@@@2013.09.20@@@,890,1,0,@@@b_SAEZ@@@)','',2,'2013-09-20'),(67877,'INSERT INTO gne_vale_ferreteria_mov (vfe_id,pro_codigo_plu,vfm_cantidad,vfm_unitario,vfm_total,vfm_entregado) VALUES (11558,11670,1,890,890,@@@NO@@@)','',2,'2013-09-20'),(67878,'INSERT INTO gne_vale_ferreteria (vfe_id,vfe_fecha,vfe_total,vfe_estado,vfe_entregado,usu_nusuario) VALUES (11559,@@@2013.09.20@@@,890,1,0,@@@b_SAEZ@@@)','',2,'2013-09-20'),(67879,'INSERT INTO gne_vale_ferreteria_mov (vfe_id,pro_codigo_plu,vfm_cantidad,vfm_unitario,vfm_total,vfm_entregado) VALUES (11559,11670,1,890,890,@@@NO@@@)','',2,'2013-09-20'),(67880,'INSERT INTO gpr_pack_virtual (pav_id,pav_nombre,pav_total_pack,pav_total_descuento,pav_desde,pav_hasta,pav_tipo,pav_precio,pav_lleva,pav_paga,pav_descuento,pav_porcentaje,pav_oferta_exclusiva,pav_agotar_stock,pav_stock,pav_costo,pav_margen) VALUES (62,@@@PACK YOGHURT LOS ALERCES 8 X $990@@@,990,90,@@@2013-09-20@@@,@@@2013-10-30@@@,@@@PA@@@,135,8,7.325,0.675,1,@@@NO@@@,@@@SI@@@,100,750.656,31.88)','',2,'2013-09-20'),(67881,'INSERT INTO gpr_pack_virtual_mov (pav_id,pro_codigo_plu,pvm_precio,pvm_total,pvm_lleva,pvm_paga,pvm_descuento,pvm_porcentaje,pvm_total_normal,pvm_descuento_linea,pvm_costo,pvm_margen) VALUES (62,16818,135,0,1,1,0,0,135,11.25,93.832,31.88),(62,16819,135,0,1,1,0,0,135,11.25,93.832,31.88),(62,16817,135,0,1,1,0,0,135,11.25,93.832,31.88)','',2,'2013-09-20'),(67882,'INSERT INTO gpr_pack_virtual_horario (pav_id,pvh_dia,pvh_hora_desde,pvh_hora_hasta) VALUES (62,99,@@@00:00@@@,@@@23:59@@@)','',2,'2013-09-20'),(67883,'INSERT INTO gne_vale_ferreteria (vfe_id,vfe_fecha,vfe_total,vfe_estado,vfe_entregado,usu_nusuario) VALUES (11560,@@@2013.09.20@@@,1500,1,0,@@@b_SAEZ@@@)','',2,'2013-09-20'),(67884,'INSERT INTO gne_vale_ferreteria_mov (vfe_id,pro_codigo_plu,vfm_cantidad,vfm_unitario,vfm_total,vfm_entregado) VALUES (11560,764485,1,1500,1500,@@@NO@@@)','',2,'2013-09-20'),(67885,'INSERT INTO gne_vale_ferreteria (vfe_id,vfe_fecha,vfe_total,vfe_estado,vfe_entregado,usu_nusuario) VALUES (11561,@@@2013.09.20@@@,450,1,0,@@@b_SAEZ@@@)','',2,'2013-09-20'),(67886,'INSERT INTO gne_vale_ferreteria_mov (vfe_id,pro_codigo_plu,vfm_cantidad,vfm_unitario,vfm_total,vfm_entregado) VALUES (11561,780721808,1,450,450,@@@NO@@@)','',2,'2013-09-20'),(67887,'INSERT INTO gne_vale_ferreteria (vfe_id,vfe_fecha,vfe_total,vfe_estado,vfe_entregado,usu_nusuario) VALUES (11562,@@@2013.09.20@@@,300,1,0,@@@b_SAEZ@@@)','',2,'2013-09-20'),(67888,'INSERT INTO gne_vale_ferreteria_mov (vfe_id,pro_codigo_plu,vfm_cantidad,vfm_unitario,vfm_total,vfm_entregado) VALUES (11562,78017049,1,300,300,@@@NO@@@)','',2,'2013-09-20'),(67889,'INSERT INTO gne_vale_ferreteria (vfe_id,vfe_fecha,vfe_total,vfe_estado,vfe_entregado,usu_nusuario) VALUES (11563,@@@2013.09.20@@@,1550,1,0,@@@b_SAEZ@@@)','',2,'2013-09-20'),(67890,'INSERT INTO gne_vale_ferreteria_mov (vfe_id,pro_codigo_plu,vfm_cantidad,vfm_unitario,vfm_total,vfm_entregado) VALUES (11563,763672,1,1550,1550,@@@NO@@@)','',2,'2013-09-20'),(67891,'INSERT INTO gne_vale_ferreteria (vfe_id,vfe_fecha,vfe_total,vfe_estado,vfe_entregado,usu_nusuario) VALUES (11564,@@@2013.09.20@@@,150,1,0,@@@b_SAEZ@@@)','',2,'2013-09-20'),(67892,'INSERT INTO gne_vale_ferreteria_mov (vfe_id,pro_codigo_plu,vfm_cantidad,vfm_unitario,vfm_total,vfm_entregado) VALUES (11564,78017110,1,150,150,@@@NO@@@)','',2,'2013-09-20'),(67893,'INSERT INTO gne_vale_ferreteria (vfe_id,vfe_fecha,vfe_total,vfe_estado,vfe_entregado,usu_nusuario) VALUES (11565,@@@2013.09.20@@@,900,1,0,@@@b_SAEZ@@@)','',2,'2013-09-20'),(67894,'INSERT INTO gne_vale_ferreteria_mov (vfe_id,pro_codigo_plu,vfm_cantidad,vfm_unitario,vfm_total,vfm_entregado) VALUES (11565,12000,2,300,600,@@@NO@@@)','',2,'2013-09-20'),(67895,'INSERT INTO gne_vale_ferreteria_mov (vfe_id,pro_codigo_plu,vfm_cantidad,vfm_unitario,vfm_total,vfm_entregado) VALUES (11565,780721422,1,300,300,@@@NO@@@)','',2,'2013-09-20'),(67896,'INSERT INTO gne_vale_ferreteria (vfe_id,vfe_fecha,vfe_total,vfe_estado,vfe_entregado,usu_nusuario) VALUES (11566,@@@2013.09.20@@@,300,1,0,@@@b_SAEZ@@@)','',2,'2013-09-20'),(67897,'INSERT INTO gne_vale_ferreteria_mov (vfe_id,pro_codigo_plu,vfm_cantidad,vfm_unitario,vfm_total,vfm_entregado) VALUES (11566,78017049,1,300,300,@@@NO@@@)','',2,'2013-09-20'),(67898,'INSERT INTO gne_vale_ferreteria (vfe_id,vfe_fecha,vfe_total,vfe_estado,vfe_entregado,usu_nusuario) VALUES (11567,@@@2013.09.20@@@,980,1,0,@@@b_SAEZ@@@)','',2,'2013-09-20'),(67899,'INSERT INTO gne_vale_ferreteria_mov (vfe_id,pro_codigo_plu,vfm_cantidad,vfm_unitario,vfm_total,vfm_entregado) VALUES (11567,764224,2,490,980,@@@NO@@@)','',2,'2013-09-20'),(67900,'INSERT INTO gne_vale_ferreteria (vfe_id,vfe_fecha,vfe_total,vfe_estado,vfe_entregado,usu_nusuario) VALUES (11568,@@@2013.09.20@@@,980,1,0,@@@b_SAEZ@@@)','',2,'2013-09-20'),(67901,'INSERT INTO gne_vale_ferreteria_mov (vfe_id,pro_codigo_plu,vfm_cantidad,vfm_unitario,vfm_total,vfm_entregado) VALUES (11568,764224,2,490,980,@@@NO@@@)','',2,'2013-09-20'),(67902,'INSERT INTO gne_vale_ferreteria (vfe_id,vfe_fecha,vfe_total,vfe_estado,vfe_entregado,usu_nusuario) VALUES (11569,@@@2013.09.20@@@,2330,1,0,@@@G_DIAZ@@@)','',2,'2013-09-20'),(67903,'INSERT INTO gne_vale_ferreteria_mov (vfe_id,pro_codigo_plu,vfm_cantidad,vfm_unitario,vfm_total,vfm_entregado) VALUES (11569,2004,1,300,300,@@@NO@@@)','',2,'2013-09-20'),(67904,'INSERT INTO gne_vale_ferreteria_mov (vfe_id,pro_codigo_plu,vfm_cantidad,vfm_unitario,vfm_total,vfm_entregado) VALUES (11569,780721100,2,790,1580,@@@NO@@@)','',2,'2013-09-20'),(67905,'INSERT INTO gne_vale_ferreteria_mov (vfe_id,pro_codigo_plu,vfm_cantidad,vfm_unitario,vfm_total,vfm_entregado) VALUES (11569,764016,1,450,450,@@@NO@@@)','',2,'2013-09-20'),(67906,'INSERT INTO gne_vale_ferreteria (vfe_id,vfe_fecha,vfe_total,vfe_estado,vfe_entregado,usu_nusuario) VALUES (11570,@@@2013.09.20@@@,150,1,0,@@@G_DIAZ@@@)','',2,'2013-09-20'),(67907,'INSERT INTO gne_vale_ferreteria_mov (vfe_id,pro_codigo_plu,vfm_cantidad,vfm_unitario,vfm_total,vfm_entregado) VALUES (11570,78017153,5,30,150,@@@NO@@@)','',2,'2013-09-20'),(67908,'INSERT INTO gne_vale_ferreteria (vfe_id,vfe_fecha,vfe_total,vfe_estado,vfe_entregado,usu_nusuario) VALUES (11571,@@@2013.09.20@@@,260,1,0,@@@G_DIAZ@@@)','',2,'2013-09-20'),(67909,'INSERT INTO gne_vale_ferreteria_mov (vfe_id,pro_codigo_plu,vfm_cantidad,vfm_unitario,vfm_total,vfm_entregado) VALUES (11571,15967,2,130,260,@@@NO@@@)','',2,'2013-09-20'),(67910,'INSERT INTO gne_vale_ferreteria (vfe_id,vfe_fecha,vfe_total,vfe_estado,vfe_entregado,usu_nusuario) VALUES (11572,@@@2013.09.20@@@,730,1,0,@@@G_DIAZ@@@)','',2,'2013-09-20'),(67911,'INSERT INTO gne_vale_ferreteria_mov (vfe_id,pro_codigo_plu,vfm_cantidad,vfm_unitario,vfm_total,vfm_entregado) VALUES (11572,770057,3,150,450,@@@NO@@@)','',2,'2013-09-20'),(67912,'INSERT INTO gne_vale_ferreteria_mov (vfe_id,pro_codigo_plu,vfm_cantidad,vfm_unitario,vfm_total,vfm_entregado) VALUES (11572,764364,2,140,280,@@@NO@@@)','',2,'2013-09-20'),(67913,'INSERT INTO gne_vale_ferreteria (vfe_id,vfe_fecha,vfe_total,vfe_estado,vfe_entregado,usu_nusuario) VALUES (11573,@@@2013.09.20@@@,200,1,0,@@@G_DIAZ@@@)','',2,'2013-09-20'),(67914,'INSERT INTO gne_vale_ferreteria_mov (vfe_id,pro_codigo_plu,vfm_cantidad,vfm_unitario,vfm_total,vfm_entregado) VALUES (11573,78017238,1,200,200,@@@NO@@@)','',2,'2013-09-20'),(67915,'INSERT INTO gne_vale_ferreteria (vfe_id,vfe_fecha,vfe_total,vfe_estado,vfe_entregado,usu_nusuario) VALUES (11574,@@@2013.09.20@@@,980,1,0,@@@G_DIAZ@@@)','',2,'2013-09-20'),(67916,'INSERT INTO gne_vale_ferreteria_mov (vfe_id,pro_codigo_plu,vfm_cantidad,vfm_unitario,vfm_total,vfm_entregado) VALUES (11574,780220183,2,490,980,@@@NO@@@)','',2,'2013-09-20'),(67917,'INSERT INTO gne_vale_ferreteria (vfe_id,vfe_fecha,vfe_total,vfe_estado,vfe_entregado,usu_nusuario) VALUES (11575,@@@2013.09.20@@@,490,1,0,@@@G_DIAZ@@@)','',2,'2013-09-20'),(67918,'INSERT INTO gne_vale_ferreteria_mov (vfe_id,pro_codigo_plu,vfm_cantidad,vfm_unitario,vfm_total,vfm_entregado) VALUES (11575,770007,1,490,490,@@@NO@@@)','',2,'2013-09-20'),(67919,'INSERT INTO gne_vale_ferreteria (vfe_id,vfe_fecha,vfe_total,vfe_estado,vfe_entregado,usu_nusuario) VALUES (11576,@@@2013.09.20@@@,790,1,0,@@@G_DIAZ@@@)','',2,'2013-09-20'),(67920,'INSERT INTO gne_vale_ferreteria_mov (vfe_id,pro_codigo_plu,vfm_cantidad,vfm_unitario,vfm_total,vfm_entregado) VALUES (11576,764020,1,790,790,@@@NO@@@)','',2,'2013-09-20'),(67921,'INSERT INTO gne_vale_ferreteria (vfe_id,vfe_fecha,vfe_total,vfe_estado,vfe_entregado,usu_nusuario) VALUES (11577,@@@2013.09.20@@@,850,1,0,@@@G_DIAZ@@@)','',2,'2013-09-20'),(67922,'INSERT INTO gne_vale_ferreteria_mov (vfe_id,pro_codigo_plu,vfm_cantidad,vfm_unitario,vfm_total,vfm_entregado) VALUES (11577,770095,1,850,850,@@@NO@@@)','',2,'2013-09-20'),(67923,'INSERT INTO gne_vale_ferreteria (vfe_id,vfe_fecha,vfe_total,vfe_estado,vfe_entregado,usu_nusuario) VALUES (11578,@@@2013.09.20@@@,1290,1,0,@@@G_DIAZ@@@)','',2,'2013-09-20'),(67924,'INSERT INTO gne_vale_ferreteria_mov (vfe_id,pro_codigo_plu,vfm_cantidad,vfm_unitario,vfm_total,vfm_entregado) VALUES (11578,765025,1,1290,1290,@@@NO@@@)','',2,'2013-09-20'),(67925,'INSERT INTO gne_vale_ferreteria (vfe_id,vfe_fecha,vfe_total,vfe_estado,vfe_entregado,usu_nusuario) VALUES (11579,@@@2013.09.20@@@,1680,1,0,@@@G_DIAZ@@@)','',2,'2013-09-20'),(67926,'INSERT INTO gne_vale_ferreteria_mov (vfe_id,pro_codigo_plu,vfm_cantidad,vfm_unitario,vfm_total,vfm_entregado) VALUES (11579,7705005,1,690,690,@@@NO@@@)','',2,'2013-09-20'),(67927,'INSERT INTO gne_vale_ferreteria_mov (vfe_id,pro_codigo_plu,vfm_cantidad,vfm_unitario,vfm_total,vfm_entregado) VALUES (11579,7705006,1,990,990,@@@NO@@@)','',2,'2013-09-20'),(67928,'INSERT INTO gne_vale_ferreteria (vfe_id,vfe_fecha,vfe_total,vfe_estado,vfe_entregado,usu_nusuario) VALUES (11580,@@@2013.09.20@@@,230,1,0,@@@G_DIAZ@@@)','',2,'2013-09-20'),(67929,'INSERT INTO gne_vale_ferreteria_mov (vfe_id,pro_codigo_plu,vfm_cantidad,vfm_unitario,vfm_total,vfm_entregado) VALUES (11580,780721720,1,230,230,@@@NO@@@)','',2,'2013-09-20'),(67930,'INSERT INTO gne_vale_ferreteria (vfe_id,vfe_fecha,vfe_total,vfe_estado,vfe_entregado,usu_nusuario) VALUES (11581,@@@2013.09.20@@@,3740,1,0,@@@G_DIAZ@@@)','',2,'2013-09-20'),(67931,'INSERT INTO gne_vale_ferreteria_mov (vfe_id,pro_codigo_plu,vfm_cantidad,vfm_unitario,vfm_total,vfm_entregado) VALUES (11581,11378,1,670,670,@@@NO@@@)','',2,'2013-09-20'),(67932,'INSERT INTO gne_vale_ferreteria_mov (vfe_id,pro_codigo_plu,vfm_cantidad,vfm_unitario,vfm_total,vfm_entregado) VALUES (11581,19865,2,640,1280,@@@NO@@@)','',2,'2013-09-20'),(67933,'INSERT INTO gne_vale_ferreteria_mov (vfe_id,pro_codigo_plu,vfm_cantidad,vfm_unitario,vfm_total,vfm_entregado) VALUES (11581,764728,1,1790,1790,@@@NO@@@)','',2,'2013-09-20'),(67934,'INSERT INTO gne_vale_ferreteria (vfe_id,vfe_fecha,vfe_total,vfe_estado,vfe_entregado,usu_nusuario) VALUES (11582,@@@2013.09.20@@@,1790,1,0,@@@G_DIAZ@@@)','',2,'2013-09-20'),(67935,'INSERT INTO gne_vale_ferreteria_mov (vfe_id,pro_codigo_plu,vfm_cantidad,vfm_unitario,vfm_total,vfm_entregado) VALUES (11582,764728,1,1790,1790,@@@NO@@@)','',2,'2013-09-20'),(67936,'INSERT INTO gne_vale_ferreteria (vfe_id,vfe_fecha,vfe_total,vfe_estado,vfe_entregado,usu_nusuario) VALUES (11583,@@@2013.09.20@@@,3550,1,0,@@@G_DIAZ@@@)','',2,'2013-09-20'),(67937,'INSERT INTO gne_vale_ferreteria_mov (vfe_id,pro_codigo_plu,vfm_cantidad,vfm_unitario,vfm_total,vfm_entregado) VALUES (11583,780721724,4,550,2200,@@@NO@@@)','',2,'2013-09-20'),(67938,'INSERT INTO gne_vale_ferreteria_mov (vfe_id,pro_codigo_plu,vfm_cantidad,vfm_unitario,vfm_total,vfm_entregado) VALUES (11583,15848,3,450,1350,@@@NO@@@)','',2,'2013-09-20'),(67939,'INSERT INTO gne_vale_ferreteria (vfe_id,vfe_fecha,vfe_total,vfe_estado,vfe_entregado,usu_nusuario) VALUES (11584,@@@2013.09.20@@@,2300,1,0,@@@G_DIAZ@@@)','',2,'2013-09-20'),(67940,'INSERT INTO gne_vale_ferreteria_mov (vfe_id,pro_codigo_plu,vfm_cantidad,vfm_unitario,vfm_total,vfm_entregado) VALUES (11584,764696,23,100,2300,@@@NO@@@)','',2,'2013-09-20'),(67941,'INSERT INTO gne_vale_ferreteria (vfe_id,vfe_fecha,vfe_total,vfe_estado,vfe_entregado,usu_nusuario) VALUES (11585,@@@2013.09.20@@@,3680,1,0,@@@G_DIAZ@@@)','',2,'2013-09-20'),(67942,'INSERT INTO gne_vale_ferreteria_mov (vfe_id,pro_codigo_plu,vfm_cantidad,vfm_unitario,vfm_total,vfm_entregado) VALUES (11585,764047,1,2990,2990,@@@NO@@@)','',2,'2013-09-20'),(67943,'INSERT INTO gne_vale_ferreteria_mov (vfe_id,pro_codigo_plu,vfm_cantidad,vfm_unitario,vfm_total,vfm_entregado) VALUES (11585,770091,1,690,690,@@@NO@@@)','',2,'2013-09-20'),(67944,'INSERT INTO gne_vale_ferreteria (vfe_id,vfe_fecha,vfe_total,vfe_estado,vfe_entregado,usu_nusuario) VALUES (11586,@@@2013.09.20@@@,300,1,0,@@@G_DIAZ@@@)','',2,'2013-09-20'),(67945,'INSERT INTO gne_vale_ferreteria_mov (vfe_id,pro_codigo_plu,vfm_cantidad,vfm_unitario,vfm_total,vfm_entregado) VALUES (11586,78017049,1,300,300,@@@NO@@@)','',2,'2013-09-20'),(67946,'INSERT INTO gne_vale_ferreteria (vfe_id,vfe_fecha,vfe_total,vfe_estado,vfe_entregado,usu_nusuario) VALUES (11587,@@@2013.09.20@@@,590,1,0,@@@G_DIAZ@@@)','',2,'2013-09-20'),(67947,'INSERT INTO gne_vale_ferreteria_mov (vfe_id,pro_codigo_plu,vfm_cantidad,vfm_unitario,vfm_total,vfm_entregado) VALUES (11587,780220195,1,590,590,@@@NO@@@)','',2,'2013-09-20'),(67948,'INSERT INTO gne_vale_ferreteria (vfe_id,vfe_fecha,vfe_total,vfe_estado,vfe_entregado,usu_nusuario) VALUES (11588,@@@2013.09.20@@@,1680,1,0,@@@G_DIAZ@@@)','',2,'2013-09-20'),(67949,'INSERT INTO gne_vale_ferreteria_mov (vfe_id,pro_codigo_plu,vfm_cantidad,vfm_unitario,vfm_total,vfm_entregado) VALUES (11588,7705005,1,690,690,@@@NO@@@)','',2,'2013-09-20'),(67950,'INSERT INTO gne_vale_ferreteria_mov (vfe_id,pro_codigo_plu,vfm_cantidad,vfm_unitario,vfm_total,vfm_entregado) VALUES (11588,764788,1,990,990,@@@NO@@@)','',2,'2013-09-20'),(67951,'INSERT INTO gne_vale_ferreteria (vfe_id,vfe_fecha,vfe_total,vfe_estado,vfe_entregado,usu_nusuario) VALUES (11589,@@@2013.09.20@@@,260,1,0,@@@G_DIAZ@@@)','',2,'2013-09-20'),(67952,'INSERT INTO gne_vale_ferreteria_mov (vfe_id,pro_codigo_plu,vfm_cantidad,vfm_unitario,vfm_total,vfm_entregado) VALUES (11589,15929,2,130,260,@@@NO@@@)','',2,'2013-09-20'),(67953,'INSERT INTO gne_vale_ferreteria (vfe_id,vfe_fecha,vfe_total,vfe_estado,vfe_entregado,usu_nusuario) VALUES (11590,@@@2013.09.20@@@,500,1,0,@@@G_DIAZ@@@)','',2,'2013-09-20'),(67954,'INSERT INTO gne_vale_ferreteria_mov (vfe_id,pro_codigo_plu,vfm_cantidad,vfm_unitario,vfm_total,vfm_entregado) VALUES (11590,763909,1,500,500,@@@NO@@@)','',2,'2013-09-20'),(67955,'INSERT INTO gne_vale_ferreteria (vfe_id,vfe_fecha,vfe_total,vfe_estado,vfe_entregado,usu_nusuario) VALUES (11591,@@@2013.09.20@@@,1990,1,0,@@@G_DIAZ@@@)','',2,'2013-09-20'),(67956,'INSERT INTO gne_vale_ferreteria_mov (vfe_id,pro_codigo_plu,vfm_cantidad,vfm_unitario,vfm_total,vfm_entregado) VALUES (11591,763897,1,1990,1990,@@@NO@@@)','',2,'2013-09-20'),(67957,'INSERT INTO gne_vale_ferreteria (vfe_id,vfe_fecha,vfe_total,vfe_estado,vfe_entregado,usu_nusuario) VALUES (11592,@@@2013.09.20@@@,150,1,0,@@@G_DIAZ@@@)','',2,'2013-09-20'),(67958,'INSERT INTO gne_vale_ferreteria_mov (vfe_id,pro_codigo_plu,vfm_cantidad,vfm_unitario,vfm_total,vfm_entregado) VALUES (11592,909190,1,150,150,@@@NO@@@)','',2,'2013-09-20'),(67959,'INSERT INTO gne_vale_ferreteria (vfe_id,vfe_fecha,vfe_total,vfe_estado,vfe_entregado,usu_nusuario) VALUES (11593,@@@2013.09.20@@@,990,1,0,@@@G_DIAZ@@@)','',2,'2013-09-20'),(67960,'INSERT INTO gne_vale_ferreteria_mov (vfe_id,pro_codigo_plu,vfm_cantidad,vfm_unitario,vfm_total,vfm_entregado) VALUES (11593,7705006,1,990,990,@@@NO@@@)','',2,'2013-09-20'),(67961,'INSERT INTO gne_vale_ferreteria (vfe_id,vfe_fecha,vfe_total,vfe_estado,vfe_entregado,usu_nusuario) VALUES (11594,@@@2013.09.20@@@,1990,1,0,@@@G_DIAZ@@@)','',2,'2013-09-20'),(67962,'INSERT INTO gne_vale_ferreteria_mov (vfe_id,pro_codigo_plu,vfm_cantidad,vfm_unitario,vfm_total,vfm_entregado) VALUES (11594,1505,1,1990,1990,@@@NO@@@)','',2,'2013-09-20'),(67963,'INSERT INTO gne_vale_ferreteria (vfe_id,vfe_fecha,vfe_total,vfe_estado,vfe_entregado,usu_nusuario) VALUES (11595,@@@2013.09.20@@@,990,1,0,@@@G_DIAZ@@@)','',2,'2013-09-20'),(67964,'INSERT INTO gne_vale_ferreteria_mov (vfe_id,pro_codigo_plu,vfm_cantidad,vfm_unitario,vfm_total,vfm_entregado) VALUES (11595,780220138,1,990,990,@@@NO@@@)','',2,'2013-09-20'),(67965,'INSERT INTO gne_vale_ferreteria (vfe_id,vfe_fecha,vfe_total,vfe_estado,vfe_entregado,usu_nusuario) VALUES (11596,@@@2013.09.20@@@,90,1,0,@@@G_DIAZ@@@)','',2,'2013-09-20'),(67966,'INSERT INTO gne_vale_ferreteria_mov (vfe_id,pro_codigo_plu,vfm_cantidad,vfm_unitario,vfm_total,vfm_entregado) VALUES (11596,78017153,3,30,90,@@@NO@@@)','',2,'2013-09-20'),(67967,'INSERT INTO gne_vale_ferreteria (vfe_id,vfe_fecha,vfe_total,vfe_estado,vfe_entregado,usu_nusuario) VALUES (11597,@@@2013.09.20@@@,490,1,0,@@@G_DIAZ@@@)','',2,'2013-09-20'),(67968,'INSERT INTO gne_vale_ferreteria_mov (vfe_id,pro_codigo_plu,vfm_cantidad,vfm_unitario,vfm_total,vfm_entregado) VALUES (11597,764751,1,490,490,@@@NO@@@)','',2,'2013-09-20'),(67969,'INSERT INTO gne_vale_ferreteria (vfe_id,vfe_fecha,vfe_total,vfe_estado,vfe_entregado,usu_nusuario) VALUES (11598,@@@2013.09.20@@@,200,1,0,@@@G_DIAZ@@@)','',2,'2013-09-20'),(67970,'INSERT INTO gne_vale_ferreteria_mov (vfe_id,pro_codigo_plu,vfm_cantidad,vfm_unitario,vfm_total,vfm_entregado) VALUES (11598,1556,1,200,200,@@@NO@@@)','',2,'2013-09-20'),(67971,'INSERT INTO gne_vale_ferreteria (vfe_id,vfe_fecha,vfe_total,vfe_estado,vfe_entregado,usu_nusuario) VALUES (11599,@@@2013.09.20@@@,490,1,0,@@@G_DIAZ@@@)','',2,'2013-09-20'),(67972,'INSERT INTO gne_vale_ferreteria_mov (vfe_id,pro_codigo_plu,vfm_cantidad,vfm_unitario,vfm_total,vfm_entregado) VALUES (11599,770007,1,490,490,@@@NO@@@)','',2,'2013-09-20'),(67973,'INSERT INTO gne_vale_ferreteria (vfe_id,vfe_fecha,vfe_total,vfe_estado,vfe_entregado,usu_nusuario) VALUES (11600,@@@2013.09.20@@@,720,1,0,@@@G_DIAZ@@@)','',2,'2013-09-20'),(67974,'INSERT INTO gne_vale_ferreteria_mov (vfe_id,pro_codigo_plu,vfm_cantidad,vfm_unitario,vfm_total,vfm_entregado) VALUES (11600,10989,1,720,720,@@@NO@@@)','',2,'2013-09-20'),(67975,'INSERT INTO gne_vale_ferreteria (vfe_id,vfe_fecha,vfe_total,vfe_estado,vfe_entregado,usu_nusuario) VALUES (11601,@@@2013.09.20@@@,4970,1,0,@@@G_DIAZ@@@)','',2,'2013-09-20'),(67976,'INSERT INTO gne_vale_ferreteria_mov (vfe_id,pro_codigo_plu,vfm_cantidad,vfm_unitario,vfm_total,vfm_entregado) VALUES (11601,764570,1,1290,1290,@@@NO@@@)','',2,'2013-09-20'),(67977,'INSERT INTO gne_vale_ferreteria_mov (vfe_id,pro_codigo_plu,vfm_cantidad,vfm_unitario,vfm_total,vfm_entregado) VALUES (11601,9797,1,2990,2990,@@@NO@@@)','',2,'2013-09-20'),(67978,'INSERT INTO gne_vale_ferreteria_mov (vfe_id,pro_codigo_plu,vfm_cantidad,vfm_unitario,vfm_total,vfm_entregado) VALUES (11601,764289,1,690,690,@@@NO@@@)','',2,'2013-09-20'),(67979,'INSERT INTO gne_vale_ferreteria (vfe_id,vfe_fecha,vfe_total,vfe_estado,vfe_entregado,usu_nusuario) VALUES (11602,@@@2013.09.20@@@,490,1,0,@@@G_DIAZ@@@)','',2,'2013-09-20'),(67980,'INSERT INTO gne_vale_ferreteria_mov (vfe_id,pro_codigo_plu,vfm_cantidad,vfm_unitario,vfm_total,vfm_entregado) VALUES (11602,780220183,1,490,490,@@@NO@@@)','',2,'2013-09-20'),(67981,'INSERT INTO gne_vale_ferreteria (vfe_id,vfe_fecha,vfe_total,vfe_estado,vfe_entregado,usu_nusuario) VALUES (11603,@@@2013.09.20@@@,3790,1,0,@@@G_DIAZ@@@)','',2,'2013-09-20'),(67982,'INSERT INTO gne_vale_ferreteria_mov (vfe_id,pro_codigo_plu,vfm_cantidad,vfm_unitario,vfm_total,vfm_entregado) VALUES (11603,763943,1,1690,1690,@@@NO@@@)','',2,'2013-09-20'),(67983,'INSERT INTO gne_vale_ferreteria_mov (vfe_id,pro_codigo_plu,vfm_cantidad,vfm_unitario,vfm_total,vfm_entregado) VALUES (11603,763861,1,2100,2100,@@@NO@@@)','',2,'2013-09-20'),(67984,'INSERT INTO gne_vale_ferreteria (vfe_id,vfe_fecha,vfe_total,vfe_estado,vfe_entregado,usu_nusuario) VALUES (11604,@@@2013.09.20@@@,1190,1,0,@@@G_DIAZ@@@)','',2,'2013-09-20'),(67985,'INSERT INTO gne_vale_ferreteria_mov (vfe_id,pro_codigo_plu,vfm_cantidad,vfm_unitario,vfm_total,vfm_entregado) VALUES (11604,4069,1,1190,1190,@@@NO@@@)','',2,'2013-09-20'),(67986,'INSERT INTO gne_vale_ferreteria (vfe_id,vfe_fecha,vfe_total,vfe_estado,vfe_entregado,usu_nusuario) VALUES (11605,@@@2013.09.20@@@,400,1,0,@@@G_DIAZ@@@)','',2,'2013-09-20'),(67987,'INSERT INTO gne_vale_ferreteria_mov (vfe_id,pro_codigo_plu,vfm_cantidad,vfm_unitario,vfm_total,vfm_entregado) VALUES (11605,78017049,1,300,300,@@@NO@@@)','',2,'2013-09-20'),(67988,'INSERT INTO gne_vale_ferreteria_mov (vfe_id,pro_codigo_plu,vfm_cantidad,vfm_unitario,vfm_total,vfm_entregado) VALUES (11605,770000,2,50,100,@@@NO@@@)','',2,'2013-09-20'),(67989,'INSERT INTO gne_vale_ferreteria (vfe_id,vfe_fecha,vfe_total,vfe_estado,vfe_entregado,usu_nusuario) VALUES (11606,@@@2013.09.20@@@,2100,1,0,@@@G_DIAZ@@@)','',2,'2013-09-20'),(67990,'INSERT INTO gne_vale_ferreteria_mov (vfe_id,pro_codigo_plu,vfm_cantidad,vfm_unitario,vfm_total,vfm_entregado) VALUES (11606,763944,1,2100,2100,@@@NO@@@)','',2,'2013-09-20'),(67991,'INSERT INTO gne_vale_ferreteria (vfe_id,vfe_fecha,vfe_total,vfe_estado,vfe_entregado,usu_nusuario) VALUES (11607,@@@2013.09.20@@@,1180,1,0,@@@G_DIAZ@@@)','',2,'2013-09-20'),(67992,'INSERT INTO gne_vale_ferreteria_mov (vfe_id,pro_codigo_plu,vfm_cantidad,vfm_unitario,vfm_total,vfm_entregado) VALUES (11607,764077,1,790,790,@@@NO@@@)','',2,'2013-09-20'),(67993,'INSERT INTO gne_vale_ferreteria_mov (vfe_id,pro_codigo_plu,vfm_cantidad,vfm_unitario,vfm_total,vfm_entregado) VALUES (11607,764846,1,390,390,@@@NO@@@)','',2,'2013-09-20'),(67994,'INSERT INTO gne_vale_ferreteria (vfe_id,vfe_fecha,vfe_total,vfe_estado,vfe_entregado,usu_nusuario) VALUES (11608,@@@2013.09.20@@@,1490,1,0,@@@G_DIAZ@@@)','',2,'2013-09-20'),(67995,'INSERT INTO gne_vale_ferreteria_mov (vfe_id,pro_codigo_plu,vfm_cantidad,vfm_unitario,vfm_total,vfm_entregado) VALUES (11608,764564,1,1490,1490,@@@NO@@@)','',2,'2013-09-20'),(67996,'INSERT INTO gne_vale_ferreteria (vfe_id,vfe_fecha,vfe_total,vfe_estado,vfe_entregado,usu_nusuario) VALUES (11609,@@@2013.09.20@@@,400,1,0,@@@G_DIAZ@@@)','',2,'2013-09-20'),(67997,'INSERT INTO gne_vale_ferreteria_mov (vfe_id,pro_codigo_plu,vfm_cantidad,vfm_unitario,vfm_total,vfm_entregado) VALUES (11609,2016,1,150,150,@@@NO@@@)','',2,'2013-09-20'),(67998,'INSERT INTO gne_vale_ferreteria_mov (vfe_id,pro_codigo_plu,vfm_cantidad,vfm_unitario,vfm_total,vfm_entregado) VALUES (11609,763738,1,250,250,@@@NO@@@)','',2,'2013-09-20'),(67999,'INSERT INTO gne_vale_ferreteria (vfe_id,vfe_fecha,vfe_total,vfe_estado,vfe_entregado,usu_nusuario) VALUES (11610,@@@2013.09.20@@@,5060,1,0,@@@G_DIAZ@@@)','',2,'2013-09-20'),(68000,'INSERT INTO gne_vale_ferreteria_mov (vfe_id,pro_codigo_plu,vfm_cantidad,vfm_unitario,vfm_total,vfm_entregado) VALUES (11610,780721516,2,590,1180,@@@NO@@@)','',2,'2013-09-20'),(68001,'INSERT INTO gne_vale_ferreteria_mov (vfe_id,pro_codigo_plu,vfm_cantidad,vfm_unitario,vfm_total,vfm_entregado) VALUES (11610,11602,1,890,890,@@@NO@@@)','',2,'2013-09-20'),(68002,'INSERT INTO gne_vale_ferreteria_mov (vfe_id,pro_codigo_plu,vfm_cantidad,vfm_unitario,vfm_total,vfm_entregado) VALUES (11610,780721436,1,2990,2990,@@@NO@@@)','',2,'2013-09-20'),(68003,'INSERT INTO gne_vale_ferreteria (vfe_id,vfe_fecha,vfe_total,vfe_estado,vfe_entregado,usu_nusuario) VALUES (11611,@@@2013.09.20@@@,300,1,0,@@@G_DIAZ@@@)','',2,'2013-09-20'),(68004,'INSERT INTO gne_vale_ferreteria_mov (vfe_id,pro_codigo_plu,vfm_cantidad,vfm_unitario,vfm_total,vfm_entregado) VALUES (11611,12000,1,300,300,@@@NO@@@)','',2,'2013-09-20'),(68005,'INSERT INTO gne_vale_ferreteria (vfe_id,vfe_fecha,vfe_total,vfe_estado,vfe_entregado,usu_nusuario) VALUES (11612,@@@2013.09.20@@@,350,1,0,@@@G_DIAZ@@@)','',2,'2013-09-20'),(68006,'INSERT INTO gne_vale_ferreteria_mov (vfe_id,pro_codigo_plu,vfm_cantidad,vfm_unitario,vfm_total,vfm_entregado) VALUES (11612,8021,1,150,150,@@@NO@@@)','',2,'2013-09-20'),(68007,'INSERT INTO gne_vale_ferreteria_mov (vfe_id,pro_codigo_plu,vfm_cantidad,vfm_unitario,vfm_total,vfm_entregado) VALUES (11612,765072,1,200,200,@@@NO@@@)','',2,'2013-09-20'),(68008,'INSERT INTO gne_vale_ferreteria (vfe_id,vfe_fecha,vfe_total,vfe_estado,vfe_entregado,usu_nusuario) VALUES (11613,@@@2013.09.20@@@,300,1,0,@@@G_DIAZ@@@)','',2,'2013-09-20'),(68009,'INSERT INTO gne_vale_ferreteria_mov (vfe_id,pro_codigo_plu,vfm_cantidad,vfm_unitario,vfm_total,vfm_entregado) VALUES (11613,8021,2,150,300,@@@NO@@@)','',2,'2013-09-20'),(68010,'INSERT INTO gne_vale_ferreteria (vfe_id,vfe_fecha,vfe_total,vfe_estado,vfe_entregado,usu_nusuario) VALUES (11614,@@@2013.09.20@@@,1820,1,0,@@@G_DIAZ@@@)','',2,'2013-09-20'),(68011,'INSERT INTO gne_vale_ferreteria_mov (vfe_id,pro_codigo_plu,vfm_cantidad,vfm_unitario,vfm_total,vfm_entregado) VALUES (11614,764141,1,650,650,@@@NO@@@)','',2,'2013-09-20'),(68012,'INSERT INTO gne_vale_ferreteria_mov (vfe_id,pro_codigo_plu,vfm_cantidad,vfm_unitario,vfm_total,vfm_entregado) VALUES (11614,78017124,3,390,1170,@@@NO@@@)','',2,'2013-09-20'),(68013,'INSERT INTO gne_vale_ferreteria (vfe_id,vfe_fecha,vfe_total,vfe_estado,vfe_entregado,usu_nusuario) VALUES (11615,@@@2013.09.20@@@,1180,1,0,@@@G_DIAZ@@@)','',2,'2013-09-20'),(68014,'INSERT INTO gne_vale_ferreteria_mov (vfe_id,pro_codigo_plu,vfm_cantidad,vfm_unitario,vfm_total,vfm_entregado) VALUES (11615,761974,1,890,890,@@@NO@@@)','',2,'2013-09-20'),(68015,'INSERT INTO gne_vale_ferreteria_mov (vfe_id,pro_codigo_plu,vfm_cantidad,vfm_unitario,vfm_total,vfm_entregado) VALUES (11615,764697,1,290,290,@@@NO@@@)','',2,'2013-09-20'),(68016,'INSERT INTO gne_vale_ferreteria (vfe_id,vfe_fecha,vfe_total,vfe_estado,vfe_entregado,usu_nusuario) VALUES (11616,@@@2013.09.20@@@,1070,1,0,@@@G_DIAZ@@@)','',2,'2013-09-20'),(68017,'INSERT INTO gne_vale_ferreteria_mov (vfe_id,pro_codigo_plu,vfm_cantidad,vfm_unitario,vfm_total,vfm_entregado) VALUES (11616,763588,1,330,330,@@@NO@@@)','',2,'2013-09-20'),(68018,'INSERT INTO gne_vale_ferreteria_mov (vfe_id,pro_codigo_plu,vfm_cantidad,vfm_unitario,vfm_total,vfm_entregado) VALUES (11616,763592,1,200,200,@@@NO@@@)','',2,'2013-09-20'),(68019,'INSERT INTO gne_vale_ferreteria_mov (vfe_id,pro_codigo_plu,vfm_cantidad,vfm_unitario,vfm_total,vfm_entregado) VALUES (11616,78017145,1,290,290,@@@NO@@@)','',2,'2013-09-20'),(68020,'INSERT INTO gne_vale_ferreteria_mov (vfe_id,pro_codigo_plu,vfm_cantidad,vfm_unitario,vfm_total,vfm_entregado) VALUES (11616,780721493,1,250,250,@@@NO@@@)','',2,'2013-09-20'),(68021,'INSERT INTO gne_vale_ferreteria (vfe_id,vfe_fecha,vfe_total,vfe_estado,vfe_entregado,usu_nusuario) VALUES (11617,@@@2013.09.20@@@,250,1,0,@@@G_DIAZ@@@)','',2,'2013-09-20'),(68022,'INSERT INTO gne_vale_ferreteria_mov (vfe_id,pro_codigo_plu,vfm_cantidad,vfm_unitario,vfm_total,vfm_entregado) VALUES (11617,764583,1,250,250,@@@NO@@@)','',2,'2013-09-20'),(68023,'INSERT INTO gne_vale_ferreteria (vfe_id,vfe_fecha,vfe_total,vfe_estado,vfe_entregado,usu_nusuario) VALUES (11618,@@@2013.09.20@@@,500,1,0,@@@G_DIAZ@@@)','',2,'2013-09-20'),(68024,'INSERT INTO gne_vale_ferreteria_mov (vfe_id,pro_codigo_plu,vfm_cantidad,vfm_unitario,vfm_total,vfm_entregado) VALUES (11618,770000,10,50,500,@@@NO@@@)','',2,'2013-09-20'),(68025,'INSERT INTO gne_vale_ferreteria (vfe_id,vfe_fecha,vfe_total,vfe_estado,vfe_entregado,usu_nusuario) VALUES (11619,@@@2013.09.20@@@,450,1,0,@@@G_DIAZ@@@)','',2,'2013-09-20'),(68026,'INSERT INTO gne_vale_ferreteria_mov (vfe_id,pro_codigo_plu,vfm_cantidad,vfm_unitario,vfm_total,vfm_entregado) VALUES (11619,3100,1,450,450,@@@NO@@@)','',2,'2013-09-20'),(68027,'INSERT INTO gne_vale_ferreteria (vfe_id,vfe_fecha,vfe_total,vfe_estado,vfe_entregado,usu_nusuario) VALUES (11620,@@@2013.09.20@@@,1490,1,0,@@@G_DIAZ@@@)','',2,'2013-09-20'),(68028,'INSERT INTO gne_vale_ferreteria_mov (vfe_id,pro_codigo_plu,vfm_cantidad,vfm_unitario,vfm_total,vfm_entregado) VALUES (11620,990002,1,1490,1490,@@@NO@@@)','',2,'2013-09-20'),(68029,'INSERT INTO gne_vale_ferreteria (vfe_id,vfe_fecha,vfe_total,vfe_estado,vfe_entregado,usu_nusuario) VALUES (11621,@@@2013.09.20@@@,850,1,0,@@@G_DIAZ@@@)','',2,'2013-09-20'),(68030,'INSERT INTO gne_vale_ferreteria_mov (vfe_id,pro_codigo_plu,vfm_cantidad,vfm_unitario,vfm_total,vfm_entregado) VALUES (11621,780721425,1,850,850,@@@NO@@@)','',2,'2013-09-20'),(68031,'INSERT INTO gne_vale_ferreteria (vfe_id,vfe_fecha,vfe_total,vfe_estado,vfe_entregado,usu_nusuario) VALUES (11622,@@@2013.09.20@@@,790,1,0,@@@G_DIAZ@@@)','',2,'2013-09-20'),(68032,'INSERT INTO gne_vale_ferreteria_mov (vfe_id,pro_codigo_plu,vfm_cantidad,vfm_unitario,vfm_total,vfm_entregado) VALUES (11622,101104,1,790,790,@@@NO@@@)','',2,'2013-09-20'),(68033,'INSERT INTO gne_vale_ferreteria (vfe_id,vfe_fecha,vfe_total,vfe_estado,vfe_entregado,usu_nusuario) VALUES (11623,@@@2013.09.20@@@,5990,1,0,@@@G_DIAZ@@@)','',2,'2013-09-20'),(68034,'INSERT INTO gne_vale_ferreteria_mov (vfe_id,pro_codigo_plu,vfm_cantidad,vfm_unitario,vfm_total,vfm_entregado) VALUES (11623,764526,1,5990,5990,@@@NO@@@)','',2,'2013-09-20'),(68035,'INSERT INTO gne_vale_ferreteria (vfe_id,vfe_fecha,vfe_total,vfe_estado,vfe_entregado,usu_nusuario) VALUES (11624,@@@2013.09.20@@@,4360,1,0,@@@G_DIAZ@@@)','',2,'2013-09-20'),(68036,'INSERT INTO gne_vale_ferreteria_mov (vfe_id,pro_codigo_plu,vfm_cantidad,vfm_unitario,vfm_total,vfm_entregado) VALUES (11624,88581,1,2790,2790,@@@NO@@@)','',2,'2013-09-20'),(68037,'INSERT INTO gne_vale_ferreteria_mov (vfe_id,pro_codigo_plu,vfm_cantidad,vfm_unitario,vfm_total,vfm_entregado) VALUES (11624,764581,2,490,980,@@@NO@@@)','',2,'2013-09-20'),(68038,'INSERT INTO gne_vale_ferreteria_mov (vfe_id,pro_codigo_plu,vfm_cantidad,vfm_unitario,vfm_total,vfm_entregado) VALUES (11624,4098,1,590,590,@@@NO@@@)','',2,'2013-09-20'),(68039,'INSERT INTO gne_vale_ferreteria (vfe_id,vfe_fecha,vfe_total,vfe_estado,vfe_entregado,usu_nusuario) VALUES (11625,@@@2013.09.20@@@,500,1,0,@@@G_DIAZ@@@)','',2,'2013-09-20'),(68040,'INSERT INTO gne_vale_ferreteria_mov (vfe_id,pro_codigo_plu,vfm_cantidad,vfm_unitario,vfm_total,vfm_entregado) VALUES (11625,101082,2,250,500,@@@NO@@@)','',2,'2013-09-20'),(68041,'INSERT INTO gne_vale_ferreteria (vfe_id,vfe_fecha,vfe_total,vfe_estado,vfe_entregado,usu_nusuario) VALUES (11626,@@@2013.09.20@@@,690,1,0,@@@G_DIAZ@@@)','',2,'2013-09-20'),(68042,'INSERT INTO gne_vale_ferreteria_mov (vfe_id,pro_codigo_plu,vfm_cantidad,vfm_unitario,vfm_total,vfm_entregado) VALUES (11626,7705007,1,690,690,@@@NO@@@)','',2,'2013-09-20'),(68043,'INSERT INTO gne_vale_ferreteria (vfe_id,vfe_fecha,vfe_total,vfe_estado,vfe_entregado,usu_nusuario) VALUES (11627,@@@2013.09.20@@@,400,1,0,@@@G_DIAZ@@@)','',2,'2013-09-20'),(68044,'INSERT INTO gne_vale_ferreteria_mov (vfe_id,pro_codigo_plu,vfm_cantidad,vfm_unitario,vfm_total,vfm_entregado) VALUES (11627,764834,20,20,400,@@@NO@@@)','',2,'2013-09-20'),(68045,'INSERT INTO gne_vale_ferreteria (vfe_id,vfe_fecha,vfe_total,vfe_estado,vfe_entregado,usu_nusuario) VALUES (11628,@@@2013.09.20@@@,3170,1,0,@@@G_DIAZ@@@)','',2,'2013-09-20'),(68046,'INSERT INTO gne_vale_ferreteria_mov (vfe_id,pro_codigo_plu,vfm_cantidad,vfm_unitario,vfm_total,vfm_entregado) VALUES (11628,19925,1,1290,1290,@@@NO@@@)','',2,'2013-09-20'),