(47190,'INSERT INTO mae_productos (pro_codigo_plu,pro_codigo_barra,pro_tipo,pro_nombre_producto,pro_nombre_corto,med_id,emb_id,pro_unidades_embalaje,dep_id,lin_id,mar_id,pro_precio_compra_neto,pro_precio_compra_bruto,pro_precio_venta,pro_margen_actual,pro_oferta,pro_fecha_inicio_oferta,pro_fecha_termino_oferta,pro_precio_oferta,pro_stock_minimo,pro_stock_critico,pro_entradas_bodega,pro_salidas_bodega,pro_mermas_bodega,pro_ajustes_bodega,pro_entradas_sv,pro_salidas_sv,pro_mermas_sv,pro_ajustes_sv,pro_activo,rec_numero,pro_unidad,pro_capacidad,pro_consumo_bodega,pro_consumo_sv,pro_estado,pro_funcion_plu,pro_flejes,pro_iva,pro_plu_asociado,pro_envase,pro_duracion,pro_numero_etiqueta) VALUES (780721600,@@@7808704700157@@@,@@@0@@@,@@@VINO MISIONES D RENGO CABERNET RESERVA 750 ML @@@,@@@VINO MISIONES D @@@,@@@7 @@@,@@@6 @@@,@@@6@@@,@@@6 @@@,@@@60@@@,@@@1234@@@,@@@0@@@,@@@1@@@,@@@1@@@,@@@0@@@,@@@@@@,@@@2006.09.07@@@,@@@2006.09.07@@@,@@@0@@@,@@@2@@@,@@@1@@@,@@@0@@@,@@@0@@@,@@@0@@@,@@@0@@@,@@@0@@@,@@@0@@@,@@@0@@@,@@@0@@@,@@@1@@@,@@@0@@@,0,750,0,0,2,0,1,1,0,@@@NO@@@,0,0)','',2,'2013-08-03'),(47191,'DELETE FROM mae_impuestos_productos WHERE pro_codigo_plu=@@@780721600@@@','',2,'2013-08-03'),(47192,'INSERT INTO gne_vale_ferreteria (vfe_id,vfe_fecha,vfe_total,vfe_estado,vfe_entregado,usu_nusuario) VALUES (6959,@@@2013.08.03@@@,1719,1,0,@@@s_diaz@@@)','',2,'2013-08-03'),(47193,'INSERT INTO gne_vale_ferreteria_mov (vfe_id,pro_codigo_plu,vfm_cantidad,vfm_unitario,vfm_total,vfm_entregado) VALUES (6959,763587,1,420,420,@@@NO@@@)','',2,'2013-08-03'),(47194,'INSERT INTO gne_vale_ferreteria_mov (vfe_id,pro_codigo_plu,vfm_cantidad,vfm_unitario,vfm_total,vfm_entregado) VALUES (6959,780721233,1,1299,1299,@@@NO@@@)','',2,'2013-08-03'),(47195,'INSERT INTO gne_vale_ferreteria (vfe_id,vfe_fecha,vfe_total,vfe_estado,vfe_entregado,usu_nusuario) VALUES (6960,@@@2013.08.03@@@,500,1,0,@@@s_diaz@@@)','',2,'2013-08-03'),(47196,'INSERT INTO gne_vale_ferreteria_mov (vfe_id,pro_codigo_plu,vfm_cantidad,vfm_unitario,vfm_total,vfm_entregado) VALUES (6960,12608,2,250,500,@@@NO@@@)','',2,'2013-08-03'),(47197,'UPDATE mae_productos SET pro_margen_actual=-99.91,pro_precio_venta=1 WHERE pro_codigo_plu=780721599','',2,'2013-08-03'),(47198,'UPDATE mae_productos SET pro_margen_actual=0,pro_precio_venta=1 WHERE pro_codigo_plu=780721600','',2,'2013-08-03'),(47199,'UPDATE mae_productos SET pro_margen_actual=54.64,pro_precio_venta=450 WHERE pro_codigo_plu=597','',2,'2013-08-03'),(47200,'UPDATE mae_productos SET pro_margen_actual=54.64,pro_precio_venta=450 WHERE pro_codigo_plu=517','',2,'2013-08-03'),(47201,'UPDATE mae_productos SET pro_precio_fiscal=pro_precio_venta WHERE pro_codigo_plu=517','',2,'2013-08-03'),(47202,'UPDATE mae_productos SET pro_precio_fiscal=pro_precio_venta WHERE pro_codigo_plu=597','',2,'2013-08-03'),(47203,'INSERT INTO gne_vale_ferreteria (vfe_id,vfe_fecha,vfe_total,vfe_estado,vfe_entregado,usu_nusuario) VALUES (6961,@@@2013.08.03@@@,200,1,0,@@@s_diaz@@@)','',2,'2013-08-03'),(47204,'INSERT INTO gne_vale_ferreteria_mov (vfe_id,pro_codigo_plu,vfm_cantidad,vfm_unitario,vfm_total,vfm_entregado) VALUES (6961,20368,2,100,200,@@@NO@@@)','',2,'2013-08-03'),(47205,'INSERT INTO gne_vale_ferreteria (vfe_id,vfe_fecha,vfe_total,vfe_estado,vfe_entregado,usu_nusuario) VALUES (6962,@@@2013.08.03@@@,1490,1,0,@@@s_diaz@@@)','',2,'2013-08-03'),(47206,'INSERT INTO gne_vale_ferreteria_mov (vfe_id,pro_codigo_plu,vfm_cantidad,vfm_unitario,vfm_total,vfm_entregado) VALUES (6962,780721513,1,1490,1490,@@@NO@@@)','',2,'2013-08-03'),(47207,'UPDATE mae_productos SET pro_codigo_barra=@@@329@@@,pro_tipo=@@@0@@@,pro_nombre_producto=@@@JAMON COLONIAL SAN JORGE@@@,pro_nombre_corto=@@@JAMON COLONIAL@@@,med_id=@@@1@@@,emb_id=@@@1@@@,pro_unidades_embalaje=@@@1@@@,dep_id=@@@12 @@@,lin_id=@@@77@@@,mar_id=@@@2507@@@,pro_precio_compra_neto=@@@0@@@,pro_precio_compra_bruto=@@@4760@@@,pro_precio_venta=@@@7150@@@,pro_margen_actual=@@@50.21@@@,pro_oferta=@@@NO@@@,pro_fecha_inicio_oferta=@@@1900.01.01@@@,pro_fecha_termino_oferta=@@@1900.01.01@@@,pro_precio_oferta=@@@0@@@,pro_stock_minimo=@@@1@@@,pro_stock_critico=@@@1@@@,pro_activo=@@@1@@@,pro_unidad=@@@1@@@,pro_precio_compra_bruto=4760,pro_margen_actual=50.21,pro_capacidad=1,pro_funcion_plu=1,pro_flejes=0,pro_iva=1,pro_plu_asociado=0,pro_envase=@@@NO@@@,pro_duracion=0,pro_numero_etiqueta=1 WHERE pro_codigo_plu=@@@329@@@','',2,'2013-08-03'),(47208,'UPDATE mae_productos SET pro_estado=1 WHERE pro_codigo_plu=329','',2,'2013-08-03'),(47209,'DELETE FROM mae_impuestos_productos WHERE pro_codigo_plu=@@@329@@@','',2,'2013-08-03'),(47210,'INSERT INTO gne_vale_ferreteria (vfe_id,vfe_fecha,vfe_total,vfe_estado,vfe_entregado,usu_nusuario) VALUES (6963,@@@2013.08.03@@@,1690,1,0,@@@m_martinez@@@)','',2,'2013-08-03'),(47211,'INSERT INTO gne_vale_ferreteria_mov (vfe_id,pro_codigo_plu,vfm_cantidad,vfm_unitario,vfm_total,vfm_entregado) VALUES (6963,20476,1,1690,1690,@@@NO@@@)','',2,'2013-08-03'),(47212,'UPDATE mae_productos SET pro_precio_compra_bruto=4034.1,pro_margen_actual=(pro_precio_venta-4034.1)/4034.1 * 100,pro_ultima_compra=@@@2013.08.03@@@,pro_ultimo_proveedor=@@@80186300-0@@@ WHERE pro_codigo_plu=401','',2,'2013-08-03'),(47213,'UPDATE mae_productos SET pro_precio_compra_bruto=191.88,pro_margen_actual=(pro_precio_venta-191.88)/191.88 * 100,pro_ultima_compra=@@@2013.08.03@@@,pro_ultimo_proveedor=@@@80186300-0@@@ WHERE pro_codigo_plu=762638','',2,'2013-08-03'),(47214,'UPDATE mae_productos SET pro_precio_compra_bruto=4760,pro_margen_actual=(pro_precio_venta-4760)/4760 * 100,pro_ultima_compra=@@@2013.08.03@@@,pro_ultimo_proveedor=@@@80186300-0@@@ WHERE pro_codigo_plu=329','',2,'2013-08-03'),(47215,'UPDATE mae_productos SET pro_precio_compra_bruto=386.75,pro_margen_actual=(pro_precio_venta-386.75)/386.75 * 100,pro_ultima_compra=@@@2013.08.03@@@,pro_ultimo_proveedor=@@@80186300-0@@@ WHERE pro_codigo_plu=262524','',2,'2013-08-03'),(47216,'INSERT INTO gne_vale_ferreteria (vfe_id,vfe_fecha,vfe_total,vfe_estado,vfe_entregado,usu_nusuario) VALUES (6964,@@@2013.08.03@@@,920,1,0,@@@m_martinez@@@)','',2,'2013-08-03'),(47217,'INSERT INTO gne_vale_ferreteria_mov (vfe_id,pro_codigo_plu,vfm_cantidad,vfm_unitario,vfm_total,vfm_entregado) VALUES (6964,764258,1,550,550,@@@NO@@@)','',2,'2013-08-03'),(47218,'INSERT INTO gne_vale_ferreteria_mov (vfe_id,pro_codigo_plu,vfm_cantidad,vfm_unitario,vfm_total,vfm_entregado) VALUES (6964,780220192,1,370,370,@@@NO@@@)','',2,'2013-08-03'),(47219,'INSERT INTO mae_productos (pro_codigo_plu,pro_codigo_barra,pro_tipo,pro_nombre_producto,pro_nombre_corto,med_id,emb_id,pro_unidades_embalaje,dep_id,lin_id,mar_id,pro_precio_compra_neto,pro_precio_compra_bruto,pro_precio_venta,pro_margen_actual,pro_oferta,pro_fecha_inicio_oferta,pro_fecha_termino_oferta,pro_precio_oferta,pro_stock_minimo,pro_stock_critico,pro_entradas_bodega,pro_salidas_bodega,pro_mermas_bodega,pro_ajustes_bodega,pro_entradas_sv,pro_salidas_sv,pro_mermas_sv,pro_ajustes_sv,pro_activo,rec_numero,pro_unidad,pro_capacidad,pro_consumo_bodega,pro_consumo_sv,pro_estado,pro_funcion_plu,pro_flejes,pro_iva,pro_plu_asociado,pro_envase,pro_duracion,pro_numero_etiqueta) VALUES (780721601,@@@7806500507840@@@,@@@0@@@,@@@PAPEL HIGENICO NOBLE 50 MTS X 4 UND@@@,@@@PAPEL HIGENICO N@@@,@@@1 @@@,@@@4 @@@,@@@12@@@,@@@35 @@@,@@@34@@@,@@@576@@@,@@@0@@@,@@@621.18@@@,@@@850@@@,@@@36.84@@@,@@@@@@,@@@2006.09.07@@@,@@@2006.09.07@@@,@@@0@@@,@@@20@@@,@@@15@@@,@@@0@@@,@@@0@@@,@@@0@@@,@@@0@@@,@@@0@@@,@@@0@@@,@@@0@@@,@@@0@@@,@@@1@@@,@@@0@@@,0,4,0,0,2,0,1,1,0,@@@NO@@@,0,0)','',2,'2013-08-03'),(47220,'DELETE FROM mae_impuestos_productos WHERE pro_codigo_plu=@@@780721601@@@','',2,'2013-08-03'),(47221,'INSERT INTO gne_vale_ferreteria (vfe_id,vfe_fecha,vfe_total,vfe_estado,vfe_entregado,usu_nusuario) VALUES (6965,@@@2013.08.03@@@,690,1,0,@@@m_martinez@@@)','',2,'2013-08-03'),(47222,'INSERT INTO gne_vale_ferreteria_mov (vfe_id,pro_codigo_plu,vfm_cantidad,vfm_unitario,vfm_total,vfm_entregado) VALUES (6965,19804,1,690,690,@@@NO@@@)','',2,'2013-08-03'),(47223,'INSERT INTO gne_vale_ferreteria (vfe_id,vfe_fecha,vfe_total,vfe_estado,vfe_entregado,usu_nusuario) VALUES (6966,@@@2013.08.03@@@,500,1,0,@@@m_martinez@@@)','',2,'2013-08-03'),(47224,'INSERT INTO gne_vale_ferreteria_mov (vfe_id,pro_codigo_plu,vfm_cantidad,vfm_unitario,vfm_total,vfm_entregado) VALUES (6966,763909,1,500,500,@@@NO@@@)','',2,'2013-08-03'),(47225,'UPDATE mae_productos SET pro_precio_compra_bruto=548.59,pro_margen_actual=(pro_precio_venta-548.59)/548.59 * 100,pro_ultima_compra=@@@2013.08.03@@@,pro_ultimo_proveedor=@@@76041579-0@@@ WHERE pro_codigo_plu=13247','',2,'2013-08-03'),(47226,'UPDATE mae_productos SET pro_precio_compra_bruto=621.18,pro_margen_actual=(pro_precio_venta-621.18)/621.18 * 100,pro_ultima_compra=@@@2013.08.03@@@,pro_ultimo_proveedor=@@@76041579-0@@@ WHERE pro_codigo_plu=780721601','',2,'2013-08-03'),(47227,'UPDATE mae_productos SET pro_precio_compra_bruto=925.82,pro_margen_actual=(pro_precio_venta-925.82)/925.82 * 100,pro_ultima_compra=@@@2013.08.03@@@,pro_ultimo_proveedor=@@@76041579-0@@@ WHERE pro_codigo_plu=780721233','',2,'2013-08-03'),(47228,'UPDATE mae_productos SET pro_precio_compra_bruto=2068.22,pro_margen_actual=(pro_precio_venta-2068.22)/2068.22 * 100,pro_ultima_compra=@@@2013.08.03@@@,pro_ultimo_proveedor=@@@76041579-0@@@ WHERE pro_codigo_plu=765066','',2,'2013-08-03'),(47229,'UPDATE mae_productos SET pro_precio_compra_bruto=70.21,pro_margen_actual=(pro_precio_venta-70.21)/70.21 * 100,pro_ultima_compra=@@@2013.08.03@@@,pro_ultimo_proveedor=@@@76041579-0@@@ WHERE pro_codigo_plu=78017204','',2,'2013-08-03'),(47230,'UPDATE mae_productos SET pro_precio_compra_bruto=259.42,pro_margen_actual=(pro_precio_venta-259.42)/259.42 * 100,pro_ultima_compra=@@@2013.08.03@@@,pro_ultimo_proveedor=@@@76041579-0@@@ WHERE pro_codigo_plu=764204','',2,'2013-08-03'),(47231,'UPDATE mae_productos SET pro_precio_compra_bruto=259.42,pro_margen_actual=(pro_precio_venta-259.42)/259.42 * 100,pro_ultima_compra=@@@2013.08.03@@@,pro_ultimo_proveedor=@@@76041579-0@@@ WHERE pro_codigo_plu=764208','',2,'2013-08-03'),(47232,'UPDATE mae_productos SET pro_precio_compra_bruto=259.42,pro_margen_actual=(pro_precio_venta-259.42)/259.42 * 100,pro_ultima_compra=@@@2013.08.03@@@,pro_ultimo_proveedor=@@@76041579-0@@@ WHERE pro_codigo_plu=764205','',2,'2013-08-03'),(47233,'INSERT INTO gne_vale_ferreteria (vfe_id,vfe_fecha,vfe_total,vfe_estado,vfe_entregado,usu_nusuario) VALUES (6967,@@@2013.08.03@@@,2490,1,0,@@@m_martinez@@@)','',2,'2013-08-03'),(47234,'INSERT INTO gne_vale_ferreteria_mov (vfe_id,pro_codigo_plu,vfm_cantidad,vfm_unitario,vfm_total,vfm_entregado) VALUES (6967,764808,1,2490,2490,@@@NO@@@)','',2,'2013-08-03'),(47235,'INSERT INTO gne_vale_ferreteria (vfe_id,vfe_fecha,vfe_total,vfe_estado,vfe_entregado,usu_nusuario) VALUES (6968,@@@2013.08.03@@@,2490,1,0,@@@m_martinez@@@)','',2,'2013-08-03'),(47236,'INSERT INTO gne_vale_ferreteria_mov (vfe_id,pro_codigo_plu,vfm_cantidad,vfm_unitario,vfm_total,vfm_entregado) VALUES (6968,780721509,1,2490,2490,@@@NO@@@)','',2,'2013-08-03'),(47237,'INSERT INTO gne_vale_ferreteria (vfe_id,vfe_fecha,vfe_total,vfe_estado,vfe_entregado,usu_nusuario) VALUES (6969,@@@2013.08.03@@@,740,1,0,@@@m_martinez@@@)','',2,'2013-08-03'),(47238,'INSERT INTO gne_vale_ferreteria_mov (vfe_id,pro_codigo_plu,vfm_cantidad,vfm_unitario,vfm_total,vfm_entregado) VALUES (6969,14836,2,320,640,@@@NO@@@)','',2,'2013-08-03'),(47239,'INSERT INTO gne_vale_ferreteria_mov (vfe_id,pro_codigo_plu,vfm_cantidad,vfm_unitario,vfm_total,vfm_entregado) VALUES (6969,770098,1,100,100,@@@NO@@@)','',2,'2013-08-03'),(47240,'INSERT INTO mae_productos (pro_codigo_plu,pro_codigo_barra,pro_tipo,pro_nombre_producto,pro_nombre_corto,med_id,emb_id,pro_unidades_embalaje,dep_id,lin_id,mar_id,pro_precio_compra_neto,pro_precio_compra_bruto,pro_precio_venta,pro_margen_actual,pro_oferta,pro_fecha_inicio_oferta,pro_fecha_termino_oferta,pro_precio_oferta,pro_stock_minimo,pro_stock_critico,pro_entradas_bodega,pro_salidas_bodega,pro_mermas_bodega,pro_ajustes_bodega,pro_entradas_sv,pro_salidas_sv,pro_mermas_sv,pro_ajustes_sv,pro_activo,rec_numero,pro_unidad,pro_capacidad,pro_consumo_bodega,pro_consumo_sv,pro_estado,pro_funcion_plu,pro_flejes,pro_iva,pro_plu_asociado,pro_envase,pro_duracion,pro_numero_etiqueta) VALUES (780721602,@@@7802920005508@@@,@@@0@@@,@@@VILIB DEFENSAS FRUTILLA 100ML@@@,@@@VILIB DEFENSAS F@@@,@@@7 @@@,@@@4 @@@,@@@4@@@,@@@3 @@@,@@@50@@@,@@@1004@@@,@@@0@@@,@@@166.6@@@,@@@230@@@,@@@38.06@@@,@@@@@@,@@@2006.09.07@@@,@@@2006.09.07@@@,@@@0@@@,@@@2@@@,@@@1@@@,@@@0@@@,@@@0@@@,@@@0@@@,@@@0@@@,@@@0@@@,@@@0@@@,@@@0@@@,@@@0@@@,@@@1@@@,@@@0@@@,0,100,0,0,2,0,1,1,0,@@@NO@@@,0,0)','',2,'2013-08-03'),(47241,'DELETE FROM mae_impuestos_productos WHERE pro_codigo_plu=@@@780721602@@@','',2,'2013-08-03'),(47242,'INSERT INTO gne_vale_ferreteria (vfe_id,vfe_fecha,vfe_total,vfe_estado,vfe_entregado,usu_nusuario) VALUES (6970,@@@2013.08.03@@@,300,1,0,@@@m_martinez@@@)','',2,'2013-08-03'),(47243,'INSERT INTO gne_vale_ferreteria_mov (vfe_id,pro_codigo_plu,vfm_cantidad,vfm_unitario,vfm_total,vfm_entregado) VALUES (6970,780721221,1,300,300,@@@NO@@@)','',2,'2013-08-03'),(47244,'INSERT INTO gne_vale_ferreteria (vfe_id,vfe_fecha,vfe_total,vfe_estado,vfe_entregado,usu_nusuario) VALUES (6971,@@@2013.08.03@@@,2490,1,0,@@@m_martinez@@@)','',2,'2013-08-03'),(47245,'INSERT INTO gne_vale_ferreteria_mov (vfe_id,pro_codigo_plu,vfm_cantidad,vfm_unitario,vfm_total,vfm_entregado) VALUES (6971,780721452,1,2490,2490,@@@NO@@@)','',2,'2013-08-03'),(47246,'INSERT INTO gne_vale_ferreteria (vfe_id,vfe_fecha,vfe_total,vfe_estado,vfe_entregado,usu_nusuario) VALUES (6972,@@@2013.08.03@@@,620,1,0,@@@m_martinez@@@)','',2,'2013-08-03'),(47247,'INSERT INTO gne_vale_ferreteria_mov (vfe_id,pro_codigo_plu,vfm_cantidad,vfm_unitario,vfm_total,vfm_entregado) VALUES (6972,780721221,1,300,300,@@@NO@@@)','',2,'2013-08-03'),(47248,'INSERT INTO gne_vale_ferreteria_mov (vfe_id,pro_codigo_plu,vfm_cantidad,vfm_unitario,vfm_total,vfm_entregado) VALUES (6972,7051,2,100,200,@@@NO@@@)','',2,'2013-08-03'),(47249,'INSERT INTO gne_vale_ferreteria_mov (vfe_id,pro_codigo_plu,vfm_cantidad,vfm_unitario,vfm_total,vfm_entregado) VALUES (6972,4080,3,40,120,@@@NO@@@)','',2,'2013-08-03'),(47250,'INSERT INTO gne_vale_ferreteria (vfe_id,vfe_fecha,vfe_total,vfe_estado,vfe_entregado,usu_nusuario) VALUES (6973,@@@2013.08.03@@@,890,1,0,@@@m_martinez@@@)','',2,'2013-08-03'),(47251,'INSERT INTO gne_vale_ferreteria_mov (vfe_id,pro_codigo_plu,vfm_cantidad,vfm_unitario,vfm_total,vfm_entregado) VALUES (6973,780721476,1,890,890,@@@NO@@@)','',2,'2013-08-03'),(47252,'INSERT INTO gne_vale_ferreteria (vfe_id,vfe_fecha,vfe_total,vfe_estado,vfe_entregado,usu_nusuario) VALUES (6974,@@@2013.08.03@@@,1990,1,0,@@@m_martinez@@@)','',2,'2013-08-03'),(47253,'INSERT INTO gne_vale_ferreteria_mov (vfe_id,pro_codigo_plu,vfm_cantidad,vfm_unitario,vfm_total,vfm_entregado) VALUES (6974,101854,1,1990,1990,@@@NO@@@)','',2,'2013-08-03'),(47254,'INSERT INTO gne_vale_ferreteria (vfe_id,vfe_fecha,vfe_total,vfe_estado,vfe_entregado,usu_nusuario) VALUES (6975,@@@2013.08.03@@@,850,1,0,@@@m_martinez@@@)','',2,'2013-08-03'),(47255,'INSERT INTO gne_vale_ferreteria_mov (vfe_id,pro_codigo_plu,vfm_cantidad,vfm_unitario,vfm_total,vfm_entregado) VALUES (6975,763626,1,850,850,@@@NO@@@)','',2,'2013-08-03'),(47256,'INSERT INTO gne_vale_ferreteria (vfe_id,vfe_fecha,vfe_total,vfe_estado,vfe_entregado,usu_nusuario) VALUES (6976,@@@2013.08.03@@@,2490,1,0,@@@m_martinez@@@)','',2,'2013-08-03'),(47257,'INSERT INTO gne_vale_ferreteria_mov (vfe_id,pro_codigo_plu,vfm_cantidad,vfm_unitario,vfm_total,vfm_entregado) VALUES (6976,780721460,1,2490,2490,@@@NO@@@)','',2,'2013-08-03'),(47258,'INSERT INTO gne_vale_ferreteria (vfe_id,vfe_fecha,vfe_total,vfe_estado,vfe_entregado,usu_nusuario) VALUES (6977,@@@2013.08.03@@@,450,1,0,@@@m_martinez@@@)','',2,'2013-08-03'),(47259,'INSERT INTO gne_vale_ferreteria_mov (vfe_id,pro_codigo_plu,vfm_cantidad,vfm_unitario,vfm_total,vfm_entregado) VALUES (6977,78017110,3,150,450,@@@NO@@@)','',2,'2013-08-03'),(47260,'INSERT INTO gne_vale_ferreteria (vfe_id,vfe_fecha,vfe_total,vfe_estado,vfe_entregado,usu_nusuario) VALUES (6978,@@@2013.08.03@@@,1490,1,0,@@@m_martinez@@@)','',2,'2013-08-03'),(47261,'INSERT INTO gne_vale_ferreteria_mov (vfe_id,pro_codigo_plu,vfm_cantidad,vfm_unitario,vfm_total,vfm_entregado) VALUES (6978,763293,1,1490,1490,@@@NO@@@)','',2,'2013-08-03'),(47262,'UPDATE mae_productos SET pro_codigo_barra=@@@407@@@,pro_tipo=@@@0@@@,pro_nombre_producto=@@@QUESO GAUDA TROZO COLUN@@@,pro_nombre_corto=@@@QUESO GAUDA TROZ@@@,med_id=@@@2@@@,emb_id=@@@7@@@,pro_unidades_embalaje=@@@2@@@,dep_id=@@@13 @@@,lin_id=@@@81@@@,mar_id=@@@1993@@@,pro_precio_compra_neto=@@@0@@@,pro_precio_compra_bruto=@@@3871.46@@@,pro_precio_venta=@@@5890@@@,pro_margen_actual=@@@52.14@@@,pro_oferta=@@@NO@@@,pro_fecha_inicio_oferta=@@@2013.07.17@@@,pro_fecha_termino_oferta=@@@2013.07.17@@@,pro_precio_oferta=@@@0@@@,pro_stock_minimo=@@@2@@@,pro_stock_critico=@@@1@@@,pro_activo=@@@1@@@,pro_unidad=@@@1@@@,pro_precio_compra_bruto=3871.46,pro_margen_actual=52.14,pro_capacidad=2,pro_funcion_plu=1,pro_flejes=1,pro_iva=1,pro_plu_asociado=0,pro_envase=@@@NO@@@,pro_duracion=0,pro_numero_etiqueta=1 WHERE pro_codigo_plu=@@@407@@@','',2,'2013-08-03'),(47263,'UPDATE mae_productos SET pro_estado=1 WHERE pro_codigo_plu=407','',2,'2013-08-03'),(47264,'DELETE FROM mae_impuestos_productos WHERE pro_codigo_plu=@@@407@@@','',2,'2013-08-03'),(47265,'INSERT INTO gne_vale_ferreteria (vfe_id,vfe_fecha,vfe_total,vfe_estado,vfe_entregado,usu_nusuario) VALUES (6979,@@@2013.08.03@@@,300,1,0,@@@m_martinez@@@)','',2,'2013-08-03'),(47266,'INSERT INTO gne_vale_ferreteria_mov (vfe_id,pro_codigo_plu,vfm_cantidad,vfm_unitario,vfm_total,vfm_entregado) VALUES (6979,9900006,2,150,300,@@@NO@@@)','',2,'2013-08-03'),(47267,'UPDATE mae_productos SET pro_precio_venta=750,pro_margen_actual=42.82, pro_precio_compra_bruto=525.147, pro_precio_compra_neto=441.3 WHERE pro_codigo_plu=18679','',2,'2013-08-03'),(47268,'UPDATE mae_productos SET pro_precio_venta=399,pro_margen_actual=46.1, pro_precio_compra_bruto=273.105, pro_precio_compra_neto=229.5 WHERE pro_codigo_plu=18669','',2,'2013-08-03'),(47269,'UPDATE mae_productos SET pro_precio_venta=610,pro_margen_actual=31.3, pro_precio_compra_bruto=464.576, pro_precio_compra_neto=390.4 WHERE pro_codigo_plu=13777','',2,'2013-08-03'),(47270,'UPDATE mae_productos SET pro_precio_venta=950,pro_margen_actual=33.22, pro_precio_compra_bruto=713.1, pro_precio_compra_neto=599.243697478992 WHERE pro_codigo_plu=16081','',2,'2013-08-03'),(47271,'UPDATE mae_productos SET pro_precio_fiscal=pro_precio_venta WHERE pro_codigo_plu=780721602','',2,'2013-08-03'),(47272,'UPDATE mae_productos SET pro_precio_fiscal=pro_precio_venta WHERE pro_codigo_plu=13777','',2,'2013-08-03'),(47273,'UPDATE mae_productos SET pro_precio_fiscal=pro_precio_venta WHERE pro_codigo_plu=18679','',2,'2013-08-03'),(47274,'UPDATE mae_productos SET pro_precio_fiscal=pro_precio_venta WHERE pro_codigo_plu=18669','',2,'2013-08-03'),(47275,'UPDATE mae_productos SET pro_precio_fiscal=pro_precio_venta WHERE pro_codigo_plu=16081','',2,'2013-08-03'),(47276,'UPDATE mae_productos SET pro_precio_fiscal=pro_precio_venta WHERE pro_codigo_plu=780721601','',2,'2013-08-03'),(47277,'INSERT INTO gne_vale_ferreteria (vfe_id,vfe_fecha,vfe_total,vfe_estado,vfe_entregado,usu_nusuario) VALUES (6980,@@@2013.08.03@@@,6990,1,0,@@@m_martinez@@@)','',2,'2013-08-03'),(47278,'INSERT INTO gne_vale_ferreteria_mov (vfe_id,pro_codigo_plu,vfm_cantidad,vfm_unitario,vfm_total,vfm_entregado) VALUES (6980,780721318,1,6990,6990,@@@NO@@@)','',2,'2013-08-03'),(47279,'INSERT INTO gne_vale_ferreteria (vfe_id,vfe_fecha,vfe_total,vfe_estado,vfe_entregado,usu_nusuario) VALUES (6981,@@@2013.08.03@@@,990,1,0,@@@m_martinez@@@)','',2,'2013-08-03'),(47280,'INSERT INTO gne_vale_ferreteria_mov (vfe_id,pro_codigo_plu,vfm_cantidad,vfm_unitario,vfm_total,vfm_entregado) VALUES (6981,770087,1,990,990,@@@NO@@@)','',2,'2013-08-03'),(47281,'INSERT INTO gne_vale_ferreteria (vfe_id,vfe_fecha,vfe_total,vfe_estado,vfe_entregado,usu_nusuario) VALUES (6982,@@@2013.08.03@@@,200,1,0,@@@m_martinez@@@)','',2,'2013-08-03'),(47282,'INSERT INTO gne_vale_ferreteria_mov (vfe_id,pro_codigo_plu,vfm_cantidad,vfm_unitario,vfm_total,vfm_entregado) VALUES (6982,764702,1,200,200,@@@NO@@@)','',2,'2013-08-03'),(47283,'INSERT INTO gne_vale_ferreteria (vfe_id,vfe_fecha,vfe_total,vfe_estado,vfe_entregado,usu_nusuario) VALUES (6983,@@@2013.08.03@@@,1990,1,0,@@@m_martinez@@@)','',2,'2013-08-03'),(47284,'INSERT INTO gne_vale_ferreteria_mov (vfe_id,pro_codigo_plu,vfm_cantidad,vfm_unitario,vfm_total,vfm_entregado) VALUES (6983,20957,1,1990,1990,@@@NO@@@)','',2,'2013-08-03'),(47285,'UPDATE mae_productos SET pro_precio_venta=950,pro_margen_actual=24.65, pro_precio_compra_bruto=762.15, pro_precio_compra_neto=640.46218487395 WHERE pro_codigo_plu=763367','',2,'2013-08-03'),(47286,'UPDATE mae_productos SET pro_precio_venta=1190,pro_margen_actual=36.83, pro_precio_compra_bruto=869.72, pro_precio_compra_neto=730.857142857143 WHERE pro_codigo_plu=17829','',2,'2013-08-03'),(47287,'UPDATE mae_productos SET pro_precio_venta=3750,pro_margen_actual=31.39, pro_precio_compra_bruto=2854.09, pro_precio_compra_neto=2398.39495798319 WHERE pro_codigo_plu=780721600','',2,'2013-08-03'),(47288,'UPDATE mae_productos SET pro_precio_venta=2099,pro_margen_actual=36.34, pro_precio_compra_bruto=1539.52, pro_precio_compra_neto=1293.71428571429 WHERE pro_codigo_plu=17970','',2,'2013-08-03'),(47289,'UPDATE mae_productos SET pro_precio_fiscal=pro_precio_venta WHERE pro_codigo_plu=763367','',2,'2013-08-03'),(47290,'UPDATE mae_productos SET pro_precio_fiscal=pro_precio_venta WHERE pro_codigo_plu=17829','',2,'2013-08-03'),(47291,'UPDATE mae_productos SET pro_precio_fiscal=pro_precio_venta WHERE pro_codigo_plu=17970','',2,'2013-08-03'),(47292,'UPDATE mae_productos SET pro_precio_fiscal=pro_precio_venta WHERE pro_codigo_plu=780721600','',2,'2013-08-03'),(47293,'UPDATE mae_productos SET pro_precio_compra_bruto=762.15,pro_margen_actual=(pro_precio_venta-762.15)/762.15 * 100,pro_ultima_compra=@@@2013.08.03@@@,pro_ultimo_proveedor=@@@99554560-8@@@ WHERE pro_codigo_plu=763367','',2,'2013-08-03'),(47294,'UPDATE mae_productos SET pro_precio_compra_bruto=921.4,pro_margen_actual=(pro_precio_venta-921.4)/921.4 * 100,pro_ultima_compra=@@@2013.08.03@@@,pro_ultimo_proveedor=@@@99554560-8@@@ WHERE pro_codigo_plu=763377','',2,'2013-08-03'),(47295,'UPDATE mae_productos SET pro_precio_compra_bruto=921.4,pro_margen_actual=(pro_precio_venta-921.4)/921.4 * 100,pro_ultima_compra=@@@2013.08.03@@@,pro_ultimo_proveedor=@@@99554560-8@@@ WHERE pro_codigo_plu=763369','',2,'2013-08-03'),(47296,'UPDATE mae_productos SET pro_precio_compra_bruto=921.4,pro_margen_actual=(pro_precio_venta-921.4)/921.4 * 100,pro_ultima_compra=@@@2013.08.03@@@,pro_ultimo_proveedor=@@@99554560-8@@@ WHERE pro_codigo_plu=763368','',2,'2013-08-03'),(47297,'UPDATE mae_productos SET pro_precio_compra_bruto=921.4,pro_margen_actual=(pro_precio_venta-921.4)/921.4 * 100,pro_ultima_compra=@@@2013.08.03@@@,pro_ultimo_proveedor=@@@99554560-8@@@ WHERE pro_codigo_plu=763366','',2,'2013-08-03'),(47298,'UPDATE mae_productos SET pro_precio_compra_bruto=869.72,pro_margen_actual=(pro_precio_venta-869.72)/869.72 * 100,pro_ultima_compra=@@@2013.08.03@@@,pro_ultimo_proveedor=@@@99554560-8@@@ WHERE pro_codigo_plu=17829','',2,'2013-08-03'),(47299,'UPDATE mae_productos SET pro_precio_compra_bruto=2854.09,pro_margen_actual=(pro_precio_venta-2854.09)/2854.09 * 100,pro_ultima_compra=@@@2013.08.03@@@,pro_ultimo_proveedor=@@@99554560-8@@@ WHERE pro_codigo_plu=780721600','',2,'2013-08-03'),(47300,'UPDATE mae_productos SET pro_precio_compra_bruto=1539.52,pro_margen_actual=(pro_precio_venta-1539.52)/1539.52 * 100,pro_ultima_compra=@@@2013.08.03@@@,pro_ultimo_proveedor=@@@99554560-8@@@ WHERE pro_codigo_plu=17970','',2,'2013-08-03'),(47301,'UPDATE mae_productos SET pro_precio_compra_bruto=166.6,pro_margen_actual=(pro_precio_venta-166.6)/166.6 * 100,pro_ultima_compra=@@@2013.08.03@@@,pro_ultimo_proveedor=@@@81094100-6@@@ WHERE pro_codigo_plu=780721602','',2,'2013-08-03'),(47302,'UPDATE mae_productos SET pro_precio_compra_bruto=98.34,pro_margen_actual=(pro_precio_venta-98.34)/98.34 * 100,pro_ultima_compra=@@@2013.08.03@@@,pro_ultimo_proveedor=@@@81094100-6@@@ WHERE pro_codigo_plu=16816','',2,'2013-08-03'),(47303,'UPDATE mae_productos SET pro_precio_compra_bruto=536.93,pro_margen_actual=(pro_precio_venta-536.93)/536.93 * 100,pro_ultima_compra=@@@2013.08.03@@@,pro_ultimo_proveedor=@@@81094100-6@@@ WHERE pro_codigo_plu=15977','',2,'2013-08-03'),(47304,'UPDATE mae_productos SET pro_precio_compra_bruto=525.147,pro_margen_actual=(pro_precio_venta-525.147)/525.147 * 100,pro_ultima_compra=@@@2013.08.03@@@,pro_ultimo_proveedor=@@@81094100-6@@@ WHERE pro_codigo_plu=18679','',2,'2013-08-03'),(47305,'UPDATE mae_productos SET pro_precio_compra_bruto=273.105,pro_margen_actual=(pro_precio_venta-273.105)/273.105 * 100,pro_ultima_compra=@@@2013.08.03@@@,pro_ultimo_proveedor=@@@81094100-6@@@ WHERE pro_codigo_plu=18669','',2,'2013-08-03'),(47306,'UPDATE mae_productos SET pro_precio_compra_bruto=1311.9,pro_margen_actual=(pro_precio_venta-1311.9)/1311.9 * 100,pro_ultima_compra=@@@2013.08.03@@@,pro_ultimo_proveedor=@@@81094100-6@@@ WHERE pro_codigo_plu=10434','',2,'2013-08-03'),(47307,'UPDATE mae_productos SET pro_precio_compra_bruto=4573.36,pro_margen_actual=(pro_precio_venta-4573.36)/4573.36 * 100,pro_ultima_compra=@@@2013.08.03@@@,pro_ultimo_proveedor=@@@81094100-6@@@ WHERE pro_codigo_plu=400','',2,'2013-08-03'),(47308,'UPDATE mae_productos SET pro_precio_compra_bruto=3656.64,pro_margen_actual=(pro_precio_venta-3656.64)/3656.64 * 100,pro_ultima_compra=@@@2013.08.03@@@,pro_ultimo_proveedor=@@@81094100-6@@@ WHERE pro_codigo_plu=407','',2,'2013-08-03'),(47309,'UPDATE mae_productos SET pro_precio_compra_bruto=138.04,pro_margen_actual=(pro_precio_venta-138.04)/138.04 * 100,pro_ultima_compra=@@@2013.08.03@@@,pro_ultimo_proveedor=@@@81094100-6@@@ WHERE pro_codigo_plu=102537','',2,'2013-08-03'),(47310,'UPDATE mae_productos SET pro_precio_compra_bruto=138.04,pro_margen_actual=(pro_precio_venta-138.04)/138.04 * 100,pro_ultima_compra=@@@2013.08.03@@@,pro_ultimo_proveedor=@@@81094100-6@@@ WHERE pro_codigo_plu=12453','',2,'2013-08-03'),(47311,'UPDATE mae_productos SET pro_precio_compra_bruto=149.9,pro_margen_actual=(pro_precio_venta-149.9)/149.9 * 100,pro_ultima_compra=@@@2013.08.03@@@,pro_ultimo_proveedor=@@@81094100-6@@@ WHERE pro_codigo_plu=763625','',2,'2013-08-03'),(47312,'UPDATE mae_productos SET pro_precio_compra_bruto=149.9,pro_margen_actual=(pro_precio_venta-149.9)/149.9 * 100,pro_ultima_compra=@@@2013.08.03@@@,pro_ultimo_proveedor=@@@81094100-6@@@ WHERE pro_codigo_plu=764562','',2,'2013-08-03'),(47313,'UPDATE mae_productos SET pro_precio_compra_bruto=98.34,pro_margen_actual=(pro_precio_venta-98.34)/98.34 * 100,pro_ultima_compra=@@@2013.08.03@@@,pro_ultimo_proveedor=@@@81094100-6@@@ WHERE pro_codigo_plu=16817','',2,'2013-08-03'),(47314,'UPDATE mae_productos SET pro_precio_compra_bruto=98.34,pro_margen_actual=(pro_precio_venta-98.34)/98.34 * 100,pro_ultima_compra=@@@2013.08.03@@@,pro_ultimo_proveedor=@@@81094100-6@@@ WHERE pro_codigo_plu=16819','',2,'2013-08-03'),(47315,'UPDATE mae_productos SET pro_precio_compra_bruto=98.34,pro_margen_actual=(pro_precio_venta-98.34)/98.34 * 100,pro_ultima_compra=@@@2013.08.03@@@,pro_ultimo_proveedor=@@@81094100-6@@@ WHERE pro_codigo_plu=13096','',2,'2013-08-03'),(47316,'UPDATE mae_productos SET pro_precio_compra_bruto=932.365,pro_margen_actual=(pro_precio_venta-932.365)/932.365 * 100,pro_ultima_compra=@@@2013.08.03@@@,pro_ultimo_proveedor=@@@81094100-6@@@ WHERE pro_codigo_plu=764561','',2,'2013-08-03'),(47317,'UPDATE mae_productos SET pro_precio_compra_bruto=713.1,pro_margen_actual=(pro_precio_venta-713.1)/713.1 * 100,pro_ultima_compra=@@@2013.08.03@@@,pro_ultimo_proveedor=@@@81094100-6@@@ WHERE pro_codigo_plu=16081','',2,'2013-08-03'),(47318,'UPDATE mae_productos SET pro_precio_compra_bruto=558.3,pro_margen_actual=(pro_precio_venta-558.3)/558.3 * 100,pro_ultima_compra=@@@2013.08.03@@@,pro_ultimo_proveedor=@@@81094100-6@@@ WHERE pro_codigo_plu=16002','',2,'2013-08-03'),(47319,'UPDATE mae_productos SET pro_precio_compra_bruto=541.94,pro_margen_actual=(pro_precio_venta-541.94)/541.94 * 100,pro_ultima_compra=@@@2013.08.03@@@,pro_ultimo_proveedor=@@@81094100-6@@@ WHERE pro_codigo_plu=16011','',2,'2013-08-03'),(47320,'UPDATE mae_productos SET pro_precio_compra_bruto=113.05,pro_margen_actual=(pro_precio_venta-113.05)/113.05 * 100,pro_ultima_compra=@@@2013.08.03@@@,pro_ultimo_proveedor=@@@81094100-6@@@ WHERE pro_codigo_plu=16818','',2,'2013-08-03'),(47321,'UPDATE mae_productos SET pro_precio_compra_bruto=464.576,pro_margen_actual=(pro_precio_venta-464.576)/464.576 * 100,pro_ultima_compra=@@@2013.08.03@@@,pro_ultimo_proveedor=@@@81094100-6@@@ WHERE pro_codigo_plu=13777','',2,'2013-08-03'),(47322,'INSERT INTO com_ventas_grupo (vgr_fecha,vgr_grupo,vgr_cantidad,vgr_total) VALUES (@@@2013.08.02@@@,1,2204.935,401617)','',2,'2013-08-03'),(47323,'INSERT INTO com_ventas_grupo (vgr_fecha,vgr_grupo,vgr_cantidad,vgr_total) VALUES (@@@2013.08.02@@@,2,173,89111)','',2,'2013-08-03'),(47324,'INSERT INTO com_ventas_grupo (vgr_fecha,vgr_grupo,vgr_cantidad,vgr_total) VALUES (@@@2013.08.02@@@,3,453,93884)','',2,'2013-08-03'),(47325,'INSERT INTO com_ventas_grupo (vgr_fecha,vgr_grupo,vgr_cantidad,vgr_total) VALUES (@@@2013.08.02@@@,4,114,101018)','',2,'2013-08-03'),(47326,'INSERT INTO com_ventas_grupo (vgr_fecha,vgr_grupo,vgr_cantidad,vgr_total) VALUES (@@@2013.08.02@@@,5,14,48841)','',2,'2013-08-03'),(47327,'INSERT INTO com_ventas_grupo (vgr_fecha,vgr_grupo,vgr_cantidad,vgr_total) VALUES (@@@2013.08.02@@@,6,38,71569)','',2,'2013-08-03'),(47328,'INSERT INTO com_ventas_grupo (vgr_fecha,vgr_grupo,vgr_cantidad,vgr_total) VALUES (@@@2013.08.02@@@,7,43,70170)','',2,'2013-08-03'),(47329,'INSERT INTO com_ventas_grupo (vgr_fecha,vgr_grupo,vgr_cantidad,vgr_total) VALUES (@@@2013.08.02@@@,8,33,19580)','',2,'2013-08-03'),(47330,'INSERT INTO com_ventas_grupo (vgr_fecha,vgr_grupo,vgr_cantidad,vgr_total) VALUES (@@@2013.08.02@@@,9,69.73,106281)','',2,'2013-08-03'),(47331,'INSERT INTO com_ventas_grupo (vgr_fecha,vgr_grupo,vgr_cantidad,vgr_total) VALUES (@@@2013.08.02@@@,10,50.555,166969)','',2,'2013-08-03'),(47332,'INSERT INTO com_ventas_grupo (vgr_fecha,vgr_grupo,vgr_cantidad,vgr_total) VALUES (@@@2013.08.02@@@,11,42.09,109262)','',2,'2013-08-03'),(47333,'INSERT INTO com_ventas_grupo (vgr_fecha,vgr_grupo,vgr_cantidad,vgr_total) VALUES (@@@2013.08.02@@@,12,44.675,81700)','',2,'2013-08-03'),(47334,'INSERT INTO com_ventas_grupo (vgr_fecha,vgr_grupo,vgr_cantidad,vgr_total) VALUES (@@@2013.08.02@@@,13,12.74,35975)','',2,'2013-08-03'),(47335,'INSERT INTO com_ventas_grupo (vgr_fecha,vgr_grupo,vgr_cantidad,vgr_total) VALUES (@@@2013.08.02@@@,14,96.235,87594)','',2,'2013-08-03'),(47336,'INSERT INTO com_ventas_grupo (vgr_fecha,vgr_grupo,vgr_cantidad,vgr_total) VALUES (@@@2013.08.02@@@,15,29,15470)','',2,'2013-08-03'),(47337,'INSERT INTO com_ventas_grupo (vgr_fecha,vgr_grupo,vgr_cantidad,vgr_total) VALUES (@@@2013.08.02@@@,16,1,170)','',2,'2013-08-03'),(47338,'INSERT INTO com_ventas_grupo (vgr_fecha,vgr_grupo,vgr_cantidad,vgr_total) VALUES (@@@2013.08.02@@@,18,296.86,158518)','',2,'2013-08-03'),(47339,'INSERT INTO com_ventas_grupo (vgr_fecha,vgr_grupo,vgr_cantidad,vgr_total) VALUES (@@@2013.08.02@@@,20,147,34350)','',2,'2013-08-03'),(47340,'INSERT INTO com_ventas_grupo (vgr_fecha,vgr_grupo,vgr_cantidad,vgr_total) VALUES (@@@2013.08.02@@@,21,60,55809)','',2,'2013-08-03'),(47341,'INSERT INTO com_ventas_grupo (vgr_fecha,vgr_grupo,vgr_cantidad,vgr_total) VALUES (@@@2013.08.02@@@,22,5,5150)','',2,'2013-08-03'),(47342,'INSERT INTO com_ventas_grupo (vgr_fecha,vgr_grupo,vgr_cantidad,vgr_total) VALUES (@@@2013.08.02@@@,23,7,9130)','',2,'2013-08-03'),(47343,'INSERT INTO com_ventas_grupo (vgr_fecha,vgr_grupo,vgr_cantidad,vgr_total) VALUES (@@@2013.08.02@@@,24,83,17899)','',2,'2013-08-03'),(47344,'INSERT INTO com_ventas_grupo (vgr_fecha,vgr_grupo,vgr_cantidad,vgr_total) VALUES (@@@2013.08.02@@@,25,104,146100)','',2,'2013-08-03'),(47345,'INSERT INTO com_ventas_grupo (vgr_fecha,vgr_grupo,vgr_cantidad,vgr_total) VALUES (@@@2013.08.02@@@,31,15,13360)','',2,'2013-08-03'),(47346,'INSERT INTO com_ventas_grupo (vgr_fecha,vgr_grupo,vgr_cantidad,vgr_total) VALUES (@@@2013.08.02@@@,32,10467,1856101)','',2,'2013-08-03'),(47347,'INSERT INTO com_ventas_grupo (vgr_fecha,vgr_grupo,vgr_cantidad,vgr_total) VALUES (@@@2013.08.02@@@,34,4,4800)','',2,'2013-08-03'),(47348,'INSERT INTO com_ventas_grupo (vgr_fecha,vgr_grupo,vgr_cantidad,vgr_total) VALUES (@@@2013.08.02@@@,35,8,20470)','',2,'2013-08-03'),(47349,'INSERT INTO com_ventas_grupo (vgr_fecha,vgr_grupo,vgr_cantidad,vgr_total) VALUES (@@@2013.08.02@@@,36,4,1750)','',2,'2013-08-03'),(47350,'INSERT INTO com_ventas_grupo (vgr_fecha,vgr_grupo,vgr_cantidad,vgr_total) VALUES (@@@2013.08.02@@@,37,5,4580)','',2,'2013-08-03'),(47351,'INSERT INTO com_ventas_grupo (vgr_fecha,vgr_grupo,vgr_cantidad,vgr_total) VALUES (@@@2013.08.02@@@,38,8,7820)','',2,'2013-08-03'),(47352,'INSERT INTO com_ventas_grupo (vgr_fecha,vgr_grupo,vgr_cantidad,vgr_total) VALUES (@@@2013.08.02@@@,39,5,8210)','',2,'2013-08-03'),(47353,'INSERT INTO com_ventas_grupo (vgr_fecha,vgr_grupo,vgr_cantidad,vgr_total) VALUES (@@@2013.08.02@@@,40,16649,16649)','',2,'2013-08-03'),(47354,'INSERT INTO com_ventas_grupo (vgr_fecha,vgr_grupo,vgr_cantidad,vgr_total) VALUES (@@@2013.08.02@@@,41,4,200)','',2,'2013-08-03'),(47355,'INSERT INTO com_ventas_grupo (vgr_fecha,vgr_grupo,vgr_cantidad,vgr_total) VALUES (@@@2013.08.02@@@,42,29.75,28762)','',2,'2013-08-03'),(47356,'UPDATE mae_datos_empresa SET emp_oferta=@@@NO@@@','',2,'2013-08-03'),(47357,'UPDATE mae_productos SET pro_precio_compra_bruto=998.41,pro_margen_actual=(pro_precio_venta-998.41)/998.41 * 100,pro_ultima_compra=@@@2013.08.03@@@,pro_ultimo_proveedor=@@@96618540-6@@@ WHERE pro_codigo_plu=13780','',2,'2013-08-03'),(47358,'UPDATE mae_productos SET pro_precio_compra_bruto=1600,pro_margen_actual=(pro_precio_venta-1600)/1600 * 100,pro_ultima_compra=@@@2013.08.03@@@,pro_ultimo_proveedor=@@@18279548-8@@@ WHERE pro_codigo_plu=990005','',2,'2013-08-03'),(47359,'UPDATE mae_productos SET pro_precio_compra_bruto=600,pro_margen_actual=(pro_precio_venta-600)/600 * 100,pro_ultima_compra=@@@2013.08.03@@@,pro_ultimo_proveedor=@@@18279548-8@@@ WHERE pro_codigo_plu=780721510','',2,'2013-08-03'),(47360,'UPDATE mae_productos SET pro_precio_compra_bruto=600,pro_margen_actual=(pro_precio_venta-600)/600 * 100,pro_ultima_compra=@@@2013.08.03@@@,pro_ultimo_proveedor=@@@18279548-8@@@ WHERE pro_codigo_plu=780721512','',2,'2013-08-03'),(47361,'UPDATE mae_productos SET pro_precio_compra_bruto=700,pro_margen_actual=(pro_precio_venta-700)/700 * 100,pro_ultima_compra=@@@2013.08.03@@@,pro_ultimo_proveedor=@@@18279548-8@@@ WHERE pro_codigo_plu=780721513','',2,'2013-08-03'),(47362,'UPDATE mae_productos SET pro_precio_compra_bruto=650,pro_margen_actual=(pro_precio_venta-650)/650 * 100,pro_ultima_compra=@@@2013.08.03@@@,pro_ultimo_proveedor=@@@18279548-8@@@ WHERE pro_codigo_plu=780721514','',2,'2013-08-03'),(47363,'UPDATE mae_productos SET pro_precio_compra_bruto=900,pro_margen_actual=(pro_precio_venta-900)/900 * 100,pro_ultima_compra=@@@2013.08.03@@@,pro_ultimo_proveedor=@@@18279548-8@@@ WHERE pro_codigo_plu=780721515','',2,'2013-08-03'),(47364,'UPDATE mae_productos SET pro_precio_compra_bruto=50,pro_margen_actual=(pro_precio_venta-50)/50 * 100,pro_ultima_compra=@@@2013.08.03@@@,pro_ultimo_proveedor=@@@18279548-8@@@ WHERE pro_codigo_plu=9900006','',2,'2013-08-03'),(47365,'UPDATE mae_productos SET pro_precio_compra_bruto=1200,pro_margen_actual=(pro_precio_venta-1200)/1200 * 100,pro_ultima_compra=@@@2013.08.03@@@,pro_ultimo_proveedor=@@@18279548-8@@@ WHERE pro_codigo_plu=780721509','',2,'2013-08-03'),(47366,'UPDATE mae_productos SET pro_margen_actual=50.21,pro_precio_venta=7150 WHERE pro_codigo_plu=329','',2,'2013-08-03'),(47367,'UPDATE mae_productos SET pro_margen_actual=61.08,pro_precio_venta=5890 WHERE pro_codigo_plu=407','',2,'2013-08-03'),(47368,'UPDATE mae_productos SET pro_margen_actual=48.46,pro_precio_venta=1590 WHERE pro_codigo_plu=780721599','',2,'2013-08-03'),(47369,'UPDATE mae_productos SET pro_precio_fiscal=pro_precio_venta WHERE pro_codigo_plu=780721599','',2,'2013-08-03'),(47370,'UPDATE mae_productos SET pro_precio_compra_bruto=1683,pro_margen_actual=(pro_precio_venta-1683)/1683 * 100,pro_ultima_compra=@@@2013.08.03@@@,pro_ultimo_proveedor=@@@76716990-6@@@ WHERE pro_codigo_plu=780721524','',2,'2013-08-03'),(47371,'UPDATE mae_productos SET pro_precio_compra_bruto=1683,pro_margen_actual=(pro_precio_venta-1683)/1683 * 100,pro_ultima_compra=@@@2013.08.03@@@,pro_ultimo_proveedor=@@@76716990-6@@@ WHERE pro_codigo_plu=780721525','',2,'2013-08-03'),(47372,'UPDATE mae_productos SET pro_precio_compra_bruto=1683,pro_margen_actual=(pro_precio_venta-1683)/1683 * 100,pro_ultima_compra=@@@2013.08.03@@@,pro_ultimo_proveedor=@@@76716990-6@@@ WHERE pro_codigo_plu=780721526','',2,'2013-08-03'),(47373,'UPDATE mae_productos SET pro_precio_compra_bruto=1683,pro_margen_actual=(pro_precio_venta-1683)/1683 * 100,pro_ultima_compra=@@@2013.08.03@@@,pro_ultimo_proveedor=@@@76716990-6@@@ WHERE pro_codigo_plu=780721527','',2,'2013-08-03'),(47374,'UPDATE mae_productos SET pro_precio_compra_bruto=1683,pro_margen_actual=(pro_precio_venta-1683)/1683 * 100,pro_ultima_compra=@@@2013.08.03@@@,pro_ultimo_proveedor=@@@76716990-6@@@ WHERE pro_codigo_plu=780721528','',2,'2013-08-03'),(47375,'UPDATE mae_productos SET pro_precio_compra_bruto=1683,pro_margen_actual=(pro_precio_venta-1683)/1683 * 100,pro_ultima_compra=@@@2013.08.03@@@,pro_ultimo_proveedor=@@@76716990-6@@@ WHERE pro_codigo_plu=780721529','',2,'2013-08-03'),(47376,'UPDATE mae_productos SET pro_precio_compra_bruto=157,pro_margen_actual=(pro_precio_venta-157)/157 * 100,pro_ultima_compra=@@@2013.08.03@@@,pro_ultimo_proveedor=@@@76716990-6@@@ WHERE pro_codigo_plu=780721520','',2,'2013-08-03'),(47377,'UPDATE mae_productos SET pro_precio_compra_bruto=292,pro_margen_actual=(pro_precio_venta-292)/292 * 100,pro_ultima_compra=@@@2013.08.03@@@,pro_ultimo_proveedor=@@@76716990-6@@@ WHERE pro_codigo_plu=780721521','',2,'2013-08-03'),(47378,'UPDATE mae_productos SET pro_precio_compra_bruto=324,pro_margen_actual=(pro_precio_venta-324)/324 * 100,pro_ultima_compra=@@@2013.08.03@@@,pro_ultimo_proveedor=@@@76716990-6@@@ WHERE pro_codigo_plu=780721519','',2,'2013-08-03'),(47379,'UPDATE mae_productos SET pro_precio_compra_bruto=1683,pro_margen_actual=(pro_precio_venta-1683)/1683 * 100,pro_ultima_compra=@@@2013.08.03@@@,pro_ultimo_proveedor=@@@76716990-6@@@ WHERE pro_codigo_plu=780721522','',2,'2013-08-03'),(47380,'UPDATE mae_productos SET pro_precio_compra_bruto=1683,pro_margen_actual=(pro_precio_venta-1683)/1683 * 100,pro_ultima_compra=@@@2013.08.03@@@,pro_ultimo_proveedor=@@@76716990-6@@@ WHERE pro_codigo_plu=780721523','',2,'2013-08-03'),(47381,'UPDATE mae_productos SET pro_precio_venta=130,pro_margen_actual=68.18, pro_precio_compra_bruto=77.3, pro_precio_compra_neto=64.9579831932773 WHERE pro_codigo_plu=762448','',2,'2013-08-03'),(47382,'UPDATE mae_productos SET pro_precio_venta=200,pro_margen_actual=110.08, pro_precio_compra_bruto=95.2, pro_precio_compra_neto=80 WHERE pro_codigo_plu=762445','',2,'2013-08-03'),(47383,'INSERT INTO gne_vale_ferreteria (vfe_id,vfe_fecha,vfe_total,vfe_estado,vfe_entregado,usu_nusuario) VALUES (6984,@@@2013.08.03@@@,210,1,0,@@@m_martinez@@@)','',2,'2013-08-03'),(47384,'INSERT INTO gne_vale_ferreteria_mov (vfe_id,pro_codigo_plu,vfm_cantidad,vfm_unitario,vfm_total,vfm_entregado) VALUES (6984,764122,1,210,210,@@@NO@@@)','',2,'2013-08-03'),(47385,'INSERT INTO gne_vale_ferreteria (vfe_id,vfe_fecha,vfe_total,vfe_estado,vfe_entregado,usu_nusuario) VALUES (6985,@@@2013.08.03@@@,840,1,0,@@@m_martinez@@@)','',2,'2013-08-03'),(47386,'INSERT INTO gne_vale_ferreteria_mov (vfe_id,pro_codigo_plu,vfm_cantidad,vfm_unitario,vfm_total,vfm_entregado) VALUES (6985,11670,1,840,840,@@@NO@@@)','',2,'2013-08-03'),(47387,'UPDATE mae_productos SET pro_precio_compra_bruto=77.3,pro_margen_actual=(pro_precio_venta-77.3)/77.3 * 100,pro_ultima_compra=@@@2013.08.03@@@,pro_ultimo_proveedor=@@@84156500-2@@@ WHERE pro_codigo_plu=762446','',2,'2013-08-03'),(47388,'UPDATE mae_productos SET pro_precio_compra_bruto=273.2,pro_margen_actual=(pro_precio_venta-273.2)/273.2 * 100,pro_ultima_compra=@@@2013.08.03@@@,pro_ultimo_proveedor=@@@84156500-2@@@ WHERE pro_codigo_plu=14128','',2,'2013-08-03'),(47389,'UPDATE mae_productos SET pro_precio_compra_bruto=77.3,pro_margen_actual=(pro_precio_venta-77.3)/77.3 * 100,pro_ultima_compra=@@@2013.08.03@@@,pro_ultimo_proveedor=@@@84156500-2@@@ WHERE pro_codigo_plu=762447','',2,'2013-08-03'),(47390,'UPDATE mae_productos SET pro_precio_compra_bruto=77.3,pro_margen_actual=(pro_precio_venta-77.3)/77.3 * 100,pro_ultima_compra=@@@2013.08.03@@@,pro_ultimo_proveedor=@@@84156500-2@@@ WHERE pro_codigo_plu=762448','',2,'2013-08-03'),(47391,'UPDATE mae_productos SET pro_precio_compra_bruto=235.2,pro_margen_actual=(pro_precio_venta-235.2)/235.2 * 100,pro_ultima_compra=@@@2013.08.03@@@,pro_ultimo_proveedor=@@@84156500-2@@@ WHERE pro_codigo_plu=13593','',2,'2013-08-03'),(47392,'UPDATE mae_productos SET pro_precio_compra_bruto=930,pro_margen_actual=(pro_precio_venta-930)/930 * 100,pro_ultima_compra=@@@2013.08.03@@@,pro_ultimo_proveedor=@@@84156500-2@@@ WHERE pro_codigo_plu=102700','',2,'2013-08-03'),(47393,'UPDATE mae_productos SET pro_precio_compra_bruto=536,pro_margen_actual=(pro_precio_venta-536)/536 * 100,pro_ultima_compra=@@@2013.08.03@@@,pro_ultimo_proveedor=@@@84156500-2@@@ WHERE pro_codigo_plu=763733','',2,'2013-08-03'),(47394,'UPDATE mae_productos SET pro_precio_compra_bruto=95.2,pro_margen_actual=(pro_precio_venta-95.2)/95.2 * 100,pro_ultima_compra=@@@2013.08.03@@@,pro_ultimo_proveedor=@@@84156500-2@@@ WHERE pro_codigo_plu=762445','',2,'2013-08-03'),(47395,'UPDATE mae_productos SET pro_precio_compra_bruto=720,pro_margen_actual=(pro_precio_venta-720)/720 * 100,pro_ultima_compra=@@@2013.08.03@@@,pro_ultimo_proveedor=@@@84156500-2@@@ WHERE pro_codigo_plu=13726','',2,'2013-08-03'),(47396,'UPDATE mae_productos SET pro_precio_compra_bruto=40.25,pro_margen_actual=(pro_precio_venta-40.25)/40.25 * 100,pro_ultima_compra=@@@2013.08.03@@@,pro_ultimo_proveedor=@@@84156500-2@@@ WHERE pro_codigo_plu=763508','',2,'2013-08-03'),(47397,'UPDATE mae_productos SET pro_precio_compra_bruto=929,pro_margen_actual=(pro_precio_venta-929)/929 * 100,pro_ultima_compra=@@@2013.08.03@@@,pro_ultimo_proveedor=@@@84156500-2@@@ WHERE pro_codigo_plu=102270','',2,'2013-08-03'),(47398,'INSERT INTO gne_vale_ferreteria (vfe_id,vfe_fecha,vfe_total,vfe_estado,vfe_entregado,usu_nusuario) VALUES (6986,@@@2013.08.03@@@,480,1,0,@@@m_martinez@@@)','',2,'2013-08-03'),(47399,'INSERT INTO gne_vale_ferreteria_mov (vfe_id,pro_codigo_plu,vfm_cantidad,vfm_unitario,vfm_total,vfm_entregado) VALUES (6986,15935,1,480,480,@@@NO@@@)','',2,'2013-08-03'),(47400,'INSERT INTO gne_vale_ferreteria (vfe_id,vfe_fecha,vfe_total,vfe_estado,vfe_entregado,usu_nusuario) VALUES (6987,@@@2013.08.03@@@,1890,1,0,@@@m_martinez@@@)','',2,'2013-08-03'),(47401,'INSERT INTO gne_vale_ferreteria_mov (vfe_id,pro_codigo_plu,vfm_cantidad,vfm_unitario,vfm_total,vfm_entregado) VALUES (6987,101620,1,1890,1890,@@@NO@@@)','',2,'2013-08-03'),(47402,'INSERT INTO gne_vale_ferreteria (vfe_id,vfe_fecha,vfe_total,vfe_estado,vfe_entregado,usu_nusuario) VALUES (6988,@@@2013.08.03@@@,30,1,0,@@@m_martinez@@@)','',2,'2013-08-03'),(47403,'INSERT INTO gne_vale_ferreteria_mov (vfe_id,pro_codigo_plu,vfm_cantidad,vfm_unitario,vfm_total,vfm_entregado) VALUES (6988,7502,1,30,30,@@@NO@@@)','',2,'2013-08-03'),(47404,'INSERT INTO gne_vale_ferreteria (vfe_id,vfe_fecha,vfe_total,vfe_estado,vfe_entregado,usu_nusuario) VALUES (6989,@@@2013.08.03@@@,1860,1,0,@@@m_martinez@@@)','',2,'2013-08-03'),(47405,'INSERT INTO gne_vale_ferreteria_mov (vfe_id,pro_codigo_plu,vfm_cantidad,vfm_unitario,vfm_total,vfm_entregado) VALUES (6989,11378,3,620,1860,@@@NO@@@)','',2,'2013-08-03'),(47406,'INSERT INTO gne_vale_ferreteria (vfe_id,vfe_fecha,vfe_total,vfe_estado,vfe_entregado,usu_nusuario) VALUES (6990,@@@2013.08.03@@@,300,1,0,@@@m_martinez@@@)','',2,'2013-08-03'),(47407,'INSERT INTO gne_vale_ferreteria_mov (vfe_id,pro_codigo_plu,vfm_cantidad,vfm_unitario,vfm_total,vfm_entregado) VALUES (6990,1545,6,50,300,@@@NO@@@)','',2,'2013-08-03'),(47408,'UPDATE mae_productos SET pro_codigo_barra=@@@7804920000385@@@,pro_tipo=@@@0@@@,pro_nombre_producto=@@@SHAMPOO NEUTRO BABYLEE X 300 ML@@@,pro_nombre_corto=@@@SHAMPOO NEUTRO B@@@,med_id=@@@7@@@,emb_id=@@@4@@@,pro_unidades_embalaje=@@@12@@@,dep_id=@@@21 @@@,lin_id=@@@114@@@,mar_id=@@@891@@@,pro_precio_compra_neto=@@@0@@@,pro_precio_compra_bruto=@@@0@@@,pro_precio_venta=@@@1490@@@,pro_margen_actual=@@@0@@@,pro_oferta=@@@NO@@@,pro_fecha_inicio_oferta=@@@2006.09.07@@@,pro_fecha_termino_oferta=@@@2006.09.07@@@,pro_precio_oferta=@@@0@@@,pro_stock_minimo=@@@6@@@,pro_stock_critico=@@@3@@@,pro_activo=@@@1@@@,pro_unidad=@@@0@@@,pro_precio_compra_bruto=0,pro_margen_actual=0,pro_capacidad=0.3,pro_funcion_plu=0,pro_flejes=1,pro_iva=1,pro_plu_asociado=0,pro_envase=@@@NO@@@,pro_duracion=0,pro_numero_etiqueta=0 WHERE pro_codigo_plu=@@@762133@@@','',2,'2013-08-03'),(47409,'UPDATE mae_productos SET pro_estado=1 WHERE pro_codigo_plu=762133','',2,'2013-08-03'),(47410,'DELETE FROM mae_impuestos_productos WHERE pro_codigo_plu=@@@762133@@@','',2,'2013-08-03'),(47411,'INSERT INTO gne_vale_ferreteria (vfe_id,vfe_fecha,vfe_total,vfe_estado,vfe_entregado,usu_nusuario) VALUES (6991,@@@2013.08.03@@@,7310,1,0,@@@m_martinez@@@)','',2,'2013-08-03'),(47412,'INSERT INTO gne_vale_ferreteria_mov (vfe_id,pro_codigo_plu,vfm_cantidad,vfm_unitario,vfm_total,vfm_entregado) VALUES (6991,762133,1,1490,1490,@@@NO@@@)','',2,'2013-08-03'),(47413,'INSERT INTO gne_vale_ferreteria_mov (vfe_id,pro_codigo_plu,vfm_cantidad,vfm_unitario,vfm_total,vfm_entregado) VALUES (6991,11519,1,750,750,@@@NO@@@)','',2,'2013-08-03'),(47414,'INSERT INTO gne_vale_ferreteria_mov (vfe_id,pro_codigo_plu,vfm_cantidad,vfm_unitario,vfm_total,vfm_entregado) VALUES (6991,764389,1,590,590,@@@NO@@@)','',2,'2013-08-03'),(47415,'INSERT INTO gne_vale_ferreteria_mov (vfe_id,pro_codigo_plu,vfm_cantidad,vfm_unitario,vfm_total,vfm_entregado) VALUES (6991,780220169,1,2590,2590,@@@NO@@@)','',2,'2013-08-03'),(47416,'INSERT INTO gne_vale_ferreteria_mov (vfe_id,pro_codigo_plu,vfm_cantidad,vfm_unitario,vfm_total,vfm_entregado) VALUES (6991,763751,1,1890,1890,@@@NO@@@)','',2,'2013-08-03'),(47417,'INSERT INTO gne_vale_ferreteria (vfe_id,vfe_fecha,vfe_total,vfe_estado,vfe_entregado,usu_nusuario) VALUES (6992,@@@2013.08.03@@@,450,1,0,@@@m_martinez@@@)','',2,'2013-08-03'),(47418,'INSERT INTO gne_vale_ferreteria_mov (vfe_id,pro_codigo_plu,vfm_cantidad,vfm_unitario,vfm_total,vfm_entregado) VALUES (6992,78017017,3,150,450,@@@NO@@@)','',2,'2013-08-03'),(47419,'INSERT INTO gne_vale_ferreteria (vfe_id,vfe_fecha,vfe_total,vfe_estado,vfe_entregado,usu_nusuario) VALUES (6993,@@@2013.08.03@@@,2290,1,0,@@@m_martinez@@@)','',2,'2013-08-03'),(47420,'INSERT INTO gne_vale_ferreteria_mov (vfe_id,pro_codigo_plu,vfm_cantidad,vfm_unitario,vfm_total,vfm_entregado) VALUES (6993,780721294,1,2290,2290,@@@NO@@@)','',2,'2013-08-03'),(47421,'INSERT INTO gne_vale_ferreteria (vfe_id,vfe_fecha,vfe_total,vfe_estado,vfe_entregado,usu_nusuario) VALUES (6994,@@@2013.08.03@@@,1790,1,0,@@@m_martinez@@@)','',2,'2013-08-03'),(47422,'INSERT INTO gne_vale_ferreteria_mov (vfe_id,pro_codigo_plu,vfm_cantidad,vfm_unitario,vfm_total,vfm_entregado) VALUES (6994,13633,1,1790,1790,@@@NO@@@)','',2,'2013-08-03'),(47423,'INSERT INTO gne_vale_ferreteria (vfe_id,vfe_fecha,vfe_total,vfe_estado,vfe_entregado,usu_nusuario) VALUES (6995,@@@2013.08.03@@@,1490,1,0,@@@m_martinez@@@)','',2,'2013-08-03'),(47424,'INSERT INTO gne_vale_ferreteria_mov (vfe_id,pro_codigo_plu,vfm_cantidad,vfm_unitario,vfm_total,vfm_entregado) VALUES (6995,780721193,1,1490,1490,@@@NO@@@)','',2,'2013-08-03'),(47425,'INSERT INTO gne_vale_ferreteria (vfe_id,vfe_fecha,vfe_total,vfe_estado,vfe_entregado,usu_nusuario) VALUES (6996,@@@2013.08.03@@@,1290,1,0,@@@m_martinez@@@)','',2,'2013-08-03'),(47426,'INSERT INTO gne_vale_ferreteria_mov (vfe_id,pro_codigo_plu,vfm_cantidad,vfm_unitario,vfm_total,vfm_entregado) VALUES (6996,765025,1,1290,1290,@@@NO@@@)','',2,'2013-08-03'),(47427,'INSERT INTO gne_vale_ferreteria (vfe_id,vfe_fecha,vfe_total,vfe_estado,vfe_entregado,usu_nusuario) VALUES (6997,@@@2013.08.03@@@,1050,1,0,@@@m_martinez@@@)','',2,'2013-08-03'),(47428,'INSERT INTO gne_vale_ferreteria_mov (vfe_id,pro_codigo_plu,vfm_cantidad,vfm_unitario,vfm_total,vfm_entregado) VALUES (6997,8021,4,150,600,@@@NO@@@)','',2,'2013-08-03'),(47429,'INSERT INTO gne_vale_ferreteria_mov (vfe_id,pro_codigo_plu,vfm_cantidad,vfm_unitario,vfm_total,vfm_entregado) VALUES (6997,765072,1,200,200,@@@NO@@@)','',2,'2013-08-03'),(47430,'INSERT INTO gne_vale_ferreteria_mov (vfe_id,pro_codigo_plu,vfm_cantidad,vfm_unitario,vfm_total,vfm_entregado) VALUES (6997,780721493,1,250,250,@@@NO@@@)','',2,'2013-08-03'),(47431,'INSERT INTO gne_vale_ferreteria (vfe_id,vfe_fecha,vfe_total,vfe_estado,vfe_entregado,usu_nusuario) VALUES (6998,@@@2013.08.03@@@,799,1,0,@@@m_martinez@@@)','',2,'2013-08-03'),(47432,'INSERT INTO gne_vale_ferreteria_mov (vfe_id,pro_codigo_plu,vfm_cantidad,vfm_unitario,vfm_total,vfm_entregado) VALUES (6998,15695,1,799,799,@@@NO@@@)','',2,'2013-08-03'),(47433,'INSERT INTO gne_vale_ferreteria (vfe_id,vfe_fecha,vfe_total,vfe_estado,vfe_entregado,usu_nusuario) VALUES (6999,@@@2013.08.03@@@,4580,1,0,@@@m_martinez@@@)','',2,'2013-08-03'),(47434,'INSERT INTO gne_vale_ferreteria_mov (vfe_id,pro_codigo_plu,vfm_cantidad,vfm_unitario,vfm_total,vfm_entregado) VALUES (6999,770082,1,1890,1890,@@@NO@@@)','',2,'2013-08-03'),(47435,'INSERT INTO gne_vale_ferreteria_mov (vfe_id,pro_codigo_plu,vfm_cantidad,vfm_unitario,vfm_total,vfm_entregado) VALUES (6999,762144,1,2690,2690,@@@NO@@@)','',2,'2013-08-03'),(47436,'INSERT INTO gne_vale_ferreteria (vfe_id,vfe_fecha,vfe_total,vfe_estado,vfe_entregado,usu_nusuario) VALUES (7000,@@@2013.08.03@@@,120,1,0,@@@m_martinez@@@)','',2,'2013-08-03'),(47437,'INSERT INTO gne_vale_ferreteria_mov (vfe_id,pro_codigo_plu,vfm_cantidad,vfm_unitario,vfm_total,vfm_entregado) VALUES (7000,780721141,1,120,120,@@@NO@@@)','',2,'2013-08-03'),(47438,'INSERT INTO gne_vale_ferreteria (vfe_id,vfe_fecha,vfe_total,vfe_estado,vfe_entregado,usu_nusuario) VALUES (7001,@@@2013.08.03@@@,590,1,0,@@@m_martinez@@@)','',2,'2013-08-03'),(47439,'INSERT INTO gne_vale_ferreteria_mov (vfe_id,pro_codigo_plu,vfm_cantidad,vfm_unitario,vfm_total,vfm_entregado) VALUES (7001,101102,1,390,390,@@@NO@@@)','',2,'2013-08-03'),(47440,'INSERT INTO gne_vale_ferreteria_mov (vfe_id,pro_codigo_plu,vfm_cantidad,vfm_unitario,vfm_total,vfm_entregado) VALUES (7001,101101,1,200,200,@@@NO@@@)','',2,'2013-08-03'),(47441,'INSERT INTO gne_vale_ferreteria (vfe_id,vfe_fecha,vfe_total,vfe_estado,vfe_entregado,usu_nusuario) VALUES (7002,@@@2013.08.03@@@,480,1,0,@@@m_martinez@@@)','',2,'2013-08-03'),(47442,'INSERT INTO gne_vale_ferreteria_mov (vfe_id,pro_codigo_plu,vfm_cantidad,vfm_unitario,vfm_total,vfm_entregado) VALUES (7002,15927,1,480,480,@@@NO@@@)','',2,'2013-08-03'),(47443,'INSERT INTO gne_vale_ferreteria (vfe_id,vfe_fecha,vfe_total,vfe_estado,vfe_entregado,usu_nusuario) VALUES (7003,@@@2013.08.03@@@,1050,1,0,@@@m_martinez@@@)','',2,'2013-08-03'),(47444,'INSERT INTO gne_vale_ferreteria_mov (vfe_id,pro_codigo_plu,vfm_cantidad,vfm_unitario,vfm_total,vfm_entregado) VALUES (7003,780721390,1,1050,1050,@@@NO@@@)','',2,'2013-08-03'),(47445,'INSERT INTO gne_vale_ferreteria (vfe_id,vfe_fecha,vfe_total,vfe_estado,vfe_entregado,usu_nusuario) VALUES (7004,@@@2013.08.03@@@,690,1,0,@@@m_martinez@@@)','',2,'2013-08-03'),(47446,'INSERT INTO gne_vale_ferreteria_mov (vfe_id,pro_codigo_plu,vfm_cantidad,vfm_unitario,vfm_total,vfm_entregado) VALUES (7004,761436,1,690,690,@@@NO@@@)','',2,'2013-08-03'),(47447,'INSERT INTO gne_vale_ferreteria (vfe_id,vfe_fecha,vfe_total,vfe_estado,vfe_entregado,usu_nusuario) VALUES (7005,@@@2013.08.03@@@,790,1,0,@@@m_martinez@@@)','',2,'2013-08-03'),(47448,'INSERT INTO gne_vale_ferreteria_mov (vfe_id,pro_codigo_plu,vfm_cantidad,vfm_unitario,vfm_total,vfm_entregado) VALUES (7005,101454,1,790,790,@@@NO@@@)','',2,'2013-08-03'),(47449,'INSERT INTO gne_vale_ferreteria (vfe_id,vfe_fecha,vfe_total,vfe_estado,vfe_entregado,usu_nusuario) VALUES (7006,@@@2013.08.03@@@,590,1,0,@@@m_martinez@@@)','',2,'2013-08-03'),(47450,'INSERT INTO gne_vale_ferreteria_mov (vfe_id,pro_codigo_plu,vfm_cantidad,vfm_unitario,vfm_total,vfm_entregado) VALUES (7006,4098,1,590,590,@@@NO@@@)','',2,'2013-08-03'),(47451,'INSERT INTO gne_vale_ferreteria (vfe_id,vfe_fecha,vfe_total,vfe_estado,vfe_entregado,usu_nusuario) VALUES (7007,@@@2013.08.03@@@,200,1,0,@@@m_martinez@@@)','',2,'2013-08-03'),(47452,'INSERT INTO gne_vale_ferreteria_mov (vfe_id,pro_codigo_plu,vfm_cantidad,vfm_unitario,vfm_total,vfm_entregado) VALUES (7007,770039,1,200,200,@@@NO@@@)','',2,'2013-08-03'),(47453,'INSERT INTO gne_vale_ferreteria (vfe_id,vfe_fecha,vfe_total,vfe_estado,vfe_entregado,usu_nusuario) VALUES (7008,@@@2013.08.03@@@,1890,1,0,@@@m_martinez@@@)','',2,'2013-08-03'),(47454,'INSERT INTO gne_vale_ferreteria_mov (vfe_id,pro_codigo_plu,vfm_cantidad,vfm_unitario,vfm_total,vfm_entregado) VALUES (7008,101844,1,1890,1890,@@@NO@@@)','',2,'2013-08-03'),(47455,'INSERT INTO gne_vale_ferreteria (vfe_id,vfe_fecha,vfe_total,vfe_estado,vfe_entregado,usu_nusuario) VALUES (7009,@@@2013.08.03@@@,1590,1,0,@@@m_martinez@@@)','',2,'2013-08-03'),(47456,'INSERT INTO gne_vale_ferreteria_mov (vfe_id,pro_codigo_plu,vfm_cantidad,vfm_unitario,vfm_total,vfm_entregado) VALUES (7009,764443,1,1590,1590,@@@NO@@@)','',2,'2013-08-03'),(47457,'INSERT INTO gne_vale_ferreteria (vfe_id,vfe_fecha,vfe_total,vfe_estado,vfe_entregado,usu_nusuario) VALUES (7010,@@@2013.08.03@@@,590,1,0,@@@m_martinez@@@)','',2,'2013-08-03'),(47458,'INSERT INTO gne_vale_ferreteria_mov (vfe_id,pro_codigo_plu,vfm_cantidad,vfm_unitario,vfm_total,vfm_entregado) VALUES (7010,19865,1,590,590,@@@NO@@@)','',2,'2013-08-03'),(47459,'INSERT INTO gne_vale_ferreteria (vfe_id,vfe_fecha,vfe_total,vfe_estado,vfe_entregado,usu_nusuario) VALUES (7011,@@@2013.08.03@@@,8170,1,0,@@@m_martinez@@@)','',2,'2013-08-03'),(47460,'INSERT INTO gne_vale_ferreteria_mov (vfe_id,pro_codigo_plu,vfm_cantidad,vfm_unitario,vfm_total,vfm_entregado) VALUES (7011,764528,1,2990,2990,@@@NO@@@)','',2,'2013-08-03'),(47461,'INSERT INTO gne_vale_ferreteria_mov (vfe_id,pro_codigo_plu,vfm_cantidad,vfm_unitario,vfm_total,vfm_entregado) VALUES (7011,7007,1,2890,2890,@@@NO@@@)','',2,'2013-08-03'),(47462,'INSERT INTO gne_vale_ferreteria_mov (vfe_id,pro_codigo_plu,vfm_cantidad,vfm_unitario,vfm_total,vfm_entregado) VALUES (7011,780721294,1,2290,2290,@@@NO@@@)','',2,'2013-08-03'),(47463,'INSERT INTO gne_vale_ferreteria (vfe_id,vfe_fecha,vfe_total,vfe_estado,vfe_entregado,usu_nusuario) VALUES (7012,@@@2013.08.03@@@,260,1,0,@@@m_martinez@@@)','',2,'2013-08-03'),(47464,'INSERT INTO gne_vale_ferreteria_mov (vfe_id,pro_codigo_plu,vfm_cantidad,vfm_unitario,vfm_total,vfm_entregado) VALUES (7012,21129,1,260,260,@@@NO@@@)','',2,'2013-08-03'),(47465,'INSERT INTO gne_vale_ferreteria (vfe_id,vfe_fecha,vfe_total,vfe_estado,vfe_entregado,usu_nusuario) VALUES (7013,@@@2013.08.03@@@,4540,1,0,@@@m_martinez@@@)','',2,'2013-08-03'),(47466,'INSERT INTO gne_vale_ferreteria_mov (vfe_id,pro_codigo_plu,vfm_cantidad,vfm_unitario,vfm_total,vfm_entregado) VALUES (7013,78017103,1,3790,3790,@@@NO@@@)','',2,'2013-08-03'),(47467,'INSERT INTO gne_vale_ferreteria_mov (vfe_id,pro_codigo_plu,vfm_cantidad,vfm_unitario,vfm_total,vfm_entregado) VALUES (7013,11519,1,750,750,@@@NO@@@)','',2,'2013-08-03'),(47468,'INSERT INTO gne_vale_ferreteria (vfe_id,vfe_fecha,vfe_total,vfe_estado,vfe_entregado,usu_nusuario) VALUES (7014,@@@2013.08.03@@@,1490,1,0,@@@m_martinez@@@)','',2,'2013-08-03'),(47469,'INSERT INTO gne_vale_ferreteria_mov (vfe_id,pro_codigo_plu,vfm_cantidad,vfm_unitario,vfm_total,vfm_entregado) VALUES (7014,780721457,1,1490,1490,@@@NO@@@)','',2,'2013-08-03'),(47470,'INSERT INTO gne_vale_ferreteria (vfe_id,vfe_fecha,vfe_total,vfe_estado,vfe_entregado,usu_nusuario) VALUES (7015,@@@2013.08.03@@@,1490,1,0,@@@m_martinez@@@)','',2,'2013-08-03'),(47471,'INSERT INTO gne_vale_ferreteria_mov (vfe_id,pro_codigo_plu,vfm_cantidad,vfm_unitario,vfm_total,vfm_entregado) VALUES (7015,780721473,1,1490,1490,@@@NO@@@)','',2,'2013-08-03'),(47472,'INSERT INTO gne_vale_ferreteria (vfe_id,vfe_fecha,vfe_total,vfe_estado,vfe_entregado,usu_nusuario) VALUES (7016,@@@2013.08.03@@@,2990,1,0,@@@m_martinez@@@)','',2,'2013-08-03'),(47473,'INSERT INTO gne_vale_ferreteria_mov (vfe_id,pro_codigo_plu,vfm_cantidad,vfm_unitario,vfm_total,vfm_entregado) VALUES (7016,101278,1,2990,2990,@@@NO@@@)','',2,'2013-08-03'),(47474,'INSERT INTO gne_vale_ferreteria (vfe_id,vfe_fecha,vfe_total,vfe_estado,vfe_entregado,usu_nusuario) VALUES (7017,@@@2013.08.03@@@,5020,1,0,@@@m_martinez@@@)','',2,'2013-08-03'),(47475,'INSERT INTO gne_vale_ferreteria_mov (vfe_id,pro_codigo_plu,vfm_cantidad,vfm_unitario,vfm_total,vfm_entregado) VALUES (7017,770091,1,690,690,@@@NO@@@)','',2,'2013-08-03'),(47476,'INSERT INTO gne_vale_ferreteria_mov (vfe_id,pro_codigo_plu,vfm_cantidad,vfm_unitario,vfm_total,vfm_entregado) VALUES (7017,764027,1,4330,4330,@@@NO@@@)','',2,'2013-08-03'),(47477,'INSERT INTO gne_vale_ferreteria (vfe_id,vfe_fecha,vfe_total,vfe_estado,vfe_entregado,usu_nusuario) VALUES (7018,@@@2013.08.03@@@,170,1,0,@@@m_martinez@@@)','',2,'2013-08-03'),(47478,'INSERT INTO gne_vale_ferreteria_mov (vfe_id,pro_codigo_plu,vfm_cantidad,vfm_unitario,vfm_total,vfm_entregado) VALUES (7018,770036,1,170,170,@@@NO@@@)','',2,'2013-08-03'),(47479,'INSERT INTO gne_vale_ferreteria (vfe_id,vfe_fecha,vfe_total,vfe_estado,vfe_entregado,usu_nusuario) VALUES (7019,@@@2013.08.03@@@,2390,1,0,@@@m_martinez@@@)','',2,'2013-08-03'),(47480,'INSERT INTO gne_vale_ferreteria_mov (vfe_id,pro_codigo_plu,vfm_cantidad,vfm_unitario,vfm_total,vfm_entregado) VALUES (7019,764525,1,2390,2390,@@@NO@@@)','',2,'2013-08-03'),(47481,'INSERT INTO gne_vale_ferreteria (vfe_id,vfe_fecha,vfe_total,vfe_estado,vfe_entregado,usu_nusuario) VALUES (7020,@@@2013.08.03@@@,690,1,0,@@@m_martinez@@@)','',2,'2013-08-03'),(47482,'INSERT INTO gne_vale_ferreteria_mov (vfe_id,pro_codigo_plu,vfm_cantidad,vfm_unitario,vfm_total,vfm_entregado) VALUES (7020,763829,1,690,690,@@@NO@@@)','',2,'2013-08-03'),(47483,'UPDATE mae_productos SET pro_precio_fiscal=pro_precio_venta WHERE pro_codigo_plu=762445','',2,'2013-08-03'),(47484,'UPDATE mae_productos SET pro_precio_fiscal=pro_precio_venta WHERE pro_codigo_plu=762448','',2,'2013-08-03'),(47485,'UPDATE mae_productos SET pro_codigo_barra=@@@7509546045320@@@,pro_tipo=@@@0@@@,pro_nombre_producto=@@@SPEED STICK DEO 24/7 GEL EXTREME@@@,pro_nombre_corto=@@@SPEED STICK DEO @@@,med_id=@@@5@@@,emb_id=@@@3@@@,pro_unidades_embalaje=@@@0@@@,dep_id=@@@21 @@@,lin_id=@@@118@@@,mar_id=@@@607@@@,pro_precio_compra_neto=@@@0@@@,pro_precio_compra_bruto=@@@0@@@,pro_precio_venta=@@@2480@@@,pro_margen_actual=@@@0@@@,pro_oferta=@@@NO@@@,pro_fecha_inicio_oferta=@@@2013.06.05@@@,pro_fecha_termino_oferta=@@@2013.06.05@@@,pro_precio_oferta=@@@0@@@,pro_stock_minimo=@@@5@@@,pro_stock_critico=@@@3@@@,pro_activo=@@@1@@@,pro_unidad=@@@0@@@,pro_precio_compra_bruto=0,pro_margen_actual=0,pro_capacidad=85,pro_funcion_plu=0,pro_flejes=1,pro_iva=1,pro_plu_asociado=0,pro_envase=@@@NO@@@,pro_duracion=0,pro_numero_etiqueta=0 WHERE pro_codigo_plu=@@@780220160@@@','',2,'2013-08-03'),(47486,'UPDATE mae_productos SET pro_estado=1 WHERE pro_codigo_plu=780220160','',2,'2013-08-03'),(47487,'DELETE FROM mae_impuestos_productos WHERE pro_codigo_plu=@@@780220160@@@','',2,'2013-08-03'),(47488,'UPDATE mae_productos SET pro_codigo_barra=@@@7509546056432@@@,pro_tipo=@@@0@@@,pro_nombre_producto=@@@SPEED STICK ORIGINAL ADN 48H@@@,pro_nombre_corto=@@@SPEED STICK ORIG@@@,med_id=@@@5@@@,emb_id=@@@3@@@,pro_unidades_embalaje=@@@0@@@,dep_id=@@@21 @@@,lin_id=@@@118@@@,mar_id=@@@1084@@@,pro_precio_compra_neto=@@@0@@@,pro_precio_compra_bruto=@@@0@@@,pro_precio_venta=@@@2499@@@,pro_margen_actual=@@@0@@@,pro_oferta=@@@NO@@@,pro_fecha_inicio_oferta=@@@2013.06.05@@@,pro_fecha_termino_oferta=@@@2013.06.05@@@,pro_precio_oferta=@@@0@@@,pro_stock_minimo=@@@5@@@,pro_stock_critico=@@@3@@@,pro_activo=@@@1@@@,pro_unidad=@@@0@@@,pro_precio_compra_bruto=0,pro_margen_actual=0,pro_capacidad=85,pro_funcion_plu=0,pro_flejes=1,pro_iva=1,pro_plu_asociado=0,pro_envase=@@@NO@@@,pro_duracion=0,pro_numero_etiqueta=0 WHERE pro_codigo_plu=@@@780220148@@@','',2,'2013-08-03'),(47489,'UPDATE mae_productos SET pro_estado=1 WHERE pro_codigo_plu=780220148','',2,'2013-08-03'),(47490,'DELETE FROM mae_impuestos_productos WHERE pro_codigo_plu=@@@780220148@@@','',2,'2013-08-03'),(47491,'UPDATE mae_productos SET pro_codigo_barra=@@@7509546008165@@@,pro_tipo=@@@0@@@,pro_nombre_producto=@@@LADY SPEED ALOE DEFENSA  HYDRA 45 GRS@@@,pro_nombre_corto=@@@LADY SPEED ALOE@@@,med_id=@@@5@@@,emb_id=@@@3@@@,pro_unidades_embalaje=@@@12@@@,dep_id=@@@21 @@@,lin_id=@@@118@@@,mar_id=@@@1041@@@,pro_precio_compra_neto=@@@0@@@,pro_precio_compra_bruto=@@@0@@@,pro_precio_venta=@@@1990@@@,pro_margen_actual=@@@0@@@,pro_oferta=@@@NO@@@,pro_fecha_inicio_oferta=@@@2006.09.07@@@,pro_fecha_termino_oferta=@@@2006.09.07@@@,pro_precio_oferta=@@@0@@@,pro_stock_minimo=@@@6@@@,pro_stock_critico=@@@3@@@,pro_activo=@@@1@@@,pro_unidad=@@@0@@@,pro_precio_compra_bruto=0,pro_margen_actual=0,pro_capacidad=45,pro_funcion_plu=0,pro_flejes=1,pro_iva=1,pro_plu_asociado=0,pro_envase=@@@NO@@@,pro_duracion=0,pro_numero_etiqueta=0 WHERE pro_codigo_plu=@@@761646@@@','',2,'2013-08-03'),(47492,'UPDATE mae_productos SET pro_estado=1 WHERE pro_codigo_plu=761646','',2,'2013-08-03'),(47493,'DELETE FROM mae_impuestos_productos WHERE pro_codigo_plu=@@@761646@@@','',2,'2013-08-03'),(47494,'INSERT INTO gne_vale_ferreteria (vfe_id,vfe_fecha,vfe_total,vfe_estado,vfe_entregado,usu_nusuario) VALUES (7021,@@@2013.08.03@@@,3990,1,0,@@@m_martinez@@@)','',2,'2013-08-03'),(47495,'INSERT INTO gne_vale_ferreteria_mov (vfe_id,pro_codigo_plu,vfm_cantidad,vfm_unitario,vfm_total,vfm_entregado) VALUES (7021,780721440,1,3990,3990,@@@NO@@@)','',2,'2013-08-03'),(47496,'INSERT INTO gne_vale_ferreteria (vfe_id,vfe_fecha,vfe_total,vfe_estado,vfe_entregado,usu_nusuario) VALUES (7022,@@@2013.08.03@@@,300,1,0,@@@m_martinez@@@)','',2,'2013-08-03'),(47497,'INSERT INTO gne_vale_ferreteria_mov (vfe_id,pro_codigo_plu,vfm_cantidad,vfm_unitario,vfm_total,vfm_entregado) VALUES (7022,2004,1,300,300,@@@NO@@@)','',2,'2013-08-03'),(47498,'INSERT INTO gne_vale_ferreteria (vfe_id,vfe_fecha,vfe_total,vfe_estado,vfe_entregado,usu_nusuario) VALUES (7023,@@@2013.08.03@@@,1690,1,0,@@@m_martinez@@@)','',2,'2013-08-03'),(47499,'INSERT INTO gne_vale_ferreteria_mov (vfe_id,pro_codigo_plu,vfm_cantidad,vfm_unitario,vfm_total,vfm_entregado) VALUES (7023,20476,1,1690,1690,@@@NO@@@)','',2,'2013-08-03'),(47500,'UPDATE mae_productos SET pro_codigo_barra=@@@7891024130940@@@,pro_tipo=@@@0@@@,pro_nombre_producto=@@@ENJUAGUE COLGATE SOFT MINT@@@,pro_nombre_corto=@@@ENJUAGUE BUCAL C@@@,med_id=@@@7@@@,emb_id=@@@6@@@,pro_unidades_embalaje=@@@12@@@,dep_id=@@@24 @@@,lin_id=@@@207@@@,mar_id=@@@281@@@,pro_precio_compra_neto=@@@0@@@,pro_precio_compra_bruto=@@@1549.38@@@,pro_precio_venta=@@@1@@@,pro_margen_actual=@@@-99.94@@@,pro_oferta=@@@NO@@@,pro_fecha_inicio_oferta=@@@2006.09.07@@@,pro_fecha_termino_oferta=@@@2006.09.07@@@,pro_precio_oferta=@@@0@@@,pro_stock_minimo=@@@12@@@,pro_stock_critico=@@@4@@@,pro_activo=@@@1@@@,pro_unidad=@@@0@@@,pro_precio_compra_bruto=1549.38,pro_margen_actual=-99.94,pro_capacidad=250,pro_funcion_plu=0,pro_flejes=1,pro_iva=1,pro_plu_asociado=0,pro_envase=@@@NO@@@,pro_duracion=0,pro_numero_etiqueta=0 WHERE pro_codigo_plu=@@@780721594@@@','',2,'2013-08-03'),(47501,'UPDATE mae_productos SET pro_estado=1 WHERE pro_codigo_plu=780721594','',2,'2013-08-03'),(47502,'DELETE FROM mae_impuestos_productos WHERE pro_codigo_plu=@@@780721594@@@','',2,'2013-08-03'),(47503,'INSERT INTO gne_vale_ferreteria (vfe_id,vfe_fecha,vfe_total,vfe_estado,vfe_entregado,usu_nusuario) VALUES (7024,@@@2013.08.03@@@,2490,1,0,@@@m_martinez@@@)','',2,'2013-08-03'),(47504,'INSERT INTO gne_vale_ferreteria_mov (vfe_id,pro_codigo_plu,vfm_cantidad,vfm_unitario,vfm_total,vfm_entregado) VALUES (7024,780721555,1,2490,2490,@@@NO@@@)','',2,'2013-08-03'),(47505,'INSERT INTO gne_vale_ferreteria (vfe_id,vfe_fecha,vfe_total,vfe_estado,vfe_entregado,usu_nusuario) VALUES (7025,@@@2013.08.03@@@,610,1,0,@@@m_martinez@@@)','',2,'2013-08-03'),(47506,'INSERT INTO gne_vale_ferreteria_mov (vfe_id,pro_codigo_plu,vfm_cantidad,vfm_unitario,vfm_total,vfm_entregado) VALUES (7025,764278,1,300,300,@@@NO@@@)','',2,'2013-08-03'),(47507,'INSERT INTO gne_vale_ferreteria_mov (vfe_id,pro_codigo_plu,vfm_cantidad,vfm_unitario,vfm_total,vfm_entregado) VALUES (7025,18799,1,310,310,@@@NO@@@)','',2,'2013-08-03'),(47508,'UPDATE mae_productos SET pro_precio_venta=1290,pro_margen_actual=50.61, pro_precio_compra_bruto=856.5, pro_precio_compra_neto=719.747899159664 WHERE pro_codigo_plu=780721591','',2,'2013-08-03'),(47509,'UPDATE mae_productos SET pro_precio_venta=1990,pro_margen_actual=48.76, pro_precio_compra_bruto=1337.7, pro_precio_compra_neto=1124.11764705882 WHERE pro_codigo_plu=262268','',2,'2013-08-03'),(47510,'UPDATE mae_productos SET pro_precio_venta=1750,pro_margen_actual=62.11, pro_precio_compra_bruto=1079.52, pro_precio_compra_neto=907.159663865546 WHERE pro_codigo_plu=20482','',2,'2013-08-03'),(47511,'UPDATE mae_productos SET pro_precio_venta=1750,pro_margen_actual=62.11, pro_precio_compra_bruto=1079.52, pro_precio_compra_neto=907.159663865546 WHERE pro_codigo_plu=20484','',2,'2013-08-03'),(47512,'UPDATE mae_productos SET pro_precio_venta=1750,pro_margen_actual=62.11, pro_precio_compra_bruto=1079.52, pro_precio_compra_neto=907.159663865546 WHERE pro_codigo_plu=20537','',2,'2013-08-03'),(47513,'UPDATE mae_productos SET pro_precio_venta=2499,pro_margen_actual=41.18, pro_precio_compra_bruto=1770.1, pro_precio_compra_neto=1487.47899159664 WHERE pro_codigo_plu=780220160','',2,'2013-08-03'),(47514,'UPDATE mae_productos SET pro_precio_venta=2499,pro_margen_actual=41.18, pro_precio_compra_bruto=1770.12, pro_precio_compra_neto=1487.49579831933 WHERE pro_codigo_plu=101734','',2,'2013-08-03'),(47515,'UPDATE mae_productos SET pro_precio_venta=2499,pro_margen_actual=41.18, pro_precio_compra_bruto=1770.1, pro_precio_compra_neto=1487.47899159664 WHERE pro_codigo_plu=101735','',2,'2013-08-03'),(47516,'UPDATE mae_productos SET pro_precio_venta=2499,pro_margen_actual=41.18, pro_precio_compra_bruto=1770.12, pro_precio_compra_neto=1487.49579831933 WHERE pro_codigo_plu=14674','',2,'2013-08-03'),(47517,'UPDATE mae_productos SET pro_precio_venta=2490,pro_margen_actual=55.62, pro_precio_compra_bruto=1600.1, pro_precio_compra_neto=1344.6218487395 WHERE pro_codigo_plu=101384','',2,'2013-08-03'),(47518,'UPDATE mae_productos SET pro_precio_venta=2350,pro_margen_actual=51.67, pro_precio_compra_bruto=1549.38, pro_precio_compra_neto=1302 WHERE pro_codigo_plu=780721594','',2,'2013-08-03'),(47519,'UPDATE mae_productos SET pro_precio_venta=2350,pro_margen_actual=51.67, pro_precio_compra_bruto=1549.38, pro_precio_compra_neto=1302 WHERE pro_codigo_plu=20917','',2,'2013-08-03'),(47520,'UPDATE mae_productos SET pro_precio_venta=1290,pro_margen_actual=44.44, pro_precio_compra_bruto=893.1, pro_precio_compra_neto=750.504201680672 WHERE pro_codigo_plu=780721595','',2,'2013-08-03'),(47521,'UPDATE mae_productos SET pro_precio_venta=1290,pro_margen_actual=43.8, pro_precio_compra_bruto=897.06, pro_precio_compra_neto=753.831932773109 WHERE pro_codigo_plu=102594','',2,'2013-08-03'),(47522,'UPDATE mae_productos SET pro_precio_venta=499,pro_margen_actual=70.31, pro_precio_compra_bruto=292.99, pro_precio_compra_neto=246.210084033613 WHERE pro_codigo_plu=764285','',2,'2013-08-03'),(47523,'UPDATE mae_productos SET pro_precio_venta=490,pro_margen_actual=50.28, pro_precio_compra_bruto=326.06, pro_precio_compra_neto=274 WHERE pro_codigo_plu=20756','',2,'2013-08-03'),(47524,'UPDATE mae_productos SET pro_precio_venta=1590,pro_margen_actual=53.94, pro_precio_compra_bruto=1032.9, pro_precio_compra_neto=867.983193277311 WHERE pro_codigo_plu=780721596','',2,'2013-08-03'),(47525,'UPDATE mae_productos SET pro_precio_venta=1590,pro_margen_actual=53.94, pro_precio_compra_bruto=1032.9, pro_precio_compra_neto=867.983193277311 WHERE pro_codigo_plu=12496','',2,'2013-08-03'),(47526,'UPDATE mae_productos SET pro_precio_venta=1590,pro_margen_actual=53.94, pro_precio_compra_bruto=1032.9, pro_precio_compra_neto=867.983193277311 WHERE pro_codigo_plu=780721597','',2,'2013-08-03'),(47527,'UPDATE mae_productos SET pro_precio_venta=1590,pro_margen_actual=53.76, pro_precio_compra_bruto=1034.1, pro_precio_compra_neto=868.991596638655 WHERE pro_codigo_plu=780721598','',2,'2013-08-03'),(47528,'UPDATE mae_productos SET pro_precio_venta=1049,pro_margen_actual=30.59, pro_precio_compra_bruto=803.3, pro_precio_compra_neto=675.042016806723 WHERE pro_codigo_plu=102378','',2,'2013-08-03'),(47529,'UPDATE mae_productos SET pro_precio_venta=1050,pro_margen_actual=30.71, pro_precio_compra_bruto=803.3, pro_precio_compra_neto=675.042016806723 WHERE pro_codigo_plu=101864','',2,'2013-08-03'),(47530,'UPDATE mae_productos SET pro_precio_venta=1049,pro_margen_actual=30.59, pro_precio_compra_bruto=803.3, pro_precio_compra_neto=675.042016806723 WHERE pro_codigo_plu=20660','',2,'2013-08-03'),(47531,'UPDATE mae_productos SET pro_precio_venta=1049,pro_margen_actual=30.59, pro_precio_compra_bruto=803.3, pro_precio_compra_neto=675.042016806723 WHERE pro_codigo_plu=101863','',2,'2013-08-03'),(47532,'UPDATE mae_productos SET pro_precio_venta=1049,pro_margen_actual=30.59, pro_precio_compra_bruto=803.3, pro_precio_compra_neto=675.042016806723 WHERE pro_codigo_plu=762168','',2,'2013-08-03'),(47533,'UPDATE mae_productos SET pro_precio_venta=1049,pro_margen_actual=0, pro_precio_compra_bruto=803.3, pro_precio_compra_neto=675.042016806723 WHERE pro_codigo_plu=78017120','',2,'2013-08-03'),(47534,'UPDATE mae_productos SET pro_precio_venta=1049,pro_margen_actual=30.59, pro_precio_compra_bruto=803.3, pro_precio_compra_neto=675.042016806723 WHERE pro_codigo_plu=20663','',2,'2013-08-03'),(47535,'INSERT INTO gne_vale_ferreteria (vfe_id,vfe_fecha,vfe_total,vfe_estado,vfe_entregado,usu_nusuario) VALUES (7026,@@@2013.08.03@@@,2930,1,0,@@@m_martinez@@@)','',2,'2013-08-03'),(47536,'INSERT INTO gne_vale_ferreteria_mov (vfe_id,pro_codigo_plu,vfm_cantidad,vfm_unitario,vfm_total,vfm_entregado) VALUES (7026,19918,2,330,660,@@@NO@@@)','',2,'2013-08-03'),(47537,'INSERT INTO gne_vale_ferreteria_mov (vfe_id,pro_codigo_plu,vfm_cantidad,vfm_unitario,vfm_total,vfm_entregado) VALUES (7026,78016971,1,390,390,@@@NO@@@)','',2,'2013-08-03'),(47538,'INSERT INTO gne_vale_ferreteria_mov (vfe_id,pro_codigo_plu,vfm_cantidad,vfm_unitario,vfm_total,vfm_entregado) VALUES (7026,765045,1,590,590,@@@NO@@@)','',2,'2013-08-03'),(47539,'INSERT INTO gne_vale_ferreteria_mov (vfe_id,pro_codigo_plu,vfm_cantidad,vfm_unitario,vfm_total,vfm_entregado) VALUES (7026,764692,1,1290,1290,@@@NO@@@)','',2,'2013-08-03'),(47540,'INSERT INTO gne_vale_ferreteria (vfe_id,vfe_fecha,vfe_total,vfe_estado,vfe_entregado,usu_nusuario) VALUES (7027,@@@2013.08.03@@@,150,1,0,@@@m_martinez@@@)','',2,'2013-08-03'),(47541,'INSERT INTO gne_vale_ferreteria_mov (vfe_id,pro_codigo_plu,vfm_cantidad,vfm_unitario,vfm_total,vfm_entregado) VALUES (7027,78017018,1,150,150,@@@NO@@@)','',2,'2013-08-03'),(47542,'UPDATE mae_productos SET pro_precio_fiscal=pro_precio_venta WHERE pro_codigo_plu=12496','',2,'2013-08-03'),(47543,'UPDATE mae_productos SET pro_precio_fiscal=pro_precio_venta WHERE pro_codigo_plu=780721598','',2,'2013-08-03'),(47544,'UPDATE mae_productos SET pro_precio_fiscal=pro_precio_venta WHERE pro_codigo_plu=780721596','',2,'2013-08-03'),(47545,'UPDATE mae_productos SET pro_precio_fiscal=pro_precio_venta WHERE pro_codigo_plu=780721597','',2,'2013-08-03'),(47546,'UPDATE mae_productos SET pro_precio_fiscal=pro_precio_venta WHERE pro_codigo_plu=764285','',2,'2013-08-03'),(47547,'UPDATE mae_productos SET pro_precio_fiscal=pro_precio_venta WHERE pro_codigo_plu=20482','',2,'2013-08-03'),(47548,'UPDATE mae_productos SET pro_precio_fiscal=pro_precio_venta WHERE pro_codigo_plu=20537','',2,'2013-08-03'),(47549,'UPDATE mae_productos SET pro_precio_fiscal=pro_precio_venta WHERE pro_codigo_plu=20484','',2,'2013-08-03'),(47550,'UPDATE mae_productos SET pro_precio_fiscal=pro_precio_venta WHERE pro_codigo_plu=101734','',2,'2013-08-03'),(47551,'UPDATE mae_productos SET pro_precio_fiscal=pro_precio_venta WHERE pro_codigo_plu=101735','',2,'2013-08-03'),(47552,'UPDATE mae_productos SET pro_precio_fiscal=pro_precio_venta WHERE pro_codigo_plu=101384','',2,'2013-08-03'),(47553,'UPDATE mae_productos SET pro_precio_fiscal=pro_precio_venta WHERE pro_codigo_plu=14674','',2,'2013-08-03'),(47554,'UPDATE mae_productos SET pro_precio_fiscal=pro_precio_venta WHERE pro_codigo_plu=780220160','',2,'2013-08-03'),(47555,'UPDATE mae_productos SET pro_precio_fiscal=pro_precio_venta WHERE pro_codigo_plu=780721591','',2,'2013-08-03'),(47556,'UPDATE mae_productos SET pro_precio_fiscal=pro_precio_venta WHERE pro_codigo_plu=780220148','',2,'2013-08-03'),(47557,'UPDATE mae_productos SET pro_precio_fiscal=pro_precio_venta WHERE pro_codigo_plu=20756','',2,'2013-08-03'),(47558,'UPDATE mae_productos SET pro_precio_fiscal=pro_precio_venta WHERE pro_codigo_plu=780721595','',2,'2013-08-03'),(47559,'UPDATE mae_productos SET pro_precio_fiscal=pro_precio_venta WHERE pro_codigo_plu=102594','',2,'2013-08-03'),(47560,'UPDATE mae_productos SET pro_precio_fiscal=pro_precio_venta WHERE pro_codigo_plu=762168','',2,'2013-08-03'),(47561,'UPDATE mae_productos SET pro_precio_fiscal=pro_precio_venta WHERE pro_codigo_plu=78017120','',2,'2013-08-03'),(47562,'UPDATE mae_productos SET pro_precio_fiscal=pro_precio_venta WHERE pro_codigo_plu=102378','',2,'2013-08-03'),(47563,'UPDATE mae_productos SET pro_precio_fiscal=pro_precio_venta WHERE pro_codigo_plu=101864','',2,'2013-08-03'),(47564,'UPDATE mae_productos SET pro_precio_fiscal=pro_precio_venta WHERE pro_codigo_plu=20663','',2,'2013-08-03'),(47565,'UPDATE mae_productos SET pro_precio_fiscal=pro_precio_venta WHERE pro_codigo_plu=20660','',2,'2013-08-03'),(47566,'UPDATE mae_productos SET pro_precio_fiscal=pro_precio_venta WHERE pro_codigo_plu=101863','',2,'2013-08-03'),(47567,'UPDATE mae_productos SET pro_precio_fiscal=pro_precio_venta WHERE pro_codigo_plu=262268','',2,'2013-08-03'),(47568,'UPDATE mae_productos SET pro_precio_fiscal=pro_precio_venta WHERE pro_codigo_plu=20917','',2,'2013-08-03'),(47569,'UPDATE mae_productos SET pro_precio_fiscal=pro_precio_venta WHERE pro_codigo_plu=780721594','',2,'2013-08-03'),(47570,'UPDATE mae_productos SET pro_precio_compra_bruto=856.5,pro_margen_actual=(pro_precio_venta-856.5)/856.5 * 100,pro_ultima_compra=@@@2013.08.03@@@,pro_ultimo_proveedor=@@@77902260-9@@@ WHERE pro_codigo_plu=780721591','',2,'2013-08-03'),(47571,'UPDATE mae_productos SET pro_precio_compra_bruto=473.3,pro_margen_actual=(pro_precio_venta-473.3)/473.3 * 100,pro_ultima_compra=@@@2013.08.03@@@,pro_ultimo_proveedor=@@@77902260-9@@@ WHERE pro_codigo_plu=20825','',2,'2013-08-03'),(47572,'UPDATE mae_productos SET pro_precio_compra_bruto=1482,pro_margen_actual=(pro_precio_venta-1482)/1482 * 100,pro_ultima_compra=@@@2013.08.03@@@,pro_ultimo_proveedor=@@@77902260-9@@@ WHERE pro_codigo_plu=761650','',2,'2013-08-03'),(47573,'UPDATE mae_productos SET pro_precio_compra_bruto=1337.7,pro_margen_actual=(pro_precio_venta-1337.7)/1337.7 * 100,pro_ultima_compra=@@@2013.08.03@@@,pro_ultimo_proveedor=@@@77902260-9@@@ WHERE pro_codigo_plu=262268','',2,'2013-08-03'),(47574,'UPDATE mae_productos SET pro_precio_compra_bruto=607.1,pro_margen_actual=(pro_precio_venta-607.1)/607.1 * 100,pro_ultima_compra=@@@2013.08.03@@@,pro_ultimo_proveedor=@@@77902260-9@@@ WHERE pro_codigo_plu=19876','',2,'2013-08-03'),(47575,'UPDATE mae_productos SET pro_precio_compra_bruto=652.4,pro_margen_actual=(pro_precio_venta-652.4)/652.4 * 100,pro_ultima_compra=@@@2013.08.03@@@,pro_ultimo_proveedor=@@@77902260-9@@@ WHERE pro_codigo_plu=19855','',2,'2013-08-03'),(47576,'UPDATE mae_productos SET pro_precio_compra_bruto=1079.52,pro_margen_actual=(pro_precio_venta-1079.52)/1079.52 * 100,pro_ultima_compra=@@@2013.08.03@@@,pro_ultimo_proveedor=@@@77902260-9@@@ WHERE pro_codigo_plu=20482','',2,'2013-08-03'),(47577,'UPDATE mae_productos SET pro_precio_compra_bruto=1079.52,pro_margen_actual=(pro_precio_venta-1079.52)/1079.52 * 100,pro_ultima_compra=@@@2013.08.03@@@,pro_ultimo_proveedor=@@@77902260-9@@@ WHERE pro_codigo_plu=20484','',2,'2013-08-03'),(47578,'UPDATE mae_productos SET pro_precio_compra_bruto=1079.52,pro_margen_actual=(pro_precio_venta-1079.52)/1079.52 * 100,pro_ultima_compra=@@@2013.08.03@@@,pro_ultimo_proveedor=@@@77902260-9@@@ WHERE pro_codigo_plu=20537','',2,'2013-08-03'),(47579,'UPDATE mae_productos SET pro_precio_compra_bruto=1770.1,pro_margen_actual=(pro_precio_venta-1770.1)/1770.1 * 100,pro_ultima_compra=@@@2013.08.03@@@,pro_ultimo_proveedor=@@@77902260-9@@@ WHERE pro_codigo_plu=780220160','',2,'2013-08-03'),(47580,'UPDATE mae_productos SET pro_precio_compra_bruto=1770.12,pro_margen_actual=(pro_precio_venta-1770.12)/1770.12 * 100,pro_ultima_compra=@@@2013.08.03@@@,pro_ultimo_proveedor=@@@77902260-9@@@ WHERE pro_codigo_plu=101734','',2,'2013-08-03'),(47581,'UPDATE mae_productos SET pro_precio_compra_bruto=1770.1,pro_margen_actual=(pro_precio_venta-1770.1)/1770.1 * 100,pro_ultima_compra=@@@2013.08.03@@@,pro_ultimo_proveedor=@@@77902260-9@@@ WHERE pro_codigo_plu=101735','',2,'2013-08-03'),(47582,'UPDATE mae_productos SET pro_precio_compra_bruto=1770.12,pro_margen_actual=(pro_precio_venta-1770.12)/1770.12 * 100,pro_ultima_compra=@@@2013.08.03@@@,pro_ultimo_proveedor=@@@77902260-9@@@ WHERE pro_codigo_plu=14674','',2,'2013-08-03'),(47583,'UPDATE mae_productos SET pro_precio_compra_bruto=1770.12,pro_margen_actual=(pro_precio_venta-1770.12)/1770.12 * 100,pro_ultima_compra=@@@2013.08.03@@@,pro_ultimo_proveedor=@@@77902260-9@@@ WHERE pro_codigo_plu=780220148','',2,'2013-08-03'),(47584,'UPDATE mae_productos SET pro_precio_compra_bruto=1148.6,pro_margen_actual=(pro_precio_venta-1148.6)/1148.6 * 100,pro_ultima_compra=@@@2013.08.03@@@,pro_ultimo_proveedor=@@@77902260-9@@@ WHERE pro_codigo_plu=101833','',2,'2013-08-03'),(47585,'UPDATE mae_productos SET pro_precio_compra_bruto=1148.6,pro_margen_actual=(pro_precio_venta-1148.6)/1148.6 * 100,pro_ultima_compra=@@@2013.08.03@@@,pro_ultimo_proveedor=@@@77902260-9@@@ WHERE pro_codigo_plu=761646','',2,'2013-08-03'),(47586,'UPDATE mae_productos SET pro_precio_compra_bruto=1148.6,pro_margen_actual=(pro_precio_venta-1148.6)/1148.6 * 100,pro_ultima_compra=@@@2013.08.03@@@,pro_ultimo_proveedor=@@@77902260-9@@@ WHERE pro_codigo_plu=102414','',2,'2013-08-03'),(47587,'UPDATE mae_productos SET pro_precio_compra_bruto=1600.1,pro_margen_actual=(pro_precio_venta-1600.1)/1600.1 * 100,pro_ultima_compra=@@@2013.08.03@@@,pro_ultimo_proveedor=@@@77902260-9@@@ WHERE pro_codigo_plu=101384','',2,'2013-08-03'),(47588,'UPDATE mae_productos SET pro_precio_compra_bruto=1549.38,pro_margen_actual=(pro_precio_venta-1549.38)/1549.38 * 100,pro_ultima_compra=@@@2013.08.03@@@,pro_ultimo_proveedor=@@@77902260-9@@@ WHERE pro_codigo_plu=780721594','',2,'2013-08-03'),(47589,'UPDATE mae_productos SET pro_precio_compra_bruto=1549.38,pro_margen_actual=(pro_precio_venta-1549.38)/1549.38 * 100,pro_ultima_compra=@@@2013.08.03@@@,pro_ultimo_proveedor=@@@77902260-9@@@ WHERE pro_codigo_plu=20917','',2,'2013-08-03'),(47590,'UPDATE mae_productos SET pro_precio_compra_bruto=893.1,pro_margen_actual=(pro_precio_venta-893.1)/893.1 * 100,pro_ultima_compra=@@@2013.08.03@@@,pro_ultimo_proveedor=@@@77902260-9@@@ WHERE pro_codigo_plu=764439','',2,'2013-08-03'),(47591,'UPDATE mae_productos SET pro_precio_compra_bruto=893.1,pro_margen_actual=(pro_precio_venta-893.1)/893.1 * 100,pro_ultima_compra=@@@2013.08.03@@@,pro_ultimo_proveedor=@@@77902260-9@@@ WHERE pro_codigo_plu=780721595','',2,'2013-08-03'),(47592,'UPDATE mae_productos SET pro_precio_compra_bruto=897.06,pro_margen_actual=(pro_precio_venta-897.06)/897.06 * 100,pro_ultima_compra=@@@2013.08.03@@@,pro_ultimo_proveedor=@@@77902260-9@@@ WHERE pro_codigo_plu=102594','',2,'2013-08-03'),(47593,'UPDATE mae_productos SET pro_precio_compra_bruto=2037.28,pro_margen_actual=(pro_precio_venta-2037.28)/2037.28 * 100,pro_ultima_compra=@@@2013.08.03@@@,pro_ultimo_proveedor=@@@77902260-9@@@ WHERE pro_codigo_plu=780721409','',2,'2013-08-03'),(47594,'UPDATE mae_productos SET pro_precio_compra_bruto=292.99,pro_margen_actual=(pro_precio_venta-292.99)/292.99 * 100,pro_ultima_compra=@@@2013.08.03@@@,pro_ultimo_proveedor=@@@77902260-9@@@ WHERE pro_codigo_plu=764285','',2,'2013-08-03'),(47595,'UPDATE mae_productos SET pro_precio_compra_bruto=326.06,pro_margen_actual=(pro_precio_venta-326.06)/326.06 * 100,pro_ultima_compra=@@@2013.08.03@@@,pro_ultimo_proveedor=@@@77902260-9@@@ WHERE pro_codigo_plu=20756','',2,'2013-08-03'),(47596,'UPDATE mae_productos SET pro_precio_compra_bruto=1032.9,pro_margen_actual=(pro_precio_venta-1032.9)/1032.9 * 100,pro_ultima_compra=@@@2013.08.03@@@,pro_ultimo_proveedor=@@@77902260-9@@@ WHERE pro_codigo_plu=780721596','',2,'2013-08-03'),(47597,'UPDATE mae_productos SET pro_precio_compra_bruto=1032.9,pro_margen_actual=(pro_precio_venta-1032.9)/1032.9 * 100,pro_ultima_compra=@@@2013.08.03@@@,pro_ultimo_proveedor=@@@77902260-9@@@ WHERE pro_codigo_plu=12496','',2,'2013-08-03'),(47598,'UPDATE mae_productos SET pro_precio_compra_bruto=1032.9,pro_margen_actual=(pro_precio_venta-1032.9)/1032.9 * 100,pro_ultima_compra=@@@2013.08.03@@@,pro_ultimo_proveedor=@@@77902260-9@@@ WHERE pro_codigo_plu=780721597','',2,'2013-08-03'),(47599,'UPDATE mae_productos SET pro_precio_compra_bruto=1034.1,pro_margen_actual=(pro_precio_venta-1034.1)/1034.1 * 100,pro_ultima_compra=@@@2013.08.03@@@,pro_ultimo_proveedor=@@@77902260-9@@@ WHERE pro_codigo_plu=780721598','',2,'2013-08-03'),(47600,'UPDATE mae_productos SET pro_precio_compra_bruto=803.3,pro_margen_actual=(pro_precio_venta-803.3)/803.3 * 100,pro_ultima_compra=@@@2013.08.03@@@,pro_ultimo_proveedor=@@@77902260-9@@@ WHERE pro_codigo_plu=102378','',2,'2013-08-03'),(47601,'UPDATE mae_productos SET pro_precio_compra_bruto=803.3,pro_margen_actual=(pro_precio_venta-803.3)/803.3 * 100,pro_ultima_compra=@@@2013.08.03@@@,pro_ultimo_proveedor=@@@77902260-9@@@ WHERE pro_codigo_plu=101864','',2,'2013-08-03'),(47602,'UPDATE mae_productos SET pro_precio_compra_bruto=803.3,pro_margen_actual=(pro_precio_venta-803.3)/803.3 * 100,pro_ultima_compra=@@@2013.08.03@@@,pro_ultimo_proveedor=@@@77902260-9@@@ WHERE pro_codigo_plu=20660','',2,'2013-08-03'),(47603,'UPDATE mae_productos SET pro_precio_compra_bruto=803.3,pro_margen_actual=(pro_precio_venta-803.3)/803.3 * 100,pro_ultima_compra=@@@2013.08.03@@@,pro_ultimo_proveedor=@@@77902260-9@@@ WHERE pro_codigo_plu=101863','',2,'2013-08-03'),(47604,'UPDATE mae_productos SET pro_precio_compra_bruto=803.3,pro_margen_actual=(pro_precio_venta-803.3)/803.3 * 100,pro_ultima_compra=@@@2013.08.03@@@,pro_ultimo_proveedor=@@@77902260-9@@@ WHERE pro_codigo_plu=20663','',2,'2013-08-03'),(47605,'UPDATE mae_productos SET pro_precio_compra_bruto=803.3,pro_margen_actual=(pro_precio_venta-803.3)/803.3 * 100,pro_ultima_compra=@@@2013.08.03@@@,pro_ultimo_proveedor=@@@77902260-9@@@ WHERE pro_codigo_plu=762168','',2,'2013-08-03'),(47606,'UPDATE mae_productos SET pro_precio_compra_bruto=803.3,pro_margen_actual=(pro_precio_venta-803.3)/803.3 * 100,pro_ultima_compra=@@@2013.08.03@@@,pro_ultimo_proveedor=@@@77902260-9@@@ WHERE pro_codigo_plu=78017120','',2,'2013-08-03'),(47607,'INSERT INTO gne_vale_ferreteria (vfe_id,vfe_fecha,vfe_total,vfe_estado,vfe_entregado,usu_nusuario) VALUES (7028,@@@2013.08.03@@@,3340,1,0,@@@m_martinez@@@)','',2,'2013-08-03'),(47608,'INSERT INTO gne_vale_ferreteria_mov (vfe_id,pro_codigo_plu,vfm_cantidad,vfm_unitario,vfm_total,vfm_entregado) VALUES (7028,762119,1,1450,1450,@@@NO@@@)','',2,'2013-08-03'),(47609,'INSERT INTO gne_vale_ferreteria_mov (vfe_id,pro_codigo_plu,vfm_cantidad,vfm_unitario,vfm_total,vfm_entregado) VALUES (7028,764514,1,1890,1890,@@@NO@@@)','',2,'2013-08-03'),(47610,'INSERT INTO gne_vale_ferreteria (vfe_id,vfe_fecha,vfe_total,vfe_estado,vfe_entregado,usu_nusuario) VALUES (7029,@@@2013.08.03@@@,1990,1,0,@@@m_martinez@@@)','',2,'2013-08-03'),(47611,'INSERT INTO gne_vale_ferreteria_mov (vfe_id,pro_codigo_plu,vfm_cantidad,vfm_unitario,vfm_total,vfm_entregado) VALUES (7029,780721158,1,1990,1990,@@@NO@@@)','',2,'2013-08-03'),(47612,'INSERT INTO gne_vale_ferreteria (vfe_id,vfe_fecha,vfe_total,vfe_estado,vfe_entregado,usu_nusuario) VALUES (7030,@@@2013.08.03@@@,620,1,0,@@@m_martinez@@@)','',2,'2013-08-03'),(47613,'INSERT INTO gne_vale_ferreteria_mov (vfe_id,pro_codigo_plu,vfm_cantidad,vfm_unitario,vfm_total,vfm_entregado) VALUES (7030,11378,1,620,620,@@@NO@@@)','',2,'2013-08-03'),(47614,'INSERT INTO gne_vale_ferreteria (vfe_id,vfe_fecha,vfe_total,vfe_estado,vfe_entregado,usu_nusuario) VALUES (7031,@@@2013.08.03@@@,6991,1,0,@@@m_martinez@@@)','',2,'2013-08-03'),(47615,'INSERT INTO gne_vale_ferreteria_mov (vfe_id,pro_codigo_plu,vfm_cantidad,vfm_unitario,vfm_total,vfm_entregado) VALUES (7031,764639,1,6990,6990,@@@NO@@@)','',2,'2013-08-03'),(47616,'INSERT INTO gne_vale_ferreteria_mov (vfe_id,pro_codigo_plu,vfm_cantidad,vfm_unitario,vfm_total,vfm_entregado) VALUES (7031,2500,1,1,1,@@@NO@@@)','',2,'2013-08-03'),(47617,'INSERT INTO gne_vale_ferreteria (vfe_id,vfe_fecha,vfe_total,vfe_estado,vfe_entregado,usu_nusuario) VALUES (7032,@@@2013.08.03@@@,3570,1,0,@@@m_martinez@@@)','',2,'2013-08-03'),(47618,'INSERT INTO gne_vale_ferreteria_mov (vfe_id,pro_codigo_plu,vfm_cantidad,vfm_unitario,vfm_total,vfm_entregado) VALUES (7032,764923,3,1190,3570,@@@NO@@@)','',2,'2013-08-03'),(47619,'INSERT INTO gne_vale_ferreteria (vfe_id,vfe_fecha,vfe_total,vfe_estado,vfe_entregado,usu_nusuario) VALUES (7033,@@@2013.08.03@@@,150,1,0,@@@m_martinez@@@)','',2,'2013-08-03'),(47620,'INSERT INTO gne_vale_ferreteria_mov (vfe_id,pro_codigo_plu,vfm_cantidad,vfm_unitario,vfm_total,vfm_entregado) VALUES (7033,764234,1,150,150,@@@NO@@@)','',2,'2013-08-03'),(47621,'INSERT INTO gne_vale_ferreteria (vfe_id,vfe_fecha,vfe_total,vfe_estado,vfe_entregado,usu_nusuario) VALUES (7034,@@@2013.08.03@@@,2871,1,0,@@@m_martinez@@@)','',2,'2013-08-03'),(47622,'INSERT INTO gne_vale_ferreteria_mov (vfe_id,pro_codigo_plu,vfm_cantidad,vfm_unitario,vfm_total,vfm_entregado) VALUES (7034,764933,1,1490,1490,@@@NO@@@)','',2,'2013-08-03'),(47623,'INSERT INTO gne_vale_ferreteria_mov (vfe_id,pro_codigo_plu,vfm_cantidad,vfm_unitario,vfm_total,vfm_entregado) VALUES (7034,764827,2,690,1380,@@@NO@@@)','',2,'2013-08-03'),(47624,'INSERT INTO gne_vale_ferreteria_mov (vfe_id,pro_codigo_plu,vfm_cantidad,vfm_unitario,vfm_total,vfm_entregado) VALUES (7034,2500,1,1,1,@@@NO@@@)','',2,'2013-08-03'),(47625,'INSERT INTO gne_vale_ferreteria (vfe_id,vfe_fecha,vfe_total,vfe_estado,vfe_entregado,usu_nusuario) VALUES (7035,@@@2013.08.03@@@,2250,1,0,@@@m_martinez@@@)','',2,'2013-08-03'),(47626,'INSERT INTO gne_vale_ferreteria_mov (vfe_id,pro_codigo_plu,vfm_cantidad,vfm_unitario,vfm_total,vfm_entregado) VALUES (7035,20430,1,2250,2250,@@@NO@@@)','',2,'2013-08-03'),(47627,'INSERT INTO gne_vale_ferreteria (vfe_id,vfe_fecha,vfe_total,vfe_estado,vfe_entregado,usu_nusuario) VALUES (7036,@@@2013.08.03@@@,2590,1,0,@@@m_martinez@@@)','',2,'2013-08-03'),(47628,'INSERT INTO gne_vale_ferreteria_mov (vfe_id,pro_codigo_plu,vfm_cantidad,vfm_unitario,vfm_total,vfm_entregado) VALUES (7036,10179,1,2590,2590,@@@NO@@@)','',2,'2013-08-03'),(47629,'INSERT INTO gne_vale_ferreteria (vfe_id,vfe_fecha,vfe_total,vfe_estado,vfe_entregado,usu_nusuario) VALUES (7037,@@@2013.08.03@@@,990,1,0,@@@m_martinez@@@)','',2,'2013-08-03'),(47630,'INSERT INTO gne_vale_ferreteria_mov (vfe_id,pro_codigo_plu,vfm_cantidad,vfm_unitario,vfm_total,vfm_entregado) VALUES (7037,764779,1,990,990,@@@NO@@@)','',2,'2013-08-03'),(47631,'INSERT INTO gne_vale_ferreteria (vfe_id,vfe_fecha,vfe_total,vfe_estado,vfe_entregado,usu_nusuario) VALUES (7038,@@@2013.08.03@@@,1350,1,0,@@@m_martinez@@@)','',2,'2013-08-03'),(47632,'INSERT INTO gne_vale_ferreteria_mov (vfe_id,pro_codigo_plu,vfm_cantidad,vfm_unitario,vfm_total,vfm_entregado) VALUES (7038,780721239,9,150,1350,@@@NO@@@)','',2,'2013-08-03'),(47633,'INSERT INTO gne_vale_ferreteria (vfe_id,vfe_fecha,vfe_total,vfe_estado,vfe_entregado,usu_nusuario) VALUES (7039,@@@2013.08.03@@@,340,1,0,@@@m_martinez@@@)','',2,'2013-08-03'),(47634,'INSERT INTO gne_vale_ferreteria_mov (vfe_id,pro_codigo_plu,vfm_cantidad,vfm_unitario,vfm_total,vfm_entregado) VALUES (7039,78017145,1,290,290,@@@NO@@@)','',2,'2013-08-03'),(47635,'INSERT INTO gne_vale_ferreteria_mov (vfe_id,pro_codigo_plu,vfm_cantidad,vfm_unitario,vfm_total,vfm_entregado) VALUES (7039,4129,1,50,50,@@@NO@@@)','',2,'2013-08-03'),(47636,'INSERT INTO gne_vale_ferreteria (vfe_id,vfe_fecha,vfe_total,vfe_estado,vfe_entregado,usu_nusuario) VALUES (7040,@@@2013.08.03@@@,450,1,0,@@@m_martinez@@@)','',2,'2013-08-03'),(47637,'INSERT INTO gne_vale_ferreteria_mov (vfe_id,pro_codigo_plu,vfm_cantidad,vfm_unitario,vfm_total,vfm_entregado) VALUES (7040,780721128,3,150,450,@@@NO@@@)','',2,'2013-08-03'),(47638,'INSERT INTO gne_vale_ferreteria (vfe_id,vfe_fecha,vfe_total,vfe_estado,vfe_entregado,usu_nusuario) VALUES (7041,@@@2013.08.03@@@,260,1,0,@@@m_martinez@@@)','',2,'2013-08-03'),(47639,'INSERT INTO gne_vale_ferreteria_mov (vfe_id,pro_codigo_plu,vfm_cantidad,vfm_unitario,vfm_total,vfm_entregado) VALUES (7041,78017148,2,130,260,@@@NO@@@)','',2,'2013-08-03'),(47640,'INSERT INTO gne_vale_ferreteria (vfe_id,vfe_fecha,vfe_total,vfe_estado,vfe_entregado,usu_nusuario) VALUES (7042,@@@2013.08.03@@@,120,1,0,@@@m_martinez@@@)','',2,'2013-08-03'),(47641,'INSERT INTO gne_vale_ferreteria_mov (vfe_id,pro_codigo_plu,vfm_cantidad,vfm_unitario,vfm_total,vfm_entregado) VALUES (7042,78017191,3,40,120,@@@NO@@@)','',2,'2013-08-03'),(47642,'INSERT INTO gne_vale_ferreteria (vfe_id,vfe_fecha,vfe_total,vfe_estado,vfe_entregado,usu_nusuario) VALUES (7043,@@@2013.08.03@@@,1440,1,0,@@@m_martinez@@@)','',2,'2013-08-03'),(47643,'INSERT INTO gne_vale_ferreteria_mov (vfe_id,pro_codigo_plu,vfm_cantidad,vfm_unitario,vfm_total,vfm_entregado) VALUES (7043,780721231,1,990,990,@@@NO@@@)','',2,'2013-08-03'),(47644,'INSERT INTO gne_vale_ferreteria_mov (vfe_id,pro_codigo_plu,vfm_cantidad,vfm_unitario,vfm_total,vfm_entregado) VALUES (7043,761966,1,450,450,@@@NO@@@)','',2,'2013-08-03'),(47645,'INSERT INTO gne_vale_ferreteria (vfe_id,vfe_fecha,vfe_total,vfe_estado,vfe_entregado,usu_nusuario) VALUES (7044,@@@2013.08.04@@@,390,1,0,@@@m_martinez@@@)','',2,'2013-08-04'),(47646,'INSERT INTO gne_vale_ferreteria_mov (vfe_id,pro_codigo_plu,vfm_cantidad,vfm_unitario,vfm_total,vfm_entregado) VALUES (7044,880010,1,390,390,@@@NO@@@)','',2,'2013-08-04'),(47647,'INSERT INTO gne_vale_ferreteria (vfe_id,vfe_fecha,vfe_total,vfe_estado,vfe_entregado,usu_nusuario) VALUES (7045,@@@2013.08.04@@@,2490,1,0,@@@m_martinez@@@)','',2,'2013-08-04'),(47648,'INSERT INTO gne_vale_ferreteria_mov (vfe_id,pro_codigo_plu,vfm_cantidad,vfm_unitario,vfm_total,vfm_entregado) VALUES (7045,764878,1,2490,2490,@@@NO@@@)','',2,'2013-08-04'),(47649,'INSERT INTO gne_vale_ferreteria (vfe_id,vfe_fecha,vfe_total,vfe_estado,vfe_entregado,usu_nusuario) VALUES (7046,@@@2013.08.04@@@,4650,1,0,@@@m_martinez@@@)','',2,'2013-08-04'),(47650,'INSERT INTO gne_vale_ferreteria_mov (vfe_id,pro_codigo_plu,vfm_cantidad,vfm_unitario,vfm_total,vfm_entregado) VALUES (7046,990005,1,3290,3290,@@@NO@@@)','',2,'2013-08-04'),(47651,'INSERT INTO gne_vale_ferreteria_mov (vfe_id,pro_codigo_plu,vfm_cantidad,vfm_unitario,vfm_total,vfm_entregado) VALUES (7046,780220193,3,370,1110,@@@NO@@@)','',2,'2013-08-04'),(47652,'INSERT INTO gne_vale_ferreteria_mov (vfe_id,pro_codigo_plu,vfm_cantidad,vfm_unitario,vfm_total,vfm_entregado) VALUES (7046,780220096,1,250,250,@@@NO@@@)','',2,'2013-08-04'),(47653,'INSERT INTO gne_vale_ferreteria (vfe_id,vfe_fecha,vfe_total,vfe_estado,vfe_entregado,usu_nusuario) VALUES (7047,@@@2013.08.04@@@,2550,1,0,@@@m_martinez@@@)','',2,'2013-08-04'),(47654,'INSERT INTO gne_vale_ferreteria_mov (vfe_id,pro_codigo_plu,vfm_cantidad,vfm_unitario,vfm_total,vfm_entregado) VALUES (7047,763604,1,1890,1890,@@@NO@@@)','',2,'2013-08-04'),(47655,'INSERT INTO gne_vale_ferreteria_mov (vfe_id,pro_codigo_plu,vfm_cantidad,vfm_unitario,vfm_total,vfm_entregado) VALUES (7047,19918,2,330,660,@@@NO@@@)','',2,'2013-08-04'),(47656,'INSERT INTO gne_vale_ferreteria (vfe_id,vfe_fecha,vfe_total,vfe_estado,vfe_entregado,usu_nusuario) VALUES (7048,@@@2013.08.04@@@,5480,1,0,@@@m_martinez@@@)','',2,'2013-08-04'),(47657,'INSERT INTO gne_vale_ferreteria_mov (vfe_id,pro_codigo_plu,vfm_cantidad,vfm_unitario,vfm_total,vfm_entregado) VALUES (7048,78017206,1,1050,1050,@@@NO@@@)','',2,'2013-08-04'),(47658,'INSERT INTO gne_vale_ferreteria_mov (vfe_id,pro_codigo_plu,vfm_cantidad,vfm_unitario,vfm_total,vfm_entregado) VALUES (7048,11581,1,1390,1390,@@@NO@@@)','',2,'2013-08-04'),(47659,'INSERT INTO gne_vale_ferreteria_mov (vfe_id,pro_codigo_plu,vfm_cantidad,vfm_unitario,vfm_total,vfm_entregado) VALUES (7048,764016,1,450,450,@@@NO@@@)','',2,'2013-08-04'),(47660,'INSERT INTO gne_vale_ferreteria_mov (vfe_id,pro_codigo_plu,vfm_cantidad,vfm_unitario,vfm_total,vfm_entregado) VALUES (7048,780721566,1,2590,2590,@@@NO@@@)','',2,'2013-08-04'),(47661,'INSERT INTO gne_vale_ferreteria (vfe_id,vfe_fecha,vfe_total,vfe_estado,vfe_entregado,usu_nusuario) VALUES (7049,@@@2013.08.04@@@,4370,1,0,@@@m_martinez@@@)','',2,'2013-08-04'),(47662,'INSERT INTO gne_vale_ferreteria_mov (vfe_id,pro_codigo_plu,vfm_cantidad,vfm_unitario,vfm_total,vfm_entregado) VALUES (7049,101380,2,690,1380,@@@NO@@@)','',2,'2013-08-04'),(47663,'INSERT INTO gne_vale_ferreteria_mov (vfe_id,pro_codigo_plu,vfm_cantidad,vfm_unitario,vfm_total,vfm_entregado) VALUES (7049,780721436,1,2990,2990,@@@NO@@@)','',2,'2013-08-04'),(47664,'INSERT INTO gne_vale_ferreteria (vfe_id,vfe_fecha,vfe_total,vfe_estado,vfe_entregado,usu_nusuario) VALUES (7050,@@@2013.08.04@@@,600,1,0,@@@m_martinez@@@)','',2,'2013-08-04'),(47665,'INSERT INTO gne_vale_ferreteria_mov (vfe_id,pro_codigo_plu,vfm_cantidad,vfm_unitario,vfm_total,vfm_entregado) VALUES (7050,4083,2,300,600,@@@NO@@@)','',2,'2013-08-04'),(47666,'INSERT INTO gne_vale_ferreteria (vfe_id,vfe_fecha,vfe_total,vfe_estado,vfe_entregado,usu_nusuario) VALUES (7051,@@@2013.08.04@@@,1290,1,0,@@@m_martinez@@@)','',2,'2013-08-04'),(47667,'INSERT INTO gne_vale_ferreteria_mov (vfe_id,pro_codigo_plu,vfm_cantidad,vfm_unitario,vfm_total,vfm_entregado) VALUES (7051,764570,1,1290,1290,@@@NO@@@)','',2,'2013-08-04'),(47668,'INSERT INTO gne_vale_ferreteria (vfe_id,vfe_fecha,vfe_total,vfe_estado,vfe_entregado,usu_nusuario) VALUES (7052,@@@2013.08.04@@@,40,1,0,@@@m_martinez@@@)','',2,'2013-08-04'),(47669,'INSERT INTO gne_vale_ferreteria_mov (vfe_id,pro_codigo_plu,vfm_cantidad,vfm_unitario,vfm_total,vfm_entregado) VALUES (7052,78017193,2,20,40,@@@NO@@@)','',2,'2013-08-04'),(47670,'INSERT INTO gne_vale_ferreteria (vfe_id,vfe_fecha,vfe_total,vfe_estado,vfe_entregado,usu_nusuario) VALUES (7053,@@@2013.08.04@@@,2120,1,0,@@@m_martinez@@@)','',2,'2013-08-04'),(47671,'INSERT INTO gne_vale_ferreteria_mov (vfe_id,pro_codigo_plu,vfm_cantidad,vfm_unitario,vfm_total,vfm_entregado) VALUES (7053,101677,4,530,2120,@@@NO@@@)','',2,'2013-08-04'),(47672,'INSERT INTO gne_vale_ferreteria (vfe_id,vfe_fecha,vfe_total,vfe_estado,vfe_entregado,usu_nusuario) VALUES (7054,@@@2013.08.04@@@,960,1,0,@@@m_martinez@@@)','',2,'2013-08-04'),(47673,'INSERT INTO gne_vale_ferreteria_mov (vfe_id,pro_codigo_plu,vfm_cantidad,vfm_unitario,vfm_total,vfm_entregado) VALUES (7054,15949,2,480,960,@@@NO@@@)','',2,'2013-08-04'),(47674,'INSERT INTO gne_vale_ferreteria (vfe_id,vfe_fecha,vfe_total,vfe_estado,vfe_entregado,usu_nusuario) VALUES (7055,@@@2013.08.04@@@,2250,1,0,@@@m_martinez@@@)','',2,'2013-08-04'),(47675,'INSERT INTO gne_vale_ferreteria_mov (vfe_id,pro_codigo_plu,vfm_cantidad,vfm_unitario,vfm_total,vfm_entregado) VALUES (7055,20428,1,2250,2250,@@@NO@@@)','',2,'2013-08-04'),(47676,'INSERT INTO gne_vale_ferreteria (vfe_id,vfe_fecha,vfe_total,vfe_estado,vfe_entregado,usu_nusuario) VALUES (7056,@@@2013.08.04@@@,260,1,0,@@@m_martinez@@@)','',2,'2013-08-04'),(47677,'INSERT INTO gne_vale_ferreteria_mov (vfe_id,pro_codigo_plu,vfm_cantidad,vfm_unitario,vfm_total,vfm_entregado) VALUES (7056,78017204,1,120,120,@@@NO@@@)','',2,'2013-08-04'),(47678,'INSERT INTO gne_vale_ferreteria_mov (vfe_id,pro_codigo_plu,vfm_cantidad,vfm_unitario,vfm_total,vfm_entregado) VALUES (7056,764364,1,140,140,@@@NO@@@)','',2,'2013-08-04'),(47679,'INSERT INTO gne_vale_ferreteria (vfe_id,vfe_fecha,vfe_total,vfe_estado,vfe_entregado,usu_nusuario) VALUES (7057,@@@2013.08.04@@@,1990,1,0,@@@m_martinez@@@)','',2,'2013-08-04'),(47680,'INSERT INTO gne_vale_ferreteria_mov (vfe_id,pro_codigo_plu,vfm_cantidad,vfm_unitario,vfm_total,vfm_entregado) VALUES (7057,10896,1,1990,1990,@@@NO@@@)','',2,'2013-08-04'),(47681,'INSERT INTO gne_vale_ferreteria (vfe_id,vfe_fecha,vfe_total,vfe_estado,vfe_entregado,usu_nusuario) VALUES (7058,@@@2013.08.04@@@,680,1,0,@@@m_martinez@@@)','',2,'2013-08-04'),(47682,'INSERT INTO gne_vale_ferreteria_mov (vfe_id,pro_codigo_plu,vfm_cantidad,vfm_unitario,vfm_total,vfm_entregado) VALUES (7058,19866,1,680,680,@@@NO@@@)','',2,'2013-08-04'),(47683,'INSERT INTO gne_vale_ferreteria (vfe_id,vfe_fecha,vfe_total,vfe_estado,vfe_entregado,usu_nusuario) VALUES (7059,@@@2013.08.04@@@,300,1,0,@@@m_martinez@@@)','',2,'2013-08-04'),(47684,'INSERT INTO gne_vale_ferreteria_mov (vfe_id,pro_codigo_plu,vfm_cantidad,vfm_unitario,vfm_total,vfm_entregado) VALUES (7059,78017049,1,300,300,@@@NO@@@)','',2,'2013-08-04'),(47685,'INSERT INTO gne_vale_ferreteria (vfe_id,vfe_fecha,vfe_total,vfe_estado,vfe_entregado,usu_nusuario) VALUES (7060,@@@2013.08.04@@@,240,1,0,@@@m_martinez@@@)','',2,'2013-08-04'),(47686,'INSERT INTO gne_vale_ferreteria_mov (vfe_id,pro_codigo_plu,vfm_cantidad,vfm_unitario,vfm_total,vfm_entregado) VALUES (7060,8022,2,120,240,@@@NO@@@)','',2,'2013-08-04'),(47687,'INSERT INTO gne_vale_ferreteria (vfe_id,vfe_fecha,vfe_total,vfe_estado,vfe_entregado,usu_nusuario) VALUES (7061,@@@2013.08.04@@@,600,1,0,@@@m_martinez@@@)','',2,'2013-08-04'),(47688,'INSERT INTO gne_vale_ferreteria_mov (vfe_id,pro_codigo_plu,vfm_cantidad,vfm_unitario,vfm_total,vfm_entregado) VALUES (7061,78017005,3,120,360,@@@NO@@@)','',2,'2013-08-04'),(47689,'INSERT INTO gne_vale_ferreteria_mov (vfe_id,pro_codigo_plu,vfm_cantidad,vfm_unitario,vfm_total,vfm_entregado) VALUES (7061,78017006,2,120,240,@@@NO@@@)','',2,'2013-08-04'),(47690,'INSERT INTO gne_vale_ferreteria (vfe_id,vfe_fecha,vfe_total,vfe_estado,vfe_entregado,usu_nusuario) VALUES (7062,@@@2013.08.04@@@,990,1,0,@@@m_martinez@@@)','',2,'2013-08-04'),(47691,'INSERT INTO gne_vale_ferreteria_mov (vfe_id,pro_codigo_plu,vfm_cantidad,vfm_unitario,vfm_total,vfm_entregado) VALUES (7062,764843,1,990,990,@@@NO@@@)','',2,'2013-08-04'),(47692,'INSERT INTO gne_vale_ferreteria (vfe_id,vfe_fecha,vfe_total,vfe_estado,vfe_entregado,usu_nusuario) VALUES (7063,@@@2013.08.04@@@,2990,1,0,@@@m_martinez@@@)','',2,'2013-08-04'),(47693,'INSERT INTO gne_vale_ferreteria_mov (vfe_id,pro_codigo_plu,vfm_cantidad,vfm_unitario,vfm_total,vfm_entregado) VALUES (7063,764635,1,2990,2990,@@@NO@@@)','',2,'2013-08-04'),(47694,'INSERT INTO gne_vale_ferreteria (vfe_id,vfe_fecha,vfe_total,vfe_estado,vfe_entregado,usu_nusuario) VALUES (7064,@@@2013.08.04@@@,200,1,0,@@@m_martinez@@@)','',2,'2013-08-04'),(47695,'INSERT INTO gne_vale_ferreteria_mov (vfe_id,pro_codigo_plu,vfm_cantidad,vfm_unitario,vfm_total,vfm_entregado) VALUES (7064,20146,2,100,200,@@@NO@@@)','',2,'2013-08-04'),(47696,'INSERT INTO gne_vale_ferreteria (vfe_id,vfe_fecha,vfe_total,vfe_estado,vfe_entregado,usu_nusuario) VALUES (7065,@@@2013.08.04@@@,300,1,0,@@@m_martinez@@@)','',2,'2013-08-04'),(47697,'INSERT INTO gne_vale_ferreteria_mov (vfe_id,pro_codigo_plu,vfm_cantidad,vfm_unitario,vfm_total,vfm_entregado) VALUES (7065,78017049,1,300,300,@@@NO@@@)','',2,'2013-08-04'),(47698,'INSERT INTO gne_vale_ferreteria (vfe_id,vfe_fecha,vfe_total,vfe_estado,vfe_entregado,usu_nusuario) VALUES (7066,@@@2013.08.04@@@,890,1,0,@@@m_martinez@@@)','',2,'2013-08-04'),(47699,'INSERT INTO gne_vale_ferreteria_mov (vfe_id,pro_codigo_plu,vfm_cantidad,vfm_unitario,vfm_total,vfm_entregado) VALUES (7066,762114,1,890,890,@@@NO@@@)','',2,'2013-08-04'),(47700,'INSERT INTO gne_vale_ferreteria (vfe_id,vfe_fecha,vfe_total,vfe_estado,vfe_entregado,usu_nusuario) VALUES (7067,@@@2013.08.04@@@,300,1,0,@@@m_martinez@@@)','',2,'2013-08-04'),(47701,'INSERT INTO gne_vale_ferreteria_mov (vfe_id,pro_codigo_plu,vfm_cantidad,vfm_unitario,vfm_total,vfm_entregado) VALUES (7067,780721221,1,300,300,@@@NO@@@)','',2,'2013-08-04'),(47702,'INSERT INTO gne_vale_ferreteria (vfe_id,vfe_fecha,vfe_total,vfe_estado,vfe_entregado,usu_nusuario) VALUES (7068,@@@2013.08.04@@@,1740,1,0,@@@m_martinez@@@)','',2,'2013-08-04'),(47703,'INSERT INTO gne_vale_ferreteria_mov (vfe_id,pro_codigo_plu,vfm_cantidad,vfm_unitario,vfm_total,vfm_entregado) VALUES (7068,101454,1,790,790,@@@NO@@@)','',2,'2013-08-04'),(47704,'INSERT INTO gne_vale_ferreteria_mov (vfe_id,pro_codigo_plu,vfm_cantidad,vfm_unitario,vfm_total,vfm_entregado) VALUES (7068,14106,1,950,950,@@@NO@@@)','',2,'2013-08-04'),(47705,'INSERT INTO gne_vale_ferreteria (vfe_id,vfe_fecha,vfe_total,vfe_estado,vfe_entregado,usu_nusuario) VALUES (7069,@@@2013.08.04@@@,200,1,0,@@@m_martinez@@@)','',2,'2013-08-04'),(47706,'INSERT INTO gne_vale_ferreteria_mov (vfe_id,pro_codigo_plu,vfm_cantidad,vfm_unitario,vfm_total,vfm_entregado) VALUES (7069,20146,1,100,100,@@@NO@@@)','',2,'2013-08-04'),(47707,'INSERT INTO gne_vale_ferreteria_mov (vfe_id,pro_codigo_plu,vfm_cantidad,vfm_unitario,vfm_total,vfm_entregado) VALUES (7069,20365,1,100,100,@@@NO@@@)','',2,'2013-08-04'),(47708,'INSERT INTO gne_vale_ferreteria (vfe_id,vfe_fecha,vfe_total,vfe_estado,vfe_entregado,usu_nusuario) VALUES (7070,@@@2013.08.04@@@,1320,1,0,@@@m_martinez@@@)','',2,'2013-08-04'),(47709,'INSERT INTO gne_vale_ferreteria_mov (vfe_id,pro_codigo_plu,vfm_cantidad,vfm_unitario,vfm_total,vfm_entregado) VALUES (7070,780721142,1,650,650,@@@NO@@@)','',2,'2013-08-04'),(47710,'INSERT INTO gne_vale_ferreteria_mov (vfe_id,pro_codigo_plu,vfm_cantidad,vfm_unitario,vfm_total,vfm_entregado) VALUES (7070,763629,1,390,390,@@@NO@@@)','',2,'2013-08-04'),(47711,'INSERT INTO gne_vale_ferreteria_mov (vfe_id,pro_codigo_plu,vfm_cantidad,vfm_unitario,vfm_total,vfm_entregado) VALUES (7070,764364,2,140,280,@@@NO@@@)','',2,'2013-08-04'),(47712,'INSERT INTO gne_vale_ferreteria (vfe_id,vfe_fecha,vfe_total,vfe_estado,vfe_entregado,usu_nusuario) VALUES (7071,@@@2013.08.04@@@,5840,1,0,@@@m_martinez@@@)','',2,'2013-08-04'),(47713,'INSERT INTO gne_vale_ferreteria_mov (vfe_id,pro_codigo_plu,vfm_cantidad,vfm_unitario,vfm_total,vfm_entregado) VALUES (7071,101563,1,1690,1690,@@@NO@@@)','',2,'2013-08-04'),(47714,'INSERT INTO gne_vale_ferreteria_mov (vfe_id,pro_codigo_plu,vfm_cantidad,vfm_unitario,vfm_total,vfm_entregado) VALUES (7071,1069,2,200,400,@@@NO@@@)','',2,'2013-08-04'),(47715,'INSERT INTO gne_vale_ferreteria_mov (vfe_id,pro_codigo_plu,vfm_cantidad,vfm_unitario,vfm_total,vfm_entregado) VALUES (7071,763807,5,750,3750,@@@NO@@@)','',2,'2013-08-04'),(47716,'INSERT INTO gne_vale_ferreteria (vfe_id,vfe_fecha,vfe_total,vfe_estado,vfe_entregado,usu_nusuario) VALUES (7072,@@@2013.08.04@@@,1990,1,0,@@@m_martinez@@@)','',2,'2013-08-04'),(47717,'INSERT INTO gne_vale_ferreteria_mov (vfe_id,pro_codigo_plu,vfm_cantidad,vfm_unitario,vfm_total,vfm_entregado) VALUES (7072,764510,1,1990,1990,@@@NO@@@)','',2,'2013-08-04'),(47718,'INSERT INTO gne_vale_ferreteria (vfe_id,vfe_fecha,vfe_total,vfe_estado,vfe_entregado,usu_nusuario) VALUES (7073,@@@2013.08.04@@@,1990,1,0,@@@m_martinez@@@)','',2,'2013-08-04'),(47719,'INSERT INTO gne_vale_ferreteria_mov (vfe_id,pro_codigo_plu,vfm_cantidad,vfm_unitario,vfm_total,vfm_entregado) VALUES (7073,764678,1,1990,1990,@@@NO@@@)','',2,'2013-08-04'),(47720,'INSERT INTO gne_vale_ferreteria (vfe_id,vfe_fecha,vfe_total,vfe_estado,vfe_entregado,usu_nusuario) VALUES (7074,@@@2013.08.04@@@,350,1,0,@@@m_martinez@@@)','',2,'2013-08-04'),(47721,'INSERT INTO gne_vale_ferreteria_mov (vfe_id,pro_codigo_plu,vfm_cantidad,vfm_unitario,vfm_total,vfm_entregado) VALUES (7074,19150,1,350,350,@@@NO@@@)','',2,'2013-08-04'),(47722,'INSERT INTO gne_vale_ferreteria (vfe_id,vfe_fecha,vfe_total,vfe_estado,vfe_entregado,usu_nusuario) VALUES (7075,@@@2013.08.04@@@,5480,1,0,@@@m_martinez@@@)','',2,'2013-08-04'),(47723,'INSERT INTO gne_vale_ferreteria_mov (vfe_id,pro_codigo_plu,vfm_cantidad,vfm_unitario,vfm_total,vfm_entregado) VALUES (7075,780721138,1,1100,1100,@@@NO@@@)','',2,'2013-08-04'),(47724,'INSERT INTO gne_vale_ferreteria_mov (vfe_id,pro_codigo_plu,vfm_cantidad,vfm_unitario,vfm_total,vfm_entregado) VALUES (7075,780721482,1,2490,2490,@@@NO@@@)','',2,'2013-08-04'),(47725,'INSERT INTO gne_vale_ferreteria_mov (vfe_id,pro_codigo_plu,vfm_cantidad,vfm_unitario,vfm_total,vfm_entregado) VALUES (7075,764948,1,1890,1890,@@@NO@@@)','',2,'2013-08-04'),(47726,'INSERT INTO gne_vale_ferreteria (vfe_id,vfe_fecha,vfe_total,vfe_estado,vfe_entregado,usu_nusuario) VALUES (7076,@@@2013.08.04@@@,2190,1,0,@@@m_martinez@@@)','',2,'2013-08-04'),(47727,'INSERT INTO gne_vale_ferreteria_mov (vfe_id,pro_codigo_plu,vfm_cantidad,vfm_unitario,vfm_total,vfm_entregado) VALUES (7076,20521,1,2190,2190,@@@NO@@@)','',2,'2013-08-04'),(47728,'INSERT INTO gne_vale_ferreteria (vfe_id,vfe_fecha,vfe_total,vfe_estado,vfe_entregado,usu_nusuario) VALUES (7077,@@@2013.08.04@@@,3790,1,0,@@@m_martinez@@@)','',2,'2013-08-04'),(47729,'INSERT INTO gne_vale_ferreteria_mov (vfe_id,pro_codigo_plu,vfm_cantidad,vfm_unitario,vfm_total,vfm_entregado) VALUES (7077,764023,1,3790,3790,@@@NO@@@)','',2,'2013-08-04'),(47730,'INSERT INTO gne_vale_ferreteria (vfe_id,vfe_fecha,vfe_total,vfe_estado,vfe_entregado,usu_nusuario) VALUES (7078,@@@2013.08.04@@@,1990,1,0,@@@m_martinez@@@)','',2,'2013-08-04'),(47731,'INSERT INTO gne_vale_ferreteria_mov (vfe_id,pro_codigo_plu,vfm_cantidad,vfm_unitario,vfm_total,vfm_entregado) VALUES (7078,20960,1,1990,1990,@@@NO@@@)','',2,'2013-08-04'),(47732,'INSERT INTO gne_vale_ferreteria (vfe_id,vfe_fecha,vfe_total,vfe_estado,vfe_entregado,usu_nusuario) VALUES (7079,@@@2013.08.04@@@,350,1,0,@@@m_martinez@@@)','',2,'2013-08-04'),(47733,'INSERT INTO gne_vale_ferreteria_mov (vfe_id,pro_codigo_plu,vfm_cantidad,vfm_unitario,vfm_total,vfm_entregado) VALUES (7079,770097,1,350,350,@@@NO@@@)','',2,'2013-08-04'),(47734,'INSERT INTO gne_vale_ferreteria (vfe_id,vfe_fecha,vfe_total,vfe_estado,vfe_entregado,usu_nusuario) VALUES (7080,@@@2013.08.04@@@,740,1,0,@@@m_martinez@@@)','',2,'2013-08-04'),(47735,'INSERT INTO gne_vale_ferreteria_mov (vfe_id,pro_codigo_plu,vfm_cantidad,vfm_unitario,vfm_total,vfm_entregado) VALUES (7080,763823,1,740,740,@@@NO@@@)','',2,'2013-08-04'),(47736,'INSERT INTO gne_vale_ferreteria (vfe_id,vfe_fecha,vfe_total,vfe_estado,vfe_entregado,usu_nusuario) VALUES (7081,@@@2013.08.04@@@,1450,1,0,@@@m_martinez@@@)','',2,'2013-08-04'),(47737,'INSERT INTO gne_vale_ferreteria_mov (vfe_id,pro_codigo_plu,vfm_cantidad,vfm_unitario,vfm_total,vfm_entregado) VALUES (7081,15668,1,1450,1450,@@@NO@@@)','',2,'2013-08-04'),(47738,'INSERT INTO gne_vale_ferreteria (vfe_id,vfe_fecha,vfe_total,vfe_estado,vfe_entregado,usu_nusuario) VALUES (7082,@@@2013.08.04@@@,2930,1,0,@@@m_martinez@@@)','',2,'2013-08-04'),(47739,'INSERT INTO gne_vale_ferreteria_mov (vfe_id,pro_codigo_plu,vfm_cantidad,vfm_unitario,vfm_total,vfm_entregado) VALUES (7082,20516,1,1890,1890,@@@NO@@@)','',2,'2013-08-04'),(47740,'INSERT INTO gne_vale_ferreteria_mov (vfe_id,pro_codigo_plu,vfm_cantidad,vfm_unitario,vfm_total,vfm_entregado) VALUES (7082,763890,1,550,550,@@@NO@@@)','',2,'2013-08-04'),(47741,'INSERT INTO gne_vale_ferreteria_mov (vfe_id,pro_codigo_plu,vfm_cantidad,vfm_unitario,vfm_total,vfm_entregado) VALUES (7082,20756,1,490,490,@@@NO@@@)','',2,'2013-08-04'),(47742,'INSERT INTO gne_vale_ferreteria (vfe_id,vfe_fecha,vfe_total,vfe_estado,vfe_entregado,usu_nusuario) VALUES (7083,@@@2013.08.04@@@,495,1,0,@@@m_martinez@@@)','',2,'2013-08-04'),(47743,'INSERT INTO gne_vale_ferreteria_mov (vfe_id,pro_codigo_plu,vfm_cantidad,vfm_unitario,vfm_total,vfm_entregado) VALUES (7083,11218,1,495,495,@@@NO@@@)','',2,'2013-08-04'),(47744,'INSERT INTO gne_vale_ferreteria (vfe_id,vfe_fecha,vfe_total,vfe_estado,vfe_entregado,usu_nusuario) VALUES (7084,@@@2013.08.04@@@,1620,1,0,@@@m_martinez@@@)','',2,'2013-08-04'),(47745,'INSERT INTO gne_vale_ferreteria_mov (vfe_id,pro_codigo_plu,vfm_cantidad,vfm_unitario,vfm_total,vfm_entregado) VALUES (7084,780721451,1,390,390,@@@NO@@@)','',2,'2013-08-04'),(47746,'INSERT INTO gne_vale_ferreteria_mov (vfe_id,pro_codigo_plu,vfm_cantidad,vfm_unitario,vfm_total,vfm_entregado) VALUES (7084,1070,1,250,250,@@@NO@@@)','',2,'2013-08-04'),(47747,'INSERT INTO gne_vale_ferreteria_mov (vfe_id,pro_codigo_plu,vfm_cantidad,vfm_unitario,vfm_total,vfm_entregado) VALUES (7084,1552,1,490,490,@@@NO@@@)','',2,'2013-08-04'),(47748,'INSERT INTO gne_vale_ferreteria_mov (vfe_id,pro_codigo_plu,vfm_cantidad,vfm_unitario,vfm_total,vfm_entregado) VALUES (7084,20756,1,490,490,@@@NO@@@)','',2,'2013-08-04'),(47749,'INSERT INTO gne_vale_ferreteria (vfe_id,vfe_fecha,vfe_total,vfe_estado,vfe_entregado,usu_nusuario) VALUES (7085,@@@2013.08.04@@@,980,1,0,@@@m_martinez@@@)','',2,'2013-08-04'),(47750,'INSERT INTO gne_vale_ferreteria_mov (vfe_id,pro_codigo_plu,vfm_cantidad,vfm_unitario,vfm_total,vfm_entregado) VALUES (7085,19876,1,980,980,@@@NO@@@)','',2,'2013-08-04'),(47751,'INSERT INTO gne_vale_ferreteria (vfe_id,vfe_fecha,vfe_total,vfe_estado,vfe_entregado,usu_nusuario) VALUES (7086,@@@2013.08.04@@@,860,1,0,@@@m_martinez@@@)','',2,'2013-08-04'),(47752,'INSERT INTO gne_vale_ferreteria_mov (vfe_id,pro_codigo_plu,vfm_cantidad,vfm_unitario,vfm_total,vfm_entregado) VALUES (7086,78017111,3,100,300,@@@NO@@@)','',2,'2013-08-04'),(47753,'INSERT INTO gne_vale_ferreteria_mov (vfe_id,pro_codigo_plu,vfm_cantidad,vfm_unitario,vfm_total,vfm_entregado) VALUES (7086,770000,8,50,400,@@@NO@@@)','',2,'2013-08-04'),(47754,'INSERT INTO gne_vale_ferreteria_mov (vfe_id,pro_codigo_plu,vfm_cantidad,vfm_unitario,vfm_total,vfm_entregado) VALUES (7086,770001,2,80,160,@@@NO@@@)','',2,'2013-08-04'),(47755,'INSERT INTO gne_vale_ferreteria (vfe_id,vfe_fecha,vfe_total,vfe_estado,vfe_entregado,usu_nusuario) VALUES (7087,@@@2013.08.04@@@,790,1,0,@@@m_martinez@@@)','',2,'2013-08-04'),(47756,'INSERT INTO gne_vale_ferreteria_mov (vfe_id,pro_codigo_plu,vfm_cantidad,vfm_unitario,vfm_total,vfm_entregado) VALUES (7087,101454,1,790,790,@@@NO@@@)','',2,'2013-08-04'),(47757,'INSERT INTO gne_vale_ferreteria (vfe_id,vfe_fecha,vfe_total,vfe_estado,vfe_entregado,usu_nusuario) VALUES (7088,@@@2013.08.04@@@,1230,1,0,@@@m_martinez@@@)','',2,'2013-08-04'),(47758,'INSERT INTO gne_vale_ferreteria_mov (vfe_id,pro_codigo_plu,vfm_cantidad,vfm_unitario,vfm_total,vfm_entregado) VALUES (7088,770032,5,50,250,@@@NO@@@)','',2,'2013-08-04'),(47759,'INSERT INTO gne_vale_ferreteria_mov (vfe_id,pro_codigo_plu,vfm_cantidad,vfm_unitario,vfm_total,vfm_entregado) VALUES (7088,78017127,2,490,980,@@@NO@@@)','',2,'2013-08-04'),(47760,'INSERT INTO gne_vale_ferreteria (vfe_id,vfe_fecha,vfe_total,vfe_estado,vfe_entregado,usu_nusuario) VALUES (7089,@@@2013.08.04@@@,780,1,0,@@@m_martinez@@@)','',2,'2013-08-04'),(47761,'INSERT INTO gne_vale_ferreteria_mov (vfe_id,pro_codigo_plu,vfm_cantidad,vfm_unitario,vfm_total,vfm_entregado) VALUES (7089,764157,3,120,360,@@@NO@@@)','',2,'2013-08-04'),(47762,'INSERT INTO gne_vale_ferreteria_mov (vfe_id,pro_codigo_plu,vfm_cantidad,vfm_unitario,vfm_total,vfm_entregado) VALUES (7089,780721221,1,300,300,@@@NO@@@)','',2,'2013-08-04'),(47763,'INSERT INTO gne_vale_ferreteria_mov (vfe_id,pro_codigo_plu,vfm_cantidad,vfm_unitario,vfm_total,vfm_entregado) VALUES (7089,764766,1,120,120,@@@NO@@@)','',2,'2013-08-04'),(47764,'INSERT INTO gne_vale_ferreteria (vfe_id,vfe_fecha,vfe_total,vfe_estado,vfe_entregado,usu_nusuario) VALUES (7090,@@@2013.08.04@@@,680,1,0,@@@m_martinez@@@)','',2,'2013-08-04'),(47765,'INSERT INTO gne_vale_ferreteria_mov (vfe_id,pro_codigo_plu,vfm_cantidad,vfm_unitario,vfm_total,vfm_entregado) VALUES (7090,1537,2,190,380,@@@NO@@@)','',2,'2013-08-04'),(47766,'INSERT INTO gne_vale_ferreteria_mov (vfe_id,pro_codigo_plu,vfm_cantidad,vfm_unitario,vfm_total,vfm_entregado) VALUES (7090,9900006,2,150,300,@@@NO@@@)','',2,'2013-08-04'),(47767,'INSERT INTO gne_vale_ferreteria (vfe_id,vfe_fecha,vfe_total,vfe_estado,vfe_entregado,usu_nusuario) VALUES (7091,@@@2013.08.04@@@,2280,1,0,@@@m_martinez@@@)','',2,'2013-08-04'),(47768,'INSERT INTO gne_vale_ferreteria_mov (vfe_id,pro_codigo_plu,vfm_cantidad,vfm_unitario,vfm_total,vfm_entregado) VALUES (7091,2007,1,390,390,@@@NO@@@)','',2,'2013-08-04'),(47769,'INSERT INTO gne_vale_ferreteria_mov (vfe_id,pro_codigo_plu,vfm_cantidad,vfm_unitario,vfm_total,vfm_entregado) VALUES (7091,101846,1,1890,1890,@@@NO@@@)','',2,'2013-08-04'),(47770,'INSERT INTO gne_vale_ferreteria (vfe_id,vfe_fecha,vfe_total,vfe_estado,vfe_entregado,usu_nusuario) VALUES (7092,@@@2013.08.04@@@,3570,1,0,@@@m_martinez@@@)','',2,'2013-08-04'),(47771,'INSERT INTO gne_vale_ferreteria_mov (vfe_id,pro_codigo_plu,vfm_cantidad,vfm_unitario,vfm_total,vfm_entregado) VALUES (7092,15967,2,130,260,@@@NO@@@)','',2,'2013-08-04'),(47772,'INSERT INTO gne_vale_ferreteria_mov (vfe_id,pro_codigo_plu,vfm_cantidad,vfm_unitario,vfm_total,vfm_entregado) VALUES (7092,780721568,1,1590,1590,@@@NO@@@)','',2,'2013-08-04'),(47773,'INSERT INTO gne_vale_ferreteria_mov (vfe_id,pro_codigo_plu,vfm_cantidad,vfm_unitario,vfm_total,vfm_entregado) VALUES (7092,763890,1,550,550,@@@NO@@@)','',2,'2013-08-04'),(47774,'INSERT INTO gne_vale_ferreteria_mov (vfe_id,pro_codigo_plu,vfm_cantidad,vfm_unitario,vfm_total,vfm_entregado) VALUES (7092,1547,3,390,1170,@@@NO@@@)','',2,'2013-08-04'),(47775,'INSERT INTO gne_vale_ferreteria (vfe_id,vfe_fecha,vfe_total,vfe_estado,vfe_entregado,usu_nusuario) VALUES (7093,@@@2013.08.04@@@,120,1,0,@@@m_martinez@@@)','',2,'2013-08-04'),(47776,'INSERT INTO gne_vale_ferreteria_mov (vfe_id,pro_codigo_plu,vfm_cantidad,vfm_unitario,vfm_total,vfm_entregado) VALUES (7093,8022,1,120,120,@@@NO@@@)','',2,'2013-08-04'),(47777,'INSERT INTO gne_vale_ferreteria (vfe_id,vfe_fecha,vfe_total,vfe_estado,vfe_entregado,usu_nusuario) VALUES (7094,@@@2013.08.04@@@,920,1,0,@@@m_martinez@@@)','',2,'2013-08-04'),(47778,'INSERT INTO gne_vale_ferreteria_mov (vfe_id,pro_codigo_plu,vfm_cantidad,vfm_unitario,vfm_total,vfm_entregado) VALUES (7094,1014,1,350,350,@@@NO@@@)','',2,'2013-08-04'),(47779,'INSERT INTO gne_vale_ferreteria_mov (vfe_id,pro_codigo_plu,vfm_cantidad,vfm_unitario,vfm_total,vfm_entregado) VALUES (7094,78017155,1,450,450,@@@NO@@@)','',2,'2013-08-04'),(47780,'INSERT INTO gne_vale_ferreteria_mov (vfe_id,pro_codigo_plu,vfm_cantidad,vfm_unitario,vfm_total,vfm_entregado) VALUES (7094,78017016,1,120,120,@@@NO@@@)','',2,'2013-08-04'),(47781,'INSERT INTO gne_vale_ferreteria (vfe_id,vfe_fecha,vfe_total,vfe_estado,vfe_entregado,usu_nusuario) VALUES (7095,@@@2013.08.04@@@,190,1,0,@@@m_martinez@@@)','',2,'2013-08-04'),(47782,'INSERT INTO gne_vale_ferreteria_mov (vfe_id,pro_codigo_plu,vfm_cantidad,vfm_unitario,vfm_total,vfm_entregado) VALUES (7095,78016987,1,190,190,@@@NO@@@)','',2,'2013-08-04'),(47783,'INSERT INTO gne_vale_ferreteria (vfe_id,vfe_fecha,vfe_total,vfe_estado,vfe_entregado,usu_nusuario) VALUES (7096,@@@2013.08.04@@@,1270,1,0,@@@m_martinez@@@)','',2,'2013-08-04'),(47784,'INSERT INTO gne_vale_ferreteria_mov (vfe_id,pro_codigo_plu,vfm_cantidad,vfm_unitario,vfm_total,vfm_entregado) VALUES (7096,780721545,1,1270,1270,@@@NO@@@)','',2,'2013-08-04'),(47785,'INSERT INTO gne_vale_ferreteria (vfe_id,vfe_fecha,vfe_total,vfe_estado,vfe_entregado,usu_nusuario) VALUES (7097,@@@2013.08.04@@@,360,1,0,@@@m_martinez@@@)','',2,'2013-08-04'),(47786,'INSERT INTO gne_vale_ferreteria_mov (vfe_id,pro_codigo_plu,vfm_cantidad,vfm_unitario,vfm_total,vfm_entregado) VALUES (7097,780721143,2,180,360,@@@NO@@@)','',2,'2013-08-04'),(47787,'INSERT INTO gne_vale_ferreteria (vfe_id,vfe_fecha,vfe_total,vfe_estado,vfe_entregado,usu_nusuario) VALUES (7098,@@@2013.08.04@@@,970,1,0,@@@m_martinez@@@)','',2,'2013-08-04'),(47788,'INSERT INTO gne_vale_ferreteria_mov (vfe_id,pro_codigo_plu,vfm_cantidad,vfm_unitario,vfm_total,vfm_entregado) VALUES (7098,12085,1,120,120,@@@NO@@@)','',2,'2013-08-04'),(47789,'INSERT INTO gne_vale_ferreteria_mov (vfe_id,pro_codigo_plu,vfm_cantidad,vfm_unitario,vfm_total,vfm_entregado) VALUES (7098,763798,1,850,850,@@@NO@@@)','',2,'2013-08-04'),(47790,'INSERT INTO gne_vale_ferreteria (vfe_id,vfe_fecha,vfe_total,vfe_estado,vfe_entregado,usu_nusuario) VALUES (7099,@@@2013.08.04@@@,300,1,0,@@@m_martinez@@@)','',2,'2013-08-04'),(47791,'INSERT INTO gne_vale_ferreteria_mov (vfe_id,pro_codigo_plu,vfm_cantidad,vfm_unitario,vfm_total,vfm_entregado) VALUES (7099,4074,1,300,300,@@@NO@@@)','',2,'2013-08-04'),(47792,'INSERT INTO gne_vale_ferreteria (vfe_id,vfe_fecha,vfe_total,vfe_estado,vfe_entregado,usu_nusuario) VALUES (7100,@@@2013.08.04@@@,1050,1,0,@@@m_martinez@@@)','',2,'2013-08-04'),(47793,'INSERT INTO gne_vale_ferreteria_mov (vfe_id,pro_codigo_plu,vfm_cantidad,vfm_unitario,vfm_total,vfm_entregado) VALUES (7100,780721390,1,1050,1050,@@@NO@@@)','',2,'2013-08-04'),(47794,'INSERT INTO gne_vale_ferreteria (vfe_id,vfe_fecha,vfe_total,vfe_estado,vfe_entregado,usu_nusuario) VALUES (7101,@@@2013.08.04@@@,2850,1,0,@@@m_martinez@@@)','',2,'2013-08-04'),(47795,'INSERT INTO gne_vale_ferreteria_mov (vfe_id,pro_codigo_plu,vfm_cantidad,vfm_unitario,vfm_total,vfm_entregado) VALUES (7101,763624,1,660,660,@@@NO@@@)','',2,'2013-08-04'),(47796,'INSERT INTO gne_vale_ferreteria_mov (vfe_id,pro_codigo_plu,vfm_cantidad,vfm_unitario,vfm_total,vfm_entregado) VALUES (7101,763621,1,2190,2190,@@@NO@@@)','',2,'2013-08-04'),(47797,'INSERT INTO gne_vale_ferreteria (vfe_id,vfe_fecha,vfe_total,vfe_estado,vfe_entregado,usu_nusuario) VALUES (7102,@@@2013.08.04@@@,1270,1,0,@@@m_martinez@@@)','',2,'2013-08-04'),(47798,'INSERT INTO gne_vale_ferreteria_mov (vfe_id,pro_codigo_plu,vfm_cantidad,vfm_unitario,vfm_total,vfm_entregado) VALUES (7102,780721390,1,1050,1050,@@@NO@@@)','',2,'2013-08-04'),(47799,'INSERT INTO gne_vale_ferreteria_mov (vfe_id,pro_codigo_plu,vfm_cantidad,vfm_unitario,vfm_total,vfm_entregado) VALUES (7102,763593,1,220,220,@@@NO@@@)','',2,'2013-08-04'),(47800,'INSERT INTO gne_vale_ferreteria (vfe_id,vfe_fecha,vfe_total,vfe_estado,vfe_entregado,usu_nusuario) VALUES (7103,@@@2013.08.04@@@,550,1,0,@@@m_martinez@@@)','',2,'2013-08-04'),(47801,'INSERT INTO gne_vale_ferreteria_mov (vfe_id,pro_codigo_plu,vfm_cantidad,vfm_unitario,vfm_total,vfm_entregado) VALUES (7103,763582,1,550,550,@@@NO@@@)','',2,'2013-08-04'),(47802,'INSERT INTO gne_vale_ferreteria (vfe_id,vfe_fecha,vfe_total,vfe_estado,vfe_entregado,usu_nusuario) VALUES (7104,@@@2013.08.04@@@,390,1,0,@@@m_martinez@@@)','',2,'2013-08-04'),(47803,'INSERT INTO gne_vale_ferreteria_mov (vfe_id,pro_codigo_plu,vfm_cantidad,vfm_unitario,vfm_total,vfm_entregado) VALUES (7104,763818,1,390,390,@@@NO@@@)','',2,'2013-08-04'),(47804,'INSERT INTO gne_vale_ferreteria (vfe_id,vfe_fecha,vfe_total,vfe_estado,vfe_entregado,usu_nusuario) VALUES (7105,@@@2013.08.04@@@,690,1,0,@@@m_martinez@@@)','',2,'2013-08-04'),(47805,'INSERT INTO gne_vale_ferreteria_mov (vfe_id,pro_codigo_plu,vfm_cantidad,vfm_unitario,vfm_total,vfm_entregado) VALUES (7105,1069,1,200,200,@@@NO@@@)','',2,'2013-08-04'),(47806,'INSERT INTO gne_vale_ferreteria_mov (vfe_id,pro_codigo_plu,vfm_cantidad,vfm_unitario,vfm_total,vfm_entregado) VALUES (7105,780721397,1,490,490,@@@NO@@@)','',2,'2013-08-04'),(47807,'INSERT INTO gne_vale_ferreteria (vfe_id,vfe_fecha,vfe_total,vfe_estado,vfe_entregado,usu_nusuario) VALUES (7106,@@@2013.08.04@@@,590,1,0,@@@m_martinez@@@)','',2,'2013-08-04'),(47808,'INSERT INTO gne_vale_ferreteria_mov (vfe_id,pro_codigo_plu,vfm_cantidad,vfm_unitario,vfm_total,vfm_entregado) VALUES (7106,764700,1,590,590,@@@NO@@@)','',2,'2013-08-04'),(47809,'INSERT INTO gne_vale_ferreteria (vfe_id,vfe_fecha,vfe_total,vfe_estado,vfe_entregado,usu_nusuario) VALUES (7107,@@@2013.08.04@@@,1890,1,0,@@@m_martinez@@@)','',2,'2013-08-04'),(47810,'INSERT INTO gne_vale_ferreteria_mov (vfe_id,pro_codigo_plu,vfm_cantidad,vfm_unitario,vfm_total,vfm_entregado) VALUES (7107,101626,1,1890,1890,@@@NO@@@)','',2,'2013-08-04'),(47811,'INSERT INTO gne_vale_ferreteria (vfe_id,vfe_fecha,vfe_total,vfe_estado,vfe_entregado,usu_nusuario) VALUES (7108,@@@2013.08.04@@@,2190,1,0,@@@m_martinez@@@)','',2,'2013-08-04'),(47812,'INSERT INTO gne_vale_ferreteria_mov (vfe_id,pro_codigo_plu,vfm_cantidad,vfm_unitario,vfm_total,vfm_entregado) VALUES (7108,20522,1,2190,2190,@@@NO@@@)','',2,'2013-08-04'),(47813,'INSERT INTO gne_vale_ferreteria (vfe_id,vfe_fecha,vfe_total,vfe_estado,vfe_entregado,usu_nusuario) VALUES (7109,@@@2013.08.04@@@,1380,1,0,@@@m_martinez@@@)','',2,'2013-08-04'),(47814,'INSERT INTO gne_vale_ferreteria_mov (vfe_id,pro_codigo_plu,vfm_cantidad,vfm_unitario,vfm_total,vfm_entregado) VALUES (7109,1563,2,690,1380,@@@NO@@@)','',2,'2013-08-04'),(47815,'INSERT INTO gne_vale_ferreteria (vfe_id,vfe_fecha,vfe_total,vfe_estado,vfe_entregado,usu_nusuario) VALUES (7110,@@@2013.08.04@@@,1580,1,0,@@@m_martinez@@@)','',2,'2013-08-04'),(47816,'INSERT INTO gne_vale_ferreteria_mov (vfe_id,pro_codigo_plu,vfm_cantidad,vfm_unitario,vfm_total,vfm_entregado) VALUES (7110,780721487,1,590,590,@@@NO@@@)','',2,'2013-08-04'),(47817,'INSERT INTO gne_vale_ferreteria_mov (vfe_id,pro_codigo_plu,vfm_cantidad,vfm_unitario,vfm_total,vfm_entregado) VALUES (7110,764779,1,990,990,@@@NO@@@)','',2,'2013-08-04'),(47818,'INSERT INTO gne_vale_ferreteria (vfe_id,vfe_fecha,vfe_total,vfe_estado,vfe_entregado,usu_nusuario) VALUES (7111,@@@2013.08.04@@@,290,1,0,@@@m_martinez@@@)','',2,'2013-08-04'),(47819,'INSERT INTO gne_vale_ferreteria_mov (vfe_id,pro_codigo_plu,vfm_cantidad,vfm_unitario,vfm_total,vfm_entregado) VALUES (7111,1559,1,290,290,@@@NO@@@)','',2,'2013-08-04'),(47820,'INSERT INTO gne_vale_ferreteria (vfe_id,vfe_fecha,vfe_total,vfe_estado,vfe_entregado,usu_nusuario) VALUES (7112,@@@2013.08.04@@@,1460,1,0,@@@m_martinez@@@)','',2,'2013-08-04'),(47821,'INSERT INTO gne_vale_ferreteria_mov (vfe_id,pro_codigo_plu,vfm_cantidad,vfm_unitario,vfm_total,vfm_entregado) VALUES (7112,78017176,1,200,200,@@@NO@@@)','',2,'2013-08-04'),(47822,'INSERT INTO gne_vale_ferreteria_mov (vfe_id,pro_codigo_plu,vfm_cantidad,vfm_unitario,vfm_total,vfm_entregado) VALUES (7112,763812,1,690,690,@@@NO@@@)','',2,'2013-08-04'),(47823,'INSERT INTO gne_vale_ferreteria_mov (vfe_id,pro_codigo_plu,vfm_cantidad,vfm_unitario,vfm_total,vfm_entregado) VALUES (7112,764360,3,190,570,@@@NO@@@)','',2,'2013-08-04'),(47824,'INSERT INTO gne_vale_ferreteria (vfe_id,vfe_fecha,vfe_total,vfe_estado,vfe_entregado,usu_nusuario) VALUES (7113,@@@2013.08.04@@@,150,1,0,@@@m_martinez@@@)','',2,'2013-08-04'),(47825,'INSERT INTO gne_vale_ferreteria_mov (vfe_id,pro_codigo_plu,vfm_cantidad,vfm_unitario,vfm_total,vfm_entregado) VALUES (7113,9900006,1,150,150,@@@NO@@@)','',2,'2013-08-04'),(47826,'INSERT INTO gne_vale_ferreteria (vfe_id,vfe_fecha,vfe_total,vfe_estado,vfe_entregado,usu_nusuario) VALUES (7114,@@@2013.08.04@@@,4200,1,0,@@@m_martinez@@@)','',2,'2013-08-04'),(47827,'INSERT INTO gne_vale_ferreteria_mov (vfe_id,pro_codigo_plu,vfm_cantidad,vfm_unitario,vfm_total,vfm_entregado) VALUES (7114,763793,2,2100,4200,@@@NO@@@)','',2,'2013-08-04'),(47828,'INSERT INTO gne_vale_ferreteria (vfe_id,vfe_fecha,vfe_total,vfe_estado,vfe_entregado,usu_nusuario) VALUES (7115,@@@2013.08.04@@@,450,1,0,@@@m_martinez@@@)','',2,'2013-08-04'),(47829,'INSERT INTO gne_vale_ferreteria_mov (vfe_id,pro_codigo_plu,vfm_cantidad,vfm_unitario,vfm_total,vfm_entregado) VALUES (7115,78017155,1,450,450,@@@NO@@@)','',2,'2013-08-04'),(47830,'INSERT INTO gne_vale_ferreteria (vfe_id,vfe_fecha,vfe_total,vfe_estado,vfe_entregado,usu_nusuario) VALUES (7116,@@@2013.08.04@@@,590,1,0,@@@m_martinez@@@)','',2,'2013-08-04'),(47831,'INSERT INTO gne_vale_ferreteria_mov (vfe_id,pro_codigo_plu,vfm_cantidad,vfm_unitario,vfm_total,vfm_entregado) VALUES (7116,1055,1,590,590,@@@NO@@@)','',2,'2013-08-04'),(47832,'INSERT INTO gne_vale_ferreteria (vfe_id,vfe_fecha,vfe_total,vfe_estado,vfe_entregado,usu_nusuario) VALUES (7117,@@@2013.08.04@@@,490,1,0,@@@m_martinez@@@)','',2,'2013-08-04'),(47833,'INSERT INTO gne_vale_ferreteria_mov (vfe_id,pro_codigo_plu,vfm_cantidad,vfm_unitario,vfm_total,vfm_entregado) VALUES (7117,1552,1,490,490,@@@NO@@@)','',2,'2013-08-04'),(47834,'INSERT INTO gne_vale_ferreteria (vfe_id,vfe_fecha,vfe_total,vfe_estado,vfe_entregado,usu_nusuario) VALUES (7118,@@@2013.08.04@@@,1030,1,0,@@@m_martinez@@@)','',2,'2013-08-04'),(47835,'INSERT INTO gne_vale_ferreteria_mov (vfe_id,pro_codigo_plu,vfm_cantidad,vfm_unitario,vfm_total,vfm_entregado) VALUES (7118,764255,1,400,400,@@@NO@@@)','',2,'2013-08-04'),(47836,'INSERT INTO gne_vale_ferreteria_mov (vfe_id,pro_codigo_plu,vfm_cantidad,vfm_unitario,vfm_total,vfm_entregado) VALUES (7118,770035,1,150,150,@@@NO@@@)','',2,'2013-08-04'),(47837,'INSERT INTO gne_vale_ferreteria_mov (vfe_id,pro_codigo_plu,vfm_cantidad,vfm_unitario,vfm_total,vfm_entregado) VALUES (7118,16421,3,160,480,@@@NO@@@)','',2,'2013-08-04'),(47838,'INSERT INTO gne_vale_ferreteria (vfe_id,vfe_fecha,vfe_total,vfe_estado,vfe_entregado,usu_nusuario) VALUES (7119,@@@2013.08.04@@@,790,1,0,@@@m_martinez@@@)','',2,'2013-08-04'),(47839,'INSERT INTO gne_vale_ferreteria_mov (vfe_id,pro_codigo_plu,vfm_cantidad,vfm_unitario,vfm_total,vfm_entregado) VALUES (7119,7000,1,790,790,@@@NO@@@)','',2,'2013-08-04'),(47840,'INSERT INTO gne_vale_ferreteria (vfe_id,vfe_fecha,vfe_total,vfe_estado,vfe_entregado,usu_nusuario) VALUES (7120,@@@2013.08.04@@@,2050,1,0,@@@m_martinez@@@)','',2,'2013-08-04'),(47841,'INSERT INTO gne_vale_ferreteria_mov (vfe_id,pro_codigo_plu,vfm_cantidad,vfm_unitario,vfm_total,vfm_entregado) VALUES (7120,78017204,1,120,120,@@@NO@@@)','',2,'2013-08-04'),(47842,'INSERT INTO gne_vale_ferreteria_mov (vfe_id,pro_codigo_plu,vfm_cantidad,vfm_unitario,vfm_total,vfm_entregado) VALUES (7120,12085,2,120,240,@@@NO@@@)','',2,'2013-08-04'),(47843,'INSERT INTO gne_vale_ferreteria_mov (vfe_id,pro_codigo_plu,vfm_cantidad,vfm_unitario,vfm_total,vfm_entregado) VALUES (7120,780721142,2,650,1300,@@@NO@@@)','',2,'2013-08-04'),(47844,'INSERT INTO gne_vale_ferreteria_mov (vfe_id,pro_codigo_plu,vfm_cantidad,vfm_unitario,vfm_total,vfm_entregado) VALUES (7120,763629,1,390,390,@@@NO@@@)','',2,'2013-08-04'),(47845,'INSERT INTO gne_vale_ferreteria (vfe_id,vfe_fecha,vfe_total,vfe_estado,vfe_entregado,usu_nusuario) VALUES (7121,@@@2013.08.05@@@,390,1,0,@@@b_SAEZ@@@)','',2,'2013-08-05'),(47846,'INSERT INTO gne_vale_ferreteria_mov (vfe_id,pro_codigo_plu,vfm_cantidad,vfm_unitario,vfm_total,vfm_entregado) VALUES (7121,765000,1,390,390,@@@NO@@@)','',2,'2013-08-05'),(47847,'INSERT INTO gne_vale_ferreteria (vfe_id,vfe_fecha,vfe_total,vfe_estado,vfe_entregado,usu_nusuario) VALUES (7122,@@@2013.08.05@@@,2140,1,0,@@@b_SAEZ@@@)','',2,'2013-08-05'),(47848,'INSERT INTO gne_vale_ferreteria_mov (vfe_id,pro_codigo_plu,vfm_cantidad,vfm_unitario,vfm_total,vfm_entregado) VALUES (7122,762000,1,690,690,@@@NO@@@)','',2,'2013-08-05'),(47849,'INSERT INTO gne_vale_ferreteria_mov (vfe_id,pro_codigo_plu,vfm_cantidad,vfm_unitario,vfm_total,vfm_entregado) VALUES (7122,763624,1,660,660,@@@NO@@@)','',2,'2013-08-05'),(47850,'INSERT INTO gne_vale_ferreteria_mov (vfe_id,pro_codigo_plu,vfm_cantidad,vfm_unitario,vfm_total,vfm_entregado) VALUES (7122,763804,1,790,790,@@@NO@@@)','',2,'2013-08-05'),(47851,'INSERT INTO gne_vale_ferreteria (vfe_id,vfe_fecha,vfe_total,vfe_estado,vfe_entregado,usu_nusuario) VALUES (7123,@@@2013.08.05@@@,240,1,0,@@@b_SAEZ@@@)','',2,'2013-08-05'),(47852,'INSERT INTO gne_vale_ferreteria_mov (vfe_id,pro_codigo_plu,vfm_cantidad,vfm_unitario,vfm_total,vfm_entregado) VALUES (7123,78017204,2,120,240,@@@NO@@@)','',2,'2013-08-05'),(47853,'INSERT INTO gne_vale_ferreteria (vfe_id,vfe_fecha,vfe_total,vfe_estado,vfe_entregado,usu_nusuario) VALUES (7124,@@@2013.08.05@@@,690,1,0,@@@b_SAEZ@@@)','',2,'2013-08-05'),(47854,'INSERT INTO gne_vale_ferreteria_mov (vfe_id,pro_codigo_plu,vfm_cantidad,vfm_unitario,vfm_total,vfm_entregado) VALUES (7124,764830,1,690,690,@@@NO@@@)','',2,'2013-08-05'),(47855,'INSERT INTO gne_vale_ferreteria (vfe_id,vfe_fecha,vfe_total,vfe_estado,vfe_entregado,usu_nusuario) VALUES (7125,@@@2013.08.05@@@,500,1,0,@@@b_SAEZ@@@)','',2,'2013-08-05'),(47856,'INSERT INTO gne_vale_ferreteria_mov (vfe_id,pro_codigo_plu,vfm_cantidad,vfm_unitario,vfm_total,vfm_entregado) VALUES (7125,763593,1,220,220,@@@NO@@@)','',2,'2013-08-05'),(47857,'INSERT INTO gne_vale_ferreteria_mov (vfe_id,pro_codigo_plu,vfm_cantidad,vfm_unitario,vfm_total,vfm_entregado) VALUES (7125,12085,1,120,120,@@@NO@@@)','',2,'2013-08-05'),(47858,'INSERT INTO gne_vale_ferreteria_mov (vfe_id,pro_codigo_plu,vfm_cantidad,vfm_unitario,vfm_total,vfm_entregado) VALUES (7125,16430,1,160,160,@@@NO@@@)','',2,'2013-08-05'),(47859,'INSERT INTO com_ventas_grupo (vgr_fecha,vgr_grupo,vgr_cantidad,vgr_total) VALUES (@@@2013.08.04@@@,1,174.445,165863)','',2,'2013-08-05'),(47860,'INSERT INTO com_ventas_grupo (vgr_fecha,vgr_grupo,vgr_cantidad,vgr_total) VALUES (@@@2013.08.04@@@,2,147.105,85415)','',2,'2013-08-05'),(47861,'INSERT INTO com_ventas_grupo (vgr_fecha,vgr_grupo,vgr_cantidad,vgr_total) VALUES (@@@2013.08.04@@@,3,412,95160)','',2,'2013-08-05'),(47862,'INSERT INTO com_ventas_grupo (vgr_fecha,vgr_grupo,vgr_cantidad,vgr_total) VALUES (@@@2013.08.04@@@,4,123,117732)','',2,'2013-08-05'),(47863,'INSERT INTO com_ventas_grupo (vgr_fecha,vgr_grupo,vgr_cantidad,vgr_total) VALUES (@@@2013.08.04@@@,5,6,18867)','',2,'2013-08-05'),(47864,'INSERT INTO com_ventas_grupo (vgr_fecha,vgr_grupo,vgr_cantidad,vgr_total) VALUES (@@@2013.08.04@@@,6,38,64285)','',2,'2013-08-05'),(47865,'INSERT INTO com_ventas_grupo (vgr_fecha,vgr_grupo,vgr_cantidad,vgr_total) VALUES (@@@2013.08.04@@@,7,52,92537)','',2,'2013-08-05'),(47866,'INSERT INTO com_ventas_grupo (vgr_fecha,vgr_grupo,vgr_cantidad,vgr_total) VALUES (@@@2013.08.04@@@,8,26,12090)','',2,'2013-08-05'),(47867,'INSERT INTO com_ventas_grupo (vgr_fecha,vgr_grupo,vgr_cantidad,vgr_total) VALUES (@@@2013.08.04@@@,9,110.255,207556)','',2,'2013-08-05'),(47868,'INSERT INTO com_ventas_grupo (vgr_fecha,vgr_grupo,vgr_cantidad,vgr_total) VALUES (@@@2013.08.04@@@,10,55.66,189867)','',2,'2013-08-05'),(47869,'INSERT INTO com_ventas_grupo (vgr_fecha,vgr_grupo,vgr_cantidad,vgr_total) VALUES (@@@2013.08.04@@@,11,61.45,169576)','',2,'2013-08-05'),(47870,'INSERT INTO com_ventas_grupo (vgr_fecha,vgr_grupo,vgr_cantidad,vgr_total) VALUES (@@@2013.08.04@@@,12,42.615,73493)','',2,'2013-08-05'),(47871,'INSERT INTO com_ventas_grupo (vgr_fecha,vgr_grupo,vgr_cantidad,vgr_total) VALUES (@@@2013.08.04@@@,13,10.995,39747)','',2,'2013-08-05'),(47872,'INSERT INTO com_ventas_grupo (vgr_fecha,vgr_grupo,vgr_cantidad,vgr_total) VALUES (@@@2013.08.04@@@,14,120.085,107882)','',2,'2013-08-05'),(47873,'INSERT INTO com_ventas_grupo (vgr_fecha,vgr_grupo,vgr_cantidad,vgr_total) VALUES (@@@2013.08.04@@@,15,12,2910)','',2,'2013-08-05'),(47874,'INSERT INTO com_ventas_grupo (vgr_fecha,vgr_grupo,vgr_cantidad,vgr_total) VALUES (@@@2013.08.04@@@,16,3,490)','',2,'2013-08-05'),(47875,'INSERT INTO com_ventas_grupo (vgr_fecha,vgr_grupo,vgr_cantidad,vgr_total) VALUES (@@@2013.08.04@@@,18,205.09,114958)','',2,'2013-08-05'),(47876,'INSERT INTO com_ventas_grupo (vgr_fecha,vgr_grupo,vgr_cantidad,vgr_total) VALUES (@@@2013.08.04@@@,19,1,500)','',2,'2013-08-05'),(47877,'INSERT INTO com_ventas_grupo (vgr_fecha,vgr_grupo,vgr_cantidad,vgr_total) VALUES (@@@2013.08.04@@@,20,87.71,46495)','',2,'2013-08-05'),(47878,'INSERT INTO com_ventas_grupo (vgr_fecha,vgr_grupo,vgr_cantidad,vgr_total) VALUES (@@@2013.08.04@@@,21,54,51849)','',2,'2013-08-05'),(47879,'INSERT INTO com_ventas_grupo (vgr_fecha,vgr_grupo,vgr_cantidad,vgr_total) VALUES (@@@2013.08.04@@@,22,1,1990)','',2,'2013-08-05'),(47880,'INSERT INTO com_ventas_grupo (vgr_fecha,vgr_grupo,vgr_cantidad,vgr_total) VALUES (@@@2013.08.04@@@,23,9,14670)','',2,'2013-08-05'),(47881,'INSERT INTO com_ventas_grupo (vgr_fecha,vgr_grupo,vgr_cantidad,vgr_total) VALUES (@@@2013.08.04@@@,24,106,38610)','',2,'2013-08-05'),(47882,'INSERT INTO com_ventas_grupo (vgr_fecha,vgr_grupo,vgr_cantidad,vgr_total) VALUES (@@@2013.08.04@@@,25,61,91400)','',2,'2013-08-05'),(47883,'INSERT INTO com_ventas_grupo (vgr_fecha,vgr_grupo,vgr_cantidad,vgr_total) VALUES (@@@2013.08.04@@@,27,1,1190)','',2,'2013-08-05'),(47884,'INSERT INTO com_ventas_grupo (vgr_fecha,vgr_grupo,vgr_cantidad,vgr_total) VALUES (@@@2013.08.04@@@,31,6,4040)','',2,'2013-08-05'),(47885,'INSERT INTO com_ventas_grupo (vgr_fecha,vgr_grupo,vgr_cantidad,vgr_total) VALUES (@@@2013.08.04@@@,32,280,102518)','',2,'2013-08-05'),(47886,'INSERT INTO com_ventas_grupo (vgr_fecha,vgr_grupo,vgr_cantidad,vgr_total) VALUES (@@@2013.08.04@@@,33,1,3199)','',2,'2013-08-05'),(47887,'INSERT INTO com_ventas_grupo (vgr_fecha,vgr_grupo,vgr_cantidad,vgr_total) VALUES (@@@2013.08.04@@@,34,2,2400)','',2,'2013-08-05'),(47888,'INSERT INTO com_ventas_grupo (vgr_fecha,vgr_grupo,vgr_cantidad,vgr_total) VALUES (@@@2013.08.04@@@,35,14,18779)','',2,'2013-08-05'),(47889,'INSERT INTO com_ventas_grupo (vgr_fecha,vgr_grupo,vgr_cantidad,vgr_total) VALUES (@@@2013.08.04@@@,36,3,900)','',2,'2013-08-05'),(47890,'INSERT INTO com_ventas_grupo (vgr_fecha,vgr_grupo,vgr_cantidad,vgr_total) VALUES (@@@2013.08.04@@@,37,1,200)','',2,'2013-08-05'),(47891,'INSERT INTO com_ventas_grupo (vgr_fecha,vgr_grupo,vgr_cantidad,vgr_total) VALUES (@@@2013.08.04@@@,38,2,3180)','',2,'2013-08-05'),(47892,'INSERT INTO com_ventas_grupo (vgr_fecha,vgr_grupo,vgr_cantidad,vgr_total) VALUES (@@@2013.08.04@@@,39,4,5770)','',2,'2013-08-05'),(47893,'INSERT INTO com_ventas_grupo (vgr_fecha,vgr_grupo,vgr_cantidad,vgr_total) VALUES (@@@2013.08.04@@@,40,16159,16159)','',2,'2013-08-05'),(47894,'INSERT INTO com_ventas_grupo (vgr_fecha,vgr_grupo,vgr_cantidad,vgr_total) VALUES (@@@2013.08.04@@@,42,30.925,28189)','',2,'2013-08-05'),(47895,'UPDATE mae_datos_empresa SET emp_oferta=@@@NO@@@','',2,'2013-08-05'),(47896,'INSERT INTO gne_vale_ferreteria (vfe_id,vfe_fecha,vfe_total,vfe_estado,vfe_entregado,usu_nusuario) VALUES (7126,@@@2013.08.05@@@,1510,1,0,@@@b_SAEZ@@@)','',2,'2013-08-05'),(47897,'INSERT INTO gne_vale_ferreteria_mov (vfe_id,pro_codigo_plu,vfm_cantidad,vfm_unitario,vfm_total,vfm_entregado) VALUES (7126,764118,1,150,150,@@@NO@@@)','',2,'2013-08-05'),(47898,'INSERT INTO gne_vale_ferreteria_mov (vfe_id,pro_codigo_plu,vfm_cantidad,vfm_unitario,vfm_total,vfm_entregado) VALUES (7126,780721387,2,130,260,@@@NO@@@)','',2,'2013-08-05'),(47899,'INSERT INTO gne_vale_ferreteria_mov (vfe_id,pro_codigo_plu,vfm_cantidad,vfm_unitario,vfm_total,vfm_entregado) VALUES (7126,15491,1,1100,1100,@@@NO@@@)','',2,'2013-08-05'),(47900,'UPDATE mae_productos SET pro_codigo_barra=@@@597@@@,pro_tipo=@@@0@@@,pro_nombre_producto=@@@CILANTRO@@@,pro_nombre_corto=@@@CILANTRO@@@,med_id=@@@1@@@,emb_id=@@@3@@@,pro_unidades_embalaje=@@@0@@@,dep_id=@@@18 @@@,lin_id=@@@98@@@,mar_id=@@@2507@@@,pro_precio_compra_neto=@@@0@@@,pro_precio_compra_bruto=@@@208.3@@@,pro_precio_venta=@@@330@@@,pro_margen_actual=@@@58.43@@@,pro_oferta=@@@NO@@@,pro_fecha_inicio_oferta=@@@2013.05.09@@@,pro_fecha_termino_oferta=@@@2013.05.09@@@,pro_precio_oferta=@@@0@@@,pro_stock_minimo=@@@0@@@,pro_stock_critico=@@@0@@@,pro_activo=@@@1@@@,pro_unidad=@@@0@@@,pro_precio_compra_bruto=208.3,pro_margen_actual=58.43,pro_capacidad=1,pro_funcion_plu=0,pro_flejes=1,pro_iva=1,pro_plu_asociado=0,pro_envase=@@@NO@@@,pro_duracion=0,pro_numero_etiqueta=0 WHERE pro_codigo_plu=@@@597@@@','',2,'2013-08-05'),(47901,'UPDATE mae_productos SET pro_estado=1 WHERE pro_codigo_plu=597','',2,'2013-08-05'),(47902,'DELETE FROM mae_impuestos_productos WHERE pro_codigo_plu=@@@597@@@','',2,'2013-08-05'),(47903,'UPDATE mae_productos SET pro_codigo_barra=@@@517@@@,pro_tipo=@@@0@@@,pro_nombre_producto=@@@CILANTRO X 1 UND@@@,pro_nombre_corto=@@@CILANTRO X 1 UND@@@,med_id=@@@1@@@,emb_id=@@@9@@@,pro_unidades_embalaje=@@@1@@@,dep_id=@@@18 @@@,lin_id=@@@98@@@,mar_id=@@@2507@@@,pro_precio_compra_neto=@@@0@@@,pro_precio_compra_bruto=@@@208.3@@@,pro_precio_venta=@@@330@@@,pro_margen_actual=@@@58.43@@@,pro_oferta=@@@NO@@@,pro_fecha_inicio_oferta=@@@1900.01.01@@@,pro_fecha_termino_oferta=@@@1900.01.01@@@,pro_precio_oferta=@@@0@@@,pro_stock_minimo=@@@1@@@,pro_stock_critico=@@@1@@@,pro_activo=@@@1@@@,pro_unidad=@@@0@@@,pro_precio_compra_bruto=208.3,pro_margen_actual=58.43,pro_capacidad=1,pro_funcion_plu=0,pro_flejes=0,pro_iva=1,pro_plu_asociado=0,pro_envase=@@@NO@@@,pro_duracion=0,pro_numero_etiqueta=0 WHERE pro_codigo_plu=@@@517@@@','',2,'2013-08-05'),(47904,'UPDATE mae_productos SET pro_estado=1 WHERE pro_codigo_plu=517','',2,'2013-08-05'),(47905,'DELETE FROM mae_impuestos_productos WHERE pro_codigo_plu=@@@517@@@','',2,'2013-08-05'),(47906,'UPDATE mae_productos SET pro_codigo_barra=@@@610@@@,pro_tipo=@@@0@@@,pro_nombre_producto=@@@SURTIDO DE VERDURAS@@@,pro_nombre_corto=@@@SURTIDO DE VERDU@@@,med_id=@@@1@@@,emb_id=@@@3@@@,pro_unidades_embalaje=@@@0@@@,dep_id=@@@18 @@@,lin_id=@@@98@@@,mar_id=@@@2507@@@,pro_precio_compra_neto=@@@0@@@,pro_precio_compra_bruto=@@@210.52@@@,pro_precio_venta=@@@350@@@,pro_margen_actual=@@@66.25@@@,pro_oferta=@@@NO@@@,pro_fecha_inicio_oferta=@@@2013.05.09@@@,pro_fecha_termino_oferta=@@@2013.05.09@@@,pro_precio_oferta=@@@0@@@,pro_stock_minimo=@@@0@@@,pro_stock_critico=@@@0@@@,pro_activo=@@@1@@@,pro_unidad=@@@0@@@,pro_precio_compra_bruto=210.52,pro_margen_actual=66.25,pro_capacidad=1,pro_funcion_plu=0,pro_flejes=1,pro_iva=1,pro_plu_asociado=0,pro_envase=@@@NO@@@,pro_duracion=0,pro_numero_etiqueta=0 WHERE pro_codigo_plu=@@@610@@@','',2,'2013-08-05'),(47907,'UPDATE mae_productos SET pro_estado=1 WHERE pro_codigo_plu=610','',2,'2013-08-05'),(47908,'DELETE FROM mae_impuestos_productos WHERE pro_codigo_plu=@@@610@@@','',2,'2013-08-05'),(47909,'INSERT INTO gne_vale_ferreteria (vfe_id,vfe_fecha,vfe_total,vfe_estado,vfe_entregado,usu_nusuario) VALUES (7127,@@@2013.08.05@@@,120,1,0,@@@b_SAEZ@@@)','',2,'2013-08-05'),(47910,'INSERT INTO gne_vale_ferreteria_mov (vfe_id,pro_codigo_plu,vfm_cantidad,vfm_unitario,vfm_total,vfm_entregado) VALUES (7127,8022,1,120,120,@@@NO@@@)','',2,'2013-08-05'),(47911,'UPDATE mae_productos SET pro_codigo_barra=@@@532@@@,pro_tipo=@@@0@@@,pro_nombre_producto=@@@LECHUGA ESCAROLA@@@,pro_nombre_corto=@@@LECHUGA ESCAROLA@@@,med_id=@@@1@@@,emb_id=@@@1@@@,pro_unidades_embalaje=@@@1@@@,dep_id=@@@18 @@@,lin_id=@@@98@@@,mar_id=@@@2507@@@,pro_precio_compra_neto=@@@0@@@,pro_precio_compra_bruto=@@@625@@@,pro_precio_venta=@@@899@@@,pro_margen_actual=@@@43.84@@@,pro_oferta=@@@NO@@@,pro_fecha_inicio_oferta=@@@1900.01.01@@@,pro_fecha_termino_oferta=@@@1900.01.01@@@,pro_precio_oferta=@@@0@@@,pro_stock_minimo=@@@10@@@,pro_stock_critico=@@@5@@@,pro_activo=@@@1@@@,pro_unidad=@@@0@@@,pro_precio_compra_bruto=625,pro_margen_actual=43.84,pro_capacidad=1,pro_funcion_plu=0,pro_flejes=1,pro_iva=1,pro_plu_asociado=0,pro_envase=@@@NO@@@,pro_duracion=0,pro_numero_etiqueta=0 WHERE pro_codigo_plu=@@@532@@@','',2,'2013-08-05'),(47912,'UPDATE mae_productos SET pro_estado=1 WHERE pro_codigo_plu=532','',2,'2013-08-05'),(47913,'DELETE FROM mae_impuestos_productos WHERE pro_codigo_plu=@@@532@@@','',2,'2013-08-05'),(47914,'UPDATE mae_productos SET pro_codigo_barra=@@@607@@@,pro_tipo=@@@0@@@,pro_nombre_producto=@@@LECHUGA SCAROLA OFERTA@@@,pro_nombre_corto=@@@LECHUGA SCAROLA@@@,med_id=@@@1@@@,emb_id=@@@6@@@,pro_unidades_embalaje=@@@18@@@,dep_id=@@@18 @@@,lin_id=@@@98@@@,mar_id=@@@2507@@@,pro_precio_compra_neto=@@@0@@@,pro_precio_compra_bruto=@@@625@@@,pro_precio_venta=@@@899@@@,pro_margen_actual=@@@43.84@@@,pro_oferta=@@@NO@@@,pro_fecha_inicio_oferta=@@@2013.05.09@@@,pro_fecha_termino_oferta=@@@2013.05.09@@@,pro_precio_oferta=@@@0@@@,pro_stock_minimo=@@@10@@@,pro_stock_critico=@@@8@@@,pro_activo=@@@1@@@,pro_unidad=@@@0@@@,pro_precio_compra_bruto=625,pro_margen_actual=43.84,pro_capacidad=1,pro_funcion_plu=0,pro_flejes=1,pro_iva=1,pro_plu_asociado=0,pro_envase=@@@NO@@@,pro_duracion=0,pro_numero_etiqueta=0 WHERE pro_codigo_plu=@@@607@@@','',2,'2013-08-05'),(47915,'UPDATE mae_productos SET pro_estado=1 WHERE pro_codigo_plu=607','',2,'2013-08-05'),(47916,'DELETE FROM mae_impuestos_productos WHERE pro_codigo_plu=@@@607@@@','',2,'2013-08-05'),(47917,'UPDATE mae_productos SET pro_precio_fiscal=pro_precio_venta WHERE pro_codigo_plu=517','',2,'2013-08-05'),(47918,'UPDATE mae_productos SET pro_precio_fiscal=pro_precio_venta WHERE pro_codigo_plu=532','',2,'2013-08-05'),(47919,'UPDATE mae_productos SET pro_precio_fiscal=pro_precio_venta WHERE pro_codigo_plu=597','',2,'2013-08-05'),(47920,'UPDATE mae_productos SET pro_precio_fiscal=pro_precio_venta WHERE pro_codigo_plu=607','',2,'2013-08-05'),(47921,'UPDATE mae_productos SET pro_precio_fiscal=pro_precio_venta WHERE pro_codigo_plu=610','',2,'2013-08-05'),(47922,'INSERT INTO gne_vale_ferreteria (vfe_id,vfe_fecha,vfe_total,vfe_estado,vfe_entregado,usu_nusuario) VALUES (7128,@@@2013.08.05@@@,930,1,0,@@@b_SAEZ@@@)','',2,'2013-08-05'),(47923,'INSERT INTO gne_vale_ferreteria_mov (vfe_id,pro_codigo_plu,vfm_cantidad,vfm_unitario,vfm_total,vfm_entregado) VALUES (7128,780721428,1,750,750,@@@NO@@@)','',2,'2013-08-05'),(47924,'INSERT INTO gne_vale_ferreteria_mov (vfe_id,pro_codigo_plu,vfm_cantidad,vfm_unitario,vfm_total,vfm_entregado) VALUES (7128,15745,1,180,180,@@@NO@@@)','',2,'2013-08-05'),(47925,'UPDATE mae_productos SET pro_codigo_barra=@@@586@@@,pro_tipo=@@@0@@@,pro_nombre_producto=@@@UVA RED GLOVE@@@,pro_nombre_corto=@@@UVA RED GLOVE@@@,med_id=@@@1@@@,emb_id=@@@1@@@,pro_unidades_embalaje=@@@1@@@,dep_id=@@@18 @@@,lin_id=@@@97@@@,mar_id=@@@2507@@@,pro_precio_compra_neto=@@@0@@@,pro_precio_compra_bruto=@@@0@@@,pro_precio_venta=@@@1250@@@,pro_margen_actual=@@@0@@@,pro_oferta=@@@NO@@@,pro_fecha_inicio_oferta=@@@1900.01.01@@@,pro_fecha_termino_oferta=@@@1900.01.01@@@,pro_precio_oferta=@@@0@@@,pro_stock_minimo=@@@5@@@,pro_stock_critico=@@@3@@@,pro_activo=@@@1@@@,pro_unidad=@@@0@@@,pro_precio_compra_bruto=0,pro_margen_actual=0,pro_capacidad=1,pro_funcion_plu=0,pro_flejes=0,pro_iva=1,pro_plu_asociado=0,pro_envase=@@@NO@@@,pro_duracion=0,pro_numero_etiqueta=0 WHERE pro_codigo_plu=@@@586@@@','',2,'2013-08-05'),(47926,'UPDATE mae_productos SET pro_estado=1 WHERE pro_codigo_plu=586','',2,'2013-08-05'),(47927,'DELETE FROM mae_impuestos_productos WHERE pro_codigo_plu=@@@586@@@','',2,'2013-08-05'),(47928,'UPDATE mae_productos SET pro_precio_fiscal=pro_precio_venta WHERE pro_codigo_plu=586','',2,'2013-08-05'),(47929,'INSERT INTO gne_vale_ferreteria (vfe_id,vfe_fecha,vfe_total,vfe_estado,vfe_entregado,usu_nusuario) VALUES (7129,@@@2013.08.05@@@,590,1,0,@@@b_SAEZ@@@)','',2,'2013-08-05'),(47930,'INSERT INTO gne_vale_ferreteria_mov (vfe_id,pro_codigo_plu,vfm_cantidad,vfm_unitario,vfm_total,vfm_entregado) VALUES (7129,780721516,1,590,590,@@@NO@@@)','',2,'2013-08-05'),(47931,'INSERT INTO mae_productos (pro_codigo_plu,pro_codigo_barra,pro_tipo,pro_nombre_producto,pro_nombre_corto,med_id,emb_id,pro_unidades_embalaje,dep_id,lin_id,mar_id,pro_precio_compra_neto,pro_precio_compra_bruto,pro_precio_venta,pro_margen_actual,pro_oferta,pro_fecha_inicio_oferta,pro_fecha_termino_oferta,pro_precio_oferta,pro_stock_minimo,pro_stock_critico,pro_entradas_bodega,pro_salidas_bodega,pro_mermas_bodega,pro_ajustes_bodega,pro_entradas_sv,pro_salidas_sv,pro_mermas_sv,pro_ajustes_sv,pro_activo,rec_numero,pro_unidad,pro_capacidad,pro_consumo_bodega,pro_consumo_sv,pro_estado,pro_funcion_plu,pro_flejes,pro_iva,pro_plu_asociado,pro_envase,pro_duracion,pro_numero_etiqueta) VALUES (780721603,@@@7802955004972@@@,@@@0@@@,@@@YOGHURT GRIEGO TROZOS DE FRUTILLA 110G@@@,@@@YOGHURT GRIEGO T@@@,@@@5 @@@,@@@6 @@@,@@@4@@@,@@@3 @@@,@@@50@@@,@@@2286@@@,@@@0@@@,@@@200@@@,@@@250@@@,@@@25@@@,@@@@@@,@@@2013.08.05@@@,@@@2013.08.05@@@,@@@0@@@,@@@4@@@,@@@1@@@,@@@0@@@,@@@0@@@,@@@0@@@,@@@0@@@,@@@0@@@,@@@0@@@,@@@0@@@,@@@0@@@,@@@1@@@,@@@0@@@,0,110,0,0,2,0,1,1,0,@@@NO@@@,0,0)','',2,'2013-08-05'),(47932,'DELETE FROM mae_impuestos_productos WHERE pro_codigo_plu=@@@780721603@@@','',2,'2013-08-05'),(47933,'INSERT INTO gne_vale_ferreteria (vfe_id,vfe_fecha,vfe_total,vfe_estado,vfe_entregado,usu_nusuario) VALUES (7130,@@@2013.08.05@@@,200,1,0,@@@b_SAEZ@@@)','',2,'2013-08-05'),(47934,'INSERT INTO gne_vale_ferreteria_mov (vfe_id,pro_codigo_plu,vfm_cantidad,vfm_unitario,vfm_total,vfm_entregado) VALUES (7130,2011,1,200,200,@@@NO@@@)','',2,'2013-08-05'),(47935,'INSERT INTO gne_vale_ferreteria (vfe_id,vfe_fecha,vfe_total,vfe_estado,vfe_entregado,usu_nusuario) VALUES (7131,@@@2013.08.05@@@,1050,1,0,@@@b_SAEZ@@@)','',2,'2013-08-05'),(47936,'INSERT INTO gne_vale_ferreteria_mov (vfe_id,pro_codigo_plu,vfm_cantidad,vfm_unitario,vfm_total,vfm_entregado) VALUES (7131,78017206,1,1050,1050,@@@NO@@@)','',2,'2013-08-05'),(47937,'INSERT INTO gne_vale_ferreteria (vfe_id,vfe_fecha,vfe_total,vfe_estado,vfe_entregado,usu_nusuario) VALUES (7132,@@@2013.08.05@@@,600,1,0,@@@b_SAEZ@@@)','',2,'2013-08-05'),(47938,'INSERT INTO gne_vale_ferreteria_mov (vfe_id,pro_codigo_plu,vfm_cantidad,vfm_unitario,vfm_total,vfm_entregado) VALUES (7132,780220093,1,350,350,@@@NO@@@)','',2,'2013-08-05'),(47939,'INSERT INTO gne_vale_ferreteria_mov (vfe_id,pro_codigo_plu,vfm_cantidad,vfm_unitario,vfm_total,vfm_entregado) VALUES (7132,770000,5,50,250,@@@NO@@@)','',2,'2013-08-05'),(47940,'INSERT INTO gne_vale_ferreteria (vfe_id,vfe_fecha,vfe_total,vfe_estado,vfe_entregado,usu_nusuario) VALUES (7133,@@@2013.08.05@@@,160,1,0,@@@b_SAEZ@@@)','',2,'2013-08-05'),(47941,'INSERT INTO gne_vale_ferreteria_mov (vfe_id,pro_codigo_plu,vfm_cantidad,vfm_unitario,vfm_total,vfm_entregado) VALUES (7133,16430,1,160,160,@@@NO@@@)','',2,'2013-08-05'),(47942,'INSERT INTO gne_vale_ferreteria (vfe_id,vfe_fecha,vfe_total,vfe_estado,vfe_entregado,usu_nusuario) VALUES (7134,@@@2013.08.05@@@,550,1,0,@@@b_SAEZ@@@)','',2,'2013-08-05'),(47943,'INSERT INTO gne_vale_ferreteria_mov (vfe_id,pro_codigo_plu,vfm_cantidad,vfm_unitario,vfm_total,vfm_entregado) VALUES (7134,763582,1,550,550,@@@NO@@@)','',2,'2013-08-05'),(47944,'UPDATE mae_productos SET pro_codigo_barra=@@@110@@@,pro_tipo=@@@0@@@,pro_nombre_producto=@@@OSOBUCO PAVO@@@,pro_nombre_corto=@@@OSOBUCO PAVO@@@,med_id=@@@2@@@,emb_id=@@@1@@@,pro_unidades_embalaje=@@@1@@@,dep_id=@@@9 @@@,lin_id=@@@66@@@,mar_id=@@@2507@@@,pro_precio_compra_neto=@@@0@@@,pro_precio_compra_bruto=@@@0@@@,pro_precio_venta=@@@1790@@@,pro_margen_actual=@@@0@@@,pro_oferta=@@@NO@@@,pro_fecha_inicio_oferta=@@@1900.01.01@@@,pro_fecha_termino_oferta=@@@1900.01.01@@@,pro_precio_oferta=@@@0@@@,pro_stock_minimo=@@@15@@@,pro_stock_critico=@@@5@@@,pro_activo=@@@1@@@,pro_unidad=@@@1@@@,pro_precio_compra_bruto=0,pro_margen_actual=0,pro_capacidad=1,pro_funcion_plu=1,pro_flejes=1,pro_iva=1,pro_plu_asociado=0,pro_envase=@@@NO@@@,pro_duracion=0,pro_numero_etiqueta=1 WHERE pro_codigo_plu=@@@110@@@','',2,'2013-08-05'),(47945,'UPDATE mae_productos SET pro_estado=1 WHERE pro_codigo_plu=110','',2,'2013-08-05'),(47946,'DELETE FROM mae_impuestos_productos WHERE pro_codigo_plu=@@@110@@@','',2,'2013-08-05'),(47947,'UPDATE mae_productos SET pro_precio_venta=2100,pro_margen_actual=47.06, pro_precio_compra_bruto=1428, pro_precio_compra_neto=1200 WHERE pro_codigo_plu=109','',2,'2013-08-05'),(47948,'UPDATE mae_productos SET pro_precio_venta=350,pro_margen_actual=40.06, pro_precio_compra_bruto=249.9, pro_precio_compra_neto=210 WHERE pro_codigo_plu=19674','',2,'2013-08-05'),(47949,'UPDATE mae_productos SET pro_precio_venta=999,pro_margen_actual=39.92, pro_precio_compra_bruto=714, pro_precio_compra_neto=600 WHERE pro_codigo_plu=19667','',2,'2013-08-05'),(47950,'UPDATE mae_productos SET pro_precio_venta=999,pro_margen_actual=39.92, pro_precio_compra_bruto=714, pro_precio_compra_neto=600 WHERE pro_codigo_plu=19672','',2,'2013-08-05'),(47951,'UPDATE mae_productos SET pro_precio_venta=1790,pro_margen_actual=43.26, pro_precio_compra_bruto=1249.5, pro_precio_compra_neto=1050 WHERE pro_codigo_plu=128','',2,'2013-08-05'),(47952,'UPDATE mae_productos SET pro_precio_venta=1599,pro_margen_actual=49.3, pro_precio_compra_bruto=1071, pro_precio_compra_neto=900 WHERE pro_codigo_plu=110','',2,'2013-08-05'),(47953,'UPDATE mae_productos SET pro_precio_venta=2800,pro_margen_actual=7.12, pro_precio_compra_bruto=2614, pro_precio_compra_neto=2196.63865546218 WHERE pro_codigo_plu=763451','',2,'2013-08-05'),(47954,'UPDATE mae_productos SET pro_precio_venta=1400,pro_margen_actual=7.11, pro_precio_compra_bruto=1307.03, pro_precio_compra_neto=1098.34453781513 WHERE pro_codigo_plu=763450','',2,'2013-08-05'),(47955,'UPDATE mae_productos SET pro_precio_venta=2700,pro_margen_actual=7.11, pro_precio_compra_bruto=2520.7, pro_precio_compra_neto=2118.23529411765 WHERE pro_codigo_plu=764103','',2,'2013-08-05'),(47956,'UPDATE mae_productos SET pro_precio_compra_bruto=2083,pro_margen_actual=(pro_precio_venta-2083)/2083 * 100,pro_ultima_compra=@@@2013.08.05@@@,pro_ultimo_proveedor=@@@88502900-0@@@ WHERE pro_codigo_plu=21197','',2,'2013-08-05'),(47957,'UPDATE mae_productos SET pro_precio_compra_bruto=2083,pro_margen_actual=(pro_precio_venta-2083)/2083 * 100,pro_ultima_compra=@@@2013.08.05@@@,pro_ultimo_proveedor=@@@88502900-0@@@ WHERE pro_codigo_plu=21198','',2,'2013-08-05'),(47958,'UPDATE mae_productos SET pro_precio_compra_bruto=2614,pro_margen_actual=(pro_precio_venta-2614)/2614 * 100,pro_ultima_compra=@@@2013.08.05@@@,pro_ultimo_proveedor=@@@88502900-0@@@ WHERE pro_codigo_plu=763451','',2,'2013-08-05'),(47959,'UPDATE mae_productos SET pro_precio_compra_bruto=1237.1,pro_margen_actual=(pro_precio_venta-1237.1)/1237.1 * 100,pro_ultima_compra=@@@2013.08.05@@@,pro_ultimo_proveedor=@@@88502900-0@@@ WHERE pro_codigo_plu=78017159','',2,'2013-08-05'),(47960,'UPDATE mae_productos SET pro_precio_compra_bruto=2427.3,pro_margen_actual=(pro_precio_venta-2427.3)/2427.3 * 100,pro_ultima_compra=@@@2013.08.05@@@,pro_ultimo_proveedor=@@@88502900-0@@@ WHERE pro_codigo_plu=78017052','',2,'2013-08-05'),(47961,'UPDATE mae_productos SET pro_precio_compra_bruto=2053.9,pro_margen_actual=(pro_precio_venta-2053.9)/2053.9 * 100,pro_ultima_compra=@@@2013.08.05@@@,pro_ultimo_proveedor=@@@88502900-0@@@ WHERE pro_codigo_plu=764110','',2,'2013-08-05'),(47962,'UPDATE mae_productos SET pro_precio_compra_bruto=1307.03,pro_margen_actual=(pro_precio_venta-1307.03)/1307.03 * 100,pro_ultima_compra=@@@2013.08.05@@@,pro_ultimo_proveedor=@@@88502900-0@@@ WHERE pro_codigo_plu=763450','',2,'2013-08-05'),(47963,'UPDATE mae_productos SET pro_precio_compra_bruto=1415.3,pro_margen_actual=(pro_precio_venta-1415.3)/1415.3 * 100,pro_ultima_compra=@@@2013.08.05@@@,pro_ultimo_proveedor=@@@88502900-0@@@ WHERE pro_codigo_plu=21207','',2,'2013-08-05'),(47964,'UPDATE mae_productos SET pro_precio_compra_bruto=849,pro_margen_actual=(pro_precio_venta-849)/849 * 100,pro_ultima_compra=@@@2013.08.05@@@,pro_ultimo_proveedor=@@@88502900-0@@@ WHERE pro_codigo_plu=764104','',2,'2013-08-05'),(47965,'UPDATE mae_productos SET pro_precio_compra_bruto=943.5,pro_margen_actual=(pro_precio_venta-943.5)/943.5 * 100,pro_ultima_compra=@@@2013.08.05@@@,pro_ultimo_proveedor=@@@88502900-0@@@ WHERE pro_codigo_plu=764108','',2,'2013-08-05'),(47966,'UPDATE mae_productos SET pro_precio_compra_bruto=1415.3,pro_margen_actual=(pro_precio_venta-1415.3)/1415.3 * 100,pro_ultima_compra=@@@2013.08.05@@@,pro_ultimo_proveedor=@@@88502900-0@@@ WHERE pro_codigo_plu=764106','',2,'2013-08-05'),(47967,'UPDATE mae_productos SET pro_precio_compra_bruto=1414.996,pro_margen_actual=(pro_precio_venta-1414.996)/1414.996 * 100,pro_ultima_compra=@@@2013.08.05@@@,pro_ultimo_proveedor=@@@88502900-0@@@ WHERE pro_codigo_plu=780721308','',2,'2013-08-05'),(47968,'UPDATE mae_productos SET pro_precio_compra_bruto=2520.7,pro_margen_actual=(pro_precio_venta-2520.7)/2520.7 * 100,pro_ultima_compra=@@@2013.08.05@@@,pro_ultimo_proveedor=@@@88502900-0@@@ WHERE pro_codigo_plu=764103','',2,'2013-08-05'),(47969,'UPDATE mae_productos SET pro_precio_compra_bruto=1136.2,pro_margen_actual=(pro_precio_venta-1136.2)/1136.2 * 100,pro_ultima_compra=@@@2013.08.05@@@,pro_ultimo_proveedor=@@@88502900-0@@@ WHERE pro_codigo_plu=21194','',2,'2013-08-05'),(47970,'UPDATE mae_productos SET pro_precio_compra_bruto=2272.4,pro_margen_actual=(pro_precio_venta-2272.4)/2272.4 * 100,pro_ultima_compra=@@@2013.08.05@@@,pro_ultimo_proveedor=@@@88502900-0@@@ WHERE pro_codigo_plu=764428','',2,'2013-08-05'),(47971,'UPDATE mae_productos SET pro_precio_compra_bruto=943.5,pro_margen_actual=(pro_precio_venta-943.5)/943.5 * 100,pro_ultima_compra=@@@2013.08.05@@@,pro_ultimo_proveedor=@@@88502900-0@@@ WHERE pro_codigo_plu=764116','',2,'2013-08-05'),(47972,'UPDATE mae_productos SET pro_precio_compra_bruto=1428,pro_margen_actual=(pro_precio_venta-1428)/1428 * 100,pro_ultima_compra=@@@2013.08.05@@@,pro_ultimo_proveedor=@@@79984240-8@@@ WHERE pro_codigo_plu=109','',2,'2013-08-05'),(47973,'UPDATE mae_productos SET pro_precio_compra_bruto=249.9,pro_margen_actual=(pro_precio_venta-249.9)/249.9 * 100,pro_ultima_compra=@@@2013.08.05@@@,pro_ultimo_proveedor=@@@79984240-8@@@ WHERE pro_codigo_plu=19681','',2,'2013-08-05'),(47974,'UPDATE mae_productos SET pro_precio_compra_bruto=249.9,pro_margen_actual=(pro_precio_venta-249.9)/249.9 * 100,pro_ultima_compra=@@@2013.08.05@@@,pro_ultimo_proveedor=@@@79984240-8@@@ WHERE pro_codigo_plu=19677','',2,'2013-08-05'),(47975,'UPDATE mae_productos SET pro_precio_compra_bruto=249.9,pro_margen_actual=(pro_precio_venta-249.9)/249.9 * 100,pro_ultima_compra=@@@2013.08.05@@@,pro_ultimo_proveedor=@@@79984240-8@@@ WHERE pro_codigo_plu=19674','',2,'2013-08-05'),(47976,'UPDATE mae_productos SET pro_precio_compra_bruto=714,pro_margen_actual=(pro_precio_venta-714)/714 * 100,pro_ultima_compra=@@@2013.08.05@@@,pro_ultimo_proveedor=@@@79984240-8@@@ WHERE pro_codigo_plu=19667','',2,'2013-08-05'),(47977,'UPDATE mae_productos SET pro_precio_compra_bruto=714,pro_margen_actual=(pro_precio_venta-714)/714 * 100,pro_ultima_compra=@@@2013.08.05@@@,pro_ultimo_proveedor=@@@79984240-8@@@ WHERE pro_codigo_plu=19672','',2,'2013-08-05'),(47978,'UPDATE mae_productos SET pro_precio_compra_bruto=249.9,pro_margen_actual=(pro_precio_venta-249.9)/249.9 * 100,pro_ultima_compra=@@@2013.08.05@@@,pro_ultimo_proveedor=@@@79984240-8@@@ WHERE pro_codigo_plu=11116','',2,'2013-08-05'),(47979,'UPDATE mae_productos SET pro_precio_compra_bruto=416.5,pro_margen_actual=(pro_precio_venta-416.5)/416.5 * 100,pro_ultima_compra=@@@2013.08.05@@@,pro_ultimo_proveedor=@@@79984240-8@@@ WHERE pro_codigo_plu=105','',2,'2013-08-05'),(47980,'UPDATE mae_productos SET pro_precio_compra_bruto=1249.5,pro_margen_actual=(pro_precio_venta-1249.5)/1249.5 * 100,pro_ultima_compra=@@@2013.08.05@@@,pro_ultimo_proveedor=@@@79984240-8@@@ WHERE pro_codigo_plu=128','',2,'2013-08-05'),(47981,'UPDATE mae_productos SET pro_precio_compra_bruto=464.1,pro_margen_actual=(pro_precio_venta-464.1)/464.1 * 100,pro_ultima_compra=@@@2013.08.05@@@,pro_ultimo_proveedor=@@@79984240-8@@@ WHERE pro_codigo_plu=111','',2,'2013-08-05'),(47982,'UPDATE mae_productos SET pro_precio_compra_bruto=1309,pro_margen_actual=(pro_precio_venta-1309)/1309 * 100,pro_ultima_compra=@@@2013.08.05@@@,pro_ultimo_proveedor=@@@79984240-8@@@ WHERE pro_codigo_plu=102','',2,'2013-08-05'),(47983,'UPDATE mae_productos SET pro_precio_compra_bruto=1071,pro_margen_actual=(pro_precio_venta-1071)/1071 * 100,pro_ultima_compra=@@@2013.08.05@@@,pro_ultimo_proveedor=@@@79984240-8@@@ WHERE pro_codigo_plu=110','',2,'2013-08-05'),(47984,'INSERT INTO gne_vale_ferreteria (vfe_id,vfe_fecha,vfe_total,vfe_estado,vfe_entregado,usu_nusuario) VALUES (7135,@@@2013.08.05@@@,2490,1,0,@@@b_SAEZ@@@)','',2,'2013-08-05'),(47985,'INSERT INTO gne_vale_ferreteria_mov (vfe_id,pro_codigo_plu,vfm_cantidad,vfm_unitario,vfm_total,vfm_entregado) VALUES (7135,1467,1,2490,2490,@@@NO@@@)','',2,'2013-08-05'),(47986,'INSERT INTO gne_vale_ferreteria (vfe_id,vfe_fecha,vfe_total,vfe_estado,vfe_entregado,usu_nusuario) VALUES (7136,@@@2013.08.05@@@,850,1,0,@@@b_SAEZ@@@)','',2,'2013-08-05'),(47987,'INSERT INTO gne_vale_ferreteria_mov (vfe_id,pro_codigo_plu,vfm_cantidad,vfm_unitario,vfm_total,vfm_entregado) VALUES (7136,780721425,1,850,850,@@@NO@@@)','',2,'2013-08-05'),(47988,'INSERT INTO gne_vale_ferreteria (vfe_id,vfe_fecha,vfe_total,vfe_estado,vfe_entregado,usu_nusuario) VALUES (7137,@@@2013.08.05@@@,690,1,0,@@@b_SAEZ@@@)','',2,'2013-08-05'),(47989,'INSERT INTO gne_vale_ferreteria_mov (vfe_id,pro_codigo_plu,vfm_cantidad,vfm_unitario,vfm_total,vfm_entregado) VALUES (7137,1050,1,690,690,@@@NO@@@)','',2,'2013-08-05'),(47990,'UPDATE mae_productos SET pro_precio_venta=630,pro_margen_actual=31.69, pro_precio_compra_bruto=478.38, pro_precio_compra_neto=402 WHERE pro_codigo_plu=10814','',2,'2013-08-05'),(47991,'UPDATE mae_productos SET pro_precio_venta=1830,pro_margen_actual=30.77, pro_precio_compra_bruto=1399.44, pro_precio_compra_neto=1176 WHERE pro_codigo_plu=10005','',2,'2013-08-05'),(47992,'UPDATE mae_productos SET pro_precio_venta=999,pro_margen_actual=41.33, pro_precio_compra_bruto=706.86, pro_precio_compra_neto=594 WHERE pro_codigo_plu=19155','',2,'2013-08-05'),(47993,'UPDATE mae_productos SET pro_precio_compra_bruto=765.17,pro_margen_actual=(pro_precio_venta-765.17)/765.17 * 100,pro_ultima_compra=@@@2013.08.05@@@,pro_ultimo_proveedor=@@@96565260-4@@@ WHERE pro_codigo_plu=10007','',2,'2013-08-05'),(47994,'UPDATE mae_productos SET pro_precio_compra_bruto=379.61,pro_margen_actual=(pro_precio_venta-379.61)/379.61 * 100,pro_ultima_compra=@@@2013.08.05@@@,pro_ultimo_proveedor=@@@96565260-4@@@ WHERE pro_codigo_plu=10061','',2,'2013-08-05'),(47995,'UPDATE mae_productos SET pro_precio_compra_bruto=478.38,pro_margen_actual=(pro_precio_venta-478.38)/478.38 * 100,pro_ultima_compra=@@@2013.08.05@@@,pro_ultimo_proveedor=@@@96565260-4@@@ WHERE pro_codigo_plu=10814','',2,'2013-08-05'),(47996,'UPDATE mae_productos SET pro_precio_compra_bruto=1399.44,pro_margen_actual=(pro_precio_venta-1399.44)/1399.44 * 100,pro_ultima_compra=@@@2013.08.05@@@,pro_ultimo_proveedor=@@@96565260-4@@@ WHERE pro_codigo_plu=10005','',2,'2013-08-05'),(47997,'UPDATE mae_productos SET pro_precio_compra_bruto=706.86,pro_margen_actual=(pro_precio_venta-706.86)/706.86 * 100,pro_ultima_compra=@@@2013.08.05@@@,pro_ultimo_proveedor=@@@96565260-4@@@ WHERE pro_codigo_plu=19155','',2,'2013-08-05'),(47998,'UPDATE mae_productos SET pro_precio_compra_bruto=950.81,pro_margen_actual=(pro_precio_venta-950.81)/950.81 * 100,pro_ultima_compra=@@@2013.08.05@@@,pro_ultimo_proveedor=@@@96565260-4@@@ WHERE pro_codigo_plu=102653','',2,'2013-08-05'),(47999,'UPDATE mae_productos SET pro_precio_compra_bruto=317.92,pro_margen_actual=(pro_precio_venta-317.92)/317.92 * 100,pro_ultima_compra=@@@2013.08.05@@@,pro_ultimo_proveedor=@@@96565260-4@@@ WHERE pro_codigo_plu=13627','',2,'2013-08-05'),(48000,'UPDATE mae_productos SET pro_precio_fiscal=pro_precio_venta WHERE pro_codigo_plu=109','',2,'2013-08-05'),(48001,'UPDATE mae_productos SET pro_precio_fiscal=pro_precio_venta WHERE pro_codigo_plu=110','',2,'2013-08-05'),(48002,'UPDATE mae_productos SET pro_precio_fiscal=pro_precio_venta WHERE pro_codigo_plu=128','',2,'2013-08-05'),(48003,'UPDATE mae_productos SET pro_precio_fiscal=pro_precio_venta WHERE pro_codigo_plu=763451','',2,'2013-08-05'),(48004,'UPDATE mae_productos SET pro_precio_fiscal=pro_precio_venta WHERE pro_codigo_plu=19667','',2,'2013-08-05'),(48005,'UPDATE mae_productos SET pro_precio_fiscal=pro_precio_venta WHERE pro_codigo_plu=19674','',2,'2013-08-05'),(48006,'UPDATE mae_productos SET pro_precio_fiscal=pro_precio_venta WHERE pro_codigo_plu=19672','',2,'2013-08-05'),(48007,'UPDATE mae_productos SET pro_precio_fiscal=pro_precio_venta WHERE pro_codigo_plu=10005','',2,'2013-08-05'),(48008,'UPDATE mae_productos SET pro_precio_fiscal=pro_precio_venta WHERE pro_codigo_plu=19155','',2,'2013-08-05'),(48009,'UPDATE mae_productos SET pro_precio_fiscal=pro_precio_venta WHERE pro_codigo_plu=764103','',2,'2013-08-05'),(48010,'UPDATE mae_productos SET pro_precio_fiscal=pro_precio_venta WHERE pro_codigo_plu=763450','',2,'2013-08-05'),(48011,'UPDATE mae_productos SET pro_precio_fiscal=pro_precio_venta WHERE pro_codigo_plu=10814','',2,'2013-08-05'),(48012,'UPDATE mae_productos SET pro_precio_fiscal=pro_precio_venta WHERE pro_codigo_plu=780721603','',2,'2013-08-05'),(48013,'INSERT INTO mae_productos (pro_codigo_plu,pro_codigo_barra,pro_tipo,pro_nombre_producto,pro_nombre_corto,med_id,emb_id,pro_unidades_embalaje,dep_id,lin_id,mar_id,pro_precio_compra_neto,pro_precio_compra_bruto,pro_precio_venta,pro_margen_actual,pro_oferta,pro_fecha_inicio_oferta,pro_fecha_termino_oferta,pro_precio_oferta,pro_stock_minimo,pro_stock_critico,pro_entradas_bodega,pro_salidas_bodega,pro_mermas_bodega,pro_ajustes_bodega,pro_entradas_sv,pro_salidas_sv,pro_mermas_sv,pro_ajustes_sv,pro_activo,rec_numero,pro_unidad,pro_capacidad,pro_consumo_bodega,pro_consumo_sv,pro_estado,pro_funcion_plu,pro_flejes,pro_iva,pro_plu_asociado,pro_envase,pro_duracion,pro_numero_etiqueta) VALUES (780721604,@@@7802130001024@@@,@@@0@@@,@@@BECKER 3 LATAS DE 710 C.C@@@,@@@BECKER 3 LATAS D@@@,@@@6 @@@,@@@3 @@@,@@@0@@@,@@@7 @@@,@@@231@@@,@@@856@@@,@@@0@@@,@@@1@@@,@@@1@@@,@@@0@@@,@@@@@@,@@@2006.09.07@@@,@@@2006.09.07@@@,@@@0@@@,@@@12@@@,@@@6@@@,@@@0@@@,@@@0@@@,@@@0@@@,@@@0@@@,@@@0@@@,@@@0@@@,@@@0@@@,@@@0@@@,@@@1@@@,@@@0@@@,0,710,0,0,2,0,1,1,0,@@@NO@@@,0,0)','',2,'2013-08-05'),(48014,'DELETE FROM mae_impuestos_productos WHERE pro_codigo_plu=@@@780721604@@@','',2,'2013-08-05'),(48015,'INSERT INTO gne_vale_ferreteria (vfe_id,vfe_fecha,vfe_total,vfe_estado,vfe_entregado,usu_nusuario) VALUES (7138,@@@2013.08.05@@@,2890,1,0,@@@b_SAEZ@@@)','',2,'2013-08-05'),(48016,'INSERT INTO gne_vale_ferreteria_mov (vfe_id,pro_codigo_plu,vfm_cantidad,vfm_unitario,vfm_total,vfm_entregado) VALUES (7138,780721481,1,2890,2890,@@@NO@@@)','',2,'2013-08-05'),(48017,'UPDATE mae_productos SET pro_codigo_barra=@@@7802130000560@@@,pro_tipo=@@@0@@@,pro_nombre_producto=@@@CERVEZA STELLA ARTOIS 1 LT DESECHABLE@@@,pro_nombre_corto=@@@CERVEZA STELLA A@@@,med_id=@@@3@@@,emb_id=@@@4@@@,pro_unidades_embalaje=@@@6@@@,dep_id=@@@7 @@@,lin_id=@@@231@@@,mar_id=@@@1266@@@,pro_precio_compra_neto=@@@0@@@,pro_precio_compra_bruto=@@@1@@@,pro_precio_venta=@@@1@@@,pro_margen_actual=@@@0@@@,pro_oferta=@@@NO@@@,pro_fecha_inicio_oferta=@@@2009.10.22@@@,pro_fecha_termino_oferta=@@@2009.10.22@@@,pro_precio_oferta=@@@0@@@,pro_stock_minimo=@@@6@@@,pro_stock_critico=@@@3@@@,pro_activo=@@@1@@@,pro_unidad=@@@0@@@,pro_precio_compra_bruto=1,pro_margen_actual=0,pro_capacidad=1,pro_funcion_plu=0,pro_flejes=1,pro_iva=1,pro_plu_asociado=0,pro_envase=@@@NO@@@,pro_duracion=0,pro_numero_etiqueta=0 WHERE pro_codigo_plu=@@@761731@@@','',2,'2013-08-05'),(48018,'UPDATE mae_productos SET pro_estado=1 WHERE pro_codigo_plu=761731','',2,'2013-08-05'),(48019,'DELETE FROM mae_impuestos_productos WHERE pro_codigo_plu=@@@761731@@@','',2,'2013-08-05'),(48020,'INSERT INTO gne_vale_ferreteria (vfe_id,vfe_fecha,vfe_total,vfe_estado,vfe_entregado,usu_nusuario) VALUES (7139,@@@2013.08.05@@@,1990,1,0,@@@b_SAEZ@@@)','',2,'2013-08-05'),(48021,'INSERT INTO gne_vale_ferreteria_mov (vfe_id,pro_codigo_plu,vfm_cantidad,vfm_unitario,vfm_total,vfm_entregado) VALUES (7139,101856,1,1990,1990,@@@NO@@@)','',2,'2013-08-05'),(48022,'INSERT INTO gne_vale_ferreteria (vfe_id,vfe_fecha,vfe_total,vfe_estado,vfe_entregado,usu_nusuario) VALUES (7140,@@@2013.08.05@@@,1550,1,0,@@@b_SAEZ@@@)','',2,'2013-08-05'),(48023,'INSERT INTO gne_vale_ferreteria_mov (vfe_id,pro_codigo_plu,vfm_cantidad,vfm_unitario,vfm_total,vfm_entregado) VALUES (7140,763672,1,1550,1550,@@@NO@@@)','',2,'2013-08-05'),(48024,'INSERT INTO gne_vale_ferreteria (vfe_id,vfe_fecha,vfe_total,vfe_estado,vfe_entregado,usu_nusuario) VALUES (7141,@@@2013.08.05@@@,440,1,0,@@@b_SAEZ@@@)','',2,'2013-08-05'),(48025,'INSERT INTO gne_vale_ferreteria_mov (vfe_id,pro_codigo_plu,vfm_cantidad,vfm_unitario,vfm_total,vfm_entregado) VALUES (7141,8022,1,120,120,@@@NO@@@)','',2,'2013-08-05'),(48026,'INSERT INTO gne_vale_ferreteria_mov (vfe_id,pro_codigo_plu,vfm_cantidad,vfm_unitario,vfm_total,vfm_entregado) VALUES (7141,16430,2,160,320,@@@NO@@@)','',2,'2013-08-05'),(48027,'UPDATE mae_productos SET pro_precio_venta=1250,pro_margen_actual=25.72, pro_precio_compra_bruto=994.26, pro_precio_compra_neto=835.512605042017 WHERE pro_codigo_plu=18126','',2,'2013-08-05'),(48028,'UPDATE mae_productos SET pro_precio_venta=800,pro_margen_actual=31.64, pro_precio_compra_bruto=607.71, pro_precio_compra_neto=510.680672268908 WHERE pro_codigo_plu=761921','',2,'2013-08-05'),(48029,'UPDATE mae_productos SET pro_precio_venta=1490,pro_margen_actual=29.41, pro_precio_compra_bruto=1151.42, pro_precio_compra_neto=967.579831932773 WHERE pro_codigo_plu=761731','',2,'2013-08-05'),(48030,'UPDATE mae_productos SET pro_precio_venta=1999,pro_margen_actual=21.1, pro_precio_compra_bruto=1650.68, pro_precio_compra_neto=1387.12605042017 WHERE pro_codigo_plu=780721604','',2,'2013-08-05'),(48031,'UPDATE mae_productos SET pro_precio_fiscal=pro_precio_venta WHERE pro_codigo_plu=18126','',2,'2013-08-05'),(48032,'UPDATE mae_productos SET pro_precio_fiscal=pro_precio_venta WHERE pro_codigo_plu=761921','',2,'2013-08-05'),(48033,'UPDATE mae_productos SET pro_precio_fiscal=pro_precio_venta WHERE pro_codigo_plu=761731','',2,'2013-08-05'),(48034,'UPDATE mae_productos SET pro_precio_fiscal=pro_precio_venta WHERE pro_codigo_plu=780721604','',2,'2013-08-05'),(48035,'INSERT INTO gne_vale_ferreteria (vfe_id,vfe_fecha,vfe_total,vfe_estado,vfe_entregado,usu_nusuario) VALUES (7142,@@@2013.08.05@@@,2230,1,0,@@@b_SAEZ@@@)','',2,'2013-08-05'),(48036,'INSERT INTO gne_vale_ferreteria_mov (vfe_id,pro_codigo_plu,vfm_cantidad,vfm_unitario,vfm_total,vfm_entregado) VALUES (7142,763624,1,660,660,@@@NO@@@)','',2,'2013-08-05'),(48037,'INSERT INTO gne_vale_ferreteria_mov (vfe_id,pro_codigo_plu,vfm_cantidad,vfm_unitario,vfm_total,vfm_entregado) VALUES (7142,763783,1,220,220,@@@NO@@@)','',2,'2013-08-05'),(48038,'INSERT INTO gne_vale_ferreteria_mov (vfe_id,pro_codigo_plu,vfm_cantidad,vfm_unitario,vfm_total,vfm_entregado) VALUES (7142,780721231,1,990,990,@@@NO@@@)','',2,'2013-08-05'),(48039,'INSERT INTO gne_vale_ferreteria_mov (vfe_id,pro_codigo_plu,vfm_cantidad,vfm_unitario,vfm_total,vfm_entregado) VALUES (7142,1064,1,120,120,@@@NO@@@)','',2,'2013-08-05'),(48040,'INSERT INTO gne_vale_ferreteria_mov (vfe_id,pro_codigo_plu,vfm_cantidad,vfm_unitario,vfm_total,vfm_entregado) VALUES (7142,78017016,2,120,240,@@@NO@@@)','',2,'2013-08-05'),(48041,'INSERT INTO gne_vale_ferreteria (vfe_id,vfe_fecha,vfe_total,vfe_estado,vfe_entregado,usu_nusuario) VALUES (7143,@@@2013.08.05@@@,590,1,0,@@@b_SAEZ@@@)','',2,'2013-08-05'),(48042,'INSERT INTO gne_vale_ferreteria_mov (vfe_id,pro_codigo_plu,vfm_cantidad,vfm_unitario,vfm_total,vfm_entregado) VALUES (7143,763826,1,590,590,@@@NO@@@)','',2,'2013-08-05'),(48043,'INSERT INTO gne_vale_ferreteria (vfe_id,vfe_fecha,vfe_total,vfe_estado,vfe_entregado,usu_nusuario) VALUES (7144,@@@2013.08.05@@@,780,1,0,@@@b_SAEZ@@@)','',2,'2013-08-05'),(48044,'INSERT INTO gne_vale_ferreteria_mov (vfe_id,pro_codigo_plu,vfm_cantidad,vfm_unitario,vfm_total,vfm_entregado) VALUES (7144,1535,2,390,780,@@@NO@@@)','',2,'2013-08-05'),(48045,'INSERT INTO gne_vale_ferreteria (vfe_id,vfe_fecha,vfe_total,vfe_estado,vfe_entregado,usu_nusuario) VALUES (7145,@@@2013.08.05@@@,1990,1,0,@@@b_SAEZ@@@)','',2,'2013-08-05'),(48046,'INSERT INTO gne_vale_ferreteria_mov (vfe_id,pro_codigo_plu,vfm_cantidad,vfm_unitario,vfm_total,vfm_entregado) VALUES (7145,780220125,1,1990,1990,@@@NO@@@)','',2,'2013-08-05'),(48047,'INSERT INTO gne_vale_ferreteria (vfe_id,vfe_fecha,vfe_total,vfe_estado,vfe_entregado,usu_nusuario) VALUES (7146,@@@2013.08.05@@@,1550,1,0,@@@m_martinez@@@)','',2,'2013-08-05'),(48048,'INSERT INTO gne_vale_ferreteria_mov (vfe_id,pro_codigo_plu,vfm_cantidad,vfm_unitario,vfm_total,vfm_entregado) VALUES (7146,763672,1,1550,1550,@@@NO@@@)','',2,'2013-08-05'),(48049,'INSERT INTO gne_vale_ferreteria (vfe_id,vfe_fecha,vfe_total,vfe_estado,vfe_entregado,usu_nusuario) VALUES (7147,@@@2013.08.05@@@,1890,1,0,@@@m_martinez@@@)','',2,'2013-08-05'),(48050,'INSERT INTO gne_vale_ferreteria_mov (vfe_id,pro_codigo_plu,vfm_cantidad,vfm_unitario,vfm_total,vfm_entregado) VALUES (7147,780721578,1,1890,1890,@@@NO@@@)','',2,'2013-08-05'),(48051,'INSERT INTO gne_vale_ferreteria (vfe_id,vfe_fecha,vfe_total,vfe_estado,vfe_entregado,usu_nusuario) VALUES (7148,@@@2013.08.05@@@,1020,1,0,@@@m_martinez@@@)','',2,'2013-08-05'),(48052,'INSERT INTO gne_vale_ferreteria_mov (vfe_id,pro_codigo_plu,vfm_cantidad,vfm_unitario,vfm_total,vfm_entregado) VALUES (7148,763800,1,470,470,@@@NO@@@)','',2,'2013-08-05'),(48053,'INSERT INTO gne_vale_ferreteria_mov (vfe_id,pro_codigo_plu,vfm_cantidad,vfm_unitario,vfm_total,vfm_entregado) VALUES (7148,763890,1,550,550,@@@NO@@@)','',2,'2013-08-05'),(48054,'INSERT INTO gne_vale_ferreteria (vfe_id,vfe_fecha,vfe_total,vfe_estado,vfe_entregado,usu_nusuario) VALUES (7149,@@@2013.08.05@@@,1450,1,0,@@@m_martinez@@@)','',2,'2013-08-05'),(48055,'INSERT INTO gne_vale_ferreteria_mov (vfe_id,pro_codigo_plu,vfm_cantidad,vfm_unitario,vfm_total,vfm_entregado) VALUES (7149,15668,1,1450,1450,@@@NO@@@)','',2,'2013-08-05'),(48056,'INSERT INTO gne_vale_ferreteria (vfe_id,vfe_fecha,vfe_total,vfe_estado,vfe_entregado,usu_nusuario) VALUES (7150,@@@2013.08.05@@@,4220,1,0,@@@m_martinez@@@)','',2,'2013-08-05'),(48057,'INSERT INTO gne_vale_ferreteria_mov (vfe_id,pro_codigo_plu,vfm_cantidad,vfm_unitario,vfm_total,vfm_entregado) VALUES (7150,764573,1,2990,2990,@@@NO@@@)','',2,'2013-08-05'),(48058,'INSERT INTO gne_vale_ferreteria_mov (vfe_id,pro_codigo_plu,vfm_cantidad,vfm_unitario,vfm_total,vfm_entregado) VALUES (7150,1551,1,250,250,@@@NO@@@)','',2,'2013-08-05'),(48059,'INSERT INTO gne_vale_ferreteria_mov (vfe_id,pro_codigo_plu,vfm_cantidad,vfm_unitario,vfm_total,vfm_entregado) VALUES (7150,1554,1,390,390,@@@NO@@@)','',2,'2013-08-05'),(48060,'INSERT INTO gne_vale_ferreteria_mov (vfe_id,pro_codigo_plu,vfm_cantidad,vfm_unitario,vfm_total,vfm_entregado) VALUES (7150,780721516,1,590,590,@@@NO@@@)','',2,'2013-08-05'),(48061,'INSERT INTO gne_vale_ferreteria (vfe_id,vfe_fecha,vfe_total,vfe_estado,vfe_entregado,usu_nusuario) VALUES (7151,@@@2013.08.05@@@,1890,1,0,@@@m_martinez@@@)','',2,'2013-08-05'),(48062,'INSERT INTO gne_vale_ferreteria_mov (vfe_id,pro_codigo_plu,vfm_cantidad,vfm_unitario,vfm_total,vfm_entregado) VALUES (7151,780721301,1,1890,1890,@@@NO@@@)','',2,'2013-08-05'),(48063,'INSERT INTO gne_vale_ferreteria (vfe_id,vfe_fecha,vfe_total,vfe_estado,vfe_entregado,usu_nusuario) VALUES (7152,@@@2013.08.05@@@,2690,1,0,@@@m_martinez@@@)','',2,'2013-08-05'),(48064,'INSERT INTO gne_vale_ferreteria_mov (vfe_id,pro_codigo_plu,vfm_cantidad,vfm_unitario,vfm_total,vfm_entregado) VALUES (7152,78017023,1,2690,2690,@@@NO@@@)','',2,'2013-08-05'),(48065,'INSERT INTO gne_vale_ferreteria (vfe_id,vfe_fecha,vfe_total,vfe_estado,vfe_entregado,usu_nusuario) VALUES (7153,@@@2013.08.05@@@,490,1,0,@@@m_martinez@@@)','',2,'2013-08-05'),(48066,'INSERT INTO gne_vale_ferreteria_mov (vfe_id,pro_codigo_plu,vfm_cantidad,vfm_unitario,vfm_total,vfm_entregado) VALUES (7153,78017198,1,490,490,@@@NO@@@)','',2,'2013-08-05'),(48067,'INSERT INTO gne_vale_ferreteria (vfe_id,vfe_fecha,vfe_total,vfe_estado,vfe_entregado,usu_nusuario) VALUES (7154,@@@2013.08.05@@@,200,1,0,@@@m_martinez@@@)','',2,'2013-08-05'),(48068,'INSERT INTO gne_vale_ferreteria_mov (vfe_id,pro_codigo_plu,vfm_cantidad,vfm_unitario,vfm_total,vfm_entregado) VALUES (7154,764699,1,200,200,@@@NO@@@)','',2,'2013-08-05'),(48069,'INSERT INTO gne_vale_ferreteria (vfe_id,vfe_fecha,vfe_total,vfe_estado,vfe_entregado,usu_nusuario) VALUES (7155,@@@2013.08.05@@@,120,1,0,@@@m_martinez@@@)','',2,'2013-08-05'),(48070,'INSERT INTO gne_vale_ferreteria_mov (vfe_id,pro_codigo_plu,vfm_cantidad,vfm_unitario,vfm_total,vfm_entregado) VALUES (7155,8022,1,120,120,@@@NO@@@)','',2,'2013-08-05'),(48071,'INSERT INTO gne_vale_ferreteria (vfe_id,vfe_fecha,vfe_total,vfe_estado,vfe_entregado,usu_nusuario) VALUES (7156,@@@2013.08.05@@@,120,1,0,@@@m_martinez@@@)','',2,'2013-08-05'),(48072,'INSERT INTO gne_vale_ferreteria_mov (vfe_id,pro_codigo_plu,vfm_cantidad,vfm_unitario,vfm_total,vfm_entregado) VALUES (7156,8022,1,120,120,@@@NO@@@)','',2,'2013-08-05'),(48073,'INSERT INTO gne_vale_ferreteria (vfe_id,vfe_fecha,vfe_total,vfe_estado,vfe_entregado,usu_nusuario) VALUES (7157,@@@2013.08.05@@@,950,1,0,@@@m_martinez@@@)','',2,'2013-08-05'),(48074,'INSERT INTO gne_vale_ferreteria_mov (vfe_id,pro_codigo_plu,vfm_cantidad,vfm_unitario,vfm_total,vfm_entregado) VALUES (7157,20825,1,950,950,@@@NO@@@)','',2,'2013-08-05'),(48075,'INSERT INTO gne_vale_ferreteria (vfe_id,vfe_fecha,vfe_total,vfe_estado,vfe_entregado,usu_nusuario) VALUES (7158,@@@2013.08.05@@@,150,1,0,@@@m_martinez@@@)','',2,'2013-08-05'),(48076,'INSERT INTO gne_vale_ferreteria_mov (vfe_id,pro_codigo_plu,vfm_cantidad,vfm_unitario,vfm_total,vfm_entregado) VALUES (7158,4088,1,150,150,@@@NO@@@)','',2,'2013-08-05'),(48077,'INSERT INTO gne_vale_ferreteria (vfe_id,vfe_fecha,vfe_total,vfe_estado,vfe_entregado,usu_nusuario) VALUES (7159,@@@2013.08.05@@@,240,1,0,@@@m_martinez@@@)','',2,'2013-08-05'),(48078,'INSERT INTO gne_vale_ferreteria_mov (vfe_id,pro_codigo_plu,vfm_cantidad,vfm_unitario,vfm_total,vfm_entregado) VALUES (7159,8022,2,120,240,@@@NO@@@)','',2,'2013-08-05'),(48079,'UPDATE mae_productos SET pro_precio_venta=765,pro_margen_actual=29.99, pro_precio_compra_bruto=588.5, pro_precio_compra_neto=494.53781512605 WHERE pro_codigo_plu=762530','',2,'2013-08-05'),(48080,'UPDATE mae_productos SET pro_precio_venta=470,pro_margen_actual=33.33, pro_precio_compra_bruto=352.5, pro_precio_compra_neto=296.218487394958 WHERE pro_codigo_plu=10572','',2,'2013-08-05'),(48081,'INSERT INTO gne_vale_ferreteria (vfe_id,vfe_fecha,vfe_total,vfe_estado,vfe_entregado,usu_nusuario) VALUES (7160,@@@2013.08.05@@@,1890,1,0,@@@m_martinez@@@)','',2,'2013-08-05'),(48082,'INSERT INTO gne_vale_ferreteria_mov (vfe_id,pro_codigo_plu,vfm_cantidad,vfm_unitario,vfm_total,vfm_entregado) VALUES (7160,20504,1,1890,1890,@@@NO@@@)','',2,'2013-08-05'),(48083,'INSERT INTO gne_vale_ferreteria (vfe_id,vfe_fecha,vfe_total,vfe_estado,vfe_entregado,usu_nusuario) VALUES (7161,@@@2013.08.05@@@,2880,1,0,@@@m_martinez@@@)','',2,'2013-08-05'),(48084,'INSERT INTO gne_vale_ferreteria_mov (vfe_id,pro_codigo_plu,vfm_cantidad,vfm_unitario,vfm_total,vfm_entregado) VALUES (7161,15949,6,480,2880,@@@NO@@@)','',2,'2013-08-05'),(48085,'UPDATE mae_productos SET pro_precio_fiscal=pro_precio_venta WHERE pro_codigo_plu=762530','',2,'2013-08-05'),(48086,'UPDATE mae_productos SET pro_precio_fiscal=pro_precio_venta WHERE pro_codigo_plu=10572','',2,'2013-08-05'),(48087,'UPDATE mae_productos SET pro_precio_compra_bruto=994.26,pro_margen_actual=(pro_precio_venta-994.26)/994.26 * 100,pro_ultima_compra=@@@2013.08.05@@@,pro_ultimo_proveedor=@@@96547710-1@@@ WHERE pro_codigo_plu=18126','',2,'2013-08-05'),(48088,'UPDATE mae_productos SET pro_precio_compra_bruto=1151.42,pro_margen_actual=(pro_precio_venta-1151.42)/1151.42 * 100,pro_ultima_compra=@@@2013.08.05@@@,pro_ultimo_proveedor=@@@96547710-1@@@ WHERE pro_codigo_plu=761731','',2,'2013-08-05'),(48089,'UPDATE mae_productos SET pro_precio_compra_bruto=1650.68,pro_margen_actual=(pro_precio_venta-1650.68)/1650.68 * 100,pro_ultima_compra=@@@2013.08.05@@@,pro_ultimo_proveedor=@@@96547710-1@@@ WHERE pro_codigo_plu=780721604','',2,'2013-08-05'),(48090,'UPDATE mae_productos SET pro_precio_compra_bruto=2717.63,pro_margen_actual=(pro_precio_venta-2717.63)/2717.63 * 100,pro_ultima_compra=@@@2013.08.05@@@,pro_ultimo_proveedor=@@@96547710-1@@@ WHERE pro_codigo_plu=78017226','',2,'2013-08-05'),(48091,'UPDATE mae_productos SET pro_precio_compra_bruto=607.71,pro_margen_actual=(pro_precio_venta-607.71)/607.71 * 100,pro_ultima_compra=@@@2013.08.05@@@,pro_ultimo_proveedor=@@@96547710-1@@@ WHERE pro_codigo_plu=761921','',2,'2013-08-05'),(48092,'UPDATE mae_productos SET pro_precio_compra_bruto=588.5,pro_margen_actual=(pro_precio_venta-588.5)/588.5 * 100,pro_ultima_compra=@@@2013.08.05@@@,pro_ultimo_proveedor=@@@78809560-0@@@ WHERE pro_codigo_plu=762530','',2,'2013-08-05'),(48093,'UPDATE mae_productos SET pro_precio_compra_bruto=3778.5,pro_margen_actual=(pro_precio_venta-3778.5)/3778.5 * 100,pro_ultima_compra=@@@2013.08.05@@@,pro_ultimo_proveedor=@@@78809560-0@@@ WHERE pro_codigo_plu=780721063','',2,'2013-08-05'),(48094,'UPDATE mae_productos SET pro_precio_compra_bruto=1708.3,pro_margen_actual=(pro_precio_venta-1708.3)/1708.3 * 100,pro_ultima_compra=@@@2013.08.05@@@,pro_ultimo_proveedor=@@@78809560-0@@@ WHERE pro_codigo_plu=17905','',2,'2013-08-05'),(48095,'UPDATE mae_productos SET pro_precio_compra_bruto=1708.3,pro_margen_actual=(pro_precio_venta-1708.3)/1708.3 * 100,pro_ultima_compra=@@@2013.08.05@@@,pro_ultimo_proveedor=@@@78809560-0@@@ WHERE pro_codigo_plu=10445','',2,'2013-08-05'),(48096,'UPDATE mae_productos SET pro_precio_compra_bruto=1708.1,pro_margen_actual=(pro_precio_venta-1708.1)/1708.1 * 100,pro_ultima_compra=@@@2013.08.05@@@,pro_ultimo_proveedor=@@@78809560-0@@@ WHERE pro_codigo_plu=17703','',2,'2013-08-05'),(48097,'UPDATE mae_productos SET pro_precio_compra_bruto=1708.1,pro_margen_actual=(pro_precio_venta-1708.1)/1708.1 * 100,pro_ultima_compra=@@@2013.08.05@@@,pro_ultimo_proveedor=@@@78809560-0@@@ WHERE pro_codigo_plu=763522','',2,'2013-08-05'),(48098,'UPDATE mae_productos SET pro_precio_compra_bruto=352.5,pro_margen_actual=(pro_precio_venta-352.5)/352.5 * 100,pro_ultima_compra=@@@2013.08.05@@@,pro_ultimo_proveedor=@@@78809560-0@@@ WHERE pro_codigo_plu=10572','',2,'2013-08-05'),(48099,'UPDATE mae_productos SET pro_precio_compra_bruto=596.7,pro_margen_actual=(pro_precio_venta-596.7)/596.7 * 100,pro_ultima_compra=@@@2013.08.05@@@,pro_ultimo_proveedor=@@@78809560-0@@@ WHERE pro_codigo_plu=100291','',2,'2013-08-05'),(48100,'INSERT INTO gne_vale_ferreteria (vfe_id,vfe_fecha,vfe_total,vfe_estado,vfe_entregado,usu_nusuario) VALUES (7162,@@@2013.08.05@@@,1390,1,0,@@@m_martinez@@@)','',2,'2013-08-05'),(48101,'INSERT INTO gne_vale_ferreteria_mov (vfe_id,pro_codigo_plu,vfm_cantidad,vfm_unitario,vfm_total,vfm_entregado) VALUES (7162,78017168,2,100,200,@@@NO@@@)','',2,'2013-08-05'),(48102,'INSERT INTO gne_vale_ferreteria_mov (vfe_id,pro_codigo_plu,vfm_cantidad,vfm_unitario,vfm_total,vfm_entregado) VALUES (7162,78017158,4,100,400,@@@NO@@@)','',2,'2013-08-05'),(48103,'INSERT INTO gne_vale_ferreteria_mov (vfe_id,pro_codigo_plu,vfm_cantidad,vfm_unitario,vfm_total,vfm_entregado) VALUES (7162,761991,1,790,790,@@@NO@@@)','',2,'2013-08-05'),(48104,'INSERT INTO gne_vale_ferreteria (vfe_id,vfe_fecha,vfe_total,vfe_estado,vfe_entregado,usu_nusuario) VALUES (7163,@@@2013.08.05@@@,200,1,0,@@@m_martinez@@@)','',2,'2013-08-05'),(48105,'INSERT INTO gne_vale_ferreteria_mov (vfe_id,pro_codigo_plu,vfm_cantidad,vfm_unitario,vfm_total,vfm_entregado) VALUES (7163,101101,1,200,200,@@@NO@@@)','',2,'2013-08-05'),(48106,'INSERT INTO gne_vale_ferreteria (vfe_id,vfe_fecha,vfe_total,vfe_estado,vfe_entregado,usu_nusuario) VALUES (7164,@@@2013.08.05@@@,280,1,0,@@@m_martinez@@@)','',2,'2013-08-05'),(48107,'INSERT INTO gne_vale_ferreteria_mov (vfe_id,pro_codigo_plu,vfm_cantidad,vfm_unitario,vfm_total,vfm_entregado) VALUES (7164,780721141,1,120,120,@@@NO@@@)','',2,'2013-08-05'),(48108,'INSERT INTO gne_vale_ferreteria_mov (vfe_id,pro_codigo_plu,vfm_cantidad,vfm_unitario,vfm_total,vfm_entregado) VALUES (7164,16430,1,160,160,@@@NO@@@)','',2,'2013-08-05'),(48109,'INSERT INTO gne_vale_ferreteria (vfe_id,vfe_fecha,vfe_total,vfe_estado,vfe_entregado,usu_nusuario) VALUES (7165,@@@2013.08.05@@@,250,1,0,@@@m_martinez@@@)','',2,'2013-08-05'),(48110,'INSERT INTO gne_vale_ferreteria_mov (vfe_id,pro_codigo_plu,vfm_cantidad,vfm_unitario,vfm_total,vfm_entregado) VALUES (7165,764125,1,250,250,@@@NO@@@)','',2,'2013-08-05'),(48111,'INSERT INTO gne_vale_ferreteria (vfe_id,vfe_fecha,vfe_total,vfe_estado,vfe_entregado,usu_nusuario) VALUES (7166,@@@2013.08.05@@@,240,1,0,@@@m_martinez@@@)','',2,'2013-08-05'),(48112,'INSERT INTO gne_vale_ferreteria_mov (vfe_id,pro_codigo_plu,vfm_cantidad,vfm_unitario,vfm_total,vfm_entregado) VALUES (7166,8022,2,120,240,@@@NO@@@)','',2,'2013-08-05'),(48113,'INSERT INTO gne_vale_ferreteria (vfe_id,vfe_fecha,vfe_total,vfe_estado,vfe_entregado,usu_nusuario) VALUES (7167,@@@2013.08.05@@@,1590,1,0,@@@m_martinez@@@)','',2,'2013-08-05'),(48114,'INSERT INTO gne_vale_ferreteria_mov (vfe_id,pro_codigo_plu,vfm_cantidad,vfm_unitario,vfm_total,vfm_entregado) VALUES (7167,102464,1,1590,1590,@@@NO@@@)','',2,'2013-08-05'),(48115,'INSERT INTO gne_vale_ferreteria (vfe_id,vfe_fecha,vfe_total,vfe_estado,vfe_entregado,usu_nusuario) VALUES (7168,@@@2013.08.05@@@,520,1,0,@@@m_martinez@@@)','',2,'2013-08-05'),(48116,'INSERT INTO gne_vale_ferreteria_mov (vfe_id,pro_codigo_plu,vfm_cantidad,vfm_unitario,vfm_total,vfm_entregado) VALUES (7168,15967,4,130,520,@@@NO@@@)','',2,'2013-08-05'),(48117,'INSERT INTO gne_vale_ferreteria (vfe_id,vfe_fecha,vfe_total,vfe_estado,vfe_entregado,usu_nusuario) VALUES (7169,@@@2013.08.05@@@,830,1,0,@@@m_martinez@@@)','',2,'2013-08-05'),(48118,'INSERT INTO gne_vale_ferreteria_mov (vfe_id,pro_codigo_plu,vfm_cantidad,vfm_unitario,vfm_total,vfm_entregado) VALUES (7169,780721306,1,490,490,@@@NO@@@)','',2,'2013-08-05'),(48119,'INSERT INTO gne_vale_ferreteria_mov (vfe_id,pro_codigo_plu,vfm_cantidad,vfm_unitario,vfm_total,vfm_entregado) VALUES (7169,8022,1,120,120,@@@NO@@@)','',2,'2013-08-05'),(48120,'INSERT INTO gne_vale_ferreteria_mov (vfe_id,pro_codigo_plu,vfm_cantidad,vfm_unitario,vfm_total,vfm_entregado) VALUES (7169,764768,1,220,220,@@@NO@@@)','',2,'2013-08-05'),(48121,'INSERT INTO gne_vale_ferreteria (vfe_id,vfe_fecha,vfe_total,vfe_estado,vfe_entregado,usu_nusuario) VALUES (7170,@@@2013.08.05@@@,380,1,0,@@@m_martinez@@@)','',2,'2013-08-05'),(48122,'INSERT INTO gne_vale_ferreteria_mov (vfe_id,pro_codigo_plu,vfm_cantidad,vfm_unitario,vfm_total,vfm_entregado) VALUES (7170,763825,1,380,380,@@@NO@@@)','',2,'2013-08-05'),(48123,'INSERT INTO gne_vale_ferreteria (vfe_id,vfe_fecha,vfe_total,vfe_estado,vfe_entregado,usu_nusuario) VALUES (7171,@@@2013.08.05@@@,40,1,0,@@@m_martinez@@@)','',2,'2013-08-05'),(48124,'INSERT INTO gne_vale_ferreteria_mov (vfe_id,pro_codigo_plu,vfm_cantidad,vfm_unitario,vfm_total,vfm_entregado) VALUES (7171,78017191,1,40,40,@@@NO@@@)','',2,'2013-08-05'),(48125,'INSERT INTO gne_vale_ferreteria (vfe_id,vfe_fecha,vfe_total,vfe_estado,vfe_entregado,usu_nusuario) VALUES (7172,@@@2013.08.05@@@,240,1,0,@@@m_martinez@@@)','',2,'2013-08-05'),(48126,'INSERT INTO gne_vale_ferreteria_mov (vfe_id,pro_codigo_plu,vfm_cantidad,vfm_unitario,vfm_total,vfm_entregado) VALUES (7172,8022,2,120,240,@@@NO@@@)','',2,'2013-08-05'),(48127,'INSERT INTO gne_vale_ferreteria (vfe_id,vfe_fecha,vfe_total,vfe_estado,vfe_entregado,usu_nusuario) VALUES (7173,@@@2013.08.05@@@,920,1,0,@@@m_martinez@@@)','',2,'2013-08-05'),(48128,'INSERT INTO gne_vale_ferreteria_mov (vfe_id,pro_codigo_plu,vfm_cantidad,vfm_unitario,vfm_total,vfm_entregado) VALUES (7173,763935,1,720,720,@@@NO@@@)','',2,'2013-08-05'),(48129,'INSERT INTO gne_vale_ferreteria_mov (vfe_id,pro_codigo_plu,vfm_cantidad,vfm_unitario,vfm_total,vfm_entregado) VALUES (7173,765072,1,200,200,@@@NO@@@)','',2,'2013-08-05'),(48130,'INSERT INTO gne_vale_ferreteria (vfe_id,vfe_fecha,vfe_total,vfe_estado,vfe_entregado,usu_nusuario) VALUES (7174,@@@2013.08.05@@@,350,1,0,@@@m_martinez@@@)','',2,'2013-08-05'),(48131,'INSERT INTO gne_vale_ferreteria_mov (vfe_id,pro_codigo_plu,vfm_cantidad,vfm_unitario,vfm_total,vfm_entregado) VALUES (7174,1017,1,350,350,@@@NO@@@)','',2,'2013-08-05'),(48132,'INSERT INTO gne_vale_ferreteria (vfe_id,vfe_fecha,vfe_total,vfe_estado,vfe_entregado,usu_nusuario) VALUES (7175,@@@2013.08.05@@@,450,1,0,@@@m_martinez@@@)','',2,'2013-08-05'),(48133,'INSERT INTO gne_vale_ferreteria_mov (vfe_id,pro_codigo_plu,vfm_cantidad,vfm_unitario,vfm_total,vfm_entregado) VALUES (7175,78017155,1,450,450,@@@NO@@@)','',2,'2013-08-05'),(48134,'INSERT INTO gne_vale_ferreteria (vfe_id,vfe_fecha,vfe_total,vfe_estado,vfe_entregado,usu_nusuario) VALUES (7176,@@@2013.08.05@@@,200,1,0,@@@m_martinez@@@)','',2,'2013-08-05'),(48135,'INSERT INTO gne_vale_ferreteria_mov (vfe_id,pro_codigo_plu,vfm_cantidad,vfm_unitario,vfm_total,vfm_entregado) VALUES (7176,764135,1,200,200,@@@NO@@@)','',2,'2013-08-05'),(48136,'INSERT INTO gne_vale_ferreteria (vfe_id,vfe_fecha,vfe_total,vfe_estado,vfe_entregado,usu_nusuario) VALUES (7177,@@@2013.08.05@@@,940,1,0,@@@m_martinez@@@)','',2,'2013-08-05'),(48137,'INSERT INTO gne_vale_ferreteria_mov (vfe_id,pro_codigo_plu,vfm_cantidad,vfm_unitario,vfm_total,vfm_entregado) VALUES (7177,763794,1,850,850,@@@NO@@@)','',2,'2013-08-05'),(48138,'INSERT INTO gne_vale_ferreteria_mov (vfe_id,pro_codigo_plu,vfm_cantidad,vfm_unitario,vfm_total,vfm_entregado) VALUES (7177,770038,1,90,90,@@@NO@@@)','',2,'2013-08-05'),(48139,'INSERT INTO gne_vale_ferreteria (vfe_id,vfe_fecha,vfe_total,vfe_estado,vfe_entregado,usu_nusuario) VALUES (7178,@@@2013.08.05@@@,330,1,0,@@@m_martinez@@@)','',2,'2013-08-05'),(48140,'INSERT INTO gne_vale_ferreteria_mov (vfe_id,pro_codigo_plu,vfm_cantidad,vfm_unitario,vfm_total,vfm_entregado) VALUES (7178,764507,1,330,330,@@@NO@@@)','',2,'2013-08-05'),(48141,'INSERT INTO gne_vale_ferreteria (vfe_id,vfe_fecha,vfe_total,vfe_estado,vfe_entregado,usu_nusuario) VALUES (7179,@@@2013.08.05@@@,200,1,0,@@@m_martinez@@@)','',2,'2013-08-05'),(48142,'INSERT INTO gne_vale_ferreteria_mov (vfe_id,pro_codigo_plu,vfm_cantidad,vfm_unitario,vfm_total,vfm_entregado) VALUES (7179,20146,1,100,100,@@@NO@@@)','',2,'2013-08-05'),(48143,'INSERT INTO gne_vale_ferreteria_mov (vfe_id,pro_codigo_plu,vfm_cantidad,vfm_unitario,vfm_total,vfm_entregado) VALUES (7179,20365,1,100,100,@@@NO@@@)','',2,'2013-08-05'),(48144,'INSERT INTO gne_vale_ferreteria (vfe_id,vfe_fecha,vfe_total,vfe_estado,vfe_entregado,usu_nusuario) VALUES (7180,@@@2013.08.05@@@,80,1,0,@@@m_martinez@@@)','',2,'2013-08-05'),(48145,'INSERT INTO gne_vale_ferreteria_mov (vfe_id,pro_codigo_plu,vfm_cantidad,vfm_unitario,vfm_total,vfm_entregado) VALUES (7180,78017191,2,40,80,@@@NO@@@)','',2,'2013-08-05'),(48146,'INSERT INTO gne_vale_ferreteria (vfe_id,vfe_fecha,vfe_total,vfe_estado,vfe_entregado,usu_nusuario) VALUES (7181,@@@2013.08.05@@@,120,1,0,@@@m_martinez@@@)','',2,'2013-08-05'),(48147,'INSERT INTO gne_vale_ferreteria_mov (vfe_id,pro_codigo_plu,vfm_cantidad,vfm_unitario,vfm_total,vfm_entregado) VALUES (7181,78017191,3,40,120,@@@NO@@@)','',2,'2013-08-05'),(48148,'INSERT INTO gne_vale_ferreteria (vfe_id,vfe_fecha,vfe_total,vfe_estado,vfe_entregado,usu_nusuario) VALUES (7182,@@@2013.08.05@@@,80,1,0,@@@m_martinez@@@)','',2,'2013-08-05'),(48149,'INSERT INTO gne_vale_ferreteria_mov (vfe_id,pro_codigo_plu,vfm_cantidad,vfm_unitario,vfm_total,vfm_entregado) VALUES (7182,78017191,2,40,80,@@@NO@@@)','',2,'2013-08-05'),(48150,'INSERT INTO gne_vale_ferreteria (vfe_id,vfe_fecha,vfe_total,vfe_estado,vfe_entregado,usu_nusuario) VALUES (7183,@@@2013.08.05@@@,890,1,0,@@@m_martinez@@@)','',2,'2013-08-05'),(48151,'INSERT INTO gne_vale_ferreteria_mov (vfe_id,pro_codigo_plu,vfm_cantidad,vfm_unitario,vfm_total,vfm_entregado) VALUES (7183,78017051,1,890,890,@@@NO@@@)','',2,'2013-08-05'),(48152,'INSERT INTO gne_vale_ferreteria (vfe_id,vfe_fecha,vfe_total,vfe_estado,vfe_entregado,usu_nusuario) VALUES (7184,@@@2013.08.05@@@,2040,1,0,@@@m_martinez@@@)','',2,'2013-08-05'),(48153,'INSERT INTO gne_vale_ferreteria_mov (vfe_id,pro_codigo_plu,vfm_cantidad,vfm_unitario,vfm_total,vfm_entregado) VALUES (7184,764936,1,1990,1990,@@@NO@@@)','',2,'2013-08-05'),(48154,'INSERT INTO gne_vale_ferreteria_mov (vfe_id,pro_codigo_plu,vfm_cantidad,vfm_unitario,vfm_total,vfm_entregado) VALUES (7184,780220123,1,50,50,@@@NO@@@)','',2,'2013-08-05'),(48155,'INSERT INTO gne_vale_ferreteria (vfe_id,vfe_fecha,vfe_total,vfe_estado,vfe_entregado,usu_nusuario) VALUES (7185,@@@2013.08.05@@@,1390,1,0,@@@m_martinez@@@)','',2,'2013-08-05'),(48156,'INSERT INTO gne_vale_ferreteria_mov (vfe_id,pro_codigo_plu,vfm_cantidad,vfm_unitario,vfm_total,vfm_entregado) VALUES (7185,764506,1,490,490,@@@NO@@@)','',2,'2013-08-05'),(48157,'INSERT INTO gne_vale_ferreteria_mov (vfe_id,pro_codigo_plu,vfm_cantidad,vfm_unitario,vfm_total,vfm_entregado) VALUES (7185,764507,1,330,330,@@@NO@@@)','',2,'2013-08-05'),(48158,'INSERT INTO gne_vale_ferreteria_mov (vfe_id,pro_codigo_plu,vfm_cantidad,vfm_unitario,vfm_total,vfm_entregado) VALUES (7185,763838,1,450,450,@@@NO@@@)','',2,'2013-08-05'),(48159,'INSERT INTO gne_vale_ferreteria_mov (vfe_id,pro_codigo_plu,vfm_cantidad,vfm_unitario,vfm_total,vfm_entregado) VALUES (7185,8022,1,120,120,@@@NO@@@)','',2,'2013-08-05'),(48160,'INSERT INTO gne_vale_ferreteria (vfe_id,vfe_fecha,vfe_total,vfe_estado,vfe_entregado,usu_nusuario) VALUES (7186,@@@2013.08.05@@@,200,1,0,@@@m_martinez@@@)','',2,'2013-08-05'),(48161,'INSERT INTO gne_vale_ferreteria_mov (vfe_id,pro_codigo_plu,vfm_cantidad,vfm_unitario,vfm_total,vfm_entregado) VALUES (7186,765072,1,200,200,@@@NO@@@)','',2,'2013-08-05'),(48162,'INSERT INTO gne_vale_ferreteria (vfe_id,vfe_fecha,vfe_total,vfe_estado,vfe_entregado,usu_nusuario) VALUES (7187,@@@2013.08.05@@@,240,1,0,@@@m_martinez@@@)','',2,'2013-08-05'),(48163,'INSERT INTO gne_vale_ferreteria_mov (vfe_id,pro_codigo_plu,vfm_cantidad,vfm_unitario,vfm_total,vfm_entregado) VALUES (7187,8022,2,120,240,@@@NO@@@)','',2,'2013-08-05'),(48164,'INSERT INTO gne_vale_ferreteria (vfe_id,vfe_fecha,vfe_total,vfe_estado,vfe_entregado,usu_nusuario) VALUES (7188,@@@2013.08.05@@@,520,1,0,@@@m_martinez@@@)','',2,'2013-08-05'),(48165,'INSERT INTO gne_vale_ferreteria_mov (vfe_id,pro_codigo_plu,vfm_cantidad,vfm_unitario,vfm_total,vfm_entregado) VALUES (7188,780721058,1,520,520,@@@NO@@@)','',2,'2013-08-05'),(48166,'INSERT INTO gne_vale_ferreteria (vfe_id,vfe_fecha,vfe_total,vfe_estado,vfe_entregado,usu_nusuario) VALUES (7189,@@@2013.08.05@@@,300,1,0,@@@m_martinez@@@)','',2,'2013-08-05'),(48167,'INSERT INTO gne_vale_ferreteria_mov (vfe_id,pro_codigo_plu,vfm_cantidad,vfm_unitario,vfm_total,vfm_entregado) VALUES (7189,101433,1,300,300,@@@NO@@@)','',2,'2013-08-05'),(48168,'INSERT INTO gne_vale_ferreteria (vfe_id,vfe_fecha,vfe_total,vfe_estado,vfe_entregado,usu_nusuario) VALUES (7190,@@@2013.08.05@@@,1990,1,0,@@@m_martinez@@@)','',2,'2013-08-05'),(48169,'INSERT INTO gne_vale_ferreteria_mov (vfe_id,pro_codigo_plu,vfm_cantidad,vfm_unitario,vfm_total,vfm_entregado) VALUES (7190,20960,1,1990,1990,@@@NO@@@)','',2,'2013-08-05'),(48170,'INSERT INTO gne_vale_ferreteria (vfe_id,vfe_fecha,vfe_total,vfe_estado,vfe_entregado,usu_nusuario) VALUES (7191,@@@2013.08.05@@@,120,1,0,@@@m_martinez@@@)','',2,'2013-08-05'),(48171,'INSERT INTO gne_vale_ferreteria_mov (vfe_id,pro_codigo_plu,vfm_cantidad,vfm_unitario,vfm_total,vfm_entregado) VALUES (7191,78017191,3,40,120,@@@NO@@@)','',2,'2013-08-05'),(48172,'INSERT INTO gne_vale_ferreteria (vfe_id,vfe_fecha,vfe_total,vfe_estado,vfe_entregado,usu_nusuario) VALUES (7192,@@@2013.08.05@@@,590,1,0,@@@m_martinez@@@)','',2,'2013-08-05'),(48173,'INSERT INTO gne_vale_ferreteria_mov (vfe_id,pro_codigo_plu,vfm_cantidad,vfm_unitario,vfm_total,vfm_entregado) VALUES (7192,19865,1,590,590,@@@NO@@@)','',2,'2013-08-05'),(48174,'INSERT INTO gne_vale_ferreteria (vfe_id,vfe_fecha,vfe_total,vfe_estado,vfe_entregado,usu_nusuario) VALUES (7193,@@@2013.08.05@@@,390,1,0,@@@m_martinez@@@)','',2,'2013-08-05'),(48175,'INSERT INTO gne_vale_ferreteria_mov (vfe_id,pro_codigo_plu,vfm_cantidad,vfm_unitario,vfm_total,vfm_entregado) VALUES (7193,780721459,1,390,390,@@@NO@@@)','',2,'2013-08-05'),(48176,'INSERT INTO gne_vale_ferreteria (vfe_id,vfe_fecha,vfe_total,vfe_estado,vfe_entregado,usu_nusuario) VALUES (7194,@@@2013.08.05@@@,450,1,0,@@@m_martinez@@@)','',2,'2013-08-05'),(48177,'INSERT INTO gne_vale_ferreteria_mov (vfe_id,pro_codigo_plu,vfm_cantidad,vfm_unitario,vfm_total,vfm_entregado) VALUES (7194,764539,1,450,450,@@@NO@@@)','',2,'2013-08-05'),(48178,'UPDATE mae_productos SET pro_codigo_barra=@@@533@@@,pro_tipo=@@@0@@@,pro_nombre_producto=@@@LIMON IMPORTADO@@@,pro_nombre_corto=@@@LIMON IMPORTADO@@@,med_id=@@@1@@@,emb_id=@@@1@@@,pro_unidades_embalaje=@@@1@@@,dep_id=@@@18 @@@,lin_id=@@@97@@@,mar_id=@@@2507@@@,pro_precio_compra_neto=@@@0@@@,pro_precio_compra_bruto=@@@147@@@,pro_precio_venta=@@@230@@@,pro_margen_actual=@@@56.46@@@,pro_oferta=@@@NO@@@,pro_fecha_inicio_oferta=@@@1900.01.01@@@,pro_fecha_termino_oferta=@@@1900.01.01@@@,pro_precio_oferta=@@@0@@@,pro_stock_minimo=@@@10@@@,pro_stock_critico=@@@5@@@,pro_activo=@@@1@@@,pro_unidad=@@@0@@@,pro_precio_compra_bruto=147,pro_margen_actual=56.46,pro_capacidad=1,pro_funcion_plu=0,pro_flejes=1,pro_iva=1,pro_plu_asociado=0,pro_envase=@@@NO@@@,pro_duracion=0,pro_numero_etiqueta=0 WHERE pro_codigo_plu=@@@533@@@','',2,'2013-08-05'),(48179,'UPDATE mae_productos SET pro_estado=1 WHERE pro_codigo_plu=533','',2,'2013-08-05'),(48180,'DELETE FROM mae_impuestos_productos WHERE pro_codigo_plu=@@@533@@@','',2,'2013-08-05'),(48181,'UPDATE mae_productos SET pro_codigo_barra=@@@534@@@,pro_tipo=@@@0@@@,pro_nombre_producto=@@@LIMON NACIONAL GRANEL@@@,pro_nombre_corto=@@@LIMON NACIONAL G@@@,med_id=@@@1@@@,emb_id=@@@1@@@,pro_unidades_embalaje=@@@1@@@,dep_id=@@@18 @@@,lin_id=@@@97@@@,mar_id=@@@2507@@@,pro_precio_compra_neto=@@@0@@@,pro_precio_compra_bruto=@@@147@@@,pro_precio_venta=@@@230@@@,pro_margen_actual=@@@56.46@@@,pro_oferta=@@@NO@@@,pro_fecha_inicio_oferta=@@@1900.01.01@@@,pro_fecha_termino_oferta=@@@1900.01.01@@@,pro_precio_oferta=@@@0@@@,pro_stock_minimo=@@@10@@@,pro_stock_critico=@@@5@@@,pro_activo=@@@1@@@,pro_unidad=@@@0@@@,pro_precio_compra_bruto=147,pro_margen_actual=56.46,pro_capacidad=1,pro_funcion_plu=0,pro_flejes=0,pro_iva=1,pro_plu_asociado=0,pro_envase=@@@NO@@@,pro_duracion=0,pro_numero_etiqueta=0 WHERE pro_codigo_plu=@@@534@@@','',2,'2013-08-05'),(48182,'UPDATE mae_productos SET pro_estado=1 WHERE pro_codigo_plu=534','',2,'2013-08-05'),(48183,'DELETE FROM mae_impuestos_productos WHERE pro_codigo_plu=@@@534@@@','',2,'2013-08-05'),(48184,'INSERT INTO gne_vale_ferreteria (vfe_id,vfe_fecha,vfe_total,vfe_estado,vfe_entregado,usu_nusuario) VALUES (7195,@@@2013.08.05@@@,300,1,0,@@@m_martinez@@@)','',2,'2013-08-05'),(48185,'INSERT INTO gne_vale_ferreteria_mov (vfe_id,pro_codigo_plu,vfm_cantidad,vfm_unitario,vfm_total,vfm_entregado) VALUES (7195,780721128,2,150,300,@@@NO@@@)','',2,'2013-08-05'),(48186,'INSERT INTO gne_vale_ferreteria (vfe_id,vfe_fecha,vfe_total,vfe_estado,vfe_entregado,usu_nusuario) VALUES (7196,@@@2013.08.05@@@,450,1,0,@@@m_martinez@@@)','',2,'2013-08-05'),(48187,'INSERT INTO gne_vale_ferreteria_mov (vfe_id,pro_codigo_plu,vfm_cantidad,vfm_unitario,vfm_total,vfm_entregado) VALUES (7196,764539,1,450,450,@@@NO@@@)','',2,'2013-08-05'),(48188,'UPDATE mae_productos SET pro_codigo_barra=@@@541@@@,pro_tipo=@@@0@@@,pro_nombre_producto=@@@MANZANA ROJA@@@,pro_nombre_corto=@@@MANZANA ROJA@@@,med_id=@@@1@@@,emb_id=@@@1@@@,pro_unidades_embalaje=@@@1@@@,dep_id=@@@18 @@@,lin_id=@@@97@@@,mar_id=@@@2507@@@,pro_precio_compra_neto=@@@0@@@,pro_precio_compra_bruto=@@@285@@@,pro_precio_venta=@@@430@@@,pro_margen_actual=@@@50.88@@@,pro_oferta=@@@NO@@@,pro_fecha_inicio_oferta=@@@1900.01.01@@@,pro_fecha_termino_oferta=@@@1900.01.01@@@,pro_precio_oferta=@@@0@@@,pro_stock_minimo=@@@1@@@,pro_stock_critico=@@@1@@@,pro_activo=@@@1@@@,pro_unidad=@@@0@@@,pro_precio_compra_bruto=285,pro_margen_actual=50.88,pro_capacidad=1,pro_funcion_plu=0,pro_flejes=0,pro_iva=1,pro_plu_asociado=0,pro_envase=@@@NO@@@,pro_duracion=0,pro_numero_etiqueta=0 WHERE pro_codigo_plu=@@@541@@@','',2,'2013-08-05'),(48189,'UPDATE mae_productos SET pro_estado=1 WHERE pro_codigo_plu=541','',2,'2013-08-05'),(48190,'DELETE FROM mae_impuestos_productos WHERE pro_codigo_plu=@@@541@@@','',2,'2013-08-05'),(48191,'INSERT INTO gne_vale_ferreteria (vfe_id,vfe_fecha,vfe_total,vfe_estado,vfe_entregado,usu_nusuario) VALUES (7197,@@@2013.08.05@@@,150,1,0,@@@m_martinez@@@)','',2,'2013-08-05'),(48192,'INSERT INTO gne_vale_ferreteria_mov (vfe_id,pro_codigo_plu,vfm_cantidad,vfm_unitario,vfm_total,vfm_entregado) VALUES (7197,780721187,1,150,150,@@@NO@@@)','',2,'2013-08-05'),(48193,'INSERT INTO gne_vale_ferreteria (vfe_id,vfe_fecha,vfe_total,vfe_estado,vfe_entregado,usu_nusuario) VALUES (7198,@@@2013.08.05@@@,1050,1,0,@@@m_martinez@@@)','',2,'2013-08-05'),(48194,'INSERT INTO gne_vale_ferreteria_mov (vfe_id,pro_codigo_plu,vfm_cantidad,vfm_unitario,vfm_total,vfm_entregado) VALUES (7198,763880,1,150,150,@@@NO@@@)','',2,'2013-08-05'),(48195,'INSERT INTO gne_vale_ferreteria_mov (vfe_id,pro_codigo_plu,vfm_cantidad,vfm_unitario,vfm_total,vfm_entregado) VALUES (7198,770035,1,150,150,@@@NO@@@)','',2,'2013-08-05'),(48196,'INSERT INTO gne_vale_ferreteria_mov (vfe_id,pro_codigo_plu,vfm_cantidad,vfm_unitario,vfm_total,vfm_entregado) VALUES (7198,1069,2,200,400,@@@NO@@@)','',2,'2013-08-05'),(48197,'INSERT INTO gne_vale_ferreteria_mov (vfe_id,pro_codigo_plu,vfm_cantidad,vfm_unitario,vfm_total,vfm_entregado) VALUES (7198,102408,1,350,350,@@@NO@@@)','',2,'2013-08-05'),(48198,'UPDATE mae_productos SET pro_codigo_barra=@@@530@@@,pro_tipo=@@@0@@@,pro_nombre_producto=@@@KIWI@@@,pro_nombre_corto=@@@KIWI@@@,med_id=@@@1@@@,emb_id=@@@1@@@,pro_unidades_embalaje=@@@1@@@,dep_id=@@@18 @@@,lin_id=@@@97@@@,mar_id=@@@2507@@@,pro_precio_compra_neto=@@@0@@@,pro_precio_compra_bruto=@@@281@@@,pro_precio_venta=@@@430@@@,pro_margen_actual=@@@53.02@@@,pro_oferta=@@@NO@@@,pro_fecha_inicio_oferta=@@@1900.01.01@@@,pro_fecha_termino_oferta=@@@1900.01.01@@@,pro_precio_oferta=@@@0@@@,pro_stock_minimo=@@@1@@@,pro_stock_critico=@@@1@@@,pro_activo=@@@1@@@,pro_unidad=@@@0@@@,pro_precio_compra_bruto=281,pro_margen_actual=53.02,pro_capacidad=1,pro_funcion_plu=0,pro_flejes=0,pro_iva=1,pro_plu_asociado=0,pro_envase=@@@NO@@@,pro_duracion=0,pro_numero_etiqueta=0 WHERE pro_codigo_plu=@@@530@@@','',2,'2013-08-05'),(48199,'UPDATE mae_productos SET pro_estado=1 WHERE pro_codigo_plu=530','',2,'2013-08-05'),(48200,'DELETE FROM mae_impuestos_productos WHERE pro_codigo_plu=@@@530@@@','',2,'2013-08-05'),(48201,'INSERT INTO gne_vale_ferreteria (vfe_id,vfe_fecha,vfe_total,vfe_estado,vfe_entregado,usu_nusuario) VALUES (7199,@@@2013.08.05@@@,1880,1,0,@@@m_martinez@@@)','',2,'2013-08-05'),(48202,'INSERT INTO gne_vale_ferreteria_mov (vfe_id,pro_codigo_plu,vfm_cantidad,vfm_unitario,vfm_total,vfm_entregado) VALUES (7199,20439,1,1390,1390,@@@NO@@@)','',2,'2013-08-05'),(48203,'INSERT INTO gne_vale_ferreteria_mov (vfe_id,pro_codigo_plu,vfm_cantidad,vfm_unitario,vfm_total,vfm_entregado) VALUES (7199,20756,1,490,490,@@@NO@@@)','',2,'2013-08-05');
insert  into `sys_comunicacion_caja`(`coc_id`,`coc_sql`,`coc_cajas`,`coc_prioridad`,`coc_fecha`) values (48204,'INSERT INTO gne_vale_ferreteria (vfe_id,vfe_fecha,vfe_total,vfe_estado,vfe_entregado,usu_nusuario) VALUES (7200,@@@2013.08.05@@@,480,1,0,@@@m_martinez@@@)','',2,'2013-08-05'),(48205,'INSERT INTO gne_vale_ferreteria_mov (vfe_id,pro_codigo_plu,vfm_cantidad,vfm_unitario,vfm_total,vfm_entregado) VALUES (7200,8022,4,120,480,@@@NO@@@)','',2,'2013-08-05'),(48206,'INSERT INTO gne_vale_ferreteria (vfe_id,vfe_fecha,vfe_total,vfe_estado,vfe_entregado,usu_nusuario) VALUES (7201,@@@2013.08.05@@@,290,1,0,@@@m_martinez@@@)','',2,'2013-08-05'),(48207,'INSERT INTO gne_vale_ferreteria_mov (vfe_id,pro_codigo_plu,vfm_cantidad,vfm_unitario,vfm_total,vfm_entregado) VALUES (7201,12161,1,290,290,@@@NO@@@)','',2,'2013-08-05'),(48208,'UPDATE mae_productos SET pro_precio_fiscal=pro_precio_venta WHERE pro_codigo_plu=530','',2,'2013-08-05'),(48209,'UPDATE mae_productos SET pro_precio_fiscal=pro_precio_venta WHERE pro_codigo_plu=533','',2,'2013-08-05'),(48210,'UPDATE mae_productos SET pro_precio_fiscal=pro_precio_venta WHERE pro_codigo_plu=534','',2,'2013-08-05'),(48211,'UPDATE mae_productos SET pro_precio_fiscal=pro_precio_venta WHERE pro_codigo_plu=541','',2,'2013-08-05'),(48212,'INSERT INTO gne_vale_ferreteria (vfe_id,vfe_fecha,vfe_total,vfe_estado,vfe_entregado,usu_nusuario) VALUES (7202,@@@2013.08.05@@@,590,1,0,@@@m_martinez@@@)','',2,'2013-08-05'),(48213,'INSERT INTO gne_vale_ferreteria_mov (vfe_id,pro_codigo_plu,vfm_cantidad,vfm_unitario,vfm_total,vfm_entregado) VALUES (7202,780220195,1,590,590,@@@NO@@@)','',2,'2013-08-05'),(48214,'UPDATE mae_productos SET dep_id=37,lin_id=176 WHERE pro_codigo_plu in (780721490,780721491)','',2,'2013-08-05'),(48215,'UPDATE mae_productos SET dep_id=23,lin_id=135 WHERE pro_codigo_plu in (780721449,780721418,780721456,780721477,780721444,780721443,780721467,780721452,780721466,780721457,780721460,780721419,780721475,780721470,780721479,780721478,780721480,780721453,780721455,780721454,780721469,780721473,780721440,780721450,780721474,780721476,780721481,780721482,780721448)','',2,'2013-08-05'),(48216,'INSERT INTO gne_vale_ferreteria (vfe_id,vfe_fecha,vfe_total,vfe_estado,vfe_entregado,usu_nusuario) VALUES (7203,@@@2013.08.05@@@,1,1,0,@@@m_martinez@@@)','',2,'2013-08-05'),(48217,'INSERT INTO gne_vale_ferreteria_mov (vfe_id,pro_codigo_plu,vfm_cantidad,vfm_unitario,vfm_total,vfm_entregado) VALUES (7203,2500,1,1,1,@@@NO@@@)','',2,'2013-08-05'),(48218,'UPDATE mae_productos SET dep_id=24,lin_id=45 WHERE pro_codigo_plu in (780721503,780721504,780721506,780721507,780721501,780721502)','',2,'2013-08-05'),(48219,'INSERT INTO gne_vale_ferreteria (vfe_id,vfe_fecha,vfe_total,vfe_estado,vfe_entregado,usu_nusuario) VALUES (7204,@@@2013.08.05@@@,240,1,0,@@@m_martinez@@@)','',2,'2013-08-05'),(48220,'INSERT INTO gne_vale_ferreteria_mov (vfe_id,pro_codigo_plu,vfm_cantidad,vfm_unitario,vfm_total,vfm_entregado) VALUES (7204,78016999,2,120,240,@@@NO@@@)','',2,'2013-08-05'),(48221,'INSERT INTO gne_vale_ferreteria (vfe_id,vfe_fecha,vfe_total,vfe_estado,vfe_entregado,usu_nusuario) VALUES (7205,@@@2013.08.05@@@,780,1,0,@@@m_martinez@@@)','',2,'2013-08-05'),(48222,'INSERT INTO gne_vale_ferreteria_mov (vfe_id,pro_codigo_plu,vfm_cantidad,vfm_unitario,vfm_total,vfm_entregado) VALUES (7205,15967,6,130,780,@@@NO@@@)','',2,'2013-08-05'),(48223,'INSERT INTO gne_vale_ferreteria (vfe_id,vfe_fecha,vfe_total,vfe_estado,vfe_entregado,usu_nusuario) VALUES (7206,@@@2013.08.05@@@,400,1,0,@@@m_martinez@@@)','',2,'2013-08-05'),(48224,'INSERT INTO gne_vale_ferreteria_mov (vfe_id,pro_codigo_plu,vfm_cantidad,vfm_unitario,vfm_total,vfm_entregado) VALUES (7206,764135,2,200,400,@@@NO@@@)','',2,'2013-08-05'),(48225,'INSERT INTO gne_vale_ferreteria (vfe_id,vfe_fecha,vfe_total,vfe_estado,vfe_entregado,usu_nusuario) VALUES (7207,@@@2013.08.05@@@,590,1,0,@@@m_martinez@@@)','',2,'2013-08-05'),(48226,'INSERT INTO gne_vale_ferreteria_mov (vfe_id,pro_codigo_plu,vfm_cantidad,vfm_unitario,vfm_total,vfm_entregado) VALUES (7207,10178,1,590,590,@@@NO@@@)','',2,'2013-08-05'),(48227,'INSERT INTO gne_vale_ferreteria (vfe_id,vfe_fecha,vfe_total,vfe_estado,vfe_entregado,usu_nusuario) VALUES (7208,@@@2013.08.05@@@,2080,1,0,@@@m_martinez@@@)','',2,'2013-08-05'),(48228,'INSERT INTO gne_vale_ferreteria_mov (vfe_id,pro_codigo_plu,vfm_cantidad,vfm_unitario,vfm_total,vfm_entregado) VALUES (7208,19855,1,890,890,@@@NO@@@)','',2,'2013-08-05'),(48229,'INSERT INTO gne_vale_ferreteria_mov (vfe_id,pro_codigo_plu,vfm_cantidad,vfm_unitario,vfm_total,vfm_entregado) VALUES (7208,764923,1,1190,1190,@@@NO@@@)','',2,'2013-08-05'),(48230,'INSERT INTO gne_vale_ferreteria (vfe_id,vfe_fecha,vfe_total,vfe_estado,vfe_entregado,usu_nusuario) VALUES (7209,@@@2013.08.05@@@,670,1,0,@@@m_martinez@@@)','',2,'2013-08-05'),(48231,'INSERT INTO gne_vale_ferreteria_mov (vfe_id,pro_codigo_plu,vfm_cantidad,vfm_unitario,vfm_total,vfm_entregado) VALUES (7209,763587,1,420,420,@@@NO@@@)','',2,'2013-08-05'),(48232,'INSERT INTO gne_vale_ferreteria_mov (vfe_id,pro_codigo_plu,vfm_cantidad,vfm_unitario,vfm_total,vfm_entregado) VALUES (7209,770076,1,250,250,@@@NO@@@)','',2,'2013-08-05'),(48233,'INSERT INTO gne_vale_ferreteria (vfe_id,vfe_fecha,vfe_total,vfe_estado,vfe_entregado,usu_nusuario) VALUES (7210,@@@2013.08.05@@@,570,1,0,@@@m_martinez@@@)','',2,'2013-08-05'),(48234,'INSERT INTO gne_vale_ferreteria_mov (vfe_id,pro_codigo_plu,vfm_cantidad,vfm_unitario,vfm_total,vfm_entregado) VALUES (7210,78017155,1,450,450,@@@NO@@@)','',2,'2013-08-05'),(48235,'INSERT INTO gne_vale_ferreteria_mov (vfe_id,pro_codigo_plu,vfm_cantidad,vfm_unitario,vfm_total,vfm_entregado) VALUES (7210,78017016,1,120,120,@@@NO@@@)','',2,'2013-08-05'),(48236,'INSERT INTO gne_vale_ferreteria (vfe_id,vfe_fecha,vfe_total,vfe_estado,vfe_entregado,usu_nusuario) VALUES (7211,@@@2013.08.05@@@,900,1,0,@@@m_martinez@@@)','',2,'2013-08-05'),(48237,'INSERT INTO gne_vale_ferreteria_mov (vfe_id,pro_codigo_plu,vfm_cantidad,vfm_unitario,vfm_total,vfm_entregado) VALUES (7211,763884,1,900,900,@@@NO@@@)','',2,'2013-08-05'),(48238,'INSERT INTO gne_vale_ferreteria (vfe_id,vfe_fecha,vfe_total,vfe_estado,vfe_entregado,usu_nusuario) VALUES (7212,@@@2013.08.05@@@,240,1,0,@@@m_martinez@@@)','',2,'2013-08-05'),(48239,'INSERT INTO gne_vale_ferreteria_mov (vfe_id,pro_codigo_plu,vfm_cantidad,vfm_unitario,vfm_total,vfm_entregado) VALUES (7212,8022,2,120,240,@@@NO@@@)','',2,'2013-08-05'),(48240,'INSERT INTO gne_vale_ferreteria (vfe_id,vfe_fecha,vfe_total,vfe_estado,vfe_entregado,usu_nusuario) VALUES (7213,@@@2013.08.05@@@,650,1,0,@@@m_martinez@@@)','',2,'2013-08-05'),(48241,'INSERT INTO gne_vale_ferreteria_mov (vfe_id,pro_codigo_plu,vfm_cantidad,vfm_unitario,vfm_total,vfm_entregado) VALUES (7213,764135,1,200,200,@@@NO@@@)','',2,'2013-08-05'),(48242,'INSERT INTO gne_vale_ferreteria_mov (vfe_id,pro_codigo_plu,vfm_cantidad,vfm_unitario,vfm_total,vfm_entregado) VALUES (7213,1063,1,450,450,@@@NO@@@)','',2,'2013-08-05'),(48243,'INSERT INTO gne_vale_ferreteria (vfe_id,vfe_fecha,vfe_total,vfe_estado,vfe_entregado,usu_nusuario) VALUES (7214,@@@2013.08.05@@@,450,1,0,@@@m_martinez@@@)','',2,'2013-08-05'),(48244,'INSERT INTO gne_vale_ferreteria_mov (vfe_id,pro_codigo_plu,vfm_cantidad,vfm_unitario,vfm_total,vfm_entregado) VALUES (7214,764539,1,450,450,@@@NO@@@)','',2,'2013-08-05'),(48245,'INSERT INTO gne_vale_ferreteria (vfe_id,vfe_fecha,vfe_total,vfe_estado,vfe_entregado,usu_nusuario) VALUES (7215,@@@2013.08.05@@@,900,1,0,@@@m_martinez@@@)','',2,'2013-08-05'),(48246,'INSERT INTO gne_vale_ferreteria_mov (vfe_id,pro_codigo_plu,vfm_cantidad,vfm_unitario,vfm_total,vfm_entregado) VALUES (7215,1063,2,450,900,@@@NO@@@)','',2,'2013-08-05'),(48247,'INSERT INTO gne_vale_ferreteria (vfe_id,vfe_fecha,vfe_total,vfe_estado,vfe_entregado,usu_nusuario) VALUES (7216,@@@2013.08.05@@@,300,1,0,@@@m_martinez@@@)','',2,'2013-08-05'),(48248,'INSERT INTO gne_vale_ferreteria_mov (vfe_id,pro_codigo_plu,vfm_cantidad,vfm_unitario,vfm_total,vfm_entregado) VALUES (7216,9900006,2,150,300,@@@NO@@@)','',2,'2013-08-05'),(48249,'INSERT INTO gne_vale_ferreteria (vfe_id,vfe_fecha,vfe_total,vfe_estado,vfe_entregado,usu_nusuario) VALUES (7217,@@@2013.08.05@@@,960,1,0,@@@m_martinez@@@)','',2,'2013-08-05'),(48250,'INSERT INTO gne_vale_ferreteria_mov (vfe_id,pro_codigo_plu,vfm_cantidad,vfm_unitario,vfm_total,vfm_entregado) VALUES (7217,15949,2,480,960,@@@NO@@@)','',2,'2013-08-05'),(48251,'INSERT INTO gne_vale_ferreteria (vfe_id,vfe_fecha,vfe_total,vfe_estado,vfe_entregado,usu_nusuario) VALUES (7218,@@@2013.08.05@@@,1400,1,0,@@@m_martinez@@@)','',2,'2013-08-05'),(48252,'INSERT INTO gne_vale_ferreteria_mov (vfe_id,pro_codigo_plu,vfm_cantidad,vfm_unitario,vfm_total,vfm_entregado) VALUES (7218,764434,1,1150,1150,@@@NO@@@)','',2,'2013-08-05'),(48253,'INSERT INTO gne_vale_ferreteria_mov (vfe_id,pro_codigo_plu,vfm_cantidad,vfm_unitario,vfm_total,vfm_entregado) VALUES (7218,78017208,1,250,250,@@@NO@@@)','',2,'2013-08-05'),(48254,'INSERT INTO gne_vale_ferreteria (vfe_id,vfe_fecha,vfe_total,vfe_estado,vfe_entregado,usu_nusuario) VALUES (7219,@@@2013.08.05@@@,620,1,0,@@@m_martinez@@@)','',2,'2013-08-05'),(48255,'INSERT INTO gne_vale_ferreteria_mov (vfe_id,pro_codigo_plu,vfm_cantidad,vfm_unitario,vfm_total,vfm_entregado) VALUES (7219,780220180,1,620,620,@@@NO@@@)','',2,'2013-08-05'),(48256,'INSERT INTO gne_vale_ferreteria (vfe_id,vfe_fecha,vfe_total,vfe_estado,vfe_entregado,usu_nusuario) VALUES (7220,@@@2013.08.05@@@,2390,1,0,@@@m_martinez@@@)','',2,'2013-08-05'),(48257,'INSERT INTO gne_vale_ferreteria_mov (vfe_id,pro_codigo_plu,vfm_cantidad,vfm_unitario,vfm_total,vfm_entregado) VALUES (7220,764656,1,2390,2390,@@@NO@@@)','',2,'2013-08-05'),(48258,'INSERT INTO gne_vale_ferreteria (vfe_id,vfe_fecha,vfe_total,vfe_estado,vfe_entregado,usu_nusuario) VALUES (7221,@@@2013.08.05@@@,200,1,0,@@@m_martinez@@@)','',2,'2013-08-05'),(48259,'INSERT INTO gne_vale_ferreteria_mov (vfe_id,pro_codigo_plu,vfm_cantidad,vfm_unitario,vfm_total,vfm_entregado) VALUES (7221,7052,1,200,200,@@@NO@@@)','',2,'2013-08-05'),(48260,'INSERT INTO gne_vale_ferreteria (vfe_id,vfe_fecha,vfe_total,vfe_estado,vfe_entregado,usu_nusuario) VALUES (7222,@@@2013.08.06@@@,520,1,0,@@@b_SAEZ@@@)','',2,'2013-08-06'),(48261,'INSERT INTO gne_vale_ferreteria_mov (vfe_id,pro_codigo_plu,vfm_cantidad,vfm_unitario,vfm_total,vfm_entregado) VALUES (7222,780721058,1,520,520,@@@NO@@@)','',2,'2013-08-06'),(48262,'INSERT INTO gne_vale_ferreteria (vfe_id,vfe_fecha,vfe_total,vfe_estado,vfe_entregado,usu_nusuario) VALUES (7223,@@@2013.08.06@@@,150,1,0,@@@b_SAEZ@@@)','',2,'2013-08-06'),(48263,'INSERT INTO gne_vale_ferreteria_mov (vfe_id,pro_codigo_plu,vfm_cantidad,vfm_unitario,vfm_total,vfm_entregado) VALUES (7223,9900006,1,150,150,@@@NO@@@)','',2,'2013-08-06'),(48264,'INSERT INTO gne_vale_ferreteria (vfe_id,vfe_fecha,vfe_total,vfe_estado,vfe_entregado,usu_nusuario) VALUES (7224,@@@2013.08.06@@@,290,1,0,@@@b_SAEZ@@@)','',2,'2013-08-06'),(48265,'INSERT INTO gne_vale_ferreteria_mov (vfe_id,pro_codigo_plu,vfm_cantidad,vfm_unitario,vfm_total,vfm_entregado) VALUES (7224,761330,1,290,290,@@@NO@@@)','',2,'2013-08-06'),(48266,'INSERT INTO gne_vale_ferreteria (vfe_id,vfe_fecha,vfe_total,vfe_estado,vfe_entregado,usu_nusuario) VALUES (7225,@@@2013.08.06@@@,399,1,0,@@@b_SAEZ@@@)','',2,'2013-08-06'),(48267,'INSERT INTO gne_vale_ferreteria_mov (vfe_id,pro_codigo_plu,vfm_cantidad,vfm_unitario,vfm_total,vfm_entregado) VALUES (7225,780721388,1,399,399,@@@NO@@@)','',2,'2013-08-06'),(48268,'INSERT INTO gne_vale_ferreteria (vfe_id,vfe_fecha,vfe_total,vfe_estado,vfe_entregado,usu_nusuario) VALUES (7226,@@@2013.08.06@@@,120,1,0,@@@b_SAEZ@@@)','',2,'2013-08-06'),(48269,'INSERT INTO gne_vale_ferreteria_mov (vfe_id,pro_codigo_plu,vfm_cantidad,vfm_unitario,vfm_total,vfm_entregado) VALUES (7226,8022,1,120,120,@@@NO@@@)','',2,'2013-08-06'),(48270,'INSERT INTO gne_vale_ferreteria (vfe_id,vfe_fecha,vfe_total,vfe_estado,vfe_entregado,usu_nusuario) VALUES (7227,@@@2013.08.06@@@,1220,1,0,@@@b_SAEZ@@@)','',2,'2013-08-06'),(48271,'INSERT INTO gne_vale_ferreteria_mov (vfe_id,pro_codigo_plu,vfm_cantidad,vfm_unitario,vfm_total,vfm_entregado) VALUES (7227,15967,2,130,260,@@@NO@@@)','',2,'2013-08-06'),(48272,'INSERT INTO gne_vale_ferreteria_mov (vfe_id,pro_codigo_plu,vfm_cantidad,vfm_unitario,vfm_total,vfm_entregado) VALUES (7227,15935,2,480,960,@@@NO@@@)','',2,'2013-08-06'),(48273,'INSERT INTO gne_vale_ferreteria (vfe_id,vfe_fecha,vfe_total,vfe_estado,vfe_entregado,usu_nusuario) VALUES (7228,@@@2013.08.06@@@,30,1,0,@@@b_SAEZ@@@)','',2,'2013-08-06'),(48274,'INSERT INTO gne_vale_ferreteria_mov (vfe_id,pro_codigo_plu,vfm_cantidad,vfm_unitario,vfm_total,vfm_entregado) VALUES (7228,780721421,1,30,30,@@@NO@@@)','',2,'2013-08-06'),(48275,'INSERT INTO com_ventas_grupo (vgr_fecha,vgr_grupo,vgr_cantidad,vgr_total) VALUES (@@@2013.08.05@@@,1,298.75,275719)','',2,'2013-08-06'),(48276,'INSERT INTO com_ventas_grupo (vgr_fecha,vgr_grupo,vgr_cantidad,vgr_total) VALUES (@@@2013.08.05@@@,2,224,102168)','',2,'2013-08-06'),(48277,'INSERT INTO com_ventas_grupo (vgr_fecha,vgr_grupo,vgr_cantidad,vgr_total) VALUES (@@@2013.08.05@@@,3,431,86116)','',2,'2013-08-06'),(48278,'INSERT INTO com_ventas_grupo (vgr_fecha,vgr_grupo,vgr_cantidad,vgr_total) VALUES (@@@2013.08.05@@@,4,89,79296)','',2,'2013-08-06'),(48279,'INSERT INTO com_ventas_grupo (vgr_fecha,vgr_grupo,vgr_cantidad,vgr_total) VALUES (@@@2013.08.05@@@,5,4,12878)','',2,'2013-08-06'),(48280,'INSERT INTO com_ventas_grupo (vgr_fecha,vgr_grupo,vgr_cantidad,vgr_total) VALUES (@@@2013.08.05@@@,6,11,24509)','',2,'2013-08-06'),(48281,'INSERT INTO com_ventas_grupo (vgr_fecha,vgr_grupo,vgr_cantidad,vgr_total) VALUES (@@@2013.08.05@@@,7,23,33153)','',2,'2013-08-06'),(48282,'INSERT INTO com_ventas_grupo (vgr_fecha,vgr_grupo,vgr_cantidad,vgr_total) VALUES (@@@2013.08.05@@@,8,49,28010)','',2,'2013-08-06'),(48283,'INSERT INTO com_ventas_grupo (vgr_fecha,vgr_grupo,vgr_cantidad,vgr_total) VALUES (@@@2013.08.05@@@,9,58.565,105605)','',2,'2013-08-06'),(48284,'INSERT INTO com_ventas_grupo (vgr_fecha,vgr_grupo,vgr_cantidad,vgr_total) VALUES (@@@2013.08.05@@@,10,28.595,73600)','',2,'2013-08-06'),(48285,'INSERT INTO com_ventas_grupo (vgr_fecha,vgr_grupo,vgr_cantidad,vgr_total) VALUES (@@@2013.08.05@@@,11,32.855,75182)','',2,'2013-08-06'),(48286,'INSERT INTO com_ventas_grupo (vgr_fecha,vgr_grupo,vgr_cantidad,vgr_total) VALUES (@@@2013.08.05@@@,12,46.585,64592)','',2,'2013-08-06'),(48287,'INSERT INTO com_ventas_grupo (vgr_fecha,vgr_grupo,vgr_cantidad,vgr_total) VALUES (@@@2013.08.05@@@,13,19.71,29002)','',2,'2013-08-06'),(48288,'INSERT INTO com_ventas_grupo (vgr_fecha,vgr_grupo,vgr_cantidad,vgr_total) VALUES (@@@2013.08.05@@@,14,92.87,83326)','',2,'2013-08-06'),(48289,'INSERT INTO com_ventas_grupo (vgr_fecha,vgr_grupo,vgr_cantidad,vgr_total) VALUES (@@@2013.08.05@@@,15,1,120)','',2,'2013-08-06'),(48290,'INSERT INTO com_ventas_grupo (vgr_fecha,vgr_grupo,vgr_cantidad,vgr_total) VALUES (@@@2013.08.05@@@,16,1,170)','',2,'2013-08-06'),(48291,'INSERT INTO com_ventas_grupo (vgr_fecha,vgr_grupo,vgr_cantidad,vgr_total) VALUES (@@@2013.08.05@@@,18,227.88,127631)','',2,'2013-08-06'),(48292,'INSERT INTO com_ventas_grupo (vgr_fecha,vgr_grupo,vgr_cantidad,vgr_total) VALUES (@@@2013.08.05@@@,20,160.595,51889)','',2,'2013-08-06'),(48293,'INSERT INTO com_ventas_grupo (vgr_fecha,vgr_grupo,vgr_cantidad,vgr_total) VALUES (@@@2013.08.05@@@,21,39,37360)','',2,'2013-08-06'),(48294,'INSERT INTO com_ventas_grupo (vgr_fecha,vgr_grupo,vgr_cantidad,vgr_total) VALUES (@@@2013.08.05@@@,23,3,2190)','',2,'2013-08-06'),(48295,'INSERT INTO com_ventas_grupo (vgr_fecha,vgr_grupo,vgr_cantidad,vgr_total) VALUES (@@@2013.08.05@@@,24,337,151250)','',2,'2013-08-06'),(48296,'INSERT INTO com_ventas_grupo (vgr_fecha,vgr_grupo,vgr_cantidad,vgr_total) VALUES (@@@2013.08.05@@@,25,72,106200)','',2,'2013-08-06'),(48297,'INSERT INTO com_ventas_grupo (vgr_fecha,vgr_grupo,vgr_cantidad,vgr_total) VALUES (@@@2013.08.05@@@,31,29,25124)','',2,'2013-08-06'),(48298,'INSERT INTO com_ventas_grupo (vgr_fecha,vgr_grupo,vgr_cantidad,vgr_total) VALUES (@@@2013.08.05@@@,32,382,112914)','',2,'2013-08-06'),(48299,'INSERT INTO com_ventas_grupo (vgr_fecha,vgr_grupo,vgr_cantidad,vgr_total) VALUES (@@@2013.08.05@@@,35,19,32690)','',2,'2013-08-06'),(48300,'INSERT INTO com_ventas_grupo (vgr_fecha,vgr_grupo,vgr_cantidad,vgr_total) VALUES (@@@2013.08.05@@@,36,3,230)','',2,'2013-08-06'),(48301,'INSERT INTO com_ventas_grupo (vgr_fecha,vgr_grupo,vgr_cantidad,vgr_total) VALUES (@@@2013.08.05@@@,37,5,900)','',2,'2013-08-06'),(48302,'INSERT INTO com_ventas_grupo (vgr_fecha,vgr_grupo,vgr_cantidad,vgr_total) VALUES (@@@2013.08.05@@@,38,5,6350)','',2,'2013-08-06'),(48303,'INSERT INTO com_ventas_grupo (vgr_fecha,vgr_grupo,vgr_cantidad,vgr_total) VALUES (@@@2013.08.05@@@,39,2,3210)','',2,'2013-08-06'),(48304,'INSERT INTO com_ventas_grupo (vgr_fecha,vgr_grupo,vgr_cantidad,vgr_total) VALUES (@@@2013.08.05@@@,40,9455,9455)','',2,'2013-08-06'),(48305,'INSERT INTO com_ventas_grupo (vgr_fecha,vgr_grupo,vgr_cantidad,vgr_total) VALUES (@@@2013.08.05@@@,42,32.63,19791)','',2,'2013-08-06'),(48306,'UPDATE mae_datos_empresa SET emp_oferta=@@@NO@@@','',2,'2013-08-06'),(48307,'INSERT INTO gne_vale_ferreteria (vfe_id,vfe_fecha,vfe_total,vfe_estado,vfe_entregado,usu_nusuario) VALUES (7229,@@@2013.08.06@@@,2230,1,0,@@@b_SAEZ@@@)','',2,'2013-08-06'),(48308,'INSERT INTO gne_vale_ferreteria_mov (vfe_id,pro_codigo_plu,vfm_cantidad,vfm_unitario,vfm_total,vfm_entregado) VALUES (7229,780721534,1,1490,1490,@@@NO@@@)','',2,'2013-08-06'),(48309,'INSERT INTO gne_vale_ferreteria_mov (vfe_id,pro_codigo_plu,vfm_cantidad,vfm_unitario,vfm_total,vfm_entregado) VALUES (7229,763802,1,250,250,@@@NO@@@)','',2,'2013-08-06'),(48310,'INSERT INTO gne_vale_ferreteria_mov (vfe_id,pro_codigo_plu,vfm_cantidad,vfm_unitario,vfm_total,vfm_entregado) VALUES (7229,2006,1,490,490,@@@NO@@@)','',2,'2013-08-06'),(48311,'INSERT INTO gne_vale_ferreteria (vfe_id,vfe_fecha,vfe_total,vfe_estado,vfe_entregado,usu_nusuario) VALUES (7230,@@@2013.08.06@@@,200,1,0,@@@b_SAEZ@@@)','',2,'2013-08-06'),(48312,'INSERT INTO gne_vale_ferreteria_mov (vfe_id,pro_codigo_plu,vfm_cantidad,vfm_unitario,vfm_total,vfm_entregado) VALUES (7230,2011,1,200,200,@@@NO@@@)','',2,'2013-08-06'),(48313,'INSERT INTO gne_vale_ferreteria (vfe_id,vfe_fecha,vfe_total,vfe_estado,vfe_entregado,usu_nusuario) VALUES (7231,@@@2013.08.06@@@,1590,1,0,@@@b_SAEZ@@@)','',2,'2013-08-06'),(48314,'INSERT INTO gne_vale_ferreteria_mov (vfe_id,pro_codigo_plu,vfm_cantidad,vfm_unitario,vfm_total,vfm_entregado) VALUES (7231,19964,1,1590,1590,@@@NO@@@)','',2,'2013-08-06'),(48315,'UPDATE mae_productos SET pro_margen_actual=73.25,pro_precio_venta=1990 WHERE pro_codigo_plu=761646','',2,'2013-08-06'),(48316,'UPDATE mae_productos SET pro_margen_actual=0,pro_precio_venta=1490 WHERE pro_codigo_plu=762133','',2,'2013-08-06'),(48317,'INSERT INTO gne_vale_ferreteria (vfe_id,vfe_fecha,vfe_total,vfe_estado,vfe_entregado,usu_nusuario) VALUES (7232,@@@2013.08.06@@@,1170,1,0,@@@b_SAEZ@@@)','',2,'2013-08-06'),(48318,'INSERT INTO gne_vale_ferreteria_mov (vfe_id,pro_codigo_plu,vfm_cantidad,vfm_unitario,vfm_total,vfm_entregado) VALUES (7232,1535,3,390,1170,@@@NO@@@)','',2,'2013-08-06'),(48319,'INSERT INTO mae_productos (pro_codigo_plu,pro_codigo_barra,pro_tipo,pro_nombre_producto,pro_nombre_corto,med_id,emb_id,pro_unidades_embalaje,dep_id,lin_id,mar_id,pro_precio_compra_neto,pro_precio_compra_bruto,pro_precio_venta,pro_margen_actual,pro_oferta,pro_fecha_inicio_oferta,pro_fecha_termino_oferta,pro_precio_oferta,pro_stock_minimo,pro_stock_critico,pro_entradas_bodega,pro_salidas_bodega,pro_mermas_bodega,pro_ajustes_bodega,pro_entradas_sv,pro_salidas_sv,pro_mermas_sv,pro_ajustes_sv,pro_activo,rec_numero,pro_unidad,pro_capacidad,pro_consumo_bodega,pro_consumo_sv,pro_estado,pro_funcion_plu,pro_flejes,pro_iva,pro_plu_asociado,pro_envase,pro_duracion,pro_numero_etiqueta) VALUES (780721605,@@@7802215121357@@@,@@@0@@@,@@@CHOCALATE CAREZZA 180 G @@@,@@@CHOCALATE CAREZZ@@@,@@@5 @@@,@@@6 @@@,@@@20@@@,@@@32 @@@,@@@161@@@,@@@1694@@@,@@@0@@@,@@@1@@@,@@@1@@@,@@@0@@@,@@@@@@,@@@2006.09.07@@@,@@@2006.09.07@@@,@@@0@@@,@@@5@@@,@@@3@@@,@@@0@@@,@@@0@@@,@@@0@@@,@@@0@@@,@@@0@@@,@@@0@@@,@@@0@@@,@@@0@@@,@@@1@@@,@@@0@@@,0,180,0,0,2,0,1,1,0,@@@NO@@@,0,0)','',2,'2013-08-06'),(48320,'DELETE FROM mae_impuestos_productos WHERE pro_codigo_plu=@@@780721605@@@','',2,'2013-08-06'),(48321,'INSERT INTO gne_vale_ferreteria (vfe_id,vfe_fecha,vfe_total,vfe_estado,vfe_entregado,usu_nusuario) VALUES (7233,@@@2013.08.06@@@,480,1,0,@@@b_SAEZ@@@)','',2,'2013-08-06'),(48322,'INSERT INTO gne_vale_ferreteria_mov (vfe_id,pro_codigo_plu,vfm_cantidad,vfm_unitario,vfm_total,vfm_entregado) VALUES (7233,15949,1,480,480,@@@NO@@@)','',2,'2013-08-06'),(48323,'INSERT INTO gne_vale_ferreteria (vfe_id,vfe_fecha,vfe_total,vfe_estado,vfe_entregado,usu_nusuario) VALUES (7234,@@@2013.08.06@@@,200,1,0,@@@b_SAEZ@@@)','',2,'2013-08-06'),(48324,'INSERT INTO gne_vale_ferreteria_mov (vfe_id,pro_codigo_plu,vfm_cantidad,vfm_unitario,vfm_total,vfm_entregado) VALUES (7234,1542,2,100,200,@@@NO@@@)','',2,'2013-08-06'),(48325,'UPDATE mae_productos SET pro_precio_venta=1290,pro_margen_actual=32.79, pro_precio_compra_bruto=971.43, pro_precio_compra_neto=816.327731092437 WHERE pro_codigo_plu=780721605','',2,'2013-08-06'),(48326,'UPDATE mae_productos SET pro_codigo_barra=@@@1011@@@,pro_tipo=@@@0@@@,pro_nombre_producto=@@@HUEVO BLANCO@@@,pro_nombre_corto=@@@HUEVO BLANCO@@@,med_id=@@@1@@@,emb_id=@@@1@@@,pro_unidades_embalaje=@@@1@@@,dep_id=@@@3 @@@,lin_id=@@@53@@@,mar_id=@@@2507@@@,pro_precio_compra_neto=@@@0@@@,pro_precio_compra_bruto=@@@95@@@,pro_precio_venta=@@@130@@@,pro_margen_actual=@@@36.84@@@,pro_oferta=@@@NO@@@,pro_fecha_inicio_oferta=@@@1900.01.01@@@,pro_fecha_termino_oferta=@@@1900.01.01@@@,pro_precio_oferta=@@@0@@@,pro_stock_minimo=@@@150@@@,pro_stock_critico=@@@100@@@,pro_activo=@@@1@@@,pro_unidad=@@@0@@@,pro_precio_compra_bruto=95,pro_margen_actual=36.84,pro_capacidad=1,pro_funcion_plu=0,pro_flejes=0,pro_iva=1,pro_plu_asociado=0,pro_envase=@@@NO@@@,pro_duracion=0,pro_numero_etiqueta=0 WHERE pro_codigo_plu=@@@1011@@@','',2,'2013-08-06'),(48327,'UPDATE mae_productos SET pro_estado=1 WHERE pro_codigo_plu=1011','',2,'2013-08-06'),(48328,'DELETE FROM mae_impuestos_productos WHERE pro_codigo_plu=@@@1011@@@','',2,'2013-08-06'),(48329,'INSERT INTO gne_vale_ferreteria (vfe_id,vfe_fecha,vfe_total,vfe_estado,vfe_entregado,usu_nusuario) VALUES (7235,@@@2013.08.06@@@,5060,1,0,@@@b_SAEZ@@@)','',2,'2013-08-06'),(48330,'INSERT INTO gne_vale_ferreteria_mov (vfe_id,pro_codigo_plu,vfm_cantidad,vfm_unitario,vfm_total,vfm_entregado) VALUES (7235,764939,1,2790,2790,@@@NO@@@)','',2,'2013-08-06'),(48331,'INSERT INTO gne_vale_ferreteria_mov (vfe_id,pro_codigo_plu,vfm_cantidad,vfm_unitario,vfm_total,vfm_entregado) VALUES (7235,1538,1,490,490,@@@NO@@@)','',2,'2013-08-06'),(48332,'INSERT INTO gne_vale_ferreteria_mov (vfe_id,pro_codigo_plu,vfm_cantidad,vfm_unitario,vfm_total,vfm_entregado) VALUES (7235,780721516,2,590,1180,@@@NO@@@)','',2,'2013-08-06'),(48333,'INSERT INTO gne_vale_ferreteria_mov (vfe_id,pro_codigo_plu,vfm_cantidad,vfm_unitario,vfm_total,vfm_entregado) VALUES (7235,1545,12,50,600,@@@NO@@@)','',2,'2013-08-06'),(48334,'UPDATE mae_productos SET pro_precio_compra_bruto=95,pro_margen_actual=(pro_precio_venta-95)/95 * 100,pro_ultima_compra=@@@2013.08.06@@@,pro_ultimo_proveedor=@@@76027786-K@@@ WHERE pro_codigo_plu=1011','',2,'2013-08-06'),(48335,'UPDATE mae_productos SET pro_precio_compra_bruto=95,pro_margen_actual=(pro_precio_venta-95)/95 * 100,pro_ultima_compra=@@@2013.08.06@@@,pro_ultimo_proveedor=@@@76027786-K@@@ WHERE pro_codigo_plu=1012','',2,'2013-08-06'),(48336,'UPDATE mae_productos SET pro_precio_compra_bruto=470.7,pro_margen_actual=(pro_precio_venta-470.7)/470.7 * 100,pro_ultima_compra=@@@2013.08.06@@@,pro_ultimo_proveedor=@@@96591040-9@@@ WHERE pro_codigo_plu=12373','',2,'2013-08-06'),(48337,'UPDATE mae_productos SET pro_precio_compra_bruto=241.93,pro_margen_actual=(pro_precio_venta-241.93)/241.93 * 100,pro_ultima_compra=@@@2013.08.06@@@,pro_ultimo_proveedor=@@@96591040-9@@@ WHERE pro_codigo_plu=11962','',2,'2013-08-06'),(48338,'UPDATE mae_productos SET pro_precio_compra_bruto=241.93,pro_margen_actual=(pro_precio_venta-241.93)/241.93 * 100,pro_ultima_compra=@@@2013.08.06@@@,pro_ultimo_proveedor=@@@96591040-9@@@ WHERE pro_codigo_plu=11961','',2,'2013-08-06'),(48339,'UPDATE mae_productos SET pro_precio_compra_bruto=388.78,pro_margen_actual=(pro_precio_venta-388.78)/388.78 * 100,pro_ultima_compra=@@@2013.08.06@@@,pro_ultimo_proveedor=@@@96591040-9@@@ WHERE pro_codigo_plu=762003','',2,'2013-08-06'),(48340,'UPDATE mae_productos SET pro_precio_compra_bruto=76.63,pro_margen_actual=(pro_precio_venta-76.63)/76.63 * 100,pro_ultima_compra=@@@2013.08.06@@@,pro_ultimo_proveedor=@@@96591040-9@@@ WHERE pro_codigo_plu=762873','',2,'2013-08-06'),(48341,'UPDATE mae_productos SET pro_precio_compra_bruto=42,pro_margen_actual=(pro_precio_venta-42)/42 * 100,pro_ultima_compra=@@@2013.08.06@@@,pro_ultimo_proveedor=@@@96591040-9@@@ WHERE pro_codigo_plu=4072','',2,'2013-08-06'),(48342,'UPDATE mae_productos SET pro_precio_compra_bruto=939.6,pro_margen_actual=(pro_precio_venta-939.6)/939.6 * 100,pro_ultima_compra=@@@2013.08.06@@@,pro_ultimo_proveedor=@@@96591040-9@@@ WHERE pro_codigo_plu=12652','',2,'2013-08-06'),(48343,'UPDATE mae_productos SET pro_precio_compra_bruto=971.43,pro_margen_actual=(pro_precio_venta-971.43)/971.43 * 100,pro_ultima_compra=@@@2013.08.06@@@,pro_ultimo_proveedor=@@@96591040-9@@@ WHERE pro_codigo_plu=780721605','',2,'2013-08-06'),(48344,'UPDATE mae_productos SET pro_precio_compra_bruto=929,pro_margen_actual=(pro_precio_venta-929)/929 * 100,pro_ultima_compra=@@@2013.08.06@@@,pro_ultimo_proveedor=@@@96591040-9@@@ WHERE pro_codigo_plu=102270','',2,'2013-08-06'),(48345,'UPDATE mae_productos SET pro_precio_compra_bruto=466.9,pro_margen_actual=(pro_precio_venta-466.9)/466.9 * 100,pro_ultima_compra=@@@2013.08.06@@@,pro_ultimo_proveedor=@@@96591040-9@@@ WHERE pro_codigo_plu=780220089','',2,'2013-08-06'),(48346,'UPDATE mae_productos SET pro_precio_compra_bruto=73.43,pro_margen_actual=(pro_precio_venta-73.43)/73.43 * 100,pro_ultima_compra=@@@2013.08.06@@@,pro_ultimo_proveedor=@@@96591040-9@@@ WHERE pro_codigo_plu=102011','',2,'2013-08-06'),(48347,'UPDATE mae_productos SET pro_precio_compra_bruto=50.775,pro_margen_actual=(pro_precio_venta-50.775)/50.775 * 100,pro_ultima_compra=@@@2013.08.06@@@,pro_ultimo_proveedor=@@@96591040-9@@@ WHERE pro_codigo_plu=764875','',2,'2013-08-06'),(48348,'UPDATE mae_productos SET pro_precio_fiscal=pro_precio_venta WHERE pro_codigo_plu=780721605','',2,'2013-08-06'),(48349,'INSERT INTO gne_vale_ferreteria (vfe_id,vfe_fecha,vfe_total,vfe_estado,vfe_entregado,usu_nusuario) VALUES (7236,@@@2013.08.06@@@,7970,1,0,@@@b_SAEZ@@@)','',2,'2013-08-06'),(48350,'INSERT INTO gne_vale_ferreteria_mov (vfe_id,pro_codigo_plu,vfm_cantidad,vfm_unitario,vfm_total,vfm_entregado) VALUES (7236,764929,1,3990,3990,@@@NO@@@)','',2,'2013-08-06'),(48351,'INSERT INTO gne_vale_ferreteria_mov (vfe_id,pro_codigo_plu,vfm_cantidad,vfm_unitario,vfm_total,vfm_entregado) VALUES (7236,764925,1,2490,2490,@@@NO@@@)','',2,'2013-08-06'),(48352,'INSERT INTO gne_vale_ferreteria_mov (vfe_id,pro_codigo_plu,vfm_cantidad,vfm_unitario,vfm_total,vfm_entregado) VALUES (7236,764926,1,1490,1490,@@@NO@@@)','',2,'2013-08-06'),(48353,'UPDATE mae_datos_empresa SET emp_oferta=@@@SI@@@,emp_descuento=15','',2,'2013-08-06'),(48354,'UPDATE mae_departamento SET dep_oferta=@@@NO@@@ WHERE dep_id=1','',2,'2013-08-06'),(48355,'UPDATE mae_departamento SET dep_oferta=@@@NO@@@ WHERE dep_id=2','',2,'2013-08-06'),(48356,'UPDATE mae_departamento SET dep_oferta=@@@NO@@@ WHERE dep_id=3','',2,'2013-08-06'),(48357,'UPDATE mae_departamento SET dep_oferta=@@@NO@@@ WHERE dep_id=4','',2,'2013-08-06'),(48358,'UPDATE mae_departamento SET dep_oferta=@@@NO@@@ WHERE dep_id=5','',2,'2013-08-06'),(48359,'UPDATE mae_departamento SET dep_oferta=@@@NO@@@ WHERE dep_id=6','',2,'2013-08-06'),(48360,'UPDATE mae_departamento SET dep_oferta=@@@NO@@@ WHERE dep_id=7','',2,'2013-08-06'),(48361,'UPDATE mae_departamento SET dep_oferta=@@@NO@@@ WHERE dep_id=8','',2,'2013-08-06'),(48362,'UPDATE mae_departamento SET dep_oferta=@@@NO@@@ WHERE dep_id=9','',2,'2013-08-06'),(48363,'UPDATE mae_departamento SET dep_oferta=@@@NO@@@ WHERE dep_id=10','',2,'2013-08-06'),(48364,'UPDATE mae_departamento SET dep_oferta=@@@NO@@@ WHERE dep_id=11','',2,'2013-08-06'),(48365,'UPDATE mae_departamento SET dep_oferta=@@@NO@@@ WHERE dep_id=12','',2,'2013-08-06'),(48366,'UPDATE mae_departamento SET dep_oferta=@@@NO@@@ WHERE dep_id=13','',2,'2013-08-06'),(48367,'UPDATE mae_departamento SET dep_oferta=@@@NO@@@ WHERE dep_id=14','',2,'2013-08-06'),(48368,'UPDATE mae_departamento SET dep_oferta=@@@NO@@@ WHERE dep_id=15','',2,'2013-08-06'),(48369,'UPDATE mae_departamento SET dep_oferta=@@@NO@@@ WHERE dep_id=16','',2,'2013-08-06'),(48370,'UPDATE mae_departamento SET dep_oferta=@@@NO@@@ WHERE dep_id=17','',2,'2013-08-06'),(48371,'UPDATE mae_departamento SET dep_oferta=@@@NO@@@ WHERE dep_id=18','',2,'2013-08-06'),(48372,'UPDATE mae_departamento SET dep_oferta=@@@NO@@@ WHERE dep_id=19','',2,'2013-08-06'),(48373,'UPDATE mae_departamento SET dep_oferta=@@@NO@@@ WHERE dep_id=20','',2,'2013-08-06'),(48374,'UPDATE mae_departamento SET dep_oferta=@@@NO@@@ WHERE dep_id=21','',2,'2013-08-06'),(48375,'UPDATE mae_departamento SET dep_oferta=@@@NO@@@ WHERE dep_id=22','',2,'2013-08-06'),(48376,'UPDATE mae_departamento SET dep_oferta=@@@SI@@@ WHERE dep_id=23','',2,'2013-08-06'),(48377,'UPDATE mae_departamento SET dep_oferta=@@@NO@@@ WHERE dep_id=24','',2,'2013-08-06'),(48378,'UPDATE mae_departamento SET dep_oferta=@@@NO@@@ WHERE dep_id=25','',2,'2013-08-06'),(48379,'UPDATE mae_departamento SET dep_oferta=@@@NO@@@ WHERE dep_id=26','',2,'2013-08-06'),(48380,'UPDATE mae_departamento SET dep_oferta=@@@NO@@@ WHERE dep_id=27','',2,'2013-08-06'),(48381,'UPDATE mae_departamento SET dep_oferta=@@@NO@@@ WHERE dep_id=28','',2,'2013-08-06'),(48382,'UPDATE mae_departamento SET dep_oferta=@@@NO@@@ WHERE dep_id=29','',2,'2013-08-06'),(48383,'UPDATE mae_departamento SET dep_oferta=@@@NO@@@ WHERE dep_id=30','',2,'2013-08-06'),(48384,'UPDATE mae_departamento SET dep_oferta=@@@NO@@@ WHERE dep_id=31','',2,'2013-08-06'),(48385,'UPDATE mae_departamento SET dep_oferta=@@@NO@@@ WHERE dep_id=32','',2,'2013-08-06'),(48386,'UPDATE mae_departamento SET dep_oferta=@@@NO@@@ WHERE dep_id=33','',2,'2013-08-06'),(48387,'UPDATE mae_departamento SET dep_oferta=@@@NO@@@ WHERE dep_id=34','',2,'2013-08-06'),(48388,'UPDATE mae_departamento SET dep_oferta=@@@NO@@@ WHERE dep_id=35','',2,'2013-08-06'),(48389,'UPDATE mae_departamento SET dep_oferta=@@@NO@@@ WHERE dep_id=36','',2,'2013-08-06'),(48390,'UPDATE mae_departamento SET dep_oferta=@@@NO@@@ WHERE dep_id=37','',2,'2013-08-06'),(48391,'UPDATE mae_departamento SET dep_oferta=@@@NO@@@ WHERE dep_id=38','',2,'2013-08-06'),(48392,'UPDATE mae_departamento SET dep_oferta=@@@NO@@@ WHERE dep_id=39','',2,'2013-08-06'),(48393,'UPDATE mae_departamento SET dep_oferta=@@@NO@@@ WHERE dep_id=40','',2,'2013-08-06'),(48394,'UPDATE mae_departamento SET dep_oferta=@@@NO@@@ WHERE dep_id=41','',2,'2013-08-06'),(48395,'UPDATE mae_departamento SET dep_oferta=@@@NO@@@ WHERE dep_id=42','',2,'2013-08-06'),(48396,'UPDATE mae_departamento SET dep_oferta=@@@NO@@@ WHERE dep_id=43','',2,'2013-08-06'),(48397,'UPDATE mae_departamento SET dep_oferta=@@@NO@@@ WHERE dep_id=44','',2,'2013-08-06'),(48398,'UPDATE mae_datos_empresa SET emp_rut=@@@10162956-2@@@,emp_razon_social=@@@SUPERMERCADO UNICO NACIMIENTO@@@,emp_sucursal=@@@MATRIZ@@@,emp_giro=@@@SUPERMERCADOS@@@,emp_direccion=@@@AV. SAN GREGORIO 15@@@,emp_ciudad=@@@NACIMIENTO@@@,emp_telefono=@@@511706@@@,emp_mail=@@@UNICONACIMIENTO@GMAIL.COM@@@,emp_mail_gerencia_comercial=@@@@@@,emp_mail_gerencia_operaciones=@@@@@@,emp_mail_gerencia_sistemas=@@@@@@,emp_nombre_administrador=@@@SUPERMERCADO UNICO@@@,emp_direccion_sala=@@@AV. SAN GREGORIO 15@@@,emp_ciudad_sala=@@@NACIMIENTO@@@,emp_utm=40005,emp_telefono_sala=@@@511706@@@,emp_fax_sala=@@@511706@@@,emp_mail_sala=@@@UNICONACIMIENTO@GMAIL.COM@@@,emp_cta_efectivo=@@@0@@@,emp_cta_cheque=@@@0@@@,emp_cta_ventas=@@@0@@@,emp_cta_t_credito=@@@0@@@,emp_cta_t_debito=@@@0@@@,emp_cta_p_acumulados=@@@0@@@,emp_cta_descuento=@@@0@@@,emp_cta_cliente=@@@0@@@,emp_cta_funcionario=@@@0@@@,emp_cta_apoyo=@@@0@@@','',2,'2013-08-06'),(48399,'UPDATE mae_datos_empresa SET emp_entradas_compras=@@@0@@@,emp_entradas_pack=@@@0@@@,emp_entradas_preparados=@@@0@@@,emp_salidas_pi_pack=@@@0@@@,emp_salidas_pi_preparados=@@@0@@@,emp_iva=19,emp_lineas_facturas=18,emp_lineas_guias=18,emp_lineas_nc=@@@12@@@,emp_minimo_nc=@@@500@@@,emp_codigo_ferreteria=0,emp_codigo_cigarrillos=25,emp_path_flejes=@@@C:/Users/Administracion/Documents/flejes@@@,emp_path_balanzas=@@@C:/@@@,emp_path_precios=@@@//secretaria/C/UX60/CORREO@@@,emp_path_ventas=@@@//secretaria/C/UX60@@@,emp_cta_mercaderias=0,emp_cta_iva=0,emp_cta_excento=0,emp_cta_harina=0,emp_cta_especifico=0,emp_cta_carne=0,emp_cta_ila=0,emp_cta_proveedor=0,emp_registradora=3,emp_funcionamiento=0,emp_codigo_queseria=0,emp_codigo_roticeria=3,emp_com=@@@COM1@@@,emp_baudios=@@@9600@@@,emp_total_cajas=3','',2,'2013-08-06'),(48400,'UPDATE mae_datos_empresa SET emp_oferta=@@@SI@@@,emp_descuento=15','',2,'2013-08-06'),(48401,'UPDATE mae_departamento SET dep_oferta=@@@NO@@@ WHERE dep_id=1','',2,'2013-08-06'),(48402,'UPDATE mae_departamento SET dep_oferta=@@@NO@@@ WHERE dep_id=2','',2,'2013-08-06'),(48403,'UPDATE mae_departamento SET dep_oferta=@@@NO@@@ WHERE dep_id=3','',2,'2013-08-06'),(48404,'UPDATE mae_departamento SET dep_oferta=@@@NO@@@ WHERE dep_id=4','',2,'2013-08-06'),(48405,'UPDATE mae_departamento SET dep_oferta=@@@NO@@@ WHERE dep_id=5','',2,'2013-08-06'),(48406,'UPDATE mae_departamento SET dep_oferta=@@@NO@@@ WHERE dep_id=6','',2,'2013-08-06'),(48407,'UPDATE mae_departamento SET dep_oferta=@@@NO@@@ WHERE dep_id=7','',2,'2013-08-06'),(48408,'UPDATE mae_departamento SET dep_oferta=@@@NO@@@ WHERE dep_id=8','',2,'2013-08-06'),(48409,'UPDATE mae_departamento SET dep_oferta=@@@NO@@@ WHERE dep_id=9','',2,'2013-08-06'),(48410,'UPDATE mae_departamento SET dep_oferta=@@@NO@@@ WHERE dep_id=10','',2,'2013-08-06'),(48411,'UPDATE mae_departamento SET dep_oferta=@@@NO@@@ WHERE dep_id=11','',2,'2013-08-06'),(48412,'UPDATE mae_departamento SET dep_oferta=@@@NO@@@ WHERE dep_id=12','',2,'2013-08-06'),(48413,'UPDATE mae_departamento SET dep_oferta=@@@NO@@@ WHERE dep_id=13','',2,'2013-08-06'),(48414,'UPDATE mae_departamento SET dep_oferta=@@@NO@@@ WHERE dep_id=14','',2,'2013-08-06'),(48415,'UPDATE mae_departamento SET dep_oferta=@@@NO@@@ WHERE dep_id=15','',2,'2013-08-06'),(48416,'UPDATE mae_departamento SET dep_oferta=@@@NO@@@ WHERE dep_id=16','',2,'2013-08-06'),(48417,'UPDATE mae_departamento SET dep_oferta=@@@NO@@@ WHERE dep_id=17','',2,'2013-08-06'),(48418,'UPDATE mae_departamento SET dep_oferta=@@@NO@@@ WHERE dep_id=18','',2,'2013-08-06'),(48419,'UPDATE mae_departamento SET dep_oferta=@@@NO@@@ WHERE dep_id=19','',2,'2013-08-06'),(48420,'UPDATE mae_departamento SET dep_oferta=@@@NO@@@ WHERE dep_id=20','',2,'2013-08-06'),(48421,'UPDATE mae_departamento SET dep_oferta=@@@NO@@@ WHERE dep_id=21','',2,'2013-08-06'),(48422,'UPDATE mae_departamento SET dep_oferta=@@@NO@@@ WHERE dep_id=22','',2,'2013-08-06'),(48423,'UPDATE mae_departamento SET dep_oferta=@@@SI@@@ WHERE dep_id=23','',2,'2013-08-06'),(48424,'UPDATE mae_departamento SET dep_oferta=@@@NO@@@ WHERE dep_id=24','',2,'2013-08-06'),(48425,'UPDATE mae_departamento SET dep_oferta=@@@NO@@@ WHERE dep_id=25','',2,'2013-08-06'),(48426,'UPDATE mae_departamento SET dep_oferta=@@@NO@@@ WHERE dep_id=26','',2,'2013-08-06'),(48427,'UPDATE mae_departamento SET dep_oferta=@@@NO@@@ WHERE dep_id=27','',2,'2013-08-06'),(48428,'UPDATE mae_departamento SET dep_oferta=@@@NO@@@ WHERE dep_id=28','',2,'2013-08-06'),(48429,'UPDATE mae_departamento SET dep_oferta=@@@NO@@@ WHERE dep_id=29','',2,'2013-08-06'),(48430,'UPDATE mae_departamento SET dep_oferta=@@@NO@@@ WHERE dep_id=30','',2,'2013-08-06'),(48431,'UPDATE mae_departamento SET dep_oferta=@@@NO@@@ WHERE dep_id=31','',2,'2013-08-06'),(48432,'UPDATE mae_departamento SET dep_oferta=@@@NO@@@ WHERE dep_id=32','',2,'2013-08-06'),(48433,'UPDATE mae_departamento SET dep_oferta=@@@NO@@@ WHERE dep_id=33','',2,'2013-08-06'),(48434,'UPDATE mae_departamento SET dep_oferta=@@@NO@@@ WHERE dep_id=34','',2,'2013-08-06'),(48435,'UPDATE mae_departamento SET dep_oferta=@@@NO@@@ WHERE dep_id=35','',2,'2013-08-06'),(48436,'UPDATE mae_departamento SET dep_oferta=@@@NO@@@ WHERE dep_id=36','',2,'2013-08-06'),(48437,'UPDATE mae_departamento SET dep_oferta=@@@NO@@@ WHERE dep_id=37','',2,'2013-08-06'),(48438,'UPDATE mae_departamento SET dep_oferta=@@@NO@@@ WHERE dep_id=38','',2,'2013-08-06'),(48439,'UPDATE mae_departamento SET dep_oferta=@@@NO@@@ WHERE dep_id=39','',2,'2013-08-06'),(48440,'UPDATE mae_departamento SET dep_oferta=@@@NO@@@ WHERE dep_id=40','',2,'2013-08-06'),(48441,'UPDATE mae_departamento SET dep_oferta=@@@NO@@@ WHERE dep_id=41','',2,'2013-08-06'),(48442,'UPDATE mae_departamento SET dep_oferta=@@@NO@@@ WHERE dep_id=42','',2,'2013-08-06'),(48443,'UPDATE mae_departamento SET dep_oferta=@@@NO@@@ WHERE dep_id=43','',2,'2013-08-06'),(48444,'UPDATE mae_departamento SET dep_oferta=@@@NO@@@ WHERE dep_id=44','',2,'2013-08-06'),(48445,'UPDATE mae_datos_empresa SET emp_rut=@@@10162956-2@@@,emp_razon_social=@@@SUPERMERCADO UNICO NACIMIENTO@@@,emp_sucursal=@@@MATRIZ@@@,emp_giro=@@@SUPERMERCADOS@@@,emp_direccion=@@@AV. SAN GREGORIO 15@@@,emp_ciudad=@@@NACIMIENTO@@@,emp_telefono=@@@511706@@@,emp_mail=@@@UNICONACIMIENTO@GMAIL.COM@@@,emp_mail_gerencia_comercial=@@@@@@,emp_mail_gerencia_operaciones=@@@@@@,emp_mail_gerencia_sistemas=@@@@@@,emp_nombre_administrador=@@@SUPERMERCADO UNICO@@@,emp_direccion_sala=@@@AV. SAN GREGORIO 15@@@,emp_ciudad_sala=@@@NACIMIENTO@@@,emp_utm=40005,emp_telefono_sala=@@@511706@@@,emp_fax_sala=@@@511706@@@,emp_mail_sala=@@@UNICONACIMIENTO@GMAIL.COM@@@,emp_cta_efectivo=@@@0@@@,emp_cta_cheque=@@@0@@@,emp_cta_ventas=@@@0@@@,emp_cta_t_credito=@@@0@@@,emp_cta_t_debito=@@@0@@@,emp_cta_p_acumulados=@@@0@@@,emp_cta_descuento=@@@0@@@,emp_cta_cliente=@@@0@@@,emp_cta_funcionario=@@@0@@@,emp_cta_apoyo=@@@0@@@','',2,'2013-08-06'),(48446,'UPDATE mae_datos_empresa SET emp_entradas_compras=@@@0@@@,emp_entradas_pack=@@@0@@@,emp_entradas_preparados=@@@0@@@,emp_salidas_pi_pack=@@@0@@@,emp_salidas_pi_preparados=@@@0@@@,emp_iva=19,emp_lineas_facturas=18,emp_lineas_guias=18,emp_lineas_nc=@@@12@@@,emp_minimo_nc=@@@500@@@,emp_codigo_ferreteria=0,emp_codigo_cigarrillos=25,emp_path_flejes=@@@C:/Users/Administracion/Documents/flejes@@@,emp_path_balanzas=@@@C:/@@@,emp_path_precios=@@@//secretaria/C/UX60/CORREO@@@,emp_path_ventas=@@@//secretaria/C/UX60@@@,emp_cta_mercaderias=0,emp_cta_iva=0,emp_cta_excento=0,emp_cta_harina=0,emp_cta_especifico=0,emp_cta_carne=0,emp_cta_ila=0,emp_cta_proveedor=0,emp_registradora=3,emp_funcionamiento=0,emp_codigo_queseria=0,emp_codigo_roticeria=3,emp_com=@@@COM1@@@,emp_baudios=@@@9600@@@,emp_total_cajas=3','',2,'2013-08-06'),(48447,'UPDATE mae_productos SET pro_margen_actual=36.84,pro_precio_venta=130 WHERE pro_codigo_plu=1011','',2,'2013-08-06'),(48448,'UPDATE mae_productos SET pro_margen_actual=36.84,pro_precio_venta=130 WHERE pro_codigo_plu=1011','',2,'2013-08-06'),(48449,'UPDATE mae_productos SET pro_margen_actual=80.91,pro_precio_venta=1990 WHERE pro_codigo_plu=780721544','',2,'2013-08-06'),(48450,'UPDATE mae_productos SET pro_margen_actual=95.42,pro_precio_venta=2990 WHERE pro_codigo_plu=780721586','',2,'2013-08-06'),(48451,'UPDATE mae_productos SET pro_margen_actual=48900,pro_precio_venta=490 WHERE pro_codigo_plu=780721558','',2,'2013-08-06'),(48452,'UPDATE mae_productos SET pro_margen_actual=0,pro_precio_venta=2490 WHERE pro_codigo_plu=780721454','',2,'2013-08-06'),(48453,'UPDATE mae_productos SET pro_margen_actual=148900,pro_precio_venta=1490 WHERE pro_codigo_plu=780721584','',2,'2013-08-06'),(48454,'INSERT INTO gne_vale_ferreteria (vfe_id,vfe_fecha,vfe_total,vfe_estado,vfe_entregado,usu_nusuario) VALUES (7237,@@@2013.08.06@@@,420,1,0,@@@b_SAEZ@@@)','',2,'2013-08-06'),(48455,'INSERT INTO gne_vale_ferreteria_mov (vfe_id,pro_codigo_plu,vfm_cantidad,vfm_unitario,vfm_total,vfm_entregado) VALUES (7237,780220185,1,420,420,@@@NO@@@)','',2,'2013-08-06'),(48456,'INSERT INTO gne_vale_ferreteria (vfe_id,vfe_fecha,vfe_total,vfe_estado,vfe_entregado,usu_nusuario) VALUES (7238,@@@2013.08.06@@@,300,1,0,@@@b_SAEZ@@@)','',2,'2013-08-06'),(48457,'INSERT INTO gne_vale_ferreteria_mov (vfe_id,pro_codigo_plu,vfm_cantidad,vfm_unitario,vfm_total,vfm_entregado) VALUES (7238,78017110,2,150,300,@@@NO@@@)','',2,'2013-08-06'),(48458,'UPDATE mae_productos SET pro_codigo_barra=@@@4106590417665@@@,pro_tipo=@@@0@@@,pro_nombre_producto=@@@SET BABY CONCERT TAMBOR@@@,pro_nombre_corto=@@@SET BABY CONCERT@@@,med_id=@@@1@@@,emb_id=@@@4@@@,pro_unidades_embalaje=@@@1@@@,dep_id=@@@23 @@@,lin_id=@@@135@@@,mar_id=@@@2507@@@,pro_precio_compra_neto=@@@0@@@,pro_precio_compra_bruto=@@@1500@@@,pro_precio_venta=@@@2990@@@,pro_margen_actual=@@@99.33@@@,pro_oferta=@@@NO@@@,pro_fecha_inicio_oferta=@@@2013.08.01@@@,pro_fecha_termino_oferta=@@@2013.08.01@@@,pro_precio_oferta=@@@0@@@,pro_stock_minimo=@@@4@@@,pro_stock_critico=@@@1@@@,pro_activo=@@@1@@@,pro_unidad=@@@0@@@,pro_precio_compra_bruto=1500,pro_margen_actual=99.33,pro_capacidad=1,pro_funcion_plu=0,pro_flejes=1,pro_iva=1,pro_plu_asociado=0,pro_envase=@@@NO@@@,pro_duracion=0,pro_numero_etiqueta=0 WHERE pro_codigo_plu=@@@410659041@@@','',2,'2013-08-06'),(48459,'UPDATE mae_productos SET pro_estado=1 WHERE pro_codigo_plu=410659041','',2,'2013-08-06'),(48460,'DELETE FROM mae_impuestos_productos WHERE pro_codigo_plu=@@@410659041@@@','',2,'2013-08-06'),(48461,'UPDATE mae_productos SET pro_codigo_barra=@@@6955555555717@@@,pro_tipo=@@@0@@@,pro_nombre_producto=@@@YOYO NIÑO VARIOS DISEÑOS@@@,pro_nombre_corto=@@@YOYO NIÑO VARIOS@@@,med_id=@@@1@@@,emb_id=@@@6@@@,pro_unidades_embalaje=@@@12@@@,dep_id=@@@23 @@@,lin_id=@@@135@@@,mar_id=@@@2507@@@,pro_precio_compra_neto=@@@0@@@,pro_precio_compra_bruto=@@@400@@@,pro_precio_venta=@@@790@@@,pro_margen_actual=@@@97.5@@@,pro_oferta=@@@NO@@@,pro_fecha_inicio_oferta=@@@2013.08.01@@@,pro_fecha_termino_oferta=@@@2013.08.01@@@,pro_precio_oferta=@@@0@@@,pro_stock_minimo=@@@4@@@,pro_stock_critico=@@@1@@@,pro_activo=@@@1@@@,pro_unidad=@@@0@@@,pro_precio_compra_bruto=400,pro_margen_actual=97.5,pro_capacidad=1,pro_funcion_plu=0,pro_flejes=1,pro_iva=1,pro_plu_asociado=0,pro_envase=@@@NO@@@,pro_duracion=0,pro_numero_etiqueta=0 WHERE pro_codigo_plu=@@@780721562@@@','',2,'2013-08-06'),(48462,'UPDATE mae_productos SET pro_estado=1 WHERE pro_codigo_plu=780721562','',2,'2013-08-06'),(48463,'DELETE FROM mae_impuestos_productos WHERE pro_codigo_plu=@@@780721562@@@','',2,'2013-08-06'),(48464,'INSERT INTO gne_vale_ferreteria (vfe_id,vfe_fecha,vfe_total,vfe_estado,vfe_entregado,usu_nusuario) VALUES (7239,@@@2013.08.06@@@,2770,1,0,@@@b_SAEZ@@@)','',2,'2013-08-06'),(48465,'INSERT INTO gne_vale_ferreteria_mov (vfe_id,pro_codigo_plu,vfm_cantidad,vfm_unitario,vfm_total,vfm_entregado) VALUES (7239,1505,1,1990,1990,@@@NO@@@)','',2,'2013-08-06'),(48466,'INSERT INTO gne_vale_ferreteria_mov (vfe_id,pro_codigo_plu,vfm_cantidad,vfm_unitario,vfm_total,vfm_entregado) VALUES (7239,15967,6,130,780,@@@NO@@@)','',2,'2013-08-06'),(48467,'INSERT INTO gne_vale_ferreteria (vfe_id,vfe_fecha,vfe_total,vfe_estado,vfe_entregado,usu_nusuario) VALUES (7240,@@@2013.08.06@@@,780,1,0,@@@b_SAEZ@@@)','',2,'2013-08-06'),(48468,'INSERT INTO gne_vale_ferreteria_mov (vfe_id,pro_codigo_plu,vfm_cantidad,vfm_unitario,vfm_total,vfm_entregado) VALUES (7240,765000,2,390,780,@@@NO@@@)','',2,'2013-08-06'),(48469,'UPDATE mae_productos SET pro_margen_actual=99.33,pro_precio_venta=2990 WHERE pro_codigo_plu=410659041','',2,'2013-08-06'),(48470,'UPDATE mae_productos SET pro_margen_actual=97.5,pro_precio_venta=790 WHERE pro_codigo_plu=780721562','',2,'2013-08-06'),(48471,'UPDATE mae_productos SET pro_margen_actual=0,pro_precio_venta=630 WHERE pro_codigo_plu=10810','',2,'2013-08-06'),(48472,'UPDATE mae_productos SET pro_margen_actual=0,pro_precio_venta=630 WHERE pro_codigo_plu=10793','',2,'2013-08-06'),(48473,'UPDATE mae_productos SET pro_margen_actual=0,pro_precio_venta=630 WHERE pro_codigo_plu=10809','',2,'2013-08-06'),(48474,'UPDATE mae_productos SET pro_margen_actual=0,pro_precio_venta=630 WHERE pro_codigo_plu=10796','',2,'2013-08-06'),(48475,'UPDATE mae_productos SET pro_margen_actual=0,pro_precio_venta=630 WHERE pro_codigo_plu=10790','',2,'2013-08-06'),(48476,'UPDATE mae_productos SET pro_margen_actual=40.31,pro_precio_venta=630 WHERE pro_codigo_plu=10775','',2,'2013-08-06'),(48477,'INSERT INTO gne_vale_ferreteria (vfe_id,vfe_fecha,vfe_total,vfe_estado,vfe_entregado,usu_nusuario) VALUES (7241,@@@2013.08.06@@@,2990,1,0,@@@b_SAEZ@@@)','',2,'2013-08-06'),(48478,'INSERT INTO gne_vale_ferreteria_mov (vfe_id,pro_codigo_plu,vfm_cantidad,vfm_unitario,vfm_total,vfm_entregado) VALUES (7241,102023,1,2990,2990,@@@NO@@@)','',2,'2013-08-06'),(48479,'INSERT INTO gne_vale_ferreteria (vfe_id,vfe_fecha,vfe_total,vfe_estado,vfe_entregado,usu_nusuario) VALUES (7242,@@@2013.08.06@@@,1890,1,0,@@@b_SAEZ@@@)','',2,'2013-08-06'),(48480,'INSERT INTO gne_vale_ferreteria_mov (vfe_id,pro_codigo_plu,vfm_cantidad,vfm_unitario,vfm_total,vfm_entregado) VALUES (7242,780721301,1,1890,1890,@@@NO@@@)','',2,'2013-08-06'),(48481,'INSERT INTO gne_vale_ferreteria (vfe_id,vfe_fecha,vfe_total,vfe_estado,vfe_entregado,usu_nusuario) VALUES (7243,@@@2013.08.06@@@,350,1,0,@@@b_SAEZ@@@)','',2,'2013-08-06'),(48482,'INSERT INTO gne_vale_ferreteria_mov (vfe_id,pro_codigo_plu,vfm_cantidad,vfm_unitario,vfm_total,vfm_entregado) VALUES (7243,102408,1,350,350,@@@NO@@@)','',2,'2013-08-06'),(48483,'INSERT INTO gne_vale_ferreteria (vfe_id,vfe_fecha,vfe_total,vfe_estado,vfe_entregado,usu_nusuario) VALUES (7244,@@@2013.08.06@@@,390,1,0,@@@b_SAEZ@@@)','',2,'2013-08-06'),(48484,'INSERT INTO gne_vale_ferreteria_mov (vfe_id,pro_codigo_plu,vfm_cantidad,vfm_unitario,vfm_total,vfm_entregado) VALUES (7244,78016969,1,390,390,@@@NO@@@)','',2,'2013-08-06'),(48485,'INSERT INTO gne_vale_ferreteria (vfe_id,vfe_fecha,vfe_total,vfe_estado,vfe_entregado,usu_nusuario) VALUES (7245,@@@2013.08.06@@@,1330,1,0,@@@b_SAEZ@@@)','',2,'2013-08-06'),(48486,'INSERT INTO gne_vale_ferreteria_mov (vfe_id,pro_codigo_plu,vfm_cantidad,vfm_unitario,vfm_total,vfm_entregado) VALUES (7245,763909,1,500,500,@@@NO@@@)','',2,'2013-08-06'),(48487,'INSERT INTO gne_vale_ferreteria_mov (vfe_id,pro_codigo_plu,vfm_cantidad,vfm_unitario,vfm_total,vfm_entregado) VALUES (7245,763618,1,680,680,@@@NO@@@)','',2,'2013-08-06'),(48488,'INSERT INTO gne_vale_ferreteria_mov (vfe_id,pro_codigo_plu,vfm_cantidad,vfm_unitario,vfm_total,vfm_entregado) VALUES (7245,78017017,1,150,150,@@@NO@@@)','',2,'2013-08-06'),(48489,'INSERT INTO gne_vale_ferreteria (vfe_id,vfe_fecha,vfe_total,vfe_estado,vfe_entregado,usu_nusuario) VALUES (7246,@@@2013.08.06@@@,4980,1,0,@@@b_SAEZ@@@)','',2,'2013-08-06'),(48490,'INSERT INTO gne_vale_ferreteria_mov (vfe_id,pro_codigo_plu,vfm_cantidad,vfm_unitario,vfm_total,vfm_entregado) VALUES (7246,764635,1,2990,2990,@@@NO@@@)','',2,'2013-08-06'),(48491,'INSERT INTO gne_vale_ferreteria_mov (vfe_id,pro_codigo_plu,vfm_cantidad,vfm_unitario,vfm_total,vfm_entregado) VALUES (7246,764636,1,1990,1990,@@@NO@@@)','',2,'2013-08-06'),(48492,'INSERT INTO gne_vale_ferreteria (vfe_id,vfe_fecha,vfe_total,vfe_estado,vfe_entregado,usu_nusuario) VALUES (7247,@@@2013.08.06@@@,990,1,0,@@@b_SAEZ@@@)','',2,'2013-08-06'),(48493,'INSERT INTO gne_vale_ferreteria_mov (vfe_id,pro_codigo_plu,vfm_cantidad,vfm_unitario,vfm_total,vfm_entregado) VALUES (7247,764838,1,990,990,@@@NO@@@)','',2,'2013-08-06'),(48494,'INSERT INTO gne_vale_ferreteria (vfe_id,vfe_fecha,vfe_total,vfe_estado,vfe_entregado,usu_nusuario) VALUES (7248,@@@2013.08.06@@@,300,1,0,@@@b_SAEZ@@@)','',2,'2013-08-06'),(48495,'INSERT INTO gne_vale_ferreteria_mov (vfe_id,pro_codigo_plu,vfm_cantidad,vfm_unitario,vfm_total,vfm_entregado) VALUES (7248,764848,1,300,300,@@@NO@@@)','',2,'2013-08-06'),(48496,'INSERT INTO gne_vale_ferreteria (vfe_id,vfe_fecha,vfe_total,vfe_estado,vfe_entregado,usu_nusuario) VALUES (7249,@@@2013.08.06@@@,1890,1,0,@@@b_SAEZ@@@)','',2,'2013-08-06'),(48497,'INSERT INTO gne_vale_ferreteria_mov (vfe_id,pro_codigo_plu,vfm_cantidad,vfm_unitario,vfm_total,vfm_entregado) VALUES (7249,20504,1,1890,1890,@@@NO@@@)','',2,'2013-08-06'),(48498,'INSERT INTO gne_vale_ferreteria (vfe_id,vfe_fecha,vfe_total,vfe_estado,vfe_entregado,usu_nusuario) VALUES (7250,@@@2013.08.06@@@,2990,1,0,@@@b_SAEZ@@@)','',2,'2013-08-06'),(48499,'INSERT INTO gne_vale_ferreteria_mov (vfe_id,pro_codigo_plu,vfm_cantidad,vfm_unitario,vfm_total,vfm_entregado) VALUES (7250,764635,1,2990,2990,@@@NO@@@)','',2,'2013-08-06'),(48500,'INSERT INTO gne_vale_ferreteria (vfe_id,vfe_fecha,vfe_total,vfe_estado,vfe_entregado,usu_nusuario) VALUES (7251,@@@2013.08.06@@@,2990,1,0,@@@b_SAEZ@@@)','',2,'2013-08-06'),(48501,'INSERT INTO gne_vale_ferreteria_mov (vfe_id,pro_codigo_plu,vfm_cantidad,vfm_unitario,vfm_total,vfm_entregado) VALUES (7251,764635,1,2990,2990,@@@NO@@@)','',2,'2013-08-06'),(48502,'INSERT INTO gne_vale_ferreteria (vfe_id,vfe_fecha,vfe_total,vfe_estado,vfe_entregado,usu_nusuario) VALUES (7252,@@@2013.08.06@@@,690,1,0,@@@b_SAEZ@@@)','',2,'2013-08-06'),(48503,'INSERT INTO gne_vale_ferreteria_mov (vfe_id,pro_codigo_plu,vfm_cantidad,vfm_unitario,vfm_total,vfm_entregado) VALUES (7252,762000,1,690,690,@@@NO@@@)','',2,'2013-08-06'),(48504,'INSERT INTO gne_vale_ferreteria (vfe_id,vfe_fecha,vfe_total,vfe_estado,vfe_entregado,usu_nusuario) VALUES (7253,@@@2013.08.06@@@,680,1,0,@@@b_SAEZ@@@)','',2,'2013-08-06'),(48505,'INSERT INTO gne_vale_ferreteria_mov (vfe_id,pro_codigo_plu,vfm_cantidad,vfm_unitario,vfm_total,vfm_entregado) VALUES (7253,19866,1,680,680,@@@NO@@@)','',2,'2013-08-06'),(48506,'INSERT INTO gne_vale_ferreteria (vfe_id,vfe_fecha,vfe_total,vfe_estado,vfe_entregado,usu_nusuario) VALUES (7254,@@@2013.08.06@@@,100,1,0,@@@b_SAEZ@@@)','',2,'2013-08-06'),(48507,'INSERT INTO gne_vale_ferreteria_mov (vfe_id,pro_codigo_plu,vfm_cantidad,vfm_unitario,vfm_total,vfm_entregado) VALUES (7254,20366,1,100,100,@@@NO@@@)','',2,'2013-08-06'),(48508,'INSERT INTO gne_vale_ferreteria (vfe_id,vfe_fecha,vfe_total,vfe_estado,vfe_entregado,usu_nusuario) VALUES (7255,@@@2013.08.06@@@,1790,1,0,@@@b_SAEZ@@@)','',2,'2013-08-06'),(48509,'INSERT INTO gne_vale_ferreteria_mov (vfe_id,pro_codigo_plu,vfm_cantidad,vfm_unitario,vfm_total,vfm_entregado) VALUES (7255,763741,1,1790,1790,@@@NO@@@)','',2,'2013-08-06'),(48510,'INSERT INTO gne_vale_ferreteria (vfe_id,vfe_fecha,vfe_total,vfe_estado,vfe_entregado,usu_nusuario) VALUES (7256,@@@2013.08.06@@@,690,1,0,@@@b_SAEZ@@@)','',2,'2013-08-06'),(48511,'INSERT INTO gne_vale_ferreteria_mov (vfe_id,pro_codigo_plu,vfm_cantidad,vfm_unitario,vfm_total,vfm_entregado) VALUES (7256,763990,1,690,690,@@@NO@@@)','',2,'2013-08-06'),(48512,'INSERT INTO gne_vale_ferreteria (vfe_id,vfe_fecha,vfe_total,vfe_estado,vfe_entregado,usu_nusuario) VALUES (7257,@@@2013.08.06@@@,400,1,0,@@@b_SAEZ@@@)','',2,'2013-08-06'),(48513,'INSERT INTO gne_vale_ferreteria_mov (vfe_id,pro_codigo_plu,vfm_cantidad,vfm_unitario,vfm_total,vfm_entregado) VALUES (7257,770065,4,100,400,@@@NO@@@)','',2,'2013-08-06'),(48514,'INSERT INTO gne_vale_ferreteria (vfe_id,vfe_fecha,vfe_total,vfe_estado,vfe_entregado,usu_nusuario) VALUES (7258,@@@2013.08.06@@@,780,1,0,@@@b_SAEZ@@@)','',2,'2013-08-06'),(48515,'INSERT INTO gne_vale_ferreteria_mov (vfe_id,pro_codigo_plu,vfm_cantidad,vfm_unitario,vfm_total,vfm_entregado) VALUES (7258,765000,2,390,780,@@@NO@@@)','',2,'2013-08-06'),(48516,'UPDATE mae_datos_empresa SET emp_oferta=@@@SI@@@,emp_descuento=15','',2,'2013-08-06'),(48517,'UPDATE mae_departamento SET dep_oferta=@@@NO@@@ WHERE dep_id=1','',2,'2013-08-06'),(48518,'UPDATE mae_departamento SET dep_oferta=@@@NO@@@ WHERE dep_id=2','',2,'2013-08-06'),(48519,'UPDATE mae_departamento SET dep_oferta=@@@NO@@@ WHERE dep_id=3','',2,'2013-08-06'),(48520,'UPDATE mae_departamento SET dep_oferta=@@@NO@@@ WHERE dep_id=4','',2,'2013-08-06'),(48521,'UPDATE mae_departamento SET dep_oferta=@@@NO@@@ WHERE dep_id=5','',2,'2013-08-06'),(48522,'UPDATE mae_departamento SET dep_oferta=@@@NO@@@ WHERE dep_id=6','',2,'2013-08-06'),(48523,'UPDATE mae_departamento SET dep_oferta=@@@NO@@@ WHERE dep_id=7','',2,'2013-08-06'),(48524,'UPDATE mae_departamento SET dep_oferta=@@@NO@@@ WHERE dep_id=8','',2,'2013-08-06'),(48525,'UPDATE mae_departamento SET dep_oferta=@@@NO@@@ WHERE dep_id=9','',2,'2013-08-06'),(48526,'UPDATE mae_departamento SET dep_oferta=@@@NO@@@ WHERE dep_id=10','',2,'2013-08-06'),(48527,'UPDATE mae_departamento SET dep_oferta=@@@NO@@@ WHERE dep_id=11','',2,'2013-08-06'),(48528,'UPDATE mae_departamento SET dep_oferta=@@@NO@@@ WHERE dep_id=12','',2,'2013-08-06'),(48529,'UPDATE mae_departamento SET dep_oferta=@@@NO@@@ WHERE dep_id=13','',2,'2013-08-06'),(48530,'UPDATE mae_departamento SET dep_oferta=@@@NO@@@ WHERE dep_id=14','',2,'2013-08-06'),(48531,'UPDATE mae_departamento SET dep_oferta=@@@NO@@@ WHERE dep_id=15','',2,'2013-08-06'),(48532,'UPDATE mae_departamento SET dep_oferta=@@@NO@@@ WHERE dep_id=16','',2,'2013-08-06'),(48533,'UPDATE mae_departamento SET dep_oferta=@@@NO@@@ WHERE dep_id=17','',2,'2013-08-06'),(48534,'UPDATE mae_departamento SET dep_oferta=@@@NO@@@ WHERE dep_id=18','',2,'2013-08-06'),(48535,'UPDATE mae_departamento SET dep_oferta=@@@NO@@@ WHERE dep_id=19','',2,'2013-08-06'),(48536,'UPDATE mae_departamento SET dep_oferta=@@@NO@@@ WHERE dep_id=20','',2,'2013-08-06'),(48537,'UPDATE mae_departamento SET dep_oferta=@@@NO@@@ WHERE dep_id=21','',2,'2013-08-06'),(48538,'UPDATE mae_departamento SET dep_oferta=@@@NO@@@ WHERE dep_id=22','',2,'2013-08-06'),(48539,'UPDATE mae_departamento SET dep_oferta=@@@SI@@@ WHERE dep_id=23','',2,'2013-08-06'),(48540,'UPDATE mae_departamento SET dep_oferta=@@@NO@@@ WHERE dep_id=24','',2,'2013-08-06'),(48541,'UPDATE mae_departamento SET dep_oferta=@@@NO@@@ WHERE dep_id=25','',2,'2013-08-06'),(48542,'UPDATE mae_departamento SET dep_oferta=@@@NO@@@ WHERE dep_id=26','',2,'2013-08-06'),(48543,'UPDATE mae_departamento SET dep_oferta=@@@NO@@@ WHERE dep_id=27','',2,'2013-08-06'),(48544,'UPDATE mae_departamento SET dep_oferta=@@@NO@@@ WHERE dep_id=28','',2,'2013-08-06'),(48545,'UPDATE mae_departamento SET dep_oferta=@@@NO@@@ WHERE dep_id=29','',2,'2013-08-06'),(48546,'UPDATE mae_departamento SET dep_oferta=@@@NO@@@ WHERE dep_id=30','',2,'2013-08-06'),(48547,'UPDATE mae_departamento SET dep_oferta=@@@NO@@@ WHERE dep_id=31','',2,'2013-08-06'),(48548,'UPDATE mae_departamento SET dep_oferta=@@@NO@@@ WHERE dep_id=32','',2,'2013-08-06'),(48549,'UPDATE mae_departamento SET dep_oferta=@@@NO@@@ WHERE dep_id=33','',2,'2013-08-06'),(48550,'UPDATE mae_departamento SET dep_oferta=@@@NO@@@ WHERE dep_id=34','',2,'2013-08-06'),(48551,'UPDATE mae_departamento SET dep_oferta=@@@NO@@@ WHERE dep_id=35','',2,'2013-08-06'),(48552,'UPDATE mae_departamento SET dep_oferta=@@@NO@@@ WHERE dep_id=36','',2,'2013-08-06'),(48553,'UPDATE mae_departamento SET dep_oferta=@@@NO@@@ WHERE dep_id=37','',2,'2013-08-06'),(48554,'UPDATE mae_departamento SET dep_oferta=@@@NO@@@ WHERE dep_id=38','',2,'2013-08-06'),(48555,'UPDATE mae_departamento SET dep_oferta=@@@NO@@@ WHERE dep_id=39','',2,'2013-08-06'),(48556,'UPDATE mae_departamento SET dep_oferta=@@@NO@@@ WHERE dep_id=40','',2,'2013-08-06'),(48557,'UPDATE mae_departamento SET dep_oferta=@@@NO@@@ WHERE dep_id=41','',2,'2013-08-06'),(48558,'UPDATE mae_departamento SET dep_oferta=@@@NO@@@ WHERE dep_id=42','',2,'2013-08-06'),(48559,'UPDATE mae_departamento SET dep_oferta=@@@NO@@@ WHERE dep_id=43','',2,'2013-08-06'),(48560,'UPDATE mae_departamento SET dep_oferta=@@@NO@@@ WHERE dep_id=44','',2,'2013-08-06'),(48561,'UPDATE mae_datos_empresa SET emp_rut=@@@10162956-2@@@,emp_razon_social=@@@SUPERMERCADO UNICO NACIMIENTO@@@,emp_sucursal=@@@MATRIZ@@@,emp_giro=@@@SUPERMERCADOS@@@,emp_direccion=@@@AV. SAN GREGORIO 15@@@,emp_ciudad=@@@NACIMIENTO@@@,emp_telefono=@@@511706@@@,emp_mail=@@@UNICONACIMIENTO@GMAIL.COM@@@,emp_mail_gerencia_comercial=@@@@@@,emp_mail_gerencia_operaciones=@@@@@@,emp_mail_gerencia_sistemas=@@@@@@,emp_nombre_administrador=@@@SUPERMERCADO UNICO@@@,emp_direccion_sala=@@@AV. SAN GREGORIO 15@@@,emp_ciudad_sala=@@@NACIMIENTO@@@,emp_utm=40005,emp_telefono_sala=@@@511706@@@,emp_fax_sala=@@@511706@@@,emp_mail_sala=@@@UNICONACIMIENTO@GMAIL.COM@@@,emp_cta_efectivo=@@@0@@@,emp_cta_cheque=@@@0@@@,emp_cta_ventas=@@@0@@@,emp_cta_t_credito=@@@0@@@,emp_cta_t_debito=@@@0@@@,emp_cta_p_acumulados=@@@0@@@,emp_cta_descuento=@@@0@@@,emp_cta_cliente=@@@0@@@,emp_cta_funcionario=@@@0@@@,emp_cta_apoyo=@@@0@@@','',2,'2013-08-06'),(48562,'UPDATE mae_datos_empresa SET emp_entradas_compras=@@@0@@@,emp_entradas_pack=@@@0@@@,emp_entradas_preparados=@@@0@@@,emp_salidas_pi_pack=@@@0@@@,emp_salidas_pi_preparados=@@@0@@@,emp_iva=19,emp_lineas_facturas=18,emp_lineas_guias=18,emp_lineas_nc=@@@12@@@,emp_minimo_nc=@@@500@@@,emp_codigo_ferreteria=0,emp_codigo_cigarrillos=25,emp_path_flejes=@@@C:/Users/Administracion/Documents/flejes@@@,emp_path_balanzas=@@@C:/@@@,emp_path_precios=@@@//secretaria/C/UX60/CORREO@@@,emp_path_ventas=@@@//secretaria/C/UX60@@@,emp_cta_mercaderias=0,emp_cta_iva=0,emp_cta_excento=0,emp_cta_harina=0,emp_cta_especifico=0,emp_cta_carne=0,emp_cta_ila=0,emp_cta_proveedor=0,emp_registradora=3,emp_funcionamiento=0,emp_codigo_queseria=0,emp_codigo_roticeria=3,emp_com=@@@COM1@@@,emp_baudios=@@@9600@@@,emp_total_cajas=3','',2,'2013-08-06'),(48563,'INSERT INTO gne_vale_ferreteria (vfe_id,vfe_fecha,vfe_total,vfe_estado,vfe_entregado,usu_nusuario) VALUES (7259,@@@2013.08.06@@@,750,1,0,@@@b_SAEZ@@@)','',2,'2013-08-06'),(48564,'INSERT INTO gne_vale_ferreteria_mov (vfe_id,pro_codigo_plu,vfm_cantidad,vfm_unitario,vfm_total,vfm_entregado) VALUES (7259,764507,1,330,330,@@@NO@@@)','',2,'2013-08-06'),(48565,'INSERT INTO gne_vale_ferreteria_mov (vfe_id,pro_codigo_plu,vfm_cantidad,vfm_unitario,vfm_total,vfm_entregado) VALUES (7259,8022,1,120,120,@@@NO@@@)','',2,'2013-08-06'),(48566,'INSERT INTO gne_vale_ferreteria_mov (vfe_id,pro_codigo_plu,vfm_cantidad,vfm_unitario,vfm_total,vfm_entregado) VALUES (7259,780721239,2,150,300,@@@NO@@@)','',2,'2013-08-06'),(48567,'INSERT INTO gne_vale_ferreteria (vfe_id,vfe_fecha,vfe_total,vfe_estado,vfe_entregado,usu_nusuario) VALUES (7260,@@@2013.08.06@@@,1990,1,0,@@@b_SAEZ@@@)','',2,'2013-08-06'),(48568,'INSERT INTO gne_vale_ferreteria_mov (vfe_id,pro_codigo_plu,vfm_cantidad,vfm_unitario,vfm_total,vfm_entregado) VALUES (7260,764636,1,1990,1990,@@@NO@@@)','',2,'2013-08-06'),(48569,'INSERT INTO gne_vale_ferreteria (vfe_id,vfe_fecha,vfe_total,vfe_estado,vfe_entregado,usu_nusuario) VALUES (7261,@@@2013.08.06@@@,1290,1,0,@@@b_SAEZ@@@)','',2,'2013-08-06'),(48570,'INSERT INTO gne_vale_ferreteria_mov (vfe_id,pro_codigo_plu,vfm_cantidad,vfm_unitario,vfm_total,vfm_entregado) VALUES (7261,764096,1,1290,1290,@@@NO@@@)','',2,'2013-08-06'),(48571,'INSERT INTO gne_vale_ferreteria (vfe_id,vfe_fecha,vfe_total,vfe_estado,vfe_entregado,usu_nusuario) VALUES (7262,@@@2013.08.06@@@,300,1,0,@@@b_SAEZ@@@)','',2,'2013-08-06'),(48572,'INSERT INTO gne_vale_ferreteria_mov (vfe_id,pro_codigo_plu,vfm_cantidad,vfm_unitario,vfm_total,vfm_entregado) VALUES (7262,780721221,1,300,300,@@@NO@@@)','',2,'2013-08-06'),(48573,'INSERT INTO gne_vale_ferreteria (vfe_id,vfe_fecha,vfe_total,vfe_estado,vfe_entregado,usu_nusuario) VALUES (7263,@@@2013.08.06@@@,1180,1,0,@@@b_SAEZ@@@)','',2,'2013-08-06'),(48574,'INSERT INTO gne_vale_ferreteria_mov (vfe_id,pro_codigo_plu,vfm_cantidad,vfm_unitario,vfm_total,vfm_entregado) VALUES (7263,780721487,2,590,1180,@@@NO@@@)','',2,'2013-08-06'),(48575,'INSERT INTO gne_vale_ferreteria (vfe_id,vfe_fecha,vfe_total,vfe_estado,vfe_entregado,usu_nusuario) VALUES (7264,@@@2013.08.06@@@,8760,1,0,@@@b_SAEZ@@@)','',2,'2013-08-06'),(48576,'INSERT INTO gne_vale_ferreteria_mov (vfe_id,pro_codigo_plu,vfm_cantidad,vfm_unitario,vfm_total,vfm_entregado) VALUES (7264,10179,2,2590,5180,@@@NO@@@)','',2,'2013-08-06'),(48577,'INSERT INTO gne_vale_ferreteria_mov (vfe_id,pro_codigo_plu,vfm_cantidad,vfm_unitario,vfm_total,vfm_entregado) VALUES (7264,780721598,1,1590,1590,@@@NO@@@)','',2,'2013-08-06'),(48578,'INSERT INTO gne_vale_ferreteria_mov (vfe_id,pro_codigo_plu,vfm_cantidad,vfm_unitario,vfm_total,vfm_entregado) VALUES (7264,262556,1,1990,1990,@@@NO@@@)','',2,'2013-08-06'),(48579,'INSERT INTO gne_vale_ferreteria (vfe_id,vfe_fecha,vfe_total,vfe_estado,vfe_entregado,usu_nusuario) VALUES (7265,@@@2013.08.06@@@,1450,1,0,@@@b_SAEZ@@@)','',2,'2013-08-06'),(48580,'INSERT INTO gne_vale_ferreteria_mov (vfe_id,pro_codigo_plu,vfm_cantidad,vfm_unitario,vfm_total,vfm_entregado) VALUES (7265,15668,1,1450,1450,@@@NO@@@)','',2,'2013-08-06'),(48581,'UPDATE mae_productos SET pro_codigo_barra=@@@383@@@,pro_tipo=@@@0@@@,pro_nombre_producto=@@@QUESILLO COYANCO@@@,pro_nombre_corto=@@@QUESILLO COYANCO@@@,med_id=@@@1@@@,emb_id=@@@1@@@,pro_unidades_embalaje=@@@1@@@,dep_id=@@@13 @@@,lin_id=@@@80@@@,mar_id=@@@2507@@@,pro_precio_compra_neto=@@@0@@@,pro_precio_compra_bruto=@@@1000@@@,pro_precio_venta=@@@1300@@@,pro_margen_actual=@@@30@@@,pro_oferta=@@@NO@@@,pro_fecha_inicio_oferta=@@@1900.01.01@@@,pro_fecha_termino_oferta=@@@1900.01.01@@@,pro_precio_oferta=@@@0@@@,pro_stock_minimo=@@@5@@@,pro_stock_critico=@@@4@@@,pro_activo=@@@1@@@,pro_unidad=@@@0@@@,pro_precio_compra_bruto=1000,pro_margen_actual=30,pro_capacidad=1,pro_funcion_plu=0,pro_flejes=1,pro_iva=1,pro_plu_asociado=0,pro_envase=@@@NO@@@,pro_duracion=0,pro_numero_etiqueta=0 WHERE pro_codigo_plu=@@@383@@@','',2,'2013-08-06'),(48582,'UPDATE mae_productos SET pro_estado=1 WHERE pro_codigo_plu=383','',2,'2013-08-06'),(48583,'DELETE FROM mae_impuestos_productos WHERE pro_codigo_plu=@@@383@@@','',2,'2013-08-06'),(48584,'INSERT INTO gne_vale_ferreteria (vfe_id,vfe_fecha,vfe_total,vfe_estado,vfe_entregado,usu_nusuario) VALUES (7266,@@@2013.08.06@@@,1690,1,0,@@@b_SAEZ@@@)','',2,'2013-08-06'),(48585,'INSERT INTO gne_vale_ferreteria_mov (vfe_id,pro_codigo_plu,vfm_cantidad,vfm_unitario,vfm_total,vfm_entregado) VALUES (7266,763794,1,850,850,@@@NO@@@)','',2,'2013-08-06'),(48586,'INSERT INTO gne_vale_ferreteria_mov (vfe_id,pro_codigo_plu,vfm_cantidad,vfm_unitario,vfm_total,vfm_entregado) VALUES (7266,761996,1,840,840,@@@NO@@@)','',2,'2013-08-06'),(48587,'INSERT INTO gne_vale_ferreteria (vfe_id,vfe_fecha,vfe_total,vfe_estado,vfe_entregado,usu_nusuario) VALUES (7267,@@@2013.08.06@@@,790,1,0,@@@b_SAEZ@@@)','',2,'2013-08-06'),(48588,'INSERT INTO gne_vale_ferreteria_mov (vfe_id,pro_codigo_plu,vfm_cantidad,vfm_unitario,vfm_total,vfm_entregado) VALUES (7267,763804,1,790,790,@@@NO@@@)','',2,'2013-08-06'),(48589,'INSERT INTO gne_vale_ferreteria (vfe_id,vfe_fecha,vfe_total,vfe_estado,vfe_entregado,usu_nusuario) VALUES (7268,@@@2013.08.06@@@,150,1,0,@@@b_SAEZ@@@)','',2,'2013-08-06'),(48590,'INSERT INTO gne_vale_ferreteria_mov (vfe_id,pro_codigo_plu,vfm_cantidad,vfm_unitario,vfm_total,vfm_entregado) VALUES (7268,78017110,1,150,150,@@@NO@@@)','',2,'2013-08-06'),(48591,'INSERT INTO gne_vale_ferreteria (vfe_id,vfe_fecha,vfe_total,vfe_estado,vfe_entregado,usu_nusuario) VALUES (7269,@@@2013.08.06@@@,360,1,0,@@@b_SAEZ@@@)','',2,'2013-08-06'),(48592,'INSERT INTO gne_vale_ferreteria_mov (vfe_id,pro_codigo_plu,vfm_cantidad,vfm_unitario,vfm_total,vfm_entregado) VALUES (7269,763596,4,90,360,@@@NO@@@)','',2,'2013-08-06'),(48593,'INSERT INTO gne_vale_ferreteria (vfe_id,vfe_fecha,vfe_total,vfe_estado,vfe_entregado,usu_nusuario) VALUES (7270,@@@2013.08.06@@@,200,1,0,@@@b_SAEZ@@@)','',2,'2013-08-06'),(48594,'INSERT INTO gne_vale_ferreteria_mov (vfe_id,pro_codigo_plu,vfm_cantidad,vfm_unitario,vfm_total,vfm_entregado) VALUES (7270,78017201,1,200,200,@@@NO@@@)','',2,'2013-08-06'),(48595,'INSERT INTO gne_vale_ferreteria (vfe_id,vfe_fecha,vfe_total,vfe_estado,vfe_entregado,usu_nusuario) VALUES (7271,@@@2013.08.06@@@,1200,1,0,@@@b_SAEZ@@@)','',2,'2013-08-06'),(48596,'INSERT INTO gne_vale_ferreteria_mov (vfe_id,pro_codigo_plu,vfm_cantidad,vfm_unitario,vfm_total,vfm_entregado) VALUES (7271,780721221,4,300,1200,@@@NO@@@)','',2,'2013-08-06'),(48597,'INSERT INTO gne_vale_ferreteria (vfe_id,vfe_fecha,vfe_total,vfe_estado,vfe_entregado,usu_nusuario) VALUES (7272,@@@2013.08.06@@@,490,1,0,@@@b_SAEZ@@@)','',2,'2013-08-06'),(48598,'INSERT INTO gne_vale_ferreteria_mov (vfe_id,pro_codigo_plu,vfm_cantidad,vfm_unitario,vfm_total,vfm_entregado) VALUES (7272,78017198,1,490,490,@@@NO@@@)','',2,'2013-08-06'),(48599,'UPDATE gpr_pack_virtual SET pav_nombre=@@@PACK NESTLE CHOCAPIC + ZUCOSOS 3 X $899@@@,pav_total_pack=1099,pav_total_descuento=98,pav_desde=@@@2013-07-09@@@,pav_hasta=@@@2013-08-31@@@,pav_tipo=@@@PA@@@,pav_precio=399,pav_lleva=3,pav_paga=2.7,pav_descuento=0.3,pav_porcentaje=75,pav_oferta_exclusiva=@@@NO@@@,pav_agotar_stock=@@@SI@@@,pav_stock=100,pav_costo=894.3,pav_margen=22.89 WHERE pav_id=24','',2,'2013-08-06'),(48600,'DELETE FROM gpr_pack_virtual_mov WHERE pav_id=24','',2,'2013-08-06'),(48601,'DELETE FROM gpr_pack_virtual_horario WHERE pav_id=24','',2,'2013-08-06'),(48602,'INSERT INTO gpr_pack_virtual_mov (pav_id,pro_codigo_plu,pvm_precio,pvm_total,pvm_lleva,pvm_paga,pvm_descuento,pvm_porcentaje,pvm_total_normal,pvm_descuento_linea,pvm_costo,pvm_margen) VALUES (24,762721,399,0,1,1,0,0,399,32.6666666666667,298.1,22.89)','',2,'2013-08-06'),(48603,'INSERT INTO gpr_pack_virtual_horario (pav_id,pvh_dia,pvh_hora_desde,pvh_hora_hasta) VALUES (24,99,@@@00:00@@@,@@@23:59@@@)','',2,'2013-08-06'),(48604,'INSERT INTO gne_vale_ferreteria (vfe_id,vfe_fecha,vfe_total,vfe_estado,vfe_entregado,usu_nusuario) VALUES (7273,@@@2013.08.06@@@,1150,1,0,@@@b_SAEZ@@@)','',2,'2013-08-06'),(48605,'INSERT INTO gne_vale_ferreteria_mov (vfe_id,pro_codigo_plu,vfm_cantidad,vfm_unitario,vfm_total,vfm_entregado) VALUES (7273,763891,1,1150,1150,@@@NO@@@)','',2,'2013-08-06'),(48606,'INSERT INTO gne_vale_ferreteria (vfe_id,vfe_fecha,vfe_total,vfe_estado,vfe_entregado,usu_nusuario) VALUES (7274,@@@2013.08.06@@@,100,1,0,@@@b_SAEZ@@@)','',2,'2013-08-06'),(48607,'INSERT INTO gne_vale_ferreteria_mov (vfe_id,pro_codigo_plu,vfm_cantidad,vfm_unitario,vfm_total,vfm_entregado) VALUES (7274,770065,1,100,100,@@@NO@@@)','',2,'2013-08-06'),(48608,'INSERT INTO gne_vale_ferreteria (vfe_id,vfe_fecha,vfe_total,vfe_estado,vfe_entregado,usu_nusuario) VALUES (7275,@@@2013.08.06@@@,450,1,0,@@@b_SAEZ@@@)','',2,'2013-08-06'),(48609,'INSERT INTO gne_vale_ferreteria_mov (vfe_id,pro_codigo_plu,vfm_cantidad,vfm_unitario,vfm_total,vfm_entregado) VALUES (7275,262227,1,450,450,@@@NO@@@)','',2,'2013-08-06'),(48610,'INSERT INTO gne_vale_ferreteria (vfe_id,vfe_fecha,vfe_total,vfe_estado,vfe_entregado,usu_nusuario) VALUES (7276,@@@2013.08.06@@@,150,1,0,@@@b_SAEZ@@@)','',2,'2013-08-06'),(48611,'INSERT INTO gne_vale_ferreteria_mov (vfe_id,pro_codigo_plu,vfm_cantidad,vfm_unitario,vfm_total,vfm_entregado) VALUES (7276,78017017,1,150,150,@@@NO@@@)','',2,'2013-08-06'),(48612,'INSERT INTO gne_vale_ferreteria (vfe_id,vfe_fecha,vfe_total,vfe_estado,vfe_entregado,usu_nusuario) VALUES (7277,@@@2013.08.06@@@,980,1,0,@@@b_SAEZ@@@)','',2,'2013-08-06'),(48613,'INSERT INTO gne_vale_ferreteria_mov (vfe_id,pro_codigo_plu,vfm_cantidad,vfm_unitario,vfm_total,vfm_entregado) VALUES (7277,19876,1,980,980,@@@NO@@@)','',2,'2013-08-06'),(48614,'INSERT INTO gne_vale_ferreteria (vfe_id,vfe_fecha,vfe_total,vfe_estado,vfe_entregado,usu_nusuario) VALUES (7278,@@@2013.08.06@@@,300,1,0,@@@b_SAEZ@@@)','',2,'2013-08-06'),(48615,'INSERT INTO gne_vale_ferreteria_mov (vfe_id,pro_codigo_plu,vfm_cantidad,vfm_unitario,vfm_total,vfm_entregado) VALUES (7278,780721221,1,300,300,@@@NO@@@)','',2,'2013-08-06'),(48616,'INSERT INTO gne_vale_ferreteria (vfe_id,vfe_fecha,vfe_total,vfe_estado,vfe_entregado,usu_nusuario) VALUES (7279,@@@2013.08.06@@@,3220,1,0,@@@b_SAEZ@@@)','',2,'2013-08-06'),(48617,'INSERT INTO gne_vale_ferreteria_mov (vfe_id,pro_codigo_plu,vfm_cantidad,vfm_unitario,vfm_total,vfm_entregado) VALUES (7279,761962,2,450,900,@@@NO@@@)','',2,'2013-08-06'),(48618,'INSERT INTO gne_vale_ferreteria_mov (vfe_id,pro_codigo_plu,vfm_cantidad,vfm_unitario,vfm_total,vfm_entregado) VALUES (7279,763618,1,680,680,@@@NO@@@)','',2,'2013-08-06'),(48619,'INSERT INTO gne_vale_ferreteria_mov (vfe_id,pro_codigo_plu,vfm_cantidad,vfm_unitario,vfm_total,vfm_entregado) VALUES (7279,763596,3,90,270,@@@NO@@@)','',2,'2013-08-06'),(48620,'INSERT INTO gne_vale_ferreteria_mov (vfe_id,pro_codigo_plu,vfm_cantidad,vfm_unitario,vfm_total,vfm_entregado) VALUES (7279,763632,1,890,890,@@@NO@@@)','',2,'2013-08-06'),(48621,'INSERT INTO gne_vale_ferreteria_mov (vfe_id,pro_codigo_plu,vfm_cantidad,vfm_unitario,vfm_total,vfm_entregado) VALUES (7279,1069,1,200,200,@@@NO@@@)','',2,'2013-08-06'),(48622,'INSERT INTO gne_vale_ferreteria_mov (vfe_id,pro_codigo_plu,vfm_cantidad,vfm_unitario,vfm_total,vfm_entregado) VALUES (7279,764364,2,140,280,@@@NO@@@)','',2,'2013-08-06'),(48623,'INSERT INTO gne_vale_ferreteria (vfe_id,vfe_fecha,vfe_total,vfe_estado,vfe_entregado,usu_nusuario) VALUES (7280,@@@2013.08.06@@@,690,1,0,@@@b_SAEZ@@@)','',2,'2013-08-06'),(48624,'INSERT INTO gne_vale_ferreteria_mov (vfe_id,pro_codigo_plu,vfm_cantidad,vfm_unitario,vfm_total,vfm_entregado) VALUES (7280,19804,1,690,690,@@@NO@@@)','',2,'2013-08-06'),(48625,'INSERT INTO gne_vale_ferreteria (vfe_id,vfe_fecha,vfe_total,vfe_estado,vfe_entregado,usu_nusuario) VALUES (7281,@@@2013.08.06@@@,1930,1,0,@@@b_SAEZ@@@)','',2,'2013-08-06'),(48626,'INSERT INTO gne_vale_ferreteria_mov (vfe_id,pro_codigo_plu,vfm_cantidad,vfm_unitario,vfm_total,vfm_entregado) VALUES (7281,2004,1,300,300,@@@NO@@@)','',2,'2013-08-06'),(48627,'INSERT INTO gne_vale_ferreteria_mov (vfe_id,pro_codigo_plu,vfm_cantidad,vfm_unitario,vfm_total,vfm_entregado) VALUES (7281,764049,2,590,1180,@@@NO@@@)','',2,'2013-08-06'),(48628,'INSERT INTO gne_vale_ferreteria_mov (vfe_id,pro_codigo_plu,vfm_cantidad,vfm_unitario,vfm_total,vfm_entregado) VALUES (7281,780721103,1,450,450,@@@NO@@@)','',2,'2013-08-06'),(48629,'INSERT INTO gne_vale_ferreteria (vfe_id,vfe_fecha,vfe_total,vfe_estado,vfe_entregado,usu_nusuario) VALUES (7282,@@@2013.08.06@@@,200,1,0,@@@b_SAEZ@@@)','',2,'2013-08-06'),(48630,'INSERT INTO gne_vale_ferreteria_mov (vfe_id,pro_codigo_plu,vfm_cantidad,vfm_unitario,vfm_total,vfm_entregado) VALUES (7282,770065,2,100,200,@@@NO@@@)','',2,'2013-08-06'),(48631,'INSERT INTO gne_vale_ferreteria (vfe_id,vfe_fecha,vfe_total,vfe_estado,vfe_entregado,usu_nusuario) VALUES (7283,@@@2013.08.06@@@,1700,1,0,@@@b_SAEZ@@@)','',2,'2013-08-06'),(48632,'INSERT INTO gne_vale_ferreteria_mov (vfe_id,pro_codigo_plu,vfm_cantidad,vfm_unitario,vfm_total,vfm_entregado) VALUES (7283,763597,1,350,350,@@@NO@@@)','',2,'2013-08-06'),(48633,'INSERT INTO gne_vale_ferreteria_mov (vfe_id,pro_codigo_plu,vfm_cantidad,vfm_unitario,vfm_total,vfm_entregado) VALUES (7283,780721390,1,1050,1050,@@@NO@@@)','',2,'2013-08-06'),(48634,'INSERT INTO gne_vale_ferreteria_mov (vfe_id,pro_codigo_plu,vfm_cantidad,vfm_unitario,vfm_total,vfm_entregado) VALUES (7283,780220196,1,300,300,@@@NO@@@)','',2,'2013-08-06'),(48635,'INSERT INTO gne_vale_ferreteria (vfe_id,vfe_fecha,vfe_total,vfe_estado,vfe_entregado,usu_nusuario) VALUES (7284,@@@2013.08.06@@@,100,1,0,@@@b_SAEZ@@@)','',2,'2013-08-06'),(48636,'INSERT INTO gne_vale_ferreteria_mov (vfe_id,pro_codigo_plu,vfm_cantidad,vfm_unitario,vfm_total,vfm_entregado) VALUES (7284,770000,2,50,100,@@@NO@@@)','',2,'2013-08-06'),(48637,'INSERT INTO gne_vale_ferreteria (vfe_id,vfe_fecha,vfe_total,vfe_estado,vfe_entregado,usu_nusuario) VALUES (7285,@@@2013.08.06@@@,490,1,0,@@@b_SAEZ@@@)','',2,'2013-08-06'),(48638,'INSERT INTO gne_vale_ferreteria_mov (vfe_id,pro_codigo_plu,vfm_cantidad,vfm_unitario,vfm_total,vfm_entregado) VALUES (7285,764506,1,490,490,@@@NO@@@)','',2,'2013-08-06'),(48639,'INSERT INTO gne_vale_ferreteria (vfe_id,vfe_fecha,vfe_total,vfe_estado,vfe_entregado,usu_nusuario) VALUES (7286,@@@2013.08.06@@@,1280,1,0,@@@b_SAEZ@@@)','',2,'2013-08-06'),(48640,'INSERT INTO gne_vale_ferreteria_mov (vfe_id,pro_codigo_plu,vfm_cantidad,vfm_unitario,vfm_total,vfm_entregado) VALUES (7286,16421,1,160,160,@@@NO@@@)','',2,'2013-08-06'),(48641,'INSERT INTO gne_vale_ferreteria_mov (vfe_id,pro_codigo_plu,vfm_cantidad,vfm_unitario,vfm_total,vfm_entregado) VALUES (7286,764364,1,140,140,@@@NO@@@)','',2,'2013-08-06'),(48642,'INSERT INTO gne_vale_ferreteria_mov (vfe_id,pro_codigo_plu,vfm_cantidad,vfm_unitario,vfm_total,vfm_entregado) VALUES (7286,764361,1,190,190,@@@NO@@@)','',2,'2013-08-06'),(48643,'INSERT INTO gne_vale_ferreteria_mov (vfe_id,pro_codigo_plu,vfm_cantidad,vfm_unitario,vfm_total,vfm_entregado) VALUES (7286,763804,1,790,790,@@@NO@@@)','',2,'2013-08-06'),(48644,'INSERT INTO gne_vale_ferreteria (vfe_id,vfe_fecha,vfe_total,vfe_estado,vfe_entregado,usu_nusuario) VALUES (7287,@@@2013.08.06@@@,380,1,0,@@@b_SAEZ@@@)','',2,'2013-08-06'),(48645,'INSERT INTO gne_vale_ferreteria_mov (vfe_id,pro_codigo_plu,vfm_cantidad,vfm_unitario,vfm_total,vfm_entregado) VALUES (7287,764532,1,380,380,@@@NO@@@)','',2,'2013-08-06'),(48646,'INSERT INTO gne_vale_ferreteria (vfe_id,vfe_fecha,vfe_total,vfe_estado,vfe_entregado,usu_nusuario) VALUES (7288,@@@2013.08.06@@@,1270,1,0,@@@b_SAEZ@@@)','',2,'2013-08-06'),(48647,'INSERT INTO gne_vale_ferreteria_mov (vfe_id,pro_codigo_plu,vfm_cantidad,vfm_unitario,vfm_total,vfm_entregado) VALUES (7288,780721221,1,300,300,@@@NO@@@)','',2,'2013-08-06'),(48648,'INSERT INTO gne_vale_ferreteria_mov (vfe_id,pro_codigo_plu,vfm_cantidad,vfm_unitario,vfm_total,vfm_entregado) VALUES (7288,780721128,3,150,450,@@@NO@@@)','',2,'2013-08-06'),(48649,'INSERT INTO gne_vale_ferreteria_mov (vfe_id,pro_codigo_plu,vfm_cantidad,vfm_unitario,vfm_total,vfm_entregado) VALUES (7288,19803,1,520,520,@@@NO@@@)','',2,'2013-08-06'),(48650,'INSERT INTO gne_vale_ferreteria (vfe_id,vfe_fecha,vfe_total,vfe_estado,vfe_entregado,usu_nusuario) VALUES (7289,@@@2013.08.06@@@,130,1,0,@@@b_SAEZ@@@)','',2,'2013-08-06'),(48651,'INSERT INTO gne_vale_ferreteria_mov (vfe_id,pro_codigo_plu,vfm_cantidad,vfm_unitario,vfm_total,vfm_entregado) VALUES (7289,15967,1,130,130,@@@NO@@@)','',2,'2013-08-06'),(48652,'INSERT INTO gne_vale_ferreteria (vfe_id,vfe_fecha,vfe_total,vfe_estado,vfe_entregado,usu_nusuario) VALUES (7290,@@@2013.08.06@@@,680,1,0,@@@b_SAEZ@@@)','',2,'2013-08-06'),(48653,'INSERT INTO gne_vale_ferreteria_mov (vfe_id,pro_codigo_plu,vfm_cantidad,vfm_unitario,vfm_total,vfm_entregado) VALUES (7290,2020,1,390,390,@@@NO@@@)','',2,'2013-08-06'),(48654,'INSERT INTO gne_vale_ferreteria_mov (vfe_id,pro_codigo_plu,vfm_cantidad,vfm_unitario,vfm_total,vfm_entregado) VALUES (7290,1559,1,290,290,@@@NO@@@)','',2,'2013-08-06'),(48655,'INSERT INTO gne_vale_ferreteria (vfe_id,vfe_fecha,vfe_total,vfe_estado,vfe_entregado,usu_nusuario) VALUES (7291,@@@2013.08.06@@@,130,1,0,@@@b_SAEZ@@@)','',2,'2013-08-06'),(48656,'INSERT INTO gne_vale_ferreteria_mov (vfe_id,pro_codigo_plu,vfm_cantidad,vfm_unitario,vfm_total,vfm_entregado) VALUES (7291,15967,1,130,130,@@@NO@@@)','',2,'2013-08-06'),(48657,'INSERT INTO gne_vale_ferreteria (vfe_id,vfe_fecha,vfe_total,vfe_estado,vfe_entregado,usu_nusuario) VALUES (7292,@@@2013.08.06@@@,200,1,0,@@@b_SAEZ@@@)','',2,'2013-08-06'),(48658,'INSERT INTO gne_vale_ferreteria_mov (vfe_id,pro_codigo_plu,vfm_cantidad,vfm_unitario,vfm_total,vfm_entregado) VALUES (7292,770065,2,100,200,@@@NO@@@)','',2,'2013-08-06'),(48659,'INSERT INTO gne_vale_ferreteria (vfe_id,vfe_fecha,vfe_total,vfe_estado,vfe_entregado,usu_nusuario) VALUES (7293,@@@2013.08.06@@@,200,1,0,@@@b_SAEZ@@@)','',2,'2013-08-06'),(48660,'INSERT INTO gne_vale_ferreteria_mov (vfe_id,pro_codigo_plu,vfm_cantidad,vfm_unitario,vfm_total,vfm_entregado) VALUES (7293,764702,1,200,200,@@@NO@@@)','',2,'2013-08-06'),(48661,'INSERT INTO gne_vale_ferreteria (vfe_id,vfe_fecha,vfe_total,vfe_estado,vfe_entregado,usu_nusuario) VALUES (7294,@@@2013.08.06@@@,200,1,0,@@@b_SAEZ@@@)','',2,'2013-08-06'),(48662,'INSERT INTO gne_vale_ferreteria_mov (vfe_id,pro_codigo_plu,vfm_cantidad,vfm_unitario,vfm_total,vfm_entregado) VALUES (7294,770065,2,100,200,@@@NO@@@)','',2,'2013-08-06'),(48663,'INSERT INTO mae_productos (pro_codigo_plu,pro_codigo_barra,pro_tipo,pro_nombre_producto,pro_nombre_corto,med_id,emb_id,pro_unidades_embalaje,dep_id,lin_id,mar_id,pro_precio_compra_neto,pro_precio_compra_bruto,pro_precio_venta,pro_margen_actual,pro_oferta,pro_fecha_inicio_oferta,pro_fecha_termino_oferta,pro_precio_oferta,pro_stock_minimo,pro_stock_critico,pro_entradas_bodega,pro_salidas_bodega,pro_mermas_bodega,pro_ajustes_bodega,pro_entradas_sv,pro_salidas_sv,pro_mermas_sv,pro_ajustes_sv,pro_activo,rec_numero,pro_unidad,pro_capacidad,pro_consumo_bodega,pro_consumo_sv,pro_estado,pro_funcion_plu,pro_flejes,pro_iva,pro_plu_asociado,pro_envase,pro_duracion,pro_numero_etiqueta) VALUES (850,@@@850@@@,@@@0@@@,@@@PALOMITAS DE MAIZ X KILO@@@,@@@PALOMITAS DE MAI@@@,@@@2 @@@,@@@4 @@@,@@@20@@@,@@@1 @@@,@@@217@@@,@@@2507@@@,@@@0@@@,@@@750@@@,@@@1590@@@,@@@112@@@,@@@@@@,@@@2013.08.06@@@,@@@2013.08.06@@@,@@@0@@@,@@@10@@@,@@@5@@@,@@@0@@@,@@@0@@@,@@@0@@@,@@@0@@@,@@@0@@@,@@@0@@@,@@@0@@@,@@@0@@@,@@@1@@@,@@@0@@@,0,1,0,0,2,0,1,1,0,@@@NO@@@,0,0)','',2,'2013-08-06'),(48664,'DELETE FROM mae_impuestos_productos WHERE pro_codigo_plu=@@@850@@@','',2,'2013-08-06'),(48665,'UPDATE mae_productos SET pro_precio_fiscal=pro_precio_venta WHERE pro_codigo_plu=850','',2,'2013-08-06'),(48666,'UPDATE mae_productos SET pro_margen_actual=30,pro_precio_venta=1300 WHERE pro_codigo_plu=383','',2,'2013-08-06'),(48667,'INSERT INTO gne_vale_ferreteria (vfe_id,vfe_fecha,vfe_total,vfe_estado,vfe_entregado,usu_nusuario) VALUES (7295,@@@2013.08.06@@@,600,1,0,@@@b_SAEZ@@@)','',2,'2013-08-06'),(48668,'INSERT INTO gne_vale_ferreteria_mov (vfe_id,pro_codigo_plu,vfm_cantidad,vfm_unitario,vfm_total,vfm_entregado) VALUES (7295,78017017,4,150,600,@@@NO@@@)','',2,'2013-08-06'),(48669,'INSERT INTO gne_vale_ferreteria (vfe_id,vfe_fecha,vfe_total,vfe_estado,vfe_entregado,usu_nusuario) VALUES (7296,@@@2013.08.06@@@,1050,1,0,@@@b_SAEZ@@@)','',2,'2013-08-06'),(48670,'INSERT INTO gne_vale_ferreteria_mov (vfe_id,pro_codigo_plu,vfm_cantidad,vfm_unitario,vfm_total,vfm_entregado) VALUES (7296,763977,3,350,1050,@@@NO@@@)','',2,'2013-08-06'),(48671,'UPDATE mae_productos SET pro_precio_fiscal=pro_precio_venta WHERE pro_codigo_plu=10775','',2,'2013-08-06'),(48672,'UPDATE mae_productos SET pro_precio_fiscal=pro_precio_venta WHERE pro_codigo_plu=10790','',2,'2013-08-06'),(48673,'UPDATE mae_productos SET pro_precio_fiscal=pro_precio_venta WHERE pro_codigo_plu=10796','',2,'2013-08-06'),(48674,'UPDATE mae_productos SET pro_precio_fiscal=pro_precio_venta WHERE pro_codigo_plu=10810','',2,'2013-08-06'),(48675,'UPDATE mae_productos SET pro_precio_fiscal=pro_precio_venta WHERE pro_codigo_plu=10793','',2,'2013-08-06'),(48676,'UPDATE mae_productos SET pro_precio_fiscal=pro_precio_venta WHERE pro_codigo_plu=10809','',2,'2013-08-06'),(48677,'UPDATE mae_productos SET pro_precio_fiscal=pro_precio_venta WHERE pro_codigo_plu=780721558','',2,'2013-08-06'),(48678,'UPDATE mae_productos SET pro_precio_fiscal=pro_precio_venta WHERE pro_codigo_plu=780721584','',2,'2013-08-06'),(48679,'INSERT INTO gne_vale_ferreteria (vfe_id,vfe_fecha,vfe_total,vfe_estado,vfe_entregado,usu_nusuario) VALUES (7297,@@@2013.08.06@@@,400,1,0,@@@b_SAEZ@@@)','',2,'2013-08-06'),(48680,'INSERT INTO gne_vale_ferreteria_mov (vfe_id,pro_codigo_plu,vfm_cantidad,vfm_unitario,vfm_total,vfm_entregado) VALUES (7297,770065,4,100,400,@@@NO@@@)','',2,'2013-08-06'),(48681,'INSERT INTO gne_vale_ferreteria (vfe_id,vfe_fecha,vfe_total,vfe_estado,vfe_entregado,usu_nusuario) VALUES (7298,@@@2013.08.06@@@,840,1,0,@@@b_SAEZ@@@)','',2,'2013-08-06'),(48682,'INSERT INTO gne_vale_ferreteria_mov (vfe_id,pro_codigo_plu,vfm_cantidad,vfm_unitario,vfm_total,vfm_entregado) VALUES (7298,1017,2,350,700,@@@NO@@@)','',2,'2013-08-06'),(48683,'INSERT INTO gne_vale_ferreteria_mov (vfe_id,pro_codigo_plu,vfm_cantidad,vfm_unitario,vfm_total,vfm_entregado) VALUES (7298,764246,1,140,140,@@@NO@@@)','',2,'2013-08-06'),(48684,'INSERT INTO gne_vale_ferreteria (vfe_id,vfe_fecha,vfe_total,vfe_estado,vfe_entregado,usu_nusuario) VALUES (7299,@@@2013.08.06@@@,610,1,0,@@@b_SAEZ@@@)','',2,'2013-08-06'),(48685,'INSERT INTO gne_vale_ferreteria_mov (vfe_id,pro_codigo_plu,vfm_cantidad,vfm_unitario,vfm_total,vfm_entregado) VALUES (7299,8022,1,120,120,@@@NO@@@)','',2,'2013-08-06'),(48686,'INSERT INTO gne_vale_ferreteria_mov (vfe_id,pro_codigo_plu,vfm_cantidad,vfm_unitario,vfm_total,vfm_entregado) VALUES (7299,762002,1,490,490,@@@NO@@@)','',2,'2013-08-06'),(48687,'INSERT INTO gne_vale_ferreteria (vfe_id,vfe_fecha,vfe_total,vfe_estado,vfe_entregado,usu_nusuario) VALUES (7300,@@@2013.08.06@@@,1200,1,0,@@@b_SAEZ@@@)','',2,'2013-08-06'),(48688,'INSERT INTO gne_vale_ferreteria_mov (vfe_id,pro_codigo_plu,vfm_cantidad,vfm_unitario,vfm_total,vfm_entregado) VALUES (7300,762251,1,750,750,@@@NO@@@)','',2,'2013-08-06'),(48689,'INSERT INTO gne_vale_ferreteria_mov (vfe_id,pro_codigo_plu,vfm_cantidad,vfm_unitario,vfm_total,vfm_entregado) VALUES (7300,102629,1,450,450,@@@NO@@@)','',2,'2013-08-06'),(48690,'INSERT INTO gne_vale_ferreteria (vfe_id,vfe_fecha,vfe_total,vfe_estado,vfe_entregado,usu_nusuario) VALUES (7301,@@@2013.08.06@@@,300,1,0,@@@b_SAEZ@@@)','',2,'2013-08-06'),(48691,'INSERT INTO gne_vale_ferreteria_mov (vfe_id,pro_codigo_plu,vfm_cantidad,vfm_unitario,vfm_total,vfm_entregado) VALUES (7301,800001,1,300,300,@@@NO@@@)','',2,'2013-08-06'),(48692,'INSERT INTO gne_vale_ferreteria (vfe_id,vfe_fecha,vfe_total,vfe_estado,vfe_entregado,usu_nusuario) VALUES (7302,@@@2013.08.06@@@,100,1,0,@@@b_SAEZ@@@)','',2,'2013-08-06'),(48693,'INSERT INTO gne_vale_ferreteria_mov (vfe_id,pro_codigo_plu,vfm_cantidad,vfm_unitario,vfm_total,vfm_entregado) VALUES (7302,770065,1,100,100,@@@NO@@@)','',2,'2013-08-06'),(48694,'INSERT INTO gne_vale_ferreteria (vfe_id,vfe_fecha,vfe_total,vfe_estado,vfe_entregado,usu_nusuario) VALUES (7303,@@@2013.08.06@@@,910,1,0,@@@b_SAEZ@@@)','',2,'2013-08-06'),(48695,'INSERT INTO gne_vale_ferreteria_mov (vfe_id,pro_codigo_plu,vfm_cantidad,vfm_unitario,vfm_total,vfm_entregado) VALUES (7303,764160,3,120,360,@@@NO@@@)','',2,'2013-08-06'),(48696,'INSERT INTO gne_vale_ferreteria_mov (vfe_id,pro_codigo_plu,vfm_cantidad,vfm_unitario,vfm_total,vfm_entregado) VALUES (7303,4130,3,100,300,@@@NO@@@)','',2,'2013-08-06'),(48697,'INSERT INTO gne_vale_ferreteria_mov (vfe_id,pro_codigo_plu,vfm_cantidad,vfm_unitario,vfm_total,vfm_entregado) VALUES (7303,764583,1,250,250,@@@NO@@@)','',2,'2013-08-06'),(48698,'INSERT INTO gne_vale_ferreteria (vfe_id,vfe_fecha,vfe_total,vfe_estado,vfe_entregado,usu_nusuario) VALUES (7304,@@@2013.08.06@@@,600,1,0,@@@b_SAEZ@@@)','',2,'2013-08-06'),(48699,'INSERT INTO gne_vale_ferreteria_mov (vfe_id,pro_codigo_plu,vfm_cantidad,vfm_unitario,vfm_total,vfm_entregado) VALUES (7304,78017006,1,120,120,@@@NO@@@)','',2,'2013-08-06'),(48700,'INSERT INTO gne_vale_ferreteria_mov (vfe_id,pro_codigo_plu,vfm_cantidad,vfm_unitario,vfm_total,vfm_entregado) VALUES (7304,764160,1,120,120,@@@NO@@@)','',2,'2013-08-06'),(48701,'INSERT INTO gne_vale_ferreteria_mov (vfe_id,pro_codigo_plu,vfm_cantidad,vfm_unitario,vfm_total,vfm_entregado) VALUES (7304,78017008,1,120,120,@@@NO@@@)','',2,'2013-08-06'),(48702,'INSERT INTO gne_vale_ferreteria_mov (vfe_id,pro_codigo_plu,vfm_cantidad,vfm_unitario,vfm_total,vfm_entregado) VALUES (7304,78017004,1,120,120,@@@NO@@@)','',2,'2013-08-06'),(48703,'INSERT INTO gne_vale_ferreteria_mov (vfe_id,pro_codigo_plu,vfm_cantidad,vfm_unitario,vfm_total,vfm_entregado) VALUES (7304,78017001,1,120,120,@@@NO@@@)','',2,'2013-08-06'),(48704,'INSERT INTO gne_vale_ferreteria (vfe_id,vfe_fecha,vfe_total,vfe_estado,vfe_entregado,usu_nusuario) VALUES (7305,@@@2013.08.06@@@,890,1,0,@@@b_SAEZ@@@)','',2,'2013-08-06'),(48705,'INSERT INTO gne_vale_ferreteria_mov (vfe_id,pro_codigo_plu,vfm_cantidad,vfm_unitario,vfm_total,vfm_entregado) VALUES (7305,763799,1,890,890,@@@NO@@@)','',2,'2013-08-06'),(48706,'INSERT INTO gne_vale_ferreteria (vfe_id,vfe_fecha,vfe_total,vfe_estado,vfe_entregado,usu_nusuario) VALUES (7306,@@@2013.08.06@@@,1290,1,0,@@@b_SAEZ@@@)','',2,'2013-08-06'),(48707,'INSERT INTO gne_vale_ferreteria_mov (vfe_id,pro_codigo_plu,vfm_cantidad,vfm_unitario,vfm_total,vfm_entregado) VALUES (7306,780220096,1,250,250,@@@NO@@@)','',2,'2013-08-06'),(48708,'INSERT INTO gne_vale_ferreteria_mov (vfe_id,pro_codigo_plu,vfm_cantidad,vfm_unitario,vfm_total,vfm_entregado) VALUES (7306,780220193,1,370,370,@@@NO@@@)','',2,'2013-08-06'),(48709,'INSERT INTO gne_vale_ferreteria_mov (vfe_id,pro_codigo_plu,vfm_cantidad,vfm_unitario,vfm_total,vfm_entregado) VALUES (7306,763800,1,470,470,@@@NO@@@)','',2,'2013-08-06'),(48710,'INSERT INTO gne_vale_ferreteria_mov (vfe_id,pro_codigo_plu,vfm_cantidad,vfm_unitario,vfm_total,vfm_entregado) VALUES (7306,1546,1,200,200,@@@NO@@@)','',2,'2013-08-06'),(48711,'INSERT INTO gne_vale_ferreteria (vfe_id,vfe_fecha,vfe_total,vfe_estado,vfe_entregado,usu_nusuario) VALUES (7307,@@@2013.08.06@@@,710,1,0,@@@b_SAEZ@@@)','',2,'2013-08-06'),(48712,'INSERT INTO gne_vale_ferreteria_mov (vfe_id,pro_codigo_plu,vfm_cantidad,vfm_unitario,vfm_total,vfm_entregado) VALUES (7307,8022,2,120,240,@@@NO@@@)','',2,'2013-08-06'),(48713,'INSERT INTO gne_vale_ferreteria_mov (vfe_id,pro_codigo_plu,vfm_cantidad,vfm_unitario,vfm_total,vfm_entregado) VALUES (7307,763596,1,90,90,@@@NO@@@)','',2,'2013-08-06'),(48714,'INSERT INTO gne_vale_ferreteria_mov (vfe_id,pro_codigo_plu,vfm_cantidad,vfm_unitario,vfm_total,vfm_entregado) VALUES (7307,763778,1,240,240,@@@NO@@@)','',2,'2013-08-06'),(48715,'INSERT INTO gne_vale_ferreteria_mov (vfe_id,pro_codigo_plu,vfm_cantidad,vfm_unitario,vfm_total,vfm_entregado) VALUES (7307,764364,1,140,140,@@@NO@@@)','',2,'2013-08-06'),(48716,'INSERT INTO gne_vale_ferreteria (vfe_id,vfe_fecha,vfe_total,vfe_estado,vfe_entregado,usu_nusuario) VALUES (7308,@@@2013.08.06@@@,900,1,0,@@@b_SAEZ@@@)','',2,'2013-08-06'),(48717,'INSERT INTO gne_vale_ferreteria_mov (vfe_id,pro_codigo_plu,vfm_cantidad,vfm_unitario,vfm_total,vfm_entregado) VALUES (7308,780721221,3,300,900,@@@NO@@@)','',2,'2013-08-06'),(48718,'INSERT INTO gne_vale_ferreteria (vfe_id,vfe_fecha,vfe_total,vfe_estado,vfe_entregado,usu_nusuario) VALUES (7309,@@@2013.08.06@@@,2398,1,0,@@@b_SAEZ@@@)','',2,'2013-08-06'),(48719,'INSERT INTO gne_vale_ferreteria_mov (vfe_id,pro_codigo_plu,vfm_cantidad,vfm_unitario,vfm_total,vfm_entregado) VALUES (7309,763777,2,1199,2398,@@@NO@@@)','',2,'2013-08-06'),(48720,'INSERT INTO gne_vale_ferreteria (vfe_id,vfe_fecha,vfe_total,vfe_estado,vfe_entregado,usu_nusuario) VALUES (7310,@@@2013.08.06@@@,1819,1,0,@@@b_SAEZ@@@)','',2,'2013-08-06'),(48721,'INSERT INTO gne_vale_ferreteria_mov (vfe_id,pro_codigo_plu,vfm_cantidad,vfm_unitario,vfm_total,vfm_entregado) VALUES (7310,21116,1,620,620,@@@NO@@@)','',2,'2013-08-06'),(48722,'INSERT INTO gne_vale_ferreteria_mov (vfe_id,pro_codigo_plu,vfm_cantidad,vfm_unitario,vfm_total,vfm_entregado) VALUES (7310,763777,1,1199,1199,@@@NO@@@)','',2,'2013-08-06'),(48723,'INSERT INTO gne_vale_ferreteria (vfe_id,vfe_fecha,vfe_total,vfe_estado,vfe_entregado,usu_nusuario) VALUES (7311,@@@2013.08.06@@@,100,1,0,@@@b_SAEZ@@@)','',2,'2013-08-06'),(48724,'INSERT INTO gne_vale_ferreteria_mov (vfe_id,pro_codigo_plu,vfm_cantidad,vfm_unitario,vfm_total,vfm_entregado) VALUES (7311,770065,1,100,100,@@@NO@@@)','',2,'2013-08-06'),(48725,'INSERT INTO gne_vale_ferreteria (vfe_id,vfe_fecha,vfe_total,vfe_estado,vfe_entregado,usu_nusuario) VALUES (7312,@@@2013.08.06@@@,260,1,0,@@@b_SAEZ@@@)','',2,'2013-08-06'),(48726,'INSERT INTO gne_vale_ferreteria_mov (vfe_id,pro_codigo_plu,vfm_cantidad,vfm_unitario,vfm_total,vfm_entregado) VALUES (7312,102455,2,130,260,@@@NO@@@)','',2,'2013-08-06'),(48727,'INSERT INTO gne_vale_ferreteria (vfe_id,vfe_fecha,vfe_total,vfe_estado,vfe_entregado,usu_nusuario) VALUES (7313,@@@2013.08.06@@@,3780,1,0,@@@b_SAEZ@@@)','',2,'2013-08-06'),(48728,'INSERT INTO gne_vale_ferreteria_mov (vfe_id,pro_codigo_plu,vfm_cantidad,vfm_unitario,vfm_total,vfm_entregado) VALUES (7313,101620,2,1890,3780,@@@NO@@@)','',2,'2013-08-06'),(48729,'INSERT INTO gne_vale_ferreteria (vfe_id,vfe_fecha,vfe_total,vfe_estado,vfe_entregado,usu_nusuario) VALUES (7314,@@@2013.08.06@@@,980,1,0,@@@b_SAEZ@@@)','',2,'2013-08-06'),(48730,'INSERT INTO gne_vale_ferreteria_mov (vfe_id,pro_codigo_plu,vfm_cantidad,vfm_unitario,vfm_total,vfm_entregado) VALUES (7314,770005,2,490,980,@@@NO@@@)','',2,'2013-08-06'),(48731,'INSERT INTO gne_vale_ferreteria (vfe_id,vfe_fecha,vfe_total,vfe_estado,vfe_entregado,usu_nusuario) VALUES (7315,@@@2013.08.06@@@,5020,1,0,@@@b_SAEZ@@@)','',2,'2013-08-06'),(48732,'INSERT INTO gne_vale_ferreteria_mov (vfe_id,pro_codigo_plu,vfm_cantidad,vfm_unitario,vfm_total,vfm_entregado) VALUES (7315,780220195,1,590,590,@@@NO@@@)','',2,'2013-08-06'),(48733,'INSERT INTO gne_vale_ferreteria_mov (vfe_id,pro_codigo_plu,vfm_cantidad,vfm_unitario,vfm_total,vfm_entregado) VALUES (7315,762000,1,690,690,@@@NO@@@)','',2,'2013-08-06'),(48734,'INSERT INTO gne_vale_ferreteria_mov (vfe_id,pro_codigo_plu,vfm_cantidad,vfm_unitario,vfm_total,vfm_entregado) VALUES (7315,78017020,1,390,390,@@@NO@@@)','',2,'2013-08-06'),(48735,'INSERT INTO gne_vale_ferreteria_mov (vfe_id,pro_codigo_plu,vfm_cantidad,vfm_unitario,vfm_total,vfm_entregado) VALUES (7315,765066,1,2990,2990,@@@NO@@@)','',2,'2013-08-06'),(48736,'INSERT INTO gne_vale_ferreteria_mov (vfe_id,pro_codigo_plu,vfm_cantidad,vfm_unitario,vfm_total,vfm_entregado) VALUES (7315,764766,3,120,360,@@@NO@@@)','',2,'2013-08-06'),(48737,'INSERT INTO gne_vale_ferreteria (vfe_id,vfe_fecha,vfe_total,vfe_estado,vfe_entregado,usu_nusuario) VALUES (7316,@@@2013.08.06@@@,690,1,0,@@@b_SAEZ@@@)','',2,'2013-08-06'),(48738,'INSERT INTO gne_vale_ferreteria_mov (vfe_id,pro_codigo_plu,vfm_cantidad,vfm_unitario,vfm_total,vfm_entregado) VALUES (7316,19804,1,690,690,@@@NO@@@)','',2,'2013-08-06'),(48739,'INSERT INTO gne_vale_ferreteria (vfe_id,vfe_fecha,vfe_total,vfe_estado,vfe_entregado,usu_nusuario) VALUES (7317,@@@2013.08.06@@@,6000,1,0,@@@b_SAEZ@@@)','',2,'2013-08-06'),(48740,'INSERT INTO gne_vale_ferreteria_mov (vfe_id,pro_codigo_plu,vfm_cantidad,vfm_unitario,vfm_total,vfm_entregado) VALUES (7317,780721281,7,180,1260,@@@NO@@@)','',2,'2013-08-06'),(48741,'INSERT INTO gne_vale_ferreteria_mov (vfe_id,pro_codigo_plu,vfm_cantidad,vfm_unitario,vfm_total,vfm_entregado) VALUES (7317,780721282,2,390,780,@@@NO@@@)','',2,'2013-08-06'),(48742,'INSERT INTO gne_vale_ferreteria_mov (vfe_id,pro_codigo_plu,vfm_cantidad,vfm_unitario,vfm_total,vfm_entregado) VALUES (7317,763740,1,1350,1350,@@@NO@@@)','',2,'2013-08-06'),(48743,'INSERT INTO gne_vale_ferreteria_mov (vfe_id,pro_codigo_plu,vfm_cantidad,vfm_unitario,vfm_total,vfm_entregado) VALUES (7317,78016996,1,230,230,@@@NO@@@)','',2,'2013-08-06'),(48744,'INSERT INTO gne_vale_ferreteria_mov (vfe_id,pro_codigo_plu,vfm_cantidad,vfm_unitario,vfm_total,vfm_entregado) VALUES (7317,763672,1,1550,1550,@@@NO@@@)','',2,'2013-08-06'),(48745,'INSERT INTO gne_vale_ferreteria_mov (vfe_id,pro_codigo_plu,vfm_cantidad,vfm_unitario,vfm_total,vfm_entregado) VALUES (7317,78017004,2,120,240,@@@NO@@@)','',2,'2013-08-06'),(48746,'INSERT INTO gne_vale_ferreteria_mov (vfe_id,pro_codigo_plu,vfm_cantidad,vfm_unitario,vfm_total,vfm_entregado) VALUES (7317,780220195,1,590,590,@@@NO@@@)','',2,'2013-08-06'),(48747,'INSERT INTO gne_vale_ferreteria (vfe_id,vfe_fecha,vfe_total,vfe_estado,vfe_entregado,usu_nusuario) VALUES (7318,@@@2013.08.06@@@,2780,1,0,@@@b_SAEZ@@@)','',2,'2013-08-06'),(48748,'INSERT INTO gne_vale_ferreteria_mov (vfe_id,pro_codigo_plu,vfm_cantidad,vfm_unitario,vfm_total,vfm_entregado) VALUES (7318,763741,1,1790,1790,@@@NO@@@)','',2,'2013-08-06'),(48749,'INSERT INTO gne_vale_ferreteria_mov (vfe_id,pro_codigo_plu,vfm_cantidad,vfm_unitario,vfm_total,vfm_entregado) VALUES (7318,19956,1,990,990,@@@NO@@@)','',2,'2013-08-06'),(48750,'INSERT INTO gne_vale_ferreteria (vfe_id,vfe_fecha,vfe_total,vfe_estado,vfe_entregado,usu_nusuario) VALUES (7319,@@@2013.08.06@@@,1180,1,0,@@@b_SAEZ@@@)','',2,'2013-08-06'),(48751,'INSERT INTO gne_vale_ferreteria_mov (vfe_id,pro_codigo_plu,vfm_cantidad,vfm_unitario,vfm_total,vfm_entregado) VALUES (7319,770065,2,100,200,@@@NO@@@)','',2,'2013-08-06'),(48752,'INSERT INTO gne_vale_ferreteria_mov (vfe_id,pro_codigo_plu,vfm_cantidad,vfm_unitario,vfm_total,vfm_entregado) VALUES (7319,780220193,1,370,370,@@@NO@@@)','',2,'2013-08-06'),(48753,'INSERT INTO gne_vale_ferreteria_mov (vfe_id,pro_codigo_plu,vfm_cantidad,vfm_unitario,vfm_total,vfm_entregado) VALUES (7319,780721305,1,490,490,@@@NO@@@)','',2,'2013-08-06'),(48754,'INSERT INTO gne_vale_ferreteria_mov (vfe_id,pro_codigo_plu,vfm_cantidad,vfm_unitario,vfm_total,vfm_entregado) VALUES (7319,8022,1,120,120,@@@NO@@@)','',2,'2013-08-06'),(48755,'INSERT INTO gne_vale_ferreteria (vfe_id,vfe_fecha,vfe_total,vfe_estado,vfe_entregado,usu_nusuario) VALUES (7320,@@@2013.08.06@@@,830,1,0,@@@b_SAEZ@@@)','',2,'2013-08-06'),(48756,'INSERT INTO gne_vale_ferreteria_mov (vfe_id,pro_codigo_plu,vfm_cantidad,vfm_unitario,vfm_total,vfm_entregado) VALUES (7320,763837,1,650,650,@@@NO@@@)','',2,'2013-08-06'),(48757,'INSERT INTO gne_vale_ferreteria_mov (vfe_id,pro_codigo_plu,vfm_cantidad,vfm_unitario,vfm_total,vfm_entregado) VALUES (7320,764120,1,180,180,@@@NO@@@)','',2,'2013-08-06'),(48758,'INSERT INTO gne_vale_ferreteria (vfe_id,vfe_fecha,vfe_total,vfe_estado,vfe_entregado,usu_nusuario) VALUES (7321,@@@2013.08.06@@@,330,1,0,@@@b_SAEZ@@@)','',2,'2013-08-06'),(48759,'INSERT INTO gne_vale_ferreteria_mov (vfe_id,pro_codigo_plu,vfm_cantidad,vfm_unitario,vfm_total,vfm_entregado) VALUES (7321,19918,1,330,330,@@@NO@@@)','',2,'2013-08-06'),(48760,'INSERT INTO gne_vale_ferreteria (vfe_id,vfe_fecha,vfe_total,vfe_estado,vfe_entregado,usu_nusuario) VALUES (7322,@@@2013.08.07@@@,3160,1,0,@@@b_SAEZ@@@)','',2,'2013-08-07'),(48761,'INSERT INTO gne_vale_ferreteria_mov (vfe_id,pro_codigo_plu,vfm_cantidad,vfm_unitario,vfm_total,vfm_entregado) VALUES (7322,780721545,1,1270,1270,@@@NO@@@)','',2,'2013-08-07'),(48762,'INSERT INTO gne_vale_ferreteria_mov (vfe_id,pro_codigo_plu,vfm_cantidad,vfm_unitario,vfm_total,vfm_entregado) VALUES (7322,101624,1,1890,1890,@@@NO@@@)','',2,'2013-08-07'),(48763,'INSERT INTO gne_vale_ferreteria (vfe_id,vfe_fecha,vfe_total,vfe_estado,vfe_entregado,usu_nusuario) VALUES (7323,@@@2013.08.07@@@,650,1,0,@@@b_SAEZ@@@)','',2,'2013-08-07'),(48764,'INSERT INTO gne_vale_ferreteria_mov (vfe_id,pro_codigo_plu,vfm_cantidad,vfm_unitario,vfm_total,vfm_entregado) VALUES (7323,20836,1,650,650,@@@NO@@@)','',2,'2013-08-07'),(48765,'INSERT INTO gne_vale_ferreteria (vfe_id,vfe_fecha,vfe_total,vfe_estado,vfe_entregado,usu_nusuario) VALUES (7324,@@@2013.08.07@@@,890,1,0,@@@b_SAEZ@@@)','',2,'2013-08-07'),(48766,'INSERT INTO gne_vale_ferreteria_mov (vfe_id,pro_codigo_plu,vfm_cantidad,vfm_unitario,vfm_total,vfm_entregado) VALUES (7324,101098,1,890,890,@@@NO@@@)','',2,'2013-08-07'),(48767,'INSERT INTO gne_vale_ferreteria (vfe_id,vfe_fecha,vfe_total,vfe_estado,vfe_entregado,usu_nusuario) VALUES (7325,@@@2013.08.07@@@,3090,1,0,@@@b_SAEZ@@@)','',2,'2013-08-07'),(48768,'INSERT INTO gne_vale_ferreteria_mov (vfe_id,pro_codigo_plu,vfm_cantidad,vfm_unitario,vfm_total,vfm_entregado) VALUES (7325,780721201,1,1990,1990,@@@NO@@@)','',2,'2013-08-07'),(48769,'INSERT INTO gne_vale_ferreteria_mov (vfe_id,pro_codigo_plu,vfm_cantidad,vfm_unitario,vfm_total,vfm_entregado) VALUES (7325,780721138,1,1100,1100,@@@NO@@@)','',2,'2013-08-07'),(48770,'INSERT INTO gne_vale_ferreteria (vfe_id,vfe_fecha,vfe_total,vfe_estado,vfe_entregado,usu_nusuario) VALUES (7326,@@@2013.08.07@@@,1190,1,0,@@@b_SAEZ@@@)','',2,'2013-08-07'),(48771,'INSERT INTO gne_vale_ferreteria_mov (vfe_id,pro_codigo_plu,vfm_cantidad,vfm_unitario,vfm_total,vfm_entregado) VALUES (7326,11670,1,840,840,@@@NO@@@)','',2,'2013-08-07'),(48772,'INSERT INTO gne_vale_ferreteria_mov (vfe_id,pro_codigo_plu,vfm_cantidad,vfm_unitario,vfm_total,vfm_entregado) VALUES (7326,102408,1,350,350,@@@NO@@@)','',2,'2013-08-07'),(48773,'INSERT INTO gne_vale_ferreteria (vfe_id,vfe_fecha,vfe_total,vfe_estado,vfe_entregado,usu_nusuario) VALUES (7327,@@@2013.08.07@@@,180,1,0,@@@b_SAEZ@@@)','',2,'2013-08-07'),(48774,'INSERT INTO gne_vale_ferreteria_mov (vfe_id,pro_codigo_plu,vfm_cantidad,vfm_unitario,vfm_total,vfm_entregado) VALUES (7327,780220200,1,180,180,@@@NO@@@)','',2,'2013-08-07'),(48775,'INSERT INTO gne_vale_ferreteria (vfe_id,vfe_fecha,vfe_total,vfe_estado,vfe_entregado,usu_nusuario) VALUES (7328,@@@2013.08.07@@@,350,1,0,@@@b_SAEZ@@@)','',2,'2013-08-07'),(48776,'INSERT INTO gne_vale_ferreteria_mov (vfe_id,pro_codigo_plu,vfm_cantidad,vfm_unitario,vfm_total,vfm_entregado) VALUES (7328,780721241,1,350,350,@@@NO@@@)','',2,'2013-08-07'),(48777,'INSERT INTO gne_vale_ferreteria (vfe_id,vfe_fecha,vfe_total,vfe_estado,vfe_entregado,usu_nusuario) VALUES (7329,@@@2013.08.07@@@,590,1,0,@@@b_SAEZ@@@)','',2,'2013-08-07'),(48778,'INSERT INTO gne_vale_ferreteria_mov (vfe_id,pro_codigo_plu,vfm_cantidad,vfm_unitario,vfm_total,vfm_entregado) VALUES (7329,764389,1,590,590,@@@NO@@@)','',2,'2013-08-07'),(48779,'INSERT INTO gne_vale_ferreteria (vfe_id,vfe_fecha,vfe_total,vfe_estado,vfe_entregado,usu_nusuario) VALUES (7330,@@@2013.08.07@@@,4980,1,0,@@@b_SAEZ@@@)','',2,'2013-08-07'),(48780,'INSERT INTO gne_vale_ferreteria_mov (vfe_id,pro_codigo_plu,vfm_cantidad,vfm_unitario,vfm_total,vfm_entregado) VALUES (7330,1467,1,2490,2490,@@@NO@@@)','',2,'2013-08-07'),(48781,'INSERT INTO gne_vale_ferreteria_mov (vfe_id,pro_codigo_plu,vfm_cantidad,vfm_unitario,vfm_total,vfm_entregado) VALUES (7330,7101,1,2490,2490,@@@NO@@@)','',2,'2013-08-07'),(48782,'INSERT INTO gne_vale_ferreteria (vfe_id,vfe_fecha,vfe_total,vfe_estado,vfe_entregado,usu_nusuario) VALUES (7331,@@@2013.08.07@@@,590,1,0,@@@b_SAEZ@@@)','',2,'2013-08-07'),(48783,'INSERT INTO gne_vale_ferreteria_mov (vfe_id,pro_codigo_plu,vfm_cantidad,vfm_unitario,vfm_total,vfm_entregado) VALUES (7331,19865,1,590,590,@@@NO@@@)','',2,'2013-08-07'),(48784,'INSERT INTO gne_vale_ferreteria (vfe_id,vfe_fecha,vfe_total,vfe_estado,vfe_entregado,usu_nusuario) VALUES (7332,@@@2013.08.07@@@,2490,1,0,@@@b_SAEZ@@@)','',2,'2013-08-07'),(48785,'INSERT INTO gne_vale_ferreteria_mov (vfe_id,pro_codigo_plu,vfm_cantidad,vfm_unitario,vfm_total,vfm_entregado) VALUES (7332,780721482,1,2490,2490,@@@NO@@@)','',2,'2013-08-07'),(48786,'INSERT INTO com_ventas_grupo (vgr_fecha,vgr_grupo,vgr_cantidad,vgr_total) VALUES (@@@2013.08.06@@@,1,188.775,110605)','',2,'2013-08-07'),(48787,'INSERT INTO com_ventas_grupo (vgr_fecha,vgr_grupo,vgr_cantidad,vgr_total) VALUES (@@@2013.08.06@@@,2,138.585,90287)','',2,'2013-08-07'),(48788,'INSERT INTO com_ventas_grupo (vgr_fecha,vgr_grupo,vgr_cantidad,vgr_total) VALUES (@@@2013.08.06@@@,3,399,73737)','',2,'2013-08-07'),(48789,'INSERT INTO com_ventas_grupo (vgr_fecha,vgr_grupo,vgr_cantidad,vgr_total) VALUES (@@@2013.08.06@@@,4,55,52537)','',2,'2013-08-07'),(48790,'INSERT INTO com_ventas_grupo (vgr_fecha,vgr_grupo,vgr_cantidad,vgr_total) VALUES (@@@2013.08.06@@@,5,1,3890)','',2,'2013-08-07'),(48791,'INSERT INTO com_ventas_grupo (vgr_fecha,vgr_grupo,vgr_cantidad,vgr_total) VALUES (@@@2013.08.06@@@,6,14,21228)','',2,'2013-08-07'),(48792,'INSERT INTO com_ventas_grupo (vgr_fecha,vgr_grupo,vgr_cantidad,vgr_total) VALUES (@@@2013.08.06@@@,7,22,36420)','',2,'2013-08-07'),(48793,'INSERT INTO com_ventas_grupo (vgr_fecha,vgr_grupo,vgr_cantidad,vgr_total) VALUES (@@@2013.08.06@@@,8,29,14060)','',2,'2013-08-07'),(48794,'INSERT INTO com_ventas_grupo (vgr_fecha,vgr_grupo,vgr_cantidad,vgr_total) VALUES (@@@2013.08.06@@@,9,72.35,112968)','',2,'2013-08-07'),(48795,'INSERT INTO com_ventas_grupo (vgr_fecha,vgr_grupo,vgr_cantidad,vgr_total) VALUES (@@@2013.08.06@@@,10,27.255,44682)','',2,'2013-08-07'),(48796,'INSERT INTO com_ventas_grupo (vgr_fecha,vgr_grupo,vgr_cantidad,vgr_total) VALUES (@@@2013.08.06@@@,11,23.59,67357)','',2,'2013-08-07'),(48797,'INSERT INTO com_ventas_grupo (vgr_fecha,vgr_grupo,vgr_cantidad,vgr_total) VALUES (@@@2013.08.06@@@,12,45.275,76793)','',2,'2013-08-07'),(48798,'INSERT INTO com_ventas_grupo (vgr_fecha,vgr_grupo,vgr_cantidad,vgr_total) VALUES (@@@2013.08.06@@@,13,17.195,29560)','',2,'2013-08-07'),(48799,'INSERT INTO com_ventas_grupo (vgr_fecha,vgr_grupo,vgr_cantidad,vgr_total) VALUES (@@@2013.08.06@@@,14,90.33,81497)','',2,'2013-08-07'),(48800,'INSERT INTO com_ventas_grupo (vgr_fecha,vgr_grupo,vgr_cantidad,vgr_total) VALUES (@@@2013.08.06@@@,16,1,150)','',2,'2013-08-07'),(48801,'INSERT INTO com_ventas_grupo (vgr_fecha,vgr_grupo,vgr_cantidad,vgr_total) VALUES (@@@2013.08.06@@@,18,204.49,111301)','',2,'2013-08-07'),(48802,'INSERT INTO com_ventas_grupo (vgr_fecha,vgr_grupo,vgr_cantidad,vgr_total) VALUES (@@@2013.08.06@@@,20,77.435,29106)','',2,'2013-08-07'),(48803,'INSERT INTO com_ventas_grupo (vgr_fecha,vgr_grupo,vgr_cantidad,vgr_total) VALUES (@@@2013.08.06@@@,21,56,35178)','',2,'2013-08-07'),(48804,'INSERT INTO com_ventas_grupo (vgr_fecha,vgr_grupo,vgr_cantidad,vgr_total) VALUES (@@@2013.08.06@@@,23,1,150)','',2,'2013-08-07'),(48805,'INSERT INTO com_ventas_grupo (vgr_fecha,vgr_grupo,vgr_cantidad,vgr_total) VALUES (@@@2013.08.06@@@,24,136,41898)','',2,'2013-08-07'),(48806,'INSERT INTO com_ventas_grupo (vgr_fecha,vgr_grupo,vgr_cantidad,vgr_total) VALUES (@@@2013.08.06@@@,25,88,130100)','',2,'2013-08-07'),(48807,'INSERT INTO com_ventas_grupo (vgr_fecha,vgr_grupo,vgr_cantidad,vgr_total) VALUES (@@@2013.08.06@@@,31,6,6720)','',2,'2013-08-07'),(48808,'INSERT INTO com_ventas_grupo (vgr_fecha,vgr_grupo,vgr_cantidad,vgr_total) VALUES (@@@2013.08.06@@@,32,242,82465)','',2,'2013-08-07'),(48809,'INSERT INTO com_ventas_grupo (vgr_fecha,vgr_grupo,vgr_cantidad,vgr_total) VALUES (@@@2013.08.06@@@,34,2,2400)','',2,'2013-08-07'),(48810,'INSERT INTO com_ventas_grupo (vgr_fecha,vgr_grupo,vgr_cantidad,vgr_total) VALUES (@@@2013.08.06@@@,35,17,24480)','',2,'2013-08-07'),(48811,'INSERT INTO com_ventas_grupo (vgr_fecha,vgr_grupo,vgr_cantidad,vgr_total) VALUES (@@@2013.08.06@@@,36,6,620)','',2,'2013-08-07'),(48812,'INSERT INTO com_ventas_grupo (vgr_fecha,vgr_grupo,vgr_cantidad,vgr_total) VALUES (@@@2013.08.06@@@,37,8,1450)','',2,'2013-08-07'),(48813,'INSERT INTO com_ventas_grupo (vgr_fecha,vgr_grupo,vgr_cantidad,vgr_total) VALUES (@@@2013.08.06@@@,38,9,12710)','',2,'2013-08-07'),(48814,'INSERT INTO com_ventas_grupo (vgr_fecha,vgr_grupo,vgr_cantidad,vgr_total) VALUES (@@@2013.08.06@@@,40,4202,4540)','',2,'2013-08-07'),(48815,'INSERT INTO com_ventas_grupo (vgr_fecha,vgr_grupo,vgr_cantidad,vgr_total) VALUES (@@@2013.08.06@@@,42,13.25,13641)','',2,'2013-08-07'),(48816,'UPDATE mae_datos_empresa SET emp_oferta=@@@NO@@@','',2,'2013-08-07'),(48817,'INSERT INTO gne_vale_ferreteria (vfe_id,vfe_fecha,vfe_total,vfe_estado,vfe_entregado,usu_nusuario) VALUES (7333,@@@2013.08.07@@@,200,1,0,@@@b_SAEZ@@@)','',2,'2013-08-07'),(48818,'INSERT INTO gne_vale_ferreteria_mov (vfe_id,pro_codigo_plu,vfm_cantidad,vfm_unitario,vfm_total,vfm_entregado) VALUES (7333,770098,2,100,200,@@@NO@@@)','',2,'2013-08-07'),(48819,'INSERT INTO gne_vale_ferreteria (vfe_id,vfe_fecha,vfe_total,vfe_estado,vfe_entregado,usu_nusuario) VALUES (7334,@@@2013.08.07@@@,2990,1,0,@@@b_SAEZ@@@)','',2,'2013-08-07'),(48820,'INSERT INTO gne_vale_ferreteria_mov (vfe_id,pro_codigo_plu,vfm_cantidad,vfm_unitario,vfm_total,vfm_entregado) VALUES (7334,764619,1,2990,2990,@@@NO@@@)','',2,'2013-08-07'),(48821,'UPDATE mae_productos SET pro_precio_compra_bruto=589,pro_margen_actual=(pro_precio_venta-589)/589 * 100,pro_ultima_compra=@@@2013.08.07@@@,pro_ultimo_proveedor=@@@86379600-8@@@ WHERE pro_codigo_plu=78017189','',2,'2013-08-07'),(48822,'UPDATE mae_productos SET pro_precio_compra_bruto=8538,pro_margen_actual=(pro_precio_venta-8538)/8538 * 100,pro_ultima_compra=@@@2013.08.07@@@,pro_ultimo_proveedor=@@@86379600-8@@@ WHERE pro_codigo_plu=764416','',2,'2013-08-07'),(48823,'UPDATE mae_productos SET pro_precio_compra_bruto=15748,pro_margen_actual=(pro_precio_venta-15748)/15748 * 100,pro_ultima_compra=@@@2013.08.07@@@,pro_ultimo_proveedor=@@@86379600-8@@@ WHERE pro_codigo_plu=764420','',2,'2013-08-07'),(48824,'UPDATE mae_productos SET pro_precio_compra_bruto=18701,pro_margen_actual=(pro_precio_venta-18701)/18701 * 100,pro_ultima_compra=@@@2013.08.07@@@,pro_ultimo_proveedor=@@@86379600-8@@@ WHERE pro_codigo_plu=764421','',2,'2013-08-07'),(48825,'UPDATE mae_productos SET pro_precio_compra_bruto=8144,pro_margen_actual=(pro_precio_venta-8144)/8144 * 100,pro_ultima_compra=@@@2013.08.07@@@,pro_ultimo_proveedor=@@@86379600-8@@@ WHERE pro_codigo_plu=764417','',2,'2013-08-07'),(48826,'INSERT INTO gne_vale_ferreteria (vfe_id,vfe_fecha,vfe_total,vfe_estado,vfe_entregado,usu_nusuario) VALUES (7335,@@@2013.08.07@@@,330,1,0,@@@b_SAEZ@@@)','',2,'2013-08-07'),(48827,'INSERT INTO gne_vale_ferreteria_mov (vfe_id,pro_codigo_plu,vfm_cantidad,vfm_unitario,vfm_total,vfm_entregado) VALUES (7335,19918,1,330,330,@@@NO@@@)','',2,'2013-08-07'),(48828,'INSERT INTO gne_vale_ferreteria (vfe_id,vfe_fecha,vfe_total,vfe_estado,vfe_entregado,usu_nusuario) VALUES (7336,@@@2013.08.07@@@,600,1,0,@@@b_SAEZ@@@)','',2,'2013-08-07'),(48829,'INSERT INTO gne_vale_ferreteria_mov (vfe_id,pro_codigo_plu,vfm_cantidad,vfm_unitario,vfm_total,vfm_entregado) VALUES (7336,102261,2,300,600,@@@NO@@@)','',2,'2013-08-07'),(48830,'INSERT INTO gne_vale_ferreteria (vfe_id,vfe_fecha,vfe_total,vfe_estado,vfe_entregado,usu_nusuario) VALUES (7337,@@@2013.08.07@@@,990,1,0,@@@b_SAEZ@@@)','',2,'2013-08-07'),(48831,'INSERT INTO gne_vale_ferreteria_mov (vfe_id,pro_codigo_plu,vfm_cantidad,vfm_unitario,vfm_total,vfm_entregado) VALUES (7337,780220138,1,990,990,@@@NO@@@)','',2,'2013-08-07'),(48832,'INSERT INTO gne_vale_ferreteria (vfe_id,vfe_fecha,vfe_total,vfe_estado,vfe_entregado,usu_nusuario) VALUES (7338,@@@2013.08.07@@@,1890,1,0,@@@b_SAEZ@@@)','',2,'2013-08-07'),(48833,'INSERT INTO gne_vale_ferreteria_mov (vfe_id,pro_codigo_plu,vfm_cantidad,vfm_unitario,vfm_total,vfm_entregado) VALUES (7338,101843,1,1890,1890,@@@NO@@@)','',2,'2013-08-07'),(48834,'INSERT INTO gne_vale_ferreteria (vfe_id,vfe_fecha,vfe_total,vfe_estado,vfe_entregado,usu_nusuario) VALUES (7339,@@@2013.08.07@@@,1050,1,0,@@@b_SAEZ@@@)','',2,'2013-08-07'),(48835,'INSERT INTO gne_vale_ferreteria_mov (vfe_id,pro_codigo_plu,vfm_cantidad,vfm_unitario,vfm_total,vfm_entregado) VALUES (7339,762027,1,1050,1050,@@@NO@@@)','',2,'2013-08-07'),(48836,'UPDATE mae_productos SET pro_precio_compra_bruto=2915.5,pro_margen_actual=(pro_precio_venta-2915.5)/2915.5 * 100,pro_ultima_compra=@@@2013.08.07@@@,pro_ultimo_proveedor=@@@79953750-8@@@ WHERE pro_codigo_plu=211','',2,'2013-08-07'),(48837,'UPDATE mae_productos SET pro_precio_compra_bruto=3034.7,pro_margen_actual=(pro_precio_venta-3034.7)/3034.7 * 100,pro_ultima_compra=@@@2013.08.07@@@,pro_ultimo_proveedor=@@@79953750-8@@@ WHERE pro_codigo_plu=367','',2,'2013-08-07'),(48838,'UPDATE mae_productos SET pro_precio_compra_bruto=3332,pro_margen_actual=(pro_precio_venta-3332)/3332 * 100,pro_ultima_compra=@@@2013.08.07@@@,pro_ultimo_proveedor=@@@79953750-8@@@ WHERE pro_codigo_plu=391','',2,'2013-08-07'),(48839,'INSERT INTO gne_vale_ferreteria (vfe_id,vfe_fecha,vfe_total,vfe_estado,vfe_entregado,usu_nusuario) VALUES (7340,@@@2013.08.07@@@,2490,1,0,@@@b_SAEZ@@@)','',2,'2013-08-07'),(48840,'INSERT INTO gne_vale_ferreteria_mov (vfe_id,pro_codigo_plu,vfm_cantidad,vfm_unitario,vfm_total,vfm_entregado) VALUES (7340,780721509,1,2490,2490,@@@NO@@@)','',2,'2013-08-07'),(48841,'INSERT INTO gne_vale_ferreteria (vfe_id,vfe_fecha,vfe_total,vfe_estado,vfe_entregado,usu_nusuario) VALUES (7341,@@@2013.08.07@@@,1990,1,0,@@@b_SAEZ@@@)','',2,'2013-08-07'),(48842,'INSERT INTO gne_vale_ferreteria_mov (vfe_id,pro_codigo_plu,vfm_cantidad,vfm_unitario,vfm_total,vfm_entregado) VALUES (7341,780721563,1,1990,1990,@@@NO@@@)','',2,'2013-08-07'),(48843,'UPDATE mae_productos SET pro_precio_compra_bruto=8144,pro_margen_actual=(pro_precio_venta-8144)/8144 * 100,pro_ultima_compra=@@@2013.08.07@@@,pro_ultimo_proveedor=@@@86379600-8@@@ WHERE pro_codigo_plu=764417','',2,'2013-08-07'),(48844,'UPDATE mae_productos SET pro_precio_compra_bruto=8538,pro_margen_actual=(pro_precio_venta-8538)/8538 * 100,pro_ultima_compra=@@@2013.08.07@@@,pro_ultimo_proveedor=@@@86379600-8@@@ WHERE pro_codigo_plu=764416','',2,'2013-08-07'),(48845,'UPDATE mae_productos SET pro_precio_compra_bruto=1479.41,pro_margen_actual=(pro_precio_venta-1479.41)/1479.41 * 100,pro_ultima_compra=@@@2013.08.07@@@,pro_ultimo_proveedor=@@@86379600-8@@@ WHERE pro_codigo_plu=764408','',2,'2013-08-07'),(48846,'UPDATE mae_productos SET pro_precio_compra_bruto=15748,pro_margen_actual=(pro_precio_venta-15748)/15748 * 100,pro_ultima_compra=@@@2013.08.07@@@,pro_ultimo_proveedor=@@@86379600-8@@@ WHERE pro_codigo_plu=764420','',2,'2013-08-07'),(48847,'UPDATE mae_productos SET pro_precio_compra_bruto=18701,pro_margen_actual=(pro_precio_venta-18701)/18701 * 100,pro_ultima_compra=@@@2013.08.07@@@,pro_ultimo_proveedor=@@@86379600-8@@@ WHERE pro_codigo_plu=764421','',2,'2013-08-07'),(48848,'UPDATE mae_productos SET pro_precio_compra_bruto=2444.36,pro_margen_actual=(pro_precio_venta-2444.36)/2444.36 * 100,pro_ultima_compra=@@@2013.08.07@@@,pro_ultimo_proveedor=@@@86379600-8@@@ WHERE pro_codigo_plu=764409','',2,'2013-08-07'),(48849,'UPDATE mae_productos SET pro_precio_compra_bruto=451.01,pro_margen_actual=(pro_precio_venta-451.01)/451.01 * 100,pro_ultima_compra=@@@2013.08.07@@@,pro_ultimo_proveedor=@@@86379600-8@@@ WHERE pro_codigo_plu=763287','',2,'2013-08-07'),(48850,'INSERT INTO gne_vale_ferreteria (vfe_id,vfe_fecha,vfe_total,vfe_estado,vfe_entregado,usu_nusuario) VALUES (7342,@@@2013.08.07@@@,390,1,0,@@@b_SAEZ@@@)','',2,'2013-08-07'),(48851,'INSERT INTO gne_vale_ferreteria_mov (vfe_id,pro_codigo_plu,vfm_cantidad,vfm_unitario,vfm_total,vfm_entregado) VALUES (7342,780721358,1,390,390,@@@NO@@@)','',2,'2013-08-07'),(48852,'INSERT INTO gne_vale_ferreteria (vfe_id,vfe_fecha,vfe_total,vfe_estado,vfe_entregado,usu_nusuario) VALUES (7343,@@@2013.08.07@@@,800,1,0,@@@b_SAEZ@@@)','',2,'2013-08-07'),(48853,'INSERT INTO gne_vale_ferreteria_mov (vfe_id,pro_codigo_plu,vfm_cantidad,vfm_unitario,vfm_total,vfm_entregado) VALUES (7343,1556,4,200,800,@@@NO@@@)','',2,'2013-08-07'),(48854,'UPDATE mae_productos SET pro_precio_compra_bruto=5890.5,pro_margen_actual=(pro_precio_venta-5890.5)/5890.5 * 100,pro_ultima_compra=@@@2013.08.07@@@,pro_ultimo_proveedor=@@@86379600-8@@@ WHERE pro_codigo_plu=10000','',2,'2013-08-07'),(48855,'UPDATE mae_productos SET pro_precio_compra_bruto=330.9,pro_margen_actual=(pro_precio_venta-330.9)/330.9 * 100,pro_ultima_compra=@@@2013.08.07@@@,pro_ultimo_proveedor=@@@86379600-8@@@ WHERE pro_codigo_plu=764423','',2,'2013-08-07'),(48856,'UPDATE mae_productos SET pro_precio_compra_bruto=412,pro_margen_actual=(pro_precio_venta-412)/412 * 100,pro_ultima_compra=@@@2013.08.07@@@,pro_ultimo_proveedor=@@@84472400-4@@@ WHERE pro_codigo_plu=18226','',2,'2013-08-07'),(48857,'INSERT INTO gne_vale_ferreteria (vfe_id,vfe_fecha,vfe_total,vfe_estado,vfe_entregado,usu_nusuario) VALUES (7344,@@@2013.08.07@@@,990,1,0,@@@b_SAEZ@@@)','',2,'2013-08-07'),(48858,'INSERT INTO gne_vale_ferreteria_mov (vfe_id,pro_codigo_plu,vfm_cantidad,vfm_unitario,vfm_total,vfm_entregado) VALUES (7344,11707,1,990,990,@@@NO@@@)','',2,'2013-08-07'),(48859,'INSERT INTO gne_vale_ferreteria (vfe_id,vfe_fecha,vfe_total,vfe_estado,vfe_entregado,usu_nusuario) VALUES (7345,@@@2013.08.07@@@,990,1,0,@@@b_SAEZ@@@)','',2,'2013-08-07'),(48860,'INSERT INTO gne_vale_ferreteria_mov (vfe_id,pro_codigo_plu,vfm_cantidad,vfm_unitario,vfm_total,vfm_entregado) VALUES (7345,780721370,1,990,990,@@@NO@@@)','',2,'2013-08-07'),(48861,'INSERT INTO gne_vale_ferreteria (vfe_id,vfe_fecha,vfe_total,vfe_estado,vfe_entregado,usu_nusuario) VALUES (7346,@@@2013.08.07@@@,1050,1,0,@@@b_SAEZ@@@)','',2,'2013-08-07'),(48862,'INSERT INTO gne_vale_ferreteria_mov (vfe_id,pro_codigo_plu,vfm_cantidad,vfm_unitario,vfm_total,vfm_entregado) VALUES (7346,780721241,3,350,1050,@@@NO@@@)','',2,'2013-08-07'),(48863,'INSERT INTO gne_vale_ferreteria (vfe_id,vfe_fecha,vfe_total,vfe_estado,vfe_entregado,usu_nusuario) VALUES (7347,@@@2013.08.07@@@,6770,1,0,@@@b_SAEZ@@@)','',2,'2013-08-07'),(48864,'INSERT INTO gne_vale_ferreteria_mov (vfe_id,pro_codigo_plu,vfm_cantidad,vfm_unitario,vfm_total,vfm_entregado) VALUES (7347,763798,5,850,4250,@@@NO@@@)','',2,'2013-08-07'),(48865,'INSERT INTO gne_vale_ferreteria_mov (vfe_id,pro_codigo_plu,vfm_cantidad,vfm_unitario,vfm_total,vfm_entregado) VALUES (7347,780721389,1,1100,1100,@@@NO@@@)','',2,'2013-08-07'),(48866,'INSERT INTO gne_vale_ferreteria_mov (vfe_id,pro_codigo_plu,vfm_cantidad,vfm_unitario,vfm_total,vfm_entregado) VALUES (7347,770032,10,50,500,@@@NO@@@)','',2,'2013-08-07'),(48867,'INSERT INTO gne_vale_ferreteria_mov (vfe_id,pro_codigo_plu,vfm_cantidad,vfm_unitario,vfm_total,vfm_entregado) VALUES (7347,780721421,19,30,570,@@@NO@@@)','',2,'2013-08-07'),(48868,'INSERT INTO gne_vale_ferreteria_mov (vfe_id,pro_codigo_plu,vfm_cantidad,vfm_unitario,vfm_total,vfm_entregado) VALUES (7347,1014,1,350,350,@@@NO@@@)','',2,'2013-08-07'),(48869,'INSERT INTO gne_vale_ferreteria (vfe_id,vfe_fecha,vfe_total,vfe_estado,vfe_entregado,usu_nusuario) VALUES (7348,@@@2013.08.07@@@,550,1,0,@@@b_SAEZ@@@)','',2,'2013-08-07'),(48870,'INSERT INTO gne_vale_ferreteria_mov (vfe_id,pro_codigo_plu,vfm_cantidad,vfm_unitario,vfm_total,vfm_entregado) VALUES (7348,763582,1,550,550,@@@NO@@@)','',2,'2013-08-07'),(48871,'INSERT INTO gne_vale_ferreteria (vfe_id,vfe_fecha,vfe_total,vfe_estado,vfe_entregado,usu_nusuario) VALUES (7349,@@@2013.08.07@@@,1490,1,0,@@@b_SAEZ@@@)','',2,'2013-08-07'),(48872,'INSERT INTO gne_vale_ferreteria_mov (vfe_id,pro_codigo_plu,vfm_cantidad,vfm_unitario,vfm_total,vfm_entregado) VALUES (7349,764564,1,1490,1490,@@@NO@@@)','',2,'2013-08-07'),(48873,'UPDATE mae_productos SET pro_precio_venta=999,pro_margen_actual=39.92, pro_precio_compra_bruto=714, pro_precio_compra_neto=600 WHERE pro_codigo_plu=19682','',2,'2013-08-07'),(48874,'UPDATE mae_productos SET pro_precio_venta=3490,pro_margen_actual=40.26, pro_precio_compra_bruto=2488.17, pro_precio_compra_neto=2090.89915966387 WHERE pro_codigo_plu=205','',2,'2013-08-07'),(48875,'UPDATE mae_productos SET pro_precio_venta=4350,pro_margen_actual=41.19, pro_precio_compra_bruto=3080.91, pro_precio_compra_neto=2589 WHERE pro_codigo_plu=204','',2,'2013-08-07'),(48876,'UPDATE mae_productos SET pro_precio_compra_bruto=714,pro_margen_actual=(pro_precio_venta-714)/714 * 100,pro_ultima_compra=@@@2013.08.07@@@,pro_ultimo_proveedor=@@@79984240-8@@@ WHERE pro_codigo_plu=19682','',2,'2013-08-07'),(48877,'UPDATE mae_productos SET pro_precio_compra_bruto=249.9,pro_margen_actual=(pro_precio_venta-249.9)/249.9 * 100,pro_ultima_compra=@@@2013.08.07@@@,pro_ultimo_proveedor=@@@79984240-8@@@ WHERE pro_codigo_plu=19695','',2,'2013-08-07'),(48878,'UPDATE mae_productos SET pro_precio_compra_bruto=249.9,pro_margen_actual=(pro_precio_venta-249.9)/249.9 * 100,pro_ultima_compra=@@@2013.08.07@@@,pro_ultimo_proveedor=@@@79984240-8@@@ WHERE pro_codigo_plu=763552','',2,'2013-08-07'),(48879,'UPDATE mae_productos SET pro_precio_compra_bruto=1535.1,pro_margen_actual=(pro_precio_venta-1535.1)/1535.1 * 100,pro_ultima_compra=@@@2013.08.07@@@,pro_ultimo_proveedor=@@@79984240-8@@@ WHERE pro_codigo_plu=126','',2,'2013-08-07'),(48880,'UPDATE mae_productos SET pro_precio_compra_bruto=1249.5,pro_margen_actual=(pro_precio_venta-1249.5)/1249.5 * 100,pro_ultima_compra=@@@2013.08.07@@@,pro_ultimo_proveedor=@@@79984240-8@@@ WHERE pro_codigo_plu=128','',2,'2013-08-07'),(48881,'UPDATE mae_productos SET pro_precio_compra_bruto=499.8,pro_margen_actual=(pro_precio_venta-499.8)/499.8 * 100,pro_ultima_compra=@@@2013.08.07@@@,pro_ultimo_proveedor=@@@79984240-8@@@ WHERE pro_codigo_plu=105','',2,'2013-08-07'),(48882,'UPDATE mae_productos SET pro_precio_compra_bruto=1309,pro_margen_actual=(pro_precio_venta-1309)/1309 * 100,pro_ultima_compra=@@@2013.08.07@@@,pro_ultimo_proveedor=@@@79984240-8@@@ WHERE pro_codigo_plu=102','',2,'2013-08-07'),(48883,'UPDATE mae_productos SET pro_precio_compra_bruto=2488.17,pro_margen_actual=(pro_precio_venta-2488.17)/2488.17 * 100,pro_ultima_compra=@@@2013.08.07@@@,pro_ultimo_proveedor=@@@79984240-8@@@ WHERE pro_codigo_plu=205','',2,'2013-08-07'),(48884,'UPDATE mae_productos SET pro_precio_compra_bruto=940.1,pro_margen_actual=(pro_precio_venta-940.1)/940.1 * 100,pro_ultima_compra=@@@2013.08.07@@@,pro_ultimo_proveedor=@@@79984240-8@@@ WHERE pro_codigo_plu=207','',2,'2013-08-07'),(48885,'UPDATE mae_productos SET pro_precio_compra_bruto=3080.91,pro_margen_actual=(pro_precio_venta-3080.91)/3080.91 * 100,pro_ultima_compra=@@@2013.08.07@@@,pro_ultimo_proveedor=@@@79984240-8@@@ WHERE pro_codigo_plu=204','',2,'2013-08-07'),(48886,'UPDATE mae_productos SET pro_precio_compra_bruto=1020.46,pro_margen_actual=(pro_precio_venta-1020.46)/1020.46 * 100,pro_ultima_compra=@@@2013.08.07@@@,pro_ultimo_proveedor=@@@79984240-8@@@ WHERE pro_codigo_plu=208','',2,'2013-08-07'),(48887,'UPDATE mae_productos SET pro_margen_actual=16.64,pro_precio_venta=1200 WHERE pro_codigo_plu=764101','',2,'2013-08-07'),(48888,'UPDATE mae_productos SET pro_margen_actual=16.64,pro_precio_venta=1200 WHERE pro_codigo_plu=764109','',2,'2013-08-07'),(48889,'UPDATE mae_productos SET pro_precio_fiscal=pro_precio_venta WHERE pro_codigo_plu=764101','',2,'2013-08-07'),(48890,'UPDATE mae_productos SET pro_precio_fiscal=pro_precio_venta WHERE pro_codigo_plu=764109','',2,'2013-08-07'),(48891,'INSERT INTO gne_vale_ferreteria (vfe_id,vfe_fecha,vfe_total,vfe_estado,vfe_entregado,usu_nusuario) VALUES (7350,@@@2013.08.07@@@,390,1,0,@@@b_SAEZ@@@)','',2,'2013-08-07'),(48892,'INSERT INTO gne_vale_ferreteria_mov (vfe_id,pro_codigo_plu,vfm_cantidad,vfm_unitario,vfm_total,vfm_entregado) VALUES (7350,101102,1,390,390,@@@NO@@@)','',2,'2013-08-07'),(48893,'INSERT INTO gne_vale_ferreteria (vfe_id,vfe_fecha,vfe_total,vfe_estado,vfe_entregado,usu_nusuario) VALUES (7351,@@@2013.08.07@@@,300,1,0,@@@b_SAEZ@@@)','',2,'2013-08-07'),(48894,'INSERT INTO gne_vale_ferreteria_mov (vfe_id,pro_codigo_plu,vfm_cantidad,vfm_unitario,vfm_total,vfm_entregado) VALUES (7351,2004,1,300,300,@@@NO@@@)','',2,'2013-08-07'),(48895,'INSERT INTO mae_productos (pro_codigo_plu,pro_codigo_barra,pro_tipo,pro_nombre_producto,pro_nombre_corto,med_id,emb_id,pro_unidades_embalaje,dep_id,lin_id,mar_id,pro_precio_compra_neto,pro_precio_compra_bruto,pro_precio_venta,pro_margen_actual,pro_oferta,pro_fecha_inicio_oferta,pro_fecha_termino_oferta,pro_precio_oferta,pro_stock_minimo,pro_stock_critico,pro_entradas_bodega,pro_salidas_bodega,pro_mermas_bodega,pro_ajustes_bodega,pro_entradas_sv,pro_salidas_sv,pro_mermas_sv,pro_ajustes_sv,pro_activo,rec_numero,pro_unidad,pro_capacidad,pro_consumo_bodega,pro_consumo_sv,pro_estado,pro_funcion_plu,pro_flejes,pro_iva,pro_plu_asociado,pro_envase,pro_duracion,pro_numero_etiqueta) VALUES (780721606,@@@7802955006556@@@,@@@0@@@,@@@YOGHURT GRIEGO PAPAYA 110 GR@@@,@@@YOGHURT GRIEGO P@@@,@@@5 @@@,@@@3 @@@,@@@12@@@,@@@3 @@@,@@@50@@@,@@@2286@@@,@@@0@@@,@@@261.8@@@,@@@399@@@,@@@52.41@@@,@@@@@@,@@@2006.09.07@@@,@@@2006.09.07@@@,@@@0@@@,@@@2@@@,@@@1@@@,@@@0@@@,@@@0@@@,@@@0@@@,@@@0@@@,@@@0@@@,@@@0@@@,@@@0@@@,@@@0@@@,@@@1@@@,@@@0@@@,0,110,0,0,2,0,1,1,0,@@@NO@@@,0,0)','',2,'2013-08-07'),(48896,'DELETE FROM mae_impuestos_productos WHERE pro_codigo_plu=@@@780721606@@@','',2,'2013-08-07'),(48897,'INSERT INTO mae_productos (pro_codigo_plu,pro_codigo_barra,pro_tipo,pro_nombre_producto,pro_nombre_corto,med_id,emb_id,pro_unidades_embalaje,dep_id,lin_id,mar_id,pro_precio_compra_neto,pro_precio_compra_bruto,pro_precio_venta,pro_margen_actual,pro_oferta,pro_fecha_inicio_oferta,pro_fecha_termino_oferta,pro_precio_oferta,pro_stock_minimo,pro_stock_critico,pro_entradas_bodega,pro_salidas_bodega,pro_mermas_bodega,pro_ajustes_bodega,pro_entradas_sv,pro_salidas_sv,pro_mermas_sv,pro_ajustes_sv,pro_activo,rec_numero,pro_unidad,pro_capacidad,pro_consumo_bodega,pro_consumo_sv,pro_estado,pro_funcion_plu,pro_flejes,pro_iva,pro_plu_asociado,pro_envase,pro_duracion,pro_numero_etiqueta) VALUES (411,@@@411@@@,@@@0@@@,@@@QUESO EMPANADA BIOLECHE X KILO@@@,@@@QUESO EMPANADA B@@@,@@@2 @@@,@@@4 @@@,@@@2@@@,@@@13 @@@,@@@81@@@,@@@2679@@@,@@@0@@@,@@@2750@@@,@@@4490@@@,@@@63.27@@@,@@@@@@,@@@2006.09.07@@@,@@@2006.09.07@@@,@@@0@@@,@@@3@@@,@@@2@@@,@@@0@@@,@@@0@@@,@@@0@@@,@@@0@@@,@@@0@@@,@@@0@@@,@@@0@@@,@@@0@@@,@@@1@@@,@@@0@@@,0,1,0,0,2,0,1,1,0,@@@NO@@@,0,0)','',2,'2013-08-07'),(48898,'DELETE FROM mae_impuestos_productos WHERE pro_codigo_plu=@@@411@@@','',2,'2013-08-07'),(48899,'UPDATE mae_productos SET pro_codigo_barra=@@@411@@@,pro_tipo=@@@0@@@,pro_nombre_producto=@@@QUESO EMPANADA BIOLECHE X KILO@@@,pro_nombre_corto=@@@QUESO EMPANADA B@@@,med_id=@@@2@@@,emb_id=@@@4@@@,pro_unidades_embalaje=@@@2@@@,dep_id=@@@13 @@@,lin_id=@@@81@@@,mar_id=@@@2679@@@,pro_precio_compra_neto=@@@0@@@,pro_precio_compra_bruto=@@@2750@@@,pro_precio_venta=@@@4490@@@,pro_margen_actual=@@@63.27@@@,pro_oferta=@@@NO@@@,pro_fecha_inicio_oferta=@@@2006.09.07@@@,pro_fecha_termino_oferta=@@@2006.09.07@@@,pro_precio_oferta=@@@0@@@,pro_stock_minimo=@@@3@@@,pro_stock_critico=@@@2@@@,pro_activo=@@@1@@@,pro_unidad=@@@1@@@,pro_precio_compra_bruto=2750,pro_margen_actual=63.27,pro_capacidad=1,pro_funcion_plu=1,pro_flejes=1,pro_iva=1,pro_plu_asociado=0,pro_envase=@@@NO@@@,pro_duracion=0,pro_numero_etiqueta=1 WHERE pro_codigo_plu=@@@411@@@','',2,'2013-08-07'),(48900,'UPDATE mae_productos SET pro_estado=1 WHERE pro_codigo_plu=411','',2,'2013-08-07'),(48901,'DELETE FROM mae_impuestos_productos WHERE pro_codigo_plu=@@@411@@@','',2,'2013-08-07'),(48902,'UPDATE mae_productos SET pro_precio_venta=299,pro_margen_actual=37.34, pro_precio_compra_bruto=217.7, pro_precio_compra_neto=182.941176470588 WHERE pro_codigo_plu=780721592','',2,'2013-08-07'),(48903,'UPDATE mae_productos SET pro_precio_venta=299,pro_margen_actual=37.3, pro_precio_compra_bruto=217.77, pro_precio_compra_neto=183 WHERE pro_codigo_plu=262072','',2,'2013-08-07'),(48904,'UPDATE mae_productos SET pro_precio_venta=299,pro_margen_actual=37.3, pro_precio_compra_bruto=217.77, pro_precio_compra_neto=183 WHERE pro_codigo_plu=101640','',2,'2013-08-07'),(48905,'UPDATE mae_productos SET pro_precio_venta=350,pro_margen_actual=33.69, pro_precio_compra_bruto=261.8, pro_precio_compra_neto=220 WHERE pro_codigo_plu=780721603','',2,'2013-08-07'),(48906,'UPDATE mae_productos SET pro_precio_venta=350,pro_margen_actual=33.69, pro_precio_compra_bruto=261.8, pro_precio_compra_neto=220 WHERE pro_codigo_plu=780721606','',2,'2013-08-07'),(48907,'UPDATE mae_productos SET pro_precio_compra_bruto=217.7,pro_margen_actual=(pro_precio_venta-217.7)/217.7 * 100,pro_ultima_compra=@@@2013.08.07@@@,pro_ultimo_proveedor=@@@76170432-K@@@ WHERE pro_codigo_plu=780721592','',2,'2013-08-07'),(48908,'UPDATE mae_productos SET pro_precio_compra_bruto=379.61,pro_margen_actual=(pro_precio_venta-379.61)/379.61 * 100,pro_ultima_compra=@@@2013.08.07@@@,pro_ultimo_proveedor=@@@76170432-K@@@ WHERE pro_codigo_plu=780721404','',2,'2013-08-07'),(48909,'UPDATE mae_productos SET pro_precio_compra_bruto=217.77,pro_margen_actual=(pro_precio_venta-217.77)/217.77 * 100,pro_ultima_compra=@@@2013.08.07@@@,pro_ultimo_proveedor=@@@76170432-K@@@ WHERE pro_codigo_plu=262072','',2,'2013-08-07'),(48910,'UPDATE mae_productos SET pro_precio_compra_bruto=217.77,pro_margen_actual=(pro_precio_venta-217.77)/217.77 * 100,pro_ultima_compra=@@@2013.08.07@@@,pro_ultimo_proveedor=@@@76170432-K@@@ WHERE pro_codigo_plu=101640','',2,'2013-08-07'),(48911,'UPDATE mae_productos SET pro_precio_compra_bruto=261.8,pro_margen_actual=(pro_precio_venta-261.8)/261.8 * 100,pro_ultima_compra=@@@2013.08.07@@@,pro_ultimo_proveedor=@@@76170432-K@@@ WHERE pro_codigo_plu=780721603','',2,'2013-08-07'),(48912,'UPDATE mae_productos SET pro_precio_compra_bruto=261.8,pro_margen_actual=(pro_precio_venta-261.8)/261.8 * 100,pro_ultima_compra=@@@2013.08.07@@@,pro_ultimo_proveedor=@@@76170432-K@@@ WHERE pro_codigo_plu=780721413','',2,'2013-08-07'),(48913,'UPDATE mae_productos SET pro_precio_compra_bruto=261.8,pro_margen_actual=(pro_precio_venta-261.8)/261.8 * 100,pro_ultima_compra=@@@2013.08.07@@@,pro_ultimo_proveedor=@@@76170432-K@@@ WHERE pro_codigo_plu=780721606','',2,'2013-08-07'),(48914,'UPDATE mae_productos SET pro_precio_compra_bruto=2750,pro_margen_actual=(pro_precio_venta-2750)/2750 * 100,pro_ultima_compra=@@@2013.08.07@@@,pro_ultimo_proveedor=@@@76170432-K@@@ WHERE pro_codigo_plu=411','',2,'2013-08-07'),(48915,'UPDATE mae_productos SET pro_precio_compra_bruto=3522.4,pro_margen_actual=(pro_precio_venta-3522.4)/3522.4 * 100,pro_ultima_compra=@@@2013.08.07@@@,pro_ultimo_proveedor=@@@76170432-K@@@ WHERE pro_codigo_plu=410','',2,'2013-08-07'),(48916,'UPDATE mae_productos SET pro_precio_compra_bruto=3653,pro_margen_actual=(pro_precio_venta-3653)/3653 * 100,pro_ultima_compra=@@@2013.08.07@@@,pro_ultimo_proveedor=@@@76170432-K@@@ WHERE pro_codigo_plu=408','',2,'2013-08-07'),(48917,'INSERT INTO gne_vale_ferreteria (vfe_id,vfe_fecha,vfe_total,vfe_estado,vfe_entregado,usu_nusuario) VALUES (7352,@@@2013.08.07@@@,2190,1,0,@@@b_SAEZ@@@)','',2,'2013-08-07'),(48918,'INSERT INTO gne_vale_ferreteria_mov (vfe_id,pro_codigo_plu,vfm_cantidad,vfm_unitario,vfm_total,vfm_entregado) VALUES (7352,763602,1,1890,1890,@@@NO@@@)','',2,'2013-08-07'),(48919,'INSERT INTO gne_vale_ferreteria_mov (vfe_id,pro_codigo_plu,vfm_cantidad,vfm_unitario,vfm_total,vfm_entregado) VALUES (7352,9900006,2,150,300,@@@NO@@@)','',2,'2013-08-07'),(48920,'INSERT INTO gne_vale_ferreteria (vfe_id,vfe_fecha,vfe_total,vfe_estado,vfe_entregado,usu_nusuario) VALUES (7353,@@@2013.08.07@@@,200,1,0,@@@b_SAEZ@@@)','',2,'2013-08-07'),(48921,'INSERT INTO gne_vale_ferreteria_mov (vfe_id,pro_codigo_plu,vfm_cantidad,vfm_unitario,vfm_total,vfm_entregado) VALUES (7353,21135,1,200,200,@@@NO@@@)','',2,'2013-08-07'),(48922,'INSERT INTO mae_productos (pro_codigo_plu,pro_codigo_barra,pro_tipo,pro_nombre_producto,pro_nombre_corto,med_id,emb_id,pro_unidades_embalaje,dep_id,lin_id,mar_id,pro_precio_compra_neto,pro_precio_compra_bruto,pro_precio_venta,pro_margen_actual,pro_oferta,pro_fecha_inicio_oferta,pro_fecha_termino_oferta,pro_precio_oferta,pro_stock_minimo,pro_stock_critico,pro_entradas_bodega,pro_salidas_bodega,pro_mermas_bodega,pro_ajustes_bodega,pro_entradas_sv,pro_salidas_sv,pro_mermas_sv,pro_ajustes_sv,pro_activo,rec_numero,pro_unidad,pro_capacidad,pro_consumo_bodega,pro_consumo_sv,pro_estado,pro_funcion_plu,pro_flejes,pro_iva,pro_plu_asociado,pro_envase,pro_duracion,pro_numero_etiqueta) VALUES (780721607,@@@7802900000363@@@,@@@0@@@,@@@GOLD CLASICO CHOCO-ALMENDRA 165G@@@,@@@GOLD CLASICO CHO@@@,@@@5 @@@,@@@3 @@@,@@@4@@@,@@@3 @@@,@@@50@@@,@@@1993@@@,@@@0@@@,@@@318@@@,@@@430@@@,@@@35.22@@@,@@@@@@,@@@2006.09.07@@@,@@@2006.09.07@@@,@@@0@@@,@@@2@@@,@@@1@@@,@@@0@@@,@@@0@@@,@@@0@@@,@@@0@@@,@@@0@@@,@@@0@@@,@@@0@@@,@@@0@@@,@@@1@@@,@@@0@@@,0,165,0,0,2,0,1,1,0,@@@NO@@@,0,0)','',2,'2013-08-07'),(48923,'DELETE FROM mae_impuestos_productos WHERE pro_codigo_plu=@@@780721607@@@','',2,'2013-08-07'),(48924,'INSERT INTO mae_productos (pro_codigo_plu,pro_codigo_barra,pro_tipo,pro_nombre_producto,pro_nombre_corto,med_id,emb_id,pro_unidades_embalaje,dep_id,lin_id,mar_id,pro_precio_compra_neto,pro_precio_compra_bruto,pro_precio_venta,pro_margen_actual,pro_oferta,pro_fecha_inicio_oferta,pro_fecha_termino_oferta,pro_precio_oferta,pro_stock_minimo,pro_stock_critico,pro_entradas_bodega,pro_salidas_bodega,pro_mermas_bodega,pro_ajustes_bodega,pro_entradas_sv,pro_salidas_sv,pro_mermas_sv,pro_ajustes_sv,pro_activo,rec_numero,pro_unidad,pro_capacidad,pro_consumo_bodega,pro_consumo_sv,pro_estado,pro_funcion_plu,pro_flejes,pro_iva,pro_plu_asociado,pro_envase,pro_duracion,pro_numero_etiqueta) VALUES (780721608,@@@7802900235314@@@,@@@0@@@,@@@YOGHURT SOPROLE MORA ZERO LACTO 120 G@@@,@@@YOGHURT SOPROLE @@@,@@@5 @@@,@@@3 @@@,@@@4@@@,@@@3 @@@,@@@50@@@,@@@1993@@@,@@@0@@@,@@@160@@@,@@@215@@@,@@@34.38@@@,@@@@@@,@@@2006.09.07@@@,@@@2006.09.07@@@,@@@0@@@,@@@3@@@,@@@2@@@,@@@0@@@,@@@0@@@,@@@0@@@,@@@0@@@,@@@0@@@,@@@0@@@,@@@0@@@,@@@0@@@,@@@1@@@,@@@0@@@,0,120,0,0,2,0,1,1,0,@@@NO@@@,0,0)','',2,'2013-08-07'),(48925,'DELETE FROM mae_impuestos_productos WHERE pro_codigo_plu=@@@780721608@@@','',2,'2013-08-07'),(48926,'INSERT INTO gne_vale_ferreteria (vfe_id,vfe_fecha,vfe_total,vfe_estado,vfe_entregado,usu_nusuario) VALUES (7354,@@@2013.08.07@@@,970,1,0,@@@b_SAEZ@@@)','',2,'2013-08-07'),(48927,'INSERT INTO gne_vale_ferreteria_mov (vfe_id,pro_codigo_plu,vfm_cantidad,vfm_unitario,vfm_total,vfm_entregado) VALUES (7354,762000,1,690,690,@@@NO@@@)','',2,'2013-08-07'),(48928,'INSERT INTO gne_vale_ferreteria_mov (vfe_id,pro_codigo_plu,vfm_cantidad,vfm_unitario,vfm_total,vfm_entregado) VALUES (7354,780220197,1,280,280,@@@NO@@@)','',2,'2013-08-07'),(48929,'INSERT INTO gne_vale_ferreteria (vfe_id,vfe_fecha,vfe_total,vfe_estado,vfe_entregado,usu_nusuario) VALUES (7355,@@@2013.08.07@@@,1780,1,0,@@@b_SAEZ@@@)','',2,'2013-08-07'),(48930,'INSERT INTO gne_vale_ferreteria_mov (vfe_id,pro_codigo_plu,vfm_cantidad,vfm_unitario,vfm_total,vfm_entregado) VALUES (7355,20880,2,890,1780,@@@NO@@@)','',2,'2013-08-07'),(48931,'INSERT INTO mae_productos (pro_codigo_plu,pro_codigo_barra,pro_tipo,pro_nombre_producto,pro_nombre_corto,med_id,emb_id,pro_unidades_embalaje,dep_id,lin_id,mar_id,pro_precio_compra_neto,pro_precio_compra_bruto,pro_precio_venta,pro_margen_actual,pro_oferta,pro_fecha_inicio_oferta,pro_fecha_termino_oferta,pro_precio_oferta,pro_stock_minimo,pro_stock_critico,pro_entradas_bodega,pro_salidas_bodega,pro_mermas_bodega,pro_ajustes_bodega,pro_entradas_sv,pro_salidas_sv,pro_mermas_sv,pro_ajustes_sv,pro_activo,rec_numero,pro_unidad,pro_capacidad,pro_consumo_bodega,pro_consumo_sv,pro_estado,pro_funcion_plu,pro_flejes,pro_iva,pro_plu_asociado,pro_envase,pro_duracion,pro_numero_etiqueta) VALUES (780721609,@@@78016934@@@,@@@0@@@,@@@UNO FRAMBUESA 90 ML@@@,@@@UNO FRAMBUESA 90@@@,@@@7 @@@,@@@4 @@@,@@@6@@@,@@@3 @@@,@@@50@@@,@@@1993@@@,@@@0@@@,@@@168@@@,@@@250@@@,@@@48.81@@@,@@@@@@,@@@2006.09.07@@@,@@@2006.09.07@@@,@@@0@@@,@@@4@@@,@@@2@@@,@@@0@@@,@@@0@@@,@@@0@@@,@@@0@@@,@@@0@@@,@@@0@@@,@@@0@@@,@@@0@@@,@@@1@@@,@@@0@@@,0,90,0,0,2,0,1,1,0,@@@NO@@@,0,0)','',2,'2013-08-07'),(48932,'DELETE FROM mae_impuestos_productos WHERE pro_codigo_plu=@@@780721609@@@','',2,'2013-08-07'),(48933,'UPDATE mae_productos SET pro_precio_fiscal=pro_precio_venta WHERE pro_codigo_plu=411','',2,'2013-08-07'),(48934,'UPDATE mae_productos SET pro_precio_fiscal=pro_precio_venta WHERE pro_codigo_plu=19682','',2,'2013-08-07'),(48935,'UPDATE mae_productos SET pro_precio_fiscal=pro_precio_venta WHERE pro_codigo_plu=262072','',2,'2013-08-07'),(48936,'UPDATE mae_productos SET pro_precio_fiscal=pro_precio_venta WHERE pro_codigo_plu=101640','',2,'2013-08-07'),(48937,'UPDATE mae_productos SET pro_precio_fiscal=pro_precio_venta WHERE pro_codigo_plu=780721592','',2,'2013-08-07'),(48938,'UPDATE mae_productos SET pro_precio_fiscal=pro_precio_venta WHERE pro_codigo_plu=780721603','',2,'2013-08-07'),(48939,'UPDATE mae_productos SET pro_precio_fiscal=pro_precio_venta WHERE pro_codigo_plu=780721606','',2,'2013-08-07'),(48940,'UPDATE mae_productos SET pro_precio_fiscal=pro_precio_venta WHERE pro_codigo_plu=204','',2,'2013-08-07'),(48941,'UPDATE mae_productos SET pro_precio_fiscal=pro_precio_venta WHERE pro_codigo_plu=205','',2,'2013-08-07'),(48942,'INSERT INTO gne_vale_ferreteria (vfe_id,vfe_fecha,vfe_total,vfe_estado,vfe_entregado,usu_nusuario) VALUES (7356,@@@2013.08.07@@@,720,1,0,@@@b_SAEZ@@@)','',2,'2013-08-07'),(48943,'INSERT INTO gne_vale_ferreteria_mov (vfe_id,pro_codigo_plu,vfm_cantidad,vfm_unitario,vfm_total,vfm_entregado) VALUES (7356,100325,1,720,720,@@@NO@@@)','',2,'2013-08-07'),(48944,'INSERT INTO gne_vale_ferreteria (vfe_id,vfe_fecha,vfe_total,vfe_estado,vfe_entregado,usu_nusuario) VALUES (7357,@@@2013.08.07@@@,1770,1,0,@@@b_SAEZ@@@)','',2,'2013-08-07'),(48945,'INSERT INTO gne_vale_ferreteria_mov (vfe_id,pro_codigo_plu,vfm_cantidad,vfm_unitario,vfm_total,vfm_entregado) VALUES (7357,764921,3,590,1770,@@@NO@@@)','',2,'2013-08-07'),(48946,'INSERT INTO gne_vale_ferreteria (vfe_id,vfe_fecha,vfe_total,vfe_estado,vfe_entregado,usu_nusuario) VALUES (7358,@@@2013.08.07@@@,200,1,0,@@@b_SAEZ@@@)','',2,'2013-08-07'),(48947,'INSERT INTO gne_vale_ferreteria_mov (vfe_id,pro_codigo_plu,vfm_cantidad,vfm_unitario,vfm_total,vfm_entregado) VALUES (7358,78017194,1,200,200,@@@NO@@@)','',2,'2013-08-07'),(48948,'INSERT INTO mae_productos (pro_codigo_plu,pro_codigo_barra,pro_tipo,pro_nombre_producto,pro_nombre_corto,med_id,emb_id,pro_unidades_embalaje,dep_id,lin_id,mar_id,pro_precio_compra_neto,pro_precio_compra_bruto,pro_precio_venta,pro_margen_actual,pro_oferta,pro_fecha_inicio_oferta,pro_fecha_termino_oferta,pro_precio_oferta,pro_stock_minimo,pro_stock_critico,pro_entradas_bodega,pro_salidas_bodega,pro_mermas_bodega,pro_ajustes_bodega,pro_entradas_sv,pro_salidas_sv,pro_mermas_sv,pro_ajustes_sv,pro_activo,rec_numero,pro_unidad,pro_capacidad,pro_consumo_bodega,pro_consumo_sv,pro_estado,pro_funcion_plu,pro_flejes,pro_iva,pro_plu_asociado,pro_envase,pro_duracion,pro_numero_etiqueta) VALUES (780721610,@@@7802900412012@@@,@@@0@@@,@@@MANJAR ARTESANAL SOPROLE 900 GRS@@@,@@@MANJAR ARTESANAL@@@,@@@5 @@@,@@@9 @@@,@@@6@@@,@@@1 @@@,@@@5@@@,@@@1993@@@,@@@0@@@,@@@1642@@@,@@@2150@@@,@@@30.94@@@,@@@@@@,@@@2006.09.07@@@,@@@2006.09.07@@@,@@@0@@@,@@@3@@@,@@@4@@@,@@@0@@@,@@@0@@@,@@@0@@@,@@@0@@@,@@@0@@@,@@@0@@@,@@@0@@@,@@@0@@@,@@@1@@@,@@@0@@@,0,900,0,0,2,0,1,1,0,@@@NO@@@,0,0)','',2,'2013-08-07'),(48949,'DELETE FROM mae_impuestos_productos WHERE pro_codigo_plu=@@@780721610@@@','',2,'2013-08-07'),(48950,'INSERT INTO mae_productos (pro_codigo_plu,pro_codigo_barra,pro_tipo,pro_nombre_producto,pro_nombre_corto,med_id,emb_id,pro_unidades_embalaje,dep_id,lin_id,mar_id,pro_precio_compra_neto,pro_precio_compra_bruto,pro_precio_venta,pro_margen_actual,pro_oferta,pro_fecha_inicio_oferta,pro_fecha_termino_oferta,pro_precio_oferta,pro_stock_minimo,pro_stock_critico,pro_entradas_bodega,pro_salidas_bodega,pro_mermas_bodega,pro_ajustes_bodega,pro_entradas_sv,pro_salidas_sv,pro_mermas_sv,pro_ajustes_sv,pro_activo,rec_numero,pro_unidad,pro_capacidad,pro_consumo_bodega,pro_consumo_sv,pro_estado,pro_funcion_plu,pro_flejes,pro_iva,pro_plu_asociado,pro_envase,pro_duracion,pro_numero_etiqueta) VALUES (780721611,@@@780721611@@@,@@@0@@@,@@@CORREAS DE RELOJ@@@,@@@CORREAS DE RELOJ@@@,@@@1 @@@,@@@6 @@@,@@@1@@@,@@@24 @@@,@@@207@@@,@@@2507@@@,@@@0@@@,@@@0@@@,@@@890@@@,@@@0@@@,@@@@@@,@@@2013.08.07@@@,@@@2013.08.07@@@,@@@0@@@,@@@6@@@,@@@2@@@,@@@0@@@,@@@0@@@,@@@0@@@,@@@0@@@,@@@0@@@,@@@0@@@,@@@0@@@,@@@0@@@,@@@1@@@,@@@0@@@,0,1,0,0,2,0,1,1,0,@@@NO@@@,0,0)','',2,'2013-08-07'),(48951,'DELETE FROM mae_impuestos_productos WHERE pro_codigo_plu=@@@780721611@@@','',2,'2013-08-07'),(48952,'INSERT INTO gne_vale_ferreteria (vfe_id,vfe_fecha,vfe_total,vfe_estado,vfe_entregado,usu_nusuario) VALUES (7359,@@@2013.08.07@@@,1000,1,0,@@@m_martinez@@@)','',2,'2013-08-07'),(48953,'INSERT INTO gne_vale_ferreteria_mov (vfe_id,pro_codigo_plu,vfm_cantidad,vfm_unitario,vfm_total,vfm_entregado) VALUES (7359,78017111,2,100,200,@@@NO@@@)','',2,'2013-08-07'),(48954,'INSERT INTO gne_vale_ferreteria_mov (vfe_id,pro_codigo_plu,vfm_cantidad,vfm_unitario,vfm_total,vfm_entregado) VALUES (7359,770001,10,80,800,@@@NO@@@)','',2,'2013-08-07'),(48955,'INSERT INTO gne_vale_ferreteria (vfe_id,vfe_fecha,vfe_total,vfe_estado,vfe_entregado,usu_nusuario) VALUES (7360,@@@2013.08.07@@@,600,1,0,@@@m_martinez@@@)','',2,'2013-08-07'),(48956,'INSERT INTO gne_vale_ferreteria_mov (vfe_id,pro_codigo_plu,vfm_cantidad,vfm_unitario,vfm_total,vfm_entregado) VALUES (7360,770065,6,100,600,@@@NO@@@)','',2,'2013-08-07'),(48957,'INSERT INTO mae_productos (pro_codigo_plu,pro_codigo_barra,pro_tipo,pro_nombre_producto,pro_nombre_corto,med_id,emb_id,pro_unidades_embalaje,dep_id,lin_id,mar_id,pro_precio_compra_neto,pro_precio_compra_bruto,pro_precio_venta,pro_margen_actual,pro_oferta,pro_fecha_inicio_oferta,pro_fecha_termino_oferta,pro_precio_oferta,pro_stock_minimo,pro_stock_critico,pro_entradas_bodega,pro_salidas_bodega,pro_mermas_bodega,pro_ajustes_bodega,pro_entradas_sv,pro_salidas_sv,pro_mermas_sv,pro_ajustes_sv,pro_activo,rec_numero,pro_unidad,pro_capacidad,pro_consumo_bodega,pro_consumo_sv,pro_estado,pro_funcion_plu,pro_flejes,pro_iva,pro_plu_asociado,pro_envase,pro_duracion,pro_numero_etiqueta) VALUES (78016941,@@@78016941@@@,@@@0@@@,@@@UNO AL DIA MANZANA 90 ML@@@,@@@UNO AL DIA MANZA@@@,@@@7 @@@,@@@3 @@@,@@@6@@@,@@@3 @@@,@@@50@@@,@@@1993@@@,@@@0@@@,@@@168.16@@@,@@@260@@@,@@@54.61@@@,@@@@@@,@@@2006.09.07@@@,@@@2006.09.07@@@,@@@0@@@,@@@3@@@,@@@2@@@,@@@0@@@,@@@0@@@,@@@0@@@,@@@0@@@,@@@0@@@,@@@0@@@,@@@0@@@,@@@0@@@,@@@1@@@,@@@0@@@,0,90,0,0,2,0,1,1,0,@@@NO@@@,0,0)','',2,'2013-08-07'),(48958,'DELETE FROM mae_impuestos_productos WHERE pro_codigo_plu=@@@78016941@@@','',2,'2013-08-07'),(48959,'INSERT INTO gne_vale_ferreteria (vfe_id,vfe_fecha,vfe_total,vfe_estado,vfe_entregado,usu_nusuario) VALUES (7361,@@@2013.08.07@@@,500,1,0,@@@m_martinez@@@)','',2,'2013-08-07'),(48960,'INSERT INTO gne_vale_ferreteria_mov (vfe_id,pro_codigo_plu,vfm_cantidad,vfm_unitario,vfm_total,vfm_entregado) VALUES (7361,764702,1,200,200,@@@NO@@@)','',2,'2013-08-07'),(48961,'INSERT INTO gne_vale_ferreteria_mov (vfe_id,pro_codigo_plu,vfm_cantidad,vfm_unitario,vfm_total,vfm_entregado) VALUES (7361,2004,1,300,300,@@@NO@@@)','',2,'2013-08-07'),(48962,'INSERT INTO gne_vale_ferreteria (vfe_id,vfe_fecha,vfe_total,vfe_estado,vfe_entregado,usu_nusuario) VALUES (7362,@@@2013.08.07@@@,2880,1,0,@@@m_martinez@@@)','',2,'2013-08-07'),(48963,'INSERT INTO gne_vale_ferreteria_mov (vfe_id,pro_codigo_plu,vfm_cantidad,vfm_unitario,vfm_total,vfm_entregado) VALUES (7362,780721473,1,1490,1490,@@@NO@@@)','',2,'2013-08-07'),(48964,'INSERT INTO gne_vale_ferreteria_mov (vfe_id,pro_codigo_plu,vfm_cantidad,vfm_unitario,vfm_total,vfm_entregado) VALUES (7362,764598,1,1390,1390,@@@NO@@@)','',2,'2013-08-07'),(48965,'INSERT INTO gne_vale_ferreteria (vfe_id,vfe_fecha,vfe_total,vfe_estado,vfe_entregado,usu_nusuario) VALUES (7363,@@@2013.08.07@@@,1410,1,0,@@@m_martinez@@@)','',2,'2013-08-07'),(48966,'INSERT INTO gne_vale_ferreteria_mov (vfe_id,pro_codigo_plu,vfm_cantidad,vfm_unitario,vfm_total,vfm_entregado) VALUES (7363,763980,1,890,890,@@@NO@@@)','',2,'2013-08-07'),(48967,'INSERT INTO gne_vale_ferreteria_mov (vfe_id,pro_codigo_plu,vfm_cantidad,vfm_unitario,vfm_total,vfm_entregado) VALUES (7363,15967,4,130,520,@@@NO@@@)','',2,'2013-08-07'),(48968,'INSERT INTO gne_vale_ferreteria (vfe_id,vfe_fecha,vfe_total,vfe_estado,vfe_entregado,usu_nusuario) VALUES (7364,@@@2013.08.07@@@,1920,1,0,@@@m_martinez@@@)','',2,'2013-08-07'),(48969,'INSERT INTO gne_vale_ferreteria_mov (vfe_id,pro_codigo_plu,vfm_cantidad,vfm_unitario,vfm_total,vfm_entregado) VALUES (7364,15949,4,480,1920,@@@NO@@@)','',2,'2013-08-07'),(48970,'INSERT INTO gne_vale_ferreteria (vfe_id,vfe_fecha,vfe_total,vfe_estado,vfe_entregado,usu_nusuario) VALUES (7365,@@@2013.08.07@@@,1990,1,0,@@@m_martinez@@@)','',2,'2013-08-07'),(48971,'INSERT INTO gne_vale_ferreteria_mov (vfe_id,pro_codigo_plu,vfm_cantidad,vfm_unitario,vfm_total,vfm_entregado) VALUES (7365,763616,1,1990,1990,@@@NO@@@)','',2,'2013-08-07'),(48972,'INSERT INTO mae_productos (pro_codigo_plu,pro_codigo_barra,pro_tipo,pro_nombre_producto,pro_nombre_corto,med_id,emb_id,pro_unidades_embalaje,dep_id,lin_id,mar_id,pro_precio_compra_neto,pro_precio_compra_bruto,pro_precio_venta,pro_margen_actual,pro_oferta,pro_fecha_inicio_oferta,pro_fecha_termino_oferta,pro_precio_oferta,pro_stock_minimo,pro_stock_critico,pro_entradas_bodega,pro_salidas_bodega,pro_mermas_bodega,pro_ajustes_bodega,pro_entradas_sv,pro_salidas_sv,pro_mermas_sv,pro_ajustes_sv,pro_activo,rec_numero,pro_unidad,pro_capacidad,pro_consumo_bodega,pro_consumo_sv,pro_estado,pro_funcion_plu,pro_flejes,pro_iva,pro_plu_asociado,pro_envase,pro_duracion,pro_numero_etiqueta) VALUES (780721612,@@@7802900235321@@@,@@@0@@@,@@@YOGHURT SOPROLE FRUTILLA ZERO LACTO 120 G@@@,@@@YOGHURT SOPROLE @@@,@@@5 @@@,@@@3 @@@,@@@4@@@,@@@3 @@@,@@@50@@@,@@@1993@@@,@@@0@@@,@@@160@@@,@@@220@@@,@@@37.5@@@,@@@@@@,@@@2006.09.07@@@,@@@2006.09.07@@@,@@@0@@@,@@@3@@@,@@@2@@@,@@@0@@@,@@@0@@@,@@@0@@@,@@@0@@@,@@@0@@@,@@@0@@@,@@@0@@@,@@@0@@@,@@@1@@@,@@@0@@@,0,120,0,0,2,0,1,1,0,@@@NO@@@,0,0)','',2,'2013-08-07'),(48973,'DELETE FROM mae_impuestos_productos WHERE pro_codigo_plu=@@@780721612@@@','',2,'2013-08-07'),(48974,'UPDATE mae_productos SET pro_precio_venta=350,pro_margen_actual=38.34, pro_precio_compra_bruto=253, pro_precio_compra_neto=212.605042016807 WHERE pro_codigo_plu=101529','',2,'2013-08-07'),(48975,'UPDATE mae_productos SET pro_precio_venta=350,pro_margen_actual=38.34, pro_precio_compra_bruto=253, pro_precio_compra_neto=212.605042016807 WHERE pro_codigo_plu=13283','',2,'2013-08-07'),(48976,'UPDATE mae_productos SET pro_precio_venta=1099,pro_margen_actual=29.91, pro_precio_compra_bruto=846, pro_precio_compra_neto=710.924369747899 WHERE pro_codigo_plu=16477','',2,'2013-08-07'),(48977,'UPDATE mae_productos SET pro_precio_venta=1099,pro_margen_actual=29.91, pro_precio_compra_bruto=846, pro_precio_compra_neto=710.924369747899 WHERE pro_codigo_plu=16938','',2,'2013-08-07'),(48978,'UPDATE mae_productos SET pro_precio_venta=1999,pro_margen_actual=28.22, pro_precio_compra_bruto=1559, pro_precio_compra_neto=1310.08403361345 WHERE pro_codigo_plu=10408','',2,'2013-08-07'),(48979,'UPDATE mae_productos SET pro_precio_venta=160,pro_margen_actual=34.45, pro_precio_compra_bruto=119, pro_precio_compra_neto=100 WHERE pro_codigo_plu=16947','',2,'2013-08-07'),(48980,'UPDATE mae_productos SET pro_precio_venta=250,pro_margen_actual=48.81, pro_precio_compra_bruto=168, pro_precio_compra_neto=141.176470588235 WHERE pro_codigo_plu=78016965','',2,'2013-08-07'),(48981,'UPDATE mae_productos SET pro_precio_venta=899,pro_margen_actual=29.35, pro_precio_compra_bruto=695, pro_precio_compra_neto=584.033613445378 WHERE pro_codigo_plu=16111','',2,'2013-08-07'),(48982,'UPDATE mae_productos SET pro_precio_venta=1099,pro_margen_actual=29.91, pro_precio_compra_bruto=846, pro_precio_compra_neto=710.924369747899 WHERE pro_codigo_plu=16937','',2,'2013-08-07'),(48983,'UPDATE mae_productos SET pro_precio_venta=1099,pro_margen_actual=29.91, pro_precio_compra_bruto=846, pro_precio_compra_neto=710.924369747899 WHERE pro_codigo_plu=16480','',2,'2013-08-07'),(48984,'UPDATE mae_productos SET pro_precio_venta=999,pro_margen_actual=31.1, pro_precio_compra_bruto=762, pro_precio_compra_neto=640.336134453782 WHERE pro_codigo_plu=10438','',2,'2013-08-07'),(48985,'UPDATE mae_productos SET pro_precio_venta=430,pro_margen_actual=31.5, pro_precio_compra_bruto=327, pro_precio_compra_neto=274.789915966387 WHERE pro_codigo_plu=10406','',2,'2013-08-07'),(48986,'UPDATE mae_productos SET pro_precio_venta=160,pro_margen_actual=34.45, pro_precio_compra_bruto=119, pro_precio_compra_neto=100 WHERE pro_codigo_plu=16672','',2,'2013-08-07'),(48987,'UPDATE mae_productos SET pro_precio_venta=250,pro_margen_actual=48.67, pro_precio_compra_bruto=168.16, pro_precio_compra_neto=141.310924369748 WHERE pro_codigo_plu=78016941','',2,'2013-08-07'),(48988,'UPDATE mae_productos SET pro_precio_venta=899,pro_margen_actual=29.35, pro_precio_compra_bruto=695, pro_precio_compra_neto=584.033613445378 WHERE pro_codigo_plu=16114','',2,'2013-08-07'),(48989,'UPDATE mae_productos SET pro_precio_venta=460,pro_margen_actual=35.69, pro_precio_compra_bruto=339, pro_precio_compra_neto=284.873949579832 WHERE pro_codigo_plu=780721400','',2,'2013-08-07'),(48990,'UPDATE mae_productos SET pro_precio_venta=215,pro_margen_actual=34.38, pro_precio_compra_bruto=160, pro_precio_compra_neto=134.453781512605 WHERE pro_codigo_plu=780721612','',2,'2013-08-07'),(48991,'UPDATE mae_productos SET pro_precio_venta=250,pro_margen_actual=48.81, pro_precio_compra_bruto=168, pro_precio_compra_neto=141.176470588235 WHERE pro_codigo_plu=78016958','',2,'2013-08-07'),(48992,'INSERT INTO gne_vale_ferreteria (vfe_id,vfe_fecha,vfe_total,vfe_estado,vfe_entregado,usu_nusuario) VALUES (7366,@@@2013.08.07@@@,1890,1,0,@@@m_martinez@@@)','',2,'2013-08-07'),(48993,'INSERT INTO gne_vale_ferreteria_mov (vfe_id,pro_codigo_plu,vfm_cantidad,vfm_unitario,vfm_total,vfm_entregado) VALUES (7366,101620,1,1890,1890,@@@NO@@@)','',2,'2013-08-07'),(48994,'INSERT INTO gne_vale_ferreteria (vfe_id,vfe_fecha,vfe_total,vfe_estado,vfe_entregado,usu_nusuario) VALUES (7367,@@@2013.08.07@@@,120,1,0,@@@m_martinez@@@)','',2,'2013-08-07'),(48995,'INSERT INTO gne_vale_ferreteria_mov (vfe_id,pro_codigo_plu,vfm_cantidad,vfm_unitario,vfm_total,vfm_entregado) VALUES (7367,8022,1,120,120,@@@NO@@@)','',2,'2013-08-07'),(48996,'INSERT INTO gne_vale_ferreteria (vfe_id,vfe_fecha,vfe_total,vfe_estado,vfe_entregado,usu_nusuario) VALUES (7368,@@@2013.08.07@@@,1600,1,0,@@@m_martinez@@@)','',2,'2013-08-07'),(48997,'INSERT INTO gne_vale_ferreteria_mov (vfe_id,pro_codigo_plu,vfm_cantidad,vfm_unitario,vfm_total,vfm_entregado) VALUES (7368,8022,1,120,120,@@@NO@@@)','',2,'2013-08-07'),(48998,'INSERT INTO gne_vale_ferreteria_mov (vfe_id,pro_codigo_plu,vfm_cantidad,vfm_unitario,vfm_total,vfm_entregado) VALUES (7368,780721231,1,990,990,@@@NO@@@)','',2,'2013-08-07'),(48999,'INSERT INTO gne_vale_ferreteria_mov (vfe_id,pro_codigo_plu,vfm_cantidad,vfm_unitario,vfm_total,vfm_entregado) VALUES (7368,78017127,1,490,490,@@@NO@@@)','',2,'2013-08-07'),(49000,'INSERT INTO gne_vale_ferreteria (vfe_id,vfe_fecha,vfe_total,vfe_estado,vfe_entregado,usu_nusuario) VALUES (7369,@@@2013.08.07@@@,4620,1,0,@@@m_martinez@@@)','',2,'2013-08-07'),(49001,'INSERT INTO gne_vale_ferreteria_mov (vfe_id,pro_codigo_plu,vfm_cantidad,vfm_unitario,vfm_total,vfm_entregado) VALUES (7369,20476,1,1690,1690,@@@NO@@@)','',2,'2013-08-07'),(49002,'INSERT INTO gne_vale_ferreteria_mov (vfe_id,pro_codigo_plu,vfm_cantidad,vfm_unitario,vfm_total,vfm_entregado) VALUES (7369,780721177,1,2390,2390,@@@NO@@@)','',2,'2013-08-07'),(49003,'INSERT INTO gne_vale_ferreteria_mov (vfe_id,pro_codigo_plu,vfm_cantidad,vfm_unitario,vfm_total,vfm_entregado) VALUES (7369,19916,1,540,540,@@@NO@@@)','',2,'2013-08-07'),(49004,'INSERT INTO gne_vale_ferreteria (vfe_id,vfe_fecha,vfe_total,vfe_estado,vfe_entregado,usu_nusuario) VALUES (7370,@@@2013.08.07@@@,100,1,0,@@@m_martinez@@@)','',2,'2013-08-07'),(49005,'INSERT INTO gne_vale_ferreteria_mov (vfe_id,pro_codigo_plu,vfm_cantidad,vfm_unitario,vfm_total,vfm_entregado) VALUES (7370,770065,1,100,100,@@@NO@@@)','',2,'2013-08-07'),(49006,'INSERT INTO gne_vale_ferreteria (vfe_id,vfe_fecha,vfe_total,vfe_estado,vfe_entregado,usu_nusuario) VALUES (7371,@@@2013.08.07@@@,250,1,0,@@@m_martinez@@@)','',2,'2013-08-07'),(49007,'INSERT INTO gne_vale_ferreteria_mov (vfe_id,pro_codigo_plu,vfm_cantidad,vfm_unitario,vfm_total,vfm_entregado) VALUES (7371,780220139,1,250,250,@@@NO@@@)','',2,'2013-08-07'),(49008,'INSERT INTO gne_vale_ferreteria (vfe_id,vfe_fecha,vfe_total,vfe_estado,vfe_entregado,usu_nusuario) VALUES (7372,@@@2013.08.07@@@,600,1,0,@@@m_martinez@@@)','',2,'2013-08-07'),(49009,'INSERT INTO gne_vale_ferreteria_mov (vfe_id,pro_codigo_plu,vfm_cantidad,vfm_unitario,vfm_total,vfm_entregado) VALUES (7372,770021,3,200,600,@@@NO@@@)','',2,'2013-08-07'),(49010,'INSERT INTO gne_vale_ferreteria (vfe_id,vfe_fecha,vfe_total,vfe_estado,vfe_entregado,usu_nusuario) VALUES (7373,@@@2013.08.07@@@,220,1,0,@@@m_martinez@@@)','',2,'2013-08-07'),(49011,'INSERT INTO gne_vale_ferreteria_mov (vfe_id,pro_codigo_plu,vfm_cantidad,vfm_unitario,vfm_total,vfm_entregado) VALUES (7373,8022,1,120,120,@@@NO@@@)','',2,'2013-08-07'),(49012,'INSERT INTO gne_vale_ferreteria_mov (vfe_id,pro_codigo_plu,vfm_cantidad,vfm_unitario,vfm_total,vfm_entregado) VALUES (7373,770065,1,100,100,@@@NO@@@)','',2,'2013-08-07'),(49013,'INSERT INTO gne_vale_ferreteria (vfe_id,vfe_fecha,vfe_total,vfe_estado,vfe_entregado,usu_nusuario) VALUES (7374,@@@2013.08.07@@@,980,1,0,@@@m_martinez@@@)','',2,'2013-08-07'),(49014,'INSERT INTO gne_vale_ferreteria_mov (vfe_id,pro_codigo_plu,vfm_cantidad,vfm_unitario,vfm_total,vfm_entregado) VALUES (7374,764581,2,490,980,@@@NO@@@)','',2,'2013-08-07'),(49015,'INSERT INTO gne_vale_ferreteria (vfe_id,vfe_fecha,vfe_total,vfe_estado,vfe_entregado,usu_nusuario) VALUES (7375,@@@2013.08.07@@@,300,1,0,@@@m_martinez@@@)','',2,'2013-08-07'),(49016,'INSERT INTO gne_vale_ferreteria_mov (vfe_id,pro_codigo_plu,vfm_cantidad,vfm_unitario,vfm_total,vfm_entregado) VALUES (7375,780721128,2,150,300,@@@NO@@@)','',2,'2013-08-07'),(49017,'INSERT INTO gne_vale_ferreteria (vfe_id,vfe_fecha,vfe_total,vfe_estado,vfe_entregado,usu_nusuario) VALUES (7376,@@@2013.08.07@@@,150,1,0,@@@m_martinez@@@)','',2,'2013-08-07'),(49018,'INSERT INTO gne_vale_ferreteria_mov (vfe_id,pro_codigo_plu,vfm_cantidad,vfm_unitario,vfm_total,vfm_entregado) VALUES (7376,8021,1,150,150,@@@NO@@@)','',2,'2013-08-07'),(49019,'UPDATE mae_productos SET pro_precio_fiscal=pro_precio_venta WHERE pro_codigo_plu=780721609','',2,'2013-08-07'),(49020,'UPDATE mae_productos SET pro_precio_fiscal=pro_precio_venta WHERE pro_codigo_plu=78016941','',2,'2013-08-07'),(49021,'UPDATE mae_productos SET pro_precio_fiscal=pro_precio_venta WHERE pro_codigo_plu=780721607','',2,'2013-08-07'),(49022,'UPDATE mae_productos SET pro_precio_fiscal=pro_precio_venta WHERE pro_codigo_plu=16111','',2,'2013-08-07'),(49023,'UPDATE mae_productos SET pro_precio_fiscal=pro_precio_venta WHERE pro_codigo_plu=16114','',2,'2013-08-07'),(49024,'UPDATE mae_productos SET pro_precio_fiscal=pro_precio_venta WHERE pro_codigo_plu=16672','',2,'2013-08-07'),(49025,'UPDATE mae_productos SET pro_precio_fiscal=pro_precio_venta WHERE pro_codigo_plu=16947','',2,'2013-08-07'),(49026,'UPDATE mae_productos SET pro_precio_fiscal=pro_precio_venta WHERE pro_codigo_plu=780721608','',2,'2013-08-07'),(49027,'UPDATE mae_productos SET pro_precio_fiscal=pro_precio_venta WHERE pro_codigo_plu=780721612','',2,'2013-08-07'),(49028,'UPDATE mae_productos SET pro_precio_fiscal=pro_precio_venta WHERE pro_codigo_plu=101529','',2,'2013-08-07'),(49029,'UPDATE mae_productos SET pro_precio_fiscal=pro_precio_venta WHERE pro_codigo_plu=13283','',2,'2013-08-07'),(49030,'UPDATE mae_productos SET pro_precio_fiscal=pro_precio_venta WHERE pro_codigo_plu=16477','',2,'2013-08-07'),(49031,'UPDATE mae_productos SET pro_precio_fiscal=pro_precio_venta WHERE pro_codigo_plu=16480','',2,'2013-08-07'),(49032,'UPDATE mae_productos SET pro_precio_fiscal=pro_precio_venta WHERE pro_codigo_plu=16937','',2,'2013-08-07'),(49033,'UPDATE mae_productos SET pro_precio_fiscal=pro_precio_venta WHERE pro_codigo_plu=16938','',2,'2013-08-07'),(49034,'UPDATE mae_productos SET pro_precio_fiscal=pro_precio_venta WHERE pro_codigo_plu=10438','',2,'2013-08-07'),(49035,'UPDATE mae_productos SET pro_precio_fiscal=pro_precio_venta WHERE pro_codigo_plu=780721610','',2,'2013-08-07'),(49036,'UPDATE mae_productos SET pro_precio_fiscal=pro_precio_venta WHERE pro_codigo_plu=10408','',2,'2013-08-07'),(49037,'UPDATE mae_productos SET pro_precio_fiscal=pro_precio_venta WHERE pro_codigo_plu=10406','',2,'2013-08-07'),(49038,'UPDATE mae_productos SET pro_precio_fiscal=pro_precio_venta WHERE pro_codigo_plu=780721400','',2,'2013-08-07'),(49039,'INSERT INTO gne_vale_ferreteria (vfe_id,vfe_fecha,vfe_total,vfe_estado,vfe_entregado,usu_nusuario) VALUES (7377,@@@2013.08.07@@@,200,1,0,@@@m_martinez@@@)','',2,'2013-08-07'),(49040,'INSERT INTO gne_vale_ferreteria_mov (vfe_id,pro_codigo_plu,vfm_cantidad,vfm_unitario,vfm_total,vfm_entregado) VALUES (7377,78017191,5,40,200,@@@NO@@@)','',2,'2013-08-07'),(49041,'INSERT INTO gne_vale_ferreteria (vfe_id,vfe_fecha,vfe_total,vfe_estado,vfe_entregado,usu_nusuario) VALUES (7378,@@@2013.08.07@@@,320,1,0,@@@m_martinez@@@)','',2,'2013-08-07'),(49042,'INSERT INTO gne_vale_ferreteria_mov (vfe_id,pro_codigo_plu,vfm_cantidad,vfm_unitario,vfm_total,vfm_entregado) VALUES (7378,16421,2,160,320,@@@NO@@@)','',2,'2013-08-07'),(49043,'INSERT INTO gne_vale_ferreteria (vfe_id,vfe_fecha,vfe_total,vfe_estado,vfe_entregado,usu_nusuario) VALUES (7379,@@@2013.08.07@@@,220,1,0,@@@m_martinez@@@)','',2,'2013-08-07'),(49044,'INSERT INTO gne_vale_ferreteria_mov (vfe_id,pro_codigo_plu,vfm_cantidad,vfm_unitario,vfm_total,vfm_entregado) VALUES (7379,770065,1,100,100,@@@NO@@@)','',2,'2013-08-07'),(49045,'INSERT INTO gne_vale_ferreteria_mov (vfe_id,pro_codigo_plu,vfm_cantidad,vfm_unitario,vfm_total,vfm_entregado) VALUES (7379,8022,1,120,120,@@@NO@@@)','',2,'2013-08-07'),(49046,'INSERT INTO gne_vale_ferreteria (vfe_id,vfe_fecha,vfe_total,vfe_estado,vfe_entregado,usu_nusuario) VALUES (7380,@@@2013.08.07@@@,120,1,0,@@@m_martinez@@@)','',2,'2013-08-07'),(49047,'INSERT INTO gne_vale_ferreteria_mov (vfe_id,pro_codigo_plu,vfm_cantidad,vfm_unitario,vfm_total,vfm_entregado) VALUES (7380,8022,1,120,120,@@@NO@@@)','',2,'2013-08-07'),(49048,'INSERT INTO gne_vale_ferreteria (vfe_id,vfe_fecha,vfe_total,vfe_estado,vfe_entregado,usu_nusuario) VALUES (7381,@@@2013.08.07@@@,200,1,0,@@@m_martinez@@@)','',2,'2013-08-07'),(49049,'INSERT INTO gne_vale_ferreteria_mov (vfe_id,pro_codigo_plu,vfm_cantidad,vfm_unitario,vfm_total,vfm_entregado) VALUES (7381,770065,2,100,200,@@@NO@@@)','',2,'2013-08-07'),(49050,'INSERT INTO gne_vale_ferreteria (vfe_id,vfe_fecha,vfe_total,vfe_estado,vfe_entregado,usu_nusuario) VALUES (7382,@@@2013.08.07@@@,300,1,0,@@@m_martinez@@@)','',2,'2013-08-07'),(49051,'INSERT INTO gne_vale_ferreteria_mov (vfe_id,pro_codigo_plu,vfm_cantidad,vfm_unitario,vfm_total,vfm_entregado) VALUES (7382,2004,1,300,300,@@@NO@@@)','',2,'2013-08-07'),(49052,'INSERT INTO gne_vale_ferreteria (vfe_id,vfe_fecha,vfe_total,vfe_estado,vfe_entregado,usu_nusuario) VALUES (7383,@@@2013.08.07@@@,980,1,0,@@@m_martinez@@@)','',2,'2013-08-07'),(49053,'INSERT INTO gne_vale_ferreteria_mov (vfe_id,pro_codigo_plu,vfm_cantidad,vfm_unitario,vfm_total,vfm_entregado) VALUES (7383,78017198,2,490,980,@@@NO@@@)','',2,'2013-08-07'),(49054,'INSERT INTO gne_vale_ferreteria (vfe_id,vfe_fecha,vfe_total,vfe_estado,vfe_entregado,usu_nusuario) VALUES (7384,@@@2013.08.07@@@,1590,1,0,@@@m_martinez@@@)','',2,'2013-08-07'),(49055,'INSERT INTO gne_vale_ferreteria_mov (vfe_id,pro_codigo_plu,vfm_cantidad,vfm_unitario,vfm_total,vfm_entregado) VALUES (7384,15391,1,1590,1590,@@@NO@@@)','',2,'2013-08-07'),(49056,'INSERT INTO gne_vale_ferreteria (vfe_id,vfe_fecha,vfe_total,vfe_estado,vfe_entregado,usu_nusuario) VALUES (7385,@@@2013.08.07@@@,200,1,0,@@@m_martinez@@@)','',2,'2013-08-07'),(49057,'INSERT INTO gne_vale_ferreteria_mov (vfe_id,pro_codigo_plu,vfm_cantidad,vfm_unitario,vfm_total,vfm_entregado) VALUES (7385,764702,1,200,200,@@@NO@@@)','',2,'2013-08-07'),(49058,'UPDATE mae_productos SET pro_codigo_barra=@@@403@@@,pro_tipo=@@@0@@@,pro_nombre_producto=@@@QUESO LAMINADO SOPROLE@@@,pro_nombre_corto=@@@QUESO LAMINADO S@@@,med_id=@@@2@@@,emb_id=@@@7@@@,pro_unidades_embalaje=@@@2@@@,dep_id=@@@13 @@@,lin_id=@@@81@@@,mar_id=@@@1993@@@,pro_precio_compra_neto=@@@0@@@,pro_precio_compra_bruto=@@@3830@@@,pro_precio_venta=@@@5990@@@,pro_margen_actual=@@@56.4@@@,pro_oferta=@@@NO@@@,pro_fecha_inicio_oferta=@@@2013.07.17@@@,pro_fecha_termino_oferta=@@@2013.07.17@@@,pro_precio_oferta=@@@0@@@,pro_stock_minimo=@@@4@@@,pro_stock_critico=@@@1@@@,pro_activo=@@@1@@@,pro_unidad=@@@1@@@,pro_precio_compra_bruto=3830,pro_margen_actual=56.4,pro_capacidad=2,pro_funcion_plu=1,pro_flejes=1,pro_iva=1,pro_plu_asociado=0,pro_envase=@@@NO@@@,pro_duracion=0,pro_numero_etiqueta=1 WHERE pro_codigo_plu=@@@403@@@','',2,'2013-08-07'),(49059,'UPDATE mae_productos SET pro_estado=1 WHERE pro_codigo_plu=403','',2,'2013-08-07'),(49060,'DELETE FROM mae_impuestos_productos WHERE pro_codigo_plu=@@@403@@@','',2,'2013-08-07'),(49061,'UPDATE mae_productos SET pro_codigo_barra=@@@404@@@,pro_tipo=@@@0@@@,pro_nombre_producto=@@@QUESO TROZO  QUILQUE SOPROLE@@@,pro_nombre_corto=@@@QUESO TROZO  QUI@@@,med_id=@@@2@@@,emb_id=@@@7@@@,pro_unidades_embalaje=@@@2@@@,dep_id=@@@13 @@@,lin_id=@@@81@@@,mar_id=@@@1993@@@,pro_precio_compra_neto=@@@0@@@,pro_precio_compra_bruto=@@@0@@@,pro_precio_venta=@@@5950@@@,pro_margen_actual=@@@0@@@,pro_oferta=@@@NO@@@,pro_fecha_inicio_oferta=@@@2013.07.17@@@,pro_fecha_termino_oferta=@@@2013.07.17@@@,pro_precio_oferta=@@@0@@@,pro_stock_minimo=@@@4@@@,pro_stock_critico=@@@1@@@,pro_activo=@@@1@@@,pro_unidad=@@@1@@@,pro_precio_compra_bruto=0,pro_margen_actual=0,pro_capacidad=2,pro_funcion_plu=1,pro_flejes=1,pro_iva=1,pro_plu_asociado=0,pro_envase=@@@NO@@@,pro_duracion=0,pro_numero_etiqueta=1 WHERE pro_codigo_plu=@@@404@@@','',2,'2013-08-07'),(49062,'UPDATE mae_productos SET pro_estado=1 WHERE pro_codigo_plu=404','',2,'2013-08-07'),(49063,'DELETE FROM mae_impuestos_productos WHERE pro_codigo_plu=@@@404@@@','',2,'2013-08-07'),(49064,'INSERT INTO gne_vale_ferreteria (vfe_id,vfe_fecha,vfe_total,vfe_estado,vfe_entregado,usu_nusuario) VALUES (7386,@@@2013.08.07@@@,480,1,0,@@@m_martinez@@@)','',2,'2013-08-07'),(49065,'INSERT INTO gne_vale_ferreteria_mov (vfe_id,pro_codigo_plu,vfm_cantidad,vfm_unitario,vfm_total,vfm_entregado) VALUES (7386,8022,4,120,480,@@@NO@@@)','',2,'2013-08-07'),(49066,'INSERT INTO gne_vale_ferreteria (vfe_id,vfe_fecha,vfe_total,vfe_estado,vfe_entregado,usu_nusuario) VALUES (7387,@@@2013.08.07@@@,240,1,0,@@@m_martinez@@@)','',2,'2013-08-07'),(49067,'INSERT INTO gne_vale_ferreteria_mov (vfe_id,pro_codigo_plu,vfm_cantidad,vfm_unitario,vfm_total,vfm_entregado) VALUES (7387,8022,2,120,240,@@@NO@@@)','',2,'2013-08-07'),(49068,'INSERT INTO mae_productos (pro_codigo_plu,pro_codigo_barra,pro_tipo,pro_nombre_producto,pro_nombre_corto,med_id,emb_id,pro_unidades_embalaje,dep_id,lin_id,mar_id,pro_precio_compra_neto,pro_precio_compra_bruto,pro_precio_venta,pro_margen_actual,pro_oferta,pro_fecha_inicio_oferta,pro_fecha_termino_oferta,pro_precio_oferta,pro_stock_minimo,pro_stock_critico,pro_entradas_bodega,pro_salidas_bodega,pro_mermas_bodega,pro_ajustes_bodega,pro_entradas_sv,pro_salidas_sv,pro_mermas_sv,pro_ajustes_sv,pro_activo,rec_numero,pro_unidad,pro_capacidad,pro_consumo_bodega,pro_consumo_sv,pro_estado,pro_funcion_plu,pro_flejes,pro_iva,pro_plu_asociado,pro_envase,pro_duracion,pro_numero_etiqueta) VALUES (412,@@@412@@@,@@@0@@@,@@@QUESO GAUDA DOS ALAMOS PARA LAMINAR@@@,@@@QUESO GAUDA DOS @@@,@@@2 @@@,@@@1 @@@,@@@0@@@,@@@13 @@@,@@@81@@@,@@@1993@@@,@@@0@@@,@@@3261@@@,@@@5390@@@,@@@65.29@@@,@@@@@@,@@@2006.09.07@@@,@@@2006.09.07@@@,@@@0@@@,@@@3@@@,@@@2@@@,@@@0@@@,@@@0@@@,@@@0@@@,@@@0@@@,@@@0@@@,@@@0@@@,@@@0@@@,@@@0@@@,@@@1@@@,@@@0@@@,0,0,0,0,2,0,1,1,0,@@@NO@@@,0,0)','',2,'2013-08-07'),(49069,'DELETE FROM mae_impuestos_productos WHERE pro_codigo_plu=@@@412@@@','',2,'2013-08-07'),(49070,'UPDATE mae_productos SET pro_codigo_barra=@@@412@@@,pro_tipo=@@@0@@@,pro_nombre_producto=@@@QUESO GAUDA DOS ALAMOS PARA LAMINAR@@@,pro_nombre_corto=@@@QUESO GAUDA DOS@@@,med_id=@@@2@@@,emb_id=@@@1@@@,pro_unidades_embalaje=@@@0@@@,dep_id=@@@13 @@@,lin_id=@@@81@@@,mar_id=@@@1993@@@,pro_precio_compra_neto=@@@0@@@,pro_precio_compra_bruto=@@@3261@@@,pro_precio_venta=@@@5390@@@,pro_margen_actual=@@@65.29@@@,pro_oferta=@@@NO@@@,pro_fecha_inicio_oferta=@@@2006.09.07@@@,pro_fecha_termino_oferta=@@@2006.09.07@@@,pro_precio_oferta=@@@0@@@,pro_stock_minimo=@@@3@@@,pro_stock_critico=@@@2@@@,pro_activo=@@@1@@@,pro_unidad=@@@1@@@,pro_precio_compra_bruto=3261,pro_margen_actual=65.29,pro_capacidad=0,pro_funcion_plu=1,pro_flejes=1,pro_iva=1,pro_plu_asociado=0,pro_envase=@@@NO@@@,pro_duracion=0,pro_numero_etiqueta=1 WHERE pro_codigo_plu=@@@412@@@','',2,'2013-08-07'),(49071,'UPDATE mae_productos SET pro_estado=1 WHERE pro_codigo_plu=412','',2,'2013-08-07'),(49072,'DELETE FROM mae_impuestos_productos WHERE pro_codigo_plu=@@@412@@@','',2,'2013-08-07'),(49073,'INSERT INTO gne_vale_ferreteria (vfe_id,vfe_fecha,vfe_total,vfe_estado,vfe_entregado,usu_nusuario) VALUES (7388,@@@2013.08.07@@@,1390,1,0,@@@m_martinez@@@)','',2,'2013-08-07'),(49074,'INSERT INTO gne_vale_ferreteria_mov (vfe_id,pro_codigo_plu,vfm_cantidad,vfm_unitario,vfm_total,vfm_entregado) VALUES (7388,10959,1,1390,1390,@@@NO@@@)','',2,'2013-08-07'),(49075,'UPDATE mae_productos SET pro_precio_fiscal=pro_precio_venta WHERE pro_codigo_plu=412','',2,'2013-08-07'),(49076,'UPDATE mae_productos SET pro_precio_compra_bruto=576,pro_margen_actual=(pro_precio_venta-576)/576 * 100,pro_ultima_compra=@@@2013.08.07@@@,pro_ultimo_proveedor=@@@84472400-4@@@ WHERE pro_codigo_plu=15986','',2,'2013-08-07'),(49077,'UPDATE mae_productos SET pro_precio_compra_bruto=465.75,pro_margen_actual=(pro_precio_venta-465.75)/465.75 * 100,pro_ultima_compra=@@@2013.08.07@@@,pro_ultimo_proveedor=@@@84472400-4@@@ WHERE pro_codigo_plu=16256','',2,'2013-08-07'),(49078,'UPDATE mae_productos SET pro_precio_compra_bruto=253,pro_margen_actual=(pro_precio_venta-253)/253 * 100,pro_ultima_compra=@@@2013.08.07@@@,pro_ultimo_proveedor=@@@84472400-4@@@ WHERE pro_codigo_plu=101529','',2,'2013-08-07'),(49079,'UPDATE mae_productos SET pro_precio_compra_bruto=253,pro_margen_actual=(pro_precio_venta-253)/253 * 100,pro_ultima_compra=@@@2013.08.07@@@,pro_ultimo_proveedor=@@@84472400-4@@@ WHERE pro_codigo_plu=13283','',2,'2013-08-07'),(49080,'UPDATE mae_productos SET pro_precio_compra_bruto=228,pro_margen_actual=(pro_precio_venta-228)/228 * 100,pro_ultima_compra=@@@2013.08.07@@@,pro_ultimo_proveedor=@@@84472400-4@@@ WHERE pro_codigo_plu=19111','',2,'2013-08-07'),(49081,'UPDATE mae_productos SET pro_precio_compra_bruto=228,pro_margen_actual=(pro_precio_venta-228)/228 * 100,pro_ultima_compra=@@@2013.08.07@@@,pro_ultimo_proveedor=@@@84472400-4@@@ WHERE pro_codigo_plu=17056','',2,'2013-08-07'),(49082,'UPDATE mae_productos SET pro_precio_compra_bruto=96.39,pro_margen_actual=(pro_precio_venta-96.39)/96.39 * 100,pro_ultima_compra=@@@2013.08.07@@@,pro_ultimo_proveedor=@@@84472400-4@@@ WHERE pro_codigo_plu=17097','',2,'2013-08-07'),(49083,'UPDATE mae_productos SET pro_precio_compra_bruto=198,pro_margen_actual=(pro_precio_venta-198)/198 * 100,pro_ultima_compra=@@@2013.08.07@@@,pro_ultimo_proveedor=@@@84472400-4@@@ WHERE pro_codigo_plu=18877','',2,'2013-08-07'),(49084,'UPDATE mae_productos SET pro_precio_compra_bruto=198,pro_margen_actual=(pro_precio_venta-198)/198 * 100,pro_ultima_compra=@@@2013.08.07@@@,pro_ultimo_proveedor=@@@84472400-4@@@ WHERE pro_codigo_plu=19238','',2,'2013-08-07'),(49085,'UPDATE mae_productos SET pro_precio_compra_bruto=198,pro_margen_actual=(pro_precio_venta-198)/198 * 100,pro_ultima_compra=@@@2013.08.07@@@,pro_ultimo_proveedor=@@@84472400-4@@@ WHERE pro_codigo_plu=19240','',2,'2013-08-07'),(49086,'UPDATE mae_productos SET pro_precio_compra_bruto=219,pro_margen_actual=(pro_precio_venta-219)/219 * 100,pro_ultima_compra=@@@2013.08.07@@@,pro_ultimo_proveedor=@@@84472400-4@@@ WHERE pro_codigo_plu=16526','',2,'2013-08-07'),(49087,'UPDATE mae_productos SET pro_precio_compra_bruto=219,pro_margen_actual=(pro_precio_venta-219)/219 * 100,pro_ultima_compra=@@@2013.08.07@@@,pro_ultimo_proveedor=@@@84472400-4@@@ WHERE pro_codigo_plu=16532','',2,'2013-08-07'),(49088,'UPDATE mae_productos SET pro_precio_compra_bruto=280,pro_margen_actual=(pro_precio_venta-280)/280 * 100,pro_ultima_compra=@@@2013.08.07@@@,pro_ultimo_proveedor=@@@84472400-4@@@ WHERE pro_codigo_plu=16821','',2,'2013-08-07'),(49089,'UPDATE mae_productos SET pro_precio_compra_bruto=846,pro_margen_actual=(pro_precio_venta-846)/846 * 100,pro_ultima_compra=@@@2013.08.07@@@,pro_ultimo_proveedor=@@@84472400-4@@@ WHERE pro_codigo_plu=16477','',2,'2013-08-07'),(49090,'UPDATE mae_productos SET pro_precio_compra_bruto=846,pro_margen_actual=(pro_precio_venta-846)/846 * 100,pro_ultima_compra=@@@2013.08.07@@@,pro_ultimo_proveedor=@@@84472400-4@@@ WHERE pro_codigo_plu=16938','',2,'2013-08-07'),(49091,'UPDATE mae_productos SET pro_precio_compra_bruto=365,pro_margen_actual=(pro_precio_venta-365)/365 * 100,pro_ultima_compra=@@@2013.08.07@@@,pro_ultimo_proveedor=@@@84472400-4@@@ WHERE pro_codigo_plu=10404','',2,'2013-08-07'),(49092,'UPDATE mae_productos SET pro_precio_compra_bruto=1559,pro_margen_actual=(pro_precio_venta-1559)/1559 * 100,pro_ultima_compra=@@@2013.08.07@@@,pro_ultimo_proveedor=@@@84472400-4@@@ WHERE pro_codigo_plu=10408','',2,'2013-08-07'),(49093,'UPDATE mae_productos SET pro_precio_compra_bruto=928,pro_margen_actual=(pro_precio_venta-928)/928 * 100,pro_ultima_compra=@@@2013.08.07@@@,pro_ultimo_proveedor=@@@84472400-4@@@ WHERE pro_codigo_plu=10405','',2,'2013-08-07'),(49094,'UPDATE mae_productos SET pro_precio_compra_bruto=119,pro_margen_actual=(pro_precio_venta-119)/119 * 100,pro_ultima_compra=@@@2013.08.07@@@,pro_ultimo_proveedor=@@@84472400-4@@@ WHERE pro_codigo_plu=16947','',2,'2013-08-07'),(49095,'UPDATE mae_productos SET pro_precio_compra_bruto=293,pro_margen_actual=(pro_precio_venta-293)/293 * 100,pro_ultima_compra=@@@2013.08.07@@@,pro_ultimo_proveedor=@@@84472400-4@@@ WHERE pro_codigo_plu=780721212','',2,'2013-08-07'),(49096,'UPDATE mae_productos SET pro_precio_compra_bruto=321.3,pro_margen_actual=(pro_precio_venta-321.3)/321.3 * 100,pro_ultima_compra=@@@2013.08.07@@@,pro_ultimo_proveedor=@@@84472400-4@@@ WHERE pro_codigo_plu=780721113','',2,'2013-08-07'),(49097,'UPDATE mae_productos SET pro_precio_compra_bruto=243,pro_margen_actual=(pro_precio_venta-243)/243 * 100,pro_ultima_compra=@@@2013.08.07@@@,pro_ultimo_proveedor=@@@84472400-4@@@ WHERE pro_codigo_plu=763345','',2,'2013-08-07'),(49098,'UPDATE mae_productos SET pro_precio_compra_bruto=318,pro_margen_actual=(pro_precio_venta-318)/318 * 100,pro_ultima_compra=@@@2013.08.07@@@,pro_ultimo_proveedor=@@@84472400-4@@@ WHERE pro_codigo_plu=780721607','',2,'2013-08-07'),(49099,'UPDATE mae_productos SET pro_precio_compra_bruto=277,pro_margen_actual=(pro_precio_venta-277)/277 * 100,pro_ultima_compra=@@@2013.08.07@@@,pro_ultimo_proveedor=@@@84472400-4@@@ WHERE pro_codigo_plu=763338','',2,'2013-08-07'),(49100,'UPDATE mae_productos SET pro_precio_compra_bruto=160,pro_margen_actual=(pro_precio_venta-160)/160 * 100,pro_ultima_compra=@@@2013.08.07@@@,pro_ultimo_proveedor=@@@84472400-4@@@ WHERE pro_codigo_plu=780721608','',2,'2013-08-07'),(49101,'UPDATE mae_productos SET pro_precio_compra_bruto=168,pro_margen_actual=(pro_precio_venta-168)/168 * 100,pro_ultima_compra=@@@2013.08.07@@@,pro_ultimo_proveedor=@@@84472400-4@@@ WHERE pro_codigo_plu=78016965','',2,'2013-08-07'),(49102,'UPDATE mae_productos SET pro_precio_compra_bruto=168,pro_margen_actual=(pro_precio_venta-168)/168 * 100,pro_ultima_compra=@@@2013.08.07@@@,pro_ultimo_proveedor=@@@84472400-4@@@ WHERE pro_codigo_plu=780721609','',2,'2013-08-07'),(49103,'UPDATE mae_productos SET pro_precio_compra_bruto=502,pro_margen_actual=(pro_precio_venta-502)/502 * 100,pro_ultima_compra=@@@2013.08.07@@@,pro_ultimo_proveedor=@@@84472400-4@@@ WHERE pro_codigo_plu=761596','',2,'2013-08-07'),(49104,'UPDATE mae_productos SET pro_precio_compra_bruto=324,pro_margen_actual=(pro_precio_venta-324)/324 * 100,pro_ultima_compra=@@@2013.08.07@@@,pro_ultimo_proveedor=@@@84472400-4@@@ WHERE pro_codigo_plu=16118','',2,'2013-08-07'),(49105,'UPDATE mae_productos SET pro_precio_compra_bruto=571,pro_margen_actual=(pro_precio_venta-571)/571 * 100,pro_ultima_compra=@@@2013.08.07@@@,pro_ultimo_proveedor=@@@84472400-4@@@ WHERE pro_codigo_plu=15992','',2,'2013-08-07'),(49106,'UPDATE mae_productos SET pro_precio_compra_bruto=695,pro_margen_actual=(pro_precio_venta-695)/695 * 100,pro_ultima_compra=@@@2013.08.07@@@,pro_ultimo_proveedor=@@@84472400-4@@@ WHERE pro_codigo_plu=16111','',2,'2013-08-07'),(49107,'UPDATE mae_productos SET pro_precio_compra_bruto=909,pro_margen_actual=(pro_precio_venta-909)/909 * 100,pro_ultima_compra=@@@2013.08.07@@@,pro_ultimo_proveedor=@@@84472400-4@@@ WHERE pro_codigo_plu=16255','',2,'2013-08-07'),(49108,'UPDATE mae_productos SET pro_precio_compra_bruto=227,pro_margen_actual=(pro_precio_venta-227)/227 * 100,pro_ultima_compra=@@@2013.08.07@@@,pro_ultimo_proveedor=@@@84472400-4@@@ WHERE pro_codigo_plu=19243','',2,'2013-08-07'),(49109,'UPDATE mae_productos SET pro_precio_compra_bruto=198,pro_margen_actual=(pro_precio_venta-198)/198 * 100,pro_ultima_compra=@@@2013.08.07@@@,pro_ultimo_proveedor=@@@84472400-4@@@ WHERE pro_codigo_plu=17030','',2,'2013-08-07'),(49110,'UPDATE mae_productos SET pro_precio_compra_bruto=219,pro_margen_actual=(pro_precio_venta-219)/219 * 100,pro_ultima_compra=@@@2013.08.07@@@,pro_ultimo_proveedor=@@@84472400-4@@@ WHERE pro_codigo_plu=16531','',2,'2013-08-07'),(49111,'UPDATE mae_productos SET pro_precio_compra_bruto=219,pro_margen_actual=(pro_precio_venta-219)/219 * 100,pro_ultima_compra=@@@2013.08.07@@@,pro_ultimo_proveedor=@@@84472400-4@@@ WHERE pro_codigo_plu=16524','',2,'2013-08-07'),(49112,'UPDATE mae_productos SET pro_precio_compra_bruto=219,pro_margen_actual=(pro_precio_venta-219)/219 * 100,pro_ultima_compra=@@@2013.08.07@@@,pro_ultimo_proveedor=@@@84472400-4@@@ WHERE pro_codigo_plu=16529','',2,'2013-08-07'),(49113,'UPDATE mae_productos SET pro_precio_compra_bruto=280,pro_margen_actual=(pro_precio_venta-280)/280 * 100,pro_ultima_compra=@@@2013.08.07@@@,pro_ultimo_proveedor=@@@84472400-4@@@ WHERE pro_codigo_plu=16820','',2,'2013-08-07'),(49114,'UPDATE mae_productos SET pro_precio_compra_bruto=846,pro_margen_actual=(pro_precio_venta-846)/846 * 100,pro_ultima_compra=@@@2013.08.07@@@,pro_ultimo_proveedor=@@@84472400-4@@@ WHERE pro_codigo_plu=16937','',2,'2013-08-07'),(49115,'UPDATE mae_productos SET pro_precio_compra_bruto=846,pro_margen_actual=(pro_precio_venta-846)/846 * 100,pro_ultima_compra=@@@2013.08.07@@@,pro_ultimo_proveedor=@@@84472400-4@@@ WHERE pro_codigo_plu=16480','',2,'2013-08-07'),(49116,'UPDATE mae_productos SET pro_precio_compra_bruto=762,pro_margen_actual=(pro_precio_venta-762)/762 * 100,pro_ultima_compra=@@@2013.08.07@@@,pro_ultimo_proveedor=@@@84472400-4@@@ WHERE pro_codigo_plu=10438','',2,'2013-08-07'),(49117,'UPDATE mae_productos SET pro_precio_compra_bruto=1642,pro_margen_actual=(pro_precio_venta-1642)/1642 * 100,pro_ultima_compra=@@@2013.08.07@@@,pro_ultimo_proveedor=@@@84472400-4@@@ WHERE pro_codigo_plu=780721610','',2,'2013-08-07'),(49118,'UPDATE mae_productos SET pro_precio_compra_bruto=327,pro_margen_actual=(pro_precio_venta-327)/327 * 100,pro_ultima_compra=@@@2013.08.07@@@,pro_ultimo_proveedor=@@@84472400-4@@@ WHERE pro_codigo_plu=10406','',2,'2013-08-07'),(49119,'UPDATE mae_productos SET pro_precio_compra_bruto=169.5,pro_margen_actual=(pro_precio_venta-169.5)/169.5 * 100,pro_ultima_compra=@@@2013.08.07@@@,pro_ultimo_proveedor=@@@84472400-4@@@ WHERE pro_codigo_plu=16315','',2,'2013-08-07'),(49120,'UPDATE mae_productos SET pro_precio_compra_bruto=364.43,pro_margen_actual=(pro_precio_venta-364.43)/364.43 * 100,pro_ultima_compra=@@@2013.08.07@@@,pro_ultimo_proveedor=@@@84472400-4@@@ WHERE pro_codigo_plu=16314','',2,'2013-08-07'),(49121,'UPDATE mae_productos SET pro_precio_compra_bruto=560,pro_margen_actual=(pro_precio_venta-560)/560 * 100,pro_ultima_compra=@@@2013.08.07@@@,pro_ultimo_proveedor=@@@84472400-4@@@ WHERE pro_codigo_plu=16313','',2,'2013-08-07'),(49122,'UPDATE mae_productos SET pro_precio_compra_bruto=181.5,pro_margen_actual=(pro_precio_venta-181.5)/181.5 * 100,pro_ultima_compra=@@@2013.08.07@@@,pro_ultimo_proveedor=@@@84472400-4@@@ WHERE pro_codigo_plu=16371','',2,'2013-08-07'),(49123,'UPDATE mae_productos SET pro_precio_compra_bruto=119,pro_margen_actual=(pro_precio_venta-119)/119 * 100,pro_ultima_compra=@@@2013.08.07@@@,pro_ultimo_proveedor=@@@84472400-4@@@ WHERE pro_codigo_plu=16672','',2,'2013-08-07'),(49124,'UPDATE mae_productos SET pro_precio_compra_bruto=321.3,pro_margen_actual=(pro_precio_venta-321.3)/321.3 * 100,pro_ultima_compra=@@@2013.08.07@@@,pro_ultimo_proveedor=@@@84472400-4@@@ WHERE pro_codigo_plu=763343','',2,'2013-08-07'),(49125,'UPDATE mae_productos SET pro_precio_compra_bruto=321.3,pro_margen_actual=(pro_precio_venta-321.3)/321.3 * 100,pro_ultima_compra=@@@2013.08.07@@@,pro_ultimo_proveedor=@@@84472400-4@@@ WHERE pro_codigo_plu=780721285','',2,'2013-08-07'),(49126,'UPDATE mae_productos SET pro_precio_compra_bruto=243,pro_margen_actual=(pro_precio_venta-243)/243 * 100,pro_ultima_compra=@@@2013.08.07@@@,pro_ultimo_proveedor=@@@84472400-4@@@ WHERE pro_codigo_plu=763339','',2,'2013-08-07'),(49127,'UPDATE mae_productos SET pro_precio_compra_bruto=318,pro_margen_actual=(pro_precio_venta-318)/318 * 100,pro_ultima_compra=@@@2013.08.07@@@,pro_ultimo_proveedor=@@@84472400-4@@@ WHERE pro_codigo_plu=763334','',2,'2013-08-07'),(49128,'UPDATE mae_productos SET pro_precio_compra_bruto=277.27,pro_margen_actual=(pro_precio_venta-277.27)/277.27 * 100,pro_ultima_compra=@@@2013.08.07@@@,pro_ultimo_proveedor=@@@84472400-4@@@ WHERE pro_codigo_plu=763335','',2,'2013-08-07'),(49129,'UPDATE mae_productos SET pro_precio_compra_bruto=205,pro_margen_actual=(pro_precio_venta-205)/205 * 100,pro_ultima_compra=@@@2013.08.07@@@,pro_ultimo_proveedor=@@@84472400-4@@@ WHERE pro_codigo_plu=101943','',2,'2013-08-07'),(49130,'UPDATE mae_productos SET pro_precio_compra_bruto=205,pro_margen_actual=(pro_precio_venta-205)/205 * 100,pro_ultima_compra=@@@2013.08.07@@@,pro_ultimo_proveedor=@@@84472400-4@@@ WHERE pro_codigo_plu=101942','',2,'2013-08-07'),(49131,'UPDATE mae_productos SET pro_precio_compra_bruto=168.16,pro_margen_actual=(pro_precio_venta-168.16)/168.16 * 100,pro_ultima_compra=@@@2013.08.07@@@,pro_ultimo_proveedor=@@@84472400-4@@@ WHERE pro_codigo_plu=78016941','',2,'2013-08-07'),(49132,'UPDATE mae_productos SET pro_precio_compra_bruto=960,pro_margen_actual=(pro_precio_venta-960)/960 * 100,pro_ultima_compra=@@@2013.08.07@@@,pro_ultimo_proveedor=@@@84472400-4@@@ WHERE pro_codigo_plu=780721403','',2,'2013-08-07'),(49133,'UPDATE mae_productos SET pro_precio_compra_bruto=571,pro_margen_actual=(pro_precio_venta-571)/571 * 100,pro_ultima_compra=@@@2013.08.07@@@,pro_ultimo_proveedor=@@@84472400-4@@@ WHERE pro_codigo_plu=16004','',2,'2013-08-07'),(49134,'UPDATE mae_productos SET pro_precio_compra_bruto=695,pro_margen_actual=(pro_precio_venta-695)/695 * 100,pro_ultima_compra=@@@2013.08.07@@@,pro_ultimo_proveedor=@@@84472400-4@@@ WHERE pro_codigo_plu=16114','',2,'2013-08-07'),(49135,'UPDATE mae_productos SET pro_precio_compra_bruto=200,pro_margen_actual=(pro_precio_venta-200)/200 * 100,pro_ultima_compra=@@@2013.08.07@@@,pro_ultimo_proveedor=@@@84472400-4@@@ WHERE pro_codigo_plu=16110','',2,'2013-08-07'),(49136,'UPDATE mae_productos SET pro_precio_compra_bruto=95,pro_margen_actual=(pro_precio_venta-95)/95 * 100,pro_ultima_compra=@@@2013.08.07@@@,pro_ultimo_proveedor=@@@84472400-4@@@ WHERE pro_codigo_plu=17018','',2,'2013-08-07'),(49137,'UPDATE mae_productos SET pro_precio_compra_bruto=95,pro_margen_actual=(pro_precio_venta-95)/95 * 100,pro_ultima_compra=@@@2013.08.07@@@,pro_ultimo_proveedor=@@@84472400-4@@@ WHERE pro_codigo_plu=17014','',2,'2013-08-07'),(49138,'UPDATE mae_productos SET pro_precio_compra_bruto=336,pro_margen_actual=(pro_precio_venta-336)/336 * 100,pro_ultima_compra=@@@2013.08.07@@@,pro_ultimo_proveedor=@@@84472400-4@@@ WHERE pro_codigo_plu=17023','',2,'2013-08-07'),(49139,'UPDATE mae_productos SET pro_precio_compra_bruto=339,pro_margen_actual=(pro_precio_venta-339)/339 * 100,pro_ultima_compra=@@@2013.08.07@@@,pro_ultimo_proveedor=@@@84472400-4@@@ WHERE pro_codigo_plu=780721400','',2,'2013-08-07'),(49140,'UPDATE mae_productos SET pro_precio_compra_bruto=286,pro_margen_actual=(pro_precio_venta-286)/286 * 100,pro_ultima_compra=@@@2013.08.07@@@,pro_ultimo_proveedor=@@@84472400-4@@@ WHERE pro_codigo_plu=16999','',2,'2013-08-07'),(49141,'UPDATE mae_productos SET pro_precio_compra_bruto=286,pro_margen_actual=(pro_precio_venta-286)/286 * 100,pro_ultima_compra=@@@2013.08.07@@@,pro_ultimo_proveedor=@@@84472400-4@@@ WHERE pro_codigo_plu=19143','',2,'2013-08-07'),(49142,'UPDATE mae_productos SET pro_precio_compra_bruto=286,pro_margen_actual=(pro_precio_venta-286)/286 * 100,pro_ultima_compra=@@@2013.08.07@@@,pro_ultimo_proveedor=@@@84472400-4@@@ WHERE pro_codigo_plu=19211','',2,'2013-08-07'),(49143,'UPDATE mae_productos SET pro_precio_compra_bruto=293,pro_margen_actual=(pro_precio_venta-293)/293 * 100,pro_ultima_compra=@@@2013.08.07@@@,pro_ultimo_proveedor=@@@84472400-4@@@ WHERE pro_codigo_plu=780721211','',2,'2013-08-07'),(49144,'UPDATE mae_productos SET pro_precio_compra_bruto=160,pro_margen_actual=(pro_precio_venta-160)/160 * 100,pro_ultima_compra=@@@2013.08.07@@@,pro_ultimo_proveedor=@@@84472400-4@@@ WHERE pro_codigo_plu=780721612','',2,'2013-08-07'),(49145,'UPDATE mae_productos SET pro_precio_compra_bruto=168,pro_margen_actual=(pro_precio_venta-168)/168 * 100,pro_ultima_compra=@@@2013.08.07@@@,pro_ultimo_proveedor=@@@84472400-4@@@ WHERE pro_codigo_plu=78016958','',2,'2013-08-07'),(49146,'INSERT INTO mae_productos (pro_codigo_plu,pro_codigo_barra,pro_tipo,pro_nombre_producto,pro_nombre_corto,med_id,emb_id,pro_unidades_embalaje,dep_id,lin_id,mar_id,pro_precio_compra_neto,pro_precio_compra_bruto,pro_precio_venta,pro_margen_actual,pro_oferta,pro_fecha_inicio_oferta,pro_fecha_termino_oferta,pro_precio_oferta,pro_stock_minimo,pro_stock_critico,pro_entradas_bodega,pro_salidas_bodega,pro_mermas_bodega,pro_ajustes_bodega,pro_entradas_sv,pro_salidas_sv,pro_mermas_sv,pro_ajustes_sv,pro_activo,rec_numero,pro_unidad,pro_capacidad,pro_consumo_bodega,pro_consumo_sv,pro_estado,pro_funcion_plu,pro_flejes,pro_iva,pro_plu_asociado,pro_envase,pro_duracion,pro_numero_etiqueta) VALUES (780721613,@@@0201106141110@@@,@@@0@@@,@@@CARS AUTOS X 6 UND@@@,@@@CARS AUTOS X 6 U@@@,@@@1 @@@,@@@9 @@@,@@@1@@@,@@@23 @@@,@@@135@@@,@@@2507@@@,@@@0@@@,@@@750@@@,@@@1490@@@,@@@98.67@@@,@@@@@@,@@@2013.08.07@@@,@@@2013.08.07@@@,@@@0@@@,@@@1@@@,@@@1@@@,@@@0@@@,@@@0@@@,@@@0@@@,@@@0@@@,@@@0@@@,@@@0@@@,@@@0@@@,@@@0@@@,@@@1@@@,@@@0@@@,0,6,0,0,2,0,1,1,0,@@@NO@@@,0,0)','',2,'2013-08-07'),(49147,'DELETE FROM mae_impuestos_productos WHERE pro_codigo_plu=@@@780721613@@@','',2,'2013-08-07'),(49148,'UPDATE mae_productos SET pro_precio_fiscal=pro_precio_venta WHERE pro_codigo_plu=780721613','',2,'2013-08-07'),(49149,'INSERT INTO gne_vale_ferreteria (vfe_id,vfe_fecha,vfe_total,vfe_estado,vfe_entregado,usu_nusuario) VALUES (7389,@@@2013.08.07@@@,900,1,0,@@@m_martinez@@@)','',2,'2013-08-07'),(49150,'INSERT INTO gne_vale_ferreteria_mov (vfe_id,pro_codigo_plu,vfm_cantidad,vfm_unitario,vfm_total,vfm_entregado) VALUES (7389,1602,5,180,900,@@@NO@@@)','',2,'2013-08-07'),(49151,'INSERT INTO gne_vale_ferreteria (vfe_id,vfe_fecha,vfe_total,vfe_estado,vfe_entregado,usu_nusuario) VALUES (7390,@@@2013.08.07@@@,740,1,0,@@@m_martinez@@@)','',2,'2013-08-07'),(49152,'INSERT INTO gne_vale_ferreteria_mov (vfe_id,pro_codigo_plu,vfm_cantidad,vfm_unitario,vfm_total,vfm_entregado) VALUES (7390,8022,1,120,120,@@@NO@@@)','',2,'2013-08-07'),(49153,'INSERT INTO gne_vale_ferreteria_mov (vfe_id,pro_codigo_plu,vfm_cantidad,vfm_unitario,vfm_total,vfm_entregado) VALUES (7390,21116,1,620,620,@@@NO@@@)','',2,'2013-08-07'),(49154,'INSERT INTO mae_productos (pro_codigo_plu,pro_codigo_barra,pro_tipo,pro_nombre_producto,pro_nombre_corto,med_id,emb_id,pro_unidades_embalaje,dep_id,lin_id,mar_id,pro_precio_compra_neto,pro_precio_compra_bruto,pro_precio_venta,pro_margen_actual,pro_oferta,pro_fecha_inicio_oferta,pro_fecha_termino_oferta,pro_precio_oferta,pro_stock_minimo,pro_stock_critico,pro_entradas_bodega,pro_salidas_bodega,pro_mermas_bodega,pro_ajustes_bodega,pro_entradas_sv,pro_salidas_sv,pro_mermas_sv,pro_ajustes_sv,pro_activo,rec_numero,pro_unidad,pro_capacidad,pro_consumo_bodega,pro_consumo_sv,pro_estado,pro_funcion_plu,pro_flejes,pro_iva,pro_plu_asociado,pro_envase,pro_duracion,pro_numero_etiqueta) VALUES (780721614,@@@201106141110@@@,@@@0@@@,@@@CARS X 6@@@,@@@CARS X 6@@@,@@@1 @@@,@@@9 @@@,@@@1@@@,@@@23 @@@,@@@135@@@,@@@2507@@@,@@@0@@@,@@@0@@@,@@@1490@@@,@@@0@@@,@@@@@@,@@@2013.08.07@@@,@@@2013.08.07@@@,@@@0@@@,@@@2@@@,@@@1@@@,@@@0@@@,@@@0@@@,@@@0@@@,@@@0@@@,@@@0@@@,@@@0@@@,@@@0@@@,@@@0@@@,@@@1@@@,@@@0@@@,0,6,0,0,2,0,1,1,0,@@@NO@@@,0,0)','',2,'2013-08-07'),(49155,'DELETE FROM mae_impuestos_productos WHERE pro_codigo_plu=@@@780721614@@@','',2,'2013-08-07'),(49156,'UPDATE mae_productos SET pro_precio_fiscal=pro_precio_venta WHERE pro_codigo_plu=780721614','',2,'2013-08-07'),(49157,'INSERT INTO gne_vale_ferreteria (vfe_id,vfe_fecha,vfe_total,vfe_estado,vfe_entregado,usu_nusuario) VALUES (7391,@@@2013.08.07@@@,2270,1,0,@@@admin@@@)','',2,'2013-08-07'),(49158,'INSERT INTO gne_vale_ferreteria_mov (vfe_id,pro_codigo_plu,vfm_cantidad,vfm_unitario,vfm_total,vfm_entregado) VALUES (7391,765000,2,390,780,@@@NO@@@)','',2,'2013-08-07'),(49159,'INSERT INTO gne_vale_ferreteria_mov (vfe_id,pro_codigo_plu,vfm_cantidad,vfm_unitario,vfm_total,vfm_entregado) VALUES (7391,780721614,1,1490,1490,@@@NO@@@)','',2,'2013-08-07'),(49160,'INSERT INTO gne_vale_ferreteria (vfe_id,vfe_fecha,vfe_total,vfe_estado,vfe_entregado,usu_nusuario) VALUES (7392,@@@2013.08.07@@@,680,1,0,@@@admin@@@)','',2,'2013-08-07'),(49161,'INSERT INTO gne_vale_ferreteria_mov (vfe_id,pro_codigo_plu,vfm_cantidad,vfm_unitario,vfm_total,vfm_entregado) VALUES (7392,763789,2,340,680,@@@NO@@@)','',2,'2013-08-07'),(49162,'INSERT INTO gne_vale_ferreteria (vfe_id,vfe_fecha,vfe_total,vfe_estado,vfe_entregado,usu_nusuario) VALUES (7393,@@@2013.08.07@@@,490,1,0,@@@admin@@@)','',2,'2013-08-07'),(49163,'INSERT INTO gne_vale_ferreteria_mov (vfe_id,pro_codigo_plu,vfm_cantidad,vfm_unitario,vfm_total,vfm_entregado) VALUES (7393,78017198,1,490,490,@@@NO@@@)','',2,'2013-08-07'),(49164,'INSERT INTO gne_vale_ferreteria (vfe_id,vfe_fecha,vfe_total,vfe_estado,vfe_entregado,usu_nusuario) VALUES (7394,@@@2013.08.07@@@,500,1,0,@@@admin@@@)','',2,'2013-08-07'),(49165,'INSERT INTO gne_vale_ferreteria_mov (vfe_id,pro_codigo_plu,vfm_cantidad,vfm_unitario,vfm_total,vfm_entregado) VALUES (7394,770000,5,50,250,@@@NO@@@)','',2,'2013-08-07'),(49166,'INSERT INTO gne_vale_ferreteria_mov (vfe_id,pro_codigo_plu,vfm_cantidad,vfm_unitario,vfm_total,vfm_entregado) VALUES (7394,780721387,1,130,130,@@@NO@@@)','',2,'2013-08-07'),(49167,'INSERT INTO gne_vale_ferreteria_mov (vfe_id,pro_codigo_plu,vfm_cantidad,vfm_unitario,vfm_total,vfm_entregado) VALUES (7394,78017204,1,120,120,@@@NO@@@)','',2,'2013-08-07'),(49168,'INSERT INTO gne_vale_ferreteria (vfe_id,vfe_fecha,vfe_total,vfe_estado,vfe_entregado,usu_nusuario) VALUES (7395,@@@2013.08.07@@@,2990,1,0,@@@admin@@@)','',2,'2013-08-07'),(49169,'INSERT INTO gne_vale_ferreteria_mov (vfe_id,pro_codigo_plu,vfm_cantidad,vfm_unitario,vfm_total,vfm_entregado) VALUES (7395,78016970,1,2990,2990,@@@NO@@@)','',2,'2013-08-07'),(49170,'INSERT INTO gne_vale_ferreteria (vfe_id,vfe_fecha,vfe_total,vfe_estado,vfe_entregado,usu_nusuario) VALUES (7396,@@@2013.08.07@@@,710,1,0,@@@admin@@@)','',2,'2013-08-07'),(49171,'INSERT INTO gne_vale_ferreteria_mov (vfe_id,pro_codigo_plu,vfm_cantidad,vfm_unitario,vfm_total,vfm_entregado) VALUES (7396,764255,1,400,400,@@@NO@@@)','',2,'2013-08-07'),(49172,'INSERT INTO gne_vale_ferreteria_mov (vfe_id,pro_codigo_plu,vfm_cantidad,vfm_unitario,vfm_total,vfm_entregado) VALUES (7396,16420,1,160,160,@@@NO@@@)','',2,'2013-08-07'),(49173,'INSERT INTO gne_vale_ferreteria_mov (vfe_id,pro_codigo_plu,vfm_cantidad,vfm_unitario,vfm_total,vfm_entregado) VALUES (7396,770035,1,150,150,@@@NO@@@)','',2,'2013-08-07'),(49174,'UPDATE mae_datos_empresa SET emp_oferta=@@@SI@@@,emp_descuento=15','',2,'2013-08-07'),(49175,'UPDATE mae_departamento SET dep_oferta=@@@NO@@@ WHERE dep_id=1','',2,'2013-08-07'),(49176,'UPDATE mae_departamento SET dep_oferta=@@@NO@@@ WHERE dep_id=2','',2,'2013-08-07'),(49177,'UPDATE mae_departamento SET dep_oferta=@@@NO@@@ WHERE dep_id=3','',2,'2013-08-07'),(49178,'UPDATE mae_departamento SET dep_oferta=@@@NO@@@ WHERE dep_id=4','',2,'2013-08-07'),(49179,'UPDATE mae_departamento SET dep_oferta=@@@NO@@@ WHERE dep_id=5','',2,'2013-08-07'),(49180,'UPDATE mae_departamento SET dep_oferta=@@@NO@@@ WHERE dep_id=6','',2,'2013-08-07'),(49181,'UPDATE mae_departamento SET dep_oferta=@@@NO@@@ WHERE dep_id=7','',2,'2013-08-07'),(49182,'UPDATE mae_departamento SET dep_oferta=@@@NO@@@ WHERE dep_id=8','',2,'2013-08-07'),(49183,'UPDATE mae_departamento SET dep_oferta=@@@NO@@@ WHERE dep_id=9','',2,'2013-08-07'),(49184,'UPDATE mae_departamento SET dep_oferta=@@@NO@@@ WHERE dep_id=10','',2,'2013-08-07'),(49185,'UPDATE mae_departamento SET dep_oferta=@@@NO@@@ WHERE dep_id=11','',2,'2013-08-07'),(49186,'UPDATE mae_departamento SET dep_oferta=@@@NO@@@ WHERE dep_id=12','',2,'2013-08-07'),(49187,'UPDATE mae_departamento SET dep_oferta=@@@NO@@@ WHERE dep_id=13','',2,'2013-08-07'),(49188,'UPDATE mae_departamento SET dep_oferta=@@@NO@@@ WHERE dep_id=14','',2,'2013-08-07'),(49189,'UPDATE mae_departamento SET dep_oferta=@@@NO@@@ WHERE dep_id=15','',2,'2013-08-07'),(49190,'UPDATE mae_departamento SET dep_oferta=@@@NO@@@ WHERE dep_id=16','',2,'2013-08-07'),(49191,'UPDATE mae_departamento SET dep_oferta=@@@NO@@@ WHERE dep_id=17','',2,'2013-08-07'),(49192,'UPDATE mae_departamento SET dep_oferta=@@@NO@@@ WHERE dep_id=18','',2,'2013-08-07'),(49193,'UPDATE mae_departamento SET dep_oferta=@@@NO@@@ WHERE dep_id=19','',2,'2013-08-07'),(49194,'UPDATE mae_departamento SET dep_oferta=@@@NO@@@ WHERE dep_id=20','',2,'2013-08-07'),(49195,'UPDATE mae_departamento SET dep_oferta=@@@NO@@@ WHERE dep_id=21','',2,'2013-08-07'),(49196,'UPDATE mae_departamento SET dep_oferta=@@@NO@@@ WHERE dep_id=22','',2,'2013-08-07'),(49197,'UPDATE mae_departamento SET dep_oferta=@@@SI@@@ WHERE dep_id=23','',2,'2013-08-07'),(49198,'UPDATE mae_departamento SET dep_oferta=@@@NO@@@ WHERE dep_id=24','',2,'2013-08-07'),(49199,'UPDATE mae_departamento SET dep_oferta=@@@NO@@@ WHERE dep_id=25','',2,'2013-08-07'),(49200,'UPDATE mae_departamento SET dep_oferta=@@@NO@@@ WHERE dep_id=26','',2,'2013-08-07'),(49201,'UPDATE mae_departamento SET dep_oferta=@@@NO@@@ WHERE dep_id=27','',2,'2013-08-07'),(49202,'UPDATE mae_departamento SET dep_oferta=@@@NO@@@ WHERE dep_id=28','',2,'2013-08-07'),(49203,'UPDATE mae_departamento SET dep_oferta=@@@NO@@@ WHERE dep_id=29','',2,'2013-08-07'),(49204,'UPDATE mae_departamento SET dep_oferta=@@@NO@@@ WHERE dep_id=30','',2,'2013-08-07'),(49205,'UPDATE mae_departamento SET dep_oferta=@@@NO@@@ WHERE dep_id=31','',2,'2013-08-07'),(49206,'UPDATE mae_departamento SET dep_oferta=@@@NO@@@ WHERE dep_id=32','',2,'2013-08-07'),(49207,'UPDATE mae_departamento SET dep_oferta=@@@NO@@@ WHERE dep_id=33','',2,'2013-08-07'),(49208,'UPDATE mae_departamento SET dep_oferta=@@@NO@@@ WHERE dep_id=34','',2,'2013-08-07'),(49209,'UPDATE mae_departamento SET dep_oferta=@@@NO@@@ WHERE dep_id=35','',2,'2013-08-07'),(49210,'UPDATE mae_departamento SET dep_oferta=@@@NO@@@ WHERE dep_id=36','',2,'2013-08-07'),(49211,'UPDATE mae_departamento SET dep_oferta=@@@NO@@@ WHERE dep_id=37','',2,'2013-08-07'),(49212,'UPDATE mae_departamento SET dep_oferta=@@@NO@@@ WHERE dep_id=38','',2,'2013-08-07'),(49213,'UPDATE mae_departamento SET dep_oferta=@@@NO@@@ WHERE dep_id=39','',2,'2013-08-07'),(49214,'UPDATE mae_departamento SET dep_oferta=@@@NO@@@ WHERE dep_id=40','',2,'2013-08-07'),(49215,'UPDATE mae_departamento SET dep_oferta=@@@NO@@@ WHERE dep_id=41','',2,'2013-08-07'),(49216,'UPDATE mae_departamento SET dep_oferta=@@@NO@@@ WHERE dep_id=42','',2,'2013-08-07'),(49217,'UPDATE mae_departamento SET dep_oferta=@@@NO@@@ WHERE dep_id=43','',2,'2013-08-07'),(49218,'UPDATE mae_departamento SET dep_oferta=@@@NO@@@ WHERE dep_id=44','',2,'2013-08-07'),(49219,'INSERT INTO gne_vale_ferreteria (vfe_id,vfe_fecha,vfe_total,vfe_estado,vfe_entregado,usu_nusuario) VALUES (7397,@@@2013.08.07@@@,1120,1,0,@@@admin@@@)','',2,'2013-08-07'),(49220,'INSERT INTO gne_vale_ferreteria_mov (vfe_id,pro_codigo_plu,vfm_cantidad,vfm_unitario,vfm_total,vfm_entregado) VALUES (7397,770001,4,80,320,@@@NO@@@)','',2,'2013-08-07'),(49221,'INSERT INTO gne_vale_ferreteria_mov (vfe_id,pro_codigo_plu,vfm_cantidad,vfm_unitario,vfm_total,vfm_entregado) VALUES (7397,78017155,1,450,450,@@@NO@@@)','',2,'2013-08-07'),(49222,'INSERT INTO gne_vale_ferreteria_mov (vfe_id,pro_codigo_plu,vfm_cantidad,vfm_unitario,vfm_total,vfm_entregado) VALUES (7397,78017015,1,150,150,@@@NO@@@)','',2,'2013-08-07'),(49223,'INSERT INTO gne_vale_ferreteria_mov (vfe_id,pro_codigo_plu,vfm_cantidad,vfm_unitario,vfm_total,vfm_entregado) VALUES (7397,763592,1,200,200,@@@NO@@@)','',2,'2013-08-07'),(49224,'INSERT INTO gne_vale_ferreteria (vfe_id,vfe_fecha,vfe_total,vfe_estado,vfe_entregado,usu_nusuario) VALUES (7398,@@@2013.08.07@@@,2590,1,0,@@@admin@@@)','',2,'2013-08-07'),(49225,'INSERT INTO gne_vale_ferreteria_mov (vfe_id,pro_codigo_plu,vfm_cantidad,vfm_unitario,vfm_total,vfm_entregado) VALUES (7398,763760,1,2590,2590,@@@NO@@@)','',2,'2013-08-07'),(49226,'INSERT INTO gne_vale_ferreteria (vfe_id,vfe_fecha,vfe_total,vfe_estado,vfe_entregado,usu_nusuario) VALUES (7399,@@@2013.08.07@@@,300,1,0,@@@admin@@@)','',2,'2013-08-07'),(49227,'INSERT INTO gne_vale_ferreteria_mov (vfe_id,pro_codigo_plu,vfm_cantidad,vfm_unitario,vfm_total,vfm_entregado) VALUES (7399,770065,3,100,300,@@@NO@@@)','',2,'2013-08-07'),(49228,'INSERT INTO gne_vale_ferreteria (vfe_id,vfe_fecha,vfe_total,vfe_estado,vfe_entregado,usu_nusuario) VALUES (7400,@@@2013.08.07@@@,690,1,0,@@@admin@@@)','',2,'2013-08-07'),(49229,'INSERT INTO gne_vale_ferreteria_mov (vfe_id,pro_codigo_plu,vfm_cantidad,vfm_unitario,vfm_total,vfm_entregado) VALUES (7400,4082,1,690,690,@@@NO@@@)','',2,'2013-08-07'),(49230,'INSERT INTO gne_vale_ferreteria (vfe_id,vfe_fecha,vfe_total,vfe_estado,vfe_entregado,usu_nusuario) VALUES (7401,@@@2013.08.07@@@,1450,1,0,@@@admin@@@)','',2,'2013-08-07'),(49231,'INSERT INTO gne_vale_ferreteria_mov (vfe_id,pro_codigo_plu,vfm_cantidad,vfm_unitario,vfm_total,vfm_entregado) VALUES (7401,15668,1,1450,1450,@@@NO@@@)','',2,'2013-08-07'),(49232,'INSERT INTO gne_vale_ferreteria (vfe_id,vfe_fecha,vfe_total,vfe_estado,vfe_entregado,usu_nusuario) VALUES (7402,@@@2013.08.07@@@,1080,1,0,@@@admin@@@)','',2,'2013-08-07'),(49233,'INSERT INTO gne_vale_ferreteria_mov (vfe_id,pro_codigo_plu,vfm_cantidad,vfm_unitario,vfm_total,vfm_entregado) VALUES (7402,19916,2,540,1080,@@@NO@@@)','',2,'2013-08-07'),(49234,'INSERT INTO gne_vale_ferreteria (vfe_id,vfe_fecha,vfe_total,vfe_estado,vfe_entregado,usu_nusuario) VALUES (7403,@@@2013.08.07@@@,300,1,0,@@@admin@@@)','',2,'2013-08-07'),(49235,'INSERT INTO gne_vale_ferreteria_mov (vfe_id,pro_codigo_plu,vfm_cantidad,vfm_unitario,vfm_total,vfm_entregado) VALUES (7403,780721221,1,300,300,@@@NO@@@)','',2,'2013-08-07'),(49236,'INSERT INTO gne_vale_ferreteria (vfe_id,vfe_fecha,vfe_total,vfe_estado,vfe_entregado,usu_nusuario) VALUES (7404,@@@2013.08.07@@@,100,1,0,@@@admin@@@)','',2,'2013-08-07'),(49237,'INSERT INTO gne_vale_ferreteria_mov (vfe_id,pro_codigo_plu,vfm_cantidad,vfm_unitario,vfm_total,vfm_entregado) VALUES (7404,770065,1,100,100,@@@NO@@@)','',2,'2013-08-07'),(49238,'INSERT INTO gne_vale_ferreteria (vfe_id,vfe_fecha,vfe_total,vfe_estado,vfe_entregado,usu_nusuario) VALUES (7405,@@@2013.08.07@@@,890,1,0,@@@admin@@@)','',2,'2013-08-07'),(49239,'INSERT INTO gne_vale_ferreteria_mov (vfe_id,pro_codigo_plu,vfm_cantidad,vfm_unitario,vfm_total,vfm_entregado) VALUES (7405,11597,1,890,890,@@@NO@@@)','',2,'2013-08-07'),(49240,'INSERT INTO gne_vale_ferreteria (vfe_id,vfe_fecha,vfe_total,vfe_estado,vfe_entregado,usu_nusuario) VALUES (7406,@@@2013.08.07@@@,350,1,0,@@@admin@@@)','',2,'2013-08-07'),(49241,'INSERT INTO gne_vale_ferreteria_mov (vfe_id,pro_codigo_plu,vfm_cantidad,vfm_unitario,vfm_total,vfm_entregado) VALUES (7406,1017,1,350,350,@@@NO@@@)','',2,'2013-08-07'),(49242,'INSERT INTO gne_vale_ferreteria (vfe_id,vfe_fecha,vfe_total,vfe_estado,vfe_entregado,usu_nusuario) VALUES (7407,@@@2013.08.07@@@,200,1,0,@@@admin@@@)','',2,'2013-08-07'),(49243,'INSERT INTO gne_vale_ferreteria_mov (vfe_id,pro_codigo_plu,vfm_cantidad,vfm_unitario,vfm_total,vfm_entregado) VALUES (7407,770065,2,100,200,@@@NO@@@)','',2,'2013-08-07'),(49244,'INSERT INTO gne_vale_ferreteria (vfe_id,vfe_fecha,vfe_total,vfe_estado,vfe_entregado,usu_nusuario) VALUES (7408,@@@2013.08.07@@@,370,1,0,@@@admin@@@)','',2,'2013-08-07'),(49245,'INSERT INTO gne_vale_ferreteria_mov (vfe_id,pro_codigo_plu,vfm_cantidad,vfm_unitario,vfm_total,vfm_entregado) VALUES (7408,764135,1,200,200,@@@NO@@@)','',2,'2013-08-07'),(49246,'INSERT INTO gne_vale_ferreteria_mov (vfe_id,pro_codigo_plu,vfm_cantidad,vfm_unitario,vfm_total,vfm_entregado) VALUES (7408,770036,1,170,170,@@@NO@@@)','',2,'2013-08-07'),(49247,'INSERT INTO gne_vale_ferreteria (vfe_id,vfe_fecha,vfe_total,vfe_estado,vfe_entregado,usu_nusuario) VALUES (7409,@@@2013.08.07@@@,50,1,0,@@@admin@@@)','',2,'2013-08-07'),(49248,'INSERT INTO gne_vale_ferreteria_mov (vfe_id,pro_codigo_plu,vfm_cantidad,vfm_unitario,vfm_total,vfm_entregado) VALUES (7409,78017027,1,50,50,@@@NO@@@)','',2,'2013-08-07'),(49249,'INSERT INTO gne_vale_ferreteria (vfe_id,vfe_fecha,vfe_total,vfe_estado,vfe_entregado,usu_nusuario) VALUES (7410,@@@2013.08.07@@@,220,1,0,@@@admin@@@)','',2,'2013-08-07'),(49250,'INSERT INTO gne_vale_ferreteria_mov (vfe_id,pro_codigo_plu,vfm_cantidad,vfm_unitario,vfm_total,vfm_entregado) VALUES (7410,8022,1,120,120,@@@NO@@@)','',2,'2013-08-07'),(49251,'INSERT INTO gne_vale_ferreteria_mov (vfe_id,pro_codigo_plu,vfm_cantidad,vfm_unitario,vfm_total,vfm_entregado) VALUES (7410,770065,1,100,100,@@@NO@@@)','',2,'2013-08-07'),(49252,'INSERT INTO gne_vale_ferreteria (vfe_id,vfe_fecha,vfe_total,vfe_estado,vfe_entregado,usu_nusuario) VALUES (7411,@@@2013.08.07@@@,1560,1,0,@@@admin@@@)','',2,'2013-08-07'),(49253,'INSERT INTO gne_vale_ferreteria_mov (vfe_id,pro_codigo_plu,vfm_cantidad,vfm_unitario,vfm_total,vfm_entregado) VALUES (7411,78017124,4,390,1560,@@@NO@@@)','',2,'2013-08-07'),(49254,'INSERT INTO gne_vale_ferreteria (vfe_id,vfe_fecha,vfe_total,vfe_estado,vfe_entregado,usu_nusuario) VALUES (7412,@@@2013.08.07@@@,50,1,0,@@@admin@@@)','',2,'2013-08-07'),(49255,'INSERT INTO gne_vale_ferreteria_mov (vfe_id,pro_codigo_plu,vfm_cantidad,vfm_unitario,vfm_total,vfm_entregado) VALUES (7412,78017027,1,50,50,@@@NO@@@)','',2,'2013-08-07'),(49256,'INSERT INTO gne_vale_ferreteria (vfe_id,vfe_fecha,vfe_total,vfe_estado,vfe_entregado,usu_nusuario) VALUES (7413,@@@2013.08.07@@@,520,1,0,@@@admin@@@)','',2,'2013-08-07'),(49257,'INSERT INTO gne_vale_ferreteria_mov (vfe_id,pro_codigo_plu,vfm_cantidad,vfm_unitario,vfm_total,vfm_entregado) VALUES (7413,770001,5,80,400,@@@NO@@@)','',2,'2013-08-07'),(49258,'INSERT INTO gne_vale_ferreteria_mov (vfe_id,pro_codigo_plu,vfm_cantidad,vfm_unitario,vfm_total,vfm_entregado) VALUES (7413,8022,1,120,120,@@@NO@@@)','',2,'2013-08-07'),(49259,'INSERT INTO gne_vale_ferreteria (vfe_id,vfe_fecha,vfe_total,vfe_estado,vfe_entregado,usu_nusuario) VALUES (7414,@@@2013.08.07@@@,1890,1,0,@@@admin@@@)','',2,'2013-08-07'),(49260,'INSERT INTO gne_vale_ferreteria_mov (vfe_id,pro_codigo_plu,vfm_cantidad,vfm_unitario,vfm_total,vfm_entregado) VALUES (7414,78016984,1,1890,1890,@@@NO@@@)','',2,'2013-08-07'),(49261,'INSERT INTO gne_vale_ferreteria (vfe_id,vfe_fecha,vfe_total,vfe_estado,vfe_entregado,usu_nusuario) VALUES (7415,@@@2013.08.07@@@,570,1,0,@@@admin@@@)','',2,'2013-08-07'),(49262,'INSERT INTO gne_vale_ferreteria_mov (vfe_id,pro_codigo_plu,vfm_cantidad,vfm_unitario,vfm_total,vfm_entregado) VALUES (7415,78017008,1,120,120,@@@NO@@@)','',2,'2013-08-07'),(49263,'INSERT INTO gne_vale_ferreteria_mov (vfe_id,pro_codigo_plu,vfm_cantidad,vfm_unitario,vfm_total,vfm_entregado) VALUES (7415,78017007,1,120,120,@@@NO@@@)','',2,'2013-08-07'),(49264,'INSERT INTO gne_vale_ferreteria_mov (vfe_id,pro_codigo_plu,vfm_cantidad,vfm_unitario,vfm_total,vfm_entregado) VALUES (7415,764507,1,330,330,@@@NO@@@)','',2,'2013-08-07'),(49265,'INSERT INTO gne_vale_ferreteria (vfe_id,vfe_fecha,vfe_total,vfe_estado,vfe_entregado,usu_nusuario) VALUES (7416,@@@2013.08.07@@@,600,1,0,@@@admin@@@)','',2,'2013-08-07'),(49266,'INSERT INTO gne_vale_ferreteria_mov (vfe_id,pro_codigo_plu,vfm_cantidad,vfm_unitario,vfm_total,vfm_entregado) VALUES (7416,780721220,2,300,600,@@@NO@@@)','',2,'2013-08-07'),(49267,'INSERT INTO gne_vale_ferreteria (vfe_id,vfe_fecha,vfe_total,vfe_estado,vfe_entregado,usu_nusuario) VALUES (7417,@@@2013.08.07@@@,220,1,0,@@@admin@@@)','',2,'2013-08-07'),(49268,'INSERT INTO gne_vale_ferreteria_mov (vfe_id,pro_codigo_plu,vfm_cantidad,vfm_unitario,vfm_total,vfm_entregado) VALUES (7417,8022,1,120,120,@@@NO@@@)','',2,'2013-08-07'),(49269,'INSERT INTO gne_vale_ferreteria_mov (vfe_id,pro_codigo_plu,vfm_cantidad,vfm_unitario,vfm_total,vfm_entregado) VALUES (7417,770065,1,100,100,@@@NO@@@)','',2,'2013-08-07'),(49270,'INSERT INTO gne_vale_ferreteria (vfe_id,vfe_fecha,vfe_total,vfe_estado,vfe_entregado,usu_nusuario) VALUES (7418,@@@2013.08.07@@@,590,1,0,@@@admin@@@)','',2,'2013-08-07'),(49271,'INSERT INTO gne_vale_ferreteria_mov (vfe_id,pro_codigo_plu,vfm_cantidad,vfm_unitario,vfm_total,vfm_entregado) VALUES (7418,4098,1,590,590,@@@NO@@@)','',2,'2013-08-07'),(49272,'INSERT INTO gne_vale_ferreteria (vfe_id,vfe_fecha,vfe_total,vfe_estado,vfe_entregado,usu_nusuario) VALUES (7419,@@@2013.08.07@@@,1180,1,0,@@@admin@@@)','',2,'2013-08-07'),(49273,'INSERT INTO gne_vale_ferreteria_mov (vfe_id,pro_codigo_plu,vfm_cantidad,vfm_unitario,vfm_total,vfm_entregado) VALUES (7419,4098,2,590,1180,@@@NO@@@)','',2,'2013-08-07'),(49274,'INSERT INTO gne_vale_ferreteria (vfe_id,vfe_fecha,vfe_total,vfe_estado,vfe_entregado,usu_nusuario) VALUES (7420,@@@2013.08.07@@@,1000,1,0,@@@admin@@@)','',2,'2013-08-07'),(49275,'INSERT INTO gne_vale_ferreteria_mov (vfe_id,pro_codigo_plu,vfm_cantidad,vfm_unitario,vfm_total,vfm_entregado) VALUES (7420,770039,4,200,800,@@@NO@@@)','',2,'2013-08-07'),(49276,'INSERT INTO gne_vale_ferreteria_mov (vfe_id,pro_codigo_plu,vfm_cantidad,vfm_unitario,vfm_total,vfm_entregado) VALUES (7420,764833,20,10,200,@@@NO@@@)','',2,'2013-08-07'),(49277,'INSERT INTO gne_vale_ferreteria (vfe_id,vfe_fecha,vfe_total,vfe_estado,vfe_entregado,usu_nusuario) VALUES (7421,@@@2013.08.07@@@,1680,1,0,@@@admin@@@)','',2,'2013-08-07'),(49278,'INSERT INTO gne_vale_ferreteria_mov (vfe_id,pro_codigo_plu,vfm_cantidad,vfm_unitario,vfm_total,vfm_entregado) VALUES (7421,4114,1,1290,1290,@@@NO@@@)','',2,'2013-08-07'),(49279,'INSERT INTO gne_vale_ferreteria_mov (vfe_id,pro_codigo_plu,vfm_cantidad,vfm_unitario,vfm_total,vfm_entregado) VALUES (7421,102455,3,130,390,@@@NO@@@)','',2,'2013-08-07'),(49280,'INSERT INTO gne_vale_ferreteria (vfe_id,vfe_fecha,vfe_total,vfe_estado,vfe_entregado,usu_nusuario) VALUES (7422,@@@2013.08.07@@@,2499,1,0,@@@admin@@@)','',2,'2013-08-07'),(49281,'INSERT INTO gne_vale_ferreteria_mov (vfe_id,pro_codigo_plu,vfm_cantidad,vfm_unitario,vfm_total,vfm_entregado) VALUES (7422,780721389,1,1100,1100,@@@NO@@@)','',2,'2013-08-07'),(49282,'INSERT INTO gne_vale_ferreteria_mov (vfe_id,pro_codigo_plu,vfm_cantidad,vfm_unitario,vfm_total,vfm_entregado) VALUES (7422,763622,1,1399,1399,@@@NO@@@)','',2,'2013-08-07'),(49283,'INSERT INTO gne_vale_ferreteria (vfe_id,vfe_fecha,vfe_total,vfe_estado,vfe_entregado,usu_nusuario) VALUES (7423,@@@2013.08.07@@@,2749,1,0,@@@admin@@@)','',2,'2013-08-07'),(49284,'INSERT INTO gne_vale_ferreteria_mov (vfe_id,pro_codigo_plu,vfm_cantidad,vfm_unitario,vfm_total,vfm_entregado) VALUES (7423,763622,1,1399,1399,@@@NO@@@)','',2,'2013-08-07'),(49285,'INSERT INTO gne_vale_ferreteria_mov (vfe_id,pro_codigo_plu,vfm_cantidad,vfm_unitario,vfm_total,vfm_entregado) VALUES (7423,780721389,1,1100,1100,@@@NO@@@)','',2,'2013-08-07'),(49286,'INSERT INTO gne_vale_ferreteria_mov (vfe_id,pro_codigo_plu,vfm_cantidad,vfm_unitario,vfm_total,vfm_entregado) VALUES (7423,780721186,1,250,250,@@@NO@@@)','',2,'2013-08-07'),(49287,'INSERT INTO gne_vale_ferreteria (vfe_id,vfe_fecha,vfe_total,vfe_estado,vfe_entregado,usu_nusuario) VALUES (7424,@@@2013.08.07@@@,730,1,0,@@@admin@@@)','',2,'2013-08-07'),(49288,'INSERT INTO gne_vale_ferreteria_mov (vfe_id,pro_codigo_plu,vfm_cantidad,vfm_unitario,vfm_total,vfm_entregado) VALUES (7424,780220193,1,370,370,@@@NO@@@)','',2,'2013-08-07'),(49289,'INSERT INTO gne_vale_ferreteria_mov (vfe_id,pro_codigo_plu,vfm_cantidad,vfm_unitario,vfm_total,vfm_entregado) VALUES (7424,78017006,1,120,120,@@@NO@@@)','',2,'2013-08-07'),(49290,'INSERT INTO gne_vale_ferreteria_mov (vfe_id,pro_codigo_plu,vfm_cantidad,vfm_unitario,vfm_total,vfm_entregado) VALUES (7424,78017000,1,120,120,@@@NO@@@)','',2,'2013-08-07'),(49291,'INSERT INTO gne_vale_ferreteria_mov (vfe_id,pro_codigo_plu,vfm_cantidad,vfm_unitario,vfm_total,vfm_entregado) VALUES (7424,78017004,1,120,120,@@@NO@@@)','',2,'2013-08-07'),(49292,'INSERT INTO gne_vale_ferreteria (vfe_id,vfe_fecha,vfe_total,vfe_estado,vfe_entregado,usu_nusuario) VALUES (7425,@@@2013.08.07@@@,810,1,0,@@@admin@@@)','',2,'2013-08-07'),(49293,'INSERT INTO gne_vale_ferreteria_mov (vfe_id,pro_codigo_plu,vfm_cantidad,vfm_unitario,vfm_total,vfm_entregado) VALUES (7425,762000,1,690,690,@@@NO@@@)','',2,'2013-08-07'),(49294,'INSERT INTO gne_vale_ferreteria_mov (vfe_id,pro_codigo_plu,vfm_cantidad,vfm_unitario,vfm_total,vfm_entregado) VALUES (7425,8022,1,120,120,@@@NO@@@)','',2,'2013-08-07'),(49295,'INSERT INTO gne_vale_ferreteria (vfe_id,vfe_fecha,vfe_total,vfe_estado,vfe_entregado,usu_nusuario) VALUES (7426,@@@2013.08.07@@@,1000,1,0,@@@admin@@@)','',2,'2013-08-07'),(49296,'INSERT INTO gne_vale_ferreteria_mov (vfe_id,pro_codigo_plu,vfm_cantidad,vfm_unitario,vfm_total,vfm_entregado) VALUES (7426,78017201,5,200,1000,@@@NO@@@)','',2,'2013-08-07'),(49297,'INSERT INTO gne_vale_ferreteria (vfe_id,vfe_fecha,vfe_total,vfe_estado,vfe_entregado,usu_nusuario) VALUES (7427,@@@2013.08.07@@@,1100,1,0,@@@admin@@@)','',2,'2013-08-07'),(49298,'INSERT INTO gne_vale_ferreteria_mov (vfe_id,pro_codigo_plu,vfm_cantidad,vfm_unitario,vfm_total,vfm_entregado) VALUES (7427,3100,1,450,450,@@@NO@@@)','',2,'2013-08-07'),(49299,'INSERT INTO gne_vale_ferreteria_mov (vfe_id,pro_codigo_plu,vfm_cantidad,vfm_unitario,vfm_total,vfm_entregado) VALUES (7427,780721142,1,650,650,@@@NO@@@)','',2,'2013-08-07'),(49300,'INSERT INTO gne_vale_ferreteria (vfe_id,vfe_fecha,vfe_total,vfe_estado,vfe_entregado,usu_nusuario) VALUES (7428,@@@2013.08.07@@@,120,1,0,@@@admin@@@)','',2,'2013-08-07'),(49301,'INSERT INTO gne_vale_ferreteria_mov (vfe_id,pro_codigo_plu,vfm_cantidad,vfm_unitario,vfm_total,vfm_entregado) VALUES (7428,8022,1,120,120,@@@NO@@@)','',2,'2013-08-07'),(49302,'INSERT INTO gne_vale_ferreteria (vfe_id,vfe_fecha,vfe_total,vfe_estado,vfe_entregado,usu_nusuario) VALUES (7429,@@@2013.08.07@@@,220,1,0,@@@admin@@@)','',2,'2013-08-07'),(49303,'INSERT INTO gne_vale_ferreteria_mov (vfe_id,pro_codigo_plu,vfm_cantidad,vfm_unitario,vfm_total,vfm_entregado) VALUES (7429,8022,1,120,120,@@@NO@@@)','',2,'2013-08-07'),(49304,'INSERT INTO gne_vale_ferreteria_mov (vfe_id,pro_codigo_plu,vfm_cantidad,vfm_unitario,vfm_total,vfm_entregado) VALUES (7429,770065,1,100,100,@@@NO@@@)','',2,'2013-08-07'),(49305,'INSERT INTO gne_vale_ferreteria (vfe_id,vfe_fecha,vfe_total,vfe_estado,vfe_entregado,usu_nusuario) VALUES (7430,@@@2013.08.07@@@,490,1,0,@@@admin@@@)','',2,'2013-08-07'),(49306,'INSERT INTO gne_vale_ferreteria_mov (vfe_id,pro_codigo_plu,vfm_cantidad,vfm_unitario,vfm_total,vfm_entregado) VALUES (7430,78017198,1,490,490,@@@NO@@@)','',2,'2013-08-07'),(49307,'INSERT INTO gne_vale_ferreteria (vfe_id,vfe_fecha,vfe_total,vfe_estado,vfe_entregado,usu_nusuario) VALUES (7431,@@@2013.08.07@@@,3930,1,0,@@@admin@@@)','',2,'2013-08-07'),(49308,'INSERT INTO gne_vale_ferreteria_mov (vfe_id,pro_codigo_plu,vfm_cantidad,vfm_unitario,vfm_total,vfm_entregado) VALUES (7431,780721596,1,1590,1590,@@@NO@@@)','',2,'2013-08-07'),(49309,'INSERT INTO gne_vale_ferreteria_mov (vfe_id,pro_codigo_plu,vfm_cantidad,vfm_unitario,vfm_total,vfm_entregado) VALUES (7431,78017179,2,960,1920,@@@NO@@@)','',2,'2013-08-07'),(49310,'INSERT INTO gne_vale_ferreteria_mov (vfe_id,pro_codigo_plu,vfm_cantidad,vfm_unitario,vfm_total,vfm_entregado) VALUES (7431,770037,2,210,420,@@@NO@@@)','',2,'2013-08-07'),(49311,'INSERT INTO gne_vale_ferreteria (vfe_id,vfe_fecha,vfe_total,vfe_estado,vfe_entregado,usu_nusuario) VALUES (7432,@@@2013.08.07@@@,1080,1,0,@@@admin@@@)','',2,'2013-08-07'),(49312,'INSERT INTO gne_vale_ferreteria_mov (vfe_id,pro_codigo_plu,vfm_cantidad,vfm_unitario,vfm_total,vfm_entregado) VALUES (7432,19916,2,540,1080,@@@NO@@@)','',2,'2013-08-07'),(49313,'INSERT INTO gne_vale_ferreteria (vfe_id,vfe_fecha,vfe_total,vfe_estado,vfe_entregado,usu_nusuario) VALUES (7433,@@@2013.08.07@@@,1890,1,0,@@@admin@@@)','',2,'2013-08-07'),(49314,'INSERT INTO gne_vale_ferreteria_mov (vfe_id,pro_codigo_plu,vfm_cantidad,vfm_unitario,vfm_total,vfm_entregado) VALUES (7433,763609,1,1890,1890,@@@NO@@@)','',2,'2013-08-07'),(49315,'INSERT INTO gne_vale_ferreteria (vfe_id,vfe_fecha,vfe_total,vfe_estado,vfe_entregado,usu_nusuario) VALUES (7434,@@@2013.08.07@@@,200,1,0,@@@admin@@@)','',2,'2013-08-07'),(49316,'INSERT INTO gne_vale_ferreteria_mov (vfe_id,pro_codigo_plu,vfm_cantidad,vfm_unitario,vfm_total,vfm_entregado) VALUES (7434,763592,1,200,200,@@@NO@@@)','',2,'2013-08-07'),(49317,'INSERT INTO gne_vale_ferreteria (vfe_id,vfe_fecha,vfe_total,vfe_estado,vfe_entregado,usu_nusuario) VALUES (7435,@@@2013.08.07@@@,440,1,0,@@@admin@@@)','',2,'2013-08-07'),(49318,'INSERT INTO gne_vale_ferreteria_mov (vfe_id,pro_codigo_plu,vfm_cantidad,vfm_unitario,vfm_total,vfm_entregado) VALUES (7435,764254,1,440,440,@@@NO@@@)','',2,'2013-08-07'),(49319,'INSERT INTO gne_vale_ferreteria (vfe_id,vfe_fecha,vfe_total,vfe_estado,vfe_entregado,usu_nusuario) VALUES (7436,@@@2013.08.07@@@,1690,1,0,@@@admin@@@)','',2,'2013-08-07'),(49320,'INSERT INTO gne_vale_ferreteria_mov (vfe_id,pro_codigo_plu,vfm_cantidad,vfm_unitario,vfm_total,vfm_entregado) VALUES (7436,101563,1,1690,1690,@@@NO@@@)','',2,'2013-08-07'),(49321,'INSERT INTO mae_productos (pro_codigo_plu,pro_codigo_barra,pro_tipo,pro_nombre_producto,pro_nombre_corto,med_id,emb_id,pro_unidades_embalaje,dep_id,lin_id,mar_id,pro_precio_compra_neto,pro_precio_compra_bruto,pro_precio_venta,pro_margen_actual,pro_oferta,pro_fecha_inicio_oferta,pro_fecha_termino_oferta,pro_precio_oferta,pro_stock_minimo,pro_stock_critico,pro_entradas_bodega,pro_salidas_bodega,pro_mermas_bodega,pro_ajustes_bodega,pro_entradas_sv,pro_salidas_sv,pro_mermas_sv,pro_ajustes_sv,pro_activo,rec_numero,pro_unidad,pro_capacidad,pro_consumo_bodega,pro_consumo_sv,pro_estado,pro_funcion_plu,pro_flejes,pro_iva,pro_plu_asociado,pro_envase,pro_duracion,pro_numero_etiqueta) VALUES (780280050,@@@7802800503476@@@,@@@0@@@,@@@CAFE GOLD TENTACIONES AMARETTO 19G@@@,@@@CAFE GOLD TENTAC@@@,@@@1 @@@,@@@9 @@@,@@@0@@@,@@@1 @@@,@@@3@@@,@@@2507@@@,@@@0@@@,@@@180@@@,@@@240@@@,@@@33.33@@@,@@@@@@,@@@2013.08.07@@@,@@@2013.08.07@@@,@@@0@@@,@@@20@@@,@@@15@@@,@@@0@@@,@@@0@@@,@@@0@@@,@@@0@@@,@@@0@@@,@@@0@@@,@@@0@@@,@@@0@@@,@@@1@@@,@@@0@@@,0,0,0,0,2,0,1,1,0,@@@NO@@@,0,0)','',2,'2013-08-07'),(49322,'DELETE FROM mae_impuestos_productos WHERE pro_codigo_plu=@@@780280050@@@','',2,'2013-08-07'),(49323,'INSERT INTO gne_vale_ferreteria (vfe_id,vfe_fecha,vfe_total,vfe_estado,vfe_entregado,usu_nusuario) VALUES (7437,@@@2013.08.07@@@,1890,1,0,@@@admin@@@)','',2,'2013-08-07'),(49324,'INSERT INTO gne_vale_ferreteria_mov (vfe_id,pro_codigo_plu,vfm_cantidad,vfm_unitario,vfm_total,vfm_entregado) VALUES (7437,101843,1,1890,1890,@@@NO@@@)','',2,'2013-08-07'),(49325,'INSERT INTO gne_vale_ferreteria (vfe_id,vfe_fecha,vfe_total,vfe_estado,vfe_entregado,usu_nusuario) VALUES (7438,@@@2013.08.07@@@,900,1,0,@@@admin@@@)','',2,'2013-08-07'),(49326,'INSERT INTO gne_vale_ferreteria_mov (vfe_id,pro_codigo_plu,vfm_cantidad,vfm_unitario,vfm_total,vfm_entregado) VALUES (7438,763883,1,900,900,@@@NO@@@)','',2,'2013-08-07'),(49327,'INSERT INTO gne_vale_ferreteria (vfe_id,vfe_fecha,vfe_total,vfe_estado,vfe_entregado,usu_nusuario) VALUES (7439,@@@2013.08.07@@@,2900,1,0,@@@admin@@@)','',2,'2013-08-07'),(49328,'INSERT INTO gne_vale_ferreteria_mov (vfe_id,pro_codigo_plu,vfm_cantidad,vfm_unitario,vfm_total,vfm_entregado) VALUES (7439,764782,1,1850,1850,@@@NO@@@)','',2,'2013-08-07'),(49329,'INSERT INTO gne_vale_ferreteria_mov (vfe_id,pro_codigo_plu,vfm_cantidad,vfm_unitario,vfm_total,vfm_entregado) VALUES (7439,780721390,1,1050,1050,@@@NO@@@)','',2,'2013-08-07'),(49330,'INSERT INTO gne_vale_ferreteria (vfe_id,vfe_fecha,vfe_total,vfe_estado,vfe_entregado,usu_nusuario) VALUES (7440,@@@2013.08.07@@@,130,1,0,@@@admin@@@)','',2,'2013-08-07'),(49331,'INSERT INTO gne_vale_ferreteria_mov (vfe_id,pro_codigo_plu,vfm_cantidad,vfm_unitario,vfm_total,vfm_entregado) VALUES (7440,1066,1,130,130,@@@NO@@@)','',2,'2013-08-07'),(49332,'INSERT INTO gne_vale_ferreteria (vfe_id,vfe_fecha,vfe_total,vfe_estado,vfe_entregado,usu_nusuario) VALUES (7441,@@@2013.08.07@@@,490,1,0,@@@admin@@@)','',2,'2013-08-07'),(49333,'INSERT INTO gne_vale_ferreteria_mov (vfe_id,pro_codigo_plu,vfm_cantidad,vfm_unitario,vfm_total,vfm_entregado) VALUES (7441,78017198,1,490,490,@@@NO@@@)','',2,'2013-08-07'),(49334,'INSERT INTO gne_vale_ferreteria (vfe_id,vfe_fecha,vfe_total,vfe_estado,vfe_entregado,usu_nusuario) VALUES (7442,@@@2013.08.07@@@,780,1,0,@@@admin@@@)','',2,'2013-08-07'),(49335,'INSERT INTO gne_vale_ferreteria_mov (vfe_id,pro_codigo_plu,vfm_cantidad,vfm_unitario,vfm_total,vfm_entregado) VALUES (7442,780220180,1,620,620,@@@NO@@@)','',2,'2013-08-07'),(49336,'INSERT INTO gne_vale_ferreteria_mov (vfe_id,pro_codigo_plu,vfm_cantidad,vfm_unitario,vfm_total,vfm_entregado) VALUES (7442,770001,2,80,160,@@@NO@@@)','',2,'2013-08-07'),(49337,'INSERT INTO gne_vale_ferreteria (vfe_id,vfe_fecha,vfe_total,vfe_estado,vfe_entregado,usu_nusuario) VALUES (7443,@@@2013.08.07@@@,120,1,0,@@@admin@@@)','',2,'2013-08-07'),(49338,'INSERT INTO gne_vale_ferreteria_mov (vfe_id,pro_codigo_plu,vfm_cantidad,vfm_unitario,vfm_total,vfm_entregado) VALUES (7443,8022,1,120,120,@@@NO@@@)','',2,'2013-08-07'),(49339,'INSERT INTO gne_vale_ferreteria (vfe_id,vfe_fecha,vfe_total,vfe_estado,vfe_entregado,usu_nusuario) VALUES (7444,@@@2013.08.07@@@,840,1,0,@@@admin@@@)','',2,'2013-08-07'),(49340,'INSERT INTO gne_vale_ferreteria_mov (vfe_id,pro_codigo_plu,vfm_cantidad,vfm_unitario,vfm_total,vfm_entregado) VALUES (7444,11670,1,840,840,@@@NO@@@)','',2,'2013-08-07'),(49341,'INSERT INTO gne_vale_ferreteria (vfe_id,vfe_fecha,vfe_total,vfe_estado,vfe_entregado,usu_nusuario) VALUES (7445,@@@2013.08.07@@@,100,1,0,@@@admin@@@)','',2,'2013-08-07'),(49342,'INSERT INTO gne_vale_ferreteria_mov (vfe_id,pro_codigo_plu,vfm_cantidad,vfm_unitario,vfm_total,vfm_entregado) VALUES (7445,770065,1,100,100,@@@NO@@@)','',2,'2013-08-07'),(49343,'INSERT INTO gne_vale_ferreteria (vfe_id,vfe_fecha,vfe_total,vfe_estado,vfe_entregado,usu_nusuario) VALUES (7446,@@@2013.08.07@@@,350,1,0,@@@admin@@@)','',2,'2013-08-07'),(49344,'INSERT INTO gne_vale_ferreteria_mov (vfe_id,pro_codigo_plu,vfm_cantidad,vfm_unitario,vfm_total,vfm_entregado) VALUES (7446,764137,1,350,350,@@@NO@@@)','',2,'2013-08-07'),(49345,'INSERT INTO gne_vale_ferreteria (vfe_id,vfe_fecha,vfe_total,vfe_estado,vfe_entregado,usu_nusuario) VALUES (7447,@@@2013.08.07@@@,2760,1,0,@@@admin@@@)','',2,'2013-08-07'),(49346,'INSERT INTO gne_vale_ferreteria_mov (vfe_id,pro_codigo_plu,vfm_cantidad,vfm_unitario,vfm_total,vfm_entregado) VALUES (7447,2007,2,390,780,@@@NO@@@)','',2,'2013-08-07'),(49347,'INSERT INTO gne_vale_ferreteria_mov (vfe_id,pro_codigo_plu,vfm_cantidad,vfm_unitario,vfm_total,vfm_entregado) VALUES (7447,2006,1,490,490,@@@NO@@@)','',2,'2013-08-07'),(49348,'INSERT INTO gne_vale_ferreteria_mov (vfe_id,pro_codigo_plu,vfm_cantidad,vfm_unitario,vfm_total,vfm_entregado) VALUES (7447,764841,1,1490,1490,@@@NO@@@)','',2,'2013-08-07'),(49349,'INSERT INTO gne_vale_ferreteria (vfe_id,vfe_fecha,vfe_total,vfe_estado,vfe_entregado,usu_nusuario) VALUES (7448,@@@2013.08.07@@@,790,1,0,@@@admin@@@)','',2,'2013-08-07'),(49350,'INSERT INTO gne_vale_ferreteria_mov (vfe_id,pro_codigo_plu,vfm_cantidad,vfm_unitario,vfm_total,vfm_entregado) VALUES (7448,101454,1,790,790,@@@NO@@@)','',2,'2013-08-07'),(49351,'INSERT INTO gne_vale_ferreteria (vfe_id,vfe_fecha,vfe_total,vfe_estado,vfe_entregado,usu_nusuario) VALUES (7449,@@@2013.08.07@@@,260,1,0,@@@admin@@@)','',2,'2013-08-07'),(49352,'INSERT INTO gne_vale_ferreteria_mov (vfe_id,pro_codigo_plu,vfm_cantidad,vfm_unitario,vfm_total,vfm_entregado) VALUES (7449,102455,2,130,260,@@@NO@@@)','',2,'2013-08-07'),(49353,'INSERT INTO gne_vale_ferreteria (vfe_id,vfe_fecha,vfe_total,vfe_estado,vfe_entregado,usu_nusuario) VALUES (7450,@@@2013.08.07@@@,220,1,0,@@@admin@@@)','',2,'2013-08-07'),(49354,'INSERT INTO gne_vale_ferreteria_mov (vfe_id,pro_codigo_plu,vfm_cantidad,vfm_unitario,vfm_total,vfm_entregado) VALUES (7450,770065,1,100,100,@@@NO@@@)','',2,'2013-08-07'),(49355,'INSERT INTO gne_vale_ferreteria_mov (vfe_id,pro_codigo_plu,vfm_cantidad,vfm_unitario,vfm_total,vfm_entregado) VALUES (7450,8022,1,120,120,@@@NO@@@)','',2,'2013-08-07'),(49356,'INSERT INTO gne_vale_ferreteria (vfe_id,vfe_fecha,vfe_total,vfe_estado,vfe_entregado,usu_nusuario) VALUES (7451,@@@2013.08.07@@@,660,1,0,@@@admin@@@)','',2,'2013-08-07'),(49357,'INSERT INTO gne_vale_ferreteria_mov (vfe_id,pro_codigo_plu,vfm_cantidad,vfm_unitario,vfm_total,vfm_entregado) VALUES (7451,763585,2,330,660,@@@NO@@@)','',2,'2013-08-07'),(49358,'INSERT INTO gne_vale_ferreteria (vfe_id,vfe_fecha,vfe_total,vfe_estado,vfe_entregado,usu_nusuario) VALUES (7452,@@@2013.08.07@@@,50,1,0,@@@admin@@@)','',2,'2013-08-07'),(49359,'INSERT INTO gne_vale_ferreteria_mov (vfe_id,pro_codigo_plu,vfm_cantidad,vfm_unitario,vfm_total,vfm_entregado) VALUES (7452,78017146,1,50,50,@@@NO@@@)','',2,'2013-08-07'),(49360,'INSERT INTO gne_vale_ferreteria (vfe_id,vfe_fecha,vfe_total,vfe_estado,vfe_entregado,usu_nusuario) VALUES (7453,@@@2013.08.07@@@,300,1,0,@@@admin@@@)','',2,'2013-08-07'),(49361,'INSERT INTO gne_vale_ferreteria_mov (vfe_id,pro_codigo_plu,vfm_cantidad,vfm_unitario,vfm_total,vfm_entregado) VALUES (7453,780721221,1,300,300,@@@NO@@@)','',2,'2013-08-07'),(49362,'INSERT INTO gne_vale_ferreteria (vfe_id,vfe_fecha,vfe_total,vfe_estado,vfe_entregado,usu_nusuario) VALUES (7454,@@@2013.08.07@@@,1050,1,0,@@@admin@@@)','',2,'2013-08-07'),(49363,'INSERT INTO gne_vale_ferreteria_mov (vfe_id,pro_codigo_plu,vfm_cantidad,vfm_unitario,vfm_total,vfm_entregado) VALUES (7454,780721390,1,1050,1050,@@@NO@@@)','',2,'2013-08-07'),(49364,'INSERT INTO gne_vale_ferreteria (vfe_id,vfe_fecha,vfe_total,vfe_estado,vfe_entregado,usu_nusuario) VALUES (7455,@@@2013.08.07@@@,490,1,0,@@@m_martinez@@@)','',2,'2013-08-07'),(49365,'INSERT INTO gne_vale_ferreteria_mov (vfe_id,pro_codigo_plu,vfm_cantidad,vfm_unitario,vfm_total,vfm_entregado) VALUES (7455,770007,1,490,490,@@@NO@@@)','',2,'2013-08-07'),(49366,'INSERT INTO gne_vale_ferreteria (vfe_id,vfe_fecha,vfe_total,vfe_estado,vfe_entregado,usu_nusuario) VALUES (7456,@@@2013.08.07@@@,740,1,0,@@@m_martinez@@@)','',2,'2013-08-07'),(49367,'INSERT INTO gne_vale_ferreteria_mov (vfe_id,pro_codigo_plu,vfm_cantidad,vfm_unitario,vfm_total,vfm_entregado) VALUES (7456,780721487,1,590,590,@@@NO@@@)','',2,'2013-08-07'),(49368,'INSERT INTO gne_vale_ferreteria_mov (vfe_id,pro_codigo_plu,vfm_cantidad,vfm_unitario,vfm_total,vfm_entregado) VALUES (7456,2016,1,150,150,@@@NO@@@)','',2,'2013-08-07'),(49369,'INSERT INTO gne_vale_ferreteria (vfe_id,vfe_fecha,vfe_total,vfe_estado,vfe_entregado,usu_nusuario) VALUES (7457,@@@2013.08.07@@@,590,1,0,@@@m_martinez@@@)','',2,'2013-08-07'),(49370,'INSERT INTO gne_vale_ferreteria_mov (vfe_id,pro_codigo_plu,vfm_cantidad,vfm_unitario,vfm_total,vfm_entregado) VALUES (7457,764700,1,590,590,@@@NO@@@)','',2,'2013-08-07'),(49371,'INSERT INTO gne_vale_ferreteria (vfe_id,vfe_fecha,vfe_total,vfe_estado,vfe_entregado,usu_nusuario) VALUES (7458,@@@2013.08.07@@@,690,1,0,@@@m_martinez@@@)','',2,'2013-08-07'),(49372,'INSERT INTO gne_vale_ferreteria_mov (vfe_id,pro_codigo_plu,vfm_cantidad,vfm_unitario,vfm_total,vfm_entregado) VALUES (7458,762000,1,690,690,@@@NO@@@)','',2,'2013-08-07'),(49373,'INSERT INTO gne_vale_ferreteria (vfe_id,vfe_fecha,vfe_total,vfe_estado,vfe_entregado,usu_nusuario) VALUES (7459,@@@2013.08.07@@@,350,1,0,@@@m_martinez@@@)','',2,'2013-08-07'),(49374,'INSERT INTO gne_vale_ferreteria_mov (vfe_id,pro_codigo_plu,vfm_cantidad,vfm_unitario,vfm_total,vfm_entregado) VALUES (7459,780220198,1,350,350,@@@NO@@@)','',2,'2013-08-07'),(49375,'INSERT INTO gne_vale_ferreteria (vfe_id,vfe_fecha,vfe_total,vfe_estado,vfe_entregado,usu_nusuario) VALUES (7460,@@@2013.08.07@@@,1320,1,0,@@@m_martinez@@@)','',2,'2013-08-07'),(49376,'INSERT INTO gne_vale_ferreteria_mov (vfe_id,pro_codigo_plu,vfm_cantidad,vfm_unitario,vfm_total,vfm_entregado) VALUES (7460,15949,2,480,960,@@@NO@@@)','',2,'2013-08-07'),(49377,'INSERT INTO gne_vale_ferreteria_mov (vfe_id,pro_codigo_plu,vfm_cantidad,vfm_unitario,vfm_total,vfm_entregado) VALUES (7460,780721125,3,120,360,@@@NO@@@)','',2,'2013-08-07'),(49378,'INSERT INTO gne_vale_ferreteria (vfe_id,vfe_fecha,vfe_total,vfe_estado,vfe_entregado,usu_nusuario) VALUES (7461,@@@2013.08.08@@@,450,1,0,@@@b_SAEZ@@@)','',2,'2013-08-08'),(49379,'INSERT INTO gne_vale_ferreteria_mov (vfe_id,pro_codigo_plu,vfm_cantidad,vfm_unitario,vfm_total,vfm_entregado) VALUES (7461,763879,1,450,450,@@@NO@@@)','',2,'2013-08-08'),(49380,'INSERT INTO gne_vale_ferreteria (vfe_id,vfe_fecha,vfe_total,vfe_estado,vfe_entregado,usu_nusuario) VALUES (7462,@@@2013.08.08@@@,1050,1,0,@@@b_SAEZ@@@)','',2,'2013-08-08'),(49381,'INSERT INTO gne_vale_ferreteria_mov (vfe_id,pro_codigo_plu,vfm_cantidad,vfm_unitario,vfm_total,vfm_entregado) VALUES (7462,763806,1,1050,1050,@@@NO@@@)','',2,'2013-08-08'),(49382,'INSERT INTO gne_vale_ferreteria (vfe_id,vfe_fecha,vfe_total,vfe_estado,vfe_entregado,usu_nusuario) VALUES (7463,@@@2013.08.08@@@,1430,1,0,@@@b_SAEZ@@@)','',2,'2013-08-08'),(49383,'INSERT INTO gne_vale_ferreteria_mov (vfe_id,pro_codigo_plu,vfm_cantidad,vfm_unitario,vfm_total,vfm_entregado) VALUES (7463,763823,1,740,740,@@@NO@@@)','',2,'2013-08-08'),(49384,'INSERT INTO gne_vale_ferreteria_mov (vfe_id,pro_codigo_plu,vfm_cantidad,vfm_unitario,vfm_total,vfm_entregado) VALUES (7463,762000,1,690,690,@@@NO@@@)','',2,'2013-08-08'),(49385,'INSERT INTO gne_vale_ferreteria (vfe_id,vfe_fecha,vfe_total,vfe_estado,vfe_entregado,usu_nusuario) VALUES (7464,@@@2013.08.08@@@,320,1,0,@@@b_SAEZ@@@)','',2,'2013-08-08'),(49386,'INSERT INTO gne_vale_ferreteria_mov (vfe_id,pro_codigo_plu,vfm_cantidad,vfm_unitario,vfm_total,vfm_entregado) VALUES (7464,770065,2,100,200,@@@NO@@@)','',2,'2013-08-08'),(49387,'INSERT INTO gne_vale_ferreteria_mov (vfe_id,pro_codigo_plu,vfm_cantidad,vfm_unitario,vfm_total,vfm_entregado) VALUES (7464,8022,1,120,120,@@@NO@@@)','',2,'2013-08-08'),(49388,'INSERT INTO gne_vale_ferreteria (vfe_id,vfe_fecha,vfe_total,vfe_estado,vfe_entregado,usu_nusuario) VALUES (7465,@@@2013.08.08@@@,1990,1,0,@@@b_SAEZ@@@)','',2,'2013-08-08'),(49389,'INSERT INTO gne_vale_ferreteria_mov (vfe_id,pro_codigo_plu,vfm_cantidad,vfm_unitario,vfm_total,vfm_entregado) VALUES (7465,764750,1,1990,1990,@@@NO@@@)','',2,'2013-08-08'),(49390,'INSERT INTO gne_vale_ferreteria (vfe_id,vfe_fecha,vfe_total,vfe_estado,vfe_entregado,usu_nusuario) VALUES (7466,@@@2013.08.08@@@,350,1,0,@@@b_SAEZ@@@)','',2,'2013-08-08'),(49391,'INSERT INTO gne_vale_ferreteria_mov (vfe_id,pro_codigo_plu,vfm_cantidad,vfm_unitario,vfm_total,vfm_entregado) VALUES (7466,4091,1,250,250,@@@NO@@@)','',2,'2013-08-08'),(49392,'INSERT INTO gne_vale_ferreteria_mov (vfe_id,pro_codigo_plu,vfm_cantidad,vfm_unitario,vfm_total,vfm_entregado) VALUES (7466,780721427,1,100,100,@@@NO@@@)','',2,'2013-08-08'),(49393,'INSERT INTO gne_vale_ferreteria (vfe_id,vfe_fecha,vfe_total,vfe_estado,vfe_entregado,usu_nusuario) VALUES (7467,@@@2013.08.08@@@,720,1,0,@@@b_SAEZ@@@)','',2,'2013-08-08'),(49394,'INSERT INTO gne_vale_ferreteria_mov (vfe_id,pro_codigo_plu,vfm_cantidad,vfm_unitario,vfm_total,vfm_entregado) VALUES (7467,15745,4,180,720,@@@NO@@@)','',2,'2013-08-08'),(49395,'INSERT INTO gne_vale_ferreteria (vfe_id,vfe_fecha,vfe_total,vfe_estado,vfe_entregado,usu_nusuario) VALUES (7468,@@@2013.08.08@@@,200,1,0,@@@b_SAEZ@@@)','',2,'2013-08-08'),(49396,'INSERT INTO gne_vale_ferreteria_mov (vfe_id,pro_codigo_plu,vfm_cantidad,vfm_unitario,vfm_total,vfm_entregado) VALUES (7468,1556,1,200,200,@@@NO@@@)','',2,'2013-08-08'),(49397,'UPDATE mae_productos SET pro_codigo_barra=@@@532@@@,pro_tipo=@@@0@@@,pro_nombre_producto=@@@LECHUGA ESCAROLA@@@,pro_nombre_corto=@@@LECHUGA ESCAROLA@@@,med_id=@@@1@@@,emb_id=@@@1@@@,pro_unidades_embalaje=@@@1@@@,dep_id=@@@18 @@@,lin_id=@@@98@@@,mar_id=@@@2507@@@,pro_precio_compra_neto=@@@0@@@,pro_precio_compra_bruto=@@@625@@@,pro_precio_venta=@@@899@@@,pro_margen_actual=@@@43.84@@@,pro_oferta=@@@NO@@@,pro_fecha_inicio_oferta=@@@1900.01.01@@@,pro_fecha_termino_oferta=@@@1900.01.01@@@,pro_precio_oferta=@@@0@@@,pro_stock_minimo=@@@10@@@,pro_stock_critico=@@@5@@@,pro_activo=@@@1@@@,pro_unidad=@@@0@@@,pro_precio_compra_bruto=625,pro_margen_actual=43.84,pro_capacidad=1,pro_funcion_plu=0,pro_flejes=1,pro_iva=1,pro_plu_asociado=0,pro_envase=@@@NO@@@,pro_duracion=0,pro_numero_etiqueta=0 WHERE pro_codigo_plu=@@@532@@@','',2,'2013-08-08'),(49398,'UPDATE mae_productos SET pro_estado=1 WHERE pro_codigo_plu=532','',2,'2013-08-08'),(49399,'DELETE FROM mae_impuestos_productos WHERE pro_codigo_plu=@@@532@@@','',2,'2013-08-08'),(49400,'UPDATE mae_productos SET pro_codigo_barra=@@@607@@@,pro_tipo=@@@0@@@,pro_nombre_producto=@@@LECHUGA SCAROLA OFERTA@@@,pro_nombre_corto=@@@LECHUGA SCAROLA@@@,med_id=@@@1@@@,emb_id=@@@6@@@,pro_unidades_embalaje=@@@18@@@,dep_id=@@@18 @@@,lin_id=@@@98@@@,mar_id=@@@2507@@@,pro_precio_compra_neto=@@@0@@@,pro_precio_compra_bruto=@@@540@@@,pro_precio_venta=@@@850@@@,pro_margen_actual=@@@57.41@@@,pro_oferta=@@@NO@@@,pro_fecha_inicio_oferta=@@@2013.05.09@@@,pro_fecha_termino_oferta=@@@2013.05.09@@@,pro_precio_oferta=@@@0@@@,pro_stock_minimo=@@@10@@@,pro_stock_critico=@@@8@@@,pro_activo=@@@1@@@,pro_unidad=@@@0@@@,pro_precio_compra_bruto=540,pro_margen_actual=57.41,pro_capacidad=1,pro_funcion_plu=0,pro_flejes=1,pro_iva=1,pro_plu_asociado=0,pro_envase=@@@NO@@@,pro_duracion=0,pro_numero_etiqueta=0 WHERE pro_codigo_plu=@@@607@@@','',2,'2013-08-08'),(49401,'UPDATE mae_productos SET pro_estado=1 WHERE pro_codigo_plu=607','',2,'2013-08-08'),(49402,'DELETE FROM mae_impuestos_productos WHERE pro_codigo_plu=@@@607@@@','',2,'2013-08-08'),(49403,'UPDATE mae_productos SET pro_codigo_barra=@@@538@@@,pro_tipo=@@@0@@@,pro_nombre_producto=@@@MANZANA VERDE@@@,pro_nombre_corto=@@@MANZANA VERDE@@@,med_id=@@@1@@@,emb_id=@@@1@@@,pro_unidades_embalaje=@@@1@@@,dep_id=@@@18 @@@,lin_id=@@@97@@@,mar_id=@@@2507@@@,pro_precio_compra_neto=@@@0@@@,pro_precio_compra_bruto=@@@333@@@,pro_precio_venta=@@@490@@@,pro_margen_actual=@@@47.15@@@,pro_oferta=@@@NO@@@,pro_fecha_inicio_oferta=@@@1900.01.01@@@,pro_fecha_termino_oferta=@@@1900.01.01@@@,pro_precio_oferta=@@@0@@@,pro_stock_minimo=@@@10@@@,pro_stock_critico=@@@8@@@,pro_activo=@@@1@@@,pro_unidad=@@@0@@@,pro_precio_compra_bruto=333,pro_margen_actual=47.15,pro_capacidad=1,pro_funcion_plu=0,pro_flejes=1,pro_iva=1,pro_plu_asociado=0,pro_envase=@@@NO@@@,pro_duracion=0,pro_numero_etiqueta=0 WHERE pro_codigo_plu=@@@538@@@','',2,'2013-08-08'),(49404,'UPDATE mae_productos SET pro_estado=1 WHERE pro_codigo_plu=538','',2,'2013-08-08'),(49405,'DELETE FROM mae_impuestos_productos WHERE pro_codigo_plu=@@@538@@@','',2,'2013-08-08'),(49406,'UPDATE mae_productos SET pro_codigo_barra=@@@545@@@,pro_tipo=@@@0@@@,pro_nombre_producto=@@@MANZANA VERDE@@@,pro_nombre_corto=@@@MANZANA VERDE@@@,med_id=@@@1@@@,emb_id=@@@1@@@,pro_unidades_embalaje=@@@1@@@,dep_id=@@@18 @@@,lin_id=@@@97@@@,mar_id=@@@2507@@@,pro_precio_compra_neto=@@@0@@@,pro_precio_compra_bruto=@@@333@@@,pro_precio_venta=@@@490@@@,pro_margen_actual=@@@47.15@@@,pro_oferta=@@@NO@@@,pro_fecha_inicio_oferta=@@@1900.01.01@@@,pro_fecha_termino_oferta=@@@1900.01.01@@@,pro_precio_oferta=@@@0@@@,pro_stock_minimo=@@@1@@@,pro_stock_critico=@@@1@@@,pro_activo=@@@1@@@,pro_unidad=@@@0@@@,pro_precio_compra_bruto=333,pro_margen_actual=47.15,pro_capacidad=1,pro_funcion_plu=0,pro_flejes=0,pro_iva=1,pro_plu_asociado=0,pro_envase=@@@NO@@@,pro_duracion=0,pro_numero_etiqueta=0 WHERE pro_codigo_plu=@@@545@@@','',2,'2013-08-08'),(49407,'UPDATE mae_productos SET pro_estado=1 WHERE pro_codigo_plu=545','',2,'2013-08-08'),(49408,'DELETE FROM mae_impuestos_productos WHERE pro_codigo_plu=@@@545@@@','',2,'2013-08-08'),(49409,'UPDATE mae_productos SET pro_codigo_barra=@@@533@@@,pro_tipo=@@@0@@@,pro_nombre_producto=@@@LIMON IMPORTADO@@@,pro_nombre_corto=@@@LIMON IMPORTADO@@@,med_id=@@@1@@@,emb_id=@@@1@@@,pro_unidades_embalaje=@@@1@@@,dep_id=@@@18 @@@,lin_id=@@@97@@@,mar_id=@@@2507@@@,pro_precio_compra_neto=@@@0@@@,pro_precio_compra_bruto=@@@155@@@,pro_precio_venta=@@@250@@@,pro_margen_actual=@@@61.29@@@,pro_oferta=@@@NO@@@,pro_fecha_inicio_oferta=@@@1900.01.01@@@,pro_fecha_termino_oferta=@@@1900.01.01@@@,pro_precio_oferta=@@@0@@@,pro_stock_minimo=@@@10@@@,pro_stock_critico=@@@5@@@,pro_activo=@@@1@@@,pro_unidad=@@@0@@@,pro_precio_compra_bruto=155,pro_margen_actual=61.29,pro_capacidad=1,pro_funcion_plu=0,pro_flejes=1,pro_iva=1,pro_plu_asociado=0,pro_envase=@@@NO@@@,pro_duracion=0,pro_numero_etiqueta=0 WHERE pro_codigo_plu=@@@533@@@','',2,'2013-08-08'),(49410,'UPDATE mae_productos SET pro_estado=1 WHERE pro_codigo_plu=533','',2,'2013-08-08'),(49411,'DELETE FROM mae_impuestos_productos WHERE pro_codigo_plu=@@@533@@@','',2,'2013-08-08'),(49412,'UPDATE mae_productos SET pro_codigo_barra=@@@534@@@,pro_tipo=@@@0@@@,pro_nombre_producto=@@@LIMON NACIONAL GRANEL@@@,pro_nombre_corto=@@@LIMON NACIONAL G@@@,med_id=@@@1@@@,emb_id=@@@1@@@,pro_unidades_embalaje=@@@1@@@,dep_id=@@@18 @@@,lin_id=@@@97@@@,mar_id=@@@2507@@@,pro_precio_compra_neto=@@@0@@@,pro_precio_compra_bruto=@@@155@@@,pro_precio_venta=@@@250@@@,pro_margen_actual=@@@61.29@@@,pro_oferta=@@@NO@@@,pro_fecha_inicio_oferta=@@@1900.01.01@@@,pro_fecha_termino_oferta=@@@1900.01.01@@@,pro_precio_oferta=@@@0@@@,pro_stock_minimo=@@@10@@@,pro_stock_critico=@@@5@@@,pro_activo=@@@1@@@,pro_unidad=@@@0@@@,pro_precio_compra_bruto=155,pro_margen_actual=61.29,pro_capacidad=1,pro_funcion_plu=0,pro_flejes=0,pro_iva=1,pro_plu_asociado=0,pro_envase=@@@NO@@@,pro_duracion=0,pro_numero_etiqueta=0 WHERE pro_codigo_plu=@@@534@@@','',2,'2013-08-08'),(49413,'UPDATE mae_productos SET pro_estado=1 WHERE pro_codigo_plu=534','',2,'2013-08-08'),(49414,'DELETE FROM mae_impuestos_productos WHERE pro_codigo_plu=@@@534@@@','',2,'2013-08-08'),(49415,'UPDATE mae_productos SET pro_codigo_barra=@@@530@@@,pro_tipo=@@@0@@@,pro_nombre_producto=@@@KIWI@@@,pro_nombre_corto=@@@KIWI@@@,med_id=@@@1@@@,emb_id=@@@1@@@,pro_unidades_embalaje=@@@1@@@,dep_id=@@@18 @@@,lin_id=@@@97@@@,mar_id=@@@2507@@@,pro_precio_compra_neto=@@@0@@@,pro_precio_compra_bruto=@@@222@@@,pro_precio_venta=@@@399@@@,pro_margen_actual=@@@79.73@@@,pro_oferta=@@@NO@@@,pro_fecha_inicio_oferta=@@@1900.01.01@@@,pro_fecha_termino_oferta=@@@1900.01.01@@@,pro_precio_oferta=@@@0@@@,pro_stock_minimo=@@@1@@@,pro_stock_critico=@@@1@@@,pro_activo=@@@1@@@,pro_unidad=@@@0@@@,pro_precio_compra_bruto=222,pro_margen_actual=79.73,pro_capacidad=1,pro_funcion_plu=0,pro_flejes=0,pro_iva=1,pro_plu_asociado=0,pro_envase=@@@NO@@@,pro_duracion=0,pro_numero_etiqueta=0 WHERE pro_codigo_plu=@@@530@@@','',2,'2013-08-08'),(49416,'UPDATE mae_productos SET pro_estado=1 WHERE pro_codigo_plu=530','',2,'2013-08-08'),(49417,'DELETE FROM mae_impuestos_productos WHERE pro_codigo_plu=@@@530@@@','',2,'2013-08-08'),(49418,'UPDATE mae_productos SET pro_codigo_barra=@@@579@@@,pro_tipo=@@@0@@@,pro_nombre_producto=@@@TOMATE PRIMERA@@@,pro_nombre_corto=@@@TOMATE PRIMERA@@@,med_id=@@@1@@@,emb_id=@@@1@@@,pro_unidades_embalaje=@@@1@@@,dep_id=@@@18 @@@,lin_id=@@@97@@@,mar_id=@@@2507@@@,pro_precio_compra_neto=@@@0@@@,pro_precio_compra_bruto=@@@543@@@,pro_precio_venta=@@@850@@@,pro_margen_actual=@@@56.54@@@,pro_oferta=@@@NO@@@,pro_fecha_inicio_oferta=@@@1900.01.01@@@,pro_fecha_termino_oferta=@@@1900.01.01@@@,pro_precio_oferta=@@@0@@@,pro_stock_minimo=@@@1@@@,pro_stock_critico=@@@1@@@,pro_activo=@@@1@@@,pro_unidad=@@@0@@@,pro_precio_compra_bruto=543,pro_margen_actual=56.54,pro_capacidad=1,pro_funcion_plu=0,pro_flejes=0,pro_iva=1,pro_plu_asociado=0,pro_envase=@@@NO@@@,pro_duracion=0,pro_numero_etiqueta=0 WHERE pro_codigo_plu=@@@579@@@','',2,'2013-08-08'),(49419,'UPDATE mae_productos SET pro_estado=1 WHERE pro_codigo_plu=579','',2,'2013-08-08'),(49420,'DELETE FROM mae_impuestos_productos WHERE pro_codigo_plu=@@@579@@@','',2,'2013-08-08'),(49421,'UPDATE mae_productos SET pro_codigo_barra=@@@580@@@,pro_tipo=@@@0@@@,pro_nombre_producto=@@@TOMATE PRIMERA GRANEL@@@,pro_nombre_corto=@@@TOMATE PRIMERA G@@@,med_id=@@@1@@@,emb_id=@@@1@@@,pro_unidades_embalaje=@@@1@@@,dep_id=@@@18 @@@,lin_id=@@@97@@@,mar_id=@@@2507@@@,pro_precio_compra_neto=@@@0@@@,pro_precio_compra_bruto=@@@533@@@,pro_precio_venta=@@@850@@@,pro_margen_actual=@@@59.47@@@,pro_oferta=@@@NO@@@,pro_fecha_inicio_oferta=@@@1900.01.01@@@,pro_fecha_termino_oferta=@@@1900.01.01@@@,pro_precio_oferta=@@@0@@@,pro_stock_minimo=@@@1@@@,pro_stock_critico=@@@1@@@,pro_activo=@@@1@@@,pro_unidad=@@@0@@@,pro_precio_compra_bruto=533,pro_margen_actual=59.47,pro_capacidad=1,pro_funcion_plu=0,pro_flejes=0,pro_iva=1,pro_plu_asociado=0,pro_envase=@@@NO@@@,pro_duracion=0,pro_numero_etiqueta=0 WHERE pro_codigo_plu=@@@580@@@','',2,'2013-08-08'),(49422,'UPDATE mae_productos SET pro_estado=1 WHERE pro_codigo_plu=580','',2,'2013-08-08'),(49423,'DELETE FROM mae_impuestos_productos WHERE pro_codigo_plu=@@@580@@@','',2,'2013-08-08'),(49424,'INSERT INTO gne_vale_ferreteria (vfe_id,vfe_fecha,vfe_total,vfe_estado,vfe_entregado,usu_nusuario) VALUES (7469,@@@2013.08.08@@@,700,1,0,@@@b_SAEZ@@@)','',2,'2013-08-08'),(49425,'INSERT INTO gne_vale_ferreteria_mov (vfe_id,pro_codigo_plu,vfm_cantidad,vfm_unitario,vfm_total,vfm_entregado) VALUES (7469,8021,2,150,300,@@@NO@@@)','',2,'2013-08-08'),(49426,'INSERT INTO gne_vale_ferreteria_mov (vfe_id,pro_codigo_plu,vfm_cantidad,vfm_unitario,vfm_total,vfm_entregado) VALUES (7469,4129,8,50,400,@@@NO@@@)','',2,'2013-08-08'),(49427,'UPDATE mae_productos SET pro_codigo_barra=@@@561@@@,pro_tipo=@@@0@@@,pro_nombre_producto=@@@PALTA CHILENA@@@,pro_nombre_corto=@@@PALTA CHILENA@@@,med_id=@@@1@@@,emb_id=@@@1@@@,pro_unidades_embalaje=@@@1@@@,dep_id=@@@18 @@@,lin_id=@@@97@@@,mar_id=@@@2507@@@,pro_precio_compra_neto=@@@0@@@,pro_precio_compra_bruto=@@@815@@@,pro_precio_venta=@@@1490@@@,pro_margen_actual=@@@82.82@@@,pro_oferta=@@@NO@@@,pro_fecha_inicio_oferta=@@@1900.01.01@@@,pro_fecha_termino_oferta=@@@1900.01.01@@@,pro_precio_oferta=@@@0@@@,pro_stock_minimo=@@@1@@@,pro_stock_critico=@@@1@@@,pro_activo=@@@1@@@,pro_unidad=@@@0@@@,pro_precio_compra_bruto=815,pro_margen_actual=82.82,pro_capacidad=1,pro_funcion_plu=0,pro_flejes=0,pro_iva=1,pro_plu_asociado=0,pro_envase=@@@NO@@@,pro_duracion=0,pro_numero_etiqueta=0 WHERE pro_codigo_plu=@@@561@@@','',2,'2013-08-08'),(49428,'UPDATE mae_productos SET pro_estado=1 WHERE pro_codigo_plu=561','',2,'2013-08-08'),(49429,'DELETE FROM mae_impuestos_productos WHERE pro_codigo_plu=@@@561@@@','',2,'2013-08-08'),(49430,'UPDATE mae_productos SET pro_codigo_barra=@@@560@@@,pro_tipo=@@@0@@@,pro_nombre_producto=@@@PALTA CRUZ@@@,pro_nombre_corto=@@@PALTA CRUZ@@@,med_id=@@@1@@@,emb_id=@@@1@@@,pro_unidades_embalaje=@@@1@@@,dep_id=@@@18 @@@,lin_id=@@@97@@@,mar_id=@@@2507@@@,pro_precio_compra_neto=@@@0@@@,pro_precio_compra_bruto=@@@1120@@@,pro_precio_venta=@@@1990@@@,pro_margen_actual=@@@77.68@@@,pro_oferta=@@@NO@@@,pro_fecha_inicio_oferta=@@@1900.01.01@@@,pro_fecha_termino_oferta=@@@1900.01.01@@@,pro_precio_oferta=@@@0@@@,pro_stock_minimo=@@@1@@@,pro_stock_critico=@@@1@@@,pro_activo=@@@1@@@,pro_unidad=@@@0@@@,pro_precio_compra_bruto=1120,pro_margen_actual=77.68,pro_capacidad=1,pro_funcion_plu=0,pro_flejes=0,pro_iva=1,pro_plu_asociado=0,pro_envase=@@@NO@@@,pro_duracion=0,pro_numero_etiqueta=0 WHERE pro_codigo_plu=@@@560@@@','',2,'2013-08-08'),(49431,'UPDATE mae_productos SET pro_estado=1 WHERE pro_codigo_plu=560','',2,'2013-08-08'),(49432,'DELETE FROM mae_impuestos_productos WHERE pro_codigo_plu=@@@560@@@','',2,'2013-08-08'),(49433,'UPDATE mae_productos SET pro_codigo_barra=@@@586@@@,pro_tipo=@@@0@@@,pro_nombre_producto=@@@UVA RED GLOVE@@@,pro_nombre_corto=@@@UVA RED GLOVE@@@,med_id=@@@1@@@,emb_id=@@@1@@@,pro_unidades_embalaje=@@@1@@@,dep_id=@@@18 @@@,lin_id=@@@97@@@,mar_id=@@@2507@@@,pro_precio_compra_neto=@@@0@@@,pro_precio_compra_bruto=@@@625@@@,pro_precio_venta=@@@1250@@@,pro_margen_actual=@@@100@@@,pro_oferta=@@@NO@@@,pro_fecha_inicio_oferta=@@@1900.01.01@@@,pro_fecha_termino_oferta=@@@1900.01.01@@@,pro_precio_oferta=@@@0@@@,pro_stock_minimo=@@@5@@@,pro_stock_critico=@@@3@@@,pro_activo=@@@1@@@,pro_unidad=@@@0@@@,pro_precio_compra_bruto=625,pro_margen_actual=100,pro_capacidad=1,pro_funcion_plu=0,pro_flejes=0,pro_iva=1,pro_plu_asociado=0,pro_envase=@@@NO@@@,pro_duracion=0,pro_numero_etiqueta=0 WHERE pro_codigo_plu=@@@586@@@','',2,'2013-08-08'),(49434,'UPDATE mae_productos SET pro_estado=1 WHERE pro_codigo_plu=586','',2,'2013-08-08'),(49435,'DELETE FROM mae_impuestos_productos WHERE pro_codigo_plu=@@@586@@@','',2,'2013-08-08'),(49436,'INSERT INTO gne_vale_ferreteria (vfe_id,vfe_fecha,vfe_total,vfe_estado,vfe_entregado,usu_nusuario) VALUES (7470,@@@2013.08.08@@@,3760,1,0,@@@b_SAEZ@@@)','',2,'2013-08-08'),(49437,'INSERT INTO gne_vale_ferreteria_mov (vfe_id,pro_codigo_plu,vfm_cantidad,vfm_unitario,vfm_total,vfm_entregado) VALUES (7470,1467,1,2490,2490,@@@NO@@@)','',2,'2013-08-08'),(49438,'INSERT INTO gne_vale_ferreteria_mov (vfe_id,pro_codigo_plu,vfm_cantidad,vfm_unitario,vfm_total,vfm_entregado) VALUES (7470,780721545,1,1270,1270,@@@NO@@@)','',2,'2013-08-08'),(49439,'UPDATE mae_productos SET pro_codigo_barra=@@@575@@@,pro_tipo=@@@0@@@,pro_nombre_producto=@@@PEPINO ENSALADA@@@,pro_nombre_corto=@@@PEPINO ENSALADA@@@,med_id=@@@1@@@,emb_id=@@@1@@@,pro_unidades_embalaje=@@@1@@@,dep_id=@@@18 @@@,lin_id=@@@98@@@,mar_id=@@@2507@@@,pro_precio_compra_neto=@@@0@@@,pro_precio_compra_bruto=@@@104@@@,pro_precio_venta=@@@199@@@,pro_margen_actual=@@@91.35@@@,pro_oferta=@@@NO@@@,pro_fecha_inicio_oferta=@@@1900.01.01@@@,pro_fecha_termino_oferta=@@@1900.01.01@@@,pro_precio_oferta=@@@0@@@,pro_stock_minimo=@@@1@@@,pro_stock_critico=@@@1@@@,pro_activo=@@@1@@@,pro_unidad=@@@0@@@,pro_precio_compra_bruto=104,pro_margen_actual=91.35,pro_capacidad=1,pro_funcion_plu=0,pro_flejes=0,pro_iva=1,pro_plu_asociado=0,pro_envase=@@@NO@@@,pro_duracion=0,pro_numero_etiqueta=0 WHERE pro_codigo_plu=@@@575@@@','',2,'2013-08-08'),(49440,'UPDATE mae_productos SET pro_estado=1 WHERE pro_codigo_plu=575','',2,'2013-08-08'),(49441,'DELETE FROM mae_impuestos_productos WHERE pro_codigo_plu=@@@575@@@','',2,'2013-08-08'),(49442,'UPDATE mae_productos SET pro_codigo_barra=@@@542@@@,pro_tipo=@@@0@@@,pro_nombre_producto=@@@MANZANA ROYAL GRANEL@@@,pro_nombre_corto=@@@MANZANA ROYAL GR@@@,med_id=@@@1@@@,emb_id=@@@1@@@,pro_unidades_embalaje=@@@1@@@,dep_id=@@@18 @@@,lin_id=@@@97@@@,mar_id=@@@2507@@@,pro_precio_compra_neto=@@@0@@@,pro_precio_compra_bruto=@@@333@@@,pro_precio_venta=@@@499@@@,pro_margen_actual=@@@49.85@@@,pro_oferta=@@@NO@@@,pro_fecha_inicio_oferta=@@@1900.01.01@@@,pro_fecha_termino_oferta=@@@1900.01.01@@@,pro_precio_oferta=@@@0@@@,pro_stock_minimo=@@@1@@@,pro_stock_critico=@@@1@@@,pro_activo=@@@1@@@,pro_unidad=@@@0@@@,pro_precio_compra_bruto=333,pro_margen_actual=49.85,pro_capacidad=1,pro_funcion_plu=0,pro_flejes=0,pro_iva=1,pro_plu_asociado=0,pro_envase=@@@NO@@@,pro_duracion=0,pro_numero_etiqueta=0 WHERE pro_codigo_plu=@@@542@@@','',2,'2013-08-08'),(49443,'UPDATE mae_productos SET pro_estado=1 WHERE pro_codigo_plu=542','',2,'2013-08-08'),(49444,'DELETE FROM mae_impuestos_productos WHERE pro_codigo_plu=@@@542@@@','',2,'2013-08-08'),(49445,'UPDATE mae_productos SET pro_codigo_barra=@@@537@@@,pro_tipo=@@@0@@@,pro_nombre_producto=@@@MANZANA FUJI@@@,pro_nombre_corto=@@@MANZANA FUJI@@@,med_id=@@@1@@@,emb_id=@@@1@@@,pro_unidades_embalaje=@@@1@@@,dep_id=@@@18 @@@,lin_id=@@@97@@@,mar_id=@@@2507@@@,pro_precio_compra_neto=@@@0@@@,pro_precio_compra_bruto=@@@333@@@,pro_precio_venta=@@@490@@@,pro_margen_actual=@@@47.15@@@,pro_oferta=@@@NO@@@,pro_fecha_inicio_oferta=@@@1900.01.01@@@,pro_fecha_termino_oferta=@@@1900.01.01@@@,pro_precio_oferta=@@@0@@@,pro_stock_minimo=@@@15@@@,pro_stock_critico=@@@10@@@,pro_activo=@@@1@@@,pro_unidad=@@@0@@@,pro_precio_compra_bruto=333,pro_margen_actual=47.15,pro_capacidad=1,pro_funcion_plu=0,pro_flejes=1,pro_iva=1,pro_plu_asociado=0,pro_envase=@@@NO@@@,pro_duracion=0,pro_numero_etiqueta=0 WHERE pro_codigo_plu=@@@537@@@','',2,'2013-08-08'),(49446,'UPDATE mae_productos SET pro_estado=1 WHERE pro_codigo_plu=537','',2,'2013-08-08'),(49447,'DELETE FROM mae_impuestos_productos WHERE pro_codigo_plu=@@@537@@@','',2,'2013-08-08'),(49448,'UPDATE mae_productos SET pro_codigo_barra=@@@537@@@,pro_tipo=@@@0@@@,pro_nombre_producto=@@@MANZANA FUJI@@@,pro_nombre_corto=@@@MANZANA FUJI@@@,med_id=@@@1@@@,emb_id=@@@1@@@,pro_unidades_embalaje=@@@1@@@,dep_id=@@@18 @@@,lin_id=@@@97@@@,mar_id=@@@2507@@@,pro_precio_compra_neto=@@@0@@@,pro_precio_compra_bruto=@@@333@@@,pro_precio_venta=@@@499@@@,pro_margen_actual=@@@49.85@@@,pro_oferta=@@@NO@@@,pro_fecha_inicio_oferta=@@@1900.01.01@@@,pro_fecha_termino_oferta=@@@1900.01.01@@@,pro_precio_oferta=@@@0@@@,pro_stock_minimo=@@@15@@@,pro_stock_critico=@@@10@@@,pro_activo=@@@1@@@,pro_unidad=@@@0@@@,pro_precio_compra_bruto=333,pro_margen_actual=49.85,pro_capacidad=1,pro_funcion_plu=0,pro_flejes=1,pro_iva=1,pro_plu_asociado=0,pro_envase=@@@NO@@@,pro_duracion=0,pro_numero_etiqueta=0 WHERE pro_codigo_plu=@@@537@@@','',2,'2013-08-08'),(49449,'UPDATE mae_productos SET pro_estado=1 WHERE pro_codigo_plu=537','',2,'2013-08-08'),(49450,'DELETE FROM mae_impuestos_productos WHERE pro_codigo_plu=@@@537@@@','',2,'2013-08-08'),(49451,'UPDATE mae_productos SET pro_codigo_barra=@@@541@@@,pro_tipo=@@@0@@@,pro_nombre_producto=@@@MANZANA ROJA@@@,pro_nombre_corto=@@@MANZANA ROJA@@@,med_id=@@@1@@@,emb_id=@@@1@@@,pro_unidades_embalaje=@@@1@@@,dep_id=@@@18 @@@,lin_id=@@@97@@@,mar_id=@@@2507@@@,pro_precio_compra_neto=@@@0@@@,pro_precio_compra_bruto=@@@333@@@,pro_precio_venta=@@@499@@@,pro_margen_actual=@@@49.85@@@,pro_oferta=@@@NO@@@,pro_fecha_inicio_oferta=@@@1900.01.01@@@,pro_fecha_termino_oferta=@@@1900.01.01@@@,pro_precio_oferta=@@@0@@@,pro_stock_minimo=@@@1@@@,pro_stock_critico=@@@1@@@,pro_activo=@@@1@@@,pro_unidad=@@@0@@@,pro_precio_compra_bruto=333,pro_margen_actual=49.85,pro_capacidad=1,pro_funcion_plu=0,pro_flejes=0,pro_iva=1,pro_plu_asociado=0,pro_envase=@@@NO@@@,pro_duracion=0,pro_numero_etiqueta=0 WHERE pro_codigo_plu=@@@541@@@','',2,'2013-08-08'),(49452,'UPDATE mae_productos SET pro_estado=1 WHERE pro_codigo_plu=541','',2,'2013-08-08'),(49453,'DELETE FROM mae_impuestos_productos WHERE pro_codigo_plu=@@@541@@@','',2,'2013-08-08'),(49454,'UPDATE mae_productos SET pro_codigo_barra=@@@535@@@,pro_tipo=@@@0@@@,pro_nombre_producto=@@@MANDARINAS@@@,pro_nombre_corto=@@@MANDARINAS@@@,med_id=@@@1@@@,emb_id=@@@1@@@,pro_unidades_embalaje=@@@1@@@,dep_id=@@@18 @@@,lin_id=@@@97@@@,mar_id=@@@2507@@@,pro_precio_compra_neto=@@@0@@@,pro_precio_compra_bruto=@@@250@@@,pro_precio_venta=@@@450@@@,pro_margen_actual=@@@80@@@,pro_oferta=@@@NO@@@,pro_fecha_inicio_oferta=@@@1900.01.01@@@,pro_fecha_termino_oferta=@@@1900.01.01@@@,pro_precio_oferta=@@@0@@@,pro_stock_minimo=@@@10@@@,pro_stock_critico=@@@5@@@,pro_activo=@@@1@@@,pro_unidad=@@@0@@@,pro_precio_compra_bruto=250,pro_margen_actual=80,pro_capacidad=1,pro_funcion_plu=0,pro_flejes=0,pro_iva=1,pro_plu_asociado=0,pro_envase=@@@NO@@@,pro_duracion=0,pro_numero_etiqueta=0 WHERE pro_codigo_plu=@@@535@@@','',2,'2013-08-08'),(49455,'UPDATE mae_productos SET pro_estado=1 WHERE pro_codigo_plu=535','',2,'2013-08-08'),(49456,'DELETE FROM mae_impuestos_productos WHERE pro_codigo_plu=@@@535@@@','',2,'2013-08-08'),(49457,'UPDATE mae_productos SET pro_codigo_barra=@@@551@@@,pro_tipo=@@@0@@@,pro_nombre_producto=@@@NARANJA JUGO@@@,pro_nombre_corto=@@@NARANJA JUGO@@@,med_id=@@@1@@@,emb_id=@@@1@@@,pro_unidades_embalaje=@@@1@@@,dep_id=@@@18 @@@,lin_id=@@@97@@@,mar_id=@@@2507@@@,pro_precio_compra_neto=@@@0@@@,pro_precio_compra_bruto=@@@200@@@,pro_precio_venta=@@@399@@@,pro_margen_actual=@@@99.5@@@,pro_oferta=@@@NO@@@,pro_fecha_inicio_oferta=@@@1900.01.01@@@,pro_fecha_termino_oferta=@@@1900.01.01@@@,pro_precio_oferta=@@@0@@@,pro_stock_minimo=@@@1@@@,pro_stock_critico=@@@1@@@,pro_activo=@@@1@@@,pro_unidad=@@@0@@@,pro_precio_compra_bruto=200,pro_margen_actual=99.5,pro_capacidad=1,pro_funcion_plu=0,pro_flejes=0,pro_iva=1,pro_plu_asociado=0,pro_envase=@@@NO@@@,pro_duracion=0,pro_numero_etiqueta=0 WHERE pro_codigo_plu=@@@551@@@','',2,'2013-08-08'),(49458,'UPDATE mae_productos SET pro_estado=1 WHERE pro_codigo_plu=551','',2,'2013-08-08'),(49459,'DELETE FROM mae_impuestos_productos WHERE pro_codigo_plu=@@@551@@@','',2,'2013-08-08'),(49460,'UPDATE mae_productos SET pro_codigo_barra=@@@572@@@,pro_tipo=@@@0@@@,pro_nombre_producto=@@@PLATANOS@@@,pro_nombre_corto=@@@PLATANOS@@@,med_id=@@@1@@@,emb_id=@@@1@@@,pro_unidades_embalaje=@@@1@@@,dep_id=@@@18 @@@,lin_id=@@@97@@@,mar_id=@@@2507@@@,pro_precio_compra_neto=@@@0@@@,pro_precio_compra_bruto=@@@307@@@,pro_precio_venta=@@@499@@@,pro_margen_actual=@@@62.54@@@,pro_oferta=@@@NO@@@,pro_fecha_inicio_oferta=@@@1900.01.01@@@,pro_fecha_termino_oferta=@@@1900.01.01@@@,pro_precio_oferta=@@@0@@@,pro_stock_minimo=@@@15@@@,pro_stock_critico=@@@10@@@,pro_activo=@@@1@@@,pro_unidad=@@@0@@@,pro_precio_compra_bruto=307,pro_margen_actual=62.54,pro_capacidad=1,pro_funcion_plu=0,pro_flejes=0,pro_iva=1,pro_plu_asociado=0,pro_envase=@@@NO@@@,pro_duracion=0,pro_numero_etiqueta=0 WHERE pro_codigo_plu=@@@572@@@','',2,'2013-08-08'),(49461,'UPDATE mae_productos SET pro_estado=1 WHERE pro_codigo_plu=572','',2,'2013-08-08'),(49462,'DELETE FROM mae_impuestos_productos WHERE pro_codigo_plu=@@@572@@@','',2,'2013-08-08'),(49463,'UPDATE mae_productos SET pro_codigo_barra=@@@573@@@,pro_tipo=@@@0@@@,pro_nombre_producto=@@@PLATANOS@@@,pro_nombre_corto=@@@PLATANOS@@@,med_id=@@@1@@@,emb_id=@@@1@@@,pro_unidades_embalaje=@@@1@@@,dep_id=@@@18 @@@,lin_id=@@@97@@@,mar_id=@@@2507@@@,pro_precio_compra_neto=@@@0@@@,pro_precio_compra_bruto=@@@307@@@,pro_precio_venta=@@@499@@@,pro_margen_actual=@@@62.54@@@,pro_oferta=@@@NO@@@,pro_fecha_inicio_oferta=@@@1900.01.01@@@,pro_fecha_termino_oferta=@@@1900.01.01@@@,pro_precio_oferta=@@@0@@@,pro_stock_minimo=@@@15@@@,pro_stock_critico=@@@10@@@,pro_activo=@@@1@@@,pro_unidad=@@@0@@@,pro_precio_compra_bruto=307,pro_margen_actual=62.54,pro_capacidad=1,pro_funcion_plu=0,pro_flejes=1,pro_iva=1,pro_plu_asociado=0,pro_envase=@@@NO@@@,pro_duracion=0,pro_numero_etiqueta=0 WHERE pro_codigo_plu=@@@573@@@','',2,'2013-08-08'),(49464,'UPDATE mae_productos SET pro_estado=1 WHERE pro_codigo_plu=573','',2,'2013-08-08'),(49465,'DELETE FROM mae_impuestos_productos WHERE pro_codigo_plu=@@@573@@@','',2,'2013-08-08'),(49466,'UPDATE mae_productos SET pro_margen_actual=33.33,pro_precio_venta=240 WHERE pro_codigo_plu=780280050','',2,'2013-08-08'),(49467,'UPDATE mae_productos SET pro_margen_actual=0,pro_precio_venta=890 WHERE pro_codigo_plu=780721611','',2,'2013-08-08'),(49468,'UPDATE mae_productos SET pro_margen_actual=79.73,pro_precio_venta=399 WHERE pro_codigo_plu=530','',2,'2013-08-08'),(49469,'UPDATE mae_productos SET pro_margen_actual=43.84,pro_precio_venta=899 WHERE pro_codigo_plu=532','',2,'2013-08-08'),(49470,'UPDATE mae_productos SET pro_margen_actual=57.41,pro_precio_venta=850 WHERE pro_codigo_plu=607','',2,'2013-08-08'),(49471,'UPDATE mae_productos SET pro_margen_actual=61.29,pro_precio_venta=250 WHERE pro_codigo_plu=533','',2,'2013-08-08'),(49472,'UPDATE mae_productos SET pro_margen_actual=61.29,pro_precio_venta=250 WHERE pro_codigo_plu=534','',2,'2013-08-08'),(49473,'UPDATE mae_productos SET pro_margen_actual=80,pro_precio_venta=450 WHERE pro_codigo_plu=535','',2,'2013-08-08'),(49474,'UPDATE mae_productos SET pro_margen_actual=49.85,pro_precio_venta=499 WHERE pro_codigo_plu=537','',2,'2013-08-08'),(49475,'UPDATE mae_productos SET pro_margen_actual=49.85,pro_precio_venta=499 WHERE pro_codigo_plu=541','',2,'2013-08-08'),(49476,'UPDATE mae_productos SET pro_margen_actual=49.85,pro_precio_venta=499 WHERE pro_codigo_plu=542','',2,'2013-08-08'),(49477,'UPDATE mae_productos SET pro_margen_actual=47.15,pro_precio_venta=490 WHERE pro_codigo_plu=538','',2,'2013-08-08'),(49478,'UPDATE mae_productos SET pro_margen_actual=47.15,pro_precio_venta=490 WHERE pro_codigo_plu=545','',2,'2013-08-08'),(49479,'UPDATE mae_productos SET pro_margen_actual=99.5,pro_precio_venta=399 WHERE pro_codigo_plu=551','',2,'2013-08-08'),(49480,'UPDATE mae_productos SET pro_margen_actual=82.82,pro_precio_venta=1490 WHERE pro_codigo_plu=561','',2,'2013-08-08'),(49481,'UPDATE mae_productos SET pro_margen_actual=77.68,pro_precio_venta=1990 WHERE pro_codigo_plu=560','',2,'2013-08-08'),(49482,'UPDATE mae_productos SET pro_margen_actual=91.35,pro_precio_venta=199 WHERE pro_codigo_plu=575','',2,'2013-08-08'),(49483,'UPDATE mae_productos SET pro_margen_actual=62.54,pro_precio_venta=499 WHERE pro_codigo_plu=573','',2,'2013-08-08'),(49484,'UPDATE mae_productos SET pro_margen_actual=62.54,pro_precio_venta=499 WHERE pro_codigo_plu=572','',2,'2013-08-08'),(49485,'UPDATE mae_productos SET pro_margen_actual=56.4,pro_precio_venta=5990 WHERE pro_codigo_plu=403','',2,'2013-08-08'),(49486,'UPDATE mae_productos SET pro_margen_actual=0,pro_precio_venta=5950 WHERE pro_codigo_plu=404','',2,'2013-08-08'),(49487,'UPDATE mae_productos SET pro_margen_actual=56.54,pro_precio_venta=850 WHERE pro_codigo_plu=579','',2,'2013-08-08'),(49488,'UPDATE mae_productos SET pro_margen_actual=59.47,pro_precio_venta=850 WHERE pro_codigo_plu=580','',2,'2013-08-08'),(49489,'UPDATE mae_productos SET pro_margen_actual=100,pro_precio_venta=1250 WHERE pro_codigo_plu=586','',2,'2013-08-08'),(49490,'UPDATE mae_productos SET pro_margen_actual=0,pro_precio_venta=490 WHERE pro_codigo_plu=592','',2,'2013-08-08'),(49491,'UPDATE mae_productos SET pro_precio_fiscal=pro_precio_venta WHERE pro_codigo_plu=592','',2,'2013-08-08'),(49492,'UPDATE mae_productos SET pro_codigo_barra=@@@608@@@,pro_tipo=@@@0@@@,pro_nombre_producto=@@@LECHUGA MILANESA@@@,pro_nombre_corto=@@@LECHUGA MILANESA@@@,med_id=@@@1@@@,emb_id=@@@3@@@,pro_unidades_embalaje=@@@0@@@,dep_id=@@@18 @@@,lin_id=@@@98@@@,mar_id=@@@2507@@@,pro_precio_compra_neto=@@@0@@@,pro_precio_compra_bruto=@@@321@@@,pro_precio_venta=@@@499@@@,pro_margen_actual=@@@55.45@@@,pro_oferta=@@@NO@@@,pro_fecha_inicio_oferta=@@@2013.05.09@@@,pro_fecha_termino_oferta=@@@2013.05.09@@@,pro_precio_oferta=@@@0@@@,pro_stock_minimo=@@@10@@@,pro_stock_critico=@@@5@@@,pro_activo=@@@1@@@,pro_unidad=@@@0@@@,pro_precio_compra_bruto=321,pro_margen_actual=55.45,pro_capacidad=1,pro_funcion_plu=0,pro_flejes=1,pro_iva=1,pro_plu_asociado=0,pro_envase=@@@NO@@@,pro_duracion=0,pro_numero_etiqueta=0 WHERE pro_codigo_plu=@@@608@@@','',2,'2013-08-08'),(49493,'UPDATE mae_productos SET pro_estado=1 WHERE pro_codigo_plu=608','',2,'2013-08-08'),(49494,'DELETE FROM mae_impuestos_productos WHERE pro_codigo_plu=@@@608@@@','',2,'2013-08-08'),(49495,'UPDATE mae_productos SET pro_codigo_barra=@@@609@@@,pro_tipo=@@@0@@@,pro_nombre_producto=@@@MILANESA OFERTA@@@,pro_nombre_corto=@@@MILANESA OFERTA@@@,med_id=@@@1@@@,emb_id=@@@3@@@,pro_unidades_embalaje=@@@0@@@,dep_id=@@@18 @@@,lin_id=@@@98@@@,mar_id=@@@2507@@@,pro_precio_compra_neto=@@@0@@@,pro_precio_compra_bruto=@@@321@@@,pro_precio_venta=@@@499@@@,pro_margen_actual=@@@55.45@@@,pro_oferta=@@@NO@@@,pro_fecha_inicio_oferta=@@@2013.05.09@@@,pro_fecha_termino_oferta=@@@2013.05.09@@@,pro_precio_oferta=@@@0@@@,pro_stock_minimo=@@@15@@@,pro_stock_critico=@@@5@@@,pro_activo=@@@1@@@,pro_unidad=@@@0@@@,pro_precio_compra_bruto=321,pro_margen_actual=55.45,pro_capacidad=1,pro_funcion_plu=0,pro_flejes=1,pro_iva=1,pro_plu_asociado=0,pro_envase=@@@NO@@@,pro_duracion=0,pro_numero_etiqueta=0 WHERE pro_codigo_plu=@@@609@@@','',2,'2013-08-08'),(49496,'UPDATE mae_productos SET pro_estado=1 WHERE pro_codigo_plu=609','',2,'2013-08-08'),(49497,'DELETE FROM mae_impuestos_productos WHERE pro_codigo_plu=@@@609@@@','',2,'2013-08-08'),(49498,'UPDATE mae_productos SET pro_codigo_barra=@@@566@@@,pro_tipo=@@@0@@@,pro_nombre_producto=@@@COLIFLOR @@@,pro_nombre_corto=@@@COLIFLOR @@@,med_id=@@@1@@@,emb_id=@@@9@@@,pro_unidades_embalaje=@@@1@@@,dep_id=@@@18 @@@,lin_id=@@@97@@@,mar_id=@@@2507@@@,pro_precio_compra_neto=@@@0@@@,pro_precio_compra_bruto=@@@600@@@,pro_precio_venta=@@@899@@@,pro_margen_actual=@@@49.83@@@,pro_oferta=@@@NO@@@,pro_fecha_inicio_oferta=@@@1900.01.01@@@,pro_fecha_termino_oferta=@@@1900.01.01@@@,pro_precio_oferta=@@@0@@@,pro_stock_minimo=@@@1@@@,pro_stock_critico=@@@1@@@,pro_activo=@@@1@@@,pro_unidad=@@@0@@@,pro_precio_compra_bruto=600,pro_margen_actual=49.83,pro_capacidad=1,pro_funcion_plu=0,pro_flejes=0,pro_iva=1,pro_plu_asociado=0,pro_envase=@@@NO@@@,pro_duracion=0,pro_numero_etiqueta=0 WHERE pro_codigo_plu=@@@566@@@','',2,'2013-08-08'),(49499,'UPDATE mae_productos SET pro_estado=1 WHERE pro_codigo_plu=566','',2,'2013-08-08'),(49500,'DELETE FROM mae_impuestos_productos WHERE pro_codigo_plu=@@@566@@@','',2,'2013-08-08'),(49501,'UPDATE mae_productos SET pro_codigo_barra=@@@611@@@,pro_tipo=@@@0@@@,pro_nombre_producto=@@@REPOLLO UNIDAD@@@,pro_nombre_corto=@@@REPOLLO UNIDAD@@@,med_id=@@@1@@@,emb_id=@@@3@@@,pro_unidades_embalaje=@@@0@@@,dep_id=@@@18 @@@,lin_id=@@@98@@@,mar_id=@@@2507@@@,pro_precio_compra_neto=@@@0@@@,pro_precio_compra_bruto=@@@500@@@,pro_precio_venta=@@@750@@@,pro_margen_actual=@@@50@@@,pro_oferta=@@@NO@@@,pro_fecha_inicio_oferta=@@@2013.05.10@@@,pro_fecha_termino_oferta=@@@2013.05.10@@@,pro_precio_oferta=@@@0@@@,pro_stock_minimo=@@@0@@@,pro_stock_critico=@@@0@@@,pro_activo=@@@1@@@,pro_unidad=@@@0@@@,pro_precio_compra_bruto=500,pro_margen_actual=50,pro_capacidad=1,pro_funcion_plu=0,pro_flejes=1,pro_iva=1,pro_plu_asociado=0,pro_envase=@@@NO@@@,pro_duracion=0,pro_numero_etiqueta=0 WHERE pro_codigo_plu=@@@611@@@','',2,'2013-08-08'),(49502,'UPDATE mae_productos SET pro_estado=1 WHERE pro_codigo_plu=611','',2,'2013-08-08'),(49503,'DELETE FROM mae_impuestos_productos WHERE pro_codigo_plu=@@@611@@@','',2,'2013-08-08'),(49504,'UPDATE mae_productos SET pro_codigo_barra=@@@577@@@,pro_tipo=@@@0@@@,pro_nombre_producto=@@@PICKLE@@@,pro_nombre_corto=@@@PICKLE@@@,med_id=@@@1@@@,emb_id=@@@1@@@,pro_unidades_embalaje=@@@1@@@,dep_id=@@@18 @@@,lin_id=@@@97@@@,mar_id=@@@2507@@@,pro_precio_compra_neto=@@@0@@@,pro_precio_compra_bruto=@@@850@@@,pro_precio_venta=@@@1990@@@,pro_margen_actual=@@@134.12@@@,pro_oferta=@@@NO@@@,pro_fecha_inicio_oferta=@@@1900.01.01@@@,pro_fecha_termino_oferta=@@@1900.01.01@@@,pro_precio_oferta=@@@0@@@,pro_stock_minimo=@@@1@@@,pro_stock_critico=@@@1@@@,pro_activo=@@@1@@@,pro_unidad=@@@0@@@,pro_precio_compra_bruto=850,pro_margen_actual=134.12,pro_capacidad=1,pro_funcion_plu=0,pro_flejes=0,pro_iva=1,pro_plu_asociado=0,pro_envase=@@@NO@@@,pro_duracion=0,pro_numero_etiqueta=0 WHERE pro_codigo_plu=@@@577@@@','',2,'2013-08-08'),(49505,'UPDATE mae_productos SET pro_estado=1 WHERE pro_codigo_plu=577','',2,'2013-08-08'),(49506,'DELETE FROM mae_impuestos_productos WHERE pro_codigo_plu=@@@577@@@','',2,'2013-08-08'),(49507,'UPDATE mae_productos SET pro_codigo_barra=@@@501@@@,pro_tipo=@@@0@@@,pro_nombre_producto=@@@ACEITUNA NEGRA@@@,pro_nombre_corto=@@@ACEITUNA NEGRA@@@,med_id=@@@1@@@,emb_id=@@@1@@@,pro_unidades_embalaje=@@@1@@@,dep_id=@@@18 @@@,lin_id=@@@97@@@,mar_id=@@@2507@@@,pro_precio_compra_neto=@@@0@@@,pro_precio_compra_bruto=@@@1100@@@,pro_precio_venta=@@@2000@@@,pro_margen_actual=@@@81.82@@@,pro_oferta=@@@NO@@@,pro_fecha_inicio_oferta=@@@1900.01.01@@@,pro_fecha_termino_oferta=@@@1900.01.01@@@,pro_precio_oferta=@@@0@@@,pro_stock_minimo=@@@1@@@,pro_stock_critico=@@@1@@@,pro_activo=@@@1@@@,pro_unidad=@@@0@@@,pro_precio_compra_bruto=1100,pro_margen_actual=81.82,pro_capacidad=1,pro_funcion_plu=0,pro_flejes=0,pro_iva=1,pro_plu_asociado=0,pro_envase=@@@NO@@@,pro_duracion=0,pro_numero_etiqueta=0 WHERE pro_codigo_plu=@@@501@@@','',2,'2013-08-08'),(49508,'UPDATE mae_productos SET pro_estado=1 WHERE pro_codigo_plu=501','',2,'2013-08-08'),(49509,'DELETE FROM mae_impuestos_productos WHERE pro_codigo_plu=@@@501@@@','',2,'2013-08-08'),(49510,'INSERT INTO gne_vale_ferreteria (vfe_id,vfe_fecha,vfe_total,vfe_estado,vfe_entregado,usu_nusuario) VALUES (7471,@@@2013.08.08@@@,720,1,0,@@@b_SAEZ@@@)','',2,'2013-08-08'),(49511,'INSERT INTO gne_vale_ferreteria_mov (vfe_id,pro_codigo_plu,vfm_cantidad,vfm_unitario,vfm_total,vfm_entregado) VALUES (7471,78017191,18,40,720,@@@NO@@@)','',2,'2013-08-08'),(49512,'UPDATE mae_productos SET pro_margen_actual=81.82,pro_precio_venta=2000 WHERE pro_codigo_plu=501','',2,'2013-08-08'),(49513,'UPDATE mae_productos SET pro_margen_actual=49.83,pro_precio_venta=899 WHERE pro_codigo_plu=566','',2,'2013-08-08'),(49514,'UPDATE mae_productos SET pro_margen_actual=55.45,pro_precio_venta=499 WHERE pro_codigo_plu=608','',2,'2013-08-08'),(49515,'UPDATE mae_productos SET pro_margen_actual=55.45,pro_precio_venta=499 WHERE pro_codigo_plu=609','',2,'2013-08-08'),(49516,'UPDATE mae_productos SET pro_margen_actual=134.12,pro_precio_venta=1990 WHERE pro_codigo_plu=577','',2,'2013-08-08'),(49517,'UPDATE mae_productos SET pro_margen_actual=50,pro_precio_venta=750 WHERE pro_codigo_plu=611','',2,'2013-08-08'),(49518,'UPDATE mae_productos SET pro_margen_actual=49.85,pro_precio_venta=499 WHERE pro_codigo_plu=538','',2,'2013-08-08'),(49519,'UPDATE mae_productos SET pro_margen_actual=49.85,pro_precio_venta=499 WHERE pro_codigo_plu=545','',2,'2013-08-08'),(49520,'UPDATE mae_productos SET pro_precio_fiscal=pro_precio_venta WHERE pro_codigo_plu=530','',2,'2013-08-08'),(49521,'UPDATE mae_productos SET pro_precio_fiscal=pro_precio_venta WHERE pro_codigo_plu=533','',2,'2013-08-08'),(49522,'UPDATE mae_productos SET pro_precio_fiscal=pro_precio_venta WHERE pro_codigo_plu=534','',2,'2013-08-08'),(49523,'UPDATE mae_productos SET pro_precio_fiscal=pro_precio_venta WHERE pro_codigo_plu=537','',2,'2013-08-08'),(49524,'UPDATE mae_productos SET pro_precio_fiscal=pro_precio_venta WHERE pro_codigo_plu=538','',2,'2013-08-08'),(49525,'UPDATE mae_productos SET pro_precio_fiscal=pro_precio_venta WHERE pro_codigo_plu=541','',2,'2013-08-08'),(49526,'UPDATE mae_productos SET pro_precio_fiscal=pro_precio_venta WHERE pro_codigo_plu=542','',2,'2013-08-08'),(49527,'UPDATE mae_productos SET pro_precio_fiscal=pro_precio_venta WHERE pro_codigo_plu=545','',2,'2013-08-08'),(49528,'UPDATE mae_productos SET pro_precio_fiscal=pro_precio_venta WHERE pro_codigo_plu=560','',2,'2013-08-08'),(49529,'UPDATE mae_productos SET pro_precio_fiscal=pro_precio_venta WHERE pro_codigo_plu=561','',2,'2013-08-08'),(49530,'UPDATE mae_productos SET pro_precio_fiscal=pro_precio_venta WHERE pro_codigo_plu=566','',2,'2013-08-08'),(49531,'UPDATE mae_productos SET pro_precio_fiscal=pro_precio_venta WHERE pro_codigo_plu=575','',2,'2013-08-08'),(49532,'UPDATE mae_productos SET pro_precio_fiscal=pro_precio_venta WHERE pro_codigo_plu=607','',2,'2013-08-08'),(49533,'UPDATE mae_productos SET pro_precio_fiscal=pro_precio_venta WHERE pro_codigo_plu=608','',2,'2013-08-08'),(49534,'UPDATE mae_productos SET pro_precio_fiscal=pro_precio_venta WHERE pro_codigo_plu=609','',2,'2013-08-08'),(49535,'UPDATE mae_productos SET pro_precio_fiscal=pro_precio_venta WHERE pro_codigo_plu=611','',2,'2013-08-08'),(49536,'INSERT INTO gne_vale_ferreteria (vfe_id,vfe_fecha,vfe_total,vfe_estado,vfe_entregado,usu_nusuario) VALUES (7472,@@@2013.08.08@@@,1890,1,0,@@@b_SAEZ@@@)','',2,'2013-08-08'),(49537,'INSERT INTO gne_vale_ferreteria_mov (vfe_id,pro_codigo_plu,vfm_cantidad,vfm_unitario,vfm_total,vfm_entregado) VALUES (7472,101624,1,1890,1890,@@@NO@@@)','',2,'2013-08-08'),(49538,'UPDATE mae_productos SET pro_precio_fiscal=pro_precio_venta WHERE pro_codigo_plu=410659041','',2,'2013-08-08'),(49539,'UPDATE mae_productos SET pro_precio_fiscal=pro_precio_venta WHERE pro_codigo_plu=780280050','',2,'2013-08-08'),(49540,'UPDATE mae_productos SET pro_precio_fiscal=pro_precio_venta WHERE pro_codigo_plu=780721611','',2,'2013-08-08'),(49541,'UPDATE mae_productos SET pro_margen_actual=22.5,pro_precio_venta=490 WHERE pro_codigo_plu=780721562','',2,'2013-08-08'),(49542,'UPDATE mae_productos SET pro_margen_actual=59.83,pro_precio_venta=2690 WHERE pro_codigo_plu=780721529','',2,'2013-08-08'),(49543,'UPDATE mae_productos SET pro_margen_actual=59.83,pro_precio_venta=2690 WHERE pro_codigo_plu=780721523','',2,'2013-08-08'),(49544,'UPDATE mae_productos SET pro_margen_actual=59.83,pro_precio_venta=2690 WHERE pro_codigo_plu=780721522','',2,'2013-08-08'),(49545,'UPDATE mae_productos SET pro_margen_actual=0,pro_precio_venta=1490 WHERE pro_codigo_plu=780721614','',2,'2013-08-08'),(49546,'UPDATE mae_productos SET pro_margen_actual=198900,pro_precio_venta=1990 WHERE pro_codigo_plu=780721564','',2,'2013-08-08'),(49547,'UPDATE mae_productos SET pro_precio_fiscal=pro_precio_venta WHERE pro_codigo_plu=780721562','',2,'2013-08-08'),(49548,'UPDATE mae_productos SET pro_precio_fiscal=pro_precio_venta WHERE pro_codigo_plu=780721529','',2,'2013-08-08'),(49549,'UPDATE mae_productos SET pro_margen_actual=232.67,pro_precio_venta=499 WHERE pro_codigo_plu=594','',2,'2013-08-08'),(49550,'UPDATE mae_productos SET pro_margen_actual=232.67,pro_precio_venta=499 WHERE pro_codigo_plu=595','',2,'2013-08-08'),(49551,'UPDATE mae_productos SET pro_precio_fiscal=pro_precio_venta WHERE pro_codigo_plu=594','',2,'2013-08-08'),(49552,'UPDATE mae_productos SET pro_precio_fiscal=pro_precio_venta WHERE pro_codigo_plu=595','',2,'2013-08-08'),(49553,'UPDATE mae_productos SET pro_margen_actual=122.35,pro_precio_venta=1990 WHERE pro_codigo_plu=780721563','',2,'2013-08-08'),(49554,'UPDATE mae_productos SET pro_margen_actual=198900,pro_precio_venta=1990 WHERE pro_codigo_plu=780721576','',2,'2013-08-08'),(49555,'UPDATE mae_productos SET pro_margen_actual=122.35,pro_precio_venta=1990 WHERE pro_codigo_plu=780721563','',2,'2013-08-08'),(49556,'UPDATE mae_productos SET pro_margen_actual=98900,pro_precio_venta=990 WHERE pro_codigo_plu=780721576','',2,'2013-08-08'),(49557,'UPDATE mae_productos SET pro_precio_fiscal=pro_precio_venta WHERE pro_codigo_plu=780721576','',2,'2013-08-08'),(49558,'UPDATE mae_productos SET pro_precio_venta=210,pro_margen_actual=38.95, pro_precio_compra_bruto=151.13, pro_precio_compra_neto=127 WHERE pro_codigo_plu=1453','',2,'2013-08-08'),(49559,'UPDATE mae_productos SET pro_precio_venta=999,pro_margen_actual=29.75, pro_precio_compra_bruto=769.93, pro_precio_compra_neto=647 WHERE pro_codigo_plu=16076','',2,'2013-08-08'),(49560,'UPDATE mae_productos SET pro_precio_venta=199,pro_margen_actual=31.79, pro_precio_compra_bruto=151, pro_precio_compra_neto=126.890756302521 WHERE pro_codigo_plu=12140','',2,'2013-08-08'),(49561,'UPDATE mae_productos SET pro_precio_venta=199,pro_margen_actual=31.79, pro_precio_compra_bruto=151, pro_precio_compra_neto=126.890756302521 WHERE pro_codigo_plu=12141','',2,'2013-08-08'),(49562,'UPDATE mae_productos SET pro_precio_fiscal=pro_precio_venta WHERE pro_codigo_plu=1453','',2,'2013-08-08'),(49563,'UPDATE mae_productos SET pro_precio_fiscal=pro_precio_venta WHERE pro_codigo_plu=12140','',2,'2013-08-08'),(49564,'UPDATE mae_productos SET pro_precio_fiscal=pro_precio_venta WHERE pro_codigo_plu=12141','',2,'2013-08-08'),(49565,'UPDATE mae_productos SET pro_precio_fiscal=pro_precio_venta WHERE pro_codigo_plu=16076','',2,'2013-08-08'),(49566,'UPDATE mae_productos SET pro_precio_compra_bruto=110,pro_margen_actual=(pro_precio_venta-110)/110 * 100,pro_ultima_compra=@@@2013.08.08@@@,pro_ultimo_proveedor=@@@90703000-8@@@ WHERE pro_codigo_plu=16605','',2,'2013-08-08'),(49567,'UPDATE mae_productos SET pro_precio_compra_bruto=110,pro_margen_actual=(pro_precio_venta-110)/110 * 100,pro_ultima_compra=@@@2013.08.08@@@,pro_ultimo_proveedor=@@@90703000-8@@@ WHERE pro_codigo_plu=16606','',2,'2013-08-08'),(49568,'UPDATE mae_productos SET pro_precio_compra_bruto=347.36,pro_margen_actual=(pro_precio_venta-347.36)/347.36 * 100,pro_ultima_compra=@@@2013.08.08@@@,pro_ultimo_proveedor=@@@90703000-8@@@ WHERE pro_codigo_plu=16691','',2,'2013-08-08'),(49569,'UPDATE mae_productos SET pro_precio_compra_bruto=230,pro_margen_actual=(pro_precio_venta-230)/230 * 100,pro_ultima_compra=@@@2013.08.08@@@,pro_ultimo_proveedor=@@@90703000-8@@@ WHERE pro_codigo_plu=17040','',2,'2013-08-08'),(49570,'UPDATE mae_productos SET pro_precio_compra_bruto=117.58,pro_margen_actual=(pro_precio_venta-117.58)/117.58 * 100,pro_ultima_compra=@@@2013.08.08@@@,pro_ultimo_proveedor=@@@90703000-8@@@ WHERE pro_codigo_plu=16697','',2,'2013-08-08'),(49571,'UPDATE mae_productos SET pro_precio_compra_bruto=117.58,pro_margen_actual=(pro_precio_venta-117.58)/117.58 * 100,pro_ultima_compra=@@@2013.08.08@@@,pro_ultimo_proveedor=@@@90703000-8@@@ WHERE pro_codigo_plu=16698','',2,'2013-08-08'),(49572,'UPDATE mae_productos SET pro_precio_compra_bruto=376,pro_margen_actual=(pro_precio_venta-376)/376 * 100,pro_ultima_compra=@@@2013.08.08@@@,pro_ultimo_proveedor=@@@90703000-8@@@ WHERE pro_codigo_plu=17072','',2,'2013-08-08'),(49573,'UPDATE mae_productos SET pro_precio_compra_bruto=376,pro_margen_actual=(pro_precio_venta-376)/376 * 100,pro_ultima_compra=@@@2013.08.08@@@,pro_ultimo_proveedor=@@@90703000-8@@@ WHERE pro_codigo_plu=17069','',2,'2013-08-08'),(49574,'UPDATE mae_productos SET pro_precio_compra_bruto=376,pro_margen_actual=(pro_precio_venta-376)/376 * 100,pro_ultima_compra=@@@2013.08.08@@@,pro_ultimo_proveedor=@@@90703000-8@@@ WHERE pro_codigo_plu=17068','',2,'2013-08-08'),(49575,'UPDATE mae_productos SET pro_precio_compra_bruto=151.13,pro_margen_actual=(pro_precio_venta-151.13)/151.13 * 100,pro_ultima_compra=@@@2013.08.08@@@,pro_ultimo_proveedor=@@@90703000-8@@@ WHERE pro_codigo_plu=1453','',2,'2013-08-08'),(49576,'UPDATE mae_productos SET pro_precio_compra_bruto=769.93,pro_margen_actual=(pro_precio_venta-769.93)/769.93 * 100,pro_ultima_compra=@@@2013.08.08@@@,pro_ultimo_proveedor=@@@90703000-8@@@ WHERE pro_codigo_plu=16076','',2,'2013-08-08'),(49577,'UPDATE mae_productos SET pro_precio_compra_bruto=151,pro_margen_actual=(pro_precio_venta-151)/151 * 100,pro_ultima_compra=@@@2013.08.08@@@,pro_ultimo_proveedor=@@@90703000-8@@@ WHERE pro_codigo_plu=12140','',2,'2013-08-08'),(49578,'UPDATE mae_productos SET pro_precio_compra_bruto=151,pro_margen_actual=(pro_precio_venta-151)/151 * 100,pro_ultima_compra=@@@2013.08.08@@@,pro_ultimo_proveedor=@@@90703000-8@@@ WHERE pro_codigo_plu=12141','',2,'2013-08-08'),(49579,'UPDATE mae_productos SET pro_precio_compra_bruto=299,pro_margen_actual=(pro_precio_venta-299)/299 * 100,pro_ultima_compra=@@@2013.08.08@@@,pro_ultimo_proveedor=@@@90703000-8@@@ WHERE pro_codigo_plu=780220178','',2,'2013-08-08'),(49580,'UPDATE mae_productos SET pro_precio_compra_bruto=299,pro_margen_actual=(pro_precio_venta-299)/299 * 100,pro_ultima_compra=@@@2013.08.08@@@,pro_ultimo_proveedor=@@@90703000-8@@@ WHERE pro_codigo_plu=762719','',2,'2013-08-08'),(49581,'UPDATE mae_productos SET pro_precio_compra_bruto=281.93,pro_margen_actual=(pro_precio_venta-281.93)/281.93 * 100,pro_ultima_compra=@@@2013.08.08@@@,pro_ultimo_proveedor=@@@90703000-8@@@ WHERE pro_codigo_plu=780721182','',2,'2013-08-08'),(49582,'UPDATE mae_productos SET pro_precio_compra_bruto=191.23,pro_margen_actual=(pro_precio_venta-191.23)/191.23 * 100,pro_ultima_compra=@@@2013.08.08@@@,pro_ultimo_proveedor=@@@90703000-8@@@ WHERE pro_codigo_plu=780721223','',2,'2013-08-08'),(49583,'UPDATE mae_productos SET pro_precio_compra_bruto=247.52,pro_margen_actual=(pro_precio_venta-247.52)/247.52 * 100,pro_ultima_compra=@@@2013.08.08@@@,pro_ultimo_proveedor=@@@90703000-8@@@ WHERE pro_codigo_plu=78017065','',2,'2013-08-08'),(49584,'UPDATE mae_productos SET pro_precio_compra_bruto=247.52,pro_margen_actual=(pro_precio_venta-247.52)/247.52 * 100,pro_ultima_compra=@@@2013.08.08@@@,pro_ultimo_proveedor=@@@90703000-8@@@ WHERE pro_codigo_plu=780721226','',2,'2013-08-08'),(49585,'INSERT INTO gne_vale_ferreteria (vfe_id,vfe_fecha,vfe_total,vfe_estado,vfe_entregado,usu_nusuario) VALUES (7473,@@@2013.08.08@@@,370,1,0,@@@s_diaz@@@)','',2,'2013-08-08'),(49586,'INSERT INTO gne_vale_ferreteria_mov (vfe_id,pro_codigo_plu,vfm_cantidad,vfm_unitario,vfm_total,vfm_entregado) VALUES (7473,4124,1,370,370,@@@NO@@@)','',2,'2013-08-08'),(49587,'INSERT INTO gne_vale_ferreteria (vfe_id,vfe_fecha,vfe_total,vfe_estado,vfe_entregado,usu_nusuario) VALUES (7474,@@@2013.08.08@@@,370,1,0,@@@s_diaz@@@)','',2,'2013-08-08'),(49588,'INSERT INTO gne_vale_ferreteria_mov (vfe_id,pro_codigo_plu,vfm_cantidad,vfm_unitario,vfm_total,vfm_entregado) VALUES (7474,4124,1,370,370,@@@NO@@@)','',2,'2013-08-08'),(49589,'INSERT INTO gne_vale_ferreteria (vfe_id,vfe_fecha,vfe_total,vfe_estado,vfe_entregado,usu_nusuario) VALUES (7475,@@@2013.08.08@@@,490,1,0,@@@s_diaz@@@)','',2,'2013-08-08'),(49590,'INSERT INTO gne_vale_ferreteria_mov (vfe_id,pro_codigo_plu,vfm_cantidad,vfm_unitario,vfm_total,vfm_entregado) VALUES (7475,780220183,1,490,490,@@@NO@@@)','',2,'2013-08-08'),(49591,'UPDATE mae_productos SET pro_margen_actual=80.03,pro_precio_venta=375 WHERE pro_codigo_plu=597','',2,'2013-08-08'),(49592,'UPDATE mae_productos SET pro_margen_actual=80.03,pro_precio_venta=375 WHERE pro_codigo_plu=517','',2,'2013-08-08'),(49593,'UPDATE mae_productos SET pro_precio_fiscal=pro_precio_venta WHERE pro_codigo_plu=517','',2,'2013-08-08'),(49594,'UPDATE mae_productos SET pro_precio_fiscal=pro_precio_venta WHERE pro_codigo_plu=597','',2,'2013-08-08'),(49595,'INSERT INTO gne_vale_ferreteria (vfe_id,vfe_fecha,vfe_total,vfe_estado,vfe_entregado,usu_nusuario) VALUES (7476,@@@2013.08.08@@@,2200,1,0,@@@s_diaz@@@)','',2,'2013-08-08'),(49596,'INSERT INTO gne_vale_ferreteria_mov (vfe_id,pro_codigo_plu,vfm_cantidad,vfm_unitario,vfm_total,vfm_entregado) VALUES (7476,780721583,2,1100,2200,@@@NO@@@)','',2,'2013-08-08'),(49597,'INSERT INTO gne_vale_ferreteria (vfe_id,vfe_fecha,vfe_total,vfe_estado,vfe_entregado,usu_nusuario) VALUES (7477,@@@2013.08.08@@@,120,1,0,@@@s_diaz@@@)','',2,'2013-08-08'),(49598,'INSERT INTO gne_vale_ferreteria_mov (vfe_id,pro_codigo_plu,vfm_cantidad,vfm_unitario,vfm_total,vfm_entregado) VALUES (7477,1544,4,30,120,@@@NO@@@)','',2,'2013-08-08'),(49599,'INSERT INTO gne_vale_ferreteria (vfe_id,vfe_fecha,vfe_total,vfe_estado,vfe_entregado,usu_nusuario) VALUES (7478,@@@2013.08.08@@@,350,1,0,@@@s_diaz@@@)','',2,'2013-08-08'),(49600,'INSERT INTO gne_vale_ferreteria_mov (vfe_id,pro_codigo_plu,vfm_cantidad,vfm_unitario,vfm_total,vfm_entregado) VALUES (7478,102408,1,350,350,@@@NO@@@)','',2,'2013-08-08'),(49601,'INSERT INTO gne_vale_ferreteria (vfe_id,vfe_fecha,vfe_total,vfe_estado,vfe_entregado,usu_nusuario) VALUES (7479,@@@2013.08.08@@@,490,1,0,@@@s_diaz@@@)','',2,'2013-08-08'),(49602,'INSERT INTO gne_vale_ferreteria_mov (vfe_id,pro_codigo_plu,vfm_cantidad,vfm_unitario,vfm_total,vfm_entregado) VALUES (7479,2009,1,490,490,@@@NO@@@)','',2,'2013-08-08'),(49603,'UPDATE mae_productos SET pro_codigo_barra=@@@7802950005158@@@,pro_tipo=@@@0@@@,pro_nombre_producto=@@@POLVO HORNEAR IMPERIAL LATA 100 GRS@@@,pro_nombre_corto=@@@POLVO HORNEAR IM@@@,med_id=@@@5@@@,emb_id=@@@4@@@,pro_unidades_embalaje=@@@24@@@,dep_id=@@@1 @@@,lin_id=@@@10@@@,mar_id=@@@548@@@,pro_precio_compra_neto=@@@0@@@,pro_precio_compra_bruto=@@@380.8@@@,pro_precio_venta=@@@499@@@,pro_margen_actual=@@@31.04@@@,pro_oferta=@@@NO@@@,pro_fecha_inicio_oferta=@@@1900.01.01@@@,pro_fecha_termino_oferta=@@@1900.01.01@@@,pro_precio_oferta=@@@0@@@,pro_stock_minimo=@@@24@@@,pro_stock_critico=@@@12@@@,pro_activo=@@@1@@@,pro_unidad=@@@0@@@,pro_precio_compra_bruto=380.8,pro_margen_actual=31.04,pro_capacidad=0.1,pro_funcion_plu=0,pro_flejes=1,pro_iva=1,pro_plu_asociado=0,pro_envase=@@@NO@@@,pro_duracion=0,pro_numero_etiqueta=0 WHERE pro_codigo_plu=@@@11075@@@','',2,'2013-08-08'),(49604,'UPDATE mae_productos SET pro_estado=1 WHERE pro_codigo_plu=11075','',2,'2013-08-08'),(49605,'DELETE FROM mae_impuestos_productos WHERE pro_codigo_plu=@@@11075@@@','',2,'2013-08-08'),(49606,'INSERT INTO gne_vale_ferreteria (vfe_id,vfe_fecha,vfe_total,vfe_estado,vfe_entregado,usu_nusuario) VALUES (7480,@@@2013.08.08@@@,3990,1,0,@@@s_diaz@@@)','',2,'2013-08-08'),(49607,'INSERT INTO gne_vale_ferreteria_mov (vfe_id,pro_codigo_plu,vfm_cantidad,vfm_unitario,vfm_total,vfm_entregado) VALUES (7480,763658,1,3990,3990,@@@NO@@@)','',2,'2013-08-08'),(49608,'INSERT INTO gne_vale_ferreteria (vfe_id,vfe_fecha,vfe_total,vfe_estado,vfe_entregado,usu_nusuario) VALUES (7481,@@@2013.08.08@@@,2100,1,0,@@@s_diaz@@@)','',2,'2013-08-08'),(49609,'INSERT INTO gne_vale_ferreteria_mov (vfe_id,pro_codigo_plu,vfm_cantidad,vfm_unitario,vfm_total,vfm_entregado) VALUES (7481,763945,1,2100,2100,@@@NO@@@)','',2,'2013-08-08'),(49610,'UPDATE mae_productos SET pro_precio_venta=2190,pro_margen_actual=33.36, pro_precio_compra_bruto=1642.2, pro_precio_compra_neto=1380 WHERE pro_codigo_plu=19602','',2,'2013-08-08'),(49611,'UPDATE mae_productos SET pro_precio_compra_bruto=1642.2,pro_margen_actual=(pro_precio_venta-1642.2)/1642.2 * 100,pro_ultima_compra=@@@2013.08.08@@@,pro_ultimo_proveedor=@@@90703000-8@@@ WHERE pro_codigo_plu=19602','',2,'2013-08-08'),(49612,'UPDATE mae_productos SET pro_precio_compra_bruto=542.64,pro_margen_actual=(pro_precio_venta-542.64)/542.64 * 100,pro_ultima_compra=@@@2013.08.08@@@,pro_ultimo_proveedor=@@@90703000-8@@@ WHERE pro_codigo_plu=763939','',2,'2013-08-08'),(49613,'UPDATE mae_productos SET pro_precio_compra_bruto=542.64,pro_margen_actual=(pro_precio_venta-542.64)/542.64 * 100,pro_ultima_compra=@@@2013.08.08@@@,pro_ultimo_proveedor=@@@90703000-8@@@ WHERE pro_codigo_plu=763941','',2,'2013-08-08'),(49614,'UPDATE mae_productos SET pro_precio_compra_bruto=1417.2,pro_margen_actual=(pro_precio_venta-1417.2)/1417.2 * 100,pro_ultima_compra=@@@2013.08.08@@@,pro_ultimo_proveedor=@@@90703000-8@@@ WHERE pro_codigo_plu=19383','',2,'2013-08-08'),(49615,'UPDATE mae_productos SET pro_precio_compra_bruto=354.62,pro_margen_actual=(pro_precio_venta-354.62)/354.62 * 100,pro_ultima_compra=@@@2013.08.08@@@,pro_ultimo_proveedor=@@@90703000-8@@@ WHERE pro_codigo_plu=763921','',2,'2013-08-08'),(49616,'INSERT INTO gne_vale_ferreteria (vfe_id,vfe_fecha,vfe_total,vfe_estado,vfe_entregado,usu_nusuario) VALUES (7482,@@@2013.08.08@@@,3990,1,0,@@@s_diaz@@@)','',2,'2013-08-08'),(49617,'INSERT INTO gne_vale_ferreteria_mov (vfe_id,pro_codigo_plu,vfm_cantidad,vfm_unitario,vfm_total,vfm_entregado) VALUES (7482,780721109,1,3990,3990,@@@NO@@@)','',2,'2013-08-08'),(49618,'UPDATE mae_productos SET pro_precio_compra_bruto=1000,pro_margen_actual=(pro_precio_venta-1000)/1000 * 100,pro_ultima_compra=@@@2013.08.08@@@,pro_ultimo_proveedor=@@@76717550-7@@@ WHERE pro_codigo_plu=383','',2,'2013-08-08'),(49619,'UPDATE mae_productos SET pro_margen_actual=31.04,pro_precio_venta=499 WHERE pro_codigo_plu=11075','',2,'2013-08-08'),(49620,'UPDATE mae_productos SET pro_precio_fiscal=pro_precio_venta WHERE pro_codigo_plu=19602','',2,'2013-08-08'),(49621,'UPDATE mae_productos SET pro_precio_fiscal=pro_precio_venta WHERE pro_codigo_plu=11075','',2,'2013-08-08'),(49622,'UPDATE mae_productos SET pro_margen_actual=137.03,pro_precio_venta=499 WHERE pro_codigo_plu=610','',2,'2013-08-08'),(49623,'UPDATE mae_productos SET pro_precio_fiscal=pro_precio_venta WHERE pro_codigo_plu=610','',2,'2013-08-08'),(49624,'UPDATE mae_productos SET pro_margen_actual=36.96,pro_precio_venta=1890 WHERE pro_codigo_plu=562','',2,'2013-08-08'),(49625,'UPDATE mae_productos SET pro_precio_fiscal=pro_precio_venta WHERE pro_codigo_plu=562','',2,'2013-08-08'),(49626,'UPDATE mae_productos SET pro_margen_actual=44.2,pro_precio_venta=1990 WHERE pro_codigo_plu=562','',2,'2013-08-08'),(49627,'UPDATE mae_productos SET pro_precio_fiscal=pro_precio_venta WHERE pro_codigo_plu=562','',2,'2013-08-08'),(49628,'INSERT INTO com_ventas_grupo (vgr_fecha,vgr_grupo,vgr_cantidad,vgr_total) VALUES (@@@2013.08.07@@@,1,271.355,266659)','',2,'2013-08-08'),(49629,'INSERT INTO com_ventas_grupo (vgr_fecha,vgr_grupo,vgr_cantidad,vgr_total) VALUES (@@@2013.08.07@@@,2,201,104024)','',2,'2013-08-08'),(49630,'INSERT INTO com_ventas_grupo (vgr_fecha,vgr_grupo,vgr_cantidad,vgr_total) VALUES (@@@2013.08.07@@@,3,508,99802)','',2,'2013-08-08'),(49631,'INSERT INTO com_ventas_grupo (vgr_fecha,vgr_grupo,vgr_cantidad,vgr_total) VALUES (@@@2013.08.07@@@,4,75,60136)','',2,'2013-08-08'),(49632,'INSERT INTO com_ventas_grupo (vgr_fecha,vgr_grupo,vgr_cantidad,vgr_total) VALUES (@@@2013.08.07@@@,5,3,9679)','',2,'2013-08-08'),(49633,'INSERT INTO com_ventas_grupo (vgr_fecha,vgr_grupo,vgr_cantidad,vgr_total) VALUES (@@@2013.08.07@@@,6,15,23977)','',2,'2013-08-08'),(49634,'INSERT INTO com_ventas_grupo (vgr_fecha,vgr_grupo,vgr_cantidad,vgr_total) VALUES (@@@2013.08.07@@@,7,11,18883)','',2,'2013-08-08'),(49635,'INSERT INTO com_ventas_grupo (vgr_fecha,vgr_grupo,vgr_cantidad,vgr_total) VALUES (@@@2013.08.07@@@,8,27,14510)','',2,'2013-08-08'),(49636,'INSERT INTO com_ventas_grupo (vgr_fecha,vgr_grupo,vgr_cantidad,vgr_total) VALUES (@@@2013.08.07@@@,9,79.51,134975)','',2,'2013-08-08'),(49637,'INSERT INTO com_ventas_grupo (vgr_fecha,vgr_grupo,vgr_cantidad,vgr_total) VALUES (@@@2013.08.07@@@,10,47.12,160468)','',2,'2013-08-08'),(49638,'INSERT INTO com_ventas_grupo (vgr_fecha,vgr_grupo,vgr_cantidad,vgr_total) VALUES (@@@2013.08.07@@@,11,21.19,47145)','',2,'2013-08-08'),(49639,'INSERT INTO com_ventas_grupo (vgr_fecha,vgr_grupo,vgr_cantidad,vgr_total) VALUES (@@@2013.08.07@@@,12,32.16,57476)','',2,'2013-08-08'),(49640,'INSERT INTO com_ventas_grupo (vgr_fecha,vgr_grupo,vgr_cantidad,vgr_total) VALUES (@@@2013.08.07@@@,13,13.435,37184)','',2,'2013-08-08'),(49641,'INSERT INTO com_ventas_grupo (vgr_fecha,vgr_grupo,vgr_cantidad,vgr_total) VALUES (@@@2013.08.07@@@,14,91.05,83373)','',2,'2013-08-08'),(49642,'INSERT INTO com_ventas_grupo (vgr_fecha,vgr_grupo,vgr_cantidad,vgr_total) VALUES (@@@2013.08.07@@@,15,2,600)','',2,'2013-08-08'),(49643,'INSERT INTO com_ventas_grupo (vgr_fecha,vgr_grupo,vgr_cantidad,vgr_total) VALUES (@@@2013.08.07@@@,16,1,170)','',2,'2013-08-08'),(49644,'INSERT INTO com_ventas_grupo (vgr_fecha,vgr_grupo,vgr_cantidad,vgr_total) VALUES (@@@2013.08.07@@@,18,204.74,103895)','',2,'2013-08-08'),(49645,'INSERT INTO com_ventas_grupo (vgr_fecha,vgr_grupo,vgr_cantidad,vgr_total) VALUES (@@@2013.08.07@@@,20,123.865,43701)','',2,'2013-08-08'),(49646,'INSERT INTO com_ventas_grupo (vgr_fecha,vgr_grupo,vgr_cantidad,vgr_total) VALUES (@@@2013.08.07@@@,21,55,45630)','',2,'2013-08-08'),(49647,'INSERT INTO com_ventas_grupo (vgr_fecha,vgr_grupo,vgr_cantidad,vgr_total) VALUES (@@@2013.08.07@@@,23,10,14400)','',2,'2013-08-08'),(49648,'INSERT INTO com_ventas_grupo (vgr_fecha,vgr_grupo,vgr_cantidad,vgr_total) VALUES (@@@2013.08.07@@@,24,217,49389)','',2,'2013-08-08'),(49649,'INSERT INTO com_ventas_grupo (vgr_fecha,vgr_grupo,vgr_cantidad,vgr_total) VALUES (@@@2013.08.07@@@,25,82,119200)','',2,'2013-08-08'),(49650,'INSERT INTO com_ventas_grupo (vgr_fecha,vgr_grupo,vgr_cantidad,vgr_total) VALUES (@@@2013.08.07@@@,31,17,18969)','',2,'2013-08-08'),(49651,'INSERT INTO com_ventas_grupo (vgr_fecha,vgr_grupo,vgr_cantidad,vgr_total) VALUES (@@@2013.08.07@@@,32,340,113345)','',2,'2013-08-08'),(49652,'INSERT INTO com_ventas_grupo (vgr_fecha,vgr_grupo,vgr_cantidad,vgr_total) VALUES (@@@2013.08.07@@@,35,33,50440)','',2,'2013-08-08'),(49653,'INSERT INTO com_ventas_grupo (vgr_fecha,vgr_grupo,vgr_cantidad,vgr_total) VALUES (@@@2013.08.07@@@,36,5,1490)','',2,'2013-08-08'),(49654,'INSERT INTO com_ventas_grupo (vgr_fecha,vgr_grupo,vgr_cantidad,vgr_total) VALUES (@@@2013.08.07@@@,37,9,1460)','',2,'2013-08-08'),(49655,'INSERT INTO com_ventas_grupo (vgr_fecha,vgr_grupo,vgr_cantidad,vgr_total) VALUES (@@@2013.08.07@@@,38,4,5160)','',2,'2013-08-08'),(49656,'INSERT INTO com_ventas_grupo (vgr_fecha,vgr_grupo,vgr_cantidad,vgr_total) VALUES (@@@2013.08.07@@@,39,2,1690)','',2,'2013-08-08'),(49657,'INSERT INTO com_ventas_grupo (vgr_fecha,vgr_grupo,vgr_cantidad,vgr_total) VALUES (@@@2013.08.07@@@,40,7499,7499)','',2,'2013-08-08'),(49658,'INSERT INTO com_ventas_grupo (vgr_fecha,vgr_grupo,vgr_cantidad,vgr_total) VALUES (@@@2013.08.07@@@,42,29.135,27224)','',2,'2013-08-08'),(49659,'UPDATE mae_datos_empresa SET emp_oferta=@@@NO@@@','',2,'2013-08-08'),(49660,'INSERT INTO gne_vale_ferreteria (vfe_id,vfe_fecha,vfe_total,vfe_estado,vfe_entregado,usu_nusuario) VALUES (7483,@@@2013.08.08@@@,300,1,0,@@@s_diaz@@@)','',2,'2013-08-08'),(49661,'INSERT INTO gne_vale_ferreteria_mov (vfe_id,pro_codigo_plu,vfm_cantidad,vfm_unitario,vfm_total,vfm_entregado) VALUES (7483,2004,1,300,300,@@@NO@@@)','',2,'2013-08-08'),(49662,'INSERT INTO gne_vale_ferreteria (vfe_id,vfe_fecha,vfe_total,vfe_estado,vfe_entregado,usu_nusuario) VALUES (7484,@@@2013.08.08@@@,550,1,0,@@@s_diaz@@@)','',2,'2013-08-08'),(49663,'INSERT INTO gne_vale_ferreteria_mov (vfe_id,pro_codigo_plu,vfm_cantidad,vfm_unitario,vfm_total,vfm_entregado) VALUES (7484,764255,1,400,400,@@@NO@@@)','',2,'2013-08-08'),(49664,'INSERT INTO gne_vale_ferreteria_mov (vfe_id,pro_codigo_plu,vfm_cantidad,vfm_unitario,vfm_total,vfm_entregado) VALUES (7484,770035,1,150,150,@@@NO@@@)','',2,'2013-08-08'),(49665,'INSERT INTO gne_vale_ferreteria (vfe_id,vfe_fecha,vfe_total,vfe_estado,vfe_entregado,usu_nusuario) VALUES (7485,@@@2013.08.08@@@,660,1,0,@@@s_diaz@@@)','',2,'2013-08-08'),(49666,'INSERT INTO gne_vale_ferreteria_mov (vfe_id,pro_codigo_plu,vfm_cantidad,vfm_unitario,vfm_total,vfm_entregado) VALUES (7485,780220186,2,330,660,@@@NO@@@)','',2,'2013-08-08'),(49667,'INSERT INTO gne_vale_ferreteria (vfe_id,vfe_fecha,vfe_total,vfe_estado,vfe_entregado,usu_nusuario) VALUES (7486,@@@2013.08.08@@@,3880,1,0,@@@s_diaz@@@)','',2,'2013-08-08'),(49668,'INSERT INTO gne_vale_ferreteria_mov (vfe_id,pro_codigo_plu,vfm_cantidad,vfm_unitario,vfm_total,vfm_entregado) VALUES (7486,20976,1,1990,1990,@@@NO@@@)','',2,'2013-08-08'),(49669,'INSERT INTO gne_vale_ferreteria_mov (vfe_id,pro_codigo_plu,vfm_cantidad,vfm_unitario,vfm_total,vfm_entregado) VALUES (7486,101625,1,1890,1890,@@@NO@@@)','',2,'2013-08-08'),(49670,'INSERT INTO mae_productos (pro_codigo_plu,pro_codigo_barra,pro_tipo,pro_nombre_producto,pro_nombre_corto,med_id,emb_id,pro_unidades_embalaje,dep_id,lin_id,mar_id,pro_precio_compra_neto,pro_precio_compra_bruto,pro_precio_venta,pro_margen_actual,pro_oferta,pro_fecha_inicio_oferta,pro_fecha_termino_oferta,pro_precio_oferta,pro_stock_minimo,pro_stock_critico,pro_entradas_bodega,pro_salidas_bodega,pro_mermas_bodega,pro_ajustes_bodega,pro_entradas_sv,pro_salidas_sv,pro_mermas_sv,pro_ajustes_sv,pro_activo,rec_numero,pro_unidad,pro_capacidad,pro_consumo_bodega,pro_consumo_sv,pro_estado,pro_funcion_plu,pro_flejes,pro_iva,pro_plu_asociado,pro_envase,pro_duracion,pro_numero_etiqueta) VALUES (780721615,@@@7509546038346@@@,@@@0@@@,@@@DESODORANTE MILLIONAIRE GOLD@@@,@@@DESODORANTE MILL@@@,@@@5 @@@,@@@3 @@@,@@@0@@@,@@@21 @@@,@@@118@@@,@@@1008@@@,@@@0@@@,@@@0@@@,@@@1@@@,@@@0@@@,@@@@@@,@@@2013.08.08@@@,@@@2013.08.08@@@,@@@0@@@,@@@0@@@,@@@0@@@,@@@0@@@,@@@0@@@,@@@0@@@,@@@0@@@,@@@0@@@,@@@0@@@,@@@0@@@,@@@0@@@,@@@1@@@,@@@0@@@,0,60,0,0,2,0,1,1,0,@@@NO@@@,0,0)','',2,'2013-08-08'),(49671,'DELETE FROM mae_impuestos_productos WHERE pro_codigo_plu=@@@780721615@@@','',2,'2013-08-08'),(49672,'INSERT INTO mae_productos (pro_codigo_plu,pro_codigo_barra,pro_tipo,pro_nombre_producto,pro_nombre_corto,med_id,emb_id,pro_unidades_embalaje,dep_id,lin_id,mar_id,pro_precio_compra_neto,pro_precio_compra_bruto,pro_precio_venta,pro_margen_actual,pro_oferta,pro_fecha_inicio_oferta,pro_fecha_termino_oferta,pro_precio_oferta,pro_stock_minimo,pro_stock_critico,pro_entradas_bodega,pro_salidas_bodega,pro_mermas_bodega,pro_ajustes_bodega,pro_entradas_sv,pro_salidas_sv,pro_mermas_sv,pro_ajustes_sv,pro_activo,rec_numero,pro_unidad,pro_capacidad,pro_consumo_bodega,pro_consumo_sv,pro_estado,pro_funcion_plu,pro_flejes,pro_iva,pro_plu_asociado,pro_envase,pro_duracion,pro_numero_etiqueta) VALUES (780721616,@@@7509546038353@@@,@@@0@@@,@@@DESODORANTE MILLIONAIRE PINO@@@,@@@DESODORANTE MILL@@@,@@@5 @@@,@@@3 @@@,@@@0@@@,@@@21 @@@,@@@118@@@,@@@1987@@@,@@@0@@@,@@@0@@@,@@@1@@@,@@@0@@@,@@@@@@,@@@2013.08.08@@@,@@@2013.08.08@@@,@@@0@@@,@@@0@@@,@@@0@@@,@@@0@@@,@@@0@@@,@@@0@@@,@@@0@@@,@@@0@@@,@@@0@@@,@@@0@@@,@@@0@@@,@@@1@@@,@@@0@@@,0,60,0,0,2,0,1,1,0,@@@NO@@@,0,0)','',2,'2013-08-08'),(49673,'DELETE FROM mae_impuestos_productos WHERE pro_codigo_plu=@@@780721616@@@','',2,'2013-08-08'),(49674,'INSERT INTO gne_vale_ferreteria (vfe_id,vfe_fecha,vfe_total,vfe_estado,vfe_entregado,usu_nusuario) VALUES (7487,@@@2013.08.08@@@,980,1,0,@@@s_diaz@@@)','',2,'2013-08-08'),(49675,'INSERT INTO gne_vale_ferreteria_mov (vfe_id,pro_codigo_plu,vfm_cantidad,vfm_unitario,vfm_total,vfm_entregado) VALUES (7487,102341,2,490,980,@@@NO@@@)','',2,'2013-08-08'),(49676,'INSERT INTO gne_vale_ferreteria (vfe_id,vfe_fecha,vfe_total,vfe_estado,vfe_entregado,usu_nusuario) VALUES (7488,@@@2013.08.08@@@,60,1,0,@@@s_diaz@@@)','',2,'2013-08-08'),(49677,'INSERT INTO gne_vale_ferreteria_mov (vfe_id,pro_codigo_plu,vfm_cantidad,vfm_unitario,vfm_total,vfm_entregado) VALUES (7488,1544,2,30,60,@@@NO@@@)','',2,'2013-08-08'),(49678,'INSERT INTO gne_vale_ferreteria (vfe_id,vfe_fecha,vfe_total,vfe_estado,vfe_entregado,usu_nusuario) VALUES (7489,@@@2013.08.08@@@,1990,1,0,@@@s_diaz@@@)','',2,'2013-08-08'),(49679,'INSERT INTO gne_vale_ferreteria_mov (vfe_id,pro_codigo_plu,vfm_cantidad,vfm_unitario,vfm_total,vfm_entregado) VALUES (7489,764909,1,1990,1990,@@@NO@@@)','',2,'2013-08-08'),(49680,'INSERT INTO gne_vale_ferreteria (vfe_id,vfe_fecha,vfe_total,vfe_estado,vfe_entregado,usu_nusuario) VALUES (7490,@@@2013.08.08@@@,790,1,0,@@@m_martinez@@@)','',2,'2013-08-08'),(49681,'INSERT INTO gne_vale_ferreteria_mov (vfe_id,pro_codigo_plu,vfm_cantidad,vfm_unitario,vfm_total,vfm_entregado) VALUES (7490,7051,1,100,100,@@@NO@@@)','',2,'2013-08-08'),(49682,'INSERT INTO gne_vale_ferreteria_mov (vfe_id,pro_codigo_plu,vfm_cantidad,vfm_unitario,vfm_total,vfm_entregado) VALUES (7490,7052,1,200,200,@@@NO@@@)','',2,'2013-08-08'),(49683,'INSERT INTO gne_vale_ferreteria_mov (vfe_id,pro_codigo_plu,vfm_cantidad,vfm_unitario,vfm_total,vfm_entregado) VALUES (7490,3003,1,490,490,@@@NO@@@)','',2,'2013-08-08'),(49684,'INSERT INTO gne_vale_ferreteria (vfe_id,vfe_fecha,vfe_total,vfe_estado,vfe_entregado,usu_nusuario) VALUES (7491,@@@2013.08.08@@@,180,1,0,@@@m_martinez@@@)','',2,'2013-08-08'),(49685,'INSERT INTO gne_vale_ferreteria_mov (vfe_id,pro_codigo_plu,vfm_cantidad,vfm_unitario,vfm_total,vfm_entregado) VALUES (7491,780721143,1,180,180,@@@NO@@@)','',2,'2013-08-08'),(49686,'INSERT INTO gne_vale_ferreteria (vfe_id,vfe_fecha,vfe_total,vfe_estado,vfe_entregado,usu_nusuario) VALUES (7492,@@@2013.08.08@@@,1950,1,0,@@@m_martinez@@@)','',2,'2013-08-08'),(49687,'INSERT INTO gne_vale_ferreteria_mov (vfe_id,pro_codigo_plu,vfm_cantidad,vfm_unitario,vfm_total,vfm_entregado) VALUES (7492,78016972,1,160,160,@@@NO@@@)','',2,'2013-08-08'),(49688,'INSERT INTO gne_vale_ferreteria_mov (vfe_id,pro_codigo_plu,vfm_cantidad,vfm_unitario,vfm_total,vfm_entregado) VALUES (7492,780721057,1,190,190,@@@NO@@@)','',2,'2013-08-08'),(49689,'INSERT INTO gne_vale_ferreteria_mov (vfe_id,pro_codigo_plu,vfm_cantidad,vfm_unitario,vfm_total,vfm_entregado) VALUES (7492,763740,1,1350,1350,@@@NO@@@)','',2,'2013-08-08'),(49690,'INSERT INTO gne_vale_ferreteria_mov (vfe_id,pro_codigo_plu,vfm_cantidad,vfm_unitario,vfm_total,vfm_entregado) VALUES (7492,770001,2,80,160,@@@NO@@@)','',2,'2013-08-08'),(49691,'INSERT INTO gne_vale_ferreteria_mov (vfe_id,pro_codigo_plu,vfm_cantidad,vfm_unitario,vfm_total,vfm_entregado) VALUES (7492,78017026,1,90,90,@@@NO@@@)','',2,'2013-08-08'),(49692,'INSERT INTO gne_vale_ferreteria (vfe_id,vfe_fecha,vfe_total,vfe_estado,vfe_entregado,usu_nusuario) VALUES (7493,@@@2013.08.08@@@,650,1,0,@@@m_martinez@@@)','',2,'2013-08-08'),(49693,'INSERT INTO gne_vale_ferreteria_mov (vfe_id,pro_codigo_plu,vfm_cantidad,vfm_unitario,vfm_total,vfm_entregado) VALUES (7493,20146,2,100,200,@@@NO@@@)','',2,'2013-08-08'),(49694,'INSERT INTO gne_vale_ferreteria_mov (vfe_id,pro_codigo_plu,vfm_cantidad,vfm_unitario,vfm_total,vfm_entregado) VALUES (7493,20365,1,100,100,@@@NO@@@)','',2,'2013-08-08'),(49695,'INSERT INTO gne_vale_ferreteria_mov (vfe_id,pro_codigo_plu,vfm_cantidad,vfm_unitario,vfm_total,vfm_entregado) VALUES (7493,102408,1,350,350,@@@NO@@@)','',2,'2013-08-08'),(49696,'INSERT INTO gne_vale_ferreteria (vfe_id,vfe_fecha,vfe_total,vfe_estado,vfe_entregado,usu_nusuario) VALUES (7494,@@@2013.08.08@@@,250,1,0,@@@m_martinez@@@)','',2,'2013-08-08'),(49697,'INSERT INTO gne_vale_ferreteria_mov (vfe_id,pro_codigo_plu,vfm_cantidad,vfm_unitario,vfm_total,vfm_entregado) VALUES (7494,1605,10,10,100,@@@NO@@@)','',2,'2013-08-08'),(49698,'INSERT INTO gne_vale_ferreteria_mov (vfe_id,pro_codigo_plu,vfm_cantidad,vfm_unitario,vfm_total,vfm_entregado) VALUES (7494,78017018,1,150,150,@@@NO@@@)','',2,'2013-08-08'),(49699,'INSERT INTO gne_vale_ferreteria (vfe_id,vfe_fecha,vfe_total,vfe_estado,vfe_entregado,usu_nusuario) VALUES (7495,@@@2013.08.08@@@,80,1,0,@@@m_martinez@@@)','',2,'2013-08-08'),(49700,'INSERT INTO gne_vale_ferreteria_mov (vfe_id,pro_codigo_plu,vfm_cantidad,vfm_unitario,vfm_total,vfm_entregado) VALUES (7495,78017191,2,40,80,@@@NO@@@)','',2,'2013-08-08'),(49701,'INSERT INTO gne_vale_ferreteria (vfe_id,vfe_fecha,vfe_total,vfe_estado,vfe_entregado,usu_nusuario) VALUES (7496,@@@2013.08.08@@@,160,1,0,@@@m_martinez@@@)','',2,'2013-08-08'),(49702,'INSERT INTO gne_vale_ferreteria_mov (vfe_id,pro_codigo_plu,vfm_cantidad,vfm_unitario,vfm_total,vfm_entregado) VALUES (7496,78017191,4,40,160,@@@NO@@@)','',2,'2013-08-08'),(49703,'INSERT INTO gne_vale_ferreteria (vfe_id,vfe_fecha,vfe_total,vfe_estado,vfe_entregado,usu_nusuario) VALUES (7497,@@@2013.08.08@@@,6070,1,0,@@@m_martinez@@@)','',2,'2013-08-08'),(49704,'INSERT INTO gne_vale_ferreteria_mov (vfe_id,pro_codigo_plu,vfm_cantidad,vfm_unitario,vfm_total,vfm_entregado) VALUES (7497,20998,1,1990,1990,@@@NO@@@)','',2,'2013-08-08'),(49705,'INSERT INTO gne_vale_ferreteria_mov (vfe_id,pro_codigo_plu,vfm_cantidad,vfm_unitario,vfm_total,vfm_entregado) VALUES (7497,780721460,1,2490,2490,@@@NO@@@)','',2,'2013-08-08'),(49706,'INSERT INTO gne_vale_ferreteria_mov (vfe_id,pro_codigo_plu,vfm_cantidad,vfm_unitario,vfm_total,vfm_entregado) VALUES (7497,763195,1,1590,1590,@@@NO@@@)','',2,'2013-08-08'),(49707,'INSERT INTO gne_vale_ferreteria (vfe_id,vfe_fecha,vfe_total,vfe_estado,vfe_entregado,usu_nusuario) VALUES (7498,@@@2013.08.08@@@,640,1,0,@@@m_martinez@@@)','',2,'2013-08-08'),(49708,'INSERT INTO gne_vale_ferreteria_mov (vfe_id,pro_codigo_plu,vfm_cantidad,vfm_unitario,vfm_total,vfm_entregado) VALUES (7498,763592,1,200,200,@@@NO@@@)','',2,'2013-08-08'),(49709,'INSERT INTO gne_vale_ferreteria_mov (vfe_id,pro_codigo_plu,vfm_cantidad,vfm_unitario,vfm_total,vfm_entregado) VALUES (7498,764768,2,220,440,@@@NO@@@)','',2,'2013-08-08'),(49710,'INSERT INTO gne_vale_ferreteria (vfe_id,vfe_fecha,vfe_total,vfe_estado,vfe_entregado,usu_nusuario) VALUES (7499,@@@2013.08.08@@@,260,1,0,@@@m_martinez@@@)','',2,'2013-08-08'),(49711,'INSERT INTO gne_vale_ferreteria_mov (vfe_id,pro_codigo_plu,vfm_cantidad,vfm_unitario,vfm_total,vfm_entregado) VALUES (7499,102455,2,130,260,@@@NO@@@)','',2,'2013-08-08'),(49712,'INSERT INTO gne_vale_ferreteria (vfe_id,vfe_fecha,vfe_total,vfe_estado,vfe_entregado,usu_nusuario) VALUES (7500,@@@2013.08.08@@@,200,1,0,@@@m_martinez@@@)','',2,'2013-08-08'),(49713,'INSERT INTO gne_vale_ferreteria_mov (vfe_id,pro_codigo_plu,vfm_cantidad,vfm_unitario,vfm_total,vfm_entregado) VALUES (7500,78017176,1,200,200,@@@NO@@@)','',2,'2013-08-08'),(49714,'INSERT INTO gne_vale_ferreteria (vfe_id,vfe_fecha,vfe_total,vfe_estado,vfe_entregado,usu_nusuario) VALUES (7501,@@@2013.08.08@@@,50,1,0,@@@m_martinez@@@)','',2,'2013-08-08'),(49715,'INSERT INTO gne_vale_ferreteria_mov (vfe_id,pro_codigo_plu,vfm_cantidad,vfm_unitario,vfm_total,vfm_entregado) VALUES (7501,770000,1,50,50,@@@NO@@@)','',2,'2013-08-08'),(49716,'INSERT INTO gne_vale_ferreteria (vfe_id,vfe_fecha,vfe_total,vfe_estado,vfe_entregado,usu_nusuario) VALUES (7502,@@@2013.08.08@@@,490,1,0,@@@m_martinez@@@)','',2,'2013-08-08'),(49717,'INSERT INTO gne_vale_ferreteria_mov (vfe_id,pro_codigo_plu,vfm_cantidad,vfm_unitario,vfm_total,vfm_entregado) VALUES (7502,78017198,1,490,490,@@@NO@@@)','',2,'2013-08-08'),(49718,'INSERT INTO gne_vale_ferreteria (vfe_id,vfe_fecha,vfe_total,vfe_estado,vfe_entregado,usu_nusuario) VALUES (7503,@@@2013.08.08@@@,1200,1,0,@@@m_martinez@@@)','',2,'2013-08-08'),(49719,'INSERT INTO gne_vale_ferreteria_mov (vfe_id,pro_codigo_plu,vfm_cantidad,vfm_unitario,vfm_total,vfm_entregado) VALUES (7503,780721128,3,150,450,@@@NO@@@)','',2,'2013-08-08'),(49720,'INSERT INTO gne_vale_ferreteria_mov (vfe_id,pro_codigo_plu,vfm_cantidad,vfm_unitario,vfm_total,vfm_entregado) VALUES (7503,780220139,3,250,750,@@@NO@@@)','',2,'2013-08-08'),(49721,'INSERT INTO gne_vale_ferreteria (vfe_id,vfe_fecha,vfe_total,vfe_estado,vfe_entregado,usu_nusuario) VALUES (7504,@@@2013.08.08@@@,1380,1,0,@@@m_martinez@@@)','',2,'2013-08-08'),(49722,'INSERT INTO gne_vale_ferreteria_mov (vfe_id,pro_codigo_plu,vfm_cantidad,vfm_unitario,vfm_total,vfm_entregado) VALUES (7504,765005,2,690,1380,@@@NO@@@)','',2,'2013-08-08'),(49723,'INSERT INTO gne_vale_ferreteria (vfe_id,vfe_fecha,vfe_total,vfe_estado,vfe_entregado,usu_nusuario) VALUES (7505,@@@2013.08.08@@@,400,1,0,@@@m_martinez@@@)','',2,'2013-08-08'),(49724,'INSERT INTO gne_vale_ferreteria_mov (vfe_id,pro_codigo_plu,vfm_cantidad,vfm_unitario,vfm_total,vfm_entregado) VALUES (7505,770065,4,100,400,@@@NO@@@)','',2,'2013-08-08'),(49725,'INSERT INTO gne_vale_ferreteria (vfe_id,vfe_fecha,vfe_total,vfe_estado,vfe_entregado,usu_nusuario) VALUES (7506,@@@2013.08.08@@@,790,1,0,@@@m_martinez@@@)','',2,'2013-08-08'),(49726,'INSERT INTO gne_vale_ferreteria_mov (vfe_id,pro_codigo_plu,vfm_cantidad,vfm_unitario,vfm_total,vfm_entregado) VALUES (7506,764587,1,790,790,@@@NO@@@)','',2,'2013-08-08'),(49727,'INSERT INTO gne_vale_ferreteria (vfe_id,vfe_fecha,vfe_total,vfe_estado,vfe_entregado,usu_nusuario) VALUES (7507,@@@2013.08.08@@@,2130,1,0,@@@m_martinez@@@)','',2,'2013-08-08'),(49728,'INSERT INTO gne_vale_ferreteria_mov (vfe_id,pro_codigo_plu,vfm_cantidad,vfm_unitario,vfm_total,vfm_entregado) VALUES (7507,780721428,1,750,750,@@@NO@@@)','',2,'2013-08-08'),(49729,'INSERT INTO gne_vale_ferreteria_mov (vfe_id,pro_codigo_plu,vfm_cantidad,vfm_unitario,vfm_total,vfm_entregado) VALUES (7507,770084,1,690,690,@@@NO@@@)','',2,'2013-08-08'),(49730,'INSERT INTO gne_vale_ferreteria_mov (vfe_id,pro_codigo_plu,vfm_cantidad,vfm_unitario,vfm_total,vfm_entregado) VALUES (7507,770085,1,690,690,@@@NO@@@)','',2,'2013-08-08'),(49731,'INSERT INTO gne_vale_ferreteria (vfe_id,vfe_fecha,vfe_total,vfe_estado,vfe_entregado,usu_nusuario) VALUES (7508,@@@2013.08.08@@@,1750,1,0,@@@m_martinez@@@)','',2,'2013-08-08'),(49732,'INSERT INTO gne_vale_ferreteria_mov (vfe_id,pro_codigo_plu,vfm_cantidad,vfm_unitario,vfm_total,vfm_entregado) VALUES (7508,761650,1,1750,1750,@@@NO@@@)','',2,'2013-08-08'),(49733,'INSERT INTO gne_vale_ferreteria (vfe_id,vfe_fecha,vfe_total,vfe_estado,vfe_entregado,usu_nusuario) VALUES (7509,@@@2013.08.08@@@,1150,1,0,@@@m_martinez@@@)','',2,'2013-08-08'),(49734,'INSERT INTO gne_vale_ferreteria_mov (vfe_id,pro_codigo_plu,vfm_cantidad,vfm_unitario,vfm_total,vfm_entregado) VALUES (7509,763891,1,1150,1150,@@@NO@@@)','',2,'2013-08-08'),(49735,'UPDATE mae_productos SET pro_precio_compra_bruto=1700,pro_margen_actual=(pro_precio_venta-1700)/1700 * 100,pro_ultima_compra=@@@2013.08.08@@@,pro_ultimo_proveedor=@@@14094193-K@@@ WHERE pro_codigo_plu=209','',2,'2013-08-08'),(49736,'UPDATE mae_productos SET pro_precio_compra_bruto=1600,pro_margen_actual=(pro_precio_venta-1600)/1600 * 100,pro_ultima_compra=@@@2013.08.08@@@,pro_ultimo_proveedor=@@@14094193-K@@@ WHERE pro_codigo_plu=306','',2,'2013-08-08'),(49737,'INSERT INTO gne_vale_ferreteria (vfe_id,vfe_fecha,vfe_total,vfe_estado,vfe_entregado,usu_nusuario) VALUES (7510,@@@2013.08.08@@@,790,1,0,@@@m_martinez@@@)','',2,'2013-08-08'),(49738,'INSERT INTO gne_vale_ferreteria_mov (vfe_id,pro_codigo_plu,vfm_cantidad,vfm_unitario,vfm_total,vfm_entregado) VALUES (7510,763804,1,790,790,@@@NO@@@)','',2,'2013-08-08'),(49739,'INSERT INTO gne_vale_ferreteria (vfe_id,vfe_fecha,vfe_total,vfe_estado,vfe_entregado,usu_nusuario) VALUES (7511,@@@2013.08.08@@@,2789,1,0,@@@m_martinez@@@)','',2,'2013-08-08'),(49740,'INSERT INTO gne_vale_ferreteria_mov (vfe_id,pro_codigo_plu,vfm_cantidad,vfm_unitario,vfm_total,vfm_entregado) VALUES (7511,764285,1,499,499,@@@NO@@@)','',2,'2013-08-08'),(49741,'INSERT INTO gne_vale_ferreteria_mov (vfe_id,pro_codigo_plu,vfm_cantidad,vfm_unitario,vfm_total,vfm_entregado) VALUES (7511,763695,1,2290,2290,@@@NO@@@)','',2,'2013-08-08'),(49742,'INSERT INTO gne_vale_ferreteria (vfe_id,vfe_fecha,vfe_total,vfe_estado,vfe_entregado,usu_nusuario) VALUES (7512,@@@2013.08.08@@@,890,1,0,@@@m_martinez@@@)','',2,'2013-08-08'),(49743,'INSERT INTO gne_vale_ferreteria_mov (vfe_id,pro_codigo_plu,vfm_cantidad,vfm_unitario,vfm_total,vfm_entregado) VALUES (7512,763610,1,890,890,@@@NO@@@)','',2,'2013-08-08'),(49744,'INSERT INTO gne_vale_ferreteria (vfe_id,vfe_fecha,vfe_total,vfe_estado,vfe_entregado,usu_nusuario) VALUES (7513,@@@2013.08.08@@@,1980,1,0,@@@m_martinez@@@)','',2,'2013-08-08'),(49745,'INSERT INTO gne_vale_ferreteria_mov (vfe_id,pro_codigo_plu,vfm_cantidad,vfm_unitario,vfm_total,vfm_entregado) VALUES (7513,780220138,2,990,1980,@@@NO@@@)','',2,'2013-08-08'),(49746,'INSERT INTO gne_vale_ferreteria (vfe_id,vfe_fecha,vfe_total,vfe_estado,vfe_entregado,usu_nusuario) VALUES (7514,@@@2013.08.08@@@,390,1,0,@@@m_martinez@@@)','',2,'2013-08-08'),(49747,'INSERT INTO gne_vale_ferreteria_mov (vfe_id,pro_codigo_plu,vfm_cantidad,vfm_unitario,vfm_total,vfm_entregado) VALUES (7514,780721387,3,130,390,@@@NO@@@)','',2,'2013-08-08'),(49748,'INSERT INTO gne_vale_ferreteria (vfe_id,vfe_fecha,vfe_total,vfe_estado,vfe_entregado,usu_nusuario) VALUES (7515,@@@2013.08.08@@@,2700,1,0,@@@m_martinez@@@)','',2,'2013-08-08'),(49749,'INSERT INTO gne_vale_ferreteria_mov (vfe_id,pro_codigo_plu,vfm_cantidad,vfm_unitario,vfm_total,vfm_entregado) VALUES (7515,763479,2,1350,2700,@@@NO@@@)','',2,'2013-08-08'),(49750,'INSERT INTO gne_vale_ferreteria (vfe_id,vfe_fecha,vfe_total,vfe_estado,vfe_entregado,usu_nusuario) VALUES (7516,@@@2013.08.08@@@,60,1,0,@@@m_martinez@@@)','',2,'2013-08-08'),(49751,'INSERT INTO gne_vale_ferreteria_mov (vfe_id,pro_codigo_plu,vfm_cantidad,vfm_unitario,vfm_total,vfm_entregado) VALUES (7516,764780,1,60,60,@@@NO@@@)','',2,'2013-08-08'),(49752,'UPDATE mae_productos SET pro_precio_venta=750,pro_margen_actual=33.93, pro_precio_compra_bruto=560, pro_precio_compra_neto=470.588235294118 WHERE pro_codigo_plu=17225','',2,'2013-08-08'),(49753,'UPDATE mae_productos SET pro_precio_venta=750,pro_margen_actual=33.93, pro_precio_compra_bruto=560, pro_precio_compra_neto=470.588235294118 WHERE pro_codigo_plu=17313','',2,'2013-08-08'),(49754,'INSERT INTO gne_vale_ferreteria (vfe_id,vfe_fecha,vfe_total,vfe_estado,vfe_entregado,usu_nusuario) VALUES (7517,@@@2013.08.08@@@,390,1,0,@@@m_martinez@@@)','',2,'2013-08-08'),(49755,'INSERT INTO gne_vale_ferreteria_mov (vfe_id,pro_codigo_plu,vfm_cantidad,vfm_unitario,vfm_total,vfm_entregado) VALUES (7517,102455,3,130,390,@@@NO@@@)','',2,'2013-08-08'),(49756,'UPDATE mae_productos SET pro_precio_compra_bruto=400,pro_margen_actual=(pro_precio_venta-400)/400 * 100,pro_ultima_compra=@@@2013.08.08@@@,pro_ultimo_proveedor=@@@93281000-k@@@ WHERE pro_codigo_plu=17329','',2,'2013-08-08'),(49757,'UPDATE mae_productos SET pro_precio_compra_bruto=508,pro_margen_actual=(pro_precio_venta-508)/508 * 100,pro_ultima_compra=@@@2013.08.08@@@,pro_ultimo_proveedor=@@@93281000-k@@@ WHERE pro_codigo_plu=78017107','',2,'2013-08-08'),(49758,'UPDATE mae_productos SET pro_precio_compra_bruto=280,pro_margen_actual=(pro_precio_venta-280)/280 * 100,pro_ultima_compra=@@@2013.08.08@@@,pro_ultimo_proveedor=@@@93281000-k@@@ WHERE pro_codigo_plu=763391','',2,'2013-08-08'),(49759,'UPDATE mae_productos SET pro_precio_compra_bruto=1236.3,pro_margen_actual=(pro_precio_venta-1236.3)/1236.3 * 100,pro_ultima_compra=@@@2013.08.08@@@,pro_ultimo_proveedor=@@@93281000-k@@@ WHERE pro_codigo_plu=17334','',2,'2013-08-08'),(49760,'UPDATE mae_productos SET pro_precio_compra_bruto=951,pro_margen_actual=(pro_precio_venta-951)/951 * 100,pro_ultima_compra=@@@2013.08.08@@@,pro_ultimo_proveedor=@@@93281000-k@@@ WHERE pro_codigo_plu=762257','',2,'2013-08-08'),(49761,'UPDATE mae_productos SET pro_precio_compra_bruto=929.85,pro_margen_actual=(pro_precio_venta-929.85)/929.85 * 100,pro_ultima_compra=@@@2013.08.08@@@,pro_ultimo_proveedor=@@@93281000-k@@@ WHERE pro_codigo_plu=761540','',2,'2013-08-08'),(49762,'UPDATE mae_productos SET pro_precio_compra_bruto=929.8,pro_margen_actual=(pro_precio_venta-929.8)/929.8 * 100,pro_ultima_compra=@@@2013.08.08@@@,pro_ultimo_proveedor=@@@93281000-k@@@ WHERE pro_codigo_plu=761542','',2,'2013-08-08'),(49763,'UPDATE mae_productos SET pro_precio_compra_bruto=520,pro_margen_actual=(pro_precio_venta-520)/520 * 100,pro_ultima_compra=@@@2013.08.08@@@,pro_ultimo_proveedor=@@@93281000-k@@@ WHERE pro_codigo_plu=17190','',2,'2013-08-08'),(49764,'UPDATE mae_productos SET pro_precio_compra_bruto=560,pro_margen_actual=(pro_precio_venta-560)/560 * 100,pro_ultima_compra=@@@2013.08.08@@@,pro_ultimo_proveedor=@@@93281000-k@@@ WHERE pro_codigo_plu=17225','',2,'2013-08-08'),(49765,'UPDATE mae_productos SET pro_precio_compra_bruto=560,pro_margen_actual=(pro_precio_venta-560)/560 * 100,pro_ultima_compra=@@@2013.08.08@@@,pro_ultimo_proveedor=@@@93281000-k@@@ WHERE pro_codigo_plu=17313','',2,'2013-08-08'),(49766,'UPDATE mae_productos SET pro_precio_compra_bruto=1236.3,pro_margen_actual=(pro_precio_venta-1236.3)/1236.3 * 100,pro_ultima_compra=@@@2013.08.08@@@,pro_ultimo_proveedor=@@@93281000-k@@@ WHERE pro_codigo_plu=17162','',2,'2013-08-08'),(49767,'UPDATE mae_productos SET pro_precio_compra_bruto=1236.3,pro_margen_actual=(pro_precio_venta-1236.3)/1236.3 * 100,pro_ultima_compra=@@@2013.08.08@@@,pro_ultimo_proveedor=@@@93281000-k@@@ WHERE pro_codigo_plu=17219','',2,'2013-08-08'),(49768,'UPDATE mae_productos SET pro_precio_compra_bruto=400,pro_margen_actual=(pro_precio_venta-400)/400 * 100,pro_ultima_compra=@@@2013.08.08@@@,pro_ultimo_proveedor=@@@93281000-k@@@ WHERE pro_codigo_plu=17205','',2,'2013-08-08'),(49769,'UPDATE mae_productos SET pro_precio_compra_bruto=508,pro_margen_actual=(pro_precio_venta-508)/508 * 100,pro_ultima_compra=@@@2013.08.08@@@,pro_ultimo_proveedor=@@@93281000-k@@@ WHERE pro_codigo_plu=78017106','',2,'2013-08-08'),(49770,'INSERT INTO gne_vale_ferreteria (vfe_id,vfe_fecha,vfe_total,vfe_estado,vfe_entregado,usu_nusuario) VALUES (7518,@@@2013.08.08@@@,2880,1,0,@@@m_martinez@@@)','',2,'2013-08-08'),(49771,'INSERT INTO gne_vale_ferreteria_mov (vfe_id,pro_codigo_plu,vfm_cantidad,vfm_unitario,vfm_total,vfm_entregado) VALUES (7518,764686,1,1390,1390,@@@NO@@@)','',2,'2013-08-08'),(49772,'INSERT INTO gne_vale_ferreteria_mov (vfe_id,pro_codigo_plu,vfm_cantidad,vfm_unitario,vfm_total,vfm_entregado) VALUES (7518,10426,1,1490,1490,@@@NO@@@)','',2,'2013-08-08'),(49773,'INSERT INTO gne_vale_ferreteria (vfe_id,vfe_fecha,vfe_total,vfe_estado,vfe_entregado,usu_nusuario) VALUES (7519,@@@2013.08.08@@@,120,1,0,@@@m_martinez@@@)','',2,'2013-08-08'),(49774,'INSERT INTO gne_vale_ferreteria_mov (vfe_id,pro_codigo_plu,vfm_cantidad,vfm_unitario,vfm_total,vfm_entregado) VALUES (7519,764780,2,60,120,@@@NO@@@)','',2,'2013-08-08'),(49775,'INSERT INTO gne_vale_ferreteria (vfe_id,vfe_fecha,vfe_total,vfe_estado,vfe_entregado,usu_nusuario) VALUES (7520,@@@2013.08.08@@@,1050,1,0,@@@m_martinez@@@)','',2,'2013-08-08'),(49776,'INSERT INTO gne_vale_ferreteria_mov (vfe_id,pro_codigo_plu,vfm_cantidad,vfm_unitario,vfm_total,vfm_entregado) VALUES (7520,19150,3,350,1050,@@@NO@@@)','',2,'2013-08-08'),(49777,'INSERT INTO gne_vale_ferreteria (vfe_id,vfe_fecha,vfe_total,vfe_estado,vfe_entregado,usu_nusuario) VALUES (7521,@@@2013.08.08@@@,790,1,0,@@@m_martinez@@@)','',2,'2013-08-08'),(49778,'INSERT INTO gne_vale_ferreteria_mov (vfe_id,pro_codigo_plu,vfm_cantidad,vfm_unitario,vfm_total,vfm_entregado) VALUES (7521,764020,1,790,790,@@@NO@@@)','',2,'2013-08-08'),(49779,'INSERT INTO gne_vale_ferreteria (vfe_id,vfe_fecha,vfe_total,vfe_estado,vfe_entregado,usu_nusuario) VALUES (7522,@@@2013.08.08@@@,1440,1,0,@@@m_martinez@@@)','',2,'2013-08-08'),(49780,'INSERT INTO gne_vale_ferreteria_mov (vfe_id,pro_codigo_plu,vfm_cantidad,vfm_unitario,vfm_total,vfm_entregado) VALUES (7522,770096,3,480,1440,@@@NO@@@)','',2,'2013-08-08'),(49781,'INSERT INTO gne_vale_ferreteria (vfe_id,vfe_fecha,vfe_total,vfe_estado,vfe_entregado,usu_nusuario) VALUES (7523,@@@2013.08.08@@@,200,1,0,@@@m_martinez@@@)','',2,'2013-08-08'),(49782,'INSERT INTO gne_vale_ferreteria_mov (vfe_id,pro_codigo_plu,vfm_cantidad,vfm_unitario,vfm_total,vfm_entregado) VALUES (7523,78017191,5,40,200,@@@NO@@@)','',2,'2013-08-08'),(49783,'INSERT INTO gne_vale_ferreteria (vfe_id,vfe_fecha,vfe_total,vfe_estado,vfe_entregado,usu_nusuario) VALUES (7524,@@@2013.08.08@@@,200,1,0,@@@m_martinez@@@)','',2,'2013-08-08'),(49784,'INSERT INTO gne_vale_ferreteria_mov (vfe_id,pro_codigo_plu,vfm_cantidad,vfm_unitario,vfm_total,vfm_entregado) VALUES (7524,764833,20,10,200,@@@NO@@@)','',2,'2013-08-08'),(49785,'INSERT INTO gne_vale_ferreteria (vfe_id,vfe_fecha,vfe_total,vfe_estado,vfe_entregado,usu_nusuario) VALUES (7525,@@@2013.08.08@@@,620,1,0,@@@m_martinez@@@)','',2,'2013-08-08'),(49786,'INSERT INTO gne_vale_ferreteria_mov (vfe_id,pro_codigo_plu,vfm_cantidad,vfm_unitario,vfm_total,vfm_entregado) VALUES (7525,11378,1,620,620,@@@NO@@@)','',2,'2013-08-08'),(49787,'INSERT INTO gne_vale_ferreteria (vfe_id,vfe_fecha,vfe_total,vfe_estado,vfe_entregado,usu_nusuario) VALUES (7526,@@@2013.08.08@@@,990,1,0,@@@m_martinez@@@)','',2,'2013-08-08'),(49788,'INSERT INTO gne_vale_ferreteria_mov (vfe_id,pro_codigo_plu,vfm_cantidad,vfm_unitario,vfm_total,vfm_entregado) VALUES (7526,1576,1,990,990,@@@NO@@@)','',2,'2013-08-08'),(49789,'INSERT INTO gne_vale_ferreteria (vfe_id,vfe_fecha,vfe_total,vfe_estado,vfe_entregado,usu_nusuario) VALUES (7527,@@@2013.08.08@@@,790,1,0,@@@m_martinez@@@)','',2,'2013-08-08'),(49790,'INSERT INTO gne_vale_ferreteria_mov (vfe_id,pro_codigo_plu,vfm_cantidad,vfm_unitario,vfm_total,vfm_entregado) VALUES (7527,101454,1,790,790,@@@NO@@@)','',2,'2013-08-08'),(49791,'INSERT INTO gne_vale_ferreteria (vfe_id,vfe_fecha,vfe_total,vfe_estado,vfe_entregado,usu_nusuario) VALUES (7528,@@@2013.08.08@@@,200,1,0,@@@m_martinez@@@)','',2,'2013-08-08'),(49792,'INSERT INTO gne_vale_ferreteria_mov (vfe_id,pro_codigo_plu,vfm_cantidad,vfm_unitario,vfm_total,vfm_entregado) VALUES (7528,4089,1,200,200,@@@NO@@@)','',2,'2013-08-08'),(49793,'INSERT INTO gne_vale_ferreteria (vfe_id,vfe_fecha,vfe_total,vfe_estado,vfe_entregado,usu_nusuario) VALUES (7529,@@@2013.08.08@@@,4780,1,0,@@@m_martinez@@@)','',2,'2013-08-08'),(49794,'INSERT INTO gne_vale_ferreteria_mov (vfe_id,pro_codigo_plu,vfm_cantidad,vfm_unitario,vfm_total,vfm_entregado) VALUES (7529,763766,1,3390,3390,@@@NO@@@)','',2,'2013-08-08'),(49795,'INSERT INTO gne_vale_ferreteria_mov (vfe_id,pro_codigo_plu,vfm_cantidad,vfm_unitario,vfm_total,vfm_entregado) VALUES (7529,100979,1,1390,1390,@@@NO@@@)','',2,'2013-08-08'),(49796,'INSERT INTO gne_vale_ferreteria (vfe_id,vfe_fecha,vfe_total,vfe_estado,vfe_entregado,usu_nusuario) VALUES (7530,@@@2013.08.08@@@,1020,1,0,@@@m_martinez@@@)','',2,'2013-08-08'),(49797,'INSERT INTO gne_vale_ferreteria_mov (vfe_id,pro_codigo_plu,vfm_cantidad,vfm_unitario,vfm_total,vfm_entregado) VALUES (7530,761990,1,390,390,@@@NO@@@)','',2,'2013-08-08'),(49798,'INSERT INTO gne_vale_ferreteria_mov (vfe_id,pro_codigo_plu,vfm_cantidad,vfm_unitario,vfm_total,vfm_entregado) VALUES (7530,8022,2,120,240,@@@NO@@@)','',2,'2013-08-08'),(49799,'INSERT INTO gne_vale_ferreteria_mov (vfe_id,pro_codigo_plu,vfm_cantidad,vfm_unitario,vfm_total,vfm_entregado) VALUES (7530,78016971,1,390,390,@@@NO@@@)','',2,'2013-08-08'),(49800,'INSERT INTO gne_vale_ferreteria (vfe_id,vfe_fecha,vfe_total,vfe_estado,vfe_entregado,usu_nusuario) VALUES (7531,@@@2013.08.08@@@,240,1,0,@@@m_martinez@@@)','',2,'2013-08-08'),(49801,'INSERT INTO gne_vale_ferreteria_mov (vfe_id,pro_codigo_plu,vfm_cantidad,vfm_unitario,vfm_total,vfm_entregado) VALUES (7531,8022,2,120,240,@@@NO@@@)','',2,'2013-08-08'),(49802,'INSERT INTO gne_vale_ferreteria (vfe_id,vfe_fecha,vfe_total,vfe_estado,vfe_entregado,usu_nusuario) VALUES (7532,@@@2013.08.08@@@,1890,1,0,@@@m_martinez@@@)','',2,'2013-08-08'),(49803,'INSERT INTO gne_vale_ferreteria_mov (vfe_id,pro_codigo_plu,vfm_cantidad,vfm_unitario,vfm_total,vfm_entregado) VALUES (7532,762053,1,1890,1890,@@@NO@@@)','',2,'2013-08-08'),(49804,'INSERT INTO gne_vale_ferreteria (vfe_id,vfe_fecha,vfe_total,vfe_estado,vfe_entregado,usu_nusuario) VALUES (7533,@@@2013.08.08@@@,250,1,0,@@@m_martinez@@@)','',2,'2013-08-08'),(49805,'INSERT INTO gne_vale_ferreteria_mov (vfe_id,pro_codigo_plu,vfm_cantidad,vfm_unitario,vfm_total,vfm_entregado) VALUES (7533,764583,1,250,250,@@@NO@@@)','',2,'2013-08-08'),(49806,'INSERT INTO gne_vale_ferreteria (vfe_id,vfe_fecha,vfe_total,vfe_estado,vfe_entregado,usu_nusuario) VALUES (7534,@@@2013.08.08@@@,300,1,0,@@@m_martinez@@@)','',2,'2013-08-08'),(49807,'INSERT INTO gne_vale_ferreteria_mov (vfe_id,pro_codigo_plu,vfm_cantidad,vfm_unitario,vfm_total,vfm_entregado) VALUES (7534,78017049,1,300,300,@@@NO@@@)','',2,'2013-08-08'),(49808,'INSERT INTO gne_vale_ferreteria (vfe_id,vfe_fecha,vfe_total,vfe_estado,vfe_entregado,usu_nusuario) VALUES (7535,@@@2013.08.08@@@,840,1,0,@@@m_martinez@@@)','',2,'2013-08-08'),(49809,'INSERT INTO gne_vale_ferreteria_mov (vfe_id,pro_codigo_plu,vfm_cantidad,vfm_unitario,vfm_total,vfm_entregado) VALUES (7535,11670,1,840,840,@@@NO@@@)','',2,'2013-08-08'),(49810,'INSERT INTO gne_vale_ferreteria (vfe_id,vfe_fecha,vfe_total,vfe_estado,vfe_entregado,usu_nusuario) VALUES (7536,@@@2013.08.08@@@,500,1,0,@@@m_martinez@@@)','',2,'2013-08-08'),(49811,'INSERT INTO gne_vale_ferreteria_mov (vfe_id,pro_codigo_plu,vfm_cantidad,vfm_unitario,vfm_total,vfm_entregado) VALUES (7536,780721186,2,250,500,@@@NO@@@)','',2,'2013-08-08'),(49812,'INSERT INTO gne_vale_ferreteria (vfe_id,vfe_fecha,vfe_total,vfe_estado,vfe_entregado,usu_nusuario) VALUES (7537,@@@2013.08.08@@@,420,1,0,@@@m_martinez@@@)','',2,'2013-08-08'),(49813,'INSERT INTO gne_vale_ferreteria_mov (vfe_id,pro_codigo_plu,vfm_cantidad,vfm_unitario,vfm_total,vfm_entregado) VALUES (7537,770037,2,210,420,@@@NO@@@)','',2,'2013-08-08'),(49814,'INSERT INTO gne_vale_ferreteria (vfe_id,vfe_fecha,vfe_total,vfe_estado,vfe_entregado,usu_nusuario) VALUES (7538,@@@2013.08.08@@@,540,1,0,@@@m_martinez@@@)','',2,'2013-08-08'),(49815,'INSERT INTO gne_vale_ferreteria_mov (vfe_id,pro_codigo_plu,vfm_cantidad,vfm_unitario,vfm_total,vfm_entregado) VALUES (7538,19916,1,540,540,@@@NO@@@)','',2,'2013-08-08'),(49816,'INSERT INTO gne_vale_ferreteria (vfe_id,vfe_fecha,vfe_total,vfe_estado,vfe_entregado,usu_nusuario) VALUES (7539,@@@2013.08.08@@@,1080,1,0,@@@m_martinez@@@)','',2,'2013-08-08'),(49817,'INSERT INTO gne_vale_ferreteria_mov (vfe_id,pro_codigo_plu,vfm_cantidad,vfm_unitario,vfm_total,vfm_entregado) VALUES (7539,19916,2,540,1080,@@@NO@@@)','',2,'2013-08-08'),(49818,'INSERT INTO gne_vale_ferreteria (vfe_id,vfe_fecha,vfe_total,vfe_estado,vfe_entregado,usu_nusuario) VALUES (7540,@@@2013.08.08@@@,350,1,0,@@@m_martinez@@@)','',2,'2013-08-08'),(49819,'INSERT INTO gne_vale_ferreteria_mov (vfe_id,pro_codigo_plu,vfm_cantidad,vfm_unitario,vfm_total,vfm_entregado) VALUES (7540,764333,1,350,350,@@@NO@@@)','',2,'2013-08-08'),(49820,'INSERT INTO gne_vale_ferreteria (vfe_id,vfe_fecha,vfe_total,vfe_estado,vfe_entregado,usu_nusuario) VALUES (7541,@@@2013.08.08@@@,1890,1,0,@@@m_martinez@@@)','',2,'2013-08-08'),(49821,'INSERT INTO gne_vale_ferreteria_mov (vfe_id,pro_codigo_plu,vfm_cantidad,vfm_unitario,vfm_total,vfm_entregado) VALUES (7541,780721543,1,1890,1890,@@@NO@@@)','',2,'2013-08-08'),(49822,'INSERT INTO gne_vale_ferreteria (vfe_id,vfe_fecha,vfe_total,vfe_estado,vfe_entregado,usu_nusuario) VALUES (7542,@@@2013.08.08@@@,120,1,0,@@@m_martinez@@@)','',2,'2013-08-08'),(49823,'INSERT INTO gne_vale_ferreteria_mov (vfe_id,pro_codigo_plu,vfm_cantidad,vfm_unitario,vfm_total,vfm_entregado) VALUES (7542,78017154,1,120,120,@@@NO@@@)','',2,'2013-08-08'),(49824,'INSERT INTO gne_vale_ferreteria (vfe_id,vfe_fecha,vfe_total,vfe_estado,vfe_entregado,usu_nusuario) VALUES (7543,@@@2013.08.08@@@,1980,1,0,@@@m_martinez@@@)','',2,'2013-08-08'),(49825,'INSERT INTO gne_vale_ferreteria_mov (vfe_id,pro_codigo_plu,vfm_cantidad,vfm_unitario,vfm_total,vfm_entregado) VALUES (7543,763852,2,990,1980,@@@NO@@@)','',2,'2013-08-08'),(49826,'INSERT INTO gne_vale_ferreteria (vfe_id,vfe_fecha,vfe_total,vfe_estado,vfe_entregado,usu_nusuario) VALUES (7544,@@@2013.08.08@@@,490,1,0,@@@m_martinez@@@)','',2,'2013-08-08'),(49827,'INSERT INTO gne_vale_ferreteria_mov (vfe_id,pro_codigo_plu,vfm_cantidad,vfm_unitario,vfm_total,vfm_entregado) VALUES (7544,764550,1,490,490,@@@NO@@@)','',2,'2013-08-08'),(49828,'UPDATE mae_productos SET pro_precio_venta=1999,pro_margen_actual=29.39, pro_precio_compra_bruto=1545, pro_precio_compra_neto=1298.31932773109 WHERE pro_codigo_plu=763404','',2,'2013-08-08'),(49829,'UPDATE mae_productos SET pro_precio_venta=1999,pro_margen_actual=29.39, pro_precio_compra_bruto=1545, pro_precio_compra_neto=1298.31932773109 WHERE pro_codigo_plu=763405','',2,'2013-08-08'),(49830,'INSERT INTO gne_vale_ferreteria (vfe_id,vfe_fecha,vfe_total,vfe_estado,vfe_entregado,usu_nusuario) VALUES (7545,@@@2013.08.08@@@,160,1,0,@@@m_martinez@@@)','',2,'2013-08-08'),(49831,'INSERT INTO gne_vale_ferreteria_mov (vfe_id,pro_codigo_plu,vfm_cantidad,vfm_unitario,vfm_total,vfm_entregado) VALUES (7545,770001,2,80,160,@@@NO@@@)','',2,'2013-08-08'),(49832,'INSERT INTO gne_vale_ferreteria (vfe_id,vfe_fecha,vfe_total,vfe_estado,vfe_entregado,usu_nusuario) VALUES (7546,@@@2013.08.08@@@,900,1,0,@@@m_martinez@@@)','',2,'2013-08-08'),(49833,'INSERT INTO gne_vale_ferreteria_mov (vfe_id,pro_codigo_plu,vfm_cantidad,vfm_unitario,vfm_total,vfm_entregado) VALUES (7546,780721128,6,150,900,@@@NO@@@)','',2,'2013-08-08'),(49834,'INSERT INTO gne_vale_ferreteria (vfe_id,vfe_fecha,vfe_total,vfe_estado,vfe_entregado,usu_nusuario) VALUES (7547,@@@2013.08.08@@@,120,1,0,@@@m_martinez@@@)','',2,'2013-08-08'),(49835,'INSERT INTO gne_vale_ferreteria_mov (vfe_id,pro_codigo_plu,vfm_cantidad,vfm_unitario,vfm_total,vfm_entregado) VALUES (7547,78017204,1,120,120,@@@NO@@@)','',2,'2013-08-08'),(49836,'INSERT INTO gne_vale_ferreteria (vfe_id,vfe_fecha,vfe_total,vfe_estado,vfe_entregado,usu_nusuario) VALUES (7548,@@@2013.08.08@@@,200,1,0,@@@m_martinez@@@)','',2,'2013-08-08'),(49837,'INSERT INTO gne_vale_ferreteria_mov (vfe_id,pro_codigo_plu,vfm_cantidad,vfm_unitario,vfm_total,vfm_entregado) VALUES (7548,763851,2,100,200,@@@NO@@@)','',2,'2013-08-08'),(49838,'UPDATE mae_productos SET pro_precio_fiscal=pro_precio_venta WHERE pro_codigo_plu=763404','',2,'2013-08-08'),(49839,'UPDATE mae_productos SET pro_precio_fiscal=pro_precio_venta WHERE pro_codigo_plu=763405','',2,'2013-08-08'),(49840,'UPDATE mae_productos SET pro_precio_compra_bruto=1545,pro_margen_actual=(pro_precio_venta-1545)/1545 * 100,pro_ultima_compra=@@@2013.08.08@@@,pro_ultimo_proveedor=@@@76005085-7@@@ WHERE pro_codigo_plu=763404','',2,'2013-08-08'),(49841,'UPDATE mae_productos SET pro_precio_compra_bruto=1545,pro_margen_actual=(pro_precio_venta-1545)/1545 * 100,pro_ultima_compra=@@@2013.08.08@@@,pro_ultimo_proveedor=@@@76005085-7@@@ WHERE pro_codigo_plu=763405','',2,'2013-08-08'),(49842,'INSERT INTO gne_vale_ferreteria (vfe_id,vfe_fecha,vfe_total,vfe_estado,vfe_entregado,usu_nusuario) VALUES (7549,@@@2013.08.08@@@,120,1,0,@@@m_martinez@@@)','',2,'2013-08-08'),(49843,'INSERT INTO gne_vale_ferreteria_mov (vfe_id,pro_codigo_plu,vfm_cantidad,vfm_unitario,vfm_total,vfm_entregado) VALUES (7549,78017204,1,120,120,@@@NO@@@)','',2,'2013-08-08'),(49844,'INSERT INTO gne_vale_ferreteria (vfe_id,vfe_fecha,vfe_total,vfe_estado,vfe_entregado,usu_nusuario) VALUES (7550,@@@2013.08.08@@@,490,1,0,@@@m_martinez@@@)','',2,'2013-08-08'),(49845,'INSERT INTO gne_vale_ferreteria_mov (vfe_id,pro_codigo_plu,vfm_cantidad,vfm_unitario,vfm_total,vfm_entregado) VALUES (7550,8022,1,120,120,@@@NO@@@)','',2,'2013-08-08'),(49846,'INSERT INTO gne_vale_ferreteria_mov (vfe_id,pro_codigo_plu,vfm_cantidad,vfm_unitario,vfm_total,vfm_entregado) VALUES (7550,763783,1,220,220,@@@NO@@@)','',2,'2013-08-08'),(49847,'INSERT INTO gne_vale_ferreteria_mov (vfe_id,pro_codigo_plu,vfm_cantidad,vfm_unitario,vfm_total,vfm_entregado) VALUES (7550,764118,1,150,150,@@@NO@@@)','',2,'2013-08-08'),(49848,'INSERT INTO gne_vale_ferreteria (vfe_id,vfe_fecha,vfe_total,vfe_estado,vfe_entregado,usu_nusuario) VALUES (7551,@@@2013.08.08@@@,695,1,0,@@@m_martinez@@@)','',2,'2013-08-08'),(49849,'INSERT INTO gne_vale_ferreteria_mov (vfe_id,pro_codigo_plu,vfm_cantidad,vfm_unitario,vfm_total,vfm_entregado) VALUES (7551,7050,1,695,695,@@@NO@@@)','',2,'2013-08-08'),(49850,'INSERT INTO gne_vale_ferreteria (vfe_id,vfe_fecha,vfe_total,vfe_estado,vfe_entregado,usu_nusuario) VALUES (7552,@@@2013.08.08@@@,1990,1,0,@@@m_martinez@@@)','',2,'2013-08-08'),(49851,'INSERT INTO gne_vale_ferreteria_mov (vfe_id,pro_codigo_plu,vfm_cantidad,vfm_unitario,vfm_total,vfm_entregado) VALUES (7552,780721477,1,1990,1990,@@@NO@@@)','',2,'2013-08-08'),(49852,'INSERT INTO mae_productos (pro_codigo_plu,pro_codigo_barra,pro_tipo,pro_nombre_producto,pro_nombre_corto,med_id,emb_id,pro_unidades_embalaje,dep_id,lin_id,mar_id,pro_precio_compra_neto,pro_precio_compra_bruto,pro_precio_venta,pro_margen_actual,pro_oferta,pro_fecha_inicio_oferta,pro_fecha_termino_oferta,pro_precio_oferta,pro_stock_minimo,pro_stock_critico,pro_entradas_bodega,pro_salidas_bodega,pro_mermas_bodega,pro_ajustes_bodega,pro_entradas_sv,pro_salidas_sv,pro_mermas_sv,pro_ajustes_sv,pro_activo,rec_numero,pro_unidad,pro_capacidad,pro_consumo_bodega,pro_consumo_sv,pro_estado,pro_funcion_plu,pro_flejes,pro_iva,pro_plu_asociado,pro_envase,pro_duracion,pro_numero_etiqueta) VALUES (780721617,@@@7802100001405@@@,@@@0@@@,@@@PACK HEINEKEN BOT 330CC X 6 UND@@@,@@@PACK HEINEKEN BO@@@,@@@6 @@@,@@@6 @@@,@@@4@@@,@@@7 @@@,@@@63@@@,@@@1785@@@,@@@0@@@,@@@3594@@@,@@@4499@@@,@@@25.18@@@,@@@@@@,@@@2006.09.07@@@,@@@2006.09.07@@@,@@@0@@@,@@@4@@@,@@@2@@@,@@@0@@@,@@@0@@@,@@@0@@@,@@@0@@@,@@@0@@@,@@@0@@@,@@@0@@@,@@@0@@@,@@@1@@@,@@@0@@@,0,330,0,0,2,0,1,1,0,@@@NO@@@,0,0)','',2,'2013-08-08'),(49853,'DELETE FROM mae_impuestos_productos WHERE pro_codigo_plu=@@@780721617@@@','',2,'2013-08-08'),(49854,'INSERT INTO gne_vale_ferreteria (vfe_id,vfe_fecha,vfe_total,vfe_estado,vfe_entregado,usu_nusuario) VALUES (7553,@@@2013.08.08@@@,200,1,0,@@@m_martinez@@@)','',2,'2013-08-08'),(49855,'INSERT INTO gne_vale_ferreteria_mov (vfe_id,pro_codigo_plu,vfm_cantidad,vfm_unitario,vfm_total,vfm_entregado) VALUES (7553,764832,1,150,150,@@@NO@@@)','',2,'2013-08-08'),(49856,'INSERT INTO gne_vale_ferreteria_mov (vfe_id,pro_codigo_plu,vfm_cantidad,vfm_unitario,vfm_total,vfm_entregado) VALUES (7553,764383,1,50,50,@@@NO@@@)','',2,'2013-08-08'),(49857,'INSERT INTO gne_vale_ferreteria (vfe_id,vfe_fecha,vfe_total,vfe_estado,vfe_entregado,usu_nusuario) VALUES (7554,@@@2013.08.08@@@,2540,1,0,@@@m_martinez@@@)','',2,'2013-08-08'),(49858,'INSERT INTO gne_vale_ferreteria_mov (vfe_id,pro_codigo_plu,vfm_cantidad,vfm_unitario,vfm_total,vfm_entregado) VALUES (7554,764995,1,550,550,@@@NO@@@)','',2,'2013-08-08'),(49859,'INSERT INTO gne_vale_ferreteria_mov (vfe_id,pro_codigo_plu,vfm_cantidad,vfm_unitario,vfm_total,vfm_entregado) VALUES (7554,764510,1,1990,1990,@@@NO@@@)','',2,'2013-08-08'),(49860,'INSERT INTO gne_vale_ferreteria (vfe_id,vfe_fecha,vfe_total,vfe_estado,vfe_entregado,usu_nusuario) VALUES (7555,@@@2013.08.08@@@,690,1,0,@@@m_martinez@@@)','',2,'2013-08-08'),(49861,'INSERT INTO gne_vale_ferreteria_mov (vfe_id,pro_codigo_plu,vfm_cantidad,vfm_unitario,vfm_total,vfm_entregado) VALUES (7555,765005,1,690,690,@@@NO@@@)','',2,'2013-08-08'),(49862,'INSERT INTO mae_productos (pro_codigo_plu,pro_codigo_barra,pro_tipo,pro_nombre_producto,pro_nombre_corto,med_id,emb_id,pro_unidades_embalaje,dep_id,lin_id,mar_id,pro_precio_compra_neto,pro_precio_compra_bruto,pro_precio_venta,pro_margen_actual,pro_oferta,pro_fecha_inicio_oferta,pro_fecha_termino_oferta,pro_precio_oferta,pro_stock_minimo,pro_stock_critico,pro_entradas_bodega,pro_salidas_bodega,pro_mermas_bodega,pro_ajustes_bodega,pro_entradas_sv,pro_salidas_sv,pro_mermas_sv,pro_ajustes_sv,pro_activo,rec_numero,pro_unidad,pro_capacidad,pro_consumo_bodega,pro_consumo_sv,pro_estado,pro_funcion_plu,pro_flejes,pro_iva,pro_plu_asociado,pro_envase,pro_duracion,pro_numero_etiqueta) VALUES (780721618,@@@7802100001122@@@,@@@0@@@,@@@PACK CRISTAL CERO BOT. 355CC X 6 UND@@@,@@@PACK CRISTAL CER@@@,@@@6 @@@,@@@6 @@@,@@@4@@@,@@@7 @@@,@@@63@@@,@@@1840@@@,@@@0@@@,@@@2694@@@,@@@3390@@@,@@@25.84@@@,@@@@@@,@@@2006.09.07@@@,@@@2006.09.07@@@,@@@0@@@,@@@3@@@,@@@1@@@,@@@0@@@,@@@0@@@,@@@0@@@,@@@0@@@,@@@0@@@,@@@0@@@,@@@0@@@,@@@0@@@,@@@1@@@,@@@0@@@,0,355,0,0,2,0,1,1,0,@@@NO@@@,0,0)','',2,'2013-08-08'),(49863,'DELETE FROM mae_impuestos_productos WHERE pro_codigo_plu=@@@780721618@@@','',2,'2013-08-08'),(49864,'INSERT INTO gne_vale_ferreteria (vfe_id,vfe_fecha,vfe_total,vfe_estado,vfe_entregado,usu_nusuario) VALUES (7556,@@@2013.08.08@@@,5080,1,0,@@@m_martinez@@@)','',2,'2013-08-08'),(49865,'INSERT INTO gne_vale_ferreteria_mov (vfe_id,pro_codigo_plu,vfm_cantidad,vfm_unitario,vfm_total,vfm_entregado) VALUES (7556,764987,1,2590,2590,@@@NO@@@)','',2,'2013-08-08'),(49866,'INSERT INTO gne_vale_ferreteria_mov (vfe_id,pro_codigo_plu,vfm_cantidad,vfm_unitario,vfm_total,vfm_entregado) VALUES (7556,780721482,1,2490,2490,@@@NO@@@)','',2,'2013-08-08'),(49867,'INSERT INTO gne_vale_ferreteria (vfe_id,vfe_fecha,vfe_total,vfe_estado,vfe_entregado,usu_nusuario) VALUES (7557,@@@2013.08.08@@@,550,1,0,@@@m_martinez@@@)','',2,'2013-08-08'),(49868,'INSERT INTO gne_vale_ferreteria_mov (vfe_id,pro_codigo_plu,vfm_cantidad,vfm_unitario,vfm_total,vfm_entregado) VALUES (7557,780721267,1,550,550,@@@NO@@@)','',2,'2013-08-08'),(49869,'INSERT INTO gne_vale_ferreteria (vfe_id,vfe_fecha,vfe_total,vfe_estado,vfe_entregado,usu_nusuario) VALUES (7558,@@@2013.08.08@@@,1070,1,0,@@@m_martinez@@@)','',2,'2013-08-08'),(49870,'INSERT INTO gne_vale_ferreteria_mov (vfe_id,pro_codigo_plu,vfm_cantidad,vfm_unitario,vfm_total,vfm_entregado) VALUES (7558,78016969,1,390,390,@@@NO@@@)','',2,'2013-08-08'),(49871,'INSERT INTO gne_vale_ferreteria_mov (vfe_id,pro_codigo_plu,vfm_cantidad,vfm_unitario,vfm_total,vfm_entregado) VALUES (7558,764256,1,290,290,@@@NO@@@)','',2,'2013-08-08'),(49872,'INSERT INTO gne_vale_ferreteria_mov (vfe_id,pro_codigo_plu,vfm_cantidad,vfm_unitario,vfm_total,vfm_entregado) VALUES (7558,78017020,1,390,390,@@@NO@@@)','',2,'2013-08-08'),(49873,'INSERT INTO gne_vale_ferreteria (vfe_id,vfe_fecha,vfe_total,vfe_estado,vfe_entregado,usu_nusuario) VALUES (7559,@@@2013.08.08@@@,400,1,0,@@@m_martinez@@@)','',2,'2013-08-08'),(49874,'INSERT INTO gne_vale_ferreteria_mov (vfe_id,pro_codigo_plu,vfm_cantidad,vfm_unitario,vfm_total,vfm_entregado) VALUES (7559,880006,2,200,400,@@@NO@@@)','',2,'2013-08-08'),(49875,'INSERT INTO mae_productos (pro_codigo_plu,pro_codigo_barra,pro_tipo,pro_nombre_producto,pro_nombre_corto,med_id,emb_id,pro_unidades_embalaje,dep_id,lin_id,mar_id,pro_precio_compra_neto,pro_precio_compra_bruto,pro_precio_venta,pro_margen_actual,pro_oferta,pro_fecha_inicio_oferta,pro_fecha_termino_oferta,pro_precio_oferta,pro_stock_minimo,pro_stock_critico,pro_entradas_bodega,pro_salidas_bodega,pro_mermas_bodega,pro_ajustes_bodega,pro_entradas_sv,pro_salidas_sv,pro_mermas_sv,pro_ajustes_sv,pro_activo,rec_numero,pro_unidad,pro_capacidad,pro_consumo_bodega,pro_consumo_sv,pro_estado,pro_funcion_plu,pro_flejes,pro_iva,pro_plu_asociado,pro_envase,pro_duracion,pro_numero_etiqueta) VALUES (780721619,@@@6933312394328@@@,@@@0@@@,@@@MAQUINA CONTROL REMOTO LITTLE ARCHITECT@@@,@@@MAQUINA CONTROL @@@,@@@1 @@@,@@@9 @@@,@@@1@@@,@@@23 @@@,@@@135@@@,@@@2507@@@,@@@0@@@,@@@3749@@@,@@@7490@@@,@@@99.79@@@,@@@@@@,@@@2006.09.07@@@,@@@2006.09.07@@@,@@@0@@@,@@@0@@@,@@@1@@@,@@@0@@@,@@@0@@@,@@@0@@@,@@@0@@@,@@@0@@@,@@@0@@@,@@@0@@@,@@@0@@@,@@@1@@@,@@@0@@@,0,1,0,0,2,0,1,1,0,@@@NO@@@,0,0)','',2,'2013-08-08'),(49876,'DELETE FROM mae_impuestos_productos WHERE pro_codigo_plu=@@@780721619@@@','',2,'2013-08-08'),(49877,'INSERT INTO gne_vale_ferreteria (vfe_id,vfe_fecha,vfe_total,vfe_estado,vfe_entregado,usu_nusuario) VALUES (7560,@@@2013.08.08@@@,490,1,0,@@@m_martinez@@@)','',2,'2013-08-08'),(49878,'INSERT INTO gne_vale_ferreteria_mov (vfe_id,pro_codigo_plu,vfm_cantidad,vfm_unitario,vfm_total,vfm_entregado) VALUES (7560,78017128,1,490,490,@@@NO@@@)','',2,'2013-08-08'),(49879,'INSERT INTO mae_productos (pro_codigo_plu,pro_codigo_barra,pro_tipo,pro_nombre_producto,pro_nombre_corto,med_id,emb_id,pro_unidades_embalaje,dep_id,lin_id,mar_id,pro_precio_compra_neto,pro_precio_compra_bruto,pro_precio_venta,pro_margen_actual,pro_oferta,pro_fecha_inicio_oferta,pro_fecha_termino_oferta,pro_precio_oferta,pro_stock_minimo,pro_stock_critico,pro_entradas_bodega,pro_salidas_bodega,pro_mermas_bodega,pro_ajustes_bodega,pro_entradas_sv,pro_salidas_sv,pro_mermas_sv,pro_ajustes_sv,pro_activo,rec_numero,pro_unidad,pro_capacidad,pro_consumo_bodega,pro_consumo_sv,pro_estado,pro_funcion_plu,pro_flejes,pro_iva,pro_plu_asociado,pro_envase,pro_duracion,pro_numero_etiqueta) VALUES (780721620,@@@6933312450666@@@,@@@0@@@,@@@AUTO LOCO CONTROL REMOTO ANGRY BIRDS@@@,@@@AUTO LOCO CONTRO@@@,@@@1 @@@,@@@9 @@@,@@@1@@@,@@@23 @@@,@@@135@@@,@@@2507@@@,@@@0@@@,@@@4621.084@@@,@@@6990@@@,@@@51.26@@@,@@@@@@,@@@2006.09.07@@@,@@@2006.09.07@@@,@@@0@@@,@@@1@@@,@@@1@@@,@@@0@@@,@@@0@@@,@@@0@@@,@@@0@@@,@@@0@@@,@@@0@@@,@@@0@@@,@@@0@@@,@@@1@@@,@@@0@@@,0,1,0,0,2,0,1,1,0,@@@NO@@@,0,0)','',2,'2013-08-08'),(49880,'DELETE FROM mae_impuestos_productos WHERE pro_codigo_plu=@@@780721620@@@','',2,'2013-08-08'),(49881,'INSERT INTO gne_vale_ferreteria (vfe_id,vfe_fecha,vfe_total,vfe_estado,vfe_entregado,usu_nusuario) VALUES (7561,@@@2013.08.08@@@,300,1,0,@@@m_martinez@@@)','',2,'2013-08-08'),(49882,'INSERT INTO gne_vale_ferreteria_mov (vfe_id,pro_codigo_plu,vfm_cantidad,vfm_unitario,vfm_total,vfm_entregado) VALUES (7561,78017049,1,300,300,@@@NO@@@)','',2,'2013-08-08'),(49883,'INSERT INTO mae_productos (pro_codigo_plu,pro_codigo_barra,pro_tipo,pro_nombre_producto,pro_nombre_corto,med_id,emb_id,pro_unidades_embalaje,dep_id,lin_id,mar_id,pro_precio_compra_neto,pro_precio_compra_bruto,pro_precio_venta,pro_margen_actual,pro_oferta,pro_fecha_inicio_oferta,pro_fecha_termino_oferta,pro_precio_oferta,pro_stock_minimo,pro_stock_critico,pro_entradas_bodega,pro_salidas_bodega,pro_mermas_bodega,pro_ajustes_bodega,pro_entradas_sv,pro_salidas_sv,pro_mermas_sv,pro_ajustes_sv,pro_activo,rec_numero,pro_unidad,pro_capacidad,pro_consumo_bodega,pro_consumo_sv,pro_estado,pro_funcion_plu,pro_flejes,pro_iva,pro_plu_asociado,pro_envase,pro_duracion,pro_numero_etiqueta) VALUES (780721621,@@@6933312450826@@@,@@@0@@@,@@@SET MILITAR SPECIAL MISSION@@@,@@@SET MILITAR SPEC@@@,@@@1 @@@,@@@9 @@@,@@@1@@@,@@@23 @@@,@@@135@@@,@@@2507@@@,@@@0@@@,@@@3500@@@,@@@6590@@@,@@@88.29@@@,@@@@@@,@@@2006.09.07@@@,@@@2006.09.07@@@,@@@0@@@,@@@0@@@,@@@0@@@,@@@0@@@,@@@0@@@,@@@0@@@,@@@0@@@,@@@0@@@,@@@0@@@,@@@0@@@,@@@0@@@,@@@1@@@,@@@0@@@,0,1,0,0,2,0,1,1,0,@@@NO@@@,0,0)','',2,'2013-08-08'),(49884,'DELETE FROM mae_impuestos_productos WHERE pro_codigo_plu=@@@780721621@@@','',2,'2013-08-08'),(49885,'INSERT INTO mae_productos (pro_codigo_plu,pro_codigo_barra,pro_tipo,pro_nombre_producto,pro_nombre_corto,med_id,emb_id,pro_unidades_embalaje,dep_id,lin_id,mar_id,pro_precio_compra_neto,pro_precio_compra_bruto,pro_precio_venta,pro_margen_actual,pro_oferta,pro_fecha_inicio_oferta,pro_fecha_termino_oferta,pro_precio_oferta,pro_stock_minimo,pro_stock_critico,pro_entradas_bodega,pro_salidas_bodega,pro_mermas_bodega,pro_ajustes_bodega,pro_entradas_sv,pro_salidas_sv,pro_mermas_sv,pro_ajustes_sv,pro_activo,rec_numero,pro_unidad,pro_capacidad,pro_consumo_bodega,pro_consumo_sv,pro_estado,pro_funcion_plu,pro_flejes,pro_iva,pro_plu_asociado,pro_envase,pro_duracion,pro_numero_etiqueta) VALUES (780721622,@@@6933312450789@@@,@@@0@@@,@@@AUTO FORMULA UNO CHICO@@@,@@@AUTO FORMULA UNO@@@,@@@1 @@@,@@@9 @@@,@@@1@@@,@@@23 @@@,@@@135@@@,@@@2507@@@,@@@0@@@,@@@1300@@@,@@@2390@@@,@@@83.85@@@,@@@@@@,@@@2006.09.07@@@,@@@2006.09.07@@@,@@@0@@@,@@@0@@@,@@@0@@@,@@@0@@@,@@@0@@@,@@@0@@@,@@@0@@@,@@@0@@@,@@@0@@@,@@@0@@@,@@@0@@@,@@@1@@@,@@@0@@@,0,1,0,0,2,0,1,1,0,@@@NO@@@,0,0)','',2,'2013-08-08'),(49886,'DELETE FROM mae_impuestos_productos WHERE pro_codigo_plu=@@@780721622@@@','',2,'2013-08-08'),(49887,'INSERT INTO gne_vale_ferreteria (vfe_id,vfe_fecha,vfe_total,vfe_estado,vfe_entregado,usu_nusuario) VALUES (7562,@@@2013.08.08@@@,100,1,0,@@@m_martinez@@@)','',2,'2013-08-08'),(49888,'INSERT INTO gne_vale_ferreteria_mov (vfe_id,pro_codigo_plu,vfm_cantidad,vfm_unitario,vfm_total,vfm_entregado) VALUES (7562,764833,10,10,100,@@@NO@@@)','',2,'2013-08-08'),