(84016,'INSERT INTO gne_vale_ferreteria (vfe_id,vfe_fecha,vfe_total,vfe_estado,vfe_entregado,usu_nusuario) VALUES (15140,@@@2013.10.29@@@,1490,1,0,@@@G_DIAZ@@@)','',2,'2013-10-29'),(84017,'INSERT INTO gne_vale_ferreteria_mov (vfe_id,pro_codigo_plu,vfm_cantidad,vfm_unitario,vfm_total,vfm_entregado) VALUES (15140,764564,1,1490,1490,@@@NO@@@)','',2,'2013-10-29'),(84018,'INSERT INTO gne_vale_ferreteria (vfe_id,vfe_fecha,vfe_total,vfe_estado,vfe_entregado,usu_nusuario) VALUES (15141,@@@2013.10.29@@@,500,1,0,@@@G_DIAZ@@@)','',2,'2013-10-29'),(84019,'INSERT INTO gne_vale_ferreteria_mov (vfe_id,pro_codigo_plu,vfm_cantidad,vfm_unitario,vfm_total,vfm_entregado) VALUES (15141,4081,5,100,500,@@@NO@@@)','',2,'2013-10-29'),(84020,'UPDATE mae_productos SET pro_precio_compra_bruto=87.222,pro_margen_actual=(pro_precio_venta-87.222)/87.222 * 100,pro_ultima_compra=@@@2013.10.29@@@,pro_ultimo_proveedor=@@@76027786-K@@@ WHERE pro_codigo_plu=1012','',2,'2013-10-29'),(84021,'UPDATE mae_productos SET pro_precio_compra_bruto=87.222,pro_margen_actual=(pro_precio_venta-87.222)/87.222 * 100,pro_ultima_compra=@@@2013.10.29@@@,pro_ultimo_proveedor=@@@76027786-K@@@ WHERE pro_codigo_plu=1011','',2,'2013-10-29'),(84022,'INSERT INTO gne_vale_ferreteria (vfe_id,vfe_fecha,vfe_total,vfe_estado,vfe_entregado,usu_nusuario) VALUES (15142,@@@2013.10.29@@@,4290,1,0,@@@G_DIAZ@@@)','',2,'2013-10-29'),(84023,'INSERT INTO gne_vale_ferreteria_mov (vfe_id,pro_codigo_plu,vfm_cantidad,vfm_unitario,vfm_total,vfm_entregado) VALUES (15142,763796,1,4290,4290,@@@NO@@@)','',2,'2013-10-29'),(84024,'INSERT INTO gne_vale_ferreteria (vfe_id,vfe_fecha,vfe_total,vfe_estado,vfe_entregado,usu_nusuario) VALUES (15143,@@@2013.10.29@@@,1460,1,0,@@@G_DIAZ@@@)','',2,'2013-10-29'),(84025,'INSERT INTO gne_vale_ferreteria_mov (vfe_id,pro_codigo_plu,vfm_cantidad,vfm_unitario,vfm_total,vfm_entregado) VALUES (15143,780721265,2,120,240,@@@NO@@@)','',2,'2013-10-29'),(84026,'INSERT INTO gne_vale_ferreteria_mov (vfe_id,pro_codigo_plu,vfm_cantidad,vfm_unitario,vfm_total,vfm_entregado) VALUES (15143,763588,1,330,330,@@@NO@@@)','',2,'2013-10-29'),(84027,'INSERT INTO gne_vale_ferreteria_mov (vfe_id,pro_codigo_plu,vfm_cantidad,vfm_unitario,vfm_total,vfm_entregado) VALUES (15143,780721910,1,890,890,@@@NO@@@)','',2,'2013-10-29'),(84028,'INSERT INTO gne_vale_ferreteria (vfe_id,vfe_fecha,vfe_total,vfe_estado,vfe_entregado,usu_nusuario) VALUES (15144,@@@2013.10.29@@@,400,1,0,@@@G_DIAZ@@@)','',2,'2013-10-29'),(84029,'INSERT INTO gne_vale_ferreteria_mov (vfe_id,pro_codigo_plu,vfm_cantidad,vfm_unitario,vfm_total,vfm_entregado) VALUES (15144,18113,2,200,400,@@@NO@@@)','',2,'2013-10-29'),(84030,'UPDATE mae_productos SET pro_precio_venta=125,pro_margen_actual= 43.31 WHERE pro_codigo_plu=1012','',2,'2013-10-29'),(84031,'UPDATE mae_productos SET pro_precio_fiscal=pro_precio_venta WHERE pro_codigo_plu=1012','',2,'2013-10-29'),(84032,'INSERT INTO gne_vale_ferreteria (vfe_id,vfe_fecha,vfe_total,vfe_estado,vfe_entregado,usu_nusuario) VALUES (15145,@@@2013.10.29@@@,2460,1,0,@@@G_DIAZ@@@)','',2,'2013-10-29'),(84033,'INSERT INTO gne_vale_ferreteria_mov (vfe_id,pro_codigo_plu,vfm_cantidad,vfm_unitario,vfm_total,vfm_entregado) VALUES (15145,780722039,3,590,1770,@@@NO@@@)','',2,'2013-10-29'),(84034,'INSERT INTO gne_vale_ferreteria_mov (vfe_id,pro_codigo_plu,vfm_cantidad,vfm_unitario,vfm_total,vfm_entregado) VALUES (15145,764827,1,690,690,@@@NO@@@)','',2,'2013-10-29'),(84035,'INSERT INTO gne_vale_ferreteria (vfe_id,vfe_fecha,vfe_total,vfe_estado,vfe_entregado,usu_nusuario) VALUES (15146,@@@2013.10.29@@@,1990,1,0,@@@G_DIAZ@@@)','',2,'2013-10-29'),(84036,'INSERT INTO gne_vale_ferreteria_mov (vfe_id,pro_codigo_plu,vfm_cantidad,vfm_unitario,vfm_total,vfm_entregado) VALUES (15146,763697,1,1990,1990,@@@NO@@@)','',2,'2013-10-29'),(84037,'INSERT INTO gne_vale_ferreteria (vfe_id,vfe_fecha,vfe_total,vfe_estado,vfe_entregado,usu_nusuario) VALUES (15147,@@@2013.10.29@@@,710,1,0,@@@G_DIAZ@@@)','',2,'2013-10-29'),(84038,'INSERT INTO gne_vale_ferreteria_mov (vfe_id,pro_codigo_plu,vfm_cantidad,vfm_unitario,vfm_total,vfm_entregado) VALUES (15147,230340,1,540,540,@@@NO@@@)','',2,'2013-10-29'),(84039,'INSERT INTO gne_vale_ferreteria_mov (vfe_id,pro_codigo_plu,vfm_cantidad,vfm_unitario,vfm_total,vfm_entregado) VALUES (15147,770036,1,170,170,@@@NO@@@)','',2,'2013-10-29'),(84040,'INSERT INTO gne_vale_ferreteria (vfe_id,vfe_fecha,vfe_total,vfe_estado,vfe_entregado,usu_nusuario) VALUES (15148,@@@2013.10.29@@@,1890,1,0,@@@G_DIAZ@@@)','',2,'2013-10-29'),(84041,'INSERT INTO gne_vale_ferreteria_mov (vfe_id,pro_codigo_plu,vfm_cantidad,vfm_unitario,vfm_total,vfm_entregado) VALUES (15148,101678,1,1890,1890,@@@NO@@@)','',2,'2013-10-29'),(84042,'INSERT INTO gne_vale_ferreteria (vfe_id,vfe_fecha,vfe_total,vfe_estado,vfe_entregado,usu_nusuario) VALUES (15149,@@@2013.10.29@@@,200,1,0,@@@M_CASTILLO@@@)','',2,'2013-10-29'),(84043,'INSERT INTO gne_vale_ferreteria_mov (vfe_id,pro_codigo_plu,vfm_cantidad,vfm_unitario,vfm_total,vfm_entregado) VALUES (15149,780721352,1,200,200,@@@NO@@@)','',2,'2013-10-29'),(84044,'INSERT INTO gne_vale_ferreteria (vfe_id,vfe_fecha,vfe_total,vfe_estado,vfe_entregado,usu_nusuario) VALUES (15150,@@@2013.10.29@@@,1080,1,0,@@@M_CASTILLO@@@)','',2,'2013-10-29'),(84045,'INSERT INTO gne_vale_ferreteria_mov (vfe_id,pro_codigo_plu,vfm_cantidad,vfm_unitario,vfm_total,vfm_entregado) VALUES (15150,1535,2,390,780,@@@NO@@@)','',2,'2013-10-29'),(84046,'INSERT INTO gne_vale_ferreteria_mov (vfe_id,pro_codigo_plu,vfm_cantidad,vfm_unitario,vfm_total,vfm_entregado) VALUES (15150,9900006,2,150,300,@@@NO@@@)','',2,'2013-10-29'),(84047,'INSERT INTO gne_vale_ferreteria (vfe_id,vfe_fecha,vfe_total,vfe_estado,vfe_entregado,usu_nusuario) VALUES (15151,@@@2013.10.29@@@,2100,1,0,@@@M_CASTILLO@@@)','',2,'2013-10-29'),(84048,'INSERT INTO gne_vale_ferreteria_mov (vfe_id,pro_codigo_plu,vfm_cantidad,vfm_unitario,vfm_total,vfm_entregado) VALUES (15151,763986,1,2100,2100,@@@NO@@@)','',2,'2013-10-29'),(84049,'INSERT INTO gne_vale_ferreteria (vfe_id,vfe_fecha,vfe_total,vfe_estado,vfe_entregado,usu_nusuario) VALUES (15152,@@@2013.10.29@@@,180,1,0,@@@M_CASTILLO@@@)','',2,'2013-10-29'),(84050,'INSERT INTO gne_vale_ferreteria_mov (vfe_id,pro_codigo_plu,vfm_cantidad,vfm_unitario,vfm_total,vfm_entregado) VALUES (15152,1541,6,30,180,@@@NO@@@)','',2,'2013-10-29'),(84051,'INSERT INTO gne_vale_ferreteria (vfe_id,vfe_fecha,vfe_total,vfe_estado,vfe_entregado,usu_nusuario) VALUES (15153,@@@2013.10.29@@@,120,1,0,@@@M_CASTILLO@@@)','',2,'2013-10-29'),(84052,'INSERT INTO gne_vale_ferreteria_mov (vfe_id,pro_codigo_plu,vfm_cantidad,vfm_unitario,vfm_total,vfm_entregado) VALUES (15153,8022,1,120,120,@@@NO@@@)','',2,'2013-10-29'),(84053,'INSERT INTO gne_vale_ferreteria (vfe_id,vfe_fecha,vfe_total,vfe_estado,vfe_entregado,usu_nusuario) VALUES (15154,@@@2013.10.29@@@,240,1,0,@@@M_CASTILLO@@@)','',2,'2013-10-29'),(84054,'INSERT INTO gne_vale_ferreteria_mov (vfe_id,pro_codigo_plu,vfm_cantidad,vfm_unitario,vfm_total,vfm_entregado) VALUES (15154,8022,2,120,240,@@@NO@@@)','',2,'2013-10-29'),(84055,'INSERT INTO gne_vale_ferreteria (vfe_id,vfe_fecha,vfe_total,vfe_estado,vfe_entregado,usu_nusuario) VALUES (15155,@@@2013.10.29@@@,2790,1,0,@@@M_CASTILLO@@@)','',2,'2013-10-29'),(84056,'INSERT INTO gne_vale_ferreteria_mov (vfe_id,pro_codigo_plu,vfm_cantidad,vfm_unitario,vfm_total,vfm_entregado) VALUES (15155,780721175,1,2790,2790,@@@NO@@@)','',2,'2013-10-29'),(84057,'INSERT INTO gne_vale_ferreteria (vfe_id,vfe_fecha,vfe_total,vfe_estado,vfe_entregado,usu_nusuario) VALUES (15156,@@@2013.10.29@@@,100,1,0,@@@M_CASTILLO@@@)','',2,'2013-10-29'),(84058,'INSERT INTO gne_vale_ferreteria_mov (vfe_id,pro_codigo_plu,vfm_cantidad,vfm_unitario,vfm_total,vfm_entregado) VALUES (15156,78017190,1,100,100,@@@NO@@@)','',2,'2013-10-29'),(84059,'INSERT INTO gne_vale_ferreteria (vfe_id,vfe_fecha,vfe_total,vfe_estado,vfe_entregado,usu_nusuario) VALUES (15157,@@@2013.10.29@@@,300,1,0,@@@M_CASTILLO@@@)','',2,'2013-10-29'),(84060,'INSERT INTO gne_vale_ferreteria_mov (vfe_id,pro_codigo_plu,vfm_cantidad,vfm_unitario,vfm_total,vfm_entregado) VALUES (15157,4081,3,100,300,@@@NO@@@)','',2,'2013-10-29'),(84061,'INSERT INTO gne_vale_ferreteria (vfe_id,vfe_fecha,vfe_total,vfe_estado,vfe_entregado,usu_nusuario) VALUES (15158,@@@2013.10.29@@@,1590,1,0,@@@M_CASTILLO@@@)','',2,'2013-10-29'),(84062,'INSERT INTO gne_vale_ferreteria_mov (vfe_id,pro_codigo_plu,vfm_cantidad,vfm_unitario,vfm_total,vfm_entregado) VALUES (15158,2010,1,1590,1590,@@@NO@@@)','',2,'2013-10-29'),(84063,'INSERT INTO gne_vale_ferreteria (vfe_id,vfe_fecha,vfe_total,vfe_estado,vfe_entregado,usu_nusuario) VALUES (15159,@@@2013.10.29@@@,230,1,0,@@@M_CASTILLO@@@)','',2,'2013-10-29'),(84064,'INSERT INTO gne_vale_ferreteria_mov (vfe_id,pro_codigo_plu,vfm_cantidad,vfm_unitario,vfm_total,vfm_entregado) VALUES (15159,780721667,1,230,230,@@@NO@@@)','',2,'2013-10-29'),(84065,'INSERT INTO gne_vale_ferreteria (vfe_id,vfe_fecha,vfe_total,vfe_estado,vfe_entregado,usu_nusuario) VALUES (15160,@@@2013.10.29@@@,3880,1,0,@@@M_CASTILLO@@@)','',2,'2013-10-29'),(84066,'INSERT INTO gne_vale_ferreteria_mov (vfe_id,pro_codigo_plu,vfm_cantidad,vfm_unitario,vfm_total,vfm_entregado) VALUES (15160,763949,1,1890,1890,@@@NO@@@)','',2,'2013-10-29'),(84067,'INSERT INTO gne_vale_ferreteria_mov (vfe_id,pro_codigo_plu,vfm_cantidad,vfm_unitario,vfm_total,vfm_entregado) VALUES (15160,100473,1,1990,1990,@@@NO@@@)','',2,'2013-10-29'),(84068,'UPDATE mae_productos SET pro_precio_fiscal=pro_precio_venta WHERE pro_codigo_plu=11932','',2,'2013-10-29'),(84069,'UPDATE mae_productos SET pro_precio_fiscal=pro_precio_venta WHERE pro_codigo_plu=11939','',2,'2013-10-29'),(84070,'UPDATE mae_productos SET pro_margen_actual=76.47,pro_precio_venta=1890 WHERE pro_codigo_plu=106','',2,'2013-10-29'),(84071,'INSERT INTO gne_vale_ferreteria (vfe_id,vfe_fecha,vfe_total,vfe_estado,vfe_entregado,usu_nusuario) VALUES (15161,@@@2013.10.29@@@,600,1,0,@@@M_CASTILLO@@@)','',2,'2013-10-29'),(84072,'INSERT INTO gne_vale_ferreteria_mov (vfe_id,pro_codigo_plu,vfm_cantidad,vfm_unitario,vfm_total,vfm_entregado) VALUES (15161,780721501,2,300,600,@@@NO@@@)','',2,'2013-10-29'),(84073,'UPDATE mae_productos SET pro_precio_venta=770,pro_margen_actual= 31.62 WHERE pro_codigo_plu=780728','',2,'2013-10-29'),(84074,'UPDATE mae_productos SET pro_precio_venta=770,pro_margen_actual= 37.99 WHERE pro_codigo_plu=78017211','',2,'2013-10-29'),(84075,'UPDATE mae_productos SET pro_precio_venta=350,pro_margen_actual= 44.03 WHERE pro_codigo_plu=10481','',2,'2013-10-29'),(84076,'UPDATE mae_productos SET pro_precio_venta=350,pro_margen_actual= 44.03 WHERE pro_codigo_plu=10482','',2,'2013-10-29'),(84077,'UPDATE mae_productos SET pro_precio_venta=430,pro_margen_actual= 46.76 WHERE pro_codigo_plu=10483','',2,'2013-10-29'),(84078,'UPDATE mae_productos SET pro_precio_venta=650,pro_margen_actual= 33.47 WHERE pro_codigo_plu=18184','',2,'2013-10-29'),(84079,'UPDATE mae_productos SET pro_precio_fiscal=pro_precio_venta WHERE pro_codigo_plu=780728','',2,'2013-10-29'),(84080,'UPDATE mae_productos SET pro_precio_fiscal=pro_precio_venta WHERE pro_codigo_plu=78017211','',2,'2013-10-29'),(84081,'UPDATE mae_productos SET pro_precio_fiscal=pro_precio_venta WHERE pro_codigo_plu=10481','',2,'2013-10-29'),(84082,'UPDATE mae_productos SET pro_precio_fiscal=pro_precio_venta WHERE pro_codigo_plu=10482','',2,'2013-10-29'),(84083,'UPDATE mae_productos SET pro_precio_fiscal=pro_precio_venta WHERE pro_codigo_plu=10483','',2,'2013-10-29'),(84084,'UPDATE mae_productos SET pro_precio_fiscal=pro_precio_venta WHERE pro_codigo_plu=18184','',2,'2013-10-29'),(84085,'UPDATE mae_productos SET pro_margen_actual=5.11,pro_precio_venta=350 WHERE pro_codigo_plu=610','',2,'2013-10-29'),(84086,'UPDATE mae_productos SET pro_margen_actual=95.2,pro_precio_venta=650 WHERE pro_codigo_plu=537','',2,'2013-10-29'),(84087,'UPDATE mae_productos SET pro_margen_actual=54900,pro_precio_venta=550 WHERE pro_codigo_plu=611','',2,'2013-10-29'),(84088,'UPDATE mae_productos SET pro_margen_actual=-0.63,pro_precio_venta=1590 WHERE pro_codigo_plu=562','',2,'2013-10-29'),(84089,'INSERT INTO gne_vale_ferreteria (vfe_id,vfe_fecha,vfe_total,vfe_estado,vfe_entregado,usu_nusuario) VALUES (15162,@@@2013.10.29@@@,1890,1,0,@@@M_CASTILLO@@@)','',2,'2013-10-29'),(84090,'INSERT INTO gne_vale_ferreteria_mov (vfe_id,pro_codigo_plu,vfm_cantidad,vfm_unitario,vfm_total,vfm_entregado) VALUES (15162,780722008,1,1890,1890,@@@NO@@@)','',2,'2013-10-29'),(84091,'INSERT INTO gne_vale_ferreteria (vfe_id,vfe_fecha,vfe_total,vfe_estado,vfe_entregado,usu_nusuario) VALUES (15163,@@@2013.10.29@@@,490,1,0,@@@M_CASTILLO@@@)','',2,'2013-10-29'),(84092,'INSERT INTO gne_vale_ferreteria_mov (vfe_id,pro_codigo_plu,vfm_cantidad,vfm_unitario,vfm_total,vfm_entregado) VALUES (15163,780721305,1,490,490,@@@NO@@@)','',2,'2013-10-29'),(84093,'INSERT INTO mae_clientes (cli_id,cli_rut,cli_nombre,cli_direccion,cli_sucursal,cli_ciudad,cli_nombre_contacto,cli_cargo,cli_telefono,cli_fax,cli_celular,cli_mail,tcp_id,cli_fecha_nacimiento,cli_activo,cli_limite_credito,cli_giro,cli_sobrecargo,cli_credito_ilimitado,cli_descuento_venta,cli_comuna) VALUES (@@@24@@@,@@@13626720-5@@@,@@@MARCELA KATERINE GUERRERO  PROBOSTE@@@,@@@ANIBAL PINTO 699@@@,@@@@@@,@@@NACIMIENTO@@@,@@@@@@,@@@JEFA SALA@@@,@@@@@@,@@@@@@,@@@66001516@@@,@@@GUILLEMARCELA@HOTMAIL.COM@@@,@@@3@@@,@@@1979.05.16@@@,@@@1@@@,@@@0@@@,@@@@@@,0,0,0,@@@NACIMIENTO@@@)','',2,'2013-10-29'),(84094,'UPDATE mae_clientes SET cli_rut=@@@13626720-5@@@,cli_nombre=@@@MARCELA KATERINE GUERRERO  PROBOSTE@@@,cli_direccion=@@@ANIBAL PINTO 699@@@,cli_sucursal=@@@@@@,cli_ciudad=@@@NACIMIENTO@@@,cli_nombre_contacto=@@@@@@,cli_cargo=@@@JEFA SALA@@@,cli_comuna=@@@NACIMIENTO@@@,cli_fpago=@@@CONTADO@@@,cli_telefono=@@@@@@,cli_fax=@@@@@@,cli_celular=@@@66001516@@@,cli_mail=@@@GUILLEMARCELA@HOTMAIL.COM@@@,tcp_id=@@@3@@@,cli_fecha_nacimiento=@@@1979.05.16@@@,cli_activo=@@@1@@@,cli_limite_credito=@@@40000@@@,cli_giro=@@@@@@,cli_sobrecargo=0,cli_descuento_venta=0,cli_rapel=0 ,cli_credito_ilimitado=0 WHERE cli_id=@@@24@@@','',2,'2013-10-29'),(84095,'INSERT INTO gne_vale_ferreteria (vfe_id,vfe_fecha,vfe_total,vfe_estado,vfe_entregado,usu_nusuario) VALUES (15164,@@@2013.10.29@@@,730,1,0,@@@M_CASTILLO@@@)','',2,'2013-10-29'),(84096,'INSERT INTO gne_vale_ferreteria_mov (vfe_id,pro_codigo_plu,vfm_cantidad,vfm_unitario,vfm_total,vfm_entregado) VALUES (15164,15480,1,730,730,@@@NO@@@)','',2,'2013-10-29'),(84097,'INSERT INTO mae_productos (pro_codigo_plu,pro_codigo_barra,pro_tipo,pro_nombre_producto,pro_nombre_corto,med_id,emb_id,pro_unidades_embalaje,dep_id,lin_id,mar_id,pro_precio_compra_neto,pro_precio_compra_bruto,pro_precio_venta,pro_margen_actual,pro_oferta,pro_fecha_inicio_oferta,pro_fecha_termino_oferta,pro_precio_oferta,pro_stock_minimo,pro_stock_critico,pro_entradas_bodega,pro_salidas_bodega,pro_mermas_bodega,pro_ajustes_bodega,pro_entradas_sv,pro_salidas_sv,pro_mermas_sv,pro_ajustes_sv,pro_activo,rec_numero,pro_unidad,pro_capacidad,pro_consumo_bodega,pro_consumo_sv,pro_estado,pro_funcion_plu,pro_flejes,pro_iva,pro_plu_asociado,pro_envase,pro_duracion,pro_numero_etiqueta) VALUES (780729,@@@780729@@@,@@@0@@@,@@@PORTA LAPICES CUADRADO VARIEDAD COLORES@@@,@@@PORTA LAPICES CU@@@,@@@1 @@@,@@@4 @@@,@@@1@@@,@@@24 @@@,@@@137@@@,@@@2507@@@,@@@0@@@,@@@1@@@,@@@990@@@,@@@98900@@@,@@@@@@,@@@2013.10.29@@@,@@@2013.10.29@@@,@@@0@@@,@@@6@@@,@@@3@@@,@@@0@@@,@@@0@@@,@@@0@@@,@@@0@@@,@@@0@@@,@@@0@@@,@@@0@@@,@@@0@@@,@@@1@@@,@@@0@@@,0,1,0,0,2,0,1,1,0,@@@NO@@@,0,0)','',2,'2013-10-29'),(84098,'DELETE FROM mae_impuestos_productos WHERE pro_codigo_plu=@@@780729@@@','',2,'2013-10-29'),(84099,'INSERT INTO gne_vale_ferreteria (vfe_id,vfe_fecha,vfe_total,vfe_estado,vfe_entregado,usu_nusuario) VALUES (15165,@@@2013.10.29@@@,650,1,0,@@@M_CASTILLO@@@)','',2,'2013-10-29'),(84100,'INSERT INTO gne_vale_ferreteria_mov (vfe_id,pro_codigo_plu,vfm_cantidad,vfm_unitario,vfm_total,vfm_entregado) VALUES (15165,770000,2,50,100,@@@NO@@@)','',2,'2013-10-29'),(84101,'INSERT INTO gne_vale_ferreteria_mov (vfe_id,pro_codigo_plu,vfm_cantidad,vfm_unitario,vfm_total,vfm_entregado) VALUES (15165,780721667,1,230,230,@@@NO@@@)','',2,'2013-10-29'),(84102,'INSERT INTO gne_vale_ferreteria_mov (vfe_id,pro_codigo_plu,vfm_cantidad,vfm_unitario,vfm_total,vfm_entregado) VALUES (15165,764572,2,100,200,@@@NO@@@)','',2,'2013-10-29'),(84103,'INSERT INTO gne_vale_ferreteria_mov (vfe_id,pro_codigo_plu,vfm_cantidad,vfm_unitario,vfm_total,vfm_entregado) VALUES (15165,78017193,6,20,120,@@@NO@@@)','',2,'2013-10-29'),(84104,'INSERT INTO gne_vale_ferreteria (vfe_id,vfe_fecha,vfe_total,vfe_estado,vfe_entregado,usu_nusuario) VALUES (15166,@@@2013.10.29@@@,120,1,0,@@@M_CASTILLO@@@)','',2,'2013-10-29'),(84105,'INSERT INTO gne_vale_ferreteria_mov (vfe_id,pro_codigo_plu,vfm_cantidad,vfm_unitario,vfm_total,vfm_entregado) VALUES (15166,8022,1,120,120,@@@NO@@@)','',2,'2013-10-29'),(84106,'INSERT INTO gne_vale_ferreteria (vfe_id,vfe_fecha,vfe_total,vfe_estado,vfe_entregado,usu_nusuario) VALUES (15167,@@@2013.10.29@@@,690,1,0,@@@M_CASTILLO@@@)','',2,'2013-10-29'),(84107,'INSERT INTO gne_vale_ferreteria_mov (vfe_id,pro_codigo_plu,vfm_cantidad,vfm_unitario,vfm_total,vfm_entregado) VALUES (15167,780220127,1,690,690,@@@NO@@@)','',2,'2013-10-29'),(84108,'UPDATE mae_productos SET pro_margen_actual=98900,pro_precio_venta=990 WHERE pro_codigo_plu=780729','',2,'2013-10-29'),(84109,'UPDATE mae_productos SET pro_margen_actual=0,pro_precio_venta=670 WHERE pro_codigo_plu=15010','',2,'2013-10-29'),(84110,'UPDATE mae_productos SET pro_precio_fiscal=pro_precio_venta WHERE pro_codigo_plu=610','',2,'2013-10-29'),(84111,'UPDATE mae_productos SET pro_precio_fiscal=pro_precio_venta WHERE pro_codigo_plu=15010','',2,'2013-10-29'),(84112,'UPDATE mae_productos SET pro_precio_fiscal=pro_precio_venta WHERE pro_codigo_plu=780729','',2,'2013-10-29'),(84113,'INSERT INTO gne_vale_ferreteria (vfe_id,vfe_fecha,vfe_total,vfe_estado,vfe_entregado,usu_nusuario) VALUES (15168,@@@2013.10.29@@@,1890,1,0,@@@admin@@@)','',2,'2013-10-29'),(84114,'INSERT INTO gne_vale_ferreteria_mov (vfe_id,pro_codigo_plu,vfm_cantidad,vfm_unitario,vfm_total,vfm_entregado) VALUES (15168,101620,1,1890,1890,@@@NO@@@)','',2,'2013-10-29'),(84115,'UPDATE mae_productos SET pro_codigo_barra=@@@7806810103312@@@,pro_tipo=@@@0@@@,pro_nombre_producto=@@@ESPONJA VIRUTEX OROTEX ECONOMICA  UNID@@@,pro_nombre_corto=@@@ESPONJA VIRUTEX@@@,med_id=@@@1@@@,emb_id=@@@2@@@,pro_unidades_embalaje=@@@100@@@,dep_id=@@@2 @@@,lin_id=@@@41@@@,mar_id=@@@1296@@@,pro_precio_compra_neto=@@@0@@@,pro_precio_compra_bruto=@@@0@@@,pro_precio_venta=@@@730@@@,pro_margen_actual=@@@0@@@,pro_oferta=@@@NO@@@,pro_fecha_inicio_oferta=@@@1900.01.01@@@,pro_fecha_termino_oferta=@@@1900.01.01@@@,pro_precio_oferta=@@@0@@@,pro_stock_minimo=@@@0@@@,pro_stock_critico=@@@0@@@,pro_activo=@@@1@@@,pro_unidad=@@@0@@@,pro_precio_compra_bruto=0,pro_margen_actual=0,pro_capacidad=1,pro_funcion_plu=0,pro_flejes=1,pro_iva=1,pro_plu_asociado=0,pro_envase=@@@NO@@@,pro_duracion=0,pro_numero_etiqueta=0 WHERE pro_codigo_plu=@@@15010@@@','',2,'2013-10-29'),(84116,'UPDATE mae_productos SET pro_estado=1 WHERE pro_codigo_plu=15010','',2,'2013-10-29'),(84117,'DELETE FROM mae_impuestos_productos WHERE pro_codigo_plu=@@@15010@@@','',2,'2013-10-29'),(84118,'UPDATE mae_productos SET pro_codigo_barra=@@@7806810003315@@@,pro_tipo=@@@0@@@,pro_nombre_producto=@@@ESPONJA VIRUTEX DORADA OROTEXMED UN.@@@,pro_nombre_corto=@@@ESPONJA VIRUTEX@@@,med_id=@@@1@@@,emb_id=@@@4@@@,pro_unidades_embalaje=@@@100@@@,dep_id=@@@2 @@@,lin_id=@@@41@@@,mar_id=@@@1296@@@,pro_precio_compra_neto=@@@467.9@@@,pro_precio_compra_bruto=@@@556.8@@@,pro_precio_venta=@@@730@@@,pro_margen_actual=@@@31.11@@@,pro_oferta=@@@NO@@@,pro_fecha_inicio_oferta=@@@2006.09.07@@@,pro_fecha_termino_oferta=@@@2006.09.07@@@,pro_precio_oferta=@@@0@@@,pro_stock_minimo=@@@100@@@,pro_stock_critico=@@@50@@@,pro_activo=@@@1@@@,pro_unidad=@@@0@@@,pro_precio_compra_bruto=556.8,pro_margen_actual=31.11,pro_capacidad=1,pro_funcion_plu=0,pro_flejes=1,pro_iva=1,pro_plu_asociado=0,pro_envase=@@@NO@@@,pro_duracion=0,pro_numero_etiqueta=0 WHERE pro_codigo_plu=@@@100393@@@','',2,'2013-10-29'),(84119,'UPDATE mae_productos SET pro_estado=1 WHERE pro_codigo_plu=100393','',2,'2013-10-29'),(84120,'DELETE FROM mae_impuestos_productos WHERE pro_codigo_plu=@@@100393@@@','',2,'2013-10-29'),(84121,'INSERT INTO gne_vale_ferreteria (vfe_id,vfe_fecha,vfe_total,vfe_estado,vfe_entregado,usu_nusuario) VALUES (15169,@@@2013.10.29@@@,200,1,0,@@@admin@@@)','',2,'2013-10-29'),(84122,'INSERT INTO gne_vale_ferreteria_mov (vfe_id,pro_codigo_plu,vfm_cantidad,vfm_unitario,vfm_total,vfm_entregado) VALUES (15169,101101,1,200,200,@@@NO@@@)','',2,'2013-10-29'),(84123,'INSERT INTO gne_vale_ferreteria (vfe_id,vfe_fecha,vfe_total,vfe_estado,vfe_entregado,usu_nusuario) VALUES (15170,@@@2013.10.29@@@,300,1,0,@@@admin@@@)','',2,'2013-10-29'),(84124,'INSERT INTO gne_vale_ferreteria_mov (vfe_id,pro_codigo_plu,vfm_cantidad,vfm_unitario,vfm_total,vfm_entregado) VALUES (15170,102110,1,300,300,@@@NO@@@)','',2,'2013-10-29'),(84125,'UPDATE mae_productos SET pro_codigo_barra=@@@7802900412012@@@,pro_tipo=@@@0@@@,pro_nombre_producto=@@@MANJAR SOPROLE ARTESANAL 900 GRS@@@,pro_nombre_corto=@@@MANJAR ARTESANAL@@@,med_id=@@@5@@@,emb_id=@@@9@@@,pro_unidades_embalaje=@@@6@@@,dep_id=@@@1 @@@,lin_id=@@@5@@@,mar_id=@@@1993@@@,pro_precio_compra_neto=@@@0@@@,pro_precio_compra_bruto=@@@1642@@@,pro_precio_venta=@@@2150@@@,pro_margen_actual=@@@30.94@@@,pro_oferta=@@@NO@@@,pro_fecha_inicio_oferta=@@@2006.09.07@@@,pro_fecha_termino_oferta=@@@2006.09.07@@@,pro_precio_oferta=@@@0@@@,pro_stock_minimo=@@@3@@@,pro_stock_critico=@@@4@@@,pro_activo=@@@1@@@,pro_unidad=@@@0@@@,pro_precio_compra_bruto=1642,pro_margen_actual=30.94,pro_capacidad=900,pro_funcion_plu=0,pro_flejes=1,pro_iva=1,pro_plu_asociado=0,pro_envase=@@@NO@@@,pro_duracion=0,pro_numero_etiqueta=0 WHERE pro_codigo_plu=@@@780721610@@@','',2,'2013-10-29'),(84126,'UPDATE mae_productos SET pro_estado=1 WHERE pro_codigo_plu=780721610','',2,'2013-10-29'),(84127,'DELETE FROM mae_impuestos_productos WHERE pro_codigo_plu=@@@780721610@@@','',2,'2013-10-29'),(84128,'UPDATE mae_productos SET pro_codigo_barra=@@@7802900000301@@@,pro_tipo=@@@0@@@,pro_nombre_producto=@@@BATIFRUT SOPROLE CLASICO FRUTILLA 165G@@@,pro_nombre_corto=@@@BATIFRUL CLASICO@@@,med_id=@@@5@@@,emb_id=@@@3@@@,pro_unidades_embalaje=@@@0@@@,dep_id=@@@3 @@@,lin_id=@@@50@@@,mar_id=@@@1993@@@,pro_precio_compra_neto=@@@270@@@,pro_precio_compra_bruto=@@@336.77@@@,pro_precio_venta=@@@450@@@,pro_margen_actual=@@@33.62@@@,pro_oferta=@@@NO@@@,pro_fecha_inicio_oferta=@@@2013.04.26@@@,pro_fecha_termino_oferta=@@@2013.04.26@@@,pro_precio_oferta=@@@0@@@,pro_stock_minimo=@@@0@@@,pro_stock_critico=@@@0@@@,pro_activo=@@@1@@@,pro_unidad=@@@0@@@,pro_precio_compra_bruto=336.77,pro_margen_actual=33.62,pro_capacidad=165,pro_funcion_plu=0,pro_flejes=1,pro_iva=1,pro_plu_asociado=0,pro_envase=@@@NO@@@,pro_duracion=0,pro_numero_etiqueta=0 WHERE pro_codigo_plu=@@@763343@@@','',2,'2013-10-29'),(84129,'UPDATE mae_productos SET pro_estado=1 WHERE pro_codigo_plu=763343','',2,'2013-10-29'),(84130,'DELETE FROM mae_impuestos_productos WHERE pro_codigo_plu=@@@763343@@@','',2,'2013-10-29'),(84131,'INSERT INTO gne_vale_ferreteria (vfe_id,vfe_fecha,vfe_total,vfe_estado,vfe_entregado,usu_nusuario) VALUES (15171,@@@2013.10.29@@@,2050,1,0,@@@admin@@@)','',2,'2013-10-29'),(84132,'INSERT INTO gne_vale_ferreteria_mov (vfe_id,pro_codigo_plu,vfm_cantidad,vfm_unitario,vfm_total,vfm_entregado) VALUES (15171,764439,1,1290,1290,@@@NO@@@)','',2,'2013-10-29'),(84133,'INSERT INTO gne_vale_ferreteria_mov (vfe_id,pro_codigo_plu,vfm_cantidad,vfm_unitario,vfm_total,vfm_entregado) VALUES (15171,1541,12,30,360,@@@NO@@@)','',2,'2013-10-29'),(84134,'INSERT INTO gne_vale_ferreteria_mov (vfe_id,pro_codigo_plu,vfm_cantidad,vfm_unitario,vfm_total,vfm_entregado) VALUES (15171,770003,40,10,400,@@@NO@@@)','',2,'2013-10-29'),(84135,'INSERT INTO gne_vale_ferreteria (vfe_id,vfe_fecha,vfe_total,vfe_estado,vfe_entregado,usu_nusuario) VALUES (15172,@@@2013.10.29@@@,450,1,0,@@@admin@@@)','',2,'2013-10-29'),(84136,'INSERT INTO gne_vale_ferreteria_mov (vfe_id,pro_codigo_plu,vfm_cantidad,vfm_unitario,vfm_total,vfm_entregado) VALUES (15172,3100,1,450,450,@@@NO@@@)','',2,'2013-10-29'),(84137,'UPDATE mae_productos SET pro_codigo_barra=@@@7802900000318@@@,pro_tipo=@@@0@@@,pro_nombre_producto=@@@BATIFRUT SOPROLE CLASICO PIÑA 165 G@@@,pro_nombre_corto=@@@BATIFRUL CLASICO@@@,med_id=@@@5@@@,emb_id=@@@3@@@,pro_unidades_embalaje=@@@0@@@,dep_id=@@@3 @@@,lin_id=@@@50@@@,mar_id=@@@1993@@@,pro_precio_compra_neto=@@@269.75@@@,pro_precio_compra_bruto=@@@321.3@@@,pro_precio_venta=@@@430@@@,pro_margen_actual=@@@33.83@@@,pro_oferta=@@@NO@@@,pro_fecha_inicio_oferta=@@@2013.04.26@@@,pro_fecha_termino_oferta=@@@2013.04.26@@@,pro_precio_oferta=@@@0@@@,pro_stock_minimo=@@@0@@@,pro_stock_critico=@@@0@@@,pro_activo=@@@1@@@,pro_unidad=@@@0@@@,pro_precio_compra_bruto=321.3,pro_margen_actual=33.83,pro_capacidad=165,pro_funcion_plu=0,pro_flejes=1,pro_iva=1,pro_plu_asociado=0,pro_envase=@@@NO@@@,pro_duracion=0,pro_numero_etiqueta=0 WHERE pro_codigo_plu=@@@763342@@@','',2,'2013-10-29'),(84138,'UPDATE mae_productos SET pro_estado=1 WHERE pro_codigo_plu=763342','',2,'2013-10-29'),(84139,'DELETE FROM mae_impuestos_productos WHERE pro_codigo_plu=@@@763342@@@','',2,'2013-10-29'),(84140,'UPDATE mae_productos SET pro_codigo_barra=@@@7802900231309@@@,pro_tipo=@@@0@@@,pro_nombre_producto=@@@BATIFRUT SOPROLE  AMERICANO PAPAYA 170 G@@@,pro_nombre_corto=@@@BATIFRUT AMERICA@@@,med_id=@@@5@@@,emb_id=@@@7@@@,pro_unidades_embalaje=@@@4@@@,dep_id=@@@3 @@@,lin_id=@@@50@@@,mar_id=@@@1993@@@,pro_precio_compra_neto=@@@301.68@@@,pro_precio_compra_bruto=@@@362.95@@@,pro_precio_venta=@@@499@@@,pro_margen_actual=@@@37.48@@@,pro_oferta=@@@NO@@@,pro_fecha_inicio_oferta=@@@2006.09.07@@@,pro_fecha_termino_oferta=@@@2006.09.07@@@,pro_precio_oferta=@@@0@@@,pro_stock_minimo=@@@3@@@,pro_stock_critico=@@@2@@@,pro_activo=@@@1@@@,pro_unidad=@@@0@@@,pro_precio_compra_bruto=362.95,pro_margen_actual=37.48,pro_capacidad=170,pro_funcion_plu=0,pro_flejes=1,pro_iva=1,pro_plu_asociado=0,pro_envase=@@@NO@@@,pro_duracion=0,pro_numero_etiqueta=0 WHERE pro_codigo_plu=@@@780721635@@@','',2,'2013-10-29'),(84141,'UPDATE mae_productos SET pro_estado=1 WHERE pro_codigo_plu=780721635','',2,'2013-10-29'),(84142,'DELETE FROM mae_impuestos_productos WHERE pro_codigo_plu=@@@780721635@@@','',2,'2013-10-29'),(84143,'UPDATE mae_productos SET pro_codigo_barra=@@@7802900000349@@@,pro_tipo=@@@0@@@,pro_nombre_producto=@@@YOGHURT BATIFRUT SOPROLE CLASICO PAPAYA 165 G@@@,pro_nombre_corto=@@@BATIFRUT CLASICO@@@,med_id=@@@5@@@,emb_id=@@@3@@@,pro_unidades_embalaje=@@@4@@@,dep_id=@@@3 @@@,lin_id=@@@50@@@,mar_id=@@@1993@@@,pro_precio_compra_neto=@@@0@@@,pro_precio_compra_bruto=@@@336.77@@@,pro_precio_venta=@@@460@@@,pro_margen_actual=@@@36.59@@@,pro_oferta=@@@NO@@@,pro_fecha_inicio_oferta=@@@2006.09.07@@@,pro_fecha_termino_oferta=@@@2006.09.07@@@,pro_precio_oferta=@@@0@@@,pro_stock_minimo=@@@2@@@,pro_stock_critico=@@@1@@@,pro_activo=@@@1@@@,pro_unidad=@@@0@@@,pro_precio_compra_bruto=336.77,pro_margen_actual=36.59,pro_capacidad=165,pro_funcion_plu=0,pro_flejes=1,pro_iva=1,pro_plu_asociado=0,pro_envase=@@@NO@@@,pro_duracion=0,pro_numero_etiqueta=0 WHERE pro_codigo_plu=@@@780721342@@@','',2,'2013-10-29'),(84144,'UPDATE mae_productos SET pro_estado=1 WHERE pro_codigo_plu=780721342','',2,'2013-10-29'),(84145,'DELETE FROM mae_impuestos_productos WHERE pro_codigo_plu=@@@780721342@@@','',2,'2013-10-29'),(84146,'UPDATE mae_productos SET pro_codigo_barra=@@@7802900000325@@@,pro_tipo=@@@0@@@,pro_nombre_producto=@@@YOGHURT SOPROLE BATIFRUT CLASICO MORA 165G@@@,pro_nombre_corto=@@@BATIFRUT CLASICO@@@,med_id=@@@5@@@,emb_id=@@@3@@@,pro_unidades_embalaje=@@@12@@@,dep_id=@@@3 @@@,lin_id=@@@50@@@,mar_id=@@@1993@@@,pro_precio_compra_neto=@@@270@@@,pro_precio_compra_bruto=@@@336.77@@@,pro_precio_venta=@@@460@@@,pro_margen_actual=@@@36.59@@@,pro_oferta=@@@NO@@@,pro_fecha_inicio_oferta=@@@2006.09.07@@@,pro_fecha_termino_oferta=@@@2006.09.07@@@,pro_precio_oferta=@@@0@@@,pro_stock_minimo=@@@3@@@,pro_stock_critico=@@@2@@@,pro_activo=@@@1@@@,pro_unidad=@@@0@@@,pro_precio_compra_bruto=336.77,pro_margen_actual=36.59,pro_capacidad=125,pro_funcion_plu=0,pro_flejes=1,pro_iva=1,pro_plu_asociado=0,pro_envase=@@@NO@@@,pro_duracion=0,pro_numero_etiqueta=0 WHERE pro_codigo_plu=@@@780721285@@@','',2,'2013-10-29'),(84147,'UPDATE mae_productos SET pro_estado=1 WHERE pro_codigo_plu=780721285','',2,'2013-10-29'),(84148,'DELETE FROM mae_impuestos_productos WHERE pro_codigo_plu=@@@780721285@@@','',2,'2013-10-29'),(84149,'UPDATE mae_productos SET pro_codigo_barra=@@@7802900232009@@@,pro_tipo=@@@0@@@,pro_nombre_producto=@@@YOGHURT SOPROLE BATIFRUT CREME PAPAYAS A LA CREMA@@@,pro_nombre_corto=@@@BATIFRUT CREME P@@@,med_id=@@@5@@@,emb_id=@@@3@@@,pro_unidades_embalaje=@@@0@@@,dep_id=@@@3 @@@,lin_id=@@@50@@@,mar_id=@@@1993@@@,pro_precio_compra_neto=@@@0@@@,pro_precio_compra_bruto=@@@0@@@,pro_precio_venta=@@@350@@@,pro_margen_actual=@@@0@@@,pro_oferta=@@@NO@@@,pro_fecha_inicio_oferta=@@@2013.04.26@@@,pro_fecha_termino_oferta=@@@2013.04.26@@@,pro_precio_oferta=@@@0@@@,pro_stock_minimo=@@@0@@@,pro_stock_critico=@@@0@@@,pro_activo=@@@1@@@,pro_unidad=@@@0@@@,pro_precio_compra_bruto=0,pro_margen_actual=0,pro_capacidad=125,pro_funcion_plu=0,pro_flejes=1,pro_iva=1,pro_plu_asociado=0,pro_envase=@@@NO@@@,pro_duracion=0,pro_numero_etiqueta=0 WHERE pro_codigo_plu=@@@763336@@@','',2,'2013-10-29'),(84150,'UPDATE mae_productos SET pro_estado=1 WHERE pro_codigo_plu=763336','',2,'2013-10-29'),(84151,'DELETE FROM mae_impuestos_productos WHERE pro_codigo_plu=@@@763336@@@','',2,'2013-10-29'),(84152,'UPDATE mae_productos SET pro_margen_actual=37.48,pro_precio_venta=499 WHERE pro_codigo_plu=780721635','',2,'2013-10-29'),(84153,'UPDATE mae_productos SET pro_margen_actual=33.62,pro_precio_venta=450 WHERE pro_codigo_plu=763343','',2,'2013-10-29'),(84154,'UPDATE mae_productos SET pro_margen_actual=33.83,pro_precio_venta=430 WHERE pro_codigo_plu=763342','',2,'2013-10-29'),(84155,'UPDATE mae_productos SET pro_margen_actual=31.11,pro_precio_venta=730 WHERE pro_codigo_plu=100393','',2,'2013-10-29'),(84156,'UPDATE mae_productos SET pro_margen_actual=0,pro_precio_venta=730 WHERE pro_codigo_plu=15010','',2,'2013-10-29'),(84157,'UPDATE mae_productos SET pro_margen_actual=30.94,pro_precio_venta=2150 WHERE pro_codigo_plu=780721610','',2,'2013-10-29'),(84158,'UPDATE mae_productos SET pro_margen_actual=36.59,pro_precio_venta=460 WHERE pro_codigo_plu=780721342','',2,'2013-10-29'),(84159,'UPDATE mae_productos SET pro_margen_actual=36.59,pro_precio_venta=460 WHERE pro_codigo_plu=780721285','',2,'2013-10-29'),(84160,'UPDATE mae_productos SET pro_margen_actual=3.13,pro_precio_venta=1650 WHERE pro_codigo_plu=562','',2,'2013-10-29'),(84161,'UPDATE mae_productos SET pro_margen_actual=74900,pro_precio_venta=750 WHERE pro_codigo_plu=611','',2,'2013-10-29'),(84162,'UPDATE mae_productos SET pro_precio_fiscal=pro_precio_venta WHERE pro_codigo_plu=562','',2,'2013-10-29'),(84163,'UPDATE mae_productos SET pro_precio_fiscal=pro_precio_venta WHERE pro_codigo_plu=611','',2,'2013-10-29'),(84164,'UPDATE mae_productos SET pro_precio_fiscal=pro_precio_venta WHERE pro_codigo_plu=15010','',2,'2013-10-29'),(84165,'UPDATE mae_productos SET pro_codigo_barra=@@@7802900231309@@@,pro_tipo=@@@0@@@,pro_nombre_producto=@@@YOGHURT SOPROLE BATIFRUT  AMERICANO PAPAYA 170 G@@@,pro_nombre_corto=@@@BATIFRUT AMERICA@@@,med_id=@@@5@@@,emb_id=@@@7@@@,pro_unidades_embalaje=@@@4@@@,dep_id=@@@3 @@@,lin_id=@@@50@@@,mar_id=@@@1993@@@,pro_precio_compra_neto=@@@301.68@@@,pro_precio_compra_bruto=@@@362.95@@@,pro_precio_venta=@@@499@@@,pro_margen_actual=@@@37.48@@@,pro_oferta=@@@NO@@@,pro_fecha_inicio_oferta=@@@2006.09.07@@@,pro_fecha_termino_oferta=@@@2006.09.07@@@,pro_precio_oferta=@@@0@@@,pro_stock_minimo=@@@3@@@,pro_stock_critico=@@@2@@@,pro_activo=@@@1@@@,pro_unidad=@@@0@@@,pro_precio_compra_bruto=362.95,pro_margen_actual=37.48,pro_capacidad=170,pro_funcion_plu=0,pro_flejes=1,pro_iva=1,pro_plu_asociado=0,pro_envase=@@@NO@@@,pro_duracion=0,pro_numero_etiqueta=0 WHERE pro_codigo_plu=@@@780721635@@@','',2,'2013-10-29'),(84166,'UPDATE mae_productos SET pro_estado=1 WHERE pro_codigo_plu=780721635','',2,'2013-10-29'),(84167,'DELETE FROM mae_impuestos_productos WHERE pro_codigo_plu=@@@780721635@@@','',2,'2013-10-29'),(84168,'UPDATE mae_productos SET pro_codigo_barra=@@@7802900000301@@@,pro_tipo=@@@0@@@,pro_nombre_producto=@@@YOGHURT SOPROLE BATIFRUT CLASICO FRUTILLA 165G@@@,pro_nombre_corto=@@@BATIFRUL CLASICO@@@,med_id=@@@5@@@,emb_id=@@@3@@@,pro_unidades_embalaje=@@@0@@@,dep_id=@@@3 @@@,lin_id=@@@50@@@,mar_id=@@@1993@@@,pro_precio_compra_neto=@@@270@@@,pro_precio_compra_bruto=@@@336.77@@@,pro_precio_venta=@@@450@@@,pro_margen_actual=@@@33.62@@@,pro_oferta=@@@NO@@@,pro_fecha_inicio_oferta=@@@2013.04.26@@@,pro_fecha_termino_oferta=@@@2013.04.26@@@,pro_precio_oferta=@@@0@@@,pro_stock_minimo=@@@0@@@,pro_stock_critico=@@@0@@@,pro_activo=@@@1@@@,pro_unidad=@@@0@@@,pro_precio_compra_bruto=336.77,pro_margen_actual=33.62,pro_capacidad=165,pro_funcion_plu=0,pro_flejes=1,pro_iva=1,pro_plu_asociado=0,pro_envase=@@@NO@@@,pro_duracion=0,pro_numero_etiqueta=0 WHERE pro_codigo_plu=@@@763343@@@','',2,'2013-10-29'),(84169,'UPDATE mae_productos SET pro_estado=1 WHERE pro_codigo_plu=763343','',2,'2013-10-29'),(84170,'DELETE FROM mae_impuestos_productos WHERE pro_codigo_plu=@@@763343@@@','',2,'2013-10-29'),(84171,'UPDATE mae_productos SET pro_codigo_barra=@@@7802900000318@@@,pro_tipo=@@@0@@@,pro_nombre_producto=@@@YOGHURT SOPROLE BATIFRUT CLASICO PIÑA 165 G@@@,pro_nombre_corto=@@@BATIFRUL CLASICO@@@,med_id=@@@5@@@,emb_id=@@@3@@@,pro_unidades_embalaje=@@@0@@@,dep_id=@@@3 @@@,lin_id=@@@50@@@,mar_id=@@@1993@@@,pro_precio_compra_neto=@@@269.75@@@,pro_precio_compra_bruto=@@@321.3@@@,pro_precio_venta=@@@430@@@,pro_margen_actual=@@@33.83@@@,pro_oferta=@@@NO@@@,pro_fecha_inicio_oferta=@@@2013.04.26@@@,pro_fecha_termino_oferta=@@@2013.04.26@@@,pro_precio_oferta=@@@0@@@,pro_stock_minimo=@@@0@@@,pro_stock_critico=@@@0@@@,pro_activo=@@@1@@@,pro_unidad=@@@0@@@,pro_precio_compra_bruto=321.3,pro_margen_actual=33.83,pro_capacidad=165,pro_funcion_plu=0,pro_flejes=1,pro_iva=1,pro_plu_asociado=0,pro_envase=@@@NO@@@,pro_duracion=0,pro_numero_etiqueta=0 WHERE pro_codigo_plu=@@@763342@@@','',2,'2013-10-29'),(84172,'UPDATE mae_productos SET pro_estado=1 WHERE pro_codigo_plu=763342','',2,'2013-10-29'),(84173,'DELETE FROM mae_impuestos_productos WHERE pro_codigo_plu=@@@763342@@@','',2,'2013-10-29'),(84174,'UPDATE mae_productos SET pro_codigo_barra=@@@7802900900236@@@,pro_tipo=@@@0@@@,pro_nombre_producto=@@@YOGURTH SOPROLE BATIFRUT PACK CREME PAPAYAS@@@,pro_nombre_corto=@@@BATIFRUT CREME P@@@,med_id=@@@5@@@,emb_id=@@@3@@@,pro_unidades_embalaje=@@@0@@@,dep_id=@@@3 @@@,lin_id=@@@50@@@,mar_id=@@@1993@@@,pro_precio_compra_neto=@@@0@@@,pro_precio_compra_bruto=@@@0@@@,pro_precio_venta=@@@1400@@@,pro_margen_actual=@@@0@@@,pro_oferta=@@@NO@@@,pro_fecha_inicio_oferta=@@@2013.04.26@@@,pro_fecha_termino_oferta=@@@2013.04.26@@@,pro_precio_oferta=@@@0@@@,pro_stock_minimo=@@@0@@@,pro_stock_critico=@@@0@@@,pro_activo=@@@1@@@,pro_unidad=@@@0@@@,pro_precio_compra_bruto=0,pro_margen_actual=0,pro_capacidad=125,pro_funcion_plu=0,pro_flejes=1,pro_iva=1,pro_plu_asociado=0,pro_envase=@@@NO@@@,pro_duracion=0,pro_numero_etiqueta=0 WHERE pro_codigo_plu=@@@763337@@@','',2,'2013-10-29'),(84175,'UPDATE mae_productos SET pro_estado=1 WHERE pro_codigo_plu=763337','',2,'2013-10-29'),(84176,'DELETE FROM mae_impuestos_productos WHERE pro_codigo_plu=@@@763337@@@','',2,'2013-10-29'),(84177,'UPDATE mae_productos SET pro_codigo_barra=@@@7802900231323@@@,pro_tipo=@@@0@@@,pro_nombre_producto=@@@YOGHURT SOPROLE  BATIFRUT AMERICANO FRUTILLA  175 GR@@@,pro_nombre_corto=@@@YOGHURT BATIFRUT@@@,med_id=@@@5@@@,emb_id=@@@4@@@,pro_unidades_embalaje=@@@36@@@,dep_id=@@@3 @@@,lin_id=@@@50@@@,mar_id=@@@1993@@@,pro_precio_compra_neto=@@@302.52@@@,pro_precio_compra_bruto=@@@362.95@@@,pro_precio_venta=@@@499@@@,pro_margen_actual=@@@37.48@@@,pro_oferta=@@@NO@@@,pro_fecha_inicio_oferta=@@@2006.09.07@@@,pro_fecha_termino_oferta=@@@2006.09.07@@@,pro_precio_oferta=@@@0@@@,pro_stock_minimo=@@@6@@@,pro_stock_critico=@@@3@@@,pro_activo=@@@1@@@,pro_unidad=@@@0@@@,pro_precio_compra_bruto=362.95,pro_margen_actual=37.48,pro_capacidad=0.175,pro_funcion_plu=0,pro_flejes=1,pro_iva=1,pro_plu_asociado=0,pro_envase=@@@NO@@@,pro_duracion=0,pro_numero_etiqueta=0 WHERE pro_codigo_plu=@@@761918@@@','',2,'2013-10-29'),(84178,'UPDATE mae_productos SET pro_estado=1 WHERE pro_codigo_plu=761918','',2,'2013-10-29'),(84179,'DELETE FROM mae_impuestos_productos WHERE pro_codigo_plu=@@@761918@@@','',2,'2013-10-29'),(84180,'UPDATE mae_productos SET pro_codigo_barra=@@@7802900231316@@@,pro_tipo=@@@0@@@,pro_nombre_producto=@@@YOGHURTSOPROLE BATIFRUT AMERICANO MORA  175 GR@@@,pro_nombre_corto=@@@YOGHURT BATIFRUT@@@,med_id=@@@5@@@,emb_id=@@@4@@@,pro_unidades_embalaje=@@@36@@@,dep_id=@@@3 @@@,lin_id=@@@50@@@,mar_id=@@@1993@@@,pro_precio_compra_neto=@@@306.72@@@,pro_precio_compra_bruto=@@@362.95@@@,pro_precio_venta=@@@499@@@,pro_margen_actual=@@@37.48@@@,pro_oferta=@@@NO@@@,pro_fecha_inicio_oferta=@@@2006.09.07@@@,pro_fecha_termino_oferta=@@@2006.09.07@@@,pro_precio_oferta=@@@0@@@,pro_stock_minimo=@@@6@@@,pro_stock_critico=@@@3@@@,pro_activo=@@@1@@@,pro_unidad=@@@0@@@,pro_precio_compra_bruto=362.95,pro_margen_actual=37.48,pro_capacidad=0.175,pro_funcion_plu=0,pro_flejes=1,pro_iva=1,pro_plu_asociado=0,pro_envase=@@@NO@@@,pro_duracion=0,pro_numero_etiqueta=0 WHERE pro_codigo_plu=@@@761919@@@','',2,'2013-10-29'),(84181,'UPDATE mae_productos SET pro_estado=1 WHERE pro_codigo_plu=761919','',2,'2013-10-29'),(84182,'DELETE FROM mae_impuestos_productos WHERE pro_codigo_plu=@@@761919@@@','',2,'2013-10-29'),(84183,'UPDATE mae_productos SET pro_codigo_barra=@@@7802900311131@@@,pro_tipo=@@@0@@@,pro_nombre_producto=@@@YOGHURT SOPROLE BATIFRUT DURAZNO 125 GRS.@@@,pro_nombre_corto=@@@YOGHURT BATIFRUT@@@,med_id=@@@5@@@,emb_id=@@@4@@@,pro_unidades_embalaje=@@@36@@@,dep_id=@@@3 @@@,lin_id=@@@50@@@,mar_id=@@@1993@@@,pro_precio_compra_neto=@@@0@@@,pro_precio_compra_bruto=@@@0@@@,pro_precio_venta=@@@1@@@,pro_margen_actual=@@@0@@@,pro_oferta=@@@NO@@@,pro_fecha_inicio_oferta=@@@1900.01.01@@@,pro_fecha_termino_oferta=@@@1900.01.01@@@,pro_precio_oferta=@@@0@@@,pro_stock_minimo=@@@36@@@,pro_stock_critico=@@@18@@@,pro_activo=@@@1@@@,pro_unidad=@@@0@@@,pro_precio_compra_bruto=0,pro_margen_actual=0,pro_capacidad=0.125,pro_funcion_plu=0,pro_flejes=1,pro_iva=1,pro_plu_asociado=0,pro_envase=@@@NO@@@,pro_duracion=0,pro_numero_etiqueta=0 WHERE pro_codigo_plu=@@@16933@@@','',2,'2013-10-29'),(84184,'UPDATE mae_productos SET pro_estado=1 WHERE pro_codigo_plu=16933','',2,'2013-10-29'),(84185,'DELETE FROM mae_impuestos_productos WHERE pro_codigo_plu=@@@16933@@@','',2,'2013-10-29'),(84186,'UPDATE mae_productos SET pro_codigo_barra=@@@7802900231040@@@,pro_tipo=@@@0@@@,pro_nombre_producto=@@@YOGHURTSOPROLE BATIFRUT DURAZNO 170 GRS.@@@,pro_nombre_corto=@@@YOGHURT BATIFRUT@@@,med_id=@@@5@@@,emb_id=@@@4@@@,pro_unidades_embalaje=@@@36@@@,dep_id=@@@3 @@@,lin_id=@@@50@@@,mar_id=@@@1993@@@,pro_precio_compra_neto=@@@0@@@,pro_precio_compra_bruto=@@@0@@@,pro_precio_venta=@@@1@@@,pro_margen_actual=@@@0@@@,pro_oferta=@@@NO@@@,pro_fecha_inicio_oferta=@@@2006.09.07@@@,pro_fecha_termino_oferta=@@@2006.09.07@@@,pro_precio_oferta=@@@0@@@,pro_stock_minimo=@@@36@@@,pro_stock_critico=@@@18@@@,pro_activo=@@@1@@@,pro_unidad=@@@0@@@,pro_precio_compra_bruto=0,pro_margen_actual=0,pro_capacidad=0.17,pro_funcion_plu=0,pro_flejes=1,pro_iva=1,pro_plu_asociado=0,pro_envase=@@@NO@@@,pro_duracion=0,pro_numero_etiqueta=0 WHERE pro_codigo_plu=@@@101236@@@','',2,'2013-10-29'),(84187,'UPDATE mae_productos SET pro_estado=1 WHERE pro_codigo_plu=101236','',2,'2013-10-29'),(84188,'DELETE FROM mae_impuestos_productos WHERE pro_codigo_plu=@@@101236@@@','',2,'2013-10-29'),(84189,'UPDATE mae_productos SET pro_codigo_barra=@@@7802900231057@@@,pro_tipo=@@@0@@@,pro_nombre_producto=@@@YOGHURT SOPORLE BATIFRUT FRUTILLA 170 GRS.@@@,pro_nombre_corto=@@@YOGHURT BATIFRUT@@@,med_id=@@@5@@@,emb_id=@@@4@@@,pro_unidades_embalaje=@@@36@@@,dep_id=@@@3 @@@,lin_id=@@@50@@@,mar_id=@@@1993@@@,pro_precio_compra_neto=@@@0@@@,pro_precio_compra_bruto=@@@0@@@,pro_precio_venta=@@@1@@@,pro_margen_actual=@@@0@@@,pro_oferta=@@@NO@@@,pro_fecha_inicio_oferta=@@@2006.09.07@@@,pro_fecha_termino_oferta=@@@2006.09.07@@@,pro_precio_oferta=@@@0@@@,pro_stock_minimo=@@@36@@@,pro_stock_critico=@@@18@@@,pro_activo=@@@1@@@,pro_unidad=@@@0@@@,pro_precio_compra_bruto=0,pro_margen_actual=0,pro_capacidad=0.17,pro_funcion_plu=0,pro_flejes=1,pro_iva=1,pro_plu_asociado=0,pro_envase=@@@NO@@@,pro_duracion=0,pro_numero_etiqueta=0 WHERE pro_codigo_plu=@@@101233@@@','',2,'2013-10-29'),(84190,'UPDATE mae_productos SET pro_estado=1 WHERE pro_codigo_plu=101233','',2,'2013-10-29'),(84191,'DELETE FROM mae_impuestos_productos WHERE pro_codigo_plu=@@@101233@@@','',2,'2013-10-29'),(84192,'UPDATE mae_productos SET pro_codigo_barra=@@@7802900231057@@@,pro_tipo=@@@0@@@,pro_nombre_producto=@@@YOGHURT SOPROLE BATIFRUT FRUTILLA 170 GRS.@@@,pro_nombre_corto=@@@YOGHURT BATIFRUT@@@,med_id=@@@5@@@,emb_id=@@@4@@@,pro_unidades_embalaje=@@@36@@@,dep_id=@@@3 @@@,lin_id=@@@50@@@,mar_id=@@@1993@@@,pro_precio_compra_neto=@@@0@@@,pro_precio_compra_bruto=@@@0@@@,pro_precio_venta=@@@1@@@,pro_margen_actual=@@@0@@@,pro_oferta=@@@NO@@@,pro_fecha_inicio_oferta=@@@2006.09.07@@@,pro_fecha_termino_oferta=@@@2006.09.07@@@,pro_precio_oferta=@@@0@@@,pro_stock_minimo=@@@36@@@,pro_stock_critico=@@@18@@@,pro_activo=@@@1@@@,pro_unidad=@@@0@@@,pro_precio_compra_bruto=0,pro_margen_actual=0,pro_capacidad=0.17,pro_funcion_plu=0,pro_flejes=1,pro_iva=1,pro_plu_asociado=0,pro_envase=@@@NO@@@,pro_duracion=0,pro_numero_etiqueta=0 WHERE pro_codigo_plu=@@@101233@@@','',2,'2013-10-29'),(84193,'UPDATE mae_productos SET pro_estado=1 WHERE pro_codigo_plu=101233','',2,'2013-10-29'),(84194,'DELETE FROM mae_impuestos_productos WHERE pro_codigo_plu=@@@101233@@@','',2,'2013-10-29'),(84195,'INSERT INTO gne_vale_ferreteria (vfe_id,vfe_fecha,vfe_total,vfe_estado,vfe_entregado,usu_nusuario) VALUES (15173,@@@2013.10.29@@@,2110,1,0,@@@admin@@@)','',2,'2013-10-29'),(84196,'INSERT INTO gne_vale_ferreteria_mov (vfe_id,pro_codigo_plu,vfm_cantidad,vfm_unitario,vfm_total,vfm_entregado) VALUES (15173,101854,1,1990,1990,@@@NO@@@)','',2,'2013-10-29'),(84197,'INSERT INTO gne_vale_ferreteria_mov (vfe_id,pro_codigo_plu,vfm_cantidad,vfm_unitario,vfm_total,vfm_entregado) VALUES (15173,780721266,1,120,120,@@@NO@@@)','',2,'2013-10-29'),(84198,'INSERT INTO gne_vale_ferreteria (vfe_id,vfe_fecha,vfe_total,vfe_estado,vfe_entregado,usu_nusuario) VALUES (15174,@@@2013.10.29@@@,100,1,0,@@@admin@@@)','',2,'2013-10-29'),(84199,'INSERT INTO gne_vale_ferreteria_mov (vfe_id,pro_codigo_plu,vfm_cantidad,vfm_unitario,vfm_total,vfm_entregado) VALUES (15174,78017233,1,100,100,@@@NO@@@)','',2,'2013-10-29'),(84200,'INSERT INTO gne_vale_ferreteria (vfe_id,vfe_fecha,vfe_total,vfe_estado,vfe_entregado,usu_nusuario) VALUES (15175,@@@2013.10.29@@@,990,1,0,@@@admin@@@)','',2,'2013-10-29'),(84201,'INSERT INTO gne_vale_ferreteria_mov (vfe_id,pro_codigo_plu,vfm_cantidad,vfm_unitario,vfm_total,vfm_entregado) VALUES (15175,763984,1,990,990,@@@NO@@@)','',2,'2013-10-29'),(84202,'INSERT INTO gne_vale_ferreteria (vfe_id,vfe_fecha,vfe_total,vfe_estado,vfe_entregado,usu_nusuario) VALUES (15176,@@@2013.10.29@@@,490,1,0,@@@admin@@@)','',2,'2013-10-29'),(84203,'INSERT INTO gne_vale_ferreteria_mov (vfe_id,pro_codigo_plu,vfm_cantidad,vfm_unitario,vfm_total,vfm_entregado) VALUES (15176,764225,1,490,490,@@@NO@@@)','',2,'2013-10-29'),(84204,'INSERT INTO gne_vale_ferreteria (vfe_id,vfe_fecha,vfe_total,vfe_estado,vfe_entregado,usu_nusuario) VALUES (15177,@@@2013.10.29@@@,200,1,0,@@@admin@@@)','',2,'2013-10-29'),(84205,'INSERT INTO gne_vale_ferreteria_mov (vfe_id,pro_codigo_plu,vfm_cantidad,vfm_unitario,vfm_total,vfm_entregado) VALUES (15177,101101,1,200,200,@@@NO@@@)','',2,'2013-10-29'),(84206,'INSERT INTO gne_vale_ferreteria (vfe_id,vfe_fecha,vfe_total,vfe_estado,vfe_entregado,usu_nusuario) VALUES (15178,@@@2013.10.29@@@,1590,1,0,@@@admin@@@)','',2,'2013-10-29'),(84207,'INSERT INTO gne_vale_ferreteria_mov (vfe_id,pro_codigo_plu,vfm_cantidad,vfm_unitario,vfm_total,vfm_entregado) VALUES (15178,780721425,1,850,850,@@@NO@@@)','',2,'2013-10-29'),(84208,'INSERT INTO gne_vale_ferreteria_mov (vfe_id,pro_codigo_plu,vfm_cantidad,vfm_unitario,vfm_total,vfm_entregado) VALUES (15178,780220192,1,370,370,@@@NO@@@)','',2,'2013-10-29'),(84209,'INSERT INTO gne_vale_ferreteria_mov (vfe_id,pro_codigo_plu,vfm_cantidad,vfm_unitario,vfm_total,vfm_entregado) VALUES (15178,780220194,1,370,370,@@@NO@@@)','',2,'2013-10-29'),(84210,'INSERT INTO gne_vale_ferreteria (vfe_id,vfe_fecha,vfe_total,vfe_estado,vfe_entregado,usu_nusuario) VALUES (15179,@@@2013.10.29@@@,840,1,0,@@@admin@@@)','',2,'2013-10-29'),(84211,'INSERT INTO gne_vale_ferreteria_mov (vfe_id,pro_codigo_plu,vfm_cantidad,vfm_unitario,vfm_total,vfm_entregado) VALUES (15179,764830,1,690,690,@@@NO@@@)','',2,'2013-10-29'),(84212,'INSERT INTO gne_vale_ferreteria_mov (vfe_id,pro_codigo_plu,vfm_cantidad,vfm_unitario,vfm_total,vfm_entregado) VALUES (15179,780721187,1,150,150,@@@NO@@@)','',2,'2013-10-29'),(84213,'INSERT INTO gne_vale_ferreteria (vfe_id,vfe_fecha,vfe_total,vfe_estado,vfe_entregado,usu_nusuario) VALUES (15180,@@@2013.10.29@@@,1960,1,0,@@@admin@@@)','',2,'2013-10-29'),(84214,'INSERT INTO gne_vale_ferreteria_mov (vfe_id,pro_codigo_plu,vfm_cantidad,vfm_unitario,vfm_total,vfm_entregado) VALUES (15180,780722037,4,490,1960,@@@NO@@@)','',2,'2013-10-29'),(84215,'INSERT INTO gne_vale_ferreteria (vfe_id,vfe_fecha,vfe_total,vfe_estado,vfe_entregado,usu_nusuario) VALUES (15181,@@@2013.10.29@@@,1599,1,0,@@@admin@@@)','',2,'2013-10-29'),(84216,'INSERT INTO gne_vale_ferreteria_mov (vfe_id,pro_codigo_plu,vfm_cantidad,vfm_unitario,vfm_total,vfm_entregado) VALUES (15181,15668,1,1599,1599,@@@NO@@@)','',2,'2013-10-29'),(84217,'INSERT INTO gne_vale_ferreteria (vfe_id,vfe_fecha,vfe_total,vfe_estado,vfe_entregado,usu_nusuario) VALUES (15182,@@@2013.10.29@@@,150,1,0,@@@admin@@@)','',2,'2013-10-29'),(84218,'INSERT INTO gne_vale_ferreteria_mov (vfe_id,pro_codigo_plu,vfm_cantidad,vfm_unitario,vfm_total,vfm_entregado) VALUES (15182,7500886,1,150,150,@@@NO@@@)','',2,'2013-10-29'),(84219,'INSERT INTO gne_vale_ferreteria (vfe_id,vfe_fecha,vfe_total,vfe_estado,vfe_entregado,usu_nusuario) VALUES (15183,@@@2013.10.29@@@,1780,1,0,@@@admin@@@)','',2,'2013-10-29'),(84220,'INSERT INTO gne_vale_ferreteria_mov (vfe_id,pro_codigo_plu,vfm_cantidad,vfm_unitario,vfm_total,vfm_entregado) VALUES (15183,761974,2,890,1780,@@@NO@@@)','',2,'2013-10-29'),(84221,'INSERT INTO gne_vale_ferreteria (vfe_id,vfe_fecha,vfe_total,vfe_estado,vfe_entregado,usu_nusuario) VALUES (15184,@@@2013.10.29@@@,460,1,0,@@@admin@@@)','',2,'2013-10-29'),(84222,'INSERT INTO gne_vale_ferreteria_mov (vfe_id,pro_codigo_plu,vfm_cantidad,vfm_unitario,vfm_total,vfm_entregado) VALUES (15184,770034,10,20,200,@@@NO@@@)','',2,'2013-10-29'),(84223,'INSERT INTO gne_vale_ferreteria_mov (vfe_id,pro_codigo_plu,vfm_cantidad,vfm_unitario,vfm_total,vfm_entregado) VALUES (15184,12083,1,260,260,@@@NO@@@)','',2,'2013-10-29'),(84224,'INSERT INTO gne_vale_ferreteria (vfe_id,vfe_fecha,vfe_total,vfe_estado,vfe_entregado,usu_nusuario) VALUES (15185,@@@2013.10.29@@@,2340,1,0,@@@admin@@@)','',2,'2013-10-29'),(84225,'INSERT INTO gne_vale_ferreteria_mov (vfe_id,pro_codigo_plu,vfm_cantidad,vfm_unitario,vfm_total,vfm_entregado) VALUES (15185,780721926,1,1100,1100,@@@NO@@@)','',2,'2013-10-29'),(84226,'INSERT INTO gne_vale_ferreteria_mov (vfe_id,pro_codigo_plu,vfm_cantidad,vfm_unitario,vfm_total,vfm_entregado) VALUES (15185,763623,1,790,790,@@@NO@@@)','',2,'2013-10-29'),(84227,'INSERT INTO gne_vale_ferreteria_mov (vfe_id,pro_codigo_plu,vfm_cantidad,vfm_unitario,vfm_total,vfm_entregado) VALUES (15185,36650,1,450,450,@@@NO@@@)','',2,'2013-10-29'),(84228,'INSERT INTO gne_vale_ferreteria (vfe_id,vfe_fecha,vfe_total,vfe_estado,vfe_entregado,usu_nusuario) VALUES (15186,@@@2013.10.29@@@,600,1,0,@@@admin@@@)','',2,'2013-10-29'),(84229,'INSERT INTO gne_vale_ferreteria_mov (vfe_id,pro_codigo_plu,vfm_cantidad,vfm_unitario,vfm_total,vfm_entregado) VALUES (15186,763417,1,300,300,@@@NO@@@)','',2,'2013-10-29'),(84230,'INSERT INTO gne_vale_ferreteria_mov (vfe_id,pro_codigo_plu,vfm_cantidad,vfm_unitario,vfm_total,vfm_entregado) VALUES (15186,780721422,1,300,300,@@@NO@@@)','',2,'2013-10-29'),(84231,'INSERT INTO gne_vale_ferreteria (vfe_id,vfe_fecha,vfe_total,vfe_estado,vfe_entregado,usu_nusuario) VALUES (15187,@@@2013.10.29@@@,1620,1,0,@@@admin@@@)','',2,'2013-10-29'),(84232,'INSERT INTO gne_vale_ferreteria_mov (vfe_id,pro_codigo_plu,vfm_cantidad,vfm_unitario,vfm_total,vfm_entregado) VALUES (15187,780220180,1,620,620,@@@NO@@@)','',2,'2013-10-29'),(84233,'INSERT INTO gne_vale_ferreteria_mov (vfe_id,pro_codigo_plu,vfm_cantidad,vfm_unitario,vfm_total,vfm_entregado) VALUES (15187,78017139,1,200,200,@@@NO@@@)','',2,'2013-10-29'),(84234,'INSERT INTO gne_vale_ferreteria_mov (vfe_id,pro_codigo_plu,vfm_cantidad,vfm_unitario,vfm_total,vfm_entregado) VALUES (15187,764572,3,100,300,@@@NO@@@)','',2,'2013-10-29'),(84235,'INSERT INTO gne_vale_ferreteria_mov (vfe_id,pro_codigo_plu,vfm_cantidad,vfm_unitario,vfm_total,vfm_entregado) VALUES (15187,764826,2,250,500,@@@NO@@@)','',2,'2013-10-29'),(84236,'INSERT INTO gne_vale_ferreteria (vfe_id,vfe_fecha,vfe_total,vfe_estado,vfe_entregado,usu_nusuario) VALUES (15188,@@@2013.10.29@@@,120,1,0,@@@admin@@@)','',2,'2013-10-29'),(84237,'INSERT INTO gne_vale_ferreteria_mov (vfe_id,pro_codigo_plu,vfm_cantidad,vfm_unitario,vfm_total,vfm_entregado) VALUES (15188,764770,4,30,120,@@@NO@@@)','',2,'2013-10-29'),(84238,'INSERT INTO gne_vale_ferreteria (vfe_id,vfe_fecha,vfe_total,vfe_estado,vfe_entregado,usu_nusuario) VALUES (15189,@@@2013.10.29@@@,590,1,0,@@@admin@@@)','',2,'2013-10-29'),(84239,'INSERT INTO gne_vale_ferreteria_mov (vfe_id,pro_codigo_plu,vfm_cantidad,vfm_unitario,vfm_total,vfm_entregado) VALUES (15189,4098,1,590,590,@@@NO@@@)','',2,'2013-10-29'),(84240,'INSERT INTO gne_vale_ferreteria (vfe_id,vfe_fecha,vfe_total,vfe_estado,vfe_entregado,usu_nusuario) VALUES (15190,@@@2013.10.29@@@,690,1,0,@@@admin@@@)','',2,'2013-10-29'),(84241,'INSERT INTO gne_vale_ferreteria_mov (vfe_id,pro_codigo_plu,vfm_cantidad,vfm_unitario,vfm_total,vfm_entregado) VALUES (15190,3131,1,200,200,@@@NO@@@)','',2,'2013-10-29'),(84242,'INSERT INTO gne_vale_ferreteria_mov (vfe_id,pro_codigo_plu,vfm_cantidad,vfm_unitario,vfm_total,vfm_entregado) VALUES (15190,10178,1,490,490,@@@NO@@@)','',2,'2013-10-29'),(84243,'INSERT INTO gne_vale_ferreteria (vfe_id,vfe_fecha,vfe_total,vfe_estado,vfe_entregado,usu_nusuario) VALUES (15191,@@@2013.10.29@@@,390,1,0,@@@admin@@@)','',2,'2013-10-29'),(84244,'INSERT INTO gne_vale_ferreteria_mov (vfe_id,pro_codigo_plu,vfm_cantidad,vfm_unitario,vfm_total,vfm_entregado) VALUES (15191,764214,1,390,390,@@@NO@@@)','',2,'2013-10-29'),(84245,'INSERT INTO gne_vale_ferreteria (vfe_id,vfe_fecha,vfe_total,vfe_estado,vfe_entregado,usu_nusuario) VALUES (15192,@@@2013.10.29@@@,150,1,0,@@@admin@@@)','',2,'2013-10-29'),(84246,'INSERT INTO gne_vale_ferreteria_mov (vfe_id,pro_codigo_plu,vfm_cantidad,vfm_unitario,vfm_total,vfm_entregado) VALUES (15192,770000,3,50,150,@@@NO@@@)','',2,'2013-10-29'),(84247,'INSERT INTO gne_vale_ferreteria (vfe_id,vfe_fecha,vfe_total,vfe_estado,vfe_entregado,usu_nusuario) VALUES (15193,@@@2013.10.29@@@,240,1,0,@@@admin@@@)','',2,'2013-10-29'),(84248,'INSERT INTO gne_vale_ferreteria_mov (vfe_id,pro_codigo_plu,vfm_cantidad,vfm_unitario,vfm_total,vfm_entregado) VALUES (15193,770034,2,20,40,@@@NO@@@)','',2,'2013-10-29'),(84249,'INSERT INTO gne_vale_ferreteria_mov (vfe_id,pro_codigo_plu,vfm_cantidad,vfm_unitario,vfm_total,vfm_entregado) VALUES (15193,78017193,10,20,200,@@@NO@@@)','',2,'2013-10-29'),(84250,'INSERT INTO gne_vale_ferreteria (vfe_id,vfe_fecha,vfe_total,vfe_estado,vfe_entregado,usu_nusuario) VALUES (15194,@@@2013.10.29@@@,40,1,0,@@@admin@@@)','',2,'2013-10-29'),(84251,'INSERT INTO gne_vale_ferreteria_mov (vfe_id,pro_codigo_plu,vfm_cantidad,vfm_unitario,vfm_total,vfm_entregado) VALUES (15194,770034,2,20,40,@@@NO@@@)','',2,'2013-10-29'),(84252,'INSERT INTO gne_vale_ferreteria (vfe_id,vfe_fecha,vfe_total,vfe_estado,vfe_entregado,usu_nusuario) VALUES (15195,@@@2013.10.29@@@,120,1,0,@@@admin@@@)','',2,'2013-10-29'),(84253,'INSERT INTO gne_vale_ferreteria_mov (vfe_id,pro_codigo_plu,vfm_cantidad,vfm_unitario,vfm_total,vfm_entregado) VALUES (15195,8022,1,120,120,@@@NO@@@)','',2,'2013-10-29'),(84254,'INSERT INTO gne_vale_ferreteria (vfe_id,vfe_fecha,vfe_total,vfe_estado,vfe_entregado,usu_nusuario) VALUES (15196,@@@2013.10.29@@@,100,1,0,@@@admin@@@)','',2,'2013-10-29'),(84255,'INSERT INTO gne_vale_ferreteria_mov (vfe_id,pro_codigo_plu,vfm_cantidad,vfm_unitario,vfm_total,vfm_entregado) VALUES (15196,78017190,1,100,100,@@@NO@@@)','',2,'2013-10-29'),(84256,'INSERT INTO gne_vale_ferreteria (vfe_id,vfe_fecha,vfe_total,vfe_estado,vfe_entregado,usu_nusuario) VALUES (15197,@@@2013.10.29@@@,350,1,0,@@@admin@@@)','',2,'2013-10-29'),(84257,'INSERT INTO gne_vale_ferreteria_mov (vfe_id,pro_codigo_plu,vfm_cantidad,vfm_unitario,vfm_total,vfm_entregado) VALUES (15197,4074,1,350,350,@@@NO@@@)','',2,'2013-10-29'),(84258,'INSERT INTO gne_vale_ferreteria (vfe_id,vfe_fecha,vfe_total,vfe_estado,vfe_entregado,usu_nusuario) VALUES (15198,@@@2013.10.29@@@,1395,1,0,@@@admin@@@)','',2,'2013-10-29'),(84259,'INSERT INTO gne_vale_ferreteria_mov (vfe_id,pro_codigo_plu,vfm_cantidad,vfm_unitario,vfm_total,vfm_entregado) VALUES (15198,780721923,1,1395,1395,@@@NO@@@)','',2,'2013-10-29'),(84260,'INSERT INTO gne_vale_ferreteria (vfe_id,vfe_fecha,vfe_total,vfe_estado,vfe_entregado,usu_nusuario) VALUES (15199,@@@2013.10.29@@@,120,1,0,@@@admin@@@)','',2,'2013-10-29'),(84261,'INSERT INTO gne_vale_ferreteria_mov (vfe_id,pro_codigo_plu,vfm_cantidad,vfm_unitario,vfm_total,vfm_entregado) VALUES (15199,8022,1,120,120,@@@NO@@@)','',2,'2013-10-29'),(84262,'INSERT INTO gne_vale_ferreteria (vfe_id,vfe_fecha,vfe_total,vfe_estado,vfe_entregado,usu_nusuario) VALUES (15200,@@@2013.10.29@@@,1490,1,0,@@@admin@@@)','',2,'2013-10-29'),(84263,'INSERT INTO gne_vale_ferreteria_mov (vfe_id,pro_codigo_plu,vfm_cantidad,vfm_unitario,vfm_total,vfm_entregado) VALUES (15200,764564,1,1490,1490,@@@NO@@@)','',2,'2013-10-29'),(84264,'INSERT INTO gne_vale_ferreteria (vfe_id,vfe_fecha,vfe_total,vfe_estado,vfe_entregado,usu_nusuario) VALUES (15201,@@@2013.10.29@@@,520,1,0,@@@admin@@@)','',2,'2013-10-29'),(84265,'INSERT INTO gne_vale_ferreteria_mov (vfe_id,pro_codigo_plu,vfm_cantidad,vfm_unitario,vfm_total,vfm_entregado) VALUES (15201,19803,1,520,520,@@@NO@@@)','',2,'2013-10-29'),(84266,'INSERT INTO gne_vale_ferreteria (vfe_id,vfe_fecha,vfe_total,vfe_estado,vfe_entregado,usu_nusuario) VALUES (15202,@@@2013.10.29@@@,590,1,0,@@@admin@@@)','',2,'2013-10-29'),(84267,'INSERT INTO gne_vale_ferreteria_mov (vfe_id,pro_codigo_plu,vfm_cantidad,vfm_unitario,vfm_total,vfm_entregado) VALUES (15202,780721420,1,390,390,@@@NO@@@)','',2,'2013-10-29'),(84268,'INSERT INTO gne_vale_ferreteria_mov (vfe_id,pro_codigo_plu,vfm_cantidad,vfm_unitario,vfm_total,vfm_entregado) VALUES (15202,770003,5,10,50,@@@NO@@@)','',2,'2013-10-29'),(84269,'INSERT INTO gne_vale_ferreteria_mov (vfe_id,pro_codigo_plu,vfm_cantidad,vfm_unitario,vfm_total,vfm_entregado) VALUES (15202,780721239,1,150,150,@@@NO@@@)','',2,'2013-10-29'),(84270,'INSERT INTO gne_vale_ferreteria (vfe_id,vfe_fecha,vfe_total,vfe_estado,vfe_entregado,usu_nusuario) VALUES (15203,@@@2013.10.29@@@,300,1,0,@@@admin@@@)','',2,'2013-10-29'),(84271,'INSERT INTO gne_vale_ferreteria_mov (vfe_id,pro_codigo_plu,vfm_cantidad,vfm_unitario,vfm_total,vfm_entregado) VALUES (15203,78017090,1,300,300,@@@NO@@@)','',2,'2013-10-29'),(84272,'INSERT INTO gne_vale_ferreteria (vfe_id,vfe_fecha,vfe_total,vfe_estado,vfe_entregado,usu_nusuario) VALUES (15204,@@@2013.10.29@@@,100,1,0,@@@admin@@@)','',2,'2013-10-29'),(84273,'INSERT INTO gne_vale_ferreteria_mov (vfe_id,pro_codigo_plu,vfm_cantidad,vfm_unitario,vfm_total,vfm_entregado) VALUES (15204,7501,2,50,100,@@@NO@@@)','',2,'2013-10-29'),(84274,'INSERT INTO gne_vale_ferreteria (vfe_id,vfe_fecha,vfe_total,vfe_estado,vfe_entregado,usu_nusuario) VALUES (15205,@@@2013.10.29@@@,1890,1,0,@@@admin@@@)','',2,'2013-10-29'),(84275,'INSERT INTO gne_vale_ferreteria_mov (vfe_id,pro_codigo_plu,vfm_cantidad,vfm_unitario,vfm_total,vfm_entregado) VALUES (15205,764514,1,1890,1890,@@@NO@@@)','',2,'2013-10-29'),(84276,'INSERT INTO gne_vale_ferreteria (vfe_id,vfe_fecha,vfe_total,vfe_estado,vfe_entregado,usu_nusuario) VALUES (15206,@@@2013.10.29@@@,120,1,0,@@@admin@@@)','',2,'2013-10-29'),(84277,'INSERT INTO gne_vale_ferreteria_mov (vfe_id,pro_codigo_plu,vfm_cantidad,vfm_unitario,vfm_total,vfm_entregado) VALUES (15206,8022,1,120,120,@@@NO@@@)','',2,'2013-10-29'),(84278,'INSERT INTO gne_vale_ferreteria (vfe_id,vfe_fecha,vfe_total,vfe_estado,vfe_entregado,usu_nusuario) VALUES (15207,@@@2013.10.29@@@,600,1,0,@@@admin@@@)','',2,'2013-10-29'),(84279,'INSERT INTO gne_vale_ferreteria_mov (vfe_id,pro_codigo_plu,vfm_cantidad,vfm_unitario,vfm_total,vfm_entregado) VALUES (15207,763720,1,600,600,@@@NO@@@)','',2,'2013-10-29'),(84280,'INSERT INTO gne_vale_ferreteria (vfe_id,vfe_fecha,vfe_total,vfe_estado,vfe_entregado,usu_nusuario) VALUES (15208,@@@2013.10.29@@@,930,1,0,@@@admin@@@)','',2,'2013-10-29'),(84281,'INSERT INTO gne_vale_ferreteria_mov (vfe_id,pro_codigo_plu,vfm_cantidad,vfm_unitario,vfm_total,vfm_entregado) VALUES (15208,11670,1,930,930,@@@NO@@@)','',2,'2013-10-29'),(84282,'INSERT INTO gne_vale_ferreteria (vfe_id,vfe_fecha,vfe_total,vfe_estado,vfe_entregado,usu_nusuario) VALUES (15209,@@@2013.10.29@@@,300,1,0,@@@admin@@@)','',2,'2013-10-29'),(84283,'INSERT INTO gne_vale_ferreteria_mov (vfe_id,pro_codigo_plu,vfm_cantidad,vfm_unitario,vfm_total,vfm_entregado) VALUES (15209,4076,1,300,300,@@@NO@@@)','',2,'2013-10-29'),(84284,'INSERT INTO gne_vale_ferreteria (vfe_id,vfe_fecha,vfe_total,vfe_estado,vfe_entregado,usu_nusuario) VALUES (15210,@@@2013.10.29@@@,240,1,0,@@@admin@@@)','',2,'2013-10-29'),(84285,'INSERT INTO gne_vale_ferreteria_mov (vfe_id,pro_codigo_plu,vfm_cantidad,vfm_unitario,vfm_total,vfm_entregado) VALUES (15210,764766,2,120,240,@@@NO@@@)','',2,'2013-10-29'),(84286,'INSERT INTO gne_vale_ferreteria (vfe_id,vfe_fecha,vfe_total,vfe_estado,vfe_entregado,usu_nusuario) VALUES (15211,@@@2013.10.29@@@,250,1,0,@@@admin@@@)','',2,'2013-10-29'),(84287,'INSERT INTO gne_vale_ferreteria_mov (vfe_id,pro_codigo_plu,vfm_cantidad,vfm_unitario,vfm_total,vfm_entregado) VALUES (15211,780721493,1,250,250,@@@NO@@@)','',2,'2013-10-29'),(84288,'INSERT INTO gne_vale_ferreteria (vfe_id,vfe_fecha,vfe_total,vfe_estado,vfe_entregado,usu_nusuario) VALUES (15212,@@@2013.10.29@@@,200,1,0,@@@admin@@@)','',2,'2013-10-29'),(84289,'INSERT INTO gne_vale_ferreteria_mov (vfe_id,pro_codigo_plu,vfm_cantidad,vfm_unitario,vfm_total,vfm_entregado) VALUES (15212,1556,1,200,200,@@@NO@@@)','',2,'2013-10-29'),(84290,'INSERT INTO gne_vale_ferreteria (vfe_id,vfe_fecha,vfe_total,vfe_estado,vfe_entregado,usu_nusuario) VALUES (15213,@@@2013.10.29@@@,120,1,0,@@@admin@@@)','',2,'2013-10-29'),(84291,'INSERT INTO gne_vale_ferreteria_mov (vfe_id,pro_codigo_plu,vfm_cantidad,vfm_unitario,vfm_total,vfm_entregado) VALUES (15213,780721265,1,120,120,@@@NO@@@)','',2,'2013-10-29'),(84292,'INSERT INTO gne_vale_ferreteria (vfe_id,vfe_fecha,vfe_total,vfe_estado,vfe_entregado,usu_nusuario) VALUES (15214,@@@2013.10.29@@@,1390,1,0,@@@admin@@@)','',2,'2013-10-29'),(84293,'INSERT INTO gne_vale_ferreteria_mov (vfe_id,pro_codigo_plu,vfm_cantidad,vfm_unitario,vfm_total,vfm_entregado) VALUES (15214,10959,1,1390,1390,@@@NO@@@)','',2,'2013-10-29'),(84294,'INSERT INTO gne_vale_ferreteria (vfe_id,vfe_fecha,vfe_total,vfe_estado,vfe_entregado,usu_nusuario) VALUES (15215,@@@2013.10.29@@@,320,1,0,@@@admin@@@)','',2,'2013-10-29'),(84295,'INSERT INTO gne_vale_ferreteria_mov (vfe_id,pro_codigo_plu,vfm_cantidad,vfm_unitario,vfm_total,vfm_entregado) VALUES (15215,8022,1,120,120,@@@NO@@@)','',2,'2013-10-29'),(84296,'INSERT INTO gne_vale_ferreteria_mov (vfe_id,pro_codigo_plu,vfm_cantidad,vfm_unitario,vfm_total,vfm_entregado) VALUES (15215,98100,2,100,200,@@@NO@@@)','',2,'2013-10-29'),(84297,'INSERT INTO gne_vale_ferreteria (vfe_id,vfe_fecha,vfe_total,vfe_estado,vfe_entregado,usu_nusuario) VALUES (15216,@@@2013.10.29@@@,250,1,0,@@@admin@@@)','',2,'2013-10-29'),(84298,'INSERT INTO gne_vale_ferreteria_mov (vfe_id,pro_codigo_plu,vfm_cantidad,vfm_unitario,vfm_total,vfm_entregado) VALUES (15216,780721493,1,250,250,@@@NO@@@)','',2,'2013-10-29'),(84299,'INSERT INTO gne_vale_ferreteria (vfe_id,vfe_fecha,vfe_total,vfe_estado,vfe_entregado,usu_nusuario) VALUES (15217,@@@2013.10.30@@@,300,1,0,@@@G_DIAZ@@@)','',2,'2013-10-30'),(84300,'INSERT INTO gne_vale_ferreteria_mov (vfe_id,pro_codigo_plu,vfm_cantidad,vfm_unitario,vfm_total,vfm_entregado) VALUES (15217,4134,1,250,250,@@@NO@@@)','',2,'2013-10-30'),(84301,'INSERT INTO gne_vale_ferreteria_mov (vfe_id,pro_codigo_plu,vfm_cantidad,vfm_unitario,vfm_total,vfm_entregado) VALUES (15217,1545,1,50,50,@@@NO@@@)','',2,'2013-10-30'),(84302,'INSERT INTO gne_vale_ferreteria (vfe_id,vfe_fecha,vfe_total,vfe_estado,vfe_entregado,usu_nusuario) VALUES (15218,@@@2013.10.30@@@,2275,1,0,@@@G_DIAZ@@@)','',2,'2013-10-30'),(84303,'INSERT INTO gne_vale_ferreteria_mov (vfe_id,pro_codigo_plu,vfm_cantidad,vfm_unitario,vfm_total,vfm_entregado) VALUES (15218,121012,1,590,590,@@@NO@@@)','',2,'2013-10-30'),(84304,'INSERT INTO gne_vale_ferreteria_mov (vfe_id,pro_codigo_plu,vfm_cantidad,vfm_unitario,vfm_total,vfm_entregado) VALUES (15218,780721923,1,1395,1395,@@@NO@@@)','',2,'2013-10-30'),(84305,'INSERT INTO gne_vale_ferreteria_mov (vfe_id,pro_codigo_plu,vfm_cantidad,vfm_unitario,vfm_total,vfm_entregado) VALUES (15218,1559,1,290,290,@@@NO@@@)','',2,'2013-10-30'),(84306,'INSERT INTO gne_vale_ferreteria (vfe_id,vfe_fecha,vfe_total,vfe_estado,vfe_entregado,usu_nusuario) VALUES (15219,@@@2013.10.30@@@,190,1,0,@@@G_DIAZ@@@)','',2,'2013-10-30'),(84307,'INSERT INTO gne_vale_ferreteria_mov (vfe_id,pro_codigo_plu,vfm_cantidad,vfm_unitario,vfm_total,vfm_entregado) VALUES (15219,1537,1,190,190,@@@NO@@@)','',2,'2013-10-30'),(84308,'INSERT INTO com_ventas_grupo (vgr_fecha,vgr_grupo,vgr_cantidad,vgr_total) VALUES (@@@2013.10.29@@@,1,131.21,103351)','',2,'2013-10-30'),(84309,'INSERT INTO com_ventas_grupo (vgr_fecha,vgr_grupo,vgr_cantidad,vgr_total) VALUES (@@@2013.10.29@@@,2,161,90853)','',2,'2013-10-30'),(84310,'INSERT INTO com_ventas_grupo (vgr_fecha,vgr_grupo,vgr_cantidad,vgr_total) VALUES (@@@2013.10.29@@@,3,221,52679)','',2,'2013-10-30'),(84311,'INSERT INTO com_ventas_grupo (vgr_fecha,vgr_grupo,vgr_cantidad,vgr_total) VALUES (@@@2013.10.29@@@,4,65,54790)','',2,'2013-10-30'),(84312,'INSERT INTO com_ventas_grupo (vgr_fecha,vgr_grupo,vgr_cantidad,vgr_total) VALUES (@@@2013.10.29@@@,5,5,21899)','',2,'2013-10-30'),(84313,'INSERT INTO com_ventas_grupo (vgr_fecha,vgr_grupo,vgr_cantidad,vgr_total) VALUES (@@@2013.10.29@@@,6,9,17052)','',2,'2013-10-30'),(84314,'INSERT INTO com_ventas_grupo (vgr_fecha,vgr_grupo,vgr_cantidad,vgr_total) VALUES (@@@2013.10.29@@@,7,45,88059)','',2,'2013-10-30'),(84315,'INSERT INTO com_ventas_grupo (vgr_fecha,vgr_grupo,vgr_cantidad,vgr_total) VALUES (@@@2013.10.29@@@,8,26,10740)','',2,'2013-10-30'),(84316,'INSERT INTO com_ventas_grupo (vgr_fecha,vgr_grupo,vgr_cantidad,vgr_total) VALUES (@@@2013.10.29@@@,9,56.215,84928)','',2,'2013-10-30'),(84317,'INSERT INTO com_ventas_grupo (vgr_fecha,vgr_grupo,vgr_cantidad,vgr_total) VALUES (@@@2013.10.29@@@,10,37.485,124314)','',2,'2013-10-30'),(84318,'INSERT INTO com_ventas_grupo (vgr_fecha,vgr_grupo,vgr_cantidad,vgr_total) VALUES (@@@2013.10.29@@@,11,16.245,52294)','',2,'2013-10-30'),(84319,'INSERT INTO com_ventas_grupo (vgr_fecha,vgr_grupo,vgr_cantidad,vgr_total) VALUES (@@@2013.10.29@@@,12,41.415,65018)','',2,'2013-10-30'),(84320,'INSERT INTO com_ventas_grupo (vgr_fecha,vgr_grupo,vgr_cantidad,vgr_total) VALUES (@@@2013.10.29@@@,13,11.56,26652)','',2,'2013-10-30'),(84321,'INSERT INTO com_ventas_grupo (vgr_fecha,vgr_grupo,vgr_cantidad,vgr_total) VALUES (@@@2013.10.29@@@,14,78.77,71686)','',2,'2013-10-30'),(84322,'INSERT INTO com_ventas_grupo (vgr_fecha,vgr_grupo,vgr_cantidad,vgr_total) VALUES (@@@2013.10.29@@@,16,1,170)','',2,'2013-10-30'),(84323,'INSERT INTO com_ventas_grupo (vgr_fecha,vgr_grupo,vgr_cantidad,vgr_total) VALUES (@@@2013.10.29@@@,18,211.66,126498)','',2,'2013-10-30'),(84324,'INSERT INTO com_ventas_grupo (vgr_fecha,vgr_grupo,vgr_cantidad,vgr_total) VALUES (@@@2013.10.29@@@,19,1,630)','',2,'2013-10-30'),(84325,'INSERT INTO com_ventas_grupo (vgr_fecha,vgr_grupo,vgr_cantidad,vgr_total) VALUES (@@@2013.10.29@@@,20,171.2,63288)','',2,'2013-10-30'),(84326,'INSERT INTO com_ventas_grupo (vgr_fecha,vgr_grupo,vgr_cantidad,vgr_total) VALUES (@@@2013.10.29@@@,21,59,38945)','',2,'2013-10-30'),(84327,'INSERT INTO com_ventas_grupo (vgr_fecha,vgr_grupo,vgr_cantidad,vgr_total) VALUES (@@@2013.10.29@@@,23,3,450)','',2,'2013-10-30'),(84328,'INSERT INTO com_ventas_grupo (vgr_fecha,vgr_grupo,vgr_cantidad,vgr_total) VALUES (@@@2013.10.29@@@,24,225,23290)','',2,'2013-10-30'),(84329,'INSERT INTO com_ventas_grupo (vgr_fecha,vgr_grupo,vgr_cantidad,vgr_total) VALUES (@@@2013.10.29@@@,25,66,103800)','',2,'2013-10-30'),(84330,'INSERT INTO com_ventas_grupo (vgr_fecha,vgr_grupo,vgr_cantidad,vgr_total) VALUES (@@@2013.10.29@@@,27,1,890)','',2,'2013-10-30'),(84331,'INSERT INTO com_ventas_grupo (vgr_fecha,vgr_grupo,vgr_cantidad,vgr_total) VALUES (@@@2013.10.29@@@,31,6,4499)','',2,'2013-10-30'),(84332,'INSERT INTO com_ventas_grupo (vgr_fecha,vgr_grupo,vgr_cantidad,vgr_total) VALUES (@@@2013.10.29@@@,32,239,82001)','',2,'2013-10-30'),(84333,'INSERT INTO com_ventas_grupo (vgr_fecha,vgr_grupo,vgr_cantidad,vgr_total) VALUES (@@@2013.10.29@@@,33,1,2350)','',2,'2013-10-30'),(84334,'INSERT INTO com_ventas_grupo (vgr_fecha,vgr_grupo,vgr_cantidad,vgr_total) VALUES (@@@2013.10.29@@@,34,1,1550)','',2,'2013-10-30'),(84335,'INSERT INTO com_ventas_grupo (vgr_fecha,vgr_grupo,vgr_cantidad,vgr_total) VALUES (@@@2013.10.29@@@,35,40,44769)','',2,'2013-10-30'),(84336,'INSERT INTO com_ventas_grupo (vgr_fecha,vgr_grupo,vgr_cantidad,vgr_total) VALUES (@@@2013.10.29@@@,36,11,1750)','',2,'2013-10-30'),(84337,'INSERT INTO com_ventas_grupo (vgr_fecha,vgr_grupo,vgr_cantidad,vgr_total) VALUES (@@@2013.10.29@@@,37,2,3290)','',2,'2013-10-30'),(84338,'INSERT INTO com_ventas_grupo (vgr_fecha,vgr_grupo,vgr_cantidad,vgr_total) VALUES (@@@2013.10.29@@@,38,3,4170)','',2,'2013-10-30'),(84339,'INSERT INTO com_ventas_grupo (vgr_fecha,vgr_grupo,vgr_cantidad,vgr_total) VALUES (@@@2013.10.29@@@,39,5,11160)','',2,'2013-10-30'),(84340,'INSERT INTO com_ventas_grupo (vgr_fecha,vgr_grupo,vgr_cantidad,vgr_total) VALUES (@@@2013.10.29@@@,41,4,1580)','',2,'2013-10-30'),(84341,'INSERT INTO com_ventas_grupo (vgr_fecha,vgr_grupo,vgr_cantidad,vgr_total) VALUES (@@@2013.10.29@@@,42,9.18,7482)','',2,'2013-10-30'),(84342,'INSERT INTO com_ventas_grupo (vgr_fecha,vgr_grupo,vgr_cantidad,vgr_total) VALUES (@@@2013.10.29@@@,44,1,1550)','',2,'2013-10-30'),(84343,'UPDATE mae_datos_empresa SET emp_oferta=@@@NO@@@','',2,'2013-10-30'),(84344,'INSERT INTO gne_vale_ferreteria (vfe_id,vfe_fecha,vfe_total,vfe_estado,vfe_entregado,usu_nusuario) VALUES (15220,@@@2013.10.30@@@,1490,1,0,@@@M_GUERRERO@@@)','',2,'2013-10-30'),(84345,'INSERT INTO gne_vale_ferreteria_mov (vfe_id,pro_codigo_plu,vfm_cantidad,vfm_unitario,vfm_total,vfm_entregado) VALUES (15220,764564,1,1490,1490,@@@NO@@@)','',2,'2013-10-30'),(84346,'INSERT INTO mae_productos (pro_codigo_plu,pro_codigo_barra,pro_tipo,pro_nombre_producto,pro_nombre_corto,med_id,emb_id,pro_unidades_embalaje,dep_id,lin_id,mar_id,pro_precio_compra_neto,pro_precio_compra_bruto,pro_precio_venta,pro_margen_actual,pro_oferta,pro_fecha_inicio_oferta,pro_fecha_termino_oferta,pro_precio_oferta,pro_stock_minimo,pro_stock_critico,pro_entradas_bodega,pro_salidas_bodega,pro_mermas_bodega,pro_ajustes_bodega,pro_entradas_sv,pro_salidas_sv,pro_mermas_sv,pro_ajustes_sv,pro_activo,rec_numero,pro_unidad,pro_capacidad,pro_consumo_bodega,pro_consumo_sv,pro_estado,pro_funcion_plu,pro_flejes,pro_iva,pro_plu_asociado,pro_envase,pro_duracion,pro_numero_etiqueta) VALUES (309630,@@@309630@@@,@@@0@@@,@@@CALVERA FRASCO DULCES 3G@@@,@@@CALVERA FRASCO D@@@,@@@5 @@@,@@@3 @@@,@@@30@@@,@@@32 @@@,@@@163@@@,@@@2507@@@,@@@0@@@,@@@75@@@,@@@1@@@,@@@-98.67@@@,@@@@@@,@@@2006.09.07@@@,@@@2006.09.07@@@,@@@0@@@,@@@60@@@,@@@30@@@,@@@0@@@,@@@0@@@,@@@0@@@,@@@0@@@,@@@0@@@,@@@0@@@,@@@0@@@,@@@0@@@,@@@1@@@,@@@0@@@,0,3,0,0,2,0,1,1,0,@@@NO@@@,0,0)','',2,'2013-10-30'),(84347,'DELETE FROM mae_impuestos_productos WHERE pro_codigo_plu=@@@309630@@@','',2,'2013-10-30'),(84348,'UPDATE mae_productos SET pro_margen_actual=-98.67,pro_precio_venta=1 WHERE pro_codigo_plu=309630','',2,'2013-10-30'),(84349,'UPDATE mae_productos SET pro_margen_actual=37.48,pro_precio_venta=499 WHERE pro_codigo_plu=761918','',2,'2013-10-30'),(84350,'UPDATE mae_productos SET pro_margen_actual=37.48,pro_precio_venta=499 WHERE pro_codigo_plu=780721635','',2,'2013-10-30'),(84351,'UPDATE mae_productos SET pro_margen_actual=33.62,pro_precio_venta=450 WHERE pro_codigo_plu=763343','',2,'2013-10-30'),(84352,'UPDATE mae_productos SET pro_margen_actual=33.83,pro_precio_venta=430 WHERE pro_codigo_plu=763342','',2,'2013-10-30'),(84353,'UPDATE mae_productos SET pro_margen_actual=0,pro_precio_venta=1 WHERE pro_codigo_plu=16933','',2,'2013-10-30'),(84354,'UPDATE mae_productos SET pro_margen_actual=0,pro_precio_venta=1 WHERE pro_codigo_plu=101233','',2,'2013-10-30'),(84355,'UPDATE mae_productos SET pro_margen_actual=37.48,pro_precio_venta=499 WHERE pro_codigo_plu=761919','',2,'2013-10-30'),(84356,'UPDATE mae_productos SET pro_margen_actual=0,pro_precio_venta=1 WHERE pro_codigo_plu=101236','',2,'2013-10-30'),(84357,'UPDATE mae_productos SET pro_margen_actual=0,pro_precio_venta=1400 WHERE pro_codigo_plu=763337','',2,'2013-10-30'),(84358,'UPDATE mae_productos SET pro_margen_actual=29.68,pro_precio_venta=500 WHERE pro_codigo_plu=780220144','',2,'2013-10-30'),(84359,'UPDATE mae_productos SET pro_margen_actual=29.68,pro_precio_venta=500 WHERE pro_codigo_plu=763398','',2,'2013-10-30'),(84360,'INSERT INTO mae_productos (pro_codigo_plu,pro_codigo_barra,pro_tipo,pro_nombre_producto,pro_nombre_corto,med_id,emb_id,pro_unidades_embalaje,dep_id,lin_id,mar_id,pro_precio_compra_neto,pro_precio_compra_bruto,pro_precio_venta,pro_margen_actual,pro_oferta,pro_fecha_inicio_oferta,pro_fecha_termino_oferta,pro_precio_oferta,pro_stock_minimo,pro_stock_critico,pro_entradas_bodega,pro_salidas_bodega,pro_mermas_bodega,pro_ajustes_bodega,pro_entradas_sv,pro_salidas_sv,pro_mermas_sv,pro_ajustes_sv,pro_activo,rec_numero,pro_unidad,pro_capacidad,pro_consumo_bodega,pro_consumo_sv,pro_estado,pro_funcion_plu,pro_flejes,pro_iva,pro_plu_asociado,pro_envase,pro_duracion,pro_numero_etiqueta) VALUES (580320,@@@7794612403986@@@,@@@0@@@,@@@MASTICABLE PINTA BOCA DOS EN UNO BOLSA@@@,@@@MASTICABLE PINTA@@@,@@@5 @@@,@@@4 @@@,@@@100@@@,@@@32 @@@,@@@163@@@,@@@1740@@@,@@@0@@@,@@@750@@@,@@@1@@@,@@@-99.87@@@,@@@@@@,@@@2006.09.07@@@,@@@2006.09.07@@@,@@@0@@@,@@@3@@@,@@@2@@@,@@@0@@@,@@@0@@@,@@@0@@@,@@@0@@@,@@@0@@@,@@@0@@@,@@@0@@@,@@@0@@@,@@@1@@@,@@@0@@@,0,330,0,0,2,0,1,1,0,@@@NO@@@,0,0)','',2,'2013-10-30'),(84361,'DELETE FROM mae_impuestos_productos WHERE pro_codigo_plu=@@@580320@@@','',2,'2013-10-30'),(84362,'UPDATE mae_productos SET pro_margen_actual=-99.87,pro_precio_venta=1 WHERE pro_codigo_plu=580320','',2,'2013-10-30'),(84363,'UPDATE mae_productos SET pro_margen_actual=3.49,pro_precio_venta=399 WHERE pro_codigo_plu=780220144','',2,'2013-10-30'),(84364,'UPDATE mae_productos SET pro_precio_fiscal=pro_precio_venta WHERE pro_codigo_plu=780220144','',2,'2013-10-30'),(84365,'INSERT INTO mae_productos (pro_codigo_plu,pro_codigo_barra,pro_tipo,pro_nombre_producto,pro_nombre_corto,med_id,emb_id,pro_unidades_embalaje,dep_id,lin_id,mar_id,pro_precio_compra_neto,pro_precio_compra_bruto,pro_precio_venta,pro_margen_actual,pro_oferta,pro_fecha_inicio_oferta,pro_fecha_termino_oferta,pro_precio_oferta,pro_stock_minimo,pro_stock_critico,pro_entradas_bodega,pro_salidas_bodega,pro_mermas_bodega,pro_ajustes_bodega,pro_entradas_sv,pro_salidas_sv,pro_mermas_sv,pro_ajustes_sv,pro_activo,rec_numero,pro_unidad,pro_capacidad,pro_consumo_bodega,pro_consumo_sv,pro_estado,pro_funcion_plu,pro_flejes,pro_iva,pro_plu_asociado,pro_envase,pro_duracion,pro_numero_etiqueta) VALUES (580321,@@@7802200127791@@@,@@@0@@@,@@@BALDE DULCES HALLOWEEN 80 GRS AMBROSOLI@@@,@@@BALDE DULCES HAL@@@,@@@5 @@@,@@@3 @@@,@@@12@@@,@@@32 @@@,@@@163@@@,@@@917@@@,@@@0@@@,@@@690@@@,@@@1@@@,@@@-99.86@@@,@@@@@@,@@@2006.09.07@@@,@@@2006.09.07@@@,@@@0@@@,@@@12@@@,@@@6@@@,@@@0@@@,@@@0@@@,@@@0@@@,@@@0@@@,@@@0@@@,@@@0@@@,@@@0@@@,@@@0@@@,@@@1@@@,@@@0@@@,0,80,0,0,2,0,1,1,0,@@@NO@@@,0,0)','',2,'2013-10-30'),(84366,'DELETE FROM mae_impuestos_productos WHERE pro_codigo_plu=@@@580321@@@','',2,'2013-10-30'),(84367,'INSERT INTO mae_productos (pro_codigo_plu,pro_codigo_barra,pro_tipo,pro_nombre_producto,pro_nombre_corto,med_id,emb_id,pro_unidades_embalaje,dep_id,lin_id,mar_id,pro_precio_compra_neto,pro_precio_compra_bruto,pro_precio_venta,pro_margen_actual,pro_oferta,pro_fecha_inicio_oferta,pro_fecha_termino_oferta,pro_precio_oferta,pro_stock_minimo,pro_stock_critico,pro_entradas_bodega,pro_salidas_bodega,pro_mermas_bodega,pro_ajustes_bodega,pro_entradas_sv,pro_salidas_sv,pro_mermas_sv,pro_ajustes_sv,pro_activo,rec_numero,pro_unidad,pro_capacidad,pro_consumo_bodega,pro_consumo_sv,pro_estado,pro_funcion_plu,pro_flejes,pro_iva,pro_plu_asociado,pro_envase,pro_duracion,pro_numero_etiqueta) VALUES (580322,@@@7802200136984@@@,@@@0@@@,@@@BOLSA CARAMELOS  HALLOWEEN AMBROSOLI 200GR@@@,@@@BOLSA CARAMELOS @@@,@@@5 @@@,@@@4 @@@,@@@100@@@,@@@32 @@@,@@@163@@@,@@@917@@@,@@@0@@@,@@@690@@@,@@@1@@@,@@@-99.86@@@,@@@@@@,@@@2006.09.07@@@,@@@2006.09.07@@@,@@@0@@@,@@@6@@@,@@@3@@@,@@@0@@@,@@@0@@@,@@@0@@@,@@@0@@@,@@@0@@@,@@@0@@@,@@@0@@@,@@@0@@@,@@@1@@@,@@@0@@@,0,200,0,0,2,0,1,1,0,@@@NO@@@,0,0)','',2,'2013-10-30'),(84368,'DELETE FROM mae_impuestos_productos WHERE pro_codigo_plu=@@@580322@@@','',2,'2013-10-30'),(84369,'INSERT INTO mae_productos (pro_codigo_plu,pro_codigo_barra,pro_tipo,pro_nombre_producto,pro_nombre_corto,med_id,emb_id,pro_unidades_embalaje,dep_id,lin_id,mar_id,pro_precio_compra_neto,pro_precio_compra_bruto,pro_precio_venta,pro_margen_actual,pro_oferta,pro_fecha_inicio_oferta,pro_fecha_termino_oferta,pro_precio_oferta,pro_stock_minimo,pro_stock_critico,pro_entradas_bodega,pro_salidas_bodega,pro_mermas_bodega,pro_ajustes_bodega,pro_entradas_sv,pro_salidas_sv,pro_mermas_sv,pro_ajustes_sv,pro_activo,rec_numero,pro_unidad,pro_capacidad,pro_consumo_bodega,pro_consumo_sv,pro_estado,pro_funcion_plu,pro_flejes,pro_iva,pro_plu_asociado,pro_envase,pro_duracion,pro_numero_etiqueta) VALUES (580323,@@@7802200131125@@@,@@@0@@@,@@@BOLSA MASTICABLES ZITA AMBROSOLI 90 UNID@@@,@@@BOLSA MASTICABLE@@@,@@@1 @@@,@@@4 @@@,@@@90@@@,@@@32 @@@,@@@163@@@,@@@917@@@,@@@0@@@,@@@770@@@,@@@1@@@,@@@-99.87@@@,@@@@@@,@@@2006.09.07@@@,@@@2006.09.07@@@,@@@0@@@,@@@2@@@,@@@1@@@,@@@0@@@,@@@0@@@,@@@0@@@,@@@0@@@,@@@0@@@,@@@0@@@,@@@0@@@,@@@0@@@,@@@1@@@,@@@0@@@,0,90,0,0,2,0,1,1,0,@@@NO@@@,0,0)','',2,'2013-10-30'),(84370,'DELETE FROM mae_impuestos_productos WHERE pro_codigo_plu=@@@580323@@@','',2,'2013-10-30'),(84371,'INSERT INTO mae_productos (pro_codigo_plu,pro_codigo_barra,pro_tipo,pro_nombre_producto,pro_nombre_corto,med_id,emb_id,pro_unidades_embalaje,dep_id,lin_id,mar_id,pro_precio_compra_neto,pro_precio_compra_bruto,pro_precio_venta,pro_margen_actual,pro_oferta,pro_fecha_inicio_oferta,pro_fecha_termino_oferta,pro_precio_oferta,pro_stock_minimo,pro_stock_critico,pro_entradas_bodega,pro_salidas_bodega,pro_mermas_bodega,pro_ajustes_bodega,pro_entradas_sv,pro_salidas_sv,pro_mermas_sv,pro_ajustes_sv,pro_activo,rec_numero,pro_unidad,pro_capacidad,pro_consumo_bodega,pro_consumo_sv,pro_estado,pro_funcion_plu,pro_flejes,pro_iva,pro_plu_asociado,pro_envase,pro_duracion,pro_numero_etiqueta) VALUES (580324,@@@7802225313384@@@,@@@0@@@,@@@BOLSA CARMELOS CALAVERAS DOS EN UNO 100 UNID@@@,@@@BOLSA CARMELOS C@@@,@@@1 @@@,@@@4 @@@,@@@3@@@,@@@32 @@@,@@@163@@@,@@@1740@@@,@@@0@@@,@@@870@@@,@@@1@@@,@@@-99.89@@@,@@@@@@,@@@2006.09.07@@@,@@@2006.09.07@@@,@@@0@@@,@@@3@@@,@@@2@@@,@@@0@@@,@@@0@@@,@@@0@@@,@@@0@@@,@@@0@@@,@@@0@@@,@@@0@@@,@@@0@@@,@@@1@@@,@@@0@@@,0,100,0,0,2,0,1,1,0,@@@NO@@@,0,0)','',2,'2013-10-30'),(84372,'DELETE FROM mae_impuestos_productos WHERE pro_codigo_plu=@@@580324@@@','',2,'2013-10-30'),(84373,'UPDATE mae_productos SET pro_codigo_barra=@@@7802225313377@@@,pro_tipo=@@@0@@@,pro_nombre_producto=@@@BOLSA CARAMELOS CICLOPE 400 GR DOS EN UNO@@@,pro_nombre_corto=@@@CARAMELOS CICLOP@@@,med_id=@@@5@@@,emb_id=@@@4@@@,pro_unidades_embalaje=@@@20@@@,dep_id=@@@32 @@@,lin_id=@@@163@@@,mar_id=@@@1740@@@,pro_precio_compra_neto=@@@0@@@,pro_precio_compra_bruto=@@@870@@@,pro_precio_venta=@@@1@@@,pro_margen_actual=@@@-99.89@@@,pro_oferta=@@@NO@@@,pro_fecha_inicio_oferta=@@@2006.09.07@@@,pro_fecha_termino_oferta=@@@2006.09.07@@@,pro_precio_oferta=@@@0@@@,pro_stock_minimo=@@@3@@@,pro_stock_critico=@@@1@@@,pro_activo=@@@1@@@,pro_unidad=@@@0@@@,pro_precio_compra_bruto=870,pro_margen_actual=-99.89,pro_capacidad=0.4,pro_funcion_plu=0,pro_flejes=1,pro_iva=1,pro_plu_asociado=0,pro_envase=@@@NO@@@,pro_duracion=0,pro_numero_etiqueta=0 WHERE pro_codigo_plu=@@@762566@@@','',2,'2013-10-30'),(84374,'UPDATE mae_productos SET pro_estado=1 WHERE pro_codigo_plu=762566','',2,'2013-10-30'),(84375,'DELETE FROM mae_impuestos_productos WHERE pro_codigo_plu=@@@762566@@@','',2,'2013-10-30'),(84376,'UPDATE mae_productos SET pro_codigo_barra=@@@7802225313261@@@,pro_tipo=@@@0@@@,pro_nombre_producto=@@@BOLSA CARAMELOS CALABAZAS 400 GR DOS EN UNO@@@,pro_nombre_corto=@@@CARAMELOS CALABA@@@,med_id=@@@5@@@,emb_id=@@@4@@@,pro_unidades_embalaje=@@@20@@@,dep_id=@@@32 @@@,lin_id=@@@163@@@,mar_id=@@@1740@@@,pro_precio_compra_neto=@@@0@@@,pro_precio_compra_bruto=@@@870@@@,pro_precio_venta=@@@1@@@,pro_margen_actual=@@@-99.89@@@,pro_oferta=@@@NO@@@,pro_fecha_inicio_oferta=@@@2006.09.07@@@,pro_fecha_termino_oferta=@@@2006.09.07@@@,pro_precio_oferta=@@@0@@@,pro_stock_minimo=@@@3@@@,pro_stock_critico=@@@1@@@,pro_activo=@@@1@@@,pro_unidad=@@@0@@@,pro_precio_compra_bruto=870,pro_margen_actual=-99.89,pro_capacidad=0.4,pro_funcion_plu=0,pro_flejes=1,pro_iva=1,pro_plu_asociado=0,pro_envase=@@@NO@@@,pro_duracion=0,pro_numero_etiqueta=0 WHERE pro_codigo_plu=@@@762567@@@','',2,'2013-10-30'),(84377,'UPDATE mae_productos SET pro_estado=1 WHERE pro_codigo_plu=762567','',2,'2013-10-30'),(84378,'DELETE FROM mae_impuestos_productos WHERE pro_codigo_plu=@@@762567@@@','',2,'2013-10-30'),(84379,'INSERT INTO mae_productos (pro_codigo_plu,pro_codigo_barra,pro_tipo,pro_nombre_producto,pro_nombre_corto,med_id,emb_id,pro_unidades_embalaje,dep_id,lin_id,mar_id,pro_precio_compra_neto,pro_precio_compra_bruto,pro_precio_venta,pro_margen_actual,pro_oferta,pro_fecha_inicio_oferta,pro_fecha_termino_oferta,pro_precio_oferta,pro_stock_minimo,pro_stock_critico,pro_entradas_bodega,pro_salidas_bodega,pro_mermas_bodega,pro_ajustes_bodega,pro_entradas_sv,pro_salidas_sv,pro_mermas_sv,pro_ajustes_sv,pro_activo,rec_numero,pro_unidad,pro_capacidad,pro_consumo_bodega,pro_consumo_sv,pro_estado,pro_funcion_plu,pro_flejes,pro_iva,pro_plu_asociado,pro_envase,pro_duracion,pro_numero_etiqueta) VALUES (580325,@@@7802225330411@@@,@@@0@@@,@@@PETA SUENA  FRUTILLA DOS EN UNO 90 GRS@@@,@@@PETA SUENA  FRUT@@@,@@@5 @@@,@@@6 @@@,@@@20@@@,@@@32 @@@,@@@163@@@,@@@1740@@@,@@@0@@@,@@@72@@@,@@@1@@@,@@@-98.61@@@,@@@@@@,@@@2006.09.07@@@,@@@2006.09.07@@@,@@@0@@@,@@@20@@@,@@@10@@@,@@@0@@@,@@@0@@@,@@@0@@@,@@@0@@@,@@@0@@@,@@@0@@@,@@@0@@@,@@@0@@@,@@@1@@@,@@@0@@@,0,90,0,0,2,0,1,1,0,@@@NO@@@,0,0)','',2,'2013-10-30'),(84380,'DELETE FROM mae_impuestos_productos WHERE pro_codigo_plu=@@@580325@@@','',2,'2013-10-30'),(84381,'INSERT INTO mae_productos (pro_codigo_plu,pro_codigo_barra,pro_tipo,pro_nombre_producto,pro_nombre_corto,med_id,emb_id,pro_unidades_embalaje,dep_id,lin_id,mar_id,pro_precio_compra_neto,pro_precio_compra_bruto,pro_precio_venta,pro_margen_actual,pro_oferta,pro_fecha_inicio_oferta,pro_fecha_termino_oferta,pro_precio_oferta,pro_stock_minimo,pro_stock_critico,pro_entradas_bodega,pro_salidas_bodega,pro_mermas_bodega,pro_ajustes_bodega,pro_entradas_sv,pro_salidas_sv,pro_mermas_sv,pro_ajustes_sv,pro_activo,rec_numero,pro_unidad,pro_capacidad,pro_consumo_bodega,pro_consumo_sv,pro_estado,pro_funcion_plu,pro_flejes,pro_iva,pro_plu_asociado,pro_envase,pro_duracion,pro_numero_etiqueta) VALUES (580326,@@@7802225404488@@@,@@@0@@@,@@@CHUPETES OJOS DOS EN UNO 20 UNID@@@,@@@CHUPETES OJOS DO@@@,@@@1 @@@,@@@4 @@@,@@@20@@@,@@@32 @@@,@@@163@@@,@@@1740@@@,@@@0@@@,@@@650@@@,@@@1@@@,@@@-99.85@@@,@@@@@@,@@@2006.09.07@@@,@@@2006.09.07@@@,@@@0@@@,@@@2@@@,@@@1@@@,@@@0@@@,@@@0@@@,@@@0@@@,@@@0@@@,@@@0@@@,@@@0@@@,@@@0@@@,@@@0@@@,@@@1@@@,@@@0@@@,0,20,0,0,2,0,1,1,0,@@@NO@@@,0,0)','',2,'2013-10-30'),(84382,'DELETE FROM mae_impuestos_productos WHERE pro_codigo_plu=@@@580326@@@','',2,'2013-10-30'),(84383,'INSERT INTO mae_productos (pro_codigo_plu,pro_codigo_barra,pro_tipo,pro_nombre_producto,pro_nombre_corto,med_id,emb_id,pro_unidades_embalaje,dep_id,lin_id,mar_id,pro_precio_compra_neto,pro_precio_compra_bruto,pro_precio_venta,pro_margen_actual,pro_oferta,pro_fecha_inicio_oferta,pro_fecha_termino_oferta,pro_precio_oferta,pro_stock_minimo,pro_stock_critico,pro_entradas_bodega,pro_salidas_bodega,pro_mermas_bodega,pro_ajustes_bodega,pro_entradas_sv,pro_salidas_sv,pro_mermas_sv,pro_ajustes_sv,pro_activo,rec_numero,pro_unidad,pro_capacidad,pro_consumo_bodega,pro_consumo_sv,pro_estado,pro_funcion_plu,pro_flejes,pro_iva,pro_plu_asociado,pro_envase,pro_duracion,pro_numero_etiqueta) VALUES (580327,@@@7794612328678@@@,@@@0@@@,@@@CHUPETE CALAVERA DOS EN UNO 20 UNID.@@@,@@@CHUPETE CALAVERA@@@,@@@5 @@@,@@@4 @@@,@@@20@@@,@@@32 @@@,@@@163@@@,@@@1740@@@,@@@0@@@,@@@650@@@,@@@1@@@,@@@-99.85@@@,@@@@@@,@@@2006.09.07@@@,@@@2006.09.07@@@,@@@0@@@,@@@2@@@,@@@1@@@,@@@0@@@,@@@0@@@,@@@0@@@,@@@0@@@,@@@0@@@,@@@0@@@,@@@0@@@,@@@0@@@,@@@1@@@,@@@0@@@,0,240,0,0,2,0,1,1,0,@@@NO@@@,0,0)','',2,'2013-10-30'),(84384,'DELETE FROM mae_impuestos_productos WHERE pro_codigo_plu=@@@580327@@@','',2,'2013-10-30'),(84385,'UPDATE mae_productos SET pro_precio_compra_bruto=75,pro_margen_actual=(pro_precio_venta-75)/75 * 100,pro_ultima_compra=@@@2013.10.30@@@,pro_ultimo_proveedor=@@@76005085-7@@@ WHERE pro_codigo_plu=309630','',2,'2013-10-30'),(84386,'UPDATE mae_productos SET pro_precio_compra_bruto=750,pro_margen_actual=(pro_precio_venta-750)/750 * 100,pro_ultima_compra=@@@2013.10.30@@@,pro_ultimo_proveedor=@@@76005085-7@@@ WHERE pro_codigo_plu=580320','',2,'2013-10-30'),(84387,'UPDATE mae_productos SET pro_precio_compra_bruto=690,pro_margen_actual=(pro_precio_venta-690)/690 * 100,pro_ultima_compra=@@@2013.10.30@@@,pro_ultimo_proveedor=@@@76005085-7@@@ WHERE pro_codigo_plu=580321','',2,'2013-10-30'),(84388,'UPDATE mae_productos SET pro_precio_compra_bruto=690,pro_margen_actual=(pro_precio_venta-690)/690 * 100,pro_ultima_compra=@@@2013.10.30@@@,pro_ultimo_proveedor=@@@76005085-7@@@ WHERE pro_codigo_plu=580322','',2,'2013-10-30'),(84389,'UPDATE mae_productos SET pro_precio_compra_bruto=770,pro_margen_actual=(pro_precio_venta-770)/770 * 100,pro_ultima_compra=@@@2013.10.30@@@,pro_ultimo_proveedor=@@@76005085-7@@@ WHERE pro_codigo_plu=580323','',2,'2013-10-30'),(84390,'UPDATE mae_productos SET pro_precio_compra_bruto=790,pro_margen_actual=(pro_precio_venta-790)/790 * 100,pro_ultima_compra=@@@2013.10.30@@@,pro_ultimo_proveedor=@@@76005085-7@@@ WHERE pro_codigo_plu=761667','',2,'2013-10-30'),(84391,'UPDATE mae_productos SET pro_precio_compra_bruto=870,pro_margen_actual=(pro_precio_venta-870)/870 * 100,pro_ultima_compra=@@@2013.10.30@@@,pro_ultimo_proveedor=@@@76005085-7@@@ WHERE pro_codigo_plu=580324','',2,'2013-10-30'),(84392,'UPDATE mae_productos SET pro_precio_compra_bruto=870,pro_margen_actual=(pro_precio_venta-870)/870 * 100,pro_ultima_compra=@@@2013.10.30@@@,pro_ultimo_proveedor=@@@76005085-7@@@ WHERE pro_codigo_plu=762566','',2,'2013-10-30'),(84393,'UPDATE mae_productos SET pro_precio_compra_bruto=870,pro_margen_actual=(pro_precio_venta-870)/870 * 100,pro_ultima_compra=@@@2013.10.30@@@,pro_ultimo_proveedor=@@@76005085-7@@@ WHERE pro_codigo_plu=762567','',2,'2013-10-30'),(84394,'UPDATE mae_productos SET pro_precio_compra_bruto=72,pro_margen_actual=(pro_precio_venta-72)/72 * 100,pro_ultima_compra=@@@2013.10.30@@@,pro_ultimo_proveedor=@@@76005085-7@@@ WHERE pro_codigo_plu=580325','',2,'2013-10-30'),(84395,'UPDATE mae_productos SET pro_precio_compra_bruto=650,pro_margen_actual=(pro_precio_venta-650)/650 * 100,pro_ultima_compra=@@@2013.10.30@@@,pro_ultimo_proveedor=@@@76005085-7@@@ WHERE pro_codigo_plu=580326','',2,'2013-10-30'),(84396,'UPDATE mae_productos SET pro_precio_compra_bruto=650,pro_margen_actual=(pro_precio_venta-650)/650 * 100,pro_ultima_compra=@@@2013.10.30@@@,pro_ultimo_proveedor=@@@76005085-7@@@ WHERE pro_codigo_plu=580327','',2,'2013-10-30'),(84397,'INSERT INTO gne_vale_ferreteria (vfe_id,vfe_fecha,vfe_total,vfe_estado,vfe_entregado,usu_nusuario) VALUES (15221,@@@2013.10.30@@@,250,1,0,@@@M_GUERRERO@@@)','',2,'2013-10-30'),(84398,'INSERT INTO gne_vale_ferreteria_mov (vfe_id,pro_codigo_plu,vfm_cantidad,vfm_unitario,vfm_total,vfm_entregado) VALUES (15221,780721664,1,250,250,@@@NO@@@)','',2,'2013-10-30'),(84399,'UPDATE mae_productos SET pro_precio_venta=120,pro_margen_actual= 60 WHERE pro_codigo_plu=309630','',2,'2013-10-30'),(84400,'UPDATE mae_productos SET pro_precio_venta=990,pro_margen_actual= 52.31 WHERE pro_codigo_plu=580327','',2,'2013-10-30'),(84401,'UPDATE mae_productos SET pro_precio_venta=1150,pro_margen_actual= 53.33 WHERE pro_codigo_plu=580320','',2,'2013-10-30'),(84402,'UPDATE mae_productos SET pro_precio_venta=990,pro_margen_actual= 43.48 WHERE pro_codigo_plu=580321','',2,'2013-10-30'),(84403,'UPDATE mae_productos SET pro_precio_venta=1150,pro_margen_actual= 49.35 WHERE pro_codigo_plu=580323','',2,'2013-10-30'),(84404,'UPDATE mae_productos SET pro_precio_venta=1100,pro_margen_actual= 59.42 WHERE pro_codigo_plu=580322','',2,'2013-10-30'),(84405,'UPDATE mae_productos SET pro_precio_venta=1100,pro_margen_actual= 39.24 WHERE pro_codigo_plu=761667','',2,'2013-10-30'),(84406,'UPDATE mae_productos SET pro_precio_venta=1190,pro_margen_actual= 36.78 WHERE pro_codigo_plu=762567','',2,'2013-10-30'),(84407,'UPDATE mae_productos SET pro_precio_venta=1190,pro_margen_actual= 36.78 WHERE pro_codigo_plu=762566','',2,'2013-10-30'),(84408,'UPDATE mae_productos SET pro_precio_venta=1190,pro_margen_actual= 36.78 WHERE pro_codigo_plu=580324','',2,'2013-10-30'),(84409,'UPDATE mae_productos SET pro_precio_venta=120,pro_margen_actual= 66.67 WHERE pro_codigo_plu=580325','',2,'2013-10-30'),(84410,'UPDATE mae_productos SET pro_precio_venta=990,pro_margen_actual= 52.31 WHERE pro_codigo_plu=580326','',2,'2013-10-30'),(84411,'UPDATE mae_productos SET pro_precio_fiscal=pro_precio_venta WHERE pro_codigo_plu=309630','',2,'2013-10-30'),(84412,'UPDATE mae_productos SET pro_precio_fiscal=pro_precio_venta WHERE pro_codigo_plu=580320','',2,'2013-10-30'),(84413,'UPDATE mae_productos SET pro_precio_fiscal=pro_precio_venta WHERE pro_codigo_plu=580321','',2,'2013-10-30'),(84414,'UPDATE mae_productos SET pro_precio_fiscal=pro_precio_venta WHERE pro_codigo_plu=580323','',2,'2013-10-30'),(84415,'UPDATE mae_productos SET pro_precio_fiscal=pro_precio_venta WHERE pro_codigo_plu=580322','',2,'2013-10-30'),(84416,'UPDATE mae_productos SET pro_precio_fiscal=pro_precio_venta WHERE pro_codigo_plu=761667','',2,'2013-10-30'),(84417,'UPDATE mae_productos SET pro_precio_fiscal=pro_precio_venta WHERE pro_codigo_plu=762567','',2,'2013-10-30'),(84418,'UPDATE mae_productos SET pro_precio_fiscal=pro_precio_venta WHERE pro_codigo_plu=762566','',2,'2013-10-30'),(84419,'UPDATE mae_productos SET pro_precio_fiscal=pro_precio_venta WHERE pro_codigo_plu=580324','',2,'2013-10-30'),(84420,'UPDATE mae_productos SET pro_precio_fiscal=pro_precio_venta WHERE pro_codigo_plu=580325','',2,'2013-10-30'),(84421,'UPDATE mae_productos SET pro_precio_fiscal=pro_precio_venta WHERE pro_codigo_plu=580326','',2,'2013-10-30'),(84422,'UPDATE mae_productos SET pro_precio_fiscal=pro_precio_venta WHERE pro_codigo_plu=580327','',2,'2013-10-30'),(84423,'INSERT INTO gne_vale_ferreteria (vfe_id,vfe_fecha,vfe_total,vfe_estado,vfe_entregado,usu_nusuario) VALUES (15222,@@@2013.10.30@@@,1490,1,0,@@@M_GUERRERO@@@)','',2,'2013-10-30'),(84424,'INSERT INTO gne_vale_ferreteria_mov (vfe_id,pro_codigo_plu,vfm_cantidad,vfm_unitario,vfm_total,vfm_entregado) VALUES (15222,7650,1,1490,1490,@@@NO@@@)','',2,'2013-10-30'),(84425,'UPDATE mae_productos SET pro_precio_compra_bruto=2200,pro_margen_actual=(pro_precio_venta-2200)/2200 * 100,pro_ultima_compra=@@@2013.10.30@@@,pro_ultimo_proveedor=@@@79953750-8@@@ WHERE pro_codigo_plu=368','',2,'2013-10-30'),(84426,'UPDATE mae_productos SET pro_codigo_barra=@@@7802900029012@@@,pro_tipo=@@@0@@@,pro_nombre_producto=@@@LECHE SOPROLE SEMIDESCREMADA UHT LITRO@@@,pro_nombre_corto=@@@LECHE SEMIDESCRE@@@,med_id=@@@3@@@,emb_id=@@@4@@@,pro_unidades_embalaje=@@@12@@@,dep_id=@@@3 @@@,lin_id=@@@46@@@,mar_id=@@@1993@@@,pro_precio_compra_neto=@@@0@@@,pro_precio_compra_bruto=@@@571.2@@@,pro_precio_venta=@@@750@@@,pro_margen_actual=@@@31.3@@@,pro_oferta=@@@NO@@@,pro_fecha_inicio_oferta=@@@1900.01.01@@@,pro_fecha_termino_oferta=@@@1900.01.01@@@,pro_precio_oferta=@@@0@@@,pro_stock_minimo=@@@12@@@,pro_stock_critico=@@@6@@@,pro_activo=@@@1@@@,pro_unidad=@@@0@@@,pro_precio_compra_bruto=571.2,pro_margen_actual=31.3,pro_capacidad=1,pro_funcion_plu=0,pro_flejes=1,pro_iva=1,pro_plu_asociado=0,pro_envase=@@@NO@@@,pro_duracion=0,pro_numero_etiqueta=0 WHERE pro_codigo_plu=@@@16004@@@','',2,'2013-10-30'),(84427,'UPDATE mae_productos SET pro_estado=1 WHERE pro_codigo_plu=16004','',2,'2013-10-30'),(84428,'DELETE FROM mae_impuestos_productos WHERE pro_codigo_plu=@@@16004@@@','',2,'2013-10-30'),(84429,'UPDATE mae_productos SET pro_codigo_barra=@@@7802900570095@@@,pro_tipo=@@@0@@@,pro_nombre_producto=@@@LECHE SOPROLE  CHOCOLATE PLATANO  200ML@@@,pro_nombre_corto=@@@LECHE CHOCOLATE@@@,med_id=@@@7@@@,emb_id=@@@6@@@,pro_unidades_embalaje=@@@30@@@,dep_id=@@@3 @@@,lin_id=@@@46@@@,mar_id=@@@1993@@@,pro_precio_compra_neto=@@@168.07@@@,pro_precio_compra_bruto=@@@199.92@@@,pro_precio_venta=@@@280@@@,pro_margen_actual=@@@40.06@@@,pro_oferta=@@@NO@@@,pro_fecha_inicio_oferta=@@@2006.09.07@@@,pro_fecha_termino_oferta=@@@2006.09.07@@@,pro_precio_oferta=@@@0@@@,pro_stock_minimo=@@@10@@@,pro_stock_critico=@@@5@@@,pro_activo=@@@1@@@,pro_unidad=@@@0@@@,pro_precio_compra_bruto=199.92,pro_margen_actual=40.06,pro_capacidad=200,pro_funcion_plu=0,pro_flejes=1,pro_iva=1,pro_plu_asociado=0,pro_envase=@@@NO@@@,pro_duracion=0,pro_numero_etiqueta=0 WHERE pro_codigo_plu=@@@780721341@@@','',2,'2013-10-30'),(84430,'UPDATE mae_productos SET pro_estado=1 WHERE pro_codigo_plu=780721341','',2,'2013-10-30'),(84431,'DELETE FROM mae_impuestos_productos WHERE pro_codigo_plu=@@@780721341@@@','',2,'2013-10-30'),(84432,'UPDATE mae_productos SET pro_codigo_barra=@@@7802900295066@@@,pro_tipo=@@@0@@@,pro_nombre_producto=@@@JALEA SOPROLE SALUDABLE NARANJA 110 GRS@@@,pro_nombre_corto=@@@JALEA SALUDABLE@@@,med_id=@@@5@@@,emb_id=@@@4@@@,pro_unidades_embalaje=@@@36@@@,dep_id=@@@3 @@@,lin_id=@@@52@@@,mar_id=@@@1993@@@,pro_precio_compra_neto=@@@0@@@,pro_precio_compra_bruto=@@@199.92@@@,pro_precio_venta=@@@280@@@,pro_margen_actual=@@@40.06@@@,pro_oferta=@@@NO@@@,pro_fecha_inicio_oferta=@@@1900.01.01@@@,pro_fecha_termino_oferta=@@@1900.01.01@@@,pro_precio_oferta=@@@0@@@,pro_stock_minimo=@@@36@@@,pro_stock_critico=@@@18@@@,pro_activo=@@@1@@@,pro_unidad=@@@0@@@,pro_precio_compra_bruto=199.92,pro_margen_actual=40.06,pro_capacidad=0.11,pro_funcion_plu=0,pro_flejes=1,pro_iva=1,pro_plu_asociado=0,pro_envase=@@@NO@@@,pro_duracion=0,pro_numero_etiqueta=0 WHERE pro_codigo_plu=@@@17030@@@','',2,'2013-10-30'),(84433,'UPDATE mae_productos SET pro_estado=1 WHERE pro_codigo_plu=17030','',2,'2013-10-30'),(84434,'DELETE FROM mae_impuestos_productos WHERE pro_codigo_plu=@@@17030@@@','',2,'2013-10-30'),(84435,'INSERT INTO gne_vale_ferreteria (vfe_id,vfe_fecha,vfe_total,vfe_estado,vfe_entregado,usu_nusuario) VALUES (15223,@@@2013.10.30@@@,1890,1,0,@@@M_GUERRERO@@@)','',2,'2013-10-30'),(84436,'INSERT INTO gne_vale_ferreteria_mov (vfe_id,pro_codigo_plu,vfm_cantidad,vfm_unitario,vfm_total,vfm_entregado) VALUES (15223,101625,1,1890,1890,@@@NO@@@)','',2,'2013-10-30'),(84437,'UPDATE mae_productos SET pro_codigo_barra=@@@7802900000417@@@,pro_tipo=@@@0@@@,pro_nombre_producto=@@@LECHE CULTIVADA SOPROLE  CON CHIA Y FRUTILLA  1990 ML@@@,pro_nombre_corto=@@@LECHE CULTIVADA@@@,med_id=@@@7@@@,emb_id=@@@9@@@,pro_unidades_embalaje=@@@1@@@,dep_id=@@@3 @@@,lin_id=@@@50@@@,mar_id=@@@1993@@@,pro_precio_compra_neto=@@@0@@@,pro_precio_compra_bruto=@@@266.56@@@,pro_precio_venta=@@@380@@@,pro_margen_actual=@@@42.56@@@,pro_oferta=@@@NO@@@,pro_fecha_inicio_oferta=@@@2013.05.15@@@,pro_fecha_termino_oferta=@@@2013.05.15@@@,pro_precio_oferta=@@@0@@@,pro_stock_minimo=@@@0@@@,pro_stock_critico=@@@0@@@,pro_activo=@@@1@@@,pro_unidad=@@@0@@@,pro_precio_compra_bruto=266.56,pro_margen_actual=42.56,pro_capacidad=190,pro_funcion_plu=0,pro_flejes=1,pro_iva=1,pro_plu_asociado=0,pro_envase=@@@NO@@@,pro_duracion=0,pro_numero_etiqueta=0 WHERE pro_codigo_plu=@@@78017057@@@','',2,'2013-10-30'),(84438,'UPDATE mae_productos SET pro_estado=1 WHERE pro_codigo_plu=78017057','',2,'2013-10-30'),(84439,'DELETE FROM mae_impuestos_productos WHERE pro_codigo_plu=@@@78017057@@@','',2,'2013-10-30'),(84440,'UPDATE mae_productos SET pro_precio_compra_bruto=981.75,pro_margen_actual=(pro_precio_venta-981.75)/981.75 * 100,pro_ultima_compra=@@@2013.10.30@@@,pro_ultimo_proveedor=@@@84472400-4@@@ WHERE pro_codigo_plu=16255','',2,'2013-10-30'),(84441,'UPDATE mae_productos SET pro_precio_compra_bruto=96.39,pro_margen_actual=(pro_precio_venta-96.39)/96.39 * 100,pro_ultima_compra=@@@2013.10.30@@@,pro_ultimo_proveedor=@@@84472400-4@@@ WHERE pro_codigo_plu=17097','',2,'2013-10-30'),(84442,'UPDATE mae_productos SET pro_precio_compra_bruto=96.39,pro_margen_actual=(pro_precio_venta-96.39)/96.39 * 100,pro_ultima_compra=@@@2013.10.30@@@,pro_ultimo_proveedor=@@@84472400-4@@@ WHERE pro_codigo_plu=17014','',2,'2013-10-30'),(84443,'UPDATE mae_productos SET pro_precio_compra_bruto=199.92,pro_margen_actual=(pro_precio_venta-199.92)/199.92 * 100,pro_ultima_compra=@@@2013.10.30@@@,pro_ultimo_proveedor=@@@84472400-4@@@ WHERE pro_codigo_plu=18877','',2,'2013-10-30'),(84444,'UPDATE mae_productos SET pro_precio_compra_bruto=199.92,pro_margen_actual=(pro_precio_venta-199.92)/199.92 * 100,pro_ultima_compra=@@@2013.10.30@@@,pro_ultimo_proveedor=@@@84472400-4@@@ WHERE pro_codigo_plu=19238','',2,'2013-10-30'),(84445,'UPDATE mae_productos SET pro_precio_compra_bruto=199.92,pro_margen_actual=(pro_precio_venta-199.92)/199.92 * 100,pro_ultima_compra=@@@2013.10.30@@@,pro_ultimo_proveedor=@@@84472400-4@@@ WHERE pro_codigo_plu=17030','',2,'2013-10-30'),(84446,'UPDATE mae_productos SET pro_precio_compra_bruto=283.22,pro_margen_actual=(pro_precio_venta-283.22)/283.22 * 100,pro_ultima_compra=@@@2013.10.30@@@,pro_ultimo_proveedor=@@@84472400-4@@@ WHERE pro_codigo_plu=16820','',2,'2013-10-30'),(84447,'UPDATE mae_productos SET pro_precio_compra_bruto=283.22,pro_margen_actual=(pro_precio_venta-283.22)/283.22 * 100,pro_ultima_compra=@@@2013.10.30@@@,pro_ultimo_proveedor=@@@84472400-4@@@ WHERE pro_codigo_plu=16821','',2,'2013-10-30'),(84448,'UPDATE mae_productos SET pro_precio_compra_bruto=254.66,pro_margen_actual=(pro_precio_venta-254.66)/254.66 * 100,pro_ultima_compra=@@@2013.10.30@@@,pro_ultimo_proveedor=@@@84472400-4@@@ WHERE pro_codigo_plu=16510','',2,'2013-10-30'),(84449,'UPDATE mae_productos SET pro_precio_compra_bruto=439.11,pro_margen_actual=(pro_precio_venta-439.11)/439.11 * 100,pro_ultima_compra=@@@2013.10.30@@@,pro_ultimo_proveedor=@@@84472400-4@@@ WHERE pro_codigo_plu=18222','',2,'2013-10-30'),(84450,'UPDATE mae_productos SET pro_precio_compra_bruto=439.11,pro_margen_actual=(pro_precio_venta-439.11)/439.11 * 100,pro_ultima_compra=@@@2013.10.30@@@,pro_ultimo_proveedor=@@@84472400-4@@@ WHERE pro_codigo_plu=18223','',2,'2013-10-30'),(84451,'UPDATE mae_productos SET pro_precio_compra_bruto=4581.41,pro_margen_actual=(pro_precio_venta-4581.41)/4581.41 * 100,pro_ultima_compra=@@@2013.10.30@@@,pro_ultimo_proveedor=@@@84472400-4@@@ WHERE pro_codigo_plu=413','',2,'2013-10-30'),(84452,'UPDATE mae_productos SET pro_precio_compra_bruto=169.57,pro_margen_actual=(pro_precio_venta-169.57)/169.57 * 100,pro_ultima_compra=@@@2013.10.30@@@,pro_ultimo_proveedor=@@@84472400-4@@@ WHERE pro_codigo_plu=16315','',2,'2013-10-30'),(84453,'UPDATE mae_productos SET pro_precio_compra_bruto=364.43,pro_margen_actual=(pro_precio_venta-364.43)/364.43 * 100,pro_ultima_compra=@@@2013.10.30@@@,pro_ultimo_proveedor=@@@84472400-4@@@ WHERE pro_codigo_plu=16314','',2,'2013-10-30'),(84454,'UPDATE mae_productos SET pro_precio_compra_bruto=898.45,pro_margen_actual=(pro_precio_venta-898.45)/898.45 * 100,pro_ultima_compra=@@@2013.10.30@@@,pro_ultimo_proveedor=@@@84472400-4@@@ WHERE pro_codigo_plu=16378','',2,'2013-10-30'),(84455,'UPDATE mae_productos SET pro_precio_compra_bruto=266.56,pro_margen_actual=(pro_precio_venta-266.56)/266.56 * 100,pro_ultima_compra=@@@2013.10.30@@@,pro_ultimo_proveedor=@@@84472400-4@@@ WHERE pro_codigo_plu=78017057','',2,'2013-10-30'),(84456,'UPDATE mae_productos SET pro_precio_compra_bruto=119,pro_margen_actual=(pro_precio_venta-119)/119 * 100,pro_ultima_compra=@@@2013.10.30@@@,pro_ultimo_proveedor=@@@84472400-4@@@ WHERE pro_codigo_plu=16952','',2,'2013-10-30'),(84457,'UPDATE mae_productos SET pro_precio_compra_bruto=336.77,pro_margen_actual=(pro_precio_venta-336.77)/336.77 * 100,pro_ultima_compra=@@@2013.10.30@@@,pro_ultimo_proveedor=@@@84472400-4@@@ WHERE pro_codigo_plu=763334','',2,'2013-10-30'),(84458,'UPDATE mae_productos SET pro_precio_compra_bruto=353.43,pro_margen_actual=(pro_precio_venta-353.43)/353.43 * 100,pro_ultima_compra=@@@2013.10.30@@@,pro_ultimo_proveedor=@@@84472400-4@@@ WHERE pro_codigo_plu=10406','',2,'2013-10-30'),(84459,'UPDATE mae_productos SET pro_precio_compra_bruto=571.2,pro_margen_actual=(pro_precio_venta-571.2)/571.2 * 100,pro_ultima_compra=@@@2013.10.30@@@,pro_ultimo_proveedor=@@@84472400-4@@@ WHERE pro_codigo_plu=16004','',2,'2013-10-30'),(84460,'UPDATE mae_productos SET pro_precio_compra_bruto=718.76,pro_margen_actual=(pro_precio_venta-718.76)/718.76 * 100,pro_ultima_compra=@@@2013.10.30@@@,pro_ultimo_proveedor=@@@84472400-4@@@ WHERE pro_codigo_plu=16114','',2,'2013-10-30'),(84461,'UPDATE mae_productos SET pro_precio_compra_bruto=199.92,pro_margen_actual=(pro_precio_venta-199.92)/199.92 * 100,pro_ultima_compra=@@@2013.10.30@@@,pro_ultimo_proveedor=@@@84472400-4@@@ WHERE pro_codigo_plu=16110','',2,'2013-10-30'),(84462,'UPDATE mae_productos SET pro_precio_compra_bruto=199.92,pro_margen_actual=(pro_precio_venta-199.92)/199.92 * 100,pro_ultima_compra=@@@2013.10.30@@@,pro_ultimo_proveedor=@@@84472400-4@@@ WHERE pro_codigo_plu=780721341','',2,'2013-10-30'),(84463,'UPDATE mae_productos SET pro_precio_compra_bruto=473.62,pro_margen_actual=(pro_precio_venta-473.62)/473.62 * 100,pro_ultima_compra=@@@2013.10.30@@@,pro_ultimo_proveedor=@@@84472400-4@@@ WHERE pro_codigo_plu=16410','',2,'2013-10-30'),(84464,'UPDATE mae_productos SET pro_precio_compra_bruto=199.92,pro_margen_actual=(pro_precio_venta-199.92)/199.92 * 100,pro_ultima_compra=@@@2013.10.30@@@,pro_ultimo_proveedor=@@@84472400-4@@@ WHERE pro_codigo_plu=762183','',2,'2013-10-30'),(84465,'UPDATE mae_productos SET pro_precio_compra_bruto=119,pro_margen_actual=(pro_precio_venta-119)/119 * 100,pro_ultima_compra=@@@2013.10.30@@@,pro_ultimo_proveedor=@@@84472400-4@@@ WHERE pro_codigo_plu=780721918','',2,'2013-10-30'),(84466,'UPDATE mae_productos SET pro_precio_compra_bruto=339.15,pro_margen_actual=(pro_precio_venta-339.15)/339.15 * 100,pro_ultima_compra=@@@2013.10.30@@@,pro_ultimo_proveedor=@@@84472400-4@@@ WHERE pro_codigo_plu=17023','',2,'2013-10-30'),(84467,'INSERT INTO gne_vale_ferreteria (vfe_id,vfe_fecha,vfe_total,vfe_estado,vfe_entregado,usu_nusuario) VALUES (15224,@@@2013.10.30@@@,3230,1,0,@@@G_DIAZ@@@)','',2,'2013-10-30'),(84468,'INSERT INTO gne_vale_ferreteria_mov (vfe_id,pro_codigo_plu,vfm_cantidad,vfm_unitario,vfm_total,vfm_entregado) VALUES (15224,764692,1,1290,1290,@@@NO@@@)','',2,'2013-10-30'),(84469,'INSERT INTO gne_vale_ferreteria_mov (vfe_id,pro_codigo_plu,vfm_cantidad,vfm_unitario,vfm_total,vfm_entregado) VALUES (15224,780721565,1,1490,1490,@@@NO@@@)','',2,'2013-10-30'),(84470,'INSERT INTO gne_vale_ferreteria_mov (vfe_id,pro_codigo_plu,vfm_cantidad,vfm_unitario,vfm_total,vfm_entregado) VALUES (15224,3100,1,450,450,@@@NO@@@)','',2,'2013-10-30'),(84471,'INSERT INTO gne_vale_ferreteria (vfe_id,vfe_fecha,vfe_total,vfe_estado,vfe_entregado,usu_nusuario) VALUES (15225,@@@2013.10.30@@@,200,1,0,@@@G_DIAZ@@@)','',2,'2013-10-30'),(84472,'INSERT INTO gne_vale_ferreteria_mov (vfe_id,pro_codigo_plu,vfm_cantidad,vfm_unitario,vfm_total,vfm_entregado) VALUES (15225,880006,1,200,200,@@@NO@@@)','',2,'2013-10-30'),(84473,'INSERT INTO gne_vale_ferreteria (vfe_id,vfe_fecha,vfe_total,vfe_estado,vfe_entregado,usu_nusuario) VALUES (15226,@@@2013.10.30@@@,360,1,0,@@@G_DIAZ@@@)','',2,'2013-10-30'),(84474,'INSERT INTO gne_vale_ferreteria_mov (vfe_id,pro_codigo_plu,vfm_cantidad,vfm_unitario,vfm_total,vfm_entregado) VALUES (15226,1544,12,30,360,@@@NO@@@)','',2,'2013-10-30'),(84475,'INSERT INTO gne_vale_ferreteria (vfe_id,vfe_fecha,vfe_total,vfe_estado,vfe_entregado,usu_nusuario) VALUES (15227,@@@2013.10.30@@@,310,1,0,@@@G_DIAZ@@@)','',2,'2013-10-30'),(84476,'INSERT INTO gne_vale_ferreteria_mov (vfe_id,pro_codigo_plu,vfm_cantidad,vfm_unitario,vfm_total,vfm_entregado) VALUES (15227,780721717,1,20,20,@@@NO@@@)','',2,'2013-10-30'),(84477,'INSERT INTO gne_vale_ferreteria_mov (vfe_id,pro_codigo_plu,vfm_cantidad,vfm_unitario,vfm_total,vfm_entregado) VALUES (15227,12161,1,290,290,@@@NO@@@)','',2,'2013-10-30'),(84478,'INSERT INTO gne_vale_ferreteria (vfe_id,vfe_fecha,vfe_total,vfe_estado,vfe_entregado,usu_nusuario) VALUES (15228,@@@2013.10.30@@@,730,1,0,@@@G_DIAZ@@@)','',2,'2013-10-30'),(84479,'INSERT INTO gne_vale_ferreteria_mov (vfe_id,pro_codigo_plu,vfm_cantidad,vfm_unitario,vfm_total,vfm_entregado) VALUES (15228,15480,1,730,730,@@@NO@@@)','',2,'2013-10-30'),(84480,'INSERT INTO gne_vale_ferreteria (vfe_id,vfe_fecha,vfe_total,vfe_estado,vfe_entregado,usu_nusuario) VALUES (15229,@@@2013.10.30@@@,240,1,0,@@@G_DIAZ@@@)','',2,'2013-10-30'),(84481,'INSERT INTO gne_vale_ferreteria_mov (vfe_id,pro_codigo_plu,vfm_cantidad,vfm_unitario,vfm_total,vfm_entregado) VALUES (15229,78017059,2,120,240,@@@NO@@@)','',2,'2013-10-30'),(84482,'INSERT INTO gne_vale_ferreteria (vfe_id,vfe_fecha,vfe_total,vfe_estado,vfe_entregado,usu_nusuario) VALUES (15230,@@@2013.10.30@@@,1890,1,0,@@@G_DIAZ@@@)','',2,'2013-10-30'),(84483,'INSERT INTO gne_vale_ferreteria_mov (vfe_id,pro_codigo_plu,vfm_cantidad,vfm_unitario,vfm_total,vfm_entregado) VALUES (15230,762051,1,1890,1890,@@@NO@@@)','',2,'2013-10-30'),(84484,'UPDATE mae_productos SET pro_codigo_barra=@@@7801907001113@@@,pro_tipo=@@@0@@@,pro_nombre_producto=@@@PATE DE CERDO SAN JORGE 125 G@@@,pro_nombre_corto=@@@PATE CERDO SAN J@@@,med_id=@@@5@@@,emb_id=@@@4@@@,pro_unidades_embalaje=@@@16@@@,dep_id=@@@12 @@@,lin_id=@@@74@@@,mar_id=@@@1810@@@,pro_precio_compra_neto=@@@0@@@,pro_precio_compra_bruto=@@@191.88@@@,pro_precio_venta=@@@300@@@,pro_margen_actual=@@@56.35@@@,pro_oferta=@@@NO@@@,pro_fecha_inicio_oferta=@@@2006.09.07@@@,pro_fecha_termino_oferta=@@@2006.09.07@@@,pro_precio_oferta=@@@0@@@,pro_stock_minimo=@@@0@@@,pro_stock_critico=@@@0@@@,pro_activo=@@@1@@@,pro_unidad=@@@0@@@,pro_precio_compra_bruto=191.88,pro_margen_actual=56.35,pro_capacidad=0.125,pro_funcion_plu=0,pro_flejes=1,pro_iva=1,pro_plu_asociado=0,pro_envase=@@@NO@@@,pro_duracion=0,pro_numero_etiqueta=0 WHERE pro_codigo_plu=@@@762638@@@','',2,'2013-10-30'),(84485,'UPDATE mae_productos SET pro_estado=1 WHERE pro_codigo_plu=762638','',2,'2013-10-30'),(84486,'DELETE FROM mae_impuestos_productos WHERE pro_codigo_plu=@@@762638@@@','',2,'2013-10-30'),(84487,'UPDATE mae_productos SET pro_codigo_barra=@@@7801907001113@@@,pro_tipo=@@@0@@@,pro_nombre_producto=@@@PATE DE CERDO SAN JORGE X 125 GR@@@,pro_nombre_corto=@@@PATE CERDO SAN J@@@,med_id=@@@5@@@,emb_id=@@@4@@@,pro_unidades_embalaje=@@@16@@@,dep_id=@@@12 @@@,lin_id=@@@74@@@,mar_id=@@@1810@@@,pro_precio_compra_neto=@@@0@@@,pro_precio_compra_bruto=@@@191.88@@@,pro_precio_venta=@@@300@@@,pro_margen_actual=@@@56.35@@@,pro_oferta=@@@NO@@@,pro_fecha_inicio_oferta=@@@2006.09.07@@@,pro_fecha_termino_oferta=@@@2006.09.07@@@,pro_precio_oferta=@@@0@@@,pro_stock_minimo=@@@0@@@,pro_stock_critico=@@@0@@@,pro_activo=@@@1@@@,pro_unidad=@@@0@@@,pro_precio_compra_bruto=191.88,pro_margen_actual=56.35,pro_capacidad=0.125,pro_funcion_plu=0,pro_flejes=1,pro_iva=1,pro_plu_asociado=0,pro_envase=@@@NO@@@,pro_duracion=0,pro_numero_etiqueta=0 WHERE pro_codigo_plu=@@@762638@@@','',2,'2013-10-30'),(84488,'UPDATE mae_productos SET pro_estado=1 WHERE pro_codigo_plu=762638','',2,'2013-10-30'),(84489,'DELETE FROM mae_impuestos_productos WHERE pro_codigo_plu=@@@762638@@@','',2,'2013-10-30'),(84490,'INSERT INTO gne_vale_ferreteria (vfe_id,vfe_fecha,vfe_total,vfe_estado,vfe_entregado,usu_nusuario) VALUES (15231,@@@2013.10.30@@@,790,1,0,@@@G_DIAZ@@@)','',2,'2013-10-30'),(84491,'INSERT INTO gne_vale_ferreteria_mov (vfe_id,pro_codigo_plu,vfm_cantidad,vfm_unitario,vfm_total,vfm_entregado) VALUES (15231,101454,1,790,790,@@@NO@@@)','',2,'2013-10-30'),(84492,'INSERT INTO gne_vale_ferreteria (vfe_id,vfe_fecha,vfe_total,vfe_estado,vfe_entregado,usu_nusuario) VALUES (15232,@@@2013.10.30@@@,450,1,0,@@@G_DIAZ@@@)','',2,'2013-10-30'),(84493,'INSERT INTO gne_vale_ferreteria_mov (vfe_id,pro_codigo_plu,vfm_cantidad,vfm_unitario,vfm_total,vfm_entregado) VALUES (15232,764016,1,450,450,@@@NO@@@)','',2,'2013-10-30'),(84494,'INSERT INTO gne_vale_ferreteria (vfe_id,vfe_fecha,vfe_total,vfe_estado,vfe_entregado,usu_nusuario) VALUES (15233,@@@2013.10.30@@@,1890,1,0,@@@G_DIAZ@@@)','',2,'2013-10-30'),(84495,'INSERT INTO gne_vale_ferreteria_mov (vfe_id,pro_codigo_plu,vfm_cantidad,vfm_unitario,vfm_total,vfm_entregado) VALUES (15233,101625,1,1890,1890,@@@NO@@@)','',2,'2013-10-30'),(84496,'INSERT INTO gne_vale_ferreteria (vfe_id,vfe_fecha,vfe_total,vfe_estado,vfe_entregado,usu_nusuario) VALUES (15234,@@@2013.10.30@@@,690,1,0,@@@G_DIAZ@@@)','',2,'2013-10-30'),(84497,'INSERT INTO gne_vale_ferreteria_mov (vfe_id,pro_codigo_plu,vfm_cantidad,vfm_unitario,vfm_total,vfm_entregado) VALUES (15234,20836,1,690,690,@@@NO@@@)','',2,'2013-10-30'),(84498,'INSERT INTO gne_vale_ferreteria (vfe_id,vfe_fecha,vfe_total,vfe_estado,vfe_entregado,usu_nusuario) VALUES (15235,@@@2013.10.30@@@,200,1,0,@@@M_CASTILLO@@@)','',2,'2013-10-30'),(84499,'INSERT INTO gne_vale_ferreteria_mov (vfe_id,pro_codigo_plu,vfm_cantidad,vfm_unitario,vfm_total,vfm_entregado) VALUES (15235,765072,1,200,200,@@@NO@@@)','',2,'2013-10-30'),(84500,'INSERT INTO gne_vale_ferreteria (vfe_id,vfe_fecha,vfe_total,vfe_estado,vfe_entregado,usu_nusuario) VALUES (15236,@@@2013.10.30@@@,1990,1,0,@@@M_CASTILLO@@@)','',2,'2013-10-30'),(84501,'INSERT INTO gne_vale_ferreteria_mov (vfe_id,pro_codigo_plu,vfm_cantidad,vfm_unitario,vfm_total,vfm_entregado) VALUES (15236,20489,1,1990,1990,@@@NO@@@)','',2,'2013-10-30'),(84502,'INSERT INTO gne_vale_ferreteria (vfe_id,vfe_fecha,vfe_total,vfe_estado,vfe_entregado,usu_nusuario) VALUES (15237,@@@2013.10.30@@@,790,1,0,@@@M_CASTILLO@@@)','',2,'2013-10-30'),(84503,'INSERT INTO gne_vale_ferreteria_mov (vfe_id,pro_codigo_plu,vfm_cantidad,vfm_unitario,vfm_total,vfm_entregado) VALUES (15237,764020,1,790,790,@@@NO@@@)','',2,'2013-10-30'),(84504,'INSERT INTO mae_productos (pro_codigo_plu,pro_codigo_barra,pro_tipo,pro_nombre_producto,pro_nombre_corto,med_id,emb_id,pro_unidades_embalaje,dep_id,lin_id,mar_id,pro_precio_compra_neto,pro_precio_compra_bruto,pro_precio_venta,pro_margen_actual,pro_oferta,pro_fecha_inicio_oferta,pro_fecha_termino_oferta,pro_precio_oferta,pro_stock_minimo,pro_stock_critico,pro_entradas_bodega,pro_salidas_bodega,pro_mermas_bodega,pro_ajustes_bodega,pro_entradas_sv,pro_salidas_sv,pro_mermas_sv,pro_ajustes_sv,pro_activo,rec_numero,pro_unidad,pro_capacidad,pro_consumo_bodega,pro_consumo_sv,pro_estado,pro_funcion_plu,pro_flejes,pro_iva,pro_plu_asociado,pro_envase,pro_duracion,pro_numero_etiqueta) VALUES (141814,@@@7802820150292@@@,@@@0@@@,@@@NECTAR ANDINA PIÑA 1,5 LT@@@,@@@NECTAR ANDINA PI@@@,@@@3 @@@,@@@6 @@@,@@@8@@@,@@@4 @@@,@@@220@@@,@@@480@@@,@@@0@@@,@@@585@@@,@@@1@@@,@@@-99.83@@@,@@@@@@,@@@2006.09.07@@@,@@@2006.09.07@@@,@@@0@@@,@@@16@@@,@@@8@@@,@@@0@@@,@@@0@@@,@@@0@@@,@@@0@@@,@@@0@@@,@@@0@@@,@@@0@@@,@@@0@@@,@@@1@@@,@@@0@@@,0,1.5,0,0,2,0,1,1,0,@@@NO@@@,0,0)','',2,'2013-10-30'),(84505,'DELETE FROM mae_impuestos_productos WHERE pro_codigo_plu=@@@141814@@@','',2,'2013-10-30'),(84506,'INSERT INTO gne_vale_ferreteria (vfe_id,vfe_fecha,vfe_total,vfe_estado,vfe_entregado,usu_nusuario) VALUES (15238,@@@2013.10.30@@@,1960,1,0,@@@M_CASTILLO@@@)','',2,'2013-10-30'),(84507,'INSERT INTO gne_vale_ferreteria_mov (vfe_id,pro_codigo_plu,vfm_cantidad,vfm_unitario,vfm_total,vfm_entregado) VALUES (15238,780722037,4,490,1960,@@@NO@@@)','',2,'2013-10-30'),(84508,'INSERT INTO gne_vale_ferreteria (vfe_id,vfe_fecha,vfe_total,vfe_estado,vfe_entregado,usu_nusuario) VALUES (15239,@@@2013.10.30@@@,720,1,0,@@@M_CASTILLO@@@)','',2,'2013-10-30'),(84509,'INSERT INTO gne_vale_ferreteria_mov (vfe_id,pro_codigo_plu,vfm_cantidad,vfm_unitario,vfm_total,vfm_entregado) VALUES (15239,19866,1,720,720,@@@NO@@@)','',2,'2013-10-30'),(84510,'INSERT INTO gne_vale_ferreteria (vfe_id,vfe_fecha,vfe_total,vfe_estado,vfe_entregado,usu_nusuario) VALUES (15240,@@@2013.10.30@@@,1890,1,0,@@@M_CASTILLO@@@)','',2,'2013-10-30'),(84511,'INSERT INTO gne_vale_ferreteria_mov (vfe_id,pro_codigo_plu,vfm_cantidad,vfm_unitario,vfm_total,vfm_entregado) VALUES (15240,12222,1,1890,1890,@@@NO@@@)','',2,'2013-10-30'),(84512,'INSERT INTO mae_productos (pro_codigo_plu,pro_codigo_barra,pro_tipo,pro_nombre_producto,pro_nombre_corto,med_id,emb_id,pro_unidades_embalaje,dep_id,lin_id,mar_id,pro_precio_compra_neto,pro_precio_compra_bruto,pro_precio_venta,pro_margen_actual,pro_oferta,pro_fecha_inicio_oferta,pro_fecha_termino_oferta,pro_precio_oferta,pro_stock_minimo,pro_stock_critico,pro_entradas_bodega,pro_salidas_bodega,pro_mermas_bodega,pro_ajustes_bodega,pro_entradas_sv,pro_salidas_sv,pro_mermas_sv,pro_ajustes_sv,pro_activo,rec_numero,pro_unidad,pro_capacidad,pro_consumo_bodega,pro_consumo_sv,pro_estado,pro_funcion_plu,pro_flejes,pro_iva,pro_plu_asociado,pro_envase,pro_duracion,pro_numero_etiqueta) VALUES (141815,@@@780282050066@@@,@@@0@@@,@@@NECTAR ANDINA DURAZNO 1,5 LT@@@,@@@NECTAR ANDINA DU@@@,@@@3 @@@,@@@6 @@@,@@@8@@@,@@@8 @@@,@@@64@@@,@@@480@@@,@@@0@@@,@@@585@@@,@@@1@@@,@@@-99.83@@@,@@@@@@,@@@2006.09.07@@@,@@@2006.09.07@@@,@@@0@@@,@@@16@@@,@@@8@@@,@@@0@@@,@@@0@@@,@@@0@@@,@@@0@@@,@@@0@@@,@@@0@@@,@@@0@@@,@@@0@@@,@@@1@@@,@@@0@@@,0,1.5,0,0,2,0,1,1,0,@@@NO@@@,0,0)','',2,'2013-10-30'),(84513,'DELETE FROM mae_impuestos_productos WHERE pro_codigo_plu=@@@141815@@@','',2,'2013-10-30'),(84514,'INSERT INTO gne_vale_ferreteria (vfe_id,vfe_fecha,vfe_total,vfe_estado,vfe_entregado,usu_nusuario) VALUES (15241,@@@2013.10.30@@@,1970,1,0,@@@M_CASTILLO@@@)','',2,'2013-10-30'),(84515,'INSERT INTO gne_vale_ferreteria_mov (vfe_id,pro_codigo_plu,vfm_cantidad,vfm_unitario,vfm_total,vfm_entregado) VALUES (15241,763607,1,1890,1890,@@@NO@@@)','',2,'2013-10-30'),(84516,'INSERT INTO gne_vale_ferreteria_mov (vfe_id,pro_codigo_plu,vfm_cantidad,vfm_unitario,vfm_total,vfm_entregado) VALUES (15241,770001,1,80,80,@@@NO@@@)','',2,'2013-10-30'),(84517,'INSERT INTO mae_productos (pro_codigo_plu,pro_codigo_barra,pro_tipo,pro_nombre_producto,pro_nombre_corto,med_id,emb_id,pro_unidades_embalaje,dep_id,lin_id,mar_id,pro_precio_compra_neto,pro_precio_compra_bruto,pro_precio_venta,pro_margen_actual,pro_oferta,pro_fecha_inicio_oferta,pro_fecha_termino_oferta,pro_precio_oferta,pro_stock_minimo,pro_stock_critico,pro_entradas_bodega,pro_salidas_bodega,pro_mermas_bodega,pro_ajustes_bodega,pro_entradas_sv,pro_salidas_sv,pro_mermas_sv,pro_ajustes_sv,pro_activo,rec_numero,pro_unidad,pro_capacidad,pro_consumo_bodega,pro_consumo_sv,pro_estado,pro_funcion_plu,pro_flejes,pro_iva,pro_plu_asociado,pro_envase,pro_duracion,pro_numero_etiqueta) VALUES (141816,@@@7802820150025@@@,@@@0@@@,@@@NECTAR ANDINA DURAZNO CAJA 1,5 L@@@,@@@NECTAR ANDINA DU@@@,@@@3 @@@,@@@6 @@@,@@@6@@@,@@@8 @@@,@@@64@@@,@@@480@@@,@@@0@@@,@@@754.06@@@,@@@1@@@,@@@-99.87@@@,@@@@@@,@@@2006.09.07@@@,@@@2006.09.07@@@,@@@0@@@,@@@30@@@,@@@15@@@,@@@0@@@,@@@0@@@,@@@0@@@,@@@0@@@,@@@0@@@,@@@0@@@,@@@0@@@,@@@0@@@,@@@1@@@,@@@0@@@,0,1.5,0,0,2,0,1,1,0,@@@NO@@@,0,0)','',2,'2013-10-30'),(84518,'DELETE FROM mae_impuestos_productos WHERE pro_codigo_plu=@@@141816@@@','',2,'2013-10-30'),(84519,'INSERT INTO gne_vale_ferreteria (vfe_id,vfe_fecha,vfe_total,vfe_estado,vfe_entregado,usu_nusuario) VALUES (15242,@@@2013.10.30@@@,1100,1,0,@@@M_CASTILLO@@@)','',2,'2013-10-30'),(84520,'INSERT INTO gne_vale_ferreteria_mov (vfe_id,pro_codigo_plu,vfm_cantidad,vfm_unitario,vfm_total,vfm_entregado) VALUES (15242,101657,1,1100,1100,@@@NO@@@)','',2,'2013-10-30'),(84521,'INSERT INTO mae_productos (pro_codigo_plu,pro_codigo_barra,pro_tipo,pro_nombre_producto,pro_nombre_corto,med_id,emb_id,pro_unidades_embalaje,dep_id,lin_id,mar_id,pro_precio_compra_neto,pro_precio_compra_bruto,pro_precio_venta,pro_margen_actual,pro_oferta,pro_fecha_inicio_oferta,pro_fecha_termino_oferta,pro_precio_oferta,pro_stock_minimo,pro_stock_critico,pro_entradas_bodega,pro_salidas_bodega,pro_mermas_bodega,pro_ajustes_bodega,pro_entradas_sv,pro_salidas_sv,pro_mermas_sv,pro_ajustes_sv,pro_activo,rec_numero,pro_unidad,pro_capacidad,pro_consumo_bodega,pro_consumo_sv,pro_estado,pro_funcion_plu,pro_flejes,pro_iva,pro_plu_asociado,pro_envase,pro_duracion,pro_numero_etiqueta) VALUES (141817,@@@7802820150032@@@,@@@0@@@,@@@NECTAR ANDINA PIÑA CAJA 1,5 L@@@,@@@NECTAR ANDINA PI@@@,@@@3 @@@,@@@6 @@@,@@@6@@@,@@@8 @@@,@@@64@@@,@@@480@@@,@@@0@@@,@@@754.06@@@,@@@1@@@,@@@-99.87@@@,@@@@@@,@@@2006.09.07@@@,@@@2006.09.07@@@,@@@0@@@,@@@30@@@,@@@15@@@,@@@0@@@,@@@0@@@,@@@0@@@,@@@0@@@,@@@0@@@,@@@0@@@,@@@0@@@,@@@0@@@,@@@1@@@,@@@0@@@,0,1.5,0,0,2,0,1,1,0,@@@NO@@@,0,0)','',2,'2013-10-30'),(84522,'DELETE FROM mae_impuestos_productos WHERE pro_codigo_plu=@@@141817@@@','',2,'2013-10-30'),(84523,'INSERT INTO mae_productos (pro_codigo_plu,pro_codigo_barra,pro_tipo,pro_nombre_producto,pro_nombre_corto,med_id,emb_id,pro_unidades_embalaje,dep_id,lin_id,mar_id,pro_precio_compra_neto,pro_precio_compra_bruto,pro_precio_venta,pro_margen_actual,pro_oferta,pro_fecha_inicio_oferta,pro_fecha_termino_oferta,pro_precio_oferta,pro_stock_minimo,pro_stock_critico,pro_entradas_bodega,pro_salidas_bodega,pro_mermas_bodega,pro_ajustes_bodega,pro_entradas_sv,pro_salidas_sv,pro_mermas_sv,pro_ajustes_sv,pro_activo,rec_numero,pro_unidad,pro_capacidad,pro_consumo_bodega,pro_consumo_sv,pro_estado,pro_funcion_plu,pro_flejes,pro_iva,pro_plu_asociado,pro_envase,pro_duracion,pro_numero_etiqueta) VALUES (141818,@@@7802820150018@@@,@@@0@@@,@@@NECTAR ANDINA NARANJA CAJA 1,5 L@@@,@@@NECTAR ANDINA NA@@@,@@@3 @@@,@@@6 @@@,@@@6@@@,@@@8 @@@,@@@64@@@,@@@480@@@,@@@0@@@,@@@754.06@@@,@@@1@@@,@@@-99.87@@@,@@@@@@,@@@2006.09.07@@@,@@@2006.09.07@@@,@@@0@@@,@@@30@@@,@@@15@@@,@@@0@@@,@@@0@@@,@@@0@@@,@@@0@@@,@@@0@@@,@@@0@@@,@@@0@@@,@@@0@@@,@@@1@@@,@@@0@@@,0,1.5,0,0,2,0,1,1,0,@@@NO@@@,0,0)','',2,'2013-10-30'),(84524,'DELETE FROM mae_impuestos_productos WHERE pro_codigo_plu=@@@141818@@@','',2,'2013-10-30'),(84525,'UPDATE mae_productos SET pro_precio_compra_bruto=585,pro_margen_actual=(pro_precio_venta-585)/585 * 100,pro_ultima_compra=@@@2013.10.30@@@,pro_ultimo_proveedor=@@@93281000-K@@@ WHERE pro_codigo_plu=141814','',2,'2013-10-30'),(84526,'UPDATE mae_productos SET pro_precio_compra_bruto=585,pro_margen_actual=(pro_precio_venta-585)/585 * 100,pro_ultima_compra=@@@2013.10.30@@@,pro_ultimo_proveedor=@@@93281000-K@@@ WHERE pro_codigo_plu=141815','',2,'2013-10-30'),(84527,'UPDATE mae_productos SET pro_precio_compra_bruto=824.45,pro_margen_actual=(pro_precio_venta-824.45)/824.45 * 100,pro_ultima_compra=@@@2013.10.30@@@,pro_ultimo_proveedor=@@@93281000-K@@@ WHERE pro_codigo_plu=761540','',2,'2013-10-30'),(84528,'UPDATE mae_productos SET pro_precio_compra_bruto=1016.85,pro_margen_actual=(pro_precio_venta-1016.85)/1016.85 * 100,pro_ultima_compra=@@@2013.10.30@@@,pro_ultimo_proveedor=@@@93281000-K@@@ WHERE pro_codigo_plu=762330','',2,'2013-10-30'),(84529,'UPDATE mae_productos SET pro_precio_compra_bruto=1016.85,pro_margen_actual=(pro_precio_venta-1016.85)/1016.85 * 100,pro_ultima_compra=@@@2013.10.30@@@,pro_ultimo_proveedor=@@@93281000-K@@@ WHERE pro_codigo_plu=762332','',2,'2013-10-30'),(84530,'UPDATE mae_productos SET pro_precio_compra_bruto=754.06,pro_margen_actual=(pro_precio_venta-754.06)/754.06 * 100,pro_ultima_compra=@@@2013.10.30@@@,pro_ultimo_proveedor=@@@93281000-K@@@ WHERE pro_codigo_plu=141816','',2,'2013-10-30'),(84531,'UPDATE mae_productos SET pro_precio_compra_bruto=754.06,pro_margen_actual=(pro_precio_venta-754.06)/754.06 * 100,pro_ultima_compra=@@@2013.10.30@@@,pro_ultimo_proveedor=@@@93281000-K@@@ WHERE pro_codigo_plu=141817','',2,'2013-10-30'),(84532,'UPDATE mae_productos SET pro_precio_compra_bruto=754.06,pro_margen_actual=(pro_precio_venta-754.06)/754.06 * 100,pro_ultima_compra=@@@2013.10.30@@@,pro_ultimo_proveedor=@@@93281000-K@@@ WHERE pro_codigo_plu=141818','',2,'2013-10-30'),(84533,'UPDATE mae_productos SET pro_precio_compra_bruto=1814.75,pro_margen_actual=(pro_precio_venta-1814.75)/1814.75 * 100,pro_ultima_compra=@@@2013.10.30@@@,pro_ultimo_proveedor=@@@79984240-8@@@ WHERE pro_codigo_plu=780721257','',2,'2013-10-30'),(84534,'UPDATE mae_productos SET pro_precio_compra_bruto=1596.98,pro_margen_actual=(pro_precio_venta-1596.98)/1596.98 * 100,pro_ultima_compra=@@@2013.10.30@@@,pro_ultimo_proveedor=@@@79984240-8@@@ WHERE pro_codigo_plu=780721255','',2,'2013-10-30'),(84535,'UPDATE mae_productos SET pro_precio_compra_bruto=247.52,pro_margen_actual=(pro_precio_venta-247.52)/247.52 * 100,pro_ultima_compra=@@@2013.10.30@@@,pro_ultimo_proveedor=@@@79984240-8@@@ WHERE pro_codigo_plu=19695','',2,'2013-10-30'),(84536,'UPDATE mae_productos SET pro_precio_compra_bruto=702.1,pro_margen_actual=(pro_precio_venta-702.1)/702.1 * 100,pro_ultima_compra=@@@2013.10.30@@@,pro_ultimo_proveedor=@@@79984240-8@@@ WHERE pro_codigo_plu=19680','',2,'2013-10-30'),(84537,'UPDATE mae_productos SET pro_precio_compra_bruto=247.52,pro_margen_actual=(pro_precio_venta-247.52)/247.52 * 100,pro_ultima_compra=@@@2013.10.30@@@,pro_ultimo_proveedor=@@@79984240-8@@@ WHERE pro_codigo_plu=19677','',2,'2013-10-30'),(84538,'UPDATE mae_productos SET pro_precio_compra_bruto=702.1,pro_margen_actual=(pro_precio_venta-702.1)/702.1 * 100,pro_ultima_compra=@@@2013.10.30@@@,pro_ultimo_proveedor=@@@79984240-8@@@ WHERE pro_codigo_plu=11573','',2,'2013-10-30'),(84539,'UPDATE mae_productos SET pro_precio_compra_bruto=1344.7,pro_margen_actual=(pro_precio_venta-1344.7)/1344.7 * 100,pro_ultima_compra=@@@2013.10.30@@@,pro_ultimo_proveedor=@@@79984240-8@@@ WHERE pro_codigo_plu=763554','',2,'2013-10-30'),(84540,'UPDATE mae_productos SET pro_precio_compra_bruto=2558.5,pro_margen_actual=(pro_precio_venta-2558.5)/2558.5 * 100,pro_ultima_compra=@@@2013.10.30@@@,pro_ultimo_proveedor=@@@79984240-8@@@ WHERE pro_codigo_plu=780722052','',2,'2013-10-30'),(84541,'UPDATE mae_productos SET pro_precio_compra_bruto=1485.11,pro_margen_actual=(pro_precio_venta-1485.11)/1485.11 * 100,pro_ultima_compra=@@@2013.10.30@@@,pro_ultimo_proveedor=@@@79984240-8@@@ WHERE pro_codigo_plu=333','',2,'2013-10-30'),(84542,'INSERT INTO gne_vale_ferreteria (vfe_id,vfe_fecha,vfe_total,vfe_estado,vfe_entregado,usu_nusuario) VALUES (15243,@@@2013.10.30@@@,3530,1,0,@@@M_CASTILLO@@@)','',2,'2013-10-30'),(84543,'INSERT INTO gne_vale_ferreteria_mov (vfe_id,pro_codigo_plu,vfm_cantidad,vfm_unitario,vfm_total,vfm_entregado) VALUES (15243,763866,1,1890,1890,@@@NO@@@)','',2,'2013-10-30'),(84544,'INSERT INTO gne_vale_ferreteria_mov (vfe_id,pro_codigo_plu,vfm_cantidad,vfm_unitario,vfm_total,vfm_entregado) VALUES (15243,764264,1,960,960,@@@NO@@@)','',2,'2013-10-30'),(84545,'INSERT INTO gne_vale_ferreteria_mov (vfe_id,pro_codigo_plu,vfm_cantidad,vfm_unitario,vfm_total,vfm_entregado) VALUES (15243,780721806,2,220,440,@@@NO@@@)','',2,'2013-10-30'),(84546,'INSERT INTO gne_vale_ferreteria_mov (vfe_id,pro_codigo_plu,vfm_cantidad,vfm_unitario,vfm_total,vfm_entregado) VALUES (15243,78017204,2,120,240,@@@NO@@@)','',2,'2013-10-30'),(84547,'INSERT INTO gne_vale_ferreteria (vfe_id,vfe_fecha,vfe_total,vfe_estado,vfe_entregado,usu_nusuario) VALUES (15244,@@@2013.10.30@@@,350,1,0,@@@M_CASTILLO@@@)','',2,'2013-10-30'),(84548,'INSERT INTO gne_vale_ferreteria_mov (vfe_id,pro_codigo_plu,vfm_cantidad,vfm_unitario,vfm_total,vfm_entregado) VALUES (15244,4074,1,350,350,@@@NO@@@)','',2,'2013-10-30'),(84549,'UPDATE mae_productos SET pro_precio_compra_bruto=3653.3,pro_margen_actual=(pro_precio_venta-3653.3)/3653.3 * 100,pro_ultima_compra=@@@2013.10.30@@@,pro_ultimo_proveedor=@@@76170432-K@@@ WHERE pro_codigo_plu=408','',2,'2013-10-30'),(84550,'UPDATE mae_productos SET pro_precio_compra_bruto=99.99,pro_margen_actual=(pro_precio_venta-99.99)/99.99 * 100,pro_ultima_compra=@@@2013.10.30@@@,pro_ultimo_proveedor=@@@76170432-K@@@ WHERE pro_codigo_plu=16900','',2,'2013-10-30'),(84551,'UPDATE mae_productos SET pro_precio_compra_bruto=99.99,pro_margen_actual=(pro_precio_venta-99.99)/99.99 * 100,pro_ultima_compra=@@@2013.10.30@@@,pro_ultimo_proveedor=@@@76170432-K@@@ WHERE pro_codigo_plu=16901','',2,'2013-10-30'),(84552,'UPDATE mae_productos SET pro_precio_compra_bruto=99.99,pro_margen_actual=(pro_precio_venta-99.99)/99.99 * 100,pro_ultima_compra=@@@2013.10.30@@@,pro_ultimo_proveedor=@@@76170432-K@@@ WHERE pro_codigo_plu=16897','',2,'2013-10-30'),(84553,'INSERT INTO gne_vale_ferreteria (vfe_id,vfe_fecha,vfe_total,vfe_estado,vfe_entregado,usu_nusuario) VALUES (15245,@@@2013.10.30@@@,3320,1,0,@@@M_CASTILLO@@@)','',2,'2013-10-30'),(84554,'INSERT INTO gne_vale_ferreteria_mov (vfe_id,pro_codigo_plu,vfm_cantidad,vfm_unitario,vfm_total,vfm_entregado) VALUES (15245,763644,1,930,930,@@@NO@@@)','',2,'2013-10-30'),(84555,'INSERT INTO gne_vale_ferreteria_mov (vfe_id,pro_codigo_plu,vfm_cantidad,vfm_unitario,vfm_total,vfm_entregado) VALUES (15245,763890,1,550,550,@@@NO@@@)','',2,'2013-10-30'),(84556,'INSERT INTO gne_vale_ferreteria_mov (vfe_id,pro_codigo_plu,vfm_cantidad,vfm_unitario,vfm_total,vfm_entregado) VALUES (15245,20756,1,490,490,@@@NO@@@)','',2,'2013-10-30'),(84557,'INSERT INTO gne_vale_ferreteria_mov (vfe_id,pro_codigo_plu,vfm_cantidad,vfm_unitario,vfm_total,vfm_entregado) VALUES (15245,4123,3,350,1050,@@@NO@@@)','',2,'2013-10-30'),(84558,'INSERT INTO gne_vale_ferreteria_mov (vfe_id,pro_codigo_plu,vfm_cantidad,vfm_unitario,vfm_total,vfm_entregado) VALUES (15245,1540,1,300,300,@@@NO@@@)','',2,'2013-10-30'),(84559,'UPDATE mae_productos SET pro_precio_compra_bruto=760.01,pro_margen_actual=(pro_precio_venta-760.01)/760.01 * 100,pro_ultima_compra=@@@2013.10.30@@@,pro_ultimo_proveedor=@@@80237600-6@@@ WHERE pro_codigo_plu=78017234','',2,'2013-10-30'),(84560,'INSERT INTO gne_vale_ferreteria (vfe_id,vfe_fecha,vfe_total,vfe_estado,vfe_entregado,usu_nusuario) VALUES (15246,@@@2013.10.30@@@,4410,1,0,@@@M_CASTILLO@@@)','',2,'2013-10-30'),(84561,'INSERT INTO gne_vale_ferreteria_mov (vfe_id,pro_codigo_plu,vfm_cantidad,vfm_unitario,vfm_total,vfm_entregado) VALUES (15246,20607,1,2520,2520,@@@NO@@@)','',2,'2013-10-30'),(84562,'INSERT INTO gne_vale_ferreteria_mov (vfe_id,pro_codigo_plu,vfm_cantidad,vfm_unitario,vfm_total,vfm_entregado) VALUES (15246,780721966,1,1890,1890,@@@NO@@@)','',2,'2013-10-30'),(84563,'INSERT INTO gne_vale_ferreteria (vfe_id,vfe_fecha,vfe_total,vfe_estado,vfe_entregado,usu_nusuario) VALUES (15247,@@@2013.10.30@@@,3390,1,0,@@@M_CASTILLO@@@)','',2,'2013-10-30'),(84564,'INSERT INTO gne_vale_ferreteria_mov (vfe_id,pro_codigo_plu,vfm_cantidad,vfm_unitario,vfm_total,vfm_entregado) VALUES (15247,780721969,1,3390,3390,@@@NO@@@)','',2,'2013-10-30'),(84565,'INSERT INTO gne_vale_ferreteria (vfe_id,vfe_fecha,vfe_total,vfe_estado,vfe_entregado,usu_nusuario) VALUES (15248,@@@2013.10.30@@@,160,1,0,@@@M_CASTILLO@@@)','',2,'2013-10-30'),(84566,'INSERT INTO gne_vale_ferreteria_mov (vfe_id,pro_codigo_plu,vfm_cantidad,vfm_unitario,vfm_total,vfm_entregado) VALUES (15248,770001,2,80,160,@@@NO@@@)','',2,'2013-10-30'),(84567,'INSERT INTO gne_vale_ferreteria (vfe_id,vfe_fecha,vfe_total,vfe_estado,vfe_entregado,usu_nusuario) VALUES (15249,@@@2013.10.30@@@,1890,1,0,@@@M_CASTILLO@@@)','',2,'2013-10-30'),(84568,'INSERT INTO gne_vale_ferreteria_mov (vfe_id,pro_codigo_plu,vfm_cantidad,vfm_unitario,vfm_total,vfm_entregado) VALUES (15249,764662,1,1890,1890,@@@NO@@@)','',2,'2013-10-30'),(84569,'INSERT INTO gne_vale_ferreteria (vfe_id,vfe_fecha,vfe_total,vfe_estado,vfe_entregado,usu_nusuario) VALUES (15250,@@@2013.10.30@@@,700,1,0,@@@M_CASTILLO@@@)','',2,'2013-10-30'),(84570,'INSERT INTO gne_vale_ferreteria_mov (vfe_id,pro_codigo_plu,vfm_cantidad,vfm_unitario,vfm_total,vfm_entregado) VALUES (15250,4074,2,350,700,@@@NO@@@)','',2,'2013-10-30'),(84571,'INSERT INTO gne_vale_ferreteria (vfe_id,vfe_fecha,vfe_total,vfe_estado,vfe_entregado,usu_nusuario) VALUES (15251,@@@2013.10.30@@@,5180,1,0,@@@M_CASTILLO@@@)','',2,'2013-10-30'),(84572,'INSERT INTO gne_vale_ferreteria_mov (vfe_id,pro_codigo_plu,vfm_cantidad,vfm_unitario,vfm_total,vfm_entregado) VALUES (15251,780721913,1,1990,1990,@@@NO@@@)','',2,'2013-10-30'),(84573,'INSERT INTO gne_vale_ferreteria_mov (vfe_id,pro_codigo_plu,vfm_cantidad,vfm_unitario,vfm_total,vfm_entregado) VALUES (15251,780721475,1,3190,3190,@@@NO@@@)','',2,'2013-10-30'),(84574,'UPDATE mae_productos SET pro_precio_compra_bruto=75.17,pro_margen_actual=(pro_precio_venta-75.17)/75.17 * 100,pro_ultima_compra=@@@2013.10.30@@@,pro_ultimo_proveedor=@@@99554560-8@@@ WHERE pro_codigo_plu=765058','',2,'2013-10-30'),(84575,'UPDATE mae_productos SET pro_precio_compra_bruto=83.69,pro_margen_actual=(pro_precio_venta-83.69)/83.69 * 100,pro_ultima_compra=@@@2013.10.30@@@,pro_ultimo_proveedor=@@@99554560-8@@@ WHERE pro_codigo_plu=2300','',2,'2013-10-30'),(84576,'UPDATE mae_productos SET pro_precio_compra_bruto=1000,pro_margen_actual=(pro_precio_venta-1000)/1000 * 100,pro_ultima_compra=@@@2013.10.30@@@,pro_ultimo_proveedor=@@@76717550-7@@@ WHERE pro_codigo_plu=383','',2,'2013-10-30'),(84577,'INSERT INTO gne_vale_ferreteria (vfe_id,vfe_fecha,vfe_total,vfe_estado,vfe_entregado,usu_nusuario) VALUES (15252,@@@2013.10.30@@@,200,1,0,@@@M_CASTILLO@@@)','',2,'2013-10-30'),(84578,'INSERT INTO gne_vale_ferreteria_mov (vfe_id,pro_codigo_plu,vfm_cantidad,vfm_unitario,vfm_total,vfm_entregado) VALUES (15252,765072,1,200,200,@@@NO@@@)','',2,'2013-10-30'),(84579,'INSERT INTO gne_vale_ferreteria (vfe_id,vfe_fecha,vfe_total,vfe_estado,vfe_entregado,usu_nusuario) VALUES (15253,@@@2013.10.30@@@,1200,1,0,@@@M_CASTILLO@@@)','',2,'2013-10-30'),(84580,'INSERT INTO gne_vale_ferreteria_mov (vfe_id,pro_codigo_plu,vfm_cantidad,vfm_unitario,vfm_total,vfm_entregado) VALUES (15253,3105,4,300,1200,@@@NO@@@)','',2,'2013-10-30'),(84581,'INSERT INTO gne_vale_ferreteria (vfe_id,vfe_fecha,vfe_total,vfe_estado,vfe_entregado,usu_nusuario) VALUES (15254,@@@2013.10.30@@@,180,1,0,@@@M_CASTILLO@@@)','',2,'2013-10-30'),(84582,'INSERT INTO gne_vale_ferreteria_mov (vfe_id,pro_codigo_plu,vfm_cantidad,vfm_unitario,vfm_total,vfm_entregado) VALUES (15254,1600,1,180,180,@@@NO@@@)','',2,'2013-10-30'),(84583,'INSERT INTO gne_vale_ferreteria (vfe_id,vfe_fecha,vfe_total,vfe_estado,vfe_entregado,usu_nusuario) VALUES (15255,@@@2013.10.30@@@,830,1,0,@@@M_CASTILLO@@@)','',2,'2013-10-30'),(84584,'INSERT INTO gne_vale_ferreteria_mov (vfe_id,pro_codigo_plu,vfm_cantidad,vfm_unitario,vfm_total,vfm_entregado) VALUES (15255,780722002,1,830,830,@@@NO@@@)','',2,'2013-10-30'),(84585,'INSERT INTO gne_vale_ferreteria (vfe_id,vfe_fecha,vfe_total,vfe_estado,vfe_entregado,usu_nusuario) VALUES (15256,@@@2013.10.30@@@,1890,1,0,@@@M_CASTILLO@@@)','',2,'2013-10-30'),(84586,'INSERT INTO gne_vale_ferreteria_mov (vfe_id,pro_codigo_plu,vfm_cantidad,vfm_unitario,vfm_total,vfm_entregado) VALUES (15256,101625,1,1890,1890,@@@NO@@@)','',2,'2013-10-30'),(84587,'INSERT INTO gne_vale_ferreteria (vfe_id,vfe_fecha,vfe_total,vfe_estado,vfe_entregado,usu_nusuario) VALUES (15257,@@@2013.10.30@@@,2499,1,0,@@@M_CASTILLO@@@)','',2,'2013-10-30'),(84588,'INSERT INTO gne_vale_ferreteria_mov (vfe_id,pro_codigo_plu,vfm_cantidad,vfm_unitario,vfm_total,vfm_entregado) VALUES (15257,101734,1,2499,2499,@@@NO@@@)','',2,'2013-10-30'),(84589,'UPDATE gpr_pack_virtual SET pav_nombre=@@@PACK YOGHURT CALAN VAINILLA, FRUTILLA,DAMASCO@@@,pav_total_pack=999,pav_total_descuento=121,pav_desde=@@@2013-07-25@@@,pav_hasta=@@@2013-11-30@@@,pav_tipo=@@@PA@@@,pav_precio=140,pav_lleva=8,pav_paga=7.127,pav_descuento=0.873,pav_porcentaje=1,pav_oferta_exclusiva=@@@NO@@@,pav_agotar_stock=@@@SI@@@,pav_stock=900,pav_costo=804.62,pav_margen=24.16 WHERE pav_id=50','',2,'2013-10-30'),(84590,'DELETE FROM gpr_pack_virtual_mov WHERE pav_id=50','',2,'2013-10-30'),(84591,'DELETE FROM gpr_pack_virtual_horario WHERE pav_id=50','',2,'2013-10-30'),(84592,'INSERT INTO gpr_pack_virtual_mov (pav_id,pro_codigo_plu,pvm_precio,pvm_total,pvm_lleva,pvm_paga,pvm_descuento,pvm_porcentaje,pvm_total_normal,pvm_descuento_linea,pvm_costo,pvm_margen) VALUES (50,16900,140,0,1,1,0,0,140,15.125,99.99,24.16),(50,16901,140,0,1,1,0,0,140,15.125,99.99,24.16),(50,16897,140,0,1,1,0,0,140,15.125,99.99,24.16),(50,16899,140,0,1,1,0,0,140,15.125,102.34,24.16)','',2,'2013-10-30'),(84593,'INSERT INTO gpr_pack_virtual_horario (pav_id,pvh_dia,pvh_hora_desde,pvh_hora_hasta) VALUES (50,99,@@@00:00@@@,@@@23:59@@@)','',2,'2013-10-30'),(84594,'INSERT INTO gne_vale_ferreteria (vfe_id,vfe_fecha,vfe_total,vfe_estado,vfe_entregado,usu_nusuario) VALUES (15258,@@@2013.10.30@@@,6470,1,0,@@@M_CASTILLO@@@)','',2,'2013-10-30'),(84595,'INSERT INTO gne_vale_ferreteria_mov (vfe_id,pro_codigo_plu,vfm_cantidad,vfm_unitario,vfm_total,vfm_entregado) VALUES (15258,101384,1,2490,2490,@@@NO@@@)','',2,'2013-10-30'),(84596,'INSERT INTO gne_vale_ferreteria_mov (vfe_id,pro_codigo_plu,vfm_cantidad,vfm_unitario,vfm_total,vfm_entregado) VALUES (15258,20476,2,1990,3980,@@@NO@@@)','',2,'2013-10-30'),(84597,'INSERT INTO gne_vale_ferreteria (vfe_id,vfe_fecha,vfe_total,vfe_estado,vfe_entregado,usu_nusuario) VALUES (15259,@@@2013.10.30@@@,1490,1,0,@@@M_CASTILLO@@@)','',2,'2013-10-30'),(84598,'INSERT INTO gne_vale_ferreteria_mov (vfe_id,pro_codigo_plu,vfm_cantidad,vfm_unitario,vfm_total,vfm_entregado) VALUES (15259,764564,1,1490,1490,@@@NO@@@)','',2,'2013-10-30'),(84599,'INSERT INTO gne_vale_ferreteria (vfe_id,vfe_fecha,vfe_total,vfe_estado,vfe_entregado,usu_nusuario) VALUES (15260,@@@2013.10.30@@@,300,1,0,@@@M_CASTILLO@@@)','',2,'2013-10-30'),(84600,'INSERT INTO gne_vale_ferreteria_mov (vfe_id,pro_codigo_plu,vfm_cantidad,vfm_unitario,vfm_total,vfm_entregado) VALUES (15260,10063,1,300,300,@@@NO@@@)','',2,'2013-10-30'),(84601,'INSERT INTO gne_vale_ferreteria (vfe_id,vfe_fecha,vfe_total,vfe_estado,vfe_entregado,usu_nusuario) VALUES (15261,@@@2013.10.30@@@,250,1,0,@@@M_CASTILLO@@@)','',2,'2013-10-30'),(84602,'INSERT INTO gne_vale_ferreteria_mov (vfe_id,pro_codigo_plu,vfm_cantidad,vfm_unitario,vfm_total,vfm_entregado) VALUES (15261,764583,1,250,250,@@@NO@@@)','',2,'2013-10-30'),(84603,'INSERT INTO gne_vale_ferreteria (vfe_id,vfe_fecha,vfe_total,vfe_estado,vfe_entregado,usu_nusuario) VALUES (15262,@@@2013.10.30@@@,1990,1,0,@@@M_CASTILLO@@@)','',2,'2013-10-30'),(84604,'INSERT INTO gne_vale_ferreteria_mov (vfe_id,pro_codigo_plu,vfm_cantidad,vfm_unitario,vfm_total,vfm_entregado) VALUES (15262,780721913,1,1990,1990,@@@NO@@@)','',2,'2013-10-30'),(84605,'INSERT INTO gne_vale_ferreteria (vfe_id,vfe_fecha,vfe_total,vfe_estado,vfe_entregado,usu_nusuario) VALUES (15263,@@@2013.10.30@@@,330,1,0,@@@M_CASTILLO@@@)','',2,'2013-10-30'),(84606,'INSERT INTO gne_vale_ferreteria_mov (vfe_id,pro_codigo_plu,vfm_cantidad,vfm_unitario,vfm_total,vfm_entregado) VALUES (15263,19918,1,330,330,@@@NO@@@)','',2,'2013-10-30'),(84607,'INSERT INTO gne_vale_ferreteria (vfe_id,vfe_fecha,vfe_total,vfe_estado,vfe_entregado,usu_nusuario) VALUES (15264,@@@2013.10.30@@@,930,1,0,@@@M_CASTILLO@@@)','',2,'2013-10-30'),(84608,'INSERT INTO gne_vale_ferreteria_mov (vfe_id,pro_codigo_plu,vfm_cantidad,vfm_unitario,vfm_total,vfm_entregado) VALUES (15264,11670,1,930,930,@@@NO@@@)','',2,'2013-10-30'),(84609,'INSERT INTO gne_vale_ferreteria (vfe_id,vfe_fecha,vfe_total,vfe_estado,vfe_entregado,usu_nusuario) VALUES (15265,@@@2013.10.30@@@,599,1,0,@@@M_CASTILLO@@@)','',2,'2013-10-30'),(84610,'INSERT INTO gne_vale_ferreteria_mov (vfe_id,pro_codigo_plu,vfm_cantidad,vfm_unitario,vfm_total,vfm_entregado) VALUES (15265,19916,1,599,599,@@@NO@@@)','',2,'2013-10-30'),(84611,'UPDATE mae_productos SET pro_precio_venta=950,pro_margen_actual= 25.98 WHERE pro_codigo_plu=141818','',2,'2013-10-30'),(84612,'UPDATE mae_productos SET pro_precio_venta=950,pro_margen_actual= 25.98 WHERE pro_codigo_plu=141816','',2,'2013-10-30'),(84613,'UPDATE mae_productos SET pro_precio_venta=950,pro_margen_actual= 25.98 WHERE pro_codigo_plu=141817','',2,'2013-10-30'),(84614,'UPDATE mae_productos SET pro_precio_venta=750,pro_margen_actual= 28.21 WHERE pro_codigo_plu=141814','',2,'2013-10-30'),(84615,'UPDATE mae_productos SET pro_precio_venta=750,pro_margen_actual= 28.21 WHERE pro_codigo_plu=141815','',2,'2013-10-30'),(84616,'UPDATE mae_productos SET pro_precio_fiscal=pro_precio_venta WHERE pro_codigo_plu=141818','',2,'2013-10-30'),(84617,'UPDATE mae_productos SET pro_precio_fiscal=pro_precio_venta WHERE pro_codigo_plu=141816','',2,'2013-10-30'),(84618,'UPDATE mae_productos SET pro_precio_fiscal=pro_precio_venta WHERE pro_codigo_plu=141817','',2,'2013-10-30'),(84619,'UPDATE mae_productos SET pro_precio_fiscal=pro_precio_venta WHERE pro_codigo_plu=141814','',2,'2013-10-30'),(84620,'UPDATE mae_productos SET pro_precio_fiscal=pro_precio_venta WHERE pro_codigo_plu=141815','',2,'2013-10-30'),(84621,'INSERT INTO gne_vale_ferreteria (vfe_id,vfe_fecha,vfe_total,vfe_estado,vfe_entregado,usu_nusuario) VALUES (15266,@@@2013.10.30@@@,4130,1,0,@@@M_CASTILLO@@@)','',2,'2013-10-30'),(84622,'INSERT INTO gne_vale_ferreteria_mov (vfe_id,pro_codigo_plu,vfm_cantidad,vfm_unitario,vfm_total,vfm_entregado) VALUES (15266,102733,2,1990,3980,@@@NO@@@)','',2,'2013-10-30'),(84623,'INSERT INTO gne_vale_ferreteria_mov (vfe_id,pro_codigo_plu,vfm_cantidad,vfm_unitario,vfm_total,vfm_entregado) VALUES (15266,1541,5,30,150,@@@NO@@@)','',2,'2013-10-30'),(84624,'INSERT INTO gne_vale_ferreteria (vfe_id,vfe_fecha,vfe_total,vfe_estado,vfe_entregado,usu_nusuario) VALUES (15267,@@@2013.10.30@@@,390,1,0,@@@M_CASTILLO@@@)','',2,'2013-10-30'),(84625,'INSERT INTO gne_vale_ferreteria_mov (vfe_id,pro_codigo_plu,vfm_cantidad,vfm_unitario,vfm_total,vfm_entregado) VALUES (15267,780721420,1,390,390,@@@NO@@@)','',2,'2013-10-30'),(84626,'INSERT INTO gne_vale_ferreteria (vfe_id,vfe_fecha,vfe_total,vfe_estado,vfe_entregado,usu_nusuario) VALUES (15268,@@@2013.10.30@@@,1890,1,0,@@@M_CASTILLO@@@)','',2,'2013-10-30'),(84627,'INSERT INTO gne_vale_ferreteria_mov (vfe_id,pro_codigo_plu,vfm_cantidad,vfm_unitario,vfm_total,vfm_entregado) VALUES (15268,780722008,1,1890,1890,@@@NO@@@)','',2,'2013-10-30'),(84628,'UPDATE mae_productos SET pro_codigo_barra=@@@333@@@,pro_tipo=@@@0@@@,pro_nombre_producto=@@@JAMON SANDWICH CERDO@@@,pro_nombre_corto=@@@JAMON SANDWICH C@@@,med_id=@@@1@@@,emb_id=@@@1@@@,pro_unidades_embalaje=@@@1@@@,dep_id=@@@12 @@@,lin_id=@@@71@@@,mar_id=@@@2507@@@,pro_precio_compra_neto=@@@0@@@,pro_precio_compra_bruto=@@@1485.11@@@,pro_precio_venta=@@@3300@@@,pro_margen_actual=@@@122.21@@@,pro_oferta=@@@NO@@@,pro_fecha_inicio_oferta=@@@1900.01.01@@@,pro_fecha_termino_oferta=@@@1900.01.01@@@,pro_precio_oferta=@@@0@@@,pro_stock_minimo=@@@1@@@,pro_stock_critico=@@@1@@@,pro_activo=@@@1@@@,pro_unidad=@@@1@@@,pro_precio_compra_bruto=1485.11,pro_margen_actual=122.21,pro_capacidad=1,pro_funcion_plu=1,pro_flejes=0,pro_iva=1,pro_plu_asociado=0,pro_envase=@@@NO@@@,pro_duracion=0,pro_numero_etiqueta=1 WHERE pro_codigo_plu=@@@333@@@','',2,'2013-10-30'),(84629,'UPDATE mae_productos SET pro_estado=1 WHERE pro_codigo_plu=333','',2,'2013-10-30'),(84630,'DELETE FROM mae_impuestos_productos WHERE pro_codigo_plu=@@@333@@@','',2,'2013-10-30'),(84631,'UPDATE mae_productos SET pro_precio_fiscal=pro_precio_venta WHERE pro_codigo_plu=333','',2,'2013-10-30'),(84632,'INSERT INTO gne_vale_ferreteria (vfe_id,vfe_fecha,vfe_total,vfe_estado,vfe_entregado,usu_nusuario) VALUES (15269,@@@2013.10.30@@@,590,1,0,@@@M_CASTILLO@@@)','',2,'2013-10-30'),(84633,'INSERT INTO gne_vale_ferreteria_mov (vfe_id,pro_codigo_plu,vfm_cantidad,vfm_unitario,vfm_total,vfm_entregado) VALUES (15269,15662,1,590,590,@@@NO@@@)','',2,'2013-10-30'),(84634,'INSERT INTO gne_vale_ferreteria (vfe_id,vfe_fecha,vfe_total,vfe_estado,vfe_entregado,usu_nusuario) VALUES (15270,@@@2013.10.30@@@,250,1,0,@@@M_CASTILLO@@@)','',2,'2013-10-30'),(84635,'INSERT INTO gne_vale_ferreteria_mov (vfe_id,pro_codigo_plu,vfm_cantidad,vfm_unitario,vfm_total,vfm_entregado) VALUES (15270,780721493,1,250,250,@@@NO@@@)','',2,'2013-10-30'),(84636,'INSERT INTO gne_vale_ferreteria (vfe_id,vfe_fecha,vfe_total,vfe_estado,vfe_entregado,usu_nusuario) VALUES (15271,@@@2013.10.30@@@,2100,1,0,@@@M_CASTILLO@@@)','',2,'2013-10-30'),(84637,'INSERT INTO gne_vale_ferreteria_mov (vfe_id,pro_codigo_plu,vfm_cantidad,vfm_unitario,vfm_total,vfm_entregado) VALUES (15271,763944,1,2100,2100,@@@NO@@@)','',2,'2013-10-30'),(84638,'INSERT INTO gne_vale_ferreteria (vfe_id,vfe_fecha,vfe_total,vfe_estado,vfe_entregado,usu_nusuario) VALUES (15272,@@@2013.10.30@@@,250,1,0,@@@M_CASTILLO@@@)','',2,'2013-10-30'),(84639,'INSERT INTO gne_vale_ferreteria_mov (vfe_id,pro_codigo_plu,vfm_cantidad,vfm_unitario,vfm_total,vfm_entregado) VALUES (15272,78017208,1,250,250,@@@NO@@@)','',2,'2013-10-30'),(84640,'INSERT INTO gne_vale_ferreteria (vfe_id,vfe_fecha,vfe_total,vfe_estado,vfe_entregado,usu_nusuario) VALUES (15273,@@@2013.10.30@@@,520,1,0,@@@M_CASTILLO@@@)','',2,'2013-10-30'),(84641,'INSERT INTO gne_vale_ferreteria_mov (vfe_id,pro_codigo_plu,vfm_cantidad,vfm_unitario,vfm_total,vfm_entregado) VALUES (15273,19803,1,520,520,@@@NO@@@)','',2,'2013-10-30'),(84642,'INSERT INTO gne_vale_ferreteria (vfe_id,vfe_fecha,vfe_total,vfe_estado,vfe_entregado,usu_nusuario) VALUES (15274,@@@2013.10.30@@@,1240,1,0,@@@M_CASTILLO@@@)','',2,'2013-10-30'),(84643,'INSERT INTO gne_vale_ferreteria_mov (vfe_id,pro_codigo_plu,vfm_cantidad,vfm_unitario,vfm_total,vfm_entregado) VALUES (15274,36650,1,450,450,@@@NO@@@)','',2,'2013-10-30'),(84644,'INSERT INTO gne_vale_ferreteria_mov (vfe_id,pro_codigo_plu,vfm_cantidad,vfm_unitario,vfm_total,vfm_entregado) VALUES (15274,763623,1,790,790,@@@NO@@@)','',2,'2013-10-30'),(84645,'INSERT INTO gne_vale_ferreteria (vfe_id,vfe_fecha,vfe_total,vfe_estado,vfe_entregado,usu_nusuario) VALUES (15275,@@@2013.10.30@@@,490,1,0,@@@M_CASTILLO@@@)','',2,'2013-10-30'),(84646,'INSERT INTO gne_vale_ferreteria_mov (vfe_id,pro_codigo_plu,vfm_cantidad,vfm_unitario,vfm_total,vfm_entregado) VALUES (15275,8021,2,150,300,@@@NO@@@)','',2,'2013-10-30'),(84647,'INSERT INTO gne_vale_ferreteria_mov (vfe_id,pro_codigo_plu,vfm_cantidad,vfm_unitario,vfm_total,vfm_entregado) VALUES (15275,780721717,2,20,40,@@@NO@@@)','',2,'2013-10-30'),(84648,'INSERT INTO gne_vale_ferreteria_mov (vfe_id,pro_codigo_plu,vfm_cantidad,vfm_unitario,vfm_total,vfm_entregado) VALUES (15275,780721726,1,150,150,@@@NO@@@)','',2,'2013-10-30'),(84649,'INSERT INTO gne_vale_ferreteria (vfe_id,vfe_fecha,vfe_total,vfe_estado,vfe_entregado,usu_nusuario) VALUES (15276,@@@2013.10.30@@@,1040,1,0,@@@M_CASTILLO@@@)','',2,'2013-10-30'),(84650,'INSERT INTO gne_vale_ferreteria_mov (vfe_id,pro_codigo_plu,vfm_cantidad,vfm_unitario,vfm_total,vfm_entregado) VALUES (15276,763935,1,750,750,@@@NO@@@)','',2,'2013-10-30'),(84651,'INSERT INTO gne_vale_ferreteria_mov (vfe_id,pro_codigo_plu,vfm_cantidad,vfm_unitario,vfm_total,vfm_entregado) VALUES (15276,12608,1,290,290,@@@NO@@@)','',2,'2013-10-30'),(84652,'INSERT INTO gne_vale_ferreteria (vfe_id,vfe_fecha,vfe_total,vfe_estado,vfe_entregado,usu_nusuario) VALUES (15277,@@@2013.10.30@@@,290,1,0,@@@M_CASTILLO@@@)','',2,'2013-10-30'),(84653,'INSERT INTO gne_vale_ferreteria_mov (vfe_id,pro_codigo_plu,vfm_cantidad,vfm_unitario,vfm_total,vfm_entregado) VALUES (15277,78017151,1,290,290,@@@NO@@@)','',2,'2013-10-30'),(84654,'INSERT INTO gne_vale_ferreteria (vfe_id,vfe_fecha,vfe_total,vfe_estado,vfe_entregado,usu_nusuario) VALUES (15278,@@@2013.10.30@@@,300,1,0,@@@M_CASTILLO@@@)','',2,'2013-10-30'),(84655,'INSERT INTO gne_vale_ferreteria_mov (vfe_id,pro_codigo_plu,vfm_cantidad,vfm_unitario,vfm_total,vfm_entregado) VALUES (15278,7500886,2,150,300,@@@NO@@@)','',2,'2013-10-30'),(84656,'INSERT INTO gne_vale_ferreteria (vfe_id,vfe_fecha,vfe_total,vfe_estado,vfe_entregado,usu_nusuario) VALUES (15279,@@@2013.10.30@@@,2550,1,0,@@@M_CASTILLO@@@)','',2,'2013-10-30'),(84657,'INSERT INTO gne_vale_ferreteria_mov (vfe_id,pro_codigo_plu,vfm_cantidad,vfm_unitario,vfm_total,vfm_entregado) VALUES (15279,763047,1,450,450,@@@NO@@@)','',2,'2013-10-30'),(84658,'INSERT INTO gne_vale_ferreteria_mov (vfe_id,pro_codigo_plu,vfm_cantidad,vfm_unitario,vfm_total,vfm_entregado) VALUES (15279,763862,1,2100,2100,@@@NO@@@)','',2,'2013-10-30'),(84659,'INSERT INTO gne_vale_ferreteria (vfe_id,vfe_fecha,vfe_total,vfe_estado,vfe_entregado,usu_nusuario) VALUES (15280,@@@2013.10.30@@@,200,1,0,@@@M_CASTILLO@@@)','',2,'2013-10-30'),(84660,'INSERT INTO gne_vale_ferreteria_mov (vfe_id,pro_codigo_plu,vfm_cantidad,vfm_unitario,vfm_total,vfm_entregado) VALUES (15280,98100,2,100,200,@@@NO@@@)','',2,'2013-10-30'),(84661,'INSERT INTO gne_vale_ferreteria (vfe_id,vfe_fecha,vfe_total,vfe_estado,vfe_entregado,usu_nusuario) VALUES (15281,@@@2013.10.30@@@,2480,1,0,@@@M_CASTILLO@@@)','',2,'2013-10-30'),(84662,'INSERT INTO gne_vale_ferreteria_mov (vfe_id,pro_codigo_plu,vfm_cantidad,vfm_unitario,vfm_total,vfm_entregado) VALUES (15281,780220159,1,2480,2480,@@@NO@@@)','',2,'2013-10-30'),(84663,'INSERT INTO gne_vale_ferreteria (vfe_id,vfe_fecha,vfe_total,vfe_estado,vfe_entregado,usu_nusuario) VALUES (15282,@@@2013.10.30@@@,200,1,0,@@@M_CASTILLO@@@)','',2,'2013-10-30'),(84664,'INSERT INTO gne_vale_ferreteria_mov (vfe_id,pro_codigo_plu,vfm_cantidad,vfm_unitario,vfm_total,vfm_entregado) VALUES (15282,780721924,1,200,200,@@@NO@@@)','',2,'2013-10-30'),(84665,'INSERT INTO gne_vale_ferreteria (vfe_id,vfe_fecha,vfe_total,vfe_estado,vfe_entregado,usu_nusuario) VALUES (15283,@@@2013.10.30@@@,1890,1,0,@@@M_CASTILLO@@@)','',2,'2013-10-30'),(84666,'INSERT INTO gne_vale_ferreteria_mov (vfe_id,pro_codigo_plu,vfm_cantidad,vfm_unitario,vfm_total,vfm_entregado) VALUES (15283,101841,1,1890,1890,@@@NO@@@)','',2,'2013-10-30'),(84667,'INSERT INTO gne_vale_ferreteria (vfe_id,vfe_fecha,vfe_total,vfe_estado,vfe_entregado,usu_nusuario) VALUES (15284,@@@2013.10.30@@@,690,1,0,@@@M_CASTILLO@@@)','',2,'2013-10-30'),(84668,'INSERT INTO gne_vale_ferreteria_mov (vfe_id,pro_codigo_plu,vfm_cantidad,vfm_unitario,vfm_total,vfm_entregado) VALUES (15284,19804,1,690,690,@@@NO@@@)','',2,'2013-10-30'),(84669,'INSERT INTO gne_vale_ferreteria (vfe_id,vfe_fecha,vfe_total,vfe_estado,vfe_entregado,usu_nusuario) VALUES (15285,@@@2013.10.30@@@,1198,1,0,@@@M_CASTILLO@@@)','',2,'2013-10-30'),(84670,'INSERT INTO gne_vale_ferreteria_mov (vfe_id,pro_codigo_plu,vfm_cantidad,vfm_unitario,vfm_total,vfm_entregado) VALUES (15285,19916,2,599,1198,@@@NO@@@)','',2,'2013-10-30'),(84671,'INSERT INTO gne_vale_ferreteria (vfe_id,vfe_fecha,vfe_total,vfe_estado,vfe_entregado,usu_nusuario) VALUES (15286,@@@2013.10.30@@@,300,1,0,@@@M_CASTILLO@@@)','',2,'2013-10-30'),(84672,'INSERT INTO gne_vale_ferreteria_mov (vfe_id,pro_codigo_plu,vfm_cantidad,vfm_unitario,vfm_total,vfm_entregado) VALUES (15286,8021,2,150,300,@@@NO@@@)','',2,'2013-10-30'),(84673,'UPDATE mae_productos SET pro_margen_actual=40.06,pro_precio_venta=280 WHERE pro_codigo_plu=17030','',2,'2013-10-30'),(84674,'UPDATE mae_productos SET pro_margen_actual=42.56,pro_precio_venta=380 WHERE pro_codigo_plu=78017057','',2,'2013-10-30'),(84675,'UPDATE mae_productos SET pro_margen_actual=40.06,pro_precio_venta=280 WHERE pro_codigo_plu=780721341','',2,'2013-10-30'),(84676,'UPDATE mae_productos SET pro_margen_actual=31.3,pro_precio_venta=750 WHERE pro_codigo_plu=16004','',2,'2013-10-30'),(84677,'UPDATE mae_productos SET pro_margen_actual=56.35,pro_precio_venta=300 WHERE pro_codigo_plu=762638','',2,'2013-10-30'),(84678,'INSERT INTO gne_vale_ferreteria (vfe_id,vfe_fecha,vfe_total,vfe_estado,vfe_entregado,usu_nusuario) VALUES (15287,@@@2013.10.30@@@,3490,1,0,@@@M_CASTILLO@@@)','',2,'2013-10-30'),(84679,'INSERT INTO gne_vale_ferreteria_mov (vfe_id,pro_codigo_plu,vfm_cantidad,vfm_unitario,vfm_total,vfm_entregado) VALUES (15287,780721866,1,3490,3490,@@@NO@@@)','',2,'2013-10-30'),(84680,'INSERT INTO gne_vale_ferreteria (vfe_id,vfe_fecha,vfe_total,vfe_estado,vfe_entregado,usu_nusuario) VALUES (15288,@@@2013.10.30@@@,3170,1,0,@@@M_CASTILLO@@@)','',2,'2013-10-30'),(84681,'INSERT INTO gne_vale_ferreteria_mov (vfe_id,pro_codigo_plu,vfm_cantidad,vfm_unitario,vfm_total,vfm_entregado) VALUES (15288,764219,1,490,490,@@@NO@@@)','',2,'2013-10-30'),(84682,'INSERT INTO gne_vale_ferreteria_mov (vfe_id,pro_codigo_plu,vfm_cantidad,vfm_unitario,vfm_total,vfm_entregado) VALUES (15288,780721474,1,1790,1790,@@@NO@@@)','',2,'2013-10-30'),(84683,'INSERT INTO gne_vale_ferreteria_mov (vfe_id,pro_codigo_plu,vfm_cantidad,vfm_unitario,vfm_total,vfm_entregado) VALUES (15288,990004,1,890,890,@@@NO@@@)','',2,'2013-10-30'),(84684,'INSERT INTO gne_vale_ferreteria (vfe_id,vfe_fecha,vfe_total,vfe_estado,vfe_entregado,usu_nusuario) VALUES (15289,@@@2013.10.30@@@,5670,1,0,@@@M_CASTILLO@@@)','',2,'2013-10-30'),(84685,'INSERT INTO gne_vale_ferreteria_mov (vfe_id,pro_codigo_plu,vfm_cantidad,vfm_unitario,vfm_total,vfm_entregado) VALUES (15289,780721250,1,2790,2790,@@@NO@@@)','',2,'2013-10-30'),(84686,'INSERT INTO gne_vale_ferreteria_mov (vfe_id,pro_codigo_plu,vfm_cantidad,vfm_unitario,vfm_total,vfm_entregado) VALUES (15289,780721541,1,1990,1990,@@@NO@@@)','',2,'2013-10-30'),(84687,'INSERT INTO gne_vale_ferreteria_mov (vfe_id,pro_codigo_plu,vfm_cantidad,vfm_unitario,vfm_total,vfm_entregado) VALUES (15289,780721476,1,890,890,@@@NO@@@)','',2,'2013-10-30'),(84688,'UPDATE mae_productos SET pro_precio_venta=6500,pro_margen_actual= 41.88 WHERE pro_codigo_plu=413','',2,'2013-10-30'),(84689,'UPDATE mae_productos SET pro_precio_venta=950,pro_margen_actual= 32.17 WHERE pro_codigo_plu=16114','',2,'2013-10-30'),(84690,'UPDATE mae_productos SET pro_precio_venta=470,pro_margen_actual= 32.98 WHERE pro_codigo_plu=10406','',2,'2013-10-30'),(84691,'UPDATE mae_productos SET pro_precio_venta=590,pro_margen_actual= 34.36 WHERE pro_codigo_plu=18223','',2,'2013-10-30'),(84692,'UPDATE mae_productos SET pro_precio_venta=5897,pro_margen_actual= 30 WHERE pro_codigo_plu=780721862','',2,'2013-10-30'),(84693,'UPDATE mae_productos SET pro_margen_actual=32.17,pro_precio_venta=950 WHERE pro_codigo_plu=16114','',2,'2013-10-30'),(84694,'UPDATE mae_productos SET pro_margen_actual=32.98,pro_precio_venta=470 WHERE pro_codigo_plu=10406','',2,'2013-10-30'),(84695,'UPDATE mae_productos SET pro_margen_actual=34.36,pro_precio_venta=590 WHERE pro_codigo_plu=18223','',2,'2013-10-30'),(84696,'UPDATE mae_productos SET pro_margen_actual=41.88,pro_precio_venta=6500 WHERE pro_codigo_plu=413','',2,'2013-10-30'),(84697,'UPDATE mae_productos SET pro_margen_actual=101.94,pro_precio_venta=2290 WHERE pro_codigo_plu=780721862','',2,'2013-10-30'),(84698,'UPDATE mae_productos SET pro_precio_fiscal=pro_precio_venta WHERE pro_codigo_plu=413','',2,'2013-10-30'),(84699,'UPDATE mae_productos SET pro_precio_fiscal=pro_precio_venta WHERE pro_codigo_plu=16114','',2,'2013-10-30'),(84700,'UPDATE mae_productos SET pro_precio_fiscal=pro_precio_venta WHERE pro_codigo_plu=101236','',2,'2013-10-30'),(84701,'UPDATE mae_productos SET pro_precio_fiscal=pro_precio_venta WHERE pro_codigo_plu=101233','',2,'2013-10-30'),(84702,'UPDATE mae_productos SET pro_precio_fiscal=pro_precio_venta WHERE pro_codigo_plu=16933','',2,'2013-10-30'),(84703,'UPDATE mae_productos SET pro_precio_fiscal=pro_precio_venta WHERE pro_codigo_plu=10406','',2,'2013-10-30'),(84704,'UPDATE mae_productos SET pro_precio_fiscal=pro_precio_venta WHERE pro_codigo_plu=18223','',2,'2013-10-30'),(84705,'UPDATE mae_productos SET pro_codigo_barra=@@@7804920000590@@@,pro_tipo=@@@0@@@,pro_nombre_producto=@@@ACONDICIONADOR BALLERINA YOGHURT Y MIEL FRASCO X 1 LT@@@,pro_nombre_corto=@@@ACONDICIONADOR B@@@,med_id=@@@3@@@,emb_id=@@@4@@@,pro_unidades_embalaje=@@@6@@@,dep_id=@@@21 @@@,lin_id=@@@114@@@,mar_id=@@@607@@@,pro_precio_compra_neto=@@@0@@@,pro_precio_compra_bruto=@@@0@@@,pro_precio_venta=@@@1630@@@,pro_margen_actual=@@@0@@@,pro_oferta=@@@NO@@@,pro_fecha_inicio_oferta=@@@2006.09.07@@@,pro_fecha_termino_oferta=@@@2006.09.07@@@,pro_precio_oferta=@@@0@@@,pro_stock_minimo=@@@6@@@,pro_stock_critico=@@@3@@@,pro_activo=@@@1@@@,pro_unidad=@@@0@@@,pro_precio_compra_bruto=0,pro_margen_actual=0,pro_capacidad=1,pro_funcion_plu=0,pro_flejes=1,pro_iva=1,pro_plu_asociado=0,pro_envase=@@@NO@@@,pro_duracion=0,pro_numero_etiqueta=0 WHERE pro_codigo_plu=@@@762163@@@','',2,'2013-10-30'),(84706,'UPDATE mae_productos SET pro_estado=1 WHERE pro_codigo_plu=762163','',2,'2013-10-30'),(84707,'DELETE FROM mae_impuestos_productos WHERE pro_codigo_plu=@@@762163@@@','',2,'2013-10-30'),(84708,'UPDATE mae_productos SET pro_codigo_barra=@@@7804920011114@@@,pro_tipo=@@@0@@@,pro_nombre_producto=@@@SHAMPOO BALLERINA MULTIVITAMINAS LITRO@@@,pro_nombre_corto=@@@SHAMPOO BALLERIN@@@,med_id=@@@3@@@,emb_id=@@@4@@@,pro_unidades_embalaje=@@@6@@@,dep_id=@@@21 @@@,lin_id=@@@114@@@,mar_id=@@@607@@@,pro_precio_compra_neto=@@@0@@@,pro_precio_compra_bruto=@@@0@@@,pro_precio_venta=@@@1630@@@,pro_margen_actual=@@@0@@@,pro_oferta=@@@NO@@@,pro_fecha_inicio_oferta=@@@1900.01.01@@@,pro_fecha_termino_oferta=@@@1900.01.01@@@,pro_precio_oferta=@@@0@@@,pro_stock_minimo=@@@0@@@,pro_stock_critico=@@@0@@@,pro_activo=@@@1@@@,pro_unidad=@@@0@@@,pro_precio_compra_bruto=0,pro_margen_actual=0,pro_capacidad=1,pro_funcion_plu=0,pro_flejes=1,pro_iva=1,pro_plu_asociado=0,pro_envase=@@@NO@@@,pro_duracion=0,pro_numero_etiqueta=0 WHERE pro_codigo_plu=@@@20270@@@','',2,'2013-10-30'),(84709,'UPDATE mae_productos SET pro_estado=1 WHERE pro_codigo_plu=20270','',2,'2013-10-30'),(84710,'DELETE FROM mae_impuestos_productos WHERE pro_codigo_plu=@@@20270@@@','',2,'2013-10-30'),(84711,'UPDATE mae_productos SET pro_codigo_barra=@@@7804920011107@@@,pro_tipo=@@@0@@@,pro_nombre_producto=@@@SHAMPOO BALLERINA MULTIFRUTAS LITRO@@@,pro_nombre_corto=@@@SHAMPOO BALLERIN@@@,med_id=@@@2@@@,emb_id=@@@4@@@,pro_unidades_embalaje=@@@1@@@,dep_id=@@@21 @@@,lin_id=@@@114@@@,mar_id=@@@607@@@,pro_precio_compra_neto=@@@0@@@,pro_precio_compra_bruto=@@@0@@@,pro_precio_venta=@@@1630@@@,pro_margen_actual=@@@0@@@,pro_oferta=@@@NO@@@,pro_fecha_inicio_oferta=@@@1900.01.01@@@,pro_fecha_termino_oferta=@@@1900.01.01@@@,pro_precio_oferta=@@@0@@@,pro_stock_minimo=@@@0@@@,pro_stock_critico=@@@0@@@,pro_activo=@@@1@@@,pro_unidad=@@@0@@@,pro_precio_compra_bruto=0,pro_margen_actual=0,pro_capacidad=1,pro_funcion_plu=0,pro_flejes=1,pro_iva=1,pro_plu_asociado=0,pro_envase=@@@NO@@@,pro_duracion=0,pro_numero_etiqueta=0 WHERE pro_codigo_plu=@@@20242@@@','',2,'2013-10-30'),(84712,'UPDATE mae_productos SET pro_estado=1 WHERE pro_codigo_plu=20242','',2,'2013-10-30'),(84713,'DELETE FROM mae_impuestos_productos WHERE pro_codigo_plu=@@@20242@@@','',2,'2013-10-30'),(84714,'UPDATE mae_productos SET pro_codigo_barra=@@@7804920000538@@@,pro_tipo=@@@0@@@,pro_nombre_producto=@@@SHAMPOO BALLERINA YOGHURT MIEL FRASCO X 1 LT@@@,pro_nombre_corto=@@@SHAMPOO BALLERIN@@@,med_id=@@@3@@@,emb_id=@@@4@@@,pro_unidades_embalaje=@@@6@@@,dep_id=@@@21 @@@,lin_id=@@@114@@@,mar_id=@@@607@@@,pro_precio_compra_neto=@@@0@@@,pro_precio_compra_bruto=@@@0@@@,pro_precio_venta=@@@1630@@@,pro_margen_actual=@@@0@@@,pro_oferta=@@@NO@@@,pro_fecha_inicio_oferta=@@@2006.09.07@@@,pro_fecha_termino_oferta=@@@2006.09.07@@@,pro_precio_oferta=@@@0@@@,pro_stock_minimo=@@@6@@@,pro_stock_critico=@@@3@@@,pro_activo=@@@1@@@,pro_unidad=@@@0@@@,pro_precio_compra_bruto=0,pro_margen_actual=0,pro_capacidad=1,pro_funcion_plu=0,pro_flejes=1,pro_iva=1,pro_plu_asociado=0,pro_envase=@@@NO@@@,pro_duracion=0,pro_numero_etiqueta=0 WHERE pro_codigo_plu=@@@762161@@@','',2,'2013-10-30'),(84715,'UPDATE mae_productos SET pro_estado=1 WHERE pro_codigo_plu=762161','',2,'2013-10-30'),(84716,'DELETE FROM mae_impuestos_productos WHERE pro_codigo_plu=@@@762161@@@','',2,'2013-10-30'),(84717,'UPDATE mae_productos SET pro_precio_fiscal=pro_precio_venta WHERE pro_codigo_plu=762161','',2,'2013-10-30'),(84718,'UPDATE mae_productos SET pro_precio_fiscal=pro_precio_venta WHERE pro_codigo_plu=762163','',2,'2013-10-30'),(84719,'UPDATE mae_productos SET pro_precio_fiscal=pro_precio_venta WHERE pro_codigo_plu=20242','',2,'2013-10-30'),(84720,'UPDATE mae_productos SET pro_precio_fiscal=pro_precio_venta WHERE pro_codigo_plu=20270','',2,'2013-10-30'),(84721,'INSERT INTO gne_vale_ferreteria (vfe_id,vfe_fecha,vfe_total,vfe_estado,vfe_entregado,usu_nusuario) VALUES (15290,@@@2013.10.30@@@,2600,1,0,@@@M_CASTILLO@@@)','',2,'2013-10-30'),(84722,'INSERT INTO gne_vale_ferreteria_mov (vfe_id,pro_codigo_plu,vfm_cantidad,vfm_unitario,vfm_total,vfm_entregado) VALUES (15290,78017006,8,120,960,@@@NO@@@)','',2,'2013-10-30'),(84723,'INSERT INTO gne_vale_ferreteria_mov (vfe_id,pro_codigo_plu,vfm_cantidad,vfm_unitario,vfm_total,vfm_entregado) VALUES (15290,78017055,1,690,690,@@@NO@@@)','',2,'2013-10-30'),(84724,'INSERT INTO gne_vale_ferreteria_mov (vfe_id,pro_codigo_plu,vfm_cantidad,vfm_unitario,vfm_total,vfm_entregado) VALUES (15290,880004,1,650,650,@@@NO@@@)','',2,'2013-10-30'),(84725,'INSERT INTO gne_vale_ferreteria_mov (vfe_id,pro_codigo_plu,vfm_cantidad,vfm_unitario,vfm_total,vfm_entregado) VALUES (15290,764572,3,100,300,@@@NO@@@)','',2,'2013-10-30'),(84726,'UPDATE mae_productos SET pro_codigo_barra=@@@7791293973227@@@,pro_tipo=@@@0@@@,pro_nombre_producto=@@@ACONDICIONADOR SUAVE COCO Y LECHE 930 ML@@@,pro_nombre_corto=@@@ACONDICIONADOR S@@@,med_id=@@@7@@@,emb_id=@@@6@@@,pro_unidades_embalaje=@@@12@@@,dep_id=@@@21 @@@,lin_id=@@@114@@@,mar_id=@@@124@@@,pro_precio_compra_neto=@@@0@@@,pro_precio_compra_bruto=@@@0@@@,pro_precio_venta=@@@1599@@@,pro_margen_actual=@@@0@@@,pro_oferta=@@@NO@@@,pro_fecha_inicio_oferta=@@@1900.01.01@@@,pro_fecha_termino_oferta=@@@1900.01.01@@@,pro_precio_oferta=@@@0@@@,pro_stock_minimo=@@@5@@@,pro_stock_critico=@@@3@@@,pro_activo=@@@1@@@,pro_unidad=@@@0@@@,pro_precio_compra_bruto=0,pro_margen_actual=0,pro_capacidad=930,pro_funcion_plu=0,pro_flejes=1,pro_iva=1,pro_plu_asociado=0,pro_envase=@@@NO@@@,pro_duracion=0,pro_numero_etiqueta=0 WHERE pro_codigo_plu=@@@20063@@@','',2,'2013-10-30'),(84727,'UPDATE mae_productos SET pro_estado=1 WHERE pro_codigo_plu=20063','',2,'2013-10-30'),(84728,'DELETE FROM mae_impuestos_productos WHERE pro_codigo_plu=@@@20063@@@','',2,'2013-10-30'),(84729,'UPDATE mae_productos SET pro_precio_fiscal=pro_precio_venta WHERE pro_codigo_plu=20063','',2,'2013-10-30'),(84730,'INSERT INTO gne_vale_ferreteria (vfe_id,vfe_fecha,vfe_total,vfe_estado,vfe_entregado,usu_nusuario) VALUES (15291,@@@2013.10.30@@@,300,1,0,@@@M_CASTILLO@@@)','',2,'2013-10-30'),(84731,'INSERT INTO gne_vale_ferreteria_mov (vfe_id,pro_codigo_plu,vfm_cantidad,vfm_unitario,vfm_total,vfm_entregado) VALUES (15291,12000,1,300,300,@@@NO@@@)','',2,'2013-10-30'),(84732,'INSERT INTO gne_vale_ferreteria (vfe_id,vfe_fecha,vfe_total,vfe_estado,vfe_entregado,usu_nusuario) VALUES (15292,@@@2013.10.30@@@,300,1,0,@@@M_CASTILLO@@@)','',2,'2013-10-30'),(84733,'INSERT INTO gne_vale_ferreteria_mov (vfe_id,pro_codigo_plu,vfm_cantidad,vfm_unitario,vfm_total,vfm_entregado) VALUES (15292,10063,1,300,300,@@@NO@@@)','',2,'2013-10-30'),(84734,'INSERT INTO gne_vale_ferreteria (vfe_id,vfe_fecha,vfe_total,vfe_estado,vfe_entregado,usu_nusuario) VALUES (15293,@@@2013.10.30@@@,1080,1,0,@@@M_CASTILLO@@@)','',2,'2013-10-30'),(84735,'INSERT INTO gne_vale_ferreteria_mov (vfe_id,pro_codigo_plu,vfm_cantidad,vfm_unitario,vfm_total,vfm_entregado) VALUES (15293,780722039,1,590,590,@@@NO@@@)','',2,'2013-10-30'),(84736,'INSERT INTO gne_vale_ferreteria_mov (vfe_id,pro_codigo_plu,vfm_cantidad,vfm_unitario,vfm_total,vfm_entregado) VALUES (15293,780722037,1,490,490,@@@NO@@@)','',2,'2013-10-30'),(84737,'INSERT INTO gne_vale_ferreteria (vfe_id,vfe_fecha,vfe_total,vfe_estado,vfe_entregado,usu_nusuario) VALUES (15294,@@@2013.10.30@@@,390,1,0,@@@M_CASTILLO@@@)','',2,'2013-10-30'),(84738,'INSERT INTO gne_vale_ferreteria_mov (vfe_id,pro_codigo_plu,vfm_cantidad,vfm_unitario,vfm_total,vfm_entregado) VALUES (15294,101102,1,390,390,@@@NO@@@)','',2,'2013-10-30'),(84739,'INSERT INTO gne_vale_ferreteria (vfe_id,vfe_fecha,vfe_total,vfe_estado,vfe_entregado,usu_nusuario) VALUES (15295,@@@2013.10.30@@@,490,1,0,@@@M_CASTILLO@@@)','',2,'2013-10-30'),(84740,'INSERT INTO gne_vale_ferreteria_mov (vfe_id,pro_codigo_plu,vfm_cantidad,vfm_unitario,vfm_total,vfm_entregado) VALUES (15295,3003,1,490,490,@@@NO@@@)','',2,'2013-10-30'),(84741,'INSERT INTO gne_vale_ferreteria (vfe_id,vfe_fecha,vfe_total,vfe_estado,vfe_entregado,usu_nusuario) VALUES (15296,@@@2013.10.30@@@,1890,1,0,@@@M_CASTILLO@@@)','',2,'2013-10-30'),(84742,'INSERT INTO gne_vale_ferreteria_mov (vfe_id,pro_codigo_plu,vfm_cantidad,vfm_unitario,vfm_total,vfm_entregado) VALUES (15296,101846,1,1890,1890,@@@NO@@@)','',2,'2013-10-30'),(84743,'UPDATE mae_productos SET pro_codigo_barra=@@@7804920700025@@@,pro_tipo=@@@0@@@,pro_nombre_producto=@@@LAVALOZA DIELLI LIMON 2000 ML.@@@,pro_nombre_corto=@@@LAVALOZA DIELLI@@@,med_id=@@@7@@@,emb_id=@@@4@@@,pro_unidades_embalaje=@@@6@@@,dep_id=@@@2 @@@,lin_id=@@@36@@@,mar_id=@@@481@@@,pro_precio_compra_neto=@@@0@@@,pro_precio_compra_bruto=@@@0@@@,pro_precio_venta=@@@2290@@@,pro_margen_actual=@@@0@@@,pro_oferta=@@@NO@@@,pro_fecha_inicio_oferta=@@@1900.01.01@@@,pro_fecha_termino_oferta=@@@1900.01.01@@@,pro_precio_oferta=@@@0@@@,pro_stock_minimo=@@@6@@@,pro_stock_critico=@@@3@@@,pro_activo=@@@1@@@,pro_unidad=@@@0@@@,pro_precio_compra_bruto=0,pro_margen_actual=0,pro_capacidad=2,pro_funcion_plu=0,pro_flejes=1,pro_iva=1,pro_plu_asociado=0,pro_envase=@@@NO@@@,pro_duracion=0,pro_numero_etiqueta=0 WHERE pro_codigo_plu=@@@14928@@@','',2,'2013-10-30'),(84744,'UPDATE mae_productos SET pro_estado=1 WHERE pro_codigo_plu=14928','',2,'2013-10-30'),(84745,'DELETE FROM mae_impuestos_productos WHERE pro_codigo_plu=@@@14928@@@','',2,'2013-10-30'),(84746,'UPDATE mae_productos SET pro_precio_fiscal=pro_precio_venta WHERE pro_codigo_plu=14928','',2,'2013-10-30'),(84747,'INSERT INTO gne_vale_ferreteria (vfe_id,vfe_fecha,vfe_total,vfe_estado,vfe_entregado,usu_nusuario) VALUES (15297,@@@2013.10.30@@@,300,1,0,@@@M_CASTILLO@@@)','',2,'2013-10-30'),(84748,'INSERT INTO gne_vale_ferreteria_mov (vfe_id,pro_codigo_plu,vfm_cantidad,vfm_unitario,vfm_total,vfm_entregado) VALUES (15297,10063,1,300,300,@@@NO@@@)','',2,'2013-10-30'),(84749,'INSERT INTO gne_vale_ferreteria (vfe_id,vfe_fecha,vfe_total,vfe_estado,vfe_entregado,usu_nusuario) VALUES (15298,@@@2013.10.30@@@,1990,1,0,@@@M_CASTILLO@@@)','',2,'2013-10-30'),(84750,'INSERT INTO gne_vale_ferreteria_mov (vfe_id,pro_codigo_plu,vfm_cantidad,vfm_unitario,vfm_total,vfm_entregado) VALUES (15298,780721913,1,1990,1990,@@@NO@@@)','',2,'2013-10-30'),(84751,'INSERT INTO gne_vale_ferreteria (vfe_id,vfe_fecha,vfe_total,vfe_estado,vfe_entregado,usu_nusuario) VALUES (15299,@@@2013.10.30@@@,300,1,0,@@@M_CASTILLO@@@)','',2,'2013-10-30'),(84752,'INSERT INTO gne_vale_ferreteria_mov (vfe_id,pro_codigo_plu,vfm_cantidad,vfm_unitario,vfm_total,vfm_entregado) VALUES (15299,12000,1,300,300,@@@NO@@@)','',2,'2013-10-30'),(84753,'INSERT INTO gne_vale_ferreteria (vfe_id,vfe_fecha,vfe_total,vfe_estado,vfe_entregado,usu_nusuario) VALUES (15300,@@@2013.10.30@@@,300,1,0,@@@M_CASTILLO@@@)','',2,'2013-10-30'),(84754,'INSERT INTO gne_vale_ferreteria_mov (vfe_id,pro_codigo_plu,vfm_cantidad,vfm_unitario,vfm_total,vfm_entregado) VALUES (15300,78017090,1,300,300,@@@NO@@@)','',2,'2013-10-30'),(84755,'INSERT INTO gne_vale_ferreteria (vfe_id,vfe_fecha,vfe_total,vfe_estado,vfe_entregado,usu_nusuario) VALUES (15301,@@@2013.10.30@@@,750,1,0,@@@M_CASTILLO@@@)','',2,'2013-10-30'),(84756,'INSERT INTO gne_vale_ferreteria_mov (vfe_id,pro_codigo_plu,vfm_cantidad,vfm_unitario,vfm_total,vfm_entregado) VALUES (15301,78017177,1,390,390,@@@NO@@@)','',2,'2013-10-30'),(84757,'INSERT INTO gne_vale_ferreteria_mov (vfe_id,pro_codigo_plu,vfm_cantidad,vfm_unitario,vfm_total,vfm_entregado) VALUES (15301,8022,3,120,360,@@@NO@@@)','',2,'2013-10-30'),(84758,'INSERT INTO gne_vale_ferreteria (vfe_id,vfe_fecha,vfe_total,vfe_estado,vfe_entregado,usu_nusuario) VALUES (15302,@@@2013.10.30@@@,4590,1,0,@@@M_CASTILLO@@@)','',2,'2013-10-30'),(84759,'INSERT INTO gne_vale_ferreteria_mov (vfe_id,pro_codigo_plu,vfm_cantidad,vfm_unitario,vfm_total,vfm_entregado) VALUES (15302,764744,1,4590,4590,@@@NO@@@)','',2,'2013-10-30'),(84760,'INSERT INTO gne_vale_ferreteria (vfe_id,vfe_fecha,vfe_total,vfe_estado,vfe_entregado,usu_nusuario) VALUES (15303,@@@2013.10.30@@@,350,1,0,@@@M_CASTILLO@@@)','',2,'2013-10-30'),(84761,'INSERT INTO gne_vale_ferreteria_mov (vfe_id,pro_codigo_plu,vfm_cantidad,vfm_unitario,vfm_total,vfm_entregado) VALUES (15303,780721185,1,350,350,@@@NO@@@)','',2,'2013-10-30'),(84762,'INSERT INTO gne_vale_ferreteria (vfe_id,vfe_fecha,vfe_total,vfe_estado,vfe_entregado,usu_nusuario) VALUES (15304,@@@2013.10.30@@@,1890,1,0,@@@M_CASTILLO@@@)','',2,'2013-10-30'),(84763,'INSERT INTO gne_vale_ferreteria_mov (vfe_id,pro_codigo_plu,vfm_cantidad,vfm_unitario,vfm_total,vfm_entregado) VALUES (15304,763609,1,1890,1890,@@@NO@@@)','',2,'2013-10-30'),(84764,'INSERT INTO gne_vale_ferreteria (vfe_id,vfe_fecha,vfe_total,vfe_estado,vfe_entregado,usu_nusuario) VALUES (15305,@@@2013.10.30@@@,1890,1,0,@@@M_CASTILLO@@@)','',2,'2013-10-30'),(84765,'INSERT INTO gne_vale_ferreteria_mov (vfe_id,pro_codigo_plu,vfm_cantidad,vfm_unitario,vfm_total,vfm_entregado) VALUES (15305,763609,1,1890,1890,@@@NO@@@)','',2,'2013-10-30'),(84766,'INSERT INTO gne_vale_ferreteria (vfe_id,vfe_fecha,vfe_total,vfe_estado,vfe_entregado,usu_nusuario) VALUES (15306,@@@2013.10.30@@@,1050,1,0,@@@M_CASTILLO@@@)','',2,'2013-10-30'),(84767,'INSERT INTO gne_vale_ferreteria_mov (vfe_id,pro_codigo_plu,vfm_cantidad,vfm_unitario,vfm_total,vfm_entregado) VALUES (15306,780721061,1,1050,1050,@@@NO@@@)','',2,'2013-10-30'),(84768,'INSERT INTO gne_vale_ferreteria (vfe_id,vfe_fecha,vfe_total,vfe_estado,vfe_entregado,usu_nusuario) VALUES (15307,@@@2013.10.30@@@,120,1,0,@@@M_CASTILLO@@@)','',2,'2013-10-30'),(84769,'INSERT INTO gne_vale_ferreteria_mov (vfe_id,pro_codigo_plu,vfm_cantidad,vfm_unitario,vfm_total,vfm_entregado) VALUES (15307,761335,1,120,120,@@@NO@@@)','',2,'2013-10-30'),(84770,'INSERT INTO gne_vale_ferreteria (vfe_id,vfe_fecha,vfe_total,vfe_estado,vfe_entregado,usu_nusuario) VALUES (15308,@@@2013.10.31@@@,3180,1,0,@@@G_DIAZ@@@)','',2,'2013-10-31'),(84771,'INSERT INTO gne_vale_ferreteria_mov (vfe_id,pro_codigo_plu,vfm_cantidad,vfm_unitario,vfm_total,vfm_entregado) VALUES (15308,780721123,2,1590,3180,@@@NO@@@)','',2,'2013-10-31'),(84772,'UPDATE mae_productos SET pro_margen_actual=56.54,pro_precio_venta=850 WHERE pro_codigo_plu=579','',2,'2013-10-31'),(84773,'UPDATE mae_productos SET pro_margen_actual=59.47,pro_precio_venta=850 WHERE pro_codigo_plu=580','',2,'2013-10-31'),(84774,'UPDATE mae_productos SET pro_precio_fiscal=pro_precio_venta WHERE pro_codigo_plu=579','',2,'2013-10-31'),(84775,'UPDATE mae_productos SET pro_precio_fiscal=pro_precio_venta WHERE pro_codigo_plu=580','',2,'2013-10-31'),(84776,'INSERT INTO gne_vale_ferreteria (vfe_id,vfe_fecha,vfe_total,vfe_estado,vfe_entregado,usu_nusuario) VALUES (15309,@@@2013.10.31@@@,2490,1,0,@@@G_DIAZ@@@)','',2,'2013-10-31'),(84777,'INSERT INTO gne_vale_ferreteria_mov (vfe_id,pro_codigo_plu,vfm_cantidad,vfm_unitario,vfm_total,vfm_entregado) VALUES (15309,764878,1,2490,2490,@@@NO@@@)','',2,'2013-10-31'),(84778,'UPDATE mae_productos SET pro_codigo_barra=@@@15044@@@,pro_tipo=@@@0@@@,pro_nombre_producto=@@@PLUMEROS ESPECIAL GDE.@@@,pro_nombre_corto=@@@PLUMEROS ESPECIA@@@,med_id=@@@1@@@,emb_id=@@@4@@@,pro_unidades_embalaje=@@@1@@@,dep_id=@@@2 @@@,lin_id=@@@32@@@,mar_id=@@@95@@@,pro_precio_compra_neto=@@@0@@@,pro_precio_compra_bruto=@@@0@@@,pro_precio_venta=@@@1@@@,pro_margen_actual=@@@0@@@,pro_oferta=@@@NO@@@,pro_fecha_inicio_oferta=@@@1900.01.01@@@,pro_fecha_termino_oferta=@@@1900.01.01@@@,pro_precio_oferta=@@@0@@@,pro_stock_minimo=@@@0@@@,pro_stock_critico=@@@0@@@,pro_activo=@@@0@@@,pro_unidad=@@@0@@@,pro_precio_compra_bruto=0,pro_margen_actual=0,pro_capacidad=1,pro_funcion_plu=0,pro_flejes=1,pro_iva=1,pro_plu_asociado=0,pro_envase=@@@NO@@@,pro_duracion=0,pro_numero_etiqueta=0 WHERE pro_codigo_plu=@@@15044@@@','',2,'2013-10-31'),(84779,'UPDATE mae_productos SET pro_estado=1 WHERE pro_codigo_plu=15044','',2,'2013-10-31'),(84780,'DELETE FROM mae_impuestos_productos WHERE pro_codigo_plu=@@@15044@@@','',2,'2013-10-31'),(84781,'UPDATE mae_productos SET pro_codigo_barra=@@@593@@@,pro_tipo=@@@0@@@,pro_nombre_producto=@@@COLIFLOR X UND@@@,pro_nombre_corto=@@@COLIFLOR@@@,med_id=@@@1@@@,emb_id=@@@6@@@,pro_unidades_embalaje=@@@15@@@,dep_id=@@@18 @@@,lin_id=@@@98@@@,mar_id=@@@2507@@@,pro_precio_compra_neto=@@@0@@@,pro_precio_compra_bruto=@@@590@@@,pro_precio_venta=@@@890@@@,pro_margen_actual=@@@50.85@@@,pro_oferta=@@@NO@@@,pro_fecha_inicio_oferta=@@@2013.09.03@@@,pro_fecha_termino_oferta=@@@2013.09.03@@@,pro_precio_oferta=@@@0@@@,pro_stock_minimo=@@@15@@@,pro_stock_critico=@@@4@@@,pro_activo=@@@1@@@,pro_unidad=@@@0@@@,pro_precio_compra_bruto=590,pro_margen_actual=50.85,pro_capacidad=1,pro_funcion_plu=0,pro_flejes=1,pro_iva=1,pro_plu_asociado=0,pro_envase=@@@NO@@@,pro_duracion=0,pro_numero_etiqueta=0 WHERE pro_codigo_plu=@@@593@@@','',2,'2013-10-31'),(84782,'UPDATE mae_productos SET pro_estado=1 WHERE pro_codigo_plu=593','',2,'2013-10-31'),(84783,'DELETE FROM mae_impuestos_productos WHERE pro_codigo_plu=@@@593@@@','',2,'2013-10-31'),(84784,'UPDATE mae_productos SET pro_codigo_barra=@@@593@@@,pro_tipo=@@@0@@@,pro_nombre_producto=@@@COLIFLOR X UND@@@,pro_nombre_corto=@@@COLIFLOR@@@,med_id=@@@1@@@,emb_id=@@@6@@@,pro_unidades_embalaje=@@@15@@@,dep_id=@@@18 @@@,lin_id=@@@98@@@,mar_id=@@@2507@@@,pro_precio_compra_neto=@@@0@@@,pro_precio_compra_bruto=@@@590@@@,pro_precio_venta=@@@890@@@,pro_margen_actual=@@@50.85@@@,pro_oferta=@@@NO@@@,pro_fecha_inicio_oferta=@@@2013.09.03@@@,pro_fecha_termino_oferta=@@@2013.09.03@@@,pro_precio_oferta=@@@0@@@,pro_stock_minimo=@@@15@@@,pro_stock_critico=@@@4@@@,pro_activo=@@@1@@@,pro_unidad=@@@0@@@,pro_precio_compra_bruto=590,pro_margen_actual=50.85,pro_capacidad=1,pro_funcion_plu=0,pro_flejes=1,pro_iva=1,pro_plu_asociado=0,pro_envase=@@@NO@@@,pro_duracion=0,pro_numero_etiqueta=0 WHERE pro_codigo_plu=@@@593@@@','',2,'2013-10-31'),(84785,'UPDATE mae_productos SET pro_estado=1 WHERE pro_codigo_plu=593','',2,'2013-10-31'),(84786,'DELETE FROM mae_impuestos_productos WHERE pro_codigo_plu=@@@593@@@','',2,'2013-10-31'),(84787,'INSERT INTO gne_vale_ferreteria (vfe_id,vfe_fecha,vfe_total,vfe_estado,vfe_entregado,usu_nusuario) VALUES (15310,@@@2013.10.31@@@,640,1,0,@@@G_DIAZ@@@)','',2,'2013-10-31'),(84788,'INSERT INTO gne_vale_ferreteria_mov (vfe_id,pro_codigo_plu,vfm_cantidad,vfm_unitario,vfm_total,vfm_entregado) VALUES (15310,19865,1,640,640,@@@NO@@@)','',2,'2013-10-31'),(84789,'INSERT INTO gne_vale_ferreteria (vfe_id,vfe_fecha,vfe_total,vfe_estado,vfe_entregado,usu_nusuario) VALUES (15311,@@@2013.10.31@@@,1890,1,0,@@@G_DIAZ@@@)','',2,'2013-10-31'),(84790,'INSERT INTO gne_vale_ferreteria_mov (vfe_id,pro_codigo_plu,vfm_cantidad,vfm_unitario,vfm_total,vfm_entregado) VALUES (15311,101624,1,1890,1890,@@@NO@@@)','',2,'2013-10-31'),(84791,'UPDATE mae_productos SET pro_margen_actual=50.85,pro_precio_venta=890 WHERE pro_codigo_plu=593','',2,'2013-10-31'),(84792,'UPDATE mae_productos SET pro_margen_actual=88900,pro_precio_venta=890 WHERE pro_codigo_plu=616','',2,'2013-10-31'),(84793,'UPDATE mae_productos SET pro_margen_actual=0,pro_precio_venta=650 WHERE pro_codigo_plu=510','',2,'2013-10-31'),(84794,'INSERT INTO com_ventas_grupo (vgr_fecha,vgr_grupo,vgr_cantidad,vgr_total) VALUES (@@@2013.10.30@@@,1,228.275,164107)','',2,'2013-10-31'),(84795,'INSERT INTO com_ventas_grupo (vgr_fecha,vgr_grupo,vgr_cantidad,vgr_total) VALUES (@@@2013.10.30@@@,2,217,138163)','',2,'2013-10-31'),(84796,'INSERT INTO com_ventas_grupo (vgr_fecha,vgr_grupo,vgr_cantidad,vgr_total) VALUES (@@@2013.10.30@@@,3,340,81479)','',2,'2013-10-31'),(84797,'INSERT INTO com_ventas_grupo (vgr_fecha,vgr_grupo,vgr_cantidad,vgr_total) VALUES (@@@2013.10.30@@@,4,136,108599)','',2,'2013-10-31'),(84798,'INSERT INTO com_ventas_grupo (vgr_fecha,vgr_grupo,vgr_cantidad,vgr_total) VALUES (@@@2013.10.30@@@,5,5,13729)','',2,'2013-10-31'),(84799,'INSERT INTO com_ventas_grupo (vgr_fecha,vgr_grupo,vgr_cantidad,vgr_total) VALUES (@@@2013.10.30@@@,6,22,37567)','',2,'2013-10-31'),(84800,'INSERT INTO com_ventas_grupo (vgr_fecha,vgr_grupo,vgr_cantidad,vgr_total) VALUES (@@@2013.10.30@@@,7,83,168226)','',2,'2013-10-31'),(84801,'INSERT INTO com_ventas_grupo (vgr_fecha,vgr_grupo,vgr_cantidad,vgr_total) VALUES (@@@2013.10.30@@@,8,39,18740)','',2,'2013-10-31'),(84802,'INSERT INTO com_ventas_grupo (vgr_fecha,vgr_grupo,vgr_cantidad,vgr_total) VALUES (@@@2013.10.30@@@,9,106.695,183331)','',2,'2013-10-31'),(84803,'INSERT INTO com_ventas_grupo (vgr_fecha,vgr_grupo,vgr_cantidad,vgr_total) VALUES (@@@2013.10.30@@@,10,38.295,147352)','',2,'2013-10-31'),(84804,'INSERT INTO com_ventas_grupo (vgr_fecha,vgr_grupo,vgr_cantidad,vgr_total) VALUES (@@@2013.10.30@@@,11,33.435,91793)','',2,'2013-10-31'),(84805,'INSERT INTO com_ventas_grupo (vgr_fecha,vgr_grupo,vgr_cantidad,vgr_total) VALUES (@@@2013.10.30@@@,12,47.63,91948)','',2,'2013-10-31'),(84806,'INSERT INTO com_ventas_grupo (vgr_fecha,vgr_grupo,vgr_cantidad,vgr_total) VALUES (@@@2013.10.30@@@,13,13.11,42463)','',2,'2013-10-31'),(84807,'INSERT INTO com_ventas_grupo (vgr_fecha,vgr_grupo,vgr_cantidad,vgr_total) VALUES (@@@2013.10.30@@@,14,93.465,87691)','',2,'2013-10-31'),(84808,'INSERT INTO com_ventas_grupo (vgr_fecha,vgr_grupo,vgr_cantidad,vgr_total) VALUES (@@@2013.10.30@@@,18,171.225,98498)','',2,'2013-10-31'),(84809,'INSERT INTO com_ventas_grupo (vgr_fecha,vgr_grupo,vgr_cantidad,vgr_total) VALUES (@@@2013.10.30@@@,20,164.08,78317)','',2,'2013-10-31'),(84810,'INSERT INTO com_ventas_grupo (vgr_fecha,vgr_grupo,vgr_cantidad,vgr_total) VALUES (@@@2013.10.30@@@,21,70,69673)','',2,'2013-10-31'),(84811,'INSERT INTO com_ventas_grupo (vgr_fecha,vgr_grupo,vgr_cantidad,vgr_total) VALUES (@@@2013.10.30@@@,23,11,18910)','',2,'2013-10-31'),(84812,'INSERT INTO com_ventas_grupo (vgr_fecha,vgr_grupo,vgr_cantidad,vgr_total) VALUES (@@@2013.10.30@@@,24,86,26400)','',2,'2013-10-31'),(84813,'INSERT INTO com_ventas_grupo (vgr_fecha,vgr_grupo,vgr_cantidad,vgr_total) VALUES (@@@2013.10.30@@@,25,107,159900)','',2,'2013-10-31'),(84814,'INSERT INTO com_ventas_grupo (vgr_fecha,vgr_grupo,vgr_cantidad,vgr_total) VALUES (@@@2013.10.30@@@,31,10,7536)','',2,'2013-10-31'),(84815,'INSERT INTO com_ventas_grupo (vgr_fecha,vgr_grupo,vgr_cantidad,vgr_total) VALUES (@@@2013.10.30@@@,32,493,173847)','',2,'2013-10-31'),(84816,'INSERT INTO com_ventas_grupo (vgr_fecha,vgr_grupo,vgr_cantidad,vgr_total) VALUES (@@@2013.10.30@@@,33,1,2350)','',2,'2013-10-31'),(84817,'INSERT INTO com_ventas_grupo (vgr_fecha,vgr_grupo,vgr_cantidad,vgr_total) VALUES (@@@2013.10.30@@@,34,3,4650)','',2,'2013-10-31'),(84818,'INSERT INTO com_ventas_grupo (vgr_fecha,vgr_grupo,vgr_cantidad,vgr_total) VALUES (@@@2013.10.30@@@,35,18,25140)','',2,'2013-10-31'),(84819,'INSERT INTO com_ventas_grupo (vgr_fecha,vgr_grupo,vgr_cantidad,vgr_total) VALUES (@@@2013.10.30@@@,36,9,3090)','',2,'2013-10-31'),(84820,'INSERT INTO com_ventas_grupo (vgr_fecha,vgr_grupo,vgr_cantidad,vgr_total) VALUES (@@@2013.10.30@@@,37,1,300)','',2,'2013-10-31'),(84821,'INSERT INTO com_ventas_grupo (vgr_fecha,vgr_grupo,vgr_cantidad,vgr_total) VALUES (@@@2013.10.30@@@,38,2,5380)','',2,'2013-10-31'),(84822,'INSERT INTO com_ventas_grupo (vgr_fecha,vgr_grupo,vgr_cantidad,vgr_total) VALUES (@@@2013.10.30@@@,39,3,4340)','',2,'2013-10-31'),(84823,'INSERT INTO com_ventas_grupo (vgr_fecha,vgr_grupo,vgr_cantidad,vgr_total) VALUES (@@@2013.10.30@@@,40,999,999)','',2,'2013-10-31'),(84824,'INSERT INTO com_ventas_grupo (vgr_fecha,vgr_grupo,vgr_cantidad,vgr_total) VALUES (@@@2013.10.30@@@,42,24.62,22012)','',2,'2013-10-31'),(84825,'INSERT INTO com_ventas_grupo (vgr_fecha,vgr_grupo,vgr_cantidad,vgr_total) VALUES (@@@2013.10.30@@@,44,1,1550)','',2,'2013-10-31'),(84826,'UPDATE mae_datos_empresa SET emp_oferta=@@@NO@@@','',2,'2013-10-31'),(84827,'INSERT INTO gne_vale_ferreteria (vfe_id,vfe_fecha,vfe_total,vfe_estado,vfe_entregado,usu_nusuario) VALUES (15312,@@@2013.10.31@@@,2379,1,0,@@@G_DIAZ@@@)','',2,'2013-10-31'),(84828,'INSERT INTO gne_vale_ferreteria_mov (vfe_id,pro_codigo_plu,vfm_cantidad,vfm_unitario,vfm_total,vfm_entregado) VALUES (15312,7050,2,695,1390,@@@NO@@@)','',2,'2013-10-31'),(84829,'INSERT INTO gne_vale_ferreteria_mov (vfe_id,pro_codigo_plu,vfm_cantidad,vfm_unitario,vfm_total,vfm_entregado) VALUES (15312,880010,1,390,390,@@@NO@@@)','',2,'2013-10-31'),(84830,'INSERT INTO gne_vale_ferreteria_mov (vfe_id,pro_codigo_plu,vfm_cantidad,vfm_unitario,vfm_total,vfm_entregado) VALUES (15312,19916,1,599,599,@@@NO@@@)','',2,'2013-10-31'),(84831,'INSERT INTO gne_vale_ferreteria (vfe_id,vfe_fecha,vfe_total,vfe_estado,vfe_entregado,usu_nusuario) VALUES (15313,@@@2013.10.31@@@,730,1,0,@@@G_DIAZ@@@)','',2,'2013-10-31'),(84832,'INSERT INTO gne_vale_ferreteria_mov (vfe_id,pro_codigo_plu,vfm_cantidad,vfm_unitario,vfm_total,vfm_entregado) VALUES (15313,11378,1,730,730,@@@NO@@@)','',2,'2013-10-31'),(84833,'INSERT INTO gne_vale_ferreteria (vfe_id,vfe_fecha,vfe_total,vfe_estado,vfe_entregado,usu_nusuario) VALUES (15314,@@@2013.10.31@@@,260,1,0,@@@G_DIAZ@@@)','',2,'2013-10-31'),(84834,'INSERT INTO gne_vale_ferreteria_mov (vfe_id,pro_codigo_plu,vfm_cantidad,vfm_unitario,vfm_total,vfm_entregado) VALUES (15314,15948,2,130,260,@@@NO@@@)','',2,'2013-10-31'),(84835,'INSERT INTO gne_vale_ferreteria (vfe_id,vfe_fecha,vfe_total,vfe_estado,vfe_entregado,usu_nusuario) VALUES (15315,@@@2013.10.31@@@,990,1,0,@@@G_DIAZ@@@)','',2,'2013-10-31'),(84836,'INSERT INTO gne_vale_ferreteria_mov (vfe_id,pro_codigo_plu,vfm_cantidad,vfm_unitario,vfm_total,vfm_entregado) VALUES (15315,20912,1,750,750,@@@NO@@@)','',2,'2013-10-31'),(84837,'INSERT INTO gne_vale_ferreteria_mov (vfe_id,pro_codigo_plu,vfm_cantidad,vfm_unitario,vfm_total,vfm_entregado) VALUES (15315,780721266,2,120,240,@@@NO@@@)','',2,'2013-10-31'),(84838,'INSERT INTO gne_vale_ferreteria (vfe_id,vfe_fecha,vfe_total,vfe_estado,vfe_entregado,usu_nusuario) VALUES (15316,@@@2013.10.31@@@,10470,1,0,@@@G_DIAZ@@@)','',2,'2013-10-31'),(84839,'INSERT INTO gne_vale_ferreteria_mov (vfe_id,pro_codigo_plu,vfm_cantidad,vfm_unitario,vfm_total,vfm_entregado) VALUES (15316,780721440,1,3990,3990,@@@NO@@@)','',2,'2013-10-31'),(84840,'INSERT INTO gne_vale_ferreteria_mov (vfe_id,pro_codigo_plu,vfm_cantidad,vfm_unitario,vfm_total,vfm_entregado) VALUES (15316,764970,1,2990,2990,@@@NO@@@)','',2,'2013-10-31'),(84841,'INSERT INTO gne_vale_ferreteria_mov (vfe_id,pro_codigo_plu,vfm_cantidad,vfm_unitario,vfm_total,vfm_entregado) VALUES (15316,764859,1,3490,3490,@@@NO@@@)','',2,'2013-10-31'),(84842,'INSERT INTO gne_vale_ferreteria (vfe_id,vfe_fecha,vfe_total,vfe_estado,vfe_entregado,usu_nusuario) VALUES (15317,@@@2013.10.31@@@,2880,1,0,@@@G_DIAZ@@@)','',2,'2013-10-31'),(84843,'INSERT INTO gne_vale_ferreteria_mov (vfe_id,pro_codigo_plu,vfm_cantidad,vfm_unitario,vfm_total,vfm_entregado) VALUES (15317,101161,1,1390,1390,@@@NO@@@)','',2,'2013-10-31'),(84844,'INSERT INTO gne_vale_ferreteria_mov (vfe_id,pro_codigo_plu,vfm_cantidad,vfm_unitario,vfm_total,vfm_entregado) VALUES (15317,762026,1,1490,1490,@@@NO@@@)','',2,'2013-10-31'),(84845,'INSERT INTO gne_vale_ferreteria (vfe_id,vfe_fecha,vfe_total,vfe_estado,vfe_entregado,usu_nusuario) VALUES (15318,@@@2013.10.31@@@,1990,1,0,@@@G_DIAZ@@@)','',2,'2013-10-31'),(84846,'INSERT INTO gne_vale_ferreteria_mov (vfe_id,pro_codigo_plu,vfm_cantidad,vfm_unitario,vfm_total,vfm_entregado) VALUES (15318,780721919,1,1990,1990,@@@NO@@@)','',2,'2013-10-31'),(84847,'INSERT INTO gne_vale_ferreteria (vfe_id,vfe_fecha,vfe_total,vfe_estado,vfe_entregado,usu_nusuario) VALUES (15319,@@@2013.10.31@@@,940,1,0,@@@G_DIAZ@@@)','',2,'2013-10-31'),(84848,'INSERT INTO gne_vale_ferreteria_mov (vfe_id,pro_codigo_plu,vfm_cantidad,vfm_unitario,vfm_total,vfm_entregado) VALUES (15319,78017198,1,650,650,@@@NO@@@)','',2,'2013-10-31'),(84849,'INSERT INTO gne_vale_ferreteria_mov (vfe_id,pro_codigo_plu,vfm_cantidad,vfm_unitario,vfm_total,vfm_entregado) VALUES (15319,1536,1,290,290,@@@NO@@@)','',2,'2013-10-31'),(84850,'INSERT INTO gne_vale_ferreteria (vfe_id,vfe_fecha,vfe_total,vfe_estado,vfe_entregado,usu_nusuario) VALUES (15320,@@@2013.10.31@@@,790,1,0,@@@G_DIAZ@@@)','',2,'2013-10-31'),(84851,'INSERT INTO gne_vale_ferreteria_mov (vfe_id,pro_codigo_plu,vfm_cantidad,vfm_unitario,vfm_total,vfm_entregado) VALUES (15320,780721486,1,790,790,@@@NO@@@)','',2,'2013-10-31'),(84852,'INSERT INTO gne_vale_ferreteria (vfe_id,vfe_fecha,vfe_total,vfe_estado,vfe_entregado,usu_nusuario) VALUES (15321,@@@2013.10.31@@@,350,1,0,@@@G_DIAZ@@@)','',2,'2013-10-31'),(84853,'INSERT INTO gne_vale_ferreteria_mov (vfe_id,pro_codigo_plu,vfm_cantidad,vfm_unitario,vfm_total,vfm_entregado) VALUES (15321,780721986,1,350,350,@@@NO@@@)','',2,'2013-10-31'),(84854,'INSERT INTO gne_vale_ferreteria (vfe_id,vfe_fecha,vfe_total,vfe_estado,vfe_entregado,usu_nusuario) VALUES (15322,@@@2013.10.31@@@,930,1,0,@@@G_DIAZ@@@)','',2,'2013-10-31'),(84855,'INSERT INTO gne_vale_ferreteria_mov (vfe_id,pro_codigo_plu,vfm_cantidad,vfm_unitario,vfm_total,vfm_entregado) VALUES (15322,11670,1,930,930,@@@NO@@@)','',2,'2013-10-31'),(84856,'INSERT INTO gne_vale_ferreteria (vfe_id,vfe_fecha,vfe_total,vfe_estado,vfe_entregado,usu_nusuario) VALUES (15323,@@@2013.10.31@@@,1050,1,0,@@@G_DIAZ@@@)','',2,'2013-10-31'),(84857,'INSERT INTO gne_vale_ferreteria_mov (vfe_id,pro_codigo_plu,vfm_cantidad,vfm_unitario,vfm_total,vfm_entregado) VALUES (15323,4074,3,350,1050,@@@NO@@@)','',2,'2013-10-31'),(84858,'UPDATE mae_productos SET pro_margen_actual=63.9,pro_precio_venta=890 WHERE pro_codigo_plu=579','',2,'2013-10-31'),(84859,'UPDATE mae_productos SET pro_margen_actual=66.98,pro_precio_venta=890 WHERE pro_codigo_plu=580','',2,'2013-10-31'),(84860,'UPDATE mae_productos SET pro_margen_actual=20.48,pro_precio_venta=200 WHERE pro_codigo_plu=597','',2,'2013-10-31'),(84861,'UPDATE mae_productos SET pro_margen_actual=5.11,pro_precio_venta=350 WHERE pro_codigo_plu=610','',2,'2013-10-31'),(84862,'UPDATE mae_productos SET pro_margen_actual=31.32,pro_precio_venta=499 WHERE pro_codigo_plu=572','',2,'2013-10-31'),(84863,'UPDATE mae_productos SET pro_margen_actual=-0.63,pro_precio_venta=1590 WHERE pro_codigo_plu=562','',2,'2013-10-31'),(84864,'UPDATE mae_productos SET pro_margen_actual=0,pro_precio_venta=999 WHERE pro_codigo_plu=570','',2,'2013-10-31'),(84865,'UPDATE mae_productos SET pro_margen_actual=200,pro_precio_venta=750 WHERE pro_codigo_plu=535','',2,'2013-10-31'),(84866,'UPDATE mae_productos SET pro_margen_actual=89.19,pro_precio_venta=630 WHERE pro_codigo_plu=538','',2,'2013-10-31'),(84867,'UPDATE mae_productos SET pro_margen_actual=62.54,pro_precio_venta=499 WHERE pro_codigo_plu=573','',2,'2013-10-31'),(84868,'UPDATE mae_productos SET pro_margen_actual=106.35,pro_precio_venta=650 WHERE pro_codigo_plu=541','',2,'2013-10-31'),(84869,'UPDATE mae_productos SET pro_margen_actual=89.19,pro_precio_venta=630 WHERE pro_codigo_plu=542','',2,'2013-10-31'),(84870,'UPDATE mae_productos SET pro_margen_actual=5.56,pro_precio_venta=399 WHERE pro_codigo_plu=534','',2,'2013-10-31'),(84871,'UPDATE mae_productos SET pro_margen_actual=0,pro_precio_venta=200 WHERE pro_codigo_plu=510','',2,'2013-10-31'),(84872,'UPDATE mae_productos SET pro_margen_actual=36.61,pro_precio_venta=250 WHERE pro_codigo_plu=515','',2,'2013-10-31'),(84873,'UPDATE mae_productos SET pro_margen_actual=81.4,pro_precio_venta=390 WHERE pro_codigo_plu=608','',2,'2013-10-31'),(84874,'UPDATE mae_productos SET pro_margen_actual=84.55,pro_precio_venta=430 WHERE pro_codigo_plu=607','',2,'2013-10-31'),(84875,'UPDATE mae_productos SET pro_margen_actual=0,pro_precio_venta=899 WHERE pro_codigo_plu=612','',2,'2013-10-31'),(84876,'UPDATE mae_productos SET pro_margen_actual=89800,pro_precio_venta=899 WHERE pro_codigo_plu=616','',2,'2013-10-31'),(84877,'UPDATE mae_productos SET pro_precio_fiscal=pro_precio_venta WHERE pro_codigo_plu=15044','',2,'2013-10-31'),(84878,'UPDATE mae_productos SET pro_precio_fiscal=pro_precio_venta WHERE pro_codigo_plu=510','',2,'2013-10-31'),(84879,'UPDATE mae_productos SET pro_precio_fiscal=pro_precio_venta WHERE pro_codigo_plu=515','',2,'2013-10-31'),(84880,'UPDATE mae_productos SET pro_precio_fiscal=pro_precio_venta WHERE pro_codigo_plu=534','',2,'2013-10-31'),(84881,'UPDATE mae_productos SET pro_precio_fiscal=pro_precio_venta WHERE pro_codigo_plu=535','',2,'2013-10-31'),(84882,'UPDATE mae_productos SET pro_precio_fiscal=pro_precio_venta WHERE pro_codigo_plu=538','',2,'2013-10-31'),(84883,'UPDATE mae_productos SET pro_precio_fiscal=pro_precio_venta WHERE pro_codigo_plu=542','',2,'2013-10-31'),(84884,'UPDATE mae_productos SET pro_precio_fiscal=pro_precio_venta WHERE pro_codigo_plu=562','',2,'2013-10-31'),(84885,'UPDATE mae_productos SET pro_precio_fiscal=pro_precio_venta WHERE pro_codigo_plu=570','',2,'2013-10-31'),(84886,'UPDATE mae_productos SET pro_precio_fiscal=pro_precio_venta WHERE pro_codigo_plu=572','',2,'2013-10-31'),(84887,'UPDATE mae_productos SET pro_precio_fiscal=pro_precio_venta WHERE pro_codigo_plu=573','',2,'2013-10-31'),(84888,'UPDATE mae_productos SET pro_precio_fiscal=pro_precio_venta WHERE pro_codigo_plu=579','',2,'2013-10-31'),(84889,'UPDATE mae_productos SET pro_precio_fiscal=pro_precio_venta WHERE pro_codigo_plu=580','',2,'2013-10-31'),(84890,'UPDATE mae_productos SET pro_precio_fiscal=pro_precio_venta WHERE pro_codigo_plu=597','',2,'2013-10-31'),(84891,'UPDATE mae_productos SET pro_precio_fiscal=pro_precio_venta WHERE pro_codigo_plu=607','',2,'2013-10-31'),(84892,'UPDATE mae_productos SET pro_precio_fiscal=pro_precio_venta WHERE pro_codigo_plu=608','',2,'2013-10-31'),(84893,'UPDATE mae_productos SET pro_precio_fiscal=pro_precio_venta WHERE pro_codigo_plu=612','',2,'2013-10-31'),(84894,'UPDATE mae_productos SET pro_precio_fiscal=pro_precio_venta WHERE pro_codigo_plu=616','',2,'2013-10-31'),(84895,'INSERT INTO gne_vale_ferreteria (vfe_id,vfe_fecha,vfe_total,vfe_estado,vfe_entregado,usu_nusuario) VALUES (15324,@@@2013.10.31@@@,690,1,0,@@@G_DIAZ@@@)','',2,'2013-10-31'),(84896,'INSERT INTO gne_vale_ferreteria_mov (vfe_id,pro_codigo_plu,vfm_cantidad,vfm_unitario,vfm_total,vfm_entregado) VALUES (15324,762000,1,690,690,@@@NO@@@)','',2,'2013-10-31'),(84897,'INSERT INTO gne_vale_ferreteria (vfe_id,vfe_fecha,vfe_total,vfe_estado,vfe_entregado,usu_nusuario) VALUES (15325,@@@2013.10.31@@@,490,1,0,@@@G_DIAZ@@@)','',2,'2013-10-31'),(84898,'INSERT INTO gne_vale_ferreteria_mov (vfe_id,pro_codigo_plu,vfm_cantidad,vfm_unitario,vfm_total,vfm_entregado) VALUES (15325,780721681,1,490,490,@@@NO@@@)','',2,'2013-10-31'),(84899,'INSERT INTO gne_vale_ferreteria (vfe_id,vfe_fecha,vfe_total,vfe_estado,vfe_entregado,usu_nusuario) VALUES (15326,@@@2013.10.31@@@,220,1,0,@@@G_DIAZ@@@)','',2,'2013-10-31'),(84900,'INSERT INTO gne_vale_ferreteria_mov (vfe_id,pro_codigo_plu,vfm_cantidad,vfm_unitario,vfm_total,vfm_entregado) VALUES (15326,1065,1,220,220,@@@NO@@@)','',2,'2013-10-31'),(84901,'INSERT INTO gne_vale_ferreteria (vfe_id,vfe_fecha,vfe_total,vfe_estado,vfe_entregado,usu_nusuario) VALUES (15327,@@@2013.10.31@@@,1390,1,0,@@@G_DIAZ@@@)','',2,'2013-10-31'),(84902,'INSERT INTO gne_vale_ferreteria_mov (vfe_id,pro_codigo_plu,vfm_cantidad,vfm_unitario,vfm_total,vfm_entregado) VALUES (15327,101161,1,1390,1390,@@@NO@@@)','',2,'2013-10-31'),(84903,'UPDATE mae_productos SET pro_codigo_barra=@@@519@@@,pro_tipo=@@@0@@@,pro_nombre_producto=@@@FRUTILLA@@@,pro_nombre_corto=@@@FRUTILLA@@@,med_id=@@@2@@@,emb_id=@@@1@@@,pro_unidades_embalaje=@@@1@@@,dep_id=@@@18 @@@,lin_id=@@@97@@@,mar_id=@@@2507@@@,pro_precio_compra_neto=@@@0@@@,pro_precio_compra_bruto=@@@0@@@,pro_precio_venta=@@@1890@@@,pro_margen_actual=@@@0@@@,pro_oferta=@@@NO@@@,pro_fecha_inicio_oferta=@@@1900.01.01@@@,pro_fecha_termino_oferta=@@@1900.01.01@@@,pro_precio_oferta=@@@0@@@,pro_stock_minimo=@@@1@@@,pro_stock_critico=@@@1@@@,pro_activo=@@@1@@@,pro_unidad=@@@0@@@,pro_precio_compra_bruto=0,pro_margen_actual=0,pro_capacidad=1,pro_funcion_plu=0,pro_flejes=0,pro_iva=1,pro_plu_asociado=0,pro_envase=@@@NO@@@,pro_duracion=0,pro_numero_etiqueta=0 WHERE pro_codigo_plu=@@@519@@@','',2,'2013-10-31'),(84904,'UPDATE mae_productos SET pro_estado=1 WHERE pro_codigo_plu=519','',2,'2013-10-31'),(84905,'DELETE FROM mae_impuestos_productos WHERE pro_codigo_plu=@@@519@@@','',2,'2013-10-31'),(84906,'UPDATE mae_productos SET pro_margen_actual=0,pro_precio_venta=1890 WHERE pro_codigo_plu=519','',2,'2013-10-31'),(84907,'UPDATE mae_productos SET pro_margen_actual=52.37,pro_precio_venta=899 WHERE pro_codigo_plu=593','',2,'2013-10-31'),(84908,'UPDATE mae_productos SET pro_margen_actual=95.2,pro_precio_venta=650 WHERE pro_codigo_plu=538','',2,'2013-10-31'),(84909,'UPDATE mae_productos SET pro_precio_fiscal=pro_precio_venta WHERE pro_codigo_plu=519','',2,'2013-10-31'),(84910,'UPDATE mae_productos SET pro_precio_fiscal=pro_precio_venta WHERE pro_codigo_plu=538','',2,'2013-10-31'),(84911,'UPDATE mae_productos SET pro_precio_fiscal=pro_precio_venta WHERE pro_codigo_plu=593','',2,'2013-10-31'),(84912,'INSERT INTO gne_vale_ferreteria (vfe_id,vfe_fecha,vfe_total,vfe_estado,vfe_entregado,usu_nusuario) VALUES (15328,@@@2013.10.31@@@,2590,1,0,@@@G_DIAZ@@@)','',2,'2013-10-31'),(84913,'INSERT INTO gne_vale_ferreteria_mov (vfe_id,pro_codigo_plu,vfm_cantidad,vfm_unitario,vfm_total,vfm_entregado) VALUES (15328,761995,1,2590,2590,@@@NO@@@)','',2,'2013-10-31'),(84914,'INSERT INTO gne_vale_ferreteria (vfe_id,vfe_fecha,vfe_total,vfe_estado,vfe_entregado,usu_nusuario) VALUES (15329,@@@2013.10.31@@@,1490,1,0,@@@G_DIAZ@@@)','',2,'2013-10-31'),(84915,'INSERT INTO gne_vale_ferreteria_mov (vfe_id,pro_codigo_plu,vfm_cantidad,vfm_unitario,vfm_total,vfm_entregado) VALUES (15329,764564,1,1490,1490,@@@NO@@@)','',2,'2013-10-31'),(84916,'INSERT INTO gne_vale_ferreteria (vfe_id,vfe_fecha,vfe_total,vfe_estado,vfe_entregado,usu_nusuario) VALUES (15330,@@@2013.10.31@@@,1590,1,0,@@@G_DIAZ@@@)','',2,'2013-10-31'),(84917,'INSERT INTO gne_vale_ferreteria_mov (vfe_id,pro_codigo_plu,vfm_cantidad,vfm_unitario,vfm_total,vfm_entregado) VALUES (15330,764693,1,1590,1590,@@@NO@@@)','',2,'2013-10-31'),(84918,'INSERT INTO gne_vale_ferreteria (vfe_id,vfe_fecha,vfe_total,vfe_estado,vfe_entregado,usu_nusuario) VALUES (15331,@@@2013.10.31@@@,590,1,0,@@@G_DIAZ@@@)','',2,'2013-10-31'),(84919,'INSERT INTO gne_vale_ferreteria_mov (vfe_id,pro_codigo_plu,vfm_cantidad,vfm_unitario,vfm_total,vfm_entregado) VALUES (15331,780721716,1,590,590,@@@NO@@@)','',2,'2013-10-31'),(84920,'INSERT INTO gne_vale_ferreteria (vfe_id,vfe_fecha,vfe_total,vfe_estado,vfe_entregado,usu_nusuario) VALUES (15332,@@@2013.10.31@@@,1770,1,0,@@@G_DIAZ@@@)','',2,'2013-10-31'),(84921,'INSERT INTO gne_vale_ferreteria_mov (vfe_id,pro_codigo_plu,vfm_cantidad,vfm_unitario,vfm_total,vfm_entregado) VALUES (15332,780721305,1,490,490,@@@NO@@@)','',2,'2013-10-31'),(84922,'INSERT INTO gne_vale_ferreteria_mov (vfe_id,pro_codigo_plu,vfm_cantidad,vfm_unitario,vfm_total,vfm_entregado) VALUES (15332,3003,2,490,980,@@@NO@@@)','',2,'2013-10-31'),(84923,'INSERT INTO gne_vale_ferreteria_mov (vfe_id,pro_codigo_plu,vfm_cantidad,vfm_unitario,vfm_total,vfm_entregado) VALUES (15332,8021,2,150,300,@@@NO@@@)','',2,'2013-10-31'),(84924,'INSERT INTO gne_vale_ferreteria (vfe_id,vfe_fecha,vfe_total,vfe_estado,vfe_entregado,usu_nusuario) VALUES (15333,@@@2013.10.31@@@,1850,1,0,@@@G_DIAZ@@@)','',2,'2013-10-31'),(84925,'INSERT INTO gne_vale_ferreteria_mov (vfe_id,pro_codigo_plu,vfm_cantidad,vfm_unitario,vfm_total,vfm_entregado) VALUES (15333,20618,1,1690,1690,@@@NO@@@)','',2,'2013-10-31'),(84926,'INSERT INTO gne_vale_ferreteria_mov (vfe_id,pro_codigo_plu,vfm_cantidad,vfm_unitario,vfm_total,vfm_entregado) VALUES (15333,78016966,8,20,160,@@@NO@@@)','',2,'2013-10-31'),(84927,'UPDATE mae_productos SET pro_margen_actual=0,pro_precio_venta=1630 WHERE pro_codigo_plu=20384','',2,'2013-10-31'),(84928,'UPDATE mae_productos SET pro_margen_actual=0,pro_precio_venta=1630 WHERE pro_codigo_plu=20267','',2,'2013-10-31'),(84929,'UPDATE mae_productos SET pro_margen_actual=0,pro_precio_venta=1630 WHERE pro_codigo_plu=20269','',2,'2013-10-31'),(84930,'UPDATE mae_productos SET pro_codigo_barra=@@@7804920012067@@@,pro_tipo=@@@0@@@,pro_nombre_producto=@@@SHAMPOO BALLERINA YOGHURT ARANDANOS 1000ML@@@,pro_nombre_corto=@@@SHAMPOO BALLERIN@@@,med_id=@@@7@@@,emb_id=@@@6@@@,pro_unidades_embalaje=@@@6@@@,dep_id=@@@21 @@@,lin_id=@@@114@@@,mar_id=@@@607@@@,pro_precio_compra_neto=@@@0@@@,pro_precio_compra_bruto=@@@0@@@,pro_precio_venta=@@@1630@@@,pro_margen_actual=@@@0@@@,pro_oferta=@@@NO@@@,pro_fecha_inicio_oferta=@@@2006.09.07@@@,pro_fecha_termino_oferta=@@@2006.09.07@@@,pro_precio_oferta=@@@0@@@,pro_stock_minimo=@@@12@@@,pro_stock_critico=@@@6@@@,pro_activo=@@@1@@@,pro_unidad=@@@0@@@,pro_precio_compra_bruto=0,pro_margen_actual=0,pro_capacidad=1000,pro_funcion_plu=0,pro_flejes=1,pro_iva=1,pro_plu_asociado=0,pro_envase=@@@NO@@@,pro_duracion=0,pro_numero_etiqueta=0 WHERE pro_codigo_plu=@@@101764@@@','',2,'2013-10-31'),(84931,'UPDATE mae_productos SET pro_estado=1 WHERE pro_codigo_plu=101764','',2,'2013-10-31'),(84932,'DELETE FROM mae_impuestos_productos WHERE pro_codigo_plu=@@@101764@@@','',2,'2013-10-31'),(84933,'INSERT INTO gne_vale_ferreteria (vfe_id,vfe_fecha,vfe_total,vfe_estado,vfe_entregado,usu_nusuario) VALUES (15334,@@@2013.10.31@@@,160,1,0,@@@G_DIAZ@@@)','',2,'2013-10-31'),(84934,'INSERT INTO gne_vale_ferreteria_mov (vfe_id,pro_codigo_plu,vfm_cantidad,vfm_unitario,vfm_total,vfm_entregado) VALUES (15334,764834,2,20,40,@@@NO@@@)','',2,'2013-10-31'),(84935,'INSERT INTO gne_vale_ferreteria_mov (vfe_id,pro_codigo_plu,vfm_cantidad,vfm_unitario,vfm_total,vfm_entregado) VALUES (15334,764766,1,120,120,@@@NO@@@)','',2,'2013-10-31'),(84936,'UPDATE mae_productos SET pro_codigo_barra=@@@7804920013705@@@,pro_tipo=@@@0@@@,pro_nombre_producto=@@@SHAMPOO BALLERINA YOGHURT PEPINO@@@,pro_nombre_corto=@@@SHAMPO PEPINO@@@,med_id=@@@7@@@,emb_id=@@@6@@@,pro_unidades_embalaje=@@@6@@@,dep_id=@@@21 @@@,lin_id=@@@114@@@,mar_id=@@@607@@@,pro_precio_compra_neto=@@@0@@@,pro_precio_compra_bruto=@@@0@@@,pro_precio_venta=@@@1630@@@,pro_margen_actual=@@@0@@@,pro_oferta=@@@NO@@@,pro_fecha_inicio_oferta=@@@1900.01.01@@@,pro_fecha_termino_oferta=@@@1900.01.01@@@,pro_precio_oferta=@@@0@@@,pro_stock_minimo=@@@0@@@,pro_stock_critico=@@@0@@@,pro_activo=@@@1@@@,pro_unidad=@@@0@@@,pro_precio_compra_bruto=0,pro_margen_actual=0,pro_capacidad=1000,pro_funcion_plu=0,pro_flejes=1,pro_iva=1,pro_plu_asociado=0,pro_envase=@@@NO@@@,pro_duracion=0,pro_numero_etiqueta=0 WHERE pro_codigo_plu=@@@20233@@@','',2,'2013-10-31'),(84937,'UPDATE mae_productos SET pro_estado=1 WHERE pro_codigo_plu=20233','',2,'2013-10-31'),(84938,'DELETE FROM mae_impuestos_productos WHERE pro_codigo_plu=@@@20233@@@','',2,'2013-10-31'),(84939,'UPDATE mae_productos SET pro_codigo_barra=@@@7804920013408@@@,pro_tipo=@@@0@@@,pro_nombre_producto=@@@ACONDICIONADOR NATURAL 100 ML@@@,pro_nombre_corto=@@@PACK SHAMPOO+BAL@@@,med_id=@@@7@@@,emb_id=@@@6@@@,pro_unidades_embalaje=@@@6@@@,dep_id=@@@21 @@@,lin_id=@@@114@@@,mar_id=@@@607@@@,pro_precio_compra_neto=@@@0@@@,pro_precio_compra_bruto=@@@0@@@,pro_precio_venta=@@@1630@@@,pro_margen_actual=@@@0@@@,pro_oferta=@@@NO@@@,pro_fecha_inicio_oferta=@@@2006.09.07@@@,pro_fecha_termino_oferta=@@@2006.09.07@@@,pro_precio_oferta=@@@0@@@,pro_stock_minimo=@@@12@@@,pro_stock_critico=@@@6@@@,pro_activo=@@@1@@@,pro_unidad=@@@0@@@,pro_precio_compra_bruto=0,pro_margen_actual=0,pro_capacidad=1000,pro_funcion_plu=0,pro_flejes=1,pro_iva=1,pro_plu_asociado=0,pro_envase=@@@NO@@@,pro_duracion=0,pro_numero_etiqueta=0 WHERE pro_codigo_plu=@@@101763@@@','',2,'2013-10-31'),(84940,'UPDATE mae_productos SET pro_estado=1 WHERE pro_codigo_plu=101763','',2,'2013-10-31'),(84941,'DELETE FROM mae_impuestos_productos WHERE pro_codigo_plu=@@@101763@@@','',2,'2013-10-31'),(84942,'UPDATE mae_productos SET pro_margen_actual=0,pro_precio_venta=1630 WHERE pro_codigo_plu=101763','',2,'2013-10-31'),(84943,'UPDATE mae_productos SET pro_margen_actual=0,pro_precio_venta=1630 WHERE pro_codigo_plu=101764','',2,'2013-10-31'),(84944,'UPDATE mae_productos SET pro_margen_actual=0,pro_precio_venta=1630 WHERE pro_codigo_plu=20233','',2,'2013-10-31'),(84945,'UPDATE mae_productos SET pro_margen_actual=0,pro_precio_venta=650 WHERE pro_codigo_plu=564','',2,'2013-10-31'),(84946,'INSERT INTO gne_vale_ferreteria (vfe_id,vfe_fecha,vfe_total,vfe_estado,vfe_entregado,usu_nusuario) VALUES (15335,@@@2013.10.31@@@,1599,1,0,@@@G_DIAZ@@@)','',2,'2013-10-31'),(84947,'INSERT INTO gne_vale_ferreteria_mov (vfe_id,pro_codigo_plu,vfm_cantidad,vfm_unitario,vfm_total,vfm_entregado) VALUES (15335,15668,1,1599,1599,@@@NO@@@)','',2,'2013-10-31'),(84948,'UPDATE mae_productos SET pro_precio_fiscal=pro_precio_venta WHERE pro_codigo_plu=564','',2,'2013-10-31'),(84949,'UPDATE mae_productos SET pro_precio_fiscal=pro_precio_venta WHERE pro_codigo_plu=20267','',2,'2013-10-31'),(84950,'UPDATE mae_productos SET pro_precio_fiscal=pro_precio_venta WHERE pro_codigo_plu=20269','',2,'2013-10-31'),(84951,'UPDATE mae_productos SET pro_precio_fiscal=pro_precio_venta WHERE pro_codigo_plu=20384','',2,'2013-10-31'),(84952,'UPDATE mae_productos SET pro_precio_fiscal=pro_precio_venta WHERE pro_codigo_plu=101764','',2,'2013-10-31'),(84953,'UPDATE mae_productos SET pro_precio_fiscal=pro_precio_venta WHERE pro_codigo_plu=101763','',2,'2013-10-31'),(84954,'UPDATE mae_productos SET pro_precio_fiscal=pro_precio_venta WHERE pro_codigo_plu=20233','',2,'2013-10-31'),(84955,'INSERT INTO gne_vale_ferreteria (vfe_id,vfe_fecha,vfe_total,vfe_estado,vfe_entregado,usu_nusuario) VALUES (15336,@@@2013.10.31@@@,3280,1,0,@@@G_DIAZ@@@)','',2,'2013-10-31'),(84956,'INSERT INTO gne_vale_ferreteria_mov (vfe_id,pro_codigo_plu,vfm_cantidad,vfm_unitario,vfm_total,vfm_entregado) VALUES (15336,764096,1,1290,1290,@@@NO@@@)','',2,'2013-10-31'),(84957,'INSERT INTO gne_vale_ferreteria_mov (vfe_id,pro_codigo_plu,vfm_cantidad,vfm_unitario,vfm_total,vfm_entregado) VALUES (15336,19975,1,1990,1990,@@@NO@@@)','',2,'2013-10-31'),(84958,'INSERT INTO gne_vale_ferreteria (vfe_id,vfe_fecha,vfe_total,vfe_estado,vfe_entregado,usu_nusuario) VALUES (15337,@@@2013.10.31@@@,400,1,0,@@@G_DIAZ@@@)','',2,'2013-10-31'),(84959,'INSERT INTO gne_vale_ferreteria_mov (vfe_id,pro_codigo_plu,vfm_cantidad,vfm_unitario,vfm_total,vfm_entregado) VALUES (15337,78016974,1,180,180,@@@NO@@@)','',2,'2013-10-31'),(84960,'INSERT INTO gne_vale_ferreteria_mov (vfe_id,pro_codigo_plu,vfm_cantidad,vfm_unitario,vfm_total,vfm_entregado) VALUES (15337,21130,1,220,220,@@@NO@@@)','',2,'2013-10-31'),(84961,'INSERT INTO gne_vale_ferreteria (vfe_id,vfe_fecha,vfe_total,vfe_estado,vfe_entregado,usu_nusuario) VALUES (15338,@@@2013.10.31@@@,2340,1,0,@@@G_DIAZ@@@)','',2,'2013-10-31'),(84962,'INSERT INTO gne_vale_ferreteria_mov (vfe_id,pro_codigo_plu,vfm_cantidad,vfm_unitario,vfm_total,vfm_entregado) VALUES (15338,15442,1,450,450,@@@NO@@@)','',2,'2013-10-31'),(84963,'INSERT INTO gne_vale_ferreteria_mov (vfe_id,pro_codigo_plu,vfm_cantidad,vfm_unitario,vfm_total,vfm_entregado) VALUES (15338,102627,1,1890,1890,@@@NO@@@)','',2,'2013-10-31'),(84964,'UPDATE mae_productos SET pro_margen_actual=0,pro_precio_venta=2750 WHERE pro_codigo_plu=762396','',2,'2013-10-31'),(84965,'UPDATE mae_productos SET pro_precio_fiscal=pro_precio_venta WHERE pro_codigo_plu=762396','',2,'2013-10-31'),(84966,'INSERT INTO gne_vale_ferreteria (vfe_id,vfe_fecha,vfe_total,vfe_estado,vfe_entregado,usu_nusuario) VALUES (15339,@@@2013.10.31@@@,520,1,0,@@@admin@@@)','',2,'2013-10-31'),(84967,'INSERT INTO gne_vale_ferreteria_mov (vfe_id,pro_codigo_plu,vfm_cantidad,vfm_unitario,vfm_total,vfm_entregado) VALUES (15339,15948,4,130,520,@@@NO@@@)','',2,'2013-10-31'),(84968,'INSERT INTO gne_vale_ferreteria (vfe_id,vfe_fecha,vfe_total,vfe_estado,vfe_entregado,usu_nusuario) VALUES (15340,@@@2013.10.31@@@,1390,1,0,@@@admin@@@)','',2,'2013-10-31'),(84969,'INSERT INTO gne_vale_ferreteria_mov (vfe_id,pro_codigo_plu,vfm_cantidad,vfm_unitario,vfm_total,vfm_entregado) VALUES (15340,10959,1,1390,1390,@@@NO@@@)','',2,'2013-10-31'),(84970,'INSERT INTO gne_vale_ferreteria (vfe_id,vfe_fecha,vfe_total,vfe_estado,vfe_entregado,usu_nusuario) VALUES (15341,@@@2013.10.31@@@,7100,1,0,@@@admin@@@)','',2,'2013-10-31'),(84971,'INSERT INTO gne_vale_ferreteria_mov (vfe_id,pro_codigo_plu,vfm_cantidad,vfm_unitario,vfm_total,vfm_entregado) VALUES (15341,763696,1,1890,1890,@@@NO@@@)','',2,'2013-10-31'),(84972,'INSERT INTO gne_vale_ferreteria_mov (vfe_id,pro_codigo_plu,vfm_cantidad,vfm_unitario,vfm_total,vfm_entregado) VALUES (15341,20607,1,2520,2520,@@@NO@@@)','',2,'2013-10-31'),(84973,'INSERT INTO gne_vale_ferreteria_mov (vfe_id,pro_codigo_plu,vfm_cantidad,vfm_unitario,vfm_total,vfm_entregado) VALUES (15341,762144,1,2690,2690,@@@NO@@@)','',2,'2013-10-31'),(84974,'INSERT INTO gne_vale_ferreteria (vfe_id,vfe_fecha,vfe_total,vfe_estado,vfe_entregado,usu_nusuario) VALUES (15342,@@@2013.10.31@@@,890,1,0,@@@admin@@@)','',2,'2013-10-31'),(84975,'INSERT INTO gne_vale_ferreteria_mov (vfe_id,pro_codigo_plu,vfm_cantidad,vfm_unitario,vfm_total,vfm_entregado) VALUES (15342,20882,1,890,890,@@@NO@@@)','',2,'2013-10-31'),(84976,'INSERT INTO gne_vale_ferreteria (vfe_id,vfe_fecha,vfe_total,vfe_estado,vfe_entregado,usu_nusuario) VALUES (15343,@@@2013.10.31@@@,400,1,0,@@@admin@@@)','',2,'2013-10-31'),(84977,'INSERT INTO gne_vale_ferreteria_mov (vfe_id,pro_codigo_plu,vfm_cantidad,vfm_unitario,vfm_total,vfm_entregado) VALUES (15343,770001,5,80,400,@@@NO@@@)','',2,'2013-10-31'),(84978,'UPDATE mae_productos SET pro_codigo_barra=@@@7802408000537@@@,pro_tipo=@@@0@@@,pro_nombre_producto=@@@HELADO PALITO MANZANA 60 ML FRUNA@@@,pro_nombre_corto=@@@HELADO PALITO MA@@@,med_id=@@@7@@@,emb_id=@@@6@@@,pro_unidades_embalaje=@@@40@@@,dep_id=@@@20 @@@,lin_id=@@@109@@@,mar_id=@@@2508@@@,pro_precio_compra_neto=@@@0@@@,pro_precio_compra_bruto=@@@1@@@,pro_precio_venta=@@@1@@@,pro_margen_actual=@@@0@@@,pro_oferta=@@@NO@@@,pro_fecha_inicio_oferta=@@@1900.01.01@@@,pro_fecha_termino_oferta=@@@1900.01.01@@@,pro_precio_oferta=@@@0@@@,pro_stock_minimo=@@@33@@@,pro_stock_critico=@@@15@@@,pro_activo=@@@1@@@,pro_unidad=@@@0@@@,pro_precio_compra_bruto=1,pro_margen_actual=0,pro_capacidad=60,pro_funcion_plu=0,pro_flejes=1,pro_iva=1,pro_plu_asociado=0,pro_envase=@@@NO@@@,pro_duracion=0,pro_numero_etiqueta=0 WHERE pro_codigo_plu=@@@13881@@@','',2,'2013-10-31'),(84979,'UPDATE mae_productos SET pro_estado=1 WHERE pro_codigo_plu=13881','',2,'2013-10-31'),(84980,'DELETE FROM mae_impuestos_productos WHERE pro_codigo_plu=@@@13881@@@','',2,'2013-10-31'),(84981,'INSERT INTO gne_vale_ferreteria (vfe_id,vfe_fecha,vfe_total,vfe_estado,vfe_entregado,usu_nusuario) VALUES (15344,@@@2013.10.31@@@,1140,1,0,@@@admin@@@)','',2,'2013-10-31'),(84982,'INSERT INTO gne_vale_ferreteria_mov (vfe_id,pro_codigo_plu,vfm_cantidad,vfm_unitario,vfm_total,vfm_entregado) VALUES (15344,8022,2,120,240,@@@NO@@@)','',2,'2013-10-31'),(84983,'INSERT INTO gne_vale_ferreteria_mov (vfe_id,pro_codigo_plu,vfm_cantidad,vfm_unitario,vfm_total,vfm_entregado) VALUES (15344,780721815,2,450,900,@@@NO@@@)','',2,'2013-10-31'),(84984,'INSERT INTO gne_vale_ferreteria (vfe_id,vfe_fecha,vfe_total,vfe_estado,vfe_entregado,usu_nusuario) VALUES (15345,@@@2013.10.31@@@,400,1,0,@@@admin@@@)','',2,'2013-10-31'),(84985,'INSERT INTO gne_vale_ferreteria_mov (vfe_id,pro_codigo_plu,vfm_cantidad,vfm_unitario,vfm_total,vfm_entregado) VALUES (15345,78017111,4,100,400,@@@NO@@@)','',2,'2013-10-31'),(84986,'INSERT INTO gne_vale_ferreteria (vfe_id,vfe_fecha,vfe_total,vfe_estado,vfe_entregado,usu_nusuario) VALUES (15346,@@@2013.10.31@@@,2100,1,0,@@@admin@@@)','',2,'2013-10-31'),(84987,'INSERT INTO gne_vale_ferreteria_mov (vfe_id,pro_codigo_plu,vfm_cantidad,vfm_unitario,vfm_total,vfm_entregado) VALUES (15346,763944,1,2100,2100,@@@NO@@@)','',2,'2013-10-31'),(84988,'INSERT INTO gne_vale_ferreteria (vfe_id,vfe_fecha,vfe_total,vfe_estado,vfe_entregado,usu_nusuario) VALUES (15347,@@@2013.10.31@@@,990,1,0,@@@admin@@@)','',2,'2013-10-31'),(84989,'INSERT INTO gne_vale_ferreteria_mov (vfe_id,pro_codigo_plu,vfm_cantidad,vfm_unitario,vfm_total,vfm_entregado) VALUES (15347,780721573,1,990,990,@@@NO@@@)','',2,'2013-10-31'),(84990,'UPDATE mae_productos SET pro_precio_compra_bruto=395,pro_margen_actual=(pro_precio_venta-395)/395 * 100,pro_ultima_compra=@@@2013.10.31@@@,pro_ultimo_proveedor=@@@76005373-2@@@ WHERE pro_codigo_plu=12022','',2,'2013-10-31'),(84991,'UPDATE mae_productos SET pro_precio_compra_bruto=395,pro_margen_actual=(pro_precio_venta-395)/395 * 100,pro_ultima_compra=@@@2013.10.31@@@,pro_ultimo_proveedor=@@@76005373-2@@@ WHERE pro_codigo_plu=12021','',2,'2013-10-31'),(84992,'UPDATE mae_productos SET pro_precio_compra_bruto=395,pro_margen_actual=(pro_precio_venta-395)/395 * 100,pro_ultima_compra=@@@2013.10.31@@@,pro_ultimo_proveedor=@@@76005373-2@@@ WHERE pro_codigo_plu=12371','',2,'2013-10-31'),(84993,'UPDATE mae_productos SET pro_precio_compra_bruto=115.33,pro_margen_actual=(pro_precio_venta-115.33)/115.33 * 100,pro_ultima_compra=@@@2013.10.31@@@,pro_ultimo_proveedor=@@@76005373-2@@@ WHERE pro_codigo_plu=12996','',2,'2013-10-31'),(84994,'UPDATE mae_productos SET pro_precio_compra_bruto=82.9,pro_margen_actual=(pro_precio_venta-82.9)/82.9 * 100,pro_ultima_compra=@@@2013.10.31@@@,pro_ultimo_proveedor=@@@76005373-2@@@ WHERE pro_codigo_plu=12930','',2,'2013-10-31'),(84995,'UPDATE mae_productos SET pro_precio_compra_bruto=218.57,pro_margen_actual=(pro_precio_venta-218.57)/218.57 * 100,pro_ultima_compra=@@@2013.10.31@@@,pro_ultimo_proveedor=@@@76005373-2@@@ WHERE pro_codigo_plu=780721238','',2,'2013-10-31'),(84996,'UPDATE mae_productos SET pro_precio_compra_bruto=218.57,pro_margen_actual=(pro_precio_venta-218.57)/218.57 * 100,pro_ultima_compra=@@@2013.10.31@@@,pro_ultimo_proveedor=@@@76005373-2@@@ WHERE pro_codigo_plu=780721309','',2,'2013-10-31'),(84997,'UPDATE mae_productos SET pro_precio_compra_bruto=115.33,pro_margen_actual=(pro_precio_venta-115.33)/115.33 * 100,pro_ultima_compra=@@@2013.10.31@@@,pro_ultimo_proveedor=@@@76005373-2@@@ WHERE pro_codigo_plu=13022','',2,'2013-10-31'),(84998,'UPDATE mae_productos SET pro_precio_compra_bruto=30,pro_margen_actual=(pro_precio_venta-30)/30 * 100,pro_ultima_compra=@@@2013.10.31@@@,pro_ultimo_proveedor=@@@76005373-2@@@ WHERE pro_codigo_plu=78017097','',2,'2013-10-31'),(84999,'UPDATE mae_productos SET pro_precio_venta=290,pro_margen_actual= 32.68 WHERE pro_codigo_plu=780721309','',2,'2013-10-31'),(85000,'UPDATE mae_productos SET pro_precio_venta=290,pro_margen_actual= 32.68 WHERE pro_codigo_plu=780721238','',2,'2013-10-31'),(85001,'UPDATE mae_productos SET pro_precio_venta=540,pro_margen_actual= 36.71 WHERE pro_codigo_plu=12371','',2,'2013-10-31'),(85002,'UPDATE mae_productos SET pro_precio_venta=540,pro_margen_actual= 36.71 WHERE pro_codigo_plu=12022','',2,'2013-10-31'),(85003,'UPDATE mae_productos SET pro_precio_venta=540,pro_margen_actual= 36.71 WHERE pro_codigo_plu=12021','',2,'2013-10-31'),(85004,'UPDATE mae_productos SET pro_precio_fiscal=pro_precio_venta WHERE pro_codigo_plu=780721309','',2,'2013-10-31'),(85005,'UPDATE mae_productos SET pro_precio_fiscal=pro_precio_venta WHERE pro_codigo_plu=780721238','',2,'2013-10-31'),(85006,'UPDATE mae_productos SET pro_precio_fiscal=pro_precio_venta WHERE pro_codigo_plu=12371','',2,'2013-10-31'),(85007,'UPDATE mae_productos SET pro_precio_fiscal=pro_precio_venta WHERE pro_codigo_plu=12022','',2,'2013-10-31'),(85008,'UPDATE mae_productos SET pro_precio_fiscal=pro_precio_venta WHERE pro_codigo_plu=12021','',2,'2013-10-31'),(85009,'UPDATE mae_productos SET pro_precio_fiscal=pro_precio_venta WHERE pro_codigo_plu=13881','',2,'2013-10-31'),(85010,'INSERT INTO gne_vale_ferreteria (vfe_id,vfe_fecha,vfe_total,vfe_estado,vfe_entregado,usu_nusuario) VALUES (15348,@@@2013.10.31@@@,590,1,0,@@@admin@@@)','',2,'2013-10-31'),(85011,'INSERT INTO gne_vale_ferreteria_mov (vfe_id,pro_codigo_plu,vfm_cantidad,vfm_unitario,vfm_total,vfm_entregado) VALUES (15348,4098,1,590,590,@@@NO@@@)','',2,'2013-10-31'),(85012,'INSERT INTO gne_vale_ferreteria (vfe_id,vfe_fecha,vfe_total,vfe_estado,vfe_entregado,usu_nusuario) VALUES (15349,@@@2013.10.31@@@,790,1,0,@@@admin@@@)','',2,'2013-10-31'),(85013,'INSERT INTO gne_vale_ferreteria_mov (vfe_id,pro_codigo_plu,vfm_cantidad,vfm_unitario,vfm_total,vfm_entregado) VALUES (15349,764060,1,790,790,@@@NO@@@)','',2,'2013-10-31'),(85014,'INSERT INTO gne_vale_ferreteria (vfe_id,vfe_fecha,vfe_total,vfe_estado,vfe_entregado,usu_nusuario) VALUES (15350,@@@2013.10.31@@@,3540,1,0,@@@admin@@@)','',2,'2013-10-31'),(85015,'INSERT INTO gne_vale_ferreteria_mov (vfe_id,pro_codigo_plu,vfm_cantidad,vfm_unitario,vfm_total,vfm_entregado) VALUES (15350,764060,1,790,790,@@@NO@@@)','',2,'2013-10-31'),(85016,'INSERT INTO gne_vale_ferreteria_mov (vfe_id,pro_codigo_plu,vfm_cantidad,vfm_unitario,vfm_total,vfm_entregado) VALUES (15350,780722037,2,490,980,@@@NO@@@)','',2,'2013-10-31'),(85017,'INSERT INTO gne_vale_ferreteria_mov (vfe_id,pro_codigo_plu,vfm_cantidad,vfm_unitario,vfm_total,vfm_entregado) VALUES (15350,780722039,3,590,1770,@@@NO@@@)','',2,'2013-10-31'),(85018,'INSERT INTO gne_vale_ferreteria (vfe_id,vfe_fecha,vfe_total,vfe_estado,vfe_entregado,usu_nusuario) VALUES (15351,@@@2013.10.31@@@,170,1,0,@@@admin@@@)','',2,'2013-10-31'),(85019,'INSERT INTO gne_vale_ferreteria_mov (vfe_id,pro_codigo_plu,vfm_cantidad,vfm_unitario,vfm_total,vfm_entregado) VALUES (15351,780721187,1,150,150,@@@NO@@@)','',2,'2013-10-31'),(85020,'INSERT INTO gne_vale_ferreteria_mov (vfe_id,pro_codigo_plu,vfm_cantidad,vfm_unitario,vfm_total,vfm_entregado) VALUES (15351,780721717,1,20,20,@@@NO@@@)','',2,'2013-10-31'),(85021,'INSERT INTO gne_vale_ferreteria (vfe_id,vfe_fecha,vfe_total,vfe_estado,vfe_entregado,usu_nusuario) VALUES (15352,@@@2013.10.31@@@,490,1,0,@@@admin@@@)','',2,'2013-10-31'),(85022,'INSERT INTO gne_vale_ferreteria_mov (vfe_id,pro_codigo_plu,vfm_cantidad,vfm_unitario,vfm_total,vfm_entregado) VALUES (15352,10178,1,490,490,@@@NO@@@)','',2,'2013-10-31'),(85023,'INSERT INTO gne_vale_ferreteria (vfe_id,vfe_fecha,vfe_total,vfe_estado,vfe_entregado,usu_nusuario) VALUES (15353,@@@2013.10.31@@@,590,1,0,@@@admin@@@)','',2,'2013-10-31'),(85024,'INSERT INTO gne_vale_ferreteria_mov (vfe_id,pro_codigo_plu,vfm_cantidad,vfm_unitario,vfm_total,vfm_entregado) VALUES (15353,4098,1,590,590,@@@NO@@@)','',2,'2013-10-31'),(85025,'INSERT INTO gne_vale_ferreteria (vfe_id,vfe_fecha,vfe_total,vfe_estado,vfe_entregado,usu_nusuario) VALUES (15354,@@@2013.10.31@@@,1480,1,0,@@@admin@@@)','',2,'2013-10-31'),(85026,'INSERT INTO gne_vale_ferreteria_mov (vfe_id,pro_codigo_plu,vfm_cantidad,vfm_unitario,vfm_total,vfm_entregado) VALUES (15354,3100,2,450,900,@@@NO@@@)','',2,'2013-10-31'),(85027,'INSERT INTO gne_vale_ferreteria_mov (vfe_id,pro_codigo_plu,vfm_cantidad,vfm_unitario,vfm_total,vfm_entregado) VALUES (15354,3103,2,290,580,@@@NO@@@)','',2,'2013-10-31'),(85028,'INSERT INTO gne_vale_ferreteria (vfe_id,vfe_fecha,vfe_total,vfe_estado,vfe_entregado,usu_nusuario) VALUES (15355,@@@2013.10.31@@@,250,1,0,@@@admin@@@)','',2,'2013-10-31'),(85029,'INSERT INTO gne_vale_ferreteria_mov (vfe_id,pro_codigo_plu,vfm_cantidad,vfm_unitario,vfm_total,vfm_entregado) VALUES (15355,780721186,1,250,250,@@@NO@@@)','',2,'2013-10-31'),(85030,'INSERT INTO gne_vale_ferreteria (vfe_id,vfe_fecha,vfe_total,vfe_estado,vfe_entregado,usu_nusuario) VALUES (15356,@@@2013.10.31@@@,980,1,0,@@@admin@@@)','',2,'2013-10-31'),(85031,'INSERT INTO gne_vale_ferreteria_mov (vfe_id,pro_codigo_plu,vfm_cantidad,vfm_unitario,vfm_total,vfm_entregado) VALUES (15356,923939,2,490,980,@@@NO@@@)','',2,'2013-10-31'),(85032,'INSERT INTO gne_vale_ferreteria (vfe_id,vfe_fecha,vfe_total,vfe_estado,vfe_entregado,usu_nusuario) VALUES (15357,@@@2013.10.31@@@,2980,1,0,@@@admin@@@)','',2,'2013-10-31'),(85033,'INSERT INTO gne_vale_ferreteria_mov (vfe_id,pro_codigo_plu,vfm_cantidad,vfm_unitario,vfm_total,vfm_entregado) VALUES (15357,780722038,2,1490,2980,@@@NO@@@)','',2,'2013-10-31'),(85034,'INSERT INTO gne_vale_ferreteria (vfe_id,vfe_fecha,vfe_total,vfe_estado,vfe_entregado,usu_nusuario) VALUES (15358,@@@2013.10.31@@@,690,1,0,@@@admin@@@)','',2,'2013-10-31'),(85035,'INSERT INTO gne_vale_ferreteria_mov (vfe_id,pro_codigo_plu,vfm_cantidad,vfm_unitario,vfm_total,vfm_entregado) VALUES (15358,780220128,1,690,690,@@@NO@@@)','',2,'2013-10-31'),(85036,'INSERT INTO gne_vale_ferreteria (vfe_id,vfe_fecha,vfe_total,vfe_estado,vfe_entregado,usu_nusuario) VALUES (15359,@@@2013.10.31@@@,1960,1,0,@@@admin@@@)','',2,'2013-10-31'),(85037,'INSERT INTO gne_vale_ferreteria_mov (vfe_id,pro_codigo_plu,vfm_cantidad,vfm_unitario,vfm_total,vfm_entregado) VALUES (15359,764219,1,490,490,@@@NO@@@)','',2,'2013-10-31'),(85038,'INSERT INTO gne_vale_ferreteria_mov (vfe_id,pro_codigo_plu,vfm_cantidad,vfm_unitario,vfm_total,vfm_entregado) VALUES (15359,763844,3,490,1470,@@@NO@@@)','',2,'2013-10-31'),(85039,'INSERT INTO gne_vale_ferreteria (vfe_id,vfe_fecha,vfe_total,vfe_estado,vfe_entregado,usu_nusuario) VALUES (15360,@@@2013.10.31@@@,450,1,0,@@@admin@@@)','',2,'2013-10-31'),(85040,'INSERT INTO gne_vale_ferreteria_mov (vfe_id,pro_codigo_plu,vfm_cantidad,vfm_unitario,vfm_total,vfm_entregado) VALUES (15360,3100,1,450,450,@@@NO@@@)','',2,'2013-10-31'),(85041,'INSERT INTO gne_vale_ferreteria (vfe_id,vfe_fecha,vfe_total,vfe_estado,vfe_entregado,usu_nusuario) VALUES (15361,@@@2013.10.31@@@,2130,1,0,@@@admin@@@)','',2,'2013-10-31'),(85042,'INSERT INTO gne_vale_ferreteria_mov (vfe_id,pro_codigo_plu,vfm_cantidad,vfm_unitario,vfm_total,vfm_entregado) VALUES (15361,765064,2,280,560,@@@NO@@@)','',2,'2013-10-31'),(85043,'INSERT INTO gne_vale_ferreteria_mov (vfe_id,pro_codigo_plu,vfm_cantidad,vfm_unitario,vfm_total,vfm_entregado) VALUES (15361,780722037,2,490,980,@@@NO@@@)','',2,'2013-10-31'),(85044,'INSERT INTO gne_vale_ferreteria_mov (vfe_id,pro_codigo_plu,vfm_cantidad,vfm_unitario,vfm_total,vfm_entregado) VALUES (15361,780722036,1,590,590,@@@NO@@@)','',2,'2013-10-31'),(85045,'INSERT INTO gne_vale_ferreteria (vfe_id,vfe_fecha,vfe_total,vfe_estado,vfe_entregado,usu_nusuario) VALUES (15362,@@@2013.10.31@@@,740,1,0,@@@admin@@@)','',2,'2013-10-31'),(85046,'INSERT INTO gne_vale_ferreteria_mov (vfe_id,pro_codigo_plu,vfm_cantidad,vfm_unitario,vfm_total,vfm_entregado) VALUES (15362,770060,1,250,250,@@@NO@@@)','',2,'2013-10-31'),(85047,'INSERT INTO gne_vale_ferreteria_mov (vfe_id,pro_codigo_plu,vfm_cantidad,vfm_unitario,vfm_total,vfm_entregado) VALUES (15362,770007,1,490,490,@@@NO@@@)','',2,'2013-10-31'),(85048,'INSERT INTO gne_vale_ferreteria (vfe_id,vfe_fecha,vfe_total,vfe_estado,vfe_entregado,usu_nusuario) VALUES (15363,@@@2013.10.31@@@,2290,1,0,@@@admin@@@)','',2,'2013-10-31'),(85049,'INSERT INTO gne_vale_ferreteria_mov (vfe_id,pro_codigo_plu,vfm_cantidad,vfm_unitario,vfm_total,vfm_entregado) VALUES (15363,763695,1,2290,2290,@@@NO@@@)','',2,'2013-10-31'),(85050,'INSERT INTO gne_vale_ferreteria (vfe_id,vfe_fecha,vfe_total,vfe_estado,vfe_entregado,usu_nusuario) VALUES (15364,@@@2013.10.31@@@,3600,1,0,@@@admin@@@)','',2,'2013-10-31'),(85051,'INSERT INTO gne_vale_ferreteria_mov (vfe_id,pro_codigo_plu,vfm_cantidad,vfm_unitario,vfm_total,vfm_entregado) VALUES (15364,4801,120,30,3600,@@@NO@@@)','',2,'2013-10-31'),(85052,'INSERT INTO gne_vale_ferreteria (vfe_id,vfe_fecha,vfe_total,vfe_estado,vfe_entregado,usu_nusuario) VALUES (15365,@@@2013.10.31@@@,3480,1,0,@@@admin@@@)','',2,'2013-10-31'),(85053,'INSERT INTO gne_vale_ferreteria_mov (vfe_id,pro_codigo_plu,vfm_cantidad,vfm_unitario,vfm_total,vfm_entregado) VALUES (15365,780721734,1,1790,1790,@@@NO@@@)','',2,'2013-10-31'),(85054,'INSERT INTO gne_vale_ferreteria_mov (vfe_id,pro_codigo_plu,vfm_cantidad,vfm_unitario,vfm_total,vfm_entregado) VALUES (15365,780721292,1,1690,1690,@@@NO@@@)','',2,'2013-10-31'),(85055,'INSERT INTO gne_vale_ferreteria (vfe_id,vfe_fecha,vfe_total,vfe_estado,vfe_entregado,usu_nusuario) VALUES (15366,@@@2013.10.31@@@,3650,1,0,@@@admin@@@)','',2,'2013-10-31'),(85056,'INSERT INTO gne_vale_ferreteria_mov (vfe_id,pro_codigo_plu,vfm_cantidad,vfm_unitario,vfm_total,vfm_entregado) VALUES (15366,78016973,1,3650,3650,@@@NO@@@)','',2,'2013-10-31'),(85057,'INSERT INTO gne_vale_ferreteria (vfe_id,vfe_fecha,vfe_total,vfe_estado,vfe_entregado,usu_nusuario) VALUES (15367,@@@2013.10.31@@@,490,1,0,@@@admin@@@)','',2,'2013-10-31'),(85058,'INSERT INTO gne_vale_ferreteria_mov (vfe_id,pro_codigo_plu,vfm_cantidad,vfm_unitario,vfm_total,vfm_entregado) VALUES (15367,770066,1,490,490,@@@NO@@@)','',2,'2013-10-31'),(85059,'UPDATE mae_productos SET pro_precio_compra_bruto=499.8,pro_margen_actual=(pro_precio_venta-499.8)/499.8 * 100,pro_ultima_compra=@@@2013.10.31@@@,pro_ultimo_proveedor=@@@82623500-4@@@ WHERE pro_codigo_plu=14229','',2,'2013-10-31'),(85060,'UPDATE mae_productos SET pro_precio_compra_bruto=268.94,pro_margen_actual=(pro_precio_venta-268.94)/268.94 * 100,pro_ultima_compra=@@@2013.10.31@@@,pro_ultimo_proveedor=@@@82623500-4@@@ WHERE pro_codigo_plu=13551','',2,'2013-10-31'),(85061,'UPDATE mae_productos SET pro_precio_compra_bruto=922.25,pro_margen_actual=(pro_precio_venta-922.25)/922.25 * 100,pro_ultima_compra=@@@2013.10.31@@@,pro_ultimo_proveedor=@@@82623500-4@@@ WHERE pro_codigo_plu=78017069','',2,'2013-10-31'),(85062,'UPDATE mae_productos SET pro_precio_compra_bruto=1075.76,pro_margen_actual=(pro_precio_venta-1075.76)/1075.76 * 100,pro_ultima_compra=@@@2013.10.31@@@,pro_ultimo_proveedor=@@@82623500-4@@@ WHERE pro_codigo_plu=763525','',2,'2013-10-31'),(85063,'UPDATE mae_productos SET pro_precio_compra_bruto=1154.3,pro_margen_actual=(pro_precio_venta-1154.3)/1154.3 * 100,pro_ultima_compra=@@@2013.10.31@@@,pro_ultimo_proveedor=@@@82623500-4@@@ WHERE pro_codigo_plu=763530','',2,'2013-10-31'),(85064,'INSERT INTO gne_vale_ferreteria (vfe_id,vfe_fecha,vfe_total,vfe_estado,vfe_entregado,usu_nusuario) VALUES (15368,@@@2013.10.31@@@,150,1,0,@@@admin@@@)','',2,'2013-10-31'),(85065,'INSERT INTO gne_vale_ferreteria_mov (vfe_id,pro_codigo_plu,vfm_cantidad,vfm_unitario,vfm_total,vfm_entregado) VALUES (15368,1542,1,100,100,@@@NO@@@)','',2,'2013-10-31'),(85066,'INSERT INTO gne_vale_ferreteria_mov (vfe_id,pro_codigo_plu,vfm_cantidad,vfm_unitario,vfm_total,vfm_entregado) VALUES (15368,1545,1,50,50,@@@NO@@@)','',2,'2013-10-31'),(85067,'INSERT INTO gne_vale_ferreteria (vfe_id,vfe_fecha,vfe_total,vfe_estado,vfe_entregado,usu_nusuario) VALUES (15369,@@@2013.10.31@@@,160,1,0,@@@admin@@@)','',2,'2013-10-31'),(85068,'INSERT INTO gne_vale_ferreteria_mov (vfe_id,pro_codigo_plu,vfm_cantidad,vfm_unitario,vfm_total,vfm_entregado) VALUES (15369,770001,2,80,160,@@@NO@@@)','',2,'2013-10-31'),(85069,'INSERT INTO gne_vale_ferreteria (vfe_id,vfe_fecha,vfe_total,vfe_estado,vfe_entregado,usu_nusuario) VALUES (15370,@@@2013.10.31@@@,790,1,0,@@@admin@@@)','',2,'2013-10-31'),(85070,'INSERT INTO gne_vale_ferreteria_mov (vfe_id,pro_codigo_plu,vfm_cantidad,vfm_unitario,vfm_total,vfm_entregado) VALUES (15370,101104,1,790,790,@@@NO@@@)','',2,'2013-10-31'),(85071,'INSERT INTO gne_vale_ferreteria (vfe_id,vfe_fecha,vfe_total,vfe_estado,vfe_entregado,usu_nusuario) VALUES (15371,@@@2013.10.31@@@,1850,1,0,@@@admin@@@)','',2,'2013-10-31'),(85072,'INSERT INTO gne_vale_ferreteria_mov (vfe_id,pro_codigo_plu,vfm_cantidad,vfm_unitario,vfm_total,vfm_entregado) VALUES (15371,780721568,1,1590,1590,@@@NO@@@)','',2,'2013-10-31'),(85073,'INSERT INTO gne_vale_ferreteria_mov (vfe_id,pro_codigo_plu,vfm_cantidad,vfm_unitario,vfm_total,vfm_entregado) VALUES (15371,15967,2,130,260,@@@NO@@@)','',2,'2013-10-31'),(85074,'INSERT INTO gne_vale_ferreteria (vfe_id,vfe_fecha,vfe_total,vfe_estado,vfe_entregado,usu_nusuario) VALUES (15372,@@@2013.10.31@@@,500,1,0,@@@admin@@@)','',2,'2013-10-31'),(85075,'INSERT INTO gne_vale_ferreteria_mov (vfe_id,pro_codigo_plu,vfm_cantidad,vfm_unitario,vfm_total,vfm_entregado) VALUES (15372,770060,2,250,500,@@@NO@@@)','',2,'2013-10-31'),(85076,'INSERT INTO gne_vale_ferreteria (vfe_id,vfe_fecha,vfe_total,vfe_estado,vfe_entregado,usu_nusuario) VALUES (15373,@@@2013.10.31@@@,360,1,0,@@@admin@@@)','',2,'2013-10-31'),(85077,'INSERT INTO gne_vale_ferreteria_mov (vfe_id,pro_codigo_plu,vfm_cantidad,vfm_unitario,vfm_total,vfm_entregado) VALUES (15373,764766,3,120,360,@@@NO@@@)','',2,'2013-10-31'),(85078,'INSERT INTO gne_vale_ferreteria (vfe_id,vfe_fecha,vfe_total,vfe_estado,vfe_entregado,usu_nusuario) VALUES (15374,@@@2013.10.31@@@,3030,1,0,@@@admin@@@)','',2,'2013-10-31'),(85079,'INSERT INTO gne_vale_ferreteria_mov (vfe_id,pro_codigo_plu,vfm_cantidad,vfm_unitario,vfm_total,vfm_entregado) VALUES (15374,762251,1,750,750,@@@NO@@@)','',2,'2013-10-31'),(85080,'INSERT INTO gne_vale_ferreteria_mov (vfe_id,pro_codigo_plu,vfm_cantidad,vfm_unitario,vfm_total,vfm_entregado) VALUES (15374,764020,1,790,790,@@@NO@@@)','',2,'2013-10-31'),(85081,'INSERT INTO gne_vale_ferreteria_mov (vfe_id,pro_codigo_plu,vfm_cantidad,vfm_unitario,vfm_total,vfm_entregado) VALUES (15374,90027,1,1490,1490,@@@NO@@@)','',2,'2013-10-31'),(85082,'INSERT INTO gne_vale_ferreteria (vfe_id,vfe_fecha,vfe_total,vfe_estado,vfe_entregado,usu_nusuario) VALUES (15375,@@@2013.10.31@@@,390,1,0,@@@admin@@@)','',2,'2013-10-31'),(85083,'INSERT INTO gne_vale_ferreteria_mov (vfe_id,pro_codigo_plu,vfm_cantidad,vfm_unitario,vfm_total,vfm_entregado) VALUES (15375,780721420,1,390,390,@@@NO@@@)','',2,'2013-10-31'),(85084,'INSERT INTO gne_vale_ferreteria (vfe_id,vfe_fecha,vfe_total,vfe_estado,vfe_entregado,usu_nusuario) VALUES (15376,@@@2013.10.31@@@,590,1,0,@@@admin@@@)','',2,'2013-10-31'),(85085,'INSERT INTO gne_vale_ferreteria_mov (vfe_id,pro_codigo_plu,vfm_cantidad,vfm_unitario,vfm_total,vfm_entregado) VALUES (15376,121012,1,590,590,@@@NO@@@)','',2,'2013-10-31'),(85086,'INSERT INTO gne_vale_ferreteria (vfe_id,vfe_fecha,vfe_total,vfe_estado,vfe_entregado,usu_nusuario) VALUES (15377,@@@2013.10.31@@@,790,1,0,@@@admin@@@)','',2,'2013-10-31'),(85087,'INSERT INTO gne_vale_ferreteria_mov (vfe_id,pro_codigo_plu,vfm_cantidad,vfm_unitario,vfm_total,vfm_entregado) VALUES (15377,763623,1,790,790,@@@NO@@@)','',2,'2013-10-31'),(85088,'INSERT INTO gne_vale_ferreteria (vfe_id,vfe_fecha,vfe_total,vfe_estado,vfe_entregado,usu_nusuario) VALUES (15378,@@@2013.10.31@@@,450,1,0,@@@M_CASTILLO@@@)','',2,'2013-10-31'),(85089,'INSERT INTO gne_vale_ferreteria_mov (vfe_id,pro_codigo_plu,vfm_cantidad,vfm_unitario,vfm_total,vfm_entregado) VALUES (15378,8021,3,150,450,@@@NO@@@)','',2,'2013-10-31'),(85090,'INSERT INTO gne_vale_ferreteria (vfe_id,vfe_fecha,vfe_total,vfe_estado,vfe_entregado,usu_nusuario) VALUES (15379,@@@2013.10.31@@@,250,1,0,@@@M_CASTILLO@@@)','',2,'2013-10-31'),(85091,'INSERT INTO gne_vale_ferreteria_mov (vfe_id,pro_codigo_plu,vfm_cantidad,vfm_unitario,vfm_total,vfm_entregado) VALUES (15379,78017208,1,250,250,@@@NO@@@)','',2,'2013-10-31'),(85092,'INSERT INTO gne_vale_ferreteria (vfe_id,vfe_fecha,vfe_total,vfe_estado,vfe_entregado,usu_nusuario) VALUES (15380,@@@2013.10.31@@@,480,1,0,@@@M_CASTILLO@@@)','',2,'2013-10-31'),(85093,'INSERT INTO gne_vale_ferreteria_mov (vfe_id,pro_codigo_plu,vfm_cantidad,vfm_unitario,vfm_total,vfm_entregado) VALUES (15380,8022,4,120,480,@@@NO@@@)','',2,'2013-10-31'),(85094,'INSERT INTO gne_vale_ferreteria (vfe_id,vfe_fecha,vfe_total,vfe_estado,vfe_entregado,usu_nusuario) VALUES (15381,@@@2013.10.31@@@,170,1,0,@@@M_CASTILLO@@@)','',2,'2013-10-31'),(85095,'INSERT INTO gne_vale_ferreteria_mov (vfe_id,pro_codigo_plu,vfm_cantidad,vfm_unitario,vfm_total,vfm_entregado) VALUES (15381,780721717,1,20,20,@@@NO@@@)','',2,'2013-10-31'),(85096,'INSERT INTO gne_vale_ferreteria_mov (vfe_id,pro_codigo_plu,vfm_cantidad,vfm_unitario,vfm_total,vfm_entregado) VALUES (15381,78017017,1,150,150,@@@NO@@@)','',2,'2013-10-31'),(85097,'INSERT INTO gne_vale_ferreteria (vfe_id,vfe_fecha,vfe_total,vfe_estado,vfe_entregado,usu_nusuario) VALUES (15382,@@@2013.10.31@@@,2040,1,0,@@@M_CASTILLO@@@)','',2,'2013-10-31'),(85098,'INSERT INTO gne_vale_ferreteria_mov (vfe_id,pro_codigo_plu,vfm_cantidad,vfm_unitario,vfm_total,vfm_entregado) VALUES (15382,780721585,1,1790,1790,@@@NO@@@)','',2,'2013-10-31'),(85099,'INSERT INTO gne_vale_ferreteria_mov (vfe_id,pro_codigo_plu,vfm_cantidad,vfm_unitario,vfm_total,vfm_entregado) VALUES (15382,780721820,1,250,250,@@@NO@@@)','',2,'2013-10-31'),(85100,'INSERT INTO gne_vale_ferreteria (vfe_id,vfe_fecha,vfe_total,vfe_estado,vfe_entregado,usu_nusuario) VALUES (15383,@@@2013.10.31@@@,1580,1,0,@@@M_CASTILLO@@@)','',2,'2013-10-31'),(85101,'INSERT INTO gne_vale_ferreteria_mov (vfe_id,pro_codigo_plu,vfm_cantidad,vfm_unitario,vfm_total,vfm_entregado) VALUES (15383,780721472,1,1190,1190,@@@NO@@@)','',2,'2013-10-31'),(85102,'INSERT INTO gne_vale_ferreteria_mov (vfe_id,pro_codigo_plu,vfm_cantidad,vfm_unitario,vfm_total,vfm_entregado) VALUES (15383,1535,1,390,390,@@@NO@@@)','',2,'2013-10-31'),(85103,'UPDATE gpr_pack_virtual SET pav_nombre=@@@PACK LAYS  + MANI X $1990@@@,pav_total_pack=1990,pav_total_descuento=790,pav_desde=@@@2013-09-12@@@,pav_hasta=@@@2013-11-30@@@,pav_tipo=@@@PR@@@,pav_precio=0,pav_lleva=0,pav_paga=0,pav_descuento=0,pav_porcentaje=0,pav_oferta_exclusiva=@@@NO@@@,pav_agotar_stock=@@@SI@@@,pav_stock=250,pav_costo=1574.37,pav_margen=26.4 WHERE pav_id=59','',2,'2013-10-31'),(85104,'DELETE FROM gpr_pack_virtual_mov WHERE pav_id=59','',2,'2013-10-31'),(85105,'DELETE FROM gpr_pack_virtual_horario WHERE pav_id=59','',2,'2013-10-31'),(85106,'INSERT INTO gpr_pack_virtual_mov (pav_id,pro_codigo_plu,pvm_precio,pvm_total,pvm_lleva,pvm_paga,pvm_descuento,pvm_porcentaje,pvm_total_normal,pvm_descuento_linea,pvm_costo,pvm_margen) VALUES (59,102655,1790,1790,1,1,0,0,1790,0,948.43,88.73),(59,13726,990,200,1,0.1999,0.8001,2,990,790,625.94,-68.05)','',2,'2013-10-31'),(85107,'INSERT INTO gpr_pack_virtual_horario (pav_id,pvh_dia,pvh_hora_desde,pvh_hora_hasta) VALUES (59,99,@@@00:00@@@,@@@23:59@@@)','',2,'2013-10-31'),(85108,'INSERT INTO gne_vale_ferreteria (vfe_id,vfe_fecha,vfe_total,vfe_estado,vfe_entregado,usu_nusuario) VALUES (15384,@@@2013.10.31@@@,100,1,0,@@@M_CASTILLO@@@)','',2,'2013-10-31'),(85109,'INSERT INTO gne_vale_ferreteria_mov (vfe_id,pro_codigo_plu,vfm_cantidad,vfm_unitario,vfm_total,vfm_entregado) VALUES (15384,1539,10,10,100,@@@NO@@@)','',2,'2013-10-31'),(85110,'INSERT INTO gne_vale_ferreteria (vfe_id,vfe_fecha,vfe_total,vfe_estado,vfe_entregado,usu_nusuario) VALUES (15385,@@@2013.10.31@@@,2390,1,0,@@@M_CASTILLO@@@)','',2,'2013-10-31'),(85111,'INSERT INTO gne_vale_ferreteria_mov (vfe_id,pro_codigo_plu,vfm_cantidad,vfm_unitario,vfm_total,vfm_entregado) VALUES (15385,780721805,1,2390,2390,@@@NO@@@)','',2,'2013-10-31'),(85112,'INSERT INTO gne_vale_ferreteria (vfe_id,vfe_fecha,vfe_total,vfe_estado,vfe_entregado,usu_nusuario) VALUES (15386,@@@2013.10.31@@@,1080,1,0,@@@M_CASTILLO@@@)','',2,'2013-10-31'),(85113,'INSERT INTO gne_vale_ferreteria_mov (vfe_id,pro_codigo_plu,vfm_cantidad,vfm_unitario,vfm_total,vfm_entregado) VALUES (15386,780722039,1,590,590,@@@NO@@@)','',2,'2013-10-31'),(85114,'INSERT INTO gne_vale_ferreteria_mov (vfe_id,pro_codigo_plu,vfm_cantidad,vfm_unitario,vfm_total,vfm_entregado) VALUES (15386,780722037,1,490,490,@@@NO@@@)','',2,'2013-10-31'),(85115,'INSERT INTO gne_vale_ferreteria (vfe_id,vfe_fecha,vfe_total,vfe_estado,vfe_entregado,usu_nusuario) VALUES (15387,@@@2013.10.31@@@,80,1,0,@@@M_CASTILLO@@@)','',2,'2013-10-31'),(85116,'INSERT INTO gne_vale_ferreteria_mov (vfe_id,pro_codigo_plu,vfm_cantidad,vfm_unitario,vfm_total,vfm_entregado) VALUES (15387,770001,1,80,80,@@@NO@@@)','',2,'2013-10-31'),(85117,'INSERT INTO gne_vale_ferreteria (vfe_id,vfe_fecha,vfe_total,vfe_estado,vfe_entregado,usu_nusuario) VALUES (15388,@@@2013.10.31@@@,1890,1,0,@@@M_CASTILLO@@@)','',2,'2013-10-31'),(85118,'INSERT INTO gne_vale_ferreteria_mov (vfe_id,pro_codigo_plu,vfm_cantidad,vfm_unitario,vfm_total,vfm_entregado) VALUES (15388,780721959,1,1890,1890,@@@NO@@@)','',2,'2013-10-31'),(85119,'INSERT INTO gne_vale_ferreteria (vfe_id,vfe_fecha,vfe_total,vfe_estado,vfe_entregado,usu_nusuario) VALUES (15389,@@@2013.10.31@@@,300,1,0,@@@M_CASTILLO@@@)','',2,'2013-10-31'),(85120,'INSERT INTO gne_vale_ferreteria_mov (vfe_id,pro_codigo_plu,vfm_cantidad,vfm_unitario,vfm_total,vfm_entregado) VALUES (15389,2016,2,150,300,@@@NO@@@)','',2,'2013-10-31'),(85121,'INSERT INTO gne_vale_ferreteria (vfe_id,vfe_fecha,vfe_total,vfe_estado,vfe_entregado,usu_nusuario) VALUES (15390,@@@2013.10.31@@@,600,1,0,@@@M_CASTILLO@@@)','',2,'2013-10-31'),(85122,'INSERT INTO gne_vale_ferreteria_mov (vfe_id,pro_codigo_plu,vfm_cantidad,vfm_unitario,vfm_total,vfm_entregado) VALUES (15390,780721507,1,600,600,@@@NO@@@)','',2,'2013-10-31'),(85123,'INSERT INTO gne_vale_ferreteria (vfe_id,vfe_fecha,vfe_total,vfe_estado,vfe_entregado,usu_nusuario) VALUES (15391,@@@2013.10.31@@@,2690,1,0,@@@M_CASTILLO@@@)','',2,'2013-10-31'),(85124,'INSERT INTO gne_vale_ferreteria_mov (vfe_id,pro_codigo_plu,vfm_cantidad,vfm_unitario,vfm_total,vfm_entregado) VALUES (15391,15346,1,2690,2690,@@@NO@@@)','',2,'2013-10-31'),(85125,'INSERT INTO gne_vale_ferreteria (vfe_id,vfe_fecha,vfe_total,vfe_estado,vfe_entregado,usu_nusuario) VALUES (15392,@@@2013.10.31@@@,10680,1,0,@@@M_CASTILLO@@@)','',2,'2013-10-31'),(85126,'INSERT INTO gne_vale_ferreteria_mov (vfe_id,pro_codigo_plu,vfm_cantidad,vfm_unitario,vfm_total,vfm_entregado) VALUES (15392,764796,1,7990,7990,@@@NO@@@)','',2,'2013-10-31'),(85127,'INSERT INTO gne_vale_ferreteria_mov (vfe_id,pro_codigo_plu,vfm_cantidad,vfm_unitario,vfm_total,vfm_entregado) VALUES (15392,15346,1,2690,2690,@@@NO@@@)','',2,'2013-10-31'),(85128,'INSERT INTO gne_vale_ferreteria (vfe_id,vfe_fecha,vfe_total,vfe_estado,vfe_entregado,usu_nusuario) VALUES (15393,@@@2013.10.31@@@,600,1,0,@@@M_CASTILLO@@@)','',2,'2013-10-31'),(85129,'INSERT INTO gne_vale_ferreteria_mov (vfe_id,pro_codigo_plu,vfm_cantidad,vfm_unitario,vfm_total,vfm_entregado) VALUES (15393,780721426,2,300,600,@@@NO@@@)','',2,'2013-10-31'),(85130,'UPDATE mae_productos SET pro_codigo_barra=@@@262214@@@,pro_tipo=@@@0@@@,pro_nombre_producto=@@@ADORNO ARBOLITO GRANDE@@@,pro_nombre_corto=@@@ADORNO ARBOLITO @@@,med_id=@@@1@@@,emb_id=@@@4@@@,pro_unidades_embalaje=@@@50@@@,dep_id=@@@2 @@@,lin_id=@@@41@@@,mar_id=@@@2330@@@,pro_precio_compra_neto=@@@0@@@,pro_precio_compra_bruto=@@@2000@@@,pro_precio_venta=@@@2990@@@,pro_margen_actual=@@@49.5@@@,pro_oferta=@@@NO@@@,pro_fecha_inicio_oferta=@@@2009.09.08@@@,pro_fecha_termino_oferta=@@@2009.09.08@@@,pro_precio_oferta=@@@0@@@,pro_stock_minimo=@@@50@@@,pro_stock_critico=@@@10@@@,pro_activo=@@@1@@@,pro_unidad=@@@0@@@,pro_precio_compra_bruto=2000,pro_margen_actual=49.5,pro_capacidad=1,pro_funcion_plu=0,pro_flejes=1,pro_iva=1,pro_plu_asociado=0,pro_envase=@@@NO@@@,pro_duracion=0,pro_numero_etiqueta=0 WHERE pro_codigo_plu=@@@262214@@@','',2,'2013-10-31'),(85131,'UPDATE mae_productos SET pro_estado=1 WHERE pro_codigo_plu=262214','',2,'2013-10-31'),(85132,'DELETE FROM mae_impuestos_productos WHERE pro_codigo_plu=@@@262214@@@','',2,'2013-10-31'),(85133,'UPDATE mae_productos SET pro_precio_fiscal=pro_precio_venta WHERE pro_codigo_plu=262214','',2,'2013-10-31'),(85134,'INSERT INTO gne_vale_ferreteria (vfe_id,vfe_fecha,vfe_total,vfe_estado,vfe_entregado,usu_nusuario) VALUES (15394,@@@2013.10.31@@@,2580,1,0,@@@M_CASTILLO@@@)','',2,'2013-10-31'),(85135,'INSERT INTO gne_vale_ferreteria_mov (vfe_id,pro_codigo_plu,vfm_cantidad,vfm_unitario,vfm_total,vfm_entregado) VALUES (15394,780722043,2,1290,2580,@@@NO@@@)','',2,'2013-10-31'),(85136,'INSERT INTO gne_vale_ferreteria (vfe_id,vfe_fecha,vfe_total,vfe_estado,vfe_entregado,usu_nusuario) VALUES (15395,@@@2013.10.31@@@,290,1,0,@@@M_CASTILLO@@@)','',2,'2013-10-31'),(85137,'INSERT INTO gne_vale_ferreteria_mov (vfe_id,pro_codigo_plu,vfm_cantidad,vfm_unitario,vfm_total,vfm_entregado) VALUES (15395,764697,1,290,290,@@@NO@@@)','',2,'2013-10-31'),(85138,'INSERT INTO gne_vale_ferreteria (vfe_id,vfe_fecha,vfe_total,vfe_estado,vfe_entregado,usu_nusuario) VALUES (15396,@@@2013.10.31@@@,3590,1,0,@@@M_CASTILLO@@@)','',2,'2013-10-31'),(85139,'INSERT INTO gne_vale_ferreteria_mov (vfe_id,pro_codigo_plu,vfm_cantidad,vfm_unitario,vfm_total,vfm_entregado) VALUES (15396,780721554,1,3590,3590,@@@NO@@@)','',2,'2013-10-31'),(85140,'INSERT INTO gne_vale_ferreteria (vfe_id,vfe_fecha,vfe_total,vfe_estado,vfe_entregado,usu_nusuario) VALUES (15397,@@@2013.10.31@@@,2990,1,0,@@@M_CASTILLO@@@)','',2,'2013-10-31'),(85141,'INSERT INTO gne_vale_ferreteria_mov (vfe_id,pro_codigo_plu,vfm_cantidad,vfm_unitario,vfm_total,vfm_entregado) VALUES (15397,262214,1,2990,2990,@@@NO@@@)','',2,'2013-10-31'),(85142,'INSERT INTO gne_vale_ferreteria (vfe_id,vfe_fecha,vfe_total,vfe_estado,vfe_entregado,usu_nusuario) VALUES (15398,@@@2013.10.31@@@,190,1,0,@@@M_CASTILLO@@@)','',2,'2013-10-31'),(85143,'INSERT INTO gne_vale_ferreteria_mov (vfe_id,pro_codigo_plu,vfm_cantidad,vfm_unitario,vfm_total,vfm_entregado) VALUES (15398,1537,1,190,190,@@@NO@@@)','',2,'2013-10-31'),(85144,'INSERT INTO gne_vale_ferreteria (vfe_id,vfe_fecha,vfe_total,vfe_estado,vfe_entregado,usu_nusuario) VALUES (15399,@@@2013.10.31@@@,2660,1,0,@@@M_CASTILLO@@@)','',2,'2013-10-31'),(85145,'INSERT INTO gne_vale_ferreteria_mov (vfe_id,pro_codigo_plu,vfm_cantidad,vfm_unitario,vfm_total,vfm_entregado) VALUES (15399,3103,3,290,870,@@@NO@@@)','',2,'2013-10-31'),(85146,'INSERT INTO gne_vale_ferreteria_mov (vfe_id,pro_codigo_plu,vfm_cantidad,vfm_unitario,vfm_total,vfm_entregado) VALUES (15399,3100,2,450,900,@@@NO@@@)','',2,'2013-10-31'),(85147,'INSERT INTO gne_vale_ferreteria_mov (vfe_id,pro_codigo_plu,vfm_cantidad,vfm_unitario,vfm_total,vfm_entregado) VALUES (15399,762114,1,890,890,@@@NO@@@)','',2,'2013-10-31'),(85148,'INSERT INTO gne_vale_ferreteria (vfe_id,vfe_fecha,vfe_total,vfe_estado,vfe_entregado,usu_nusuario) VALUES (15400,@@@2013.10.31@@@,290,1,0,@@@M_CASTILLO@@@)','',2,'2013-10-31'),(85149,'INSERT INTO gne_vale_ferreteria_mov (vfe_id,pro_codigo_plu,vfm_cantidad,vfm_unitario,vfm_total,vfm_entregado) VALUES (15400,1537,1,190,190,@@@NO@@@)','',2,'2013-10-31'),(85150,'INSERT INTO gne_vale_ferreteria_mov (vfe_id,pro_codigo_plu,vfm_cantidad,vfm_unitario,vfm_total,vfm_entregado) VALUES (15400,1539,10,10,100,@@@NO@@@)','',2,'2013-10-31'),(85151,'UPDATE gpr_pack_virtual SET pav_nombre=@@@PACK PIZZA MEDITERRANEA + BEBIDA PEPSI 1,5 X@@@,pav_total_pack=2990,pav_total_descuento=899,pav_desde=@@@2013-07-13@@@,pav_hasta=@@@2013-11-30@@@,pav_tipo=@@@PR@@@,pav_precio=0,pav_lleva=0,pav_paga=0,pav_descuento=0,pav_porcentaje=0,pav_oferta_exclusiva=@@@NO@@@,pav_agotar_stock=@@@SI@@@,pav_stock=100,pav_costo=2354.16,pav_margen=27.01 WHERE pav_id=32','',2,'2013-10-31'),(85152,'DELETE FROM gpr_pack_virtual_mov WHERE pav_id=32','',2,'2013-10-31'),(85153,'DELETE FROM gpr_pack_virtual_horario WHERE pav_id=32','',2,'2013-10-31'),(85154,'INSERT INTO gpr_pack_virtual_mov (pav_id,pro_codigo_plu,pvm_precio,pvm_total,pvm_lleva,pvm_paga,pvm_descuento,pvm_porcentaje,pvm_total_normal,pvm_descuento_linea,pvm_costo,pvm_margen) VALUES (32,17269,899,0,1,0,1,0,899,899,450.16,-100),(32,780721257,2990,2990,1,1,0,1,2990,0,1904,57.04)','',2,'2013-10-31'),(85155,'INSERT INTO gpr_pack_virtual_horario (pav_id,pvh_dia,pvh_hora_desde,pvh_hora_hasta) VALUES (32,99,@@@00:00@@@,@@@23:59@@@)','',2,'2013-10-31'),(85156,'UPDATE gpr_pack_virtual SET pav_nombre=@@@PACK PISCO CAMPANARIO SOUR + MANGO 2 X $ 4599@@@,pav_total_pack=4599,pav_total_descuento=899,pav_desde=@@@2013-05-08@@@,pav_hasta=@@@2013-11-30@@@,pav_tipo=@@@PR@@@,pav_precio=0,pav_lleva=0,pav_paga=0,pav_descuento=0,pav_porcentaje=0,pav_oferta_exclusiva=@@@NO@@@,pav_agotar_stock=@@@SI@@@,pav_stock=50,pav_costo=3620.93,pav_margen=27.01 WHERE pav_id=1','',2,'2013-10-31'),(85157,'DELETE FROM gpr_pack_virtual_mov WHERE pav_id=1','',2,'2013-10-31'),(85158,'DELETE FROM gpr_pack_virtual_horario WHERE pav_id=1','',2,'2013-10-31'),(85159,'INSERT INTO gpr_pack_virtual_mov (pav_id,pro_codigo_plu,pvm_precio,pvm_total,pvm_lleva,pvm_paga,pvm_descuento,pvm_porcentaje,pvm_total_normal,pvm_descuento_linea,pvm_costo,pvm_margen) VALUES (1,17630,2499,2499,1,1,0,0,2499,0,1733.94,44.12),(1,17659,2999,2100,1,0.7,0.3,2,2999,899,1886.99,11.29)','',2,'2013-10-31'),(85160,'INSERT INTO gpr_pack_virtual_horario (pav_id,pvh_dia,pvh_hora_desde,pvh_hora_hasta) VALUES (1,99,@@@00:00@@@,@@@23:59@@@)','',2,'2013-10-31'),(85161,'INSERT INTO gne_vale_ferreteria (vfe_id,vfe_fecha,vfe_total,vfe_estado,vfe_entregado,usu_nusuario) VALUES (15401,@@@2013.10.31@@@,690,1,0,@@@M_CASTILLO@@@)','',2,'2013-10-31'),(85162,'INSERT INTO gne_vale_ferreteria_mov (vfe_id,pro_codigo_plu,vfm_cantidad,vfm_unitario,vfm_total,vfm_entregado) VALUES (15401,764074,1,490,490,@@@NO@@@)','',2,'2013-10-31'),(85163,'INSERT INTO gne_vale_ferreteria_mov (vfe_id,pro_codigo_plu,vfm_cantidad,vfm_unitario,vfm_total,vfm_entregado) VALUES (15401,78017190,2,100,200,@@@NO@@@)','',2,'2013-10-31'),(85164,'INSERT INTO gne_vale_ferreteria (vfe_id,vfe_fecha,vfe_total,vfe_estado,vfe_entregado,usu_nusuario) VALUES (15402,@@@2013.10.31@@@,980,1,0,@@@M_CASTILLO@@@)','',2,'2013-10-31'),(85165,'INSERT INTO gne_vale_ferreteria_mov (vfe_id,pro_codigo_plu,vfm_cantidad,vfm_unitario,vfm_total,vfm_entregado) VALUES (15402,780722037,2,490,980,@@@NO@@@)','',2,'2013-10-31'),(85166,'UPDATE gpr_pack_virtual SET pav_nombre=@@@PACK 2 REDBULL 250ML@@@,pav_total_pack=2755,pav_total_descuento=225,pav_desde=@@@2013-07-01@@@,pav_hasta=@@@2013-11-30@@@,pav_tipo=@@@PA@@@,pav_precio=1490,pav_lleva=2,pav_paga=1.8363634,pav_descuento=0.1636366,pav_porcentaje=115,pav_oferta_exclusiva=@@@NO@@@,pav_agotar_stock=@@@SI@@@,pav_stock=50,pav_costo=2000,pav_margen=37.75 WHERE pav_id=13','',2,'2013-10-31'),(85167,'DELETE FROM gpr_pack_virtual_mov WHERE pav_id=13','',2,'2013-10-31'),(85168,'DELETE FROM gpr_pack_virtual_horario WHERE pav_id=13','',2,'2013-10-31'),(85169,'INSERT INTO gpr_pack_virtual_mov (pav_id,pro_codigo_plu,pvm_precio,pvm_total,pvm_lleva,pvm_paga,pvm_descuento,pvm_porcentaje,pvm_total_normal,pvm_descuento_linea,pvm_costo,pvm_margen) VALUES (13,17146,1490,0,1,1,0,0,1490,112.5,1000,37.75)','',2,'2013-10-31'),(85170,'INSERT INTO gpr_pack_virtual_horario (pav_id,pvh_dia,pvh_hora_desde,pvh_hora_hasta) VALUES (13,99,@@@00:00@@@,@@@23:59@@@)','',2,'2013-10-31'),(85171,'UPDATE gpr_pack_virtual SET pav_nombre=@@@PACK PISCO MISTRAL 35° + COCA COLA 1.5@@@,pav_total_pack=4799,pav_total_descuento=200,pav_desde=@@@2013-07-11@@@,pav_hasta=@@@2013-11-30@@@,pav_tipo=@@@PR@@@,pav_precio=0,pav_lleva=0,pav_paga=0,pav_descuento=0,pav_porcentaje=0,pav_oferta_exclusiva=@@@NO@@@,pav_agotar_stock=@@@SI@@@,pav_stock=80,pav_costo=3883.62,pav_margen=23.57 WHERE pav_id=27','',2,'2013-10-31'),(85172,'DELETE FROM gpr_pack_virtual_mov WHERE pav_id=27','',2,'2013-10-31'),(85173,'DELETE FROM gpr_pack_virtual_horario WHERE pav_id=27','',2,'2013-10-31'),(85174,'INSERT INTO gpr_pack_virtual_mov (pav_id,pro_codigo_plu,pvm_precio,pvm_total,pvm_lleva,pvm_paga,pvm_descuento,pvm_porcentaje,pvm_total_normal,pvm_descuento_linea,pvm_costo,pvm_margen) VALUES (27,17641,3999,3999,1,1,0,0,3999,0,3083.62,29.69),(27,17167,1000,800,1,0.8,0.2,0,1000,200,800,0)','',2,'2013-10-31'),(85175,'INSERT INTO gpr_pack_virtual_horario (pav_id,pvh_dia,pvh_hora_desde,pvh_hora_hasta) VALUES (27,99,@@@00:00@@@,@@@23:59@@@)','',2,'2013-10-31'),(85176,'INSERT INTO gne_vale_ferreteria (vfe_id,vfe_fecha,vfe_total,vfe_estado,vfe_entregado,usu_nusuario) VALUES (15403,@@@2013.10.31@@@,1130,1,0,@@@M_CASTILLO@@@)','',2,'2013-10-31'),(85177,'INSERT INTO gne_vale_ferreteria_mov (vfe_id,pro_codigo_plu,vfm_cantidad,vfm_unitario,vfm_total,vfm_entregado) VALUES (15403,762256,1,750,750,@@@NO@@@)','',2,'2013-10-31'),(85178,'INSERT INTO gne_vale_ferreteria_mov (vfe_id,pro_codigo_plu,vfm_cantidad,vfm_unitario,vfm_total,vfm_entregado) VALUES (15403,1544,3,30,90,@@@NO@@@)','',2,'2013-10-31'),(85179,'INSERT INTO gne_vale_ferreteria_mov (vfe_id,pro_codigo_plu,vfm_cantidad,vfm_unitario,vfm_total,vfm_entregado) VALUES (15403,1559,1,290,290,@@@NO@@@)','',2,'2013-10-31'),(85180,'UPDATE gpr_pack_virtual SET pav_nombre=@@@PACK PIZZA VEGETARIANA + BEBIDA PEPSI 1500CC@@@,pav_total_pack=2990,pav_total_descuento=899,pav_desde=@@@2013-07-15@@@,pav_hasta=@@@2013-11-30@@@,pav_tipo=@@@PR@@@,pav_precio=0,pav_lleva=0,pav_paga=0,pav_descuento=0,pav_porcentaje=0,pav_oferta_exclusiva=@@@NO@@@,pav_agotar_stock=@@@SI@@@,pav_stock=100,pav_costo=2270.86,pav_margen=31.67 WHERE pav_id=33','',2,'2013-10-31'),(85181,'DELETE FROM gpr_pack_virtual_mov WHERE pav_id=33','',2,'2013-10-31'),(85182,'DELETE FROM gpr_pack_virtual_horario WHERE pav_id=33','',2,'2013-10-31'),(85183,'INSERT INTO gpr_pack_virtual_mov (pav_id,pro_codigo_plu,pvm_precio,pvm_total,pvm_lleva,pvm_paga,pvm_descuento,pvm_porcentaje,pvm_total_normal,pvm_descuento_linea,pvm_costo,pvm_margen) VALUES (33,17269,899,0,1,0,1,0,899,899,450.16,-100),(33,780721256,2990,2990,1,1,0,1,2990,0,1820.7,64.22)','',2,'2013-10-31'),(85184,'INSERT INTO gpr_pack_virtual_horario (pav_id,pvh_dia,pvh_hora_desde,pvh_hora_hasta) VALUES (33,99,@@@00:00@@@,@@@23:59@@@)','',2,'2013-10-31'),(85185,'UPDATE gpr_pack_virtual SET pav_nombre=@@@PACK PISCO MISTRAL 35° + COCA ZERO 1,5 LT@@@,pav_total_pack=4799,pav_total_descuento=200,pav_desde=@@@2013-07-15@@@,pav_hasta=@@@2013-11-30@@@,pav_tipo=@@@PR@@@,pav_precio=0,pav_lleva=0,pav_paga=0,pav_descuento=0,pav_porcentaje=0,pav_oferta_exclusiva=@@@NO@@@,pav_agotar_stock=@@@SI@@@,pav_stock=50,pav_costo=3821.34,pav_margen=25.58 WHERE pav_id=35','',2,'2013-10-31'),(85186,'DELETE FROM gpr_pack_virtual_mov WHERE pav_id=35','',2,'2013-10-31'),(85187,'DELETE FROM gpr_pack_virtual_horario WHERE pav_id=35','',2,'2013-10-31'),(85188,'INSERT INTO gpr_pack_virtual_mov (pav_id,pro_codigo_plu,pvm_precio,pvm_total,pvm_lleva,pvm_paga,pvm_descuento,pvm_porcentaje,pvm_total_normal,pvm_descuento_linea,pvm_costo,pvm_margen) VALUES (35,17641,3999,3999,1,1,0,0,3999,0,3083.62,29.69),(35,17414,1000,800,1,0.7999,0.2001,1,1000,200,737.72,8.44)','',2,'2013-10-31'),(85189,'INSERT INTO gpr_pack_virtual_horario (pav_id,pvh_dia,pvh_hora_desde,pvh_hora_hasta) VALUES (35,99,@@@00:00@@@,@@@23:59@@@)','',2,'2013-10-31'),(85190,'UPDATE gpr_pack_virtual SET pav_nombre=@@@PACK PISCO MISTRAL 35° + COCA LIGHT 1,5 LT@@@,pav_total_pack=4799,pav_total_descuento=200,pav_desde=@@@2013-07-15@@@,pav_hasta=@@@2013-11-30@@@,pav_tipo=@@@PR@@@,pav_precio=0,pav_lleva=0,pav_paga=0,pav_descuento=0,pav_porcentaje=0,pav_oferta_exclusiva=@@@NO@@@,pav_agotar_stock=@@@SI@@@,pav_stock=50,pav_costo=3883.62,pav_margen=23.57 WHERE pav_id=36','',2,'2013-10-31'),(85191,'DELETE FROM gpr_pack_virtual_mov WHERE pav_id=36','',2,'2013-10-31'),(85192,'DELETE FROM gpr_pack_virtual_horario WHERE pav_id=36','',2,'2013-10-31'),(85193,'INSERT INTO gpr_pack_virtual_mov (pav_id,pro_codigo_plu,pvm_precio,pvm_total,pvm_lleva,pvm_paga,pvm_descuento,pvm_porcentaje,pvm_total_normal,pvm_descuento_linea,pvm_costo,pvm_margen) VALUES (36,17641,3999,3999,1,1,0,0,3999,0,3083.62,29.69),(36,17166,1000,800,1,0.7999,0.2001,1,1000,200,800,0)','',2,'2013-10-31'),(85194,'INSERT INTO gpr_pack_virtual_horario (pav_id,pvh_dia,pvh_hora_desde,pvh_hora_hasta) VALUES (36,99,@@@00:00@@@,@@@23:59@@@)','',2,'2013-10-31'),(85195,'UPDATE gpr_pack_virtual SET pav_nombre=@@@PACK PISCO MISTRAL 35°+ BEBIDA SPRITE 1.5 LT@@@,pav_total_pack=4799,pav_total_descuento=200,pav_desde=@@@2013-07-15@@@,pav_hasta=@@@2013-11-30@@@,pav_tipo=@@@PR@@@,pav_precio=0,pav_lleva=0,pav_paga=0,pav_descuento=0,pav_porcentaje=0,pav_oferta_exclusiva=@@@NO@@@,pav_agotar_stock=@@@NO@@@,pav_stock=0,pav_costo=3821.38,pav_margen=25.58 WHERE pav_id=37','',2,'2013-10-31'),(85196,'DELETE FROM gpr_pack_virtual_mov WHERE pav_id=37','',2,'2013-10-31'),(85197,'DELETE FROM gpr_pack_virtual_horario WHERE pav_id=37','',2,'2013-10-31'),(85198,'INSERT INTO gpr_pack_virtual_mov (pav_id,pro_codigo_plu,pvm_precio,pvm_total,pvm_lleva,pvm_paga,pvm_descuento,pvm_porcentaje,pvm_total_normal,pvm_descuento_linea,pvm_costo,pvm_margen) VALUES (37,17641,3999,3999,1,1,0,0,3999,0,3083.62,29.69),(37,17319,1000,800,1,0.7999,0.2001,1,1000,200,737.76,8.44)','',2,'2013-10-31'),(85199,'INSERT INTO gpr_pack_virtual_horario (pav_id,pvh_dia,pvh_hora_desde,pvh_hora_hasta) VALUES (37,99,@@@00:00@@@,@@@23:59@@@)','',2,'2013-10-31'),(85200,'UPDATE gpr_pack_virtual SET pav_nombre=@@@PACK PISCO MISTRAL 35° + BEBIDA SPRITE ZERO 1@@@,pav_total_pack=4799,pav_total_descuento=200,pav_desde=@@@2013-07-15@@@,pav_hasta=@@@2013-11-30@@@,pav_tipo=@@@PR@@@,pav_precio=0,pav_lleva=0,pav_paga=0,pav_descuento=0,pav_porcentaje=0,pav_oferta_exclusiva=@@@NO@@@,pav_agotar_stock=@@@SI@@@,pav_stock=50,pav_costo=3821.34,pav_margen=25.58 WHERE pav_id=38','',2,'2013-10-31'),(85201,'DELETE FROM gpr_pack_virtual_mov WHERE pav_id=38','',2,'2013-10-31'),(85202,'DELETE FROM gpr_pack_virtual_horario WHERE pav_id=38','',2,'2013-10-31'),(85203,'INSERT INTO gpr_pack_virtual_mov (pav_id,pro_codigo_plu,pvm_precio,pvm_total,pvm_lleva,pvm_paga,pvm_descuento,pvm_porcentaje,pvm_total_normal,pvm_descuento_linea,pvm_costo,pvm_margen) VALUES (38,17641,3999,3999,1,1,0,0,3999,0,3083.62,29.69),(38,17330,1000,800,1,0.7999,0.2001,1,1000,200,737.72,8.44)','',2,'2013-10-31'),(85204,'INSERT INTO gpr_pack_virtual_horario (pav_id,pvh_dia,pvh_hora_desde,pvh_hora_hasta) VALUES (38,99,@@@00:00@@@,@@@23:59@@@)','',2,'2013-10-31'),(85205,'UPDATE gpr_pack_virtual SET pav_nombre=@@@PACK DETERGENTE OMO 400 GRS 3 X $2100@@@,pav_total_pack=2100,pav_total_descuento=270,pav_desde=@@@2013-07-18@@@,pav_hasta=@@@2013-11-30@@@,pav_tipo=@@@PA@@@,pav_precio=790,pav_lleva=3,pav_paga=2.658,pav_descuento=0.342,pav_porcentaje=1,pav_oferta_exclusiva=@@@NO@@@,pav_agotar_stock=@@@SI@@@,pav_stock=100,pav_costo=0,pav_margen=0 WHERE pav_id=42','',2,'2013-10-31'),(85206,'DELETE FROM gpr_pack_virtual_mov WHERE pav_id=42','',2,'2013-10-31'),(85207,'DELETE FROM gpr_pack_virtual_horario WHERE pav_id=42','',2,'2013-10-31'),(85208,'INSERT INTO gpr_pack_virtual_mov (pav_id,pro_codigo_plu,pvm_precio,pvm_total,pvm_lleva,pvm_paga,pvm_descuento,pvm_porcentaje,pvm_total_normal,pvm_descuento_linea,pvm_costo,pvm_margen) VALUES (42,78017041,790,0,1,1,0,0,790,90,0,0),(42,763540,790,0,1,1,0,0,790,90,0,0),(42,763539,790,0,1,1,0,0,790,90,0,0)','',2,'2013-10-31'),(85209,'INSERT INTO gpr_pack_virtual_horario (pav_id,pvh_dia,pvh_hora_desde,pvh_hora_hasta) VALUES (42,99,@@@00:00@@@,@@@23:59@@@)','',2,'2013-10-31'),(85210,'UPDATE gpr_pack_virtual SET pav_nombre=@@@PACK BEBIDA TAI SABORES PAPAYA, NARANJA, PIÑA@@@,pav_total_pack=1999,pav_total_descuento=401,pav_desde=@@@2013-07-18@@@,pav_hasta=@@@2013-11-30@@@,pav_tipo=@@@PA@@@,pav_precio=400,pav_lleva=6,pav_paga=4.996,pav_descuento=1.004,pav_porcentaje=1,pav_oferta_exclusiva=@@@NO@@@,pav_agotar_stock=@@@SI@@@,pav_stock=100,pav_costo=1722,pav_margen=16.09 WHERE pav_id=43','',2,'2013-10-31'),(85211,'DELETE FROM gpr_pack_virtual_mov WHERE pav_id=43','',2,'2013-10-31'),(85212,'DELETE FROM gpr_pack_virtual_horario WHERE pav_id=43','',2,'2013-10-31'),(85213,'INSERT INTO gpr_pack_virtual_mov (pav_id,pro_codigo_plu,pvm_precio,pvm_total,pvm_lleva,pvm_paga,pvm_descuento,pvm_porcentaje,pvm_total_normal,pvm_descuento_linea,pvm_costo,pvm_margen) VALUES (43,17365,400,0,1,1,0,0,400,66.8333333333333,287,16.09),(43,17189,400,0,1,1,0,0,400,66.8333333333333,287,16.09),(43,17187,400,0,1,1,0,0,400,66.8333333333333,287,16.09)','',2,'2013-10-31'),(85214,'INSERT INTO gpr_pack_virtual_horario (pav_id,pvh_dia,pvh_hora_desde,pvh_hora_hasta) VALUES (43,99,@@@00:00@@@,@@@23:59@@@)','',2,'2013-10-31'),(85215,'UPDATE gpr_pack_virtual SET pav_nombre=@@@PACK PIZZA NAPOLITANA + BEBIDA 1500CC X $2990@@@,pav_total_pack=2990,pav_total_descuento=899,pav_desde=@@@2013-07-23@@@,pav_hasta=@@@2013-11-30@@@,pav_tipo=@@@PR@@@,pav_precio=0,pav_lleva=0,pav_paga=0,pav_descuento=0,pav_porcentaje=0,pav_oferta_exclusiva=@@@NO@@@,pav_agotar_stock=@@@SI@@@,pav_stock=50,pav_costo=2145.91,pav_margen=39.33 WHERE pav_id=44','',2,'2013-10-31'),(85216,'DELETE FROM gpr_pack_virtual_mov WHERE pav_id=44','',2,'2013-10-31'),(85217,'DELETE FROM gpr_pack_virtual_horario WHERE pav_id=44','',2,'2013-10-31'),(85218,'INSERT INTO gpr_pack_virtual_mov (pav_id,pro_codigo_plu,pvm_precio,pvm_total,pvm_lleva,pvm_paga,pvm_descuento,pvm_porcentaje,pvm_total_normal,pvm_descuento_linea,pvm_costo,pvm_margen) VALUES (44,17269,899,0,1,0,1,0,899,899,450.16,-100),(44,780721255,2990,2990,1,1,0,0,2990,0,1695.75,76.32)','',2,'2013-10-31'),(85219,'INSERT INTO gpr_pack_virtual_horario (pav_id,pvh_dia,pvh_hora_desde,pvh_hora_hasta) VALUES (44,99,@@@00:00@@@,@@@23:59@@@)','',2,'2013-10-31'),(85220,'UPDATE gpr_pack_virtual SET pav_nombre=@@@PACK YOGHURT CALAN VAINILLA, FRUTILLA,DAMASCO@@@,pav_total_pack=999,pav_total_descuento=121,pav_desde=@@@2013-07-25@@@,pav_hasta=@@@2013-11-30@@@,pav_tipo=@@@PA@@@,pav_precio=140,pav_lleva=8,pav_paga=7.127,pav_descuento=0.873,pav_porcentaje=1,pav_oferta_exclusiva=@@@NO@@@,pav_agotar_stock=@@@SI@@@,pav_stock=900,pav_costo=804.62,pav_margen=24.16 WHERE pav_id=50','',2,'2013-10-31'),(85221,'DELETE FROM gpr_pack_virtual_mov WHERE pav_id=50','',2,'2013-10-31'),(85222,'DELETE FROM gpr_pack_virtual_horario WHERE pav_id=50','',2,'2013-10-31'),(85223,'INSERT INTO gpr_pack_virtual_mov (pav_id,pro_codigo_plu,pvm_precio,pvm_total,pvm_lleva,pvm_paga,pvm_descuento,pvm_porcentaje,pvm_total_normal,pvm_descuento_linea,pvm_costo,pvm_margen) VALUES (50,16900,140,0,1,1,0,0,140,15.125,99.99,24.16),(50,16901,140,0,1,1,0,0,140,15.125,99.99,24.16),(50,16897,140,0,1,1,0,0,140,15.125,99.99,24.16),(50,16899,140,0,1,1,0,0,140,15.125,102.34,24.16)','',2,'2013-10-31'),(85224,'INSERT INTO gpr_pack_virtual_horario (pav_id,pvh_dia,pvh_hora_desde,pvh_hora_hasta) VALUES (50,99,@@@00:00@@@,@@@23:59@@@)','',2,'2013-10-31'),(85225,'INSERT INTO gne_vale_ferreteria (vfe_id,vfe_fecha,vfe_total,vfe_estado,vfe_entregado,usu_nusuario) VALUES (15404,@@@2013.10.31@@@,2690,1,0,@@@M_CASTILLO@@@)','',2,'2013-10-31'),(85226,'INSERT INTO gne_vale_ferreteria_mov (vfe_id,pro_codigo_plu,vfm_cantidad,vfm_unitario,vfm_total,vfm_entregado) VALUES (15404,780721104,1,1690,1690,@@@NO@@@)','',2,'2013-10-31'),(85227,'INSERT INTO gne_vale_ferreteria_mov (vfe_id,pro_codigo_plu,vfm_cantidad,vfm_unitario,vfm_total,vfm_entregado) VALUES (15404,770000,20,50,1000,@@@NO@@@)','',2,'2013-10-31'),(85228,'UPDATE gpr_pack_virtual SET pav_nombre=@@@PACK 2 CEPILLOS COLGATE + PASTA COLGATE TRIPL@@@,pav_total_pack=1895,pav_total_descuento=445,pav_desde=@@@2013-07-23@@@,pav_hasta=@@@2013-11-30@@@,pav_tipo=@@@PR@@@,pav_precio=0,pav_lleva=0,pav_paga=0,pav_descuento=0,pav_porcentaje=0,pav_oferta_exclusiva=@@@NO@@@,pav_agotar_stock=@@@SI@@@,pav_stock=14,pav_costo=1450,pav_margen=30.69 WHERE pav_id=45','',2,'2013-10-31'),(85229,'DELETE FROM gpr_pack_virtual_mov WHERE pav_id=45','',2,'2013-10-31'),(85230,'DELETE FROM gpr_pack_virtual_horario WHERE pav_id=45','',2,'2013-10-31'),(85231,'INSERT INTO gpr_pack_virtual_mov (pav_id,pro_codigo_plu,pvm_precio,pvm_total,pvm_lleva,pvm_paga,pvm_descuento,pvm_porcentaje,pvm_total_normal,pvm_descuento_linea,pvm_costo,pvm_margen) VALUES (45,100979,1390,1390,1,1,0,0,1390,0,992,40.12),(45,14106,950,505,1,0.5,0.5,60,950,445,458,10.26)','',2,'2013-10-31'),(85232,'INSERT INTO gpr_pack_virtual_horario (pav_id,pvh_dia,pvh_hora_desde,pvh_hora_hasta) VALUES (45,99,@@@00:00@@@,@@@23:59@@@)','',2,'2013-10-31'),(85233,'UPDATE gpr_pack_virtual SET pav_nombre=@@@PACK PISCO MISTRAL 35° + BEBIDA PEPSI 1500CC@@@,pav_total_pack=4599,pav_total_descuento=299,pav_desde=@@@2013-07-23@@@,pav_hasta=@@@2013-11-30@@@,pav_tipo=@@@PR@@@,pav_precio=0,pav_lleva=0,pav_paga=0,pav_descuento=0,pav_porcentaje=0,pav_oferta_exclusiva=@@@NO@@@,pav_agotar_stock=@@@SI@@@,pav_stock=100,pav_costo=3370.16,pav_margen=36.46 WHERE pav_id=46','',2,'2013-10-31'),(85234,'DELETE FROM gpr_pack_virtual_mov WHERE pav_id=46','',2,'2013-10-31'),(85235,'DELETE FROM gpr_pack_virtual_horario WHERE pav_id=46','',2,'2013-10-31'),(85236,'INSERT INTO gpr_pack_virtual_mov (pav_id,pro_codigo_plu,pvm_precio,pvm_total,pvm_lleva,pvm_paga,pvm_descuento,pvm_porcentaje,pvm_total_normal,pvm_descuento_linea,pvm_costo,pvm_margen) VALUES (46,17641,3999,3999,1,1,0,0,3999,0,2920,36.95),(46,17269,899,600,1,0.667,0.333,0,899,299,450.16,33.29)','',2,'2013-10-31'),(85237,'INSERT INTO gpr_pack_virtual_horario (pav_id,pvh_dia,pvh_hora_desde,pvh_hora_hasta) VALUES (46,99,@@@00:00@@@,@@@23:59@@@)','',2,'2013-10-31'),(85238,'UPDATE gpr_pack_virtual SET pav_nombre=@@@PACK 5 croqueta spollo X $ 999@@@,pav_total_pack=999,pav_total_descuento=201,pav_desde=@@@2013-07-26@@@,pav_hasta=@@@2013-12-31@@@,pav_tipo=@@@PA@@@,pav_precio=240,pav_lleva=5,pav_paga=4.1,pav_descuento=0.9,pav_porcentaje=17,pav_oferta_exclusiva=@@@NO@@@,pav_agotar_stock=@@@SI@@@,pav_stock=300,pav_costo=666.4,pav_margen=49.91 WHERE pav_id=52','',2,'2013-10-31'),(85239,'DELETE FROM gpr_pack_virtual_mov WHERE pav_id=52','',2,'2013-10-31'),(85240,'DELETE FROM gpr_pack_virtual_horario WHERE pav_id=52','',2,'2013-10-31'),(85241,'INSERT INTO gpr_pack_virtual_mov (pav_id,pro_codigo_plu,pvm_precio,pvm_total,pvm_lleva,pvm_paga,pvm_descuento,pvm_porcentaje,pvm_total_normal,pvm_descuento_linea,pvm_costo,pvm_margen) VALUES (52,19733,240,0,1,1,0,0,240,40.2,133.28,49.91)','',2,'2013-10-31'),(85242,'INSERT INTO gpr_pack_virtual_horario (pav_id,pvh_dia,pvh_hora_desde,pvh_hora_hasta) VALUES (52,99,@@@00:00@@@,@@@23:59@@@)','',2,'2013-10-31'),(85243,'INSERT INTO gne_vale_ferreteria (vfe_id,vfe_fecha,vfe_total,vfe_estado,vfe_entregado,usu_nusuario) VALUES (15405,@@@2013.10.31@@@,3410,1,0,@@@M_CASTILLO@@@)','',2,'2013-10-31'),(85244,'INSERT INTO gne_vale_ferreteria_mov (vfe_id,pro_codigo_plu,vfm_cantidad,vfm_unitario,vfm_total,vfm_entregado) VALUES (15405,780721104,1,1690,1690,@@@NO@@@)','',2,'2013-10-31'),(85245,'INSERT INTO gne_vale_ferreteria_mov (vfe_id,pro_codigo_plu,vfm_cantidad,vfm_unitario,vfm_total,vfm_entregado) VALUES (15405,770000,20,50,1000,@@@NO@@@)','',2,'2013-10-31'),(85246,'INSERT INTO gne_vale_ferreteria_mov (vfe_id,pro_codigo_plu,vfm_cantidad,vfm_unitario,vfm_total,vfm_entregado) VALUES (15405,10720,1,720,720,@@@NO@@@)','',2,'2013-10-31'),(85247,'UPDATE gpr_pack_virtual SET pav_nombre=@@@PACK PISCO BAUZA 35° + PEPSI 1,5 LT,@@@,pav_total_pack=3999,pav_total_descuento=699,pav_desde=@@@2013-08-08@@@,pav_hasta=@@@2013-11-30@@@,pav_tipo=@@@PR@@@,pav_precio=0,pav_lleva=0,pav_paga=0,pav_descuento=0,pav_porcentaje=0,pav_oferta_exclusiva=@@@NO@@@,pav_agotar_stock=@@@SI@@@,pav_stock=30,pav_costo=3087.64,pav_margen=29.52 WHERE pav_id=56','',2,'2013-10-31'),(85248,'DELETE FROM gpr_pack_virtual_mov WHERE pav_id=56','',2,'2013-10-31'),(85249,'DELETE FROM gpr_pack_virtual_horario WHERE pav_id=56','',2,'2013-10-31'),(85250,'INSERT INTO gpr_pack_virtual_mov (pav_id,pro_codigo_plu,pvm_precio,pvm_total,pvm_lleva,pvm_paga,pvm_descuento,pvm_porcentaje,pvm_total_normal,pvm_descuento_linea,pvm_costo,pvm_margen) VALUES (56,763536,3799,3799,1,1,0,0,3799,0,2637.48,44.04),(56,17269,899,200,1,0.2225,0.7775,0,899,699,450.16,-55.57)','',2,'2013-10-31'),(85251,'INSERT INTO gpr_pack_virtual_horario (pav_id,pvh_dia,pvh_hora_desde,pvh_hora_hasta) VALUES (56,99,@@@00:00@@@,@@@23:59@@@)','',2,'2013-10-31'),(85252,'UPDATE gpr_pack_virtual SET pav_nombre=@@@PACK CARBON UNICO 2,5 KL. 2 X $2290@@@,pav_total_pack=2290,pav_total_descuento=290,pav_desde=@@@2013-09-16@@@,pav_hasta=@@@2013-11-30@@@,pav_tipo=@@@PR@@@,pav_precio=0,pav_lleva=0,pav_paga=0,pav_descuento=0,pav_porcentaje=0,pav_oferta_exclusiva=@@@NO@@@,pav_agotar_stock=@@@NO@@@,pav_stock=0,pav_costo=0,pav_margen=0 WHERE pav_id=60','',2,'2013-10-31'),(85253,'DELETE FROM gpr_pack_virtual_mov WHERE pav_id=60','',2,'2013-10-31'),(85254,'DELETE FROM gpr_pack_virtual_horario WHERE pav_id=60','',2,'2013-10-31'),(85255,'INSERT INTO gpr_pack_virtual_mov (pav_id,pro_codigo_plu,pvm_precio,pvm_total,pvm_lleva,pvm_paga,pvm_descuento,pvm_porcentaje,pvm_total_normal,pvm_descuento_linea,pvm_costo,pvm_margen) VALUES (60,765099,1290,2290,2,1.7,0.3,325,2580,290,0,0)','',2,'2013-10-31'),(85256,'INSERT INTO gpr_pack_virtual_horario (pav_id,pvh_dia,pvh_hora_desde,pvh_hora_hasta) VALUES (60,99,@@@00:00@@@,@@@23:59@@@)','',2,'2013-10-31'),(85257,'UPDATE gpr_pack_virtual SET pav_nombre=@@@PACK YOGHURT LOS ALERCES 8 X $990@@@,pav_total_pack=990,pav_total_descuento=90,pav_desde=@@@2013-09-20@@@,pav_hasta=@@@2013-11-30@@@,pav_tipo=@@@PA@@@,pav_precio=135,pav_lleva=8,pav_paga=7.325,pav_descuento=0.675,pav_porcentaje=1,pav_oferta_exclusiva=@@@NO@@@,pav_agotar_stock=@@@SI@@@,pav_stock=100,pav_costo=765.082,pav_margen=29.4 WHERE pav_id=62','',2,'2013-10-31'),(85258,'DELETE FROM gpr_pack_virtual_mov WHERE pav_id=62','',2,'2013-10-31'),(85259,'DELETE FROM gpr_pack_virtual_horario WHERE pav_id=62','',2,'2013-10-31');
insert  into `sys_comunicacion_caja`(`coc_id`,`coc_sql`,`coc_cajas`,`coc_prioridad`,`coc_fecha`) values (85260,'INSERT INTO gpr_pack_virtual_mov (pav_id,pro_codigo_plu,pvm_precio,pvm_total,pvm_lleva,pvm_paga,pvm_descuento,pvm_porcentaje,pvm_total_normal,pvm_descuento_linea,pvm_costo,pvm_margen) VALUES (62,16818,135,0,1,1,0,0,135,11.25,93.832,29.4),(62,16819,135,0,1,1,0,0,135,11.25,93.832,29.4),(62,16817,135,0,1,1,0,0,135,11.25,93.832,29.4),(62,13096,135,0,1,1,0,0,135,11.25,98.34,29.4),(62,16816,135,0,1,1,0,0,135,11.25,98.34,29.4)','',2,'2013-10-31'),(85261,'INSERT INTO gpr_pack_virtual_horario (pav_id,pvh_dia,pvh_hora_desde,pvh_hora_hasta) VALUES (62,99,@@@00:00@@@,@@@23:59@@@)','',2,'2013-10-31'),(85262,'INSERT INTO gne_vale_ferreteria (vfe_id,vfe_fecha,vfe_total,vfe_estado,vfe_entregado,usu_nusuario) VALUES (15406,@@@2013.10.31@@@,2290,1,0,@@@M_CASTILLO@@@)','',2,'2013-10-31'),(85263,'INSERT INTO gne_vale_ferreteria_mov (vfe_id,pro_codigo_plu,vfm_cantidad,vfm_unitario,vfm_total,vfm_entregado) VALUES (15406,770021,2,200,400,@@@NO@@@)','',2,'2013-10-31'),(85264,'INSERT INTO gne_vale_ferreteria_mov (vfe_id,pro_codigo_plu,vfm_cantidad,vfm_unitario,vfm_total,vfm_entregado) VALUES (15406,780722009,1,1890,1890,@@@NO@@@)','',2,'2013-10-31'),(85265,'INSERT INTO gne_vale_ferreteria (vfe_id,vfe_fecha,vfe_total,vfe_estado,vfe_entregado,usu_nusuario) VALUES (15407,@@@2013.10.31@@@,599,1,0,@@@M_CASTILLO@@@)','',2,'2013-10-31'),(85266,'INSERT INTO gne_vale_ferreteria_mov (vfe_id,pro_codigo_plu,vfm_cantidad,vfm_unitario,vfm_total,vfm_entregado) VALUES (15407,19916,1,599,599,@@@NO@@@)','',2,'2013-10-31'),(85267,'INSERT INTO gne_vale_ferreteria (vfe_id,vfe_fecha,vfe_total,vfe_estado,vfe_entregado,usu_nusuario) VALUES (15408,@@@2013.10.31@@@,390,1,0,@@@M_CASTILLO@@@)','',2,'2013-10-31'),(85268,'INSERT INTO gne_vale_ferreteria_mov (vfe_id,pro_codigo_plu,vfm_cantidad,vfm_unitario,vfm_total,vfm_entregado) VALUES (15408,780721420,1,390,390,@@@NO@@@)','',2,'2013-10-31'),(85269,'INSERT INTO gne_vale_ferreteria (vfe_id,vfe_fecha,vfe_total,vfe_estado,vfe_entregado,usu_nusuario) VALUES (15409,@@@2013.10.31@@@,490,1,0,@@@M_CASTILLO@@@)','',2,'2013-10-31'),(85270,'INSERT INTO gne_vale_ferreteria_mov (vfe_id,pro_codigo_plu,vfm_cantidad,vfm_unitario,vfm_total,vfm_entregado) VALUES (15409,780722037,1,490,490,@@@NO@@@)','',2,'2013-10-31'),(85271,'INSERT INTO gne_vale_ferreteria (vfe_id,vfe_fecha,vfe_total,vfe_estado,vfe_entregado,usu_nusuario) VALUES (15410,@@@2013.10.31@@@,5630,1,0,@@@M_CASTILLO@@@)','',2,'2013-10-31'),(85272,'INSERT INTO gne_vale_ferreteria_mov (vfe_id,pro_codigo_plu,vfm_cantidad,vfm_unitario,vfm_total,vfm_entregado) VALUES (15410,764827,3,690,2070,@@@NO@@@)','',2,'2013-10-31'),(85273,'INSERT INTO gne_vale_ferreteria_mov (vfe_id,pro_codigo_plu,vfm_cantidad,vfm_unitario,vfm_total,vfm_entregado) VALUES (15410,764991,2,1190,2380,@@@NO@@@)','',2,'2013-10-31'),(85274,'INSERT INTO gne_vale_ferreteria_mov (vfe_id,pro_codigo_plu,vfm_cantidad,vfm_unitario,vfm_total,vfm_entregado) VALUES (15410,780722039,2,590,1180,@@@NO@@@)','',2,'2013-10-31'),(85275,'INSERT INTO gne_vale_ferreteria (vfe_id,vfe_fecha,vfe_total,vfe_estado,vfe_entregado,usu_nusuario) VALUES (15411,@@@2013.10.31@@@,100,1,0,@@@M_CASTILLO@@@)','',2,'2013-10-31'),(85276,'INSERT INTO gne_vale_ferreteria_mov (vfe_id,pro_codigo_plu,vfm_cantidad,vfm_unitario,vfm_total,vfm_entregado) VALUES (15411,770003,10,10,100,@@@NO@@@)','',2,'2013-10-31'),(85277,'INSERT INTO gne_vale_ferreteria (vfe_id,vfe_fecha,vfe_total,vfe_estado,vfe_entregado,usu_nusuario) VALUES (15412,@@@2013.10.31@@@,1540,1,0,@@@M_CASTILLO@@@)','',2,'2013-10-31'),(85278,'INSERT INTO gne_vale_ferreteria_mov (vfe_id,pro_codigo_plu,vfm_cantidad,vfm_unitario,vfm_total,vfm_entregado) VALUES (15412,763908,1,1100,1100,@@@NO@@@)','',2,'2013-10-31'),(85279,'INSERT INTO gne_vale_ferreteria_mov (vfe_id,pro_codigo_plu,vfm_cantidad,vfm_unitario,vfm_total,vfm_entregado) VALUES (15412,20394,2,100,200,@@@NO@@@)','',2,'2013-10-31'),(85280,'INSERT INTO gne_vale_ferreteria_mov (vfe_id,pro_codigo_plu,vfm_cantidad,vfm_unitario,vfm_total,vfm_entregado) VALUES (15412,764412,2,120,240,@@@NO@@@)','',2,'2013-10-31'),(85281,'INSERT INTO gne_vale_ferreteria (vfe_id,vfe_fecha,vfe_total,vfe_estado,vfe_entregado,usu_nusuario) VALUES (15413,@@@2013.10.31@@@,1600,1,0,@@@M_CASTILLO@@@)','',2,'2013-10-31'),(85282,'INSERT INTO gne_vale_ferreteria_mov (vfe_id,pro_codigo_plu,vfm_cantidad,vfm_unitario,vfm_total,vfm_entregado) VALUES (15413,4801,20,30,600,@@@NO@@@)','',2,'2013-10-31'),(85283,'INSERT INTO gne_vale_ferreteria_mov (vfe_id,pro_codigo_plu,vfm_cantidad,vfm_unitario,vfm_total,vfm_entregado) VALUES (15413,78017028,20,50,1000,@@@NO@@@)','',2,'2013-10-31'),(85284,'INSERT INTO gne_vale_ferreteria (vfe_id,vfe_fecha,vfe_total,vfe_estado,vfe_entregado,usu_nusuario) VALUES (15414,@@@2013.10.31@@@,500,1,0,@@@M_CASTILLO@@@)','',2,'2013-10-31'),(85285,'INSERT INTO gne_vale_ferreteria_mov (vfe_id,pro_codigo_plu,vfm_cantidad,vfm_unitario,vfm_total,vfm_entregado) VALUES (15414,1070,2,250,500,@@@NO@@@)','',2,'2013-10-31'),(85286,'INSERT INTO gne_vale_ferreteria (vfe_id,vfe_fecha,vfe_total,vfe_estado,vfe_entregado,usu_nusuario) VALUES (15415,@@@2013.10.31@@@,900,1,0,@@@M_CASTILLO@@@)','',2,'2013-10-31'),(85287,'INSERT INTO gne_vale_ferreteria_mov (vfe_id,pro_codigo_plu,vfm_cantidad,vfm_unitario,vfm_total,vfm_entregado) VALUES (15415,770031,30,30,900,@@@NO@@@)','',2,'2013-10-31'),(85288,'INSERT INTO gne_vale_ferreteria (vfe_id,vfe_fecha,vfe_total,vfe_estado,vfe_entregado,usu_nusuario) VALUES (15416,@@@2013.10.31@@@,600,1,0,@@@M_CASTILLO@@@)','',2,'2013-10-31'),(85289,'INSERT INTO gne_vale_ferreteria_mov (vfe_id,pro_codigo_plu,vfm_cantidad,vfm_unitario,vfm_total,vfm_entregado) VALUES (15416,770031,20,30,600,@@@NO@@@)','',2,'2013-10-31'),(85290,'INSERT INTO gne_vale_ferreteria (vfe_id,vfe_fecha,vfe_total,vfe_estado,vfe_entregado,usu_nusuario) VALUES (15417,@@@2013.10.31@@@,5220,1,0,@@@M_CASTILLO@@@)','',2,'2013-10-31'),(85291,'INSERT INTO gne_vale_ferreteria_mov (vfe_id,pro_codigo_plu,vfm_cantidad,vfm_unitario,vfm_total,vfm_entregado) VALUES (15417,101454,2,790,1580,@@@NO@@@)','',2,'2013-10-31'),(85292,'INSERT INTO gne_vale_ferreteria_mov (vfe_id,pro_codigo_plu,vfm_cantidad,vfm_unitario,vfm_total,vfm_entregado) VALUES (15417,20482,1,1750,1750,@@@NO@@@)','',2,'2013-10-31'),(85293,'INSERT INTO gne_vale_ferreteria_mov (vfe_id,pro_codigo_plu,vfm_cantidad,vfm_unitario,vfm_total,vfm_entregado) VALUES (15417,262180,1,1890,1890,@@@NO@@@)','',2,'2013-10-31'),(85294,'INSERT INTO gne_vale_ferreteria (vfe_id,vfe_fecha,vfe_total,vfe_estado,vfe_entregado,usu_nusuario) VALUES (15418,@@@2013.10.31@@@,720,1,0,@@@M_CASTILLO@@@)','',2,'2013-10-31'),(85295,'INSERT INTO gne_vale_ferreteria_mov (vfe_id,pro_codigo_plu,vfm_cantidad,vfm_unitario,vfm_total,vfm_entregado) VALUES (15418,10720,1,720,720,@@@NO@@@)','',2,'2013-10-31'),(85296,'INSERT INTO gne_vale_ferreteria (vfe_id,vfe_fecha,vfe_total,vfe_estado,vfe_entregado,usu_nusuario) VALUES (15419,@@@2013.10.31@@@,2480,1,0,@@@M_CASTILLO@@@)','',2,'2013-10-31'),(85297,'INSERT INTO gne_vale_ferreteria_mov (vfe_id,pro_codigo_plu,vfm_cantidad,vfm_unitario,vfm_total,vfm_entregado) VALUES (15419,764572,4,100,400,@@@NO@@@)','',2,'2013-10-31'),(85298,'INSERT INTO gne_vale_ferreteria_mov (vfe_id,pro_codigo_plu,vfm_cantidad,vfm_unitario,vfm_total,vfm_entregado) VALUES (15419,763672,1,1590,1590,@@@NO@@@)','',2,'2013-10-31'),(85299,'INSERT INTO gne_vale_ferreteria_mov (vfe_id,pro_codigo_plu,vfm_cantidad,vfm_unitario,vfm_total,vfm_entregado) VALUES (15419,78017152,1,490,490,@@@NO@@@)','',2,'2013-10-31'),(85300,'INSERT INTO gne_vale_ferreteria (vfe_id,vfe_fecha,vfe_total,vfe_estado,vfe_entregado,usu_nusuario) VALUES (15420,@@@2013.10.31@@@,840,1,0,@@@M_CASTILLO@@@)','',2,'2013-10-31'),(85301,'INSERT INTO gne_vale_ferreteria_mov (vfe_id,pro_codigo_plu,vfm_cantidad,vfm_unitario,vfm_total,vfm_entregado) VALUES (15420,762000,1,690,690,@@@NO@@@)','',2,'2013-10-31'),(85302,'INSERT INTO gne_vale_ferreteria_mov (vfe_id,pro_codigo_plu,vfm_cantidad,vfm_unitario,vfm_total,vfm_entregado) VALUES (15420,4088,1,150,150,@@@NO@@@)','',2,'2013-10-31'),(85303,'UPDATE mae_productos SET pro_precio_compra_bruto=1800,pro_margen_actual=(pro_precio_venta-1800)/1800 * 100,pro_ultima_compra=@@@2013.10.31@@@,pro_ultimo_proveedor=@@@14094193-K@@@ WHERE pro_codigo_plu=209','',2,'2013-10-31'),(85304,'UPDATE mae_productos SET pro_precio_compra_bruto=2605.79,pro_margen_actual=(pro_precio_venta-2605.79)/2605.79 * 100,pro_ultima_compra=@@@2013.10.31@@@,pro_ultimo_proveedor=@@@77847960-5@@@ WHERE pro_codigo_plu=309','',2,'2013-10-31'),(85305,'UPDATE mae_productos SET pro_precio_compra_bruto=3597.34,pro_margen_actual=(pro_precio_venta-3597.34)/3597.34 * 100,pro_ultima_compra=@@@2013.10.31@@@,pro_ultimo_proveedor=@@@77847960-5@@@ WHERE pro_codigo_plu=203','',2,'2013-10-31'),(85306,'INSERT INTO gne_vale_ferreteria (vfe_id,vfe_fecha,vfe_total,vfe_estado,vfe_entregado,usu_nusuario) VALUES (15421,@@@2013.10.31@@@,1100,1,0,@@@M_CASTILLO@@@)','',2,'2013-10-31'),(85307,'INSERT INTO gne_vale_ferreteria_mov (vfe_id,pro_codigo_plu,vfm_cantidad,vfm_unitario,vfm_total,vfm_entregado) VALUES (15421,780721926,1,1100,1100,@@@NO@@@)','',2,'2013-10-31'),(85308,'INSERT INTO gne_vale_ferreteria (vfe_id,vfe_fecha,vfe_total,vfe_estado,vfe_entregado,usu_nusuario) VALUES (15422,@@@2013.10.31@@@,720,1,0,@@@M_CASTILLO@@@)','',2,'2013-10-31'),(85309,'INSERT INTO gne_vale_ferreteria_mov (vfe_id,pro_codigo_plu,vfm_cantidad,vfm_unitario,vfm_total,vfm_entregado) VALUES (15422,10720,1,720,720,@@@NO@@@)','',2,'2013-10-31'),(85310,'INSERT INTO gne_vale_ferreteria (vfe_id,vfe_fecha,vfe_total,vfe_estado,vfe_entregado,usu_nusuario) VALUES (15423,@@@2013.10.31@@@,500,1,0,@@@M_CASTILLO@@@)','',2,'2013-10-31'),(85311,'INSERT INTO gne_vale_ferreteria_mov (vfe_id,pro_codigo_plu,vfm_cantidad,vfm_unitario,vfm_total,vfm_entregado) VALUES (15423,4081,5,100,500,@@@NO@@@)','',2,'2013-10-31'),(85312,'INSERT INTO gne_vale_ferreteria (vfe_id,vfe_fecha,vfe_total,vfe_estado,vfe_entregado,usu_nusuario) VALUES (15424,@@@2013.10.31@@@,750,1,0,@@@M_CASTILLO@@@)','',2,'2013-10-31'),(85313,'INSERT INTO gne_vale_ferreteria_mov (vfe_id,pro_codigo_plu,vfm_cantidad,vfm_unitario,vfm_total,vfm_entregado) VALUES (15424,10989,1,750,750,@@@NO@@@)','',2,'2013-10-31'),(85314,'INSERT INTO gne_vale_ferreteria (vfe_id,vfe_fecha,vfe_total,vfe_estado,vfe_entregado,usu_nusuario) VALUES (15425,@@@2013.10.31@@@,2100,1,0,@@@M_CASTILLO@@@)','',2,'2013-10-31'),(85315,'INSERT INTO gne_vale_ferreteria_mov (vfe_id,pro_codigo_plu,vfm_cantidad,vfm_unitario,vfm_total,vfm_entregado) VALUES (15425,78017228,1,2100,2100,@@@NO@@@)','',2,'2013-10-31'),(85316,'INSERT INTO gne_vale_ferreteria (vfe_id,vfe_fecha,vfe_total,vfe_estado,vfe_entregado,usu_nusuario) VALUES (15426,@@@2013.10.31@@@,790,1,0,@@@M_CASTILLO@@@)','',2,'2013-10-31'),(85317,'INSERT INTO gne_vale_ferreteria_mov (vfe_id,pro_codigo_plu,vfm_cantidad,vfm_unitario,vfm_total,vfm_entregado) VALUES (15426,1578,1,790,790,@@@NO@@@)','',2,'2013-10-31'),(85318,'INSERT INTO gne_vale_ferreteria (vfe_id,vfe_fecha,vfe_total,vfe_estado,vfe_entregado,usu_nusuario) VALUES (15427,@@@2013.10.31@@@,530,1,0,@@@M_CASTILLO@@@)','',2,'2013-10-31'),(85319,'INSERT INTO gne_vale_ferreteria_mov (vfe_id,pro_codigo_plu,vfm_cantidad,vfm_unitario,vfm_total,vfm_entregado) VALUES (15427,11218,1,530,530,@@@NO@@@)','',2,'2013-10-31'),(85320,'INSERT INTO gne_vale_ferreteria (vfe_id,vfe_fecha,vfe_total,vfe_estado,vfe_entregado,usu_nusuario) VALUES (15428,@@@2013.10.31@@@,1810,1,0,@@@M_CASTILLO@@@)','',2,'2013-10-31'),(85321,'INSERT INTO gne_vale_ferreteria_mov (vfe_id,pro_codigo_plu,vfm_cantidad,vfm_unitario,vfm_total,vfm_entregado) VALUES (15428,4076,1,300,300,@@@NO@@@)','',2,'2013-10-31'),(85322,'INSERT INTO gne_vale_ferreteria_mov (vfe_id,pro_codigo_plu,vfm_cantidad,vfm_unitario,vfm_total,vfm_entregado) VALUES (15428,770066,1,490,490,@@@NO@@@)','',2,'2013-10-31'),(85323,'INSERT INTO gne_vale_ferreteria_mov (vfe_id,pro_codigo_plu,vfm_cantidad,vfm_unitario,vfm_total,vfm_entregado) VALUES (15428,764160,5,120,600,@@@NO@@@)','',2,'2013-10-31'),(85324,'INSERT INTO gne_vale_ferreteria_mov (vfe_id,pro_codigo_plu,vfm_cantidad,vfm_unitario,vfm_total,vfm_entregado) VALUES (15428,78017027,6,70,420,@@@NO@@@)','',2,'2013-10-31'),(85325,'INSERT INTO gpr_pack_virtual (pav_id,pav_nombre,pav_total_pack,pav_total_descuento,pav_desde,pav_hasta,pav_tipo,pav_precio,pav_lleva,pav_paga,pav_descuento,pav_porcentaje,pav_oferta_exclusiva,pav_agotar_stock,pav_stock,pav_costo,pav_margen) VALUES (68,@@@PACK CHOCOLATE VIZZIO 2 X $1890@@@,1890,610,@@@2013-10-31@@@,@@@2013-12-31@@@,@@@PA@@@,1250,2,1.51,0.49,4,@@@NO@@@,@@@NO@@@,0,1540,22.73)','',2,'2013-10-31'),(85326,'INSERT INTO gpr_pack_virtual_mov (pav_id,pro_codigo_plu,pvm_precio,pvm_total,pvm_lleva,pvm_paga,pvm_descuento,pvm_porcentaje,pvm_total_normal,pvm_descuento_linea,pvm_costo,pvm_margen) VALUES (68,762922,1250,0,1,1,0,0,1250,305,770,22.73)','',2,'2013-10-31'),(85327,'INSERT INTO gpr_pack_virtual_horario (pav_id,pvh_dia,pvh_hora_desde,pvh_hora_hasta) VALUES (68,99,@@@00:00@@@,@@@23:59@@@)','',2,'2013-10-31'),(85328,'UPDATE mae_productos SET pro_codigo_barra=@@@7891125160440@@@,pro_tipo=@@@0@@@,pro_nombre_producto=@@@MARTINI ROSATO 995 ML@@@,pro_nombre_corto=@@@MARTINI ROSE  90@@@,med_id=@@@3@@@,emb_id=@@@6@@@,pro_unidades_embalaje=@@@12@@@,dep_id=@@@5 @@@,lin_id=@@@57@@@,mar_id=@@@1288@@@,pro_precio_compra_neto=@@@0@@@,pro_precio_compra_bruto=@@@0@@@,pro_precio_venta=@@@1@@@,pro_margen_actual=@@@0@@@,pro_oferta=@@@NO@@@,pro_fecha_inicio_oferta=@@@1900.01.01@@@,pro_fecha_termino_oferta=@@@1900.01.01@@@,pro_precio_oferta=@@@0@@@,pro_stock_minimo=@@@12@@@,pro_stock_critico=@@@6@@@,pro_activo=@@@1@@@,pro_unidad=@@@0@@@,pro_precio_compra_bruto=0,pro_margen_actual=0,pro_capacidad=995,pro_funcion_plu=0,pro_flejes=1,pro_iva=1,pro_plu_asociado=0,pro_envase=@@@NO@@@,pro_duracion=0,pro_numero_etiqueta=0 WHERE pro_codigo_plu=@@@17496@@@','',2,'2013-10-31'),(85329,'UPDATE mae_productos SET pro_estado=1 WHERE pro_codigo_plu=17496','',2,'2013-10-31'),(85330,'DELETE FROM mae_impuestos_productos WHERE pro_codigo_plu=@@@17496@@@','',2,'2013-10-31'),(85331,'INSERT INTO gne_vale_ferreteria (vfe_id,vfe_fecha,vfe_total,vfe_estado,vfe_entregado,usu_nusuario) VALUES (15429,@@@2013.10.31@@@,1290,1,0,@@@M_CASTILLO@@@)','',2,'2013-10-31'),(85332,'INSERT INTO gne_vale_ferreteria_mov (vfe_id,pro_codigo_plu,vfm_cantidad,vfm_unitario,vfm_total,vfm_entregado) VALUES (15429,780721591,1,1290,1290,@@@NO@@@)','',2,'2013-10-31'),(85333,'UPDATE mae_productos SET pro_margen_actual=0,pro_precio_venta=4990 WHERE pro_codigo_plu=17496','',2,'2013-10-31'),(85334,'INSERT INTO gne_vale_ferreteria (vfe_id,vfe_fecha,vfe_total,vfe_estado,vfe_entregado,usu_nusuario) VALUES (15430,@@@2013.10.31@@@,500,1,0,@@@M_CASTILLO@@@)','',2,'2013-10-31'),(85335,'INSERT INTO gne_vale_ferreteria_mov (vfe_id,pro_codigo_plu,vfm_cantidad,vfm_unitario,vfm_total,vfm_entregado) VALUES (15430,98100,5,100,500,@@@NO@@@)','',2,'2013-10-31'),(85336,'UPDATE gpr_pack_virtual SET pav_nombre=@@@PACK PASTA DIENTES 99G 2 X $ 1.390@@@,pav_total_pack=1390,pav_total_descuento=510,pav_desde=@@@2013-07-23@@@,pav_hasta=@@@2013-11-30@@@,pav_tipo=@@@PA@@@,pav_precio=950,pav_lleva=2,pav_paga=1.45,pav_descuento=0.55,pav_porcentaje=24,pav_oferta_exclusiva=@@@NO@@@,pav_agotar_stock=@@@SI@@@,pav_stock=60,pav_costo=916,pav_margen=51.75 WHERE pav_id=48','',2,'2013-10-31'),(85337,'DELETE FROM gpr_pack_virtual_mov WHERE pav_id=48','',2,'2013-10-31'),(85338,'DELETE FROM gpr_pack_virtual_horario WHERE pav_id=48','',2,'2013-10-31'),(85339,'INSERT INTO gpr_pack_virtual_mov (pav_id,pro_codigo_plu,pvm_precio,pvm_total,pvm_lleva,pvm_paga,pvm_descuento,pvm_porcentaje,pvm_total_normal,pvm_descuento_linea,pvm_costo,pvm_margen) VALUES (48,14106,950,0,1,1,0,0,950,255,458,51.75)','',2,'2013-10-31'),(85340,'INSERT INTO gpr_pack_virtual_horario (pav_id,pvh_dia,pvh_hora_desde,pvh_hora_hasta) VALUES (48,99,@@@00:00@@@,@@@23:59@@@)','',2,'2013-10-31'),(85341,'INSERT INTO gne_vale_ferreteria (vfe_id,vfe_fecha,vfe_total,vfe_estado,vfe_entregado,usu_nusuario) VALUES (15431,@@@2013.10.31@@@,120,1,0,@@@M_CASTILLO@@@)','',2,'2013-10-31'),(85342,'INSERT INTO gne_vale_ferreteria_mov (vfe_id,pro_codigo_plu,vfm_cantidad,vfm_unitario,vfm_total,vfm_entregado) VALUES (15431,770034,6,20,120,@@@NO@@@)','',2,'2013-10-31'),(85343,'UPDATE mae_productos SET pro_precio_compra_bruto=63,pro_margen_actual=(pro_precio_venta-63)/63 * 100,pro_ultima_compra=@@@2013.10.31@@@,pro_ultimo_proveedor=@@@84156500-2@@@ WHERE pro_codigo_plu=780721885','',2,'2013-10-31'),(85344,'UPDATE mae_productos SET pro_precio_compra_bruto=151,pro_margen_actual=(pro_precio_venta-151)/151 * 100,pro_ultima_compra=@@@2013.10.31@@@,pro_ultimo_proveedor=@@@84156500-2@@@ WHERE pro_codigo_plu=780721824','',2,'2013-10-31'),(85345,'UPDATE mae_productos SET pro_precio_compra_bruto=63,pro_margen_actual=(pro_precio_venta-63)/63 * 100,pro_ultima_compra=@@@2013.10.31@@@,pro_ultimo_proveedor=@@@84156500-2@@@ WHERE pro_codigo_plu=780721889','',2,'2013-10-31'),(85346,'UPDATE mae_productos SET pro_precio_compra_bruto=45,pro_margen_actual=(pro_precio_venta-45)/45 * 100,pro_ultima_compra=@@@2013.10.31@@@,pro_ultimo_proveedor=@@@84156500-2@@@ WHERE pro_codigo_plu=780721895','',2,'2013-10-31'),(85347,'UPDATE mae_productos SET pro_precio_compra_bruto=63,pro_margen_actual=(pro_precio_venta-63)/63 * 100,pro_ultima_compra=@@@2013.10.31@@@,pro_ultimo_proveedor=@@@84156500-2@@@ WHERE pro_codigo_plu=780721890','',2,'2013-10-31'),(85348,'UPDATE mae_productos SET pro_precio_compra_bruto=49,pro_margen_actual=(pro_precio_venta-49)/49 * 100,pro_ultima_compra=@@@2013.10.31@@@,pro_ultimo_proveedor=@@@84156500-2@@@ WHERE pro_codigo_plu=780721892','',2,'2013-10-31'),(85349,'UPDATE mae_productos SET pro_precio_compra_bruto=49,pro_margen_actual=(pro_precio_venta-49)/49 * 100,pro_ultima_compra=@@@2013.10.31@@@,pro_ultimo_proveedor=@@@84156500-2@@@ WHERE pro_codigo_plu=13881','',2,'2013-10-31'),(85350,'UPDATE mae_productos SET pro_precio_compra_bruto=49,pro_margen_actual=(pro_precio_venta-49)/49 * 100,pro_ultima_compra=@@@2013.10.31@@@,pro_ultimo_proveedor=@@@84156500-2@@@ WHERE pro_codigo_plu=780721888','',2,'2013-10-31'),(85351,'UPDATE mae_productos SET pro_precio_compra_bruto=1134,pro_margen_actual=(pro_precio_venta-1134)/1134 * 100,pro_ultima_compra=@@@2013.10.31@@@,pro_ultimo_proveedor=@@@84156500-2@@@ WHERE pro_codigo_plu=780721991','',2,'2013-10-31'),(85352,'UPDATE mae_productos SET pro_precio_compra_bruto=1566,pro_margen_actual=(pro_precio_venta-1566)/1566 * 100,pro_ultima_compra=@@@2013.10.31@@@,pro_ultimo_proveedor=@@@84156500-2@@@ WHERE pro_codigo_plu=763560','',2,'2013-10-31'),(85353,'UPDATE mae_productos SET pro_precio_compra_bruto=1566,pro_margen_actual=(pro_precio_venta-1566)/1566 * 100,pro_ultima_compra=@@@2013.10.31@@@,pro_ultimo_proveedor=@@@84156500-2@@@ WHERE pro_codigo_plu=780721951','',2,'2013-10-31'),(85354,'UPDATE mae_productos SET pro_precio_compra_bruto=627,pro_margen_actual=(pro_precio_venta-627)/627 * 100,pro_ultima_compra=@@@2013.10.31@@@,pro_ultimo_proveedor=@@@84156500-2@@@ WHERE pro_codigo_plu=763564','',2,'2013-10-31'),(85355,'UPDATE mae_productos SET pro_precio_compra_bruto=1566,pro_margen_actual=(pro_precio_venta-1566)/1566 * 100,pro_ultima_compra=@@@2013.10.31@@@,pro_ultimo_proveedor=@@@84156500-2@@@ WHERE pro_codigo_plu=763561','',2,'2013-10-31'),(85356,'UPDATE mae_productos SET pro_precio_compra_bruto=45,pro_margen_actual=(pro_precio_venta-45)/45 * 100,pro_ultima_compra=@@@2013.10.31@@@,pro_ultimo_proveedor=@@@84156500-2@@@ WHERE pro_codigo_plu=780721893','',2,'2013-10-31'),(85357,'INSERT INTO gne_vale_ferreteria (vfe_id,vfe_fecha,vfe_total,vfe_estado,vfe_entregado,usu_nusuario) VALUES (15432,@@@2013.10.31@@@,1890,1,0,@@@M_CASTILLO@@@)','',2,'2013-10-31'),(85358,'INSERT INTO gne_vale_ferreteria_mov (vfe_id,pro_codigo_plu,vfm_cantidad,vfm_unitario,vfm_total,vfm_entregado) VALUES (15432,763949,1,1890,1890,@@@NO@@@)','',2,'2013-10-31'),(85359,'INSERT INTO gne_vale_ferreteria (vfe_id,vfe_fecha,vfe_total,vfe_estado,vfe_entregado,usu_nusuario) VALUES (15433,@@@2013.10.31@@@,300,1,0,@@@M_CASTILLO@@@)','',2,'2013-10-31'),(85360,'INSERT INTO gne_vale_ferreteria_mov (vfe_id,pro_codigo_plu,vfm_cantidad,vfm_unitario,vfm_total,vfm_entregado) VALUES (15433,10063,1,300,300,@@@NO@@@)','',2,'2013-10-31'),(85361,'INSERT INTO gne_vale_ferreteria (vfe_id,vfe_fecha,vfe_total,vfe_estado,vfe_entregado,usu_nusuario) VALUES (15434,@@@2013.10.31@@@,960,1,0,@@@M_CASTILLO@@@)','',2,'2013-10-31'),(85362,'INSERT INTO gne_vale_ferreteria_mov (vfe_id,pro_codigo_plu,vfm_cantidad,vfm_unitario,vfm_total,vfm_entregado) VALUES (15434,15950,2,480,960,@@@NO@@@)','',2,'2013-10-31'),(85363,'INSERT INTO gne_vale_ferreteria (vfe_id,vfe_fecha,vfe_total,vfe_estado,vfe_entregado,usu_nusuario) VALUES (15435,@@@2013.10.31@@@,599,1,0,@@@M_CASTILLO@@@)','',2,'2013-10-31'),(85364,'INSERT INTO gne_vale_ferreteria_mov (vfe_id,pro_codigo_plu,vfm_cantidad,vfm_unitario,vfm_total,vfm_entregado) VALUES (15435,19916,1,599,599,@@@NO@@@)','',2,'2013-10-31'),(85365,'INSERT INTO gne_vale_ferreteria (vfe_id,vfe_fecha,vfe_total,vfe_estado,vfe_entregado,usu_nusuario) VALUES (15436,@@@2013.10.31@@@,600,1,0,@@@M_CASTILLO@@@)','',2,'2013-10-31'),(85366,'INSERT INTO gne_vale_ferreteria_mov (vfe_id,pro_codigo_plu,vfm_cantidad,vfm_unitario,vfm_total,vfm_entregado) VALUES (15436,4081,6,100,600,@@@NO@@@)','',2,'2013-10-31'),(85367,'INSERT INTO gne_vale_ferreteria (vfe_id,vfe_fecha,vfe_total,vfe_estado,vfe_entregado,usu_nusuario) VALUES (15437,@@@2013.10.31@@@,380,1,0,@@@M_CASTILLO@@@)','',2,'2013-10-31'),(85368,'INSERT INTO gne_vale_ferreteria_mov (vfe_id,pro_codigo_plu,vfm_cantidad,vfm_unitario,vfm_total,vfm_entregado) VALUES (15437,1537,2,190,380,@@@NO@@@)','',2,'2013-10-31'),(85369,'INSERT INTO gne_vale_ferreteria (vfe_id,vfe_fecha,vfe_total,vfe_estado,vfe_entregado,usu_nusuario) VALUES (15438,@@@2013.10.31@@@,300,1,0,@@@M_CASTILLO@@@)','',2,'2013-10-31'),(85370,'INSERT INTO gne_vale_ferreteria_mov (vfe_id,pro_codigo_plu,vfm_cantidad,vfm_unitario,vfm_total,vfm_entregado) VALUES (15438,102110,1,300,300,@@@NO@@@)','',2,'2013-10-31'),(85371,'INSERT INTO gne_vale_ferreteria (vfe_id,vfe_fecha,vfe_total,vfe_estado,vfe_entregado,usu_nusuario) VALUES (15439,@@@2013.10.31@@@,390,1,0,@@@M_CASTILLO@@@)','',2,'2013-10-31'),(85372,'INSERT INTO gne_vale_ferreteria_mov (vfe_id,pro_codigo_plu,vfm_cantidad,vfm_unitario,vfm_total,vfm_entregado) VALUES (15439,780721357,1,390,390,@@@NO@@@)','',2,'2013-10-31'),(85373,'INSERT INTO gne_vale_ferreteria (vfe_id,vfe_fecha,vfe_total,vfe_estado,vfe_entregado,usu_nusuario) VALUES (15440,@@@2013.10.31@@@,1990,1,0,@@@M_CASTILLO@@@)','',2,'2013-10-31'),(85374,'INSERT INTO gne_vale_ferreteria_mov (vfe_id,pro_codigo_plu,vfm_cantidad,vfm_unitario,vfm_total,vfm_entregado) VALUES (15440,780721920,1,1990,1990,@@@NO@@@)','',2,'2013-10-31'),(85375,'INSERT INTO gne_vale_ferreteria (vfe_id,vfe_fecha,vfe_total,vfe_estado,vfe_entregado,usu_nusuario) VALUES (15441,@@@2013.10.31@@@,890,1,0,@@@M_CASTILLO@@@)','',2,'2013-10-31'),(85376,'INSERT INTO gne_vale_ferreteria_mov (vfe_id,pro_codigo_plu,vfm_cantidad,vfm_unitario,vfm_total,vfm_entregado) VALUES (15441,763980,1,890,890,@@@NO@@@)','',2,'2013-10-31'),(85377,'INSERT INTO gne_vale_ferreteria (vfe_id,vfe_fecha,vfe_total,vfe_estado,vfe_entregado,usu_nusuario) VALUES (15442,@@@2013.10.31@@@,1890,1,0,@@@M_CASTILLO@@@)','',2,'2013-10-31'),(85378,'INSERT INTO gne_vale_ferreteria_mov (vfe_id,pro_codigo_plu,vfm_cantidad,vfm_unitario,vfm_total,vfm_entregado) VALUES (15442,101623,1,1890,1890,@@@NO@@@)','',2,'2013-10-31'),(85379,'INSERT INTO gne_vale_ferreteria (vfe_id,vfe_fecha,vfe_total,vfe_estado,vfe_entregado,usu_nusuario) VALUES (15443,@@@2013.10.31@@@,850,1,0,@@@M_CASTILLO@@@)','',2,'2013-10-31'),(85380,'INSERT INTO gne_vale_ferreteria_mov (vfe_id,pro_codigo_plu,vfm_cantidad,vfm_unitario,vfm_total,vfm_entregado) VALUES (15443,780721425,1,850,850,@@@NO@@@)','',2,'2013-10-31'),(85381,'INSERT INTO gne_vale_ferreteria (vfe_id,vfe_fecha,vfe_total,vfe_estado,vfe_entregado,usu_nusuario) VALUES (15444,@@@2013.10.31@@@,980,1,0,@@@M_CASTILLO@@@)','',2,'2013-10-31'),(85382,'INSERT INTO gne_vale_ferreteria_mov (vfe_id,pro_codigo_plu,vfm_cantidad,vfm_unitario,vfm_total,vfm_entregado) VALUES (15444,764913,2,490,980,@@@NO@@@)','',2,'2013-10-31'),(85383,'INSERT INTO gne_vale_ferreteria (vfe_id,vfe_fecha,vfe_total,vfe_estado,vfe_entregado,usu_nusuario) VALUES (15445,@@@2013.10.31@@@,5938,1,0,@@@M_CASTILLO@@@)','',2,'2013-10-31'),(85384,'INSERT INTO gne_vale_ferreteria_mov (vfe_id,pro_codigo_plu,vfm_cantidad,vfm_unitario,vfm_total,vfm_entregado) VALUES (15445,15490,1,999,999,@@@NO@@@)','',2,'2013-10-31'),(85385,'INSERT INTO gne_vale_ferreteria_mov (vfe_id,pro_codigo_plu,vfm_cantidad,vfm_unitario,vfm_total,vfm_entregado) VALUES (15445,780721921,1,1990,1990,@@@NO@@@)','',2,'2013-10-31'),(85386,'INSERT INTO gne_vale_ferreteria_mov (vfe_id,pro_codigo_plu,vfm_cantidad,vfm_unitario,vfm_total,vfm_entregado) VALUES (15445,780721315,1,1390,1390,@@@NO@@@)','',2,'2013-10-31'),(85387,'INSERT INTO gne_vale_ferreteria_mov (vfe_id,pro_codigo_plu,vfm_cantidad,vfm_unitario,vfm_total,vfm_entregado) VALUES (15445,19916,1,599,599,@@@NO@@@)','',2,'2013-10-31'),(85388,'INSERT INTO gne_vale_ferreteria_mov (vfe_id,pro_codigo_plu,vfm_cantidad,vfm_unitario,vfm_total,vfm_entregado) VALUES (15445,764264,1,960,960,@@@NO@@@)','',2,'2013-10-31'),(85389,'INSERT INTO gne_vale_ferreteria (vfe_id,vfe_fecha,vfe_total,vfe_estado,vfe_entregado,usu_nusuario) VALUES (15446,@@@2013.10.31@@@,2100,1,0,@@@M_CASTILLO@@@)','',2,'2013-10-31'),(85390,'INSERT INTO gne_vale_ferreteria_mov (vfe_id,pro_codigo_plu,vfm_cantidad,vfm_unitario,vfm_total,vfm_entregado) VALUES (15446,763946,1,2100,2100,@@@NO@@@)','',2,'2013-10-31'),(85391,'INSERT INTO gne_vale_ferreteria (vfe_id,vfe_fecha,vfe_total,vfe_estado,vfe_entregado,usu_nusuario) VALUES (15447,@@@2013.10.31@@@,490,1,0,@@@M_CASTILLO@@@)','',2,'2013-10-31'),(85392,'INSERT INTO gne_vale_ferreteria_mov (vfe_id,pro_codigo_plu,vfm_cantidad,vfm_unitario,vfm_total,vfm_entregado) VALUES (15447,770066,1,490,490,@@@NO@@@)','',2,'2013-10-31'),(85393,'INSERT INTO gne_vale_ferreteria (vfe_id,vfe_fecha,vfe_total,vfe_estado,vfe_entregado,usu_nusuario) VALUES (15448,@@@2013.10.31@@@,2440,1,0,@@@M_CASTILLO@@@)','',2,'2013-10-31'),(85394,'INSERT INTO gne_vale_ferreteria_mov (vfe_id,pro_codigo_plu,vfm_cantidad,vfm_unitario,vfm_total,vfm_entregado) VALUES (15448,100365,3,750,2250,@@@NO@@@)','',2,'2013-10-31'),(85395,'INSERT INTO gne_vale_ferreteria_mov (vfe_id,pro_codigo_plu,vfm_cantidad,vfm_unitario,vfm_total,vfm_entregado) VALUES (15448,1537,1,190,190,@@@NO@@@)','',2,'2013-10-31'),(85396,'INSERT INTO gne_vale_ferreteria (vfe_id,vfe_fecha,vfe_total,vfe_estado,vfe_entregado,usu_nusuario) VALUES (15449,@@@2013.10.31@@@,500,1,0,@@@M_CASTILLO@@@)','',2,'2013-10-31'),(85397,'INSERT INTO gne_vale_ferreteria_mov (vfe_id,pro_codigo_plu,vfm_cantidad,vfm_unitario,vfm_total,vfm_entregado) VALUES (15449,7501,10,50,500,@@@NO@@@)','',2,'2013-10-31'),(85398,'INSERT INTO gne_vale_ferreteria (vfe_id,vfe_fecha,vfe_total,vfe_estado,vfe_entregado,usu_nusuario) VALUES (15450,@@@2013.10.31@@@,3240,1,0,@@@M_CASTILLO@@@)','',2,'2013-10-31'),(85399,'INSERT INTO gne_vale_ferreteria_mov (vfe_id,pro_codigo_plu,vfm_cantidad,vfm_unitario,vfm_total,vfm_entregado) VALUES (15450,14106,1,950,950,@@@NO@@@)','',2,'2013-10-31'),(85400,'INSERT INTO gne_vale_ferreteria_mov (vfe_id,pro_codigo_plu,vfm_cantidad,vfm_unitario,vfm_total,vfm_entregado) VALUES (15450,780220156,1,2290,2290,@@@NO@@@)','',2,'2013-10-31'),(85401,'INSERT INTO gne_vale_ferreteria (vfe_id,vfe_fecha,vfe_total,vfe_estado,vfe_entregado,usu_nusuario) VALUES (15451,@@@2013.10.31@@@,230,1,0,@@@M_CASTILLO@@@)','',2,'2013-10-31'),(85402,'INSERT INTO gne_vale_ferreteria_mov (vfe_id,pro_codigo_plu,vfm_cantidad,vfm_unitario,vfm_total,vfm_entregado) VALUES (15451,780721667,1,230,230,@@@NO@@@)','',2,'2013-10-31'),(85403,'INSERT INTO gne_vale_ferreteria (vfe_id,vfe_fecha,vfe_total,vfe_estado,vfe_entregado,usu_nusuario) VALUES (15452,@@@2013.10.31@@@,1890,1,0,@@@M_CASTILLO@@@)','',2,'2013-10-31'),(85404,'INSERT INTO gne_vale_ferreteria_mov (vfe_id,pro_codigo_plu,vfm_cantidad,vfm_unitario,vfm_total,vfm_entregado) VALUES (15452,763949,1,1890,1890,@@@NO@@@)','',2,'2013-10-31'),(85405,'INSERT INTO gne_vale_ferreteria (vfe_id,vfe_fecha,vfe_total,vfe_estado,vfe_entregado,usu_nusuario) VALUES (15453,@@@2013.10.31@@@,40,1,0,@@@M_CASTILLO@@@)','',2,'2013-10-31'),(85406,'INSERT INTO gne_vale_ferreteria_mov (vfe_id,pro_codigo_plu,vfm_cantidad,vfm_unitario,vfm_total,vfm_entregado) VALUES (15453,1539,4,10,40,@@@NO@@@)','',2,'2013-10-31'),(85407,'INSERT INTO gne_vale_ferreteria (vfe_id,vfe_fecha,vfe_total,vfe_estado,vfe_entregado,usu_nusuario) VALUES (15454,@@@2013.10.31@@@,520,1,0,@@@M_CASTILLO@@@)','',2,'2013-10-31'),(85408,'INSERT INTO gne_vale_ferreteria_mov (vfe_id,pro_codigo_plu,vfm_cantidad,vfm_unitario,vfm_total,vfm_entregado) VALUES (15454,19803,1,520,520,@@@NO@@@)','',2,'2013-10-31'),(85409,'INSERT INTO gne_vale_ferreteria (vfe_id,vfe_fecha,vfe_total,vfe_estado,vfe_entregado,usu_nusuario) VALUES (15455,@@@2013.10.31@@@,2550,1,0,@@@M_CASTILLO@@@)','',2,'2013-10-31'),(85410,'INSERT INTO gne_vale_ferreteria_mov (vfe_id,pro_codigo_plu,vfm_cantidad,vfm_unitario,vfm_total,vfm_entregado) VALUES (15455,19918,2,330,660,@@@NO@@@)','',2,'2013-10-31'),(85411,'INSERT INTO gne_vale_ferreteria_mov (vfe_id,pro_codigo_plu,vfm_cantidad,vfm_unitario,vfm_total,vfm_entregado) VALUES (15455,20516,1,1890,1890,@@@NO@@@)','',2,'2013-10-31'),(85412,'INSERT INTO gne_vale_ferreteria (vfe_id,vfe_fecha,vfe_total,vfe_estado,vfe_entregado,usu_nusuario) VALUES (15456,@@@2013.11.01@@@,2190,1,0,@@@G_DIAZ@@@)','',2,'2013-11-01'),(85413,'INSERT INTO gne_vale_ferreteria_mov (vfe_id,pro_codigo_plu,vfm_cantidad,vfm_unitario,vfm_total,vfm_entregado) VALUES (15456,780721743,1,2190,2190,@@@NO@@@)','',2,'2013-11-01'),(85414,'INSERT INTO gne_vale_ferreteria (vfe_id,vfe_fecha,vfe_total,vfe_estado,vfe_entregado,usu_nusuario) VALUES (15457,@@@2013.11.01@@@,520,1,0,@@@G_DIAZ@@@)','',2,'2013-11-01'),(85415,'INSERT INTO gne_vale_ferreteria_mov (vfe_id,pro_codigo_plu,vfm_cantidad,vfm_unitario,vfm_total,vfm_entregado) VALUES (15457,19803,1,520,520,@@@NO@@@)','',2,'2013-11-01'),(85416,'INSERT INTO gne_vale_ferreteria (vfe_id,vfe_fecha,vfe_total,vfe_estado,vfe_entregado,usu_nusuario) VALUES (15458,@@@2013.11.01@@@,150,1,0,@@@G_DIAZ@@@)','',2,'2013-11-01'),(85417,'INSERT INTO gne_vale_ferreteria_mov (vfe_id,pro_codigo_plu,vfm_cantidad,vfm_unitario,vfm_total,vfm_entregado) VALUES (15458,78017012,1,150,150,@@@NO@@@)','',2,'2013-11-01'),(85418,'INSERT INTO gne_vale_ferreteria (vfe_id,vfe_fecha,vfe_total,vfe_estado,vfe_entregado,usu_nusuario) VALUES (15459,@@@2013.11.01@@@,1590,1,0,@@@G_DIAZ@@@)','',2,'2013-11-01'),(85419,'INSERT INTO gne_vale_ferreteria_mov (vfe_id,pro_codigo_plu,vfm_cantidad,vfm_unitario,vfm_total,vfm_entregado) VALUES (15459,780721964,1,1590,1590,@@@NO@@@)','',2,'2013-11-01'),(85420,'INSERT INTO gne_vale_ferreteria (vfe_id,vfe_fecha,vfe_total,vfe_estado,vfe_entregado,usu_nusuario) VALUES (15460,@@@2013.11.01@@@,390,1,0,@@@G_DIAZ@@@)','',2,'2013-11-01'),(85421,'INSERT INTO gne_vale_ferreteria_mov (vfe_id,pro_codigo_plu,vfm_cantidad,vfm_unitario,vfm_total,vfm_entregado) VALUES (15460,101102,1,390,390,@@@NO@@@)','',2,'2013-11-01'),(85422,'INSERT INTO gne_vale_ferreteria (vfe_id,vfe_fecha,vfe_total,vfe_estado,vfe_entregado,usu_nusuario) VALUES (15461,@@@2013.11.01@@@,950,1,0,@@@G_DIAZ@@@)','',2,'2013-11-01'),(85423,'INSERT INTO gne_vale_ferreteria_mov (vfe_id,pro_codigo_plu,vfm_cantidad,vfm_unitario,vfm_total,vfm_entregado) VALUES (15461,14534,1,950,950,@@@NO@@@)','',2,'2013-11-01'),(85424,'INSERT INTO gne_vale_ferreteria (vfe_id,vfe_fecha,vfe_total,vfe_estado,vfe_entregado,usu_nusuario) VALUES (15462,@@@2013.11.01@@@,450,1,0,@@@G_DIAZ@@@)','',2,'2013-11-01'),(85425,'INSERT INTO gne_vale_ferreteria_mov (vfe_id,pro_codigo_plu,vfm_cantidad,vfm_unitario,vfm_total,vfm_entregado) VALUES (15462,780721713,1,450,450,@@@NO@@@)','',2,'2013-11-01'),(85426,'INSERT INTO gne_vale_ferreteria (vfe_id,vfe_fecha,vfe_total,vfe_estado,vfe_entregado,usu_nusuario) VALUES (15463,@@@2013.11.01@@@,1890,1,0,@@@G_DIAZ@@@)','',2,'2013-11-01'),(85427,'INSERT INTO gne_vale_ferreteria_mov (vfe_id,pro_codigo_plu,vfm_cantidad,vfm_unitario,vfm_total,vfm_entregado) VALUES (15463,101678,1,1890,1890,@@@NO@@@)','',2,'2013-11-01'),(85428,'INSERT INTO gne_vale_ferreteria (vfe_id,vfe_fecha,vfe_total,vfe_estado,vfe_entregado,usu_nusuario) VALUES (15464,@@@2013.11.01@@@,1170,1,0,@@@G_DIAZ@@@)','',2,'2013-11-01'),(85429,'INSERT INTO gne_vale_ferreteria_mov (vfe_id,pro_codigo_plu,vfm_cantidad,vfm_unitario,vfm_total,vfm_entregado) VALUES (15464,780721291,3,390,1170,@@@NO@@@)','',2,'2013-11-01'),(85430,'INSERT INTO gne_vale_ferreteria (vfe_id,vfe_fecha,vfe_total,vfe_estado,vfe_entregado,usu_nusuario) VALUES (15465,@@@2013.11.01@@@,2990,1,0,@@@G_DIAZ@@@)','',2,'2013-11-01'),(85431,'INSERT INTO gne_vale_ferreteria_mov (vfe_id,pro_codigo_plu,vfm_cantidad,vfm_unitario,vfm_total,vfm_entregado) VALUES (15465,764919,1,2990,2990,@@@NO@@@)','',2,'2013-11-01'),(85432,'INSERT INTO gne_vale_ferreteria (vfe_id,vfe_fecha,vfe_total,vfe_estado,vfe_entregado,usu_nusuario) VALUES (15466,@@@2013.11.01@@@,150,1,0,@@@G_DIAZ@@@)','',2,'2013-11-01'),(85433,'INSERT INTO gne_vale_ferreteria_mov (vfe_id,pro_codigo_plu,vfm_cantidad,vfm_unitario,vfm_total,vfm_entregado) VALUES (15466,78017110,1,150,150,@@@NO@@@)','',2,'2013-11-01'),(85434,'INSERT INTO gne_vale_ferreteria (vfe_id,vfe_fecha,vfe_total,vfe_estado,vfe_entregado,usu_nusuario) VALUES (15467,@@@2013.11.01@@@,130,1,0,@@@G_DIAZ@@@)','',2,'2013-11-01'),(85435,'INSERT INTO gne_vale_ferreteria_mov (vfe_id,pro_codigo_plu,vfm_cantidad,vfm_unitario,vfm_total,vfm_entregado) VALUES (15467,15967,1,130,130,@@@NO@@@)','',2,'2013-11-01'),(85436,'INSERT INTO gne_vale_ferreteria (vfe_id,vfe_fecha,vfe_total,vfe_estado,vfe_entregado,usu_nusuario) VALUES (15468,@@@2013.11.01@@@,260,1,0,@@@G_DIAZ@@@)','',2,'2013-11-01'),(85437,'INSERT INTO gne_vale_ferreteria_mov (vfe_id,pro_codigo_plu,vfm_cantidad,vfm_unitario,vfm_total,vfm_entregado) VALUES (15468,15967,2,130,260,@@@NO@@@)','',2,'2013-11-01'),(85438,'INSERT INTO com_ventas_grupo (vgr_fecha,vgr_grupo,vgr_cantidad,vgr_total) VALUES (@@@2013.10.31@@@,1,264.155,234586)','',2,'2013-11-01'),(85439,'INSERT INTO com_ventas_grupo (vgr_fecha,vgr_grupo,vgr_cantidad,vgr_total) VALUES (@@@2013.10.31@@@,2,220.74,129930)','',2,'2013-11-01'),(85440,'INSERT INTO com_ventas_grupo (vgr_fecha,vgr_grupo,vgr_cantidad,vgr_total) VALUES (@@@2013.10.31@@@,3,494,105631)','',2,'2013-11-01'),(85441,'INSERT INTO com_ventas_grupo (vgr_fecha,vgr_grupo,vgr_cantidad,vgr_total) VALUES (@@@2013.10.31@@@,4,149,143850)','',2,'2013-11-01'),(85442,'INSERT INTO com_ventas_grupo (vgr_fecha,vgr_grupo,vgr_cantidad,vgr_total) VALUES (@@@2013.10.31@@@,5,12,33314)','',2,'2013-11-01'),(85443,'INSERT INTO com_ventas_grupo (vgr_fecha,vgr_grupo,vgr_cantidad,vgr_total) VALUES (@@@2013.10.31@@@,6,38,72702)','',2,'2013-11-01'),(85444,'INSERT INTO com_ventas_grupo (vgr_fecha,vgr_grupo,vgr_cantidad,vgr_total) VALUES (@@@2013.10.31@@@,7,102,212518)','',2,'2013-11-01'),(85445,'INSERT INTO com_ventas_grupo (vgr_fecha,vgr_grupo,vgr_cantidad,vgr_total) VALUES (@@@2013.10.31@@@,8,38,27990)','',2,'2013-11-01'),(85446,'INSERT INTO com_ventas_grupo (vgr_fecha,vgr_grupo,vgr_cantidad,vgr_total) VALUES (@@@2013.10.31@@@,9,138.565,245715)','',2,'2013-11-01'),(85447,'INSERT INTO com_ventas_grupo (vgr_fecha,vgr_grupo,vgr_cantidad,vgr_total) VALUES (@@@2013.10.31@@@,10,83,272368)','',2,'2013-11-01'),(85448,'INSERT INTO com_ventas_grupo (vgr_fecha,vgr_grupo,vgr_cantidad,vgr_total) VALUES (@@@2013.10.31@@@,11,50.42,189148)','',2,'2013-11-01'),(85449,'INSERT INTO com_ventas_grupo (vgr_fecha,vgr_grupo,vgr_cantidad,vgr_total) VALUES (@@@2013.10.31@@@,12,53.65,110960)','',2,'2013-11-01'),(85450,'INSERT INTO com_ventas_grupo (vgr_fecha,vgr_grupo,vgr_cantidad,vgr_total) VALUES (@@@2013.10.31@@@,13,19.705,69780)','',2,'2013-11-01'),(85451,'INSERT INTO com_ventas_grupo (vgr_fecha,vgr_grupo,vgr_cantidad,vgr_total) VALUES (@@@2013.10.31@@@,14,124.91,113455)','',2,'2013-11-01'),(85452,'INSERT INTO com_ventas_grupo (vgr_fecha,vgr_grupo,vgr_cantidad,vgr_total) VALUES (@@@2013.10.31@@@,18,378.075,208885)','',2,'2013-11-01'),(85453,'INSERT INTO com_ventas_grupo (vgr_fecha,vgr_grupo,vgr_cantidad,vgr_total) VALUES (@@@2013.10.31@@@,19,2,4580)','',2,'2013-11-01'),(85454,'INSERT INTO com_ventas_grupo (vgr_fecha,vgr_grupo,vgr_cantidad,vgr_total) VALUES (@@@2013.10.31@@@,20,203,91587)','',2,'2013-11-01'),(85455,'INSERT INTO com_ventas_grupo (vgr_fecha,vgr_grupo,vgr_cantidad,vgr_total) VALUES (@@@2013.10.31@@@,21,103,79470)','',2,'2013-11-01'),(85456,'INSERT INTO com_ventas_grupo (vgr_fecha,vgr_grupo,vgr_cantidad,vgr_total) VALUES (@@@2013.10.31@@@,22,1,7990)','',2,'2013-11-01'),(85457,'INSERT INTO com_ventas_grupo (vgr_fecha,vgr_grupo,vgr_cantidad,vgr_total) VALUES (@@@2013.10.31@@@,23,8,20920)','',2,'2013-11-01'),(85458,'INSERT INTO com_ventas_grupo (vgr_fecha,vgr_grupo,vgr_cantidad,vgr_total) VALUES (@@@2013.10.31@@@,24,396,63500)','',2,'2013-11-01'),(85459,'INSERT INTO com_ventas_grupo (vgr_fecha,vgr_grupo,vgr_cantidad,vgr_total) VALUES (@@@2013.10.31@@@,25,95,141200)','',2,'2013-11-01'),(85460,'INSERT INTO com_ventas_grupo (vgr_fecha,vgr_grupo,vgr_cantidad,vgr_total) VALUES (@@@2013.10.31@@@,31,16,13669)','',2,'2013-11-01'),(85461,'INSERT INTO com_ventas_grupo (vgr_fecha,vgr_grupo,vgr_cantidad,vgr_total) VALUES (@@@2013.10.31@@@,32,522,207055)','',2,'2013-11-01'),(85462,'INSERT INTO com_ventas_grupo (vgr_fecha,vgr_grupo,vgr_cantidad,vgr_total) VALUES (@@@2013.10.31@@@,33,3,7050)','',2,'2013-11-01'),(85463,'INSERT INTO com_ventas_grupo (vgr_fecha,vgr_grupo,vgr_cantidad,vgr_total) VALUES (@@@2013.10.31@@@,35,16,20730)','',2,'2013-11-01'),(85464,'INSERT INTO com_ventas_grupo (vgr_fecha,vgr_grupo,vgr_cantidad,vgr_total) VALUES (@@@2013.10.31@@@,36,26,3740)','',2,'2013-11-01'),(85465,'INSERT INTO com_ventas_grupo (vgr_fecha,vgr_grupo,vgr_cantidad,vgr_total) VALUES (@@@2013.10.31@@@,37,2,3180)','',2,'2013-11-01'),(85466,'INSERT INTO com_ventas_grupo (vgr_fecha,vgr_grupo,vgr_cantidad,vgr_total) VALUES (@@@2013.10.31@@@,38,7,8430)','',2,'2013-11-01'),(85467,'INSERT INTO com_ventas_grupo (vgr_fecha,vgr_grupo,vgr_cantidad,vgr_total) VALUES (@@@2013.10.31@@@,39,17,19930)','',2,'2013-11-01'),(85468,'INSERT INTO com_ventas_grupo (vgr_fecha,vgr_grupo,vgr_cantidad,vgr_total) VALUES (@@@2013.10.31@@@,40,2,360)','',2,'2013-11-01'),(85469,'INSERT INTO com_ventas_grupo (vgr_fecha,vgr_grupo,vgr_cantidad,vgr_total) VALUES (@@@2013.10.31@@@,41,1,490)','',2,'2013-11-01'),(85470,'INSERT INTO com_ventas_grupo (vgr_fecha,vgr_grupo,vgr_cantidad,vgr_total) VALUES (@@@2013.10.31@@@,42,32.865,26845)','',2,'2013-11-01'),(85471,'INSERT INTO com_ventas_grupo (vgr_fecha,vgr_grupo,vgr_cantidad,vgr_total) VALUES (@@@2013.10.31@@@,44,7,11950)','',2,'2013-11-01'),(85472,'UPDATE mae_datos_empresa SET emp_oferta=@@@NO@@@','',2,'2013-11-01'),(85473,'INSERT INTO gne_vale_ferreteria (vfe_id,vfe_fecha,vfe_total,vfe_estado,vfe_entregado,usu_nusuario) VALUES (15469,@@@2013.11.01@@@,640,1,0,@@@G_DIAZ@@@)','',2,'2013-11-01'),(85474,'INSERT INTO gne_vale_ferreteria_mov (vfe_id,pro_codigo_plu,vfm_cantidad,vfm_unitario,vfm_total,vfm_entregado) VALUES (15469,19865,1,640,640,@@@NO@@@)','',2,'2013-11-01'),(85475,'INSERT INTO gne_vale_ferreteria (vfe_id,vfe_fecha,vfe_total,vfe_estado,vfe_entregado,usu_nusuario) VALUES (15470,@@@2013.11.01@@@,1390,1,0,@@@G_DIAZ@@@)','',2,'2013-11-01'),(85476,'INSERT INTO gne_vale_ferreteria_mov (vfe_id,pro_codigo_plu,vfm_cantidad,vfm_unitario,vfm_total,vfm_entregado) VALUES (15470,780721419,1,1390,1390,@@@NO@@@)','',2,'2013-11-01'),(85477,'INSERT INTO gne_vale_ferreteria (vfe_id,vfe_fecha,vfe_total,vfe_estado,vfe_entregado,usu_nusuario) VALUES (15471,@@@2013.11.01@@@,750,1,0,@@@G_DIAZ@@@)','',2,'2013-11-01'),(85478,'INSERT INTO gne_vale_ferreteria_mov (vfe_id,pro_codigo_plu,vfm_cantidad,vfm_unitario,vfm_total,vfm_entregado) VALUES (15471,763702,1,650,650,@@@NO@@@)','',2,'2013-11-01'),(85479,'INSERT INTO gne_vale_ferreteria_mov (vfe_id,pro_codigo_plu,vfm_cantidad,vfm_unitario,vfm_total,vfm_entregado) VALUES (15471,764411,1,100,100,@@@NO@@@)','',2,'2013-11-01'),(85480,'INSERT INTO gne_vale_ferreteria (vfe_id,vfe_fecha,vfe_total,vfe_estado,vfe_entregado,usu_nusuario) VALUES (15472,@@@2013.11.01@@@,960,1,0,@@@G_DIAZ@@@)','',2,'2013-11-01'),(85481,'INSERT INTO gne_vale_ferreteria_mov (vfe_id,pro_codigo_plu,vfm_cantidad,vfm_unitario,vfm_total,vfm_entregado) VALUES (15472,770001,7,80,560,@@@NO@@@)','',2,'2013-11-01'),(85482,'INSERT INTO gne_vale_ferreteria_mov (vfe_id,pro_codigo_plu,vfm_cantidad,vfm_unitario,vfm_total,vfm_entregado) VALUES (15472,78017111,4,100,400,@@@NO@@@)','',2,'2013-11-01'),(85483,'INSERT INTO gne_vale_ferreteria (vfe_id,vfe_fecha,vfe_total,vfe_estado,vfe_entregado,usu_nusuario) VALUES (15473,@@@2013.11.01@@@,3090,1,0,@@@G_DIAZ@@@)','',2,'2013-11-01'),(85484,'INSERT INTO gne_vale_ferreteria_mov (vfe_id,pro_codigo_plu,vfm_cantidad,vfm_unitario,vfm_total,vfm_entregado) VALUES (15473,101623,1,1890,1890,@@@NO@@@)','',2,'2013-11-01'),(85485,'INSERT INTO gne_vale_ferreteria_mov (vfe_id,pro_codigo_plu,vfm_cantidad,vfm_unitario,vfm_total,vfm_entregado) VALUES (15473,78017090,4,300,1200,@@@NO@@@)','',2,'2013-11-01'),(85486,'INSERT INTO gne_vale_ferreteria (vfe_id,vfe_fecha,vfe_total,vfe_estado,vfe_entregado,usu_nusuario) VALUES (15474,@@@2013.11.01@@@,590,1,0,@@@G_DIAZ@@@)','',2,'2013-11-01'),(85487,'INSERT INTO gne_vale_ferreteria_mov (vfe_id,pro_codigo_plu,vfm_cantidad,vfm_unitario,vfm_total,vfm_entregado) VALUES (15474,780722039,1,590,590,@@@NO@@@)','',2,'2013-11-01'),(85488,'INSERT INTO gne_vale_ferreteria (vfe_id,vfe_fecha,vfe_total,vfe_estado,vfe_entregado,usu_nusuario) VALUES (15475,@@@2013.11.01@@@,720,1,0,@@@G_DIAZ@@@)','',2,'2013-11-01'),(85489,'INSERT INTO gne_vale_ferreteria_mov (vfe_id,pro_codigo_plu,vfm_cantidad,vfm_unitario,vfm_total,vfm_entregado) VALUES (15475,19866,1,720,720,@@@NO@@@)','',2,'2013-11-01'),(85490,'INSERT INTO gne_vale_ferreteria (vfe_id,vfe_fecha,vfe_total,vfe_estado,vfe_entregado,usu_nusuario) VALUES (15476,@@@2013.11.01@@@,2360,1,0,@@@G_DIAZ@@@)','',2,'2013-11-01'),(85491,'INSERT INTO gne_vale_ferreteria_mov (vfe_id,pro_codigo_plu,vfm_cantidad,vfm_unitario,vfm_total,vfm_entregado) VALUES (15476,780722039,4,590,2360,@@@NO@@@)','',2,'2013-11-01'),(85492,'INSERT INTO gne_vale_ferreteria (vfe_id,vfe_fecha,vfe_total,vfe_estado,vfe_entregado,usu_nusuario) VALUES (15477,@@@2013.11.01@@@,4510,1,0,@@@G_DIAZ@@@)','',2,'2013-11-01'),(85493,'INSERT INTO gne_vale_ferreteria_mov (vfe_id,pro_codigo_plu,vfm_cantidad,vfm_unitario,vfm_total,vfm_entregado) VALUES (15477,21116,1,770,770,@@@NO@@@)','',2,'2013-11-01'),(85494,'INSERT INTO gne_vale_ferreteria_mov (vfe_id,pro_codigo_plu,vfm_cantidad,vfm_unitario,vfm_total,vfm_entregado) VALUES (15477,765066,1,2990,2990,@@@NO@@@)','',2,'2013-11-01'),(85495,'INSERT INTO gne_vale_ferreteria_mov (vfe_id,pro_codigo_plu,vfm_cantidad,vfm_unitario,vfm_total,vfm_entregado) VALUES (15477,78017020,1,390,390,@@@NO@@@)','',2,'2013-11-01'),(85496,'INSERT INTO gne_vale_ferreteria_mov (vfe_id,pro_codigo_plu,vfm_cantidad,vfm_unitario,vfm_total,vfm_entregado) VALUES (15477,764766,2,120,240,@@@NO@@@)','',2,'2013-11-01'),(85497,'INSERT INTO gne_vale_ferreteria_mov (vfe_id,pro_codigo_plu,vfm_cantidad,vfm_unitario,vfm_total,vfm_entregado) VALUES (15477,8022,1,120,120,@@@NO@@@)','',2,'2013-11-01'),(85498,'INSERT INTO gne_vale_ferreteria (vfe_id,vfe_fecha,vfe_total,vfe_estado,vfe_entregado,usu_nusuario) VALUES (15478,@@@2013.11.01@@@,5560,1,0,@@@G_DIAZ@@@)','',2,'2013-11-01'),(85499,'INSERT INTO gne_vale_ferreteria_mov (vfe_id,pro_codigo_plu,vfm_cantidad,vfm_unitario,vfm_total,vfm_entregado) VALUES (15478,780721959,1,1890,1890,@@@NO@@@)','',2,'2013-11-01'),(85500,'INSERT INTO gne_vale_ferreteria_mov (vfe_id,pro_codigo_plu,vfm_cantidad,vfm_unitario,vfm_total,vfm_entregado) VALUES (15478,121012,1,590,590,@@@NO@@@)','',2,'2013-11-01'),(85501,'INSERT INTO gne_vale_ferreteria_mov (vfe_id,pro_codigo_plu,vfm_cantidad,vfm_unitario,vfm_total,vfm_entregado) VALUES (15478,764392,2,490,980,@@@NO@@@)','',2,'2013-11-01'),(85502,'INSERT INTO gne_vale_ferreteria_mov (vfe_id,pro_codigo_plu,vfm_cantidad,vfm_unitario,vfm_total,vfm_entregado) VALUES (15478,763944,1,2100,2100,@@@NO@@@)','',2,'2013-11-01'),(85503,'INSERT INTO gne_vale_ferreteria (vfe_id,vfe_fecha,vfe_total,vfe_estado,vfe_entregado,usu_nusuario) VALUES (15479,@@@2013.11.01@@@,390,1,0,@@@G_DIAZ@@@)','',2,'2013-11-01'),(85504,'INSERT INTO gne_vale_ferreteria_mov (vfe_id,pro_codigo_plu,vfm_cantidad,vfm_unitario,vfm_total,vfm_entregado) VALUES (15479,7500,1,390,390,@@@NO@@@)','',2,'2013-11-01'),(85505,'INSERT INTO gne_vale_ferreteria (vfe_id,vfe_fecha,vfe_total,vfe_estado,vfe_entregado,usu_nusuario) VALUES (15480,@@@2013.11.01@@@,200,1,0,@@@G_DIAZ@@@)','',2,'2013-11-01'),(85506,'INSERT INTO gne_vale_ferreteria_mov (vfe_id,pro_codigo_plu,vfm_cantidad,vfm_unitario,vfm_total,vfm_entregado) VALUES (15480,764702,1,200,200,@@@NO@@@)','',2,'2013-11-01'),(85507,'INSERT INTO gne_vale_ferreteria (vfe_id,vfe_fecha,vfe_total,vfe_estado,vfe_entregado,usu_nusuario) VALUES (15481,@@@2013.11.01@@@,650,1,0,@@@G_DIAZ@@@)','',2,'2013-11-01'),(85508,'INSERT INTO gne_vale_ferreteria_mov (vfe_id,pro_codigo_plu,vfm_cantidad,vfm_unitario,vfm_total,vfm_entregado) VALUES (15481,78017013,1,650,650,@@@NO@@@)','',2,'2013-11-01'),(85509,'INSERT INTO gne_vale_ferreteria (vfe_id,vfe_fecha,vfe_total,vfe_estado,vfe_entregado,usu_nusuario) VALUES (15482,@@@2013.11.01@@@,490,1,0,@@@G_DIAZ@@@)','',2,'2013-11-01'),(85510,'INSERT INTO gne_vale_ferreteria_mov (vfe_id,pro_codigo_plu,vfm_cantidad,vfm_unitario,vfm_total,vfm_entregado) VALUES (15482,780721306,1,490,490,@@@NO@@@)','',2,'2013-11-01'),(85511,'INSERT INTO gne_vale_ferreteria (vfe_id,vfe_fecha,vfe_total,vfe_estado,vfe_entregado,usu_nusuario) VALUES (15483,@@@2013.11.01@@@,3750,1,0,@@@G_DIAZ@@@)','',2,'2013-11-01'),(85512,'INSERT INTO gne_vale_ferreteria_mov (vfe_id,pro_codigo_plu,vfm_cantidad,vfm_unitario,vfm_total,vfm_entregado) VALUES (15483,11670,1,930,930,@@@NO@@@)','',2,'2013-11-01'),(85513,'INSERT INTO gne_vale_ferreteria_mov (vfe_id,pro_codigo_plu,vfm_cantidad,vfm_unitario,vfm_total,vfm_entregado) VALUES (15483,763937,1,690,690,@@@NO@@@)','',2,'2013-11-01'),(85514,'INSERT INTO gne_vale_ferreteria_mov (vfe_id,pro_codigo_plu,vfm_cantidad,vfm_unitario,vfm_total,vfm_entregado) VALUES (15483,761996,1,1200,1200,@@@NO@@@)','',2,'2013-11-01'),(85515,'INSERT INTO gne_vale_ferreteria_mov (vfe_id,pro_codigo_plu,vfm_cantidad,vfm_unitario,vfm_total,vfm_entregado) VALUES (15483,764122,1,210,210,@@@NO@@@)','',2,'2013-11-01'),(85516,'INSERT INTO gne_vale_ferreteria_mov (vfe_id,pro_codigo_plu,vfm_cantidad,vfm_unitario,vfm_total,vfm_entregado) VALUES (15483,770036,1,170,170,@@@NO@@@)','',2,'2013-11-01'),(85517,'INSERT INTO gne_vale_ferreteria_mov (vfe_id,pro_codigo_plu,vfm_cantidad,vfm_unitario,vfm_total,vfm_entregado) VALUES (15483,764263,1,550,550,@@@NO@@@)','',2,'2013-11-01'),(85518,'INSERT INTO gne_vale_ferreteria (vfe_id,vfe_fecha,vfe_total,vfe_estado,vfe_entregado,usu_nusuario) VALUES (15484,@@@2013.11.01@@@,2760,1,0,@@@G_DIAZ@@@)','',2,'2013-11-01'),(85519,'INSERT INTO gne_vale_ferreteria_mov (vfe_id,pro_codigo_plu,vfm_cantidad,vfm_unitario,vfm_total,vfm_entregado) VALUES (15484,19804,4,690,2760,@@@NO@@@)','',2,'2013-11-01'),(85520,'INSERT INTO gne_vale_ferreteria (vfe_id,vfe_fecha,vfe_total,vfe_estado,vfe_entregado,usu_nusuario) VALUES (15485,@@@2013.11.01@@@,450,1,0,@@@G_DIAZ@@@)','',2,'2013-11-01'),(85521,'INSERT INTO gne_vale_ferreteria_mov (vfe_id,pro_codigo_plu,vfm_cantidad,vfm_unitario,vfm_total,vfm_entregado) VALUES (15485,78017202,1,450,450,@@@NO@@@)','',2,'2013-11-01'),(85522,'INSERT INTO gne_vale_ferreteria (vfe_id,vfe_fecha,vfe_total,vfe_estado,vfe_entregado,usu_nusuario) VALUES (15486,@@@2013.11.01@@@,500,1,0,@@@G_DIAZ@@@)','',2,'2013-11-01'),(85523,'INSERT INTO gne_vale_ferreteria_mov (vfe_id,pro_codigo_plu,vfm_cantidad,vfm_unitario,vfm_total,vfm_entregado) VALUES (15486,4081,5,100,500,@@@NO@@@)','',2,'2013-11-01'),(85524,'INSERT INTO gne_vale_ferreteria (vfe_id,vfe_fecha,vfe_total,vfe_estado,vfe_entregado,usu_nusuario) VALUES (15487,@@@2013.11.01@@@,140,1,0,@@@G_DIAZ@@@)','',2,'2013-11-01'),(85525,'INSERT INTO gne_vale_ferreteria_mov (vfe_id,pro_codigo_plu,vfm_cantidad,vfm_unitario,vfm_total,vfm_entregado) VALUES (15487,78016966,7,20,140,@@@NO@@@)','',2,'2013-11-01'),(85526,'INSERT INTO gne_vale_ferreteria (vfe_id,vfe_fecha,vfe_total,vfe_estado,vfe_entregado,usu_nusuario) VALUES (15488,@@@2013.11.01@@@,4180,1,0,@@@G_DIAZ@@@)','',2,'2013-11-01'),(85527,'INSERT INTO gne_vale_ferreteria_mov (vfe_id,pro_codigo_plu,vfm_cantidad,vfm_unitario,vfm_total,vfm_entregado) VALUES (15488,764860,1,3490,3490,@@@NO@@@)','',2,'2013-11-01'),(85528,'INSERT INTO gne_vale_ferreteria_mov (vfe_id,pro_codigo_plu,vfm_cantidad,vfm_unitario,vfm_total,vfm_entregado) VALUES (15488,770091,1,690,690,@@@NO@@@)','',2,'2013-11-01'),(85529,'INSERT INTO gne_vale_ferreteria (vfe_id,vfe_fecha,vfe_total,vfe_estado,vfe_entregado,usu_nusuario) VALUES (15489,@@@2013.11.01@@@,390,1,0,@@@G_DIAZ@@@)','',2,'2013-11-01'),(85530,'INSERT INTO gne_vale_ferreteria_mov (vfe_id,pro_codigo_plu,vfm_cantidad,vfm_unitario,vfm_total,vfm_entregado) VALUES (15489,764205,1,390,390,@@@NO@@@)','',2,'2013-11-01'),(85531,'INSERT INTO gne_vale_ferreteria (vfe_id,vfe_fecha,vfe_total,vfe_estado,vfe_entregado,usu_nusuario) VALUES (15490,@@@2013.11.01@@@,1395,1,0,@@@G_DIAZ@@@)','',2,'2013-11-01'),(85532,'INSERT INTO gne_vale_ferreteria_mov (vfe_id,pro_codigo_plu,vfm_cantidad,vfm_unitario,vfm_total,vfm_entregado) VALUES (15490,780721923,1,1395,1395,@@@NO@@@)','',2,'2013-11-01'),(85533,'UPDATE mae_productos SET pro_margen_actual=153.28,pro_precio_venta=1350 WHERE pro_codigo_plu=580','',2,'2013-11-01'),(85534,'UPDATE mae_productos SET pro_margen_actual=73.33,pro_precio_venta=780 WHERE pro_codigo_plu=592','',2,'2013-11-01'),(85535,'UPDATE mae_productos SET pro_margen_actual=120,pro_precio_venta=550 WHERE pro_codigo_plu=535','',2,'2013-11-01'),(85536,'UPDATE mae_productos SET pro_margen_actual=11.11,pro_precio_venta=420 WHERE pro_codigo_plu=534','',2,'2013-11-01'),(85537,'UPDATE mae_productos SET pro_margen_actual=26.83,pro_precio_venta=520 WHERE pro_codigo_plu=589','',2,'2013-11-01'),(85538,'UPDATE mae_productos SET pro_margen_actual=138.1,pro_precio_venta=750 WHERE pro_codigo_plu=541','',2,'2013-11-01'),(85539,'UPDATE mae_productos SET pro_margen_actual=0,pro_precio_venta=2790 WHERE pro_codigo_plu=506','',2,'2013-11-01'),(85540,'UPDATE mae_productos SET pro_margen_actual=126.97,pro_precio_venta=690 WHERE pro_codigo_plu=552','',2,'2013-11-01'),(85541,'UPDATE mae_productos SET pro_precio_fiscal=pro_precio_venta WHERE pro_codigo_plu=534','',2,'2013-11-01'),(85542,'UPDATE mae_productos SET pro_precio_fiscal=pro_precio_venta WHERE pro_codigo_plu=535','',2,'2013-11-01'),(85543,'UPDATE mae_productos SET pro_precio_fiscal=pro_precio_venta WHERE pro_codigo_plu=541','',2,'2013-11-01'),(85544,'UPDATE mae_productos SET pro_precio_fiscal=pro_precio_venta WHERE pro_codigo_plu=580','',2,'2013-11-01'),(85545,'UPDATE mae_productos SET pro_precio_fiscal=pro_precio_venta WHERE pro_codigo_plu=589','',2,'2013-11-01'),(85546,'UPDATE mae_productos SET pro_precio_fiscal=pro_precio_venta WHERE pro_codigo_plu=592','',2,'2013-11-01'),(85547,'UPDATE mae_productos SET pro_margen_actual=104.08,pro_precio_venta=100 WHERE pro_codigo_plu=13881','',2,'2013-11-01'),(85548,'INSERT INTO gne_vale_ferreteria (vfe_id,vfe_fecha,vfe_total,vfe_estado,vfe_entregado,usu_nusuario) VALUES (15491,@@@2013.11.01@@@,250,1,0,@@@M_CASTILLO@@@)','',2,'2013-11-01'),(85549,'INSERT INTO gne_vale_ferreteria_mov (vfe_id,pro_codigo_plu,vfm_cantidad,vfm_unitario,vfm_total,vfm_entregado) VALUES (15491,780721493,1,250,250,@@@NO@@@)','',2,'2013-11-01'),(85550,'UPDATE mae_productos SET pro_precio_fiscal=pro_precio_venta WHERE pro_codigo_plu=13881','',2,'2013-11-01'),(85551,'INSERT INTO gne_vale_ferreteria (vfe_id,vfe_fecha,vfe_total,vfe_estado,vfe_entregado,usu_nusuario) VALUES (15492,@@@2013.11.01@@@,200,1,0,@@@M_CASTILLO@@@)','',2,'2013-11-01'),(85552,'INSERT INTO gne_vale_ferreteria_mov (vfe_id,pro_codigo_plu,vfm_cantidad,vfm_unitario,vfm_total,vfm_entregado) VALUES (15492,101101,1,200,200,@@@NO@@@)','',2,'2013-11-01'),(85553,'INSERT INTO gne_vale_ferreteria (vfe_id,vfe_fecha,vfe_total,vfe_estado,vfe_entregado,usu_nusuario) VALUES (15493,@@@2013.11.01@@@,1590,1,0,@@@M_CASTILLO@@@)','',2,'2013-11-01'),(85554,'INSERT INTO gne_vale_ferreteria_mov (vfe_id,pro_codigo_plu,vfm_cantidad,vfm_unitario,vfm_total,vfm_entregado) VALUES (15493,780721123,1,1590,1590,@@@NO@@@)','',2,'2013-11-01'),(85555,'INSERT INTO gne_vale_ferreteria (vfe_id,vfe_fecha,vfe_total,vfe_estado,vfe_entregado,usu_nusuario) VALUES (15494,@@@2013.11.01@@@,1330,1,0,@@@M_CASTILLO@@@)','',2,'2013-11-01'),(85556,'INSERT INTO gne_vale_ferreteria_mov (vfe_id,pro_codigo_plu,vfm_cantidad,vfm_unitario,vfm_total,vfm_entregado) VALUES (15494,19876,1,980,980,@@@NO@@@)','',2,'2013-11-01'),(85557,'INSERT INTO gne_vale_ferreteria_mov (vfe_id,pro_codigo_plu,vfm_cantidad,vfm_unitario,vfm_total,vfm_entregado) VALUES (15494,20847,1,350,350,@@@NO@@@)','',2,'2013-11-01'),(85558,'UPDATE mae_productos SET pro_codigo_barra=@@@534@@@,pro_tipo=@@@0@@@,pro_nombre_producto=@@@LIMON NACIONAL GRANEL@@@,pro_nombre_corto=@@@LIMON NACIONAL G@@@,med_id=@@@1@@@,emb_id=@@@1@@@,pro_unidades_embalaje=@@@1@@@,dep_id=@@@18 @@@,lin_id=@@@97@@@,mar_id=@@@2507@@@,pro_precio_compra_neto=@@@0@@@,pro_precio_compra_bruto=@@@378@@@,pro_precio_venta=@@@450@@@,pro_margen_actual=@@@19.05@@@,pro_oferta=@@@NO@@@,pro_fecha_inicio_oferta=@@@1900.01.01@@@,pro_fecha_termino_oferta=@@@1900.01.01@@@,pro_precio_oferta=@@@0@@@,pro_stock_minimo=@@@10@@@,pro_stock_critico=@@@5@@@,pro_activo=@@@1@@@,pro_unidad=@@@0@@@,pro_precio_compra_bruto=378,pro_margen_actual=19.05,pro_capacidad=1,pro_funcion_plu=0,pro_flejes=1,pro_iva=1,pro_plu_asociado=0,pro_envase=@@@NO@@@,pro_duracion=0,pro_numero_etiqueta=0 WHERE pro_codigo_plu=@@@534@@@','',2,'2013-11-01'),(85559,'UPDATE mae_productos SET pro_estado=1 WHERE pro_codigo_plu=534','',2,'2013-11-01'),(85560,'DELETE FROM mae_impuestos_productos WHERE pro_codigo_plu=@@@534@@@','',2,'2013-11-01'),(85561,'UPDATE mae_productos SET pro_precio_fiscal=pro_precio_venta WHERE pro_codigo_plu=534','',2,'2013-11-01'),(85562,'INSERT INTO gne_vale_ferreteria (vfe_id,vfe_fecha,vfe_total,vfe_estado,vfe_entregado,usu_nusuario) VALUES (15495,@@@2013.11.01@@@,150,1,0,@@@M_CASTILLO@@@)','',2,'2013-11-01'),(85563,'INSERT INTO gne_vale_ferreteria_mov (vfe_id,pro_codigo_plu,vfm_cantidad,vfm_unitario,vfm_total,vfm_entregado) VALUES (15495,909190,1,150,150,@@@NO@@@)','',2,'2013-11-01'),(85564,'INSERT INTO gne_vale_ferreteria (vfe_id,vfe_fecha,vfe_total,vfe_estado,vfe_entregado,usu_nusuario) VALUES (15496,@@@2013.11.01@@@,790,1,0,@@@M_CASTILLO@@@)','',2,'2013-11-01'),(85565,'INSERT INTO gne_vale_ferreteria_mov (vfe_id,pro_codigo_plu,vfm_cantidad,vfm_unitario,vfm_total,vfm_entregado) VALUES (15496,780721486,1,790,790,@@@NO@@@)','',2,'2013-11-01'),(85566,'INSERT INTO gne_vale_ferreteria (vfe_id,vfe_fecha,vfe_total,vfe_estado,vfe_entregado,usu_nusuario) VALUES (15497,@@@2013.11.01@@@,350,1,0,@@@M_CASTILLO@@@)','',2,'2013-11-01'),(85567,'INSERT INTO gne_vale_ferreteria_mov (vfe_id,pro_codigo_plu,vfm_cantidad,vfm_unitario,vfm_total,vfm_entregado) VALUES (15497,780721185,1,350,350,@@@NO@@@)','',2,'2013-11-01'),(85568,'INSERT INTO gne_vale_ferreteria (vfe_id,vfe_fecha,vfe_total,vfe_estado,vfe_entregado,usu_nusuario) VALUES (15498,@@@2013.11.01@@@,1800,1,0,@@@M_CASTILLO@@@)','',2,'2013-11-01'),(85569,'INSERT INTO gne_vale_ferreteria_mov (vfe_id,pro_codigo_plu,vfm_cantidad,vfm_unitario,vfm_total,vfm_entregado) VALUES (15498,78017059,15,120,1800,@@@NO@@@)','',2,'2013-11-01'),(85570,'INSERT INTO gne_vale_ferreteria (vfe_id,vfe_fecha,vfe_total,vfe_estado,vfe_entregado,usu_nusuario) VALUES (15499,@@@2013.11.01@@@,100,1,0,@@@M_CASTILLO@@@)','',2,'2013-11-01'),(85571,'INSERT INTO gne_vale_ferreteria_mov (vfe_id,pro_codigo_plu,vfm_cantidad,vfm_unitario,vfm_total,vfm_entregado) VALUES (15499,1539,10,10,100,@@@NO@@@)','',2,'2013-11-01'),(85572,'INSERT INTO gne_vale_ferreteria (vfe_id,vfe_fecha,vfe_total,vfe_estado,vfe_entregado,usu_nusuario) VALUES (15500,@@@2013.11.01@@@,980,1,0,@@@M_CASTILLO@@@)','',2,'2013-11-01'),(85573,'INSERT INTO gne_vale_ferreteria_mov (vfe_id,pro_codigo_plu,vfm_cantidad,vfm_unitario,vfm_total,vfm_entregado) VALUES (15500,780722037,2,490,980,@@@NO@@@)','',2,'2013-11-01'),(85574,'INSERT INTO gne_vale_ferreteria (vfe_id,vfe_fecha,vfe_total,vfe_estado,vfe_entregado,usu_nusuario) VALUES (15501,@@@2013.11.01@@@,1890,1,0,@@@M_CASTILLO@@@)','',2,'2013-11-01'),(85575,'INSERT INTO gne_vale_ferreteria_mov (vfe_id,pro_codigo_plu,vfm_cantidad,vfm_unitario,vfm_total,vfm_entregado) VALUES (15501,763863,1,1890,1890,@@@NO@@@)','',2,'2013-11-01'),(85576,'INSERT INTO gne_vale_ferreteria (vfe_id,vfe_fecha,vfe_total,vfe_estado,vfe_entregado,usu_nusuario) VALUES (15502,@@@2013.11.01@@@,360,1,0,@@@M_CASTILLO@@@)','',2,'2013-11-01'),(85577,'INSERT INTO gne_vale_ferreteria_mov (vfe_id,pro_codigo_plu,vfm_cantidad,vfm_unitario,vfm_total,vfm_entregado) VALUES (15502,7500884,6,60,360,@@@NO@@@)','',2,'2013-11-01'),(85578,'INSERT INTO gne_vale_ferreteria (vfe_id,vfe_fecha,vfe_total,vfe_estado,vfe_entregado,usu_nusuario) VALUES (15503,@@@2013.11.01@@@,40,1,0,@@@M_CASTILLO@@@)','',2,'2013-11-01'),(85579,'INSERT INTO gne_vale_ferreteria_mov (vfe_id,pro_codigo_plu,vfm_cantidad,vfm_unitario,vfm_total,vfm_entregado) VALUES (15503,4080,1,40,40,@@@NO@@@)','',2,'2013-11-01'),(85580,'INSERT INTO gne_vale_ferreteria (vfe_id,vfe_fecha,vfe_total,vfe_estado,vfe_entregado,usu_nusuario) VALUES (15504,@@@2013.11.01@@@,300,1,0,@@@M_CASTILLO@@@)','',2,'2013-11-01'),(85581,'INSERT INTO gne_vale_ferreteria_mov (vfe_id,pro_codigo_plu,vfm_cantidad,vfm_unitario,vfm_total,vfm_entregado) VALUES (15504,770070,10,30,300,@@@NO@@@)','',2,'2013-11-01'),(85582,'INSERT INTO gne_vale_ferreteria (vfe_id,vfe_fecha,vfe_total,vfe_estado,vfe_entregado,usu_nusuario) VALUES (15505,@@@2013.11.01@@@,990,1,0,@@@M_CASTILLO@@@)','',2,'2013-11-01'),(85583,'INSERT INTO gne_vale_ferreteria_mov (vfe_id,pro_codigo_plu,vfm_cantidad,vfm_unitario,vfm_total,vfm_entregado) VALUES (15505,780721497,1,990,990,@@@NO@@@)','',2,'2013-11-01'),(85584,'INSERT INTO gne_vale_ferreteria (vfe_id,vfe_fecha,vfe_total,vfe_estado,vfe_entregado,usu_nusuario) VALUES (15506,@@@2013.11.01@@@,3080,1,0,@@@M_CASTILLO@@@)','',2,'2013-11-01'),(85585,'INSERT INTO gne_vale_ferreteria_mov (vfe_id,pro_codigo_plu,vfm_cantidad,vfm_unitario,vfm_total,vfm_entregado) VALUES (15506,780721849,1,2590,2590,@@@NO@@@)','',2,'2013-11-01'),(85586,'INSERT INTO gne_vale_ferreteria_mov (vfe_id,pro_codigo_plu,vfm_cantidad,vfm_unitario,vfm_total,vfm_entregado) VALUES (15506,780721997,1,490,490,@@@NO@@@)','',2,'2013-11-01'),(85587,'INSERT INTO gne_vale_ferreteria (vfe_id,vfe_fecha,vfe_total,vfe_estado,vfe_entregado,usu_nusuario) VALUES (15507,@@@2013.11.01@@@,450,1,0,@@@M_CASTILLO@@@)','',2,'2013-11-01'),(85588,'INSERT INTO gne_vale_ferreteria_mov (vfe_id,pro_codigo_plu,vfm_cantidad,vfm_unitario,vfm_total,vfm_entregado) VALUES (15507,36650,1,450,450,@@@NO@@@)','',2,'2013-11-01'),(85589,'INSERT INTO gne_vale_ferreteria (vfe_id,vfe_fecha,vfe_total,vfe_estado,vfe_entregado,usu_nusuario) VALUES (15508,@@@2013.11.01@@@,1240,1,0,@@@M_CASTILLO@@@)','',2,'2013-11-01'),(85590,'INSERT INTO gne_vale_ferreteria_mov (vfe_id,pro_codigo_plu,vfm_cantidad,vfm_unitario,vfm_total,vfm_entregado) VALUES (15508,763623,1,790,790,@@@NO@@@)','',2,'2013-11-01'),(85591,'INSERT INTO gne_vale_ferreteria_mov (vfe_id,pro_codigo_plu,vfm_cantidad,vfm_unitario,vfm_total,vfm_entregado) VALUES (15508,36650,1,450,450,@@@NO@@@)','',2,'2013-11-01'),(85592,'INSERT INTO mae_productos (pro_codigo_plu,pro_codigo_barra,pro_tipo,pro_nombre_producto,pro_nombre_corto,med_id,emb_id,pro_unidades_embalaje,dep_id,lin_id,mar_id,pro_precio_compra_neto,pro_precio_compra_bruto,pro_precio_venta,pro_margen_actual,pro_oferta,pro_fecha_inicio_oferta,pro_fecha_termino_oferta,pro_precio_oferta,pro_stock_minimo,pro_stock_critico,pro_entradas_bodega,pro_salidas_bodega,pro_mermas_bodega,pro_ajustes_bodega,pro_entradas_sv,pro_salidas_sv,pro_mermas_sv,pro_ajustes_sv,pro_activo,rec_numero,pro_unidad,pro_capacidad,pro_consumo_bodega,pro_consumo_sv,pro_estado,pro_funcion_plu,pro_flejes,pro_iva,pro_plu_asociado,pro_envase,pro_duracion,pro_numero_etiqueta) VALUES (780722055,@@@7807210008627@@@,@@@0@@@,@@@STICK ARTEL OOPS!@@@,@@@STICK ARTEL OOPS@@@,@@@1 @@@,@@@6 @@@,@@@12@@@,@@@24 @@@,@@@137@@@,@@@2407@@@,@@@0@@@,@@@0@@@,@@@480@@@,@@@0@@@,@@@@@@,@@@2013.11.01@@@,@@@2013.11.01@@@,@@@0@@@,@@@10@@@,@@@5@@@,@@@0@@@,@@@0@@@,@@@0@@@,@@@0@@@,@@@0@@@,@@@0@@@,@@@0@@@,@@@0@@@,@@@1@@@,@@@0@@@,0,20,0,0,2,0,1,1,0,@@@NO@@@,0,0)','',2,'2013-11-01'),(85593,'DELETE FROM mae_impuestos_productos WHERE pro_codigo_plu=@@@780722055@@@','',2,'2013-11-01'),(85594,'UPDATE mae_productos SET pro_margen_actual=0,pro_precio_venta=480 WHERE pro_codigo_plu=780722055','',2,'2013-11-01'),(85595,'UPDATE mae_productos SET pro_precio_fiscal=pro_precio_venta WHERE pro_codigo_plu=780722055','',2,'2013-11-01'),(85596,'INSERT INTO gne_vale_ferreteria (vfe_id,vfe_fecha,vfe_total,vfe_estado,vfe_entregado,usu_nusuario) VALUES (15509,@@@2013.11.01@@@,430,1,0,@@@M_CASTILLO@@@)','',2,'2013-11-01'),(85597,'INSERT INTO gne_vale_ferreteria_mov (vfe_id,pro_codigo_plu,vfm_cantidad,vfm_unitario,vfm_total,vfm_entregado) VALUES (15509,770077,1,180,180,@@@NO@@@)','',2,'2013-11-01'),(85598,'INSERT INTO gne_vale_ferreteria_mov (vfe_id,pro_codigo_plu,vfm_cantidad,vfm_unitario,vfm_total,vfm_entregado) VALUES (15509,770076,1,250,250,@@@NO@@@)','',2,'2013-11-01'),(85599,'INSERT INTO gne_vale_ferreteria (vfe_id,vfe_fecha,vfe_total,vfe_estado,vfe_entregado,usu_nusuario) VALUES (15510,@@@2013.11.01@@@,5720,1,0,@@@M_CASTILLO@@@)','',2,'2013-11-01'),(85600,'INSERT INTO gne_vale_ferreteria_mov (vfe_id,pro_codigo_plu,vfm_cantidad,vfm_unitario,vfm_total,vfm_entregado) VALUES (15510,90027,1,1490,1490,@@@NO@@@)','',2,'2013-11-01'),(85601,'INSERT INTO gne_vale_ferreteria_mov (vfe_id,pro_codigo_plu,vfm_cantidad,vfm_unitario,vfm_total,vfm_entregado) VALUES (15510,101841,1,1890,1890,@@@NO@@@)','',2,'2013-11-01'),(85602,'INSERT INTO gne_vale_ferreteria_mov (vfe_id,pro_codigo_plu,vfm_cantidad,vfm_unitario,vfm_total,vfm_entregado) VALUES (15510,763601,1,1890,1890,@@@NO@@@)','',2,'2013-11-01'),(85603,'INSERT INTO gne_vale_ferreteria_mov (vfe_id,pro_codigo_plu,vfm_cantidad,vfm_unitario,vfm_total,vfm_entregado) VALUES (15510,3100,1,450,450,@@@NO@@@)','',2,'2013-11-01'),(85604,'INSERT INTO gne_vale_ferreteria (vfe_id,vfe_fecha,vfe_total,vfe_estado,vfe_entregado,usu_nusuario) VALUES (15511,@@@2013.11.01@@@,790,1,0,@@@M_CASTILLO@@@)','',2,'2013-11-01'),(85605,'INSERT INTO gne_vale_ferreteria_mov (vfe_id,pro_codigo_plu,vfm_cantidad,vfm_unitario,vfm_total,vfm_entregado) VALUES (15511,101454,1,790,790,@@@NO@@@)','',2,'2013-11-01'),(85606,'INSERT INTO gne_vale_ferreteria (vfe_id,vfe_fecha,vfe_total,vfe_estado,vfe_entregado,usu_nusuario) VALUES (15512,@@@2013.11.01@@@,1890,1,0,@@@M_CASTILLO@@@)','',2,'2013-11-01'),(85607,'INSERT INTO gne_vale_ferreteria_mov (vfe_id,pro_codigo_plu,vfm_cantidad,vfm_unitario,vfm_total,vfm_entregado) VALUES (15512,764514,1,1890,1890,@@@NO@@@)','',2,'2013-11-01'),(85608,'UPDATE mae_productos SET pro_precio_compra_bruto=2462.51,pro_margen_actual=(pro_precio_venta-2462.51)/2462.51 * 100,pro_ultima_compra=@@@2013.11.01@@@,pro_ultimo_proveedor=@@@80186300-0@@@ WHERE pro_codigo_plu=357','',2,'2013-11-01'),(85609,'UPDATE mae_productos SET pro_precio_compra_bruto=4879.36,pro_margen_actual=(pro_precio_venta-4879.36)/4879.36 * 100,pro_ultima_compra=@@@2013.11.01@@@,pro_ultimo_proveedor=@@@80186300-0@@@ WHERE pro_codigo_plu=332','',2,'2013-11-01'),(85610,'UPDATE mae_productos SET pro_precio_compra_bruto=4061.19,pro_margen_actual=(pro_precio_venta-4061.19)/4061.19 * 100,pro_ultima_compra=@@@2013.11.01@@@,pro_ultimo_proveedor=@@@80186300-0@@@ WHERE pro_codigo_plu=329','',2,'2013-11-01'),(85611,'UPDATE mae_productos SET pro_precio_compra_bruto=1350.98,pro_margen_actual=(pro_precio_venta-1350.98)/1350.98 * 100,pro_ultima_compra=@@@2013.11.01@@@,pro_ultimo_proveedor=@@@80186300-0@@@ WHERE pro_codigo_plu=350','',2,'2013-11-01'),(85612,'UPDATE mae_productos SET pro_precio_compra_bruto=2213.4,pro_margen_actual=(pro_precio_venta-2213.4)/2213.4 * 100,pro_ultima_compra=@@@2013.11.01@@@,pro_ultimo_proveedor=@@@80186300-0@@@ WHERE pro_codigo_plu=2625','',2,'2013-11-01'),(85613,'UPDATE mae_productos SET pro_precio_compra_bruto=3377.69,pro_margen_actual=(pro_precio_venta-3377.69)/3377.69 * 100,pro_ultima_compra=@@@2013.11.01@@@,pro_ultimo_proveedor=@@@80186300-0@@@ WHERE pro_codigo_plu=312','',2,'2013-11-01'),(85614,'UPDATE mae_productos SET pro_precio_compra_bruto=2117.41,pro_margen_actual=(pro_precio_venta-2117.41)/2117.41 * 100,pro_ultima_compra=@@@2013.11.01@@@,pro_ultimo_proveedor=@@@80186300-0@@@ WHERE pro_codigo_plu=323','',2,'2013-11-01'),(85615,'UPDATE mae_productos SET pro_precio_compra_bruto=2550,pro_margen_actual=(pro_precio_venta-2550)/2550 * 100,pro_ultima_compra=@@@2013.11.01@@@,pro_ultimo_proveedor=@@@80186300-0@@@ WHERE pro_codigo_plu=335','',2,'2013-11-01'),(85616,'UPDATE mae_productos SET pro_precio_compra_bruto=2128.9,pro_margen_actual=(pro_precio_venta-2128.9)/2128.9 * 100,pro_ultima_compra=@@@2013.11.01@@@,pro_ultimo_proveedor=@@@80186300-0@@@ WHERE pro_codigo_plu=347','',2,'2013-11-01'),(85617,'UPDATE mae_productos SET pro_precio_compra_bruto=3196.99,pro_margen_actual=(pro_precio_venta-3196.99)/3196.99 * 100,pro_ultima_compra=@@@2013.11.01@@@,pro_ultimo_proveedor=@@@80186300-0@@@ WHERE pro_codigo_plu=313','',2,'2013-11-01'),(85618,'UPDATE mae_productos SET pro_precio_compra_bruto=3536.77,pro_margen_actual=(pro_precio_venta-3536.77)/3536.77 * 100,pro_ultima_compra=@@@2013.11.01@@@,pro_ultimo_proveedor=@@@80186300-0@@@ WHERE pro_codigo_plu=304','',2,'2013-11-01'),(85619,'UPDATE mae_productos SET pro_precio_compra_bruto=1267.89,pro_margen_actual=(pro_precio_venta-1267.89)/1267.89 * 100,pro_ultima_compra=@@@2013.11.01@@@,pro_ultimo_proveedor=@@@80186300-0@@@ WHERE pro_codigo_plu=349','',2,'2013-11-01'),(85620,'UPDATE mae_productos SET pro_precio_compra_bruto=1201.82,pro_margen_actual=(pro_precio_venta-1201.82)/1201.82 * 100,pro_ultima_compra=@@@2013.11.01@@@,pro_ultimo_proveedor=@@@80186300-0@@@ WHERE pro_codigo_plu=354','',2,'2013-11-01'),(85621,'UPDATE mae_productos SET pro_precio_compra_bruto=1201.82,pro_margen_actual=(pro_precio_venta-1201.82)/1201.82 * 100,pro_ultima_compra=@@@2013.11.01@@@,pro_ultimo_proveedor=@@@80186300-0@@@ WHERE pro_codigo_plu=352','',2,'2013-11-01'),(85622,'UPDATE mae_productos SET pro_precio_compra_bruto=2192.77,pro_margen_actual=(pro_precio_venta-2192.77)/2192.77 * 100,pro_ultima_compra=@@@2013.11.01@@@,pro_ultimo_proveedor=@@@80186300-0@@@ WHERE pro_codigo_plu=359','',2,'2013-11-01'),(85623,'INSERT INTO gne_vale_ferreteria (vfe_id,vfe_fecha,vfe_total,vfe_estado,vfe_entregado,usu_nusuario) VALUES (15513,@@@2013.11.01@@@,420,1,0,@@@M_CASTILLO@@@)','',2,'2013-11-01'),(85624,'INSERT INTO gne_vale_ferreteria_mov (vfe_id,pro_codigo_plu,vfm_cantidad,vfm_unitario,vfm_total,vfm_entregado) VALUES (15513,770065,1,120,120,@@@NO@@@)','',2,'2013-11-01'),(85625,'INSERT INTO gne_vale_ferreteria_mov (vfe_id,pro_codigo_plu,vfm_cantidad,vfm_unitario,vfm_total,vfm_entregado) VALUES (15513,21136,2,150,300,@@@NO@@@)','',2,'2013-11-01'),(85626,'UPDATE mae_productos SET pro_precio_compra_bruto=191.88,pro_margen_actual=(pro_precio_venta-191.88)/191.88 * 100,pro_ultima_compra=@@@2013.11.01@@@,pro_ultimo_proveedor=@@@80186300-0@@@ WHERE pro_codigo_plu=262530','',2,'2013-11-01'),(85627,'UPDATE mae_productos SET pro_precio_compra_bruto=1780.27,pro_margen_actual=(pro_precio_venta-1780.27)/1780.27 * 100,pro_ultima_compra=@@@2013.11.01@@@,pro_ultimo_proveedor=@@@80186300-0@@@ WHERE pro_codigo_plu=315','',2,'2013-11-01'),(85628,'UPDATE mae_productos SET pro_precio_compra_bruto=191.88,pro_margen_actual=(pro_precio_venta-191.88)/191.88 * 100,pro_ultima_compra=@@@2013.11.01@@@,pro_ultimo_proveedor=@@@80186300-0@@@ WHERE pro_codigo_plu=262531','',2,'2013-11-01'),(85629,'UPDATE mae_productos SET pro_precio_compra_bruto=284.11,pro_margen_actual=(pro_precio_venta-284.11)/284.11 * 100,pro_ultima_compra=@@@2013.11.01@@@,pro_ultimo_proveedor=@@@80186300-0@@@ WHERE pro_codigo_plu=262532','',2,'2013-11-01'),(85630,'UPDATE mae_productos SET pro_precio_compra_bruto=191.88,pro_margen_actual=(pro_precio_venta-191.88)/191.88 * 100,pro_ultima_compra=@@@2013.11.01@@@,pro_ultimo_proveedor=@@@80186300-0@@@ WHERE pro_codigo_plu=762638','',2,'2013-11-01'),(85631,'UPDATE mae_productos SET pro_precio_compra_bruto=4141.2,pro_margen_actual=(pro_precio_venta-4141.2)/4141.2 * 100,pro_ultima_compra=@@@2013.11.01@@@,pro_ultimo_proveedor=@@@80186300-0@@@ WHERE pro_codigo_plu=401','',2,'2013-11-01'),(85632,'UPDATE mae_productos SET pro_precio_compra_bruto=297.5,pro_margen_actual=(pro_precio_venta-297.5)/297.5 * 100,pro_ultima_compra=@@@2013.11.01@@@,pro_ultimo_proveedor=@@@80186300-0@@@ WHERE pro_codigo_plu=262528','',2,'2013-11-01'),(85633,'UPDATE mae_productos SET pro_margen_actual=85.74,pro_precio_venta=990 WHERE pro_codigo_plu=580','',2,'2013-11-01'),(85634,'UPDATE mae_productos SET pro_precio_fiscal=pro_precio_venta WHERE pro_codigo_plu=580','',2,'2013-11-01'),(85635,'UPDATE mae_productos SET pro_precio_fiscal=pro_precio_venta WHERE pro_codigo_plu=17496','',2,'2013-11-01'),(85636,'INSERT INTO gne_vale_ferreteria (vfe_id,vfe_fecha,vfe_total,vfe_estado,vfe_entregado,usu_nusuario) VALUES (15514,@@@2013.11.01@@@,990,1,0,@@@M_CASTILLO@@@)','',2,'2013-11-01'),(85637,'INSERT INTO gne_vale_ferreteria_mov (vfe_id,pro_codigo_plu,vfm_cantidad,vfm_unitario,vfm_total,vfm_entregado) VALUES (15514,780721573,1,990,990,@@@NO@@@)','',2,'2013-11-01'),(85638,'UPDATE mae_productos SET pro_precio_venta=3500,pro_margen_actual= 34.32 WHERE pro_codigo_plu=309','',2,'2013-11-01'),(85639,'INSERT INTO gne_vale_ferreteria (vfe_id,vfe_fecha,vfe_total,vfe_estado,vfe_entregado,usu_nusuario) VALUES (15515,@@@2013.11.01@@@,650,1,0,@@@M_CASTILLO@@@)','',2,'2013-11-01'),(85640,'INSERT INTO gne_vale_ferreteria_mov (vfe_id,pro_codigo_plu,vfm_cantidad,vfm_unitario,vfm_total,vfm_entregado) VALUES (15515,780721666,1,650,650,@@@NO@@@)','',2,'2013-11-01'),(85641,'UPDATE mae_productos SET pro_precio_venta=3890,pro_margen_actual= 52.55 WHERE pro_codigo_plu=335','',2,'2013-11-01'),(85642,'UPDATE mae_productos SET pro_precio_venta=1890,pro_margen_actual= 57.26 WHERE pro_codigo_plu=352','',2,'2013-11-01'),(85643,'UPDATE mae_productos SET pro_precio_venta=3790,pro_margen_actual= 53.91 WHERE pro_codigo_plu=357','',2,'2013-11-01'),(85644,'UPDATE mae_productos SET pro_precio_venta=6350,pro_margen_actual= 53.34 WHERE pro_codigo_plu=401','',2,'2013-11-01'),(85645,'UPDATE mae_productos SET pro_precio_fiscal=pro_precio_venta WHERE pro_codigo_plu=309','',2,'2013-11-01'),(85646,'UPDATE mae_productos SET pro_precio_fiscal=pro_precio_venta WHERE pro_codigo_plu=335','',2,'2013-11-01'),(85647,'UPDATE mae_productos SET pro_precio_fiscal=pro_precio_venta WHERE pro_codigo_plu=352','',2,'2013-11-01'),(85648,'UPDATE mae_productos SET pro_precio_fiscal=pro_precio_venta WHERE pro_codigo_plu=357','',2,'2013-11-01'),(85649,'UPDATE mae_productos SET pro_precio_fiscal=pro_precio_venta WHERE pro_codigo_plu=401','',2,'2013-11-01'),(85650,'INSERT INTO gne_vale_ferreteria (vfe_id,vfe_fecha,vfe_total,vfe_estado,vfe_entregado,usu_nusuario) VALUES (15516,@@@2013.11.01@@@,600,1,0,@@@M_CASTILLO@@@)','',2,'2013-11-01'),(85651,'INSERT INTO gne_vale_ferreteria_mov (vfe_id,pro_codigo_plu,vfm_cantidad,vfm_unitario,vfm_total,vfm_entregado) VALUES (15516,780721507,1,600,600,@@@NO@@@)','',2,'2013-11-01'),(85652,'INSERT INTO gne_vale_ferreteria (vfe_id,vfe_fecha,vfe_total,vfe_estado,vfe_entregado,usu_nusuario) VALUES (15517,@@@2013.11.01@@@,600,1,0,@@@M_CASTILLO@@@)','',2,'2013-11-01'),(85653,'INSERT INTO gne_vale_ferreteria_mov (vfe_id,pro_codigo_plu,vfm_cantidad,vfm_unitario,vfm_total,vfm_entregado) VALUES (15517,909190,4,150,600,@@@NO@@@)','',2,'2013-11-01'),(85654,'INSERT INTO gne_vale_ferreteria (vfe_id,vfe_fecha,vfe_total,vfe_estado,vfe_entregado,usu_nusuario) VALUES (15518,@@@2013.11.01@@@,2690,1,0,@@@M_CASTILLO@@@)','',2,'2013-11-01'),(85655,'INSERT INTO gne_vale_ferreteria_mov (vfe_id,pro_codigo_plu,vfm_cantidad,vfm_unitario,vfm_total,vfm_entregado) VALUES (15518,78017023,1,2690,2690,@@@NO@@@)','',2,'2013-11-01'),(85656,'INSERT INTO gne_vale_ferreteria (vfe_id,vfe_fecha,vfe_total,vfe_estado,vfe_entregado,usu_nusuario) VALUES (15519,@@@2013.11.01@@@,510,1,0,@@@M_CASTILLO@@@)','',2,'2013-11-01'),(85657,'INSERT INTO gne_vale_ferreteria_mov (vfe_id,pro_codigo_plu,vfm_cantidad,vfm_unitario,vfm_total,vfm_entregado) VALUES (15519,78016969,1,390,390,@@@NO@@@)','',2,'2013-11-01'),(85658,'INSERT INTO gne_vale_ferreteria_mov (vfe_id,pro_codigo_plu,vfm_cantidad,vfm_unitario,vfm_total,vfm_entregado) VALUES (15519,8022,1,120,120,@@@NO@@@)','',2,'2013-11-01'),(85659,'INSERT INTO mae_productos (pro_codigo_plu,pro_codigo_barra,pro_tipo,pro_nombre_producto,pro_nombre_corto,med_id,emb_id,pro_unidades_embalaje,dep_id,lin_id,mar_id,pro_precio_compra_neto,pro_precio_compra_bruto,pro_precio_venta,pro_margen_actual,pro_oferta,pro_fecha_inicio_oferta,pro_fecha_termino_oferta,pro_precio_oferta,pro_stock_minimo,pro_stock_critico,pro_entradas_bodega,pro_salidas_bodega,pro_mermas_bodega,pro_ajustes_bodega,pro_entradas_sv,pro_salidas_sv,pro_mermas_sv,pro_ajustes_sv,pro_activo,rec_numero,pro_unidad,pro_capacidad,pro_consumo_bodega,pro_consumo_sv,pro_estado,pro_funcion_plu,pro_flejes,pro_iva,pro_plu_asociado,pro_envase,pro_duracion,pro_numero_etiqueta) VALUES (780722056,@@@780722056@@@,@@@0@@@,@@@CARGADOR DE PILAS DOBLE JIABAO@@@,@@@CARGADOR DE PILA@@@,@@@1 @@@,@@@6 @@@,@@@4@@@,@@@24 @@@,@@@140@@@,@@@2090@@@,@@@0@@@,@@@0@@@,@@@2490@@@,@@@0@@@,@@@@@@,@@@2013.11.01@@@,@@@2013.11.01@@@,@@@0@@@,@@@6@@@,@@@0@@@,@@@0@@@,@@@0@@@,@@@0@@@,@@@0@@@,@@@0@@@,@@@0@@@,@@@0@@@,@@@0@@@,@@@1@@@,@@@0@@@,0,0,0,0,2,0,1,1,0,@@@NO@@@,0,0)','',2,'2013-11-01'),(85660,'DELETE FROM mae_impuestos_productos WHERE pro_codigo_plu=@@@780722056@@@','',2,'2013-11-01'),(85661,'UPDATE mae_productos SET pro_margen_actual=0,pro_precio_venta=2490 WHERE pro_codigo_plu=780722056','',2,'2013-11-01'),(85662,'UPDATE mae_productos SET pro_precio_fiscal=pro_precio_venta WHERE pro_codigo_plu=780722056','',2,'2013-11-01'),(85663,'INSERT INTO mae_productos (pro_codigo_plu,pro_codigo_barra,pro_tipo,pro_nombre_producto,pro_nombre_corto,med_id,emb_id,pro_unidades_embalaje,dep_id,lin_id,mar_id,pro_precio_compra_neto,pro_precio_compra_bruto,pro_precio_venta,pro_margen_actual,pro_oferta,pro_fecha_inicio_oferta,pro_fecha_termino_oferta,pro_precio_oferta,pro_stock_minimo,pro_stock_critico,pro_entradas_bodega,pro_salidas_bodega,pro_mermas_bodega,pro_ajustes_bodega,pro_entradas_sv,pro_salidas_sv,pro_mermas_sv,pro_ajustes_sv,pro_activo,rec_numero,pro_unidad,pro_capacidad,pro_consumo_bodega,pro_consumo_sv,pro_estado,pro_funcion_plu,pro_flejes,pro_iva,pro_plu_asociado,pro_envase,pro_duracion,pro_numero_etiqueta) VALUES (780722057,@@@780722057@@@,@@@0@@@,@@@RELOJ DESPERTADOR AZUL @@@,@@@RELOJ DESPERTADO@@@,@@@1 @@@,@@@6 @@@,@@@4@@@,@@@24 @@@,@@@138@@@,@@@2507@@@,@@@0@@@,@@@0@@@,@@@2690@@@,@@@0@@@,@@@@@@,@@@2013.11.01@@@,@@@2013.11.01@@@,@@@0@@@,@@@2@@@,@@@1@@@,@@@0@@@,@@@0@@@,@@@0@@@,@@@0@@@,@@@0@@@,@@@0@@@,@@@0@@@,@@@0@@@,@@@1@@@,@@@0@@@,0,0,0,0,2,0,1,1,0,@@@NO@@@,0,0)','',2,'2013-11-01'),(85664,'DELETE FROM mae_impuestos_productos WHERE pro_codigo_plu=@@@780722057@@@','',2,'2013-11-01'),(85665,'UPDATE mae_productos SET pro_margen_actual=0,pro_precio_venta=2690 WHERE pro_codigo_plu=780722057','',2,'2013-11-01'),(85666,'UPDATE mae_productos SET pro_precio_fiscal=pro_precio_venta WHERE pro_codigo_plu=780722057','',2,'2013-11-01'),(85667,'INSERT INTO gne_vale_ferreteria (vfe_id,vfe_fecha,vfe_total,vfe_estado,vfe_entregado,usu_nusuario) VALUES (15520,@@@2013.11.01@@@,2620,1,0,@@@M_GUERRERO@@@)','',2,'2013-11-01'),(85668,'INSERT INTO gne_vale_ferreteria_mov (vfe_id,pro_codigo_plu,vfm_cantidad,vfm_unitario,vfm_total,vfm_entregado) VALUES (15520,7500886,1,150,150,@@@NO@@@)','',2,'2013-11-01'),(85669,'INSERT INTO gne_vale_ferreteria_mov (vfe_id,pro_codigo_plu,vfm_cantidad,vfm_unitario,vfm_total,vfm_entregado) VALUES (15520,4098,2,590,1180,@@@NO@@@)','',2,'2013-11-01'),(85670,'INSERT INTO gne_vale_ferreteria_mov (vfe_id,pro_codigo_plu,vfm_cantidad,vfm_unitario,vfm_total,vfm_entregado) VALUES (15520,764439,1,1290,1290,@@@NO@@@)','',2,'2013-11-01'),(85671,'INSERT INTO gne_vale_ferreteria (vfe_id,vfe_fecha,vfe_total,vfe_estado,vfe_entregado,usu_nusuario) VALUES (15521,@@@2013.11.01@@@,3530,1,0,@@@M_GUERRERO@@@)','',2,'2013-11-01'),(85672,'INSERT INTO gne_vale_ferreteria_mov (vfe_id,pro_codigo_plu,vfm_cantidad,vfm_unitario,vfm_total,vfm_entregado) VALUES (15521,764726,1,1790,1790,@@@NO@@@)','',2,'2013-11-01'),(85673,'INSERT INTO gne_vale_ferreteria_mov (vfe_id,pro_codigo_plu,vfm_cantidad,vfm_unitario,vfm_total,vfm_entregado) VALUES (15521,780721965,1,1150,1150,@@@NO@@@)','',2,'2013-11-01'),(85674,'INSERT INTO gne_vale_ferreteria_mov (vfe_id,pro_codigo_plu,vfm_cantidad,vfm_unitario,vfm_total,vfm_entregado) VALUES (15521,780721716,1,590,590,@@@NO@@@)','',2,'2013-11-01'),(85675,'INSERT INTO gne_vale_ferreteria (vfe_id,vfe_fecha,vfe_total,vfe_estado,vfe_entregado,usu_nusuario) VALUES (15522,@@@2013.11.01@@@,950,1,0,@@@M_GUERRERO@@@)','',2,'2013-11-01'),(85676,'INSERT INTO gne_vale_ferreteria_mov (vfe_id,pro_codigo_plu,vfm_cantidad,vfm_unitario,vfm_total,vfm_entregado) VALUES (15522,780721808,1,450,450,@@@NO@@@)','',2,'2013-11-01'),(85677,'INSERT INTO gne_vale_ferreteria_mov (vfe_id,pro_codigo_plu,vfm_cantidad,vfm_unitario,vfm_total,vfm_entregado) VALUES (15522,770000,10,50,500,@@@NO@@@)','',2,'2013-11-01'),(85678,'INSERT INTO gne_vale_ferreteria (vfe_id,vfe_fecha,vfe_total,vfe_estado,vfe_entregado,usu_nusuario) VALUES (15523,@@@2013.11.01@@@,450,1,0,@@@M_GUERRERO@@@)','',2,'2013-11-01'),(85679,'INSERT INTO gne_vale_ferreteria_mov (vfe_id,pro_codigo_plu,vfm_cantidad,vfm_unitario,vfm_total,vfm_entregado) VALUES (15523,761966,1,450,450,@@@NO@@@)','',2,'2013-11-01'),(85680,'INSERT INTO gne_vale_ferreteria (vfe_id,vfe_fecha,vfe_total,vfe_estado,vfe_entregado,usu_nusuario) VALUES (15524,@@@2013.11.01@@@,1640,1,0,@@@M_GUERRERO@@@)','',2,'2013-11-01'),(85681,'INSERT INTO gne_vale_ferreteria_mov (vfe_id,pro_codigo_plu,vfm_cantidad,vfm_unitario,vfm_total,vfm_entregado) VALUES (15524,780721712,1,490,490,@@@NO@@@)','',2,'2013-11-01'),(85682,'INSERT INTO gne_vale_ferreteria_mov (vfe_id,pro_codigo_plu,vfm_cantidad,vfm_unitario,vfm_total,vfm_entregado) VALUES (15524,763891,1,1150,1150,@@@NO@@@)','',2,'2013-11-01'),(85683,'INSERT INTO gne_vale_ferreteria (vfe_id,vfe_fecha,vfe_total,vfe_estado,vfe_entregado,usu_nusuario) VALUES (15525,@@@2013.11.01@@@,1800,1,0,@@@M_GUERRERO@@@)','',2,'2013-11-01'),(85684,'INSERT INTO gne_vale_ferreteria_mov (vfe_id,pro_codigo_plu,vfm_cantidad,vfm_unitario,vfm_total,vfm_entregado) VALUES (15525,764505,4,450,1800,@@@NO@@@)','',2,'2013-11-01'),(85685,'INSERT INTO gne_vale_ferreteria (vfe_id,vfe_fecha,vfe_total,vfe_estado,vfe_entregado,usu_nusuario) VALUES (15526,@@@2013.11.01@@@,200,1,0,@@@M_GUERRERO@@@)','',2,'2013-11-01'),(85686,'INSERT INTO gne_vale_ferreteria_mov (vfe_id,pro_codigo_plu,vfm_cantidad,vfm_unitario,vfm_total,vfm_entregado) VALUES (15526,98100,2,100,200,@@@NO@@@)','',2,'2013-11-01'),(85687,'UPDATE mae_productos SET pro_margen_actual=71.24,pro_precio_venta=399 WHERE pro_codigo_plu=607','',2,'2013-11-01'),(85688,'UPDATE mae_productos SET pro_precio_fiscal=pro_precio_venta WHERE pro_codigo_plu=607','',2,'2013-11-01'),(85689,'INSERT INTO gne_vale_ferreteria (vfe_id,vfe_fecha,vfe_total,vfe_estado,vfe_entregado,usu_nusuario) VALUES (15527,@@@2013.11.02@@@,2790,1,0,@@@M_CASTILLO@@@)','',2,'2013-11-02'),(85690,'INSERT INTO gne_vale_ferreteria_mov (vfe_id,pro_codigo_plu,vfm_cantidad,vfm_unitario,vfm_total,vfm_entregado) VALUES (15527,78017202,1,450,450,@@@NO@@@)','',2,'2013-11-02'),(85691,'INSERT INTO gne_vale_ferreteria_mov (vfe_id,pro_codigo_plu,vfm_cantidad,vfm_unitario,vfm_total,vfm_entregado) VALUES (15527,1541,12,30,360,@@@NO@@@)','',2,'2013-11-02'),(85692,'INSERT INTO gne_vale_ferreteria_mov (vfe_id,pro_codigo_plu,vfm_cantidad,vfm_unitario,vfm_total,vfm_entregado) VALUES (15527,1540,1,300,300,@@@NO@@@)','',2,'2013-11-02'),(85693,'INSERT INTO gne_vale_ferreteria_mov (vfe_id,pro_codigo_plu,vfm_cantidad,vfm_unitario,vfm_total,vfm_entregado) VALUES (15527,1556,1,200,200,@@@NO@@@)','',2,'2013-11-02'),(85694,'INSERT INTO gne_vale_ferreteria_mov (vfe_id,pro_codigo_plu,vfm_cantidad,vfm_unitario,vfm_total,vfm_entregado) VALUES (15527,1537,1,190,190,@@@NO@@@)','',2,'2013-11-02'),(85695,'INSERT INTO gne_vale_ferreteria_mov (vfe_id,pro_codigo_plu,vfm_cantidad,vfm_unitario,vfm_total,vfm_entregado) VALUES (15527,780722043,1,1290,1290,@@@NO@@@)','',2,'2013-11-02'),(85696,'INSERT INTO gne_vale_ferreteria (vfe_id,vfe_fecha,vfe_total,vfe_estado,vfe_entregado,usu_nusuario) VALUES (15528,@@@2013.11.02@@@,1890,1,0,@@@M_CASTILLO@@@)','',2,'2013-11-02'),(85697,'INSERT INTO gne_vale_ferreteria_mov (vfe_id,pro_codigo_plu,vfm_cantidad,vfm_unitario,vfm_total,vfm_entregado) VALUES (15528,12222,1,1890,1890,@@@NO@@@)','',2,'2013-11-02'),(85698,'INSERT INTO gne_vale_ferreteria (vfe_id,vfe_fecha,vfe_total,vfe_estado,vfe_entregado,usu_nusuario) VALUES (15529,@@@2013.11.02@@@,350,1,0,@@@M_CASTILLO@@@)','',2,'2013-11-02'),(85699,'INSERT INTO gne_vale_ferreteria_mov (vfe_id,pro_codigo_plu,vfm_cantidad,vfm_unitario,vfm_total,vfm_entregado) VALUES (15529,4074,1,350,350,@@@NO@@@)','',2,'2013-11-02'),(85700,'INSERT INTO gne_vale_ferreteria (vfe_id,vfe_fecha,vfe_total,vfe_estado,vfe_entregado,usu_nusuario) VALUES (15530,@@@2013.11.02@@@,2290,1,0,@@@M_CASTILLO@@@)','',2,'2013-11-02'),(85701,'INSERT INTO gne_vale_ferreteria_mov (vfe_id,pro_codigo_plu,vfm_cantidad,vfm_unitario,vfm_total,vfm_entregado) VALUES (15530,780220156,1,2290,2290,@@@NO@@@)','',2,'2013-11-02'),(85702,'INSERT INTO gne_vale_ferreteria (vfe_id,vfe_fecha,vfe_total,vfe_estado,vfe_entregado,usu_nusuario) VALUES (15531,@@@2013.11.02@@@,300,1,0,@@@M_CASTILLO@@@)','',2,'2013-11-02'),(85703,'INSERT INTO gne_vale_ferreteria_mov (vfe_id,pro_codigo_plu,vfm_cantidad,vfm_unitario,vfm_total,vfm_entregado) VALUES (15531,764284,1,300,300,@@@NO@@@)','',2,'2013-11-02'),(85704,'INSERT INTO gne_vale_ferreteria (vfe_id,vfe_fecha,vfe_total,vfe_estado,vfe_entregado,usu_nusuario) VALUES (15532,@@@2013.11.02@@@,1890,1,0,@@@M_CASTILLO@@@)','',2,'2013-11-02'),(85705,'INSERT INTO gne_vale_ferreteria_mov (vfe_id,pro_codigo_plu,vfm_cantidad,vfm_unitario,vfm_total,vfm_entregado) VALUES (15532,763949,1,1890,1890,@@@NO@@@)','',2,'2013-11-02'),(85706,'INSERT INTO gne_vale_ferreteria (vfe_id,vfe_fecha,vfe_total,vfe_estado,vfe_entregado,usu_nusuario) VALUES (15533,@@@2013.11.02@@@,1350,1,0,@@@M_CASTILLO@@@)','',2,'2013-11-02'),(85707,'INSERT INTO gne_vale_ferreteria_mov (vfe_id,pro_codigo_plu,vfm_cantidad,vfm_unitario,vfm_total,vfm_entregado) VALUES (15533,780721713,3,450,1350,@@@NO@@@)','',2,'2013-11-02'),(85708,'INSERT INTO gne_vale_ferreteria (vfe_id,vfe_fecha,vfe_total,vfe_estado,vfe_entregado,usu_nusuario) VALUES (15534,@@@2013.11.02@@@,330,1,0,@@@M_CASTILLO@@@)','',2,'2013-11-02'),(85709,'INSERT INTO gne_vale_ferreteria_mov (vfe_id,pro_codigo_plu,vfm_cantidad,vfm_unitario,vfm_total,vfm_entregado) VALUES (15534,19918,1,330,330,@@@NO@@@)','',2,'2013-11-02'),(85710,'INSERT INTO gne_vale_ferreteria (vfe_id,vfe_fecha,vfe_total,vfe_estado,vfe_entregado,usu_nusuario) VALUES (15535,@@@2013.11.02@@@,1190,1,0,@@@M_CASTILLO@@@)','',2,'2013-11-02'),(85711,'INSERT INTO gne_vale_ferreteria_mov (vfe_id,pro_codigo_plu,vfm_cantidad,vfm_unitario,vfm_total,vfm_entregado) VALUES (15535,765043,1,1190,1190,@@@NO@@@)','',2,'2013-11-02'),(85712,'INSERT INTO gne_vale_ferreteria (vfe_id,vfe_fecha,vfe_total,vfe_estado,vfe_entregado,usu_nusuario) VALUES (15536,@@@2013.11.02@@@,1490,1,0,@@@M_CASTILLO@@@)','',2,'2013-11-02'),(85713,'INSERT INTO gne_vale_ferreteria_mov (vfe_id,pro_codigo_plu,vfm_cantidad,vfm_unitario,vfm_total,vfm_entregado) VALUES (15536,764564,1,1490,1490,@@@NO@@@)','',2,'2013-11-02'),(85714,'INSERT INTO gne_vale_ferreteria (vfe_id,vfe_fecha,vfe_total,vfe_estado,vfe_entregado,usu_nusuario) VALUES (15537,@@@2013.11.02@@@,220,1,0,@@@M_CASTILLO@@@)','',2,'2013-11-02'),(85715,'INSERT INTO gne_vale_ferreteria_mov (vfe_id,pro_codigo_plu,vfm_cantidad,vfm_unitario,vfm_total,vfm_entregado) VALUES (15537,1064,1,120,120,@@@NO@@@)','',2,'2013-11-02'),(85716,'INSERT INTO gne_vale_ferreteria_mov (vfe_id,pro_codigo_plu,vfm_cantidad,vfm_unitario,vfm_total,vfm_entregado) VALUES (15537,780721427,1,100,100,@@@NO@@@)','',2,'2013-11-02'),(85717,'INSERT INTO gne_vale_ferreteria (vfe_id,vfe_fecha,vfe_total,vfe_estado,vfe_entregado,usu_nusuario) VALUES (15538,@@@2013.11.02@@@,990,1,0,@@@M_CASTILLO@@@)','',2,'2013-11-02'),(85718,'INSERT INTO gne_vale_ferreteria_mov (vfe_id,pro_codigo_plu,vfm_cantidad,vfm_unitario,vfm_total,vfm_entregado) VALUES (15538,4803,1,990,990,@@@NO@@@)','',2,'2013-11-02'),(85719,'INSERT INTO gne_vale_ferreteria (vfe_id,vfe_fecha,vfe_total,vfe_estado,vfe_entregado,usu_nusuario) VALUES (15539,@@@2013.11.02@@@,1640,1,0,@@@M_CASTILLO@@@)','',2,'2013-11-02'),(85720,'INSERT INTO gne_vale_ferreteria_mov (vfe_id,pro_codigo_plu,vfm_cantidad,vfm_unitario,vfm_total,vfm_entregado) VALUES (15539,764564,1,1490,1490,@@@NO@@@)','',2,'2013-11-02'),(85721,'INSERT INTO gne_vale_ferreteria_mov (vfe_id,pro_codigo_plu,vfm_cantidad,vfm_unitario,vfm_total,vfm_entregado) VALUES (15539,78017012,1,150,150,@@@NO@@@)','',2,'2013-11-02'),(85722,'INSERT INTO gne_vale_ferreteria (vfe_id,vfe_fecha,vfe_total,vfe_estado,vfe_entregado,usu_nusuario) VALUES (15540,@@@2013.11.02@@@,2160,1,0,@@@M_CASTILLO@@@)','',2,'2013-11-02'),(85723,'INSERT INTO gne_vale_ferreteria_mov (vfe_id,pro_codigo_plu,vfm_cantidad,vfm_unitario,vfm_total,vfm_entregado) VALUES (15540,15443,2,450,900,@@@NO@@@)','',2,'2013-11-02'),(85724,'INSERT INTO gne_vale_ferreteria_mov (vfe_id,pro_codigo_plu,vfm_cantidad,vfm_unitario,vfm_total,vfm_entregado) VALUES (15540,15433,1,1260,1260,@@@NO@@@)','',2,'2013-11-02'),(85725,'INSERT INTO gne_vale_ferreteria (vfe_id,vfe_fecha,vfe_total,vfe_estado,vfe_entregado,usu_nusuario) VALUES (15541,@@@2013.11.02@@@,1490,1,0,@@@M_CASTILLO@@@)','',2,'2013-11-02'),(85726,'INSERT INTO gne_vale_ferreteria_mov (vfe_id,pro_codigo_plu,vfm_cantidad,vfm_unitario,vfm_total,vfm_entregado) VALUES (15541,770039,5,200,1000,@@@NO@@@)','',2,'2013-11-02'),(85727,'INSERT INTO gne_vale_ferreteria_mov (vfe_id,pro_codigo_plu,vfm_cantidad,vfm_unitario,vfm_total,vfm_entregado) VALUES (15541,3003,1,490,490,@@@NO@@@)','',2,'2013-11-02'),(85728,'INSERT INTO gne_vale_ferreteria (vfe_id,vfe_fecha,vfe_total,vfe_estado,vfe_entregado,usu_nusuario) VALUES (15542,@@@2013.11.02@@@,180,1,0,@@@M_CASTILLO@@@)','',2,'2013-11-02'),(85729,'INSERT INTO gne_vale_ferreteria_mov (vfe_id,pro_codigo_plu,vfm_cantidad,vfm_unitario,vfm_total,vfm_entregado) VALUES (15542,780220200,1,180,180,@@@NO@@@)','',2,'2013-11-02'),(85730,'INSERT INTO gne_vale_ferreteria (vfe_id,vfe_fecha,vfe_total,vfe_estado,vfe_entregado,usu_nusuario) VALUES (15543,@@@2013.11.02@@@,2240,1,0,@@@M_CASTILLO@@@)','',2,'2013-11-02'),(85731,'INSERT INTO gne_vale_ferreteria_mov (vfe_id,pro_codigo_plu,vfm_cantidad,vfm_unitario,vfm_total,vfm_entregado) VALUES (15543,19964,1,1590,1590,@@@NO@@@)','',2,'2013-11-02'),(85732,'INSERT INTO gne_vale_ferreteria_mov (vfe_id,pro_codigo_plu,vfm_cantidad,vfm_unitario,vfm_total,vfm_entregado) VALUES (15543,764007,1,650,650,@@@NO@@@)','',2,'2013-11-02'),(85733,'INSERT INTO gne_vale_ferreteria (vfe_id,vfe_fecha,vfe_total,vfe_estado,vfe_entregado,usu_nusuario) VALUES (15544,@@@2013.11.02@@@,1990,1,0,@@@M_CASTILLO@@@)','',2,'2013-11-02'),(85734,'INSERT INTO gne_vale_ferreteria_mov (vfe_id,pro_codigo_plu,vfm_cantidad,vfm_unitario,vfm_total,vfm_entregado) VALUES (15544,780721316,1,1990,1990,@@@NO@@@)','',2,'2013-11-02'),(85735,'INSERT INTO gne_vale_ferreteria (vfe_id,vfe_fecha,vfe_total,vfe_estado,vfe_entregado,usu_nusuario) VALUES (15545,@@@2013.11.02@@@,350,1,0,@@@M_CASTILLO@@@)','',2,'2013-11-02'),(85736,'INSERT INTO gne_vale_ferreteria_mov (vfe_id,pro_codigo_plu,vfm_cantidad,vfm_unitario,vfm_total,vfm_entregado) VALUES (15545,780721986,1,350,350,@@@NO@@@)','',2,'2013-11-02'),(85737,'INSERT INTO gne_vale_ferreteria (vfe_id,vfe_fecha,vfe_total,vfe_estado,vfe_entregado,usu_nusuario) VALUES (15546,@@@2013.11.02@@@,450,1,0,@@@M_CASTILLO@@@)','',2,'2013-11-02'),(85738,'INSERT INTO gne_vale_ferreteria_mov (vfe_id,pro_codigo_plu,vfm_cantidad,vfm_unitario,vfm_total,vfm_entregado) VALUES (15546,780721713,1,450,450,@@@NO@@@)','',2,'2013-11-02'),(85739,'INSERT INTO gne_vale_ferreteria (vfe_id,vfe_fecha,vfe_total,vfe_estado,vfe_entregado,usu_nusuario) VALUES (15547,@@@2013.11.02@@@,390,1,0,@@@M_CASTILLO@@@)','',2,'2013-11-02'),(85740,'INSERT INTO gne_vale_ferreteria_mov (vfe_id,pro_codigo_plu,vfm_cantidad,vfm_unitario,vfm_total,vfm_entregado) VALUES (15547,780721291,1,390,390,@@@NO@@@)','',2,'2013-11-02'),(85741,'INSERT INTO gne_vale_ferreteria (vfe_id,vfe_fecha,vfe_total,vfe_estado,vfe_entregado,usu_nusuario) VALUES (15548,@@@2013.11.02@@@,200,1,0,@@@M_CASTILLO@@@)','',2,'2013-11-02'),(85742,'INSERT INTO gne_vale_ferreteria_mov (vfe_id,pro_codigo_plu,vfm_cantidad,vfm_unitario,vfm_total,vfm_entregado) VALUES (15548,78017190,2,100,200,@@@NO@@@)','',2,'2013-11-02'),(85743,'INSERT INTO gne_vale_ferreteria (vfe_id,vfe_fecha,vfe_total,vfe_estado,vfe_entregado,usu_nusuario) VALUES (15549,@@@2013.11.02@@@,1060,1,0,@@@M_CASTILLO@@@)','',2,'2013-11-02'),(85744,'INSERT INTO gne_vale_ferreteria_mov (vfe_id,pro_codigo_plu,vfm_cantidad,vfm_unitario,vfm_total,vfm_entregado) VALUES (15549,101677,2,530,1060,@@@NO@@@)','',2,'2013-11-02'),(85745,'INSERT INTO gne_vale_ferreteria (vfe_id,vfe_fecha,vfe_total,vfe_estado,vfe_entregado,usu_nusuario) VALUES (15550,@@@2013.11.02@@@,240,1,0,@@@M_CASTILLO@@@)','',2,'2013-11-02'),(85746,'INSERT INTO gne_vale_ferreteria_mov (vfe_id,pro_codigo_plu,vfm_cantidad,vfm_unitario,vfm_total,vfm_entregado) VALUES (15550,770031,8,30,240,@@@NO@@@)','',2,'2013-11-02'),(85747,'INSERT INTO gne_vale_ferreteria (vfe_id,vfe_fecha,vfe_total,vfe_estado,vfe_entregado,usu_nusuario) VALUES (15551,@@@2013.11.02@@@,990,1,0,@@@M_CASTILLO@@@)','',2,'2013-11-02'),(85748,'INSERT INTO gne_vale_ferreteria_mov (vfe_id,pro_codigo_plu,vfm_cantidad,vfm_unitario,vfm_total,vfm_entregado) VALUES (15551,761546,1,990,990,@@@NO@@@)','',2,'2013-11-02'),(85749,'INSERT INTO gne_vale_ferreteria (vfe_id,vfe_fecha,vfe_total,vfe_estado,vfe_entregado,usu_nusuario) VALUES (15552,@@@2013.11.02@@@,730,1,0,@@@M_CASTILLO@@@)','',2,'2013-11-02'),(85750,'INSERT INTO gne_vale_ferreteria_mov (vfe_id,pro_codigo_plu,vfm_cantidad,vfm_unitario,vfm_total,vfm_entregado) VALUES (15552,15480,1,730,730,@@@NO@@@)','',2,'2013-11-02'),(85751,'INSERT INTO gne_vale_ferreteria (vfe_id,vfe_fecha,vfe_total,vfe_estado,vfe_entregado,usu_nusuario) VALUES (15553,@@@2013.11.02@@@,1980,1,0,@@@M_CASTILLO@@@)','',2,'2013-11-02'),(85752,'INSERT INTO gne_vale_ferreteria_mov (vfe_id,pro_codigo_plu,vfm_cantidad,vfm_unitario,vfm_total,vfm_entregado) VALUES (15553,761546,2,990,1980,@@@NO@@@)','',2,'2013-11-02'),(85753,'INSERT INTO gne_vale_ferreteria (vfe_id,vfe_fecha,vfe_total,vfe_estado,vfe_entregado,usu_nusuario) VALUES (15554,@@@2013.11.02@@@,990,1,0,@@@M_CASTILLO@@@)','',2,'2013-11-02'),(85754,'INSERT INTO gne_vale_ferreteria_mov (vfe_id,pro_codigo_plu,vfm_cantidad,vfm_unitario,vfm_total,vfm_entregado) VALUES (15554,761546,1,990,990,@@@NO@@@)','',2,'2013-11-02'),(85755,'INSERT INTO gne_vale_ferreteria (vfe_id,vfe_fecha,vfe_total,vfe_estado,vfe_entregado,usu_nusuario) VALUES (15555,@@@2013.11.02@@@,980,1,0,@@@M_CASTILLO@@@)','',2,'2013-11-02'),(85756,'INSERT INTO gne_vale_ferreteria_mov (vfe_id,pro_codigo_plu,vfm_cantidad,vfm_unitario,vfm_total,vfm_entregado) VALUES (15555,780722037,2,490,980,@@@NO@@@)','',2,'2013-11-02'),(85757,'INSERT INTO gne_vale_ferreteria (vfe_id,vfe_fecha,vfe_total,vfe_estado,vfe_entregado,usu_nusuario) VALUES (15556,@@@2013.11.02@@@,4379,1,0,@@@M_CASTILLO@@@)','',2,'2013-11-02'),(85758,'INSERT INTO gne_vale_ferreteria_mov (vfe_id,pro_codigo_plu,vfm_cantidad,vfm_unitario,vfm_total,vfm_entregado) VALUES (15556,78017188,2,1890,3780,@@@NO@@@)','',2,'2013-11-02'),(85759,'INSERT INTO gne_vale_ferreteria_mov (vfe_id,pro_codigo_plu,vfm_cantidad,vfm_unitario,vfm_total,vfm_entregado) VALUES (15556,19916,1,599,599,@@@NO@@@)','',2,'2013-11-02'),(85760,'INSERT INTO gne_vale_ferreteria (vfe_id,vfe_fecha,vfe_total,vfe_estado,vfe_entregado,usu_nusuario) VALUES (15557,@@@2013.11.02@@@,5070,1,0,@@@M_CASTILLO@@@)','',2,'2013-11-02'),(85761,'INSERT INTO gne_vale_ferreteria_mov (vfe_id,pro_codigo_plu,vfm_cantidad,vfm_unitario,vfm_total,vfm_entregado) VALUES (15557,780721323,1,2190,2190,@@@NO@@@)','',2,'2013-11-02'),(85762,'INSERT INTO gne_vale_ferreteria_mov (vfe_id,pro_codigo_plu,vfm_cantidad,vfm_unitario,vfm_total,vfm_entregado) VALUES (15557,780721625,1,2490,2490,@@@NO@@@)','',2,'2013-11-02'),(85763,'INSERT INTO gne_vale_ferreteria_mov (vfe_id,pro_codigo_plu,vfm_cantidad,vfm_unitario,vfm_total,vfm_entregado) VALUES (15557,15948,3,130,390,@@@NO@@@)','',2,'2013-11-02'),(85764,'INSERT INTO gne_vale_ferreteria (vfe_id,vfe_fecha,vfe_total,vfe_estado,vfe_entregado,usu_nusuario) VALUES (15558,@@@2013.11.02@@@,990,1,0,@@@M_CASTILLO@@@)','',2,'2013-11-02'),(85765,'INSERT INTO gne_vale_ferreteria_mov (vfe_id,pro_codigo_plu,vfm_cantidad,vfm_unitario,vfm_total,vfm_entregado) VALUES (15558,1564,1,990,990,@@@NO@@@)','',2,'2013-11-02'),(85766,'INSERT INTO gne_vale_ferreteria (vfe_id,vfe_fecha,vfe_total,vfe_estado,vfe_entregado,usu_nusuario) VALUES (15559,@@@2013.11.02@@@,1150,1,0,@@@M_CASTILLO@@@)','',2,'2013-11-02'),(85767,'INSERT INTO gne_vale_ferreteria_mov (vfe_id,pro_codigo_plu,vfm_cantidad,vfm_unitario,vfm_total,vfm_entregado) VALUES (15559,780721965,1,1150,1150,@@@NO@@@)','',2,'2013-11-02'),(85768,'INSERT INTO gne_vale_ferreteria (vfe_id,vfe_fecha,vfe_total,vfe_estado,vfe_entregado,usu_nusuario) VALUES (15560,@@@2013.11.02@@@,360,1,0,@@@M_CASTILLO@@@)','',2,'2013-11-02'),(85769,'INSERT INTO gne_vale_ferreteria_mov (vfe_id,pro_codigo_plu,vfm_cantidad,vfm_unitario,vfm_total,vfm_entregado) VALUES (15560,1064,3,120,360,@@@NO@@@)','',2,'2013-11-02'),(85770,'INSERT INTO gne_vale_ferreteria (vfe_id,vfe_fecha,vfe_total,vfe_estado,vfe_entregado,usu_nusuario) VALUES (15561,@@@2013.11.02@@@,1100,1,0,@@@M_CASTILLO@@@)','',2,'2013-11-02'),(85771,'INSERT INTO gne_vale_ferreteria_mov (vfe_id,pro_codigo_plu,vfm_cantidad,vfm_unitario,vfm_total,vfm_entregado) VALUES (15561,15949,2,550,1100,@@@NO@@@)','',2,'2013-11-02'),(85772,'INSERT INTO gne_vale_ferreteria (vfe_id,vfe_fecha,vfe_total,vfe_estado,vfe_entregado,usu_nusuario) VALUES (15562,@@@2013.11.02@@@,1240,1,0,@@@M_CASTILLO@@@)','',2,'2013-11-02'),(85773,'INSERT INTO gne_vale_ferreteria_mov (vfe_id,pro_codigo_plu,vfm_cantidad,vfm_unitario,vfm_total,vfm_entregado) VALUES (15562,36650,1,450,450,@@@NO@@@)','',2,'2013-11-02'),(85774,'INSERT INTO gne_vale_ferreteria_mov (vfe_id,pro_codigo_plu,vfm_cantidad,vfm_unitario,vfm_total,vfm_entregado) VALUES (15562,763623,1,790,790,@@@NO@@@)','',2,'2013-11-02'),(85775,'INSERT INTO gne_vale_ferreteria (vfe_id,vfe_fecha,vfe_total,vfe_estado,vfe_entregado,usu_nusuario) VALUES (15563,@@@2013.11.02@@@,440,1,0,@@@M_CASTILLO@@@)','',2,'2013-11-02'),(85776,'INSERT INTO gne_vale_ferreteria_mov (vfe_id,pro_codigo_plu,vfm_cantidad,vfm_unitario,vfm_total,vfm_entregado) VALUES (15563,1537,1,190,190,@@@NO@@@)','',2,'2013-11-02'),(85777,'INSERT INTO gne_vale_ferreteria_mov (vfe_id,pro_codigo_plu,vfm_cantidad,vfm_unitario,vfm_total,vfm_entregado) VALUES (15563,764125,1,250,250,@@@NO@@@)','',2,'2013-11-02'),(85778,'INSERT INTO gne_vale_ferreteria (vfe_id,vfe_fecha,vfe_total,vfe_estado,vfe_entregado,usu_nusuario) VALUES (15564,@@@2013.11.02@@@,1890,1,0,@@@M_CASTILLO@@@)','',2,'2013-11-02'),(85779,'INSERT INTO gne_vale_ferreteria_mov (vfe_id,pro_codigo_plu,vfm_cantidad,vfm_unitario,vfm_total,vfm_entregado) VALUES (15564,762306,1,1890,1890,@@@NO@@@)','',2,'2013-11-02'),(85780,'INSERT INTO gne_vale_ferreteria (vfe_id,vfe_fecha,vfe_total,vfe_estado,vfe_entregado,usu_nusuario) VALUES (15565,@@@2013.11.02@@@,2010,1,0,@@@M_CASTILLO@@@)','',2,'2013-11-02'),(85781,'INSERT INTO gne_vale_ferreteria_mov (vfe_id,pro_codigo_plu,vfm_cantidad,vfm_unitario,vfm_total,vfm_entregado) VALUES (15565,78016998,1,120,120,@@@NO@@@)','',2,'2013-11-02'),(85782,'INSERT INTO gne_vale_ferreteria_mov (vfe_id,pro_codigo_plu,vfm_cantidad,vfm_unitario,vfm_total,vfm_entregado) VALUES (15565,101841,1,1890,1890,@@@NO@@@)','',2,'2013-11-02'),(85783,'INSERT INTO gne_vale_ferreteria (vfe_id,vfe_fecha,vfe_total,vfe_estado,vfe_entregado,usu_nusuario) VALUES (15566,@@@2013.11.02@@@,300,1,0,@@@M_CASTILLO@@@)','',2,'2013-11-02'),(85784,'INSERT INTO gne_vale_ferreteria_mov (vfe_id,pro_codigo_plu,vfm_cantidad,vfm_unitario,vfm_total,vfm_entregado) VALUES (15566,10063,1,300,300,@@@NO@@@)','',2,'2013-11-02'),(85785,'INSERT INTO gne_vale_ferreteria (vfe_id,vfe_fecha,vfe_total,vfe_estado,vfe_entregado,usu_nusuario) VALUES (15567,@@@2013.11.02@@@,990,1,0,@@@M_CASTILLO@@@)','',2,'2013-11-02'),(85786,'INSERT INTO gne_vale_ferreteria_mov (vfe_id,pro_codigo_plu,vfm_cantidad,vfm_unitario,vfm_total,vfm_entregado) VALUES (15567,780721686,1,990,990,@@@NO@@@)','',2,'2013-11-02'),(85787,'INSERT INTO gne_vale_ferreteria (vfe_id,vfe_fecha,vfe_total,vfe_estado,vfe_entregado,usu_nusuario) VALUES (15568,@@@2013.11.02@@@,2890,1,0,@@@M_CASTILLO@@@)','',2,'2013-11-02'),(85788,'INSERT INTO gne_vale_ferreteria_mov (vfe_id,pro_codigo_plu,vfm_cantidad,vfm_unitario,vfm_total,vfm_entregado) VALUES (15568,15658,1,2890,2890,@@@NO@@@)','',2,'2013-11-02'),(85789,'INSERT INTO gne_vale_ferreteria (vfe_id,vfe_fecha,vfe_total,vfe_estado,vfe_entregado,usu_nusuario) VALUES (15569,@@@2013.11.02@@@,240,1,0,@@@M_CASTILLO@@@)','',2,'2013-11-02'),(85790,'INSERT INTO gne_vale_ferreteria_mov (vfe_id,pro_codigo_plu,vfm_cantidad,vfm_unitario,vfm_total,vfm_entregado) VALUES (15569,78017059,2,120,240,@@@NO@@@)','',2,'2013-11-02'),(85791,'INSERT INTO gne_vale_ferreteria (vfe_id,vfe_fecha,vfe_total,vfe_estado,vfe_entregado,usu_nusuario) VALUES (15570,@@@2013.11.02@@@,630,1,0,@@@M_CASTILLO@@@)','',2,'2013-11-02'),(85792,'INSERT INTO gne_vale_ferreteria_mov (vfe_id,pro_codigo_plu,vfm_cantidad,vfm_unitario,vfm_total,vfm_entregado) VALUES (15570,19918,1,330,330,@@@NO@@@)','',2,'2013-11-02'),(85793,'INSERT INTO gne_vale_ferreteria_mov (vfe_id,pro_codigo_plu,vfm_cantidad,vfm_unitario,vfm_total,vfm_entregado) VALUES (15570,770024,3,100,300,@@@NO@@@)','',2,'2013-11-02'),(85794,'INSERT INTO gne_vale_ferreteria (vfe_id,vfe_fecha,vfe_total,vfe_estado,vfe_entregado,usu_nusuario) VALUES (15571,@@@2013.11.02@@@,3580,1,0,@@@M_CASTILLO@@@)','',2,'2013-11-02'),(85795,'INSERT INTO gne_vale_ferreteria_mov (vfe_id,pro_codigo_plu,vfm_cantidad,vfm_unitario,vfm_total,vfm_entregado) VALUES (15571,6012,2,1790,3580,@@@NO@@@)','',2,'2013-11-02'),(85796,'INSERT INTO gne_vale_ferreteria (vfe_id,vfe_fecha,vfe_total,vfe_estado,vfe_entregado,usu_nusuario) VALUES (15572,@@@2013.11.02@@@,3980,1,0,@@@M_CASTILLO@@@)','',2,'2013-11-02'),(85797,'INSERT INTO gne_vale_ferreteria_mov (vfe_id,pro_codigo_plu,vfm_cantidad,vfm_unitario,vfm_total,vfm_entregado) VALUES (15572,780721250,1,2790,2790,@@@NO@@@)','',2,'2013-11-02'),(85798,'INSERT INTO gne_vale_ferreteria_mov (vfe_id,pro_codigo_plu,vfm_cantidad,vfm_unitario,vfm_total,vfm_entregado) VALUES (15572,764585,1,1190,1190,@@@NO@@@)','',2,'2013-11-02'),(85799,'INSERT INTO gne_vale_ferreteria (vfe_id,vfe_fecha,vfe_total,vfe_estado,vfe_entregado,usu_nusuario) VALUES (15573,@@@2013.11.02@@@,1490,1,0,@@@M_CASTILLO@@@)','',2,'2013-11-02'),(85800,'INSERT INTO gne_vale_ferreteria_mov (vfe_id,pro_codigo_plu,vfm_cantidad,vfm_unitario,vfm_total,vfm_entregado) VALUES (15573,780721565,1,1490,1490,@@@NO@@@)','',2,'2013-11-02'),(85801,'INSERT INTO gne_vale_ferreteria (vfe_id,vfe_fecha,vfe_total,vfe_estado,vfe_entregado,usu_nusuario) VALUES (15574,@@@2013.11.02@@@,1490,1,0,@@@M_CASTILLO@@@)','',2,'2013-11-02'),(85802,'INSERT INTO gne_vale_ferreteria_mov (vfe_id,pro_codigo_plu,vfm_cantidad,vfm_unitario,vfm_total,vfm_entregado) VALUES (15574,4141,1,1490,1490,@@@NO@@@)','',2,'2013-11-02'),(85803,'INSERT INTO gne_vale_ferreteria (vfe_id,vfe_fecha,vfe_total,vfe_estado,vfe_entregado,usu_nusuario) VALUES (15575,@@@2013.11.02@@@,2740,1,0,@@@M_CASTILLO@@@)','',2,'2013-11-02'),(85804,'INSERT INTO gne_vale_ferreteria_mov (vfe_id,pro_codigo_plu,vfm_cantidad,vfm_unitario,vfm_total,vfm_entregado) VALUES (15575,770021,2,200,400,@@@NO@@@)','',2,'2013-11-02'),(85805,'INSERT INTO gne_vale_ferreteria_mov (vfe_id,pro_codigo_plu,vfm_cantidad,vfm_unitario,vfm_total,vfm_entregado) VALUES (15575,770022,1,100,100,@@@NO@@@)','',2,'2013-11-02'),(85806,'INSERT INTO gne_vale_ferreteria_mov (vfe_id,pro_codigo_plu,vfm_cantidad,vfm_unitario,vfm_total,vfm_entregado) VALUES (15575,770020,1,350,350,@@@NO@@@)','',2,'2013-11-02'),(85807,'INSERT INTO gne_vale_ferreteria_mov (vfe_id,pro_codigo_plu,vfm_cantidad,vfm_unitario,vfm_total,vfm_entregado) VALUES (15575,262180,1,1890,1890,@@@NO@@@)','',2,'2013-11-02'),(85808,'INSERT INTO gne_vale_ferreteria (vfe_id,vfe_fecha,vfe_total,vfe_estado,vfe_entregado,usu_nusuario) VALUES (15576,@@@2013.11.02@@@,950,1,0,@@@M_CASTILLO@@@)','',2,'2013-11-02'),(85809,'INSERT INTO gne_vale_ferreteria_mov (vfe_id,pro_codigo_plu,vfm_cantidad,vfm_unitario,vfm_total,vfm_entregado) VALUES (15576,14533,1,950,950,@@@NO@@@)','',2,'2013-11-02'),(85810,'INSERT INTO gne_vale_ferreteria (vfe_id,vfe_fecha,vfe_total,vfe_estado,vfe_entregado,usu_nusuario) VALUES (15577,@@@2013.11.02@@@,820,1,0,@@@M_CASTILLO@@@)','',2,'2013-11-02'),(85811,'INSERT INTO gne_vale_ferreteria_mov (vfe_id,pro_codigo_plu,vfm_cantidad,vfm_unitario,vfm_total,vfm_entregado) VALUES (15577,780220200,1,180,180,@@@NO@@@)','',2,'2013-11-02'),(85812,'INSERT INTO gne_vale_ferreteria_mov (vfe_id,pro_codigo_plu,vfm_cantidad,vfm_unitario,vfm_total,vfm_entregado) VALUES (15577,780220197,1,280,280,@@@NO@@@)','',2,'2013-11-02'),(85813,'INSERT INTO gne_vale_ferreteria_mov (vfe_id,pro_codigo_plu,vfm_cantidad,vfm_unitario,vfm_total,vfm_entregado) VALUES (15577,78016985,1,170,170,@@@NO@@@)','',2,'2013-11-02'),(85814,'INSERT INTO gne_vale_ferreteria_mov (vfe_id,pro_codigo_plu,vfm_cantidad,vfm_unitario,vfm_total,vfm_entregado) VALUES (15577,78016987,1,190,190,@@@NO@@@)','',2,'2013-11-02'),(85815,'INSERT INTO gne_vale_ferreteria (vfe_id,vfe_fecha,vfe_total,vfe_estado,vfe_entregado,usu_nusuario) VALUES (15578,@@@2013.11.02@@@,120,1,0,@@@M_CASTILLO@@@)','',2,'2013-11-02'),(85816,'INSERT INTO gne_vale_ferreteria_mov (vfe_id,pro_codigo_plu,vfm_cantidad,vfm_unitario,vfm_total,vfm_entregado) VALUES (15578,78017059,1,120,120,@@@NO@@@)','',2,'2013-11-02'),(85817,'INSERT INTO gne_vale_ferreteria (vfe_id,vfe_fecha,vfe_total,vfe_estado,vfe_entregado,usu_nusuario) VALUES (15579,@@@2013.11.02@@@,1890,1,0,@@@M_CASTILLO@@@)','',2,'2013-11-02'),(85818,'INSERT INTO gne_vale_ferreteria_mov (vfe_id,pro_codigo_plu,vfm_cantidad,vfm_unitario,vfm_total,vfm_entregado) VALUES (15579,780721333,1,1890,1890,@@@NO@@@)','',2,'2013-11-02'),(85819,'UPDATE mae_datos_empresa SET emp_oferta=@@@NO@@@','',2,'2013-11-02'),(85820,'INSERT INTO gne_vale_ferreteria (vfe_id,vfe_fecha,vfe_total,vfe_estado,vfe_entregado,usu_nusuario) VALUES (15580,@@@2013.11.02@@@,1150,1,0,@@@M_CASTILLO@@@)','',2,'2013-11-02'),(85821,'INSERT INTO gne_vale_ferreteria_mov (vfe_id,pro_codigo_plu,vfm_cantidad,vfm_unitario,vfm_total,vfm_entregado) VALUES (15580,764020,1,790,790,@@@NO@@@)','',2,'2013-11-02'),(85822,'INSERT INTO gne_vale_ferreteria_mov (vfe_id,pro_codigo_plu,vfm_cantidad,vfm_unitario,vfm_total,vfm_entregado) VALUES (15580,78016985,1,170,170,@@@NO@@@)','',2,'2013-11-02'),(85823,'INSERT INTO gne_vale_ferreteria_mov (vfe_id,pro_codigo_plu,vfm_cantidad,vfm_unitario,vfm_total,vfm_entregado) VALUES (15580,78016987,1,190,190,@@@NO@@@)','',2,'2013-11-02'),(85824,'INSERT INTO gne_vale_ferreteria (vfe_id,vfe_fecha,vfe_total,vfe_estado,vfe_entregado,usu_nusuario) VALUES (15581,@@@2013.11.02@@@,790,1,0,@@@M_CASTILLO@@@)','',2,'2013-11-02'),(85825,'INSERT INTO gne_vale_ferreteria_mov (vfe_id,pro_codigo_plu,vfm_cantidad,vfm_unitario,vfm_total,vfm_entregado) VALUES (15581,1536,1,290,290,@@@NO@@@)','',2,'2013-11-02'),(85826,'INSERT INTO gne_vale_ferreteria_mov (vfe_id,pro_codigo_plu,vfm_cantidad,vfm_unitario,vfm_total,vfm_entregado) VALUES (15581,1542,2,100,200,@@@NO@@@)','',2,'2013-11-02'),(85827,'INSERT INTO gne_vale_ferreteria_mov (vfe_id,pro_codigo_plu,vfm_cantidad,vfm_unitario,vfm_total,vfm_entregado) VALUES (15581,1540,1,300,300,@@@NO@@@)','',2,'2013-11-02'),(85828,'INSERT INTO com_ventas_grupo (vgr_fecha,vgr_grupo,vgr_cantidad,vgr_total) VALUES (@@@2013.11.01@@@,1,165.75,115246)','',2,'2013-11-02'),(85829,'INSERT INTO com_ventas_grupo (vgr_fecha,vgr_grupo,vgr_cantidad,vgr_total) VALUES (@@@2013.11.01@@@,2,193,104609)','',2,'2013-11-02'),(85830,'INSERT INTO com_ventas_grupo (vgr_fecha,vgr_grupo,vgr_cantidad,vgr_total) VALUES (@@@2013.11.01@@@,3,332,70784)','',2,'2013-11-02'),(85831,'INSERT INTO com_ventas_grupo (vgr_fecha,vgr_grupo,vgr_cantidad,vgr_total) VALUES (@@@2013.11.01@@@,4,189,181978)','',2,'2013-11-02'),(85832,'INSERT INTO com_ventas_grupo (vgr_fecha,vgr_grupo,vgr_cantidad,vgr_total) VALUES (@@@2013.11.01@@@,5,3,12870)','',2,'2013-11-02'),(85833,'INSERT INTO com_ventas_grupo (vgr_fecha,vgr_grupo,vgr_cantidad,vgr_total) VALUES (@@@2013.11.01@@@,6,46,103759)','',2,'2013-11-02'),(85834,'INSERT INTO com_ventas_grupo (vgr_fecha,vgr_grupo,vgr_cantidad,vgr_total) VALUES (@@@2013.11.01@@@,7,104,240230)','',2,'2013-11-02'),(85835,'INSERT INTO com_ventas_grupo (vgr_fecha,vgr_grupo,vgr_cantidad,vgr_total) VALUES (@@@2013.11.01@@@,8,34,27180)','',2,'2013-11-02'),(85836,'INSERT INTO com_ventas_grupo (vgr_fecha,vgr_grupo,vgr_cantidad,vgr_total) VALUES (@@@2013.11.01@@@,9,134.555,268165)','',2,'2013-11-02'),(85837,'INSERT INTO com_ventas_grupo (vgr_fecha,vgr_grupo,vgr_cantidad,vgr_total) VALUES (@@@2013.11.01@@@,10,55.69,185965)','',2,'2013-11-02'),(85838,'INSERT INTO com_ventas_grupo (vgr_fecha,vgr_grupo,vgr_cantidad,vgr_total) VALUES (@@@2013.11.01@@@,11,85.085,272407)','',2,'2013-11-02'),(85839,'INSERT INTO com_ventas_grupo (vgr_fecha,vgr_grupo,vgr_cantidad,vgr_total) VALUES (@@@2013.11.01@@@,12,53.42,94856)','',2,'2013-11-02'),(85840,'INSERT INTO com_ventas_grupo (vgr_fecha,vgr_grupo,vgr_cantidad,vgr_total) VALUES (@@@2013.11.01@@@,13,8.36,26092)','',2,'2013-11-02'),(85841,'INSERT INTO com_ventas_grupo (vgr_fecha,vgr_grupo,vgr_cantidad,vgr_total) VALUES (@@@2013.11.01@@@,14,128.455,115984)','',2,'2013-11-02'),(85842,'INSERT INTO com_ventas_grupo (vgr_fecha,vgr_grupo,vgr_cantidad,vgr_total) VALUES (@@@2013.11.01@@@,18,340.49,203271)','',2,'2013-11-02'),(85843,'INSERT INTO com_ventas_grupo (vgr_fecha,vgr_grupo,vgr_cantidad,vgr_total) VALUES (@@@2013.11.01@@@,19,6,13740)','',2,'2013-11-02'),(85844,'INSERT INTO com_ventas_grupo (vgr_fecha,vgr_grupo,vgr_cantidad,vgr_total) VALUES (@@@2013.11.01@@@,20,521.98,109284)','',2,'2013-11-02'),(85845,'INSERT INTO com_ventas_grupo (vgr_fecha,vgr_grupo,vgr_cantidad,vgr_total) VALUES (@@@2013.11.01@@@,21,49,38405)','',2,'2013-11-02'),(85846,'INSERT INTO com_ventas_grupo (vgr_fecha,vgr_grupo,vgr_cantidad,vgr_total) VALUES (@@@2013.11.01@@@,23,9,6770)','',2,'2013-11-02'),(85847,'INSERT INTO com_ventas_grupo (vgr_fecha,vgr_grupo,vgr_cantidad,vgr_total) VALUES (@@@2013.11.01@@@,24,120,32800)','',2,'2013-11-02'),(85848,'INSERT INTO com_ventas_grupo (vgr_fecha,vgr_grupo,vgr_cantidad,vgr_total) VALUES (@@@2013.11.01@@@,25,109,169500)','',2,'2013-11-02'),(85849,'INSERT INTO com_ventas_grupo (vgr_fecha,vgr_grupo,vgr_cantidad,vgr_total) VALUES (@@@2013.11.01@@@,27,1,890)','',2,'2013-11-02'),(85850,'INSERT INTO com_ventas_grupo (vgr_fecha,vgr_grupo,vgr_cantidad,vgr_total) VALUES (@@@2013.11.01@@@,31,9,6540)','',2,'2013-11-02'),(85851,'INSERT INTO com_ventas_grupo (vgr_fecha,vgr_grupo,vgr_cantidad,vgr_total) VALUES (@@@2013.11.01@@@,32,316,134644)','',2,'2013-11-02'),(85852,'INSERT INTO com_ventas_grupo (vgr_fecha,vgr_grupo,vgr_cantidad,vgr_total) VALUES (@@@2013.11.01@@@,33,2,4700)','',2,'2013-11-02'),(85853,'INSERT INTO com_ventas_grupo (vgr_fecha,vgr_grupo,vgr_cantidad,vgr_total) VALUES (@@@2013.11.01@@@,35,35,25619)','',2,'2013-11-02'),(85854,'INSERT INTO com_ventas_grupo (vgr_fecha,vgr_grupo,vgr_cantidad,vgr_total) VALUES (@@@2013.11.01@@@,36,16,1850)','',2,'2013-11-02'),(85855,'INSERT INTO com_ventas_grupo (vgr_fecha,vgr_grupo,vgr_cantidad,vgr_total) VALUES (@@@2013.11.01@@@,37,5,2790)','',2,'2013-11-02'),(85856,'INSERT INTO com_ventas_grupo (vgr_fecha,vgr_grupo,vgr_cantidad,vgr_total) VALUES (@@@2013.11.01@@@,38,1,390)','',2,'2013-11-02'),(85857,'INSERT INTO com_ventas_grupo (vgr_fecha,vgr_grupo,vgr_cantidad,vgr_total) VALUES (@@@2013.11.01@@@,39,5,5660)','',2,'2013-11-02'),(85858,'INSERT INTO com_ventas_grupo (vgr_fecha,vgr_grupo,vgr_cantidad,vgr_total) VALUES (@@@2013.11.01@@@,41,2,1780)','',2,'2013-11-02'),(85859,'INSERT INTO com_ventas_grupo (vgr_fecha,vgr_grupo,vgr_cantidad,vgr_total) VALUES (@@@2013.11.01@@@,42,48.03,33834)','',2,'2013-11-02'),(85860,'INSERT INTO com_ventas_grupo (vgr_fecha,vgr_grupo,vgr_cantidad,vgr_total) VALUES (@@@2013.11.01@@@,44,2,3100)','',2,'2013-11-02'),(85861,'UPDATE mae_datos_empresa SET emp_oferta=@@@NO@@@','',2,'2013-11-02'),(85862,'INSERT INTO gne_vale_ferreteria (vfe_id,vfe_fecha,vfe_total,vfe_estado,vfe_entregado,usu_nusuario) VALUES (15582,@@@2013.11.02@@@,950,1,0,@@@M_CASTILLO@@@)','',2,'2013-11-02'),(85863,'INSERT INTO gne_vale_ferreteria_mov (vfe_id,pro_codigo_plu,vfm_cantidad,vfm_unitario,vfm_total,vfm_entregado) VALUES (15582,14106,1,950,950,@@@NO@@@)','',2,'2013-11-02'),(85864,'UPDATE mae_productos SET pro_codigo_barra=@@@7802920005140@@@,pro_tipo=@@@0@@@,pro_nombre_producto=@@@YOGHURT FRUTOS LIGHT FRUTILLA 125 G@@@,pro_nombre_corto=@@@YOGHURT FRUTOS L@@@,med_id=@@@5@@@,emb_id=@@@3@@@,pro_unidades_embalaje=@@@0@@@,dep_id=@@@3 @@@,lin_id=@@@50@@@,mar_id=@@@1004@@@,pro_precio_compra_neto=@@@0@@@,pro_precio_compra_bruto=@@@220.86@@@,pro_precio_venta=@@@299@@@,pro_margen_actual=@@@35.38@@@,pro_oferta=@@@NO@@@,pro_fecha_inicio_oferta=@@@2013.05.18@@@,pro_fecha_termino_oferta=@@@2013.05.18@@@,pro_precio_oferta=@@@0@@@,pro_stock_minimo=@@@0@@@,pro_stock_critico=@@@0@@@,pro_activo=@@@1@@@,pro_unidad=@@@0@@@,pro_precio_compra_bruto=220.86,pro_margen_actual=35.38,pro_capacidad=125,pro_funcion_plu=0,pro_flejes=1,pro_iva=1,pro_plu_asociado=0,pro_envase=@@@NO@@@,pro_duracion=0,pro_numero_etiqueta=0 WHERE pro_codigo_plu=@@@78017098@@@','',2,'2013-11-02'),(85865,'UPDATE mae_productos SET pro_estado=1 WHERE pro_codigo_plu=78017098','',2,'2013-11-02'),(85866,'DELETE FROM mae_impuestos_productos WHERE pro_codigo_plu=@@@78017098@@@','',2,'2013-11-02'),(85867,'INSERT INTO gne_vale_ferreteria (vfe_id,vfe_fecha,vfe_total,vfe_estado,vfe_entregado,usu_nusuario) VALUES (15583,@@@2013.11.02@@@,930,1,0,@@@M_CASTILLO@@@)','',2,'2013-11-02'),(85868,'INSERT INTO gne_vale_ferreteria_mov (vfe_id,pro_codigo_plu,vfm_cantidad,vfm_unitario,vfm_total,vfm_entregado) VALUES (15583,11670,1,930,930,@@@NO@@@)','',2,'2013-11-02'),(85869,'INSERT INTO gne_vale_ferreteria (vfe_id,vfe_fecha,vfe_total,vfe_estado,vfe_entregado,usu_nusuario) VALUES (15584,@@@2013.11.02@@@,5270,1,0,@@@M_CASTILLO@@@)','',2,'2013-11-02'),(85870,'INSERT INTO gne_vale_ferreteria_mov (vfe_id,pro_codigo_plu,vfm_cantidad,vfm_unitario,vfm_total,vfm_entregado) VALUES (15584,12222,1,1890,1890,@@@NO@@@)','',2,'2013-11-02'),(85871,'INSERT INTO gne_vale_ferreteria_mov (vfe_id,pro_codigo_plu,vfm_cantidad,vfm_unitario,vfm_total,vfm_entregado) VALUES (15584,101104,1,790,790,@@@NO@@@)','',2,'2013-11-02'),(85872,'INSERT INTO gne_vale_ferreteria_mov (vfe_id,pro_codigo_plu,vfm_cantidad,vfm_unitario,vfm_total,vfm_entregado) VALUES (15584,780220169,1,2590,2590,@@@NO@@@)','',2,'2013-11-02'),(85873,'INSERT INTO gne_vale_ferreteria (vfe_id,vfe_fecha,vfe_total,vfe_estado,vfe_entregado,usu_nusuario) VALUES (15585,@@@2013.11.02@@@,1790,1,0,@@@M_CASTILLO@@@)','',2,'2013-11-02'),(85874,'INSERT INTO gne_vale_ferreteria_mov (vfe_id,pro_codigo_plu,vfm_cantidad,vfm_unitario,vfm_total,vfm_entregado) VALUES (15585,763741,1,1790,1790,@@@NO@@@)','',2,'2013-11-02'),(85875,'INSERT INTO gne_vale_ferreteria (vfe_id,vfe_fecha,vfe_total,vfe_estado,vfe_entregado,usu_nusuario) VALUES (15586,@@@2013.11.02@@@,1070,1,0,@@@M_CASTILLO@@@)','',2,'2013-11-02'),(85876,'INSERT INTO gne_vale_ferreteria_mov (vfe_id,pro_codigo_plu,vfm_cantidad,vfm_unitario,vfm_total,vfm_entregado) VALUES (15586,78017157,1,770,770,@@@NO@@@)','',2,'2013-11-02'),(85877,'INSERT INTO gne_vale_ferreteria_mov (vfe_id,pro_codigo_plu,vfm_cantidad,vfm_unitario,vfm_total,vfm_entregado) VALUES (15586,780721276,1,300,300,@@@NO@@@)','',2,'2013-11-02'),(85878,'INSERT INTO gne_vale_ferreteria (vfe_id,vfe_fecha,vfe_total,vfe_estado,vfe_entregado,usu_nusuario) VALUES (15587,@@@2013.11.02@@@,790,1,0,@@@M_CASTILLO@@@)','',2,'2013-11-02'),(85879,'INSERT INTO gne_vale_ferreteria_mov (vfe_id,pro_codigo_plu,vfm_cantidad,vfm_unitario,vfm_total,vfm_entregado) VALUES (15587,101454,1,790,790,@@@NO@@@)','',2,'2013-11-02'),(85880,'INSERT INTO gne_vale_ferreteria (vfe_id,vfe_fecha,vfe_total,vfe_estado,vfe_entregado,usu_nusuario) VALUES (15588,@@@2013.11.02@@@,1790,1,0,@@@M_CASTILLO@@@)','',2,'2013-11-02'),(85881,'INSERT INTO gne_vale_ferreteria_mov (vfe_id,pro_codigo_plu,vfm_cantidad,vfm_unitario,vfm_total,vfm_entregado) VALUES (15588,764728,1,1790,1790,@@@NO@@@)','',2,'2013-11-02'),(85882,'INSERT INTO gne_vale_ferreteria (vfe_id,vfe_fecha,vfe_total,vfe_estado,vfe_entregado,usu_nusuario) VALUES (15589,@@@2013.11.02@@@,2050,1,0,@@@M_CASTILLO@@@)','',2,'2013-11-02'),(85883,'INSERT INTO gne_vale_ferreteria_mov (vfe_id,pro_codigo_plu,vfm_cantidad,vfm_unitario,vfm_total,vfm_entregado) VALUES (15589,761657,1,2050,2050,@@@NO@@@)','',2,'2013-11-02'),(85884,'INSERT INTO gne_vale_ferreteria (vfe_id,vfe_fecha,vfe_total,vfe_estado,vfe_entregado,usu_nusuario) VALUES (15590,@@@2013.11.02@@@,1890,1,0,@@@M_CASTILLO@@@)','',2,'2013-11-02'),(85885,'INSERT INTO gne_vale_ferreteria_mov (vfe_id,pro_codigo_plu,vfm_cantidad,vfm_unitario,vfm_total,vfm_entregado) VALUES (15590,101841,1,1890,1890,@@@NO@@@)','',2,'2013-11-02'),(85886,'INSERT INTO gne_vale_ferreteria (vfe_id,vfe_fecha,vfe_total,vfe_estado,vfe_entregado,usu_nusuario) VALUES (15591,@@@2013.11.02@@@,790,1,0,@@@M_CASTILLO@@@)','',2,'2013-11-02'),(85887,'INSERT INTO gne_vale_ferreteria_mov (vfe_id,pro_codigo_plu,vfm_cantidad,vfm_unitario,vfm_total,vfm_entregado) VALUES (15591,101454,1,790,790,@@@NO@@@)','',2,'2013-11-02'),(85888,'INSERT INTO gne_vale_ferreteria (vfe_id,vfe_fecha,vfe_total,vfe_estado,vfe_entregado,usu_nusuario) VALUES (15592,@@@2013.11.02@@@,490,1,0,@@@M_CASTILLO@@@)','',2,'2013-11-02'),(85889,'INSERT INTO gne_vale_ferreteria_mov (vfe_id,pro_codigo_plu,vfm_cantidad,vfm_unitario,vfm_total,vfm_entregado) VALUES (15592,1538,1,490,490,@@@NO@@@)','',2,'2013-11-02'),(85890,'INSERT INTO gne_vale_ferreteria (vfe_id,vfe_fecha,vfe_total,vfe_estado,vfe_entregado,usu_nusuario) VALUES (15593,@@@2013.11.02@@@,5560,1,0,@@@M_CASTILLO@@@)','',2,'2013-11-02'),(85891,'INSERT INTO gne_vale_ferreteria_mov (vfe_id,pro_codigo_plu,vfm_cantidad,vfm_unitario,vfm_total,vfm_entregado) VALUES (15593,763886,1,2870,2870,@@@NO@@@)','',2,'2013-11-02'),(85892,'INSERT INTO gne_vale_ferreteria_mov (vfe_id,pro_codigo_plu,vfm_cantidad,vfm_unitario,vfm_total,vfm_entregado) VALUES (15593,78017023,1,2690,2690,@@@NO@@@)','',2,'2013-11-02'),(85893,'INSERT INTO gne_vale_ferreteria (vfe_id,vfe_fecha,vfe_total,vfe_estado,vfe_entregado,usu_nusuario) VALUES (15594,@@@2013.11.02@@@,390,1,0,@@@M_CASTILLO@@@)','',2,'2013-11-02'),(85894,'INSERT INTO gne_vale_ferreteria_mov (vfe_id,pro_codigo_plu,vfm_cantidad,vfm_unitario,vfm_total,vfm_entregado) VALUES (15594,764205,1,390,390,@@@NO@@@)','',2,'2013-11-02'),(85895,'UPDATE mae_productos SET pro_precio_compra_bruto=1154.3,pro_margen_actual=(pro_precio_venta-1154.3)/1154.3 * 100,pro_ultima_compra=@@@2013.11.02@@@,pro_ultimo_proveedor=@@@82623500-4@@@ WHERE pro_codigo_plu=780721787','',2,'2013-11-02'),(85896,'INSERT INTO gne_vale_ferreteria (vfe_id,vfe_fecha,vfe_total,vfe_estado,vfe_entregado,usu_nusuario) VALUES (15595,@@@2013.11.02@@@,400,1,0,@@@M_CASTILLO@@@)','',2,'2013-11-02'),(85897,'INSERT INTO gne_vale_ferreteria_mov (vfe_id,pro_codigo_plu,vfm_cantidad,vfm_unitario,vfm_total,vfm_entregado) VALUES (15595,880006,2,200,400,@@@NO@@@)','',2,'2013-11-02'),(85898,'UPDATE mae_productos SET pro_precio_compra_bruto=153.9,pro_margen_actual=(pro_precio_venta-153.9)/153.9 * 100,pro_ultima_compra=@@@2013.11.02@@@,pro_ultimo_proveedor=@@@81094100-6@@@ WHERE pro_codigo_plu=16632','',2,'2013-11-02'),(85899,'UPDATE mae_productos SET pro_precio_compra_bruto=220.94,pro_margen_actual=(pro_precio_venta-220.94)/220.94 * 100,pro_ultima_compra=@@@2013.11.02@@@,pro_ultimo_proveedor=@@@81094100-6@@@ WHERE pro_codigo_plu=78017098','',2,'2013-11-02'),(85900,'UPDATE mae_productos SET pro_precio_compra_bruto=98.34,pro_margen_actual=(pro_precio_venta-98.34)/98.34 * 100,pro_ultima_compra=@@@2013.11.02@@@,pro_ultimo_proveedor=@@@81094100-6@@@ WHERE pro_codigo_plu=16816','',2,'2013-11-02'),(85901,'UPDATE mae_productos SET pro_precio_compra_bruto=98.34,pro_margen_actual=(pro_precio_venta-98.34)/98.34 * 100,pro_ultima_compra=@@@2013.11.02@@@,pro_ultimo_proveedor=@@@81094100-6@@@ WHERE pro_codigo_plu=16819','',2,'2013-11-02'),(85902,'UPDATE mae_productos SET pro_precio_compra_bruto=98.36,pro_margen_actual=(pro_precio_venta-98.36)/98.36 * 100,pro_ultima_compra=@@@2013.11.02@@@,pro_ultimo_proveedor=@@@81094100-6@@@ WHERE pro_codigo_plu=13096','',2,'2013-11-02'),(85903,'UPDATE mae_productos SET pro_precio_compra_bruto=525.14,pro_margen_actual=(pro_precio_venta-525.14)/525.14 * 100,pro_ultima_compra=@@@2013.11.02@@@,pro_ultimo_proveedor=@@@81094100-6@@@ WHERE pro_codigo_plu=18668','',2,'2013-11-02'),(85904,'UPDATE mae_productos SET pro_precio_compra_bruto=273.105,pro_margen_actual=(pro_precio_venta-273.105)/273.105 * 100,pro_ultima_compra=@@@2013.11.02@@@,pro_ultimo_proveedor=@@@81094100-6@@@ WHERE pro_codigo_plu=18669','',2,'2013-11-02'),(85905,'UPDATE mae_productos SET pro_precio_compra_bruto=3568.46,pro_margen_actual=(pro_precio_venta-3568.46)/3568.46 * 100,pro_ultima_compra=@@@2013.11.02@@@,pro_ultimo_proveedor=@@@81094100-6@@@ WHERE pro_codigo_plu=406','',2,'2013-11-02'),(85906,'UPDATE mae_productos SET pro_precio_compra_bruto=4268.36,pro_margen_actual=(pro_precio_venta-4268.36)/4268.36 * 100,pro_ultima_compra=@@@2013.11.02@@@,pro_ultimo_proveedor=@@@81094100-6@@@ WHERE pro_codigo_plu=400','',2,'2013-11-02'),(85907,'UPDATE mae_productos SET pro_precio_compra_bruto=2753.95,pro_margen_actual=(pro_precio_venta-2753.95)/2753.95 * 100,pro_ultima_compra=@@@2013.11.02@@@,pro_ultimo_proveedor=@@@81094100-6@@@ WHERE pro_codigo_plu=101682','',2,'2013-11-02'),(85908,'INSERT INTO gne_vale_ferreteria (vfe_id,vfe_fecha,vfe_total,vfe_estado,vfe_entregado,usu_nusuario) VALUES (15596,@@@2013.11.02@@@,3780,1,0,@@@M_CASTILLO@@@)','',2,'2013-11-02'),(85909,'INSERT INTO gne_vale_ferreteria_mov (vfe_id,pro_codigo_plu,vfm_cantidad,vfm_unitario,vfm_total,vfm_entregado) VALUES (15596,101624,1,1890,1890,@@@NO@@@)','',2,'2013-11-02'),(85910,'INSERT INTO gne_vale_ferreteria_mov (vfe_id,pro_codigo_plu,vfm_cantidad,vfm_unitario,vfm_total,vfm_entregado) VALUES (15596,78017188,1,1890,1890,@@@NO@@@)','',2,'2013-11-02'),(85911,'INSERT INTO gne_vale_ferreteria (vfe_id,vfe_fecha,vfe_total,vfe_estado,vfe_entregado,usu_nusuario) VALUES (15597,@@@2013.11.02@@@,290,1,0,@@@M_CASTILLO@@@)','',2,'2013-11-02'),(85912,'INSERT INTO gne_vale_ferreteria_mov (vfe_id,pro_codigo_plu,vfm_cantidad,vfm_unitario,vfm_total,vfm_entregado) VALUES (15597,780721468,1,290,290,@@@NO@@@)','',2,'2013-11-02'),(85913,'INSERT INTO gne_vale_ferreteria (vfe_id,vfe_fecha,vfe_total,vfe_estado,vfe_entregado,usu_nusuario) VALUES (15598,@@@2013.11.02@@@,100,1,0,@@@M_CASTILLO@@@)','',2,'2013-11-02'),(85914,'INSERT INTO gne_vale_ferreteria_mov (vfe_id,pro_codigo_plu,vfm_cantidad,vfm_unitario,vfm_total,vfm_entregado) VALUES (15598,1545,2,50,100,@@@NO@@@)','',2,'2013-11-02'),(85915,'INSERT INTO gne_vale_ferreteria (vfe_id,vfe_fecha,vfe_total,vfe_estado,vfe_entregado,usu_nusuario) VALUES (15599,@@@2013.11.02@@@,590,1,0,@@@M_CASTILLO@@@)','',2,'2013-11-02'),(85916,'INSERT INTO gne_vale_ferreteria_mov (vfe_id,pro_codigo_plu,vfm_cantidad,vfm_unitario,vfm_total,vfm_entregado) VALUES (15599,36649,1,590,590,@@@NO@@@)','',2,'2013-11-02'),(85917,'INSERT INTO gne_vale_ferreteria (vfe_id,vfe_fecha,vfe_total,vfe_estado,vfe_entregado,usu_nusuario) VALUES (15600,@@@2013.11.02@@@,1650,1,0,@@@M_CASTILLO@@@)','',2,'2013-11-02'),(85918,'INSERT INTO gne_vale_ferreteria_mov (vfe_id,pro_codigo_plu,vfm_cantidad,vfm_unitario,vfm_total,vfm_entregado) VALUES (15600,15949,3,550,1650,@@@NO@@@)','',2,'2013-11-02'),(85919,'INSERT INTO gne_vale_ferreteria (vfe_id,vfe_fecha,vfe_total,vfe_estado,vfe_entregado,usu_nusuario) VALUES (15601,@@@2013.11.02@@@,300,1,0,@@@M_CASTILLO@@@)','',2,'2013-11-02'),(85920,'INSERT INTO gne_vale_ferreteria_mov (vfe_id,pro_codigo_plu,vfm_cantidad,vfm_unitario,vfm_total,vfm_entregado) VALUES (15601,78017190,3,100,300,@@@NO@@@)','',2,'2013-11-02'),(85921,'INSERT INTO gne_vale_ferreteria (vfe_id,vfe_fecha,vfe_total,vfe_estado,vfe_entregado,usu_nusuario) VALUES (15602,@@@2013.11.02@@@,1990,1,0,@@@M_CASTILLO@@@)','',2,'2013-11-02'),(85922,'INSERT INTO gne_vale_ferreteria_mov (vfe_id,pro_codigo_plu,vfm_cantidad,vfm_unitario,vfm_total,vfm_entregado) VALUES (15602,102628,1,1990,1990,@@@NO@@@)','',2,'2013-11-02'),(85923,'INSERT INTO gne_vale_ferreteria (vfe_id,vfe_fecha,vfe_total,vfe_estado,vfe_entregado,usu_nusuario) VALUES (15603,@@@2013.11.02@@@,2840,1,0,@@@M_CASTILLO@@@)','',2,'2013-11-02'),(85924,'INSERT INTO gne_vale_ferreteria_mov (vfe_id,pro_codigo_plu,vfm_cantidad,vfm_unitario,vfm_total,vfm_entregado) VALUES (15603,102414,1,1990,1990,@@@NO@@@)','',2,'2013-11-02'),(85925,'INSERT INTO gne_vale_ferreteria_mov (vfe_id,pro_codigo_plu,vfm_cantidad,vfm_unitario,vfm_total,vfm_entregado) VALUES (15603,763798,1,850,850,@@@NO@@@)','',2,'2013-11-02'),(85926,'INSERT INTO gne_vale_ferreteria (vfe_id,vfe_fecha,vfe_total,vfe_estado,vfe_entregado,usu_nusuario) VALUES (15604,@@@2013.11.02@@@,290,1,0,@@@M_CASTILLO@@@)','',2,'2013-11-02'),(85927,'INSERT INTO gne_vale_ferreteria_mov (vfe_id,pro_codigo_plu,vfm_cantidad,vfm_unitario,vfm_total,vfm_entregado) VALUES (15604,3103,1,290,290,@@@NO@@@)','',2,'2013-11-02'),(85928,'INSERT INTO gne_vale_ferreteria (vfe_id,vfe_fecha,vfe_total,vfe_estado,vfe_entregado,usu_nusuario) VALUES (15605,@@@2013.11.02@@@,120,1,0,@@@M_CASTILLO@@@)','',2,'2013-11-02'),(85929,'INSERT INTO gne_vale_ferreteria_mov (vfe_id,pro_codigo_plu,vfm_cantidad,vfm_unitario,vfm_total,vfm_entregado) VALUES (15605,780721265,1,120,120,@@@NO@@@)','',2,'2013-11-02'),(85930,'INSERT INTO gne_vale_ferreteria (vfe_id,vfe_fecha,vfe_total,vfe_estado,vfe_entregado,usu_nusuario) VALUES (15606,@@@2013.11.02@@@,100,1,0,@@@M_CASTILLO@@@)','',2,'2013-11-02'),(85931,'INSERT INTO gne_vale_ferreteria_mov (vfe_id,pro_codigo_plu,vfm_cantidad,vfm_unitario,vfm_total,vfm_entregado) VALUES (15606,1542,1,100,100,@@@NO@@@)','',2,'2013-11-02'),(85932,'INSERT INTO gne_vale_ferreteria (vfe_id,vfe_fecha,vfe_total,vfe_estado,vfe_entregado,usu_nusuario) VALUES (15607,@@@2013.11.02@@@,2590,1,0,@@@M_CASTILLO@@@)','',2,'2013-11-02'),(85933,'INSERT INTO gne_vale_ferreteria_mov (vfe_id,pro_codigo_plu,vfm_cantidad,vfm_unitario,vfm_total,vfm_entregado) VALUES (15607,101047,1,2590,2590,@@@NO@@@)','',2,'2013-11-02'),(85934,'INSERT INTO gne_vale_ferreteria (vfe_id,vfe_fecha,vfe_total,vfe_estado,vfe_entregado,usu_nusuario) VALUES (15608,@@@2013.11.02@@@,720,1,0,@@@M_CASTILLO@@@)','',2,'2013-11-02'),(85935,'INSERT INTO gne_vale_ferreteria_mov (vfe_id,pro_codigo_plu,vfm_cantidad,vfm_unitario,vfm_total,vfm_entregado) VALUES (15608,763934,1,720,720,@@@NO@@@)','',2,'2013-11-02'),(85936,'INSERT INTO gne_vale_ferreteria (vfe_id,vfe_fecha,vfe_total,vfe_estado,vfe_entregado,usu_nusuario) VALUES (15609,@@@2013.11.02@@@,290,1,0,@@@M_CASTILLO@@@)','',2,'2013-11-02'),(85937,'INSERT INTO gne_vale_ferreteria_mov (vfe_id,pro_codigo_plu,vfm_cantidad,vfm_unitario,vfm_total,vfm_entregado) VALUES (15609,761330,1,290,290,@@@NO@@@)','',2,'2013-11-02'),(85938,'INSERT INTO gne_vale_ferreteria (vfe_id,vfe_fecha,vfe_total,vfe_estado,vfe_entregado,usu_nusuario) VALUES (15610,@@@2013.11.02@@@,930,1,0,@@@M_CASTILLO@@@)','',2,'2013-11-02'),(85939,'INSERT INTO gne_vale_ferreteria_mov (vfe_id,pro_codigo_plu,vfm_cantidad,vfm_unitario,vfm_total,vfm_entregado) VALUES (15610,11670,1,930,930,@@@NO@@@)','',2,'2013-11-02'),(85940,'INSERT INTO gne_vale_ferreteria (vfe_id,vfe_fecha,vfe_total,vfe_estado,vfe_entregado,usu_nusuario) VALUES (15611,@@@2013.11.02@@@,390,1,0,@@@M_CASTILLO@@@)','',2,'2013-11-02'),(85941,'INSERT INTO gne_vale_ferreteria_mov (vfe_id,pro_codigo_plu,vfm_cantidad,vfm_unitario,vfm_total,vfm_entregado) VALUES (15611,1554,1,390,390,@@@NO@@@)','',2,'2013-11-02'),(85942,'INSERT INTO gne_vale_ferreteria (vfe_id,vfe_fecha,vfe_total,vfe_estado,vfe_entregado,usu_nusuario) VALUES (15612,@@@2013.11.02@@@,3990,1,0,@@@M_CASTILLO@@@)','',2,'2013-11-02'),(85943,'INSERT INTO gne_vale_ferreteria_mov (vfe_id,pro_codigo_plu,vfm_cantidad,vfm_unitario,vfm_total,vfm_entregado) VALUES (15612,764895,1,3990,3990,@@@NO@@@)','',2,'2013-11-02'),(85944,'INSERT INTO gne_vale_ferreteria (vfe_id,vfe_fecha,vfe_total,vfe_estado,vfe_entregado,usu_nusuario) VALUES (15613,@@@2013.11.02@@@,50,1,0,@@@M_CASTILLO@@@)','',2,'2013-11-02'),(85945,'INSERT INTO gne_vale_ferreteria_mov (vfe_id,pro_codigo_plu,vfm_cantidad,vfm_unitario,vfm_total,vfm_entregado) VALUES (15613,780220123,1,50,50,@@@NO@@@)','',2,'2013-11-02'),(85946,'INSERT INTO gne_vale_ferreteria (vfe_id,vfe_fecha,vfe_total,vfe_estado,vfe_entregado,usu_nusuario) VALUES (15614,@@@2013.11.02@@@,4570,1,0,@@@M_CASTILLO@@@)','',2,'2013-11-02'),(85947,'INSERT INTO gne_vale_ferreteria_mov (vfe_id,pro_codigo_plu,vfm_cantidad,vfm_unitario,vfm_total,vfm_entregado) VALUES (15614,880017,1,3490,3490,@@@NO@@@)','',2,'2013-11-02'),(85948,'INSERT INTO gne_vale_ferreteria_mov (vfe_id,pro_codigo_plu,vfm_cantidad,vfm_unitario,vfm_total,vfm_entregado) VALUES (15614,764830,1,690,690,@@@NO@@@)','',2,'2013-11-02'),(85949,'INSERT INTO gne_vale_ferreteria_mov (vfe_id,pro_codigo_plu,vfm_cantidad,vfm_unitario,vfm_total,vfm_entregado) VALUES (15614,765000,1,390,390,@@@NO@@@)','',2,'2013-11-02'),(85950,'INSERT INTO gne_vale_ferreteria (vfe_id,vfe_fecha,vfe_total,vfe_estado,vfe_entregado,usu_nusuario) VALUES (15615,@@@2013.11.02@@@,350,1,0,@@@M_CASTILLO@@@)','',2,'2013-11-02'),(85951,'INSERT INTO gne_vale_ferreteria_mov (vfe_id,pro_codigo_plu,vfm_cantidad,vfm_unitario,vfm_total,vfm_entregado) VALUES (15615,780721986,1,350,350,@@@NO@@@)','',2,'2013-11-02'),(85952,'INSERT INTO gne_vale_ferreteria (vfe_id,vfe_fecha,vfe_total,vfe_estado,vfe_entregado,usu_nusuario) VALUES (15616,@@@2013.11.02@@@,300,1,0,@@@M_CASTILLO@@@)','',2,'2013-11-02'),(85953,'INSERT INTO gne_vale_ferreteria_mov (vfe_id,pro_codigo_plu,vfm_cantidad,vfm_unitario,vfm_total,vfm_entregado) VALUES (15616,8021,2,150,300,@@@NO@@@)','',2,'2013-11-02'),(85954,'INSERT INTO gne_vale_ferreteria (vfe_id,vfe_fecha,vfe_total,vfe_estado,vfe_entregado,usu_nusuario) VALUES (15617,@@@2013.11.02@@@,390,1,0,@@@M_CASTILLO@@@)','',2,'2013-11-02'),(85955,'INSERT INTO gne_vale_ferreteria_mov (vfe_id,pro_codigo_plu,vfm_cantidad,vfm_unitario,vfm_total,vfm_entregado) VALUES (15617,764975,1,390,390,@@@NO@@@)','',2,'2013-11-02'),(85956,'INSERT INTO gne_vale_ferreteria (vfe_id,vfe_fecha,vfe_total,vfe_estado,vfe_entregado,usu_nusuario) VALUES (15618,@@@2013.11.02@@@,5770,1,0,@@@M_CASTILLO@@@)','',2,'2013-11-02'),(85957,'INSERT INTO gne_vale_ferreteria_mov (vfe_id,pro_codigo_plu,vfm_cantidad,vfm_unitario,vfm_total,vfm_entregado) VALUES (15618,780721077,1,1890,1890,@@@NO@@@)','',2,'2013-11-02'),(85958,'INSERT INTO gne_vale_ferreteria_mov (vfe_id,pro_codigo_plu,vfm_cantidad,vfm_unitario,vfm_total,vfm_entregado) VALUES (15618,780721105,1,1890,1890,@@@NO@@@)','',2,'2013-11-02'),(85959,'INSERT INTO gne_vale_ferreteria_mov (vfe_id,pro_codigo_plu,vfm_cantidad,vfm_unitario,vfm_total,vfm_entregado) VALUES (15618,763697,1,1990,1990,@@@NO@@@)','',2,'2013-11-02'),(85960,'INSERT INTO gne_vale_ferreteria (vfe_id,vfe_fecha,vfe_total,vfe_estado,vfe_entregado,usu_nusuario) VALUES (15619,@@@2013.11.02@@@,720,1,0,@@@M_CASTILLO@@@)','',2,'2013-11-02'),(85961,'INSERT INTO gne_vale_ferreteria_mov (vfe_id,pro_codigo_plu,vfm_cantidad,vfm_unitario,vfm_total,vfm_entregado) VALUES (15619,763934,1,720,720,@@@NO@@@)','',2,'2013-11-02'),(85962,'INSERT INTO gne_vale_ferreteria (vfe_id,vfe_fecha,vfe_total,vfe_estado,vfe_entregado,usu_nusuario) VALUES (15620,@@@2013.11.02@@@,300,1,0,@@@M_CASTILLO@@@)','',2,'2013-11-02'),(85963,'INSERT INTO gne_vale_ferreteria_mov (vfe_id,pro_codigo_plu,vfm_cantidad,vfm_unitario,vfm_total,vfm_entregado) VALUES (15620,10063,1,300,300,@@@NO@@@)','',2,'2013-11-02'),(85964,'INSERT INTO gne_vale_ferreteria (vfe_id,vfe_fecha,vfe_total,vfe_estado,vfe_entregado,usu_nusuario) VALUES (15621,@@@2013.11.02@@@,5170,1,0,@@@M_CASTILLO@@@)','',2,'2013-11-02'),(85965,'INSERT INTO gne_vale_ferreteria_mov (vfe_id,pro_codigo_plu,vfm_cantidad,vfm_unitario,vfm_total,vfm_entregado) VALUES (15621,262177,1,3190,3190,@@@NO@@@)','',2,'2013-11-02'),(85966,'INSERT INTO gne_vale_ferreteria_mov (vfe_id,pro_codigo_plu,vfm_cantidad,vfm_unitario,vfm_total,vfm_entregado) VALUES (15621,764469,2,990,1980,@@@NO@@@)','',2,'2013-11-02'),(85967,'INSERT INTO gne_vale_ferreteria (vfe_id,vfe_fecha,vfe_total,vfe_estado,vfe_entregado,usu_nusuario) VALUES (15622,@@@2013.11.02@@@,1490,1,0,@@@M_CASTILLO@@@)','',2,'2013-11-02'),(85968,'INSERT INTO gne_vale_ferreteria_mov (vfe_id,pro_codigo_plu,vfm_cantidad,vfm_unitario,vfm_total,vfm_entregado) VALUES (15622,762121,1,1490,1490,@@@NO@@@)','',2,'2013-11-02'),(85969,'INSERT INTO gne_vale_ferreteria (vfe_id,vfe_fecha,vfe_total,vfe_estado,vfe_entregado,usu_nusuario) VALUES (15623,@@@2013.11.02@@@,1490,1,0,@@@M_CASTILLO@@@)','',2,'2013-11-02'),(85970,'INSERT INTO gne_vale_ferreteria_mov (vfe_id,pro_codigo_plu,vfm_cantidad,vfm_unitario,vfm_total,vfm_entregado) VALUES (15623,780721457,1,1490,1490,@@@NO@@@)','',2,'2013-11-02'),(85971,'INSERT INTO gne_vale_ferreteria (vfe_id,vfe_fecha,vfe_total,vfe_estado,vfe_entregado,usu_nusuario) VALUES (15624,@@@2013.11.02@@@,1750,1,0,@@@M_CASTILLO@@@)','',2,'2013-11-02'),(85972,'INSERT INTO gne_vale_ferreteria_mov (vfe_id,pro_codigo_plu,vfm_cantidad,vfm_unitario,vfm_total,vfm_entregado) VALUES (15624,20484,1,1750,1750,@@@NO@@@)','',2,'2013-11-02'),(85973,'INSERT INTO gne_vale_ferreteria (vfe_id,vfe_fecha,vfe_total,vfe_estado,vfe_entregado,usu_nusuario) VALUES (15625,@@@2013.11.02@@@,1200,1,0,@@@M_CASTILLO@@@)','',2,'2013-11-02'),(85974,'INSERT INTO gne_vale_ferreteria_mov (vfe_id,pro_codigo_plu,vfm_cantidad,vfm_unitario,vfm_total,vfm_entregado) VALUES (15625,780721232,1,1200,1200,@@@NO@@@)','',2,'2013-11-02'),(85975,'INSERT INTO gne_vale_ferreteria (vfe_id,vfe_fecha,vfe_total,vfe_estado,vfe_entregado,usu_nusuario) VALUES (15626,@@@2013.11.02@@@,2690,1,0,@@@M_CASTILLO@@@)','',2,'2013-11-02'),(85976,'INSERT INTO gne_vale_ferreteria_mov (vfe_id,pro_codigo_plu,vfm_cantidad,vfm_unitario,vfm_total,vfm_entregado) VALUES (15626,764888,1,2690,2690,@@@NO@@@)','',2,'2013-11-02'),(85977,'INSERT INTO gne_vale_ferreteria (vfe_id,vfe_fecha,vfe_total,vfe_estado,vfe_entregado,usu_nusuario) VALUES (15627,@@@2013.11.02@@@,250,1,0,@@@M_CASTILLO@@@)','',2,'2013-11-02'),(85978,'INSERT INTO gne_vale_ferreteria_mov (vfe_id,pro_codigo_plu,vfm_cantidad,vfm_unitario,vfm_total,vfm_entregado) VALUES (15627,780721186,1,250,250,@@@NO@@@)','',2,'2013-11-02'),(85979,'INSERT INTO gne_vale_ferreteria (vfe_id,vfe_fecha,vfe_total,vfe_estado,vfe_entregado,usu_nusuario) VALUES (15628,@@@2013.11.02@@@,300,1,0,@@@M_CASTILLO@@@)','',2,'2013-11-02'),(85980,'INSERT INTO gne_vale_ferreteria_mov (vfe_id,pro_codigo_plu,vfm_cantidad,vfm_unitario,vfm_total,vfm_entregado) VALUES (15628,780721187,1,150,150,@@@NO@@@)','',2,'2013-11-02'),(85981,'INSERT INTO gne_vale_ferreteria_mov (vfe_id,pro_codigo_plu,vfm_cantidad,vfm_unitario,vfm_total,vfm_entregado) VALUES (15628,21136,1,150,150,@@@NO@@@)','',2,'2013-11-02'),(85982,'INSERT INTO gne_vale_ferreteria (vfe_id,vfe_fecha,vfe_total,vfe_estado,vfe_entregado,usu_nusuario) VALUES (15629,@@@2013.11.02@@@,590,1,0,@@@M_CASTILLO@@@)','',2,'2013-11-02'),(85983,'INSERT INTO gne_vale_ferreteria_mov (vfe_id,pro_codigo_plu,vfm_cantidad,vfm_unitario,vfm_total,vfm_entregado) VALUES (15629,121012,1,590,590,@@@NO@@@)','',2,'2013-11-02'),(85984,'INSERT INTO gne_vale_ferreteria (vfe_id,vfe_fecha,vfe_total,vfe_estado,vfe_entregado,usu_nusuario) VALUES (15630,@@@2013.11.02@@@,790,1,0,@@@M_CASTILLO@@@)','',2,'2013-11-02'),(85985,'INSERT INTO gne_vale_ferreteria_mov (vfe_id,pro_codigo_plu,vfm_cantidad,vfm_unitario,vfm_total,vfm_entregado) VALUES (15630,763804,1,790,790,@@@NO@@@)','',2,'2013-11-02'),(85986,'INSERT INTO gne_vale_ferreteria (vfe_id,vfe_fecha,vfe_total,vfe_estado,vfe_entregado,usu_nusuario) VALUES (15631,@@@2013.11.02@@@,2420,1,0,@@@M_CASTILLO@@@)','',2,'2013-11-02'),(85987,'INSERT INTO gne_vale_ferreteria_mov (vfe_id,pro_codigo_plu,vfm_cantidad,vfm_unitario,vfm_total,vfm_entregado) VALUES (15631,36649,2,590,1180,@@@NO@@@)','',2,'2013-11-02'),(85988,'INSERT INTO gne_vale_ferreteria_mov (vfe_id,pro_codigo_plu,vfm_cantidad,vfm_unitario,vfm_total,vfm_entregado) VALUES (15631,780721253,1,550,550,@@@NO@@@)','',2,'2013-11-02'),(85989,'INSERT INTO gne_vale_ferreteria_mov (vfe_id,pro_codigo_plu,vfm_cantidad,vfm_unitario,vfm_total,vfm_entregado) VALUES (15631,78017043,1,590,590,@@@NO@@@)','',2,'2013-11-02'),(85990,'INSERT INTO gne_vale_ferreteria_mov (vfe_id,pro_codigo_plu,vfm_cantidad,vfm_unitario,vfm_total,vfm_entregado) VALUES (15631,764833,10,10,100,@@@NO@@@)','',2,'2013-11-02'),(85991,'INSERT INTO gne_vale_ferreteria (vfe_id,vfe_fecha,vfe_total,vfe_estado,vfe_entregado,usu_nusuario) VALUES (15632,@@@2013.11.02@@@,50,1,0,@@@M_CASTILLO@@@)','',2,'2013-11-02'),(85992,'INSERT INTO gne_vale_ferreteria_mov (vfe_id,pro_codigo_plu,vfm_cantidad,vfm_unitario,vfm_total,vfm_entregado) VALUES (15632,1545,1,50,50,@@@NO@@@)','',2,'2013-11-02'),(85993,'INSERT INTO gne_vale_ferreteria (vfe_id,vfe_fecha,vfe_total,vfe_estado,vfe_entregado,usu_nusuario) VALUES (15633,@@@2013.11.02@@@,290,1,0,@@@M_CASTILLO@@@)','',2,'2013-11-02'),(85994,'INSERT INTO gne_vale_ferreteria_mov (vfe_id,pro_codigo_plu,vfm_cantidad,vfm_unitario,vfm_total,vfm_entregado) VALUES (15633,12608,1,290,290,@@@NO@@@)','',2,'2013-11-02'),(85995,'INSERT INTO gne_vale_ferreteria (vfe_id,vfe_fecha,vfe_total,vfe_estado,vfe_entregado,usu_nusuario) VALUES (15634,@@@2013.11.02@@@,120,1,0,@@@M_CASTILLO@@@)','',2,'2013-11-02'),(85996,'INSERT INTO gne_vale_ferreteria_mov (vfe_id,pro_codigo_plu,vfm_cantidad,vfm_unitario,vfm_total,vfm_entregado) VALUES (15634,8022,1,120,120,@@@NO@@@)','',2,'2013-11-02'),(85997,'INSERT INTO gne_vale_ferreteria (vfe_id,vfe_fecha,vfe_total,vfe_estado,vfe_entregado,usu_nusuario) VALUES (15635,@@@2013.11.02@@@,390,1,0,@@@M_CASTILLO@@@)','',2,'2013-11-02'),(85998,'INSERT INTO gne_vale_ferreteria_mov (vfe_id,pro_codigo_plu,vfm_cantidad,vfm_unitario,vfm_total,vfm_entregado) VALUES (15635,78016969,1,390,390,@@@NO@@@)','',2,'2013-11-02'),(85999,'INSERT INTO gne_vale_ferreteria (vfe_id,vfe_fecha,vfe_total,vfe_estado,vfe_entregado,usu_nusuario) VALUES (15636,@@@2013.11.02@@@,510,1,0,@@@M_CASTILLO@@@)','',2,'2013-11-02'),(86000,'INSERT INTO gne_vale_ferreteria_mov (vfe_id,pro_codigo_plu,vfm_cantidad,vfm_unitario,vfm_total,vfm_entregado) VALUES (15636,78016969,1,390,390,@@@NO@@@)','',2,'2013-11-02'),(86001,'INSERT INTO gne_vale_ferreteria_mov (vfe_id,pro_codigo_plu,vfm_cantidad,vfm_unitario,vfm_total,vfm_entregado) VALUES (15636,8022,1,120,120,@@@NO@@@)','',2,'2013-11-02'),(86002,'INSERT INTO gne_vale_ferreteria (vfe_id,vfe_fecha,vfe_total,vfe_estado,vfe_entregado,usu_nusuario) VALUES (15637,@@@2013.11.02@@@,50,1,0,@@@M_CASTILLO@@@)','',2,'2013-11-02'),(86003,'INSERT INTO gne_vale_ferreteria_mov (vfe_id,pro_codigo_plu,vfm_cantidad,vfm_unitario,vfm_total,vfm_entregado) VALUES (15637,1539,5,10,50,@@@NO@@@)','',2,'2013-11-02'),(86004,'INSERT INTO gne_vale_ferreteria (vfe_id,vfe_fecha,vfe_total,vfe_estado,vfe_entregado,usu_nusuario) VALUES (15638,@@@2013.11.02@@@,1890,1,0,@@@M_CASTILLO@@@)','',2,'2013-11-02'),(86005,'INSERT INTO gne_vale_ferreteria_mov (vfe_id,pro_codigo_plu,vfm_cantidad,vfm_unitario,vfm_total,vfm_entregado) VALUES (15638,102627,1,1890,1890,@@@NO@@@)','',2,'2013-11-02'),(86006,'INSERT INTO gne_vale_ferreteria (vfe_id,vfe_fecha,vfe_total,vfe_estado,vfe_entregado,usu_nusuario) VALUES (15639,@@@2013.11.02@@@,390,1,0,@@@M_CASTILLO@@@)','',2,'2013-11-02'),(86007,'INSERT INTO gne_vale_ferreteria_mov (vfe_id,pro_codigo_plu,vfm_cantidad,vfm_unitario,vfm_total,vfm_entregado) VALUES (15639,1535,1,390,390,@@@NO@@@)','',2,'2013-11-02'),(86008,'INSERT INTO gne_vale_ferreteria (vfe_id,vfe_fecha,vfe_total,vfe_estado,vfe_entregado,usu_nusuario) VALUES (15640,@@@2013.11.02@@@,600,1,0,@@@M_CASTILLO@@@)','',2,'2013-11-02'),(86009,'INSERT INTO gne_vale_ferreteria_mov (vfe_id,pro_codigo_plu,vfm_cantidad,vfm_unitario,vfm_total,vfm_entregado) VALUES (15640,780721422,2,300,600,@@@NO@@@)','',2,'2013-11-02'),(86010,'INSERT INTO gne_vale_ferreteria (vfe_id,vfe_fecha,vfe_total,vfe_estado,vfe_entregado,usu_nusuario) VALUES (15641,@@@2013.11.02@@@,990,1,0,@@@M_CASTILLO@@@)','',2,'2013-11-02'),(86011,'INSERT INTO gne_vale_ferreteria_mov (vfe_id,pro_codigo_plu,vfm_cantidad,vfm_unitario,vfm_total,vfm_entregado) VALUES (15641,780721686,1,990,990,@@@NO@@@)','',2,'2013-11-02'),(86012,'INSERT INTO gne_vale_ferreteria (vfe_id,vfe_fecha,vfe_total,vfe_estado,vfe_entregado,usu_nusuario) VALUES (15642,@@@2013.11.02@@@,1790,1,0,@@@M_CASTILLO@@@)','',2,'2013-11-02'),(86013,'INSERT INTO gne_vale_ferreteria_mov (vfe_id,pro_codigo_plu,vfm_cantidad,vfm_unitario,vfm_total,vfm_entregado) VALUES (15642,764729,1,1790,1790,@@@NO@@@)','',2,'2013-11-02'),(86014,'INSERT INTO gne_vale_ferreteria (vfe_id,vfe_fecha,vfe_total,vfe_estado,vfe_entregado,usu_nusuario) VALUES (15643,@@@2013.11.02@@@,100,1,0,@@@M_CASTILLO@@@)','',2,'2013-11-02'),(86015,'INSERT INTO gne_vale_ferreteria_mov (vfe_id,pro_codigo_plu,vfm_cantidad,vfm_unitario,vfm_total,vfm_entregado) VALUES (15643,764833,10,10,100,@@@NO@@@)','',2,'2013-11-02'),(86016,'INSERT INTO gne_vale_ferreteria (vfe_id,vfe_fecha,vfe_total,vfe_estado,vfe_entregado,usu_nusuario) VALUES (15644,@@@2013.11.03@@@,150,1,0,@@@G_DIAZ@@@)','',2,'2013-11-03'),(86017,'INSERT INTO gne_vale_ferreteria_mov (vfe_id,pro_codigo_plu,vfm_cantidad,vfm_unitario,vfm_total,vfm_entregado) VALUES (15644,780721187,1,150,150,@@@NO@@@)','',2,'2013-11-03'),(86018,'INSERT INTO gne_vale_ferreteria (vfe_id,vfe_fecha,vfe_total,vfe_estado,vfe_entregado,usu_nusuario) VALUES (15645,@@@2013.11.03@@@,1590,1,0,@@@G_DIAZ@@@)','',2,'2013-11-03'),(86019,'INSERT INTO gne_vale_ferreteria_mov (vfe_id,pro_codigo_plu,vfm_cantidad,vfm_unitario,vfm_total,vfm_entregado) VALUES (15645,763672,1,1590,1590,@@@NO@@@)','',2,'2013-11-03'),(86020,'INSERT INTO gne_vale_ferreteria (vfe_id,vfe_fecha,vfe_total,vfe_estado,vfe_entregado,usu_nusuario) VALUES (15646,@@@2013.11.03@@@,750,1,0,@@@G_DIAZ@@@)','',2,'2013-11-03'),(86021,'INSERT INTO gne_vale_ferreteria_mov (vfe_id,pro_codigo_plu,vfm_cantidad,vfm_unitario,vfm_total,vfm_entregado) VALUES (15646,762251,1,750,750,@@@NO@@@)','',2,'2013-11-03'),(86022,'INSERT INTO gne_vale_ferreteria (vfe_id,vfe_fecha,vfe_total,vfe_estado,vfe_entregado,usu_nusuario) VALUES (15647,@@@2013.11.03@@@,2100,1,0,@@@G_DIAZ@@@)','',2,'2013-11-03'),(86023,'INSERT INTO gne_vale_ferreteria_mov (vfe_id,pro_codigo_plu,vfm_cantidad,vfm_unitario,vfm_total,vfm_entregado) VALUES (15647,763946,1,2100,2100,@@@NO@@@)','',2,'2013-11-03'),(86024,'INSERT INTO gne_vale_ferreteria (vfe_id,vfe_fecha,vfe_total,vfe_estado,vfe_entregado,usu_nusuario) VALUES (15648,@@@2013.11.03@@@,900,1,0,@@@G_DIAZ@@@)','',2,'2013-11-03'),(86025,'INSERT INTO gne_vale_ferreteria_mov (vfe_id,pro_codigo_plu,vfm_cantidad,vfm_unitario,vfm_total,vfm_entregado) VALUES (15648,780721811,1,450,450,@@@NO@@@)','',2,'2013-11-03'),(86026,'INSERT INTO gne_vale_ferreteria_mov (vfe_id,pro_codigo_plu,vfm_cantidad,vfm_unitario,vfm_total,vfm_entregado) VALUES (15648,780721813,1,450,450,@@@NO@@@)','',2,'2013-11-03'),(86027,'INSERT INTO gne_vale_ferreteria (vfe_id,vfe_fecha,vfe_total,vfe_estado,vfe_entregado,usu_nusuario) VALUES (15649,@@@2013.11.03@@@,1490,1,0,@@@G_DIAZ@@@)','',2,'2013-11-03'),(86028,'INSERT INTO gne_vale_ferreteria_mov (vfe_id,pro_codigo_plu,vfm_cantidad,vfm_unitario,vfm_total,vfm_entregado) VALUES (15649,764564,1,1490,1490,@@@NO@@@)','',2,'2013-11-03'),(86029,'INSERT INTO gne_vale_ferreteria (vfe_id,vfe_fecha,vfe_total,vfe_estado,vfe_entregado,usu_nusuario) VALUES (15650,@@@2013.11.03@@@,300,1,0,@@@G_DIAZ@@@)','',2,'2013-11-03'),(86030,'INSERT INTO gne_vale_ferreteria_mov (vfe_id,pro_codigo_plu,vfm_cantidad,vfm_unitario,vfm_total,vfm_entregado) VALUES (15650,10063,1,300,300,@@@NO@@@)','',2,'2013-11-03'),(86031,'INSERT INTO gne_vale_ferreteria (vfe_id,vfe_fecha,vfe_total,vfe_estado,vfe_entregado,usu_nusuario) VALUES (15651,@@@2013.11.03@@@,300,1,0,@@@G_DIAZ@@@)','',2,'2013-11-03'),(86032,'INSERT INTO gne_vale_ferreteria_mov (vfe_id,pro_codigo_plu,vfm_cantidad,vfm_unitario,vfm_total,vfm_entregado) VALUES (15651,770000,6,50,300,@@@NO@@@)','',2,'2013-11-03'),(86033,'INSERT INTO gne_vale_ferreteria (vfe_id,vfe_fecha,vfe_total,vfe_estado,vfe_entregado,usu_nusuario) VALUES (15652,@@@2013.11.03@@@,490,1,0,@@@G_DIAZ@@@)','',2,'2013-11-03'),(86034,'INSERT INTO gne_vale_ferreteria_mov (vfe_id,pro_codigo_plu,vfm_cantidad,vfm_unitario,vfm_total,vfm_entregado) VALUES (15652,4127,1,490,490,@@@NO@@@)','',2,'2013-11-03'),(86035,'INSERT INTO gne_vale_ferreteria (vfe_id,vfe_fecha,vfe_total,vfe_estado,vfe_entregado,usu_nusuario) VALUES (15653,@@@2013.11.03@@@,2510,1,0,@@@G_DIAZ@@@)','',2,'2013-11-03'),(86036,'INSERT INTO gne_vale_ferreteria_mov (vfe_id,pro_codigo_plu,vfm_cantidad,vfm_unitario,vfm_total,vfm_entregado) VALUES (15653,763802,1,250,250,@@@NO@@@)','',2,'2013-11-03'),(86037,'INSERT INTO gne_vale_ferreteria_mov (vfe_id,pro_codigo_plu,vfm_cantidad,vfm_unitario,vfm_total,vfm_entregado) VALUES (15653,78017050,1,750,750,@@@NO@@@)','',2,'2013-11-03'),(86038,'INSERT INTO gne_vale_ferreteria_mov (vfe_id,pro_codigo_plu,vfm_cantidad,vfm_unitario,vfm_total,vfm_entregado) VALUES (15653,1079,1,720,720,@@@NO@@@)','',2,'2013-11-03'),(86039,'INSERT INTO gne_vale_ferreteria_mov (vfe_id,pro_codigo_plu,vfm_cantidad,vfm_unitario,vfm_total,vfm_entregado) VALUES (15653,763804,1,790,790,@@@NO@@@)','',2,'2013-11-03'),(86040,'INSERT INTO gne_vale_ferreteria (vfe_id,vfe_fecha,vfe_total,vfe_estado,vfe_entregado,usu_nusuario) VALUES (15654,@@@2013.11.03@@@,1140,1,0,@@@G_DIAZ@@@)','',2,'2013-11-03'),(86041,'INSERT INTO gne_vale_ferreteria_mov (vfe_id,pro_codigo_plu,vfm_cantidad,vfm_unitario,vfm_total,vfm_entregado) VALUES (15654,78017059,2,120,240,@@@NO@@@)','',2,'2013-11-03'),(86042,'INSERT INTO gne_vale_ferreteria_mov (vfe_id,pro_codigo_plu,vfm_cantidad,vfm_unitario,vfm_total,vfm_entregado) VALUES (15654,764125,2,250,500,@@@NO@@@)','',2,'2013-11-03'),(86043,'INSERT INTO gne_vale_ferreteria_mov (vfe_id,pro_codigo_plu,vfm_cantidad,vfm_unitario,vfm_total,vfm_entregado) VALUES (15654,12083,1,260,260,@@@NO@@@)','',2,'2013-11-03'),(86044,'INSERT INTO gne_vale_ferreteria_mov (vfe_id,pro_codigo_plu,vfm_cantidad,vfm_unitario,vfm_total,vfm_entregado) VALUES (15654,764364,1,140,140,@@@NO@@@)','',2,'2013-11-03'),(86045,'INSERT INTO gne_vale_ferreteria (vfe_id,vfe_fecha,vfe_total,vfe_estado,vfe_entregado,usu_nusuario) VALUES (15655,@@@2013.11.03@@@,1190,1,0,@@@G_DIAZ@@@)','',2,'2013-11-03'),(86046,'INSERT INTO gne_vale_ferreteria_mov (vfe_id,pro_codigo_plu,vfm_cantidad,vfm_unitario,vfm_total,vfm_entregado) VALUES (15655,764779,1,990,990,@@@NO@@@)','',2,'2013-11-03'),(86047,'INSERT INTO gne_vale_ferreteria_mov (vfe_id,pro_codigo_plu,vfm_cantidad,vfm_unitario,vfm_total,vfm_entregado) VALUES (15655,78017141,1,200,200,@@@NO@@@)','',2,'2013-11-03'),(86048,'INSERT INTO gne_vale_ferreteria (vfe_id,vfe_fecha,vfe_total,vfe_estado,vfe_entregado,usu_nusuario) VALUES (15656,@@@2013.11.03@@@,590,1,0,@@@G_DIAZ@@@)','',2,'2013-11-03'),(86049,'INSERT INTO gne_vale_ferreteria_mov (vfe_id,pro_codigo_plu,vfm_cantidad,vfm_unitario,vfm_total,vfm_entregado) VALUES (15656,36649,1,590,590,@@@NO@@@)','',2,'2013-11-03'),(86050,'INSERT INTO gne_vale_ferreteria (vfe_id,vfe_fecha,vfe_total,vfe_estado,vfe_entregado,usu_nusuario) VALUES (15657,@@@2013.11.03@@@,450,1,0,@@@G_DIAZ@@@)','',2,'2013-11-03'),(86051,'INSERT INTO gne_vale_ferreteria_mov (vfe_id,pro_codigo_plu,vfm_cantidad,vfm_unitario,vfm_total,vfm_entregado) VALUES (15657,3100,1,450,450,@@@NO@@@)','',2,'2013-11-03'),(86052,'INSERT INTO gne_vale_ferreteria (vfe_id,vfe_fecha,vfe_total,vfe_estado,vfe_entregado,usu_nusuario) VALUES (15658,@@@2013.11.03@@@,1290,1,0,@@@G_DIAZ@@@)','',2,'2013-11-03'),(86053,'INSERT INTO gne_vale_ferreteria_mov (vfe_id,pro_codigo_plu,vfm_cantidad,vfm_unitario,vfm_total,vfm_entregado) VALUES (15658,780721512,1,1290,1290,@@@NO@@@)','',2,'2013-11-03'),(86054,'INSERT INTO gne_vale_ferreteria (vfe_id,vfe_fecha,vfe_total,vfe_estado,vfe_entregado,usu_nusuario) VALUES (15659,@@@2013.11.03@@@,190,1,0,@@@G_DIAZ@@@)','',2,'2013-11-03'),(86055,'INSERT INTO gne_vale_ferreteria_mov (vfe_id,pro_codigo_plu,vfm_cantidad,vfm_unitario,vfm_total,vfm_entregado) VALUES (15659,1537,1,190,190,@@@NO@@@)','',2,'2013-11-03'),(86056,'INSERT INTO gne_vale_ferreteria (vfe_id,vfe_fecha,vfe_total,vfe_estado,vfe_entregado,usu_nusuario) VALUES (15660,@@@2013.11.03@@@,1140,1,0,@@@G_DIAZ@@@)','',2,'2013-11-03'),(86057,'INSERT INTO gne_vale_ferreteria_mov (vfe_id,pro_codigo_plu,vfm_cantidad,vfm_unitario,vfm_total,vfm_entregado) VALUES (15660,100365,1,750,750,@@@NO@@@)','',2,'2013-11-03'),(86058,'INSERT INTO gne_vale_ferreteria_mov (vfe_id,pro_codigo_plu,vfm_cantidad,vfm_unitario,vfm_total,vfm_entregado) VALUES (15660,780721420,1,390,390,@@@NO@@@)','',2,'2013-11-03'),(86059,'INSERT INTO gne_vale_ferreteria (vfe_id,vfe_fecha,vfe_total,vfe_estado,vfe_entregado,usu_nusuario) VALUES (15661,@@@2013.11.03@@@,1120,1,0,@@@G_DIAZ@@@)','',2,'2013-11-03'),(86060,'INSERT INTO gne_vale_ferreteria_mov (vfe_id,pro_codigo_plu,vfm_cantidad,vfm_unitario,vfm_total,vfm_entregado) VALUES (15661,78016969,1,390,390,@@@NO@@@)','',2,'2013-11-03'),(86061,'INSERT INTO gne_vale_ferreteria_mov (vfe_id,pro_codigo_plu,vfm_cantidad,vfm_unitario,vfm_total,vfm_entregado) VALUES (15661,764766,2,120,240,@@@NO@@@)','',2,'2013-11-03'),(86062,'INSERT INTO gne_vale_ferreteria_mov (vfe_id,pro_codigo_plu,vfm_cantidad,vfm_unitario,vfm_total,vfm_entregado) VALUES (15661,780721306,1,490,490,@@@NO@@@)','',2,'2013-11-03'),(86063,'INSERT INTO gne_vale_ferreteria (vfe_id,vfe_fecha,vfe_total,vfe_estado,vfe_entregado,usu_nusuario) VALUES (15662,@@@2013.11.03@@@,200,1,0,@@@G_DIAZ@@@)','',2,'2013-11-03'),(86064,'INSERT INTO gne_vale_ferreteria_mov (vfe_id,pro_codigo_plu,vfm_cantidad,vfm_unitario,vfm_total,vfm_entregado) VALUES (15662,770039,1,200,200,@@@NO@@@)','',2,'2013-11-03'),(86065,'INSERT INTO gne_vale_ferreteria (vfe_id,vfe_fecha,vfe_total,vfe_estado,vfe_entregado,usu_nusuario) VALUES (15663,@@@2013.11.03@@@,3370,1,0,@@@G_DIAZ@@@)','',2,'2013-11-03'),(86066,'INSERT INTO gne_vale_ferreteria_mov (vfe_id,pro_codigo_plu,vfm_cantidad,vfm_unitario,vfm_total,vfm_entregado) VALUES (15663,7500,2,390,780,@@@NO@@@)','',2,'2013-11-03'),(86067,'INSERT INTO gne_vale_ferreteria_mov (vfe_id,pro_codigo_plu,vfm_cantidad,vfm_unitario,vfm_total,vfm_entregado) VALUES (15663,18676,1,2590,2590,@@@NO@@@)','',2,'2013-11-03'),(86068,'INSERT INTO gne_vale_ferreteria (vfe_id,vfe_fecha,vfe_total,vfe_estado,vfe_entregado,usu_nusuario) VALUES (15664,@@@2013.11.03@@@,200,1,0,@@@G_DIAZ@@@)','',2,'2013-11-03'),(86069,'INSERT INTO gne_vale_ferreteria_mov (vfe_id,pro_codigo_plu,vfm_cantidad,vfm_unitario,vfm_total,vfm_entregado) VALUES (15664,765072,1,200,200,@@@NO@@@)','',2,'2013-11-03'),(86070,'INSERT INTO gne_vale_ferreteria (vfe_id,vfe_fecha,vfe_total,vfe_estado,vfe_entregado,usu_nusuario) VALUES (15665,@@@2013.11.03@@@,520,1,0,@@@G_DIAZ@@@)','',2,'2013-11-03'),(86071,'INSERT INTO gne_vale_ferreteria_mov (vfe_id,pro_codigo_plu,vfm_cantidad,vfm_unitario,vfm_total,vfm_entregado) VALUES (15665,770038,1,160,160,@@@NO@@@)','',2,'2013-11-03'),(86072,'INSERT INTO gne_vale_ferreteria_mov (vfe_id,pro_codigo_plu,vfm_cantidad,vfm_unitario,vfm_total,vfm_entregado) VALUES (15665,764766,3,120,360,@@@NO@@@)','',2,'2013-11-03'),(86073,'INSERT INTO gne_vale_ferreteria (vfe_id,vfe_fecha,vfe_total,vfe_estado,vfe_entregado,usu_nusuario) VALUES (15666,@@@2013.11.03@@@,980,1,0,@@@G_DIAZ@@@)','',2,'2013-11-03'),(86074,'INSERT INTO gne_vale_ferreteria_mov (vfe_id,pro_codigo_plu,vfm_cantidad,vfm_unitario,vfm_total,vfm_entregado) VALUES (15666,2006,1,490,490,@@@NO@@@)','',2,'2013-11-03'),(86075,'INSERT INTO gne_vale_ferreteria_mov (vfe_id,pro_codigo_plu,vfm_cantidad,vfm_unitario,vfm_total,vfm_entregado) VALUES (15666,764074,1,490,490,@@@NO@@@)','',2,'2013-11-03'),(86076,'INSERT INTO gne_vale_ferreteria (vfe_id,vfe_fecha,vfe_total,vfe_estado,vfe_entregado,usu_nusuario) VALUES (15667,@@@2013.11.03@@@,790,1,0,@@@G_DIAZ@@@)','',2,'2013-11-03'),(86077,'INSERT INTO gne_vale_ferreteria_mov (vfe_id,pro_codigo_plu,vfm_cantidad,vfm_unitario,vfm_total,vfm_entregado) VALUES (15667,780721674,1,790,790,@@@NO@@@)','',2,'2013-11-03'),(86078,'INSERT INTO gne_vale_ferreteria (vfe_id,vfe_fecha,vfe_total,vfe_estado,vfe_entregado,usu_nusuario) VALUES (15668,@@@2013.11.03@@@,3180,1,0,@@@G_DIAZ@@@)','',2,'2013-11-03'),(86079,'INSERT INTO gne_vale_ferreteria_mov (vfe_id,pro_codigo_plu,vfm_cantidad,vfm_unitario,vfm_total,vfm_entregado) VALUES (15668,780722043,2,1290,2580,@@@NO@@@)','',2,'2013-11-03'),(86080,'INSERT INTO gne_vale_ferreteria_mov (vfe_id,pro_codigo_plu,vfm_cantidad,vfm_unitario,vfm_total,vfm_entregado) VALUES (15668,1540,2,300,600,@@@NO@@@)','',2,'2013-11-03'),(86081,'INSERT INTO gne_vale_ferreteria (vfe_id,vfe_fecha,vfe_total,vfe_estado,vfe_entregado,usu_nusuario) VALUES (15669,@@@2013.11.03@@@,399,1,0,@@@G_DIAZ@@@)','',2,'2013-11-03'),(86082,'INSERT INTO gne_vale_ferreteria_mov (vfe_id,pro_codigo_plu,vfm_cantidad,vfm_unitario,vfm_total,vfm_entregado) VALUES (15669,761990,1,399,399,@@@NO@@@)','',2,'2013-11-03'),(86083,'UPDATE mae_productos SET pro_codigo_barra=@@@589@@@,pro_tipo=@@@0@@@,pro_nombre_producto=@@@ZANAHORIA@@@,pro_nombre_corto=@@@ZANAHORIA@@@,med_id=@@@1@@@,emb_id=@@@1@@@,pro_unidades_embalaje=@@@1@@@,dep_id=@@@18 @@@,lin_id=@@@97@@@,mar_id=@@@2507@@@,pro_precio_compra_neto=@@@0@@@,pro_precio_compra_bruto=@@@410@@@,pro_precio_venta=@@@550@@@,pro_margen_actual=@@@34.15@@@,pro_oferta=@@@NO@@@,pro_fecha_inicio_oferta=@@@1900.01.01@@@,pro_fecha_termino_oferta=@@@1900.01.01@@@,pro_precio_oferta=@@@0@@@,pro_stock_minimo=@@@20@@@,pro_stock_critico=@@@10@@@,pro_activo=@@@1@@@,pro_unidad=@@@0@@@,pro_precio_compra_bruto=410,pro_margen_actual=34.15,pro_capacidad=1,pro_funcion_plu=0,pro_flejes=0,pro_iva=1,pro_plu_asociado=0,pro_envase=@@@NO@@@,pro_duracion=0,pro_numero_etiqueta=0 WHERE pro_codigo_plu=@@@589@@@','',2,'2013-11-03'),(86084,'UPDATE mae_productos SET pro_estado=1 WHERE pro_codigo_plu=589','',2,'2013-11-03'),(86085,'DELETE FROM mae_impuestos_productos WHERE pro_codigo_plu=@@@589@@@','',2,'2013-11-03'),(86086,'UPDATE mae_productos SET pro_precio_fiscal=pro_precio_venta WHERE pro_codigo_plu=589','',2,'2013-11-03'),(86087,'INSERT INTO gne_vale_ferreteria (vfe_id,vfe_fecha,vfe_total,vfe_estado,vfe_entregado,usu_nusuario) VALUES (15670,@@@2013.11.03@@@,990,1,0,@@@G_DIAZ@@@)','',2,'2013-11-03'),(86088,'INSERT INTO gne_vale_ferreteria_mov (vfe_id,pro_codigo_plu,vfm_cantidad,vfm_unitario,vfm_total,vfm_entregado) VALUES (15670,685555,1,990,990,@@@NO@@@)','',2,'2013-11-03'),(86089,'INSERT INTO gne_vale_ferreteria (vfe_id,vfe_fecha,vfe_total,vfe_estado,vfe_entregado,usu_nusuario) VALUES (15671,@@@2013.11.03@@@,2200,1,0,@@@G_DIAZ@@@)','',2,'2013-11-03'),(86090,'INSERT INTO gne_vale_ferreteria_mov (vfe_id,pro_codigo_plu,vfm_cantidad,vfm_unitario,vfm_total,vfm_entregado) VALUES (15671,780721966,1,1890,1890,@@@NO@@@)','',2,'2013-11-03'),(86091,'INSERT INTO gne_vale_ferreteria_mov (vfe_id,pro_codigo_plu,vfm_cantidad,vfm_unitario,vfm_total,vfm_entregado) VALUES (15671,18799,1,310,310,@@@NO@@@)','',2,'2013-11-03'),(86092,'INSERT INTO gne_vale_ferreteria (vfe_id,vfe_fecha,vfe_total,vfe_estado,vfe_entregado,usu_nusuario) VALUES (15672,@@@2013.11.03@@@,300,1,0,@@@G_DIAZ@@@)','',2,'2013-11-03'),(86093,'INSERT INTO gne_vale_ferreteria_mov (vfe_id,pro_codigo_plu,vfm_cantidad,vfm_unitario,vfm_total,vfm_entregado) VALUES (15672,1540,1,300,300,@@@NO@@@)','',2,'2013-11-03'),(86094,'INSERT INTO gne_vale_ferreteria (vfe_id,vfe_fecha,vfe_total,vfe_estado,vfe_entregado,usu_nusuario) VALUES (15673,@@@2013.11.03@@@,990,1,0,@@@G_DIAZ@@@)','',2,'2013-11-03'),(86095,'INSERT INTO gne_vale_ferreteria_mov (vfe_id,pro_codigo_plu,vfm_cantidad,vfm_unitario,vfm_total,vfm_entregado) VALUES (15673,764829,1,990,990,@@@NO@@@)','',2,'2013-11-03'),(86096,'INSERT INTO gne_vale_ferreteria (vfe_id,vfe_fecha,vfe_total,vfe_estado,vfe_entregado,usu_nusuario) VALUES (15674,@@@2013.11.03@@@,250,1,0,@@@G_DIAZ@@@)','',2,'2013-11-03'),(86097,'INSERT INTO gne_vale_ferreteria_mov (vfe_id,pro_codigo_plu,vfm_cantidad,vfm_unitario,vfm_total,vfm_entregado) VALUES (15674,780721186,1,250,250,@@@NO@@@)','',2,'2013-11-03'),(86098,'INSERT INTO gne_vale_ferreteria (vfe_id,vfe_fecha,vfe_total,vfe_estado,vfe_entregado,usu_nusuario) VALUES (15675,@@@2013.11.03@@@,1990,1,0,@@@G_DIAZ@@@)','',2,'2013-11-03'),(86099,'INSERT INTO gne_vale_ferreteria_mov (vfe_id,pro_codigo_plu,vfm_cantidad,vfm_unitario,vfm_total,vfm_entregado) VALUES (15675,780721563,1,1990,1990,@@@NO@@@)','',2,'2013-11-03'),(86100,'INSERT INTO gne_vale_ferreteria (vfe_id,vfe_fecha,vfe_total,vfe_estado,vfe_entregado,usu_nusuario) VALUES (15676,@@@2013.11.03@@@,600,1,0,@@@G_DIAZ@@@)','',2,'2013-11-03'),(86101,'INSERT INTO gne_vale_ferreteria_mov (vfe_id,pro_codigo_plu,vfm_cantidad,vfm_unitario,vfm_total,vfm_entregado) VALUES (15676,780721986,1,350,350,@@@NO@@@)','',2,'2013-11-03'),(86102,'INSERT INTO gne_vale_ferreteria_mov (vfe_id,pro_codigo_plu,vfm_cantidad,vfm_unitario,vfm_total,vfm_entregado) VALUES (15676,764826,1,250,250,@@@NO@@@)','',2,'2013-11-03'),(86103,'INSERT INTO gne_vale_ferreteria (vfe_id,vfe_fecha,vfe_total,vfe_estado,vfe_entregado,usu_nusuario) VALUES (15677,@@@2013.11.03@@@,640,1,0,@@@G_DIAZ@@@)','',2,'2013-11-03'),(86104,'INSERT INTO gne_vale_ferreteria_mov (vfe_id,pro_codigo_plu,vfm_cantidad,vfm_unitario,vfm_total,vfm_entregado) VALUES (15677,19865,1,640,640,@@@NO@@@)','',2,'2013-11-03'),(86105,'INSERT INTO gne_vale_ferreteria (vfe_id,vfe_fecha,vfe_total,vfe_estado,vfe_entregado,usu_nusuario) VALUES (15678,@@@2013.11.03@@@,650,1,0,@@@G_DIAZ@@@)','',2,'2013-11-03'),(86106,'INSERT INTO gne_vale_ferreteria_mov (vfe_id,pro_codigo_plu,vfm_cantidad,vfm_unitario,vfm_total,vfm_entregado) VALUES (15678,20351,1,650,650,@@@NO@@@)','',2,'2013-11-03'),(86107,'INSERT INTO gne_vale_ferreteria (vfe_id,vfe_fecha,vfe_total,vfe_estado,vfe_entregado,usu_nusuario) VALUES (15679,@@@2013.11.03@@@,200,1,0,@@@G_DIAZ@@@)','',2,'2013-11-03'),(86108,'INSERT INTO gne_vale_ferreteria_mov (vfe_id,pro_codigo_plu,vfm_cantidad,vfm_unitario,vfm_total,vfm_entregado) VALUES (15679,770024,2,100,200,@@@NO@@@)','',2,'2013-11-03'),(86109,'INSERT INTO mae_productos (pro_codigo_plu,pro_codigo_barra,pro_tipo,pro_nombre_producto,pro_nombre_corto,med_id,emb_id,pro_unidades_embalaje,dep_id,lin_id,mar_id,pro_precio_compra_neto,pro_precio_compra_bruto,pro_precio_venta,pro_margen_actual,pro_oferta,pro_fecha_inicio_oferta,pro_fecha_termino_oferta,pro_precio_oferta,pro_stock_minimo,pro_stock_critico,pro_entradas_bodega,pro_salidas_bodega,pro_mermas_bodega,pro_ajustes_bodega,pro_entradas_sv,pro_salidas_sv,pro_mermas_sv,pro_ajustes_sv,pro_activo,rec_numero,pro_unidad,pro_capacidad,pro_consumo_bodega,pro_consumo_sv,pro_estado,pro_funcion_plu,pro_flejes,pro_iva,pro_plu_asociado,pro_envase,pro_duracion,pro_numero_etiqueta) VALUES (780722058,@@@7802100001672@@@,@@@0@@@,@@@CERVESA CRISTAL LIGHT 3.7°G.L@@@,@@@CERVESA CRISTAL @@@,@@@6 @@@,@@@6 @@@,@@@6@@@,@@@7 @@@,@@@63@@@,@@@1840@@@,@@@0@@@,@@@0@@@,@@@450@@@,@@@0@@@,@@@@@@,@@@2013.11.03@@@,@@@2013.11.03@@@,@@@0@@@,@@@0@@@,@@@0@@@,@@@0@@@,@@@0@@@,@@@0@@@,@@@0@@@,@@@0@@@,@@@0@@@,@@@0@@@,@@@0@@@,@@@1@@@,@@@0@@@,0,350,0,0,2,0,1,1,0,@@@NO@@@,0,0)','',2,'2013-11-03'),(86110,'DELETE FROM mae_impuestos_productos WHERE pro_codigo_plu=@@@780722058@@@','',2,'2013-11-03'),(86111,'UPDATE mae_productos SET pro_margen_actual=35.33,pro_precio_venta=299 WHERE pro_codigo_plu=78017098','',2,'2013-11-03'),(86112,'UPDATE mae_productos SET pro_margen_actual=0,pro_precio_venta=450 WHERE pro_codigo_plu=780722058','',2,'2013-11-03'),(86113,'UPDATE mae_productos SET pro_precio_fiscal=pro_precio_venta WHERE pro_codigo_plu=780722058','',2,'2013-11-03'),(86114,'UPDATE mae_productos SET pro_codigo_barra=@@@7804920010261@@@,pro_tipo=@@@0@@@,pro_nombre_producto=@@@SHAMPOO BALLERINA YOGHURT ALOE DOY PACK X 1 LT@@@,pro_nombre_corto=@@@SHAMPOO BALLERIN@@@,med_id=@@@3@@@,emb_id=@@@4@@@,pro_unidades_embalaje=@@@10@@@,dep_id=@@@21 @@@,lin_id=@@@114@@@,mar_id=@@@607@@@,pro_precio_compra_neto=@@@0@@@,pro_precio_compra_bruto=@@@0@@@,pro_precio_venta=@@@1630@@@,pro_margen_actual=@@@0@@@,pro_oferta=@@@NO@@@,pro_fecha_inicio_oferta=@@@2006.09.07@@@,pro_fecha_termino_oferta=@@@2006.09.07@@@,pro_precio_oferta=@@@0@@@,pro_stock_minimo=@@@6@@@,pro_stock_critico=@@@3@@@,pro_activo=@@@1@@@,pro_unidad=@@@0@@@,pro_precio_compra_bruto=0,pro_margen_actual=0,pro_capacidad=1,pro_funcion_plu=0,pro_flejes=1,pro_iva=1,pro_plu_asociado=0,pro_envase=@@@NO@@@,pro_duracion=0,pro_numero_etiqueta=0 WHERE pro_codigo_plu=@@@762166@@@','',2,'2013-11-03'),(86115,'UPDATE mae_productos SET pro_estado=1 WHERE pro_codigo_plu=762166','',2,'2013-11-03'),(86116,'DELETE FROM mae_impuestos_productos WHERE pro_codigo_plu=@@@762166@@@','',2,'2013-11-03'),(86117,'UPDATE mae_productos SET pro_precio_fiscal=pro_precio_venta WHERE pro_codigo_plu=762166','',2,'2013-11-03'),(86118,'INSERT INTO gne_vale_ferreteria (vfe_id,vfe_fecha,vfe_total,vfe_estado,vfe_entregado,usu_nusuario) VALUES (15680,@@@2013.11.03@@@,1410,1,0,@@@G_DIAZ@@@)','',2,'2013-11-03'),(86119,'INSERT INTO gne_vale_ferreteria_mov (vfe_id,pro_codigo_plu,vfm_cantidad,vfm_unitario,vfm_total,vfm_entregado) VALUES (15680,15802,1,490,490,@@@NO@@@)','',2,'2013-11-03'),(86120,'INSERT INTO gne_vale_ferreteria_mov (vfe_id,pro_codigo_plu,vfm_cantidad,vfm_unitario,vfm_total,vfm_entregado) VALUES (15680,763771,1,320,320,@@@NO@@@)','',2,'2013-11-03'),(86121,'INSERT INTO gne_vale_ferreteria_mov (vfe_id,pro_codigo_plu,vfm_cantidad,vfm_unitario,vfm_total,vfm_entregado) VALUES (15680,78017001,1,120,120,@@@NO@@@)','',2,'2013-11-03'),(86122,'INSERT INTO gne_vale_ferreteria_mov (vfe_id,pro_codigo_plu,vfm_cantidad,vfm_unitario,vfm_total,vfm_entregado) VALUES (15680,78017004,1,120,120,@@@NO@@@)','',2,'2013-11-03'),(86123,'INSERT INTO gne_vale_ferreteria_mov (vfe_id,pro_codigo_plu,vfm_cantidad,vfm_unitario,vfm_total,vfm_entregado) VALUES (15680,78017007,1,120,120,@@@NO@@@)','',2,'2013-11-03'),(86124,'INSERT INTO gne_vale_ferreteria_mov (vfe_id,pro_codigo_plu,vfm_cantidad,vfm_unitario,vfm_total,vfm_entregado) VALUES (15680,78017000,1,120,120,@@@NO@@@)','',2,'2013-11-03'),(86125,'INSERT INTO gne_vale_ferreteria_mov (vfe_id,pro_codigo_plu,vfm_cantidad,vfm_unitario,vfm_total,vfm_entregado) VALUES (15680,78017006,1,120,120,@@@NO@@@)','',2,'2013-11-03'),(86126,'INSERT INTO gne_vale_ferreteria (vfe_id,vfe_fecha,vfe_total,vfe_estado,vfe_entregado,usu_nusuario) VALUES (15681,@@@2013.11.03@@@,1200,1,0,@@@G_DIAZ@@@)','',2,'2013-11-03'),(86127,'INSERT INTO gne_vale_ferreteria_mov (vfe_id,pro_codigo_plu,vfm_cantidad,vfm_unitario,vfm_total,vfm_entregado) VALUES (15681,3093,1,1100,1100,@@@NO@@@)','',2,'2013-11-03'),(86128,'INSERT INTO gne_vale_ferreteria_mov (vfe_id,pro_codigo_plu,vfm_cantidad,vfm_unitario,vfm_total,vfm_entregado) VALUES (15681,770000,2,50,100,@@@NO@@@)','',2,'2013-11-03'),(86129,'INSERT INTO gne_vale_ferreteria (vfe_id,vfe_fecha,vfe_total,vfe_estado,vfe_entregado,usu_nusuario) VALUES (15682,@@@2013.11.03@@@,750,1,0,@@@G_DIAZ@@@)','',2,'2013-11-03'),(86130,'INSERT INTO gne_vale_ferreteria_mov (vfe_id,pro_codigo_plu,vfm_cantidad,vfm_unitario,vfm_total,vfm_entregado) VALUES (15682,78017131,3,200,600,@@@NO@@@)','',2,'2013-11-03'),(86131,'INSERT INTO gne_vale_ferreteria_mov (vfe_id,pro_codigo_plu,vfm_cantidad,vfm_unitario,vfm_total,vfm_entregado) VALUES (15682,4088,1,150,150,@@@NO@@@)','',2,'2013-11-03'),(86132,'INSERT INTO gne_vale_ferreteria (vfe_id,vfe_fecha,vfe_total,vfe_estado,vfe_entregado,usu_nusuario) VALUES (15683,@@@2013.11.03@@@,810,1,0,@@@G_DIAZ@@@)','',2,'2013-11-03'),(86133,'INSERT INTO gne_vale_ferreteria_mov (vfe_id,pro_codigo_plu,vfm_cantidad,vfm_unitario,vfm_total,vfm_entregado) VALUES (15683,763890,1,550,550,@@@NO@@@)','',2,'2013-11-03'),(86134,'INSERT INTO gne_vale_ferreteria_mov (vfe_id,pro_codigo_plu,vfm_cantidad,vfm_unitario,vfm_total,vfm_entregado) VALUES (15683,78017148,2,130,260,@@@NO@@@)','',2,'2013-11-03'),(86135,'INSERT INTO gne_vale_ferreteria (vfe_id,vfe_fecha,vfe_total,vfe_estado,vfe_entregado,usu_nusuario) VALUES (15684,@@@2013.11.03@@@,590,1,0,@@@G_DIAZ@@@)','',2,'2013-11-03'),(86136,'INSERT INTO gne_vale_ferreteria_mov (vfe_id,pro_codigo_plu,vfm_cantidad,vfm_unitario,vfm_total,vfm_entregado) VALUES (15684,15802,1,490,490,@@@NO@@@)','',2,'2013-11-03'),(86137,'INSERT INTO gne_vale_ferreteria_mov (vfe_id,pro_codigo_plu,vfm_cantidad,vfm_unitario,vfm_total,vfm_entregado) VALUES (15684,1605,10,10,100,@@@NO@@@)','',2,'2013-11-03'),(86138,'INSERT INTO gne_vale_ferreteria (vfe_id,vfe_fecha,vfe_total,vfe_estado,vfe_entregado,usu_nusuario) VALUES (15685,@@@2013.11.03@@@,500,1,0,@@@G_DIAZ@@@)','',2,'2013-11-03'),(86139,'INSERT INTO gne_vale_ferreteria_mov (vfe_id,pro_codigo_plu,vfm_cantidad,vfm_unitario,vfm_total,vfm_entregado) VALUES (15685,770032,10,50,500,@@@NO@@@)','',2,'2013-11-03'),(86140,'INSERT INTO gne_vale_ferreteria (vfe_id,vfe_fecha,vfe_total,vfe_estado,vfe_entregado,usu_nusuario) VALUES (15686,@@@2013.11.03@@@,180,1,0,@@@G_DIAZ@@@)','',2,'2013-11-03'),(86141,'INSERT INTO gne_vale_ferreteria_mov (vfe_id,pro_codigo_plu,vfm_cantidad,vfm_unitario,vfm_total,vfm_entregado) VALUES (15686,1605,6,10,60,@@@NO@@@)','',2,'2013-11-03'),(86142,'INSERT INTO gne_vale_ferreteria_mov (vfe_id,pro_codigo_plu,vfm_cantidad,vfm_unitario,vfm_total,vfm_entregado) VALUES (15686,764160,1,120,120,@@@NO@@@)','',2,'2013-11-03'),(86143,'INSERT INTO gne_vale_ferreteria (vfe_id,vfe_fecha,vfe_total,vfe_estado,vfe_entregado,usu_nusuario) VALUES (15687,@@@2013.11.03@@@,770,1,0,@@@G_DIAZ@@@)','',2,'2013-11-03'),(86144,'INSERT INTO gne_vale_ferreteria_mov (vfe_id,pro_codigo_plu,vfm_cantidad,vfm_unitario,vfm_total,vfm_entregado) VALUES (15687,21116,1,770,770,@@@NO@@@)','',2,'2013-11-03'),(86145,'INSERT INTO gne_vale_ferreteria (vfe_id,vfe_fecha,vfe_total,vfe_estado,vfe_entregado,usu_nusuario) VALUES (15688,@@@2013.11.03@@@,480,1,0,@@@G_DIAZ@@@)','',2,'2013-11-03'),(86146,'INSERT INTO gne_vale_ferreteria_mov (vfe_id,pro_codigo_plu,vfm_cantidad,vfm_unitario,vfm_total,vfm_entregado) VALUES (15688,16421,3,160,480,@@@NO@@@)','',2,'2013-11-03'),(86147,'INSERT INTO gne_vale_ferreteria (vfe_id,vfe_fecha,vfe_total,vfe_estado,vfe_entregado,usu_nusuario) VALUES (15689,@@@2013.11.03@@@,3480,1,0,@@@G_DIAZ@@@)','',2,'2013-11-03'),(86148,'INSERT INTO gne_vale_ferreteria_mov (vfe_id,pro_codigo_plu,vfm_cantidad,vfm_unitario,vfm_total,vfm_entregado) VALUES (15689,780721466,1,990,990,@@@NO@@@)','',2,'2013-11-03'),(86149,'INSERT INTO gne_vale_ferreteria_mov (vfe_id,pro_codigo_plu,vfm_cantidad,vfm_unitario,vfm_total,vfm_entregado) VALUES (15689,780721317,1,2490,2490,@@@NO@@@)','',2,'2013-11-03'),(86150,'UPDATE mae_productos SET pro_codigo_barra=@@@7804626390025@@@,pro_tipo=@@@0@@@,pro_nombre_producto=@@@ ARROZ LARGO AKITOI  G-2    1KG@@@,pro_nombre_corto=@@@ARROZ AKITOI  G-@@@,med_id=@@@2@@@,emb_id=@@@4@@@,pro_unidades_embalaje=@@@1@@@,dep_id=@@@1 @@@,lin_id=@@@2@@@,mar_id=@@@2507@@@,pro_precio_compra_neto=@@@0@@@,pro_precio_compra_bruto=@@@523.36@@@,pro_precio_venta=@@@590@@@,pro_margen_actual=@@@12.73@@@,pro_oferta=@@@NO@@@,pro_fecha_inicio_oferta=@@@2006.09.07@@@,pro_fecha_termino_oferta=@@@2006.09.07@@@,pro_precio_oferta=@@@0@@@,pro_stock_minimo=@@@50@@@,pro_stock_critico=@@@25@@@,pro_activo=@@@1@@@,pro_unidad=@@@0@@@,pro_precio_compra_bruto=523.36,pro_margen_actual=12.73,pro_capacidad=1,pro_funcion_plu=0,pro_flejes=1,pro_iva=1,pro_plu_asociado=0,pro_envase=@@@NO@@@,pro_duracion=0,pro_numero_etiqueta=0 WHERE pro_codigo_plu=@@@780721948@@@','',2,'2013-11-03'),(86151,'UPDATE mae_productos SET pro_estado=1 WHERE pro_codigo_plu=780721948','',2,'2013-11-03'),(86152,'DELETE FROM mae_impuestos_productos WHERE pro_codigo_plu=@@@780721948@@@','',2,'2013-11-03'),(86153,'UPDATE mae_productos SET pro_margen_actual=12.73,pro_precio_venta=590 WHERE pro_codigo_plu=780721948','',2,'2013-11-03'),(86154,'UPDATE mae_productos SET pro_precio_fiscal=pro_precio_venta WHERE pro_codigo_plu=780721948','',2,'2013-11-03'),(86155,'INSERT INTO gne_vale_ferreteria (vfe_id,vfe_fecha,vfe_total,vfe_estado,vfe_entregado,usu_nusuario) VALUES (15690,@@@2013.11.03@@@,600,1,0,@@@G_DIAZ@@@)','',2,'2013-11-03'),(86156,'INSERT INTO gne_vale_ferreteria_mov (vfe_id,pro_codigo_plu,vfm_cantidad,vfm_unitario,vfm_total,vfm_entregado) VALUES (15690,78017059,5,120,600,@@@NO@@@)','',2,'2013-11-03'),(86157,'INSERT INTO gne_vale_ferreteria (vfe_id,vfe_fecha,vfe_total,vfe_estado,vfe_entregado,usu_nusuario) VALUES (15691,@@@2013.11.03@@@,450,1,0,@@@G_DIAZ@@@)','',2,'2013-11-03'),(86158,'INSERT INTO gne_vale_ferreteria_mov (vfe_id,pro_codigo_plu,vfm_cantidad,vfm_unitario,vfm_total,vfm_entregado) VALUES (15691,36650,1,450,450,@@@NO@@@)','',2,'2013-11-03'),(86159,'INSERT INTO gne_vale_ferreteria (vfe_id,vfe_fecha,vfe_total,vfe_estado,vfe_entregado,usu_nusuario) VALUES (15692,@@@2013.11.03@@@,550,1,0,@@@G_DIAZ@@@)','',2,'2013-11-03'),(86160,'INSERT INTO gne_vale_ferreteria_mov (vfe_id,pro_codigo_plu,vfm_cantidad,vfm_unitario,vfm_total,vfm_entregado) VALUES (15692,764160,2,120,240,@@@NO@@@)','',2,'2013-11-03'),(86161,'INSERT INTO gne_vale_ferreteria_mov (vfe_id,pro_codigo_plu,vfm_cantidad,vfm_unitario,vfm_total,vfm_entregado) VALUES (15692,4079,2,30,60,@@@NO@@@)','',2,'2013-11-03'),(86162,'INSERT INTO gne_vale_ferreteria_mov (vfe_id,pro_codigo_plu,vfm_cantidad,vfm_unitario,vfm_total,vfm_entregado) VALUES (15692,721819,1,250,250,@@@NO@@@)','',2,'2013-11-03'),(86163,'INSERT INTO gne_vale_ferreteria (vfe_id,vfe_fecha,vfe_total,vfe_estado,vfe_entregado,usu_nusuario) VALUES (15693,@@@2013.11.03@@@,390,1,0,@@@G_DIAZ@@@)','',2,'2013-11-03'),(86164,'INSERT INTO gne_vale_ferreteria_mov (vfe_id,pro_codigo_plu,vfm_cantidad,vfm_unitario,vfm_total,vfm_entregado) VALUES (15693,764213,1,390,390,@@@NO@@@)','',2,'2013-11-03'),(86165,'INSERT INTO gne_vale_ferreteria (vfe_id,vfe_fecha,vfe_total,vfe_estado,vfe_entregado,usu_nusuario) VALUES (15694,@@@2013.11.03@@@,600,1,0,@@@G_DIAZ@@@)','',2,'2013-11-03'),(86166,'INSERT INTO gne_vale_ferreteria_mov (vfe_id,pro_codigo_plu,vfm_cantidad,vfm_unitario,vfm_total,vfm_entregado) VALUES (15694,78017131,3,200,600,@@@NO@@@)','',2,'2013-11-03'),(86167,'INSERT INTO gne_vale_ferreteria (vfe_id,vfe_fecha,vfe_total,vfe_estado,vfe_entregado,usu_nusuario) VALUES (15695,@@@2013.11.03@@@,750,1,0,@@@G_DIAZ@@@)','',2,'2013-11-03'),(86168,'INSERT INTO gne_vale_ferreteria_mov (vfe_id,pro_codigo_plu,vfm_cantidad,vfm_unitario,vfm_total,vfm_entregado) VALUES (15695,764160,2,120,240,@@@NO@@@)','',2,'2013-11-03'),(86169,'INSERT INTO gne_vale_ferreteria_mov (vfe_id,pro_codigo_plu,vfm_cantidad,vfm_unitario,vfm_total,vfm_entregado) VALUES (15695,8022,1,120,120,@@@NO@@@)','',2,'2013-11-03'),(86170,'INSERT INTO gne_vale_ferreteria_mov (vfe_id,pro_codigo_plu,vfm_cantidad,vfm_unitario,vfm_total,vfm_entregado) VALUES (15695,78016969,1,390,390,@@@NO@@@)','',2,'2013-11-03'),(86171,'INSERT INTO gne_vale_ferreteria (vfe_id,vfe_fecha,vfe_total,vfe_estado,vfe_entregado,usu_nusuario) VALUES (15696,@@@2013.11.03@@@,140,1,0,@@@G_DIAZ@@@)','',2,'2013-11-03'),(86172,'INSERT INTO gne_vale_ferreteria_mov (vfe_id,pro_codigo_plu,vfm_cantidad,vfm_unitario,vfm_total,vfm_entregado) VALUES (15696,764364,1,140,140,@@@NO@@@)','',2,'2013-11-03'),(86173,'INSERT INTO gne_vale_ferreteria (vfe_id,vfe_fecha,vfe_total,vfe_estado,vfe_entregado,usu_nusuario) VALUES (15697,@@@2013.11.03@@@,2680,1,0,@@@G_DIAZ@@@)','',2,'2013-11-03'),(86174,'INSERT INTO gne_vale_ferreteria_mov (vfe_id,pro_codigo_plu,vfm_cantidad,vfm_unitario,vfm_total,vfm_entregado) VALUES (15697,780722005,2,890,1780,@@@NO@@@)','',2,'2013-11-03'),(86175,'INSERT INTO gne_vale_ferreteria_mov (vfe_id,pro_codigo_plu,vfm_cantidad,vfm_unitario,vfm_total,vfm_entregado) VALUES (15697,764504,2,450,900,@@@NO@@@)','',2,'2013-11-03'),(86176,'INSERT INTO gne_vale_ferreteria (vfe_id,vfe_fecha,vfe_total,vfe_estado,vfe_entregado,usu_nusuario) VALUES (15698,@@@2013.11.03@@@,510,1,0,@@@G_DIAZ@@@)','',2,'2013-11-03'),(86177,'INSERT INTO gne_vale_ferreteria_mov (vfe_id,pro_codigo_plu,vfm_cantidad,vfm_unitario,vfm_total,vfm_entregado) VALUES (15698,8022,1,120,120,@@@NO@@@)','',2,'2013-11-03'),(86178,'INSERT INTO gne_vale_ferreteria_mov (vfe_id,pro_codigo_plu,vfm_cantidad,vfm_unitario,vfm_total,vfm_entregado) VALUES (15698,78016969,1,390,390,@@@NO@@@)','',2,'2013-11-03'),(86179,'INSERT INTO gne_vale_ferreteria (vfe_id,vfe_fecha,vfe_total,vfe_estado,vfe_entregado,usu_nusuario) VALUES (15699,@@@2013.11.03@@@,200,1,0,@@@G_DIAZ@@@)','',2,'2013-11-03'),(86180,'INSERT INTO gne_vale_ferreteria_mov (vfe_id,pro_codigo_plu,vfm_cantidad,vfm_unitario,vfm_total,vfm_entregado) VALUES (15699,770021,1,200,200,@@@NO@@@)','',2,'2013-11-03'),(86181,'INSERT INTO gne_vale_ferreteria (vfe_id,vfe_fecha,vfe_total,vfe_estado,vfe_entregado,usu_nusuario) VALUES (15700,@@@2013.11.03@@@,800,1,0,@@@G_DIAZ@@@)','',2,'2013-11-03'),(86182,'INSERT INTO gne_vale_ferreteria_mov (vfe_id,pro_codigo_plu,vfm_cantidad,vfm_unitario,vfm_total,vfm_entregado) VALUES (15700,763786,1,250,250,@@@NO@@@)','',2,'2013-11-03'),(86183,'INSERT INTO gne_vale_ferreteria_mov (vfe_id,pro_codigo_plu,vfm_cantidad,vfm_unitario,vfm_total,vfm_entregado) VALUES (15700,1605,6,10,60,@@@NO@@@)','',2,'2013-11-03'),(86184,'INSERT INTO gne_vale_ferreteria_mov (vfe_id,pro_codigo_plu,vfm_cantidad,vfm_unitario,vfm_total,vfm_entregado) VALUES (15700,15802,1,490,490,@@@NO@@@)','',2,'2013-11-03'),(86185,'INSERT INTO gne_vale_ferreteria (vfe_id,vfe_fecha,vfe_total,vfe_estado,vfe_entregado,usu_nusuario) VALUES (15701,@@@2013.11.03@@@,390,1,0,@@@G_DIAZ@@@)','',2,'2013-11-03'),(86186,'INSERT INTO gne_vale_ferreteria_mov (vfe_id,pro_codigo_plu,vfm_cantidad,vfm_unitario,vfm_total,vfm_entregado) VALUES (15701,101102,1,390,390,@@@NO@@@)','',2,'2013-11-03'),(86187,'INSERT INTO gne_vale_ferreteria (vfe_id,vfe_fecha,vfe_total,vfe_estado,vfe_entregado,usu_nusuario) VALUES (15702,@@@2013.11.03@@@,230,1,0,@@@G_DIAZ@@@)','',2,'2013-11-03'),(86188,'INSERT INTO gne_vale_ferreteria_mov (vfe_id,pro_codigo_plu,vfm_cantidad,vfm_unitario,vfm_total,vfm_entregado) VALUES (15702,780721722,1,230,230,@@@NO@@@)','',2,'2013-11-03'),(86189,'INSERT INTO gne_vale_ferreteria (vfe_id,vfe_fecha,vfe_total,vfe_estado,vfe_entregado,usu_nusuario) VALUES (15703,@@@2013.11.03@@@,795,1,0,@@@G_DIAZ@@@)','',2,'2013-11-03'),(86190,'INSERT INTO gne_vale_ferreteria_mov (vfe_id,pro_codigo_plu,vfm_cantidad,vfm_unitario,vfm_total,vfm_entregado) VALUES (15703,770070,10,30,300,@@@NO@@@)','',2,'2013-11-03'),(86191,'INSERT INTO gne_vale_ferreteria_mov (vfe_id,pro_codigo_plu,vfm_cantidad,vfm_unitario,vfm_total,vfm_entregado) VALUES (15703,21117,1,495,495,@@@NO@@@)','',2,'2013-11-03'),(86192,'INSERT INTO gne_vale_ferreteria (vfe_id,vfe_fecha,vfe_total,vfe_estado,vfe_entregado,usu_nusuario) VALUES (15704,@@@2013.11.03@@@,900,1,0,@@@G_DIAZ@@@)','',2,'2013-11-03'),(86193,'INSERT INTO gne_vale_ferreteria_mov (vfe_id,pro_codigo_plu,vfm_cantidad,vfm_unitario,vfm_total,vfm_entregado) VALUES (15704,763883,1,900,900,@@@NO@@@)','',2,'2013-11-03'),(86194,'INSERT INTO gne_vale_ferreteria (vfe_id,vfe_fecha,vfe_total,vfe_estado,vfe_entregado,usu_nusuario) VALUES (15705,@@@2013.11.03@@@,3240,1,0,@@@G_DIAZ@@@)','',2,'2013-11-03'),(86195,'INSERT INTO gne_vale_ferreteria_mov (vfe_id,pro_codigo_plu,vfm_cantidad,vfm_unitario,vfm_total,vfm_entregado) VALUES (15705,780721324,1,450,450,@@@NO@@@)','',2,'2013-11-03'),(86196,'INSERT INTO gne_vale_ferreteria_mov (vfe_id,pro_codigo_plu,vfm_cantidad,vfm_unitario,vfm_total,vfm_entregado) VALUES (15705,763883,1,900,900,@@@NO@@@)','',2,'2013-11-03'),(86197,'INSERT INTO gne_vale_ferreteria_mov (vfe_id,pro_codigo_plu,vfm_cantidad,vfm_unitario,vfm_total,vfm_entregado) VALUES (15705,101622,1,1890,1890,@@@NO@@@)','',2,'2013-11-03'),(86198,'INSERT INTO gne_vale_ferreteria (vfe_id,vfe_fecha,vfe_total,vfe_estado,vfe_entregado,usu_nusuario) VALUES (15706,@@@2013.11.03@@@,300,1,0,@@@G_DIAZ@@@)','',2,'2013-11-03'),(86199,'INSERT INTO gne_vale_ferreteria_mov (vfe_id,pro_codigo_plu,vfm_cantidad,vfm_unitario,vfm_total,vfm_entregado) VALUES (15706,10063,1,300,300,@@@NO@@@)','',2,'2013-11-03'),(86200,'INSERT INTO gne_vale_ferreteria (vfe_id,vfe_fecha,vfe_total,vfe_estado,vfe_entregado,usu_nusuario) VALUES (15707,@@@2013.11.03@@@,330,1,0,@@@G_DIAZ@@@)','',2,'2013-11-03'),(86201,'INSERT INTO gne_vale_ferreteria_mov (vfe_id,pro_codigo_plu,vfm_cantidad,vfm_unitario,vfm_total,vfm_entregado) VALUES (15707,763588,1,330,330,@@@NO@@@)','',2,'2013-11-03'),(86202,'INSERT INTO gne_vale_ferreteria (vfe_id,vfe_fecha,vfe_total,vfe_estado,vfe_entregado,usu_nusuario) VALUES (15708,@@@2013.11.03@@@,1100,1,0,@@@G_DIAZ@@@)','',2,'2013-11-03'),(86203,'INSERT INTO gne_vale_ferreteria_mov (vfe_id,pro_codigo_plu,vfm_cantidad,vfm_unitario,vfm_total,vfm_entregado) VALUES (15708,780721389,1,1100,1100,@@@NO@@@)','',2,'2013-11-03'),(86204,'INSERT INTO gne_vale_ferreteria (vfe_id,vfe_fecha,vfe_total,vfe_estado,vfe_entregado,usu_nusuario) VALUES (15709,@@@2013.11.03@@@,750,1,0,@@@G_DIAZ@@@)','',2,'2013-11-03'),(86205,'INSERT INTO gne_vale_ferreteria_mov (vfe_id,pro_codigo_plu,vfm_cantidad,vfm_unitario,vfm_total,vfm_entregado) VALUES (15709,780721986,1,350,350,@@@NO@@@)','',2,'2013-11-03'),(86206,'INSERT INTO gne_vale_ferreteria_mov (vfe_id,pro_codigo_plu,vfm_cantidad,vfm_unitario,vfm_total,vfm_entregado) VALUES (15709,78016974,1,180,180,@@@NO@@@)','',2,'2013-11-03'),(86207,'INSERT INTO gne_vale_ferreteria_mov (vfe_id,pro_codigo_plu,vfm_cantidad,vfm_unitario,vfm_total,vfm_entregado) VALUES (15709,21130,1,220,220,@@@NO@@@)','',2,'2013-11-03'),(86208,'INSERT INTO gne_vale_ferreteria (vfe_id,vfe_fecha,vfe_total,vfe_estado,vfe_entregado,usu_nusuario) VALUES (15710,@@@2013.11.03@@@,610,1,0,@@@G_DIAZ@@@)','',2,'2013-11-03'),(86209,'INSERT INTO gne_vale_ferreteria_mov (vfe_id,pro_codigo_plu,vfm_cantidad,vfm_unitario,vfm_total,vfm_entregado) VALUES (15710,780721468,1,290,290,@@@NO@@@)','',2,'2013-11-03'),(86210,'INSERT INTO gne_vale_ferreteria_mov (vfe_id,pro_codigo_plu,vfm_cantidad,vfm_unitario,vfm_total,vfm_entregado) VALUES (15710,770001,4,80,320,@@@NO@@@)','',2,'2013-11-03'),(86211,'INSERT INTO gne_vale_ferreteria (vfe_id,vfe_fecha,vfe_total,vfe_estado,vfe_entregado,usu_nusuario) VALUES (15711,@@@2013.11.03@@@,1190,1,0,@@@G_DIAZ@@@)','',2,'2013-11-03'),(86212,'INSERT INTO gne_vale_ferreteria_mov (vfe_id,pro_codigo_plu,vfm_cantidad,vfm_unitario,vfm_total,vfm_entregado) VALUES (15711,1545,8,50,400,@@@NO@@@)','',2,'2013-11-03'),(86213,'INSERT INTO gne_vale_ferreteria_mov (vfe_id,pro_codigo_plu,vfm_cantidad,vfm_unitario,vfm_total,vfm_entregado) VALUES (15711,770028,1,790,790,@@@NO@@@)','',2,'2013-11-03'),(86214,'INSERT INTO gne_vale_ferreteria (vfe_id,vfe_fecha,vfe_total,vfe_estado,vfe_entregado,usu_nusuario) VALUES (15712,@@@2013.11.03@@@,690,1,0,@@@G_DIAZ@@@)','',2,'2013-11-03'),(86215,'INSERT INTO gne_vale_ferreteria_mov (vfe_id,pro_codigo_plu,vfm_cantidad,vfm_unitario,vfm_total,vfm_entregado) VALUES (15712,780721471,1,690,690,@@@NO@@@)','',2,'2013-11-03'),(86216,'INSERT INTO gne_vale_ferreteria (vfe_id,vfe_fecha,vfe_total,vfe_estado,vfe_entregado,usu_nusuario) VALUES (15713,@@@2013.11.03@@@,750,1,0,@@@G_DIAZ@@@)','',2,'2013-11-03'),(86217,'INSERT INTO gne_vale_ferreteria_mov (vfe_id,pro_codigo_plu,vfm_cantidad,vfm_unitario,vfm_total,vfm_entregado) VALUES (15713,100397,1,750,750,@@@NO@@@)','',2,'2013-11-03'),(86218,'UPDATE mae_clientes SET cli_rut=@@@12983025-5@@@,cli_nombre=@@@AIDA YOLANDA MEDINA SUAZO@@@,cli_direccion=@@@GENERAL PRIETO 164@@@,cli_sucursal=@@@SAN GREGORIO@@@,cli_ciudad=@@@NACIMIENTO@@@,cli_nombre_contacto=@@@0432-511706@@@,cli_cargo=@@@CARNICERA@@@,cli_comuna=@@@NACIMIENTO@@@,cli_fpago=@@@CONTADO@@@,cli_telefono=@@@82451695@@@,cli_fax=@@@@@@,cli_celular=@@@82451695@@@,cli_mail=@@@@@@,tcp_id=@@@2@@@,cli_fecha_nacimiento=@@@1976.09.28@@@,cli_activo=@@@1@@@,cli_limite_credito=@@@120000@@@,cli_giro=@@@SUPERMERCADO@@@,cli_sobrecargo=0,cli_descuento_venta=0,cli_rapel=0 ,cli_credito_ilimitado=0 WHERE cli_id=@@@4@@@','',2,'2013-11-03'),(86219,'INSERT INTO gne_vale_ferreteria (vfe_id,vfe_fecha,vfe_total,vfe_estado,vfe_entregado,usu_nusuario) VALUES (15714,@@@2013.11.03@@@,790,1,0,@@@G_DIAZ@@@)','',2,'2013-11-03'),(86220,'INSERT INTO gne_vale_ferreteria_mov (vfe_id,pro_codigo_plu,vfm_cantidad,vfm_unitario,vfm_total,vfm_entregado) VALUES (15714,763623,1,790,790,@@@NO@@@)','',2,'2013-11-03'),(86221,'INSERT INTO gne_vale_ferreteria (vfe_id,vfe_fecha,vfe_total,vfe_estado,vfe_entregado,usu_nusuario) VALUES (15715,@@@2013.11.03@@@,1390,1,0,@@@G_DIAZ@@@)','',2,'2013-11-03'),(86222,'INSERT INTO gne_vale_ferreteria_mov (vfe_id,pro_codigo_plu,vfm_cantidad,vfm_unitario,vfm_total,vfm_entregado) VALUES (15715,763888,1,1390,1390,@@@NO@@@)','',2,'2013-11-03'),(86223,'INSERT INTO gne_vale_ferreteria (vfe_id,vfe_fecha,vfe_total,vfe_estado,vfe_entregado,usu_nusuario) VALUES (15716,@@@2013.11.03@@@,450,1,0,@@@G_DIAZ@@@)','',2,'2013-11-03'),(86224,'INSERT INTO gne_vale_ferreteria_mov (vfe_id,pro_codigo_plu,vfm_cantidad,vfm_unitario,vfm_total,vfm_entregado) VALUES (15716,780721713,1,450,450,@@@NO@@@)','',2,'2013-11-03'),(86225,'INSERT INTO gne_vale_ferreteria (vfe_id,vfe_fecha,vfe_total,vfe_estado,vfe_entregado,usu_nusuario) VALUES (15717,@@@2013.11.03@@@,2640,1,0,@@@G_DIAZ@@@)','',2,'2013-11-03'),(86226,'INSERT INTO gne_vale_ferreteria_mov (vfe_id,pro_codigo_plu,vfm_cantidad,vfm_unitario,vfm_total,vfm_entregado) VALUES (15717,763621,1,2290,2290,@@@NO@@@)','',2,'2013-11-03'),(86227,'INSERT INTO gne_vale_ferreteria_mov (vfe_id,pro_codigo_plu,vfm_cantidad,vfm_unitario,vfm_total,vfm_entregado) VALUES (15717,780721986,1,350,350,@@@NO@@@)','',2,'2013-11-03'),(86228,'INSERT INTO gne_vale_ferreteria (vfe_id,vfe_fecha,vfe_total,vfe_estado,vfe_entregado,usu_nusuario) VALUES (15718,@@@2013.11.03@@@,3100,1,0,@@@G_DIAZ@@@)','',2,'2013-11-03'),(86229,'INSERT INTO gne_vale_ferreteria_mov (vfe_id,pro_codigo_plu,vfm_cantidad,vfm_unitario,vfm_total,vfm_entregado) VALUES (15718,763621,1,2290,2290,@@@NO@@@)','',2,'2013-11-03'),(86230,'INSERT INTO gne_vale_ferreteria_mov (vfe_id,pro_codigo_plu,vfm_cantidad,vfm_unitario,vfm_total,vfm_entregado) VALUES (15718,764364,1,140,140,@@@NO@@@)','',2,'2013-11-03'),(86231,'INSERT INTO gne_vale_ferreteria_mov (vfe_id,pro_codigo_plu,vfm_cantidad,vfm_unitario,vfm_total,vfm_entregado) VALUES (15718,1064,1,120,120,@@@NO@@@)','',2,'2013-11-03'),(86232,'INSERT INTO gne_vale_ferreteria_mov (vfe_id,pro_codigo_plu,vfm_cantidad,vfm_unitario,vfm_total,vfm_entregado) VALUES (15718,763890,1,550,550,@@@NO@@@)','',2,'2013-11-03'),(86233,'INSERT INTO gne_vale_ferreteria (vfe_id,vfe_fecha,vfe_total,vfe_estado,vfe_entregado,usu_nusuario) VALUES (15719,@@@2013.11.03@@@,340,1,0,@@@G_DIAZ@@@)','',2,'2013-11-03'),(86234,'INSERT INTO gne_vale_ferreteria_mov (vfe_id,pro_codigo_plu,vfm_cantidad,vfm_unitario,vfm_total,vfm_entregado) VALUES (15719,8022,2,120,240,@@@NO@@@)','',2,'2013-11-03'),(86235,'INSERT INTO gne_vale_ferreteria_mov (vfe_id,pro_codigo_plu,vfm_cantidad,vfm_unitario,vfm_total,vfm_entregado) VALUES (15719,764833,10,10,100,@@@NO@@@)','',2,'2013-11-03'),(86236,'INSERT INTO gne_vale_ferreteria (vfe_id,vfe_fecha,vfe_total,vfe_estado,vfe_entregado,usu_nusuario) VALUES (15720,@@@2013.11.03@@@,2080,1,0,@@@G_DIAZ@@@)','',2,'2013-11-03'),(86237,'INSERT INTO gne_vale_ferreteria_mov (vfe_id,pro_codigo_plu,vfm_cantidad,vfm_unitario,vfm_total,vfm_entregado) VALUES (15720,78017198,1,650,650,@@@NO@@@)','',2,'2013-11-03'),(86238,'INSERT INTO gne_vale_ferreteria_mov (vfe_id,pro_codigo_plu,vfm_cantidad,vfm_unitario,vfm_total,vfm_entregado) VALUES (15720,8022,4,120,480,@@@NO@@@)','',2,'2013-11-03'),(86239,'INSERT INTO gne_vale_ferreteria_mov (vfe_id,pro_codigo_plu,vfm_cantidad,vfm_unitario,vfm_total,vfm_entregado) VALUES (15720,764766,3,120,360,@@@NO@@@)','',2,'2013-11-03'),(86240,'INSERT INTO gne_vale_ferreteria_mov (vfe_id,pro_codigo_plu,vfm_cantidad,vfm_unitario,vfm_total,vfm_entregado) VALUES (15720,36649,1,590,590,@@@NO@@@)','',2,'2013-11-03'),(86241,'INSERT INTO gne_vale_ferreteria (vfe_id,vfe_fecha,vfe_total,vfe_estado,vfe_entregado,usu_nusuario) VALUES (15721,@@@2013.11.03@@@,1049,1,0,@@@G_DIAZ@@@)','',2,'2013-11-03'),(86242,'INSERT INTO gne_vale_ferreteria_mov (vfe_id,pro_codigo_plu,vfm_cantidad,vfm_unitario,vfm_total,vfm_entregado) VALUES (15721,20062,1,650,650,@@@NO@@@)','',2,'2013-11-03'),(86243,'INSERT INTO gne_vale_ferreteria_mov (vfe_id,pro_codigo_plu,vfm_cantidad,vfm_unitario,vfm_total,vfm_entregado) VALUES (15721,763722,1,399,399,@@@NO@@@)','',2,'2013-11-03'),(86244,'INSERT INTO gne_vale_ferreteria (vfe_id,vfe_fecha,vfe_total,vfe_estado,vfe_entregado,usu_nusuario) VALUES (15722,@@@2013.11.03@@@,3390,1,0,@@@G_DIAZ@@@)','',2,'2013-11-03'),(86245,'INSERT INTO gne_vale_ferreteria_mov (vfe_id,pro_codigo_plu,vfm_cantidad,vfm_unitario,vfm_total,vfm_entregado) VALUES (15722,763766,1,3390,3390,@@@NO@@@)','',2,'2013-11-03'),(86246,'INSERT INTO gne_vale_ferreteria (vfe_id,vfe_fecha,vfe_total,vfe_estado,vfe_entregado,usu_nusuario) VALUES (15723,@@@2013.11.03@@@,3100,1,0,@@@G_DIAZ@@@)','',2,'2013-11-03'),(86247,'INSERT INTO gne_vale_ferreteria_mov (vfe_id,pro_codigo_plu,vfm_cantidad,vfm_unitario,vfm_total,vfm_entregado) VALUES (15723,101563,1,1990,1990,@@@NO@@@)','',2,'2013-11-03'),(86248,'INSERT INTO gne_vale_ferreteria_mov (vfe_id,pro_codigo_plu,vfm_cantidad,vfm_unitario,vfm_total,vfm_entregado) VALUES (15723,1065,1,220,220,@@@NO@@@)','',2,'2013-11-03'),(86249,'INSERT INTO gne_vale_ferreteria_mov (vfe_id,pro_codigo_plu,vfm_cantidad,vfm_unitario,vfm_total,vfm_entregado) VALUES (15723,1067,1,200,200,@@@NO@@@)','',2,'2013-11-03'),(86250,'INSERT INTO gne_vale_ferreteria_mov (vfe_id,pro_codigo_plu,vfm_cantidad,vfm_unitario,vfm_total,vfm_entregado) VALUES (15723,1068,1,200,200,@@@NO@@@)','',2,'2013-11-03'),(86251,'INSERT INTO gne_vale_ferreteria_mov (vfe_id,pro_codigo_plu,vfm_cantidad,vfm_unitario,vfm_total,vfm_entregado) VALUES (15723,764581,1,490,490,@@@NO@@@)','',2,'2013-11-03'),(86252,'INSERT INTO gne_vale_ferreteria (vfe_id,vfe_fecha,vfe_total,vfe_estado,vfe_entregado,usu_nusuario) VALUES (15724,@@@2013.11.03@@@,1500,1,0,@@@G_DIAZ@@@)','',2,'2013-11-03'),(86253,'INSERT INTO gne_vale_ferreteria_mov (vfe_id,pro_codigo_plu,vfm_cantidad,vfm_unitario,vfm_total,vfm_entregado) VALUES (15724,12083,1,260,260,@@@NO@@@)','',2,'2013-11-03'),(86254,'INSERT INTO gne_vale_ferreteria_mov (vfe_id,pro_codigo_plu,vfm_cantidad,vfm_unitario,vfm_total,vfm_entregado) VALUES (15724,764278,2,300,600,@@@NO@@@)','',2,'2013-11-03'),(86255,'INSERT INTO gne_vale_ferreteria_mov (vfe_id,pro_codigo_plu,vfm_cantidad,vfm_unitario,vfm_total,vfm_entregado) VALUES (15724,763800,1,470,470,@@@NO@@@)','',2,'2013-11-03'),(86256,'INSERT INTO gne_vale_ferreteria_mov (vfe_id,pro_codigo_plu,vfm_cantidad,vfm_unitario,vfm_total,vfm_entregado) VALUES (15724,780721788,1,170,170,@@@NO@@@)','',2,'2013-11-03'),(86257,'INSERT INTO gne_vale_ferreteria (vfe_id,vfe_fecha,vfe_total,vfe_estado,vfe_entregado,usu_nusuario) VALUES (15725,@@@2013.11.03@@@,430,1,0,@@@G_DIAZ@@@)','',2,'2013-11-03'),(86258,'INSERT INTO gne_vale_ferreteria_mov (vfe_id,pro_codigo_plu,vfm_cantidad,vfm_unitario,vfm_total,vfm_entregado) VALUES (15725,780721719,1,430,430,@@@NO@@@)','',2,'2013-11-03'),(86259,'INSERT INTO gne_vale_ferreteria (vfe_id,vfe_fecha,vfe_total,vfe_estado,vfe_entregado,usu_nusuario) VALUES (15726,@@@2013.11.03@@@,870,1,0,@@@G_DIAZ@@@)','',2,'2013-11-03'),(86260,'INSERT INTO gne_vale_ferreteria_mov (vfe_id,pro_codigo_plu,vfm_cantidad,vfm_unitario,vfm_total,vfm_entregado) VALUES (15726,8022,1,120,120,@@@NO@@@)','',2,'2013-11-03'),(86261,'INSERT INTO gne_vale_ferreteria_mov (vfe_id,pro_codigo_plu,vfm_cantidad,vfm_unitario,vfm_total,vfm_entregado) VALUES (15726,763624,1,750,750,@@@NO@@@)','',2,'2013-11-03'),(86262,'INSERT INTO gne_vale_ferreteria (vfe_id,vfe_fecha,vfe_total,vfe_estado,vfe_entregado,usu_nusuario) VALUES (15727,@@@2013.11.03@@@,5429,1,0,@@@G_DIAZ@@@)','',2,'2013-11-03'),(86263,'INSERT INTO gne_vale_ferreteria_mov (vfe_id,pro_codigo_plu,vfm_cantidad,vfm_unitario,vfm_total,vfm_entregado) VALUES (15727,763622,1,1399,1399,@@@NO@@@)','',2,'2013-11-03'),(86264,'INSERT INTO gne_vale_ferreteria_mov (vfe_id,pro_codigo_plu,vfm_cantidad,vfm_unitario,vfm_total,vfm_entregado) VALUES (15727,763777,1,1250,1250,@@@NO@@@)','',2,'2013-11-03'),(86265,'INSERT INTO gne_vale_ferreteria_mov (vfe_id,pro_codigo_plu,vfm_cantidad,vfm_unitario,vfm_total,vfm_entregado) VALUES (15727,763624,1,750,750,@@@NO@@@)','',2,'2013-11-03'),(86266,'INSERT INTO gne_vale_ferreteria_mov (vfe_id,pro_codigo_plu,vfm_cantidad,vfm_unitario,vfm_total,vfm_entregado) VALUES (15727,763794,1,850,850,@@@NO@@@)','',2,'2013-11-03'),(86267,'INSERT INTO gne_vale_ferreteria_mov (vfe_id,pro_codigo_plu,vfm_cantidad,vfm_unitario,vfm_total,vfm_entregado) VALUES (15727,1040,1,200,200,@@@NO@@@)','',2,'2013-11-03'),(86268,'INSERT INTO gne_vale_ferreteria_mov (vfe_id,pro_codigo_plu,vfm_cantidad,vfm_unitario,vfm_total,vfm_entregado) VALUES (15727,763804,1,790,790,@@@NO@@@)','',2,'2013-11-03'),(86269,'INSERT INTO gne_vale_ferreteria_mov (vfe_id,pro_codigo_plu,vfm_cantidad,vfm_unitario,vfm_total,vfm_entregado) VALUES (15727,1537,1,190,190,@@@NO@@@)','',2,'2013-11-03'),(86270,'INSERT INTO gne_vale_ferreteria (vfe_id,vfe_fecha,vfe_total,vfe_estado,vfe_entregado,usu_nusuario) VALUES (15728,@@@2013.11.03@@@,330,1,0,@@@G_DIAZ@@@)','',2,'2013-11-03'),(86271,'INSERT INTO gne_vale_ferreteria_mov (vfe_id,pro_codigo_plu,vfm_cantidad,vfm_unitario,vfm_total,vfm_entregado) VALUES (15728,763588,1,330,330,@@@NO@@@)','',2,'2013-11-03'),(86272,'INSERT INTO gne_vale_ferreteria (vfe_id,vfe_fecha,vfe_total,vfe_estado,vfe_entregado,usu_nusuario) VALUES (15729,@@@2013.11.03@@@,1080,1,0,@@@G_DIAZ@@@)','',2,'2013-11-03'),(86273,'INSERT INTO gne_vale_ferreteria_mov (vfe_id,pro_codigo_plu,vfm_cantidad,vfm_unitario,vfm_total,vfm_entregado) VALUES (15729,763805,1,1080,1080,@@@NO@@@)','',2,'2013-11-03'),(86274,'INSERT INTO gne_vale_ferreteria (vfe_id,vfe_fecha,vfe_total,vfe_estado,vfe_entregado,usu_nusuario) VALUES (15730,@@@2013.11.03@@@,2280,1,0,@@@G_DIAZ@@@)','',2,'2013-11-03'),(86275,'INSERT INTO gne_vale_ferreteria_mov (vfe_id,pro_codigo_plu,vfm_cantidad,vfm_unitario,vfm_total,vfm_entregado) VALUES (15730,19949,1,1590,1590,@@@NO@@@)','',2,'2013-11-03'),(86276,'INSERT INTO gne_vale_ferreteria_mov (vfe_id,pro_codigo_plu,vfm_cantidad,vfm_unitario,vfm_total,vfm_entregado) VALUES (15730,681868,1,690,690,@@@NO@@@)','',2,'2013-11-03'),(86277,'INSERT INTO gne_vale_ferreteria (vfe_id,vfe_fecha,vfe_total,vfe_estado,vfe_entregado,usu_nusuario) VALUES (15731,@@@2013.11.03@@@,450,1,0,@@@G_DIAZ@@@)','',2,'2013-11-03'),(86278,'INSERT INTO gne_vale_ferreteria_mov (vfe_id,pro_codigo_plu,vfm_cantidad,vfm_unitario,vfm_total,vfm_entregado) VALUES (15731,36650,1,450,450,@@@NO@@@)','',2,'2013-11-03'),(86279,'INSERT INTO gne_vale_ferreteria (vfe_id,vfe_fecha,vfe_total,vfe_estado,vfe_entregado,usu_nusuario) VALUES (15732,@@@2013.11.03@@@,100,1,0,@@@G_DIAZ@@@)','',2,'2013-11-03'),(86280,'INSERT INTO gne_vale_ferreteria_mov (vfe_id,pro_codigo_plu,vfm_cantidad,vfm_unitario,vfm_total,vfm_entregado) VALUES (15732,20366,1,100,100,@@@NO@@@)','',2,'2013-11-03'),(86281,'INSERT INTO gne_vale_ferreteria (vfe_id,vfe_fecha,vfe_total,vfe_estado,vfe_entregado,usu_nusuario) VALUES (15733,@@@2013.11.03@@@,790,1,0,@@@G_DIAZ@@@)','',2,'2013-11-03'),(86282,'INSERT INTO gne_vale_ferreteria_mov (vfe_id,pro_codigo_plu,vfm_cantidad,vfm_unitario,vfm_total,vfm_entregado) VALUES (15733,763623,1,790,790,@@@NO@@@)','',2,'2013-11-03'),(86283,'INSERT INTO gne_vale_ferreteria (vfe_id,vfe_fecha,vfe_total,vfe_estado,vfe_entregado,usu_nusuario) VALUES (15734,@@@2013.11.03@@@,1590,1,0,@@@G_DIAZ@@@)','',2,'2013-11-03'),(86284,'INSERT INTO gne_vale_ferreteria_mov (vfe_id,pro_codigo_plu,vfm_cantidad,vfm_unitario,vfm_total,vfm_entregado) VALUES (15734,19964,1,1590,1590,@@@NO@@@)','',2,'2013-11-03'),(86285,'INSERT INTO gne_vale_ferreteria (vfe_id,vfe_fecha,vfe_total,vfe_estado,vfe_entregado,usu_nusuario) VALUES (15735,@@@2013.11.03@@@,570,1,0,@@@G_DIAZ@@@)','',2,'2013-11-03'),(86286,'INSERT INTO gne_vale_ferreteria_mov (vfe_id,pro_codigo_plu,vfm_cantidad,vfm_unitario,vfm_total,vfm_entregado) VALUES (15735,764572,3,100,300,@@@NO@@@)','',2,'2013-11-03'),(86287,'INSERT INTO gne_vale_ferreteria_mov (vfe_id,pro_codigo_plu,vfm_cantidad,vfm_unitario,vfm_total,vfm_entregado) VALUES (15735,4080,3,40,120,@@@NO@@@)','',2,'2013-11-03'),(86288,'INSERT INTO gne_vale_ferreteria_mov (vfe_id,pro_codigo_plu,vfm_cantidad,vfm_unitario,vfm_total,vfm_entregado) VALUES (15735,78017006,1,120,120,@@@NO@@@)','',2,'2013-11-03'),(86289,'INSERT INTO gne_vale_ferreteria_mov (vfe_id,pro_codigo_plu,vfm_cantidad,vfm_unitario,vfm_total,vfm_entregado) VALUES (15735,1544,1,30,30,@@@NO@@@)','',2,'2013-11-03'),(86290,'INSERT INTO gne_vale_ferreteria (vfe_id,vfe_fecha,vfe_total,vfe_estado,vfe_entregado,usu_nusuario) VALUES (15736,@@@2013.11.03@@@,1440,1,0,@@@G_DIAZ@@@)','',2,'2013-11-03'),(86291,'INSERT INTO gne_vale_ferreteria_mov (vfe_id,pro_codigo_plu,vfm_cantidad,vfm_unitario,vfm_total,vfm_entregado) VALUES (15736,19866,2,720,1440,@@@NO@@@)','',2,'2013-11-03'),(86292,'INSERT INTO gne_vale_ferreteria (vfe_id,vfe_fecha,vfe_total,vfe_estado,vfe_entregado,usu_nusuario) VALUES (15737,@@@2013.11.03@@@,1190,1,0,@@@G_DIAZ@@@)','',2,'2013-11-03'),(86293,'INSERT INTO gne_vale_ferreteria_mov (vfe_id,pro_codigo_plu,vfm_cantidad,vfm_unitario,vfm_total,vfm_entregado) VALUES (15737,764691,1,1190,1190,@@@NO@@@)','',2,'2013-11-03'),(86294,'INSERT INTO gne_vale_ferreteria (vfe_id,vfe_fecha,vfe_total,vfe_estado,vfe_entregado,usu_nusuario) VALUES (15738,@@@2013.11.03@@@,250,1,0,@@@G_DIAZ@@@)','',2,'2013-11-03'),(86295,'INSERT INTO gne_vale_ferreteria_mov (vfe_id,pro_codigo_plu,vfm_cantidad,vfm_unitario,vfm_total,vfm_entregado) VALUES (15738,763786,1,250,250,@@@NO@@@)','',2,'2013-11-03'),(86296,'INSERT INTO gne_vale_ferreteria (vfe_id,vfe_fecha,vfe_total,vfe_estado,vfe_entregado,usu_nusuario) VALUES (15739,@@@2013.11.03@@@,650,1,0,@@@G_DIAZ@@@)','',2,'2013-11-03'),(86297,'INSERT INTO gne_vale_ferreteria_mov (vfe_id,pro_codigo_plu,vfm_cantidad,vfm_unitario,vfm_total,vfm_entregado) VALUES (15739,763878,1,650,650,@@@NO@@@)','',2,'2013-11-03'),(86298,'INSERT INTO gne_vale_ferreteria (vfe_id,vfe_fecha,vfe_total,vfe_estado,vfe_entregado,usu_nusuario) VALUES (15740,@@@2013.11.03@@@,1750,1,0,@@@G_DIAZ@@@)','',2,'2013-11-03'),(86299,'INSERT INTO gne_vale_ferreteria_mov (vfe_id,pro_codigo_plu,vfm_cantidad,vfm_unitario,vfm_total,vfm_entregado) VALUES (15740,763740,1,1350,1350,@@@NO@@@)','',2,'2013-11-03'),(86300,'INSERT INTO gne_vale_ferreteria_mov (vfe_id,pro_codigo_plu,vfm_cantidad,vfm_unitario,vfm_total,vfm_entregado) VALUES (15740,78016974,1,180,180,@@@NO@@@)','',2,'2013-11-03'),(86301,'INSERT INTO gne_vale_ferreteria_mov (vfe_id,pro_codigo_plu,vfm_cantidad,vfm_unitario,vfm_total,vfm_entregado) VALUES (15740,21130,1,220,220,@@@NO@@@)','',2,'2013-11-03'),(86302,'INSERT INTO gne_vale_ferreteria (vfe_id,vfe_fecha,vfe_total,vfe_estado,vfe_entregado,usu_nusuario) VALUES (15741,@@@2013.11.03@@@,3180,1,0,@@@G_DIAZ@@@)','',2,'2013-11-03'),(86303,'INSERT INTO gne_vale_ferreteria_mov (vfe_id,pro_codigo_plu,vfm_cantidad,vfm_unitario,vfm_total,vfm_entregado) VALUES (15741,763597,1,350,350,@@@NO@@@)','',2,'2013-11-03'),(86304,'INSERT INTO gne_vale_ferreteria_mov (vfe_id,pro_codigo_plu,vfm_cantidad,vfm_unitario,vfm_total,vfm_entregado) VALUES (15741,4061,1,150,150,@@@NO@@@)','',2,'2013-11-03'),(86305,'INSERT INTO gne_vale_ferreteria_mov (vfe_id,pro_codigo_plu,vfm_cantidad,vfm_unitario,vfm_total,vfm_entregado) VALUES (15741,8022,1,120,120,@@@NO@@@)','',2,'2013-11-03'),(86306,'INSERT INTO gne_vale_ferreteria_mov (vfe_id,pro_codigo_plu,vfm_cantidad,vfm_unitario,vfm_total,vfm_entregado) VALUES (15741,12083,1,260,260,@@@NO@@@)','',2,'2013-11-03'),(86307,'INSERT INTO gne_vale_ferreteria_mov (vfe_id,pro_codigo_plu,vfm_cantidad,vfm_unitario,vfm_total,vfm_entregado) VALUES (15741,762000,1,690,690,@@@NO@@@)','',2,'2013-11-03'),(86308,'INSERT INTO gne_vale_ferreteria_mov (vfe_id,pro_codigo_plu,vfm_cantidad,vfm_unitario,vfm_total,vfm_entregado) VALUES (15741,780721667,1,230,230,@@@NO@@@)','',2,'2013-11-03'),(86309,'INSERT INTO gne_vale_ferreteria_mov (vfe_id,pro_codigo_plu,vfm_cantidad,vfm_unitario,vfm_total,vfm_entregado) VALUES (15741,21116,1,770,770,@@@NO@@@)','',2,'2013-11-03'),(86310,'INSERT INTO gne_vale_ferreteria_mov (vfe_id,pro_codigo_plu,vfm_cantidad,vfm_unitario,vfm_total,vfm_entregado) VALUES (15741,764364,1,140,140,@@@NO@@@)','',2,'2013-11-03'),(86311,'INSERT INTO gne_vale_ferreteria_mov (vfe_id,pro_codigo_plu,vfm_cantidad,vfm_unitario,vfm_total,vfm_entregado) VALUES (15741,78016992,1,300,300,@@@NO@@@)','',2,'2013-11-03'),(86312,'INSERT INTO gne_vale_ferreteria_mov (vfe_id,pro_codigo_plu,vfm_cantidad,vfm_unitario,vfm_total,vfm_entregado) VALUES (15741,78016986,1,170,170,@@@NO@@@)','',2,'2013-11-03'),(86313,'INSERT INTO gne_vale_ferreteria (vfe_id,vfe_fecha,vfe_total,vfe_estado,vfe_entregado,usu_nusuario) VALUES (15742,@@@2013.11.03@@@,5019,1,0,@@@G_DIAZ@@@)','',2,'2013-11-03'),(86314,'INSERT INTO gne_vale_ferreteria_mov (vfe_id,pro_codigo_plu,vfm_cantidad,vfm_unitario,vfm_total,vfm_entregado) VALUES (15742,20607,1,2520,2520,@@@NO@@@)','',2,'2013-11-03'),(86315,'INSERT INTO gne_vale_ferreteria_mov (vfe_id,pro_codigo_plu,vfm_cantidad,vfm_unitario,vfm_total,vfm_entregado) VALUES (15742,101734,1,2499,2499,@@@NO@@@)','',2,'2013-11-03'),(86316,'INSERT INTO gne_vale_ferreteria (vfe_id,vfe_fecha,vfe_total,vfe_estado,vfe_entregado,usu_nusuario) VALUES (15743,@@@2013.11.03@@@,300,1,0,@@@G_DIAZ@@@)','',2,'2013-11-03'),(86317,'INSERT INTO gne_vale_ferreteria_mov (vfe_id,pro_codigo_plu,vfm_cantidad,vfm_unitario,vfm_total,vfm_entregado) VALUES (15743,800001,1,300,300,@@@NO@@@)','',2,'2013-11-03'),(86318,'INSERT INTO gne_vale_ferreteria (vfe_id,vfe_fecha,vfe_total,vfe_estado,vfe_entregado,usu_nusuario) VALUES (15744,@@@2013.11.03@@@,1890,1,0,@@@G_DIAZ@@@)','',2,'2013-11-03'),(86319,'INSERT INTO gne_vale_ferreteria_mov (vfe_id,pro_codigo_plu,vfm_cantidad,vfm_unitario,vfm_total,vfm_entregado) VALUES (15744,780721333,1,1890,1890,@@@NO@@@)','',2,'2013-11-03'),(86320,'INSERT INTO gne_vale_ferreteria (vfe_id,vfe_fecha,vfe_total,vfe_estado,vfe_entregado,usu_nusuario) VALUES (15745,@@@2013.11.03@@@,390,1,0,@@@G_DIAZ@@@)','',2,'2013-11-03'),(86321,'INSERT INTO gne_vale_ferreteria_mov (vfe_id,pro_codigo_plu,vfm_cantidad,vfm_unitario,vfm_total,vfm_entregado) VALUES (15745,780721420,1,390,390,@@@NO@@@)','',2,'2013-11-03'),(86322,'INSERT INTO gne_vale_ferreteria (vfe_id,vfe_fecha,vfe_total,vfe_estado,vfe_entregado,usu_nusuario) VALUES (15746,@@@2013.11.03@@@,640,1,0,@@@G_DIAZ@@@)','',2,'2013-11-03'),(86323,'INSERT INTO gne_vale_ferreteria_mov (vfe_id,pro_codigo_plu,vfm_cantidad,vfm_unitario,vfm_total,vfm_entregado) VALUES (15746,1552,1,490,490,@@@NO@@@)','',2,'2013-11-03'),(86324,'INSERT INTO gne_vale_ferreteria_mov (vfe_id,pro_codigo_plu,vfm_cantidad,vfm_unitario,vfm_total,vfm_entregado) VALUES (15746,1545,3,50,150,@@@NO@@@)','',2,'2013-11-03'),(86325,'INSERT INTO gne_vale_ferreteria (vfe_id,vfe_fecha,vfe_total,vfe_estado,vfe_entregado,usu_nusuario) VALUES (15747,@@@2013.11.03@@@,2690,1,0,@@@G_DIAZ@@@)','',2,'2013-11-03'),(86326,'INSERT INTO gne_vale_ferreteria_mov (vfe_id,pro_codigo_plu,vfm_cantidad,vfm_unitario,vfm_total,vfm_entregado) VALUES (15747,763902,1,2100,2100,@@@NO@@@)','',2,'2013-11-03'),(86327,'INSERT INTO gne_vale_ferreteria_mov (vfe_id,pro_codigo_plu,vfm_cantidad,vfm_unitario,vfm_total,vfm_entregado) VALUES (15747,20598,1,590,590,@@@NO@@@)','',2,'2013-11-03'),(86328,'INSERT INTO gne_vale_ferreteria (vfe_id,vfe_fecha,vfe_total,vfe_estado,vfe_entregado,usu_nusuario) VALUES (15748,@@@2013.11.03@@@,599,1,0,@@@G_DIAZ@@@)','',2,'2013-11-03'),(86329,'INSERT INTO gne_vale_ferreteria_mov (vfe_id,pro_codigo_plu,vfm_cantidad,vfm_unitario,vfm_total,vfm_entregado) VALUES (15748,19916,1,599,599,@@@NO@@@)','',2,'2013-11-03'),(86330,'INSERT INTO gne_vale_ferreteria (vfe_id,vfe_fecha,vfe_total,vfe_estado,vfe_entregado,usu_nusuario) VALUES (15749,@@@2013.11.03@@@,1990,1,0,@@@G_DIAZ@@@)','',2,'2013-11-03'),(86331,'INSERT INTO gne_vale_ferreteria_mov (vfe_id,pro_codigo_plu,vfm_cantidad,vfm_unitario,vfm_total,vfm_entregado) VALUES (15749,764914,1,1990,1990,@@@NO@@@)','',2,'2013-11-03'),(86332,'INSERT INTO gne_vale_ferreteria (vfe_id,vfe_fecha,vfe_total,vfe_estado,vfe_entregado,usu_nusuario) VALUES (15750,@@@2013.11.03@@@,450,1,0,@@@G_DIAZ@@@)','',2,'2013-11-03'),(86333,'INSERT INTO gne_vale_ferreteria_mov (vfe_id,pro_codigo_plu,vfm_cantidad,vfm_unitario,vfm_total,vfm_entregado) VALUES (15750,36650,1,450,450,@@@NO@@@)','',2,'2013-11-03'),(86334,'INSERT INTO gne_vale_ferreteria (vfe_id,vfe_fecha,vfe_total,vfe_estado,vfe_entregado,usu_nusuario) VALUES (15751,@@@2013.11.03@@@,1100,1,0,@@@G_DIAZ@@@)','',2,'2013-11-03'),(86335,'INSERT INTO gne_vale_ferreteria_mov (vfe_id,pro_codigo_plu,vfm_cantidad,vfm_unitario,vfm_total,vfm_entregado) VALUES (15751,764460,1,1100,1100,@@@NO@@@)','',2,'2013-11-03'),(86336,'INSERT INTO gne_vale_ferreteria (vfe_id,vfe_fecha,vfe_total,vfe_estado,vfe_entregado,usu_nusuario) VALUES (15752,@@@2013.11.03@@@,949,1,0,@@@G_DIAZ@@@)','',2,'2013-11-03'),(86337,'INSERT INTO gne_vale_ferreteria_mov (vfe_id,pro_codigo_plu,vfm_cantidad,vfm_unitario,vfm_total,vfm_entregado) VALUES (15752,20847,1,350,350,@@@NO@@@)','',2,'2013-11-03'),(86338,'INSERT INTO gne_vale_ferreteria_mov (vfe_id,pro_codigo_plu,vfm_cantidad,vfm_unitario,vfm_total,vfm_entregado) VALUES (15752,19916,1,599,599,@@@NO@@@)','',2,'2013-11-03'),(86339,'INSERT INTO gne_vale_ferreteria (vfe_id,vfe_fecha,vfe_total,vfe_estado,vfe_entregado,usu_nusuario) VALUES (15753,@@@2013.11.03@@@,480,1,0,@@@G_DIAZ@@@)','',2,'2013-11-03'),(86340,'INSERT INTO gne_vale_ferreteria_mov (vfe_id,pro_codigo_plu,vfm_cantidad,vfm_unitario,vfm_total,vfm_entregado) VALUES (15753,780722055,1,480,480,@@@NO@@@)','',2,'2013-11-03'),(86341,'INSERT INTO gne_vale_ferreteria (vfe_id,vfe_fecha,vfe_total,vfe_estado,vfe_entregado,usu_nusuario) VALUES (15754,@@@2013.11.03@@@,450,1,0,@@@G_DIAZ@@@)','',2,'2013-11-03'),(86342,'INSERT INTO gne_vale_ferreteria_mov (vfe_id,pro_codigo_plu,vfm_cantidad,vfm_unitario,vfm_total,vfm_entregado) VALUES (15754,36650,1,450,450,@@@NO@@@)','',2,'2013-11-03'),(86343,'INSERT INTO gne_vale_ferreteria (vfe_id,vfe_fecha,vfe_total,vfe_estado,vfe_entregado,usu_nusuario) VALUES (15755,@@@2013.11.03@@@,20,1,0,@@@G_DIAZ@@@)','',2,'2013-11-03'),(86344,'INSERT INTO gne_vale_ferreteria_mov (vfe_id,pro_codigo_plu,vfm_cantidad,vfm_unitario,vfm_total,vfm_entregado) VALUES (15755,780721717,1,20,20,@@@NO@@@)','',2,'2013-11-03'),(86345,'INSERT INTO gne_vale_ferreteria (vfe_id,vfe_fecha,vfe_total,vfe_estado,vfe_entregado,usu_nusuario) VALUES (15756,@@@2013.11.03@@@,750,1,0,@@@G_DIAZ@@@)','',2,'2013-11-03'),(86346,'INSERT INTO gne_vale_ferreteria_mov (vfe_id,pro_codigo_plu,vfm_cantidad,vfm_unitario,vfm_total,vfm_entregado) VALUES (15756,763624,1,750,750,@@@NO@@@)','',2,'2013-11-03'),(86347,'INSERT INTO gne_vale_ferreteria (vfe_id,vfe_fecha,vfe_total,vfe_estado,vfe_entregado,usu_nusuario) VALUES (15757,@@@2013.11.03@@@,1500,1,0,@@@G_DIAZ@@@)','',2,'2013-11-03'),(86348,'INSERT INTO gne_vale_ferreteria_mov (vfe_id,pro_codigo_plu,vfm_cantidad,vfm_unitario,vfm_total,vfm_entregado) VALUES (15757,763624,2,750,1500,@@@NO@@@)','',2,'2013-11-03'),(86349,'INSERT INTO gne_vale_ferreteria (vfe_id,vfe_fecha,vfe_total,vfe_estado,vfe_entregado,usu_nusuario) VALUES (15758,@@@2013.11.03@@@,1998,1,0,@@@G_DIAZ@@@)','',2,'2013-11-03'),(86350,'INSERT INTO gne_vale_ferreteria_mov (vfe_id,pro_codigo_plu,vfm_cantidad,vfm_unitario,vfm_total,vfm_entregado) VALUES (15758,780721231,2,999,1998,@@@NO@@@)','',2,'2013-11-03'),(86351,'INSERT INTO gne_vale_ferreteria (vfe_id,vfe_fecha,vfe_total,vfe_estado,vfe_entregado,usu_nusuario) VALUES (15759,@@@2013.11.03@@@,1050,1,0,@@@G_DIAZ@@@)','',2,'2013-11-03'),(86352,'INSERT INTO gne_vale_ferreteria_mov (vfe_id,pro_codigo_plu,vfm_cantidad,vfm_unitario,vfm_total,vfm_entregado) VALUES (15759,763623,1,790,790,@@@NO@@@)','',2,'2013-11-03'),(86353,'INSERT INTO gne_vale_ferreteria_mov (vfe_id,pro_codigo_plu,vfm_cantidad,vfm_unitario,vfm_total,vfm_entregado) VALUES (15759,764364,1,140,140,@@@NO@@@)','',2,'2013-11-03'),(86354,'INSERT INTO gne_vale_ferreteria_mov (vfe_id,pro_codigo_plu,vfm_cantidad,vfm_unitario,vfm_total,vfm_entregado) VALUES (15759,78017204,1,120,120,@@@NO@@@)','',2,'2013-11-03'),(86355,'INSERT INTO gne_vale_ferreteria (vfe_id,vfe_fecha,vfe_total,vfe_estado,vfe_entregado,usu_nusuario) VALUES (15760,@@@2013.11.03@@@,840,1,0,@@@G_DIAZ@@@)','',2,'2013-11-03'),(86356,'INSERT INTO gne_vale_ferreteria_mov (vfe_id,pro_codigo_plu,vfm_cantidad,vfm_unitario,vfm_total,vfm_entregado) VALUES (15760,21130,1,220,220,@@@NO@@@)','',2,'2013-11-03'),(86357,'INSERT INTO gne_vale_ferreteria_mov (vfe_id,pro_codigo_plu,vfm_cantidad,vfm_unitario,vfm_total,vfm_entregado) VALUES (15760,78016974,2,180,360,@@@NO@@@)','',2,'2013-11-03'),(86358,'INSERT INTO gne_vale_ferreteria_mov (vfe_id,pro_codigo_plu,vfm_cantidad,vfm_unitario,vfm_total,vfm_entregado) VALUES (15760,15967,2,130,260,@@@NO@@@)','',2,'2013-11-03'),(86359,'INSERT INTO gne_vale_ferreteria (vfe_id,vfe_fecha,vfe_total,vfe_estado,vfe_entregado,usu_nusuario) VALUES (15761,@@@2013.11.03@@@,200,1,0,@@@G_DIAZ@@@)','',2,'2013-11-03'),(86360,'INSERT INTO gne_vale_ferreteria_mov (vfe_id,pro_codigo_plu,vfm_cantidad,vfm_unitario,vfm_total,vfm_entregado) VALUES (15761,78017163,1,100,100,@@@NO@@@)','',2,'2013-11-03'),(86361,'INSERT INTO gne_vale_ferreteria_mov (vfe_id,pro_codigo_plu,vfm_cantidad,vfm_unitario,vfm_total,vfm_entregado) VALUES (15761,78017166,1,100,100,@@@NO@@@)','',2,'2013-11-03'),(86362,'INSERT INTO gne_vale_ferreteria (vfe_id,vfe_fecha,vfe_total,vfe_estado,vfe_entregado,usu_nusuario) VALUES (15762,@@@2013.11.04@@@,690,1,0,@@@M_CASTILLO@@@)','',2,'2013-11-04'),(86363,'INSERT INTO gne_vale_ferreteria_mov (vfe_id,pro_codigo_plu,vfm_cantidad,vfm_unitario,vfm_total,vfm_entregado) VALUES (15762,763775,1,690,690,@@@NO@@@)','',2,'2013-11-04'),(86364,'INSERT INTO gne_vale_ferreteria (vfe_id,vfe_fecha,vfe_total,vfe_estado,vfe_entregado,usu_nusuario) VALUES (15763,@@@2013.11.04@@@,360,1,0,@@@M_CASTILLO@@@)','',2,'2013-11-04'),(86365,'INSERT INTO gne_vale_ferreteria_mov (vfe_id,pro_codigo_plu,vfm_cantidad,vfm_unitario,vfm_total,vfm_entregado) VALUES (15763,1059,1,360,360,@@@NO@@@)','',2,'2013-11-04'),(86366,'INSERT INTO gne_vale_ferreteria (vfe_id,vfe_fecha,vfe_total,vfe_estado,vfe_entregado,usu_nusuario) VALUES (15764,@@@2013.11.04@@@,2580,1,0,@@@M_CASTILLO@@@)','',2,'2013-11-04'),(86367,'INSERT INTO gne_vale_ferreteria_mov (vfe_id,pro_codigo_plu,vfm_cantidad,vfm_unitario,vfm_total,vfm_entregado) VALUES (15764,763623,1,790,790,@@@NO@@@)','',2,'2013-11-04'),(86368,'INSERT INTO gne_vale_ferreteria_mov (vfe_id,pro_codigo_plu,vfm_cantidad,vfm_unitario,vfm_total,vfm_entregado) VALUES (15764,36650,1,450,450,@@@NO@@@)','',2,'2013-11-04'),(86369,'INSERT INTO gne_vale_ferreteria_mov (vfe_id,pro_codigo_plu,vfm_cantidad,vfm_unitario,vfm_total,vfm_entregado) VALUES (15764,780721057,1,190,190,@@@NO@@@)','',2,'2013-11-04'),(86370,'INSERT INTO gne_vale_ferreteria_mov (vfe_id,pro_codigo_plu,vfm_cantidad,vfm_unitario,vfm_total,vfm_entregado) VALUES (15764,780220198,1,360,360,@@@NO@@@)','',2,'2013-11-04'),(86371,'INSERT INTO gne_vale_ferreteria_mov (vfe_id,pro_codigo_plu,vfm_cantidad,vfm_unitario,vfm_total,vfm_entregado) VALUES (15764,763804,1,790,790,@@@NO@@@)','',2,'2013-11-04'),(86372,'INSERT INTO gne_vale_ferreteria (vfe_id,vfe_fecha,vfe_total,vfe_estado,vfe_entregado,usu_nusuario) VALUES (15765,@@@2013.11.04@@@,1050,1,0,@@@M_CASTILLO@@@)','',2,'2013-11-04'),(86373,'INSERT INTO gne_vale_ferreteria_mov (vfe_id,pro_codigo_plu,vfm_cantidad,vfm_unitario,vfm_total,vfm_entregado) VALUES (15765,19803,1,520,520,@@@NO@@@)','',2,'2013-11-04'),(86374,'INSERT INTO gne_vale_ferreteria_mov (vfe_id,pro_codigo_plu,vfm_cantidad,vfm_unitario,vfm_total,vfm_entregado) VALUES (15765,11218,1,530,530,@@@NO@@@)','',2,'2013-11-04'),(86375,'INSERT INTO gne_vale_ferreteria (vfe_id,vfe_fecha,vfe_total,vfe_estado,vfe_entregado,usu_nusuario) VALUES (15766,@@@2013.11.04@@@,870,1,0,@@@M_CASTILLO@@@)','',2,'2013-11-04'),(86376,'INSERT INTO gne_vale_ferreteria_mov (vfe_id,pro_codigo_plu,vfm_cantidad,vfm_unitario,vfm_total,vfm_entregado) VALUES (15766,764016,1,450,450,@@@NO@@@)','',2,'2013-11-04'),(86377,'INSERT INTO gne_vale_ferreteria_mov (vfe_id,pro_codigo_plu,vfm_cantidad,vfm_unitario,vfm_total,vfm_entregado) VALUES (15766,8022,1,120,120,@@@NO@@@)','',2,'2013-11-04'),(86378,'INSERT INTO gne_vale_ferreteria_mov (vfe_id,pro_codigo_plu,vfm_cantidad,vfm_unitario,vfm_total,vfm_entregado) VALUES (15766,10063,1,300,300,@@@NO@@@)','',2,'2013-11-04'),(86379,'INSERT INTO gne_vale_ferreteria (vfe_id,vfe_fecha,vfe_total,vfe_estado,vfe_entregado,usu_nusuario) VALUES (15767,@@@2013.11.04@@@,450,1,0,@@@M_CASTILLO@@@)','',2,'2013-11-04'),(86380,'INSERT INTO gne_vale_ferreteria_mov (vfe_id,pro_codigo_plu,vfm_cantidad,vfm_unitario,vfm_total,vfm_entregado) VALUES (15767,36650,1,450,450,@@@NO@@@)','',2,'2013-11-04'),(86381,'INSERT INTO gne_vale_ferreteria (vfe_id,vfe_fecha,vfe_total,vfe_estado,vfe_entregado,usu_nusuario) VALUES (15768,@@@2013.11.04@@@,750,1,0,@@@M_CASTILLO@@@)','',2,'2013-11-04'),(86382,'INSERT INTO gne_vale_ferreteria_mov (vfe_id,pro_codigo_plu,vfm_cantidad,vfm_unitario,vfm_total,vfm_entregado) VALUES (15768,763933,1,750,750,@@@NO@@@)','',2,'2013-11-04'),(86383,'INSERT INTO gne_vale_ferreteria (vfe_id,vfe_fecha,vfe_total,vfe_estado,vfe_entregado,usu_nusuario) VALUES (15769,@@@2013.11.04@@@,160,1,0,@@@M_CASTILLO@@@)','',2,'2013-11-04'),(86384,'INSERT INTO gne_vale_ferreteria_mov (vfe_id,pro_codigo_plu,vfm_cantidad,vfm_unitario,vfm_total,vfm_entregado) VALUES (15769,16430,1,160,160,@@@NO@@@)','',2,'2013-11-04'),(86385,'INSERT INTO gne_vale_ferreteria (vfe_id,vfe_fecha,vfe_total,vfe_estado,vfe_entregado,usu_nusuario) VALUES (15770,@@@2013.11.04@@@,390,1,0,@@@M_CASTILLO@@@)','',2,'2013-11-04'),(86386,'INSERT INTO gne_vale_ferreteria_mov (vfe_id,pro_codigo_plu,vfm_cantidad,vfm_unitario,vfm_total,vfm_entregado) VALUES (15770,780220121,1,390,390,@@@NO@@@)','',2,'2013-11-04'),(86387,'INSERT INTO gne_vale_ferreteria (vfe_id,vfe_fecha,vfe_total,vfe_estado,vfe_entregado,usu_nusuario) VALUES (15771,@@@2013.11.04@@@,720,1,0,@@@M_CASTILLO@@@)','',2,'2013-11-04'),(86388,'INSERT INTO gne_vale_ferreteria_mov (vfe_id,pro_codigo_plu,vfm_cantidad,vfm_unitario,vfm_total,vfm_entregado) VALUES (15771,19866,1,720,720,@@@NO@@@)','',2,'2013-11-04'),(86389,'INSERT INTO gne_vale_ferreteria (vfe_id,vfe_fecha,vfe_total,vfe_estado,vfe_entregado,usu_nusuario) VALUES (15772,@@@2013.11.04@@@,730,1,0,@@@M_CASTILLO@@@)','',2,'2013-11-04'),(86390,'INSERT INTO gne_vale_ferreteria_mov (vfe_id,pro_codigo_plu,vfm_cantidad,vfm_unitario,vfm_total,vfm_entregado) VALUES (15772,11378,1,730,730,@@@NO@@@)','',2,'2013-11-04'),(86391,'UPDATE mae_productos SET pro_codigo_barra=@@@01801624@@@,pro_tipo=@@@0@@@,pro_nombre_producto=@@@CERVESA BUDWEISER KING OF BEERS@@@,pro_nombre_corto=@@@CERVESA BUDWEISE@@@,med_id=@@@6@@@,emb_id=@@@3@@@,pro_unidades_embalaje=@@@0@@@,dep_id=@@@7 @@@,lin_id=@@@63@@@,mar_id=@@@1781@@@,pro_precio_compra_neto=@@@0@@@,pro_precio_compra_bruto=@@@0@@@,pro_precio_venta=@@@2290@@@,pro_margen_actual=@@@0@@@,pro_oferta=@@@NO@@@,pro_fecha_inicio_oferta=@@@2013.04.27@@@,pro_fecha_termino_oferta=@@@2013.04.27@@@,pro_precio_oferta=@@@0@@@,pro_stock_minimo=@@@30@@@,pro_stock_critico=@@@5@@@,pro_activo=@@@1@@@,pro_unidad=@@@0@@@,pro_precio_compra_bruto=0,pro_margen_actual=0,pro_capacidad=355,pro_funcion_plu=0,pro_flejes=1,pro_iva=1,pro_plu_asociado=0,pro_envase=@@@NO@@@,pro_duracion=0,pro_numero_etiqueta=0 WHERE pro_codigo_plu=@@@763461@@@','',2,'2013-11-04'),(86392,'UPDATE mae_productos SET pro_estado=1 WHERE pro_codigo_plu=763461','',2,'2013-11-04'),(86393,'DELETE FROM mae_impuestos_productos WHERE pro_codigo_plu=@@@763461@@@','',2,'2013-11-04'),(86394,'UPDATE mae_productos SET pro_precio_compra_bruto=1332.6,pro_margen_actual=(pro_precio_venta-1332.6)/1332.6 * 100,pro_ultima_compra=@@@2013.11.04@@@,pro_ultimo_proveedor=@@@81094100-6@@@ WHERE pro_codigo_plu=101681','',2,'2013-11-04'),(86395,'UPDATE mae_productos SET pro_precio_compra_bruto=787.18,pro_margen_actual=(pro_precio_venta-787.18)/787.18 * 100,pro_ultima_compra=@@@2013.11.04@@@,pro_ultimo_proveedor=@@@81094100-6@@@ WHERE pro_codigo_plu=10421','',2,'2013-11-04'),(86396,'UPDATE mae_productos SET pro_precio_compra_bruto=728.28,pro_margen_actual=(pro_precio_venta-728.28)/728.28 * 100,pro_ultima_compra=@@@2013.11.04@@@,pro_ultimo_proveedor=@@@81094100-6@@@ WHERE pro_codigo_plu=16092','',2,'2013-11-04'),(86397,'UPDATE mae_productos SET pro_precio_compra_bruto=898.45,pro_margen_actual=(pro_precio_venta-898.45)/898.45 * 100,pro_ultima_compra=@@@2013.11.04@@@,pro_ultimo_proveedor=@@@81094100-6@@@ WHERE pro_codigo_plu=16083','',2,'2013-11-04'),(86398,'UPDATE mae_productos SET pro_precio_compra_bruto=220.94,pro_margen_actual=(pro_precio_venta-220.94)/220.94 * 100,pro_ultima_compra=@@@2013.11.04@@@,pro_ultimo_proveedor=@@@81094100-6@@@ WHERE pro_codigo_plu=16790','',2,'2013-11-04'),(86399,'UPDATE mae_productos SET pro_precio_compra_bruto=809.2,pro_margen_actual=(pro_precio_venta-809.2)/809.2 * 100,pro_ultima_compra=@@@2013.11.04@@@,pro_ultimo_proveedor=@@@81094100-6@@@ WHERE pro_codigo_plu=16640','',2,'2013-11-04'),(86400,'UPDATE mae_productos SET pro_precio_compra_bruto=809.2,pro_margen_actual=(pro_precio_venta-809.2)/809.2 * 100,pro_ultima_compra=@@@2013.11.04@@@,pro_ultimo_proveedor=@@@81094100-6@@@ WHERE pro_codigo_plu=16641','',2,'2013-11-04'),(86401,'UPDATE mae_productos SET pro_precio_compra_bruto=129.71,pro_margen_actual=(pro_precio_venta-129.71)/129.71 * 100,pro_ultima_compra=@@@2013.11.04@@@,pro_ultimo_proveedor=@@@81094100-6@@@ WHERE pro_codigo_plu=102537','',2,'2013-11-04'),(86402,'UPDATE mae_productos SET pro_precio_compra_bruto=129.71,pro_margen_actual=(pro_precio_venta-129.71)/129.71 * 100,pro_ultima_compra=@@@2013.11.04@@@,pro_ultimo_proveedor=@@@81094100-6@@@ WHERE pro_codigo_plu=102536','',2,'2013-11-04'),(86403,'UPDATE mae_productos SET pro_precio_compra_bruto=728.28,pro_margen_actual=(pro_precio_venta-728.28)/728.28 * 100,pro_ultima_compra=@@@2013.11.04@@@,pro_ultimo_proveedor=@@@81094100-6@@@ WHERE pro_codigo_plu=16081','',2,'2013-11-04'),(86404,'UPDATE mae_productos SET pro_precio_compra_bruto=166.6,pro_margen_actual=(pro_precio_venta-166.6)/166.6 * 100,pro_ultima_compra=@@@2013.11.04@@@,pro_ultimo_proveedor=@@@81094100-6@@@ WHERE pro_codigo_plu=780721271','',2,'2013-11-04'),(86405,'UPDATE mae_productos SET pro_precio_compra_bruto=166.6,pro_margen_actual=(pro_precio_venta-166.6)/166.6 * 100,pro_ultima_compra=@@@2013.11.04@@@,pro_ultimo_proveedor=@@@81094100-6@@@ WHERE pro_codigo_plu=780721270','',2,'2013-11-04'),(86406,'UPDATE mae_productos SET pro_precio_compra_bruto=809.2,pro_margen_actual=(pro_precio_venta-809.2)/809.2 * 100,pro_ultima_compra=@@@2013.11.04@@@,pro_ultimo_proveedor=@@@81094100-6@@@ WHERE pro_codigo_plu=16636','',2,'2013-11-04'),(86407,'UPDATE mae_productos SET pro_precio_compra_bruto=809.2,pro_margen_actual=(pro_precio_venta-809.2)/809.2 * 100,pro_ultima_compra=@@@2013.11.04@@@,pro_ultimo_proveedor=@@@81094100-6@@@ WHERE pro_codigo_plu=16638','',2,'2013-11-04'),(86408,'UPDATE mae_productos SET pro_precio_compra_bruto=315,pro_margen_actual=(pro_precio_venta-315)/315 * 100,pro_ultima_compra=@@@2013.11.04@@@,pro_ultimo_proveedor=@@@78646820-5@@@ WHERE pro_codigo_plu=10484','',2,'2013-11-04'),(86409,'UPDATE mae_productos SET pro_precio_compra_bruto=629,pro_margen_actual=(pro_precio_venta-629)/629 * 100,pro_ultima_compra=@@@2013.11.04@@@,pro_ultimo_proveedor=@@@78646820-5@@@ WHERE pro_codigo_plu=780721298','',2,'2013-11-04'),(86410,'INSERT INTO gne_vale_ferreteria (vfe_id,vfe_fecha,vfe_total,vfe_estado,vfe_entregado,usu_nusuario) VALUES (15773,@@@2013.11.04@@@,250,1,0,@@@M_CASTILLO@@@)','',2,'2013-11-04'),(86411,'INSERT INTO gne_vale_ferreteria_mov (vfe_id,pro_codigo_plu,vfm_cantidad,vfm_unitario,vfm_total,vfm_entregado) VALUES (15773,780721493,1,250,250,@@@NO@@@)','',2,'2013-11-04'),(86412,'UPDATE mae_productos SET pro_precio_compra_bruto=18701.56,pro_margen_actual=(pro_precio_venta-18701.56)/18701.56 * 100,pro_ultima_compra=@@@2013.11.04@@@,pro_ultimo_proveedor=@@@86379600-8@@@ WHERE pro_codigo_plu=764421','',2,'2013-11-04'),(86413,'UPDATE mae_productos SET pro_precio_compra_bruto=15748.8,pro_margen_actual=(pro_precio_venta-15748.8)/15748.8 * 100,pro_ultima_compra=@@@2013.11.04@@@,pro_ultimo_proveedor=@@@86379600-8@@@ WHERE pro_codigo_plu=764420','',2,'2013-11-04'),(86414,'UPDATE mae_productos SET pro_precio_compra_bruto=8538.58,pro_margen_actual=(pro_precio_venta-8538.58)/8538.58 * 100,pro_ultima_compra=@@@2013.11.04@@@,pro_ultimo_proveedor=@@@86379600-8@@@ WHERE pro_codigo_plu=764416','',2,'2013-11-04'),(86415,'UPDATE mae_productos SET pro_precio_compra_bruto=2402.54,pro_margen_actual=(pro_precio_venta-2402.54)/2402.54 * 100,pro_ultima_compra=@@@2013.11.04@@@,pro_ultimo_proveedor=@@@86379600-8@@@ WHERE pro_codigo_plu=764409','',2,'2013-11-04'),(86416,'UPDATE mae_productos SET pro_precio_compra_bruto=1454.1,pro_margen_actual=(pro_precio_venta-1454.1)/1454.1 * 100,pro_ultima_compra=@@@2013.11.04@@@,pro_ultimo_proveedor=@@@86379600-8@@@ WHERE pro_codigo_plu=764408','',2,'2013-11-04'),(86417,'UPDATE mae_productos SET pro_precio_compra_bruto=8144.27,pro_margen_actual=(pro_precio_venta-8144.27)/8144.27 * 100,pro_ultima_compra=@@@2013.11.04@@@,pro_ultimo_proveedor=@@@86379600-8@@@ WHERE pro_codigo_plu=764417','',2,'2013-11-04'),(86418,'UPDATE mae_productos SET pro_margen_actual=0,pro_precio_venta=2290 WHERE pro_codigo_plu=763461','',2,'2013-11-04'),(86419,'UPDATE mae_productos SET pro_margen_actual=0,pro_precio_venta=330 WHERE pro_codigo_plu=602','',2,'2013-11-04'),(86420,'UPDATE mae_productos SET pro_margen_actual=63.9,pro_precio_venta=890 WHERE pro_codigo_plu=579','',2,'2013-11-04'),(86421,'UPDATE mae_productos SET pro_margen_actual=31.32,pro_precio_venta=499 WHERE pro_codigo_plu=572','',2,'2013-11-04'),(86422,'UPDATE mae_productos SET pro_margen_actual=0,pro_precio_venta=2990 WHERE pro_codigo_plu=578','',2,'2013-11-04'),(86423,'UPDATE mae_productos SET pro_margen_actual=24.38,pro_precio_venta=1990 WHERE pro_codigo_plu=562','',2,'2013-11-04'),(86424,'UPDATE mae_productos SET pro_margen_actual=148900,pro_precio_venta=1490 WHERE pro_codigo_plu=499','',2,'2013-11-04'),(86425,'UPDATE mae_productos SET pro_margen_actual=49.85,pro_precio_venta=499 WHERE pro_codigo_plu=610','',2,'2013-11-04'),(86426,'UPDATE mae_productos SET pro_margen_actual=0,pro_precio_venta=499 WHERE pro_codigo_plu=596','',2,'2013-11-04'),(86427,'UPDATE mae_productos SET pro_margen_actual=20.48,pro_precio_venta=200 WHERE pro_codigo_plu=597','',2,'2013-11-04'),(86428,'UPDATE mae_productos SET pro_precio_fiscal=pro_precio_venta WHERE pro_codigo_plu=562','',2,'2013-11-04'),(86429,'UPDATE mae_productos SET pro_precio_fiscal=pro_precio_venta WHERE pro_codigo_plu=578','',2,'2013-11-04'),(86430,'UPDATE mae_productos SET pro_precio_fiscal=pro_precio_venta WHERE pro_codigo_plu=602','',2,'2013-11-04'),(86431,'UPDATE mae_productos SET pro_precio_fiscal=pro_precio_venta WHERE pro_codigo_plu=610','',2,'2013-11-04'),(86432,'UPDATE mae_productos SET pro_margen_actual=0,pro_precio_venta=390 WHERE pro_codigo_plu=549','',2,'2013-11-04'),(86433,'UPDATE mae_productos SET pro_margen_actual=236.54,pro_precio_venta=350 WHERE pro_codigo_plu=575','',2,'2013-11-04'),(86434,'UPDATE mae_productos SET pro_precio_fiscal=pro_precio_venta WHERE pro_codigo_plu=549','',2,'2013-11-04'),(86435,'INSERT INTO com_ventas_grupo (vgr_fecha,vgr_grupo,vgr_cantidad,vgr_total) VALUES (@@@2013.11.03@@@,1,215.935,188295)','',2,'2013-11-04'),(86436,'INSERT INTO com_ventas_grupo (vgr_fecha,vgr_grupo,vgr_cantidad,vgr_total) VALUES (@@@2013.11.03@@@,2,191,97261)','',2,'2013-11-04'),(86437,'INSERT INTO com_ventas_grupo (vgr_fecha,vgr_grupo,vgr_cantidad,vgr_total) VALUES (@@@2013.11.03@@@,3,359,80327)','',2,'2013-11-04'),(86438,'INSERT INTO com_ventas_grupo (vgr_fecha,vgr_grupo,vgr_cantidad,vgr_total) VALUES (@@@2013.11.03@@@,4,163,148299)','',2,'2013-11-04'),(86439,'INSERT INTO com_ventas_grupo (vgr_fecha,vgr_grupo,vgr_cantidad,vgr_total) VALUES (@@@2013.11.03@@@,5,1,2100)','',2,'2013-11-04'),(86440,'INSERT INTO com_ventas_grupo (vgr_fecha,vgr_grupo,vgr_cantidad,vgr_total) VALUES (@@@2013.11.03@@@,6,22,30626)','',2,'2013-11-04'),(86441,'INSERT INTO com_ventas_grupo (vgr_fecha,vgr_grupo,vgr_cantidad,vgr_total) VALUES (@@@2013.11.03@@@,7,100,170837)','',2,'2013-11-04'),(86442,'INSERT INTO com_ventas_grupo (vgr_fecha,vgr_grupo,vgr_cantidad,vgr_total) VALUES (@@@2013.11.03@@@,8,63,33760)','',2,'2013-11-04'),(86443,'INSERT INTO com_ventas_grupo (vgr_fecha,vgr_grupo,vgr_cantidad,vgr_total) VALUES (@@@2013.11.03@@@,9,81.105,158042)','',2,'2013-11-04'),(86444,'INSERT INTO com_ventas_grupo (vgr_fecha,vgr_grupo,vgr_cantidad,vgr_total) VALUES (@@@2013.11.03@@@,10,48.985,157803)','',2,'2013-11-04'),(86445,'INSERT INTO com_ventas_grupo (vgr_fecha,vgr_grupo,vgr_cantidad,vgr_total) VALUES (@@@2013.11.03@@@,11,33.575,99945)','',2,'2013-11-04'),(86446,'INSERT INTO com_ventas_grupo (vgr_fecha,vgr_grupo,vgr_cantidad,vgr_total) VALUES (@@@2013.11.03@@@,12,44.845,80149)','',2,'2013-11-04'),(86447,'INSERT INTO com_ventas_grupo (vgr_fecha,vgr_grupo,vgr_cantidad,vgr_total) VALUES (@@@2013.11.03@@@,13,19.505,39545)','',2,'2013-11-04'),(86448,'INSERT INTO com_ventas_grupo (vgr_fecha,vgr_grupo,vgr_cantidad,vgr_total) VALUES (@@@2013.11.03@@@,14,115.17,105503)','',2,'2013-11-04'),(86449,'INSERT INTO com_ventas_grupo (vgr_fecha,vgr_grupo,vgr_cantidad,vgr_total) VALUES (@@@2013.11.03@@@,15,1,1999)','',2,'2013-11-04'),(86450,'INSERT INTO com_ventas_grupo (vgr_fecha,vgr_grupo,vgr_cantidad,vgr_total) VALUES (@@@2013.11.03@@@,18,221.625,125826)','',2,'2013-11-04'),(86451,'INSERT INTO com_ventas_grupo (vgr_fecha,vgr_grupo,vgr_cantidad,vgr_total) VALUES (@@@2013.11.03@@@,19,2,4580)','',2,'2013-11-04'),(86452,'INSERT INTO com_ventas_grupo (vgr_fecha,vgr_grupo,vgr_cantidad,vgr_total) VALUES (@@@2013.11.03@@@,20,308.27,112256)','',2,'2013-11-04'),(86453,'INSERT INTO com_ventas_grupo (vgr_fecha,vgr_grupo,vgr_cantidad,vgr_total) VALUES (@@@2013.11.03@@@,21,68,50818)','',2,'2013-11-04'),(86454,'INSERT INTO com_ventas_grupo (vgr_fecha,vgr_grupo,vgr_cantidad,vgr_total) VALUES (@@@2013.11.03@@@,23,8,10820)','',2,'2013-11-04'),(86455,'INSERT INTO com_ventas_grupo (vgr_fecha,vgr_grupo,vgr_cantidad,vgr_total) VALUES (@@@2013.11.03@@@,24,215,63091)','',2,'2013-11-04'),(86456,'INSERT INTO com_ventas_grupo (vgr_fecha,vgr_grupo,vgr_cantidad,vgr_total) VALUES (@@@2013.11.03@@@,25,77,116400)','',2,'2013-11-04'),(86457,'INSERT INTO com_ventas_grupo (vgr_fecha,vgr_grupo,vgr_cantidad,vgr_total) VALUES (@@@2013.11.03@@@,31,5,3238)','',2,'2013-11-04'),(86458,'INSERT INTO com_ventas_grupo (vgr_fecha,vgr_grupo,vgr_cantidad,vgr_total) VALUES (@@@2013.11.03@@@,32,281,98540)','',2,'2013-11-04'),(86459,'INSERT INTO com_ventas_grupo (vgr_fecha,vgr_grupo,vgr_cantidad,vgr_total) VALUES (@@@2013.11.03@@@,33,5,11750)','',2,'2013-11-04'),(86460,'INSERT INTO com_ventas_grupo (vgr_fecha,vgr_grupo,vgr_cantidad,vgr_total) VALUES (@@@2013.11.03@@@,35,22,27760)','',2,'2013-11-04'),(86461,'INSERT INTO com_ventas_grupo (vgr_fecha,vgr_grupo,vgr_cantidad,vgr_total) VALUES (@@@2013.11.03@@@,36,9,1810)','',2,'2013-11-04'),(86462,'INSERT INTO com_ventas_grupo (vgr_fecha,vgr_grupo,vgr_cantidad,vgr_total) VALUES (@@@2013.11.03@@@,38,4,2970)','',2,'2013-11-04'),(86463,'INSERT INTO com_ventas_grupo (vgr_fecha,vgr_grupo,vgr_cantidad,vgr_total) VALUES (@@@2013.11.03@@@,39,5,5420)','',2,'2013-11-04'),(86464,'INSERT INTO com_ventas_grupo (vgr_fecha,vgr_grupo,vgr_cantidad,vgr_total) VALUES (@@@2013.11.03@@@,41,3,540)','',2,'2013-11-04'),(86465,'INSERT INTO com_ventas_grupo (vgr_fecha,vgr_grupo,vgr_cantidad,vgr_total) VALUES (@@@2013.11.03@@@,42,38.175,26505)','',2,'2013-11-04'),(86466,'INSERT INTO com_ventas_grupo (vgr_fecha,vgr_grupo,vgr_cantidad,vgr_total) VALUES (@@@2013.11.03@@@,44,2,3100)','',2,'2013-11-04'),(86467,'UPDATE mae_datos_empresa SET emp_oferta=@@@NO@@@','',2,'2013-11-04'),(86468,'INSERT INTO gne_vale_ferreteria (vfe_id,vfe_fecha,vfe_total,vfe_estado,vfe_entregado,usu_nusuario) VALUES (15774,@@@2013.11.04@@@,1890,1,0,@@@M_CASTILLO@@@)','',2,'2013-11-04'),(86469,'INSERT INTO gne_vale_ferreteria_mov (vfe_id,pro_codigo_plu,vfm_cantidad,vfm_unitario,vfm_total,vfm_entregado) VALUES (15774,763601,1,1890,1890,@@@NO@@@)','',2,'2013-11-04'),(86470,'INSERT INTO gne_vale_ferreteria (vfe_id,vfe_fecha,vfe_total,vfe_estado,vfe_entregado,usu_nusuario) VALUES (15775,@@@2013.11.04@@@,150,1,0,@@@M_CASTILLO@@@)','',2,'2013-11-04'),(86471,'INSERT INTO gne_vale_ferreteria_mov (vfe_id,pro_codigo_plu,vfm_cantidad,vfm_unitario,vfm_total,vfm_entregado) VALUES (15775,21136,1,150,150,@@@NO@@@)','',2,'2013-11-04'),(86472,'INSERT INTO gne_vale_ferreteria (vfe_id,vfe_fecha,vfe_total,vfe_estado,vfe_entregado,usu_nusuario) VALUES (15776,@@@2013.11.04@@@,1190,1,0,@@@M_CASTILLO@@@)','',2,'2013-11-04'),(86473,'INSERT INTO gne_vale_ferreteria_mov (vfe_id,pro_codigo_plu,vfm_cantidad,vfm_unitario,vfm_total,vfm_entregado) VALUES (15776,4069,1,1190,1190,@@@NO@@@)','',2,'2013-11-04'),(86474,'INSERT INTO gne_vale_ferreteria (vfe_id,vfe_fecha,vfe_total,vfe_estado,vfe_entregado,usu_nusuario) VALUES (15777,@@@2013.11.04@@@,1990,1,0,@@@M_CASTILLO@@@)','',2,'2013-11-04'),(86475,'INSERT INTO gne_vale_ferreteria_mov (vfe_id,pro_codigo_plu,vfm_cantidad,vfm_unitario,vfm_total,vfm_entregado) VALUES (15777,102725,1,1990,1990,@@@NO@@@)','',2,'2013-11-04'),(86476,'INSERT INTO gne_vale_ferreteria (vfe_id,vfe_fecha,vfe_total,vfe_estado,vfe_entregado,usu_nusuario) VALUES (15778,@@@2013.11.04@@@,450,1,0,@@@M_CASTILLO@@@)','',2,'2013-11-04'),(86477,'INSERT INTO gne_vale_ferreteria_mov (vfe_id,pro_codigo_plu,vfm_cantidad,vfm_unitario,vfm_total,vfm_entregado) VALUES (15778,36650,1,450,450,@@@NO@@@)','',2,'2013-11-04'),(86478,'INSERT INTO mae_productos (pro_codigo_plu,pro_codigo_barra,pro_tipo,pro_nombre_producto,pro_nombre_corto,med_id,emb_id,pro_unidades_embalaje,dep_id,lin_id,mar_id,pro_precio_compra_neto,pro_precio_compra_bruto,pro_precio_venta,pro_margen_actual,pro_oferta,pro_fecha_inicio_oferta,pro_fecha_termino_oferta,pro_precio_oferta,pro_stock_minimo,pro_stock_critico,pro_entradas_bodega,pro_salidas_bodega,pro_mermas_bodega,pro_ajustes_bodega,pro_entradas_sv,pro_salidas_sv,pro_mermas_sv,pro_ajustes_sv,pro_activo,rec_numero,pro_unidad,pro_capacidad,pro_consumo_bodega,pro_consumo_sv,pro_estado,pro_funcion_plu,pro_flejes,pro_iva,pro_plu_asociado,pro_envase,pro_duracion,pro_numero_etiqueta) VALUES (780722059,@@@780722059@@@,@@@0@@@,@@@HAWAIANA VARIEDAD DE COLORES@@@,@@@HAWAIANA VARIEDA@@@,@@@1 @@@,@@@4 @@@,@@@1@@@,@@@24 @@@,@@@207@@@,@@@2507@@@,@@@0@@@,@@@0@@@,@@@1000@@@,@@@0@@@,@@@@@@,@@@2013.11.04@@@,@@@2013.11.04@@@,@@@0@@@,@@@6@@@,@@@2@@@,@@@0@@@,@@@0@@@,@@@0@@@,@@@0@@@,@@@0@@@,@@@0@@@,@@@0@@@,@@@0@@@,@@@1@@@,@@@0@@@,0,0,0,0,2,0,1,1,0,@@@NO@@@,0,0)','',2,'2013-11-04'),(86479,'DELETE FROM mae_impuestos_productos WHERE pro_codigo_plu=@@@780722059@@@','',2,'2013-11-04'),(86480,'UPDATE mae_productos SET pro_margen_actual=0,pro_precio_venta=1000 WHERE pro_codigo_plu=780722059','',2,'2013-11-04'),(86481,'UPDATE mae_productos SET pro_precio_fiscal=pro_precio_venta WHERE pro_codigo_plu=780722059','',2,'2013-11-04'),(86482,'INSERT INTO gne_vale_ferreteria (vfe_id,vfe_fecha,vfe_total,vfe_estado,vfe_entregado,usu_nusuario) VALUES (15779,@@@2013.11.04@@@,1000,1,0,@@@M_GUERRERO@@@)','',2,'2013-11-04'),(86483,'INSERT INTO gne_vale_ferreteria_mov (vfe_id,pro_codigo_plu,vfm_cantidad,vfm_unitario,vfm_total,vfm_entregado) VALUES (15779,780722059,1,1000,1000,@@@NO@@@)','',2,'2013-11-04'),(86484,'UPDATE mae_productos SET pro_precio_compra_bruto=74.97,pro_margen_actual=(pro_precio_venta-74.97)/74.97 * 100,pro_ultima_compra=@@@2013.11.04@@@,pro_ultimo_proveedor=@@@79984240-8@@@ WHERE pro_codigo_plu=19749','',2,'2013-11-04'),(86485,'INSERT INTO gne_vale_ferreteria (vfe_id,vfe_fecha,vfe_total,vfe_estado,vfe_entregado,usu_nusuario) VALUES (15780,@@@2013.11.04@@@,960,1,0,@@@M_GUERRERO@@@)','',2,'2013-11-04'),(86486,'INSERT INTO gne_vale_ferreteria_mov (vfe_id,pro_codigo_plu,vfm_cantidad,vfm_unitario,vfm_total,vfm_entregado) VALUES (15780,1064,8,120,960,@@@NO@@@)','',2,'2013-11-04'),(86487,'UPDATE mae_productos SET pro_precio_compra_bruto=452.2,pro_margen_actual=(pro_precio_venta-452.2)/452.2 * 100,pro_ultima_compra=@@@2013.11.04@@@,pro_ultimo_proveedor=@@@79984240-8@@@ WHERE pro_codigo_plu=111','',2,'2013-11-04'),(86488,'UPDATE mae_productos SET pro_precio_compra_bruto=1558.9,pro_margen_actual=(pro_precio_venta-1558.9)/1558.9 * 100,pro_ultima_compra=@@@2013.11.04@@@,pro_ultimo_proveedor=@@@79984240-8@@@ WHERE pro_codigo_plu=126','',2,'2013-11-04'),(86489,'UPDATE mae_productos SET pro_precio_compra_bruto=1190,pro_margen_actual=(pro_precio_venta-1190)/1190 * 100,pro_ultima_compra=@@@2013.11.04@@@,pro_ultimo_proveedor=@@@79984240-8@@@ WHERE pro_codigo_plu=102','',2,'2013-11-04'),(86490,'UPDATE mae_productos SET pro_precio_compra_bruto=2715.6,pro_margen_actual=(pro_precio_venta-2715.6)/2715.6 * 100,pro_ultima_compra=@@@2013.11.04@@@,pro_ultimo_proveedor=@@@79984240-8@@@ WHERE pro_codigo_plu=205','',2,'2013-11-04'),(86491,'UPDATE mae_productos SET pro_precio_compra_bruto=1130.5,pro_margen_actual=(pro_precio_venta-1130.5)/1130.5 * 100,pro_ultima_compra=@@@2013.11.04@@@,pro_ultimo_proveedor=@@@79984240-8@@@ WHERE pro_codigo_plu=110','',2,'2013-11-04'),(86492,'UPDATE mae_productos SET pro_precio_compra_bruto=1844.5,pro_margen_actual=(pro_precio_venta-1844.5)/1844.5 * 100,pro_ultima_compra=@@@2013.11.04@@@,pro_ultimo_proveedor=@@@79984240-8@@@ WHERE pro_codigo_plu=115','',2,'2013-11-04'),(86493,'UPDATE mae_productos SET pro_precio_compra_bruto=1285.2,pro_margen_actual=(pro_precio_venta-1285.2)/1285.2 * 100,pro_ultima_compra=@@@2013.11.04@@@,pro_ultimo_proveedor=@@@79984240-8@@@ WHERE pro_codigo_plu=128','',2,'2013-11-04'),(86494,'UPDATE mae_productos SET pro_precio_compra_bruto=452.18,pro_margen_actual=(pro_precio_venta-452.18)/452.18 * 100,pro_ultima_compra=@@@2013.11.04@@@,pro_ultimo_proveedor=@@@79984240-8@@@ WHERE pro_codigo_plu=105','',2,'2013-11-04'),(86495,'UPDATE mae_productos SET pro_precio_compra_bruto=2604,pro_margen_actual=(pro_precio_venta-2604)/2604 * 100,pro_ultima_compra=@@@2013.11.04@@@,pro_ultimo_proveedor=@@@79984240-8@@@ WHERE pro_codigo_plu=216','',2,'2013-11-04'),(86496,'INSERT INTO gne_vale_ferreteria (vfe_id,vfe_fecha,vfe_total,vfe_estado,vfe_entregado,usu_nusuario) VALUES (15781,@@@2013.11.04@@@,1150,1,0,@@@M_GUERRERO@@@)','',2,'2013-11-04'),(86497,'INSERT INTO gne_vale_ferreteria_mov (vfe_id,pro_codigo_plu,vfm_cantidad,vfm_unitario,vfm_total,vfm_entregado) VALUES (15781,764436,1,1150,1150,@@@NO@@@)','',2,'2013-11-04'),(86498,'INSERT INTO gne_vale_ferreteria (vfe_id,vfe_fecha,vfe_total,vfe_estado,vfe_entregado,usu_nusuario) VALUES (15782,@@@2013.11.04@@@,790,1,0,@@@M_GUERRERO@@@)','',2,'2013-11-04'),(86499,'INSERT INTO gne_vale_ferreteria_mov (vfe_id,pro_codigo_plu,vfm_cantidad,vfm_unitario,vfm_total,vfm_entregado) VALUES (15782,1071,1,790,790,@@@NO@@@)','',2,'2013-11-04'),(86500,'INSERT INTO gne_vale_ferreteria (vfe_id,vfe_fecha,vfe_total,vfe_estado,vfe_entregado,usu_nusuario) VALUES (15783,@@@2013.11.04@@@,1190,1,0,@@@M_GUERRERO@@@)','',2,'2013-11-04'),(86501,'INSERT INTO gne_vale_ferreteria_mov (vfe_id,pro_codigo_plu,vfm_cantidad,vfm_unitario,vfm_total,vfm_entregado) VALUES (15783,765043,1,1190,1190,@@@NO@@@)','',2,'2013-11-04'),(86502,'INSERT INTO gne_vale_ferreteria (vfe_id,vfe_fecha,vfe_total,vfe_estado,vfe_entregado,usu_nusuario) VALUES (15784,@@@2013.11.04@@@,120,1,0,@@@M_GUERRERO@@@)','',2,'2013-11-04'),(86503,'INSERT INTO gne_vale_ferreteria_mov (vfe_id,pro_codigo_plu,vfm_cantidad,vfm_unitario,vfm_total,vfm_entregado) VALUES (15784,78017059,1,120,120,@@@NO@@@)','',2,'2013-11-04'),(86504,'UPDATE mae_productos SET pro_precio_venta=830,pro_margen_actual= 31.96 WHERE pro_codigo_plu=780721298','',2,'2013-11-04'),(86505,'UPDATE mae_productos SET pro_precio_venta=690,pro_margen_actual= 52.59 WHERE pro_codigo_plu=105','',2,'2013-11-04'),(86506,'UPDATE mae_productos SET pro_precio_venta=2590,pro_margen_actual= 40.42 WHERE pro_codigo_plu=115','',2,'2013-11-04'),(86507,'UPDATE mae_productos SET pro_precio_venta=3990,pro_margen_actual= 53.23 WHERE pro_codigo_plu=216','',2,'2013-11-04'),(86508,'UPDATE mae_productos SET pro_precio_fiscal=pro_precio_venta WHERE pro_codigo_plu=105','',2,'2013-11-04'),(86509,'UPDATE mae_productos SET pro_precio_fiscal=pro_precio_venta WHERE pro_codigo_plu=115','',2,'2013-11-04'),(86510,'UPDATE mae_productos SET pro_precio_fiscal=pro_precio_venta WHERE pro_codigo_plu=216','',2,'2013-11-04'),(86511,'INSERT INTO mae_productos (pro_codigo_plu,pro_codigo_barra,pro_tipo,pro_nombre_producto,pro_nombre_corto,med_id,emb_id,pro_unidades_embalaje,dep_id,lin_id,mar_id,pro_precio_compra_neto,pro_precio_compra_bruto,pro_precio_venta,pro_margen_actual,pro_oferta,pro_fecha_inicio_oferta,pro_fecha_termino_oferta,pro_precio_oferta,pro_stock_minimo,pro_stock_critico,pro_entradas_bodega,pro_salidas_bodega,pro_mermas_bodega,pro_ajustes_bodega,pro_entradas_sv,pro_salidas_sv,pro_mermas_sv,pro_ajustes_sv,pro_activo,rec_numero,pro_unidad,pro_capacidad,pro_consumo_bodega,pro_consumo_sv,pro_estado,pro_funcion_plu,pro_flejes,pro_iva,pro_plu_asociado,pro_envase,pro_duracion,pro_numero_etiqueta) VALUES (212133,@@@7802215121333@@@,@@@0@@@,@@@CHOCOLATE CAREZZA MOUSE LIMON 150 GRS@@@,@@@CHOCOLATE CAREZZ@@@,@@@5 @@@,@@@6 @@@,@@@14@@@,@@@32 @@@,@@@161@@@,@@@1694@@@,@@@0@@@,@@@1097.77@@@,@@@1@@@,@@@-99.91@@@,@@@@@@,@@@2006.09.07@@@,@@@2006.09.07@@@,@@@0@@@,@@@14@@@,@@@7@@@,@@@0@@@,@@@0@@@,@@@0@@@,@@@0@@@,@@@0@@@,@@@0@@@,@@@0@@@,@@@0@@@,@@@1@@@,@@@0@@@,0,150,0,0,2,0,1,1,0,@@@NO@@@,0,0)','',2,'2013-11-04'),(86512,'DELETE FROM mae_impuestos_productos WHERE pro_codigo_plu=@@@212133@@@','',2,'2013-11-04'),(86513,'UPDATE mae_productos SET pro_precio_venta=1100,pro_margen_actual= 35.94 WHERE pro_codigo_plu=16638','',2,'2013-11-04'),(86514,'INSERT INTO mae_productos (pro_codigo_plu,pro_codigo_barra,pro_tipo,pro_nombre_producto,pro_nombre_corto,med_id,emb_id,pro_unidades_embalaje,dep_id,lin_id,mar_id,pro_precio_compra_neto,pro_precio_compra_bruto,pro_precio_venta,pro_margen_actual,pro_oferta,pro_fecha_inicio_oferta,pro_fecha_termino_oferta,pro_precio_oferta,pro_stock_minimo,pro_stock_critico,pro_entradas_bodega,pro_salidas_bodega,pro_mermas_bodega,pro_ajustes_bodega,pro_entradas_sv,pro_salidas_sv,pro_mermas_sv,pro_ajustes_sv,pro_activo,rec_numero,pro_unidad,pro_capacidad,pro_consumo_bodega,pro_consumo_sv,pro_estado,pro_funcion_plu,pro_flejes,pro_iva,pro_plu_asociado,pro_envase,pro_duracion,pro_numero_etiqueta) VALUES (212134,@@@7802215121340@@@,@@@0@@@,@@@CHOCOLATE CAREZZA CAPUCCINO 150 GRS@@@,@@@CHOCOLATE CAREZZ@@@,@@@5 @@@,@@@6 @@@,@@@14@@@,@@@32 @@@,@@@161@@@,@@@1694@@@,@@@0@@@,@@@1097.77@@@,@@@1@@@,@@@-99.91@@@,@@@@@@,@@@2006.09.07@@@,@@@2006.09.07@@@,@@@0@@@,@@@14@@@,@@@7@@@,@@@0@@@,@@@0@@@,@@@0@@@,@@@0@@@,@@@0@@@,@@@0@@@,@@@0@@@,@@@0@@@,@@@1@@@,@@@0@@@,0,150,0,0,2,0,1,1,0,@@@NO@@@,0,0)','',2,'2013-11-04'),(86515,'DELETE FROM mae_impuestos_productos WHERE pro_codigo_plu=@@@212134@@@','',2,'2013-11-04'),(86516,'INSERT INTO mae_productos (pro_codigo_plu,pro_codigo_barra,pro_tipo,pro_nombre_producto,pro_nombre_corto,med_id,emb_id,pro_unidades_embalaje,dep_id,lin_id,mar_id,pro_precio_compra_neto,pro_precio_compra_bruto,pro_precio_venta,pro_margen_actual,pro_oferta,pro_fecha_inicio_oferta,pro_fecha_termino_oferta,pro_precio_oferta,pro_stock_minimo,pro_stock_critico,pro_entradas_bodega,pro_salidas_bodega,pro_mermas_bodega,pro_ajustes_bodega,pro_entradas_sv,pro_salidas_sv,pro_mermas_sv,pro_ajustes_sv,pro_activo,rec_numero,pro_unidad,pro_capacidad,pro_consumo_bodega,pro_consumo_sv,pro_estado,pro_funcion_plu,pro_flejes,pro_iva,pro_plu_asociado,pro_envase,pro_duracion,pro_numero_etiqueta) VALUES (212467,@@@7802215124693@@@,@@@0@@@,@@@CHOCOLATE COSTA RAMA BLANCO 115 GR@@@,@@@CHOCOLATE COSTA @@@,@@@5 @@@,@@@6 @@@,@@@16@@@,@@@32 @@@,@@@161@@@,@@@1694@@@,@@@0@@@,@@@889.89@@@,@@@1@@@,@@@-99.89@@@,@@@@@@,@@@2006.09.07@@@,@@@2006.09.07@@@,@@@0@@@,@@@16@@@,@@@8@@@,@@@0@@@,@@@0@@@,@@@0@@@,@@@0@@@,@@@0@@@,@@@0@@@,@@@0@@@,@@@0@@@,@@@1@@@,@@@0@@@,0,115,0,0,2,0,1,1,0,@@@NO@@@,0,0)','',2,'2013-11-04'),(86517,'DELETE FROM mae_impuestos_productos WHERE pro_codigo_plu=@@@212467@@@','',2,'2013-11-04'),(86518,'INSERT INTO mae_productos (pro_codigo_plu,pro_codigo_barra,pro_tipo,pro_nombre_producto,pro_nombre_corto,med_id,emb_id,pro_unidades_embalaje,dep_id,lin_id,mar_id,pro_precio_compra_neto,pro_precio_compra_bruto,pro_precio_venta,pro_margen_actual,pro_oferta,pro_fecha_inicio_oferta,pro_fecha_termino_oferta,pro_precio_oferta,pro_stock_minimo,pro_stock_critico,pro_entradas_bodega,pro_salidas_bodega,pro_mermas_bodega,pro_ajustes_bodega,pro_entradas_sv,pro_salidas_sv,pro_mermas_sv,pro_ajustes_sv,pro_activo,rec_numero,pro_unidad,pro_capacidad,pro_consumo_bodega,pro_consumo_sv,pro_estado,pro_funcion_plu,pro_flejes,pro_iva,pro_plu_asociado,pro_envase,pro_duracion,pro_numero_etiqueta) VALUES (251642,@@@7802215516429@@@,@@@0@@@,@@@GALLETA MINI COLO COLO 30 GR@@@,@@@GALLETA MINI COL@@@,@@@5 @@@,@@@6 @@@,@@@30@@@,@@@32 @@@,@@@18@@@,@@@1694@@@,@@@0@@@,@@@89.012@@@,@@@1@@@,@@@-98.88@@@,@@@@@@,@@@2006.09.07@@@,@@@2006.09.07@@@,@@@0@@@,@@@30@@@,@@@15@@@,@@@0@@@,@@@0@@@,@@@0@@@,@@@0@@@,@@@0@@@,@@@0@@@,@@@0@@@,@@@0@@@,@@@1@@@,@@@0@@@,0,30,0,0,2,0,1,1,0,@@@NO@@@,0,0)','',2,'2013-11-04'),(86519,'DELETE FROM mae_impuestos_productos WHERE pro_codigo_plu=@@@251642@@@','',2,'2013-11-04'),(86520,'INSERT INTO mae_productos (pro_codigo_plu,pro_codigo_barra,pro_tipo,pro_nombre_producto,pro_nombre_corto,med_id,emb_id,pro_unidades_embalaje,dep_id,lin_id,mar_id,pro_precio_compra_neto,pro_precio_compra_bruto,pro_precio_venta,pro_margen_actual,pro_oferta,pro_fecha_inicio_oferta,pro_fecha_termino_oferta,pro_precio_oferta,pro_stock_minimo,pro_stock_critico,pro_entradas_bodega,pro_salidas_bodega,pro_mermas_bodega,pro_ajustes_bodega,pro_entradas_sv,pro_salidas_sv,pro_mermas_sv,pro_ajustes_sv,pro_activo,rec_numero,pro_unidad,pro_capacidad,pro_consumo_bodega,pro_consumo_sv,pro_estado,pro_funcion_plu,pro_flejes,pro_iva,pro_plu_asociado,pro_envase,pro_duracion,pro_numero_etiqueta) VALUES (251643,@@@7802215516436@@@,@@@0@@@,@@@GALLETA MINI U. DE CHILE 30 GRS@@@,@@@GALLETA MINI U. @@@,@@@5 @@@,@@@6 @@@,@@@30@@@,@@@32 @@@,@@@18@@@,@@@1694@@@,@@@0@@@,@@@89.012@@@,@@@1@@@,@@@-98.88@@@,@@@@@@,@@@2006.09.07@@@,@@@2006.09.07@@@,@@@0@@@,@@@30@@@,@@@15@@@,@@@0@@@,@@@0@@@,@@@0@@@,@@@0@@@,@@@0@@@,@@@0@@@,@@@0@@@,@@@0@@@,@@@1@@@,@@@0@@@,0,30,0,0,2,0,1,1,0,@@@NO@@@,0,0)','',2,'2013-11-04'),(86521,'DELETE FROM mae_impuestos_productos WHERE pro_codigo_plu=@@@251643@@@','',2,'2013-11-04'),(86522,'INSERT INTO mae_productos (pro_codigo_plu,pro_codigo_barra,pro_tipo,pro_nombre_producto,pro_nombre_corto,med_id,emb_id,pro_unidades_embalaje,dep_id,lin_id,mar_id,pro_precio_compra_neto,pro_precio_compra_bruto,pro_precio_venta,pro_margen_actual,pro_oferta,pro_fecha_inicio_oferta,pro_fecha_termino_oferta,pro_precio_oferta,pro_stock_minimo,pro_stock_critico,pro_entradas_bodega,pro_salidas_bodega,pro_mermas_bodega,pro_ajustes_bodega,pro_entradas_sv,pro_salidas_sv,pro_mermas_sv,pro_ajustes_sv,pro_activo,rec_numero,pro_unidad,pro_capacidad,pro_consumo_bodega,pro_consumo_sv,pro_estado,pro_funcion_plu,pro_flejes,pro_iva,pro_plu_asociado,pro_envase,pro_duracion,pro_numero_etiqueta) VALUES (311091,@@@7802200110922@@@,@@@0@@@,@@@JUMPS GOMITAS AMBROSOLI 30 GRS@@@,@@@JUMPS GOMITAS AM@@@,@@@5 @@@,@@@6 @@@,@@@18@@@,@@@32 @@@,@@@163@@@,@@@917@@@,@@@0@@@,@@@158.8@@@,@@@1@@@,@@@-99.37@@@,@@@@@@,@@@2006.09.07@@@,@@@2006.09.07@@@,@@@0@@@,@@@18@@@,@@@9@@@,@@@0@@@,@@@0@@@,@@@0@@@,@@@0@@@,@@@0@@@,@@@0@@@,@@@0@@@,@@@0@@@,@@@1@@@,@@@0@@@,0,30,0,0,2,0,1,1,0,@@@NO@@@,0,0)','',2,'2013-11-04'),(86523,'DELETE FROM mae_impuestos_productos WHERE pro_codigo_plu=@@@311091@@@','',2,'2013-11-04'),(86524,'UPDATE mae_productos SET pro_precio_compra_bruto=89.012,pro_margen_actual=(pro_precio_venta-89.012)/89.012 * 100,pro_ultima_compra=@@@2013.11.04@@@,pro_ultimo_proveedor=@@@76358020-2@@@ WHERE pro_codigo_plu=780721335','',2,'2013-11-04'),(86525,'UPDATE mae_productos SET pro_precio_compra_bruto=89.012,pro_margen_actual=(pro_precio_venta-89.012)/89.012 * 100,pro_ultima_compra=@@@2013.11.04@@@,pro_ultimo_proveedor=@@@76358020-2@@@ WHERE pro_codigo_plu=78017084','',2,'2013-11-04'),(86526,'UPDATE mae_productos SET pro_precio_compra_bruto=89.012,pro_margen_actual=(pro_precio_venta-89.012)/89.012 * 100,pro_ultima_compra=@@@2013.11.04@@@,pro_ultimo_proveedor=@@@76358020-2@@@ WHERE pro_codigo_plu=101894','',2,'2013-11-04'),(86527,'UPDATE mae_productos SET pro_precio_compra_bruto=89.012,pro_margen_actual=(pro_precio_venta-89.012)/89.012 * 100,pro_ultima_compra=@@@2013.11.04@@@,pro_ultimo_proveedor=@@@76358020-2@@@ WHERE pro_codigo_plu=101893','',2,'2013-11-04'),(86528,'UPDATE mae_productos SET pro_precio_compra_bruto=89.012,pro_margen_actual=(pro_precio_venta-89.012)/89.012 * 100,pro_ultima_compra=@@@2013.11.04@@@,pro_ultimo_proveedor=@@@76358020-2@@@ WHERE pro_codigo_plu=101821','',2,'2013-11-04'),(86529,'UPDATE mae_productos SET pro_precio_compra_bruto=89.012,pro_margen_actual=(pro_precio_venta-89.012)/89.012 * 100,pro_ultima_compra=@@@2013.11.04@@@,pro_ultimo_proveedor=@@@76358020-2@@@ WHERE pro_codigo_plu=101895','',2,'2013-11-04'),(86530,'UPDATE mae_productos SET pro_precio_compra_bruto=89.012,pro_margen_actual=(pro_precio_venta-89.012)/89.012 * 100,pro_ultima_compra=@@@2013.11.04@@@,pro_ultimo_proveedor=@@@76358020-2@@@ WHERE pro_codigo_plu=101897','',2,'2013-11-04'),(86531,'UPDATE mae_productos SET pro_precio_compra_bruto=89.012,pro_margen_actual=(pro_precio_venta-89.012)/89.012 * 100,pro_ultima_compra=@@@2013.11.04@@@,pro_ultimo_proveedor=@@@76358020-2@@@ WHERE pro_codigo_plu=12296','',2,'2013-11-04'),(86532,'UPDATE mae_productos SET pro_precio_compra_bruto=89.012,pro_margen_actual=(pro_precio_venta-89.012)/89.012 * 100,pro_ultima_compra=@@@2013.11.04@@@,pro_ultimo_proveedor=@@@76358020-2@@@ WHERE pro_codigo_plu=780721336','',2,'2013-11-04'),(86533,'UPDATE mae_productos SET pro_precio_compra_bruto=89.012,pro_margen_actual=(pro_precio_venta-89.012)/89.012 * 100,pro_ultima_compra=@@@2013.11.04@@@,pro_ultimo_proveedor=@@@76358020-2@@@ WHERE pro_codigo_plu=780721868','',2,'2013-11-04'),(86534,'UPDATE mae_productos SET pro_precio_compra_bruto=89.012,pro_margen_actual=(pro_precio_venta-89.012)/89.012 * 100,pro_ultima_compra=@@@2013.11.04@@@,pro_ultimo_proveedor=@@@76358020-2@@@ WHERE pro_codigo_plu=251642','',2,'2013-11-04'),(86535,'UPDATE mae_productos SET pro_precio_compra_bruto=89.012,pro_margen_actual=(pro_precio_venta-89.012)/89.012 * 100,pro_ultima_compra=@@@2013.11.04@@@,pro_ultimo_proveedor=@@@76358020-2@@@ WHERE pro_codigo_plu=251643','',2,'2013-11-04'),(86536,'UPDATE mae_productos SET pro_precio_compra_bruto=233.2,pro_margen_actual=(pro_precio_venta-233.2)/233.2 * 100,pro_ultima_compra=@@@2013.11.04@@@,pro_ultimo_proveedor=@@@76358020-2@@@ WHERE pro_codigo_plu=11961','',2,'2013-11-04'),(86537,'UPDATE mae_productos SET pro_precio_compra_bruto=233.2,pro_margen_actual=(pro_precio_venta-233.2)/233.2 * 100,pro_ultima_compra=@@@2013.11.04@@@,pro_ultimo_proveedor=@@@76358020-2@@@ WHERE pro_codigo_plu=11962','',2,'2013-11-04'),(86538,'UPDATE mae_productos SET pro_precio_compra_bruto=233.2,pro_margen_actual=(pro_precio_venta-233.2)/233.2 * 100,pro_ultima_compra=@@@2013.11.04@@@,pro_ultimo_proveedor=@@@76358020-2@@@ WHERE pro_codigo_plu=11963','',2,'2013-11-04'),(86539,'UPDATE mae_productos SET pro_precio_compra_bruto=158.8,pro_margen_actual=(pro_precio_venta-158.8)/158.8 * 100,pro_ultima_compra=@@@2013.11.04@@@,pro_ultimo_proveedor=@@@76358020-2@@@ WHERE pro_codigo_plu=311091','',2,'2013-11-04'),(86540,'UPDATE mae_productos SET pro_precio_compra_bruto=100.4,pro_margen_actual=(pro_precio_venta-100.4)/100.4 * 100,pro_ultima_compra=@@@2013.11.04@@@,pro_ultimo_proveedor=@@@76358020-2@@@ WHERE pro_codigo_plu=763217','',2,'2013-11-04'),(86541,'UPDATE mae_productos SET pro_precio_compra_bruto=945.058,pro_margen_actual=(pro_precio_venta-945.058)/945.058 * 100,pro_ultima_compra=@@@2013.11.04@@@,pro_ultimo_proveedor=@@@76358020-2@@@ WHERE pro_codigo_plu=102270','',2,'2013-11-04'),(86542,'UPDATE mae_productos SET pro_precio_compra_bruto=790.14,pro_margen_actual=(pro_precio_venta-790.14)/790.14 * 100,pro_ultima_compra=@@@2013.11.04@@@,pro_ultimo_proveedor=@@@76358020-2@@@ WHERE pro_codigo_plu=764873','',2,'2013-11-04'),(86543,'UPDATE mae_productos SET pro_precio_compra_bruto=100.4,pro_margen_actual=(pro_precio_venta-100.4)/100.4 * 100,pro_ultima_compra=@@@2013.11.04@@@,pro_ultimo_proveedor=@@@76358020-2@@@ WHERE pro_codigo_plu=763216','',2,'2013-11-04'),(86544,'UPDATE mae_productos SET pro_precio_compra_bruto=100.4,pro_margen_actual=(pro_precio_venta-100.4)/100.4 * 100,pro_ultima_compra=@@@2013.11.04@@@,pro_ultimo_proveedor=@@@76358020-2@@@ WHERE pro_codigo_plu=780721642','',2,'2013-11-04'),(86545,'UPDATE mae_productos SET pro_precio_compra_bruto=89.04,pro_margen_actual=(pro_precio_venta-89.04)/89.04 * 100,pro_ultima_compra=@@@2013.11.04@@@,pro_ultimo_proveedor=@@@76358020-2@@@ WHERE pro_codigo_plu=18806','',2,'2013-11-04'),(86546,'UPDATE mae_productos SET pro_precio_compra_bruto=89.04,pro_margen_actual=(pro_precio_venta-89.04)/89.04 * 100,pro_ultima_compra=@@@2013.11.04@@@,pro_ultimo_proveedor=@@@76358020-2@@@ WHERE pro_codigo_plu=764874','',2,'2013-11-04'),(86547,'UPDATE mae_productos SET pro_precio_compra_bruto=89.04,pro_margen_actual=(pro_precio_venta-89.04)/89.04 * 100,pro_ultima_compra=@@@2013.11.04@@@,pro_ultimo_proveedor=@@@76358020-2@@@ WHERE pro_codigo_plu=762877','',2,'2013-11-04'),(86548,'UPDATE mae_productos SET pro_precio_compra_bruto=89.04,pro_margen_actual=(pro_precio_venta-89.04)/89.04 * 100,pro_ultima_compra=@@@2013.11.04@@@,pro_ultimo_proveedor=@@@76358020-2@@@ WHERE pro_codigo_plu=762879','',2,'2013-11-04'),(86549,'UPDATE mae_productos SET pro_precio_compra_bruto=89.04,pro_margen_actual=(pro_precio_venta-89.04)/89.04 * 100,pro_ultima_compra=@@@2013.11.04@@@,pro_ultimo_proveedor=@@@76358020-2@@@ WHERE pro_codigo_plu=762873','',2,'2013-11-04'),(86550,'UPDATE mae_productos SET pro_precio_compra_bruto=89.04,pro_margen_actual=(pro_precio_venta-89.04)/89.04 * 100,pro_ultima_compra=@@@2013.11.04@@@,pro_ultimo_proveedor=@@@76358020-2@@@ WHERE pro_codigo_plu=762918','',2,'2013-11-04'),(86551,'UPDATE mae_productos SET pro_precio_compra_bruto=89.04,pro_margen_actual=(pro_precio_venta-89.04)/89.04 * 100,pro_ultima_compra=@@@2013.11.04@@@,pro_ultimo_proveedor=@@@76358020-2@@@ WHERE pro_codigo_plu=762876','',2,'2013-11-04'),(86552,'UPDATE mae_productos SET pro_precio_compra_bruto=89.04,pro_margen_actual=(pro_precio_venta-89.04)/89.04 * 100,pro_ultima_compra=@@@2013.11.04@@@,pro_ultimo_proveedor=@@@76358020-2@@@ WHERE pro_codigo_plu=762885','',2,'2013-11-04'),(86553,'UPDATE mae_productos SET pro_precio_compra_bruto=89.04,pro_margen_actual=(pro_precio_venta-89.04)/89.04 * 100,pro_ultima_compra=@@@2013.11.04@@@,pro_ultimo_proveedor=@@@76358020-2@@@ WHERE pro_codigo_plu=763423','',2,'2013-11-04'),(86554,'UPDATE mae_productos SET pro_precio_compra_bruto=379.55,pro_margen_actual=(pro_precio_venta-379.55)/379.55 * 100,pro_ultima_compra=@@@2013.11.04@@@,pro_ultimo_proveedor=@@@76358020-2@@@ WHERE pro_codigo_plu=9130','',2,'2013-11-04'),(86555,'UPDATE mae_productos SET pro_precio_compra_bruto=687.52,pro_margen_actual=(pro_precio_venta-687.52)/687.52 * 100,pro_ultima_compra=@@@2013.11.04@@@,pro_ultimo_proveedor=@@@76358020-2@@@ WHERE pro_codigo_plu=10109','',2,'2013-11-04'),(86556,'UPDATE mae_productos SET pro_precio_compra_bruto=1097.77,pro_margen_actual=(pro_precio_venta-1097.77)/1097.77 * 100,pro_ultima_compra=@@@2013.11.04@@@,pro_ultimo_proveedor=@@@76358020-2@@@ WHERE pro_codigo_plu=780721605','',2,'2013-11-04'),(86557,'UPDATE mae_productos SET pro_precio_compra_bruto=1097.77,pro_margen_actual=(pro_precio_venta-1097.77)/1097.77 * 100,pro_ultima_compra=@@@2013.11.04@@@,pro_ultimo_proveedor=@@@76358020-2@@@ WHERE pro_codigo_plu=212133','',2,'2013-11-04'),(86558,'UPDATE mae_productos SET pro_precio_compra_bruto=1097.77,pro_margen_actual=(pro_precio_venta-1097.77)/1097.77 * 100,pro_ultima_compra=@@@2013.11.04@@@,pro_ultimo_proveedor=@@@76358020-2@@@ WHERE pro_codigo_plu=212134','',2,'2013-11-04'),(86559,'UPDATE mae_productos SET pro_precio_compra_bruto=423.88,pro_margen_actual=(pro_precio_venta-423.88)/423.88 * 100,pro_ultima_compra=@@@2013.11.04@@@,pro_ultimo_proveedor=@@@76358020-2@@@ WHERE pro_codigo_plu=762142','',2,'2013-11-04'),(86560,'UPDATE mae_productos SET pro_precio_compra_bruto=423.88,pro_margen_actual=(pro_precio_venta-423.88)/423.88 * 100,pro_ultima_compra=@@@2013.11.04@@@,pro_ultimo_proveedor=@@@76358020-2@@@ WHERE pro_codigo_plu=762005','',2,'2013-11-04'),(86561,'UPDATE mae_productos SET pro_precio_compra_bruto=423.88,pro_margen_actual=(pro_precio_venta-423.88)/423.88 * 100,pro_ultima_compra=@@@2013.11.04@@@,pro_ultimo_proveedor=@@@76358020-2@@@ WHERE pro_codigo_plu=762003','',2,'2013-11-04'),(86562,'UPDATE mae_productos SET pro_precio_compra_bruto=292.07,pro_margen_actual=(pro_precio_venta-292.07)/292.07 * 100,pro_ultima_compra=@@@2013.11.04@@@,pro_ultimo_proveedor=@@@76358020-2@@@ WHERE pro_codigo_plu=763297','',2,'2013-11-04'),(86563,'UPDATE mae_productos SET pro_precio_compra_bruto=292.07,pro_margen_actual=(pro_precio_venta-292.07)/292.07 * 100,pro_ultima_compra=@@@2013.11.04@@@,pro_ultimo_proveedor=@@@76358020-2@@@ WHERE pro_codigo_plu=763290','',2,'2013-11-04'),(86564,'UPDATE mae_productos SET pro_precio_compra_bruto=423.88,pro_margen_actual=(pro_precio_venta-423.88)/423.88 * 100,pro_ultima_compra=@@@2013.11.04@@@,pro_ultimo_proveedor=@@@76358020-2@@@ WHERE pro_codigo_plu=12300','',2,'2013-11-04'),(86565,'UPDATE mae_productos SET pro_precio_compra_bruto=423.88,pro_margen_actual=(pro_precio_venta-423.88)/423.88 * 100,pro_ultima_compra=@@@2013.11.04@@@,pro_ultimo_proveedor=@@@76358020-2@@@ WHERE pro_codigo_plu=12301','',2,'2013-11-04'),(86566,'UPDATE mae_productos SET pro_precio_compra_bruto=89.01,pro_margen_actual=(pro_precio_venta-89.01)/89.01 * 100,pro_ultima_compra=@@@2013.11.04@@@,pro_ultimo_proveedor=@@@76358020-2@@@ WHERE pro_codigo_plu=100327','',2,'2013-11-04'),(86567,'UPDATE mae_productos SET pro_precio_compra_bruto=89.01,pro_margen_actual=(pro_precio_venta-89.01)/89.01 * 100,pro_ultima_compra=@@@2013.11.04@@@,pro_ultimo_proveedor=@@@76358020-2@@@ WHERE pro_codigo_plu=12869','',2,'2013-11-04'),(86568,'UPDATE mae_productos SET pro_precio_compra_bruto=89.01,pro_margen_actual=(pro_precio_venta-89.01)/89.01 * 100,pro_ultima_compra=@@@2013.11.04@@@,pro_ultimo_proveedor=@@@76358020-2@@@ WHERE pro_codigo_plu=770217407','',2,'2013-11-04'),(86569,'UPDATE mae_productos SET pro_precio_compra_bruto=64.71,pro_margen_actual=(pro_precio_venta-64.71)/64.71 * 100,pro_ultima_compra=@@@2013.11.04@@@,pro_ultimo_proveedor=@@@76358020-2@@@ WHERE pro_codigo_plu=764875','',2,'2013-11-04'),(86570,'UPDATE mae_productos SET pro_precio_compra_bruto=889.84,pro_margen_actual=(pro_precio_venta-889.84)/889.84 * 100,pro_ultima_compra=@@@2013.11.04@@@,pro_ultimo_proveedor=@@@76358020-2@@@ WHERE pro_codigo_plu=762922','',2,'2013-11-04'),(86571,'UPDATE mae_productos SET pro_precio_compra_bruto=467.28,pro_margen_actual=(pro_precio_venta-467.28)/467.28 * 100,pro_ultima_compra=@@@2013.11.04@@@,pro_ultimo_proveedor=@@@76358020-2@@@ WHERE pro_codigo_plu=11040','',2,'2013-11-04'),(86572,'UPDATE mae_productos SET pro_precio_compra_bruto=467.28,pro_margen_actual=(pro_precio_venta-467.28)/467.28 * 100,pro_ultima_compra=@@@2013.11.04@@@,pro_ultimo_proveedor=@@@76358020-2@@@ WHERE pro_codigo_plu=11045','',2,'2013-11-04'),(86573,'UPDATE mae_productos SET pro_precio_compra_bruto=936.45,pro_margen_actual=(pro_precio_venta-936.45)/936.45 * 100,pro_ultima_compra=@@@2013.11.04@@@,pro_ultimo_proveedor=@@@76358020-2@@@ WHERE pro_codigo_plu=780721844','',2,'2013-11-04'),(86574,'UPDATE mae_productos SET pro_precio_compra_bruto=889.89,pro_margen_actual=(pro_precio_venta-889.89)/889.89 * 100,pro_ultima_compra=@@@2013.11.04@@@,pro_ultimo_proveedor=@@@76358020-2@@@ WHERE pro_codigo_plu=212467','',2,'2013-11-04'),(86575,'UPDATE mae_productos SET pro_precio_compra_bruto=1682.95,pro_margen_actual=(pro_precio_venta-1682.95)/1682.95 * 100,pro_ultima_compra=@@@2013.11.04@@@,pro_ultimo_proveedor=@@@76358020-2@@@ WHERE pro_codigo_plu=12557','',2,'2013-11-04'),(86576,'UPDATE mae_productos SET pro_precio_compra_bruto=473.91,pro_margen_actual=(pro_precio_venta-473.91)/473.91 * 100,pro_ultima_compra=@@@2013.11.04@@@,pro_ultimo_proveedor=@@@76358020-2@@@ WHERE pro_codigo_plu=11999','',2,'2013-11-04'),(86577,'UPDATE mae_productos SET pro_precio_compra_bruto=473.9,pro_margen_actual=(pro_precio_venta-473.9)/473.9 * 100,pro_ultima_compra=@@@2013.11.04@@@,pro_ultimo_proveedor=@@@76358020-2@@@ WHERE pro_codigo_plu=12156','',2,'2013-11-04'),(86578,'UPDATE mae_productos SET pro_precio_compra_bruto=473.9,pro_margen_actual=(pro_precio_venta-473.9)/473.9 * 100,pro_ultima_compra=@@@2013.11.04@@@,pro_ultimo_proveedor=@@@76358020-2@@@ WHERE pro_codigo_plu=12259','',2,'2013-11-04'),(86579,'INSERT INTO gne_vale_ferreteria (vfe_id,vfe_fecha,vfe_total,vfe_estado,vfe_entregado,usu_nusuario) VALUES (15785,@@@2013.11.04@@@,480,1,0,@@@M_GUERRERO@@@)','',2,'2013-11-04'),(86580,'INSERT INTO gne_vale_ferreteria_mov (vfe_id,pro_codigo_plu,vfm_cantidad,vfm_unitario,vfm_total,vfm_entregado) VALUES (15785,761334,4,120,480,@@@NO@@@)','',2,'2013-11-04'),(86581,'INSERT INTO gne_vale_ferreteria (vfe_id,vfe_fecha,vfe_total,vfe_estado,vfe_entregado,usu_nusuario) VALUES (15786,@@@2013.11.04@@@,30,1,0,@@@M_GUERRERO@@@)','',2,'2013-11-04'),(86582,'INSERT INTO gne_vale_ferreteria_mov (vfe_id,pro_codigo_plu,vfm_cantidad,vfm_unitario,vfm_total,vfm_entregado) VALUES (15786,1541,1,30,30,@@@NO@@@)','',2,'2013-11-04'),(86583,'UPDATE mae_productos SET pro_margen_actual=-99.91,pro_precio_venta=1 WHERE pro_codigo_plu=212134','',2,'2013-11-04'),(86584,'UPDATE mae_productos SET pro_margen_actual=-99.91,pro_precio_venta=1 WHERE pro_codigo_plu=212133','',2,'2013-11-04'),(86585,'UPDATE mae_productos SET pro_margen_actual=-99.89,pro_precio_venta=1 WHERE pro_codigo_plu=212467','',2,'2013-11-04'),(86586,'UPDATE mae_productos SET pro_margen_actual=-98.88,pro_precio_venta=1 WHERE pro_codigo_plu=251642','',2,'2013-11-04'),(86587,'UPDATE mae_productos SET pro_margen_actual=-98.88,pro_precio_venta=1 WHERE pro_codigo_plu=251643','',2,'2013-11-04'),(86588,'UPDATE mae_productos SET pro_margen_actual=-99.37,pro_precio_venta=1 WHERE pro_codigo_plu=311091','',2,'2013-11-04'),(86589,'UPDATE mae_productos SET pro_margen_actual=31.96,pro_precio_venta=830 WHERE pro_codigo_plu=780721298','',2,'2013-11-04'),(86590,'UPDATE mae_productos SET pro_margen_actual=35.94,pro_precio_venta=1100 WHERE pro_codigo_plu=16638','',2,'2013-11-04'),(86591,'UPDATE mae_productos SET pro_margen_actual=0,pro_precio_venta=790 WHERE pro_codigo_plu=763461','',2,'2013-11-04'),(86592,'UPDATE mae_productos SET pro_precio_fiscal=pro_precio_venta WHERE pro_codigo_plu=763461','',2,'2013-11-04'),(86593,'UPDATE mae_productos SET pro_precio_venta=220,pro_margen_actual= 38.54 WHERE pro_codigo_plu=311091','',2,'2013-11-04'),(86594,'UPDATE mae_productos SET pro_precio_venta=130,pro_margen_actual= 46.05 WHERE pro_codigo_plu=101897','',2,'2013-11-04'),(86595,'UPDATE mae_productos SET pro_precio_venta=130,pro_margen_actual= 46.05 WHERE pro_codigo_plu=251642','',2,'2013-11-04'),(86596,'UPDATE mae_productos SET pro_precio_venta=130,pro_margen_actual= 46.05 WHERE pro_codigo_plu=251643','',2,'2013-11-04'),(86597,'UPDATE mae_productos SET pro_precio_venta=499,pro_margen_actual= 31.47 WHERE pro_codigo_plu=9130','',2,'2013-11-04'),(86598,'UPDATE mae_productos SET pro_precio_venta=1490,pro_margen_actual= 35.73 WHERE pro_codigo_plu=212133','',2,'2013-11-04'),(86599,'UPDATE mae_productos SET pro_precio_venta=1490,pro_margen_actual= 35.73 WHERE pro_codigo_plu=212134','',2,'2013-11-04'),(86600,'UPDATE mae_productos SET pro_precio_venta=1490,pro_margen_actual= 35.73 WHERE pro_codigo_plu=780721605','',2,'2013-11-04'),(86601,'UPDATE mae_productos SET pro_precio_venta=560,pro_margen_actual= 32.11 WHERE pro_codigo_plu=762142','',2,'2013-11-04'),(86602,'UPDATE mae_productos SET pro_precio_venta=560,pro_margen_actual= 32.11 WHERE pro_codigo_plu=762005','',2,'2013-11-04'),(86603,'UPDATE mae_productos SET pro_precio_venta=899,pro_margen_actual= 30.76 WHERE pro_codigo_plu=10109','',2,'2013-11-04'),(86604,'INSERT INTO gne_vale_ferreteria (vfe_id,vfe_fecha,vfe_total,vfe_estado,vfe_entregado,usu_nusuario) VALUES (15787,@@@2013.11.04@@@,690,1,0,@@@G_DIAZ@@@)','',2,'2013-11-04'),(86605,'INSERT INTO gne_vale_ferreteria_mov (vfe_id,pro_codigo_plu,vfm_cantidad,vfm_unitario,vfm_total,vfm_entregado) VALUES (15787,764830,1,690,690,@@@NO@@@)','',2,'2013-11-04'),(86606,'UPDATE mae_productos SET pro_precio_venta=1290,pro_margen_actual= 37.75 WHERE pro_codigo_plu=780721844','',2,'2013-11-04'),(86607,'UPDATE mae_productos SET pro_precio_venta=2190,pro_margen_actual= 30.13 WHERE pro_codigo_plu=12557','',2,'2013-11-04'),(86608,'UPDATE mae_productos SET pro_precio_venta=1190,pro_margen_actual= 33.72 WHERE pro_codigo_plu=212467','',2,'2013-11-04'),(86609,'UPDATE mae_productos SET pro_precio_venta=620,pro_margen_actual= 30.83 WHERE pro_codigo_plu=12259','',2,'2013-11-04'),(86610,'UPDATE mae_productos SET pro_precio_venta=560,pro_margen_actual= 32.11 WHERE pro_codigo_plu=12300','',2,'2013-11-04'),(86611,'UPDATE mae_productos SET pro_precio_venta=560,pro_margen_actual= 32.11 WHERE pro_codigo_plu=762003','',2,'2013-11-04'),(86612,'UPDATE mae_productos SET pro_precio_venta=380,pro_margen_actual= 30.11 WHERE pro_codigo_plu=763290','',2,'2013-11-04'),(86613,'UPDATE mae_productos SET pro_precio_venta=380,pro_margen_actual= 30.11 WHERE pro_codigo_plu=763297','',2,'2013-11-04'),(86614,'UPDATE mae_productos SET pro_precio_venta=560,pro_margen_actual= 32.11 WHERE pro_codigo_plu=12301','',2,'2013-11-04'),(86615,'INSERT INTO gne_vale_ferreteria (vfe_id,vfe_fecha,vfe_total,vfe_estado,vfe_entregado,usu_nusuario) VALUES (15788,@@@2013.11.04@@@,2490,1,0,@@@G_DIAZ@@@)','',2,'2013-11-04'),(86616,'INSERT INTO gne_vale_ferreteria_mov (vfe_id,pro_codigo_plu,vfm_cantidad,vfm_unitario,vfm_total,vfm_entregado) VALUES (15788,101384,1,2490,2490,@@@NO@@@)','',2,'2013-11-04'),(86617,'INSERT INTO gne_vale_ferreteria (vfe_id,vfe_fecha,vfe_total,vfe_estado,vfe_entregado,usu_nusuario) VALUES (15789,@@@2013.11.04@@@,780,1,0,@@@G_DIAZ@@@)','',2,'2013-11-04'),(86618,'INSERT INTO gne_vale_ferreteria_mov (vfe_id,pro_codigo_plu,vfm_cantidad,vfm_unitario,vfm_total,vfm_entregado) VALUES (15789,780721358,2,390,780,@@@NO@@@)','',2,'2013-11-04'),(86619,'INSERT INTO gne_vale_ferreteria (vfe_id,vfe_fecha,vfe_total,vfe_estado,vfe_entregado,usu_nusuario) VALUES (15790,@@@2013.11.04@@@,1440,1,0,@@@G_DIAZ@@@)','',2,'2013-11-04'),(86620,'INSERT INTO gne_vale_ferreteria_mov (vfe_id,pro_codigo_plu,vfm_cantidad,vfm_unitario,vfm_total,vfm_entregado) VALUES (15790,19866,2,720,1440,@@@NO@@@)','',2,'2013-11-04'),(86621,'INSERT INTO gne_vale_ferreteria (vfe_id,vfe_fecha,vfe_total,vfe_estado,vfe_entregado,usu_nusuario) VALUES (15791,@@@2013.11.04@@@,150,1,0,@@@G_DIAZ@@@)','',2,'2013-11-04'),(86622,'INSERT INTO gne_vale_ferreteria_mov (vfe_id,pro_codigo_plu,vfm_cantidad,vfm_unitario,vfm_total,vfm_entregado) VALUES (15791,4088,1,150,150,@@@NO@@@)','',2,'2013-11-04'),(86623,'INSERT INTO gne_vale_ferreteria (vfe_id,vfe_fecha,vfe_total,vfe_estado,vfe_entregado,usu_nusuario) VALUES (15792,@@@2013.11.04@@@,1890,1,0,@@@G_DIAZ@@@)','',2,'2013-11-04'),(86624,'INSERT INTO gne_vale_ferreteria_mov (vfe_id,pro_codigo_plu,vfm_cantidad,vfm_unitario,vfm_total,vfm_entregado) VALUES (15792,780721332,1,1890,1890,@@@NO@@@)','',2,'2013-11-04'),(86625,'INSERT INTO gne_vale_ferreteria (vfe_id,vfe_fecha,vfe_total,vfe_estado,vfe_entregado,usu_nusuario) VALUES (15793,@@@2013.11.04@@@,1890,1,0,@@@G_DIAZ@@@)','',2,'2013-11-04'),(86626,'INSERT INTO gne_vale_ferreteria_mov (vfe_id,pro_codigo_plu,vfm_cantidad,vfm_unitario,vfm_total,vfm_entregado) VALUES (15793,102627,1,1890,1890,@@@NO@@@)','',2,'2013-11-04'),(86627,'INSERT INTO gne_vale_ferreteria (vfe_id,vfe_fecha,vfe_total,vfe_estado,vfe_entregado,usu_nusuario) VALUES (15794,@@@2013.11.04@@@,370,1,0,@@@G_DIAZ@@@)','',2,'2013-11-04'),(86628,'INSERT INTO gne_vale_ferreteria_mov (vfe_id,pro_codigo_plu,vfm_cantidad,vfm_unitario,vfm_total,vfm_entregado) VALUES (15794,4124,1,370,370,@@@NO@@@)','',2,'2013-11-04'),(86629,'INSERT INTO gne_vale_ferreteria (vfe_id,vfe_fecha,vfe_total,vfe_estado,vfe_entregado,usu_nusuario) VALUES (15795,@@@2013.11.04@@@,1290,1,0,@@@G_DIAZ@@@)','',2,'2013-11-04'),(86630,'INSERT INTO gne_vale_ferreteria_mov (vfe_id,pro_codigo_plu,vfm_cantidad,vfm_unitario,vfm_total,vfm_entregado) VALUES (15795,19856,1,920,920,@@@NO@@@)','',2,'2013-11-04'),(86631,'INSERT INTO gne_vale_ferreteria_mov (vfe_id,pro_codigo_plu,vfm_cantidad,vfm_unitario,vfm_total,vfm_entregado) VALUES (15795,102408,1,370,370,@@@NO@@@)','',2,'2013-11-04'),(86632,'INSERT INTO gne_vale_ferreteria (vfe_id,vfe_fecha,vfe_total,vfe_estado,vfe_entregado,usu_nusuario) VALUES (15796,@@@2013.11.04@@@,590,1,0,@@@G_DIAZ@@@)','',2,'2013-11-04'),(86633,'INSERT INTO gne_vale_ferreteria_mov (vfe_id,pro_codigo_plu,vfm_cantidad,vfm_unitario,vfm_total,vfm_entregado) VALUES (15796,780721487,1,590,590,@@@NO@@@)','',2,'2013-11-04'),(86634,'INSERT INTO gne_vale_ferreteria (vfe_id,vfe_fecha,vfe_total,vfe_estado,vfe_entregado,usu_nusuario) VALUES (15797,@@@2013.11.04@@@,910,1,0,@@@G_DIAZ@@@)','',2,'2013-11-04'),(86635,'INSERT INTO gne_vale_ferreteria_mov (vfe_id,pro_codigo_plu,vfm_cantidad,vfm_unitario,vfm_total,vfm_entregado) VALUES (15797,763624,1,750,750,@@@NO@@@)','',2,'2013-11-04'),(86636,'INSERT INTO gne_vale_ferreteria_mov (vfe_id,pro_codigo_plu,vfm_cantidad,vfm_unitario,vfm_total,vfm_entregado) VALUES (15797,16421,1,160,160,@@@NO@@@)','',2,'2013-11-04'),(86637,'INSERT INTO gne_vale_ferreteria (vfe_id,vfe_fecha,vfe_total,vfe_estado,vfe_entregado,usu_nusuario) VALUES (15798,@@@2013.11.04@@@,1860,1,0,@@@G_DIAZ@@@)','',2,'2013-11-04'),(86638,'INSERT INTO gne_vale_ferreteria_mov (vfe_id,pro_codigo_plu,vfm_cantidad,vfm_unitario,vfm_total,vfm_entregado) VALUES (15798,780721476,1,890,890,@@@NO@@@)','',2,'2013-11-04'),(86639,'INSERT INTO gne_vale_ferreteria_mov (vfe_id,pro_codigo_plu,vfm_cantidad,vfm_unitario,vfm_total,vfm_entregado) VALUES (15798,761997,1,740,740,@@@NO@@@)','',2,'2013-11-04'),(86640,'INSERT INTO gne_vale_ferreteria_mov (vfe_id,pro_codigo_plu,vfm_cantidad,vfm_unitario,vfm_total,vfm_entregado) VALUES (15798,763783,1,230,230,@@@NO@@@)','',2,'2013-11-04'),(86641,'INSERT INTO gne_vale_ferreteria (vfe_id,vfe_fecha,vfe_total,vfe_estado,vfe_entregado,usu_nusuario) VALUES (15799,@@@2013.11.04@@@,360,1,0,@@@G_DIAZ@@@)','',2,'2013-11-04'),(86642,'INSERT INTO gne_vale_ferreteria_mov (vfe_id,pro_codigo_plu,vfm_cantidad,vfm_unitario,vfm_total,vfm_entregado) VALUES (15799,78016974,2,180,360,@@@NO@@@)','',2,'2013-11-04'),(86643,'INSERT INTO gne_vale_ferreteria (vfe_id,vfe_fecha,vfe_total,vfe_estado,vfe_entregado,usu_nusuario) VALUES (15800,@@@2013.11.04@@@,220,1,0,@@@G_DIAZ@@@)','',2,'2013-11-04'),(86644,'INSERT INTO gne_vale_ferreteria_mov (vfe_id,pro_codigo_plu,vfm_cantidad,vfm_unitario,vfm_total,vfm_entregado) VALUES (15800,21130,1,220,220,@@@NO@@@)','',2,'2013-11-04'),(86645,'INSERT INTO gne_vale_ferreteria (vfe_id,vfe_fecha,vfe_total,vfe_estado,vfe_entregado,usu_nusuario) VALUES (15801,@@@2013.11.04@@@,495,1,0,@@@G_DIAZ@@@)','',2,'2013-11-04'),(86646,'INSERT INTO gne_vale_ferreteria_mov (vfe_id,pro_codigo_plu,vfm_cantidad,vfm_unitario,vfm_total,vfm_entregado) VALUES (15801,21117,1,495,495,@@@NO@@@)','',2,'2013-11-04'),(86647,'INSERT INTO gne_vale_ferreteria (vfe_id,vfe_fecha,vfe_total,vfe_estado,vfe_entregado,usu_nusuario) VALUES (15802,@@@2013.11.04@@@,400,1,0,@@@G_DIAZ@@@)','',2,'2013-11-04'),(86648,'INSERT INTO gne_vale_ferreteria_mov (vfe_id,pro_codigo_plu,vfm_cantidad,vfm_unitario,vfm_total,vfm_entregado) VALUES (15802,21130,1,220,220,@@@NO@@@)','',2,'2013-11-04'),(86649,'INSERT INTO gne_vale_ferreteria_mov (vfe_id,pro_codigo_plu,vfm_cantidad,vfm_unitario,vfm_total,vfm_entregado) VALUES (15802,78016974,1,180,180,@@@NO@@@)','',2,'2013-11-04'),(86650,'INSERT INTO gne_vale_ferreteria (vfe_id,vfe_fecha,vfe_total,vfe_estado,vfe_entregado,usu_nusuario) VALUES (15803,@@@2013.11.04@@@,200,1,0,@@@G_DIAZ@@@)','',2,'2013-11-04'),(86651,'INSERT INTO gne_vale_ferreteria_mov (vfe_id,pro_codigo_plu,vfm_cantidad,vfm_unitario,vfm_total,vfm_entregado) VALUES (15803,1546,1,200,200,@@@NO@@@)','',2,'2013-11-04'),(86652,'INSERT INTO gne_vale_ferreteria (vfe_id,vfe_fecha,vfe_total,vfe_estado,vfe_entregado,usu_nusuario) VALUES (15804,@@@2013.11.04@@@,800,1,0,@@@G_DIAZ@@@)','',2,'2013-11-04'),(86653,'INSERT INTO gne_vale_ferreteria_mov (vfe_id,pro_codigo_plu,vfm_cantidad,vfm_unitario,vfm_total,vfm_entregado) VALUES (15804,36649,1,590,590,@@@NO@@@)','',2,'2013-11-04'),(86654,'INSERT INTO gne_vale_ferreteria_mov (vfe_id,pro_codigo_plu,vfm_cantidad,vfm_unitario,vfm_total,vfm_entregado) VALUES (15804,764122,1,210,210,@@@NO@@@)','',2,'2013-11-04'),(86655,'INSERT INTO gne_vale_ferreteria (vfe_id,vfe_fecha,vfe_total,vfe_estado,vfe_entregado,usu_nusuario) VALUES (15805,@@@2013.11.04@@@,1240,1,0,@@@G_DIAZ@@@)','',2,'2013-11-04'),(86656,'INSERT INTO gne_vale_ferreteria_mov (vfe_id,pro_codigo_plu,vfm_cantidad,vfm_unitario,vfm_total,vfm_entregado) VALUES (15805,36650,1,450,450,@@@NO@@@)','',2,'2013-11-04'),(86657,'INSERT INTO gne_vale_ferreteria_mov (vfe_id,pro_codigo_plu,vfm_cantidad,vfm_unitario,vfm_total,vfm_entregado) VALUES (15805,763623,1,790,790,@@@NO@@@)','',2,'2013-11-04'),(86658,'INSERT INTO gne_vale_ferreteria (vfe_id,vfe_fecha,vfe_total,vfe_estado,vfe_entregado,usu_nusuario) VALUES (15806,@@@2013.11.04@@@,480,1,0,@@@G_DIAZ@@@)','',2,'2013-11-04'),(86659,'INSERT INTO gne_vale_ferreteria_mov (vfe_id,pro_codigo_plu,vfm_cantidad,vfm_unitario,vfm_total,vfm_entregado) VALUES (15806,770038,3,160,480,@@@NO@@@)','',2,'2013-11-04'),(86660,'INSERT INTO gne_vale_ferreteria (vfe_id,vfe_fecha,vfe_total,vfe_estado,vfe_entregado,usu_nusuario) VALUES (15807,@@@2013.11.04@@@,790,1,0,@@@G_DIAZ@@@)','',2,'2013-11-04'),(86661,'INSERT INTO gne_vale_ferreteria_mov (vfe_id,pro_codigo_plu,vfm_cantidad,vfm_unitario,vfm_total,vfm_entregado) VALUES (15807,763623,1,790,790,@@@NO@@@)','',2,'2013-11-04'),(86662,'INSERT INTO gne_vale_ferreteria (vfe_id,vfe_fecha,vfe_total,vfe_estado,vfe_entregado,usu_nusuario) VALUES (15808,@@@2013.11.04@@@,780,1,0,@@@G_DIAZ@@@)','',2,'2013-11-04'),(86663,'INSERT INTO gne_vale_ferreteria_mov (vfe_id,pro_codigo_plu,vfm_cantidad,vfm_unitario,vfm_total,vfm_entregado) VALUES (15808,78017145,2,290,580,@@@NO@@@)','',2,'2013-11-04'),(86664,'INSERT INTO gne_vale_ferreteria_mov (vfe_id,pro_codigo_plu,vfm_cantidad,vfm_unitario,vfm_total,vfm_entregado) VALUES (15808,21135,1,200,200,@@@NO@@@)','',2,'2013-11-04'),(86665,'INSERT INTO gne_vale_ferreteria (vfe_id,vfe_fecha,vfe_total,vfe_estado,vfe_entregado,usu_nusuario) VALUES (15809,@@@2013.11.04@@@,30,1,0,@@@G_DIAZ@@@)','',2,'2013-11-04'),(86666,'INSERT INTO gne_vale_ferreteria_mov (vfe_id,pro_codigo_plu,vfm_cantidad,vfm_unitario,vfm_total,vfm_entregado) VALUES (15809,780721421,1,30,30,@@@NO@@@)','',2,'2013-11-04'),(86667,'INSERT INTO gne_vale_ferreteria (vfe_id,vfe_fecha,vfe_total,vfe_estado,vfe_entregado,usu_nusuario) VALUES (15810,@@@2013.11.04@@@,390,1,0,@@@G_DIAZ@@@)','',2,'2013-11-04'),(86668,'INSERT INTO gne_vale_ferreteria_mov (vfe_id,pro_codigo_plu,vfm_cantidad,vfm_unitario,vfm_total,vfm_entregado) VALUES (15810,8023,1,390,390,@@@NO@@@)','',2,'2013-11-04'),(86669,'INSERT INTO gne_vale_ferreteria (vfe_id,vfe_fecha,vfe_total,vfe_estado,vfe_entregado,usu_nusuario) VALUES (15811,@@@2013.11.04@@@,1990,1,0,@@@G_DIAZ@@@)','',2,'2013-11-04'),(86670,'INSERT INTO gne_vale_ferreteria_mov (vfe_id,pro_codigo_plu,vfm_cantidad,vfm_unitario,vfm_total,vfm_entregado) VALUES (15811,101856,1,1990,1990,@@@NO@@@)','',2,'2013-11-04'),(86671,'INSERT INTO gne_vale_ferreteria (vfe_id,vfe_fecha,vfe_total,vfe_estado,vfe_entregado,usu_nusuario) VALUES (15812,@@@2013.11.04@@@,1040,1,0,@@@G_DIAZ@@@)','',2,'2013-11-04'),(86672,'INSERT INTO gne_vale_ferreteria_mov (vfe_id,pro_codigo_plu,vfm_cantidad,vfm_unitario,vfm_total,vfm_entregado) VALUES (15812,20756,1,490,490,@@@NO@@@)','',2,'2013-11-04'),(86673,'INSERT INTO gne_vale_ferreteria_mov (vfe_id,pro_codigo_plu,vfm_cantidad,vfm_unitario,vfm_total,vfm_entregado) VALUES (15812,763890,1,550,550,@@@NO@@@)','',2,'2013-11-04'),(86674,'INSERT INTO gne_vale_ferreteria (vfe_id,vfe_fecha,vfe_total,vfe_estado,vfe_entregado,usu_nusuario) VALUES (15813,@@@2013.11.04@@@,1100,1,0,@@@G_DIAZ@@@)','',2,'2013-11-04'),(86675,'INSERT INTO gne_vale_ferreteria_mov (vfe_id,pro_codigo_plu,vfm_cantidad,vfm_unitario,vfm_total,vfm_entregado) VALUES (15813,101657,1,1100,1100,@@@NO@@@)','',2,'2013-11-04'),(86676,'INSERT INTO gne_vale_ferreteria (vfe_id,vfe_fecha,vfe_total,vfe_estado,vfe_entregado,usu_nusuario) VALUES (15814,@@@2013.11.04@@@,100,1,0,@@@M_GUERRERO@@@)','',2,'2013-11-04'),(86677,'INSERT INTO gne_vale_ferreteria_mov (vfe_id,pro_codigo_plu,vfm_cantidad,vfm_unitario,vfm_total,vfm_entregado) VALUES (15814,7500885,2,50,100,@@@NO@@@)','',2,'2013-11-04'),(86678,'INSERT INTO gne_vale_ferreteria (vfe_id,vfe_fecha,vfe_total,vfe_estado,vfe_entregado,usu_nusuario) VALUES (15815,@@@2013.11.04@@@,500,1,0,@@@M_GUERRERO@@@)','',2,'2013-11-04'),(86679,'INSERT INTO gne_vale_ferreteria_mov (vfe_id,pro_codigo_plu,vfm_cantidad,vfm_unitario,vfm_total,vfm_entregado) VALUES (15815,1541,10,30,300,@@@NO@@@)','',2,'2013-11-04'),(86680,'INSERT INTO gne_vale_ferreteria_mov (vfe_id,pro_codigo_plu,vfm_cantidad,vfm_unitario,vfm_total,vfm_entregado) VALUES (15815,78016966,10,20,200,@@@NO@@@)','',2,'2013-11-04'),(86681,'INSERT INTO gne_vale_ferreteria (vfe_id,vfe_fecha,vfe_total,vfe_estado,vfe_entregado,usu_nusuario) VALUES (15816,@@@2013.11.04@@@,100,1,0,@@@M_GUERRERO@@@)','',2,'2013-11-04'),(86682,'INSERT INTO gne_vale_ferreteria_mov (vfe_id,pro_codigo_plu,vfm_cantidad,vfm_unitario,vfm_total,vfm_entregado) VALUES (15816,1539,10,10,100,@@@NO@@@)','',2,'2013-11-04'),(86683,'INSERT INTO gne_vale_ferreteria (vfe_id,vfe_fecha,vfe_total,vfe_estado,vfe_entregado,usu_nusuario) VALUES (15817,@@@2013.11.04@@@,990,1,0,@@@M_GUERRERO@@@)','',2,'2013-11-04'),(86684,'INSERT INTO gne_vale_ferreteria_mov (vfe_id,pro_codigo_plu,vfm_cantidad,vfm_unitario,vfm_total,vfm_entregado) VALUES (15817,764848,1,300,300,@@@NO@@@)','',2,'2013-11-04'),(86685,'INSERT INTO gne_vale_ferreteria_mov (vfe_id,pro_codigo_plu,vfm_cantidad,vfm_unitario,vfm_total,vfm_entregado) VALUES (15817,78017129,1,390,390,@@@NO@@@)','',2,'2013-11-04'),(86686,'INSERT INTO gne_vale_ferreteria_mov (vfe_id,pro_codigo_plu,vfm_cantidad,vfm_unitario,vfm_total,vfm_entregado) VALUES (15817,770063,3,100,300,@@@NO@@@)','',2,'2013-11-04'),(86687,'INSERT INTO gne_vale_ferreteria (vfe_id,vfe_fecha,vfe_total,vfe_estado,vfe_entregado,usu_nusuario) VALUES (15818,@@@2013.11.04@@@,1940,1,0,@@@M_GUERRERO@@@)','',2,'2013-11-04'),(86688,'INSERT INTO gne_vale_ferreteria_mov (vfe_id,pro_codigo_plu,vfm_cantidad,vfm_unitario,vfm_total,vfm_entregado) VALUES (15818,20825,1,950,950,@@@NO@@@)','',2,'2013-11-04'),(86689,'INSERT INTO gne_vale_ferreteria_mov (vfe_id,pro_codigo_plu,vfm_cantidad,vfm_unitario,vfm_total,vfm_entregado) VALUES (15818,19956,1,990,990,@@@NO@@@)','',2,'2013-11-04'),