/*
SQLyog Community v12.12 (32 bit)
MySQL - 5.1.58-community : Database - db_crux_daos_jugueteria
*********************************************************************
*/




CREATE DATABASE /*!32312 IF NOT EXISTS*/`db_crux_daos_jugueteria` /*!40100 DEFAULT CHARACTER SET latin1 */;

USE `db_crux_daos_jugueteria`;

/*Table structure for table `com_cambio_precios` */


CREATE TABLE `com_cambio_precios` (
  `pro_codigo_plu` int(10) unsigned NOT NULL AUTO_INCREMENT,
  `cam_precio` int(10) unsigned NOT NULL DEFAULT '0',
  `cam_tipo` int(1) unsigned NOT NULL DEFAULT '0' COMMENT '0=cambio precio 1=producto nuevo',
  PRIMARY KEY (`pro_codigo_plu`)
) ENGINE=InnoDB AUTO_INCREMENT=987000770 DEFAULT CHARSET=latin1;

/*Data for the table `com_cambio_precios` */

insert  into `com_cambio_precios`(`pro_codigo_plu`,`cam_precio`,`cam_tipo`) values (780727347,1660,0),(780727354,990,0),(987000618,390,0),(987000732,8690,0),(987000756,390,0);

/*Table structure for table `com_captura_ventas_diarias` */


CREATE TABLE `com_captura_ventas_diarias` (
  `cap_fecha` date NOT NULL DEFAULT '0000-00-00',
  `cap_rebaja_inventario` int(1) unsigned NOT NULL DEFAULT '0' COMMENT '0=NO 1=SI',
  PRIMARY KEY (`cap_fecha`)
) ENGINE=InnoDB DEFAULT CHARSET=latin1;

/*Data for the table `com_captura_ventas_diarias` */

/*Table structure for table `com_compras_centralizadas` */


CREATE TABLE `com_compras_centralizadas` (
  `cen_ano` int(10) unsigned NOT NULL DEFAULT '0',
  `cen_mes` int(10) unsigned NOT NULL DEFAULT '0',
  `cen_id` int(10) unsigned NOT NULL DEFAULT '0',
  `cen_fecha` date NOT NULL DEFAULT '0000-00-00',
  `cen_fac_can` int(10) unsigned NOT NULL DEFAULT '0',
  `cen_fac_ini` int(10) unsigned NOT NULL DEFAULT '0',
  `cen_fac_fin` int(10) unsigned NOT NULL DEFAULT '0',
  `cen_ncr_can` int(10) unsigned NOT NULL DEFAULT '0',
  `cen_ncr_ini` int(10) unsigned NOT NULL DEFAULT '0',
  `cen_ncr_fin` int(10) unsigned NOT NULL DEFAULT '0',
  `cen_total` int(10) unsigned NOT NULL DEFAULT '0',
  `usu_nusuario` varchar(15) NOT NULL DEFAULT '',
  PRIMARY KEY (`cen_ano`,`cen_mes`,`cen_id`)
) ENGINE=InnoDB DEFAULT CHARSET=latin1;

/*Data for the table `com_compras_centralizadas` */

/*Table structure for table `com_ctacte_recepcion` */


CREATE TABLE `com_ctacte_recepcion` (
  `ccr_id` int(11) NOT NULL AUTO_INCREMENT,
  `rec_numero` int(11) NOT NULL DEFAULT '0',
  `prv_rut` varchar(10) NOT NULL DEFAULT '',
  `ccr_monto` int(5) NOT NULL DEFAULT '0',
  `ccr_estado` int(1) NOT NULL DEFAULT '0' COMMENT '0=pendiente 1=Pagada',
  PRIMARY KEY (`ccr_id`)
) ENGINE=InnoDB DEFAULT CHARSET=latin1;

/*Data for the table `com_ctacte_recepcion` */

/*Table structure for table `com_descuentos_ventas` */


CREATE TABLE `com_descuentos_ventas` (
  `dve_id` int(10) unsigned NOT NULL AUTO_INCREMENT,
  `dve_fecha` date NOT NULL DEFAULT '0000-00-00',
  `dve_descuentos` double NOT NULL DEFAULT '0',
  `dve_bmanuales` double NOT NULL DEFAULT '0',
  `dve_descuentos_pack` double NOT NULL DEFAULT '0',
  `dve_descuentos_puntos` double NOT NULL DEFAULT '0',
  `dve_desde` int(10) unsigned NOT NULL DEFAULT '0',
  `dve_hasta` int(10) unsigned NOT NULL DEFAULT '0',
  `usu_nusuario` varchar(15) NOT NULL DEFAULT '',
  PRIMARY KEY (`dve_id`)
) ENGINE=InnoDB AUTO_INCREMENT=2 DEFAULT CHARSET=latin1;

/*Data for the table `com_descuentos_ventas` */

insert  into `com_descuentos_ventas`(`dve_id`,`dve_fecha`,`dve_descuentos`,`dve_bmanuales`,`dve_descuentos_pack`,`dve_descuentos_puntos`,`dve_desde`,`dve_hasta`,`usu_nusuario`) values (1,'2015-12-14',0,0,0,0,0,0,'');

/*Table structure for table `com_diferencias_oc_rec` */


CREATE TABLE `com_diferencias_oc_rec` (
  `dor_id` int(11) NOT NULL AUTO_INCREMENT,
  `rec_numero` int(11) NOT NULL DEFAULT '0',
  `dor_cantidad_oco` double NOT NULL DEFAULT '0',
  `dor_cantidad_rec` double NOT NULL DEFAULT '0',
  `dor_cantidad_dif` double NOT NULL DEFAULT '0',
  `dor_unitario_oco` double NOT NULL DEFAULT '0',
  `dor_unitario_rec` double NOT NULL DEFAULT '0',
  `dor_unitario_dif` double NOT NULL DEFAULT '0',
  `pro_codigo_plu` int(11) NOT NULL DEFAULT '0',
  `dor_tipo` char(1) NOT NULL DEFAULT 'D' COMMENT 'N=nuevo D=Diferencia',
  PRIMARY KEY (`dor_id`),
  KEY `rec_numero` (`rec_numero`),
  KEY `pro_codigo_plu` (`pro_codigo_plu`)
) ENGINE=InnoDB DEFAULT CHARSET=latin1;

/*Data for the table `com_diferencias_oc_rec` */

/*Table structure for table `com_facturas_compras` */


CREATE TABLE `com_facturas_compras` (
  `fco_id` int(10) NOT NULL DEFAULT '0',
  `doc_id` int(10) unsigned NOT NULL DEFAULT '0',
  `fco_tipo` varchar(30) NOT NULL DEFAULT 'FACTURA',
  `fco_numero` int(11) NOT NULL DEFAULT '0',
  `fco_fecha` date NOT NULL DEFAULT '0000-00-00',
  `prv_rut` varchar(10) NOT NULL DEFAULT '',
  `fco_total` double NOT NULL DEFAULT '0',
  `rec_numero` int(10) unsigned NOT NULL DEFAULT '0',
  `act_precios` int(1) unsigned NOT NULL DEFAULT '0',
  `fco_exento` int(10) unsigned NOT NULL DEFAULT '0',
  `fco_neto` int(10) unsigned NOT NULL DEFAULT '0',
  `fco_iva` int(10) unsigned NOT NULL DEFAULT '0',
  `fco_ila` int(10) unsigned NOT NULL DEFAULT '0',
  `fco_ila_beb` int(10) unsigned NOT NULL DEFAULT '0',
  `fco_ila_cer` int(10) unsigned NOT NULL DEFAULT '0',
  `fco_ila_lic` int(10) unsigned NOT NULL DEFAULT '0',
  `fco_ret_carne` int(10) unsigned NOT NULL DEFAULT '0',
  `fco_ret_harina` int(10) unsigned NOT NULL DEFAULT '0',
  `fco_especifico` int(10) unsigned NOT NULL DEFAULT '0',
  `fco_correlativo` int(10) unsigned NOT NULL DEFAULT '0',
  `tga_id` int(10) unsigned NOT NULL DEFAULT '0',
  `fco_fecha_ingreso` date NOT NULL DEFAULT '0000-00-00',
  `fco_fecha_vencimiento` date NOT NULL DEFAULT '0000-00-00',
  `fco_factura` int(10) unsigned NOT NULL DEFAULT '0',
  `fco_detalle` text NOT NULL,
  `fco_mes` int(10) unsigned NOT NULL DEFAULT '0',
  `fco_ano` int(10) unsigned NOT NULL DEFAULT '0',
  `fco_apagar` int(10) unsigned NOT NULL DEFAULT '0',
  `fco_centralizada` char(2) NOT NULL DEFAULT 'NO',
  `fco_folio_contable` int(10) unsigned NOT NULL DEFAULT '0',
  `cen_id` int(10) unsigned NOT NULL DEFAULT '0',
  `fco_a_pago_gestion` char(2) NOT NULL DEFAULT 'NO',
  `fco_imp_no_recuperable` int(10) unsigned NOT NULL DEFAULT '0',
  PRIMARY KEY (`fco_id`),
  KEY `prv_rut` (`fco_tipo`),
  KEY `rec_numero` (`fco_fecha`),
  KEY `tga_id` (`tga_id`),
  KEY `doc_id` (`doc_id`),
  KEY `cen_id` (`cen_id`),
  KEY `fco_fecha_ingreso` (`fco_fecha_ingreso`)
) ENGINE=InnoDB DEFAULT CHARSET=latin1 COMMENT='InnoDB free: 9216 kB';

/*Data for the table `com_facturas_compras` */

insert  into `com_facturas_compras`(`fco_id`,`doc_id`,`fco_tipo`,`fco_numero`,`fco_fecha`,`prv_rut`,`fco_total`,`rec_numero`,`act_precios`,`fco_exento`,`fco_neto`,`fco_iva`,`fco_ila`,`fco_ila_beb`,`fco_ila_cer`,`fco_ila_lic`,`fco_ret_carne`,`fco_ret_harina`,`fco_especifico`,`fco_correlativo`,`tga_id`,`fco_fecha_ingreso`,`fco_fecha_vencimiento`,`fco_factura`,`fco_detalle`,`fco_mes`,`fco_ano`,`fco_apagar`,`fco_centralizada`,`fco_folio_contable`,`cen_id`,`fco_a_pago_gestion`,`fco_imp_no_recuperable`) values (1,12,'BOLETA ELECTRONICA',220055,'2016-01-27','92986000-4',5904809,1,0,0,4962024,942785,0,0,0,0,0,0,0,1,0,'2016-03-04','2016-04-03',0,'S/C',3,2016,0,'NO',0,0,'NO',0),(2,2,'FACTURA ELECTRONICA',145831,'2016-03-03','77532660-3',1104401,2,0,0,928068,176333,0,0,0,0,0,0,0,2,0,'2016-03-09','2016-05-01',0,'S/C',3,2016,0,'NO',0,0,'NO',0),(3,2,'FACTURA ELECTRONICA',223401,'2016-02-27','92986000-4',61792,3,0,0,51926,9866,0,0,0,0,0,0,0,3,0,'2016-03-10','2016-05-27',0,'S/C',3,2016,0,'NO',0,0,'NO',0),(4,2,'FACTURA ELECTRONICA',145832,'2016-03-03','77532660-3',965556,4,0,0,811392,154164,0,0,0,0,0,0,0,4,0,'2016-03-29','2016-05-01',0,'S/C',3,2016,0,'NO',0,0,'NO',0),(5,2,'FACTURA ELECTRONICA',146035,'2016-03-10','77532660-3',121866,5,0,0,102408,19458,0,0,0,0,0,0,0,5,0,'2016-03-29','2016-05-08',0,'S/C',3,2016,0,'NO',0,0,'NO',0),(6,2,'FACTURA ELECTRONICA',220245,'2016-01-29','92986000-4',1526839,6,0,0,1283058,243781,0,0,0,0,0,0,0,1,0,'2016-04-25','2016-04-28',0,'S/C',4,2016,0,'NO',0,0,'NO',0),(7,2,'FACTURA ELECTRONICA',222093,'2016-02-16','92986000-4',179657,7,0,0,150972,28685,0,0,0,0,0,0,0,2,0,'2016-04-25','2016-05-16',0,'S/C',4,2016,0,'NO',0,0,'NO',0),(8,2,'FACTURA ELECTRONICA',223402,'2016-02-27','92986000-4',83681,8,0,0,70320,13361,0,0,0,0,0,0,0,3,0,'2016-04-25','2016-05-27',0,'S/C',4,2016,0,'NO',0,0,'NO',0),(9,2,'FACTURA ELECTRONICA',223409,'2016-02-27','92986000-4',139230,9,0,0,117000,22230,0,0,0,0,0,0,0,4,0,'2016-04-25','2016-03-02',0,'S/C',4,2016,0,'NO',0,0,'NO',0),(10,2,'FACTURA ELECTRONICA',224417,'2016-03-15','92986000-4',972151,10,0,0,816934,155217,0,0,0,0,0,0,0,5,0,'2016-04-25','2016-06-13',0,'S/C',4,2016,0,'NO',0,0,'NO',0),(11,2,'FACTURA ELECTRONICA',611994,'2016-05-11','76041579-0',192259,11,0,0,161562,30697,0,0,0,0,0,0,0,1,0,'2016-05-14','2016-06-11',0,'S/C',5,2016,0,'NO',0,0,'NO',0),(12,2,'FACTURA ELECTRONICA',225006,'2016-03-31','92986000-4',165359,12,0,0,138957,26402,0,0,0,0,0,0,0,2,0,'2016-05-14','2016-06-29',0,'S/C',5,2016,0,'NO',0,0,'NO',0),(13,2,'FACTURA ELECTRONICA',225007,'2016-03-31','92986000-4',686233,13,0,0,576666,109567,0,0,0,0,0,0,0,3,0,'2016-05-14','2016-06-29',0,'S/C',5,2016,0,'NO',0,0,'NO',0),(14,2,'FACTURA ELECTRONICA',222092,'2016-02-16','92986000-4',441882,14,0,0,371329,70553,0,0,0,0,0,0,0,4,0,'2016-05-14','2016-05-16',0,'S/C',5,2016,0,'NO',0,0,'NO',0),(15,2,'FACTURA ELECTRONICA',224421,'2016-03-15','92986000-4',2293111,15,0,0,1926984,366127,0,0,0,0,0,0,0,1,0,'2016-07-14','2016-06-13',0,'S/C',7,2016,0,'NO',0,0,'NO',0),(16,2,'FACTURA ELECTRONICA',220248,'2016-01-29','92986000-4',431534,16,0,0,362634,68900,0,0,0,0,0,0,0,2,0,'2016-07-14','2016-04-28',0,'S/C',7,2016,0,'NO',0,0,'NO',0),(17,2,'FACTURA ELECTRONICA',224420,'2016-03-15','92986000-4',916728,17,0,0,770360,146368,0,0,0,0,0,0,0,3,0,'2016-07-14','2016-06-13',0,'S/C',7,2016,0,'NO',0,0,'NO',0),(18,2,'FACTURA ELECTRONICA',224423,'2016-03-15','92986000-4',1410860,18,0,0,1185597,225263,0,0,0,0,0,0,0,4,0,'2016-07-14','2016-06-13',0,'S/C',7,2016,0,'NO',0,0,'NO',0),(19,2,'FACTURA ELECTRONICA',225996,'2016-04-24','92986000-4',111426,19,0,0,93635,17791,0,0,0,0,0,0,0,5,0,'2016-07-14','2016-07-28',0,'S/C',7,2016,0,'NO',0,0,'NO',0),(20,2,'FACTURA ELECTRONICA',226040,'2016-04-29','92986000-4',11927,20,0,0,10023,1904,0,0,0,0,0,0,0,6,0,'2016-07-14','2016-07-28',0,'S/C',7,2016,0,'NO',0,0,'NO',0),(21,2,'FACTURA ELECTRONICA',26551,'2016-04-29','96800440-9',396000,21,0,0,332773,63227,0,0,0,0,0,0,0,7,0,'2016-07-14','2016-06-28',0,'S/C',7,2016,0,'NO',0,0,'NO',0),(22,2,'FACTURA ELECTRONICA',220308,'2016-01-29','92986000-4',573753,22,0,0,482145,91608,0,0,0,0,0,0,0,1,0,'2016-08-10','2016-04-28',0,'S/C',8,2016,0,'NO',0,0,'NO',0),(23,2,'FACTURA ELECTRONICA',220309,'2016-01-29','92986000-4',460518,23,0,0,386990,73528,0,0,0,0,0,0,0,2,0,'2016-08-10','2016-04-28',0,'S/C',8,2016,0,'NO',0,0,'NO',0),(24,2,'FACTURA ELECTRONICA',225997,'2016-04-29','92986000-4',34873,24,0,0,29305,5568,0,0,0,0,0,0,0,3,0,'2016-08-10','2016-07-28',0,'S/C',8,2016,0,'NO',0,0,'NO',0),(25,2,'FACTURA ELECTRONICA',226038,'2016-04-29','92986000-4',206300,25,0,0,173361,32939,0,0,0,0,0,0,0,4,0,'2016-08-10','2016-07-28',0,'S/C',8,2016,0,'NO',0,0,'NO',0),(26,2,'FACTURA ELECTRONICA',226041,'2016-04-29','92986000-4',581277,26,0,0,488468,92809,0,0,0,0,0,0,0,5,0,'2016-08-10','2016-07-28',0,'S/C',8,2016,0,'NO',0,0,'NO',0),(27,2,'FACTURA ELECTRONICA',220253,'2016-01-29','92986000-4',431500,27,0,0,362605,68895,0,0,0,0,0,0,0,6,0,'2016-08-10','2016-04-28',0,'S/C',8,2016,0,'NO',0,0,'NO',0),(28,2,'FACTURA ELECTRONICA',220238,'2016-01-29','92986000-4',223056,28,0,0,187442,35614,0,0,0,0,0,0,0,7,0,'2016-08-10','2016-01-31',0,'S/C',8,2016,0,'NO',0,0,'NO',0),(29,2,'FACTURA ELECTRONICA',220240,'2016-01-29','92986000-4',253377,29,0,0,212922,40455,0,0,0,0,0,0,0,8,0,'2016-08-10','2016-04-28',0,'S/C',8,2016,0,'NO',0,0,'NO',0),(30,2,'FACTURA ELECTRONICA',220239,'2016-01-29','92986000-4',113616,30,0,0,95476,18140,0,0,0,0,0,0,0,9,0,'2016-08-10','2016-01-09',0,'S/C',8,2016,0,'NO',0,0,'NO',0),(31,2,'FACTURA ELECTRONICA',220307,'2016-01-29','92986000-4',426860,31,0,0,358706,68154,0,0,0,0,0,0,0,10,0,'2016-08-10','2016-04-28',0,'S/C',8,2016,0,'NO',0,0,'NO',0),(32,2,'FACTURA ELECTRONICA',220484,'2016-01-29','92986000-4',213318,32,0,0,179259,34059,0,0,0,0,0,0,0,11,0,'2016-08-10','2016-04-28',0,'S/C',8,2016,0,'NO',0,0,'NO',0),(33,2,'FACTURA ELECTRONICA',220246,'2016-01-29','92986000-4',189433,33,0,0,159187,30246,0,0,0,0,0,0,0,12,0,'2016-08-10','2016-01-31',0,'S/C',8,2016,0,'NO',0,0,'NO',0),(34,2,'FACTURA ELECTRONICA',221551,'2016-02-10','92986000-4',338100,34,0,0,284118,53982,0,0,0,0,0,0,0,13,0,'2016-08-10','2016-05-10',0,'S/C',8,2016,0,'NO',0,0,'NO',0),(35,2,'FACTURA ELECTRONICA',220247,'2016-01-29','92986000-4',770168,35,0,0,647200,122968,0,0,0,0,0,0,0,14,0,'2016-08-10','2016-04-28',0,'S/C',8,2016,0,'NO',0,0,'NO',0);

/*Table structure for table `com_facturas_oc` */


CREATE TABLE `com_facturas_oc` (
  `foc_id` int(10) unsigned NOT NULL AUTO_INCREMENT,
  `fco_id` int(10) unsigned NOT NULL DEFAULT '0',
  `oco_id` int(10) unsigned NOT NULL DEFAULT '0',
  PRIMARY KEY (`foc_id`),
  KEY `fco_id` (`fco_id`),
  KEY `oco_id` (`oco_id`)
) ENGINE=InnoDB DEFAULT CHARSET=latin1;

/*Data for the table `com_facturas_oc` */

/*Table structure for table `com_flejes` */


CREATE TABLE `com_flejes` (
  `pro_codigo_plu` int(10) unsigned NOT NULL DEFAULT '0',
  `fle_precio` int(10) unsigned NOT NULL DEFAULT '0',
  `fle_cantidad` int(4) unsigned NOT NULL DEFAULT '1',
  PRIMARY KEY (`pro_codigo_plu`)
) ENGINE=InnoDB DEFAULT CHARSET=latin1;

/*Data for the table `com_flejes` */

/*Table structure for table `com_folio_compras` */


CREATE TABLE `com_folio_compras` (
  `fol_id` int(10) unsigned NOT NULL AUTO_INCREMENT,
  `fol_mes` int(2) unsigned NOT NULL DEFAULT '0',
  `fol_ano` int(4) unsigned NOT NULL DEFAULT '0',
  `fol_tipo` char(1) NOT NULL DEFAULT '',
  `fol_numero` int(10) unsigned NOT NULL DEFAULT '0',
  PRIMARY KEY (`fol_id`,`fol_mes`,`fol_ano`)
) ENGINE=InnoDB DEFAULT CHARSET=latin1;

/*Data for the table `com_folio_compras` */

/*Table structure for table `com_igastos` */


CREATE TABLE `com_igastos` (
  `iga_id` int(10) unsigned NOT NULL DEFAULT '0',
  `iga_mes` int(2) unsigned NOT NULL DEFAULT '0',
  `iga_ano` int(4) unsigned NOT NULL DEFAULT '0',
  `tdo_id` int(10) unsigned NOT NULL DEFAULT '0',
  `prv_rut` varchar(10) NOT NULL DEFAULT '',
  `iga_fecha` date NOT NULL DEFAULT '0000-00-00',
  `tga_id` int(10) unsigned NOT NULL DEFAULT '0',
  `iga_estado` int(1) unsigned NOT NULL DEFAULT '0',
  `iga_nvale` int(10) unsigned NOT NULL DEFAULT '0',
  `iga_total` int(10) unsigned NOT NULL DEFAULT '0',
  `iga_motivo` text NOT NULL,
  `iga_ndocumento` int(10) unsigned NOT NULL DEFAULT '0',
  PRIMARY KEY (`iga_id`,`iga_mes`,`iga_ano`)
) ENGINE=InnoDB DEFAULT CHARSET=latin1;

/*Data for the table `com_igastos` */

/*Table structure for table `com_local` */


CREATE TABLE `com_local` (
  `loc_numero` char(4) NOT NULL DEFAULT '',
  PRIMARY KEY (`loc_numero`)
) ENGINE=InnoDB DEFAULT CHARSET=latin1;

/*Data for the table `com_local` */

/*Table structure for table `com_orden_compra` */


CREATE TABLE `com_orden_compra` (
  `oco_id` int(10) NOT NULL DEFAULT '0',
  `prv_rut` varchar(10) DEFAULT NULL,
  `oco_fecha` date DEFAULT NULL,
  `oco_total` int(10) DEFAULT NULL,
  `oco_recepcionada` int(1) DEFAULT '0' COMMENT '0=PENDIENTE 1=RECEPCIONADA 2=ANULADA',
  `oco_hora` varchar(10) NOT NULL DEFAULT '',
  `oco_recepcion` date NOT NULL DEFAULT '0000-00-00',
  `oco_tipo` char(1) NOT NULL DEFAULT 'P',
  `usu_nusuario` varchar(15) NOT NULL DEFAULT '',
  `oco_observacion` text NOT NULL,
  PRIMARY KEY (`oco_id`),
  KEY `com_orden_compraprv_rut` (`prv_rut`),
  KEY `usu_nusuario` (`usu_nusuario`)
) ENGINE=InnoDB DEFAULT CHARSET=latin1;

/*Data for the table `com_orden_compra` */

insert  into `com_orden_compra`(`oco_id`,`prv_rut`,`oco_fecha`,`oco_total`,`oco_recepcionada`,`oco_hora`,`oco_recepcion`,`oco_tipo`,`usu_nusuario`,`oco_observacion`) values (1,'92986000-4','2016-02-29',6300,2,'16:25:13','2016-02-29','P','admin',''),(2,'92986000-4','2016-03-04',2951800,1,'20:03:49','2016-03-04','P','admin',''),(3,'77532660-3','2016-03-09',1104504,1,'17:13:39','2016-03-09','P','admin',''),(4,'92986000-4','2016-03-10',61896,1,'18:42:17','2016-03-10','P','admin',''),(5,'77532660-3','2016-03-29',965616,1,'11:30:32','2016-03-29','P','admin',''),(6,'77532660-3','2016-03-29',121872,1,'12:05:41','2016-03-29','P','admin',''),(7,'92986000-4','2016-01-29',844100,1,'11:30:03','2016-02-01','P','admin',''),(8,'92986000-4','2016-02-16',179745,1,'12:43:49','2016-02-20','P','admin',''),(9,'92986000-4','2016-02-27',41850,1,'12:54:50','2016-03-02','P','admin',''),(10,'92986000-4','2016-02-27',139230,1,'13:04:56','2016-03-02','P','admin',''),(11,'92986000-4','2016-03-15',972356,2,'15:23:09','2016-03-18','P','admin',''),(12,'76041579-0','2016-05-14',192340,1,'11:55:49','2016-05-12','P','admin',''),(13,'92986000-4','2016-03-31',165528,1,'15:17:11','2016-04-04','P','admin',''),(14,'92986000-4','2016-05-14',686712,1,'15:23:27','2016-04-04','P','admin',''),(15,'92986000-4','2016-03-01',441882,1,'16:31:12','2016-02-22','P','admin',''),(16,'96800440-9','2016-05-03',396000,1,'17:22:24','2016-05-02','P','admin',''),(17,'92986000-4','2016-04-29',11952,1,'11:54:45','2016-05-04','P','admin',''),(18,'92986000-4','2016-04-28',111582,1,'11:56:27','2016-05-04','P','admin',''),(19,'92986000-4','2016-03-15',1412347,1,'12:17:19','2016-03-20','P','admin',''),(20,'92986000-4','2016-01-29',431535,1,'12:24:36','2016-02-03','P','admin',''),(21,'92986000-4','2016-03-15',918596,1,'12:01:34','2016-03-20','P','admin',''),(22,'92986000-4','2016-03-15',2294050,1,'15:31:04','2016-03-20','P','admin',''),(23,'92986000-4','2016-01-29',573752,1,'17:34:23','2016-02-12','P','admin',''),(24,'92986000-4','2016-01-29',460518,1,'18:04:17','2016-02-12','P','admin',''),(25,'92986000-4','2016-04-29',34896,1,'19:00:32','2016-05-02','P','admin',''),(26,'92986000-4','2016-04-29',206520,1,'19:02:37','2016-05-02','P','admin',''),(27,'92986000-4','2016-04-29',581889,1,'19:19:43','2016-05-02','P','admin',''),(28,'92986000-4','2016-03-15',972152,0,'19:04:05','2016-03-18','P','admin',''),(29,'92986000-4','2016-01-29',431500,1,'11:39:57','2016-02-12','P','admin',''),(30,'92986000-4','2016-01-29',223056,1,'11:50:35','2016-02-12','P','admin',''),(31,'92986000-4','2016-01-29',253377,1,'12:02:55','2016-02-12','P','admin',''),(32,'92986000-4','2016-01-29',113616,1,'12:11:15','2016-02-12','P','admin',''),(33,'92986000-4','2016-01-29',426860,1,'12:13:31','2016-02-12','P','admin',''),(34,'92986000-4','2016-01-29',213318,1,'12:48:32','2016-02-12','P','admin',''),(35,'92986000-4','2016-01-29',189432,1,'13:03:26','2016-02-12','P','admin',''),(36,'92986000-4','2016-02-10',338100,1,'11:18:21','2016-02-15','P','admin',''),(37,'92986000-4','2016-01-29',770168,1,'11:41:05','2016-02-12','P','admin','');

/*Table structure for table `com_orden_compra_mov` */


CREATE TABLE `com_orden_compra_mov` (
  `ocm_id` int(10) NOT NULL AUTO_INCREMENT,
  `oco_id` int(10) DEFAULT NULL,
  `pro_codigo_plu` int(10) DEFAULT NULL,
  `ocm_cantidad` double DEFAULT NULL,
  `ocm_unitario_bruto` double DEFAULT NULL,
  `ocm_costo_anterior` double NOT NULL DEFAULT '0',
  `ocm_total_bruto` int(10) DEFAULT NULL,
  `ocm_porcentaje_sugerido` double DEFAULT '0',
  `ocm_precio_sugerido` int(10) unsigned DEFAULT '0',
  `ocm_porcentaje_corregido` double DEFAULT '0',
  `ocm_precio_corregido` int(10) DEFAULT '0',
  `rec_numero` int(10) unsigned DEFAULT '0',
  `ocm_recepcionados` double NOT NULL DEFAULT '0',
  `ocm_stock` double NOT NULL DEFAULT '0',
  PRIMARY KEY (`ocm_id`),
  KEY `oco_id` (`oco_id`),
  KEY `pro_codigo_plu` (`pro_codigo_plu`)
) ENGINE=InnoDB AUTO_INCREMENT=619 DEFAULT CHARSET=latin1;

/*Data for the table `com_orden_compra_mov` */

insert  into `com_orden_compra_mov`(`ocm_id`,`oco_id`,`pro_codigo_plu`,`ocm_cantidad`,`ocm_unitario_bruto`,`ocm_costo_anterior`,`ocm_total_bruto`,`ocm_porcentaje_sugerido`,`ocm_precio_sugerido`,`ocm_porcentaje_corregido`,`ocm_precio_corregido`,`rec_numero`,`ocm_recepcionados`,`ocm_stock`) values (1,1,29,1,6300,6300,6300,20,7560,0,0,0,0,0),(134,2,586001159,240,663,929,159120,60,1061,49.32,990,1,240,-24),(135,2,586001150,240,587,850,140880,60,939,51.62,890,1,240,-16),(136,2,586001147,320,587,850,187840,60,939,51.62,890,1,320,-10),(137,2,586001160,240,663,929,159120,60,1061,49.32,990,1,240,-24),(138,2,586001149,240,587,850,140880,60,939,51.62,890,1,240,-2),(139,2,586001148,120,587,850,70440,60,939,51.62,890,1,120,-1),(140,2,586001146,240,587,850,140880,60,939,51.62,890,1,240,-23),(141,2,586001158,240,663,929,159120,60,1061,49.32,990,1,240,-15),(142,2,586001151,400,327,525,130800,60,523,49.85,490,1,400,-53),(143,2,586001156,400,327,525,130800,60,523,49.85,490,1,400,-17),(144,2,586001157,400,327,525,130800,60,523,49.85,490,1,400,-17),(145,2,586001153,320,327,525,104640,60,523,49.85,490,1,320,-26),(146,2,586001154,400,327,525,130800,60,523,49.85,490,1,400,-32),(147,2,586001155,240,327,525,78480,60,523,49.85,490,1,240,-1),(148,2,586001161,150,93.6,131,14040,60,150,49.57,140,1,150,-5),(149,2,586001162,150,93.6,131,14040,60,150,49.57,140,1,150,-2),(150,2,586001167,240,663,929,159120,60,1061,49.32,990,1,240,-20),(151,2,586001164,480,587,850,281760,60,939,51.62,890,1,480,-60),(152,2,586001165,240,587,850,140880,60,939,51.62,890,1,240,-9),(153,2,586001168,240,663,929,159120,60,1061,49.32,990,1,240,-30),(154,2,586001166,240,663,929,159120,60,1061,49.32,990,1,240,-14),(155,2,586001163,240,663,929,159120,60,1061,49.32,990,1,240,-29),(156,3,780726748,72,311,311,22392,0,0,0,0,2,72,-1),(157,3,780726747,72,311,311,22392,0,0,0,0,2,72,0),(158,3,780726745,72,311,311,22392,0,0,0,0,2,72,0),(159,3,780726746,72,311,311,22392,0,0,0,0,2,72,0),(160,3,780726765,72,311,311,22392,0,0,0,0,2,72,0),(161,3,780726760,288,370,370,106560,0,0,0,0,2,288,0),(162,3,780726763,72,370,370,26640,0,0,0,0,2,72,0),(163,3,780726762,72,370,370,26640,0,0,0,0,2,72,0),(164,3,780726759,288,370,370,106560,0,0,0,0,2,288,0),(165,3,780726764,72,370,370,26640,0,0,0,0,2,72,0),(166,3,780726761,72,370,370,26640,0,0,0,0,2,72,0),(167,3,780726758,72,500,500,36000,0,0,0,0,2,72,-1),(168,3,780726754,144,682,682,98208,0,0,0,0,2,144,-1),(169,3,780726756,36,682,682,24552,0,0,0,0,2,36,0),(170,3,780726755,36,682,682,24552,0,0,0,0,2,36,0),(171,3,780726753,72,682,682,49104,0,0,0,0,2,72,0),(172,3,780726757,36,682,682,24552,0,0,0,0,2,36,-1),(173,3,780726752,288,682,682,196416,0,0,0,0,2,288,0),(174,3,391,24,1357,1357,32568,0,0,0,0,2,24,0),(175,3,392,24,1357,1357,32568,0,0,0,0,2,24,0),(176,3,394,24,1357,1357,32568,0,0,0,0,2,24,0),(177,3,393,24,1357,1357,32568,0,0,0,0,2,24,0),(178,3,780726749,72,413,413,29736,0,0,0,0,2,72,0),(179,3,780726750,72,413,413,29736,0,0,0,0,2,72,0),(180,3,780726751,72,413,413,29736,0,0,0,0,2,72,0),(181,4,395,24,1904,1904,45696,0,0,0,0,3,24,0),(182,4,780726674,200,81,81,16200,0,0,0,0,3,200,-68),(183,5,780726821,24,1358,1358,32592,0,0,0,0,4,24,0),(184,5,407,144,414,414,59616,0,0,0,0,4,24,-1),(185,5,410,288,414,414,119232,0,0,0,0,4,288,0),(186,5,409,144,414,414,59616,0,0,0,0,4,144,-1),(187,5,408,72,414,414,29808,0,0,0,0,4,864,-1),(188,5,401,48,927,927,44496,0,0,0,0,4,48,-2),(189,5,402,48,927,927,44496,0,0,0,0,4,48,0),(190,5,400,96,927,927,88992,0,0,0,0,4,96,-3),(191,5,404,144,100,100,14400,0,0,0,0,4,144,-8),(192,5,403,144,100,100,14400,0,0,0,0,4,144,-2),(193,5,405,72,100,100,7200,0,0,0,0,4,72,-2),(194,5,406,600,356,356,213600,0,0,0,0,4,600,-5),(195,5,399,144,1647,1647,237168,0,0,0,0,4,144,-1),(196,6,397,144,370,370,53280,0,0,0,0,5,144,0),(197,6,398,24,1358,1358,32592,0,0,0,0,5,24,0),(198,6,780726824,72,500,500,36000,0,0,0,0,5,72,-1),(199,7,780726823,50,114,0,5700,0,0,0,0,6,50,-34),(200,7,586000971,200,232,324,46400,0,0,0,0,6,200,-9),(201,7,586000970,200,232,324,46400,0,0,0,0,6,200,-1),(202,7,586000977,200,232,324,46400,0,0,0,0,6,200,-1),(203,7,586000980,200,232,324,46400,0,0,0,0,6,200,-6),(204,7,586000978,200,232,324,46400,0,0,0,0,6,200,-2),(205,7,586000967,50,290,406,14500,0,0,0,0,6,50,-2),(206,7,586000979,50,290,406,14500,0,0,0,0,6,50,-1),(207,7,586000976,50,290,406,14500,0,0,0,0,6,50,-7),(208,7,586000956,50,290,406,14500,0,0,0,0,6,50,0),(209,7,586001000,50,290,406,14500,0,0,0,0,6,50,0),(210,7,586001002,50,290,406,14500,0,0,0,0,6,50,0),(211,7,586001001,50,290,406,14500,0,0,0,0,6,50,-1),(212,7,586000952,150,122,171,18300,0,0,0,0,6,150,-10),(213,7,586000958,150,122,171,18300,0,0,0,0,6,150,-6),(214,7,586000957,150,122,171,18300,0,0,0,0,6,150,-12),(215,7,586000953,50,122,171,6100,0,0,0,0,6,50,-5),(216,7,586000955,150,122,171,18300,0,0,0,0,6,150,-5),(217,7,586000954,150,122,171,18300,0,0,0,0,6,150,-15),(218,7,586000964,100,122,171,12200,0,0,0,0,6,100,-1),(219,7,586000966,150,122,171,18300,0,0,0,0,6,150,-6),(220,7,586000965,150,122,171,18300,0,0,0,0,6,150,-4),(221,7,586000959,100,122,171,12200,0,0,0,0,6,100,-3),(222,7,586000960,50,122,171,6100,0,0,0,0,6,50,-11),(223,7,586000962,150,122,171,18300,0,0,0,0,6,150,-10),(224,7,586000961,150,122,171,18300,0,0,0,0,6,150,-17),(225,7,586000963,150,122,171,18300,0,0,0,0,6,150,-10),(226,7,586000968,150,317,444,47550,0,0,0,0,6,150,-4),(227,7,586000973,150,317,444,47550,0,0,0,0,6,150,-1),(228,7,586000972,150,317,444,47550,0,0,0,0,6,150,-5),(229,7,586000975,150,317,444,47550,0,0,0,0,6,150,-1),(230,7,586000974,150,317,444,47550,0,0,0,0,6,150,-1),(231,7,586000969,150,317,444,47550,0,0,0,0,6,150,0),(232,8,780726695,60,655,655,39300,0,0,0,0,7,60,-9),(233,8,780726692,30,265,265,7950,0,0,0,0,7,30,0),(234,8,780726693,30,265,265,7950,0,0,0,0,7,30,0),(235,8,780726694,30,265,265,7950,0,0,0,0,7,30,-2),(236,8,780726691,180,131,265,23580,0,0,0,0,7,180,-56),(237,8,780726696,195,477,477,93015,0,0,0,0,7,195,-26),(238,9,780726825,30,1395,1547,41850,0,0,0,0,8,30,-2),(239,10,586001259,90,1547,900,139230,0,0,0,0,9,90,-18),(240,11,586001272,12,1673,0,20076,0,0,0,0,10,12,-331),(241,11,586001255,70,1160,975,81200,0,0,0,0,10,70,-110),(242,11,586001256,300,1547,1300,464100,0,0,0,0,10,300,-67),(243,11,586001267,380,1071,900,406980,0,0,0,0,10,380,-57),(244,12,484,500,28,28,14000,0,0,0,0,11,500,0),(245,12,485,500,38,38,19000,0,0,0,0,11,500,0),(246,12,481,500,15,15,7500,0,0,0,0,11,500,0),(247,12,480,500,15,15,7500,0,0,0,0,11,500,0),(248,12,483,250,59,59,14750,0,0,0,0,11,250,0),(249,12,486,250,74,74,18500,0,0,0,0,11,250,0),(250,12,482,250,55,55,13750,0,0,0,0,11,250,0),(251,12,780650501,10,1057,1057,10570,0,0,0,0,11,10,0),(252,12,780726641,10,407,407,4070,0,0,0,0,11,10,-7),(253,12,780726643,10,407,407,4070,0,0,0,0,11,10,-2),(254,12,780726642,20,407,407,8140,0,0,0,0,11,20,-8),(255,12,780726639,10,407,407,4070,0,0,0,0,11,10,-3),(256,12,780726602,10,407,407,4070,0,0,0,0,11,10,-3),(257,12,780727277,10,407,407,4070,0,0,0,0,11,10,-1),(258,12,780726605,10,407,407,4070,0,0,0,0,11,10,-9),(259,12,780726604,10,407,407,4070,0,0,0,0,11,10,-4),(260,12,487,50,50,50,2500,0,0,0,0,11,50,0),(261,12,488,50,50,50,2500,0,0,0,0,11,50,0),(262,12,780727278,60,288,288,17280,0,0,0,0,11,60,0),(263,12,780727279,50,228,228,11400,0,0,0,0,11,50,0),(264,12,780727280,24,290,290,6960,0,0,0,0,11,24,0),(265,12,489,100,95,95,9500,0,0,0,0,11,100,0),(266,13,780727253,12,1657,1657,19884,0,0,0,0,12,12,-2),(267,13,780727255,12,2212,2212,26544,0,0,0,0,12,12,0),(268,13,780727254,12,1657,1657,19884,0,0,0,0,12,12,-2),(269,13,780727256,12,2212,2212,26544,0,0,0,0,12,12,-2),(270,13,780727257,48,337,337,16176,0,0,0,0,12,48,-2),(271,13,586001270,24,450,450,10800,0,0,0,0,12,24,-9),(272,13,395,24,1904,1904,45696,0,0,0,0,12,24,1),(273,14,780727245,48,536,536,25728,0,0,0,0,13,48,-1),(274,14,780727246,48,536,536,25728,0,0,0,0,13,48,-1),(275,14,780727243,48,536,536,25728,0,0,0,0,13,48,-1),(276,14,780727241,48,536,536,25728,0,0,0,0,13,48,-1),(277,14,780727242,48,536,536,25728,0,0,0,0,13,48,-2),(278,14,780727244,48,536,536,25728,0,0,0,0,13,48,-1),(279,14,780727249,48,536,536,25728,0,0,0,0,13,48,-1),(280,14,780727250,48,536,536,25728,0,0,0,0,13,48,-1),(281,14,780727252,48,536,536,25728,0,0,0,0,13,48,-1),(282,14,780727248,48,536,536,25728,0,0,0,0,13,48,-1),(283,14,780727247,48,536,536,25728,0,0,0,0,13,48,-1),(284,14,780727227,15,988,988,14820,0,0,0,0,13,15,0),(285,14,780727240,15,988,988,14820,0,0,0,0,13,15,0),(286,14,780727232,15,988,988,14820,0,0,0,0,13,15,0),(287,14,780727233,15,988,988,14820,0,0,0,0,13,15,0),(288,14,780727237,15,988,988,14820,0,0,0,0,13,15,-1),(289,14,780727234,15,988,988,14820,0,0,0,0,13,15,0),(290,14,780727231,15,988,988,14820,0,0,0,0,13,15,0),(291,14,780727229,15,988,988,14820,0,0,0,0,13,15,0),(292,14,780727230,15,988,988,14820,0,0,0,0,13,15,0),(293,14,780727238,15,988,988,14820,0,0,0,0,13,15,0),(294,14,780727251,48,536,536,25728,0,0,0,0,13,48,-1),(295,14,586001323,24,823,823,19752,0,0,0,0,13,24,-19),(296,14,780727235,48,913,913,43824,0,0,0,0,13,48,-1),(297,14,586001213,900,52,57,46800,0,0,0,0,13,900,-152),(298,14,780727239,24,1235,1235,29640,0,0,0,0,13,24,0),(299,14,780727236,24,2350,2350,56400,0,0,0,0,13,24,-1),(300,14,586001024,48,695,695,33360,0,0,0,0,13,48,-28),(301,15,586001127,50,61,61,3050,0,0,0,0,14,50,-2),(302,15,586001124,250,108,151,27000,0,0,0,0,14,250,-124),(303,15,780726675,300,81,81,24300,0,0,0,0,14,300,-48),(304,15,780726673,300,81,81,24300,0,0,0,0,14,300,-71),(305,15,780726674,300,81,81,24300,0,0,0,0,14,300,111),(306,15,780726672,300,81,81,24300,0,0,0,0,14,300,-72),(307,15,780726679,300,81,81,24300,0,0,0,0,14,300,-54),(308,15,780726680,250,108,108,27000,0,0,0,0,14,250,-50),(309,15,780726676,250,101,101,25250,0,0,0,0,14,250,-14),(310,15,780726677,250,108,108,27000,0,0,0,0,14,250,-84),(311,15,780726671,250,108,108,27000,0,0,0,0,14,250,-64),(312,15,780726681,150,94,94,14100,0,0,0,0,14,150,-6),(313,15,780726682,150,94,94,14100,0,0,0,0,14,150,-11),(314,15,780726684,150,94,94,14100,0,0,0,0,14,150,-12),(315,15,780726683,150,94,94,14100,0,0,0,0,14,150,0),(316,15,780726685,150,94,94,14100,0,0,0,0,14,150,-2),(317,15,780726664,24,887,887,21288,0,0,0,0,14,24,-1),(318,15,780726666,24,384,384,9216,0,0,0,0,14,24,0),(319,15,780726669,36,327,327,11772,0,0,0,0,14,36,-10),(320,15,780726670,36,371,371,13356,0,0,0,0,14,36,-12),(321,15,780726667,50,1159,1159,57950,0,0,0,0,14,50,-2),(322,16,780727339,22500,12,12,270000,0,0,0,0,21,22500,-120),(323,16,780727340,9000,14,14,126000,0,0,0,0,21,9000,0),(324,17,586001104,36,332,332,11952,0,0,0,0,20,36,-41),(325,18,586001094,25,370,370,9250,0,0,0,0,19,25,-64),(326,18,586001099,25,370,370,9250,0,0,0,0,19,25,-34),(327,18,780727313,25,258,258,6450,0,0,0,0,19,25,-4),(328,18,780727314,25,258,258,6450,0,0,0,0,19,25,-4),(329,18,780727312,25,258,258,6450,0,0,0,0,19,25,-2),(330,18,780727315,25,258,258,6450,0,0,0,0,19,25,-4),(331,18,586001103,25,370,370,9250,0,0,0,0,19,25,-73),(332,18,586001312,48,1209,1209,58032,0,0,0,0,19,48,-20),(333,19,780726832,144,615,615,88560,0,0,0,0,18,144,-3),(334,19,780726664,72,887,887,63864,0,0,0,0,18,72,21),(335,19,780726834,225,286,286,64350,0,0,0,0,18,225,-59),(336,19,780726839,84,132,132,11088,0,0,0,0,18,84,-3),(337,19,780726835,72,805,805,57960,0,0,0,0,18,72,-3),(338,19,780726836,216,237,237,51192,0,0,0,0,18,216,-2),(339,19,780726840,1800,124,124,223200,0,0,0,0,18,1800,-44),(340,19,780726843,75,1399,1399,104925,0,0,0,0,18,75,-5),(341,19,780726695,60,655,655,39300,0,0,0,0,18,60,47),(342,19,780726692,30,265,265,7950,0,0,0,0,18,30,30),(343,19,780726838,30,265,265,7950,0,0,0,0,18,30,0),(344,19,780726693,30,265,265,7950,0,0,0,0,18,30,26),(345,19,780726694,30,265,265,7950,0,0,0,0,18,30,25),(346,19,780726844,36,285,285,10260,0,0,0,0,18,36,-9),(347,19,780726841,36,455,455,16380,0,0,0,0,18,36,-1),(348,19,780726691,180,132,131,23760,0,0,0,0,18,180,123),(349,19,780726667,100,1159,1159,115900,0,0,0,0,18,100,48),(350,19,780726837,144,287,287,41328,0,0,0,0,18,144,-15),(351,19,780726842,960,488,488,468480,0,0,0,0,18,960,-15),(352,20,586000940,150,172,241,25800,0,0,0,0,16,150,-10),(353,20,586000932,150,172,241,25800,0,0,0,0,16,150,-14),(354,20,586000933,150,172,241,25800,0,0,0,0,16,150,-11),(355,20,586000948,150,172,229,25800,0,0,0,0,16,150,-51),(356,20,586000931,150,172,241,25800,0,0,0,0,16,150,-9),(357,20,586001003,150,172,241,25800,0,0,0,0,16,150,-5),(358,20,586000930,100,108,151,10800,0,0,0,0,16,100,-15),(359,20,586000938,100,108,151,10800,0,0,0,0,16,100,-33),(360,20,586000939,100,108,151,10800,0,0,0,0,16,100,-10),(361,20,586000937,100,108,151,10800,0,0,0,0,16,100,-22),(362,20,586000935,100,108,151,10800,0,0,0,0,16,100,-20),(363,20,586000936,100,108,151,10800,0,0,0,0,16,100,-15),(364,20,586000934,100,108,151,10800,0,0,0,0,16,100,-15),(365,20,586000942,50,280,392,14000,0,0,0,0,16,50,-19),(366,20,586000946,50,547,765,27350,0,0,0,0,16,50,-3),(367,20,586000950,25,741,1037,18525,0,0,0,0,16,25,-19),(368,20,586000951,100,215,301,21500,0,0,0,0,16,100,-44),(369,20,586000949,30,851,1190,25530,0,0,0,0,16,30,-29),(370,20,586000947,30,981,1372,29430,0,0,0,0,16,30,-11),(371,20,586000945,150,108,171,16200,0,0,0,0,16,150,-43),(372,20,586000944,150,108,171,16200,0,0,0,0,16,150,-55),(373,20,586000943,150,108,171,16200,0,0,0,0,16,150,-30),(374,20,586000941,150,108,171,16200,0,0,0,0,16,150,-39),(375,21,586001127,150,61,61,9150,0,0,0,0,17,150,48),(376,21,780726673,600,81,81,48600,0,0,0,0,17,600,229),(377,21,780726674,600,81,81,48600,0,0,0,0,17,600,409),(378,21,780726672,600,81,81,48600,0,0,0,0,17,600,226),(379,21,780726679,600,81,81,48600,0,0,0,0,17,600,243),(380,21,780726680,500,108,108,54000,0,0,0,0,17,500,200),(381,21,780726671,500,108,108,54000,0,0,0,0,17,500,185),(382,21,780726681,300,94,94,28200,0,0,0,0,17,300,144),(383,21,780726682,200,94,94,18800,0,0,0,0,17,200,139),(384,21,780726684,300,94,94,28200,0,0,0,0,17,300,138),(385,21,780726683,300,94,94,28200,0,0,0,0,17,300,150),(386,21,780726685,300,94,94,28200,0,0,0,0,17,300,78),(387,21,780726832,144,615,615,88560,0,0,0,0,17,144,-4),(388,21,780726833,144,912,912,131328,0,0,0,0,17,144,-2),(389,21,780726831,72,994,994,71568,0,0,0,0,17,72,-4),(390,21,780726834,225,286,286,64350,0,0,0,0,17,225,-72),(391,21,780726835,72,805,805,57960,0,0,0,0,17,72,-3),(392,21,780726836,144,237,237,34128,0,0,0,0,17,144,-2),(393,21,780726837,96,287,287,27552,0,0,0,0,17,96,-18),(394,22,586001105,144,595,832,85680,0,0,0,0,15,144,-108),(395,22,586001100,144,646,904,93024,0,0,0,0,15,144,-20),(396,22,586001164,560,587,587,328720,0,0,0,0,15,560,308),(397,22,586001313,240,685,959,164400,0,0,0,0,15,240,-119),(398,22,586001319,240,922,1290,221280,0,0,0,0,15,240,-60),(399,22,586000926,144,1136,1136,163584,0,0,0,0,15,144,-13),(400,22,586001216,1000,117,117,117000,0,0,0,0,15,1000,-135),(401,22,586001215,720,387,387,278640,0,0,0,0,15,720,-60),(402,22,586001214,720,387,387,278640,0,0,0,0,15,720,-64),(403,22,586001004,144,130,183,18720,0,0,0,0,15,144,-68),(404,22,586001005,144,131,183,18864,0,0,0,0,15,144,-76),(405,22,780726830,144,130,130,18720,0,0,0,0,15,144,-29),(406,22,780726829,144,131,131,18864,0,0,0,0,15,144,-19),(407,22,586001022,144,252,252,36288,0,0,0,0,15,144,-91),(408,22,586001017,144,252,252,36288,0,0,0,0,15,144,-42),(409,22,586001019,144,252,252,36288,0,0,0,0,15,144,-64),(410,22,586001049,10,3226,3226,32260,0,0,0,0,15,10,-10),(411,22,780726828,10,3516,3516,35160,0,0,0,0,15,10,-1),(412,22,780726827,10,2800,2800,28000,0,0,0,0,15,10,-10),(413,22,780726826,10,1863,1863,18630,0,0,0,0,15,10,-8),(414,22,586001120,1000,76,107,76000,0,0,0,0,15,1000,-345),(415,22,586001107,1000,100,151,100000,0,0,0,0,15,1000,-365),(416,22,586001115,1000,89,124,89000,0,0,0,0,15,1000,-182),(417,23,586001169,24,717,1003,17208,0,0,0,0,22,24,0),(418,23,586001179,144,32,45,4608,0,0,0,0,22,144,-36),(419,23,586001175,12,78,109,936,0,0,0,0,22,12,-12),(420,23,586001171,144,50,70,7200,0,0,0,0,22,144,-12),(421,23,586001170,144,22,31,3168,0,0,0,0,22,144,-24),(422,23,586001180,12,126,176,1512,0,0,0,0,22,12,-11),(423,23,586001174,12,956,1337,11472,0,0,0,0,22,12,0),(424,23,586001176,10,185,259,1850,0,0,0,0,22,10,-10),(425,23,586001187,2,18874,26408,37748,0,0,0,0,22,2,0),(426,23,586001185,18,1998,2796,35964,0,0,0,0,22,18,0),(427,23,586001186,2,9055,12670,18110,0,0,0,0,22,2,0),(428,23,586001172,9,4817,6740,43353,0,0,0,0,22,9,0),(429,23,586001194,18,1428,1998,25704,0,0,0,0,22,18,0),(430,23,586001189,18,1428,1998,25704,0,0,0,0,22,18,-2),(431,23,586001190,9,3689,5162,33201,0,0,0,0,22,9,0),(432,23,586001191,9,3689,5162,33201,0,0,0,0,22,9,0),(433,23,586001173,9,4817,6740,43353,0,0,0,0,22,9,0),(434,23,586001188,9,4593,6426,41337,0,0,0,0,22,9,0),(435,23,586001182,18,1517,2122,27306,0,0,0,0,22,18,0),(436,23,586001183,18,1517,2122,27306,0,0,0,0,22,18,0),(437,23,586001184,9,3336,4667,30024,0,0,0,0,22,9,-1),(438,23,586001192,9,4593,6426,41337,0,0,0,0,22,9,0),(439,23,586001193,1,14042,19647,14042,0,0,0,0,22,1,0),(440,23,586001181,24,587,821,14088,0,0,0,0,22,24,-19),(441,23,586001177,12,415,580,4980,0,0,0,0,22,12,-1),(442,23,586001178,48,605,847,29040,0,0,0,0,22,48,-5),(443,24,586001291,60,881,1232,52860,0,0,0,0,23,60,-12),(444,24,586001292,60,269,377,16140,0,0,0,0,23,60,-6),(445,24,586001293,72,279,390,20088,0,0,0,0,23,72,-20),(446,24,586001288,5,722,1010,3610,0,0,0,0,23,5,0),(447,24,780726601,250,134,187,33500,0,0,0,0,23,250,-23),(448,24,586001305,20,164,229,3280,0,0,0,0,23,20,0),(449,24,586001306,20,382,534,7640,0,0,0,0,23,20,-7),(450,24,586001297,10,763,1068,7630,0,0,0,0,23,10,0),(451,24,586001308,20,186,260,3720,0,0,0,0,23,20,-5),(452,24,586001309,20,218,305,4360,0,0,0,0,23,20,-2),(453,24,586001299,10,318,445,3180,0,0,0,0,23,10,-1),(454,24,586001298,10,171,239,1710,0,0,0,0,23,10,0),(455,24,586001302,250,95,133,23750,0,0,0,0,23,250,-31),(456,24,586001303,50,325,455,16250,0,0,0,0,23,50,-15),(457,24,586001307,10,1055,1476,10550,0,0,0,0,23,10,-2),(458,24,586001300,10,800,1120,8000,0,0,0,0,23,10,-2),(459,24,586001304,10,993,1389,9930,0,0,0,0,23,10,-4),(460,24,586001285,24,1119,1119,26856,0,0,0,0,23,24,-10),(461,24,586001289,48,445,623,21360,0,0,0,0,23,48,-13),(462,24,586001301,20,607,849,12140,0,0,0,0,23,20,-9),(463,24,586001290,2,9225,12907,18450,0,0,0,0,23,2,-1),(464,24,586001294,2,13555,18965,27110,0,0,0,0,23,2,-1),(465,24,586001295,4,15890,22233,63560,0,0,0,0,23,4,0),(466,24,780726678,72,182,182,13104,0,0,0,0,23,72,-14),(467,24,586001286,20,330,462,6600,0,0,0,0,23,20,-13),(468,24,586001287,20,226,316,4520,0,0,0,0,23,20,-5),(469,24,586001296,60,677,947,40620,0,0,0,0,23,60,-13),(470,25,780727325,24,1454,1454,34896,0,0,0,0,24,24,-1),(471,26,492,5,2316,2316,11580,0,0,0,0,25,5,0),(472,26,490,5,2316,2316,11580,0,0,0,0,25,5,0),(473,26,491,5,2316,2316,11580,0,0,0,0,25,5,0),(474,26,495,5,1844,1844,9220,0,0,0,0,25,5,0),(475,26,496,5,1844,1844,9220,0,0,0,0,25,5,0),(476,26,494,5,1844,1844,9220,0,0,0,0,25,5,0),(477,26,493,5,1844,1844,9220,0,0,0,0,25,5,0),(478,26,780727318,20,738,738,14760,0,0,0,0,25,20,-2),(479,26,780727319,20,738,738,14760,0,0,0,0,25,20,-3),(480,26,780727316,20,738,738,14760,0,0,0,0,25,20,-8),(481,26,780727321,10,1419,1419,14190,0,0,0,0,25,10,-5),(482,26,780727323,10,1853,1853,18530,0,0,0,0,25,10,0),(483,26,780727324,10,1419,1419,14190,0,0,0,0,25,10,-5),(484,26,780727317,20,738,738,14760,0,0,0,0,25,20,-3),(485,26,780727322,20,738,738,14760,0,0,0,0,25,20,0),(486,26,780727320,10,1419,1419,14190,0,0,0,0,25,10,0),(487,27,780727306,25,858,858,21450,0,0,0,0,26,25,-1),(488,27,780727308,25,858,858,21450,0,0,0,0,26,25,-3),(489,27,780727311,25,858,858,21450,0,0,0,0,26,25,0),(490,27,780727310,25,858,858,21450,0,0,0,0,26,25,-2),(491,27,780727307,25,858,858,21450,0,0,0,0,26,25,-1),(492,27,780727283,1,1257,1257,1257,0,0,0,0,26,1,-1),(493,27,780727305,25,452,452,11300,0,0,0,0,26,25,-1),(494,27,780727302,25,858,858,21450,0,0,0,0,26,25,-1),(495,27,780727301,25,858,858,21450,0,0,0,0,26,25,-1),(496,27,780727304,25,858,858,21450,0,0,0,0,26,25,0),(497,27,780727303,25,858,858,21450,0,0,0,0,26,25,-1),(498,27,780727309,25,546,546,13650,0,0,0,0,26,25,0),(499,27,780727300,20,858,858,17160,0,0,0,0,26,20,-1),(500,27,780727287,20,858,858,17160,0,0,0,0,26,20,0),(501,27,780727288,20,858,858,17160,0,0,0,0,26,20,-1),(502,27,780727286,20,858,858,17160,0,0,0,0,26,20,-1),(503,27,780727290,1,1488,1488,1488,0,0,0,0,26,1,0),(504,27,780727289,1,1488,1488,1488,0,0,0,0,26,1,0),(505,27,780727291,8,1458,1458,11664,0,0,0,0,26,8,0),(506,27,780727292,8,1458,1458,11664,0,0,0,0,26,8,0),(507,27,780727297,8,1458,1458,11664,0,0,0,0,26,8,0),(508,27,780727285,50,512,512,25600,0,0,0,0,26,50,-2),(509,27,780727284,24,299,299,7176,0,0,0,0,26,24,0),(510,27,780727282,20,898,898,17960,0,0,0,0,26,20,0),(511,27,780727296,15,1458,1458,21870,0,0,0,0,26,15,-2),(512,27,780727299,15,1458,1458,21870,0,0,0,0,26,15,-2),(513,27,780727295,15,1458,1458,21870,0,0,0,0,26,15,-2),(514,27,780727298,15,1458,1458,21870,0,0,0,0,26,15,0),(515,27,780727294,15,1458,1458,21870,0,0,0,0,26,15,0),(516,27,780727293,1,1488,1488,1488,0,0,0,0,26,1,0),(517,27,586001083,50,360,360,18000,0,0,0,0,26,50,-83),(518,27,586001032,200,188,188,37600,0,0,0,0,26,200,-110),(519,27,586001053,50,777,777,38850,0,0,0,0,26,50,-20),(520,28,586001256,300,1547,1300,464100,0,0,0,0,0,0,-69),(521,28,586001267,380,1071,900,406980,0,0,0,0,0,0,-78),(522,28,586001272,432,46,0,19872,0,0,0,0,0,0,-463),(523,28,586001255,70,1160,975,81200,0,0,0,0,0,0,-129),(524,29,586001125,300,61,61,18300,0,0,0,0,27,300,-10),(525,29,586001122,300,61,61,18300,0,0,0,0,27,300,-5),(526,29,586001123,300,61,61,18300,0,0,0,0,27,300,-1),(527,29,586001127,250,61,61,15250,0,0,0,0,27,250,198),(528,29,586001109,300,61,61,18300,0,0,0,0,27,300,-3),(529,29,586001110,300,61,61,18300,0,0,0,0,27,300,-6),(530,29,586001108,300,61,61,18300,0,0,0,0,27,300,-8),(531,29,586001106,300,61,61,18300,0,0,0,0,27,300,-5),(532,29,586001118,300,81,113,24300,0,0,0,0,27,300,-177),(533,29,586001116,300,81,113,24300,0,0,0,0,27,300,-189),(534,29,586001119,300,81,113,24300,0,0,0,0,27,300,-116),(535,29,586001117,300,81,113,24300,0,0,0,0,27,300,-128),(536,29,586001121,300,81,113,24300,0,0,0,0,27,300,-228),(537,29,586001126,300,81,113,24300,0,0,0,0,27,300,-179),(538,29,586001120,300,81,76,24300,0,0,0,0,27,300,651),(539,29,586001124,50,108,108,5400,0,0,0,0,27,50,125),(540,29,586001114,250,108,151,27000,0,0,0,0,27,250,-44),(541,29,586001107,300,100,100,30000,0,0,0,0,27,300,633),(542,29,586001113,150,94,131,14100,0,0,0,0,27,150,-7),(543,29,586001111,150,94,131,14100,0,0,0,0,27,150,-1),(544,29,586001112,150,94,131,14100,0,0,0,0,27,150,-6),(545,29,586001115,150,89,89,13350,0,0,0,0,27,150,817),(546,30,586000994,24,561,785,13464,0,0,0,0,28,24,0),(547,30,586000995,72,652,912,46944,0,0,0,0,28,72,-2),(548,30,586000993,24,633,886,15192,0,0,0,0,28,24,-1),(549,30,586000991,144,726,1016,104544,0,0,0,0,28,144,-16),(550,30,586000992,72,596,834,42912,0,0,0,0,28,72,-18),(551,31,586000988,45,262,367,11790,0,0,0,0,29,45,-17),(552,31,586000984,18,1508,2110,27144,0,0,0,0,29,18,-1),(553,31,586000987,36,1305,1826,46980,0,0,0,0,29,36,-1),(554,31,586000989,36,1220,1707,43920,0,0,0,0,29,36,-7),(555,31,586000990,45,1039,1454,46755,0,0,0,0,29,45,-8),(556,31,586000986,18,1422,1990,25596,0,0,0,0,29,18,0),(557,31,586000985,18,1422,1990,25596,0,0,0,0,29,18,-10),(558,31,586000983,18,1422,1990,25596,0,0,0,0,29,18,-3),(559,32,586000982,72,753,1054,54216,0,0,0,0,30,72,-6),(560,32,586000981,72,825,1151,59400,0,0,0,0,30,72,-35),(561,33,586001074,36,772,649,27792,0,0,0,0,31,36,-4),(562,33,586001072,36,1490,1252,53640,0,0,0,0,31,36,-7),(563,33,586001071,36,1188,998,42768,0,0,0,0,31,36,-19),(564,33,586001075,120,105,88,12600,0,0,0,0,31,120,-8),(565,33,586001073,36,640,538,23040,0,0,0,0,31,36,-17),(566,33,586001076,30,237,199,7110,0,0,0,0,31,30,-5),(567,33,586001078,60,251,211,15060,0,0,0,0,31,60,-1),(568,33,586001079,12,237,199,2844,0,0,0,0,31,12,0),(569,33,586001077,12,237,199,2844,0,0,0,0,31,12,-4),(570,33,586001064,36,665,559,23940,0,0,0,0,31,36,-10),(571,33,586001070,36,671,564,24156,0,0,0,0,31,36,-19),(572,33,586001063,36,665,559,23940,0,0,0,0,31,36,-11),(573,33,586001061,24,164,138,3936,0,0,0,0,31,24,-13),(574,33,586001067,1,113490,95370,113490,0,0,0,0,31,1,0),(575,33,586001065,5,721,606,3605,0,0,0,0,31,5,0),(576,33,586001068,5,2379,1999,11895,0,0,0,0,31,5,0),(577,33,586001062,5,800,672,4000,0,0,0,0,31,5,0),(578,33,586001069,50,351,295,17550,0,0,0,0,31,50,-5),(579,33,586001066,50,253,213,12650,0,0,0,0,31,50,-25),(580,34,586001053,25,777,777,19425,0,0,0,0,32,25,-20),(581,34,586001059,25,696,974,17400,0,0,0,0,32,25,-6),(582,34,586001057,25,973,1361,24325,0,0,0,0,32,25,-26),(583,34,586001060,25,963,1348,24075,0,0,0,0,32,25,-25),(584,34,586001046,20,993,1389,19860,0,0,0,0,32,20,-16),(585,34,586001058,25,963,1348,24075,0,0,0,0,32,25,-21),(586,34,586001056,24,224,313,5376,0,0,0,0,32,24,0),(587,34,586001054,24,284,397,6816,0,0,0,0,32,24,-5),(588,34,586001045,6,547,765,3282,0,0,0,0,32,6,-4),(589,34,586001048,2,12372,17310,24744,0,0,0,0,32,2,0),(590,34,586001047,100,22,31,2200,0,0,0,0,32,100,-247),(591,34,586001044,100,24,34,2400,0,0,0,0,32,100,-199),(592,34,586001049,4,3226,3226,12904,0,0,0,0,32,4,0),(593,34,586001050,6,1382,1934,8292,0,0,0,0,32,6,-2),(594,34,586001052,12,902,1262,10824,0,0,0,0,32,12,0),(595,34,586001055,30,244,342,7320,0,0,0,0,32,30,-19),(596,35,586001025,144,633,886,91152,0,0,0,0,33,144,-55),(597,35,586001024,72,695,695,50040,0,0,0,0,33,72,16),(598,35,586001023,72,670,937,48240,0,0,0,0,33,72,-1),(599,36,390,4900,69,0,338100,0,0,0,0,34,4900,-1206),(600,37,586001030,144,116,163,16704,0,0,0,0,35,144,-46),(601,37,586001026,144,71,100,10224,0,0,0,0,35,144,-96),(602,37,586001027,144,99,139,14256,0,0,0,0,35,144,-76),(603,37,586001034,60,580,812,34800,0,0,0,0,35,60,-10),(604,37,586001028,60,580,812,34800,0,0,0,0,35,60,-25),(605,37,586001029,60,580,812,34800,0,0,0,0,35,60,-8),(606,37,586001043,96,533,746,51168,0,0,0,0,35,96,-22),(607,37,586001040,96,533,746,51168,0,0,0,0,35,96,-29),(608,37,586001041,36,533,746,19188,0,0,0,0,35,36,0),(609,37,586001031,60,673,942,40380,0,0,0,0,35,60,-37),(610,37,586001033,30,490,685,14700,0,0,0,0,35,30,-11),(611,37,780726660,500,71,100,35500,0,0,0,0,35,500,-57),(612,37,586001032,100,188,188,18800,0,0,0,0,35,100,-112),(613,37,586001038,40,705,986,28200,0,0,0,0,35,40,-12),(614,37,586001035,60,1372,1919,82320,0,0,0,0,35,60,-42),(615,37,586001036,60,1530,2141,91800,0,0,0,0,35,60,-16),(616,37,586001039,40,2221,3107,88840,0,0,0,0,35,40,-2),(617,37,586001037,40,457,640,18280,0,0,0,0,35,40,-22),(618,37,586001042,60,1404,1964,84240,0,0,0,0,35,60,-30);

/*Table structure for table `com_recepcion_productos` */


CREATE TABLE `com_recepcion_productos` (
  `rec_numero` int(10) NOT NULL DEFAULT '0',
  `rec_fecha` date DEFAULT NULL,
  `prv_rut` varchar(10) NOT NULL DEFAULT '',
  `rec_total` int(10) DEFAULT '0',
  `rec_estado` int(1) DEFAULT '0' COMMENT '0=pendiente 1=de alta 2=descuadrada',
  `rec_hora` varchar(10) NOT NULL DEFAULT '',
  `fco_id` int(10) unsigned NOT NULL DEFAULT '0',
  `oco_id` int(10) unsigned NOT NULL DEFAULT '0',
  `rec_cambio_precios` int(1) unsigned NOT NULL DEFAULT '0' COMMENT '0=sin cambio 1=con cambio',
  `usu_nusuario` varchar(15) NOT NULL DEFAULT '',
  `rec_sala_bodega` int(1) unsigned NOT NULL DEFAULT '0' COMMENT '0=Sala/1=Bodega',
  `rec_corregido_costos` char(2) NOT NULL DEFAULT 'NO',
  PRIMARY KEY (`rec_numero`),
  KEY `prv_rut` (`prv_rut`),
  KEY `fco_id` (`fco_id`),
  KEY `usu_nusuario` (`usu_nusuario`)
) ENGINE=InnoDB DEFAULT CHARSET=latin1 COMMENT='InnoDB free: 7168 kB';

/*Data for the table `com_recepcion_productos` */

insert  into `com_recepcion_productos`(`rec_numero`,`rec_fecha`,`prv_rut`,`rec_total`,`rec_estado`,`rec_hora`,`fco_id`,`oco_id`,`rec_cambio_precios`,`usu_nusuario`,`rec_sala_bodega`,`rec_corregido_costos`) values (1,'2016-03-04','92986000-4',2951800,2,'20:28:05',1,2,0,'admin',0,'NO'),(2,'2016-03-09','77532660-3',1104504,1,'18:31:14',2,3,0,'admin',0,'NO'),(3,'2016-03-10','92986000-4',61896,1,'18:51:40',3,4,0,'admin',0,'NO'),(4,'2016-03-29','77532660-3',1243824,1,'12:36:00',4,5,0,'admin',0,'NO'),(5,'2016-03-29','77532660-3',121872,1,'12:41:51',5,6,0,'admin',0,'NO'),(6,'2016-04-25','92986000-4',844100,2,'12:00:19',6,7,0,'admin',0,'NO'),(7,'2016-04-25','92986000-4',179745,1,'12:53:45',7,8,0,'admin',0,'NO'),(8,'2016-04-25','92986000-4',41850,2,'13:00:28',8,9,0,'admin',0,'NO'),(9,'2016-04-25','92986000-4',139230,1,'15:22:06',9,10,0,'admin',0,'NO'),(10,'2016-04-25','92986000-4',972356,0,'15:27:45',10,11,0,'admin',0,'NO'),(11,'2016-05-14','76041579-0',192340,1,'12:36:29',11,12,0,'admin',0,'NO'),(12,'2016-05-14','92986000-4',165528,1,'16:13:48',12,13,0,'admin',0,'NO'),(13,'2016-05-14','92986000-4',686712,1,'16:14:46',13,14,0,'admin',0,'NO'),(14,'2016-05-14','92986000-4',441882,1,'16:50:40',14,15,0,'admin',0,'NO'),(15,'2016-07-14','92986000-4',2294050,1,'15:56:41',15,22,0,'admin',0,'NO'),(16,'2016-07-14','92986000-4',431535,1,'16:05:00',16,20,0,'admin',0,'NO'),(17,'2016-07-14','92986000-4',918596,1,'16:09:10',17,21,0,'admin',0,'NO'),(18,'2016-07-14','92986000-4',1412347,1,'16:37:31',18,19,0,'admin',0,'NO'),(19,'2016-07-14','92986000-4',111582,1,'16:38:51',19,18,0,'admin',0,'NO'),(20,'2016-07-14','92986000-4',11952,1,'16:39:45',20,17,0,'admin',0,'NO'),(21,'2016-07-14','96800440-9',396000,1,'16:46:16',21,16,0,'admin',0,'NO'),(22,'2016-08-10','92986000-4',573752,1,'15:18:16',22,23,0,'admin',0,'NO'),(23,'2016-08-10','92986000-4',460518,1,'15:20:08',23,24,0,'admin',0,'NO'),(24,'2016-08-10','92986000-4',34896,1,'15:21:08',24,25,0,'admin',0,'NO'),(25,'2016-08-10','92986000-4',206520,1,'15:22:11',25,26,0,'admin',0,'NO'),(26,'2016-08-10','92986000-4',581889,1,'15:23:05',26,27,0,'admin',0,'NO'),(27,'2016-08-10','92986000-4',431500,1,'15:27:02',27,29,0,'admin',0,'NO'),(28,'2016-08-10','92986000-4',223056,1,'15:28:30',28,30,0,'admin',0,'NO'),(29,'2016-08-10','92986000-4',253377,1,'15:29:43',29,31,0,'admin',0,'NO'),(30,'2016-08-10','92986000-4',113616,1,'15:30:59',30,32,0,'admin',0,'NO'),(31,'2016-08-10','92986000-4',426860,1,'15:32:06',31,33,0,'admin',0,'NO'),(32,'2016-08-10','92986000-4',213318,1,'15:33:22',32,34,0,'admin',0,'NO'),(33,'2016-08-10','92986000-4',189432,1,'15:34:39',33,35,0,'admin',0,'NO'),(34,'2016-08-10','92986000-4',338100,1,'15:35:47',34,36,0,'admin',0,'NO'),(35,'2016-08-10','92986000-4',770168,1,'15:37:10',35,37,0,'admin',0,'NO');

/*Table structure for table `com_recepcion_productos_mov` */


CREATE TABLE `com_recepcion_productos_mov` (
  `rpm_id` int(10) NOT NULL AUTO_INCREMENT,
  `rec_numero` int(10) NOT NULL DEFAULT '0',
  `pro_codigo_plu` int(10) NOT NULL DEFAULT '0',
  `rpm_cantidad` double NOT NULL DEFAULT '0',
  `rpm_unitario` double NOT NULL DEFAULT '0',
  `rpm_total` double NOT NULL DEFAULT '0',
  `rpm_recepcionados` int(1) unsigned NOT NULL DEFAULT '0' COMMENT '0=En OC  1=SIN OC Recepcionado   2=SIN OC no recepcionado',
  `rpm_estado` varchar(18) NOT NULL DEFAULT '',
  `fco_id` int(10) unsigned NOT NULL DEFAULT '0',
  `rpm_solicitados_oc` double NOT NULL DEFAULT '0',
  `rpm_costo_distinto` int(1) unsigned NOT NULL DEFAULT '0' COMMENT '0=SI 1=NO ',
  `rpm_porcentaje_corregido` double NOT NULL DEFAULT '0',
  `rpm_precio_corregido` int(10) unsigned NOT NULL DEFAULT '0',
  `rpm_unidad_embalaje` int(1) unsigned NOT NULL DEFAULT '1' COMMENT '1=unidad/2=embalaje',
  `rpm_unitario_factura` double NOT NULL DEFAULT '0',
  `rpm_cantidad_factura` double NOT NULL DEFAULT '0',
  `rpm_stock_sv` double NOT NULL DEFAULT '0',
  `rpm_stock_bo` double NOT NULL DEFAULT '0',
  PRIMARY KEY (`rpm_id`),
  KEY `pro_codigo_plu` (`pro_codigo_plu`),
  KEY `rec_numero` (`rec_numero`)
) ENGINE=InnoDB AUTO_INCREMENT=509 DEFAULT CHARSET=latin1 ROW_FORMAT=DYNAMIC;

/*Data for the table `com_recepcion_productos_mov` */

insert  into `com_recepcion_productos_mov`(`rpm_id`,`rec_numero`,`pro_codigo_plu`,`rpm_cantidad`,`rpm_unitario`,`rpm_total`,`rpm_recepcionados`,`rpm_estado`,`fco_id`,`rpm_solicitados_oc`,`rpm_costo_distinto`,`rpm_porcentaje_corregido`,`rpm_precio_corregido`,`rpm_unidad_embalaje`,`rpm_unitario_factura`,`rpm_cantidad_factura`,`rpm_stock_sv`,`rpm_stock_bo`) values (1,1,586001159,240,663,159120,0,'RECEPCIONADO',1,240,0,0,0,1,663,240,-24,0),(2,1,586001150,240,587,140880,0,'RECEPCIONADO',1,240,0,0,0,1,587,240,-16,0),(3,1,586001147,320,587,187840,0,'RECEPCIONADO',1,320,0,0,0,1,587,320,-10,0),(4,1,586001160,240,663,159120,0,'RECEPCIONADO',1,240,0,0,0,1,663,240,-24,0),(5,1,586001149,240,587,140880,0,'RECEPCIONADO',1,240,0,0,0,1,587,240,-2,0),(6,1,586001148,120,587,70440,0,'RECEPCIONADO',1,120,0,0,0,1,587,120,-1,0),(7,1,586001146,240,587,140880,0,'RECEPCIONADO',1,240,0,0,0,1,587,240,-23,0),(8,1,586001158,240,663,159120,0,'RECEPCIONADO',1,240,0,0,0,1,663,240,-15,0),(9,1,586001151,400,327,130800,0,'RECEPCIONADO',1,400,0,0,0,1,327,400,-53,0),(10,1,586001156,400,327,130800,0,'RECEPCIONADO',1,400,0,0,0,1,327,400,-17,0),(11,1,586001157,400,327,130800,0,'RECEPCIONADO',1,400,0,0,0,1,327,400,-17,0),(12,1,586001153,320,327,104640,0,'RECEPCIONADO',1,320,0,0,0,1,327,320,-26,0),(13,1,586001154,400,327,130800,0,'RECEPCIONADO',1,400,0,0,0,1,327,400,-32,0),(14,1,586001155,240,327,78480,0,'RECEPCIONADO',1,240,0,0,0,1,327,240,-1,0),(15,1,586001161,150,93.6,14040,0,'RECEPCIONADO',1,150,0,0,0,1,93.6,150,-5,0),(16,1,586001162,150,93.6,14040,0,'RECEPCIONADO',1,150,0,0,0,1,93.6,150,-2,0),(17,1,586001167,240,663,159120,0,'RECEPCIONADO',1,240,0,0,0,1,663,240,-20,0),(18,1,586001164,480,587,281760,0,'RECEPCIONADO',1,480,0,0,0,1,587,480,-60,0),(19,1,586001165,240,587,140880,0,'RECEPCIONADO',1,240,0,0,0,1,587,240,-9,0),(20,1,586001168,240,663,159120,0,'RECEPCIONADO',1,240,0,0,0,1,663,240,-30,0),(21,1,586001166,240,663,159120,0,'RECEPCIONADO',1,240,0,0,0,1,663,240,-14,0),(22,1,586001163,240,663,159120,0,'RECEPCIONADO',1,240,0,0,0,1,663,240,-29,0),(23,2,780726748,72,311,22392,0,'RECEPCIONADO',2,72,0,0,0,1,311,72,-1,0),(24,2,780726747,72,311,22392,0,'RECEPCIONADO',2,72,0,0,0,1,311,72,0,0),(25,2,780726745,72,311,22392,0,'RECEPCIONADO',2,72,0,0,0,1,311,72,0,0),(26,2,780726746,72,311,22392,0,'RECEPCIONADO',2,72,0,0,0,1,311,72,0,0),(27,2,780726765,72,311,22392,0,'RECEPCIONADO',2,72,0,0,0,1,311,72,0,0),(28,2,780726760,288,370,106560,0,'RECEPCIONADO',2,288,0,0,0,1,370,288,0,0),(29,2,780726763,72,370,26640,0,'RECEPCIONADO',2,72,0,0,0,1,370,72,0,0),(30,2,780726762,72,370,26640,0,'RECEPCIONADO',2,72,0,0,0,1,370,72,0,0),(31,2,780726759,288,370,106560,0,'RECEPCIONADO',2,288,0,0,0,1,370,288,0,0),(32,2,780726764,72,370,26640,0,'RECEPCIONADO',2,72,0,0,0,1,370,72,0,0),(33,2,780726761,72,370,26640,0,'RECEPCIONADO',2,72,0,0,0,1,370,72,0,0),(34,2,780726758,72,500,36000,0,'RECEPCIONADO',2,72,0,0,0,1,500,72,-1,0),(35,2,780726754,144,682,98208,0,'RECEPCIONADO',2,144,0,0,0,1,682,144,-1,0),(36,2,780726756,36,682,24552,0,'RECEPCIONADO',2,36,0,0,0,1,682,36,0,0),(37,2,780726755,36,682,24552,0,'RECEPCIONADO',2,36,0,0,0,1,682,36,0,0),(38,2,780726753,72,682,49104,0,'RECEPCIONADO',2,72,0,0,0,1,682,72,0,0),(39,2,780726757,36,682,24552,0,'RECEPCIONADO',2,36,0,0,0,1,682,36,-1,0),(40,2,780726752,288,682,196416,0,'RECEPCIONADO',2,288,0,0,0,1,682,288,-1,0),(41,2,391,24,1357,32568,0,'RECEPCIONADO',2,24,0,0,0,1,1357,24,0,0),(42,2,392,24,1357,32568,0,'RECEPCIONADO',2,24,0,0,0,1,1357,24,0,0),(43,2,394,24,1357,32568,0,'RECEPCIONADO',2,24,0,0,0,1,1357,24,0,0),(44,2,393,24,1357,32568,0,'RECEPCIONADO',2,24,0,0,0,1,1357,24,0,0),(45,2,780726749,72,413,29736,0,'RECEPCIONADO',2,72,0,0,0,1,413,72,0,0),(46,2,780726750,72,413,29736,0,'RECEPCIONADO',2,72,0,0,0,1,413,72,0,0),(47,2,780726751,72,413,29736,0,'RECEPCIONADO',2,72,0,0,0,1,413,72,0,0),(48,3,395,24,1904,45696,0,'RECEPCIONADO',3,24,0,0,0,1,1904,24,0,0),(49,3,780726674,200,81,16200,0,'RECEPCIONADO',3,200,0,0,0,1,81,200,-68,0),(50,4,780726821,24,1358,32592,0,'RECEPCIONADO',4,24,0,0,0,1,1358,24,0,0),(51,4,407,24,414,9936,0,'RECEPCIONADO',4,144,0,0,0,1,414,24,-1,0),(52,4,410,288,414,119232,0,'RECEPCIONADO',4,288,0,0,0,1,414,288,0,0),(53,4,409,144,414,59616,0,'RECEPCIONADO',4,144,0,0,0,1,414,144,-1,0),(54,4,408,864,414,357696,0,'RECEPCIONADO',4,72,0,0,0,2,414,864,-1,0),(55,4,401,48,927,44496,0,'RECEPCIONADO',4,48,0,0,0,1,927,48,-2,0),(56,4,402,48,927,44496,0,'RECEPCIONADO',4,48,0,0,0,1,927,48,0,0),(57,4,400,96,927,88992,0,'RECEPCIONADO',4,96,0,0,0,1,927,96,-3,0),(58,4,404,144,100,14400,0,'RECEPCIONADO',4,144,0,0,0,1,100,144,-8,0),(59,4,403,144,100,14400,0,'RECEPCIONADO',4,144,0,0,0,1,100,144,-2,0),(60,4,405,72,100,7200,0,'RECEPCIONADO',4,72,0,0,0,1,100,72,-2,0),(61,4,406,600,356,213600,0,'RECEPCIONADO',4,600,0,0,0,1,356,600,-5,0),(62,4,399,144,1647,237168,0,'RECEPCIONADO',4,144,0,0,0,1,1647,144,-1,0),(63,5,397,144,370,53280,0,'RECEPCIONADO',5,144,0,0,0,1,370,144,0,0),(64,5,398,24,1358,32592,0,'RECEPCIONADO',5,24,0,0,0,1,1358,24,0,0),(65,5,780726824,72,500,36000,0,'RECEPCIONADO',5,72,0,0,0,1,500,72,-1,0),(66,6,780726823,50,114,5700,0,'RECEPCIONADO',6,50,0,0,0,1,114,50,-34,0),(67,6,586000971,200,232,46400,0,'RECEPCIONADO',6,200,0,0,0,1,232,200,-9,0),(68,6,586000970,200,232,46400,0,'RECEPCIONADO',6,200,0,0,0,1,232,200,-1,0),(69,6,586000977,200,232,46400,0,'RECEPCIONADO',6,200,0,0,0,1,232,200,-1,0),(70,6,586000980,200,232,46400,0,'RECEPCIONADO',6,200,0,0,0,1,232,200,-6,0),(71,6,586000978,200,232,46400,0,'RECEPCIONADO',6,200,0,0,0,1,232,200,-2,0),(72,6,586000967,50,290,14500,0,'RECEPCIONADO',6,50,0,0,0,1,290,50,-2,0),(73,6,586000979,50,290,14500,0,'RECEPCIONADO',6,50,0,0,0,1,290,50,-1,0),(74,6,586000976,50,290,14500,0,'RECEPCIONADO',6,50,0,0,0,1,290,50,-7,0),(75,6,586000956,50,290,14500,0,'RECEPCIONADO',6,50,0,0,0,1,290,50,0,0),(76,6,586001000,50,290,14500,0,'RECEPCIONADO',6,50,0,0,0,1,290,50,0,0),(77,6,586001002,50,290,14500,0,'RECEPCIONADO',6,50,0,0,0,1,290,50,0,0),(78,6,586001001,50,290,14500,0,'RECEPCIONADO',6,50,0,0,0,1,290,50,-1,0),(79,6,586000952,150,122,18300,0,'RECEPCIONADO',6,150,0,0,0,1,122,150,-10,0),(80,6,586000958,150,122,18300,0,'RECEPCIONADO',6,150,0,0,0,1,122,150,-6,0),(81,6,586000957,150,122,18300,0,'RECEPCIONADO',6,150,0,0,0,1,122,150,-12,0),(82,6,586000953,50,122,6100,0,'RECEPCIONADO',6,50,0,0,0,1,122,50,-5,0),(83,6,586000955,150,122,18300,0,'RECEPCIONADO',6,150,0,0,0,1,122,150,-5,0),(84,6,586000954,150,122,18300,0,'RECEPCIONADO',6,150,0,0,0,1,122,150,-15,0),(85,6,586000964,100,122,12200,0,'RECEPCIONADO',6,100,0,0,0,1,122,100,-1,0),(86,6,586000966,150,122,18300,0,'RECEPCIONADO',6,150,0,0,0,1,122,150,-6,0),(87,6,586000965,150,122,18300,0,'RECEPCIONADO',6,150,0,0,0,1,122,150,-4,0),(88,6,586000959,100,122,12200,0,'RECEPCIONADO',6,100,0,0,0,1,122,100,-3,0),(89,6,586000960,50,122,6100,0,'RECEPCIONADO',6,50,0,0,0,1,122,50,-11,0),(90,6,586000962,150,122,18300,0,'RECEPCIONADO',6,150,0,0,0,1,122,150,-10,0),(91,6,586000961,150,122,18300,0,'RECEPCIONADO',6,150,0,0,0,1,122,150,-17,0),(92,6,586000963,150,122,18300,0,'RECEPCIONADO',6,150,0,0,0,1,122,150,-10,0),(93,6,586000968,150,317,47550,0,'RECEPCIONADO',6,150,0,0,0,1,317,150,-4,0),(94,6,586000973,150,317,47550,0,'RECEPCIONADO',6,150,0,0,0,1,317,150,-1,0),(95,6,586000972,150,317,47550,0,'RECEPCIONADO',6,150,0,0,0,1,317,150,-5,0),(96,6,586000975,150,317,47550,0,'RECEPCIONADO',6,150,0,0,0,1,317,150,-1,0),(97,6,586000974,150,317,47550,0,'RECEPCIONADO',6,150,0,0,0,1,317,150,-1,0),(98,6,586000969,150,317,47550,0,'RECEPCIONADO',6,150,0,0,0,1,317,150,0,0),(99,7,780726695,60,655,39300,0,'RECEPCIONADO',7,60,0,0,0,1,655,60,-9,0),(100,7,780726692,30,265,7950,0,'RECEPCIONADO',7,30,0,0,0,1,265,30,0,0),(101,7,780726693,30,265,7950,0,'RECEPCIONADO',7,30,0,0,0,1,265,30,0,0),(102,7,780726694,30,265,7950,0,'RECEPCIONADO',7,30,0,0,0,1,265,30,-2,0),(103,7,780726691,180,131,23580,0,'RECEPCIONADO',7,180,0,0,0,1,131,180,-56,0),(104,7,780726696,195,477,93015,0,'RECEPCIONADO',7,195,0,0,0,1,477,195,-26,0),(105,8,780726825,30,1395,41850,0,'RECEPCIONADO',8,30,0,0,0,1,1395,30,-2,0),(106,9,586001259,90,1547,139230,0,'RECEPCIONADO',9,90,0,0,0,1,1547,90,-18,0),(111,11,484,500,28,14000,0,'RECEPCIONADO',11,500,0,0,0,1,28,500,0,0),(112,11,485,500,38,19000,0,'RECEPCIONADO',11,500,0,0,0,1,38,500,0,0),(113,11,481,500,15,7500,0,'RECEPCIONADO',11,500,0,0,0,1,15,500,0,0),(114,11,480,500,15,7500,0,'RECEPCIONADO',11,500,0,0,0,1,15,500,0,0),(115,11,483,250,59,14750,0,'RECEPCIONADO',11,250,0,0,0,1,59,250,0,0),(116,11,486,250,74,18500,0,'RECEPCIONADO',11,250,0,0,0,1,74,250,0,0),(117,11,482,250,55,13750,0,'RECEPCIONADO',11,250,0,0,0,1,55,250,0,0),(118,11,780650501,10,1057,10570,0,'RECEPCIONADO',11,10,0,0,0,1,1057,10,0,0),(119,11,780726641,10,407,4070,0,'RECEPCIONADO',11,10,0,0,0,1,407,10,-7,0),(120,11,780726643,10,407,4070,0,'RECEPCIONADO',11,10,0,0,0,1,407,10,-2,0),(121,11,780726642,20,407,8140,0,'RECEPCIONADO',11,20,0,0,0,1,407,20,-8,0),(122,11,780726639,10,407,4070,0,'RECEPCIONADO',11,10,0,0,0,1,407,10,-3,0),(123,11,780726602,10,407,4070,0,'RECEPCIONADO',11,10,0,0,0,1,407,10,-3,0),(124,11,780727277,10,407,4070,0,'RECEPCIONADO',11,10,0,0,0,1,407,10,-1,0),(125,11,780726605,10,407,4070,0,'RECEPCIONADO',11,10,0,0,0,1,407,10,-9,0),(126,11,780726604,10,407,4070,0,'RECEPCIONADO',11,10,0,0,0,1,407,10,-4,0),(127,11,487,50,50,2500,0,'RECEPCIONADO',11,50,0,0,0,1,50,50,0,0),(128,11,488,50,50,2500,0,'RECEPCIONADO',11,50,0,0,0,1,50,50,0,0),(129,11,780727278,60,288,17280,0,'RECEPCIONADO',11,60,0,0,0,1,288,60,0,0),(130,11,780727279,50,228,11400,0,'RECEPCIONADO',11,50,0,0,0,1,228,50,0,0),(131,11,780727280,24,290,6960,0,'RECEPCIONADO',11,24,0,0,0,1,290,24,0,0),(132,11,489,100,95,9500,0,'RECEPCIONADO',11,100,0,0,0,1,95,100,0,0),(133,12,780727253,12,1657,19884,0,'RECEPCIONADO',12,12,0,0,0,1,1657,12,-2,0),(134,12,780727255,12,2212,26544,0,'RECEPCIONADO',12,12,0,0,0,1,2212,12,0,0),(135,12,780727254,12,1657,19884,0,'RECEPCIONADO',12,12,0,0,0,1,1657,12,-2,0),(136,12,780727256,12,2212,26544,0,'RECEPCIONADO',12,12,0,0,0,1,2212,12,-2,0),(137,12,780727257,48,337,16176,0,'RECEPCIONADO',12,48,0,0,0,1,337,48,-2,0),(138,12,586001270,24,450,10800,0,'RECEPCIONADO',12,24,0,0,0,1,450,24,-9,0),(139,12,395,24,1904,45696,0,'RECEPCIONADO',12,24,0,0,0,1,1904,24,1,0),(140,13,780727245,48,536,25728,0,'RECEPCIONADO',13,48,0,0,0,1,536,48,-1,0),(141,13,780727246,48,536,25728,0,'RECEPCIONADO',13,48,0,0,0,1,536,48,-1,0),(142,13,780727243,48,536,25728,0,'RECEPCIONADO',13,48,0,0,0,1,536,48,-1,0),(143,13,780727241,48,536,25728,0,'RECEPCIONADO',13,48,0,0,0,1,536,48,-1,0),(144,13,780727242,48,536,25728,0,'RECEPCIONADO',13,48,0,0,0,1,536,48,-2,0),(145,13,780727244,48,536,25728,0,'RECEPCIONADO',13,48,0,0,0,1,536,48,-1,0),(146,13,780727249,48,536,25728,0,'RECEPCIONADO',13,48,0,0,0,1,536,48,-1,0),(147,13,780727250,48,536,25728,0,'RECEPCIONADO',13,48,0,0,0,1,536,48,-1,0),(148,13,780727252,48,536,25728,0,'RECEPCIONADO',13,48,0,0,0,1,536,48,-1,0),(149,13,780727248,48,536,25728,0,'RECEPCIONADO',13,48,0,0,0,1,536,48,-1,0),(150,13,780727247,48,536,25728,0,'RECEPCIONADO',13,48,0,0,0,1,536,48,-1,0),(151,13,780727227,15,988,14820,0,'RECEPCIONADO',13,15,0,0,0,1,988,15,0,0),(152,13,780727240,15,988,14820,0,'RECEPCIONADO',13,15,0,0,0,1,988,15,0,0),(153,13,780727232,15,988,14820,0,'RECEPCIONADO',13,15,0,0,0,1,988,15,0,0),(154,13,780727233,15,988,14820,0,'RECEPCIONADO',13,15,0,0,0,1,988,15,0,0),(155,13,780727237,15,988,14820,0,'RECEPCIONADO',13,15,0,0,0,1,988,15,-1,0),(156,13,780727234,15,988,14820,0,'RECEPCIONADO',13,15,0,0,0,1,988,15,0,0),(157,13,780727231,15,988,14820,0,'RECEPCIONADO',13,15,0,0,0,1,988,15,0,0),(158,13,780727229,15,988,14820,0,'RECEPCIONADO',13,15,0,0,0,1,988,15,0,0),(159,13,780727230,15,988,14820,0,'RECEPCIONADO',13,15,0,0,0,1,988,15,0,0),(160,13,780727238,15,988,14820,0,'RECEPCIONADO',13,15,0,0,0,1,988,15,0,0),(161,13,780727251,48,536,25728,0,'RECEPCIONADO',13,48,0,0,0,1,536,48,-1,0),(162,13,586001323,24,823,19752,0,'RECEPCIONADO',13,24,0,0,0,1,823,24,-19,0),(163,13,780727235,48,913,43824,0,'RECEPCIONADO',13,48,0,0,0,1,913,48,-1,0),(164,13,586001213,900,52,46800,0,'RECEPCIONADO',13,900,0,0,0,1,52,900,-152,0),(165,13,780727239,24,1235,29640,0,'RECEPCIONADO',13,24,0,0,0,1,1235,24,0,0),(166,13,780727236,24,2350,56400,0,'RECEPCIONADO',13,24,0,0,0,1,2350,24,-1,0),(167,13,586001024,48,695,33360,0,'RECEPCIONADO',13,48,0,0,0,1,695,48,-28,0),(172,14,586001127,50,61,3050,0,'RECEPCIONADO',14,50,0,0,0,1,61,50,-2,0),(173,14,586001124,250,108,27000,0,'RECEPCIONADO',14,250,0,0,0,1,108,250,-124,0),(174,14,780726675,300,81,24300,0,'RECEPCIONADO',14,300,0,0,0,1,81,300,-48,0),(175,14,780726673,300,81,24300,0,'RECEPCIONADO',14,300,0,0,0,1,81,300,-71,0),(176,14,780726674,300,81,24300,0,'RECEPCIONADO',14,300,0,0,0,1,81,300,111,0),(177,14,780726672,300,81,24300,0,'RECEPCIONADO',14,300,0,0,0,1,81,300,-72,0),(178,14,780726679,300,81,24300,0,'RECEPCIONADO',14,300,0,0,0,1,81,300,-54,0),(179,14,780726680,250,108,27000,0,'RECEPCIONADO',14,250,0,0,0,1,108,250,-50,0),(180,14,780726676,250,101,25250,0,'RECEPCIONADO',14,250,0,0,0,1,101,250,-14,0),(181,14,780726677,250,108,27000,0,'RECEPCIONADO',14,250,0,0,0,1,108,250,-84,0),(182,14,780726671,250,108,27000,0,'RECEPCIONADO',14,250,0,0,0,1,108,250,-64,0),(183,14,780726681,150,94,14100,0,'RECEPCIONADO',14,150,0,0,0,1,94,150,-6,0),(184,14,780726682,150,94,14100,0,'RECEPCIONADO',14,150,0,0,0,1,94,150,-11,0),(185,14,780726684,150,94,14100,0,'RECEPCIONADO',14,150,0,0,0,1,94,150,-12,0),(186,14,780726683,150,94,14100,0,'RECEPCIONADO',14,150,0,0,0,1,94,150,0,0),(187,14,780726685,150,94,14100,0,'RECEPCIONADO',14,150,0,0,0,1,94,150,-2,0),(188,14,780726664,24,887,21288,0,'RECEPCIONADO',14,24,0,0,0,1,887,24,-1,0),(189,14,780726666,24,384,9216,0,'RECEPCIONADO',14,24,0,0,0,1,384,24,0,0),(190,14,780726669,36,327,11772,0,'RECEPCIONADO',14,36,0,0,0,1,327,36,-10,0),(191,14,780726670,36,371,13356,0,'RECEPCIONADO',14,36,0,0,0,1,371,36,-12,0),(192,14,780726667,50,1159,57950,0,'RECEPCIONADO',14,50,0,0,0,1,1159,50,-2,0),(193,15,586001105,144,595,85680,0,'RECEPCIONADO',15,144,0,0,0,1,595,144,-109,0),(194,15,586001100,144,646,93024,0,'RECEPCIONADO',15,144,0,0,0,1,646,144,-20,0),(195,15,586001164,560,587,328720,0,'RECEPCIONADO',15,560,0,0,0,1,587,560,308,0),(196,15,586001313,240,685,164400,0,'RECEPCIONADO',15,240,0,0,0,1,685,240,-119,0),(197,15,586001319,240,922,221280,0,'RECEPCIONADO',15,240,0,0,0,1,922,240,-60,0),(198,15,586000926,144,1136,163584,0,'RECEPCIONADO',15,144,0,0,0,1,1136,144,-13,0),(199,15,586001216,1000,117,117000,0,'RECEPCIONADO',15,1000,0,0,0,1,117,1000,-135,0),(200,15,586001215,720,387,278640,0,'RECEPCIONADO',15,720,0,0,0,1,387,720,-60,0),(201,15,586001214,720,387,278640,0,'RECEPCIONADO',15,720,0,0,0,1,387,720,-64,0),(202,15,586001004,144,130,18720,0,'RECEPCIONADO',15,144,0,0,0,1,130,144,-69,0),(203,15,586001005,144,131,18864,0,'RECEPCIONADO',15,144,0,0,0,1,131,144,-77,0),(204,15,780726830,144,130,18720,0,'RECEPCIONADO',15,144,0,0,0,1,130,144,-30,0),(205,15,780726829,144,131,18864,0,'RECEPCIONADO',15,144,0,0,0,1,131,144,-20,0),(206,15,586001022,144,252,36288,0,'RECEPCIONADO',15,144,0,0,0,1,252,144,-93,0),(207,15,586001017,144,252,36288,0,'RECEPCIONADO',15,144,0,0,0,1,252,144,-45,0),(208,15,586001019,144,252,36288,0,'RECEPCIONADO',15,144,0,0,0,1,252,144,-67,0),(209,15,586001049,10,3226,32260,0,'RECEPCIONADO',15,10,0,0,0,1,3226,10,-10,0),(210,15,780726828,10,3516,35160,0,'RECEPCIONADO',15,10,0,0,0,1,3516,10,-1,0),(211,15,780726827,10,2800,28000,0,'RECEPCIONADO',15,10,0,0,0,1,2800,10,-10,0),(212,15,780726826,10,1863,18630,0,'RECEPCIONADO',15,10,0,0,0,1,1863,10,-8,0),(213,15,586001120,1000,76,76000,0,'RECEPCIONADO',15,1000,0,0,0,1,76,1000,-347,0),(214,15,586001107,1000,100,100000,0,'RECEPCIONADO',15,1000,0,0,0,1,100,1000,-367,0),(215,15,586001115,1000,89,89000,0,'RECEPCIONADO',15,1000,0,0,0,1,89,1000,-183,0),(216,16,586000940,150,172,25800,0,'RECEPCIONADO',16,150,0,0,0,1,172,150,-10,0),(217,16,586000932,150,172,25800,0,'RECEPCIONADO',16,150,0,0,0,1,172,150,-15,0),(218,16,586000933,150,172,25800,0,'RECEPCIONADO',16,150,0,0,0,1,172,150,-11,0),(219,16,586000948,150,172,25800,0,'RECEPCIONADO',16,150,0,0,0,1,172,150,-51,0),(220,16,586000931,150,172,25800,0,'RECEPCIONADO',16,150,0,0,0,1,172,150,-9,0),(221,16,586001003,150,172,25800,0,'RECEPCIONADO',16,150,0,0,0,1,172,150,-5,0),(222,16,586000930,100,108,10800,0,'RECEPCIONADO',16,100,0,0,0,1,108,100,-18,0),(223,16,586000938,100,108,10800,0,'RECEPCIONADO',16,100,0,0,0,1,108,100,-36,0),(224,16,586000939,100,108,10800,0,'RECEPCIONADO',16,100,0,0,0,1,108,100,-10,0),(225,16,586000937,100,108,10800,0,'RECEPCIONADO',16,100,0,0,0,1,108,100,-24,0),(226,16,586000935,100,108,10800,0,'RECEPCIONADO',16,100,0,0,0,1,108,100,-21,0),(227,16,586000936,100,108,10800,0,'RECEPCIONADO',16,100,0,0,0,1,108,100,-19,0),(228,16,586000934,100,108,10800,0,'RECEPCIONADO',16,100,0,0,0,1,108,100,-15,0),(229,16,586000942,50,280,14000,0,'RECEPCIONADO',16,50,0,0,0,1,280,50,-29,0),(230,16,586000946,50,547,27350,0,'RECEPCIONADO',16,50,0,0,0,1,547,50,-3,0),(231,16,586000950,25,741,18525,0,'RECEPCIONADO',16,25,0,0,0,1,741,25,-20,0),(232,16,586000951,100,215,21500,0,'RECEPCIONADO',16,100,0,0,0,1,215,100,-50,0),(233,16,586000949,30,851,25530,0,'RECEPCIONADO',16,30,0,0,0,1,851,30,-29,0),(234,16,586000947,30,981,29430,0,'RECEPCIONADO',16,30,0,0,0,1,981,30,-13,0),(235,16,586000945,150,108,16200,0,'RECEPCIONADO',16,150,0,0,0,1,108,150,-50,0),(236,16,586000944,150,108,16200,0,'RECEPCIONADO',16,150,0,0,0,1,108,150,-56,0),(237,16,586000943,150,108,16200,0,'RECEPCIONADO',16,150,0,0,0,1,108,150,-31,0),(238,16,586000941,150,108,16200,0,'RECEPCIONADO',16,150,0,0,0,1,108,150,-45,0),(257,17,586001127,150,61,9150,0,'RECEPCIONADO',17,150,0,0,0,1,61,150,48,0),(258,17,780726674,600,81,48600,0,'RECEPCIONADO',17,600,0,0,0,1,81,600,409,0),(259,17,780726672,600,81,48600,0,'RECEPCIONADO',17,600,0,0,0,1,81,600,226,0),(260,17,780726679,600,81,48600,0,'RECEPCIONADO',17,600,0,0,0,1,81,600,243,0),(261,17,780726680,500,108,54000,0,'RECEPCIONADO',17,500,0,0,0,1,108,500,200,0),(262,17,780726671,500,108,54000,0,'RECEPCIONADO',17,500,0,0,0,1,108,500,185,0),(263,17,780726681,300,94,28200,0,'RECEPCIONADO',17,300,0,0,0,1,94,300,144,0),(264,17,780726682,200,94,18800,0,'RECEPCIONADO',17,200,0,0,0,1,94,200,139,0),(265,17,780726684,300,94,28200,0,'RECEPCIONADO',17,300,0,0,0,1,94,300,138,0),(266,17,780726683,300,94,28200,0,'RECEPCIONADO',17,300,0,0,0,1,94,300,150,0),(267,17,780726685,300,94,28200,0,'RECEPCIONADO',17,300,0,0,0,1,94,300,68,0),(268,17,780726832,144,615,88560,0,'RECEPCIONADO',17,144,0,0,0,1,615,144,-4,0),(269,17,780726833,144,912,131328,0,'RECEPCIONADO',17,144,0,0,0,1,912,144,-2,0),(270,17,780726831,72,994,71568,0,'RECEPCIONADO',17,72,0,0,0,1,994,72,-4,0),(271,17,780726834,225,286,64350,0,'RECEPCIONADO',17,225,0,0,0,1,286,225,-78,0),(272,17,780726835,72,805,57960,0,'RECEPCIONADO',17,72,0,0,0,1,805,72,-3,0),(273,17,780726836,144,237,34128,0,'RECEPCIONADO',17,144,0,0,0,1,237,144,-2,0),(274,17,780726837,96,287,27552,0,'RECEPCIONADO',17,96,0,0,0,1,287,96,-18,0),(275,17,780726673,600,81,48600,0,'RECEPCIONADO',17,600,0,0,0,1,81,600,229,0),(276,18,780726832,144,615,88560,0,'RECEPCIONADO',18,144,0,0,0,1,615,144,140,0),(277,18,780726664,72,887,63864,0,'RECEPCIONADO',18,72,0,0,0,1,887,72,21,0),(278,18,780726834,225,286,64350,0,'RECEPCIONADO',18,225,0,0,0,1,286,225,147,0),(279,18,780726839,84,132,11088,0,'RECEPCIONADO',18,84,0,0,0,1,132,84,-4,0),(280,18,780726835,72,805,57960,0,'RECEPCIONADO',18,72,0,0,0,1,805,72,69,0),(281,18,780726836,216,237,51192,0,'RECEPCIONADO',18,216,0,0,0,1,237,216,142,0),(282,18,780726840,1800,124,223200,0,'RECEPCIONADO',18,1800,0,0,0,1,124,1800,-46,0),(283,18,780726843,75,1399,104925,0,'RECEPCIONADO',18,75,0,0,0,1,1399,75,-5,0),(284,18,780726695,60,655,39300,0,'RECEPCIONADO',18,60,0,0,0,1,655,60,46,0),(285,18,780726692,30,265,7950,0,'RECEPCIONADO',18,30,0,0,0,1,265,30,30,0),(286,18,780726838,30,265,7950,0,'RECEPCIONADO',18,30,0,0,0,1,265,30,0,0),(287,18,780726693,30,265,7950,0,'RECEPCIONADO',18,30,0,0,0,1,265,30,26,0),(288,18,780726694,30,265,7950,0,'RECEPCIONADO',18,30,0,0,0,1,265,30,25,0),(289,18,780726844,36,285,10260,0,'RECEPCIONADO',18,36,0,0,0,1,285,36,-10,0),(290,18,780726841,36,455,16380,0,'RECEPCIONADO',18,36,0,0,0,1,455,36,-1,0),(291,18,780726691,180,132,23760,0,'RECEPCIONADO',18,180,0,0,0,1,132,180,123,0),(292,18,780726667,100,1159,115900,0,'RECEPCIONADO',18,100,0,0,0,1,1159,100,47,0),(293,18,780726837,144,287,41328,0,'RECEPCIONADO',18,144,0,0,0,1,287,144,78,0),(294,18,780726842,960,488,468480,0,'RECEPCIONADO',18,960,0,0,0,1,488,960,-16,0),(295,19,586001094,25,370,9250,0,'RECEPCIONADO',19,25,0,0,0,1,370,25,-68,0),(296,19,586001099,25,370,9250,0,'RECEPCIONADO',19,25,0,0,0,1,370,25,-51,0),(297,19,780727313,25,258,6450,0,'RECEPCIONADO',19,25,0,0,0,1,258,25,-4,0),(298,19,780727314,25,258,6450,0,'RECEPCIONADO',19,25,0,0,0,1,258,25,-6,0),(299,19,780727312,25,258,6450,0,'RECEPCIONADO',19,25,0,0,0,1,258,25,-4,0),(300,19,780727315,25,258,6450,0,'RECEPCIONADO',19,25,0,0,0,1,258,25,-4,0),(301,19,586001103,25,370,9250,0,'RECEPCIONADO',19,25,0,0,0,1,370,25,-75,0),(302,19,586001312,48,1209,58032,0,'RECEPCIONADO',19,48,0,0,0,1,1209,48,-21,0),(304,20,586001104,36,332,11952,0,'RECEPCIONADO',20,36,0,0,0,1,332,36,-43,0),(305,21,780727339,22500,12,270000,0,'RECEPCIONADO',21,22500,0,0,0,1,12,22500,-144,0),(306,21,780727340,9000,14,126000,0,'RECEPCIONADO',21,9000,0,0,0,1,14,9000,-34,0),(307,22,586001169,24,717,17208,0,'RECEPCIONADO',22,24,0,0,0,1,717,24,0,0),(308,22,586001179,144,32,4608,0,'RECEPCIONADO',22,144,0,0,0,1,32,144,-36,0),(309,22,586001175,12,78,936,0,'RECEPCIONADO',22,12,0,0,0,1,78,12,-12,0),(310,22,586001171,144,50,7200,0,'RECEPCIONADO',22,144,0,0,0,1,50,144,-28,0),(311,22,586001170,144,22,3168,0,'RECEPCIONADO',22,144,0,0,0,1,22,144,-24,0),(312,22,586001180,12,126,1512,0,'RECEPCIONADO',22,12,0,0,0,1,126,12,-11,0),(313,22,586001174,12,956,11472,0,'RECEPCIONADO',22,12,0,0,0,1,956,12,0,0),(314,22,586001176,10,185,1850,0,'RECEPCIONADO',22,10,0,0,0,1,185,10,-10,0),(315,22,586001187,2,18874,37748,0,'RECEPCIONADO',22,2,0,0,0,1,18874,2,0,0),(316,22,586001185,18,1998,35964,0,'RECEPCIONADO',22,18,0,0,0,1,1998,18,0,0),(317,22,586001186,2,9055,18110,0,'RECEPCIONADO',22,2,0,0,0,1,9055,2,0,0),(318,22,586001172,9,4817,43353,0,'RECEPCIONADO',22,9,0,0,0,1,4817,9,0,0),(319,22,586001194,18,1428,25704,0,'RECEPCIONADO',22,18,0,0,0,1,1428,18,0,0),(320,22,586001189,18,1428,25704,0,'RECEPCIONADO',22,18,0,0,0,1,1428,18,-2,0),(321,22,586001190,9,3689,33201,0,'RECEPCIONADO',22,9,0,0,0,1,3689,9,0,0),(322,22,586001191,9,3689,33201,0,'RECEPCIONADO',22,9,0,0,0,1,3689,9,0,0),(323,22,586001173,9,4817,43353,0,'RECEPCIONADO',22,9,0,0,0,1,4817,9,0,0),(324,22,586001188,9,4593,41337,0,'RECEPCIONADO',22,9,0,0,0,1,4593,9,0,0),(325,22,586001182,18,1517,27306,0,'RECEPCIONADO',22,18,0,0,0,1,1517,18,0,0),(326,22,586001183,18,1517,27306,0,'RECEPCIONADO',22,18,0,0,0,1,1517,18,0,0),(327,22,586001184,9,3336,30024,0,'RECEPCIONADO',22,9,0,0,0,1,3336,9,-1,0),(328,22,586001192,9,4593,41337,0,'RECEPCIONADO',22,9,0,0,0,1,4593,9,0,0),(329,22,586001193,1,14042,14042,0,'RECEPCIONADO',22,1,0,0,0,1,14042,1,0,0),(330,22,586001181,24,587,14088,0,'RECEPCIONADO',22,24,0,0,0,1,587,24,-23,0),(331,22,586001177,12,415,4980,0,'RECEPCIONADO',22,12,0,0,0,1,415,12,-3,0),(332,22,586001178,48,605,29040,0,'RECEPCIONADO',22,48,0,0,0,1,605,48,-7,0),(333,23,586001291,60,881,52860,0,'RECEPCIONADO',23,60,0,0,0,1,881,60,-12,0),(334,23,586001292,60,269,16140,0,'RECEPCIONADO',23,60,0,0,0,1,269,60,-6,0),(335,23,586001293,72,279,20088,0,'RECEPCIONADO',23,72,0,0,0,1,279,72,-21,0),(336,23,586001288,5,722,3610,0,'RECEPCIONADO',23,5,0,0,0,1,722,5,0,0),(337,23,780726601,250,134,33500,0,'RECEPCIONADO',23,250,0,0,0,1,134,250,-25,0),(338,23,586001305,20,164,3280,0,'RECEPCIONADO',23,20,0,0,0,1,164,20,0,0),(339,23,586001306,20,382,7640,0,'RECEPCIONADO',23,20,0,0,0,1,382,20,-8,0),(340,23,586001297,10,763,7630,0,'RECEPCIONADO',23,10,0,0,0,1,763,10,0,0),(341,23,586001308,20,186,3720,0,'RECEPCIONADO',23,20,0,0,0,1,186,20,-5,0),(342,23,586001309,20,218,4360,0,'RECEPCIONADO',23,20,0,0,0,1,218,20,-2,0),(343,23,586001299,10,318,3180,0,'RECEPCIONADO',23,10,0,0,0,1,318,10,-1,0),(344,23,586001298,10,171,1710,0,'RECEPCIONADO',23,10,0,0,0,1,171,10,0,0),(345,23,586001302,250,95,23750,0,'RECEPCIONADO',23,250,0,0,0,1,95,250,-33,0),(346,23,586001303,50,325,16250,0,'RECEPCIONADO',23,50,0,0,0,1,325,50,-17,0),(347,23,586001307,10,1055,10550,0,'RECEPCIONADO',23,10,0,0,0,1,1055,10,-2,0),(348,23,586001300,10,800,8000,0,'RECEPCIONADO',23,10,0,0,0,1,800,10,-2,0),(349,23,586001304,10,993,9930,0,'RECEPCIONADO',23,10,0,0,0,1,993,10,-4,0),(350,23,586001285,24,1119,26856,0,'RECEPCIONADO',23,24,0,0,0,1,1119,24,-11,0),(351,23,586001289,48,445,21360,0,'RECEPCIONADO',23,48,0,0,0,1,445,48,-16,0),(352,23,586001301,20,607,12140,0,'RECEPCIONADO',23,20,0,0,0,1,607,20,-9,0),(353,23,586001290,2,9225,18450,0,'RECEPCIONADO',23,2,0,0,0,1,9225,2,-1,0),(354,23,586001294,2,13555,27110,0,'RECEPCIONADO',23,2,0,0,0,1,13555,2,-1,0),(355,23,586001295,4,15890,63560,0,'RECEPCIONADO',23,4,0,0,0,1,15890,4,0,0),(356,23,780726678,72,182,13104,0,'RECEPCIONADO',23,72,0,0,0,1,182,72,-14,0),(357,23,586001286,20,330,6600,0,'RECEPCIONADO',23,20,0,0,0,1,330,20,-16,0),(358,23,586001287,20,226,4520,0,'RECEPCIONADO',23,20,0,0,0,1,226,20,-5,0),(359,23,586001296,60,677,40620,0,'RECEPCIONADO',23,60,0,0,0,1,677,60,-17,0),(360,24,780727325,24,1454,34896,0,'RECEPCIONADO',24,24,0,0,0,1,1454,24,-3,0),(361,25,492,5,2316,11580,0,'RECEPCIONADO',25,5,0,0,0,1,2316,5,0,0),(362,25,490,5,2316,11580,0,'RECEPCIONADO',25,5,0,0,0,1,2316,5,0,0),(363,25,491,5,2316,11580,0,'RECEPCIONADO',25,5,0,0,0,1,2316,5,0,0),(364,25,495,5,1844,9220,0,'RECEPCIONADO',25,5,0,0,0,1,1844,5,0,0),(365,25,496,5,1844,9220,0,'RECEPCIONADO',25,5,0,0,0,1,1844,5,0,0),(366,25,494,5,1844,9220,0,'RECEPCIONADO',25,5,0,0,0,1,1844,5,0,0),(367,25,493,5,1844,9220,0,'RECEPCIONADO',25,5,0,0,0,1,1844,5,0,0),(368,25,780727318,20,738,14760,0,'RECEPCIONADO',25,20,0,0,0,1,738,20,-4,0),(369,25,780727319,20,738,14760,0,'RECEPCIONADO',25,20,0,0,0,1,738,20,-4,0),(370,25,780727316,20,738,14760,0,'RECEPCIONADO',25,20,0,0,0,1,738,20,-12,0),(371,25,780727321,10,1419,14190,0,'RECEPCIONADO',25,10,0,0,0,1,1419,10,-7,0),(372,25,780727323,10,1853,18530,0,'RECEPCIONADO',25,10,0,0,0,1,1853,10,0,0),(373,25,780727324,10,1419,14190,0,'RECEPCIONADO',25,10,0,0,0,1,1419,10,-7,0),(374,25,780727317,20,738,14760,0,'RECEPCIONADO',25,20,0,0,0,1,738,20,-6,0),(375,25,780727322,20,738,14760,0,'RECEPCIONADO',25,20,0,0,0,1,738,20,-2,0),(376,25,780727320,10,1419,14190,0,'RECEPCIONADO',25,10,0,0,0,1,1419,10,0,0),(377,26,780727306,25,858,21450,0,'RECEPCIONADO',26,25,0,0,0,1,858,25,-1,0),(378,26,780727308,25,858,21450,0,'RECEPCIONADO',26,25,0,0,0,1,858,25,-3,0),(379,26,780727311,25,858,21450,0,'RECEPCIONADO',26,25,0,0,0,1,858,25,0,0),(380,26,780727310,25,858,21450,0,'RECEPCIONADO',26,25,0,0,0,1,858,25,-3,0),(381,26,780727307,25,858,21450,0,'RECEPCIONADO',26,25,0,0,0,1,858,25,-1,0),(382,26,780727283,1,1257,1257,0,'RECEPCIONADO',26,1,0,0,0,1,1257,1,-1,0),(383,26,780727305,25,452,11300,0,'RECEPCIONADO',26,25,0,0,0,1,452,25,-1,0),(384,26,780727302,25,858,21450,0,'RECEPCIONADO',26,25,0,0,0,1,858,25,-1,0),(385,26,780727301,25,858,21450,0,'RECEPCIONADO',26,25,0,0,0,1,858,25,-1,0),(386,26,780727304,25,858,21450,0,'RECEPCIONADO',26,25,0,0,0,1,858,25,-1,0),(387,26,780727303,25,858,21450,0,'RECEPCIONADO',26,25,0,0,0,1,858,25,-1,0),(388,26,780727309,25,546,13650,0,'RECEPCIONADO',26,25,0,0,0,1,546,25,0,0),(389,26,780727300,20,858,17160,0,'RECEPCIONADO',26,20,0,0,0,1,858,20,-1,0),(390,26,780727287,20,858,17160,0,'RECEPCIONADO',26,20,0,0,0,1,858,20,0,0),(391,26,780727288,20,858,17160,0,'RECEPCIONADO',26,20,0,0,0,1,858,20,-1,0),(392,26,780727286,20,858,17160,0,'RECEPCIONADO',26,20,0,0,0,1,858,20,-1,0),(393,26,780727290,1,1488,1488,0,'RECEPCIONADO',26,1,0,0,0,1,1488,1,0,0),(394,26,780727289,1,1488,1488,0,'RECEPCIONADO',26,1,0,0,0,1,1488,1,-1,0),(395,26,780727291,8,1458,11664,0,'RECEPCIONADO',26,8,0,0,0,1,1458,8,0,0),(396,26,780727292,8,1458,11664,0,'RECEPCIONADO',26,8,0,0,0,1,1458,8,0,0),(397,26,780727297,8,1458,11664,0,'RECEPCIONADO',26,8,0,0,0,1,1458,8,0,0),(398,26,780727285,50,512,25600,0,'RECEPCIONADO',26,50,0,0,0,1,512,50,-2,0),(399,26,780727284,24,299,7176,0,'RECEPCIONADO',26,24,0,0,0,1,299,24,0,0),(400,26,780727282,20,898,17960,0,'RECEPCIONADO',26,20,0,0,0,1,898,20,0,0),(401,26,780727296,15,1458,21870,0,'RECEPCIONADO',26,15,0,0,0,1,1458,15,-2,0),(402,26,780727299,15,1458,21870,0,'RECEPCIONADO',26,15,0,0,0,1,1458,15,-2,0),(403,26,780727295,15,1458,21870,0,'RECEPCIONADO',26,15,0,0,0,1,1458,15,-2,0),(404,26,780727298,15,1458,21870,0,'RECEPCIONADO',26,15,0,0,0,1,1458,15,0,0),(405,26,780727294,15,1458,21870,0,'RECEPCIONADO',26,15,0,0,0,1,1458,15,0,0),(406,26,780727293,1,1488,1488,0,'RECEPCIONADO',26,1,0,0,0,1,1488,1,-1,0),(407,26,586001083,50,360,18000,0,'RECEPCIONADO',26,50,0,0,0,1,360,50,-87,0),(408,26,586001032,200,188,37600,0,'RECEPCIONADO',26,200,0,0,0,1,188,200,-119,0),(409,26,586001053,50,777,38850,0,'RECEPCIONADO',26,50,0,0,0,1,777,50,-20,0),(410,10,586001272,12,1673,20076,0,'RECEPCIONADO',10,12,0,0,0,1,1673,12,0,0),(411,10,586001255,70,1160,81200,0,'RECEPCIONADO',10,70,0,0,0,1,1160,70,0,0),(412,10,586001256,300,1547,464100,0,'RECEPCIONADO',10,300,0,0,0,1,1547,300,0,0),(413,10,586001267,380,1071,406980,0,'RECEPCIONADO',10,380,0,0,0,1,1071,380,0,0),(414,27,586001125,300,61,18300,0,'RECEPCIONADO',27,300,0,0,0,1,61,300,-10,0),(415,27,586001122,300,61,18300,0,'RECEPCIONADO',27,300,0,0,0,1,61,300,-6,0),(416,27,586001123,300,61,18300,0,'RECEPCIONADO',27,300,0,0,0,1,61,300,-1,0),(417,27,586001127,250,61,15250,0,'RECEPCIONADO',27,250,0,0,0,1,61,250,198,0),(418,27,586001109,300,61,18300,0,'RECEPCIONADO',27,300,0,0,0,1,61,300,-3,0),(419,27,586001110,300,61,18300,0,'RECEPCIONADO',27,300,0,0,0,1,61,300,-8,0),(420,27,586001108,300,61,18300,0,'RECEPCIONADO',27,300,0,0,0,1,61,300,-8,0),(421,27,586001106,300,61,18300,0,'RECEPCIONADO',27,300,0,0,0,1,61,300,-6,0),(422,27,586001118,300,81,24300,0,'RECEPCIONADO',27,300,0,0,0,1,81,300,-178,0),(423,27,586001116,300,81,24300,0,'RECEPCIONADO',27,300,0,0,0,1,81,300,-196,0),(424,27,586001119,300,81,24300,0,'RECEPCIONADO',27,300,0,0,0,1,81,300,-117,0),(425,27,586001117,300,81,24300,0,'RECEPCIONADO',27,300,0,0,0,1,81,300,-130,0),(426,27,586001121,300,81,24300,0,'RECEPCIONADO',27,300,0,0,0,1,81,300,-236,0),(427,27,586001126,300,81,24300,0,'RECEPCIONADO',27,300,0,0,0,1,81,300,-181,0),(428,27,586001120,300,81,24300,0,'RECEPCIONADO',27,300,0,0,0,1,81,300,640,0),(429,27,586001124,50,108,5400,0,'RECEPCIONADO',27,50,0,0,0,1,108,50,125,0),(430,27,586001114,250,108,27000,0,'RECEPCIONADO',27,250,0,0,0,1,108,250,-44,0),(431,27,586001107,300,100,30000,0,'RECEPCIONADO',27,300,0,0,0,1,100,300,629,0),(432,27,586001113,150,94,14100,0,'RECEPCIONADO',27,150,0,0,0,1,94,150,-7,0),(433,27,586001111,150,94,14100,0,'RECEPCIONADO',27,150,0,0,0,1,94,150,-1,0),(434,27,586001112,150,94,14100,0,'RECEPCIONADO',27,150,0,0,0,1,94,150,-6,0),(435,27,586001115,150,89,13350,0,'RECEPCIONADO',27,150,0,0,0,1,89,150,812,0),(436,28,586000994,24,561,13464,0,'RECEPCIONADO',28,24,0,0,0,1,561,24,0,0),(437,28,586000995,72,652,46944,0,'RECEPCIONADO',28,72,0,0,0,1,652,72,-2,0),(438,28,586000993,24,633,15192,0,'RECEPCIONADO',28,24,0,0,0,1,633,24,-1,0),(439,28,586000991,144,726,104544,0,'RECEPCIONADO',28,144,0,0,0,1,726,144,-17,0),(440,28,586000992,72,596,42912,0,'RECEPCIONADO',28,72,0,0,0,1,596,72,-23,0),(441,29,586000988,45,262,11790,0,'RECEPCIONADO',29,45,0,0,0,1,262,45,-19,0),(442,29,586000984,18,1508,27144,0,'RECEPCIONADO',29,18,0,0,0,1,1508,18,-1,0),(443,29,586000987,36,1305,46980,0,'RECEPCIONADO',29,36,0,0,0,1,1305,36,-1,0),(444,29,586000989,36,1220,43920,0,'RECEPCIONADO',29,36,0,0,0,1,1220,36,-7,0),(445,29,586000990,45,1039,46755,0,'RECEPCIONADO',29,45,0,0,0,1,1039,45,-10,0),(446,29,586000986,18,1422,25596,0,'RECEPCIONADO',29,18,0,0,0,1,1422,18,0,0),(447,29,586000985,18,1422,25596,0,'RECEPCIONADO',29,18,0,0,0,1,1422,18,-10,0),(448,29,586000983,18,1422,25596,0,'RECEPCIONADO',29,18,0,0,0,1,1422,18,-3,0),(449,30,586000982,72,753,54216,0,'RECEPCIONADO',30,72,0,0,0,1,753,72,-6,0),(450,30,586000981,72,825,59400,0,'RECEPCIONADO',30,72,0,0,0,1,825,72,-36,0),(451,31,586001074,36,772,27792,0,'RECEPCIONADO',31,36,0,0,0,1,772,36,-4,0),(452,31,586001072,36,1490,53640,0,'RECEPCIONADO',31,36,0,0,0,1,1490,36,-8,0),(453,31,586001071,36,1188,42768,0,'RECEPCIONADO',31,36,0,0,0,1,1188,36,-21,0),(454,31,586001075,120,105,12600,0,'RECEPCIONADO',31,120,0,0,0,1,105,120,-10,0),(455,31,586001073,36,640,23040,0,'RECEPCIONADO',31,36,0,0,0,1,640,36,-18,0),(456,31,586001076,30,237,7110,0,'RECEPCIONADO',31,30,0,0,0,1,237,30,-6,0),(457,31,586001078,60,251,15060,0,'RECEPCIONADO',31,60,0,0,0,1,251,60,-1,0),(458,31,586001079,12,237,2844,0,'RECEPCIONADO',31,12,0,0,0,1,237,12,0,0),(459,31,586001077,12,237,2844,0,'RECEPCIONADO',31,12,0,0,0,1,237,12,-4,0),(460,31,586001064,36,665,23940,0,'RECEPCIONADO',31,36,0,0,0,1,665,36,-10,0),(461,31,586001070,36,671,24156,0,'RECEPCIONADO',31,36,0,0,0,1,671,36,-20,0),(462,31,586001063,36,665,23940,0,'RECEPCIONADO',31,36,0,0,0,1,665,36,-11,0),(463,31,586001061,24,164,3936,0,'RECEPCIONADO',31,24,0,0,0,1,164,24,-14,0),(464,31,586001067,1,113490,113490,0,'RECEPCIONADO',31,1,0,0,0,1,113490,1,0,0),(465,31,586001065,5,721,3605,0,'RECEPCIONADO',31,5,0,0,0,1,721,5,0,0),(466,31,586001068,5,2379,11895,0,'RECEPCIONADO',31,5,0,0,0,1,2379,5,0,0),(467,31,586001062,5,800,4000,0,'RECEPCIONADO',31,5,0,0,0,1,800,5,0,0),(468,31,586001069,50,351,17550,0,'RECEPCIONADO',31,50,0,0,0,1,351,50,-5,0),(469,31,586001066,50,253,12650,0,'RECEPCIONADO',31,50,0,0,0,1,253,50,-25,0),(470,32,586001053,25,777,19425,0,'RECEPCIONADO',32,25,0,0,0,1,777,25,30,0),(471,32,586001059,25,696,17400,0,'RECEPCIONADO',32,25,0,0,0,1,696,25,-13,0),(472,32,586001057,25,973,24325,0,'RECEPCIONADO',32,25,0,0,0,1,973,25,-26,0),(473,32,586001060,25,963,24075,0,'RECEPCIONADO',32,25,0,0,0,1,963,25,-25,0),(474,32,586001046,20,993,19860,0,'RECEPCIONADO',32,20,0,0,0,1,993,20,-18,0),(475,32,586001058,25,963,24075,0,'RECEPCIONADO',32,25,0,0,0,1,963,25,-21,0),(476,32,586001056,24,224,5376,0,'RECEPCIONADO',32,24,0,0,0,1,224,24,0,0),(477,32,586001054,24,284,6816,0,'RECEPCIONADO',32,24,0,0,0,1,284,24,-6,0),(478,32,586001045,6,547,3282,0,'RECEPCIONADO',32,6,0,0,0,1,547,6,-4,0),(479,32,586001048,2,12372,24744,0,'RECEPCIONADO',32,2,0,0,0,1,12372,2,0,0),(480,32,586001047,100,22,2200,0,'RECEPCIONADO',32,100,0,0,0,1,22,100,-262,0),(481,32,586001044,100,24,2400,0,'RECEPCIONADO',32,100,0,0,0,1,24,100,-199,0),(482,32,586001049,4,3226,12904,0,'RECEPCIONADO',32,4,0,0,0,1,3226,4,0,0),(483,32,586001050,6,1382,8292,0,'RECEPCIONADO',32,6,0,0,0,1,1382,6,-2,0),(484,32,586001052,12,902,10824,0,'RECEPCIONADO',32,12,0,0,0,1,902,12,-2,0),(485,32,586001055,30,244,7320,0,'RECEPCIONADO',32,30,0,0,0,1,244,30,-19,0),(486,33,586001025,144,633,91152,0,'RECEPCIONADO',33,144,0,0,0,1,633,144,-57,0),(487,33,586001024,72,695,50040,0,'RECEPCIONADO',33,72,0,0,0,1,695,72,16,0),(488,33,586001023,72,670,48240,0,'RECEPCIONADO',33,72,0,0,0,1,670,72,-1,0),(489,34,390,4900,69,338100,0,'RECEPCIONADO',34,4900,0,0,0,1,69,4900,-1444,0),(490,35,586001030,144,116,16704,0,'RECEPCIONADO',35,144,0,0,0,1,116,144,-50,0),(491,35,586001026,144,71,10224,0,'RECEPCIONADO',35,144,0,0,0,1,71,144,-101,0),(492,35,586001027,144,99,14256,0,'RECEPCIONADO',35,144,0,0,0,1,99,144,-91,0),(493,35,586001034,60,580,34800,0,'RECEPCIONADO',35,60,0,0,0,1,580,60,-10,0),(494,35,586001028,60,580,34800,0,'RECEPCIONADO',35,60,0,0,0,1,580,60,-27,0),(495,35,586001029,60,580,34800,0,'RECEPCIONADO',35,60,0,0,0,1,580,60,-9,0),(496,35,586001043,96,533,51168,0,'RECEPCIONADO',35,96,0,0,0,1,533,96,-24,0),(497,35,586001040,96,533,51168,0,'RECEPCIONADO',35,96,0,0,0,1,533,96,-30,0),(498,35,586001041,36,533,19188,0,'RECEPCIONADO',35,36,0,0,0,1,533,36,0,0),(499,35,586001031,60,673,40380,0,'RECEPCIONADO',35,60,0,0,0,1,673,60,-37,0),(500,35,586001033,30,490,14700,0,'RECEPCIONADO',35,30,0,0,0,1,490,30,-14,0),(501,35,780726660,500,71,35500,0,'RECEPCIONADO',35,500,0,0,0,1,71,500,-57,0),(502,35,586001032,100,188,18800,0,'RECEPCIONADO',35,100,0,0,0,1,188,100,81,0),(503,35,586001038,40,705,28200,0,'RECEPCIONADO',35,40,0,0,0,1,705,40,-13,0),(504,35,586001035,60,1372,82320,0,'RECEPCIONADO',35,60,0,0,0,1,1372,60,-43,0),(505,35,586001036,60,1530,91800,0,'RECEPCIONADO',35,60,0,0,0,1,1530,60,-18,0),(506,35,586001039,40,2221,88840,0,'RECEPCIONADO',35,40,0,0,0,1,2221,40,-2,0),(507,35,586001037,40,457,18280,0,'RECEPCIONADO',35,40,0,0,0,1,457,40,-24,0),(508,35,586001042,60,1404,84240,0,'RECEPCIONADO',35,60,0,0,0,1,1404,60,-32,0);

/*Table structure for table `com_recepciones_anuladas` */


CREATE TABLE `com_recepciones_anuladas` (
  `rpa_id` int(10) unsigned NOT NULL DEFAULT '0',
  `doc_id` int(10) unsigned NOT NULL DEFAULT '0',
  `prv_rut` varchar(10) NOT NULL DEFAULT '',
  `fco_numero` int(10) unsigned NOT NULL DEFAULT '0',
  `fco_correlativo` int(10) unsigned NOT NULL DEFAULT '0',
  `rec_numero` int(10) unsigned NOT NULL DEFAULT '0',
  `oco_id` int(10) unsigned NOT NULL DEFAULT '0',
  `rpa_fecha` date NOT NULL DEFAULT '0000-00-00',
  `rpa_observacion` text NOT NULL,
  `usu_nusuario` varchar(15) NOT NULL DEFAULT '',
  PRIMARY KEY (`rpa_id`),
  KEY `prv_rut` (`prv_rut`),
  KEY `rec_numero` (`rec_numero`),
  KEY `oco_id` (`oco_id`),
  KEY `usu_nusuario` (`usu_nusuario`),
  KEY `doc_id` (`doc_id`)
) ENGINE=InnoDB DEFAULT CHARSET=latin1;

/*Data for the table `com_recepciones_anuladas` */

/*Table structure for table `com_recepciones_anuladas_mov` */


CREATE TABLE `com_recepciones_anuladas_mov` (
  `ram_id` int(10) unsigned NOT NULL AUTO_INCREMENT,
  `rpa_id` int(10) unsigned NOT NULL DEFAULT '0',
  `pro_codigo_plu` int(10) unsigned NOT NULL DEFAULT '0',
  `rpm_cantidad` double NOT NULL DEFAULT '0',
  PRIMARY KEY (`ram_id`),
  KEY `rpa_id` (`rpa_id`),
  KEY `pro_codigo_plu` (`pro_codigo_plu`)
) ENGINE=InnoDB DEFAULT CHARSET=latin1;

/*Data for the table `com_recepciones_anuladas_mov` */

/*Table structure for table `com_solicitud_nc` */


CREATE TABLE `com_solicitud_nc` (
  `snc_id` int(10) unsigned NOT NULL AUTO_INCREMENT,
  `rec_numero` int(10) unsigned NOT NULL DEFAULT '0',
  `prv_rut` varchar(10) NOT NULL DEFAULT '',
  `snc_monto` int(7) unsigned NOT NULL DEFAULT '0',
  `snc_estado` int(1) unsigned NOT NULL DEFAULT '0' COMMENT '0=Pendiente 1=Pagado 2=Anulado',
  `snc_fecha` date NOT NULL DEFAULT '0000-00-00',
  `snc_observacion` varchar(80) NOT NULL DEFAULT '',
  `snc_saldo` double NOT NULL DEFAULT '0',
  `fco_id` int(10) unsigned NOT NULL DEFAULT '0',
  PRIMARY KEY (`snc_id`)
) ENGINE=InnoDB DEFAULT CHARSET=latin1;

/*Data for the table `com_solicitud_nc` */

/*Table structure for table `com_solicitud_nc_mov` */


CREATE TABLE `com_solicitud_nc_mov` (
  `snc_id` int(10) unsigned NOT NULL DEFAULT '0',
  `pro_codigo_plu` int(10) unsigned NOT NULL DEFAULT '0',
  `snm_diferencia` int(10) unsigned NOT NULL DEFAULT '0',
  `snm_id` int(10) unsigned NOT NULL AUTO_INCREMENT,
  PRIMARY KEY (`snm_id`),
  KEY `pro_codigo_plu` (`pro_codigo_plu`)
) ENGINE=InnoDB DEFAULT CHARSET=latin1;

/*Data for the table `com_solicitud_nc_mov` */

/*Table structure for table `com_traspaso` */


CREATE TABLE `com_traspaso` (
  `tra_numero` int(10) NOT NULL DEFAULT '0',
  `tra_fecha` date DEFAULT NULL,
  `usu_nusuario` varchar(15) DEFAULT NULL,
  `tra_tipo` int(1) unsigned DEFAULT '0' COMMENT '0=Bodega-Sala/1=Sala-Bodega',
  `tra_guia` int(10) unsigned NOT NULL DEFAULT '0',
  PRIMARY KEY (`tra_numero`),
  KEY `usu_nusuario` (`usu_nusuario`)
) ENGINE=InnoDB DEFAULT CHARSET=latin1;

/*Data for the table `com_traspaso` */

/*Table structure for table `com_traspaso_mov` */


CREATE TABLE `com_traspaso_mov` (
  `trm_id` int(10) NOT NULL AUTO_INCREMENT,
  `tra_numero` int(10) DEFAULT NULL,
  `pro_codigo_plu` varchar(15) DEFAULT NULL,
  `trm_cantidad` double(15,2) DEFAULT NULL,
  `trm_sbodega` double(15,2) DEFAULT NULL,
  `trm_ssv` double(15,2) DEFAULT NULL,
  PRIMARY KEY (`trm_id`),
  KEY `tra_numero` (`tra_numero`),
  KEY `pro_codigo_plu` (`pro_codigo_plu`)
) ENGINE=InnoDB DEFAULT CHARSET=latin1;

/*Data for the table `com_traspaso_mov` */

/*Table structure for table `com_ventas_centralizadas` */


CREATE TABLE `com_ventas_centralizadas` (
  `cen_id` int(10) unsigned NOT NULL AUTO_INCREMENT,
  `cen_fecha` date NOT NULL DEFAULT '0000-00-00',
  `cen_monto` int(10) unsigned NOT NULL DEFAULT '0',
  `usu_nusuario` varchar(15) NOT NULL DEFAULT '',
  `cen_subtotal` int(10) unsigned NOT NULL DEFAULT '0',
  `cen_descuentos` int(10) unsigned NOT NULL DEFAULT '0',
  `cen_harina` int(10) unsigned NOT NULL DEFAULT '0',
  `cen_carne` int(10) unsigned NOT NULL DEFAULT '0',
  `cen_total` int(10) unsigned NOT NULL DEFAULT '0',
  `cen_efectivo` int(10) unsigned NOT NULL DEFAULT '0',
  `cen_cheque` int(10) unsigned NOT NULL DEFAULT '0',
  `cen_credito` int(10) unsigned NOT NULL DEFAULT '0',
  `cen_tarjeta_credito` int(10) unsigned NOT NULL DEFAULT '0',
  `cen_tarjeta_debito` int(10) unsigned NOT NULL DEFAULT '0',
  `cen_pesos_pagados` int(10) unsigned NOT NULL DEFAULT '0',
  `cen_pesos_acumulados` int(10) unsigned NOT NULL DEFAULT '0',
  PRIMARY KEY (`cen_id`)
) ENGINE=InnoDB DEFAULT CHARSET=latin1;

/*Data for the table `com_ventas_centralizadas` */

/*Table structure for table `com_ventas_centralizadas_cheques` */


CREATE TABLE `com_ventas_centralizadas_cheques` (
  `cch_id` int(10) unsigned NOT NULL AUTO_INCREMENT,
  `cen_id` int(10) unsigned NOT NULL DEFAULT '0',
  `ban_id` int(10) unsigned NOT NULL DEFAULT '0',
  `cch_numero` varchar(15) NOT NULL DEFAULT '',
  `cch_plaza` varchar(45) NOT NULL DEFAULT '',
  `cch_fecha` date NOT NULL DEFAULT '0000-00-00',
  `cch_fecha_deposito` date NOT NULL DEFAULT '0000-00-00',
  `cch_monto` int(10) unsigned NOT NULL DEFAULT '0',
  PRIMARY KEY (`cch_id`),
  KEY `cen_id` (`cen_id`),
  KEY `ban_id` (`ban_id`)
) ENGINE=InnoDB DEFAULT CHARSET=latin1;

/*Data for the table `com_ventas_centralizadas_cheques` */

/*Table structure for table `com_ventas_centralizadas_exentos` */


CREATE TABLE `com_ventas_centralizadas_exentos` (
  `cee_id` int(10) unsigned NOT NULL AUTO_INCREMENT,
  `cen_id` int(10) unsigned NOT NULL DEFAULT '0',
  `dep_id` int(10) unsigned NOT NULL DEFAULT '0',
  `cee_total` int(10) unsigned NOT NULL DEFAULT '0',
  PRIMARY KEY (`cee_id`),
  KEY `dep_id` (`dep_id`),
  KEY `cen_id` (`cen_id`)
) ENGINE=InnoDB DEFAULT CHARSET=latin1;

/*Data for the table `com_ventas_centralizadas_exentos` */

/*Table structure for table `com_ventas_centralizadas_resumen` */


CREATE TABLE `com_ventas_centralizadas_resumen` (
  `vcr_id` int(10) unsigned NOT NULL AUTO_INCREMENT,
  `cen_id` int(10) unsigned NOT NULL DEFAULT '0',
  `vcr_documento` varchar(15) NOT NULL DEFAULT '',
  `vcr_desde` int(10) unsigned NOT NULL DEFAULT '0',
  `vcr_hasta` int(10) unsigned NOT NULL DEFAULT '0',
  `vcr_cantidad` int(10) unsigned NOT NULL DEFAULT '0',
  `vcr_subtotal` int(11) NOT NULL DEFAULT '0',
  `vcr_descuento` int(11) NOT NULL DEFAULT '0',
  `vcr_total` int(11) NOT NULL DEFAULT '0',
  `vcr_imponible` int(11) NOT NULL DEFAULT '0',
  `vcr_exento` int(11) NOT NULL DEFAULT '0',
  `vcr_neto` int(11) NOT NULL DEFAULT '0',
  `vcr_iva` int(11) NOT NULL DEFAULT '0',
  `vcr_ila` int(11) NOT NULL DEFAULT '0',
  `vcr_harina` int(11) NOT NULL DEFAULT '0',
  `vcr_carne` int(11) NOT NULL DEFAULT '0',
  `vcr_efectivo` int(11) NOT NULL DEFAULT '0',
  `vcr_cheque` int(11) NOT NULL DEFAULT '0',
  `vcr_credito` int(11) NOT NULL DEFAULT '0',
  `vcr_tarjeta_credito` int(11) NOT NULL DEFAULT '0',
  `vcr_tarjeta_debito` int(11) NOT NULL DEFAULT '0',
  `vcr_pesos_pagados` int(11) NOT NULL DEFAULT '0',
  `vcr_pesos_acumulados` int(11) NOT NULL DEFAULT '0',
  `vcr_descuento_general` int(11) NOT NULL DEFAULT '0',
  `vcr_descuento_pack` int(11) NOT NULL DEFAULT '0',
  `vcr_descuento_puntos` int(11) NOT NULL DEFAULT '0',
  PRIMARY KEY (`vcr_id`),
  KEY `cen_id` (`cen_id`)
) ENGINE=InnoDB DEFAULT CHARSET=latin1;

/*Data for the table `com_ventas_centralizadas_resumen` */

/*Table structure for table `com_ventas_centralizadas_tarjeta_credito` */


CREATE TABLE `com_ventas_centralizadas_tarjeta_credito` (
  `cem_id` int(10) unsigned NOT NULL AUTO_INCREMENT,
  `cen_id` int(10) unsigned NOT NULL DEFAULT '0',
  `tac_id` int(10) unsigned NOT NULL DEFAULT '0',
  `cem_monto` int(10) unsigned NOT NULL DEFAULT '0',
  PRIMARY KEY (`cem_id`),
  KEY `cen_id` (`cen_id`),
  KEY `tac_id` (`tac_id`)
) ENGINE=InnoDB DEFAULT CHARSET=latin1;

/*Data for the table `com_ventas_centralizadas_tarjeta_credito` */

/*Table structure for table `com_ventas_diarias` */


CREATE TABLE `com_ventas_diarias` (
  `vta_id` int(10) NOT NULL DEFAULT '0',
  `vta_fecha` datetime DEFAULT NULL,
  `pro_codigo_plu` varchar(15) DEFAULT NULL,
  `vta_cantidad` int(10) DEFAULT NULL,
  `vta_total` int(10) DEFAULT NULL,
  `vta_caja` int(10) DEFAULT NULL,
  PRIMARY KEY (`vta_id`),
  KEY `pro_codigo_plu` (`pro_codigo_plu`)
) ENGINE=InnoDB DEFAULT CHARSET=latin1;

/*Data for the table `com_ventas_diarias` */

/*Table structure for table `com_ventas_diferencias` */


CREATE TABLE `com_ventas_diferencias` (
  `dif_id` int(10) unsigned NOT NULL AUTO_INCREMENT,
  `dif_fecha` date NOT NULL DEFAULT '0000-00-00',
  `pro_codigo_barra` varchar(18) NOT NULL DEFAULT '',
  `dif_cantidad` double NOT NULL DEFAULT '0',
  `dif_total` int(10) unsigned NOT NULL DEFAULT '0',
  PRIMARY KEY (`dif_id`)
) ENGINE=InnoDB DEFAULT CHARSET=latin1;

/*Data for the table `com_ventas_diferencias` */

/*Table structure for table `com_ventas_grupo` */


CREATE TABLE `com_ventas_grupo` (
  `vgr_id` int(10) unsigned NOT NULL AUTO_INCREMENT,
  `vgr_fecha` date NOT NULL DEFAULT '0000-00-00',
  `vgr_grupo` int(10) unsigned NOT NULL DEFAULT '0',
  `vgr_cantidad` double NOT NULL DEFAULT '0',
  `vgr_total` double NOT NULL DEFAULT '0',
  PRIMARY KEY (`vgr_id`)
) ENGINE=InnoDB AUTO_INCREMENT=2 DEFAULT CHARSET=latin1;

/*Data for the table `com_ventas_grupo` */

insert  into `com_ventas_grupo`(`vgr_id`,`vgr_fecha`,`vgr_grupo`,`vgr_cantidad`,`vgr_total`) values (1,'2015-12-14',1,13,24541);

/*Table structure for table `com_ventas_horario` */


CREATE TABLE `com_ventas_horario` (
  `vho_id` int(10) unsigned NOT NULL AUTO_INCREMENT,
  `vho_fecha` date NOT NULL DEFAULT '0000-00-00',
  `vho_hora` int(10) unsigned NOT NULL DEFAULT '0',
  `vho_cantidad` double NOT NULL DEFAULT '0',
  `vho_total` double NOT NULL DEFAULT '0',
  PRIMARY KEY (`vho_id`)
) ENGINE=InnoDB AUTO_INCREMENT=3 DEFAULT CHARSET=latin1;

/*Data for the table `com_ventas_horario` */

insert  into `com_ventas_horario`(`vho_id`,`vho_fecha`,`vho_hora`,`vho_cantidad`,`vho_total`) values (1,'2015-12-14',20,4,15881),(2,'2015-12-14',21,3,8660);

/*Table structure for table `com_ventas_medios_pagos` */


CREATE TABLE `com_ventas_medios_pagos` (
  `vmp_id` int(10) unsigned NOT NULL AUTO_INCREMENT,
  `vmp_fecha` date NOT NULL DEFAULT '0000-00-00',
  `vmp_codigo` char(2) NOT NULL DEFAULT '',
  `vmp_cantidad` double NOT NULL DEFAULT '0',
  `vmp_total` double NOT NULL DEFAULT '0',
  PRIMARY KEY (`vmp_id`)
) ENGINE=InnoDB DEFAULT CHARSET=latin1;

/*Data for the table `com_ventas_medios_pagos` */

/*Table structure for table `com_ventas_productos` */


CREATE TABLE `com_ventas_productos` (
  `vpr_id` int(10) unsigned NOT NULL AUTO_INCREMENT,
  `vpr_fecha` date NOT NULL DEFAULT '0000-00-00',
  `pro_codigo_plu` int(10) unsigned NOT NULL DEFAULT '0',
  `pro_codigo_barra` varchar(18) NOT NULL DEFAULT '',
  `vpr_cantidad` double NOT NULL DEFAULT '0',
  `vpr_total` double NOT NULL DEFAULT '0',
  `vpr_costo` double NOT NULL DEFAULT '0',
  `dep_id` int(10) unsigned NOT NULL DEFAULT '0',
  PRIMARY KEY (`vpr_id`),
  KEY `dep_id` (`dep_id`)
) ENGINE=InnoDB AUTO_INCREMENT=9 DEFAULT CHARSET=latin1;

/*Data for the table `com_ventas_productos` */

insert  into `com_ventas_productos`(`vpr_id`,`vpr_fecha`,`pro_codigo_plu`,`pro_codigo_barra`,`vpr_cantidad`,`vpr_total`,`vpr_costo`,`dep_id`) values (1,'2015-12-14',12,'12',1,1,0,1),(2,'2015-12-14',277,'746775035372',1,6250,4461,1),(3,'2015-12-14',340,'7805414001048',1,4390,2543,1),(4,'2015-12-14',110808157,'4221202799394',1,1890,1178,1),(5,'2015-12-14',110808227,'7895857100750',1,4690,2725,1),(6,'2015-12-14',422120296,'4221211300697',4,3960,583,1),(7,'2015-12-14',422120371,'6933924197256',2,2380,650,1),(8,'2015-12-14',422120384,'6933924197089',2,980,280,1);

/*Table structure for table `com_ventas_vendedor` */


CREATE TABLE `com_ventas_vendedor` (
  `vve_id` int(10) unsigned NOT NULL AUTO_INCREMENT,
  `vve_fecha` date NOT NULL DEFAULT '0000-00-00',
  `vve_vendedor` int(10) unsigned NOT NULL DEFAULT '0',
  `vve_cantidad` double NOT NULL DEFAULT '0',
  `vve_total` double NOT NULL DEFAULT '0',
  PRIMARY KEY (`vve_id`)
) ENGINE=InnoDB AUTO_INCREMENT=2 DEFAULT CHARSET=latin1;

/*Data for the table `com_ventas_vendedor` */

insert  into `com_ventas_vendedor`(`vve_id`,`vve_fecha`,`vve_vendedor`,`vve_cantidad`,`vve_total`) values (1,'2015-12-14',1,7,24541);

/*Table structure for table `envases` */


CREATE TABLE `envases` (
  `cod_envase` int(10) unsigned NOT NULL AUTO_INCREMENT,
  `arcod` varchar(15) NOT NULL DEFAULT '',
  `ardes` varchar(45) NOT NULL DEFAULT '',
  `marca` varchar(45) NOT NULL DEFAULT '',
  PRIMARY KEY (`cod_envase`)
) ENGINE=InnoDB DEFAULT CHARSET=latin1;

/*Data for the table `envases` */

/*Table structure for table `gne_abonos` */


CREATE TABLE `gne_abonos` (
  `abo_id` int(10) unsigned NOT NULL DEFAULT '0',
  `abo_fecha` date NOT NULL DEFAULT '0000-00-00',
  `abo_total` int(10) unsigned NOT NULL DEFAULT '0',
  `fun_rut` varchar(10) NOT NULL DEFAULT '',
  `usu_nusuario` varchar(15) NOT NULL DEFAULT '',
  PRIMARY KEY (`abo_id`),
  KEY `fun_rut` (`fun_rut`)
) ENGINE=InnoDB DEFAULT CHARSET=latin1;

/*Data for the table `gne_abonos` */

/*Table structure for table `gne_abonos_clientes` */


CREATE TABLE `gne_abonos_clientes` (
  `abc_id` int(10) unsigned NOT NULL DEFAULT '0',
  `abc_fecha` date NOT NULL DEFAULT '0000-00-00',
  `abc_total` int(10) unsigned NOT NULL DEFAULT '0',
  `cli_id` int(10) unsigned NOT NULL DEFAULT '0',
  `usu_nusuario` varchar(15) NOT NULL DEFAULT '',
  PRIMARY KEY (`abc_id`),
  KEY `cli_id` (`cli_id`)
) ENGINE=InnoDB DEFAULT CHARSET=latin1;

/*Data for the table `gne_abonos_clientes` */

/*Table structure for table `gne_abonos_detalle` */


CREATE TABLE `gne_abonos_detalle` (
  `ade_id` int(10) unsigned NOT NULL AUTO_INCREMENT,
  `abo_id` int(10) unsigned NOT NULL DEFAULT '0',
  `caf_id` int(10) unsigned NOT NULL DEFAULT '0',
  `ade_abono` int(10) unsigned NOT NULL DEFAULT '0',
  `ade_fecha` date NOT NULL DEFAULT '0000-00-00',
  `fun_rut` char(10) NOT NULL DEFAULT '',
  PRIMARY KEY (`ade_id`),
  KEY `abo_id` (`abo_id`),
  KEY `caf_id` (`caf_id`),
  KEY `fun_rut` (`fun_rut`)
) ENGINE=InnoDB DEFAULT CHARSET=latin1;

/*Data for the table `gne_abonos_detalle` */

/*Table structure for table `gne_abonos_detalle_clientes` */


CREATE TABLE `gne_abonos_detalle_clientes` (
  `adc_id` int(10) unsigned NOT NULL AUTO_INCREMENT,
  `abc_id` int(10) unsigned NOT NULL DEFAULT '0',
  `cac_id` int(10) unsigned NOT NULL DEFAULT '0',
  `adc_abono` int(10) unsigned NOT NULL DEFAULT '0',
  `adc_fecha` date NOT NULL DEFAULT '0000-00-00',
  `cli_id` int(10) unsigned NOT NULL DEFAULT '0',
  PRIMARY KEY (`adc_id`),
  KEY `cli_id` (`cli_id`),
  KEY `abc_id` (`abc_id`),
  KEY `cac_id` (`cac_id`)
) ENGINE=InnoDB DEFAULT CHARSET=latin1;

/*Data for the table `gne_abonos_detalle_clientes` */

/*Table structure for table `gne_bonificacion` */


CREATE TABLE `gne_bonificacion` (
  `bon_id` int(10) unsigned NOT NULL DEFAULT '0',
  `bon_fecha` date NOT NULL DEFAULT '0000-00-00',
  `bon_entrada` int(1) unsigned NOT NULL DEFAULT '0' COMMENT '0=Sala/1=Bodega',
  `prv_rut` varchar(10) NOT NULL DEFAULT '',
  `bon_tipo` int(1) unsigned NOT NULL DEFAULT '0',
  `bon_estado` char(2) NOT NULL DEFAULT 'SI',
  PRIMARY KEY (`bon_id`)
) ENGINE=InnoDB DEFAULT CHARSET=latin1;

/*Data for the table `gne_bonificacion` */

/*Table structure for table `gne_bonificacion_documento` */


CREATE TABLE `gne_bonificacion_documento` (
  `bod_id` int(10) unsigned NOT NULL AUTO_INCREMENT,
  `bon_id` int(10) unsigned NOT NULL DEFAULT '0',
  `bod_documento` int(10) unsigned NOT NULL DEFAULT '0',
  `bod_monto` int(10) unsigned NOT NULL DEFAULT '0',
  PRIMARY KEY (`bod_id`),
  KEY `bon_id` (`bon_id`)
) ENGINE=InnoDB DEFAULT CHARSET=latin1;

/*Data for the table `gne_bonificacion_documento` */

/*Table structure for table `gne_bonificacion_mov` */


CREATE TABLE `gne_bonificacion_mov` (
  `bom_id` int(10) unsigned NOT NULL AUTO_INCREMENT,
  `bon_id` int(10) unsigned NOT NULL DEFAULT '0',
  `pro_codigo_plu` int(10) unsigned NOT NULL DEFAULT '0',
  `bon_cantidad` double NOT NULL DEFAULT '0',
  PRIMARY KEY (`bom_id`),
  KEY `bon_id` (`bon_id`),
  KEY `pro_codigo_plu` (`pro_codigo_plu`)
) ENGINE=InnoDB DEFAULT CHARSET=latin1;

/*Data for the table `gne_bonificacion_mov` */

/*Table structure for table `gne_bonificacion_solicitud` */


CREATE TABLE `gne_bonificacion_solicitud` (
  `bos_id` int(10) unsigned NOT NULL AUTO_INCREMENT,
  `bon_id` int(10) unsigned NOT NULL DEFAULT '0',
  `snc_id` int(10) unsigned NOT NULL DEFAULT '0',
  `gud_numero` int(10) unsigned NOT NULL DEFAULT '0',
  `bos_monto` int(10) unsigned NOT NULL DEFAULT '0',
  PRIMARY KEY (`bos_id`),
  KEY `bon_id` (`bon_id`),
  KEY `snc_id` (`snc_id`),
  KEY `gui_numero` (`gud_numero`)
) ENGINE=InnoDB DEFAULT CHARSET=latin1;

/*Data for the table `gne_bonificacion_solicitud` */

/*Table structure for table `gne_cargo_clientes` */


CREATE TABLE `gne_cargo_clientes` (
  `cac_id` int(10) unsigned NOT NULL AUTO_INCREMENT,
  `cac_fecha` date NOT NULL DEFAULT '0000-00-00',
  `cli_id` int(10) unsigned NOT NULL DEFAULT '0',
  `cac_monto` double NOT NULL DEFAULT '0',
  `cac_saldo` double NOT NULL DEFAULT '0',
  `cac_observacion` text NOT NULL,
  `usu_nusuario` varchar(15) NOT NULL DEFAULT '',
  `cac_caja` int(1) unsigned NOT NULL DEFAULT '0',
  `cac_boleta` double NOT NULL DEFAULT '0',
  `cac_estado` int(1) unsigned NOT NULL DEFAULT '0',
  PRIMARY KEY (`cac_id`),
  KEY `usu_nusuario` (`usu_nusuario`),
  KEY `cli_id` (`cli_id`)
) ENGINE=InnoDB DEFAULT CHARSET=latin1;

/*Data for the table `gne_cargo_clientes` */

/*Table structure for table `gne_cargo_funcionarios` */


CREATE TABLE `gne_cargo_funcionarios` (
  `caf_id` int(10) unsigned NOT NULL AUTO_INCREMENT,
  `caf_fecha` date NOT NULL DEFAULT '0000-00-00',
  `fun_rut` varchar(10) NOT NULL DEFAULT '',
  `caf_monto` int(10) unsigned NOT NULL DEFAULT '0',
  `caf_saldo` int(10) unsigned NOT NULL DEFAULT '0',
  `caf_observacion` text NOT NULL,
  `usu_nusuario` varchar(15) NOT NULL DEFAULT '',
  `caf_caja` int(1) unsigned NOT NULL DEFAULT '0',
  `caf_boleta` double NOT NULL DEFAULT '0',
  `caf_estado` int(1) unsigned NOT NULL DEFAULT '0' COMMENT '0=Pendiente/1=Entregado',
  PRIMARY KEY (`caf_id`),
  KEY `fun_rut` (`fun_rut`),
  KEY `usu_nusuario` (`usu_nusuario`)
) ENGINE=InnoDB DEFAULT CHARSET=latin1;

/*Data for the table `gne_cargo_funcionarios` */

/*Table structure for table `gne_cheque_fecha` */


CREATE TABLE `gne_cheque_fecha` (
  `chf_numero` int(10) unsigned NOT NULL AUTO_INCREMENT,
  `chf_banco` varchar(250) NOT NULL DEFAULT '',
  `chf_plaza` varchar(250) NOT NULL DEFAULT '',
  `chf_fecha_ingreso` date NOT NULL DEFAULT '0000-00-00',
  `chf_fecha_vencimiento` date NOT NULL DEFAULT '0000-00-00',
  `chf_monto` int(10) unsigned NOT NULL DEFAULT '0',
  `chf_estado` char(1) NOT NULL DEFAULT 'C' COMMENT 'C=Cartera, D=Depositado, P=Protestado',
  `cli_id` int(10) unsigned NOT NULL DEFAULT '0',
  PRIMARY KEY (`chf_numero`)
) ENGINE=InnoDB DEFAULT CHARSET=latin1;

/*Data for the table `gne_cheque_fecha` */

/*Table structure for table `gne_convenio_apoyo` */


CREATE TABLE `gne_convenio_apoyo` (
  `con_id` int(10) unsigned NOT NULL AUTO_INCREMENT,
  `fac_numero` int(10) unsigned NOT NULL DEFAULT '0',
  `con_fecha_inicio` date NOT NULL DEFAULT '0000-00-00',
  `con_fecha_termino` date NOT NULL DEFAULT '0000-00-00',
  `prv_rut` varchar(10) NOT NULL DEFAULT '',
  `con_motivo_apoyo` text NOT NULL,
  `con_texto_factura` text NOT NULL,
  `con_neto` int(10) unsigned NOT NULL DEFAULT '0',
  `con_iva` int(10) unsigned NOT NULL DEFAULT '0',
  `con_total` int(10) unsigned NOT NULL DEFAULT '0',
  `con_motivos_internos` text NOT NULL,
  `con_fecha_factura` date NOT NULL DEFAULT '0000-00-00',
  PRIMARY KEY (`con_id`)
) ENGINE=InnoDB DEFAULT CHARSET=latin1 ROW_FORMAT=DYNAMIC;

/*Data for the table `gne_convenio_apoyo` */

/*Table structure for table `gne_cotizaciones` */


CREATE TABLE `gne_cotizaciones` (
  `cot_numero` int(10) unsigned NOT NULL DEFAULT '0',
  `cot_fecha` date NOT NULL DEFAULT '0000-00-00',
  `cli_id` varchar(10) NOT NULL DEFAULT '',
  `cot_neto` double NOT NULL DEFAULT '0',
  `cot_iva` double NOT NULL DEFAULT '0',
  `cot_total` double NOT NULL DEFAULT '0',
  `cot_estado` int(1) NOT NULL DEFAULT '0' COMMENT '0=Anulado/ 1=Activo',
  `cot_subtotal` int(10) unsigned NOT NULL DEFAULT '0',
  `cot_descuento` int(10) unsigned NOT NULL DEFAULT '0',
  `cot_observacion` text NOT NULL,
  PRIMARY KEY (`cot_numero`),
  KEY `cli_id` (`cli_id`)
) ENGINE=InnoDB DEFAULT CHARSET=latin1;

/*Data for the table `gne_cotizaciones` */

/*Table structure for table `gne_cotizaciones_detalle` */


CREATE TABLE `gne_cotizaciones_detalle` (
  `cde_id` int(10) unsigned NOT NULL AUTO_INCREMENT,
  `cot_numero` int(10) unsigned NOT NULL DEFAULT '0',
  `cot_fecha` date NOT NULL DEFAULT '0000-00-00',
  `pro_codigo_plu` int(10) unsigned NOT NULL DEFAULT '0',
  `cde_cantidad` double NOT NULL DEFAULT '0',
  `cde_unitario` int(10) unsigned NOT NULL DEFAULT '0',
  `cde_total` double NOT NULL DEFAULT '0',
  `cde_costo` double NOT NULL DEFAULT '0',
  PRIMARY KEY (`cde_id`),
  KEY `pro_codigo_plu` (`pro_codigo_plu`),
  KEY `fac_numero` (`cot_numero`)
) ENGINE=InnoDB DEFAULT CHARSET=latin1;

/*Data for the table `gne_cotizaciones_detalle` */

/*Table structure for table `gne_facturas` */


CREATE TABLE `gne_facturas` (
  `fac_numero` int(10) unsigned NOT NULL DEFAULT '0',
  `fac_fecha` date NOT NULL DEFAULT '0000-00-00',
  `cli_id` varchar(10) NOT NULL DEFAULT '',
  `fac_exento` double NOT NULL DEFAULT '0',
  `fac_neto` double NOT NULL DEFAULT '0',
  `fac_iva` double NOT NULL DEFAULT '0',
  `fac_ila` double NOT NULL DEFAULT '0',
  `fac_har` double NOT NULL DEFAULT '0',
  `fac_car` double NOT NULL DEFAULT '0',
  `fac_esp` double NOT NULL DEFAULT '0',
  `fac_total` double NOT NULL DEFAULT '0',
  `fac_saldo` double NOT NULL DEFAULT '0',
  `fac_tipo` int(1) unsigned NOT NULL DEFAULT '0' COMMENT '0=detalle 1=guias',
  `fac_efectivo` double NOT NULL DEFAULT '0',
  `fac_cheque` double NOT NULL DEFAULT '0',
  `fac_credito` double NOT NULL DEFAULT '0',
  `fac_tcredito` double NOT NULL DEFAULT '0',
  `fac_tdebito` double NOT NULL DEFAULT '0',
  `fac_pesos_acumulados` int(10) unsigned NOT NULL DEFAULT '0',
  `fac_vuelto` double NOT NULL DEFAULT '0',
  `fac_vuelto_acumulado` double NOT NULL DEFAULT '0',
  `fac_puntos_ganados` double NOT NULL DEFAULT '0',
  `fac_tcomercial` double NOT NULL DEFAULT '0',
  `fac_estado` int(1) NOT NULL DEFAULT '1' COMMENT '0=Anulado/ 1=Activo',
  `fac_subtotal` int(10) unsigned NOT NULL DEFAULT '0',
  `fac_descuento` int(10) unsigned NOT NULL DEFAULT '0',
  `fac_descuento_pack` double NOT NULL DEFAULT '0',
  `fac_puntos` double NOT NULL DEFAULT '0',
  `fac_promocion` double NOT NULL DEFAULT '0',
  `fac_sobrecargo` int(10) unsigned NOT NULL DEFAULT '0',
  `fac_imp12` double NOT NULL DEFAULT '0',
  `fac_imp13` double NOT NULL DEFAULT '0',
  `fac_imp15` double NOT NULL DEFAULT '0',
  `fac_imp27` double NOT NULL DEFAULT '0',
  `fac_centralizada` char(2) NOT NULL DEFAULT 'NO',
  `fac_impresa` char(2) NOT NULL DEFAULT 'SI',
  `caj_id` int(10) unsigned NOT NULL DEFAULT '0',
  `usu_nusuario` varchar(15) NOT NULL DEFAULT '',
  `clv_codigo_barra` varchar(13) NOT NULL DEFAULT '',
  `nve_id` int(10) unsigned NOT NULL DEFAULT '0',
  `wst_id` int(10) unsigned NOT NULL DEFAULT '0',
  `fac_observacion` text,
  `fac_fpago` varchar(45) NOT NULL DEFAULT '',
  `fac_x` int(10) unsigned NOT NULL DEFAULT '0',
  `fac_patente` varchar(10) NOT NULL DEFAULT '0',
  `tve_id` int(10) unsigned NOT NULL DEFAULT '0',
  PRIMARY KEY (`fac_numero`),
  KEY `cli_id` (`cli_id`),
  KEY `caj_id` (`caj_id`),
  KEY `usu_nusuario` (`usu_nusuario`),
  KEY `nvt_id` (`nve_id`,`wst_id`)
) ENGINE=InnoDB DEFAULT CHARSET=latin1;

/*Data for the table `gne_facturas` */

/*Table structure for table `gne_facturas_detalle` */


CREATE TABLE `gne_facturas_detalle` (
  `fde_id` int(10) unsigned NOT NULL AUTO_INCREMENT,
  `fac_numero` int(10) unsigned NOT NULL DEFAULT '0',
  `fac_fecha` date NOT NULL DEFAULT '0000-00-00',
  `pro_codigo_plu` int(10) unsigned NOT NULL DEFAULT '0',
  `dfe_cantidad` double NOT NULL DEFAULT '0',
  `dfe_unitario` int(10) unsigned NOT NULL DEFAULT '0',
  `dfe_total` double NOT NULL DEFAULT '0',
  `dfe_costo` double NOT NULL DEFAULT '0',
  `dfe_imp12` double NOT NULL DEFAULT '0',
  `dfe_imp13` double NOT NULL DEFAULT '0',
  `dfe_imp15` double NOT NULL DEFAULT '0',
  `dfe_imp27` double NOT NULL DEFAULT '0',
  `dfe_exento` double NOT NULL DEFAULT '0',
  `dfe_neto` double NOT NULL DEFAULT '0',
  `dfe_iva` double NOT NULL DEFAULT '0',
  `imp_id` int(10) unsigned NOT NULL DEFAULT '0',
  `dfe_impuesto_adicional` int(10) unsigned NOT NULL DEFAULT '0',
  `dfe_descuento` double NOT NULL DEFAULT '0',
  `dfe_descuento_porcentaje` double NOT NULL DEFAULT '0',
  PRIMARY KEY (`fde_id`),
  KEY `pro_codigo_plu` (`pro_codigo_plu`),
  KEY `fac_numero` (`fac_numero`)
) ENGINE=InnoDB DEFAULT CHARSET=latin1;

/*Data for the table `gne_facturas_detalle` */

/*Table structure for table `gne_guia` */


CREATE TABLE `gne_guia` (
  `gui_numero` int(10) unsigned NOT NULL DEFAULT '0',
  `tgu_id` int(10) unsigned NOT NULL DEFAULT '1',
  `cli_id` int(10) unsigned NOT NULL DEFAULT '0',
  `gui_fecha` date NOT NULL DEFAULT '0000-00-00',
  `gui_total` double NOT NULL DEFAULT '0',
  `fac_numero` int(10) unsigned NOT NULL DEFAULT '0',
  `gui_efectivo` double NOT NULL DEFAULT '0',
  `gui_cheque` double NOT NULL DEFAULT '0',
  `gui_credito` double NOT NULL DEFAULT '0',
  `gui_tcredito` double NOT NULL DEFAULT '0',
  `gui_tdebito` double NOT NULL DEFAULT '0',
  `gui_pesos_acumulados` int(10) unsigned NOT NULL DEFAULT '0',
  `gui_vuelto` double NOT NULL DEFAULT '0',
  `gui_vuelto_acumulado` double NOT NULL DEFAULT '0',
  `gui_puntos_ganados` double NOT NULL DEFAULT '0',
  `gui_tcomercial` double NOT NULL DEFAULT '0',
  `gui_saldo` double NOT NULL DEFAULT '0',
  `gui_estado` int(1) unsigned NOT NULL DEFAULT '1',
  `gui_subtotal` int(10) unsigned NOT NULL DEFAULT '0',
  `gui_descuento` int(10) unsigned NOT NULL DEFAULT '0',
  `gui_descuento_pack` double NOT NULL DEFAULT '0',
  `gui_puntos` double NOT NULL DEFAULT '0',
  `gui_promocion` double NOT NULL DEFAULT '0',
  `gui_sobrecargo` int(10) unsigned NOT NULL DEFAULT '0',
  `gui_imp12` double NOT NULL DEFAULT '0',
  `gui_imp13` double NOT NULL DEFAULT '0',
  `gui_imp15` double NOT NULL DEFAULT '0',
  `gui_imp27` double NOT NULL DEFAULT '0',
  `gui_exento` double NOT NULL DEFAULT '0',
  `gui_neto` double NOT NULL DEFAULT '0',
  `gui_iva` double NOT NULL DEFAULT '0',
  `gui_ila` double NOT NULL DEFAULT '0',
  `gui_har` double NOT NULL DEFAULT '0',
  `gui_car` double NOT NULL DEFAULT '0',
  `gui_esp` double NOT NULL DEFAULT '0',
  `gui_centralizada` char(2) NOT NULL DEFAULT 'NO',
  `gui_impresa` char(2) NOT NULL DEFAULT 'SI',
  `caj_id` int(10) unsigned NOT NULL DEFAULT '0',
  `usu_nusuario` varchar(15) NOT NULL DEFAULT '',
  `clv_codigo_barra` varchar(13) NOT NULL DEFAULT '',
  `nve_id` int(10) unsigned NOT NULL DEFAULT '0',
  `wst_id` int(10) unsigned NOT NULL DEFAULT '0',
  `gui_observacion` text,
  `gui_x` int(10) unsigned NOT NULL DEFAULT '0',
  `gui_patente` varchar(10) NOT NULL DEFAULT '0',
  `tve_id` int(10) unsigned NOT NULL DEFAULT '0',
  PRIMARY KEY (`gui_numero`),
  KEY `tgu_id` (`tgu_id`),
  KEY `cli_id` (`cli_id`),
  KEY `caj_id` (`caj_id`),
  KEY `usu_nusuario` (`usu_nusuario`),
  KEY `nvt_id` (`nve_id`,`wst_id`)
) ENGINE=InnoDB DEFAULT CHARSET=latin1;

/*Data for the table `gne_guia` */

/*Table structure for table `gne_guia_detalle` */


CREATE TABLE `gne_guia_detalle` (
  `gde_id` int(10) unsigned NOT NULL AUTO_INCREMENT,
  `gui_numero` int(10) unsigned NOT NULL DEFAULT '0',
  `gui_fecha` date NOT NULL DEFAULT '0000-00-00',
  `pro_codigo_plu` int(10) unsigned NOT NULL DEFAULT '0',
  `gde_cantidad` double NOT NULL DEFAULT '0',
  `gde_unitario` int(10) unsigned NOT NULL DEFAULT '0',
  `gde_total` double NOT NULL DEFAULT '0',
  `gde_costo` double NOT NULL DEFAULT '0',
  `gde_imp12` double NOT NULL DEFAULT '0',
  `gde_imp13` double NOT NULL DEFAULT '0',
  `gde_imp15` double NOT NULL DEFAULT '0',
  `gde_imp27` double NOT NULL DEFAULT '0',
  `gde_exento` double NOT NULL DEFAULT '0',
  `gde_neto` double NOT NULL DEFAULT '0',
  `gde_iva` double NOT NULL DEFAULT '0',
  `imp_id` int(10) unsigned NOT NULL DEFAULT '0',
  `gde_impuesto_adicional` int(10) unsigned NOT NULL DEFAULT '0',
  `gde_descuento` double NOT NULL DEFAULT '0',
  `gde_descuento_porcentaje` double NOT NULL DEFAULT '0',
  PRIMARY KEY (`gde_id`),
  KEY `gui_numero` (`gui_numero`),
  KEY `pro_codigo_plu` (`pro_codigo_plu`)
) ENGINE=InnoDB DEFAULT CHARSET=latin1;

/*Data for the table `gne_guia_detalle` */

/*Table structure for table `gne_guia_devolucion` */


CREATE TABLE `gne_guia_devolucion` (
  `gud_numero` int(10) unsigned NOT NULL DEFAULT '0',
  `prv_rut` varchar(10) NOT NULL DEFAULT '0',
  `gud_fecha` date NOT NULL DEFAULT '0000-00-00',
  `gud_total` int(10) unsigned NOT NULL DEFAULT '0',
  `gud_estado` int(1) unsigned NOT NULL DEFAULT '0' COMMENT '0=Anulada 1=Pendiente 2=Cancelada',
  `gud_saldo` double NOT NULL DEFAULT '0',
  `gud_imp12` double NOT NULL DEFAULT '0',
  `gud_imp13` double NOT NULL DEFAULT '0',
  `gud_imp15` double NOT NULL DEFAULT '0',
  `gud_imp27` double NOT NULL DEFAULT '0',
  `gud_neto` double NOT NULL DEFAULT '0',
  `gud_iva` double NOT NULL DEFAULT '0',
  `gud_centralizada` char(2) NOT NULL DEFAULT 'NO',
  `tgu_id` int(10) NOT NULL DEFAULT '0',
  PRIMARY KEY (`gud_numero`),
  KEY `prv_rut` (`prv_rut`)
) ENGINE=InnoDB DEFAULT CHARSET=latin1;

/*Data for the table `gne_guia_devolucion` */

/*Table structure for table `gne_guia_devolucion_detalle` */


CREATE TABLE `gne_guia_devolucion_detalle` (
  `gdd_id` int(10) unsigned NOT NULL AUTO_INCREMENT,
  `gud_numero` int(10) unsigned NOT NULL DEFAULT '0',
  `gdd_fecha` date NOT NULL DEFAULT '0000-00-00',
  `pro_codigo_plu` int(10) unsigned NOT NULL DEFAULT '0',
  `gdd_cantidad` double NOT NULL DEFAULT '0',
  `gdd_unitario` double NOT NULL DEFAULT '0',
  `gdd_total` int(10) unsigned NOT NULL DEFAULT '0',
  `gdd_imp12` double NOT NULL DEFAULT '0',
  `gdd_imp13` double NOT NULL DEFAULT '0',
  `gdd_imp15` double NOT NULL DEFAULT '0',
  `gdd_imp27` double NOT NULL DEFAULT '0',
  `gdd_neto` double NOT NULL DEFAULT '0',
  `gdd_iva` double NOT NULL DEFAULT '0',
  `imp_id` int(10) unsigned NOT NULL DEFAULT '0',
  `gdd_impuesto_adicional` int(10) unsigned NOT NULL DEFAULT '0',
  PRIMARY KEY (`gdd_id`),
  KEY `pro_codigo_plu` (`pro_codigo_plu`),
  KEY `gud_numero` (`gud_numero`)
) ENGINE=InnoDB DEFAULT CHARSET=latin1;

/*Data for the table `gne_guia_devolucion_detalle` */

/*Table structure for table `gne_guia_devolucion_loca` */


CREATE TABLE `gne_guia_devolucion_loca` (
  `gud_numero` int(10) unsigned NOT NULL DEFAULT '0',
  `prv_rut` varchar(10) NOT NULL DEFAULT '0',
  `gud_fecha` date NOT NULL DEFAULT '0000-00-00',
  `gud_total` int(10) unsigned NOT NULL DEFAULT '0',
  `gud_estado` int(1) unsigned NOT NULL DEFAULT '0' COMMENT '0=Anulada 1=Pendiente 2=Cancelada',
  `gud_saldo` double NOT NULL DEFAULT '0',
  `gud_imp12` double NOT NULL DEFAULT '0',
  `gud_imp13` double NOT NULL DEFAULT '0',
  `gud_imp15` double NOT NULL DEFAULT '0',
  `gud_imp27` double NOT NULL DEFAULT '0',
  `gud_neto` double NOT NULL DEFAULT '0',
  `gud_iva` double NOT NULL DEFAULT '0',
  `gud_centralizada` char(2) NOT NULL DEFAULT 'NO',
  `tgu_id` int(10) NOT NULL DEFAULT '0',
  PRIMARY KEY (`gud_numero`),
  KEY `prv_rut` (`prv_rut`)
) ENGINE=InnoDB DEFAULT CHARSET=latin1;

/*Data for the table `gne_guia_devolucion_loca` */

/*Table structure for table `gne_guia_devolucion_loca_detalle` */


CREATE TABLE `gne_guia_devolucion_loca_detalle` (
  `gdd_id` int(10) unsigned NOT NULL AUTO_INCREMENT,
  `gud_numero` int(10) unsigned NOT NULL DEFAULT '0',
  `gdd_fecha` date NOT NULL DEFAULT '0000-00-00',
  `pro_codigo_plu` int(10) unsigned NOT NULL DEFAULT '0',
  `gdd_cantidad` double NOT NULL DEFAULT '0',
  `gdd_unitario` double NOT NULL DEFAULT '0',
  `gdd_total` int(10) unsigned NOT NULL DEFAULT '0',
  `gdd_imp12` double NOT NULL DEFAULT '0',
  `gdd_imp13` double NOT NULL DEFAULT '0',
  `gdd_imp15` double NOT NULL DEFAULT '0',
  `gdd_imp27` double NOT NULL DEFAULT '0',
  `gdd_neto` double NOT NULL DEFAULT '0',
  `gdd_iva` double NOT NULL DEFAULT '0',
  `imp_id` int(10) unsigned NOT NULL DEFAULT '0',
  `gdd_impuesto_adicional` int(10) unsigned NOT NULL DEFAULT '0',
  PRIMARY KEY (`gdd_id`),
  KEY `pro_codigo_plu` (`pro_codigo_plu`),
  KEY `gud_numero` (`gud_numero`)
) ENGINE=InnoDB DEFAULT CHARSET=latin1;

/*Data for the table `gne_guia_devolucion_loca_detalle` */

/*Table structure for table `gne_nota_credito_cli` */


CREATE TABLE `gne_nota_credito_cli` (
  `ncc_numero` int(10) unsigned NOT NULL DEFAULT '0',
  `fac_numero` int(10) unsigned NOT NULL DEFAULT '0',
  `ncc_valor` double NOT NULL DEFAULT '0',
  `ncc_exento` double NOT NULL DEFAULT '0',
  `ncc_neto` double NOT NULL DEFAULT '0',
  `ncc_iva` double NOT NULL DEFAULT '0',
  `ncc_ila` double NOT NULL DEFAULT '0',
  `ncc_harina` double NOT NULL DEFAULT '0',
  `ncc_carne` double NOT NULL DEFAULT '0',
  `ncc_fecha` date NOT NULL DEFAULT '0000-00-00',
  `ncc_motivo` varchar(50) NOT NULL DEFAULT '',
  `cli_id` int(10) unsigned NOT NULL DEFAULT '0',
  `bol_numero` int(10) unsigned NOT NULL DEFAULT '0',
  `ncc_tipo` int(10) unsigned NOT NULL DEFAULT '0' COMMENT '0 Boleta / 1 Factura / 2 Guia',
  `gui_numero` int(10) unsigned NOT NULL DEFAULT '0',
  `ncc_estado` char(2) NOT NULL DEFAULT 'OK',
  `ncc_centralizada` char(2) NOT NULL DEFAULT 'NO',
  `caj_id` int(10) unsigned NOT NULL DEFAULT '0',
  `ncc_sub_total` double NOT NULL DEFAULT '0',
  `ncc_descuentos` double unsigned NOT NULL DEFAULT '0',
  `ncc_ila13` double NOT NULL DEFAULT '0',
  `ncc_ila15` double NOT NULL DEFAULT '0',
  `ncc_ila27` double NOT NULL DEFAULT '0',
  PRIMARY KEY (`ncc_numero`),
  KEY `fac_numero` (`fac_numero`),
  KEY `cli_id` (`cli_id`),
  KEY `bol_numero` (`bol_numero`)
) ENGINE=InnoDB DEFAULT CHARSET=latin1;

/*Data for the table `gne_nota_credito_cli` */

/*Table structure for table `gne_nota_credito_detalle_cli` */


CREATE TABLE `gne_nota_credito_detalle_cli` (
  `ncd_id` int(10) unsigned NOT NULL AUTO_INCREMENT,
  `ncc_numero` int(10) unsigned NOT NULL DEFAULT '0',
  `pro_codigo_plu` int(10) unsigned NOT NULL DEFAULT '0',
  `ncd_cantidad` double NOT NULL DEFAULT '0',
  `ncd_unitario` int(10) unsigned NOT NULL DEFAULT '0',
  `ncd_total` int(10) unsigned NOT NULL DEFAULT '0',
  `ncd_imp12` double NOT NULL DEFAULT '0',
  `ncd_imp13` double NOT NULL DEFAULT '0',
  `ncd_imp15` double NOT NULL DEFAULT '0',
  `ncd_imp27` double NOT NULL DEFAULT '0',
  `ncd_neto` double NOT NULL DEFAULT '0',
  `ncd_iva` double NOT NULL DEFAULT '0',
  `imp_id` int(10) unsigned NOT NULL DEFAULT '0',
  `ncd_impuesto_adicional` int(10) unsigned NOT NULL DEFAULT '0',
  `dep_id` int(10) unsigned NOT NULL DEFAULT '0',
  `ncd_exento` int(10) unsigned NOT NULL DEFAULT '0',
  `ncd_descuento` int(10) unsigned NOT NULL DEFAULT '0',
  PRIMARY KEY (`ncd_id`),
  KEY `pro_codigo_plu` (`pro_codigo_plu`),
  KEY `ncc_numero` (`ncc_numero`),
  KEY `dep_id` (`dep_id`)
) ENGINE=InnoDB DEFAULT CHARSET=latin1;

/*Data for the table `gne_nota_credito_detalle_cli` */

/*Table structure for table `gne_nota_credito_detalle_prv` */


CREATE TABLE `gne_nota_credito_detalle_prv` (
  `ncd_id` int(10) unsigned NOT NULL AUTO_INCREMENT,
  `ncp_numero` int(10) unsigned NOT NULL DEFAULT '0',
  `pro_codigo_plu` int(10) unsigned NOT NULL DEFAULT '0',
  `ncd_cantidad` int(10) unsigned NOT NULL DEFAULT '0',
  `ncd_unitario` int(10) unsigned NOT NULL DEFAULT '0',
  `ncd_total` int(10) unsigned NOT NULL DEFAULT '0',
  PRIMARY KEY (`ncd_id`),
  KEY `pro_codigo_plu` (`pro_codigo_plu`),
  KEY `ncp_numero` (`ncp_numero`)
) ENGINE=InnoDB DEFAULT CHARSET=latin1;

/*Data for the table `gne_nota_credito_detalle_prv` */

/*Table structure for table `gne_nota_credito_prv` */


CREATE TABLE `gne_nota_credito_prv` (
  `ncp_numero` int(10) unsigned NOT NULL DEFAULT '0',
  `fco_numero` int(10) unsigned NOT NULL DEFAULT '0',
  `ncp_monto` int(10) unsigned NOT NULL DEFAULT '0',
  `ncp_fecha` date NOT NULL DEFAULT '0000-00-00',
  `ncp_motivo` varchar(50) NOT NULL DEFAULT '',
  `snc_id` int(10) unsigned NOT NULL DEFAULT '0',
  `prv_rut` varchar(10) NOT NULL DEFAULT '',
  `ncp_folio` int(10) unsigned NOT NULL DEFAULT '0',
  PRIMARY KEY (`ncp_numero`),
  KEY `snc_id` (`snc_id`),
  KEY `prv_rut` (`prv_rut`),
  KEY `fco_numero` (`fco_numero`)
) ENGINE=InnoDB DEFAULT CHARSET=latin1;

/*Data for the table `gne_nota_credito_prv` */

/*Table structure for table `gne_notascredito_compras` */


CREATE TABLE `gne_notascredito_compras` (
  `ncc_id` int(10) NOT NULL DEFAULT '0',
  `doc_id` int(10) unsigned NOT NULL DEFAULT '0',
  `ncc_tipo_nota` char(3) NOT NULL DEFAULT 'NCR',
  `ncc_numero` int(11) NOT NULL DEFAULT '0',
  `ncc_fecha` date NOT NULL DEFAULT '0000-00-00',
  `ncc_ano` int(10) unsigned NOT NULL DEFAULT '0',
  `ncc_mes` int(10) unsigned NOT NULL DEFAULT '0',
  `prv_rut` varchar(10) NOT NULL DEFAULT '',
  `ncc_total` double NOT NULL DEFAULT '0',
  `ncc_exento` int(10) unsigned NOT NULL DEFAULT '0',
  `ncc_neto` int(10) unsigned NOT NULL DEFAULT '0',
  `ncc_iva` int(10) unsigned NOT NULL DEFAULT '0',
  `ncc_ila` int(10) unsigned NOT NULL DEFAULT '0',
  `ncc_ret_carne` int(10) unsigned NOT NULL DEFAULT '0',
  `ncc_ret_harina` int(10) unsigned NOT NULL DEFAULT '0',
  `ncc_especifico` int(10) unsigned NOT NULL DEFAULT '0',
  `ncc_correlativo` int(10) unsigned NOT NULL DEFAULT '0',
  `snc_id` int(10) unsigned NOT NULL DEFAULT '0',
  `ncc_fingreso` date NOT NULL DEFAULT '0000-00-00',
  `gud_numero` int(10) unsigned NOT NULL DEFAULT '0',
  `ncc_tipo` char(3) NOT NULL DEFAULT 'SDO',
  `ncc_centralizada` char(2) NOT NULL DEFAULT 'NO',
  `ncc_folio_contable` int(10) unsigned NOT NULL DEFAULT '0',
  `cen_id` int(10) unsigned NOT NULL DEFAULT '0',
  `ncc_a_pago_gestion` char(2) NOT NULL DEFAULT 'NO',
  PRIMARY KEY (`ncc_id`),
  KEY `doc_id` (`doc_id`),
  KEY `cen_id` (`cen_id`),
  KEY `ncc_fingreso` (`ncc_fingreso`)
) ENGINE=InnoDB DEFAULT CHARSET=latin1;

/*Data for the table `gne_notascredito_compras` */

/*Table structure for table `gne_notascredito_compras_mov` */


CREATE TABLE `gne_notascredito_compras_mov` (
  `ncm_id` int(10) unsigned NOT NULL AUTO_INCREMENT,
  `ncc_id` int(10) unsigned NOT NULL DEFAULT '0',
  `ncm_tipo` char(3) NOT NULL DEFAULT 'SNC' COMMENT 'SNC=SOLICITUD / GUI=GUIA',
  `ncm_numero` int(10) unsigned NOT NULL DEFAULT '0',
  `ncm_monto` int(10) unsigned NOT NULL DEFAULT '0',
  PRIMARY KEY (`ncm_id`)
) ENGINE=InnoDB DEFAULT CHARSET=latin1;

/*Data for the table `gne_notascredito_compras_mov` */

/*Table structure for table `gne_retiran` */


CREATE TABLE `gne_retiran` (
  `ret_rut` varchar(10) NOT NULL DEFAULT '',
  `ret_nombre` varchar(50) NOT NULL DEFAULT '',
  PRIMARY KEY (`ret_rut`)
) ENGINE=InnoDB DEFAULT CHARSET=latin1;

/*Data for the table `gne_retiran` */

/*Table structure for table `gne_tipo_guias` */


CREATE TABLE `gne_tipo_guias` (
  `tgu_id` int(10) unsigned NOT NULL DEFAULT '0',
  `tgu_nombre` varchar(45) NOT NULL DEFAULT '',
  `tgu_facturable` int(1) unsigned zerofill NOT NULL DEFAULT '0' COMMENT '0=SI 1=NO',
  `tgu_valores` int(1) unsigned NOT NULL DEFAULT '0' COMMENT '0=SI 1=NO',
  `tgu_leyenda` text NOT NULL,
  PRIMARY KEY (`tgu_id`)
) ENGINE=InnoDB DEFAULT CHARSET=latin1;

/*Data for the table `gne_tipo_guias` */

insert  into `gne_tipo_guias`(`tgu_id`,`tgu_nombre`,`tgu_facturable`,`tgu_valores`,`tgu_leyenda`) values (1,'GUIA DE VENTA',0,0,'');

/*Table structure for table `gne_vale_ferreteria` */


CREATE TABLE `gne_vale_ferreteria` (
  `vfe_id` int(10) unsigned NOT NULL DEFAULT '0',
  `vfe_fecha` date NOT NULL DEFAULT '0000-00-00',
  `vfe_total` int(10) unsigned NOT NULL DEFAULT '0',
  `vfe_estado` int(1) unsigned NOT NULL DEFAULT '0',
  `vfe_entregado` int(1) unsigned NOT NULL DEFAULT '0',
  `usu_nusuario` varchar(15) NOT NULL DEFAULT '',
  `vfe_reparto_nombre` varchar(255) DEFAULT NULL,
  `vfe_reparto_direccion` varchar(255) DEFAULT NULL,
  `vfe_reparto_telefono` varchar(255) DEFAULT NULL,
  `vfe_reparto_observacion` varchar(255) DEFAULT NULL,
  PRIMARY KEY (`vfe_id`)
) ENGINE=InnoDB DEFAULT CHARSET=latin1;

/*Data for the table `gne_vale_ferreteria` */

/*Table structure for table `gne_vale_ferreteria_mov` */


CREATE TABLE `gne_vale_ferreteria_mov` (
  `vfm_id` int(10) unsigned NOT NULL AUTO_INCREMENT,
  `vfe_id` int(10) unsigned NOT NULL DEFAULT '0',
  `pro_codigo_plu` int(10) unsigned NOT NULL DEFAULT '0',
  `vfm_cantidad` double NOT NULL DEFAULT '0',
  `vfm_total` int(10) unsigned NOT NULL DEFAULT '0',
  `vfm_unitario` int(10) unsigned NOT NULL DEFAULT '0',
  `vfm_entregado` char(2) NOT NULL DEFAULT 'SI',
  PRIMARY KEY (`vfm_id`),
  KEY `vfe_id` (`vfe_id`),
  KEY `pro_codigo_plu` (`pro_codigo_plu`)
) ENGINE=InnoDB DEFAULT CHARSET=latin1;

/*Data for the table `gne_vale_ferreteria_mov` */

/*Table structure for table `gpr_aserrin_roticeria` */


CREATE TABLE `gpr_aserrin_roticeria` (
  `asr_fecha` date NOT NULL DEFAULT '0000-00-00',
  `asr_costo` double NOT NULL DEFAULT '0',
  `asr_cantidad` double NOT NULL DEFAULT '0',
  `asr_total` int(10) unsigned NOT NULL DEFAULT '0',
  PRIMARY KEY (`asr_fecha`)
) ENGINE=InnoDB DEFAULT CHARSET=latin1;

/*Data for the table `gpr_aserrin_roticeria` */

/*Table structure for table `gpr_consumos` */


CREATE TABLE `gpr_consumos` (
  `con_numero` int(10) unsigned NOT NULL AUTO_INCREMENT,
  `con_fecha` date NOT NULL DEFAULT '0000-00-00',
  `con_total` int(10) unsigned NOT NULL DEFAULT '0',
  `usu_nusuario` varchar(15) NOT NULL DEFAULT '',
  `con_observacion` text NOT NULL,
  `con_salida` int(1) unsigned NOT NULL DEFAULT '0',
  `con_int_cli` int(1) unsigned NOT NULL DEFAULT '0',
  `con_estado` char(2) NOT NULL DEFAULT 'OK',
  PRIMARY KEY (`con_numero`),
  KEY `usu_nusuario` (`usu_nusuario`)
) ENGINE=InnoDB DEFAULT CHARSET=latin1;

/*Data for the table `gpr_consumos` */

/*Table structure for table `gpr_consumos_mov` */


CREATE TABLE `gpr_consumos_mov` (
  `cmo_id` int(10) unsigned NOT NULL AUTO_INCREMENT,
  `con_numero` int(10) unsigned NOT NULL DEFAULT '0',
  `pro_codigo_plu` int(10) unsigned NOT NULL DEFAULT '0',
  `cmo_cantidad` double NOT NULL DEFAULT '0',
  `cmo_costo` double NOT NULL DEFAULT '0',
  `cmo_total` int(10) unsigned NOT NULL DEFAULT '0',
  `cmo_stock` double NOT NULL DEFAULT '0',
  PRIMARY KEY (`cmo_id`),
  KEY `con_numero` (`con_numero`),
  KEY `pro_codigo_plu` (`pro_codigo_plu`)
) ENGINE=InnoDB DEFAULT CHARSET=latin1;

/*Data for the table `gpr_consumos_mov` */

/*Table structure for table `gpr_egreso` */


CREATE TABLE `gpr_egreso` (
  `egr_id` int(10) unsigned NOT NULL DEFAULT '0',
  `egr_fecha` date NOT NULL DEFAULT '0000-00-00',
  `usu_nusuario` varchar(15) NOT NULL DEFAULT '',
  `egr_total` int(10) unsigned NOT NULL DEFAULT '0',
  PRIMARY KEY (`egr_id`),
  KEY `usu_nusuario` (`usu_nusuario`)
) ENGINE=InnoDB DEFAULT CHARSET=latin1;

/*Data for the table `gpr_egreso` */

/*Table structure for table `gpr_egreso_detalle` */


CREATE TABLE `gpr_egreso_detalle` (
  `egd_id` int(10) unsigned NOT NULL DEFAULT '0',
  `egr_id` int(10) unsigned NOT NULL DEFAULT '0',
  `pro_codigo_plu` int(10) unsigned NOT NULL DEFAULT '0',
  `egd_cantidad` int(10) unsigned NOT NULL DEFAULT '0',
  `egd_unitario` int(10) unsigned NOT NULL DEFAULT '0',
  `egd_total` int(10) unsigned NOT NULL DEFAULT '0',
  `egd_tipo` int(1) unsigned NOT NULL DEFAULT '0',
  PRIMARY KEY (`egd_id`),
  KEY `pro_codigo_plu` (`pro_codigo_plu`)
) ENGINE=InnoDB DEFAULT CHARSET=latin1;

/*Data for the table `gpr_egreso_detalle` */

/*Table structure for table `gpr_mermas` */


CREATE TABLE `gpr_mermas` (
  `mer_numero` int(10) unsigned NOT NULL AUTO_INCREMENT,
  `mer_fecha` date NOT NULL DEFAULT '0000-00-00',
  `mer_total` int(10) unsigned NOT NULL DEFAULT '0',
  `usu_nusuario` varchar(15) NOT NULL DEFAULT '',
  `mer_observacion` text NOT NULL,
  `mer_salida` int(1) unsigned NOT NULL DEFAULT '0',
  `mer_estado` char(2) NOT NULL DEFAULT 'OK',
  PRIMARY KEY (`mer_numero`),
  KEY `usu_nusuario` (`usu_nusuario`)
) ENGINE=InnoDB DEFAULT CHARSET=latin1 COMMENT='InnoDB free: 10240 kB';

/*Data for the table `gpr_mermas` */

/*Table structure for table `gpr_mermas_mov` */


CREATE TABLE `gpr_mermas_mov` (
  `mmo_id` int(10) unsigned NOT NULL AUTO_INCREMENT,
  `mer_numero` int(10) unsigned NOT NULL DEFAULT '0',
  `pro_codigo_plu` int(10) unsigned NOT NULL DEFAULT '0',
  `mmo_cantidad` double NOT NULL DEFAULT '0',
  `mmo_costo` double NOT NULL DEFAULT '0',
  `mmo_total` double NOT NULL DEFAULT '0',
  `mmo_stock` double NOT NULL DEFAULT '0',
  PRIMARY KEY (`mmo_id`),
  KEY `mer_numero` (`mer_numero`),
  KEY `pro_codigo_plu` (`pro_codigo_plu`)
) ENGINE=InnoDB DEFAULT CHARSET=latin1;

/*Data for the table `gpr_mermas_mov` */

/*Table structure for table `gpr_pack` */


CREATE TABLE `gpr_pack` (
  `pac_id` int(10) unsigned NOT NULL DEFAULT '0',
  `pro_codigo_plu` int(10) unsigned NOT NULL DEFAULT '0',
  `pac_cantidad` double NOT NULL DEFAULT '0',
  `pac_tipo` char(3) NOT NULL DEFAULT 'AUM',
  `pac_fecha` date NOT NULL DEFAULT '0000-00-00',
  PRIMARY KEY (`pac_id`),
  KEY `pro_codigo_plu` (`pro_codigo_plu`)
) ENGINE=InnoDB DEFAULT CHARSET=latin1;

/*Data for the table `gpr_pack` */

/*Table structure for table `gpr_pack_general` */


CREATE TABLE `gpr_pack_general` (
  `pag_id` int(10) unsigned NOT NULL DEFAULT '0',
  `pag_fecha` date NOT NULL DEFAULT '0000-00-00',
  `pag_usuario` varchar(45) NOT NULL DEFAULT '',
  `pag_activo` char(2) NOT NULL DEFAULT 'SI',
  PRIMARY KEY (`pag_id`)
) ENGINE=InnoDB DEFAULT CHARSET=latin1;

/*Data for the table `gpr_pack_general` */

/*Table structure for table `gpr_pack_general_mov` */


CREATE TABLE `gpr_pack_general_mov` (
  `pgm_id` int(10) unsigned NOT NULL AUTO_INCREMENT,
  `pag_id` int(10) unsigned NOT NULL DEFAULT '0',
  `pgm_entrada_salida` char(1) NOT NULL DEFAULT '',
  `pro_codigo_plu` int(10) unsigned NOT NULL DEFAULT '0',
  `pgm_costo` double NOT NULL DEFAULT '0',
  `pgm_venta` double NOT NULL DEFAULT '0',
  `pgm_stock` double NOT NULL DEFAULT '0',
  `pgm_cantidad` double NOT NULL DEFAULT '0',
  PRIMARY KEY (`pgm_id`)
) ENGINE=InnoDB DEFAULT CHARSET=latin1;

/*Data for the table `gpr_pack_general_mov` */

/*Table structure for table `gpr_pack_mov` */


CREATE TABLE `gpr_pack_mov` (
  `pam_id` int(10) unsigned NOT NULL AUTO_INCREMENT,
  `pac_id` int(10) unsigned NOT NULL DEFAULT '0',
  `pro_codigo_plu` int(10) unsigned NOT NULL DEFAULT '0',
  `pam_cantidad` double NOT NULL DEFAULT '0',
  PRIMARY KEY (`pam_id`),
  KEY `pac_id` (`pac_id`),
  KEY `pro_codigo_plu` (`pro_codigo_plu`)
) ENGINE=InnoDB DEFAULT CHARSET=latin1;

/*Data for the table `gpr_pack_mov` */

/*Table structure for table `gpr_pack_virtual` */


CREATE TABLE `gpr_pack_virtual` (
  `pav_id` int(10) unsigned NOT NULL AUTO_INCREMENT,
  `pav_nombre` varchar(45) NOT NULL DEFAULT '',
  `pav_total_pack` int(10) unsigned NOT NULL DEFAULT '0',
  `pav_total_descuento` int(10) unsigned NOT NULL DEFAULT '0',
  `pav_desde` date NOT NULL DEFAULT '0000-00-00',
  `pav_hasta` date NOT NULL DEFAULT '0000-00-00',
  `pav_tipo` char(2) NOT NULL DEFAULT '' COMMENT 'PA=Pack / PR=Producto',
  `pav_precio` int(10) unsigned NOT NULL DEFAULT '0',
  `pav_lleva` double NOT NULL DEFAULT '0',
  `pav_paga` double NOT NULL DEFAULT '0',
  `pav_descuento` double NOT NULL DEFAULT '0',
  `pav_porcentaje` double NOT NULL DEFAULT '0',
  `pav_costo` double NOT NULL DEFAULT '0',
  `pav_margen` double NOT NULL DEFAULT '0',
  `pav_oferta_exclusiva` char(2) NOT NULL DEFAULT 'NO',
  `pav_agotar_stock` char(2) NOT NULL DEFAULT 'NO',
  `pav_stock` int(10) unsigned NOT NULL DEFAULT '0',
  `pav_vendido` int(10) unsigned NOT NULL DEFAULT '0',
  `pav_activo` char(2) NOT NULL DEFAULT 'SI',
  PRIMARY KEY (`pav_id`)
) ENGINE=InnoDB DEFAULT CHARSET=latin1;

/*Data for the table `gpr_pack_virtual` */

/*Table structure for table `gpr_pack_virtual_horario` */


CREATE TABLE `gpr_pack_virtual_horario` (
  `pvh_id` int(10) unsigned NOT NULL AUTO_INCREMENT,
  `pav_id` int(10) unsigned NOT NULL DEFAULT '0',
  `pvh_dia` int(10) unsigned NOT NULL DEFAULT '0',
  `pvh_hora_desde` varchar(5) NOT NULL DEFAULT '',
  `pvh_hora_hasta` varchar(5) NOT NULL DEFAULT '',
  PRIMARY KEY (`pvh_id`)
) ENGINE=InnoDB DEFAULT CHARSET=latin1;

/*Data for the table `gpr_pack_virtual_horario` */

/*Table structure for table `gpr_pack_virtual_mov` */


CREATE TABLE `gpr_pack_virtual_mov` (
  `pvm_id` int(10) unsigned NOT NULL AUTO_INCREMENT,
  `pav_id` int(10) unsigned NOT NULL DEFAULT '0',
  `pro_codigo_plu` int(10) unsigned NOT NULL DEFAULT '0',
  `pvm_precio` int(10) unsigned NOT NULL DEFAULT '0',
  `pvm_total` int(10) unsigned NOT NULL DEFAULT '0',
  `pvm_lleva` double NOT NULL DEFAULT '0',
  `pvm_paga` double NOT NULL DEFAULT '0',
  `pvm_descuento` double NOT NULL DEFAULT '0',
  `pvm_porcentaje` double NOT NULL DEFAULT '0',
  `pvm_total_normal` int(10) unsigned NOT NULL DEFAULT '0',
  `pvm_descuento_linea` double NOT NULL DEFAULT '0',
  `pvm_costo` double NOT NULL DEFAULT '0',
  `pvm_margen` double NOT NULL DEFAULT '0',
  PRIMARY KEY (`pvm_id`),
  KEY `pav_id` (`pav_id`),
  KEY `pro_codigo_plu` (`pro_codigo_plu`)
) ENGINE=InnoDB DEFAULT CHARSET=latin1;

/*Data for the table `gpr_pack_virtual_mov` */

/*Table structure for table `gpr_plasticos_quesos` */


CREATE TABLE `gpr_plasticos_quesos` (
  `pqe_fecha` date NOT NULL DEFAULT '0000-00-00',
  `usu_nusuario` varchar(15) NOT NULL DEFAULT '',
  `pqe_observacion` text NOT NULL,
  PRIMARY KEY (`pqe_fecha`)
) ENGINE=InnoDB DEFAULT CHARSET=latin1;

/*Data for the table `gpr_plasticos_quesos` */

/*Table structure for table `gpr_plasticos_quesos_mov` */


CREATE TABLE `gpr_plasticos_quesos_mov` (
  `pqm_id` int(10) unsigned NOT NULL AUTO_INCREMENT,
  `pqe_fecha` date NOT NULL DEFAULT '0000-00-00',
  `pro_codigo_plu` int(10) unsigned NOT NULL DEFAULT '0',
  `pqm_cantidad` double NOT NULL DEFAULT '0',
  `pqm_unitario` double NOT NULL DEFAULT '0',
  `pqm_total` int(10) unsigned NOT NULL DEFAULT '0',
  `pqm_stock` double NOT NULL DEFAULT '0',
  PRIMARY KEY (`pqm_id`)
) ENGINE=InnoDB DEFAULT CHARSET=latin1;

/*Data for the table `gpr_plasticos_quesos_mov` */

/*Table structure for table `gpr_produccion_local` */


CREATE TABLE `gpr_produccion_local` (
  `prl_fecha` date NOT NULL DEFAULT '0000-00-00',
  `usu_nusuario` varchar(15) NOT NULL DEFAULT '',
  `prl_observacion` text NOT NULL,
  `pro_codigo_plu` int(10) unsigned NOT NULL DEFAULT '0',
  `prl_id` int(10) unsigned NOT NULL DEFAULT '0',
  `prl_cantidad` double NOT NULL DEFAULT '0',
  `prl_estado` char(2) NOT NULL DEFAULT 'OK',
  PRIMARY KEY (`prl_id`),
  KEY `pro_codigo_plu` (`pro_codigo_plu`)
) ENGINE=InnoDB DEFAULT CHARSET=latin1;

/*Data for the table `gpr_produccion_local` */

/*Table structure for table `gpr_produccion_local_mov` */


CREATE TABLE `gpr_produccion_local_mov` (
  `prm_id` int(10) unsigned NOT NULL AUTO_INCREMENT,
  `prl_id` int(10) unsigned NOT NULL DEFAULT '0',
  `prm_stock` char(2) NOT NULL DEFAULT '',
  `prm_cantidad` double NOT NULL DEFAULT '0',
  `prm_unitario` double NOT NULL DEFAULT '0',
  `prm_total` int(10) unsigned NOT NULL DEFAULT '0',
  `pro_codigo_plu` int(10) unsigned NOT NULL DEFAULT '0',
  PRIMARY KEY (`prm_id`)
) ENGINE=InnoDB DEFAULT CHARSET=latin1;

/*Data for the table `gpr_produccion_local_mov` */

/*Table structure for table `gpr_receta` */


CREATE TABLE `gpr_receta` (
  `rec_id` int(10) unsigned NOT NULL DEFAULT '0',
  `pro_codigo_plu` int(10) unsigned NOT NULL DEFAULT '0',
  `rec_creacion` date NOT NULL DEFAULT '0000-00-00',
  `rec_actualizacion` date NOT NULL DEFAULT '0000-00-00',
  `rec_usuario` varchar(15) NOT NULL DEFAULT '',
  `rec_activo` char(2) NOT NULL DEFAULT 'SI',
  `rec_alternativa` int(10) unsigned NOT NULL DEFAULT '0',
  `rec_cantidad_alternativa` int(10) unsigned NOT NULL DEFAULT '0',
  `rec_producido` double NOT NULL DEFAULT '0',
  PRIMARY KEY (`rec_id`)
) ENGINE=InnoDB DEFAULT CHARSET=latin1;

/*Data for the table `gpr_receta` */

/*Table structure for table `gpr_receta_mov` */


CREATE TABLE `gpr_receta_mov` (
  `rem_id` int(10) unsigned NOT NULL AUTO_INCREMENT,
  `rec_id` int(10) unsigned NOT NULL DEFAULT '0',
  `pro_codigo_plu` int(10) unsigned NOT NULL DEFAULT '0',
  `rem_cantidad` double NOT NULL DEFAULT '0',
  `rem_imprime` char(2) NOT NULL DEFAULT 'NO',
  `rem_cantidad_producida` double NOT NULL DEFAULT '0',
  `rem_cantidad_unitaria` double NOT NULL DEFAULT '0',
  PRIMARY KEY (`rem_id`)
) ENGINE=InnoDB DEFAULT CHARSET=latin1;

/*Data for the table `gpr_receta_mov` */

/*Table structure for table `gpr_traspasos` */


CREATE TABLE `gpr_traspasos` (
  `tra_id` int(10) unsigned NOT NULL DEFAULT '0',
  `tra_fecha` date NOT NULL DEFAULT '0000-00-00',
  `tra_observacion` text NOT NULL,
  `usu_nusuario` varchar(15) NOT NULL DEFAULT '',
  `tra_estado` char(2) NOT NULL DEFAULT 'OK',
  PRIMARY KEY (`tra_id`)
) ENGINE=InnoDB DEFAULT CHARSET=latin1;

/*Data for the table `gpr_traspasos` */

/*Table structure for table `gpr_traspasos_mov` */


CREATE TABLE `gpr_traspasos_mov` (
  `trm_id` int(10) unsigned NOT NULL AUTO_INCREMENT,
  `tra_id` int(10) unsigned NOT NULL DEFAULT '0',
  `pro_codigo_plu` int(10) unsigned NOT NULL DEFAULT '0',
  `trm_cantidad` double NOT NULL DEFAULT '0',
  `trm_unitario` double NOT NULL DEFAULT '0',
  `trm_total` double NOT NULL DEFAULT '0',
  `dep_id` int(10) unsigned NOT NULL DEFAULT '0',
  `trm_stock` double NOT NULL DEFAULT '0',
  PRIMARY KEY (`trm_id`)
) ENGINE=InnoDB DEFAULT CHARSET=latin1;

/*Data for the table `gpr_traspasos_mov` */

/*Table structure for table `inv_planilla` */


CREATE TABLE `inv_planilla` (
  `pla_id` int(10) unsigned NOT NULL AUTO_INCREMENT,
  `usu_nusuario` varchar(15) NOT NULL DEFAULT '',
  `pla_fecha` date NOT NULL DEFAULT '0000-00-00',
  `pla_observacion` text NOT NULL,
  `pla_estado` char(2) NOT NULL DEFAULT 'PE' COMMENT 'PE=Pendiente / OK=OK / NU=Nulo',
  `pla_stock` char(2) NOT NULL DEFAULT 'SI',
  PRIMARY KEY (`pla_id`),
  KEY `usu_nusuario` (`usu_nusuario`),
  KEY `pla_stock` (`pla_stock`)
) ENGINE=InnoDB AUTO_INCREMENT=2 DEFAULT CHARSET=latin1;

/*Data for the table `inv_planilla` */

insert  into `inv_planilla`(`pla_id`,`usu_nusuario`,`pla_fecha`,`pla_observacion`,`pla_estado`,`pla_stock`) values (1,'admin','2016-06-03','INVENTARIO 1','PE','SI');

/*Table structure for table `inv_planilla_mov` */


CREATE TABLE `inv_planilla_mov` (
  `plm_id` int(10) unsigned NOT NULL AUTO_INCREMENT,
  `pla_id` int(10) unsigned NOT NULL DEFAULT '0',
  `pro_codigo_plu` int(10) unsigned NOT NULL DEFAULT '0',
  `plm_costo` double NOT NULL DEFAULT '0',
  `plm_sve_saldo` double NOT NULL DEFAULT '0',
  `plm_sve_ent` double NOT NULL DEFAULT '0',
  `plm_sve_sal` double NOT NULL DEFAULT '0',
  `plm_sve_mer` double NOT NULL DEFAULT '0',
  `plm_sve_aju` double NOT NULL DEFAULT '0',
  `plm_sve_con` double NOT NULL DEFAULT '0',
  `plm_bod_saldo` double NOT NULL DEFAULT '0',
  `plm_bod_ent` double NOT NULL DEFAULT '0',
  `plm_bod_sal` double NOT NULL DEFAULT '0',
  `plm_bod_mer` double NOT NULL DEFAULT '0',
  `plm_bod_aju` double NOT NULL DEFAULT '0',
  `plm_bod_con` double NOT NULL DEFAULT '0',
  PRIMARY KEY (`plm_id`),
  KEY `pla_id` (`pla_id`),
  KEY `pro_codigo_plu` (`pro_codigo_plu`)
) ENGINE=InnoDB AUTO_INCREMENT=15 DEFAULT CHARSET=latin1;

/*Data for the table `inv_planilla_mov` */

insert  into `inv_planilla_mov`(`plm_id`,`pla_id`,`pro_codigo_plu`,`plm_costo`,`plm_sve_saldo`,`plm_sve_ent`,`plm_sve_sal`,`plm_sve_mer`,`plm_sve_aju`,`plm_sve_con`,`plm_bod_saldo`,`plm_bod_ent`,`plm_bod_sal`,`plm_bod_mer`,`plm_bod_aju`,`plm_bod_con`) values (1,1,780727274,0,0,0,0,0,0,0,0,0,0,0,0,0),(2,1,411,34989,-1,0,1,0,0,0,0,0,0,0,0,0),(3,1,780727281,0,-1,0,1,0,0,0,0,0,0,0,0,0),(4,1,780727333,0,-2,0,2,0,0,0,0,0,0,0,0,0),(5,1,780727334,0,-1,0,1,0,0,0,0,0,0,0,0,0),(6,1,780727328,0,-1,0,1,0,0,0,0,0,0,0,0,0),(7,1,780726644,9190,-2,0,2,0,0,0,0,0,0,0,0,0),(8,1,780726783,11999,0,0,0,0,0,0,0,0,0,0,0,0),(9,1,780726645,10990,-2,0,2,0,0,0,0,0,0,0,0,0),(10,1,586000850,9279,-2,0,2,0,0,0,0,0,0,0,0,0),(11,1,586000851,14299,-4,0,4,0,0,0,0,0,0,0,0,0),(12,1,780681024,0,-5,0,5,0,0,0,0,0,0,0,0,0),(13,1,780726647,14279,-7,0,7,0,0,0,0,0,0,0,0,0),(14,1,780727327,0,-1,0,1,0,0,0,0,0,0,0,0,0);

/*Table structure for table `inv_toma_inventario` */


CREATE TABLE `inv_toma_inventario` (
  `tin_id` int(10) unsigned NOT NULL DEFAULT '0',
  `tin_fecha` date NOT NULL DEFAULT '0000-00-00',
  `tin_actualizado` int(1) unsigned NOT NULL DEFAULT '0',
  `usu_nusuario` varchar(15) NOT NULL DEFAULT '',
  `tin_sala_bodega` int(1) unsigned NOT NULL DEFAULT '0' COMMENT '0=sala/1=bodega',
  `tin_observacion` text NOT NULL,
  `pla_id` int(10) unsigned NOT NULL DEFAULT '0',
  PRIMARY KEY (`tin_id`),
  KEY `usu_nusuario` (`usu_nusuario`),
  KEY `pla_id` (`pla_id`)
) ENGINE=InnoDB DEFAULT CHARSET=latin1;

/*Data for the table `inv_toma_inventario` */

insert  into `inv_toma_inventario`(`tin_id`,`tin_fecha`,`tin_actualizado`,`usu_nusuario`,`tin_sala_bodega`,`tin_observacion`,`pla_id`) values (1,'2016-06-03',0,'admin',0,'INGRESO DATOS',1);

/*Table structure for table `inv_toma_inventario_detalle` */


CREATE TABLE `inv_toma_inventario_detalle` (
  `tid_id` int(10) unsigned NOT NULL AUTO_INCREMENT,
  `tin_id` int(10) unsigned NOT NULL DEFAULT '0',
  `pro_codigo_plu` int(10) unsigned NOT NULL DEFAULT '0',
  `tid_cantidad` double NOT NULL DEFAULT '0',
  `tid_ajuste` double NOT NULL DEFAULT '0',
  `tid_costo` double NOT NULL DEFAULT '0',
  `tid_sve_saldo` double NOT NULL DEFAULT '0',
  `tid_sve_ent` double NOT NULL DEFAULT '0',
  `tid_sve_sal` double NOT NULL DEFAULT '0',
  `tid_sve_mer` double NOT NULL DEFAULT '0',
  `tid_sve_aju` double NOT NULL DEFAULT '0',
  `tid_sve_con` double NOT NULL DEFAULT '0',
  `tid_bod_saldo` double NOT NULL DEFAULT '0',
  `tid_bod_ent` double NOT NULL DEFAULT '0',
  `tid_bod_sal` double NOT NULL DEFAULT '0',
  `tid_bod_mer` double NOT NULL DEFAULT '0',
  `tid_bod_aju` double NOT NULL DEFAULT '0',
  `tid_bod_con` double NOT NULL DEFAULT '0',
  PRIMARY KEY (`tid_id`),
  KEY `pro_codigo_plu` (`pro_codigo_plu`),
  KEY `tin_id` (`tin_id`)
) ENGINE=InnoDB AUTO_INCREMENT=15 DEFAULT CHARSET=latin1;

/*Data for the table `inv_toma_inventario_detalle` */

insert  into `inv_toma_inventario_detalle`(`tid_id`,`tin_id`,`pro_codigo_plu`,`tid_cantidad`,`tid_ajuste`,`tid_costo`,`tid_sve_saldo`,`tid_sve_ent`,`tid_sve_sal`,`tid_sve_mer`,`tid_sve_aju`,`tid_sve_con`,`tid_bod_saldo`,`tid_bod_ent`,`tid_bod_sal`,`tid_bod_mer`,`tid_bod_aju`,`tid_bod_con`) values (1,1,780727274,1,0,0,0,0,0,0,0,0,0,0,0,0,0,0),(2,1,411,1,0,34989,-1,0,1,0,0,0,0,0,0,0,0,0),(3,1,780727281,1,0,0,-1,0,1,0,0,0,0,0,0,0,0,0),(4,1,780727333,1,0,0,-2,0,2,0,0,0,0,0,0,0,0,0),(5,1,780727334,0,0,0,-1,0,1,0,0,0,0,0,0,0,0,0),(6,1,780727328,0,0,0,-1,0,1,0,0,0,0,0,0,0,0,0),(7,1,780726644,0,0,9190,-2,0,2,0,0,0,0,0,0,0,0,0),(8,1,780726783,0,0,11999,0,0,0,0,0,0,0,0,0,0,0,0),(9,1,780726645,0,0,10990,-2,0,2,0,0,0,0,0,0,0,0,0),(10,1,586000850,0,0,9279,-2,0,2,0,0,0,0,0,0,0,0,0),(11,1,586000851,0,0,14299,-4,0,4,0,0,0,0,0,0,0,0,0),(12,1,780681024,0,0,0,-5,0,5,0,0,0,0,0,0,0,0,0),(13,1,780726647,0,0,14279,-7,0,7,0,0,0,0,0,0,0,0,0),(14,1,780727327,0,0,0,-1,0,1,0,0,0,0,0,0,0,0,0);

/*Table structure for table `mae_accesos` */


CREATE TABLE `mae_accesos` (
  `acc_id` int(10) NOT NULL DEFAULT '0',
  `per_id` int(10) DEFAULT NULL,
  `men_id` int(10) DEFAULT NULL,
  PRIMARY KEY (`acc_id`),
  KEY `men_id` (`men_id`),
  KEY `per_id` (`per_id`)
) ENGINE=InnoDB DEFAULT CHARSET=latin1;

/*Data for the table `mae_accesos` */

/*Table structure for table `mae_activacion_pack` */


CREATE TABLE `mae_activacion_pack` (
  `apa_id` int(10) NOT NULL AUTO_INCREMENT,
  `prv_rut` varchar(10) DEFAULT NULL,
  `apa_fecha` date DEFAULT NULL,
  `apa_cantidad` int(10) DEFAULT NULL,
  `pro_codigo_plu` varchar(15) DEFAULT NULL,
  `apa_entradas_sv` int(1) DEFAULT NULL,
  `apa_entradas_bodega` int(1) DEFAULT NULL,
  `usu_nusuario` varchar(15) DEFAULT NULL,
  PRIMARY KEY (`apa_id`),
  KEY `mae_activacion_packprv_rut` (`prv_rut`),
  KEY `pro_codigo_plu` (`pro_codigo_plu`),
  KEY `usu_nusuario` (`usu_nusuario`)
) ENGINE=InnoDB DEFAULT CHARSET=latin1;

/*Data for the table `mae_activacion_pack` */

/*Table structure for table `mae_activacion_pack_mov` */


CREATE TABLE `mae_activacion_pack_mov` (
  `apm_id` int(11) NOT NULL AUTO_INCREMENT,
  `apa_id` int(10) unsigned NOT NULL DEFAULT '0',
  `pro_codigo_plu` int(10) unsigned NOT NULL DEFAULT '0',
  `apm_cantidad` double NOT NULL DEFAULT '0',
  `apm_total` double NOT NULL DEFAULT '0',
  PRIMARY KEY (`apm_id`),
  KEY `apa_id` (`apa_id`),
  KEY `pro_codigo_plu` (`pro_codigo_plu`)
) ENGINE=InnoDB DEFAULT CHARSET=latin1;

/*Data for the table `mae_activacion_pack_mov` */

/*Table structure for table `mae_activacion_preparados` */


CREATE TABLE `mae_activacion_preparados` (
  `apr_id` int(10) NOT NULL DEFAULT '0',
  `prv_rut` varchar(10) DEFAULT NULL,
  `apr_fecha` datetime DEFAULT NULL,
  `apr_cantidad` int(10) DEFAULT NULL,
  `pro_codigo_plu` varchar(15) DEFAULT NULL,
  `apr_entradas_sv` varchar(50) DEFAULT NULL,
  `apr_entradas_bodega` varchar(50) DEFAULT NULL,
  `usu_nusuario` varchar(15) DEFAULT NULL,
  PRIMARY KEY (`apr_id`),
  KEY `apa_id` (`apr_id`),
  KEY `mae_activacion_preparadosprv_rut` (`prv_rut`),
  KEY `pro_codigo_plu` (`pro_codigo_plu`),
  KEY `usu_nusuario` (`usu_nusuario`)
) ENGINE=InnoDB DEFAULT CHARSET=latin1;

/*Data for the table `mae_activacion_preparados` */

/*Table structure for table `mae_afps` */


CREATE TABLE `mae_afps` (
  `afp_id` int(10) NOT NULL DEFAULT '0',
  `afp_nombre` varchar(50) DEFAULT NULL,
  PRIMARY KEY (`afp_id`)
) ENGINE=InnoDB DEFAULT CHARSET=latin1;

/*Data for the table `mae_afps` */

insert  into `mae_afps`(`afp_id`,`afp_nombre`) values (1,'CUPRUM'),(2,'SUMMA BANSANDER'),(3,'PROVIDA'),(4,'HABITAT'),(5,'ING SANTA MARIA'),(6,'PLANVITAL'),(7,'CAPITAL'),(8,'PENSIONADO'),(9,'MODELO'),(10,'MAS VIDA');

/*Table structure for table `mae_bancos` */


CREATE TABLE `mae_bancos` (
  `ban_id` int(10) unsigned NOT NULL AUTO_INCREMENT,
  `ban_nombre` varchar(45) NOT NULL DEFAULT '',
  PRIMARY KEY (`ban_id`)
) ENGINE=InnoDB DEFAULT CHARSET=latin1;

/*Data for the table `mae_bancos` */

/*Table structure for table `mae_cajeros` */


CREATE TABLE `mae_cajeros` (
  `cro_nusuario` varchar(15) NOT NULL DEFAULT '0',
  `cro_password` varchar(15) NOT NULL DEFAULT '',
  `cro_nombre` varchar(50) NOT NULL DEFAULT '',
  `cro_activo` char(2) NOT NULL DEFAULT 'SI',
  `cro_numero` int(10) unsigned NOT NULL DEFAULT '0',
  `cro_codigo` int(10) unsigned NOT NULL DEFAULT '0',
  PRIMARY KEY (`cro_nusuario`)
) ENGINE=InnoDB DEFAULT CHARSET=latin1;

/*Data for the table `mae_cajeros` */

insert  into `mae_cajeros`(`cro_nusuario`,`cro_password`,`cro_nombre`,`cro_activo`,`cro_numero`,`cro_codigo`) values ('caja','caja','CAJA','SI',0,2),('claudia','pola','CLAUDIA GAETE SAEZ','NO',0,4),('elv','97927800','ERWIN LUENGO VERGARA','NO',0,1),('herta','14035460','HERTA INES RUIZ LAGOS','NO',0,3),('lisette','1012','LISETTE','SI',0,0);

/*Table structure for table `mae_cargos` */


CREATE TABLE `mae_cargos` (
  `car_id` int(10) NOT NULL DEFAULT '0',
  `car_nombre` varchar(50) DEFAULT NULL,
  PRIMARY KEY (`car_id`)
) ENGINE=InnoDB DEFAULT CHARSET=latin1;

/*Data for the table `mae_cargos` */

insert  into `mae_cargos`(`car_id`,`car_nombre`) values (1,'ADMINISTRADOR'),(3,'ENCARGADO DEPARTAMENTO'),(4,'JEFE DEPARTAMENTO'),(6,'JEFE DE SALA'),(7,'JEFE DE RECEPCION'),(8,'ADMINISTRATIVO'),(9,'CONTROL CAJA'),(10,'JEFE DE PERECIBLES'),(11,'ROTISERO'),(12,'PASILLERO'),(13,'BODEGUERO'),(14,'PANADERO'),(15,'CARNICERO'),(16,'PASTERELA'),(17,'CAJERA'),(18,'ATENCION PUBLICO SALA'),(19,'GUARDIA');

/*Table structure for table `mae_centro_costos` */


CREATE TABLE `mae_centro_costos` (
  `cec_id` int(10) unsigned NOT NULL AUTO_INCREMENT,
  `cec_descripcion` varchar(45) NOT NULL,
  `cec_descuenta_funcionario` char(2) NOT NULL DEFAULT 'SI',
  `cec_activo` char(2) NOT NULL DEFAULT 'SI',
  PRIMARY KEY (`cec_id`)
) ENGINE=InnoDB DEFAULT CHARSET=latin1;

/*Data for the table `mae_centro_costos` */

/*Table structure for table `mae_clientes` */


CREATE TABLE `mae_clientes` (
  `cli_id` int(10) unsigned NOT NULL DEFAULT '0',
  `cli_rut` varchar(10) DEFAULT NULL,
  `cli_nombre` varchar(80) DEFAULT NULL,
  `cli_direccion` varchar(80) DEFAULT NULL,
  `cli_ciudad` varchar(80) DEFAULT NULL,
  `cli_nombre_contacto` varchar(80) DEFAULT NULL,
  `cli_cargo` varchar(80) DEFAULT NULL,
  `cli_telefono` varchar(14) DEFAULT NULL,
  `cli_fax` varchar(14) DEFAULT NULL,
  `cli_celular` varchar(14) DEFAULT NULL,
  `cli_mail` varchar(80) DEFAULT NULL,
  `tcp_id` int(1) unsigned DEFAULT NULL,
  `cli_fecha_nacimiento` date DEFAULT NULL,
  `cli_activo` int(1) unsigned DEFAULT '1',
  `cli_limite_credito` int(1) unsigned DEFAULT '0',
  `cli_giro` varchar(80) NOT NULL DEFAULT '',
  `cli_sobrecargo` double DEFAULT '0',
  `cli_credito_ilimitado` int(1) unsigned DEFAULT '0',
  `cli_descuento_venta` double DEFAULT '0',
  `cli_sucursal` varchar(80) NOT NULL DEFAULT '',
  `clv_codigo_barra` varchar(13) NOT NULL DEFAULT '',
  `cli_comuna` varchar(45) NOT NULL DEFAULT '',
  `cli_fpago` varchar(45) NOT NULL DEFAULT 'CONTADO',
  `cli_rapel` int(10) unsigned NOT NULL DEFAULT '0',
  PRIMARY KEY (`cli_id`),
  KEY `tcp_id` (`tcp_id`),
  KEY `clv_codigo_barra` (`clv_codigo_barra`)
) ENGINE=InnoDB DEFAULT CHARSET=latin1;

/*Data for the table `mae_clientes` */

insert  into `mae_clientes`(`cli_id`,`cli_rut`,`cli_nombre`,`cli_direccion`,`cli_ciudad`,`cli_nombre_contacto`,`cli_cargo`,`cli_telefono`,`cli_fax`,`cli_celular`,`cli_mail`,`tcp_id`,`cli_fecha_nacimiento`,`cli_activo`,`cli_limite_credito`,`cli_giro`,`cli_sobrecargo`,`cli_credito_ilimitado`,`cli_descuento_venta`,`cli_sucursal`,`clv_codigo_barra`,`cli_comuna`,`cli_fpago`,`cli_rapel`) values (1,'13729229-7','GONZALO VIDAL A','AVDA BRASIL 04','LAUTARO','','','76075391','','54041899','GONZALOVIDAL@DAOS.CL',1,'2015-12-10',1,200000,'',0,0,10,'','','LAUTARO','CONTADO',0),(2,'12536603-1','LEONEL OMAR MERIÑO BURGOS','LOS BELLOTOS 671','LAUTARO','','BODEGA','67612685','','67612685','',3,'1973-08-17',1,60000,'',0,1,0,'JUGUETERIA','','LAUTARO','CONTADO',0),(3,'16824471-1','LISETTE MAKARENA MUÑOZ NAVARRETE','VOLCAN CALBUCO 94 ','LAUTARO','','','','','62153650','',1,'2015-12-30',1,150000,'',0,1,0,'','','LAUTARO','CONTADO',0),(4,'11907348-0','ODETTE VASQUEZ','EMILIO HAURI 243 VILLA ARAUCANIA','LAUTARO','','VENDEDORA','','','91221326','MIREYAODETTE@HOTMAIL.COM',3,'1971-05-21',1,60000,'',0,0,10,'','','LAUTARO','CONTADO',0),(5,'16870116-0','FRANCISCO JAVIER MEDINA VEGA ','NAHUEL 716 VILLA YALU','LAUTARO','','','','','','',3,'2016-04-02',0,40000,'',0,0,0,'','','LAUTARO','CONTADO',0),(6,'19126951-9','LESLY VANESSA MUÑOZ NAVARRETE','GUACOLDA 455','LAUTARO','','','','','','',3,'2016-04-02',1,50000,'',0,0,0,'','','LAUTARO','CONTADO',0),(7,'17220554-2','CARMEN GLORIA PICHINAO MILLAR ','CABURGA 31 VILLA COSTANERA ','LAUTARO','','','','','','',3,'2016-04-02',1,60000,'',0,0,0,'','','LAUTARO','CONTADO',0),(8,'18283383-5','EVER DANIEL PALOMINOS FUENTEALBA ','GUACOLDA 518','LAUTARO','','','','','','',3,'2016-04-06',1,40000,'',0,0,0,'','','LAUTARO','CONTADO',0),(9,'16238304-3','RUBEN SEPULVEDA SANHUEZA ','PJE. LOS PENSAMIENTOS 520','LAUTARO','','','','','','',3,'2016-04-07',1,40000,'',0,0,0,'BODEGA','','LAUTARO','CONTADO',0),(10,'15987016-2','DAVID ESTEBAN PALOMINOS FUENTEALBA ','NAHUEL 548','LAUTARO','','','','','','',3,'2016-04-07',1,40000,'',0,0,0,'BODEGA','','LAUTARO','CONTADO',0),(11,'17551835-5','YESENIA DEL SOLAR SISTERNA ','QUILAPAN 848','LAUTARO ','','','','','','',3,'2016-04-13',1,40000,'',0,0,0,'LOCAL 2','','LAUTARO','CONTADO',0),(12,'14216196-6','VICTOR VALENZUELA CARRASCO','CALLE 3 SUR 52 ','LAUTARO','','','','','87943414','',3,'2016-04-22',1,40000,'',0,0,0,'BODEGA','','','CONTADO',0),(13,'19462730-0','FABIAN ANDRES SANCHEZ CAMPOS ','LAUREL 644 VILLA YALU','LAUTARO','','','53614677','','','',3,'2016-04-22',0,40000,'',0,0,0,'BODEGA ','','LAUTARO','CONTADO',0),(14,'15562330-6','LAUTARO GUTIERREZ ','BALMACEDA 0428 LLAKOLEN','LAUTARO','','','','','','',3,'2016-04-23',0,40000,'',0,0,0,'BODEGA','','LAUTARO','CONTADO',0),(15,'19126887-3','RAFAEL IGNACIO TAPIA MARTINEZ ','UNO SUR N°60 SANTA ANA ','LAUTARO','','','63170466','','','',3,'2016-04-28',1,40000,'',0,0,0,'BODEGA','','LAUTARO','CONTADO',0),(16,'115873857','JAIME FERNANDEZ GONZALEZ','ALISTEDE RETAMAL 20','PERQUENCO','','','78127032','','','',3,'2016-04-29',1,40000,'',0,0,0,'BODEGA','','PERQUENCO','CONTADO',0),(17,'12710639-8','ALEJANDRA DURAN SANCHEZ ','VOLCA VILLARICA 0438','LAUTARO','','','','','','',3,'2016-05-02',1,40000,'',0,0,0,'BODEGA','','LAUTARO','CONTADO',0),(18,'13314372-6','LEODAN POLANCO FIGUEROA','PJE LOS NARNAJO 311 ','LAUTARO','','','','','','',3,'2016-05-03',1,40000,'',0,0,0,'BODEGA ','','LAUTARO','CONTADO',0),(19,'17700600-9','MARIA OLGA CORDOVA','VOLCAN ANTILLANCA 52','LAUTARO','','','965818768','','','',3,'2016-05-04',1,40000,'',0,0,0,'BODEGA ','','LAUTARO','CONTADO',0),(20,'10599488-5','MIGUEL VERA LARA','CAMINO CURACAUTIN  KL 10','LAUTARO','','','','','','',3,'2016-05-07',1,40000,'',0,0,0,'BODEGA','','LAUTARO','CONTADO',0),(21,'18182318-6','CAMILA POZA LUENGO','PJE. MARTA BRUNET 536','LAUTARO','','','61432829','','','',3,'2016-05-10',1,40000,'',0,0,0,'LOCAL 1','','LAUTARO','CONTADO',0),(22,'11111111-1','10% CLIENTE DESCUENTO','SIN DIRECCION','LAUTARO','','CREDITO','11111','11111','1111111','SINMAIL',4,'2016-05-10',1,0,'',0,0,10,'JUGUETERIA','','LAUTARO','CONTADO',0),(23,'9117152-k','JUAN MANUEL MENDOZA MENDOZA ','MACQUIVER 1630','LAUTARO','','','','','','',3,'2016-05-28',1,40000,'',0,0,0,'BODEGA','','LAUTARO','CONTADO',0),(24,'14192370-6','ANA GONZALEZ SANCHEZ ','LAS HORTENCIAS 349','LAUTARO','','','','','','',3,'2016-05-28',1,40000,'',0,0,0,'LOCAL 2','','LAUTARO','CONTADO',0),(25,'17323343-4','FABIO HENRIQUEZ FIGUEROA','HORMIGUITAS 738 VILLA ALEGRE','LAUTARO','','','','','','',3,'2016-05-28',1,40000,'',0,0,0,'BODEGA','','LAUTARO','CONTADO',0),(26,'16184667-8','ANDREA VIDAL MUÑOZ ','JORGE TEILLER 1106','LAUTARO','','','','','','',3,'2016-06-10',1,40000,'',0,0,0,'BODEGA','','LAUTARO','CONTADO',0),(27,'15277597-0','SOLANGE MUÑOZ MOLINA ','LISANDRO VERGARA 082','LAUTARO','','','','','','',3,'2016-06-17',1,40000,'',0,0,0,'LOCAL 1','','LAUTARO','CONTADO',0),(28,'17220657-3','LUIS SALAZAR ACUÑA ','PJE RADAL 644 VILLA YALU','LAUTARO','','','','','','',3,'2016-06-25',1,40000,'',0,0,0,'LOCAL 2','','LAUTARO','CONTADO',0),(29,'15234883-5','VIVIANA LUCERO LUCERO','ARMANDO RODRIGUEZ 26','LAUTARO','','','','','','',3,'2016-06-29',1,40000,'',0,0,0,'LOCAL 1','','LAUTARO','CONTADO',0),(30,'13960889-5','VIRGINIA ORTIZ ','AVENIDA BRASIL 1350 ','LAUTARO','','','','','','',3,'2016-07-01',1,100000,'',0,0,0,'LOCAL 2','','LAUTARO','CONTADO',0),(31,'14216470-1','CRISTIAN CORDOVA PEREZ ','SAN MARTIN 680','LAUTARO','','','','','','',3,'2016-07-04',1,40000,'',0,0,0,'BODEGA','','LAUTARO','CONTADO',0),(32,'16185283-k','MAKARENA FERREIRA CISTERNA ','GABRIELA MISTRAL 1206','LAUTARO','','','','','','',3,'2016-07-09',1,40000,'',0,0,0,'LOCAL 2','','LAUTARO','CONTADO',0),(33,'17220485-6','OSCAR TOLEDO CARRERA','CALLE SANTIAGO 61','LAUTARO','','','','','','',3,'2016-07-09',1,70000,'',0,0,0,'BODEGA','','LAUTARO','CONTADO',0),(34,'13514786-9','LUIS CORDOBA OPAZO','FRESIA 620','LAUTARO','','','','','','',3,'2016-07-14',1,50000,'',0,0,0,'BODEGA ','','LAUTARO','CONTADO',0),(35,'76164689-3','SOCIEDAD EDUCACIONAL HUINCA RAILAO LTDA.','CALLE DEL MEDIO KM 23','LAUTARO','','','','','','',2,'2016-08-02',1,800000,'EDUCACION',0,0,0,'','','LAUTARO','CONTADO',0),(36,'17196740-6','NELSON MIRANDA ALARCON','FRANCISCO COLOANE 547','LAUTARO','','','','','','',3,'2016-08-05',0,40000,'',0,0,0,'BODEGA','','LAUTARO','CONTADO',0),(37,'16185432-8','ODETH RITZ SALAZAR ','DIAGONAL MERINO 32','LAUTARO','','','','','','',3,'2016-08-06',1,45000,'',0,0,0,'LOCAL 2','','LAUTARO','CONTADO',0),(38,'11419931-1','VICTOR MATURANA RAMOS','WALTER DE HUGARTE 503','LAUTARO','','','','','','',3,'2016-08-07',1,40000,'',0,0,0,'BODEGA ','','LAUTARO','CONTADO',0),(39,'12124817-4','HERNAN SUAZO PINTO','RODRIGUEZ 1320','LAUTARO','','','','','','',3,'2016-10-01',1,40000,'',0,0,0,'BODEGA','','LAUTARO','CONTADO',0),(40,'11300599-8','VERONICA RAMOS FUENTES ','1 ORIENTE 2315 SANTA ANA ','LAUTARO','','','','','','',3,'2016-10-03',1,40000,'',0,0,0,'BODEGA','','LAUTARO','CONTADO',0),(41,'15958665-0','ARACELLY MERIÑO BURGOS ','MATTA 1937','LAUTARO','','','','','','',3,'2016-10-22',1,50000,'',0,0,0,'BODEGA','','LAUTARO','CONTADO',0),(42,'15234306-k','JOSE ARIAS ARIAS ','FRESIA 652','LAUTARO','','','','','','',3,'2016-10-29',1,70000,'',0,0,0,'LOCAL 2','','LAUTARO','CONTADO',0),(43,'12307057-7','OLGA TORRES MUÑOZ ','MANUEL RODRIGUEZ 1320','LAUTARO','','','','','','',3,'2016-11-12',1,50000,'',0,0,0,'CASA DAOS ','','LAUTARO','CONTADO',0),(44,'18486621-8','GUILLERMO CHEUQUELLAN TORO','SAN MARTIN 616','LAUTARO','','','','','','',3,'2016-12-07',1,40000,'',0,0,0,'BODEGA ','','LAUARO','CONTADO',0),(45,'10715333-0','SANDRA VILLEGAS MEDINA ','LOS SAUCES 278','LAUTARO','','','','','98598590','',3,'2016-12-10',1,50000,'',0,0,0,'HAPPY TOYS ','','LAUTARO','CONTADO',0),(46,'15969881-5','KAREN CARRASCO ','SAN MARTIN 14','LAUTARO','','','','','','',3,'2016-12-16',1,40000,'',0,0,0,'LOCAL 2','','LAUTARO','CONTADO',0),(47,'7851610-0','ILDA QUINTRIQUEO PEREZ ','LEONEL LAGOS 533','LAUTARO','','','','','','',3,'2016-12-19',1,50000,'',0,0,0,'CASA DAOS ','','LAUTARO','CONTADO',0),(48,'18486121-6','GERMAN JARA GALLEGOS','MILLAFIL 572','LAUTARO','','','','','','',3,'2016-12-21',1,50000,'',0,0,0,'BODEGA','','LAUTARO','CONTADO',0),(49,'12927008-k','MAX ADONAY URREA APABLAZA ','LOS NARANJOS 323','LAUTARO','','','','','','',3,'2017-01-04',1,50000,'',0,0,0,'BODEGA ','','LAUTARO','CONTADO',0),(50,'19022726-k','ELAAZER LEVINAO LEVINAO','JORGE TEILLER 1136','LAUTARO','','','','','','',4,'2017-02-27',1,30000,'',0,0,0,'LOCAL 2','','LAUTARO','CONTADO',0),(51,'10053631-5','GERMAN BERTULINI SMITH','SARGENTO ALDEA 600','LAUTARO','','','','','','',3,'2017-03-07',1,50000,'',0,0,0,'BODEGA','','LAUTARO','CONTADO',0),(52,'17551426-0','LUIS ADOLFO POLANCO MORA ','LOS LLANTENES # 77 ','LAUTARO','','','','','','',3,'2017-03-11',1,40000,'',0,0,0,'BODEGA PARQUE ','','LAUTARO','CONTADO',0),(53,'17551493-7','OSVALDO AQUILES SANDOVAL JARAMILLO ','LAS HORMIGUITAS 755','LAUTARO','','','','','','',3,'2017-04-21',1,40000,'',0,0,0,'BODEGA PARQUE ','','LAUTARO','CONTADO',0);

/*Table structure for table `mae_cuentas` */


CREATE TABLE `mae_cuentas` (
  `cue_id` varchar(18) NOT NULL DEFAULT '',
  `cue_nombre` varchar(45) NOT NULL DEFAULT '',
  PRIMARY KEY (`cue_id`)
) ENGINE=InnoDB DEFAULT CHARSET=latin1;

/*Data for the table `mae_cuentas` */

/*Table structure for table `mae_datos_empresa` */


CREATE TABLE `mae_datos_empresa` (
  `emp_rut` varchar(50) NOT NULL DEFAULT '',
  `emp_razon_social` varchar(50) DEFAULT NULL,
  `emp_giro` varchar(50) DEFAULT NULL,
  `emp_direccion` varchar(50) DEFAULT NULL,
  `emp_ciudad` varchar(50) DEFAULT NULL,
  `emp_telefono` varchar(14) DEFAULT NULL,
  `emp_mail` varchar(50) DEFAULT NULL,
  `emp_mail_gerencia_comercial` varchar(50) DEFAULT NULL,
  `emp_mail_gerencia_operaciones` varchar(50) DEFAULT NULL,
  `emp_mail_gerencia_sistemas` varchar(50) DEFAULT NULL,
  `emp_nombre_administrador` varchar(50) DEFAULT NULL,
  `emp_direccion_sala` varchar(50) DEFAULT NULL,
  `emp_ciudad_sala` varchar(25) DEFAULT NULL,
  `emp_telefono_sala` varchar(14) DEFAULT NULL,
  `emp_fax_sala` varchar(15) DEFAULT NULL,
  `emp_mail_sala` varchar(50) DEFAULT NULL,
  `emp_entradas_compras` int(11) NOT NULL DEFAULT '0',
  `emp_entradas_pack` int(11) NOT NULL DEFAULT '0',
  `emp_entradas_preparados` int(11) NOT NULL DEFAULT '0',
  `emp_salidas_pi_pack` int(11) NOT NULL DEFAULT '0',
  `emp_salidas_pi_preparados` int(11) NOT NULL DEFAULT '0',
  `emp_minimo_nc` int(10) unsigned NOT NULL DEFAULT '400',
  `emp_iva` double(5,2) NOT NULL DEFAULT '0.00',
  `emp_utm` double NOT NULL DEFAULT '0',
  `emp_lineas_facturas` int(2) unsigned NOT NULL DEFAULT '0',
  `emp_lineas_guias` int(2) unsigned NOT NULL DEFAULT '0',
  `emp_path_flejes` varchar(200) NOT NULL DEFAULT '',
  `emp_path_precios` varchar(200) NOT NULL DEFAULT '',
  `emp_path_ventas` varchar(200) NOT NULL DEFAULT '',
  `emp_path_balanzas` varchar(200) NOT NULL DEFAULT '',
  `emp_codigo_ferreteria` int(10) unsigned NOT NULL DEFAULT '0',
  `emp_cta_mercaderias` int(10) unsigned NOT NULL DEFAULT '0',
  `emp_cta_iva` int(10) unsigned NOT NULL DEFAULT '0',
  `emp_cta_excento` int(10) unsigned NOT NULL DEFAULT '0',
  `emp_cta_harina` int(10) unsigned NOT NULL DEFAULT '0',
  `emp_cta_carne` int(10) unsigned NOT NULL DEFAULT '0',
  `emp_cta_ila` int(10) unsigned NOT NULL DEFAULT '0',
  `emp_cta_especifico` int(10) unsigned NOT NULL DEFAULT '0',
  `emp_cta_proveedor` int(10) unsigned NOT NULL DEFAULT '0',
  `emp_cta_ventas` int(10) unsigned NOT NULL DEFAULT '0',
  `emp_cta_efectivo` int(10) unsigned NOT NULL DEFAULT '0',
  `emp_cta_cheque` int(10) unsigned NOT NULL DEFAULT '0',
  `emp_cta_t_credito` int(10) unsigned NOT NULL DEFAULT '0',
  `emp_cta_t_debito` int(10) unsigned NOT NULL DEFAULT '0',
  `emp_cta_p_acumulados` int(10) unsigned NOT NULL DEFAULT '0',
  `emp_cta_descuento` int(10) unsigned NOT NULL DEFAULT '0',
  `emp_cta_cliente` int(10) unsigned NOT NULL DEFAULT '0',
  `emp_cta_funcionario` int(10) unsigned NOT NULL DEFAULT '0',
  `emp_cta_apoyo` int(10) unsigned NOT NULL DEFAULT '0',
  `emp_ip_p1` varchar(20) NOT NULL DEFAULT '',
  `emp_facturas_p1` int(1) unsigned NOT NULL DEFAULT '0',
  `emp_guias_p1` int(1) unsigned NOT NULL DEFAULT '0',
  `emp_correlativo_fp1` int(10) unsigned NOT NULL DEFAULT '0',
  `emp_ultimo_fp1` int(10) unsigned NOT NULL DEFAULT '0',
  `emp_actual_fp1` int(10) unsigned NOT NULL DEFAULT '0',
  `emp_correlativo_gp1` int(10) unsigned NOT NULL DEFAULT '0',
  `emp_ultimo_gp1` int(10) unsigned NOT NULL DEFAULT '0',
  `emp_actual_gp1` int(10) unsigned NOT NULL DEFAULT '0',
  `emp_ip_p2` varchar(20) NOT NULL DEFAULT '',
  `emp_facturas_p2` int(1) unsigned NOT NULL DEFAULT '0',
  `emp_guias_p2` int(1) unsigned NOT NULL DEFAULT '0',
  `emp_correlativo_fp2` int(10) unsigned NOT NULL DEFAULT '0',
  `emp_ultimo_fp2` int(10) unsigned NOT NULL DEFAULT '0',
  `emp_actual_fp2` int(10) unsigned NOT NULL DEFAULT '0',
  `emp_correlativo_gp2` int(10) unsigned NOT NULL DEFAULT '0',
  `emp_ultimo_gp2` int(10) unsigned NOT NULL DEFAULT '0',
  `emp_actual_gp2` int(10) unsigned NOT NULL DEFAULT '0',
  `emp_ip_p3` varchar(20) NOT NULL DEFAULT '',
  `emp_facturas_p3` int(1) unsigned NOT NULL DEFAULT '0',
  `emp_guias_p3` int(1) unsigned NOT NULL DEFAULT '0',
  `emp_correlativo_fp3` int(10) unsigned NOT NULL DEFAULT '0',
  `emp_ultimo_fp3` int(10) unsigned NOT NULL DEFAULT '0',
  `emp_actual_fp3` int(10) unsigned NOT NULL DEFAULT '0',
  `emp_correlativo_gp3` int(10) unsigned NOT NULL DEFAULT '0',
  `emp_ultimo_gp3` int(10) unsigned NOT NULL DEFAULT '0',
  `emp_actual_gp3` int(10) unsigned NOT NULL DEFAULT '0',
  `emp_nombre_p1` varchar(25) NOT NULL DEFAULT '',
  `emp_nombre_p2` varchar(25) NOT NULL DEFAULT '',
  `emp_nombre_p3` varchar(25) NOT NULL DEFAULT '',
  `emp_registradora` int(2) unsigned NOT NULL DEFAULT '0',
  `emp_funcionamiento` int(2) unsigned NOT NULL DEFAULT '0',
  `emp_codigo_queseria` int(10) unsigned NOT NULL DEFAULT '0',
  `emp_codigo_roticeria` int(10) unsigned NOT NULL DEFAULT '0',
  `emp_com` varchar(5) NOT NULL DEFAULT 'COM1',
  `emp_baudios` varchar(5) NOT NULL DEFAULT '9600',
  `emp_pc_p1` varchar(15) NOT NULL DEFAULT '',
  `emp_pc_p2` varchar(15) NOT NULL DEFAULT '',
  `emp_pc_p3` varchar(15) NOT NULL DEFAULT '',
  `emp_total_cajas` int(2) unsigned NOT NULL DEFAULT '3',
  `emp_oferta` char(2) NOT NULL DEFAULT 'NO',
  `emp_descuento` double NOT NULL DEFAULT '0',
  `emp_version` varchar(9) NOT NULL DEFAULT '000000000',
  `emp_codigo_cigarrillos` int(10) unsigned NOT NULL DEFAULT '0',
  `emp_sucursal` varchar(45) NOT NULL DEFAULT '',
  `emp_lineas_nc` int(10) unsigned NOT NULL DEFAULT '0',
  `emp_suc_id` int(10) unsigned NOT NULL DEFAULT '0',
  `emp_ppm` double NOT NULL DEFAULT '0',
  PRIMARY KEY (`emp_rut`)
) ENGINE=InnoDB DEFAULT CHARSET=latin1;

/*Data for the table `mae_datos_empresa` */

insert  into `mae_datos_empresa`(`emp_rut`,`emp_razon_social`,`emp_giro`,`emp_direccion`,`emp_ciudad`,`emp_telefono`,`emp_mail`,`emp_mail_gerencia_comercial`,`emp_mail_gerencia_operaciones`,`emp_mail_gerencia_sistemas`,`emp_nombre_administrador`,`emp_direccion_sala`,`emp_ciudad_sala`,`emp_telefono_sala`,`emp_fax_sala`,`emp_mail_sala`,`emp_entradas_compras`,`emp_entradas_pack`,`emp_entradas_preparados`,`emp_salidas_pi_pack`,`emp_salidas_pi_preparados`,`emp_minimo_nc`,`emp_iva`,`emp_utm`,`emp_lineas_facturas`,`emp_lineas_guias`,`emp_path_flejes`,`emp_path_precios`,`emp_path_ventas`,`emp_path_balanzas`,`emp_codigo_ferreteria`,`emp_cta_mercaderias`,`emp_cta_iva`,`emp_cta_excento`,`emp_cta_harina`,`emp_cta_carne`,`emp_cta_ila`,`emp_cta_especifico`,`emp_cta_proveedor`,`emp_cta_ventas`,`emp_cta_efectivo`,`emp_cta_cheque`,`emp_cta_t_credito`,`emp_cta_t_debito`,`emp_cta_p_acumulados`,`emp_cta_descuento`,`emp_cta_cliente`,`emp_cta_funcionario`,`emp_cta_apoyo`,`emp_ip_p1`,`emp_facturas_p1`,`emp_guias_p1`,`emp_correlativo_fp1`,`emp_ultimo_fp1`,`emp_actual_fp1`,`emp_correlativo_gp1`,`emp_ultimo_gp1`,`emp_actual_gp1`,`emp_ip_p2`,`emp_facturas_p2`,`emp_guias_p2`,`emp_correlativo_fp2`,`emp_ultimo_fp2`,`emp_actual_fp2`,`emp_correlativo_gp2`,`emp_ultimo_gp2`,`emp_actual_gp2`,`emp_ip_p3`,`emp_facturas_p3`,`emp_guias_p3`,`emp_correlativo_fp3`,`emp_ultimo_fp3`,`emp_actual_fp3`,`emp_correlativo_gp3`,`emp_ultimo_gp3`,`emp_actual_gp3`,`emp_nombre_p1`,`emp_nombre_p2`,`emp_nombre_p3`,`emp_registradora`,`emp_funcionamiento`,`emp_codigo_queseria`,`emp_codigo_roticeria`,`emp_com`,`emp_baudios`,`emp_pc_p1`,`emp_pc_p2`,`emp_pc_p3`,`emp_total_cajas`,`emp_oferta`,`emp_descuento`,`emp_version`,`emp_codigo_cigarrillos`,`emp_sucursal`,`emp_lineas_nc`,`emp_suc_id`,`emp_ppm`) values ('76121686-4','COMERCIAL DAOS EIRL','JUGUETERIA','RODRIGUEZ 1244','LAUTARO','','','','','','DANILO ORTIZ','RODRIGUEZ 1244','LAUTARO','','','',0,0,0,0,0,500,19.00,40005,18,18,'C:/Program Files/Crux_Gestion/flejes','//secretaria/C/UX60/CORREO','//secretaria/C/UX60','C:/',0,0,0,0,0,0,0,0,0,0,0,0,0,0,0,0,0,0,0,'192.168.1.125',1,1,69001,69050,69012,138251,138300,138251,'192.168.0.152',0,1,0,0,0,36501,37000,36766,'192.168.0.154',1,1,46501,47000,46501,39506,40000,39506,'SECRETARIA','RECEPCION','FACTURAS',3,0,0,3,'COM1','9600','administ-6b6ba3','bodega-HP','Factura',3,'NO',15,'003000029',25,'MATRIZ',12,1,1.5);

/*Table structure for table `mae_departamento` */


CREATE TABLE `mae_departamento` (
  `dep_id` int(10) unsigned NOT NULL DEFAULT '0',
  `dep_nombre` varchar(50) DEFAULT NULL,
  `dep_porcentaje_margen` double(6,2) DEFAULT '0.00',
  `dep_oferta` char(2) NOT NULL DEFAULT 'NO',
  `cco_id` int(10) unsigned NOT NULL DEFAULT '0',
  PRIMARY KEY (`dep_id`),
  KEY `cco_id` (`cco_id`)
) ENGINE=InnoDB DEFAULT CHARSET=latin1;

/*Data for the table `mae_departamento` */

insert  into `mae_departamento`(`dep_id`,`dep_nombre`,`dep_porcentaje_margen`,`dep_oferta`,`cco_id`) values (1,'JUGUETERIA',20.00,'NO',0),(2,'ELECTRONICA',40.00,'NO',0),(3,'LIBRERIA',60.00,'NO',0);

/*Table structure for table `mae_egresos` */


CREATE TABLE `mae_egresos` (
  `egr_id` int(10) unsigned NOT NULL AUTO_INCREMENT,
  `egr_nombre` varchar(100) NOT NULL DEFAULT '',
  `egr_cuenta` int(10) unsigned NOT NULL DEFAULT '0',
  `egr_activo` char(2) NOT NULL DEFAULT 'SI',
  PRIMARY KEY (`egr_id`)
) ENGINE=InnoDB DEFAULT CHARSET=latin1 ROW_FORMAT=DYNAMIC;

/*Data for the table `mae_egresos` */

/*Table structure for table `mae_embalaje` */


CREATE TABLE `mae_embalaje` (
  `emb_id` int(10) unsigned NOT NULL DEFAULT '0',
  `emb_nombre` varchar(45) NOT NULL DEFAULT '',
  PRIMARY KEY (`emb_id`)
) ENGINE=InnoDB DEFAULT CHARSET=latin1;

/*Data for the table `mae_embalaje` */

insert  into `mae_embalaje`(`emb_id`,`emb_nombre`) values (1,'KL'),(2,'MT'),(3,'BID'),(4,'BOL'),(5,'BOT'),(6,'CJA'),(7,'KGS'),(8,'LTR'),(9,'UND'),(10,'SCHT');

/*Table structure for table `mae_empresas` */


CREATE TABLE `mae_empresas` (
  `emp_id` int(10) unsigned NOT NULL AUTO_INCREMENT,
  `emp_nombre` varchar(45) NOT NULL,
  `emp_activo` char(2) NOT NULL DEFAULT 'SI',
  PRIMARY KEY (`emp_id`)
) ENGINE=InnoDB DEFAULT CHARSET=latin1;

/*Data for the table `mae_empresas` */

/*Table structure for table `mae_empresas_sucursal` */


CREATE TABLE `mae_empresas_sucursal` (
  `ems_id` int(10) unsigned NOT NULL AUTO_INCREMENT,
  `emp_id` int(10) unsigned NOT NULL,
  `ems_nombre` varchar(45) NOT NULL,
  `ems_activo` char(2) NOT NULL DEFAULT 'SI',
  PRIMARY KEY (`ems_id`),
  KEY `emp_id` (`emp_id`)
) ENGINE=InnoDB DEFAULT CHARSET=latin1;

/*Data for the table `mae_empresas_sucursal` */

/*Table structure for table `mae_funcionarios` */


CREATE TABLE `mae_funcionarios` (
  `fun_rut` varchar(10) NOT NULL DEFAULT '',
  `fun_nombre` varchar(50) DEFAULT NULL,
  `fun_fecha_nacimiento` date DEFAULT NULL,
  `fun_direccion` varchar(50) DEFAULT NULL,
  `fun_ciudad` varchar(25) DEFAULT NULL,
  `fun_telefono` varchar(14) DEFAULT NULL,
  `fun_celular` varchar(14) DEFAULT NULL,
  `fun_mail` varchar(50) DEFAULT NULL,
  `fun_nombre_emergencia` varchar(50) DEFAULT NULL,
  `fun_telefono_emergencia` varchar(14) DEFAULT NULL,
  `fun_lugar_emergencia` varchar(50) DEFAULT NULL,
  `fun_fecha_ingreso` date DEFAULT NULL,
  `car_id` int(10) DEFAULT NULL,
  `sec_id` int(10) DEFAULT NULL,
  `fun_mail_trabajo` varchar(50) DEFAULT NULL,
  `afp_id` int(10) DEFAULT NULL,
  `isa_id` int(10) DEFAULT NULL,
  `fun_limite_credito` int(10) DEFAULT NULL,
  `fun_activo` int(1) DEFAULT '1',
  `fun_descuento_funcionario` double NOT NULL DEFAULT '0',
  `clv_codigo_barra` varchar(13) NOT NULL DEFAULT '',
  PRIMARY KEY (`fun_rut`),
  KEY `afp_id` (`afp_id`),
  KEY `car_id` (`car_id`),
  KEY `isa_id` (`isa_id`),
  KEY `sec_id` (`sec_id`),
  KEY `clv_codigo_barra` (`clv_codigo_barra`)
) ENGINE=InnoDB DEFAULT CHARSET=latin1;

/*Data for the table `mae_funcionarios` */

insert  into `mae_funcionarios`(`fun_rut`,`fun_nombre`,`fun_fecha_nacimiento`,`fun_direccion`,`fun_ciudad`,`fun_telefono`,`fun_celular`,`fun_mail`,`fun_nombre_emergencia`,`fun_telefono_emergencia`,`fun_lugar_emergencia`,`fun_fecha_ingreso`,`car_id`,`sec_id`,`fun_mail_trabajo`,`afp_id`,`isa_id`,`fun_limite_credito`,`fun_activo`,`fun_descuento_funcionario`,`clv_codigo_barra`) values ('13729229-7','GONZALO VIDAL ABARZUA','2015-12-19','AVENIDA BRASIL 04','LAUTARO ','452539017','76075391','GONZALOVIDAL@DAOS.CL','GONZALO VIDAL','452539017','','2015-12-31',8,1,'GONZALOVIDAL@DAOS.CL',10,3,400000,1,0,''),('16824471-1','LISETTE MAKARENA MUÑOZ NAVARRETE','1987-12-05','VOLCAN CALBUCO 94','LAUTARO','','62153650','LISETTEMUNOZ@DAOS.CL','','','','2015-12-01',6,1,'LISETTEMUNOZ@DAOS.CL',3,1,40000,1,0,'300168244711'),('17220554-2','CARMEN GLORIA PICHINAO MILLAR','1989-10-31','CABURGA 31 VILLA COSTANERA ','LAUTARO','539017','23569865','CARMEN@HOTMAIL.COM','MAMA','531236','LAUTARO','2016-03-01',18,4,'CARMEN@DAOS.CL',3,1,40000,1,0,''),('9117152-k','JUAN MANUEL MENDOZA MENDOZA ','1962-10-28','MACQUIVER 1630','LAUATRO','','','','','','','2016-05-28',13,10,'',7,1,40000,1,0,'');

/*Table structure for table `mae_impuestos` */


CREATE TABLE `mae_impuestos` (
  `imp_id` int(10) NOT NULL DEFAULT '0',
  `imp_nombre` varchar(50) DEFAULT NULL,
  `imp_porcentaje` double DEFAULT NULL,
  `imp_imprime` char(2) NOT NULL DEFAULT 'NO',
  `imp_abreviacion` char(3) NOT NULL DEFAULT '',
  `imp_retencion` char(2) NOT NULL DEFAULT 'NO',
  `imp_especifico` char(2) NOT NULL DEFAULT 'NO',
  `imp_por_defecto` char(2) DEFAULT NULL,
  `imp_antiguo` varchar(45) DEFAULT NULL,
  PRIMARY KEY (`imp_id`)
) ENGINE=InnoDB DEFAULT CHARSET=latin1;

/*Data for the table `mae_impuestos` */

insert  into `mae_impuestos`(`imp_id`,`imp_nombre`,`imp_porcentaje`,`imp_imprime`,`imp_abreviacion`,`imp_retencion`,`imp_especifico`,`imp_por_defecto`,`imp_antiguo`) values (1,'BEBIDAS',13,'SI','ILA','NO','NO','NO','ILA'),(2,'VINOS Y CERVEZAS',15,'SI','ILA','NO','NO','NO','IVC'),(3,'HARINA',12,'SI','HAR','SI','NO','NO','HAR'),(4,'LICORES',27,'SI','ILA','NO','NO','NO','ILI'),(5,'CARNES',5,'SI','ICD','SI','NO','NO','ICD'),(6,'ESPECIFICO GASOLINAS',6,'SI','ESG','NO','SI','NO','ESG'),(7,'ESPECIFICO PETROLEO',1.5,'SI','ESP','NO','SI','NO','ESP');

/*Table structure for table `mae_impuestos_productos` */


CREATE TABLE `mae_impuestos_productos` (
  `ipr_id` int(10) NOT NULL AUTO_INCREMENT,
  `pro_codigo_plu` int(10) NOT NULL DEFAULT '0',
  `imp_id` int(10) NOT NULL DEFAULT '0',
  PRIMARY KEY (`ipr_id`),
  KEY `imp_id` (`imp_id`),
  KEY `pro_id` (`pro_codigo_plu`)
) ENGINE=InnoDB DEFAULT CHARSET=latin1;

/*Data for the table `mae_impuestos_productos` */

/*Table structure for table `mae_isapre` */


CREATE TABLE `mae_isapre` (
  `isa_id` int(10) NOT NULL DEFAULT '0',
  `isa_nombre` varchar(50) DEFAULT NULL,
  PRIMARY KEY (`isa_id`)
) ENGINE=InnoDB DEFAULT CHARSET=latin1;

/*Data for the table `mae_isapre` */

insert  into `mae_isapre`(`isa_id`,`isa_nombre`) values (1,'FONASA'),(2,'ING SALUD'),(3,'CONSALUD'),(4,'CUPRUM');

/*Table structure for table `mae_linea` */


CREATE TABLE `mae_linea` (
  `cod_dep` varchar(255) DEFAULT NULL,
  `cod_lin` varchar(255) DEFAULT NULL,
  `lin_id` int(10) unsigned NOT NULL DEFAULT '0',
  `dep_id` int(10) unsigned DEFAULT NULL,
  `lin_nombre` varchar(50) DEFAULT NULL,
  PRIMARY KEY (`lin_id`),
  KEY `dep_id` (`dep_id`)
) ENGINE=InnoDB DEFAULT CHARSET=latin1;

/*Data for the table `mae_linea` */

insert  into `mae_linea`(`cod_dep`,`cod_lin`,`lin_id`,`dep_id`,`lin_nombre`) values (NULL,NULL,1,1,'JUGUETERIA'),(NULL,NULL,2,2,'PLANCHAS'),(NULL,NULL,3,3,'CUADERNOS'),(NULL,NULL,4,3,'PEGAMENTOS'),(NULL,NULL,5,3,'TIJERAS'),(NULL,NULL,6,3,'TEMPERAS '),(NULL,NULL,7,3,'LAPICES'),(NULL,NULL,8,3,'PINCELES '),(NULL,NULL,9,3,'ARCHIVADORES'),(NULL,NULL,10,3,'CARTULINAS '),(NULL,NULL,11,3,'BLOCK'),(NULL,NULL,12,3,'ESTUCHES'),(NULL,NULL,13,3,'REGLAS'),(NULL,NULL,14,3,'FORROS'),(NULL,NULL,15,3,'PERFORADORAS'),(NULL,NULL,16,3,'CORCHETERAS'),(NULL,NULL,17,3,'CARPETAS'),(NULL,NULL,18,3,'ESCARCHAS '),(NULL,NULL,19,3,'PAPELES'),(NULL,NULL,20,3,'CLIPS'),(NULL,NULL,21,3,'DESTACADORES'),(NULL,NULL,22,3,'PLUMONES'),(NULL,NULL,23,3,'OFICINA'),(NULL,NULL,24,3,'PALOS'),(NULL,NULL,25,3,'MINAS '),(NULL,NULL,26,3,'FUNDAS '),(NULL,NULL,27,3,'LIBRERIA '),(NULL,NULL,28,3,'PLASTICINA '),(NULL,NULL,29,3,'GOMAS'),(NULL,NULL,30,3,'SACAPUNTAS'),(NULL,NULL,31,3,'GOMA EVA '),(NULL,NULL,32,3,'CORTA CARTON '),(NULL,NULL,33,3,'CINTAS '),(NULL,NULL,34,3,'FLAUTAS '),(NULL,NULL,35,3,'GLOBOS '),(NULL,NULL,36,3,'GREDA'),(NULL,NULL,37,2,'AFEITADORAS'),(NULL,NULL,38,2,'HERVIDORES '),(NULL,NULL,39,2,'LICUADORAS'),(NULL,NULL,40,3,'INSTRUMENTO MUSICALES '),(NULL,NULL,41,3,'MANUALIDADES'),(NULL,NULL,42,3,'CALCULADORAS'),(NULL,NULL,43,3,'LIBRETAS'),(NULL,NULL,44,3,'SOBRES'),(NULL,NULL,45,3,'LIBRO COLOREAR'),(NULL,NULL,46,3,'STICKERS '),(NULL,NULL,47,3,'LIBRETA'),(NULL,NULL,48,3,'PENDRIVE '),(NULL,NULL,49,3,'TARJETA MEMORIA '),(NULL,NULL,50,3,'VELAS '),(NULL,NULL,51,3,'POSTERS'),(NULL,NULL,52,3,'PLUMAVIT '),(NULL,NULL,53,3,'AGENDA'),(NULL,NULL,54,3,'LAPICERAS'),(NULL,NULL,55,3,'CORRECTORES'),(NULL,NULL,56,3,'HUELLEROS'),(NULL,NULL,57,3,'DICCIONARIOS '),(NULL,NULL,58,3,'LIBROS '),(NULL,NULL,59,3,'CUENTOS');

/*Table structure for table `mae_lista_precios` */


CREATE TABLE `mae_lista_precios` (
  `lpr_id` int(11) NOT NULL AUTO_INCREMENT,
  `lpr_nombre` varchar(45) DEFAULT NULL,
  PRIMARY KEY (`lpr_id`)
) ENGINE=InnoDB DEFAULT CHARSET=utf8;

/*Data for the table `mae_lista_precios` */

/*Table structure for table `mae_lista_precios_mov` */


CREATE TABLE `mae_lista_precios_mov` (
  `lpm_id` int(11) NOT NULL AUTO_INCREMENT,
  `lpr_id` int(11) DEFAULT NULL,
  `pro_codigo_plu` int(11) DEFAULT NULL,
  `lpm_precio` int(11) DEFAULT NULL,
  PRIMARY KEY (`lpm_id`)
) ENGINE=InnoDB DEFAULT CHARSET=utf8;

/*Data for the table `mae_lista_precios_mov` */

/*Table structure for table `mae_marca` */


CREATE TABLE `mae_marca` (
  `mar_id` int(10) unsigned NOT NULL DEFAULT '0',
  `mar_nombre` varchar(50) DEFAULT NULL,
  PRIMARY KEY (`mar_id`)
) ENGINE=InnoDB DEFAULT CHARSET=latin1;

/*Data for the table `mae_marca` */

insert  into `mae_marca`(`mar_id`,`mar_nombre`) values (1,'DAOS'),(2,'PEQUITOS'),(3,'BLACK DECKER'),(4,'ROSS'),(5,'PROARTE'),(6,'ISOFIT'),(7,'ST JULIA '),(8,'AUCA'),(9,'COLON'),(10,'HENKEL'),(11,'MAYJA '),(12,'AGOREX'),(13,'REMINGTON'),(14,'CARVAJAL'),(15,'LEDESMA'),(16,'EQUALIT'),(17,'NILSA '),(18,'SHARPIE'),(19,'BIC'),(20,'PAPER MATE'),(21,'ISODATA'),(22,'FABER CASTELL'),(23,'ARTEL'),(24,'MAPED'),(25,'MASTER-G'),(26,'PENTEL'),(27,'FACTIS'),(28,'GEORGI'),(29,'SARAH KAY'),(30,'WOODSTOCK'),(31,'HAND'),(32,'TORRE'),(33,'SANDISK'),(34,'MAXELL'),(35,'BALLOONS'),(36,'DIAZOL'),(37,'BALLONS'),(38,'KINDER MIX '),(39,'USATAPE'),(40,'SELLOFILM'),(41,'SELLOFFICE'),(42,'MONAMI'),(43,'INK-JET'),(44,'SABONIS '),(45,'ASCOTT'),(46,'BORLANDO'),(47,'PRISUR'),(48,'TRODAT'),(49,'ADIOFFICE'),(50,'KLT'),(51,'BIBLIOGRAFICA INTERNACIONAL'),(52,'PHOENIX');

/*Table structure for table `mae_pack` */


CREATE TABLE `mae_pack` (
  `pac_id` int(10) unsigned NOT NULL DEFAULT '0',
  `pro_codigo_plu` int(10) unsigned NOT NULL DEFAULT '0',
  PRIMARY KEY (`pac_id`)
) ENGINE=InnoDB DEFAULT CHARSET=latin1;

/*Data for the table `mae_pack` */

/*Table structure for table `mae_pack_mov` */


CREATE TABLE `mae_pack_mov` (
  `pam_id` int(10) NOT NULL AUTO_INCREMENT,
  `pro_codigo_plu` varchar(15) NOT NULL DEFAULT '',
  `pam_cantidad` double(15,5) NOT NULL DEFAULT '0.00000',
  `pam_codigo` int(10) NOT NULL DEFAULT '0',
  PRIMARY KEY (`pam_id`),
  KEY `pro_codigo_plu` (`pro_codigo_plu`)
) ENGINE=InnoDB DEFAULT CHARSET=latin1;

/*Data for the table `mae_pack_mov` */

/*Table structure for table `mae_perfiles` */


CREATE TABLE `mae_perfiles` (
  `per_id` int(10) NOT NULL DEFAULT '0',
  `per_nombre` varchar(50) DEFAULT NULL,
  `per_cglobal` char(2) DEFAULT NULL,
  PRIMARY KEY (`per_id`)
) ENGINE=InnoDB DEFAULT CHARSET=latin1;

/*Data for the table `mae_perfiles` */

insert  into `mae_perfiles`(`per_id`,`per_nombre`,`per_cglobal`) values (1,'GERENCIA','SI'),(2,'ADMINISTRADORES','NO'),(3,'JEFE SALAS / SECRETARIAS','NO'),(4,'RECEPCIONISTA','NO'),(5,'CONTROL CAJA / SUPERVISORES','NO'),(6,'OTROS USUARIOS','NO');

/*Table structure for table `mae_preparados_mov` */


CREATE TABLE `mae_preparados_mov` (
  `prm_id` int(10) NOT NULL AUTO_INCREMENT,
  `pro_codigo_plu` varchar(15) NOT NULL DEFAULT '',
  `prm_cantidad` double(15,5) NOT NULL DEFAULT '0.00000',
  `prm_codigo` int(10) NOT NULL DEFAULT '0',
  PRIMARY KEY (`prm_id`),
  KEY `pam_id` (`prm_id`),
  KEY `pro_codigo_plu` (`pro_codigo_plu`)
) ENGINE=InnoDB DEFAULT CHARSET=latin1;

/*Data for the table `mae_preparados_mov` */

/*Table structure for table `mae_productos` */


CREATE TABLE `mae_productos` (
  `pro_codigo_plu` int(10) unsigned NOT NULL DEFAULT '0',
  `pro_codigo_barra` varchar(18) DEFAULT NULL,
  `pro_tipo` int(1) unsigned DEFAULT NULL,
  `pro_nombre_producto` varchar(80) DEFAULT NULL,
  `pro_nombre_corto` varchar(25) DEFAULT NULL,
  `med_id` int(10) unsigned DEFAULT NULL,
  `emb_id` int(10) unsigned DEFAULT NULL,
  `pro_unidades_embalaje` int(10) unsigned DEFAULT NULL,
  `dep_id` int(10) unsigned DEFAULT NULL,
  `lin_id` int(10) unsigned DEFAULT NULL,
  `pro_precio_compra_neto` double DEFAULT NULL,
  `pro_precio_compra_bruto` double DEFAULT NULL,
  `pro_precio_venta` int(10) unsigned DEFAULT NULL,
  `pro_margen_actual` double(6,2) DEFAULT NULL,
  `pro_oferta` char(2) DEFAULT NULL,
  `pro_fecha_inicio_oferta` date DEFAULT NULL,
  `pro_fecha_termino_oferta` date DEFAULT NULL,
  `pro_precio_oferta` int(10) unsigned DEFAULT NULL,
  `pro_stock_minimo` int(10) unsigned DEFAULT NULL,
  `pro_stock_critico` int(10) unsigned DEFAULT NULL,
  `pro_entradas_bodega` double DEFAULT '0',
  `pro_salidas_bodega` double DEFAULT '0',
  `pro_mermas_bodega` double DEFAULT '0',
  `pro_ajustes_bodega` double DEFAULT '0',
  `pro_entradas_sv` double DEFAULT '0',
  `pro_salidas_sv` double DEFAULT '0',
  `pro_mermas_sv` double DEFAULT '0',
  `pro_ajustes_sv` double DEFAULT '0',
  `pro_activo` int(1) unsigned DEFAULT NULL,
  `pro_ultima_compra` date DEFAULT '2014-01-01',
  `pro_ultimo_proveedor` varchar(10) DEFAULT NULL,
  `rec_numero` int(10) unsigned DEFAULT NULL,
  `pro_estado` int(1) unsigned DEFAULT NULL,
  `pro_unidad` int(1) unsigned DEFAULT NULL,
  `pro_consumo_bodega` double DEFAULT '0',
  `pro_consumo_sv` double DEFAULT '0',
  `mar_id` int(10) unsigned DEFAULT NULL,
  `pro_capacidad` double DEFAULT NULL,
  `pro_funcion_plu` int(1) unsigned DEFAULT NULL,
  `pro_iva` int(1) unsigned DEFAULT NULL,
  `pro_flejes` int(1) unsigned DEFAULT NULL,
  `pro_ultima_venta` date DEFAULT '2014-01-01',
  `pro_precio_fiscal` int(10) unsigned NOT NULL DEFAULT '0',
  `pro_plu_asociado` int(10) unsigned NOT NULL DEFAULT '0',
  `pro_envase` char(2) NOT NULL DEFAULT 'NO',
  `pro_duracion` int(10) unsigned NOT NULL DEFAULT '0',
  `pro_numero_etiqueta` int(10) unsigned NOT NULL DEFAULT '0',
  `prv_id` int(10) unsigned NOT NULL DEFAULT '0',
  `pro_precio_ponderado` double NOT NULL DEFAULT '0',
  `pro_codigo_barra_embalaje` varchar(18) NOT NULL DEFAULT '0',
  PRIMARY KEY (`pro_codigo_plu`),
  KEY `dep_id` (`dep_id`),
  KEY `emb_id` (`emb_id`),
  KEY `lin_id` (`lin_id`),
  KEY `mar_id` (`mar_id`),
  KEY `med_id` (`med_id`),
  KEY `pro_ultimo_proveedor` (`pro_ultimo_proveedor`),
  KEY `pro_codigo_barra` (`pro_codigo_barra`)
) ENGINE=InnoDB DEFAULT CHARSET=latin1 COMMENT='InnoDB free: 16384 kB; InnoDB free: 9216 kB';

/*Data for the table `mae_productos` */

insert  into `mae_productos`(`pro_codigo_plu`,`pro_codigo_barra`,`pro_tipo`,`pro_nombre_producto`,`pro_nombre_corto`,`med_id`,`emb_id`,`pro_unidades_embalaje`,`dep_id`,`lin_id`,`pro_precio_compra_neto`,`pro_precio_compra_bruto`,`pro_precio_venta`,`pro_margen_actual`,`pro_oferta`,`pro_fecha_inicio_oferta`,`pro_fecha_termino_oferta`,`pro_precio_oferta`,`pro_stock_minimo`,`pro_stock_critico`,`pro_entradas_bodega`,`pro_salidas_bodega`,`pro_mermas_bodega`,`pro_ajustes_bodega`,`pro_entradas_sv`,`pro_salidas_sv`,`pro_mermas_sv`,`pro_ajustes_sv`,`pro_activo`,`pro_ultima_compra`,`pro_ultimo_proveedor`,`rec_numero`,`pro_estado`,`pro_unidad`,`pro_consumo_bodega`,`pro_consumo_sv`,`mar_id`,`pro_capacidad`,`pro_funcion_plu`,`pro_iva`,`pro_flejes`,`pro_ultima_venta`,`pro_precio_fiscal`,`pro_plu_asociado`,`pro_envase`,`pro_duracion`,`pro_numero_etiqueta`,`prv_id`,`pro_precio_ponderado`,`pro_codigo_barra_embalaje`) values (1,'1',0,'BETTY FUNNY COLLECTION','BETTY FUNNY COLL',1,9,0,1,1,0,0,6650,0.00,'NO','2006-09-07','2006-09-07',0,0,0,0,0,0,0,0,12,0,0,1,'2014-01-01',NULL,0,1,0,0,0,1,0,0,1,1,'2017-03-25',6650,0,'NO',0,0,0,0,'0'),(2,'2',0,'PIANO DRESSSEL','PIANO DRESSSEL',1,9,0,1,1,0,11900,16950,42.44,'NO','2006-09-07','2006-09-07',0,0,0,0,0,0,0,0,1,0,0,1,'2014-01-01',NULL,0,1,0,0,0,1,0,0,1,1,'2015-01-24',16950,0,'NO',0,0,0,0,'0'),(3,'3',0,'MAGIC DRESSING TABLE','TOCADOR NIÑA',1,9,1,1,1,0,11900,16950,42.44,'NO','2006-09-07','2006-09-07',0,0,0,0,0,0,0,0,3,0,0,1,'2014-01-01',NULL,0,1,0,0,0,1,0,0,1,1,'2017-04-13',16950,0,'NO',0,0,0,0,'0'),(4,'4',0,'PIANO DRESSER','PIANO DRESSER',1,9,1,1,1,0,11900,16950,42.44,'NO','2006-09-07','2006-09-07',0,2,0,0,0,0,0,0,1,0,0,1,'2014-01-01',NULL,0,1,0,0,0,1,0,0,1,1,'2015-02-27',16950,0,'NO',0,0,0,0,'0'),(5,'5',0,'MUÑECAS ANDADOR','MUÑECAS ANDADOR',1,9,1,1,1,0,4650,6650,43.01,'NO','2006-09-07','2006-09-07',0,0,0,0,0,0,0,0,3,0,0,1,'2014-01-01',NULL,0,1,0,0,0,1,0,0,1,1,'2016-03-30',6650,0,'NO',0,0,0,0,'0'),(6,'2013058800780',0,'HELICOPTERO','HELICOPTERO',1,9,48,1,1,0,1000,1990,99.00,'NO','2006-09-07','2006-09-07',0,6,3,0,0,0,0,0,16,0,0,1,'2014-01-01',NULL,0,1,0,0,0,1,1,0,1,1,'2017-04-12',1990,0,'NO',0,0,0,0,'0'),(7,'7',0,'AVION DE JUGUETE','AVION DE JUGUETE',1,9,1,1,1,0,2800,3750,33.93,'NO','2006-09-07','2006-09-07',0,6,0,0,0,0,0,0,4,0,0,1,'2014-01-01',NULL,0,1,0,0,0,1,0,0,1,1,'2015-03-28',3750,0,'NO',0,0,0,0,'0'),(8,'8',0,'PIANO DE FRUTAS','PIANO DE FRUTAS',1,9,1,1,1,0,2600,3750,44.23,'NO','2006-09-07','2006-09-07',0,0,0,0,0,0,0,0,9,0,0,1,'2014-01-01',NULL,0,1,0,0,0,1,0,0,1,1,'2014-12-27',3750,0,'NO',0,0,0,0,'0'),(9,'2013058800612',0,'MONO DE GOMA','MONO DE GOMA',1,9,1,1,1,0,650,969,49.08,'NO','2006-09-07','2006-09-07',0,0,0,0,0,0,0,0,14,0,0,1,'2014-01-01',NULL,0,1,0,0,0,1,0,0,1,1,'2015-01-30',969,0,'NO',0,0,0,0,'0'),(10,'2013058800605',0,'MONO DE GOMA','MONO DE GOMA',1,9,1,1,1,0,650,969,49.08,'NO','2006-09-07','2006-09-07',0,0,0,0,0,0,0,0,11,0,0,1,'2014-01-01',NULL,0,1,0,0,0,1,0,0,1,1,'2015-01-03',969,0,'NO',0,0,0,0,'0'),(11,'11',0,'CASA HAPPY CHICA','CASA HAPPY CHICA',1,9,1,1,1,0,0,1,0.00,'','2006-09-07','2006-09-07',0,0,0,0,0,0,0,0,29,0,0,1,'2014-01-01',NULL,0,2,0,0,0,1,0,0,1,1,'2017-05-16',1,0,'NO',0,0,0,0,'0'),(12,'12',0,'CASA MY HOMME GRANDE','CASA MY HOMME GR',1,9,1,1,1,0,0,1,0.00,'','2006-09-07','2006-09-07',0,0,0,0,0,0,0,0,1,0,0,1,'2014-01-01',NULL,0,2,0,0,0,1,0,0,1,1,'2015-12-14',1,0,'NO',0,0,0,0,'0'),(13,'1392995201678',0,'GROMING BABY','GROMING BABY',1,9,1,1,1,0,6900,9750,41.30,'NO','2006-09-07','2006-09-07',0,0,0,0,0,0,0,0,3,0,0,1,'2014-01-01',NULL,0,1,0,0,0,1,1,0,1,1,'2015-04-23',9750,0,'NO',0,0,0,0,'0'),(14,'6903514023135',0,'MUÑECA ROPERO','MUÑECA ROPERO',1,9,1,1,1,0,1800,2550,41.67,'NO','2006-09-07','2006-09-07',0,0,0,0,0,0,0,0,6,0,0,1,'2014-01-01',NULL,0,1,0,0,0,1,0,0,1,1,'2015-01-24',2550,0,'NO',0,0,0,0,'0'),(15,'1952938321100',0,'KIDDIE BABY','KIDDIE BABY',1,9,1,1,1,0,2950,4190,42.03,'NO','2006-09-07','2006-09-07',0,0,0,0,0,0,0,0,6,0,0,1,'2014-01-01',NULL,0,1,0,0,0,1,1,0,1,1,'2015-01-02',4190,0,'NO',0,0,0,0,'0'),(16,'16',0,'PISTOLA DE DARDOS','PISTOLA DE DARDO',1,9,1,1,1,0,2000,3790,89.50,'NO','2006-09-07','2006-09-07',0,0,0,0,0,0,0,0,12,0,0,1,'2014-01-01',NULL,0,1,0,0,0,1,1,0,1,1,'2015-02-06',3790,0,'NO',0,0,0,0,'0'),(17,'2013058802081',0,'TABLET','TABLET',1,9,1,1,1,0,1800,2590,43.89,'NO','2006-09-07','2006-09-07',0,0,0,0,0,0,0,0,6,0,0,1,'2014-01-01',NULL,0,1,0,0,0,1,0,0,1,1,'2014-12-29',2590,0,'NO',0,0,0,0,'0'),(18,'7922342202215',0,'EL','EL COMPUTADOR',1,9,1,1,1,0,5900,8250,39.83,'NO','2006-09-07','2006-09-07',0,0,0,0,0,0,0,0,0,0,0,1,'2014-01-01',NULL,0,1,0,0,0,1,0,0,1,1,'2014-01-01',8250,0,'NO',0,0,0,0,'0'),(19,'19',0,'BALDE CON MOLDE','BALDE CON MOLDE',1,9,0,1,1,0,750,1150,53.33,'NO','2006-09-07','2006-09-07',0,6,12,0,0,0,0,0,28,0,0,1,'2014-01-01',NULL,0,1,0,0,0,1,1,0,1,1,'2016-01-11',1150,0,'NO',0,0,0,0,'0'),(20,'5697468213599',0,'MECEDORA BEBE','MECEDORA BEBE',1,9,0,1,1,0,4900,6750,37.76,'NO','2006-09-07','2006-09-07',0,1,2,0,0,0,0,0,4,0,0,1,'2014-01-01',NULL,0,1,0,0,0,1,1,0,1,1,'2015-03-05',6750,0,'NO',0,0,0,0,'0'),(21,'21',0,'AUTOPISTA SPEED RACING TRACK','AUTOPISTA SPEED ',1,9,1,1,1,0,13500,19250,42.59,'NO','2006-09-07','2006-09-07',0,1,2,0,0,0,0,0,1,0,0,1,'2014-01-01',NULL,0,1,0,0,0,1,1,0,1,1,'2015-01-30',19250,0,'NO',0,0,0,0,'0'),(22,'22',0,'AUTOPISTA RACING RUMWAY','AUTOPISTA RACING',1,9,1,1,1,0,5050,7190,42.38,'NO','2006-09-07','2006-09-07',0,1,2,0,0,0,0,0,6,0,0,1,'2014-01-01',NULL,0,1,0,0,0,1,1,0,1,1,'2015-02-05',7190,0,'NO',0,0,0,0,'0'),(23,'6934247517035',0,'MUÑECA BAÑO','MUÑECA BAÑO',1,9,0,1,1,0,12390,17650,42.45,'NO','2006-09-07','2006-09-07',0,3,1,0,0,0,0,0,2,0,0,1,'2014-01-01',NULL,0,1,0,0,0,1,1,0,1,1,'2015-01-02',17650,0,'NO',0,0,0,0,'0'),(24,'24',0,'CAMION A CONTROL REMOTO HAPPY TRUCK','CAMION A CONTROL',1,9,0,1,1,0,7070,10090,42.72,'NO','2006-09-07','2006-09-07',0,6,1,0,0,0,0,0,5,0,0,1,'2014-01-01',NULL,0,1,0,0,0,1,1,0,1,1,'2015-04-02',10090,0,'NO',0,0,0,0,'0'),(25,'25',0,'BALDE DIDACTICO','BALDE DIDACTICO',1,9,1,1,1,0,860,1290,50.00,'NO','2006-09-07','2006-09-07',0,24,1,0,0,0,0,0,27,0,0,1,'2014-01-01',NULL,0,1,0,0,0,1,1,0,1,1,'2016-02-23',1290,0,'NO',0,0,0,0,'0'),(26,'26',0,'MALETA DIDACTICA','MALETA DIDACTICA',1,9,1,1,1,0,4200,5990,42.62,'NO','2006-09-07','2006-09-07',0,6,1,0,0,0,0,0,6,0,0,1,'2014-01-01',NULL,0,1,0,0,0,1,0,0,1,1,'2015-02-17',5990,0,'NO',0,0,0,0,'0'),(27,'27',0,'DIDACTICO GOMA EVA','DIDACTICO GOMA E',1,9,1,1,1,0,3500,4990,42.57,'NO','2006-09-07','2006-09-07',0,6,1,0,0,0,0,0,15,0,0,1,'2014-01-01',NULL,0,1,0,0,0,1,1,0,1,1,'2016-05-28',4990,0,'NO',0,0,0,0,'0'),(28,'28',0,'TOBOGAN GRANDE','TOBOGAN GRANDE',1,9,1,1,1,0,8200,15580,90.00,'NO','2006-09-07','2006-09-07',0,2,1,0,0,0,0,0,1,0,0,1,'2014-01-01',NULL,0,1,0,0,0,1,1,0,1,1,'2016-11-05',15580,0,'NO',0,0,0,0,'0'),(29,'2013058801886',0,'TOBOGAN CHICO','TOBOGAN CHICO',1,9,1,1,1,0,6300,11970,90.00,'NO','2006-09-07','2006-09-07',0,2,1,0,0,0,0,0,0,0,0,1,'2014-01-01',NULL,0,1,0,0,0,1,1,0,1,1,'2014-01-01',11970,0,'NO',0,0,0,0,'0'),(30,'6938150838614',0,'CASTILLO LEGO','CASTILLO LEGO',1,9,1,1,1,0,5500,7490,36.18,'NO','2006-09-07','2006-09-07',0,6,2,0,0,0,0,0,4,0,0,1,'2014-01-01',NULL,0,1,0,0,0,1,1,0,1,1,'2015-04-18',7490,0,'NO',0,0,0,0,'0'),(31,'2420201310612',0,'PALETA PLAYA','PALETA PLAYA',1,9,1,1,1,0,890,1450,62.92,'NO','2006-09-07','2006-09-07',0,36,2,0,0,0,0,0,37,0,0,1,'2014-01-01',NULL,0,1,0,0,0,1,1,0,1,1,'2016-12-24',1450,0,'NO',0,0,0,0,'0'),(32,'6934244435233',0,'SET DE LAVADORA','SET DE LAVADORA',1,9,1,1,1,0,1600,2990,86.88,'NO','2006-09-07','2006-09-07',0,6,2,0,0,0,0,0,4,0,0,1,'2014-01-01',NULL,0,1,0,0,0,1,1,0,1,1,'2016-02-29',2990,0,'NO',0,0,0,0,'0'),(33,'6948621400042',0,'LENTES DE AGUA','LENTES DE AGUA',1,9,1,1,1,0,390,590,51.28,'NO','2006-09-07','2006-09-07',0,24,2,0,0,0,0,0,23,0,0,1,'2014-01-01',NULL,0,1,0,0,0,1,1,0,1,1,'2015-12-23',590,0,'NO',0,0,0,0,'0'),(34,'6934246575630',0,'PERRITO MUSICAL','PERRITO MUSICAL',1,9,1,1,1,0,4400,6290,42.95,'NO','2006-09-07','2006-09-07',0,4,1,0,0,0,0,0,2,0,0,1,'2014-01-01',NULL,0,1,0,0,0,1,1,0,1,1,'2014-12-23',6290,0,'NO',0,0,0,0,'0'),(35,'2014048800803',0,'PULSERAS MONSTERTAIL','PULSERAS MONSTER',1,9,1,1,1,0,1200,1750,45.83,'NO','2006-09-07','2006-09-07',0,24,2,0,0,0,0,0,23,0,0,1,'2014-01-01',NULL,0,1,0,0,0,1,1,0,1,1,'2014-12-24',1750,0,'NO',0,0,0,0,'0'),(36,'2014048800896',0,'PULSERAS LOOM BANDS','PULSERAS LOOM BA',1,9,1,1,1,0,1950,2790,43.08,'NO','2006-09-07','2006-09-07',0,24,2,0,0,0,0,0,21,0,0,1,'2014-01-01',NULL,0,1,0,0,0,1,0,0,1,1,'2014-12-24',2790,0,'NO',0,0,0,0,'0'),(37,'6949663225884',0,'MOCHILA DIDACTICA LEGO','MOCHILA DIDACTIC',1,9,0,1,1,0,3500,4990,42.57,'NO','2006-09-07','2006-09-07',0,6,3,0,0,0,0,0,7,0,0,1,'2014-01-01',NULL,0,1,0,0,0,1,1,0,1,1,'2015-03-03',4990,0,'NO',0,0,0,0,'0'),(38,'38',0,'JEEP CONTROL REMOTO','JEEP CONTROL REM',1,9,1,1,1,0,6250,8950,43.20,'NO','2006-09-07','2006-09-07',0,3,2,0,0,0,0,0,0,0,0,1,'2014-01-01',NULL,0,1,0,0,0,1,1,0,1,1,'2014-01-01',8950,0,'NO',0,0,0,0,'0'),(39,'39',0,'JEEP CONTROL REMOTO CON PORTA BICICLETA','JEEP CONTROL REM',1,9,1,1,1,0,6550,9350,42.75,'NO','2006-09-07','2006-09-07',0,3,1,0,0,0,0,0,6,0,0,1,'2014-01-01',NULL,0,1,0,0,0,1,1,0,1,1,'2014-12-24',9350,0,'NO',0,0,0,0,'0'),(40,'2014048800056',0,'AUTO METALICO CONTROL REMOTO','AUTO METALICO CO',1,9,1,1,1,0,4800,6750,40.62,'NO','2006-09-07','2006-09-07',0,3,2,0,0,0,0,0,3,0,0,1,'2014-01-01',NULL,0,1,0,0,0,1,1,0,1,1,'2014-12-23',6750,0,'NO',0,0,0,0,'0'),(41,'2014048800049',0,'AUTO METALICO CONTROL REMOTO','AUTO METALICO CO',1,9,1,1,1,0,4800,6750,40.62,'NO','2006-09-07','2006-09-07',0,3,1,0,0,0,0,0,3,0,0,1,'2014-01-01',NULL,0,1,0,0,0,1,1,0,1,1,'2014-12-23',6750,0,'NO',0,0,0,0,'0'),(42,'2014048800032',0,'AUTO METALICO CONTROL REMOTO','AUTO METALICO CO',1,9,1,1,1,0,3500,4990,42.57,'NO','2006-09-07','2006-09-07',0,3,2,0,0,0,0,0,7,0,0,1,'2014-01-01',NULL,0,1,0,0,0,1,1,0,1,1,'2017-02-27',4990,0,'NO',0,0,0,0,'0'),(43,'201404880032',0,'AUTO METALICO CONTROL REMOTO','AUTO METALICO CO',1,9,1,1,1,0,3950,5650,43.04,'NO','2006-09-07','2006-09-07',0,3,2,0,0,0,0,0,0,0,0,1,'2014-01-01',NULL,0,1,0,0,0,1,1,0,1,1,'2014-01-01',5650,0,'NO',0,0,0,0,'0'),(44,'7460040010477',0,'PESCADO MUSICAL','PESCADO MUSICAL',1,9,1,1,1,0,1300,1890,45.38,'NO','2006-09-07','2006-09-07',0,12,2,0,0,0,0,0,3,0,0,1,'2014-01-01',NULL,0,1,0,0,0,1,1,0,1,1,'2015-02-07',1890,0,'NO',0,0,0,0,'0'),(45,'2013058800353',0,'POLLITO A CUERDA','POLLITO A CUERDA',1,9,1,1,1,0,208,390,87.50,'NO','2006-09-07','2006-09-07',0,2,1,0,0,0,0,0,22,0,0,1,'2014-01-01',NULL,0,1,0,0,0,1,1,0,1,1,'2015-12-20',390,0,'NO',0,0,0,0,'0'),(46,'46',0,'SET DE TE','SET DE TE',1,9,1,1,1,0,600,890,48.33,'NO','2006-09-07','2006-09-07',0,12,2,0,0,0,0,0,8,0,0,1,'2014-01-01',NULL,0,1,0,0,0,1,1,0,1,1,'2015-12-22',890,0,'NO',0,0,0,0,'0'),(47,'47',0,'SET DE MUEBLES','SET DE MUEBLES',1,9,1,1,1,0,450,690,53.33,'NO','2006-09-07','2006-09-07',0,12,2,0,0,0,0,0,13,0,0,1,'2014-01-01',NULL,0,1,0,0,0,1,1,0,1,1,'2016-03-01',690,0,'NO',0,0,0,0,'0'),(48,'2014048800285',0,'CARPA NIÑOS','CARPA NIÑOS',1,9,1,1,1,0,7800,11090,42.18,'NO','2006-09-07','2006-09-07',0,2,1,0,0,0,0,0,4,0,0,1,'2014-01-01',NULL,0,1,0,0,0,1,1,0,1,1,'2014-12-23',11090,0,'NO',0,0,0,0,'0'),(49,'49',0,'ANIMALES GRANJA GRANDE','ANIMALES GRANJA ',1,9,1,1,1,0,1480,2090,41.22,'NO','2006-09-07','2006-09-07',0,6,2,0,0,0,0,0,54,0,0,1,'2014-01-01',NULL,0,1,0,0,0,1,1,0,1,1,'2017-02-25',2090,0,'NO',0,0,0,0,'0'),(50,'50',0,'STE DE SOLDADOS','STE DE SOLDADOS',1,9,1,1,1,0,380,690,81.58,'NO','2006-09-07','2006-09-07',0,24,2,0,0,0,0,0,25,0,0,1,'2014-01-01',NULL,0,1,0,0,0,1,1,0,1,1,'2016-03-14',690,0,'NO',0,0,0,0,'0'),(51,'2013058800384',0,'XILOFONO GRANDE 8 NOTAS','XILOFONO GRANDE',1,9,1,1,1,0,1390,1990,43.17,'NO','2006-09-07','2006-09-07',0,12,3,0,0,0,0,0,11,0,0,1,'2014-01-01',NULL,0,1,0,0,0,1,0,0,1,1,'2015-12-19',1990,0,'NO',0,0,0,0,'0'),(52,'2013058800391',0,'XILOFONO 6 NOTAS','XILOFONO 6 NOTAS',1,9,1,1,1,0,990,1450,46.46,'NO','2006-09-07','2006-09-07',0,12,3,0,0,0,0,0,12,0,0,1,'2014-01-01',NULL,0,1,0,0,0,1,1,0,1,1,'2015-01-17',1450,0,'NO',0,0,0,0,'0'),(53,'2013058801831',0,'XILOFONO PEQUEÑO 5 NOTAS','XILOFONO PEQUEÑO',1,9,1,1,1,0,780,1150,47.44,'NO','2006-09-07','2006-09-07',0,12,3,0,0,0,0,0,12,0,0,1,'2014-01-01',NULL,0,1,0,0,0,1,1,0,1,1,'2015-02-17',1150,0,'NO',0,0,0,0,'0'),(54,'2013058801923',0,'JUEGO WHO IS IT','JUEGO WHO IS IT',1,9,1,1,1,0,1200,1990,65.83,'NO','2006-09-07','2006-09-07',0,6,3,0,0,0,0,0,26,0,0,1,'2014-01-01',NULL,0,1,0,0,0,1,1,0,1,1,'2017-04-22',1990,0,'NO',0,0,0,0,'0'),(55,'8155211354205',0,'JUEGO DE LOTERIA','JUEGO DE LOTERIA',1,9,1,1,1,0,1200,1750,45.83,'NO','2006-09-07','2006-09-07',0,6,2,0,0,0,0,0,5,0,0,1,'2014-01-01',NULL,0,1,0,0,0,1,1,0,1,1,'2017-01-18',1750,0,'NO',0,0,0,0,'0'),(56,'6952242154123',0,'DOMINO ULTRA GRUESO','DOMINO ULTRA GRU',1,9,1,1,1,0,1950,2790,43.08,'NO','2006-09-07','2006-09-07',0,6,2,0,0,0,0,0,8,0,0,1,'2014-01-01',NULL,0,1,0,0,0,1,1,0,1,1,'2017-02-16',2790,0,'NO',0,0,0,0,'0'),(57,'57',0,'AJEDREZ','AJEDREZ',1,9,1,1,1,0,1900,2690,41.58,'NO','2006-09-07','2006-09-07',0,6,2,0,0,0,0,0,7,0,0,1,'2014-01-01',NULL,0,1,0,0,0,1,6,0,1,1,'2015-05-09',2690,0,'NO',0,0,0,0,'0'),(58,'2013058800292',0,'RELOJ KIKI MAGIC','RELOJ KIKI MAGIC',1,9,1,1,1,0,6500,8990,38.31,'NO','2006-09-07','2006-09-07',0,3,1,0,0,0,0,0,0,0,0,1,'2014-01-01',NULL,0,1,0,0,0,1,1,0,1,1,'2014-01-01',8990,0,'NO',0,0,0,0,'0'),(59,'2013058800308',0,'RELOJ CASA KIKI','RELOJ CASA KIKI',1,9,1,1,1,0,3500,4990,42.57,'NO','2006-09-07','2006-09-07',0,3,2,0,0,0,0,0,3,0,0,1,'2014-01-01',NULL,0,1,0,0,0,1,1,0,1,1,'2015-01-30',4990,0,'NO',0,0,0,0,'0'),(60,'2013058801978',0,'MOVIL DE BEBE GRANDE','MOVIL DE BEBE GR',1,9,1,1,1,0,9900,14090,42.32,'NO','2006-09-07','2006-09-07',0,1,1,0,0,0,0,0,1,0,0,1,'2014-01-01',NULL,0,1,0,0,0,1,1,0,1,1,'2014-12-24',14090,0,'NO',0,0,0,0,'0'),(61,'61',0,'MOVIL BEBE CHICO','MOVIL BEBE CHICO',1,9,1,1,1,0,5900,8250,39.83,'NO','2006-09-07','2006-09-07',0,1,1,0,0,0,0,0,0,0,0,1,'2014-01-01',NULL,0,1,0,0,0,1,1,0,1,1,'2014-01-01',8250,0,'NO',0,0,0,0,'0'),(62,'2013081901133',0,'BALDE PLAYERO 4 ACCESORIOS','BALDE PLAYERO 4 ',1,9,1,1,1,0,300,490,63.33,'NO','2006-09-07','2006-09-07',0,24,2,0,0,0,0,0,24,0,0,1,'2014-01-01',NULL,0,1,0,0,0,1,1,0,1,1,'2015-02-27',490,0,'NO',0,0,0,0,'0'),(63,'2013058800131',0,'JUEGO DIDACTICO 2 EN 1','JUEGO DIDACTICO ',1,9,1,1,1,0,1400,2050,46.43,'NO','2006-09-07','2006-09-07',0,6,2,0,0,0,0,0,7,0,0,1,'2014-01-01',NULL,0,1,0,0,0,1,0,0,1,1,'2015-12-19',2050,0,'NO',0,0,0,0,'0'),(64,'64',0,'TRENSADOR FASHION HAIR BEADER','TRENSADOR FASHIO',1,9,1,1,1,0,2600,3750,44.23,'NO','2006-09-07','2006-09-07',0,12,2,0,0,0,0,0,7,0,0,1,'2014-01-01',NULL,0,1,0,0,0,1,1,0,1,1,'2014-12-20',3750,0,'NO',0,0,0,0,'0'),(65,'2013081900136',0,'MUÑECO GESTITOS','MUÑECO GESTITOS',1,9,1,1,1,0,9800,13950,42.35,'NO','2006-09-07','2006-09-07',0,3,2,0,0,0,0,0,1,0,0,1,'2014-01-01',NULL,0,1,0,0,0,1,1,0,1,1,'2015-01-07',13950,0,'NO',0,0,0,0,'0'),(66,'2013058801503',0,'SET DE COCINA','SET DE COCINA',1,9,1,1,1,0,1200,1990,65.83,'NO','2006-09-07','2006-09-07',0,24,2,0,0,0,0,0,23,0,0,1,'2014-01-01',NULL,0,1,0,0,0,1,1,0,1,1,'2015-02-05',1990,0,'NO',0,0,0,0,'0'),(67,'2013058801459',0,'SET DE MOSTACILLA','SET DE MOSTACILL',1,9,1,1,1,0,3200,5990,87.19,'NO','2006-09-07','2006-09-07',0,24,1,0,0,0,0,0,23,0,0,1,'2014-01-01',NULL,0,1,0,0,0,1,1,0,1,1,'2015-01-03',5990,0,'NO',0,0,0,0,'0'),(68,'201308190044',0,'LEGO POLICIA','LEGO POLICIA',1,9,1,1,1,0,1100,1490,35.45,'NO','2006-09-07','2006-09-07',0,12,0,0,0,0,0,0,1,0,0,1,'2014-01-01',NULL,0,1,0,0,0,1,1,0,1,1,'2014-12-19',1490,0,'NO',0,0,0,0,'0'),(69,'2013083100220',0,'LEGO HELICOPTERO CHICO','LEGO HELICOPTERO',1,9,1,1,1,0,1150,1650,43.48,'NO','2006-09-07','2006-09-07',0,12,1,0,0,0,0,0,12,0,0,1,'2014-01-01',NULL,0,1,0,0,0,1,1,0,1,1,'2014-12-24',1650,0,'NO',0,0,0,0,'0'),(70,'8643820121764',0,'LEGO CAMION CHICO','LEGO CAMION CHIC',1,9,1,1,1,0,650,950,46.15,'NO','2006-09-07','2006-09-07',0,12,2,0,0,0,0,0,46,0,0,1,'2014-01-01',NULL,0,1,0,0,0,1,1,0,1,1,'2015-01-16',950,0,'NO',0,0,0,0,'0'),(71,'6944811380224',0,'LEGO CAMION GRANDE','LEGO CAMION GRAN',1,9,1,1,1,0,2950,4190,42.03,'NO','2006-09-07','2006-09-07',0,6,2,0,0,0,0,0,4,0,0,1,'2014-01-01',NULL,0,1,0,0,0,1,1,0,1,1,'2014-12-24',4190,0,'NO',0,0,0,0,'0'),(72,'2013081900044',0,'LEGO LANCHA CHICA','LEGO LANCHA CHIC',1,9,1,1,1,0,1440,2090,45.14,'NO','2006-09-07','2006-09-07',0,12,2,0,0,0,0,0,12,0,0,1,'2014-01-01',NULL,0,1,0,0,0,1,1,0,1,1,'2014-12-23',2090,0,'NO',0,0,0,0,'0'),(73,'2013081900013',0,'LEGO HELICOPTERO POLICIA','LEGO HELICOPTERO',1,9,1,1,1,0,1550,2250,45.16,'NO','2006-09-07','2006-09-07',0,12,2,0,0,0,0,0,12,0,0,1,'2014-01-01',NULL,0,1,0,0,0,1,1,0,1,1,'2014-12-24',2250,0,'NO',0,0,0,0,'0'),(74,'2013058801794',0,'AUTO DIDACTICO METALICO','AUTO DIDACTICO M',1,9,1,1,1,0,2500,3550,42.00,'NO','2006-09-07','2006-09-07',0,3,1,0,0,0,0,0,4,0,0,1,'2014-01-01',NULL,0,1,0,0,0,1,1,0,1,1,'2017-04-28',3550,0,'NO',0,0,0,0,'0'),(75,'2013058802111',0,'LEGO POLICIA ESTACION','LEGO POLICIA EST',1,9,1,1,1,0,8800,12550,42.61,'NO','2006-09-07','2006-09-07',0,2,1,0,0,0,0,0,1,0,0,1,'2014-01-01',NULL,0,1,0,0,0,1,1,0,1,1,'2014-12-23',12550,0,'NO',0,0,0,0,'0'),(76,'6944811367287',0,'LEGOPOLICIA MOTO','LEGOPOLICIA MOTO',1,9,1,1,1,0,3100,4450,43.55,'NO','2006-09-07','2006-09-07',0,2,1,0,0,0,0,0,0,0,0,1,'2014-01-01',NULL,0,1,0,0,0,1,1,0,1,1,'2014-01-01',4450,0,'NO',0,0,0,0,'0'),(77,'2013083100282',0,'LEGO ESTACION','LEGO ESTACION',1,9,1,1,1,0,4800,6750,40.62,'NO','2006-09-07','2006-09-07',0,2,1,0,0,0,0,0,2,0,0,1,'2014-01-01',NULL,0,1,0,0,0,1,1,0,1,1,'2014-12-24',6750,0,'NO',0,0,0,0,'0'),(78,'78',0,'LEGO POLICIA LANCHA','LEGO POLICIA LAN',1,9,1,1,1,0,7500,10490,39.87,'NO','2006-09-07','2006-09-07',0,2,1,0,0,0,0,0,0,0,0,1,'2014-01-01',NULL,0,1,0,0,0,1,1,0,1,1,'2014-01-01',10490,0,'NO',0,0,0,1,'0'),(79,'2013083100183',0,'LEGOAVION GRANDE','LEGOAVION GRANDE',1,9,1,1,1,0,6300,8990,42.70,'NO','2006-09-07','2006-09-07',0,2,1,0,0,0,0,0,3,0,0,1,'2014-01-01',NULL,0,1,0,0,0,1,1,0,1,1,'2016-08-05',8990,0,'NO',0,0,0,0,'0'),(80,'2013083100299',0,'LEGO AUTO HELICOPTERO','LEGO AUTO HELICO',1,9,1,1,1,0,2340,3350,43.16,'NO','2006-09-07','2006-09-07',0,2,1,0,0,0,0,0,1,0,0,1,'2014-01-01',NULL,0,1,0,0,0,1,1,0,1,1,'2014-12-24',3350,0,'NO',0,0,0,0,'0'),(81,'2014048800292',0,'CARPA DE NIÑO PLAYTENT','CARPA DE NIÑO',1,9,1,1,1,0,7800,11190,43.46,'NO','2006-09-07','2006-09-07',0,2,1,0,0,0,0,0,0,0,0,1,'2014-01-01',NULL,0,1,0,0,0,1,1,0,1,1,'2014-01-01',11190,0,'NO',0,0,0,0,'0'),(82,'6946091600023',0,'PERRITO DE GOMA','PERRITO DE GOMA',1,9,1,1,1,0,690,1050,52.17,'NO','2006-09-07','2006-09-07',0,12,2,0,0,0,0,0,12,0,0,1,'2014-01-01',NULL,0,1,0,0,0,1,1,0,1,1,'2015-01-03',1050,0,'NO',0,0,0,0,'0'),(83,'2013058800865',0,'MONOS DE GOMA POR 6','MONOS DE GOMA PO',1,9,1,1,1,0,900,680,-24.44,'NO','2006-09-07','2006-09-07',0,12,2,0,0,0,0,0,1,0,0,1,'2014-01-01',NULL,0,1,0,0,0,1,1,0,1,1,'2014-12-19',680,0,'NO',0,0,0,0,'0'),(84,'2013058800872',0,'.','MONOS DE GOMA PO',1,9,1,1,1,0,590,890,50.85,'NO','2006-09-07','2006-09-07',0,12,1,0,0,0,0,0,5,0,0,1,'2014-01-01',NULL,0,1,0,0,0,1,1,0,1,1,'2017-03-04',890,0,'NO',0,0,0,0,'0'),(85,'2013058800070',0,'PATITODE GOMA','PATITODE GOMA',1,9,1,1,1,0,590,890,50.85,'NO','2006-09-07','2006-09-07',0,12,1,0,0,0,0,0,13,0,0,1,'2014-01-01',NULL,0,1,0,0,0,1,1,0,1,1,'2015-02-03',890,0,'NO',0,0,0,0,'0'),(86,'6933070440015',0,'GUITARRA MADERA','GUITARRA MADERA',1,9,1,1,1,0,4500,6450,43.33,'NO','2006-09-07','2006-09-07',0,12,1,0,0,0,0,0,11,0,0,1,'2014-01-01',NULL,0,1,0,0,0,1,1,0,1,1,'2014-12-26',6450,0,'NO',0,0,0,0,'0'),(87,'4892983032187',0,'MUÑECA FLORY','MUÑECA FLORY',1,9,1,1,1,0,8700,12450,43.10,'NO','2006-09-07','2006-09-07',0,4,2,0,0,0,0,0,3,0,0,1,'2014-01-01',NULL,0,1,0,0,0,1,1,0,1,1,'2015-03-13',12450,0,'NO',0,0,0,0,'0'),(88,'88',0,'MINI SILLA','MINI SILLA',1,9,1,1,1,0,1850,2650,43.24,'NO','2006-09-07','2006-09-07',0,28,3,0,0,0,0,0,23,0,0,1,'2014-01-01',NULL,0,1,0,0,0,1,1,0,1,1,'2016-12-24',2650,0,'NO',0,0,0,0,'0'),(89,'6912451211222',0,'ULA ULA','ULA ULA',1,9,20,1,1,0,750,1190,58.67,'NO','2006-09-07','2006-09-07',0,6,3,0,0,0,0,0,39,0,0,1,'2014-01-01',NULL,0,1,0,0,0,1,1,0,1,1,'2017-02-23',1190,0,'NO',0,0,0,0,'0'),(90,'2013058802326',0,'AUTO TREN MUSICAL','AUTO TREN MUSICA',1,9,1,1,1,0,6500,9290,42.92,'NO','2006-09-07','2006-09-07',0,12,2,0,0,0,0,0,10,0,0,1,'2014-01-01',NULL,0,1,0,0,0,1,1,0,1,1,'2015-04-25',9290,0,'NO',0,0,0,0,'0'),(91,'2013081901096',0,'BUAS MUSICAL KIKI MAGIC','BUS MUSICAL KIKI',1,9,1,1,1,0,5100,7290,42.94,'NO','2006-09-07','2006-09-07',0,6,2,0,0,0,0,0,6,0,0,1,'2014-01-01',NULL,0,1,0,0,0,1,1,0,1,1,'2015-04-01',7290,0,'NO',0,0,0,0,'0'),(92,'6934244960711',0,'CAMIONCITO MUSICAL','CAMIONCITO MUSIC',1,9,1,1,1,0,1990,2850,43.22,'NO','2006-09-07','2006-09-07',0,6,2,0,0,0,0,0,4,0,0,1,'2014-01-01',NULL,0,1,0,0,0,1,0,0,1,1,'2015-04-22',2850,0,'NO',0,0,0,0,'0'),(93,'93',0,'AUTITO MUSICAL','AUTITOMUSICAL',1,9,1,1,1,0,3400,3750,10.29,'NO','2006-09-07','2006-09-07',0,6,2,0,0,0,0,0,7,0,0,1,'2014-01-01',NULL,0,1,0,0,0,1,1,0,1,1,'2015-02-17',3750,0,'NO',0,0,0,0,'0'),(94,'8643820120552',0,'TELEFONO FRUTA MUSICAL','TELEFONO FRUTA',1,9,1,1,1,0,2400,3450,43.75,'NO','2006-09-07','2006-09-07',0,4,2,0,0,0,0,0,4,0,0,1,'2014-01-01',NULL,0,1,0,0,0,1,1,0,1,1,'2014-12-29',3450,0,'NO',0,0,0,0,'0'),(95,'2013058800339',0,'PIANO DE FRUTAS','PIANO DE FRUTAS',1,9,1,1,1,0,2800,4050,44.64,'NO','2006-09-07','2006-09-07',0,12,2,0,0,0,0,0,10,0,0,1,'2014-01-01',NULL,0,1,0,0,0,1,1,0,1,1,'2015-04-29',4050,0,'NO',0,0,0,0,'0'),(96,'2013058801381',0,'OSITO RELOJ MUSICAL ABC','OSITO RELOJ MUSI',1,9,1,1,1,0,3550,5090,43.38,'NO','2006-09-07','2006-09-07',0,3,2,0,0,0,0,0,2,0,0,1,'2014-01-01',NULL,0,1,0,0,0,1,1,0,1,1,'2015-02-05',5090,0,'NO',0,0,0,0,'0'),(97,'97',0,'ORGANO 49 NOTAS','ORGANO 49 NOTAS',1,9,1,1,1,0,12800,17990,40.55,'NO','2006-09-07','2006-09-07',0,1,1,0,0,0,0,0,1,0,0,1,'2014-01-01',NULL,0,1,0,0,0,1,1,0,1,1,'2014-12-19',17990,0,'NO',0,0,0,0,'0'),(98,'98',0,'ORGANO 54 NOTAS','ORGANO 54 NOTAS',1,9,1,1,1,0,11800,16490,39.75,'NO','2006-09-07','2006-09-07',0,1,1,0,0,0,0,0,1,0,0,1,'2014-01-01',NULL,0,1,0,0,0,1,1,0,1,1,'2014-12-22',16490,0,'NO',0,0,0,0,'0'),(99,'1392995201647',0,'BEBE WALKY','BEBE WALKY',1,9,1,1,1,0,9300,13250,42.47,'NO','2006-09-07','2006-09-07',0,3,2,0,0,0,0,0,3,0,0,1,'2014-01-01',NULL,0,1,0,0,0,1,1,0,1,1,'2016-08-17',13250,0,'NO',0,0,0,0,'0'),(100,'1392995201579',0,'MUÑECA BEBE GET WELL','MUÑECA BEBE GET ',1,9,1,1,1,0,9000,12750,41.67,'NO','2006-09-07','2006-09-07',0,4,1,0,0,0,0,0,1,0,0,1,'2014-01-01',NULL,0,1,0,0,0,1,1,0,1,1,'2014-12-23',12750,0,'NO',0,0,0,0,'0'),(101,'2013081900693',0,' CUNA MECEDORA',' CUNA MECE',1,9,1,1,1,0,7500,10490,39.87,'NO','2006-09-07','2006-09-07',0,3,2,0,0,0,0,0,4,0,0,1,'2014-01-01',NULL,0,1,0,0,0,1,1,0,1,1,'2015-12-31',10490,0,'NO',0,0,0,0,'0'),(102,'1391392995201',0,'MUÑECA BEBE CRAWL SLEEP','MUÑECA BEBE CRAW',1,9,1,1,1,0,10050,14250,41.79,'NO','2006-09-07','2006-09-07',0,3,2,0,0,0,0,0,0,0,0,1,'2014-01-01',NULL,0,1,0,0,0,1,1,0,1,1,'2014-01-01',14250,0,'NO',0,0,0,0,'0'),(103,'1392995201586',0,'MUÑECA BEBE CRAWL N SLEP','MUÑECA BEBE CRAW',1,9,1,1,1,0,10050,14250,41.79,'NO','2006-09-07','2006-09-07',0,3,1,0,0,0,0,0,0,0,0,1,'2014-01-01',NULL,0,1,0,0,0,1,1,0,1,1,'2014-01-01',14250,0,'NO',0,0,0,0,'0'),(104,'5203754004666',0,'PRINCESA KELLAND','PRINCESA KELLAND',1,9,1,1,1,0,2700,3750,38.89,'NO','2006-09-07','2006-09-07',0,12,2,0,0,0,0,0,0,0,0,1,'2014-01-01',NULL,0,1,0,0,0,1,1,0,1,1,'2014-01-01',3750,0,'NO',0,0,0,0,'0'),(105,'105',0,'PISTOLA BURBUJAS','PISTOLA BURBUJAS',1,9,1,1,1,0,1900,3590,88.95,'NO','2006-09-07','2006-09-07',0,12,2,0,0,0,0,0,12,0,0,1,'2014-01-01',NULL,0,1,0,0,0,1,1,0,1,1,'2015-02-16',3590,0,'NO',0,0,0,0,'0'),(106,'2014048800070',0,'HELICOPTERO POWER OF AIRMAN','HELICOPTERO POWE',1,9,1,1,1,0,1800,2650,47.22,'NO','2006-09-07','2006-09-07',0,12,2,0,0,0,0,0,9,0,0,1,'2014-01-01',NULL,0,1,0,0,0,1,1,0,1,1,'2015-01-30',2650,0,'NO',0,0,0,0,'0'),(107,'2013058801275',0,'BOWLING SET','BOWLING SET',1,9,1,1,1,0,3200,4490,40.31,'NO','2006-09-07','2006-09-07',0,6,1,0,0,0,0,0,6,0,0,1,'2014-01-01',NULL,0,1,0,0,0,1,1,0,1,1,'2014-12-31',4490,0,'NO',0,0,0,0,'0'),(108,'108',0,'CONEJO BURBUJAS','CONEJO BURBUJAS',1,9,1,1,1,0,2500,2250,-10.00,'NO','2006-09-07','2006-09-07',0,6,2,0,0,0,0,0,6,0,0,1,'2014-01-01',NULL,0,1,0,0,0,1,1,0,1,1,'2014-12-22',2250,0,'NO',0,0,0,0,'0'),(109,'2013081900228',0,'ELEFANTE MUSICAL CASTILLO','ELEFANTE MUSICAL',1,9,1,1,1,0,3200,5990,87.19,'NO','2006-09-07','2006-09-07',0,6,2,0,0,0,0,0,6,0,0,1,'2014-01-01',NULL,0,1,0,0,0,1,1,0,1,1,'2015-03-06',5990,0,'NO',0,0,0,0,'0'),(110,'2013058802203',0,'JIRAFA MUSICAL','JIRAFA MUSICAL',1,9,1,1,1,0,6800,9690,42.50,'NO','2006-09-07','2006-09-07',0,6,2,0,0,0,0,0,4,0,0,1,'2014-01-01',NULL,0,1,0,0,0,1,1,0,1,1,'2015-01-07',9690,0,'NO',0,0,0,0,'0'),(111,'2014048800346',0,'SET DINOSAURIOS','SET DINOSAURIOS',1,9,1,1,1,0,1450,2090,44.14,'NO','2006-09-07','2006-09-07',0,24,2,0,0,0,0,0,17,0,0,1,'2014-01-01',NULL,0,1,0,0,0,1,1,0,1,1,'2015-03-11',2090,0,'NO',0,0,0,0,'0'),(112,'8643820121320',0,'AUTITO SUPER CAR','AUTITO SUPER CAR',1,9,50,1,1,0,700,1490,112.86,'NO','2006-09-07','2006-09-07',0,6,3,0,0,0,0,0,118,0,0,1,'2014-01-01',NULL,0,1,0,0,0,1,1,0,1,1,'2017-05-11',1490,0,'NO',0,0,0,0,'0'),(113,'2014048800124',0,'AUTITO METALICO DIE CAST CAR','AUTITO METALICO ',1,9,1,1,1,0,1600,2250,40.62,'NO','2006-09-07','2006-09-07',0,12,1,0,0,0,0,0,14,0,0,1,'2014-01-01',NULL,0,1,0,0,0,1,1,0,1,1,'2017-03-11',2250,0,'NO',0,0,0,0,'0'),(114,'201404880094',0,'AUTITOS METALICO ','AUTITOS METALICO',1,9,1,1,1,0,1050,1490,41.90,'NO','2006-09-07','2006-09-07',0,36,4,0,0,0,0,0,0,0,0,1,'2014-01-01',NULL,0,1,0,0,0,1,1,0,1,1,'2014-01-01',1490,0,'NO',0,0,0,0,'0'),(115,'115',0,'CAMIONCITO LEGO','CAMIONCITO LEGO',1,9,1,1,1,0,660,1290,95.45,'NO','2006-09-07','2006-09-07',0,12,3,0,0,0,0,0,0,0,0,1,'2014-01-01',NULL,0,1,0,0,0,1,1,0,1,1,'2014-01-01',1290,0,'NO',0,0,0,0,'0'),(116,'116',0,'CAMIONCITO LEGO','CAMIONCITO LEGO',1,9,1,1,1,0,650,1290,98.46,'NO','2006-09-07','2006-09-07',0,12,3,0,0,0,0,0,0,0,0,1,'2014-01-01',NULL,0,1,0,0,0,1,1,0,1,1,'2014-01-01',1290,0,'NO',0,0,0,0,'0'),(117,'117',0,'CAMIONCITO LEGO','CAMIONCITO LEGO',1,9,1,1,1,0,650,1290,98.46,'NO','2006-09-07','2006-09-07',0,12,3,0,0,0,0,0,0,0,0,1,'2014-01-01',NULL,0,1,0,0,0,1,1,0,1,1,'2014-01-01',1290,0,'NO',0,0,0,0,'0'),(118,'2013081900969',0,'TREN LOCO','TREN LOCO',1,9,1,1,1,0,1550,2990,92.90,'NO','2006-09-07','2006-09-07',0,12,5,0,0,0,0,0,12,0,0,1,'2014-01-01',NULL,0,1,0,0,0,1,1,0,1,1,'2015-03-19',2990,0,'NO',0,0,0,0,'0'),(119,'201404880025',0,'CUADRIMOTO','CUADRIMOTO',1,9,1,1,1,0,950,1450,52.63,'NO','2006-09-07','2006-09-07',0,24,5,0,0,0,0,0,0,0,0,1,'2014-01-01',NULL,0,1,0,0,0,1,1,0,1,1,'2014-01-01',1450,0,'NO',0,0,0,0,'0'),(120,'2014048800018',0,'MOTODIDACTICA','MOTODIDACTICA',1,9,1,1,1,0,950,1450,52.63,'NO','2006-09-07','2006-09-07',0,24,5,0,0,0,0,0,27,0,0,1,'2014-01-01',NULL,0,1,0,0,0,1,1,0,1,1,'2014-12-24',1450,0,'NO',0,0,0,0,'0'),(121,'6934248742863',0,'EXCAVADOR','EXCAVADOR',1,9,1,1,1,0,4200,5990,42.62,'NO','2006-09-07','2006-09-07',0,12,2,0,0,0,0,0,12,0,0,1,'2014-01-01',NULL,0,1,0,0,0,1,1,0,1,1,'2015-03-06',5990,0,'NO',0,0,0,0,'0'),(122,'2013058800629',0,'PISTOLA DARDOS SOFT BULLET','PISTOLA DARDOS S',1,9,1,1,1,0,1400,2090,49.29,'NO','2006-09-07','2006-09-07',0,12,3,0,0,0,0,0,11,0,0,1,'2014-01-01',NULL,0,1,0,0,0,1,1,0,1,1,'2015-03-20',2090,0,'NO',0,0,0,0,'0'),(123,'2013058800827',0,'ROBOT CURASSCOAPS','ROBOT CURASSCOAP',1,9,1,1,1,0,3200,5990,87.19,'NO','2006-09-07','2006-09-07',0,6,2,0,0,0,0,0,6,0,0,1,'2014-01-01',NULL,0,1,0,0,0,1,1,0,1,1,'2015-01-09',5990,0,'NO',0,0,0,0,'0'),(124,'6932245183023',0,'ORGANO ELECTRICO 3738S','ORGANO ELECTRICO',1,9,1,1,1,0,6500,9290,42.92,'NO','2006-09-07','2006-09-07',0,3,2,0,0,0,0,0,3,0,0,1,'2014-01-01',NULL,0,1,0,0,0,1,1,0,1,1,'2014-12-21',9290,0,'NO',0,0,0,0,'0'),(125,'2013058802456',0,'ORGANO ELECTRICO CON RADIO','ORGANO ELECTRICO',1,3,0,1,1,0,3800,5450,43.42,'NO','2006-09-07','2006-09-07',0,3,2,0,0,0,0,0,2,0,0,1,'2014-01-01',NULL,0,1,0,0,0,1,0,0,1,1,'2014-12-19',5450,0,'NO',0,0,0,0,'0'),(126,'6930001037009',0,'ORGANO A PILAS CON MICROFONO','ORGANO A PILAS C',1,9,1,1,1,0,4500,6450,43.33,'NO','2006-09-07','2006-09-07',0,3,2,0,0,0,0,0,3,0,0,1,'2014-01-01',NULL,0,1,0,0,0,1,1,0,1,1,'2014-12-23',6450,0,'NO',0,0,0,0,'0'),(127,'2013058801695',0,'ARCO NINJA','ARCO NINJA',1,9,1,1,1,0,1950,2790,43.08,'NO','2006-09-07','2006-09-07',0,12,3,0,0,0,0,0,13,0,0,1,'2014-01-01',NULL,0,1,0,0,0,1,1,0,1,1,'2015-03-21',2790,0,'NO',0,0,0,0,'0'),(128,'2013058801688',0,'ESCUDO NINJA','ESCUDO NINJA',1,9,1,1,1,0,1950,2790,43.08,'NO','2006-09-07','2006-09-07',0,12,3,0,0,0,0,0,12,0,0,1,'2014-01-01',NULL,0,1,0,0,0,1,1,0,1,1,'2015-03-28',2790,0,'NO',0,0,0,0,'0'),(129,'2013058801671',0,'NINJA ESPADAS','NINJA LINCHACO',1,9,1,1,1,0,1950,2790,43.08,'NO','2006-09-07','2006-09-07',0,12,2,0,0,0,0,0,10,0,0,1,'2014-01-01',NULL,0,1,0,0,0,1,1,0,1,1,'2015-03-28',2790,0,'NO',0,0,0,0,'0'),(130,'2014048800131',0,'ESPADA LASER','ESPADA LASER',1,9,1,1,1,0,630,950,50.79,'NO','2006-09-07','2006-09-07',0,12,3,0,0,0,0,0,12,0,0,1,'2014-01-01',NULL,0,1,0,0,0,1,1,0,1,1,'2015-03-28',950,0,'NO',0,0,0,0,'0'),(131,'2014058800018',0,'MATA PATO','MATA PATO',1,9,1,1,1,0,750,1090,45.33,'NO','2006-09-07','2006-09-07',0,12,3,0,0,0,0,0,8,0,0,1,'2014-01-01',NULL,0,1,0,0,0,1,1,0,1,1,'2014-12-24',1090,0,'NO',0,0,0,0,'0'),(132,'2013058802418',0,'SET NIÑA BARNEYS  DREAM LENTES','SET NIÑA BARNEYS',1,9,1,1,1,0,1200,1750,45.83,'NO','2006-09-07','2006-09-07',0,12,3,0,0,0,0,0,13,0,0,1,'2014-01-01',NULL,0,1,0,0,0,1,1,0,1,1,'2015-01-23',1750,0,'NO',0,0,0,0,'0'),(133,'2013058802401',0,'SET BELLEZA BARNEYS DREAM ALISADOR','SET BELLEZA BARN',1,9,1,1,1,0,1200,1750,45.83,'NO','2006-09-07','2006-09-07',0,12,3,0,0,0,0,0,11,0,0,1,'2014-01-01',NULL,0,1,0,0,0,1,1,0,1,1,'2014-12-24',1750,0,'NO',0,0,0,0,'0'),(134,'201358802555',0,'SET PESCA CHICA CONCHA','SET PESCA CHICA ',1,9,1,1,1,0,450,750,66.67,'NO','2006-09-07','2006-09-07',0,12,4,0,0,0,0,0,0,0,0,1,'2014-01-01',NULL,0,1,0,0,0,1,1,0,1,1,'2014-01-01',750,0,'NO',0,0,0,0,'0'),(135,'2013058802531',0,'SET PESCA TORTUGA','SET PESCA TORTUG',1,9,1,1,1,0,500,750,50.00,'NO','2006-09-07','2006-09-07',0,12,2,0,0,0,0,0,9,0,0,1,'2014-01-01',NULL,0,1,0,0,0,1,1,0,1,1,'2015-01-03',750,0,'NO',0,0,0,0,'0'),(136,'2013058800117',0,'CARTERA NIÑITA POLAR CON PULSERA','CARTERA NIÑITA P',1,9,1,1,1,0,650,980,50.77,'NO','2006-09-07','2006-09-07',0,12,3,0,0,0,0,0,11,0,0,1,'2014-01-01',NULL,0,1,0,0,0,1,1,0,1,1,'2015-02-20',980,0,'NO',0,0,0,0,'0'),(137,'137',0,'TELEFONO MUSICAL','TELEFONO MUSICAL',1,9,1,1,1,0,350,550,57.14,'NO','2006-09-07','2006-09-07',0,6,1,0,0,0,0,0,11,0,0,1,'2014-01-01',NULL,0,1,0,0,0,1,1,0,1,1,'2014-12-31',550,0,'NO',0,0,0,0,'0'),(138,'138',0,'TELEFONO ANIMALES','TELEFONO ANIMALE',1,9,1,1,1,0,500,750,50.00,'NO','2006-09-07','2006-09-07',0,6,1,0,0,0,0,0,12,0,0,1,'2014-01-01',NULL,0,1,0,0,0,1,1,0,1,1,'2014-12-24',750,0,'NO',0,0,0,0,'0'),(139,'6903514026785',0,'PISCINA MUÑECAS','PISCINA MUÑECAS',1,9,1,1,1,0,2500,3590,43.60,'NO','2006-09-07','2006-09-07',0,6,2,0,0,0,0,0,5,0,0,1,'2014-01-01',NULL,0,1,0,0,0,1,1,0,1,1,'2015-01-10',3590,0,'NO',0,0,0,0,'0'),(140,'6903514980209',0,'SALA DE BAÑO','SALA DE BAÑO',1,9,12,1,1,0,4600,7990,73.70,'NO','2006-09-07','2006-09-07',0,6,3,0,0,0,0,0,10,0,0,1,'2014-01-01',NULL,0,1,0,0,0,1,1,0,1,1,'2017-05-02',7990,0,'NO',0,0,0,0,'0'),(141,'6931561261118',0,'FLAUTA MELODICA','FLAUTA MELODICA',1,9,1,1,1,0,950,1450,52.63,'NO','2006-09-07','2006-09-07',0,12,3,0,0,0,0,0,11,0,0,1,'2014-01-01',NULL,0,1,0,0,0,1,1,0,1,1,'2014-12-24',1450,0,'NO',0,0,0,0,'0'),(142,'6933189300033',0,'ARMONICA 24 HOLES COLORES SURT.','ARMONICA',1,9,20,1,1,0,1650,2990,81.21,'NO','2006-09-07','2006-09-07',0,6,3,0,0,0,0,0,26,0,0,1,'2014-01-01',NULL,0,1,0,0,0,1,1,0,1,1,'2017-04-07',2990,0,'NO',0,0,0,0,'0'),(143,'6938168212116',0,'ACORDEON','ACORDEON',1,9,1,1,1,0,7900,12750,61.39,'NO','2006-09-07','2006-09-07',0,6,3,0,0,0,0,0,5,0,0,1,'2014-01-01',NULL,0,1,0,0,0,1,1,0,1,1,'2015-03-04',12750,0,'NO',0,0,0,0,'0'),(144,'1479658015008',0,'PANDERO','PANDERO',1,9,1,1,1,0,1050,1490,41.90,'NO','2006-09-07','2006-09-07',0,12,3,0,0,0,0,0,12,0,0,1,'2014-01-01',NULL,0,1,0,0,0,1,1,0,1,1,'2016-01-27',1490,0,'NO',0,0,0,0,'0'),(145,'2013058800414',0,'CUERDA DE SALTAR STAR SPORT','CUERDA DE SALTAR',1,9,1,1,1,0,420,750,78.57,'NO','2006-09-07','2006-09-07',0,24,1,0,0,0,0,0,27,0,0,1,'2014-01-01',NULL,0,1,0,0,0,1,1,0,1,1,'2015-03-14',750,0,'NO',0,0,0,0,'0'),(146,'2014048800087',0,'CUERDA DE SALTAR JUMP ROPE ( HENGDA)','CUERDA DE SALTAR',1,9,1,1,1,0,520,990,90.38,'NO','2006-09-07','2006-09-07',0,6,3,0,0,0,0,0,21,0,0,1,'2014-01-01',NULL,0,1,0,0,0,1,1,0,1,1,'2016-12-24',990,0,'NO',0,0,0,0,'0'),(147,'147',0,'SONAJERO ELEFANTE','SONAJERO ELEFANT',1,9,1,1,1,0,1550,2250,45.16,'NO','2006-09-07','2006-09-07',0,12,3,0,0,0,0,0,10,0,0,1,'2014-01-01',NULL,0,1,0,0,0,1,1,0,1,1,'2015-05-13',2250,0,'NO',0,0,0,0,'0'),(148,'2014048800247',0,'SONAJERO MANO Y PIE','SONAJERO MANO Y ',1,9,1,1,1,0,1100,1490,35.45,'NO','2006-09-07','2006-09-07',0,12,3,0,0,0,0,0,10,0,0,1,'2014-01-01',NULL,0,1,0,0,0,1,1,0,1,1,'2016-04-13',1490,0,'NO',0,0,0,0,'0'),(149,'2013081901171',0,'SONAJERO CUATRO PIEZAS AUTITO','SONAJERO CUATRO ',1,9,1,1,1,0,1100,1490,35.45,'NO','2006-09-07','2006-09-07',0,12,3,0,0,0,0,0,18,0,0,1,'2014-01-01',NULL,0,1,0,0,0,1,1,0,1,1,'2015-02-07',1490,0,'NO',0,0,0,0,'0'),(150,'201404880054',0,'SONAJERO CUATRO PIEZAS PATITO','SONAJERO CUATRO ',1,9,1,1,1,0,1100,1490,35.45,'NO','2006-09-07','2006-09-07',0,12,3,0,0,0,0,0,7,0,0,1,'2014-01-01',NULL,0,1,0,0,0,1,1,0,1,1,'2015-05-07',1490,0,'NO',0,0,0,0,'0'),(151,'2013058801510',0,'SONAJERO MAMADERA','SONAJERO MAMADER',1,9,1,1,1,0,1350,1950,44.44,'NO','2006-09-07','2006-09-07',0,24,3,0,0,0,0,0,22,0,0,1,'2014-01-01',NULL,0,1,0,0,0,1,1,0,1,1,'2015-03-12',1950,0,'NO',0,0,0,0,'0'),(152,'2013058802197',0,'MOVIL MUSICAL GRANDE OSITO','MOVIL MUSICAL GR',1,9,1,1,1,0,3600,5150,43.06,'NO','2006-09-07','2006-09-07',0,3,1,0,0,0,0,0,3,0,0,1,'2014-01-01',NULL,0,1,0,0,0,1,1,0,1,1,'2014-12-23',5150,0,'NO',0,0,0,0,'0'),(153,'2013058800858',0,'DIDACTICO MUSICAL MONO DE NIEVE','DIDACTICO MUSICA',1,9,1,1,1,0,1200,1750,45.83,'NO','2006-09-07','2006-09-07',0,24,4,0,0,0,0,0,23,0,0,1,'2014-01-01',NULL,0,1,0,0,0,1,1,0,1,1,'2015-03-23',1750,0,'NO',0,0,0,0,'0'),(154,'154',0,'BOLSA DE SONAJEROS','BOLSA DE SONAJER',1,9,1,1,1,0,750,1150,53.33,'NO','2006-09-07','2006-09-07',0,24,3,0,0,0,0,0,24,0,0,1,'2014-01-01',NULL,0,1,0,0,0,1,1,0,1,1,'2015-03-10',1150,0,'NO',0,0,0,0,'0'),(155,'6934246587879',0,'RETROEXCAVADORA PLAYERA','RETROEXCAVADORA ',1,9,1,1,1,0,2900,4150,43.10,'NO','2006-09-07','2006-09-07',0,12,3,0,0,0,0,0,6,0,0,1,'2014-01-01',NULL,0,1,0,0,0,1,1,0,1,1,'2015-04-17',4150,0,'NO',0,0,0,0,'0'),(156,'156',0,'PELOTA GOMA','PELOTA GOMA',1,9,1,1,1,0,350,590,68.57,'NO','2006-09-07','2006-09-07',0,36,3,0,0,0,0,0,56,0,0,1,'2014-01-01',NULL,0,1,0,0,0,1,1,0,1,1,'2017-05-02',590,0,'NO',0,0,0,0,'0'),(157,'2013058801893',0,'ELEFANTE MUSICAL','ELEFANTE MUSICAL',1,9,1,1,1,0,1350,1950,44.44,'NO','2006-09-07','2006-09-07',0,6,3,0,0,0,0,0,5,0,0,1,'2014-01-01',NULL,0,1,0,0,0,1,1,0,1,1,'2014-12-21',1950,0,'NO',0,0,0,0,'0'),(158,'2013058801909',0,'OSITO MUSICAL','OSITO MUSICAL',1,9,1,1,1,0,1350,1950,44.44,'NO','2006-09-07','2006-09-07',0,6,1,0,0,0,0,0,5,0,0,1,'2014-01-01',NULL,0,1,0,0,0,1,1,0,1,1,'2014-12-23',1950,0,'NO',0,0,0,0,'0'),(159,'7460010071651',0,'PELOTA PLEGABLE','PELOTA PLEGABLE',1,9,1,1,1,0,600,890,48.33,'NO','2006-09-07','2006-09-07',0,12,3,0,0,0,0,0,11,0,0,1,'2014-01-01',NULL,0,1,0,0,0,1,1,0,1,1,'2014-12-24',890,0,'NO',0,0,0,0,'0'),(160,'160',0,'TREN DE GUERRA EXPRESS','TREN DE GUERRA E',1,9,1,1,1,0,3800,5250,38.16,'NO','2006-09-07','2006-09-07',0,5,2,0,0,0,0,0,4,0,0,1,'2014-01-01',NULL,0,1,0,0,0,1,1,0,1,1,'2014-12-24',5250,0,'NO',0,0,0,0,'0'),(161,'2014048800209',0,'CASA HAPPY FAMILY','CASA HAPPY FAMIL',1,9,1,1,1,0,1300,1890,45.38,'NO','2006-09-07','2006-09-07',0,6,3,0,0,0,0,0,5,0,0,1,'2014-01-01',NULL,0,1,0,0,0,1,1,0,1,1,'2015-02-16',1890,0,'NO',0,0,0,0,'0'),(162,'6949663225846',0,'MUCHILA LEGO 152 PIESAS','MUCHILA LEGO 152',1,9,1,1,1,0,3600,5150,43.06,'NO','2006-09-07','2006-09-07',0,6,2,0,0,0,0,0,5,0,0,1,'2014-01-01',NULL,0,1,0,0,0,1,1,0,1,1,'2015-04-10',5150,0,'NO',0,0,0,0,'0'),(163,'6949663225860',0,'MOCHILA LEGO 132 PIESAS','MOCHILA LEGO 132',1,9,1,1,1,0,2950,4350,47.46,'NO','2006-09-07','2006-09-07',0,6,2,0,0,0,0,0,7,0,0,1,'2014-01-01',NULL,0,1,0,0,0,1,1,0,1,1,'2015-04-10',4350,0,'NO',0,0,0,0,'0'),(164,'2013058801664',0,'MOCHILA LEGO 98 PIESAS','MOCHILA LEGO 98 ',1,9,1,1,1,0,2500,3590,43.60,'NO','2006-09-07','2006-09-07',0,6,3,0,0,0,0,0,7,0,0,1,'2014-01-01',NULL,0,1,0,0,0,1,1,0,1,1,'2016-07-27',3590,0,'NO',0,0,0,0,'0'),(165,'2013058801473',0,'JUEGO DE TE EN BOLSA','JUEGO DE TE EN B',1,9,1,1,1,0,1200,1750,45.83,'NO','2006-09-07','2006-09-07',0,24,3,0,0,0,0,0,22,0,0,1,'2014-01-01',NULL,0,1,0,0,0,1,1,0,1,1,'2014-12-22',1750,0,'NO',0,0,0,0,'0'),(166,'2013058802616',0,'JUEGO DE OLLAS','JUEGO DE OLLAS',1,9,1,1,1,0,990,1450,46.46,'NO','2006-09-07','2006-09-07',0,12,3,0,0,0,0,0,12,0,0,1,'2014-01-01',NULL,0,1,0,0,0,1,1,0,1,1,'2014-12-24',1450,0,'NO',0,0,0,0,'0'),(167,'2013058801527',0,'SET DE TE 9 PIESAS','SET DE TE 9 PIES',1,9,1,1,1,0,1200,1750,45.83,'NO','2006-09-07','2006-09-07',0,24,4,0,0,0,0,0,24,0,0,1,'2014-01-01',NULL,0,1,0,0,0,1,1,0,1,1,'2015-02-10',1750,0,'NO',0,0,0,0,'0'),(168,'5203754004668',0,'BABY DARLING GATEADORA','BABY DARLING GAT',1,9,1,1,1,0,1490,2150,44.30,'NO','2006-09-07','2006-09-07',0,36,4,0,0,0,0,0,43,0,0,1,'2014-01-01',NULL,0,1,0,0,0,1,1,0,1,1,'2015-03-06',2150,0,'NO',0,0,0,0,'0'),(169,'169',0,'HELICOPTERO CONTROL REMOTO LH 8086','HELICOPTERO CONT',1,9,1,1,1,0,13800,18650,35.14,'NO','2006-09-07','2006-09-07',0,6,3,0,0,0,0,0,4,0,0,1,'2014-01-01',NULL,0,1,0,0,0,1,1,0,1,1,'2015-01-02',18650,0,'NO',0,0,0,0,'0'),(170,'170',0,'HELICOPTERO CONTROLREMOTO GS 330','HELICOPTERO CONT',1,9,1,1,1,0,19900,26950,35.43,'NO','2006-09-07','2006-09-07',0,6,3,0,0,0,0,0,7,0,0,1,'2014-01-01',NULL,0,1,0,0,0,1,1,0,1,1,'2015-12-23',26950,0,'NO',0,0,0,0,'0'),(171,'2013058800544',0,'CUBO RUBIK S CUBE','CUBO RUBIK S CUB',1,9,1,1,1,0,317,450,41.96,'NO','2006-09-07','2006-09-07',0,6,3,0,0,0,0,0,64,0,0,1,'2014-01-01',NULL,0,1,0,0,0,1,1,0,1,1,'2015-03-04',450,0,'NO',0,0,0,0,'0'),(172,'6980113681607',0,'PALETA DE PIN PONG','PALETA DE PIN PO',1,9,1,1,1,0,1650,2250,36.36,'NO','2006-09-07','2006-09-07',0,12,3,0,0,0,0,0,14,0,0,1,'2014-01-01',NULL,0,1,0,0,0,1,1,0,1,1,'2016-12-24',2250,0,'NO',0,0,0,0,'0'),(173,'173',0,'AUTO STUNT GIRATORIO','AUTO STUNT GIRAT',1,9,1,1,1,0,4800,6750,40.62,'NO','2006-09-07','2006-09-07',0,6,3,0,0,0,0,0,11,0,0,1,'2014-01-01',NULL,0,1,0,0,0,1,1,0,1,1,'2014-12-31',6750,0,'NO',0,0,0,0,'0'),(174,'2013081900464',0,'CASA DULCE HOGAR','CASA DULCE HOGAR',1,9,1,1,1,0,7900,11250,42.41,'NO','2006-09-07','2006-09-07',0,4,2,0,0,0,0,0,3,0,0,1,'2014-01-01',NULL,0,1,0,0,0,1,1,0,1,1,'2015-01-16',11250,0,'NO',0,0,0,0,'0'),(175,'6934247517028',0,'MUÑECA PELUQUERA MY BABY FASCHION DOLL','MUÑECA PELUQUERA',1,9,1,1,1,0,12375,17650,42.63,'NO','2006-09-07','2006-09-07',0,2,1,0,0,0,0,0,0,0,0,1,'2014-01-01',NULL,0,1,0,0,0,1,1,0,1,1,'2014-01-01',17650,0,'NO',0,0,0,0,'0'),(176,'176',0,'BALDES PLAYEROS','BALDES PLAYEROS',1,9,1,1,1,0,600,890,48.33,'NO','2006-09-07','2006-09-07',0,12,3,0,0,0,0,0,1,0,0,1,'2014-01-01',NULL,0,1,0,0,0,1,1,0,1,1,'2015-02-06',890,0,'NO',0,0,0,0,'0'),(177,'177',0,'PERRO DE ROPA','PERRO DE ROPA',1,9,1,1,1,0,320,590,84.38,'NO','2006-09-07','2006-09-07',0,144,5,0,0,0,0,0,0,0,0,1,'2014-01-01',NULL,0,1,0,0,0,1,1,0,1,1,'2014-01-01',590,0,'NO',0,0,0,0,'0'),(178,'6420650018578',0,'PERRO DE ROPA PLASTICO','PERRO DE ROPA PL',1,9,1,1,1,0,320,590,84.38,'NO','2006-09-07','2006-09-07',0,144,1,0,0,0,0,0,0,0,0,1,'2014-01-01',NULL,0,1,0,0,0,1,24,0,1,1,'2014-01-01',590,0,'NO',0,0,0,0,'0'),(179,'9348810043123',0,'SET DE AUTO 6 PZ EN CAJA HOT SPEED','SET DE AUTO 6 PZ',1,9,1,1,1,0,700,1090,55.71,'NO','2006-09-07','2006-09-07',0,24,1,0,0,0,0,0,21,0,0,1,'2014-01-01',NULL,0,1,0,0,0,1,1,0,1,1,'2014-12-22',1090,0,'NO',0,0,0,0,'0'),(180,'9346293001104',0,'CAMION BOMBERO A PILA','CAMION BOMBERO A',1,9,1,1,1,0,1500,2290,52.67,'NO','2006-09-07','2006-09-07',0,24,2,0,0,0,0,0,27,0,0,1,'2014-01-01',NULL,0,1,0,0,0,1,1,0,1,1,'2015-12-24',2290,0,'NO',0,0,0,0,'0'),(181,'9391870014558',0,'ROBOT PEACEFUL CON LUZ','ROBOT PEACEFUL C',1,9,1,1,1,0,850,1290,51.76,'NO','2006-09-07','2006-09-07',0,12,1,0,0,0,0,0,12,0,0,1,'2014-01-01',NULL,0,1,0,0,0,1,1,0,1,1,'2014-12-24',1290,0,'NO',0,0,0,0,'0'),(182,'9387292001511',0,'BATERIA DE COCINA EN DISPLAY ROJA','BATERIA DE COCIN',1,9,1,1,1,0,1250,2390,91.20,'NO','2006-09-07','2006-09-07',0,12,2,0,0,0,0,0,12,0,0,1,'2014-01-01',NULL,0,1,0,0,0,1,1,0,1,1,'2015-12-24',2390,0,'NO',0,0,0,0,'0'),(183,'586000794410',0,'CARRO BOMBERO A FRICCION','CARRO BOMBERO A ',1,9,1,1,1,0,1800,2990,66.11,'NO','2006-09-07','2006-09-07',0,96,2,0,0,0,0,0,111,0,0,1,'2014-01-01',NULL,0,1,0,0,0,1,1,0,1,1,'2015-05-08',2990,0,'NO',0,0,0,0,'0'),(184,'1008134001336',0,'HELICOPTERO MILITAR A PILA','HELICOPTERO MILI',1,9,1,1,1,0,2500,3990,59.60,'NO','2006-09-07','2006-09-07',0,6,3,0,0,0,0,0,61,0,0,1,'2014-01-01',NULL,0,1,0,0,0,1,1,0,1,1,'2017-04-07',3990,0,'NO',0,0,0,0,'0'),(185,'9347100013112',0,'AUTO DEPORTIVO A CONTROL REMOTO','AUTO DEPORTIVO A',1,9,1,1,1,0,1650,2490,50.91,'NO','2006-09-07','2006-09-07',0,30,2,0,0,0,0,0,30,0,0,1,'2014-01-01',NULL,0,1,0,0,0,1,1,0,1,1,'2014-12-22',2490,0,'NO',0,0,0,0,'0'),(186,'586000794472',0,'SET DE CASCABEL 7 PZ','SET DE CASCABEL ',1,9,1,1,1,0,1500,2590,72.67,'NO','2006-09-07','2006-09-07',0,30,0,0,0,0,0,0,35,0,0,1,'2014-01-01',NULL,0,1,0,0,0,1,1,0,1,1,'2016-12-24',2590,0,'NO',0,0,0,0,'0'),(187,'9389115000534',0,'SET DE COCINA MULTIFUNCUONAL','SET DE COCINA MU',1,9,1,1,1,0,12500,19990,59.92,'NO','2006-09-07','2006-09-07',0,6,2,0,0,0,0,0,1,0,0,1,'2014-01-01',NULL,0,1,0,0,0,1,1,0,1,1,'2015-01-08',19990,0,'NO',0,0,0,0,'0'),(188,'2013081900853',0,'CARRETILLA CON ACCESORIOS','CARRETILLA CON A',1,9,1,1,1,0,3500,4950,41.43,'NO','2006-09-07','2006-09-07',0,12,0,0,0,0,0,0,10,0,0,1,'2014-01-01',NULL,0,1,0,0,0,1,1,0,1,1,'2017-04-17',4950,0,'NO',0,0,0,0,'0'),(189,'9408940023720',0,'TELEFONO  PERRITO','TELEFONO  PERRIT',1,9,1,1,1,0,1800,2790,55.00,'NO','2006-09-07','2006-09-07',0,24,2,0,0,0,0,0,23,0,0,1,'2014-01-01',NULL,0,1,0,0,0,1,1,0,1,1,'2015-01-28',2790,0,'NO',0,0,0,0,'0'),(190,'110808094948',0,'TREN NUMERICO MADERA SMALL TRAIN','TREN NUMERICO MA',1,9,1,1,1,0,750,1390,85.33,'NO','2006-09-07','2006-09-07',0,24,2,0,0,0,0,0,64,0,0,1,'2014-01-01',NULL,0,1,0,0,0,1,1,0,1,1,'2016-06-15',1390,0,'NO',0,0,0,0,'0'),(191,'110808095068',0,'BUS DIDACTICO DE MADERA','BUS DIDACTICO DE',1,9,1,1,1,0,2000,2990,49.50,'NO','2006-09-07','2006-09-07',0,26,0,0,0,0,0,0,20,0,0,1,'2014-01-01',NULL,0,1,0,0,0,1,1,0,1,1,'2015-04-25',2990,0,'NO',0,0,0,0,'0'),(192,'110808095013',0,'SET FIGURA GEOMETRICA MADERA','SET FIGURA GEOME',1,9,1,1,1,0,2000,2990,49.50,'NO','2006-09-07','2006-09-07',0,24,3,0,0,0,0,0,5,0,0,1,'2014-01-01',NULL,0,1,0,0,0,1,1,0,1,1,'2015-04-07',2990,0,'NO',0,0,0,0,'0'),(193,'110808094962',0,'DIDACTICO CASITA DE MADERA','DIDACTICO CASITA',1,9,1,1,1,0,850,1290,51.76,'NO','2006-09-07','2006-09-07',0,24,1,0,0,0,0,0,19,0,0,1,'2014-01-01',NULL,0,1,0,0,0,1,1,0,1,1,'2015-04-17',1290,0,'NO',0,0,0,0,'0'),(194,'110808095051',0,'CAJITA DIDACTICA DE MADERA','CAJITA DIDACTICA',1,9,1,1,1,0,950,1490,56.84,'NO','2006-09-07','2006-09-07',0,24,1,0,0,0,0,0,22,0,0,1,'2014-01-01',NULL,0,1,0,0,0,1,1,0,1,1,'2015-04-08',1490,0,'NO',0,0,0,0,'0'),(195,'110808094979',0,'DIDACTICO CILINDRO MADERA','DIDACTICO CILIND',1,9,1,1,1,0,1000,1590,59.00,'NO','2006-09-07','2006-09-07',0,24,3,0,0,0,0,0,26,0,0,1,'2014-01-01',NULL,0,1,0,0,0,1,1,0,1,1,'2015-12-16',1590,0,'NO',0,0,0,0,'0'),(196,'110808094955',0,'JUEGO DE MARTILLO MADERA','JUEGO DE MARTILL',1,9,1,1,1,0,750,1290,72.00,'NO','2006-09-07','2006-09-07',0,24,2,0,0,0,0,0,11,0,0,1,'2014-01-01',NULL,0,1,0,0,0,1,1,0,1,1,'2015-04-17',1290,0,'NO',0,0,0,0,'0'),(197,'110808094993',0,'CAJITA DIDACTICA DE MADERA','CAJITA DIDACTICS',1,9,1,1,1,0,1750,1850,5.71,'NO','2006-09-07','2006-09-07',0,24,3,0,0,0,0,0,20,0,0,1,'2014-01-01',NULL,0,1,0,0,0,1,1,0,1,1,'2016-01-02',1850,0,'NO',0,0,0,0,'0'),(198,'110808094986',0,'TREN DIDACTICO DE MADERA','TREN DIDACTICO D',1,9,1,1,1,0,1000,1590,59.00,'NO','2006-09-07','2006-09-07',0,21,2,0,0,0,0,0,27,0,0,1,'2014-01-01',NULL,0,1,0,0,0,1,1,0,1,1,'2015-12-23',1590,0,'NO',0,0,0,0,'0'),(199,'110808095044',0,'DIDACTICO DE MADERA CON FORMA GEOMETRICA','DIDACTICO DE MAD',1,9,1,1,1,0,1250,1890,51.20,'NO','2006-09-07','2006-09-07',0,24,2,0,0,0,0,0,24,0,0,1,'2014-01-01',NULL,0,1,0,0,0,1,1,0,1,1,'2015-05-11',1890,0,'NO',0,0,0,0,'0'),(200,'110808095006',0,'ABACO DE MADERA','ABACO DE MADERA',1,9,1,1,1,0,1200,1890,57.50,'NO','2006-09-07','2006-09-07',0,24,2,0,0,0,0,0,13,0,0,1,'2014-01-01',NULL,0,1,0,0,0,1,1,0,1,1,'2015-05-07',1890,0,'NO',0,0,0,0,'0'),(201,'697171633940',0,'BICICLETA ARO 20','BICICLETA ARO 20',1,9,1,1,1,0,34000,49990,47.03,'NO','2006-09-07','2006-09-07',0,6,2,0,0,0,0,0,12,0,0,0,'2014-01-01',NULL,0,1,0,0,0,1,1,0,1,1,'2015-12-22',49990,0,'NO',0,0,0,0,'0'),(202,'7659528360382',0,'BICICLETA ARO 24 HOMBRE','BICICLETA ARO 24',1,9,1,1,1,0,47000,79990,70.19,'NO','2006-09-07','2006-09-07',0,2,0,0,0,0,0,0,8,0,0,1,'2014-01-01',NULL,0,1,0,0,0,1,1,0,1,1,'2016-11-14',79990,0,'NO',0,0,0,0,'0'),(203,'765952836099',0,'BICICLETA ARO 24 HOMBRE','BICICLETA ARO 24',1,9,1,1,1,0,47000,69990,48.91,'NO','2006-09-07','2006-09-07',0,1,0,0,0,0,0,0,2,0,0,0,'2014-01-01',NULL,0,1,0,0,0,1,1,0,1,1,'2015-04-14',69990,0,'NO',0,0,0,0,'0'),(204,'7659528386610',0,'BICICLETA ARO 26 CONSUSPENCION','BICICLETA ARO 26',1,9,1,1,1,0,54000,89990,66.65,'NO','2006-09-07','2006-09-07',0,4,2,0,0,0,0,0,9,0,0,1,'2014-01-01',NULL,0,1,0,0,0,1,1,0,1,1,'2016-02-03',89990,0,'NO',0,0,0,0,'0'),(205,'205',0,'MUÑECA CON VESTIDOS WILDLITE FASHION GIRL','MUÑECA CON VESTI',1,9,1,1,1,0,5500,7890,43.45,'NO','2006-09-07','2006-09-07',0,12,2,0,0,0,0,0,12,0,0,1,'2014-01-01',NULL,0,1,0,0,0,1,1,0,1,1,'2014-12-24',7890,0,'NO',0,0,0,0,'0'),(206,'9385460094495',0,'SET DE COCINA 17 PIEZAS','SET DE COCINA 17',1,9,1,1,1,0,1400,2290,63.57,'NO','2006-09-07','2006-09-07',0,12,0,0,0,0,0,0,24,0,0,1,'2014-01-01',NULL,0,1,0,0,0,1,1,0,1,1,'2015-12-19',2290,0,'NO',0,0,0,1,'0'),(207,'2900508611846',0,'SET DE PALETA PING PONG CON MALLA','SET DE PALETA PI',1,9,1,1,1,0,900,1390,54.44,'NO','2006-09-07','2006-09-07',0,12,0,0,0,0,0,0,20,0,0,1,'2014-01-01',NULL,0,1,0,0,0,1,1,0,1,1,'2015-12-16',1390,0,'NO',0,0,0,1,'0'),(208,'586000786248',0,'PALA PLAYA CON MANGO DE MADERA','PALA PLAYA CON M',1,9,1,1,1,0,500,790,58.00,'NO','2006-09-07','2006-09-07',0,12,0,0,0,0,0,0,12,0,0,1,'2014-01-01',NULL,0,1,0,0,0,1,1,0,1,1,'2015-05-13',790,0,'NO',0,0,0,0,'0'),(209,'58600786231',0,'RASTRILLO PLAYA MANGO PLASTICO','RASTRILLO PLAYA ',1,9,1,1,1,0,500,790,58.00,'NO','2006-09-07','2006-09-07',0,12,0,0,0,0,0,0,8,0,0,1,'2014-01-01',NULL,0,1,0,0,0,1,1,0,1,1,'2017-05-02',790,0,'NO',0,0,0,0,'0'),(210,'586000786224',0,'PALA PLAYA MANGO PLASTICO','PALA PLAYA MANGO',1,9,1,1,1,0,500,790,58.00,'NO','2006-09-07','2006-09-07',0,12,3,0,0,0,0,0,14,0,0,1,'2014-01-01',NULL,0,1,0,0,0,1,1,0,1,1,'2015-03-31',790,0,'NO',0,0,0,0,'0'),(211,'586000794342',0,'SET DIDACTICO 31 PZ FORMA DE CONTAINER','SET DIDACTICO 31',1,9,1,1,1,0,3000,4990,66.33,'NO','2006-09-07','2006-09-07',0,18,2,0,0,0,0,0,26,0,0,1,'2014-01-01',NULL,0,1,0,0,0,1,1,0,1,1,'2017-04-08',4990,0,'NO',0,0,0,0,'0'),(212,'9361400153255',0,'PISTOLA LANZA AGUA WATER GUM ATACK','PISTOLA LANZA AG',1,9,12,1,1,0,2700,4290,58.89,'NO','2006-09-07','2006-09-07',0,60,3,0,0,0,0,0,46,0,0,1,'2014-01-01',NULL,0,1,0,0,0,1,1,0,1,1,'2017-01-26',4290,0,'NO',0,0,0,0,'0'),(213,'9366870488302',0,'PISTOLA LANZA AGUA HH DREAM','PISTOLA LANZA AG',1,9,18,1,1,0,2700,4290,58.89,'NO','2006-09-07','2006-09-07',0,54,2,0,0,0,0,0,43,0,0,1,'2014-01-01',NULL,0,1,0,0,0,1,1,0,1,1,'2016-06-11',4290,0,'NO',0,0,0,0,'0'),(214,'9359400150237',0,'PISTOLA LANZA AGUA AIM WATERGUM SHOOTING','PISTOLA LANZA AG',1,9,12,1,1,0,2700,4290,58.89,'NO','2006-09-07','2006-09-07',0,60,1,0,0,0,0,0,33,0,0,1,'2014-01-01',NULL,0,1,0,0,0,1,1,0,1,1,'2015-12-24',4290,0,'NO',0,0,0,0,'0'),(215,'9363400139277',0,'PISTOLA LANZA AGUA ','PISTOLA LANZA AG',1,9,24,1,1,0,2450,3990,62.86,'NO','2006-09-07','2006-09-07',0,48,3,0,0,0,0,0,47,0,0,1,'2014-01-01',NULL,0,1,0,0,0,1,1,0,1,1,'2015-12-24',3990,0,'NO',0,0,0,0,'0'),(216,'586000794175',0,'CORRE PASILLO FORMA DE MOTO','CORRE PASILLO FO',1,9,1,1,1,0,9000,14990,66.56,'NO','2006-09-07','2006-09-07',0,12,1,0,0,0,0,0,13,0,0,1,'2014-01-01',NULL,0,1,0,0,0,1,1,0,1,1,'2016-02-09',14990,0,'NO',0,0,0,0,'0'),(217,'586000794533',0,'SET DE PERCUSION A PILA','SET DE PERCUSION',1,9,1,1,1,0,10500,15750,50.00,'NO','2006-09-07','2006-09-07',0,1,1,0,0,0,0,0,1,0,0,1,'2014-01-01',NULL,0,1,0,0,0,1,1,0,1,1,'2015-03-17',15750,0,'NO',0,0,0,0,'0'),(218,'9395500098598',0,'SET DE BATERIA GRANDE','SET DE BATERIA G',1,9,1,1,1,0,14500,24990,72.34,'NO','2006-09-07','2006-09-07',0,3,2,0,0,0,0,0,2,0,0,1,'2014-01-01',NULL,0,1,0,0,0,1,1,0,1,1,'2015-04-13',24990,0,'NO',0,0,0,0,'0'),(219,'586000794335',0,'CARRO DIDACTICO EN MALLA PLAYA','CARRO DIDACTICO ',1,9,1,1,1,0,1400,2190,56.43,'NO','2006-09-07','2006-09-07',0,10,2,0,0,0,0,0,8,0,0,1,'2014-01-01',NULL,0,1,0,0,0,1,1,0,1,1,'2014-12-24',2190,0,'NO',0,0,0,0,'0'),(220,'586000794397',0,'MOTO WORLD 9 PIEZAS','MOTO WORLD 9 PIE',1,9,1,1,1,0,1100,1990,80.91,'NO','2006-09-07','2006-09-07',0,72,2,0,0,0,0,0,76,0,0,1,'2014-01-01',NULL,0,1,0,0,0,1,1,0,1,1,'2015-05-02',1990,0,'NO',0,0,0,0,'0'),(221,'9388690061527',0,'SET DE COCINA EN CAJA','SET DE COCINA EN',1,9,1,1,1,0,1650,2490,50.91,'NO','2006-09-07','2006-09-07',0,12,2,0,0,0,0,0,12,0,0,1,'2014-01-01',NULL,0,1,0,0,0,1,1,0,1,1,'2016-01-11',2490,0,'NO',0,0,0,0,'0'),(222,'9407204000712',0,'MAQUINQ D ECOCER A PILA LITLE MASTER','MAQUINQ D ECOCER',1,9,1,1,1,0,2250,3390,50.67,'NO','2006-09-07','2006-09-07',0,12,1,0,0,0,0,0,9,0,0,1,'2014-01-01',NULL,0,1,0,0,0,1,1,0,1,1,'2015-02-02',3390,0,'NO',0,0,0,0,'0'),(223,'586000794564',0,'ROBOT TRANSFORME CAMBIABLE','ROBOT CAMB',1,9,1,1,1,0,2500,4590,83.60,'NO','2006-09-07','2006-09-07',0,72,1,0,0,0,0,0,102,0,0,1,'2014-01-01',NULL,0,1,0,0,0,1,1,0,1,1,'2015-05-12',4590,0,'NO',0,0,0,0,'0'),(224,'9352530004166',0,'SET DE MOTO 3 PZ EN TUBO','SET DE MOTO 3 PZ',1,9,1,1,1,0,600,990,65.00,'NO','2006-09-07','2006-09-07',0,24,3,0,0,0,0,0,20,0,0,1,'2014-01-01',NULL,0,1,0,0,0,1,1,0,1,1,'2014-12-23',990,0,'NO',0,0,0,0,'0'),(225,'9357360038213',0,'AVION DIDACTICO','AVION DIDACTICO',1,9,1,1,1,0,1250,1890,51.20,'NO','2006-09-07','2006-09-07',0,12,2,0,0,0,0,0,12,0,0,1,'2014-01-01',NULL,0,1,0,0,0,1,1,0,1,1,'2015-03-07',1890,0,'NO',0,0,0,0,'0'),(226,'9375100870398',0,'MAQUINA PORTA CARRO CON ACCESORIOS EN MALLA','MAQUINA PORTA CA',1,9,1,1,1,0,3850,3390,-11.95,'NO','2006-09-07','2006-09-07',0,12,1,0,0,0,0,0,65,0,0,1,'2014-01-01',NULL,0,1,0,0,0,1,1,0,1,1,'2017-05-02',3390,0,'NO',0,0,0,0,'0'),(227,'586000794441',0,'CAMION CONTAINER A FRICCION','CAMION CONTAINER',1,9,12,1,1,0,3300,4990,51.21,'NO','2006-09-07','2006-09-07',0,96,1,0,0,0,0,0,111,0,0,1,'2014-01-01',NULL,0,1,0,0,0,1,1,0,1,1,'2015-05-08',4990,0,'NO',0,0,0,0,'0'),(228,'586000794212',0,'BUS CON LUZ Y MUSICA A PILA','BUS CON LUZ Y MU',1,9,18,1,1,0,2000,3590,79.50,'NO','2006-09-07','2006-09-07',0,108,1,0,0,0,0,0,90,0,0,1,'2014-01-01',NULL,0,1,0,0,0,1,1,0,1,1,'2017-03-14',3590,0,'NO',0,0,0,0,'0'),(229,'586000794182',0,'CORRE PASILLO MONITOS','CORRE PASILLO MO',1,9,1,1,1,0,7500,12990,73.20,'NO','2006-09-07','2006-09-07',0,12,2,0,0,0,0,0,13,0,0,1,'2014-01-01',NULL,0,1,0,0,0,1,1,0,1,1,'2016-01-14',12990,0,'NO',0,0,0,0,'0'),(230,'586000794151',0,'CORRE PASILLO FORMA RETROESCABADORA','CORRE PASILLO FO',1,9,1,1,1,0,12500,18900,51.20,'NO','2006-09-07','2006-09-07',0,1,1,0,0,0,0,0,1,0,0,1,'2014-01-01',NULL,0,1,0,0,0,1,1,0,1,1,'2014-12-24',18900,0,'NO',0,0,0,0,'0'),(231,'6900000068434',0,'CORRE PASILLO RETRO ESCABADORAPEQUEÑA','CORRE PASILLO RE',1,9,1,1,1,0,10500,17990,71.33,'NO','2006-09-07','2006-09-07',0,10,1,0,0,0,0,0,10,0,0,1,'2014-01-01',NULL,0,1,0,0,0,1,1,0,1,1,'2014-12-26',17990,0,'NO',0,0,0,0,'0'),(232,'586000794540',0,'SET DE CAMIONETA 12 PZ EN CAJA','SET DE CAMIONETA',1,9,1,1,1,0,945,1450,53.44,'NO','2006-09-07','2006-09-07',0,12,2,0,0,0,0,0,10,0,0,1,'2014-01-01',NULL,0,1,0,0,0,1,1,0,1,1,'2014-12-19',1450,0,'NO',0,0,0,0,'0'),(233,'586000794199',0,'TRICICLO NIÑOS','TRICICLO NIÑOS',1,9,1,1,1,0,10000,14990,49.90,'NO','2006-09-07','2006-09-07',0,4,1,0,0,0,0,0,3,0,0,1,'2014-01-01',NULL,0,1,0,0,0,1,1,0,1,1,'2015-05-09',14990,0,'NO',0,0,0,0,'0'),(234,'9403280004675',0,'LAMPARA LED RECARGABLE VAQUITA','LAMPARA LED RECA',1,9,1,1,1,0,3500,5250,50.00,'NO','2006-09-07','2006-09-07',0,12,1,0,0,0,0,0,10,0,0,1,'2014-01-01',NULL,0,1,0,0,0,1,1,0,1,1,'2015-04-07',5250,0,'NO',0,0,0,0,'0'),(235,'9402280001660',0,'LAMPARA LED MONITO','LAMPARA LED MONI',1,9,1,1,1,0,3000,4590,53.00,'NO','2006-09-07','2006-09-07',0,12,1,0,0,0,0,0,10,0,0,1,'2014-01-01',NULL,0,1,0,0,0,1,1,0,1,1,'2015-02-24',4590,0,'NO',0,0,0,0,'0'),(236,'9404280005686',0,'LAMPARA RECARGABLE CARACOL','LAMPARA RECARGAB',1,9,1,1,1,0,2000,3290,64.50,'NO','2006-09-07','2006-09-07',0,12,1,0,0,0,0,0,10,0,0,1,'2014-01-01',NULL,0,1,0,0,0,1,1,0,1,1,'2014-12-23',3290,0,'NO',0,0,0,0,'0'),(237,'9358360037220',0,'MOTO DIDACTICA PLASTICA','MOTO DIDACTICA P',1,9,24,1,1,0,1000,1590,59.00,'NO','2006-09-07','2006-09-07',0,24,0,0,0,0,0,0,23,0,0,1,'2014-01-01',NULL,0,1,0,0,0,1,1,0,1,1,'2014-12-31',1590,0,'NO',0,0,0,0,'0'),(238,'586000794649',0,'PUZZLE MADERA ABCDARIO','PUZZLE MADERA AB',1,9,24,1,1,0,600,1890,215.00,'NO','2006-09-07','2006-09-07',0,24,1,0,0,0,0,0,19,0,0,1,'2014-01-01',NULL,0,1,0,0,0,1,1,0,1,1,'2015-04-25',1890,0,'NO',0,0,0,0,'0'),(239,'586000778144',0,'MUÑECA MUSICAL BABYSWEET','MUÑECA MUSICAL B',1,9,21,1,1,0,2600,5990,130.38,'NO','2006-09-07','2006-09-07',0,21,0,0,0,0,0,0,18,0,0,1,'2014-01-01',NULL,0,1,0,0,0,1,1,0,1,1,'2014-12-24',5990,0,'NO',0,0,0,0,'0'),(240,'240',0,'SET DE BEBE MELAMINA','SET DE BEBE MELA',1,9,12,1,1,0,1100,1490,35.45,'NO','2006-09-07','2006-09-07',0,12,2,0,0,0,0,0,10,0,0,1,'2014-01-01',NULL,0,1,0,0,0,1,1,0,1,1,'2015-01-30',1490,0,'NO',0,0,0,0,'0'),(241,'2015031300041',0,'HONGO AMARILLO 62 PIEZAS','HONGO AMARILLO 6',1,9,48,1,1,0,4950,7990,61.41,'NO','2006-09-07','2006-09-07',0,6,3,0,0,0,0,0,16,0,0,1,'2014-01-01',NULL,0,1,0,0,0,1,1,0,1,1,'2017-05-03',7990,0,'NO',0,0,0,0,'0'),(242,'2015031300058',0,'HONGO ROSADO MALLA 20 PIEZAS','HONGO ROSADO 20 ',1,9,48,1,1,0,4950,7990,61.41,'NO','2006-09-07','2006-09-07',0,6,3,0,0,0,0,0,18,0,0,1,'2014-01-01',NULL,0,1,0,0,0,1,1,0,1,1,'2017-05-02',7990,0,'NO',0,0,0,0,'0'),(243,'8643820110003',0,'CASCO CON HERRAMIENTAS','CASCO CON HERRAM',1,9,1,1,1,0,1350,1950,44.44,'NO','2006-09-07','2006-09-07',0,12,1,0,0,0,0,0,11,0,0,1,'2014-01-01',NULL,0,1,0,0,0,1,1,0,1,1,'2015-04-07',1950,0,'NO',0,0,0,0,'0'),(244,'6948621400059',0,'GORRO DE BAÑO','GORRO DE BAÑO',1,9,1,1,1,0,650,950,46.15,'NO','2006-09-07','2006-09-07',0,24,1,0,0,0,0,0,13,0,0,1,'2014-01-01',NULL,0,1,0,0,0,1,1,0,1,1,'2016-02-04',950,0,'NO',0,0,0,0,'0'),(245,'245',0,'BOMBITAS DE AGUA','BOMBITAS DE AGUA',1,9,1,1,1,0,200,290,45.00,'NO','2006-09-07','2006-09-07',0,24,1,0,0,0,0,0,20,0,0,1,'2014-01-01',NULL,0,1,0,0,0,1,1,0,1,1,'2014-12-27',290,0,'NO',0,0,0,0,'0'),(246,'2013058801152',0,'CAJA REGISTRADORA CHECK OUT','CAJA REGISTRADOR',1,9,2,1,1,0,8900,12790,43.71,'NO','2006-09-07','2006-09-07',0,2,1,0,0,0,0,0,2,0,0,1,'2014-01-01',NULL,0,1,0,0,0,1,1,0,1,1,'2014-12-23',12790,0,'NO',0,0,0,0,'0'),(247,'2013058802050',0,'CAJA REGISTRADORA FAMILY','CAJA REGISTRADOR',1,9,2,1,1,0,8500,11990,41.06,'NO','2006-09-07','2006-09-07',0,2,1,0,0,0,0,0,3,0,0,1,'2014-01-01',NULL,0,1,0,0,0,1,1,0,1,1,'2016-03-05',11990,0,'NO',0,0,0,0,'0'),(248,'2013058801145',0,'CAJA REGISTRADORA ROSADA','CAJA REGISTRADOR',1,9,2,1,1,0,8400,11990,42.74,'NO','2006-09-07','2006-09-07',0,2,1,0,0,0,0,0,6,0,0,1,'2014-01-01',NULL,0,1,0,0,0,1,1,0,1,1,'2015-12-22',11990,0,'NO',0,0,0,0,'0'),(249,'249',0,'AUTITO METALICO','AUTITO METALICO',1,9,1,1,1,0,1050,1490,41.90,'NO','2006-09-07','2006-09-07',0,1050,1,0,0,0,0,0,69,0,0,1,'2014-01-01',NULL,0,1,0,0,0,1,1,0,1,1,'2015-12-15',1490,0,'NO',0,0,0,0,'0'),(250,'746775305376',0,'HOT WHEELS SURTIDO MOTOS CARRERA','HOT WHEELS SURTI',1,3,1,1,1,0,2946,4190,42.23,'','2006-09-07','2006-09-07',0,0,0,0,0,0,0,0,19,0,0,1,'2014-01-01',NULL,0,2,0,0,0,1,0,0,1,1,'2017-04-27',4190,0,'NO',0,0,0,2946,'0'),(251,'27084120134',0,'HW AUTO BASICO COLECCION','HW AUTO BASICO C',1,3,1,1,1,0,751,990,31.82,'','2006-09-07','2006-09-07',0,0,0,0,0,0,0,0,2,0,0,1,'2014-01-01',NULL,0,2,0,0,0,1,1,0,1,1,'2015-12-21',990,0,'NO',0,0,0,751,'0'),(252,'746775345228',0,'HOT WHEELS VEHICULO MONSTER JAM','HOT WHEELS VEHIC',1,3,1,1,1,0,3690,5190,40.65,'','2006-09-07','2006-09-07',0,0,0,0,0,0,0,0,23,0,0,1,'2014-01-01',NULL,0,2,0,0,0,1,0,0,1,1,'2016-01-25',5190,0,'NO',0,0,0,3690,'0'),(253,'27084425611',0,'HW PACK 3 AUTITOS BASICOS','HW PACK 3 AUTITO',1,6,3,1,1,0,2236,2990,33.72,'','2006-09-07','2006-09-07',0,0,0,0,0,0,0,0,0,0,0,1,'2014-01-01',NULL,0,2,0,0,0,1,0,0,1,1,'2014-01-01',2990,0,'NO',0,0,0,2236,'0'),(254,'746775225117',0,'MAX STEEL SURTIDO Y5572','MAX STEEL SURTID',1,6,1,1,1,0,2970,4190,41.08,'','2006-09-07','2006-09-07',0,0,0,0,0,0,0,0,54,0,0,1,'2014-01-01',NULL,0,2,0,0,0,1,0,0,1,1,'2016-11-05',4190,0,'NO',0,0,0,2970,'0'),(255,'746775225124',0,'MAX STEEL SURT.FIGURA AVENTURA N-TEK Y5573','MAX STEEL SURT.F',1,6,1,1,1,0,5975,8390,40.42,'','2006-09-07','2006-09-07',0,0,0,0,0,0,0,0,51,0,0,1,'2014-01-01',NULL,0,2,0,0,0,1,0,0,1,1,'2017-03-25',8390,0,'NO',0,0,0,5975,'0'),(256,'746775337377',0,'MAX STEEL FIGURA BASICA ACCESORIO Y DVD','MAX STEEL FIGURA',1,6,1,1,1,0,7395,9990,35.09,'','2006-09-07','2006-09-07',0,0,0,0,0,0,0,0,19,0,0,1,'2014-01-01',NULL,0,2,0,0,0,1,0,0,1,1,'2017-03-24',9990,0,'NO',0,0,0,7395,'0'),(257,'746775337711',0,'MAX STEEL DREED ATAQUE DE NUCLEO ','MAX STEEL DREED ',1,6,1,1,1,0,12579,17590,39.84,'','2006-09-07','2006-09-07',0,0,0,0,0,0,0,0,6,0,0,1,'2014-01-01',NULL,0,2,0,0,0,1,0,0,1,1,'2017-03-31',17590,0,'NO',0,0,0,12579,'0'),(258,'746775337513',0,'MAX STEEL MAX VELOCIDAD SONICA','MAX STEEL MAX VE',1,6,1,1,1,0,8136,11390,40.00,'','2006-09-07','2006-09-07',0,12,3,0,0,0,0,0,7,0,0,1,'2014-01-01',NULL,0,2,0,0,0,1,0,0,1,1,'2016-07-09',11390,0,'NO',0,0,0,8136,'0'),(259,'746775337575',0,'MAX STEEL  MAX TURBO ARCO','MAX STEEL  MAX T',1,6,1,1,1,0,8136,11390,40.00,'','2006-09-07','2006-09-07',0,0,0,0,0,0,0,0,14,0,0,1,'2014-01-01',NULL,0,2,0,0,0,1,0,0,1,1,'2016-12-24',11390,0,'NO',0,0,0,8136,'0'),(260,'746775337599',0,'MAX STEELMAX ATAQUE PERFORADOR','MAX STEELMAX ATA',1,6,1,1,1,0,9643,13490,39.89,'','2006-09-07','2006-09-07',0,0,0,0,0,0,0,0,4,0,0,1,'2014-01-01',NULL,0,2,0,0,0,1,0,0,1,1,'2016-04-06',13490,0,'NO',0,0,0,9643,'0'),(261,'746775337704',0,'MAX STEEL HIDRO EXPLOSION','MAX STEEL HIDRO ',1,6,1,1,1,0,12579,17590,39.84,'','2006-09-07','2006-09-07',0,0,0,0,0,0,0,0,3,0,0,1,'2014-01-01',NULL,0,2,0,0,0,1,0,0,1,1,'2016-12-26',17590,0,'NO',0,0,0,12579,'0'),(262,'746775337742',0,'MAX STEEL TODO TERRENO ULTRA TEC','MAX STEEL TODO T',1,6,1,1,1,0,15609,21890,40.24,'','2006-09-07','2006-09-07',0,0,0,0,0,0,0,0,2,0,0,1,'2014-01-01',NULL,0,2,0,0,0,1,0,0,1,1,'2015-05-02',21890,0,'NO',0,0,0,15609,'0'),(263,'746775323028',0,'HOT WHEELS PISTA CARRERA VOLCANICA','HOT WHEELS PISTA',1,6,1,1,1,0,14839,20790,40.10,'','2006-09-07','2006-09-07',0,0,0,0,0,0,0,0,4,0,0,1,'2014-01-01',NULL,0,2,0,0,0,1,0,0,1,1,'2015-12-22',20790,0,'NO',0,0,0,14839,'0'),(264,'746775384418',0,'HOT WHEELS PISTA AUTO LAVADO','HOT WHEELS PISTA',1,6,1,1,1,0,22222,30990,39.46,'','2006-09-07','2006-09-07',0,0,0,0,0,0,0,0,3,0,0,1,'2014-01-01',NULL,0,2,0,0,0,1,0,0,1,1,'2016-06-14',30990,0,'NO',0,0,0,22222,'0'),(265,'746775322991',0,'HOT WHEELS PISTA DOBLE DESAFIO ','HOT WHEELS PISTA',1,6,1,1,1,0,12638,17690,39.97,'','2006-09-07','2006-09-07',0,0,0,0,0,0,0,0,2,0,0,1,'2014-01-01',NULL,0,2,0,0,0,1,0,0,1,1,'2015-04-24',17690,0,'NO',0,0,0,12638,'0'),(266,'746775179045',0,'HW MAQUINA MUTANTE LAB. SUBTERRANEO','HW MAQUINA MUTAN',1,6,1,1,1,0,16465,22990,39.63,'','2006-09-07','2006-09-07',0,0,0,0,0,0,0,0,5,0,0,1,'2014-01-01',NULL,0,2,0,0,0,1,0,0,1,1,'2017-05-02',22990,0,'NO',0,0,0,16465,'0'),(267,'746775183882',0,'HOT WHEELS REMOLQUE DE CHOQUES','HOT WHEELS REMOL',1,6,1,1,1,0,8868,12490,40.84,'','2006-09-07','2006-09-07',0,0,0,0,0,0,0,0,6,0,0,1,'2014-01-01',NULL,0,2,0,0,0,1,0,0,1,1,'2015-04-28',12490,0,'NO',0,0,0,8868,'0'),(268,'27084092950',0,'MBX 5 AUTOS SURTIDO C1817','MBX 5 AUTOS SURT',1,6,1,1,1,0,3697,5190,40.38,'','2006-09-07','2006-09-07',0,0,0,0,0,0,0,0,0,0,0,1,'2014-01-01',NULL,0,2,0,0,0,1,0,0,1,1,'2014-01-01',5190,0,'NO',0,0,0,3697,'0'),(269,'746775057213',0,'MATCHBOX MISSION FORCE SURT.VEHICULOS','MATCHBOX MISSION',1,6,1,1,1,0,6671,9350,40.16,'','2006-09-07','2006-09-07',0,0,0,0,0,0,0,0,13,0,0,1,'2014-01-01',NULL,0,2,0,0,0,1,0,0,1,1,'2016-10-15',9350,0,'NO',0,0,0,6671,'0'),(270,'746775180355',0,'DISNEY PLANES SURTIDO AVION METAL','DISNEY PLANES',1,6,1,1,1,0,5188,7260,39.94,'NO','2006-09-07','2006-09-07',0,0,0,0,0,0,0,0,16,0,0,1,'2014-01-01',NULL,0,1,0,0,0,1,0,0,1,1,'2017-05-13',7260,0,'NO',0,0,0,2237,'0'),(271,'887961008586',0,'CARS PLANEADORES SURT. FIRE & RESCUE','CARS PLANEADORES',1,6,1,1,1,0,5152,6990,35.68,'','2006-09-07','2006-09-07',0,0,0,0,0,0,0,0,26,0,0,1,'2014-01-01',NULL,0,2,0,0,0,1,0,0,1,1,'2017-04-05',6990,0,'NO',0,0,0,5152,'0'),(272,'746775336523',0,'COMICS HEROES SURTIDO DE FIGURAS','COMICS HEROES SU',1,6,1,1,1,0,6703,9390,40.09,'','2006-09-07','2006-09-07',0,0,0,0,0,0,0,0,5,0,0,1,'2014-01-01',NULL,0,2,0,0,0,1,0,0,1,1,'2015-04-17',9390,0,'NO',0,0,0,6703,'0'),(273,'027084859683',0,'THOMAS  PISTA DIA OCUPADO ','THOMAS  PISTA DI',1,6,1,1,1,0,13315,18650,40.07,'','2006-09-07','2006-09-07',0,0,0,0,0,0,0,0,2,0,0,1,'2014-01-01',NULL,0,2,0,0,0,1,0,0,1,1,'2015-01-29',18650,0,'NO',0,0,0,13315,'0'),(274,'746775331061',0,'LOCOMOTORA THOMAS','LOCOMOTORA THOMA',1,6,1,1,1,0,5172,7250,40.18,'','2006-09-07','2006-09-07',0,0,0,0,0,0,0,0,7,0,0,1,'2014-01-01',NULL,0,2,0,0,0,1,0,0,1,1,'2015-05-08',7250,0,'NO',0,0,0,5172,'0'),(275,'746775361495',0,'BALON DE FUTBOL MUSICAL','BALON DE FUTBOL ',1,6,1,1,1,0,9643,13490,39.89,'','2006-09-07','2006-09-07',0,0,0,0,0,0,0,0,4,0,0,1,'2014-01-01',NULL,0,2,0,0,0,1,0,0,1,1,'2015-02-10',13490,0,'NO',0,0,0,9643,'0'),(276,'027084523843',0,'VEHICULO SURTIDO 20 PZAS.FISHER PRICE','VEHICULO SURTIDO',1,4,1,1,1,0,12639,17690,39.96,'','2006-09-07','2006-09-07',0,0,0,0,0,0,0,0,5,0,0,1,'2014-01-01',NULL,0,2,0,0,0,1,0,0,1,1,'2015-12-24',17690,0,'NO',0,0,0,12639,'0'),(277,'746775035372',0,'CARS SURTIDO AUTOS W1938','CARS SURTIDO AUT',1,3,1,1,1,0,4461,6250,40.10,'','2006-09-07','2006-09-07',0,0,0,0,0,0,0,0,31,0,0,1,'2014-01-01',NULL,0,2,0,0,0,1,0,0,1,1,'2017-03-03',6250,0,'NO',0,0,0,4461,'0'),(278,'027084920666',0,'SUPER ARQUITO LEON FELIZ FISHER PRICE','SUPER ARQUITO LE',1,6,1,1,1,0,29959,41950,40.02,'NO','2006-09-07','2006-09-07',0,0,0,0,0,0,0,0,1,0,0,1,'2014-01-01',NULL,0,1,0,0,0,1,0,0,1,1,'2015-04-17',41950,0,'NO',0,0,0,42575,'0'),(279,'027084267297',0,'GALLETAS APRENDE CONMIGO H8183','GALLETAS APRENDE',1,6,1,1,1,0,11205,15690,40.03,'','2006-09-07','2006-09-07',0,0,0,0,0,0,0,0,5,0,0,1,'2014-01-01',NULL,0,2,0,0,0,1,0,0,1,1,'2015-04-30',15690,0,'NO',0,0,0,11205,'0'),(280,'746775318864',0,'MARTILLO DE APRENDIZAJE FISHER PRICE','MARTILLO DE APRE',1,6,1,1,1,0,4438,6190,39.48,'','2006-09-07','2006-09-07',0,0,0,0,0,0,0,0,10,0,0,1,'2014-01-01',NULL,0,2,0,0,0,1,0,0,1,1,'2015-04-02',6190,0,'NO',0,0,0,4438,'0'),(281,'027084595772',0,'ACTIVIDADES Y SONIDOS FISHER PRICE M5661','ACTIVIDADES Y SO',1,3,1,1,1,0,4438,6190,39.48,'','2006-09-07','2006-09-07',0,0,0,0,0,0,0,0,10,0,0,1,'2014-01-01',NULL,0,2,0,0,0,1,0,0,1,1,'2016-11-12',6190,0,'NO',0,0,0,4438,'0'),(282,'746775052614',0,'RANA SONIDOS DIVERTIDOS FISHER PRICE','RANA SONIDOS DIV',1,6,1,1,1,0,5931,8290,39.77,'','2006-09-07','2006-09-07',0,0,0,0,0,0,0,0,6,0,0,1,'2014-01-01',NULL,0,2,0,0,0,1,0,0,1,1,'2014-12-24',8290,0,'NO',0,0,0,5931,'0'),(283,'027084077742',0,'SALTADOR PORTATIL B9759','SALTADOR PORTATI',1,6,1,1,1,0,42575,59590,39.96,'NO','2006-09-07','2006-09-07',0,0,0,0,0,0,0,0,2,0,0,1,'2014-01-01',NULL,0,1,0,0,0,1,0,0,1,1,'2015-12-23',59590,0,'NO',0,0,0,42575,'0'),(284,'746775216061',0,'BARBIE DIARIO GLAM ','BARBIE DIARIO GL',1,6,1,1,1,0,18463,25850,40.01,'','2006-09-07','2006-09-07',0,0,0,0,0,0,0,0,0,0,0,1,'2014-01-01',NULL,0,2,0,0,0,1,0,0,1,1,'2014-01-01',25850,0,'NO',0,0,0,18463,'0'),(285,'746775297190',0,'BARBIE COLORES GLAM','BARBIE COLORES G',1,6,1,1,1,0,8854,12390,39.94,'','2006-09-07','2006-09-07',0,0,0,0,0,0,0,0,9,0,0,1,'2014-01-01',NULL,0,2,0,0,0,1,0,0,1,1,'2017-02-09',12390,0,'NO',0,0,0,8854,'0'),(286,'027084929522',0,'BARBIE BASICA SURTIDO','BARBIE BASICA SU',1,6,1,1,1,0,2989,4190,40.18,'','2006-09-07','2006-09-07',0,0,0,0,0,0,0,0,20,0,0,1,'2014-01-01',NULL,0,2,0,0,0,1,0,0,1,1,'2017-03-07',4190,0,'NO',0,0,0,2989,'0'),(287,'746775297121',0,'BARBIE DISEÑA TU CABELLO','BARBIE DISEÑA TU',1,6,1,1,1,0,12685,17780,40.17,'','2006-09-07','2006-09-07',0,0,0,0,0,0,0,0,5,0,0,1,'2014-01-01',NULL,0,2,0,0,0,1,0,0,1,1,'2015-04-02',17780,0,'NO',0,0,0,12685,'0'),(288,'746775009571',0,'BARBIE MUÑECA MODA Y ACCESORIOS','BARBIE MUÑECA MO',1,6,1,1,1,0,8985,12580,40.01,'','2006-09-07','2006-09-07',0,0,0,0,0,0,0,0,4,0,0,1,'2014-01-01',NULL,0,2,0,0,0,1,0,0,1,1,'2015-04-20',12580,0,'NO',0,0,0,8985,'0'),(289,'887961015201',0,'BARBIE PRINCESA FASHION MIX ','BARBIE PRINCESA ',1,6,1,1,1,0,5907,8290,40.34,'','2006-09-07','2006-09-07',0,0,0,0,0,0,0,0,12,0,0,1,'2014-01-01',NULL,0,2,0,0,0,1,0,0,1,1,'2017-03-17',8290,0,'NO',0,0,0,5907,'0'),(290,'746775313135',0,'BARBIE MUÑECA PROFESION ','BARBIE MUÑECA PR',1,6,1,1,1,0,6657,9350,40.45,'','2006-09-07','2006-09-07',0,0,0,0,0,0,0,0,18,0,0,1,'2014-01-01',NULL,0,2,0,0,0,1,0,0,1,1,'2017-03-25',9350,0,'NO',0,0,0,6657,'0'),(291,'746775236793',0,'BARBIE MARIPOSA Y LA PRINCESA DE HADAS ','BARBIE MARIPOSA ',1,6,1,1,1,0,24566,34390,39.99,'','2006-09-07','2006-09-07',0,0,0,0,0,0,0,0,2,0,0,1,'2014-01-01',NULL,0,2,0,0,0,1,0,0,1,1,'2015-02-06',34390,0,'NO',0,0,0,24566,'0'),(292,'746775297411',0,'BARBIE LA PRINCESA DE LAS PERLAS LUMINA','BARBIE LA PRINCE',1,6,1,1,1,0,9589,13450,40.26,'','2006-09-07','2006-09-07',0,0,0,0,0,0,0,0,7,0,0,1,'2014-01-01',NULL,0,2,0,0,0,1,0,0,1,1,'2015-05-07',13450,0,'NO',0,0,0,9589,'0'),(293,'746775234973',0,'PRINCESA SOFIA ','PRINCESA SOFIA ',1,6,1,1,1,0,3676,4990,35.75,'','2006-09-07','2006-09-07',0,0,0,0,0,0,0,0,7,0,0,1,'2014-01-01',NULL,0,2,0,0,0,1,0,0,1,1,'2016-09-01',4990,0,'NO',0,0,0,3676,'0'),(294,'746775135522',0,'LITTLE MOMMY DIA ESPECIAL','LITTLE MOMMY DIA',1,6,1,1,1,0,7466,10450,39.97,'','2006-09-07','2006-09-07',0,0,0,0,0,0,0,0,6,0,0,1,'2014-01-01',NULL,0,2,0,0,0,1,0,0,1,1,'2015-03-28',10450,0,'NO',0,0,0,7466,'0'),(295,'746775139148',0,'LITTLE MOMMY TIERNA COMO YO','LITTLE MOMMY TIE',1,6,1,1,1,0,9675,13550,40.05,'','2006-09-07','2006-09-07',0,0,0,0,0,0,0,0,8,0,0,1,'2014-01-01',NULL,0,2,0,0,0,1,0,0,1,1,'2015-04-30',13550,0,'NO',0,0,0,9675,'0'),(296,'746775296643',0,'POLLY POCKET Y SU CONVERTIBLE','POLLY POCKET Y S',1,6,1,1,1,0,4473,6280,40.40,'','2006-09-07','2006-09-07',0,0,0,0,0,0,0,0,5,0,0,1,'2014-01-01',NULL,0,2,0,0,0,1,0,0,1,1,'2015-05-11',6280,0,'NO',0,0,0,4473,'0'),(297,'746775229603',0,'POLLY POCKET MUÑECA Y VEHICULO','POLLY POCKET MUÑ',1,6,1,1,1,0,2974,4190,40.89,'','2006-09-07','2006-09-07',0,0,0,0,0,0,0,0,2,0,0,1,'2014-01-01',NULL,0,2,0,0,0,1,0,0,1,1,'2016-04-26',4190,0,'NO',0,0,0,2974,'0'),(298,'746775229665',0,'POLLY POCKET POLLYVILLE SURTIDO','POLLY POCKET POL',1,6,1,1,1,0,6669,9350,40.20,'','2006-09-07','2006-09-07',0,0,0,0,0,0,0,0,5,0,0,1,'2014-01-01',NULL,0,2,0,0,0,1,0,0,1,1,'2015-04-30',9350,0,'NO',0,0,0,6669,'0'),(299,'746775316211',0,'EVER AFTER HIGH MUÑECA REBEL','EVER AFTER HIGH ',1,6,1,1,1,0,12537,17550,39.99,'','2006-09-07','2006-09-07',0,0,0,0,0,0,0,0,2,0,0,1,'2014-01-01',NULL,0,2,0,0,0,1,0,0,1,1,'2016-08-06',17550,0,'NO',0,0,0,12537,'0'),(300,'746775316532',0,'EVER AFTER HIGH MUÑECA ROYAL','EVER AFTER HIGH ',1,6,1,1,1,0,12537,17550,39.99,'','2006-09-07','2006-09-07',0,0,0,0,0,0,0,0,4,0,0,1,'2014-01-01',NULL,0,2,0,0,0,1,0,0,1,1,'2016-10-29',17550,0,'NO',0,0,0,12537,'0'),(301,'887961012002',0,'MONSTER FUSION ESPELUZNANTE ','MONSTER FUSION E',1,6,1,1,1,0,10328,14460,40.01,'','2006-09-07','2006-09-07',0,0,0,0,0,0,0,0,0,0,0,1,'2014-01-01',NULL,0,2,0,0,0,1,0,0,1,1,'2014-01-01',14460,0,'NO',0,0,0,10328,'0'),(302,'746775373061',0,'MONSTER HIGH JANE BOOLITTLE ','MONSTER HIGH JAN',1,3,1,1,1,0,12525,17550,40.12,'','2006-09-07','2006-09-07',0,0,0,0,0,0,0,0,2,0,0,1,'2014-01-01',NULL,0,2,0,0,0,1,0,0,1,1,'2015-02-09',17550,0,'NO',0,0,0,12525,'0'),(303,'746775374068',0,'MONSTER HIGH MUÑECA SUSTOS CAMARA ACCION','MONSTER HIGH MUÑ',1,6,1,1,1,0,12525,17550,40.12,'','2006-09-07','2006-09-07',0,0,0,0,0,0,0,0,5,0,0,1,'2014-01-01',NULL,0,2,0,0,0,1,0,0,1,1,'2017-01-18',17550,0,'NO',0,0,0,12525,'0'),(304,'746775265731',0,'MONSTER HIGH MUÑECA SURTIDO','MONSTER HIGH MUÑ',1,6,1,1,1,0,12525,17550,40.12,'','2006-09-07','2006-09-07',0,0,0,0,0,0,0,0,9,0,0,1,'2014-01-01',NULL,0,2,0,0,0,1,0,0,1,1,'2016-09-23',17550,0,'NO',0,0,0,12525,'0'),(305,'746775299514',0,'MONSTER HIGH CLASE DE ARTERROR ','MONSTER HIGH CLA',1,6,1,1,1,0,11863,16590,39.85,'','2006-09-07','2006-09-07',0,0,0,0,0,0,0,0,5,0,0,1,'2014-01-01',NULL,0,2,0,0,0,1,0,0,1,1,'2017-04-08',16590,0,'NO',0,0,0,11863,'0'),(306,'746775299477',0,'MONSTER HIGH ESPIRITU MONSTRUOSO','MONSTER HIGH ESP',1,6,1,1,1,0,9634,13490,40.02,'','2006-09-07','2006-09-07',0,0,0,0,0,0,0,0,4,0,0,1,'2014-01-01',NULL,0,2,0,0,0,1,0,0,1,1,'2017-02-17',13490,0,'NO',0,0,0,9634,'0'),(307,'746775243845',0,'MONSTER HIGH CONCIERTO DE TERROCK','MONSTER HIGH CON',1,6,1,1,1,0,9634,13490,40.02,'','2006-09-07','2006-09-07',0,0,0,0,0,0,0,0,7,0,0,1,'2014-01-01',NULL,0,2,0,0,0,1,0,0,1,1,'2016-09-03',13490,0,'NO',0,0,0,9634,'0'),(308,'746775178420',0,'HOT WHEELS SURTIDO DE PISTAS X2604','HOT WHEELS SURTI',1,6,1,1,1,0,9727,13650,40.33,'','2006-09-07','2006-09-07',0,0,0,0,0,0,0,0,5,0,0,1,'2014-01-01',NULL,0,2,0,0,0,1,0,0,1,1,'2015-04-02',13650,0,'NO',0,0,0,9727,'0'),(309,'746775198909',0,'HOT WHEELS RAPIDO Y FURIOSO','HOT WHEELS RAPID',1,3,1,1,1,0,1473,1990,35.10,'','2006-09-07','2006-09-07',0,0,0,0,0,0,0,0,42,0,0,1,'2014-01-01',NULL,0,2,0,0,0,1,0,0,1,1,'2016-07-15',1990,0,'NO',0,0,0,1473,'0'),(310,'027084092950',0,'MBX 5 AUTOS SURTIDO C1817','MBX 5 AUTOS SURT',1,6,1,1,1,0,3697,5190,40.38,'','2006-09-07','2006-09-07',0,0,0,0,0,0,0,0,68,0,0,1,'2014-01-01',NULL,0,2,0,0,0,1,0,0,1,1,'2016-05-07',5190,0,'NO',0,0,0,2697,'0'),(311,'027084120134',0,'HW AUTO BASICO COLECCION','HW AUTO BASICO C',1,3,1,1,1,0,750,990,32.00,'','2006-09-07','2006-09-07',0,0,0,0,0,0,0,0,748,0,0,1,'2014-01-01',NULL,0,2,0,0,0,1,0,0,1,1,'2017-02-18',990,0,'NO',0,0,0,750,'0'),(312,'6935888595277',0,'CUADRO FLOR CHICO','CUADRO FLOR CHIC',1,9,0,1,1,0,1400,2660,90.00,'NO','2006-09-07','2006-09-07',0,36,2,0,0,0,0,0,31,0,0,1,'2014-01-01',NULL,0,1,0,0,0,1,1,0,1,1,'2014-12-26',2660,0,'NO',0,0,0,1400,'0'),(313,'6935888595291',0,'CUADRO FLOR GRANDE','CUADRO FLOR GRAN',1,9,0,1,1,0,2000,3790,89.50,'','2006-09-07','2006-09-07',0,24,1,0,0,0,0,0,22,0,0,1,'2014-01-01',NULL,0,2,0,0,0,1,1,0,1,1,'2015-04-07',3790,0,'NO',0,0,0,2000,'0'),(314,'5140000020143',0,'SOLDADO ARRASTRE','SOLDADO ARRASTRE',1,9,1,1,1,0,2200,4180,90.00,'NO','2006-09-07','2006-09-07',0,6,0,0,0,0,0,0,5,0,0,1,'2014-01-01',NULL,0,1,0,0,0,1,1,0,1,1,'2015-04-17',4180,0,'NO',0,0,0,2200,'0'),(315,'1966000020143',0,'SIRENA  MIAO MIAO','SIRENA  MIAO MIA',1,9,0,1,1,0,2300,4370,90.00,'NO','2006-09-07','2006-09-07',0,24,0,0,0,0,0,0,22,0,0,1,'2014-01-01',NULL,0,1,0,0,0,1,0,0,1,1,'2015-04-25',4370,0,'NO',0,0,0,2300,'0'),(316,'3873000020142',0,'SET D EPLASTICINA','SET D EPLASTICIN',1,9,0,1,1,0,2700,4990,84.81,'','2006-09-07','2006-09-07',0,8,0,0,0,0,0,0,8,0,0,1,'2014-01-01',NULL,0,2,0,0,0,1,0,0,1,1,'2015-04-30',4990,0,'NO',0,0,0,2700,'0'),(317,'9263000020145',0,'SET DE LIMPIEZA','SET DE LIMPIEZA',1,9,0,1,1,0,9500,17900,88.42,'NO','2006-09-07','2006-09-07',0,4,0,0,0,0,0,0,0,0,0,1,'2014-01-01',NULL,0,1,0,0,0,1,0,0,1,1,'2014-01-01',17900,0,'NO',0,0,0,9500,'0'),(318,'6349000020132',0,'COMPUTADOR NIÑO','COMPUTADOR NIÑO',1,9,1,1,1,0,11000,19990,81.73,'NO','2006-09-07','2006-09-07',0,3,0,0,0,0,0,0,3,0,0,1,'2014-01-01',NULL,0,1,0,0,0,1,0,0,1,1,'2015-05-02',19990,0,'NO',0,0,0,11000,'0'),(319,'1182000020147',0,'DINOSAURIO A PILA','DINOSAURIO A PIL',1,9,0,1,1,0,2900,5550,91.38,'NO','2006-09-07','2006-09-07',0,6,0,0,0,0,0,0,5,0,0,1,'2014-01-01',NULL,0,1,0,0,0,1,0,0,1,1,'2016-01-08',5550,0,'NO',0,0,0,2900,'0'),(320,'6964201401200',0,'PINTURA DE NIÑA','PINTURA DE NIÑA',1,9,0,1,1,0,1700,2290,34.71,'NO','2006-09-07','2006-09-07',0,12,0,0,0,0,0,0,15,0,0,1,'2014-01-01',NULL,0,1,0,0,0,1,0,0,1,1,'2015-12-26',2290,0,'NO',0,0,0,1700,'0'),(321,'6964201401180',0,'PINTURA DE NIÑA','PINTURA DE NIÑA',1,9,0,1,1,0,850,1690,98.82,'NO','2006-09-07','2006-09-07',0,12,0,0,0,0,0,0,11,0,0,1,'2014-01-01',NULL,0,1,0,0,0,1,0,0,1,1,'2014-12-20',1690,0,'NO',0,0,0,850,'0'),(322,'6964201401220',0,'PINTURA NIÑA','PINTURA NIÑA',1,9,0,1,1,0,1200,3250,170.83,'NO','2006-09-07','2006-09-07',0,12,0,0,0,0,0,0,10,0,0,1,'2014-01-01',NULL,0,1,0,0,0,1,0,0,1,1,'2014-12-24',3250,0,'NO',0,0,0,1200,'0'),(323,'2733000020140',0,'VARITA MUSICAL','VARITA MUSICAL',1,9,0,1,1,0,1400,2690,92.14,'NO','2006-09-07','2006-09-07',0,10,0,0,0,0,0,0,8,0,0,1,'2014-01-01',NULL,0,1,0,0,0,1,1,0,1,1,'2016-11-09',2690,0,'NO',0,0,0,1400,'0'),(324,'9553000020147',0,'AVION AIRBUS A380','AVION AIRBUS A38',1,9,0,1,1,0,2800,4990,78.21,'NO','2006-09-07','2006-09-07',0,8,0,0,0,0,0,0,6,0,0,1,'2014-01-01',NULL,0,1,0,0,0,1,0,0,1,1,'2015-12-26',4990,0,'NO',0,0,0,2800,'0'),(325,'9744000020149',0,'AIRBUS A380 CHICO','AIRBUS A380 CHIC',1,9,0,1,1,0,2000,3790,89.50,'NO','2006-09-07','2006-09-07',0,12,0,0,0,0,0,0,3,0,0,1,'2014-01-01',NULL,0,1,0,0,0,1,0,0,1,1,'2015-12-15',3790,0,'NO',0,0,0,2000,'0'),(326,'4976000020149',0,'MUÑECA BARBIE ECONOMICA','MUÑECA BARBIE EC',1,9,0,1,1,0,650,1290,98.46,'','2006-09-07','2006-09-07',0,0,0,0,0,0,0,0,12,0,0,1,'2014-01-01',NULL,0,2,0,0,0,1,0,0,1,1,'2015-03-09',1290,0,'NO',0,0,0,650,'0'),(327,'996000020141',0,'MUÑECA SUPRICE PERFECT','MUÑECA SUPRICE P',1,9,0,1,1,0,4800,8990,87.29,'NO','2006-09-07','2006-09-07',0,10,0,0,0,0,0,0,9,0,0,1,'2014-01-01',NULL,0,1,0,0,0,1,0,0,1,1,'2015-05-02',8990,0,'NO',0,0,0,4800,'0'),(328,'2013058802555',0,'SET DE PESCA CONCHA','SET DE PESCA CON',1,9,0,1,1,0,500,990,98.00,'','2006-09-07','2006-09-07',0,0,0,0,0,0,0,0,12,0,0,1,'2014-01-01',NULL,0,2,0,0,0,1,0,0,1,1,'2016-01-08',990,0,'NO',0,0,0,990,'0'),(329,'2013058800056',0,'CONEJO DE GOMA','CONEJO DE GOMA',1,9,0,1,1,0,0,1290,0.00,'','2006-09-07','2006-09-07',0,0,0,0,0,0,0,0,15,0,0,1,'2014-01-01',NULL,0,2,0,0,0,1,0,0,1,1,'2015-02-20',1290,0,'NO',0,0,0,0,'0'),(330,'330',0,'JUEGO TOBOGAN CHICO','JUEGO TOBOGAN',1,9,0,1,1,0,6300,8990,42.70,'NO','2006-09-07','2006-09-07',0,0,0,0,0,0,0,0,0,0,0,1,'2014-01-01',NULL,0,1,0,0,0,1,0,0,1,1,'2014-01-01',8990,0,'NO',0,0,0,6300,'0'),(331,'331',0,'JUEGO TOBOGAN GRANDE','JUEGO TOBOGAN GR',1,9,0,1,1,0,8200,11690,42.56,'NO','2006-09-07','2006-09-07',0,0,0,0,0,0,0,0,1,0,0,1,'2014-01-01',NULL,0,1,0,0,0,1,0,0,1,1,'2014-12-22',11690,0,'NO',0,0,0,8200,'0'),(332,'132000020143',0,'MUÑECA CA,BIO DE VESTIDOS','MUÑECA CA,BIO DE',1,9,0,1,1,0,6300,11970,90.00,'NO','2006-09-07','2006-09-07',0,6,0,0,0,0,0,0,4,0,0,1,'2014-01-01',NULL,0,1,0,0,0,1,0,0,1,1,'2015-03-14',11970,0,'NO',0,0,0,6300,'0'),(333,'333',0,'MY HAPPY FAMILY','MY HAPPY FAMILY',1,9,0,1,1,0,7900,11250,42.41,'','2006-09-07','2006-09-07',0,0,0,0,0,0,0,0,3,0,0,1,'2014-01-01',NULL,0,2,0,0,0,1,0,0,1,1,'2015-05-11',11250,0,'NO',0,0,0,7900,'0'),(334,'5444000020142',0,'MUÑECA VAQUE CURRENT','MUÑECA VAQUE CUR',1,9,0,1,1,0,6200,11780,90.00,'','2006-09-07','2006-09-07',0,0,0,0,0,0,0,0,6,0,0,1,'2014-01-01',NULL,0,2,0,0,0,1,0,0,1,1,'2015-03-28',11780,0,'NO',0,0,0,6200,'0'),(335,'7805414000072',0,'CAMION TOLVA MEDIANO CON BLOQUE','CAMION TOLVA MED',1,9,0,1,1,0,4998,8690,73.87,'NO','2006-09-07','2006-09-07',0,0,0,0,0,0,0,0,58,0,0,1,'2014-01-01',NULL,0,1,0,0,0,1,0,0,1,1,'2017-04-05',8690,0,'NO',0,0,0,4998,'0'),(336,'7805414004568',0,'BLOQUE GIGANTE','BLOQUE GIGANTE',1,9,0,1,1,0,3653,5990,63.97,'NO','2006-09-07','2006-09-07',0,100,0,0,0,0,0,0,53,0,0,1,'2014-01-01',NULL,0,1,0,0,0,1,0,0,1,1,'2016-07-15',5990,0,'NO',0,0,0,3653,'0'),(337,'7805414000089',0,'CAMION CHUQUI','CAMION CHUQUI',1,9,0,1,1,0,11182,19390,73.40,'','2006-09-07','2006-09-07',0,0,0,0,0,0,0,0,75,0,0,1,'2014-01-01',NULL,0,2,0,0,0,1,0,0,1,1,'2017-01-07',19390,0,'NO',0,0,0,11182,'0'),(338,'7805414002052',0,'CAMION NILO','CAMION NILO',1,3,0,1,1,0,1668,2890,73.26,'','2006-09-07','2006-09-07',0,0,0,0,0,0,0,0,32,0,0,1,'2014-01-01',NULL,0,2,0,0,0,1,0,0,1,1,'2016-08-04',2890,0,'NO',0,0,0,1668,'0'),(339,'7805414003516',0,'CAMION NILO BLOQUE','CAMION NILO BLOQ',1,9,0,1,1,0,2340,3990,70.51,'','2006-09-07','2006-09-07',0,0,0,0,0,0,0,0,90,0,0,1,'2014-01-01',NULL,0,2,0,0,0,1,0,0,1,1,'2016-07-19',3990,0,'NO',0,0,0,2340,'0'),(340,'7805414001048',0,'CARRETILLA CON PALA','CARRETILLA CON P',1,9,0,1,1,0,2543,4390,72.63,'','2006-09-07','2006-09-07',0,0,0,0,0,0,0,0,60,0,0,1,'2014-01-01',NULL,0,2,0,0,0,1,0,0,1,1,'2016-11-07',4390,0,'NO',0,0,0,2543,'0'),(341,'7805414000065',0,'COCINA DE RUT','COCINA DE RUT',1,9,0,1,1,0,4855,8390,72.81,'','2006-09-07','2006-09-07',0,0,0,0,0,0,0,0,28,0,0,1,'2014-01-01',NULL,0,2,0,0,0,1,0,0,1,1,'2017-03-01',8390,0,'NO',0,0,0,4855,'0'),(342,'342',0,'CAMIO NILO PLAYERO','NILO PLAYERO',1,9,0,1,1,0,1788,2990,67.23,'','2006-09-07','2006-09-07',0,0,0,0,0,0,0,0,22,0,0,1,'2014-01-01',NULL,0,2,0,0,0,1,0,0,1,1,'2015-12-16',2990,0,'NO',0,0,0,1788,'0'),(343,'7805414002083',0,'CAMION TOLVA CAJA AZUL','CAMION TOLVA CAJ',1,9,0,1,1,0,4373,7590,73.57,'','2006-09-07','2006-09-07',0,0,0,0,0,0,0,0,60,0,0,1,'2014-01-01',NULL,0,2,0,0,0,1,0,0,1,1,'2016-08-20',7590,0,'NO',0,0,0,4377,'0'),(344,'6937928800082',0,'CORRE PASILLO MUSICAL','CORRE PASILLO MU',1,9,0,1,1,0,0,18990,0.00,'','2006-09-07','2006-09-07',0,0,0,0,0,0,0,0,9,0,0,1,'2014-01-01',NULL,0,2,0,0,0,1,0,0,1,1,'2015-02-11',18990,0,'NO',0,0,0,0,'0'),(345,'2014048800025',0,'MOTO DIDACTICA','MOTO DIDACTICA',1,9,0,1,1,0,0,1590,0.00,'','2006-09-07','2006-09-07',0,0,0,0,0,0,0,0,24,0,0,1,'2014-01-01',NULL,0,2,0,0,0,1,0,0,1,1,'2014-12-24',1590,0,'NO',0,0,0,0,'0'),(346,'346',0,'HELICOPTERO A CONTROL REMOTO GRANDE','HELICOPTERO A CO',1,9,0,1,1,0,23000,39990,73.87,'NO','2006-09-07','2006-09-07',0,12,0,0,0,0,0,0,8,0,0,1,'2014-01-01',NULL,0,1,0,0,0,1,0,0,1,1,'2015-03-14',39990,0,'NO',0,0,0,23000,'0'),(347,'041333016634',0,'PILA DURACEL AA','PILA DURACEL AA',1,9,0,1,1,0,0,450,0.00,'','2006-09-07','2006-09-07',0,0,0,0,0,0,0,0,379,0,0,1,'2014-01-01',NULL,0,2,0,0,0,1,0,0,1,1,'2015-12-15',450,0,'NO',0,0,0,0,'0'),(348,'6922342202215',0,'NOTEBOOT 25 ACCIONES','NOTEBOOT 25 ACCI',1,9,0,1,1,0,0,8990,0.00,'','2006-09-07','2006-09-07',0,0,0,0,0,0,0,0,6,0,0,1,'2014-01-01',NULL,0,2,0,0,0,1,0,0,1,1,'2014-12-23',8990,0,'NO',0,0,0,0,'0'),(349,'039800015464',0,'PILA ENERGIZER AA','PILA ENERGIZER A',1,9,0,1,1,0,390,390,0.00,'','2006-09-07','2006-09-07',0,0,0,0,0,0,0,0,29,0,0,1,'2014-01-01',NULL,0,2,0,0,0,1,0,0,1,1,'2014-12-22',390,0,'NO',0,0,0,390,'0'),(350,'027084425611',0,'HOT WHEELS X3','HOT WHEELS X3',1,9,0,1,1,0,0,2990,0.00,'','2006-09-07','2006-09-07',0,0,0,0,0,0,0,0,67,0,0,1,'2014-01-01',NULL,0,2,0,0,0,1,0,0,1,1,'2015-05-13',2990,0,'NO',0,0,0,0,'0'),(351,'6944811367270',0,'LEGO POLICIA ESTACION','LEGO POLICIA EST',1,9,0,1,1,0,8800,12550,42.61,'','2006-09-07','2006-09-07',0,0,0,0,0,0,0,0,3,0,0,1,'2014-01-01',NULL,0,2,0,0,0,1,0,0,1,1,'2014-12-23',12550,0,'NO',0,0,0,8800,'0'),(352,'2013081900037',0,'LEGO POLICIA','LEGO POLICIA',1,9,0,1,1,0,1100,1490,35.45,'','2006-09-07','2006-09-07',0,0,0,0,0,0,0,0,12,0,0,1,'2014-01-01',NULL,0,2,0,0,0,1,0,0,1,1,'2014-12-31',1490,0,'NO',0,0,0,1100,'0'),(353,'041771681869',0,'CAMARA DIGITAL  KODACK C 122','CAMARA DIGITAL  ',1,9,0,1,1,0,0,36990,0.00,'','2006-09-07','2006-09-07',0,0,0,0,0,0,0,0,0,0,0,1,'2014-01-01',NULL,0,2,0,0,0,1,0,0,1,1,'2014-01-01',36990,0,'NO',0,0,0,0,'0'),(354,'7805414000027',0,'SET DE BOWLING GRANDE','SET DE BOWLING G',1,9,0,1,1,0,0,5990,0.00,'NO','2006-09-07','2006-09-07',0,60,0,0,0,0,0,0,25,0,0,1,'2014-01-01',NULL,0,1,0,0,0,1,0,0,1,1,'2016-01-15',5990,0,'NO',0,0,0,0,'0'),(355,'7805414000096',0,'SILLA DIDACTICA CON BLOQUES','SILLA DIDACTICA ',1,9,0,1,1,0,0,6990,0.00,'','2006-09-07','2006-09-07',0,0,0,0,0,0,0,0,55,0,0,1,'2014-01-01',NULL,0,2,0,0,0,1,0,0,1,1,'2016-09-03',6990,0,'NO',0,0,0,0,'0'),(356,'7805414003707',0,'CAMION TOLVA MEDIANO CON BALDE','CAMION TOLVA MED',1,9,0,1,1,0,0,6890,0.00,'','2006-09-07','2006-09-07',0,0,0,0,0,0,0,0,65,0,0,1,'2014-01-01',NULL,0,2,0,0,0,1,0,0,1,1,'2017-04-18',6890,0,'NO',0,0,0,0,'0'),(357,'7804920001825',0,'SHAMPOO MICKY','SHAMPOO MICKY',1,9,0,1,1,0,0,3790,0.00,'','2006-09-07','2006-09-07',0,0,0,0,0,0,0,0,9,0,0,1,'2014-01-01',NULL,0,2,0,0,0,1,0,0,1,1,'2015-12-23',3790,0,'NO',0,0,0,0,'0'),(358,'7804920001801',0,'SHAMPOO PRIN 1','SHAMPOO PRIN 1',1,9,0,1,1,0,0,3790,0.00,'','2006-09-07','2006-09-07',0,0,0,0,0,0,0,0,6,0,0,1,'2014-01-01',NULL,0,2,0,0,0,1,0,0,1,1,'2015-12-24',3790,0,'NO',0,0,0,0,'0'),(359,'7804920001818',0,'SHAMPOO PRIN 2','SHAMPOO PRIN 2',1,9,0,1,1,0,0,3790,0.00,'','2006-09-07','2006-09-07',0,0,0,0,0,0,0,0,5,0,0,1,'2014-01-01',NULL,0,2,0,0,0,1,0,0,1,1,'2015-05-11',3790,0,'NO',0,0,0,0,'0'),(360,'7804920001795',0,'SHAMPOO PRIN 3','SHAMPOO PRIN 3',1,9,0,1,1,0,0,3790,0.00,'','2006-09-07','2006-09-07',0,0,0,0,0,0,0,0,5,0,0,1,'2014-01-01',NULL,0,2,0,0,0,1,0,0,1,1,'2015-12-24',3790,0,'NO',0,0,0,0,'0'),(361,'7501037601145',0,'PILA REDPOWER  AA','PILA REDPOWER  A',1,9,0,1,1,0,0,150,0.00,'NO','2006-09-07','2006-09-07',0,0,0,0,0,0,0,0,1447,0,0,1,'2014-01-01',NULL,0,1,0,0,0,1,0,0,1,1,'2017-04-17',150,0,'NO',0,0,0,0,'0'),(362,'362',0,'PELOTA DE FUTBOL','PELOTA DE FUTBOL',1,9,0,1,1,0,0,2990,0.00,'NO','2006-09-07','2006-09-07',0,60,0,0,0,0,0,0,181,0,0,1,'2014-01-01',NULL,0,1,0,0,0,1,0,0,1,1,'2015-05-12',2990,0,'NO',0,0,0,0,'0'),(363,'7807350000710',0,'EVEREADY AAA','EVEREADY AAA',1,9,0,1,1,0,0,130,0.00,'','2006-09-07','2006-09-07',0,0,0,0,0,0,0,0,62,0,0,1,'2014-01-01',NULL,0,2,0,0,0,1,0,0,1,1,'2016-02-08',130,0,'NO',0,0,0,0,'0'),(364,'6964201401170',0,'SET DE MAQUILLAJE','SET DE MAQUILLAJ',1,9,0,1,1,0,0,2290,0.00,'','2006-09-07','2006-09-07',0,0,0,0,0,0,0,0,4,0,0,1,'2014-01-01',NULL,0,2,0,0,0,1,0,0,1,1,'2015-12-31',2290,0,'NO',0,0,0,0,'0'),(365,'2013058802159',0,'LEGO ROBOT','LEGO ROBOT',1,9,0,1,1,0,0,4190,0.00,'','2006-09-07','2006-09-07',0,0,0,0,0,0,0,0,2,0,0,1,'2014-01-01',NULL,0,2,0,0,0,1,0,0,1,1,'2014-12-24',4190,0,'NO',0,0,0,0,'0'),(366,'9795000020141',0,'PISO NIÑA CON ACCESORIOS','PISO NIÑA CON AC',1,9,0,1,1,0,0,13990,0.00,'','2006-09-07','2006-09-07',0,5,0,0,0,0,0,0,4,0,0,1,'2014-01-01',NULL,0,2,0,0,0,1,0,0,1,1,'2015-04-02',13990,0,'NO',0,0,0,0,'0'),(367,'7805414003462',0,'CAMION NILO PLAYERO','CAMION NILO PLAY',1,9,0,1,1,0,0,2990,0.00,'','2006-09-07','2006-09-07',0,0,0,0,0,0,0,0,35,0,0,1,'2014-01-01',NULL,0,2,0,0,0,1,0,0,1,1,'2016-03-08',2990,0,'NO',0,0,0,0,'0'),(368,'2013083100213',0,'LEGO HELICOPTERO','LEGO HELICOPTERO',1,9,0,1,1,0,0,7050,0.00,'','2006-09-07','2006-09-07',0,0,0,0,0,0,0,0,2,0,0,1,'2014-01-01',NULL,0,2,0,0,0,1,0,0,1,1,'2015-01-17',7050,0,'NO',0,0,0,0,'0'),(369,'586000794458',0,'BUS ESCOLAR AMARILLO','BUS ESCOLAR AMAR',1,9,0,1,1,0,0,1990,0.00,'','2006-09-07','2006-09-07',0,120,0,0,0,0,0,0,72,0,0,1,'2014-01-01',NULL,0,2,0,0,0,1,0,0,1,1,'2016-01-30',1990,0,'NO',0,0,0,0,'0'),(370,'586000794434',0,'TANQUE MILITAR CON LUZ Y SONIDO','TANQUE MILITAR',1,9,0,1,1,0,2500,4590,83.60,'NO','2006-09-07','2006-09-07',0,108,0,0,0,0,0,0,101,0,0,1,'2014-01-01',NULL,0,1,0,0,0,1,0,0,1,1,'2017-04-10',4590,0,'NO',0,0,0,0,'0'),(371,'4800897642149',0,'JEEP MILITAR CAMBIABLE A PILA TIGER','JEEP MILITAR CAM',1,9,0,1,1,0,0,2890,0.00,'','2006-09-07','2006-09-07',0,63,0,0,0,0,0,0,43,0,0,1,'2014-01-01',NULL,0,2,0,0,0,1,0,0,1,1,'2015-05-05',2890,0,'NO',0,0,0,0,'0'),(372,'9411630057752',0,'HELICOPTERO CON LUZ Y MUSICA','HELICOPTERO CON ',1,9,0,1,1,0,2000,3690,84.50,'NO','2006-09-07','2006-09-07',0,120,0,0,0,0,0,0,84,0,0,1,'2014-01-01',NULL,0,1,0,0,0,1,0,0,1,1,'2017-03-03',3690,0,'NO',0,0,0,0,'0'),(373,'586000794571',0,'SET ROBOT DISPLAY ANIMALES TRANSFORMER','SET ROBOT DISPLA',1,9,0,1,1,0,0,2290,0.00,'','2006-09-07','2006-09-07',0,60,0,0,0,0,0,0,51,0,0,1,'2014-01-01',NULL,0,2,0,0,0,1,0,0,1,1,'2015-05-02',2290,0,'NO',0,0,0,0,'0'),(374,'8436033022016',0,'MANITO','MANITO',1,9,0,1,1,0,0,150,0.00,'','2006-09-07','2006-09-07',0,0,0,0,0,0,0,0,153,0,0,1,'2014-01-01',NULL,0,2,0,0,0,1,0,0,1,1,'2016-06-10',150,0,'NO',0,0,0,0,'0'),(375,'010522123187',0,'BOLSA REGALO 32*23CM SURTIDAS','BOLSA',1,4,12,3,27,0,0,750,0.00,'NO','2006-09-07','2006-09-07',0,10,5,0,0,0,0,0,68,0,0,1,'2014-01-01',NULL,0,1,0,0,0,1,1,0,1,1,'2017-01-28',750,0,'NO',0,0,0,0,'0'),(376,'376',0,'PROARTE GOMA EVA BLANCA 45*60 ','PROARTE GOMA EVA',1,4,5,3,31,0,0,490,0.00,'','2006-09-07','2006-09-07',0,24,12,0,0,0,0,0,151,0,0,1,'2014-01-01',NULL,0,2,0,0,0,5,1,0,1,1,'2017-05-16',490,0,'NO',0,0,0,0,'0'),(377,'377',0,'PROARTE GOMA EVA VIOLETA 45*60','PROARTE GOMA EVA',1,4,5,3,31,0,0,490,0.00,'','2006-09-07','2006-09-07',0,24,12,0,0,0,0,0,42,0,0,1,'2014-01-01',NULL,0,2,0,0,0,5,1,0,1,1,'2017-05-15',490,0,'NO',0,0,0,0,'0'),(378,'378',0,'PROARTE GOMA EVA ROSADO 45*60','PROARTE GOMA EVA',1,4,5,3,31,0,0,490,0.00,'','2006-09-07','2006-09-07',0,24,12,0,0,0,0,0,69,0,0,1,'2014-01-01',NULL,0,2,0,0,0,5,1,0,1,1,'2017-05-05',490,0,'NO',0,0,0,0,'0'),(379,'379',0,'PROARTE GOMA EVA ROJO 45*60','PROARTE GOMA EVA',1,4,5,3,31,0,0,490,0.00,'','2006-09-07','2006-09-07',0,24,12,0,0,0,0,0,65,0,0,1,'2014-01-01',NULL,0,2,0,0,0,5,1,0,1,1,'2017-05-15',490,0,'NO',0,0,0,0,'0'),(380,'380',0,'PROARTE GOMA EVA VERDE PASTO 45*60','PROARTE GOMA EVA',1,4,5,3,31,0,0,490,0.00,'','2006-09-07','2006-09-07',0,24,12,0,0,0,0,0,94,0,0,1,'2014-01-01',NULL,0,2,0,0,0,5,1,0,1,1,'2017-05-06',490,0,'NO',0,0,0,0,'0'),(381,'381',0,'PROARTE GOMA EVA VERDE ARBOL 45*60','PROARTE GOMA EVA',1,4,5,3,31,0,0,490,0.00,'','2006-09-07','2006-09-07',0,24,12,0,0,0,0,0,12,0,0,1,'2014-01-01',NULL,0,2,0,0,0,5,1,0,1,1,'2017-05-15',490,0,'NO',0,0,0,0,'0'),(382,'382',0,'PROARTE GOMA EVA AMARILLA 45*60','PROARTE GOMA EVA',1,4,5,3,31,0,0,490,0.00,'','2006-09-07','2006-09-07',0,24,12,0,0,0,0,0,70,0,0,1,'2014-01-01',NULL,0,2,0,0,0,5,1,0,1,1,'2017-05-16',490,0,'NO',0,0,0,0,'0'),(383,'383',0,'PROARTE GOMA EVA NARANJA 45*60','PROARTE GOMA EVA',1,4,5,3,31,0,0,490,0.00,'','2006-09-07','2006-09-07',0,24,12,0,0,0,0,0,53,0,0,1,'2014-01-01',NULL,0,2,0,0,0,5,1,0,1,1,'2017-05-16',490,0,'NO',0,0,0,0,'0'),(384,'384',0,'PROARTE GOMA EVA NEGRO 45*60','PROARTE GOMA EVA',1,4,5,3,31,0,0,490,0.00,'','2006-09-07','2006-09-07',0,24,12,0,0,0,0,0,67,0,0,1,'2014-01-01',NULL,0,2,0,0,0,5,1,0,1,1,'2017-05-11',490,0,'NO',0,0,0,0,'0'),(385,'385',0,'PROARTE GOMA EVA PIEL 45*60','PROARTE GOMA EVA',1,4,5,3,31,0,0,490,0.00,'','2006-09-07','2006-09-07',0,24,12,0,0,0,0,0,44,0,0,1,'2014-01-01',NULL,0,2,0,0,0,5,1,0,1,1,'2017-05-12',490,0,'NO',0,0,0,0,'0'),(386,'386',0,'PROARTE GOMA EVA AZUL 45*60','PROARTE GOMA EVA',1,4,5,3,31,0,0,490,0.00,'','2006-09-07','2006-09-07',0,24,12,0,0,0,0,0,56.1,0,0,1,'2014-01-01',NULL,0,2,0,0,0,5,1,0,1,1,'2017-05-15',490,0,'NO',0,0,0,0,'0'),(387,'387',0,'PROARTE GOMA EVA CELESTE 45*60','PROARTE GOMA EVA',1,4,5,3,31,0,0,490,0.00,'','2006-09-07','2006-09-07',0,24,12,0,0,0,0,0,41,0,0,1,'2014-01-01',NULL,0,2,0,0,0,5,1,0,1,1,'2017-05-09',490,0,'NO',0,0,0,0,'0'),(388,'7807265062575',0,'PROARTE GOMA EVA GLITTER VERDE 45*60','PROARTE GOMA EVA',1,4,5,3,31,0,0,950,0.00,'','2006-09-07','2006-09-07',0,24,12,0,0,0,0,0,71,0,0,1,'2014-01-01',NULL,0,2,0,0,0,5,1,0,1,1,'2017-05-15',950,0,'NO',0,0,0,0,'0'),(389,'7807265062513',0,'PROARTE GOMA EVA GLITTER BLANCA 45*60','PROARTE GOMA EVA',1,4,5,3,31,0,0,950,0.00,'','2006-09-07','2006-09-07',0,24,12,0,0,0,0,0,88,0,0,1,'2014-01-01',NULL,0,2,0,0,0,5,1,0,1,1,'2017-05-08',950,0,'NO',0,0,0,0,'0'),(390,'390',0,'PAPEL DE REGALO SURTIDOS ','PAPEL DE REGALO ',1,6,500,3,19,0,69,100,44.93,'','2006-09-07','2006-09-07',0,24,12,0,0,0,0,4900,3074,0,0,1,'2016-08-10','92986000-4',0,2,0,0,0,5,1,0,1,1,'2017-04-29',100,0,'NO',0,0,0,97.8298611111111,'0'),(391,'071641355491',0,'SHARPIE PLUMON OLE NEGRO','SHARPIE PLUMON O',1,6,12,3,22,0,1357,2050,51.07,'','2006-09-07','2006-09-07',0,24,12,0,0,0,0,24,1,0,0,1,'2016-03-09','77532660-3',0,2,0,0,0,18,1,0,1,1,'2016-11-28',2050,0,'NO',0,0,0,1357,'0'),(392,'071641355514',0,'SHARPIE PLUMON OLEO AZUL','SHARPIE PLUMON O',1,6,12,3,22,0,1357,2050,51.07,'NO','2006-09-07','2006-09-07',0,24,12,0,0,0,0,24,0,0,0,1,'2016-03-09','77532660-3',0,1,0,0,0,18,1,0,1,1,'2014-01-01',2050,0,'NO',0,0,0,1357,'0'),(393,'071641355521',0,'SHARPIE PLUMON OLEO VERDE','SHARPIE PLUMON O',1,6,12,3,22,0,1357,2050,51.07,'','2006-09-07','2006-09-07',0,24,12,0,0,0,0,24,1,0,0,1,'2016-03-09','77532660-3',0,2,0,0,0,18,1,0,1,1,'2017-02-09',2050,0,'NO',0,0,0,1357,'0'),(394,'071641355583',0,'SHARPIE PLUMON OLEO BLANCO ','SHARPIE PLUMON O',1,6,12,3,22,0,1357,2050,51.07,'','2006-09-07','2006-09-07',0,24,12,0,0,0,0,24,21,0,0,1,'2016-03-09','77532660-3',0,2,0,0,0,18,1,0,1,1,'2017-04-26',2050,0,'NO',0,0,0,1357,'0'),(395,'7807265059711',0,'PROARTE PISTOLA PARA SILICONA 7MM','PROARTE PISTOLA ',1,6,12,3,27,0,2018,3390,67.99,'NO','2006-09-07','2006-09-07',0,24,12,0,0,0,0,48,64,0,0,1,'2016-05-14','92986000-4',0,1,0,0,0,5,1,0,1,1,'2017-05-09',3390,0,'NO',0,0,0,1904,'0'),(396,'396',0,'BIC LAPIZ PASTA 4 COLORES ORIGINAL ','BIC LAPIZ PASTA ',1,6,12,3,7,0,979,1470,50.15,'NO','2006-09-07','2006-09-07',0,12,6,0,0,0,0,0,35,0,0,1,'2014-01-01',NULL,0,1,0,0,0,19,1,0,1,1,'2017-03-13',1470,0,'NO',0,0,0,0,'0'),(397,'397',0,'SHARPIE MARCADOR PERMANENTE ULTRA FINE ROJO','SHARPIE MARCADOR',1,6,6,3,22,0,370,590,59.46,'','2006-09-07','2006-09-07',0,24,12,0,0,0,0,144,5,0,0,1,'2016-03-29','77532660-3',0,2,0,0,0,18,1,0,1,1,'2017-04-28',590,0,'NO',0,0,0,370,'0'),(398,'071641355545',0,'SHARPIE PLUMON OLEO AMARILLO ','SHARPIE PLUMON O',1,6,12,3,22,0,1358,2050,50.96,'','2006-09-07','2006-09-07',0,24,12,0,0,0,0,24,11,0,0,1,'2016-03-29','77532660-3',0,2,0,0,0,18,1,0,1,1,'2016-10-18',2050,0,'NO',0,0,0,1358,'0'),(399,'071641097094',0,'PAPER MATE LAPICES DE COLORES TUBO *24UN  + SACPUNTA ','PAPER MATE LAPIC',1,6,24,3,7,0,1647,2470,49.97,'NO','2006-09-07','2006-09-07',0,24,12,0,0,0,0,144,7,0,0,1,'2016-03-29','77532660-3',0,1,0,0,0,18,1,0,1,1,'2017-03-28',2470,0,'NO',0,0,0,1647,'0'),(400,'7703486012279',0,'PAPER MATE BOLIGRAFO GEL BORRABLE SURT.','PAPER MATE BOLIG',1,6,12,3,7,0,927,1390,49.95,'','2006-09-07','2006-09-07',0,24,12,0,0,0,0,96,49,0,0,1,'2016-03-29','77532660-3',0,2,0,0,0,20,1,0,1,1,'2017-04-06',1390,0,'NO',0,0,0,927,'0'),(401,'3501179012247',0,'PAPER MATE BOLIGRAFO GEL BORRABLE AZUL ','PAPER MATE BOLIG',1,6,12,3,7,0,927,1490,60.73,'NO','2006-09-07','2006-09-07',0,6,3,0,0,0,0,48,48,0,0,1,'2016-03-29','77532660-3',0,1,0,0,0,20,1,0,1,1,'2017-05-13',1490,0,'NO',0,0,0,927,'0'),(402,'3501179012254',0,'PAPER MATE BOLIGRAFO GEL BORRABLE ROJO','PAPER MATE BOLIG',1,6,12,3,7,0,927,1390,49.95,'','2006-09-07','2006-09-07',0,24,12,0,0,0,0,48,5,0,0,1,'2016-03-29','77532660-3',0,2,0,0,0,20,1,0,1,1,'2017-05-06',1390,0,'NO',0,0,0,927,'0'),(403,'7503486011667',0,'PAPER MATE BOLIGRAFO KILOMETRICO NEGRO','PAPER MATE BOLIG',1,6,12,3,7,0,100,200,100.00,'','2006-09-07','2006-09-07',0,24,12,0,0,0,0,144,23,0,0,1,'2016-03-29','77532660-3',0,2,0,0,0,20,1,0,1,1,'2017-03-20',200,0,'NO',0,0,0,100,'0'),(404,'7503486011674',0,'PAPER MATE BOLIGRAFO KILOMETRICO AZUL','PAPER MATE BOLIG',1,6,12,3,7,0,100,200,100.00,'','2006-09-07','2006-09-07',0,24,12,0,0,0,0,144,81,0,0,1,'2016-03-29','77532660-3',0,2,0,0,0,20,1,0,1,1,'2017-05-06',200,0,'NO',0,0,0,100,'0'),(405,'7503486011681',0,'PAPER MATE BOLIGRAFO KILOMETRICO ROJO','PAPER MATE BOLIG',1,6,12,3,7,0,100,200,100.00,'','2006-09-07','2006-09-07',0,24,12,0,0,0,0,72,11,0,0,1,'2016-03-29','77532660-3',0,2,0,0,0,20,1,0,1,1,'2017-03-01',200,0,'NO',0,0,0,100,'0'),(406,'7703486011562',0,'PAPER MATE BOLIGRAFOS 4 COLORES KILOMETRICO ','PAPER MATE BOLIG',1,6,6,3,7,0,574,950,65.51,'NO','2006-09-07','2006-09-07',0,6,3,0,0,0,0,600,113,0,0,1,'2016-03-29','77532660-3',0,1,0,0,0,20,1,0,1,1,'2017-05-06',950,0,'NO',0,0,0,356,'0'),(407,'5471641092368',0,'SHARPIE PLUMON PERMANENTE AZUL P/ BIZELADA ','SHARPIE PLUMON P',1,6,12,3,22,0,414,650,57.00,'','2006-09-07','2006-09-07',0,24,12,0,0,0,0,24,7,0,0,1,'2016-03-29','77532660-3',0,2,0,0,0,18,1,0,1,1,'2017-03-11',650,0,'NO',0,0,0,414,'0'),(408,'5471641092375',0,'SHARPIE PLUMON PERMANENTE ROJO P/ BIZELADA ','SHARPIE PLUMON P',1,6,12,3,22,0,414,650,57.00,'','2006-09-07','2006-09-07',0,24,12,0,0,0,0,864,6,0,0,1,'2016-03-29','77532660-3',0,2,0,0,0,18,1,0,1,1,'2017-01-19',650,0,'NO',0,0,0,414,'0'),(409,'5471641092382',0,'SHARPIE PLUMON PERMANENTE NEGRO P/ BIZELADA ','SHARPIE PLUMON P',1,6,12,3,22,0,414,650,57.00,'','2006-09-07','2006-09-07',0,24,12,0,0,0,0,144,10,0,0,1,'2016-03-29','77532660-3',0,2,0,0,0,18,1,0,1,1,'2017-05-03',650,0,'NO',0,0,0,414,'0'),(410,'071641092396',0,'SHARPIE PLUMON PERMANENTE COLORES SURTIDOS P/BIZELADA','SHARPIE PLUMON P',1,6,12,3,22,0,414,650,57.00,'','2006-09-07','2006-09-07',0,24,12,0,0,0,0,288,12,0,0,1,'2016-03-29','77532660-3',0,2,0,0,0,18,1,0,1,1,'2016-10-24',650,0,'NO',0,0,0,414,'0'),(411,'050875813809',0,'BLACK DECKER ASPIRADORA  1800WATS  COMPACT CYCLONIC PRO ','BLACK DECKER ASP',1,6,4,2,37,0,34989,38990,11.44,'','2006-09-07','2006-09-07',0,4,2,0,0,0,0,0,3,0,0,1,'2014-01-01',NULL,0,2,0,0,0,3,1,0,1,1,'2017-04-03',38990,0,'NO',0,0,0,34989,'0'),(412,'412',0,'EDIPAC CARTON DUPLEX 200G 770*1100M','EDIPAC CARTON DU',1,4,100,3,19,0,189,290,53.44,'','2006-09-07','2006-09-07',0,24,12,0,0,0,0,0,17,0,0,1,'2014-01-01',NULL,0,2,0,0,0,5,1,0,1,1,'2017-01-12',290,0,'NO',0,0,0,189,'0'),(413,'413',0,'CART. MAULE R/CAFE  390GR 77*110 CARTON DUPLEX ','CART. MAULE R/CA',1,4,100,3,19,0,370,590,59.46,'','2006-09-07','2006-09-07',0,24,12,0,0,0,0,0,42,0,0,1,'2014-01-01',NULL,0,2,0,0,0,5,1,0,1,1,'2016-09-14',590,0,'NO',0,0,0,370,'0'),(414,'7891360591948',0,'FABER CASTELL LAPIZ GRAFITO N°2HB TRIANGULAR ','FABER CASTELL LA',1,6,12,3,7,0,117,210,79.49,'NO','2006-09-07','2006-09-07',0,24,12,0,0,0,0,0,361,0,0,1,'2014-01-01',NULL,0,1,0,0,0,22,1,0,1,1,'2017-05-17',210,0,'NO',0,0,0,116,'0'),(415,'415',0,'PROARTE GOMA EVA CAFE 45*60 UN','PROARTE GOMA EVA',1,4,5,3,31,0,280,490,75.00,'','2006-09-07','2006-09-07',0,12,6,0,0,0,0,0,45,0,0,1,'2014-01-01',NULL,0,2,0,0,0,5,1,0,1,1,'2017-05-09',490,0,'NO',0,0,0,280,'0'),(416,'7891360577683',0,'FABER CASTELL LAPIZ GRAFITO N°2HB REDONDO ','FABER CASTELL LA',1,6,12,3,7,0,117,210,79.49,'NO','2006-09-07','2006-09-07',0,24,12,0,0,0,0,0,344,0,0,1,'2014-01-01',NULL,0,1,0,0,0,22,1,0,1,1,'2017-05-15',210,0,'NO',0,0,0,116,'0'),(417,'417',0,'FABER CASTELL LAPICES BICOLOR AZUL/ROJO HEXAGONAL ','FABER CASTELL LA',1,6,12,3,7,0,357,650,82.07,'NO','2006-09-07','2006-09-07',0,12,6,0,0,0,0,0,64,0,0,1,'2014-01-01',NULL,0,1,0,0,0,22,1,0,1,1,'2017-05-15',650,0,'NO',0,0,0,350,'0'),(418,'418',0,'SHARPIE PLUMON PUNTA FINA AZUL','SHARPIE PLUMON P',1,6,12,3,22,0,369,690,86.99,'','2006-09-07','2006-09-07',0,12,6,0,0,0,0,0,8,0,0,1,'2014-01-01',NULL,0,2,0,0,0,18,1,0,1,1,'2017-05-09',690,0,'NO',0,0,0,369,'0'),(419,'419',0,'GLOBOS BALLOONS SUELTOS ','GLOBOS BALLOONS ',1,4,50,3,35,0,20,100,400.00,'','2006-09-07','2006-09-07',0,20,10,0,0,0,0,0,162,0,0,1,'2014-01-01',NULL,0,2,0,0,0,37,1,0,1,1,'2017-05-17',100,0,'NO',0,0,0,20,'0'),(420,'420',0,'SHARPIE PLUMON PUNTA FINA NARANJO','SHARPIE PLUMON P',1,6,12,3,22,0,369,690,86.99,'','2006-09-07','2006-09-07',0,12,6,0,0,0,0,0,7,0,0,1,'2014-01-01',NULL,0,2,0,0,0,18,1,0,1,1,'2017-05-16',690,0,'NO',0,0,0,369,'0'),(421,'421',0,'SHARPIE PLUMON PUNTA FINA NEGRO','SHARPIE PLUMON P',1,6,12,3,22,0,369,690,86.99,'','2006-09-07','2006-09-07',0,12,6,0,0,0,0,0,145,0,0,1,'2014-01-01',NULL,0,2,0,0,0,18,1,0,1,1,'2017-05-16',690,0,'NO',0,0,0,369,'0'),(422,'422',0,'PAPEL DE ENVOLVER CAFE ','PAPEL DE ENVOLVE',1,4,100,3,27,0,26,50,92.31,'','2006-09-07','2006-09-07',0,100,50,0,0,0,0,0,281,0,0,1,'2014-01-01',NULL,0,2,0,0,0,8,1,0,1,1,'2017-05-15',50,0,'NO',0,0,0,26,'0'),(423,'423',0,'PAPEL VOLANTIN ROJO 1 PLIEGO','PAPEL VOLANTIN R',1,4,10,3,19,0,24,50,108.33,'','2006-09-07','2006-09-07',0,24,12,0,0,0,0,0,296,0,0,1,'2014-01-01',NULL,0,2,0,0,0,5,1,0,1,1,'2017-05-15',50,0,'NO',0,0,0,24,'0'),(424,'424',0,'PAPEL VOLANTIN AZUL  1 PLIEGO','PAPEL VOLANTIN A',1,4,10,3,19,0,24,50,108.33,'','2006-09-07','2006-09-07',0,24,12,0,0,0,0,0,189,0,0,1,'2014-01-01',NULL,0,2,0,0,0,5,1,0,1,1,'2017-04-20',50,0,'NO',0,0,0,24,'0'),(425,'425',0,'PAPEL VOLANTIN AMARILLO 1PLIEGO','PAPEL VOLANTIN A',1,4,10,3,19,0,24,50,108.33,'','2006-09-07','2006-09-07',0,24,12,0,0,0,0,0,152,0,0,1,'2014-01-01',NULL,0,2,0,0,0,5,1,0,1,1,'2017-05-15',50,0,'NO',0,0,0,24,'0'),(426,'426',0,'PAPEL VOLANTIN BLANCO 1 PLIEGO','PAPEL VOLANTIN B',1,4,10,3,19,0,24,50,108.33,'','2006-09-07','2006-09-07',0,24,12,0,0,0,0,0,385,0,0,1,'2014-01-01',NULL,0,2,0,0,0,5,1,0,1,1,'2017-05-16',50,0,'NO',0,0,0,24,'0'),(427,'427',0,'PAPEL MANTEQUILLA 40GR ','PAPEL MANTEQUILL',1,4,500,3,19,0,51,100,96.08,'','2006-09-07','2006-09-07',0,24,12,0,0,0,0,0,478,0,0,1,'2014-01-01',NULL,0,2,0,0,0,5,1,0,1,1,'2017-05-16',100,0,'NO',0,0,0,51,'0'),(428,'428',0,'CARTON DUPLEX 295GR MEDIO','CARTON DUPLEX 29',1,4,100,3,19,0,266,440,65.41,'NO','2006-09-07','2006-09-07',0,25,12,0,0,0,0,0,143,0,0,1,'2014-01-01',NULL,0,1,0,0,0,5,1,0,1,1,'2017-05-17',440,0,'NO',0,0,0,189,'0'),(430,'430',0,'CINTA DE EMBALAJE TRANSPARENTE 100 MT*48MM','CINTA DE EMBALAJ',1,6,48,3,33,0,1139,1790,57.16,'','2006-09-07','2006-09-07',0,25,10,0,0,0,0,0,20,0,0,1,'2014-01-01',NULL,0,2,0,0,0,5,1,0,1,1,'2016-10-08',1790,0,'NO',0,0,0,1139,'0'),(431,'431',0,'PROARTE GOMA EVA 20*30 NEGRO ','PROARTE GOMA EVA',1,6,50,3,31,0,0,110,0.00,'','2006-09-07','2006-09-07',0,25,10,0,0,0,0,0,154,0,0,1,'2014-01-01',NULL,0,2,0,0,0,5,10,0,1,1,'2017-05-15',110,0,'NO',0,0,0,0,'0'),(432,'432',0,'PROARTE GOMA EVA 20*30 VERDE PASTO  ','PROARTE GOMA EVA',1,6,50,3,31,0,0,110,0.00,'','2006-09-07','2006-09-07',0,20,10,0,0,0,0,0,165,0,0,1,'2014-01-01',NULL,0,2,0,0,0,5,10,0,1,1,'2017-05-15',110,0,'NO',0,0,0,0,'0'),(433,'433',0,'PROARTE GOMA EVA 20*30 ROSADO ','PROARTE GOMA EVA',1,6,50,3,31,0,0,110,0.00,'','2006-09-07','2006-09-07',0,20,10,0,0,0,0,0,114,0,0,1,'2014-01-01',NULL,0,2,0,0,0,5,10,0,1,1,'2017-05-16',110,0,'NO',0,0,0,0,'0'),(434,'434',0,'PROARTE GOMA EVA 20*30 VERDE ARBOL','PROARTE GOMA EVA',1,6,50,3,31,0,0,110,0.00,'','2006-09-07','2006-09-07',0,20,10,0,0,0,0,0,71,0,0,1,'2014-01-01',NULL,0,2,0,0,0,5,10,0,1,1,'2017-05-09',110,0,'NO',0,0,0,0,'0'),(435,'435',0,'PROARTE GOMA EVA 20*30 GRIS ','PROARTE GOMA EVA',1,6,50,3,31,0,0,110,0.00,'','2006-09-07','2006-09-07',0,20,10,0,0,0,0,0,54,0,0,1,'2014-01-01',NULL,0,2,0,0,0,5,1,0,1,1,'2017-05-12',110,0,'NO',0,0,0,0,'0'),(436,'436',0,'PROARTE GOMA EVA 20*30 CELESTE ','PROARTE GOMA EVA',1,6,50,3,31,0,0,110,0.00,'','2006-09-07','2006-09-07',0,20,10,0,0,0,0,0,88,0,0,1,'2014-01-01',NULL,0,2,0,0,0,5,10,0,1,1,'2017-05-16',110,0,'NO',0,0,0,0,'0'),(437,'437',0,'PROARTE GOMA EVA 20*30 ROJO ','PROARTE GOMA EVA',1,6,50,3,31,0,0,110,0.00,'','2006-09-07','2006-09-07',0,20,10,0,0,0,0,0,130,0,0,1,'2014-01-01',NULL,0,2,0,0,0,5,10,0,1,1,'2017-05-16',110,0,'NO',0,0,0,0,'0'),(438,'438',0,'PROARTE GOMA EVA 20*30 AMARILLO','PROARTE GOMA EVA',1,6,50,3,31,0,0,110,0.00,'','2006-09-07','2006-09-07',0,20,10,0,0,0,0,0,142,0,0,1,'2014-01-01',NULL,0,2,0,0,0,5,10,0,1,1,'2017-05-16',110,0,'NO',0,0,0,0,'0'),(439,'439',0,'PROARTE GOMA EVA 20*30 AZUL MARINO','PROARTE GOMA EVA',1,6,50,3,31,0,0,110,0.00,'','2006-09-07','2006-09-07',0,20,10,0,0,0,0,0,39,0,0,1,'2014-01-01',NULL,0,2,0,0,0,5,10,0,1,1,'2017-05-09',110,0,'NO',0,0,0,0,'0'),(440,'440',0,'PROARTE GOMA EVA 20*30 PIEL','PROARTE GOMA EVA',1,6,50,3,31,0,0,110,0.00,'','2006-09-07','2006-09-07',0,20,10,0,0,0,0,0,50,0,0,1,'2014-01-01',NULL,0,2,0,0,0,5,10,0,1,1,'2017-05-15',110,0,'NO',0,0,0,0,'0'),(441,'441',0,'PROARTE GOMA EVA 20*30 VIOLETA ','PROARTE GOMA EVA',1,6,50,3,31,0,0,110,0.00,'','2006-09-07','2006-09-07',0,20,10,0,0,0,0,0,50,0,0,1,'2014-01-01',NULL,0,2,0,0,0,5,10,0,1,1,'2017-05-16',110,0,'NO',0,0,0,0,'0'),(442,'442',0,'PROARTE GOMA EVA 20*30 BLANCO','PROARTE GOMA EVA',1,6,50,3,31,0,0,110,0.00,'','2006-09-07','2006-09-07',0,20,10,0,0,0,0,0,104,0,0,1,'2014-01-01',NULL,0,2,0,0,0,5,10,0,1,1,'2017-05-17',110,0,'NO',0,0,0,0,'0'),(443,'443',0,'PROARTE GOMA EVA 20*30  NARANJA ','PROARTE GOMA EVA',1,6,50,3,31,0,0,110,0.00,'NO','2006-09-07','2006-09-07',0,20,10,0,0,0,0,0,101,0,0,1,'2014-01-01',NULL,0,1,0,0,0,5,10,0,1,1,'2017-05-16',110,0,'NO',0,0,0,0,'0'),(444,'444',0,'MASTER-G DVD 4.7GB','MASTER-G DVD 4.7',1,6,12,3,27,0,0,290,0.00,'','2006-09-07','2006-09-07',0,10,5,0,0,0,0,0,36,0,0,1,'2014-01-01',NULL,0,2,0,0,0,5,50,0,1,1,'2017-05-03',290,0,'NO',0,0,0,0,'0'),(445,'445',0,'FACTIS GOMA DE MIGA COLORES SURT. Y DISEÑOS ','FACTIS GOMA DE M',1,6,60,3,29,0,67,150,123.88,'NO','2006-09-07','2006-09-07',0,6,3,0,0,0,0,0,228,0,0,1,'2014-01-01',NULL,0,1,0,0,0,27,1,0,1,1,'2017-05-15',150,0,'NO',0,0,0,65,'0'),(446,'446',0,'MAPED LAPIZ FINELINER GRAPH PEPS COLRS SURT.','MAPED FINELINER ',1,6,60,3,7,0,272,450,65.44,'NO','2006-09-07','2006-09-07',0,10,5,0,0,0,0,0,95,0,0,1,'2014-01-01',NULL,0,1,0,0,0,24,1,0,1,1,'2017-05-17',450,0,'NO',0,0,0,272,'0'),(447,'447',0,'MAPED DESTACADOR POCKET COLRS. SURTIDOS  ','MAPED DESTACADOR',1,6,48,3,21,0,382,580,51.83,'','2006-09-07','2006-09-07',0,20,10,0,0,0,0,0,23,0,0,1,'2014-01-01',NULL,0,2,0,0,0,24,1,0,1,1,'2017-04-06',580,0,'NO',0,0,0,382,'0'),(448,'448',0,'MAPED DESTACADOR FLUOPEPS  COLORES SURTIDOS ','MAPED DESTACADOR',1,6,28,3,21,0,395,590,49.37,'','2006-09-07','2006-09-07',0,20,10,0,0,0,0,0,21,0,0,1,'2014-01-01',NULL,0,2,0,0,0,24,1,0,1,1,'2017-02-21',590,0,'NO',0,0,0,395,'0'),(449,'449',0,'EDIPAC BOND ALCALINO 140GR 110*77  BLANCO','EDIPAC BOND ALCA',1,6,250,3,19,0,116,220,89.66,'NO','2006-09-07','2006-09-07',0,20,10,0,0,0,0,0,123,0,0,1,'2014-01-01',NULL,0,1,0,0,0,5,1,0,1,1,'2017-05-16',220,0,'NO',0,0,0,116,'0'),(450,'450',0,'PENTEL PORTAMINAS WOW 0.5MM COLORES SURT.','PENTEL PORTAMINA',1,6,12,3,7,0,695,1050,51.08,'','2006-09-07','2006-09-07',0,12,6,0,0,0,0,0,6,0,0,1,'2014-01-01',NULL,0,2,0,0,0,26,1,0,1,1,'2017-03-02',1050,0,'NO',0,0,0,695,'0'),(451,'451',0,'PENTEL PORTAMINAS WOW 0.7MM COLORES SURT.','PENTEL PORTAMINA',1,6,12,3,7,0,695,1050,51.08,'','2006-09-07','2006-09-07',0,12,6,0,0,0,0,0,10,0,0,1,'2014-01-01',NULL,0,2,0,0,0,26,1,0,1,1,'2017-02-20',1050,0,'NO',0,0,0,695,'0'),(452,'452',0,'PAPEL BOND ALCALINO 56GR 77*110','PAPEL BOND ALCAL',1,6,500,3,19,0,50,90,80.00,'','2006-09-07','2006-09-07',0,25,10,0,0,0,0,0,7,0,0,1,'2014-01-01',NULL,0,2,0,0,0,5,1,0,1,1,'2016-04-29',90,0,'NO',0,0,0,50,'0'),(453,'453',0,'BIC SACAPUNTA DOBLE COLORES SURTIDOS ','BIC SACAPUNTA DO',1,6,40,3,30,0,312,490,57.05,'','2006-09-07','2006-09-07',0,20,10,0,0,0,0,0,55,0,0,1,'2014-01-01',NULL,0,2,0,0,0,19,1,0,1,1,'2017-05-15',490,0,'NO',0,0,0,312,'0'),(454,'454',0,'BIC SACAPUNTA SIMPLE C/ DEPOSITO COLORES SURTIDOS ','BIC SACAPUNTA SI',1,6,25,3,30,0,171,390,128.07,'NO','2006-09-07','2006-09-07',0,20,10,0,0,0,0,0,50,0,0,1,'2014-01-01',NULL,0,1,0,0,0,19,1,0,1,1,'2017-03-20',390,0,'NO',0,0,0,340,'0'),(455,'455',0,'BIC LAPIZ ROLLER GRIP NEGRO 0.7MM ','BIC LAPIZ ROLLER',1,6,12,3,7,0,318,590,85.53,'','2006-09-07','2006-09-07',0,12,6,0,0,0,0,0,8,0,0,1,'2014-01-01',NULL,0,2,0,0,0,19,1,0,1,1,'2017-04-03',590,0,'NO',0,0,0,318,'0'),(456,'456',0,'BIC LAPIZ ROLLER GRIP AZUL 0.7MM','BIC LAPIZ ROLLER',1,6,12,3,7,0,318,590,85.53,'','2006-09-07','2006-09-07',0,12,6,0,0,0,0,0,12,0,0,1,'2014-01-01',NULL,0,2,0,0,0,19,1,0,1,1,'2017-01-27',590,0,'NO',0,0,0,318,'0'),(458,'458',0,'BIC LAPIZ PASTA CRISTAL AZUL P/MEDIA ','BIC LAPIZ PASTA ',1,6,50,3,7,0,181,280,54.70,'NO','2006-09-07','2006-09-07',0,24,12,0,0,0,0,0,449,0,0,1,'2014-01-01',NULL,0,1,0,0,0,19,1,0,1,1,'2017-05-16',280,0,'NO',0,0,0,110,'0'),(459,'459',0,'BIC LAPIZ PASTA CRISTAL ROJO P/MEDIA ','BIC LAPIZ PASTA ',1,6,50,3,7,0,181,280,54.70,'NO','2006-09-07','2006-09-07',0,24,12,0,0,0,0,0,160,0,0,1,'2014-01-01',NULL,0,1,0,0,0,19,1,0,1,1,'2017-05-16',280,0,'NO',0,0,0,110,'0'),(460,'460',0,'BIC LAPIZ PASTA CRISTAL VERDE P/MEDIA','BIC LAPIZ PASTA ',1,6,50,3,7,0,181,280,54.70,'NO','2006-09-07','2006-09-07',0,24,12,0,0,0,0,0,46,0,0,1,'2014-01-01',NULL,0,1,0,0,0,19,1,0,1,1,'2017-05-16',280,0,'NO',0,0,0,110,'0'),(461,'461',0,'BIC LAPIZ GRAFITO VERDE TRIANGULAR ','BIC LAPIZ GRAFIT',1,6,12,3,7,0,76,150,97.37,'','2006-09-07','2006-09-07',0,12,6,0,0,0,0,0,285,0,0,1,'2014-01-01',NULL,0,2,0,0,0,19,1,0,1,1,'2017-05-15',150,0,'NO',0,0,0,76,'0'),(462,'462',0,'BIC LAPIZ GRAFITO VERDE C/GOMA HB','BIC LAPIZ GRAFIT',1,6,12,3,7,0,100,180,80.00,'','2006-09-07','2006-09-07',0,12,6,0,0,0,0,0,366,0,0,1,'2014-01-01',NULL,0,2,0,0,0,19,1,0,1,1,'2017-05-15',180,0,'NO',0,0,0,100,'0'),(463,'463',0,'NILSA FRASCO ESCARCHA VERDE ','NILSA FRASCO ESC',1,4,12,3,18,0,66,180,172.73,'NO','2006-09-07','2006-09-07',0,12,6,0,0,0,0,0,6,0,0,1,'2014-01-01',NULL,0,1,0,0,0,17,1,0,1,1,'2017-01-17',180,0,'NO',0,0,0,0,'0'),(464,'464',0,'NILSA FRASCO ESCARCHA COBRE','NILSA FRASCO ESC',1,4,12,3,18,0,66,180,172.73,'','2006-09-07','2006-09-07',0,12,6,0,0,0,0,0,3,0,0,1,'2014-01-01',NULL,0,2,0,0,0,17,1,0,1,1,'2016-10-24',180,0,'NO',0,0,0,66,'0'),(465,'465',0,'NILSA FRASCO ESCARCHA TURQUEZA ','NILSA FRASCO ESC',1,4,12,3,18,0,66,180,172.73,'','2006-09-07','2006-09-07',0,12,6,0,0,0,0,0,9,0,0,1,'2014-01-01',NULL,0,2,0,0,0,17,1,0,1,1,'2016-12-17',180,0,'NO',0,0,0,66,'0'),(466,'466',0,'NILSA FRASCO ESCARCHA DORADO','NILSA FRASCO ESC',1,4,12,3,18,0,66,180,172.73,'','2006-09-07','2006-09-07',0,12,6,0,0,0,0,0,8,0,0,1,'2014-01-01',NULL,0,2,0,0,0,17,1,0,1,1,'2016-12-17',180,0,'NO',0,0,0,66,'0'),(467,'467',0,'NILSA FRASCO ESCARCHA MORADO ','NILSA FRASCO ESC',1,4,12,3,18,0,66,180,172.73,'','2006-09-07','2006-09-07',0,12,6,0,0,0,0,0,4,0,0,1,'2014-01-01',NULL,0,2,0,0,0,17,1,0,1,1,'2017-02-20',180,0,'NO',0,0,0,66,'0'),(468,'468',0,'NILSA FRASCO ESCARCHA PLATA ','NILSA FRASCO ESC',1,4,12,3,18,0,66,180,172.73,'','2006-09-07','2006-09-07',0,12,6,0,0,0,0,0,9,0,0,1,'2014-01-01',NULL,0,2,0,0,0,17,1,0,1,1,'2016-11-30',180,0,'NO',0,0,0,66,'0'),(469,'469',0,'NILSA FRASCO ESCARCHA FUCSIA ','NILSA FRASCO ESC',1,4,12,3,18,0,66,180,172.73,'','2006-09-07','2006-09-07',0,12,6,0,0,0,0,0,4,0,0,1,'2014-01-01',NULL,0,2,0,0,0,17,1,0,1,1,'2016-12-06',180,0,'NO',0,0,0,66,'0'),(470,'470',0,'NILSA FRASCO ESCARCHA ROJO','NILSA FRASCO ESC',1,4,12,3,18,0,66,180,172.73,'','2006-09-07','2006-09-07',0,12,6,0,0,0,0,0,2,0,0,1,'2014-01-01',NULL,0,2,0,0,0,17,1,0,1,1,'2017-01-17',180,0,'NO',0,0,0,66,'0'),(471,'471',0,'NILSA FRASCO ESCARCHA AZUL','NILSA FRASCO ESC',1,4,12,3,18,0,66,180,172.73,'','2006-09-07','2006-09-07',0,12,6,0,0,0,0,0,6,0,0,1,'2014-01-01',NULL,0,2,0,0,0,17,1,0,1,1,'2017-04-24',180,0,'NO',0,0,0,66,'0'),(472,'472',0,'BIC MARCADOR PERMANENTE P/FINA AZUL ','BIC MARCADOR PER',1,6,12,3,22,0,240,390,62.50,'','2006-09-07','2006-09-07',0,12,6,0,0,0,0,0,7,0,0,1,'2014-01-01',NULL,0,2,0,0,0,19,1,0,1,1,'2017-01-23',390,0,'NO',0,0,0,240,'0'),(473,'473',0,'BIC MARCADOR PERMANENTE P/FINA ROJO','BIC MARCADOR PER',1,6,12,3,22,0,240,390,62.50,'','2006-09-07','2006-09-07',0,12,6,0,0,0,0,0,10,0,0,1,'2014-01-01',NULL,0,2,0,0,0,19,1,0,1,1,'2017-01-10',390,0,'NO',0,0,0,240,'0'),(474,'474',0,'BIC PORTA MINA SHIMMERS 0.5 ','BIC PORTA MINA S',1,4,12,3,7,0,181,280,54.70,'','2006-09-07','2006-09-07',0,12,6,0,0,0,0,0,15,0,0,1,'2014-01-01',NULL,0,2,0,0,0,19,1,0,1,1,'2017-04-25',280,0,'NO',0,0,0,181,'0'),(475,'475',0,'BIC LAPIZ PASTA PINK 1.2 ','BIC LAPIZ PASTA ',1,6,25,3,7,0,210,320,52.38,'NO','2006-09-07','2006-09-07',0,20,10,0,0,0,0,0,31,0,0,1,'2014-01-01',NULL,0,1,0,0,0,19,1,0,1,1,'2017-05-12',320,0,'NO',0,0,0,132,'0'),(476,'476',0,'BIC LAPIS PASTA LILA 1.2','BIC LAPIS PASTA ',1,6,25,3,7,0,210,320,52.38,'NO','2006-09-07','2006-09-07',0,20,10,0,0,0,0,0,25,0,0,1,'2014-01-01',NULL,0,1,0,0,0,19,1,0,1,1,'2017-03-08',320,0,'NO',0,0,0,132,'0'),(477,'477',0,'BIC LAPIS PASTA TURQUEZA BLUE 1.2','BIC LAPIS PASTA ',1,6,25,3,7,0,210,320,52.38,'NO','2006-09-07','2006-09-07',0,20,10,0,0,0,0,0,26,0,0,1,'2014-01-01',NULL,0,1,0,0,0,19,1,0,1,1,'2017-05-12',320,0,'NO',0,0,0,132,'0'),(478,'478',0,'BIC PORTAMINA SHIMMERS 0.7MM ','BIC PORTAMINA SH',1,4,14,3,7,0,156,280,79.49,'','2006-09-07','2006-09-07',0,12,6,0,0,0,0,0,15,0,0,1,'2014-01-01',NULL,0,2,0,0,0,19,1,0,1,1,'2017-04-07',280,0,'NO',0,0,0,156,'0'),(479,'479',0,'BIC LAPIZ GRAFITO EVOLUTION STYLE HEXAGONAL','BIC LAPIZ GRAFIT',1,6,12,3,7,0,89,150,68.54,'','2006-09-07','2006-09-07',0,12,6,0,0,0,0,0,57,0,0,1,'2014-01-01',NULL,0,2,0,0,0,19,1,0,1,1,'2017-04-10',150,0,'NO',0,0,0,89,'0'),(480,'480',0,'SOBRE CARTA BLANCO 12.4*15.4 ','SOBRE CARTA BLAN',1,4,50,3,44,0,15,50,233.33,'NO','2006-09-07','2006-09-07',0,15,10,0,0,0,0,500,219,0,0,1,'2016-05-14','76041579-0',0,1,0,0,0,32,1,0,1,1,'2017-05-02',50,0,'NO',0,0,0,15,'0'),(481,'481',0,'SOBRE AMERICANO BLANCO 10*23','SOBRE AMERICANO ',1,4,50,3,44,0,15,60,300.00,'','2006-09-07','2006-09-07',0,15,10,0,0,0,0,500,1104,0,0,1,'2016-05-14','76041579-0',0,2,0,0,0,32,1,0,1,1,'2017-05-13',60,0,'NO',0,0,0,15,'0'),(482,'482',0,'SOBRE SACO REVISTA BLANCO 23*30','SOBRE SACO REVIS',1,4,50,3,44,0,55,100,81.82,'','2006-09-07','2006-09-07',0,15,10,0,0,0,0,250,46,0,0,1,'2016-05-14','76041579-0',0,2,0,0,0,32,1,0,1,1,'2017-05-17',100,0,'NO',0,0,0,55,'0'),(483,'483',0,'SOBRE OFICIO BLANCO 24*34','SOBRE OFICIO BLA',1,4,50,3,44,0,59,120,103.39,'','2006-09-07','2006-09-07',0,15,10,0,0,0,0,250,90,0,0,1,'2016-05-14','76041579-0',0,2,0,0,0,32,1,0,1,1,'2017-05-11',120,0,'NO',0,0,0,59,'0'),(484,'484',0,'SOBRE 1/2 CARTA BLANCO 15*23','SOBRE 1/2 CARTA ',1,4,50,3,44,0,28,70,150.00,'','2006-09-07','2006-09-07',0,15,10,0,0,0,0,500,54,0,0,1,'2016-05-14','76041579-0',0,2,0,0,0,32,1,0,1,1,'2017-04-17',70,0,'NO',0,0,0,28,'0'),(485,'485',0,'SOBRE 1/2 OFICIO BLANCO 20*26','SOBRE 1/2 OFICIO',1,4,50,3,44,0,38,80,110.53,'','2006-09-07','2006-09-07',0,15,10,0,0,0,0,500,56,0,0,1,'2016-05-14','76041579-0',0,2,0,0,0,32,1,0,1,1,'2017-05-17',80,0,'NO',0,0,0,38,'0'),(486,'486',0,'SOBRE SACO EXTRA OFICIO BLANCO 30*40','SOBRE SACO EXTRA',1,4,50,3,44,0,74,150,102.70,'','2006-09-07','2006-09-07',0,15,10,0,0,0,0,250,39,0,0,1,'2016-05-14','76041579-0',0,2,0,0,0,32,1,0,1,1,'2017-05-12',150,0,'NO',0,0,0,74,'0'),(487,'487',0,'DEDOS DE GOMA N°12','DEDOS DE GOMA N°',1,6,12,3,27,0,50,100,100.00,'','2006-09-07','2006-09-07',0,12,6,0,0,0,0,50,25,0,0,1,'2016-05-14','76041579-0',0,2,0,0,0,31,1,0,1,1,'2017-05-10',100,0,'NO',0,0,0,50,'0'),(488,'488',0,'DEDOS DE GOMA N°13','DEDOS DE GOMA N°',1,6,12,3,27,0,50,100,100.00,'','2006-09-07','2006-09-07',0,12,6,0,0,0,0,50,19,0,0,1,'2016-05-14','76041579-0',0,2,0,0,0,31,1,0,1,1,'2017-04-21',100,0,'NO',0,0,0,50,'0'),(489,'489',0,'CARTULINA BLANCA 55*77 ','CARTULINA BLANCA',1,4,100,3,10,0,95,190,100.00,'','2006-09-07','2006-09-07',0,20,10,0,0,0,0,100,98,0,0,1,'2016-05-14','76041579-0',0,2,0,0,0,32,1,0,1,1,'2016-09-27',190,0,'NO',0,0,0,95,'0'),(490,'490',0,'ISOFIT LIBRETA IVORY 13*21 CAFE S/LINEAS ','ISOFIT LIBRETA I',1,6,5,3,47,0,2316,4190,80.92,'','2006-09-07','2006-09-07',0,5,2,0,0,0,0,5,0,0,0,1,'2016-08-10','92986000-4',0,2,0,0,0,6,1,0,1,1,'2014-01-01',4190,0,'NO',0,0,0,2316,'0'),(491,'491',0,'ISOFIT LIBRETA IVORY 13*21 NEGRA S/LINEAS ','ISOFIT LIBRETA I',1,6,5,3,47,0,2316,4190,80.92,'','2006-09-07','2006-09-07',0,5,2,0,0,0,0,5,0,0,0,1,'2016-08-10','92986000-4',0,2,0,0,0,6,1,0,1,1,'2014-01-01',4190,0,'NO',0,0,0,2316,'0'),(492,'492',0,'ISOFIT LIBRETA IVORY 13*21 AZUL S/LINEAS','ISOFIT LIBRETA I',1,6,5,3,47,0,2316,4190,80.92,'','2006-09-07','2006-09-07',0,5,2,0,0,0,0,5,0,0,0,1,'2016-08-10','92986000-4',0,2,0,0,0,6,1,0,1,1,'2014-01-01',4190,0,'NO',0,0,0,2316,'0'),(493,'493',0,'ISOFIT LIBRETA IVORY 9*4 NEGRA S/LINEAS ','ISOFIT LIBRETA I',1,6,5,3,47,0,1844,3350,81.67,'','2006-09-07','2006-09-07',0,5,2,0,0,0,0,5,0,0,0,1,'2016-08-10','92986000-4',0,2,0,0,0,5,1,0,1,1,'2014-01-01',3350,0,'NO',0,0,0,1844,'0'),(494,'494',0,'ISOFIT LIBRETA IVORY 9*14 VERDE S/LINEAS','ISOFIT LIBRETA I',1,6,5,3,47,0,1844,3350,81.67,'','2006-09-07','2006-09-07',0,5,2,0,0,0,0,5,0,0,0,1,'2016-08-10','92986000-4',0,2,0,0,0,6,1,0,1,1,'2014-01-01',3350,0,'NO',0,0,0,1844,'0'),(495,'495',0,'ISOFIT LIBRETA IVORY 9*14 AZUL S/LINEAS ','ISOFIT LIBRETA I',1,6,5,3,47,0,1844,3350,81.67,'','2006-09-07','2006-09-07',0,0,2,0,0,0,0,5,0,0,0,1,'2016-08-10','92986000-4',0,2,0,0,0,6,1,0,1,1,'2014-01-01',3350,0,'NO',0,0,0,1844,'0'),(496,'496',0,'ISOFIT LIBRETA IVORY 9*14 MORADA S/LINEAS','ISOFIT LIBRETA I',1,6,5,3,47,0,1844,3350,81.67,'','2006-09-07','2006-09-07',0,5,2,0,0,0,0,5,0,0,0,1,'2016-08-10','92986000-4',0,2,0,0,0,6,1,0,1,1,'2014-01-01',3350,0,'NO',0,0,0,1844,'0'),(497,'497',0,'PEPEL FOTOGRAFICO CARTA 20HOJAS ','PEPEL FOTOGRAFIC',1,6,12,3,19,0,1428,2690,88.38,'','2006-09-07','2006-09-07',0,12,6,0,0,0,0,0,10,0,0,1,'2014-01-01',NULL,0,2,0,0,0,21,1,0,1,1,'2016-08-26',2690,0,'NO',0,0,0,1428,'0'),(498,'498',0,'PROARTE GOMA EVA 20*30 CAFE ','PROARTE GOMA EVA',1,6,10,3,31,0,0,110,0.00,'','2006-09-07','2006-09-07',0,10,5,0,0,0,0,0,37,0,0,1,'2014-01-01',NULL,0,2,0,0,0,5,1,0,1,1,'2017-05-05',110,0,'NO',0,0,0,0,'0'),(499,'499',0,'MONAMI LAPIZ GRAFITO JUMBO TRIANGULARES ','MONAMI LAPIZ GRA',1,6,12,3,7,0,109,200,83.49,'','2006-09-07','2006-09-07',0,6,3,0,0,0,0,0,2,0,0,1,'2014-01-01',NULL,0,2,0,0,0,42,1,0,1,1,'2017-05-04',200,0,'NO',0,0,0,109,'0'),(501,'501',0,'DIAZOL OPALINA PEARLUSCENT CARTA RED 210GR 100HJAS ','DIAZOL OPALINA P',1,6,100,3,19,0,96,180,87.50,'','2006-09-07','2006-09-07',0,10,5,0,0,0,0,0,2,0,0,1,'2014-01-01',NULL,0,2,0,0,0,36,1,0,1,1,'2016-12-20',180,0,'NO',0,0,0,96,'0'),(502,'502',0,'DIAZOL OPALINA GOF. 200GR MILKI.','DIAZOL OPALINA G',1,6,125,3,19,0,60,120,100.00,'','2006-09-07','2006-09-07',0,50,10,0,0,0,0,0,69,0,0,1,'2014-01-01',NULL,0,2,0,0,0,36,1,0,1,1,'2017-05-12',120,0,'NO',0,0,0,60,'0'),(503,'503',0,'DIAZOL OPALINA GOF. 200GR GREEN-LIGHT','DIAZOL OPALINA G',1,6,125,3,19,0,60,120,100.00,'','2006-09-07','2006-09-07',0,50,10,0,0,0,0,0,50,0,0,1,'2014-01-01',NULL,0,2,0,0,0,36,1,0,1,1,'2017-05-08',120,0,'NO',0,0,0,60,'0'),(504,'504',0,'DIAZOL OPALINA GOF. 200GR CARTA CREAM','DIAZOL OPALINA G',1,6,125,3,19,0,60,120,100.00,'','2006-09-07','2006-09-07',0,50,10,0,0,0,0,0,2,0,0,1,'2014-01-01',NULL,0,2,0,0,0,36,1,0,1,1,'2017-04-08',120,0,'NO',0,0,0,60,'0'),(505,'505',0,'DIAZOL OPALINA GOF. 200GR CARTA CLEAR.','DIAZOL OPALINA G',1,6,125,3,19,0,60,120,100.00,'','2006-09-07','2006-09-07',0,50,10,0,0,0,0,0,29,0,0,1,'2014-01-01',NULL,0,2,0,0,0,36,1,0,1,1,'2017-05-16',120,0,'NO',0,0,0,60,'0'),(506,'506',0,'DIAZOL OPALINA GOFRADA CARTA 200GR PINK','DIAZOL OPALINA G',1,6,125,3,19,0,60,120,100.00,'','2006-09-07','2006-09-07',0,10,5,0,0,0,0,0,75,0,0,1,'2014-01-01',NULL,0,2,0,0,0,36,1,0,1,1,'2017-05-15',120,0,'NO',0,0,0,60,'0'),(507,'507',0,'DIAZOL OPALINA GOF. CARTA 200GR PEANUT.','DIAZOL OPALINA G',1,6,125,3,19,0,60,120,100.00,'','2006-09-07','2006-09-07',0,50,10,0,0,0,0,0,28,0,0,1,'2014-01-01',NULL,0,2,0,0,0,36,1,0,1,1,'2017-05-15',120,0,'NO',0,0,0,60,'0'),(508,'508',0,'DIAZOL OPALINA GOF. 200GR MAYON.','DIAZOL OPALINA G',1,6,125,3,19,0,60,120,100.00,'','2006-09-07','2006-09-07',0,50,10,0,0,0,0,0,89,0,0,1,'2014-01-01',NULL,0,2,0,0,0,36,1,0,1,1,'2017-05-15',120,0,'NO',0,0,0,60,'0'),(509,'509',0,'DIAZOL OPALINA GOF. 200GR CARTA SKY-BLUE ','DIAZOL OPALINA G',1,6,125,3,19,0,60,120,100.00,'','2006-09-07','2006-09-07',0,50,10,0,0,0,0,0,36,0,0,1,'2014-01-01',NULL,0,2,0,0,0,36,1,0,1,1,'2017-05-16',120,0,'NO',0,0,0,60,'0'),(510,'510',0,'DIAZOL OPALINA GOF. CARTA 200GR IVORY ','DIAZOL OPALINA G',1,6,125,3,19,0,60,120,100.00,'','2006-09-07','2006-09-07',0,50,10,0,0,0,0,0,23,0,0,1,'2014-01-01',NULL,0,2,0,0,0,36,1,0,1,1,'2017-03-18',120,0,'NO',0,0,0,60,'0'),(511,'511',0,'DIAZOL OPALINA LILAC CARTA SILVER 200GR ','DIAZOL OPALINA L',1,6,100,3,19,0,86,160,86.05,'','2006-09-07','2006-09-07',0,50,10,0,0,0,0,0,5,0,0,1,'2014-01-01',NULL,0,2,0,0,0,36,1,0,1,1,'2017-04-01',160,0,'NO',0,0,0,86,'0'),(512,'512',0,'DIAZOL OPALINA LILAC CARTA GREEN 200GR ','DIAZOL OPALINA L',1,6,125,3,19,0,86,160,86.05,'','2006-09-07','2006-09-07',0,50,10,0,0,0,0,0,14,0,0,1,'2014-01-01',NULL,0,2,0,0,0,36,1,0,1,1,'2017-05-06',160,0,'NO',0,0,0,86,'0'),(513,'513',0,'DIAZOL OPALINA LILAC CARTA PINK ','DIAZOL OPALINA L',1,6,100,3,19,0,86,160,86.05,'','2006-09-07','2006-09-07',0,50,10,0,0,0,0,0,25,0,0,1,'2014-01-01',NULL,0,2,0,0,0,36,1,0,1,1,'2017-05-06',160,0,'NO',0,0,0,86,'0'),(514,'514',0,'DIAZOL OPALINA LILAC CARTA PURPLE 200GR','DIAZOL OPALINA L',1,6,100,3,19,0,86,160,86.05,'','2006-09-07','2006-09-07',0,10,5,0,0,0,0,0,28,0,0,1,'2014-01-01',NULL,0,2,0,0,0,36,1,0,1,1,'2017-05-10',160,0,'NO',0,0,0,86,'0'),(515,'515',0,'DIAZOL OPALINA LILAC CARTA WHITE 100HJS 200G','DIAZOL OPALINA L',1,6,100,3,19,0,86,160,86.05,'','2006-09-07','2006-09-07',0,12,6,0,0,0,0,0,74,0,0,1,'2014-01-01',NULL,0,2,0,0,0,36,1,0,1,1,'2017-05-03',160,0,'NO',0,0,0,86,'0'),(516,'516',0,'DIAZOL OPALINA LILAC CARTA  YELLOW 100HJS','DIAZOL OPALINA L',1,6,100,3,19,0,86,160,86.05,'','2006-09-07','2006-09-07',0,10,5,0,0,0,0,0,89,0,0,1,'2014-01-01',NULL,0,2,0,0,0,36,1,0,1,1,'2017-04-11',160,0,'NO',0,0,0,86,'0'),(517,'517',0,'DIAZOL OPALINA PEARLUCENT 210GR CARTA YELLOW','DIAZOL OPALINA P',1,6,100,3,19,0,96,180,87.50,'','2006-09-07','2006-09-07',0,20,0,0,0,0,0,0,33,0,0,1,'2014-01-01',NULL,0,2,0,0,0,36,1,0,1,1,'2016-12-06',180,0,'NO',0,0,0,96,'0'),(518,'518',0,'DIAZOL OPALINA PEARLUCENT 210GR CARTA SILVER','DIAZOL OPALINA P',1,6,100,3,19,0,96,180,87.50,'','2006-09-07','2006-09-07',0,20,10,0,0,0,0,0,3,0,0,1,'2014-01-01',NULL,0,2,0,0,0,36,1,0,1,1,'2016-10-12',180,0,'NO',0,0,0,96,'0'),(519,'519',0,'DIAZOL OPALINA PEARLUSCENT CARTA GREEN 210GR 100HJAS ','DIAZOL OPALINA P',1,6,100,3,19,0,96,180,87.50,'','2006-09-07','2006-09-07',0,10,5,0,0,0,0,0,2,0,0,1,'2014-01-01',NULL,0,2,0,0,0,36,1,0,1,1,'2016-08-19',180,0,'NO',0,0,0,96,'0'),(520,'520',0,'DIAZOL OPALINA PEARLUSCENT CARTA CREAM 210GR 100HJAS','DIAZOL OPALINA P',1,6,100,3,19,0,96,180,87.50,'','2006-09-07','2006-09-07',0,10,5,0,0,0,0,0,11,0,0,1,'2014-01-01',NULL,0,2,0,0,0,36,1,0,1,1,'2017-03-21',180,0,'NO',0,0,0,96,'0'),(521,'521',0,'DIAZOL OPALINA PEARLUSCENT CARTA COOPER 210GR 100HJAS','DIAZOL OPALINA P',1,6,100,3,19,0,96,180,87.50,'','2006-09-07','2006-09-07',0,10,5,0,0,0,0,0,2,0,0,1,'2014-01-01',NULL,0,2,0,0,0,36,1,0,1,1,'2017-03-21',180,0,'NO',0,0,0,96,'0'),(522,'522',0,'DIAZOL OPALINA LILAC CARTA BLUE ','DIAZOL OPALINA L',1,6,100,3,19,0,86,150,74.42,'','2006-09-07','2006-09-07',0,50,10,0,0,0,0,0,0,0,0,1,'2014-01-01',NULL,0,2,0,0,0,36,1,0,1,1,'2014-01-01',150,0,'NO',0,0,0,86,'0'),(523,'523',0,'DIAZOL OPALINA LISA 200GRS CARTA','DIAZOL OPALINA L',1,6,100,3,19,0,45,100,122.22,'','2006-09-07','2006-09-07',0,20,10,0,0,0,0,0,90,0,0,1,'2014-01-01',NULL,0,2,0,0,0,36,1,0,1,1,'2017-05-11',100,0,'NO',0,0,0,45,'0'),(524,'524',0,'PAPEL DE REGALO NAVIDEÑO','PAPEL DE REGALO ',1,5,100,3,19,0,90,150,66.67,'','2006-09-07','2006-09-07',0,20,10,0,0,0,0,0,801.9,0,0,1,'2014-01-01',NULL,0,2,0,0,0,38,1,0,1,1,'2017-03-31',150,0,'NO',0,0,0,90,'0'),(525,'525',0,'DIAZOL OPALINA LILAC OFICIO SILVER 200GR','DIAZOL OPALINA L',1,6,100,3,19,0,101,190,88.12,'','2006-09-07','2006-09-07',0,50,10,0,0,0,0,0,0,0,0,1,'2014-01-01',NULL,0,2,0,0,0,36,1,0,1,1,'2014-01-01',190,0,'NO',0,0,0,101,'0'),(526,'526',0,'DIAZOL OPALINA GOF. 200GR OFICIO CREAM','DIAZOL OPALINA G',1,6,125,3,19,0,70,130,85.71,'','2006-09-07','2006-09-07',0,50,10,0,0,0,0,0,6,0,0,1,'2014-01-01',NULL,0,2,0,0,0,36,1,0,1,1,'2017-02-18',130,0,'NO',0,0,0,70,'0'),(527,'527',0,'DIAZOL OPALINA GOFRADA GF 200GR OFICIO ','DIAZOL OPALINA G',1,6,100,3,19,0,54,180,233.33,'','2006-09-07','2006-09-07',0,50,10,0,0,0,0,0,46,0,0,1,'2014-01-01',NULL,0,2,0,0,0,36,1,0,1,1,'2016-12-06',180,0,'NO',0,0,0,54,'0'),(528,'528',0,'DIAZOL OPALINA LISA 200GR OFICIO ','DIAZOL OPALINA L',1,6,100,3,19,0,49,100,104.08,'NO','2006-09-07','2006-09-07',0,30,20,0,0,0,0,0,179,0,0,1,'2014-01-01',NULL,0,1,0,0,0,36,1,0,1,1,'2017-05-12',100,0,'NO',0,0,0,0,'0'),(529,'529',0,'DIAZOL OPALINA GOF. 200GR OFICIO MILKY','DIAZOL OPALINA G',1,6,125,3,19,0,70,130,85.71,'','2006-09-07','2006-09-07',0,50,10,0,0,0,0,0,0,0,0,1,'2014-01-01',NULL,0,2,0,0,0,36,1,0,1,1,'2014-01-01',130,0,'NO',0,0,0,70,'0'),(530,'530',0,'DIAZOL OPALINA GOF. 200G OFICIO CLEAR Y.','DIAZOL OPALINA G',1,6,125,3,19,0,70,130,85.71,'','2006-09-07','2006-09-07',0,12,6,0,0,0,0,0,13,0,0,1,'2014-01-01',NULL,0,2,0,0,0,36,1,0,1,1,'2017-04-28',130,0,'NO',0,0,0,70,'0'),(531,'531',0,'DIAZOL OPALINA GROFADA OFICIO 200GR 1125UN','DIAZOL OPALINA G',1,6,125,3,19,0,70,130,85.71,'','2006-09-07','2006-09-07',0,10,5,0,0,0,0,0,57,0,0,1,'2014-01-01',NULL,0,2,0,0,0,36,1,0,1,1,'2017-05-10',130,0,'NO',0,0,0,70,'0'),(532,'532',0,'DIAZOL OPALINA GOF. 200GR OFICIO SKY-BL.','DIAZOL OPALINA G',1,6,100,3,19,0,70,130,85.71,'','2006-09-07','2006-09-07',0,50,10,0,0,0,0,0,16,0,0,1,'2014-01-01',NULL,0,2,0,0,0,36,1,0,1,1,'2017-05-08',130,0,'NO',0,0,0,70,'0'),(533,'533',0,'DIAZOL APALINA GOF. 200GR MAYONN.','DIAZOL APALINA G',1,6,125,3,19,0,70,130,85.71,'','2006-09-07','2006-09-07',0,50,10,0,0,0,0,0,50,0,0,1,'2014-01-01',NULL,0,2,0,0,0,36,1,0,1,1,'2016-08-01',130,0,'NO',0,0,0,70,'0'),(534,'534',0,'DIAZOL OPALINA GOF. 200GR OFICIO GREEN-LIGHT','DIAZOL OPALINA G',1,6,125,3,19,0,70,130,85.71,'','2006-09-07','2006-09-07',0,50,10,0,0,0,0,0,19,0,0,1,'2014-01-01',NULL,0,2,0,0,0,36,1,0,1,1,'2017-05-12',130,0,'NO',0,0,0,70,'0'),(535,'535',0,'PAPEL DE REGALO TODA OCACION KINDER','PAPEL DE REGALO ',1,5,100,3,19,0,90,150,66.67,'','2006-09-07','2006-09-07',0,20,10,0,0,0,0,0,871,0,0,1,'2014-01-01',NULL,0,2,0,0,0,38,1,0,1,1,'2017-05-16',150,0,'NO',0,0,0,90,'0'),(536,'536',0,'DIAZOL OPALINA GOF. 200GR OFICIO PEANUT.','DIAZOL OPALINA G',1,6,125,3,19,0,70,130,85.71,'','2006-09-07','2006-09-07',0,50,10,0,0,0,0,0,8,0,0,1,'2014-01-01',NULL,0,2,0,0,0,36,1,0,1,1,'2017-05-08',130,0,'NO',0,0,0,70,'0'),(537,'537',0,'DIAZOL OPALINA PEARLUCENT 210GR OFICIO CREAM ','DIAZOL OPALINA P',1,6,100,3,19,0,96,180,87.50,'','2006-09-07','2006-09-07',0,20,10,0,0,0,0,0,9,0,0,1,'2014-01-01',NULL,0,2,0,0,0,36,1,0,1,1,'2017-04-10',180,0,'NO',0,0,0,96,'0'),(538,'538',0,'DIAZOL OPALINA PEARLUSCENT 210GR OFICIO GREEN ','DIAZOL OPALINA P',1,6,100,3,19,0,113,210,85.84,'','2006-09-07','2006-09-07',0,50,10,0,0,0,0,0,16,0,0,1,'2014-01-01',NULL,0,2,0,0,0,36,1,0,1,1,'2017-04-10',210,0,'NO',0,0,0,113,'0'),(539,'539',0,'DIAZOL OPALINA LILAC OFICIO PINK 200GR','DIAZOL OPALINA L',1,6,100,3,19,0,101,190,88.12,'','2006-09-07','2006-09-07',0,10,5,0,0,0,0,0,22,0,0,1,'2014-01-01',NULL,0,2,0,0,0,36,1,0,1,1,'2017-04-10',190,0,'NO',0,0,0,101,'0'),(540,'540',0,'DIAZOL OPALINA LILAC OFICIO BLUE 200GR','DIAZOL OPALINA L',1,6,100,3,19,0,101,190,88.12,'','2006-09-07','2006-09-07',0,10,5,0,0,0,0,0,6,0,0,1,'2014-01-01',NULL,0,2,0,0,0,36,1,0,1,1,'2017-04-04',190,0,'NO',0,0,0,101,'0'),(541,'541',0,'DIAZOL OPALINA LILAC OFICIO PURPLE 200GR ','DIAZOL OPALINA L',1,6,100,3,19,0,101,190,88.12,'','2006-09-07','2006-09-07',0,20,10,0,0,0,0,0,33,0,0,1,'2014-01-01',NULL,0,2,0,0,0,36,1,0,1,1,'2017-04-10',190,0,'NO',0,0,0,101,'0'),(542,'542',0,'DIAZOL OPALINA LILAC OFICIO WHITE 200GR','DIAZOL OPALINA L',1,6,100,3,19,0,101,190,88.12,'','2006-09-07','2006-09-07',0,10,5,0,0,0,0,0,16,0,0,1,'2014-01-01',NULL,0,2,0,0,0,36,1,0,1,1,'2017-04-20',190,0,'NO',0,0,0,101,'0'),(543,'543',0,'DIAZOL OPALINA LILAC OFICIO GREEN 200GR ','DIAZOL OPALINA L',1,6,100,3,19,0,101,190,88.12,'','2006-09-07','2006-09-07',0,50,10,0,0,0,0,0,3,0,0,1,'2014-01-01',NULL,0,2,0,0,0,36,1,0,1,1,'2017-04-04',190,0,'NO',0,0,0,101,'0'),(544,'544',0,'DIAZOL OPALINA PEARLUSCENT 210GR OFICIO COOPER  ','DIAZOL OPALINA P',1,6,100,3,19,0,113,210,85.84,'','2006-09-07','2006-09-07',0,50,10,0,0,0,0,0,14,0,0,1,'2014-01-01',NULL,0,2,0,0,0,36,1,0,1,1,'2017-04-10',210,0,'NO',0,0,0,113,'0'),(545,'545',0,'DIAZOL OPALINA LILAC OFICIO YELLOW 200GR','DIAZOL OPALINA L',1,6,100,3,19,0,101,190,88.12,'','2006-09-07','2006-09-07',0,12,6,0,0,0,0,0,19,0,0,1,'2014-01-01',NULL,0,2,0,0,0,36,1,0,1,1,'2017-03-10',190,0,'NO',0,0,0,101,'0'),(546,'546',0,'DIAZOL OPALINA PEARLUSCENT. OFICIO SILVER 210GR','DIAZOL OPALINA P',1,6,100,3,19,0,113,210,85.84,'','2006-09-07','2006-09-07',0,10,5,0,0,0,0,0,3,0,0,1,'2014-01-01',NULL,0,2,0,0,0,36,1,0,1,1,'2017-04-10',210,0,'NO',0,0,0,113,'0'),(547,'547',0,'DIAZOL OPALINA PEARLUCENT OFICIO RED 210GR','DIAZOL OPALINA P',1,6,100,3,19,0,113,210,85.84,'','2006-09-07','2006-09-07',0,10,5,0,0,0,0,0,3,0,0,1,'2014-01-01',NULL,0,2,0,0,0,36,1,0,1,1,'2017-04-10',210,0,'NO',0,0,0,113,'0'),(548,'548',0,'DIAZOL OPALINA PEARLUSCENT 210GR OFICIO YELLOW ','DIAZOL OPALINA P',1,6,100,3,19,0,113,210,85.84,'','2006-09-07','2006-09-07',0,50,10,0,0,0,0,0,2,0,0,1,'2014-01-01',NULL,0,2,0,0,0,36,1,0,1,1,'2017-03-28',210,0,'NO',0,0,0,113,'0'),(549,'549',0,'USATAPE CINTA MASKING 48MM*40M','USATAPE CINTA MA',1,6,24,3,33,0,882,1450,64.40,'NO','2006-09-07','2006-09-07',0,20,10,0,0,0,0,0,24,0,0,1,'2014-01-01',NULL,0,1,0,0,0,17,1,0,1,1,'2017-03-06',1450,0,'NO',0,0,0,882,'0'),(550,'550',0,'USATAPE CINTA MASKING 36MM*40MM','USATAPE CINTA MA',1,6,24,3,33,0,661,1060,60.36,'','2006-09-07','2006-09-07',0,20,10,0,0,0,0,0,41,0,0,1,'2014-01-01',NULL,0,2,0,0,0,1,1,0,1,1,'2017-05-13',1060,0,'NO',0,0,0,661,'0'),(551,'551',0,'USATAPE CINTA MASKING 24MM * 40M','USATAPE CINTA MA',1,6,36,3,33,0,441,710,61.00,'','2006-09-07','2006-09-07',0,20,10,0,0,0,0,0,50,0,0,1,'2014-01-01',NULL,0,2,0,0,0,39,1,0,1,1,'2017-05-13',710,0,'NO',0,0,0,441,'0'),(552,'552',0,'USATAPE CINTA MASKING 18MM * 40M','USATAPE CINTA MA',1,6,48,3,33,0,331,550,66.16,'','2006-09-07','2006-09-07',0,20,10,0,0,0,0,0,34,0,0,1,'2014-01-01',NULL,0,2,0,0,0,39,1,0,1,1,'2017-05-17',550,0,'NO',0,0,0,331,'0'),(553,'553',0,'INK-JET ETIQUETAS AUTOADHESIVAS ','INK-JET ETIQUETA',1,4,10,3,19,0,987,1690,71.23,'','2006-09-07','2006-09-07',0,8,5,0,0,0,0,0,7,0,0,1,'2014-01-01',NULL,0,2,0,0,0,43,1,0,1,1,'2017-04-20',1690,0,'NO',0,0,0,987,'0'),(554,'554',0,'SELLOFFICE LAPIZ CRISTAL AZUL ','SELLOFFICE LAPIZ',1,6,50,3,7,0,54,150,177.78,'NO','2006-09-07','2006-09-07',0,6,3,0,0,0,0,0,139,0,0,1,'2014-01-01',NULL,0,1,0,0,0,41,1,0,1,1,'2017-05-05',150,0,'NO',0,0,0,55,'0'),(555,'555',0,'SELLOFFICE LAPIZ CRISTAL NEGRO ','SELLOFFICE LAPIZ',1,6,50,3,7,0,54,150,177.78,'NO','2006-09-07','2006-09-07',0,6,3,0,0,0,0,0,35,0,0,1,'2014-01-01',NULL,0,1,0,0,0,41,1,0,1,1,'2017-04-26',150,0,'NO',0,0,0,55,'0'),(556,'556',0,'SELLOFFICE LAPIZ CRISTAL ROJO','SELLOFFICE LAPIZ',1,6,50,3,7,0,54,150,177.78,'NO','2006-09-07','2006-09-07',0,6,3,0,0,0,0,0,35,0,0,1,'2014-01-01',NULL,0,1,0,0,0,41,1,0,1,1,'2017-03-28',150,0,'NO',0,0,0,55,'0'),(557,'557',0,'BANDEJA ESCRITORIO ARTICULADA DOBLE METALICA ','BANDEJA ESCRITOR',1,9,1,3,27,0,3875,6250,61.29,'','2006-09-07','2006-09-07',0,3,2,0,0,0,0,0,2,0,0,1,'2014-01-01',NULL,0,2,0,0,0,41,1,0,1,1,'2017-03-01',6250,0,'NO',0,0,0,3875,'0'),(558,'558',0,'PAPEL DIAMANTE  29.3*42CMS ','PAPEL DIAMANTE  ',1,4,12,3,19,0,0,250,0.00,'','2006-09-07','2006-09-07',0,6,3,0,0,0,0,0,6,0,0,1,'2014-01-01',NULL,0,2,0,0,0,5,1,0,1,1,'2017-05-15',250,0,'NO',0,0,0,0,'0'),(559,'559',0,'PAPEL DIAMANTE 21*29.7CM ','PAPEL DIAMANTE 2',1,4,12,3,19,0,0,150,0.00,'','2006-09-07','2006-09-07',0,6,3,0,0,0,0,0,10,0,0,1,'2014-01-01',NULL,0,2,0,0,0,5,1,0,1,1,'2017-05-15',150,0,'NO',0,0,0,0,'0'),(560,'560',0,'SELLOFFICE BOLIGRAFO CRISTAL VERDE','SELLOFFICE BOLIG',1,6,50,3,7,0,54,150,177.78,'','2006-09-07','2006-09-07',0,6,3,0,0,0,0,0,5,0,0,1,'2014-01-01',NULL,0,2,0,0,0,41,1,0,1,1,'2017-03-27',150,0,'NO',0,0,0,54,'0'),(561,'561',0,'HAND FASTENER METALICO DORADO *2UN','HAND FASTENER ME',1,6,50,3,27,0,62,120,93.55,'','2006-09-07','2006-09-07',0,6,3,0,0,0,0,0,0,0,0,1,'2014-01-01',NULL,0,2,0,0,0,31,1,0,1,1,'2014-01-01',120,0,'NO',0,0,0,31,'0'),(562,'562',0,'HAND FASTENER PLASTICO BLANCO *3UN','HAND FASTENER PL',1,6,50,3,27,0,45,100,122.22,'','2006-09-07','2006-09-07',0,6,3,0,0,0,0,0,4,0,0,1,'2014-01-01',NULL,0,2,0,0,0,31,1,0,1,1,'2017-05-11',100,0,'NO',0,0,0,45,'0'),(563,'563',0,'HAND FASTENER MATALICO PLATEADO  *2UN.','HAND FASTENER MA',1,6,50,3,27,0,35,90,157.14,'','2006-09-07','2006-09-07',0,6,3,0,0,0,0,0,0,0,0,1,'2014-01-01',NULL,0,2,0,0,0,31,1,0,1,1,'2014-01-01',90,0,'NO',0,0,0,35,'0'),(580,'580',0,'PROARTE LAPIZ INTELLIGENT AZUL ','PROARTE LAPIZ IN',1,6,36,3,7,0,110,190,72.73,'','2006-09-07','2006-09-07',0,10,5,0,0,0,0,0,1,0,0,1,'2014-01-01',NULL,0,2,0,0,0,5,1,0,1,1,'2017-02-15',190,0,'NO',0,0,0,110,'0'),(667,'667',0,'ARCOIRIS SET DE LIMPIEZA CON BALDE ','SET DE LIMPIEZA ',1,6,10,1,1,0,2961,5390,82.03,'NO','2006-09-07','2006-09-07',0,6,3,0,0,0,0,0,4,0,0,1,'2014-01-01',NULL,0,1,0,0,0,1,1,0,1,1,'2017-04-07',5390,0,'NO',0,0,0,2961,'0'),(806,'806',0,'ARCOIRIS CAMIONETA RACER 806 A FRICCION ','CAMIONETA RACER ',1,6,12,1,1,0,1430,2590,81.12,'NO','2006-09-07','2006-09-07',0,6,3,0,0,0,0,0,4,0,0,1,'2014-01-01',NULL,0,1,0,0,0,1,1,0,1,1,'2017-05-06',2590,0,'NO',0,0,0,1430,'0'),(900,'900',0,'TARJETAS DE CUMPLEAÑOS N° 77','TARJETAS DE CUMP',1,4,240,1,1,0,23,150,552.17,'','2006-09-07','2006-09-07',0,6,3,0,0,0,0,0,37,0,0,1,'2014-01-01',NULL,0,2,0,0,0,1,1,0,1,1,'2017-05-13',150,0,'NO',0,0,0,23,'0'),(925,'k925',0,'TARJETAS CUMPLEAÑOS N°89','TARJETAS CUMPLEA',1,4,248,1,1,0,31,150,383.87,'','2006-09-07','2006-09-07',0,6,3,0,0,0,0,0,24,0,0,1,'2014-01-01',NULL,0,2,0,0,0,1,1,0,1,1,'2017-05-12',150,0,'NO',0,0,0,31,'0'),(2004,'2004',0,'SABONIS BOLIGRAFO 2004 COL. SURT. ','SABONIS BOLIGRAF',1,4,12,3,27,0,2139,4990,133.29,'','2006-09-07','2006-09-07',0,6,3,0,0,0,0,0,1,0,0,1,'2014-01-01',NULL,0,2,0,0,0,44,1,0,1,1,'2017-01-27',4990,0,'NO',0,0,0,2139,'0'),(3029,'3029',0,'PROARTE LAPIZ GRAFITO JUMBO HB N°2 TRIENGULAR ','PROARTE LAPIZ GR',1,6,6,3,7,0,133,250,87.97,'','2006-09-07','2006-09-07',0,6,3,0,0,0,0,0,1,0,0,1,'2014-01-01',NULL,0,2,0,0,0,5,1,0,1,1,'2017-03-02',250,0,'NO',0,0,0,133,'0'),(3311,'3311',0,'TARJETA FLORES ','TARJETA FLORES ',1,4,248,1,1,0,23,150,552.17,'','2006-09-07','2006-09-07',0,6,3,0,0,0,0,0,87,0,0,1,'2014-01-01',NULL,0,2,0,0,0,1,1,0,1,1,'2017-05-13',150,0,'NO',0,0,0,23,'0'),(6000,'6000',0,'SABONIS BOLIGRAFO 6000 COLO. SURT. ','SABONIS BOLIGRAF',1,6,1,3,27,0,2944,5590,89.88,'','2006-09-07','2006-09-07',0,6,3,0,0,0,0,0,3,0,0,1,'2014-01-01',NULL,0,2,0,0,0,44,1,0,1,1,'2017-03-15',5590,0,'NO',0,0,0,2944,'0'),(10019,'10019',0,'BICICLETA ARO 20 NIÑA LILA C/CANASTO','BICICLETA ARO 20',1,6,1,1,1,0,67200,75990,13.08,'','2006-09-07','2006-09-07',0,6,3,0,0,0,0,0,1,0,0,1,'2014-01-01',NULL,0,2,0,0,0,1,1,0,1,1,'2016-09-10',75990,0,'NO',0,0,0,67200,'0'),(25100,'25100',0,'BICICLETA ARO 12 NIÑA ROSADA','BICICLETA ARO 12',1,3,0,1,1,0,0,49990,0.00,'NO','2006-09-07','2006-09-07',0,0,0,0,0,0,0,0,1,0,0,1,'2014-01-01',NULL,0,1,0,0,0,1,0,0,1,1,'2016-07-21',49990,0,'NO',0,0,0,0,'0'),(25102,'25102',0,'BICICLETA ARO 12 NIÑO AMARILLA','BICICLETA ARO 12',1,3,0,1,1,0,0,49990,0.00,'','2006-09-07','2006-09-07',0,0,0,0,0,0,0,0,0,0,0,1,'2014-01-01',NULL,0,2,0,0,0,1,0,0,1,1,'2014-01-01',49990,0,'NO',0,0,0,0,'0'),(25103,'25103',0,'BICICLETA ARO 12 NÑO VERDE ','BICICLETA ARO 12',1,3,0,1,1,0,48000,55990,16.65,'NO','2006-09-07','2006-09-07',0,3,2,0,0,0,0,0,0,0,0,1,'2014-01-01',NULL,0,1,0,0,0,1,0,0,1,1,'2014-01-01',55990,0,'NO',0,0,0,0,'0'),(25107,'25107',0,'BICICLETA ARO 16 NIÑA ROSADA ','BICICLETA ARO 16',1,3,0,1,1,0,57600,69990,21.51,'NO','2006-09-07','2006-09-07',0,3,2,0,0,0,0,0,6,0,0,1,'2014-01-01',NULL,0,1,0,0,0,1,0,0,1,1,'2016-12-23',69990,0,'NO',0,0,0,0,'0'),(25108,'25108',0,'BICICLETA ARO 12 NIÑA ROSADA ','BICICLETA ARO 12',1,3,0,1,1,0,0,53990,0.00,'','2006-09-07','2006-09-07',0,0,0,0,0,0,0,0,0,0,0,1,'2014-01-01',NULL,0,2,0,0,0,1,0,0,1,1,'2014-01-01',53990,0,'NO',0,0,0,0,'0'),(25109,'25109',0,'BICICLETA ARO 12 NIÑA LILA ','BICICLETA AROS12',1,3,0,1,1,0,54400,59990,10.28,'NO','2006-09-07','2006-09-07',0,3,2,0,0,0,0,0,2,0,0,1,'2014-01-01',NULL,0,1,0,0,0,1,0,0,1,1,'2016-09-16',59990,0,'NO',0,0,0,0,'0'),(25110,'25110',0,'BICICLETA ARO 16 NIÑA LILA ','BICICLETA ARO 16',1,3,0,1,1,0,0,56990,0.00,'','2006-09-07','2006-09-07',0,0,0,0,0,0,0,0,1,0,0,1,'2014-01-01',NULL,0,2,0,0,0,1,0,0,1,1,'2016-11-19',56990,0,'NO',0,0,0,0,'0'),(25114,'25114',0,'BICICLETA ARO 12 NIÑA ROSADA','BICICLETA ARO 12',1,3,0,1,1,0,0,55990,0.00,'','2006-09-07','2006-09-07',0,0,0,0,0,0,0,0,2,0,0,1,'2014-01-01',NULL,0,2,0,0,0,1,0,0,1,1,'2016-12-20',55990,0,'NO',0,0,0,0,'0'),(25116,'25116',0,'BICICLETA ARO 16 NIÑA LILA ','BICICLETA ARO 16',1,3,0,1,1,0,0,59990,0.00,'NO','2006-09-07','2006-09-07',0,0,0,0,0,0,0,0,1,0,0,1,'2014-01-01',NULL,0,1,0,0,0,1,0,0,1,1,'2017-03-31',59990,0,'NO',0,0,0,0,'0'),(25119,'25119',0,'BICICLETA ARO 16 NIÑO ROJA (10008','BICICLETA ARO 16',1,6,1,1,1,0,54400,69990,28.66,'','2006-09-07','2006-09-07',0,4,2,0,0,0,0,0,1,0,0,1,'2014-01-01',NULL,0,2,0,0,0,1,1,0,1,1,'2016-09-21',69990,0,'NO',0,0,0,54400,'0'),(50875808,'050875808294',0,'LICUADORA DE 10 VELOCIDADES TURBOPRO ','LICUADORA DE 10 ',1,6,4,2,39,0,0,19990,0.00,'NO','2006-09-07','2006-09-07',0,12,12,0,0,0,0,0,10,0,0,1,'2014-01-01',NULL,0,1,0,0,0,3,1,0,1,1,'2016-11-14',19990,0,'NO',0,0,0,0,'0'),(70330183,'3086126625645',0,'BIC PEGAMENTO BARRA 8GR ','BIC PEGAMENTO BA',1,6,30,3,4,0,179,390,117.88,'','2006-09-07','2006-09-07',0,12,6,0,0,0,0,0,6,0,0,1,'2014-01-01',NULL,0,2,0,0,0,19,1,0,1,1,'2017-02-27',390,0,'NO',0,0,0,179,'0'),(74590511,'074590511321',0,'REMINGTON CEPILLO ROUND BRUSH','REMINGTON CEPILL',1,6,6,3,27,0,0,2990,0.00,'','2006-09-07','2006-09-07',0,12,6,0,0,0,0,0,2,0,0,1,'2014-01-01',NULL,0,2,0,0,0,13,1,0,1,1,'2017-05-11',2990,0,'NO',0,0,0,0,'0'),(74590515,'074590515985',0,'REMINGTON CONTOUR CLIPS 12UN','REMINGTON CONTOU',1,6,24,3,27,0,0,590,0.00,'','2006-09-07','2006-09-07',0,12,6,0,0,0,0,0,2,0,0,1,'2014-01-01',NULL,0,2,0,0,0,13,1,0,1,1,'2016-11-04',590,0,'NO',0,0,0,0,'0'),(74590516,'074590516470',0,'REMINGTON 25CT BOBBY SLIDES','REMINGTON 25CT B',1,6,24,3,27,0,0,490,0.00,'','2006-09-07','2006-09-07',0,12,6,0,0,0,0,0,2,0,0,1,'2014-01-01',NULL,0,2,0,0,0,13,1,0,1,1,'2017-03-03',490,0,'NO',0,0,0,0,'0'),(74590517,'074590516456',0,'REMINGTON 6CT BOBBY SLIDES ','REMINGTON 6CT BO',1,6,24,3,27,0,0,490,0.00,'','2006-09-07','2006-09-07',0,12,6,0,0,0,0,0,1,0,0,1,'2014-01-01',NULL,0,2,0,0,0,13,1,0,1,1,'2016-09-14',490,0,'NO',0,0,0,0,'0'),(74590518,'074590518535',0,'REMINGTON CLIPS PRINT ','REMINGTON CLIPS ',1,6,24,3,27,0,0,490,0.00,'','2006-09-07','2006-09-07',0,12,6,0,0,0,0,0,0,0,0,1,'2014-01-01',NULL,0,2,0,0,0,13,1,0,1,1,'2014-01-01',490,0,'NO',0,0,0,0,'0'),(74590519,'074590518597',0,'REMINGTON 12 CLIPS CONTOUR','REMINGTON 12 CLI',1,6,24,3,27,0,0,590,0.00,'','2006-09-07','2006-09-07',0,12,6,0,0,0,0,0,0,0,0,1,'2014-01-01',NULL,0,2,0,0,0,13,1,0,1,1,'2014-01-01',590,0,'NO',0,0,0,0,'0'),(74590520,'074590518580',0,'REMINGTON 3OCT CLAW CLIPS ','REMINGTON 3OCT C',1,6,24,3,27,0,0,590,0.00,'','2006-09-07','2006-09-07',0,12,6,0,0,0,0,0,2,0,0,1,'2014-01-01',NULL,0,2,0,0,0,13,1,0,1,1,'2016-11-09',590,0,'NO',0,0,0,0,'0'),(74590521,'074590518016',0,'REMINGTON COLES PULSERA ','REMINGTON COLES ',1,6,24,3,27,0,0,390,0.00,'','2006-09-07','2006-09-07',0,12,6,0,0,0,0,0,17,0,0,1,'2014-01-01',NULL,0,2,0,0,0,13,1,0,1,1,'2017-04-08',390,0,'NO',0,0,0,0,'0'),(74590522,'074590516463',0,'REMINGTON 8CT BOBBY SLIDES ','REMINGTON 8CT BO',1,6,24,3,27,0,0,390,0.00,'','2006-09-07','2006-09-07',0,12,6,0,0,0,0,0,1,0,0,1,'2014-01-01',NULL,0,2,0,0,0,13,1,0,1,1,'2017-03-03',390,0,'NO',0,0,0,0,'0'),(74590523,'074590516425',0,'REMINGTON 6CT SLIDES BOBBY','REMINGTON 6CT SL',1,6,24,3,27,0,0,390,0.00,'','2006-09-07','2006-09-07',0,12,6,0,0,0,0,0,1,0,0,1,'2014-01-01',NULL,0,2,0,0,0,13,1,0,1,1,'2017-03-03',390,0,'NO',0,0,0,0,'0'),(74590524,'074590516524',0,'REMINGTON CINTILLO BLANCO / ROSADO C/ROSA','REMINGTON CINTIL',1,6,24,3,27,0,0,690,0.00,'','2006-09-07','2006-09-07',0,12,6,0,0,0,0,0,5,0,0,1,'2014-01-01',NULL,0,2,0,0,0,13,1,0,1,1,'2017-03-03',690,0,'NO',0,0,0,0,'0'),(110808056,'110808056434',0,'BOLSA CHICA','BOLSA CHICA',1,9,0,1,1,0,0,600,0.00,'','2006-09-07','2006-09-07',0,0,0,0,0,0,0,0,24,0,0,1,'2014-01-01',NULL,0,2,0,0,0,1,0,0,1,1,'2016-12-30',600,0,'NO',0,0,0,0,'0'),(110808057,'7805414000034',0,'TOLVA MEDIANO MALLA','TOLVA MEDIANO MA',1,9,0,1,1,0,0,6190,0.00,'','2006-09-07','2006-09-07',0,8,0,0,0,0,0,0,67,0,0,1,'2014-01-01',NULL,0,2,0,0,0,1,0,0,1,1,'2017-03-17',6190,0,'NO',0,0,0,0,'0'),(110808058,'6919798009345',0,'LAPIZ PASTA AZUL','LAPIZ PASTA AZUL',1,9,0,1,1,0,0,150,0.00,'','2006-09-07','2006-09-07',0,0,0,0,0,0,0,0,61,0,0,1,'2014-01-01',NULL,0,2,0,0,0,1,0,0,1,1,'2015-05-11',150,0,'NO',0,0,0,0,'0'),(110808059,'7806130004733',0,'VELA CUMPLEAÑOS NUMERO 6','VELA CUMPLEAÑOS ',1,6,12,3,50,0,250,390,56.00,'NO','2006-09-07','2006-09-07',0,12,5,0,0,0,0,0,14,0,0,1,'2014-01-01',NULL,0,1,0,0,0,35,1,0,1,1,'2017-03-13',390,0,'NO',0,0,0,0,'0'),(110808060,'7806130004771',0,'VELA CUMPLEAÑOS NUMERO 0','VELA CUMPLEAÑOS ',1,6,12,3,50,0,250,390,56.00,'NO','2006-09-07','2006-09-07',0,12,6,0,0,0,0,0,8,0,0,1,'2014-01-01',NULL,0,1,0,0,0,35,1,0,1,1,'2017-05-16',390,0,'NO',0,0,0,0,'0'),(110808061,'7806130004726',0,'VELA CUMPLEAÑOS NUMERO 5','VELA CUMPLEAÑOS ',1,6,12,3,50,0,250,390,56.00,'NO','2006-09-07','2006-09-07',0,12,6,0,0,0,0,0,22,0,0,1,'2014-01-01',NULL,0,1,0,0,0,35,12,0,1,1,'2017-05-11',390,0,'NO',0,0,0,0,'0'),(110808062,'7806130004740',0,'VELA CUMPLEAÑOS NUMERO 7','VELA CUMPLEAÑOS ',1,6,12,3,50,0,250,390,56.00,'NO','2006-09-07','2006-09-07',0,12,6,0,0,0,0,0,22,0,0,1,'2014-01-01',NULL,0,1,0,0,0,35,1,0,1,1,'2017-04-21',390,0,'NO',0,0,0,0,'0'),(110808063,'7806130004764',0,'VELA CUMPLEAÑOS NUMERO 9','VELA CUMPLEAÑOS ',1,6,12,3,50,0,250,390,56.00,'NO','2006-09-07','2006-09-07',0,12,6,0,0,0,0,0,9,0,0,1,'2014-01-01',NULL,0,1,0,0,0,35,1,0,1,1,'2017-04-21',390,0,'NO',0,0,0,0,'0'),(110808064,'7806130004757',0,'VELA CUMPLEAÑOS NUMERO 8','VELA CUMPLEAÑOS ',1,6,12,3,50,0,250,390,56.00,'NO','2006-09-07','2006-09-07',0,12,6,0,0,0,0,0,20,0,0,1,'2014-01-01',NULL,0,1,0,0,0,35,1,0,1,1,'2017-04-27',390,0,'NO',0,0,0,0,'0'),(110808065,'7806130004702',0,'VELA CUMPLEAÑOS NUMERO 3','VELA CUMPLEAÑOS ',1,6,12,3,50,0,250,390,56.00,'NO','2006-09-07','2006-09-07',0,12,6,0,0,0,0,0,29,0,0,1,'2014-01-01',NULL,0,1,0,0,0,35,1,0,1,1,'2017-04-10',390,0,'NO',0,0,0,0,'0'),(110808066,'7806130004696',0,'VELA CUMPLEAÑOS NUMERO 2','VELA CUMPLEAÑOS ',1,6,12,3,50,0,250,390,56.00,'NO','2006-09-07','2006-09-07',0,12,6,0,0,0,0,0,42,0,0,1,'2014-01-01',NULL,0,1,0,0,0,35,1,0,1,1,'2017-04-21',390,0,'NO',0,0,0,0,'0'),(110808067,'7806130004689',0,'VELA CUMPLEAÑOS NUMERO 1','VELA CUMPLEAÑOS ',1,6,12,3,50,0,250,390,56.00,'NO','2006-09-07','2006-09-07',0,12,6,0,0,0,0,0,34,0,0,1,'2014-01-01',NULL,0,1,0,0,0,35,1,0,1,1,'2017-05-16',390,0,'NO',0,0,0,0,'0'),(110808068,'7806130004719',0,'VELA CUMPLEAÑOS NUMERO 4','VELA CUMPLEAÑOS ',1,6,12,3,50,0,250,390,56.00,'NO','2006-09-07','2006-09-07',0,12,6,0,0,0,0,0,22,0,0,1,'2014-01-01',NULL,0,1,0,0,0,35,1,0,1,1,'2017-04-07',390,0,'NO',0,0,0,0,'0'),(110808069,'7806130004566',0,'VELA CUMPLEAÑOS SIGNO INTERROGACION','VELA CUMPLEAÑOS ',1,6,12,3,50,0,250,390,56.00,'NO','2006-09-07','2006-09-07',0,12,6,0,0,0,0,0,13,0,0,1,'2014-01-01',NULL,0,1,0,0,0,35,1,0,1,1,'2017-04-21',390,0,'NO',0,0,0,0,'0'),(110808070,'2013081900488',0,'CASA HOME','CASA HOME',1,9,0,1,1,0,0,14990,0.00,'','2006-09-07','2006-09-07',0,0,0,0,0,0,0,0,4,0,0,1,'2014-01-01',NULL,0,2,0,0,0,1,0,0,1,1,'2015-04-20',14990,0,'NO',0,0,0,0,'0'),(110808071,'7501135514866',0,'BEBE BAREROS PACK MOMENTS','BEBE BAREROS PAC',1,9,0,1,1,0,3329,3690,10.84,'','2006-09-07','2006-09-07',0,0,0,0,0,0,0,0,1,0,0,1,'2014-01-01',NULL,0,2,0,0,0,1,0,0,1,1,'2015-02-17',3690,0,'NO',0,0,0,3329,'0'),(110808072,'7501135511636',0,'BEBE DUO PACK CAMISETAS CRUZADAS','BEBE DUO PACK CA',1,9,0,1,1,0,6059,6690,10.41,'','2006-09-07','2006-09-07',0,0,0,0,0,0,0,0,0,0,0,1,'2014-01-01',NULL,0,2,0,0,0,1,0,0,1,1,'2014-01-01',6690,0,'NO',0,0,0,6059,'0'),(110808073,'7501135594868',0,'BEBE JUEGO DE BAÑO BABY MOMENTS','BEBE JUEGO DE BA',1,9,0,1,1,0,6059,6690,10.41,'','2006-09-07','2006-09-07',0,0,0,0,0,0,0,0,1,0,0,1,'2014-01-01',NULL,0,2,0,0,0,1,0,0,1,1,'2015-05-08',6690,0,'NO',0,0,0,6059,'0'),(110808074,'7501135512077',0,'BEBE GORRITO PACK','BEBE GORRITO PAC',1,9,0,1,1,0,3019,3390,12.29,'','2006-09-07','2006-09-07',0,0,0,0,0,0,0,0,1,0,0,1,'2014-01-01',NULL,0,2,0,0,0,1,0,0,1,1,'2015-02-17',3390,0,'NO',0,0,0,3019,'0'),(110808075,'7501135596404',0,'BEBE MITONES BABY MOMENTS','BEBE MITONES BAB',1,9,0,1,1,0,990,1090,10.10,'','2006-09-07','2006-09-07',0,0,0,0,0,0,0,0,0,0,0,1,'2014-01-01',NULL,0,2,0,0,0,1,0,0,1,1,'2014-01-01',1090,0,'NO',0,0,0,990,'0'),(110808076,'7501135596169',0,'BEBE TOALLAS FACIALES','BEBE TOALLAS FAC',1,9,0,1,1,0,990,1090,10.10,'','2006-09-07','2006-09-07',0,0,0,0,0,0,0,0,7,0,0,1,'2014-01-01',NULL,0,2,0,0,0,1,0,0,1,1,'2015-04-11',1090,0,'NO',0,0,0,990,'0'),(110808077,'7501135596091',0,'BEBE GORRITO BABY MOMENTS','BEBE GORRITO BAB',1,9,0,1,1,0,990,1090,10.10,'','2006-09-07','2006-09-07',0,0,0,0,0,0,0,0,0,0,0,1,'2014-01-01',NULL,0,2,0,0,0,1,0,0,1,1,'2014-01-01',1090,0,'NO',0,0,0,990,'0'),(110808078,'7501135551175',0,'BEBE MANTILLA RECIEN NACIDO 3 UNIDADSE','BEBE MANTILLA RE',1,9,0,1,1,0,5989,6590,10.04,'','2006-09-07','2006-09-07',0,0,0,0,0,0,0,0,4,0,0,1,'2014-01-01',NULL,0,2,0,0,0,1,0,0,1,1,'2016-01-30',6590,0,'NO',0,0,0,5989,'0'),(110808079,'7501135503600',0,'BEBEB MINI SET BABY MOMENT','BEBEB MINI SET B',1,9,0,1,1,0,4459,4990,11.91,'','2006-09-07','2006-09-07',0,0,0,0,0,0,0,0,2,0,0,1,'2014-01-01',NULL,0,2,0,0,0,1,0,0,1,1,'2015-03-24',4990,0,'NO',0,0,0,4459,'0'),(110808080,'7501135500234',0,'BEBE FRAXADA MICROFIBRA BABY MOMENTS','BEBE FRAXADA MIC',1,9,0,1,1,0,4459,4990,11.91,'','2006-09-07','2006-09-07',0,0,0,0,0,0,0,0,1,0,0,1,'2014-01-01',NULL,0,2,0,0,0,1,0,0,1,1,'2015-05-07',4990,0,'NO',0,0,0,4459,'0'),(110808081,'7501135580403',0,'BEBE FRAZADA CUNA CORRAL','BEBE FRAZADA CUN',1,9,0,1,1,0,11239,12390,10.24,'','2006-09-07','2006-09-07',0,0,0,0,0,0,0,0,1,0,0,1,'2014-01-01',NULL,0,2,0,0,0,1,0,0,1,1,'2015-03-23',12390,0,'NO',0,0,0,11239,'0'),(110808082,'7501135580304',0,'BEBE COBERTOR CONVERTIBLE POLAR LISO CAJA','BEBE COBERTOR CO',1,9,0,1,1,0,5289,5890,11.36,'','2006-09-07','2006-09-07',0,0,0,0,0,0,0,0,5,0,0,1,'2014-01-01',NULL,0,2,0,0,0,1,0,0,1,1,'2017-04-08',5890,0,'NO',0,0,0,5289,'0'),(110808083,'7501135551151',0,'BEBE MANTILLA RECIEN NACIDO 1 UNIDAD','BEBE MANTILLA RE',1,9,0,1,1,0,2229,2490,11.71,'','2006-09-07','2006-09-07',0,0,0,0,0,0,0,0,2,0,0,1,'2014-01-01',NULL,0,2,0,0,0,1,0,0,1,1,'2015-02-23',2490,0,'NO',0,0,0,2229,'0'),(110808084,'7501135508834',0,'BEBE SET CONSENTIDO MOMENT GORRO Y BABERO','BEBE SET CONSENT',1,9,0,1,1,0,2529,2790,10.32,'','2006-09-07','2006-09-07',0,0,0,0,0,0,0,0,1,0,0,1,'2014-01-01',NULL,0,2,0,0,0,1,0,0,1,1,'2015-04-30',2790,0,'NO',0,0,0,2529,'0'),(110808085,'7804637500970',0,'SET PARA PINTAR AVIONES DISNEY','SET PARA PINTAR ',1,9,0,1,1,0,0,2690,0.00,'','2006-09-07','2006-09-07',0,0,0,0,0,0,0,0,15,0,0,1,'2014-01-01',NULL,0,2,0,0,0,1,0,0,1,1,'2017-05-06',2690,0,'NO',0,0,0,0,'0'),(110808086,'7804637500833',0,'SET PARA PINTAR PRINCESITA SOFIA','SET PARA PINTAR ',1,9,0,1,1,0,0,2690,0.00,'','2006-09-07','2006-09-07',0,0,0,0,0,0,0,0,32,0,0,1,'2014-01-01',NULL,0,2,0,0,0,1,0,0,1,1,'2016-10-01',2690,0,'NO',0,0,0,0,'0'),(110808087,'7804637501106',0,'SET PARA PINTAR HADAS','SET PARA PINTAR',1,9,0,1,1,0,0,2690,0.00,'','2006-09-07','2006-09-07',0,0,0,0,0,0,0,0,21,0,0,1,'2014-01-01',NULL,0,2,0,0,0,1,0,0,1,1,'2016-01-02',2690,0,'NO',0,0,0,0,'0'),(110808088,'7804637501281',0,'SET PARA PINTAR FRROZEN','SET PARA PINTAR',1,9,0,1,1,0,0,2690,0.00,'','2006-09-07','2006-09-07',0,0,0,0,0,0,0,0,16,0,0,1,'2014-01-01',NULL,0,2,0,0,0,1,0,0,1,1,'2016-09-24',2690,0,'NO',0,0,0,0,'0'),(110808089,'7804637500451',0,'BLOCK DIBUJO PORTATIL PRINCESAS','BLOCK DIBUJO POR',1,9,0,1,1,0,0,2250,0.00,'','2006-09-07','2006-09-07',0,0,0,0,0,0,0,0,13,0,0,1,'2014-01-01',NULL,0,2,0,0,0,1,0,0,1,1,'2016-12-06',2250,0,'NO',0,0,0,0,'0'),(110808090,'7804637501328',0,'BLOCK PARA PINTAR PORTATIL FROZEN','BLOCK PARA PINTA',1,9,0,1,1,0,0,2250,0.00,'','2006-09-07','2006-09-07',0,0,0,0,0,0,0,0,8,0,0,1,'2014-01-01',NULL,0,2,0,0,0,1,0,0,1,1,'2016-01-28',2250,0,'NO',0,0,0,0,'0'),(110808091,'039800011626',0,'BATERIA EVEREADY 9V','BATERIA EVEREADY',1,9,0,1,1,0,0,690,0.00,'','2006-09-07','2006-09-07',0,0,0,0,0,0,0,0,5,0,0,1,'2014-01-01',NULL,0,2,0,0,0,1,0,0,1,1,'2015-04-09',690,0,'NO',0,0,0,0,'0'),(110808092,'7804945020566',0,'TRIPAK LOONEY TUNES','TRIPAK LOONEY TU',1,9,0,1,1,0,0,4090,0.00,'','2006-09-07','2006-09-07',0,0,0,0,0,0,0,0,1,0,0,1,'2014-01-01',NULL,0,2,0,0,0,1,0,0,1,1,'2015-04-25',4090,0,'NO',0,0,0,0,'0'),(110808093,'7804945005020',0,'TRIPAK PINK','TRIPAK PINK',1,9,0,1,1,0,0,2790,0.00,'','2006-09-07','2006-09-07',0,0,0,0,0,0,0,0,5,0,0,1,'2014-01-01',NULL,0,2,0,0,0,1,0,0,1,1,'2016-01-14',2790,0,'NO',0,0,0,0,'0'),(110808094,'7804945005037',0,'TRIPAK LILA','TRIPAK LILA',1,9,0,1,1,0,0,2790,0.00,'','2006-09-07','2006-09-07',0,0,0,0,0,0,0,0,0,0,0,1,'2014-01-01',NULL,0,2,0,0,0,1,0,0,1,1,'2014-01-01',2790,0,'NO',0,0,0,0,'0'),(110808095,'7804945005006',0,'TRIPAK ROSADA','TRIPAK ROSADA',1,9,0,1,1,0,0,2790,0.00,'','2006-09-07','2006-09-07',0,0,0,0,0,0,0,0,2,0,0,1,'2014-01-01',NULL,0,2,0,0,0,1,0,0,1,1,'2015-12-23',2790,0,'NO',0,0,0,0,'0'),(110808096,'7804945007703',0,'TRIPAK','TRIPAK',1,9,0,1,1,0,0,2790,0.00,'','2006-09-07','2006-09-07',0,0,0,0,0,0,0,0,8,0,0,1,'2014-01-01',NULL,0,2,0,0,0,1,0,0,1,1,'2016-01-09',2790,0,'NO',0,0,0,0,'0'),(110808097,'7501135511728',0,'MULYI TOALLITAS','MULYI TOALLITAS',1,9,0,1,1,0,0,3790,0.00,'','2006-09-07','2006-09-07',0,0,0,0,0,0,0,0,0,0,0,1,'2014-01-01',NULL,0,2,0,0,0,1,0,0,1,1,'2014-01-01',3790,0,'NO',0,0,0,0,'0'),(110808098,'6934811048507',0,'NAIPE ESPAÑOL','NAIPE ESPAÑOL',1,6,12,1,1,0,490,690,40.82,'NO','2006-09-07','2006-09-07',0,12,6,0,0,0,0,0,18,0,0,1,'2014-01-01',NULL,0,1,0,0,0,1,1,0,1,1,'2017-01-23',690,0,'NO',0,0,0,0,'0'),(110808099,'8999002672068',0,'PILAS ENERGIZER AAA','PILAS ENERGIZER ',1,9,0,1,1,0,0,300,0.00,'','2006-09-07','2006-09-07',0,0,0,0,0,0,0,0,51,0,0,1,'2014-01-01',NULL,0,2,0,0,0,1,0,0,1,1,'2016-12-13',300,0,'NO',0,0,0,0,'0'),(110808100,'039800027962',0,'PILA ENERGIZER AAA PACK DE DOS','PILA ENERGIZER A',1,9,0,1,1,0,0,1280,0.00,'','2006-09-07','2006-09-07',0,0,0,0,0,0,0,0,3,0,0,1,'2014-01-01',NULL,0,2,0,0,0,1,0,0,1,1,'2015-04-22',1280,0,'NO',0,0,0,0,'0'),(110808101,'746775243401',0,'MONSTER HIGH','MONSTER HIGH',1,9,0,1,1,0,14990,14990,0.00,'','2006-09-07','2006-09-07',0,0,0,0,0,0,0,0,5,0,0,1,'2014-01-01',NULL,0,2,0,0,0,1,0,0,1,1,'2016-12-23',14990,0,'NO',0,0,0,14990,'0'),(110808102,'746775051761',0,'BARBIE BASICA','BARBIE BASICA',1,9,0,1,1,0,0,4190,0.00,'','2006-09-07','2006-09-07',0,0,0,0,0,0,0,0,1,0,0,1,'2014-01-01',NULL,0,2,0,0,0,1,0,0,1,1,'2015-04-04',4190,0,'NO',0,0,0,0,'0'),(110808103,'5941021001926',0,'CONEJO DE CHOCOLATE CON ZANAHORIA HEIDI','CONEJO DE CHOCOL',1,9,0,1,1,0,0,1490,0.00,'','2006-09-07','2006-09-07',0,0,0,0,0,0,0,0,14,0,0,1,'2014-01-01',NULL,0,2,0,0,0,1,0,0,1,1,'2015-04-04',1490,0,'NO',0,0,0,0,'0'),(110808104,'4006814051005',0,'CONEJO CON HUEVITOS','CONEJO CON HUEVI',1,9,0,1,1,0,0,1690,0.00,'','2006-09-07','2006-09-07',0,0,0,0,0,0,0,0,18,0,0,1,'2014-01-01',NULL,0,2,0,0,0,1,0,0,1,1,'2015-04-02',1690,0,'NO',0,0,0,0,'0'),(110808105,'4006814094101',0,'HUEVITOS','HUEVITOS',1,9,0,1,1,0,0,1690,0.00,'','2006-09-07','2006-09-07',0,0,0,0,0,0,0,0,12,0,0,1,'2014-01-01',NULL,0,2,0,0,0,1,0,0,1,1,'2015-04-04',1690,0,'NO',0,0,0,0,'0'),(110808106,'7802225571746',0,'HUEVOS MACIZOZ','HUEVOS MACIZOZ',1,9,0,1,1,0,0,2190,0.00,'','2006-09-07','2006-09-07',0,0,0,0,0,0,0,0,8,0,0,1,'2014-01-01',NULL,0,2,0,0,0,1,0,0,1,1,'2015-04-04',2190,0,'NO',0,0,0,0,'0'),(110808107,'586000761634',0,'CASCABEL DOS PIEZAS','CASCABEL DOS PIE',1,9,0,1,1,0,0,990,0.00,'NO','2006-09-07','2006-09-07',0,0,0,0,0,0,0,0,27,0,0,1,'2014-01-01',NULL,0,1,0,0,0,1,0,0,1,1,'2017-02-06',990,0,'NO',0,0,0,0,'0'),(110808108,'7808748500300',0,'CD MASTER G','CD MASTER G',1,9,0,1,1,0,0,150,0.00,'','2006-09-07','2006-09-07',0,0,0,0,0,0,0,0,126,0,0,1,'2014-01-01',NULL,0,2,0,0,0,1,0,0,1,1,'2017-03-24',150,0,'NO',0,0,0,0,'0'),(110808109,'340',0,'DVD MASTER G','DVD MASTER G',1,9,0,1,1,0,0,200,0.00,'NO','2006-09-07','2006-09-07',0,0,0,0,0,0,0,0,57,0,0,1,'2014-01-01',NULL,0,1,0,0,0,1,0,0,1,1,'2017-01-09',200,0,'NO',0,0,0,0,'0'),(110808110,'7978564291635',0,'BOXER HOMBRE PACK 2 UNIDADES','BOXER HOMBRE PAC',1,9,0,1,1,0,2300,4390,90.87,'','2006-09-07','2006-09-07',0,0,0,0,0,0,0,0,0,0,0,1,'2014-01-01',NULL,0,2,0,0,0,1,0,0,1,1,'2014-01-01',4390,0,'NO',0,0,0,2300,'0'),(110808111,'7973564291630',0,'BOXER HOMBRE PACK 2 UNIDADES','BOXER HOMBRE PAC',1,9,0,1,1,0,2300,4390,90.87,'','2006-09-07','2006-09-07',0,0,0,0,0,0,0,0,0,0,0,1,'2014-01-01',NULL,0,2,0,0,0,1,0,0,1,1,'2014-01-01',4390,0,'NO',0,0,0,2300,'0'),(110808112,'7984564291636',0,'BOXER NIÑO PACK 3 UNIDADES','BOXER NIÑO PACK ',1,9,0,1,1,0,2300,4390,90.87,'','2006-09-07','2006-09-07',0,0,0,0,0,0,0,0,0,0,0,1,'2014-01-01',NULL,0,2,0,0,0,1,0,0,1,1,'2014-01-01',4390,0,'NO',0,0,0,2300,'0'),(110808113,'7983564291639',0,'BOXER NIÑO PACK 3 UNIDADES','BOXER NIÑO PACK ',1,9,0,1,1,0,2300,4390,90.87,'','2006-09-07','2006-09-07',0,0,0,0,0,0,0,0,0,0,0,1,'2014-01-01',NULL,0,2,0,0,0,1,0,0,1,1,'2014-01-01',4390,0,'NO',0,0,0,2300,'0'),(110808114,'9394100082587',0,'SET DE BATERIA MEDIANA','SET DE BATERIA M',1,9,0,1,1,0,6000,10900,81.67,'','2006-09-07','2006-09-07',0,0,0,0,0,0,0,0,2,0,0,1,'2014-01-01',NULL,0,2,0,0,0,1,0,0,1,1,'2015-12-17',10900,0,'NO',0,0,0,6000,'0'),(110808115,'7806500730514',0,'TOALLA BABY SEC PREMIUM ALO VERA Y VIT E','BABY SEC PREMIUM',1,9,1,1,1,0,990,990,0.00,'','2006-09-07','2006-09-07',0,0,0,0,0,0,0,0,0,0,0,1,'2014-01-01',NULL,0,2,0,0,0,1,0,0,1,1,'2014-01-01',990,0,'NO',0,0,0,990,'0'),(110808116,'4221202860650',0,'COMPUTADOR ROSADO DE APRENDER Y JUGAR','EL COMPUTAFOR RO',1,3,0,1,1,0,0,11490,0.00,'NO','2006-09-07','2006-09-07',0,12,12,0,0,0,0,0,2,0,0,1,'2014-01-01',NULL,0,1,0,0,0,1,1,0,1,1,'2015-12-21',11490,0,'NO',0,0,0,0,'0'),(110808117,'4221202799462',0,'MUÑECA MARIPOSA TIPO BARBIE','MUÑECA MARIPOSA ',1,6,1,1,1,0,3558,5990,68.35,'NO','2006-09-07','2006-09-07',0,6,3,0,0,0,0,0,64,0,0,1,'2014-01-01',NULL,0,1,0,0,0,1,10,0,1,1,'2017-04-29',5990,0,'NO',0,0,0,10000,'0'),(110808118,'4221200725555',0,'CARRETILLA DIDACTICA BEACH TOYS','CARRETILLA DIDAC',1,6,12,1,1,0,4748,7590,59.86,'NO','2006-09-07','2006-09-07',0,12,12,0,0,0,0,0,10,0,0,1,'2014-01-01',NULL,0,1,0,0,0,1,1,0,1,1,'2017-02-24',7590,0,'NO',0,0,0,0,'0'),(110808119,'4221202868380',0,'SET BOMBAS DE AGUA CON FRASCO','SET DE 24PZ DE B',1,3,12,1,1,0,892,1590,78.25,'NO','2006-09-07','2006-09-07',0,6,3,0,0,0,0,0,95,0,0,1,'2014-01-01',NULL,0,1,0,0,0,1,1,0,1,1,'2017-01-12',1590,0,'NO',0,0,0,17990,'0'),(110808120,'4221202797659',0,'PORTA RETRATO PARA 6 FOTOS','PORTA RETRATO PA',1,6,12,1,1,0,990,1890,90.91,'','2006-09-07','2006-09-07',0,0,0,0,0,0,0,0,17,0,0,1,'2014-01-01',NULL,0,2,0,0,0,1,1,0,1,1,'2016-11-10',1890,0,'NO',0,0,0,990,'0'),(110808121,'4221202864771',0,'DISCO VOLADOR','DISCO VOLADOR',1,6,12,1,1,0,790,1490,88.61,'','2006-09-07','2006-09-07',0,12,12,0,0,0,0,0,30,0,0,1,'2014-01-01',NULL,0,2,0,0,0,1,1,0,1,1,'2017-03-04',1490,0,'NO',0,0,0,790,'0'),(110808122,'4221202868694',0,'SKATE CON LUCES','SKATE CON LUCES',1,3,12,1,1,0,10698,19290,80.31,'NO','2006-09-07','2006-09-07',0,6,3,0,0,0,0,0,11,0,0,1,'2014-01-01',NULL,0,1,0,0,0,2,1,0,1,1,'2016-12-15',19290,0,'NO',0,0,0,7290,'0'),(110808123,'4221227175180',0,'SET DE BASQUETBALL','SET DE BASQUETBA',1,3,12,1,1,0,3390,6490,91.45,'','2006-09-07','2006-09-07',0,12,12,0,0,0,0,0,9,0,0,1,'2014-01-01',NULL,0,2,0,0,0,1,1,0,1,1,'2016-07-22',6490,0,'NO',0,0,0,3390,'0'),(110808124,'4221202868304',0,'SET DE TENIS','SET DE TENIS',1,6,0,1,1,0,4990,9500,90.38,'','2006-09-07','2006-09-07',0,12,12,0,0,0,0,0,10,0,0,1,'2014-01-01',NULL,0,2,0,0,0,1,1,0,1,1,'2017-03-18',9500,0,'NO',0,0,0,4990,'0'),(110808125,'4221202868335',0,'SET DE BADMINTON','SET DE BADMINTON',1,3,12,1,1,0,3290,6290,91.19,'','2006-09-07','2006-09-07',0,12,12,0,0,0,0,0,10,0,0,1,'2014-01-01',NULL,0,2,0,0,0,1,1,0,1,1,'2016-06-11',6290,0,'NO',0,0,0,3290,'0'),(110808126,'4221202862487',0,'SET DE BUCEO','SET DE BUCEO',1,3,0,1,1,0,3990,7590,90.23,'','2006-09-07','2006-09-07',0,12,12,0,0,0,0,0,8,0,0,1,'2014-01-01',NULL,0,2,0,0,0,1,1,0,1,1,'2016-12-24',7590,0,'NO',0,0,0,3990,'0'),(110808127,'4221202796164',0,'LENTE DE AGUA','LENTES PARA AGUA',1,6,12,1,1,0,1190,2290,92.44,'','2006-09-07','2006-09-07',0,12,12,0,0,0,0,0,28,0,0,1,'2014-01-01',NULL,0,2,0,0,0,1,1,0,1,1,'2016-02-23',2290,0,'NO',0,0,0,1190,'0'),(110808128,'4221202862470',0,'PISTOLA DE AGUA','PISTOLA DE AGUA',1,6,12,1,1,0,3890,7490,92.54,'','2006-09-07','2006-09-07',0,12,12,0,0,0,0,0,34,0,0,1,'2014-01-01',NULL,0,2,0,0,0,1,1,0,1,1,'2017-04-12',7490,0,'NO',0,0,0,3890,'0'),(110808129,'4221202864573',0,'BALDE MEDIANO CON ACCESORIOS','BALDE MEDIANO CO',1,6,12,1,1,0,2590,4990,92.66,'','2006-09-07','2006-09-07',0,12,12,0,0,0,0,0,4,0,0,1,'2014-01-01',NULL,0,2,0,0,0,1,0,0,1,1,'2017-02-25',4990,0,'NO',0,0,0,2590,'0'),(110808130,'4221202861954',0,'SET DE 6 MAQUINAS DE CONSTRUCCION','SET DE 6 MAQUINA',1,6,12,1,1,0,1773,3190,79.92,'NO','2006-09-07','2006-09-07',0,6,3,0,0,0,0,0,57,0,0,1,'2014-01-01',NULL,0,1,0,0,0,2,1,0,1,1,'2017-05-06',3190,0,'NO',0,0,0,1390,'0'),(110808131,'4221202863910',0,'SET DE CONSTRUCCION METAL','SET DE CONSTRUCC',1,3,12,1,1,0,1490,2890,93.96,'','2006-09-07','2006-09-07',0,12,12,0,0,0,0,0,23,0,0,1,'2014-01-01',NULL,0,2,0,0,0,1,1,0,1,1,'2016-11-05',2890,0,'NO',0,0,0,1490,'0'),(110808132,'4221202867628',0,'SET AEROPUERTO METAL','SET AEROPUERTO M',1,3,12,1,1,0,1490,2890,93.96,'','2006-09-07','2006-09-07',0,12,12,0,0,0,0,0,24,0,0,1,'2014-01-01',NULL,0,2,0,0,0,1,1,0,1,1,'2016-12-23',2890,0,'NO',0,0,0,1490,'0'),(110808133,'4221202867635',0,'AVION A PILAS SONIDOS Y LUCES','AVION A PILAS SO',1,3,12,1,1,0,3390,6490,91.45,'','2006-09-07','2006-09-07',0,12,12,0,0,0,0,0,10,0,0,1,'2014-01-01',NULL,0,2,0,0,0,1,0,0,1,1,'2015-12-24',6490,0,'NO',0,0,0,3390,'0'),(110808134,'4221202867666',0,'TRAJE DE BOMBERO','TRAJE DE BOMBERO',1,3,12,1,1,0,2990,5690,90.30,'NO','2006-09-07','2006-09-07',0,12,12,0,0,0,0,0,4,0,0,1,'2014-01-01',NULL,0,1,0,0,0,1,1,0,1,1,'2017-04-21',5690,0,'NO',0,0,0,2790,'0'),(110808135,'4221202867673',0,'SET DE BOMBEROS','SET DE BOMBEROS',1,3,12,1,1,0,2790,5390,93.19,'','2006-09-07','2006-09-07',0,12,12,0,0,0,0,0,13,0,0,1,'2014-01-01',NULL,0,2,0,0,0,1,1,0,1,1,'2017-03-25',5390,0,'NO',0,0,0,2790,'0'),(110808136,'4221202868946',0,'SET JOYERIA EN PLIMAS','SET JOYERIA EN P',1,3,12,1,1,0,2844,4590,61.39,'','2006-09-07','2006-09-07',0,12,12,0,0,0,0,0,33,0,0,1,'2014-01-01',NULL,0,2,0,0,0,1,1,0,1,1,'2017-04-29',4590,0,'NO',0,0,0,2844,'0'),(110808137,'4221202797581',0,'SET DE MOLDES RODILLO Y PLASTICINAS ','SET DE MOLDES RO',1,6,12,1,1,0,8318,13390,60.98,'','2006-09-07','2006-09-07',0,12,12,0,0,0,0,0,14,0,0,1,'2014-01-01',NULL,0,2,0,0,0,1,1,0,1,1,'2017-02-07',13390,0,'NO',0,0,0,8318,'0'),(110808138,'4221210846622',0,'COCINA REAL','COCINA REAL',1,6,12,1,1,0,17838,28590,60.28,'','2006-09-07','2006-09-07',0,12,12,0,0,0,0,0,6,0,0,1,'2014-01-01',NULL,0,2,0,0,0,1,1,0,1,1,'2017-03-18',28590,0,'NO',0,0,0,17838,'0'),(110808139,'4221202798779',0,'TOCADOR DE MESA','TOCADOR DE MESA',1,6,12,1,1,0,7723,12390,60.43,'','2006-09-07','2006-09-07',0,12,12,0,0,0,0,0,11,0,0,1,'2014-01-01',NULL,0,2,0,0,0,1,1,0,1,1,'2016-12-23',12390,0,'NO',0,0,0,7723,'0'),(110808140,'4221202868922',0,'SET DE PEDICURE','SET DE PEDICURE',1,6,12,1,1,0,3558,5690,59.92,'','2006-09-07','2006-09-07',0,12,12,0,0,0,0,0,33,0,0,1,'2014-01-01',NULL,0,2,0,0,0,1,1,0,1,1,'2017-02-04',5690,0,'NO',0,0,0,3558,'0'),(110808141,'4221202867062',0,'SET DE SUPERMERCADO INCLUYE REGISTRADORA','SET DE SUPERMERC',1,3,0,1,1,0,9270,14890,60.63,'','2006-09-07','2006-09-07',0,12,12,0,0,0,0,0,13,0,0,1,'2014-01-01',NULL,0,2,0,0,0,1,1,0,1,1,'2017-04-08',14890,0,'NO',0,0,0,9270,'0'),(110808142,'4221202867215',0,'SET DE CAMPAMENTO INCLUYE  ACCESORIOS','SET DE CAMPAMENT',1,3,12,1,1,0,16291,26290,61.38,'','2006-09-07','2006-09-07',0,12,12,0,0,0,0,0,5,0,0,1,'2014-01-01',NULL,0,2,0,0,0,1,1,0,1,1,'2016-09-05',26290,0,'NO',0,0,0,16291,'0'),(110808143,'4221202867291',0,'AUTITO DE ARRASTRE LUCES Y SONIDOS ','AUTITO DE ARRAST',1,6,12,1,1,0,3558,5690,59.92,'','2006-09-07','2006-09-07',0,12,12,0,0,0,0,0,27,0,0,1,'2014-01-01',NULL,0,2,0,0,0,1,1,0,1,1,'2017-04-22',5690,0,'NO',0,0,0,3558,'0'),(110808144,'4221202867352',0,'SET DE HERRAMIENTAS INCLUYE CASCO Y ACCESORIOS','SET DE HERRAMIEN',1,6,12,1,1,0,7842,12590,60.55,'','2006-09-07','2006-09-07',0,12,12,0,0,0,0,0,6,0,0,1,'2014-01-01',NULL,0,2,0,0,0,1,1,0,1,1,'2017-04-28',12590,0,'NO',0,0,0,7842,'0'),(110808145,'4221202863781',0,'SET HERRAMIENTAS C/SONIDOS Y MOVIMIENTOS','SET HERRAMIENTAS',1,6,12,1,1,0,5581,8990,61.08,'','2006-09-07','2006-09-07',0,12,12,0,0,0,0,0,17,0,0,1,'2014-01-01',NULL,0,2,0,0,0,1,1,0,1,1,'2016-12-10',8990,0,'NO',0,0,0,5581,'0'),(110808146,'4221202867376',0,'SET DE HERRAMIENTAS CON SONIDOS ','SET DE HERRAMIEN',1,6,12,1,1,0,6414,10290,60.43,'NO','2006-09-07','2006-09-07',0,1,1,0,0,0,0,0,17,0,0,1,'2014-01-01',NULL,0,1,0,0,0,1,1,0,1,1,'2017-01-19',10290,0,'NO',0,0,0,6414,'0'),(110808147,'4221202860230',0,'MOTOSIERRA CON SONIDOS Y MOVIMIENTOS','MOTOSIERRA CON S',1,6,12,1,1,0,5938,9500,59.99,'','2006-09-07','2006-09-07',0,12,12,0,0,0,0,0,20,0,0,1,'2014-01-01',NULL,0,2,0,0,0,1,1,0,1,1,'2016-11-22',9500,0,'NO',0,0,0,5938,'0'),(110808148,'4221202799950',0,'MANO DE CONSTRUCCION','MANO DE CONSTRUC',1,3,12,1,1,0,1178,1990,68.93,'NO','2006-09-07','2006-09-07',0,6,3,0,0,0,0,0,82,0,0,1,'2014-01-01',NULL,0,1,0,0,0,1,1,0,1,1,'2017-04-21',1990,0,'NO',0,0,0,1178,'0'),(110808149,'4221202867383',0,'CARRO DE BOMBA CON LUCES Y SONIDOS A FRICCION','CARRO DE BOMBA C',1,6,12,1,1,0,1535,2490,62.21,'','2006-09-07','2006-09-07',0,12,12,0,0,0,0,0,31,0,0,1,'2014-01-01',NULL,0,2,0,0,0,1,1,0,1,1,'2017-04-18',2490,0,'NO',0,0,0,1535,'0'),(110808150,'4221202865327',0,'TREN ENTRETENIDO MUCICAL CON LUZ','TREN ENTRETENIDO',1,6,12,1,1,0,5938,9500,59.99,'','2006-09-07','2006-09-07',0,12,12,0,0,0,0,0,4,0,0,1,'2014-01-01',NULL,0,2,0,0,0,1,1,0,1,1,'2016-07-01',9500,0,'NO',0,0,0,5938,'0'),(110808151,'4221202863347',0,'SET DE BAÑO','SET DE BAÑO',1,6,12,1,1,0,3558,5690,59.92,'','2006-09-07','2006-09-07',0,12,12,0,0,0,0,0,6,0,0,1,'2014-01-01',NULL,0,2,0,0,0,1,1,0,1,1,'2016-10-15',5690,0,'NO',0,0,0,3558,'0'),(110808152,'4221202698833',0,'TAMBOR DOBLE C/LUZ','TAMBOR DOBLE C/L',1,6,12,1,1,0,6414,10290,60.43,'','2006-09-07','2006-09-07',0,0,12,0,0,0,0,0,5,0,0,1,'2014-01-01',NULL,0,2,0,0,0,1,1,0,1,1,'2016-08-06',10290,0,'NO',0,0,0,6414,'0'),(110808153,'4221202434554',0,'CENTRO DE ACTIVIDAD 15 EN 1','CENTRO DE ACTIVI',1,6,12,1,1,0,15458,24790,60.37,'','2006-09-07','2006-09-07',0,12,12,0,0,0,0,0,0,0,0,1,'2014-01-01',NULL,0,2,0,0,0,1,1,0,1,1,'2014-01-01',24790,0,'NO',0,0,0,15458,'0'),(110808154,'4221202862753',0,'CELULAR CON SONIDO','CELULAR CON SONI',1,6,12,1,1,0,2368,3790,60.05,'','2006-09-07','2006-09-07',0,12,12,0,0,0,0,0,13,0,0,1,'2014-01-01',NULL,0,2,0,0,0,1,0,0,1,1,'2016-07-29',3790,0,'NO',0,0,0,2368,'0'),(110808155,'4221224010682',0,'JUEGO DE ACTIVIDAD KINGDOM','JUEGO DE ACTIVID',1,6,12,1,1,0,4510,7290,61.64,'','2006-09-07','2006-09-07',0,0,12,0,0,0,0,0,9,0,0,1,'2014-01-01',NULL,0,2,0,0,0,1,1,0,1,1,'2017-04-05',7290,0,'NO',0,0,0,4510,'0'),(110808156,'4221202862784',0,'SET DE CASCABELES','SET DE CASCABELE',1,6,12,1,1,0,2368,3790,60.05,'','2006-09-07','2006-09-07',0,12,12,0,0,0,0,0,22,0,0,1,'2014-01-01',NULL,0,2,0,0,0,1,1,0,1,1,'2016-11-09',3790,0,'NO',0,0,0,2368,'0'),(110808157,'4221202799394',0,'COLGANTE CASCABEL PARA CUNA','COLGANTE CASCABE',1,6,12,1,1,0,1178,1890,60.44,'','2006-09-07','2006-09-07',0,12,12,0,0,0,0,0,23,0,0,1,'2014-01-01',NULL,0,2,0,0,0,1,1,0,1,1,'2016-12-24',1890,0,'NO',0,0,0,1178,'0'),(110808158,'4221293305054',0,'CUNCUNA CASCABEL','CUNCUNA CASCABEL',1,6,12,1,1,0,2606,4190,60.78,'','2006-09-07','2006-09-07',0,12,12,0,0,0,0,0,8,0,0,1,'2014-01-01',NULL,0,2,0,0,0,1,1,0,1,1,'2017-02-11',4190,0,'NO',0,0,0,2606,'0'),(110808159,'4221202868779',0,'COLGANTE MUSICAL','COLGANTE MUSICAL',1,6,12,1,1,0,2368,3790,60.05,'','2006-09-07','2006-09-07',0,12,12,0,0,0,0,0,23,0,0,1,'2014-01-01',NULL,0,2,0,0,0,1,0,0,1,1,'2016-10-29',3790,0,'NO',0,0,0,2368,'0'),(110808160,'4221202865662',0,'CENTRO DE ACTIVIDAD CON ANIMALES','CENTRO DE ACTIVI',1,6,12,1,1,0,7128,12890,80.84,'NO','2006-09-07','2006-09-07',0,6,3,0,0,0,0,0,4,0,0,1,'2014-01-01',NULL,0,1,0,0,0,1,1,0,1,1,'2016-08-06',12890,0,'NO',0,0,0,6890,'0'),(110808161,'4221202862760',0,'CELULAR CON ACTIVIDAD','CELULAR CON ACTI',1,6,12,1,1,0,3558,5690,59.92,'','2006-09-07','2006-09-07',0,12,12,0,0,0,0,0,4,0,0,1,'2014-01-01',NULL,0,2,0,0,0,1,1,0,1,1,'2016-05-10',5690,0,'NO',0,0,0,3558,'0'),(110808162,'4221202865754',0,'ELEFANTE CON MOVIMIENTO CON LUZ Y SONIDO','ELEFANTE CON MOV',1,6,12,1,1,0,3915,6290,60.66,'','2006-09-07','2006-09-07',0,12,12,0,0,0,0,0,11,0,0,1,'2014-01-01',NULL,0,2,0,0,0,1,1,0,1,1,'2016-01-12',6290,0,'NO',0,0,0,3915,'0'),(110808163,'4221202862777',0,'CELULAR CON ACTIVIDAD','CELULAR CON ACTI',1,6,12,1,1,0,3558,6390,79.60,'NO','2006-09-07','2006-09-07',0,6,3,0,0,0,0,0,17,0,0,1,'2014-01-01',NULL,0,1,0,0,0,2,1,0,1,1,'2017-05-12',6390,0,'NO',0,0,0,3558,'0'),(110808164,'4221202865617',0,'AUTO PIANO ENTRETENIDO','AUTO PIANO ENTRE',1,6,12,1,1,0,5700,9990,75.26,'NO','2006-09-07','2006-09-07',0,6,3,0,0,0,0,0,7,0,0,1,'2014-01-01',NULL,0,1,0,0,0,1,1,0,1,1,'2017-03-11',9990,0,'NO',0,0,0,5462,'0'),(110808165,'4221202865822',0,'CENTRO DE TAMBORES','CENTRO DE TAMBOR',1,6,12,1,1,0,11531,18590,61.22,'','2006-09-07','2006-09-07',0,12,12,0,0,0,0,0,1,0,0,1,'2014-01-01',NULL,0,2,0,0,0,1,1,0,1,1,'2015-12-20',18590,0,'NO',0,0,0,11531,'0'),(110808166,'4221202796225',0,'CASCABEL DE PLASTICO CON LUZ','CASCABEL DE PLAS',1,6,12,1,1,0,1535,2790,81.76,'NO','2006-09-07','2006-09-07',0,6,3,0,0,0,0,0,16,0,0,1,'2014-01-01',NULL,0,1,0,0,0,1,1,0,1,1,'2017-03-08',2790,0,'NO',0,0,0,1535,'0'),(110808167,'4221202796218',0,'MORDEDOR GUSANITO','MORDEDOR GUSANIT',1,6,12,1,1,0,940,1990,111.70,'NO','2006-09-07','2006-09-07',0,6,3,0,0,0,0,0,41,0,0,1,'2014-01-01',NULL,0,1,0,0,0,1,1,0,1,1,'2017-05-02',1990,0,'NO',0,0,0,940,'0'),(110808168,'4221202862890',0,'TAMBOR CON LUCES Y SONIDOS','TAMBOR CON LUCES',1,6,12,1,1,0,7128,12890,80.84,'NO','2006-09-07','2006-09-07',0,6,3,0,0,0,0,0,6,0,0,1,'2014-01-01',NULL,0,1,0,0,0,1,1,0,1,1,'2016-12-24',12890,0,'NO',0,0,0,6533,'0'),(110808169,'4221202866034',0,'SET BLOQUES','SET BLOQUES',1,4,1,1,1,0,2011,3290,63.60,'','2006-09-07','2006-09-07',0,0,0,0,0,0,0,0,42,0,0,1,'2014-01-01',NULL,0,2,0,0,0,1,0,0,1,1,'2016-12-23',3290,0,'NO',0,0,0,2011,'0'),(110808170,'4221202862067',0,'CAJA PRINCESA CON BLOQUES','CAJA PRINCESA CO',1,6,1,1,1,0,5105,8190,60.43,'','2006-09-07','2006-09-07',0,0,0,0,0,0,0,0,5,0,0,1,'2014-01-01',NULL,0,2,0,0,0,1,0,0,1,1,'2016-12-23',8190,0,'NO',0,0,0,5105,'0'),(110808171,'4221202862050',0,'CAJA POLICIAL CON BLOQUES','CAJA POLICIAL CO',1,6,1,1,1,0,5105,8190,60.43,'','2006-09-07','2006-09-07',0,0,0,0,0,0,0,0,9,0,0,1,'2014-01-01',NULL,0,2,0,0,0,1,1,0,1,1,'2017-03-25',8190,0,'NO',0,0,0,5105,'0'),(110808172,'4221202866041',0,'BOLSA DE BLOQUES GRANDE BUS 56 PCS','BOLSA DE BLOQUES',1,6,1,1,1,0,8556,13990,63.51,'','2006-09-07','2006-09-07',0,0,0,0,0,0,0,0,4,0,0,1,'2014-01-01',NULL,0,2,0,0,0,1,1,0,1,1,'2017-04-21',13990,0,'NO',0,0,0,8556,'0'),(110808173,'4221202866072',0,'MALETA BLOQUES GRANDE','MALETA BLOQUES G',1,4,1,1,1,0,10460,16990,62.43,'','2006-09-07','2006-09-07',0,0,0,0,0,0,0,0,1,0,0,1,'2014-01-01',NULL,0,2,0,0,0,1,0,0,1,1,'2016-09-03',16990,0,'NO',0,0,0,10460,'0'),(110808174,'4221202866089',0,'TORTUGA BLOQUES ARRASTRE','TORTUGA BLOQUES ',1,6,1,1,1,0,4748,7590,59.86,'','2006-09-07','2006-09-07',0,0,0,0,0,0,0,0,7,0,0,1,'2014-01-01',NULL,0,2,0,0,0,1,1,0,1,1,'2016-10-29',7590,0,'NO',0,0,0,4748,'0'),(110808175,'4221202866102',0,'BLOQUE POLICIA 39 PIEZAS','BLOQUE POLICIA 3',1,3,1,1,1,0,6771,10990,62.31,'','2006-09-07','2006-09-07',0,0,0,0,0,0,0,0,10,0,0,1,'2014-01-01',NULL,0,2,0,0,0,1,0,0,1,1,'2016-09-14',10990,0,'NO',0,0,0,6771,'0'),(110808176,'4221202866119',0,'BLOQUES BOMBERO 45 PIEZAS','BLOQUES BOMBERO ',1,3,1,1,1,0,6771,10990,62.31,'','2006-09-07','2006-09-07',0,0,0,0,0,0,0,0,11,0,0,1,'2014-01-01',NULL,0,2,0,0,0,1,0,0,1,1,'2017-03-25',10990,0,'NO',0,0,0,6771,'0'),(110808177,'4221292920753',0,'PIZARRA MAGNETICA C/TIMBRES','PIZARRA MAGNETIC',1,6,1,1,1,0,2368,3790,60.05,'','2006-09-07','2006-09-07',0,0,0,0,0,0,0,0,36,0,0,1,'2014-01-01',NULL,0,2,0,0,0,1,0,0,1,1,'2016-12-23',3790,0,'NO',0,0,0,2368,'0'),(110808178,'4221202863378',0,'ALFOMBRA CONECTABLE DE GOMA EVA ','ALFOMBRA CONECTA',1,4,1,1,1,0,13078,20990,60.50,'','2006-09-07','2006-09-07',0,0,0,0,0,0,0,0,1,0,0,1,'2014-01-01',NULL,0,2,0,0,0,1,0,0,1,1,'2016-08-06',20990,0,'NO',0,0,0,13078,'0'),(110808179,'4221202799196',0,'GUITARRA CON CUERDA','GUITARRA CON CUE',1,6,1,1,1,0,5700,9190,61.23,'','2006-09-07','2006-09-07',0,0,0,0,0,0,0,0,14,0,0,1,'2014-01-01',NULL,0,2,0,0,0,1,1,0,1,1,'2016-05-21',9190,0,'NO',0,0,0,5700,'0'),(110808180,'4221202799240',0,'GUITARRA PLASTICA A CUERDA ','GUITARRA PLASTIC',1,4,1,1,1,0,3082,4990,61.91,'','2006-09-07','2006-09-07',0,0,0,0,0,0,0,0,18,0,0,1,'2014-01-01',NULL,0,2,0,0,0,1,1,0,1,1,'2016-10-29',4990,0,'NO',0,0,0,3082,'0'),(110808181,'4221202866126',0,'GUITARRA ELECTRICA CON MICROFONO','GUITARRA ELECTRI',1,6,1,1,1,0,8318,13990,68.19,'NO','2006-09-07','2006-09-07',0,0,0,0,0,0,0,0,11,0,0,1,'2014-01-01',NULL,0,1,0,0,0,1,0,0,1,1,'2017-05-02',13990,0,'NO',0,0,0,8318,'0'),(110808182,'4221202863538',0,'MICROFONO FLOR DE MESA','MICROFONO FLOR D',1,6,1,1,1,0,8675,13990,61.27,'','2006-09-07','2006-09-07',0,0,0,0,0,0,0,0,3,0,0,1,'2014-01-01',NULL,0,2,0,0,0,1,0,0,1,1,'2016-08-06',13990,0,'NO',0,0,0,8675,'0'),(110808183,'4221202866133',0,'MICROFONO MANO','MICROFONO MANO',1,6,1,1,1,0,2963,4790,61.66,'','2006-09-07','2006-09-07',0,0,0,0,0,0,0,0,5,0,0,1,'2014-01-01',NULL,0,2,0,0,0,1,0,0,1,1,'2015-12-24',4790,0,'NO',0,0,0,2963,'0'),(110808184,'4221202863507',0,'MICROFONO DE MANO','MICROFONO DE MAN',1,6,1,1,1,0,2963,4790,61.66,'','2006-09-07','2006-09-07',0,0,0,0,0,0,0,0,8,0,0,1,'2014-01-01',NULL,0,2,0,0,0,1,1,0,1,1,'2015-12-24',4790,0,'NO',0,0,0,2963,'0'),(110808185,'4221202794771',0,'BATERIA CON PISO','BATERIA CON PISO',1,6,1,1,1,0,11888,18990,59.74,'','2006-09-07','2006-09-07',0,0,0,0,0,0,0,0,6,0,0,1,'2014-01-01',NULL,0,2,0,0,0,1,1,0,1,1,'2017-04-29',18990,0,'NO',0,0,0,11888,'0'),(110808186,'4221202863491',0,'PIANO TIMBAL CON PISO','PIANO TIMBAL CON',1,6,1,1,1,0,16648,26990,62.12,'','2006-09-07','2006-09-07',0,0,0,0,0,0,0,0,1,0,0,1,'2014-01-01',NULL,0,2,0,0,0,1,1,0,1,1,'2015-12-22',26990,0,'NO',0,0,0,16648,'0'),(110808187,'4221202799141',0,'COMPUTADOR CON PANTALLA Y MOUSE 80FUNC','COMPUTADOR CON P',1,6,1,1,1,0,7128,11490,61.20,'','2006-09-07','2006-09-07',0,0,0,0,0,0,0,0,6,0,0,1,'2014-01-01',NULL,0,2,0,0,0,1,1,0,1,1,'2017-01-05',11490,0,'NO',0,0,0,7128,'0'),(110808188,'4221202867420',0,'AUTO POLICIAL A PILAS SONIDOS LUZ Y MOV.','AUTO POLICIAL A ',1,6,24,1,1,0,3320,5790,74.40,'NO','2006-09-07','2006-09-07',0,6,3,0,0,0,0,0,42,0,0,1,'2014-01-01',NULL,0,1,0,0,0,1,0,0,1,1,'2017-04-01',5790,0,'NO',0,0,0,3201,'0'),(110808189,'4221202867475',0,'AUTO APILAS SONIDOS Y MOVIMIENTOS','AUTO APILAS SONI',1,6,12,1,1,0,3320,5790,74.40,'NO','2006-09-07','2006-09-07',0,6,3,0,0,0,0,0,31,0,0,1,'2014-01-01',NULL,0,1,0,0,0,2,1,0,1,1,'2017-04-26',5790,0,'NO',0,0,0,3201,'0'),(110808190,'4221202863750',0,'AUTO CON MOVIMIENTO LUZ Y SONIDO','AUTO CON MOVIMIE',1,6,24,1,1,0,3320,5790,74.40,'NO','2006-09-07','2006-09-07',0,6,3,0,0,0,0,0,41,0,0,1,'2014-01-01',NULL,0,1,0,0,0,1,1,0,1,1,'2017-04-29',5790,0,'NO',0,0,0,3201,'0'),(110808191,'4221202867512',0,'CAMION CON ACOPLADO 6 MAQUINAS','CAMION CON ACOPL',1,6,1,1,1,0,5105,8190,60.43,'','2006-09-07','2006-09-07',0,0,0,0,0,0,0,0,25,0,0,1,'2014-01-01',NULL,0,2,0,0,0,1,1,0,1,1,'2017-04-10',8190,0,'NO',0,0,0,5105,'0'),(110808192,'4221202867826',0,'AUTO FRICCION SONIDO Y LUCES','AUTO FRICCION SO',1,6,1,1,1,0,2844,4590,61.39,'','2006-09-07','2006-09-07',0,0,0,0,0,0,0,0,43,0,0,1,'2014-01-01',NULL,0,2,0,0,0,1,1,0,1,1,'2016-12-24',4590,0,'NO',0,0,0,2844,'0'),(110808193,'4221202867499',0,'CAMIONETA CON CUADRIMOTO','CAMIONETA CON CU',1,6,1,1,1,0,3915,6290,60.66,'','2006-09-07','2006-09-07',0,0,0,0,0,0,0,0,11,0,0,1,'2014-01-01',NULL,0,2,0,0,0,1,0,0,1,1,'2016-07-30',6290,0,'NO',0,0,0,3915,'0'),(110808194,'4221202863880',0,'TRACTOR CON CARRO ANIMALES FRICCION','TRACTOR CON CARR',1,6,12,1,1,0,4986,8980,80.10,'NO','2006-09-07','2006-09-07',0,6,3,0,0,0,0,0,43,0,0,1,'2014-01-01',NULL,0,1,0,0,0,1,1,0,1,1,'2017-05-06',8980,0,'NO',0,0,0,4748,'0'),(110808195,'4221202867536',0,'TRACTOR CON RASTRA A FRICCION','TRACTOR CON RAST',1,6,6,1,1,0,4986,8980,80.10,'NO','2006-09-07','2006-09-07',0,3,1,0,0,0,0,0,20,0,0,1,'2014-01-01',NULL,0,1,0,0,0,2,1,0,1,1,'2017-05-06',8980,0,'NO',0,0,0,4748,'0'),(110808196,'4221202861916',0,'MAQUINA DE CONSTRUCCION A FRICCION','MAQUINA DE CONST',1,6,1,1,1,0,4748,7590,59.86,'','2006-09-07','2006-09-07',0,0,0,0,0,0,0,0,38,0,0,1,'2014-01-01',NULL,0,2,0,0,0,1,1,0,1,1,'2017-04-28',7590,0,'NO',0,0,0,4748,'0'),(110808197,'4221202866225',0,'MUÑECA DE TELA CON ACCESORIOS','MUÑECA DE TELA C',1,6,1,1,1,0,4748,7590,59.86,'','2006-09-07','2006-09-07',0,0,0,0,0,0,0,0,8,0,0,1,'2014-01-01',NULL,0,2,0,0,0,1,1,0,1,1,'2016-12-24',7590,0,'NO',0,0,0,4748,'0'),(110808198,'4221202863552',0,'MUÑECA TIPO BARBIE CON ROPAS','MUÑECA TIPO BARB',1,6,1,1,1,0,4748,7590,59.86,'','2006-09-07','2006-09-07',0,0,0,0,0,0,0,0,47,0,0,1,'2014-01-01',NULL,0,2,0,0,0,1,1,0,1,1,'2016-12-23',7590,0,'NO',0,0,0,4748,'0'),(110808199,'4221202866638',0,'MUÑECA FASHION CON ACCESORIOS','MUÑECA FASHION C',1,6,1,1,1,0,3558,5690,59.92,'','2006-09-07','2006-09-07',0,0,0,0,0,0,0,0,17,0,0,1,'2014-01-01',NULL,0,2,0,0,0,1,1,0,1,1,'2017-01-11',5690,0,'NO',0,0,0,3558,'0'),(110808200,'4221202866713',0,'MUÑECA SOFIA FIESTA CON ACCESORIOS','MUÑECA SOFIA FIE',1,6,1,1,1,0,4153,6690,61.09,'','2006-09-07','2006-09-07',0,0,0,0,0,0,0,0,30,0,0,1,'2014-01-01',NULL,0,2,0,0,0,1,1,0,1,1,'2016-12-24',6690,0,'NO',0,0,0,2963,'0'),(110808201,'4221202866737',0,'MUÑECA CON MOLDES PARA HACER VESTIDOS','MUÑECA CON MOLDE',1,6,1,1,1,0,5581,8990,61.08,'','2006-09-07','2006-09-07',0,0,0,0,0,0,0,0,8,0,0,1,'2014-01-01',NULL,0,2,0,0,0,1,1,0,1,1,'2016-02-11',8990,0,'NO',0,0,0,5581,'0'),(110808202,'4221202866751',0,'MUÑECA MONSTER GIRL','MUÑECA MONSTER G',1,6,1,1,1,0,3558,5690,59.92,'','2006-09-07','2006-09-07',0,0,0,0,0,0,0,0,61,0,0,1,'2014-01-01',NULL,0,2,0,0,0,1,1,0,1,1,'2017-03-30',5690,0,'NO',0,0,0,3558,'0'),(110808203,'4221202864733',0,'SET 5 MUÑECAS TIPO MONSTER','SET 5 MUÑECAS TI',1,6,1,1,1,0,8318,13290,59.77,'','2006-09-07','2006-09-07',0,0,0,0,0,0,0,0,11,0,0,1,'2014-01-01',NULL,0,2,0,0,0,1,1,0,1,1,'2016-02-12',13290,0,'NO',0,0,0,8318,'0'),(110808204,'4221202866287',0,'MUÑECA TIPO PONY CON ACCESORIOS','MUÑECA TIPO PONY',1,6,1,1,1,0,2963,5390,81.91,'NO','2006-09-07','2006-09-07',0,6,3,0,0,0,0,0,29,0,0,1,'2014-01-01',NULL,0,1,0,0,0,1,1,0,1,1,'2017-04-12',5390,0,'NO',0,0,0,2963,'0'),(110808205,'4221202868847',0,'MUÑECA TIPO EVER AFTER','MUÑECA TIPO EVER',1,6,1,1,1,0,4034,6490,60.88,'','2006-09-07','2006-09-07',0,0,0,0,0,0,0,0,10,0,0,1,'2014-01-01',NULL,0,2,0,0,0,1,1,0,1,1,'2017-02-25',6490,0,'NO',0,0,0,4034,'0'),(110808206,'4221202863569',0,'MUÑECA TIPO MOXIE CON ACCESORIOS COCINA','MUÑECA TIPO MOXI',1,6,1,1,1,0,14268,22990,61.13,'','2006-09-07','2006-09-07',0,0,0,0,0,0,0,0,5,0,0,1,'2014-01-01',NULL,0,2,0,0,0,1,1,0,1,1,'2016-09-05',22990,0,'NO',0,0,0,14268,'0'),(110808207,'4221202796416',0,'PISTOLA LANZA BURBUJA ','PISTOLA LANZA BU',1,3,1,1,1,0,655,990,51.15,'','2006-09-07','2006-09-07',0,0,0,0,0,0,0,0,45,0,0,1,'2014-01-01',NULL,0,2,0,0,0,1,1,0,1,1,'2016-06-20',990,0,'NO',0,0,0,655,'0'),(110808208,'4221202798045',0,'MARCO DE FOTOS PARA 2 FOTOS','MARCO DE FOTOS P',1,6,1,1,1,0,583,950,62.95,'','2006-09-07','2006-09-07',0,0,0,0,0,0,0,0,13,0,0,1,'2014-01-01',NULL,0,2,0,0,0,1,1,0,1,1,'2016-09-02',950,0,'NO',0,0,0,583,'0'),(110808209,'1008446300035',0,'HIPOPOTAMO DIDACTICO PLAYA EN MALLA','HIPOPOTAMO DIDAC',1,3,1,1,1,0,2200,3550,61.36,'','2006-09-07','2006-09-07',0,0,0,0,0,0,0,0,13,0,0,1,'2014-01-01',NULL,0,2,0,0,0,1,1,0,1,1,'2016-09-09',3550,0,'NO',0,0,0,2200,'0'),(110808210,'1008546300041',0,'CARRITO DIDACTICO PLAYA EN MALLA','CARRITO DIDACTIC',1,3,1,1,1,0,2200,3550,61.36,'','2006-09-07','2006-09-07',0,0,0,0,0,0,0,0,16,0,0,1,'2014-01-01',NULL,0,2,0,0,0,1,1,0,1,1,'2016-09-30',3550,0,'NO',0,0,0,2200,'0'),(110808211,'1008799100016',0,'SET DE MUÑECA CON ACCESORIOS','SET DE MUÑECA CO',1,6,1,1,1,0,3500,5690,62.57,'','2006-09-07','2006-09-07',0,0,0,0,0,0,0,0,52,0,0,1,'2014-01-01',NULL,0,2,0,0,0,1,1,0,1,1,'2016-10-29',5690,0,'NO',0,0,0,3500,'0'),(110808212,'1009016007262',0,'SET DE NINJA EN DISPLAY','SET DE NINJA EN ',1,3,1,1,1,0,2800,4760,70.00,'NO','2006-09-07','2006-09-07',0,0,0,0,0,0,0,0,52,0,0,1,'2014-01-01',NULL,0,1,0,0,0,1,1,0,1,1,'2017-04-28',4760,0,'NO',0,0,0,2800,'0'),(110808213,'1009296014776',0,'MAQUINA DE COSER A POLA C/LUZ','MAQUINA DE COSER',1,6,1,1,1,0,3000,4890,63.00,'','2006-09-07','2006-09-07',0,0,0,0,0,0,0,0,36,0,0,1,'2014-01-01',NULL,0,2,0,0,0,1,1,0,1,1,'2016-09-03',4890,0,'NO',0,0,0,3000,'0'),(110808214,'4221202868588',0,'LEGO TRANSFORMER','LEGO TRANSFORMER',1,6,1,1,1,0,5581,9490,70.04,'','2006-09-07','2006-09-07',0,0,0,0,0,0,0,0,6,0,0,1,'2014-01-01',NULL,0,2,0,0,0,1,1,0,1,1,'2016-03-04',9490,0,'NO',0,0,0,5581,'0'),(110808215,'4221202868403',0,'PISTOLA LANZA DARDOS TIPO NERF','PISTOLA LANZA DA',1,6,1,1,1,0,3796,6490,70.97,'','2006-09-07','2006-09-07',0,0,0,0,0,0,0,0,21,0,0,1,'2014-01-01',NULL,0,2,0,0,0,1,1,0,1,1,'2016-10-29',6490,0,'NO',0,0,0,3796,'0'),(110808216,'4221202868434',0,'PISTOLA ELECTRONICA CON ARMADURA','PISTOLA ELECTRON',1,6,1,1,1,0,3320,5690,71.39,'','2006-09-07','2006-09-07',0,0,0,0,0,0,0,0,19,0,0,1,'2014-01-01',NULL,0,2,0,0,0,1,1,0,1,1,'2017-03-31',5690,0,'NO',0,0,0,3320,'0'),(110808217,'4221202861992',0,'POSTOLA ELECTRONICA CON LUCES SONIDOS','POSTOLA ELECTRON',1,6,1,1,1,0,3915,6690,70.88,'','2006-09-07','2006-09-07',0,0,0,0,0,0,0,0,15,0,0,1,'2014-01-01',NULL,0,2,0,0,0,1,1,0,1,1,'2017-04-21',6690,0,'NO',0,0,0,3915,'0'),(110808218,'4221202862074',0,'AUTO POLICIAL CONTROL REMOTO A POLAS','AUTO POLICIAL CO',1,6,1,1,1,0,3201,5490,71.51,'','2006-09-07','2006-09-07',0,0,0,0,0,0,0,0,30,0,0,1,'2014-01-01',NULL,0,2,0,0,0,1,1,0,1,1,'2016-02-27',5490,0,'NO',0,0,0,3201,'0'),(110808219,'4221202796966',0,'HUMMER R/C CON LUZ','HUMMER R/C CON L',1,6,1,1,1,0,7961,13590,70.71,'','2006-09-07','2006-09-07',0,0,0,0,0,0,0,0,10,0,0,1,'2014-01-01',NULL,0,2,0,0,0,1,1,0,1,1,'2016-07-07',13590,0,'NO',0,0,0,7961,'0'),(110808220,'4221203484046',0,'AUTO R/C GIRATORIO EXTENDIBLE','AUTO R/C GIRATOR',1,6,1,1,1,0,12602,21490,70.53,'','2006-09-07','2006-09-07',0,0,0,0,0,0,0,0,8,0,0,1,'2014-01-01',NULL,0,2,0,0,0,1,1,0,1,1,'2017-01-03',21490,0,'NO',0,0,0,12602,'0'),(110808221,'4221202862081',0,'ROBOT R/C LUZ Y SONIDO','ROBOT R/C LUZ Y ',1,6,1,1,1,0,14268,23990,68.14,'','2006-09-07','2006-09-07',0,0,0,0,0,0,0,0,1,0,0,1,'2014-01-01',NULL,0,2,0,0,0,1,1,0,1,1,'2016-08-06',23990,0,'NO',0,0,0,14268,'0'),(110808222,'4221202862395',0,'HELICOPTERO R/C METAL 3 CANALES','HELICOPTERO R/C ',1,6,1,1,1,0,15458,24990,61.66,'','2006-09-07','2006-09-07',0,0,0,0,0,0,0,0,18,0,0,1,'2014-01-01',NULL,0,2,0,0,0,1,1,0,1,1,'2017-02-15',24990,0,'NO',0,0,0,15458,'0'),(110808223,'4221202868489',0,'LANCHA RADIO CONTROL 57CM','LANCHA RADIO CON',1,6,1,1,1,0,14268,22890,60.43,'','2006-09-07','2006-09-07',0,0,0,0,0,0,0,0,4,0,0,1,'2014-01-01',NULL,0,2,0,0,0,1,1,0,1,1,'2017-02-18',22890,0,'NO',0,0,0,14268,'0'),(110808224,'4221292717490',0,'TUMBLIN MONOS ','TUMBLIN MONOS ',1,6,1,1,1,0,3558,5990,68.35,'','2006-09-07','2006-09-07',0,0,0,0,0,0,0,0,10,0,0,1,'2014-01-01',NULL,0,2,0,0,0,1,1,0,1,1,'2016-09-17',5990,0,'NO',0,0,0,3558,'0'),(110808225,'4221202797512',0,'JUEGO ADIVINA QUIEN ES','JUEGO ADIVINA QU',1,6,1,1,1,0,3558,5990,68.35,'','2006-09-07','2006-09-07',0,0,0,0,0,0,0,0,11,0,0,1,'2014-01-01',NULL,0,2,0,0,0,1,1,0,1,1,'2016-04-02',5990,0,'NO',0,0,0,3558,'0'),(110808226,'4221202799554',0,'JUEGO TWISTER ALFOMBRA','JUEGO TWISTER AL',1,6,12,1,1,0,3558,6390,79.60,'NO','2006-09-07','2006-09-07',0,6,3,0,0,0,0,0,21,0,0,1,'2014-01-01',NULL,0,1,0,0,0,1,1,0,1,1,'2016-12-23',6390,0,'NO',0,0,0,3558,'0'),(110808227,'7895857100750',0,'MONOPOLIO ','MONOPOLIO ',1,6,1,1,1,0,2725,4690,72.11,'','2006-09-07','2006-09-07',0,0,0,0,0,0,0,0,8,0,0,1,'2014-01-01',NULL,0,2,0,0,0,1,1,0,1,1,'2016-04-22',4690,0,'NO',0,0,0,2725,'0'),(110808228,'4221202794436',0,'JUEGO AJEDREZ','JUEGO AJEDREZ',1,6,1,1,1,0,2368,3990,68.50,'','2006-09-07','2006-09-07',0,0,0,0,0,0,0,0,11,0,0,1,'2014-01-01',NULL,0,2,0,0,0,1,1,0,1,1,'2016-04-13',3990,0,'NO',0,0,0,2368,'0'),(110808229,'4221202868175',0,'JUEGO SALON ','JUEGO SALON ',1,6,1,1,1,0,2725,4590,68.44,'','2006-09-07','2006-09-07',0,0,0,0,0,0,0,0,8,0,0,1,'2014-01-01',NULL,0,2,0,0,0,1,1,0,1,1,'2016-12-31',4590,0,'NO',0,0,0,2725,'0'),(110808230,'4221202868168',0,'JUEGO SALON','JUEGO SALON',1,6,1,1,1,0,3082,4890,58.66,'','2006-09-07','2006-09-07',0,0,0,0,0,0,0,0,10,0,0,1,'2014-01-01',NULL,0,2,0,0,0,1,1,0,1,1,'2016-11-12',4890,0,'NO',0,0,0,3082,'0'),(110808231,'4221202846500',0,'DARDOS MAGNETICOS','DARDOS MAGNETICO',1,6,1,1,1,0,4629,7490,61.81,'','2006-09-07','2006-09-07',0,0,0,0,0,0,0,0,12,0,0,1,'2014-01-01',NULL,0,2,0,0,0,1,1,0,1,1,'2017-01-30',7490,0,'NO',0,0,0,4629,'0'),(110808232,'4221202868427',0,'TIRO AL BLANCO','TIRO AL BLANCO',1,6,1,1,1,0,5224,8390,60.60,'','2006-09-07','2006-09-07',0,0,0,0,0,0,0,0,11,0,0,1,'2014-01-01',NULL,0,2,0,0,0,1,1,0,1,1,'2016-12-24',8390,0,'NO',0,0,0,5224,'0'),(110808233,'4221202799479',0,'MUÑECA PEQUEÑA CON COCHE','MUÑECA PEQUEÑA C',1,6,12,1,1,0,8318,13390,60.98,'','2006-09-07','2006-09-07',0,12,12,0,0,0,0,0,23,0,0,1,'2014-01-01',NULL,0,2,0,0,0,1,1,0,1,1,'2017-02-20',13390,0,'NO',0,0,0,8318,'0'),(201508010,'2015080100647',0,'LEGO AVION  3EN 1 3009','LEGO AVION  3EN ',1,6,15,1,1,0,3750,6490,73.07,'','2006-09-07','2006-09-07',0,6,3,0,0,0,0,0,8,0,0,1,'2014-01-01',NULL,0,2,0,0,0,1,1,0,1,1,'2017-05-02',6490,0,'NO',0,0,0,3750,'0'),(422120279,'4221202798663',0,'MUÑECA PEQUEÑA CON COCHE EN BOLSA','MUÑECA PEQUEÑA C',1,6,12,1,1,0,4748,7590,59.86,'','2006-09-07','2006-09-07',0,12,12,0,0,0,0,0,34,0,0,1,'2014-01-01',NULL,0,2,0,0,0,1,1,0,1,1,'2016-12-14',7590,0,'NO',0,0,0,4748,'0'),(422120280,'4221202866928',0,'SET DE TACITA METAL PEQUEÑA','SET DE TACITA ME',1,6,12,1,1,0,4748,7590,59.86,'','2006-09-07','2006-09-07',0,12,12,0,0,0,0,0,21,0,0,1,'2014-01-01',NULL,0,2,0,0,0,1,1,0,1,1,'2017-01-30',7590,0,'NO',0,0,0,4748,'0'),(422120281,'4221202794221',0,'MINI CAMION ALFABETICO','MINI CAMION ALFA',1,6,12,1,1,0,3201,5190,62.14,'','2006-09-07','2006-09-07',0,0,12,0,0,0,0,0,9,0,0,1,'2014-01-01',NULL,0,2,0,0,0,1,1,0,1,1,'2016-10-29',5190,0,'NO',0,0,0,3201,'0'),(422120282,'4221202798854',0,'SET DE TACITAS PEQUEÑAS','SET DE TACITAS P',1,6,12,1,1,0,2130,3490,63.85,'','2006-09-07','2006-09-07',0,12,12,0,0,0,0,0,35,0,0,1,'2014-01-01',NULL,0,2,0,0,0,1,0,0,1,1,'2016-08-12',3490,0,'NO',0,0,0,2130,'0'),(422120283,'4221202860100',0,'PONY MUSICAL CON LUZ','PONY MUSICAL CON',1,6,12,1,1,0,2606,4690,79.97,'NO','2006-09-07','2006-09-07',0,6,3,0,0,0,0,0,46,0,0,1,'2014-01-01',NULL,0,1,0,0,0,1,1,0,1,1,'2017-04-08',4690,0,'NO',0,0,0,2368,'0'),(422120284,'4221202860674',0,'COCHE METALICO','COCHE METALICO',1,6,12,1,1,0,15458,24750,60.11,'','2006-09-07','2006-09-07',0,12,12,0,0,0,0,0,6,0,0,1,'2014-01-01',NULL,0,2,0,0,0,1,1,0,1,1,'2016-12-17',24750,0,'NO',0,0,0,15458,'0'),(422120285,'4221202794214',0,'MINI MARIPOSA ALFABETICA','MINI MARIPOSA AL',1,6,12,1,1,0,3201,5190,62.14,'','2006-09-07','2006-09-07',0,12,12,0,0,0,0,0,10,0,0,1,'2014-01-01',NULL,0,2,0,0,0,1,1,0,1,1,'2016-12-20',5190,0,'NO',0,0,0,3201,'0'),(422120286,'4221291983537',0,'CUNA MUÑECA C/MOVIL','CUNA MUÑECA C/MO',1,6,12,1,1,0,9508,15290,60.81,'','2006-09-07','2006-09-07',0,12,12,0,0,0,0,0,5,0,0,1,'2014-01-01',NULL,0,2,0,0,0,1,1,0,1,1,'2016-12-24',15290,0,'NO',0,0,0,9508,'0'),(422120287,'4221202799943',0,'SET DE PONY CON ACCESORIOS','SET DE PONY CON ',1,6,12,1,1,0,2963,4790,61.66,'','2006-09-07','2006-09-07',0,12,12,0,0,0,0,0,45,0,0,1,'2014-01-01',NULL,0,2,0,0,0,1,1,0,1,1,'2016-11-14',4790,0,'NO',0,0,0,2963,'0'),(422120288,'4221202860902',0,'CASITA MUÑECA MUSICAL CON LUZ GRANDE','CASITA MUÑECA MU',1,6,12,1,1,0,13673,21890,60.10,'','2006-09-07','2006-09-07',0,0,12,0,0,0,0,0,12,0,0,1,'2014-01-01',NULL,0,2,0,0,0,1,1,0,1,1,'2016-09-15',21890,0,'NO',0,0,0,13673,'0'),(422120289,'4221202798724',0,'CASTILLO PRINCESA CON LUZ Y SONIDO','CASTILLO PRINCES',1,3,0,1,1,0,14266,22890,60.45,'','2006-09-07','2006-09-07',0,12,12,0,0,0,0,0,5,0,0,1,'2014-01-01',NULL,0,2,0,0,0,1,1,0,1,1,'2016-11-08',22890,0,'NO',0,0,0,14266,'0'),(422120290,'4221202866867',0,'CASTILLO PRINCESA PEQUEÑO CON ACCESORIOS','CASTILLO PRINCES',1,3,0,1,1,0,4272,6890,61.28,'','2006-09-07','2006-09-07',0,12,12,0,0,0,0,0,27,0,0,1,'2014-01-01',NULL,0,2,0,0,0,1,1,0,1,1,'2017-05-12',6890,0,'NO',0,0,0,4272,'0'),(422120291,'4221202863682',0,'DISFRAZ BLANCANIEVES','DISFRAZ BLANCANI',1,6,12,1,1,0,5938,9500,59.99,'','2006-09-07','2006-09-07',0,0,0,0,0,0,0,0,1,0,0,1,'2014-01-01',NULL,0,2,0,0,0,1,1,0,1,1,'2016-07-06',9500,0,'NO',0,0,0,5938,'0'),(422120292,'4221202866935',0,'SET TAZA METAL GRANDE','SET TAZA METAL G',1,6,12,1,1,0,7128,11490,61.20,'','2006-09-07','2006-09-07',0,12,12,0,0,0,0,0,12,0,0,1,'2014-01-01',NULL,0,2,0,0,0,1,1,0,1,1,'2016-11-05',11490,0,'NO',0,0,0,7128,'0'),(422120293,'4221202866973',0,'TROLLEY DOCTOR DISTINTOS ACCESORIOS','TROLLEY DOCTOR D',1,6,12,1,1,0,4629,7490,61.81,'','2006-09-07','2006-09-07',0,12,12,0,0,0,0,0,19,0,0,1,'2014-01-01',NULL,0,2,0,0,0,1,1,0,1,1,'2017-05-13',7490,0,'NO',0,0,0,4629,'0'),(422120294,'4221202863057',0,'PERRO ENCAJE','PERRO ENCAJE',1,3,0,1,1,0,2368,3790,60.05,'','2006-09-07','2006-09-07',0,12,12,0,0,0,0,0,12,0,0,1,'2014-01-01',NULL,0,2,0,0,0,1,1,0,1,1,'2016-10-29',3790,0,'NO',0,0,0,2368,'0'),(422120295,'4221200186745',0,'PELOTA ENCAJE','PELOTA ENCAJE',1,6,12,1,1,0,3082,5590,81.38,'NO','2006-09-07','2006-09-07',0,6,3,0,0,0,0,0,17,0,0,1,'2014-01-01',NULL,0,1,0,0,0,2,1,0,1,1,'2017-05-12',5590,0,'NO',0,0,0,2963,'0'),(422120296,'4221211300697',0,'SET DE COSMETICOS','SET DE COSME',1,6,12,1,1,0,583,990,69.81,'','2006-09-07','2006-09-07',0,12,12,0,0,0,0,0,51,0,0,1,'2014-01-01',NULL,0,2,0,0,0,1,1,0,1,1,'2017-03-06',990,0,'NO',0,0,0,583,'0'),(422120297,'4221202867086',0,'CARRO SUPERMARKET','CARRO SUPERMARKE',1,6,12,1,1,0,5938,9500,59.99,'','2006-09-07','2006-09-07',0,12,12,0,0,0,0,0,21,0,0,1,'2014-01-01',NULL,0,2,0,0,0,1,1,0,1,1,'2017-04-01',9500,0,'NO',0,0,0,5938,'0'),(422120298,'4221218273789',0,'ESTACION DE AUTOS','ESTACION DE AUTO',1,6,12,1,1,0,5224,8390,60.60,'','2006-09-07','2006-09-07',0,12,12,0,0,0,0,0,11,0,0,1,'2014-01-01',NULL,0,2,0,0,0,1,1,0,1,1,'2016-11-22',8390,0,'NO',0,0,0,5224,'0'),(422120299,'4221202868939',0,'SET DE JOYERIAS EN LENTEJUELAS','SET DE JOYERIA',1,6,12,1,1,0,2844,4590,61.39,'','2006-09-07','2006-09-07',0,12,12,0,0,0,0,0,42,0,0,1,'2014-01-01',NULL,0,2,0,0,0,1,1,0,1,1,'2016-07-02',4590,0,'NO',0,0,0,2844,'0'),(422120300,'4221202867994',0,'SET DE TATUAJES CON ACCESORIOS','SET DE TATUAJES ',1,6,12,1,1,0,3558,5690,59.92,'','2006-09-07','2006-09-07',0,12,12,0,0,0,0,0,43,0,0,1,'2014-01-01',NULL,0,2,0,0,0,1,1,0,1,1,'2015-12-24',5690,0,'NO',0,0,0,3558,'0'),(422120301,'4221202868083',0,'MECANO METAL','MECANO METAL',1,6,12,1,1,0,2725,4390,61.10,'','2006-09-07','2006-09-07',0,12,12,0,0,0,0,0,33,0,0,1,'2014-01-01',NULL,0,2,0,0,0,1,1,0,1,1,'2017-02-11',4390,0,'NO',0,0,0,2725,'0'),(422120302,'4221202864108',0,'PISTA CON LANZADOR','PISTA CON LANZAD',1,6,12,1,1,0,1773,2890,63.00,'','2006-09-07','2006-09-07',0,12,12,0,0,0,0,0,44,0,0,1,'2014-01-01',NULL,0,2,0,0,0,1,1,0,1,1,'2016-10-21',2890,0,'NO',0,0,0,1773,'0'),(422120303,'4221202867918',0,'ESCOPETA PIRATA','ESCOPETA PIRATA',1,6,12,1,1,0,1773,2890,63.00,'','2006-09-07','2006-09-07',0,12,12,0,0,0,0,0,6,0,0,1,'2014-01-01',NULL,0,2,0,0,0,1,12,0,1,1,'2017-05-08',2890,0,'NO',0,0,0,1773,'0'),(422120304,'4221202861503',0,'SET MILITAR PEQUEÑO','SET MILITAR PEQU',1,6,12,1,1,0,940,1500,59.57,'','2006-09-07','2006-09-07',0,12,12,0,0,0,0,0,48,0,0,1,'2014-01-01',NULL,0,2,0,0,0,1,1,0,1,1,'2016-07-13',1500,0,'NO',0,0,0,940,'0'),(422120305,'4221202867758',0,'SET MILITAR METAL','SET MILITAR META',1,6,12,1,1,0,1773,2890,63.00,'','2006-09-07','2006-09-07',0,12,12,0,0,0,0,0,23,0,0,1,'2014-01-01',NULL,0,2,0,0,0,1,1,0,1,1,'2016-08-27',2890,0,'NO',0,0,0,1773,'0'),(422120306,'4221202861602',0,'SET DE POLICIA EN METAL','SET DE POLICIA E',1,6,12,1,1,0,1773,2890,63.00,'','2006-09-07','2006-09-07',0,12,12,0,0,0,0,0,23,0,0,1,'2014-01-01',NULL,0,2,0,0,0,1,1,0,1,1,'2016-08-03',2890,0,'NO',0,0,0,1773,'0'),(422120307,'4221202860667',0,'SET DE RESCATE EN METAL','SET DE RESCATE E',1,6,12,1,1,0,1773,2890,63.00,'','2006-09-07','2006-09-07',0,12,12,0,0,0,0,0,24,0,0,1,'2014-01-01',NULL,0,2,0,0,0,1,1,0,1,1,'2016-09-30',2890,0,'NO',0,0,0,1773,'0'),(422120308,'4221202867901',0,'TRAJE PIRATA','TRAJE PORATA',1,6,12,1,1,0,3558,5690,59.92,'','2006-09-07','2006-09-07',0,12,12,0,0,0,0,0,1,0,0,1,'2014-01-01',NULL,0,2,0,0,0,1,1,0,1,1,'2016-05-10',5690,0,'NO',0,0,0,3558,'0'),(422120309,'4221202867789',0,'SET MILITAR GIGANTE','SET MILITAR GIGA',1,6,12,1,1,0,9508,15990,68.17,'','2006-09-07','2006-09-07',0,12,12,0,0,0,0,0,11,0,0,1,'2014-01-01',NULL,0,2,0,0,0,1,1,0,1,1,'2017-03-07',15990,0,'NO',0,0,0,9508,'0'),(422120310,'4221202861381',0,'SET DE ACCESORIOS PIRATA','SET DE ACCESORIO',1,6,12,1,1,0,3558,5690,59.92,'','2006-09-07','2006-09-07',0,12,12,0,0,0,0,0,18,0,0,1,'2014-01-01',NULL,0,2,0,0,0,1,1,0,1,1,'2017-03-24',5690,0,'NO',0,0,0,3558,'0'),(422120311,'4221202867864',0,'TRANSFORMER AUTO CON LUZ Y SONIDO A PILA','TRANSFORMER AUTO',1,6,12,1,1,0,10698,17990,68.16,'','2006-09-07','2006-09-07',0,12,12,0,0,0,0,0,11,0,0,1,'2014-01-01',NULL,0,2,0,0,0,1,1,0,1,1,'2016-08-16',17990,0,'NO',0,0,0,10698,'0'),(422120312,'422120312',0,'TRAJE BOMBERO FIREFIGHTER','TRAJE BOMBERO FI',1,6,12,1,1,0,9508,15290,60.81,'','2006-09-07','2006-09-07',0,12,12,0,0,0,0,0,5,0,0,1,'2014-01-01',NULL,0,2,0,0,0,1,1,0,1,1,'2016-12-24',15290,0,'NO',0,0,0,9508,'0'),(422120313,'4221202797932',0,'SET NINJA CON ESPADAS Y FLECHAS','SET NINJA CON ES',1,6,12,1,1,0,2844,4590,61.39,'','2006-09-07','2006-09-07',0,12,12,0,0,0,0,0,11,0,0,1,'2014-01-01',NULL,0,2,0,0,0,1,1,0,1,1,'2017-03-16',4590,0,'NO',0,0,0,2844,'0'),(422120314,'4221202799387',0,'MUÑECA MODA CON LUZ Y SONIDO','MUÑECA MODA CON ',1,6,1,1,1,0,4272,6890,61.28,'','2006-09-07','2006-09-07',0,12,12,0,0,0,0,0,11,0,0,1,'2014-01-01',NULL,0,2,0,0,0,1,0,0,1,1,'2016-11-05',6890,0,'NO',0,0,0,4272,'0'),(422120315,'4221202866447',0,'MUÑECA DE GOMA CANTA Y BAILA','MUÑECA DE GOMA C',1,6,0,1,1,0,8318,13390,60.98,'','2006-09-07','2006-09-07',0,12,12,0,0,0,0,0,3,0,0,1,'2014-01-01',NULL,0,2,0,0,0,2,0,0,1,1,'2016-08-18',13390,0,'NO',0,0,0,8318,'0'),(422120316,'4221202864689',0,'MUÑECA LLORONA','MUÑECA LLORONA',1,6,0,1,1,0,9508,15290,60.81,'','2006-09-07','2006-09-07',0,12,12,0,0,0,0,0,2,0,0,1,'2014-01-01',NULL,0,2,0,0,0,2,0,0,1,1,'2015-12-24',15290,0,'NO',0,0,0,9508,'0'),(422120317,'4221202796072',0,'MUÑECO DORMILON C/LUZ Y SONIDO','MUÑECO DORMILON ',1,6,0,1,1,0,3558,5690,59.92,'','2006-09-07','2006-09-07',0,12,12,0,0,0,0,0,22,0,0,1,'2014-01-01',NULL,0,2,0,0,0,2,1,0,1,1,'2016-12-19',5690,0,'NO',0,0,0,3558,'0'),(422120318,'4221202864672',0,'MOVOL FLOR','MOVOL FLOR',1,6,0,1,1,0,5938,9500,59.99,'','2015-12-11','2015-12-11',0,12,12,0,0,0,0,0,4,0,0,1,'2014-01-01',NULL,0,2,0,0,0,2,0,0,1,1,'2016-12-23',9500,0,'NO',0,0,0,5938,'0'),(422120319,'4221202863576',0,'NENUQUITOS DE GOMA MINI','NENUQUITOS DE GO',1,6,9,1,1,0,1056,1790,69.51,'NO','2006-09-07','2006-09-07',0,6,3,0,0,0,0,0,132,0,0,1,'2014-01-01',NULL,0,1,0,0,0,2,1,0,1,1,'2017-05-16',1790,0,'NO',0,0,0,1056,'0'),(422120320,'4221202866508',0,'MUÑECA CON SONIDOS Y ACCESORIOS','MUÑECA CON SONID',1,6,0,1,1,0,9389,14990,59.65,'','2015-12-11','2015-12-11',0,12,12,0,0,0,0,0,6,0,0,1,'2014-01-01',NULL,0,2,0,0,0,2,0,0,1,1,'2017-02-17',14990,0,'NO',0,0,0,9389,'0'),(422120321,'4221202866423',0,'MUÑECA CON 4 SONIDOS','MUÑECA CON 4 SON',1,6,0,1,1,0,8318,13390,60.98,'','2006-09-07','2006-09-07',0,12,12,0,0,0,0,0,11,0,0,1,'2014-01-01',NULL,0,2,0,0,0,2,0,0,1,1,'2016-12-24',13390,0,'NO',0,0,0,8318,'0'),(422120322,'4221202866539',0,'MUÑECA CON MOVIMIENTOS Y ACCESORIOS','MUÑECA CON MOVIM',1,6,0,1,1,0,11541,18490,60.21,'','2006-09-07','2006-09-07',0,12,12,0,0,0,0,0,5,0,0,1,'2014-01-01',NULL,0,2,0,0,0,2,0,0,1,1,'2017-03-16',18490,0,'NO',0,0,0,11541,'0'),(422120323,'4221202866317',0,'MUÑECA MODA CON ACCESORIOS 8 DISEÑOS','MUÑECA MODA CON ',1,6,0,1,1,0,5938,9500,59.99,'','2006-09-07','2006-09-07',0,12,12,0,0,0,0,0,6,0,0,1,'2014-01-01',NULL,0,2,0,0,0,2,0,0,1,1,'2016-07-29',9500,0,'NO',0,0,0,5938,'0'),(422120324,'4221202866485',0,'MUÑECA LLORONA','MUÑECA LLORONA',1,6,0,1,1,0,9508,15290,60.81,'','2006-09-07','2006-09-07',0,12,12,0,0,0,0,0,10,0,0,1,'2014-01-01',NULL,0,2,0,0,0,2,0,0,1,1,'2017-02-08',15290,0,'NO',0,0,0,9508,'0'),(422120325,'4221202866188',0,'MUÑECA DE GOMA TIPO LAL','MUÑECA DE GOMA T',1,6,0,1,1,0,3558,5690,59.92,'','2006-09-07','2006-09-07',0,12,12,0,0,0,0,0,24,0,0,1,'2014-01-01',NULL,0,2,0,0,0,2,0,0,1,1,'2016-08-20',5690,0,'NO',0,0,0,3558,'0'),(422120326,'4221202866171',0,'ORGANO MEDIANO DIFERENTE RITOMOS','ORGANO MEDIANO D',1,6,1,1,1,0,12602,21990,74.50,'NO','2015-12-11','2015-12-11',0,3,1,0,0,0,0,0,13,0,0,1,'2014-01-01',NULL,0,1,0,0,0,2,1,0,1,1,'2016-12-24',21990,0,'NO',0,0,0,12602,'0'),(422120327,'4221202866546',0,'MUÑECA CON VESTIDOS Y ACCESORIOS','MUÑECA CON VESTI',1,6,0,1,1,0,15458,24790,60.37,'','2006-09-07','2006-09-07',0,12,12,0,0,0,0,0,7,0,0,1,'2014-01-01',NULL,0,2,0,0,0,2,0,0,1,1,'2017-03-21',24790,0,'NO',0,0,0,15458,'0'),(422120328,'4221202862494',0,'ALFOMBRA GIMNASIO PLUSH','ALFOMBRA GIMNASI',1,6,0,1,1,0,17838,28590,60.28,'','2006-09-07','2006-09-07',0,12,12,0,0,0,0,0,6,0,0,1,'2014-01-01',NULL,0,2,0,0,0,2,0,0,1,1,'2016-12-16',28590,0,'NO',0,0,0,17838,'0'),(422120329,'4221202866195',0,'SET 2 MUÑECAS GOMA TIPO LALA','SET 2 MUÑECAS GO',1,6,0,1,1,0,6771,10890,60.83,'','2006-09-07','2006-09-07',0,12,12,0,0,0,0,0,9,0,0,1,'2014-01-01',NULL,0,2,0,0,0,2,0,0,1,1,'2017-02-11',10890,0,'NO',0,0,0,6771,'0'),(422120330,'4221202799097',0,'MUÑECA CON ACCESORIOS DOCTOR','MUÑECA CON ACCES',1,6,0,1,1,0,13070,20990,60.60,'','2006-09-07','2006-09-07',0,12,12,0,0,0,0,0,2,0,0,1,'2014-01-01',NULL,0,2,0,0,0,2,0,0,1,1,'2015-12-31',20990,0,'NO',0,0,0,13070,'0'),(422120331,'4221202862975',0,'TELEFONO ENTRETENIDO','TELEFONO ENTRETE',1,6,12,1,1,0,3796,6890,81.51,'NO','2015-12-11','2015-12-11',0,6,3,0,0,0,0,0,22,0,0,1,'2014-01-01',NULL,0,1,0,0,0,2,0,0,1,1,'2017-04-12',6890,0,'NO',0,0,0,3746,'0'),(422120332,'4221202862937',0,'PIANO ENTRETENIDO','PIANO ENTRETENID',1,6,0,1,1,0,3746,6190,65.24,'','2006-09-07','2006-09-07',0,12,12,0,0,0,0,0,17,0,0,1,'2014-01-01',NULL,0,2,0,0,0,2,0,0,1,1,'2017-04-03',6190,0,'NO',0,0,0,3746,'0'),(422120333,'4221202863231',0,'GUITARRA CON MICROFONO','GUITARRA CON MIC',1,6,0,1,1,0,3556,5690,60.01,'','2006-09-07','2006-09-07',0,12,12,0,0,0,0,0,11,0,0,1,'2014-01-01',NULL,0,2,0,0,0,2,0,0,1,1,'2016-08-30',5690,0,'NO',0,0,0,3556,'0'),(422120334,'4221212806785',0,'TELEFONO Y PIANO 2 EN UNO','TELEFONO Y PIANO',1,6,0,1,1,0,5700,9190,61.23,'','2006-09-07','2006-09-07',0,12,12,0,0,0,0,0,5,0,0,1,'2014-01-01',NULL,0,2,0,0,0,2,0,0,1,1,'2016-06-30',9190,0,'NO',0,0,0,5700,'0'),(422120335,'4221202795556',0,'BALANCIN CABALLO','BALANCIN CABALLO',1,3,0,1,1,0,9508,15290,60.81,'','2006-09-07','2006-09-07',0,12,12,0,0,0,0,0,7,0,0,1,'2014-01-01',NULL,0,2,0,0,0,2,0,0,1,1,'2016-12-20',15290,0,'NO',0,0,0,9508,'0'),(422120336,'4221202862999',0,'TELEFONO ENTRETENIDO','TELEFONO ENTRETE',1,6,1,1,1,0,3558,5690,59.92,'','2006-09-07','2006-09-07',0,0,0,0,0,0,0,0,9,0,0,1,'2014-01-01',NULL,0,2,0,0,0,1,1,0,1,1,'2016-04-15',5690,0,'NO',0,0,0,3558,'0'),(422120337,'4221202865877',0,'MOTO CON LUZ Y MUSICA','MOTO CON LUZ Y M',1,6,1,1,1,0,4153,6690,61.09,'','2006-09-07','2006-09-07',0,0,0,0,0,0,0,0,1,0,0,1,'2014-01-01',NULL,0,2,0,0,0,1,1,0,1,1,'2017-04-29',6690,0,'NO',0,0,0,4153,'0'),(422120338,'422120338',0,'HELICOPTERO CON MUSICA Y SONIDO','HELICOPTERO CON ',1,6,1,1,1,0,2000,4990,149.50,'NO','2006-09-07','2006-09-07',0,6,3,0,0,0,0,0,5,0,0,1,'2014-01-01',NULL,0,1,0,0,0,1,1,0,1,1,'2016-11-05',4990,0,'NO',0,0,0,5462,'0'),(422120339,'4221202865082',0,'CORREPASILLO RELOJ ROSADO','CORREPASILLO REL',1,6,1,1,1,0,9270,14890,60.63,'','2006-09-07','2006-09-07',0,0,0,0,0,0,0,0,15,0,0,1,'2014-01-01',NULL,0,2,0,0,0,1,1,0,1,1,'2017-04-22',14890,0,'NO',0,0,0,9270,'0'),(422120340,'4221202865136',0,'CORREPASILLO C/CARRO ROJO','CORREPASILLO C/C',1,6,1,1,1,0,20218,32390,60.20,'','2006-09-07','2006-09-07',0,0,0,0,0,0,0,0,4,0,0,1,'2014-01-01',NULL,0,2,0,0,0,1,1,0,1,1,'2016-12-24',32390,0,'NO',0,0,0,20218,'0'),(422120341,'4221202865143',0,'CORREPASILLO TREN C/CARRO ROSADO','CORREPASILLO TRE',1,6,1,1,1,0,20218,32390,60.20,'','2006-09-07','2006-09-07',0,0,0,0,0,0,0,0,5,0,0,1,'2014-01-01',NULL,0,2,0,0,0,1,1,0,1,1,'2017-02-23',32390,0,'NO',0,0,0,20218,'0'),(422120342,'4221202798168',0,'CORREPASILLO CON LUCES Y SONIDO','CORREPASILLO CON',1,6,1,1,1,0,19028,29990,57.61,'','2006-09-07','2006-09-07',0,0,0,0,0,0,0,0,2,0,0,1,'2014-01-01',NULL,0,2,0,0,0,1,1,0,1,1,'2015-12-24',29990,0,'NO',0,0,0,19028,'0'),(422120343,'422120343',0,'TRICICLO METALICO MOD.SBL CON TOLDO','TRICICLO METALIC',1,6,1,1,1,0,22003,38990,77.20,'NO','2006-09-07','2006-09-07',0,3,1,0,0,0,0,0,13,0,0,1,'2014-01-01',NULL,0,1,0,0,0,2,1,0,1,1,'2017-03-21',38990,0,'NO',0,0,0,22003,'0'),(422120344,'1004893006063',0,'DIDACTICO ELEFANTE EN CAJA','DIDACTICO ELEFAN',1,6,1,1,1,0,1300,2290,76.15,'','2006-09-07','2006-09-07',0,0,0,0,0,0,0,0,16,0,0,1,'2014-01-01',NULL,0,2,0,0,0,1,1,0,1,1,'2016-09-03',2290,0,'NO',0,0,0,1300,'0'),(422120345,'1004936003677',0,'DINOSAURIO CUELLO ALTO A PILA','DINOSAURIO CUELL',1,6,1,1,1,0,4000,6890,72.25,'','2006-09-07','2006-09-07',0,0,0,0,0,0,0,0,50,0,0,1,'2014-01-01',NULL,0,2,0,0,0,1,1,0,1,1,'2017-03-31',6890,0,'NO',0,0,0,6890,'0'),(422120346,'1005036003987',0,'DINOSAURIO C/3 CABEZAS A PILA','DINOSAURIO C/3 C',1,6,1,1,1,0,5500,9990,81.64,'','2006-09-07','2006-09-07',0,0,0,0,0,0,0,0,9,0,0,1,'2014-01-01',NULL,0,2,0,0,0,1,1,0,1,1,'2017-03-04',9990,0,'NO',0,0,0,5500,'0'),(422120347,'1005331003422',0,'TORTUGA C/LUZ Y MUSICA','TORTUGA C/LUZ Y ',1,6,1,1,1,0,2500,4590,83.60,'NO','2006-09-07','2006-09-07',0,0,0,0,0,0,0,0,31,0,0,1,'2014-01-01',NULL,0,1,0,0,0,1,1,0,1,1,'2016-02-11',4590,0,'NO',0,0,0,2000,'0'),(422120348,'1005241111019',0,'TORTUGA C/LUZ Y MUSICA','TORTUGA C/LUZ Y ',1,6,1,1,1,0,2000,3690,84.50,'','2006-09-07','2006-09-07',0,0,0,0,0,0,0,0,26,0,0,1,'2014-01-01',NULL,0,2,0,0,0,1,1,0,1,1,'2016-08-06',3690,0,'NO',0,0,0,2000,'0'),(422120349,'1005450003532',0,'XILOFONO TIPO GALLO EN CAJA','XILOFONO TIPO GA',1,6,1,1,1,0,2500,4250,70.00,'NO','2006-09-07','2006-09-07',0,0,0,0,0,0,0,0,48,0,0,1,'2014-01-01',NULL,0,1,0,0,0,1,1,0,1,1,'2017-04-03',4250,0,'NO',0,0,0,2500,'0'),(422120350,'1006360021159',0,'SET DE BELLEZA EN CAJA ','SET DE BELLEZA E',1,6,1,1,1,0,3500,5950,70.00,'NO','2006-09-07','2006-09-07',0,0,0,0,0,0,0,0,18,0,0,1,'2014-01-01',NULL,0,1,0,0,0,1,1,0,1,1,'2017-05-16',5950,0,'NO',0,0,0,3500,'0'),(422120351,'1006424011119',0,'SET DE BELLEZA C/LUZ EN CAJA','SET DE BELLEZA C',1,6,1,1,1,0,6500,11050,70.00,'NO','2006-09-07','2006-09-07',0,0,0,0,0,0,0,0,9,0,0,1,'2014-01-01',NULL,0,1,0,0,0,1,1,0,1,1,'2017-03-11',11050,0,'NO',0,0,0,6500,'0'),(422120352,'1006699700015',0,'SET DE COCINA EN CAJA','SET DE COCINA EN',1,6,1,1,1,0,2500,4500,80.00,'','2006-09-07','2006-09-07',0,0,0,0,0,0,0,0,17,0,0,1,'2014-01-01',NULL,0,2,0,0,0,1,1,0,1,1,'2017-03-29',4500,0,'NO',0,0,0,2500,'0'),(422120353,'1006750316162',0,'SET DE COCINA EN DISPLAY','SET DE COCINA EN',1,6,1,1,1,0,1000,1790,79.00,'','2006-09-07','2006-09-07',0,0,0,0,0,0,0,0,102,0,0,1,'2014-01-01',NULL,0,2,0,0,0,1,1,0,1,1,'2017-04-25',1790,0,'NO',0,0,0,1000,'0'),(422120354,'1006845006336',0,'SET DE BATERIA ACERO 9PZ EN CAJA','SET DE BATERIA A',1,6,1,1,1,0,3300,5620,70.30,'NO','2006-09-07','2006-09-07',0,0,0,0,0,0,0,0,45,0,0,1,'2014-01-01',NULL,0,1,0,0,0,1,1,0,1,1,'2017-04-27',5620,0,'NO',0,0,0,3300,'0'),(422120355,'1007047049459',0,'JUEGO DE TE EN CAJA','JUEGO DE TE EN C',1,6,1,1,1,0,2000,3690,84.50,'','2006-09-07','2006-09-07',0,0,0,0,0,0,0,0,36,0,0,1,'2014-01-01',NULL,0,2,0,0,0,1,1,0,1,1,'2016-02-24',3690,0,'NO',0,0,0,2000,'0'),(422120356,'1007015001861',0,'SET DE PARRILLA C/ACCESORIOS EN CAJA','SET DE PARRILLA ',1,6,1,1,1,0,3500,6390,82.57,'','2006-09-07','2006-09-07',0,0,0,0,0,0,0,0,15,0,0,1,'2014-01-01',NULL,0,2,0,0,0,1,1,0,1,1,'2017-04-12',6390,0,'NO',0,0,0,3500,'0'),(422120357,'1007342005075',0,'SET DE HERRAMIENTAS C/CASCO EN MALLA','SET DE HERRAMIEN',1,3,1,1,1,0,1400,2590,85.00,'','2006-09-07','2006-09-07',0,0,0,0,0,0,0,0,62,0,0,1,'2014-01-01',NULL,0,2,0,0,0,1,1,0,1,1,'2017-05-03',2590,0,'NO',0,0,0,1400,'0'),(422120358,'1007542013696',0,'SET DE ROBOT CAMBIABLE 7PZS EN CAJA','SET DE ROBOT CAM',1,6,1,1,1,0,3300,5990,81.52,'','2006-09-07','2006-09-07',0,0,0,0,0,0,0,0,34,0,0,1,'2014-01-01',NULL,0,2,0,0,0,1,1,0,1,1,'2016-10-15',5990,0,'NO',0,0,0,3300,'0'),(422120359,'1007760004421',0,'ROBOT CAMBIABLE C/LUZ Y SONIDO EN CAJA','ROBOT CAMBIABLE ',1,6,1,1,1,0,3500,6390,82.57,'','2006-09-07','2006-09-07',0,0,0,0,0,0,0,0,67,0,0,1,'2014-01-01',NULL,0,2,0,0,0,1,1,0,1,1,'2017-03-28',6390,0,'NO',0,0,0,3500,'0'),(422120360,'1008299400012',0,'RELOJ DESPERTADOR BARCO EN CAJA','RELOJ DESPERTADO',1,6,1,1,1,0,2000,3690,84.50,'','2006-09-07','2006-09-07',0,0,0,0,0,0,0,0,2,0,0,1,'2014-01-01',NULL,0,2,0,0,0,1,1,0,1,1,'2016-06-30',3690,0,'NO',0,0,0,2000,'0'),(422120361,'1008399400035',0,'RELOJ DESPERTADOR AUTO ANTIGUO EN CAJA','RELOJ DESPERTADO',1,6,1,1,1,0,2000,3690,84.50,'','2006-09-07','2006-09-07',0,0,0,0,0,0,0,0,10,0,0,1,'2014-01-01',NULL,0,2,0,0,0,1,1,0,1,1,'2017-05-05',3690,0,'NO',0,0,0,2000,'0'),(422120362,'6933924197195',0,'PLATO LENGUA MELAMINA -14','PLATO LENGUA MEL',1,6,12,1,1,0,400,720,80.00,'','2006-09-07','2006-09-07',0,12,12,0,0,0,0,0,29,0,0,1,'2014-01-01',NULL,0,2,0,0,0,1,1,0,1,1,'2016-02-04',720,0,'NO',0,0,0,400,'0'),(422120363,'6933924197218',0,'BOWL CUADRADO MELAMINA','BOWL CUADRADO ME',1,6,12,1,1,0,300,540,80.00,'NO','2006-09-07','2006-09-07',0,12,12,0,0,0,0,0,31,0,0,1,'2014-01-01',NULL,0,1,0,0,0,1,1,0,1,1,'2016-11-03',540,0,'NO',0,0,0,300,'0'),(422120364,'6933924197225',0,'BOWL CUADRADO MELAMINA','BOWL CUADRADO ME',1,6,12,1,1,0,400,720,80.00,'NO','2006-09-07','2006-09-07',0,12,12,0,0,0,0,0,48,0,0,1,'2014-01-01',NULL,0,1,0,0,0,1,1,0,1,1,'2016-11-03',720,0,'NO',0,0,0,650,'0'),(422120365,'6933924197201',0,'BOWL CUADRADO MELAMINA','BOWL CUADRADO ME',1,6,12,1,1,0,250,450,80.00,'','2006-09-07','2006-09-07',0,12,12,0,0,0,0,0,65,0,0,1,'2014-01-01',NULL,0,2,0,0,0,1,1,0,1,1,'2016-11-03',450,0,'NO',0,0,0,250,'0'),(422120366,'6933924197287',0,'CUCHARON MELAMINA','CUCHARON MELAMIN',1,6,12,1,1,0,350,650,85.71,'','2006-09-07','2006-09-07',0,12,12,0,0,0,0,0,10,0,0,1,'2014-01-01',NULL,0,2,0,0,0,1,1,0,1,1,'2016-08-13',650,0,'NO',0,0,0,350,'0'),(422120367,'6933924197300',0,'ESPATULA MELAMINA','ESPATULA MELAMIN',1,6,12,1,1,0,350,650,85.71,'','2006-09-07','2006-09-07',0,12,12,0,0,0,0,0,7,0,0,1,'2014-01-01',NULL,0,2,0,0,0,1,1,0,1,1,'2016-08-11',650,0,'NO',0,0,0,350,'0'),(422120368,'6933924197294',0,'ESPUMADOR MELAMINA','ESPUMADOR MELAMI',1,6,12,1,1,0,350,650,85.71,'','2006-09-07','2006-09-07',0,12,12,0,0,0,0,0,7,0,0,1,'2014-01-01',NULL,0,2,0,0,0,1,1,0,1,1,'2016-05-20',650,0,'NO',0,0,0,350,'0'),(422120369,'6933924197270',0,'CUCHARON MELAMINA','CUCHARON MELAMIN',1,6,12,1,1,0,350,650,85.71,'','2006-09-07','2006-09-07',0,0,0,0,0,0,0,0,14,0,0,1,'2014-01-01',NULL,0,2,0,0,0,1,1,0,1,1,'2016-09-12',650,0,'NO',0,0,0,350,'0'),(422120370,'6933924197232',0,'BOWL CUADRADO MELAMINA','BOWL CUADRADO ME',1,6,12,1,1,0,300,540,80.00,'','2006-09-07','2006-09-07',0,12,12,0,0,0,0,0,18,0,0,1,'2014-01-01',NULL,0,2,0,0,0,1,1,0,1,1,'2016-05-09',540,0,'NO',0,0,0,300,'0'),(422120371,'6933924197256',0,'BOWL CUADRADO MELAMINA','BOWL CUADRADO ME',1,6,12,1,1,0,650,1190,83.08,'','2006-09-07','2006-09-07',0,12,12,0,0,0,0,0,35,0,0,1,'2014-01-01',NULL,0,2,0,0,0,1,1,0,1,1,'2016-01-16',1190,0,'NO',0,0,0,650,'0'),(422120372,'6933924197331',0,'AZUCARERO C/CUCHARA MELAMINA','AZUCARERO C/CUCH',1,6,12,1,1,0,350,650,85.71,'','2006-09-07','2006-09-07',0,12,12,0,0,0,0,0,19,0,0,1,'2014-01-01',NULL,0,2,0,0,0,1,1,0,1,1,'2016-03-16',650,0,'NO',0,0,0,350,'0'),(422120373,'6933924197263',0,'BANDEJA RECTANGULAR MELAMINA','BANDEJA RECTANGU',1,6,12,1,1,0,1000,1790,79.00,'','2006-09-07','2006-09-07',0,12,12,0,0,0,0,0,4,0,0,1,'2014-01-01',NULL,0,2,0,0,0,1,1,0,1,1,'2016-08-25',1790,0,'NO',0,0,0,1000,'0'),(422120374,'6933924197324',0,'MANTEQUILLERA MELAMINA','MANTEQUILLERA ME',1,6,12,1,1,0,350,650,85.71,'','2006-09-07','2006-09-07',0,12,12,0,0,0,0,0,20,0,0,1,'2014-01-01',NULL,0,2,0,0,0,1,1,0,1,1,'2016-03-28',650,0,'NO',0,0,0,350,'0'),(422120375,'8902890000288',0,'JARRO ACERO C/TAPA 2LTS','JARRO ACERO C/TA',1,6,12,1,1,0,2200,3990,81.36,'','2006-09-07','2006-09-07',0,12,12,0,0,0,0,0,6,0,0,1,'2014-01-01',NULL,0,2,0,0,0,1,1,0,1,1,'2016-10-05',3990,0,'NO',0,0,0,2200,'0'),(422120376,'9801001060304',0,'JARRO ACERO 10CMS CON TAPA','JARRO ACERO 10CM',1,6,12,1,1,0,800,1440,80.00,'','2006-09-07','2006-09-07',0,12,12,0,0,0,0,0,1,0,0,1,'2014-01-01',NULL,0,2,0,0,0,1,1,0,1,1,'2016-08-19',1440,0,'NO',0,0,0,800,'0'),(422120377,'9810000006032',0,'JARRO ACERO 14CMS CON TAPA','JARRO ACERO 14CM',1,6,12,1,1,0,1500,2790,86.00,'','2006-09-07','2006-09-07',0,12,12,0,0,0,0,0,3,0,0,1,'2014-01-01',NULL,0,2,0,0,0,1,1,0,1,1,'2016-05-03',2790,0,'NO',0,0,0,1500,'0'),(422120378,'8902890000141',0,'CUCHARON ACERO  16OZ','CUCHARON ACERO  ',1,6,12,1,1,0,1300,2390,83.85,'','2006-09-07','2006-09-07',0,12,12,0,0,0,0,0,2,0,0,1,'2014-01-01',NULL,0,2,0,0,0,1,1,0,1,1,'2016-08-13',2390,0,'NO',0,0,0,1300,'0'),(422120379,'8902890000127',0,'CUCHARON ACERO 10 OZ','CUCHARON ACERO 1',1,6,12,1,1,0,1000,1890,89.00,'','2006-09-07','2006-09-07',0,12,12,0,0,0,0,0,1,0,0,1,'2014-01-01',NULL,0,2,0,0,0,1,1,0,1,1,'2016-06-29',1890,0,'NO',0,0,0,1000,'0'),(422120380,'8902890000110',0,'CUCHARON ACERO 6 OZ','CUCHARON ACERO 6',1,6,12,1,1,0,800,1440,80.00,'','2006-09-07','2006-09-07',0,12,12,0,0,0,0,0,1,0,0,1,'2014-01-01',NULL,0,2,0,0,0,1,1,0,1,1,'2016-01-15',1440,0,'NO',0,0,0,800,'0'),(422120381,'8902890000165',0,'BANDEJA ACERO RECTANGULAR 35CMS','BANDEJA ACERO RE',1,6,12,1,1,0,900,1590,76.67,'','2006-09-07','2006-09-07',0,12,12,0,0,0,0,0,4,0,0,1,'2014-01-01',NULL,0,2,0,0,0,1,1,0,1,1,'2016-01-09',1590,0,'NO',0,0,0,900,'0'),(422120382,'8902890000189',0,'BANDEJA ACERO OVALADA 30CMS','BANDEJA ACERO OV',1,6,12,1,1,0,900,1590,76.67,'','2006-09-07','2006-09-07',0,12,12,0,0,0,0,0,5,0,0,1,'2014-01-01',NULL,0,2,0,0,0,1,1,0,1,1,'2015-12-22',1590,0,'NO',0,0,0,900,'0'),(422120383,'6933924197072',0,'BANDEJA REDONDA MELAMINA','BANDEJA REDONDA ',1,6,12,1,1,0,950,1690,77.89,'','2006-09-07','2006-09-07',0,12,12,0,0,0,0,0,19,0,0,1,'2014-01-01',NULL,0,2,0,0,0,1,1,0,1,1,'2016-10-22',1690,0,'NO',0,0,0,950,'0'),(422120384,'6933924197089',0,'BOWL OVALADO MELAMINA','BOWL OVALADO MEL',1,6,12,1,1,0,280,490,75.00,'','2006-09-07','2006-09-07',0,12,12,0,0,0,0,0,43,0,0,1,'2014-01-01',NULL,0,2,0,0,0,1,1,0,1,1,'2016-08-13',490,0,'NO',0,0,0,280,'0'),(422120385,'6933924197126',0,'PLATO CON MELAMINA','PLATO CON MELAMI',1,6,12,1,1,0,180,350,94.44,'','2006-09-07','2006-09-07',0,12,12,0,0,0,0,0,73,0,0,1,'2014-01-01',NULL,0,2,0,0,0,1,1,0,1,1,'2016-08-30',350,0,'NO',0,0,0,180,'0'),(422120386,'6933924197140',0,'PLATO HONDO MELAMINA','PLATO HONDO MELA',1,6,12,1,1,0,250,450,80.00,'','2006-09-07','2006-09-07',0,12,12,0,0,0,0,0,61,0,0,1,'2014-01-01',NULL,0,2,0,0,0,1,1,0,1,1,'2016-08-13',450,0,'NO',0,0,0,250,'0'),(422120387,'6933924197157',0,'PLATO BAJO MELAMINA','PLATO BAJO MELAM',1,6,12,1,1,0,300,540,80.00,'','2006-09-07','2006-09-07',0,12,12,0,0,0,0,0,58,0,0,1,'2014-01-01',NULL,0,2,0,0,0,1,1,0,1,1,'2016-10-13',540,0,'NO',0,0,0,300,'0'),(422120388,'6933924197188',0,'PLATO LENGUA MELAMINA 12','PLATO LENGUA MEL',1,6,12,1,1,0,350,630,80.00,'','2006-09-07','2006-09-07',0,12,12,0,0,0,0,0,40,0,0,1,'2014-01-01',NULL,0,2,0,0,0,1,1,0,1,1,'2016-09-12',630,0,'NO',0,0,0,350,'0'),(422120389,'6933924197171',0,'PLATO LENGUA MELAMINA 10','PLATO LENGUA MEL',1,6,12,1,1,0,300,540,80.00,'','2006-09-07','2006-09-07',0,12,12,0,0,0,0,0,12,0,0,1,'2014-01-01',NULL,0,2,0,0,0,1,1,0,1,1,'2016-08-13',540,0,'NO',0,0,0,300,'0'),(422120390,'110808095105',0,'PUZLE DIDACTICO MADERA','PUZLE DIDACTICO ',1,6,12,1,1,0,1300,2490,91.54,'','2006-09-07','2006-09-07',0,12,12,0,0,0,0,0,40,0,0,1,'2014-01-01',NULL,0,2,0,0,0,1,1,0,1,1,'2017-05-13',2490,0,'NO',0,0,0,1300,'0'),(422120391,'6933924197133',0,'PLATO BAJO MELAMINA','PLATO BAJO MELAM',1,6,12,1,1,0,250,450,80.00,'','2006-09-07','2006-09-07',0,12,12,0,0,0,0,0,22,0,0,1,'2014-01-01',NULL,0,2,0,0,0,1,1,0,1,1,'2016-08-13',450,0,'NO',0,0,0,250,'0'),(422120392,'8902890000172',0,'BANDEJA ACERO RECTANGULAR 43CMS','BANDEJA ACERO RE',1,6,12,1,1,0,1300,2390,83.85,'','2006-09-07','2006-09-07',0,12,12,0,0,0,0,0,5,0,0,1,'2014-01-01',NULL,0,2,0,0,0,1,1,0,1,1,'2016-11-03',2390,0,'NO',0,0,0,1300,'0'),(422120393,'586000786163',0,'PERRO C/LUZ Y SONIDO','PERRO C/LUZ Y SO',1,6,1,1,1,0,2000,3690,84.50,'','2006-09-07','2006-09-07',0,0,0,0,0,0,0,0,32,0,0,1,'2014-01-01',NULL,0,2,0,0,0,1,1,0,1,1,'2016-08-07',3690,0,'NO',0,0,0,2000,'0'),(422120394,'586000786460',0,'MARTILLO C/LUZ Y MUSICA A PILA','MARTILLO C/LUZ Y',1,6,1,1,1,0,900,1990,121.11,'','2006-09-07','2006-09-07',0,0,0,0,0,0,0,0,54,0,0,1,'2014-01-01',NULL,0,2,0,0,0,1,1,0,1,1,'2017-04-29',1990,0,'NO',0,0,0,900,'0'),(422120395,'9412280120766',0,'SET AVION MILITAR 4 PZ EN DISPLAY','SET AVION MILITA',1,6,1,1,1,0,550,990,80.00,'','2006-09-07','2006-09-07',0,0,0,0,0,0,0,0,34,0,0,1,'2014-01-01',NULL,0,2,0,0,0,1,1,0,1,1,'2016-09-07',990,0,'NO',0,0,0,550,'0'),(422120396,'586000794625',0,'PUZZLE ELEFANTE DIDACTICO MADERA','PUZZLE ELEFANTE ',1,3,1,1,1,0,900,1990,121.11,'','2006-09-07','2006-09-07',0,0,0,0,0,0,0,0,14,0,0,1,'2014-01-01',NULL,0,2,0,0,0,1,1,0,1,1,'2017-04-08',1990,0,'NO',0,0,0,900,'0'),(422120397,'586000794632',0,'PUZZLE BHUO DIDACTICO MADERA','PUZZLE BHUO DIDA',1,3,1,1,1,0,900,1990,121.11,'','2006-09-07','2006-09-07',0,0,0,0,0,0,0,0,9,0,0,1,'2014-01-01',NULL,0,2,0,0,0,1,1,0,1,1,'2017-04-08',1990,0,'NO',0,0,0,900,'0'),(422120398,'586000794656',0,'PUZZLE DIDACTICO ANIMALES','PUZZLE DIDACTICO',1,3,1,1,1,0,900,1990,121.11,'','2006-09-07','2006-09-07',0,0,0,0,0,0,0,0,29,0,0,1,'2014-01-01',NULL,0,2,0,0,0,1,1,0,1,1,'2017-04-28',1990,0,'NO',0,0,0,900,'0'),(422120399,'1002561019315',0,'SET AUTO CONSTRUCCION EN CAJA','SET AUTO CONSTRU',1,6,1,1,1,0,3000,5100,70.00,'NO','2006-09-07','2006-09-07',0,0,0,0,0,0,0,0,115,0,0,1,'2014-01-01',NULL,0,1,0,0,0,1,1,0,1,1,'2017-05-06',5100,0,'NO',0,0,0,3000,'0'),(422120400,'1002680016110',0,'AUTO ANTIGUO A FRICCION EN CAJA','AUTO ANTIGUO A F',1,6,1,1,1,0,1800,3290,82.78,'','2006-09-07','2006-09-07',0,0,0,0,0,0,0,0,110,0,0,1,'2014-01-01',NULL,0,2,0,0,0,1,1,0,1,1,'2017-05-05',3290,0,'NO',0,0,0,1800,'0'),(422120401,'1002729022829',0,'SET AUTO CONSTRUCCION EN CAJA','SET AUTO CONSTRU',1,6,1,1,1,0,1800,3290,82.78,'','2006-09-07','2006-09-07',0,0,0,0,0,0,0,0,64,0,0,1,'2014-01-01',NULL,0,2,0,0,0,1,1,0,1,1,'2017-03-15',3290,0,'NO',0,0,0,1800,'0'),(422120402,'1002834001634',0,'BUS A PILA C/LUZ EN CAJA','BUS A PILA C/LUZ',1,6,1,1,1,0,2200,3990,81.36,'','2006-09-07','2006-09-07',0,0,0,0,0,0,0,0,27,0,0,1,'2014-01-01',NULL,0,2,0,0,0,1,1,0,1,1,'2017-05-05',3990,0,'NO',0,0,0,2200,'0'),(422120403,'1003189003052',0,'PISTOLA LANZA AGUA HAPPY SUMMER','PISTOLA LANZA AG',1,3,1,1,1,0,3800,6890,81.32,'NO','2006-09-07','2006-09-07',0,0,0,0,0,0,0,0,27,0,0,1,'2014-01-01',NULL,0,1,0,0,0,1,1,0,1,1,'2016-12-29',6890,0,'NO',0,0,0,3800,'0'),(422120404,'1003214000568',0,'PISTOLA LANZA AGUA WATER GUN','PISTOLA LANZA AG',1,3,1,1,1,0,3800,6890,81.32,'NO','2006-09-07','2006-09-07',0,0,0,0,0,0,0,0,31,0,0,1,'2014-01-01',NULL,0,1,0,0,0,1,1,0,1,1,'2017-01-06',6890,0,'NO',0,0,0,3800,'0'),(422120405,'1003947003010',0,'SET DE SNORKEL C/GUALETA','SET DE SNORKEL C',1,3,1,1,1,0,2500,4590,83.60,'','2006-09-07','2006-09-07',0,0,0,0,0,0,0,0,31,0,0,1,'2014-01-01',NULL,0,2,0,0,0,1,1,0,1,1,'2017-02-07',4590,0,'NO',0,0,0,2500,'0'),(422120406,'1004048900017',0,'SET GOLF EN MALLA','SET GOLF EN MALL',1,3,1,1,1,0,2000,3690,84.50,'','2006-09-07','2006-09-07',0,0,0,0,0,0,0,0,22,0,0,1,'2014-01-01',NULL,0,2,0,0,0,1,1,0,1,1,'2017-02-08',3690,0,'NO',0,0,0,2000,'0'),(422120407,'1004115005324',0,'SET PALETA DE PLAYA EN ESTUCHE','SET PALETA DE PL',1,3,1,1,1,0,3000,5490,83.00,'','2006-09-07','2006-09-07',0,0,0,0,0,0,0,0,22,0,0,1,'2014-01-01',NULL,0,2,0,0,0,1,1,0,1,1,'2017-05-05',5490,0,'NO',0,0,0,3000,'0'),(422120408,'1004220172140',0,'SET DE ARCO FLECHA EN DISPLAY','SET DE ARCO FLEC',1,3,1,1,1,0,1200,2290,90.83,'','2006-09-07','2006-09-07',0,0,0,0,0,0,0,0,35,0,0,1,'2014-01-01',NULL,0,2,0,0,0,1,1,0,1,1,'2016-10-15',2290,0,'NO',0,0,0,1200,'0'),(422120409,'1004444700068',0,'COCHE MUÑECA METAL','COCHE MUÑECA MET',1,3,1,1,1,0,3000,5490,83.00,'','2006-09-07','2006-09-07',0,0,0,0,0,0,0,0,23,0,0,1,'2014-01-01',NULL,0,2,0,0,0,1,1,0,1,1,'2017-04-01',5490,0,'NO',0,0,0,3000,'0'),(422120410,'1004678005748',0,'MUSICAL ANIMAL A CUERDA EN DISPLAY','MUSICAL ANIMAL A',1,3,1,1,1,0,1800,3290,82.78,'','2006-09-07','2006-09-07',0,0,0,0,0,0,0,0,24,0,0,1,'2014-01-01',NULL,0,2,0,0,0,1,1,0,1,1,'2017-03-14',3290,0,'NO',0,0,0,1800,'0'),(422120411,'1004778005853',0,'MUSICAL PAYASO A CUERDA EN DISPLAY','MUSICAL PAYASO A',1,3,1,1,1,0,1800,3290,82.78,'','2006-09-07','2006-09-07',0,0,0,0,0,0,0,0,26,0,0,1,'2014-01-01',NULL,0,2,0,0,0,1,1,0,1,1,'2017-01-26',3290,0,'NO',0,0,0,1800,'0'),(422120412,'7804945016033',0,'SIMONDS COLONIA BLUE 260ML','SIMONDS COLONIA ',1,6,12,1,1,0,0,1790,0.00,'','2006-09-07','2006-09-07',0,12,12,0,0,0,0,0,1,0,0,1,'2014-01-01',NULL,0,2,0,0,0,1,1,0,1,1,'2015-12-22',1790,0,'NO',0,0,0,0,'0'),(422120413,'7804945016095',0,'SIMONDS COLONIA LILA 260ML','SIMONDS COLONIA ',1,6,12,1,1,0,0,1790,0.00,'','2006-09-07','2006-09-07',0,12,12,0,0,0,0,0,4,0,0,1,'2014-01-01',NULL,0,2,0,0,0,1,1,0,1,1,'2016-01-02',1790,0,'NO',0,0,0,0,'0'),(422120414,'7804945016088',0,'SIMONDS COLONIA MARINA 260ML','SIMONDS COLONIA ',1,6,12,1,1,0,0,1790,0.00,'','2006-09-07','2006-09-07',0,12,12,0,0,0,0,0,3,0,0,1,'2014-01-01',NULL,0,2,0,0,0,1,1,0,1,1,'2015-12-26',1790,0,'NO',0,0,0,0,'0'),(422120415,'7804945016064',0,'SIMONDS COLONIA GOLDEN  KIDS 260ML','SIMONDS COLONIA ',1,6,12,1,1,0,0,1790,0.00,'','2006-09-07','2006-09-07',0,12,12,0,0,0,0,0,1,0,0,1,'2014-01-01',NULL,0,2,0,0,0,1,1,0,1,1,'2015-12-24',1790,0,'NO',0,0,0,0,'0'),(422120416,'7804945016040',0,'SIMONDS COLONIA PINK 260ML','SIMONDS COLONIA ',1,6,12,1,1,0,0,1790,0.00,'','2006-09-07','2006-09-07',0,12,12,0,0,0,0,0,3,0,0,1,'2014-01-01',NULL,0,2,0,0,0,1,1,0,1,1,'2015-12-23',1790,0,'NO',0,0,0,0,'0'),(422120417,'7804945016101',0,'SIMONDS COLONIA GREEN  260ML','SIMONDS COLONIA ',1,6,12,1,1,0,0,1790,0.00,'','2006-09-07','2006-09-07',0,12,12,0,0,0,0,0,0,0,0,1,'2014-01-01',NULL,0,2,0,0,0,1,1,0,1,1,'2014-01-01',1790,0,'NO',0,0,0,0,'0'),(422120418,'4221202863422',0,'BLOQUES CONSTRUCCION','BLOQUES CONSTRUC',1,3,0,1,1,0,2368,3790,60.05,'','2006-09-07','2006-09-07',0,0,0,0,0,0,0,0,34,0,0,1,'2014-01-01',NULL,0,2,0,0,0,1,1,0,1,1,'2017-04-03',3790,0,'NO',0,0,0,2368,'0'),(422120419,'4221202863194',0,'CAMION CON MOVIMIENTO Y SONIDOS','CAMION CON MOVIM',1,3,0,1,1,0,4748,7590,59.86,'','2006-09-07','2006-09-07',0,0,0,0,0,0,0,0,5,0,0,1,'2014-01-01',NULL,0,2,0,0,0,1,1,0,1,1,'2016-11-05',7590,0,'NO',0,0,0,4748,'0'),(422120420,'4221292824266',0,'MUÑECA 4 FUNCIONES','MUÑECA 4 FUNCION',1,9,1,1,1,0,11531,18990,64.69,'','2006-09-07','2006-09-07',0,12,8,0,0,0,0,0,6,0,0,1,'2014-01-01',NULL,0,2,0,0,0,1,1,0,1,1,'2016-11-05',18990,0,'NO',0,0,0,11531,'0'),(422120421,'4221202867192',0,'CARPA  DE AUTO TENTSERIES','CARPA  DE AUTO T',1,3,1,1,1,0,8556,13690,60.00,'','2006-09-07','2006-09-07',0,24,12,0,0,0,0,0,6,0,0,1,'2014-01-01',NULL,0,2,0,0,0,1,1,0,1,1,'2016-09-24',13690,0,'NO',0,0,0,8556,'0'),(422120422,'7804902034223',0,'ESTUCHE BARBIE TRES MINIATURA 30ML','ESTUCHE BARBIE',1,6,0,1,1,0,3873,4260,9.99,'NO','2006-09-07','2006-09-07',0,10,10,0,0,0,0,0,3,0,0,1,'2014-01-01',NULL,0,1,0,0,0,1,0,0,1,1,'2015-12-30',4260,0,'NO',0,0,0,3873,'0'),(422120423,'7804902027461',0,'PERFUME MONSTER HIGH 50 ML DRACULAURA HIPOALERGENICO','PERFUME MONSTER ',1,6,1,1,1,0,0,4590,0.00,'','2006-09-07','2006-09-07',0,12,12,0,0,0,0,0,3,0,0,1,'2014-01-01',NULL,0,2,0,0,0,1,0,0,1,1,'2015-12-24',4590,0,'NO',0,0,0,0,'0'),(422120424,'7804902027478',0,'PERFUME MONSTER HIGH FRANKIE STEIN 50ML ','PERFUME MONSTER ',1,6,1,1,1,0,0,4590,0.00,'','2006-09-07','2006-09-07',0,12,12,0,0,0,0,0,0,0,0,1,'2014-01-01',NULL,0,2,0,0,0,1,0,0,1,1,'2014-01-01',4590,0,'NO',0,0,0,0,'0'),(422120425,'7804945076020',0,'BABYLAND COLONIA PINK HIPOALERGÉNICO 260ML ','BABYLAND PINK',1,3,0,1,1,0,0,1250,0.00,'','2006-09-07','2006-09-07',0,12,12,0,0,0,0,0,8,0,0,1,'2014-01-01',NULL,0,2,0,0,0,1,260,0,1,1,'2015-12-31',1250,0,'NO',0,0,0,0,'0'),(422120426,'7804945005716',0,'BABYLAND COLONIA CELESTE 260ML ','BABYLAND CELESTE',1,3,0,1,1,0,0,1250,0.00,'','2006-09-07','2006-09-07',0,12,12,0,0,0,0,0,5,0,0,1,'2014-01-01',NULL,0,2,0,0,0,1,0,0,1,1,'2016-01-09',1250,0,'NO',0,0,0,0,'0'),(422120427,'7804945007536',0,'BABYLAND COLONIA ROSADA 260ML ','BABYLAND ROSADA',1,3,0,1,1,0,0,1250,0.00,'','2006-09-07','2006-09-07',0,12,12,0,0,0,0,0,2,0,0,1,'2014-01-01',NULL,0,2,0,0,0,1,0,0,1,1,'2016-01-15',1250,0,'NO',0,0,0,0,'0'),(422120428,'7804945007574',0,'BABYLAND COLONIA AMARILLA 260ML ','BABYLAND AMARILL',1,3,0,1,1,0,0,1250,0.00,'','2006-09-07','2006-09-07',0,12,12,0,0,0,0,0,2,0,0,1,'2014-01-01',NULL,0,2,0,0,0,1,0,0,1,1,'2015-12-23',1250,0,'NO',0,0,0,0,'0'),(422120429,'4221202796980',0,'CARPA CASITA','CARPA CASITA',1,6,12,1,1,0,8019,13890,73.21,'','2006-09-07','2006-09-07',0,12,12,0,0,0,0,0,11,0,0,1,'2014-01-01',NULL,0,2,0,0,0,1,1,0,1,1,'2016-12-21',13890,0,'NO',0,0,0,8019,'0'),(422120430,'7804945002517',0,'SIMONDS DOSIFICADOR DE ALIMENTOS','SIMONDS DOSIFICA',1,6,12,1,1,0,0,1790,0.00,'','2006-09-07','2006-09-07',0,12,12,0,0,0,0,0,1,0,0,1,'2014-01-01',NULL,0,2,0,0,0,1,1,0,1,1,'2016-02-04',1790,0,'NO',0,0,0,0,'0'),(422120431,'7804945078017',0,'BABYLAND MAMADERA BOCA STANDAR 240ML','BABYLAND MAMADER',7,6,12,1,1,0,0,1450,0.00,'','2006-09-07','2006-09-07',0,12,12,0,0,0,0,0,1,0,0,1,'2014-01-01',NULL,0,2,0,0,0,1,240,0,1,1,'2016-02-08',1450,0,'NO',0,0,0,0,'0'),(422120432,'7804945002494',0,'SIMONDS MAMADERA BOCA STANDAR C/OREJAS','SIMONDS MAMADERA',1,6,12,1,1,0,0,2290,0.00,'NO','2006-09-07','2006-09-07',0,12,12,0,0,0,0,0,5,0,0,1,'2014-01-01',NULL,0,1,0,0,0,1,1,0,1,1,'2015-12-21',2290,0,'NO',0,0,0,0,'0'),(422120433,'078300058939',0,'MAMADERA KINDER GRIP 236ML','MAMADERA KINDER ',7,6,12,1,1,0,0,1650,0.00,'NO','2006-09-07','2006-09-07',0,12,12,0,0,0,0,0,3,0,0,1,'2014-01-01',NULL,0,1,0,0,0,1,236,0,1,1,'2016-01-04',1650,0,'NO',0,0,0,0,'0'),(422120434,'078300556374',0,'VASO PLAYTEX THE INSULATOR 266ML','VASO PLAYTEX THE',7,6,12,1,1,0,0,3890,0.00,'NO','2006-09-07','2006-09-07',0,12,12,0,0,0,0,0,0,0,0,0,'2014-01-01',NULL,0,1,0,0,0,1,266,0,1,1,'2014-01-01',3890,0,'NO',0,0,0,0,'0'),(422120435,'6950140002188',0,'PIZARRA MAGNETICA DIDACTICA','PIZARRA MAGNETIC',1,3,0,1,1,0,4990,7990,60.12,'','2006-09-07','2006-09-07',0,0,0,0,0,0,0,0,20,0,0,1,'2014-01-01',NULL,0,2,0,0,0,1,0,0,1,1,'2016-10-04',7990,0,'NO',0,0,0,4990,'0'),(422120436,'422120436',0,'MAQUINA DE ESTUDIAR','MAQUINA DE ESTUD',1,3,0,1,1,0,5550,8990,61.98,'','2006-09-07','2006-09-07',0,0,0,0,0,0,0,0,7,0,0,1,'2014-01-01',NULL,0,2,0,0,0,1,0,0,1,1,'2016-03-16',8990,0,'NO',0,0,0,5550,'0'),(422120437,'422120437',0,'BARQUITO MARINERO FISHER PRICE 20 FIGURITAS','FISHER BARQUITO ',1,9,1,1,1,0,0,17990,0.00,'','2006-09-07','2006-09-07',0,12,12,0,0,0,0,0,0,0,0,1,'2014-01-01',NULL,0,2,0,0,0,1,0,0,1,1,'2014-01-01',17990,0,'NO',0,0,0,0,'0'),(422120438,'5573063192760',0,'MANTEL DE COCINA * 3UN','MANTEL DE COCINA',1,6,0,1,1,0,1223,1590,30.01,'NO','2006-09-07','2006-09-07',0,18,18,0,0,0,0,0,29,0,0,1,'2014-01-01',NULL,0,1,0,0,0,1,0,0,1,1,'2016-09-22',1590,0,'NO',0,0,0,1223,'0'),(422120439,'7891546508821',0,'JUEGO DE DOS TOALLAS LINEA RIVERA','TOALLAS JUEGOS 2',1,3,0,1,1,0,0,12990,0.00,'NO','2006-09-07','2006-09-07',0,0,0,0,0,0,0,0,15,0,0,1,'2014-01-01',NULL,0,1,0,0,0,1,0,0,1,1,'2016-11-03',12990,0,'NO',0,0,0,0,'0'),(422120440,'9416557363894',0,'TERMO 1,8 LITROS ','TERMO 1,8 LITROS',1,3,0,1,1,0,0,2490,0.00,'NO','2006-09-07','2006-09-07',0,0,0,0,0,0,0,0,8,0,0,1,'2014-01-01',NULL,0,1,0,0,0,1,0,0,1,1,'2016-04-12',2490,0,'NO',0,0,0,0,'0'),(422120441,'7806810238380',0,'PAILA ANTIADHERENTE','PAILA ANTIADHERE',1,3,0,1,1,0,0,2990,0.00,'','2006-09-07','2006-09-07',0,0,0,0,0,0,0,0,5,0,0,1,'2014-01-01',NULL,0,2,0,0,0,1,0,0,1,1,'2016-09-02',2990,0,'NO',0,0,0,0,'0'),(422120442,'857294000113',0,'COLADOR PLASTICO','COLADOR PLASTICO',1,3,0,1,1,0,0,1490,0.00,'','2006-09-07','2006-09-07',0,0,0,0,0,0,0,0,4,0,0,1,'2014-01-01',NULL,0,2,0,0,0,1,0,0,1,1,'2016-03-14',1490,0,'NO',0,0,0,0,'0'),(422120443,'110808025904',0,'SET DE ASADO','SET DE ASADO',2,3,0,1,1,0,0,1990,0.00,'','2006-09-07','2006-09-07',0,0,0,0,0,0,0,0,4,0,0,1,'2014-01-01',NULL,0,2,0,0,0,1,0,0,1,1,'2016-02-05',1990,0,'NO',0,0,0,0,'0'),(422120444,'7806810236119',0,'SARTEN ANTIADHERENTE 24CM','SARTEN ANTIADHER',1,3,0,1,1,0,0,5690,0.00,'','2006-09-07','2006-09-07',0,0,0,0,0,0,0,0,2,0,0,1,'2014-01-01',NULL,0,2,0,0,0,1,0,0,1,1,'2016-08-06',5690,0,'NO',0,0,0,0,'0'),(422120445,'857294000229',0,'UTENSILIO DE COCINA','UTENSILIO DE COC',1,3,0,1,1,0,0,2420,0.00,'','2006-09-07','2006-09-07',0,0,0,0,0,0,0,0,0,0,0,1,'2014-01-01',NULL,0,2,0,0,0,1,0,0,1,1,'2014-01-01',2420,0,'NO',0,0,0,0,'0'),(422120446,'7806810241014',0,'RULETA MASA ILKO','RULETA MASA ILKO',1,3,0,1,1,0,0,1990,0.00,'','2006-09-07','2006-09-07',0,0,0,0,0,0,0,0,3,0,0,1,'2014-01-01',NULL,0,2,0,0,0,1,0,0,1,1,'2016-11-03',1990,0,'NO',0,0,0,0,'0'),(422120447,'7806810251013',0,'ABRELATAS MARIPOSA ILKO','ABRELATAS MARIPO',1,3,0,1,1,0,0,2530,0.00,'','2006-09-07','2006-09-07',0,0,0,0,0,0,0,0,2,0,0,1,'2014-01-01',NULL,0,2,0,0,0,1,0,0,1,1,'2016-05-26',2530,0,'NO',0,0,0,0,'0'),(422120448,'7806810243025',0,'PELADOR HORIZONTAL ILKO','PELADOR HORIZONT',1,3,0,1,1,0,0,1250,0.00,'','2006-09-07','2006-09-07',0,0,0,0,0,0,0,0,4,0,0,1,'2014-01-01',NULL,0,2,0,0,0,1,0,0,1,1,'2016-11-03',1250,0,'NO',0,0,0,0,'0'),(422120449,'7806810233071',0,'UTENSILIO ILKO','UTENSILIO ILKO',1,3,0,1,1,0,0,1790,0.00,'','2006-09-07','2006-09-07',0,0,0,0,0,0,0,0,0,0,0,1,'2014-01-01',NULL,0,2,0,0,0,1,0,0,1,1,'2014-01-01',1790,0,'NO',0,0,0,0,'0'),(422120450,'7806810233156',0,'UTENSILIO ILKO ','UTENSILIO ILKO ',1,3,0,1,1,0,0,1790,0.00,'','2006-09-07','2006-09-07',0,0,0,0,0,0,0,0,4,0,0,1,'2014-01-01',NULL,0,2,0,0,0,1,0,0,1,1,'2016-06-04',1790,0,'NO',0,0,0,0,'0'),(422120451,'7806810233101',0,'UTENSILIO INOX ILKO','UTENSILIO INOX I',1,3,0,1,1,0,0,2290,0.00,'','2006-09-07','2006-09-07',0,0,0,0,0,0,0,0,2,0,0,1,'2014-01-01',NULL,0,2,0,0,0,1,0,0,1,1,'2016-10-05',2290,0,'NO',0,0,0,0,'0'),(422120452,'7806810233149',0,'UTENSILIO INOX ILKO','UTENSILIO INOX I',1,3,0,1,1,0,0,2790,0.00,'','2006-09-07','2006-09-07',0,0,0,0,0,0,0,0,0,0,0,1,'2014-01-01',NULL,0,2,0,0,0,1,0,0,1,1,'2014-01-01',2790,0,'NO',0,0,0,0,'0'),(422120453,'7806810233194',0,'UTENSILIO INOX ILKO','UTENSILIO INOX I',1,3,0,1,1,0,0,2590,0.00,'','2006-09-07','2006-09-07',0,0,0,0,0,0,0,0,3,0,0,1,'2014-01-01',NULL,0,2,0,0,0,1,0,0,1,1,'2016-11-03',2590,0,'NO',0,0,0,0,'0'),(422120454,'000006323912',0,'VELO ROMANTICO BLANCO','VELO ROMANTICO B',1,3,0,1,1,0,0,9590,0.00,'','2006-09-07','2006-09-07',0,0,0,0,0,0,0,0,0,0,0,0,'2014-01-01',NULL,0,2,0,0,0,1,0,0,1,1,'2014-01-01',9590,0,'NO',0,0,0,0,'0'),(422120455,'7804637500482',0,'SET PARA PINTAR DE PRINCESAS','SET PARA PINTAR ',1,3,0,1,1,0,0,2690,0.00,'','2006-09-07','2006-09-07',0,0,0,0,0,0,0,0,13,0,0,1,'2014-01-01',NULL,0,2,0,0,0,1,0,0,1,1,'2016-08-20',2690,0,'NO',0,0,0,0,'0'),(422120456,'7804920015532',0,'COLONIA VARIEDADES','COLONIA VARIEDAD',1,3,0,1,1,0,0,2150,0.00,'','2006-09-07','2006-09-07',0,0,0,0,0,0,0,0,6,0,0,1,'2014-01-01',NULL,0,2,0,0,0,1,0,0,1,1,'2015-12-30',2150,0,'NO',0,0,0,0,'0'),(422120457,'7804920001832',0,'SHAMPOO HIPOALERGENICO ','SHAMPOO HIPOALER',1,3,0,1,1,0,0,3790,0.00,'','2006-09-07','2006-09-07',0,0,0,0,0,0,0,0,4,0,0,1,'2014-01-01',NULL,0,2,0,0,0,1,0,0,1,1,'2015-12-24',3790,0,'NO',0,0,0,0,'0'),(422120458,'7804902022985',0,'PERFUME BARBIE','PERFUME BARBIE',1,3,0,1,1,0,0,4530,0.00,'','2006-09-07','2006-09-07',0,0,0,0,0,0,0,0,3,0,0,1,'2014-01-01',NULL,0,2,0,0,0,1,0,0,1,1,'2016-02-20',4530,0,'NO',0,0,0,0,'0'),(422120459,'7804902027454',0,'BODY SPRAY MONSTER HIGH','BODY SPRAY',1,3,0,1,1,0,0,2190,0.00,'','2006-09-07','2006-09-07',0,0,0,0,0,0,0,0,10,0,0,1,'2014-01-01',NULL,0,2,0,0,0,1,0,0,1,1,'2016-01-16',2190,0,'NO',0,0,0,0,'0'),(422120460,'422120460',0,'OLLA GRANDE ACERO','OLLA GRANDE ACER',1,3,0,1,1,0,0,6390,0.00,'','2006-09-07','2006-09-07',0,0,0,0,0,0,0,0,5,0,0,1,'2014-01-01',NULL,0,2,0,0,0,1,0,0,1,1,'2016-06-22',6390,0,'NO',0,0,0,0,'0'),(422120461,'746775186234',0,'MUÑECA MOSTER HIGH FRANKIE STEIN','Muñeca moster hi',1,3,0,1,1,0,0,21450,0.00,'','2006-09-07','2006-09-07',0,0,0,0,0,0,0,0,2,0,0,1,'2014-01-01',NULL,0,2,0,0,0,1,1,0,1,1,'2016-08-26',21450,0,'NO',0,0,0,0,'0'),(422120462,'000028606505',0,'COMPUTADOR ROSADO DE APRENDER Y JUGAR','COMPUTADOR ROSAD',1,3,0,1,1,0,0,11490,0.00,'','2006-09-07','2006-09-07',0,0,0,0,0,0,0,0,0,0,0,1,'2014-01-01',NULL,0,2,0,0,0,1,1,0,1,1,'2014-01-01',11490,0,'NO',0,0,0,0,'0'),(422120463,'653569877769',0,'MY LITTLE PONY','MY LITTLE PONY',1,3,0,1,1,0,0,8990,0.00,'','2006-09-07','2006-09-07',0,0,0,0,0,0,0,0,5,0,0,1,'2014-01-01',NULL,0,2,0,0,0,1,0,0,1,1,'2016-06-03',8990,0,'NO',0,0,0,0,'0'),(422120464,'039800011398',0,'PILAS ENERGIZER D2','PILAS ENERGIZER ',1,3,0,1,1,0,0,1650,0.00,'','2006-09-07','2006-09-07',0,0,0,0,0,0,0,0,11,0,0,1,'2014-01-01',NULL,0,2,0,0,0,1,0,0,1,1,'2016-09-07',1650,0,'NO',0,0,0,0,'0'),(422120465,'8887549385476',0,'PILAS PANASONIC D2','PILAS PANASONIC ',1,3,0,1,1,0,0,1750,0.00,'','2006-09-07','2006-09-07',0,0,0,0,0,0,0,0,7,0,0,1,'2014-01-01',NULL,0,2,0,0,0,1,0,0,1,1,'2016-08-19',1750,0,'NO',0,0,0,0,'0'),(422120466,'7804520003380',0,'PILAS RED POWER ECONOMICAS','PILAS RED POWER ',1,3,0,1,1,0,0,130,0.00,'','2006-09-07','2006-09-07',0,0,0,0,0,0,0,0,152,0,0,1,'2014-01-01',NULL,0,2,0,0,0,1,0,0,1,1,'2016-12-11',130,0,'NO',0,0,0,0,'0'),(422120467,'8888021204223',0,'PILAS ENERGIZER AA','PILAS ENERGIZER ',1,3,0,1,1,0,0,400,0.00,'','2006-09-07','2006-09-07',0,0,0,0,0,0,0,0,41,0,0,1,'2014-01-01',NULL,0,2,0,0,0,1,0,0,1,1,'2016-12-24',400,0,'NO',0,0,0,0,'0'),(422120468,'7501037600926',0,'BATERIAS EVERYREADY','BATERIAS EVERYRE',1,3,0,1,1,0,0,750,0.00,'','2006-09-07','2006-09-07',0,0,0,0,0,0,0,0,0,0,0,1,'2014-01-01',NULL,0,2,0,0,0,1,0,0,1,1,'2014-01-01',750,0,'NO',0,0,0,0,'0'),(422120469,'8999002672013',0,'PILAS ENERGIZER AAA','PILAS ENERGIZER ',1,3,0,1,1,0,0,400,0.00,'','2006-09-07','2006-09-07',0,0,0,0,0,0,0,0,2,0,0,1,'2014-01-01',NULL,0,2,0,0,0,1,0,0,1,1,'2015-12-22',400,0,'NO',0,0,0,0,'0'),(422120470,'4221202862661',0,'ORGANO CON ACTIVIDAD','ORGANO CON ACTIV',1,3,0,1,1,0,3792,21990,479.91,'','2006-09-07','2006-09-07',0,0,0,0,0,0,0,0,1,0,0,1,'2014-01-01',NULL,0,2,0,0,0,1,1,0,1,1,'2016-02-27',21990,0,'NO',0,0,0,3792,'0'),(422120471,'1111111111111',0,'ADORNO NAVIDEÑO','ADORNO NAVIDEÑO',1,3,0,1,1,0,0,790,0.00,'','2006-09-07','2006-09-07',0,0,0,0,0,0,0,0,1,0,0,1,'2014-01-01',NULL,0,2,0,0,0,1,1,0,1,1,'2015-12-24',790,0,'NO',0,0,0,0,'0'),(422120472,'000111111114',0,'ADORNO NAVIDEÑO','ADORNO NAVIDEÑO',1,3,0,1,1,0,0,790,0.00,'','2006-09-07','2006-09-07',0,0,0,0,0,0,0,0,1,0,0,1,'2014-01-01',NULL,0,2,0,0,0,1,1,0,1,1,'2015-12-24',790,0,'NO',0,0,0,0,'0'),(422120473,'1007926700075',0,'CUTEST PETS ','CUTEST PETS ',1,3,0,1,1,0,0,5610,0.00,'NO','2006-09-07','2006-09-07',0,0,0,0,0,0,0,0,123,0,0,1,'2014-01-01',NULL,0,1,0,0,0,1,1,0,1,1,'2017-04-28',5610,0,'NO',0,0,0,0,'0'),(422120474,'422120474',0,'TRACTOR CON ACCESORIOS DE PLAYA','TRACTOR CON ACCE',1,3,0,1,1,0,0,4990,0.00,'','2006-09-07','2006-09-07',0,0,0,0,0,0,0,0,0,0,0,1,'2014-01-01',NULL,0,2,0,0,0,1,0,0,1,1,'2014-01-01',4990,0,'NO',0,0,0,0,'0'),(422120475,'000028683803',0,'SET BOMBAS DE AGUA','SET BOMBAS DE AG',1,3,0,1,1,0,0,1490,0.00,'','2006-09-07','2006-09-07',0,0,0,0,0,0,0,0,9,0,0,1,'2014-01-01',NULL,0,2,0,0,0,1,0,0,1,1,'2015-12-24',1490,0,'NO',0,0,0,0,'0'),(422120476,'7804945023048',0,'CHUPETE PARA MAMADERA BOCA ANCHA','CHUPETE PARA MAM',2,3,0,1,1,0,0,2490,0.00,'','2006-09-07','2006-09-07',0,0,0,0,0,0,0,0,1,0,0,1,'2014-01-01',NULL,0,2,0,0,0,1,1,0,1,1,'2015-12-24',2490,0,'NO',0,0,0,0,'0'),(422120477,'422120477',0,'BICICLETA ARO 12 NIÑA','BICICLETA ARO 12',1,3,0,1,1,0,0,55990,0.00,'','2006-09-07','2006-09-07',0,0,0,0,0,0,0,0,1,0,0,0,'2014-01-01',NULL,0,2,0,0,0,1,0,0,1,1,'2015-12-17',55990,0,'NO',0,0,0,0,'0'),(422120478,'6933924197249',0,'BOWL CUADRADO MELAMINA ','BOWL CUADRADO ME',1,3,0,1,1,0,0,960,0.00,'','2006-09-07','2006-09-07',0,0,0,0,0,0,0,0,32,0,0,1,'2014-01-01',NULL,0,2,0,0,0,1,0,0,1,1,'2016-09-12',960,0,'NO',0,0,0,0,'0'),(422120479,'1009199200016',0,'TELEFONO ROSADO CON ACTIVIDADES','TELEFONO ROSADO ',1,3,0,1,1,0,0,3190,0.00,'','2006-09-07','2006-09-07',0,0,0,0,0,0,0,0,33,0,0,1,'2014-01-01',NULL,0,2,0,0,0,1,0,0,1,1,'2016-08-22',3190,0,'NO',0,0,0,0,'0'),(422120480,'7804902030423',0,'BODY SPRAY + GEL GLITTER MONSTER HIGH ','BODY SPRAY + GEL',1,3,0,1,1,0,0,2990,0.00,'','2006-09-07','2006-09-07',0,0,0,0,0,0,0,0,2,0,0,1,'2014-01-01',NULL,0,2,0,0,0,1,0,0,1,1,'2016-02-04',2990,0,'NO',0,0,0,0,'0'),(422120481,'7804902030430',0,'PERFUME + SPRAY DRACULAURA','PERFUME + SPRAY ',1,3,0,1,1,0,0,2990,0.00,'','2006-09-07','2006-09-07',0,0,0,0,0,0,0,0,6,0,0,1,'2014-01-01',NULL,0,2,0,0,0,1,0,0,1,1,'2016-01-12',2990,0,'NO',0,0,0,0,'0'),(422120482,'7804902030447',0,'PERFUME+SPRAY FRANKIE STEIN','PERFUME+SPRAY FR',1,3,0,1,1,0,0,2990,0.00,'','2006-09-07','2006-09-07',0,0,0,0,0,0,0,0,7,0,0,1,'2014-01-01',NULL,0,2,0,0,0,1,0,0,1,1,'2016-01-07',2990,0,'NO',0,0,0,0,'0'),(422120483,'7804902029359',0,'BODY SPRAY SUGAR PINK BARBIE','BODY SPRAY SUGAR',1,3,0,1,1,0,0,2150,0.00,'','2006-09-07','2006-09-07',0,0,0,0,0,0,0,0,6,0,0,1,'2014-01-01',NULL,0,2,0,0,0,1,0,0,1,1,'2015-12-24',2150,0,'NO',0,0,0,0,'0'),(422120484,'7804902034230',0,'CHERRY POP BODY SPRAY CAMPAMENTO BARBIE','CHERRY POP BODY ',1,3,0,1,1,0,0,2150,0.00,'','2006-09-07','2006-09-07',0,0,0,0,0,0,0,0,3,0,0,1,'2014-01-01',NULL,0,2,0,0,0,1,0,0,1,1,'2015-12-24',2150,0,'NO',0,0,0,0,'0'),(422120485,'422120485',0,'BICICLETA ARO 20','BICICLETA ARO 20',1,3,0,1,1,0,0,59990,0.00,'','2006-09-07','2006-09-07',0,0,0,0,0,0,0,0,3,0,0,0,'2014-01-01',NULL,0,2,0,0,0,1,0,0,1,1,'2015-12-21',59990,0,'NO',0,0,0,0,'0'),(422120486,'7804902034254',0,'BODY SPRAY & BUBBLE BATH CHERRY POP CAMPAMENTO BARBIE','BODY SPRAY & BUB',1,3,0,1,1,0,0,3350,0.00,'','2006-09-07','2006-09-07',0,0,0,0,0,0,0,0,2,0,0,1,'2014-01-01',NULL,0,2,0,0,0,1,0,0,1,1,'2015-12-24',3350,0,'NO',0,0,0,0,'0'),(422120487,'3333222322332',0,'BIG TRAIN','BIG TRAIN',1,3,0,1,1,0,0,1590,0.00,'','2006-09-07','2006-09-07',0,0,0,0,0,0,0,0,23,0,0,1,'2014-01-01',NULL,0,2,0,0,0,1,1,0,1,1,'2017-02-25',1590,0,'NO',0,0,0,0,'0'),(422120488,'000223223323',0,'BIG TRAIN','BIG TRAIN',1,3,0,1,1,0,0,1590,0.00,'','2006-09-07','2006-09-07',0,0,0,0,0,0,0,0,9,0,0,1,'2014-01-01',NULL,0,2,0,0,0,1,1,0,1,1,'2016-11-08',1590,0,'NO',0,0,0,0,'0'),(422120489,'000032233230',0,'BIG TRAIN','BIG TRAIN',1,3,0,1,1,0,0,1590,0.00,'','2006-09-07','2006-09-07',0,0,0,0,0,0,0,0,17,0,0,1,'2014-01-01',NULL,0,2,0,0,0,1,1,0,1,1,'2016-09-09',1590,0,'NO',0,0,0,0,'0'),(422120490,'422120490',0,'OLLA DE ACERO 25CM','OLLA DE ACERO 25',1,3,0,1,1,0,0,9890,0.00,'','2006-09-07','2006-09-07',0,0,0,0,0,0,0,0,4,0,0,1,'2014-01-01',NULL,0,2,0,0,0,1,0,0,1,1,'2016-05-09',9890,0,'NO',0,0,0,0,'0'),(422120491,'422120491',0,'OLLA ACERO 20CM','OLLA ACERO 20CM',2,3,0,1,1,0,0,8190,0.00,'','2006-09-07','2006-09-07',0,0,0,0,0,0,0,0,3,0,0,1,'2014-01-01',NULL,0,2,0,0,0,1,0,0,1,1,'2016-03-08',8190,0,'NO',0,0,0,0,'0'),(422120492,'7805440765532',0,'PUZZLE ANIMAL PLANET','PUZZLE ANIMAL PL',1,3,0,1,1,0,0,1990,0.00,'','2006-09-07','2006-09-07',0,0,0,0,0,0,0,0,3,0,0,1,'2014-01-01',NULL,0,2,0,0,0,1,0,0,1,1,'2016-01-28',1990,0,'NO',0,0,0,0,'0'),(422120493,'422120493',0,'BICICLETA','BICICLETA',1,3,0,1,1,0,0,89990,0.00,'','2006-09-07','2006-09-07',0,0,0,0,0,0,0,0,1,0,0,0,'2014-01-01',NULL,0,2,0,0,0,1,0,0,1,1,'2015-12-17',89990,0,'NO',0,0,0,0,'0'),(422120494,'422120494',0,'BICICLETA','BICICLETA',1,3,0,1,1,0,0,79990,0.00,'','2006-09-07','2006-09-07',0,0,0,0,0,0,0,0,2,0,0,0,'2014-01-01',NULL,0,2,0,0,0,1,0,0,1,1,'2015-12-18',79990,0,'NO',0,0,0,0,'0'),(422120495,'7896271123813',0,' PELOTA DE FUTBOL',' PELOTA DE FUTBO',1,6,120,1,1,0,2800,4990,78.21,'NO','2006-09-07','2006-09-07',0,6,3,0,0,0,0,0,127,0,0,1,'2014-01-01',NULL,0,1,0,0,0,1,1,0,1,1,'2017-04-11',4990,0,'NO',0,0,0,0,'0'),(422120496,'1006023007872',0,'CASITA DE HONGO EN CAJA','CASITA DE HONGO ',1,3,0,1,1,0,2000,3490,74.50,'','2006-09-07','2006-09-07',0,0,0,0,0,0,0,0,34,0,0,1,'2014-01-01',NULL,0,2,0,0,0,1,0,0,1,1,'2017-03-31',3490,0,'NO',0,0,0,2000,'0'),(471423190,'4714231900133',0,'MONAMI LAPIZ CORRECTOR 7ML P/METALICA','MONAMI LAPIZ COR',1,6,24,3,3,0,261,590,126.05,'NO','2006-09-07','2006-09-07',0,10,5,0,0,0,0,0,425,0,0,1,'2014-01-01',NULL,0,1,0,0,0,42,1,0,1,1,'2017-05-16',590,0,'NO',0,0,0,269,'0'),(586000772,'586000772333',0,'SET DE COCINA DE ACERO EN CAJA','SET DE COCINA DE',1,3,0,1,1,0,1800,2990,66.11,'','2006-09-07','2006-09-07',0,0,0,0,0,0,0,0,15,0,0,1,'2014-01-01',NULL,0,2,0,0,0,1,0,0,1,1,'2016-12-23',2990,0,'NO',0,0,0,1800,'0'),(586000773,'1003386005774',0,'PISTOLA LANZA AGUA','PISTOLA LANZA AG',1,3,0,1,1,0,3800,6490,70.79,'','2006-09-07','2006-09-07',0,0,0,0,0,0,0,0,16,0,0,1,'2014-01-01',NULL,0,2,0,0,0,1,0,0,1,1,'2015-12-31',6490,0,'NO',0,0,0,3800,'0'),(586000774,'1008050001175',0,'AVION A PILA C/ LUZ Y SONIDO','AVION A PILA C/ ',1,3,0,1,1,0,3500,5590,59.71,'','2006-09-07','2006-09-07',0,0,0,0,0,0,0,0,13,0,0,1,'2014-01-01',NULL,0,2,0,0,0,1,0,0,1,1,'2016-12-24',5590,0,'NO',0,0,0,3500,'0'),(586000775,'1004554013836',0,'SET SONAJERO 5PZS EN CAJA','SET SONAJERO 5PZ',1,3,0,1,1,0,1700,2750,61.76,'','2006-09-07','2006-09-07',0,0,0,0,0,0,0,0,25,0,0,1,'2014-01-01',NULL,0,2,0,0,0,1,0,0,1,1,'2017-02-14',2750,0,'NO',0,0,0,1700,'0'),(586000776,'110808101356',0,'SET DE TENIS 3PZS EN ESTUCHE','SET DE TENIS 3PZ',1,6,50,1,1,0,2300,4990,116.96,'NO','2006-09-07','2006-09-07',0,6,3,0,0,0,0,0,59,0,0,1,'2014-01-01',NULL,0,1,0,0,0,1,1,0,1,1,'2017-03-31',4990,0,'NO',0,0,0,3300,'0'),(586000777,'110808101370',0,'SET DE PALETA DE PLAYA 3PZS EN MALLA','SET DE PALETA',1,3,0,1,1,0,1000,1600,60.00,'','2006-09-07','2006-09-07',0,0,0,0,0,0,0,0,25,0,0,1,'2014-01-01',NULL,0,2,0,0,0,1,0,0,1,1,'2016-12-24',1600,0,'NO',0,0,0,1000,'0'),(586000778,'1005154016395',0,'DINOSAURIO CON ALA A PILA','DINOSAURIO CON A',1,3,0,1,1,0,4000,6400,60.00,'','2006-09-07','2006-09-07',0,0,0,0,0,0,0,0,33,0,0,1,'2014-01-01',NULL,0,2,0,0,0,1,0,0,1,1,'2016-09-03',6400,0,'NO',0,0,0,4000,'0'),(586000779,'1005911000162',0,'CASTILLO MUSICAL CON LUZ A PILA','CASTILLO MUSICAL',1,3,0,1,1,0,3700,6290,70.00,'NO','2006-09-07','2006-09-07',0,0,0,0,0,0,0,0,45,0,0,1,'2014-01-01',NULL,0,1,0,0,0,1,0,0,1,1,'2017-05-02',6290,0,'NO',0,0,0,3700,'0'),(586000780,'110808101332',0,'SET DE PING PONG C/ MALLA Y 3 PELOTAS','SET PING PONG C/',1,6,50,1,1,0,1199,1990,65.97,'NO','2006-09-07','2006-09-07',0,6,3,0,0,0,0,0,96,0,0,1,'2014-01-01',NULL,0,1,0,0,0,1,1,0,1,1,'2017-02-04',1990,0,'NO',0,0,0,1400,'0'),(586000781,'110808101349',0,'SET PELOTAS DE TENIS 3PZS EN TUBO','SET PELOTAS DE T',1,3,0,1,1,0,2900,4640,60.00,'','2006-09-07','2006-09-07',0,0,0,0,0,0,0,0,8,0,0,1,'2014-01-01',NULL,0,2,0,0,0,1,0,0,1,1,'2017-02-16',4640,0,'NO',0,0,0,2900,'0'),(586000782,'4221202864320',0,'LEGO CHICO 56PZS','LEGO CHICO 56PZS',1,3,0,1,1,0,0,990,0.00,'','2006-09-07','2006-09-07',0,0,0,0,0,0,0,0,9,0,0,1,'2014-01-01',NULL,0,2,0,0,0,1,0,0,1,1,'2016-11-21',990,0,'NO',0,0,0,0,'0'),(586000783,'586000783',0,'PARLANTE KARAOKE ','PARLANTE KARAOKE',1,3,0,1,1,0,0,69990,0.00,'NO','2006-09-07','2006-09-07',0,0,0,0,0,0,0,0,2,0,0,1,'2014-01-01',NULL,0,1,0,0,0,1,0,0,1,1,'2016-01-29',69990,0,'NO',0,0,0,0,'0'),(586000784,'586000784',0,'PATINETA','PATINETA',1,3,0,1,1,0,0,16990,0.00,'','2006-09-07','2006-09-07',0,0,0,0,0,0,0,0,4,0,0,1,'2014-01-01',NULL,0,2,0,0,0,1,0,0,1,1,'2016-12-24',16990,0,'NO',0,0,0,0,'0'),(586000785,'1007298600010',0,'SET DE HERRAMIENTAS EN CAJA','SET DE HERRAMIEN',1,3,0,1,1,0,2800,4990,78.21,'','2006-09-07','2006-09-07',0,0,0,0,0,0,0,0,13,0,0,1,'2014-01-01',NULL,0,2,0,0,0,1,0,0,1,1,'2017-03-27',4990,0,'NO',0,0,0,2800,'0'),(586000786,'586000786',0,'OLLA GRANDE','OLLA GRANDE',1,3,0,1,1,0,0,12500,0.00,'','2006-09-07','2006-09-07',0,0,0,0,0,0,0,0,2,0,0,1,'2014-01-01',NULL,0,2,0,0,0,1,0,0,1,1,'2015-12-23',12500,0,'NO',0,0,0,0,'0'),(586000787,'7804945007505',0,'COLONIA 125ML','COLONIA 125ML',1,3,0,1,1,0,0,820,0.00,'NO','2006-09-07','2006-09-07',0,0,0,0,0,0,0,0,18,0,0,1,'2014-01-01',NULL,0,1,0,0,0,1,0,0,1,1,'2015-12-29',820,0,'NO',0,0,0,0,'0'),(586000788,'000026720135',0,'PILAS ENERGIZER AAA','PILAS ENERGIZER ',1,3,0,1,1,0,0,400,0.00,'','2006-09-07','2006-09-07',0,0,0,0,0,0,0,0,1,0,0,1,'2014-01-01',NULL,0,2,0,0,0,1,1,0,1,1,'2015-12-30',400,0,'NO',0,0,0,0,'0'),(586000789,'1003847002892',0,'SET DE SNORKEL','SET DE SNORKEL',1,3,0,1,1,0,0,2720,0.00,'','2006-09-07','2006-09-07',0,0,0,0,0,0,0,0,3,0,0,1,'2014-01-01',NULL,0,2,0,0,0,1,1,0,1,1,'2015-12-29',2720,0,'NO',0,0,0,0,'0'),(586000790,'1003670008139',0,'BALDE PLAYA C/ 7 ACCESORIOS EN MALLA','BALDE PLAYA C/ 7',1,3,0,1,1,0,0,2290,0.00,'','2006-09-07','2006-09-07',0,0,0,0,0,0,0,0,65,0,0,1,'2014-01-01',NULL,0,2,0,0,0,1,0,0,1,1,'2017-01-28',2290,0,'NO',0,0,0,0,'0'),(586000791,'1005670012246',0,'PIANO C/ LUZ EN CAJA','PIANO C/ LUZ EN ',1,3,0,1,1,0,0,34000,0.00,'','2006-09-07','2006-09-07',0,0,0,0,0,0,0,0,1,0,0,1,'2014-01-01',NULL,0,2,0,0,0,1,0,0,1,1,'2015-12-23',34000,0,'NO',0,0,0,0,'0'),(586000792,'586000792',0,'SET DE SNORKEL','SET DE SNORKEL',1,3,0,1,1,0,0,2790,0.00,'','2006-09-07','2006-09-07',0,0,0,0,0,0,0,0,0,0,0,1,'2014-01-01',NULL,0,2,0,0,0,1,0,0,1,1,'2014-01-01',2790,0,'NO',0,0,0,0,'0'),(586000793,'3831025829454',0,'RELOJ MURAL OCTAG.COD.2945','RELOJ OCTAGONAL ',1,6,12,1,1,0,1100,1870,70.00,'NO','2006-09-07','2006-09-07',0,12,12,0,0,0,0,0,15,0,0,1,'2014-01-01',NULL,0,1,0,0,0,1,1,0,1,1,'2017-04-18',1870,0,'NO',0,0,0,0,'0'),(586000794,'3831025856016',0,'RELOJ MURAL OCTAG.COD.5601','RELOJ OCTAGONAL',1,6,12,1,1,0,1100,1870,70.00,'NO','2006-09-07','2006-09-07',0,12,12,0,0,0,0,0,28,0,0,1,'2014-01-01',NULL,0,1,0,0,0,1,1,0,1,1,'2017-05-09',1870,0,'NO',0,0,0,0,'0'),(586000795,'3831025891246',0,'RELOJ  MURAL REDON.COD.9124','RELOJ REDONDO',1,6,12,1,1,0,2000,3400,70.00,'NO','2006-09-07','2006-09-07',0,12,12,0,0,0,0,0,4,0,0,1,'2014-01-01',NULL,0,1,0,0,0,1,1,0,1,1,'2016-08-26',3400,0,'NO',0,0,0,0,'0'),(586000796,'3831025840763',0,'RELOJ  MURAL OCTAG.COD.4076','RELOJ OCTAGONAL ',1,6,12,1,1,0,2000,3400,70.00,'NO','2006-09-07','2006-09-07',0,12,12,0,0,0,0,0,3,0,0,1,'2014-01-01',NULL,0,1,0,0,0,1,1,0,1,1,'2017-02-09',3400,0,'NO',0,0,0,0,'0'),(586000797,'3831025829447',0,'RELOJ MURAL REDON.COD.2944','RELOJ',1,6,12,1,1,0,1100,1870,70.00,'NO','2006-09-07','2006-09-07',0,12,12,0,0,0,0,0,10,0,0,1,'2014-01-01',NULL,0,1,0,0,0,1,1,0,1,1,'2017-04-03',1870,0,'NO',0,0,0,0,'0'),(586000798,'3831025896913',0,'RELOJ MURAL RECTANG.COD.9691','RELOJ MURAL RECT',1,3,0,1,1,0,0,15300,0.00,'NO','2006-09-07','2006-09-07',0,0,0,0,0,0,0,0,4,0,0,1,'2014-01-01',NULL,0,1,0,0,0,1,1,0,1,1,'2017-02-13',15300,0,'NO',0,0,0,0,'0'),(586000799,'3831025829461',0,'RELOJ MURAL CUADR.COD.2946','RELOJ CUADRADO',1,6,12,1,1,0,1100,1870,70.00,'NO','2006-09-07','2006-09-07',0,12,12,0,0,0,0,0,16,0,0,1,'2014-01-01',NULL,0,1,0,0,0,1,1,0,1,1,'2017-04-13',1870,0,'NO',0,0,0,0,'0'),(586000800,'3831025896678',0,'RELOJ MURAL TIMON COD.9667','RELOJ MURAL FORM',1,6,12,1,1,0,1800,3060,70.00,'NO','2006-09-07','2006-09-07',0,12,12,0,0,0,0,0,5,0,0,1,'2014-01-01',NULL,0,1,0,0,0,1,1,0,1,1,'2016-12-24',3060,0,'NO',0,0,0,0,'0'),(586000801,'586000786446',0,'RELOJ MURAL GUITARRA COD.8644','RELOJ FORMA DE G',1,6,12,1,1,0,2500,4250,70.00,'NO','2006-09-07','2006-09-07',0,12,12,0,0,0,0,0,0,0,0,1,'2014-01-01',NULL,0,1,0,0,0,1,1,0,1,1,'2014-01-01',4250,0,'NO',0,0,0,0,'0'),(586000802,'110808099547',0,'PORTA FOTO MADERA 20X30','PORTA FOTO MADER',1,3,0,1,1,0,0,2040,0.00,'','2006-09-07','2006-09-07',0,0,0,0,0,0,0,0,20,0,0,1,'2014-01-01',NULL,0,2,0,0,0,1,1,0,1,1,'2016-11-02',2040,0,'NO',0,0,0,0,'0'),(586000803,'110808099837',0,'PORTA DIPLOMA','PORTA DIPLOMA',1,3,0,1,1,0,0,2040,0.00,'','2006-09-07','2006-09-07',0,0,0,0,0,0,0,0,9,0,0,1,'2014-01-01',NULL,0,2,0,0,0,1,1,0,1,1,'2016-11-10',2040,0,'NO',0,0,0,0,'0'),(586000804,'1115445545445',0,'BICICLETA ARO 20 VELOZ','BICICLETA ARO 20',1,3,0,1,1,0,0,69990,0.00,'NO','2006-09-07','2006-09-07',0,0,0,0,0,0,0,0,5,0,0,1,'2014-01-01',NULL,0,1,0,0,0,1,1,0,1,1,'2017-02-23',69990,0,'NO',0,0,0,0,'0'),(586000805,'110808096553',0,'PORTAFOTO COLLAGE  POR 7','PORTAFOTO COLLAG',1,3,1,1,1,0,1600,2720,70.00,'','2006-09-07','2006-09-07',0,12,6,0,0,0,0,0,29,0,0,1,'2014-01-01',NULL,0,2,0,0,0,1,1,0,1,1,'2016-08-06',2720,0,'NO',0,0,0,1600,'0'),(586000806,'110808099615',0,'PORTA FOTO MADERA 20*30CMS','PORTA FOTO MADER',1,3,0,1,1,0,1200,2040,70.00,'','2006-09-07','2006-09-07',0,22,11,0,0,0,0,0,0,0,0,1,'2014-01-01',NULL,0,2,0,0,0,1,1,0,1,1,'2014-01-01',2040,0,'NO',0,0,0,1200,'0'),(586000807,'110808099752',0,'PORTA FOTO MADERA MARCO ONDULADO 20*30','PORTA FOTO MADER',1,3,1,1,1,0,1200,2040,70.00,'','2006-09-07','2006-09-07',0,222,222,0,0,0,0,0,3,0,0,1,'2014-01-01',NULL,0,2,0,0,0,1,1,0,1,1,'2016-10-25',2040,0,'NO',0,0,0,1200,'0'),(586000808,'110808099530',0,'PORTA FOTO MADERA 20 *25','PORTA FOTO MADER',1,4,1,1,1,0,1000,1700,70.00,'','2006-09-07','2006-09-07',0,22,120,0,0,0,0,0,9,0,0,1,'2014-01-01',NULL,0,2,0,0,0,1,10,0,1,1,'2016-08-09',1700,0,'NO',0,0,0,1000,'0'),(586000809,'3831025840923',0,'RELOJ MURAL COCINA  COD.4092','RELOJ COCINA CUA',1,6,12,1,1,0,2400,4080,70.00,'NO','2006-09-07','2006-09-07',0,12,12,0,0,0,0,0,9,0,0,1,'2014-01-01',NULL,0,1,0,0,0,1,0,0,1,1,'2017-03-03',4080,0,'NO',0,0,0,2400,'0'),(586000810,'3831025829478',0,'RELOJ MURAL  HEXAG.COD.2947','RELOJ HEXAGONAL ',1,6,12,1,1,0,4500,7650,70.00,'NO','2006-09-07','2006-09-07',0,12,12,0,0,0,0,0,9,0,0,1,'2014-01-01',NULL,0,1,0,0,0,1,1,0,1,1,'2016-12-24',7650,0,'NO',0,0,0,4500,'0'),(586000811,'3831025896708',0,'RELOJ MURAL OVAL.COD.9670','RELOJ OVALADO CO',1,6,12,1,1,0,3000,5100,70.00,'NO','2006-09-07','2006-09-07',0,12,12,0,0,0,0,0,5,0,0,1,'2014-01-01',NULL,0,1,0,0,0,1,1,0,1,1,'2017-03-10',5100,0,'NO',0,0,0,3000,'0'),(586000812,'3831025829485',0,'RELOJ MURAL HEXAG.COD.2948','RELOJ HEXAGONAL ',1,6,12,1,1,0,2500,4250,70.00,'NO','2006-09-07','2006-09-07',0,12,12,0,0,0,0,0,1,0,0,1,'2014-01-01',NULL,0,1,0,0,0,1,1,0,1,1,'2015-12-23',4250,0,'NO',0,0,0,2500,'0'),(586000813,'3831025896906',0,'RELOJ MURAL LARGO COD.9690','RELOJ MURAL LARG',1,6,12,1,1,0,12000,20400,70.00,'','2006-09-07','2006-09-07',0,12,12,0,0,0,0,0,3,0,0,1,'2014-01-01',NULL,0,2,0,0,0,1,1,0,1,1,'2016-12-17',20400,0,'NO',0,0,0,12000,'0'),(586000814,'586000814',0,'CORRE PASILLO SPACE CLUB','CORRE PASILLO SP',1,6,1,1,1,0,0,30490,0.00,'','2006-09-07','2006-09-07',0,0,0,0,0,0,0,0,2,0,0,1,'2014-01-01',NULL,0,2,0,0,0,1,1,0,1,1,'2015-12-23',30490,0,'NO',0,0,0,0,'0'),(586000815,'3333333333333',0,'SET DE ESCRITORIO PARA NIÑO','SET DE ESCRITORI',1,6,1,1,1,0,22000,36990,68.14,'NO','2006-09-07','2006-09-07',0,2,1,0,0,0,0,0,7,0,0,1,'2014-01-01',NULL,0,1,0,0,0,1,1,0,1,1,'2016-12-08',36990,0,'NO',0,0,0,0,'0'),(586000816,'6971176225945',0,'BICICLETA ARO 12','BICICLETA ARO 12',1,3,0,1,1,0,0,53990,0.00,'','2006-09-07','2006-09-07',0,0,0,0,0,0,0,0,2,0,0,0,'2014-01-01',NULL,0,2,0,0,0,1,0,0,1,1,'2015-12-23',53990,0,'NO',0,0,0,0,'0'),(586000817,'586000817',0,'BICICLETA ARO 16','BICICLETA ARO 16',1,6,1,1,1,0,0,54900,0.00,'','2006-09-07','2006-09-07',0,2,0,0,0,0,0,0,1,0,0,0,'2014-01-01',NULL,0,2,0,0,0,1,1,0,1,1,'2015-12-24',54900,0,'NO',0,0,0,0,'0'),(586000818,'4221202864085',0,'AUTOPISTA RACING TRACK','AUTOPISTA RACING',1,3,0,1,1,0,0,11990,0.00,'','2006-09-07','2006-09-07',0,0,0,0,0,0,0,0,8,0,0,1,'2014-01-01',NULL,0,2,0,0,0,1,0,0,1,1,'2016-12-24',11990,0,'NO',0,0,0,0,'0'),(586000819,'123',0,'PACK PILAS','PACK PILAS',1,3,0,1,1,0,0,500,0.00,'','2006-09-07','2006-09-07',0,0,0,0,0,0,0,0,17,0,0,1,'2014-01-01',NULL,0,2,0,0,0,1,0,0,1,1,'2016-03-05',500,0,'NO',0,0,0,0,'0'),(586000820,'321',0,'NENUQUITOS CON ACCESORIOS','NENUQUITOS CON A',1,6,12,1,1,0,2180,3790,73.85,'NO','2006-09-07','2006-09-07',0,6,3,0,0,0,0,0,63,0,0,1,'2014-01-01',NULL,0,1,0,0,0,2,1,0,1,1,'2017-05-06',3790,0,'NO',0,0,0,0,'0'),(586000821,'45',0,'NENUQUITOS CON ACCESORIS','NENUQUITOS CON A',1,3,0,1,1,0,0,3490,0.00,'','2006-09-07','2006-09-07',0,0,0,0,0,0,0,0,5,0,0,0,'2014-01-01',NULL,0,2,0,0,0,1,0,0,1,1,'2016-04-09',3490,0,'NO',0,0,0,0,'0'),(586000822,'7501135502603',0,'PAÑALERA','PAÑALERA',1,9,0,1,1,0,0,12390,0.00,'','2006-09-07','2006-09-07',0,0,0,0,0,0,0,0,0,0,0,1,'2014-01-01',NULL,0,2,0,0,0,1,1,0,1,1,'2014-01-01',12390,0,'NO',0,0,0,0,'0'),(586000823,'586000823',0,'PERRO PELUCHE ','PERRO PELUCHE ',1,6,1,1,1,0,0,12990,0.00,'','2006-09-07','2006-09-07',0,2,0,0,0,0,0,0,1,0,0,1,'2014-01-01',NULL,0,2,0,0,0,1,1,0,1,1,'2016-01-07',12990,0,'NO',0,0,0,0,'0'),(586000824,'586000786453',0,'RELOJ GUITARRA ','RELOJ GUITARRA ',1,6,12,1,1,0,0,4250,0.00,'','2006-09-07','2006-09-07',0,30,0,0,0,0,0,0,0,0,0,1,'2014-01-01',NULL,0,2,0,0,0,1,1,0,1,1,'2014-01-01',4250,0,'NO',0,0,0,0,'0'),(586000825,'746775225148',0,'MAX TEEL DOBLE FUERZA ','MAX TEEL DOBLE F',1,6,10,1,1,0,0,9990,0.00,'','2006-09-07','2006-09-07',0,12,0,0,0,0,0,0,0,0,0,1,'2014-01-01',NULL,0,2,0,0,0,1,1,0,1,1,'2014-01-01',9990,0,'NO',0,0,0,0,'0'),(586000826,'746775194444',0,'MAX TEEL BAJO CERO ','MAX TEEL BAJO CE',1,6,10,1,1,0,0,4190,0.00,'','2006-09-07','2006-09-07',0,12,0,0,0,0,0,0,9,0,0,1,'2014-01-01',NULL,0,2,0,0,0,1,1,0,1,1,'2016-10-08',4190,0,'NO',0,0,0,0,'0'),(586000827,'7804945024038',0,'ESCOBILLA PARA MAMADERA Y CHUPETE','ESCOBILLA PARA M',1,6,12,1,1,0,0,2550,0.00,'','2006-09-07','2006-09-07',0,12,12,0,0,0,0,0,0,0,0,1,'2014-01-01',NULL,0,2,0,0,0,1,1,0,1,1,'2014-01-01',2550,0,'NO',0,0,0,0,'0'),(586000828,'7804945021204',0,'MAMADERA BOCA ANCHA SIMONDS 260ML','MAMADERA BOCA AN',1,6,12,1,1,0,0,2990,0.00,'','2006-09-07','2006-09-07',0,12,12,0,0,0,0,0,0,0,0,1,'2014-01-01',NULL,0,2,0,0,0,1,1,0,1,1,'2014-01-01',2990,0,'NO',0,0,0,0,'0'),(586000829,'7804945002432',0,'MAMADERA FANSY BOCA STANDARD 120ML','MAMADERA FANSY B',1,6,12,1,1,0,0,1850,0.00,'','2006-09-07','2006-09-07',0,12,12,0,0,0,0,0,1,0,0,1,'2014-01-01',NULL,0,2,0,0,0,1,1,0,1,1,'2016-02-16',1850,0,'NO',0,0,0,0,'0'),(586000830,'746775227982',0,'BARBIE FASHIONISTAS ','BARBIE FASHIONIS',1,6,12,1,1,0,0,9350,0.00,'','2006-09-07','2006-09-07',0,12,12,0,0,0,0,0,6,0,0,1,'2014-01-01',NULL,0,2,0,0,0,1,1,0,1,1,'2016-12-23',9350,0,'NO',0,0,0,0,'0'),(586000831,'615650220403',0,'DINGO MUNCHY STIX','DINGO MUNCHY STI',1,6,12,1,1,0,0,1990,0.00,'','2006-09-07','2006-09-07',0,12,12,0,0,0,0,0,8,0,0,1,'2014-01-01',NULL,0,2,0,0,0,1,1,0,1,1,'2016-09-09',1990,0,'NO',0,0,0,0,'0'),(586000832,'615650970087',0,'DINGO HUESO NORMAL L','DINGO HUESO NORM',1,6,12,1,1,0,0,4390,0.00,'','2006-09-07','2006-09-07',0,12,12,0,0,0,0,0,0,0,0,1,'2014-01-01',NULL,0,2,0,0,0,1,1,0,1,1,'2014-01-01',4390,0,'NO',0,0,0,0,'0'),(586000833,'615650970070',0,'DINGO HUESO NORMAL M ','DINGO HUESO NORM',1,6,12,1,1,0,0,2990,0.00,'','2006-09-07','2006-09-07',0,12,12,0,0,0,0,0,1,0,0,1,'2014-01-01',NULL,0,2,0,0,0,1,1,0,1,1,'2016-02-15',2990,0,'NO',0,0,0,0,'0'),(586000834,'615650970063',0,'DINGO HUESO NORMAL S ','DINGO HUESO NORM',1,6,12,1,1,0,0,1990,0.00,'','2006-09-07','2006-09-07',0,12,12,0,0,0,0,0,2,0,0,1,'2014-01-01',NULL,0,2,0,0,0,1,1,0,1,1,'2016-10-01',1990,0,'NO',0,0,0,0,'0'),(586000835,'050875531420',0,'BATIDORA VERTICAL Y MANUAL ','BATIDORA VERTICA',1,6,2,1,1,0,0,27490,0.00,'','2006-09-07','2006-09-07',0,12,12,0,0,0,0,0,2,0,0,1,'2014-01-01',NULL,0,2,0,0,0,1,1,0,1,1,'2016-07-09',27490,0,'NO',0,0,0,0,'0'),(586000836,'050875536180',0,'BATIDORA 5 VELOCIDADES ','BATIDORA 5 VELOC',1,6,4,1,1,0,0,13490,0.00,'','2006-09-07','2006-09-07',0,12,12,0,0,0,0,0,8,0,0,1,'2014-01-01',NULL,0,2,0,0,0,1,1,0,1,1,'2016-07-14',13490,0,'NO',0,0,0,0,'0'),(586000837,'050875807372',0,'HERVIDOR DE MATE  1.7 L ','HERVIDOR DE MATE',1,6,4,1,1,0,0,21490,0.00,'','2006-09-07','2006-09-07',0,12,12,0,0,0,0,0,4,0,0,1,'2014-01-01',NULL,0,2,0,0,0,1,1,0,1,1,'2016-07-26',21490,0,'NO',0,0,0,0,'0'),(586000838,'050875808300',0,'LICUADORA DE BASE METALICA TURBOPRO','LICUADORA DE BAS',1,6,4,2,39,0,0,28990,0.00,'NO','2006-09-07','2006-09-07',0,12,12,0,0,0,0,0,6,0,0,1,'2014-01-01',NULL,0,1,0,0,0,1,1,0,1,1,'2017-01-21',28990,0,'NO',0,0,0,0,'0'),(586000839,'050875802711',0,'EXPRIMIDOR DE CITRICOS DE 1L','EXPRIMIDOR DE CI',1,6,4,2,39,0,10499,12100,15.25,'NO','2006-09-07','2006-09-07',0,4,2,0,0,0,0,0,6,0,0,1,'2014-01-01',NULL,0,1,0,0,0,3,1,0,1,1,'2017-03-11',12100,0,'NO',0,0,0,0,'0'),(586000840,'050875809536',0,'HERVIDOR ELECTRICO 1.7L NEGRO ','HERVIDOR ELECTRI',1,6,4,1,1,0,0,11990,0.00,'','2006-09-07','2006-09-07',0,12,12,0,0,0,0,0,18,0,0,1,'2014-01-01',NULL,0,2,0,0,0,1,1,0,1,1,'2016-07-14',11990,0,'NO',0,0,0,0,'0'),(586000841,'074590534535',0,'AFEITADORA POWERFLEX R3','AFEITADORA POWER',1,6,6,1,1,0,0,22990,0.00,'','2006-09-07','2006-09-07',0,12,12,0,0,0,0,0,5,0,0,1,'2014-01-01',NULL,0,2,0,0,0,1,1,0,1,1,'2016-11-08',22990,0,'NO',0,0,0,0,'0'),(586000842,'050875814059',0,'HERVIDOR ELECTRICO 1.7 L BLANCO','HERVIDOR ELECTRI',1,6,4,1,1,0,0,11990,0.00,'','2006-09-07','2006-09-07',0,12,12,0,0,0,0,0,12,0,0,1,'2014-01-01',NULL,0,2,0,0,0,1,1,0,1,1,'2016-07-30',11990,0,'NO',0,0,0,0,'0'),(586000843,'050875532489',0,'BATIDORA DE INMERSION  ','BATIDORA DE INME',1,6,4,1,1,0,0,11990,0.00,'','2006-09-07','2006-09-07',0,12,12,0,0,0,0,0,14,0,0,1,'2014-01-01',NULL,0,2,0,0,0,1,1,0,1,1,'2016-11-30',11990,0,'NO',0,0,0,0,'0'),(586000844,'074590534474',0,'AFEITADORA  POWERFLEX R4','AFEITADORA  POWE',1,6,4,1,1,0,0,27590,0.00,'','2006-09-07','2006-09-07',0,12,12,0,0,0,0,0,8,0,0,1,'2014-01-01',NULL,0,2,0,0,0,1,1,0,1,1,'2016-12-05',27590,0,'NO',0,0,0,0,'0'),(586000845,'074590540079',0,'CORTADORA DE CABELLO 12PCS ','CORTADORA DE CAB',1,6,6,1,1,0,0,12590,0.00,'','2006-09-07','2006-09-07',0,12,12,0,0,0,0,0,12,0,0,1,'2014-01-01',NULL,0,2,0,0,0,1,1,0,1,1,'2016-07-08',12590,0,'NO',0,0,0,0,'0'),(586000846,'074590512014',0,'CORTADORA DE CABELLO PRECISION MAX 22PCS','CORTADORA DE CAB',1,6,6,1,1,0,0,15490,0.00,'','2006-09-07','2006-09-07',0,12,12,0,0,0,0,0,17,0,0,1,'2014-01-01',NULL,0,2,0,0,0,1,1,0,1,1,'2016-10-18',15490,0,'NO',0,0,0,0,'0'),(586000847,'050875534414',0,'CUCHILLO ELECTRICO DE 23 CM ','CUCHILLO ELECTRI',1,6,4,1,1,0,0,11990,0.00,'','2006-09-07','2006-09-07',0,12,12,0,0,0,0,0,1,0,0,1,'2014-01-01',NULL,0,2,0,0,0,1,1,0,1,1,'2016-12-22',11990,0,'NO',0,0,0,0,'0'),(586000848,'074590524062',0,'ALISADOR ANTI-ESTATICA REMINGTON','ALISADOR ANTI-ES',1,6,6,1,1,0,0,19990,0.00,'','2006-09-07','2006-09-07',0,12,12,0,0,0,0,0,8,0,0,1,'2014-01-01',NULL,0,2,0,0,0,1,1,0,1,1,'2016-05-07',19990,0,'NO',0,0,0,0,'0'),(586000849,'074590507416',0,'ALISADOR CON CERAMICA REMINGTON','ALISADOR CON CER',1,6,4,1,1,0,0,12390,0.00,'','2006-09-07','2006-09-07',0,12,12,0,0,0,0,0,8,0,0,1,'2014-01-01',NULL,0,2,0,0,0,1,1,0,1,1,'2016-10-13',12390,0,'NO',0,0,0,0,'0'),(586000850,'050875534094',0,'PLANCHA QUICK´N EASY BLACK DECKER MOD. ','PLANCHA QUICK´N ',1,6,6,2,2,0,9279,10990,18.44,'NO','2006-09-07','2006-09-07',0,6,5,0,0,0,0,0,4,0,0,1,'2014-01-01',NULL,0,1,0,0,0,3,1,0,1,1,'2016-11-07',10990,0,'NO',0,0,0,0,'0'),(586000851,'050875810044',0,'PLANCHA XPRESS STEAM ROJO','PLANCHA XPRESS S',1,6,4,2,2,0,14299,16590,16.02,'NO','2006-09-07','2006-09-07',0,6,5,0,0,0,0,0,4,0,0,1,'2014-01-01',NULL,0,1,0,0,0,3,1,0,1,1,'2016-02-08',16590,0,'NO',0,0,0,0,'0'),(586000852,'074590517774',0,'SECADOR IONES CERAMICAS ','SECADOR IONES CE',1,6,4,1,1,0,0,14490,0.00,'','2006-09-07','2006-09-07',0,6,6,0,0,0,0,0,8,0,0,1,'2014-01-01',NULL,0,2,0,0,0,1,1,0,1,1,'2017-04-11',14490,0,'NO',0,0,0,0,'0'),(586000853,'074590530278',0,'SECADOR DE VIAJE ','SECADOR DE VIAJE',1,6,4,1,1,0,0,10990,0.00,'','2006-09-07','2006-09-07',0,6,6,0,0,0,0,0,8,0,0,1,'2014-01-01',NULL,0,2,0,0,0,1,1,0,1,1,'2017-02-14',10990,0,'NO',0,0,0,0,'0'),(586000854,'050875534377',0,'ABRELATAS  2 EN 1 ','ABRELATAS  2 EN ',1,6,4,1,1,0,0,15290,0.00,'','2006-09-07','2006-09-07',0,6,6,0,0,0,0,0,0,0,0,1,'2014-01-01',NULL,0,2,0,0,0,1,1,0,1,1,'2014-01-01',15290,0,'NO',0,0,0,0,'0'),(586000855,'050875807730',0,'MAQUINA DE PANINI ','MAQUINA DE PANIN',1,6,4,1,1,0,0,19990,0.00,'','2006-09-07','2006-09-07',0,6,6,0,0,0,0,0,0,0,0,1,'2014-01-01',NULL,0,2,0,0,0,1,1,0,1,1,'2014-01-01',19990,0,'NO',0,0,0,0,'0'),(586000856,'050875811430',0,'CAFETERA PERSONAL ','CAFETERA PERSONA',1,6,4,1,1,0,0,14290,0.00,'','2006-09-07','2006-09-07',0,6,6,0,0,0,0,0,1,0,0,1,'2014-01-01',NULL,0,2,0,0,0,1,1,0,1,1,'2016-06-21',14290,0,'NO',0,0,0,0,'0'),(586000857,'050875530027',0,'PARRILLA Y PLANCHA ELECTRICA ','PARRILLA Y PLANC',1,6,4,1,1,0,0,28990,0.00,'','2006-09-07','2006-09-07',0,6,6,0,0,0,0,0,2,0,0,1,'2014-01-01',NULL,0,2,0,0,0,1,1,0,1,1,'2017-05-09',28990,0,'NO',0,0,0,0,'0'),(586000858,'050875806030',0,'CAFETERA PROGRAMABLE DE 12 TAZAS ','CAFETERA PROGRAM',1,6,2,2,37,0,16690,19190,14.98,'NO','2006-09-07','2006-09-07',0,6,6,0,0,0,0,0,3,0,0,1,'2014-01-01',NULL,0,1,0,0,0,3,1,0,1,1,'2016-06-08',19190,0,'NO',0,0,0,0,'0'),(586000859,'8902890000578',0,'FREIDORA ACERO CON BASE DE COBRE 36CMS','FREIDORA ACERO C',1,6,1,1,1,0,0,8590,0.00,'','2006-09-07','2006-09-07',0,6,6,0,0,0,0,0,3,0,0,1,'2014-01-01',NULL,0,2,0,0,0,1,1,0,1,1,'2016-11-03',8590,0,'NO',0,0,0,0,'0'),(586000860,'8902890000547',0,'FREIDORA ACERO CON BASE COBRE 30CM','FREIDORA ACERO C',1,6,1,1,1,0,0,5290,0.00,'','2006-09-07','2006-09-07',0,6,6,0,0,0,0,0,3,0,0,1,'2014-01-01',NULL,0,2,0,0,0,1,1,0,1,1,'2016-06-06',5290,0,'NO',0,0,0,0,'0'),(586000861,'8902890000042',0,'COCTELERA 500ML','COCTELERA 500ML',1,6,12,1,1,0,0,2490,0.00,'','2006-09-07','2006-09-07',0,12,12,0,0,0,0,0,5,0,0,1,'2014-01-01',NULL,0,2,0,0,0,1,1,0,1,1,'2016-11-04',2490,0,'NO',0,0,0,0,'0'),(586000862,'012800512867',0,'MANOS LIBRES 5 LED C/ 3 PILAS AAA','MANOS LIBRES 5 L',1,6,6,1,1,0,0,4990,0.00,'NO','2006-09-07','2006-09-07',0,12,12,0,0,0,0,0,1,0,0,1,'2014-01-01',NULL,0,1,0,0,0,1,1,0,1,1,'2016-03-09',4990,0,'NO',0,0,0,0,'0'),(586000863,'783094020771',0,'LINTERNA DE BICICLETA 5 LED ','LINTERNA DE BICI',1,6,6,1,1,0,0,2890,0.00,'','2006-09-07','2006-09-07',0,12,12,0,0,0,0,0,0,0,0,1,'2014-01-01',NULL,0,2,0,0,0,1,1,0,1,1,'2014-01-01',2890,0,'NO',0,0,0,0,'0'),(586000864,'783094020788',0,'LINTERNA DE BICICLETA POSTERIOR 5 LED ','LINTERNA DE BICI',1,6,6,1,1,0,0,2590,0.00,'','2006-09-07','2006-09-07',0,12,12,0,0,0,0,0,2,0,0,1,'2014-01-01',NULL,0,2,0,0,0,1,1,0,1,1,'2016-02-06',2590,0,'NO',0,0,0,0,'0'),(586000865,'012800509607',0,'LINTERNA LLAVERO LED CON PILAS ','LINTERNA LLAVERO',1,6,6,1,1,0,0,2990,0.00,'','2006-09-07','2006-09-07',0,12,12,0,0,0,0,0,2,0,0,1,'2014-01-01',NULL,0,2,0,0,0,1,1,0,1,1,'2016-09-01',2990,0,'NO',0,0,0,0,'0'),(586000866,'3831025840862',0,'RELOJ REDONDO 4086','RELOJ REDONDO 40',1,6,40,1,1,0,0,2380,0.00,'','2006-09-07','2006-09-07',0,12,12,0,0,0,0,0,11,0,0,1,'2014-01-01',NULL,0,2,0,0,0,1,1,0,1,1,'2017-04-25',2380,0,'NO',0,0,0,0,'0'),(586000867,'7804945076211',0,'COLONIA LILA BABYLAND 125ML','COLONIA LILA BAB',1,6,24,1,1,0,0,820,0.00,'','2006-09-07','2006-09-07',0,12,12,0,0,0,0,0,1,0,0,1,'2014-01-01',NULL,0,2,0,0,0,1,1,0,1,1,'2016-02-03',820,0,'NO',0,0,0,0,'0'),(586000868,'7804945076204',0,'COLONIA PINK BABYLAND 125ML','COLONIA PINK BAB',1,6,24,1,1,0,0,820,0.00,'','2006-09-07','2006-09-07',0,12,12,0,0,0,0,0,1,0,0,1,'2014-01-01',NULL,0,2,0,0,0,1,1,0,1,1,'2016-01-21',820,0,'NO',0,0,0,0,'0'),(586000869,'7804945007567',0,'COLONIA AMARILLA BABYLAND 125ML','COLONIA AMARILLA',1,6,24,1,1,0,0,820,0.00,'','2006-09-07','2006-09-07',0,12,12,0,0,0,0,0,0,0,0,1,'2014-01-01',NULL,0,2,0,0,0,1,1,0,1,1,'2014-01-01',820,0,'NO',0,0,0,0,'0'),(586000870,'7804945032408',0,'COLONIA VIOLETA 130ML','COLONIA VIOLETA ',1,6,12,1,1,0,0,2490,0.00,'','2006-09-07','2006-09-07',0,12,12,0,0,0,0,0,0,0,0,1,'2014-01-01',NULL,0,2,0,0,0,1,1,0,1,1,'2014-01-01',2490,0,'NO',0,0,0,0,'0'),(586000871,'7804945007512',0,'COLONIA VERDE BABYLAND 260ML','COLONIA VERDE BA',1,6,12,1,1,0,0,1250,0.00,'','2006-09-07','2006-09-07',0,12,12,0,0,0,0,0,1,0,0,1,'2014-01-01',NULL,0,2,0,0,0,1,1,0,1,1,'2016-02-04',1250,0,'NO',0,0,0,0,'0'),(586000872,'7804945076037',0,'COLONIA LILA BABYLAND 260ML','COLONIA LILA BAB',1,6,12,1,1,0,0,1250,0.00,'','2006-09-07','2006-09-07',0,12,12,0,0,0,0,0,0,0,0,1,'2014-01-01',NULL,0,2,0,0,0,1,1,0,1,1,'2014-01-01',1250,0,'NO',0,0,0,0,'0'),(586000873,'7804920001122',0,'COLONIA WINNIE THE POO 200ML','COLONIA WINNIE T',1,6,12,1,1,0,0,2150,0.00,'','2006-09-07','2006-09-07',0,12,12,0,0,0,0,0,0,0,0,1,'2014-01-01',NULL,0,2,0,0,0,1,1,0,1,1,'2014-01-01',2150,0,'NO',0,0,0,0,'0'),(586000874,'7804920015549',0,'COLONIA FRUTAL 200ML ','COLONIA FRUTAL 2',1,6,12,1,1,0,0,2150,0.00,'','2006-09-07','2006-09-07',0,12,12,0,0,0,0,0,0,0,0,1,'2014-01-01',NULL,0,2,0,0,0,1,1,0,1,1,'2014-01-01',2150,0,'NO',0,0,0,0,'0'),(586000875,'7804920015525',0,'COLONIA CITRICA 200ML','COLONIA CITRICA ',1,6,12,1,1,0,0,2150,0.00,'','2006-09-07','2006-09-07',0,12,12,0,0,0,0,0,0,0,0,1,'2014-01-01',NULL,0,2,0,0,0,1,1,0,1,1,'2014-01-01',2150,0,'NO',0,0,0,0,'0'),(586000876,'7804920015518',0,'COLONIA MICKEY 200ML','COLONIA MICKEY 2',1,6,12,1,1,0,0,2150,0.00,'','2006-09-07','2006-09-07',0,12,12,0,0,0,0,0,1,0,0,1,'2014-01-01',NULL,0,2,0,0,0,1,1,0,1,1,'2016-02-01',2150,0,'NO',0,0,0,0,'0'),(586000877,'7804902027447',0,'COLONIA FRANKIE STEIN 215ML','COLONIA FRANKIE ',1,6,12,1,1,0,0,2190,0.00,'','2006-09-07','2006-09-07',0,12,12,0,0,0,0,0,0,0,0,1,'2014-01-01',NULL,0,2,0,0,0,1,1,0,1,1,'2014-01-01',2190,0,'NO',0,0,0,0,'0'),(586000878,'7804902031383',0,'COLONIA + GEL BODY GLITTER DRACULAURA 215ML','COLONIA + GEL BO',1,6,12,1,1,0,0,2990,0.00,'','2006-09-07','2006-09-07',0,12,12,0,0,0,0,0,1,0,0,1,'2014-01-01',NULL,0,2,0,0,0,1,1,0,1,1,'2016-02-06',2990,0,'NO',0,0,0,0,'0'),(586000879,'7972564291633',0,'KEY BOXER VARON COD 7972','KEY BOXER VARON ',1,6,24,1,1,0,0,4390,0.00,'','2006-09-07','2006-09-07',0,12,12,0,0,0,0,0,0,0,0,1,'2014-01-01',NULL,0,2,0,0,0,1,1,0,1,1,'2014-01-01',4390,0,'NO',0,0,0,0,'0'),(586000880,'7977564291638',0,'KEY BOXER VARON COD.7977','KEY BOXER VARON ',1,6,24,1,1,0,0,4390,0.00,'','2006-09-07','2006-09-07',0,12,12,0,0,0,0,0,0,0,0,1,'2014-01-01',NULL,0,2,0,0,0,1,1,0,1,1,'2014-01-01',4390,0,'NO',0,0,0,0,'0'),(586000881,'7979564291632',0,'KEY BOXER VARON COD 7979','KEY BOXER VARON ',1,6,12,1,1,0,0,4390,0.00,'','2006-09-07','2006-09-07',0,12,12,0,0,0,0,0,0,0,0,1,'2014-01-01',NULL,0,2,0,0,0,1,1,0,1,1,'2014-01-01',4390,0,'NO',0,0,0,0,'0'),(586000882,'7981564291635',0,'KEY BOXER NIÑO COD.7981','KEY BOXER NIÑO C',1,6,24,1,1,0,0,4390,0.00,'','2006-09-07','2006-09-07',0,12,12,0,0,0,0,0,0,0,0,1,'2014-01-01',NULL,0,2,0,0,0,1,1,0,1,1,'2014-01-01',4390,0,'NO',0,0,0,0,'0'),(586000883,'586000883',0,'TAZONES ','TAZONES ',1,6,48,1,1,0,0,350,0.00,'','2006-09-07','2006-09-07',0,12,12,0,0,0,0,0,90,0,0,1,'2014-01-01',NULL,0,2,0,0,0,1,1,0,1,1,'2016-09-20',350,0,'NO',0,0,0,0,'0'),(586000884,'615650300310',0,'HUESOS MINI 7 DIAS DINGO','HUESOS MINI 7 DI',1,4,24,1,1,0,0,4350,0.00,'','2006-09-07','2006-09-07',0,12,12,0,0,0,0,0,0,0,0,1,'2014-01-01',NULL,0,2,0,0,0,1,1,0,1,1,'2014-01-01',4350,0,'NO',0,0,0,0,'0'),(586000885,'783094000414',0,'PILA RAYOVAC AAA','PILA RAYOVAC AAA',1,6,24,1,1,0,89,150,68.54,'NO','2006-09-07','2006-09-07',0,6,3,0,0,0,0,0,172,0,0,1,'2014-01-01',NULL,0,1,0,0,0,1,1,0,1,1,'2017-04-12',150,0,'NO',0,0,0,0,'0'),(586000886,'7896009712135',0,'PILAS RAYOVAC AA ','PILAS RAYOVAC AA',1,6,24,1,1,0,89,150,68.54,'NO','2006-09-07','2006-09-07',0,6,3,0,0,0,0,0,541,0,0,1,'2014-01-01',NULL,0,1,0,0,0,1,2,0,1,1,'2017-04-29',150,0,'NO',0,0,0,0,'0'),(586000887,'7807265066955',0,'CUADERNO 100HJS ROSS CANDY WORLD COD.30129-9','CUADERNO ROSS CA',1,6,80,3,3,0,488,698,43.03,'NO','2006-09-07','2006-09-07',0,20,20,0,0,0,0,0,186,0,0,1,'2014-01-01',NULL,0,1,0,0,0,4,1,0,1,1,'2017-05-15',698,0,'NO',0,0,0,767,'0'),(586000888,'7807265067266',0,'PACK CUADERNOS ROSS CANDY WORDL COD. 30129','PACK CUADERNOS R',1,6,80,3,3,0,0,6400,0.00,'NO','2006-09-07','2006-09-07',0,40,20,0,0,0,0,0,45,0,0,1,'2014-01-01',NULL,0,1,0,0,0,4,10,0,1,1,'2017-03-27',6400,0,'NO',0,0,0,0,'0'),(586000889,'7807265064166',0,'CUADERNO 100HJS ROSS SPORT ACTION COD.29972-3','CUADERNO ROSS SP',1,6,80,3,3,0,488,698,43.03,'NO','2006-09-07','2006-09-07',0,40,20,0,0,0,0,0,148,0,0,1,'2014-01-01',NULL,0,1,0,0,0,4,10,0,1,1,'2017-03-30',698,0,'NO',0,0,0,767,'0'),(586000890,'7807265064241',0,'PACK CUADERNOS ROSS SPORT ACTION COD 29972-3','PACK CUADERNOS R',1,6,80,3,3,0,0,6400,0.00,'NO','2006-09-07','2006-09-07',0,40,20,0,0,0,0,0,38,0,0,1,'2014-01-01',NULL,0,1,0,0,0,4,10,0,1,1,'2017-03-20',6400,0,'NO',0,0,0,0,'0'),(586000891,'7807265064159',0,'CUADERNO 100HJS ROSS MUJER COD. 29973-1','CUADERNO ROSS MU',1,6,80,3,3,0,488,698,43.03,'NO','2006-09-07','2006-09-07',0,60,40,0,0,0,0,0,151,0,0,1,'2014-01-01',NULL,0,1,0,0,0,4,10,0,1,1,'2017-04-13',698,0,'NO',0,0,0,767,'0'),(586000892,'7807265064234',0,'PACK CUADERNOS ROSS MUJER COD. 29973-1','PACK CUADERNOS R',1,6,80,3,3,0,0,6400,0.00,'NO','2006-09-07','2006-09-07',0,60,40,0,0,0,0,0,69,0,0,1,'2014-01-01',NULL,0,1,0,0,0,4,10,0,1,1,'2017-03-20',6400,0,'NO',0,0,0,0,'0'),(586000893,'7807265066986',0,'CUADERNO 100HJS ROSS SPORT KIDS COD. 30269-4','CUADERNO ROSS SP',1,6,80,3,3,0,488,698,43.03,'NO','2006-09-07','2006-09-07',0,60,40,0,0,0,0,0,257,0,0,1,'2014-01-01',NULL,0,1,0,0,0,4,10,0,1,1,'2017-05-15',698,0,'NO',0,0,0,767,'0'),(586000894,'7807265067297',0,'PACK CUADERNOS ROSS SPORT KIDS COD . 30269-4','PACK CUADERNOS R',1,6,80,3,3,0,0,6400,0.00,'NO','2006-09-07','2006-09-07',0,60,40,0,0,0,0,0,50,0,0,1,'2014-01-01',NULL,0,1,0,0,0,4,10,0,1,1,'2017-05-11',6400,0,'NO',0,0,0,0,'0'),(586000895,'7807265064142',0,'CUADERNO 100HJS. ROSS ESTILO JOVEN COD. 29974-K','CUADERNO ROSS ES',1,6,80,3,3,0,488,698,43.03,'NO','2006-09-07','2006-09-07',0,60,40,0,0,0,0,0,341,0,0,1,'2014-01-01',NULL,0,1,0,0,0,4,10,0,1,1,'2017-04-10',698,0,'NO',0,0,0,767,'0'),(586000896,'7807265064227',0,'PACK CUADERNOS ROSS ESTILO JOVEN COD. 29974-K','PACK CUADERNOS R',1,6,80,3,3,0,0,6400,0.00,'NO','2006-09-07','2006-09-07',0,80,40,0,0,0,0,0,71,0,0,1,'2014-01-01',NULL,0,1,0,0,0,4,10,0,1,1,'2017-03-13',6400,0,'NO',0,0,0,0,'0'),(586000897,'7807265064135',0,'CUADERNO 100HJS ROSS STREET LIFE  COD. 29975-8','CUADERNO 100HJS ',1,6,80,3,3,0,488,698,43.03,'NO','2006-09-07','2006-09-07',0,80,40,0,0,0,0,0,161,0,0,1,'2014-01-01',NULL,0,1,0,0,0,4,10,0,1,1,'2017-05-03',698,0,'NO',0,0,0,767,'0'),(586000898,'7807265064210',0,'PACK CUADERNOS ROSS STREET LIFE COD.  29975-8','PACK CUADERNOS R',1,6,80,3,3,0,0,6400,0.00,'NO','2006-09-07','2006-09-07',0,80,40,0,0,0,0,0,63,0,0,1,'2014-01-01',NULL,0,1,0,0,0,4,10,0,1,1,'2017-04-24',6400,0,'NO',0,0,0,0,'0'),(586000899,'7807265034299',0,'CUADERNO ROSS COLLEGE LISO 80HJS ','CUADERNO ROSS CO',1,6,80,3,3,0,327,490,49.85,'NO','2006-09-07','2006-09-07',0,80,40,0,0,0,0,0,1149,0,0,1,'2014-01-01',NULL,0,1,0,0,0,4,10,0,1,1,'2017-05-17',490,0,'NO',0,0,0,525,'0'),(586000900,'7807265034480',0,'PACK CUADERNOS ROSS COLLEGE LISO 80HJS ','PACK CUADERNOS R',1,6,80,3,3,0,0,4400,0.00,'','2006-09-07','2006-09-07',0,80,40,0,0,0,0,0,92,0,0,1,'2014-01-01',NULL,0,2,0,0,0,4,10,0,1,1,'2017-03-16',4400,0,'NO',0,0,0,0,'0'),(586000901,'7807265975523',0,'ADHESIVO INSTANTANEO PROARTE EXTRA FUERTE COD. 16053-9','ADHESIVO INSTANT',1,6,72,3,4,0,429,490,14.22,'','2006-09-07','2006-09-07',0,72,40,0,0,0,0,0,28,0,0,1,'2014-01-01',NULL,0,2,0,0,0,5,1,0,1,1,'2017-03-22',490,0,'NO',0,0,0,429,'0'),(586000902,'7807265004186',0,'ADHESIVO MULTIUSO TRANS.90 PROARTE 120CC TUBO','ADHESIVO MULTIUS',1,6,32,3,4,0,2146,2300,7.18,'','2006-09-07','2006-09-07',0,32,20,0,0,0,0,0,5,0,0,1,'2014-01-01',NULL,0,2,0,0,0,5,1,0,1,1,'2016-12-31',2300,0,'NO',0,0,0,2146,'0'),(586000903,'7807265004193',0,'ADHESIVO MULTIUSO TRANS. 90 PROARTE 240CC TARRO ','ADHESIVO MULTIUS',6,6,42,3,4,0,2941,3150,7.11,'','2006-09-07','2006-09-07',0,21,15,0,0,0,0,0,1,0,0,1,'2014-01-01',NULL,0,2,0,0,0,5,240,0,1,1,'2016-06-13',3150,0,'NO',0,0,0,2941,'0'),(586000904,'7807265003189',0,'COLA FRIA PROARTE DE 1000 GRAMOS LAVABLE ','COLA FRIA PROART',5,6,36,3,4,0,2331,2500,7.25,'','2006-09-07','2006-09-07',0,30,15,0,0,0,0,0,17,0,0,1,'2014-01-01',NULL,0,2,0,0,0,5,1000,0,1,1,'2017-04-13',2500,0,'NO',0,0,0,2331,'0'),(586000905,'7807265042423',0,'PEGAMENTO EN ROLLER PROARTE 8MM REMOVIBLE','PEGAMENTO EN ROL',1,6,12,3,4,0,794,850,7.05,'','2006-09-07','2006-09-07',0,18,12,0,0,0,0,0,6,0,0,1,'2014-01-01',NULL,0,2,0,0,0,5,1,0,1,1,'2016-05-26',850,0,'NO',0,0,0,794,'0'),(586000906,'7807265980466',0,'COLA FRIA PROARTE DE 125GRS LAVABLE','COLA FRIA PROART',5,6,144,3,4,0,376,400,6.38,'','2006-09-07','2006-09-07',0,48,24,0,0,0,0,0,96,0,0,1,'2014-01-01',NULL,0,2,0,0,0,5,125,0,1,1,'2017-05-15',400,0,'NO',0,0,0,376,'0'),(586000907,'7807265008146',0,'COLA FRIA PROARTE DE 225GRS LAVABLE COD 11688-2','COLA FRIA PROART',5,6,144,3,4,0,670,720,7.46,'','2006-09-07','2006-09-07',0,48,24,0,0,0,0,0,70,0,0,1,'2014-01-01',NULL,0,2,0,0,0,5,225,0,1,1,'2017-05-16',720,0,'NO',0,0,0,670,'0'),(586000908,'7807265992971',0,'ESTUCHE PROARTE JEANS 1PISO 1 CIERRE COD. 20365-3','ESTUCHE PROARTE ',1,6,12,3,12,0,2179,990,-54.57,'NO','2006-09-07','2006-09-07',0,12,6,0,0,0,0,0,2,0,0,1,'2014-01-01',NULL,0,1,0,0,0,5,1,0,1,1,'2017-02-20',990,0,'NO',0,0,0,2179,'0'),(586000909,'7807265992988',0,'ESTUCHE PROARTE JEANS 2 PISOS 2 CIERRES COD. 20366-1','ESTUCHE PROARTE ',1,6,12,3,12,0,3617,1590,-56.04,'NO','2006-09-07','2006-09-07',0,12,6,0,0,0,0,0,2,0,0,1,'2014-01-01',NULL,0,1,0,0,0,5,1,0,1,1,'2017-02-28',1590,0,'NO',0,0,0,3617,'0'),(586000910,'7807265992995',0,'ESTUCHE PROARTE JEANS 3 PISOS 3 CIERRES COD. 20367-K ','ESTUCHE PROARTE ',1,6,12,3,12,0,4726,1990,-57.89,'NO','2006-09-07','2006-09-07',0,12,6,0,0,0,0,0,2,0,0,1,'2014-01-01',NULL,0,1,0,0,0,5,1,0,1,1,'2016-05-16',1990,0,'NO',0,0,0,4726,'0'),(586000911,'7807265072000',0,'GEL ADHESIVO PROARTE A BASE DE AGUA 250 ML','GEL ADHESIVO A B',7,6,144,3,4,0,1990,2130,7.04,'','2006-09-07','2006-09-07',0,24,12,0,0,0,0,0,21,0,0,1,'2014-01-01',NULL,0,2,0,0,0,5,250,0,1,1,'2017-05-10',2130,0,'NO',0,0,0,1990,'0'),(586000912,'7807265720000',0,'GEL ADHESIVO PROARTE A BASE DE AGUA 250ML','GEL ADHESIVO PRO',7,6,144,3,4,0,1990,2130,7.04,'','2006-09-07','2006-09-07',0,24,12,0,0,0,0,0,0,0,0,1,'2014-01-01',NULL,0,2,0,0,0,5,250,0,1,1,'2014-01-01',2130,0,'NO',0,0,0,1990,'0'),(586000913,'7807265058462',0,'SILICONA TRANSP. BARRA 7MM PROARTE ','SILICONA TRANSP.',1,6,100,3,4,0,685,1100,60.58,'NO','2006-09-07','2006-09-07',0,50,25,0,0,0,0,0,306,0,0,1,'2014-01-01',NULL,0,1,0,0,0,5,10,0,1,1,'2017-05-15',1100,0,'NO',0,0,0,888,'0'),(586000914,'7807265071928',0,'GEL ADHESIVO A BASE DE AGUA DE 30ML PROARTE ','GEL ADHESIVO A B',7,6,144,3,4,0,390,420,7.69,'','2006-09-07','2006-09-07',0,50,25,0,0,0,0,0,73,0,0,1,'2014-01-01',NULL,0,2,0,0,0,5,30,0,1,1,'2017-05-17',420,0,'NO',0,0,0,390,'0'),(586000915,'7807265071935',0,'GEL ADHESIVO A BASE DE AGUA 100 ML PROARTE ','GEL ADHESIVO A B',7,6,144,3,4,0,890,960,7.87,'','2006-09-07','2006-09-07',0,48,24,0,0,0,0,0,107,0,0,1,'2014-01-01',NULL,0,2,0,0,0,5,100,0,1,1,'2017-05-09',960,0,'NO',0,0,0,890,'0'),(586000916,'7807265986093',0,'ESCUADRA C/TRANSPORTADOR PROARTE 21CM HUMO','ESCUADRA C/TRANS',1,6,100,3,13,0,193,250,29.53,'','2006-09-07','2006-09-07',0,50,25,0,0,0,0,0,72,0,0,1,'2014-01-01',NULL,0,2,0,0,0,5,1,0,1,1,'2017-04-10',250,0,'NO',0,0,0,193,'0'),(586000917,'7807265986123',0,'TRANSPORTADOR PROARTE 10CMS 180° HUMO','TRANSPORTADOR PR',1,6,300,3,13,0,138,190,37.68,'','2006-09-07','2006-09-07',0,50,25,0,0,0,0,0,56,0,0,1,'2014-01-01',NULL,0,2,0,0,0,5,1,0,1,1,'2017-04-10',190,0,'NO',0,0,0,138,'0'),(586000918,'7807265018268',0,'TRANSPORTADOR PROARTE 10CMS 360° HUMO ','TRANSPORTADOR PR',1,6,300,3,13,0,202,250,23.76,'','2006-09-07','2006-09-07',0,50,25,0,0,0,0,0,19,0,0,1,'2014-01-01',NULL,0,2,0,0,0,5,1,0,1,1,'2017-05-04',250,0,'NO',0,0,0,202,'0'),(586000919,'7807265986079',0,'ESCUADRA BISELADA PROARTE 25CMS 45° HUMO ','ESCUADRA BISELAD',1,6,300,3,13,0,239,260,8.79,'','2006-09-07','2006-09-07',0,50,25,0,0,0,0,0,9,0,0,1,'2014-01-01',NULL,0,2,0,0,0,5,1,0,1,1,'2017-05-15',260,0,'NO',0,0,0,239,'0'),(586000920,'7807265003721',0,'TUBO PORTAPLANO PROARTE TELESCO. NEGRO C/CORREA ','TUBO PORTAPLANO ',1,6,12,3,9,0,3927,4200,6.95,'','2006-09-07','2006-09-07',0,12,6,0,0,0,0,0,6,0,0,1,'2014-01-01',NULL,0,2,0,0,0,5,1,0,1,1,'2017-03-08',4200,0,'NO',0,0,0,3927,'0'),(586000921,'7807265018251',0,'REGLA BISELADA PROARTE 30CM HUMO','REGLA BISELADA P',1,6,300,3,13,0,154,190,23.38,'','2006-09-07','2006-09-07',0,50,25,0,0,0,0,0,192,0,0,1,'2014-01-01',NULL,0,2,0,0,0,5,1,0,1,1,'2017-05-15',190,0,'NO',0,0,0,154,'0'),(586000922,'7807265986109',0,'REGLA BISELADA PROARTE 20CM HUMO','REGLA BISELADA P',1,6,300,3,13,0,104,150,44.23,'','2006-09-07','2006-09-07',0,50,25,0,0,0,0,0,98,0,0,1,'2014-01-01',NULL,0,2,0,0,0,5,1,0,1,1,'2017-05-05',150,0,'NO',0,0,0,104,'0'),(586000923,'7807265980480',0,'PEGAMENTO EN BARRA PROARTE 8GR ','PEGAMENTO EN BAR',5,6,100,3,4,0,156,290,85.90,'NO','2006-09-07','2006-09-07',0,50,25,0,0,0,0,0,267,0,0,1,'2014-01-01',NULL,0,1,0,0,0,5,8,0,1,1,'2017-05-16',290,0,'NO',0,0,0,202,'0'),(586000924,'7807265980497',0,'PEGAMENTO EN BARRA PROARTE 21GR ','PEGAMENTO EN BAR',5,6,100,3,4,0,278,490,76.26,'NO','2006-09-07','2006-09-07',0,50,25,0,0,0,0,0,355,0,0,1,'2014-01-01',NULL,0,1,0,0,0,5,21,0,1,1,'2017-05-16',490,0,'NO',0,0,0,360,'0'),(586000925,'7807265980503',0,'PEGAMENTO EN BARRA PROARTE 36GR','PEGAMENTO EN BAR',1,6,144,3,4,0,486,790,62.55,'NO','2006-09-07','2006-09-07',0,50,25,0,0,0,0,0,422,0,0,1,'2014-01-01',NULL,0,1,0,0,0,5,1,0,1,1,'2017-05-15',790,0,'NO',0,0,0,630,'0'),(586000926,'7807265072017',0,'PROARTE ESCARCHA 6 COLORES','PROARTE ESCARCHA',1,6,18,3,18,0,1136,1890,66.37,'NO','2006-09-07','2006-09-07',0,10,5,0,0,0,0,144,29,0,0,1,'2016-07-14','92986000-4',0,1,0,0,0,5,1,0,1,1,'2017-04-22',1890,0,'NO',0,0,0,1090.9465648855,'0'),(586000927,'7807265031250',0,'GLITER GLUE PROARTE 5 COLORES 10ML LAVABLE','GLITER GLUE PROA',7,6,36,3,18,0,566,950,67.84,'NO','2006-09-07','2006-09-07',0,15,10,0,0,0,0,0,57,0,0,1,'2014-01-01',NULL,0,1,0,0,0,5,10,0,1,1,'2017-05-10',950,0,'NO',0,0,0,733,'0'),(586000928,'7807265072031',0,'ESCARCHA 3 COLORES + PEGAMANTO PROARTE','ESCARCHA 3 COLOR',1,6,12,3,18,0,1290,1380,6.98,'','2006-09-07','2006-09-07',0,18,12,0,0,0,0,0,7,0,0,1,'2014-01-01',NULL,0,2,0,0,0,5,1,0,1,1,'2016-10-26',1380,0,'NO',0,0,0,1290,'0'),(586000929,'7807265072024',0,'ESCARCHA 6 COLORES + PEGAMENTO PROARTE','ESCARCHA 6 COLOR',1,6,12,3,18,0,2290,2450,6.99,'','2006-09-07','2006-09-07',0,18,12,0,0,0,0,0,8,0,0,1,'2014-01-01',NULL,0,2,0,0,0,5,1,0,1,1,'2016-11-24',2450,0,'NO',0,0,0,2290,'0'),(586000930,'7807265981296',0,'PAPEL CREPE 50 * 200 CM AMARILLO PROARTE','PAPEL CREPE 50 *',1,6,200,3,19,0,108,190,75.93,'NO','2006-09-07','2006-09-07',0,50,25,0,0,0,0,100,38,0,0,1,'2016-07-14','92986000-4',0,1,0,0,0,5,1,0,1,1,'2017-05-15',190,0,'NO',0,0,0,98.5609756097561,'0'),(586000931,'7807265982200',0,'PAPEL CELOFAN 90 * 100CM ROJO PROARTE ','PAPEL CELOFAN 90',1,6,200,3,19,0,172,260,51.16,'','2006-09-07','2006-09-07',0,50,25,0,0,0,0,150,24,0,0,1,'2016-07-14','92986000-4',0,2,0,0,0,5,1,0,1,1,'2017-04-17',260,0,'NO',0,0,0,167.595744680851,'0'),(586000932,'7807265982187',0,'PAPEL CELOFAN 90 * 100 AZUL PROARTE ','PAPEL CELOFAN 90',1,6,200,3,19,0,172,260,51.16,'','2006-09-07','2006-09-07',0,50,25,0,0,0,0,150,20,0,0,1,'2016-07-14','92986000-4',0,2,0,0,0,5,1,0,1,1,'2017-05-10',260,0,'NO',0,0,0,164.333333333333,'0'),(586000933,'7807265982194',0,'PAPEL CELOFAN 90 * 100 NARANJO PROARTE ','PAPEL CELOFAN 90',1,6,100,3,19,0,172,260,51.16,'','2006-09-07','2006-09-07',0,50,25,0,0,0,0,150,46,0,0,1,'2016-07-14','92986000-4',0,2,0,0,0,5,1,0,1,1,'2017-05-03',260,0,'NO',0,0,0,166.539568345324,'0'),(586000934,'7807265981319',0,'PAPEL CREPE 50 * 200CM AZUL  PROARTE','PAPEL CREPE 50 *',1,6,200,3,19,0,108,190,75.93,'NO','2006-09-07','2006-09-07',0,50,25,0,0,0,0,100,63,0,0,1,'2016-07-14','92986000-4',0,1,0,0,0,5,1,0,1,1,'2017-05-12',190,0,'NO',0,0,0,100.411764705882,'0'),(586000935,'7807265981364',0,'PAPEL CREPE 50 * 200 CM FUCSIA PROARTE ','PAPEL CREPE 50 *',1,6,200,3,19,0,108,190,75.93,'NO','2006-09-07','2006-09-07',0,50,25,0,0,0,0,100,94,0,0,1,'2016-07-14','92986000-4',0,1,0,0,0,5,1,0,1,1,'2017-05-11',190,0,'NO',0,0,0,96.5696202531646,'0'),(586000936,'7807265981371',0,'PAPEL CREPE 50 * 200 CM LILA PROARTE ','PAPEL CREPE 50 *',1,6,200,3,19,0,108,190,75.93,'NO','2006-09-07','2006-09-07',0,50,25,0,0,0,0,100,66,0,0,1,'2016-07-14','92986000-4',0,1,0,0,0,5,1,0,1,1,'2017-05-12',190,0,'NO',0,0,0,97.9135802469136,'0'),(586000937,'7807265981357',0,'PAPEL CREPE 50 * 200 CM CELESTE PROARTE ','PAPEL CREPE 50 *',1,6,200,3,19,0,108,190,75.93,'NO','2006-09-07','2006-09-07',0,50,25,0,0,0,0,100,60,0,0,1,'2016-07-14','92986000-4',0,1,0,0,0,5,1,0,1,1,'2017-05-16',190,0,'NO',0,0,0,94.4210526315789,'0'),(586000938,'7807265981326',0,'PAPEL CREPE 50 * 200 CM BLANCO PROARTE ','PAPEL CREPE 50 *',1,6,200,3,19,0,111,190,71.17,'NO','2006-09-07','2006-09-07',0,6,3,0,0,0,0,100,120,0,0,1,'2016-07-14','92986000-4',0,1,0,0,0,5,1,0,1,1,'2017-04-22',190,0,'NO',0,0,0,83.8125,'0'),(586000939,'7807265981333',0,'PAPEL CREPE 50 * 200 CM CAFE CLARO PROARTE ','PAPEL CREPE 50 *',1,6,200,3,19,0,108,190,75.93,'NO','2006-09-07','2006-09-07',0,50,25,0,0,0,0,100,24,0,0,1,'2016-07-14','92986000-4',0,1,0,0,0,5,1,0,1,1,'2017-05-10',190,0,'NO',0,0,0,103.222222222222,'0'),(586000940,'7807265982170',0,'PAPEL CELOFAN 90 * 100 AMARILLO PROARTE ','PAPEL CELOFAN 90',1,4,100,3,19,0,172,260,51.16,'','2006-09-07','2006-09-07',0,50,25,0,0,0,0,150,11,0,0,1,'2016-07-14','92986000-4',0,2,0,0,0,5,1,0,1,1,'2016-10-22',260,0,'NO',0,0,0,167.071428571429,'0'),(586000941,'7807265983924',0,'CARTULINA PINTADA PROARTE 54*75 VIOLETA ','CARTULINA PINTAD',1,4,50,3,10,0,108,190,75.93,'','2006-09-07','2006-09-07',0,25,12,0,0,0,0,150,133,0,0,1,'2016-07-14','92986000-4',0,2,0,0,0,5,1,0,1,1,'2017-05-16',190,0,'NO',0,0,0,81,'0'),(586000942,'7807265982880',0,'CARTON PIEDRA PROARTE 1,0MM 55 * 77CM ','CARTON PIEDRA PR',1,4,25,3,10,0,280,420,50.00,'','2006-09-07','2006-09-07',0,25,12,0,0,0,0,50,46,0,0,1,'2016-07-14','92986000-4',0,2,0,0,0,5,1,0,1,1,'2017-04-27',420,0,'NO',0,0,0,125.333333333333,'0'),(586000943,'7807265983917',0,'CARTULINA PINTADA PROARTE 54 75 VERDE OSCURO ','CARTULINA PINTAD',1,4,50,3,10,0,108,190,75.93,'','2006-09-07','2006-09-07',0,50,25,0,0,0,0,150,116,0,0,1,'2016-07-14','92986000-4',0,2,0,0,0,5,1,0,1,1,'2017-05-16',190,0,'NO',0,0,0,91.5882352941177,'0'),(586000944,'7807265983894',0,'CARTULINA PINTADA PROARTE 54 * 75 TURQUESA ','CARTULINA PINTAD',1,4,50,3,10,0,108,190,75.93,'','2006-09-07','2006-09-07',0,25,12,0,0,0,0,150,149,0,0,1,'2016-07-14','92986000-4',0,2,0,0,0,5,1,0,1,1,'2017-04-18',190,0,'NO',0,0,0,70.468085106383,'0'),(586000945,'7807265983900',0,'CARTULINA PINTADA PROARTE  54 * 75 VERDE CLARO ','CARTULINA PINTAD',1,4,50,3,10,0,108,190,75.93,'','2006-09-07','2006-09-07',0,25,12,0,0,0,0,150,156,0,0,1,'2016-07-14','92986000-4',0,2,0,0,0,5,1,0,1,1,'2017-03-09',190,0,'NO',0,0,0,76.5,'0'),(586000946,'7807265982897',0,'CARTON PIEDRA PROARTE 1,0MM 77 * 110CM ','CARTON PIEDRA PR',1,4,25,3,10,0,547,820,49.91,'','2006-09-07','2006-09-07',0,25,12,0,0,0,0,50,19,0,0,1,'2016-07-14','92986000-4',0,2,0,0,0,5,1,0,1,1,'2017-02-24',820,0,'NO',0,0,0,533.085106382979,'0'),(586000947,'7807265004230',0,'CARTON PIEDRA PROARTE 3,5MM 55 * 77 CM ','CARTON PIEDRA PR',1,3,15,3,10,0,981,1470,49.85,'','2006-09-07','2006-09-07',0,15,12,0,0,0,0,30,32,0,0,1,'2016-07-14','92986000-4',0,2,0,0,0,5,1,0,1,1,'2017-04-11',1470,0,'NO',0,0,0,682,'0'),(586000948,'7807265982163',0,'PAPEL CELOFAN 90 * 100 TRANSPARENTE PROARTE ','PAPEL CELOFAN 90',1,4,100,3,19,0,172,260,51.16,'','2006-09-07','2006-09-07',0,25,12,0,0,0,0,150,120,0,0,1,'2016-07-14','92986000-4',0,2,0,0,0,5,1,0,1,1,'2017-05-13',260,0,'NO',0,0,0,142.636363636364,'0'),(586000949,'7807265031496',0,'CARTON PIEDRA PROARTE 3,0MM 55* 77CM ','CARTON PIEDRA PR',1,4,15,3,10,0,876,1400,59.82,'NO','2006-09-07','2006-09-07',0,6,3,0,0,0,0,30,44,0,0,1,'2016-07-14','92986000-4',0,1,0,0,0,5,1,0,1,1,'2017-04-17',1400,0,'NO',0,0,0,-8980,'0'),(586000950,'7807265982927',0,'CARTON PIEDRA PROARTE 1,2MM 77 * 110CM ','CARTON PIEDRA PR',1,4,25,3,10,0,741,1150,55.20,'','2006-09-07','2006-09-07',0,15,10,0,0,0,0,25,27,0,0,1,'2016-07-14','92986000-4',0,2,0,0,0,5,1,0,1,1,'2017-03-23',1150,0,'NO',0,0,0,-443,'0'),(586000951,'7807265980336',0,'CARTON PIEDRA PROARTE 1,5MM 38 * 55CM ','CARTON PIEDRA PR',1,4,25,3,10,0,215,350,62.79,'NO','2006-09-07','2006-09-07',0,25,15,0,0,0,0,100,121,0,0,1,'2016-07-14','92986000-4',0,1,0,0,0,5,1,0,1,1,'2017-05-16',350,0,'NO',0,0,0,129,'0'),(586000952,'7807265983757',0,'CARTULINA PINTADA PROARTE  54 * 75 AZUL CIELO ','CARTULINA PINTAD',1,4,50,3,10,0,122,190,55.74,'','2006-09-07','2006-09-07',0,50,25,0,0,0,0,150,139,0,0,1,'2016-04-25','92986000-4',0,2,0,0,0,5,1,0,1,1,'2017-05-16',190,0,'NO',0,0,0,118.5,'0'),(586000953,'7807265983764',0,'CARTULINA PINTADA PROARTE 54 * 75 AZUL','CARTULINA PINTAD',1,4,50,3,10,0,122,190,55.74,'','2006-09-07','2006-09-07',0,50,25,0,0,0,0,50,46,0,0,1,'2016-04-25','92986000-4',0,2,0,0,0,5,1,0,1,1,'2017-03-16',190,0,'NO',0,0,0,116.555555555556,'0'),(586000954,'7807265983788',0,'CARTULINA PINTADA PROARTE 54 * 75 CELESTE ','CARTULINA PINTAD',1,4,50,3,10,0,122,190,55.74,'','2006-09-07','2006-09-07',0,50,25,0,0,0,0,150,148,0,0,1,'2016-04-25','92986000-4',0,2,0,0,0,5,1,0,1,1,'2017-05-10',190,0,'NO',0,0,0,116.555555555556,'0'),(586000955,'7807265983771',0,'CARTULINA PINTADA PROARTE 54 * 75 CAFE ','CARTULINA PINTAD',1,4,50,3,10,0,122,190,55.74,'','2006-09-07','2006-09-07',0,50,25,0,0,0,0,150,60,0,0,1,'2016-04-25','92986000-4',0,2,0,0,0,5,1,0,1,1,'2017-05-09',190,0,'NO',0,0,0,120.310344827586,'0'),(586000956,'7807265981210',0,'CARTULINA METALICA PROARTE 50 * 65CM VERDE ','CARTULINA METALI',1,4,10,3,10,0,290,440,51.72,'','2006-09-07','2006-09-07',0,20,10,0,0,0,0,50,11,0,0,1,'2016-04-25','92986000-4',0,2,0,0,0,5,1,0,1,1,'2017-05-16',440,0,'NO',0,0,0,290,'0'),(586000957,'7807265983740',0,'CARTULINA PINTADA PROARTE 54 * 75 AMARILLO CLARO','CARTULINA PINTAD',1,4,50,3,10,0,122,190,55.74,'','2006-09-07','2006-09-07',0,50,25,0,0,0,0,150,152,0,0,1,'2016-04-25','92986000-4',0,2,0,0,0,5,1,0,1,1,'2017-03-07',190,0,'NO',0,0,0,117.739130434783,'0'),(586000958,'7807265983733',0,'CARTULINA PINTADA PROARTE 54 * 75 AMARILLO','CARTULINA PINTAD',1,4,50,3,10,0,122,190,55.74,'','2006-09-07','2006-09-07',0,50,25,0,0,0,0,150,145,0,0,1,'2016-04-25','92986000-4',0,2,0,0,0,5,1,0,1,1,'2017-04-11',190,0,'NO',0,0,0,119.958333333333,'0'),(586000959,'7807265983863',0,'CARTULINA PINTADA PROARTE 54 * 75 ROJA CARMIN','CARTULINA PINTAD',1,4,50,3,10,0,122,190,55.74,'','2006-09-07','2006-09-07',0,50,25,0,0,0,0,100,52,0,0,1,'2016-04-25','92986000-4',0,2,0,0,0,5,1,0,1,1,'2017-05-09',190,0,'NO',0,0,0,120.484536082474,'0'),(586000960,'7807265983856',0,'CARTULINA PINTADA PROARTE 54 * 75 ROJO BERMELLOM','CARTULINA PINTAD',1,4,50,3,10,0,122,190,55.74,'','2006-09-07','2006-09-07',0,50,25,0,0,0,0,50,38,0,0,1,'2016-04-25','92986000-4',0,2,0,0,0,5,1,0,1,1,'2017-04-24',190,0,'NO',0,0,0,108.179487179487,'0'),(586000961,'7807265983887',0,'CARTULINA PINTADA PROARTE 54 * 75 ROSADO','CARTULINA PINTAD',1,4,50,3,10,0,122,190,55.74,'','2006-09-07','2006-09-07',0,50,25,0,0,0,0,150,122,0,0,1,'2016-04-25','92986000-4',0,2,0,0,0,5,1,0,1,1,'2017-05-16',190,0,'NO',0,0,0,115.736842105263,'0'),(586000962,'7807265983870',0,'CARTULINA PINTADA PROARTE 54 * 75 ROJO CHILE ','CARTULINA PINTAD',1,4,0,3,10,0,122,190,55.74,'','2006-09-07','2006-09-07',0,50,25,0,0,0,0,150,131,0,0,1,'2016-04-25','92986000-4',0,2,0,0,0,5,1,0,1,1,'2017-05-15',190,0,'NO',0,0,0,8.28571428571429,'0'),(586000963,'7807265983818',0,'CARTULINA PINTADA PROARTE 54 *75 MAGENTA ','CARTULINA PINTAD',1,4,50,3,10,0,122,190,55.74,'','2006-09-07','2006-09-07',0,50,25,0,0,0,0,150,94,0,0,1,'2016-04-25','92986000-4',0,2,0,0,0,5,1,0,1,1,'2017-05-16',190,0,'NO',0,0,0,118.5,'0'),(586000964,'7807265983795',0,'CARTULINA PINTADA PROARTE 54 * 75 GRIS CLARO','CARTULINA PINTAD',1,4,50,3,10,0,122,190,55.74,'','2006-09-07','2006-09-07',0,50,25,0,0,0,0,100,40,0,0,1,'2016-04-25','92986000-4',0,2,0,0,0,5,1,0,1,1,'2017-05-08',190,0,'NO',0,0,0,121.505050505051,'0'),(586000965,'7807265983849',0,'CARTULINA PINTADA PROARTE 54 * 75 PIEL','CARTULINA PINTAD',1,4,50,3,10,0,122,190,55.74,'','2006-09-07','2006-09-07',0,50,25,0,0,0,0,150,54,0,0,1,'2016-04-25','92986000-4',0,2,0,0,0,5,1,0,1,1,'2017-05-08',190,0,'NO',0,0,0,120.657534246575,'0'),(586000966,'7807265983825',0,'CARTULINA PINTADA PROARTE 54 * 75 NARANJA ','CARTULINA PINTAD',1,4,50,3,10,0,122,190,55.74,'','2006-09-07','2006-09-07',0,50,25,0,0,0,0,150,82,0,0,1,'2016-04-25','92986000-4',0,2,0,0,0,5,1,0,1,1,'2017-05-13',190,0,'NO',0,0,0,119.958333333333,'0'),(586000967,'7807265981203',0,'CARTULINA METALICA PROARTE  50 * 65CM ROJA ','CARTULINA METALI',1,4,10,3,10,0,290,440,51.72,'','2006-09-07','2006-09-07',0,20,10,0,0,0,0,50,37,0,0,1,'2016-04-25','92986000-4',0,2,0,0,0,5,1,0,1,1,'2017-05-09',440,0,'NO',0,0,0,285.166666666667,'0'),(586000968,'7807265011801',0,'CARTON MICROCORRUGADO PROARTE  50 * 70 VIOLETA ','CARTON MICROCORR',1,6,100,3,10,0,317,480,51.42,'','2006-09-07','2006-09-07',0,50,25,0,0,0,0,150,15,0,0,1,'2016-04-25','92986000-4',0,2,0,0,0,5,10,0,1,1,'2017-02-23',480,0,'NO',0,0,0,313.520547945205,'0'),(586000969,'7807265011832',0,'CARTON MICROCORRUGADO PROARTE 50 * 70 VERDE OSCURO','CARTON MICROCORR',1,6,100,3,10,0,317,480,51.42,'','2006-09-07','2006-09-07',0,50,25,0,0,0,0,150,1,0,0,1,'2016-04-25','92986000-4',0,2,0,0,0,5,10,0,1,1,'2017-01-31',480,0,'NO',0,0,0,317,'0'),(586000970,'7807265031939',0,'CARTULINA FLUORESC.PROARTE AZUL','CARTULINA FLUORE',1,4,100,3,10,0,232,350,50.86,'NO','2006-09-07','2006-09-07',0,50,25,0,0,0,0,200,47,0,0,1,'2016-04-25','92986000-4',0,1,0,0,0,5,1,0,1,1,'2017-05-10',350,0,'NO',0,0,0,231.537688442211,'0'),(586000971,'7807265031946',0,'CARTULINA FLUORESC.PROARTE  AMARILLO','CARTULINA FLUORE',1,4,100,3,10,0,232,350,50.86,'NO','2006-09-07','2006-09-07',0,50,25,0,0,0,0,200,80,0,0,1,'2016-04-25','92986000-4',0,1,0,0,0,5,1,0,1,1,'2017-05-10',350,0,'NO',0,0,0,227.664921465969,'0'),(586000972,'7807265011580',0,'CARTON MICROCORRUGADO PROARTE 50 * 70 ROSADO','CARTON MICROCORR',1,6,100,3,10,0,317,480,51.42,'','2006-09-07','2006-09-07',0,50,25,0,0,0,0,150,18,0,0,1,'2016-04-25','92986000-4',0,2,0,0,0,5,10,0,1,1,'2017-04-20',480,0,'NO',0,0,0,312.620689655172,'0'),(586000973,'7807265011764',0,'CARTON MICROCORRUGADO PROARTE 50 * 70 ROJO','CARTON MICROCORR',1,6,100,3,10,0,317,480,51.42,'','2006-09-07','2006-09-07',0,50,25,0,0,0,0,150,12,0,0,1,'2016-04-25','92986000-4',0,2,0,0,0,5,10,0,1,1,'2016-10-19',480,0,'NO',0,0,0,316.147651006711,'0'),(586000974,'7807265011825',0,'CARTON MICROCORRUGADO PROARTE 50 * 70 VERDE CLARO','CARTON MICROCORR',1,6,100,3,10,0,317,480,51.42,'','2006-09-07','2006-09-07',0,50,25,0,0,0,0,150,18,0,0,1,'2016-04-25','92986000-4',0,2,0,0,0,5,10,0,1,1,'2017-03-24',480,0,'NO',0,0,0,316.147651006711,'0'),(586000975,'7807265011818',0,'CARTON MICROCORRUGADO PROARTE 50 * 70 TURQUESA','CARTON MICROCORR',1,6,100,3,10,0,317,480,51.42,'','2006-09-07','2006-09-07',0,50,25,0,0,0,0,150,10,0,0,1,'2016-04-25','92986000-4',0,2,0,0,0,5,10,0,1,1,'2017-04-18',480,0,'NO',0,0,0,316.147651006711,'0'),(586000976,'7807265981173',0,'CARTULINA METALICA PROARTE 50 * 65CM DORADA','CARTULINA METALI',1,4,10,3,10,0,313,510,62.94,'NO','2006-09-07','2006-09-07',0,6,3,0,0,0,0,50,62,0,0,1,'2016-04-25','92986000-4',0,1,0,0,0,5,1,0,1,1,'2017-05-09',510,0,'NO',0,0,0,271.116279069767,'0'),(586000977,'7807265031960',0,'CARTULINA FLUORESC.PROARTE ROJO','CARTULINA FLUORE',1,4,100,3,10,0,232,350,50.86,'NO','2006-09-07','2006-09-07',0,50,25,0,0,0,0,200,9,0,0,1,'2016-04-25','92986000-4',0,1,0,0,0,5,1,0,1,1,'2017-03-13',350,0,'NO',0,0,0,231.537688442211,'0'),(586000978,'7807265032028',0,'CARTULINA FLUORESCENTE PROARTE NARANJA','CARTULINA FLUORE',1,4,50,3,10,0,232,350,50.86,'NO','2006-09-07','2006-09-07',0,50,25,0,0,0,0,200,41,0,0,1,'2016-04-25','92986000-4',0,1,0,0,0,5,1,0,1,1,'2017-05-13',350,0,'NO',0,0,0,231.070707070707,'0'),(586000979,'7807265981159',0,'CARTULINA METALICA PROARTE 50 * 65CM AZUL','CARTULINA METALI',1,4,10,3,10,0,290,440,51.72,'','2006-09-07','2006-09-07',0,50,25,0,0,0,0,50,22,0,0,1,'2016-04-25','92986000-4',0,2,0,0,0,5,1,0,1,1,'2017-05-05',440,0,'NO',0,0,0,287.632653061225,'0'),(586000980,'7807265031953',0,'CARTULINA FLUORESC.PROARTE ROSADA ','CARTULINA FLUORE',1,4,100,3,10,0,232,350,50.86,'NO','2006-09-07','2006-09-07',0,50,25,0,0,0,0,200,57,0,0,1,'2016-04-25','92986000-4',0,1,0,0,0,5,1,0,1,1,'2017-05-10',350,0,'NO',0,0,0,229.154639175258,'0'),(586000981,'7807265000089',0,'EST.CARTULINA ESPAÑOLA 10 COLORES PROARTE 24,8 * 34,6CM','EST.CARTULINA ES',1,6,12,3,10,0,825,1250,51.52,'','2006-09-07','2006-09-07',0,24,12,0,0,0,0,72,72,0,0,1,'2016-08-10','92986000-4',0,2,0,0,0,5,1,0,1,1,'2017-04-27',1250,0,'NO',0,0,0,499,'0'),(586000982,'7807265983108',0,'EST.CARTON MICROCORRUGADO 6 COLORES 6 HOJAS PROARTE ','EST.CARTON MICRO',1,6,12,3,10,0,753,1130,50.07,'','2006-09-07','2006-09-07',0,48,12,0,0,0,0,72,10,0,0,1,'2016-08-10','92986000-4',0,2,0,0,0,5,1,0,1,1,'2017-02-25',1130,0,'NO',0,0,0,725.636363636364,'0'),(586000983,'7807265071881',0,'TEMPERA SOLIDA PROARTE 6 COLORES ','TEMPERA SOLIDA P',1,6,12,3,6,0,1422,1990,39.94,'NO','2006-09-07','2006-09-07',0,18,10,0,0,0,0,18,7,0,0,1,'2016-08-10','92986000-4',0,1,0,0,0,5,1,0,1,1,'2017-03-09',1990,0,'NO',0,0,0,1308.4,'0'),(586000984,'7807265065590',0,'TEMPERA PROARTE DEDOS 6 COLORES FRASCO 35CC','TEMPERA PROARTE ',1,6,12,3,6,0,1508,1990,31.96,'NO','2006-09-07','2006-09-07',0,18,12,0,0,0,0,18,4,0,0,1,'2016-08-10','92986000-4',0,1,0,0,0,5,1,0,1,1,'2016-10-15',1990,0,'NO',0,0,0,1472.58823529412,'0'),(586000985,'7807265071898',0,'TEMPERA PROARTE SOLIDA NEON 6 COLORES ','TEMPERA PROARTE ',1,6,12,3,6,0,1422,1990,39.94,'NO','2006-09-07','2006-09-07',0,12,6,0,0,0,0,18,16,0,0,1,'2016-08-10','92986000-4',0,1,0,0,0,5,1,0,1,1,'2017-05-05',1990,0,'NO',0,0,0,712,'0'),(586000986,'7807265071904',0,'TEMPERA PROARTE SOLIDA METALICO 6 COLORES ','TEMPERA PROARTE ',1,6,12,3,6,0,1422,1990,39.94,'NO','2006-09-07','2006-09-07',0,12,6,0,0,0,0,18,2,0,0,1,'2016-08-10','92986000-4',0,1,0,0,0,5,6,0,1,1,'2016-10-15',1990,0,'NO',0,0,0,1422,'0'),(586000987,'7807265065576',0,'TEMPERA PROARTE FLÚOR 6 COLORES FRASCO','TEMPERA PROARTE ',1,6,12,3,6,0,1305,1960,50.19,'','2006-09-07','2006-09-07',0,12,6,0,0,0,0,36,5,0,0,1,'2016-08-10','92986000-4',0,2,0,0,0,5,6,0,1,1,'2017-05-15',1960,0,'NO',0,0,0,1290.11428571429,'0'),(586000988,'7807265000003',0,'TEMPERA ISOFIT 6 COLORES FRASCO 15CC','TEMPERA ISOFIT 6',1,6,12,3,6,0,262,390,48.85,'','2006-09-07','2006-09-07',0,12,6,0,0,0,0,45,21,0,0,1,'2016-08-10','92986000-4',0,2,0,0,0,6,6,0,1,1,'2016-10-08',390,0,'NO',0,0,0,185.269230769231,'0'),(586000989,'7807265065583',0,'TEMPERA PROARTE GLITTER 6 COLORES FRASCO','TEMPERA PROARTE ',1,6,12,3,6,0,1220,1830,50.00,'','2006-09-07','2006-09-07',0,12,6,0,0,0,0,36,15,0,0,1,'2016-08-10','92986000-4',0,2,0,0,0,5,6,0,1,1,'2017-05-08',1830,0,'NO',0,0,0,1102.44827586207,'0'),(586000990,'7807265055782',0,'TEMPERA PROARTE METALICA 6 COLORES FRASCO','TEMPERA PROARTE ',1,6,12,3,6,0,1039,1560,50.14,'','2006-09-07','2006-09-07',0,12,6,0,0,0,0,45,15,0,0,1,'2016-08-10','92986000-4',0,2,0,0,0,5,6,0,1,1,'2017-05-16',1560,0,'NO',0,0,0,920.428571428571,'0'),(586000991,'7807265000126',0,'EST.PAPEL ENTRETENIDO PROARTE 9HJS 18 DISEÑOS ','EST.PAPEL ENTRET',1,6,144,3,19,0,726,1090,50.14,'','2006-09-07','2006-09-07',0,50,25,0,0,0,0,144,45,0,0,1,'2016-08-10','92986000-4',0,2,0,0,0,5,1,0,1,1,'2017-05-08',1090,0,'NO',0,0,0,687.181102362205,'0'),(586000992,'7807265011108',0,'EST.PAPEL LUSTRE PROARTE 20HOJAS 15 COLORES SURT','EST.PAPEL LUSTRE',1,6,24,3,19,0,596,890,49.33,'','2006-09-07','2006-09-07',0,24,12,0,0,0,0,72,45,0,0,1,'2016-08-10','92986000-4',0,2,0,0,0,5,15,0,1,1,'2017-04-04',890,0,'NO',0,0,0,484.285714285714,'0'),(586000993,'7807265991417',0,'EST.PAPEL DIAMAMTE PROARTE 99/95 6 HJS ','EST.PAPEL DIAMAM',1,6,24,3,19,0,633,950,50.08,'','2006-09-07','2006-09-07',0,24,12,0,0,0,0,24,1,0,0,1,'2016-08-10','92986000-4',0,2,0,0,0,5,1,0,1,1,'2016-03-05',950,0,'NO',0,0,0,622,'0'),(586000994,'7807265000072',0,'EST.PAPEL CELOFAN PROARTE 14HJS 6 COLORES SURT.','EST.PAPEL CELOFA',1,6,24,3,19,0,561,840,49.73,'','2006-09-07','2006-09-07',0,24,12,0,0,0,0,24,2,0,0,1,'2016-08-10','92986000-4',0,2,0,0,0,5,1,0,1,1,'2017-04-03',840,0,'NO',0,0,0,561,'0'),(586000995,'7807265003325',0,'EST.PAPEL CREPE PROARTE 6HJS. 6 COLORES 50*100','EST.PAPEL CREPE ',1,6,24,3,19,0,652,980,50.31,'','2006-09-07','2006-09-07',0,24,12,0,0,0,0,72,2,0,0,1,'2016-08-10','92986000-4',0,2,0,0,0,5,1,0,1,1,'2016-04-18',980,0,'NO',0,0,0,644.571428571429,'0'),(586000996,'7807265059629',0,'PORTA CLIP ISOFIT 80*38 ','PORTA CLIP ISOFI',1,6,12,3,5,0,581,630,8.43,'','2006-09-07','2006-09-07',0,12,6,0,0,0,0,0,3,0,0,1,'2014-01-01',NULL,0,2,0,0,0,6,1,0,1,1,'2017-05-04',630,0,'NO',0,0,0,581,'0'),(586000997,'7807265059636',0,'PORTA LAPICES ISOFIT 80*98MM','PORTA LAPICES IS',1,6,12,3,23,0,663,710,7.09,'','2006-09-07','2006-09-07',0,12,6,0,0,0,0,0,5,0,0,1,'2014-01-01',NULL,0,2,0,0,0,6,1,0,1,1,'2017-03-18',710,0,'NO',0,0,0,663,'0'),(586000998,'7807265059605',0,'BANDEJA PORTA DOC. ISOFIT 2 COMPARTIMENTOS 350*300*185NMM','BANDEJA PORTA DO',1,6,12,3,23,0,5552,5950,7.17,'','2006-09-07','2006-09-07',0,12,60,0,0,0,0,0,6,0,0,1,'2014-01-01',NULL,0,2,0,0,0,6,1,0,1,1,'2016-08-05',5950,0,'NO',0,0,0,5552,'0'),(586000999,'7807265986376',0,'ISOFIT DESTACADOR ORIGINAL TB VERDE','DESTACADOR ORIGI',1,6,12,3,21,0,279,490,75.63,'NO','2006-09-07','2006-09-07',0,6,3,0,0,0,0,0,82,0,0,1,'2014-01-01',NULL,0,1,0,0,0,6,12,0,1,1,'2017-04-29',490,0,'NO',0,0,0,352,'0'),(586001000,'7807265981166',0,'CARTULINA METALICA PROARTE 50*65CM COBRE ','CARTULINA METALI',1,4,10,3,10,0,290,440,51.72,'','2006-09-07','2006-09-07',0,30,10,0,0,0,0,50,3,0,0,1,'2016-04-25','92986000-4',0,2,0,0,0,5,1,0,1,1,'2017-05-08',440,0,'NO',0,0,0,290,'0'),(586001001,'7807265981197',0,'CARTULINA METALICA PROARTE 50*65CM PLATEADA ','CARTULINA METALI',1,4,10,3,10,0,313,510,62.94,'NO','2006-09-07','2006-09-07',0,6,3,0,0,0,0,50,56,0,0,1,'2016-04-25','92986000-4',0,1,0,0,0,5,1,0,1,1,'2017-05-05',510,0,'NO',0,0,0,287.632653061225,'0'),(586001002,'7807265981180',0,'CARTULINA METALICA PROARTE 50*65CM FUCSIA ','CARTULINA METALI',1,4,10,3,10,0,290,440,51.72,'','2006-09-07','2006-09-07',0,30,10,0,0,0,0,50,19,0,0,1,'2016-04-25','92986000-4',0,2,0,0,0,5,1,0,1,1,'2017-05-08',440,0,'NO',0,0,0,290,'0'),(586001003,'7807265982217',0,'PAPEL CELOFAN PROARTE 90*100 VERDE ','PAPEL CELOFAN PR',1,4,100,3,19,0,172,260,51.16,'','2006-09-07','2006-09-07',0,50,25,0,0,0,0,150,12,0,0,1,'2016-07-14','92986000-4',0,2,0,0,0,5,1,0,1,1,'2017-04-07',260,0,'NO',0,0,0,169.620689655172,'0'),(586001004,'7807265986307',0,'ISOFIT DESTACADOR FORMA LAPIZ NARANJO ','DESTACADOR FORMA',1,6,144,3,7,0,145,250,72.41,'NO','2006-09-07','2006-09-07',0,12,6,0,0,0,0,144,157,0,0,1,'2016-07-14','92986000-4',0,1,0,0,0,6,12,0,1,1,'2017-04-27',250,0,'NO',0,0,0,81.24,'0'),(586001005,'7807265986321',0,'ISOFIT DESTACADOR FORMA LAPIZ VERDE ','DESTACADOR FORMA',1,6,144,3,7,0,145,250,72.41,'NO','2006-09-07','2006-09-07',0,12,6,0,0,0,0,144,191,0,0,1,'2016-07-14','92986000-4',0,1,0,0,0,6,12,0,1,1,'2017-04-26',250,0,'NO',0,0,0,71.2388059701493,'0'),(586001006,'7807265975196',0,'CARPETA ISOFIT MT 40 FUNDAS  CARTA NEGRO ','CARPETA ISOFIT M',1,6,24,3,17,0,2025,2190,8.15,'','2006-09-07','2006-09-07',0,12,6,0,0,0,0,0,12,0,0,1,'2014-01-01',NULL,0,2,0,0,0,6,1,0,1,1,'2016-05-06',2190,0,'NO',0,0,0,2025,'0'),(586001007,'7807265055133',0,'CARPETA CLIP ISOFIT F-20 CARTA AZUL','CARPETA CLIP ISO',1,6,12,3,17,0,395,420,6.33,'','2006-09-07','2006-09-07',0,12,6,0,0,0,0,0,3,0,0,1,'2014-01-01',NULL,0,2,0,0,0,6,1,0,1,1,'2016-08-08',420,0,'NO',0,0,0,395,'0'),(586001008,'7807265055119',0,'CARPETA CLIP ISOFIT F-20 CARTA NEGRO ','CARPETA CLIP ISO',1,6,12,3,17,0,376,420,11.70,'','2006-09-07','2006-09-07',0,12,6,0,0,0,0,0,6,0,0,1,'2014-01-01',NULL,0,2,0,0,0,6,1,0,1,1,'2017-03-13',420,0,'NO',0,0,0,376,'0'),(586001009,'7807265059483',0,'BASURERO 195*240*348 MM ISOFIT ','BASURERO 195*240',1,6,12,3,23,0,3871,4150,7.21,'','2006-09-07','2006-09-07',0,12,6,0,0,0,0,0,5,0,0,1,'2014-01-01',NULL,0,2,0,0,0,6,1,0,1,1,'2017-03-01',4150,0,'NO',0,0,0,3871,'0'),(586001010,'7807265975103',0,'CARPETA ISOFIT MT 10 FUNDAS CARTA NEGRO','CARPETA ISOFIT M',1,6,12,3,17,0,957,1030,7.63,'','2006-09-07','2006-09-07',0,12,6,0,0,0,0,0,20,0,0,1,'2014-01-01',NULL,0,2,0,0,0,6,1,0,1,1,'2017-02-27',1030,0,'NO',0,0,0,957,'0'),(586001011,'7807265050398',0,'BANDERA SEPARADORA DE PAGINAS ISOFIT 4 COLORES ','BANDERA SEPARADO',1,4,12,3,23,0,1802,1930,7.10,'NO','2006-09-07','2006-09-07',0,24,12,0,0,0,0,0,17,0,0,1,'2014-01-01',NULL,0,1,0,0,0,6,1,0,1,1,'2017-04-21',1930,0,'NO',0,0,0,1802,'0'),(586001012,'7807265002694',0,'TABLA DE MADERA ISOFIT OF.CON APRE.DOBLE CLIP','TABLA DE MADERA ',1,6,96,3,23,0,1876,2010,7.14,'','2006-09-07','2006-09-07',0,24,12,0,0,0,0,0,30,0,0,1,'2014-01-01',NULL,0,2,0,0,0,6,1,0,1,1,'2017-05-13',2010,0,'NO',0,0,0,1876,'0'),(586001013,'7807265008153',0,'CAJA DE SEGURIDAD ISOFIT 152*118*80MM 2 LLAVES ','CAJA DE SEGURIDA',1,6,2,3,23,0,4592,7350,60.06,'NO','2006-09-07','2006-09-07',0,2,1,0,0,0,0,0,1,0,0,1,'2014-01-01',NULL,0,1,0,0,0,6,1,0,1,1,'2016-03-03',7350,0,'NO',0,0,0,6005,'0'),(586001014,'7807265050411',0,'BLISTER BLOCK 2 MEMOSTICK 38*51 3 COLORES NEON','BLISTER BLOCK 2 ',1,6,12,3,23,0,570,610,7.02,'','2006-09-07','2006-09-07',0,24,12,0,0,0,0,0,42,0,0,1,'2014-01-01',NULL,0,2,0,0,0,6,1,0,1,1,'2017-05-15',610,0,'NO',0,0,0,570,'0'),(586001015,'7807265050404',0,'BLISTER BLOCK MEMO STICK 75*75 5 COLORES NEON ','BLISTER BLOCK ME',1,6,12,3,23,0,1205,1290,7.05,'','2006-09-07','2006-09-07',0,24,12,0,0,0,0,0,50,0,0,1,'2014-01-01',NULL,0,2,0,0,0,6,1,0,1,1,'2017-05-08',1290,0,'NO',0,0,0,1205,'0'),(586001016,'7807265050381',0,'BLISTER BANDERA RESALTADORA DE TEXTO 5 COLORES ISOFIT ','BLISTER BANDERA ',1,6,24,3,23,0,1168,1250,7.02,'','2006-09-07','2006-09-07',0,24,12,0,0,0,0,0,22,0,0,1,'2014-01-01',NULL,0,2,0,0,0,6,1,0,1,1,'2017-02-27',1250,0,'NO',0,0,0,1168,'0'),(586001017,'7807265984204',0,'ISOFIT DESTACADOR ORIGINAL TB CELESTE ','DESTACADOR ORIGI',1,6,144,3,21,0,279,490,75.63,'NO','2006-09-07','2006-09-07',0,6,3,0,0,0,0,144,70,0,0,1,'2016-07-14','92986000-4',0,1,0,0,0,6,12,0,1,1,'2017-05-08',490,0,'NO',0,0,0,206.545454545455,'0'),(586001018,'7807265986352',0,'ISOFIT DESTACADOR ORIGINAL TB NARANJO','DESTACADOR ORIGI',1,6,144,3,21,0,279,490,75.63,'NO','2006-09-07','2006-09-07',0,6,3,0,0,0,0,0,79,0,0,1,'2014-01-01',NULL,0,1,0,0,0,6,12,0,1,1,'2017-04-08',490,0,'NO',0,0,0,352,'0'),(586001019,'7807265986369',0,'ISOFIT DESTACADOR ORIGINAL TB ROSADO','DESTACADOR ORIGI',1,6,144,3,21,0,279,490,75.63,'NO','2006-09-07','2006-09-07',0,6,3,0,0,0,0,144,103,0,0,1,'2016-07-14','92986000-4',0,1,0,0,0,6,12,0,1,1,'2017-05-12',490,0,'NO',0,0,0,164.987012987013,'0'),(586001020,'7807265986406',0,'ISOFIT DESTACADOR TRANSPARENTE NARANJO','DESTACADOR TRANS',1,6,144,3,21,0,318,510,60.38,'NO','2006-09-07','2006-09-07',0,6,3,0,0,0,0,0,53,0,0,1,'2014-01-01',NULL,0,1,0,0,0,6,12,0,1,1,'2017-05-10',510,0,'NO',0,0,0,401,'0'),(586001021,'7807265986413',0,'ISOFIT DESTACADOR TRANSPARENTE ROSADO','DESTACADOR TRANS',1,6,144,3,21,0,318,510,60.38,'NO','2006-09-07','2006-09-07',0,6,3,0,0,0,0,0,64,0,0,1,'2014-01-01',NULL,0,1,0,0,0,6,12,0,1,1,'2017-05-02',510,0,'NO',0,0,0,401,'0'),(586001022,'7807265986338',0,'ISOFIT DESTACADOR ORIGINAL TB AMARILLO','DESTACADOR ORIGI',1,6,144,3,21,0,279,490,75.63,'NO','2006-09-07','2006-09-07',0,6,3,0,0,0,0,144,135,0,0,1,'2016-07-14','92986000-4',0,1,0,0,0,6,12,0,1,1,'2017-05-12',490,0,'NO',0,0,0,69.6470588235294,'0'),(586001023,'7807265003318',0,'EST. PAPEL VOLANTIN PROARTE 9HJS 6COLORES 55*76','EST. PAPEL VOLAN',1,6,144,3,19,0,670,990,47.76,'','2006-09-07','2006-09-07',0,24,12,0,0,0,0,72,11,0,0,1,'2016-08-10','92986000-4',0,2,0,0,0,5,1,0,1,1,'2017-03-15',990,0,'NO',0,0,0,666.239436619718,'0'),(586001024,'7807265980251',0,'EST. GOMA EVA PROARTE  6 COLORES 6 HOJAS 20*30 ','EST. GOMA EVA PR',1,6,24,3,12,0,695,1100,58.27,'NO','2006-09-07','2006-09-07',0,24,12,0,0,0,0,120,77,0,0,1,'2016-08-10','92986000-4',0,1,0,0,0,5,1,0,1,1,'2017-05-10',1100,0,'NO',0,0,0,624.236363636364,'0'),(586001025,'7807265029417',0,'EST. CARTULINA PINTADA PROARTE 18HJS 17 COLORES SURT. ','EST. CARTULINA P',1,6,144,3,10,0,653,1100,68.45,'NO','2006-09-07','2006-09-07',0,6,3,0,0,0,0,144,163,0,0,1,'2016-08-10','92986000-4',0,1,0,0,0,5,1,0,1,1,'2017-05-13',1100,0,'NO',0,0,0,467.241379310345,'0'),(586001026,'7807265021671',0,'ISOFIT MINAS 05 MM HB','ISOFIT MINAS 05 ',1,6,144,3,25,0,76,150,97.37,'NO','2006-09-07','2006-09-07',0,6,3,0,0,0,0,144,218,0,0,1,'2016-08-10','92986000-4',0,1,0,0,0,6,1,0,1,1,'2017-05-12',150,0,'NO',0,0,0,2.88372093023256,'0'),(586001027,'7807265021701',0,'ISOFIT MINAS 07 MM HB ','ISOFIT MINAS 07 ',1,6,144,3,25,0,105,190,80.95,'NO','2006-09-07','2006-09-07',0,6,3,0,0,0,0,144,250,0,0,1,'2016-08-10','92986000-4',0,1,0,0,0,6,1,0,1,1,'2017-05-15',190,0,'NO',0,0,0,30.3207547169811,'0'),(586001028,'7807265024184',0,'PORTAMINAS ISOFIT 2007 MINA 0.7','PORTAMINAS ISOFI',1,6,144,3,7,0,580,890,53.45,'','2006-09-07','2006-09-07',0,48,12,0,0,0,0,60,54,0,0,1,'2016-08-10','92986000-4',0,2,0,0,0,6,1,0,1,1,'2017-05-05',890,0,'NO',0,0,0,390.181818181818,'0'),(586001029,'7807265024207',0,'PORTAMINAS ISOFIT 2009 MINA 0.9','PORTAMINAS ISOFI',1,6,144,3,7,0,580,890,53.45,'','2006-09-07','2006-09-07',0,48,12,0,0,0,0,60,23,0,0,1,'2016-08-10','92986000-4',0,2,0,0,0,6,1,0,1,1,'2017-05-04',890,0,'NO',0,0,0,539.058823529412,'0'),(586001030,'7807265021725',0,'ISOFIT MINAS 09 MM HB ','ISOFIT MINA 09 M',1,6,144,3,7,0,124,210,69.35,'NO','2006-09-07','2006-09-07',0,6,3,0,0,0,0,144,85,0,0,1,'2016-08-10','92986000-4',0,1,0,0,0,6,1,0,1,1,'2017-04-29',210,0,'NO',0,0,0,91,'0'),(586001031,'7807265980350',0,'ROLLO FORRO AUTEADHESIVO 0.45 * 1.50 TRANSPARENTE PROARTE ','ROLLO FORRO AUTE',1,6,30,3,14,0,673,1000,48.59,'','2006-09-07','2006-09-07',0,30,15,0,0,0,0,60,56,0,0,1,'2016-08-10','92986000-4',0,2,0,0,0,5,1,0,1,1,'2017-05-06',1000,0,'NO',0,0,0,240.260869565217,'0'),(586001032,'7807265973970',0,'CUADERNO PROARTE DOBLEZ LISO 40HOJAS 7MM','CUADERNO PROARTE',1,6,48,3,3,0,188,340,80.85,'NO','2006-09-07','2006-09-07',0,20,12,0,0,0,0,300,174,0,0,1,'2016-08-10','92986000-4',0,1,0,0,0,5,1,0,1,1,'2017-03-06',340,0,'NO',0,0,0,138.690607734807,'0'),(586001033,'7807265980343',0,'ROLLO FORRO AUTOADHESIVO 0.33*1.50 TRANSPARENTE PROARTE ','ROLLO FORRO AUTO',1,6,30,3,14,0,490,740,51.02,'','2006-09-07','2006-09-07',0,48,12,0,0,0,0,30,30,0,0,1,'2016-08-10','92986000-4',0,2,0,0,0,5,1,0,1,1,'2017-05-16',740,0,'NO',0,0,0,319.375,'0'),(586001034,'7807265024153',0,'PORTAMINAS ISOFIT 2005 MINA 0.5','PORTAMINAS ISOFI',1,6,24,3,25,0,580,890,53.45,'','2006-09-07','2006-09-07',0,48,12,0,0,0,0,60,17,0,0,1,'2016-08-10','92986000-4',0,2,0,0,0,6,1,0,1,1,'2017-03-29',890,0,'NO',0,0,0,533.6,'0'),(586001035,'7807265980237',0,'BLOCK PARA CROQUIS PROARTE  22*27CMS 10HOJAS ','BLOCK PARA CROQU',1,6,24,3,11,0,1372,2060,50.15,'','2006-09-07','2006-09-07',0,48,12,0,0,0,0,60,59,0,0,1,'2016-08-10','92986000-4',0,2,0,0,0,5,1,0,1,1,'2017-03-07',2060,0,'NO',0,0,0,-11.5882352941176,'0'),(586001036,'7807265983078',0,'BLOCK PARA CROQUIS PROARTE 22*32 CM 100HJS ','BLOCK PARA CROQU',1,6,48,3,3,0,1530,2290,49.67,'','2006-09-07','2006-09-07',0,24,12,0,0,0,0,60,61,0,0,1,'2016-08-10','92986000-4',0,2,0,0,0,5,1,0,1,1,'2017-04-24',2290,0,'NO',0,0,0,1268.14285714286,'0'),(586001037,'7807265983047',0,'BLOCK PARA CROQUIS PROARTE 90 * 13CM 100HJS ','BLOCK PARA CROQU',1,6,48,3,11,0,457,690,50.98,'','2006-09-07','2006-09-07',0,24,12,0,0,0,0,40,49,0,0,1,'2016-08-10','92986000-4',0,2,0,0,0,5,1,0,1,1,'2017-05-13',690,0,'NO',0,0,0,182.5,'0'),(586001038,'7807265980213',0,'BLOCK PARA CROQUIS PROARTE  13 * 19CM 100HOJAS ','BLOCK PARA CROQU',1,6,48,3,11,0,705,1060,50.35,'','2006-09-07','2006-09-07',0,48,12,0,0,0,0,40,35,0,0,1,'2016-08-10','92986000-4',0,2,0,0,0,5,1,0,1,1,'2017-05-13',1060,0,'NO',0,0,0,569.703703703704,'0'),(586001039,'7807265980244',0,'BLOCK PARA CROQUIS PROARTE 27 * 38CM 100HOJAS','BLOCK PARA CROQU',1,6,48,3,11,0,2221,3330,49.93,'','2006-09-07','2006-09-07',0,24,12,0,0,0,0,40,10,0,0,1,'2016-08-10','92986000-4',0,2,0,0,0,5,1,0,1,1,'2017-05-13',3330,0,'NO',0,0,0,2174.36842105263,'0'),(586001040,'7807265024948',0,'PORTAMINAS ISOFIT 5000 MINA 0.7','PORTAMINAS ISOFI',1,6,24,3,7,0,533,800,50.09,'','2006-09-07','2006-09-07',0,24,12,0,0,0,0,96,59,0,0,1,'2016-08-10','92986000-4',0,2,0,0,0,6,1,0,1,1,'2017-03-31',800,0,'NO',0,0,0,436.181818181818,'0'),(586001041,'7807265024986',0,'PORTAMINAS ISOFIT 5000 MINA 0.9','PORTAMINAS ISOFI',1,6,24,3,7,0,533,800,50.09,'','2006-09-07','2006-09-07',0,48,12,0,0,0,0,36,0,0,0,1,'2016-08-10','92986000-4',0,2,0,0,0,6,1,0,1,1,'2014-01-01',800,0,'NO',0,0,0,533,'0'),(586001042,'7807265066030',0,'BLOCK PARA CROQUIS PROARTE DOBLE FAZ 22 * 27CM ','BLOCK PARA CROQU',1,6,48,3,11,0,1404,2100,49.57,'','2006-09-07','2006-09-07',0,48,12,0,0,0,0,60,60,0,0,1,'2016-08-10','92986000-4',0,2,0,0,0,5,1,0,1,1,'2017-03-23',2100,0,'NO',0,0,0,764,'0'),(586001043,'7807265024917',0,'PORTAMINAS ISOFIT 5000 MINA 0.5','PORTAMINAS ISOFI',1,6,24,3,7,0,533,890,66.98,'NO','2006-09-07','2006-09-07',0,24,12,0,0,0,0,96,51,0,0,1,'2016-08-10','92986000-4',0,1,0,0,0,6,1,0,1,1,'2017-05-10',890,0,'NO',0,0,0,462,'0'),(586001044,'7807265012228',0,'FUNDA TRANSPARENTE OFICIO ISOFIT BORDE AZUL','FUNDA TRANSPAREN',1,6,100,3,26,0,24,50,108.33,'NO','2006-09-07','2006-09-07',0,48,12,0,0,0,0,100,245,0,0,1,'2016-08-10','92986000-4',0,1,0,0,0,6,1,0,1,1,'2017-03-13',50,0,'NO',0,0,0,24,'0'),(586001045,'7807265064302',0,'ISOFIT DISPENSADOR CINTA ADHESIVA CH 119*50*54','DISPENSADOR CINT',1,6,12,3,23,0,602,990,64.45,'NO','2006-09-07','2006-09-07',0,6,3,0,0,0,0,6,10,0,0,1,'2016-08-10','92986000-4',0,1,0,0,0,6,1,0,1,1,'2017-04-26',990,0,'NO',0,0,0,111,'0'),(586001046,'7807265054174',0,'ISOFIT ARCHIVADOR OFICIO LOMO ANCHO AMARILLO','ARCHIVADOR ISOFI',1,6,40,3,9,0,993,1690,70.19,'NO','2006-09-07','2006-09-07',0,6,3,0,0,0,0,20,32,0,0,1,'2016-08-10','92986000-4',0,1,0,0,0,6,1,0,1,1,'2017-04-11',1690,0,'NO',0,0,0,-2571,'0'),(586001047,'7807265012204',0,'FUNDA TRANSPARENTE CARTA ISOFIT BORDE NEGRO','FUNDA TRANSPAREN',1,4,100,3,26,0,22,50,127.27,'','2006-09-07','2006-09-07',0,50,20,0,0,0,0,100,320,0,0,1,'2016-08-10','92986000-4',0,2,0,0,0,6,1,0,1,1,'2017-03-14',50,0,'NO',0,0,0,22,'0'),(586001048,'7807265049118',0,'FOLEADOR  ISOFIT DEC10 CIFRAS ','FOLEADOR  ISOFIT',1,6,4,3,23,0,12372,18560,50.02,'','2006-09-07','2006-09-07',0,8,4,0,0,0,0,2,1,0,0,1,'2016-08-10','92986000-4',0,2,0,0,0,6,1,0,1,1,'2017-03-15',18560,0,'NO',0,0,0,12372,'0'),(586001049,'7807265060229',0,'ISODATA CALCULADORA  CIENTIFICA 240 FUNCIONES CC-240','ISODATA CALCULAD',1,6,8,3,42,0,3226,5200,61.19,'NO','2006-09-07','2006-09-07',0,10,5,0,0,0,0,14,14,0,0,1,'2016-08-10','92986000-4',0,1,0,0,0,21,1,0,1,1,'2017-03-10',5200,0,'NO',0,0,0,3226,'0'),(586001050,'7807265064326',0,'DISPENSADOR CINTA ADHESIVA GDE 160*83*97','DISPENSADOR CINT',1,6,12,3,23,0,1382,2080,50.51,'','2006-09-07','2006-09-07',0,8,4,0,0,0,0,6,2,0,0,1,'2016-08-10','92986000-4',0,2,0,0,0,6,1,0,1,1,'2016-06-07',2080,0,'NO',0,0,0,1106,'0'),(586001051,'7807265037689',0,'CARPETA ISOFIT C/BOLS Y GUSANO LINEA ECOFRIEND OF','CARPETA ISOFIT C',1,6,48,3,17,0,591,630,6.60,'','2006-09-07','2006-09-07',0,24,12,0,0,0,0,0,15,0,0,1,'2014-01-01',NULL,0,2,0,0,0,6,1,0,1,1,'2016-09-02',630,0,'NO',0,0,0,591,'0'),(586001052,'7807265064319',0,'DISPENSADOR CINTA ADHESIVA MED. 155*65*72','DISPENSADOR CINT',1,6,24,3,23,0,902,1350,49.67,'','2006-09-07','2006-09-07',0,24,12,0,0,0,0,12,7,0,0,1,'2016-08-10','92986000-4',0,2,0,0,0,6,1,0,1,1,'2017-05-12',1350,0,'NO',0,0,0,830,'0'),(586001053,'7807265042256',0,'ARCHIVADOR ISOFIT CARTA LOMO ANCHO BURDEO','ARCHIVADOR ISOFI',1,6,24,3,17,0,777,1400,80.18,'NO','2006-09-07','2006-09-07',0,24,12,0,0,0,0,75,70,0,0,1,'2016-08-10','92986000-4',0,1,0,0,0,6,1,0,1,1,'2017-01-17',1400,0,'NO',0,0,0,915.181818181816,'0'),(586001054,'7807265055232',0,'CARPETA PLASTICA ISOFIT F-15A OFICIO FASTENER NEGRO','CARPETA PLASTICA',1,6,50,3,9,0,284,430,51.41,'NO','2006-09-07','2006-09-07',0,25,12,0,0,0,0,24,22,0,0,1,'2016-08-10','92986000-4',0,1,0,0,0,6,1,0,1,1,'2017-04-03',430,0,'NO',0,0,0,16.3333333333333,'0'),(586001055,'7807265055256',0,'CARPETAS PLASTICAS ISOFIT F15A OFICIO FASTENER ','CARPETAS PLASTIC',1,6,50,3,17,0,244,430,76.23,'NO','2006-09-07','2006-09-07',0,25,12,0,0,0,0,30,19,0,0,1,'2016-08-10','92986000-4',0,1,0,0,0,6,1,0,1,1,'2016-06-07',430,0,'NO',0,0,0,74.7272727272727,'0'),(586001056,'7807265975431',0,'CARPETA ISOFIT PLASTICA OFICIO F15','CARPETA ISOFIT P',1,6,60,3,17,0,224,340,51.79,'','2006-09-07','2006-09-07',0,30,15,0,0,0,0,24,0,0,0,1,'2016-08-10','92986000-4',0,2,0,0,0,6,1,0,1,1,'2014-01-01',340,0,'NO',0,0,0,224,'0'),(586001057,'7807265053818',0,'ARCHIVADOR ISOFIT OFICIO LOMO ANCHO  FLAT NEGRO','ARCHIVADOR ISOFI',1,6,50,3,9,0,973,1490,53.13,'NO','2006-09-07','2006-09-07',0,30,15,0,0,0,0,25,26,0,0,1,'2016-08-10','92986000-4',0,1,0,0,0,6,1,0,1,1,'2016-05-04',1490,0,'NO',0,0,0,973,'0'),(586001058,'7807265058899',0,'ARCHIVADOR ISOFIT OFICIO LOMO ANCHO ROJO','ARCHIVADOR ISOFI',1,6,50,3,9,0,963,1490,54.72,'','2006-09-07','2006-09-07',0,30,15,0,0,0,0,25,22,0,0,1,'2016-08-10','92986000-4',0,2,0,0,0,6,1,0,1,1,'2016-09-29',1490,0,'NO',0,0,0,-1058.25,'0'),(586001059,'7807265042263',0,'ISOFIT ARCHIVADOR LETRAS LOMO ANCHO','ARCHIVADOR ISOFI',1,6,50,3,9,0,696,1250,79.60,'NO','2006-09-07','2006-09-07',0,6,3,0,0,0,0,25,21,0,0,1,'2016-08-10','92986000-4',0,1,0,0,0,6,1,0,1,1,'2017-04-21',1250,0,'NO',0,0,0,394.833333333333,'0'),(586001060,'7807265053825',0,'ARCHIVADOR ISOFIT OFICIO LOMO ANCHO AZUL','ARCHIVADOR ISOFI',1,6,50,3,9,0,963,1490,54.72,'','2006-09-07','2006-09-07',0,30,15,0,0,0,0,25,25,0,0,1,'2016-08-10','92986000-4',0,2,0,0,0,6,1,0,1,1,'2016-05-24',1490,0,'NO',0,0,0,963,'0'),(586001061,'7807265055218',0,'CARPETAS PLASTICA ISOFIT F15A  OFICIO FASTENER GRIS ','CARPETAS PLASTIC',1,6,24,3,17,0,164,430,162.20,'NO','2006-09-07','2006-09-07',0,24,12,0,0,0,0,24,23,0,0,1,'2016-08-10','92986000-4',0,1,0,0,0,6,1,0,1,1,'2017-04-29',430,0,'NO',0,0,0,200.4,'0'),(586001062,'4010127452008',0,'CORCHETE SKREBBA INDUSTRIAL 23/08 ','CORCHETE SKREBBA',1,6,10,3,23,0,800,1200,50.00,'','2006-09-07','2006-09-07',0,10,5,0,0,0,0,5,1,0,0,1,'2016-08-10','92986000-4',0,2,0,0,0,6,1,0,1,1,'2017-02-04',1200,0,'NO',0,0,0,800,'0'),(586001063,'7807265055188',0,'CARPETAS PLASTICA ISOFIT CARTA C/ ELASTICO ROJO','CARPETAS PLASTIC',1,6,24,3,17,0,665,990,48.87,'','2006-09-07','2006-09-07',0,24,12,0,0,0,0,36,21,0,0,1,'2016-08-10','92986000-4',0,2,0,0,0,6,1,0,1,1,'2017-04-17',990,0,'NO',0,0,0,711.64,'0'),(586001064,'7807265055195',0,'CARPETAS PLASTICA ISOFIT CARTA C/ ELASTICO AZUL','CARPETAS PLASTIC',1,6,24,3,17,0,665,990,48.87,'','2006-09-07','2006-09-07',0,24,12,0,0,0,0,36,23,0,0,1,'2016-08-10','92986000-4',0,2,0,0,0,6,1,0,1,1,'2017-05-10',990,0,'NO',0,0,0,705.769230769231,'0'),(586001065,'4010127453005',0,'CORCHETE SKREBBA INDUSTRIAL 23 / 10','CORCHETE SKREBBA',1,6,10,3,23,0,721,1080,49.79,'','2006-09-07','2006-09-07',0,10,5,0,0,0,0,5,2,0,0,1,'2016-08-10','92986000-4',0,2,0,0,0,6,1,0,1,1,'2017-02-03',1080,0,'NO',0,0,0,721,'0'),(586001066,'7807265057144',0,'ELASTICO DE COLOR 100GRS','ELASTICO DE COLO',1,6,100,3,23,0,253,380,50.20,'','2006-09-07','2006-09-07',0,50,25,0,0,0,0,50,50,0,0,1,'2016-08-10','92986000-4',0,2,0,0,0,6,1,0,1,1,'2017-02-11',380,0,'NO',0,0,0,293,'0'),(586001067,'4010127815445',0,'PERFORADOR GIGANTE SKREBBA N° 14 ISOFIT','PERFORADOR GIGAN',1,6,2,3,23,0,113490,170235,50.00,'','2006-09-07','2006-09-07',0,2,1,0,0,0,0,1,0,0,0,1,'2016-08-10','92986000-4',0,2,0,0,0,6,1,0,1,1,'2014-01-01',170235,0,'NO',0,0,0,113490,'0'),(586001068,'4010127459007',0,'CORCHETE SKREBBA INDUSTRIAL 23 / 20','CORCHETE SKREBBA',1,6,10,3,23,0,2379,3570,50.06,'','2006-09-07','2006-09-07',0,10,5,0,0,0,0,5,0,0,0,1,'2016-08-10','92986000-4',0,2,0,0,0,6,1,0,1,1,'2014-01-01',3570,0,'NO',0,0,0,2379,'0'),(586001069,'7807265057182',0,'ELASTICO CRESPO 100GRS','ELASTICO CRESPO ',1,6,100,3,23,0,351,530,51.00,'','2006-09-07','2006-09-07',0,50,25,0,0,0,0,50,8,0,0,1,'2016-08-10','92986000-4',0,2,0,0,0,6,1,0,1,1,'2017-05-03',530,0,'NO',0,0,0,357.222222222222,'0'),(586001070,'7807265055201',0,'CARPETAS PLASTICA ISOFIT CARTA C/ ELASTICO GRIS ','CARPETAS PLASTIC',1,6,72,3,17,0,671,990,47.54,'','2006-09-07','2006-09-07',0,36,12,0,0,0,0,36,30,0,0,1,'2016-08-10','92986000-4',0,2,0,0,0,6,1,0,1,1,'2017-03-01',990,0,'NO',0,0,0,804.75,'0'),(586001071,'7807265042300',0,'BLIS CORCHETERA Y SACACORCHETE NEGRO BL CP40 ISOFIT ','BLIS CORCHETERA ',1,6,72,3,16,0,1188,1780,49.83,'','2006-09-07','2006-09-07',0,36,12,0,0,0,0,36,36,0,0,1,'2016-08-10','92986000-4',0,2,0,0,0,6,1,0,1,1,'2016-12-23',1780,0,'NO',0,0,0,1454,'0'),(586001072,'4895114140911',0,'BLIS CORCHETERA Y SACACORCHETE NEGRO BL CP40 ISOFIT ','BLIS CORCHETERA ',1,6,72,3,23,0,1490,2240,50.34,'','2006-09-07','2006-09-07',0,36,12,0,0,0,0,36,22,0,0,1,'2016-08-10','92986000-4',0,2,0,0,0,6,1,0,1,1,'2017-04-17',2240,0,'NO',0,0,0,1558,'0'),(586001073,'4895114138000',0,'ISOFIT PERFORADORA POCKET PUNCK NEGRO','BLIS PERFORADOR ',1,6,72,3,23,0,640,960,50.00,'NO','2006-09-07','2006-09-07',0,36,12,0,0,0,0,36,36,0,0,1,'2016-08-10','92986000-4',0,1,0,0,0,6,1,0,1,1,'2017-04-24',960,0,'NO',0,0,0,742,'0'),(586001074,'4895114138017',0,'ISOFIT PERFORADORA POCCKET PUNCH','BL PERFORADOR VE',1,6,72,3,23,0,772,1160,50.26,'NO','2006-09-07','2006-09-07',0,72,36,0,0,0,0,36,15,0,0,1,'2016-08-10','92986000-4',0,1,0,0,0,6,1,0,1,1,'2017-05-11',1160,0,'NO',0,0,0,787.375,'0'),(586001075,'7807265123191',0,'BLIS CUCHILLO CARTONERO ISOFIT N°120 CHICO','BLIS CUCHILLO CA',1,6,240,3,23,0,105,160,52.38,'','2006-09-07','2006-09-07',0,120,24,0,0,0,0,120,44,0,0,1,'2016-08-10','92986000-4',0,2,0,0,0,6,1,0,1,1,'2017-05-04',160,0,'NO',0,0,0,106.545454545455,'0'),(586001076,'7807265055270',0,'CARPETA CLIP ISOFIT F-12 OFICIO COLORES SURTIDOS ','CARPETA CLIP ISO',1,6,60,3,17,0,237,350,47.68,'','2006-09-07','2006-09-07',0,24,12,0,0,0,0,30,10,0,0,1,'2016-08-10','92986000-4',0,2,0,0,0,6,1,0,1,1,'2017-04-28',350,0,'NO',0,0,0,246.5,'0'),(586001077,'7807265055294',0,'CARPETA CLIP ISOFIT F-21 OFICIO NEGRO','CARPETA CLIP ISO',1,6,120,3,17,0,237,350,47.68,'','2006-09-07','2006-09-07',0,24,12,0,0,0,0,12,5,0,0,1,'2016-08-10','92986000-4',0,2,0,0,0,6,1,0,1,1,'2017-04-20',350,0,'NO',0,0,0,256,'0'),(586001078,'7807265055096',0,'CARPETA CLIP ISOFIT F-20 CARTA COLORES SURTIDOS ','CARPETA CLIP ISO',1,6,120,3,17,0,251,420,67.33,'NO','2006-09-07','2006-09-07',0,60,30,0,0,0,0,60,5,0,0,1,'2016-08-10','92986000-4',0,1,0,0,0,6,1,0,1,1,'2016-12-20',420,0,'NO',0,0,0,251.677966101695,'0'),(586001079,'7807265055317',0,'CARPETA CLIP ISOFIT F-21 OFICIO AZUL','CARPETA CLIP ISO',1,6,24,3,17,0,237,350,47.68,'','2006-09-07','2006-09-07',0,24,12,0,0,0,0,12,0,0,0,1,'2016-08-10','92986000-4',0,2,0,0,0,6,1,0,1,1,'2014-01-01',350,0,'NO',0,0,0,237,'0'),(586001080,'7807265027383',0,'BLOCK PREPICADO PROARTE CARTA 80HJ 7MM ','BLOCK PREPICADO ',1,6,120,3,11,0,1167,1250,7.11,'','2006-09-07','2006-09-07',0,60,30,0,0,0,0,0,29,0,0,1,'2014-01-01',NULL,0,2,0,0,0,5,1,0,1,1,'2017-05-12',1250,0,'NO',0,0,0,1167,'0'),(586001081,'7807265027444',0,'BLOCK PREPICADO PROARTE OFICIO 80HJ 7 MM','BLOCK PREPICADO ',1,6,120,3,11,0,1312,1410,7.47,'','2006-09-07','2006-09-07',0,60,30,0,0,0,0,0,9,0,0,1,'2014-01-01',NULL,0,2,0,0,0,5,1,0,1,1,'2017-05-12',1410,0,'NO',0,0,0,1312,'0'),(586001082,'7807265002809',0,'PALETA ACUARELA PROARTE 12 COLORES ','PALETA ACUARELA ',1,6,72,3,6,0,820,880,7.32,'','2006-09-07','2006-09-07',0,36,12,0,0,0,0,0,26,0,0,1,'2014-01-01',NULL,0,2,0,0,0,5,1,0,1,1,'2017-05-05',880,0,'NO',0,0,0,820,'0'),(586001083,'7807265000034',0,'LIBRETA DE COMUNICACIONES PROARTE ','LIBRETA DE COMUN',1,6,50,3,47,0,360,650,80.56,'NO','2006-09-07','2006-09-07',0,24,12,0,0,0,0,50,129,0,0,1,'2016-08-10','92986000-4',0,1,0,0,0,5,1,0,1,1,'2017-03-14',650,0,'NO',0,0,0,360,'0'),(586001084,'7807265983085',0,'CUADERNO MUSICA PROARTE 1 PAUTA 10HJS 26*17,7CM','CUADERNO MUSICA ',1,6,50,3,3,0,369,390,5.69,'','2006-09-07','2006-09-07',0,50,25,0,0,0,0,0,8,0,0,1,'2014-01-01',NULL,0,2,0,0,0,5,1,0,1,1,'2017-04-29',390,0,'NO',0,0,0,369,'0'),(586001085,'7807265983092',0,'CUADERNO MUSICA PROARTE 1/2 PAUTA 10HJS 26*17,7CM','CUADERNO MUSICA ',1,6,50,3,3,0,369,390,5.69,'','2006-09-07','2006-09-07',0,24,12,0,0,0,0,0,16,0,0,1,'2014-01-01',NULL,0,2,0,0,0,5,1,0,1,1,'2017-04-06',390,0,'NO',0,0,0,369,'0'),(586001086,'7807265002793',0,'ACUARELA PROARTE 12 COLORES CAJACOLGANTE ','ACUARELA PROARTE',1,6,36,3,23,0,1105,1180,6.79,'','2006-09-07','2006-09-07',0,18,6,0,0,0,0,0,17,0,0,1,'2014-01-01',NULL,0,2,0,0,0,5,1,0,1,1,'2017-03-28',1180,0,'NO',0,0,0,1105,'0'),(586001087,'7807265018039',0,'POCILLOS PROARTE P/TEMPERA 6 CAVIDADES ','POCILLOS PROARTE',1,6,25,3,23,0,187,200,6.95,'','2006-09-07','2006-09-07',0,25,15,0,0,0,0,0,24,0,0,1,'2014-01-01',NULL,0,2,0,0,0,5,1,0,1,1,'2017-04-07',200,0,'NO',0,0,0,187,'0'),(586001088,'7807265015144',0,'TEMPERA PROARTE 12 COLORES FRASCO 15CC','TEMPERA PROARTE ',1,6,30,3,6,0,1266,1320,4.27,'','2006-09-07','2006-09-07',0,30,15,0,0,0,0,0,137,0,0,1,'2014-01-01',NULL,0,2,0,0,0,5,1,0,1,1,'2017-05-13',1320,0,'NO',0,0,0,1266,'0'),(586001089,'7807265015137',0,'TEMPERA PROARTE 6 COLORES FRASCO 15CC','TEMPERA PROARTE ',1,6,10,3,6,0,633,680,7.42,'','2006-09-07','2006-09-07',0,20,10,0,0,0,0,0,35,0,0,1,'2014-01-01',NULL,0,2,0,0,0,5,1,0,1,1,'2017-04-17',680,0,'NO',0,0,0,633,'0'),(586001090,'7807265042348',0,'MASA PARA MODELAR PROARTE 100GR','MASA PARA MODELA',1,6,24,3,21,0,1229,1990,61.92,'NO','2006-09-07','2006-09-07',0,24,12,0,0,0,0,0,7,0,0,1,'2014-01-01',NULL,0,1,0,0,0,5,1,0,1,1,'2017-04-21',1990,0,'NO',0,0,0,1496,'0'),(586001091,'7807265042249',0,'MASA PARA MODELAR PROARTE 500 GR ','MASA PARA MODELA',1,6,45,3,27,0,1177,1890,60.58,'NO','2006-09-07','2006-09-07',0,23,10,0,0,0,0,0,10,0,0,1,'2014-01-01',NULL,0,1,0,0,0,5,1,0,1,1,'2017-01-25',1890,0,'NO',0,0,0,1432,'0'),(586001092,'586001092',0,'POCILLOS PROARTE P/TEMPERA 4 CAVIDADES','POCILLOS PROARTE',1,6,75,3,27,0,152,170,11.84,'','2006-09-07','2006-09-07',0,50,25,0,0,0,0,0,0,0,0,1,'2014-01-01',NULL,0,2,0,0,0,5,1,0,1,1,'2014-01-01',170,0,'NO',0,0,0,152,'0'),(586001093,'7807265041648',0,'PROARTE CARPETA CON GUSANO NEGRA','PROARTE CARPETA ',1,6,25,3,17,0,370,690,86.49,'NO','2006-09-07','2006-09-07',0,10,5,0,0,0,0,0,57,0,0,1,'2014-01-01',NULL,0,1,0,0,0,5,1,0,1,1,'2017-05-17',690,0,'NO',0,0,0,517,'0'),(586001094,'7807265041655',0,'PROARTE CARPETA CON GUSANO ROJO','PROARTE CARPETA ',1,6,25,3,17,0,414,690,66.67,'NO','2006-09-07','2006-09-07',0,6,3,0,0,0,0,25,125,0,0,1,'2016-07-14','92986000-4',0,1,0,0,0,5,1,0,1,1,'2017-03-04',690,0,'NO',0,0,0,370,'0'),(586001095,'7807265041662',0,'PROARTE CARPETA CON GUSANO ROSADO','PROARTE CARPETA ',1,6,25,3,17,0,414,690,66.67,'NO','2006-09-07','2006-09-07',0,6,3,0,0,0,0,0,92,0,0,1,'2014-01-01',NULL,0,1,0,0,0,5,1,0,1,1,'2017-05-16',690,0,'NO',0,0,0,517,'0'),(586001096,'7807265041600',0,'PROARTE CARPETA CON GUSANO AMARILLO','PROARTE CARPETA ',1,6,25,3,17,0,414,690,66.67,'NO','2006-09-07','2006-09-07',0,6,3,0,0,0,0,0,100,0,0,1,'2014-01-01',NULL,0,1,0,0,0,5,1,0,1,1,'2017-03-06',690,0,'NO',0,0,0,517,'0'),(586001097,'7807265041617',0,'PROARTE CARPETA CON GUSANO AZUL','PROARTE CARPETA ',1,6,25,3,17,0,414,690,66.67,'NO','2006-09-07','2006-09-07',0,6,3,0,0,0,0,0,94,0,0,1,'2014-01-01',NULL,0,1,0,0,0,5,1,0,1,1,'2017-03-04',690,0,'NO',0,0,0,517,'0'),(586001098,'7807265041624',0,'PROARTE CARPETA CON GUSANO CELESTE ','PROARTE CARPETA ',1,6,25,3,17,0,414,690,66.67,'NO','2006-09-07','2006-09-07',0,6,3,0,0,0,0,0,101,0,0,1,'2014-01-01',NULL,0,1,0,0,0,5,1,0,1,1,'2017-03-07',690,0,'NO',0,0,0,517,'0'),(586001099,'7807265041679',0,'PROARTE CARPETA CON GUSANO VERDE ','PROARTE CARPETA ',1,6,25,3,17,0,414,690,66.67,'NO','2006-09-07','2006-09-07',0,6,3,0,0,0,0,25,122,0,0,1,'2016-07-14','92986000-4',0,1,0,0,0,5,1,0,1,1,'2017-04-18',690,0,'NO',0,0,0,370,'0'),(586001100,'7807265980183',0,'BLOCK PROARTE MEDIO N° 99 1/8 D/FZ 20HJS ','BLOCK PROARTE ME',1,6,36,3,11,0,646,970,50.15,'','2006-09-07','2006-09-07',0,18,6,0,0,0,0,144,98,0,0,1,'2016-07-14','92986000-4',0,2,0,0,0,5,1,0,1,1,'2017-05-09',970,0,'NO',0,0,0,604.387096774194,'0'),(586001101,'7807265000119',0,'BLOCK PROARTE PAPEL ENTRETENIDO 16*16 18HJS ','BLOCK PROARTE PA',1,6,100,3,11,0,529,570,7.75,'','2006-09-07','2006-09-07',0,25,10,0,0,0,0,0,15,0,0,1,'2014-01-01',NULL,0,2,0,0,0,5,1,0,1,1,'2017-05-13',570,0,'NO',0,0,0,529,'0'),(586001102,'7807265991431',0,'BLOCK PROARTE PAPEL LUSTRE 16*16 24HJS COL.','BLOCK PROARTE PA',1,6,100,3,11,0,437,470,7.55,'','2006-09-07','2006-09-07',0,50,25,0,0,0,0,0,126,0,0,1,'2014-01-01',NULL,0,2,0,0,0,5,1,0,1,1,'2017-05-15',470,0,'NO',0,0,0,437,'0'),(586001103,'7807265041686',0,'PROARTECARPETA CON GUSANO VERDE CLARO','PROARTECARPETA C',1,6,25,3,17,0,414,690,66.67,'NO','2006-09-07','2006-09-07',0,6,3,0,0,0,0,25,126,0,0,1,'2016-07-14','92986000-4',0,1,0,0,0,5,1,0,1,1,'2017-04-24',690,0,'NO',0,0,0,370,'0'),(586001104,'7807265982989',0,'PROARTE BLOCK LICEO 106GR 20HJS ','PROARTE BLOCK LI',1,6,12,3,11,0,332,595,79.22,'NO','2006-09-07','2006-09-07',0,20,10,0,0,0,0,36,71,0,0,1,'2016-07-14','92986000-4',0,1,0,0,0,5,1,0,1,1,'2016-10-24',595,0,'NO',0,0,0,332,'0'),(586001105,'7807265982996',0,'BLOCK PROARTE MEDIO N° 99 1/8 20 HJS','BLOCK PROARTE ME',1,6,48,3,11,0,595,890,49.58,'','2006-09-07','2006-09-07',0,24,12,0,0,0,0,144,227,0,0,1,'2016-07-14','92986000-4',0,2,0,0,0,5,1,0,1,1,'2017-03-06',890,0,'NO',0,0,0,-143.085714285714,'0'),(586001106,'7807265052927',0,'FORRO ROSS CHICO COLOR VERDE','FORRO ROSS CHICO',1,4,100,3,14,0,61,100,63.93,'NO','2006-09-07','2006-09-07',0,50,25,0,0,0,0,300,7,0,0,1,'2016-08-10','92986000-4',0,1,0,0,0,4,1,0,1,1,'2016-08-23',100,0,'NO',0,0,0,60.4897959183673,'0'),(586001107,'7807265053108',0,'FORRO ROSS LIBRO TRANSPARENTE ','FORRO ROSS LIBRO',1,4,100,3,14,0,100,170,70.00,'NO','2006-09-07','2006-09-07',0,50,25,0,0,0,0,1300,1173,0,0,1,'2016-08-10','92986000-4',0,1,0,0,0,4,1,0,1,1,'2017-05-15',170,0,'NO',0,0,0,84.2979166985513,'0'),(586001108,'7807265064081',0,'FORRO ROSS CHICO COLOR ROSADO ','FORRO ROSS CHICO',1,4,100,3,14,0,61,100,63.93,'NO','2006-09-07','2006-09-07',0,50,12,0,0,0,0,300,11,0,0,1,'2016-08-10','92986000-4',0,1,0,0,0,4,1,0,1,1,'2017-03-08',100,0,'NO',0,0,0,60.3150684931507,'0'),(586001109,'7807265052880',0,'FORRO ROSS CHICO COLOR NARANJO','FORRO ROSS CHICO',1,4,100,3,14,0,61,100,63.93,'NO','2006-09-07','2006-09-07',0,50,25,0,0,0,0,300,7,0,0,1,'2016-08-10','92986000-4',0,1,0,0,0,4,1,0,1,1,'2017-03-16',100,0,'NO',0,0,0,60.7474747474747,'0'),(586001110,'7807265052903',0,'FORRO ROSS CHICO COLOR ROJO','FORRO ROSS CHICO',1,4,100,3,14,0,61,100,63.93,'NO','2006-09-07','2006-09-07',0,50,25,0,0,0,0,300,49,0,0,1,'2016-08-10','92986000-4',0,1,0,0,0,4,1,0,1,1,'2017-03-21',100,0,'NO',0,0,0,60.3150684931507,'0'),(586001111,'7807265053320',0,'FORRO ROSS UNIVERSITARIO COLOR CELESTE ','FORRO ROSS UNIVE',1,4,100,3,14,0,94,140,48.94,'','2006-09-07','2006-09-07',0,50,25,0,0,0,0,150,12,0,0,1,'2016-08-10','92986000-4',0,2,0,0,0,4,1,0,1,1,'2017-03-24',140,0,'NO',0,0,0,93.751677852349,'0'),(586001112,'7807265064104',0,'FORRO ROSS UNIVERSITARIO COLOR LILA ','FORRO ROSS UNIVE',1,4,100,3,14,0,94,140,48.94,'','2006-09-07','2006-09-07',0,50,25,0,0,0,0,150,11,0,0,1,'2016-08-10','92986000-4',0,2,0,0,0,4,1,0,1,1,'2017-04-26',140,0,'NO',0,0,0,92.4583333333333,'0'),(586001113,'7807265053306',0,'FORRO ROSS UNIVERSITARIO COLOR BLANCO','FORRO ROSS UNIVE',1,4,100,3,14,0,94,140,48.94,'','2006-09-07','2006-09-07',0,50,25,0,0,0,0,150,11,0,0,1,'2016-08-10','92986000-4',0,2,0,0,0,4,1,0,1,1,'2016-10-21',140,0,'NO',0,0,0,92.1888111888112,'0'),(586001114,'7807265053184',0,'FORRO ROSS LIBRO COLOR NARANJO','FORRO ROSS LIBRO',1,4,100,3,14,0,108,170,57.41,'NO','2006-09-07','2006-09-07',0,50,20,0,0,0,0,250,46,0,0,1,'2016-08-10','92986000-4',0,1,0,0,0,4,1,0,1,1,'2017-05-02',170,0,'NO',0,0,0,98.8155339805825,'0'),(586001115,'7807265053245',0,'FORRO ROSS UNIVERSITARIO TRANSPARENTE ','FORRO ROSS UNIVE',1,4,100,3,14,0,89,140,57.30,'','2006-09-07','2006-09-07',0,50,25,0,0,0,0,1150,432,0,0,1,'2016-08-10','92986000-4',0,2,0,0,0,4,1,0,1,1,'2017-05-13',140,0,'NO',0,0,0,82.3827425014696,'0'),(586001116,'7807265053023',0,'FORRO ROSS COLLEGE COLOR AZUL ','FORRO ROSS COLLE',1,4,100,3,14,0,81,120,48.15,'','2006-09-07','2006-09-07',0,50,25,0,0,0,0,300,260,0,0,1,'2016-08-10','92986000-4',0,2,0,0,0,4,1,0,1,1,'2017-03-16',120,0,'NO',0,0,0,20.6923076923077,'0'),(586001117,'7807265053047',0,'FORRO ROSS COLLEGE COLOR NARANJO','FORRO ROSS COLLE',1,4,100,3,14,0,81,120,48.15,'NO','2006-09-07','2006-09-07',0,50,25,0,0,0,0,300,161,0,0,1,'2016-08-10','92986000-4',0,1,0,0,0,4,1,0,1,1,'2017-04-05',120,0,'NO',0,0,0,56.5294117647059,'0'),(586001118,'7807265053009',0,'FORRO ROSS COLLEGE COLOR AMARILLO','FORRO ROSS COLLE',1,4,100,3,14,0,81,120,48.15,'','2006-09-07','2006-09-07',0,50,25,0,0,0,0,300,413,0,0,1,'2016-08-10','92986000-4',0,2,0,0,0,4,1,0,1,1,'2017-05-05',120,0,'NO',0,0,0,34.3114754098361,'0'),(586001119,'7807265052965',0,'FORRO ROSS COLLEGE COLOR CELESTE ','FORRO ROSS COLLE',1,4,100,3,14,0,81,120,48.15,'','2006-09-07','2006-09-07',0,50,25,0,0,0,0,300,161,0,0,1,'2016-08-10','92986000-4',0,2,0,0,0,4,1,0,1,1,'2017-03-11',120,0,'NO',0,0,0,60.5409836065574,'0'),(586001120,'7807265052989',0,'FORRO ROSS COLLEGE TRANSPARENTE ','FORRO ROSS COLLE',1,4,100,3,14,0,81,120,48.15,'','2006-09-07','2006-09-07',0,50,25,0,0,0,0,1300,989,0,0,1,'2016-08-10','92986000-4',0,2,0,0,0,4,1,0,1,1,'2017-05-09',120,0,'NO',0,0,0,64.2091492619986,'0'),(586001121,'7807265053061',0,'FORRO ROSS COLLEGE COLOR ROJO','FORRO ROSS COLLE',1,4,100,3,14,0,81,120,48.15,'','2006-09-07','2006-09-07',0,50,25,0,0,0,0,300,803,0,0,1,'2016-08-10','92986000-4',0,2,0,0,0,4,1,0,1,1,'2017-05-03',120,0,'NO',0,0,0,-37,'0'),(586001122,'7807265052866',0,'FORRO ROSS CHICO COLOR AZUL','FORRO ROSS CHICO',1,4,100,3,14,0,61,100,63.93,'NO','2006-09-07','2006-09-07',0,50,25,0,0,0,0,300,11,0,0,1,'2016-08-10','92986000-4',0,1,0,0,0,4,1,0,1,1,'2017-03-15',100,0,'NO',0,0,0,60.4897959183673,'0'),(586001123,'7807265052767',0,'FORRO ROSS CHICO COLOR BLANCO','FORRO ROSS CHICO',1,4,100,3,14,0,61,100,63.93,'NO','2006-09-07','2006-09-07',0,50,25,0,0,0,0,300,1,0,0,1,'2016-08-10','92986000-4',0,1,0,0,0,4,1,0,1,1,'2016-03-14',100,0,'NO',0,0,0,60.9163879598662,'0'),(586001124,'7807265053146',0,'FORRO ROSS LIBRO COLOR AZUL','FORRO ROSS LIBRO',1,4,100,3,14,0,108,170,57.41,'NO','2006-09-07','2006-09-07',0,50,25,0,0,0,0,300,232,0,0,1,'2016-08-10','92986000-4',0,1,0,0,0,4,1,0,1,1,'2017-04-29',170,0,'NO',0,0,0,77.7732426303855,'0'),(586001125,'7807265052804',0,'FORRO ROSS CHICO CELESTE ','FORRO ROSS CHICO',1,4,100,3,14,0,61,100,63.93,'NO','2006-09-07','2006-09-07',0,50,25,0,0,0,0,300,19,0,0,1,'2016-08-10','92986000-4',0,1,0,0,0,4,1,0,1,1,'2017-03-09',100,0,'NO',0,0,0,60.1379310344828,'0'),(586001126,'7807265053085',0,'FORRO ROSS COLLEGE COLOR VERDE ','FORRO ROSS COLLE',1,4,100,3,14,0,81,120,48.15,'','2006-09-07','2006-09-07',0,50,25,0,0,0,0,300,214,0,0,1,'2016-08-10','92986000-4',0,2,0,0,0,4,1,0,1,1,'2017-04-13',120,0,'NO',0,0,0,32.327731092437,'0'),(586001127,'7807265052781',0,'FORRO ROSS CHICO COLOR CAFE ','FORRO ROSS CHICO',1,4,100,3,14,0,61,100,63.93,'NO','2006-09-07','2006-09-07',0,50,25,0,0,0,0,450,5,0,0,1,'2016-08-10','92986000-4',0,1,0,0,0,4,1,0,1,1,'2017-03-10',100,0,'NO',0,0,0,60.8883928571428,'0'),(586001128,'7807265042362',0,'PEGAMENTO EN BARRA PROARTE CAMALEON 21GR','PEGAMENTO EN BAR',1,6,120,3,4,0,120,220,83.33,'','2006-09-07','2006-09-07',0,50,25,0,0,0,0,0,50,0,0,1,'2014-01-01',NULL,0,2,0,0,0,5,1,0,1,1,'2017-05-15',220,0,'NO',0,0,0,120,'0'),(586001129,'7807265047442',0,'PIZARRA SMILEY PROARTE ','PIZARRA SMILEY P',1,6,30,3,27,0,1122,1990,77.36,'NO','2006-09-07','2006-09-07',0,20,10,0,0,0,0,0,20,0,0,1,'2014-01-01',NULL,0,1,0,0,0,5,1,0,1,1,'2017-03-20',1990,0,'NO',0,0,0,1122,'0'),(586001130,'7807265010842',0,'LAPICES DE COLOR PROARTE 12COLORES CORTO','LAPICES DE COLOR',1,6,480,3,7,0,234,420,79.49,'','2006-09-07','2006-09-07',0,24,12,0,0,0,0,0,149,0,0,1,'2014-01-01',NULL,0,2,0,0,0,5,1,0,1,1,'2017-05-15',420,0,'NO',0,0,0,234,'0'),(586001131,'7807265035678',0,'LAPICES GRAFITO HEXAGONAL N°2 HB CAJA 6UN','LAPICES GRAFITO ',1,6,144,3,7,0,154,360,133.77,'NO','2006-09-07','2006-09-07',0,50,25,0,0,0,0,0,61,0,0,1,'2014-01-01',NULL,0,1,0,0,0,5,6,0,1,1,'2017-04-13',360,0,'NO',0,0,0,154,'0'),(586001132,'7807265981500',0,'PLASTICINA PLASTICOLOR PROARTE 6COLORES ','PLASTICINA PLAST',1,6,60,3,28,0,219,390,78.08,'NO','2006-09-07','2006-09-07',0,30,15,0,0,0,0,0,38,0,0,1,'2014-01-01',NULL,0,1,0,0,0,5,1,0,1,1,'2017-04-29',390,0,'NO',0,0,0,219,'0'),(586001133,'7807265003677',0,'REGLA PROARTE 16CM HUMO','REGLA PROARTE 16',1,4,10,3,13,0,33,100,203.03,'','2006-09-07','2006-09-07',0,20,10,0,0,0,0,0,66,0,0,1,'2014-01-01',NULL,0,2,0,0,0,5,1,0,1,1,'2017-05-16',100,0,'NO',0,0,0,33,'0'),(586001134,'7807265991769',0,'MI PRIMERA TIJERA PROARTE 3-4/3 TRANSPARENTE COL.SURTIDOS','MI PRIMERA TIJER',1,6,12,3,5,0,360,590,63.89,'NO','2006-09-07','2006-09-07',0,24,12,0,0,0,0,0,48,0,0,1,'2014-01-01',NULL,0,1,0,0,0,5,1,0,1,1,'2017-04-10',590,0,'NO',0,0,0,120,'0'),(586001135,'7807265025006',0,'PORTAMINAS ISOFIT 6000 MINA 0.5','PORTAMINAS ISOFI',1,6,80,3,25,0,239,430,79.92,'','2006-09-07','2006-09-07',0,20,10,0,0,0,0,0,15,0,0,1,'2014-01-01',NULL,0,2,0,0,0,6,1,0,1,1,'2017-02-18',430,0,'NO',0,0,0,239,'0'),(586001136,'7807265004070',0,'PORTAMINAS ISOFIT 4000 MINA 0.5 CON BOTON DE AVANCE ','PORTAMINAS ISOFI',1,6,24,3,7,0,233,410,75.97,'','2006-09-07','2006-09-07',0,24,12,0,0,0,0,0,23,0,0,1,'2014-01-01',NULL,0,2,0,0,0,6,1,0,1,1,'2017-04-04',410,0,'NO',0,0,0,233,'0'),(586001137,'7807265002489',0,'JUEGO GEOMETRICO PROARTE 20CM /ESCUADRA/ TRANSPORTADOR 180°','JUEGO GEOMETRICO',1,6,144,3,13,0,130,250,92.31,'','2006-09-07','2006-09-07',0,24,12,0,0,0,0,0,57,0,0,1,'2014-01-01',NULL,0,2,0,0,0,5,1,0,1,1,'2017-05-10',250,0,'NO',0,0,0,130,'0'),(586001138,'7807265039256',0,'CUADERNO ROSS DOBLEZ LISO 60HJS COMPOCICION ','CUADERNO ROSS DO',1,6,48,3,3,0,100,350,250.00,'','2006-09-07','2006-09-07',0,24,12,0,0,0,0,0,9,0,0,1,'2014-01-01',NULL,0,2,0,0,0,4,1,0,1,1,'2016-09-22',350,0,'NO',0,0,0,100,'0'),(586001139,'7807265039263',0,'CUADERNO ROSS DOBLEZ LISO 60HJS CROQUIS ','CUADERNO ROSS DO',1,6,48,3,3,0,100,350,250.00,'','2006-09-07','2006-09-07',0,24,12,0,0,0,0,0,13,0,0,1,'2014-01-01',NULL,0,2,0,0,0,4,1,0,1,1,'2017-03-24',350,0,'NO',0,0,0,100,'0'),(586001140,'7807265039225',0,'CUADERNO ROSS DOBLEZ LISO 40HJS COMPOSICION ','CUADERNO ROSS DO',1,6,48,3,3,0,70,300,328.57,'','2006-09-07','2006-09-07',0,24,12,0,0,0,0,0,0,0,0,1,'2014-01-01',NULL,0,2,0,0,0,4,1,0,1,1,'2014-01-01',300,0,'NO',0,0,0,70,'0'),(586001141,'7807265000096',0,'EST. GAMUZINA 10HJS 10 COLORES 25*29CM ','EST. GAMUZINA 10',1,6,24,3,27,0,441,790,79.14,'','2006-09-07','2006-09-07',0,24,12,0,0,0,0,0,1,0,0,1,'2014-01-01',NULL,0,2,0,0,0,5,1,0,1,1,'2017-03-31',790,0,'NO',0,0,0,441,'0'),(586001142,'7807265980305',0,'GOMA DE MIGA ROMA PROARTE 60UN','GOMA DE MIGA ROM',1,6,144,3,29,0,11,100,809.09,'NO','2006-09-07','2006-09-07',0,24,12,0,0,0,0,0,1039.1,0,0,1,'2014-01-01',NULL,0,1,0,0,0,5,60,0,1,1,'2017-05-11',100,0,'NO',0,0,0,11,'0'),(586001143,'7807265048098',0,'ESTUCHE PROARTE REDONDO SATIN 1 CIERRE ','ESTUCHE PROARTE ',1,6,36,3,12,0,405,750,85.19,'','2006-09-07','2006-09-07',0,24,12,0,0,0,0,0,238,0,0,1,'2014-01-01',NULL,0,2,0,0,0,5,1,0,1,1,'2017-05-17',750,0,'NO',0,0,0,405,'0'),(586001144,'7807265060052',0,'ESTUCHE METALICO CON BANDEJA MESSI','ESTUCHE METALICO',1,6,48,3,12,0,769,990,28.74,'NO','2006-09-07','2006-09-07',0,24,12,0,0,0,0,0,28,0,0,1,'2014-01-01',NULL,0,1,0,0,0,5,1,0,1,1,'2017-03-21',990,0,'NO',0,0,0,769,'0'),(586001145,'7807265039232',0,'CUADERNO ROSS DOBLEZ LISO 40 HOJAS CROQUIS','CUADERNO ROSS DO',1,6,48,3,3,0,70,300,328.57,'','2006-09-07','2006-09-07',0,24,12,0,0,0,0,0,0,0,0,1,'2014-01-01',NULL,0,2,0,0,0,4,1,0,1,1,'2014-01-01',300,0,'NO',0,0,0,70,'0'),(586001146,'7807265034190',0,'CUADERNO PROARTE COLLEGE LISO 100HJS COMPOSICION','CUADERNO PROARTE',1,6,48,3,3,0,587,890,51.62,'','2006-09-07','2006-09-07',0,24,12,0,0,0,0,240,98,0,0,1,'2016-03-04','92986000-4',0,2,0,0,0,5,1,0,1,1,'2017-04-13',890,0,'NO',0,0,0,559.124423963134,'0'),(586001147,'7807265045585',0,'CUADERNO  PROARTE COLLEGE LISO 100HJS CROQUIS','CUADERNO  PROART',1,6,48,3,3,0,587,890,51.62,'','2006-09-07','2006-09-07',0,48,24,0,0,0,0,320,98,0,0,1,'2016-03-04','92986000-4',0,2,0,0,0,5,1,0,1,1,'2017-05-06',890,0,'NO',0,0,0,578.516129032258,'0'),(586001148,'7807265050671',0,'CUADERNO PROARTE COLLEGE LISO 100HJS CIENCIAS ','CUADERNO PROARTE',1,6,48,3,3,0,587,890,51.62,'','2006-09-07','2006-09-07',0,24,12,0,0,0,0,120,4,0,0,1,'2016-03-04','92986000-4',0,2,0,0,0,5,1,0,1,1,'2016-04-04',890,0,'NO',0,0,0,584.789915966387,'0'),(586001149,'7807265050688',0,'CUADERNO PROARTE COLLEGE LISO 100HJS CAL. VERTICAL','CUADERNO PROARTE',1,6,48,3,3,0,587,890,51.62,'','2006-09-07','2006-09-07',0,24,12,0,0,0,0,240,17,0,0,1,'2016-03-04','92986000-4',0,2,0,0,0,5,1,0,1,1,'2017-05-03',890,0,'NO',0,0,0,584.789915966387,'0'),(586001150,'7807265032097',0,'CUADERNO COLLEGE LISO 100HJS 5MM','CUADERNO COLLEGE',1,6,48,3,3,0,587,890,51.62,'','2006-09-07','2006-09-07',0,24,12,0,0,0,0,240,67,0,0,1,'2016-03-04','92986000-4',0,2,0,0,0,5,1,0,1,1,'2017-05-02',890,0,'NO',0,0,0,568.214285714286,'0'),(586001151,'7807265045592',0,'CUADERNO ROSS COLLEGE 80HJS 5MM','CUADERNO ROSS CO',1,6,48,3,3,0,327,490,49.85,'','2006-09-07','2006-09-07',0,24,12,0,0,0,0,400,141,0,0,1,'2016-03-04','92986000-4',0,2,0,0,0,4,1,0,1,1,'2017-05-15',490,0,'NO',0,0,0,296.757925072046,'0'),(586001152,'7807265060045',0,'ESTUCHE METALICO TUBULAR MESSI ','ESTUCHE METALICO',1,6,48,3,12,0,526,790,50.19,'NO','2006-09-07','2006-09-07',0,24,12,0,0,0,0,0,19,0,0,1,'2014-01-01',NULL,0,1,0,0,0,5,1,0,1,1,'2017-03-11',790,0,'NO',0,0,0,526,'0'),(586001153,'7807265045608',0,'CUADERNO ROSS COLLEGE 80HJS COMPOSICION','CUADERNO ROSS CO',1,6,48,3,3,0,327,490,49.85,'','2006-09-07','2006-09-07',0,24,12,0,0,0,0,320,132,0,0,1,'2016-03-04','92986000-4',0,2,0,0,0,4,1,0,1,1,'2017-05-17',490,0,'NO',0,0,0,309.489795918367,'0'),(586001154,'7807265045615',0,'CUADERNO ROSS COLLEGE 80HJS CROQUIS ','CUADERNO ROSS CO',1,6,48,3,3,0,327,490,49.85,'','2006-09-07','2006-09-07',0,24,12,0,0,0,0,400,216,0,0,1,'2016-03-04','92986000-4',0,2,0,0,0,4,1,0,1,1,'2017-05-15',490,0,'NO',0,0,0,309.782608695652,'0'),(586001155,'7807265052354',0,'CUEDERNOS ROSS COLLEGE 80HJS CIENCIAS ','CUEDERNOS ROSS C',1,6,48,3,3,0,327,490,49.85,'','2006-09-07','2006-09-07',0,24,12,0,0,0,0,240,8,0,0,1,'2016-03-04','92986000-4',0,2,0,0,0,4,1,0,1,1,'2017-03-07',490,0,'NO',0,0,0,326.171548117155,'0'),(586001156,'7807265052378',0,'CUADERNO ROSS COLLEGE 80HJS CAL. HORIZONTAL','CUADERNO ROSS CO',1,6,48,3,3,0,327,490,49.85,'','2006-09-07','2006-09-07',0,24,12,0,0,0,0,400,105,0,0,1,'2016-03-04','92986000-4',0,2,0,0,0,4,1,0,1,1,'2017-04-26',490,0,'NO',0,0,0,318.211488250653,'0'),(586001157,'7807265052361',0,'CUADERNO ROSS COLLEGE 80HJS CAL. VERTICAL','CUADERNO ROSS CO',1,6,48,3,3,0,327,490,49.85,'','2006-09-07','2006-09-07',0,24,12,0,0,0,0,400,46,0,0,1,'2016-03-04','92986000-4',0,2,0,0,0,4,1,0,1,1,'2017-05-15',490,0,'NO',0,0,0,318.211488250653,'0'),(586001158,'7807265067044',0,'CUADERNO PROARTE COLLEGE PEPPA PIG 80 HJAS 7MM','CUADERNO PROARTE',1,6,48,3,3,0,663,1100,65.91,'NO','2006-09-07','2006-09-07',0,24,12,0,0,0,0,240,67,0,0,1,'2016-03-04','92986000-4',0,1,0,0,0,5,1,0,1,1,'2017-04-10',1100,0,'NO',0,0,0,645.266666666667,'0'),(586001159,'7807265973192',0,'CUADERNO PROARTE COLLEGE BARBIE 80 HOJAS 7MM ','CUADERNO PROARTE',1,6,48,3,3,0,663,1100,65.91,'NO','2006-09-07','2006-09-07',0,24,12,0,0,0,0,240,116,0,0,1,'2016-03-04','92986000-4',0,1,0,0,0,5,1,0,1,1,'2017-04-03',1100,0,'NO',0,0,0,633.444444444444,'0'),(586001160,'7807265061417',0,'CUADERNO PROARTE COLLEGE DOCTORA JUGUETES 80 HOJAS 7MM ','CUADERNO PROARTE',1,6,48,3,3,0,663,1100,65.91,'NO','2006-09-07','2006-09-07',0,24,12,0,0,0,0,240,122,0,0,1,'2016-03-04','92986000-4',0,1,0,0,0,5,1,0,1,1,'2017-05-03',1100,0,'NO',0,0,0,633.444444444444,'0'),(586001161,'7807265053344',0,'FORRO ROSS UNIVERSITARIO COLOR NARANJO','FORRO ROSS UNIVE',1,4,100,3,14,0,93.6,150,60.26,'','2006-09-07','2006-09-07',0,24,12,0,0,0,0,150,14,0,0,1,'2016-03-04','92986000-4',0,2,0,0,0,4,1,0,1,1,'2016-03-21',150,0,'NO',0,0,0,92.3103448275862,'0'),(586001162,'7807265053368',0,'FORRO ROSS UNIVERSITARIO COLOR ROJO','FORRO ROSS UNIVE',1,4,100,3,14,0,93.6,150,60.26,'','2006-09-07','2006-09-07',0,24,12,0,0,0,0,150,51,0,0,1,'2016-03-04','92986000-4',0,2,0,0,0,4,1,0,1,1,'2017-03-18',150,0,'NO',0,0,0,93.0945945945946,'0'),(586001163,'7807265056055',0,'CUADERNO PROARTE COLLEGE MY LITTLE PONY 80HJS 7MM','CUADERNO PROARTE',1,6,48,3,3,0,663,1100,65.91,'NO','2006-09-07','2006-09-07',0,24,12,0,0,0,0,240,100,0,0,1,'2016-03-04','92986000-4',0,1,0,0,0,5,1,0,1,1,'2017-05-10',1100,0,'NO',0,0,0,626.440758293839,'0'),(586001164,'7807265023866',0,'CUADERNO PROARTE COLLEGE LISO 100 HOJAS 7MM ','CUADERNO PROARTE',1,6,48,3,3,0,587,880,49.91,'','2006-09-07','2006-09-07',0,24,12,0,0,0,0,1040,536,0,0,1,'2016-07-14','92986000-4',0,2,0,0,0,5,1,0,1,1,'2017-04-12',880,0,'NO',0,0,0,573.668202764977,'0'),(586001165,'7807265050695',0,'CUADERNO PROARTE COLLEGE LISO 100HJS CAL. HORIZONTAL','CUADERNO PROARTE',1,6,48,3,3,0,587,880,49.91,'','2006-09-07','2006-09-07',0,24,12,0,0,0,0,240,57,0,0,1,'2016-03-04','92986000-4',0,2,0,0,0,5,1,0,1,1,'2017-05-08',880,0,'NO',0,0,0,576.753246753247,'0'),(586001166,'7807265066344',0,'CUADERNO PROARTE COLLEGE MIX PIXAR-DISNEY 80HJS 7MM','CUADERNO PROARTE',1,6,48,3,3,0,663,1100,65.91,'NO','2006-09-07','2006-09-07',0,24,12,0,0,0,0,240,46,0,0,1,'2016-03-04','92986000-4',0,1,0,0,0,5,1,0,1,1,'2017-03-13',1100,0,'NO',0,0,0,646.522123893805,'0'),(586001167,'7807265067020',0,'CUADERNO PROARTE COLLEGE CARS  80 HOJAS 7MM','CUADERNO PROARTE',1,6,48,3,3,0,663,1100,65.91,'NO','2006-09-07','2006-09-07',0,24,12,0,0,0,0,240,100,0,0,1,'2016-03-04','92986000-4',0,1,0,0,0,5,1,0,1,1,'2017-03-13',1100,0,'NO',0,0,0,638.818181818182,'0'),(586001168,'7807265070488',0,'CUADERNO PROARTE COLLEGE MINIONS 80HJS 7MM','CUADERNO PROARTE',1,6,48,3,3,0,684,1100,60.82,'NO','2006-09-07','2006-09-07',0,24,12,0,0,0,0,240,76,0,0,1,'2016-03-04','92986000-4',0,1,0,0,0,5,1,0,1,1,'2017-03-04',1100,0,'NO',0,0,0,625,'0'),(586001169,'7807265045233',0,'CAJA PLASTICA MAGIC CLIP REPUESTO 40 UDS','CAJA PLASTICA MA',1,6,24,3,23,0,717,1090,52.02,'','2006-09-07','2006-09-07',0,12,6,0,0,0,0,24,3,0,0,1,'2016-08-10','92986000-4',0,2,0,0,0,6,1,0,1,1,'2017-05-15',1090,0,'NO',0,0,0,717,'0'),(586001170,'7807265989032',0,'APRETADOR DOBLECLIP ISOFIT 3/4 19MM','APRETADOR DOBLEC',1,6,24,3,23,0,22,50,127.27,'','2006-09-07','2006-09-07',0,24,12,0,0,0,0,144,30,0,0,1,'2016-08-10','92986000-4',0,2,0,0,0,6,1,0,1,1,'2017-02-11',50,0,'NO',0,0,0,20.2,'0'),(586001171,'7807265989056',0,'APRETADOR DOBLECLIP ISOFIT 1 1/4 32MM','APRETADOR DOBLEC',1,6,24,3,23,0,53,100,88.68,'NO','2006-09-07','2006-09-07',0,6,3,0,0,0,0,144,94,0,0,1,'2016-08-10','92986000-4',0,1,0,0,0,6,1,0,1,1,'2017-01-26',100,0,'NO',0,0,0,45.1724137931034,'0'),(586001172,'7807265038242',0,'PERFORADOR PM - 40 NEGRO P/40HJS C/ GUIA MET ISOFIT ','PERFORADOR PM - ',1,6,18,3,15,0,4817,7220,49.89,'','2006-09-07','2006-09-07',0,12,6,0,0,0,0,9,0,0,0,1,'2016-08-10','92986000-4',0,2,0,0,0,6,1,0,1,1,'2014-01-01',7220,0,'NO',0,0,0,4817,'0'),(586001173,'7807265038211',0,'PERFORADOR PM-4 0 SILVER P/40HJS  C/GUIA MET ISOFIT ','PERFORADOR PM-4 ',1,6,18,3,15,0,4817,7220,49.89,'','2006-09-07','2006-09-07',0,6,3,0,0,0,0,9,0,0,0,1,'2016-08-10','92986000-4',0,2,0,0,0,6,1,0,1,1,'2014-01-01',7220,0,'NO',0,0,0,4817,'0'),(586001174,'7807265045059',0,'APRETADOR MAGIC CLIP ISOFIT + REPUESTOS','APRETADOR MAGIC ',1,6,12,3,23,0,956,1430,49.58,'','2006-09-07','2006-09-07',0,12,6,0,0,0,0,12,1,0,0,1,'2016-08-10','92986000-4',0,2,0,0,0,6,1,0,1,1,'2016-11-02',1430,0,'NO',0,0,0,956,'0'),(586001175,'7807265014987',0,'APRETADOR BOBLECLIP ISOFIT 1 5/8 41MM','APRETADOR BOBLEC',1,6,24,3,23,0,83,150,80.72,'NO','2006-09-07','2006-09-07',0,6,3,0,0,0,0,12,12,0,0,1,'2016-08-10','92986000-4',0,1,0,0,0,6,1,0,1,1,'2016-06-07',150,0,'NO',0,0,0,78,'0'),(586001176,'7807265988493',0,'CHINCHE ISOFIT DORADO CAJA DE 100','CHINCHE ISOFIT D',1,6,20,3,23,0,185,280,51.35,'','2006-09-07','2006-09-07',0,10,5,0,0,0,0,10,10,0,0,1,'2016-08-10','92986000-4',0,2,0,0,0,6,1,0,1,1,'2016-07-15',280,0,'NO',0,0,0,185,'0'),