(35119,'INSERT INTO gne_vale_ferreteria (vfe_id,vfe_fecha,vfe_total,vfe_estado,vfe_entregado,usu_nusuario) VALUES (4526,@@@2013.07.06@@@,1550,1,0,@@@b_SAEZ@@@)','',2,'2013-07-06'),(35120,'INSERT INTO gne_vale_ferreteria_mov (vfe_id,pro_codigo_plu,vfm_cantidad,vfm_unitario,vfm_total,vfm_entregado) VALUES (4526,12033,1,1550,1550,@@@NO@@@)','',2,'2013-07-06'),(35121,'INSERT INTO gne_vale_ferreteria (vfe_id,vfe_fecha,vfe_total,vfe_estado,vfe_entregado,usu_nusuario) VALUES (4527,@@@2013.07.06@@@,720,1,0,@@@b_SAEZ@@@)','',2,'2013-07-06'),(35122,'INSERT INTO gne_vale_ferreteria_mov (vfe_id,pro_codigo_plu,vfm_cantidad,vfm_unitario,vfm_total,vfm_entregado) VALUES (4527,764317,1,720,720,@@@NO@@@)','',2,'2013-07-06'),(35123,'INSERT INTO gne_vale_ferreteria (vfe_id,vfe_fecha,vfe_total,vfe_estado,vfe_entregado,usu_nusuario) VALUES (4528,@@@2013.07.06@@@,300,1,0,@@@b_SAEZ@@@)','',2,'2013-07-06'),(35124,'INSERT INTO gne_vale_ferreteria_mov (vfe_id,pro_codigo_plu,vfm_cantidad,vfm_unitario,vfm_total,vfm_entregado) VALUES (4528,78017090,1,300,300,@@@NO@@@)','',2,'2013-07-06'),(35125,'INSERT INTO gne_vale_ferreteria (vfe_id,vfe_fecha,vfe_total,vfe_estado,vfe_entregado,usu_nusuario) VALUES (4529,@@@2013.07.06@@@,600,1,0,@@@b_SAEZ@@@)','',2,'2013-07-06'),(35126,'INSERT INTO gne_vale_ferreteria_mov (vfe_id,pro_codigo_plu,vfm_cantidad,vfm_unitario,vfm_total,vfm_entregado) VALUES (4529,763869,1,150,150,@@@NO@@@)','',2,'2013-07-06'),(35127,'INSERT INTO gne_vale_ferreteria_mov (vfe_id,pro_codigo_plu,vfm_cantidad,vfm_unitario,vfm_total,vfm_entregado) VALUES (4529,764016,1,450,450,@@@NO@@@)','',2,'2013-07-06'),(35128,'UPDATE mae_productos SET pro_margen_actual=25,pro_precio_venta=750 WHERE pro_codigo_plu=12600','',2,'2013-07-06'),(35129,'UPDATE mae_productos SET pro_margen_actual=25,pro_precio_venta=750 WHERE pro_codigo_plu=12601','',2,'2013-07-06'),(35130,'UPDATE mae_productos SET pro_margen_actual=25,pro_precio_venta=750 WHERE pro_codigo_plu=12610','',2,'2013-07-06'),(35131,'UPDATE mae_productos SET pro_margen_actual=47.84,pro_precio_venta=890 WHERE pro_codigo_plu=18504','',2,'2013-07-06'),(35132,'UPDATE mae_productos SET pro_margen_actual=19.05,pro_precio_venta=750 WHERE pro_codigo_plu=17211','',2,'2013-07-06'),(35133,'UPDATE mae_productos SET pro_margen_actual=19.05,pro_precio_venta=750 WHERE pro_codigo_plu=17333','',2,'2013-07-06'),(35134,'INSERT INTO gne_vale_ferreteria (vfe_id,vfe_fecha,vfe_total,vfe_estado,vfe_entregado,usu_nusuario) VALUES (4530,@@@2013.07.06@@@,900,1,0,@@@b_SAEZ@@@)','',2,'2013-07-06'),(35135,'INSERT INTO gne_vale_ferreteria_mov (vfe_id,pro_codigo_plu,vfm_cantidad,vfm_unitario,vfm_total,vfm_entregado) VALUES (4530,78017202,2,450,900,@@@NO@@@)','',2,'2013-07-06'),(35136,'UPDATE mae_productos SET pro_margen_actual=33.65,pro_precio_venta=699 WHERE pro_codigo_plu=17204','',2,'2013-07-06'),(35137,'UPDATE mae_productos SET pro_precio_fiscal=pro_precio_venta WHERE pro_codigo_plu=17204','',2,'2013-07-06'),(35138,'UPDATE mae_productos SET pro_precio_fiscal=pro_precio_venta WHERE pro_codigo_plu=17211','',2,'2013-07-06'),(35139,'UPDATE mae_productos SET pro_precio_fiscal=pro_precio_venta WHERE pro_codigo_plu=17333','',2,'2013-07-06'),(35140,'UPDATE mae_productos SET pro_precio_fiscal=pro_precio_venta WHERE pro_codigo_plu=12601','',2,'2013-07-06'),(35141,'UPDATE mae_productos SET pro_precio_fiscal=pro_precio_venta WHERE pro_codigo_plu=12600','',2,'2013-07-06'),(35142,'UPDATE mae_productos SET pro_precio_fiscal=pro_precio_venta WHERE pro_codigo_plu=12610','',2,'2013-07-06'),(35143,'UPDATE mae_productos SET pro_precio_fiscal=pro_precio_venta WHERE pro_codigo_plu=18504','',2,'2013-07-06'),(35144,'INSERT INTO gne_vale_ferreteria (vfe_id,vfe_fecha,vfe_total,vfe_estado,vfe_entregado,usu_nusuario) VALUES (4531,@@@2013.07.06@@@,200,1,0,@@@b_SAEZ@@@)','',2,'2013-07-06'),(35145,'INSERT INTO gne_vale_ferreteria_mov (vfe_id,pro_codigo_plu,vfm_cantidad,vfm_unitario,vfm_total,vfm_entregado) VALUES (4531,3104,1,200,200,@@@NO@@@)','',2,'2013-07-06'),(35146,'INSERT INTO gne_vale_ferreteria (vfe_id,vfe_fecha,vfe_total,vfe_estado,vfe_entregado,usu_nusuario) VALUES (4532,@@@2013.07.06@@@,2190,1,0,@@@b_SAEZ@@@)','',2,'2013-07-06'),(35147,'INSERT INTO gne_vale_ferreteria_mov (vfe_id,pro_codigo_plu,vfm_cantidad,vfm_unitario,vfm_total,vfm_entregado) VALUES (4532,20976,1,1990,1990,@@@NO@@@)','',2,'2013-07-06'),(35148,'INSERT INTO gne_vale_ferreteria_mov (vfe_id,pro_codigo_plu,vfm_cantidad,vfm_unitario,vfm_total,vfm_entregado) VALUES (4532,2011,1,200,200,@@@NO@@@)','',2,'2013-07-06'),(35149,'UPDATE mae_productos SET pro_margen_actual=0,pro_precio_venta=1395 WHERE pro_codigo_plu=18064','',2,'2013-07-06'),(35150,'UPDATE mae_productos SET pro_precio_fiscal=pro_precio_venta WHERE pro_codigo_plu=18064','',2,'2013-07-06'),(35151,'INSERT INTO gne_vale_ferreteria (vfe_id,vfe_fecha,vfe_total,vfe_estado,vfe_entregado,usu_nusuario) VALUES (4533,@@@2013.07.06@@@,600,1,0,@@@b_SAEZ@@@)','',2,'2013-07-06'),(35152,'INSERT INTO gne_vale_ferreteria_mov (vfe_id,pro_codigo_plu,vfm_cantidad,vfm_unitario,vfm_total,vfm_entregado) VALUES (4533,78017090,1,300,300,@@@NO@@@)','',2,'2013-07-06'),(35153,'INSERT INTO gne_vale_ferreteria_mov (vfe_id,pro_codigo_plu,vfm_cantidad,vfm_unitario,vfm_total,vfm_entregado) VALUES (4533,780721221,1,300,300,@@@NO@@@)','',2,'2013-07-06'),(35154,'INSERT INTO gne_vale_ferreteria (vfe_id,vfe_fecha,vfe_total,vfe_estado,vfe_entregado,usu_nusuario) VALUES (4534,@@@2013.07.06@@@,350,1,0,@@@b_SAEZ@@@)','',2,'2013-07-06'),(35155,'INSERT INTO gne_vale_ferreteria_mov (vfe_id,pro_codigo_plu,vfm_cantidad,vfm_unitario,vfm_total,vfm_entregado) VALUES (4534,763721,1,350,350,@@@NO@@@)','',2,'2013-07-06'),(35156,'INSERT INTO gne_vale_ferreteria (vfe_id,vfe_fecha,vfe_total,vfe_estado,vfe_entregado,usu_nusuario) VALUES (4535,@@@2013.07.06@@@,790,1,0,@@@b_SAEZ@@@)','',2,'2013-07-06'),(35157,'INSERT INTO gne_vale_ferreteria_mov (vfe_id,pro_codigo_plu,vfm_cantidad,vfm_unitario,vfm_total,vfm_entregado) VALUES (4535,1071,1,790,790,@@@NO@@@)','',2,'2013-07-06'),(35158,'INSERT INTO gne_vale_ferreteria (vfe_id,vfe_fecha,vfe_total,vfe_estado,vfe_entregado,usu_nusuario) VALUES (4536,@@@2013.07.06@@@,330,1,0,@@@b_SAEZ@@@)','',2,'2013-07-06'),(35159,'INSERT INTO gne_vale_ferreteria_mov (vfe_id,pro_codigo_plu,vfm_cantidad,vfm_unitario,vfm_total,vfm_entregado) VALUES (4536,764778,1,330,330,@@@NO@@@)','',2,'2013-07-06'),(35160,'INSERT INTO gne_vale_ferreteria (vfe_id,vfe_fecha,vfe_total,vfe_estado,vfe_entregado,usu_nusuario) VALUES (4537,@@@2013.07.06@@@,130,1,0,@@@b_SAEZ@@@)','',2,'2013-07-06'),(35161,'INSERT INTO gne_vale_ferreteria_mov (vfe_id,pro_codigo_plu,vfm_cantidad,vfm_unitario,vfm_total,vfm_entregado) VALUES (4537,78017148,1,130,130,@@@NO@@@)','',2,'2013-07-06'),(35162,'INSERT INTO gne_vale_ferreteria (vfe_id,vfe_fecha,vfe_total,vfe_estado,vfe_entregado,usu_nusuario) VALUES (4538,@@@2013.07.06@@@,620,1,0,@@@b_SAEZ@@@)','',2,'2013-07-06'),(35163,'INSERT INTO gne_vale_ferreteria_mov (vfe_id,pro_codigo_plu,vfm_cantidad,vfm_unitario,vfm_total,vfm_entregado) VALUES (4538,11378,1,620,620,@@@NO@@@)','',2,'2013-07-06'),(35164,'INSERT INTO gne_vale_ferreteria (vfe_id,vfe_fecha,vfe_total,vfe_estado,vfe_entregado,usu_nusuario) VALUES (4539,@@@2013.07.06@@@,1690,1,0,@@@b_SAEZ@@@)','',2,'2013-07-06'),(35165,'INSERT INTO gne_vale_ferreteria_mov (vfe_id,pro_codigo_plu,vfm_cantidad,vfm_unitario,vfm_total,vfm_entregado) VALUES (4539,20394,1,100,100,@@@NO@@@)','',2,'2013-07-06'),(35166,'INSERT INTO gne_vale_ferreteria_mov (vfe_id,pro_codigo_plu,vfm_cantidad,vfm_unitario,vfm_total,vfm_entregado) VALUES (4539,762308,1,1490,1490,@@@NO@@@)','',2,'2013-07-06'),(35167,'INSERT INTO gne_vale_ferreteria_mov (vfe_id,pro_codigo_plu,vfm_cantidad,vfm_unitario,vfm_total,vfm_entregado) VALUES (4539,20368,1,100,100,@@@NO@@@)','',2,'2013-07-06'),(35168,'UPDATE mae_productos SET pro_margen_actual=42.86,pro_precio_venta=280 WHERE pro_codigo_plu=762184','',2,'2013-07-06'),(35169,'UPDATE mae_productos SET pro_margen_actual=36.36,pro_precio_venta=270 WHERE pro_codigo_plu=12454','',2,'2013-07-06'),(35170,'UPDATE mae_productos SET pro_margen_actual=35.22,pro_precio_venta=430 WHERE pro_codigo_plu=101240','',2,'2013-07-06'),(35171,'UPDATE mae_productos SET pro_margen_actual=44.41,pro_precio_venta=2790 WHERE pro_codigo_plu=17528','',2,'2013-07-06'),(35172,'UPDATE mae_productos SET pro_margen_actual=39.13,pro_precio_venta=320 WHERE pro_codigo_plu=17037','',2,'2013-07-06'),(35173,'UPDATE mae_productos SET pro_precio_fiscal=pro_precio_venta WHERE pro_codigo_plu=12454','',2,'2013-07-06'),(35174,'UPDATE mae_productos SET pro_precio_fiscal=pro_precio_venta WHERE pro_codigo_plu=17528','',2,'2013-07-06'),(35175,'UPDATE mae_productos SET pro_precio_fiscal=pro_precio_venta WHERE pro_codigo_plu=762184','',2,'2013-07-06'),(35176,'UPDATE mae_productos SET pro_precio_fiscal=pro_precio_venta WHERE pro_codigo_plu=101240','',2,'2013-07-06'),(35177,'UPDATE mae_productos SET pro_precio_fiscal=pro_precio_venta WHERE pro_codigo_plu=17037','',2,'2013-07-06'),(35178,'INSERT INTO gne_vale_ferreteria (vfe_id,vfe_fecha,vfe_total,vfe_estado,vfe_entregado,usu_nusuario) VALUES (4540,@@@2013.07.06@@@,320,1,0,@@@b_SAEZ@@@)','',2,'2013-07-06'),(35179,'INSERT INTO gne_vale_ferreteria_mov (vfe_id,pro_codigo_plu,vfm_cantidad,vfm_unitario,vfm_total,vfm_entregado) VALUES (4540,78017007,1,120,120,@@@NO@@@)','',2,'2013-07-06'),(35180,'INSERT INTO gne_vale_ferreteria_mov (vfe_id,pro_codigo_plu,vfm_cantidad,vfm_unitario,vfm_total,vfm_entregado) VALUES (4540,78017027,4,50,200,@@@NO@@@)','',2,'2013-07-06'),(35181,'INSERT INTO gne_vale_ferreteria (vfe_id,vfe_fecha,vfe_total,vfe_estado,vfe_entregado,usu_nusuario) VALUES (4541,@@@2013.07.06@@@,240,1,0,@@@b_SAEZ@@@)','',2,'2013-07-06'),(35182,'INSERT INTO gne_vale_ferreteria_mov (vfe_id,pro_codigo_plu,vfm_cantidad,vfm_unitario,vfm_total,vfm_entregado) VALUES (4541,761334,2,120,240,@@@NO@@@)','',2,'2013-07-06'),(35183,'INSERT INTO gne_vale_ferreteria (vfe_id,vfe_fecha,vfe_total,vfe_estado,vfe_entregado,usu_nusuario) VALUES (4542,@@@2013.07.06@@@,1350,1,0,@@@b_SAEZ@@@)','',2,'2013-07-06'),(35184,'INSERT INTO gne_vale_ferreteria_mov (vfe_id,pro_codigo_plu,vfm_cantidad,vfm_unitario,vfm_total,vfm_entregado) VALUES (4542,763479,1,1350,1350,@@@NO@@@)','',2,'2013-07-06'),(35185,'INSERT INTO gne_vale_ferreteria (vfe_id,vfe_fecha,vfe_total,vfe_estado,vfe_entregado,usu_nusuario) VALUES (4543,@@@2013.07.06@@@,300,1,0,@@@b_SAEZ@@@)','',2,'2013-07-06'),(35186,'INSERT INTO gne_vale_ferreteria_mov (vfe_id,pro_codigo_plu,vfm_cantidad,vfm_unitario,vfm_total,vfm_entregado) VALUES (4543,78017090,1,300,300,@@@NO@@@)','',2,'2013-07-06'),(35187,'INSERT INTO gne_vale_ferreteria (vfe_id,vfe_fecha,vfe_total,vfe_estado,vfe_entregado,usu_nusuario) VALUES (4544,@@@2013.07.06@@@,540,1,0,@@@b_SAEZ@@@)','',2,'2013-07-06'),(35188,'INSERT INTO gne_vale_ferreteria_mov (vfe_id,pro_codigo_plu,vfm_cantidad,vfm_unitario,vfm_total,vfm_entregado) VALUES (4544,19916,1,540,540,@@@NO@@@)','',2,'2013-07-06'),(35189,'INSERT INTO gne_vale_ferreteria (vfe_id,vfe_fecha,vfe_total,vfe_estado,vfe_entregado,usu_nusuario) VALUES (4545,@@@2013.07.06@@@,4980,1,0,@@@b_SAEZ@@@)','',2,'2013-07-06'),(35190,'INSERT INTO gne_vale_ferreteria_mov (vfe_id,pro_codigo_plu,vfm_cantidad,vfm_unitario,vfm_total,vfm_entregado) VALUES (4545,764951,1,2990,2990,@@@NO@@@)','',2,'2013-07-06'),(35191,'INSERT INTO gne_vale_ferreteria_mov (vfe_id,pro_codigo_plu,vfm_cantidad,vfm_unitario,vfm_total,vfm_entregado) VALUES (4545,764510,1,1990,1990,@@@NO@@@)','',2,'2013-07-06'),(35192,'INSERT INTO gne_vale_ferreteria (vfe_id,vfe_fecha,vfe_total,vfe_estado,vfe_entregado,usu_nusuario) VALUES (4546,@@@2013.07.06@@@,2580,1,0,@@@b_SAEZ@@@)','',2,'2013-07-06'),(35193,'INSERT INTO gne_vale_ferreteria_mov (vfe_id,pro_codigo_plu,vfm_cantidad,vfm_unitario,vfm_total,vfm_entregado) VALUES (4546,764510,1,1990,1990,@@@NO@@@)','',2,'2013-07-06'),(35194,'INSERT INTO gne_vale_ferreteria_mov (vfe_id,pro_codigo_plu,vfm_cantidad,vfm_unitario,vfm_total,vfm_entregado) VALUES (4546,4098,1,590,590,@@@NO@@@)','',2,'2013-07-06'),(35195,'INSERT INTO gne_vale_ferreteria (vfe_id,vfe_fecha,vfe_total,vfe_estado,vfe_entregado,usu_nusuario) VALUES (4547,@@@2013.07.06@@@,490,1,0,@@@b_SAEZ@@@)','',2,'2013-07-06'),(35196,'INSERT INTO gne_vale_ferreteria_mov (vfe_id,pro_codigo_plu,vfm_cantidad,vfm_unitario,vfm_total,vfm_entregado) VALUES (4547,764493,1,490,490,@@@NO@@@)','',2,'2013-07-06'),(35197,'INSERT INTO gne_vale_ferreteria (vfe_id,vfe_fecha,vfe_total,vfe_estado,vfe_entregado,usu_nusuario) VALUES (4548,@@@2013.07.06@@@,940,1,0,@@@b_SAEZ@@@)','',2,'2013-07-06'),(35198,'INSERT INTO gne_vale_ferreteria_mov (vfe_id,pro_codigo_plu,vfm_cantidad,vfm_unitario,vfm_total,vfm_entregado) VALUES (4548,770091,1,690,690,@@@NO@@@)','',2,'2013-07-06'),(35199,'INSERT INTO gne_vale_ferreteria_mov (vfe_id,pro_codigo_plu,vfm_cantidad,vfm_unitario,vfm_total,vfm_entregado) VALUES (4548,764583,1,250,250,@@@NO@@@)','',2,'2013-07-06'),(35200,'INSERT INTO gne_vale_ferreteria (vfe_id,vfe_fecha,vfe_total,vfe_estado,vfe_entregado,usu_nusuario) VALUES (4549,@@@2013.07.06@@@,180,1,0,@@@b_SAEZ@@@)','',2,'2013-07-06'),(35201,'INSERT INTO gne_vale_ferreteria_mov (vfe_id,pro_codigo_plu,vfm_cantidad,vfm_unitario,vfm_total,vfm_entregado) VALUES (4549,78017026,2,90,180,@@@NO@@@)','',2,'2013-07-06'),(35202,'INSERT INTO gne_vale_ferreteria (vfe_id,vfe_fecha,vfe_total,vfe_estado,vfe_entregado,usu_nusuario) VALUES (4550,@@@2013.07.06@@@,360,1,0,@@@b_SAEZ@@@)','',2,'2013-07-06'),(35203,'INSERT INTO gne_vale_ferreteria_mov (vfe_id,pro_codigo_plu,vfm_cantidad,vfm_unitario,vfm_total,vfm_entregado) VALUES (4550,78017026,4,90,360,@@@NO@@@)','',2,'2013-07-06'),(35204,'INSERT INTO gne_vale_ferreteria (vfe_id,vfe_fecha,vfe_total,vfe_estado,vfe_entregado,usu_nusuario) VALUES (4551,@@@2013.07.06@@@,490,1,0,@@@b_SAEZ@@@)','',2,'2013-07-06'),(35205,'INSERT INTO gne_vale_ferreteria_mov (vfe_id,pro_codigo_plu,vfm_cantidad,vfm_unitario,vfm_total,vfm_entregado) VALUES (4551,764223,1,490,490,@@@NO@@@)','',2,'2013-07-06'),(35206,'INSERT INTO gne_vale_ferreteria (vfe_id,vfe_fecha,vfe_total,vfe_estado,vfe_entregado,usu_nusuario) VALUES (4552,@@@2013.07.06@@@,120,1,0,@@@b_SAEZ@@@)','',2,'2013-07-06'),(35207,'INSERT INTO gne_vale_ferreteria_mov (vfe_id,pro_codigo_plu,vfm_cantidad,vfm_unitario,vfm_total,vfm_entregado) VALUES (4552,78017112,1,120,120,@@@NO@@@)','',2,'2013-07-06'),(35208,'INSERT INTO gne_vale_ferreteria (vfe_id,vfe_fecha,vfe_total,vfe_estado,vfe_entregado,usu_nusuario) VALUES (4553,@@@2013.07.06@@@,990,1,0,@@@b_SAEZ@@@)','',2,'2013-07-06'),(35209,'INSERT INTO gne_vale_ferreteria_mov (vfe_id,pro_codigo_plu,vfm_cantidad,vfm_unitario,vfm_total,vfm_entregado) VALUES (4553,764611,1,990,990,@@@NO@@@)','',2,'2013-07-06'),(35210,'INSERT INTO gne_vale_ferreteria (vfe_id,vfe_fecha,vfe_total,vfe_estado,vfe_entregado,usu_nusuario) VALUES (4554,@@@2013.07.06@@@,990,1,0,@@@b_SAEZ@@@)','',2,'2013-07-06'),(35211,'INSERT INTO gne_vale_ferreteria_mov (vfe_id,pro_codigo_plu,vfm_cantidad,vfm_unitario,vfm_total,vfm_entregado) VALUES (4554,763868,1,990,990,@@@NO@@@)','',2,'2013-07-06'),(35212,'INSERT INTO gne_vale_ferreteria (vfe_id,vfe_fecha,vfe_total,vfe_estado,vfe_entregado,usu_nusuario) VALUES (4555,@@@2013.07.06@@@,200,1,0,@@@b_SAEZ@@@)','',2,'2013-07-06'),(35213,'INSERT INTO gne_vale_ferreteria_mov (vfe_id,pro_codigo_plu,vfm_cantidad,vfm_unitario,vfm_total,vfm_entregado) VALUES (4555,78017168,2,100,200,@@@NO@@@)','',2,'2013-07-06'),(35214,'INSERT INTO gne_vale_ferreteria (vfe_id,vfe_fecha,vfe_total,vfe_estado,vfe_entregado,usu_nusuario) VALUES (4556,@@@2013.07.06@@@,190,1,0,@@@b_SAEZ@@@)','',2,'2013-07-06'),(35215,'INSERT INTO gne_vale_ferreteria_mov (vfe_id,pro_codigo_plu,vfm_cantidad,vfm_unitario,vfm_total,vfm_entregado) VALUES (4556,1537,1,190,190,@@@NO@@@)','',2,'2013-07-06'),(35216,'INSERT INTO gne_vale_ferreteria (vfe_id,vfe_fecha,vfe_total,vfe_estado,vfe_entregado,usu_nusuario) VALUES (4557,@@@2013.07.06@@@,600,1,0,@@@b_SAEZ@@@)','',2,'2013-07-06'),(35217,'INSERT INTO gne_vale_ferreteria_mov (vfe_id,pro_codigo_plu,vfm_cantidad,vfm_unitario,vfm_total,vfm_entregado) VALUES (4557,78017090,2,300,600,@@@NO@@@)','',2,'2013-07-06'),(35218,'INSERT INTO gne_vale_ferreteria (vfe_id,vfe_fecha,vfe_total,vfe_estado,vfe_entregado,usu_nusuario) VALUES (4558,@@@2013.07.06@@@,450,1,0,@@@b_SAEZ@@@)','',2,'2013-07-06'),(35219,'INSERT INTO gne_vale_ferreteria_mov (vfe_id,pro_codigo_plu,vfm_cantidad,vfm_unitario,vfm_total,vfm_entregado) VALUES (4558,763838,1,450,450,@@@NO@@@)','',2,'2013-07-06'),(35220,'INSERT INTO gne_vale_ferreteria (vfe_id,vfe_fecha,vfe_total,vfe_estado,vfe_entregado,usu_nusuario) VALUES (4559,@@@2013.07.06@@@,990,1,0,@@@b_SAEZ@@@)','',2,'2013-07-06'),(35221,'INSERT INTO gne_vale_ferreteria_mov (vfe_id,pro_codigo_plu,vfm_cantidad,vfm_unitario,vfm_total,vfm_entregado) VALUES (4559,770087,1,990,990,@@@NO@@@)','',2,'2013-07-06'),(35222,'INSERT INTO gne_vale_ferreteria (vfe_id,vfe_fecha,vfe_total,vfe_estado,vfe_entregado,usu_nusuario) VALUES (4560,@@@2013.07.06@@@,1550,1,0,@@@b_SAEZ@@@)','',2,'2013-07-06'),(35223,'INSERT INTO gne_vale_ferreteria_mov (vfe_id,pro_codigo_plu,vfm_cantidad,vfm_unitario,vfm_total,vfm_entregado) VALUES (4560,12033,1,1550,1550,@@@NO@@@)','',2,'2013-07-06'),(35224,'UPDATE mae_productos SET pro_precio_venta=3899,pro_margen_actual=30.1, pro_precio_compra_bruto=2997, pro_precio_compra_neto=2518.48739495798 WHERE pro_codigo_plu=14080','',2,'2013-07-06'),(35225,'UPDATE mae_productos SET pro_precio_venta=1750,pro_margen_actual=36.51, pro_precio_compra_bruto=1282, pro_precio_compra_neto=1077.31092436975 WHERE pro_codigo_plu=100889','',2,'2013-07-06'),(35226,'UPDATE mae_productos SET pro_precio_venta=1490,pro_margen_actual=50.51, pro_precio_compra_bruto=990, pro_precio_compra_neto=831.932773109244 WHERE pro_codigo_plu=762026','',2,'2013-07-06'),(35227,'UPDATE mae_productos SET pro_precio_compra_bruto=2997,pro_margen_actual=(pro_precio_venta-2997)/2997 * 100,pro_ultima_compra=@@@2013.07.06@@@,pro_ultimo_proveedor=@@@84348700-9@@@ WHERE pro_codigo_plu=14080','',2,'2013-07-06'),(35228,'UPDATE mae_productos SET pro_precio_compra_bruto=1590,pro_margen_actual=(pro_precio_venta-1590)/1590 * 100,pro_ultima_compra=@@@2013.07.06@@@,pro_ultimo_proveedor=@@@84348700-9@@@ WHERE pro_codigo_plu=14082','',2,'2013-07-06'),(35229,'UPDATE mae_productos SET pro_precio_compra_bruto=810,pro_margen_actual=(pro_precio_venta-810)/810 * 100,pro_ultima_compra=@@@2013.07.06@@@,pro_ultimo_proveedor=@@@84348700-9@@@ WHERE pro_codigo_plu=14081','',2,'2013-07-06'),(35230,'UPDATE mae_productos SET pro_precio_compra_bruto=1043,pro_margen_actual=(pro_precio_venta-1043)/1043 * 100,pro_ultima_compra=@@@2013.07.06@@@,pro_ultimo_proveedor=@@@84348700-9@@@ WHERE pro_codigo_plu=764537','',2,'2013-07-06'),(35231,'UPDATE mae_productos SET pro_precio_compra_bruto=1282,pro_margen_actual=(pro_precio_venta-1282)/1282 * 100,pro_ultima_compra=@@@2013.07.06@@@,pro_ultimo_proveedor=@@@84348700-9@@@ WHERE pro_codigo_plu=100889','',2,'2013-07-06'),(35232,'UPDATE mae_productos SET pro_precio_compra_bruto=990,pro_margen_actual=(pro_precio_venta-990)/990 * 100,pro_ultima_compra=@@@2013.07.06@@@,pro_ultimo_proveedor=@@@84348700-9@@@ WHERE pro_codigo_plu=763293','',2,'2013-07-06'),(35233,'UPDATE mae_productos SET pro_precio_compra_bruto=990,pro_margen_actual=(pro_precio_venta-990)/990 * 100,pro_ultima_compra=@@@2013.07.06@@@,pro_ultimo_proveedor=@@@84348700-9@@@ WHERE pro_codigo_plu=762026','',2,'2013-07-06'),(35234,'UPDATE mae_productos SET pro_precio_compra_bruto=1449,pro_margen_actual=(pro_precio_venta-1449)/1449 * 100,pro_ultima_compra=@@@2013.07.06@@@,pro_ultimo_proveedor=@@@84348700-9@@@ WHERE pro_codigo_plu=101623','',2,'2013-07-06'),(35235,'UPDATE mae_productos SET pro_precio_compra_bruto=1449,pro_margen_actual=(pro_precio_venta-1449)/1449 * 100,pro_ultima_compra=@@@2013.07.06@@@,pro_ultimo_proveedor=@@@84348700-9@@@ WHERE pro_codigo_plu=101624','',2,'2013-07-06'),(35236,'UPDATE mae_productos SET pro_precio_compra_bruto=1449,pro_margen_actual=(pro_precio_venta-1449)/1449 * 100,pro_ultima_compra=@@@2013.07.06@@@,pro_ultimo_proveedor=@@@84348700-9@@@ WHERE pro_codigo_plu=101625','',2,'2013-07-06'),(35237,'UPDATE mae_productos SET pro_precio_compra_bruto=1449,pro_margen_actual=(pro_precio_venta-1449)/1449 * 100,pro_ultima_compra=@@@2013.07.06@@@,pro_ultimo_proveedor=@@@84348700-9@@@ WHERE pro_codigo_plu=101680','',2,'2013-07-06'),(35238,'UPDATE mae_productos SET pro_precio_compra_bruto=1449,pro_margen_actual=(pro_precio_venta-1449)/1449 * 100,pro_ultima_compra=@@@2013.07.06@@@,pro_ultimo_proveedor=@@@84348700-9@@@ WHERE pro_codigo_plu=101852','',2,'2013-07-06'),(35239,'UPDATE mae_productos SET pro_precio_compra_bruto=1449,pro_margen_actual=(pro_precio_venta-1449)/1449 * 100,pro_ultima_compra=@@@2013.07.06@@@,pro_ultimo_proveedor=@@@84348700-9@@@ WHERE pro_codigo_plu=101620','',2,'2013-07-06'),(35240,'UPDATE mae_productos SET pro_precio_fiscal=pro_precio_venta WHERE pro_codigo_plu=762026','',2,'2013-07-06'),(35241,'UPDATE mae_productos SET pro_precio_fiscal=pro_precio_venta WHERE pro_codigo_plu=14080','',2,'2013-07-06'),(35242,'UPDATE mae_productos SET pro_precio_fiscal=pro_precio_venta WHERE pro_codigo_plu=100889','',2,'2013-07-06'),(35243,'INSERT INTO gne_vale_ferreteria (vfe_id,vfe_fecha,vfe_total,vfe_estado,vfe_entregado,usu_nusuario) VALUES (4561,@@@2013.07.06@@@,1800,1,0,@@@admin@@@)','',2,'2013-07-06'),(35244,'INSERT INTO gne_vale_ferreteria_mov (vfe_id,pro_codigo_plu,vfm_cantidad,vfm_unitario,vfm_total,vfm_entregado) VALUES (4561,78017026,20,90,1800,@@@NO@@@)','',2,'2013-07-06'),(35245,'INSERT INTO gne_vale_ferreteria (vfe_id,vfe_fecha,vfe_total,vfe_estado,vfe_entregado,usu_nusuario) VALUES (4562,@@@2013.07.06@@@,2990,1,0,@@@b_SAEZ@@@)','',2,'2013-07-06'),(35246,'INSERT INTO gne_vale_ferreteria_mov (vfe_id,pro_codigo_plu,vfm_cantidad,vfm_unitario,vfm_total,vfm_entregado) VALUES (4562,764528,1,2990,2990,@@@NO@@@)','',2,'2013-07-06'),(35247,'INSERT INTO gne_vale_ferreteria (vfe_id,vfe_fecha,vfe_total,vfe_estado,vfe_entregado,usu_nusuario) VALUES (4563,@@@2013.07.06@@@,3120,1,0,@@@b_SAEZ@@@)','',2,'2013-07-06'),(35248,'INSERT INTO gne_vale_ferreteria_mov (vfe_id,pro_codigo_plu,vfm_cantidad,vfm_unitario,vfm_total,vfm_entregado) VALUES (4563,764528,1,2990,2990,@@@NO@@@)','',2,'2013-07-06'),(35249,'INSERT INTO gne_vale_ferreteria_mov (vfe_id,pro_codigo_plu,vfm_cantidad,vfm_unitario,vfm_total,vfm_entregado) VALUES (4563,15967,1,130,130,@@@NO@@@)','',2,'2013-07-06'),(35250,'INSERT INTO mae_clientes (cli_id,cli_rut,cli_nombre,cli_direccion,cli_sucursal,cli_ciudad,cli_nombre_contacto,cli_cargo,cli_telefono,cli_fax,cli_celular,cli_mail,tcp_id,cli_fecha_nacimiento,cli_activo,cli_limite_credito,cli_giro,cli_sobrecargo,cli_credito_ilimitado,cli_descuento_venta,cli_comuna) VALUES (@@@14@@@,@@@17933137-3@@@,@@@BARBARA ESMERALDA SAEZ VILLAGRAN@@@,@@@JUDITH MARTINEZ 1380 LOS JARDINES@@@,@@@@@@,@@@NACIMIENTO@@@,@@@@@@,@@@VENDEDORA@@@,@@@@@@,@@@@@@,@@@82951755@@@,@@@@@@,@@@2@@@,@@@1991.05.05@@@,@@@1@@@,@@@35000@@@,@@@@@@,0,0,0,@@@NACIMIENTO@@@)','',2,'2013-07-06'),(35251,'INSERT INTO gne_vale_ferreteria (vfe_id,vfe_fecha,vfe_total,vfe_estado,vfe_entregado,usu_nusuario) VALUES (4564,@@@2013.07.06@@@,5380,1,0,@@@b_SAEZ@@@)','',2,'2013-07-06'),(35252,'INSERT INTO gne_vale_ferreteria_mov (vfe_id,pro_codigo_plu,vfm_cantidad,vfm_unitario,vfm_total,vfm_entregado) VALUES (4564,765015,1,4990,4990,@@@NO@@@)','',2,'2013-07-06'),(35253,'INSERT INTO gne_vale_ferreteria_mov (vfe_id,pro_codigo_plu,vfm_cantidad,vfm_unitario,vfm_total,vfm_entregado) VALUES (4564,780220121,1,390,390,@@@NO@@@)','',2,'2013-07-06'),(35254,'INSERT INTO gne_vale_ferreteria (vfe_id,vfe_fecha,vfe_total,vfe_estado,vfe_entregado,usu_nusuario) VALUES (4565,@@@2013.07.06@@@,1500,1,0,@@@b_SAEZ@@@)','',2,'2013-07-06'),(35255,'INSERT INTO gne_vale_ferreteria_mov (vfe_id,pro_codigo_plu,vfm_cantidad,vfm_unitario,vfm_total,vfm_entregado) VALUES (4565,763479,1,1350,1350,@@@NO@@@)','',2,'2013-07-06'),(35256,'INSERT INTO gne_vale_ferreteria_mov (vfe_id,pro_codigo_plu,vfm_cantidad,vfm_unitario,vfm_total,vfm_entregado) VALUES (4565,780721128,1,150,150,@@@NO@@@)','',2,'2013-07-06'),(35257,'INSERT INTO gne_vale_ferreteria (vfe_id,vfe_fecha,vfe_total,vfe_estado,vfe_entregado,usu_nusuario) VALUES (4566,@@@2013.07.06@@@,200,1,0,@@@b_SAEZ@@@)','',2,'2013-07-06'),(35258,'INSERT INTO gne_vale_ferreteria_mov (vfe_id,pro_codigo_plu,vfm_cantidad,vfm_unitario,vfm_total,vfm_entregado) VALUES (4566,765072,1,200,200,@@@NO@@@)','',2,'2013-07-06'),(35259,'INSERT INTO gne_vale_ferreteria (vfe_id,vfe_fecha,vfe_total,vfe_estado,vfe_entregado,usu_nusuario) VALUES (4567,@@@2013.07.07@@@,200,1,0,@@@G_DIAZ@@@)','',2,'2013-07-07'),(35260,'INSERT INTO gne_vale_ferreteria_mov (vfe_id,pro_codigo_plu,vfm_cantidad,vfm_unitario,vfm_total,vfm_entregado) VALUES (4567,78017027,4,50,200,@@@NO@@@)','',2,'2013-07-07'),(35261,'INSERT INTO gne_vale_ferreteria (vfe_id,vfe_fecha,vfe_total,vfe_estado,vfe_entregado,usu_nusuario) VALUES (4568,@@@2013.07.07@@@,1740,1,0,@@@G_DIAZ@@@)','',2,'2013-07-07'),(35262,'INSERT INTO gne_vale_ferreteria_mov (vfe_id,pro_codigo_plu,vfm_cantidad,vfm_unitario,vfm_total,vfm_entregado) VALUES (4568,7053,1,450,450,@@@NO@@@)','',2,'2013-07-07'),(35263,'INSERT INTO gne_vale_ferreteria_mov (vfe_id,pro_codigo_plu,vfm_cantidad,vfm_unitario,vfm_total,vfm_entregado) VALUES (4568,880096,1,1290,1290,@@@NO@@@)','',2,'2013-07-07'),(35264,'INSERT INTO gne_vale_ferreteria (vfe_id,vfe_fecha,vfe_total,vfe_estado,vfe_entregado,usu_nusuario) VALUES (4569,@@@2013.07.07@@@,200,1,0,@@@G_DIAZ@@@)','',2,'2013-07-07'),(35265,'INSERT INTO gne_vale_ferreteria_mov (vfe_id,pro_codigo_plu,vfm_cantidad,vfm_unitario,vfm_total,vfm_entregado) VALUES (4569,780220188,2,100,200,@@@NO@@@)','',2,'2013-07-07'),(35266,'INSERT INTO gne_vale_ferreteria (vfe_id,vfe_fecha,vfe_total,vfe_estado,vfe_entregado,usu_nusuario) VALUES (4570,@@@2013.07.07@@@,600,1,0,@@@G_DIAZ@@@)','',2,'2013-07-07'),(35267,'INSERT INTO gne_vale_ferreteria_mov (vfe_id,pro_codigo_plu,vfm_cantidad,vfm_unitario,vfm_total,vfm_entregado) VALUES (4570,78017027,12,50,600,@@@NO@@@)','',2,'2013-07-07'),(35268,'INSERT INTO gne_vale_ferreteria (vfe_id,vfe_fecha,vfe_total,vfe_estado,vfe_entregado,usu_nusuario) VALUES (4571,@@@2013.07.07@@@,440,1,0,@@@G_DIAZ@@@)','',2,'2013-07-07'),(35269,'INSERT INTO gne_vale_ferreteria_mov (vfe_id,pro_codigo_plu,vfm_cantidad,vfm_unitario,vfm_total,vfm_entregado) VALUES (4571,18387,2,200,400,@@@NO@@@)','',2,'2013-07-07'),(35270,'INSERT INTO gne_vale_ferreteria_mov (vfe_id,pro_codigo_plu,vfm_cantidad,vfm_unitario,vfm_total,vfm_entregado) VALUES (4571,78016966,2,20,40,@@@NO@@@)','',2,'2013-07-07'),(35271,'INSERT INTO gne_vale_ferreteria (vfe_id,vfe_fecha,vfe_total,vfe_estado,vfe_entregado,usu_nusuario) VALUES (4572,@@@2013.07.07@@@,1080,1,0,@@@G_DIAZ@@@)','',2,'2013-07-07'),(35272,'INSERT INTO gne_vale_ferreteria_mov (vfe_id,pro_codigo_plu,vfm_cantidad,vfm_unitario,vfm_total,vfm_entregado) VALUES (4572,78017026,12,90,1080,@@@NO@@@)','',2,'2013-07-07'),(35273,'INSERT INTO gne_vale_ferreteria (vfe_id,vfe_fecha,vfe_total,vfe_estado,vfe_entregado,usu_nusuario) VALUES (4573,@@@2013.07.07@@@,360,1,0,@@@G_DIAZ@@@)','',2,'2013-07-07'),(35274,'INSERT INTO gne_vale_ferreteria_mov (vfe_id,pro_codigo_plu,vfm_cantidad,vfm_unitario,vfm_total,vfm_entregado) VALUES (4573,78017026,4,90,360,@@@NO@@@)','',2,'2013-07-07'),(35275,'INSERT INTO gne_vale_ferreteria (vfe_id,vfe_fecha,vfe_total,vfe_estado,vfe_entregado,usu_nusuario) VALUES (4574,@@@2013.07.07@@@,200,1,0,@@@G_DIAZ@@@)','',2,'2013-07-07'),(35276,'INSERT INTO gne_vale_ferreteria_mov (vfe_id,pro_codigo_plu,vfm_cantidad,vfm_unitario,vfm_total,vfm_entregado) VALUES (4574,20368,2,100,200,@@@NO@@@)','',2,'2013-07-07'),(35277,'INSERT INTO gne_vale_ferreteria (vfe_id,vfe_fecha,vfe_total,vfe_estado,vfe_entregado,usu_nusuario) VALUES (4575,@@@2013.07.07@@@,2980,1,0,@@@G_DIAZ@@@)','',2,'2013-07-07'),(35278,'INSERT INTO gne_vale_ferreteria_mov (vfe_id,pro_codigo_plu,vfm_cantidad,vfm_unitario,vfm_total,vfm_entregado) VALUES (4575,101103,1,1390,1390,@@@NO@@@)','',2,'2013-07-07'),(35279,'INSERT INTO gne_vale_ferreteria_mov (vfe_id,pro_codigo_plu,vfm_cantidad,vfm_unitario,vfm_total,vfm_entregado) VALUES (4575,262011,1,1590,1590,@@@NO@@@)','',2,'2013-07-07'),(35280,'INSERT INTO gne_vale_ferreteria (vfe_id,vfe_fecha,vfe_total,vfe_estado,vfe_entregado,usu_nusuario) VALUES (4576,@@@2013.07.07@@@,620,1,0,@@@G_DIAZ@@@)','',2,'2013-07-07'),(35281,'INSERT INTO gne_vale_ferreteria_mov (vfe_id,pro_codigo_plu,vfm_cantidad,vfm_unitario,vfm_total,vfm_entregado) VALUES (4576,11378,1,620,620,@@@NO@@@)','',2,'2013-07-07'),(35282,'INSERT INTO gne_vale_ferreteria (vfe_id,vfe_fecha,vfe_total,vfe_estado,vfe_entregado,usu_nusuario) VALUES (4577,@@@2013.07.07@@@,2990,1,0,@@@G_DIAZ@@@)','',2,'2013-07-07'),(35283,'INSERT INTO gne_vale_ferreteria_mov (vfe_id,pro_codigo_plu,vfm_cantidad,vfm_unitario,vfm_total,vfm_entregado) VALUES (4577,1250,1,2990,2990,@@@NO@@@)','',2,'2013-07-07'),(35284,'INSERT INTO gne_vale_ferreteria (vfe_id,vfe_fecha,vfe_total,vfe_estado,vfe_entregado,usu_nusuario) VALUES (4578,@@@2013.07.07@@@,1990,1,0,@@@G_DIAZ@@@)','',2,'2013-07-07'),(35285,'INSERT INTO gne_vale_ferreteria_mov (vfe_id,pro_codigo_plu,vfm_cantidad,vfm_unitario,vfm_total,vfm_entregado) VALUES (4578,7653,1,1990,1990,@@@NO@@@)','',2,'2013-07-07'),(35286,'INSERT INTO gne_vale_ferreteria (vfe_id,vfe_fecha,vfe_total,vfe_estado,vfe_entregado,usu_nusuario) VALUES (4579,@@@2013.07.07@@@,420,1,0,@@@G_DIAZ@@@)','',2,'2013-07-07'),(35287,'INSERT INTO gne_vale_ferreteria_mov (vfe_id,pro_codigo_plu,vfm_cantidad,vfm_unitario,vfm_total,vfm_entregado) VALUES (4579,78017026,2,90,180,@@@NO@@@)','',2,'2013-07-07'),(35288,'INSERT INTO gne_vale_ferreteria_mov (vfe_id,pro_codigo_plu,vfm_cantidad,vfm_unitario,vfm_total,vfm_entregado) VALUES (4579,770001,3,80,240,@@@NO@@@)','',2,'2013-07-07'),(35289,'INSERT INTO gne_vale_ferreteria (vfe_id,vfe_fecha,vfe_total,vfe_estado,vfe_entregado,usu_nusuario) VALUES (4580,@@@2013.07.07@@@,490,1,0,@@@G_DIAZ@@@)','',2,'2013-07-07'),(35290,'INSERT INTO gne_vale_ferreteria_mov (vfe_id,pro_codigo_plu,vfm_cantidad,vfm_unitario,vfm_total,vfm_entregado) VALUES (4580,770005,1,490,490,@@@NO@@@)','',2,'2013-07-07'),(35291,'INSERT INTO gne_vale_ferreteria (vfe_id,vfe_fecha,vfe_total,vfe_estado,vfe_entregado,usu_nusuario) VALUES (4581,@@@2013.07.07@@@,290,1,0,@@@G_DIAZ@@@)','',2,'2013-07-07'),(35292,'INSERT INTO gne_vale_ferreteria_mov (vfe_id,pro_codigo_plu,vfm_cantidad,vfm_unitario,vfm_total,vfm_entregado) VALUES (4581,764296,1,290,290,@@@NO@@@)','',2,'2013-07-07'),(35293,'INSERT INTO gne_vale_ferreteria (vfe_id,vfe_fecha,vfe_total,vfe_estado,vfe_entregado,usu_nusuario) VALUES (4582,@@@2013.07.07@@@,360,1,0,@@@G_DIAZ@@@)','',2,'2013-07-07'),(35294,'INSERT INTO gne_vale_ferreteria_mov (vfe_id,pro_codigo_plu,vfm_cantidad,vfm_unitario,vfm_total,vfm_entregado) VALUES (4582,78017191,9,40,360,@@@NO@@@)','',2,'2013-07-07'),(35295,'INSERT INTO gne_vale_ferreteria (vfe_id,vfe_fecha,vfe_total,vfe_estado,vfe_entregado,usu_nusuario) VALUES (4583,@@@2013.07.07@@@,240,1,0,@@@G_DIAZ@@@)','',2,'2013-07-07'),(35296,'INSERT INTO gne_vale_ferreteria_mov (vfe_id,pro_codigo_plu,vfm_cantidad,vfm_unitario,vfm_total,vfm_entregado) VALUES (4583,78017191,6,40,240,@@@NO@@@)','',2,'2013-07-07'),(35297,'INSERT INTO gne_vale_ferreteria (vfe_id,vfe_fecha,vfe_total,vfe_estado,vfe_entregado,usu_nusuario) VALUES (4584,@@@2013.07.07@@@,150,1,0,@@@G_DIAZ@@@)','',2,'2013-07-07'),(35298,'INSERT INTO gne_vale_ferreteria_mov (vfe_id,pro_codigo_plu,vfm_cantidad,vfm_unitario,vfm_total,vfm_entregado) VALUES (4584,770062,1,150,150,@@@NO@@@)','',2,'2013-07-07'),(35299,'INSERT INTO gne_vale_ferreteria (vfe_id,vfe_fecha,vfe_total,vfe_estado,vfe_entregado,usu_nusuario) VALUES (4585,@@@2013.07.07@@@,960,1,0,@@@G_DIAZ@@@)','',2,'2013-07-07'),(35300,'INSERT INTO gne_vale_ferreteria_mov (vfe_id,pro_codigo_plu,vfm_cantidad,vfm_unitario,vfm_total,vfm_entregado) VALUES (4585,15927,2,480,960,@@@NO@@@)','',2,'2013-07-07'),(35301,'INSERT INTO gne_vale_ferreteria (vfe_id,vfe_fecha,vfe_total,vfe_estado,vfe_entregado,usu_nusuario) VALUES (4586,@@@2013.07.07@@@,990,1,0,@@@G_DIAZ@@@)','',2,'2013-07-07'),(35302,'INSERT INTO gne_vale_ferreteria_mov (vfe_id,pro_codigo_plu,vfm_cantidad,vfm_unitario,vfm_total,vfm_entregado) VALUES (4586,763984,1,990,990,@@@NO@@@)','',2,'2013-07-07'),(35303,'INSERT INTO gne_vale_ferreteria (vfe_id,vfe_fecha,vfe_total,vfe_estado,vfe_entregado,usu_nusuario) VALUES (4587,@@@2013.07.07@@@,680,1,0,@@@G_DIAZ@@@)','',2,'2013-07-07'),(35304,'INSERT INTO gne_vale_ferreteria_mov (vfe_id,pro_codigo_plu,vfm_cantidad,vfm_unitario,vfm_total,vfm_entregado) VALUES (4587,78017026,4,90,360,@@@NO@@@)','',2,'2013-07-07'),(35305,'INSERT INTO gne_vale_ferreteria_mov (vfe_id,pro_codigo_plu,vfm_cantidad,vfm_unitario,vfm_total,vfm_entregado) VALUES (4587,770001,4,80,320,@@@NO@@@)','',2,'2013-07-07'),(35306,'INSERT INTO gne_vale_ferreteria (vfe_id,vfe_fecha,vfe_total,vfe_estado,vfe_entregado,usu_nusuario) VALUES (4588,@@@2013.07.07@@@,640,1,0,@@@G_DIAZ@@@)','',2,'2013-07-07'),(35307,'INSERT INTO gne_vale_ferreteria_mov (vfe_id,pro_codigo_plu,vfm_cantidad,vfm_unitario,vfm_total,vfm_entregado) VALUES (4588,78017007,2,120,240,@@@NO@@@)','',2,'2013-07-07'),(35308,'INSERT INTO gne_vale_ferreteria_mov (vfe_id,pro_codigo_plu,vfm_cantidad,vfm_unitario,vfm_total,vfm_entregado) VALUES (4588,78017141,2,200,400,@@@NO@@@)','',2,'2013-07-07'),(35309,'INSERT INTO gne_vale_ferreteria (vfe_id,vfe_fecha,vfe_total,vfe_estado,vfe_entregado,usu_nusuario) VALUES (4589,@@@2013.07.07@@@,960,1,0,@@@G_DIAZ@@@)','',2,'2013-07-07'),(35310,'INSERT INTO gne_vale_ferreteria_mov (vfe_id,pro_codigo_plu,vfm_cantidad,vfm_unitario,vfm_total,vfm_entregado) VALUES (4589,15935,2,480,960,@@@NO@@@)','',2,'2013-07-07'),(35311,'INSERT INTO gne_vale_ferreteria (vfe_id,vfe_fecha,vfe_total,vfe_estado,vfe_entregado,usu_nusuario) VALUES (4590,@@@2013.07.07@@@,160,1,0,@@@G_DIAZ@@@)','',2,'2013-07-07'),(35312,'INSERT INTO gne_vale_ferreteria_mov (vfe_id,pro_codigo_plu,vfm_cantidad,vfm_unitario,vfm_total,vfm_entregado) VALUES (4590,16430,1,160,160,@@@NO@@@)','',2,'2013-07-07'),(35313,'INSERT INTO gne_vale_ferreteria (vfe_id,vfe_fecha,vfe_total,vfe_estado,vfe_entregado,usu_nusuario) VALUES (4591,@@@2013.07.07@@@,600,1,0,@@@G_DIAZ@@@)','',2,'2013-07-07'),(35314,'INSERT INTO gne_vale_ferreteria_mov (vfe_id,pro_codigo_plu,vfm_cantidad,vfm_unitario,vfm_total,vfm_entregado) VALUES (4591,780721222,2,300,600,@@@NO@@@)','',2,'2013-07-07'),(35315,'INSERT INTO gne_vale_ferreteria (vfe_id,vfe_fecha,vfe_total,vfe_estado,vfe_entregado,usu_nusuario) VALUES (4592,@@@2013.07.07@@@,2590,1,0,@@@G_DIAZ@@@)','',2,'2013-07-07'),(35316,'INSERT INTO gne_vale_ferreteria_mov (vfe_id,pro_codigo_plu,vfm_cantidad,vfm_unitario,vfm_total,vfm_entregado) VALUES (4592,763674,1,2590,2590,@@@NO@@@)','',2,'2013-07-07'),(35317,'INSERT INTO gne_vale_ferreteria (vfe_id,vfe_fecha,vfe_total,vfe_estado,vfe_entregado,usu_nusuario) VALUES (4593,@@@2013.07.07@@@,1430,1,0,@@@G_DIAZ@@@)','',2,'2013-07-07'),(35318,'INSERT INTO gne_vale_ferreteria_mov (vfe_id,pro_codigo_plu,vfm_cantidad,vfm_unitario,vfm_total,vfm_entregado) VALUES (4593,78017202,1,450,450,@@@NO@@@)','',2,'2013-07-07'),(35319,'INSERT INTO gne_vale_ferreteria_mov (vfe_id,pro_codigo_plu,vfm_cantidad,vfm_unitario,vfm_total,vfm_entregado) VALUES (4593,770005,2,490,980,@@@NO@@@)','',2,'2013-07-07'),(35320,'INSERT INTO gne_vale_ferreteria (vfe_id,vfe_fecha,vfe_total,vfe_estado,vfe_entregado,usu_nusuario) VALUES (4594,@@@2013.07.07@@@,1450,1,0,@@@G_DIAZ@@@)','',2,'2013-07-07'),(35321,'INSERT INTO gne_vale_ferreteria_mov (vfe_id,pro_codigo_plu,vfm_cantidad,vfm_unitario,vfm_total,vfm_entregado) VALUES (4594,761991,1,790,790,@@@NO@@@)','',2,'2013-07-07'),(35322,'INSERT INTO gne_vale_ferreteria_mov (vfe_id,pro_codigo_plu,vfm_cantidad,vfm_unitario,vfm_total,vfm_entregado) VALUES (4594,78017145,2,290,580,@@@NO@@@)','',2,'2013-07-07'),(35323,'INSERT INTO gne_vale_ferreteria_mov (vfe_id,pro_codigo_plu,vfm_cantidad,vfm_unitario,vfm_total,vfm_entregado) VALUES (4594,770001,1,80,80,@@@NO@@@)','',2,'2013-07-07'),(35324,'INSERT INTO gne_vale_ferreteria (vfe_id,vfe_fecha,vfe_total,vfe_estado,vfe_entregado,usu_nusuario) VALUES (4595,@@@2013.07.07@@@,540,1,0,@@@G_DIAZ@@@)','',2,'2013-07-07'),(35325,'INSERT INTO gne_vale_ferreteria_mov (vfe_id,pro_codigo_plu,vfm_cantidad,vfm_unitario,vfm_total,vfm_entregado) VALUES (4595,19916,1,540,540,@@@NO@@@)','',2,'2013-07-07'),(35326,'INSERT INTO gne_vale_ferreteria (vfe_id,vfe_fecha,vfe_total,vfe_estado,vfe_entregado,usu_nusuario) VALUES (4596,@@@2013.07.07@@@,1050,1,0,@@@G_DIAZ@@@)','',2,'2013-07-07'),(35327,'INSERT INTO gne_vale_ferreteria_mov (vfe_id,pro_codigo_plu,vfm_cantidad,vfm_unitario,vfm_total,vfm_entregado) VALUES (4596,1542,2,100,200,@@@NO@@@)','',2,'2013-07-07'),(35328,'INSERT INTO gne_vale_ferreteria_mov (vfe_id,pro_codigo_plu,vfm_cantidad,vfm_unitario,vfm_total,vfm_entregado) VALUES (4596,763794,1,850,850,@@@NO@@@)','',2,'2013-07-07'),(35329,'INSERT INTO gne_vale_ferreteria (vfe_id,vfe_fecha,vfe_total,vfe_estado,vfe_entregado,usu_nusuario) VALUES (4597,@@@2013.07.07@@@,200,1,0,@@@G_DIAZ@@@)','',2,'2013-07-07'),(35330,'INSERT INTO gne_vale_ferreteria_mov (vfe_id,pro_codigo_plu,vfm_cantidad,vfm_unitario,vfm_total,vfm_entregado) VALUES (4597,78017027,4,50,200,@@@NO@@@)','',2,'2013-07-07'),(35331,'INSERT INTO gne_vale_ferreteria (vfe_id,vfe_fecha,vfe_total,vfe_estado,vfe_entregado,usu_nusuario) VALUES (4598,@@@2013.07.07@@@,380,1,0,@@@G_DIAZ@@@)','',2,'2013-07-07'),(35332,'INSERT INTO gne_vale_ferreteria_mov (vfe_id,pro_codigo_plu,vfm_cantidad,vfm_unitario,vfm_total,vfm_entregado) VALUES (4598,1537,2,190,380,@@@NO@@@)','',2,'2013-07-07'),(35333,'INSERT INTO gne_vale_ferreteria (vfe_id,vfe_fecha,vfe_total,vfe_estado,vfe_entregado,usu_nusuario) VALUES (4599,@@@2013.07.07@@@,780,1,0,@@@G_DIAZ@@@)','',2,'2013-07-07'),(35334,'INSERT INTO gne_vale_ferreteria_mov (vfe_id,pro_codigo_plu,vfm_cantidad,vfm_unitario,vfm_total,vfm_entregado) VALUES (4599,15929,6,130,780,@@@NO@@@)','',2,'2013-07-07'),(35335,'INSERT INTO gne_vale_ferreteria (vfe_id,vfe_fecha,vfe_total,vfe_estado,vfe_entregado,usu_nusuario) VALUES (4600,@@@2013.07.07@@@,1490,1,0,@@@G_DIAZ@@@)','',2,'2013-07-07'),(35336,'INSERT INTO gne_vale_ferreteria_mov (vfe_id,pro_codigo_plu,vfm_cantidad,vfm_unitario,vfm_total,vfm_entregado) VALUES (4600,764564,1,1490,1490,@@@NO@@@)','',2,'2013-07-07'),(35337,'INSERT INTO gne_vale_ferreteria (vfe_id,vfe_fecha,vfe_total,vfe_estado,vfe_entregado,usu_nusuario) VALUES (4601,@@@2013.07.07@@@,120,1,0,@@@G_DIAZ@@@)','',2,'2013-07-07'),(35338,'INSERT INTO gne_vale_ferreteria_mov (vfe_id,pro_codigo_plu,vfm_cantidad,vfm_unitario,vfm_total,vfm_entregado) VALUES (4601,8022,1,120,120,@@@NO@@@)','',2,'2013-07-07'),(35339,'INSERT INTO gne_vale_ferreteria (vfe_id,vfe_fecha,vfe_total,vfe_estado,vfe_entregado,usu_nusuario) VALUES (4602,@@@2013.07.07@@@,440,1,0,@@@G_DIAZ@@@)','',2,'2013-07-07'),(35340,'INSERT INTO gne_vale_ferreteria_mov (vfe_id,pro_codigo_plu,vfm_cantidad,vfm_unitario,vfm_total,vfm_entregado) VALUES (4602,78017027,4,50,200,@@@NO@@@)','',2,'2013-07-07'),(35341,'INSERT INTO gne_vale_ferreteria_mov (vfe_id,pro_codigo_plu,vfm_cantidad,vfm_unitario,vfm_total,vfm_entregado) VALUES (4602,770001,3,80,240,@@@NO@@@)','',2,'2013-07-07'),(35342,'INSERT INTO gne_vale_ferreteria (vfe_id,vfe_fecha,vfe_total,vfe_estado,vfe_entregado,usu_nusuario) VALUES (4603,@@@2013.07.07@@@,1390,1,0,@@@G_DIAZ@@@)','',2,'2013-07-07'),(35343,'INSERT INTO gne_vale_ferreteria_mov (vfe_id,pro_codigo_plu,vfm_cantidad,vfm_unitario,vfm_total,vfm_entregado) VALUES (4603,763283,1,1390,1390,@@@NO@@@)','',2,'2013-07-07'),(35344,'INSERT INTO gne_vale_ferreteria (vfe_id,vfe_fecha,vfe_total,vfe_estado,vfe_entregado,usu_nusuario) VALUES (4604,@@@2013.07.07@@@,390,1,0,@@@G_DIAZ@@@)','',2,'2013-07-07'),(35345,'INSERT INTO gne_vale_ferreteria_mov (vfe_id,pro_codigo_plu,vfm_cantidad,vfm_unitario,vfm_total,vfm_entregado) VALUES (4604,1535,1,390,390,@@@NO@@@)','',2,'2013-07-07'),(35346,'INSERT INTO gne_vale_ferreteria (vfe_id,vfe_fecha,vfe_total,vfe_estado,vfe_entregado,usu_nusuario) VALUES (4605,@@@2013.07.07@@@,620,1,0,@@@G_DIAZ@@@)','',2,'2013-07-07'),(35347,'INSERT INTO gne_vale_ferreteria_mov (vfe_id,pro_codigo_plu,vfm_cantidad,vfm_unitario,vfm_total,vfm_entregado) VALUES (4605,78017026,6,90,540,@@@NO@@@)','',2,'2013-07-07'),(35348,'INSERT INTO gne_vale_ferreteria_mov (vfe_id,pro_codigo_plu,vfm_cantidad,vfm_unitario,vfm_total,vfm_entregado) VALUES (4605,770001,1,80,80,@@@NO@@@)','',2,'2013-07-07'),(35349,'INSERT INTO gne_vale_ferreteria (vfe_id,vfe_fecha,vfe_total,vfe_estado,vfe_entregado,usu_nusuario) VALUES (4606,@@@2013.07.07@@@,130,1,0,@@@G_DIAZ@@@)','',2,'2013-07-07'),(35350,'INSERT INTO gne_vale_ferreteria_mov (vfe_id,pro_codigo_plu,vfm_cantidad,vfm_unitario,vfm_total,vfm_entregado) VALUES (4606,78017148,1,130,130,@@@NO@@@)','',2,'2013-07-07'),(35351,'INSERT INTO gne_vale_ferreteria (vfe_id,vfe_fecha,vfe_total,vfe_estado,vfe_entregado,usu_nusuario) VALUES (4607,@@@2013.07.07@@@,120,1,0,@@@G_DIAZ@@@)','',2,'2013-07-07'),(35352,'INSERT INTO gne_vale_ferreteria_mov (vfe_id,pro_codigo_plu,vfm_cantidad,vfm_unitario,vfm_total,vfm_entregado) VALUES (4607,8022,1,120,120,@@@NO@@@)','',2,'2013-07-07'),(35353,'INSERT INTO gne_vale_ferreteria (vfe_id,vfe_fecha,vfe_total,vfe_estado,vfe_entregado,usu_nusuario) VALUES (4608,@@@2013.07.07@@@,120,1,0,@@@G_DIAZ@@@)','',2,'2013-07-07'),(35354,'INSERT INTO gne_vale_ferreteria_mov (vfe_id,pro_codigo_plu,vfm_cantidad,vfm_unitario,vfm_total,vfm_entregado) VALUES (4608,78017004,1,120,120,@@@NO@@@)','',2,'2013-07-07'),(35355,'INSERT INTO gne_vale_ferreteria (vfe_id,vfe_fecha,vfe_total,vfe_estado,vfe_entregado,usu_nusuario) VALUES (4609,@@@2013.07.07@@@,1040,1,0,@@@G_DIAZ@@@)','',2,'2013-07-07'),(35356,'INSERT INTO gne_vale_ferreteria_mov (vfe_id,pro_codigo_plu,vfm_cantidad,vfm_unitario,vfm_total,vfm_entregado) VALUES (4609,764272,1,450,450,@@@NO@@@)','',2,'2013-07-07'),(35357,'INSERT INTO gne_vale_ferreteria_mov (vfe_id,pro_codigo_plu,vfm_cantidad,vfm_unitario,vfm_total,vfm_entregado) VALUES (4609,763791,1,590,590,@@@NO@@@)','',2,'2013-07-07'),(35358,'INSERT INTO gne_vale_ferreteria (vfe_id,vfe_fecha,vfe_total,vfe_estado,vfe_entregado,usu_nusuario) VALUES (4610,@@@2013.07.07@@@,6180,1,0,@@@G_DIAZ@@@)','',2,'2013-07-07'),(35359,'INSERT INTO gne_vale_ferreteria_mov (vfe_id,pro_codigo_plu,vfm_cantidad,vfm_unitario,vfm_total,vfm_entregado) VALUES (4610,765015,1,4990,4990,@@@NO@@@)','',2,'2013-07-07'),(35360,'INSERT INTO gne_vale_ferreteria_mov (vfe_id,pro_codigo_plu,vfm_cantidad,vfm_unitario,vfm_total,vfm_entregado) VALUES (4610,765027,1,1190,1190,@@@NO@@@)','',2,'2013-07-07'),(35361,'INSERT INTO gne_vale_ferreteria (vfe_id,vfe_fecha,vfe_total,vfe_estado,vfe_entregado,usu_nusuario) VALUES (4611,@@@2013.07.07@@@,150,1,0,@@@G_DIAZ@@@)','',2,'2013-07-07'),(35362,'INSERT INTO gne_vale_ferreteria_mov (vfe_id,pro_codigo_plu,vfm_cantidad,vfm_unitario,vfm_total,vfm_entregado) VALUES (4611,78017027,3,50,150,@@@NO@@@)','',2,'2013-07-07'),(35363,'INSERT INTO gne_vale_ferreteria (vfe_id,vfe_fecha,vfe_total,vfe_estado,vfe_entregado,usu_nusuario) VALUES (4612,@@@2013.07.07@@@,450,1,0,@@@G_DIAZ@@@)','',2,'2013-07-07'),(35364,'INSERT INTO gne_vale_ferreteria_mov (vfe_id,pro_codigo_plu,vfm_cantidad,vfm_unitario,vfm_total,vfm_entregado) VALUES (4612,763588,1,330,330,@@@NO@@@)','',2,'2013-07-07'),(35365,'INSERT INTO gne_vale_ferreteria_mov (vfe_id,pro_codigo_plu,vfm_cantidad,vfm_unitario,vfm_total,vfm_entregado) VALUES (4612,78017008,1,120,120,@@@NO@@@)','',2,'2013-07-07'),(35366,'INSERT INTO gne_vale_ferreteria (vfe_id,vfe_fecha,vfe_total,vfe_estado,vfe_entregado,usu_nusuario) VALUES (4613,@@@2013.07.07@@@,600,1,0,@@@G_DIAZ@@@)','',2,'2013-07-07'),(35367,'INSERT INTO gne_vale_ferreteria_mov (vfe_id,pro_codigo_plu,vfm_cantidad,vfm_unitario,vfm_total,vfm_entregado) VALUES (4613,78017049,2,300,600,@@@NO@@@)','',2,'2013-07-07'),(35368,'INSERT INTO gne_vale_ferreteria (vfe_id,vfe_fecha,vfe_total,vfe_estado,vfe_entregado,usu_nusuario) VALUES (4614,@@@2013.07.07@@@,760,1,0,@@@G_DIAZ@@@)','',2,'2013-07-07'),(35369,'INSERT INTO gne_vale_ferreteria_mov (vfe_id,pro_codigo_plu,vfm_cantidad,vfm_unitario,vfm_total,vfm_entregado) VALUES (4614,78017139,2,200,400,@@@NO@@@)','',2,'2013-07-07'),(35370,'INSERT INTO gne_vale_ferreteria_mov (vfe_id,pro_codigo_plu,vfm_cantidad,vfm_unitario,vfm_total,vfm_entregado) VALUES (4614,78017000,1,120,120,@@@NO@@@)','',2,'2013-07-07'),(35371,'INSERT INTO gne_vale_ferreteria_mov (vfe_id,pro_codigo_plu,vfm_cantidad,vfm_unitario,vfm_total,vfm_entregado) VALUES (4614,770001,3,80,240,@@@NO@@@)','',2,'2013-07-07'),(35372,'INSERT INTO gne_vale_ferreteria (vfe_id,vfe_fecha,vfe_total,vfe_estado,vfe_entregado,usu_nusuario) VALUES (4615,@@@2013.07.07@@@,1830,1,0,@@@G_DIAZ@@@)','',2,'2013-07-07'),(35373,'INSERT INTO gne_vale_ferreteria_mov (vfe_id,pro_codigo_plu,vfm_cantidad,vfm_unitario,vfm_total,vfm_entregado) VALUES (4615,78017027,2,50,100,@@@NO@@@)','',2,'2013-07-07'),(35374,'INSERT INTO gne_vale_ferreteria_mov (vfe_id,pro_codigo_plu,vfm_cantidad,vfm_unitario,vfm_total,vfm_entregado) VALUES (4615,78017026,2,90,180,@@@NO@@@)','',2,'2013-07-07'),(35375,'INSERT INTO gne_vale_ferreteria_mov (vfe_id,pro_codigo_plu,vfm_cantidad,vfm_unitario,vfm_total,vfm_entregado) VALUES (4615,763672,1,1550,1550,@@@NO@@@)','',2,'2013-07-07'),(35376,'INSERT INTO gne_vale_ferreteria (vfe_id,vfe_fecha,vfe_total,vfe_estado,vfe_entregado,usu_nusuario) VALUES (4616,@@@2013.07.07@@@,340,1,0,@@@G_DIAZ@@@)','',2,'2013-07-07'),(35377,'INSERT INTO gne_vale_ferreteria_mov (vfe_id,pro_codigo_plu,vfm_cantidad,vfm_unitario,vfm_total,vfm_entregado) VALUES (4616,78017026,2,90,180,@@@NO@@@)','',2,'2013-07-07'),(35378,'INSERT INTO gne_vale_ferreteria_mov (vfe_id,pro_codigo_plu,vfm_cantidad,vfm_unitario,vfm_total,vfm_entregado) VALUES (4616,770001,2,80,160,@@@NO@@@)','',2,'2013-07-07'),(35379,'INSERT INTO gne_vale_ferreteria (vfe_id,vfe_fecha,vfe_total,vfe_estado,vfe_entregado,usu_nusuario) VALUES (4617,@@@2013.07.07@@@,260,1,0,@@@G_DIAZ@@@)','',2,'2013-07-07'),(35380,'INSERT INTO gne_vale_ferreteria_mov (vfe_id,pro_codigo_plu,vfm_cantidad,vfm_unitario,vfm_total,vfm_entregado) VALUES (4617,15929,2,130,260,@@@NO@@@)','',2,'2013-07-07'),(35381,'INSERT INTO gne_vale_ferreteria (vfe_id,vfe_fecha,vfe_total,vfe_estado,vfe_entregado,usu_nusuario) VALUES (4618,@@@2013.07.07@@@,360,1,0,@@@G_DIAZ@@@)','',2,'2013-07-07'),(35382,'INSERT INTO gne_vale_ferreteria_mov (vfe_id,pro_codigo_plu,vfm_cantidad,vfm_unitario,vfm_total,vfm_entregado) VALUES (4618,78017026,4,90,360,@@@NO@@@)','',2,'2013-07-07'),(35383,'INSERT INTO gne_vale_ferreteria (vfe_id,vfe_fecha,vfe_total,vfe_estado,vfe_entregado,usu_nusuario) VALUES (4619,@@@2013.07.07@@@,4700,1,0,@@@G_DIAZ@@@)','',2,'2013-07-07'),(35384,'INSERT INTO gne_vale_ferreteria_mov (vfe_id,pro_codigo_plu,vfm_cantidad,vfm_unitario,vfm_total,vfm_entregado) VALUES (4619,1552,2,490,980,@@@NO@@@)','',2,'2013-07-07'),(35385,'INSERT INTO gne_vale_ferreteria_mov (vfe_id,pro_codigo_plu,vfm_cantidad,vfm_unitario,vfm_total,vfm_entregado) VALUES (4619,764747,2,590,1180,@@@NO@@@)','',2,'2013-07-07'),(35386,'INSERT INTO gne_vale_ferreteria_mov (vfe_id,pro_codigo_plu,vfm_cantidad,vfm_unitario,vfm_total,vfm_entregado) VALUES (4619,1547,2,390,780,@@@NO@@@)','',2,'2013-07-07'),(35387,'INSERT INTO gne_vale_ferreteria_mov (vfe_id,pro_codigo_plu,vfm_cantidad,vfm_unitario,vfm_total,vfm_entregado) VALUES (4619,1536,2,290,580,@@@NO@@@)','',2,'2013-07-07'),(35388,'INSERT INTO gne_vale_ferreteria_mov (vfe_id,pro_codigo_plu,vfm_cantidad,vfm_unitario,vfm_total,vfm_entregado) VALUES (4619,1555,2,590,1180,@@@NO@@@)','',2,'2013-07-07'),(35389,'INSERT INTO gne_vale_ferreteria (vfe_id,vfe_fecha,vfe_total,vfe_estado,vfe_entregado,usu_nusuario) VALUES (4620,@@@2013.07.07@@@,240,1,0,@@@G_DIAZ@@@)','',2,'2013-07-07'),(35390,'INSERT INTO gne_vale_ferreteria_mov (vfe_id,pro_codigo_plu,vfm_cantidad,vfm_unitario,vfm_total,vfm_entregado) VALUES (4620,78017008,2,120,240,@@@NO@@@)','',2,'2013-07-07'),(35391,'INSERT INTO gne_vale_ferreteria (vfe_id,vfe_fecha,vfe_total,vfe_estado,vfe_entregado,usu_nusuario) VALUES (4621,@@@2013.07.07@@@,710,1,0,@@@G_DIAZ@@@)','',2,'2013-07-07'),(35392,'INSERT INTO gne_vale_ferreteria_mov (vfe_id,pro_codigo_plu,vfm_cantidad,vfm_unitario,vfm_total,vfm_entregado) VALUES (4621,78017154,1,120,120,@@@NO@@@)','',2,'2013-07-07'),(35393,'INSERT INTO gne_vale_ferreteria_mov (vfe_id,pro_codigo_plu,vfm_cantidad,vfm_unitario,vfm_total,vfm_entregado) VALUES (4621,1535,1,390,390,@@@NO@@@)','',2,'2013-07-07'),(35394,'INSERT INTO gne_vale_ferreteria_mov (vfe_id,pro_codigo_plu,vfm_cantidad,vfm_unitario,vfm_total,vfm_entregado) VALUES (4621,101101,1,200,200,@@@NO@@@)','',2,'2013-07-07'),(35395,'INSERT INTO gne_vale_ferreteria (vfe_id,vfe_fecha,vfe_total,vfe_estado,vfe_entregado,usu_nusuario) VALUES (4622,@@@2013.07.07@@@,4880,1,0,@@@G_DIAZ@@@)','',2,'2013-07-07'),(35396,'INSERT INTO gne_vale_ferreteria_mov (vfe_id,pro_codigo_plu,vfm_cantidad,vfm_unitario,vfm_total,vfm_entregado) VALUES (4622,763609,1,1890,1890,@@@NO@@@)','',2,'2013-07-07'),(35397,'INSERT INTO gne_vale_ferreteria_mov (vfe_id,pro_codigo_plu,vfm_cantidad,vfm_unitario,vfm_total,vfm_entregado) VALUES (4622,764511,1,2990,2990,@@@NO@@@)','',2,'2013-07-07'),(35398,'INSERT INTO gne_vale_ferreteria (vfe_id,vfe_fecha,vfe_total,vfe_estado,vfe_entregado,usu_nusuario) VALUES (4623,@@@2013.07.07@@@,300,1,0,@@@G_DIAZ@@@)','',2,'2013-07-07'),(35399,'INSERT INTO gne_vale_ferreteria_mov (vfe_id,pro_codigo_plu,vfm_cantidad,vfm_unitario,vfm_total,vfm_entregado) VALUES (4623,78017110,2,150,300,@@@NO@@@)','',2,'2013-07-07'),(35400,'INSERT INTO gne_vale_ferreteria (vfe_id,vfe_fecha,vfe_total,vfe_estado,vfe_entregado,usu_nusuario) VALUES (4624,@@@2013.07.07@@@,150,1,0,@@@G_DIAZ@@@)','',2,'2013-07-07'),(35401,'INSERT INTO gne_vale_ferreteria_mov (vfe_id,pro_codigo_plu,vfm_cantidad,vfm_unitario,vfm_total,vfm_entregado) VALUES (4624,78017027,3,50,150,@@@NO@@@)','',2,'2013-07-07'),(35402,'INSERT INTO gne_vale_ferreteria (vfe_id,vfe_fecha,vfe_total,vfe_estado,vfe_entregado,usu_nusuario) VALUES (4625,@@@2013.07.07@@@,1630,1,0,@@@G_DIAZ@@@)','',2,'2013-07-07'),(35403,'INSERT INTO gne_vale_ferreteria_mov (vfe_id,pro_codigo_plu,vfm_cantidad,vfm_unitario,vfm_total,vfm_entregado) VALUES (4625,764045,1,990,990,@@@NO@@@)','',2,'2013-07-07'),(35404,'INSERT INTO gne_vale_ferreteria_mov (vfe_id,pro_codigo_plu,vfm_cantidad,vfm_unitario,vfm_total,vfm_entregado) VALUES (4625,1552,1,490,490,@@@NO@@@)','',2,'2013-07-07'),(35405,'INSERT INTO gne_vale_ferreteria_mov (vfe_id,pro_codigo_plu,vfm_cantidad,vfm_unitario,vfm_total,vfm_entregado) VALUES (4625,2016,1,150,150,@@@NO@@@)','',2,'2013-07-07'),(35406,'INSERT INTO gne_vale_ferreteria (vfe_id,vfe_fecha,vfe_total,vfe_estado,vfe_entregado,usu_nusuario) VALUES (4626,@@@2013.07.07@@@,200,1,0,@@@G_DIAZ@@@)','',2,'2013-07-07'),(35407,'INSERT INTO gne_vale_ferreteria_mov (vfe_id,pro_codigo_plu,vfm_cantidad,vfm_unitario,vfm_total,vfm_entregado) VALUES (4626,3104,1,200,200,@@@NO@@@)','',2,'2013-07-07'),(35408,'INSERT INTO gne_vale_ferreteria (vfe_id,vfe_fecha,vfe_total,vfe_estado,vfe_entregado,usu_nusuario) VALUES (4627,@@@2013.07.07@@@,400,1,0,@@@G_DIAZ@@@)','',2,'2013-07-07'),(35409,'INSERT INTO gne_vale_ferreteria_mov (vfe_id,pro_codigo_plu,vfm_cantidad,vfm_unitario,vfm_total,vfm_entregado) VALUES (4627,78017139,2,200,400,@@@NO@@@)','',2,'2013-07-07'),(35410,'INSERT INTO gne_vale_ferreteria (vfe_id,vfe_fecha,vfe_total,vfe_estado,vfe_entregado,usu_nusuario) VALUES (4628,@@@2013.07.07@@@,250,1,0,@@@G_DIAZ@@@)','',2,'2013-07-07'),(35411,'INSERT INTO gne_vale_ferreteria_mov (vfe_id,pro_codigo_plu,vfm_cantidad,vfm_unitario,vfm_total,vfm_entregado) VALUES (4628,764583,1,250,250,@@@NO@@@)','',2,'2013-07-07'),(35412,'INSERT INTO gne_vale_ferreteria (vfe_id,vfe_fecha,vfe_total,vfe_estado,vfe_entregado,usu_nusuario) VALUES (4629,@@@2013.07.07@@@,1890,1,0,@@@G_DIAZ@@@)','',2,'2013-07-07'),(35413,'INSERT INTO gne_vale_ferreteria_mov (vfe_id,pro_codigo_plu,vfm_cantidad,vfm_unitario,vfm_total,vfm_entregado) VALUES (4629,101844,1,1890,1890,@@@NO@@@)','',2,'2013-07-07'),(35414,'INSERT INTO gne_vale_ferreteria (vfe_id,vfe_fecha,vfe_total,vfe_estado,vfe_entregado,usu_nusuario) VALUES (4630,@@@2013.07.07@@@,990,1,0,@@@G_DIAZ@@@)','',2,'2013-07-07'),(35415,'INSERT INTO gne_vale_ferreteria_mov (vfe_id,pro_codigo_plu,vfm_cantidad,vfm_unitario,vfm_total,vfm_entregado) VALUES (4630,764611,1,990,990,@@@NO@@@)','',2,'2013-07-07'),(35416,'INSERT INTO gne_vale_ferreteria (vfe_id,vfe_fecha,vfe_total,vfe_estado,vfe_entregado,usu_nusuario) VALUES (4631,@@@2013.07.07@@@,100,1,0,@@@G_DIAZ@@@)','',2,'2013-07-07'),(35417,'INSERT INTO gne_vale_ferreteria_mov (vfe_id,pro_codigo_plu,vfm_cantidad,vfm_unitario,vfm_total,vfm_entregado) VALUES (4631,78017027,2,50,100,@@@NO@@@)','',2,'2013-07-07'),(35418,'INSERT INTO gne_vale_ferreteria (vfe_id,vfe_fecha,vfe_total,vfe_estado,vfe_entregado,usu_nusuario) VALUES (4632,@@@2013.07.07@@@,180,1,0,@@@G_DIAZ@@@)','',2,'2013-07-07'),(35419,'INSERT INTO gne_vale_ferreteria_mov (vfe_id,pro_codigo_plu,vfm_cantidad,vfm_unitario,vfm_total,vfm_entregado) VALUES (4632,78017026,2,90,180,@@@NO@@@)','',2,'2013-07-07'),(35420,'INSERT INTO gne_vale_ferreteria (vfe_id,vfe_fecha,vfe_total,vfe_estado,vfe_entregado,usu_nusuario) VALUES (4633,@@@2013.07.07@@@,240,1,0,@@@G_DIAZ@@@)','',2,'2013-07-07'),(35421,'INSERT INTO gne_vale_ferreteria_mov (vfe_id,pro_codigo_plu,vfm_cantidad,vfm_unitario,vfm_total,vfm_entregado) VALUES (4633,770001,3,80,240,@@@NO@@@)','',2,'2013-07-07'),(35422,'INSERT INTO gne_vale_ferreteria (vfe_id,vfe_fecha,vfe_total,vfe_estado,vfe_entregado,usu_nusuario) VALUES (4634,@@@2013.07.07@@@,550,1,0,@@@G_DIAZ@@@)','',2,'2013-07-07'),(35423,'INSERT INTO gne_vale_ferreteria_mov (vfe_id,pro_codigo_plu,vfm_cantidad,vfm_unitario,vfm_total,vfm_entregado) VALUES (4634,780721304,1,550,550,@@@NO@@@)','',2,'2013-07-07'),(35424,'INSERT INTO gne_vale_ferreteria (vfe_id,vfe_fecha,vfe_total,vfe_estado,vfe_entregado,usu_nusuario) VALUES (4635,@@@2013.07.07@@@,250,1,0,@@@G_DIAZ@@@)','',2,'2013-07-07'),(35425,'INSERT INTO gne_vale_ferreteria_mov (vfe_id,pro_codigo_plu,vfm_cantidad,vfm_unitario,vfm_total,vfm_entregado) VALUES (4635,780721186,1,250,250,@@@NO@@@)','',2,'2013-07-07'),(35426,'INSERT INTO gne_vale_ferreteria (vfe_id,vfe_fecha,vfe_total,vfe_estado,vfe_entregado,usu_nusuario) VALUES (4636,@@@2013.07.07@@@,11580,1,0,@@@G_DIAZ@@@)','',2,'2013-07-07'),(35427,'INSERT INTO gne_vale_ferreteria_mov (vfe_id,pro_codigo_plu,vfm_cantidad,vfm_unitario,vfm_total,vfm_entregado) VALUES (4636,764336,1,6990,6990,@@@NO@@@)','',2,'2013-07-07'),(35428,'INSERT INTO gne_vale_ferreteria_mov (vfe_id,pro_codigo_plu,vfm_cantidad,vfm_unitario,vfm_total,vfm_entregado) VALUES (4636,764631,1,4590,4590,@@@NO@@@)','',2,'2013-07-07'),(35429,'INSERT INTO gne_vale_ferreteria (vfe_id,vfe_fecha,vfe_total,vfe_estado,vfe_entregado,usu_nusuario) VALUES (4637,@@@2013.07.07@@@,40,1,0,@@@G_DIAZ@@@)','',2,'2013-07-07'),(35430,'INSERT INTO gne_vale_ferreteria_mov (vfe_id,pro_codigo_plu,vfm_cantidad,vfm_unitario,vfm_total,vfm_entregado) VALUES (4637,78017191,1,40,40,@@@NO@@@)','',2,'2013-07-07'),(35431,'INSERT INTO gne_vale_ferreteria (vfe_id,vfe_fecha,vfe_total,vfe_estado,vfe_entregado,usu_nusuario) VALUES (4638,@@@2013.07.07@@@,590,1,0,@@@G_DIAZ@@@)','',2,'2013-07-07'),(35432,'INSERT INTO gne_vale_ferreteria_mov (vfe_id,pro_codigo_plu,vfm_cantidad,vfm_unitario,vfm_total,vfm_entregado) VALUES (4638,15662,1,590,590,@@@NO@@@)','',2,'2013-07-07'),(35433,'INSERT INTO gne_vale_ferreteria (vfe_id,vfe_fecha,vfe_total,vfe_estado,vfe_entregado,usu_nusuario) VALUES (4639,@@@2013.07.07@@@,50,1,0,@@@G_DIAZ@@@)','',2,'2013-07-07'),(35434,'INSERT INTO gne_vale_ferreteria_mov (vfe_id,pro_codigo_plu,vfm_cantidad,vfm_unitario,vfm_total,vfm_entregado) VALUES (4639,78017027,1,50,50,@@@NO@@@)','',2,'2013-07-07'),(35435,'INSERT INTO gne_vale_ferreteria (vfe_id,vfe_fecha,vfe_total,vfe_estado,vfe_entregado,usu_nusuario) VALUES (4640,@@@2013.07.07@@@,1590,1,0,@@@G_DIAZ@@@)','',2,'2013-07-07'),(35436,'INSERT INTO gne_vale_ferreteria_mov (vfe_id,pro_codigo_plu,vfm_cantidad,vfm_unitario,vfm_total,vfm_entregado) VALUES (4640,764439,1,1290,1290,@@@NO@@@)','',2,'2013-07-07'),(35437,'INSERT INTO gne_vale_ferreteria_mov (vfe_id,pro_codigo_plu,vfm_cantidad,vfm_unitario,vfm_total,vfm_entregado) VALUES (4640,78017027,6,50,300,@@@NO@@@)','',2,'2013-07-07'),(35438,'INSERT INTO gne_vale_ferreteria (vfe_id,vfe_fecha,vfe_total,vfe_estado,vfe_entregado,usu_nusuario) VALUES (4641,@@@2013.07.07@@@,7390,1,0,@@@G_DIAZ@@@)','',2,'2013-07-07'),(35439,'INSERT INTO gne_vale_ferreteria_mov (vfe_id,pro_codigo_plu,vfm_cantidad,vfm_unitario,vfm_total,vfm_entregado) VALUES (4641,780721091,1,7390,7390,@@@NO@@@)','',2,'2013-07-07'),(35440,'INSERT INTO gne_vale_ferreteria (vfe_id,vfe_fecha,vfe_total,vfe_estado,vfe_entregado,usu_nusuario) VALUES (4642,@@@2013.07.07@@@,990,1,0,@@@G_DIAZ@@@)','',2,'2013-07-07'),(35441,'INSERT INTO gne_vale_ferreteria_mov (vfe_id,pro_codigo_plu,vfm_cantidad,vfm_unitario,vfm_total,vfm_entregado) VALUES (4642,770087,1,990,990,@@@NO@@@)','',2,'2013-07-07'),(35442,'INSERT INTO gne_vale_ferreteria (vfe_id,vfe_fecha,vfe_total,vfe_estado,vfe_entregado,usu_nusuario) VALUES (4643,@@@2013.07.07@@@,360,1,0,@@@G_DIAZ@@@)','',2,'2013-07-07'),(35443,'INSERT INTO gne_vale_ferreteria_mov (vfe_id,pro_codigo_plu,vfm_cantidad,vfm_unitario,vfm_total,vfm_entregado) VALUES (4643,78017026,4,90,360,@@@NO@@@)','',2,'2013-07-07'),(35444,'INSERT INTO gne_vale_ferreteria (vfe_id,vfe_fecha,vfe_total,vfe_estado,vfe_entregado,usu_nusuario) VALUES (4644,@@@2013.07.07@@@,390,1,0,@@@G_DIAZ@@@)','',2,'2013-07-07'),(35445,'INSERT INTO gne_vale_ferreteria_mov (vfe_id,pro_codigo_plu,vfm_cantidad,vfm_unitario,vfm_total,vfm_entregado) VALUES (4644,770002,1,390,390,@@@NO@@@)','',2,'2013-07-07'),(35446,'INSERT INTO gne_vale_ferreteria (vfe_id,vfe_fecha,vfe_total,vfe_estado,vfe_entregado,usu_nusuario) VALUES (4645,@@@2013.07.07@@@,990,1,0,@@@G_DIAZ@@@)','',2,'2013-07-07'),(35447,'INSERT INTO gne_vale_ferreteria_mov (vfe_id,pro_codigo_plu,vfm_cantidad,vfm_unitario,vfm_total,vfm_entregado) VALUES (4645,780721136,1,990,990,@@@NO@@@)','',2,'2013-07-07'),(35448,'INSERT INTO gne_vale_ferreteria (vfe_id,vfe_fecha,vfe_total,vfe_estado,vfe_entregado,usu_nusuario) VALUES (4646,@@@2013.07.07@@@,450,1,0,@@@G_DIAZ@@@)','',2,'2013-07-07'),(35449,'INSERT INTO gne_vale_ferreteria_mov (vfe_id,pro_codigo_plu,vfm_cantidad,vfm_unitario,vfm_total,vfm_entregado) VALUES (4646,78017027,4,50,200,@@@NO@@@)','',2,'2013-07-07'),(35450,'INSERT INTO gne_vale_ferreteria_mov (vfe_id,pro_codigo_plu,vfm_cantidad,vfm_unitario,vfm_total,vfm_entregado) VALUES (4646,770000,3,50,150,@@@NO@@@)','',2,'2013-07-07'),(35451,'INSERT INTO gne_vale_ferreteria_mov (vfe_id,pro_codigo_plu,vfm_cantidad,vfm_unitario,vfm_total,vfm_entregado) VALUES (4646,764833,10,10,100,@@@NO@@@)','',2,'2013-07-07'),(35452,'INSERT INTO gne_vale_ferreteria (vfe_id,vfe_fecha,vfe_total,vfe_estado,vfe_entregado,usu_nusuario) VALUES (4647,@@@2013.07.07@@@,600,1,0,@@@G_DIAZ@@@)','',2,'2013-07-07'),(35453,'INSERT INTO gne_vale_ferreteria_mov (vfe_id,pro_codigo_plu,vfm_cantidad,vfm_unitario,vfm_total,vfm_entregado) VALUES (4647,7053,1,450,450,@@@NO@@@)','',2,'2013-07-07'),(35454,'INSERT INTO gne_vale_ferreteria_mov (vfe_id,pro_codigo_plu,vfm_cantidad,vfm_unitario,vfm_total,vfm_entregado) VALUES (4647,770000,1,50,50,@@@NO@@@)','',2,'2013-07-07'),(35455,'INSERT INTO gne_vale_ferreteria_mov (vfe_id,pro_codigo_plu,vfm_cantidad,vfm_unitario,vfm_total,vfm_entregado) VALUES (4647,78017027,2,50,100,@@@NO@@@)','',2,'2013-07-07'),(35456,'INSERT INTO gne_vale_ferreteria (vfe_id,vfe_fecha,vfe_total,vfe_estado,vfe_entregado,usu_nusuario) VALUES (4648,@@@2013.07.07@@@,1920,1,0,@@@G_DIAZ@@@)','',2,'2013-07-07'),(35457,'INSERT INTO gne_vale_ferreteria_mov (vfe_id,pro_codigo_plu,vfm_cantidad,vfm_unitario,vfm_total,vfm_entregado) VALUES (4648,78017026,1,90,90,@@@NO@@@)','',2,'2013-07-07'),(35458,'INSERT INTO gne_vale_ferreteria_mov (vfe_id,pro_codigo_plu,vfm_cantidad,vfm_unitario,vfm_total,vfm_entregado) VALUES (4648,78017027,2,50,100,@@@NO@@@)','',2,'2013-07-07'),(35459,'INSERT INTO gne_vale_ferreteria_mov (vfe_id,pro_codigo_plu,vfm_cantidad,vfm_unitario,vfm_total,vfm_entregado) VALUES (4648,770001,1,80,80,@@@NO@@@)','',2,'2013-07-07'),(35460,'INSERT INTO gne_vale_ferreteria_mov (vfe_id,pro_codigo_plu,vfm_cantidad,vfm_unitario,vfm_total,vfm_entregado) VALUES (4648,12222,1,1650,1650,@@@NO@@@)','',2,'2013-07-07'),(35461,'INSERT INTO gne_vale_ferreteria (vfe_id,vfe_fecha,vfe_total,vfe_estado,vfe_entregado,usu_nusuario) VALUES (4649,@@@2013.07.07@@@,400,1,0,@@@G_DIAZ@@@)','',2,'2013-07-07'),(35462,'INSERT INTO gne_vale_ferreteria_mov (vfe_id,pro_codigo_plu,vfm_cantidad,vfm_unitario,vfm_total,vfm_entregado) VALUES (4649,4093,4,100,400,@@@NO@@@)','',2,'2013-07-07'),(35463,'INSERT INTO gne_vale_ferreteria (vfe_id,vfe_fecha,vfe_total,vfe_estado,vfe_entregado,usu_nusuario) VALUES (4650,@@@2013.07.07@@@,180,1,0,@@@G_DIAZ@@@)','',2,'2013-07-07'),(35464,'INSERT INTO gne_vale_ferreteria_mov (vfe_id,pro_codigo_plu,vfm_cantidad,vfm_unitario,vfm_total,vfm_entregado) VALUES (4650,78017026,2,90,180,@@@NO@@@)','',2,'2013-07-07'),(35465,'INSERT INTO gne_vale_ferreteria (vfe_id,vfe_fecha,vfe_total,vfe_estado,vfe_entregado,usu_nusuario) VALUES (4651,@@@2013.07.07@@@,490,1,0,@@@G_DIAZ@@@)','',2,'2013-07-07'),(35466,'INSERT INTO gne_vale_ferreteria_mov (vfe_id,pro_codigo_plu,vfm_cantidad,vfm_unitario,vfm_total,vfm_entregado) VALUES (4651,764761,1,490,490,@@@NO@@@)','',2,'2013-07-07'),(35467,'INSERT INTO gne_vale_ferreteria (vfe_id,vfe_fecha,vfe_total,vfe_estado,vfe_entregado,usu_nusuario) VALUES (4652,@@@2013.07.07@@@,1550,1,0,@@@G_DIAZ@@@)','',2,'2013-07-07'),(35468,'INSERT INTO gne_vale_ferreteria_mov (vfe_id,pro_codigo_plu,vfm_cantidad,vfm_unitario,vfm_total,vfm_entregado) VALUES (4652,763672,1,1550,1550,@@@NO@@@)','',2,'2013-07-07'),(35469,'INSERT INTO gne_vale_ferreteria (vfe_id,vfe_fecha,vfe_total,vfe_estado,vfe_entregado,usu_nusuario) VALUES (4653,@@@2013.07.07@@@,640,1,0,@@@G_DIAZ@@@)','',2,'2013-07-07'),(35470,'INSERT INTO gne_vale_ferreteria_mov (vfe_id,pro_codigo_plu,vfm_cantidad,vfm_unitario,vfm_total,vfm_entregado) VALUES (4653,78017027,8,50,400,@@@NO@@@)','',2,'2013-07-07'),(35471,'INSERT INTO gne_vale_ferreteria_mov (vfe_id,pro_codigo_plu,vfm_cantidad,vfm_unitario,vfm_total,vfm_entregado) VALUES (4653,770001,3,80,240,@@@NO@@@)','',2,'2013-07-07'),(35472,'INSERT INTO gne_vale_ferreteria (vfe_id,vfe_fecha,vfe_total,vfe_estado,vfe_entregado,usu_nusuario) VALUES (4654,@@@2013.07.07@@@,120,1,0,@@@G_DIAZ@@@)','',2,'2013-07-07'),(35473,'INSERT INTO gne_vale_ferreteria_mov (vfe_id,pro_codigo_plu,vfm_cantidad,vfm_unitario,vfm_total,vfm_entregado) VALUES (4654,8022,1,120,120,@@@NO@@@)','',2,'2013-07-07'),(35474,'INSERT INTO gne_vale_ferreteria (vfe_id,vfe_fecha,vfe_total,vfe_estado,vfe_entregado,usu_nusuario) VALUES (4655,@@@2013.07.07@@@,200,1,0,@@@G_DIAZ@@@)','',2,'2013-07-07'),(35475,'INSERT INTO gne_vale_ferreteria_mov (vfe_id,pro_codigo_plu,vfm_cantidad,vfm_unitario,vfm_total,vfm_entregado) VALUES (4655,1542,2,100,200,@@@NO@@@)','',2,'2013-07-07'),(35476,'INSERT INTO gne_vale_ferreteria (vfe_id,vfe_fecha,vfe_total,vfe_estado,vfe_entregado,usu_nusuario) VALUES (4656,@@@2013.07.07@@@,250,1,0,@@@G_DIAZ@@@)','',2,'2013-07-07'),(35477,'INSERT INTO gne_vale_ferreteria_mov (vfe_id,pro_codigo_plu,vfm_cantidad,vfm_unitario,vfm_total,vfm_entregado) VALUES (4656,101082,1,250,250,@@@NO@@@)','',2,'2013-07-07'),(35478,'INSERT INTO gne_vale_ferreteria (vfe_id,vfe_fecha,vfe_total,vfe_estado,vfe_entregado,usu_nusuario) VALUES (4657,@@@2013.07.07@@@,1420,1,0,@@@G_DIAZ@@@)','',2,'2013-07-07'),(35479,'INSERT INTO gne_vale_ferreteria_mov (vfe_id,pro_codigo_plu,vfm_cantidad,vfm_unitario,vfm_total,vfm_entregado) VALUES (4657,4091,1,250,250,@@@NO@@@)','',2,'2013-07-07'),(35480,'INSERT INTO gne_vale_ferreteria_mov (vfe_id,pro_codigo_plu,vfm_cantidad,vfm_unitario,vfm_total,vfm_entregado) VALUES (4657,764697,2,290,580,@@@NO@@@)','',2,'2013-07-07'),(35481,'INSERT INTO gne_vale_ferreteria_mov (vfe_id,pro_codigo_plu,vfm_cantidad,vfm_unitario,vfm_total,vfm_entregado) VALUES (4657,78017241,5,40,200,@@@NO@@@)','',2,'2013-07-07'),(35482,'INSERT INTO gne_vale_ferreteria_mov (vfe_id,pro_codigo_plu,vfm_cantidad,vfm_unitario,vfm_total,vfm_entregado) VALUES (4657,78017020,1,390,390,@@@NO@@@)','',2,'2013-07-07'),(35483,'INSERT INTO gne_vale_ferreteria (vfe_id,vfe_fecha,vfe_total,vfe_estado,vfe_entregado,usu_nusuario) VALUES (4658,@@@2013.07.07@@@,850,1,0,@@@G_DIAZ@@@)','',2,'2013-07-07'),(35484,'INSERT INTO gne_vale_ferreteria_mov (vfe_id,pro_codigo_plu,vfm_cantidad,vfm_unitario,vfm_total,vfm_entregado) VALUES (4658,763626,1,850,850,@@@NO@@@)','',2,'2013-07-07'),(35485,'INSERT INTO gne_vale_ferreteria (vfe_id,vfe_fecha,vfe_total,vfe_estado,vfe_entregado,usu_nusuario) VALUES (4659,@@@2013.07.07@@@,640,1,0,@@@G_DIAZ@@@)','',2,'2013-07-07'),(35486,'INSERT INTO gne_vale_ferreteria_mov (vfe_id,pro_codigo_plu,vfm_cantidad,vfm_unitario,vfm_total,vfm_entregado) VALUES (4659,14836,2,320,640,@@@NO@@@)','',2,'2013-07-07'),(35487,'INSERT INTO gne_vale_ferreteria (vfe_id,vfe_fecha,vfe_total,vfe_estado,vfe_entregado,usu_nusuario) VALUES (4660,@@@2013.07.07@@@,360,1,0,@@@G_DIAZ@@@)','',2,'2013-07-07'),(35488,'INSERT INTO gne_vale_ferreteria_mov (vfe_id,pro_codigo_plu,vfm_cantidad,vfm_unitario,vfm_total,vfm_entregado) VALUES (4660,764366,1,360,360,@@@NO@@@)','',2,'2013-07-07'),(35489,'INSERT INTO gne_vale_ferreteria (vfe_id,vfe_fecha,vfe_total,vfe_estado,vfe_entregado,usu_nusuario) VALUES (4661,@@@2013.07.07@@@,580,1,0,@@@G_DIAZ@@@)','',2,'2013-07-07'),(35490,'INSERT INTO gne_vale_ferreteria_mov (vfe_id,pro_codigo_plu,vfm_cantidad,vfm_unitario,vfm_total,vfm_entregado) VALUES (4661,3103,2,290,580,@@@NO@@@)','',2,'2013-07-07'),(35491,'INSERT INTO gne_vale_ferreteria (vfe_id,vfe_fecha,vfe_total,vfe_estado,vfe_entregado,usu_nusuario) VALUES (4662,@@@2013.07.07@@@,390,1,0,@@@G_DIAZ@@@)','',2,'2013-07-07'),(35492,'INSERT INTO gne_vale_ferreteria_mov (vfe_id,pro_codigo_plu,vfm_cantidad,vfm_unitario,vfm_total,vfm_entregado) VALUES (4662,4090,1,390,390,@@@NO@@@)','',2,'2013-07-07'),(35493,'INSERT INTO gne_vale_ferreteria (vfe_id,vfe_fecha,vfe_total,vfe_estado,vfe_entregado,usu_nusuario) VALUES (4663,@@@2013.07.07@@@,610,1,0,@@@G_DIAZ@@@)','',2,'2013-07-07'),(35494,'INSERT INTO gne_vale_ferreteria_mov (vfe_id,pro_codigo_plu,vfm_cantidad,vfm_unitario,vfm_total,vfm_entregado) VALUES (4663,1552,1,490,490,@@@NO@@@)','',2,'2013-07-07'),(35495,'INSERT INTO gne_vale_ferreteria_mov (vfe_id,pro_codigo_plu,vfm_cantidad,vfm_unitario,vfm_total,vfm_entregado) VALUES (4663,78017002,1,120,120,@@@NO@@@)','',2,'2013-07-07'),(35496,'INSERT INTO gne_vale_ferreteria (vfe_id,vfe_fecha,vfe_total,vfe_estado,vfe_entregado,usu_nusuario) VALUES (4664,@@@2013.07.07@@@,1890,1,0,@@@G_DIAZ@@@)','',2,'2013-07-07'),(35497,'INSERT INTO gne_vale_ferreteria_mov (vfe_id,pro_codigo_plu,vfm_cantidad,vfm_unitario,vfm_total,vfm_entregado) VALUES (4664,101623,1,1890,1890,@@@NO@@@)','',2,'2013-07-07'),(35498,'INSERT INTO gne_vale_ferreteria (vfe_id,vfe_fecha,vfe_total,vfe_estado,vfe_entregado,usu_nusuario) VALUES (4665,@@@2013.07.07@@@,1399,1,0,@@@G_DIAZ@@@)','',2,'2013-07-07'),(35499,'INSERT INTO gne_vale_ferreteria_mov (vfe_id,pro_codigo_plu,vfm_cantidad,vfm_unitario,vfm_total,vfm_entregado) VALUES (4665,763622,1,1399,1399,@@@NO@@@)','',2,'2013-07-07'),(35500,'INSERT INTO gne_vale_ferreteria (vfe_id,vfe_fecha,vfe_total,vfe_estado,vfe_entregado,usu_nusuario) VALUES (4666,@@@2013.07.07@@@,360,1,0,@@@G_DIAZ@@@)','',2,'2013-07-07'),(35501,'INSERT INTO gne_vale_ferreteria_mov (vfe_id,pro_codigo_plu,vfm_cantidad,vfm_unitario,vfm_total,vfm_entregado) VALUES (4666,78017026,4,90,360,@@@NO@@@)','',2,'2013-07-07'),(35502,'INSERT INTO gne_vale_ferreteria (vfe_id,vfe_fecha,vfe_total,vfe_estado,vfe_entregado,usu_nusuario) VALUES (4667,@@@2013.07.07@@@,400,1,0,@@@G_DIAZ@@@)','',2,'2013-07-07'),(35503,'INSERT INTO gne_vale_ferreteria_mov (vfe_id,pro_codigo_plu,vfm_cantidad,vfm_unitario,vfm_total,vfm_entregado) VALUES (4667,78017134,2,200,400,@@@NO@@@)','',2,'2013-07-07'),(35504,'INSERT INTO gne_vale_ferreteria (vfe_id,vfe_fecha,vfe_total,vfe_estado,vfe_entregado,usu_nusuario) VALUES (4668,@@@2013.07.07@@@,900,1,0,@@@G_DIAZ@@@)','',2,'2013-07-07'),(35505,'INSERT INTO gne_vale_ferreteria_mov (vfe_id,pro_codigo_plu,vfm_cantidad,vfm_unitario,vfm_total,vfm_entregado) VALUES (4668,78017026,10,90,900,@@@NO@@@)','',2,'2013-07-07'),(35506,'INSERT INTO gne_vale_ferreteria (vfe_id,vfe_fecha,vfe_total,vfe_estado,vfe_entregado,usu_nusuario) VALUES (4669,@@@2013.07.07@@@,780,1,0,@@@G_DIAZ@@@)','',2,'2013-07-07'),(35507,'INSERT INTO gne_vale_ferreteria_mov (vfe_id,pro_codigo_plu,vfm_cantidad,vfm_unitario,vfm_total,vfm_entregado) VALUES (4669,78017134,3,200,600,@@@NO@@@)','',2,'2013-07-07'),(35508,'INSERT INTO gne_vale_ferreteria_mov (vfe_id,pro_codigo_plu,vfm_cantidad,vfm_unitario,vfm_total,vfm_entregado) VALUES (4669,78017026,2,90,180,@@@NO@@@)','',2,'2013-07-07'),(35509,'INSERT INTO gne_vale_ferreteria (vfe_id,vfe_fecha,vfe_total,vfe_estado,vfe_entregado,usu_nusuario) VALUES (4670,@@@2013.07.07@@@,1290,1,0,@@@G_DIAZ@@@)','',2,'2013-07-07'),(35510,'INSERT INTO gne_vale_ferreteria_mov (vfe_id,pro_codigo_plu,vfm_cantidad,vfm_unitario,vfm_total,vfm_entregado) VALUES (4670,764439,1,1290,1290,@@@NO@@@)','',2,'2013-07-07'),(35511,'INSERT INTO gne_vale_ferreteria (vfe_id,vfe_fecha,vfe_total,vfe_estado,vfe_entregado,usu_nusuario) VALUES (4671,@@@2013.07.07@@@,790,1,0,@@@G_DIAZ@@@)','',2,'2013-07-07'),(35512,'INSERT INTO gne_vale_ferreteria_mov (vfe_id,pro_codigo_plu,vfm_cantidad,vfm_unitario,vfm_total,vfm_entregado) VALUES (4671,4139,1,790,790,@@@NO@@@)','',2,'2013-07-07'),(35513,'INSERT INTO gne_vale_ferreteria (vfe_id,vfe_fecha,vfe_total,vfe_estado,vfe_entregado,usu_nusuario) VALUES (4672,@@@2013.07.07@@@,690,1,0,@@@G_DIAZ@@@)','',2,'2013-07-07'),(35514,'INSERT INTO gne_vale_ferreteria_mov (vfe_id,pro_codigo_plu,vfm_cantidad,vfm_unitario,vfm_total,vfm_entregado) VALUES (4672,764591,1,690,690,@@@NO@@@)','',2,'2013-07-07'),(35515,'INSERT INTO gne_vale_ferreteria (vfe_id,vfe_fecha,vfe_total,vfe_estado,vfe_entregado,usu_nusuario) VALUES (4673,@@@2013.07.07@@@,690,1,0,@@@G_DIAZ@@@)','',2,'2013-07-07'),(35516,'INSERT INTO gne_vale_ferreteria_mov (vfe_id,pro_codigo_plu,vfm_cantidad,vfm_unitario,vfm_total,vfm_entregado) VALUES (4673,764591,1,690,690,@@@NO@@@)','',2,'2013-07-07'),(35517,'INSERT INTO gne_vale_ferreteria (vfe_id,vfe_fecha,vfe_total,vfe_estado,vfe_entregado,usu_nusuario) VALUES (4674,@@@2013.07.07@@@,600,1,0,@@@G_DIAZ@@@)','',2,'2013-07-07'),(35518,'INSERT INTO gne_vale_ferreteria_mov (vfe_id,pro_codigo_plu,vfm_cantidad,vfm_unitario,vfm_total,vfm_entregado) VALUES (4674,78017027,8,50,400,@@@NO@@@)','',2,'2013-07-07'),(35519,'INSERT INTO gne_vale_ferreteria_mov (vfe_id,pro_codigo_plu,vfm_cantidad,vfm_unitario,vfm_total,vfm_entregado) VALUES (4674,78017141,1,200,200,@@@NO@@@)','',2,'2013-07-07'),(35520,'INSERT INTO gne_vale_ferreteria (vfe_id,vfe_fecha,vfe_total,vfe_estado,vfe_entregado,usu_nusuario) VALUES (4675,@@@2013.07.07@@@,200,1,0,@@@G_DIAZ@@@)','',2,'2013-07-07'),(35521,'INSERT INTO gne_vale_ferreteria_mov (vfe_id,pro_codigo_plu,vfm_cantidad,vfm_unitario,vfm_total,vfm_entregado) VALUES (4675,770039,1,200,200,@@@NO@@@)','',2,'2013-07-07'),(35522,'INSERT INTO gne_vale_ferreteria (vfe_id,vfe_fecha,vfe_total,vfe_estado,vfe_entregado,usu_nusuario) VALUES (4676,@@@2013.07.07@@@,940,1,0,@@@G_DIAZ@@@)','',2,'2013-07-07'),(35523,'INSERT INTO gne_vale_ferreteria_mov (vfe_id,pro_codigo_plu,vfm_cantidad,vfm_unitario,vfm_total,vfm_entregado) VALUES (4676,763828,1,790,790,@@@NO@@@)','',2,'2013-07-07'),(35524,'INSERT INTO gne_vale_ferreteria_mov (vfe_id,pro_codigo_plu,vfm_cantidad,vfm_unitario,vfm_total,vfm_entregado) VALUES (4676,764832,1,150,150,@@@NO@@@)','',2,'2013-07-07'),(35525,'INSERT INTO gne_vale_ferreteria (vfe_id,vfe_fecha,vfe_total,vfe_estado,vfe_entregado,usu_nusuario) VALUES (4677,@@@2013.07.07@@@,500,1,0,@@@G_DIAZ@@@)','',2,'2013-07-07'),(35526,'INSERT INTO gne_vale_ferreteria_mov (vfe_id,pro_codigo_plu,vfm_cantidad,vfm_unitario,vfm_total,vfm_entregado) VALUES (4677,78017027,3,50,150,@@@NO@@@)','',2,'2013-07-07'),(35527,'INSERT INTO gne_vale_ferreteria_mov (vfe_id,pro_codigo_plu,vfm_cantidad,vfm_unitario,vfm_total,vfm_entregado) VALUES (4677,78017026,3,90,270,@@@NO@@@)','',2,'2013-07-07'),(35528,'INSERT INTO gne_vale_ferreteria_mov (vfe_id,pro_codigo_plu,vfm_cantidad,vfm_unitario,vfm_total,vfm_entregado) VALUES (4677,770001,1,80,80,@@@NO@@@)','',2,'2013-07-07'),(35529,'INSERT INTO gne_vale_ferreteria (vfe_id,vfe_fecha,vfe_total,vfe_estado,vfe_entregado,usu_nusuario) VALUES (4678,@@@2013.07.07@@@,390,1,0,@@@G_DIAZ@@@)','',2,'2013-07-07'),(35530,'INSERT INTO gne_vale_ferreteria_mov (vfe_id,pro_codigo_plu,vfm_cantidad,vfm_unitario,vfm_total,vfm_entregado) VALUES (4678,78017239,1,390,390,@@@NO@@@)','',2,'2013-07-07'),(35531,'INSERT INTO gne_vale_ferreteria (vfe_id,vfe_fecha,vfe_total,vfe_estado,vfe_entregado,usu_nusuario) VALUES (4679,@@@2013.07.07@@@,1990,1,0,@@@G_DIAZ@@@)','',2,'2013-07-07'),(35532,'INSERT INTO gne_vale_ferreteria_mov (vfe_id,pro_codigo_plu,vfm_cantidad,vfm_unitario,vfm_total,vfm_entregado) VALUES (4679,764914,1,1990,1990,@@@NO@@@)','',2,'2013-07-07'),(35533,'INSERT INTO gne_vale_ferreteria (vfe_id,vfe_fecha,vfe_total,vfe_estado,vfe_entregado,usu_nusuario) VALUES (4680,@@@2013.07.07@@@,360,1,0,@@@G_DIAZ@@@)','',2,'2013-07-07'),(35534,'INSERT INTO gne_vale_ferreteria_mov (vfe_id,pro_codigo_plu,vfm_cantidad,vfm_unitario,vfm_total,vfm_entregado) VALUES (4680,770001,2,80,160,@@@NO@@@)','',2,'2013-07-07'),(35535,'INSERT INTO gne_vale_ferreteria_mov (vfe_id,pro_codigo_plu,vfm_cantidad,vfm_unitario,vfm_total,vfm_entregado) VALUES (4680,78017027,4,50,200,@@@NO@@@)','',2,'2013-07-07'),(35536,'INSERT INTO gne_vale_ferreteria (vfe_id,vfe_fecha,vfe_total,vfe_estado,vfe_entregado,usu_nusuario) VALUES (4681,@@@2013.07.07@@@,2290,1,0,@@@G_DIAZ@@@)','',2,'2013-07-07'),(35537,'INSERT INTO gne_vale_ferreteria_mov (vfe_id,pro_codigo_plu,vfm_cantidad,vfm_unitario,vfm_total,vfm_entregado) VALUES (4681,780721084,1,2290,2290,@@@NO@@@)','',2,'2013-07-07'),(35538,'INSERT INTO gne_vale_ferreteria (vfe_id,vfe_fecha,vfe_total,vfe_estado,vfe_entregado,usu_nusuario) VALUES (4682,@@@2013.07.07@@@,200,1,0,@@@G_DIAZ@@@)','',2,'2013-07-07'),(35539,'INSERT INTO gne_vale_ferreteria_mov (vfe_id,pro_codigo_plu,vfm_cantidad,vfm_unitario,vfm_total,vfm_entregado) VALUES (4682,78017027,4,50,200,@@@NO@@@)','',2,'2013-07-07'),(35540,'INSERT INTO gne_vale_ferreteria (vfe_id,vfe_fecha,vfe_total,vfe_estado,vfe_entregado,usu_nusuario) VALUES (4683,@@@2013.07.07@@@,120,1,0,@@@G_DIAZ@@@)','',2,'2013-07-07'),(35541,'INSERT INTO gne_vale_ferreteria_mov (vfe_id,pro_codigo_plu,vfm_cantidad,vfm_unitario,vfm_total,vfm_entregado) VALUES (4683,78017006,1,120,120,@@@NO@@@)','',2,'2013-07-07'),(35542,'INSERT INTO gne_vale_ferreteria (vfe_id,vfe_fecha,vfe_total,vfe_estado,vfe_entregado,usu_nusuario) VALUES (4684,@@@2013.07.07@@@,330,1,0,@@@G_DIAZ@@@)','',2,'2013-07-07'),(35543,'INSERT INTO gne_vale_ferreteria_mov (vfe_id,pro_codigo_plu,vfm_cantidad,vfm_unitario,vfm_total,vfm_entregado) VALUES (4684,78017026,2,90,180,@@@NO@@@)','',2,'2013-07-07'),(35544,'INSERT INTO gne_vale_ferreteria_mov (vfe_id,pro_codigo_plu,vfm_cantidad,vfm_unitario,vfm_total,vfm_entregado) VALUES (4684,78017027,3,50,150,@@@NO@@@)','',2,'2013-07-07'),(35545,'INSERT INTO gne_vale_ferreteria (vfe_id,vfe_fecha,vfe_total,vfe_estado,vfe_entregado,usu_nusuario) VALUES (4685,@@@2013.07.07@@@,160,1,0,@@@G_DIAZ@@@)','',2,'2013-07-07'),(35546,'INSERT INTO gne_vale_ferreteria_mov (vfe_id,pro_codigo_plu,vfm_cantidad,vfm_unitario,vfm_total,vfm_entregado) VALUES (4685,770001,2,80,160,@@@NO@@@)','',2,'2013-07-07'),(35547,'INSERT INTO gne_vale_ferreteria (vfe_id,vfe_fecha,vfe_total,vfe_estado,vfe_entregado,usu_nusuario) VALUES (4686,@@@2013.07.07@@@,5990,1,0,@@@G_DIAZ@@@)','',2,'2013-07-07'),(35548,'INSERT INTO gne_vale_ferreteria_mov (vfe_id,pro_codigo_plu,vfm_cantidad,vfm_unitario,vfm_total,vfm_entregado) VALUES (4686,764976,1,5990,5990,@@@NO@@@)','',2,'2013-07-07'),(35549,'INSERT INTO gne_vale_ferreteria (vfe_id,vfe_fecha,vfe_total,vfe_estado,vfe_entregado,usu_nusuario) VALUES (4687,@@@2013.07.07@@@,400,1,0,@@@G_DIAZ@@@)','',2,'2013-07-07'),(35550,'INSERT INTO gne_vale_ferreteria_mov (vfe_id,pro_codigo_plu,vfm_cantidad,vfm_unitario,vfm_total,vfm_entregado) VALUES (4687,78017006,2,120,240,@@@NO@@@)','',2,'2013-07-07'),(35551,'INSERT INTO gne_vale_ferreteria_mov (vfe_id,pro_codigo_plu,vfm_cantidad,vfm_unitario,vfm_total,vfm_entregado) VALUES (4687,770001,2,80,160,@@@NO@@@)','',2,'2013-07-07'),(35552,'INSERT INTO gne_vale_ferreteria (vfe_id,vfe_fecha,vfe_total,vfe_estado,vfe_entregado,usu_nusuario) VALUES (4688,@@@2013.07.07@@@,820,1,0,@@@G_DIAZ@@@)','',2,'2013-07-07'),(35553,'INSERT INTO gne_vale_ferreteria_mov (vfe_id,pro_codigo_plu,vfm_cantidad,vfm_unitario,vfm_total,vfm_entregado) VALUES (4688,780220096,1,250,250,@@@NO@@@)','',2,'2013-07-07'),(35554,'INSERT INTO gne_vale_ferreteria_mov (vfe_id,pro_codigo_plu,vfm_cantidad,vfm_unitario,vfm_total,vfm_entregado) VALUES (4688,78017006,2,120,240,@@@NO@@@)','',2,'2013-07-07'),(35555,'INSERT INTO gne_vale_ferreteria_mov (vfe_id,pro_codigo_plu,vfm_cantidad,vfm_unitario,vfm_total,vfm_entregado) VALUES (4688,763588,1,330,330,@@@NO@@@)','',2,'2013-07-07'),(35556,'INSERT INTO gne_vale_ferreteria (vfe_id,vfe_fecha,vfe_total,vfe_estado,vfe_entregado,usu_nusuario) VALUES (4689,@@@2013.07.07@@@,1390,1,0,@@@G_DIAZ@@@)','',2,'2013-07-07'),(35557,'INSERT INTO gne_vale_ferreteria_mov (vfe_id,pro_codigo_plu,vfm_cantidad,vfm_unitario,vfm_total,vfm_entregado) VALUES (4689,10959,1,1390,1390,@@@NO@@@)','',2,'2013-07-07'),(35558,'INSERT INTO gne_vale_ferreteria (vfe_id,vfe_fecha,vfe_total,vfe_estado,vfe_entregado,usu_nusuario) VALUES (4690,@@@2013.07.07@@@,720,1,0,@@@G_DIAZ@@@)','',2,'2013-07-07'),(35559,'INSERT INTO gne_vale_ferreteria_mov (vfe_id,pro_codigo_plu,vfm_cantidad,vfm_unitario,vfm_total,vfm_entregado) VALUES (4690,10989,1,720,720,@@@NO@@@)','',2,'2013-07-07'),(35560,'INSERT INTO gne_vale_ferreteria (vfe_id,vfe_fecha,vfe_total,vfe_estado,vfe_entregado,usu_nusuario) VALUES (4691,@@@2013.07.07@@@,1730,1,0,@@@G_DIAZ@@@)','',2,'2013-07-07'),(35561,'INSERT INTO gne_vale_ferreteria_mov (vfe_id,pro_codigo_plu,vfm_cantidad,vfm_unitario,vfm_total,vfm_entregado) VALUES (4691,101454,2,790,1580,@@@NO@@@)','',2,'2013-07-07'),(35562,'INSERT INTO gne_vale_ferreteria_mov (vfe_id,pro_codigo_plu,vfm_cantidad,vfm_unitario,vfm_total,vfm_entregado) VALUES (4691,4088,1,150,150,@@@NO@@@)','',2,'2013-07-07'),(35563,'INSERT INTO gne_vale_ferreteria (vfe_id,vfe_fecha,vfe_total,vfe_estado,vfe_entregado,usu_nusuario) VALUES (4692,@@@2013.07.07@@@,260,1,0,@@@G_DIAZ@@@)','',2,'2013-07-07'),(35564,'INSERT INTO gne_vale_ferreteria_mov (vfe_id,pro_codigo_plu,vfm_cantidad,vfm_unitario,vfm_total,vfm_entregado) VALUES (4692,102455,2,130,260,@@@NO@@@)','',2,'2013-07-07'),(35565,'INSERT INTO gne_vale_ferreteria (vfe_id,vfe_fecha,vfe_total,vfe_estado,vfe_entregado,usu_nusuario) VALUES (4693,@@@2013.07.07@@@,300,1,0,@@@G_DIAZ@@@)','',2,'2013-07-07'),(35566,'INSERT INTO gne_vale_ferreteria_mov (vfe_id,pro_codigo_plu,vfm_cantidad,vfm_unitario,vfm_total,vfm_entregado) VALUES (4693,78017027,6,50,300,@@@NO@@@)','',2,'2013-07-07'),(35567,'INSERT INTO gne_vale_ferreteria (vfe_id,vfe_fecha,vfe_total,vfe_estado,vfe_entregado,usu_nusuario) VALUES (4694,@@@2013.07.07@@@,300,1,0,@@@G_DIAZ@@@)','',2,'2013-07-07'),(35568,'INSERT INTO gne_vale_ferreteria_mov (vfe_id,pro_codigo_plu,vfm_cantidad,vfm_unitario,vfm_total,vfm_entregado) VALUES (4694,2004,1,300,300,@@@NO@@@)','',2,'2013-07-07'),(35569,'INSERT INTO gne_vale_ferreteria (vfe_id,vfe_fecha,vfe_total,vfe_estado,vfe_entregado,usu_nusuario) VALUES (4695,@@@2013.07.07@@@,300,1,0,@@@G_DIAZ@@@)','',2,'2013-07-07'),(35570,'INSERT INTO gne_vale_ferreteria_mov (vfe_id,pro_codigo_plu,vfm_cantidad,vfm_unitario,vfm_total,vfm_entregado) VALUES (4695,78017027,6,50,300,@@@NO@@@)','',2,'2013-07-07'),(35571,'INSERT INTO gne_vale_ferreteria (vfe_id,vfe_fecha,vfe_total,vfe_estado,vfe_entregado,usu_nusuario) VALUES (4696,@@@2013.07.07@@@,420,1,0,@@@G_DIAZ@@@)','',2,'2013-07-07'),(35572,'INSERT INTO gne_vale_ferreteria_mov (vfe_id,pro_codigo_plu,vfm_cantidad,vfm_unitario,vfm_total,vfm_entregado) VALUES (4696,763587,1,420,420,@@@NO@@@)','',2,'2013-07-07'),(35573,'INSERT INTO gne_vale_ferreteria (vfe_id,vfe_fecha,vfe_total,vfe_estado,vfe_entregado,usu_nusuario) VALUES (4697,@@@2013.07.07@@@,520,1,0,@@@G_DIAZ@@@)','',2,'2013-07-07'),(35574,'INSERT INTO gne_vale_ferreteria_mov (vfe_id,pro_codigo_plu,vfm_cantidad,vfm_unitario,vfm_total,vfm_entregado) VALUES (4697,78017027,8,50,400,@@@NO@@@)','',2,'2013-07-07'),(35575,'INSERT INTO gne_vale_ferreteria_mov (vfe_id,pro_codigo_plu,vfm_cantidad,vfm_unitario,vfm_total,vfm_entregado) VALUES (4697,78017006,1,120,120,@@@NO@@@)','',2,'2013-07-07'),(35576,'INSERT INTO gne_vale_ferreteria (vfe_id,vfe_fecha,vfe_total,vfe_estado,vfe_entregado,usu_nusuario) VALUES (4698,@@@2013.07.07@@@,170,1,0,@@@G_DIAZ@@@)','',2,'2013-07-07'),(35577,'INSERT INTO gne_vale_ferreteria_mov (vfe_id,pro_codigo_plu,vfm_cantidad,vfm_unitario,vfm_total,vfm_entregado) VALUES (4698,1060,1,170,170,@@@NO@@@)','',2,'2013-07-07'),(35578,'INSERT INTO gne_vale_ferreteria (vfe_id,vfe_fecha,vfe_total,vfe_estado,vfe_entregado,usu_nusuario) VALUES (4699,@@@2013.07.07@@@,580,1,0,@@@G_DIAZ@@@)','',2,'2013-07-07'),(35579,'INSERT INTO gne_vale_ferreteria_mov (vfe_id,pro_codigo_plu,vfm_cantidad,vfm_unitario,vfm_total,vfm_entregado) VALUES (4699,78017027,10,50,500,@@@NO@@@)','',2,'2013-07-07'),(35580,'INSERT INTO gne_vale_ferreteria_mov (vfe_id,pro_codigo_plu,vfm_cantidad,vfm_unitario,vfm_total,vfm_entregado) VALUES (4699,770001,1,80,80,@@@NO@@@)','',2,'2013-07-07'),(35581,'INSERT INTO gne_vale_ferreteria (vfe_id,vfe_fecha,vfe_total,vfe_estado,vfe_entregado,usu_nusuario) VALUES (4700,@@@2013.07.07@@@,2160,1,0,@@@G_DIAZ@@@)','',2,'2013-07-07'),(35582,'INSERT INTO gne_vale_ferreteria_mov (vfe_id,pro_codigo_plu,vfm_cantidad,vfm_unitario,vfm_total,vfm_entregado) VALUES (4700,19916,4,540,2160,@@@NO@@@)','',2,'2013-07-07'),(35583,'INSERT INTO gne_vale_ferreteria (vfe_id,vfe_fecha,vfe_total,vfe_estado,vfe_entregado,usu_nusuario) VALUES (4701,@@@2013.07.07@@@,3210,1,0,@@@G_DIAZ@@@)','',2,'2013-07-07'),(35584,'INSERT INTO gne_vale_ferreteria_mov (vfe_id,pro_codigo_plu,vfm_cantidad,vfm_unitario,vfm_total,vfm_entregado) VALUES (4701,19949,1,1520,1520,@@@NO@@@)','',2,'2013-07-07'),(35585,'INSERT INTO gne_vale_ferreteria_mov (vfe_id,pro_codigo_plu,vfm_cantidad,vfm_unitario,vfm_total,vfm_entregado) VALUES (4701,763697,1,1690,1690,@@@NO@@@)','',2,'2013-07-07'),(35586,'INSERT INTO gne_vale_ferreteria (vfe_id,vfe_fecha,vfe_total,vfe_estado,vfe_entregado,usu_nusuario) VALUES (4702,@@@2013.07.07@@@,500,1,0,@@@G_DIAZ@@@)','',2,'2013-07-07'),(35587,'INSERT INTO gne_vale_ferreteria_mov (vfe_id,pro_codigo_plu,vfm_cantidad,vfm_unitario,vfm_total,vfm_entregado) VALUES (4702,78017027,10,50,500,@@@NO@@@)','',2,'2013-07-07'),(35588,'INSERT INTO gne_vale_ferreteria (vfe_id,vfe_fecha,vfe_total,vfe_estado,vfe_entregado,usu_nusuario) VALUES (4703,@@@2013.07.07@@@,500,1,0,@@@G_DIAZ@@@)','',2,'2013-07-07'),(35589,'INSERT INTO gne_vale_ferreteria_mov (vfe_id,pro_codigo_plu,vfm_cantidad,vfm_unitario,vfm_total,vfm_entregado) VALUES (4703,78017027,10,50,500,@@@NO@@@)','',2,'2013-07-07'),(35590,'INSERT INTO gne_vale_ferreteria (vfe_id,vfe_fecha,vfe_total,vfe_estado,vfe_entregado,usu_nusuario) VALUES (4704,@@@2013.07.07@@@,790,1,0,@@@G_DIAZ@@@)','',2,'2013-07-07'),(35591,'INSERT INTO gne_vale_ferreteria_mov (vfe_id,pro_codigo_plu,vfm_cantidad,vfm_unitario,vfm_total,vfm_entregado) VALUES (4704,780721280,1,790,790,@@@NO@@@)','',2,'2013-07-07'),(35592,'INSERT INTO gne_vale_ferreteria (vfe_id,vfe_fecha,vfe_total,vfe_estado,vfe_entregado,usu_nusuario) VALUES (4705,@@@2013.07.07@@@,590,1,0,@@@G_DIAZ@@@)','',2,'2013-07-07'),(35593,'INSERT INTO gne_vale_ferreteria_mov (vfe_id,pro_codigo_plu,vfm_cantidad,vfm_unitario,vfm_total,vfm_entregado) VALUES (4705,764700,1,590,590,@@@NO@@@)','',2,'2013-07-07'),(35594,'INSERT INTO gne_vale_ferreteria (vfe_id,vfe_fecha,vfe_total,vfe_estado,vfe_entregado,usu_nusuario) VALUES (4706,@@@2013.07.07@@@,770,1,0,@@@G_DIAZ@@@)','',2,'2013-07-07'),(35595,'INSERT INTO gne_vale_ferreteria_mov (vfe_id,pro_codigo_plu,vfm_cantidad,vfm_unitario,vfm_total,vfm_entregado) VALUES (4706,78017027,4,50,200,@@@NO@@@)','',2,'2013-07-07'),(35596,'INSERT INTO gne_vale_ferreteria_mov (vfe_id,pro_codigo_plu,vfm_cantidad,vfm_unitario,vfm_total,vfm_entregado) VALUES (4706,78017006,2,120,240,@@@NO@@@)','',2,'2013-07-07'),(35597,'INSERT INTO gne_vale_ferreteria_mov (vfe_id,pro_codigo_plu,vfm_cantidad,vfm_unitario,vfm_total,vfm_entregado) VALUES (4706,763588,1,330,330,@@@NO@@@)','',2,'2013-07-07'),(35598,'INSERT INTO gne_vale_ferreteria (vfe_id,vfe_fecha,vfe_total,vfe_estado,vfe_entregado,usu_nusuario) VALUES (4707,@@@2013.07.07@@@,100,1,0,@@@G_DIAZ@@@)','',2,'2013-07-07'),(35599,'INSERT INTO gne_vale_ferreteria_mov (vfe_id,pro_codigo_plu,vfm_cantidad,vfm_unitario,vfm_total,vfm_entregado) VALUES (4707,78017027,2,50,100,@@@NO@@@)','',2,'2013-07-07'),(35600,'INSERT INTO gne_vale_ferreteria (vfe_id,vfe_fecha,vfe_total,vfe_estado,vfe_entregado,usu_nusuario) VALUES (4708,@@@2013.07.07@@@,540,1,0,@@@G_DIAZ@@@)','',2,'2013-07-07'),(35601,'INSERT INTO gne_vale_ferreteria_mov (vfe_id,pro_codigo_plu,vfm_cantidad,vfm_unitario,vfm_total,vfm_entregado) VALUES (4708,78017026,6,90,540,@@@NO@@@)','',2,'2013-07-07'),(35602,'INSERT INTO gne_vale_ferreteria (vfe_id,vfe_fecha,vfe_total,vfe_estado,vfe_entregado,usu_nusuario) VALUES (4709,@@@2013.07.07@@@,1030,1,0,@@@G_DIAZ@@@)','',2,'2013-07-07'),(35603,'INSERT INTO gne_vale_ferreteria_mov (vfe_id,pro_codigo_plu,vfm_cantidad,vfm_unitario,vfm_total,vfm_entregado) VALUES (4709,780721094,1,790,790,@@@NO@@@)','',2,'2013-07-07'),(35604,'INSERT INTO gne_vale_ferreteria_mov (vfe_id,pro_codigo_plu,vfm_cantidad,vfm_unitario,vfm_total,vfm_entregado) VALUES (4709,1064,2,120,240,@@@NO@@@)','',2,'2013-07-07'),(35605,'INSERT INTO gne_vale_ferreteria (vfe_id,vfe_fecha,vfe_total,vfe_estado,vfe_entregado,usu_nusuario) VALUES (4710,@@@2013.07.07@@@,300,1,0,@@@G_DIAZ@@@)','',2,'2013-07-07'),(35606,'INSERT INTO gne_vale_ferreteria_mov (vfe_id,pro_codigo_plu,vfm_cantidad,vfm_unitario,vfm_total,vfm_entregado) VALUES (4710,770059,2,150,300,@@@NO@@@)','',2,'2013-07-07'),(35607,'INSERT INTO gne_vale_ferreteria (vfe_id,vfe_fecha,vfe_total,vfe_estado,vfe_entregado,usu_nusuario) VALUES (4711,@@@2013.07.07@@@,300,1,0,@@@G_DIAZ@@@)','',2,'2013-07-07'),(35608,'INSERT INTO gne_vale_ferreteria_mov (vfe_id,pro_codigo_plu,vfm_cantidad,vfm_unitario,vfm_total,vfm_entregado) VALUES (4711,4076,1,300,300,@@@NO@@@)','',2,'2013-07-07'),(35609,'INSERT INTO gne_vale_ferreteria (vfe_id,vfe_fecha,vfe_total,vfe_estado,vfe_entregado,usu_nusuario) VALUES (4712,@@@2013.07.07@@@,350,1,0,@@@G_DIAZ@@@)','',2,'2013-07-07'),(35610,'INSERT INTO gne_vale_ferreteria_mov (vfe_id,pro_codigo_plu,vfm_cantidad,vfm_unitario,vfm_total,vfm_entregado) VALUES (4712,78017027,3,50,150,@@@NO@@@)','',2,'2013-07-07'),(35611,'INSERT INTO gne_vale_ferreteria_mov (vfe_id,pro_codigo_plu,vfm_cantidad,vfm_unitario,vfm_total,vfm_entregado) VALUES (4712,2500,200,1,200,@@@NO@@@)','',2,'2013-07-07'),(35612,'INSERT INTO gne_vale_ferreteria (vfe_id,vfe_fecha,vfe_total,vfe_estado,vfe_entregado,usu_nusuario) VALUES (4713,@@@2013.07.07@@@,300,1,0,@@@G_DIAZ@@@)','',2,'2013-07-07'),(35613,'INSERT INTO gne_vale_ferreteria_mov (vfe_id,pro_codigo_plu,vfm_cantidad,vfm_unitario,vfm_total,vfm_entregado) VALUES (4713,4076,1,300,300,@@@NO@@@)','',2,'2013-07-07'),(35614,'INSERT INTO gne_vale_ferreteria (vfe_id,vfe_fecha,vfe_total,vfe_estado,vfe_entregado,usu_nusuario) VALUES (4714,@@@2013.07.07@@@,1389,1,0,@@@G_DIAZ@@@)','',2,'2013-07-07'),(35615,'INSERT INTO gne_vale_ferreteria_mov (vfe_id,pro_codigo_plu,vfm_cantidad,vfm_unitario,vfm_total,vfm_entregado) VALUES (4714,763613,1,999,999,@@@NO@@@)','',2,'2013-07-07'),(35616,'INSERT INTO gne_vale_ferreteria_mov (vfe_id,pro_codigo_plu,vfm_cantidad,vfm_unitario,vfm_total,vfm_entregado) VALUES (4714,1547,1,390,390,@@@NO@@@)','',2,'2013-07-07'),(35617,'INSERT INTO gne_vale_ferreteria (vfe_id,vfe_fecha,vfe_total,vfe_estado,vfe_entregado,usu_nusuario) VALUES (4715,@@@2013.07.07@@@,2080,1,0,@@@G_DIAZ@@@)','',2,'2013-07-07'),(35618,'INSERT INTO gne_vale_ferreteria_mov (vfe_id,pro_codigo_plu,vfm_cantidad,vfm_unitario,vfm_total,vfm_entregado) VALUES (4715,2010,1,1590,1590,@@@NO@@@)','',2,'2013-07-07'),(35619,'INSERT INTO gne_vale_ferreteria_mov (vfe_id,pro_codigo_plu,vfm_cantidad,vfm_unitario,vfm_total,vfm_entregado) VALUES (4715,1552,1,490,490,@@@NO@@@)','',2,'2013-07-07'),(35620,'INSERT INTO gne_vale_ferreteria (vfe_id,vfe_fecha,vfe_total,vfe_estado,vfe_entregado,usu_nusuario) VALUES (4716,@@@2013.07.07@@@,470,1,0,@@@G_DIAZ@@@)','',2,'2013-07-07'),(35621,'INSERT INTO gne_vale_ferreteria_mov (vfe_id,pro_codigo_plu,vfm_cantidad,vfm_unitario,vfm_total,vfm_entregado) VALUES (4716,78017026,2,90,180,@@@NO@@@)','',2,'2013-07-07'),(35622,'INSERT INTO gne_vale_ferreteria_mov (vfe_id,pro_codigo_plu,vfm_cantidad,vfm_unitario,vfm_total,vfm_entregado) VALUES (4716,1559,1,290,290,@@@NO@@@)','',2,'2013-07-07'),(35623,'INSERT INTO gne_vale_ferreteria (vfe_id,vfe_fecha,vfe_total,vfe_estado,vfe_entregado,usu_nusuario) VALUES (4717,@@@2013.07.07@@@,100,1,0,@@@G_DIAZ@@@)','',2,'2013-07-07'),(35624,'INSERT INTO gne_vale_ferreteria_mov (vfe_id,pro_codigo_plu,vfm_cantidad,vfm_unitario,vfm_total,vfm_entregado) VALUES (4717,1545,2,50,100,@@@NO@@@)','',2,'2013-07-07'),(35625,'INSERT INTO gne_vale_ferreteria (vfe_id,vfe_fecha,vfe_total,vfe_estado,vfe_entregado,usu_nusuario) VALUES (4718,@@@2013.07.07@@@,550,1,0,@@@G_DIAZ@@@)','',2,'2013-07-07'),(35626,'INSERT INTO gne_vale_ferreteria_mov (vfe_id,pro_codigo_plu,vfm_cantidad,vfm_unitario,vfm_total,vfm_entregado) VALUES (4718,1545,2,50,100,@@@NO@@@)','',2,'2013-07-07'),(35627,'INSERT INTO gne_vale_ferreteria_mov (vfe_id,pro_codigo_plu,vfm_cantidad,vfm_unitario,vfm_total,vfm_entregado) VALUES (4718,78017026,5,90,450,@@@NO@@@)','',2,'2013-07-07'),(35628,'INSERT INTO gne_vale_ferreteria (vfe_id,vfe_fecha,vfe_total,vfe_estado,vfe_entregado,usu_nusuario) VALUES (4719,@@@2013.07.07@@@,240,1,0,@@@G_DIAZ@@@)','',2,'2013-07-07'),(35629,'INSERT INTO gne_vale_ferreteria_mov (vfe_id,pro_codigo_plu,vfm_cantidad,vfm_unitario,vfm_total,vfm_entregado) VALUES (4719,764823,3,80,240,@@@NO@@@)','',2,'2013-07-07'),(35630,'INSERT INTO gne_vale_ferreteria (vfe_id,vfe_fecha,vfe_total,vfe_estado,vfe_entregado,usu_nusuario) VALUES (4720,@@@2013.07.07@@@,3920,1,0,@@@G_DIAZ@@@)','',2,'2013-07-07'),(35631,'INSERT INTO gne_vale_ferreteria_mov (vfe_id,pro_codigo_plu,vfm_cantidad,vfm_unitario,vfm_total,vfm_entregado) VALUES (4720,770001,3,80,240,@@@NO@@@)','',2,'2013-07-07'),(35632,'INSERT INTO gne_vale_ferreteria_mov (vfe_id,pro_codigo_plu,vfm_cantidad,vfm_unitario,vfm_total,vfm_entregado) VALUES (4720,780721178,1,1390,1390,@@@NO@@@)','',2,'2013-07-07'),(35633,'INSERT INTO gne_vale_ferreteria_mov (vfe_id,pro_codigo_plu,vfm_cantidad,vfm_unitario,vfm_total,vfm_entregado) VALUES (4720,1536,2,290,580,@@@NO@@@)','',2,'2013-07-07'),(35634,'INSERT INTO gne_vale_ferreteria_mov (vfe_id,pro_codigo_plu,vfm_cantidad,vfm_unitario,vfm_total,vfm_entregado) VALUES (4720,764267,1,300,300,@@@NO@@@)','',2,'2013-07-07'),(35635,'INSERT INTO gne_vale_ferreteria_mov (vfe_id,pro_codigo_plu,vfm_cantidad,vfm_unitario,vfm_total,vfm_entregado) VALUES (4720,764264,1,960,960,@@@NO@@@)','',2,'2013-07-07'),(35636,'INSERT INTO gne_vale_ferreteria_mov (vfe_id,pro_codigo_plu,vfm_cantidad,vfm_unitario,vfm_total,vfm_entregado) VALUES (4720,764539,1,450,450,@@@NO@@@)','',2,'2013-07-07'),(35637,'INSERT INTO gne_vale_ferreteria (vfe_id,vfe_fecha,vfe_total,vfe_estado,vfe_entregado,usu_nusuario) VALUES (4721,@@@2013.07.07@@@,1990,1,0,@@@G_DIAZ@@@)','',2,'2013-07-07'),(35638,'INSERT INTO gne_vale_ferreteria_mov (vfe_id,pro_codigo_plu,vfm_cantidad,vfm_unitario,vfm_total,vfm_entregado) VALUES (4721,764936,1,1990,1990,@@@NO@@@)','',2,'2013-07-07'),(35639,'INSERT INTO gne_vale_ferreteria (vfe_id,vfe_fecha,vfe_total,vfe_estado,vfe_entregado,usu_nusuario) VALUES (4722,@@@2013.07.07@@@,620,1,0,@@@G_DIAZ@@@)','',2,'2013-07-07'),(35640,'INSERT INTO gne_vale_ferreteria_mov (vfe_id,pro_codigo_plu,vfm_cantidad,vfm_unitario,vfm_total,vfm_entregado) VALUES (4722,78017026,2,90,180,@@@NO@@@)','',2,'2013-07-07'),(35641,'INSERT INTO gne_vale_ferreteria_mov (vfe_id,pro_codigo_plu,vfm_cantidad,vfm_unitario,vfm_total,vfm_entregado) VALUES (4722,78017002,2,120,240,@@@NO@@@)','',2,'2013-07-07'),(35642,'INSERT INTO gne_vale_ferreteria_mov (vfe_id,pro_codigo_plu,vfm_cantidad,vfm_unitario,vfm_total,vfm_entregado) VALUES (4722,78017194,1,200,200,@@@NO@@@)','',2,'2013-07-07'),(35643,'INSERT INTO gne_vale_ferreteria (vfe_id,vfe_fecha,vfe_total,vfe_estado,vfe_entregado,usu_nusuario) VALUES (4723,@@@2013.07.07@@@,4990,1,0,@@@G_DIAZ@@@)','',2,'2013-07-07'),(35644,'INSERT INTO gne_vale_ferreteria_mov (vfe_id,pro_codigo_plu,vfm_cantidad,vfm_unitario,vfm_total,vfm_entregado) VALUES (4723,780721303,1,4990,4990,@@@NO@@@)','',2,'2013-07-07'),(35645,'INSERT INTO gne_vale_ferreteria (vfe_id,vfe_fecha,vfe_total,vfe_estado,vfe_entregado,usu_nusuario) VALUES (4724,@@@2013.07.07@@@,360,1,0,@@@G_DIAZ@@@)','',2,'2013-07-07'),(35646,'INSERT INTO gne_vale_ferreteria_mov (vfe_id,pro_codigo_plu,vfm_cantidad,vfm_unitario,vfm_total,vfm_entregado) VALUES (4724,78017026,4,90,360,@@@NO@@@)','',2,'2013-07-07'),(35647,'INSERT INTO gne_vale_ferreteria (vfe_id,vfe_fecha,vfe_total,vfe_estado,vfe_entregado,usu_nusuario) VALUES (4725,@@@2013.07.07@@@,200,1,0,@@@G_DIAZ@@@)','',2,'2013-07-07'),(35648,'INSERT INTO gne_vale_ferreteria_mov (vfe_id,pro_codigo_plu,vfm_cantidad,vfm_unitario,vfm_total,vfm_entregado) VALUES (4725,78017027,4,50,200,@@@NO@@@)','',2,'2013-07-07'),(35649,'INSERT INTO gne_vale_ferreteria (vfe_id,vfe_fecha,vfe_total,vfe_estado,vfe_entregado,usu_nusuario) VALUES (4726,@@@2013.07.07@@@,260,1,0,@@@G_DIAZ@@@)','',2,'2013-07-07'),(35650,'INSERT INTO gne_vale_ferreteria_mov (vfe_id,pro_codigo_plu,vfm_cantidad,vfm_unitario,vfm_total,vfm_entregado) VALUES (4726,15967,2,130,260,@@@NO@@@)','',2,'2013-07-07'),(35651,'INSERT INTO gne_vale_ferreteria (vfe_id,vfe_fecha,vfe_total,vfe_estado,vfe_entregado,usu_nusuario) VALUES (4727,@@@2013.07.07@@@,200,1,0,@@@G_DIAZ@@@)','',2,'2013-07-07'),(35652,'INSERT INTO gne_vale_ferreteria_mov (vfe_id,pro_codigo_plu,vfm_cantidad,vfm_unitario,vfm_total,vfm_entregado) VALUES (4727,765072,1,200,200,@@@NO@@@)','',2,'2013-07-07'),(35653,'INSERT INTO gne_vale_ferreteria (vfe_id,vfe_fecha,vfe_total,vfe_estado,vfe_entregado,usu_nusuario) VALUES (4728,@@@2013.07.07@@@,120,1,0,@@@G_DIAZ@@@)','',2,'2013-07-07'),(35654,'INSERT INTO gne_vale_ferreteria_mov (vfe_id,pro_codigo_plu,vfm_cantidad,vfm_unitario,vfm_total,vfm_entregado) VALUES (4728,8022,1,120,120,@@@NO@@@)','',2,'2013-07-07'),(35655,'INSERT INTO gne_vale_ferreteria (vfe_id,vfe_fecha,vfe_total,vfe_estado,vfe_entregado,usu_nusuario) VALUES (4729,@@@2013.07.07@@@,300,1,0,@@@G_DIAZ@@@)','',2,'2013-07-07'),(35656,'INSERT INTO gne_vale_ferreteria_mov (vfe_id,pro_codigo_plu,vfm_cantidad,vfm_unitario,vfm_total,vfm_entregado) VALUES (4729,764013,1,300,300,@@@NO@@@)','',2,'2013-07-07'),(35657,'INSERT INTO gne_vale_ferreteria (vfe_id,vfe_fecha,vfe_total,vfe_estado,vfe_entregado,usu_nusuario) VALUES (4730,@@@2013.07.07@@@,1950,1,0,@@@G_DIAZ@@@)','',2,'2013-07-07'),(35658,'INSERT INTO gne_vale_ferreteria_mov (vfe_id,pro_codigo_plu,vfm_cantidad,vfm_unitario,vfm_total,vfm_entregado) VALUES (4730,780721061,1,1950,1950,@@@NO@@@)','',2,'2013-07-07'),(35659,'INSERT INTO gne_vale_ferreteria (vfe_id,vfe_fecha,vfe_total,vfe_estado,vfe_entregado,usu_nusuario) VALUES (4731,@@@2013.07.07@@@,720,1,0,@@@G_DIAZ@@@)','',2,'2013-07-07'),(35660,'INSERT INTO gne_vale_ferreteria_mov (vfe_id,pro_codigo_plu,vfm_cantidad,vfm_unitario,vfm_total,vfm_entregado) VALUES (4731,8023,1,390,390,@@@NO@@@)','',2,'2013-07-07'),(35661,'INSERT INTO gne_vale_ferreteria_mov (vfe_id,pro_codigo_plu,vfm_cantidad,vfm_unitario,vfm_total,vfm_entregado) VALUES (4731,764507,1,330,330,@@@NO@@@)','',2,'2013-07-07'),(35662,'INSERT INTO gne_vale_ferreteria (vfe_id,vfe_fecha,vfe_total,vfe_estado,vfe_entregado,usu_nusuario) VALUES (4732,@@@2013.07.07@@@,390,1,0,@@@G_DIAZ@@@)','',2,'2013-07-07'),(35663,'INSERT INTO gne_vale_ferreteria_mov (vfe_id,pro_codigo_plu,vfm_cantidad,vfm_unitario,vfm_total,vfm_entregado) VALUES (4732,8023,1,390,390,@@@NO@@@)','',2,'2013-07-07'),(35664,'INSERT INTO gne_vale_ferreteria (vfe_id,vfe_fecha,vfe_total,vfe_estado,vfe_entregado,usu_nusuario) VALUES (4733,@@@2013.07.07@@@,260,1,0,@@@G_DIAZ@@@)','',2,'2013-07-07'),(35665,'INSERT INTO gne_vale_ferreteria_mov (vfe_id,pro_codigo_plu,vfm_cantidad,vfm_unitario,vfm_total,vfm_entregado) VALUES (4733,21129,1,260,260,@@@NO@@@)','',2,'2013-07-07'),(35666,'INSERT INTO gne_vale_ferreteria (vfe_id,vfe_fecha,vfe_total,vfe_estado,vfe_entregado,usu_nusuario) VALUES (4734,@@@2013.07.07@@@,1000,1,0,@@@G_DIAZ@@@)','',2,'2013-07-07'),(35667,'INSERT INTO gne_vale_ferreteria_mov (vfe_id,pro_codigo_plu,vfm_cantidad,vfm_unitario,vfm_total,vfm_entregado) VALUES (4734,764842,1,1000,1000,@@@NO@@@)','',2,'2013-07-07'),(35668,'INSERT INTO gne_vale_ferreteria (vfe_id,vfe_fecha,vfe_total,vfe_estado,vfe_entregado,usu_nusuario) VALUES (4735,@@@2013.07.07@@@,3780,1,0,@@@G_DIAZ@@@)','',2,'2013-07-07'),(35669,'INSERT INTO gne_vale_ferreteria_mov (vfe_id,pro_codigo_plu,vfm_cantidad,vfm_unitario,vfm_total,vfm_entregado) VALUES (4735,101454,1,790,790,@@@NO@@@)','',2,'2013-07-07'),(35670,'INSERT INTO gne_vale_ferreteria_mov (vfe_id,pro_codigo_plu,vfm_cantidad,vfm_unitario,vfm_total,vfm_entregado) VALUES (4735,764511,1,2990,2990,@@@NO@@@)','',2,'2013-07-07'),(35671,'INSERT INTO gne_vale_ferreteria (vfe_id,vfe_fecha,vfe_total,vfe_estado,vfe_entregado,usu_nusuario) VALUES (4736,@@@2013.07.07@@@,1590,1,0,@@@G_DIAZ@@@)','',2,'2013-07-07'),(35672,'INSERT INTO gne_vale_ferreteria_mov (vfe_id,pro_codigo_plu,vfm_cantidad,vfm_unitario,vfm_total,vfm_entregado) VALUES (4736,15955,3,530,1590,@@@NO@@@)','',2,'2013-07-07'),(35673,'INSERT INTO gne_vale_ferreteria (vfe_id,vfe_fecha,vfe_total,vfe_estado,vfe_entregado,usu_nusuario) VALUES (4737,@@@2013.07.07@@@,130,1,0,@@@G_DIAZ@@@)','',2,'2013-07-07'),(35674,'INSERT INTO gne_vale_ferreteria_mov (vfe_id,pro_codigo_plu,vfm_cantidad,vfm_unitario,vfm_total,vfm_entregado) VALUES (4737,764770,1,30,30,@@@NO@@@)','',2,'2013-07-07'),(35675,'INSERT INTO gne_vale_ferreteria_mov (vfe_id,pro_codigo_plu,vfm_cantidad,vfm_unitario,vfm_total,vfm_entregado) VALUES (4737,764834,5,20,100,@@@NO@@@)','',2,'2013-07-07'),(35676,'INSERT INTO gne_vale_ferreteria (vfe_id,vfe_fecha,vfe_total,vfe_estado,vfe_entregado,usu_nusuario) VALUES (4738,@@@2013.07.08@@@,610,1,0,@@@b_SAEZ@@@)','',2,'2013-07-08'),(35677,'INSERT INTO gne_vale_ferreteria_mov (vfe_id,pro_codigo_plu,vfm_cantidad,vfm_unitario,vfm_total,vfm_entregado) VALUES (4738,763786,1,250,250,@@@NO@@@)','',2,'2013-07-08'),(35678,'INSERT INTO gne_vale_ferreteria_mov (vfe_id,pro_codigo_plu,vfm_cantidad,vfm_unitario,vfm_total,vfm_entregado) VALUES (4738,78017026,4,90,360,@@@NO@@@)','',2,'2013-07-08'),(35679,'INSERT INTO gne_vale_ferreteria (vfe_id,vfe_fecha,vfe_total,vfe_estado,vfe_entregado,usu_nusuario) VALUES (4739,@@@2013.07.08@@@,360,1,0,@@@b_SAEZ@@@)','',2,'2013-07-08'),(35680,'INSERT INTO gne_vale_ferreteria_mov (vfe_id,pro_codigo_plu,vfm_cantidad,vfm_unitario,vfm_total,vfm_entregado) VALUES (4739,78017026,4,90,360,@@@NO@@@)','',2,'2013-07-08'),(35681,'INSERT INTO gne_vale_ferreteria (vfe_id,vfe_fecha,vfe_total,vfe_estado,vfe_entregado,usu_nusuario) VALUES (4740,@@@2013.07.08@@@,390,1,0,@@@b_SAEZ@@@)','',2,'2013-07-08'),(35682,'INSERT INTO gne_vale_ferreteria_mov (vfe_id,pro_codigo_plu,vfm_cantidad,vfm_unitario,vfm_total,vfm_entregado) VALUES (4740,4090,1,390,390,@@@NO@@@)','',2,'2013-07-08'),(35683,'INSERT INTO gne_vale_ferreteria (vfe_id,vfe_fecha,vfe_total,vfe_estado,vfe_entregado,usu_nusuario) VALUES (4741,@@@2013.07.08@@@,680,1,0,@@@b_SAEZ@@@)','',2,'2013-07-08'),(35684,'INSERT INTO gne_vale_ferreteria_mov (vfe_id,pro_codigo_plu,vfm_cantidad,vfm_unitario,vfm_total,vfm_entregado) VALUES (4741,19866,1,680,680,@@@NO@@@)','',2,'2013-07-08'),(35685,'UPDATE mae_productos SET pro_activo=@@@0@@@ WHERE pro_codigo_plu=@@@13540@@@','',2,'2013-07-08'),(35686,'UPDATE mae_productos SET pro_activo=@@@0@@@ WHERE pro_codigo_plu=@@@10069@@@','',2,'2013-07-08'),(35687,'UPDATE mae_productos SET pro_activo=@@@0@@@ WHERE pro_codigo_plu=@@@809@@@','',2,'2013-07-08'),(35688,'UPDATE mae_productos SET pro_activo=@@@0@@@ WHERE pro_codigo_plu=@@@1006@@@','',2,'2013-07-08'),(35689,'UPDATE mae_productos SET pro_activo=@@@0@@@ WHERE pro_codigo_plu=@@@1007@@@','',2,'2013-07-08'),(35690,'UPDATE mae_productos SET pro_activo=@@@0@@@ WHERE pro_codigo_plu=@@@1008@@@','',2,'2013-07-08'),(35691,'UPDATE mae_productos SET pro_activo=@@@0@@@ WHERE pro_codigo_plu=@@@1009@@@','',2,'2013-07-08'),(35692,'UPDATE mae_productos SET pro_activo=@@@0@@@ WHERE pro_codigo_plu=@@@1043@@@','',2,'2013-07-08'),(35693,'UPDATE mae_productos SET pro_activo=@@@0@@@ WHERE pro_codigo_plu=@@@1044@@@','',2,'2013-07-08'),(35694,'UPDATE mae_productos SET pro_activo=@@@0@@@ WHERE pro_codigo_plu=@@@1047@@@','',2,'2013-07-08'),(35695,'UPDATE mae_productos SET pro_activo=@@@0@@@ WHERE pro_codigo_plu=@@@1048@@@','',2,'2013-07-08'),(35696,'UPDATE mae_productos SET pro_activo=@@@0@@@ WHERE pro_codigo_plu=@@@1073@@@','',2,'2013-07-08'),(35697,'INSERT INTO gne_vale_ferreteria (vfe_id,vfe_fecha,vfe_total,vfe_estado,vfe_entregado,usu_nusuario) VALUES (4742,@@@2013.07.08@@@,1490,1,0,@@@b_SAEZ@@@)','',2,'2013-07-08'),(35698,'INSERT INTO gne_vale_ferreteria_mov (vfe_id,pro_codigo_plu,vfm_cantidad,vfm_unitario,vfm_total,vfm_entregado) VALUES (4742,770083,1,1490,1490,@@@NO@@@)','',2,'2013-07-08'),(35699,'UPDATE mae_productos SET pro_activo=@@@0@@@ WHERE pro_codigo_plu=@@@1074@@@','',2,'2013-07-08'),(35700,'UPDATE mae_productos SET pro_activo=@@@0@@@ WHERE pro_codigo_plu=@@@1075@@@','',2,'2013-07-08'),(35701,'UPDATE mae_productos SET pro_activo=@@@0@@@ WHERE pro_codigo_plu=@@@1076@@@','',2,'2013-07-08'),(35702,'UPDATE mae_productos SET pro_activo=@@@0@@@ WHERE pro_codigo_plu=@@@1077@@@','',2,'2013-07-08'),(35703,'UPDATE mae_productos SET pro_activo=@@@0@@@ WHERE pro_codigo_plu=@@@1078@@@','',2,'2013-07-08'),(35704,'UPDATE mae_productos SET pro_activo=@@@0@@@ WHERE pro_codigo_plu=@@@1092@@@','',2,'2013-07-08'),(35705,'UPDATE mae_productos SET pro_activo=@@@0@@@ WHERE pro_codigo_plu=@@@1095@@@','',2,'2013-07-08'),(35706,'UPDATE mae_productos SET pro_activo=@@@0@@@ WHERE pro_codigo_plu=@@@1097@@@','',2,'2013-07-08'),(35707,'UPDATE mae_productos SET pro_activo=@@@0@@@ WHERE pro_codigo_plu=@@@1099@@@','',2,'2013-07-08'),(35708,'UPDATE mae_productos SET pro_activo=@@@0@@@ WHERE pro_codigo_plu=@@@1100@@@','',2,'2013-07-08'),(35709,'UPDATE mae_productos SET pro_activo=@@@0@@@ WHERE pro_codigo_plu=@@@1102@@@','',2,'2013-07-08'),(35710,'UPDATE mae_productos SET pro_activo=@@@0@@@ WHERE pro_codigo_plu=@@@1103@@@','',2,'2013-07-08'),(35711,'UPDATE mae_productos SET pro_activo=@@@0@@@ WHERE pro_codigo_plu=@@@1104@@@','',2,'2013-07-08'),(35712,'UPDATE mae_productos SET pro_activo=@@@0@@@ WHERE pro_codigo_plu=@@@1105@@@','',2,'2013-07-08'),(35713,'UPDATE mae_productos SET pro_activo=@@@0@@@ WHERE pro_codigo_plu=@@@1106@@@','',2,'2013-07-08'),(35714,'UPDATE mae_productos SET pro_activo=@@@0@@@ WHERE pro_codigo_plu=@@@1137@@@','',2,'2013-07-08'),(35715,'UPDATE mae_productos SET pro_activo=@@@0@@@ WHERE pro_codigo_plu=@@@1170@@@','',2,'2013-07-08'),(35716,'UPDATE mae_productos SET pro_activo=@@@0@@@ WHERE pro_codigo_plu=@@@1221@@@','',2,'2013-07-08'),(35717,'UPDATE mae_productos SET pro_activo=@@@0@@@ WHERE pro_codigo_plu=@@@1237@@@','',2,'2013-07-08'),(35718,'UPDATE mae_productos SET pro_activo=@@@0@@@ WHERE pro_codigo_plu=@@@1351@@@','',2,'2013-07-08'),(35719,'UPDATE mae_productos SET pro_activo=@@@0@@@ WHERE pro_codigo_plu=@@@1360@@@','',2,'2013-07-08'),(35720,'UPDATE mae_productos SET pro_activo=@@@0@@@ WHERE pro_codigo_plu=@@@1432@@@','',2,'2013-07-08'),(35721,'UPDATE mae_productos SET pro_activo=@@@0@@@ WHERE pro_codigo_plu=@@@1441@@@','',2,'2013-07-08'),(35722,'UPDATE mae_productos SET pro_activo=@@@0@@@ WHERE pro_codigo_plu=@@@1442@@@','',2,'2013-07-08'),(35723,'UPDATE mae_productos SET pro_activo=@@@0@@@ WHERE pro_codigo_plu=@@@1443@@@','',2,'2013-07-08'),(35724,'UPDATE mae_productos SET pro_activo=@@@0@@@ WHERE pro_codigo_plu=@@@1444@@@','',2,'2013-07-08'),(35725,'UPDATE mae_productos SET pro_activo=@@@0@@@ WHERE pro_codigo_plu=@@@1445@@@','',2,'2013-07-08'),(35726,'UPDATE mae_productos SET pro_activo=@@@0@@@ WHERE pro_codigo_plu=@@@1446@@@','',2,'2013-07-08'),(35727,'UPDATE mae_productos SET pro_activo=@@@0@@@ WHERE pro_codigo_plu=@@@1447@@@','',2,'2013-07-08'),(35728,'UPDATE mae_productos SET pro_activo=@@@0@@@ WHERE pro_codigo_plu=@@@1448@@@','',2,'2013-07-08'),(35729,'UPDATE mae_productos SET pro_activo=@@@0@@@ WHERE pro_codigo_plu=@@@1450@@@','',2,'2013-07-08'),(35730,'UPDATE mae_productos SET pro_activo=@@@0@@@ WHERE pro_codigo_plu=@@@1451@@@','',2,'2013-07-08'),(35731,'UPDATE mae_productos SET pro_activo=@@@0@@@ WHERE pro_codigo_plu=@@@1452@@@','',2,'2013-07-08'),(35732,'UPDATE mae_productos SET pro_activo=@@@0@@@ WHERE pro_codigo_plu=@@@1455@@@','',2,'2013-07-08'),(35733,'UPDATE mae_productos SET pro_activo=@@@0@@@ WHERE pro_codigo_plu=@@@1456@@@','',2,'2013-07-08'),(35734,'UPDATE mae_productos SET pro_activo=@@@0@@@ WHERE pro_codigo_plu=@@@1459@@@','',2,'2013-07-08'),(35735,'UPDATE mae_productos SET pro_activo=@@@0@@@ WHERE pro_codigo_plu=@@@1463@@@','',2,'2013-07-08'),(35736,'INSERT INTO gne_vale_ferreteria (vfe_id,vfe_fecha,vfe_total,vfe_estado,vfe_entregado,usu_nusuario) VALUES (4743,@@@2013.07.08@@@,1740,1,0,@@@b_SAEZ@@@)','',2,'2013-07-08'),(35737,'INSERT INTO gne_vale_ferreteria_mov (vfe_id,pro_codigo_plu,vfm_cantidad,vfm_unitario,vfm_total,vfm_entregado) VALUES (4743,763787,1,450,450,@@@NO@@@)','',2,'2013-07-08'),(35738,'INSERT INTO gne_vale_ferreteria_mov (vfe_id,pro_codigo_plu,vfm_cantidad,vfm_unitario,vfm_total,vfm_entregado) VALUES (4743,780721118,1,1290,1290,@@@NO@@@)','',2,'2013-07-08'),(35739,'UPDATE mae_productos SET pro_activo=@@@0@@@ WHERE pro_codigo_plu=@@@1464@@@','',2,'2013-07-08'),(35740,'UPDATE mae_productos SET pro_activo=@@@0@@@ WHERE pro_codigo_plu=@@@1465@@@','',2,'2013-07-08'),(35741,'UPDATE mae_productos SET pro_activo=@@@0@@@ WHERE pro_codigo_plu=@@@1466@@@','',2,'2013-07-08'),(35742,'UPDATE mae_productos SET pro_activo=@@@0@@@ WHERE pro_codigo_plu=@@@1467@@@','',2,'2013-07-08'),(35743,'UPDATE mae_productos SET pro_activo=@@@0@@@ WHERE pro_codigo_plu=@@@1468@@@','',2,'2013-07-08'),(35744,'UPDATE mae_productos SET pro_activo=@@@0@@@ WHERE pro_codigo_plu=@@@1469@@@','',2,'2013-07-08'),(35745,'UPDATE mae_productos SET pro_activo=@@@0@@@ WHERE pro_codigo_plu=@@@1470@@@','',2,'2013-07-08'),(35746,'UPDATE mae_productos SET pro_activo=@@@0@@@ WHERE pro_codigo_plu=@@@1472@@@','',2,'2013-07-08'),(35747,'UPDATE mae_productos SET pro_activo=@@@0@@@ WHERE pro_codigo_plu=@@@1474@@@','',2,'2013-07-08'),(35748,'UPDATE mae_productos SET pro_activo=@@@0@@@ WHERE pro_codigo_plu=@@@1476@@@','',2,'2013-07-08'),(35749,'UPDATE mae_productos SET pro_activo=@@@0@@@ WHERE pro_codigo_plu=@@@1477@@@','',2,'2013-07-08'),(35750,'UPDATE mae_productos SET pro_activo=@@@0@@@ WHERE pro_codigo_plu=@@@1478@@@','',2,'2013-07-08'),(35751,'UPDATE mae_productos SET pro_activo=@@@0@@@ WHERE pro_codigo_plu=@@@1480@@@','',2,'2013-07-08'),(35752,'UPDATE mae_productos SET pro_activo=@@@0@@@ WHERE pro_codigo_plu=@@@1481@@@','',2,'2013-07-08'),(35753,'UPDATE mae_productos SET pro_activo=@@@0@@@ WHERE pro_codigo_plu=@@@1482@@@','',2,'2013-07-08'),(35754,'UPDATE mae_productos SET pro_activo=@@@0@@@ WHERE pro_codigo_plu=@@@1483@@@','',2,'2013-07-08'),(35755,'UPDATE mae_productos SET pro_activo=@@@0@@@ WHERE pro_codigo_plu=@@@1484@@@','',2,'2013-07-08'),(35756,'UPDATE mae_productos SET pro_activo=@@@0@@@ WHERE pro_codigo_plu=@@@1485@@@','',2,'2013-07-08'),(35757,'UPDATE mae_productos SET pro_activo=@@@0@@@ WHERE pro_codigo_plu=@@@1486@@@','',2,'2013-07-08'),(35758,'UPDATE mae_productos SET pro_activo=@@@0@@@ WHERE pro_codigo_plu=@@@1487@@@','',2,'2013-07-08'),(35759,'UPDATE mae_productos SET pro_activo=@@@0@@@ WHERE pro_codigo_plu=@@@1488@@@','',2,'2013-07-08'),(35760,'UPDATE mae_productos SET pro_activo=@@@0@@@ WHERE pro_codigo_plu=@@@1503@@@','',2,'2013-07-08'),(35761,'UPDATE mae_productos SET pro_activo=@@@0@@@ WHERE pro_codigo_plu=@@@1489@@@','',2,'2013-07-08'),(35762,'UPDATE mae_productos SET pro_activo=@@@0@@@ WHERE pro_codigo_plu=@@@1490@@@','',2,'2013-07-08'),(35763,'UPDATE mae_productos SET pro_activo=@@@0@@@ WHERE pro_codigo_plu=@@@1491@@@','',2,'2013-07-08'),(35764,'UPDATE mae_productos SET pro_activo=@@@0@@@ WHERE pro_codigo_plu=@@@1506@@@','',2,'2013-07-08'),(35765,'UPDATE mae_productos SET pro_activo=@@@0@@@ WHERE pro_codigo_plu=@@@1507@@@','',2,'2013-07-08'),(35766,'UPDATE mae_productos SET pro_activo=@@@0@@@ WHERE pro_codigo_plu=@@@1492@@@','',2,'2013-07-08'),(35767,'UPDATE mae_productos SET pro_activo=@@@0@@@ WHERE pro_codigo_plu=@@@1508@@@','',2,'2013-07-08'),(35768,'UPDATE mae_productos SET pro_activo=@@@0@@@ WHERE pro_codigo_plu=@@@1493@@@','',2,'2013-07-08'),(35769,'UPDATE mae_productos SET pro_activo=@@@0@@@ WHERE pro_codigo_plu=@@@1494@@@','',2,'2013-07-08'),(35770,'UPDATE mae_productos SET pro_activo=@@@0@@@ WHERE pro_codigo_plu=@@@1495@@@','',2,'2013-07-08'),(35771,'UPDATE mae_productos SET pro_activo=@@@0@@@ WHERE pro_codigo_plu=@@@1496@@@','',2,'2013-07-08'),(35772,'UPDATE mae_productos SET pro_activo=@@@0@@@ WHERE pro_codigo_plu=@@@1497@@@','',2,'2013-07-08'),(35773,'UPDATE mae_productos SET pro_activo=@@@0@@@ WHERE pro_codigo_plu=@@@1498@@@','',2,'2013-07-08'),(35774,'UPDATE mae_productos SET pro_activo=@@@0@@@ WHERE pro_codigo_plu=@@@1499@@@','',2,'2013-07-08'),(35775,'UPDATE mae_productos SET pro_activo=@@@0@@@ WHERE pro_codigo_plu=@@@1500@@@','',2,'2013-07-08'),(35776,'UPDATE mae_productos SET pro_activo=@@@0@@@ WHERE pro_codigo_plu=@@@1501@@@','',2,'2013-07-08'),(35777,'INSERT INTO gne_vale_ferreteria (vfe_id,vfe_fecha,vfe_total,vfe_estado,vfe_entregado,usu_nusuario) VALUES (4744,@@@2013.07.08@@@,2690,1,0,@@@b_SAEZ@@@)','',2,'2013-07-08'),(35778,'INSERT INTO gne_vale_ferreteria_mov (vfe_id,pro_codigo_plu,vfm_cantidad,vfm_unitario,vfm_total,vfm_entregado) VALUES (4744,763724,1,2490,2490,@@@NO@@@)','',2,'2013-07-08'),(35779,'INSERT INTO gne_vale_ferreteria_mov (vfe_id,pro_codigo_plu,vfm_cantidad,vfm_unitario,vfm_total,vfm_entregado) VALUES (4744,2011,1,200,200,@@@NO@@@)','',2,'2013-07-08'),(35780,'UPDATE mae_productos SET pro_activo=@@@0@@@ WHERE pro_codigo_plu=@@@1502@@@','',2,'2013-07-08'),(35781,'UPDATE mae_productos SET pro_margen_actual=0,pro_precio_venta=450 WHERE pro_codigo_plu=542','',2,'2013-07-08'),(35782,'UPDATE mae_productos SET pro_margen_actual=0,pro_precio_venta=380 WHERE pro_codigo_plu=597','',2,'2013-07-08'),(35783,'UPDATE mae_productos SET pro_margen_actual=0,pro_precio_venta=850 WHERE pro_codigo_plu=607','',2,'2013-07-08'),(35784,'UPDATE mae_productos SET pro_precio_fiscal=pro_precio_venta WHERE pro_codigo_plu=542','',2,'2013-07-08'),(35785,'UPDATE mae_productos SET pro_precio_fiscal=pro_precio_venta WHERE pro_codigo_plu=597','',2,'2013-07-08'),(35786,'UPDATE mae_productos SET pro_precio_fiscal=pro_precio_venta WHERE pro_codigo_plu=607','',2,'2013-07-08'),(35787,'UPDATE mae_productos SET pro_activo=@@@0@@@ WHERE pro_codigo_plu=@@@1504@@@','',2,'2013-07-08'),(35788,'UPDATE mae_productos SET pro_activo=@@@0@@@ WHERE pro_codigo_plu=@@@1509@@@','',2,'2013-07-08'),(35789,'UPDATE mae_productos SET pro_activo=@@@0@@@ WHERE pro_codigo_plu=@@@1510@@@','',2,'2013-07-08'),(35790,'UPDATE mae_productos SET pro_activo=@@@0@@@ WHERE pro_codigo_plu=@@@1511@@@','',2,'2013-07-08'),(35791,'UPDATE mae_productos SET pro_activo=@@@0@@@ WHERE pro_codigo_plu=@@@1512@@@','',2,'2013-07-08'),(35792,'INSERT INTO gne_vale_ferreteria (vfe_id,vfe_fecha,vfe_total,vfe_estado,vfe_entregado,usu_nusuario) VALUES (4745,@@@2013.07.08@@@,1080,1,0,@@@S_BIZAMA@@@)','',2,'2013-07-08'),(35793,'INSERT INTO gne_vale_ferreteria_mov (vfe_id,pro_codigo_plu,vfm_cantidad,vfm_unitario,vfm_total,vfm_entregado) VALUES (4745,19916,2,540,1080,@@@NO@@@)','',2,'2013-07-08'),(35794,'UPDATE mae_productos SET pro_activo=@@@0@@@ WHERE pro_codigo_plu=@@@1513@@@','',2,'2013-07-08'),(35795,'UPDATE mae_productos SET pro_activo=@@@0@@@ WHERE pro_codigo_plu=@@@1514@@@','',2,'2013-07-08'),(35796,'UPDATE mae_productos SET pro_margen_actual=0,pro_precio_venta=399 WHERE pro_codigo_plu=609','',2,'2013-07-08'),(35797,'UPDATE mae_productos SET pro_margen_actual=0,pro_precio_venta=399 WHERE pro_codigo_plu=608','',2,'2013-07-08'),(35798,'UPDATE mae_productos SET pro_precio_fiscal=pro_precio_venta WHERE pro_codigo_plu=608','',2,'2013-07-08'),(35799,'UPDATE mae_productos SET pro_precio_fiscal=pro_precio_venta WHERE pro_codigo_plu=609','',2,'2013-07-08'),(35800,'UPDATE mae_productos SET pro_activo=@@@0@@@ WHERE pro_codigo_plu=@@@1516@@@','',2,'2013-07-08'),(35801,'UPDATE mae_productos SET pro_activo=@@@0@@@ WHERE pro_codigo_plu=@@@1517@@@','',2,'2013-07-08'),(35802,'UPDATE mae_productos SET pro_activo=@@@0@@@ WHERE pro_codigo_plu=@@@1519@@@','',2,'2013-07-08'),(35803,'UPDATE mae_productos SET pro_activo=@@@0@@@ WHERE pro_codigo_plu=@@@1520@@@','',2,'2013-07-08'),(35804,'UPDATE mae_productos SET pro_activo=@@@0@@@ WHERE pro_codigo_plu=@@@1521@@@','',2,'2013-07-08'),(35805,'UPDATE mae_productos SET pro_activo=@@@0@@@ WHERE pro_codigo_plu=@@@1523@@@','',2,'2013-07-08'),(35806,'UPDATE mae_productos SET pro_activo=@@@0@@@ WHERE pro_codigo_plu=@@@1524@@@','',2,'2013-07-08'),(35807,'UPDATE mae_productos SET pro_activo=@@@0@@@ WHERE pro_codigo_plu=@@@1525@@@','',2,'2013-07-08'),(35808,'UPDATE mae_productos SET pro_activo=@@@0@@@ WHERE pro_codigo_plu=@@@1526@@@','',2,'2013-07-08'),(35809,'UPDATE mae_productos SET pro_activo=@@@0@@@ WHERE pro_codigo_plu=@@@1527@@@','',2,'2013-07-08'),(35810,'UPDATE mae_productos SET pro_activo=@@@0@@@ WHERE pro_codigo_plu=@@@1528@@@','',2,'2013-07-08'),(35811,'UPDATE mae_productos SET pro_activo=@@@0@@@ WHERE pro_codigo_plu=@@@1530@@@','',2,'2013-07-08'),(35812,'UPDATE mae_productos SET pro_activo=@@@0@@@ WHERE pro_codigo_plu=@@@1531@@@','',2,'2013-07-08'),(35813,'UPDATE mae_productos SET pro_activo=@@@0@@@ WHERE pro_codigo_plu=@@@1532@@@','',2,'2013-07-08'),(35814,'UPDATE mae_productos SET pro_activo=@@@0@@@ WHERE pro_codigo_plu=@@@1533@@@','',2,'2013-07-08'),(35815,'UPDATE mae_productos SET pro_activo=@@@0@@@ WHERE pro_codigo_plu=@@@1534@@@','',2,'2013-07-08'),(35816,'UPDATE mae_productos SET pro_activo=@@@0@@@ WHERE pro_codigo_plu=@@@1913@@@','',2,'2013-07-08'),(35817,'UPDATE mae_productos SET pro_activo=@@@0@@@ WHERE pro_codigo_plu=@@@1914@@@','',2,'2013-07-08'),(35818,'UPDATE mae_productos SET pro_activo=@@@0@@@ WHERE pro_codigo_plu=@@@1915@@@','',2,'2013-07-08'),(35819,'UPDATE mae_productos SET pro_activo=@@@0@@@ WHERE pro_codigo_plu=@@@1943@@@','',2,'2013-07-08'),(35820,'UPDATE mae_productos SET pro_activo=@@@0@@@ WHERE pro_codigo_plu=@@@1944@@@','',2,'2013-07-08'),(35821,'UPDATE mae_productos SET pro_activo=@@@0@@@ WHERE pro_codigo_plu=@@@1945@@@','',2,'2013-07-08'),(35822,'UPDATE mae_productos SET pro_activo=@@@0@@@ WHERE pro_codigo_plu=@@@1684@@@','',2,'2013-07-08'),(35823,'UPDATE mae_productos SET pro_activo=@@@0@@@ WHERE pro_codigo_plu=@@@1729@@@','',2,'2013-07-08'),(35824,'UPDATE mae_productos SET pro_activo=@@@0@@@ WHERE pro_codigo_plu=@@@1730@@@','',2,'2013-07-08'),(35825,'UPDATE mae_productos SET pro_activo=@@@0@@@ WHERE pro_codigo_plu=@@@1731@@@','',2,'2013-07-08'),(35826,'UPDATE mae_productos SET pro_activo=@@@0@@@ WHERE pro_codigo_plu=@@@1732@@@','',2,'2013-07-08'),(35827,'UPDATE mae_productos SET pro_margen_actual=0,pro_precio_venta=199 WHERE pro_codigo_plu=589','',2,'2013-07-08'),(35828,'UPDATE mae_productos SET pro_precio_fiscal=pro_precio_venta WHERE pro_codigo_plu=589','',2,'2013-07-08'),(35829,'INSERT INTO gpr_pack_virtual (pav_id,pav_nombre,pav_total_pack,pav_total_descuento,pav_desde,pav_hasta,pav_tipo,pav_precio,pav_lleva,pav_paga,pav_descuento,pav_porcentaje,pav_oferta_exclusiva,pav_agotar_stock,pav_stock,pav_costo,pav_margen) VALUES (20,@@@PACK YOGHURT NESTLE 10 X $ 1200@@@,1200,300,@@@2013-07-08@@@,@@@2013-07-15@@@,@@@PR@@@,0,0,0,0,0,@@@NO@@@,@@@SI@@@,50,1100,9.09)','',2,'2013-07-08'),(35830,'INSERT INTO gpr_pack_virtual_mov (pav_id,pro_codigo_plu,pvm_precio,pvm_total,pvm_lleva,pvm_paga,pvm_descuento,pvm_porcentaje,pvm_total_normal,pvm_descuento_linea,pvm_costo,pvm_margen) VALUES (20,16605,150,750,6,5,1,0,900,150,110,13.64),(20,16588,150,450,4,3,1,0,600,150,110,2.27)','',2,'2013-07-08'),(35831,'INSERT INTO gpr_pack_virtual_horario (pav_id,pvh_dia,pvh_hora_desde,pvh_hora_hasta) VALUES (20,99,@@@00:00@@@,@@@23:59@@@)','',2,'2013-07-08'),(35832,'INSERT INTO gpr_pack_virtual (pav_id,pav_nombre,pav_total_pack,pav_total_descuento,pav_desde,pav_hasta,pav_tipo,pav_precio,pav_lleva,pav_paga,pav_descuento,pav_porcentaje,pav_oferta_exclusiva,pav_agotar_stock,pav_stock,pav_costo,pav_margen) VALUES (21,@@@PACK YOGHURT NESTLE 10 X $ 1200@@@,1200,300,@@@2013-07-08@@@,@@@2013-07-15@@@,@@@PR@@@,0,0,0,0,0,@@@NO@@@,@@@SI@@@,200,1100,9.09)','',2,'2013-07-08'),(35833,'INSERT INTO gpr_pack_virtual_mov (pav_id,pro_codigo_plu,pvm_precio,pvm_total,pvm_lleva,pvm_paga,pvm_descuento,pvm_porcentaje,pvm_total_normal,pvm_descuento_linea,pvm_costo,pvm_margen) VALUES (21,16605,150,750,6,5,1,0,900,150,110,13.64),(21,16606,150,450,4,3,1,0,600,150,110,2.27)','',2,'2013-07-08'),(35834,'INSERT INTO gpr_pack_virtual_horario (pav_id,pvh_dia,pvh_hora_desde,pvh_hora_hasta) VALUES (21,99,@@@00:00@@@,@@@23:59@@@)','',2,'2013-07-08'),(35835,'INSERT INTO mae_productos (pro_codigo_plu,pro_codigo_barra,pro_tipo,pro_nombre_producto,pro_nombre_corto,med_id,emb_id,pro_unidades_embalaje,dep_id,lin_id,mar_id,pro_precio_compra_neto,pro_precio_compra_bruto,pro_precio_venta,pro_margen_actual,pro_oferta,pro_fecha_inicio_oferta,pro_fecha_termino_oferta,pro_precio_oferta,pro_stock_minimo,pro_stock_critico,pro_entradas_bodega,pro_salidas_bodega,pro_mermas_bodega,pro_ajustes_bodega,pro_entradas_sv,pro_salidas_sv,pro_mermas_sv,pro_ajustes_sv,pro_activo,rec_numero,pro_unidad,pro_capacidad,pro_consumo_bodega,pro_consumo_sv,pro_estado,pro_funcion_plu,pro_flejes,pro_iva,pro_plu_asociado,pro_envase,pro_duracion,pro_numero_etiqueta) VALUES (780721307,@@@78016644@@@,@@@0@@@,@@@HILTON ROJO SC20@@@,@@@HILTON ROJO SC20@@@,@@@1 @@@,@@@3 @@@,@@@1@@@,@@@25 @@@,@@@141@@@,@@@2663@@@,@@@0@@@,@@@1235.063@@@,@@@1300@@@,@@@5.26@@@,@@@@@@,@@@2006.09.07@@@,@@@2006.09.07@@@,@@@0@@@,@@@5@@@,@@@3@@@,@@@0@@@,@@@0@@@,@@@0@@@,@@@0@@@,@@@0@@@,@@@0@@@,@@@0@@@,@@@0@@@,@@@1@@@,@@@0@@@,0,0,0,0,2,0,1,1,0,@@@NO@@@,0,0)','',2,'2013-07-08'),(35836,'DELETE FROM mae_impuestos_productos WHERE pro_codigo_plu=@@@780721307@@@','',2,'2013-07-08'),(35837,'UPDATE mae_productos SET pro_precio_fiscal=pro_precio_venta WHERE pro_codigo_plu=780721307','',2,'2013-07-08'),(35838,'INSERT INTO gne_vale_ferreteria (vfe_id,vfe_fecha,vfe_total,vfe_estado,vfe_entregado,usu_nusuario) VALUES (4746,@@@2013.07.08@@@,630,1,0,@@@S_BIZAMA@@@)','',2,'2013-07-08'),(35839,'INSERT INTO gne_vale_ferreteria_mov (vfe_id,pro_codigo_plu,vfm_cantidad,vfm_unitario,vfm_total,vfm_entregado) VALUES (4746,15745,1,180,180,@@@NO@@@)','',2,'2013-07-08'),(35840,'INSERT INTO gne_vale_ferreteria_mov (vfe_id,pro_codigo_plu,vfm_cantidad,vfm_unitario,vfm_total,vfm_entregado) VALUES (4746,3100,1,450,450,@@@NO@@@)','',2,'2013-07-08'),(35841,'INSERT INTO mae_productos (pro_codigo_plu,pro_codigo_barra,pro_tipo,pro_nombre_producto,pro_nombre_corto,med_id,emb_id,pro_unidades_embalaje,dep_id,lin_id,mar_id,pro_precio_compra_neto,pro_precio_compra_bruto,pro_precio_venta,pro_margen_actual,pro_oferta,pro_fecha_inicio_oferta,pro_fecha_termino_oferta,pro_precio_oferta,pro_stock_minimo,pro_stock_critico,pro_entradas_bodega,pro_salidas_bodega,pro_mermas_bodega,pro_ajustes_bodega,pro_entradas_sv,pro_salidas_sv,pro_mermas_sv,pro_ajustes_sv,pro_activo,rec_numero,pro_unidad,pro_capacidad,pro_consumo_bodega,pro_consumo_sv,pro_estado,pro_funcion_plu,pro_flejes,pro_iva,pro_plu_asociado,pro_envase,pro_duracion,pro_numero_etiqueta) VALUES (780721308,@@@78019072@@@,@@@0@@@,@@@PALL MALL VERDE@@@,@@@PALLMALL MINT CA@@@,@@@1 @@@,@@@3 @@@,@@@10@@@,@@@25 @@@,@@@141@@@,@@@1052@@@,@@@0@@@,@@@1414.996@@@,@@@1500@@@,@@@6.01@@@,@@@@@@,@@@2006.09.07@@@,@@@2006.09.07@@@,@@@0@@@,@@@10@@@,@@@5@@@,@@@0@@@,@@@0@@@,@@@0@@@,@@@0@@@,@@@0@@@,@@@0@@@,@@@0@@@,@@@0@@@,@@@1@@@,@@@0@@@,0,1,0,0,2,0,1,1,0,@@@NO@@@,0,0)','',2,'2013-07-08'),(35842,'DELETE FROM mae_impuestos_productos WHERE pro_codigo_plu=@@@780721308@@@','',2,'2013-07-08'),(35843,'INSERT INTO gne_vale_ferreteria (vfe_id,vfe_fecha,vfe_total,vfe_estado,vfe_entregado,usu_nusuario) VALUES (4747,@@@2013.07.08@@@,1890,1,0,@@@S_BIZAMA@@@)','',2,'2013-07-08'),(35844,'INSERT INTO gne_vale_ferreteria_mov (vfe_id,pro_codigo_plu,vfm_cantidad,vfm_unitario,vfm_total,vfm_entregado) VALUES (4747,101852,1,1890,1890,@@@NO@@@)','',2,'2013-07-08'),(35845,'INSERT INTO gne_vale_ferreteria (vfe_id,vfe_fecha,vfe_total,vfe_estado,vfe_entregado,usu_nusuario) VALUES (4748,@@@2013.07.08@@@,690,1,0,@@@S_BIZAMA@@@)','',2,'2013-07-08'),(35846,'INSERT INTO gne_vale_ferreteria_mov (vfe_id,pro_codigo_plu,vfm_cantidad,vfm_unitario,vfm_total,vfm_entregado) VALUES (4748,19804,1,690,690,@@@NO@@@)','',2,'2013-07-08'),(35847,'UPDATE mae_productos SET pro_precio_compra_bruto=1136,pro_margen_actual=(pro_precio_venta-1136)/1136 * 100,pro_ultima_compra=@@@2013.07.08@@@,pro_ultimo_proveedor=@@@88502900-0@@@ WHERE pro_codigo_plu=21194','',2,'2013-07-08'),(35848,'UPDATE mae_productos SET pro_precio_compra_bruto=2272,pro_margen_actual=(pro_precio_venta-2272)/2272 * 100,pro_ultima_compra=@@@2013.07.08@@@,pro_ultimo_proveedor=@@@88502900-0@@@ WHERE pro_codigo_plu=764428','',2,'2013-07-08'),(35849,'UPDATE mae_productos SET pro_precio_compra_bruto=2081,pro_margen_actual=(pro_precio_venta-2081)/2081 * 100,pro_ultima_compra=@@@2013.07.08@@@,pro_ultimo_proveedor=@@@88502900-0@@@ WHERE pro_codigo_plu=21197','',2,'2013-07-08'),(35850,'UPDATE mae_productos SET pro_precio_compra_bruto=2083,pro_margen_actual=(pro_precio_venta-2083)/2083 * 100,pro_ultima_compra=@@@2013.07.08@@@,pro_ultimo_proveedor=@@@88502900-0@@@ WHERE pro_codigo_plu=21198','',2,'2013-07-08'),(35851,'UPDATE mae_productos SET pro_precio_compra_bruto=1235,pro_margen_actual=(pro_precio_venta-1235)/1235 * 100,pro_ultima_compra=@@@2013.07.08@@@,pro_ultimo_proveedor=@@@88502900-0@@@ WHERE pro_codigo_plu=78017159','',2,'2013-07-08'),(35852,'UPDATE mae_productos SET pro_precio_compra_bruto=1235.063,pro_margen_actual=(pro_precio_venta-1235.063)/1235.063 * 100,pro_ultima_compra=@@@2013.07.08@@@,pro_ultimo_proveedor=@@@88502900-0@@@ WHERE pro_codigo_plu=780721307','',2,'2013-07-08'),(35853,'UPDATE mae_productos SET pro_precio_compra_bruto=1215,pro_margen_actual=(pro_precio_venta-1215)/1215 * 100,pro_ultima_compra=@@@2013.07.08@@@,pro_ultimo_proveedor=@@@88502900-0@@@ WHERE pro_codigo_plu=764102','',2,'2013-07-08'),(35854,'UPDATE mae_productos SET pro_precio_compra_bruto=2244,pro_margen_actual=(pro_precio_venta-2244)/2244 * 100,pro_ultima_compra=@@@2013.07.08@@@,pro_ultimo_proveedor=@@@88502900-0@@@ WHERE pro_codigo_plu=21175','',2,'2013-07-08'),(35855,'UPDATE mae_productos SET pro_precio_compra_bruto=1215,pro_margen_actual=(pro_precio_venta-1215)/1215 * 100,pro_ultima_compra=@@@2013.07.08@@@,pro_ultimo_proveedor=@@@88502900-0@@@ WHERE pro_codigo_plu=763450','',2,'2013-07-08'),(35856,'UPDATE mae_productos SET pro_precio_compra_bruto=2334,pro_margen_actual=(pro_precio_venta-2334)/2334 * 100,pro_ultima_compra=@@@2013.07.08@@@,pro_ultimo_proveedor=@@@88502900-0@@@ WHERE pro_codigo_plu=764103','',2,'2013-07-08'),(35857,'UPDATE mae_productos SET pro_precio_compra_bruto=2053.9,pro_margen_actual=(pro_precio_venta-2053.9)/2053.9 * 100,pro_ultima_compra=@@@2013.07.08@@@,pro_ultimo_proveedor=@@@88502900-0@@@ WHERE pro_codigo_plu=764110','',2,'2013-07-08'),(35858,'UPDATE mae_productos SET pro_precio_compra_bruto=944,pro_margen_actual=(pro_precio_venta-944)/944 * 100,pro_ultima_compra=@@@2013.07.08@@@,pro_ultimo_proveedor=@@@88502900-0@@@ WHERE pro_codigo_plu=764116','',2,'2013-07-08'),(35859,'UPDATE mae_productos SET pro_precio_compra_bruto=1415,pro_margen_actual=(pro_precio_venta-1415)/1415 * 100,pro_ultima_compra=@@@2013.07.08@@@,pro_ultimo_proveedor=@@@88502900-0@@@ WHERE pro_codigo_plu=21207','',2,'2013-07-08'),(35860,'UPDATE mae_productos SET pro_precio_compra_bruto=849,pro_margen_actual=(pro_precio_venta-849)/849 * 100,pro_ultima_compra=@@@2013.07.08@@@,pro_ultimo_proveedor=@@@88502900-0@@@ WHERE pro_codigo_plu=764104','',2,'2013-07-08'),(35861,'UPDATE mae_productos SET pro_precio_compra_bruto=1414.996,pro_margen_actual=(pro_precio_venta-1414.996)/1414.996 * 100,pro_ultima_compra=@@@2013.07.08@@@,pro_ultimo_proveedor=@@@88502900-0@@@ WHERE pro_codigo_plu=780721308','',2,'2013-07-08'),(35862,'UPDATE mae_productos SET pro_precio_compra_bruto=1415,pro_margen_actual=(pro_precio_venta-1415)/1415 * 100,pro_ultima_compra=@@@2013.07.08@@@,pro_ultimo_proveedor=@@@88502900-0@@@ WHERE pro_codigo_plu=764106','',2,'2013-07-08'),(35863,'UPDATE mae_productos SET pro_precio_compra_bruto=944,pro_margen_actual=(pro_precio_venta-944)/944 * 100,pro_ultima_compra=@@@2013.07.08@@@,pro_ultimo_proveedor=@@@88502900-0@@@ WHERE pro_codigo_plu=764108','',2,'2013-07-08'),(35864,'INSERT INTO gne_vale_ferreteria (vfe_id,vfe_fecha,vfe_total,vfe_estado,vfe_entregado,usu_nusuario) VALUES (4749,@@@2013.07.08@@@,740,1,0,@@@S_BIZAMA@@@)','',2,'2013-07-08'),(35865,'INSERT INTO gne_vale_ferreteria_mov (vfe_id,pro_codigo_plu,vfm_cantidad,vfm_unitario,vfm_total,vfm_entregado) VALUES (4749,765072,1,200,200,@@@NO@@@)','',2,'2013-07-08'),(35866,'INSERT INTO gne_vale_ferreteria_mov (vfe_id,pro_codigo_plu,vfm_cantidad,vfm_unitario,vfm_total,vfm_entregado) VALUES (4749,78017026,6,90,540,@@@NO@@@)','',2,'2013-07-08'),(35867,'INSERT INTO gne_vale_ferreteria (vfe_id,vfe_fecha,vfe_total,vfe_estado,vfe_entregado,usu_nusuario) VALUES (4750,@@@2013.07.08@@@,3540,1,0,@@@S_BIZAMA@@@)','',2,'2013-07-08'),(35868,'INSERT INTO gne_vale_ferreteria_mov (vfe_id,pro_codigo_plu,vfm_cantidad,vfm_unitario,vfm_total,vfm_entregado) VALUES (4750,18537,1,1850,1850,@@@NO@@@)','',2,'2013-07-08'),(35869,'INSERT INTO gne_vale_ferreteria_mov (vfe_id,pro_codigo_plu,vfm_cantidad,vfm_unitario,vfm_total,vfm_entregado) VALUES (4750,763697,1,1690,1690,@@@NO@@@)','',2,'2013-07-08'),(35870,'INSERT INTO gne_vale_ferreteria (vfe_id,vfe_fecha,vfe_total,vfe_estado,vfe_entregado,usu_nusuario) VALUES (4751,@@@2013.07.08@@@,630,1,0,@@@S_BIZAMA@@@)','',2,'2013-07-08'),(35871,'INSERT INTO gne_vale_ferreteria_mov (vfe_id,pro_codigo_plu,vfm_cantidad,vfm_unitario,vfm_total,vfm_entregado) VALUES (4751,764120,1,180,180,@@@NO@@@)','',2,'2013-07-08'),(35872,'INSERT INTO gne_vale_ferreteria_mov (vfe_id,pro_codigo_plu,vfm_cantidad,vfm_unitario,vfm_total,vfm_entregado) VALUES (4751,770059,3,150,450,@@@NO@@@)','',2,'2013-07-08'),(35873,'INSERT INTO mae_productos (pro_codigo_plu,pro_codigo_barra,pro_tipo,pro_nombre_producto,pro_nombre_corto,med_id,emb_id,pro_unidades_embalaje,dep_id,lin_id,mar_id,pro_precio_compra_neto,pro_precio_compra_bruto,pro_precio_venta,pro_margen_actual,pro_oferta,pro_fecha_inicio_oferta,pro_fecha_termino_oferta,pro_precio_oferta,pro_stock_minimo,pro_stock_critico,pro_entradas_bodega,pro_salidas_bodega,pro_mermas_bodega,pro_ajustes_bodega,pro_entradas_sv,pro_salidas_sv,pro_mermas_sv,pro_ajustes_sv,pro_activo,rec_numero,pro_unidad,pro_capacidad,pro_consumo_bodega,pro_consumo_sv,pro_estado,pro_funcion_plu,pro_flejes,pro_iva,pro_plu_asociado,pro_envase,pro_duracion,pro_numero_etiqueta) VALUES (780721309,@@@7790040613607@@@,@@@0@@@,@@@ALFAJOR BON BON@@@,@@@ALFAJOR BON BON@@@,@@@5 @@@,@@@6 @@@,@@@40@@@,@@@32 @@@,@@@161@@@,@@@2105@@@,@@@0@@@,@@@156@@@,@@@200@@@,@@@28.21@@@,@@@@@@,@@@2006.09.07@@@,@@@2006.09.07@@@,@@@0@@@,@@@20@@@,@@@10@@@,@@@0@@@,@@@0@@@,@@@0@@@,@@@0@@@,@@@0@@@,@@@0@@@,@@@0@@@,@@@0@@@,@@@1@@@,@@@0@@@,0,40,0,0,2,0,1,1,0,@@@NO@@@,0,0)','',2,'2013-07-08'),(35874,'DELETE FROM mae_impuestos_productos WHERE pro_codigo_plu=@@@780721309@@@','',2,'2013-07-08'),(35875,'INSERT INTO gne_vale_ferreteria (vfe_id,vfe_fecha,vfe_total,vfe_estado,vfe_entregado,usu_nusuario) VALUES (4752,@@@2013.07.08@@@,950,1,0,@@@S_BIZAMA@@@)','',2,'2013-07-08'),(35876,'INSERT INTO gne_vale_ferreteria_mov (vfe_id,pro_codigo_plu,vfm_cantidad,vfm_unitario,vfm_total,vfm_entregado) VALUES (4752,16430,2,160,320,@@@NO@@@)','',2,'2013-07-08'),(35877,'INSERT INTO gne_vale_ferreteria_mov (vfe_id,pro_codigo_plu,vfm_cantidad,vfm_unitario,vfm_total,vfm_entregado) VALUES (4752,770057,3,150,450,@@@NO@@@)','',2,'2013-07-08'),(35878,'INSERT INTO gne_vale_ferreteria_mov (vfe_id,pro_codigo_plu,vfm_cantidad,vfm_unitario,vfm_total,vfm_entregado) VALUES (4752,764120,1,180,180,@@@NO@@@)','',2,'2013-07-08'),(35879,'UPDATE mae_productos SET pro_codigo_barra=@@@7790040613607@@@,pro_tipo=@@@0@@@,pro_nombre_producto=@@@ALFAJOR BON BON BLANCO 40G@@@,pro_nombre_corto=@@@ALFAJOR BON BON@@@,med_id=@@@5@@@,emb_id=@@@6@@@,pro_unidades_embalaje=@@@40@@@,dep_id=@@@32 @@@,lin_id=@@@161@@@,mar_id=@@@2105@@@,pro_precio_compra_neto=@@@0@@@,pro_precio_compra_bruto=@@@156@@@,pro_precio_venta=@@@200@@@,pro_margen_actual=@@@28.21@@@,pro_oferta=@@@NO@@@,pro_fecha_inicio_oferta=@@@2006.09.07@@@,pro_fecha_termino_oferta=@@@2006.09.07@@@,pro_precio_oferta=@@@0@@@,pro_stock_minimo=@@@20@@@,pro_stock_critico=@@@10@@@,pro_activo=@@@1@@@,pro_unidad=@@@0@@@,pro_precio_compra_bruto=156,pro_margen_actual=28.21,pro_capacidad=40,pro_funcion_plu=0,pro_flejes=1,pro_iva=1,pro_plu_asociado=0,pro_envase=@@@NO@@@,pro_duracion=0,pro_numero_etiqueta=0 WHERE pro_codigo_plu=@@@780721309@@@','',2,'2013-07-08'),(35880,'UPDATE mae_productos SET pro_estado=1 WHERE pro_codigo_plu=780721309','',2,'2013-07-08'),(35881,'DELETE FROM mae_impuestos_productos WHERE pro_codigo_plu=@@@780721309@@@','',2,'2013-07-08'),(35882,'INSERT INTO gne_vale_ferreteria (vfe_id,vfe_fecha,vfe_total,vfe_estado,vfe_entregado,usu_nusuario) VALUES (4753,@@@2013.07.08@@@,1890,1,0,@@@S_BIZAMA@@@)','',2,'2013-07-08'),(35883,'INSERT INTO gne_vale_ferreteria_mov (vfe_id,pro_codigo_plu,vfm_cantidad,vfm_unitario,vfm_total,vfm_entregado) VALUES (4753,763607,1,1890,1890,@@@NO@@@)','',2,'2013-07-08'),(35884,'INSERT INTO gne_vale_ferreteria (vfe_id,vfe_fecha,vfe_total,vfe_estado,vfe_entregado,usu_nusuario) VALUES (4754,@@@2013.07.08@@@,790,1,0,@@@S_BIZAMA@@@)','',2,'2013-07-08'),(35885,'INSERT INTO gne_vale_ferreteria_mov (vfe_id,pro_codigo_plu,vfm_cantidad,vfm_unitario,vfm_total,vfm_entregado) VALUES (4754,764085,1,790,790,@@@NO@@@)','',2,'2013-07-08'),(35886,'INSERT INTO gne_vale_ferreteria (vfe_id,vfe_fecha,vfe_total,vfe_estado,vfe_entregado,usu_nusuario) VALUES (4755,@@@2013.07.08@@@,1170,1,0,@@@S_BIZAMA@@@)','',2,'2013-07-08'),(35887,'INSERT INTO gne_vale_ferreteria_mov (vfe_id,pro_codigo_plu,vfm_cantidad,vfm_unitario,vfm_total,vfm_entregado) VALUES (4755,1535,3,390,1170,@@@NO@@@)','',2,'2013-07-08'),(35888,'INSERT INTO gne_vale_ferreteria (vfe_id,vfe_fecha,vfe_total,vfe_estado,vfe_entregado,usu_nusuario) VALUES (4756,@@@2013.07.08@@@,4090,1,0,@@@S_BIZAMA@@@)','',2,'2013-07-08'),(35889,'INSERT INTO gne_vale_ferreteria_mov (vfe_id,pro_codigo_plu,vfm_cantidad,vfm_unitario,vfm_total,vfm_entregado) VALUES (4756,762055,1,2700,2700,@@@NO@@@)','',2,'2013-07-08'),(35890,'INSERT INTO gne_vale_ferreteria_mov (vfe_id,pro_codigo_plu,vfm_cantidad,vfm_unitario,vfm_total,vfm_entregado) VALUES (4756,100979,1,1390,1390,@@@NO@@@)','',2,'2013-07-08'),(35891,'INSERT INTO gne_vale_ferreteria (vfe_id,vfe_fecha,vfe_total,vfe_estado,vfe_entregado,usu_nusuario) VALUES (4757,@@@2013.07.08@@@,1100,1,0,@@@S_BIZAMA@@@)','',2,'2013-07-08'),(35892,'INSERT INTO gne_vale_ferreteria_mov (vfe_id,pro_codigo_plu,vfm_cantidad,vfm_unitario,vfm_total,vfm_entregado) VALUES (4757,780721142,1,650,650,@@@NO@@@)','',2,'2013-07-08'),(35893,'INSERT INTO gne_vale_ferreteria_mov (vfe_id,pro_codigo_plu,vfm_cantidad,vfm_unitario,vfm_total,vfm_entregado) VALUES (4757,3100,1,450,450,@@@NO@@@)','',2,'2013-07-08'),(35894,'INSERT INTO gne_vale_ferreteria (vfe_id,vfe_fecha,vfe_total,vfe_estado,vfe_entregado,usu_nusuario) VALUES (4758,@@@2013.07.08@@@,100,1,0,@@@S_BIZAMA@@@)','',2,'2013-07-08'),(35895,'INSERT INTO gne_vale_ferreteria_mov (vfe_id,pro_codigo_plu,vfm_cantidad,vfm_unitario,vfm_total,vfm_entregado) VALUES (4758,764834,5,20,100,@@@NO@@@)','',2,'2013-07-08'),(35896,'INSERT INTO mae_productos (pro_codigo_plu,pro_codigo_barra,pro_tipo,pro_nombre_producto,pro_nombre_corto,med_id,emb_id,pro_unidades_embalaje,dep_id,lin_id,mar_id,pro_precio_compra_neto,pro_precio_compra_bruto,pro_precio_venta,pro_margen_actual,pro_oferta,pro_fecha_inicio_oferta,pro_fecha_termino_oferta,pro_precio_oferta,pro_stock_minimo,pro_stock_critico,pro_entradas_bodega,pro_salidas_bodega,pro_mermas_bodega,pro_ajustes_bodega,pro_entradas_sv,pro_salidas_sv,pro_mermas_sv,pro_ajustes_sv,pro_activo,rec_numero,pro_unidad,pro_capacidad,pro_consumo_bodega,pro_consumo_sv,pro_estado,pro_funcion_plu,pro_flejes,pro_iva,pro_plu_asociado,pro_envase,pro_duracion,pro_numero_etiqueta) VALUES (780721310,@@@7805000166953@@@,@@@0@@@,@@@JAB.LE SANCY CAMOMILLA RELAJACION340ML@@@,@@@JAB.LE SANCY CAM@@@,@@@7 @@@,@@@6 @@@,@@@2@@@,@@@21 @@@,@@@122@@@,@@@1821@@@,@@@0@@@,@@@984.96@@@,@@@1@@@,@@@-99.9@@@,@@@@@@,@@@2006.09.07@@@,@@@2006.09.07@@@,@@@0@@@,@@@2@@@,@@@1@@@,@@@0@@@,@@@0@@@,@@@0@@@,@@@0@@@,@@@0@@@,@@@0@@@,@@@0@@@,@@@0@@@,@@@1@@@,@@@0@@@,0,340,0,0,2,0,1,1,0,@@@NO@@@,0,0)','',2,'2013-07-08'),(35897,'DELETE FROM mae_impuestos_productos WHERE pro_codigo_plu=@@@780721310@@@','',2,'2013-07-08'),(35898,'UPDATE mae_productos SET pro_precio_compra_bruto=751.79,pro_margen_actual=(pro_precio_venta-751.79)/751.79 * 100,pro_ultima_compra=@@@2013.07.08@@@,pro_ultimo_proveedor=@@@76005373-2@@@ WHERE pro_codigo_plu=765062','',2,'2013-07-08'),(35899,'UPDATE mae_productos SET pro_precio_compra_bruto=440,pro_margen_actual=(pro_precio_venta-440)/440 * 100,pro_ultima_compra=@@@2013.07.08@@@,pro_ultimo_proveedor=@@@76005373-2@@@ WHERE pro_codigo_plu=12216','',2,'2013-07-08'),(35900,'UPDATE mae_productos SET pro_precio_compra_bruto=156,pro_margen_actual=(pro_precio_venta-156)/156 * 100,pro_ultima_compra=@@@2013.07.08@@@,pro_ultimo_proveedor=@@@76005373-2@@@ WHERE pro_codigo_plu=780721238','',2,'2013-07-08'),(35901,'UPDATE mae_productos SET pro_precio_compra_bruto=156,pro_margen_actual=(pro_precio_venta-156)/156 * 100,pro_ultima_compra=@@@2013.07.08@@@,pro_ultimo_proveedor=@@@76005373-2@@@ WHERE pro_codigo_plu=780721309','',2,'2013-07-08'),(35902,'UPDATE mae_productos SET pro_activo=@@@0@@@ WHERE pro_codigo_plu=@@@78017237@@@','',2,'2013-07-08'),(35903,'UPDATE mae_productos SET pro_margen_actual=28.21,pro_precio_venta=200 WHERE pro_codigo_plu=780721309','',2,'2013-07-08'),(35904,'UPDATE mae_productos SET pro_margen_actual=-99.9,pro_precio_venta=1 WHERE pro_codigo_plu=780721310','',2,'2013-07-08'),(35905,'UPDATE mae_productos SET pro_margen_actual=6.01,pro_precio_venta=1500 WHERE pro_codigo_plu=780721308','',2,'2013-07-08'),(35906,'UPDATE mae_productos SET pro_margen_actual=70.45,pro_precio_venta=750 WHERE pro_codigo_plu=12216','',2,'2013-07-08'),(35907,'UPDATE mae_productos SET pro_margen_actual=28.21,pro_precio_venta=200 WHERE pro_codigo_plu=780721238','',2,'2013-07-08'),(35908,'UPDATE mae_productos SET pro_precio_fiscal=pro_precio_venta WHERE pro_codigo_plu=780721309','',2,'2013-07-08'),(35909,'UPDATE mae_productos SET pro_precio_fiscal=pro_precio_venta WHERE pro_codigo_plu=780721238','',2,'2013-07-08'),(35910,'UPDATE mae_productos SET pro_precio_fiscal=pro_precio_venta WHERE pro_codigo_plu=780721308','',2,'2013-07-08'),(35911,'UPDATE mae_productos SET pro_precio_fiscal=pro_precio_venta WHERE pro_codigo_plu=12216','',2,'2013-07-08'),(35912,'INSERT INTO mae_productos (pro_codigo_plu,pro_codigo_barra,pro_tipo,pro_nombre_producto,pro_nombre_corto,med_id,emb_id,pro_unidades_embalaje,dep_id,lin_id,mar_id,pro_precio_compra_neto,pro_precio_compra_bruto,pro_precio_venta,pro_margen_actual,pro_oferta,pro_fecha_inicio_oferta,pro_fecha_termino_oferta,pro_precio_oferta,pro_stock_minimo,pro_stock_critico,pro_entradas_bodega,pro_salidas_bodega,pro_mermas_bodega,pro_ajustes_bodega,pro_entradas_sv,pro_salidas_sv,pro_mermas_sv,pro_ajustes_sv,pro_activo,rec_numero,pro_unidad,pro_capacidad,pro_consumo_bodega,pro_consumo_sv,pro_estado,pro_funcion_plu,pro_flejes,pro_iva,pro_plu_asociado,pro_envase,pro_duracion,pro_numero_etiqueta) VALUES (780721311,@@@7805000302603@@@,@@@0@@@,@@@TE CLUB CEYLAN NEGRO PREMIUM  20UNID@@@,@@@TE CLUB CEYLAN N@@@,@@@1 @@@,@@@6 @@@,@@@1@@@,@@@1 @@@,@@@4@@@,@@@2032@@@,@@@0@@@,@@@440.43@@@,@@@1@@@,@@@-99.77@@@,@@@@@@,@@@2006.09.07@@@,@@@2006.09.07@@@,@@@0@@@,@@@5@@@,@@@1@@@,@@@0@@@,@@@0@@@,@@@0@@@,@@@0@@@,@@@0@@@,@@@0@@@,@@@0@@@,@@@0@@@,@@@1@@@,@@@0@@@,0,20,0,0,2,0,1,1,0,@@@NO@@@,0,0)','',2,'2013-07-08'),(35913,'DELETE FROM mae_impuestos_productos WHERE pro_codigo_plu=@@@780721311@@@','',2,'2013-07-08'),(35914,'INSERT INTO mae_productos (pro_codigo_plu,pro_codigo_barra,pro_tipo,pro_nombre_producto,pro_nombre_corto,med_id,emb_id,pro_unidades_embalaje,dep_id,lin_id,mar_id,pro_precio_compra_neto,pro_precio_compra_bruto,pro_precio_venta,pro_margen_actual,pro_oferta,pro_fecha_inicio_oferta,pro_fecha_termino_oferta,pro_precio_oferta,pro_stock_minimo,pro_stock_critico,pro_entradas_bodega,pro_salidas_bodega,pro_mermas_bodega,pro_ajustes_bodega,pro_entradas_sv,pro_salidas_sv,pro_mermas_sv,pro_ajustes_sv,pro_activo,rec_numero,pro_unidad,pro_capacidad,pro_consumo_bodega,pro_consumo_sv,pro_estado,pro_funcion_plu,pro_flejes,pro_iva,pro_plu_asociado,pro_envase,pro_duracion,pro_numero_etiqueta) VALUES (780721312,@@@8692869001216@@@,@@@0@@@,@@@LEVADURA EUROPEAN INSTANTANEA 500G@@@,@@@LEVADURA EUROPEA@@@,@@@5 @@@,@@@6 @@@,@@@20@@@,@@@1 @@@,@@@23@@@,@@@2678@@@,@@@0@@@,@@@1115.3@@@,@@@1499@@@,@@@34.4@@@,@@@@@@,@@@2006.09.07@@@,@@@2006.09.07@@@,@@@0@@@,@@@10@@@,@@@5@@@,@@@0@@@,@@@0@@@,@@@0@@@,@@@0@@@,@@@0@@@,@@@0@@@,@@@0@@@,@@@0@@@,@@@1@@@,@@@0@@@,0,500,0,0,2,0,1,1,0,@@@NO@@@,0,0)','',2,'2013-07-08'),(35915,'DELETE FROM mae_impuestos_productos WHERE pro_codigo_plu=@@@780721312@@@','',2,'2013-07-08'),(35916,'INSERT INTO mae_productos (pro_codigo_plu,pro_codigo_barra,pro_tipo,pro_nombre_producto,pro_nombre_corto,med_id,emb_id,pro_unidades_embalaje,dep_id,lin_id,mar_id,pro_precio_compra_neto,pro_precio_compra_bruto,pro_precio_venta,pro_margen_actual,pro_oferta,pro_fecha_inicio_oferta,pro_fecha_termino_oferta,pro_precio_oferta,pro_stock_minimo,pro_stock_critico,pro_entradas_bodega,pro_salidas_bodega,pro_mermas_bodega,pro_ajustes_bodega,pro_entradas_sv,pro_salidas_sv,pro_mermas_sv,pro_ajustes_sv,pro_activo,rec_numero,pro_unidad,pro_capacidad,pro_consumo_bodega,pro_consumo_sv,pro_estado,pro_funcion_plu,pro_flejes,pro_iva,pro_plu_asociado,pro_envase,pro_duracion,pro_numero_etiqueta) VALUES (780721313,@@@7791293020129@@@,@@@0@@@,@@@JABON LE SANCY MIEL Y ALMENDRA 90G@@@,@@@JABON LE SANCY M@@@,@@@5 @@@,@@@3 @@@,@@@12@@@,@@@21 @@@,@@@122@@@,@@@1821@@@,@@@0@@@,@@@9408@@@,@@@1@@@,@@@-99.99@@@,@@@@@@,@@@2006.09.07@@@,@@@2006.09.07@@@,@@@0@@@,@@@12@@@,@@@4@@@,@@@0@@@,@@@0@@@,@@@0@@@,@@@0@@@,@@@0@@@,@@@0@@@,@@@0@@@,@@@0@@@,@@@1@@@,@@@0@@@,0,90,0,0,2,0,1,1,0,@@@NO@@@,0,0)','',2,'2013-07-08'),(35917,'DELETE FROM mae_impuestos_productos WHERE pro_codigo_plu=@@@780721313@@@','',2,'2013-07-08'),(35918,'UPDATE mae_productos SET pro_precio_venta=650,pro_margen_actual=31.85, pro_precio_compra_bruto=493, pro_precio_compra_neto=414.285714285714 WHERE pro_codigo_plu=15586','',2,'2013-07-08'),(35919,'UPDATE mae_productos SET pro_precio_venta=880,pro_margen_actual=29.81, pro_precio_compra_bruto=677.9, pro_precio_compra_neto=569.663865546219 WHERE pro_codigo_plu=10125','',2,'2013-07-08'),(35920,'UPDATE mae_productos SET pro_precio_venta=1830,pro_margen_actual=31.3, pro_precio_compra_bruto=1393.8, pro_precio_compra_neto=1171.26050420168 WHERE pro_codigo_plu=16177','',2,'2013-07-08'),(35921,'UPDATE mae_productos SET pro_precio_venta=2490,pro_margen_actual=31.11, pro_precio_compra_bruto=1899.2, pro_precio_compra_neto=1595.96638655462 WHERE pro_codigo_plu=763272','',2,'2013-07-08'),(35922,'UPDATE mae_productos SET pro_precio_venta=2650,pro_margen_actual=32.68, pro_precio_compra_bruto=1997.3, pro_precio_compra_neto=1678.40336134454 WHERE pro_codigo_plu=17535','',2,'2013-07-08'),(35923,'UPDATE mae_productos SET pro_precio_compra_bruto=493,pro_margen_actual=(pro_precio_venta-493)/493 * 100,pro_ultima_compra=@@@2013.07.08@@@,pro_ultimo_proveedor=@@@78809560-0@@@ WHERE pro_codigo_plu=15586','',2,'2013-07-08'),(35924,'UPDATE mae_productos SET pro_precio_compra_bruto=768.7,pro_margen_actual=(pro_precio_venta-768.7)/768.7 * 100,pro_ultima_compra=@@@2013.07.08@@@,pro_ultimo_proveedor=@@@78809560-0@@@ WHERE pro_codigo_plu=762007','',2,'2013-07-08'),(35925,'UPDATE mae_productos SET pro_precio_compra_bruto=677.9,pro_margen_actual=(pro_precio_venta-677.9)/677.9 * 100,pro_ultima_compra=@@@2013.07.08@@@,pro_ultimo_proveedor=@@@78809560-0@@@ WHERE pro_codigo_plu=10125','',2,'2013-07-08'),(35926,'UPDATE mae_productos SET pro_precio_compra_bruto=1393.8,pro_margen_actual=(pro_precio_venta-1393.8)/1393.8 * 100,pro_ultima_compra=@@@2013.07.08@@@,pro_ultimo_proveedor=@@@78809560-0@@@ WHERE pro_codigo_plu=16177','',2,'2013-07-08'),(35927,'UPDATE mae_productos SET pro_precio_compra_bruto=1899.2,pro_margen_actual=(pro_precio_venta-1899.2)/1899.2 * 100,pro_ultima_compra=@@@2013.07.08@@@,pro_ultimo_proveedor=@@@78809560-0@@@ WHERE pro_codigo_plu=763272','',2,'2013-07-08'),(35928,'UPDATE mae_productos SET pro_precio_compra_bruto=1997.3,pro_margen_actual=(pro_precio_venta-1997.3)/1997.3 * 100,pro_ultima_compra=@@@2013.07.08@@@,pro_ultimo_proveedor=@@@78809560-0@@@ WHERE pro_codigo_plu=17535','',2,'2013-07-08'),(35929,'UPDATE mae_productos SET pro_precio_compra_bruto=1115.3,pro_margen_actual=(pro_precio_venta-1115.3)/1115.3 * 100,pro_ultima_compra=@@@2013.07.08@@@,pro_ultimo_proveedor=@@@78809560-0@@@ WHERE pro_codigo_plu=780721312','',2,'2013-07-08'),(35930,'UPDATE mae_productos SET pro_precio_compra_bruto=1708.1,pro_margen_actual=(pro_precio_venta-1708.1)/1708.1 * 100,pro_ultima_compra=@@@2013.07.08@@@,pro_ultimo_proveedor=@@@78809560-0@@@ WHERE pro_codigo_plu=17703','',2,'2013-07-08'),(35931,'UPDATE mae_productos SET pro_precio_compra_bruto=231.4,pro_margen_actual=(pro_precio_venta-231.4)/231.4 * 100,pro_ultima_compra=@@@2013.07.08@@@,pro_ultimo_proveedor=@@@78809560-0@@@ WHERE pro_codigo_plu=14592','',2,'2013-07-08'),(35932,'INSERT INTO mae_productos (pro_codigo_plu,pro_codigo_barra,pro_tipo,pro_nombre_producto,pro_nombre_corto,med_id,emb_id,pro_unidades_embalaje,dep_id,lin_id,mar_id,pro_precio_compra_neto,pro_precio_compra_bruto,pro_precio_venta,pro_margen_actual,pro_oferta,pro_fecha_inicio_oferta,pro_fecha_termino_oferta,pro_precio_oferta,pro_stock_minimo,pro_stock_critico,pro_entradas_bodega,pro_salidas_bodega,pro_mermas_bodega,pro_ajustes_bodega,pro_entradas_sv,pro_salidas_sv,pro_mermas_sv,pro_ajustes_sv,pro_activo,rec_numero,pro_unidad,pro_capacidad,pro_consumo_bodega,pro_consumo_sv,pro_estado,pro_funcion_plu,pro_flejes,pro_iva,pro_plu_asociado,pro_envase,pro_duracion,pro_numero_etiqueta) VALUES (780721314,@@@7805000163440@@@,@@@0@@@,@@@JABON LE SANCY ACEITES AROMATICOS 340ML@@@,@@@JABON LE SANCY A@@@,@@@7 @@@,@@@5 @@@,@@@2@@@,@@@21 @@@,@@@122@@@,@@@1821@@@,@@@0@@@,@@@985@@@,@@@1@@@,@@@-99.9@@@,@@@@@@,@@@2006.09.07@@@,@@@2006.09.07@@@,@@@0@@@,@@@2@@@,@@@1@@@,@@@0@@@,@@@0@@@,@@@0@@@,@@@0@@@,@@@0@@@,@@@0@@@,@@@0@@@,@@@0@@@,@@@1@@@,@@@0@@@,0,340,0,0,2,0,1,1,0,@@@NO@@@,0,0)','',2,'2013-07-08'),(35933,'DELETE FROM mae_impuestos_productos WHERE pro_codigo_plu=@@@780721314@@@','',2,'2013-07-08'),(35934,'UPDATE mae_productos SET pro_margen_actual=-99.9,pro_precio_venta=1 WHERE pro_codigo_plu=780721314','',2,'2013-07-08'),(35935,'UPDATE mae_productos SET pro_margen_actual=-99.99,pro_precio_venta=1 WHERE pro_codigo_plu=780721313','',2,'2013-07-08'),(35936,'UPDATE mae_productos SET pro_margen_actual=34.4,pro_precio_venta=1499 WHERE pro_codigo_plu=780721312','',2,'2013-07-08'),(35937,'UPDATE mae_productos SET pro_margen_actual=-99.77,pro_precio_venta=1 WHERE pro_codigo_plu=780721311','',2,'2013-07-08'),(35938,'UPDATE mae_productos SET pro_margen_actual=31.29,pro_precio_venta=890 WHERE pro_codigo_plu=10125','',2,'2013-07-08'),(35939,'UPDATE mae_productos SET pro_precio_fiscal=pro_precio_venta WHERE pro_codigo_plu=17535','',2,'2013-07-08'),(35940,'UPDATE mae_productos SET pro_precio_fiscal=pro_precio_venta WHERE pro_codigo_plu=10125','',2,'2013-07-08'),(35941,'UPDATE mae_productos SET pro_precio_fiscal=pro_precio_venta WHERE pro_codigo_plu=763272','',2,'2013-07-08'),(35942,'UPDATE mae_productos SET pro_precio_fiscal=pro_precio_venta WHERE pro_codigo_plu=16177','',2,'2013-07-08'),(35943,'UPDATE mae_productos SET pro_precio_fiscal=pro_precio_venta WHERE pro_codigo_plu=15586','',2,'2013-07-08'),(35944,'UPDATE mae_productos SET pro_precio_fiscal=pro_precio_venta WHERE pro_codigo_plu=780721312','',2,'2013-07-08'),(35945,'INSERT INTO mae_productos (pro_codigo_plu,pro_codigo_barra,pro_tipo,pro_nombre_producto,pro_nombre_corto,med_id,emb_id,pro_unidades_embalaje,dep_id,lin_id,mar_id,pro_precio_compra_neto,pro_precio_compra_bruto,pro_precio_venta,pro_margen_actual,pro_oferta,pro_fecha_inicio_oferta,pro_fecha_termino_oferta,pro_precio_oferta,pro_stock_minimo,pro_stock_critico,pro_entradas_bodega,pro_salidas_bodega,pro_mermas_bodega,pro_ajustes_bodega,pro_entradas_sv,pro_salidas_sv,pro_mermas_sv,pro_ajustes_sv,pro_activo,rec_numero,pro_unidad,pro_capacidad,pro_consumo_bodega,pro_consumo_sv,pro_estado,pro_funcion_plu,pro_flejes,pro_iva,pro_plu_asociado,pro_envase,pro_duracion,pro_numero_etiqueta) VALUES (780721315,@@@7805000163426@@@,@@@0@@@,@@@JABON LE SANCY ESENCIA DE FLORES 340 ML@@@,@@@JABON LE SANCY E@@@,@@@7 @@@,@@@5 @@@,@@@2@@@,@@@21 @@@,@@@122@@@,@@@1821@@@,@@@0@@@,@@@985@@@,@@@1@@@,@@@-99.9@@@,@@@@@@,@@@2006.09.07@@@,@@@2006.09.07@@@,@@@0@@@,@@@2@@@,@@@1@@@,@@@0@@@,@@@0@@@,@@@0@@@,@@@0@@@,@@@0@@@,@@@0@@@,@@@0@@@,@@@0@@@,@@@1@@@,@@@0@@@,0,340,0,0,2,0,1,1,0,@@@NO@@@,0,0)','',2,'2013-07-08'),(35946,'DELETE FROM mae_impuestos_productos WHERE pro_codigo_plu=@@@780721315@@@','',2,'2013-07-08'),(35947,'INSERT INTO gne_vale_ferreteria (vfe_id,vfe_fecha,vfe_total,vfe_estado,vfe_entregado,usu_nusuario) VALUES (4759,@@@2013.07.08@@@,1390,1,0,@@@S_BIZAMA@@@)','',2,'2013-07-08'),(35948,'INSERT INTO gne_vale_ferreteria_mov (vfe_id,pro_codigo_plu,vfm_cantidad,vfm_unitario,vfm_total,vfm_entregado) VALUES (4759,763916,1,1390,1390,@@@NO@@@)','',2,'2013-07-08'),(35949,'INSERT INTO mae_productos (pro_codigo_plu,pro_codigo_barra,pro_tipo,pro_nombre_producto,pro_nombre_corto,med_id,emb_id,pro_unidades_embalaje,dep_id,lin_id,mar_id,pro_precio_compra_neto,pro_precio_compra_bruto,pro_precio_venta,pro_margen_actual,pro_oferta,pro_fecha_inicio_oferta,pro_fecha_termino_oferta,pro_precio_oferta,pro_stock_minimo,pro_stock_critico,pro_entradas_bodega,pro_salidas_bodega,pro_mermas_bodega,pro_ajustes_bodega,pro_entradas_sv,pro_salidas_sv,pro_mermas_sv,pro_ajustes_sv,pro_activo,rec_numero,pro_unidad,pro_capacidad,pro_consumo_bodega,pro_consumo_sv,pro_estado,pro_funcion_plu,pro_flejes,pro_iva,pro_plu_asociado,pro_envase,pro_duracion,pro_numero_etiqueta) VALUES (780721316,@@@7791293020280@@@,@@@0@@@,@@@DESODORANTE AEROSOL APOLLO@@@,@@@DESODORANTE AERO@@@,@@@7 @@@,@@@3 @@@,@@@12@@@,@@@21 @@@,@@@118@@@,@@@128@@@,@@@0@@@,@@@1184.34@@@,@@@1@@@,@@@-99.92@@@,@@@@@@,@@@2006.09.07@@@,@@@2006.09.07@@@,@@@0@@@,@@@12@@@,@@@4@@@,@@@0@@@,@@@0@@@,@@@0@@@,@@@0@@@,@@@0@@@,@@@0@@@,@@@0@@@,@@@0@@@,@@@1@@@,@@@0@@@,0,160,0,0,2,0,1,1,0,@@@NO@@@,0,0)','',2,'2013-07-08'),(35950,'DELETE FROM mae_impuestos_productos WHERE pro_codigo_plu=@@@780721316@@@','',2,'2013-07-08'),(35951,'INSERT INTO mae_productos (pro_codigo_plu,pro_codigo_barra,pro_tipo,pro_nombre_producto,pro_nombre_corto,med_id,emb_id,pro_unidades_embalaje,dep_id,lin_id,mar_id,pro_precio_compra_neto,pro_precio_compra_bruto,pro_precio_venta,pro_margen_actual,pro_oferta,pro_fecha_inicio_oferta,pro_fecha_termino_oferta,pro_precio_oferta,pro_stock_minimo,pro_stock_critico,pro_entradas_bodega,pro_salidas_bodega,pro_mermas_bodega,pro_ajustes_bodega,pro_entradas_sv,pro_salidas_sv,pro_mermas_sv,pro_ajustes_sv,pro_activo,rec_numero,pro_unidad,pro_capacidad,pro_consumo_bodega,pro_consumo_sv,pro_estado,pro_funcion_plu,pro_flejes,pro_iva,pro_plu_asociado,pro_envase,pro_duracion,pro_numero_etiqueta) VALUES (780721317,@@@6991292982782@@@,@@@0@@@,@@@TRACTOR FRUTAS@@@,@@@TRACTOR FRUTAS@@@,@@@1 @@@,@@@3 @@@,@@@0@@@,@@@23 @@@,@@@135@@@,@@@2507@@@,@@@0@@@,@@@0@@@,@@@2490@@@,@@@0@@@,@@@@@@,@@@2013.07.08@@@,@@@2013.07.08@@@,@@@0@@@,@@@0@@@,@@@0@@@,@@@0@@@,@@@0@@@,@@@0@@@,@@@0@@@,@@@0@@@,@@@0@@@,@@@0@@@,@@@0@@@,@@@1@@@,@@@0@@@,0,1,0,0,2,0,1,1,0,@@@NO@@@,0,0)','',2,'2013-07-08'),(35952,'DELETE FROM mae_impuestos_productos WHERE pro_codigo_plu=@@@780721317@@@','',2,'2013-07-08'),(35953,'INSERT INTO mae_productos (pro_codigo_plu,pro_codigo_barra,pro_tipo,pro_nombre_producto,pro_nombre_corto,med_id,emb_id,pro_unidades_embalaje,dep_id,lin_id,mar_id,pro_precio_compra_neto,pro_precio_compra_bruto,pro_precio_venta,pro_margen_actual,pro_oferta,pro_fecha_inicio_oferta,pro_fecha_termino_oferta,pro_precio_oferta,pro_stock_minimo,pro_stock_critico,pro_entradas_bodega,pro_salidas_bodega,pro_mermas_bodega,pro_ajustes_bodega,pro_entradas_sv,pro_salidas_sv,pro_mermas_sv,pro_ajustes_sv,pro_activo,rec_numero,pro_unidad,pro_capacidad,pro_consumo_bodega,pro_consumo_sv,pro_estado,pro_funcion_plu,pro_flejes,pro_iva,pro_plu_asociado,pro_envase,pro_duracion,pro_numero_etiqueta) VALUES (780721318,@@@780721318@@@,@@@0@@@,@@@MAQUINA CONTROL REMOTO@@@,@@@MAQUINA CONTROL @@@,@@@1 @@@,@@@3 @@@,@@@0@@@,@@@23 @@@,@@@135@@@,@@@2507@@@,@@@0@@@,@@@0@@@,@@@6990@@@,@@@0@@@,@@@@@@,@@@2013.07.08@@@,@@@2013.07.08@@@,@@@0@@@,@@@0@@@,@@@0@@@,@@@0@@@,@@@0@@@,@@@0@@@,@@@0@@@,@@@0@@@,@@@0@@@,@@@0@@@,@@@0@@@,@@@1@@@,@@@0@@@,0,1,0,0,2,0,1,1,0,@@@NO@@@,0,0)','',2,'2013-07-08'),(35954,'DELETE FROM mae_impuestos_productos WHERE pro_codigo_plu=@@@780721318@@@','',2,'2013-07-08'),(35955,'INSERT INTO gne_vale_ferreteria (vfe_id,vfe_fecha,vfe_total,vfe_estado,vfe_entregado,usu_nusuario) VALUES (4760,@@@2013.07.08@@@,290,1,0,@@@b_SAEZ@@@)','',2,'2013-07-08'),(35956,'INSERT INTO gne_vale_ferreteria_mov (vfe_id,pro_codigo_plu,vfm_cantidad,vfm_unitario,vfm_total,vfm_entregado) VALUES (4760,78017151,1,290,290,@@@NO@@@)','',2,'2013-07-08'),(35957,'INSERT INTO mae_productos (pro_codigo_plu,pro_codigo_barra,pro_tipo,pro_nombre_producto,pro_nombre_corto,med_id,emb_id,pro_unidades_embalaje,dep_id,lin_id,mar_id,pro_precio_compra_neto,pro_precio_compra_bruto,pro_precio_venta,pro_margen_actual,pro_oferta,pro_fecha_inicio_oferta,pro_fecha_termino_oferta,pro_precio_oferta,pro_stock_minimo,pro_stock_critico,pro_entradas_bodega,pro_salidas_bodega,pro_mermas_bodega,pro_ajustes_bodega,pro_entradas_sv,pro_salidas_sv,pro_mermas_sv,pro_ajustes_sv,pro_activo,rec_numero,pro_unidad,pro_capacidad,pro_consumo_bodega,pro_consumo_sv,pro_estado,pro_funcion_plu,pro_flejes,pro_iva,pro_plu_asociado,pro_envase,pro_duracion,pro_numero_etiqueta) VALUES (780721319,@@@780721319@@@,@@@0@@@,@@@BLOQUES DIDACTICOS TREN@@@,@@@BLOQUES DIDACTIC@@@,@@@1 @@@,@@@3 @@@,@@@0@@@,@@@23 @@@,@@@135@@@,@@@2507@@@,@@@0@@@,@@@0@@@,@@@4990@@@,@@@0@@@,@@@@@@,@@@2013.07.08@@@,@@@2013.07.08@@@,@@@0@@@,@@@0@@@,@@@0@@@,@@@0@@@,@@@0@@@,@@@0@@@,@@@0@@@,@@@0@@@,@@@0@@@,@@@0@@@,@@@0@@@,@@@1@@@,@@@0@@@,0,1,0,0,2,0,1,1,0,@@@NO@@@,0,0)','',2,'2013-07-08'),(35958,'DELETE FROM mae_impuestos_productos WHERE pro_codigo_plu=@@@780721319@@@','',2,'2013-07-08'),(35959,'INSERT INTO mae_productos (pro_codigo_plu,pro_codigo_barra,pro_tipo,pro_nombre_producto,pro_nombre_corto,med_id,emb_id,pro_unidades_embalaje,dep_id,lin_id,mar_id,pro_precio_compra_neto,pro_precio_compra_bruto,pro_precio_venta,pro_margen_actual,pro_oferta,pro_fecha_inicio_oferta,pro_fecha_termino_oferta,pro_precio_oferta,pro_stock_minimo,pro_stock_critico,pro_entradas_bodega,pro_salidas_bodega,pro_mermas_bodega,pro_ajustes_bodega,pro_entradas_sv,pro_salidas_sv,pro_mermas_sv,pro_ajustes_sv,pro_activo,rec_numero,pro_unidad,pro_capacidad,pro_consumo_bodega,pro_consumo_sv,pro_estado,pro_funcion_plu,pro_flejes,pro_iva,pro_plu_asociado,pro_envase,pro_duracion,pro_numero_etiqueta) VALUES (780721320,@@@780721320@@@,@@@0@@@,@@@JEEP RAGER@@@,@@@JEEP RAGER@@@,@@@1 @@@,@@@3 @@@,@@@0@@@,@@@23 @@@,@@@135@@@,@@@2507@@@,@@@0@@@,@@@0@@@,@@@1490@@@,@@@0@@@,@@@@@@,@@@2013.07.08@@@,@@@2013.07.08@@@,@@@0@@@,@@@0@@@,@@@0@@@,@@@0@@@,@@@0@@@,@@@0@@@,@@@0@@@,@@@0@@@,@@@0@@@,@@@0@@@,@@@0@@@,@@@1@@@,@@@0@@@,0,1,0,0,2,0,1,1,0,@@@NO@@@,0,0)','',2,'2013-07-08'),(35960,'DELETE FROM mae_impuestos_productos WHERE pro_codigo_plu=@@@780721320@@@','',2,'2013-07-08'),(35961,'INSERT INTO mae_productos (pro_codigo_plu,pro_codigo_barra,pro_tipo,pro_nombre_producto,pro_nombre_corto,med_id,emb_id,pro_unidades_embalaje,dep_id,lin_id,mar_id,pro_precio_compra_neto,pro_precio_compra_bruto,pro_precio_venta,pro_margen_actual,pro_oferta,pro_fecha_inicio_oferta,pro_fecha_termino_oferta,pro_precio_oferta,pro_stock_minimo,pro_stock_critico,pro_entradas_bodega,pro_salidas_bodega,pro_mermas_bodega,pro_ajustes_bodega,pro_entradas_sv,pro_salidas_sv,pro_mermas_sv,pro_ajustes_sv,pro_activo,rec_numero,pro_unidad,pro_capacidad,pro_consumo_bodega,pro_consumo_sv,pro_estado,pro_funcion_plu,pro_flejes,pro_iva,pro_plu_asociado,pro_envase,pro_duracion,pro_numero_etiqueta) VALUES (780721321,@@@780721321@@@,@@@0@@@,@@@AUTOBUS SPORT @@@,@@@AUTOBUS SPORT @@@,@@@1 @@@,@@@3 @@@,@@@0@@@,@@@23 @@@,@@@135@@@,@@@2507@@@,@@@0@@@,@@@0@@@,@@@1890@@@,@@@0@@@,@@@@@@,@@@2013.07.08@@@,@@@2013.07.08@@@,@@@0@@@,@@@0@@@,@@@0@@@,@@@0@@@,@@@0@@@,@@@0@@@,@@@0@@@,@@@0@@@,@@@0@@@,@@@0@@@,@@@0@@@,@@@1@@@,@@@0@@@,0,1,0,0,2,0,1,1,0,@@@NO@@@,0,0)','',2,'2013-07-08'),(35962,'DELETE FROM mae_impuestos_productos WHERE pro_codigo_plu=@@@780721321@@@','',2,'2013-07-08'),(35963,'INSERT INTO mae_productos (pro_codigo_plu,pro_codigo_barra,pro_tipo,pro_nombre_producto,pro_nombre_corto,med_id,emb_id,pro_unidades_embalaje,dep_id,lin_id,mar_id,pro_precio_compra_neto,pro_precio_compra_bruto,pro_precio_venta,pro_margen_actual,pro_oferta,pro_fecha_inicio_oferta,pro_fecha_termino_oferta,pro_precio_oferta,pro_stock_minimo,pro_stock_critico,pro_entradas_bodega,pro_salidas_bodega,pro_mermas_bodega,pro_ajustes_bodega,pro_entradas_sv,pro_salidas_sv,pro_mermas_sv,pro_ajustes_sv,pro_activo,rec_numero,pro_unidad,pro_capacidad,pro_consumo_bodega,pro_consumo_sv,pro_estado,pro_funcion_plu,pro_flejes,pro_iva,pro_plu_asociado,pro_envase,pro_duracion,pro_numero_etiqueta) VALUES (780721322,@@@780721322@@@,@@@0@@@,@@@CAMION GRANDE CON BALDE@@@,@@@CAMION GRANDE CO@@@,@@@1 @@@,@@@3 @@@,@@@0@@@,@@@23 @@@,@@@135@@@,@@@2507@@@,@@@0@@@,@@@0@@@,@@@8990@@@,@@@0@@@,@@@@@@,@@@2013.07.08@@@,@@@2013.07.08@@@,@@@0@@@,@@@0@@@,@@@0@@@,@@@0@@@,@@@0@@@,@@@0@@@,@@@0@@@,@@@0@@@,@@@0@@@,@@@0@@@,@@@0@@@,@@@1@@@,@@@0@@@,0,1,0,0,2,0,1,1,0,@@@NO@@@,0,0)','',2,'2013-07-08'),(35964,'DELETE FROM mae_impuestos_productos WHERE pro_codigo_plu=@@@780721322@@@','',2,'2013-07-08'),(35965,'INSERT INTO mae_productos (pro_codigo_plu,pro_codigo_barra,pro_tipo,pro_nombre_producto,pro_nombre_corto,med_id,emb_id,pro_unidades_embalaje,dep_id,lin_id,mar_id,pro_precio_compra_neto,pro_precio_compra_bruto,pro_precio_venta,pro_margen_actual,pro_oferta,pro_fecha_inicio_oferta,pro_fecha_termino_oferta,pro_precio_oferta,pro_stock_minimo,pro_stock_critico,pro_entradas_bodega,pro_salidas_bodega,pro_mermas_bodega,pro_ajustes_bodega,pro_entradas_sv,pro_salidas_sv,pro_mermas_sv,pro_ajustes_sv,pro_activo,rec_numero,pro_unidad,pro_capacidad,pro_consumo_bodega,pro_consumo_sv,pro_estado,pro_funcion_plu,pro_flejes,pro_iva,pro_plu_asociado,pro_envase,pro_duracion,pro_numero_etiqueta) VALUES (780721323,@@@780721323@@@,@@@0@@@,@@@TOYS SET@@@,@@@TOYS SET@@@,@@@1 @@@,@@@3 @@@,@@@0@@@,@@@23 @@@,@@@135@@@,@@@2507@@@,@@@0@@@,@@@0@@@,@@@2190@@@,@@@0@@@,@@@@@@,@@@2013.07.08@@@,@@@2013.07.08@@@,@@@0@@@,@@@0@@@,@@@0@@@,@@@0@@@,@@@0@@@,@@@0@@@,@@@0@@@,@@@0@@@,@@@0@@@,@@@0@@@,@@@0@@@,@@@1@@@,@@@0@@@,0,1,0,0,2,0,1,1,0,@@@NO@@@,0,0)','',2,'2013-07-08'),(35966,'DELETE FROM mae_impuestos_productos WHERE pro_codigo_plu=@@@780721323@@@','',2,'2013-07-08'),(35967,'INSERT INTO mae_productos (pro_codigo_plu,pro_codigo_barra,pro_tipo,pro_nombre_producto,pro_nombre_corto,med_id,emb_id,pro_unidades_embalaje,dep_id,lin_id,mar_id,pro_precio_compra_neto,pro_precio_compra_bruto,pro_precio_venta,pro_margen_actual,pro_oferta,pro_fecha_inicio_oferta,pro_fecha_termino_oferta,pro_precio_oferta,pro_stock_minimo,pro_stock_critico,pro_entradas_bodega,pro_salidas_bodega,pro_mermas_bodega,pro_ajustes_bodega,pro_entradas_sv,pro_salidas_sv,pro_mermas_sv,pro_ajustes_sv,pro_activo,rec_numero,pro_unidad,pro_capacidad,pro_consumo_bodega,pro_consumo_sv,pro_estado,pro_funcion_plu,pro_flejes,pro_iva,pro_plu_asociado,pro_envase,pro_duracion,pro_numero_etiqueta) VALUES (780721324,@@@7791293020136@@@,@@@0@@@,@@@JABON LE SANCY TE VERDE Y ALOE 90G@@@,@@@JABON LE SANCY T@@@,@@@5 @@@,@@@6 @@@,@@@12@@@,@@@21 @@@,@@@122@@@,@@@1821@@@,@@@0@@@,@@@316.24@@@,@@@1@@@,@@@-99.68@@@,@@@@@@,@@@2006.09.07@@@,@@@2006.09.07@@@,@@@0@@@,@@@12@@@,@@@4@@@,@@@0@@@,@@@0@@@,@@@0@@@,@@@0@@@,@@@0@@@,@@@0@@@,@@@0@@@,@@@0@@@,@@@1@@@,@@@0@@@,0,90,0,0,2,0,1,1,0,@@@NO@@@,0,0)','',2,'2013-07-08'),(35968,'DELETE FROM mae_impuestos_productos WHERE pro_codigo_plu=@@@780721324@@@','',2,'2013-07-08'),(35969,'INSERT INTO mae_productos (pro_codigo_plu,pro_codigo_barra,pro_tipo,pro_nombre_producto,pro_nombre_corto,med_id,emb_id,pro_unidades_embalaje,dep_id,lin_id,mar_id,pro_precio_compra_neto,pro_precio_compra_bruto,pro_precio_venta,pro_margen_actual,pro_oferta,pro_fecha_inicio_oferta,pro_fecha_termino_oferta,pro_precio_oferta,pro_stock_minimo,pro_stock_critico,pro_entradas_bodega,pro_salidas_bodega,pro_mermas_bodega,pro_ajustes_bodega,pro_entradas_sv,pro_salidas_sv,pro_mermas_sv,pro_ajustes_sv,pro_activo,rec_numero,pro_unidad,pro_capacidad,pro_consumo_bodega,pro_consumo_sv,pro_estado,pro_funcion_plu,pro_flejes,pro_iva,pro_plu_asociado,pro_envase,pro_duracion,pro_numero_etiqueta) VALUES (780721325,@@@780721325@@@,@@@0@@@,@@@AUTO CONTROL REMOTO TWISTER@@@,@@@AUTO CONTROL REM@@@,@@@1 @@@,@@@3 @@@,@@@0@@@,@@@23 @@@,@@@135@@@,@@@2507@@@,@@@0@@@,@@@0@@@,@@@12990@@@,@@@0@@@,@@@@@@,@@@2013.07.08@@@,@@@2013.07.08@@@,@@@0@@@,@@@0@@@,@@@0@@@,@@@0@@@,@@@0@@@,@@@0@@@,@@@0@@@,@@@0@@@,@@@0@@@,@@@0@@@,@@@0@@@,@@@1@@@,@@@0@@@,0,1,0,0,2,0,1,1,0,@@@NO@@@,0,0)','',2,'2013-07-08'),(35970,'DELETE FROM mae_impuestos_productos WHERE pro_codigo_plu=@@@780721325@@@','',2,'2013-07-08'),(35971,'INSERT INTO mae_productos (pro_codigo_plu,pro_codigo_barra,pro_tipo,pro_nombre_producto,pro_nombre_corto,med_id,emb_id,pro_unidades_embalaje,dep_id,lin_id,mar_id,pro_precio_compra_neto,pro_precio_compra_bruto,pro_precio_venta,pro_margen_actual,pro_oferta,pro_fecha_inicio_oferta,pro_fecha_termino_oferta,pro_precio_oferta,pro_stock_minimo,pro_stock_critico,pro_entradas_bodega,pro_salidas_bodega,pro_mermas_bodega,pro_ajustes_bodega,pro_entradas_sv,pro_salidas_sv,pro_mermas_sv,pro_ajustes_sv,pro_activo,rec_numero,pro_unidad,pro_capacidad,pro_consumo_bodega,pro_consumo_sv,pro_estado,pro_funcion_plu,pro_flejes,pro_iva,pro_plu_asociado,pro_envase,pro_duracion,pro_numero_etiqueta) VALUES (780721326,@@@7791293020099@@@,@@@0@@@,@@@JABON LE SANCY AVENA Y ACEITE DE ALMENDRAS 90G@@@,@@@JABON LE SANCY A@@@,@@@5 @@@,@@@6 @@@,@@@12@@@,@@@21 @@@,@@@122@@@,@@@1821@@@,@@@0@@@,@@@316.24@@@,@@@1@@@,@@@-99.68@@@,@@@@@@,@@@2006.09.07@@@,@@@2006.09.07@@@,@@@0@@@,@@@12@@@,@@@4@@@,@@@0@@@,@@@0@@@,@@@0@@@,@@@0@@@,@@@0@@@,@@@0@@@,@@@0@@@,@@@0@@@,@@@1@@@,@@@0@@@,0,90,0,0,2,0,1,1,0,@@@NO@@@,0,0)','',2,'2013-07-08'),(35972,'DELETE FROM mae_impuestos_productos WHERE pro_codigo_plu=@@@780721326@@@','',2,'2013-07-08'),(35973,'INSERT INTO gpr_pack_virtual (pav_id,pav_nombre,pav_total_pack,pav_total_descuento,pav_desde,pav_hasta,pav_tipo,pav_precio,pav_lleva,pav_paga,pav_descuento,pav_porcentaje,pav_oferta_exclusiva,pav_agotar_stock,pav_stock,pav_costo,pav_margen) VALUES (22,@@@PACK VIENESAS SUPER POLLO 20 UND 2 X $2790@@@,2839,341,@@@2013-07-08@@@,@@@2013-08-08@@@,@@@PR@@@,0,0,0,0,0,@@@NO@@@,@@@SI@@@,60,0,0)','',2,'2013-07-08'),(35974,'INSERT INTO gpr_pack_virtual_mov (pav_id,pro_codigo_plu,pvm_precio,pvm_total,pvm_lleva,pvm_paga,pvm_descuento,pvm_porcentaje,pvm_total_normal,pvm_descuento_linea,pvm_costo,pvm_margen) VALUES (22,18557,1590,2839,2,1.78,0.22,42,3180,341,0,0)','',2,'2013-07-08'),(35975,'INSERT INTO gpr_pack_virtual_horario (pav_id,pvh_dia,pvh_hora_desde,pvh_hora_hasta) VALUES (22,99,@@@00:00@@@,@@@23:59@@@)','',2,'2013-07-08'),(35976,'INSERT INTO mae_productos (pro_codigo_plu,pro_codigo_barra,pro_tipo,pro_nombre_producto,pro_nombre_corto,med_id,emb_id,pro_unidades_embalaje,dep_id,lin_id,mar_id,pro_precio_compra_neto,pro_precio_compra_bruto,pro_precio_venta,pro_margen_actual,pro_oferta,pro_fecha_inicio_oferta,pro_fecha_termino_oferta,pro_precio_oferta,pro_stock_minimo,pro_stock_critico,pro_entradas_bodega,pro_salidas_bodega,pro_mermas_bodega,pro_ajustes_bodega,pro_entradas_sv,pro_salidas_sv,pro_mermas_sv,pro_ajustes_sv,pro_activo,rec_numero,pro_unidad,pro_capacidad,pro_consumo_bodega,pro_consumo_sv,pro_estado,pro_funcion_plu,pro_flejes,pro_iva,pro_plu_asociado,pro_envase,pro_duracion,pro_numero_etiqueta) VALUES (780721327,@@@7791293019512@@@,@@@0@@@,@@@JABON LUX REFRESCATE 90G@@@,@@@JABON LUX REFRES@@@,@@@5 @@@,@@@3 @@@,@@@12@@@,@@@21 @@@,@@@122@@@,@@@1821@@@,@@@0@@@,@@@298.74@@@,@@@1@@@,@@@-99.67@@@,@@@@@@,@@@2006.09.07@@@,@@@2006.09.07@@@,@@@0@@@,@@@12@@@,@@@4@@@,@@@0@@@,@@@0@@@,@@@0@@@,@@@0@@@,@@@0@@@,@@@0@@@,@@@0@@@,@@@0@@@,@@@1@@@,@@@0@@@,0,90,0,0,2,0,1,1,0,@@@NO@@@,0,0)','',2,'2013-07-08'),(35977,'DELETE FROM mae_impuestos_productos WHERE pro_codigo_plu=@@@780721327@@@','',2,'2013-07-08'),(35978,'UPDATE gpr_pack_virtual SET pav_nombre=@@@PACK VIENESAS SUPER POLLO 20 UND 2 X $2790@@@,pav_total_pack=8040,pav_total_descuento=1140,pav_desde=@@@2013-07-08@@@,pav_hasta=@@@2013-08-08@@@,pav_tipo=@@@PR@@@,pav_precio=0,pav_lleva=0,pav_paga=0,pav_descuento=0,pav_porcentaje=0,pav_oferta_exclusiva=@@@NO@@@,pav_agotar_stock=@@@SI@@@,pav_stock=60,pav_costo=0,pav_margen=0 WHERE pav_id=22','',2,'2013-07-08'),(35979,'DELETE FROM gpr_pack_virtual_mov WHERE pav_id=22','',2,'2013-07-08'),(35980,'DELETE FROM gpr_pack_virtual_horario WHERE pav_id=22','',2,'2013-07-08'),(35981,'INSERT INTO gpr_pack_virtual_mov (pav_id,pro_codigo_plu,pvm_precio,pvm_total,pvm_lleva,pvm_paga,pvm_descuento,pvm_porcentaje,pvm_total_normal,pvm_descuento_linea,pvm_costo,pvm_margen) VALUES (22,1,4590,8040,2,1.75,0.25,30,9180,1140,0,0)','',2,'2013-07-08'),(35982,'INSERT INTO gpr_pack_virtual_horario (pav_id,pvh_dia,pvh_hora_desde,pvh_hora_hasta) VALUES (22,99,@@@00:00@@@,@@@23:59@@@)','',2,'2013-07-08'),(35983,'INSERT INTO gne_vale_ferreteria (vfe_id,vfe_fecha,vfe_total,vfe_estado,vfe_entregado,usu_nusuario) VALUES (4761,@@@2013.07.08@@@,1390,1,0,@@@S_BIZAMA@@@)','',2,'2013-07-08'),(35984,'INSERT INTO gne_vale_ferreteria_mov (vfe_id,pro_codigo_plu,vfm_cantidad,vfm_unitario,vfm_total,vfm_entregado) VALUES (4761,262365,1,1390,1390,@@@NO@@@)','',2,'2013-07-08'),(35985,'INSERT INTO gne_vale_ferreteria (vfe_id,vfe_fecha,vfe_total,vfe_estado,vfe_entregado,usu_nusuario) VALUES (4762,@@@2013.07.08@@@,150,1,0,@@@S_BIZAMA@@@)','',2,'2013-07-08'),(35986,'INSERT INTO gne_vale_ferreteria_mov (vfe_id,pro_codigo_plu,vfm_cantidad,vfm_unitario,vfm_total,vfm_entregado) VALUES (4762,8021,1,150,150,@@@NO@@@)','',2,'2013-07-08'),(35987,'INSERT INTO gne_vale_ferreteria (vfe_id,vfe_fecha,vfe_total,vfe_estado,vfe_entregado,usu_nusuario) VALUES (4763,@@@2013.07.08@@@,200,1,0,@@@S_BIZAMA@@@)','',2,'2013-07-08'),(35988,'INSERT INTO gne_vale_ferreteria_mov (vfe_id,pro_codigo_plu,vfm_cantidad,vfm_unitario,vfm_total,vfm_entregado) VALUES (4763,18387,1,200,200,@@@NO@@@)','',2,'2013-07-08'),(35989,'INSERT INTO gne_vale_ferreteria (vfe_id,vfe_fecha,vfe_total,vfe_estado,vfe_entregado,usu_nusuario) VALUES (4764,@@@2013.07.08@@@,520,1,0,@@@S_BIZAMA@@@)','',2,'2013-07-08'),(35990,'INSERT INTO gne_vale_ferreteria_mov (vfe_id,pro_codigo_plu,vfm_cantidad,vfm_unitario,vfm_total,vfm_entregado) VALUES (4764,15967,4,130,520,@@@NO@@@)','',2,'2013-07-08'),(35991,'INSERT INTO gne_vale_ferreteria (vfe_id,vfe_fecha,vfe_total,vfe_estado,vfe_entregado,usu_nusuario) VALUES (4765,@@@2013.07.08@@@,350,1,0,@@@S_BIZAMA@@@)','',2,'2013-07-08'),(35992,'INSERT INTO gne_vale_ferreteria_mov (vfe_id,pro_codigo_plu,vfm_cantidad,vfm_unitario,vfm_total,vfm_entregado) VALUES (4765,770088,5,70,350,@@@NO@@@)','',2,'2013-07-08'),(35993,'INSERT INTO gne_vale_ferreteria (vfe_id,vfe_fecha,vfe_total,vfe_estado,vfe_entregado,usu_nusuario) VALUES (4766,@@@2013.07.08@@@,200,1,0,@@@S_BIZAMA@@@)','',2,'2013-07-08'),(35994,'INSERT INTO gne_vale_ferreteria_mov (vfe_id,pro_codigo_plu,vfm_cantidad,vfm_unitario,vfm_total,vfm_entregado) VALUES (4766,78017233,2,100,200,@@@NO@@@)','',2,'2013-07-08'),(35995,'INSERT INTO gne_vale_ferreteria (vfe_id,vfe_fecha,vfe_total,vfe_estado,vfe_entregado,usu_nusuario) VALUES (4767,@@@2013.07.08@@@,5090,1,0,@@@S_BIZAMA@@@)','',2,'2013-07-08'),(35996,'INSERT INTO gne_vale_ferreteria_mov (vfe_id,pro_codigo_plu,vfm_cantidad,vfm_unitario,vfm_total,vfm_entregado) VALUES (4767,764955,1,1490,1490,@@@NO@@@)','',2,'2013-07-08'),(35997,'INSERT INTO gne_vale_ferreteria_mov (vfe_id,pro_codigo_plu,vfm_cantidad,vfm_unitario,vfm_total,vfm_entregado) VALUES (4767,20756,1,450,450,@@@NO@@@)','',2,'2013-07-08'),(35998,'INSERT INTO gne_vale_ferreteria_mov (vfe_id,pro_codigo_plu,vfm_cantidad,vfm_unitario,vfm_total,vfm_entregado) VALUES (4767,7035,1,1190,1190,@@@NO@@@)','',2,'2013-07-08'),(35999,'INSERT INTO gne_vale_ferreteria_mov (vfe_id,pro_codigo_plu,vfm_cantidad,vfm_unitario,vfm_total,vfm_entregado) VALUES (4767,764427,4,490,1960,@@@NO@@@)','',2,'2013-07-08'),(36000,'UPDATE mae_productos SET pro_codigo_barra=@@@7805000301484@@@,pro_tipo=@@@0@@@,pro_nombre_producto=@@@MAYONESA HELLMANNS 100 CC. @@@,pro_nombre_corto=@@@MAYONESA HELLMAN@@@,med_id=@@@6@@@,emb_id=@@@4@@@,pro_unidades_embalaje=@@@24@@@,dep_id=@@@1 @@@,lin_id=@@@16@@@,mar_id=@@@570@@@,pro_precio_compra_neto=@@@0@@@,pro_precio_compra_bruto=@@@230@@@,pro_precio_venta=@@@300@@@,pro_margen_actual=@@@30.43@@@,pro_oferta=@@@NO@@@,pro_fecha_inicio_oferta=@@@1900.01.01@@@,pro_fecha_termino_oferta=@@@1900.01.01@@@,pro_precio_oferta=@@@0@@@,pro_stock_minimo=@@@24@@@,pro_stock_critico=@@@12@@@,pro_activo=@@@1@@@,pro_unidad=@@@0@@@,pro_precio_compra_bruto=230,pro_margen_actual=30.43,pro_capacidad=0.1,pro_funcion_plu=0,pro_flejes=1,pro_iva=1,pro_plu_asociado=0,pro_envase=@@@NO@@@,pro_duracion=0,pro_numero_etiqueta=0 WHERE pro_codigo_plu=@@@11307@@@','',2,'2013-07-08'),(36001,'UPDATE mae_productos SET pro_estado=1 WHERE pro_codigo_plu=11307','',2,'2013-07-08'),(36002,'DELETE FROM mae_impuestos_productos WHERE pro_codigo_plu=@@@11307@@@','',2,'2013-07-08'),(36003,'UPDATE mae_productos SET pro_codigo_barra=@@@7501056340131@@@,pro_tipo=@@@0@@@,pro_nombre_producto=@@@SEDAL PARA PEINAR RIZOS OBEDIENTES@@@,pro_nombre_corto=@@@SEDAL PARA PEINA@@@,med_id=@@@1@@@,emb_id=@@@4@@@,pro_unidades_embalaje=@@@12@@@,dep_id=@@@21 @@@,lin_id=@@@114@@@,mar_id=@@@833@@@,pro_precio_compra_neto=@@@0@@@,pro_precio_compra_bruto=@@@0@@@,pro_precio_venta=@@@1890@@@,pro_margen_actual=@@@0@@@,pro_oferta=@@@NO@@@,pro_fecha_inicio_oferta=@@@2010.07.14@@@,pro_fecha_termino_oferta=@@@2010.07.14@@@,pro_precio_oferta=@@@0@@@,pro_stock_minimo=@@@0@@@,pro_stock_critico=@@@0@@@,pro_activo=@@@1@@@,pro_unidad=@@@0@@@,pro_precio_compra_bruto=0,pro_margen_actual=0,pro_capacidad=1,pro_funcion_plu=0,pro_flejes=1,pro_iva=1,pro_plu_asociado=0,pro_envase=@@@NO@@@,pro_duracion=0,pro_numero_etiqueta=0 WHERE pro_codigo_plu=@@@762306@@@','',2,'2013-07-08'),(36004,'UPDATE mae_productos SET pro_estado=1 WHERE pro_codigo_plu=762306','',2,'2013-07-08'),(36005,'DELETE FROM mae_impuestos_productos WHERE pro_codigo_plu=@@@762306@@@','',2,'2013-07-08'),(36006,'INSERT INTO gne_vale_ferreteria (vfe_id,vfe_fecha,vfe_total,vfe_estado,vfe_entregado,usu_nusuario) VALUES (4768,@@@2013.07.08@@@,250,1,0,@@@G_DIAZ@@@)','',2,'2013-07-08'),(36007,'INSERT INTO gne_vale_ferreteria_mov (vfe_id,pro_codigo_plu,vfm_cantidad,vfm_unitario,vfm_total,vfm_entregado) VALUES (4768,763786,1,250,250,@@@NO@@@)','',2,'2013-07-08'),(36008,'INSERT INTO gne_vale_ferreteria (vfe_id,vfe_fecha,vfe_total,vfe_estado,vfe_entregado,usu_nusuario) VALUES (4769,@@@2013.07.08@@@,1980,1,0,@@@G_DIAZ@@@)','',2,'2013-07-08'),(36009,'INSERT INTO gne_vale_ferreteria_mov (vfe_id,pro_codigo_plu,vfm_cantidad,vfm_unitario,vfm_total,vfm_entregado) VALUES (4769,101623,1,1890,1890,@@@NO@@@)','',2,'2013-07-08'),(36010,'INSERT INTO gne_vale_ferreteria_mov (vfe_id,pro_codigo_plu,vfm_cantidad,vfm_unitario,vfm_total,vfm_entregado) VALUES (4769,78017026,1,90,90,@@@NO@@@)','',2,'2013-07-08'),(36011,'UPDATE mae_productos SET pro_precio_venta=990,pro_margen_actual=30.35, pro_precio_compra_bruto=759.51, pro_precio_compra_neto=638.243697478992 WHERE pro_codigo_plu=262056','',2,'2013-07-08'),(36012,'UPDATE mae_productos SET pro_precio_venta=899,pro_margen_actual=29.27, pro_precio_compra_bruto=695.42, pro_precio_compra_neto=584.386554621849 WHERE pro_codigo_plu=11335','',2,'2013-07-08'),(36013,'UPDATE mae_productos SET pro_precio_venta=299,pro_margen_actual=30, pro_precio_compra_bruto=230, pro_precio_compra_neto=193.27731092437 WHERE pro_codigo_plu=11307','',2,'2013-07-08'),(36014,'UPDATE mae_productos SET pro_precio_venta=850,pro_margen_actual=32.85, pro_precio_compra_bruto=639.84, pro_precio_compra_neto=537.680672268908 WHERE pro_codigo_plu=11559','',2,'2013-07-08'),(36015,'UPDATE mae_productos SET pro_precio_venta=850,pro_margen_actual=27.02, pro_precio_compra_bruto=669.17, pro_precio_compra_neto=562.327731092437 WHERE pro_codigo_plu=11546','',2,'2013-07-08'),(36016,'UPDATE mae_productos SET pro_precio_venta=850,pro_margen_actual=31.25, pro_precio_compra_bruto=647.64, pro_precio_compra_neto=544.235294117647 WHERE pro_codigo_plu=11564','',2,'2013-07-08'),(36017,'UPDATE mae_productos SET pro_precio_venta=1350,pro_margen_actual=35.69, pro_precio_compra_bruto=994.93, pro_precio_compra_neto=836.075630252101 WHERE pro_codigo_plu=101727','',2,'2013-07-08'),(36018,'UPDATE mae_productos SET pro_precio_venta=270,pro_margen_actual=38.78, pro_precio_compra_bruto=194.55, pro_precio_compra_neto=163.487394957983 WHERE pro_codigo_plu=11548','',2,'2013-07-08'),(36019,'UPDATE mae_productos SET pro_precio_venta=479,pro_margen_actual=34.41, pro_precio_compra_bruto=356.36, pro_precio_compra_neto=299.46218487395 WHERE pro_codigo_plu=100827','',2,'2013-07-08'),(36020,'UPDATE mae_productos SET pro_precio_venta=1019,pro_margen_actual=29.95, pro_precio_compra_bruto=784.17, pro_precio_compra_neto=658.966386554622 WHERE pro_codigo_plu=100824','',2,'2013-07-08'),(36021,'UPDATE mae_productos SET pro_precio_venta=1049,pro_margen_actual=38.03, pro_precio_compra_bruto=759.97, pro_precio_compra_neto=638.63025210084 WHERE pro_codigo_plu=100784','',2,'2013-07-08'),(36022,'UPDATE mae_productos SET pro_precio_venta=1990,pro_margen_actual=30.55, pro_precio_compra_bruto=1524.33, pro_precio_compra_neto=1280.94957983193 WHERE pro_codigo_plu=262556','',2,'2013-07-08'),(36023,'UPDATE mae_productos SET pro_precio_venta=399,pro_margen_actual=33.56, pro_precio_compra_bruto=298.74, pro_precio_compra_neto=251.042016806723 WHERE pro_codigo_plu=780721327','',2,'2013-07-08'),(36024,'UPDATE mae_productos SET pro_precio_venta=399,pro_margen_actual=33.56, pro_precio_compra_bruto=298.74, pro_precio_compra_neto=251.042016806723 WHERE pro_codigo_plu=763721','',2,'2013-07-08'),(36025,'UPDATE mae_productos SET pro_precio_venta=399,pro_margen_actual=33.56, pro_precio_compra_bruto=298.74, pro_precio_compra_neto=251.042016806723 WHERE pro_codigo_plu=763722','',2,'2013-07-08'),(36026,'UPDATE mae_productos SET pro_precio_venta=1390,pro_margen_actual=41.12, pro_precio_compra_bruto=985, pro_precio_compra_neto=827.731092436975 WHERE pro_codigo_plu=20698','',2,'2013-07-08'),(36027,'UPDATE mae_productos SET pro_precio_venta=450,pro_margen_actual=42.3, pro_precio_compra_bruto=316.24, pro_precio_compra_neto=265.747899159664 WHERE pro_codigo_plu=780721324','',2,'2013-07-08'),(36028,'UPDATE mae_productos SET pro_precio_venta=450,pro_margen_actual=42.3, pro_precio_compra_bruto=316.24, pro_precio_compra_neto=265.747899159664 WHERE pro_codigo_plu=780721313','',2,'2013-07-08'),(36029,'UPDATE mae_productos SET pro_precio_venta=450,pro_margen_actual=42.3, pro_precio_compra_bruto=316.24, pro_precio_compra_neto=265.747899159664 WHERE pro_codigo_plu=780721326','',2,'2013-07-08'),(36030,'UPDATE mae_productos SET pro_precio_venta=1390,pro_margen_actual=41.12, pro_precio_compra_bruto=985, pro_precio_compra_neto=827.731092436975 WHERE pro_codigo_plu=761557','',2,'2013-07-08'),(36031,'UPDATE mae_productos SET pro_precio_venta=1390,pro_margen_actual=41.12, pro_precio_compra_bruto=985, pro_precio_compra_neto=827.731092436975 WHERE pro_codigo_plu=780721314','',2,'2013-07-08'),(36032,'UPDATE mae_productos SET pro_precio_venta=1390,pro_margen_actual=41.12, pro_precio_compra_bruto=985, pro_precio_compra_neto=827.731092436975 WHERE pro_codigo_plu=761558','',2,'2013-07-08'),(36033,'UPDATE mae_productos SET pro_precio_venta=1390,pro_margen_actual=41.12, pro_precio_compra_bruto=985, pro_precio_compra_neto=827.731092436975 WHERE pro_codigo_plu=780721315','',2,'2013-07-08'),(36034,'UPDATE mae_productos SET pro_precio_venta=1390,pro_margen_actual=41.12, pro_precio_compra_bruto=984.96, pro_precio_compra_neto=827.697478991597 WHERE pro_codigo_plu=780721310','',2,'2013-07-08'),(36035,'UPDATE mae_productos SET pro_precio_venta=1150,pro_margen_actual=34.64, pro_precio_compra_bruto=854.15, pro_precio_compra_neto=717.773109243697 WHERE pro_codigo_plu=763891','',2,'2013-07-08'),(36036,'UPDATE mae_productos SET pro_precio_venta=1690,pro_margen_actual=42.1, pro_precio_compra_bruto=1189.34, pro_precio_compra_neto=999.44537815126 WHERE pro_codigo_plu=780721316','',2,'2013-07-08'),(36037,'UPDATE mae_productos SET pro_precio_venta=590,pro_margen_actual=33.96, pro_precio_compra_bruto=440.43, pro_precio_compra_neto=370.109243697479 WHERE pro_codigo_plu=780721311','',2,'2013-07-08'),(36038,'UPDATE mae_productos SET pro_precio_venta=1850,pro_margen_actual=32.3, pro_precio_compra_bruto=1398.33, pro_precio_compra_neto=1175.06722689076 WHERE pro_codigo_plu=763347','',2,'2013-07-08'),(36039,'UPDATE mae_productos SET pro_precio_venta=299,pro_margen_actual=48.24, pro_precio_compra_bruto=201.7, pro_precio_compra_neto=169.495798319328 WHERE pro_codigo_plu=20847','',2,'2013-07-08'),(36040,'UPDATE mae_productos SET pro_precio_fiscal=pro_precio_venta WHERE pro_codigo_plu=763891','',2,'2013-07-08'),(36041,'UPDATE mae_productos SET pro_precio_fiscal=pro_precio_venta WHERE pro_codigo_plu=780721317','',2,'2013-07-08'),(36042,'UPDATE mae_productos SET pro_precio_fiscal=pro_precio_venta WHERE pro_codigo_plu=762306','',2,'2013-07-08'),(36043,'UPDATE mae_productos SET pro_precio_fiscal=pro_precio_venta WHERE pro_codigo_plu=262556','',2,'2013-07-08'),(36044,'UPDATE mae_productos SET pro_precio_fiscal=pro_precio_venta WHERE pro_codigo_plu=780721327','',2,'2013-07-08'),(36045,'UPDATE mae_productos SET pro_precio_fiscal=pro_precio_venta WHERE pro_codigo_plu=780721326','',2,'2013-07-08'),(36046,'UPDATE mae_productos SET pro_precio_fiscal=pro_precio_venta WHERE pro_codigo_plu=780721313','',2,'2013-07-08'),(36047,'UPDATE mae_productos SET pro_precio_fiscal=pro_precio_venta WHERE pro_codigo_plu=780721324','',2,'2013-07-08'),(36048,'UPDATE mae_productos SET pro_precio_fiscal=pro_precio_venta WHERE pro_codigo_plu=780721316','',2,'2013-07-08'),(36049,'UPDATE mae_productos SET pro_precio_fiscal=pro_precio_venta WHERE pro_codigo_plu=763722','',2,'2013-07-08'),(36050,'UPDATE mae_productos SET pro_precio_fiscal=pro_precio_venta WHERE pro_codigo_plu=763721','',2,'2013-07-08'),(36051,'UPDATE mae_productos SET pro_precio_fiscal=pro_precio_venta WHERE pro_codigo_plu=20698','',2,'2013-07-08'),(36052,'UPDATE mae_productos SET pro_precio_fiscal=pro_precio_venta WHERE pro_codigo_plu=100824','',2,'2013-07-08'),(36053,'UPDATE mae_productos SET pro_precio_fiscal=pro_precio_venta WHERE pro_codigo_plu=11546','',2,'2013-07-08'),(36054,'UPDATE mae_productos SET pro_precio_fiscal=pro_precio_venta WHERE pro_codigo_plu=11559','',2,'2013-07-08'),(36055,'UPDATE mae_productos SET pro_precio_fiscal=pro_precio_venta WHERE pro_codigo_plu=11548','',2,'2013-07-08'),(36056,'UPDATE mae_productos SET pro_precio_fiscal=pro_precio_venta WHERE pro_codigo_plu=11564','',2,'2013-07-08'),(36057,'UPDATE mae_productos SET pro_precio_fiscal=pro_precio_venta WHERE pro_codigo_plu=101727','',2,'2013-07-08'),(36058,'UPDATE mae_productos SET pro_precio_fiscal=pro_precio_venta WHERE pro_codigo_plu=100827','',2,'2013-07-08'),(36059,'UPDATE mae_productos SET pro_precio_fiscal=pro_precio_venta WHERE pro_codigo_plu=100784','',2,'2013-07-08'),(36060,'UPDATE mae_productos SET pro_precio_fiscal=pro_precio_venta WHERE pro_codigo_plu=761558','',2,'2013-07-08'),(36061,'UPDATE mae_productos SET pro_precio_fiscal=pro_precio_venta WHERE pro_codigo_plu=780721315','',2,'2013-07-08'),(36062,'UPDATE mae_productos SET pro_precio_fiscal=pro_precio_venta WHERE pro_codigo_plu=761557','',2,'2013-07-08'),(36063,'UPDATE mae_productos SET pro_precio_fiscal=pro_precio_venta WHERE pro_codigo_plu=780721314','',2,'2013-07-08'),(36064,'UPDATE mae_productos SET pro_precio_fiscal=pro_precio_venta WHERE pro_codigo_plu=780721310','',2,'2013-07-08'),(36065,'UPDATE mae_productos SET pro_precio_fiscal=pro_precio_venta WHERE pro_codigo_plu=763347','',2,'2013-07-08'),(36066,'UPDATE mae_productos SET pro_precio_fiscal=pro_precio_venta WHERE pro_codigo_plu=262056','',2,'2013-07-08'),(36067,'UPDATE mae_productos SET pro_precio_fiscal=pro_precio_venta WHERE pro_codigo_plu=11335','',2,'2013-07-08'),(36068,'UPDATE mae_productos SET pro_precio_fiscal=pro_precio_venta WHERE pro_codigo_plu=11307','',2,'2013-07-08'),(36069,'UPDATE mae_productos SET pro_precio_fiscal=pro_precio_venta WHERE pro_codigo_plu=780721311','',2,'2013-07-08'),(36070,'UPDATE mae_productos SET pro_precio_fiscal=pro_precio_venta WHERE pro_codigo_plu=780721318','',2,'2013-07-08'),(36071,'UPDATE mae_productos SET pro_precio_fiscal=pro_precio_venta WHERE pro_codigo_plu=780721319','',2,'2013-07-08'),(36072,'UPDATE mae_productos SET pro_precio_fiscal=pro_precio_venta WHERE pro_codigo_plu=780721320','',2,'2013-07-08'),(36073,'UPDATE mae_productos SET pro_precio_fiscal=pro_precio_venta WHERE pro_codigo_plu=780721321','',2,'2013-07-08'),(36074,'UPDATE mae_productos SET pro_precio_fiscal=pro_precio_venta WHERE pro_codigo_plu=780721322','',2,'2013-07-08'),(36075,'UPDATE mae_productos SET pro_precio_fiscal=pro_precio_venta WHERE pro_codigo_plu=780721323','',2,'2013-07-08'),(36076,'UPDATE mae_productos SET pro_precio_fiscal=pro_precio_venta WHERE pro_codigo_plu=780721325','',2,'2013-07-08'),(36077,'UPDATE mae_productos SET pro_precio_fiscal=pro_precio_venta WHERE pro_codigo_plu=20847','',2,'2013-07-08'),(36078,'INSERT INTO gne_vale_ferreteria (vfe_id,vfe_fecha,vfe_total,vfe_estado,vfe_entregado,usu_nusuario) VALUES (4770,@@@2013.07.08@@@,320,1,0,@@@G_DIAZ@@@)','',2,'2013-07-08'),(36079,'INSERT INTO gne_vale_ferreteria_mov (vfe_id,pro_codigo_plu,vfm_cantidad,vfm_unitario,vfm_total,vfm_entregado) VALUES (4770,764823,4,80,320,@@@NO@@@)','',2,'2013-07-08'),(36080,'INSERT INTO gne_vale_ferreteria (vfe_id,vfe_fecha,vfe_total,vfe_estado,vfe_entregado,usu_nusuario) VALUES (4771,@@@2013.07.08@@@,210,1,0,@@@G_DIAZ@@@)','',2,'2013-07-08'),(36081,'INSERT INTO gne_vale_ferreteria_mov (vfe_id,pro_codigo_plu,vfm_cantidad,vfm_unitario,vfm_total,vfm_entregado) VALUES (4771,78017026,1,90,90,@@@NO@@@)','',2,'2013-07-08'),(36082,'INSERT INTO gne_vale_ferreteria_mov (vfe_id,pro_codigo_plu,vfm_cantidad,vfm_unitario,vfm_total,vfm_entregado) VALUES (4771,78017006,1,120,120,@@@NO@@@)','',2,'2013-07-08'),(36083,'INSERT INTO gne_vale_ferreteria (vfe_id,vfe_fecha,vfe_total,vfe_estado,vfe_entregado,usu_nusuario) VALUES (4772,@@@2013.07.08@@@,80,1,0,@@@G_DIAZ@@@)','',2,'2013-07-08'),(36084,'INSERT INTO gne_vale_ferreteria_mov (vfe_id,pro_codigo_plu,vfm_cantidad,vfm_unitario,vfm_total,vfm_entregado) VALUES (4772,764823,1,80,80,@@@NO@@@)','',2,'2013-07-08'),(36085,'INSERT INTO gne_vale_ferreteria (vfe_id,vfe_fecha,vfe_total,vfe_estado,vfe_entregado,usu_nusuario) VALUES (4773,@@@2013.07.08@@@,300,1,0,@@@G_DIAZ@@@)','',2,'2013-07-08'),(36086,'INSERT INTO gne_vale_ferreteria_mov (vfe_id,pro_codigo_plu,vfm_cantidad,vfm_unitario,vfm_total,vfm_entregado) VALUES (4773,2004,1,300,300,@@@NO@@@)','',2,'2013-07-08'),(36087,'INSERT INTO gne_vale_ferreteria (vfe_id,vfe_fecha,vfe_total,vfe_estado,vfe_entregado,usu_nusuario) VALUES (4774,@@@2013.07.08@@@,120,1,0,@@@G_DIAZ@@@)','',2,'2013-07-08'),(36088,'INSERT INTO gne_vale_ferreteria_mov (vfe_id,pro_codigo_plu,vfm_cantidad,vfm_unitario,vfm_total,vfm_entregado) VALUES (4774,78017004,1,120,120,@@@NO@@@)','',2,'2013-07-08'),(36089,'INSERT INTO gne_vale_ferreteria (vfe_id,vfe_fecha,vfe_total,vfe_estado,vfe_entregado,usu_nusuario) VALUES (4775,@@@2013.07.08@@@,2490,1,0,@@@G_DIAZ@@@)','',2,'2013-07-08'),(36090,'INSERT INTO gne_vale_ferreteria_mov (vfe_id,pro_codigo_plu,vfm_cantidad,vfm_unitario,vfm_total,vfm_entregado) VALUES (4775,780721317,1,2490,2490,@@@NO@@@)','',2,'2013-07-08'),(36091,'INSERT INTO gne_vale_ferreteria (vfe_id,vfe_fecha,vfe_total,vfe_estado,vfe_entregado,usu_nusuario) VALUES (4776,@@@2013.07.08@@@,980,1,0,@@@G_DIAZ@@@)','',2,'2013-07-08'),(36092,'INSERT INTO gne_vale_ferreteria_mov (vfe_id,pro_codigo_plu,vfm_cantidad,vfm_unitario,vfm_total,vfm_entregado) VALUES (4776,764427,2,490,980,@@@NO@@@)','',2,'2013-07-08'),(36093,'INSERT INTO gne_vale_ferreteria (vfe_id,vfe_fecha,vfe_total,vfe_estado,vfe_entregado,usu_nusuario) VALUES (4777,@@@2013.07.08@@@,290,1,0,@@@G_DIAZ@@@)','',2,'2013-07-08'),(36094,'INSERT INTO gne_vale_ferreteria_mov (vfe_id,pro_codigo_plu,vfm_cantidad,vfm_unitario,vfm_total,vfm_entregado) VALUES (4777,78017027,4,50,200,@@@NO@@@)','',2,'2013-07-08'),(36095,'INSERT INTO gne_vale_ferreteria_mov (vfe_id,pro_codigo_plu,vfm_cantidad,vfm_unitario,vfm_total,vfm_entregado) VALUES (4777,78017026,1,90,90,@@@NO@@@)','',2,'2013-07-08'),(36096,'INSERT INTO gne_vale_ferreteria (vfe_id,vfe_fecha,vfe_total,vfe_estado,vfe_entregado,usu_nusuario) VALUES (4778,@@@2013.07.08@@@,820,1,0,@@@G_DIAZ@@@)','',2,'2013-07-08'),(36097,'INSERT INTO gne_vale_ferreteria_mov (vfe_id,pro_codigo_plu,vfm_cantidad,vfm_unitario,vfm_total,vfm_entregado) VALUES (4778,78017145,2,290,580,@@@NO@@@)','',2,'2013-07-08'),(36098,'INSERT INTO gne_vale_ferreteria_mov (vfe_id,pro_codigo_plu,vfm_cantidad,vfm_unitario,vfm_total,vfm_entregado) VALUES (4778,78017006,2,120,240,@@@NO@@@)','',2,'2013-07-08'),(36099,'INSERT INTO gne_vale_ferreteria (vfe_id,vfe_fecha,vfe_total,vfe_estado,vfe_entregado,usu_nusuario) VALUES (4779,@@@2013.07.08@@@,580,1,0,@@@G_DIAZ@@@)','',2,'2013-07-08'),(36100,'INSERT INTO gne_vale_ferreteria_mov (vfe_id,pro_codigo_plu,vfm_cantidad,vfm_unitario,vfm_total,vfm_entregado) VALUES (4779,78017145,2,290,580,@@@NO@@@)','',2,'2013-07-08'),(36101,'INSERT INTO gne_vale_ferreteria (vfe_id,vfe_fecha,vfe_total,vfe_estado,vfe_entregado,usu_nusuario) VALUES (4780,@@@2013.07.08@@@,1180,1,0,@@@G_DIAZ@@@)','',2,'2013-07-08'),(36102,'INSERT INTO gne_vale_ferreteria_mov (vfe_id,pro_codigo_plu,vfm_cantidad,vfm_unitario,vfm_total,vfm_entregado) VALUES (4780,78017026,1,90,90,@@@NO@@@)','',2,'2013-07-08'),(36103,'INSERT INTO gne_vale_ferreteria_mov (vfe_id,pro_codigo_plu,vfm_cantidad,vfm_unitario,vfm_total,vfm_entregado) VALUES (4780,4091,1,250,250,@@@NO@@@)','',2,'2013-07-08'),(36104,'INSERT INTO gne_vale_ferreteria_mov (vfe_id,pro_codigo_plu,vfm_cantidad,vfm_unitario,vfm_total,vfm_entregado) VALUES (4780,763791,1,590,590,@@@NO@@@)','',2,'2013-07-08'),(36105,'INSERT INTO gne_vale_ferreteria_mov (vfe_id,pro_codigo_plu,vfm_cantidad,vfm_unitario,vfm_total,vfm_entregado) VALUES (4780,763802,1,250,250,@@@NO@@@)','',2,'2013-07-08'),(36106,'INSERT INTO gne_vale_ferreteria (vfe_id,vfe_fecha,vfe_total,vfe_estado,vfe_entregado,usu_nusuario) VALUES (4781,@@@2013.07.08@@@,440,1,0,@@@G_DIAZ@@@)','',2,'2013-07-08'),(36107,'INSERT INTO gne_vale_ferreteria_mov (vfe_id,pro_codigo_plu,vfm_cantidad,vfm_unitario,vfm_total,vfm_entregado) VALUES (4781,78017027,4,50,200,@@@NO@@@)','',2,'2013-07-08'),(36108,'INSERT INTO gne_vale_ferreteria_mov (vfe_id,pro_codigo_plu,vfm_cantidad,vfm_unitario,vfm_total,vfm_entregado) VALUES (4781,78017006,2,120,240,@@@NO@@@)','',2,'2013-07-08'),(36109,'INSERT INTO gne_vale_ferreteria (vfe_id,vfe_fecha,vfe_total,vfe_estado,vfe_entregado,usu_nusuario) VALUES (4782,@@@2013.07.08@@@,270,1,0,@@@G_DIAZ@@@)','',2,'2013-07-08'),(36110,'INSERT INTO gne_vale_ferreteria_mov (vfe_id,pro_codigo_plu,vfm_cantidad,vfm_unitario,vfm_total,vfm_entregado) VALUES (4782,78017026,3,90,270,@@@NO@@@)','',2,'2013-07-08'),(36111,'INSERT INTO gne_vale_ferreteria (vfe_id,vfe_fecha,vfe_total,vfe_estado,vfe_entregado,usu_nusuario) VALUES (4783,@@@2013.07.08@@@,150,1,0,@@@G_DIAZ@@@)','',2,'2013-07-08'),(36112,'INSERT INTO gne_vale_ferreteria_mov (vfe_id,pro_codigo_plu,vfm_cantidad,vfm_unitario,vfm_total,vfm_entregado) VALUES (4783,78017027,3,50,150,@@@NO@@@)','',2,'2013-07-08'),(36113,'INSERT INTO gne_vale_ferreteria (vfe_id,vfe_fecha,vfe_total,vfe_estado,vfe_entregado,usu_nusuario) VALUES (4784,@@@2013.07.08@@@,230,1,0,@@@G_DIAZ@@@)','',2,'2013-07-08'),(36114,'INSERT INTO gne_vale_ferreteria_mov (vfe_id,pro_codigo_plu,vfm_cantidad,vfm_unitario,vfm_total,vfm_entregado) VALUES (4784,770001,1,80,80,@@@NO@@@)','',2,'2013-07-08'),(36115,'INSERT INTO gne_vale_ferreteria_mov (vfe_id,pro_codigo_plu,vfm_cantidad,vfm_unitario,vfm_total,vfm_entregado) VALUES (4784,78017027,3,50,150,@@@NO@@@)','',2,'2013-07-08'),(36116,'INSERT INTO gne_vale_ferreteria (vfe_id,vfe_fecha,vfe_total,vfe_estado,vfe_entregado,usu_nusuario) VALUES (4785,@@@2013.07.08@@@,1480,1,0,@@@G_DIAZ@@@)','',2,'2013-07-08'),(36117,'INSERT INTO gne_vale_ferreteria_mov (vfe_id,pro_codigo_plu,vfm_cantidad,vfm_unitario,vfm_total,vfm_entregado) VALUES (4785,780721291,1,390,390,@@@NO@@@)','',2,'2013-07-08'),(36118,'INSERT INTO gne_vale_ferreteria_mov (vfe_id,pro_codigo_plu,vfm_cantidad,vfm_unitario,vfm_total,vfm_entregado) VALUES (4785,101097,1,890,890,@@@NO@@@)','',2,'2013-07-08'),(36119,'INSERT INTO gne_vale_ferreteria_mov (vfe_id,pro_codigo_plu,vfm_cantidad,vfm_unitario,vfm_total,vfm_entregado) VALUES (4785,1542,2,100,200,@@@NO@@@)','',2,'2013-07-08'),(36120,'INSERT INTO gne_vale_ferreteria (vfe_id,vfe_fecha,vfe_total,vfe_estado,vfe_entregado,usu_nusuario) VALUES (4786,@@@2013.07.08@@@,1380,1,0,@@@G_DIAZ@@@)','',2,'2013-07-08'),(36121,'INSERT INTO gne_vale_ferreteria_mov (vfe_id,pro_codigo_plu,vfm_cantidad,vfm_unitario,vfm_total,vfm_entregado) VALUES (4786,764045,1,990,990,@@@NO@@@)','',2,'2013-07-08'),(36122,'INSERT INTO gne_vale_ferreteria_mov (vfe_id,pro_codigo_plu,vfm_cantidad,vfm_unitario,vfm_total,vfm_entregado) VALUES (4786,764846,1,390,390,@@@NO@@@)','',2,'2013-07-08'),(36123,'INSERT INTO gne_vale_ferreteria (vfe_id,vfe_fecha,vfe_total,vfe_estado,vfe_entregado,usu_nusuario) VALUES (4787,@@@2013.07.08@@@,410,1,0,@@@G_DIAZ@@@)','',2,'2013-07-08'),(36124,'INSERT INTO gne_vale_ferreteria_mov (vfe_id,pro_codigo_plu,vfm_cantidad,vfm_unitario,vfm_total,vfm_entregado) VALUES (4787,78017154,1,120,120,@@@NO@@@)','',2,'2013-07-08'),(36125,'INSERT INTO gne_vale_ferreteria_mov (vfe_id,pro_codigo_plu,vfm_cantidad,vfm_unitario,vfm_total,vfm_entregado) VALUES (4787,1559,1,290,290,@@@NO@@@)','',2,'2013-07-08'),(36126,'INSERT INTO gne_vale_ferreteria (vfe_id,vfe_fecha,vfe_total,vfe_estado,vfe_entregado,usu_nusuario) VALUES (4788,@@@2013.07.08@@@,1890,1,0,@@@G_DIAZ@@@)','',2,'2013-07-08'),(36127,'INSERT INTO gne_vale_ferreteria_mov (vfe_id,pro_codigo_plu,vfm_cantidad,vfm_unitario,vfm_total,vfm_entregado) VALUES (4788,763780,1,1890,1890,@@@NO@@@)','',2,'2013-07-08'),(36128,'INSERT INTO gne_vale_ferreteria (vfe_id,vfe_fecha,vfe_total,vfe_estado,vfe_entregado,usu_nusuario) VALUES (4789,@@@2013.07.08@@@,120,1,0,@@@G_DIAZ@@@)','',2,'2013-07-08'),(36129,'INSERT INTO gne_vale_ferreteria_mov (vfe_id,pro_codigo_plu,vfm_cantidad,vfm_unitario,vfm_total,vfm_entregado) VALUES (4789,78017002,1,120,120,@@@NO@@@)','',2,'2013-07-08'),(36130,'INSERT INTO gne_vale_ferreteria (vfe_id,vfe_fecha,vfe_total,vfe_estado,vfe_entregado,usu_nusuario) VALUES (4790,@@@2013.07.08@@@,890,1,0,@@@G_DIAZ@@@)','',2,'2013-07-08'),(36131,'INSERT INTO gne_vale_ferreteria_mov (vfe_id,pro_codigo_plu,vfm_cantidad,vfm_unitario,vfm_total,vfm_entregado) VALUES (4790,2014,1,890,890,@@@NO@@@)','',2,'2013-07-08'),(36132,'INSERT INTO gne_vale_ferreteria (vfe_id,vfe_fecha,vfe_total,vfe_estado,vfe_entregado,usu_nusuario) VALUES (4791,@@@2013.07.08@@@,300,1,0,@@@G_DIAZ@@@)','',2,'2013-07-08'),(36133,'INSERT INTO gne_vale_ferreteria_mov (vfe_id,pro_codigo_plu,vfm_cantidad,vfm_unitario,vfm_total,vfm_entregado) VALUES (4791,2004,1,300,300,@@@NO@@@)','',2,'2013-07-08'),(36134,'INSERT INTO gne_vale_ferreteria (vfe_id,vfe_fecha,vfe_total,vfe_estado,vfe_entregado,usu_nusuario) VALUES (4792,@@@2013.07.08@@@,50,1,0,@@@G_DIAZ@@@)','',2,'2013-07-08'),(36135,'INSERT INTO gne_vale_ferreteria_mov (vfe_id,pro_codigo_plu,vfm_cantidad,vfm_unitario,vfm_total,vfm_entregado) VALUES (4792,764383,1,50,50,@@@NO@@@)','',2,'2013-07-08'),(36136,'INSERT INTO gne_vale_ferreteria (vfe_id,vfe_fecha,vfe_total,vfe_estado,vfe_entregado,usu_nusuario) VALUES (4793,@@@2013.07.08@@@,120,1,0,@@@G_DIAZ@@@)','',2,'2013-07-08'),(36137,'INSERT INTO gne_vale_ferreteria_mov (vfe_id,pro_codigo_plu,vfm_cantidad,vfm_unitario,vfm_total,vfm_entregado) VALUES (4793,78017002,1,120,120,@@@NO@@@)','',2,'2013-07-08'),(36138,'INSERT INTO gne_vale_ferreteria (vfe_id,vfe_fecha,vfe_total,vfe_estado,vfe_entregado,usu_nusuario) VALUES (4794,@@@2013.07.08@@@,670,1,0,@@@G_DIAZ@@@)','',2,'2013-07-08'),(36139,'INSERT INTO gne_vale_ferreteria_mov (vfe_id,pro_codigo_plu,vfm_cantidad,vfm_unitario,vfm_total,vfm_entregado) VALUES (4794,8022,1,120,120,@@@NO@@@)','',2,'2013-07-08'),(36140,'INSERT INTO gne_vale_ferreteria_mov (vfe_id,pro_codigo_plu,vfm_cantidad,vfm_unitario,vfm_total,vfm_entregado) VALUES (4794,765072,1,200,200,@@@NO@@@)','',2,'2013-07-08'),(36141,'INSERT INTO gne_vale_ferreteria_mov (vfe_id,pro_codigo_plu,vfm_cantidad,vfm_unitario,vfm_total,vfm_entregado) VALUES (4794,780721239,1,150,150,@@@NO@@@)','',2,'2013-07-08'),(36142,'INSERT INTO gne_vale_ferreteria_mov (vfe_id,pro_codigo_plu,vfm_cantidad,vfm_unitario,vfm_total,vfm_entregado) VALUES (4794,764572,2,100,200,@@@NO@@@)','',2,'2013-07-08'),(36143,'INSERT INTO gne_vale_ferreteria (vfe_id,vfe_fecha,vfe_total,vfe_estado,vfe_entregado,usu_nusuario) VALUES (4795,@@@2013.07.08@@@,3680,1,0,@@@G_DIAZ@@@)','',2,'2013-07-08'),(36144,'INSERT INTO gne_vale_ferreteria_mov (vfe_id,pro_codigo_plu,vfm_cantidad,vfm_unitario,vfm_total,vfm_entregado) VALUES (4795,780220139,2,250,500,@@@NO@@@)','',2,'2013-07-08'),(36145,'INSERT INTO gne_vale_ferreteria_mov (vfe_id,pro_codigo_plu,vfm_cantidad,vfm_unitario,vfm_total,vfm_entregado) VALUES (4795,101623,1,1890,1890,@@@NO@@@)','',2,'2013-07-08'),(36146,'INSERT INTO gne_vale_ferreteria_mov (vfe_id,pro_codigo_plu,vfm_cantidad,vfm_unitario,vfm_total,vfm_entregado) VALUES (4795,764845,1,1290,1290,@@@NO@@@)','',2,'2013-07-08'),(36147,'INSERT INTO gne_vale_ferreteria (vfe_id,vfe_fecha,vfe_total,vfe_estado,vfe_entregado,usu_nusuario) VALUES (4796,@@@2013.07.08@@@,240,1,0,@@@G_DIAZ@@@)','',2,'2013-07-08'),(36148,'INSERT INTO gne_vale_ferreteria_mov (vfe_id,pro_codigo_plu,vfm_cantidad,vfm_unitario,vfm_total,vfm_entregado) VALUES (4796,78017006,2,120,240,@@@NO@@@)','',2,'2013-07-08'),(36149,'INSERT INTO gne_vale_ferreteria (vfe_id,vfe_fecha,vfe_total,vfe_estado,vfe_entregado,usu_nusuario) VALUES (4797,@@@2013.07.08@@@,580,1,0,@@@G_DIAZ@@@)','',2,'2013-07-08'),(36150,'INSERT INTO gne_vale_ferreteria_mov (vfe_id,pro_codigo_plu,vfm_cantidad,vfm_unitario,vfm_total,vfm_entregado) VALUES (4797,12083,1,260,260,@@@NO@@@)','',2,'2013-07-08'),(36151,'INSERT INTO gne_vale_ferreteria_mov (vfe_id,pro_codigo_plu,vfm_cantidad,vfm_unitario,vfm_total,vfm_entregado) VALUES (4797,1069,1,200,200,@@@NO@@@)','',2,'2013-07-08'),(36152,'INSERT INTO gne_vale_ferreteria_mov (vfe_id,pro_codigo_plu,vfm_cantidad,vfm_unitario,vfm_total,vfm_entregado) VALUES (4797,1064,1,120,120,@@@NO@@@)','',2,'2013-07-08'),(36153,'INSERT INTO gne_vale_ferreteria (vfe_id,vfe_fecha,vfe_total,vfe_estado,vfe_entregado,usu_nusuario) VALUES (4798,@@@2013.07.08@@@,240,1,0,@@@G_DIAZ@@@)','',2,'2013-07-08'),(36154,'INSERT INTO gne_vale_ferreteria_mov (vfe_id,pro_codigo_plu,vfm_cantidad,vfm_unitario,vfm_total,vfm_entregado) VALUES (4798,78017191,6,40,240,@@@NO@@@)','',2,'2013-07-08'),(36155,'INSERT INTO gne_vale_ferreteria (vfe_id,vfe_fecha,vfe_total,vfe_estado,vfe_entregado,usu_nusuario) VALUES (4799,@@@2013.07.08@@@,580,1,0,@@@G_DIAZ@@@)','',2,'2013-07-08'),(36156,'INSERT INTO gne_vale_ferreteria_mov (vfe_id,pro_codigo_plu,vfm_cantidad,vfm_unitario,vfm_total,vfm_entregado) VALUES (4799,78017145,2,290,580,@@@NO@@@)','',2,'2013-07-08'),(36157,'UPDATE mae_productos SET pro_precio_venta=355,pro_margen_actual=30.84, pro_precio_compra_bruto=271.32, pro_precio_compra_neto=228 WHERE pro_codigo_plu=10976','',2,'2013-07-08'),(36158,'UPDATE mae_productos SET pro_precio_venta=180,pro_margen_actual=54.83, pro_precio_compra_bruto=116.26, pro_precio_compra_neto=97.6974789915967 WHERE pro_codigo_plu=11181','',2,'2013-07-08'),(36159,'UPDATE mae_productos SET pro_precio_venta=180,pro_margen_actual=54.83, pro_precio_compra_bruto=116.26, pro_precio_compra_neto=97.6974789915967 WHERE pro_codigo_plu=11304','',2,'2013-07-08'),(36160,'UPDATE mae_productos SET pro_precio_venta=180,pro_margen_actual=54.83, pro_precio_compra_bruto=116.26, pro_precio_compra_neto=97.6974789915967 WHERE pro_codigo_plu=11398','',2,'2013-07-08'),(36161,'INSERT INTO gne_vale_ferreteria (vfe_id,vfe_fecha,vfe_total,vfe_estado,vfe_entregado,usu_nusuario) VALUES (4800,@@@2013.07.08@@@,400,1,0,@@@G_DIAZ@@@)','',2,'2013-07-08'),(36162,'INSERT INTO gne_vale_ferreteria_mov (vfe_id,pro_codigo_plu,vfm_cantidad,vfm_unitario,vfm_total,vfm_entregado) VALUES (4800,78017131,2,200,400,@@@NO@@@)','',2,'2013-07-08'),(36163,'UPDATE mae_productos SET pro_precio_compra_bruto=271.32,pro_margen_actual=(pro_precio_venta-271.32)/271.32 * 100,pro_ultima_compra=@@@2013.07.08@@@,pro_ultimo_proveedor=@@@96565260-4@@@ WHERE pro_codigo_plu=10976','',2,'2013-07-08'),(36164,'UPDATE mae_productos SET pro_precio_compra_bruto=950.081,pro_margen_actual=(pro_precio_venta-950.081)/950.081 * 100,pro_ultima_compra=@@@2013.07.08@@@,pro_ultimo_proveedor=@@@96565260-4@@@ WHERE pro_codigo_plu=102653','',2,'2013-07-08'),(36165,'UPDATE mae_productos SET pro_precio_compra_bruto=498.61,pro_margen_actual=(pro_precio_venta-498.61)/498.61 * 100,pro_ultima_compra=@@@2013.07.08@@@,pro_ultimo_proveedor=@@@96565260-4@@@ WHERE pro_codigo_plu=10977','',2,'2013-07-08'),(36166,'UPDATE mae_productos SET pro_precio_compra_bruto=330.82,pro_margen_actual=(pro_precio_venta-330.82)/330.82 * 100,pro_ultima_compra=@@@2013.07.08@@@,pro_ultimo_proveedor=@@@96565260-4@@@ WHERE pro_codigo_plu=14403','',2,'2013-07-08'),(36167,'UPDATE mae_productos SET pro_precio_compra_bruto=116.28,pro_margen_actual=(pro_precio_venta-116.28)/116.28 * 100,pro_ultima_compra=@@@2013.07.08@@@,pro_ultimo_proveedor=@@@96565260-4@@@ WHERE pro_codigo_plu=11183','',2,'2013-07-08'),(36168,'UPDATE mae_productos SET pro_precio_compra_bruto=116.28,pro_margen_actual=(pro_precio_venta-116.28)/116.28 * 100,pro_ultima_compra=@@@2013.07.08@@@,pro_ultimo_proveedor=@@@96565260-4@@@ WHERE pro_codigo_plu=11184','',2,'2013-07-08'),(36169,'UPDATE mae_productos SET pro_precio_compra_bruto=116.26,pro_margen_actual=(pro_precio_venta-116.26)/116.26 * 100,pro_ultima_compra=@@@2013.07.08@@@,pro_ultimo_proveedor=@@@96565260-4@@@ WHERE pro_codigo_plu=11181','',2,'2013-07-08'),(36170,'UPDATE mae_productos SET pro_precio_compra_bruto=116.26,pro_margen_actual=(pro_precio_venta-116.26)/116.26 * 100,pro_ultima_compra=@@@2013.07.08@@@,pro_ultimo_proveedor=@@@96565260-4@@@ WHERE pro_codigo_plu=11182','',2,'2013-07-08'),(36171,'UPDATE mae_productos SET pro_precio_compra_bruto=116.26,pro_margen_actual=(pro_precio_venta-116.26)/116.26 * 100,pro_ultima_compra=@@@2013.07.08@@@,pro_ultimo_proveedor=@@@96565260-4@@@ WHERE pro_codigo_plu=11304','',2,'2013-07-08'),(36172,'UPDATE mae_productos SET pro_precio_compra_bruto=116.26,pro_margen_actual=(pro_precio_venta-116.26)/116.26 * 100,pro_ultima_compra=@@@2013.07.08@@@,pro_ultimo_proveedor=@@@96565260-4@@@ WHERE pro_codigo_plu=11398','',2,'2013-07-08'),(36173,'UPDATE mae_productos SET pro_precio_compra_bruto=116.28,pro_margen_actual=(pro_precio_venta-116.28)/116.28 * 100,pro_ultima_compra=@@@2013.07.08@@@,pro_ultimo_proveedor=@@@96565260-4@@@ WHERE pro_codigo_plu=11180','',2,'2013-07-08'),(36174,'INSERT INTO gne_vale_ferreteria (vfe_id,vfe_fecha,vfe_total,vfe_estado,vfe_entregado,usu_nusuario) VALUES (4801,@@@2013.07.08@@@,960,1,0,@@@G_DIAZ@@@)','',2,'2013-07-08'),(36175,'INSERT INTO gne_vale_ferreteria_mov (vfe_id,pro_codigo_plu,vfm_cantidad,vfm_unitario,vfm_total,vfm_entregado) VALUES (4801,15935,2,480,960,@@@NO@@@)','',2,'2013-07-08'),(36176,'INSERT INTO gne_vale_ferreteria (vfe_id,vfe_fecha,vfe_total,vfe_estado,vfe_entregado,usu_nusuario) VALUES (4802,@@@2013.07.08@@@,350,1,0,@@@G_DIAZ@@@)','',2,'2013-07-08'),(36177,'INSERT INTO gne_vale_ferreteria_mov (vfe_id,pro_codigo_plu,vfm_cantidad,vfm_unitario,vfm_total,vfm_entregado) VALUES (4802,102408,1,350,350,@@@NO@@@)','',2,'2013-07-08'),(36178,'INSERT INTO gne_vale_ferreteria (vfe_id,vfe_fecha,vfe_total,vfe_estado,vfe_entregado,usu_nusuario) VALUES (4803,@@@2013.07.08@@@,160,1,0,@@@G_DIAZ@@@)','',2,'2013-07-08'),(36179,'INSERT INTO gne_vale_ferreteria_mov (vfe_id,pro_codigo_plu,vfm_cantidad,vfm_unitario,vfm_total,vfm_entregado) VALUES (4803,770001,2,80,160,@@@NO@@@)','',2,'2013-07-08'),(36180,'INSERT INTO gne_vale_ferreteria (vfe_id,vfe_fecha,vfe_total,vfe_estado,vfe_entregado,usu_nusuario) VALUES (4804,@@@2013.07.08@@@,510,1,0,@@@G_DIAZ@@@)','',2,'2013-07-08'),(36181,'INSERT INTO gne_vale_ferreteria_mov (vfe_id,pro_codigo_plu,vfm_cantidad,vfm_unitario,vfm_total,vfm_entregado) VALUES (4804,78017026,3,90,270,@@@NO@@@)','',2,'2013-07-08'),(36182,'INSERT INTO gne_vale_ferreteria_mov (vfe_id,pro_codigo_plu,vfm_cantidad,vfm_unitario,vfm_total,vfm_entregado) VALUES (4804,770001,3,80,240,@@@NO@@@)','',2,'2013-07-08'),(36183,'INSERT INTO gne_vale_ferreteria (vfe_id,vfe_fecha,vfe_total,vfe_estado,vfe_entregado,usu_nusuario) VALUES (4805,@@@2013.07.08@@@,350,1,0,@@@G_DIAZ@@@)','',2,'2013-07-08'),(36184,'INSERT INTO gne_vale_ferreteria_mov (vfe_id,pro_codigo_plu,vfm_cantidad,vfm_unitario,vfm_total,vfm_entregado) VALUES (4805,780721241,1,350,350,@@@NO@@@)','',2,'2013-07-08'),(36185,'INSERT INTO gne_vale_ferreteria (vfe_id,vfe_fecha,vfe_total,vfe_estado,vfe_entregado,usu_nusuario) VALUES (4806,@@@2013.07.08@@@,80,1,0,@@@G_DIAZ@@@)','',2,'2013-07-08'),(36186,'INSERT INTO gne_vale_ferreteria_mov (vfe_id,pro_codigo_plu,vfm_cantidad,vfm_unitario,vfm_total,vfm_entregado) VALUES (4806,770001,1,80,80,@@@NO@@@)','',2,'2013-07-08'),(36187,'INSERT INTO gne_vale_ferreteria (vfe_id,vfe_fecha,vfe_total,vfe_estado,vfe_entregado,usu_nusuario) VALUES (4807,@@@2013.07.08@@@,280,1,0,@@@G_DIAZ@@@)','',2,'2013-07-08'),(36188,'INSERT INTO gne_vale_ferreteria_mov (vfe_id,pro_codigo_plu,vfm_cantidad,vfm_unitario,vfm_total,vfm_entregado) VALUES (4807,78017006,1,120,120,@@@NO@@@)','',2,'2013-07-08'),(36189,'INSERT INTO gne_vale_ferreteria_mov (vfe_id,pro_codigo_plu,vfm_cantidad,vfm_unitario,vfm_total,vfm_entregado) VALUES (4807,770001,2,80,160,@@@NO@@@)','',2,'2013-07-08'),(36190,'INSERT INTO gne_vale_ferreteria (vfe_id,vfe_fecha,vfe_total,vfe_estado,vfe_entregado,usu_nusuario) VALUES (4808,@@@2013.07.08@@@,170,1,0,@@@G_DIAZ@@@)','',2,'2013-07-08'),(36191,'INSERT INTO gne_vale_ferreteria_mov (vfe_id,pro_codigo_plu,vfm_cantidad,vfm_unitario,vfm_total,vfm_entregado) VALUES (4808,78017006,1,120,120,@@@NO@@@)','',2,'2013-07-08'),(36192,'INSERT INTO gne_vale_ferreteria_mov (vfe_id,pro_codigo_plu,vfm_cantidad,vfm_unitario,vfm_total,vfm_entregado) VALUES (4808,770000,1,50,50,@@@NO@@@)','',2,'2013-07-08'),(36193,'INSERT INTO gne_vale_ferreteria (vfe_id,vfe_fecha,vfe_total,vfe_estado,vfe_entregado,usu_nusuario) VALUES (4809,@@@2013.07.08@@@,120,1,0,@@@G_DIAZ@@@)','',2,'2013-07-08'),(36194,'INSERT INTO gne_vale_ferreteria_mov (vfe_id,pro_codigo_plu,vfm_cantidad,vfm_unitario,vfm_total,vfm_entregado) VALUES (4809,78017006,1,120,120,@@@NO@@@)','',2,'2013-07-08'),(36195,'INSERT INTO gne_vale_ferreteria (vfe_id,vfe_fecha,vfe_total,vfe_estado,vfe_entregado,usu_nusuario) VALUES (4810,@@@2013.07.08@@@,120,1,0,@@@G_DIAZ@@@)','',2,'2013-07-08'),(36196,'INSERT INTO gne_vale_ferreteria_mov (vfe_id,pro_codigo_plu,vfm_cantidad,vfm_unitario,vfm_total,vfm_entregado) VALUES (4810,8022,1,120,120,@@@NO@@@)','',2,'2013-07-08'),(36197,'INSERT INTO gne_vale_ferreteria (vfe_id,vfe_fecha,vfe_total,vfe_estado,vfe_entregado,usu_nusuario) VALUES (4811,@@@2013.07.08@@@,280,1,0,@@@G_DIAZ@@@)','',2,'2013-07-08'),(36198,'INSERT INTO gne_vale_ferreteria_mov (vfe_id,pro_codigo_plu,vfm_cantidad,vfm_unitario,vfm_total,vfm_entregado) VALUES (4811,78017006,1,120,120,@@@NO@@@)','',2,'2013-07-08'),(36199,'INSERT INTO gne_vale_ferreteria_mov (vfe_id,pro_codigo_plu,vfm_cantidad,vfm_unitario,vfm_total,vfm_entregado) VALUES (4811,770001,2,80,160,@@@NO@@@)','',2,'2013-07-08'),(36200,'INSERT INTO gne_vale_ferreteria (vfe_id,vfe_fecha,vfe_total,vfe_estado,vfe_entregado,usu_nusuario) VALUES (4812,@@@2013.07.08@@@,160,1,0,@@@G_DIAZ@@@)','',2,'2013-07-08'),(36201,'INSERT INTO gne_vale_ferreteria_mov (vfe_id,pro_codigo_plu,vfm_cantidad,vfm_unitario,vfm_total,vfm_entregado) VALUES (4812,770001,2,80,160,@@@NO@@@)','',2,'2013-07-08'),(36202,'UPDATE gpr_pack_virtual SET pav_nombre=@@@PACK VIENESAS SUPER POLLO 20 UND 2 X $2790@@@,pav_total_pack=2790,pav_total_descuento=390,pav_desde=@@@2013-07-08@@@,pav_hasta=@@@2013-08-08@@@,pav_tipo=@@@PR@@@,pav_precio=0,pav_lleva=0,pav_paga=0,pav_descuento=0,pav_porcentaje=0,pav_oferta_exclusiva=@@@NO@@@,pav_agotar_stock=@@@SI@@@,pav_stock=60,pav_costo=0,pav_margen=0 WHERE pav_id=22','',2,'2013-07-08'),(36203,'DELETE FROM gpr_pack_virtual_mov WHERE pav_id=22','',2,'2013-07-08'),(36204,'DELETE FROM gpr_pack_virtual_horario WHERE pav_id=22','',2,'2013-07-08'),(36205,'INSERT INTO gpr_pack_virtual_mov (pav_id,pro_codigo_plu,pvm_precio,pvm_total,pvm_lleva,pvm_paga,pvm_descuento,pvm_porcentaje,pvm_total_normal,pvm_descuento_linea,pvm_costo,pvm_margen) VALUES (22,18557,1590,2790,2,1.7547,0.2453,0,3180,390,0,0)','',2,'2013-07-08'),(36206,'INSERT INTO gpr_pack_virtual_horario (pav_id,pvh_dia,pvh_hora_desde,pvh_hora_hasta) VALUES (22,99,@@@00:00@@@,@@@23:59@@@)','',2,'2013-07-08'),(36207,'INSERT INTO gne_vale_ferreteria (vfe_id,vfe_fecha,vfe_total,vfe_estado,vfe_entregado,usu_nusuario) VALUES (4813,@@@2013.07.08@@@,1080,1,0,@@@G_DIAZ@@@)','',2,'2013-07-08'),(36208,'INSERT INTO gne_vale_ferreteria_mov (vfe_id,pro_codigo_plu,vfm_cantidad,vfm_unitario,vfm_total,vfm_entregado) VALUES (4813,19916,2,540,1080,@@@NO@@@)','',2,'2013-07-08'),(36209,'INSERT INTO gne_vale_ferreteria (vfe_id,vfe_fecha,vfe_total,vfe_estado,vfe_entregado,usu_nusuario) VALUES (4814,@@@2013.07.08@@@,780,1,0,@@@G_DIAZ@@@)','',2,'2013-07-08'),(36210,'INSERT INTO gne_vale_ferreteria_mov (vfe_id,pro_codigo_plu,vfm_cantidad,vfm_unitario,vfm_total,vfm_entregado) VALUES (4814,15967,6,130,780,@@@NO@@@)','',2,'2013-07-08'),(36211,'INSERT INTO gne_vale_ferreteria (vfe_id,vfe_fecha,vfe_total,vfe_estado,vfe_entregado,usu_nusuario) VALUES (4815,@@@2013.07.08@@@,690,1,0,@@@G_DIAZ@@@)','',2,'2013-07-08'),(36212,'INSERT INTO gne_vale_ferreteria_mov (vfe_id,pro_codigo_plu,vfm_cantidad,vfm_unitario,vfm_total,vfm_entregado) VALUES (4815,770091,1,690,690,@@@NO@@@)','',2,'2013-07-08'),(36213,'INSERT INTO gne_vale_ferreteria (vfe_id,vfe_fecha,vfe_total,vfe_estado,vfe_entregado,usu_nusuario) VALUES (4816,@@@2013.07.08@@@,1100,1,0,@@@G_DIAZ@@@)','',2,'2013-07-08'),(36214,'INSERT INTO gne_vale_ferreteria_mov (vfe_id,pro_codigo_plu,vfm_cantidad,vfm_unitario,vfm_total,vfm_entregado) VALUES (4816,763582,2,550,1100,@@@NO@@@)','',2,'2013-07-08'),(36215,'INSERT INTO gne_vale_ferreteria (vfe_id,vfe_fecha,vfe_total,vfe_estado,vfe_entregado,usu_nusuario) VALUES (4817,@@@2013.07.08@@@,1370,1,0,@@@G_DIAZ@@@)','',2,'2013-07-08'),(36216,'INSERT INTO gne_vale_ferreteria_mov (vfe_id,pro_codigo_plu,vfm_cantidad,vfm_unitario,vfm_total,vfm_entregado) VALUES (4817,78017128,2,490,980,@@@NO@@@)','',2,'2013-07-08'),(36217,'INSERT INTO gne_vale_ferreteria_mov (vfe_id,pro_codigo_plu,vfm_cantidad,vfm_unitario,vfm_total,vfm_entregado) VALUES (4817,780721278,1,390,390,@@@NO@@@)','',2,'2013-07-08'),(36218,'INSERT INTO gne_vale_ferreteria (vfe_id,vfe_fecha,vfe_total,vfe_estado,vfe_entregado,usu_nusuario) VALUES (4818,@@@2013.07.08@@@,900,1,0,@@@G_DIAZ@@@)','',2,'2013-07-08'),(36219,'INSERT INTO gne_vale_ferreteria_mov (vfe_id,pro_codigo_plu,vfm_cantidad,vfm_unitario,vfm_total,vfm_entregado) VALUES (4818,3100,2,450,900,@@@NO@@@)','',2,'2013-07-08'),(36220,'INSERT INTO gne_vale_ferreteria (vfe_id,vfe_fecha,vfe_total,vfe_estado,vfe_entregado,usu_nusuario) VALUES (4819,@@@2013.07.08@@@,200,1,0,@@@G_DIAZ@@@)','',2,'2013-07-08'),(36221,'INSERT INTO gne_vale_ferreteria_mov (vfe_id,pro_codigo_plu,vfm_cantidad,vfm_unitario,vfm_total,vfm_entregado) VALUES (4819,764702,1,200,200,@@@NO@@@)','',2,'2013-07-08'),(36222,'INSERT INTO gne_vale_ferreteria (vfe_id,vfe_fecha,vfe_total,vfe_estado,vfe_entregado,usu_nusuario) VALUES (4820,@@@2013.07.08@@@,390,1,0,@@@G_DIAZ@@@)','',2,'2013-07-08'),(36223,'INSERT INTO gne_vale_ferreteria_mov (vfe_id,pro_codigo_plu,vfm_cantidad,vfm_unitario,vfm_total,vfm_entregado) VALUES (4820,763818,1,390,390,@@@NO@@@)','',2,'2013-07-08'),(36224,'INSERT INTO gne_vale_ferreteria (vfe_id,vfe_fecha,vfe_total,vfe_estado,vfe_entregado,usu_nusuario) VALUES (4821,@@@2013.07.08@@@,90,1,0,@@@G_DIAZ@@@)','',2,'2013-07-08'),(36225,'INSERT INTO gne_vale_ferreteria_mov (vfe_id,pro_codigo_plu,vfm_cantidad,vfm_unitario,vfm_total,vfm_entregado) VALUES (4821,78017026,1,90,90,@@@NO@@@)','',2,'2013-07-08'),(36226,'INSERT INTO gne_vale_ferreteria (vfe_id,vfe_fecha,vfe_total,vfe_estado,vfe_entregado,usu_nusuario) VALUES (4822,@@@2013.07.08@@@,120,1,0,@@@G_DIAZ@@@)','',2,'2013-07-08'),(36227,'INSERT INTO gne_vale_ferreteria_mov (vfe_id,pro_codigo_plu,vfm_cantidad,vfm_unitario,vfm_total,vfm_entregado) VALUES (4822,78017002,1,120,120,@@@NO@@@)','',2,'2013-07-08'),(36228,'INSERT INTO gne_vale_ferreteria (vfe_id,vfe_fecha,vfe_total,vfe_estado,vfe_entregado,usu_nusuario) VALUES (4823,@@@2013.07.08@@@,300,1,0,@@@G_DIAZ@@@)','',2,'2013-07-08'),(36229,'INSERT INTO gne_vale_ferreteria_mov (vfe_id,pro_codigo_plu,vfm_cantidad,vfm_unitario,vfm_total,vfm_entregado) VALUES (4823,78017009,1,120,120,@@@NO@@@)','',2,'2013-07-08'),(36230,'INSERT INTO gne_vale_ferreteria_mov (vfe_id,pro_codigo_plu,vfm_cantidad,vfm_unitario,vfm_total,vfm_entregado) VALUES (4823,78017026,2,90,180,@@@NO@@@)','',2,'2013-07-08'),(36231,'INSERT INTO gne_vale_ferreteria (vfe_id,vfe_fecha,vfe_total,vfe_estado,vfe_entregado,usu_nusuario) VALUES (4824,@@@2013.07.08@@@,120,1,0,@@@G_DIAZ@@@)','',2,'2013-07-08'),(36232,'INSERT INTO gne_vale_ferreteria_mov (vfe_id,pro_codigo_plu,vfm_cantidad,vfm_unitario,vfm_total,vfm_entregado) VALUES (4824,78017006,1,120,120,@@@NO@@@)','',2,'2013-07-08'),(36233,'INSERT INTO gne_vale_ferreteria (vfe_id,vfe_fecha,vfe_total,vfe_estado,vfe_entregado,usu_nusuario) VALUES (4825,@@@2013.07.08@@@,1240,1,0,@@@G_DIAZ@@@)','',2,'2013-07-08'),(36234,'INSERT INTO gne_vale_ferreteria_mov (vfe_id,pro_codigo_plu,vfm_cantidad,vfm_unitario,vfm_total,vfm_entregado) VALUES (4825,11378,2,620,1240,@@@NO@@@)','',2,'2013-07-08'),(36235,'INSERT INTO gne_vale_ferreteria (vfe_id,vfe_fecha,vfe_total,vfe_estado,vfe_entregado,usu_nusuario) VALUES (4826,@@@2013.07.08@@@,120,1,0,@@@G_DIAZ@@@)','',2,'2013-07-08'),(36236,'INSERT INTO gne_vale_ferreteria_mov (vfe_id,pro_codigo_plu,vfm_cantidad,vfm_unitario,vfm_total,vfm_entregado) VALUES (4826,764330,1,120,120,@@@NO@@@)','',2,'2013-07-08'),(36237,'INSERT INTO gne_vale_ferreteria (vfe_id,vfe_fecha,vfe_total,vfe_estado,vfe_entregado,usu_nusuario) VALUES (4827,@@@2013.07.08@@@,780,1,0,@@@G_DIAZ@@@)','',2,'2013-07-08'),(36238,'INSERT INTO gne_vale_ferreteria_mov (vfe_id,pro_codigo_plu,vfm_cantidad,vfm_unitario,vfm_total,vfm_entregado) VALUES (4827,78017145,2,290,580,@@@NO@@@)','',2,'2013-07-08'),(36239,'INSERT INTO gne_vale_ferreteria_mov (vfe_id,pro_codigo_plu,vfm_cantidad,vfm_unitario,vfm_total,vfm_entregado) VALUES (4827,78017002,1,120,120,@@@NO@@@)','',2,'2013-07-08'),(36240,'INSERT INTO gne_vale_ferreteria_mov (vfe_id,pro_codigo_plu,vfm_cantidad,vfm_unitario,vfm_total,vfm_entregado) VALUES (4827,770001,1,80,80,@@@NO@@@)','',2,'2013-07-08'),(36241,'INSERT INTO gne_vale_ferreteria (vfe_id,vfe_fecha,vfe_total,vfe_estado,vfe_entregado,usu_nusuario) VALUES (4828,@@@2013.07.08@@@,240,1,0,@@@G_DIAZ@@@)','',2,'2013-07-08'),(36242,'INSERT INTO gne_vale_ferreteria_mov (vfe_id,pro_codigo_plu,vfm_cantidad,vfm_unitario,vfm_total,vfm_entregado) VALUES (4828,8022,2,120,240,@@@NO@@@)','',2,'2013-07-08'),(36243,'INSERT INTO gne_vale_ferreteria (vfe_id,vfe_fecha,vfe_total,vfe_estado,vfe_entregado,usu_nusuario) VALUES (4829,@@@2013.07.08@@@,120,1,0,@@@G_DIAZ@@@)','',2,'2013-07-08'),(36244,'INSERT INTO gne_vale_ferreteria_mov (vfe_id,pro_codigo_plu,vfm_cantidad,vfm_unitario,vfm_total,vfm_entregado) VALUES (4829,8022,1,120,120,@@@NO@@@)','',2,'2013-07-08'),(36245,'INSERT INTO gne_vale_ferreteria (vfe_id,vfe_fecha,vfe_total,vfe_estado,vfe_entregado,usu_nusuario) VALUES (4830,@@@2013.07.08@@@,300,1,0,@@@G_DIAZ@@@)','',2,'2013-07-08'),(36246,'INSERT INTO gne_vale_ferreteria_mov (vfe_id,pro_codigo_plu,vfm_cantidad,vfm_unitario,vfm_total,vfm_entregado) VALUES (4830,78017090,1,300,300,@@@NO@@@)','',2,'2013-07-08'),(36247,'INSERT INTO gne_vale_ferreteria (vfe_id,vfe_fecha,vfe_total,vfe_estado,vfe_entregado,usu_nusuario) VALUES (4831,@@@2013.07.08@@@,350,1,0,@@@G_DIAZ@@@)','',2,'2013-07-08'),(36248,'INSERT INTO gne_vale_ferreteria_mov (vfe_id,pro_codigo_plu,vfm_cantidad,vfm_unitario,vfm_total,vfm_entregado) VALUES (4831,1015,1,350,350,@@@NO@@@)','',2,'2013-07-08'),(36249,'INSERT INTO gne_vale_ferreteria (vfe_id,vfe_fecha,vfe_total,vfe_estado,vfe_entregado,usu_nusuario) VALUES (4832,@@@2013.07.08@@@,180,1,0,@@@G_DIAZ@@@)','',2,'2013-07-08'),(36250,'INSERT INTO gne_vale_ferreteria_mov (vfe_id,pro_codigo_plu,vfm_cantidad,vfm_unitario,vfm_total,vfm_entregado) VALUES (4832,78017026,2,90,180,@@@NO@@@)','',2,'2013-07-08'),(36251,'INSERT INTO gne_vale_ferreteria (vfe_id,vfe_fecha,vfe_total,vfe_estado,vfe_entregado,usu_nusuario) VALUES (4833,@@@2013.07.08@@@,160,1,0,@@@G_DIAZ@@@)','',2,'2013-07-08'),(36252,'INSERT INTO gne_vale_ferreteria_mov (vfe_id,pro_codigo_plu,vfm_cantidad,vfm_unitario,vfm_total,vfm_entregado) VALUES (4833,770001,2,80,160,@@@NO@@@)','',2,'2013-07-08'),(36253,'INSERT INTO gne_vale_ferreteria (vfe_id,vfe_fecha,vfe_total,vfe_estado,vfe_entregado,usu_nusuario) VALUES (4834,@@@2013.07.08@@@,160,1,0,@@@G_DIAZ@@@)','',2,'2013-07-08'),(36254,'INSERT INTO gne_vale_ferreteria_mov (vfe_id,pro_codigo_plu,vfm_cantidad,vfm_unitario,vfm_total,vfm_entregado) VALUES (4834,770001,2,80,160,@@@NO@@@)','',2,'2013-07-08'),(36255,'INSERT INTO mae_productos (pro_codigo_plu,pro_codigo_barra,pro_tipo,pro_nombre_producto,pro_nombre_corto,med_id,emb_id,pro_unidades_embalaje,dep_id,lin_id,mar_id,pro_precio_compra_neto,pro_precio_compra_bruto,pro_precio_venta,pro_margen_actual,pro_oferta,pro_fecha_inicio_oferta,pro_fecha_termino_oferta,pro_precio_oferta,pro_stock_minimo,pro_stock_critico,pro_entradas_bodega,pro_salidas_bodega,pro_mermas_bodega,pro_ajustes_bodega,pro_entradas_sv,pro_salidas_sv,pro_mermas_sv,pro_ajustes_sv,pro_activo,rec_numero,pro_unidad,pro_capacidad,pro_consumo_bodega,pro_consumo_sv,pro_estado,pro_funcion_plu,pro_flejes,pro_iva,pro_plu_asociado,pro_envase,pro_duracion,pro_numero_etiqueta) VALUES (780721328,@@@7804308213000@@@,@@@0@@@,@@@GARRAFA LOMAS TINTO 5LT@@@,@@@GARRAFA LOMAS TI@@@,@@@3 @@@,@@@9 @@@,@@@1@@@,@@@6 @@@,@@@60@@@,@@@2532@@@,@@@0@@@,@@@1@@@,@@@1@@@,@@@0@@@,@@@@@@,@@@2006.09.07@@@,@@@2006.09.07@@@,@@@0@@@,@@@1@@@,@@@1@@@,@@@0@@@,@@@0@@@,@@@0@@@,@@@0@@@,@@@0@@@,@@@0@@@,@@@0@@@,@@@0@@@,@@@1@@@,@@@0@@@,0,5,0,0,2,0,1,1,0,@@@NO@@@,0,0)','',2,'2013-07-08'),(36256,'DELETE FROM mae_impuestos_productos WHERE pro_codigo_plu=@@@780721328@@@','',2,'2013-07-08'),(36257,'INSERT INTO gne_vale_ferreteria (vfe_id,vfe_fecha,vfe_total,vfe_estado,vfe_entregado,usu_nusuario) VALUES (4835,@@@2013.07.08@@@,1200,1,0,@@@G_DIAZ@@@)','',2,'2013-07-08'),(36258,'INSERT INTO gne_vale_ferreteria_mov (vfe_id,pro_codigo_plu,vfm_cantidad,vfm_unitario,vfm_total,vfm_entregado) VALUES (4835,78017002,10,120,1200,@@@NO@@@)','',2,'2013-07-08'),(36259,'INSERT INTO gne_vale_ferreteria (vfe_id,vfe_fecha,vfe_total,vfe_estado,vfe_entregado,usu_nusuario) VALUES (4836,@@@2013.07.08@@@,450,1,0,@@@G_DIAZ@@@)','',2,'2013-07-08'),(36260,'INSERT INTO gne_vale_ferreteria_mov (vfe_id,pro_codigo_plu,vfm_cantidad,vfm_unitario,vfm_total,vfm_entregado) VALUES (4836,78017026,5,90,450,@@@NO@@@)','',2,'2013-07-08'),(36261,'INSERT INTO gne_vale_ferreteria (vfe_id,vfe_fecha,vfe_total,vfe_estado,vfe_entregado,usu_nusuario) VALUES (4837,@@@2013.07.08@@@,790,1,0,@@@G_DIAZ@@@)','',2,'2013-07-08'),(36262,'INSERT INTO gne_vale_ferreteria_mov (vfe_id,pro_codigo_plu,vfm_cantidad,vfm_unitario,vfm_total,vfm_entregado) VALUES (4837,763623,1,790,790,@@@NO@@@)','',2,'2013-07-08'),(36263,'INSERT INTO gne_vale_ferreteria (vfe_id,vfe_fecha,vfe_total,vfe_estado,vfe_entregado,usu_nusuario) VALUES (4838,@@@2013.07.08@@@,870,1,0,@@@G_DIAZ@@@)','',2,'2013-07-08'),(36264,'INSERT INTO gne_vale_ferreteria_mov (vfe_id,pro_codigo_plu,vfm_cantidad,vfm_unitario,vfm_total,vfm_entregado) VALUES (4838,1536,3,290,870,@@@NO@@@)','',2,'2013-07-08'),(36265,'INSERT INTO gne_vale_ferreteria (vfe_id,vfe_fecha,vfe_total,vfe_estado,vfe_entregado,usu_nusuario) VALUES (4839,@@@2013.07.08@@@,780,1,0,@@@G_DIAZ@@@)','',2,'2013-07-08'),(36266,'INSERT INTO gne_vale_ferreteria_mov (vfe_id,pro_codigo_plu,vfm_cantidad,vfm_unitario,vfm_total,vfm_entregado) VALUES (4839,1536,1,290,290,@@@NO@@@)','',2,'2013-07-08'),(36267,'INSERT INTO gne_vale_ferreteria_mov (vfe_id,pro_codigo_plu,vfm_cantidad,vfm_unitario,vfm_total,vfm_entregado) VALUES (4839,1552,1,490,490,@@@NO@@@)','',2,'2013-07-08'),(36268,'UPDATE mae_productos SET pro_precio_venta=4950,pro_margen_actual=27.54, pro_precio_compra_bruto=3881, pro_precio_compra_neto=3261.34453781513 WHERE pro_codigo_plu=780721328','',2,'2013-07-08'),(36269,'UPDATE mae_productos SET pro_precio_compra_bruto=775.93,pro_margen_actual=(pro_precio_venta-775.93)/775.93 * 100,pro_ultima_compra=@@@2013.07.08@@@,pro_ultimo_proveedor=@@@80237600-6@@@ WHERE pro_codigo_plu=78017234','',2,'2013-07-08'),(36270,'UPDATE mae_productos SET pro_precio_compra_bruto=775.93,pro_margen_actual=(pro_precio_venta-775.93)/775.93 * 100,pro_ultima_compra=@@@2013.07.08@@@,pro_ultimo_proveedor=@@@80237600-6@@@ WHERE pro_codigo_plu=763546','',2,'2013-07-08'),(36271,'UPDATE mae_productos SET pro_precio_compra_bruto=1081.71,pro_margen_actual=(pro_precio_venta-1081.71)/1081.71 * 100,pro_ultima_compra=@@@2013.07.08@@@,pro_ultimo_proveedor=@@@80237600-6@@@ WHERE pro_codigo_plu=780220187','',2,'2013-07-08'),(36272,'UPDATE mae_productos SET pro_precio_compra_bruto=3881,pro_margen_actual=(pro_precio_venta-3881)/3881 * 100,pro_ultima_compra=@@@2013.07.08@@@,pro_ultimo_proveedor=@@@80237600-6@@@ WHERE pro_codigo_plu=78017215','',2,'2013-07-08'),(36273,'UPDATE mae_productos SET pro_precio_compra_bruto=3881,pro_margen_actual=(pro_precio_venta-3881)/3881 * 100,pro_ultima_compra=@@@2013.07.08@@@,pro_ultimo_proveedor=@@@80237600-6@@@ WHERE pro_codigo_plu=780721328','',2,'2013-07-08'),(36274,'INSERT INTO gne_vale_ferreteria (vfe_id,vfe_fecha,vfe_total,vfe_estado,vfe_entregado,usu_nusuario) VALUES (4840,@@@2013.07.08@@@,590,1,0,@@@G_DIAZ@@@)','',2,'2013-07-08'),(36275,'INSERT INTO gne_vale_ferreteria_mov (vfe_id,pro_codigo_plu,vfm_cantidad,vfm_unitario,vfm_total,vfm_entregado) VALUES (4840,764705,1,590,590,@@@NO@@@)','',2,'2013-07-08'),(36276,'INSERT INTO gne_vale_ferreteria (vfe_id,vfe_fecha,vfe_total,vfe_estado,vfe_entregado,usu_nusuario) VALUES (4841,@@@2013.07.08@@@,200,1,0,@@@G_DIAZ@@@)','',2,'2013-07-08'),(36277,'INSERT INTO gne_vale_ferreteria_mov (vfe_id,pro_codigo_plu,vfm_cantidad,vfm_unitario,vfm_total,vfm_entregado) VALUES (4841,78017027,4,50,200,@@@NO@@@)','',2,'2013-07-08'),(36278,'UPDATE mae_productos SET pro_precio_compra_bruto=759.53,pro_margen_actual=(pro_precio_venta-759.53)/759.53 * 100,pro_ultima_compra=@@@2013.07.08@@@,pro_ultimo_proveedor=@@@81788500-4@@@ WHERE pro_codigo_plu=101564','',2,'2013-07-08'),(36279,'UPDATE mae_productos SET pro_precio_compra_bruto=759.51,pro_margen_actual=(pro_precio_venta-759.51)/759.51 * 100,pro_ultima_compra=@@@2013.07.08@@@,pro_ultimo_proveedor=@@@81788500-4@@@ WHERE pro_codigo_plu=262056','',2,'2013-07-08'),(36280,'UPDATE mae_productos SET pro_precio_compra_bruto=695.42,pro_margen_actual=(pro_precio_venta-695.42)/695.42 * 100,pro_ultima_compra=@@@2013.07.08@@@,pro_ultimo_proveedor=@@@81788500-4@@@ WHERE pro_codigo_plu=11335','',2,'2013-07-08'),(36281,'UPDATE mae_productos SET pro_precio_compra_bruto=230,pro_margen_actual=(pro_precio_venta-230)/230 * 100,pro_ultima_compra=@@@2013.07.08@@@,pro_ultimo_proveedor=@@@81788500-4@@@ WHERE pro_codigo_plu=11307','',2,'2013-07-08'),(36282,'UPDATE mae_productos SET pro_precio_compra_bruto=879.13,pro_margen_actual=(pro_precio_venta-879.13)/879.13 * 100,pro_ultima_compra=@@@2013.07.08@@@,pro_ultimo_proveedor=@@@81788500-4@@@ WHERE pro_codigo_plu=101583','',2,'2013-07-08'),(36283,'UPDATE mae_productos SET pro_precio_compra_bruto=597.48,pro_margen_actual=(pro_precio_venta-597.48)/597.48 * 100,pro_ultima_compra=@@@2013.07.08@@@,pro_ultimo_proveedor=@@@81788500-4@@@ WHERE pro_codigo_plu=101545','',2,'2013-07-08'),(36284,'UPDATE mae_productos SET pro_precio_compra_bruto=639.84,pro_margen_actual=(pro_precio_venta-639.84)/639.84 * 100,pro_ultima_compra=@@@2013.07.08@@@,pro_ultimo_proveedor=@@@81788500-4@@@ WHERE pro_codigo_plu=11559','',2,'2013-07-08'),(36285,'UPDATE mae_productos SET pro_precio_compra_bruto=669.17,pro_margen_actual=(pro_precio_venta-669.17)/669.17 * 100,pro_ultima_compra=@@@2013.07.08@@@,pro_ultimo_proveedor=@@@81788500-4@@@ WHERE pro_codigo_plu=11546','',2,'2013-07-08'),(36286,'UPDATE mae_productos SET pro_precio_compra_bruto=647.64,pro_margen_actual=(pro_precio_venta-647.64)/647.64 * 100,pro_ultima_compra=@@@2013.07.08@@@,pro_ultimo_proveedor=@@@81788500-4@@@ WHERE pro_codigo_plu=11564','',2,'2013-07-08'),(36287,'UPDATE mae_productos SET pro_precio_compra_bruto=994.93,pro_margen_actual=(pro_precio_venta-994.93)/994.93 * 100,pro_ultima_compra=@@@2013.07.08@@@,pro_ultimo_proveedor=@@@81788500-4@@@ WHERE pro_codigo_plu=101727','',2,'2013-07-08'),(36288,'UPDATE mae_productos SET pro_precio_compra_bruto=505.96,pro_margen_actual=(pro_precio_venta-505.96)/505.96 * 100,pro_ultima_compra=@@@2013.07.08@@@,pro_ultimo_proveedor=@@@81788500-4@@@ WHERE pro_codigo_plu=11216','',2,'2013-07-08'),(36289,'UPDATE mae_productos SET pro_precio_compra_bruto=194.55,pro_margen_actual=(pro_precio_venta-194.55)/194.55 * 100,pro_ultima_compra=@@@2013.07.08@@@,pro_ultimo_proveedor=@@@81788500-4@@@ WHERE pro_codigo_plu=11548','',2,'2013-07-08'),(36290,'UPDATE mae_productos SET pro_precio_compra_bruto=356.36,pro_margen_actual=(pro_precio_venta-356.36)/356.36 * 100,pro_ultima_compra=@@@2013.07.08@@@,pro_ultimo_proveedor=@@@81788500-4@@@ WHERE pro_codigo_plu=100827','',2,'2013-07-08'),(36291,'UPDATE mae_productos SET pro_precio_compra_bruto=337.16,pro_margen_actual=(pro_precio_venta-337.16)/337.16 * 100,pro_ultima_compra=@@@2013.07.08@@@,pro_ultimo_proveedor=@@@81788500-4@@@ WHERE pro_codigo_plu=10285','',2,'2013-07-08'),(36292,'UPDATE mae_productos SET pro_precio_compra_bruto=784.17,pro_margen_actual=(pro_precio_venta-784.17)/784.17 * 100,pro_ultima_compra=@@@2013.07.08@@@,pro_ultimo_proveedor=@@@81788500-4@@@ WHERE pro_codigo_plu=100824','',2,'2013-07-08'),(36293,'UPDATE mae_productos SET pro_precio_compra_bruto=174.354,pro_margen_actual=(pro_precio_venta-174.354)/174.354 * 100,pro_ultima_compra=@@@2013.07.08@@@,pro_ultimo_proveedor=@@@81788500-4@@@ WHERE pro_codigo_plu=16334','',2,'2013-07-08'),(36294,'UPDATE mae_productos SET pro_precio_compra_bruto=182,pro_margen_actual=(pro_precio_venta-182)/182 * 100,pro_ultima_compra=@@@2013.07.08@@@,pro_ultimo_proveedor=@@@81788500-4@@@ WHERE pro_codigo_plu=16346','',2,'2013-07-08'),(36295,'UPDATE mae_productos SET pro_precio_compra_bruto=1053.34,pro_margen_actual=(pro_precio_venta-1053.34)/1053.34 * 100,pro_ultima_compra=@@@2013.07.08@@@,pro_ultimo_proveedor=@@@81788500-4@@@ WHERE pro_codigo_plu=100780','',2,'2013-07-08'),(36296,'UPDATE mae_productos SET pro_precio_compra_bruto=759.97,pro_margen_actual=(pro_precio_venta-759.97)/759.97 * 100,pro_ultima_compra=@@@2013.07.08@@@,pro_ultimo_proveedor=@@@81788500-4@@@ WHERE pro_codigo_plu=100784','',2,'2013-07-08'),(36297,'UPDATE mae_productos SET pro_precio_compra_bruto=543.48,pro_margen_actual=(pro_precio_venta-543.48)/543.48 * 100,pro_ultima_compra=@@@2013.07.08@@@,pro_ultimo_proveedor=@@@81788500-4@@@ WHERE pro_codigo_plu=100325','',2,'2013-07-08'),(36298,'UPDATE mae_productos SET pro_precio_compra_bruto=1438.04,pro_margen_actual=(pro_precio_venta-1438.04)/1438.04 * 100,pro_ultima_compra=@@@2013.07.08@@@,pro_ultimo_proveedor=@@@81788500-4@@@ WHERE pro_codigo_plu=763863','',2,'2013-07-08'),(36299,'UPDATE mae_productos SET pro_precio_compra_bruto=1438.04,pro_margen_actual=(pro_precio_venta-1438.04)/1438.04 * 100,pro_ultima_compra=@@@2013.07.08@@@,pro_ultimo_proveedor=@@@81788500-4@@@ WHERE pro_codigo_plu=762306','',2,'2013-07-08'),(36300,'UPDATE mae_productos SET pro_precio_compra_bruto=1438.04,pro_margen_actual=(pro_precio_venta-1438.04)/1438.04 * 100,pro_ultima_compra=@@@2013.07.08@@@,pro_ultimo_proveedor=@@@81788500-4@@@ WHERE pro_codigo_plu=763866','',2,'2013-07-08'),(36301,'UPDATE mae_productos SET pro_precio_compra_bruto=1524.33,pro_margen_actual=(pro_precio_venta-1524.33)/1524.33 * 100,pro_ultima_compra=@@@2013.07.08@@@,pro_ultimo_proveedor=@@@81788500-4@@@ WHERE pro_codigo_plu=262556','',2,'2013-07-08'),(36302,'UPDATE mae_productos SET pro_precio_compra_bruto=298.74,pro_margen_actual=(pro_precio_venta-298.74)/298.74 * 100,pro_ultima_compra=@@@2013.07.08@@@,pro_ultimo_proveedor=@@@81788500-4@@@ WHERE pro_codigo_plu=780721327','',2,'2013-07-08'),(36303,'UPDATE mae_productos SET pro_precio_compra_bruto=298.74,pro_margen_actual=(pro_precio_venta-298.74)/298.74 * 100,pro_ultima_compra=@@@2013.07.08@@@,pro_ultimo_proveedor=@@@81788500-4@@@ WHERE pro_codigo_plu=763721','',2,'2013-07-08'),(36304,'UPDATE mae_productos SET pro_precio_compra_bruto=298.74,pro_margen_actual=(pro_precio_venta-298.74)/298.74 * 100,pro_ultima_compra=@@@2013.07.08@@@,pro_ultimo_proveedor=@@@81788500-4@@@ WHERE pro_codigo_plu=763722','',2,'2013-07-08'),(36305,'UPDATE mae_productos SET pro_precio_compra_bruto=985,pro_margen_actual=(pro_precio_venta-985)/985 * 100,pro_ultima_compra=@@@2013.07.08@@@,pro_ultimo_proveedor=@@@81788500-4@@@ WHERE pro_codigo_plu=20698','',2,'2013-07-08'),(36306,'UPDATE mae_productos SET pro_precio_compra_bruto=1189.06,pro_margen_actual=(pro_precio_venta-1189.06)/1189.06 * 100,pro_ultima_compra=@@@2013.07.08@@@,pro_ultimo_proveedor=@@@81788500-4@@@ WHERE pro_codigo_plu=20476','',2,'2013-07-08'),(36307,'UPDATE mae_productos SET pro_precio_compra_bruto=316.24,pro_margen_actual=(pro_precio_venta-316.24)/316.24 * 100,pro_ultima_compra=@@@2013.07.08@@@,pro_ultimo_proveedor=@@@81788500-4@@@ WHERE pro_codigo_plu=780721324','',2,'2013-07-08'),(36308,'UPDATE mae_productos SET pro_precio_compra_bruto=316.24,pro_margen_actual=(pro_precio_venta-316.24)/316.24 * 100,pro_ultima_compra=@@@2013.07.08@@@,pro_ultimo_proveedor=@@@81788500-4@@@ WHERE pro_codigo_plu=780721313','',2,'2013-07-08'),(36309,'UPDATE mae_productos SET pro_precio_compra_bruto=316.24,pro_margen_actual=(pro_precio_venta-316.24)/316.24 * 100,pro_ultima_compra=@@@2013.07.08@@@,pro_ultimo_proveedor=@@@81788500-4@@@ WHERE pro_codigo_plu=780721326','',2,'2013-07-08'),(36310,'UPDATE mae_productos SET pro_precio_compra_bruto=985,pro_margen_actual=(pro_precio_venta-985)/985 * 100,pro_ultima_compra=@@@2013.07.08@@@,pro_ultimo_proveedor=@@@81788500-4@@@ WHERE pro_codigo_plu=761557','',2,'2013-07-08'),(36311,'UPDATE mae_productos SET pro_precio_compra_bruto=985,pro_margen_actual=(pro_precio_venta-985)/985 * 100,pro_ultima_compra=@@@2013.07.08@@@,pro_ultimo_proveedor=@@@81788500-4@@@ WHERE pro_codigo_plu=780721314','',2,'2013-07-08'),(36312,'UPDATE mae_productos SET pro_precio_compra_bruto=985,pro_margen_actual=(pro_precio_venta-985)/985 * 100,pro_ultima_compra=@@@2013.07.08@@@,pro_ultimo_proveedor=@@@81788500-4@@@ WHERE pro_codigo_plu=761558','',2,'2013-07-08'),(36313,'UPDATE mae_productos SET pro_precio_compra_bruto=985,pro_margen_actual=(pro_precio_venta-985)/985 * 100,pro_ultima_compra=@@@2013.07.08@@@,pro_ultimo_proveedor=@@@81788500-4@@@ WHERE pro_codigo_plu=780721315','',2,'2013-07-08'),(36314,'UPDATE mae_productos SET pro_precio_compra_bruto=984.96,pro_margen_actual=(pro_precio_venta-984.96)/984.96 * 100,pro_ultima_compra=@@@2013.07.08@@@,pro_ultimo_proveedor=@@@81788500-4@@@ WHERE pro_codigo_plu=780721310','',2,'2013-07-08'),(36315,'UPDATE mae_productos SET pro_precio_compra_bruto=398.05,pro_margen_actual=(pro_precio_venta-398.05)/398.05 * 100,pro_ultima_compra=@@@2013.07.08@@@,pro_ultimo_proveedor=@@@81788500-4@@@ WHERE pro_codigo_plu=20836','',2,'2013-07-08'),(36316,'UPDATE mae_productos SET pro_precio_compra_bruto=854.15,pro_margen_actual=(pro_precio_venta-854.15)/854.15 * 100,pro_ultima_compra=@@@2013.07.08@@@,pro_ultimo_proveedor=@@@81788500-4@@@ WHERE pro_codigo_plu=763891','',2,'2013-07-08'),(36317,'UPDATE mae_productos SET pro_precio_compra_bruto=1189.34,pro_margen_actual=(pro_precio_venta-1189.34)/1189.34 * 100,pro_ultima_compra=@@@2013.07.08@@@,pro_ultimo_proveedor=@@@81788500-4@@@ WHERE pro_codigo_plu=780721316','',2,'2013-07-08'),(36318,'UPDATE mae_productos SET pro_precio_compra_bruto=440.43,pro_margen_actual=(pro_precio_venta-440.43)/440.43 * 100,pro_ultima_compra=@@@2013.07.08@@@,pro_ultimo_proveedor=@@@81788500-4@@@ WHERE pro_codigo_plu=780721311','',2,'2013-07-08'),(36319,'UPDATE mae_productos SET pro_precio_compra_bruto=507.36,pro_margen_actual=(pro_precio_venta-507.36)/507.36 * 100,pro_ultima_compra=@@@2013.07.08@@@,pro_ultimo_proveedor=@@@81788500-4@@@ WHERE pro_codigo_plu=10294','',2,'2013-07-08'),(36320,'UPDATE mae_productos SET pro_precio_compra_bruto=1398.33,pro_margen_actual=(pro_precio_venta-1398.33)/1398.33 * 100,pro_ultima_compra=@@@2013.07.08@@@,pro_ultimo_proveedor=@@@81788500-4@@@ WHERE pro_codigo_plu=763347','',2,'2013-07-08'),(36321,'UPDATE mae_productos SET pro_precio_compra_bruto=201.7,pro_margen_actual=(pro_precio_venta-201.7)/201.7 * 100,pro_ultima_compra=@@@2013.07.08@@@,pro_ultimo_proveedor=@@@81788500-4@@@ WHERE pro_codigo_plu=20847','',2,'2013-07-08'),(36322,'INSERT INTO gne_vale_ferreteria (vfe_id,vfe_fecha,vfe_total,vfe_estado,vfe_entregado,usu_nusuario) VALUES (4842,@@@2013.07.08@@@,1890,1,0,@@@G_DIAZ@@@)','',2,'2013-07-08'),(36323,'INSERT INTO gne_vale_ferreteria_mov (vfe_id,pro_codigo_plu,vfm_cantidad,vfm_unitario,vfm_total,vfm_entregado) VALUES (4842,763607,1,1890,1890,@@@NO@@@)','',2,'2013-07-08'),(36324,'INSERT INTO gne_vale_ferreteria (vfe_id,vfe_fecha,vfe_total,vfe_estado,vfe_entregado,usu_nusuario) VALUES (4843,@@@2013.07.08@@@,755,1,0,@@@G_DIAZ@@@)','',2,'2013-07-08'),(36325,'INSERT INTO gne_vale_ferreteria_mov (vfe_id,pro_codigo_plu,vfm_cantidad,vfm_unitario,vfm_total,vfm_entregado) VALUES (4843,770001,2,80,160,@@@NO@@@)','',2,'2013-07-08'),(36326,'INSERT INTO gne_vale_ferreteria_mov (vfe_id,pro_codigo_plu,vfm_cantidad,vfm_unitario,vfm_total,vfm_entregado) VALUES (4843,764306,1,595,595,@@@NO@@@)','',2,'2013-07-08'),(36327,'INSERT INTO gne_vale_ferreteria (vfe_id,vfe_fecha,vfe_total,vfe_estado,vfe_entregado,usu_nusuario) VALUES (4844,@@@2013.07.08@@@,990,1,0,@@@G_DIAZ@@@)','',2,'2013-07-08'),(36328,'INSERT INTO gne_vale_ferreteria_mov (vfe_id,pro_codigo_plu,vfm_cantidad,vfm_unitario,vfm_total,vfm_entregado) VALUES (4844,780220163,1,990,990,@@@NO@@@)','',2,'2013-07-08'),(36329,'INSERT INTO gne_vale_ferreteria (vfe_id,vfe_fecha,vfe_total,vfe_estado,vfe_entregado,usu_nusuario) VALUES (4845,@@@2013.07.08@@@,3780,1,0,@@@G_DIAZ@@@)','',2,'2013-07-08'),(36330,'INSERT INTO gne_vale_ferreteria_mov (vfe_id,pro_codigo_plu,vfm_cantidad,vfm_unitario,vfm_total,vfm_entregado) VALUES (4845,101623,2,1890,3780,@@@NO@@@)','',2,'2013-07-08'),(36331,'INSERT INTO gne_vale_ferreteria (vfe_id,vfe_fecha,vfe_total,vfe_estado,vfe_entregado,usu_nusuario) VALUES (4846,@@@2013.07.08@@@,160,1,0,@@@G_DIAZ@@@)','',2,'2013-07-08'),(36332,'INSERT INTO gne_vale_ferreteria_mov (vfe_id,pro_codigo_plu,vfm_cantidad,vfm_unitario,vfm_total,vfm_entregado) VALUES (4846,16430,1,160,160,@@@NO@@@)','',2,'2013-07-08'),(36333,'INSERT INTO gne_vale_ferreteria (vfe_id,vfe_fecha,vfe_total,vfe_estado,vfe_entregado,usu_nusuario) VALUES (4847,@@@2013.07.08@@@,240,1,0,@@@G_DIAZ@@@)','',2,'2013-07-08'),(36334,'INSERT INTO gne_vale_ferreteria_mov (vfe_id,pro_codigo_plu,vfm_cantidad,vfm_unitario,vfm_total,vfm_entregado) VALUES (4847,78017006,2,120,240,@@@NO@@@)','',2,'2013-07-08'),(36335,'INSERT INTO gne_vale_ferreteria (vfe_id,vfe_fecha,vfe_total,vfe_estado,vfe_entregado,usu_nusuario) VALUES (4848,@@@2013.07.08@@@,120,1,0,@@@G_DIAZ@@@)','',2,'2013-07-08'),(36336,'INSERT INTO gne_vale_ferreteria_mov (vfe_id,pro_codigo_plu,vfm_cantidad,vfm_unitario,vfm_total,vfm_entregado) VALUES (4848,764766,1,120,120,@@@NO@@@)','',2,'2013-07-08'),(36337,'INSERT INTO gne_vale_ferreteria (vfe_id,vfe_fecha,vfe_total,vfe_estado,vfe_entregado,usu_nusuario) VALUES (4849,@@@2013.07.08@@@,300,1,0,@@@G_DIAZ@@@)','',2,'2013-07-08'),(36338,'INSERT INTO gne_vale_ferreteria_mov (vfe_id,pro_codigo_plu,vfm_cantidad,vfm_unitario,vfm_total,vfm_entregado) VALUES (4849,78017090,1,300,300,@@@NO@@@)','',2,'2013-07-08'),(36339,'INSERT INTO gne_vale_ferreteria (vfe_id,vfe_fecha,vfe_total,vfe_estado,vfe_entregado,usu_nusuario) VALUES (4850,@@@2013.07.08@@@,120,1,0,@@@G_DIAZ@@@)','',2,'2013-07-08'),(36340,'INSERT INTO gne_vale_ferreteria_mov (vfe_id,pro_codigo_plu,vfm_cantidad,vfm_unitario,vfm_total,vfm_entregado) VALUES (4850,78017006,1,120,120,@@@NO@@@)','',2,'2013-07-08'),(36341,'INSERT INTO gne_vale_ferreteria (vfe_id,vfe_fecha,vfe_total,vfe_estado,vfe_entregado,usu_nusuario) VALUES (4851,@@@2013.07.08@@@,240,1,0,@@@G_DIAZ@@@)','',2,'2013-07-08'),(36342,'INSERT INTO gne_vale_ferreteria_mov (vfe_id,pro_codigo_plu,vfm_cantidad,vfm_unitario,vfm_total,vfm_entregado) VALUES (4851,78017112,2,120,240,@@@NO@@@)','',2,'2013-07-08'),(36343,'UPDATE mae_datos_empresa SET emp_rut=@@@10162956-2@@@,emp_razon_social=@@@SUPERMERCADO UNICO NACIMIENTO@@@,emp_sucursal=@@@MATRIZ@@@,emp_giro=@@@SUPERMERCADOS@@@,emp_direccion=@@@AV. SAN GREGORIO 15@@@,emp_ciudad=@@@NACIMIENTO@@@,emp_telefono=@@@511706@@@,emp_mail=@@@UNICONACIMIENTO@GMAIL.COM@@@,emp_mail_gerencia_comercial=@@@@@@,emp_mail_gerencia_operaciones=@@@@@@,emp_mail_gerencia_sistemas=@@@@@@,emp_nombre_administrador=@@@SUPERMERCADO UNICO@@@,emp_direccion_sala=@@@AV. SAN GREGORIO 15@@@,emp_ciudad_sala=@@@NACIMIENTO@@@,emp_utm=40005,emp_telefono_sala=@@@511706@@@,emp_fax_sala=@@@511706@@@,emp_mail_sala=@@@UNICONACIMIENTO@GMAIL.COM@@@,emp_cta_efectivo=@@@0@@@,emp_cta_cheque=@@@0@@@,emp_cta_ventas=@@@0@@@,emp_cta_t_credito=@@@0@@@,emp_cta_t_debito=@@@0@@@,emp_cta_p_acumulados=@@@0@@@,emp_cta_descuento=@@@0@@@,emp_cta_cliente=@@@0@@@,emp_cta_funcionario=@@@0@@@,emp_cta_apoyo=@@@0@@@','',2,'2013-07-08'),(36344,'UPDATE mae_datos_empresa SET emp_entradas_compras=@@@0@@@,emp_entradas_pack=@@@0@@@,emp_entradas_preparados=@@@0@@@,emp_salidas_pi_pack=@@@0@@@,emp_salidas_pi_preparados=@@@0@@@,emp_iva=19,emp_lineas_facturas=18,emp_lineas_guias=18,emp_lineas_nc=@@@12@@@,emp_minimo_nc=@@@500@@@,emp_codigo_ferreteria=0,emp_codigo_cigarrillos=25,emp_path_flejes=@@@C:/Users/Administracion/Documents/flejes@@@,emp_path_balanzas=@@@C:/@@@,emp_path_precios=@@@//secretaria/C/UX60/CORREO@@@,emp_path_ventas=@@@//secretaria/C/UX60@@@,emp_cta_mercaderias=0,emp_cta_iva=0,emp_cta_excento=0,emp_cta_harina=0,emp_cta_especifico=0,emp_cta_carne=0,emp_cta_ila=0,emp_cta_proveedor=0,emp_registradora=3,emp_funcionamiento=0,emp_codigo_queseria=0,emp_codigo_roticeria=3,emp_com=@@@COM1@@@,emp_baudios=@@@9600@@@,emp_total_cajas=3','',2,'2013-07-08'),(36345,'INSERT INTO gne_vale_ferreteria (vfe_id,vfe_fecha,vfe_total,vfe_estado,vfe_entregado,usu_nusuario) VALUES (4852,@@@2013.07.08@@@,640,1,0,@@@G_DIAZ@@@)','',2,'2013-07-08'),(36346,'INSERT INTO gne_vale_ferreteria_mov (vfe_id,pro_codigo_plu,vfm_cantidad,vfm_unitario,vfm_total,vfm_entregado) VALUES (4852,78017006,1,120,120,@@@NO@@@)','',2,'2013-07-08'),(36347,'INSERT INTO gne_vale_ferreteria_mov (vfe_id,pro_codigo_plu,vfm_cantidad,vfm_unitario,vfm_total,vfm_entregado) VALUES (4852,770001,2,80,160,@@@NO@@@)','',2,'2013-07-08'),(36348,'INSERT INTO gne_vale_ferreteria_mov (vfe_id,pro_codigo_plu,vfm_cantidad,vfm_unitario,vfm_total,vfm_entregado) VALUES (4852,78017026,4,90,360,@@@NO@@@)','',2,'2013-07-08'),(36349,'INSERT INTO gne_vale_ferreteria (vfe_id,vfe_fecha,vfe_total,vfe_estado,vfe_entregado,usu_nusuario) VALUES (4853,@@@2013.07.08@@@,2190,1,0,@@@G_DIAZ@@@)','',2,'2013-07-08'),(36350,'INSERT INTO gne_vale_ferreteria_mov (vfe_id,pro_codigo_plu,vfm_cantidad,vfm_unitario,vfm_total,vfm_entregado) VALUES (4853,763621,1,2190,2190,@@@NO@@@)','',2,'2013-07-08'),(36351,'INSERT INTO gne_vale_ferreteria (vfe_id,vfe_fecha,vfe_total,vfe_estado,vfe_entregado,usu_nusuario) VALUES (4854,@@@2013.07.08@@@,120,1,0,@@@G_DIAZ@@@)','',2,'2013-07-08'),(36352,'INSERT INTO gne_vale_ferreteria_mov (vfe_id,pro_codigo_plu,vfm_cantidad,vfm_unitario,vfm_total,vfm_entregado) VALUES (4854,8022,1,120,120,@@@NO@@@)','',2,'2013-07-08'),(36353,'INSERT INTO gne_vale_ferreteria (vfe_id,vfe_fecha,vfe_total,vfe_estado,vfe_entregado,usu_nusuario) VALUES (4855,@@@2013.07.08@@@,1290,1,0,@@@G_DIAZ@@@)','',2,'2013-07-08'),(36354,'INSERT INTO gne_vale_ferreteria_mov (vfe_id,pro_codigo_plu,vfm_cantidad,vfm_unitario,vfm_total,vfm_entregado) VALUES (4855,764097,1,1290,1290,@@@NO@@@)','',2,'2013-07-08'),(36355,'INSERT INTO gne_vale_ferreteria (vfe_id,vfe_fecha,vfe_total,vfe_estado,vfe_entregado,usu_nusuario) VALUES (4856,@@@2013.07.08@@@,600,1,0,@@@G_DIAZ@@@)','',2,'2013-07-08'),(36356,'INSERT INTO gne_vale_ferreteria_mov (vfe_id,pro_codigo_plu,vfm_cantidad,vfm_unitario,vfm_total,vfm_entregado) VALUES (4856,1546,3,200,600,@@@NO@@@)','',2,'2013-07-08'),(36357,'INSERT INTO com_ventas_grupo (vgr_fecha,vgr_grupo,vgr_cantidad,vgr_total) VALUES (@@@2013.07.07@@@,1,122.755,134187)','',2,'2013-07-08'),(36358,'INSERT INTO com_ventas_grupo (vgr_fecha,vgr_grupo,vgr_cantidad,vgr_total) VALUES (@@@2013.07.07@@@,2,174.335,95953)','',2,'2013-07-08'),(36359,'INSERT INTO com_ventas_grupo (vgr_fecha,vgr_grupo,vgr_cantidad,vgr_total) VALUES (@@@2013.07.07@@@,3,346,78367)','',2,'2013-07-08'),(36360,'INSERT INTO com_ventas_grupo (vgr_fecha,vgr_grupo,vgr_cantidad,vgr_total) VALUES (@@@2013.07.07@@@,4,113,108646)','',2,'2013-07-08'),(36361,'INSERT INTO com_ventas_grupo (vgr_fecha,vgr_grupo,vgr_cantidad,vgr_total) VALUES (@@@2013.07.07@@@,5,6,18100)','',2,'2013-07-08'),(36362,'INSERT INTO com_ventas_grupo (vgr_fecha,vgr_grupo,vgr_cantidad,vgr_total) VALUES (@@@2013.07.07@@@,6,24,39990)','',2,'2013-07-08'),(36363,'INSERT INTO com_ventas_grupo (vgr_fecha,vgr_grupo,vgr_cantidad,vgr_total) VALUES (@@@2013.07.07@@@,7,77,111838)','',2,'2013-07-08'),(36364,'INSERT INTO com_ventas_grupo (vgr_fecha,vgr_grupo,vgr_cantidad,vgr_total) VALUES (@@@2013.07.07@@@,8,24,16980)','',2,'2013-07-08'),(36365,'INSERT INTO com_ventas_grupo (vgr_fecha,vgr_grupo,vgr_cantidad,vgr_total) VALUES (@@@2013.07.07@@@,9,118.25,192009)','',2,'2013-07-08'),(36366,'INSERT INTO com_ventas_grupo (vgr_fecha,vgr_grupo,vgr_cantidad,vgr_total) VALUES (@@@2013.07.07@@@,10,33.91,133380)','',2,'2013-07-08'),(36367,'INSERT INTO com_ventas_grupo (vgr_fecha,vgr_grupo,vgr_cantidad,vgr_total) VALUES (@@@2013.07.07@@@,11,37.32,101292)','',2,'2013-07-08'),(36368,'INSERT INTO com_ventas_grupo (vgr_fecha,vgr_grupo,vgr_cantidad,vgr_total) VALUES (@@@2013.07.07@@@,12,46.525,80853)','',2,'2013-07-08'),(36369,'INSERT INTO com_ventas_grupo (vgr_fecha,vgr_grupo,vgr_cantidad,vgr_total) VALUES (@@@2013.07.07@@@,13,16.215,49513)','',2,'2013-07-08'),(36370,'INSERT INTO com_ventas_grupo (vgr_fecha,vgr_grupo,vgr_cantidad,vgr_total) VALUES (@@@2013.07.07@@@,14,92.255,84697)','',2,'2013-07-08'),(36371,'INSERT INTO com_ventas_grupo (vgr_fecha,vgr_grupo,vgr_cantidad,vgr_total) VALUES (@@@2013.07.07@@@,16,1,170)','',2,'2013-07-08'),(36372,'INSERT INTO com_ventas_grupo (vgr_fecha,vgr_grupo,vgr_cantidad,vgr_total) VALUES (@@@2013.07.07@@@,18,147.985,86785)','',2,'2013-07-08'),(36373,'INSERT INTO com_ventas_grupo (vgr_fecha,vgr_grupo,vgr_cantidad,vgr_total) VALUES (@@@2013.07.07@@@,19,1,500)','',2,'2013-07-08'),(36374,'INSERT INTO com_ventas_grupo (vgr_fecha,vgr_grupo,vgr_cantidad,vgr_total) VALUES (@@@2013.07.07@@@,20,172.51,49536)','',2,'2013-07-08'),(36375,'INSERT INTO com_ventas_grupo (vgr_fecha,vgr_grupo,vgr_cantidad,vgr_total) VALUES (@@@2013.07.07@@@,21,64,49720)','',2,'2013-07-08'),(36376,'INSERT INTO com_ventas_grupo (vgr_fecha,vgr_grupo,vgr_cantidad,vgr_total) VALUES (@@@2013.07.07@@@,23,4,6960)','',2,'2013-07-08'),(36377,'INSERT INTO com_ventas_grupo (vgr_fecha,vgr_grupo,vgr_cantidad,vgr_total) VALUES (@@@2013.07.07@@@,24,434,57139)','',2,'2013-07-08'),(36378,'INSERT INTO com_ventas_grupo (vgr_fecha,vgr_grupo,vgr_cantidad,vgr_total) VALUES (@@@2013.07.07@@@,25,85,125100)','',2,'2013-07-08'),(36379,'INSERT INTO com_ventas_grupo (vgr_fecha,vgr_grupo,vgr_cantidad,vgr_total) VALUES (@@@2013.07.07@@@,27,3,2670)','',2,'2013-07-08'),(36380,'INSERT INTO com_ventas_grupo (vgr_fecha,vgr_grupo,vgr_cantidad,vgr_total) VALUES (@@@2013.07.07@@@,31,7,5130)','',2,'2013-07-08'),(36381,'INSERT INTO com_ventas_grupo (vgr_fecha,vgr_grupo,vgr_cantidad,vgr_total) VALUES (@@@2013.07.07@@@,32,230,85437)','',2,'2013-07-08'),(36382,'INSERT INTO com_ventas_grupo (vgr_fecha,vgr_grupo,vgr_cantidad,vgr_total) VALUES (@@@2013.07.07@@@,34,4,4800)','',2,'2013-07-08'),(36383,'INSERT INTO com_ventas_grupo (vgr_fecha,vgr_grupo,vgr_cantidad,vgr_total) VALUES (@@@2013.07.07@@@,35,6,10480)','',2,'2013-07-08'),(36384,'INSERT INTO com_ventas_grupo (vgr_fecha,vgr_grupo,vgr_cantidad,vgr_total) VALUES (@@@2013.07.07@@@,36,17,2780)','',2,'2013-07-08'),(36385,'INSERT INTO com_ventas_grupo (vgr_fecha,vgr_grupo,vgr_cantidad,vgr_total) VALUES (@@@2013.07.07@@@,37,7,9080)','',2,'2013-07-08'),(36386,'INSERT INTO com_ventas_grupo (vgr_fecha,vgr_grupo,vgr_cantidad,vgr_total) VALUES (@@@2013.07.07@@@,38,5,10750)','',2,'2013-07-08'),(36387,'INSERT INTO com_ventas_grupo (vgr_fecha,vgr_grupo,vgr_cantidad,vgr_total) VALUES (@@@2013.07.07@@@,39,7,17660)','',2,'2013-07-08'),(36388,'INSERT INTO com_ventas_grupo (vgr_fecha,vgr_grupo,vgr_cantidad,vgr_total) VALUES (@@@2013.07.07@@@,40,16669,16669)','',2,'2013-07-08'),(36389,'INSERT INTO com_ventas_grupo (vgr_fecha,vgr_grupo,vgr_cantidad,vgr_total) VALUES (@@@2013.07.07@@@,42,25.415,17179)','',2,'2013-07-08'),(36390,'UPDATE mae_datos_empresa SET emp_oferta=@@@NO@@@','',2,'2013-07-08'),(36391,'INSERT INTO com_ventas_grupo (vgr_fecha,vgr_grupo,vgr_cantidad,vgr_total) VALUES (@@@2013.07.06@@@,1,147.5,96439)','',2,'2013-07-08'),(36392,'INSERT INTO com_ventas_grupo (vgr_fecha,vgr_grupo,vgr_cantidad,vgr_total) VALUES (@@@2013.07.06@@@,2,184.33,102398)','',2,'2013-07-08'),(36393,'INSERT INTO com_ventas_grupo (vgr_fecha,vgr_grupo,vgr_cantidad,vgr_total) VALUES (@@@2013.07.06@@@,3,381,80448)','',2,'2013-07-08'),(36394,'INSERT INTO com_ventas_grupo (vgr_fecha,vgr_grupo,vgr_cantidad,vgr_total) VALUES (@@@2013.07.06@@@,4,114,112128)','',2,'2013-07-08'),(36395,'INSERT INTO com_ventas_grupo (vgr_fecha,vgr_grupo,vgr_cantidad,vgr_total) VALUES (@@@2013.07.06@@@,5,9,44085)','',2,'2013-07-08'),(36396,'INSERT INTO com_ventas_grupo (vgr_fecha,vgr_grupo,vgr_cantidad,vgr_total) VALUES (@@@2013.07.06@@@,6,29,51320)','',2,'2013-07-08'),(36397,'INSERT INTO com_ventas_grupo (vgr_fecha,vgr_grupo,vgr_cantidad,vgr_total) VALUES (@@@2013.07.06@@@,7,51,107778)','',2,'2013-07-08'),(36398,'INSERT INTO com_ventas_grupo (vgr_fecha,vgr_grupo,vgr_cantidad,vgr_total) VALUES (@@@2013.07.06@@@,8,31,23490)','',2,'2013-07-08'),(36399,'INSERT INTO com_ventas_grupo (vgr_fecha,vgr_grupo,vgr_cantidad,vgr_total) VALUES (@@@2013.07.06@@@,9,115.73,193009)','',2,'2013-07-08'),(36400,'INSERT INTO com_ventas_grupo (vgr_fecha,vgr_grupo,vgr_cantidad,vgr_total) VALUES (@@@2013.07.06@@@,10,27.33,107253)','',2,'2013-07-08'),(36401,'INSERT INTO com_ventas_grupo (vgr_fecha,vgr_grupo,vgr_cantidad,vgr_total) VALUES (@@@2013.07.06@@@,11,32.495,95873)','',2,'2013-07-08'),(36402,'INSERT INTO com_ventas_grupo (vgr_fecha,vgr_grupo,vgr_cantidad,vgr_total) VALUES (@@@2013.07.06@@@,12,40.275,77565)','',2,'2013-07-08'),(36403,'INSERT INTO com_ventas_grupo (vgr_fecha,vgr_grupo,vgr_cantidad,vgr_total) VALUES (@@@2013.07.06@@@,13,20.925,55469)','',2,'2013-07-08'),(36404,'INSERT INTO com_ventas_grupo (vgr_fecha,vgr_grupo,vgr_cantidad,vgr_total) VALUES (@@@2013.07.06@@@,14,112.605,103549)','',2,'2013-07-08'),(36405,'INSERT INTO com_ventas_grupo (vgr_fecha,vgr_grupo,vgr_cantidad,vgr_total) VALUES (@@@2013.07.06@@@,16,2,340)','',2,'2013-07-08'),(36406,'INSERT INTO com_ventas_grupo (vgr_fecha,vgr_grupo,vgr_cantidad,vgr_total) VALUES (@@@2013.07.06@@@,18,246.32,133163)','',2,'2013-07-08'),(36407,'INSERT INTO com_ventas_grupo (vgr_fecha,vgr_grupo,vgr_cantidad,vgr_total) VALUES (@@@2013.07.06@@@,20,139.445,48013)','',2,'2013-07-08'),(36408,'INSERT INTO com_ventas_grupo (vgr_fecha,vgr_grupo,vgr_cantidad,vgr_total) VALUES (@@@2013.07.06@@@,21,53,42800)','',2,'2013-07-08'),(36409,'INSERT INTO com_ventas_grupo (vgr_fecha,vgr_grupo,vgr_cantidad,vgr_total) VALUES (@@@2013.07.06@@@,23,4,13360)','',2,'2013-07-08'),(36410,'INSERT INTO com_ventas_grupo (vgr_fecha,vgr_grupo,vgr_cantidad,vgr_total) VALUES (@@@2013.07.06@@@,24,141,28660)','',2,'2013-07-08'),(36411,'INSERT INTO com_ventas_grupo (vgr_fecha,vgr_grupo,vgr_cantidad,vgr_total) VALUES (@@@2013.07.06@@@,25,102,155100)','',2,'2013-07-08'),(36412,'INSERT INTO com_ventas_grupo (vgr_fecha,vgr_grupo,vgr_cantidad,vgr_total) VALUES (@@@2013.07.06@@@,31,10,6980)','',2,'2013-07-08'),(36413,'INSERT INTO com_ventas_grupo (vgr_fecha,vgr_grupo,vgr_cantidad,vgr_total) VALUES (@@@2013.07.06@@@,32,270,104377)','',2,'2013-07-08'),(36414,'INSERT INTO com_ventas_grupo (vgr_fecha,vgr_grupo,vgr_cantidad,vgr_total) VALUES (@@@2013.07.06@@@,34,4,4800)','',2,'2013-07-08'),(36415,'INSERT INTO com_ventas_grupo (vgr_fecha,vgr_grupo,vgr_cantidad,vgr_total) VALUES (@@@2013.07.06@@@,35,8,6510)','',2,'2013-07-08'),(36416,'INSERT INTO com_ventas_grupo (vgr_fecha,vgr_grupo,vgr_cantidad,vgr_total) VALUES (@@@2013.07.06@@@,36,9,1430)','',2,'2013-07-08'),(36417,'INSERT INTO com_ventas_grupo (vgr_fecha,vgr_grupo,vgr_cantidad,vgr_total) VALUES (@@@2013.07.06@@@,37,15,14250)','',2,'2013-07-08'),(36418,'INSERT INTO com_ventas_grupo (vgr_fecha,vgr_grupo,vgr_cantidad,vgr_total) VALUES (@@@2013.07.06@@@,38,2,10240)','',2,'2013-07-08'),(36419,'INSERT INTO com_ventas_grupo (vgr_fecha,vgr_grupo,vgr_cantidad,vgr_total) VALUES (@@@2013.07.06@@@,39,8,12670)','',2,'2013-07-08'),(36420,'INSERT INTO com_ventas_grupo (vgr_fecha,vgr_grupo,vgr_cantidad,vgr_total) VALUES (@@@2013.07.06@@@,40,16487,16487)','',2,'2013-07-08'),(36421,'INSERT INTO com_ventas_grupo (vgr_fecha,vgr_grupo,vgr_cantidad,vgr_total) VALUES (@@@2013.07.06@@@,41,1,70)','',2,'2013-07-08'),(36422,'INSERT INTO com_ventas_grupo (vgr_fecha,vgr_grupo,vgr_cantidad,vgr_total) VALUES (@@@2013.07.06@@@,42,36.105,34897)','',2,'2013-07-08'),(36423,'UPDATE mae_datos_empresa SET emp_oferta=@@@NO@@@','',2,'2013-07-08'),(36424,'INSERT INTO gne_vale_ferreteria (vfe_id,vfe_fecha,vfe_total,vfe_estado,vfe_entregado,usu_nusuario) VALUES (4857,@@@2013.07.08@@@,300,1,0,@@@G_DIAZ@@@)','',2,'2013-07-08'),(36425,'INSERT INTO gne_vale_ferreteria_mov (vfe_id,pro_codigo_plu,vfm_cantidad,vfm_unitario,vfm_total,vfm_entregado) VALUES (4857,4130,3,100,300,@@@NO@@@)','',2,'2013-07-08'),(36426,'INSERT INTO gne_vale_ferreteria (vfe_id,vfe_fecha,vfe_total,vfe_estado,vfe_entregado,usu_nusuario) VALUES (4858,@@@2013.07.09@@@,450,1,0,@@@b_SAEZ@@@)','',2,'2013-07-09'),(36427,'INSERT INTO gne_vale_ferreteria_mov (vfe_id,pro_codigo_plu,vfm_cantidad,vfm_unitario,vfm_total,vfm_entregado) VALUES (4858,764539,1,450,450,@@@NO@@@)','',2,'2013-07-09'),(36428,'INSERT INTO gne_vale_ferreteria (vfe_id,vfe_fecha,vfe_total,vfe_estado,vfe_entregado,usu_nusuario) VALUES (4859,@@@2013.07.09@@@,290,1,0,@@@b_SAEZ@@@)','',2,'2013-07-09'),(36429,'INSERT INTO gne_vale_ferreteria_mov (vfe_id,pro_codigo_plu,vfm_cantidad,vfm_unitario,vfm_total,vfm_entregado) VALUES (4859,1559,1,290,290,@@@NO@@@)','',2,'2013-07-09'),(36430,'INSERT INTO gne_vale_ferreteria (vfe_id,vfe_fecha,vfe_total,vfe_estado,vfe_entregado,usu_nusuario) VALUES (4860,@@@2013.07.09@@@,450,1,0,@@@b_SAEZ@@@)','',2,'2013-07-09'),(36431,'INSERT INTO gne_vale_ferreteria_mov (vfe_id,pro_codigo_plu,vfm_cantidad,vfm_unitario,vfm_total,vfm_entregado) VALUES (4860,78017147,5,90,450,@@@NO@@@)','',2,'2013-07-09'),(36432,'INSERT INTO gne_vale_ferreteria (vfe_id,vfe_fecha,vfe_total,vfe_estado,vfe_entregado,usu_nusuario) VALUES (4861,@@@2013.07.09@@@,450,1,0,@@@b_SAEZ@@@)','',2,'2013-07-09'),(36433,'INSERT INTO gne_vale_ferreteria_mov (vfe_id,pro_codigo_plu,vfm_cantidad,vfm_unitario,vfm_total,vfm_entregado) VALUES (4861,764016,1,450,450,@@@NO@@@)','',2,'2013-07-09'),(36434,'INSERT INTO gne_vale_ferreteria (vfe_id,vfe_fecha,vfe_total,vfe_estado,vfe_entregado,usu_nusuario) VALUES (4862,@@@2013.07.09@@@,1080,1,0,@@@b_SAEZ@@@)','',2,'2013-07-09'),(36435,'INSERT INTO gne_vale_ferreteria_mov (vfe_id,pro_codigo_plu,vfm_cantidad,vfm_unitario,vfm_total,vfm_entregado) VALUES (4862,78017002,5,120,600,@@@NO@@@)','',2,'2013-07-09'),(36436,'INSERT INTO gne_vale_ferreteria_mov (vfe_id,pro_codigo_plu,vfm_cantidad,vfm_unitario,vfm_total,vfm_entregado) VALUES (4862,764766,4,120,480,@@@NO@@@)','',2,'2013-07-09'),(36437,'UPDATE mae_productos SET pro_activo=@@@0@@@ WHERE pro_codigo_plu=@@@1685@@@','',2,'2013-07-09'),(36438,'UPDATE mae_productos SET pro_activo=@@@0@@@ WHERE pro_codigo_plu=@@@2032@@@','',2,'2013-07-09'),(36439,'UPDATE mae_productos SET pro_activo=@@@0@@@ WHERE pro_codigo_plu=@@@1948@@@','',2,'2013-07-09'),(36440,'UPDATE mae_productos SET pro_activo=@@@0@@@ WHERE pro_codigo_plu=@@@2090@@@','',2,'2013-07-09'),(36441,'UPDATE mae_productos SET pro_activo=@@@0@@@ WHERE pro_codigo_plu=@@@2122@@@','',2,'2013-07-09'),(36442,'UPDATE mae_productos SET pro_activo=@@@0@@@ WHERE pro_codigo_plu=@@@2124@@@','',2,'2013-07-09'),(36443,'INSERT INTO gne_vale_ferreteria (vfe_id,vfe_fecha,vfe_total,vfe_estado,vfe_entregado,usu_nusuario) VALUES (4863,@@@2013.07.09@@@,790,1,0,@@@b_SAEZ@@@)','',2,'2013-07-09'),(36444,'INSERT INTO gne_vale_ferreteria_mov (vfe_id,pro_codigo_plu,vfm_cantidad,vfm_unitario,vfm_total,vfm_entregado) VALUES (4863,1071,1,790,790,@@@NO@@@)','',2,'2013-07-09'),(36445,'INSERT INTO gne_vale_ferreteria (vfe_id,vfe_fecha,vfe_total,vfe_estado,vfe_entregado,usu_nusuario) VALUES (4864,@@@2013.07.09@@@,490,1,0,@@@b_SAEZ@@@)','',2,'2013-07-09'),(36446,'INSERT INTO gne_vale_ferreteria_mov (vfe_id,pro_codigo_plu,vfm_cantidad,vfm_unitario,vfm_total,vfm_entregado) VALUES (4864,78017126,1,490,490,@@@NO@@@)','',2,'2013-07-09'),(36447,'INSERT INTO gne_vale_ferreteria (vfe_id,vfe_fecha,vfe_total,vfe_estado,vfe_entregado,usu_nusuario) VALUES (4865,@@@2013.07.09@@@,200,1,0,@@@b_SAEZ@@@)','',2,'2013-07-09'),(36448,'INSERT INTO gne_vale_ferreteria_mov (vfe_id,pro_codigo_plu,vfm_cantidad,vfm_unitario,vfm_total,vfm_entregado) VALUES (4865,880006,1,200,200,@@@NO@@@)','',2,'2013-07-09'),(36449,'INSERT INTO mae_productos (pro_codigo_plu,pro_codigo_barra,pro_tipo,pro_nombre_producto,pro_nombre_corto,med_id,emb_id,pro_unidades_embalaje,dep_id,lin_id,mar_id,pro_precio_compra_neto,pro_precio_compra_bruto,pro_precio_venta,pro_margen_actual,pro_oferta,pro_fecha_inicio_oferta,pro_fecha_termino_oferta,pro_precio_oferta,pro_stock_minimo,pro_stock_critico,pro_entradas_bodega,pro_salidas_bodega,pro_mermas_bodega,pro_ajustes_bodega,pro_entradas_sv,pro_salidas_sv,pro_mermas_sv,pro_ajustes_sv,pro_activo,rec_numero,pro_unidad,pro_capacidad,pro_consumo_bodega,pro_consumo_sv,pro_estado,pro_funcion_plu,pro_flejes,pro_iva,pro_plu_asociado,pro_envase,pro_duracion,pro_numero_etiqueta) VALUES (780721329,@@@780721329@@@,@@@0@@@,@@@AGILA CON CUERDA@@@,@@@AGILA CON CUERDA@@@,@@@1 @@@,@@@3 @@@,@@@0@@@,@@@23 @@@,@@@135@@@,@@@2507@@@,@@@0@@@,@@@0@@@,@@@1190@@@,@@@0@@@,@@@@@@,@@@2013.07.09@@@,@@@2013.07.09@@@,@@@0@@@,@@@0@@@,@@@0@@@,@@@0@@@,@@@0@@@,@@@0@@@,@@@0@@@,@@@0@@@,@@@0@@@,@@@0@@@,@@@0@@@,@@@1@@@,@@@0@@@,0,1,0,0,2,0,1,1,0,@@@NO@@@,0,0)','',2,'2013-07-09'),(36450,'DELETE FROM mae_impuestos_productos WHERE pro_codigo_plu=@@@780721329@@@','',2,'2013-07-09'),(36451,'INSERT INTO mae_productos (pro_codigo_plu,pro_codigo_barra,pro_tipo,pro_nombre_producto,pro_nombre_corto,med_id,emb_id,pro_unidades_embalaje,dep_id,lin_id,mar_id,pro_precio_compra_neto,pro_precio_compra_bruto,pro_precio_venta,pro_margen_actual,pro_oferta,pro_fecha_inicio_oferta,pro_fecha_termino_oferta,pro_precio_oferta,pro_stock_minimo,pro_stock_critico,pro_entradas_bodega,pro_salidas_bodega,pro_mermas_bodega,pro_ajustes_bodega,pro_entradas_sv,pro_salidas_sv,pro_mermas_sv,pro_ajustes_sv,pro_activo,rec_numero,pro_unidad,pro_capacidad,pro_consumo_bodega,pro_consumo_sv,pro_estado,pro_funcion_plu,pro_flejes,pro_iva,pro_plu_asociado,pro_envase,pro_duracion,pro_numero_etiqueta) VALUES (780721330,@@@780721330@@@,@@@0@@@,@@@PATO A CUERDA@@@,@@@PATO A CUERDA@@@,@@@1 @@@,@@@3 @@@,@@@0@@@,@@@23 @@@,@@@135@@@,@@@2507@@@,@@@0@@@,@@@0@@@,@@@690@@@,@@@0@@@,@@@@@@,@@@2013.07.09@@@,@@@2013.07.09@@@,@@@0@@@,@@@0@@@,@@@0@@@,@@@0@@@,@@@0@@@,@@@0@@@,@@@0@@@,@@@0@@@,@@@0@@@,@@@0@@@,@@@0@@@,@@@1@@@,@@@0@@@,0,1,0,0,2,0,1,1,0,@@@NO@@@,0,0)','',2,'2013-07-09'),(36452,'DELETE FROM mae_impuestos_productos WHERE pro_codigo_plu=@@@780721330@@@','',2,'2013-07-09'),(36453,'INSERT INTO gne_vale_ferreteria (vfe_id,vfe_fecha,vfe_total,vfe_estado,vfe_entregado,usu_nusuario) VALUES (4866,@@@2013.07.09@@@,1890,1,0,@@@b_SAEZ@@@)','',2,'2013-07-09'),(36454,'INSERT INTO gne_vale_ferreteria_mov (vfe_id,pro_codigo_plu,vfm_cantidad,vfm_unitario,vfm_total,vfm_entregado) VALUES (4866,101624,1,1890,1890,@@@NO@@@)','',2,'2013-07-09'),(36455,'INSERT INTO gne_vale_ferreteria (vfe_id,vfe_fecha,vfe_total,vfe_estado,vfe_entregado,usu_nusuario) VALUES (4867,@@@2013.07.09@@@,450,1,0,@@@b_SAEZ@@@)','',2,'2013-07-09'),(36456,'INSERT INTO gne_vale_ferreteria_mov (vfe_id,pro_codigo_plu,vfm_cantidad,vfm_unitario,vfm_total,vfm_entregado) VALUES (4867,764016,1,450,450,@@@NO@@@)','',2,'2013-07-09'),(36457,'INSERT INTO gne_vale_ferreteria (vfe_id,vfe_fecha,vfe_total,vfe_estado,vfe_entregado,usu_nusuario) VALUES (4868,@@@2013.07.09@@@,265,1,0,@@@b_SAEZ@@@)','',2,'2013-07-09'),(36458,'INSERT INTO gne_vale_ferreteria_mov (vfe_id,pro_codigo_plu,vfm_cantidad,vfm_unitario,vfm_total,vfm_entregado) VALUES (4868,4091,1,250,250,@@@NO@@@)','',2,'2013-07-09'),(36459,'INSERT INTO gne_vale_ferreteria_mov (vfe_id,pro_codigo_plu,vfm_cantidad,vfm_unitario,vfm_total,vfm_entregado) VALUES (4868,13229,1,15,15,@@@NO@@@)','',2,'2013-07-09'),(36460,'INSERT INTO mae_productos (pro_codigo_plu,pro_codigo_barra,pro_tipo,pro_nombre_producto,pro_nombre_corto,med_id,emb_id,pro_unidades_embalaje,dep_id,lin_id,mar_id,pro_precio_compra_neto,pro_precio_compra_bruto,pro_precio_venta,pro_margen_actual,pro_oferta,pro_fecha_inicio_oferta,pro_fecha_termino_oferta,pro_precio_oferta,pro_stock_minimo,pro_stock_critico,pro_entradas_bodega,pro_salidas_bodega,pro_mermas_bodega,pro_ajustes_bodega,pro_entradas_sv,pro_salidas_sv,pro_mermas_sv,pro_ajustes_sv,pro_activo,rec_numero,pro_unidad,pro_capacidad,pro_consumo_bodega,pro_consumo_sv,pro_estado,pro_funcion_plu,pro_flejes,pro_iva,pro_plu_asociado,pro_envase,pro_duracion,pro_numero_etiqueta) VALUES (780721331,@@@7804960066341@@@,@@@0@@@,@@@TINTURA GARNIER CASTAÑO CENIZA ROJIZO 3.16@@@,@@@TINTURA GARNIER @@@,@@@7 @@@,@@@3 @@@,@@@6@@@,@@@21 @@@,@@@130@@@,@@@1172@@@,@@@0@@@,@@@1588@@@,@@@1@@@,@@@-99.94@@@,@@@@@@,@@@2006.09.07@@@,@@@2006.09.07@@@,@@@0@@@,@@@4@@@,@@@1@@@,@@@0@@@,@@@0@@@,@@@0@@@,@@@0@@@,@@@0@@@,@@@0@@@,@@@0@@@,@@@0@@@,@@@1@@@,@@@0@@@,0,67.5,0,0,2,0,1,1,0,@@@NO@@@,0,0)','',2,'2013-07-09'),(36461,'DELETE FROM mae_impuestos_productos WHERE pro_codigo_plu=@@@780721331@@@','',2,'2013-07-09'),(36462,'INSERT INTO mae_productos (pro_codigo_plu,pro_codigo_barra,pro_tipo,pro_nombre_producto,pro_nombre_corto,med_id,emb_id,pro_unidades_embalaje,dep_id,lin_id,mar_id,pro_precio_compra_neto,pro_precio_compra_bruto,pro_precio_venta,pro_margen_actual,pro_oferta,pro_fecha_inicio_oferta,pro_fecha_termino_oferta,pro_precio_oferta,pro_stock_minimo,pro_stock_critico,pro_entradas_bodega,pro_salidas_bodega,pro_mermas_bodega,pro_ajustes_bodega,pro_entradas_sv,pro_salidas_sv,pro_mermas_sv,pro_ajustes_sv,pro_activo,rec_numero,pro_unidad,pro_capacidad,pro_consumo_bodega,pro_consumo_sv,pro_estado,pro_funcion_plu,pro_flejes,pro_iva,pro_plu_asociado,pro_envase,pro_duracion,pro_numero_etiqueta) VALUES (780721332,@@@7804960066471@@@,@@@0@@@,@@@TINTURA GARNIER RUBIO CENIZA DORADO 9.13@@@,@@@TINTURA GARNIER @@@,@@@7 @@@,@@@3 @@@,@@@6@@@,@@@21 @@@,@@@130@@@,@@@1172@@@,@@@0@@@,@@@1588@@@,@@@1@@@,@@@-99.94@@@,@@@@@@,@@@2006.09.07@@@,@@@2006.09.07@@@,@@@0@@@,@@@6@@@,@@@1@@@,@@@0@@@,@@@0@@@,@@@0@@@,@@@0@@@,@@@0@@@,@@@0@@@,@@@0@@@,@@@0@@@,@@@1@@@,@@@0@@@,0,67.5,0,0,2,0,1,1,0,@@@NO@@@,0,0)','',2,'2013-07-09'),(36463,'DELETE FROM mae_impuestos_productos WHERE pro_codigo_plu=@@@780721332@@@','',2,'2013-07-09'),(36464,'INSERT INTO mae_productos (pro_codigo_plu,pro_codigo_barra,pro_tipo,pro_nombre_producto,pro_nombre_corto,med_id,emb_id,pro_unidades_embalaje,dep_id,lin_id,mar_id,pro_precio_compra_neto,pro_precio_compra_bruto,pro_precio_venta,pro_margen_actual,pro_oferta,pro_fecha_inicio_oferta,pro_fecha_termino_oferta,pro_precio_oferta,pro_stock_minimo,pro_stock_critico,pro_entradas_bodega,pro_salidas_bodega,pro_mermas_bodega,pro_ajustes_bodega,pro_entradas_sv,pro_salidas_sv,pro_mermas_sv,pro_ajustes_sv,pro_activo,rec_numero,pro_unidad,pro_capacidad,pro_consumo_bodega,pro_consumo_sv,pro_estado,pro_funcion_plu,pro_flejes,pro_iva,pro_plu_asociado,pro_envase,pro_duracion,pro_numero_etiqueta) VALUES (780721333,@@@7804960066334@@@,@@@0@@@,@@@TINTUTA GARNIER CASTAÑO OSCURO 3.0@@@,@@@TINTUTA GARNIER @@@,@@@7 @@@,@@@3 @@@,@@@6@@@,@@@21 @@@,@@@130@@@,@@@1172@@@,@@@0@@@,@@@1588@@@,@@@1@@@,@@@-99.94@@@,@@@@@@,@@@2006.09.07@@@,@@@2006.09.07@@@,@@@0@@@,@@@6@@@,@@@1@@@,@@@0@@@,@@@0@@@,@@@0@@@,@@@0@@@,@@@0@@@,@@@0@@@,@@@0@@@,@@@0@@@,@@@1@@@,@@@0@@@,0,67.5,0,0,2,0,1,1,0,@@@NO@@@,0,0)','',2,'2013-07-09'),(36465,'DELETE FROM mae_impuestos_productos WHERE pro_codigo_plu=@@@780721333@@@','',2,'2013-07-09'),(36466,'INSERT INTO mae_productos (pro_codigo_plu,pro_codigo_barra,pro_tipo,pro_nombre_producto,pro_nombre_corto,med_id,emb_id,pro_unidades_embalaje,dep_id,lin_id,mar_id,pro_precio_compra_neto,pro_precio_compra_bruto,pro_precio_venta,pro_margen_actual,pro_oferta,pro_fecha_inicio_oferta,pro_fecha_termino_oferta,pro_precio_oferta,pro_stock_minimo,pro_stock_critico,pro_entradas_bodega,pro_salidas_bodega,pro_mermas_bodega,pro_ajustes_bodega,pro_entradas_sv,pro_salidas_sv,pro_mermas_sv,pro_ajustes_sv,pro_activo,rec_numero,pro_unidad,pro_capacidad,pro_consumo_bodega,pro_consumo_sv,pro_estado,pro_funcion_plu,pro_flejes,pro_iva,pro_plu_asociado,pro_envase,pro_duracion,pro_numero_etiqueta) VALUES (780721334,@@@7804960066358@@@,@@@0@@@,@@@TINTURA GARNIER CASTAÑO 4.0@@@,@@@TINTURA GARNIER @@@,@@@7 @@@,@@@3 @@@,@@@6@@@,@@@21 @@@,@@@130@@@,@@@1172@@@,@@@0@@@,@@@1588@@@,@@@1@@@,@@@-99.94@@@,@@@@@@,@@@2006.09.07@@@,@@@2006.09.07@@@,@@@0@@@,@@@6@@@,@@@1@@@,@@@0@@@,@@@0@@@,@@@0@@@,@@@0@@@,@@@0@@@,@@@0@@@,@@@0@@@,@@@0@@@,@@@1@@@,@@@0@@@,0,67.5,0,0,2,0,1,1,0,@@@NO@@@,0,0)','',2,'2013-07-09'),(36467,'DELETE FROM mae_impuestos_productos WHERE pro_codigo_plu=@@@780721334@@@','',2,'2013-07-09'),(36468,'INSERT INTO gne_vale_ferreteria (vfe_id,vfe_fecha,vfe_total,vfe_estado,vfe_entregado,usu_nusuario) VALUES (4869,@@@2013.07.09@@@,400,1,0,@@@b_SAEZ@@@)','',2,'2013-07-09'),(36469,'INSERT INTO gne_vale_ferreteria_mov (vfe_id,pro_codigo_plu,vfm_cantidad,vfm_unitario,vfm_total,vfm_entregado) VALUES (4869,770000,4,50,200,@@@NO@@@)','',2,'2013-07-09'),(36470,'INSERT INTO gne_vale_ferreteria_mov (vfe_id,pro_codigo_plu,vfm_cantidad,vfm_unitario,vfm_total,vfm_entregado) VALUES (4869,101101,1,200,200,@@@NO@@@)','',2,'2013-07-09'),(36471,'INSERT INTO gne_vale_ferreteria (vfe_id,vfe_fecha,vfe_total,vfe_estado,vfe_entregado,usu_nusuario) VALUES (4870,@@@2013.07.09@@@,3570,1,0,@@@b_SAEZ@@@)','',2,'2013-07-09'),(36472,'INSERT INTO gne_vale_ferreteria_mov (vfe_id,pro_codigo_plu,vfm_cantidad,vfm_unitario,vfm_total,vfm_entregado) VALUES (4870,78017104,2,490,980,@@@NO@@@)','',2,'2013-07-09'),(36473,'INSERT INTO gne_vale_ferreteria_mov (vfe_id,pro_codigo_plu,vfm_cantidad,vfm_unitario,vfm_total,vfm_entregado) VALUES (4870,10179,1,2590,2590,@@@NO@@@)','',2,'2013-07-09'),(36474,'INSERT INTO gne_vale_ferreteria (vfe_id,vfe_fecha,vfe_total,vfe_estado,vfe_entregado,usu_nusuario) VALUES (4871,@@@2013.07.09@@@,50,1,0,@@@b_SAEZ@@@)','',2,'2013-07-09'),(36475,'INSERT INTO gne_vale_ferreteria_mov (vfe_id,pro_codigo_plu,vfm_cantidad,vfm_unitario,vfm_total,vfm_entregado) VALUES (4871,78017027,1,50,50,@@@NO@@@)','',2,'2013-07-09'),(36476,'INSERT INTO gne_vale_ferreteria (vfe_id,vfe_fecha,vfe_total,vfe_estado,vfe_entregado,usu_nusuario) VALUES (4872,@@@2013.07.09@@@,50,1,0,@@@b_SAEZ@@@)','',2,'2013-07-09'),(36477,'INSERT INTO gne_vale_ferreteria_mov (vfe_id,pro_codigo_plu,vfm_cantidad,vfm_unitario,vfm_total,vfm_entregado) VALUES (4872,4129,1,50,50,@@@NO@@@)','',2,'2013-07-09'),(36478,'INSERT INTO gne_vale_ferreteria (vfe_id,vfe_fecha,vfe_total,vfe_estado,vfe_entregado,usu_nusuario) VALUES (4873,@@@2013.07.09@@@,3890,1,0,@@@b_SAEZ@@@)','',2,'2013-07-09'),(36479,'INSERT INTO gne_vale_ferreteria_mov (vfe_id,pro_codigo_plu,vfm_cantidad,vfm_unitario,vfm_total,vfm_entregado) VALUES (4873,764626,1,3890,3890,@@@NO@@@)','',2,'2013-07-09'),(36480,'INSERT INTO gne_vale_ferreteria (vfe_id,vfe_fecha,vfe_total,vfe_estado,vfe_entregado,usu_nusuario) VALUES (4874,@@@2013.07.09@@@,1490,1,0,@@@b_SAEZ@@@)','',2,'2013-07-09'),(36481,'INSERT INTO gne_vale_ferreteria_mov (vfe_id,pro_codigo_plu,vfm_cantidad,vfm_unitario,vfm_total,vfm_entregado) VALUES (4874,4056,1,1490,1490,@@@NO@@@)','',2,'2013-07-09'),(36482,'INSERT INTO gne_vale_ferreteria (vfe_id,vfe_fecha,vfe_total,vfe_estado,vfe_entregado,usu_nusuario) VALUES (4875,@@@2013.07.09@@@,390,1,0,@@@b_SAEZ@@@)','',2,'2013-07-09'),(36483,'INSERT INTO gne_vale_ferreteria_mov (vfe_id,pro_codigo_plu,vfm_cantidad,vfm_unitario,vfm_total,vfm_entregado) VALUES (4875,4090,1,390,390,@@@NO@@@)','',2,'2013-07-09'),(36484,'INSERT INTO gne_vale_ferreteria (vfe_id,vfe_fecha,vfe_total,vfe_estado,vfe_entregado,usu_nusuario) VALUES (4876,@@@2013.07.09@@@,1490,1,0,@@@b_SAEZ@@@)','',2,'2013-07-09'),(36485,'INSERT INTO gne_vale_ferreteria_mov (vfe_id,pro_codigo_plu,vfm_cantidad,vfm_unitario,vfm_total,vfm_entregado) VALUES (4876,763654,1,1490,1490,@@@NO@@@)','',2,'2013-07-09'),(36486,'INSERT INTO mae_productos (pro_codigo_plu,pro_codigo_barra,pro_tipo,pro_nombre_producto,pro_nombre_corto,med_id,emb_id,pro_unidades_embalaje,dep_id,lin_id,mar_id,pro_precio_compra_neto,pro_precio_compra_bruto,pro_precio_venta,pro_margen_actual,pro_oferta,pro_fecha_inicio_oferta,pro_fecha_termino_oferta,pro_precio_oferta,pro_stock_minimo,pro_stock_critico,pro_entradas_bodega,pro_salidas_bodega,pro_mermas_bodega,pro_ajustes_bodega,pro_entradas_sv,pro_salidas_sv,pro_mermas_sv,pro_ajustes_sv,pro_activo,rec_numero,pro_unidad,pro_capacidad,pro_consumo_bodega,pro_consumo_sv,pro_estado,pro_funcion_plu,pro_flejes,pro_iva,pro_plu_asociado,pro_envase,pro_duracion,pro_numero_etiqueta) VALUES (780721335,@@@7802215515538@@@,@@@0@@@,@@@GALLETA TOY STORY DISNEY 35G@@@,@@@GALLETA TOY STOR@@@,@@@5 @@@,@@@6 @@@,@@@10@@@,@@@32 @@@,@@@18@@@,@@@1694@@@,@@@0@@@,@@@92.82@@@,@@@1@@@,@@@-98.92@@@,@@@@@@,@@@2006.09.07@@@,@@@2006.09.07@@@,@@@0@@@,@@@10@@@,@@@1@@@,@@@0@@@,@@@0@@@,@@@0@@@,@@@0@@@,@@@0@@@,@@@0@@@,@@@0@@@,@@@0@@@,@@@1@@@,@@@0@@@,0,35,0,0,2,0,1,1,0,@@@NO@@@,0,0)','',2,'2013-07-09'),(36487,'DELETE FROM mae_impuestos_productos WHERE pro_codigo_plu=@@@780721335@@@','',2,'2013-07-09'),(36488,'INSERT INTO gne_vale_ferreteria (vfe_id,vfe_fecha,vfe_total,vfe_estado,vfe_entregado,usu_nusuario) VALUES (4877,@@@2013.07.09@@@,1160,1,0,@@@b_SAEZ@@@)','',2,'2013-07-09'),(36489,'INSERT INTO gne_vale_ferreteria_mov (vfe_id,pro_codigo_plu,vfm_cantidad,vfm_unitario,vfm_total,vfm_entregado) VALUES (4877,78017145,4,290,1160,@@@NO@@@)','',2,'2013-07-09'),(36490,'INSERT INTO mae_productos (pro_codigo_plu,pro_codigo_barra,pro_tipo,pro_nombre_producto,pro_nombre_corto,med_id,emb_id,pro_unidades_embalaje,dep_id,lin_id,mar_id,pro_precio_compra_neto,pro_precio_compra_bruto,pro_precio_venta,pro_margen_actual,pro_oferta,pro_fecha_inicio_oferta,pro_fecha_termino_oferta,pro_precio_oferta,pro_stock_minimo,pro_stock_critico,pro_entradas_bodega,pro_salidas_bodega,pro_mermas_bodega,pro_ajustes_bodega,pro_entradas_sv,pro_salidas_sv,pro_mermas_sv,pro_ajustes_sv,pro_activo,rec_numero,pro_unidad,pro_capacidad,pro_consumo_bodega,pro_consumo_sv,pro_estado,pro_funcion_plu,pro_flejes,pro_iva,pro_plu_asociado,pro_envase,pro_duracion,pro_numero_etiqueta) VALUES (780721336,@@@7802215516405@@@,@@@0@@@,@@@GALLETA CARS DISNEY COSTA 35G@@@,@@@GALLETA CARS DIS@@@,@@@5 @@@,@@@6 @@@,@@@10@@@,@@@32 @@@,@@@18@@@,@@@1694@@@,@@@0@@@,@@@92.82@@@,@@@1@@@,@@@-98.92@@@,@@@@@@,@@@2006.09.07@@@,@@@2006.09.07@@@,@@@0@@@,@@@10@@@,@@@1@@@,@@@0@@@,@@@0@@@,@@@0@@@,@@@0@@@,@@@0@@@,@@@0@@@,@@@0@@@,@@@0@@@,@@@1@@@,@@@0@@@,0,35,0,0,2,0,1,1,0,@@@NO@@@,0,0)','',2,'2013-07-09'),(36491,'DELETE FROM mae_impuestos_productos WHERE pro_codigo_plu=@@@780721336@@@','',2,'2013-07-09'),(36492,'INSERT INTO gne_vale_ferreteria (vfe_id,vfe_fecha,vfe_total,vfe_estado,vfe_entregado,usu_nusuario) VALUES (4878,@@@2013.07.09@@@,2090,1,0,@@@b_SAEZ@@@)','',2,'2013-07-09'),(36493,'INSERT INTO gne_vale_ferreteria_mov (vfe_id,pro_codigo_plu,vfm_cantidad,vfm_unitario,vfm_total,vfm_entregado) VALUES (4878,101680,1,1890,1890,@@@NO@@@)','',2,'2013-07-09'),(36494,'INSERT INTO gne_vale_ferreteria_mov (vfe_id,pro_codigo_plu,vfm_cantidad,vfm_unitario,vfm_total,vfm_entregado) VALUES (4878,78017201,1,200,200,@@@NO@@@)','',2,'2013-07-09'),(36495,'INSERT INTO gne_vale_ferreteria (vfe_id,vfe_fecha,vfe_total,vfe_estado,vfe_entregado,usu_nusuario) VALUES (4879,@@@2013.07.09@@@,540,1,0,@@@b_SAEZ@@@)','',2,'2013-07-09'),(36496,'INSERT INTO gne_vale_ferreteria_mov (vfe_id,pro_codigo_plu,vfm_cantidad,vfm_unitario,vfm_total,vfm_entregado) VALUES (4879,19916,1,540,540,@@@NO@@@)','',2,'2013-07-09'),(36497,'UPDATE mae_productos SET pro_precio_compra_bruto=1390,pro_margen_actual=(pro_precio_venta-1390)/1390 * 100,pro_ultima_compra=@@@2013.07.09@@@,pro_ultimo_proveedor=@@@76193222-5@@@ WHERE pro_codigo_plu=763604','',2,'2013-07-09'),(36498,'UPDATE mae_productos SET pro_precio_compra_bruto=1390,pro_margen_actual=(pro_precio_venta-1390)/1390 * 100,pro_ultima_compra=@@@2013.07.09@@@,pro_ultimo_proveedor=@@@76193222-5@@@ WHERE pro_codigo_plu=780721331','',2,'2013-07-09'),(36499,'UPDATE mae_productos SET pro_precio_compra_bruto=1390,pro_margen_actual=(pro_precio_venta-1390)/1390 * 100,pro_ultima_compra=@@@2013.07.09@@@,pro_ultimo_proveedor=@@@76193222-5@@@ WHERE pro_codigo_plu=763583','',2,'2013-07-09'),(36500,'UPDATE mae_productos SET pro_precio_compra_bruto=1390,pro_margen_actual=(pro_precio_venta-1390)/1390 * 100,pro_ultima_compra=@@@2013.07.09@@@,pro_ultimo_proveedor=@@@76193222-5@@@ WHERE pro_codigo_plu=780721332','',2,'2013-07-09'),(36501,'UPDATE mae_productos SET pro_precio_compra_bruto=1390,pro_margen_actual=(pro_precio_venta-1390)/1390 * 100,pro_ultima_compra=@@@2013.07.09@@@,pro_ultimo_proveedor=@@@76193222-5@@@ WHERE pro_codigo_plu=763598','',2,'2013-07-09'),(36502,'UPDATE mae_productos SET pro_precio_compra_bruto=1390,pro_margen_actual=(pro_precio_venta-1390)/1390 * 100,pro_ultima_compra=@@@2013.07.09@@@,pro_ultimo_proveedor=@@@76193222-5@@@ WHERE pro_codigo_plu=780721333','',2,'2013-07-09'),(36503,'UPDATE mae_productos SET pro_precio_compra_bruto=1390,pro_margen_actual=(pro_precio_venta-1390)/1390 * 100,pro_ultima_compra=@@@2013.07.09@@@,pro_ultimo_proveedor=@@@76193222-5@@@ WHERE pro_codigo_plu=78016984','',2,'2013-07-09'),(36504,'UPDATE mae_productos SET pro_precio_compra_bruto=1390,pro_margen_actual=(pro_precio_venta-1390)/1390 * 100,pro_ultima_compra=@@@2013.07.09@@@,pro_ultimo_proveedor=@@@76193222-5@@@ WHERE pro_codigo_plu=763609','',2,'2013-07-09'),(36505,'UPDATE mae_productos SET pro_precio_compra_bruto=1390,pro_margen_actual=(pro_precio_venta-1390)/1390 * 100,pro_ultima_compra=@@@2013.07.09@@@,pro_ultimo_proveedor=@@@76193222-5@@@ WHERE pro_codigo_plu=780721334','',2,'2013-07-09'),(36506,'UPDATE mae_productos SET pro_precio_compra_bruto=1390,pro_margen_actual=(pro_precio_venta-1390)/1390 * 100,pro_ultima_compra=@@@2013.07.09@@@,pro_ultimo_proveedor=@@@76193222-5@@@ WHERE pro_codigo_plu=763599','',2,'2013-07-09'),(36507,'UPDATE mae_productos SET pro_precio_compra_bruto=1390,pro_margen_actual=(pro_precio_venta-1390)/1390 * 100,pro_ultima_compra=@@@2013.07.09@@@,pro_ultimo_proveedor=@@@76193222-5@@@ WHERE pro_codigo_plu=763600','',2,'2013-07-09'),(36508,'UPDATE mae_productos SET pro_precio_compra_bruto=1390,pro_margen_actual=(pro_precio_venta-1390)/1390 * 100,pro_ultima_compra=@@@2013.07.09@@@,pro_ultimo_proveedor=@@@76193222-5@@@ WHERE pro_codigo_plu=763606','',2,'2013-07-09'),(36509,'UPDATE mae_productos SET pro_precio_compra_bruto=1390,pro_margen_actual=(pro_precio_venta-1390)/1390 * 100,pro_ultima_compra=@@@2013.07.09@@@,pro_ultimo_proveedor=@@@76193222-5@@@ WHERE pro_codigo_plu=763607','',2,'2013-07-09'),(36510,'UPDATE mae_productos SET pro_precio_compra_bruto=1390,pro_margen_actual=(pro_precio_venta-1390)/1390 * 100,pro_ultima_compra=@@@2013.07.09@@@,pro_ultimo_proveedor=@@@76193222-5@@@ WHERE pro_codigo_plu=763603','',2,'2013-07-09'),(36511,'UPDATE mae_productos SET pro_precio_compra_bruto=1390,pro_margen_actual=(pro_precio_venta-1390)/1390 * 100,pro_ultima_compra=@@@2013.07.09@@@,pro_ultimo_proveedor=@@@76193222-5@@@ WHERE pro_codigo_plu=78016981','',2,'2013-07-09'),(36512,'UPDATE mae_productos SET pro_precio_compra_bruto=1390,pro_margen_actual=(pro_precio_venta-1390)/1390 * 100,pro_ultima_compra=@@@2013.07.09@@@,pro_ultimo_proveedor=@@@76193222-5@@@ WHERE pro_codigo_plu=763602','',2,'2013-07-09'),(36513,'UPDATE mae_productos SET pro_precio_fiscal=pro_precio_venta WHERE pro_codigo_plu=10976','',2,'2013-07-09'),(36514,'UPDATE mae_productos SET pro_precio_fiscal=pro_precio_venta WHERE pro_codigo_plu=11181','',2,'2013-07-09'),(36515,'UPDATE mae_productos SET pro_precio_fiscal=pro_precio_venta WHERE pro_codigo_plu=11304','',2,'2013-07-09'),(36516,'UPDATE mae_productos SET pro_precio_fiscal=pro_precio_venta WHERE pro_codigo_plu=11398','',2,'2013-07-09'),(36517,'UPDATE mae_productos SET pro_precio_fiscal=pro_precio_venta WHERE pro_codigo_plu=780721328','',2,'2013-07-09'),(36518,'UPDATE mae_productos SET pro_precio_fiscal=pro_precio_venta WHERE pro_codigo_plu=780721329','',2,'2013-07-09'),(36519,'UPDATE mae_productos SET pro_precio_fiscal=pro_precio_venta WHERE pro_codigo_plu=780721330','',2,'2013-07-09'),(36520,'INSERT INTO gne_vale_ferreteria (vfe_id,vfe_fecha,vfe_total,vfe_estado,vfe_entregado,usu_nusuario) VALUES (4880,@@@2013.07.09@@@,360,1,0,@@@b_SAEZ@@@)','',2,'2013-07-09'),(36521,'INSERT INTO gne_vale_ferreteria_mov (vfe_id,pro_codigo_plu,vfm_cantidad,vfm_unitario,vfm_total,vfm_entregado) VALUES (4880,78017026,4,90,360,@@@NO@@@)','',2,'2013-07-09'),(36522,'INSERT INTO gne_vale_ferreteria (vfe_id,vfe_fecha,vfe_total,vfe_estado,vfe_entregado,usu_nusuario) VALUES (4881,@@@2013.07.09@@@,490,1,0,@@@b_SAEZ@@@)','',2,'2013-07-09'),(36523,'INSERT INTO gne_vale_ferreteria_mov (vfe_id,pro_codigo_plu,vfm_cantidad,vfm_unitario,vfm_total,vfm_entregado) VALUES (4881,2006,1,490,490,@@@NO@@@)','',2,'2013-07-09'),(36524,'UPDATE mae_productos SET pro_margen_actual=-98.92,pro_precio_venta=1 WHERE pro_codigo_plu=780721336','',2,'2013-07-09'),(36525,'UPDATE mae_productos SET pro_margen_actual=-98.92,pro_precio_venta=1 WHERE pro_codigo_plu=780721335','',2,'2013-07-09'),(36526,'UPDATE mae_productos SET pro_margen_actual=35.97,pro_precio_venta=1890 WHERE pro_codigo_plu=780721334','',2,'2013-07-09'),(36527,'UPDATE mae_productos SET pro_margen_actual=35.97,pro_precio_venta=1890 WHERE pro_codigo_plu=780721331','',2,'2013-07-09'),(36528,'UPDATE mae_productos SET pro_margen_actual=35.97,pro_precio_venta=1890 WHERE pro_codigo_plu=780721332','',2,'2013-07-09'),(36529,'UPDATE mae_productos SET pro_margen_actual=35.97,pro_precio_venta=1890 WHERE pro_codigo_plu=780721333','',2,'2013-07-09'),(36530,'UPDATE mae_productos SET pro_precio_fiscal=pro_precio_venta WHERE pro_codigo_plu=780721335','',2,'2013-07-09'),(36531,'UPDATE mae_productos SET pro_precio_fiscal=pro_precio_venta WHERE pro_codigo_plu=780721336','',2,'2013-07-09'),(36532,'UPDATE mae_productos SET pro_precio_fiscal=pro_precio_venta WHERE pro_codigo_plu=780721333','',2,'2013-07-09'),(36533,'UPDATE mae_productos SET pro_precio_fiscal=pro_precio_venta WHERE pro_codigo_plu=780721331','',2,'2013-07-09'),(36534,'UPDATE mae_productos SET pro_precio_fiscal=pro_precio_venta WHERE pro_codigo_plu=780721334','',2,'2013-07-09'),(36535,'UPDATE mae_productos SET pro_precio_fiscal=pro_precio_venta WHERE pro_codigo_plu=780721332','',2,'2013-07-09'),(36536,'UPDATE mae_productos SET pro_margen_actual=0,pro_precio_venta=690 WHERE pro_codigo_plu=607','',2,'2013-07-09'),(36537,'UPDATE mae_productos SET pro_margen_actual=0,pro_precio_venta=1790 WHERE pro_codigo_plu=561','',2,'2013-07-09'),(36538,'UPDATE mae_productos SET pro_margen_actual=0,pro_precio_venta=1299 WHERE pro_codigo_plu=580','',2,'2013-07-09'),(36539,'UPDATE mae_productos SET pro_margen_actual=0,pro_precio_venta=450 WHERE pro_codigo_plu=572','',2,'2013-07-09'),(36540,'UPDATE mae_productos SET pro_margen_actual=0,pro_precio_venta=399 WHERE pro_codigo_plu=608','',2,'2013-07-09'),(36541,'UPDATE mae_productos SET pro_precio_fiscal=pro_precio_venta WHERE pro_codigo_plu=561','',2,'2013-07-09'),(36542,'UPDATE mae_productos SET pro_precio_fiscal=pro_precio_venta WHERE pro_codigo_plu=572','',2,'2013-07-09'),(36543,'UPDATE mae_productos SET pro_precio_fiscal=pro_precio_venta WHERE pro_codigo_plu=580','',2,'2013-07-09'),(36544,'UPDATE mae_productos SET pro_precio_fiscal=pro_precio_venta WHERE pro_codigo_plu=607','',2,'2013-07-09'),(36545,'INSERT INTO mae_productos (pro_codigo_plu,pro_codigo_barra,pro_tipo,pro_nombre_producto,pro_nombre_corto,med_id,emb_id,pro_unidades_embalaje,dep_id,lin_id,mar_id,pro_precio_compra_neto,pro_precio_compra_bruto,pro_precio_venta,pro_margen_actual,pro_oferta,pro_fecha_inicio_oferta,pro_fecha_termino_oferta,pro_precio_oferta,pro_stock_minimo,pro_stock_critico,pro_entradas_bodega,pro_salidas_bodega,pro_mermas_bodega,pro_ajustes_bodega,pro_entradas_sv,pro_salidas_sv,pro_mermas_sv,pro_ajustes_sv,pro_activo,rec_numero,pro_unidad,pro_capacidad,pro_consumo_bodega,pro_consumo_sv,pro_estado,pro_funcion_plu,pro_flejes,pro_iva,pro_plu_asociado,pro_envase,pro_duracion,pro_numero_etiqueta) VALUES (780721337,@@@7802200266193@@@,@@@0@@@,@@@JUGO VIVO  CAROZZI BERRIES 8G@@@,@@@JUGO VIVO  CAROZ@@@,@@@5 @@@,@@@3 @@@,@@@10@@@,@@@40 @@@,@@@208@@@,@@@1279@@@,@@@0@@@,@@@111.86@@@,@@@1@@@,@@@-99.11@@@,@@@@@@,@@@2006.09.07@@@,@@@2006.09.07@@@,@@@0@@@,@@@10@@@,@@@1@@@,@@@0@@@,@@@0@@@,@@@0@@@,@@@0@@@,@@@0@@@,@@@0@@@,@@@0@@@,@@@0@@@,@@@1@@@,@@@0@@@,0,8,0,0,2,0,1,1,0,@@@NO@@@,0,0)','',2,'2013-07-09'),(36546,'DELETE FROM mae_impuestos_productos WHERE pro_codigo_plu=@@@780721337@@@','',2,'2013-07-09'),(36547,'INSERT INTO gne_vale_ferreteria (vfe_id,vfe_fecha,vfe_total,vfe_estado,vfe_entregado,usu_nusuario) VALUES (4882,@@@2013.07.09@@@,1190,1,0,@@@b_SAEZ@@@)','',2,'2013-07-09'),(36548,'INSERT INTO gne_vale_ferreteria_mov (vfe_id,pro_codigo_plu,vfm_cantidad,vfm_unitario,vfm_total,vfm_entregado) VALUES (4882,764990,1,1190,1190,@@@NO@@@)','',2,'2013-07-09'),(36549,'INSERT INTO gne_vale_ferreteria (vfe_id,vfe_fecha,vfe_total,vfe_estado,vfe_entregado,usu_nusuario) VALUES (4883,@@@2013.07.09@@@,150,1,0,@@@b_SAEZ@@@)','',2,'2013-07-09'),(36550,'INSERT INTO gne_vale_ferreteria_mov (vfe_id,pro_codigo_plu,vfm_cantidad,vfm_unitario,vfm_total,vfm_entregado) VALUES (4883,78017012,1,150,150,@@@NO@@@)','',2,'2013-07-09'),(36551,'INSERT INTO gne_vale_ferreteria (vfe_id,vfe_fecha,vfe_total,vfe_estado,vfe_entregado,usu_nusuario) VALUES (4884,@@@2013.07.09@@@,1690,1,0,@@@b_SAEZ@@@)','',2,'2013-07-09'),(36552,'INSERT INTO gne_vale_ferreteria_mov (vfe_id,pro_codigo_plu,vfm_cantidad,vfm_unitario,vfm_total,vfm_entregado) VALUES (4884,1546,1,200,200,@@@NO@@@)','',2,'2013-07-09'),(36553,'INSERT INTO gne_vale_ferreteria_mov (vfe_id,pro_codigo_plu,vfm_cantidad,vfm_unitario,vfm_total,vfm_entregado) VALUES (4884,764841,1,1490,1490,@@@NO@@@)','',2,'2013-07-09'),(36554,'INSERT INTO gne_vale_ferreteria (vfe_id,vfe_fecha,vfe_total,vfe_estado,vfe_entregado,usu_nusuario) VALUES (4885,@@@2013.07.09@@@,1990,1,0,@@@b_SAEZ@@@)','',2,'2013-07-09'),(36555,'INSERT INTO gne_vale_ferreteria_mov (vfe_id,pro_codigo_plu,vfm_cantidad,vfm_unitario,vfm_total,vfm_entregado) VALUES (4885,764510,1,1990,1990,@@@NO@@@)','',2,'2013-07-09'),(36556,'INSERT INTO gne_vale_ferreteria (vfe_id,vfe_fecha,vfe_total,vfe_estado,vfe_entregado,usu_nusuario) VALUES (4886,@@@2013.07.09@@@,2590,1,0,@@@b_SAEZ@@@)','',2,'2013-07-09'),(36557,'INSERT INTO gne_vale_ferreteria_mov (vfe_id,pro_codigo_plu,vfm_cantidad,vfm_unitario,vfm_total,vfm_entregado) VALUES (4886,764987,1,2590,2590,@@@NO@@@)','',2,'2013-07-09'),(36558,'INSERT INTO mae_productos (pro_codigo_plu,pro_codigo_barra,pro_tipo,pro_nombre_producto,pro_nombre_corto,med_id,emb_id,pro_unidades_embalaje,dep_id,lin_id,mar_id,pro_precio_compra_neto,pro_precio_compra_bruto,pro_precio_venta,pro_margen_actual,pro_oferta,pro_fecha_inicio_oferta,pro_fecha_termino_oferta,pro_precio_oferta,pro_stock_minimo,pro_stock_critico,pro_entradas_bodega,pro_salidas_bodega,pro_mermas_bodega,pro_ajustes_bodega,pro_entradas_sv,pro_salidas_sv,pro_mermas_sv,pro_ajustes_sv,pro_activo,rec_numero,pro_unidad,pro_capacidad,pro_consumo_bodega,pro_consumo_sv,pro_estado,pro_funcion_plu,pro_flejes,pro_iva,pro_plu_asociado,pro_envase,pro_duracion,pro_numero_etiqueta) VALUES (780721338,@@@780721338@@@,@@@0@@@,@@@REMAS DE HOJAS TAMAÑO CARTA@@@,@@@REMAS DE HOJAS T@@@,@@@1 @@@,@@@3 @@@,@@@0@@@,@@@24 @@@,@@@137@@@,@@@2507@@@,@@@0@@@,@@@0@@@,@@@2590@@@,@@@0@@@,@@@@@@,@@@2013.07.09@@@,@@@2013.07.09@@@,@@@0@@@,@@@0@@@,@@@0@@@,@@@0@@@,@@@0@@@,@@@0@@@,@@@0@@@,@@@0@@@,@@@0@@@,@@@0@@@,@@@0@@@,@@@1@@@,@@@0@@@,0,1,0,0,2,0,1,1,0,@@@NO@@@,0,0)','',2,'2013-07-09'),(36559,'DELETE FROM mae_impuestos_productos WHERE pro_codigo_plu=@@@780721338@@@','',2,'2013-07-09'),(36560,'UPDATE mae_productos SET pro_margen_actual=-99.11,pro_precio_venta=1 WHERE pro_codigo_plu=780721337','',2,'2013-07-09'),(36561,'UPDATE mae_productos SET pro_margen_actual=0,pro_precio_venta=2590 WHERE pro_codigo_plu=780721338','',2,'2013-07-09'),(36562,'UPDATE mae_productos SET pro_margen_actual=0,pro_precio_venta=1390 WHERE pro_codigo_plu=20549','',2,'2013-07-09'),(36563,'UPDATE mae_productos SET pro_precio_fiscal=pro_precio_venta WHERE pro_codigo_plu=20549','',2,'2013-07-09'),(36564,'UPDATE mae_productos SET pro_precio_fiscal=pro_precio_venta WHERE pro_codigo_plu=780721337','',2,'2013-07-09'),(36565,'UPDATE mae_productos SET pro_precio_fiscal=pro_precio_venta WHERE pro_codigo_plu=780721338','',2,'2013-07-09'),(36566,'INSERT INTO gne_vale_ferreteria (vfe_id,vfe_fecha,vfe_total,vfe_estado,vfe_entregado,usu_nusuario) VALUES (4887,@@@2013.07.09@@@,4990,1,0,@@@S_BIZAMA@@@)','',2,'2013-07-09'),(36567,'INSERT INTO gne_vale_ferreteria_mov (vfe_id,pro_codigo_plu,vfm_cantidad,vfm_unitario,vfm_total,vfm_entregado) VALUES (4887,764966,1,4990,4990,@@@NO@@@)','',2,'2013-07-09'),(36568,'INSERT INTO gne_vale_ferreteria (vfe_id,vfe_fecha,vfe_total,vfe_estado,vfe_entregado,usu_nusuario) VALUES (4888,@@@2013.07.09@@@,200,1,0,@@@S_BIZAMA@@@)','',2,'2013-07-09'),(36569,'INSERT INTO gne_vale_ferreteria_mov (vfe_id,pro_codigo_plu,vfm_cantidad,vfm_unitario,vfm_total,vfm_entregado) VALUES (4888,770022,2,100,200,@@@NO@@@)','',2,'2013-07-09'),(36570,'INSERT INTO gne_vale_ferreteria (vfe_id,vfe_fecha,vfe_total,vfe_estado,vfe_entregado,usu_nusuario) VALUES (4889,@@@2013.07.09@@@,2990,1,0,@@@S_BIZAMA@@@)','',2,'2013-07-09'),(36571,'INSERT INTO gne_vale_ferreteria_mov (vfe_id,pro_codigo_plu,vfm_cantidad,vfm_unitario,vfm_total,vfm_entregado) VALUES (4889,764635,1,2990,2990,@@@NO@@@)','',2,'2013-07-09'),(36572,'INSERT INTO gne_vale_ferreteria (vfe_id,vfe_fecha,vfe_total,vfe_estado,vfe_entregado,usu_nusuario) VALUES (4890,@@@2013.07.09@@@,3020,1,0,@@@S_BIZAMA@@@)','',2,'2013-07-09'),(36573,'INSERT INTO gne_vale_ferreteria_mov (vfe_id,pro_codigo_plu,vfm_cantidad,vfm_unitario,vfm_total,vfm_entregado) VALUES (4890,102628,1,1990,1990,@@@NO@@@)','',2,'2013-07-09'),(36574,'INSERT INTO gne_vale_ferreteria_mov (vfe_id,pro_codigo_plu,vfm_cantidad,vfm_unitario,vfm_total,vfm_entregado) VALUES (4890,1071,1,790,790,@@@NO@@@)','',2,'2013-07-09'),(36575,'INSERT INTO gne_vale_ferreteria_mov (vfe_id,pro_codigo_plu,vfm_cantidad,vfm_unitario,vfm_total,vfm_entregado) VALUES (4890,780721277,2,120,240,@@@NO@@@)','',2,'2013-07-09'),(36576,'INSERT INTO gne_vale_ferreteria (vfe_id,vfe_fecha,vfe_total,vfe_estado,vfe_entregado,usu_nusuario) VALUES (4891,@@@2013.07.09@@@,1190,1,0,@@@S_BIZAMA@@@)','',2,'2013-07-09'),(36577,'INSERT INTO gne_vale_ferreteria_mov (vfe_id,pro_codigo_plu,vfm_cantidad,vfm_unitario,vfm_total,vfm_entregado) VALUES (4891,764992,1,1190,1190,@@@NO@@@)','',2,'2013-07-09'),(36578,'INSERT INTO gne_vale_ferreteria (vfe_id,vfe_fecha,vfe_total,vfe_estado,vfe_entregado,usu_nusuario) VALUES (4892,@@@2013.07.09@@@,480,1,0,@@@S_BIZAMA@@@)','',2,'2013-07-09'),(36579,'INSERT INTO gne_vale_ferreteria_mov (vfe_id,pro_codigo_plu,vfm_cantidad,vfm_unitario,vfm_total,vfm_entregado) VALUES (4892,78017112,4,120,480,@@@NO@@@)','',2,'2013-07-09'),(36580,'INSERT INTO gne_vale_ferreteria (vfe_id,vfe_fecha,vfe_total,vfe_estado,vfe_entregado,usu_nusuario) VALUES (4893,@@@2013.07.09@@@,2010,1,0,@@@S_BIZAMA@@@)','',2,'2013-07-09'),(36581,'INSERT INTO gne_vale_ferreteria_mov (vfe_id,pro_codigo_plu,vfm_cantidad,vfm_unitario,vfm_total,vfm_entregado) VALUES (4893,780220180,1,620,620,@@@NO@@@)','',2,'2013-07-09'),(36582,'INSERT INTO gne_vale_ferreteria_mov (vfe_id,pro_codigo_plu,vfm_cantidad,vfm_unitario,vfm_total,vfm_entregado) VALUES (4893,764099,1,1290,1290,@@@NO@@@)','',2,'2013-07-09'),(36583,'INSERT INTO gne_vale_ferreteria_mov (vfe_id,pro_codigo_plu,vfm_cantidad,vfm_unitario,vfm_total,vfm_entregado) VALUES (4893,770000,2,50,100,@@@NO@@@)','',2,'2013-07-09'),(36584,'INSERT INTO gne_vale_ferreteria (vfe_id,vfe_fecha,vfe_total,vfe_estado,vfe_entregado,usu_nusuario) VALUES (4894,@@@2013.07.09@@@,260,1,0,@@@S_BIZAMA@@@)','',2,'2013-07-09'),(36585,'INSERT INTO gne_vale_ferreteria_mov (vfe_id,pro_codigo_plu,vfm_cantidad,vfm_unitario,vfm_total,vfm_entregado) VALUES (4894,102455,2,130,260,@@@NO@@@)','',2,'2013-07-09'),(36586,'INSERT INTO gpr_pack_virtual (pav_id,pav_nombre,pav_total_pack,pav_total_descuento,pav_desde,pav_hasta,pav_tipo,pav_precio,pav_lleva,pav_paga,pav_descuento,pav_porcentaje,pav_oferta_exclusiva,pav_agotar_stock,pav_stock,pav_costo,pav_margen) VALUES (23,@@@PACK VIENESAS SP 2 X $ 890@@@,890,90,@@@2013-07-09@@@,@@@2013-07-15@@@,@@@PR@@@,0,0,0,0,0,@@@NO@@@,@@@SI@@@,25,0,0)','',2,'2013-07-09'),(36587,'INSERT INTO gpr_pack_virtual_mov (pav_id,pro_codigo_plu,pvm_precio,pvm_total,pvm_lleva,pvm_paga,pvm_descuento,pvm_porcentaje,pvm_total_normal,pvm_descuento_linea,pvm_costo,pvm_margen) VALUES (23,18556,490,890,2,1.8163,0.1837,0,980,90,0,0)','',2,'2013-07-09'),(36588,'INSERT INTO gpr_pack_virtual_horario (pav_id,pvh_dia,pvh_hora_desde,pvh_hora_hasta) VALUES (23,99,@@@00:00@@@,@@@23:59@@@)','',2,'2013-07-09'),(36589,'INSERT INTO gne_vale_ferreteria (vfe_id,vfe_fecha,vfe_total,vfe_estado,vfe_entregado,usu_nusuario) VALUES (4895,@@@2013.07.09@@@,2690,1,0,@@@S_BIZAMA@@@)','',2,'2013-07-09'),(36590,'INSERT INTO gne_vale_ferreteria_mov (vfe_id,pro_codigo_plu,vfm_cantidad,vfm_unitario,vfm_total,vfm_entregado) VALUES (4895,764717,1,2690,2690,@@@NO@@@)','',2,'2013-07-09'),(36591,'UPDATE mae_productos SET pro_precio_venta=370,pro_margen_actual=31.72, pro_precio_compra_bruto=280.906, pro_precio_compra_neto=236.055462184874 WHERE pro_codigo_plu=764862','',2,'2013-07-09'),(36592,'UPDATE mae_productos SET pro_precio_venta=370,pro_margen_actual=31.72, pro_precio_compra_bruto=280.906, pro_precio_compra_neto=236.055462184874 WHERE pro_codigo_plu=763289','',2,'2013-07-09'),(36593,'UPDATE mae_productos SET pro_precio_venta=370,pro_margen_actual=31.72, pro_precio_compra_bruto=280.906, pro_precio_compra_neto=236.055462184874 WHERE pro_codigo_plu=763297','',2,'2013-07-09'),(36594,'UPDATE mae_productos SET pro_precio_venta=370,pro_margen_actual=31.72, pro_precio_compra_bruto=280.906, pro_precio_compra_neto=236.055462184874 WHERE pro_codigo_plu=78017199','',2,'2013-07-09'),(36595,'UPDATE mae_productos SET pro_precio_venta=370,pro_margen_actual=31.72, pro_precio_compra_bruto=280.906, pro_precio_compra_neto=236.055462184874 WHERE pro_codigo_plu=763290','',2,'2013-07-09'),(36596,'UPDATE mae_productos SET pro_precio_venta=130,pro_margen_actual=62.32, pro_precio_compra_bruto=80.087, pro_precio_compra_neto=67.3 WHERE pro_codigo_plu=13960','',2,'2013-07-09'),(36597,'UPDATE mae_productos SET pro_precio_venta=130,pro_margen_actual=62.32, pro_precio_compra_bruto=80.087, pro_precio_compra_neto=67.3 WHERE pro_codigo_plu=13962','',2,'2013-07-09'),(36598,'UPDATE mae_productos SET pro_precio_venta=130,pro_margen_actual=62.32, pro_precio_compra_bruto=80.087, pro_precio_compra_neto=67.3 WHERE pro_codigo_plu=13961','',2,'2013-07-09'),(36599,'UPDATE mae_productos SET pro_precio_venta=1290,pro_margen_actual=30.25, pro_precio_compra_bruto=990.37, pro_precio_compra_neto=832.243697478992 WHERE pro_codigo_plu=102270','',2,'2013-07-09'),(36600,'UPDATE mae_productos SET pro_precio_venta=130,pro_margen_actual=62.32, pro_precio_compra_bruto=80.087, pro_precio_compra_neto=67.3 WHERE pro_codigo_plu=13959','',2,'2013-07-09'),(36601,'UPDATE mae_productos SET pro_precio_venta=120,pro_margen_actual=57.15, pro_precio_compra_bruto=76.36, pro_precio_compra_neto=64.1680672268908 WHERE pro_codigo_plu=762877','',2,'2013-07-09'),(36602,'UPDATE mae_productos SET pro_precio_venta=170,pro_margen_actual=35.53, pro_precio_compra_bruto=125.43, pro_precio_compra_neto=105.403361344538 WHERE pro_codigo_plu=261976','',2,'2013-07-09'),(36603,'UPDATE mae_productos SET pro_precio_venta=170,pro_margen_actual=35.53, pro_precio_compra_bruto=125.43, pro_precio_compra_neto=105.403361344538 WHERE pro_codigo_plu=261975','',2,'2013-07-09'),(36604,'UPDATE mae_productos SET pro_precio_venta=130,pro_margen_actual=40.06, pro_precio_compra_bruto=92.82, pro_precio_compra_neto=78 WHERE pro_codigo_plu=78017084','',2,'2013-07-09'),(36605,'UPDATE mae_productos SET pro_precio_venta=130,pro_margen_actual=40.06, pro_precio_compra_bruto=92.82, pro_precio_compra_neto=78 WHERE pro_codigo_plu=780721335','',2,'2013-07-09'),(36606,'UPDATE mae_productos SET pro_precio_venta=130,pro_margen_actual=40.06, pro_precio_compra_bruto=92.82, pro_precio_compra_neto=78 WHERE pro_codigo_plu=780721336','',2,'2013-07-09'),(36607,'UPDATE mae_productos SET pro_precio_venta=130,pro_margen_actual=40.06, pro_precio_compra_bruto=92.82, pro_precio_compra_neto=78 WHERE pro_codigo_plu=101895','',2,'2013-07-09'),(36608,'UPDATE mae_productos SET pro_precio_venta=130,pro_margen_actual=70.87, pro_precio_compra_bruto=76.08, pro_precio_compra_neto=63.9327731092437 WHERE pro_codigo_plu=18796','',2,'2013-07-09'),(36609,'UPDATE mae_productos SET pro_precio_venta=130,pro_margen_actual=70.87, pro_precio_compra_bruto=76.08, pro_precio_compra_neto=63.9327731092437 WHERE pro_codigo_plu=78017085','',2,'2013-07-09'),(36610,'UPDATE mae_productos SET pro_precio_venta=130,pro_margen_actual=40.06, pro_precio_compra_bruto=92.82, pro_precio_compra_neto=78 WHERE pro_codigo_plu=101821','',2,'2013-07-09'),(36611,'UPDATE mae_productos SET pro_precio_venta=530,pro_margen_actual=36.32, pro_precio_compra_bruto=388.78, pro_precio_compra_neto=326.705882352941 WHERE pro_codigo_plu=12300','',2,'2013-07-09'),(36612,'UPDATE mae_productos SET pro_precio_venta=150,pro_margen_actual=55.54, pro_precio_compra_bruto=96.44, pro_precio_compra_neto=81.0420168067227 WHERE pro_codigo_plu=11280','',2,'2013-07-09'),(36613,'UPDATE mae_productos SET pro_precio_venta=170,pro_margen_actual=51.98, pro_precio_compra_bruto=111.86, pro_precio_compra_neto=94 WHERE pro_codigo_plu=761575','',2,'2013-07-09'),(36614,'UPDATE mae_productos SET pro_precio_venta=170,pro_margen_actual=51.98, pro_precio_compra_bruto=111.86, pro_precio_compra_neto=94 WHERE pro_codigo_plu=763216','',2,'2013-07-09'),(36615,'UPDATE mae_productos SET pro_precio_venta=170,pro_margen_actual=51.98, pro_precio_compra_bruto=111.86, pro_precio_compra_neto=94 WHERE pro_codigo_plu=761574','',2,'2013-07-09'),(36616,'UPDATE mae_productos SET pro_precio_venta=170,pro_margen_actual=51.98, pro_precio_compra_bruto=111.86, pro_precio_compra_neto=94 WHERE pro_codigo_plu=780721337','',2,'2013-07-09'),(36617,'UPDATE mae_productos SET pro_precio_compra_bruto=280.906,pro_margen_actual=(pro_precio_venta-280.906)/280.906 * 100,pro_ultima_compra=@@@2013.07.09@@@,pro_ultimo_proveedor=@@@96591040-9@@@ WHERE pro_codigo_plu=764862','',2,'2013-07-09'),(36618,'UPDATE mae_productos SET pro_precio_compra_bruto=280.906,pro_margen_actual=(pro_precio_venta-280.906)/280.906 * 100,pro_ultima_compra=@@@2013.07.09@@@,pro_ultimo_proveedor=@@@96591040-9@@@ WHERE pro_codigo_plu=763289','',2,'2013-07-09'),(36619,'UPDATE mae_productos SET pro_precio_compra_bruto=280.906,pro_margen_actual=(pro_precio_venta-280.906)/280.906 * 100,pro_ultima_compra=@@@2013.07.09@@@,pro_ultimo_proveedor=@@@96591040-9@@@ WHERE pro_codigo_plu=763297','',2,'2013-07-09'),(36620,'UPDATE mae_productos SET pro_precio_compra_bruto=280.906,pro_margen_actual=(pro_precio_venta-280.906)/280.906 * 100,pro_ultima_compra=@@@2013.07.09@@@,pro_ultimo_proveedor=@@@96591040-9@@@ WHERE pro_codigo_plu=78017199','',2,'2013-07-09'),(36621,'UPDATE mae_productos SET pro_precio_compra_bruto=280.906,pro_margen_actual=(pro_precio_venta-280.906)/280.906 * 100,pro_ultima_compra=@@@2013.07.09@@@,pro_ultimo_proveedor=@@@96591040-9@@@ WHERE pro_codigo_plu=763290','',2,'2013-07-09'),(36622,'UPDATE mae_productos SET pro_precio_compra_bruto=388.78,pro_margen_actual=(pro_precio_venta-388.78)/388.78 * 100,pro_ultima_compra=@@@2013.07.09@@@,pro_ultimo_proveedor=@@@96591040-9@@@ WHERE pro_codigo_plu=12301','',2,'2013-07-09'),(36623,'UPDATE mae_productos SET pro_precio_compra_bruto=241.93,pro_margen_actual=(pro_precio_venta-241.93)/241.93 * 100,pro_ultima_compra=@@@2013.07.09@@@,pro_ultimo_proveedor=@@@96591040-9@@@ WHERE pro_codigo_plu=11963','',2,'2013-07-09'),(36624,'UPDATE mae_productos SET pro_precio_compra_bruto=241.93,pro_margen_actual=(pro_precio_venta-241.93)/241.93 * 100,pro_ultima_compra=@@@2013.07.09@@@,pro_ultimo_proveedor=@@@96591040-9@@@ WHERE pro_codigo_plu=11961','',2,'2013-07-09'),(36625,'UPDATE mae_productos SET pro_precio_compra_bruto=76.42,pro_margen_actual=(pro_precio_venta-76.42)/76.42 * 100,pro_ultima_compra=@@@2013.07.09@@@,pro_ultimo_proveedor=@@@96591040-9@@@ WHERE pro_codigo_plu=763429','',2,'2013-07-09'),(36626,'UPDATE mae_productos SET pro_precio_compra_bruto=76.42,pro_margen_actual=(pro_precio_venta-76.42)/76.42 * 100,pro_ultima_compra=@@@2013.07.09@@@,pro_ultimo_proveedor=@@@96591040-9@@@ WHERE pro_codigo_plu=764876','',2,'2013-07-09'),(36627,'UPDATE mae_productos SET pro_precio_compra_bruto=77.77,pro_margen_actual=(pro_precio_venta-77.77)/77.77 * 100,pro_ultima_compra=@@@2013.07.09@@@,pro_ultimo_proveedor=@@@96591040-9@@@ WHERE pro_codigo_plu=780721069','',2,'2013-07-09'),(36628,'UPDATE mae_productos SET pro_precio_compra_bruto=334.78,pro_margen_actual=(pro_precio_venta-334.78)/334.78 * 100,pro_ultima_compra=@@@2013.07.09@@@,pro_ultimo_proveedor=@@@96591040-9@@@ WHERE pro_codigo_plu=11954','',2,'2013-07-09'),(36629,'UPDATE mae_productos SET pro_precio_compra_bruto=80.087,pro_margen_actual=(pro_precio_venta-80.087)/80.087 * 100,pro_ultima_compra=@@@2013.07.09@@@,pro_ultimo_proveedor=@@@96591040-9@@@ WHERE pro_codigo_plu=13960','',2,'2013-07-09'),(36630,'UPDATE mae_productos SET pro_precio_compra_bruto=80.087,pro_margen_actual=(pro_precio_venta-80.087)/80.087 * 100,pro_ultima_compra=@@@2013.07.09@@@,pro_ultimo_proveedor=@@@96591040-9@@@ WHERE pro_codigo_plu=13962','',2,'2013-07-09'),(36631,'UPDATE mae_productos SET pro_precio_compra_bruto=80.087,pro_margen_actual=(pro_precio_venta-80.087)/80.087 * 100,pro_ultima_compra=@@@2013.07.09@@@,pro_ultimo_proveedor=@@@96591040-9@@@ WHERE pro_codigo_plu=13961','',2,'2013-07-09'),(36632,'UPDATE mae_productos SET pro_precio_compra_bruto=990.37,pro_margen_actual=(pro_precio_venta-990.37)/990.37 * 100,pro_ultima_compra=@@@2013.07.09@@@,pro_ultimo_proveedor=@@@96591040-9@@@ WHERE pro_codigo_plu=102270','',2,'2013-07-09'),(36633,'UPDATE mae_productos SET pro_precio_compra_bruto=76.63,pro_margen_actual=(pro_precio_venta-76.63)/76.63 * 100,pro_ultima_compra=@@@2013.07.09@@@,pro_ultimo_proveedor=@@@96591040-9@@@ WHERE pro_codigo_plu=762876','',2,'2013-07-09'),(36634,'UPDATE mae_productos SET pro_precio_compra_bruto=76.63,pro_margen_actual=(pro_precio_venta-76.63)/76.63 * 100,pro_ultima_compra=@@@2013.07.09@@@,pro_ultimo_proveedor=@@@96591040-9@@@ WHERE pro_codigo_plu=18806','',2,'2013-07-09'),(36635,'UPDATE mae_productos SET pro_precio_compra_bruto=80.087,pro_margen_actual=(pro_precio_venta-80.087)/80.087 * 100,pro_ultima_compra=@@@2013.07.09@@@,pro_ultimo_proveedor=@@@96591040-9@@@ WHERE pro_codigo_plu=13959','',2,'2013-07-09'),(36636,'UPDATE mae_productos SET pro_precio_compra_bruto=76.63,pro_margen_actual=(pro_precio_venta-76.63)/76.63 * 100,pro_ultima_compra=@@@2013.07.09@@@,pro_ultimo_proveedor=@@@96591040-9@@@ WHERE pro_codigo_plu=762885','',2,'2013-07-09'),(36637,'UPDATE mae_productos SET pro_precio_compra_bruto=76.63,pro_margen_actual=(pro_precio_venta-76.63)/76.63 * 100,pro_ultima_compra=@@@2013.07.09@@@,pro_ultimo_proveedor=@@@96591040-9@@@ WHERE pro_codigo_plu=762918','',2,'2013-07-09'),(36638,'UPDATE mae_productos SET pro_precio_compra_bruto=76.63,pro_margen_actual=(pro_precio_venta-76.63)/76.63 * 100,pro_ultima_compra=@@@2013.07.09@@@,pro_ultimo_proveedor=@@@96591040-9@@@ WHERE pro_codigo_plu=763423','',2,'2013-07-09'),(36639,'UPDATE mae_productos SET pro_precio_compra_bruto=76.63,pro_margen_actual=(pro_precio_venta-76.63)/76.63 * 100,pro_ultima_compra=@@@2013.07.09@@@,pro_ultimo_proveedor=@@@96591040-9@@@ WHERE pro_codigo_plu=762873','',2,'2013-07-09'),(36640,'UPDATE mae_productos SET pro_precio_compra_bruto=76.63,pro_margen_actual=(pro_precio_venta-76.63)/76.63 * 100,pro_ultima_compra=@@@2013.07.09@@@,pro_ultimo_proveedor=@@@96591040-9@@@ WHERE pro_codigo_plu=762875','',2,'2013-07-09'),(36641,'UPDATE mae_productos SET pro_precio_compra_bruto=76.63,pro_margen_actual=(pro_precio_venta-76.63)/76.63 * 100,pro_ultima_compra=@@@2013.07.09@@@,pro_ultimo_proveedor=@@@96591040-9@@@ WHERE pro_codigo_plu=762879','',2,'2013-07-09'),(36642,'UPDATE mae_productos SET pro_precio_compra_bruto=76.36,pro_margen_actual=(pro_precio_venta-76.36)/76.36 * 100,pro_ultima_compra=@@@2013.07.09@@@,pro_ultimo_proveedor=@@@96591040-9@@@ WHERE pro_codigo_plu=764874','',2,'2013-07-09'),(36643,'UPDATE mae_productos SET pro_precio_compra_bruto=76.36,pro_margen_actual=(pro_precio_venta-76.36)/76.36 * 100,pro_ultima_compra=@@@2013.07.09@@@,pro_ultimo_proveedor=@@@96591040-9@@@ WHERE pro_codigo_plu=762877','',2,'2013-07-09'),(36644,'UPDATE mae_productos SET pro_precio_compra_bruto=75.6,pro_margen_actual=(pro_precio_venta-75.6)/75.6 * 100,pro_ultima_compra=@@@2013.07.09@@@,pro_ultimo_proveedor=@@@96591040-9@@@ WHERE pro_codigo_plu=100327','',2,'2013-07-09'),(36645,'UPDATE mae_productos SET pro_precio_compra_bruto=75.76,pro_margen_actual=(pro_precio_venta-75.76)/75.76 * 100,pro_ultima_compra=@@@2013.07.09@@@,pro_ultimo_proveedor=@@@96591040-9@@@ WHERE pro_codigo_plu=770217407','',2,'2013-07-09'),(36646,'UPDATE mae_productos SET pro_precio_compra_bruto=77.74,pro_margen_actual=(pro_precio_venta-77.74)/77.74 * 100,pro_ultima_compra=@@@2013.07.09@@@,pro_ultimo_proveedor=@@@96591040-9@@@ WHERE pro_codigo_plu=100823','',2,'2013-07-09'),(36647,'UPDATE mae_productos SET pro_precio_compra_bruto=760.07,pro_margen_actual=(pro_precio_venta-760.07)/760.07 * 100,pro_ultima_compra=@@@2013.07.09@@@,pro_ultimo_proveedor=@@@96591040-9@@@ WHERE pro_codigo_plu=764873','',2,'2013-07-09'),(36648,'UPDATE mae_productos SET pro_precio_compra_bruto=125.43,pro_margen_actual=(pro_precio_venta-125.43)/125.43 * 100,pro_ultima_compra=@@@2013.07.09@@@,pro_ultimo_proveedor=@@@96591040-9@@@ WHERE pro_codigo_plu=261976','',2,'2013-07-09'),(36649,'UPDATE mae_productos SET pro_precio_compra_bruto=125.43,pro_margen_actual=(pro_precio_venta-125.43)/125.43 * 100,pro_ultima_compra=@@@2013.07.09@@@,pro_ultimo_proveedor=@@@96591040-9@@@ WHERE pro_codigo_plu=261975','',2,'2013-07-09'),(36650,'UPDATE mae_productos SET pro_precio_compra_bruto=92.82,pro_margen_actual=(pro_precio_venta-92.82)/92.82 * 100,pro_ultima_compra=@@@2013.07.09@@@,pro_ultimo_proveedor=@@@96591040-9@@@ WHERE pro_codigo_plu=101893','',2,'2013-07-09'),(36651,'UPDATE mae_productos SET pro_precio_compra_bruto=92.82,pro_margen_actual=(pro_precio_venta-92.82)/92.82 * 100,pro_ultima_compra=@@@2013.07.09@@@,pro_ultimo_proveedor=@@@96591040-9@@@ WHERE pro_codigo_plu=78017084','',2,'2013-07-09'),(36652,'UPDATE mae_productos SET pro_precio_compra_bruto=92.82,pro_margen_actual=(pro_precio_venta-92.82)/92.82 * 100,pro_ultima_compra=@@@2013.07.09@@@,pro_ultimo_proveedor=@@@96591040-9@@@ WHERE pro_codigo_plu=780721335','',2,'2013-07-09'),(36653,'UPDATE mae_productos SET pro_precio_compra_bruto=92.82,pro_margen_actual=(pro_precio_venta-92.82)/92.82 * 100,pro_ultima_compra=@@@2013.07.09@@@,pro_ultimo_proveedor=@@@96591040-9@@@ WHERE pro_codigo_plu=780721336','',2,'2013-07-09'),(36654,'UPDATE mae_productos SET pro_precio_compra_bruto=92.82,pro_margen_actual=(pro_precio_venta-92.82)/92.82 * 100,pro_ultima_compra=@@@2013.07.09@@@,pro_ultimo_proveedor=@@@96591040-9@@@ WHERE pro_codigo_plu=101894','',2,'2013-07-09'),(36655,'UPDATE mae_productos SET pro_precio_compra_bruto=92.82,pro_margen_actual=(pro_precio_venta-92.82)/92.82 * 100,pro_ultima_compra=@@@2013.07.09@@@,pro_ultimo_proveedor=@@@96591040-9@@@ WHERE pro_codigo_plu=101895','',2,'2013-07-09'),(36656,'UPDATE mae_productos SET pro_precio_compra_bruto=76.08,pro_margen_actual=(pro_precio_venta-76.08)/76.08 * 100,pro_ultima_compra=@@@2013.07.09@@@,pro_ultimo_proveedor=@@@96591040-9@@@ WHERE pro_codigo_plu=18796','',2,'2013-07-09'),(36657,'UPDATE mae_productos SET pro_precio_compra_bruto=76.08,pro_margen_actual=(pro_precio_venta-76.08)/76.08 * 100,pro_ultima_compra=@@@2013.07.09@@@,pro_ultimo_proveedor=@@@96591040-9@@@ WHERE pro_codigo_plu=78017085','',2,'2013-07-09'),(36658,'UPDATE mae_productos SET pro_precio_compra_bruto=92.82,pro_margen_actual=(pro_precio_venta-92.82)/92.82 * 100,pro_ultima_compra=@@@2013.07.09@@@,pro_ultimo_proveedor=@@@96591040-9@@@ WHERE pro_codigo_plu=101821','',2,'2013-07-09'),(36659,'UPDATE mae_productos SET pro_precio_compra_bruto=73.441,pro_margen_actual=(pro_precio_venta-73.441)/73.441 * 100,pro_ultima_compra=@@@2013.07.09@@@,pro_ultimo_proveedor=@@@96591040-9@@@ WHERE pro_codigo_plu=102011','',2,'2013-07-09'),(36660,'UPDATE mae_productos SET pro_precio_compra_bruto=388.78,pro_margen_actual=(pro_precio_venta-388.78)/388.78 * 100,pro_ultima_compra=@@@2013.07.09@@@,pro_ultimo_proveedor=@@@96591040-9@@@ WHERE pro_codigo_plu=12300','',2,'2013-07-09'),(36661,'UPDATE mae_productos SET pro_precio_compra_bruto=334.78,pro_margen_actual=(pro_precio_venta-334.78)/334.78 * 100,pro_ultima_compra=@@@2013.07.09@@@,pro_ultimo_proveedor=@@@96591040-9@@@ WHERE pro_codigo_plu=11955','',2,'2013-07-09'),(36662,'UPDATE mae_productos SET pro_precio_compra_bruto=334.79,pro_margen_actual=(pro_precio_venta-334.79)/334.79 * 100,pro_ultima_compra=@@@2013.07.09@@@,pro_ultimo_proveedor=@@@96591040-9@@@ WHERE pro_codigo_plu=11956','',2,'2013-07-09'),(36663,'UPDATE mae_productos SET pro_precio_compra_bruto=334.81,pro_margen_actual=(pro_precio_venta-334.81)/334.81 * 100,pro_ultima_compra=@@@2013.07.09@@@,pro_ultimo_proveedor=@@@96591040-9@@@ WHERE pro_codigo_plu=11953','',2,'2013-07-09'),(36664,'UPDATE mae_productos SET pro_precio_compra_bruto=236.3,pro_margen_actual=(pro_precio_venta-236.3)/236.3 * 100,pro_ultima_compra=@@@2013.07.09@@@,pro_ultimo_proveedor=@@@96591040-9@@@ WHERE pro_codigo_plu=11942','',2,'2013-07-09'),(36665,'UPDATE mae_productos SET pro_precio_compra_bruto=932.58,pro_margen_actual=(pro_precio_venta-932.58)/932.58 * 100,pro_ultima_compra=@@@2013.07.09@@@,pro_ultimo_proveedor=@@@96591040-9@@@ WHERE pro_codigo_plu=13638','',2,'2013-07-09'),(36666,'UPDATE mae_productos SET pro_precio_compra_bruto=96.46,pro_margen_actual=(pro_precio_venta-96.46)/96.46 * 100,pro_ultima_compra=@@@2013.07.09@@@,pro_ultimo_proveedor=@@@96591040-9@@@ WHERE pro_codigo_plu=11274','',2,'2013-07-09'),(36667,'UPDATE mae_productos SET pro_precio_compra_bruto=96.46,pro_margen_actual=(pro_precio_venta-96.46)/96.46 * 100,pro_ultima_compra=@@@2013.07.09@@@,pro_ultimo_proveedor=@@@96591040-9@@@ WHERE pro_codigo_plu=11275','',2,'2013-07-09'),(36668,'UPDATE mae_productos SET pro_precio_compra_bruto=96.46,pro_margen_actual=(pro_precio_venta-96.46)/96.46 * 100,pro_ultima_compra=@@@2013.07.09@@@,pro_ultimo_proveedor=@@@96591040-9@@@ WHERE pro_codigo_plu=11272','',2,'2013-07-09'),(36669,'UPDATE mae_productos SET pro_precio_compra_bruto=96.46,pro_margen_actual=(pro_precio_venta-96.46)/96.46 * 100,pro_ultima_compra=@@@2013.07.09@@@,pro_ultimo_proveedor=@@@96591040-9@@@ WHERE pro_codigo_plu=11273','',2,'2013-07-09'),(36670,'UPDATE mae_productos SET pro_precio_compra_bruto=96.44,pro_margen_actual=(pro_precio_venta-96.44)/96.44 * 100,pro_ultima_compra=@@@2013.07.09@@@,pro_ultimo_proveedor=@@@96591040-9@@@ WHERE pro_codigo_plu=11393','',2,'2013-07-09'),(36671,'UPDATE mae_productos SET pro_precio_compra_bruto=96.44,pro_margen_actual=(pro_precio_venta-96.44)/96.44 * 100,pro_ultima_compra=@@@2013.07.09@@@,pro_ultimo_proveedor=@@@96591040-9@@@ WHERE pro_codigo_plu=11390','',2,'2013-07-09'),(36672,'UPDATE mae_productos SET pro_precio_compra_bruto=96.44,pro_margen_actual=(pro_precio_venta-96.44)/96.44 * 100,pro_ultima_compra=@@@2013.07.09@@@,pro_ultimo_proveedor=@@@96591040-9@@@ WHERE pro_codigo_plu=761516','',2,'2013-07-09'),(36673,'UPDATE mae_productos SET pro_precio_compra_bruto=96.44,pro_margen_actual=(pro_precio_venta-96.44)/96.44 * 100,pro_ultima_compra=@@@2013.07.09@@@,pro_ultimo_proveedor=@@@96591040-9@@@ WHERE pro_codigo_plu=11280','',2,'2013-07-09'),(36674,'UPDATE mae_productos SET pro_precio_compra_bruto=96.44,pro_margen_actual=(pro_precio_venta-96.44)/96.44 * 100,pro_ultima_compra=@@@2013.07.09@@@,pro_ultimo_proveedor=@@@96591040-9@@@ WHERE pro_codigo_plu=11276','',2,'2013-07-09'),(36675,'UPDATE mae_productos SET pro_precio_compra_bruto=96.44,pro_margen_actual=(pro_precio_venta-96.44)/96.44 * 100,pro_ultima_compra=@@@2013.07.09@@@,pro_ultimo_proveedor=@@@96591040-9@@@ WHERE pro_codigo_plu=11277','',2,'2013-07-09'),(36676,'UPDATE mae_productos SET pro_precio_compra_bruto=96.44,pro_margen_actual=(pro_precio_venta-96.44)/96.44 * 100,pro_ultima_compra=@@@2013.07.09@@@,pro_ultimo_proveedor=@@@96591040-9@@@ WHERE pro_codigo_plu=763464','',2,'2013-07-09'),(36677,'UPDATE mae_productos SET pro_precio_compra_bruto=96.44,pro_margen_actual=(pro_precio_venta-96.44)/96.44 * 100,pro_ultima_compra=@@@2013.07.09@@@,pro_ultimo_proveedor=@@@96591040-9@@@ WHERE pro_codigo_plu=763470','',2,'2013-07-09'),(36678,'UPDATE mae_productos SET pro_precio_compra_bruto=111.86,pro_margen_actual=(pro_precio_venta-111.86)/111.86 * 100,pro_ultima_compra=@@@2013.07.09@@@,pro_ultimo_proveedor=@@@96591040-9@@@ WHERE pro_codigo_plu=761575','',2,'2013-07-09'),(36679,'UPDATE mae_productos SET pro_precio_compra_bruto=111.86,pro_margen_actual=(pro_precio_venta-111.86)/111.86 * 100,pro_ultima_compra=@@@2013.07.09@@@,pro_ultimo_proveedor=@@@96591040-9@@@ WHERE pro_codigo_plu=763216','',2,'2013-07-09'),(36680,'UPDATE mae_productos SET pro_precio_compra_bruto=111.86,pro_margen_actual=(pro_precio_venta-111.86)/111.86 * 100,pro_ultima_compra=@@@2013.07.09@@@,pro_ultimo_proveedor=@@@96591040-9@@@ WHERE pro_codigo_plu=761574','',2,'2013-07-09'),(36681,'UPDATE mae_productos SET pro_precio_compra_bruto=111.86,pro_margen_actual=(pro_precio_venta-111.86)/111.86 * 100,pro_ultima_compra=@@@2013.07.09@@@,pro_ultimo_proveedor=@@@96591040-9@@@ WHERE pro_codigo_plu=780721337','',2,'2013-07-09'),(36682,'UPDATE mae_productos SET pro_precio_compra_bruto=86.81,pro_margen_actual=(pro_precio_venta-86.81)/86.81 * 100,pro_ultima_compra=@@@2013.07.09@@@,pro_ultimo_proveedor=@@@96591040-9@@@ WHERE pro_codigo_plu=3504','',2,'2013-07-09'),(36683,'UPDATE mae_productos SET pro_precio_fiscal=pro_precio_venta WHERE pro_codigo_plu=102270','',2,'2013-07-09'),(36684,'UPDATE mae_productos SET pro_precio_fiscal=pro_precio_venta WHERE pro_codigo_plu=762877','',2,'2013-07-09'),(36685,'UPDATE mae_productos SET pro_precio_fiscal=pro_precio_venta WHERE pro_codigo_plu=763216','',2,'2013-07-09'),(36686,'UPDATE mae_productos SET pro_precio_fiscal=pro_precio_venta WHERE pro_codigo_plu=761574','',2,'2013-07-09'),(36687,'UPDATE mae_productos SET pro_precio_fiscal=pro_precio_venta WHERE pro_codigo_plu=761575','',2,'2013-07-09'),(36688,'UPDATE mae_productos SET pro_precio_fiscal=pro_precio_venta WHERE pro_codigo_plu=780721337','',2,'2013-07-09'),(36689,'UPDATE mae_productos SET pro_precio_fiscal=pro_precio_venta WHERE pro_codigo_plu=78017085','',2,'2013-07-09'),(36690,'UPDATE mae_productos SET pro_precio_fiscal=pro_precio_venta WHERE pro_codigo_plu=18796','',2,'2013-07-09'),(36691,'UPDATE mae_productos SET pro_precio_fiscal=pro_precio_venta WHERE pro_codigo_plu=13959','',2,'2013-07-09'),(36692,'UPDATE mae_productos SET pro_precio_fiscal=pro_precio_venta WHERE pro_codigo_plu=13960','',2,'2013-07-09'),(36693,'UPDATE mae_productos SET pro_precio_fiscal=pro_precio_venta WHERE pro_codigo_plu=13961','',2,'2013-07-09'),(36694,'UPDATE mae_productos SET pro_precio_fiscal=pro_precio_venta WHERE pro_codigo_plu=13962','',2,'2013-07-09'),(36695,'UPDATE mae_productos SET pro_precio_fiscal=pro_precio_venta WHERE pro_codigo_plu=12300','',2,'2013-07-09'),(36696,'UPDATE mae_productos SET pro_precio_fiscal=pro_precio_venta WHERE pro_codigo_plu=78017084','',2,'2013-07-09'),(36697,'UPDATE mae_productos SET pro_precio_fiscal=pro_precio_venta WHERE pro_codigo_plu=261975','',2,'2013-07-09'),(36698,'UPDATE mae_productos SET pro_precio_fiscal=pro_precio_venta WHERE pro_codigo_plu=261976','',2,'2013-07-09'),(36699,'UPDATE mae_productos SET pro_precio_fiscal=pro_precio_venta WHERE pro_codigo_plu=78017199','',2,'2013-07-09'),(36700,'UPDATE mae_productos SET pro_precio_fiscal=pro_precio_venta WHERE pro_codigo_plu=763290','',2,'2013-07-09'),(36701,'UPDATE mae_productos SET pro_precio_fiscal=pro_precio_venta WHERE pro_codigo_plu=764862','',2,'2013-07-09'),(36702,'UPDATE mae_productos SET pro_precio_fiscal=pro_precio_venta WHERE pro_codigo_plu=763289','',2,'2013-07-09'),(36703,'UPDATE mae_productos SET pro_precio_fiscal=pro_precio_venta WHERE pro_codigo_plu=763297','',2,'2013-07-09'),(36704,'UPDATE mae_productos SET pro_precio_fiscal=pro_precio_venta WHERE pro_codigo_plu=780721335','',2,'2013-07-09'),(36705,'UPDATE mae_productos SET pro_precio_fiscal=pro_precio_venta WHERE pro_codigo_plu=101821','',2,'2013-07-09'),(36706,'UPDATE mae_productos SET pro_precio_fiscal=pro_precio_venta WHERE pro_codigo_plu=101895','',2,'2013-07-09'),(36707,'UPDATE mae_productos SET pro_precio_fiscal=pro_precio_venta WHERE pro_codigo_plu=780721336','',2,'2013-07-09'),(36708,'UPDATE mae_productos SET pro_precio_fiscal=pro_precio_venta WHERE pro_codigo_plu=11280','',2,'2013-07-09'),(36709,'INSERT INTO gne_vale_ferreteria (vfe_id,vfe_fecha,vfe_total,vfe_estado,vfe_entregado,usu_nusuario) VALUES (4896,@@@2013.07.09@@@,2950,1,0,@@@G_DIAZ@@@)','',2,'2013-07-09'),(36710,'INSERT INTO gne_vale_ferreteria_mov (vfe_id,pro_codigo_plu,vfm_cantidad,vfm_unitario,vfm_total,vfm_entregado) VALUES (4896,763783,1,220,220,@@@NO@@@)','',2,'2013-07-09'),(36711,'INSERT INTO gne_vale_ferreteria_mov (vfe_id,pro_codigo_plu,vfm_cantidad,vfm_unitario,vfm_total,vfm_entregado) VALUES (4896,1064,2,120,240,@@@NO@@@)','',2,'2013-07-09'),(36712,'INSERT INTO gne_vale_ferreteria_mov (vfe_id,pro_codigo_plu,vfm_cantidad,vfm_unitario,vfm_total,vfm_entregado) VALUES (4896,78017204,2,120,240,@@@NO@@@)','',2,'2013-07-09'),(36713,'INSERT INTO gne_vale_ferreteria_mov (vfe_id,pro_codigo_plu,vfm_cantidad,vfm_unitario,vfm_total,vfm_entregado) VALUES (4896,20429,1,2250,2250,@@@NO@@@)','',2,'2013-07-09'),(36714,'INSERT INTO gne_vale_ferreteria (vfe_id,vfe_fecha,vfe_total,vfe_estado,vfe_entregado,usu_nusuario) VALUES (4897,@@@2013.07.09@@@,430,1,0,@@@G_DIAZ@@@)','',2,'2013-07-09'),(36715,'INSERT INTO gne_vale_ferreteria_mov (vfe_id,pro_codigo_plu,vfm_cantidad,vfm_unitario,vfm_total,vfm_entregado) VALUES (4897,765064,1,280,280,@@@NO@@@)','',2,'2013-07-09'),(36716,'INSERT INTO gne_vale_ferreteria_mov (vfe_id,pro_codigo_plu,vfm_cantidad,vfm_unitario,vfm_total,vfm_entregado) VALUES (4897,764118,1,150,150,@@@NO@@@)','',2,'2013-07-09'),(36717,'INSERT INTO gne_vale_ferreteria (vfe_id,vfe_fecha,vfe_total,vfe_estado,vfe_entregado,usu_nusuario) VALUES (4898,@@@2013.07.09@@@,700,1,0,@@@G_DIAZ@@@)','',2,'2013-07-09'),(36718,'INSERT INTO gne_vale_ferreteria_mov (vfe_id,pro_codigo_plu,vfm_cantidad,vfm_unitario,vfm_total,vfm_entregado) VALUES (4898,763851,7,100,700,@@@NO@@@)','',2,'2013-07-09'),(36719,'UPDATE mae_productos SET pro_activo=@@@0@@@ WHERE pro_codigo_plu=@@@1947@@@','',2,'2013-07-09'),(36720,'INSERT INTO gne_vale_ferreteria (vfe_id,vfe_fecha,vfe_total,vfe_estado,vfe_entregado,usu_nusuario) VALUES (4899,@@@2013.07.09@@@,780,1,0,@@@G_DIAZ@@@)','',2,'2013-07-09'),(36721,'INSERT INTO gne_vale_ferreteria_mov (vfe_id,pro_codigo_plu,vfm_cantidad,vfm_unitario,vfm_total,vfm_entregado) VALUES (4899,4125,1,390,390,@@@NO@@@)','',2,'2013-07-09'),(36722,'INSERT INTO gne_vale_ferreteria_mov (vfe_id,pro_codigo_plu,vfm_cantidad,vfm_unitario,vfm_total,vfm_entregado) VALUES (4899,780721291,1,390,390,@@@NO@@@)','',2,'2013-07-09'),(36723,'UPDATE mae_productos SET pro_activo=@@@0@@@ WHERE pro_codigo_plu=@@@2127@@@','',2,'2013-07-09'),(36724,'UPDATE mae_productos SET pro_activo=@@@0@@@ WHERE pro_codigo_plu=@@@2126@@@','',2,'2013-07-09'),(36725,'UPDATE mae_productos SET pro_activo=@@@0@@@ WHERE pro_codigo_plu=@@@2128@@@','',2,'2013-07-09'),(36726,'UPDATE mae_productos SET pro_activo=@@@0@@@ WHERE pro_codigo_plu=@@@2501@@@','',2,'2013-07-09'),(36727,'UPDATE mae_productos SET pro_activo=@@@0@@@ WHERE pro_codigo_plu=@@@2502@@@','',2,'2013-07-09'),(36728,'UPDATE mae_productos SET pro_activo=@@@0@@@ WHERE pro_codigo_plu=@@@2503@@@','',2,'2013-07-09'),(36729,'UPDATE mae_productos SET pro_activo=@@@0@@@ WHERE pro_codigo_plu=@@@2513@@@','',2,'2013-07-09'),(36730,'UPDATE mae_productos SET pro_activo=@@@0@@@ WHERE pro_codigo_plu=@@@2504@@@','',2,'2013-07-09'),(36731,'UPDATE mae_productos SET pro_activo=@@@0@@@ WHERE pro_codigo_plu=@@@2505@@@','',2,'2013-07-09'),(36732,'UPDATE mae_productos SET pro_activo=@@@0@@@ WHERE pro_codigo_plu=@@@2530@@@','',2,'2013-07-09'),(36733,'INSERT INTO gne_vale_ferreteria (vfe_id,vfe_fecha,vfe_total,vfe_estado,vfe_entregado,usu_nusuario) VALUES (4900,@@@2013.07.09@@@,1890,1,0,@@@G_DIAZ@@@)','',2,'2013-07-09'),(36734,'INSERT INTO gne_vale_ferreteria_mov (vfe_id,pro_codigo_plu,vfm_cantidad,vfm_unitario,vfm_total,vfm_entregado) VALUES (4900,763602,1,1890,1890,@@@NO@@@)','',2,'2013-07-09'),(36735,'UPDATE mae_productos SET pro_activo=@@@0@@@ WHERE pro_codigo_plu=@@@2531@@@','',2,'2013-07-09'),(36736,'UPDATE mae_productos SET pro_activo=@@@0@@@ WHERE pro_codigo_plu=@@@2532@@@','',2,'2013-07-09'),(36737,'UPDATE mae_productos SET pro_activo=@@@0@@@ WHERE pro_codigo_plu=@@@2533@@@','',2,'2013-07-09'),(36738,'UPDATE mae_productos SET pro_activo=@@@0@@@ WHERE pro_codigo_plu=@@@2626@@@','',2,'2013-07-09'),(36739,'UPDATE mae_productos SET pro_activo=@@@0@@@ WHERE pro_codigo_plu=@@@2638@@@','',2,'2013-07-09'),(36740,'UPDATE mae_productos SET pro_activo=@@@0@@@ WHERE pro_codigo_plu=@@@2639@@@','',2,'2013-07-09'),(36741,'INSERT INTO gne_vale_ferreteria (vfe_id,vfe_fecha,vfe_total,vfe_estado,vfe_entregado,usu_nusuario) VALUES (4901,@@@2013.07.09@@@,1380,1,0,@@@G_DIAZ@@@)','',2,'2013-07-09'),(36742,'INSERT INTO gne_vale_ferreteria_mov (vfe_id,pro_codigo_plu,vfm_cantidad,vfm_unitario,vfm_total,vfm_entregado) VALUES (4901,19866,1,680,680,@@@NO@@@)','',2,'2013-07-09'),(36743,'INSERT INTO gne_vale_ferreteria_mov (vfe_id,pro_codigo_plu,vfm_cantidad,vfm_unitario,vfm_total,vfm_entregado) VALUES (4901,102408,1,350,350,@@@NO@@@)','',2,'2013-07-09'),(36744,'INSERT INTO gne_vale_ferreteria_mov (vfe_id,pro_codigo_plu,vfm_cantidad,vfm_unitario,vfm_total,vfm_entregado) VALUES (4901,780220093,1,350,350,@@@NO@@@)','',2,'2013-07-09'),(36745,'UPDATE mae_productos SET pro_activo=@@@0@@@ WHERE pro_codigo_plu=@@@3111@@@','',2,'2013-07-09'),(36746,'UPDATE mae_productos SET pro_activo=@@@0@@@ WHERE pro_codigo_plu=@@@3830@@@','',2,'2013-07-09'),(36747,'UPDATE mae_productos SET pro_activo=@@@0@@@ WHERE pro_codigo_plu=@@@4446@@@','',2,'2013-07-09'),(36748,'UPDATE mae_productos SET pro_activo=@@@0@@@ WHERE pro_codigo_plu=@@@4447@@@','',2,'2013-07-09'),(36749,'UPDATE mae_productos SET pro_activo=@@@0@@@ WHERE pro_codigo_plu=@@@4520@@@','',2,'2013-07-09'),(36750,'UPDATE mae_productos SET pro_activo=@@@0@@@ WHERE pro_codigo_plu=@@@5799@@@','',2,'2013-07-09'),(36751,'UPDATE mae_productos SET pro_activo=@@@0@@@ WHERE pro_codigo_plu=@@@5800@@@','',2,'2013-07-09'),(36752,'UPDATE mae_productos SET pro_activo=@@@0@@@ WHERE pro_codigo_plu=@@@6211@@@','',2,'2013-07-09'),(36753,'UPDATE mae_productos SET pro_activo=@@@0@@@ WHERE pro_codigo_plu=@@@8690@@@','',2,'2013-07-09'),(36754,'UPDATE mae_productos SET pro_activo=@@@0@@@ WHERE pro_codigo_plu=@@@8691@@@','',2,'2013-07-09'),(36755,'INSERT INTO gpr_pack_virtual (pav_id,pav_nombre,pav_total_pack,pav_total_descuento,pav_desde,pav_hasta,pav_tipo,pav_precio,pav_lleva,pav_paga,pav_descuento,pav_porcentaje,pav_oferta_exclusiva,pav_agotar_stock,pav_stock,pav_costo,pav_margen) VALUES (24,@@@PACK NESTLE CHOCAPIC + ZUCOSOS 3 X $899@@@,899,61,@@@2013-07-09@@@,@@@2013-07-31@@@,@@@PA@@@,320,3,2.809,0.191,1,@@@NO@@@,@@@SI@@@,100,702,28.06)','',2,'2013-07-09'),(36756,'INSERT INTO gpr_pack_virtual_mov (pav_id,pro_codigo_plu,pvm_precio,pvm_total,pvm_lleva,pvm_paga,pvm_descuento,pvm_porcentaje,pvm_total_normal,pvm_descuento_linea,pvm_costo,pvm_margen) VALUES (24,780721183,320,0,1,1,0,0,320,20.3333333333333,234,28.06),(24,763580,320,0,1,1,0,0,320,20.3333333333333,234,28.06)','',2,'2013-07-09'),(36757,'INSERT INTO gpr_pack_virtual_horario (pav_id,pvh_dia,pvh_hora_desde,pvh_hora_hasta) VALUES (24,99,@@@00:00@@@,@@@23:59@@@)','',2,'2013-07-09'),(36758,'INSERT INTO gne_vale_ferreteria (vfe_id,vfe_fecha,vfe_total,vfe_estado,vfe_entregado,usu_nusuario) VALUES (4902,@@@2013.07.09@@@,5990,1,0,@@@G_DIAZ@@@)','',2,'2013-07-09'),(36759,'INSERT INTO gne_vale_ferreteria_mov (vfe_id,pro_codigo_plu,vfm_cantidad,vfm_unitario,vfm_total,vfm_entregado) VALUES (4902,770089,1,5990,5990,@@@NO@@@)','',2,'2013-07-09'),(36760,'INSERT INTO gne_vale_ferreteria (vfe_id,vfe_fecha,vfe_total,vfe_estado,vfe_entregado,usu_nusuario) VALUES (4903,@@@2013.07.09@@@,980,1,0,@@@G_DIAZ@@@)','',2,'2013-07-09'),(36761,'INSERT INTO gne_vale_ferreteria_mov (vfe_id,pro_codigo_plu,vfm_cantidad,vfm_unitario,vfm_total,vfm_entregado) VALUES (4903,764397,2,490,980,@@@NO@@@)','',2,'2013-07-09'),(36762,'INSERT INTO gne_vale_ferreteria (vfe_id,vfe_fecha,vfe_total,vfe_estado,vfe_entregado,usu_nusuario) VALUES (4904,@@@2013.07.09@@@,740,1,0,@@@G_DIAZ@@@)','',2,'2013-07-09'),(36763,'INSERT INTO gne_vale_ferreteria_mov (vfe_id,pro_codigo_plu,vfm_cantidad,vfm_unitario,vfm_total,vfm_entregado) VALUES (4904,4127,1,490,490,@@@NO@@@)','',2,'2013-07-09'),(36764,'INSERT INTO gne_vale_ferreteria_mov (vfe_id,pro_codigo_plu,vfm_cantidad,vfm_unitario,vfm_total,vfm_entregado) VALUES (4904,764583,1,250,250,@@@NO@@@)','',2,'2013-07-09'),(36765,'INSERT INTO gne_vale_ferreteria (vfe_id,vfe_fecha,vfe_total,vfe_estado,vfe_entregado,usu_nusuario) VALUES (4905,@@@2013.07.09@@@,350,1,0,@@@G_DIAZ@@@)','',2,'2013-07-09'),(36766,'INSERT INTO gne_vale_ferreteria_mov (vfe_id,pro_codigo_plu,vfm_cantidad,vfm_unitario,vfm_total,vfm_entregado) VALUES (4905,1014,1,350,350,@@@NO@@@)','',2,'2013-07-09'),(36767,'INSERT INTO gpr_pack_virtual (pav_id,pav_nombre,pav_total_pack,pav_total_descuento,pav_desde,pav_hasta,pav_tipo,pav_precio,pav_lleva,pav_paga,pav_descuento,pav_porcentaje,pav_oferta_exclusiva,pav_agotar_stock,pav_stock,pav_costo,pav_margen) VALUES (25,@@@YOGURTH NESTLE FRUTILLA+ VAINILLA+DAMASCO+PIÑA 8 X $999@@@,999,201,@@@2013-07-09@@@,@@@2013-07-31@@@,@@@PA@@@,150,8,6.65,1.35,1,@@@NO@@@,@@@SI@@@,100,858,16.43)','',2,'2013-07-09'),(36768,'INSERT INTO gpr_pack_virtual_mov (pav_id,pro_codigo_plu,pvm_precio,pvm_total,pvm_lleva,pvm_paga,pvm_descuento,pvm_porcentaje,pvm_total_normal,pvm_descuento_linea,pvm_costo,pvm_margen) VALUES (25,16593,150,0,1,1,0,0,150,25.125,99,16.43),(25,16606,150,0,1,1,0,0,150,25.125,110,16.43),(25,16588,150,0,1,1,0,0,150,25.125,110,16.43),(25,16605,150,0,1,1,0,0,150,25.125,110,16.43)','',2,'2013-07-09'),(36769,'INSERT INTO gpr_pack_virtual_horario (pav_id,pvh_dia,pvh_hora_desde,pvh_hora_hasta) VALUES (25,99,@@@00:00@@@,@@@23:59@@@)','',2,'2013-07-09'),(36770,'INSERT INTO gne_vale_ferreteria (vfe_id,vfe_fecha,vfe_total,vfe_estado,vfe_entregado,usu_nusuario) VALUES (4906,@@@2013.07.09@@@,1690,1,0,@@@G_DIAZ@@@)','',2,'2013-07-09'),(36771,'INSERT INTO gne_vale_ferreteria_mov (vfe_id,pro_codigo_plu,vfm_cantidad,vfm_unitario,vfm_total,vfm_entregado) VALUES (4906,19916,1,540,540,@@@NO@@@)','',2,'2013-07-09'),(36772,'INSERT INTO gne_vale_ferreteria_mov (vfe_id,pro_codigo_plu,vfm_cantidad,vfm_unitario,vfm_total,vfm_entregado) VALUES (4906,763891,1,1150,1150,@@@NO@@@)','',2,'2013-07-09'),(36773,'INSERT INTO gne_vale_ferreteria (vfe_id,vfe_fecha,vfe_total,vfe_estado,vfe_entregado,usu_nusuario) VALUES (4907,@@@2013.07.09@@@,40,1,0,@@@G_DIAZ@@@)','',2,'2013-07-09'),(36774,'INSERT INTO gne_vale_ferreteria_mov (vfe_id,pro_codigo_plu,vfm_cantidad,vfm_unitario,vfm_total,vfm_entregado) VALUES (4907,78017191,1,40,40,@@@NO@@@)','',2,'2013-07-09'),(36775,'INSERT INTO gne_vale_ferreteria (vfe_id,vfe_fecha,vfe_total,vfe_estado,vfe_entregado,usu_nusuario) VALUES (4908,@@@2013.07.09@@@,1890,1,0,@@@G_DIAZ@@@)','',2,'2013-07-09'),(36776,'INSERT INTO gne_vale_ferreteria_mov (vfe_id,pro_codigo_plu,vfm_cantidad,vfm_unitario,vfm_total,vfm_entregado) VALUES (4908,101843,1,1890,1890,@@@NO@@@)','',2,'2013-07-09'),(36777,'INSERT INTO gne_vale_ferreteria (vfe_id,vfe_fecha,vfe_total,vfe_estado,vfe_entregado,usu_nusuario) VALUES (4909,@@@2013.07.09@@@,520,1,0,@@@G_DIAZ@@@)','',2,'2013-07-09'),(36778,'INSERT INTO gne_vale_ferreteria_mov (vfe_id,pro_codigo_plu,vfm_cantidad,vfm_unitario,vfm_total,vfm_entregado) VALUES (4909,15929,4,130,520,@@@NO@@@)','',2,'2013-07-09'),(36779,'UPDATE mae_productos SET pro_precio_compra_bruto=1000,pro_margen_actual=(pro_precio_venta-1000)/1000 * 100,pro_ultima_compra=@@@2013.07.09@@@,pro_ultimo_proveedor=@@@76717550-7@@@ WHERE pro_codigo_plu=383','',2,'2013-07-09'),(36780,'INSERT INTO gne_vale_ferreteria (vfe_id,vfe_fecha,vfe_total,vfe_estado,vfe_entregado,usu_nusuario) VALUES (4910,@@@2013.07.09@@@,80,1,0,@@@G_DIAZ@@@)','',2,'2013-07-09'),(36781,'INSERT INTO gne_vale_ferreteria_mov (vfe_id,pro_codigo_plu,vfm_cantidad,vfm_unitario,vfm_total,vfm_entregado) VALUES (4910,764823,1,80,80,@@@NO@@@)','',2,'2013-07-09'),(36782,'INSERT INTO gne_vale_ferreteria (vfe_id,vfe_fecha,vfe_total,vfe_estado,vfe_entregado,usu_nusuario) VALUES (4911,@@@2013.07.09@@@,390,1,0,@@@G_DIAZ@@@)','',2,'2013-07-09'),(36783,'INSERT INTO gne_vale_ferreteria_mov (vfe_id,pro_codigo_plu,vfm_cantidad,vfm_unitario,vfm_total,vfm_entregado) VALUES (4911,8023,1,390,390,@@@NO@@@)','',2,'2013-07-09'),(36784,'INSERT INTO gne_vale_ferreteria (vfe_id,vfe_fecha,vfe_total,vfe_estado,vfe_entregado,usu_nusuario) VALUES (4912,@@@2013.07.09@@@,240,1,0,@@@G_DIAZ@@@)','',2,'2013-07-09'),(36785,'INSERT INTO gne_vale_ferreteria_mov (vfe_id,pro_codigo_plu,vfm_cantidad,vfm_unitario,vfm_total,vfm_entregado) VALUES (4912,8022,2,120,240,@@@NO@@@)','',2,'2013-07-09'),(36786,'INSERT INTO gne_vale_ferreteria (vfe_id,vfe_fecha,vfe_total,vfe_estado,vfe_entregado,usu_nusuario) VALUES (4913,@@@2013.07.09@@@,180,1,0,@@@G_DIAZ@@@)','',2,'2013-07-09'),(36787,'INSERT INTO gne_vale_ferreteria_mov (vfe_id,pro_codigo_plu,vfm_cantidad,vfm_unitario,vfm_total,vfm_entregado) VALUES (4913,764823,1,80,80,@@@NO@@@)','',2,'2013-07-09'),(36788,'INSERT INTO gne_vale_ferreteria_mov (vfe_id,pro_codigo_plu,vfm_cantidad,vfm_unitario,vfm_total,vfm_entregado) VALUES (4913,770000,2,50,100,@@@NO@@@)','',2,'2013-07-09'),(36789,'INSERT INTO gne_vale_ferreteria (vfe_id,vfe_fecha,vfe_total,vfe_estado,vfe_entregado,usu_nusuario) VALUES (4914,@@@2013.07.09@@@,540,1,0,@@@G_DIAZ@@@)','',2,'2013-07-09'),(36790,'INSERT INTO gne_vale_ferreteria_mov (vfe_id,pro_codigo_plu,vfm_cantidad,vfm_unitario,vfm_total,vfm_entregado) VALUES (4914,19916,1,540,540,@@@NO@@@)','',2,'2013-07-09'),(36791,'INSERT INTO gne_vale_ferreteria (vfe_id,vfe_fecha,vfe_total,vfe_estado,vfe_entregado,usu_nusuario) VALUES (4915,@@@2013.07.09@@@,250,1,0,@@@G_DIAZ@@@)','',2,'2013-07-09'),(36792,'INSERT INTO gne_vale_ferreteria_mov (vfe_id,pro_codigo_plu,vfm_cantidad,vfm_unitario,vfm_total,vfm_entregado) VALUES (4915,764583,1,250,250,@@@NO@@@)','',2,'2013-07-09'),(36793,'INSERT INTO gne_vale_ferreteria (vfe_id,vfe_fecha,vfe_total,vfe_estado,vfe_entregado,usu_nusuario) VALUES (4916,@@@2013.07.09@@@,300,1,0,@@@G_DIAZ@@@)','',2,'2013-07-09'),(36794,'INSERT INTO gne_vale_ferreteria_mov (vfe_id,pro_codigo_plu,vfm_cantidad,vfm_unitario,vfm_total,vfm_entregado) VALUES (4916,1542,3,100,300,@@@NO@@@)','',2,'2013-07-09'),(36795,'INSERT INTO gne_vale_ferreteria (vfe_id,vfe_fecha,vfe_total,vfe_estado,vfe_entregado,usu_nusuario) VALUES (4917,@@@2013.07.09@@@,550,1,0,@@@G_DIAZ@@@)','',2,'2013-07-09'),(36796,'INSERT INTO gne_vale_ferreteria_mov (vfe_id,pro_codigo_plu,vfm_cantidad,vfm_unitario,vfm_total,vfm_entregado) VALUES (4917,763582,1,550,550,@@@NO@@@)','',2,'2013-07-09'),(36797,'INSERT INTO gne_vale_ferreteria (vfe_id,vfe_fecha,vfe_total,vfe_estado,vfe_entregado,usu_nusuario) VALUES (4918,@@@2013.07.09@@@,420,1,0,@@@G_DIAZ@@@)','',2,'2013-07-09'),(36798,'INSERT INTO gne_vale_ferreteria_mov (vfe_id,pro_codigo_plu,vfm_cantidad,vfm_unitario,vfm_total,vfm_entregado) VALUES (4918,78017028,6,70,420,@@@NO@@@)','',2,'2013-07-09'),(36799,'INSERT INTO gne_vale_ferreteria (vfe_id,vfe_fecha,vfe_total,vfe_estado,vfe_entregado,usu_nusuario) VALUES (4919,@@@2013.07.09@@@,200,1,0,@@@G_DIAZ@@@)','',2,'2013-07-09'),(36800,'INSERT INTO gne_vale_ferreteria_mov (vfe_id,pro_codigo_plu,vfm_cantidad,vfm_unitario,vfm_total,vfm_entregado) VALUES (4919,4077,1,200,200,@@@NO@@@)','',2,'2013-07-09'),(36801,'INSERT INTO gne_vale_ferreteria (vfe_id,vfe_fecha,vfe_total,vfe_estado,vfe_entregado,usu_nusuario) VALUES (4920,@@@2013.07.09@@@,300,1,0,@@@G_DIAZ@@@)','',2,'2013-07-09'),(36802,'INSERT INTO gne_vale_ferreteria_mov (vfe_id,pro_codigo_plu,vfm_cantidad,vfm_unitario,vfm_total,vfm_entregado) VALUES (4920,765034,1,300,300,@@@NO@@@)','',2,'2013-07-09'),(36803,'INSERT INTO gne_vale_ferreteria (vfe_id,vfe_fecha,vfe_total,vfe_estado,vfe_entregado,usu_nusuario) VALUES (4921,@@@2013.07.09@@@,300,1,0,@@@G_DIAZ@@@)','',2,'2013-07-09'),(36804,'INSERT INTO gne_vale_ferreteria_mov (vfe_id,pro_codigo_plu,vfm_cantidad,vfm_unitario,vfm_total,vfm_entregado) VALUES (4921,780721222,1,300,300,@@@NO@@@)','',2,'2013-07-09'),(36805,'INSERT INTO gne_vale_ferreteria (vfe_id,vfe_fecha,vfe_total,vfe_estado,vfe_entregado,usu_nusuario) VALUES (4922,@@@2013.07.09@@@,840,1,0,@@@G_DIAZ@@@)','',2,'2013-07-09'),(36806,'INSERT INTO gne_vale_ferreteria_mov (vfe_id,pro_codigo_plu,vfm_cantidad,vfm_unitario,vfm_total,vfm_entregado) VALUES (4922,11670,1,840,840,@@@NO@@@)','',2,'2013-07-09'),(36807,'INSERT INTO com_ventas_grupo (vgr_fecha,vgr_grupo,vgr_cantidad,vgr_total) VALUES (@@@2013.07.08@@@,1,246.755,202511)','',2,'2013-07-09'),(36808,'INSERT INTO com_ventas_grupo (vgr_fecha,vgr_grupo,vgr_cantidad,vgr_total) VALUES (@@@2013.07.08@@@,2,192.53,95842)','',2,'2013-07-09'),(36809,'INSERT INTO com_ventas_grupo (vgr_fecha,vgr_grupo,vgr_cantidad,vgr_total) VALUES (@@@2013.07.08@@@,3,475,98159)','',2,'2013-07-09'),(36810,'INSERT INTO com_ventas_grupo (vgr_fecha,vgr_grupo,vgr_cantidad,vgr_total) VALUES (@@@2013.07.08@@@,4,67,62928)','',2,'2013-07-09'),(36811,'INSERT INTO com_ventas_grupo (vgr_fecha,vgr_grupo,vgr_cantidad,vgr_total) VALUES (@@@2013.07.08@@@,5,2,4780)','',2,'2013-07-09'),(36812,'INSERT INTO com_ventas_grupo (vgr_fecha,vgr_grupo,vgr_cantidad,vgr_total) VALUES (@@@2013.07.08@@@,6,13,24010)','',2,'2013-07-09'),(36813,'INSERT INTO com_ventas_grupo (vgr_fecha,vgr_grupo,vgr_cantidad,vgr_total) VALUES (@@@2013.07.08@@@,7,32,59032)','',2,'2013-07-09'),(36814,'INSERT INTO com_ventas_grupo (vgr_fecha,vgr_grupo,vgr_cantidad,vgr_total) VALUES (@@@2013.07.08@@@,8,32,19390)','',2,'2013-07-09'),(36815,'INSERT INTO com_ventas_grupo (vgr_fecha,vgr_grupo,vgr_cantidad,vgr_total) VALUES (@@@2013.07.08@@@,9,63.025,96368)','',2,'2013-07-09'),(36816,'INSERT INTO com_ventas_grupo (vgr_fecha,vgr_grupo,vgr_cantidad,vgr_total) VALUES (@@@2013.07.08@@@,10,27.785,67462)','',2,'2013-07-09'),(36817,'INSERT INTO com_ventas_grupo (vgr_fecha,vgr_grupo,vgr_cantidad,vgr_total) VALUES (@@@2013.07.08@@@,11,19.37,47699)','',2,'2013-07-09'),(36818,'INSERT INTO com_ventas_grupo (vgr_fecha,vgr_grupo,vgr_cantidad,vgr_total) VALUES (@@@2013.07.08@@@,12,39.3,73046)','',2,'2013-07-09'),(36819,'INSERT INTO com_ventas_grupo (vgr_fecha,vgr_grupo,vgr_cantidad,vgr_total) VALUES (@@@2013.07.08@@@,13,9.76,39492)','',2,'2013-07-09'),(36820,'INSERT INTO com_ventas_grupo (vgr_fecha,vgr_grupo,vgr_cantidad,vgr_total) VALUES (@@@2013.07.08@@@,14,111.195,100420)','',2,'2013-07-09'),(36821,'INSERT INTO com_ventas_grupo (vgr_fecha,vgr_grupo,vgr_cantidad,vgr_total) VALUES (@@@2013.07.08@@@,16,5,850)','',2,'2013-07-09'),(36822,'INSERT INTO com_ventas_grupo (vgr_fecha,vgr_grupo,vgr_cantidad,vgr_total) VALUES (@@@2013.07.08@@@,18,174.09,94981)','',2,'2013-07-09'),(36823,'INSERT INTO com_ventas_grupo (vgr_fecha,vgr_grupo,vgr_cantidad,vgr_total) VALUES (@@@2013.07.08@@@,20,91,22450)','',2,'2013-07-09'),(36824,'INSERT INTO com_ventas_grupo (vgr_fecha,vgr_grupo,vgr_cantidad,vgr_total) VALUES (@@@2013.07.08@@@,21,50,46385)','',2,'2013-07-09'),(36825,'INSERT INTO com_ventas_grupo (vgr_fecha,vgr_grupo,vgr_cantidad,vgr_total) VALUES (@@@2013.07.08@@@,23,1,2490)','',2,'2013-07-09'),(36826,'INSERT INTO com_ventas_grupo (vgr_fecha,vgr_grupo,vgr_cantidad,vgr_total) VALUES (@@@2013.07.08@@@,24,240,39415)','',2,'2013-07-09'),(36827,'INSERT INTO com_ventas_grupo (vgr_fecha,vgr_grupo,vgr_cantidad,vgr_total) VALUES (@@@2013.07.08@@@,25,102,142700)','',2,'2013-07-09'),(36828,'INSERT INTO com_ventas_grupo (vgr_fecha,vgr_grupo,vgr_cantidad,vgr_total) VALUES (@@@2013.07.08@@@,31,34,26797)','',2,'2013-07-09'),(36829,'INSERT INTO com_ventas_grupo (vgr_fecha,vgr_grupo,vgr_cantidad,vgr_total) VALUES (@@@2013.07.08@@@,32,279,90875)','',2,'2013-07-09'),(36830,'INSERT INTO com_ventas_grupo (vgr_fecha,vgr_grupo,vgr_cantidad,vgr_total) VALUES (@@@2013.07.08@@@,34,3,3600)','',2,'2013-07-09'),(36831,'INSERT INTO com_ventas_grupo (vgr_fecha,vgr_grupo,vgr_cantidad,vgr_total) VALUES (@@@2013.07.08@@@,35,16,10135)','',2,'2013-07-09'),(36832,'INSERT INTO com_ventas_grupo (vgr_fecha,vgr_grupo,vgr_cantidad,vgr_total) VALUES (@@@2013.07.08@@@,36,9,1980)','',2,'2013-07-09'),(36833,'INSERT INTO com_ventas_grupo (vgr_fecha,vgr_grupo,vgr_cantidad,vgr_total) VALUES (@@@2013.07.08@@@,37,5,2290)','',2,'2013-07-09'),(36834,'INSERT INTO com_ventas_grupo (vgr_fecha,vgr_grupo,vgr_cantidad,vgr_total) VALUES (@@@2013.07.08@@@,39,9,7010)','',2,'2013-07-09'),(36835,'INSERT INTO com_ventas_grupo (vgr_fecha,vgr_grupo,vgr_cantidad,vgr_total) VALUES (@@@2013.07.08@@@,40,6165,6165)','',2,'2013-07-09'),(36836,'INSERT INTO com_ventas_grupo (vgr_fecha,vgr_grupo,vgr_cantidad,vgr_total) VALUES (@@@2013.07.08@@@,41,2,100)','',2,'2013-07-09'),(36837,'INSERT INTO com_ventas_grupo (vgr_fecha,vgr_grupo,vgr_cantidad,vgr_total) VALUES (@@@2013.07.08@@@,42,20.68,17294)','',2,'2013-07-09'),(36838,'UPDATE mae_datos_empresa SET emp_oferta=@@@NO@@@','',2,'2013-07-09'),(36839,'INSERT INTO gne_vale_ferreteria (vfe_id,vfe_fecha,vfe_total,vfe_estado,vfe_entregado,usu_nusuario) VALUES (4923,@@@2013.07.09@@@,590,1,0,@@@G_DIAZ@@@)','',2,'2013-07-09'),(36840,'INSERT INTO gne_vale_ferreteria_mov (vfe_id,pro_codigo_plu,vfm_cantidad,vfm_unitario,vfm_total,vfm_entregado) VALUES (4923,19865,1,590,590,@@@NO@@@)','',2,'2013-07-09'),(36841,'INSERT INTO gne_vale_ferreteria (vfe_id,vfe_fecha,vfe_total,vfe_estado,vfe_entregado,usu_nusuario) VALUES (4924,@@@2013.07.09@@@,120,1,0,@@@G_DIAZ@@@)','',2,'2013-07-09'),(36842,'INSERT INTO gne_vale_ferreteria_mov (vfe_id,pro_codigo_plu,vfm_cantidad,vfm_unitario,vfm_total,vfm_entregado) VALUES (4924,761334,1,120,120,@@@NO@@@)','',2,'2013-07-09'),(36843,'INSERT INTO gne_vale_ferreteria (vfe_id,vfe_fecha,vfe_total,vfe_estado,vfe_entregado,usu_nusuario) VALUES (4925,@@@2013.07.09@@@,30,1,0,@@@G_DIAZ@@@)','',2,'2013-07-09'),(36844,'INSERT INTO gne_vale_ferreteria_mov (vfe_id,pro_codigo_plu,vfm_cantidad,vfm_unitario,vfm_total,vfm_entregado) VALUES (4925,764770,1,30,30,@@@NO@@@)','',2,'2013-07-09'),(36845,'INSERT INTO mae_productos (pro_codigo_plu,pro_codigo_barra,pro_tipo,pro_nombre_producto,pro_nombre_corto,med_id,emb_id,pro_unidades_embalaje,dep_id,lin_id,mar_id,pro_precio_compra_neto,pro_precio_compra_bruto,pro_precio_venta,pro_margen_actual,pro_oferta,pro_fecha_inicio_oferta,pro_fecha_termino_oferta,pro_precio_oferta,pro_stock_minimo,pro_stock_critico,pro_entradas_bodega,pro_salidas_bodega,pro_mermas_bodega,pro_ajustes_bodega,pro_entradas_sv,pro_salidas_sv,pro_mermas_sv,pro_ajustes_sv,pro_activo,rec_numero,pro_unidad,pro_capacidad,pro_consumo_bodega,pro_consumo_sv,pro_estado,pro_funcion_plu,pro_flejes,pro_iva,pro_plu_asociado,pro_envase,pro_duracion,pro_numero_etiqueta) VALUES (780721339,@@@7784000155481@@@,@@@0@@@,@@@AZUCARERO ROSADO@@@,@@@AZUCARERO ROSADO@@@,@@@1 @@@,@@@9 @@@,@@@1@@@,@@@38 @@@,@@@179@@@,@@@2507@@@,@@@0@@@,@@@0@@@,@@@1390@@@,@@@0@@@,@@@@@@,@@@2013.07.09@@@,@@@2013.07.09@@@,@@@0@@@,@@@0@@@,@@@0@@@,@@@0@@@,@@@0@@@,@@@0@@@,@@@0@@@,@@@0@@@,@@@0@@@,@@@0@@@,@@@0@@@,@@@1@@@,@@@0@@@,0,1,0,0,2,0,1,1,0,@@@NO@@@,0,0)','',2,'2013-07-09'),(36846,'DELETE FROM mae_impuestos_productos WHERE pro_codigo_plu=@@@780721339@@@','',2,'2013-07-09'),(36847,'INSERT INTO mae_productos (pro_codigo_plu,pro_codigo_barra,pro_tipo,pro_nombre_producto,pro_nombre_corto,med_id,emb_id,pro_unidades_embalaje,dep_id,lin_id,mar_id,pro_precio_compra_neto,pro_precio_compra_bruto,pro_precio_venta,pro_margen_actual,pro_oferta,pro_fecha_inicio_oferta,pro_fecha_termino_oferta,pro_precio_oferta,pro_stock_minimo,pro_stock_critico,pro_entradas_bodega,pro_salidas_bodega,pro_mermas_bodega,pro_ajustes_bodega,pro_entradas_sv,pro_salidas_sv,pro_mermas_sv,pro_ajustes_sv,pro_activo,rec_numero,pro_unidad,pro_capacidad,pro_consumo_bodega,pro_consumo_sv,pro_estado,pro_funcion_plu,pro_flejes,pro_iva,pro_plu_asociado,pro_envase,pro_duracion,pro_numero_etiqueta) VALUES (780721340,@@@7784000155436@@@,@@@0@@@,@@@AZUCARERO TAPA ROJA LOZA@@@,@@@AZUCARERO TAPA R@@@,@@@1 @@@,@@@3 @@@,@@@1@@@,@@@38 @@@,@@@179@@@,@@@2507@@@,@@@0@@@,@@@0@@@,@@@1390@@@,@@@0@@@,@@@@@@,@@@2013.07.09@@@,@@@2013.07.09@@@,@@@0@@@,@@@0@@@,@@@0@@@,@@@0@@@,@@@0@@@,@@@0@@@,@@@0@@@,@@@0@@@,@@@0@@@,@@@0@@@,@@@0@@@,@@@1@@@,@@@0@@@,0,1,0,0,2,0,1,1,0,@@@NO@@@,0,0)','',2,'2013-07-09'),(36848,'DELETE FROM mae_impuestos_productos WHERE pro_codigo_plu=@@@780721340@@@','',2,'2013-07-09'),(36849,'INSERT INTO gne_vale_ferreteria (vfe_id,vfe_fecha,vfe_total,vfe_estado,vfe_entregado,usu_nusuario) VALUES (4926,@@@2013.07.09@@@,790,1,0,@@@G_DIAZ@@@)','',2,'2013-07-09'),(36850,'INSERT INTO gne_vale_ferreteria_mov (vfe_id,pro_codigo_plu,vfm_cantidad,vfm_unitario,vfm_total,vfm_entregado) VALUES (4926,780721095,1,790,790,@@@NO@@@)','',2,'2013-07-09'),(36851,'INSERT INTO gne_vale_ferreteria (vfe_id,vfe_fecha,vfe_total,vfe_estado,vfe_entregado,usu_nusuario) VALUES (4927,@@@2013.07.09@@@,100,1,0,@@@G_DIAZ@@@)','',2,'2013-07-09'),(36852,'INSERT INTO gne_vale_ferreteria_mov (vfe_id,pro_codigo_plu,vfm_cantidad,vfm_unitario,vfm_total,vfm_entregado) VALUES (4927,78017027,2,50,100,@@@NO@@@)','',2,'2013-07-09'),(36853,'INSERT INTO gne_vale_ferreteria (vfe_id,vfe_fecha,vfe_total,vfe_estado,vfe_entregado,usu_nusuario) VALUES (4928,@@@2013.07.09@@@,2980,1,0,@@@G_DIAZ@@@)','',2,'2013-07-09'),(36854,'INSERT INTO gne_vale_ferreteria_mov (vfe_id,pro_codigo_plu,vfm_cantidad,vfm_unitario,vfm_total,vfm_entregado) VALUES (4928,770033,10,40,400,@@@NO@@@)','',2,'2013-07-09'),(36855,'INSERT INTO gne_vale_ferreteria_mov (vfe_id,pro_codigo_plu,vfm_cantidad,vfm_unitario,vfm_total,vfm_entregado) VALUES (4928,764315,2,1290,2580,@@@NO@@@)','',2,'2013-07-09'),(36856,'INSERT INTO gne_vale_ferreteria (vfe_id,vfe_fecha,vfe_total,vfe_estado,vfe_entregado,usu_nusuario) VALUES (4929,@@@2013.07.09@@@,1390,1,0,@@@G_DIAZ@@@)','',2,'2013-07-09'),(36857,'INSERT INTO gne_vale_ferreteria_mov (vfe_id,pro_codigo_plu,vfm_cantidad,vfm_unitario,vfm_total,vfm_entregado) VALUES (4929,78017149,1,790,790,@@@NO@@@)','',2,'2013-07-09'),(36858,'INSERT INTO gne_vale_ferreteria_mov (vfe_id,pro_codigo_plu,vfm_cantidad,vfm_unitario,vfm_total,vfm_entregado) VALUES (4929,1069,3,200,600,@@@NO@@@)','',2,'2013-07-09'),(36859,'INSERT INTO gne_vale_ferreteria (vfe_id,vfe_fecha,vfe_total,vfe_estado,vfe_entregado,usu_nusuario) VALUES (4930,@@@2013.07.09@@@,400,1,0,@@@G_DIAZ@@@)','',2,'2013-07-09'),(36860,'INSERT INTO gne_vale_ferreteria_mov (vfe_id,pro_codigo_plu,vfm_cantidad,vfm_unitario,vfm_total,vfm_entregado) VALUES (4930,770033,10,40,400,@@@NO@@@)','',2,'2013-07-09'),(36861,'INSERT INTO gne_vale_ferreteria (vfe_id,vfe_fecha,vfe_total,vfe_estado,vfe_entregado,usu_nusuario) VALUES (4931,@@@2013.07.09@@@,1590,1,0,@@@G_DIAZ@@@)','',2,'2013-07-09'),(36862,'INSERT INTO gne_vale_ferreteria_mov (vfe_id,pro_codigo_plu,vfm_cantidad,vfm_unitario,vfm_total,vfm_entregado) VALUES (4931,780721123,1,1590,1590,@@@NO@@@)','',2,'2013-07-09'),(36863,'INSERT INTO gne_vale_ferreteria (vfe_id,vfe_fecha,vfe_total,vfe_estado,vfe_entregado,usu_nusuario) VALUES (4932,@@@2013.07.09@@@,260,1,0,@@@G_DIAZ@@@)','',2,'2013-07-09'),(36864,'INSERT INTO gne_vale_ferreteria_mov (vfe_id,pro_codigo_plu,vfm_cantidad,vfm_unitario,vfm_total,vfm_entregado) VALUES (4932,78017148,2,130,260,@@@NO@@@)','',2,'2013-07-09'),(36865,'INSERT INTO gne_vale_ferreteria (vfe_id,vfe_fecha,vfe_total,vfe_estado,vfe_entregado,usu_nusuario) VALUES (4933,@@@2013.07.09@@@,390,1,0,@@@G_DIAZ@@@)','',2,'2013-07-09'),(36866,'INSERT INTO gne_vale_ferreteria_mov (vfe_id,pro_codigo_plu,vfm_cantidad,vfm_unitario,vfm_total,vfm_entregado) VALUES (4933,764205,1,390,390,@@@NO@@@)','',2,'2013-07-09'),(36867,'INSERT INTO gne_vale_ferreteria (vfe_id,vfe_fecha,vfe_total,vfe_estado,vfe_entregado,usu_nusuario) VALUES (4934,@@@2013.07.09@@@,150,1,0,@@@G_DIAZ@@@)','',2,'2013-07-09'),(36868,'INSERT INTO gne_vale_ferreteria_mov (vfe_id,pro_codigo_plu,vfm_cantidad,vfm_unitario,vfm_total,vfm_entregado) VALUES (4934,780721187,1,150,150,@@@NO@@@)','',2,'2013-07-09'),(36869,'INSERT INTO gne_vale_ferreteria (vfe_id,vfe_fecha,vfe_total,vfe_estado,vfe_entregado,usu_nusuario) VALUES (4935,@@@2013.07.09@@@,3280,1,0,@@@G_DIAZ@@@)','',2,'2013-07-09'),(36870,'INSERT INTO gne_vale_ferreteria_mov (vfe_id,pro_codigo_plu,vfm_cantidad,vfm_unitario,vfm_total,vfm_entregado) VALUES (4935,12083,1,260,260,@@@NO@@@)','',2,'2013-07-09'),(36871,'INSERT INTO gne_vale_ferreteria_mov (vfe_id,pro_codigo_plu,vfm_cantidad,vfm_unitario,vfm_total,vfm_entregado) VALUES (4935,763837,1,650,650,@@@NO@@@)','',2,'2013-07-09'),(36872,'INSERT INTO gne_vale_ferreteria_mov (vfe_id,pro_codigo_plu,vfm_cantidad,vfm_unitario,vfm_total,vfm_entregado) VALUES (4935,1042,3,300,900,@@@NO@@@)','',2,'2013-07-09'),(36873,'INSERT INTO gne_vale_ferreteria_mov (vfe_id,pro_codigo_plu,vfm_cantidad,vfm_unitario,vfm_total,vfm_entregado) VALUES (4935,1552,3,490,1470,@@@NO@@@)','',2,'2013-07-09'),(36874,'INSERT INTO gne_vale_ferreteria (vfe_id,vfe_fecha,vfe_total,vfe_estado,vfe_entregado,usu_nusuario) VALUES (4936,@@@2013.07.09@@@,290,1,0,@@@G_DIAZ@@@)','',2,'2013-07-09'),(36875,'INSERT INTO gne_vale_ferreteria_mov (vfe_id,pro_codigo_plu,vfm_cantidad,vfm_unitario,vfm_total,vfm_entregado) VALUES (4936,880009,1,290,290,@@@NO@@@)','',2,'2013-07-09'),(36876,'INSERT INTO gne_vale_ferreteria (vfe_id,vfe_fecha,vfe_total,vfe_estado,vfe_entregado,usu_nusuario) VALUES (4937,@@@2013.07.09@@@,80,1,0,@@@G_DIAZ@@@)','',2,'2013-07-09'),(36877,'INSERT INTO gne_vale_ferreteria_mov (vfe_id,pro_codigo_plu,vfm_cantidad,vfm_unitario,vfm_total,vfm_entregado) VALUES (4937,764823,1,80,80,@@@NO@@@)','',2,'2013-07-09'),(36878,'INSERT INTO gne_vale_ferreteria (vfe_id,vfe_fecha,vfe_total,vfe_estado,vfe_entregado,usu_nusuario) VALUES (4938,@@@2013.07.09@@@,1040,1,0,@@@G_DIAZ@@@)','',2,'2013-07-09'),(36879,'INSERT INTO gne_vale_ferreteria_mov (vfe_id,pro_codigo_plu,vfm_cantidad,vfm_unitario,vfm_total,vfm_entregado) VALUES (4938,770065,2,100,200,@@@NO@@@)','',2,'2013-07-09'),(36880,'INSERT INTO gne_vale_ferreteria_mov (vfe_id,pro_codigo_plu,vfm_cantidad,vfm_unitario,vfm_total,vfm_entregado) VALUES (4938,761996,1,840,840,@@@NO@@@)','',2,'2013-07-09'),(36881,'INSERT INTO gne_vale_ferreteria (vfe_id,vfe_fecha,vfe_total,vfe_estado,vfe_entregado,usu_nusuario) VALUES (4939,@@@2013.07.09@@@,890,1,0,@@@G_DIAZ@@@)','',2,'2013-07-09'),(36882,'INSERT INTO gne_vale_ferreteria_mov (vfe_id,pro_codigo_plu,vfm_cantidad,vfm_unitario,vfm_total,vfm_entregado) VALUES (4939,1557,1,890,890,@@@NO@@@)','',2,'2013-07-09'),(36883,'INSERT INTO gne_vale_ferreteria (vfe_id,vfe_fecha,vfe_total,vfe_estado,vfe_entregado,usu_nusuario) VALUES (4940,@@@2013.07.10@@@,790,1,0,@@@b_SAEZ@@@)','',2,'2013-07-10'),(36884,'INSERT INTO gne_vale_ferreteria_mov (vfe_id,pro_codigo_plu,vfm_cantidad,vfm_unitario,vfm_total,vfm_entregado) VALUES (4940,101454,1,790,790,@@@NO@@@)','',2,'2013-07-10'),(36885,'INSERT INTO gne_vale_ferreteria (vfe_id,vfe_fecha,vfe_total,vfe_estado,vfe_entregado,usu_nusuario) VALUES (4941,@@@2013.07.10@@@,1890,1,0,@@@b_SAEZ@@@)','',2,'2013-07-10'),(36886,'INSERT INTO gne_vale_ferreteria_mov (vfe_id,pro_codigo_plu,vfm_cantidad,vfm_unitario,vfm_total,vfm_entregado) VALUES (4941,763600,1,1890,1890,@@@NO@@@)','',2,'2013-07-10'),(36887,'INSERT INTO gne_vale_ferreteria (vfe_id,vfe_fecha,vfe_total,vfe_estado,vfe_entregado,usu_nusuario) VALUES (4942,@@@2013.07.10@@@,300,1,0,@@@b_SAEZ@@@)','',2,'2013-07-10'),(36888,'INSERT INTO gne_vale_ferreteria_mov (vfe_id,pro_codigo_plu,vfm_cantidad,vfm_unitario,vfm_total,vfm_entregado) VALUES (4942,4074,1,300,300,@@@NO@@@)','',2,'2013-07-10'),(36889,'INSERT INTO gne_vale_ferreteria (vfe_id,vfe_fecha,vfe_total,vfe_estado,vfe_entregado,usu_nusuario) VALUES (4943,@@@2013.07.10@@@,5990,1,0,@@@b_SAEZ@@@)','',2,'2013-07-10'),(36890,'INSERT INTO gne_vale_ferreteria_mov (vfe_id,pro_codigo_plu,vfm_cantidad,vfm_unitario,vfm_total,vfm_entregado) VALUES (4943,780721121,1,5990,5990,@@@NO@@@)','',2,'2013-07-10'),(36891,'INSERT INTO gne_vale_ferreteria (vfe_id,vfe_fecha,vfe_total,vfe_estado,vfe_entregado,usu_nusuario) VALUES (4944,@@@2013.07.10@@@,150,1,0,@@@b_SAEZ@@@)','',2,'2013-07-10'),(36892,'INSERT INTO gne_vale_ferreteria_mov (vfe_id,pro_codigo_plu,vfm_cantidad,vfm_unitario,vfm_total,vfm_entregado) VALUES (4944,763869,1,150,150,@@@NO@@@)','',2,'2013-07-10'),(36893,'UPDATE mae_productos SET pro_activo=@@@0@@@ WHERE pro_codigo_plu=@@@8826@@@','',2,'2013-07-10'),(36894,'UPDATE mae_productos SET pro_activo=@@@0@@@ WHERE pro_codigo_plu=@@@8828@@@','',2,'2013-07-10'),(36895,'UPDATE mae_productos SET pro_activo=@@@0@@@ WHERE pro_codigo_plu=@@@9103@@@','',2,'2013-07-10'),(36896,'UPDATE mae_productos SET pro_margen_actual=0,pro_precio_venta=1390 WHERE pro_codigo_plu=780721339','',2,'2013-07-10'),(36897,'UPDATE mae_productos SET pro_margen_actual=0,pro_precio_venta=1390 WHERE pro_codigo_plu=780721340','',2,'2013-07-10'),(36898,'UPDATE mae_productos SET pro_margen_actual=0,pro_precio_venta=499 WHERE pro_codigo_plu=610','',2,'2013-07-10'),(36899,'UPDATE mae_productos SET pro_precio_fiscal=pro_precio_venta WHERE pro_codigo_plu=610','',2,'2013-07-10'),(36900,'UPDATE mae_productos SET pro_activo=@@@0@@@ WHERE pro_codigo_plu=@@@9104@@@','',2,'2013-07-10'),(36901,'UPDATE mae_productos SET pro_activo=@@@0@@@ WHERE pro_codigo_plu=@@@9117@@@','',2,'2013-07-10'),(36902,'UPDATE mae_productos SET pro_activo=@@@0@@@ WHERE pro_codigo_plu=@@@9118@@@','',2,'2013-07-10'),(36903,'UPDATE mae_productos SET pro_activo=@@@0@@@ WHERE pro_codigo_plu=@@@9119@@@','',2,'2013-07-10'),(36904,'UPDATE mae_productos SET pro_activo=@@@0@@@ WHERE pro_codigo_plu=@@@9120@@@','',2,'2013-07-10'),(36905,'UPDATE mae_productos SET pro_activo=@@@0@@@ WHERE pro_codigo_plu=@@@9132@@@','',2,'2013-07-10'),(36906,'UPDATE mae_productos SET pro_activo=@@@0@@@ WHERE pro_codigo_plu=@@@9133@@@','',2,'2013-07-10'),(36907,'UPDATE mae_productos SET pro_activo=@@@0@@@ WHERE pro_codigo_plu=@@@9134@@@','',2,'2013-07-10'),(36908,'UPDATE mae_productos SET pro_activo=@@@0@@@ WHERE pro_codigo_plu=@@@9395@@@','',2,'2013-07-10'),(36909,'UPDATE mae_productos SET pro_activo=@@@0@@@ WHERE pro_codigo_plu=@@@9945@@@','',2,'2013-07-10'),(36910,'UPDATE mae_productos SET pro_activo=@@@0@@@ WHERE pro_codigo_plu=@@@10001@@@','',2,'2013-07-10'),(36911,'UPDATE mae_productos SET pro_activo=@@@0@@@ WHERE pro_codigo_plu=@@@10006@@@','',2,'2013-07-10'),(36912,'UPDATE mae_productos SET pro_activo=@@@0@@@ WHERE pro_codigo_plu=@@@10008@@@','',2,'2013-07-10'),(36913,'INSERT INTO gne_vale_ferreteria (vfe_id,vfe_fecha,vfe_total,vfe_estado,vfe_entregado,usu_nusuario) VALUES (4945,@@@2013.07.10@@@,200,1,0,@@@b_SAEZ@@@)','',2,'2013-07-10'),(36914,'INSERT INTO gne_vale_ferreteria_mov (vfe_id,pro_codigo_plu,vfm_cantidad,vfm_unitario,vfm_total,vfm_entregado) VALUES (4945,78017238,1,200,200,@@@NO@@@)','',2,'2013-07-10'),(36915,'UPDATE mae_productos SET pro_activo=@@@0@@@ WHERE pro_codigo_plu=@@@10011@@@','',2,'2013-07-10'),(36916,'UPDATE mae_productos SET pro_activo=@@@0@@@ WHERE pro_codigo_plu=@@@10014@@@','',2,'2013-07-10'),(36917,'UPDATE mae_productos SET pro_activo=@@@0@@@ WHERE pro_codigo_plu=@@@10016@@@','',2,'2013-07-10'),(36918,'UPDATE mae_productos SET pro_activo=@@@0@@@ WHERE pro_codigo_plu=@@@10018@@@','',2,'2013-07-10'),(36919,'INSERT INTO gne_vale_ferreteria (vfe_id,vfe_fecha,vfe_total,vfe_estado,vfe_entregado,usu_nusuario) VALUES (4946,@@@2013.07.10@@@,1490,1,0,@@@b_SAEZ@@@)','',2,'2013-07-10'),(36920,'INSERT INTO gne_vale_ferreteria_mov (vfe_id,pro_codigo_plu,vfm_cantidad,vfm_unitario,vfm_total,vfm_entregado) VALUES (4946,763653,1,1490,1490,@@@NO@@@)','',2,'2013-07-10'),(36921,'UPDATE mae_productos SET pro_activo=@@@0@@@ WHERE pro_codigo_plu=@@@10017@@@','',2,'2013-07-10'),(36922,'UPDATE mae_productos SET pro_activo=@@@0@@@ WHERE pro_codigo_plu=@@@10019@@@','',2,'2013-07-10'),(36923,'UPDATE mae_productos SET pro_activo=@@@0@@@ WHERE pro_codigo_plu=@@@10020@@@','',2,'2013-07-10'),(36924,'UPDATE mae_productos SET pro_activo=@@@0@@@ WHERE pro_codigo_plu=@@@10121@@@','',2,'2013-07-10'),(36925,'UPDATE mae_productos SET pro_activo=@@@0@@@ WHERE pro_codigo_plu=@@@10022@@@','',2,'2013-07-10'),(36926,'INSERT INTO gne_vale_ferreteria (vfe_id,vfe_fecha,vfe_total,vfe_estado,vfe_entregado,usu_nusuario) VALUES (4947,@@@2013.07.10@@@,1990,1,0,@@@b_SAEZ@@@)','',2,'2013-07-10'),(36927,'INSERT INTO gne_vale_ferreteria_mov (vfe_id,pro_codigo_plu,vfm_cantidad,vfm_unitario,vfm_total,vfm_entregado) VALUES (4947,764652,1,1990,1990,@@@NO@@@)','',2,'2013-07-10'),(36928,'UPDATE mae_productos SET pro_activo=@@@0@@@ WHERE pro_codigo_plu=@@@10025@@@','',2,'2013-07-10'),(36929,'UPDATE mae_productos SET pro_activo=@@@0@@@ WHERE pro_codigo_plu=@@@10028@@@','',2,'2013-07-10'),(36930,'UPDATE mae_productos SET pro_activo=@@@0@@@ WHERE pro_codigo_plu=@@@10030@@@','',2,'2013-07-10'),(36931,'UPDATE mae_productos SET pro_activo=@@@0@@@ WHERE pro_codigo_plu=@@@10031@@@','',2,'2013-07-10'),(36932,'UPDATE mae_productos SET pro_activo=@@@0@@@ WHERE pro_codigo_plu=@@@10033@@@','',2,'2013-07-10'),(36933,'UPDATE mae_productos SET pro_activo=@@@0@@@ WHERE pro_codigo_plu=@@@10032@@@','',2,'2013-07-10'),(36934,'UPDATE mae_productos SET pro_activo=@@@0@@@ WHERE pro_codigo_plu=@@@10035@@@','',2,'2013-07-10'),(36935,'UPDATE mae_productos SET pro_activo=@@@0@@@ WHERE pro_codigo_plu=@@@10036@@@','',2,'2013-07-10'),(36936,'UPDATE mae_productos SET pro_activo=@@@0@@@ WHERE pro_codigo_plu=@@@10037@@@','',2,'2013-07-10'),(36937,'UPDATE mae_productos SET pro_activo=@@@0@@@ WHERE pro_codigo_plu=@@@10038@@@','',2,'2013-07-10'),(36938,'INSERT INTO gne_vale_ferreteria (vfe_id,vfe_fecha,vfe_total,vfe_estado,vfe_entregado,usu_nusuario) VALUES (4948,@@@2013.07.10@@@,350,1,0,@@@b_SAEZ@@@)','',2,'2013-07-10'),(36939,'INSERT INTO gne_vale_ferreteria_mov (vfe_id,pro_codigo_plu,vfm_cantidad,vfm_unitario,vfm_total,vfm_entregado) VALUES (4948,780721241,1,350,350,@@@NO@@@)','',2,'2013-07-10'),(36940,'UPDATE mae_productos SET pro_precio_compra_bruto=1224.27,pro_margen_actual=(pro_precio_venta-1224.27)/1224.27 * 100,pro_ultima_compra=@@@2013.07.10@@@,pro_ultimo_proveedor=@@@78998410-7@@@ WHERE pro_codigo_plu=764101','',2,'2013-07-10'),(36941,'UPDATE mae_productos SET pro_precio_compra_bruto=1224.27,pro_margen_actual=(pro_precio_venta-1224.27)/1224.27 * 100,pro_ultima_compra=@@@2013.07.10@@@,pro_ultimo_proveedor=@@@78998410-7@@@ WHERE pro_codigo_plu=764109','',2,'2013-07-10'),(36942,'UPDATE mae_productos SET pro_activo=@@@0@@@ WHERE pro_codigo_plu=@@@10041@@@','',2,'2013-07-10'),(36943,'UPDATE mae_productos SET pro_activo=@@@0@@@ WHERE pro_codigo_plu=@@@10042@@@','',2,'2013-07-10'),(36944,'UPDATE mae_productos SET pro_activo=@@@0@@@ WHERE pro_codigo_plu=@@@10043@@@','',2,'2013-07-10'),(36945,'INSERT INTO gne_vale_ferreteria (vfe_id,vfe_fecha,vfe_total,vfe_estado,vfe_entregado,usu_nusuario) VALUES (4949,@@@2013.07.10@@@,1100,1,0,@@@b_SAEZ@@@)','',2,'2013-07-10'),(36946,'INSERT INTO gne_vale_ferreteria_mov (vfe_id,pro_codigo_plu,vfm_cantidad,vfm_unitario,vfm_total,vfm_entregado) VALUES (4949,765022,1,1100,1100,@@@NO@@@)','',2,'2013-07-10'),(36947,'INSERT INTO gne_vale_ferreteria (vfe_id,vfe_fecha,vfe_total,vfe_estado,vfe_entregado,usu_nusuario) VALUES (4950,@@@2013.07.10@@@,2990,1,0,@@@b_SAEZ@@@)','',2,'2013-07-10'),(36948,'INSERT INTO gne_vale_ferreteria_mov (vfe_id,pro_codigo_plu,vfm_cantidad,vfm_unitario,vfm_total,vfm_entregado) VALUES (4950,764917,1,2990,2990,@@@NO@@@)','',2,'2013-07-10'),(36949,'INSERT INTO gne_vale_ferreteria (vfe_id,vfe_fecha,vfe_total,vfe_estado,vfe_entregado,usu_nusuario) VALUES (4951,@@@2013.07.10@@@,510,1,0,@@@b_SAEZ@@@)','',2,'2013-07-10'),(36950,'INSERT INTO gne_vale_ferreteria_mov (vfe_id,pro_codigo_plu,vfm_cantidad,vfm_unitario,vfm_total,vfm_entregado) VALUES (4951,1535,1,390,390,@@@NO@@@)','',2,'2013-07-10'),(36951,'INSERT INTO gne_vale_ferreteria_mov (vfe_id,pro_codigo_plu,vfm_cantidad,vfm_unitario,vfm_total,vfm_entregado) VALUES (4951,1544,4,30,120,@@@NO@@@)','',2,'2013-07-10'),(36952,'INSERT INTO gne_vale_ferreteria (vfe_id,vfe_fecha,vfe_total,vfe_estado,vfe_entregado,usu_nusuario) VALUES (4952,@@@2013.07.10@@@,590,1,0,@@@b_SAEZ@@@)','',2,'2013-07-10'),(36953,'INSERT INTO gne_vale_ferreteria_mov (vfe_id,pro_codigo_plu,vfm_cantidad,vfm_unitario,vfm_total,vfm_entregado) VALUES (4952,15485,1,590,590,@@@NO@@@)','',2,'2013-07-10'),(36954,'INSERT INTO gne_vale_ferreteria (vfe_id,vfe_fecha,vfe_total,vfe_estado,vfe_entregado,usu_nusuario) VALUES (4953,@@@2013.07.10@@@,2240,1,0,@@@b_SAEZ@@@)','',2,'2013-07-10'),(36955,'INSERT INTO gne_vale_ferreteria_mov (vfe_id,pro_codigo_plu,vfm_cantidad,vfm_unitario,vfm_total,vfm_entregado) VALUES (4953,102408,1,350,350,@@@NO@@@)','',2,'2013-07-10'),(36956,'INSERT INTO gne_vale_ferreteria_mov (vfe_id,pro_codigo_plu,vfm_cantidad,vfm_unitario,vfm_total,vfm_entregado) VALUES (4953,102072,1,1890,1890,@@@NO@@@)','',2,'2013-07-10'),(36957,'INSERT INTO gne_vale_ferreteria (vfe_id,vfe_fecha,vfe_total,vfe_estado,vfe_entregado,usu_nusuario) VALUES (4954,@@@2013.07.10@@@,200,1,0,@@@b_SAEZ@@@)','',2,'2013-07-10'),(36958,'INSERT INTO gne_vale_ferreteria_mov (vfe_id,pro_codigo_plu,vfm_cantidad,vfm_unitario,vfm_total,vfm_entregado) VALUES (4954,780220188,2,100,200,@@@NO@@@)','',2,'2013-07-10'),(36959,'INSERT INTO gne_vale_ferreteria (vfe_id,vfe_fecha,vfe_total,vfe_estado,vfe_entregado,usu_nusuario) VALUES (4955,@@@2013.07.10@@@,720,1,0,@@@b_SAEZ@@@)','',2,'2013-07-10'),(36960,'INSERT INTO gne_vale_ferreteria_mov (vfe_id,pro_codigo_plu,vfm_cantidad,vfm_unitario,vfm_total,vfm_entregado) VALUES (4955,78017050,1,720,720,@@@NO@@@)','',2,'2013-07-10'),(36961,'INSERT INTO gne_vale_ferreteria (vfe_id,vfe_fecha,vfe_total,vfe_estado,vfe_entregado,usu_nusuario) VALUES (4956,@@@2013.07.10@@@,390,1,0,@@@b_SAEZ@@@)','',2,'2013-07-10'),(36962,'INSERT INTO gne_vale_ferreteria_mov (vfe_id,pro_codigo_plu,vfm_cantidad,vfm_unitario,vfm_total,vfm_entregado) VALUES (4956,1535,1,390,390,@@@NO@@@)','',2,'2013-07-10'),(36963,'INSERT INTO gne_vale_ferreteria (vfe_id,vfe_fecha,vfe_total,vfe_estado,vfe_entregado,usu_nusuario) VALUES (4957,@@@2013.07.10@@@,1890,1,0,@@@b_SAEZ@@@)','',2,'2013-07-10'),(36964,'INSERT INTO gne_vale_ferreteria_mov (vfe_id,pro_codigo_plu,vfm_cantidad,vfm_unitario,vfm_total,vfm_entregado) VALUES (4957,763295,1,1890,1890,@@@NO@@@)','',2,'2013-07-10'),(36965,'INSERT INTO gne_vale_ferreteria (vfe_id,vfe_fecha,vfe_total,vfe_estado,vfe_entregado,usu_nusuario) VALUES (4958,@@@2013.07.10@@@,550,1,0,@@@b_SAEZ@@@)','',2,'2013-07-10'),(36966,'INSERT INTO gne_vale_ferreteria_mov (vfe_id,pro_codigo_plu,vfm_cantidad,vfm_unitario,vfm_total,vfm_entregado) VALUES (4958,763890,1,550,550,@@@NO@@@)','',2,'2013-07-10'),(36967,'UPDATE mae_productos SET pro_precio_compra_bruto=191.88,pro_margen_actual=(pro_precio_venta-191.88)/191.88 * 100,pro_ultima_compra=@@@2013.07.10@@@,pro_ultimo_proveedor=@@@80186300-0@@@ WHERE pro_codigo_plu=262531','',2,'2013-07-10'),(36968,'UPDATE mae_productos SET pro_precio_compra_bruto=191.88,pro_margen_actual=(pro_precio_venta-191.88)/191.88 * 100,pro_ultima_compra=@@@2013.07.10@@@,pro_ultimo_proveedor=@@@80186300-0@@@ WHERE pro_codigo_plu=762638','',2,'2013-07-10'),(36969,'UPDATE mae_productos SET pro_precio_compra_bruto=299,pro_margen_actual=(pro_precio_venta-299)/299 * 100,pro_ultima_compra=@@@2013.07.10@@@,pro_ultimo_proveedor=@@@80186300-0@@@ WHERE pro_codigo_plu=262532','',2,'2013-07-10'),(36970,'UPDATE mae_productos SET pro_precio_compra_bruto=191.88,pro_margen_actual=(pro_precio_venta-191.88)/191.88 * 100,pro_ultima_compra=@@@2013.07.10@@@,pro_ultimo_proveedor=@@@80186300-0@@@ WHERE pro_codigo_plu=262530','',2,'2013-07-10'),(36971,'UPDATE mae_productos SET pro_precio_compra_bruto=73.92,pro_margen_actual=(pro_precio_venta-73.92)/73.92 * 100,pro_ultima_compra=@@@2013.07.10@@@,pro_ultimo_proveedor=@@@80186300-0@@@ WHERE pro_codigo_plu=763550','',2,'2013-07-10'),(36972,'UPDATE mae_productos SET pro_precio_compra_bruto=73.92,pro_margen_actual=(pro_precio_venta-73.92)/73.92 * 100,pro_ultima_compra=@@@2013.07.10@@@,pro_ultimo_proveedor=@@@80186300-0@@@ WHERE pro_codigo_plu=761480','',2,'2013-07-10'),(36973,'UPDATE mae_productos SET pro_precio_compra_bruto=73.92,pro_margen_actual=(pro_precio_venta-73.92)/73.92 * 100,pro_ultima_compra=@@@2013.07.10@@@,pro_ultimo_proveedor=@@@80186300-0@@@ WHERE pro_codigo_plu=763551','',2,'2013-07-10'),(36974,'UPDATE mae_productos SET pro_codigo_barra=@@@345@@@,pro_tipo=@@@0@@@,pro_nombre_producto=@@@JAMON PRAGA AHUM SCERDO@@@,pro_nombre_corto=@@@JAMON PRAGA AHUM@@@,med_id=@@@2@@@,emb_id=@@@1@@@,pro_unidades_embalaje=@@@1@@@,dep_id=@@@12 @@@,lin_id=@@@77@@@,mar_id=@@@2507@@@,pro_precio_compra_neto=@@@0@@@,pro_precio_compra_bruto=@@@1426.53@@@,pro_precio_venta=@@@3996@@@,pro_margen_actual=@@@180.12@@@,pro_oferta=@@@NO@@@,pro_fecha_inicio_oferta=@@@1900.01.01@@@,pro_fecha_termino_oferta=@@@1900.01.01@@@,pro_precio_oferta=@@@0@@@,pro_stock_minimo=@@@1@@@,pro_stock_critico=@@@1@@@,pro_activo=@@@1@@@,pro_unidad=@@@0@@@,pro_precio_compra_bruto=1426.53,pro_margen_actual=180.12,pro_capacidad=1,pro_funcion_plu=0,pro_flejes=1,pro_iva=1,pro_plu_asociado=0,pro_envase=@@@NO@@@,pro_duracion=0,pro_numero_etiqueta=0 WHERE pro_codigo_plu=@@@345@@@','',2,'2013-07-10'),(36975,'UPDATE mae_productos SET pro_estado=1 WHERE pro_codigo_plu=345','',2,'2013-07-10'),(36976,'DELETE FROM mae_impuestos_productos WHERE pro_codigo_plu=@@@345@@@','',2,'2013-07-10'),(36977,'INSERT INTO gne_vale_ferreteria (vfe_id,vfe_fecha,vfe_total,vfe_estado,vfe_entregado,usu_nusuario) VALUES (4959,@@@2013.07.10@@@,780,1,0,@@@b_SAEZ@@@)','',2,'2013-07-10'),(36978,'INSERT INTO gne_vale_ferreteria_mov (vfe_id,pro_codigo_plu,vfm_cantidad,vfm_unitario,vfm_total,vfm_entregado) VALUES (4959,15967,4,130,520,@@@NO@@@)','',2,'2013-07-10'),(36979,'INSERT INTO gne_vale_ferreteria_mov (vfe_id,pro_codigo_plu,vfm_cantidad,vfm_unitario,vfm_total,vfm_entregado) VALUES (4959,102455,2,130,260,@@@NO@@@)','',2,'2013-07-10'),(36980,'UPDATE mae_productos SET pro_precio_compra_bruto=18701,pro_margen_actual=(pro_precio_venta-18701)/18701 * 100,pro_ultima_compra=@@@2013.07.10@@@,pro_ultimo_proveedor=@@@86379600-8@@@ WHERE pro_codigo_plu=764421','',2,'2013-07-10'),(36981,'UPDATE mae_productos SET pro_precio_compra_bruto=15748.82,pro_margen_actual=(pro_precio_venta-15748.82)/15748.82 * 100,pro_ultima_compra=@@@2013.07.10@@@,pro_ultimo_proveedor=@@@86379600-8@@@ WHERE pro_codigo_plu=764420','',2,'2013-07-10'),(36982,'UPDATE mae_productos SET pro_precio_compra_bruto=496.49,pro_margen_actual=(pro_precio_venta-496.49)/496.49 * 100,pro_ultima_compra=@@@2013.07.10@@@,pro_ultimo_proveedor=@@@86379600-8@@@ WHERE pro_codigo_plu=763287','',2,'2013-07-10'),(36983,'UPDATE mae_productos SET pro_codigo_barra=@@@126@@@,pro_tipo=@@@0@@@,pro_nombre_producto=@@@TRUTRO ENTERO SELECCION@@@,pro_nombre_corto=@@@TRUTRO ENTERO@@@,med_id=@@@2@@@,emb_id=@@@1@@@,pro_unidades_embalaje=@@@1@@@,dep_id=@@@9 @@@,lin_id=@@@65@@@,mar_id=@@@2507@@@,pro_precio_compra_neto=@@@0@@@,pro_precio_compra_bruto=@@@1309@@@,pro_precio_venta=@@@1890@@@,pro_margen_actual=@@@44.39@@@,pro_oferta=@@@NO@@@,pro_fecha_inicio_oferta=@@@1900.01.01@@@,pro_fecha_termino_oferta=@@@1900.01.01@@@,pro_precio_oferta=@@@0@@@,pro_stock_minimo=@@@40@@@,pro_stock_critico=@@@50@@@,pro_activo=@@@1@@@,pro_unidad=@@@0@@@,pro_precio_compra_bruto=1309,pro_margen_actual=44.39,pro_capacidad=1,pro_funcion_plu=0,pro_flejes=0,pro_iva=1,pro_plu_asociado=0,pro_envase=@@@NO@@@,pro_duracion=0,pro_numero_etiqueta=0 WHERE pro_codigo_plu=@@@126@@@','',2,'2013-07-10'),(36984,'UPDATE mae_productos SET pro_estado=1 WHERE pro_codigo_plu=126','',2,'2013-07-10'),(36985,'DELETE FROM mae_impuestos_productos WHERE pro_codigo_plu=@@@126@@@','',2,'2013-07-10'),(36986,'UPDATE mae_productos SET pro_precio_fiscal=pro_precio_venta WHERE pro_codigo_plu=126','',2,'2013-07-10'),(36987,'UPDATE mae_productos SET pro_precio_fiscal=pro_precio_venta WHERE pro_codigo_plu=345','',2,'2013-07-10'),(36988,'UPDATE mae_productos SET pro_precio_fiscal=pro_precio_venta WHERE pro_codigo_plu=780721340','',2,'2013-07-10'),(36989,'UPDATE mae_productos SET pro_precio_fiscal=pro_precio_venta WHERE pro_codigo_plu=780721339','',2,'2013-07-10'),(36990,'UPDATE mae_productos SET pro_precio_venta=1350,pro_margen_actual=39.18, pro_precio_compra_bruto=970, pro_precio_compra_neto=815.126050420168 WHERE pro_codigo_plu=207','',2,'2013-07-10'),(36991,'INSERT INTO gne_vale_ferreteria (vfe_id,vfe_fecha,vfe_total,vfe_estado,vfe_entregado,usu_nusuario) VALUES (4960,@@@2013.07.10@@@,190,1,0,@@@b_SAEZ@@@)','',2,'2013-07-10'),(36992,'INSERT INTO gne_vale_ferreteria_mov (vfe_id,pro_codigo_plu,vfm_cantidad,vfm_unitario,vfm_total,vfm_entregado) VALUES (4960,1537,1,190,190,@@@NO@@@)','',2,'2013-07-10'),(36993,'UPDATE mae_productos SET pro_precio_compra_bruto=1426.53,pro_margen_actual=(pro_precio_venta-1426.53)/1426.53 * 100,pro_ultima_compra=@@@2013.07.10@@@,pro_ultimo_proveedor=@@@79984240-8@@@ WHERE pro_codigo_plu=345','',2,'2013-07-10'),(36994,'UPDATE mae_productos SET pro_precio_compra_bruto=499.8,pro_margen_actual=(pro_precio_venta-499.8)/499.8 * 100,pro_ultima_compra=@@@2013.07.10@@@,pro_ultimo_proveedor=@@@79984240-8@@@ WHERE pro_codigo_plu=111','',2,'2013-07-10'),(36995,'UPDATE mae_productos SET pro_precio_compra_bruto=1309,pro_margen_actual=(pro_precio_venta-1309)/1309 * 100,pro_ultima_compra=@@@2013.07.10@@@,pro_ultimo_proveedor=@@@79984240-8@@@ WHERE pro_codigo_plu=126','',2,'2013-07-10'),(36996,'UPDATE mae_productos SET pro_precio_compra_bruto=970,pro_margen_actual=(pro_precio_venta-970)/970 * 100,pro_ultima_compra=@@@2013.07.10@@@,pro_ultimo_proveedor=@@@79984240-8@@@ WHERE pro_codigo_plu=207','',2,'2013-07-10'),(36997,'UPDATE mae_productos SET pro_precio_compra_bruto=1826,pro_margen_actual=(pro_precio_venta-1826)/1826 * 100,pro_ultima_compra=@@@2013.07.10@@@,pro_ultimo_proveedor=@@@79984240-8@@@ WHERE pro_codigo_plu=213','',2,'2013-07-10'),(36998,'UPDATE mae_productos SET pro_codigo_barra=@@@7804520987161@@@,pro_tipo=@@@0@@@,pro_nombre_producto=@@@DURAZNO POMMERENING CUBITOS 590 GRS@@@,pro_nombre_corto=@@@DURAZNO POMMERE@@@,med_id=@@@5@@@,emb_id=@@@4@@@,pro_unidades_embalaje=@@@24@@@,dep_id=@@@1 @@@,lin_id=@@@19@@@,mar_id=@@@1939@@@,pro_precio_compra_neto=@@@0@@@,pro_precio_compra_bruto=@@@759@@@,pro_precio_venta=@@@860@@@,pro_margen_actual=@@@13.31@@@,pro_oferta=@@@NO@@@,pro_fecha_inicio_oferta=@@@1900.01.01@@@,pro_fecha_termino_oferta=@@@1900.01.01@@@,pro_precio_oferta=@@@0@@@,pro_stock_minimo=@@@24@@@,pro_stock_critico=@@@12@@@,pro_activo=@@@1@@@,pro_unidad=@@@0@@@,pro_precio_compra_bruto=759,pro_margen_actual=13.31,pro_capacidad=0.59,pro_funcion_plu=0,pro_flejes=1,pro_iva=1,pro_plu_asociado=0,pro_envase=@@@NO@@@,pro_duracion=0,pro_numero_etiqueta=0 WHERE pro_codigo_plu=@@@13093@@@','',2,'2013-07-10'),(36999,'UPDATE mae_productos SET pro_estado=1 WHERE pro_codigo_plu=13093','',2,'2013-07-10'),(37000,'DELETE FROM mae_impuestos_productos WHERE pro_codigo_plu=@@@13093@@@','',2,'2013-07-10'),(37001,'UPDATE mae_productos SET pro_codigo_barra=@@@7803000000901@@@,pro_tipo=@@@0@@@,pro_nombre_producto=@@@LEVADURA SAF@@@,pro_nombre_corto=@@@LEVADURA SAF@@@,med_id=@@@1@@@,emb_id=@@@3@@@,pro_unidades_embalaje=@@@20@@@,dep_id=@@@1 @@@,lin_id=@@@23@@@,mar_id=@@@160@@@,pro_precio_compra_neto=@@@0@@@,pro_precio_compra_bruto=@@@1364@@@,pro_precio_venta=@@@1990@@@,pro_margen_actual=@@@45.89@@@,pro_oferta=@@@NO@@@,pro_fecha_inicio_oferta=@@@2010.03.02@@@,pro_fecha_termino_oferta=@@@2010.03.02@@@,pro_precio_oferta=@@@0@@@,pro_stock_minimo=@@@0@@@,pro_stock_critico=@@@0@@@,pro_activo=@@@1@@@,pro_unidad=@@@0@@@,pro_precio_compra_bruto=1364,pro_margen_actual=45.89,pro_capacidad=0,pro_funcion_plu=0,pro_flejes=1,pro_iva=1,pro_plu_asociado=0,pro_envase=@@@NO@@@,pro_duracion=0,pro_numero_etiqueta=0 WHERE pro_codigo_plu=@@@762012@@@','',2,'2013-07-10'),(37002,'UPDATE mae_productos SET pro_estado=1 WHERE pro_codigo_plu=762012','',2,'2013-07-10'),(37003,'DELETE FROM mae_impuestos_productos WHERE pro_codigo_plu=@@@762012@@@','',2,'2013-07-10'),(37004,'UPDATE mae_productos SET pro_codigo_barra=@@@7804520022145@@@,pro_tipo=@@@0@@@,pro_nombre_producto=@@@AZUCAR FLOR DELICADA 1 KG.@@@,pro_nombre_corto=@@@AZUCAR FLOR DELI@@@,med_id=@@@2@@@,emb_id=@@@4@@@,pro_unidades_embalaje=@@@10@@@,dep_id=@@@31 @@@,lin_id=@@@159@@@,mar_id=@@@424@@@,pro_precio_compra_neto=@@@0@@@,pro_precio_compra_bruto=@@@838@@@,pro_precio_venta=@@@1199@@@,pro_margen_actual=@@@43.08@@@,pro_oferta=@@@NO@@@,pro_fecha_inicio_oferta=@@@1900.01.01@@@,pro_fecha_termino_oferta=@@@1900.01.01@@@,pro_precio_oferta=@@@0@@@,pro_stock_minimo=@@@10@@@,pro_stock_critico=@@@5@@@,pro_activo=@@@1@@@,pro_unidad=@@@0@@@,pro_precio_compra_bruto=838,pro_margen_actual=43.08,pro_capacidad=1,pro_funcion_plu=0,pro_flejes=1,pro_iva=1,pro_plu_asociado=0,pro_envase=@@@NO@@@,pro_duracion=0,pro_numero_etiqueta=0 WHERE pro_codigo_plu=@@@10586@@@','',2,'2013-07-10'),(37005,'UPDATE mae_productos SET pro_estado=1 WHERE pro_codigo_plu=10586','',2,'2013-07-10'),(37006,'DELETE FROM mae_impuestos_productos WHERE pro_codigo_plu=@@@10586@@@','',2,'2013-07-10'),(37007,'UPDATE mae_productos SET pro_codigo_barra=@@@7804520155119@@@,pro_tipo=@@@0@@@,pro_nombre_producto=@@@CHUÑO DELICADO 250 GRS@@@,pro_nombre_corto=@@@CHUÑO@@@,med_id=@@@1@@@,emb_id=@@@2@@@,pro_unidades_embalaje=@@@20@@@,dep_id=@@@1 @@@,lin_id=@@@9@@@,mar_id=@@@565@@@,pro_precio_compra_neto=@@@0@@@,pro_precio_compra_bruto=@@@319@@@,pro_precio_venta=@@@420@@@,pro_margen_actual=@@@31.66@@@,pro_oferta=@@@NO@@@,pro_fecha_inicio_oferta=@@@2008.12.11@@@,pro_fecha_termino_oferta=@@@2008.12.11@@@,pro_precio_oferta=@@@0@@@,pro_stock_minimo=@@@24@@@,pro_stock_critico=@@@12@@@,pro_activo=@@@1@@@,pro_unidad=@@@0@@@,pro_precio_compra_bruto=319,pro_margen_actual=31.66,pro_capacidad=0.5,pro_funcion_plu=0,pro_flejes=1,pro_iva=1,pro_plu_asociado=0,pro_envase=@@@NO@@@,pro_duracion=0,pro_numero_etiqueta=0 WHERE pro_codigo_plu=@@@261995@@@','',2,'2013-07-10'),(37008,'UPDATE mae_productos SET pro_estado=1 WHERE pro_codigo_plu=261995','',2,'2013-07-10'),(37009,'DELETE FROM mae_impuestos_productos WHERE pro_codigo_plu=@@@261995@@@','',2,'2013-07-10'),(37010,'INSERT INTO gne_vale_ferreteria (vfe_id,vfe_fecha,vfe_total,vfe_estado,vfe_entregado,usu_nusuario) VALUES (4961,@@@2013.07.10@@@,300,1,0,@@@S_BIZAMA@@@)','',2,'2013-07-10'),(37011,'INSERT INTO gne_vale_ferreteria_mov (vfe_id,pro_codigo_plu,vfm_cantidad,vfm_unitario,vfm_total,vfm_entregado) VALUES (4961,764278,1,300,300,@@@NO@@@)','',2,'2013-07-10'),(37012,'INSERT INTO gne_vale_ferreteria (vfe_id,vfe_fecha,vfe_total,vfe_estado,vfe_entregado,usu_nusuario) VALUES (4962,@@@2013.07.10@@@,2890,1,0,@@@S_BIZAMA@@@)','',2,'2013-07-10'),(37013,'INSERT INTO gne_vale_ferreteria_mov (vfe_id,pro_codigo_plu,vfm_cantidad,vfm_unitario,vfm_total,vfm_entregado) VALUES (4962,780721338,1,2590,2590,@@@NO@@@)','',2,'2013-07-10'),(37014,'INSERT INTO gne_vale_ferreteria_mov (vfe_id,pro_codigo_plu,vfm_cantidad,vfm_unitario,vfm_total,vfm_entregado) VALUES (4962,78017105,1,250,250,@@@NO@@@)','',2,'2013-07-10'),(37015,'INSERT INTO gne_vale_ferreteria_mov (vfe_id,pro_codigo_plu,vfm_cantidad,vfm_unitario,vfm_total,vfm_entregado) VALUES (4962,770032,1,50,50,@@@NO@@@)','',2,'2013-07-10'),(37016,'INSERT INTO gne_vale_ferreteria (vfe_id,vfe_fecha,vfe_total,vfe_estado,vfe_entregado,usu_nusuario) VALUES (4963,@@@2013.07.10@@@,350,1,0,@@@S_BIZAMA@@@)','',2,'2013-07-10'),(37017,'INSERT INTO gne_vale_ferreteria_mov (vfe_id,pro_codigo_plu,vfm_cantidad,vfm_unitario,vfm_total,vfm_entregado) VALUES (4963,19150,1,350,350,@@@NO@@@)','',2,'2013-07-10'),(37018,'UPDATE mae_productos SET pro_precio_fiscal=pro_precio_venta WHERE pro_codigo_plu=207','',2,'2013-07-10'),(37019,'INSERT INTO gne_vale_ferreteria (vfe_id,vfe_fecha,vfe_total,vfe_estado,vfe_entregado,usu_nusuario) VALUES (4964,@@@2013.07.10@@@,500,1,0,@@@S_BIZAMA@@@)','',2,'2013-07-10'),(37020,'INSERT INTO gne_vale_ferreteria_mov (vfe_id,pro_codigo_plu,vfm_cantidad,vfm_unitario,vfm_total,vfm_entregado) VALUES (4964,1542,5,100,500,@@@NO@@@)','',2,'2013-07-10'),(37021,'INSERT INTO mae_productos (pro_codigo_plu,pro_codigo_barra,pro_tipo,pro_nombre_producto,pro_nombre_corto,med_id,emb_id,pro_unidades_embalaje,dep_id,lin_id,mar_id,pro_precio_compra_neto,pro_precio_compra_bruto,pro_precio_venta,pro_margen_actual,pro_oferta,pro_fecha_inicio_oferta,pro_fecha_termino_oferta,pro_precio_oferta,pro_stock_minimo,pro_stock_critico,pro_entradas_bodega,pro_salidas_bodega,pro_mermas_bodega,pro_ajustes_bodega,pro_entradas_sv,pro_salidas_sv,pro_mermas_sv,pro_ajustes_sv,pro_activo,rec_numero,pro_unidad,pro_capacidad,pro_consumo_bodega,pro_consumo_sv,pro_estado,pro_funcion_plu,pro_flejes,pro_iva,pro_plu_asociado,pro_envase,pro_duracion,pro_numero_etiqueta) VALUES (780721341,@@@7802900570095@@@,@@@0@@@,@@@LECHE CHOCOLATE PLATANO SOPROLE 200ML@@@,@@@LECHE CHOCOLATE @@@,@@@7 @@@,@@@6 @@@,@@@30@@@,@@@3 @@@,@@@46@@@,@@@1993@@@,@@@0@@@,@@@200@@@,@@@300@@@,@@@50@@@,@@@@@@,@@@2006.09.07@@@,@@@2006.09.07@@@,@@@0@@@,@@@10@@@,@@@5@@@,@@@0@@@,@@@0@@@,@@@0@@@,@@@0@@@,@@@0@@@,@@@0@@@,@@@0@@@,@@@0@@@,@@@1@@@,@@@0@@@,0,200,0,0,2,0,1,1,0,@@@NO@@@,0,0)','',2,'2013-07-10'),(37022,'DELETE FROM mae_impuestos_productos WHERE pro_codigo_plu=@@@780721341@@@','',2,'2013-07-10'),(37023,'INSERT INTO gne_vale_ferreteria (vfe_id,vfe_fecha,vfe_total,vfe_estado,vfe_entregado,usu_nusuario) VALUES (4965,@@@2013.07.10@@@,250,1,0,@@@S_BIZAMA@@@)','',2,'2013-07-10'),(37024,'INSERT INTO gne_vale_ferreteria_mov (vfe_id,pro_codigo_plu,vfm_cantidad,vfm_unitario,vfm_total,vfm_entregado) VALUES (4965,4092,1,50,50,@@@NO@@@)','',2,'2013-07-10'),(37025,'INSERT INTO gne_vale_ferreteria_mov (vfe_id,pro_codigo_plu,vfm_cantidad,vfm_unitario,vfm_total,vfm_entregado) VALUES (4965,78017014,1,200,200,@@@NO@@@)','',2,'2013-07-10'),(37026,'INSERT INTO gne_vale_ferreteria (vfe_id,vfe_fecha,vfe_total,vfe_estado,vfe_entregado,usu_nusuario) VALUES (4966,@@@2013.07.10@@@,840,1,0,@@@S_BIZAMA@@@)','',2,'2013-07-10'),(37027,'INSERT INTO gne_vale_ferreteria_mov (vfe_id,pro_codigo_plu,vfm_cantidad,vfm_unitario,vfm_total,vfm_entregado) VALUES (4966,11670,1,840,840,@@@NO@@@)','',2,'2013-07-10'),(37028,'INSERT INTO mae_productos (pro_codigo_plu,pro_codigo_barra,pro_tipo,pro_nombre_producto,pro_nombre_corto,med_id,emb_id,pro_unidades_embalaje,dep_id,lin_id,mar_id,pro_precio_compra_neto,pro_precio_compra_bruto,pro_precio_venta,pro_margen_actual,pro_oferta,pro_fecha_inicio_oferta,pro_fecha_termino_oferta,pro_precio_oferta,pro_stock_minimo,pro_stock_critico,pro_entradas_bodega,pro_salidas_bodega,pro_mermas_bodega,pro_ajustes_bodega,pro_entradas_sv,pro_salidas_sv,pro_mermas_sv,pro_ajustes_sv,pro_activo,rec_numero,pro_unidad,pro_capacidad,pro_consumo_bodega,pro_consumo_sv,pro_estado,pro_funcion_plu,pro_flejes,pro_iva,pro_plu_asociado,pro_envase,pro_duracion,pro_numero_etiqueta) VALUES (780721342,@@@7802900000349@@@,@@@0@@@,@@@BATIFRUT CLASICO PAPAYA 165 G@@@,@@@BATIFRUT CLASICO@@@,@@@5 @@@,@@@3 @@@,@@@4@@@,@@@3 @@@,@@@50@@@,@@@1993@@@,@@@0@@@,@@@321@@@,@@@430@@@,@@@33.96@@@,@@@@@@,@@@2006.09.07@@@,@@@2006.09.07@@@,@@@0@@@,@@@2@@@,@@@1@@@,@@@0@@@,@@@0@@@,@@@0@@@,@@@0@@@,@@@0@@@,@@@0@@@,@@@0@@@,@@@0@@@,@@@1@@@,@@@0@@@,0,165,0,0,2,0,1,1,0,@@@NO@@@,0,0)','',2,'2013-07-10'),(37029,'DELETE FROM mae_impuestos_productos WHERE pro_codigo_plu=@@@780721342@@@','',2,'2013-07-10'),(37030,'INSERT INTO mae_productos (pro_codigo_plu,pro_codigo_barra,pro_tipo,pro_nombre_producto,pro_nombre_corto,med_id,emb_id,pro_unidades_embalaje,dep_id,lin_id,mar_id,pro_precio_compra_neto,pro_precio_compra_bruto,pro_precio_venta,pro_margen_actual,pro_oferta,pro_fecha_inicio_oferta,pro_fecha_termino_oferta,pro_precio_oferta,pro_stock_minimo,pro_stock_critico,pro_entradas_bodega,pro_salidas_bodega,pro_mermas_bodega,pro_ajustes_bodega,pro_entradas_sv,pro_salidas_sv,pro_mermas_sv,pro_ajustes_sv,pro_activo,rec_numero,pro_unidad,pro_capacidad,pro_consumo_bodega,pro_consumo_sv,pro_estado,pro_funcion_plu,pro_flejes,pro_iva,pro_plu_asociado,pro_envase,pro_duracion,pro_numero_etiqueta) VALUES (780721343,@@@7802900232979@@@,@@@0@@@,@@@YOGHURT SOPROLE GOLD CREME STRACCIATELLA 125 G@@@,@@@YOGHURT SOPROLE @@@,@@@5 @@@,@@@6 @@@,@@@4@@@,@@@3 @@@,@@@50@@@,@@@1993@@@,@@@0@@@,@@@243@@@,@@@330@@@,@@@35.8@@@,@@@@@@,@@@2006.09.07@@@,@@@2006.09.07@@@,@@@0@@@,@@@4@@@,@@@2@@@,@@@0@@@,@@@0@@@,@@@0@@@,@@@0@@@,@@@0@@@,@@@0@@@,@@@0@@@,@@@0@@@,@@@1@@@,@@@0@@@,0,125,0,0,2,0,1,1,0,@@@NO@@@,0,0)','',2,'2013-07-10'),(37031,'DELETE FROM mae_impuestos_productos WHERE pro_codigo_plu=@@@780721343@@@','',2,'2013-07-10'),(37032,'INSERT INTO gne_vale_ferreteria (vfe_id,vfe_fecha,vfe_total,vfe_estado,vfe_entregado,usu_nusuario) VALUES (4967,@@@2013.07.10@@@,1490,1,0,@@@S_BIZAMA@@@)','',2,'2013-07-10'),(37033,'INSERT INTO gne_vale_ferreteria_mov (vfe_id,pro_codigo_plu,vfm_cantidad,vfm_unitario,vfm_total,vfm_entregado) VALUES (4967,764634,1,1490,1490,@@@NO@@@)','',2,'2013-07-10'),(37034,'INSERT INTO gne_vale_ferreteria (vfe_id,vfe_fecha,vfe_total,vfe_estado,vfe_entregado,usu_nusuario) VALUES (4968,@@@2013.07.10@@@,1030,1,0,@@@S_BIZAMA@@@)','',2,'2013-07-10'),(37035,'INSERT INTO gne_vale_ferreteria_mov (vfe_id,pro_codigo_plu,vfm_cantidad,vfm_unitario,vfm_total,vfm_entregado) VALUES (4968,763774,1,850,850,@@@NO@@@)','',2,'2013-07-10'),(37036,'INSERT INTO gne_vale_ferreteria_mov (vfe_id,pro_codigo_plu,vfm_cantidad,vfm_unitario,vfm_total,vfm_entregado) VALUES (4968,780220200,1,180,180,@@@NO@@@)','',2,'2013-07-10'),(37037,'INSERT INTO mae_productos (pro_codigo_plu,pro_codigo_barra,pro_tipo,pro_nombre_producto,pro_nombre_corto,med_id,emb_id,pro_unidades_embalaje,dep_id,lin_id,mar_id,pro_precio_compra_neto,pro_precio_compra_bruto,pro_precio_venta,pro_margen_actual,pro_oferta,pro_fecha_inicio_oferta,pro_fecha_termino_oferta,pro_precio_oferta,pro_stock_minimo,pro_stock_critico,pro_entradas_bodega,pro_salidas_bodega,pro_mermas_bodega,pro_ajustes_bodega,pro_entradas_sv,pro_salidas_sv,pro_mermas_sv,pro_ajustes_sv,pro_activo,rec_numero,pro_unidad,pro_capacidad,pro_consumo_bodega,pro_consumo_sv,pro_estado,pro_funcion_plu,pro_flejes,pro_iva,pro_plu_asociado,pro_envase,pro_duracion,pro_numero_etiqueta) VALUES (780721344,@@@7802220752027@@@,@@@0@@@,@@@MALVA CHOC@@@,@@@MALVA CHOC@@@,@@@5 @@@,@@@6 @@@,@@@5@@@,@@@32 @@@,@@@161@@@,@@@1591@@@,@@@0@@@,@@@3180@@@,@@@4140@@@,@@@30.19@@@,@@@@@@,@@@2013.07.10@@@,@@@2013.07.10@@@,@@@0@@@,@@@0@@@,@@@0@@@,@@@0@@@,@@@0@@@,@@@0@@@,@@@0@@@,@@@0@@@,@@@0@@@,@@@0@@@,@@@0@@@,@@@1@@@,@@@0@@@,0,850,0,0,2,0,1,1,0,@@@NO@@@,0,0)','',2,'2013-07-10'),(37038,'DELETE FROM mae_impuestos_productos WHERE pro_codigo_plu=@@@780721344@@@','',2,'2013-07-10'),(37039,'UPDATE mae_productos SET pro_precio_fiscal=pro_precio_venta WHERE pro_codigo_plu=780721344','',2,'2013-07-10'),(37040,'UPDATE mae_productos SET pro_precio_fiscal=pro_precio_venta WHERE pro_codigo_plu=780721342','',2,'2013-07-10'),(37041,'UPDATE mae_productos SET pro_precio_fiscal=pro_precio_venta WHERE pro_codigo_plu=780721343','',2,'2013-07-10'),(37042,'UPDATE mae_productos SET pro_precio_fiscal=pro_precio_venta WHERE pro_codigo_plu=780721341','',2,'2013-07-10'),(37043,'UPDATE mae_productos SET pro_precio_venta=430,pro_margen_actual=33.96, pro_precio_compra_bruto=321, pro_precio_compra_neto=269.747899159664 WHERE pro_codigo_plu=780721113','',2,'2013-07-10'),(37044,'UPDATE mae_productos SET pro_precio_venta=280,pro_margen_actual=36.59, pro_precio_compra_bruto=205, pro_precio_compra_neto=172.268907563025 WHERE pro_codigo_plu=101943','',2,'2013-07-10'),(37045,'UPDATE mae_productos SET pro_precio_venta=280,pro_margen_actual=36.59, pro_precio_compra_bruto=205, pro_precio_compra_neto=172.268907563025 WHERE pro_codigo_plu=780721286','',2,'2013-07-10'),(37046,'UPDATE mae_productos SET pro_precio_venta=280,pro_margen_actual=36.59, pro_precio_compra_bruto=205, pro_precio_compra_neto=172.268907563025 WHERE pro_codigo_plu=101942','',2,'2013-07-10'),(37047,'UPDATE mae_productos SET pro_precio_venta=280,pro_margen_actual=36.59, pro_precio_compra_bruto=205, pro_precio_compra_neto=172.268907563025 WHERE pro_codigo_plu=780721288','',2,'2013-07-10'),(37048,'UPDATE mae_productos SET pro_precio_venta=280,pro_margen_actual=40, pro_precio_compra_bruto=200, pro_precio_compra_neto=168.067226890756 WHERE pro_codigo_plu=780721341','',2,'2013-07-10'),(37049,'INSERT INTO gne_vale_ferreteria (vfe_id,vfe_fecha,vfe_total,vfe_estado,vfe_entregado,usu_nusuario) VALUES (4969,@@@2013.07.10@@@,200,1,0,@@@S_BIZAMA@@@)','',2,'2013-07-10'),(37050,'INSERT INTO gne_vale_ferreteria_mov (vfe_id,pro_codigo_plu,vfm_cantidad,vfm_unitario,vfm_total,vfm_entregado) VALUES (4969,764833,20,10,200,@@@NO@@@)','',2,'2013-07-10'),(37051,'UPDATE mae_productos SET pro_precio_fiscal=pro_precio_venta WHERE pro_codigo_plu=780721113','',2,'2013-07-10'),(37052,'UPDATE mae_productos SET pro_precio_fiscal=pro_precio_venta WHERE pro_codigo_plu=780721286','',2,'2013-07-10'),(37053,'UPDATE mae_productos SET pro_precio_fiscal=pro_precio_venta WHERE pro_codigo_plu=101942','',2,'2013-07-10'),(37054,'UPDATE mae_productos SET pro_precio_fiscal=pro_precio_venta WHERE pro_codigo_plu=101943','',2,'2013-07-10'),(37055,'UPDATE mae_productos SET pro_precio_fiscal=pro_precio_venta WHERE pro_codigo_plu=780721288','',2,'2013-07-10'),(37056,'UPDATE mae_productos SET pro_precio_fiscal=pro_precio_venta WHERE pro_codigo_plu=780721341','',2,'2013-07-10'),(37057,'UPDATE mae_productos SET pro_precio_compra_bruto=227,pro_margen_actual=(pro_precio_venta-227)/227 * 100,pro_ultima_compra=@@@2013.07.10@@@,pro_ultimo_proveedor=@@@84472400-4@@@ WHERE pro_codigo_plu=19243','',2,'2013-07-10'),(37058,'UPDATE mae_productos SET pro_precio_compra_bruto=95,pro_margen_actual=(pro_precio_venta-95)/95 * 100,pro_ultima_compra=@@@2013.07.10@@@,pro_ultimo_proveedor=@@@84472400-4@@@ WHERE pro_codigo_plu=17018','',2,'2013-07-10'),(37059,'UPDATE mae_productos SET pro_precio_compra_bruto=95,pro_margen_actual=(pro_precio_venta-95)/95 * 100,pro_ultima_compra=@@@2013.07.10@@@,pro_ultimo_proveedor=@@@84472400-4@@@ WHERE pro_codigo_plu=17014','',2,'2013-07-10'),(37060,'UPDATE mae_productos SET pro_precio_compra_bruto=95,pro_margen_actual=(pro_precio_venta-95)/95 * 100,pro_ultima_compra=@@@2013.07.10@@@,pro_ultimo_proveedor=@@@84472400-4@@@ WHERE pro_codigo_plu=17097','',2,'2013-07-10'),(37061,'UPDATE mae_productos SET pro_precio_compra_bruto=95,pro_margen_actual=(pro_precio_venta-95)/95 * 100,pro_ultima_compra=@@@2013.07.10@@@,pro_ultimo_proveedor=@@@84472400-4@@@ WHERE pro_codigo_plu=17104','',2,'2013-07-10'),(37062,'UPDATE mae_productos SET pro_precio_compra_bruto=95,pro_margen_actual=(pro_precio_venta-95)/95 * 100,pro_ultima_compra=@@@2013.07.10@@@,pro_ultimo_proveedor=@@@84472400-4@@@ WHERE pro_codigo_plu=17016','',2,'2013-07-10'),(37063,'UPDATE mae_productos SET pro_precio_compra_bruto=280,pro_margen_actual=(pro_precio_venta-280)/280 * 100,pro_ultima_compra=@@@2013.07.10@@@,pro_ultimo_proveedor=@@@84472400-4@@@ WHERE pro_codigo_plu=16820','',2,'2013-07-10'),(37064,'UPDATE mae_productos SET pro_precio_compra_bruto=280,pro_margen_actual=(pro_precio_venta-280)/280 * 100,pro_ultima_compra=@@@2013.07.10@@@,pro_ultimo_proveedor=@@@84472400-4@@@ WHERE pro_codigo_plu=16821','',2,'2013-07-10'),(37065,'UPDATE mae_productos SET pro_precio_compra_bruto=149,pro_margen_actual=(pro_precio_venta-149)/149 * 100,pro_ultima_compra=@@@2013.07.10@@@,pro_ultimo_proveedor=@@@84472400-4@@@ WHERE pro_codigo_plu=18216','',2,'2013-07-10'),(37066,'UPDATE mae_productos SET pro_precio_compra_bruto=149,pro_margen_actual=(pro_precio_venta-149)/149 * 100,pro_ultima_compra=@@@2013.07.10@@@,pro_ultimo_proveedor=@@@84472400-4@@@ WHERE pro_codigo_plu=18217','',2,'2013-07-10'),(37067,'UPDATE mae_productos SET pro_precio_compra_bruto=286,pro_margen_actual=(pro_precio_venta-286)/286 * 100,pro_ultima_compra=@@@2013.07.10@@@,pro_ultimo_proveedor=@@@84472400-4@@@ WHERE pro_codigo_plu=19143','',2,'2013-07-10'),(37068,'UPDATE mae_productos SET pro_precio_compra_bruto=286,pro_margen_actual=(pro_precio_venta-286)/286 * 100,pro_ultima_compra=@@@2013.07.10@@@,pro_ultimo_proveedor=@@@84472400-4@@@ WHERE pro_codigo_plu=19211','',2,'2013-07-10'),(37069,'UPDATE mae_productos SET pro_precio_compra_bruto=118,pro_margen_actual=(pro_precio_venta-118)/118 * 100,pro_ultima_compra=@@@2013.07.10@@@,pro_ultimo_proveedor=@@@84472400-4@@@ WHERE pro_codigo_plu=16672','',2,'2013-07-10'),(37070,'UPDATE mae_productos SET pro_precio_compra_bruto=118,pro_margen_actual=(pro_precio_venta-118)/118 * 100,pro_ultima_compra=@@@2013.07.10@@@,pro_ultimo_proveedor=@@@84472400-4@@@ WHERE pro_codigo_plu=16951','',2,'2013-07-10'),(37071,'UPDATE mae_productos SET pro_precio_compra_bruto=118,pro_margen_actual=(pro_precio_venta-118)/118 * 100,pro_ultima_compra=@@@2013.07.10@@@,pro_ultimo_proveedor=@@@84472400-4@@@ WHERE pro_codigo_plu=16952','',2,'2013-07-10'),(37072,'UPDATE mae_productos SET pro_precio_compra_bruto=321,pro_margen_actual=(pro_precio_venta-321)/321 * 100,pro_ultima_compra=@@@2013.07.10@@@,pro_ultimo_proveedor=@@@84472400-4@@@ WHERE pro_codigo_plu=763342','',2,'2013-07-10'),(37073,'UPDATE mae_productos SET pro_precio_compra_bruto=321,pro_margen_actual=(pro_precio_venta-321)/321 * 100,pro_ultima_compra=@@@2013.07.10@@@,pro_ultimo_proveedor=@@@84472400-4@@@ WHERE pro_codigo_plu=763343','',2,'2013-07-10'),(37074,'UPDATE mae_productos SET pro_precio_compra_bruto=321,pro_margen_actual=(pro_precio_venta-321)/321 * 100,pro_ultima_compra=@@@2013.07.10@@@,pro_ultimo_proveedor=@@@84472400-4@@@ WHERE pro_codigo_plu=780721285','',2,'2013-07-10'),(37075,'UPDATE mae_productos SET pro_precio_compra_bruto=321,pro_margen_actual=(pro_precio_venta-321)/321 * 100,pro_ultima_compra=@@@2013.07.10@@@,pro_ultimo_proveedor=@@@84472400-4@@@ WHERE pro_codigo_plu=780721113','',2,'2013-07-10'),(37076,'UPDATE mae_productos SET pro_precio_compra_bruto=321,pro_margen_actual=(pro_precio_venta-321)/321 * 100,pro_ultima_compra=@@@2013.07.10@@@,pro_ultimo_proveedor=@@@84472400-4@@@ WHERE pro_codigo_plu=780721342','',2,'2013-07-10'),(37077,'UPDATE mae_productos SET pro_precio_compra_bruto=243,pro_margen_actual=(pro_precio_venta-243)/243 * 100,pro_ultima_compra=@@@2013.07.10@@@,pro_ultimo_proveedor=@@@84472400-4@@@ WHERE pro_codigo_plu=780721343','',2,'2013-07-10'),(37078,'UPDATE mae_productos SET pro_precio_compra_bruto=318,pro_margen_actual=(pro_precio_venta-318)/318 * 100,pro_ultima_compra=@@@2013.07.10@@@,pro_ultimo_proveedor=@@@84472400-4@@@ WHERE pro_codigo_plu=763334','',2,'2013-07-10'),(37079,'UPDATE mae_productos SET pro_precio_compra_bruto=277,pro_margen_actual=(pro_precio_venta-277)/277 * 100,pro_ultima_compra=@@@2013.07.10@@@,pro_ultimo_proveedor=@@@84472400-4@@@ WHERE pro_codigo_plu=763335','',2,'2013-07-10'),(37080,'UPDATE mae_productos SET pro_precio_compra_bruto=277,pro_margen_actual=(pro_precio_venta-277)/277 * 100,pro_ultima_compra=@@@2013.07.10@@@,pro_ultimo_proveedor=@@@84472400-4@@@ WHERE pro_codigo_plu=763338','',2,'2013-07-10'),(37081,'UPDATE mae_productos SET pro_precio_compra_bruto=211,pro_margen_actual=(pro_precio_venta-211)/211 * 100,pro_ultima_compra=@@@2013.07.10@@@,pro_ultimo_proveedor=@@@84472400-4@@@ WHERE pro_codigo_plu=763346','',2,'2013-07-10'),(37082,'UPDATE mae_productos SET pro_precio_compra_bruto=205,pro_margen_actual=(pro_precio_venta-205)/205 * 100,pro_ultima_compra=@@@2013.07.10@@@,pro_ultimo_proveedor=@@@84472400-4@@@ WHERE pro_codigo_plu=101943','',2,'2013-07-10'),(37083,'UPDATE mae_productos SET pro_precio_compra_bruto=205,pro_margen_actual=(pro_precio_venta-205)/205 * 100,pro_ultima_compra=@@@2013.07.10@@@,pro_ultimo_proveedor=@@@84472400-4@@@ WHERE pro_codigo_plu=780721286','',2,'2013-07-10'),(37084,'UPDATE mae_productos SET pro_precio_compra_bruto=205,pro_margen_actual=(pro_precio_venta-205)/205 * 100,pro_ultima_compra=@@@2013.07.10@@@,pro_ultimo_proveedor=@@@84472400-4@@@ WHERE pro_codigo_plu=101942','',2,'2013-07-10'),(37085,'UPDATE mae_productos SET pro_precio_compra_bruto=205,pro_margen_actual=(pro_precio_venta-205)/205 * 100,pro_ultima_compra=@@@2013.07.10@@@,pro_ultimo_proveedor=@@@84472400-4@@@ WHERE pro_codigo_plu=780721288','',2,'2013-07-10'),(37086,'UPDATE mae_productos SET pro_precio_compra_bruto=200,pro_margen_actual=(pro_precio_venta-200)/200 * 100,pro_ultima_compra=@@@2013.07.10@@@,pro_ultimo_proveedor=@@@84472400-4@@@ WHERE pro_codigo_plu=16110','',2,'2013-07-10'),(37087,'UPDATE mae_productos SET pro_precio_compra_bruto=200,pro_margen_actual=(pro_precio_venta-200)/200 * 100,pro_ultima_compra=@@@2013.07.10@@@,pro_ultimo_proveedor=@@@84472400-4@@@ WHERE pro_codigo_plu=16113','',2,'2013-07-10'),(37088,'UPDATE mae_productos SET pro_precio_compra_bruto=200,pro_margen_actual=(pro_precio_venta-200)/200 * 100,pro_ultima_compra=@@@2013.07.10@@@,pro_ultimo_proveedor=@@@84472400-4@@@ WHERE pro_codigo_plu=762183','',2,'2013-07-10'),(37089,'UPDATE mae_productos SET pro_precio_compra_bruto=336,pro_margen_actual=(pro_precio_venta-336)/336 * 100,pro_ultima_compra=@@@2013.07.10@@@,pro_ultimo_proveedor=@@@84472400-4@@@ WHERE pro_codigo_plu=17023','',2,'2013-07-10'),(37090,'UPDATE mae_productos SET pro_precio_compra_bruto=149,pro_margen_actual=(pro_precio_venta-149)/149 * 100,pro_ultima_compra=@@@2013.07.10@@@,pro_ultimo_proveedor=@@@84472400-4@@@ WHERE pro_codigo_plu=18220','',2,'2013-07-10'),(37091,'UPDATE mae_productos SET pro_precio_compra_bruto=149,pro_margen_actual=(pro_precio_venta-149)/149 * 100,pro_ultima_compra=@@@2013.07.10@@@,pro_ultimo_proveedor=@@@84472400-4@@@ WHERE pro_codigo_plu=18219','',2,'2013-07-10'),(37092,'UPDATE mae_productos SET pro_precio_compra_bruto=149,pro_margen_actual=(pro_precio_venta-149)/149 * 100,pro_ultima_compra=@@@2013.07.10@@@,pro_ultimo_proveedor=@@@84472400-4@@@ WHERE pro_codigo_plu=18218','',2,'2013-07-10'),(37093,'UPDATE mae_productos SET pro_precio_compra_bruto=3606,pro_margen_actual=(pro_precio_venta-3606)/3606 * 100,pro_ultima_compra=@@@2013.07.10@@@,pro_ultimo_proveedor=@@@84472400-4@@@ WHERE pro_codigo_plu=386','',2,'2013-07-10'),(37094,'UPDATE mae_productos SET pro_precio_compra_bruto=364.5,pro_margen_actual=(pro_precio_venta-364.5)/364.5 * 100,pro_ultima_compra=@@@2013.07.10@@@,pro_ultimo_proveedor=@@@84472400-4@@@ WHERE pro_codigo_plu=16314','',2,'2013-07-10'),(37095,'UPDATE mae_productos SET pro_precio_compra_bruto=286,pro_margen_actual=(pro_precio_venta-286)/286 * 100,pro_ultima_compra=@@@2013.07.10@@@,pro_ultimo_proveedor=@@@84472400-4@@@ WHERE pro_codigo_plu=16999','',2,'2013-07-10'),(37096,'UPDATE mae_productos SET pro_precio_compra_bruto=118,pro_margen_actual=(pro_precio_venta-118)/118 * 100,pro_ultima_compra=@@@2013.07.10@@@,pro_ultimo_proveedor=@@@84472400-4@@@ WHERE pro_codigo_plu=16947','',2,'2013-07-10'),(37097,'UPDATE mae_productos SET pro_precio_compra_bruto=168,pro_margen_actual=(pro_precio_venta-168)/168 * 100,pro_ultima_compra=@@@2013.07.10@@@,pro_ultimo_proveedor=@@@84472400-4@@@ WHERE pro_codigo_plu=78016958','',2,'2013-07-10'),(37098,'UPDATE mae_productos SET pro_precio_compra_bruto=200,pro_margen_actual=(pro_precio_venta-200)/200 * 100,pro_ultima_compra=@@@2013.07.10@@@,pro_ultimo_proveedor=@@@84472400-4@@@ WHERE pro_codigo_plu=780721341','',2,'2013-07-10'),(37099,'INSERT INTO gne_vale_ferreteria (vfe_id,vfe_fecha,vfe_total,vfe_estado,vfe_entregado,usu_nusuario) VALUES (4970,@@@2013.07.10@@@,1690,1,0,@@@S_BIZAMA@@@)','',2,'2013-07-10'),(37100,'INSERT INTO gne_vale_ferreteria_mov (vfe_id,pro_codigo_plu,vfm_cantidad,vfm_unitario,vfm_total,vfm_entregado) VALUES (4970,100979,1,1390,1390,@@@NO@@@)','',2,'2013-07-10'),(37101,'INSERT INTO gne_vale_ferreteria_mov (vfe_id,pro_codigo_plu,vfm_cantidad,vfm_unitario,vfm_total,vfm_entregado) VALUES (4970,764277,1,300,300,@@@NO@@@)','',2,'2013-07-10'),(37102,'INSERT INTO gne_vale_ferreteria (vfe_id,vfe_fecha,vfe_total,vfe_estado,vfe_entregado,usu_nusuario) VALUES (4971,@@@2013.07.10@@@,490,1,0,@@@S_BIZAMA@@@)','',2,'2013-07-10'),(37103,'INSERT INTO gne_vale_ferreteria_mov (vfe_id,pro_codigo_plu,vfm_cantidad,vfm_unitario,vfm_total,vfm_entregado) VALUES (4971,764701,1,490,490,@@@NO@@@)','',2,'2013-07-10'),(37104,'INSERT INTO gne_vale_ferreteria (vfe_id,vfe_fecha,vfe_total,vfe_estado,vfe_entregado,usu_nusuario) VALUES (4972,@@@2013.07.10@@@,250,1,0,@@@S_BIZAMA@@@)','',2,'2013-07-10'),(37105,'INSERT INTO gne_vale_ferreteria_mov (vfe_id,pro_codigo_plu,vfm_cantidad,vfm_unitario,vfm_total,vfm_entregado) VALUES (4972,4091,1,250,250,@@@NO@@@)','',2,'2013-07-10'),(37106,'INSERT INTO gne_vale_ferreteria (vfe_id,vfe_fecha,vfe_total,vfe_estado,vfe_entregado,usu_nusuario) VALUES (4973,@@@2013.07.10@@@,390,1,0,@@@S_BIZAMA@@@)','',2,'2013-07-10'),(37107,'INSERT INTO gne_vale_ferreteria_mov (vfe_id,pro_codigo_plu,vfm_cantidad,vfm_unitario,vfm_total,vfm_entregado) VALUES (4973,15967,3,130,390,@@@NO@@@)','',2,'2013-07-10'),(37108,'INSERT INTO gne_vale_ferreteria (vfe_id,vfe_fecha,vfe_total,vfe_estado,vfe_entregado,usu_nusuario) VALUES (4974,@@@2013.07.10@@@,6580,1,0,@@@G_DIAZ@@@)','',2,'2013-07-10'),(37109,'INSERT INTO gne_vale_ferreteria_mov (vfe_id,pro_codigo_plu,vfm_cantidad,vfm_unitario,vfm_total,vfm_entregado) VALUES (4974,18822,1,3990,3990,@@@NO@@@)','',2,'2013-07-10'),(37110,'INSERT INTO gne_vale_ferreteria_mov (vfe_id,pro_codigo_plu,vfm_cantidad,vfm_unitario,vfm_total,vfm_entregado) VALUES (4974,780721189,1,2590,2590,@@@NO@@@)','',2,'2013-07-10'),(37111,'INSERT INTO gne_vale_ferreteria (vfe_id,vfe_fecha,vfe_total,vfe_estado,vfe_entregado,usu_nusuario) VALUES (4975,@@@2013.07.10@@@,360,1,0,@@@G_DIAZ@@@)','',2,'2013-07-10'),(37112,'INSERT INTO gne_vale_ferreteria_mov (vfe_id,pro_codigo_plu,vfm_cantidad,vfm_unitario,vfm_total,vfm_entregado) VALUES (4975,764366,1,360,360,@@@NO@@@)','',2,'2013-07-10'),(37113,'INSERT INTO gne_vale_ferreteria (vfe_id,vfe_fecha,vfe_total,vfe_estado,vfe_entregado,usu_nusuario) VALUES (4976,@@@2013.07.10@@@,520,1,0,@@@G_DIAZ@@@)','',2,'2013-07-10'),(37114,'INSERT INTO gne_vale_ferreteria_mov (vfe_id,pro_codigo_plu,vfm_cantidad,vfm_unitario,vfm_total,vfm_entregado) VALUES (4976,15967,4,130,520,@@@NO@@@)','',2,'2013-07-10'),(37115,'INSERT INTO gne_vale_ferreteria (vfe_id,vfe_fecha,vfe_total,vfe_estado,vfe_entregado,usu_nusuario) VALUES (4977,@@@2013.07.10@@@,700,1,0,@@@G_DIAZ@@@)','',2,'2013-07-10'),(37116,'INSERT INTO gne_vale_ferreteria_mov (vfe_id,pro_codigo_plu,vfm_cantidad,vfm_unitario,vfm_total,vfm_entregado) VALUES (4977,78017028,10,70,700,@@@NO@@@)','',2,'2013-07-10'),(37117,'INSERT INTO gne_vale_ferreteria (vfe_id,vfe_fecha,vfe_total,vfe_estado,vfe_entregado,usu_nusuario) VALUES (4978,@@@2013.07.10@@@,390,1,0,@@@G_DIAZ@@@)','',2,'2013-07-10'),(37118,'INSERT INTO gne_vale_ferreteria_mov (vfe_id,pro_codigo_plu,vfm_cantidad,vfm_unitario,vfm_total,vfm_entregado) VALUES (4978,8023,1,390,390,@@@NO@@@)','',2,'2013-07-10'),(37119,'INSERT INTO gne_vale_ferreteria (vfe_id,vfe_fecha,vfe_total,vfe_estado,vfe_entregado,usu_nusuario) VALUES (4979,@@@2013.07.10@@@,650,1,0,@@@G_DIAZ@@@)','',2,'2013-07-10'),(37120,'INSERT INTO gne_vale_ferreteria_mov (vfe_id,pro_codigo_plu,vfm_cantidad,vfm_unitario,vfm_total,vfm_entregado) VALUES (4979,20836,1,650,650,@@@NO@@@)','',2,'2013-07-10'),(37121,'INSERT INTO gne_vale_ferreteria (vfe_id,vfe_fecha,vfe_total,vfe_estado,vfe_entregado,usu_nusuario) VALUES (4980,@@@2013.07.10@@@,500,1,0,@@@G_DIAZ@@@)','',2,'2013-07-10'),(37122,'INSERT INTO gne_vale_ferreteria_mov (vfe_id,pro_codigo_plu,vfm_cantidad,vfm_unitario,vfm_total,vfm_entregado) VALUES (4980,765072,1,200,200,@@@NO@@@)','',2,'2013-07-10'),(37123,'INSERT INTO gne_vale_ferreteria_mov (vfe_id,pro_codigo_plu,vfm_cantidad,vfm_unitario,vfm_total,vfm_entregado) VALUES (4980,2004,1,300,300,@@@NO@@@)','',2,'2013-07-10'),(37124,'INSERT INTO gne_vale_ferreteria (vfe_id,vfe_fecha,vfe_total,vfe_estado,vfe_entregado,usu_nusuario) VALUES (4981,@@@2013.07.10@@@,790,1,0,@@@G_DIAZ@@@)','',2,'2013-07-10'),(37125,'INSERT INTO gne_vale_ferreteria_mov (vfe_id,pro_codigo_plu,vfm_cantidad,vfm_unitario,vfm_total,vfm_entregado) VALUES (4981,1071,1,790,790,@@@NO@@@)','',2,'2013-07-10'),(37126,'INSERT INTO gne_vale_ferreteria (vfe_id,vfe_fecha,vfe_total,vfe_estado,vfe_entregado,usu_nusuario) VALUES (4982,@@@2013.07.10@@@,870,1,0,@@@G_DIAZ@@@)','',2,'2013-07-10'),(37127,'INSERT INTO gne_vale_ferreteria_mov (vfe_id,pro_codigo_plu,vfm_cantidad,vfm_unitario,vfm_total,vfm_entregado) VALUES (4982,78017145,3,290,870,@@@NO@@@)','',2,'2013-07-10'),(37128,'INSERT INTO gne_vale_ferreteria (vfe_id,vfe_fecha,vfe_total,vfe_estado,vfe_entregado,usu_nusuario) VALUES (4983,@@@2013.07.10@@@,2990,1,0,@@@G_DIAZ@@@)','',2,'2013-07-10'),(37129,'INSERT INTO gne_vale_ferreteria_mov (vfe_id,pro_codigo_plu,vfm_cantidad,vfm_unitario,vfm_total,vfm_entregado) VALUES (4983,764573,1,2990,2990,@@@NO@@@)','',2,'2013-07-10'),(37130,'INSERT INTO gne_vale_ferreteria (vfe_id,vfe_fecha,vfe_total,vfe_estado,vfe_entregado,usu_nusuario) VALUES (4984,@@@2013.07.10@@@,240,1,0,@@@G_DIAZ@@@)','',2,'2013-07-10'),(37131,'INSERT INTO gne_vale_ferreteria_mov (vfe_id,pro_codigo_plu,vfm_cantidad,vfm_unitario,vfm_total,vfm_entregado) VALUES (4984,764766,2,120,240,@@@NO@@@)','',2,'2013-07-10'),(37132,'INSERT INTO gne_vale_ferreteria (vfe_id,vfe_fecha,vfe_total,vfe_estado,vfe_entregado,usu_nusuario) VALUES (4985,@@@2013.07.10@@@,160,1,0,@@@G_DIAZ@@@)','',2,'2013-07-10'),(37133,'INSERT INTO gne_vale_ferreteria_mov (vfe_id,pro_codigo_plu,vfm_cantidad,vfm_unitario,vfm_total,vfm_entregado) VALUES (4985,770001,2,80,160,@@@NO@@@)','',2,'2013-07-10'),(37134,'UPDATE mae_productos SET pro_precio_compra_bruto=244.36,pro_margen_actual=(pro_precio_venta-244.36)/244.36 * 100,pro_ultima_compra=@@@2013.07.10@@@,pro_ultimo_proveedor=@@@99554560-8@@@ WHERE pro_codigo_plu=101175','',2,'2013-07-10'),(37135,'UPDATE mae_productos SET pro_precio_compra_bruto=244.36,pro_margen_actual=(pro_precio_venta-244.36)/244.36 * 100,pro_ultima_compra=@@@2013.07.10@@@,pro_ultimo_proveedor=@@@99554560-8@@@ WHERE pro_codigo_plu=101178','',2,'2013-07-10'),(37136,'UPDATE mae_productos SET pro_precio_compra_bruto=244.36,pro_margen_actual=(pro_precio_venta-244.36)/244.36 * 100,pro_ultima_compra=@@@2013.07.10@@@,pro_ultimo_proveedor=@@@99554560-8@@@ WHERE pro_codigo_plu=262547','',2,'2013-07-10'),(37137,'UPDATE mae_productos SET pro_precio_compra_bruto=40.16,pro_margen_actual=(pro_precio_venta-40.16)/40.16 * 100,pro_ultima_compra=@@@2013.07.10@@@,pro_ultimo_proveedor=@@@99554560-8@@@ WHERE pro_codigo_plu=763509','',2,'2013-07-10'),(37138,'UPDATE mae_productos SET pro_precio_compra_bruto=40.16,pro_margen_actual=(pro_precio_venta-40.16)/40.16 * 100,pro_ultima_compra=@@@2013.07.10@@@,pro_ultimo_proveedor=@@@99554560-8@@@ WHERE pro_codigo_plu=763508','',2,'2013-07-10'),(37139,'UPDATE mae_productos SET pro_precio_compra_bruto=40.16,pro_margen_actual=(pro_precio_venta-40.16)/40.16 * 100,pro_ultima_compra=@@@2013.07.10@@@,pro_ultimo_proveedor=@@@99554560-8@@@ WHERE pro_codigo_plu=763510','',2,'2013-07-10'),(37140,'UPDATE mae_productos SET pro_precio_compra_bruto=40.16,pro_margen_actual=(pro_precio_venta-40.16)/40.16 * 100,pro_ultima_compra=@@@2013.07.10@@@,pro_ultimo_proveedor=@@@99554560-8@@@ WHERE pro_codigo_plu=763498','',2,'2013-07-10'),(37141,'UPDATE mae_productos SET pro_precio_compra_bruto=3180,pro_margen_actual=(pro_precio_venta-3180)/3180 * 100,pro_ultima_compra=@@@2013.07.10@@@,pro_ultimo_proveedor=@@@99554560-8@@@ WHERE pro_codigo_plu=780721344','',2,'2013-07-10'),(37142,'UPDATE mae_productos SET pro_precio_compra_bruto=244.36,pro_margen_actual=(pro_precio_venta-244.36)/244.36 * 100,pro_ultima_compra=@@@2013.07.10@@@,pro_ultimo_proveedor=@@@99554560-8@@@ WHERE pro_codigo_plu=101177','',2,'2013-07-10'),(37143,'UPDATE mae_productos SET pro_precio_compra_bruto=244.36,pro_margen_actual=(pro_precio_venta-244.36)/244.36 * 100,pro_ultima_compra=@@@2013.07.10@@@,pro_ultimo_proveedor=@@@99554560-8@@@ WHERE pro_codigo_plu=101176','',2,'2013-07-10'),(37144,'UPDATE mae_productos SET pro_precio_compra_bruto=83.63,pro_margen_actual=(pro_precio_venta-83.63)/83.63 * 100,pro_ultima_compra=@@@2013.07.10@@@,pro_ultimo_proveedor=@@@99554560-8@@@ WHERE pro_codigo_plu=763506','',2,'2013-07-10'),(37145,'INSERT INTO gne_vale_ferreteria (vfe_id,vfe_fecha,vfe_total,vfe_estado,vfe_entregado,usu_nusuario) VALUES (4986,@@@2013.07.10@@@,150,1,0,@@@G_DIAZ@@@)','',2,'2013-07-10'),(37146,'INSERT INTO gne_vale_ferreteria_mov (vfe_id,pro_codigo_plu,vfm_cantidad,vfm_unitario,vfm_total,vfm_entregado) VALUES (4986,780721239,1,150,150,@@@NO@@@)','',2,'2013-07-10'),(37147,'INSERT INTO gne_vale_ferreteria (vfe_id,vfe_fecha,vfe_total,vfe_estado,vfe_entregado,usu_nusuario) VALUES (4987,@@@2013.07.10@@@,500,1,0,@@@G_DIAZ@@@)','',2,'2013-07-10'),(37148,'INSERT INTO gne_vale_ferreteria_mov (vfe_id,pro_codigo_plu,vfm_cantidad,vfm_unitario,vfm_total,vfm_entregado) VALUES (4987,78017105,2,250,500,@@@NO@@@)','',2,'2013-07-10'),(37149,'INSERT INTO gne_vale_ferreteria (vfe_id,vfe_fecha,vfe_total,vfe_estado,vfe_entregado,usu_nusuario) VALUES (4988,@@@2013.07.10@@@,280,1,0,@@@G_DIAZ@@@)','',2,'2013-07-10'),(37150,'INSERT INTO gne_vale_ferreteria_mov (vfe_id,pro_codigo_plu,vfm_cantidad,vfm_unitario,vfm_total,vfm_entregado) VALUES (4988,765064,1,280,280,@@@NO@@@)','',2,'2013-07-10'),(37151,'INSERT INTO gne_vale_ferreteria (vfe_id,vfe_fecha,vfe_total,vfe_estado,vfe_entregado,usu_nusuario) VALUES (4989,@@@2013.07.10@@@,300,1,0,@@@G_DIAZ@@@)','',2,'2013-07-10'),(37152,'INSERT INTO gne_vale_ferreteria_mov (vfe_id,pro_codigo_plu,vfm_cantidad,vfm_unitario,vfm_total,vfm_entregado) VALUES (4989,4088,2,150,300,@@@NO@@@)','',2,'2013-07-10'),(37153,'INSERT INTO gne_vale_ferreteria (vfe_id,vfe_fecha,vfe_total,vfe_estado,vfe_entregado,usu_nusuario) VALUES (4990,@@@2013.07.10@@@,675,1,0,@@@G_DIAZ@@@)','',2,'2013-07-10'),(37154,'INSERT INTO gne_vale_ferreteria_mov (vfe_id,pro_codigo_plu,vfm_cantidad,vfm_unitario,vfm_total,vfm_entregado) VALUES (4990,21117,1,495,495,@@@NO@@@)','',2,'2013-07-10'),(37155,'INSERT INTO gne_vale_ferreteria_mov (vfe_id,pro_codigo_plu,vfm_cantidad,vfm_unitario,vfm_total,vfm_entregado) VALUES (4990,1602,1,180,180,@@@NO@@@)','',2,'2013-07-10'),(37156,'INSERT INTO gne_vale_ferreteria (vfe_id,vfe_fecha,vfe_total,vfe_estado,vfe_entregado,usu_nusuario) VALUES (4991,@@@2013.07.10@@@,150,1,0,@@@G_DIAZ@@@)','',2,'2013-07-10'),(37157,'INSERT INTO gne_vale_ferreteria_mov (vfe_id,pro_codigo_plu,vfm_cantidad,vfm_unitario,vfm_total,vfm_entregado) VALUES (4991,780721239,1,150,150,@@@NO@@@)','',2,'2013-07-10'),(37158,'INSERT INTO gne_vale_ferreteria (vfe_id,vfe_fecha,vfe_total,vfe_estado,vfe_entregado,usu_nusuario) VALUES (4992,@@@2013.07.10@@@,120,1,0,@@@G_DIAZ@@@)','',2,'2013-07-10'),(37159,'INSERT INTO gne_vale_ferreteria_mov (vfe_id,pro_codigo_plu,vfm_cantidad,vfm_unitario,vfm_total,vfm_entregado) VALUES (4992,78017154,1,120,120,@@@NO@@@)','',2,'2013-07-10'),(37160,'INSERT INTO gne_vale_ferreteria (vfe_id,vfe_fecha,vfe_total,vfe_estado,vfe_entregado,usu_nusuario) VALUES (4993,@@@2013.07.10@@@,540,1,0,@@@G_DIAZ@@@)','',2,'2013-07-10'),(37161,'INSERT INTO gne_vale_ferreteria_mov (vfe_id,pro_codigo_plu,vfm_cantidad,vfm_unitario,vfm_total,vfm_entregado) VALUES (4993,19916,1,540,540,@@@NO@@@)','',2,'2013-07-10'),(37162,'INSERT INTO mae_clientes (cli_id,cli_rut,cli_nombre,cli_direccion,cli_sucursal,cli_ciudad,cli_nombre_contacto,cli_cargo,cli_telefono,cli_fax,cli_celular,cli_mail,tcp_id,cli_fecha_nacimiento,cli_activo,cli_limite_credito,cli_giro,cli_sobrecargo,cli_credito_ilimitado,cli_descuento_venta,cli_comuna) VALUES (@@@15@@@,@@@17686828-7@@@,@@@JASMIN PEREZ PARRA @@@,@@@SANTOS MEDEL 318 POBLACION LAUTARO@@@,@@@@@@,@@@NACIMIENTO@@@,@@@@@@,@@@CAJERA@@@,@@@@@@,@@@@@@,@@@94739354@@@,@@@@@@,@@@4@@@,@@@1991.01.28@@@,@@@1@@@,@@@20000@@@,@@@@@@,0,0,0,@@@NACIMIENTO@@@)','',2,'2013-07-10'),(37163,'INSERT INTO gne_vale_ferreteria (vfe_id,vfe_fecha,vfe_total,vfe_estado,vfe_entregado,usu_nusuario) VALUES (4994,@@@2013.07.10@@@,720,1,0,@@@G_DIAZ@@@)','',2,'2013-07-10'),(37164,'INSERT INTO gne_vale_ferreteria_mov (vfe_id,pro_codigo_plu,vfm_cantidad,vfm_unitario,vfm_total,vfm_entregado) VALUES (4994,8829,1,720,720,@@@NO@@@)','',2,'2013-07-10'),(37165,'INSERT INTO gne_vale_ferreteria (vfe_id,vfe_fecha,vfe_total,vfe_estado,vfe_entregado,usu_nusuario) VALUES (4995,@@@2013.07.10@@@,200,1,0,@@@G_DIAZ@@@)','',2,'2013-07-10'),(37166,'INSERT INTO gne_vale_ferreteria_mov (vfe_id,pro_codigo_plu,vfm_cantidad,vfm_unitario,vfm_total,vfm_entregado) VALUES (4995,4077,1,200,200,@@@NO@@@)','',2,'2013-07-10'),(37167,'INSERT INTO gne_vale_ferreteria (vfe_id,vfe_fecha,vfe_total,vfe_estado,vfe_entregado,usu_nusuario) VALUES (4996,@@@2013.07.10@@@,5600,1,0,@@@G_DIAZ@@@)','',2,'2013-07-10'),(37168,'INSERT INTO gne_vale_ferreteria_mov (vfe_id,pro_codigo_plu,vfm_cantidad,vfm_unitario,vfm_total,vfm_entregado) VALUES (4996,19865,1,590,590,@@@NO@@@)','',2,'2013-07-10'),(37169,'INSERT INTO gne_vale_ferreteria_mov (vfe_id,pro_codigo_plu,vfm_cantidad,vfm_unitario,vfm_total,vfm_entregado) VALUES (4996,11670,1,840,840,@@@NO@@@)','',2,'2013-07-10'),(37170,'INSERT INTO gne_vale_ferreteria_mov (vfe_id,pro_codigo_plu,vfm_cantidad,vfm_unitario,vfm_total,vfm_entregado) VALUES (4996,763653,1,1490,1490,@@@NO@@@)','',2,'2013-07-10'),(37171,'INSERT INTO gne_vale_ferreteria_mov (vfe_id,pro_codigo_plu,vfm_cantidad,vfm_unitario,vfm_total,vfm_entregado) VALUES (4996,761316,1,2490,2490,@@@NO@@@)','',2,'2013-07-10'),(37172,'INSERT INTO gne_vale_ferreteria_mov (vfe_id,pro_codigo_plu,vfm_cantidad,vfm_unitario,vfm_total,vfm_entregado) VALUES (4996,1537,1,190,190,@@@NO@@@)','',2,'2013-07-10'),(37173,'INSERT INTO gne_vale_ferreteria (vfe_id,vfe_fecha,vfe_total,vfe_estado,vfe_entregado,usu_nusuario) VALUES (4997,@@@2013.07.10@@@,720,1,0,@@@G_DIAZ@@@)','',2,'2013-07-10'),(37174,'INSERT INTO gne_vale_ferreteria_mov (vfe_id,pro_codigo_plu,vfm_cantidad,vfm_unitario,vfm_total,vfm_entregado) VALUES (4997,8829,1,720,720,@@@NO@@@)','',2,'2013-07-10'),(37175,'INSERT INTO gne_vale_ferreteria (vfe_id,vfe_fecha,vfe_total,vfe_estado,vfe_entregado,usu_nusuario) VALUES (4998,@@@2013.07.10@@@,390,1,0,@@@G_DIAZ@@@)','',2,'2013-07-10'),(37176,'INSERT INTO gne_vale_ferreteria_mov (vfe_id,pro_codigo_plu,vfm_cantidad,vfm_unitario,vfm_total,vfm_entregado) VALUES (4998,4125,1,390,390,@@@NO@@@)','',2,'2013-07-10'),(37177,'INSERT INTO gne_vale_ferreteria (vfe_id,vfe_fecha,vfe_total,vfe_estado,vfe_entregado,usu_nusuario) VALUES (4999,@@@2013.07.10@@@,200,1,0,@@@G_DIAZ@@@)','',2,'2013-07-10'),(37178,'INSERT INTO gne_vale_ferreteria_mov (vfe_id,pro_codigo_plu,vfm_cantidad,vfm_unitario,vfm_total,vfm_entregado) VALUES (4999,78017238,1,200,200,@@@NO@@@)','',2,'2013-07-10'),(37179,'INSERT INTO gne_vale_ferreteria (vfe_id,vfe_fecha,vfe_total,vfe_estado,vfe_entregado,usu_nusuario) VALUES (5000,@@@2013.07.10@@@,40,1,0,@@@G_DIAZ@@@)','',2,'2013-07-10'),(37180,'INSERT INTO gne_vale_ferreteria_mov (vfe_id,pro_codigo_plu,vfm_cantidad,vfm_unitario,vfm_total,vfm_entregado) VALUES (5000,78017191,1,40,40,@@@NO@@@)','',2,'2013-07-10'),(37181,'INSERT INTO gne_vale_ferreteria (vfe_id,vfe_fecha,vfe_total,vfe_estado,vfe_entregado,usu_nusuario) VALUES (5001,@@@2013.07.10@@@,1060,1,0,@@@G_DIAZ@@@)','',2,'2013-07-10'),(37182,'INSERT INTO gne_vale_ferreteria_mov (vfe_id,pro_codigo_plu,vfm_cantidad,vfm_unitario,vfm_total,vfm_entregado) VALUES (5001,15955,2,530,1060,@@@NO@@@)','',2,'2013-07-10'),(37183,'INSERT INTO gne_vale_ferreteria (vfe_id,vfe_fecha,vfe_total,vfe_estado,vfe_entregado,usu_nusuario) VALUES (5002,@@@2013.07.10@@@,1390,1,0,@@@G_DIAZ@@@)','',2,'2013-07-10'),(37184,'INSERT INTO gne_vale_ferreteria_mov (vfe_id,pro_codigo_plu,vfm_cantidad,vfm_unitario,vfm_total,vfm_entregado) VALUES (5002,764372,1,1390,1390,@@@NO@@@)','',2,'2013-07-10'),(37185,'INSERT INTO gne_vale_ferreteria (vfe_id,vfe_fecha,vfe_total,vfe_estado,vfe_entregado,usu_nusuario) VALUES (5003,@@@2013.07.10@@@,290,1,0,@@@G_DIAZ@@@)','',2,'2013-07-10'),(37186,'INSERT INTO gne_vale_ferreteria_mov (vfe_id,pro_codigo_plu,vfm_cantidad,vfm_unitario,vfm_total,vfm_entregado) VALUES (5003,1536,1,290,290,@@@NO@@@)','',2,'2013-07-10'),(37187,'UPDATE mae_productos SET pro_precio_venta=2990,pro_margen_actual=24.07, pro_precio_compra_bruto=2410, pro_precio_compra_neto=2025.21008403361 WHERE pro_codigo_plu=18048','',2,'2013-07-10'),(37188,'UPDATE mae_productos SET pro_precio_venta=3990,pro_margen_actual=17.01, pro_precio_compra_bruto=3410, pro_precio_compra_neto=2865.5462184874 WHERE pro_codigo_plu=10808','',2,'2013-07-10'),(37189,'UPDATE mae_productos SET pro_codigo_barra=@@@7804300000356@@@,pro_tipo=@@@0@@@,pro_nombre_producto=@@@VINO SANTA HELENA TETRA TINTO 1 LT@@@,pro_nombre_corto=@@@VINO SANTA HELEN@@@,med_id=@@@3@@@,emb_id=@@@4@@@,pro_unidades_embalaje=@@@12@@@,dep_id=@@@6 @@@,lin_id=@@@60@@@,mar_id=@@@1819@@@,pro_precio_compra_neto=@@@0@@@,pro_precio_compra_bruto=@@@904.45@@@,pro_precio_venta=@@@1290@@@,pro_margen_actual=@@@42.63@@@,pro_oferta=@@@NO@@@,pro_fecha_inicio_oferta=@@@1900.01.01@@@,pro_fecha_termino_oferta=@@@1900.01.01@@@,pro_precio_oferta=@@@0@@@,pro_stock_minimo=@@@12@@@,pro_stock_critico=@@@6@@@,pro_activo=@@@1@@@,pro_unidad=@@@0@@@,pro_precio_compra_bruto=904.45,pro_margen_actual=42.63,pro_capacidad=1,pro_funcion_plu=0,pro_flejes=1,pro_iva=1,pro_plu_asociado=0,pro_envase=@@@NO@@@,pro_duracion=0,pro_numero_etiqueta=0 WHERE pro_codigo_plu=@@@17829@@@','',2,'2013-07-10'),(37190,'UPDATE mae_productos SET pro_estado=1 WHERE pro_codigo_plu=17829','',2,'2013-07-10'),(37191,'DELETE FROM mae_impuestos_productos WHERE pro_codigo_plu=@@@17829@@@','',2,'2013-07-10'),(37192,'UPDATE mae_productos SET pro_codigo_barra=@@@7804300123918@@@,pro_tipo=@@@0@@@,pro_nombre_producto=@@@VINO SANTA HELENA TINTO TETRA 2 LT@@@,pro_nombre_corto=@@@VINO SANTA HELEN@@@,med_id=@@@3@@@,emb_id=@@@4@@@,pro_unidades_embalaje=@@@8@@@,dep_id=@@@6 @@@,lin_id=@@@60@@@,mar_id=@@@1819@@@,pro_precio_compra_neto=@@@0@@@,pro_precio_compra_bruto=@@@1624.31@@@,pro_precio_venta=@@@2290@@@,pro_margen_actual=@@@40.98@@@,pro_oferta=@@@NO@@@,pro_fecha_inicio_oferta=@@@1900.01.01@@@,pro_fecha_termino_oferta=@@@1900.01.01@@@,pro_precio_oferta=@@@0@@@,pro_stock_minimo=@@@12@@@,pro_stock_critico=@@@6@@@,pro_activo=@@@1@@@,pro_unidad=@@@0@@@,pro_precio_compra_bruto=1624.31,pro_margen_actual=40.98,pro_capacidad=2,pro_funcion_plu=0,pro_flejes=1,pro_iva=1,pro_plu_asociado=0,pro_envase=@@@NO@@@,pro_duracion=0,pro_numero_etiqueta=0 WHERE pro_codigo_plu=@@@17812@@@','',2,'2013-07-10'),(37193,'UPDATE mae_productos SET pro_estado=1 WHERE pro_codigo_plu=17812','',2,'2013-07-10'),(37194,'DELETE FROM mae_impuestos_productos WHERE pro_codigo_plu=@@@17812@@@','',2,'2013-07-10'),(37195,'UPDATE mae_productos SET pro_codigo_barra=@@@7804300122089@@@,pro_tipo=@@@0@@@,pro_nombre_producto=@@@VINO TINTO SANTA HELENA 1/2 LITRO@@@,pro_nombre_corto=@@@VINO TINTO SANTA@@@,med_id=@@@6@@@,emb_id=@@@6@@@,pro_unidades_embalaje=@@@24@@@,dep_id=@@@6 @@@,lin_id=@@@60@@@,mar_id=@@@1819@@@,pro_precio_compra_neto=@@@0@@@,pro_precio_compra_bruto=@@@533@@@,pro_precio_venta=@@@699@@@,pro_margen_actual=@@@31.14@@@,pro_oferta=@@@NO@@@,pro_fecha_inicio_oferta=@@@2013.04.27@@@,pro_fecha_termino_oferta=@@@2013.04.27@@@,pro_precio_oferta=@@@0@@@,pro_stock_minimo=@@@12@@@,pro_stock_critico=@@@6@@@,pro_activo=@@@1@@@,pro_unidad=@@@0@@@,pro_precio_compra_bruto=533,pro_margen_actual=31.14,pro_capacidad=500,pro_funcion_plu=0,pro_flejes=1,pro_iva=1,pro_plu_asociado=0,pro_envase=@@@NO@@@,pro_duracion=0,pro_numero_etiqueta=0 WHERE pro_codigo_plu=@@@763502@@@','',2,'2013-07-10'),(37196,'UPDATE mae_productos SET pro_estado=1 WHERE pro_codigo_plu=763502','',2,'2013-07-10'),(37197,'DELETE FROM mae_impuestos_productos WHERE pro_codigo_plu=@@@763502@@@','',2,'2013-07-10'),(37198,'UPDATE mae_productos SET pro_codigo_barra=@@@7804300122362@@@,pro_tipo=@@@0@@@,pro_nombre_producto=@@@VINO SANTA HELENA BCO TET 1.5 LT@@@,pro_nombre_corto=@@@VINO S. HELENA B@@@,med_id=@@@6@@@,emb_id=@@@4@@@,pro_unidades_embalaje=@@@8@@@,dep_id=@@@6 @@@,lin_id=@@@60@@@,mar_id=@@@1819@@@,pro_precio_compra_neto=@@@0@@@,pro_precio_compra_bruto=@@@1279@@@,pro_precio_venta=@@@1790@@@,pro_margen_actual=@@@39.95@@@,pro_oferta=@@@NO@@@,pro_fecha_inicio_oferta=@@@1900.01.01@@@,pro_fecha_termino_oferta=@@@1900.01.01@@@,pro_precio_oferta=@@@0@@@,pro_stock_minimo=@@@8@@@,pro_stock_critico=@@@4@@@,pro_activo=@@@1@@@,pro_unidad=@@@0@@@,pro_precio_compra_bruto=1279,pro_margen_actual=39.95,pro_capacidad=1.5,pro_funcion_plu=0,pro_flejes=1,pro_iva=1,pro_plu_asociado=0,pro_envase=@@@NO@@@,pro_duracion=0,pro_numero_etiqueta=0 WHERE pro_codigo_plu=@@@17930@@@','',2,'2013-07-10'),(37199,'UPDATE mae_productos SET pro_estado=1 WHERE pro_codigo_plu=17930','',2,'2013-07-10'),(37200,'DELETE FROM mae_impuestos_productos WHERE pro_codigo_plu=@@@17930@@@','',2,'2013-07-10'),(37201,'UPDATE mae_productos SET pro_codigo_barra=@@@7804300123925@@@,pro_tipo=@@@0@@@,pro_nombre_producto=@@@VINO SANTA HELENA BLANCO 2 LT@@@,pro_nombre_corto=@@@VINO SANTA HELEN@@@,med_id=@@@3@@@,emb_id=@@@4@@@,pro_unidades_embalaje=@@@8@@@,dep_id=@@@6 @@@,lin_id=@@@60@@@,mar_id=@@@1819@@@,pro_precio_compra_neto=@@@0@@@,pro_precio_compra_bruto=@@@0@@@,pro_precio_venta=@@@2190@@@,pro_margen_actual=@@@0@@@,pro_oferta=@@@NO@@@,pro_fecha_inicio_oferta=@@@1900.01.01@@@,pro_fecha_termino_oferta=@@@1900.01.01@@@,pro_precio_oferta=@@@0@@@,pro_stock_minimo=@@@8@@@,pro_stock_critico=@@@4@@@,pro_activo=@@@1@@@,pro_unidad=@@@0@@@,pro_precio_compra_bruto=0,pro_margen_actual=0,pro_capacidad=2,pro_funcion_plu=0,pro_flejes=1,pro_iva=1,pro_plu_asociado=0,pro_envase=@@@NO@@@,pro_duracion=0,pro_numero_etiqueta=0 WHERE pro_codigo_plu=@@@17809@@@','',2,'2013-07-10'),(37202,'UPDATE mae_productos SET pro_estado=1 WHERE pro_codigo_plu=17809','',2,'2013-07-10'),(37203,'DELETE FROM mae_impuestos_productos WHERE pro_codigo_plu=@@@17809@@@','',2,'2013-07-10'),(37204,'UPDATE mae_productos SET pro_codigo_barra=@@@7804300000363@@@,pro_tipo=@@@0@@@,pro_nombre_producto=@@@VINO SANTA HELENA BLANCO 1 LT@@@,pro_nombre_corto=@@@VINO SANTA HELEN@@@,med_id=@@@3@@@,emb_id=@@@4@@@,pro_unidades_embalaje=@@@12@@@,dep_id=@@@6 @@@,lin_id=@@@60@@@,mar_id=@@@1819@@@,pro_precio_compra_neto=@@@0@@@,pro_precio_compra_bruto=@@@904.45@@@,pro_precio_venta=@@@1290@@@,pro_margen_actual=@@@42.63@@@,pro_oferta=@@@NO@@@,pro_fecha_inicio_oferta=@@@1900.01.01@@@,pro_fecha_termino_oferta=@@@1900.01.01@@@,pro_precio_oferta=@@@0@@@,pro_stock_minimo=@@@12@@@,pro_stock_critico=@@@6@@@,pro_activo=@@@1@@@,pro_unidad=@@@0@@@,pro_precio_compra_bruto=904.45,pro_margen_actual=42.63,pro_capacidad=1,pro_funcion_plu=0,pro_flejes=1,pro_iva=1,pro_plu_asociado=0,pro_envase=@@@NO@@@,pro_duracion=0,pro_numero_etiqueta=0 WHERE pro_codigo_plu=@@@17831@@@','',2,'2013-07-10'),(37205,'UPDATE mae_productos SET pro_estado=1 WHERE pro_codigo_plu=17831','',2,'2013-07-10'),(37206,'DELETE FROM mae_impuestos_productos WHERE pro_codigo_plu=@@@17831@@@','',2,'2013-07-10'),(37207,'UPDATE mae_productos SET pro_codigo_barra=@@@7804300122096@@@,pro_tipo=@@@0@@@,pro_nombre_producto=@@@VINO SANTA HELENA BLANCO 1/2 LITRO@@@,pro_nombre_corto=@@@VINO BLANCO SANT@@@,med_id=@@@6@@@,emb_id=@@@3@@@,pro_unidades_embalaje=@@@24@@@,dep_id=@@@6 @@@,lin_id=@@@60@@@,mar_id=@@@1819@@@,pro_precio_compra_neto=@@@0@@@,pro_precio_compra_bruto=@@@533@@@,pro_precio_venta=@@@790@@@,pro_margen_actual=@@@48.22@@@,pro_oferta=@@@NO@@@,pro_fecha_inicio_oferta=@@@2013.06.08@@@,pro_fecha_termino_oferta=@@@2013.06.08@@@,pro_precio_oferta=@@@0@@@,pro_stock_minimo=@@@12@@@,pro_stock_critico=@@@6@@@,pro_activo=@@@1@@@,pro_unidad=@@@0@@@,pro_precio_compra_bruto=533,pro_margen_actual=48.22,pro_capacidad=500,pro_funcion_plu=0,pro_flejes=1,pro_iva=1,pro_plu_asociado=0,pro_envase=@@@NO@@@,pro_duracion=0,pro_numero_etiqueta=0 WHERE pro_codigo_plu=@@@780721059@@@','',2,'2013-07-10'),(37208,'UPDATE mae_productos SET pro_estado=1 WHERE pro_codigo_plu=780721059','',2,'2013-07-10'),(37209,'DELETE FROM mae_impuestos_productos WHERE pro_codigo_plu=@@@780721059@@@','',2,'2013-07-10'),(37210,'UPDATE mae_productos SET pro_precio_venta=2190,pro_margen_actual=34.83, pro_precio_compra_bruto=1624.31, pro_precio_compra_neto=1364.96638655462 WHERE pro_codigo_plu=17812','',2,'2013-07-10'),(37211,'UPDATE mae_productos SET pro_precio_venta=699,pro_margen_actual=31.14, pro_precio_compra_bruto=533, pro_precio_compra_neto=447.899159663866 WHERE pro_codigo_plu=780721059','',2,'2013-07-10'),(37212,'UPDATE mae_productos SET pro_precio_compra_bruto=2410,pro_margen_actual=(pro_precio_venta-2410)/2410 * 100,pro_ultima_compra=@@@2013.07.10@@@,pro_ultimo_proveedor=@@@99554560-8@@@ WHERE pro_codigo_plu=18048','',2,'2013-07-10'),(37213,'UPDATE mae_productos SET pro_precio_compra_bruto=3410,pro_margen_actual=(pro_precio_venta-3410)/3410 * 100,pro_ultima_compra=@@@2013.07.10@@@,pro_ultimo_proveedor=@@@99554560-8@@@ WHERE pro_codigo_plu=10808','',2,'2013-07-10'),(37214,'UPDATE mae_productos SET pro_precio_compra_bruto=3192,pro_margen_actual=(pro_precio_venta-3192)/3192 * 100,pro_ultima_compra=@@@2013.07.10@@@,pro_ultimo_proveedor=@@@99554560-8@@@ WHERE pro_codigo_plu=761875','',2,'2013-07-10'),(37215,'UPDATE mae_productos SET pro_precio_compra_bruto=3192,pro_margen_actual=(pro_precio_venta-3192)/3192 * 100,pro_ultima_compra=@@@2013.07.10@@@,pro_ultimo_proveedor=@@@99554560-8@@@ WHERE pro_codigo_plu=18039','',2,'2013-07-10'),(37216,'INSERT INTO gne_vale_ferreteria (vfe_id,vfe_fecha,vfe_total,vfe_estado,vfe_entregado,usu_nusuario) VALUES (5004,@@@2013.07.10@@@,490,1,0,@@@G_DIAZ@@@)','',2,'2013-07-10'),(37217,'INSERT INTO gne_vale_ferreteria_mov (vfe_id,pro_codigo_plu,vfm_cantidad,vfm_unitario,vfm_total,vfm_entregado) VALUES (5004,1552,1,490,490,@@@NO@@@)','',2,'2013-07-10'),(37218,'UPDATE mae_productos SET pro_precio_compra_bruto=904.45,pro_margen_actual=(pro_precio_venta-904.45)/904.45 * 100,pro_ultima_compra=@@@2013.07.10@@@,pro_ultimo_proveedor=@@@99554560-8@@@ WHERE pro_codigo_plu=17829','',2,'2013-07-10'),(37219,'UPDATE mae_productos SET pro_precio_compra_bruto=533,pro_margen_actual=(pro_precio_venta-533)/533 * 100,pro_ultima_compra=@@@2013.07.10@@@,pro_ultimo_proveedor=@@@99554560-8@@@ WHERE pro_codigo_plu=763502','',2,'2013-07-10'),(37220,'UPDATE mae_productos SET pro_precio_compra_bruto=1279,pro_margen_actual=(pro_precio_venta-1279)/1279 * 100,pro_ultima_compra=@@@2013.07.10@@@,pro_ultimo_proveedor=@@@99554560-8@@@ WHERE pro_codigo_plu=17930','',2,'2013-07-10'),(37221,'UPDATE mae_productos SET pro_precio_compra_bruto=1624.31,pro_margen_actual=(pro_precio_venta-1624.31)/1624.31 * 100,pro_ultima_compra=@@@2013.07.10@@@,pro_ultimo_proveedor=@@@99554560-8@@@ WHERE pro_codigo_plu=17809','',2,'2013-07-10'),(37222,'UPDATE mae_productos SET pro_precio_compra_bruto=904.45,pro_margen_actual=(pro_precio_venta-904.45)/904.45 * 100,pro_ultima_compra=@@@2013.07.10@@@,pro_ultimo_proveedor=@@@99554560-8@@@ WHERE pro_codigo_plu=17831','',2,'2013-07-10'),(37223,'UPDATE mae_productos SET pro_precio_compra_bruto=1624.31,pro_margen_actual=(pro_precio_venta-1624.31)/1624.31 * 100,pro_ultima_compra=@@@2013.07.10@@@,pro_ultimo_proveedor=@@@99554560-8@@@ WHERE pro_codigo_plu=17812','',2,'2013-07-10'),(37224,'UPDATE mae_productos SET pro_precio_compra_bruto=533,pro_margen_actual=(pro_precio_venta-533)/533 * 100,pro_ultima_compra=@@@2013.07.10@@@,pro_ultimo_proveedor=@@@99554560-8@@@ WHERE pro_codigo_plu=780721059','',2,'2013-07-10'),(37225,'UPDATE mae_productos SET pro_precio_compra_bruto=1279,pro_margen_actual=(pro_precio_venta-1279)/1279 * 100,pro_ultima_compra=@@@2013.07.10@@@,pro_ultimo_proveedor=@@@99554560-8@@@ WHERE pro_codigo_plu=780220133','',2,'2013-07-10'),(37226,'INSERT INTO gne_vale_ferreteria (vfe_id,vfe_fecha,vfe_total,vfe_estado,vfe_entregado,usu_nusuario) VALUES (5005,@@@2013.07.10@@@,600,1,0,@@@G_DIAZ@@@)','',2,'2013-07-10'),(37227,'INSERT INTO gne_vale_ferreteria_mov (vfe_id,pro_codigo_plu,vfm_cantidad,vfm_unitario,vfm_total,vfm_entregado) VALUES (5005,8022,5,120,600,@@@NO@@@)','',2,'2013-07-10'),(37228,'UPDATE mae_productos SET pro_precio_compra_bruto=5834.49,pro_margen_actual=(pro_precio_venta-5834.49)/5834.49 * 100,pro_ultima_compra=@@@2013.07.10@@@,pro_ultimo_proveedor=@@@99554560-8@@@ WHERE pro_codigo_plu=17678','',2,'2013-07-10'),(37229,'UPDATE mae_productos SET pro_precio_venta=3999,pro_margen_actual=29.69, pro_precio_compra_bruto=3083.62, pro_precio_compra_neto=2591.27731092437 WHERE pro_codigo_plu=17641','',2,'2013-07-10'),(37230,'INSERT INTO gne_vale_ferreteria (vfe_id,vfe_fecha,vfe_total,vfe_estado,vfe_entregado,usu_nusuario) VALUES (5006,@@@2013.07.10@@@,950,1,0,@@@G_DIAZ@@@)','',2,'2013-07-10'),(37231,'INSERT INTO gne_vale_ferreteria_mov (vfe_id,pro_codigo_plu,vfm_cantidad,vfm_unitario,vfm_total,vfm_entregado) VALUES (5006,4088,5,150,750,@@@NO@@@)','',2,'2013-07-10'),(37232,'INSERT INTO gne_vale_ferreteria_mov (vfe_id,pro_codigo_plu,vfm_cantidad,vfm_unitario,vfm_total,vfm_entregado) VALUES (5006,7051,2,100,200,@@@NO@@@)','',2,'2013-07-10'),(37233,'INSERT INTO gne_vale_ferreteria (vfe_id,vfe_fecha,vfe_total,vfe_estado,vfe_entregado,usu_nusuario) VALUES (5007,@@@2013.07.10@@@,480,1,0,@@@G_DIAZ@@@)','',2,'2013-07-10'),(37234,'INSERT INTO gne_vale_ferreteria_mov (vfe_id,pro_codigo_plu,vfm_cantidad,vfm_unitario,vfm_total,vfm_entregado) VALUES (5007,8022,4,120,480,@@@NO@@@)','',2,'2013-07-10'),(37235,'UPDATE mae_productos SET pro_precio_compra_bruto=3083.62,pro_margen_actual=(pro_precio_venta-3083.62)/3083.62 * 100,pro_ultima_compra=@@@2013.07.10@@@,pro_ultimo_proveedor=@@@99554560-8@@@ WHERE pro_codigo_plu=17641','',2,'2013-07-10'),(37236,'INSERT INTO gne_vale_ferreteria (vfe_id,vfe_fecha,vfe_total,vfe_estado,vfe_entregado,usu_nusuario) VALUES (5008,@@@2013.07.10@@@,90,1,0,@@@G_DIAZ@@@)','',2,'2013-07-10'),(37237,'INSERT INTO gne_vale_ferreteria_mov (vfe_id,pro_codigo_plu,vfm_cantidad,vfm_unitario,vfm_total,vfm_entregado) VALUES (5008,770033,1,40,40,@@@NO@@@)','',2,'2013-07-10'),(37238,'INSERT INTO gne_vale_ferreteria_mov (vfe_id,pro_codigo_plu,vfm_cantidad,vfm_unitario,vfm_total,vfm_entregado) VALUES (5008,770032,1,50,50,@@@NO@@@)','',2,'2013-07-10'),(37239,'INSERT INTO gne_vale_ferreteria (vfe_id,vfe_fecha,vfe_total,vfe_estado,vfe_entregado,usu_nusuario) VALUES (5009,@@@2013.07.10@@@,200,1,0,@@@G_DIAZ@@@)','',2,'2013-07-10'),(37240,'INSERT INTO gne_vale_ferreteria_mov (vfe_id,pro_codigo_plu,vfm_cantidad,vfm_unitario,vfm_total,vfm_entregado) VALUES (5009,4077,1,200,200,@@@NO@@@)','',2,'2013-07-10'),(37241,'INSERT INTO gne_vale_ferreteria (vfe_id,vfe_fecha,vfe_total,vfe_estado,vfe_entregado,usu_nusuario) VALUES (5010,@@@2013.07.10@@@,5260,1,0,@@@G_DIAZ@@@)','',2,'2013-07-10'),(37242,'INSERT INTO gne_vale_ferreteria_mov (vfe_id,pro_codigo_plu,vfm_cantidad,vfm_unitario,vfm_total,vfm_entregado) VALUES (5010,763900,1,2100,2100,@@@NO@@@)','',2,'2013-07-10'),(37243,'INSERT INTO gne_vale_ferreteria_mov (vfe_id,pro_codigo_plu,vfm_cantidad,vfm_unitario,vfm_total,vfm_entregado) VALUES (5010,101454,4,790,3160,@@@NO@@@)','',2,'2013-07-10'),(37244,'INSERT INTO gne_vale_ferreteria (vfe_id,vfe_fecha,vfe_total,vfe_estado,vfe_entregado,usu_nusuario) VALUES (5011,@@@2013.07.10@@@,3160,1,0,@@@G_DIAZ@@@)','',2,'2013-07-10'),(37245,'INSERT INTO gne_vale_ferreteria_mov (vfe_id,pro_codigo_plu,vfm_cantidad,vfm_unitario,vfm_total,vfm_entregado) VALUES (5011,101454,4,790,3160,@@@NO@@@)','',2,'2013-07-10'),(37246,'INSERT INTO gne_vale_ferreteria (vfe_id,vfe_fecha,vfe_total,vfe_estado,vfe_entregado,usu_nusuario) VALUES (5012,@@@2013.07.10@@@,750,1,0,@@@G_DIAZ@@@)','',2,'2013-07-10'),(37247,'INSERT INTO gne_vale_ferreteria_mov (vfe_id,pro_codigo_plu,vfm_cantidad,vfm_unitario,vfm_total,vfm_entregado) VALUES (5012,4088,5,150,750,@@@NO@@@)','',2,'2013-07-10'),(37248,'INSERT INTO gne_vale_ferreteria (vfe_id,vfe_fecha,vfe_total,vfe_estado,vfe_entregado,usu_nusuario) VALUES (5013,@@@2013.07.10@@@,2269,1,0,@@@G_DIAZ@@@)','',2,'2013-07-10'),(37249,'INSERT INTO gne_vale_ferreteria_mov (vfe_id,pro_codigo_plu,vfm_cantidad,vfm_unitario,vfm_total,vfm_entregado) VALUES (5013,763622,1,1399,1399,@@@NO@@@)','',2,'2013-07-10'),(37250,'INSERT INTO gne_vale_ferreteria_mov (vfe_id,pro_codigo_plu,vfm_cantidad,vfm_unitario,vfm_total,vfm_entregado) VALUES (5013,3103,3,290,870,@@@NO@@@)','',2,'2013-07-10'),(37251,'INSERT INTO gne_vale_ferreteria (vfe_id,vfe_fecha,vfe_total,vfe_estado,vfe_entregado,usu_nusuario) VALUES (5014,@@@2013.07.10@@@,320,1,0,@@@G_DIAZ@@@)','',2,'2013-07-10'),(37252,'INSERT INTO gne_vale_ferreteria_mov (vfe_id,pro_codigo_plu,vfm_cantidad,vfm_unitario,vfm_total,vfm_entregado) VALUES (5014,78017204,1,120,120,@@@NO@@@)','',2,'2013-07-10'),(37253,'INSERT INTO gne_vale_ferreteria_mov (vfe_id,pro_codigo_plu,vfm_cantidad,vfm_unitario,vfm_total,vfm_entregado) VALUES (5014,1040,1,200,200,@@@NO@@@)','',2,'2013-07-10'),(37254,'UPDATE mae_productos SET pro_precio_venta=550,pro_margen_actual=34.9, pro_precio_compra_bruto=407.7, pro_precio_compra_neto=342.605042016807 WHERE pro_codigo_plu=13097','',2,'2013-07-10'),(37255,'UPDATE mae_productos SET pro_precio_fiscal=pro_precio_venta WHERE pro_codigo_plu=13097','',2,'2013-07-10'),(37256,'UPDATE mae_productos SET pro_precio_fiscal=pro_precio_venta WHERE pro_codigo_plu=10808','',2,'2013-07-10'),(37257,'UPDATE mae_productos SET pro_precio_fiscal=pro_precio_venta WHERE pro_codigo_plu=18048','',2,'2013-07-10'),(37258,'UPDATE mae_productos SET pro_precio_fiscal=pro_precio_venta WHERE pro_codigo_plu=763502','',2,'2013-07-10'),(37259,'UPDATE mae_productos SET pro_precio_fiscal=pro_precio_venta WHERE pro_codigo_plu=780721059','',2,'2013-07-10'),(37260,'UPDATE mae_productos SET pro_precio_fiscal=pro_precio_venta WHERE pro_codigo_plu=17812','',2,'2013-07-10'),(37261,'UPDATE gpr_pack_virtual SET pav_nombre=@@@PISCO MISTRAL 35° + BEBIDA 1.5 + HIELO@@@,pav_total_pack=1000,pav_total_descuento=0,pav_desde=@@@2013-05-28@@@,pav_hasta=@@@2013-07-28@@@,pav_tipo=@@@PR@@@,pav_precio=0,pav_lleva=0,pav_paga=0,pav_descuento=0,pav_porcentaje=0,pav_oferta_exclusiva=@@@NO@@@,pav_agotar_stock=@@@SI@@@,pav_stock=50,pav_costo=800,pav_margen=25 WHERE pav_id=12','',2,'2013-07-10'),(37262,'DELETE FROM gpr_pack_virtual_mov WHERE pav_id=12','',2,'2013-07-10'),(37263,'DELETE FROM gpr_pack_virtual_horario WHERE pav_id=12','',2,'2013-07-10'),(37264,'INSERT INTO gpr_pack_virtual_mov (pav_id,pro_codigo_plu,pvm_precio,pvm_total,pvm_lleva,pvm_paga,pvm_descuento,pvm_porcentaje,pvm_total_normal,pvm_descuento_linea,pvm_costo,pvm_margen) VALUES (12,17167,1000,1000,1,1,0,310,1000,0,800,25)','',2,'2013-07-10'),(37265,'INSERT INTO gpr_pack_virtual_horario (pav_id,pvh_dia,pvh_hora_desde,pvh_hora_hasta) VALUES (12,99,@@@00:00@@@,@@@23:59@@@)','',2,'2013-07-10'),(37266,'UPDATE mae_productos SET pro_precio_fiscal=pro_precio_venta WHERE pro_codigo_plu=17641','',2,'2013-07-10'),(37267,'INSERT INTO gne_vale_ferreteria (vfe_id,vfe_fecha,vfe_total,vfe_estado,vfe_entregado,usu_nusuario) VALUES (5015,@@@2013.07.10@@@,390,1,0,@@@G_DIAZ@@@)','',2,'2013-07-10'),(37268,'INSERT INTO gne_vale_ferreteria_mov (vfe_id,pro_codigo_plu,vfm_cantidad,vfm_unitario,vfm_total,vfm_entregado) VALUES (5015,780721291,1,390,390,@@@NO@@@)','',2,'2013-07-10'),(37269,'UPDATE mae_productos SET pro_precio_compra_bruto=417.49,pro_margen_actual=(pro_precio_venta-417.49)/417.49 * 100,pro_ultima_compra=@@@2013.07.10@@@,pro_ultimo_proveedor=@@@99554560-8@@@ WHERE pro_codigo_plu=17437','',2,'2013-07-10'),(37270,'UPDATE mae_productos SET pro_precio_compra_bruto=764.8,pro_margen_actual=(pro_precio_venta-764.8)/764.8 * 100,pro_ultima_compra=@@@2013.07.10@@@,pro_ultimo_proveedor=@@@99554560-8@@@ WHERE pro_codigo_plu=17174','',2,'2013-07-10'),(37271,'UPDATE mae_productos SET pro_precio_compra_bruto=764.8,pro_margen_actual=(pro_precio_venta-764.8)/764.8 * 100,pro_ultima_compra=@@@2013.07.10@@@,pro_ultimo_proveedor=@@@99554560-8@@@ WHERE pro_codigo_plu=12082','',2,'2013-07-10'),(37272,'UPDATE mae_productos SET pro_precio_compra_bruto=764.8,pro_margen_actual=(pro_precio_venta-764.8)/764.8 * 100,pro_ultima_compra=@@@2013.07.10@@@,pro_ultimo_proveedor=@@@99554560-8@@@ WHERE pro_codigo_plu=12230','',2,'2013-07-10'),(37273,'UPDATE mae_productos SET pro_precio_compra_bruto=407.7,pro_margen_actual=(pro_precio_venta-407.7)/407.7 * 100,pro_ultima_compra=@@@2013.07.10@@@,pro_ultimo_proveedor=@@@99554560-8@@@ WHERE pro_codigo_plu=13097','',2,'2013-07-10'),(37274,'UPDATE mae_productos SET pro_precio_compra_bruto=708.45,pro_margen_actual=(pro_precio_venta-708.45)/708.45 * 100,pro_ultima_compra=@@@2013.07.10@@@,pro_ultimo_proveedor=@@@99554560-8@@@ WHERE pro_codigo_plu=763367','',2,'2013-07-10'),(37275,'UPDATE mae_productos SET pro_precio_compra_bruto=856.48,pro_margen_actual=(pro_precio_venta-856.48)/856.48 * 100,pro_ultima_compra=@@@2013.07.10@@@,pro_ultimo_proveedor=@@@99554560-8@@@ WHERE pro_codigo_plu=763377','',2,'2013-07-10'),(37276,'UPDATE mae_productos SET pro_precio_compra_bruto=856.48,pro_margen_actual=(pro_precio_venta-856.48)/856.48 * 100,pro_ultima_compra=@@@2013.07.10@@@,pro_ultimo_proveedor=@@@99554560-8@@@ WHERE pro_codigo_plu=763368','',2,'2013-07-10'),(37277,'UPDATE mae_productos SET pro_precio_compra_bruto=856.48,pro_margen_actual=(pro_precio_venta-856.48)/856.48 * 100,pro_ultima_compra=@@@2013.07.10@@@,pro_ultimo_proveedor=@@@99554560-8@@@ WHERE pro_codigo_plu=763366','',2,'2013-07-10'),(37278,'UPDATE mae_productos SET pro_precio_compra_bruto=866.86,pro_margen_actual=(pro_precio_venta-866.86)/866.86 * 100,pro_ultima_compra=@@@2013.07.10@@@,pro_ultimo_proveedor=@@@99554560-8@@@ WHERE pro_codigo_plu=780220167','',2,'2013-07-10'),(37279,'UPDATE mae_productos SET pro_precio_compra_bruto=866.86,pro_margen_actual=(pro_precio_venta-866.86)/866.86 * 100,pro_ultima_compra=@@@2013.07.10@@@,pro_ultimo_proveedor=@@@99554560-8@@@ WHERE pro_codigo_plu=780220165','',2,'2013-07-10'),(37280,'UPDATE mae_productos SET pro_precio_compra_bruto=866.86,pro_margen_actual=(pro_precio_venta-866.86)/866.86 * 100,pro_ultima_compra=@@@2013.07.10@@@,pro_ultimo_proveedor=@@@99554560-8@@@ WHERE pro_codigo_plu=780220166','',2,'2013-07-10'),(37281,'INSERT INTO com_ventas_grupo (vgr_fecha,vgr_grupo,vgr_cantidad,vgr_total) VALUES (@@@2013.07.09@@@,1,195.82,177265)','',2,'2013-07-10'),(37282,'INSERT INTO com_ventas_grupo (vgr_fecha,vgr_grupo,vgr_cantidad,vgr_total) VALUES (@@@2013.07.09@@@,2,159,73406)','',2,'2013-07-10'),(37283,'INSERT INTO com_ventas_grupo (vgr_fecha,vgr_grupo,vgr_cantidad,vgr_total) VALUES (@@@2013.07.09@@@,3,398,80710)','',2,'2013-07-10'),(37284,'INSERT INTO com_ventas_grupo (vgr_fecha,vgr_grupo,vgr_cantidad,vgr_total) VALUES (@@@2013.07.09@@@,4,37,31320)','',2,'2013-07-10'),(37285,'INSERT INTO com_ventas_grupo (vgr_fecha,vgr_grupo,vgr_cantidad,vgr_total) VALUES (@@@2013.07.09@@@,5,5,11950)','',2,'2013-07-10'),(37286,'INSERT INTO com_ventas_grupo (vgr_fecha,vgr_grupo,vgr_cantidad,vgr_total) VALUES (@@@2013.07.09@@@,6,15,30235)','',2,'2013-07-10'),(37287,'INSERT INTO com_ventas_grupo (vgr_fecha,vgr_grupo,vgr_cantidad,vgr_total) VALUES (@@@2013.07.09@@@,7,23,33670)','',2,'2013-07-10'),(37288,'INSERT INTO com_ventas_grupo (vgr_fecha,vgr_grupo,vgr_cantidad,vgr_total) VALUES (@@@2013.07.09@@@,8,25,12100)','',2,'2013-07-10'),(37289,'INSERT INTO com_ventas_grupo (vgr_fecha,vgr_grupo,vgr_cantidad,vgr_total) VALUES (@@@2013.07.09@@@,9,54.665,94249)','',2,'2013-07-10'),(37290,'INSERT INTO com_ventas_grupo (vgr_fecha,vgr_grupo,vgr_cantidad,vgr_total) VALUES (@@@2013.07.09@@@,10,19.22,36092)','',2,'2013-07-10'),(37291,'INSERT INTO com_ventas_grupo (vgr_fecha,vgr_grupo,vgr_cantidad,vgr_total) VALUES (@@@2013.07.09@@@,11,30.57,74715)','',2,'2013-07-10'),(37292,'INSERT INTO com_ventas_grupo (vgr_fecha,vgr_grupo,vgr_cantidad,vgr_total) VALUES (@@@2013.07.09@@@,12,37.625,68870)','',2,'2013-07-10'),(37293,'INSERT INTO com_ventas_grupo (vgr_fecha,vgr_grupo,vgr_cantidad,vgr_total) VALUES (@@@2013.07.09@@@,13,8.685,27855)','',2,'2013-07-10'),(37294,'INSERT INTO com_ventas_grupo (vgr_fecha,vgr_grupo,vgr_cantidad,vgr_total) VALUES (@@@2013.07.09@@@,14,96.89,89719)','',2,'2013-07-10'),(37295,'INSERT INTO com_ventas_grupo (vgr_fecha,vgr_grupo,vgr_cantidad,vgr_total) VALUES (@@@2013.07.09@@@,16,4,680)','',2,'2013-07-10'),(37296,'INSERT INTO com_ventas_grupo (vgr_fecha,vgr_grupo,vgr_cantidad,vgr_total) VALUES (@@@2013.07.09@@@,18,205.715,116041)','',2,'2013-07-10'),(37297,'INSERT INTO com_ventas_grupo (vgr_fecha,vgr_grupo,vgr_cantidad,vgr_total) VALUES (@@@2013.07.09@@@,19,2,1000)','',2,'2013-07-10'),(37298,'INSERT INTO com_ventas_grupo (vgr_fecha,vgr_grupo,vgr_cantidad,vgr_total) VALUES (@@@2013.07.09@@@,20,137.63,35866)','',2,'2013-07-10'),(37299,'INSERT INTO com_ventas_grupo (vgr_fecha,vgr_grupo,vgr_cantidad,vgr_total) VALUES (@@@2013.07.09@@@,21,52,46810)','',2,'2013-07-10'),(37300,'INSERT INTO com_ventas_grupo (vgr_fecha,vgr_grupo,vgr_cantidad,vgr_total) VALUES (@@@2013.07.09@@@,22,1,300)','',2,'2013-07-10'),(37301,'INSERT INTO com_ventas_grupo (vgr_fecha,vgr_grupo,vgr_cantidad,vgr_total) VALUES (@@@2013.07.09@@@,23,2,7680)','',2,'2013-07-10'),(37302,'INSERT INTO com_ventas_grupo (vgr_fecha,vgr_grupo,vgr_cantidad,vgr_total) VALUES (@@@2013.07.09@@@,24,113,22470)','',2,'2013-07-10'),(37303,'INSERT INTO com_ventas_grupo (vgr_fecha,vgr_grupo,vgr_cantidad,vgr_total) VALUES (@@@2013.07.09@@@,25,79,108200)','',2,'2013-07-10'),(37304,'INSERT INTO com_ventas_grupo (vgr_fecha,vgr_grupo,vgr_cantidad,vgr_total) VALUES (@@@2013.07.09@@@,31,13,9440)','',2,'2013-07-10'),(37305,'INSERT INTO com_ventas_grupo (vgr_fecha,vgr_grupo,vgr_cantidad,vgr_total) VALUES (@@@2013.07.09@@@,32,296,98109)','',2,'2013-07-10'),(37306,'INSERT INTO com_ventas_grupo (vgr_fecha,vgr_grupo,vgr_cantidad,vgr_total) VALUES (@@@2013.07.09@@@,34,1,1200)','',2,'2013-07-10'),(37307,'INSERT INTO com_ventas_grupo (vgr_fecha,vgr_grupo,vgr_cantidad,vgr_total) VALUES (@@@2013.07.09@@@,35,17,26255)','',2,'2013-07-10'),(37308,'INSERT INTO com_ventas_grupo (vgr_fecha,vgr_grupo,vgr_cantidad,vgr_total) VALUES (@@@2013.07.09@@@,36,11,2570)','',2,'2013-07-10'),(37309,'INSERT INTO com_ventas_grupo (vgr_fecha,vgr_grupo,vgr_cantidad,vgr_total) VALUES (@@@2013.07.09@@@,37,3,1990)','',2,'2013-07-10'),(37310,'INSERT INTO com_ventas_grupo (vgr_fecha,vgr_grupo,vgr_cantidad,vgr_total) VALUES (@@@2013.07.09@@@,38,6,11940)','',2,'2013-07-10'),(37311,'INSERT INTO com_ventas_grupo (vgr_fecha,vgr_grupo,vgr_cantidad,vgr_total) VALUES (@@@2013.07.09@@@,39,3,2970)','',2,'2013-07-10'),(37312,'INSERT INTO com_ventas_grupo (vgr_fecha,vgr_grupo,vgr_cantidad,vgr_total) VALUES (@@@2013.07.09@@@,40,6869,6869)','',2,'2013-07-10'),(37313,'INSERT INTO com_ventas_grupo (vgr_fecha,vgr_grupo,vgr_cantidad,vgr_total) VALUES (@@@2013.07.09@@@,42,25.065,28269)','',2,'2013-07-10'),(37314,'UPDATE mae_datos_empresa SET emp_oferta=@@@NO@@@','',2,'2013-07-10'),(37315,'INSERT INTO gne_vale_ferreteria (vfe_id,vfe_fecha,vfe_total,vfe_estado,vfe_entregado,usu_nusuario) VALUES (5016,@@@2013.07.10@@@,490,1,0,@@@G_DIAZ@@@)','',2,'2013-07-10'),(37316,'INSERT INTO gne_vale_ferreteria_mov (vfe_id,pro_codigo_plu,vfm_cantidad,vfm_unitario,vfm_total,vfm_entregado) VALUES (5016,770066,1,490,490,@@@NO@@@)','',2,'2013-07-10'),(37317,'INSERT INTO gne_vale_ferreteria (vfe_id,vfe_fecha,vfe_total,vfe_estado,vfe_entregado,usu_nusuario) VALUES (5017,@@@2013.07.10@@@,540,1,0,@@@G_DIAZ@@@)','',2,'2013-07-10'),(37318,'INSERT INTO gne_vale_ferreteria_mov (vfe_id,pro_codigo_plu,vfm_cantidad,vfm_unitario,vfm_total,vfm_entregado) VALUES (5017,19916,1,540,540,@@@NO@@@)','',2,'2013-07-10'),(37319,'INSERT INTO gne_vale_ferreteria (vfe_id,vfe_fecha,vfe_total,vfe_estado,vfe_entregado,usu_nusuario) VALUES (5018,@@@2013.07.10@@@,250,1,0,@@@G_DIAZ@@@)','',2,'2013-07-10'),(37320,'INSERT INTO gne_vale_ferreteria_mov (vfe_id,pro_codigo_plu,vfm_cantidad,vfm_unitario,vfm_total,vfm_entregado) VALUES (5018,780721186,1,250,250,@@@NO@@@)','',2,'2013-07-10'),(37321,'INSERT INTO gne_vale_ferreteria (vfe_id,vfe_fecha,vfe_total,vfe_estado,vfe_entregado,usu_nusuario) VALUES (5019,@@@2013.07.10@@@,150,1,0,@@@G_DIAZ@@@)','',2,'2013-07-10'),(37322,'INSERT INTO gne_vale_ferreteria_mov (vfe_id,pro_codigo_plu,vfm_cantidad,vfm_unitario,vfm_total,vfm_entregado) VALUES (5019,780721187,1,150,150,@@@NO@@@)','',2,'2013-07-10'),(37323,'INSERT INTO gne_vale_ferreteria (vfe_id,vfe_fecha,vfe_total,vfe_estado,vfe_entregado,usu_nusuario) VALUES (5020,@@@2013.07.10@@@,480,1,0,@@@G_DIAZ@@@)','',2,'2013-07-10'),(37324,'INSERT INTO gne_vale_ferreteria_mov (vfe_id,pro_codigo_plu,vfm_cantidad,vfm_unitario,vfm_total,vfm_entregado) VALUES (5020,764823,6,80,480,@@@NO@@@)','',2,'2013-07-10'),(37325,'INSERT INTO gne_vale_ferreteria (vfe_id,vfe_fecha,vfe_total,vfe_estado,vfe_entregado,usu_nusuario) VALUES (5021,@@@2013.07.10@@@,3570,1,0,@@@G_DIAZ@@@)','',2,'2013-07-10'),(37326,'INSERT INTO gne_vale_ferreteria_mov (vfe_id,pro_codigo_plu,vfm_cantidad,vfm_unitario,vfm_total,vfm_entregado) VALUES (5021,764691,1,1190,1190,@@@NO@@@)','',2,'2013-07-10'),(37327,'INSERT INTO gne_vale_ferreteria_mov (vfe_id,pro_codigo_plu,vfm_cantidad,vfm_unitario,vfm_total,vfm_entregado) VALUES (5021,765027,2,1190,2380,@@@NO@@@)','',2,'2013-07-10'),(37328,'UPDATE mae_productos SET pro_codigo_barra=@@@7806076101763@@@,pro_tipo=@@@0@@@,pro_nombre_producto=@@@MI COFRE MEDIANO@@@,pro_nombre_corto=@@@MI COFRE COSTURE@@@,med_id=@@@1@@@,emb_id=@@@4@@@,pro_unidades_embalaje=@@@18@@@,dep_id=@@@2 @@@,lin_id=@@@41@@@,mar_id=@@@2424@@@,pro_precio_compra_neto=@@@0@@@,pro_precio_compra_bruto=@@@0@@@,pro_precio_venta=@@@1490@@@,pro_margen_actual=@@@0@@@,pro_oferta=@@@NO@@@,pro_fecha_inicio_oferta=@@@1900.01.01@@@,pro_fecha_termino_oferta=@@@1900.01.01@@@,pro_precio_oferta=@@@0@@@,pro_stock_minimo=@@@0@@@,pro_stock_critico=@@@0@@@,pro_activo=@@@1@@@,pro_unidad=@@@0@@@,pro_precio_compra_bruto=0,pro_margen_actual=0,pro_capacidad=1,pro_funcion_plu=0,pro_flejes=1,pro_iva=1,pro_plu_asociado=0,pro_envase=@@@NO@@@,pro_duracion=0,pro_numero_etiqueta=0 WHERE pro_codigo_plu=@@@10426@@@','',2,'2013-07-10'),(37329,'UPDATE mae_productos SET pro_estado=1 WHERE pro_codigo_plu=10426','',2,'2013-07-10'),(37330,'DELETE FROM mae_impuestos_productos WHERE pro_codigo_plu=@@@10426@@@','',2,'2013-07-10'),(37331,'INSERT INTO gne_vale_ferreteria (vfe_id,vfe_fecha,vfe_total,vfe_estado,vfe_entregado,usu_nusuario) VALUES (5022,@@@2013.07.10@@@,4170,1,0,@@@G_DIAZ@@@)','',2,'2013-07-10'),(37332,'INSERT INTO gne_vale_ferreteria_mov (vfe_id,pro_codigo_plu,vfm_cantidad,vfm_unitario,vfm_total,vfm_entregado) VALUES (5022,10426,2,1490,2980,@@@NO@@@)','',2,'2013-07-10'),(37333,'INSERT INTO gne_vale_ferreteria_mov (vfe_id,pro_codigo_plu,vfm_cantidad,vfm_unitario,vfm_total,vfm_entregado) VALUES (5022,764691,1,1190,1190,@@@NO@@@)','',2,'2013-07-10'),(37334,'INSERT INTO gne_vale_ferreteria (vfe_id,vfe_fecha,vfe_total,vfe_estado,vfe_entregado,usu_nusuario) VALUES (5023,@@@2013.07.10@@@,480,1,0,@@@G_DIAZ@@@)','',2,'2013-07-10'),(37335,'INSERT INTO gne_vale_ferreteria_mov (vfe_id,pro_codigo_plu,vfm_cantidad,vfm_unitario,vfm_total,vfm_entregado) VALUES (5023,8022,4,120,480,@@@NO@@@)','',2,'2013-07-10'),(37336,'INSERT INTO gne_vale_ferreteria (vfe_id,vfe_fecha,vfe_total,vfe_estado,vfe_entregado,usu_nusuario) VALUES (5024,@@@2013.07.10@@@,4990,1,0,@@@G_DIAZ@@@)','',2,'2013-07-10'),(37337,'INSERT INTO gne_vale_ferreteria_mov (vfe_id,pro_codigo_plu,vfm_cantidad,vfm_unitario,vfm_total,vfm_entregado) VALUES (5024,764915,1,4990,4990,@@@NO@@@)','',2,'2013-07-10'),(37338,'INSERT INTO gne_vale_ferreteria (vfe_id,vfe_fecha,vfe_total,vfe_estado,vfe_entregado,usu_nusuario) VALUES (5025,@@@2013.07.10@@@,1990,1,0,@@@G_DIAZ@@@)','',2,'2013-07-10'),(37339,'INSERT INTO gne_vale_ferreteria_mov (vfe_id,pro_codigo_plu,vfm_cantidad,vfm_unitario,vfm_total,vfm_entregado) VALUES (5025,780721201,1,1990,1990,@@@NO@@@)','',2,'2013-07-10'),(37340,'INSERT INTO gne_vale_ferreteria (vfe_id,vfe_fecha,vfe_total,vfe_estado,vfe_entregado,usu_nusuario) VALUES (5026,@@@2013.07.10@@@,1000,1,0,@@@G_DIAZ@@@)','',2,'2013-07-10'),(37341,'INSERT INTO gne_vale_ferreteria_mov (vfe_id,pro_codigo_plu,vfm_cantidad,vfm_unitario,vfm_total,vfm_entregado) VALUES (5026,764536,1,1000,1000,@@@NO@@@)','',2,'2013-07-10'),(37342,'INSERT INTO gne_vale_ferreteria (vfe_id,vfe_fecha,vfe_total,vfe_estado,vfe_entregado,usu_nusuario) VALUES (5027,@@@2013.07.10@@@,80,1,0,@@@G_DIAZ@@@)','',2,'2013-07-10'),(37343,'INSERT INTO gne_vale_ferreteria_mov (vfe_id,pro_codigo_plu,vfm_cantidad,vfm_unitario,vfm_total,vfm_entregado) VALUES (5027,4080,2,40,80,@@@NO@@@)','',2,'2013-07-10'),(37344,'INSERT INTO gne_vale_ferreteria (vfe_id,vfe_fecha,vfe_total,vfe_estado,vfe_entregado,usu_nusuario) VALUES (5028,@@@2013.07.11@@@,680,1,0,@@@b_SAEZ@@@)','',2,'2013-07-11'),(37345,'INSERT INTO gne_vale_ferreteria_mov (vfe_id,pro_codigo_plu,vfm_cantidad,vfm_unitario,vfm_total,vfm_entregado) VALUES (5028,19866,1,680,680,@@@NO@@@)','',2,'2013-07-11'),(37346,'INSERT INTO gne_vale_ferreteria (vfe_id,vfe_fecha,vfe_total,vfe_estado,vfe_entregado,usu_nusuario) VALUES (5029,@@@2013.07.11@@@,2240,1,0,@@@b_SAEZ@@@)','',2,'2013-07-11'),(37347,'INSERT INTO gne_vale_ferreteria_mov (vfe_id,pro_codigo_plu,vfm_cantidad,vfm_unitario,vfm_total,vfm_entregado) VALUES (5029,102408,1,350,350,@@@NO@@@)','',2,'2013-07-11'),(37348,'INSERT INTO gne_vale_ferreteria_mov (vfe_id,pro_codigo_plu,vfm_cantidad,vfm_unitario,vfm_total,vfm_entregado) VALUES (5029,780721075,1,1890,1890,@@@NO@@@)','',2,'2013-07-11'),(37349,'INSERT INTO gne_vale_ferreteria (vfe_id,vfe_fecha,vfe_total,vfe_estado,vfe_entregado,usu_nusuario) VALUES (5030,@@@2013.07.11@@@,2760,1,0,@@@b_SAEZ@@@)','',2,'2013-07-11'),(37350,'INSERT INTO gne_vale_ferreteria_mov (vfe_id,pro_codigo_plu,vfm_cantidad,vfm_unitario,vfm_total,vfm_entregado) VALUES (5030,765005,4,690,2760,@@@NO@@@)','',2,'2013-07-11'),(37351,'INSERT INTO gne_vale_ferreteria (vfe_id,vfe_fecha,vfe_total,vfe_estado,vfe_entregado,usu_nusuario) VALUES (5031,@@@2013.07.11@@@,980,1,0,@@@b_SAEZ@@@)','',2,'2013-07-11'),(37352,'INSERT INTO gne_vale_ferreteria_mov (vfe_id,pro_codigo_plu,vfm_cantidad,vfm_unitario,vfm_total,vfm_entregado) VALUES (5031,1552,2,490,980,@@@NO@@@)','',2,'2013-07-11'),(37353,'INSERT INTO gne_vale_ferreteria (vfe_id,vfe_fecha,vfe_total,vfe_estado,vfe_entregado,usu_nusuario) VALUES (5032,@@@2013.07.11@@@,720,1,0,@@@b_SAEZ@@@)','',2,'2013-07-11'),(37354,'INSERT INTO gne_vale_ferreteria_mov (vfe_id,pro_codigo_plu,vfm_cantidad,vfm_unitario,vfm_total,vfm_entregado) VALUES (5032,762256,1,720,720,@@@NO@@@)','',2,'2013-07-11'),(37355,'INSERT INTO gne_vale_ferreteria (vfe_id,vfe_fecha,vfe_total,vfe_estado,vfe_entregado,usu_nusuario) VALUES (5033,@@@2013.07.11@@@,1550,1,0,@@@b_SAEZ@@@)','',2,'2013-07-11'),(37356,'INSERT INTO gne_vale_ferreteria_mov (vfe_id,pro_codigo_plu,vfm_cantidad,vfm_unitario,vfm_total,vfm_entregado) VALUES (5033,763672,1,1550,1550,@@@NO@@@)','',2,'2013-07-11'),(37357,'UPDATE mae_productos SET pro_activo=@@@0@@@ WHERE pro_codigo_plu=@@@10044@@@','',2,'2013-07-11'),(37358,'UPDATE mae_productos SET pro_activo=@@@0@@@ WHERE pro_codigo_plu=@@@10048@@@','',2,'2013-07-11'),(37359,'UPDATE mae_productos SET pro_activo=@@@0@@@ WHERE pro_codigo_plu=@@@10049@@@','',2,'2013-07-11'),(37360,'UPDATE mae_productos SET pro_activo=@@@0@@@ WHERE pro_codigo_plu=@@@10050@@@','',2,'2013-07-11'),(37361,'UPDATE mae_productos SET pro_activo=@@@0@@@ WHERE pro_codigo_plu=@@@10051@@@','',2,'2013-07-11'),(37362,'INSERT INTO gne_vale_ferreteria (vfe_id,vfe_fecha,vfe_total,vfe_estado,vfe_entregado,usu_nusuario) VALUES (5034,@@@2013.07.11@@@,1890,1,0,@@@b_SAEZ@@@)','',2,'2013-07-11'),(37363,'INSERT INTO gne_vale_ferreteria_mov (vfe_id,pro_codigo_plu,vfm_cantidad,vfm_unitario,vfm_total,vfm_entregado) VALUES (5034,102627,1,1890,1890,@@@NO@@@)','',2,'2013-07-11'),(37364,'INSERT INTO gne_vale_ferreteria (vfe_id,vfe_fecha,vfe_total,vfe_estado,vfe_entregado,usu_nusuario) VALUES (5035,@@@2013.07.11@@@,1690,1,0,@@@b_SAEZ@@@)','',2,'2013-07-11'),(37365,'INSERT INTO gne_vale_ferreteria_mov (vfe_id,pro_codigo_plu,vfm_cantidad,vfm_unitario,vfm_total,vfm_entregado) VALUES (5035,763981,1,1690,1690,@@@NO@@@)','',2,'2013-07-11'),(37366,'INSERT INTO gne_vale_ferreteria (vfe_id,vfe_fecha,vfe_total,vfe_estado,vfe_entregado,usu_nusuario) VALUES (5036,@@@2013.07.11@@@,600,1,0,@@@b_SAEZ@@@)','',2,'2013-07-11'),(37367,'INSERT INTO gne_vale_ferreteria_mov (vfe_id,pro_codigo_plu,vfm_cantidad,vfm_unitario,vfm_total,vfm_entregado) VALUES (5036,780721221,2,300,600,@@@NO@@@)','',2,'2013-07-11'),(37368,'UPDATE mae_productos SET pro_margen_actual=43.08,pro_precio_venta=1199 WHERE pro_codigo_plu=10586','',2,'2013-07-11'),(37369,'UPDATE mae_productos SET pro_margen_actual=31.66,pro_precio_venta=420 WHERE pro_codigo_plu=261995','',2,'2013-07-11'),(37370,'UPDATE mae_productos SET pro_margen_actual=13.31,pro_precio_venta=860 WHERE pro_codigo_plu=13093','',2,'2013-07-11'),(37371,'UPDATE mae_productos SET pro_margen_actual=45.89,pro_precio_venta=1990 WHERE pro_codigo_plu=762012','',2,'2013-07-11'),(37372,'UPDATE mae_productos SET pro_margen_actual=0,pro_precio_venta=1490 WHERE pro_codigo_plu=10426','',2,'2013-07-11'),(37373,'UPDATE mae_productos SET pro_margen_actual=39.95,pro_precio_venta=1790 WHERE pro_codigo_plu=17930','',2,'2013-07-11'),(37374,'UPDATE mae_productos SET pro_margen_actual=42.63,pro_precio_venta=1290 WHERE pro_codigo_plu=17831','',2,'2013-07-11'),(37375,'UPDATE mae_productos SET pro_margen_actual=34.83,pro_precio_venta=2190 WHERE pro_codigo_plu=17809','',2,'2013-07-11'),(37376,'UPDATE mae_productos SET pro_margen_actual=42.63,pro_precio_venta=1290 WHERE pro_codigo_plu=17829','',2,'2013-07-11'),(37377,'UPDATE mae_productos SET pro_margen_actual=0,pro_precio_venta=490 WHERE pro_codigo_plu=549','',2,'2013-07-11'),(37378,'UPDATE mae_productos SET pro_precio_fiscal=pro_precio_venta WHERE pro_codigo_plu=549','',2,'2013-07-11'),(37379,'UPDATE mae_productos SET pro_precio_fiscal=pro_precio_venta WHERE pro_codigo_plu=10426','',2,'2013-07-11'),(37380,'INSERT INTO gne_vale_ferreteria (vfe_id,vfe_fecha,vfe_total,vfe_estado,vfe_entregado,usu_nusuario) VALUES (5037,@@@2013.07.11@@@,2790,1,0,@@@S_BIZAMA@@@)','',2,'2013-07-11'),(37381,'INSERT INTO gne_vale_ferreteria_mov (vfe_id,pro_codigo_plu,vfm_cantidad,vfm_unitario,vfm_total,vfm_entregado) VALUES (5037,763884,1,900,900,@@@NO@@@)','',2,'2013-07-11'),(37382,'INSERT INTO gne_vale_ferreteria_mov (vfe_id,pro_codigo_plu,vfm_cantidad,vfm_unitario,vfm_total,vfm_entregado) VALUES (5037,763295,1,1890,1890,@@@NO@@@)','',2,'2013-07-11'),(37383,'INSERT INTO gne_vale_ferreteria (vfe_id,vfe_fecha,vfe_total,vfe_estado,vfe_entregado,usu_nusuario) VALUES (5038,@@@2013.07.11@@@,1290,1,0,@@@S_BIZAMA@@@)','',2,'2013-07-11'),(37384,'INSERT INTO gne_vale_ferreteria_mov (vfe_id,pro_codigo_plu,vfm_cantidad,vfm_unitario,vfm_total,vfm_entregado) VALUES (5038,764315,1,1290,1290,@@@NO@@@)','',2,'2013-07-11'),(37385,'UPDATE mae_productos SET pro_activo=@@@0@@@ WHERE pro_codigo_plu=@@@10052@@@','',2,'2013-07-11'),(37386,'UPDATE mae_productos SET pro_activo=@@@0@@@ WHERE pro_codigo_plu=@@@10056@@@','',2,'2013-07-11'),(37387,'INSERT INTO gne_vale_ferreteria (vfe_id,vfe_fecha,vfe_total,vfe_estado,vfe_entregado,usu_nusuario) VALUES (5039,@@@2013.07.11@@@,1180,1,0,@@@S_BIZAMA@@@)','',2,'2013-07-11'),(37388,'INSERT INTO gne_vale_ferreteria_mov (vfe_id,pro_codigo_plu,vfm_cantidad,vfm_unitario,vfm_total,vfm_entregado) VALUES (5039,19865,2,590,1180,@@@NO@@@)','',2,'2013-07-11'),(37389,'UPDATE mae_productos SET pro_activo=@@@0@@@ WHERE pro_codigo_plu=@@@10062@@@','',2,'2013-07-11'),(37390,'UPDATE mae_productos SET pro_activo=@@@0@@@ WHERE pro_codigo_plu=@@@10065@@@','',2,'2013-07-11'),(37391,'UPDATE mae_productos SET pro_activo=@@@0@@@ WHERE pro_codigo_plu=@@@10063@@@','',2,'2013-07-11'),(37392,'INSERT INTO gne_vale_ferreteria (vfe_id,vfe_fecha,vfe_total,vfe_estado,vfe_entregado,usu_nusuario) VALUES (5040,@@@2013.07.11@@@,290,1,0,@@@S_BIZAMA@@@)','',2,'2013-07-11'),(37393,'INSERT INTO gne_vale_ferreteria_mov (vfe_id,pro_codigo_plu,vfm_cantidad,vfm_unitario,vfm_total,vfm_entregado) VALUES (5040,1559,1,290,290,@@@NO@@@)','',2,'2013-07-11'),(37394,'INSERT INTO gne_vale_ferreteria (vfe_id,vfe_fecha,vfe_total,vfe_estado,vfe_entregado,usu_nusuario) VALUES (5041,@@@2013.07.11@@@,190,1,0,@@@S_BIZAMA@@@)','',2,'2013-07-11'),(37395,'INSERT INTO gne_vale_ferreteria_mov (vfe_id,pro_codigo_plu,vfm_cantidad,vfm_unitario,vfm_total,vfm_entregado) VALUES (5041,1537,1,190,190,@@@NO@@@)','',2,'2013-07-11'),(37396,'INSERT INTO gne_vale_ferreteria (vfe_id,vfe_fecha,vfe_total,vfe_estado,vfe_entregado,usu_nusuario) VALUES (5042,@@@2013.07.11@@@,240,1,0,@@@S_BIZAMA@@@)','',2,'2013-07-11'),(37397,'INSERT INTO gne_vale_ferreteria_mov (vfe_id,pro_codigo_plu,vfm_cantidad,vfm_unitario,vfm_total,vfm_entregado) VALUES (5042,8022,2,120,240,@@@NO@@@)','',2,'2013-07-11'),(37398,'INSERT INTO gne_vale_ferreteria (vfe_id,vfe_fecha,vfe_total,vfe_estado,vfe_entregado,usu_nusuario) VALUES (5043,@@@2013.07.11@@@,390,1,0,@@@S_BIZAMA@@@)','',2,'2013-07-11'),(37399,'INSERT INTO gne_vale_ferreteria_mov (vfe_id,pro_codigo_plu,vfm_cantidad,vfm_unitario,vfm_total,vfm_entregado) VALUES (5043,15967,1,130,130,@@@NO@@@)','',2,'2013-07-11'),(37400,'INSERT INTO gne_vale_ferreteria_mov (vfe_id,pro_codigo_plu,vfm_cantidad,vfm_unitario,vfm_total,vfm_entregado) VALUES (5043,102455,2,130,260,@@@NO@@@)','',2,'2013-07-11'),(37401,'INSERT INTO gne_vale_ferreteria (vfe_id,vfe_fecha,vfe_total,vfe_estado,vfe_entregado,usu_nusuario) VALUES (5044,@@@2013.07.11@@@,160,1,0,@@@S_BIZAMA@@@)','',2,'2013-07-11'),(37402,'INSERT INTO gne_vale_ferreteria_mov (vfe_id,pro_codigo_plu,vfm_cantidad,vfm_unitario,vfm_total,vfm_entregado) VALUES (5044,16430,1,160,160,@@@NO@@@)','',2,'2013-07-11'),(37403,'INSERT INTO gne_vale_ferreteria (vfe_id,vfe_fecha,vfe_total,vfe_estado,vfe_entregado,usu_nusuario) VALUES (5045,@@@2013.07.11@@@,490,1,0,@@@S_BIZAMA@@@)','',2,'2013-07-11'),(37404,'INSERT INTO gne_vale_ferreteria_mov (vfe_id,pro_codigo_plu,vfm_cantidad,vfm_unitario,vfm_total,vfm_entregado) VALUES (5045,1538,1,490,490,@@@NO@@@)','',2,'2013-07-11'),(37405,'INSERT INTO gne_vale_ferreteria (vfe_id,vfe_fecha,vfe_total,vfe_estado,vfe_entregado,usu_nusuario) VALUES (5046,@@@2013.07.11@@@,120,1,0,@@@S_BIZAMA@@@)','',2,'2013-07-11'),(37406,'INSERT INTO gne_vale_ferreteria_mov (vfe_id,pro_codigo_plu,vfm_cantidad,vfm_unitario,vfm_total,vfm_entregado) VALUES (5046,4079,4,30,120,@@@NO@@@)','',2,'2013-07-11'),(37407,'INSERT INTO gne_vale_ferreteria (vfe_id,vfe_fecha,vfe_total,vfe_estado,vfe_entregado,usu_nusuario) VALUES (5047,@@@2013.07.11@@@,200,1,0,@@@S_BIZAMA@@@)','',2,'2013-07-11'),(37408,'INSERT INTO gne_vale_ferreteria_mov (vfe_id,pro_codigo_plu,vfm_cantidad,vfm_unitario,vfm_total,vfm_entregado) VALUES (5047,78017194,1,200,200,@@@NO@@@)','',2,'2013-07-11'),(37409,'INSERT INTO gne_vale_ferreteria (vfe_id,vfe_fecha,vfe_total,vfe_estado,vfe_entregado,usu_nusuario) VALUES (5048,@@@2013.07.11@@@,120,1,0,@@@S_BIZAMA@@@)','',2,'2013-07-11'),(37410,'INSERT INTO gne_vale_ferreteria_mov (vfe_id,pro_codigo_plu,vfm_cantidad,vfm_unitario,vfm_total,vfm_entregado) VALUES (5048,8022,1,120,120,@@@NO@@@)','',2,'2013-07-11'),(37411,'INSERT INTO gne_vale_ferreteria (vfe_id,vfe_fecha,vfe_total,vfe_estado,vfe_entregado,usu_nusuario) VALUES (5049,@@@2013.07.11@@@,1890,1,0,@@@S_BIZAMA@@@)','',2,'2013-07-11'),(37412,'INSERT INTO gne_vale_ferreteria_mov (vfe_id,pro_codigo_plu,vfm_cantidad,vfm_unitario,vfm_total,vfm_entregado) VALUES (5049,101848,1,1890,1890,@@@NO@@@)','',2,'2013-07-11'),(37413,'UPDATE mae_productos SET pro_margen_actual=0,pro_precio_venta=1350 WHERE pro_codigo_plu=580','',2,'2013-07-11'),(37414,'UPDATE mae_productos SET pro_precio_fiscal=pro_precio_venta WHERE pro_codigo_plu=580','',2,'2013-07-11'),(37415,'UPDATE mae_productos SET pro_precio_venta=670,pro_margen_actual=30.84, pro_precio_compra_bruto=512.09, pro_precio_compra_neto=430.327731092437 WHERE pro_codigo_plu=15001','',2,'2013-07-11'),(37416,'UPDATE mae_productos SET pro_precio_venta=999,pro_margen_actual=27.79, pro_precio_compra_bruto=781.78, pro_precio_compra_neto=656.957983193277 WHERE pro_codigo_plu=13092','',2,'2013-07-11'),(37417,'UPDATE mae_productos SET pro_precio_venta=1099,pro_margen_actual=31.11, pro_precio_compra_bruto=838.23, pro_precio_compra_neto=704.394957983193 WHERE pro_codigo_plu=10586','',2,'2013-07-11'),(37418,'UPDATE mae_productos SET pro_precio_venta=6750,pro_margen_actual=30.58, pro_precio_compra_bruto=5169.36, pro_precio_compra_neto=4344 WHERE pro_codigo_plu=102005','',2,'2013-07-11'),(37419,'UPDATE mae_productos SET pro_precio_compra_bruto=684.44,pro_margen_actual=(pro_precio_venta-684.44)/684.44 * 100,pro_ultima_compra=@@@2013.07.11@@@,pro_ultimo_proveedor=@@@84348700-9@@@ WHERE pro_codigo_plu=13163','',2,'2013-07-11'),(37420,'UPDATE mae_productos SET pro_precio_compra_bruto=1363.26,pro_margen_actual=(pro_precio_venta-1363.26)/1363.26 * 100,pro_ultima_compra=@@@2013.07.11@@@,pro_ultimo_proveedor=@@@84348700-9@@@ WHERE pro_codigo_plu=762012','',2,'2013-07-11'),(37421,'UPDATE mae_productos SET pro_precio_compra_bruto=512.09,pro_margen_actual=(pro_precio_venta-512.09)/512.09 * 100,pro_ultima_compra=@@@2013.07.11@@@,pro_ultimo_proveedor=@@@84348700-9@@@ WHERE pro_codigo_plu=15001','',2,'2013-07-11'),(37422,'UPDATE mae_productos SET pro_precio_compra_bruto=781.78,pro_margen_actual=(pro_precio_venta-781.78)/781.78 * 100,pro_ultima_compra=@@@2013.07.11@@@,pro_ultimo_proveedor=@@@84348700-9@@@ WHERE pro_codigo_plu=13092','',2,'2013-07-11'),(37423,'UPDATE mae_productos SET pro_precio_compra_bruto=218.76,pro_margen_actual=(pro_precio_venta-218.76)/218.76 * 100,pro_ultima_compra=@@@2013.07.11@@@,pro_ultimo_proveedor=@@@84348700-9@@@ WHERE pro_codigo_plu=102018','',2,'2013-07-11'),(37424,'UPDATE mae_productos SET pro_precio_compra_bruto=319.27,pro_margen_actual=(pro_precio_venta-319.27)/319.27 * 100,pro_ultima_compra=@@@2013.07.11@@@,pro_ultimo_proveedor=@@@84348700-9@@@ WHERE pro_codigo_plu=261995','',2,'2013-07-11'),(37425,'UPDATE mae_productos SET pro_precio_compra_bruto=838.23,pro_margen_actual=(pro_precio_venta-838.23)/838.23 * 100,pro_ultima_compra=@@@2013.07.11@@@,pro_ultimo_proveedor=@@@84348700-9@@@ WHERE pro_codigo_plu=10586','',2,'2013-07-11'),(37426,'UPDATE mae_productos SET pro_precio_compra_bruto=5169.36,pro_margen_actual=(pro_precio_venta-5169.36)/5169.36 * 100,pro_ultima_compra=@@@2013.07.11@@@,pro_ultimo_proveedor=@@@84348700-9@@@ WHERE pro_codigo_plu=102005','',2,'2013-07-11'),(37427,'UPDATE mae_productos SET pro_precio_compra_bruto=637.83,pro_margen_actual=(pro_precio_venta-637.83)/637.83 * 100,pro_ultima_compra=@@@2013.07.11@@@,pro_ultimo_proveedor=@@@84348700-9@@@ WHERE pro_codigo_plu=13093','',2,'2013-07-11'),(37428,'UPDATE mae_productos SET pro_precio_fiscal=pro_precio_venta WHERE pro_codigo_plu=102005','',2,'2013-07-11'),(37429,'UPDATE mae_productos SET pro_precio_fiscal=pro_precio_venta WHERE pro_codigo_plu=10586','',2,'2013-07-11'),(37430,'UPDATE mae_productos SET pro_precio_fiscal=pro_precio_venta WHERE pro_codigo_plu=13092','',2,'2013-07-11'),(37431,'UPDATE mae_productos SET pro_precio_fiscal=pro_precio_venta WHERE pro_codigo_plu=15001','',2,'2013-07-11'),(37432,'INSERT INTO mae_productos (pro_codigo_plu,pro_codigo_barra,pro_tipo,pro_nombre_producto,pro_nombre_corto,med_id,emb_id,pro_unidades_embalaje,dep_id,lin_id,mar_id,pro_precio_compra_neto,pro_precio_compra_bruto,pro_precio_venta,pro_margen_actual,pro_oferta,pro_fecha_inicio_oferta,pro_fecha_termino_oferta,pro_precio_oferta,pro_stock_minimo,pro_stock_critico,pro_entradas_bodega,pro_salidas_bodega,pro_mermas_bodega,pro_ajustes_bodega,pro_entradas_sv,pro_salidas_sv,pro_mermas_sv,pro_ajustes_sv,pro_activo,rec_numero,pro_unidad,pro_capacidad,pro_consumo_bodega,pro_consumo_sv,pro_estado,pro_funcion_plu,pro_flejes,pro_iva,pro_plu_asociado,pro_envase,pro_duracion,pro_numero_etiqueta) VALUES (780721345,@@@7802220000135@@@,@@@0@@@,@@@SAFARI CAJA@@@,@@@SAFARI CAJ@@@,@@@5 @@@,@@@3 @@@,@@@0@@@,@@@32 @@@,@@@161@@@,@@@1591@@@,@@@0@@@,@@@0@@@,@@@2140@@@,@@@0@@@,@@@@@@,@@@2013.07.11@@@,@@@2013.07.11@@@,@@@0@@@,@@@5@@@,@@@3@@@,@@@0@@@,@@@0@@@,@@@0@@@,@@@0@@@,@@@0@@@,@@@0@@@,@@@0@@@,@@@0@@@,@@@1@@@,@@@0@@@,0,810,0,0,2,0,1,1,0,@@@NO@@@,0,0)','',2,'2013-07-11'),(37433,'DELETE FROM mae_impuestos_productos WHERE pro_codigo_plu=@@@780721345@@@','',2,'2013-07-11'),(37434,'UPDATE mae_productos SET pro_precio_fiscal=pro_precio_venta WHERE pro_codigo_plu=780721345','',2,'2013-07-11'),(37435,'INSERT INTO gne_vale_ferreteria (vfe_id,vfe_fecha,vfe_total,vfe_estado,vfe_entregado,usu_nusuario) VALUES (5050,@@@2013.07.11@@@,1380,1,0,@@@b_SAEZ@@@)','',2,'2013-07-11'),(37436,'INSERT INTO gne_vale_ferreteria_mov (vfe_id,pro_codigo_plu,vfm_cantidad,vfm_unitario,vfm_total,vfm_entregado) VALUES (5050,780721186,2,250,500,@@@NO@@@)','',2,'2013-07-11'),(37437,'INSERT INTO gne_vale_ferreteria_mov (vfe_id,pro_codigo_plu,vfm_cantidad,vfm_unitario,vfm_total,vfm_entregado) VALUES (5050,770004,7,70,490,@@@NO@@@)','',2,'2013-07-11'),(37438,'INSERT INTO gne_vale_ferreteria_mov (vfe_id,pro_codigo_plu,vfm_cantidad,vfm_unitario,vfm_total,vfm_entregado) VALUES (5050,780220171,1,390,390,@@@NO@@@)','',2,'2013-07-11'),(37439,'INSERT INTO gne_vale_ferreteria (vfe_id,vfe_fecha,vfe_total,vfe_estado,vfe_entregado,usu_nusuario) VALUES (5051,@@@2013.07.11@@@,250,1,0,@@@b_SAEZ@@@)','',2,'2013-07-11'),(37440,'INSERT INTO gne_vale_ferreteria_mov (vfe_id,pro_codigo_plu,vfm_cantidad,vfm_unitario,vfm_total,vfm_entregado) VALUES (5051,780721186,1,250,250,@@@NO@@@)','',2,'2013-07-11'),(37441,'INSERT INTO gne_vale_ferreteria (vfe_id,vfe_fecha,vfe_total,vfe_estado,vfe_entregado,usu_nusuario) VALUES (5052,@@@2013.07.11@@@,2100,1,0,@@@b_SAEZ@@@)','',2,'2013-07-11'),(37442,'INSERT INTO gne_vale_ferreteria_mov (vfe_id,pro_codigo_plu,vfm_cantidad,vfm_unitario,vfm_total,vfm_entregado) VALUES (5052,763997,1,2100,2100,@@@NO@@@)','',2,'2013-07-11'),(37443,'INSERT INTO gne_vale_ferreteria (vfe_id,vfe_fecha,vfe_total,vfe_estado,vfe_entregado,usu_nusuario) VALUES (5053,@@@2013.07.11@@@,200,1,0,@@@b_SAEZ@@@)','',2,'2013-07-11'),(37444,'INSERT INTO gne_vale_ferreteria_mov (vfe_id,pro_codigo_plu,vfm_cantidad,vfm_unitario,vfm_total,vfm_entregado) VALUES (5053,78017191,5,40,200,@@@NO@@@)','',2,'2013-07-11'),(37445,'INSERT INTO gne_vale_ferreteria (vfe_id,vfe_fecha,vfe_total,vfe_estado,vfe_entregado,usu_nusuario) VALUES (5054,@@@2013.07.11@@@,690,1,0,@@@b_SAEZ@@@)','',2,'2013-07-11'),(37446,'INSERT INTO gne_vale_ferreteria_mov (vfe_id,pro_codigo_plu,vfm_cantidad,vfm_unitario,vfm_total,vfm_entregado) VALUES (5054,764830,1,690,690,@@@NO@@@)','',2,'2013-07-11'),(37447,'INSERT INTO gne_vale_ferreteria (vfe_id,vfe_fecha,vfe_total,vfe_estado,vfe_entregado,usu_nusuario) VALUES (5055,@@@2013.07.11@@@,210,1,0,@@@b_SAEZ@@@)','',2,'2013-07-11'),(37448,'INSERT INTO gne_vale_ferreteria_mov (vfe_id,pro_codigo_plu,vfm_cantidad,vfm_unitario,vfm_total,vfm_entregado) VALUES (5055,764122,1,210,210,@@@NO@@@)','',2,'2013-07-11'),(37449,'INSERT INTO gne_vale_ferreteria (vfe_id,vfe_fecha,vfe_total,vfe_estado,vfe_entregado,usu_nusuario) VALUES (5056,@@@2013.07.11@@@,1990,1,0,@@@b_SAEZ@@@)','',2,'2013-07-11'),(37450,'INSERT INTO gne_vale_ferreteria_mov (vfe_id,pro_codigo_plu,vfm_cantidad,vfm_unitario,vfm_total,vfm_entregado) VALUES (5056,101854,1,1990,1990,@@@NO@@@)','',2,'2013-07-11'),(37451,'UPDATE mae_productos SET pro_codigo_barra=@@@8712581544195@@@,pro_tipo=@@@0@@@,pro_nombre_producto=@@@PILA AA ALCALINA PHILIPS X1 UND@@@,pro_nombre_corto=@@@PILA AA ALCALINA@@@,med_id=@@@1@@@,emb_id=@@@3@@@,pro_unidades_embalaje=@@@0@@@,dep_id=@@@37 @@@,lin_id=@@@176@@@,mar_id=@@@997@@@,pro_precio_compra_neto=@@@0@@@,pro_precio_compra_bruto=@@@300@@@,pro_precio_venta=@@@600@@@,pro_margen_actual=@@@100@@@,pro_oferta=@@@NO@@@,pro_fecha_inicio_oferta=@@@2013.06.12@@@,pro_fecha_termino_oferta=@@@2013.06.12@@@,pro_precio_oferta=@@@0@@@,pro_stock_minimo=@@@8@@@,pro_stock_critico=@@@4@@@,pro_activo=@@@1@@@,pro_unidad=@@@0@@@,pro_precio_compra_bruto=300,pro_margen_actual=100,pro_capacidad=2,pro_funcion_plu=0,pro_flejes=1,pro_iva=1,pro_plu_asociado=0,pro_envase=@@@NO@@@,pro_duracion=0,pro_numero_etiqueta=0 WHERE pro_codigo_plu=@@@780721127@@@','',2,'2013-07-11'),(37452,'UPDATE mae_productos SET pro_estado=1 WHERE pro_codigo_plu=780721127','',2,'2013-07-11'),(37453,'DELETE FROM mae_impuestos_productos WHERE pro_codigo_plu=@@@780721127@@@','',2,'2013-07-11'),(37454,'INSERT INTO gne_vale_ferreteria (vfe_id,vfe_fecha,vfe_total,vfe_estado,vfe_entregado,usu_nusuario) VALUES (5057,@@@2013.07.11@@@,960,1,0,@@@b_SAEZ@@@)','',2,'2013-07-11'),(37455,'INSERT INTO gne_vale_ferreteria_mov (vfe_id,pro_codigo_plu,vfm_cantidad,vfm_unitario,vfm_total,vfm_entregado) VALUES (5057,770096,2,480,960,@@@NO@@@)','',2,'2013-07-11'),(37456,'INSERT INTO gne_vale_ferreteria (vfe_id,vfe_fecha,vfe_total,vfe_estado,vfe_entregado,usu_nusuario) VALUES (5058,@@@2013.07.11@@@,200,1,0,@@@b_SAEZ@@@)','',2,'2013-07-11'),(37457,'INSERT INTO gne_vale_ferreteria_mov (vfe_id,pro_codigo_plu,vfm_cantidad,vfm_unitario,vfm_total,vfm_entregado) VALUES (5058,1556,1,200,200,@@@NO@@@)','',2,'2013-07-11'),(37458,'INSERT INTO gpr_pack_virtual (pav_id,pav_nombre,pav_total_pack,pav_total_descuento,pav_desde,pav_hasta,pav_tipo,pav_precio,pav_lleva,pav_paga,pav_descuento,pav_porcentaje,pav_oferta_exclusiva,pav_agotar_stock,pav_stock,pav_costo,pav_margen) VALUES (26,@@@PACK GALLETAS GRILL 3 X $ 890@@@,890,100,@@@2013-07-11@@@,@@@2013-07-13@@@,@@@PR@@@,0,0,0,0,0,@@@NO@@@,@@@NO@@@,0,0,0)','',2,'2013-07-11'),(37459,'INSERT INTO gpr_pack_virtual_mov (pav_id,pro_codigo_plu,pvm_precio,pvm_total,pvm_lleva,pvm_paga,pvm_descuento,pvm_porcentaje,pvm_total_normal,pvm_descuento_linea,pvm_costo,pvm_margen) VALUES (26,12023,330,890,3,2.696,0.304,0,990,100,0,0)','',2,'2013-07-11'),(37460,'INSERT INTO gpr_pack_virtual_horario (pav_id,pvh_dia,pvh_hora_desde,pvh_hora_hasta) VALUES (26,99,@@@00:00@@@,@@@23:59@@@)','',2,'2013-07-11'),(37461,'INSERT INTO gne_vale_ferreteria (vfe_id,vfe_fecha,vfe_total,vfe_estado,vfe_entregado,usu_nusuario) VALUES (5059,@@@2013.07.11@@@,200,1,0,@@@b_SAEZ@@@)','',2,'2013-07-11'),(37462,'INSERT INTO gne_vale_ferreteria_mov (vfe_id,pro_codigo_plu,vfm_cantidad,vfm_unitario,vfm_total,vfm_entregado) VALUES (5059,78017194,1,200,200,@@@NO@@@)','',2,'2013-07-11'),(37463,'INSERT INTO gne_vale_ferreteria (vfe_id,vfe_fecha,vfe_total,vfe_estado,vfe_entregado,usu_nusuario) VALUES (5060,@@@2013.07.11@@@,260,1,0,@@@b_SAEZ@@@)','',2,'2013-07-11'),(37464,'INSERT INTO gne_vale_ferreteria_mov (vfe_id,pro_codigo_plu,vfm_cantidad,vfm_unitario,vfm_total,vfm_entregado) VALUES (5060,15967,2,130,260,@@@NO@@@)','',2,'2013-07-11'),(37465,'INSERT INTO gne_vale_ferreteria (vfe_id,vfe_fecha,vfe_total,vfe_estado,vfe_entregado,usu_nusuario) VALUES (5061,@@@2013.07.11@@@,1000,1,0,@@@b_SAEZ@@@)','',2,'2013-07-11'),(37466,'INSERT INTO gne_vale_ferreteria_mov (vfe_id,pro_codigo_plu,vfm_cantidad,vfm_unitario,vfm_total,vfm_entregado) VALUES (5061,6005,1,1000,1000,@@@NO@@@)','',2,'2013-07-11'),(37467,'INSERT INTO gne_vale_ferreteria (vfe_id,vfe_fecha,vfe_total,vfe_estado,vfe_entregado,usu_nusuario) VALUES (5062,@@@2013.07.11@@@,1350,1,0,@@@b_SAEZ@@@)','',2,'2013-07-11'),(37468,'INSERT INTO gne_vale_ferreteria_mov (vfe_id,pro_codigo_plu,vfm_cantidad,vfm_unitario,vfm_total,vfm_entregado) VALUES (5062,763479,1,1350,1350,@@@NO@@@)','',2,'2013-07-11'),(37469,'UPDATE mae_productos SET pro_margen_actual=100,pro_precio_venta=600 WHERE pro_codigo_plu=780721127','',2,'2013-07-11'),(37470,'UPDATE mae_productos SET pro_margen_actual=0,pro_precio_venta=390 WHERE pro_codigo_plu=542','',2,'2013-07-11'),(37471,'UPDATE mae_productos SET pro_precio_fiscal=pro_precio_venta WHERE pro_codigo_plu=542','',2,'2013-07-11'),(37472,'UPDATE mae_productos SET pro_precio_fiscal=pro_precio_venta WHERE pro_codigo_plu=780721127','',2,'2013-07-11'),(37473,'INSERT INTO gne_vale_ferreteria (vfe_id,vfe_fecha,vfe_total,vfe_estado,vfe_entregado,usu_nusuario) VALUES (5063,@@@2013.07.11@@@,890,1,0,@@@b_SAEZ@@@)','',2,'2013-07-11'),(37474,'INSERT INTO gne_vale_ferreteria_mov (vfe_id,pro_codigo_plu,vfm_cantidad,vfm_unitario,vfm_total,vfm_entregado) VALUES (5063,764575,1,890,890,@@@NO@@@)','',2,'2013-07-11'),(37475,'INSERT INTO gne_vale_ferreteria (vfe_id,vfe_fecha,vfe_total,vfe_estado,vfe_entregado,usu_nusuario) VALUES (5064,@@@2013.07.11@@@,2480,1,0,@@@b_SAEZ@@@)','',2,'2013-07-11'),(37476,'INSERT INTO gne_vale_ferreteria_mov (vfe_id,pro_codigo_plu,vfm_cantidad,vfm_unitario,vfm_total,vfm_entregado) VALUES (5064,780220148,1,2480,2480,@@@NO@@@)','',2,'2013-07-11'),(37477,'INSERT INTO gpr_pack_virtual (pav_id,pav_nombre,pav_total_pack,pav_total_descuento,pav_desde,pav_hasta,pav_tipo,pav_precio,pav_lleva,pav_paga,pav_descuento,pav_porcentaje,pav_oferta_exclusiva,pav_agotar_stock,pav_stock,pav_costo,pav_margen) VALUES (27,@@@PACK PISCO MISTRAL 35° + COCA COLA 1.5@@@,4799,200,@@@2013-07-11@@@,@@@2013-09-11@@@,@@@PR@@@,0,0,0,0,0,@@@NO@@@,@@@SI@@@,30,3883.62,23.57)','',2,'2013-07-11'),(37478,'INSERT INTO gpr_pack_virtual_mov (pav_id,pro_codigo_plu,pvm_precio,pvm_total,pvm_lleva,pvm_paga,pvm_descuento,pvm_porcentaje,pvm_total_normal,pvm_descuento_linea,pvm_costo,pvm_margen) VALUES (27,17641,3999,3999,1,1,0,0,3999,0,3083.62,29.69),(27,17167,1000,800,1,0.8,0.2,0,1000,200,800,0)','',2,'2013-07-11'),(37479,'INSERT INTO gpr_pack_virtual_horario (pav_id,pvh_dia,pvh_hora_desde,pvh_hora_hasta) VALUES (27,99,@@@00:00@@@,@@@23:59@@@)','',2,'2013-07-11'),(37480,'UPDATE mae_productos SET pro_precio_venta=1000,pro_margen_actual=35.55, pro_precio_compra_bruto=737.72, pro_precio_compra_neto=619.932773109244 WHERE pro_codigo_plu=17330','',2,'2013-07-11'),(37481,'UPDATE mae_productos SET pro_precio_compra_bruto=737.77,pro_margen_actual=(pro_precio_venta-737.77)/737.77 * 100,pro_ultima_compra=@@@2013.07.11@@@,pro_ultimo_proveedor=@@@93281000-K@@@ WHERE pro_codigo_plu=17167','',2,'2013-07-11'),(37482,'UPDATE mae_productos SET pro_precio_compra_bruto=737.72,pro_margen_actual=(pro_precio_venta-737.72)/737.72 * 100,pro_ultima_compra=@@@2013.07.11@@@,pro_ultimo_proveedor=@@@93281000-K@@@ WHERE pro_codigo_plu=17414','',2,'2013-07-11'),(37483,'UPDATE mae_productos SET pro_precio_compra_bruto=737.76,pro_margen_actual=(pro_precio_venta-737.76)/737.76 * 100,pro_ultima_compra=@@@2013.07.11@@@,pro_ultimo_proveedor=@@@93281000-K@@@ WHERE pro_codigo_plu=17224','',2,'2013-07-11'),(37484,'UPDATE mae_productos SET pro_precio_compra_bruto=737.76,pro_margen_actual=(pro_precio_venta-737.76)/737.76 * 100,pro_ultima_compra=@@@2013.07.11@@@,pro_ultimo_proveedor=@@@93281000-K@@@ WHERE pro_codigo_plu=17319','',2,'2013-07-11'),(37485,'UPDATE mae_productos SET pro_precio_compra_bruto=737.72,pro_margen_actual=(pro_precio_venta-737.72)/737.72 * 100,pro_ultima_compra=@@@2013.07.11@@@,pro_ultimo_proveedor=@@@93281000-K@@@ WHERE pro_codigo_plu=17330','',2,'2013-07-11'),(37486,'UPDATE mae_productos SET pro_precio_compra_bruto=1236.33,pro_margen_actual=(pro_precio_venta-1236.33)/1236.33 * 100,pro_ultima_compra=@@@2013.07.11@@@,pro_ultimo_proveedor=@@@93281000-K@@@ WHERE pro_codigo_plu=262404','',2,'2013-07-11'),(37487,'INSERT INTO com_ventas_grupo (vgr_fecha,vgr_grupo,vgr_cantidad,vgr_total) VALUES (@@@2013.07.10@@@,1,281.115,192762)','',2,'2013-07-11'),(37488,'INSERT INTO com_ventas_grupo (vgr_fecha,vgr_grupo,vgr_cantidad,vgr_total) VALUES (@@@2013.07.10@@@,2,161.47,69593)','',2,'2013-07-11'),(37489,'INSERT INTO com_ventas_grupo (vgr_fecha,vgr_grupo,vgr_cantidad,vgr_total) VALUES (@@@2013.07.10@@@,3,407,89333)','',2,'2013-07-11'),(37490,'INSERT INTO com_ventas_grupo (vgr_fecha,vgr_grupo,vgr_cantidad,vgr_total) VALUES (@@@2013.07.10@@@,4,91,68568)','',2,'2013-07-11'),(37491,'INSERT INTO com_ventas_grupo (vgr_fecha,vgr_grupo,vgr_cantidad,vgr_total) VALUES (@@@2013.07.10@@@,5,8,24998)','',2,'2013-07-11'),(37492,'INSERT INTO com_ventas_grupo (vgr_fecha,vgr_grupo,vgr_cantidad,vgr_total) VALUES (@@@2013.07.10@@@,6,16,30045)','',2,'2013-07-11'),(37493,'INSERT INTO com_ventas_grupo (vgr_fecha,vgr_grupo,vgr_cantidad,vgr_total) VALUES (@@@2013.07.10@@@,7,13,18577)','',2,'2013-07-11'),(37494,'INSERT INTO com_ventas_grupo (vgr_fecha,vgr_grupo,vgr_cantidad,vgr_total) VALUES (@@@2013.07.10@@@,8,50,33900)','',2,'2013-07-11'),(37495,'INSERT INTO com_ventas_grupo (vgr_fecha,vgr_grupo,vgr_cantidad,vgr_total) VALUES (@@@2013.07.10@@@,9,63.54,109945)','',2,'2013-07-11'),(37496,'INSERT INTO com_ventas_grupo (vgr_fecha,vgr_grupo,vgr_cantidad,vgr_total) VALUES (@@@2013.07.10@@@,10,25.515,99966)','',2,'2013-07-11'),(37497,'INSERT INTO com_ventas_grupo (vgr_fecha,vgr_grupo,vgr_cantidad,vgr_total) VALUES (@@@2013.07.10@@@,11,54.81,127177)','',2,'2013-07-11'),(37498,'INSERT INTO com_ventas_grupo (vgr_fecha,vgr_grupo,vgr_cantidad,vgr_total) VALUES (@@@2013.07.10@@@,12,35.785,59534)','',2,'2013-07-11'),(37499,'INSERT INTO com_ventas_grupo (vgr_fecha,vgr_grupo,vgr_cantidad,vgr_total) VALUES (@@@2013.07.10@@@,13,17.275,31544)','',2,'2013-07-11'),(37500,'INSERT INTO com_ventas_grupo (vgr_fecha,vgr_grupo,vgr_cantidad,vgr_total) VALUES (@@@2013.07.10@@@,14,92.09,84231)','',2,'2013-07-11'),(37501,'INSERT INTO com_ventas_grupo (vgr_fecha,vgr_grupo,vgr_cantidad,vgr_total) VALUES (@@@2013.07.10@@@,15,1,1990)','',2,'2013-07-11'),(37502,'INSERT INTO com_ventas_grupo (vgr_fecha,vgr_grupo,vgr_cantidad,vgr_total) VALUES (@@@2013.07.10@@@,18,206.215,117371)','',2,'2013-07-11'),(37503,'INSERT INTO com_ventas_grupo (vgr_fecha,vgr_grupo,vgr_cantidad,vgr_total) VALUES (@@@2013.07.10@@@,19,4,2000)','',2,'2013-07-11'),(37504,'INSERT INTO com_ventas_grupo (vgr_fecha,vgr_grupo,vgr_cantidad,vgr_total) VALUES (@@@2013.07.10@@@,20,151.425,37904)','',2,'2013-07-11'),(37505,'INSERT INTO com_ventas_grupo (vgr_fecha,vgr_grupo,vgr_cantidad,vgr_total) VALUES (@@@2013.07.10@@@,21,38,38750)','',2,'2013-07-11'),(37506,'INSERT INTO com_ventas_grupo (vgr_fecha,vgr_grupo,vgr_cantidad,vgr_total) VALUES (@@@2013.07.10@@@,23,1,1190)','',2,'2013-07-11'),(37507,'INSERT INTO com_ventas_grupo (vgr_fecha,vgr_grupo,vgr_cantidad,vgr_total) VALUES (@@@2013.07.10@@@,24,146,22424)','',2,'2013-07-11'),(37508,'INSERT INTO com_ventas_grupo (vgr_fecha,vgr_grupo,vgr_cantidad,vgr_total) VALUES (@@@2013.07.10@@@,25,87,125600)','',2,'2013-07-11'),(37509,'INSERT INTO com_ventas_grupo (vgr_fecha,vgr_grupo,vgr_cantidad,vgr_total) VALUES (@@@2013.07.10@@@,31,20,14620)','',2,'2013-07-11'),(37510,'INSERT INTO com_ventas_grupo (vgr_fecha,vgr_grupo,vgr_cantidad,vgr_total) VALUES (@@@2013.07.10@@@,32,342,152933)','',2,'2013-07-11'),(37511,'INSERT INTO com_ventas_grupo (vgr_fecha,vgr_grupo,vgr_cantidad,vgr_total) VALUES (@@@2013.07.10@@@,34,2,2400)','',2,'2013-07-11'),(37512,'INSERT INTO com_ventas_grupo (vgr_fecha,vgr_grupo,vgr_cantidad,vgr_total) VALUES (@@@2013.07.10@@@,35,12,17035)','',2,'2013-07-11'),(37513,'INSERT INTO com_ventas_grupo (vgr_fecha,vgr_grupo,vgr_cantidad,vgr_total) VALUES (@@@2013.07.10@@@,36,23,3960)','',2,'2013-07-11'),(37514,'INSERT INTO com_ventas_grupo (vgr_fecha,vgr_grupo,vgr_cantidad,vgr_total) VALUES (@@@2013.07.10@@@,37,2,6190)','',2,'2013-07-11'),(37515,'INSERT INTO com_ventas_grupo (vgr_fecha,vgr_grupo,vgr_cantidad,vgr_total) VALUES (@@@2013.07.10@@@,38,5,8860)','',2,'2013-07-11'),(37516,'INSERT INTO com_ventas_grupo (vgr_fecha,vgr_grupo,vgr_cantidad,vgr_total) VALUES (@@@2013.07.10@@@,39,3,2440)','',2,'2013-07-11'),(37517,'INSERT INTO com_ventas_grupo (vgr_fecha,vgr_grupo,vgr_cantidad,vgr_total) VALUES (@@@2013.07.10@@@,40,5200,5200)','',2,'2013-07-11'),(37518,'INSERT INTO com_ventas_grupo (vgr_fecha,vgr_grupo,vgr_cantidad,vgr_total) VALUES (@@@2013.07.10@@@,41,2,140)','',2,'2013-07-11'),(37519,'INSERT INTO com_ventas_grupo (vgr_fecha,vgr_grupo,vgr_cantidad,vgr_total) VALUES (@@@2013.07.10@@@,42,31.525,20249)','',2,'2013-07-11'),(37520,'UPDATE mae_datos_empresa SET emp_oferta=@@@NO@@@','',2,'2013-07-11'),(37521,'INSERT INTO gne_vale_ferreteria (vfe_id,vfe_fecha,vfe_total,vfe_estado,vfe_entregado,usu_nusuario) VALUES (5065,@@@2013.07.11@@@,270,1,0,@@@b_SAEZ@@@)','',2,'2013-07-11'),(37522,'INSERT INTO gne_vale_ferreteria_mov (vfe_id,pro_codigo_plu,vfm_cantidad,vfm_unitario,vfm_total,vfm_entregado) VALUES (5065,4079,9,30,270,@@@NO@@@)','',2,'2013-07-11'),(37523,'INSERT INTO gne_vale_ferreteria (vfe_id,vfe_fecha,vfe_total,vfe_estado,vfe_entregado,usu_nusuario) VALUES (5066,@@@2013.07.11@@@,400,1,0,@@@b_SAEZ@@@)','',2,'2013-07-11'),(37524,'INSERT INTO gne_vale_ferreteria_mov (vfe_id,pro_codigo_plu,vfm_cantidad,vfm_unitario,vfm_total,vfm_entregado) VALUES (5066,770039,2,200,400,@@@NO@@@)','',2,'2013-07-11'),(37525,'UPDATE mae_productos SET pro_margen_actual=0,pro_precio_venta=1790 WHERE pro_codigo_plu=562','',2,'2013-07-11'),(37526,'UPDATE mae_productos SET pro_precio_fiscal=pro_precio_venta WHERE pro_codigo_plu=562','',2,'2013-07-11'),(37527,'UPDATE mae_productos SET pro_precio_fiscal=pro_precio_venta WHERE pro_codigo_plu=17330','',2,'2013-07-11'),(37528,'UPDATE mae_productos SET pro_margen_actual=0,pro_precio_venta=499 WHERE pro_codigo_plu=607','',2,'2013-07-11'),(37529,'UPDATE mae_productos SET pro_precio_fiscal=pro_precio_venta WHERE pro_codigo_plu=607','',2,'2013-07-11'),(37530,'INSERT INTO gne_vale_ferreteria (vfe_id,vfe_fecha,vfe_total,vfe_estado,vfe_entregado,usu_nusuario) VALUES (5067,@@@2013.07.11@@@,270,1,0,@@@G_DIAZ@@@)','',2,'2013-07-11'),(37531,'INSERT INTO gne_vale_ferreteria_mov (vfe_id,pro_codigo_plu,vfm_cantidad,vfm_unitario,vfm_total,vfm_entregado) VALUES (5067,8022,1,120,120,@@@NO@@@)','',2,'2013-07-11'),(37532,'INSERT INTO gne_vale_ferreteria_mov (vfe_id,pro_codigo_plu,vfm_cantidad,vfm_unitario,vfm_total,vfm_entregado) VALUES (5067,4088,1,150,150,@@@NO@@@)','',2,'2013-07-11'),(37533,'INSERT INTO gne_vale_ferreteria (vfe_id,vfe_fecha,vfe_total,vfe_estado,vfe_entregado,usu_nusuario) VALUES (5068,@@@2013.07.11@@@,1890,1,0,@@@G_DIAZ@@@)','',2,'2013-07-11'),(37534,'INSERT INTO gne_vale_ferreteria_mov (vfe_id,pro_codigo_plu,vfm_cantidad,vfm_unitario,vfm_total,vfm_entregado) VALUES (5068,763604,1,1890,1890,@@@NO@@@)','',2,'2013-07-11'),(37535,'UPDATE mae_productos SET pro_codigo_barra=@@@7806810005098@@@,pro_tipo=@@@0@@@,pro_nombre_producto=@@@PAÑO SPONGI 6X4@@@,pro_nombre_corto=@@@PAÑO SPONGI 6X4@@@,med_id=@@@1@@@,emb_id=@@@4@@@,pro_unidades_embalaje=@@@50@@@,dep_id=@@@2 @@@,lin_id=@@@41@@@,mar_id=@@@1296@@@,pro_precio_compra_neto=@@@0@@@,pro_precio_compra_bruto=@@@0@@@,pro_precio_venta=@@@490@@@,pro_margen_actual=@@@0@@@,pro_oferta=@@@NO@@@,pro_fecha_inicio_oferta=@@@1900.01.01@@@,pro_fecha_termino_oferta=@@@1900.01.01@@@,pro_precio_oferta=@@@0@@@,pro_stock_minimo=@@@0@@@,pro_stock_critico=@@@0@@@,pro_activo=@@@1@@@,pro_unidad=@@@0@@@,pro_precio_compra_bruto=0,pro_margen_actual=0,pro_capacidad=1,pro_funcion_plu=0,pro_flejes=1,pro_iva=1,pro_plu_asociado=0,pro_envase=@@@NO@@@,pro_duracion=0,pro_numero_etiqueta=0 WHERE pro_codigo_plu=@@@15088@@@','',2,'2013-07-11'),(37536,'UPDATE mae_productos SET pro_estado=1 WHERE pro_codigo_plu=15088','',2,'2013-07-11'),(37537,'DELETE FROM mae_impuestos_productos WHERE pro_codigo_plu=@@@15088@@@','',2,'2013-07-11'),(37538,'INSERT INTO gne_vale_ferreteria (vfe_id,vfe_fecha,vfe_total,vfe_estado,vfe_entregado,usu_nusuario) VALUES (5069,@@@2013.07.11@@@,490,1,0,@@@G_DIAZ@@@)','',2,'2013-07-11'),(37539,'INSERT INTO gne_vale_ferreteria_mov (vfe_id,pro_codigo_plu,vfm_cantidad,vfm_unitario,vfm_total,vfm_entregado) VALUES (5069,15088,1,490,490,@@@NO@@@)','',2,'2013-07-11'),(37540,'INSERT INTO gne_vale_ferreteria (vfe_id,vfe_fecha,vfe_total,vfe_estado,vfe_entregado,usu_nusuario) VALUES (5070,@@@2013.07.11@@@,790,1,0,@@@G_DIAZ@@@)','',2,'2013-07-11'),(37541,'INSERT INTO gne_vale_ferreteria_mov (vfe_id,pro_codigo_plu,vfm_cantidad,vfm_unitario,vfm_total,vfm_entregado) VALUES (5070,764587,1,790,790,@@@NO@@@)','',2,'2013-07-11'),(37542,'INSERT INTO gne_vale_ferreteria (vfe_id,vfe_fecha,vfe_total,vfe_estado,vfe_entregado,usu_nusuario) VALUES (5071,@@@2013.07.11@@@,230,1,0,@@@G_DIAZ@@@)','',2,'2013-07-11'),(37543,'INSERT INTO gne_vale_ferreteria_mov (vfe_id,pro_codigo_plu,vfm_cantidad,vfm_unitario,vfm_total,vfm_entregado) VALUES (5071,763811,1,230,230,@@@NO@@@)','',2,'2013-07-11'),(37544,'INSERT INTO gne_vale_ferreteria (vfe_id,vfe_fecha,vfe_total,vfe_estado,vfe_entregado,usu_nusuario) VALUES (5072,@@@2013.07.11@@@,990,1,0,@@@G_DIAZ@@@)','',2,'2013-07-11'),(37545,'INSERT INTO gne_vale_ferreteria_mov (vfe_id,pro_codigo_plu,vfm_cantidad,vfm_unitario,vfm_total,vfm_entregado) VALUES (5072,770087,1,990,990,@@@NO@@@)','',2,'2013-07-11'),(37546,'INSERT INTO gne_vale_ferreteria (vfe_id,vfe_fecha,vfe_total,vfe_estado,vfe_entregado,usu_nusuario) VALUES (5073,@@@2013.07.11@@@,2670,1,0,@@@G_DIAZ@@@)','',2,'2013-07-11'),(37547,'INSERT INTO gne_vale_ferreteria_mov (vfe_id,pro_codigo_plu,vfm_cantidad,vfm_unitario,vfm_total,vfm_entregado) VALUES (5073,4069,1,1190,1190,@@@NO@@@)','',2,'2013-07-11'),(37548,'INSERT INTO gne_vale_ferreteria_mov (vfe_id,pro_codigo_plu,vfm_cantidad,vfm_unitario,vfm_total,vfm_entregado) VALUES (5073,765005,1,690,690,@@@NO@@@)','',2,'2013-07-11'),(37549,'INSERT INTO gne_vale_ferreteria_mov (vfe_id,pro_codigo_plu,vfm_cantidad,vfm_unitario,vfm_total,vfm_entregado) VALUES (5073,1578,1,790,790,@@@NO@@@)','',2,'2013-07-11'),(37550,'INSERT INTO gne_vale_ferreteria (vfe_id,vfe_fecha,vfe_total,vfe_estado,vfe_entregado,usu_nusuario) VALUES (5074,@@@2013.07.11@@@,1490,1,0,@@@G_DIAZ@@@)','',2,'2013-07-11'),(37551,'INSERT INTO gne_vale_ferreteria_mov (vfe_id,pro_codigo_plu,vfm_cantidad,vfm_unitario,vfm_total,vfm_entregado) VALUES (5074,10712,1,1490,1490,@@@NO@@@)','',2,'2013-07-11'),(37552,'INSERT INTO gne_vale_ferreteria (vfe_id,vfe_fecha,vfe_total,vfe_estado,vfe_entregado,usu_nusuario) VALUES (5075,@@@2013.07.11@@@,2590,1,0,@@@G_DIAZ@@@)','',2,'2013-07-11'),(37553,'INSERT INTO gne_vale_ferreteria_mov (vfe_id,pro_codigo_plu,vfm_cantidad,vfm_unitario,vfm_total,vfm_entregado) VALUES (5075,262021,1,2590,2590,@@@NO@@@)','',2,'2013-07-11'),(37554,'INSERT INTO gne_vale_ferreteria (vfe_id,vfe_fecha,vfe_total,vfe_estado,vfe_entregado,usu_nusuario) VALUES (5076,@@@2013.07.11@@@,840,1,0,@@@G_DIAZ@@@)','',2,'2013-07-11'),(37555,'INSERT INTO gne_vale_ferreteria_mov (vfe_id,pro_codigo_plu,vfm_cantidad,vfm_unitario,vfm_total,vfm_entregado) VALUES (5076,11670,1,840,840,@@@NO@@@)','',2,'2013-07-11'),(37556,'INSERT INTO gne_vale_ferreteria (vfe_id,vfe_fecha,vfe_total,vfe_estado,vfe_entregado,usu_nusuario) VALUES (5077,@@@2013.07.11@@@,480,1,0,@@@G_DIAZ@@@)','',2,'2013-07-11'),(37557,'INSERT INTO gne_vale_ferreteria_mov (vfe_id,pro_codigo_plu,vfm_cantidad,vfm_unitario,vfm_total,vfm_entregado) VALUES (5077,8022,4,120,480,@@@NO@@@)','',2,'2013-07-11'),(37558,'UPDATE mae_productos SET pro_margen_actual=0,pro_precio_venta=490 WHERE pro_codigo_plu=15088','',2,'2013-07-11'),(37559,'UPDATE mae_productos SET pro_margen_actual=0,pro_precio_venta=399 WHERE pro_codigo_plu=551','',2,'2013-07-11'),(37560,'UPDATE mae_productos SET pro_precio_fiscal=pro_precio_venta WHERE pro_codigo_plu=551','',2,'2013-07-11'),(37561,'UPDATE mae_productos SET pro_precio_fiscal=pro_precio_venta WHERE pro_codigo_plu=15088','',2,'2013-07-11'),(37562,'INSERT INTO gne_vale_ferreteria (vfe_id,vfe_fecha,vfe_total,vfe_estado,vfe_entregado,usu_nusuario) VALUES (5078,@@@2013.07.11@@@,495,1,0,@@@G_DIAZ@@@)','',2,'2013-07-11'),(37563,'INSERT INTO gne_vale_ferreteria_mov (vfe_id,pro_codigo_plu,vfm_cantidad,vfm_unitario,vfm_total,vfm_entregado) VALUES (5078,11218,1,495,495,@@@NO@@@)','',2,'2013-07-11'),(37564,'INSERT INTO gne_vale_ferreteria (vfe_id,vfe_fecha,vfe_total,vfe_estado,vfe_entregado,usu_nusuario) VALUES (5079,@@@2013.07.11@@@,250,1,0,@@@G_DIAZ@@@)','',2,'2013-07-11'),(37565,'INSERT INTO gne_vale_ferreteria_mov (vfe_id,pro_codigo_plu,vfm_cantidad,vfm_unitario,vfm_total,vfm_entregado) VALUES (5079,763802,1,250,250,@@@NO@@@)','',2,'2013-07-11'),(37566,'INSERT INTO gne_vale_ferreteria (vfe_id,vfe_fecha,vfe_total,vfe_estado,vfe_entregado,usu_nusuario) VALUES (5080,@@@2013.07.11@@@,200,1,0,@@@G_DIAZ@@@)','',2,'2013-07-11'),(37567,'INSERT INTO gne_vale_ferreteria_mov (vfe_id,pro_codigo_plu,vfm_cantidad,vfm_unitario,vfm_total,vfm_entregado) VALUES (5080,18386,1,200,200,@@@NO@@@)','',2,'2013-07-11'),(37568,'INSERT INTO gne_vale_ferreteria (vfe_id,vfe_fecha,vfe_total,vfe_estado,vfe_entregado,usu_nusuario) VALUES (5081,@@@2013.07.11@@@,780,1,0,@@@G_DIAZ@@@)','',2,'2013-07-11'),(37569,'INSERT INTO gne_vale_ferreteria_mov (vfe_id,pro_codigo_plu,vfm_cantidad,vfm_unitario,vfm_total,vfm_entregado) VALUES (5081,78017145,2,290,580,@@@NO@@@)','',2,'2013-07-11'),(37570,'INSERT INTO gne_vale_ferreteria_mov (vfe_id,pro_codigo_plu,vfm_cantidad,vfm_unitario,vfm_total,vfm_entregado) VALUES (5081,4080,5,40,200,@@@NO@@@)','',2,'2013-07-11'),(37571,'INSERT INTO gne_vale_ferreteria (vfe_id,vfe_fecha,vfe_total,vfe_estado,vfe_entregado,usu_nusuario) VALUES (5082,@@@2013.07.11@@@,2000,1,0,@@@G_DIAZ@@@)','',2,'2013-07-11'),(37572,'INSERT INTO gne_vale_ferreteria_mov (vfe_id,pro_codigo_plu,vfm_cantidad,vfm_unitario,vfm_total,vfm_entregado) VALUES (5082,15819,40,50,2000,@@@NO@@@)','',2,'2013-07-11'),(37573,'INSERT INTO gne_vale_ferreteria (vfe_id,vfe_fecha,vfe_total,vfe_estado,vfe_entregado,usu_nusuario) VALUES (5083,@@@2013.07.11@@@,1390,1,0,@@@G_DIAZ@@@)','',2,'2013-07-11'),(37574,'INSERT INTO gne_vale_ferreteria_mov (vfe_id,pro_codigo_plu,vfm_cantidad,vfm_unitario,vfm_total,vfm_entregado) VALUES (5083,780721340,1,1390,1390,@@@NO@@@)','',2,'2013-07-11'),(37575,'INSERT INTO gne_vale_ferreteria (vfe_id,vfe_fecha,vfe_total,vfe_estado,vfe_entregado,usu_nusuario) VALUES (5084,@@@2013.07.11@@@,690,1,0,@@@G_DIAZ@@@)','',2,'2013-07-11'),(37576,'INSERT INTO gne_vale_ferreteria_mov (vfe_id,pro_codigo_plu,vfm_cantidad,vfm_unitario,vfm_total,vfm_entregado) VALUES (5084,765005,1,690,690,@@@NO@@@)','',2,'2013-07-11'),(37577,'INSERT INTO gne_vale_ferreteria (vfe_id,vfe_fecha,vfe_total,vfe_estado,vfe_entregado,usu_nusuario) VALUES (5085,@@@2013.07.11@@@,200,1,0,@@@G_DIAZ@@@)','',2,'2013-07-11'),(37578,'INSERT INTO gne_vale_ferreteria_mov (vfe_id,pro_codigo_plu,vfm_cantidad,vfm_unitario,vfm_total,vfm_entregado) VALUES (5085,4089,1,200,200,@@@NO@@@)','',2,'2013-07-11'),(37579,'INSERT INTO gne_vale_ferreteria (vfe_id,vfe_fecha,vfe_total,vfe_estado,vfe_entregado,usu_nusuario) VALUES (5086,@@@2013.07.11@@@,400,1,0,@@@G_DIAZ@@@)','',2,'2013-07-11'),(37580,'INSERT INTO gne_vale_ferreteria_mov (vfe_id,pro_codigo_plu,vfm_cantidad,vfm_unitario,vfm_total,vfm_entregado) VALUES (5086,78017135,1,200,200,@@@NO@@@)','',2,'2013-07-11'),(37581,'INSERT INTO gne_vale_ferreteria_mov (vfe_id,pro_codigo_plu,vfm_cantidad,vfm_unitario,vfm_total,vfm_entregado) VALUES (5086,78017140,1,200,200,@@@NO@@@)','',2,'2013-07-11'),(37582,'INSERT INTO gne_vale_ferreteria (vfe_id,vfe_fecha,vfe_total,vfe_estado,vfe_entregado,usu_nusuario) VALUES (5087,@@@2013.07.11@@@,100,1,0,@@@G_DIAZ@@@)','',2,'2013-07-11'),(37583,'INSERT INTO gne_vale_ferreteria_mov (vfe_id,pro_codigo_plu,vfm_cantidad,vfm_unitario,vfm_total,vfm_entregado) VALUES (5087,15819,2,50,100,@@@NO@@@)','',2,'2013-07-11'),(37584,'INSERT INTO gne_vale_ferreteria (vfe_id,vfe_fecha,vfe_total,vfe_estado,vfe_entregado,usu_nusuario) VALUES (5088,@@@2013.07.11@@@,990,1,0,@@@G_DIAZ@@@)','',2,'2013-07-11'),(37585,'INSERT INTO gne_vale_ferreteria_mov (vfe_id,pro_codigo_plu,vfm_cantidad,vfm_unitario,vfm_total,vfm_entregado) VALUES (5088,2008,1,990,990,@@@NO@@@)','',2,'2013-07-11'),(37586,'INSERT INTO gne_vale_ferreteria (vfe_id,vfe_fecha,vfe_total,vfe_estado,vfe_entregado,usu_nusuario) VALUES (5089,@@@2013.07.11@@@,1890,1,0,@@@G_DIAZ@@@)','',2,'2013-07-11'),(37587,'INSERT INTO gne_vale_ferreteria_mov (vfe_id,pro_codigo_plu,vfm_cantidad,vfm_unitario,vfm_total,vfm_entregado) VALUES (5089,764523,1,1890,1890,@@@NO@@@)','',2,'2013-07-11'),(37588,'INSERT INTO gne_vale_ferreteria (vfe_id,vfe_fecha,vfe_total,vfe_estado,vfe_entregado,usu_nusuario) VALUES (5090,@@@2013.07.11@@@,390,1,0,@@@G_DIAZ@@@)','',2,'2013-07-11'),(37589,'INSERT INTO gne_vale_ferreteria_mov (vfe_id,pro_codigo_plu,vfm_cantidad,vfm_unitario,vfm_total,vfm_entregado) VALUES (5090,78017011,1,390,390,@@@NO@@@)','',2,'2013-07-11'),(37590,'INSERT INTO gne_vale_ferreteria (vfe_id,vfe_fecha,vfe_total,vfe_estado,vfe_entregado,usu_nusuario) VALUES (5091,@@@2013.07.11@@@,150,1,0,@@@G_DIAZ@@@)','',2,'2013-07-11'),(37591,'INSERT INTO gne_vale_ferreteria_mov (vfe_id,pro_codigo_plu,vfm_cantidad,vfm_unitario,vfm_total,vfm_entregado) VALUES (5091,1545,3,50,150,@@@NO@@@)','',2,'2013-07-11'),(37592,'INSERT INTO gne_vale_ferreteria (vfe_id,vfe_fecha,vfe_total,vfe_estado,vfe_entregado,usu_nusuario) VALUES (5092,@@@2013.07.11@@@,2380,1,0,@@@G_DIAZ@@@)','',2,'2013-07-11'),(37593,'INSERT INTO gne_vale_ferreteria_mov (vfe_id,pro_codigo_plu,vfm_cantidad,vfm_unitario,vfm_total,vfm_entregado) VALUES (5092,764909,1,1990,1990,@@@NO@@@)','',2,'2013-07-11'),(37594,'INSERT INTO gne_vale_ferreteria_mov (vfe_id,pro_codigo_plu,vfm_cantidad,vfm_unitario,vfm_total,vfm_entregado) VALUES (5092,780220121,1,390,390,@@@NO@@@)','',2,'2013-07-11'),(37595,'INSERT INTO gne_vale_ferreteria (vfe_id,vfe_fecha,vfe_total,vfe_estado,vfe_entregado,usu_nusuario) VALUES (5093,@@@2013.07.11@@@,160,1,0,@@@G_DIAZ@@@)','',2,'2013-07-11'),(37596,'INSERT INTO gne_vale_ferreteria_mov (vfe_id,pro_codigo_plu,vfm_cantidad,vfm_unitario,vfm_total,vfm_entregado) VALUES (5093,78017153,1,30,30,@@@NO@@@)','',2,'2013-07-11'),(37597,'INSERT INTO gne_vale_ferreteria_mov (vfe_id,pro_codigo_plu,vfm_cantidad,vfm_unitario,vfm_total,vfm_entregado) VALUES (5093,4801,2,30,60,@@@NO@@@)','',2,'2013-07-11'),(37598,'INSERT INTO gne_vale_ferreteria_mov (vfe_id,pro_codigo_plu,vfm_cantidad,vfm_unitario,vfm_total,vfm_entregado) VALUES (5093,78017028,1,70,70,@@@NO@@@)','',2,'2013-07-11'),(37599,'INSERT INTO gne_vale_ferreteria (vfe_id,vfe_fecha,vfe_total,vfe_estado,vfe_entregado,usu_nusuario) VALUES (5094,@@@2013.07.11@@@,590,1,0,@@@G_DIAZ@@@)','',2,'2013-07-11'),(37600,'INSERT INTO gne_vale_ferreteria_mov (vfe_id,pro_codigo_plu,vfm_cantidad,vfm_unitario,vfm_total,vfm_entregado) VALUES (5094,4090,1,390,390,@@@NO@@@)','',2,'2013-07-11'),(37601,'INSERT INTO gne_vale_ferreteria_mov (vfe_id,pro_codigo_plu,vfm_cantidad,vfm_unitario,vfm_total,vfm_entregado) VALUES (5094,7052,1,200,200,@@@NO@@@)','',2,'2013-07-11'),(37602,'INSERT INTO gne_vale_ferreteria (vfe_id,vfe_fecha,vfe_total,vfe_estado,vfe_entregado,usu_nusuario) VALUES (5095,@@@2013.07.11@@@,420,1,0,@@@G_DIAZ@@@)','',2,'2013-07-11'),(37603,'INSERT INTO gne_vale_ferreteria_mov (vfe_id,pro_codigo_plu,vfm_cantidad,vfm_unitario,vfm_total,vfm_entregado) VALUES (5095,78017049,1,300,300,@@@NO@@@)','',2,'2013-07-11'),(37604,'INSERT INTO gne_vale_ferreteria_mov (vfe_id,pro_codigo_plu,vfm_cantidad,vfm_unitario,vfm_total,vfm_entregado) VALUES (5095,761335,1,120,120,@@@NO@@@)','',2,'2013-07-11'),(37605,'INSERT INTO gne_vale_ferreteria (vfe_id,vfe_fecha,vfe_total,vfe_estado,vfe_entregado,usu_nusuario) VALUES (5096,@@@2013.07.11@@@,1290,1,0,@@@G_DIAZ@@@)','',2,'2013-07-11'),(37606,'INSERT INTO gne_vale_ferreteria_mov (vfe_id,pro_codigo_plu,vfm_cantidad,vfm_unitario,vfm_total,vfm_entregado) VALUES (5096,764315,1,1290,1290,@@@NO@@@)','',2,'2013-07-11'),(37607,'UPDATE mae_productos SET pro_precio_venta=2990,pro_margen_actual=50.26, pro_precio_compra_bruto=1989.94, pro_precio_compra_neto=1672.21848739496 WHERE pro_codigo_plu=102470','',2,'2013-07-11'),(37608,'UPDATE mae_productos SET pro_precio_fiscal=pro_precio_venta WHERE pro_codigo_plu=102470','',2,'2013-07-11'),(37609,'UPDATE mae_productos SET pro_precio_compra_bruto=1989.94,pro_margen_actual=(pro_precio_venta-1989.94)/1989.94 * 100,pro_ultima_compra=@@@2013.07.11@@@,pro_ultimo_proveedor=@@@81788500-4@@@ WHERE pro_codigo_plu=102470','',2,'2013-07-11'),(37610,'UPDATE mae_productos SET pro_precio_compra_bruto=250.07,pro_margen_actual=(pro_precio_venta-250.07)/250.07 * 100,pro_ultima_compra=@@@2013.07.11@@@,pro_ultimo_proveedor=@@@81788500-4@@@ WHERE pro_codigo_plu=102408','',2,'2013-07-11'),(37611,'UPDATE mae_productos SET pro_precio_compra_bruto=179.01,pro_margen_actual=(pro_precio_venta-179.01)/179.01 * 100,pro_ultima_compra=@@@2013.07.11@@@,pro_ultimo_proveedor=@@@81788500-4@@@ WHERE pro_codigo_plu=12608','',2,'2013-07-11'),(37612,'UPDATE mae_productos SET pro_precio_compra_bruto=656.48,pro_margen_actual=(pro_precio_venta-656.48)/656.48 * 100,pro_ultima_compra=@@@2013.07.11@@@,pro_ultimo_proveedor=@@@81788500-4@@@ WHERE pro_codigo_plu=2008','',2,'2013-07-11'),(37613,'UPDATE mae_productos SET pro_precio_compra_bruto=2242.31,pro_margen_actual=(pro_precio_venta-2242.31)/2242.31 * 100,pro_ultima_compra=@@@2013.07.11@@@,pro_ultimo_proveedor=@@@81788500-4@@@ WHERE pro_codigo_plu=10944','',2,'2013-07-11'),(37614,'UPDATE mae_productos SET pro_precio_compra_bruto=2022.18,pro_margen_actual=(pro_precio_venta-2022.18)/2022.18 * 100,pro_ultima_compra=@@@2013.07.11@@@,pro_ultimo_proveedor=@@@81788500-4@@@ WHERE pro_codigo_plu=102115','',2,'2013-07-11'),(37615,'UPDATE mae_productos SET pro_precio_compra_bruto=549.98,pro_margen_actual=(pro_precio_venta-549.98)/549.98 * 100,pro_ultima_compra=@@@2013.07.11@@@,pro_ultimo_proveedor=@@@81788500-4@@@ WHERE pro_codigo_plu=11670','',2,'2013-07-11'),(37616,'UPDATE mae_productos SET pro_precio_compra_bruto=2016.59,pro_margen_actual=(pro_precio_venta-2016.59)/2016.59 * 100,pro_ultima_compra=@@@2013.07.11@@@,pro_ultimo_proveedor=@@@81788500-4@@@ WHERE pro_codigo_plu=762880','',2,'2013-07-11'),(37617,'UPDATE mae_productos SET pro_precio_compra_bruto=432.23,pro_margen_actual=(pro_precio_venta-432.23)/432.23 * 100,pro_ultima_compra=@@@2013.07.11@@@,pro_ultimo_proveedor=@@@81788500-4@@@ WHERE pro_codigo_plu=11378','',2,'2013-07-11'),(37618,'INSERT INTO gne_vale_ferreteria (vfe_id,vfe_fecha,vfe_total,vfe_estado,vfe_entregado,usu_nusuario) VALUES (5097,@@@2013.07.11@@@,2150,1,0,@@@G_DIAZ@@@)','',2,'2013-07-11'),(37619,'INSERT INTO gne_vale_ferreteria_mov (vfe_id,pro_codigo_plu,vfm_cantidad,vfm_unitario,vfm_total,vfm_entregado) VALUES (5097,4004,1,1890,1890,@@@NO@@@)','',2,'2013-07-11'),(37620,'INSERT INTO gne_vale_ferreteria_mov (vfe_id,pro_codigo_plu,vfm_cantidad,vfm_unitario,vfm_total,vfm_entregado) VALUES (5097,15967,2,130,260,@@@NO@@@)','',2,'2013-07-11'),(37621,'INSERT INTO gne_vale_ferreteria (vfe_id,vfe_fecha,vfe_total,vfe_estado,vfe_entregado,usu_nusuario) VALUES (5098,@@@2013.07.11@@@,1060,1,0,@@@G_DIAZ@@@)','',2,'2013-07-11'),(37622,'INSERT INTO gne_vale_ferreteria_mov (vfe_id,pro_codigo_plu,vfm_cantidad,vfm_unitario,vfm_total,vfm_entregado) VALUES (5098,15955,2,530,1060,@@@NO@@@)','',2,'2013-07-11'),(37623,'UPDATE mae_productos SET pro_precio_compra_bruto=1700,pro_margen_actual=(pro_precio_venta-1700)/1700 * 100,pro_ultima_compra=@@@2013.07.11@@@,pro_ultimo_proveedor=@@@14094193-K@@@ WHERE pro_codigo_plu=209','',2,'2013-07-11'),(37624,'UPDATE mae_productos SET pro_precio_compra_bruto=1600.003,pro_margen_actual=(pro_precio_venta-1600.003)/1600.003 * 100,pro_ultima_compra=@@@2013.07.11@@@,pro_ultimo_proveedor=@@@14094193-K@@@ WHERE pro_codigo_plu=306','',2,'2013-07-11'),(37625,'INSERT INTO gne_vale_ferreteria (vfe_id,vfe_fecha,vfe_total,vfe_estado,vfe_entregado,usu_nusuario) VALUES (5099,@@@2013.07.11@@@,3490,1,0,@@@G_DIAZ@@@)','',2,'2013-07-11'),(37626,'INSERT INTO gne_vale_ferreteria_mov (vfe_id,pro_codigo_plu,vfm_cantidad,vfm_unitario,vfm_total,vfm_entregado) VALUES (5099,21108,1,3490,3490,@@@NO@@@)','',2,'2013-07-11'),(37627,'INSERT INTO gne_vale_ferreteria (vfe_id,vfe_fecha,vfe_total,vfe_estado,vfe_entregado,usu_nusuario) VALUES (5100,@@@2013.07.11@@@,2990,1,0,@@@G_DIAZ@@@)','',2,'2013-07-11'),(37628,'INSERT INTO gne_vale_ferreteria_mov (vfe_id,pro_codigo_plu,vfm_cantidad,vfm_unitario,vfm_total,vfm_entregado) VALUES (5100,78016970,1,2990,2990,@@@NO@@@)','',2,'2013-07-11'),(37629,'INSERT INTO gne_vale_ferreteria (vfe_id,vfe_fecha,vfe_total,vfe_estado,vfe_entregado,usu_nusuario) VALUES (5101,@@@2013.07.11@@@,1990,1,0,@@@G_DIAZ@@@)','',2,'2013-07-11'),(37630,'INSERT INTO gne_vale_ferreteria_mov (vfe_id,pro_codigo_plu,vfm_cantidad,vfm_unitario,vfm_total,vfm_entregado) VALUES (5101,102727,1,1990,1990,@@@NO@@@)','',2,'2013-07-11'),(37631,'INSERT INTO gne_vale_ferreteria (vfe_id,vfe_fecha,vfe_total,vfe_estado,vfe_entregado,usu_nusuario) VALUES (5102,@@@2013.07.11@@@,960,1,0,@@@G_DIAZ@@@)','',2,'2013-07-11'),(37632,'INSERT INTO gne_vale_ferreteria_mov (vfe_id,pro_codigo_plu,vfm_cantidad,vfm_unitario,vfm_total,vfm_entregado) VALUES (5102,770096,2,480,960,@@@NO@@@)','',2,'2013-07-11'),(37633,'INSERT INTO gne_vale_ferreteria (vfe_id,vfe_fecha,vfe_total,vfe_estado,vfe_entregado,usu_nusuario) VALUES (5103,@@@2013.07.11@@@,590,1,0,@@@G_DIAZ@@@)','',2,'2013-07-11'),(37634,'INSERT INTO gne_vale_ferreteria_mov (vfe_id,pro_codigo_plu,vfm_cantidad,vfm_unitario,vfm_total,vfm_entregado) VALUES (5103,764700,1,590,590,@@@NO@@@)','',2,'2013-07-11'),(37635,'INSERT INTO gne_vale_ferreteria (vfe_id,vfe_fecha,vfe_total,vfe_estado,vfe_entregado,usu_nusuario) VALUES (5104,@@@2013.07.11@@@,1890,1,0,@@@G_DIAZ@@@)','',2,'2013-07-11'),(37636,'INSERT INTO gne_vale_ferreteria_mov (vfe_id,pro_codigo_plu,vfm_cantidad,vfm_unitario,vfm_total,vfm_entregado) VALUES (5104,101845,1,1890,1890,@@@NO@@@)','',2,'2013-07-11'),(37637,'INSERT INTO gpr_pack_virtual (pav_id,pav_nombre,pav_total_pack,pav_total_descuento,pav_desde,pav_hasta,pav_tipo,pav_precio,pav_lleva,pav_paga,pav_descuento,pav_porcentaje,pav_oferta_exclusiva,pav_agotar_stock,pav_stock,pav_costo,pav_margen) VALUES (28,@@@PACK HAMBURGUEZAS SUPER POLLO 10 X $990@@@,990,310,@@@2013-07-11@@@,@@@2013-07-31@@@,@@@PA@@@,130,10,7.6,2.4,1,@@@NO@@@,@@@SI@@@,300,0,0)','',2,'2013-07-11'),(37638,'INSERT INTO gpr_pack_virtual_mov (pav_id,pro_codigo_plu,pvm_precio,pvm_total,pvm_lleva,pvm_paga,pvm_descuento,pvm_porcentaje,pvm_total_normal,pvm_descuento_linea,pvm_costo,pvm_margen) VALUES (28,19719,130,0,1,1,0,0,130,31,0,0)','',2,'2013-07-11'),(37639,'INSERT INTO gpr_pack_virtual_horario (pav_id,pvh_dia,pvh_hora_desde,pvh_hora_hasta) VALUES (28,99,@@@00:00@@@,@@@23:59@@@)','',2,'2013-07-11'),(37640,'INSERT INTO gne_vale_ferreteria (vfe_id,vfe_fecha,vfe_total,vfe_estado,vfe_entregado,usu_nusuario) VALUES (5105,@@@2013.07.11@@@,899,1,0,@@@G_DIAZ@@@)','',2,'2013-07-11'),(37641,'INSERT INTO gne_vale_ferreteria_mov (vfe_id,pro_codigo_plu,vfm_cantidad,vfm_unitario,vfm_total,vfm_entregado) VALUES (5105,762551,1,899,899,@@@NO@@@)','',2,'2013-07-11'),(37642,'INSERT INTO gne_vale_ferreteria (vfe_id,vfe_fecha,vfe_total,vfe_estado,vfe_entregado,usu_nusuario) VALUES (5106,@@@2013.07.11@@@,1000,1,0,@@@G_DIAZ@@@)','',2,'2013-07-11'),(37643,'INSERT INTO gne_vale_ferreteria_mov (vfe_id,pro_codigo_plu,vfm_cantidad,vfm_unitario,vfm_total,vfm_entregado) VALUES (5106,770065,10,100,1000,@@@NO@@@)','',2,'2013-07-11'),(37644,'INSERT INTO gne_vale_ferreteria (vfe_id,vfe_fecha,vfe_total,vfe_estado,vfe_entregado,usu_nusuario) VALUES (5107,@@@2013.07.11@@@,100,1,0,@@@G_DIAZ@@@)','',2,'2013-07-11'),(37645,'INSERT INTO gne_vale_ferreteria_mov (vfe_id,pro_codigo_plu,vfm_cantidad,vfm_unitario,vfm_total,vfm_entregado) VALUES (5107,770065,1,100,100,@@@NO@@@)','',2,'2013-07-11'),(37646,'INSERT INTO gpr_pack_virtual (pav_id,pav_nombre,pav_total_pack,pav_total_descuento,pav_desde,pav_hasta,pav_tipo,pav_precio,pav_lleva,pav_paga,pav_descuento,pav_porcentaje,pav_oferta_exclusiva,pav_agotar_stock,pav_stock,pav_costo,pav_margen) VALUES (29,@@@HAMBURGUEZAS SUPER CERDO 10 X $990@@@,990,510,@@@2013-07-11@@@,@@@2013-07-31@@@,@@@PA@@@,150,10,6.58,3.42,1,@@@NO@@@,@@@SI@@@,300,0,0)','',2,'2013-07-11'),(37647,'INSERT INTO gpr_pack_virtual_mov (pav_id,pro_codigo_plu,pvm_precio,pvm_total,pvm_lleva,pvm_paga,pvm_descuento,pvm_porcentaje,pvm_total_normal,pvm_descuento_linea,pvm_costo,pvm_margen) VALUES (29,19748,150,0,1,1,0,0,150,51,0,0)','',2,'2013-07-11'),(37648,'INSERT INTO gpr_pack_virtual_horario (pav_id,pvh_dia,pvh_hora_desde,pvh_hora_hasta) VALUES (29,99,@@@00:00@@@,@@@23:59@@@)','',2,'2013-07-11'),(37649,'INSERT INTO gne_vale_ferreteria (vfe_id,vfe_fecha,vfe_total,vfe_estado,vfe_entregado,usu_nusuario) VALUES (5108,@@@2013.07.11@@@,690,1,0,@@@G_DIAZ@@@)','',2,'2013-07-11'),(37650,'INSERT INTO gne_vale_ferreteria_mov (vfe_id,pro_codigo_plu,vfm_cantidad,vfm_unitario,vfm_total,vfm_entregado) VALUES (5108,761436,1,690,690,@@@NO@@@)','',2,'2013-07-11'),(37651,'INSERT INTO gne_vale_ferreteria (vfe_id,vfe_fecha,vfe_total,vfe_estado,vfe_entregado,usu_nusuario) VALUES (5109,@@@2013.07.11@@@,2250,1,0,@@@G_DIAZ@@@)','',2,'2013-07-11'),(37652,'INSERT INTO gne_vale_ferreteria_mov (vfe_id,pro_codigo_plu,vfm_cantidad,vfm_unitario,vfm_total,vfm_entregado) VALUES (5109,4801,25,30,750,@@@NO@@@)','',2,'2013-07-11'),(37653,'INSERT INTO gne_vale_ferreteria_mov (vfe_id,pro_codigo_plu,vfm_cantidad,vfm_unitario,vfm_total,vfm_entregado) VALUES (5109,78017153,50,30,1500,@@@NO@@@)','',2,'2013-07-11'),(37654,'INSERT INTO gne_vale_ferreteria (vfe_id,vfe_fecha,vfe_total,vfe_estado,vfe_entregado,usu_nusuario) VALUES (5110,@@@2013.07.11@@@,150,1,0,@@@G_DIAZ@@@)','',2,'2013-07-11'),(37655,'INSERT INTO gne_vale_ferreteria_mov (vfe_id,pro_codigo_plu,vfm_cantidad,vfm_unitario,vfm_total,vfm_entregado) VALUES (5110,763595,1,150,150,@@@NO@@@)','',2,'2013-07-11'),(37656,'INSERT INTO gne_vale_ferreteria (vfe_id,vfe_fecha,vfe_total,vfe_estado,vfe_entregado,usu_nusuario) VALUES (5111,@@@2013.07.11@@@,150,1,0,@@@G_DIAZ@@@)','',2,'2013-07-11'),(37657,'INSERT INTO gne_vale_ferreteria_mov (vfe_id,pro_codigo_plu,vfm_cantidad,vfm_unitario,vfm_total,vfm_entregado) VALUES (5111,8021,1,150,150,@@@NO@@@)','',2,'2013-07-11'),(37658,'INSERT INTO gne_vale_ferreteria (vfe_id,vfe_fecha,vfe_total,vfe_estado,vfe_entregado,usu_nusuario) VALUES (5112,@@@2013.07.11@@@,300,1,0,@@@G_DIAZ@@@)','',2,'2013-07-11'),(37659,'INSERT INTO gne_vale_ferreteria_mov (vfe_id,pro_codigo_plu,vfm_cantidad,vfm_unitario,vfm_total,vfm_entregado) VALUES (5112,78017049,1,300,300,@@@NO@@@)','',2,'2013-07-11'),(37660,'UPDATE mae_productos SET pro_codigo_barra=@@@7809611700063@@@,pro_tipo=@@@0@@@,pro_nombre_producto=@@@HAMBURGUESA SUPER CERDO 55 GRS@@@,pro_nombre_corto=@@@HAMBURGUESA CERD@@@,med_id=@@@5@@@,emb_id=@@@4@@@,pro_unidades_embalaje=@@@80@@@,dep_id=@@@20 @@@,lin_id=@@@108@@@,mar_id=@@@526@@@,pro_precio_compra_neto=@@@0@@@,pro_precio_compra_bruto=@@@0@@@,pro_precio_venta=@@@130@@@,pro_margen_actual=@@@0@@@,pro_oferta=@@@NO@@@,pro_fecha_inicio_oferta=@@@1900.01.01@@@,pro_fecha_termino_oferta=@@@1900.01.01@@@,pro_precio_oferta=@@@0@@@,pro_stock_minimo=@@@80@@@,pro_stock_critico=@@@40@@@,pro_activo=@@@1@@@,pro_unidad=@@@0@@@,pro_precio_compra_bruto=0,pro_margen_actual=0,pro_capacidad=0.055,pro_funcion_plu=0,pro_flejes=1,pro_iva=1,pro_plu_asociado=0,pro_envase=@@@NO@@@,pro_duracion=0,pro_numero_etiqueta=0 WHERE pro_codigo_plu=@@@19748@@@','',2,'2013-07-11'),(37661,'UPDATE mae_productos SET pro_estado=1 WHERE pro_codigo_plu=19748','',2,'2013-07-11'),(37662,'DELETE FROM mae_impuestos_productos WHERE pro_codigo_plu=@@@19748@@@','',2,'2013-07-11'),(37663,'INSERT INTO gne_vale_ferreteria (vfe_id,vfe_fecha,vfe_total,vfe_estado,vfe_entregado,usu_nusuario) VALUES (5113,@@@2013.07.11@@@,600,1,0,@@@G_DIAZ@@@)','',2,'2013-07-11'),(37664,'INSERT INTO gne_vale_ferreteria_mov (vfe_id,pro_codigo_plu,vfm_cantidad,vfm_unitario,vfm_total,vfm_entregado) VALUES (5113,764770,20,30,600,@@@NO@@@)','',2,'2013-07-11'),(37665,'INSERT INTO gne_vale_ferreteria (vfe_id,vfe_fecha,vfe_total,vfe_estado,vfe_entregado,usu_nusuario) VALUES (5114,@@@2013.07.11@@@,200,1,0,@@@G_DIAZ@@@)','',2,'2013-07-11'),(37666,'INSERT INTO gne_vale_ferreteria_mov (vfe_id,pro_codigo_plu,vfm_cantidad,vfm_unitario,vfm_total,vfm_entregado) VALUES (5114,1069,1,200,200,@@@NO@@@)','',2,'2013-07-11'),(37667,'INSERT INTO gne_vale_ferreteria (vfe_id,vfe_fecha,vfe_total,vfe_estado,vfe_entregado,usu_nusuario) VALUES (5115,@@@2013.07.11@@@,90,1,0,@@@G_DIAZ@@@)','',2,'2013-07-11'),(37668,'INSERT INTO gne_vale_ferreteria_mov (vfe_id,pro_codigo_plu,vfm_cantidad,vfm_unitario,vfm_total,vfm_entregado) VALUES (5115,78017026,1,90,90,@@@NO@@@)','',2,'2013-07-11'),(37669,'INSERT INTO gne_vale_ferreteria (vfe_id,vfe_fecha,vfe_total,vfe_estado,vfe_entregado,usu_nusuario) VALUES (5116,@@@2013.07.11@@@,200,1,0,@@@G_DIAZ@@@)','',2,'2013-07-11'),(37670,'INSERT INTO gne_vale_ferreteria_mov (vfe_id,pro_codigo_plu,vfm_cantidad,vfm_unitario,vfm_total,vfm_entregado) VALUES (5116,78017194,1,200,200,@@@NO@@@)','',2,'2013-07-11'),(37671,'INSERT INTO gne_vale_ferreteria (vfe_id,vfe_fecha,vfe_total,vfe_estado,vfe_entregado,usu_nusuario) VALUES (5117,@@@2013.07.11@@@,590,1,0,@@@G_DIAZ@@@)','',2,'2013-07-11'),(37672,'INSERT INTO gne_vale_ferreteria_mov (vfe_id,pro_codigo_plu,vfm_cantidad,vfm_unitario,vfm_total,vfm_entregado) VALUES (5117,4098,1,590,590,@@@NO@@@)','',2,'2013-07-11'),(37673,'INSERT INTO gne_vale_ferreteria (vfe_id,vfe_fecha,vfe_total,vfe_estado,vfe_entregado,usu_nusuario) VALUES (5118,@@@2013.07.11@@@,290,1,0,@@@G_DIAZ@@@)','',2,'2013-07-11'),(37674,'INSERT INTO gne_vale_ferreteria_mov (vfe_id,pro_codigo_plu,vfm_cantidad,vfm_unitario,vfm_total,vfm_entregado) VALUES (5118,78017145,1,290,290,@@@NO@@@)','',2,'2013-07-11'),(37675,'INSERT INTO gne_vale_ferreteria (vfe_id,vfe_fecha,vfe_total,vfe_estado,vfe_entregado,usu_nusuario) VALUES (5119,@@@2013.07.11@@@,1180,1,0,@@@G_DIAZ@@@)','',2,'2013-07-11'),(37676,'INSERT INTO gne_vale_ferreteria_mov (vfe_id,pro_codigo_plu,vfm_cantidad,vfm_unitario,vfm_total,vfm_entregado) VALUES (5119,15485,1,590,590,@@@NO@@@)','',2,'2013-07-11'),(37677,'INSERT INTO gne_vale_ferreteria_mov (vfe_id,pro_codigo_plu,vfm_cantidad,vfm_unitario,vfm_total,vfm_entregado) VALUES (5119,101881,1,590,590,@@@NO@@@)','',2,'2013-07-11'),(37678,'INSERT INTO gne_vale_ferreteria (vfe_id,vfe_fecha,vfe_total,vfe_estado,vfe_entregado,usu_nusuario) VALUES (5120,@@@2013.07.11@@@,70,1,0,@@@G_DIAZ@@@)','',2,'2013-07-11'),(37679,'INSERT INTO gne_vale_ferreteria_mov (vfe_id,pro_codigo_plu,vfm_cantidad,vfm_unitario,vfm_total,vfm_entregado) VALUES (5120,78017028,1,70,70,@@@NO@@@)','',2,'2013-07-11'),(37680,'INSERT INTO gne_vale_ferreteria (vfe_id,vfe_fecha,vfe_total,vfe_estado,vfe_entregado,usu_nusuario) VALUES (5121,@@@2013.07.11@@@,840,1,0,@@@G_DIAZ@@@)','',2,'2013-07-11'),(37681,'INSERT INTO gne_vale_ferreteria_mov (vfe_id,pro_codigo_plu,vfm_cantidad,vfm_unitario,vfm_total,vfm_entregado) VALUES (5121,11670,1,840,840,@@@NO@@@)','',2,'2013-07-11'),(37682,'INSERT INTO gne_vale_ferreteria (vfe_id,vfe_fecha,vfe_total,vfe_estado,vfe_entregado,usu_nusuario) VALUES (5122,@@@2013.07.11@@@,490,1,0,@@@G_DIAZ@@@)','',2,'2013-07-11'),(37683,'INSERT INTO gne_vale_ferreteria_mov (vfe_id,pro_codigo_plu,vfm_cantidad,vfm_unitario,vfm_total,vfm_entregado) VALUES (5122,1538,1,490,490,@@@NO@@@)','',2,'2013-07-11'),(37684,'INSERT INTO gne_vale_ferreteria (vfe_id,vfe_fecha,vfe_total,vfe_estado,vfe_entregado,usu_nusuario) VALUES (5123,@@@2013.07.11@@@,250,1,0,@@@G_DIAZ@@@)','',2,'2013-07-11'),(37685,'INSERT INTO gne_vale_ferreteria_mov (vfe_id,pro_codigo_plu,vfm_cantidad,vfm_unitario,vfm_total,vfm_entregado) VALUES (5123,78017105,1,250,250,@@@NO@@@)','',2,'2013-07-11'),(37686,'INSERT INTO gne_vale_ferreteria (vfe_id,vfe_fecha,vfe_total,vfe_estado,vfe_entregado,usu_nusuario) VALUES (5124,@@@2013.07.11@@@,490,1,0,@@@G_DIAZ@@@)','',2,'2013-07-11'),(37687,'INSERT INTO gne_vale_ferreteria_mov (vfe_id,pro_codigo_plu,vfm_cantidad,vfm_unitario,vfm_total,vfm_entregado) VALUES (5124,764581,1,490,490,@@@NO@@@)','',2,'2013-07-11'),(37688,'INSERT INTO gne_vale_ferreteria (vfe_id,vfe_fecha,vfe_total,vfe_estado,vfe_entregado,usu_nusuario) VALUES (5125,@@@2013.07.11@@@,490,1,0,@@@G_DIAZ@@@)','',2,'2013-07-11'),(37689,'INSERT INTO gne_vale_ferreteria_mov (vfe_id,pro_codigo_plu,vfm_cantidad,vfm_unitario,vfm_total,vfm_entregado) VALUES (5125,770071,1,490,490,@@@NO@@@)','',2,'2013-07-11'),(37690,'INSERT INTO gne_vale_ferreteria (vfe_id,vfe_fecha,vfe_total,vfe_estado,vfe_entregado,usu_nusuario) VALUES (5126,@@@2013.07.11@@@,1990,1,0,@@@G_DIAZ@@@)','',2,'2013-07-11'),(37691,'INSERT INTO gne_vale_ferreteria_mov (vfe_id,pro_codigo_plu,vfm_cantidad,vfm_unitario,vfm_total,vfm_entregado) VALUES (5126,780721201,1,1990,1990,@@@NO@@@)','',2,'2013-07-11'),(37692,'INSERT INTO gne_vale_ferreteria (vfe_id,vfe_fecha,vfe_total,vfe_estado,vfe_entregado,usu_nusuario) VALUES (5127,@@@2013.07.11@@@,2680,1,0,@@@G_DIAZ@@@)','',2,'2013-07-11'),(37693,'INSERT INTO gne_vale_ferreteria_mov (vfe_id,pro_codigo_plu,vfm_cantidad,vfm_unitario,vfm_total,vfm_entregado) VALUES (5127,780721201,1,1990,1990,@@@NO@@@)','',2,'2013-07-11'),(37694,'INSERT INTO gne_vale_ferreteria_mov (vfe_id,pro_codigo_plu,vfm_cantidad,vfm_unitario,vfm_total,vfm_entregado) VALUES (5127,770091,1,690,690,@@@NO@@@)','',2,'2013-07-11'),(37695,'INSERT INTO com_ventas_grupo (vgr_fecha,vgr_grupo,vgr_cantidad,vgr_total) VALUES (@@@2013.07.11@@@,1,162.075,103493)','',2,'2013-07-12'),(37696,'INSERT INTO com_ventas_grupo (vgr_fecha,vgr_grupo,vgr_cantidad,vgr_total) VALUES (@@@2013.07.11@@@,2,252.57,97913)','',2,'2013-07-12'),(37697,'INSERT INTO com_ventas_grupo (vgr_fecha,vgr_grupo,vgr_cantidad,vgr_total) VALUES (@@@2013.07.11@@@,3,248,55504)','',2,'2013-07-12'),(37698,'INSERT INTO com_ventas_grupo (vgr_fecha,vgr_grupo,vgr_cantidad,vgr_total) VALUES (@@@2013.07.11@@@,4,79,64328)','',2,'2013-07-12'),(37699,'INSERT INTO com_ventas_grupo (vgr_fecha,vgr_grupo,vgr_cantidad,vgr_total) VALUES (@@@2013.07.11@@@,5,6,21060)','',2,'2013-07-12'),(37700,'INSERT INTO com_ventas_grupo (vgr_fecha,vgr_grupo,vgr_cantidad,vgr_total) VALUES (@@@2013.07.11@@@,6,20,38468)','',2,'2013-07-12'),(37701,'INSERT INTO com_ventas_grupo (vgr_fecha,vgr_grupo,vgr_cantidad,vgr_total) VALUES (@@@2013.07.11@@@,7,24,49307)','',2,'2013-07-12'),(37702,'INSERT INTO com_ventas_grupo (vgr_fecha,vgr_grupo,vgr_cantidad,vgr_total) VALUES (@@@2013.07.11@@@,8,33,19060)','',2,'2013-07-12'),(37703,'INSERT INTO com_ventas_grupo (vgr_fecha,vgr_grupo,vgr_cantidad,vgr_total) VALUES (@@@2013.07.11@@@,9,62.01,95267)','',2,'2013-07-12'),(37704,'INSERT INTO com_ventas_grupo (vgr_fecha,vgr_grupo,vgr_cantidad,vgr_total) VALUES (@@@2013.07.11@@@,10,42.185,170992)','',2,'2013-07-12'),(37705,'INSERT INTO com_ventas_grupo (vgr_fecha,vgr_grupo,vgr_cantidad,vgr_total) VALUES (@@@2013.07.11@@@,11,30.435,63495)','',2,'2013-07-12'),(37706,'INSERT INTO com_ventas_grupo (vgr_fecha,vgr_grupo,vgr_cantidad,vgr_total) VALUES (@@@2013.07.11@@@,12,55.965,86794)','',2,'2013-07-12'),(37707,'INSERT INTO com_ventas_grupo (vgr_fecha,vgr_grupo,vgr_cantidad,vgr_total) VALUES (@@@2013.07.11@@@,13,12.045,33856)','',2,'2013-07-12'),(37708,'INSERT INTO com_ventas_grupo (vgr_fecha,vgr_grupo,vgr_cantidad,vgr_total) VALUES (@@@2013.07.11@@@,14,99.165,91182)','',2,'2013-07-12'),(37709,'INSERT INTO com_ventas_grupo (vgr_fecha,vgr_grupo,vgr_cantidad,vgr_total) VALUES (@@@2013.07.11@@@,15,1,1990)','',2,'2013-07-12'),(37710,'INSERT INTO com_ventas_grupo (vgr_fecha,vgr_grupo,vgr_cantidad,vgr_total) VALUES (@@@2013.07.11@@@,18,203.52,123492)','',2,'2013-07-12'),(37711,'INSERT INTO com_ventas_grupo (vgr_fecha,vgr_grupo,vgr_cantidad,vgr_total) VALUES (@@@2013.07.11@@@,20,93.48,29120)','',2,'2013-07-12'),(37712,'INSERT INTO com_ventas_grupo (vgr_fecha,vgr_grupo,vgr_cantidad,vgr_total) VALUES (@@@2013.07.11@@@,21,41,39549)','',2,'2013-07-12'),(37713,'INSERT INTO com_ventas_grupo (vgr_fecha,vgr_grupo,vgr_cantidad,vgr_total) VALUES (@@@2013.07.11@@@,23,3,6170)','',2,'2013-07-12'),(37714,'INSERT INTO com_ventas_grupo (vgr_fecha,vgr_grupo,vgr_cantidad,vgr_total) VALUES (@@@2013.07.11@@@,24,112,15130)','',2,'2013-07-12'),(37715,'INSERT INTO com_ventas_grupo (vgr_fecha,vgr_grupo,vgr_cantidad,vgr_total) VALUES (@@@2013.07.11@@@,25,95,133900)','',2,'2013-07-12'),(37716,'INSERT INTO com_ventas_grupo (vgr_fecha,vgr_grupo,vgr_cantidad,vgr_total) VALUES (@@@2013.07.11@@@,31,5,3360)','',2,'2013-07-12'),(37717,'INSERT INTO com_ventas_grupo (vgr_fecha,vgr_grupo,vgr_cantidad,vgr_total) VALUES (@@@2013.07.11@@@,32,306,130761)','',2,'2013-07-12'),(37718,'INSERT INTO com_ventas_grupo (vgr_fecha,vgr_grupo,vgr_cantidad,vgr_total) VALUES (@@@2013.07.11@@@,35,15,19125)','',2,'2013-07-12'),(37719,'INSERT INTO com_ventas_grupo (vgr_fecha,vgr_grupo,vgr_cantidad,vgr_total) VALUES (@@@2013.07.11@@@,36,23,1730)','',2,'2013-07-12'),(37720,'INSERT INTO com_ventas_grupo (vgr_fecha,vgr_grupo,vgr_cantidad,vgr_total) VALUES (@@@2013.07.11@@@,37,8,5390)','',2,'2013-07-12'),(37721,'INSERT INTO com_ventas_grupo (vgr_fecha,vgr_grupo,vgr_cantidad,vgr_total) VALUES (@@@2013.07.11@@@,38,11,11290)','',2,'2013-07-12'),(37722,'INSERT INTO com_ventas_grupo (vgr_fecha,vgr_grupo,vgr_cantidad,vgr_total) VALUES (@@@2013.07.11@@@,39,3,4790)','',2,'2013-07-12'),(37723,'INSERT INTO com_ventas_grupo (vgr_fecha,vgr_grupo,vgr_cantidad,vgr_total) VALUES (@@@2013.07.11@@@,40,11060,11060)','',2,'2013-07-12'),(37724,'INSERT INTO com_ventas_grupo (vgr_fecha,vgr_grupo,vgr_cantidad,vgr_total) VALUES (@@@2013.07.11@@@,42,33.03,19417)','',2,'2013-07-12'),(37725,'UPDATE mae_datos_empresa SET emp_oferta=@@@NO@@@','',2,'2013-07-12'),(37726,'INSERT INTO gne_vale_ferreteria (vfe_id,vfe_fecha,vfe_total,vfe_estado,vfe_entregado,usu_nusuario) VALUES (5128,@@@2013.07.12@@@,2170,1,0,@@@b_SAEZ@@@)','',2,'2013-07-12'),(37727,'INSERT INTO gne_vale_ferreteria_mov (vfe_id,pro_codigo_plu,vfm_cantidad,vfm_unitario,vfm_total,vfm_entregado) VALUES (5128,764510,1,1990,1990,@@@NO@@@)','',2,'2013-07-12'),(37728,'INSERT INTO gne_vale_ferreteria_mov (vfe_id,pro_codigo_plu,vfm_cantidad,vfm_unitario,vfm_total,vfm_entregado) VALUES (5128,15745,1,180,180,@@@NO@@@)','',2,'2013-07-12'),(37729,'UPDATE mae_productos SET pro_margen_actual=0,pro_precio_venta=150 WHERE pro_codigo_plu=19748','',2,'2013-07-12'),(37730,'INSERT INTO gne_vale_ferreteria (vfe_id,vfe_fecha,vfe_total,vfe_estado,vfe_entregado,usu_nusuario) VALUES (5129,@@@2013.07.12@@@,1970,1,0,@@@b_SAEZ@@@)','',2,'2013-07-12'),(37731,'INSERT INTO gne_vale_ferreteria_mov (vfe_id,pro_codigo_plu,vfm_cantidad,vfm_unitario,vfm_total,vfm_entregado) VALUES (5129,763672,1,1550,1550,@@@NO@@@)','',2,'2013-07-12'),(37732,'INSERT INTO gne_vale_ferreteria_mov (vfe_id,pro_codigo_plu,vfm_cantidad,vfm_unitario,vfm_total,vfm_entregado) VALUES (5129,763587,1,420,420,@@@NO@@@)','',2,'2013-07-12'),(37733,'UPDATE mae_productos SET pro_margen_actual=0,pro_precio_venta=499 WHERE pro_codigo_plu=572','',2,'2013-07-12'),(37734,'UPDATE mae_productos SET pro_margen_actual=0,pro_precio_venta=850 WHERE pro_codigo_plu=611','',2,'2013-07-12'),(37735,'UPDATE mae_productos SET pro_margen_actual=0,pro_precio_venta=600 WHERE pro_codigo_plu=550','',2,'2013-07-12'),(37736,'UPDATE mae_productos SET pro_margen_actual=0,pro_precio_venta=750 WHERE pro_codigo_plu=549','',2,'2013-07-12'),(37737,'UPDATE mae_productos SET pro_margen_actual=0,pro_precio_venta=590 WHERE pro_codigo_plu=607','',2,'2013-07-12'),(37738,'UPDATE mae_productos SET pro_precio_fiscal=pro_precio_venta WHERE pro_codigo_plu=549','',2,'2013-07-12'),(37739,'UPDATE mae_productos SET pro_precio_fiscal=pro_precio_venta WHERE pro_codigo_plu=550','',2,'2013-07-12'),(37740,'UPDATE mae_productos SET pro_precio_fiscal=pro_precio_venta WHERE pro_codigo_plu=572','',2,'2013-07-12'),(37741,'UPDATE mae_productos SET pro_precio_fiscal=pro_precio_venta WHERE pro_codigo_plu=607','',2,'2013-07-12'),(37742,'UPDATE mae_productos SET pro_precio_fiscal=pro_precio_venta WHERE pro_codigo_plu=611','',2,'2013-07-12'),(37743,'UPDATE mae_productos SET pro_codigo_barra=@@@540@@@,pro_tipo=@@@0@@@,pro_nombre_producto=@@@MORRON TROMPITO@@@,pro_nombre_corto=@@@MORRON TROMPITO@@@,med_id=@@@1@@@,emb_id=@@@1@@@,pro_unidades_embalaje=@@@1@@@,dep_id=@@@18 @@@,lin_id=@@@97@@@,mar_id=@@@2507@@@,pro_precio_compra_neto=@@@0@@@,pro_precio_compra_bruto=@@@0@@@,pro_precio_venta=@@@490@@@,pro_margen_actual=@@@1@@@,pro_oferta=@@@NO@@@,pro_fecha_inicio_oferta=@@@1900.01.01@@@,pro_fecha_termino_oferta=@@@1900.01.01@@@,pro_precio_oferta=@@@0@@@,pro_stock_minimo=@@@1@@@,pro_stock_critico=@@@1@@@,pro_activo=@@@1@@@,pro_unidad=@@@0@@@,pro_precio_compra_bruto=0,pro_margen_actual=1,pro_capacidad=1,pro_funcion_plu=0,pro_flejes=0,pro_iva=1,pro_plu_asociado=0,pro_envase=@@@NO@@@,pro_duracion=0,pro_numero_etiqueta=0 WHERE pro_codigo_plu=@@@540@@@','',2,'2013-07-12'),(37744,'UPDATE mae_productos SET pro_estado=1 WHERE pro_codigo_plu=540','',2,'2013-07-12'),(37745,'DELETE FROM mae_impuestos_productos WHERE pro_codigo_plu=@@@540@@@','',2,'2013-07-12'),(37746,'UPDATE mae_productos SET pro_precio_fiscal=pro_precio_venta WHERE pro_codigo_plu=540','',2,'2013-07-12'),(37747,'UPDATE gpr_pack_virtual SET pav_nombre=@@@PACK YOGHURT NESTLE 10 X $ 1200@@@,pav_total_pack=1200,pav_total_descuento=300,pav_desde=@@@2013-07-08@@@,pav_hasta=@@@2013-07-12@@@,pav_tipo=@@@PR@@@,pav_precio=0,pav_lleva=0,pav_paga=0,pav_descuento=0,pav_porcentaje=0,pav_oferta_exclusiva=@@@NO@@@,pav_agotar_stock=@@@SI@@@,pav_stock=200,pav_costo=1100,pav_margen=9.09 WHERE pav_id=21','',2,'2013-07-12'),(37748,'DELETE FROM gpr_pack_virtual_mov WHERE pav_id=21','',2,'2013-07-12'),(37749,'DELETE FROM gpr_pack_virtual_horario WHERE pav_id=21','',2,'2013-07-12'),(37750,'INSERT INTO gpr_pack_virtual_mov (pav_id,pro_codigo_plu,pvm_precio,pvm_total,pvm_lleva,pvm_paga,pvm_descuento,pvm_porcentaje,pvm_total_normal,pvm_descuento_linea,pvm_costo,pvm_margen) VALUES (21,16605,150,750,6,5,1,0,900,150,110,13.64),(21,16606,150,450,4,3,1,0,600,150,110,2.27)','',2,'2013-07-12'),(37751,'INSERT INTO gpr_pack_virtual_horario (pav_id,pvh_dia,pvh_hora_desde,pvh_hora_hasta) VALUES (21,99,@@@00:00@@@,@@@23:59@@@)','',2,'2013-07-12'),(37752,'UPDATE gpr_pack_virtual SET pav_nombre=@@@PACK YOGHURT NESTLE 10 X $ 1200@@@,pav_total_pack=1200,pav_total_descuento=300,pav_desde=@@@2013-07-08@@@,pav_hasta=@@@2013-07-12@@@,pav_tipo=@@@PR@@@,pav_precio=0,pav_lleva=0,pav_paga=0,pav_descuento=0,pav_porcentaje=0,pav_oferta_exclusiva=@@@NO@@@,pav_agotar_stock=@@@SI@@@,pav_stock=50,pav_costo=1100,pav_margen=9.09 WHERE pav_id=20','',2,'2013-07-12'),(37753,'DELETE FROM gpr_pack_virtual_mov WHERE pav_id=20','',2,'2013-07-12'),(37754,'DELETE FROM gpr_pack_virtual_horario WHERE pav_id=20','',2,'2013-07-12'),(37755,'INSERT INTO gpr_pack_virtual_mov (pav_id,pro_codigo_plu,pvm_precio,pvm_total,pvm_lleva,pvm_paga,pvm_descuento,pvm_porcentaje,pvm_total_normal,pvm_descuento_linea,pvm_costo,pvm_margen) VALUES (20,16605,150,750,6,5,1,0,900,150,110,13.64),(20,16588,150,450,4,3,1,0,600,150,110,2.27)','',2,'2013-07-12'),(37756,'INSERT INTO gpr_pack_virtual_horario (pav_id,pvh_dia,pvh_hora_desde,pvh_hora_hasta) VALUES (20,99,@@@00:00@@@,@@@23:59@@@)','',2,'2013-07-12'),(37757,'UPDATE mae_productos SET pro_margen_actual=0,pro_precio_venta=1499 WHERE pro_codigo_plu=544','',2,'2013-07-12'),(37758,'UPDATE mae_productos SET pro_precio_fiscal=pro_precio_venta WHERE pro_codigo_plu=544','',2,'2013-07-12'),(37759,'INSERT INTO gpr_pack_virtual (pav_id,pav_nombre,pav_total_pack,pav_total_descuento,pav_desde,pav_hasta,pav_tipo,pav_precio,pav_lleva,pav_paga,pav_descuento,pav_porcentaje,pav_oferta_exclusiva,pav_agotar_stock,pav_stock,pav_costo,pav_margen) VALUES (30,@@@PACK HAMBURGUEZAS SUPER POLLO + SUPER CERDO 10 X $990@@@,990,410,@@@2013-07-12@@@,@@@2013-07-31@@@,@@@PR@@@,0,0,0,0,0,@@@NO@@@,@@@SI@@@,300,0,0)','',2,'2013-07-12'),(37760,'INSERT INTO gpr_pack_virtual_mov (pav_id,pro_codigo_plu,pvm_precio,pvm_total,pvm_lleva,pvm_paga,pvm_descuento,pvm_porcentaje,pvm_total_normal,pvm_descuento_linea,pvm_costo,pvm_margen) VALUES (30,19748,150,496,5,3.29,1.71,1,750,254,0,0),(30,19719,130,494,5,3.79,1.21,1,650,156,0,0)','',2,'2013-07-12'),(37761,'INSERT INTO gpr_pack_virtual_horario (pav_id,pvh_dia,pvh_hora_desde,pvh_hora_hasta) VALUES (30,99,@@@00:00@@@,@@@23:59@@@)','',2,'2013-07-12'),(37762,'UPDATE gpr_pack_virtual SET pav_nombre=@@@PACK HAMBURGUEZAS SUPER POLLO + SUPER CERDO 1@@@,pav_total_pack=990,pav_total_descuento=410,pav_desde=@@@2013-07-12@@@,pav_hasta=@@@2013-07-31@@@,pav_tipo=@@@PR@@@,pav_precio=0,pav_lleva=0,pav_paga=0,pav_descuento=0,pav_porcentaje=0,pav_oferta_exclusiva=@@@NO@@@,pav_agotar_stock=@@@SI@@@,pav_stock=300,pav_costo=0,pav_margen=0 WHERE pav_id=30','',2,'2013-07-12'),(37763,'DELETE FROM gpr_pack_virtual_mov WHERE pav_id=30','',2,'2013-07-12'),(37764,'DELETE FROM gpr_pack_virtual_horario WHERE pav_id=30','',2,'2013-07-12'),(37765,'INSERT INTO gpr_pack_virtual_mov (pav_id,pro_codigo_plu,pvm_precio,pvm_total,pvm_lleva,pvm_paga,pvm_descuento,pvm_porcentaje,pvm_total_normal,pvm_descuento_linea,pvm_costo,pvm_margen) VALUES (30,19748,150,496,5,3.29,1.71,1,750,254,0,0),(30,19719,130,494,5,3.79,1.21,1,650,156,0,0)','',2,'2013-07-12'),(37766,'INSERT INTO gpr_pack_virtual_horario (pav_id,pvh_dia,pvh_hora_desde,pvh_hora_hasta) VALUES (30,99,@@@00:00@@@,@@@23:59@@@)','',2,'2013-07-12'),(37767,'INSERT INTO gne_vale_ferreteria (vfe_id,vfe_fecha,vfe_total,vfe_estado,vfe_entregado,usu_nusuario) VALUES (5130,@@@2013.07.12@@@,2590,1,0,@@@b_SAEZ@@@)','',2,'2013-07-12'),(37768,'INSERT INTO gne_vale_ferreteria_mov (vfe_id,pro_codigo_plu,vfm_cantidad,vfm_unitario,vfm_total,vfm_entregado) VALUES (5130,20400,1,2590,2590,@@@NO@@@)','',2,'2013-07-12'),(37769,'INSERT INTO mae_productos (pro_codigo_plu,pro_codigo_barra,pro_tipo,pro_nombre_producto,pro_nombre_corto,med_id,emb_id,pro_unidades_embalaje,dep_id,lin_id,mar_id,pro_precio_compra_neto,pro_precio_compra_bruto,pro_precio_venta,pro_margen_actual,pro_oferta,pro_fecha_inicio_oferta,pro_fecha_termino_oferta,pro_precio_oferta,pro_stock_minimo,pro_stock_critico,pro_entradas_bodega,pro_salidas_bodega,pro_mermas_bodega,pro_ajustes_bodega,pro_entradas_sv,pro_salidas_sv,pro_mermas_sv,pro_ajustes_sv,pro_activo,rec_numero,pro_unidad,pro_capacidad,pro_consumo_bodega,pro_consumo_sv,pro_estado,pro_funcion_plu,pro_flejes,pro_iva,pro_plu_asociado,pro_envase,pro_duracion,pro_numero_etiqueta) VALUES (780721346,@@@7804902019060@@@,@@@0@@@,@@@PERFURME CLYO KISS ME 30 ML@@@,@@@PERFURME CLYO KI@@@,@@@7 @@@,@@@6 @@@,@@@3@@@,@@@21 @@@,@@@116@@@,@@@796@@@,@@@0@@@,@@@2790@@@,@@@1@@@,@@@-99.96@@@,@@@@@@,@@@2006.09.07@@@,@@@2006.09.07@@@,@@@0@@@,@@@3@@@,@@@1@@@,@@@0@@@,@@@0@@@,@@@0@@@,@@@0@@@,@@@0@@@,@@@0@@@,@@@0@@@,@@@0@@@,@@@1@@@,@@@0@@@,0,30,0,0,2,0,1,1,0,@@@NO@@@,0,0)','',2,'2013-07-12'),(37770,'DELETE FROM mae_impuestos_productos WHERE pro_codigo_plu=@@@780721346@@@','',2,'2013-07-12'),(37771,'INSERT INTO mae_productos (pro_codigo_plu,pro_codigo_barra,pro_tipo,pro_nombre_producto,pro_nombre_corto,med_id,emb_id,pro_unidades_embalaje,dep_id,lin_id,mar_id,pro_precio_compra_neto,pro_precio_compra_bruto,pro_precio_venta,pro_margen_actual,pro_oferta,pro_fecha_inicio_oferta,pro_fecha_termino_oferta,pro_precio_oferta,pro_stock_minimo,pro_stock_critico,pro_entradas_bodega,pro_salidas_bodega,pro_mermas_bodega,pro_ajustes_bodega,pro_entradas_sv,pro_salidas_sv,pro_mermas_sv,pro_ajustes_sv,pro_activo,rec_numero,pro_unidad,pro_capacidad,pro_consumo_bodega,pro_consumo_sv,pro_estado,pro_funcion_plu,pro_flejes,pro_iva,pro_plu_asociado,pro_envase,pro_duracion,pro_numero_etiqueta) VALUES (780721347,@@@7804902019213@@@,@@@0@@@,@@@PERFUME CLYO LOVE ME 30ML@@@,@@@PERFUME CLYO LOV@@@,@@@7 @@@,@@@6 @@@,@@@3@@@,@@@21 @@@,@@@116@@@,@@@796@@@,@@@0@@@,@@@2790@@@,@@@1@@@,@@@-99.96@@@,@@@@@@,@@@2006.09.07@@@,@@@2006.09.07@@@,@@@0@@@,@@@3@@@,@@@1@@@,@@@0@@@,@@@0@@@,@@@0@@@,@@@0@@@,@@@0@@@,@@@0@@@,@@@0@@@,@@@0@@@,@@@1@@@,@@@0@@@,0,30,0,0,2,0,1,1,0,@@@NO@@@,0,0)','',2,'2013-07-12'),(37772,'DELETE FROM mae_impuestos_productos WHERE pro_codigo_plu=@@@780721347@@@','',2,'2013-07-12'),(37773,'INSERT INTO mae_productos (pro_codigo_plu,pro_codigo_barra,pro_tipo,pro_nombre_producto,pro_nombre_corto,med_id,emb_id,pro_unidades_embalaje,dep_id,lin_id,mar_id,pro_precio_compra_neto,pro_precio_compra_bruto,pro_precio_venta,pro_margen_actual,pro_oferta,pro_fecha_inicio_oferta,pro_fecha_termino_oferta,pro_precio_oferta,pro_stock_minimo,pro_stock_critico,pro_entradas_bodega,pro_salidas_bodega,pro_mermas_bodega,pro_ajustes_bodega,pro_entradas_sv,pro_salidas_sv,pro_mermas_sv,pro_ajustes_sv,pro_activo,rec_numero,pro_unidad,pro_capacidad,pro_consumo_bodega,pro_consumo_sv,pro_estado,pro_funcion_plu,pro_flejes,pro_iva,pro_plu_asociado,pro_envase,pro_duracion,pro_numero_etiqueta) VALUES (780721348,@@@7804902007234@@@,@@@0@@@,@@@DESODORANTE COLBERT NOIR HOMBRE 120 ML@@@,@@@DESODORANTE COLB@@@,@@@7 @@@,@@@6 @@@,@@@8@@@,@@@21 @@@,@@@118@@@,@@@1015@@@,@@@0@@@,@@@2090@@@,@@@1@@@,@@@-99.95@@@,@@@@@@,@@@2006.09.07@@@,@@@2006.09.07@@@,@@@0@@@,@@@8@@@,@@@1@@@,@@@0@@@,@@@0@@@,@@@0@@@,@@@0@@@,@@@0@@@,@@@0@@@,@@@0@@@,@@@0@@@,@@@1@@@,@@@0@@@,0,120,0,0,2,0,1,1,0,@@@NO@@@,0,0)','',2,'2013-07-12'),(37774,'DELETE FROM mae_impuestos_productos WHERE pro_codigo_plu=@@@780721348@@@','',2,'2013-07-12'),(37775,'INSERT INTO mae_productos (pro_codigo_plu,pro_codigo_barra,pro_tipo,pro_nombre_producto,pro_nombre_corto,med_id,emb_id,pro_unidades_embalaje,dep_id,lin_id,mar_id,pro_precio_compra_neto,pro_precio_compra_bruto,pro_precio_venta,pro_margen_actual,pro_oferta,pro_fecha_inicio_oferta,pro_fecha_termino_oferta,pro_precio_oferta,pro_stock_minimo,pro_stock_critico,pro_entradas_bodega,pro_salidas_bodega,pro_mermas_bodega,pro_ajustes_bodega,pro_entradas_sv,pro_salidas_sv,pro_mermas_sv,pro_ajustes_sv,pro_activo,rec_numero,pro_unidad,pro_capacidad,pro_consumo_bodega,pro_consumo_sv,pro_estado,pro_funcion_plu,pro_flejes,pro_iva,pro_plu_asociado,pro_envase,pro_duracion,pro_numero_etiqueta) VALUES (780721349,@@@7804902024552@@@,@@@0@@@,@@@COLONIA NATALY SPLITZ SPLASH CELESTE  250 ML@@@,@@@COLONIA NATALY S@@@,@@@7 @@@,@@@6 @@@,@@@6@@@,@@@21 @@@,@@@116@@@,@@@1800@@@,@@@0@@@,@@@1595@@@,@@@1@@@,@@@-99.94@@@,@@@@@@,@@@2006.09.07@@@,@@@2006.09.07@@@,@@@0@@@,@@@6@@@,@@@1@@@,@@@0@@@,@@@0@@@,@@@0@@@,@@@0@@@,@@@0@@@,@@@0@@@,@@@0@@@,@@@0@@@,@@@1@@@,@@@0@@@,0,250,0,0,2,0,1,1,0,@@@NO@@@,0,0)','',2,'2013-07-12'),(37776,'DELETE FROM mae_impuestos_productos WHERE pro_codigo_plu=@@@780721349@@@','',2,'2013-07-12'),(37777,'INSERT INTO mae_productos (pro_codigo_plu,pro_codigo_barra,pro_tipo,pro_nombre_producto,pro_nombre_corto,med_id,emb_id,pro_unidades_embalaje,dep_id,lin_id,mar_id,pro_precio_compra_neto,pro_precio_compra_bruto,pro_precio_venta,pro_margen_actual,pro_oferta,pro_fecha_inicio_oferta,pro_fecha_termino_oferta,pro_precio_oferta,pro_stock_minimo,pro_stock_critico,pro_entradas_bodega,pro_salidas_bodega,pro_mermas_bodega,pro_ajustes_bodega,pro_entradas_sv,pro_salidas_sv,pro_mermas_sv,pro_ajustes_sv,pro_activo,rec_numero,pro_unidad,pro_capacidad,pro_consumo_bodega,pro_consumo_sv,pro_estado,pro_funcion_plu,pro_flejes,pro_iva,pro_plu_asociado,pro_envase,pro_duracion,pro_numero_etiqueta) VALUES (780721350,@@@7804902026341@@@,@@@0@@@,@@@COLONIA NATALY SPLITZ SPLASH PINK 250 ML@@@,@@@COLONIA NATALY S@@@,@@@7 @@@,@@@6 @@@,@@@6@@@,@@@21 @@@,@@@116@@@,@@@1800@@@,@@@0@@@,@@@3190@@@,@@@1@@@,@@@-99.97@@@,@@@@@@,@@@2006.09.07@@@,@@@2006.09.07@@@,@@@0@@@,@@@6@@@,@@@1@@@,@@@0@@@,@@@0@@@,@@@0@@@,@@@0@@@,@@@0@@@,@@@0@@@,@@@0@@@,@@@0@@@,@@@1@@@,@@@0@@@,0,250,0,0,2,0,1,1,0,@@@NO@@@,0,0)','',2,'2013-07-12'),(37778,'DELETE FROM mae_impuestos_productos WHERE pro_codigo_plu=@@@780721350@@@','',2,'2013-07-12'),(37779,'INSERT INTO mae_productos (pro_codigo_plu,pro_codigo_barra,pro_tipo,pro_nombre_producto,pro_nombre_corto,med_id,emb_id,pro_unidades_embalaje,dep_id,lin_id,mar_id,pro_precio_compra_neto,pro_precio_compra_bruto,pro_precio_venta,pro_margen_actual,pro_oferta,pro_fecha_inicio_oferta,pro_fecha_termino_oferta,pro_precio_oferta,pro_stock_minimo,pro_stock_critico,pro_entradas_bodega,pro_salidas_bodega,pro_mermas_bodega,pro_ajustes_bodega,pro_entradas_sv,pro_salidas_sv,pro_mermas_sv,pro_ajustes_sv,pro_activo,rec_numero,pro_unidad,pro_capacidad,pro_consumo_bodega,pro_consumo_sv,pro_estado,pro_funcion_plu,pro_flejes,pro_iva,pro_plu_asociado,pro_envase,pro_duracion,pro_numero_etiqueta) VALUES (780721351,@@@7807265981364@@@,@@@0@@@,@@@PAPEL CREPE FUCSIA 50 X 200 CMS@@@,@@@PAPEL CREPE FUCS@@@,@@@8 @@@,@@@4 @@@,@@@10@@@,@@@24 @@@,@@@42@@@,@@@1254@@@,@@@0@@@,@@@135@@@,@@@1@@@,@@@-99.26@@@,@@@@@@,@@@2006.09.07@@@,@@@2006.09.07@@@,@@@0@@@,@@@10@@@,@@@3@@@,@@@0@@@,@@@0@@@,@@@0@@@,@@@0@@@,@@@0@@@,@@@0@@@,@@@0@@@,@@@0@@@,@@@1@@@,@@@0@@@,0,10,0,0,2,0,1,1,0,@@@NO@@@,0,0)','',2,'2013-07-12'),(37780,'DELETE FROM mae_impuestos_productos WHERE pro_codigo_plu=@@@780721351@@@','',2,'2013-07-12'),(37781,'INSERT INTO gne_vale_ferreteria (vfe_id,vfe_fecha,vfe_total,vfe_estado,vfe_entregado,usu_nusuario) VALUES (5131,@@@2013.07.12@@@,500,1,0,@@@b_SAEZ@@@)','',2,'2013-07-12'),(37782,'INSERT INTO gne_vale_ferreteria_mov (vfe_id,pro_codigo_plu,vfm_cantidad,vfm_unitario,vfm_total,vfm_entregado) VALUES (5131,4081,5,100,500,@@@NO@@@)','',2,'2013-07-12'),(37783,'INSERT INTO gne_vale_ferreteria (vfe_id,vfe_fecha,vfe_total,vfe_estado,vfe_entregado,usu_nusuario) VALUES (5132,@@@2013.07.12@@@,100,1,0,@@@b_SAEZ@@@)','',2,'2013-07-12'),(37784,'INSERT INTO gne_vale_ferreteria_mov (vfe_id,pro_codigo_plu,vfm_cantidad,vfm_unitario,vfm_total,vfm_entregado) VALUES (5132,7051,1,100,100,@@@NO@@@)','',2,'2013-07-12'),(37785,'INSERT INTO mae_productos (pro_codigo_plu,pro_codigo_barra,pro_tipo,pro_nombre_producto,pro_nombre_corto,med_id,emb_id,pro_unidades_embalaje,dep_id,lin_id,mar_id,pro_precio_compra_neto,pro_precio_compra_bruto,pro_precio_venta,pro_margen_actual,pro_oferta,pro_fecha_inicio_oferta,pro_fecha_termino_oferta,pro_precio_oferta,pro_stock_minimo,pro_stock_critico,pro_entradas_bodega,pro_salidas_bodega,pro_mermas_bodega,pro_ajustes_bodega,pro_entradas_sv,pro_salidas_sv,pro_mermas_sv,pro_ajustes_sv,pro_activo,rec_numero,pro_unidad,pro_capacidad,pro_consumo_bodega,pro_consumo_sv,pro_estado,pro_funcion_plu,pro_flejes,pro_iva,pro_plu_asociado,pro_envase,pro_duracion,pro_numero_etiqueta) VALUES (780721352,@@@7807210095191@@@,@@@0@@@,@@@PAPEL CREPE AMARILLO 50 X 200 CMS@@@,@@@PAPEL CREPE AMAR@@@,@@@8 @@@,@@@4 @@@,@@@10@@@,@@@24 @@@,@@@42@@@,@@@1254@@@,@@@0@@@,@@@135@@@,@@@1@@@,@@@-99.26@@@,@@@@@@,@@@2006.09.07@@@,@@@2006.09.07@@@,@@@0@@@,@@@10@@@,@@@3@@@,@@@0@@@,@@@0@@@,@@@0@@@,@@@0@@@,@@@0@@@,@@@0@@@,@@@0@@@,@@@0@@@,@@@1@@@,@@@0@@@,0,10,0,0,2,0,1,1,0,@@@NO@@@,0,0)','',2,'2013-07-12'),(37786,'DELETE FROM mae_impuestos_productos WHERE pro_codigo_plu=@@@780721352@@@','',2,'2013-07-12'),(37787,'INSERT INTO gne_vale_ferreteria (vfe_id,vfe_fecha,vfe_total,vfe_estado,vfe_entregado,usu_nusuario) VALUES (5133,@@@2013.07.12@@@,1490,1,0,@@@b_SAEZ@@@)','',2,'2013-07-12'),(37788,'INSERT INTO gne_vale_ferreteria_mov (vfe_id,pro_codigo_plu,vfm_cantidad,vfm_unitario,vfm_total,vfm_entregado) VALUES (5133,780220155,1,1490,1490,@@@NO@@@)','',2,'2013-07-12'),(37789,'UPDATE mae_productos SET pro_precio_venta=3990,pro_margen_actual=43.01, pro_precio_compra_bruto=2790, pro_precio_compra_neto=2344.53781512605 WHERE pro_codigo_plu=780721346','',2,'2013-07-12'),(37790,'UPDATE mae_productos SET pro_precio_venta=3990,pro_margen_actual=43.01, pro_precio_compra_bruto=2790, pro_precio_compra_neto=2344.53781512605 WHERE pro_codigo_plu=780721347','',2,'2013-07-12'),(37791,'UPDATE mae_productos SET pro_precio_venta=2990,pro_margen_actual=43.06, pro_precio_compra_bruto=2090, pro_precio_compra_neto=1756.3025210084 WHERE pro_codigo_plu=780721348','',2,'2013-07-12'),(37792,'UPDATE mae_productos SET pro_precio_venta=4750,pro_margen_actual=48.9, pro_precio_compra_bruto=3190, pro_precio_compra_neto=2680.67226890756 WHERE pro_codigo_plu=780721350','',2,'2013-07-12'),(37793,'UPDATE mae_productos SET pro_precio_venta=4750,pro_margen_actual=48.9, pro_precio_compra_bruto=3190, pro_precio_compra_neto=2680.67226890756 WHERE pro_codigo_plu=780721349','',2,'2013-07-12'),(37794,'UPDATE mae_productos SET pro_precio_venta=200,pro_margen_actual=48.15, pro_precio_compra_bruto=135, pro_precio_compra_neto=113.445378151261 WHERE pro_codigo_plu=780721352','',2,'2013-07-12'),(37795,'UPDATE mae_productos SET pro_precio_venta=200,pro_margen_actual=48.15, pro_precio_compra_bruto=135, pro_precio_compra_neto=113.445378151261 WHERE pro_codigo_plu=780721351','',2,'2013-07-12'),(37796,'UPDATE mae_productos SET pro_precio_venta=2590,pro_margen_actual=56.97, pro_precio_compra_bruto=1650, pro_precio_compra_neto=1386.55462184874 WHERE pro_codigo_plu=763661','',2,'2013-07-12'),(37797,'UPDATE mae_productos SET pro_margen_actual=-99.94,pro_precio_venta=1 WHERE pro_codigo_plu=780721349','',2,'2013-07-12'),(37798,'UPDATE mae_productos SET pro_margen_actual=-99.97,pro_precio_venta=1 WHERE pro_codigo_plu=780721350','',2,'2013-07-12'),(37799,'UPDATE mae_productos SET pro_margen_actual=-99.95,pro_precio_venta=1 WHERE pro_codigo_plu=780721348','',2,'2013-07-12'),(37800,'UPDATE mae_productos SET pro_margen_actual=-99.26,pro_precio_venta=1 WHERE pro_codigo_plu=780721352','',2,'2013-07-12'),(37801,'UPDATE mae_productos SET pro_margen_actual=-99.26,pro_precio_venta=1 WHERE pro_codigo_plu=780721351','',2,'2013-07-12'),(37802,'UPDATE mae_productos SET pro_margen_actual=-99.96,pro_precio_venta=1 WHERE pro_codigo_plu=780721347','',2,'2013-07-12'),(37803,'UPDATE mae_productos SET pro_margen_actual=-99.96,pro_precio_venta=1 WHERE pro_codigo_plu=780721346','',2,'2013-07-12'),(37804,'UPDATE mae_productos SET pro_margen_actual=0,pro_precio_venta=1490 WHERE pro_codigo_plu=763650','',2,'2013-07-12'),(37805,'UPDATE mae_productos SET pro_margen_actual=0,pro_precio_venta=1490 WHERE pro_codigo_plu=763654','',2,'2013-07-12'),(37806,'UPDATE mae_productos SET pro_margen_actual=0,pro_precio_venta=1490 WHERE pro_codigo_plu=763666','',2,'2013-07-12'),(37807,'UPDATE mae_productos SET pro_precio_compra_bruto=2790,pro_margen_actual=(pro_precio_venta-2790)/2790 * 100,pro_ultima_compra=@@@2013.07.12@@@,pro_ultimo_proveedor=@@@76193222-5@@@ WHERE pro_codigo_plu=780721346','',2,'2013-07-12'),(37808,'UPDATE mae_productos SET pro_precio_compra_bruto=2790,pro_margen_actual=(pro_precio_venta-2790)/2790 * 100,pro_ultima_compra=@@@2013.07.12@@@,pro_ultimo_proveedor=@@@76193222-5@@@ WHERE pro_codigo_plu=780721347','',2,'2013-07-12'),(37809,'UPDATE mae_productos SET pro_precio_compra_bruto=2090,pro_margen_actual=(pro_precio_venta-2090)/2090 * 100,pro_ultima_compra=@@@2013.07.12@@@,pro_ultimo_proveedor=@@@76193222-5@@@ WHERE pro_codigo_plu=780721348','',2,'2013-07-12'),(37810,'UPDATE mae_productos SET pro_precio_compra_bruto=3190,pro_margen_actual=(pro_precio_venta-3190)/3190 * 100,pro_ultima_compra=@@@2013.07.12@@@,pro_ultimo_proveedor=@@@76193222-5@@@ WHERE pro_codigo_plu=780721350','',2,'2013-07-12'),(37811,'UPDATE mae_productos SET pro_precio_compra_bruto=3190,pro_margen_actual=(pro_precio_venta-3190)/3190 * 100,pro_ultima_compra=@@@2013.07.12@@@,pro_ultimo_proveedor=@@@76193222-5@@@ WHERE pro_codigo_plu=780721349','',2,'2013-07-12'),(37812,'UPDATE mae_productos SET pro_precio_compra_bruto=135,pro_margen_actual=(pro_precio_venta-135)/135 * 100,pro_ultima_compra=@@@2013.07.12@@@,pro_ultimo_proveedor=@@@76193222-5@@@ WHERE pro_codigo_plu=78017141','',2,'2013-07-12'),(37813,'UPDATE mae_productos SET pro_precio_compra_bruto=135,pro_margen_actual=(pro_precio_venta-135)/135 * 100,pro_ultima_compra=@@@2013.07.12@@@,pro_ultimo_proveedor=@@@76193222-5@@@ WHERE pro_codigo_plu=78017134','',2,'2013-07-12'),(37814,'UPDATE mae_productos SET pro_precio_compra_bruto=135,pro_margen_actual=(pro_precio_venta-135)/135 * 100,pro_ultima_compra=@@@2013.07.12@@@,pro_ultimo_proveedor=@@@76193222-5@@@ WHERE pro_codigo_plu=780721352','',2,'2013-07-12'),(37815,'UPDATE mae_productos SET pro_precio_compra_bruto=1650,pro_margen_actual=(pro_precio_venta-1650)/1650 * 100,pro_ultima_compra=@@@2013.07.12@@@,pro_ultimo_proveedor=@@@76193222-5@@@ WHERE pro_codigo_plu=763674','',2,'2013-07-12'),(37816,'UPDATE mae_productos SET pro_precio_compra_bruto=135,pro_margen_actual=(pro_precio_venta-135)/135 * 100,pro_ultima_compra=@@@2013.07.12@@@,pro_ultimo_proveedor=@@@76193222-5@@@ WHERE pro_codigo_plu=78017143','',2,'2013-07-12'),(37817,'UPDATE mae_productos SET pro_precio_compra_bruto=135,pro_margen_actual=(pro_precio_venta-135)/135 * 100,pro_ultima_compra=@@@2013.07.12@@@,pro_ultimo_proveedor=@@@76193222-5@@@ WHERE pro_codigo_plu=78017142','',2,'2013-07-12'),(37818,'UPDATE mae_productos SET pro_precio_compra_bruto=135,pro_margen_actual=(pro_precio_venta-135)/135 * 100,pro_ultima_compra=@@@2013.07.12@@@,pro_ultimo_proveedor=@@@76193222-5@@@ WHERE pro_codigo_plu=780721351','',2,'2013-07-12'),(37819,'UPDATE mae_productos SET pro_precio_compra_bruto=135,pro_margen_actual=(pro_precio_venta-135)/135 * 100,pro_ultima_compra=@@@2013.07.12@@@,pro_ultimo_proveedor=@@@76193222-5@@@ WHERE pro_codigo_plu=78017014','',2,'2013-07-12'),(37820,'UPDATE mae_productos SET pro_precio_compra_bruto=135,pro_margen_actual=(pro_precio_venta-135)/135 * 100,pro_ultima_compra=@@@2013.07.12@@@,pro_ultimo_proveedor=@@@76193222-5@@@ WHERE pro_codigo_plu=78017135','',2,'2013-07-12'),(37821,'UPDATE mae_productos SET pro_precio_compra_bruto=135,pro_margen_actual=(pro_precio_venta-135)/135 * 100,pro_ultima_compra=@@@2013.07.12@@@,pro_ultimo_proveedor=@@@76193222-5@@@ WHERE pro_codigo_plu=78017140','',2,'2013-07-12'),(37822,'UPDATE mae_productos SET pro_precio_compra_bruto=135,pro_margen_actual=(pro_precio_venta-135)/135 * 100,pro_ultima_compra=@@@2013.07.12@@@,pro_ultimo_proveedor=@@@76193222-5@@@ WHERE pro_codigo_plu=78017131','',2,'2013-07-12'),(37823,'UPDATE mae_productos SET pro_precio_compra_bruto=135,pro_margen_actual=(pro_precio_venta-135)/135 * 100,pro_ultima_compra=@@@2013.07.12@@@,pro_ultimo_proveedor=@@@76193222-5@@@ WHERE pro_codigo_plu=78017136','',2,'2013-07-12'),(37824,'UPDATE mae_productos SET pro_precio_compra_bruto=135,pro_margen_actual=(pro_precio_venta-135)/135 * 100,pro_ultima_compra=@@@2013.07.12@@@,pro_ultimo_proveedor=@@@76193222-5@@@ WHERE pro_codigo_plu=78017132','',2,'2013-07-12'),(37825,'UPDATE mae_productos SET pro_precio_compra_bruto=135,pro_margen_actual=(pro_precio_venta-135)/135 * 100,pro_ultima_compra=@@@2013.07.12@@@,pro_ultimo_proveedor=@@@76193222-5@@@ WHERE pro_codigo_plu=78017139','',2,'2013-07-12'),(37826,'UPDATE mae_productos SET pro_precio_compra_bruto=135,pro_margen_actual=(pro_precio_venta-135)/135 * 100,pro_ultima_compra=@@@2013.07.12@@@,pro_ultimo_proveedor=@@@76193222-5@@@ WHERE pro_codigo_plu=780220109','',2,'2013-07-12'),(37827,'UPDATE mae_productos SET pro_precio_compra_bruto=1650,pro_margen_actual=(pro_precio_venta-1650)/1650 * 100,pro_ultima_compra=@@@2013.07.12@@@,pro_ultimo_proveedor=@@@76193222-5@@@ WHERE pro_codigo_plu=780220169','',2,'2013-07-12'),(37828,'UPDATE mae_productos SET pro_precio_compra_bruto=1650,pro_margen_actual=(pro_precio_venta-1650)/1650 * 100,pro_ultima_compra=@@@2013.07.12@@@,pro_ultimo_proveedor=@@@76193222-5@@@ WHERE pro_codigo_plu=18676','',2,'2013-07-12'),(37829,'UPDATE mae_productos SET pro_precio_compra_bruto=1650,pro_margen_actual=(pro_precio_venta-1650)/1650 * 100,pro_ultima_compra=@@@2013.07.12@@@,pro_ultimo_proveedor=@@@76193222-5@@@ WHERE pro_codigo_plu=18677','',2,'2013-07-12'),