(54773,'UPDATE mae_productos SET pro_precio_fiscal=pro_precio_venta WHERE pro_codigo_plu=13638','',2,'2013-08-19'),(54774,'UPDATE mae_productos SET pro_precio_fiscal=pro_precio_venta WHERE pro_codigo_plu=762922','',2,'2013-08-19'),(54775,'UPDATE mae_productos SET pro_precio_fiscal=pro_precio_venta WHERE pro_codigo_plu=78017199','',2,'2013-08-19'),(54776,'UPDATE mae_productos SET pro_precio_fiscal=pro_precio_venta WHERE pro_codigo_plu=763289','',2,'2013-08-19'),(54777,'UPDATE mae_productos SET pro_precio_fiscal=pro_precio_venta WHERE pro_codigo_plu=763297','',2,'2013-08-19'),(54778,'UPDATE mae_productos SET pro_codigo_barra=@@@502@@@,pro_tipo=@@@0@@@,pro_nombre_producto=@@@ACEITUNA VERDE@@@,pro_nombre_corto=@@@ACEITUNA VERDE@@@,med_id=@@@1@@@,emb_id=@@@1@@@,pro_unidades_embalaje=@@@1@@@,dep_id=@@@18 @@@,lin_id=@@@97@@@,mar_id=@@@2507@@@,pro_precio_compra_neto=@@@0@@@,pro_precio_compra_bruto=@@@1100@@@,pro_precio_venta=@@@2000@@@,pro_margen_actual=@@@81.82@@@,pro_oferta=@@@NO@@@,pro_fecha_inicio_oferta=@@@1900.01.01@@@,pro_fecha_termino_oferta=@@@1900.01.01@@@,pro_precio_oferta=@@@0@@@,pro_stock_minimo=@@@5@@@,pro_stock_critico=@@@3@@@,pro_activo=@@@1@@@,pro_unidad=@@@0@@@,pro_precio_compra_bruto=1100,pro_margen_actual=81.82,pro_capacidad=1,pro_funcion_plu=0,pro_flejes=0,pro_iva=1,pro_plu_asociado=0,pro_envase=@@@NO@@@,pro_duracion=0,pro_numero_etiqueta=0 WHERE pro_codigo_plu=@@@502@@@','',2,'2013-08-19'),(54779,'UPDATE mae_productos SET pro_estado=1 WHERE pro_codigo_plu=502','',2,'2013-08-19'),(54780,'DELETE FROM mae_impuestos_productos WHERE pro_codigo_plu=@@@502@@@','',2,'2013-08-19'),(54781,'UPDATE mae_productos SET pro_codigo_barra=@@@577@@@,pro_tipo=@@@0@@@,pro_nombre_producto=@@@PICKLE@@@,pro_nombre_corto=@@@PICKLE@@@,med_id=@@@1@@@,emb_id=@@@1@@@,pro_unidades_embalaje=@@@1@@@,dep_id=@@@18 @@@,lin_id=@@@97@@@,mar_id=@@@2507@@@,pro_precio_compra_neto=@@@0@@@,pro_precio_compra_bruto=@@@850@@@,pro_precio_venta=@@@1990@@@,pro_margen_actual=@@@134.12@@@,pro_oferta=@@@NO@@@,pro_fecha_inicio_oferta=@@@1900.01.01@@@,pro_fecha_termino_oferta=@@@1900.01.01@@@,pro_precio_oferta=@@@0@@@,pro_stock_minimo=@@@10@@@,pro_stock_critico=@@@5@@@,pro_activo=@@@1@@@,pro_unidad=@@@0@@@,pro_precio_compra_bruto=850,pro_margen_actual=134.12,pro_capacidad=1,pro_funcion_plu=0,pro_flejes=0,pro_iva=1,pro_plu_asociado=0,pro_envase=@@@NO@@@,pro_duracion=0,pro_numero_etiqueta=0 WHERE pro_codigo_plu=@@@577@@@','',2,'2013-08-19'),(54782,'UPDATE mae_productos SET pro_estado=1 WHERE pro_codigo_plu=577','',2,'2013-08-19'),(54783,'DELETE FROM mae_impuestos_productos WHERE pro_codigo_plu=@@@577@@@','',2,'2013-08-19'),(54784,'UPDATE mae_productos SET pro_codigo_barra=@@@572@@@,pro_tipo=@@@0@@@,pro_nombre_producto=@@@PLATANOS@@@,pro_nombre_corto=@@@PLATANOS@@@,med_id=@@@1@@@,emb_id=@@@1@@@,pro_unidades_embalaje=@@@1@@@,dep_id=@@@18 @@@,lin_id=@@@97@@@,mar_id=@@@2507@@@,pro_precio_compra_neto=@@@0@@@,pro_precio_compra_bruto=@@@380@@@,pro_precio_venta=@@@570@@@,pro_margen_actual=@@@50@@@,pro_oferta=@@@NO@@@,pro_fecha_inicio_oferta=@@@1900.01.01@@@,pro_fecha_termino_oferta=@@@1900.01.01@@@,pro_precio_oferta=@@@0@@@,pro_stock_minimo=@@@15@@@,pro_stock_critico=@@@10@@@,pro_activo=@@@1@@@,pro_unidad=@@@0@@@,pro_precio_compra_bruto=380,pro_margen_actual=50,pro_capacidad=1,pro_funcion_plu=0,pro_flejes=0,pro_iva=1,pro_plu_asociado=0,pro_envase=@@@NO@@@,pro_duracion=0,pro_numero_etiqueta=0 WHERE pro_codigo_plu=@@@572@@@','',2,'2013-08-19'),(54785,'UPDATE mae_productos SET pro_estado=1 WHERE pro_codigo_plu=572','',2,'2013-08-19'),(54786,'DELETE FROM mae_impuestos_productos WHERE pro_codigo_plu=@@@572@@@','',2,'2013-08-19'),(54787,'UPDATE mae_productos SET pro_codigo_barra=@@@561@@@,pro_tipo=@@@0@@@,pro_nombre_producto=@@@PALTA CHILENA@@@,pro_nombre_corto=@@@PALTA CHILENA@@@,med_id=@@@1@@@,emb_id=@@@1@@@,pro_unidades_embalaje=@@@1@@@,dep_id=@@@18 @@@,lin_id=@@@97@@@,mar_id=@@@2507@@@,pro_precio_compra_neto=@@@0@@@,pro_precio_compra_bruto=@@@1119@@@,pro_precio_venta=@@@1690@@@,pro_margen_actual=@@@51.03@@@,pro_oferta=@@@NO@@@,pro_fecha_inicio_oferta=@@@1900.01.01@@@,pro_fecha_termino_oferta=@@@1900.01.01@@@,pro_precio_oferta=@@@0@@@,pro_stock_minimo=@@@10@@@,pro_stock_critico=@@@5@@@,pro_activo=@@@1@@@,pro_unidad=@@@0@@@,pro_precio_compra_bruto=1119,pro_margen_actual=51.03,pro_capacidad=1,pro_funcion_plu=0,pro_flejes=0,pro_iva=1,pro_plu_asociado=0,pro_envase=@@@NO@@@,pro_duracion=0,pro_numero_etiqueta=0 WHERE pro_codigo_plu=@@@561@@@','',2,'2013-08-19'),(54788,'UPDATE mae_productos SET pro_estado=1 WHERE pro_codigo_plu=561','',2,'2013-08-19'),(54789,'DELETE FROM mae_impuestos_productos WHERE pro_codigo_plu=@@@561@@@','',2,'2013-08-19'),(54790,'UPDATE mae_productos SET pro_codigo_barra=@@@530@@@,pro_tipo=@@@0@@@,pro_nombre_producto=@@@KIWI@@@,pro_nombre_corto=@@@KIWI@@@,med_id=@@@1@@@,emb_id=@@@1@@@,pro_unidades_embalaje=@@@1@@@,dep_id=@@@18 @@@,lin_id=@@@97@@@,mar_id=@@@2507@@@,pro_precio_compra_neto=@@@0@@@,pro_precio_compra_bruto=@@@323@@@,pro_precio_venta=@@@499@@@,pro_margen_actual=@@@54.49@@@,pro_oferta=@@@NO@@@,pro_fecha_inicio_oferta=@@@1900.01.01@@@,pro_fecha_termino_oferta=@@@1900.01.01@@@,pro_precio_oferta=@@@0@@@,pro_stock_minimo=@@@1@@@,pro_stock_critico=@@@1@@@,pro_activo=@@@1@@@,pro_unidad=@@@0@@@,pro_precio_compra_bruto=323,pro_margen_actual=54.49,pro_capacidad=1,pro_funcion_plu=0,pro_flejes=0,pro_iva=1,pro_plu_asociado=0,pro_envase=@@@NO@@@,pro_duracion=0,pro_numero_etiqueta=0 WHERE pro_codigo_plu=@@@530@@@','',2,'2013-08-19'),(54791,'UPDATE mae_productos SET pro_estado=1 WHERE pro_codigo_plu=530','',2,'2013-08-19'),(54792,'DELETE FROM mae_impuestos_productos WHERE pro_codigo_plu=@@@530@@@','',2,'2013-08-19'),(54793,'UPDATE mae_productos SET pro_precio_fiscal=pro_precio_venta WHERE pro_codigo_plu=502','',2,'2013-08-19'),(54794,'UPDATE mae_productos SET pro_precio_fiscal=pro_precio_venta WHERE pro_codigo_plu=530','',2,'2013-08-19'),(54795,'UPDATE mae_productos SET pro_precio_fiscal=pro_precio_venta WHERE pro_codigo_plu=561','',2,'2013-08-19'),(54796,'UPDATE mae_productos SET pro_precio_fiscal=pro_precio_venta WHERE pro_codigo_plu=572','',2,'2013-08-19'),(54797,'UPDATE mae_productos SET pro_codigo_barra=@@@530@@@,pro_tipo=@@@0@@@,pro_nombre_producto=@@@KIWI@@@,pro_nombre_corto=@@@KIWI@@@,med_id=@@@1@@@,emb_id=@@@1@@@,pro_unidades_embalaje=@@@1@@@,dep_id=@@@18 @@@,lin_id=@@@97@@@,mar_id=@@@2507@@@,pro_precio_compra_neto=@@@0@@@,pro_precio_compra_bruto=@@@235@@@,pro_precio_venta=@@@399@@@,pro_margen_actual=@@@69.79@@@,pro_oferta=@@@NO@@@,pro_fecha_inicio_oferta=@@@1900.01.01@@@,pro_fecha_termino_oferta=@@@1900.01.01@@@,pro_precio_oferta=@@@0@@@,pro_stock_minimo=@@@1@@@,pro_stock_critico=@@@1@@@,pro_activo=@@@1@@@,pro_unidad=@@@0@@@,pro_precio_compra_bruto=235,pro_margen_actual=69.79,pro_capacidad=1,pro_funcion_plu=0,pro_flejes=0,pro_iva=1,pro_plu_asociado=0,pro_envase=@@@NO@@@,pro_duracion=0,pro_numero_etiqueta=0 WHERE pro_codigo_plu=@@@530@@@','',2,'2013-08-19'),(54798,'UPDATE mae_productos SET pro_estado=1 WHERE pro_codigo_plu=530','',2,'2013-08-19'),(54799,'DELETE FROM mae_impuestos_productos WHERE pro_codigo_plu=@@@530@@@','',2,'2013-08-19'),(54800,'INSERT INTO gne_vale_ferreteria (vfe_id,vfe_fecha,vfe_total,vfe_estado,vfe_entregado,usu_nusuario) VALUES (8732,@@@2013.08.19@@@,780,1,0,@@@m_martinez@@@)','',2,'2013-08-19'),(54801,'INSERT INTO gne_vale_ferreteria_mov (vfe_id,pro_codigo_plu,vfm_cantidad,vfm_unitario,vfm_total,vfm_entregado) VALUES (8732,15454,2,390,780,@@@NO@@@)','',2,'2013-08-19'),(54802,'UPDATE mae_productos SET pro_codigo_barra=@@@566@@@,pro_tipo=@@@0@@@,pro_nombre_producto=@@@PERA VERDE@@@,pro_nombre_corto=@@@PERA VERDE@@@,med_id=@@@2@@@,emb_id=@@@7@@@,pro_unidades_embalaje=@@@1@@@,dep_id=@@@18 @@@,lin_id=@@@97@@@,mar_id=@@@2507@@@,pro_precio_compra_neto=@@@0@@@,pro_precio_compra_bruto=@@@416@@@,pro_precio_venta=@@@650@@@,pro_margen_actual=@@@56.25@@@,pro_oferta=@@@NO@@@,pro_fecha_inicio_oferta=@@@1900.01.01@@@,pro_fecha_termino_oferta=@@@1900.01.01@@@,pro_precio_oferta=@@@0@@@,pro_stock_minimo=@@@5@@@,pro_stock_critico=@@@4@@@,pro_activo=@@@1@@@,pro_unidad=@@@0@@@,pro_precio_compra_bruto=416,pro_margen_actual=56.25,pro_capacidad=1,pro_funcion_plu=0,pro_flejes=0,pro_iva=1,pro_plu_asociado=0,pro_envase=@@@NO@@@,pro_duracion=0,pro_numero_etiqueta=0 WHERE pro_codigo_plu=@@@566@@@','',2,'2013-08-19'),(54803,'UPDATE mae_productos SET pro_estado=1 WHERE pro_codigo_plu=566','',2,'2013-08-19'),(54804,'DELETE FROM mae_impuestos_productos WHERE pro_codigo_plu=@@@566@@@','',2,'2013-08-19'),(54805,'UPDATE mae_productos SET pro_precio_fiscal=pro_precio_venta WHERE pro_codigo_plu=530','',2,'2013-08-19'),(54806,'UPDATE mae_productos SET pro_precio_fiscal=pro_precio_venta WHERE pro_codigo_plu=566','',2,'2013-08-19'),(54807,'INSERT INTO gne_vale_ferreteria (vfe_id,vfe_fecha,vfe_total,vfe_estado,vfe_entregado,usu_nusuario) VALUES (8733,@@@2013.08.19@@@,700,1,0,@@@m_martinez@@@)','',2,'2013-08-19'),(54808,'INSERT INTO gne_vale_ferreteria_mov (vfe_id,pro_codigo_plu,vfm_cantidad,vfm_unitario,vfm_total,vfm_entregado) VALUES (8733,78017208,2,250,500,@@@NO@@@)','',2,'2013-08-19'),(54809,'INSERT INTO gne_vale_ferreteria_mov (vfe_id,pro_codigo_plu,vfm_cantidad,vfm_unitario,vfm_total,vfm_entregado) VALUES (8733,1546,1,200,200,@@@NO@@@)','',2,'2013-08-19'),(54810,'INSERT INTO gne_vale_ferreteria (vfe_id,vfe_fecha,vfe_total,vfe_estado,vfe_entregado,usu_nusuario) VALUES (8734,@@@2013.08.19@@@,790,1,0,@@@m_martinez@@@)','',2,'2013-08-19'),(54811,'INSERT INTO gne_vale_ferreteria_mov (vfe_id,pro_codigo_plu,vfm_cantidad,vfm_unitario,vfm_total,vfm_entregado) VALUES (8734,780721280,1,790,790,@@@NO@@@)','',2,'2013-08-19'),(54812,'INSERT INTO gne_vale_ferreteria (vfe_id,vfe_fecha,vfe_total,vfe_estado,vfe_entregado,usu_nusuario) VALUES (8735,@@@2013.08.19@@@,150,1,0,@@@m_martinez@@@)','',2,'2013-08-19'),(54813,'INSERT INTO gne_vale_ferreteria_mov (vfe_id,pro_codigo_plu,vfm_cantidad,vfm_unitario,vfm_total,vfm_entregado) VALUES (8735,763869,1,150,150,@@@NO@@@)','',2,'2013-08-19'),(54814,'INSERT INTO gne_vale_ferreteria (vfe_id,vfe_fecha,vfe_total,vfe_estado,vfe_entregado,usu_nusuario) VALUES (8736,@@@2013.08.19@@@,460,1,0,@@@m_martinez@@@)','',2,'2013-08-19'),(54815,'INSERT INTO gne_vale_ferreteria_mov (vfe_id,pro_codigo_plu,vfm_cantidad,vfm_unitario,vfm_total,vfm_entregado) VALUES (8736,764134,1,260,260,@@@NO@@@)','',2,'2013-08-19'),(54816,'INSERT INTO gne_vale_ferreteria_mov (vfe_id,pro_codigo_plu,vfm_cantidad,vfm_unitario,vfm_total,vfm_entregado) VALUES (8736,764135,1,200,200,@@@NO@@@)','',2,'2013-08-19'),(54817,'INSERT INTO gne_vale_ferreteria (vfe_id,vfe_fecha,vfe_total,vfe_estado,vfe_entregado,usu_nusuario) VALUES (8737,@@@2013.08.19@@@,200,1,0,@@@m_martinez@@@)','',2,'2013-08-19'),(54818,'INSERT INTO gne_vale_ferreteria_mov (vfe_id,pro_codigo_plu,vfm_cantidad,vfm_unitario,vfm_total,vfm_entregado) VALUES (8737,764833,20,10,200,@@@NO@@@)','',2,'2013-08-19'),(54819,'INSERT INTO gne_vale_ferreteria (vfe_id,vfe_fecha,vfe_total,vfe_estado,vfe_entregado,usu_nusuario) VALUES (8738,@@@2013.08.19@@@,80,1,0,@@@m_martinez@@@)','',2,'2013-08-19'),(54820,'INSERT INTO gne_vale_ferreteria_mov (vfe_id,pro_codigo_plu,vfm_cantidad,vfm_unitario,vfm_total,vfm_entregado) VALUES (8738,78016966,4,20,80,@@@NO@@@)','',2,'2013-08-19'),(54821,'INSERT INTO gne_vale_ferreteria (vfe_id,vfe_fecha,vfe_total,vfe_estado,vfe_entregado,usu_nusuario) VALUES (8739,@@@2013.08.19@@@,300,1,0,@@@m_martinez@@@)','',2,'2013-08-19'),(54822,'INSERT INTO gne_vale_ferreteria_mov (vfe_id,pro_codigo_plu,vfm_cantidad,vfm_unitario,vfm_total,vfm_entregado) VALUES (8739,78017015,1,150,150,@@@NO@@@)','',2,'2013-08-19'),(54823,'INSERT INTO gne_vale_ferreteria_mov (vfe_id,pro_codigo_plu,vfm_cantidad,vfm_unitario,vfm_total,vfm_entregado) VALUES (8739,21136,1,150,150,@@@NO@@@)','',2,'2013-08-19'),(54824,'INSERT INTO gne_vale_ferreteria (vfe_id,vfe_fecha,vfe_total,vfe_estado,vfe_entregado,usu_nusuario) VALUES (8740,@@@2013.08.19@@@,120,1,0,@@@m_martinez@@@)','',2,'2013-08-19'),(54825,'INSERT INTO gne_vale_ferreteria_mov (vfe_id,pro_codigo_plu,vfm_cantidad,vfm_unitario,vfm_total,vfm_entregado) VALUES (8740,8022,1,120,120,@@@NO@@@)','',2,'2013-08-19'),(54826,'INSERT INTO gne_vale_ferreteria (vfe_id,vfe_fecha,vfe_total,vfe_estado,vfe_entregado,usu_nusuario) VALUES (8741,@@@2013.08.19@@@,300,1,0,@@@m_martinez@@@)','',2,'2013-08-19'),(54827,'INSERT INTO gne_vale_ferreteria_mov (vfe_id,pro_codigo_plu,vfm_cantidad,vfm_unitario,vfm_total,vfm_entregado) VALUES (8741,770057,2,150,300,@@@NO@@@)','',2,'2013-08-19'),(54828,'INSERT INTO gne_vale_ferreteria (vfe_id,vfe_fecha,vfe_total,vfe_estado,vfe_entregado,usu_nusuario) VALUES (8742,@@@2013.08.19@@@,240,1,0,@@@m_martinez@@@)','',2,'2013-08-19'),(54829,'INSERT INTO gne_vale_ferreteria_mov (vfe_id,pro_codigo_plu,vfm_cantidad,vfm_unitario,vfm_total,vfm_entregado) VALUES (8742,8022,2,120,240,@@@NO@@@)','',2,'2013-08-19'),(54830,'INSERT INTO gne_vale_ferreteria (vfe_id,vfe_fecha,vfe_total,vfe_estado,vfe_entregado,usu_nusuario) VALUES (8743,@@@2013.08.19@@@,9170,1,0,@@@m_martinez@@@)','',2,'2013-08-19'),(54831,'INSERT INTO gne_vale_ferreteria_mov (vfe_id,pro_codigo_plu,vfm_cantidad,vfm_unitario,vfm_total,vfm_entregado) VALUES (8743,10430,1,2190,2190,@@@NO@@@)','',2,'2013-08-19'),(54832,'INSERT INTO gne_vale_ferreteria_mov (vfe_id,pro_codigo_plu,vfm_cantidad,vfm_unitario,vfm_total,vfm_entregado) VALUES (8743,780721098,1,3990,3990,@@@NO@@@)','',2,'2013-08-19'),(54833,'INSERT INTO gne_vale_ferreteria_mov (vfe_id,pro_codigo_plu,vfm_cantidad,vfm_unitario,vfm_total,vfm_entregado) VALUES (8743,102023,1,2990,2990,@@@NO@@@)','',2,'2013-08-19'),(54834,'INSERT INTO gne_vale_ferreteria (vfe_id,vfe_fecha,vfe_total,vfe_estado,vfe_entregado,usu_nusuario) VALUES (8744,@@@2013.08.19@@@,1590,1,0,@@@m_martinez@@@)','',2,'2013-08-19'),(54835,'INSERT INTO gne_vale_ferreteria_mov (vfe_id,pro_codigo_plu,vfm_cantidad,vfm_unitario,vfm_total,vfm_entregado) VALUES (8744,15394,1,1590,1590,@@@NO@@@)','',2,'2013-08-19'),(54836,'INSERT INTO gne_vale_ferreteria (vfe_id,vfe_fecha,vfe_total,vfe_estado,vfe_entregado,usu_nusuario) VALUES (8745,@@@2013.08.19@@@,1080,1,0,@@@m_martinez@@@)','',2,'2013-08-19'),(54837,'INSERT INTO gne_vale_ferreteria_mov (vfe_id,pro_codigo_plu,vfm_cantidad,vfm_unitario,vfm_total,vfm_entregado) VALUES (8745,78017147,1,90,90,@@@NO@@@)','',2,'2013-08-19'),(54838,'INSERT INTO gne_vale_ferreteria_mov (vfe_id,pro_codigo_plu,vfm_cantidad,vfm_unitario,vfm_total,vfm_entregado) VALUES (8745,770087,1,990,990,@@@NO@@@)','',2,'2013-08-19'),(54839,'INSERT INTO gne_vale_ferreteria (vfe_id,vfe_fecha,vfe_total,vfe_estado,vfe_entregado,usu_nusuario) VALUES (8746,@@@2013.08.19@@@,495,1,0,@@@m_martinez@@@)','',2,'2013-08-19'),(54840,'INSERT INTO gne_vale_ferreteria_mov (vfe_id,pro_codigo_plu,vfm_cantidad,vfm_unitario,vfm_total,vfm_entregado) VALUES (8746,21117,1,495,495,@@@NO@@@)','',2,'2013-08-19'),(54841,'INSERT INTO gne_vale_ferreteria (vfe_id,vfe_fecha,vfe_total,vfe_estado,vfe_entregado,usu_nusuario) VALUES (8747,@@@2013.08.19@@@,2840,1,0,@@@m_martinez@@@)','',2,'2013-08-19'),(54842,'INSERT INTO gne_vale_ferreteria_mov (vfe_id,pro_codigo_plu,vfm_cantidad,vfm_unitario,vfm_total,vfm_entregado) VALUES (8747,20476,1,1690,1690,@@@NO@@@)','',2,'2013-08-19'),(54843,'INSERT INTO gne_vale_ferreteria_mov (vfe_id,pro_codigo_plu,vfm_cantidad,vfm_unitario,vfm_total,vfm_entregado) VALUES (8747,763891,1,1150,1150,@@@NO@@@)','',2,'2013-08-19'),(54844,'INSERT INTO gne_vale_ferreteria (vfe_id,vfe_fecha,vfe_total,vfe_estado,vfe_entregado,usu_nusuario) VALUES (8748,@@@2013.08.19@@@,120,1,0,@@@m_martinez@@@)','',2,'2013-08-19'),(54845,'INSERT INTO gne_vale_ferreteria_mov (vfe_id,pro_codigo_plu,vfm_cantidad,vfm_unitario,vfm_total,vfm_entregado) VALUES (8748,8022,1,120,120,@@@NO@@@)','',2,'2013-08-19'),(54846,'INSERT INTO gne_vale_ferreteria (vfe_id,vfe_fecha,vfe_total,vfe_estado,vfe_entregado,usu_nusuario) VALUES (8749,@@@2013.08.19@@@,2790,1,0,@@@m_martinez@@@)','',2,'2013-08-19'),(54847,'INSERT INTO gne_vale_ferreteria_mov (vfe_id,pro_codigo_plu,vfm_cantidad,vfm_unitario,vfm_total,vfm_entregado) VALUES (8749,780721119,1,2790,2790,@@@NO@@@)','',2,'2013-08-19'),(54848,'INSERT INTO gne_vale_ferreteria (vfe_id,vfe_fecha,vfe_total,vfe_estado,vfe_entregado,usu_nusuario) VALUES (8750,@@@2013.08.19@@@,650,1,0,@@@m_martinez@@@)','',2,'2013-08-19'),(54849,'INSERT INTO gne_vale_ferreteria_mov (vfe_id,pro_codigo_plu,vfm_cantidad,vfm_unitario,vfm_total,vfm_entregado) VALUES (8750,78017198,1,650,650,@@@NO@@@)','',2,'2013-08-19'),(54850,'INSERT INTO gne_vale_ferreteria (vfe_id,vfe_fecha,vfe_total,vfe_estado,vfe_entregado,usu_nusuario) VALUES (8751,@@@2013.08.19@@@,3750,1,0,@@@m_martinez@@@)','',2,'2013-08-19'),(54851,'INSERT INTO gne_vale_ferreteria_mov (vfe_id,pro_codigo_plu,vfm_cantidad,vfm_unitario,vfm_total,vfm_entregado) VALUES (8751,11378,1,620,620,@@@NO@@@)','',2,'2013-08-19'),(54852,'INSERT INTO gne_vale_ferreteria_mov (vfe_id,pro_codigo_plu,vfm_cantidad,vfm_unitario,vfm_total,vfm_entregado) VALUES (8751,18677,1,2590,2590,@@@NO@@@)','',2,'2013-08-19'),(54853,'INSERT INTO gne_vale_ferreteria_mov (vfe_id,pro_codigo_plu,vfm_cantidad,vfm_unitario,vfm_total,vfm_entregado) VALUES (8751,19916,1,540,540,@@@NO@@@)','',2,'2013-08-19'),(54854,'INSERT INTO gne_vale_ferreteria (vfe_id,vfe_fecha,vfe_total,vfe_estado,vfe_entregado,usu_nusuario) VALUES (8752,@@@2013.08.19@@@,1490,1,0,@@@m_martinez@@@)','',2,'2013-08-19'),(54855,'INSERT INTO gne_vale_ferreteria_mov (vfe_id,pro_codigo_plu,vfm_cantidad,vfm_unitario,vfm_total,vfm_entregado) VALUES (8752,764564,1,1490,1490,@@@NO@@@)','',2,'2013-08-19'),(54856,'INSERT INTO gne_vale_ferreteria (vfe_id,vfe_fecha,vfe_total,vfe_estado,vfe_entregado,usu_nusuario) VALUES (8753,@@@2013.08.19@@@,150,1,0,@@@m_martinez@@@)','',2,'2013-08-19'),(54857,'INSERT INTO gne_vale_ferreteria_mov (vfe_id,pro_codigo_plu,vfm_cantidad,vfm_unitario,vfm_total,vfm_entregado) VALUES (8753,78017146,3,50,150,@@@NO@@@)','',2,'2013-08-19'),(54858,'INSERT INTO gne_vale_ferreteria (vfe_id,vfe_fecha,vfe_total,vfe_estado,vfe_entregado,usu_nusuario) VALUES (8754,@@@2013.08.19@@@,4369,1,0,@@@m_martinez@@@)','',2,'2013-08-19'),(54859,'INSERT INTO gne_vale_ferreteria_mov (vfe_id,pro_codigo_plu,vfm_cantidad,vfm_unitario,vfm_total,vfm_entregado) VALUES (8754,763622,1,1399,1399,@@@NO@@@)','',2,'2013-08-19'),(54860,'INSERT INTO gne_vale_ferreteria_mov (vfe_id,pro_codigo_plu,vfm_cantidad,vfm_unitario,vfm_total,vfm_entregado) VALUES (8754,1070,2,250,500,@@@NO@@@)','',2,'2013-08-19'),(54861,'INSERT INTO gne_vale_ferreteria_mov (vfe_id,pro_codigo_plu,vfm_cantidad,vfm_unitario,vfm_total,vfm_entregado) VALUES (8754,12083,1,260,260,@@@NO@@@)','',2,'2013-08-19'),(54862,'INSERT INTO gne_vale_ferreteria_mov (vfe_id,pro_codigo_plu,vfm_cantidad,vfm_unitario,vfm_total,vfm_entregado) VALUES (8754,16430,1,160,160,@@@NO@@@)','',2,'2013-08-19'),(54863,'INSERT INTO gne_vale_ferreteria_mov (vfe_id,pro_codigo_plu,vfm_cantidad,vfm_unitario,vfm_total,vfm_entregado) VALUES (8754,16421,1,160,160,@@@NO@@@)','',2,'2013-08-19'),(54864,'INSERT INTO gne_vale_ferreteria_mov (vfe_id,pro_codigo_plu,vfm_cantidad,vfm_unitario,vfm_total,vfm_entregado) VALUES (8754,4077,1,200,200,@@@NO@@@)','',2,'2013-08-19'),(54865,'INSERT INTO gne_vale_ferreteria_mov (vfe_id,pro_codigo_plu,vfm_cantidad,vfm_unitario,vfm_total,vfm_entregado) VALUES (8754,1542,2,100,200,@@@NO@@@)','',2,'2013-08-19'),(54866,'INSERT INTO gne_vale_ferreteria_mov (vfe_id,pro_codigo_plu,vfm_cantidad,vfm_unitario,vfm_total,vfm_entregado) VALUES (8754,764564,1,1490,1490,@@@NO@@@)','',2,'2013-08-19'),(54867,'INSERT INTO gne_vale_ferreteria (vfe_id,vfe_fecha,vfe_total,vfe_estado,vfe_entregado,usu_nusuario) VALUES (8755,@@@2013.08.19@@@,850,1,0,@@@m_martinez@@@)','',2,'2013-08-19'),(54868,'INSERT INTO gne_vale_ferreteria_mov (vfe_id,pro_codigo_plu,vfm_cantidad,vfm_unitario,vfm_total,vfm_entregado) VALUES (8755,15967,2,130,260,@@@NO@@@)','',2,'2013-08-19'),(54869,'INSERT INTO gne_vale_ferreteria_mov (vfe_id,pro_codigo_plu,vfm_cantidad,vfm_unitario,vfm_total,vfm_entregado) VALUES (8755,764766,3,120,360,@@@NO@@@)','',2,'2013-08-19'),(54870,'INSERT INTO gne_vale_ferreteria_mov (vfe_id,pro_codigo_plu,vfm_cantidad,vfm_unitario,vfm_total,vfm_entregado) VALUES (8755,763811,1,230,230,@@@NO@@@)','',2,'2013-08-19'),(54871,'INSERT INTO gne_vale_ferreteria (vfe_id,vfe_fecha,vfe_total,vfe_estado,vfe_entregado,usu_nusuario) VALUES (8756,@@@2013.08.19@@@,790,1,0,@@@m_martinez@@@)','',2,'2013-08-19'),(54872,'INSERT INTO gne_vale_ferreteria_mov (vfe_id,pro_codigo_plu,vfm_cantidad,vfm_unitario,vfm_total,vfm_entregado) VALUES (8756,780721486,1,790,790,@@@NO@@@)','',2,'2013-08-19'),(54873,'INSERT INTO gne_vale_ferreteria (vfe_id,vfe_fecha,vfe_total,vfe_estado,vfe_entregado,usu_nusuario) VALUES (8757,@@@2013.08.19@@@,3450,1,0,@@@m_martinez@@@)','',2,'2013-08-19'),(54874,'INSERT INTO gne_vale_ferreteria_mov (vfe_id,pro_codigo_plu,vfm_cantidad,vfm_unitario,vfm_total,vfm_entregado) VALUES (8757,770031,115,30,3450,@@@NO@@@)','',2,'2013-08-19'),(54875,'INSERT INTO gne_vale_ferreteria (vfe_id,vfe_fecha,vfe_total,vfe_estado,vfe_entregado,usu_nusuario) VALUES (8758,@@@2013.08.19@@@,360,1,0,@@@m_martinez@@@)','',2,'2013-08-19'),(54876,'INSERT INTO gne_vale_ferreteria_mov (vfe_id,pro_codigo_plu,vfm_cantidad,vfm_unitario,vfm_total,vfm_entregado) VALUES (8758,1544,12,30,360,@@@NO@@@)','',2,'2013-08-19'),(54877,'INSERT INTO gne_vale_ferreteria (vfe_id,vfe_fecha,vfe_total,vfe_estado,vfe_entregado,usu_nusuario) VALUES (8759,@@@2013.08.19@@@,620,1,0,@@@m_martinez@@@)','',2,'2013-08-19'),(54878,'INSERT INTO gne_vale_ferreteria_mov (vfe_id,pro_codigo_plu,vfm_cantidad,vfm_unitario,vfm_total,vfm_entregado) VALUES (8759,780220180,1,620,620,@@@NO@@@)','',2,'2013-08-19'),(54879,'INSERT INTO gne_vale_ferreteria (vfe_id,vfe_fecha,vfe_total,vfe_estado,vfe_entregado,usu_nusuario) VALUES (8760,@@@2013.08.19@@@,120,1,0,@@@m_martinez@@@)','',2,'2013-08-19'),(54880,'INSERT INTO gne_vale_ferreteria_mov (vfe_id,pro_codigo_plu,vfm_cantidad,vfm_unitario,vfm_total,vfm_entregado) VALUES (8760,8022,1,120,120,@@@NO@@@)','',2,'2013-08-19'),(54881,'INSERT INTO gne_vale_ferreteria (vfe_id,vfe_fecha,vfe_total,vfe_estado,vfe_entregado,usu_nusuario) VALUES (8761,@@@2013.08.19@@@,300,1,0,@@@m_martinez@@@)','',2,'2013-08-19'),(54882,'INSERT INTO gne_vale_ferreteria_mov (vfe_id,pro_codigo_plu,vfm_cantidad,vfm_unitario,vfm_total,vfm_entregado) VALUES (8761,780721221,1,300,300,@@@NO@@@)','',2,'2013-08-19'),(54883,'INSERT INTO gne_vale_ferreteria (vfe_id,vfe_fecha,vfe_total,vfe_estado,vfe_entregado,usu_nusuario) VALUES (8762,@@@2013.08.19@@@,1580,1,0,@@@m_martinez@@@)','',2,'2013-08-19'),(54884,'INSERT INTO gne_vale_ferreteria_mov (vfe_id,pro_codigo_plu,vfm_cantidad,vfm_unitario,vfm_total,vfm_entregado) VALUES (8762,780721280,2,790,1580,@@@NO@@@)','',2,'2013-08-19'),(54885,'INSERT INTO gne_vale_ferreteria (vfe_id,vfe_fecha,vfe_total,vfe_estado,vfe_entregado,usu_nusuario) VALUES (8763,@@@2013.08.19@@@,890,1,0,@@@m_martinez@@@)','',2,'2013-08-19'),(54886,'INSERT INTO gne_vale_ferreteria_mov (vfe_id,pro_codigo_plu,vfm_cantidad,vfm_unitario,vfm_total,vfm_entregado) VALUES (8763,19855,1,890,890,@@@NO@@@)','',2,'2013-08-19'),(54887,'INSERT INTO gne_vale_ferreteria (vfe_id,vfe_fecha,vfe_total,vfe_estado,vfe_entregado,usu_nusuario) VALUES (8764,@@@2013.08.19@@@,990,1,0,@@@m_martinez@@@)','',2,'2013-08-19'),(54888,'INSERT INTO gne_vale_ferreteria_mov (vfe_id,pro_codigo_plu,vfm_cantidad,vfm_unitario,vfm_total,vfm_entregado) VALUES (8764,2008,1,990,990,@@@NO@@@)','',2,'2013-08-19'),(54889,'INSERT INTO gne_vale_ferreteria (vfe_id,vfe_fecha,vfe_total,vfe_estado,vfe_entregado,usu_nusuario) VALUES (8765,@@@2013.08.19@@@,1880,1,0,@@@m_martinez@@@)','',2,'2013-08-19'),(54890,'INSERT INTO gne_vale_ferreteria_mov (vfe_id,pro_codigo_plu,vfm_cantidad,vfm_unitario,vfm_total,vfm_entregado) VALUES (8765,780721280,2,790,1580,@@@NO@@@)','',2,'2013-08-19'),(54891,'INSERT INTO gne_vale_ferreteria_mov (vfe_id,pro_codigo_plu,vfm_cantidad,vfm_unitario,vfm_total,vfm_entregado) VALUES (8765,78016992,1,300,300,@@@NO@@@)','',2,'2013-08-19'),(54892,'INSERT INTO gne_vale_ferreteria (vfe_id,vfe_fecha,vfe_total,vfe_estado,vfe_entregado,usu_nusuario) VALUES (8766,@@@2013.08.19@@@,1920,1,0,@@@m_martinez@@@)','',2,'2013-08-19'),(54893,'INSERT INTO gne_vale_ferreteria_mov (vfe_id,pro_codigo_plu,vfm_cantidad,vfm_unitario,vfm_total,vfm_entregado) VALUES (8766,764515,1,1590,1590,@@@NO@@@)','',2,'2013-08-19'),(54894,'INSERT INTO gne_vale_ferreteria_mov (vfe_id,pro_codigo_plu,vfm_cantidad,vfm_unitario,vfm_total,vfm_entregado) VALUES (8766,763588,1,330,330,@@@NO@@@)','',2,'2013-08-19'),(54895,'INSERT INTO gne_vale_ferreteria (vfe_id,vfe_fecha,vfe_total,vfe_estado,vfe_entregado,usu_nusuario) VALUES (8767,@@@2013.08.19@@@,300,1,0,@@@m_martinez@@@)','',2,'2013-08-19'),(54896,'INSERT INTO gne_vale_ferreteria_mov (vfe_id,pro_codigo_plu,vfm_cantidad,vfm_unitario,vfm_total,vfm_entregado) VALUES (8767,4088,2,150,300,@@@NO@@@)','',2,'2013-08-19'),(54897,'INSERT INTO gne_vale_ferreteria (vfe_id,vfe_fecha,vfe_total,vfe_estado,vfe_entregado,usu_nusuario) VALUES (8768,@@@2013.08.19@@@,400,1,0,@@@m_martinez@@@)','',2,'2013-08-19'),(54898,'INSERT INTO gne_vale_ferreteria_mov (vfe_id,pro_codigo_plu,vfm_cantidad,vfm_unitario,vfm_total,vfm_entregado) VALUES (8768,78017238,2,200,400,@@@NO@@@)','',2,'2013-08-19'),(54899,'INSERT INTO gne_vale_ferreteria (vfe_id,vfe_fecha,vfe_total,vfe_estado,vfe_entregado,usu_nusuario) VALUES (8769,@@@2013.08.19@@@,3280,1,0,@@@m_martinez@@@)','',2,'2013-08-19'),(54900,'INSERT INTO gne_vale_ferreteria_mov (vfe_id,pro_codigo_plu,vfm_cantidad,vfm_unitario,vfm_total,vfm_entregado) VALUES (8769,4102,1,1390,1390,@@@NO@@@)','',2,'2013-08-19'),(54901,'INSERT INTO gne_vale_ferreteria_mov (vfe_id,pro_codigo_plu,vfm_cantidad,vfm_unitario,vfm_total,vfm_entregado) VALUES (8769,78016981,1,1890,1890,@@@NO@@@)','',2,'2013-08-19'),(54902,'INSERT INTO gne_vale_ferreteria (vfe_id,vfe_fecha,vfe_total,vfe_estado,vfe_entregado,usu_nusuario) VALUES (8770,@@@2013.08.19@@@,120,1,0,@@@m_martinez@@@)','',2,'2013-08-19'),(54903,'INSERT INTO gne_vale_ferreteria_mov (vfe_id,pro_codigo_plu,vfm_cantidad,vfm_unitario,vfm_total,vfm_entregado) VALUES (8770,764780,2,60,120,@@@NO@@@)','',2,'2013-08-19'),(54904,'INSERT INTO gne_vale_ferreteria (vfe_id,vfe_fecha,vfe_total,vfe_estado,vfe_entregado,usu_nusuario) VALUES (8771,@@@2013.08.19@@@,620,1,0,@@@m_martinez@@@)','',2,'2013-08-19'),(54905,'INSERT INTO gne_vale_ferreteria_mov (vfe_id,pro_codigo_plu,vfm_cantidad,vfm_unitario,vfm_total,vfm_entregado) VALUES (8771,780220180,1,620,620,@@@NO@@@)','',2,'2013-08-19'),(54906,'INSERT INTO gne_vale_ferreteria (vfe_id,vfe_fecha,vfe_total,vfe_estado,vfe_entregado,usu_nusuario) VALUES (8772,@@@2013.08.19@@@,150,1,0,@@@m_martinez@@@)','',2,'2013-08-19'),(54907,'INSERT INTO gne_vale_ferreteria_mov (vfe_id,pro_codigo_plu,vfm_cantidad,vfm_unitario,vfm_total,vfm_entregado) VALUES (8772,8021,1,150,150,@@@NO@@@)','',2,'2013-08-19'),(54908,'INSERT INTO gne_vale_ferreteria (vfe_id,vfe_fecha,vfe_total,vfe_estado,vfe_entregado,usu_nusuario) VALUES (8773,@@@2013.08.19@@@,200,1,0,@@@m_martinez@@@)','',2,'2013-08-19'),(54909,'INSERT INTO gne_vale_ferreteria_mov (vfe_id,pro_codigo_plu,vfm_cantidad,vfm_unitario,vfm_total,vfm_entregado) VALUES (8773,8021,1,150,150,@@@NO@@@)','',2,'2013-08-19'),(54910,'INSERT INTO gne_vale_ferreteria_mov (vfe_id,pro_codigo_plu,vfm_cantidad,vfm_unitario,vfm_total,vfm_entregado) VALUES (8773,764383,1,50,50,@@@NO@@@)','',2,'2013-08-19'),(54911,'INSERT INTO gne_vale_ferreteria (vfe_id,vfe_fecha,vfe_total,vfe_estado,vfe_entregado,usu_nusuario) VALUES (8774,@@@2013.08.19@@@,500,1,0,@@@m_martinez@@@)','',2,'2013-08-19'),(54912,'INSERT INTO gne_vale_ferreteria_mov (vfe_id,pro_codigo_plu,vfm_cantidad,vfm_unitario,vfm_total,vfm_entregado) VALUES (8774,763909,1,500,500,@@@NO@@@)','',2,'2013-08-19'),(54913,'INSERT INTO gne_vale_ferreteria (vfe_id,vfe_fecha,vfe_total,vfe_estado,vfe_entregado,usu_nusuario) VALUES (8775,@@@2013.08.19@@@,490,1,0,@@@m_martinez@@@)','',2,'2013-08-19'),(54914,'INSERT INTO gne_vale_ferreteria_mov (vfe_id,pro_codigo_plu,vfm_cantidad,vfm_unitario,vfm_total,vfm_entregado) VALUES (8775,8022,1,120,120,@@@NO@@@)','',2,'2013-08-19'),(54915,'INSERT INTO gne_vale_ferreteria_mov (vfe_id,pro_codigo_plu,vfm_cantidad,vfm_unitario,vfm_total,vfm_entregado) VALUES (8775,780220193,1,370,370,@@@NO@@@)','',2,'2013-08-19'),(54916,'INSERT INTO gne_vale_ferreteria (vfe_id,vfe_fecha,vfe_total,vfe_estado,vfe_entregado,usu_nusuario) VALUES (8776,@@@2013.08.19@@@,1690,1,0,@@@m_martinez@@@)','',2,'2013-08-19'),(54917,'INSERT INTO gne_vale_ferreteria_mov (vfe_id,pro_codigo_plu,vfm_cantidad,vfm_unitario,vfm_total,vfm_entregado) VALUES (8776,101563,1,1690,1690,@@@NO@@@)','',2,'2013-08-19'),(54918,'INSERT INTO gne_vale_ferreteria (vfe_id,vfe_fecha,vfe_total,vfe_estado,vfe_entregado,usu_nusuario) VALUES (8777,@@@2013.08.19@@@,260,1,0,@@@m_martinez@@@)','',2,'2013-08-19'),(54919,'INSERT INTO gne_vale_ferreteria_mov (vfe_id,pro_codigo_plu,vfm_cantidad,vfm_unitario,vfm_total,vfm_entregado) VALUES (8777,764364,1,140,140,@@@NO@@@)','',2,'2013-08-19'),(54920,'INSERT INTO gne_vale_ferreteria_mov (vfe_id,pro_codigo_plu,vfm_cantidad,vfm_unitario,vfm_total,vfm_entregado) VALUES (8777,78017204,1,120,120,@@@NO@@@)','',2,'2013-08-19'),(54921,'INSERT INTO gne_vale_ferreteria (vfe_id,vfe_fecha,vfe_total,vfe_estado,vfe_entregado,usu_nusuario) VALUES (8778,@@@2013.08.19@@@,300,1,0,@@@m_martinez@@@)','',2,'2013-08-19'),(54922,'INSERT INTO gne_vale_ferreteria_mov (vfe_id,pro_codigo_plu,vfm_cantidad,vfm_unitario,vfm_total,vfm_entregado) VALUES (8778,780220196,1,300,300,@@@NO@@@)','',2,'2013-08-19'),(54923,'INSERT INTO gne_vale_ferreteria (vfe_id,vfe_fecha,vfe_total,vfe_estado,vfe_entregado,usu_nusuario) VALUES (8779,@@@2013.08.19@@@,1010,1,0,@@@m_martinez@@@)','',2,'2013-08-19'),(54924,'INSERT INTO gne_vale_ferreteria_mov (vfe_id,pro_codigo_plu,vfm_cantidad,vfm_unitario,vfm_total,vfm_entregado) VALUES (8779,780721180,1,590,590,@@@NO@@@)','',2,'2013-08-19'),(54925,'INSERT INTO gne_vale_ferreteria_mov (vfe_id,pro_codigo_plu,vfm_cantidad,vfm_unitario,vfm_total,vfm_entregado) VALUES (8779,764364,3,140,420,@@@NO@@@)','',2,'2013-08-19'),(54926,'INSERT INTO gne_vale_ferreteria (vfe_id,vfe_fecha,vfe_total,vfe_estado,vfe_entregado,usu_nusuario) VALUES (8780,@@@2013.08.19@@@,520,1,0,@@@m_martinez@@@)','',2,'2013-08-19'),(54927,'INSERT INTO gne_vale_ferreteria_mov (vfe_id,pro_codigo_plu,vfm_cantidad,vfm_unitario,vfm_total,vfm_entregado) VALUES (8780,780721387,4,130,520,@@@NO@@@)','',2,'2013-08-19'),(54928,'INSERT INTO gne_vale_ferreteria (vfe_id,vfe_fecha,vfe_total,vfe_estado,vfe_entregado,usu_nusuario) VALUES (8781,@@@2013.08.19@@@,150,1,0,@@@m_martinez@@@)','',2,'2013-08-19'),(54929,'INSERT INTO gne_vale_ferreteria_mov (vfe_id,pro_codigo_plu,vfm_cantidad,vfm_unitario,vfm_total,vfm_entregado) VALUES (8781,4088,1,150,150,@@@NO@@@)','',2,'2013-08-19'),(54930,'INSERT INTO gne_vale_ferreteria (vfe_id,vfe_fecha,vfe_total,vfe_estado,vfe_entregado,usu_nusuario) VALUES (8782,@@@2013.08.19@@@,1150,1,0,@@@m_martinez@@@)','',2,'2013-08-19'),(54931,'INSERT INTO gne_vale_ferreteria_mov (vfe_id,pro_codigo_plu,vfm_cantidad,vfm_unitario,vfm_total,vfm_entregado) VALUES (8782,763891,1,1150,1150,@@@NO@@@)','',2,'2013-08-19'),(54932,'INSERT INTO gne_vale_ferreteria (vfe_id,vfe_fecha,vfe_total,vfe_estado,vfe_entregado,usu_nusuario) VALUES (8783,@@@2013.08.19@@@,1290,1,0,@@@m_martinez@@@)','',2,'2013-08-19'),(54933,'INSERT INTO gne_vale_ferreteria_mov (vfe_id,pro_codigo_plu,vfm_cantidad,vfm_unitario,vfm_total,vfm_entregado) VALUES (8783,780721487,1,590,590,@@@NO@@@)','',2,'2013-08-19'),(54934,'INSERT INTO gne_vale_ferreteria_mov (vfe_id,pro_codigo_plu,vfm_cantidad,vfm_unitario,vfm_total,vfm_entregado) VALUES (8783,102408,2,350,700,@@@NO@@@)','',2,'2013-08-19'),(54935,'INSERT INTO gne_vale_ferreteria (vfe_id,vfe_fecha,vfe_total,vfe_estado,vfe_entregado,usu_nusuario) VALUES (8784,@@@2013.08.19@@@,200,1,0,@@@m_martinez@@@)','',2,'2013-08-19'),(54936,'INSERT INTO gne_vale_ferreteria_mov (vfe_id,pro_codigo_plu,vfm_cantidad,vfm_unitario,vfm_total,vfm_entregado) VALUES (8784,1556,1,200,200,@@@NO@@@)','',2,'2013-08-19'),(54937,'INSERT INTO gne_vale_ferreteria (vfe_id,vfe_fecha,vfe_total,vfe_estado,vfe_entregado,usu_nusuario) VALUES (8785,@@@2013.08.19@@@,850,1,0,@@@m_martinez@@@)','',2,'2013-08-19'),(54938,'INSERT INTO gne_vale_ferreteria_mov (vfe_id,pro_codigo_plu,vfm_cantidad,vfm_unitario,vfm_total,vfm_entregado) VALUES (8785,780721425,1,850,850,@@@NO@@@)','',2,'2013-08-19'),(54939,'INSERT INTO gne_vale_ferreteria (vfe_id,vfe_fecha,vfe_total,vfe_estado,vfe_entregado,usu_nusuario) VALUES (8786,@@@2013.08.19@@@,890,1,0,@@@m_martinez@@@)','',2,'2013-08-19'),(54940,'INSERT INTO gne_vale_ferreteria_mov (vfe_id,pro_codigo_plu,vfm_cantidad,vfm_unitario,vfm_total,vfm_entregado) VALUES (8786,2014,1,890,890,@@@NO@@@)','',2,'2013-08-19'),(54941,'INSERT INTO gne_vale_ferreteria (vfe_id,vfe_fecha,vfe_total,vfe_estado,vfe_entregado,usu_nusuario) VALUES (8787,@@@2013.08.19@@@,390,1,0,@@@m_martinez@@@)','',2,'2013-08-19'),(54942,'INSERT INTO gne_vale_ferreteria_mov (vfe_id,pro_codigo_plu,vfm_cantidad,vfm_unitario,vfm_total,vfm_entregado) VALUES (8787,780721379,1,390,390,@@@NO@@@)','',2,'2013-08-19'),(54943,'INSERT INTO gne_vale_ferreteria (vfe_id,vfe_fecha,vfe_total,vfe_estado,vfe_entregado,usu_nusuario) VALUES (8788,@@@2013.08.19@@@,350,1,0,@@@m_martinez@@@)','',2,'2013-08-19'),(54944,'INSERT INTO gne_vale_ferreteria_mov (vfe_id,pro_codigo_plu,vfm_cantidad,vfm_unitario,vfm_total,vfm_entregado) VALUES (8788,761984,1,350,350,@@@NO@@@)','',2,'2013-08-19'),(54945,'INSERT INTO gne_vale_ferreteria (vfe_id,vfe_fecha,vfe_total,vfe_estado,vfe_entregado,usu_nusuario) VALUES (8789,@@@2013.08.19@@@,780,1,0,@@@m_martinez@@@)','',2,'2013-08-19'),(54946,'INSERT INTO gne_vale_ferreteria_mov (vfe_id,pro_codigo_plu,vfm_cantidad,vfm_unitario,vfm_total,vfm_entregado) VALUES (8789,780220180,1,620,620,@@@NO@@@)','',2,'2013-08-19'),(54947,'INSERT INTO gne_vale_ferreteria_mov (vfe_id,pro_codigo_plu,vfm_cantidad,vfm_unitario,vfm_total,vfm_entregado) VALUES (8789,764823,2,80,160,@@@NO@@@)','',2,'2013-08-19'),(54948,'INSERT INTO gne_vale_ferreteria (vfe_id,vfe_fecha,vfe_total,vfe_estado,vfe_entregado,usu_nusuario) VALUES (8790,@@@2013.08.19@@@,620,1,0,@@@m_martinez@@@)','',2,'2013-08-19'),(54949,'INSERT INTO gne_vale_ferreteria_mov (vfe_id,pro_codigo_plu,vfm_cantidad,vfm_unitario,vfm_total,vfm_entregado) VALUES (8790,780220180,1,620,620,@@@NO@@@)','',2,'2013-08-19'),(54950,'INSERT INTO gne_vale_ferreteria (vfe_id,vfe_fecha,vfe_total,vfe_estado,vfe_entregado,usu_nusuario) VALUES (8791,@@@2013.08.19@@@,200,1,0,@@@m_martinez@@@)','',2,'2013-08-19'),(54951,'INSERT INTO gne_vale_ferreteria_mov (vfe_id,pro_codigo_plu,vfm_cantidad,vfm_unitario,vfm_total,vfm_entregado) VALUES (8791,764833,20,10,200,@@@NO@@@)','',2,'2013-08-19'),(54952,'INSERT INTO gne_vale_ferreteria (vfe_id,vfe_fecha,vfe_total,vfe_estado,vfe_entregado,usu_nusuario) VALUES (8792,@@@2013.08.19@@@,600,1,0,@@@m_martinez@@@)','',2,'2013-08-19'),(54953,'INSERT INTO gne_vale_ferreteria_mov (vfe_id,pro_codigo_plu,vfm_cantidad,vfm_unitario,vfm_total,vfm_entregado) VALUES (8792,763417,2,300,600,@@@NO@@@)','',2,'2013-08-19'),(54954,'INSERT INTO gne_vale_ferreteria (vfe_id,vfe_fecha,vfe_total,vfe_estado,vfe_entregado,usu_nusuario) VALUES (8793,@@@2013.08.19@@@,1890,1,0,@@@m_martinez@@@)','',2,'2013-08-19'),(54955,'INSERT INTO gne_vale_ferreteria_mov (vfe_id,pro_codigo_plu,vfm_cantidad,vfm_unitario,vfm_total,vfm_entregado) VALUES (8793,101845,1,1890,1890,@@@NO@@@)','',2,'2013-08-19'),(54956,'INSERT INTO gne_vale_ferreteria (vfe_id,vfe_fecha,vfe_total,vfe_estado,vfe_entregado,usu_nusuario) VALUES (8794,@@@2013.08.19@@@,1990,1,0,@@@m_martinez@@@)','',2,'2013-08-19'),(54957,'INSERT INTO gne_vale_ferreteria_mov (vfe_id,pro_codigo_plu,vfm_cantidad,vfm_unitario,vfm_total,vfm_entregado) VALUES (8794,990001,1,1990,1990,@@@NO@@@)','',2,'2013-08-19'),(54958,'INSERT INTO gne_vale_ferreteria (vfe_id,vfe_fecha,vfe_total,vfe_estado,vfe_entregado,usu_nusuario) VALUES (8795,@@@2013.08.19@@@,1690,1,0,@@@m_martinez@@@)','',2,'2013-08-19'),(54959,'INSERT INTO gne_vale_ferreteria_mov (vfe_id,pro_codigo_plu,vfm_cantidad,vfm_unitario,vfm_total,vfm_entregado) VALUES (8795,20476,1,1690,1690,@@@NO@@@)','',2,'2013-08-19'),(54960,'INSERT INTO gne_vale_ferreteria (vfe_id,vfe_fecha,vfe_total,vfe_estado,vfe_entregado,usu_nusuario) VALUES (8796,@@@2013.08.19@@@,620,1,0,@@@m_martinez@@@)','',2,'2013-08-19'),(54961,'INSERT INTO gne_vale_ferreteria_mov (vfe_id,pro_codigo_plu,vfm_cantidad,vfm_unitario,vfm_total,vfm_entregado) VALUES (8796,11378,1,620,620,@@@NO@@@)','',2,'2013-08-19'),(54962,'INSERT INTO gne_vale_ferreteria (vfe_id,vfe_fecha,vfe_total,vfe_estado,vfe_entregado,usu_nusuario) VALUES (8797,@@@2013.08.19@@@,620,1,0,@@@m_martinez@@@)','',2,'2013-08-19'),(54963,'INSERT INTO gne_vale_ferreteria_mov (vfe_id,pro_codigo_plu,vfm_cantidad,vfm_unitario,vfm_total,vfm_entregado) VALUES (8797,780220180,1,620,620,@@@NO@@@)','',2,'2013-08-19'),(54964,'INSERT INTO gne_vale_ferreteria (vfe_id,vfe_fecha,vfe_total,vfe_estado,vfe_entregado,usu_nusuario) VALUES (8798,@@@2013.08.19@@@,399,1,0,@@@m_martinez@@@)','',2,'2013-08-19'),(54965,'INSERT INTO gne_vale_ferreteria_mov (vfe_id,pro_codigo_plu,vfm_cantidad,vfm_unitario,vfm_total,vfm_entregado) VALUES (8798,780721388,1,399,399,@@@NO@@@)','',2,'2013-08-19'),(54966,'INSERT INTO gne_vale_ferreteria (vfe_id,vfe_fecha,vfe_total,vfe_estado,vfe_entregado,usu_nusuario) VALUES (8799,@@@2013.08.19@@@,650,1,0,@@@m_martinez@@@)','',2,'2013-08-19'),(54967,'INSERT INTO gne_vale_ferreteria_mov (vfe_id,pro_codigo_plu,vfm_cantidad,vfm_unitario,vfm_total,vfm_entregado) VALUES (8799,20836,1,650,650,@@@NO@@@)','',2,'2013-08-19'),(54968,'INSERT INTO gne_vale_ferreteria (vfe_id,vfe_fecha,vfe_total,vfe_estado,vfe_entregado,usu_nusuario) VALUES (8800,@@@2013.08.19@@@,650,1,0,@@@m_martinez@@@)','',2,'2013-08-19'),(54969,'INSERT INTO gne_vale_ferreteria_mov (vfe_id,pro_codigo_plu,vfm_cantidad,vfm_unitario,vfm_total,vfm_entregado) VALUES (8800,78017148,5,130,650,@@@NO@@@)','',2,'2013-08-19'),(54970,'INSERT INTO gne_vale_ferreteria (vfe_id,vfe_fecha,vfe_total,vfe_estado,vfe_entregado,usu_nusuario) VALUES (8801,@@@2013.08.19@@@,600,1,0,@@@m_martinez@@@)','',2,'2013-08-19'),(54971,'INSERT INTO gne_vale_ferreteria_mov (vfe_id,pro_codigo_plu,vfm_cantidad,vfm_unitario,vfm_total,vfm_entregado) VALUES (8801,1068,1,200,200,@@@NO@@@)','',2,'2013-08-19'),(54972,'INSERT INTO gne_vale_ferreteria_mov (vfe_id,pro_codigo_plu,vfm_cantidad,vfm_unitario,vfm_total,vfm_entregado) VALUES (8801,1067,1,200,200,@@@NO@@@)','',2,'2013-08-19'),(54973,'INSERT INTO gne_vale_ferreteria_mov (vfe_id,pro_codigo_plu,vfm_cantidad,vfm_unitario,vfm_total,vfm_entregado) VALUES (8801,1069,1,200,200,@@@NO@@@)','',2,'2013-08-19'),(54974,'INSERT INTO gne_vale_ferreteria (vfe_id,vfe_fecha,vfe_total,vfe_estado,vfe_entregado,usu_nusuario) VALUES (8802,@@@2013.08.19@@@,120,1,0,@@@m_martinez@@@)','',2,'2013-08-19'),(54975,'INSERT INTO gne_vale_ferreteria_mov (vfe_id,pro_codigo_plu,vfm_cantidad,vfm_unitario,vfm_total,vfm_entregado) VALUES (8802,8022,1,120,120,@@@NO@@@)','',2,'2013-08-19'),(54976,'INSERT INTO gne_vale_ferreteria (vfe_id,vfe_fecha,vfe_total,vfe_estado,vfe_entregado,usu_nusuario) VALUES (8803,@@@2013.08.19@@@,990,1,0,@@@m_martinez@@@)','',2,'2013-08-19'),(54977,'INSERT INTO gne_vale_ferreteria_mov (vfe_id,pro_codigo_plu,vfm_cantidad,vfm_unitario,vfm_total,vfm_entregado) VALUES (8803,780721231,1,990,990,@@@NO@@@)','',2,'2013-08-19'),(54978,'INSERT INTO gne_vale_ferreteria (vfe_id,vfe_fecha,vfe_total,vfe_estado,vfe_entregado,usu_nusuario) VALUES (8804,@@@2013.08.19@@@,620,1,0,@@@m_martinez@@@)','',2,'2013-08-19'),(54979,'INSERT INTO gne_vale_ferreteria_mov (vfe_id,pro_codigo_plu,vfm_cantidad,vfm_unitario,vfm_total,vfm_entregado) VALUES (8804,780220180,1,620,620,@@@NO@@@)','',2,'2013-08-19'),(54980,'INSERT INTO gne_vale_ferreteria (vfe_id,vfe_fecha,vfe_total,vfe_estado,vfe_entregado,usu_nusuario) VALUES (8805,@@@2013.08.19@@@,790,1,0,@@@m_martinez@@@)','',2,'2013-08-19'),(54981,'INSERT INTO gne_vale_ferreteria_mov (vfe_id,pro_codigo_plu,vfm_cantidad,vfm_unitario,vfm_total,vfm_entregado) VALUES (8805,763804,1,790,790,@@@NO@@@)','',2,'2013-08-19'),(54982,'INSERT INTO gne_vale_ferreteria (vfe_id,vfe_fecha,vfe_total,vfe_estado,vfe_entregado,usu_nusuario) VALUES (8806,@@@2013.08.19@@@,620,1,0,@@@m_martinez@@@)','',2,'2013-08-19'),(54983,'INSERT INTO gne_vale_ferreteria_mov (vfe_id,pro_codigo_plu,vfm_cantidad,vfm_unitario,vfm_total,vfm_entregado) VALUES (8806,780220180,1,620,620,@@@NO@@@)','',2,'2013-08-19'),(54984,'INSERT INTO gne_vale_ferreteria (vfe_id,vfe_fecha,vfe_total,vfe_estado,vfe_entregado,usu_nusuario) VALUES (8807,@@@2013.08.20@@@,790,1,0,@@@b_SAEZ@@@)','',2,'2013-08-20'),(54985,'INSERT INTO gne_vale_ferreteria_mov (vfe_id,pro_codigo_plu,vfm_cantidad,vfm_unitario,vfm_total,vfm_entregado) VALUES (8807,770003,20,10,200,@@@NO@@@)','',2,'2013-08-20'),(54986,'INSERT INTO gne_vale_ferreteria_mov (vfe_id,pro_codigo_plu,vfm_cantidad,vfm_unitario,vfm_total,vfm_entregado) VALUES (8807,780721180,1,590,590,@@@NO@@@)','',2,'2013-08-20'),(54987,'INSERT INTO gne_vale_ferreteria (vfe_id,vfe_fecha,vfe_total,vfe_estado,vfe_entregado,usu_nusuario) VALUES (8808,@@@2013.08.20@@@,2290,1,0,@@@b_SAEZ@@@)','',2,'2013-08-20'),(54988,'INSERT INTO gne_vale_ferreteria_mov (vfe_id,pro_codigo_plu,vfm_cantidad,vfm_unitario,vfm_total,vfm_entregado) VALUES (8808,101433,1,300,300,@@@NO@@@)','',2,'2013-08-20'),(54989,'INSERT INTO gne_vale_ferreteria_mov (vfe_id,pro_codigo_plu,vfm_cantidad,vfm_unitario,vfm_total,vfm_entregado) VALUES (8808,101856,1,1990,1990,@@@NO@@@)','',2,'2013-08-20'),(54990,'INSERT INTO gne_vale_ferreteria (vfe_id,vfe_fecha,vfe_total,vfe_estado,vfe_entregado,usu_nusuario) VALUES (8809,@@@2013.08.20@@@,1599,1,0,@@@b_SAEZ@@@)','',2,'2013-08-20'),(54991,'INSERT INTO gne_vale_ferreteria_mov (vfe_id,pro_codigo_plu,vfm_cantidad,vfm_unitario,vfm_total,vfm_entregado) VALUES (8809,15668,1,1599,1599,@@@NO@@@)','',2,'2013-08-20'),(54992,'INSERT INTO gne_vale_ferreteria (vfe_id,vfe_fecha,vfe_total,vfe_estado,vfe_entregado,usu_nusuario) VALUES (8810,@@@2013.08.20@@@,390,1,0,@@@b_SAEZ@@@)','',2,'2013-08-20'),(54993,'INSERT INTO gne_vale_ferreteria_mov (vfe_id,pro_codigo_plu,vfm_cantidad,vfm_unitario,vfm_total,vfm_entregado) VALUES (8810,4090,1,390,390,@@@NO@@@)','',2,'2013-08-20'),(54994,'INSERT INTO gne_vale_ferreteria (vfe_id,vfe_fecha,vfe_total,vfe_estado,vfe_entregado,usu_nusuario) VALUES (8811,@@@2013.08.20@@@,990,1,0,@@@b_SAEZ@@@)','',2,'2013-08-20'),(54995,'INSERT INTO gne_vale_ferreteria_mov (vfe_id,pro_codigo_plu,vfm_cantidad,vfm_unitario,vfm_total,vfm_entregado) VALUES (8811,764043,1,990,990,@@@NO@@@)','',2,'2013-08-20'),(54996,'INSERT INTO gne_vale_ferreteria (vfe_id,vfe_fecha,vfe_total,vfe_estado,vfe_entregado,usu_nusuario) VALUES (8812,@@@2013.08.20@@@,390,1,0,@@@b_SAEZ@@@)','',2,'2013-08-20'),(54997,'INSERT INTO gne_vale_ferreteria_mov (vfe_id,pro_codigo_plu,vfm_cantidad,vfm_unitario,vfm_total,vfm_entregado) VALUES (8812,1535,1,390,390,@@@NO@@@)','',2,'2013-08-20'),(54998,'INSERT INTO gne_vale_ferreteria (vfe_id,vfe_fecha,vfe_total,vfe_estado,vfe_entregado,usu_nusuario) VALUES (8813,@@@2013.08.20@@@,1890,1,0,@@@b_SAEZ@@@)','',2,'2013-08-20'),(54999,'INSERT INTO gne_vale_ferreteria_mov (vfe_id,pro_codigo_plu,vfm_cantidad,vfm_unitario,vfm_total,vfm_entregado) VALUES (8813,101624,1,1890,1890,@@@NO@@@)','',2,'2013-08-20'),(55000,'INSERT INTO gne_vale_ferreteria (vfe_id,vfe_fecha,vfe_total,vfe_estado,vfe_entregado,usu_nusuario) VALUES (8814,@@@2013.08.20@@@,1990,1,0,@@@b_SAEZ@@@)','',2,'2013-08-20'),(55001,'INSERT INTO gne_vale_ferreteria_mov (vfe_id,pro_codigo_plu,vfm_cantidad,vfm_unitario,vfm_total,vfm_entregado) VALUES (8814,990001,1,1990,1990,@@@NO@@@)','',2,'2013-08-20'),(55002,'UPDATE mae_productos SET pro_margen_actual=34.15,pro_precio_venta=1100 WHERE pro_codigo_plu=10099','',2,'2013-08-20'),(55003,'UPDATE mae_productos SET pro_margen_actual=0,pro_precio_venta=790 WHERE pro_codigo_plu=763458','',2,'2013-08-20'),(55004,'UPDATE mae_productos SET pro_margen_actual=60.83,pro_precio_venta=180 WHERE pro_codigo_plu=780721642','',2,'2013-08-20'),(55005,'UPDATE mae_productos SET pro_margen_actual=60.83,pro_precio_venta=180 WHERE pro_codigo_plu=780721641','',2,'2013-08-20'),(55006,'UPDATE mae_productos SET pro_margen_actual=57.41,pro_precio_venta=850 WHERE pro_codigo_plu=607','',2,'2013-08-20'),(55007,'UPDATE mae_productos SET pro_margen_actual=134.12,pro_precio_venta=1990 WHERE pro_codigo_plu=577','',2,'2013-08-20'),(55008,'UPDATE mae_productos SET pro_margen_actual=0,pro_precio_venta=240 WHERE pro_codigo_plu=78016975','',2,'2013-08-20'),(55009,'UPDATE mae_productos SET pro_margen_actual=14.01,pro_precio_venta=350 WHERE pro_codigo_plu=573','',2,'2013-08-20'),(55010,'INSERT INTO gne_vale_ferreteria (vfe_id,vfe_fecha,vfe_total,vfe_estado,vfe_entregado,usu_nusuario) VALUES (8815,@@@2013.08.20@@@,999,1,0,@@@b_SAEZ@@@)','',2,'2013-08-20'),(55011,'INSERT INTO gne_vale_ferreteria_mov (vfe_id,pro_codigo_plu,vfm_cantidad,vfm_unitario,vfm_total,vfm_entregado) VALUES (8815,15028,1,999,999,@@@NO@@@)','',2,'2013-08-20'),(55012,'INSERT INTO gne_vale_ferreteria (vfe_id,vfe_fecha,vfe_total,vfe_estado,vfe_entregado,usu_nusuario) VALUES (8816,@@@2013.08.20@@@,50,1,0,@@@b_SAEZ@@@)','',2,'2013-08-20'),(55013,'INSERT INTO gne_vale_ferreteria_mov (vfe_id,pro_codigo_plu,vfm_cantidad,vfm_unitario,vfm_total,vfm_entregado) VALUES (8816,78017146,1,50,50,@@@NO@@@)','',2,'2013-08-20'),(55014,'INSERT INTO gne_vale_ferreteria (vfe_id,vfe_fecha,vfe_total,vfe_estado,vfe_entregado,usu_nusuario) VALUES (8817,@@@2013.08.20@@@,2490,1,0,@@@b_SAEZ@@@)','',2,'2013-08-20'),(55015,'INSERT INTO gne_vale_ferreteria_mov (vfe_id,pro_codigo_plu,vfm_cantidad,vfm_unitario,vfm_total,vfm_entregado) VALUES (8817,764931,1,2490,2490,@@@NO@@@)','',2,'2013-08-20'),(55016,'INSERT INTO gne_vale_ferreteria (vfe_id,vfe_fecha,vfe_total,vfe_estado,vfe_entregado,usu_nusuario) VALUES (8818,@@@2013.08.20@@@,490,1,0,@@@b_SAEZ@@@)','',2,'2013-08-20'),(55017,'INSERT INTO gne_vale_ferreteria_mov (vfe_id,pro_codigo_plu,vfm_cantidad,vfm_unitario,vfm_total,vfm_entregado) VALUES (8818,762002,1,490,490,@@@NO@@@)','',2,'2013-08-20'),(55018,'INSERT INTO gne_vale_ferreteria (vfe_id,vfe_fecha,vfe_total,vfe_estado,vfe_entregado,usu_nusuario) VALUES (8819,@@@2013.08.20@@@,300,1,0,@@@b_SAEZ@@@)','',2,'2013-08-20'),(55019,'INSERT INTO gne_vale_ferreteria_mov (vfe_id,pro_codigo_plu,vfm_cantidad,vfm_unitario,vfm_total,vfm_entregado) VALUES (8819,101433,1,300,300,@@@NO@@@)','',2,'2013-08-20'),(55020,'INSERT INTO gne_vale_ferreteria (vfe_id,vfe_fecha,vfe_total,vfe_estado,vfe_entregado,usu_nusuario) VALUES (8820,@@@2013.08.20@@@,720,1,0,@@@b_SAEZ@@@)','',2,'2013-08-20'),(55021,'INSERT INTO gne_vale_ferreteria_mov (vfe_id,pro_codigo_plu,vfm_cantidad,vfm_unitario,vfm_total,vfm_entregado) VALUES (8820,10159,1,720,720,@@@NO@@@)','',2,'2013-08-20'),(55022,'INSERT INTO gne_vale_ferreteria (vfe_id,vfe_fecha,vfe_total,vfe_estado,vfe_entregado,usu_nusuario) VALUES (8821,@@@2013.08.20@@@,2590,1,0,@@@b_SAEZ@@@)','',2,'2013-08-20'),(55023,'INSERT INTO gne_vale_ferreteria_mov (vfe_id,pro_codigo_plu,vfm_cantidad,vfm_unitario,vfm_total,vfm_entregado) VALUES (8821,20400,1,2590,2590,@@@NO@@@)','',2,'2013-08-20'),(55024,'INSERT INTO gne_vale_ferreteria (vfe_id,vfe_fecha,vfe_total,vfe_estado,vfe_entregado,usu_nusuario) VALUES (8822,@@@2013.08.20@@@,780,1,0,@@@b_SAEZ@@@)','',2,'2013-08-20'),(55025,'INSERT INTO gne_vale_ferreteria_mov (vfe_id,pro_codigo_plu,vfm_cantidad,vfm_unitario,vfm_total,vfm_entregado) VALUES (8822,78016971,1,390,390,@@@NO@@@)','',2,'2013-08-20'),(55026,'INSERT INTO gne_vale_ferreteria_mov (vfe_id,pro_codigo_plu,vfm_cantidad,vfm_unitario,vfm_total,vfm_entregado) VALUES (8822,764250,1,390,390,@@@NO@@@)','',2,'2013-08-20'),(55027,'INSERT INTO gne_vale_ferreteria (vfe_id,vfe_fecha,vfe_total,vfe_estado,vfe_entregado,usu_nusuario) VALUES (8823,@@@2013.08.20@@@,100,1,0,@@@b_SAEZ@@@)','',2,'2013-08-20'),(55028,'INSERT INTO gne_vale_ferreteria_mov (vfe_id,pro_codigo_plu,vfm_cantidad,vfm_unitario,vfm_total,vfm_entregado) VALUES (8823,78017146,2,50,100,@@@NO@@@)','',2,'2013-08-20'),(55029,'INSERT INTO gne_vale_ferreteria (vfe_id,vfe_fecha,vfe_total,vfe_estado,vfe_entregado,usu_nusuario) VALUES (8824,@@@2013.08.20@@@,1290,1,0,@@@b_SAEZ@@@)','',2,'2013-08-20'),(55030,'INSERT INTO gne_vale_ferreteria_mov (vfe_id,pro_codigo_plu,vfm_cantidad,vfm_unitario,vfm_total,vfm_entregado) VALUES (8824,780721595,1,1290,1290,@@@NO@@@)','',2,'2013-08-20'),(55031,'INSERT INTO gne_vale_ferreteria (vfe_id,vfe_fecha,vfe_total,vfe_estado,vfe_entregado,usu_nusuario) VALUES (8825,@@@2013.08.20@@@,750,1,0,@@@b_SAEZ@@@)','',2,'2013-08-20'),(55032,'INSERT INTO gne_vale_ferreteria_mov (vfe_id,pro_codigo_plu,vfm_cantidad,vfm_unitario,vfm_total,vfm_entregado) VALUES (8825,1079,1,750,750,@@@NO@@@)','',2,'2013-08-20'),(55033,'INSERT INTO gne_vale_ferreteria (vfe_id,vfe_fecha,vfe_total,vfe_estado,vfe_entregado,usu_nusuario) VALUES (8826,@@@2013.08.20@@@,140,1,0,@@@b_SAEZ@@@)','',2,'2013-08-20'),(55034,'INSERT INTO gne_vale_ferreteria_mov (vfe_id,pro_codigo_plu,vfm_cantidad,vfm_unitario,vfm_total,vfm_entregado) VALUES (8826,4064,1,140,140,@@@NO@@@)','',2,'2013-08-20'),(55035,'INSERT INTO gne_vale_ferreteria (vfe_id,vfe_fecha,vfe_total,vfe_estado,vfe_entregado,usu_nusuario) VALUES (8827,@@@2013.08.20@@@,1890,1,0,@@@b_SAEZ@@@)','',2,'2013-08-20'),(55036,'INSERT INTO gne_vale_ferreteria_mov (vfe_id,pro_codigo_plu,vfm_cantidad,vfm_unitario,vfm_total,vfm_entregado) VALUES (8827,101680,1,1890,1890,@@@NO@@@)','',2,'2013-08-20'),(55037,'INSERT INTO gne_vale_ferreteria (vfe_id,vfe_fecha,vfe_total,vfe_estado,vfe_entregado,usu_nusuario) VALUES (8828,@@@2013.08.20@@@,240,1,0,@@@b_SAEZ@@@)','',2,'2013-08-20'),(55038,'INSERT INTO gne_vale_ferreteria_mov (vfe_id,pro_codigo_plu,vfm_cantidad,vfm_unitario,vfm_total,vfm_entregado) VALUES (8828,764766,2,120,240,@@@NO@@@)','',2,'2013-08-20'),(55039,'INSERT INTO gne_vale_ferreteria (vfe_id,vfe_fecha,vfe_total,vfe_estado,vfe_entregado,usu_nusuario) VALUES (8829,@@@2013.08.20@@@,300,1,0,@@@b_SAEZ@@@)','',2,'2013-08-20'),(55040,'INSERT INTO gne_vale_ferreteria_mov (vfe_id,pro_codigo_plu,vfm_cantidad,vfm_unitario,vfm_total,vfm_entregado) VALUES (8829,8021,2,150,300,@@@NO@@@)','',2,'2013-08-20'),(55041,'INSERT INTO gne_vale_ferreteria (vfe_id,vfe_fecha,vfe_total,vfe_estado,vfe_entregado,usu_nusuario) VALUES (8830,@@@2013.08.20@@@,1990,1,0,@@@b_SAEZ@@@)','',2,'2013-08-20'),(55042,'INSERT INTO gne_vale_ferreteria_mov (vfe_id,pro_codigo_plu,vfm_cantidad,vfm_unitario,vfm_total,vfm_entregado) VALUES (8830,990001,1,1990,1990,@@@NO@@@)','',2,'2013-08-20'),(55043,'INSERT INTO gne_vale_ferreteria (vfe_id,vfe_fecha,vfe_total,vfe_estado,vfe_entregado,usu_nusuario) VALUES (8831,@@@2013.08.20@@@,100,1,0,@@@m_martinez@@@)','',2,'2013-08-20'),(55044,'INSERT INTO gne_vale_ferreteria_mov (vfe_id,pro_codigo_plu,vfm_cantidad,vfm_unitario,vfm_total,vfm_entregado) VALUES (8831,763851,1,100,100,@@@NO@@@)','',2,'2013-08-20'),(55045,'INSERT INTO gne_vale_ferreteria (vfe_id,vfe_fecha,vfe_total,vfe_estado,vfe_entregado,usu_nusuario) VALUES (8832,@@@2013.08.20@@@,1200,1,0,@@@m_martinez@@@)','',2,'2013-08-20'),(55046,'INSERT INTO gne_vale_ferreteria_mov (vfe_id,pro_codigo_plu,vfm_cantidad,vfm_unitario,vfm_total,vfm_entregado) VALUES (8832,761996,1,1200,1200,@@@NO@@@)','',2,'2013-08-20'),(55047,'INSERT INTO gne_vale_ferreteria (vfe_id,vfe_fecha,vfe_total,vfe_estado,vfe_entregado,usu_nusuario) VALUES (8833,@@@2013.08.20@@@,100,1,0,@@@m_martinez@@@)','',2,'2013-08-20'),(55048,'INSERT INTO gne_vale_ferreteria_mov (vfe_id,pro_codigo_plu,vfm_cantidad,vfm_unitario,vfm_total,vfm_entregado) VALUES (8833,1542,1,100,100,@@@NO@@@)','',2,'2013-08-20'),(55049,'INSERT INTO gne_vale_ferreteria (vfe_id,vfe_fecha,vfe_total,vfe_estado,vfe_entregado,usu_nusuario) VALUES (8834,@@@2013.08.20@@@,480,1,0,@@@m_martinez@@@)','',2,'2013-08-20'),(55050,'INSERT INTO gne_vale_ferreteria_mov (vfe_id,pro_codigo_plu,vfm_cantidad,vfm_unitario,vfm_total,vfm_entregado) VALUES (8834,8022,4,120,480,@@@NO@@@)','',2,'2013-08-20'),(55051,'INSERT INTO gne_vale_ferreteria (vfe_id,vfe_fecha,vfe_total,vfe_estado,vfe_entregado,usu_nusuario) VALUES (8835,@@@2013.08.20@@@,490,1,0,@@@m_martinez@@@)','',2,'2013-08-20'),(55052,'INSERT INTO gne_vale_ferreteria_mov (vfe_id,pro_codigo_plu,vfm_cantidad,vfm_unitario,vfm_total,vfm_entregado) VALUES (8835,780721306,1,490,490,@@@NO@@@)','',2,'2013-08-20'),(55053,'INSERT INTO mae_productos (pro_codigo_plu,pro_codigo_barra,pro_tipo,pro_nombre_producto,pro_nombre_corto,med_id,emb_id,pro_unidades_embalaje,dep_id,lin_id,mar_id,pro_precio_compra_neto,pro_precio_compra_bruto,pro_precio_venta,pro_margen_actual,pro_oferta,pro_fecha_inicio_oferta,pro_fecha_termino_oferta,pro_precio_oferta,pro_stock_minimo,pro_stock_critico,pro_entradas_bodega,pro_salidas_bodega,pro_mermas_bodega,pro_ajustes_bodega,pro_entradas_sv,pro_salidas_sv,pro_mermas_sv,pro_ajustes_sv,pro_activo,rec_numero,pro_unidad,pro_capacidad,pro_consumo_bodega,pro_consumo_sv,pro_estado,pro_funcion_plu,pro_flejes,pro_iva,pro_plu_asociado,pro_envase,pro_duracion,pro_numero_etiqueta) VALUES (780721647,@@@7804308001959@@@,@@@0@@@,@@@BAG IN BOX LOMAS DE CAUQUENES TINTO 3 LITROS@@@,@@@BAG IN BOX LOMAS@@@,@@@3 @@@,@@@6 @@@,@@@1@@@,@@@5 @@@,@@@57@@@,@@@2532@@@,@@@0@@@,@@@1@@@,@@@1@@@,@@@0@@@,@@@@@@,@@@2006.09.07@@@,@@@2006.09.07@@@,@@@0@@@,@@@1@@@,@@@1@@@,@@@0@@@,@@@0@@@,@@@0@@@,@@@0@@@,@@@0@@@,@@@0@@@,@@@0@@@,@@@0@@@,@@@1@@@,@@@0@@@,0,1,0,0,2,0,1,1,0,@@@NO@@@,0,0)','',2,'2013-08-20'),(55054,'DELETE FROM mae_impuestos_productos WHERE pro_codigo_plu=@@@780721647@@@','',2,'2013-08-20'),(55055,'INSERT INTO gne_vale_ferreteria (vfe_id,vfe_fecha,vfe_total,vfe_estado,vfe_entregado,usu_nusuario) VALUES (8836,@@@2013.08.20@@@,450,1,0,@@@m_martinez@@@)','',2,'2013-08-20'),(55056,'INSERT INTO gne_vale_ferreteria_mov (vfe_id,pro_codigo_plu,vfm_cantidad,vfm_unitario,vfm_total,vfm_entregado) VALUES (8836,763892,1,450,450,@@@NO@@@)','',2,'2013-08-20'),(55057,'INSERT INTO mae_productos (pro_codigo_plu,pro_codigo_barra,pro_tipo,pro_nombre_producto,pro_nombre_corto,med_id,emb_id,pro_unidades_embalaje,dep_id,lin_id,mar_id,pro_precio_compra_neto,pro_precio_compra_bruto,pro_precio_venta,pro_margen_actual,pro_oferta,pro_fecha_inicio_oferta,pro_fecha_termino_oferta,pro_precio_oferta,pro_stock_minimo,pro_stock_critico,pro_entradas_bodega,pro_salidas_bodega,pro_mermas_bodega,pro_ajustes_bodega,pro_entradas_sv,pro_salidas_sv,pro_mermas_sv,pro_ajustes_sv,pro_activo,rec_numero,pro_unidad,pro_capacidad,pro_consumo_bodega,pro_consumo_sv,pro_estado,pro_funcion_plu,pro_flejes,pro_iva,pro_plu_asociado,pro_envase,pro_duracion,pro_numero_etiqueta) VALUES (780721648,@@@7803700012631@@@,@@@0@@@,@@@SOPA PERSONAL CARNE CON CRUTONES NATUREZA@@@,@@@SOPA PERSONAL CA@@@,@@@1 @@@,@@@4 @@@,@@@18@@@,@@@1 @@@,@@@151@@@,@@@2507@@@,@@@0@@@,@@@1@@@,@@@1@@@,@@@0@@@,@@@@@@,@@@2013.08.20@@@,@@@2013.08.20@@@,@@@0@@@,@@@1@@@,@@@1@@@,@@@0@@@,@@@0@@@,@@@0@@@,@@@0@@@,@@@0@@@,@@@0@@@,@@@0@@@,@@@0@@@,@@@1@@@,@@@0@@@,0,1,0,0,2,0,1,1,0,@@@NO@@@,0,0)','',2,'2013-08-20'),(55058,'DELETE FROM mae_impuestos_productos WHERE pro_codigo_plu=@@@780721648@@@','',2,'2013-08-20'),(55059,'INSERT INTO gne_vale_ferreteria (vfe_id,vfe_fecha,vfe_total,vfe_estado,vfe_entregado,usu_nusuario) VALUES (8837,@@@2013.08.20@@@,690,1,0,@@@m_martinez@@@)','',2,'2013-08-20'),(55060,'INSERT INTO gne_vale_ferreteria_mov (vfe_id,pro_codigo_plu,vfm_cantidad,vfm_unitario,vfm_total,vfm_entregado) VALUES (8837,78017026,6,90,540,@@@NO@@@)','',2,'2013-08-20'),(55061,'INSERT INTO gne_vale_ferreteria_mov (vfe_id,pro_codigo_plu,vfm_cantidad,vfm_unitario,vfm_total,vfm_entregado) VALUES (8837,78017027,3,50,150,@@@NO@@@)','',2,'2013-08-20'),(55062,'INSERT INTO gne_vale_ferreteria (vfe_id,vfe_fecha,vfe_total,vfe_estado,vfe_entregado,usu_nusuario) VALUES (8838,@@@2013.08.20@@@,300,1,0,@@@m_martinez@@@)','',2,'2013-08-20'),(55063,'INSERT INTO gne_vale_ferreteria_mov (vfe_id,pro_codigo_plu,vfm_cantidad,vfm_unitario,vfm_total,vfm_entregado) VALUES (8838,763851,3,100,300,@@@NO@@@)','',2,'2013-08-20'),(55064,'INSERT INTO gne_vale_ferreteria (vfe_id,vfe_fecha,vfe_total,vfe_estado,vfe_entregado,usu_nusuario) VALUES (8839,@@@2013.08.20@@@,300,1,0,@@@m_martinez@@@)','',2,'2013-08-20'),(55065,'INSERT INTO gne_vale_ferreteria_mov (vfe_id,pro_codigo_plu,vfm_cantidad,vfm_unitario,vfm_total,vfm_entregado) VALUES (8839,78017049,1,300,300,@@@NO@@@)','',2,'2013-08-20'),(55066,'INSERT INTO gne_vale_ferreteria (vfe_id,vfe_fecha,vfe_total,vfe_estado,vfe_entregado,usu_nusuario) VALUES (8840,@@@2013.08.20@@@,540,1,0,@@@m_martinez@@@)','',2,'2013-08-20'),(55067,'INSERT INTO gne_vale_ferreteria_mov (vfe_id,pro_codigo_plu,vfm_cantidad,vfm_unitario,vfm_total,vfm_entregado) VALUES (8840,19916,1,540,540,@@@NO@@@)','',2,'2013-08-20'),(55068,'INSERT INTO gne_vale_ferreteria (vfe_id,vfe_fecha,vfe_total,vfe_estado,vfe_entregado,usu_nusuario) VALUES (8841,@@@2013.08.20@@@,2290,1,0,@@@m_martinez@@@)','',2,'2013-08-20'),(55069,'INSERT INTO gne_vale_ferreteria_mov (vfe_id,pro_codigo_plu,vfm_cantidad,vfm_unitario,vfm_total,vfm_entregado) VALUES (8841,780721084,1,2290,2290,@@@NO@@@)','',2,'2013-08-20'),(55070,'UPDATE gpr_pack_virtual SET pav_nombre=@@@PACK DUETTO 3 X $890@@@,pav_total_pack=890,pav_total_descuento=160,pav_desde=@@@2013-05-23@@@,pav_hasta=@@@2013-12-31@@@,pav_tipo=@@@PA@@@,pav_precio=350,pav_lleva=3,pav_paga=2,pav_descuento=1,pav_porcentaje=190,pav_oferta_exclusiva=@@@NO@@@,pav_agotar_stock=@@@SI@@@,pav_stock=1000,pav_costo=0,pav_margen=0 WHERE pav_id=11','',2,'2013-08-20'),(55071,'DELETE FROM gpr_pack_virtual_mov WHERE pav_id=11','',2,'2013-08-20'),(55072,'DELETE FROM gpr_pack_virtual_horario WHERE pav_id=11','',2,'2013-08-20'),(55073,'INSERT INTO gpr_pack_virtual_mov (pav_id,pro_codigo_plu,pvm_precio,pvm_total,pvm_lleva,pvm_paga,pvm_descuento,pvm_porcentaje,pvm_total_normal,pvm_descuento_linea,pvm_costo,pvm_margen) VALUES (11,101179,350,0,1,1,0,0,350,53.3333333333333,0,0),(11,101178,350,0,1,1,0,0,350,53.3333333333333,0,0),(11,101177,350,0,1,1,0,0,350,53.3333333333333,0,0),(11,101176,350,0,1,1,0,0,350,53.3333333333333,0,0),(11,262547,350,0,1,1,0,0,350,53.3333333333333,0,0),(11,101175,350,0,1,1,0,0,350,53.3333333333333,0,0)','',2,'2013-08-20'),(55074,'INSERT INTO gpr_pack_virtual_horario (pav_id,pvh_dia,pvh_hora_desde,pvh_hora_hasta) VALUES (11,99,@@@00:00@@@,@@@23:59@@@)','',2,'2013-08-20'),(55075,'INSERT INTO gne_vale_ferreteria (vfe_id,vfe_fecha,vfe_total,vfe_estado,vfe_entregado,usu_nusuario) VALUES (8842,@@@2013.08.20@@@,120,1,0,@@@m_martinez@@@)','',2,'2013-08-20'),(55076,'INSERT INTO gne_vale_ferreteria_mov (vfe_id,pro_codigo_plu,vfm_cantidad,vfm_unitario,vfm_total,vfm_entregado) VALUES (8842,8022,1,120,120,@@@NO@@@)','',2,'2013-08-20'),(55077,'INSERT INTO gne_vale_ferreteria (vfe_id,vfe_fecha,vfe_total,vfe_estado,vfe_entregado,usu_nusuario) VALUES (8843,@@@2013.08.20@@@,390,1,0,@@@m_martinez@@@)','',2,'2013-08-20'),(55078,'INSERT INTO gne_vale_ferreteria_mov (vfe_id,pro_codigo_plu,vfm_cantidad,vfm_unitario,vfm_total,vfm_entregado) VALUES (8843,780721451,1,390,390,@@@NO@@@)','',2,'2013-08-20'),(55079,'INSERT INTO gne_vale_ferreteria (vfe_id,vfe_fecha,vfe_total,vfe_estado,vfe_entregado,usu_nusuario) VALUES (8844,@@@2013.08.20@@@,120,1,0,@@@m_martinez@@@)','',2,'2013-08-20'),(55080,'INSERT INTO gne_vale_ferreteria_mov (vfe_id,pro_codigo_plu,vfm_cantidad,vfm_unitario,vfm_total,vfm_entregado) VALUES (8844,8022,1,120,120,@@@NO@@@)','',2,'2013-08-20'),(55081,'INSERT INTO gne_vale_ferreteria (vfe_id,vfe_fecha,vfe_total,vfe_estado,vfe_entregado,usu_nusuario) VALUES (8845,@@@2013.08.20@@@,600,1,0,@@@m_martinez@@@)','',2,'2013-08-20'),(55082,'INSERT INTO gne_vale_ferreteria_mov (vfe_id,pro_codigo_plu,vfm_cantidad,vfm_unitario,vfm_total,vfm_entregado) VALUES (8845,78017049,2,300,600,@@@NO@@@)','',2,'2013-08-20'),(55083,'INSERT INTO mae_productos (pro_codigo_plu,pro_codigo_barra,pro_tipo,pro_nombre_producto,pro_nombre_corto,med_id,emb_id,pro_unidades_embalaje,dep_id,lin_id,mar_id,pro_precio_compra_neto,pro_precio_compra_bruto,pro_precio_venta,pro_margen_actual,pro_oferta,pro_fecha_inicio_oferta,pro_fecha_termino_oferta,pro_precio_oferta,pro_stock_minimo,pro_stock_critico,pro_entradas_bodega,pro_salidas_bodega,pro_mermas_bodega,pro_ajustes_bodega,pro_entradas_sv,pro_salidas_sv,pro_mermas_sv,pro_ajustes_sv,pro_activo,rec_numero,pro_unidad,pro_capacidad,pro_consumo_bodega,pro_consumo_sv,pro_estado,pro_funcion_plu,pro_flejes,pro_iva,pro_plu_asociado,pro_envase,pro_duracion,pro_numero_etiqueta) VALUES (780721649,@@@7802800503759@@@,@@@0@@@,@@@CAFE GOLD CREME CARAMEL@@@,@@@CAFE GOLD CREME @@@,@@@1 @@@,@@@6 @@@,@@@10@@@,@@@1 @@@,@@@3@@@,@@@2507@@@,@@@0@@@,@@@1@@@,@@@1@@@,@@@0@@@,@@@@@@,@@@2006.09.07@@@,@@@2006.09.07@@@,@@@0@@@,@@@1@@@,@@@1@@@,@@@0@@@,@@@0@@@,@@@0@@@,@@@0@@@,@@@0@@@,@@@0@@@,@@@0@@@,@@@0@@@,@@@1@@@,@@@0@@@,0,1,0,0,2,0,1,1,0,@@@NO@@@,0,0)','',2,'2013-08-20'),(55084,'DELETE FROM mae_impuestos_productos WHERE pro_codigo_plu=@@@780721649@@@','',2,'2013-08-20'),(55085,'INSERT INTO gne_vale_ferreteria (vfe_id,vfe_fecha,vfe_total,vfe_estado,vfe_entregado,usu_nusuario) VALUES (8846,@@@2013.08.20@@@,120,1,0,@@@m_martinez@@@)','',2,'2013-08-20'),(55086,'INSERT INTO gne_vale_ferreteria_mov (vfe_id,pro_codigo_plu,vfm_cantidad,vfm_unitario,vfm_total,vfm_entregado) VALUES (8846,78017016,1,120,120,@@@NO@@@)','',2,'2013-08-20'),(55087,'INSERT INTO gne_vale_ferreteria (vfe_id,vfe_fecha,vfe_total,vfe_estado,vfe_entregado,usu_nusuario) VALUES (8847,@@@2013.08.20@@@,790,1,0,@@@m_martinez@@@)','',2,'2013-08-20'),(55088,'INSERT INTO gne_vale_ferreteria_mov (vfe_id,pro_codigo_plu,vfm_cantidad,vfm_unitario,vfm_total,vfm_entregado) VALUES (8847,780721280,1,790,790,@@@NO@@@)','',2,'2013-08-20'),(55089,'INSERT INTO gne_vale_ferreteria (vfe_id,vfe_fecha,vfe_total,vfe_estado,vfe_entregado,usu_nusuario) VALUES (8848,@@@2013.08.20@@@,650,1,0,@@@m_martinez@@@)','',2,'2013-08-20'),(55090,'INSERT INTO gne_vale_ferreteria_mov (vfe_id,pro_codigo_plu,vfm_cantidad,vfm_unitario,vfm_total,vfm_entregado) VALUES (8848,78017148,5,130,650,@@@NO@@@)','',2,'2013-08-20'),(55091,'INSERT INTO gne_vale_ferreteria (vfe_id,vfe_fecha,vfe_total,vfe_estado,vfe_entregado,usu_nusuario) VALUES (8849,@@@2013.08.20@@@,240,1,0,@@@m_martinez@@@)','',2,'2013-08-20'),(55092,'INSERT INTO gne_vale_ferreteria_mov (vfe_id,pro_codigo_plu,vfm_cantidad,vfm_unitario,vfm_total,vfm_entregado) VALUES (8849,8022,2,120,240,@@@NO@@@)','',2,'2013-08-20'),(55093,'INSERT INTO gne_vale_ferreteria (vfe_id,vfe_fecha,vfe_total,vfe_estado,vfe_entregado,usu_nusuario) VALUES (8850,@@@2013.08.20@@@,2100,1,0,@@@m_martinez@@@)','',2,'2013-08-20'),(55094,'INSERT INTO gne_vale_ferreteria_mov (vfe_id,pro_codigo_plu,vfm_cantidad,vfm_unitario,vfm_total,vfm_entregado) VALUES (8850,763807,1,750,750,@@@NO@@@)','',2,'2013-08-20'),(55095,'INSERT INTO gne_vale_ferreteria_mov (vfe_id,pro_codigo_plu,vfm_cantidad,vfm_unitario,vfm_total,vfm_entregado) VALUES (8850,763795,1,1350,1350,@@@NO@@@)','',2,'2013-08-20'),(55096,'INSERT INTO gne_vale_ferreteria (vfe_id,vfe_fecha,vfe_total,vfe_estado,vfe_entregado,usu_nusuario) VALUES (8851,@@@2013.08.20@@@,300,1,0,@@@m_martinez@@@)','',2,'2013-08-20'),(55097,'INSERT INTO gne_vale_ferreteria_mov (vfe_id,pro_codigo_plu,vfm_cantidad,vfm_unitario,vfm_total,vfm_entregado) VALUES (8851,800001,1,300,300,@@@NO@@@)','',2,'2013-08-20'),(55098,'INSERT INTO gne_vale_ferreteria (vfe_id,vfe_fecha,vfe_total,vfe_estado,vfe_entregado,usu_nusuario) VALUES (8852,@@@2013.08.20@@@,890,1,0,@@@m_martinez@@@)','',2,'2013-08-20'),(55099,'INSERT INTO gne_vale_ferreteria_mov (vfe_id,pro_codigo_plu,vfm_cantidad,vfm_unitario,vfm_total,vfm_entregado) VALUES (8852,763632,1,890,890,@@@NO@@@)','',2,'2013-08-20'),(55100,'INSERT INTO gne_vale_ferreteria (vfe_id,vfe_fecha,vfe_total,vfe_estado,vfe_entregado,usu_nusuario) VALUES (8853,@@@2013.08.20@@@,1290,1,0,@@@m_martinez@@@)','',2,'2013-08-20'),(55101,'INSERT INTO gne_vale_ferreteria_mov (vfe_id,pro_codigo_plu,vfm_cantidad,vfm_unitario,vfm_total,vfm_entregado) VALUES (8853,764570,1,1290,1290,@@@NO@@@)','',2,'2013-08-20'),(55102,'INSERT INTO gne_vale_ferreteria (vfe_id,vfe_fecha,vfe_total,vfe_estado,vfe_entregado,usu_nusuario) VALUES (8854,@@@2013.08.20@@@,650,1,0,@@@m_martinez@@@)','',2,'2013-08-20'),(55103,'INSERT INTO gne_vale_ferreteria_mov (vfe_id,pro_codigo_plu,vfm_cantidad,vfm_unitario,vfm_total,vfm_entregado) VALUES (8854,764256,1,290,290,@@@NO@@@)','',2,'2013-08-20'),(55104,'INSERT INTO gne_vale_ferreteria_mov (vfe_id,pro_codigo_plu,vfm_cantidad,vfm_unitario,vfm_total,vfm_entregado) VALUES (8854,8022,3,120,360,@@@NO@@@)','',2,'2013-08-20'),(55105,'INSERT INTO gne_vale_ferreteria (vfe_id,vfe_fecha,vfe_total,vfe_estado,vfe_entregado,usu_nusuario) VALUES (8855,@@@2013.08.20@@@,2440,1,0,@@@m_martinez@@@)','',2,'2013-08-20'),(55106,'INSERT INTO gne_vale_ferreteria_mov (vfe_id,pro_codigo_plu,vfm_cantidad,vfm_unitario,vfm_total,vfm_entregado) VALUES (8855,780220153,1,1450,1450,@@@NO@@@)','',2,'2013-08-20'),(55107,'INSERT INTO gne_vale_ferreteria_mov (vfe_id,pro_codigo_plu,vfm_cantidad,vfm_unitario,vfm_total,vfm_entregado) VALUES (8855,2008,1,990,990,@@@NO@@@)','',2,'2013-08-20'),(55108,'INSERT INTO gne_vale_ferreteria (vfe_id,vfe_fecha,vfe_total,vfe_estado,vfe_entregado,usu_nusuario) VALUES (8856,@@@2013.08.20@@@,200,1,0,@@@m_martinez@@@)','',2,'2013-08-20'),(55109,'INSERT INTO gne_vale_ferreteria_mov (vfe_id,pro_codigo_plu,vfm_cantidad,vfm_unitario,vfm_total,vfm_entregado) VALUES (8856,770000,4,50,200,@@@NO@@@)','',2,'2013-08-20'),(55110,'INSERT INTO gne_vale_ferreteria (vfe_id,vfe_fecha,vfe_total,vfe_estado,vfe_entregado,usu_nusuario) VALUES (8857,@@@2013.08.20@@@,300,1,0,@@@m_martinez@@@)','',2,'2013-08-20'),(55111,'INSERT INTO gne_vale_ferreteria_mov (vfe_id,pro_codigo_plu,vfm_cantidad,vfm_unitario,vfm_total,vfm_entregado) VALUES (8857,800001,1,300,300,@@@NO@@@)','',2,'2013-08-20'),(55112,'INSERT INTO gne_vale_ferreteria (vfe_id,vfe_fecha,vfe_total,vfe_estado,vfe_entregado,usu_nusuario) VALUES (8858,@@@2013.08.20@@@,1080,1,0,@@@m_martinez@@@)','',2,'2013-08-20'),(55113,'INSERT INTO gne_vale_ferreteria_mov (vfe_id,pro_codigo_plu,vfm_cantidad,vfm_unitario,vfm_total,vfm_entregado) VALUES (8858,1057,1,290,290,@@@NO@@@)','',2,'2013-08-20'),(55114,'INSERT INTO gne_vale_ferreteria_mov (vfe_id,pro_codigo_plu,vfm_cantidad,vfm_unitario,vfm_total,vfm_entregado) VALUES (8858,763804,1,790,790,@@@NO@@@)','',2,'2013-08-20'),(55115,'INSERT INTO gne_vale_ferreteria (vfe_id,vfe_fecha,vfe_total,vfe_estado,vfe_entregado,usu_nusuario) VALUES (8859,@@@2013.08.20@@@,160,1,0,@@@m_martinez@@@)','',2,'2013-08-20'),(55116,'INSERT INTO gne_vale_ferreteria_mov (vfe_id,pro_codigo_plu,vfm_cantidad,vfm_unitario,vfm_total,vfm_entregado) VALUES (8859,16430,1,160,160,@@@NO@@@)','',2,'2013-08-20'),(55117,'INSERT INTO gne_vale_ferreteria (vfe_id,vfe_fecha,vfe_total,vfe_estado,vfe_entregado,usu_nusuario) VALUES (8860,@@@2013.08.20@@@,1890,1,0,@@@m_martinez@@@)','',2,'2013-08-20'),(55118,'INSERT INTO gne_vale_ferreteria_mov (vfe_id,pro_codigo_plu,vfm_cantidad,vfm_unitario,vfm_total,vfm_entregado) VALUES (8860,101625,1,1890,1890,@@@NO@@@)','',2,'2013-08-20'),(55119,'INSERT INTO mae_productos (pro_codigo_plu,pro_codigo_barra,pro_tipo,pro_nombre_producto,pro_nombre_corto,med_id,emb_id,pro_unidades_embalaje,dep_id,lin_id,mar_id,pro_precio_compra_neto,pro_precio_compra_bruto,pro_precio_venta,pro_margen_actual,pro_oferta,pro_fecha_inicio_oferta,pro_fecha_termino_oferta,pro_precio_oferta,pro_stock_minimo,pro_stock_critico,pro_entradas_bodega,pro_salidas_bodega,pro_mermas_bodega,pro_ajustes_bodega,pro_entradas_sv,pro_salidas_sv,pro_mermas_sv,pro_ajustes_sv,pro_activo,rec_numero,pro_unidad,pro_capacidad,pro_consumo_bodega,pro_consumo_sv,pro_estado,pro_funcion_plu,pro_flejes,pro_iva,pro_plu_asociado,pro_envase,pro_duracion,pro_numero_etiqueta) VALUES (780721650,@@@7803700012600@@@,@@@0@@@,@@@SOPA PERSONAL ESPARRAGOS@@@,@@@SOPA PERSONAL ES@@@,@@@1 @@@,@@@6 @@@,@@@20@@@,@@@1 @@@,@@@31@@@,@@@2249@@@,@@@0@@@,@@@1@@@,@@@1@@@,@@@0@@@,@@@@@@,@@@2006.09.07@@@,@@@2006.09.07@@@,@@@0@@@,@@@1@@@,@@@1@@@,@@@0@@@,@@@0@@@,@@@0@@@,@@@0@@@,@@@0@@@,@@@0@@@,@@@0@@@,@@@0@@@,@@@1@@@,@@@0@@@,0,1,0,0,2,0,1,1,0,@@@NO@@@,0,0)','',2,'2013-08-20'),(55120,'DELETE FROM mae_impuestos_productos WHERE pro_codigo_plu=@@@780721650@@@','',2,'2013-08-20'),(55121,'INSERT INTO gne_vale_ferreteria (vfe_id,vfe_fecha,vfe_total,vfe_estado,vfe_entregado,usu_nusuario) VALUES (8861,@@@2013.08.20@@@,1890,1,0,@@@m_martinez@@@)','',2,'2013-08-20'),(55122,'INSERT INTO gne_vale_ferreteria_mov (vfe_id,pro_codigo_plu,vfm_cantidad,vfm_unitario,vfm_total,vfm_entregado) VALUES (8861,10674,1,1890,1890,@@@NO@@@)','',2,'2013-08-20'),(55123,'INSERT INTO mae_productos (pro_codigo_plu,pro_codigo_barra,pro_tipo,pro_nombre_producto,pro_nombre_corto,med_id,emb_id,pro_unidades_embalaje,dep_id,lin_id,mar_id,pro_precio_compra_neto,pro_precio_compra_bruto,pro_precio_venta,pro_margen_actual,pro_oferta,pro_fecha_inicio_oferta,pro_fecha_termino_oferta,pro_precio_oferta,pro_stock_minimo,pro_stock_critico,pro_entradas_bodega,pro_salidas_bodega,pro_mermas_bodega,pro_ajustes_bodega,pro_entradas_sv,pro_salidas_sv,pro_mermas_sv,pro_ajustes_sv,pro_activo,rec_numero,pro_unidad,pro_capacidad,pro_consumo_bodega,pro_consumo_sv,pro_estado,pro_funcion_plu,pro_flejes,pro_iva,pro_plu_asociado,pro_envase,pro_duracion,pro_numero_etiqueta) VALUES (780721651,@@@7803700012617@@@,@@@0@@@,@@@SOPA PERSONAL POLLO@@@,@@@SOPA PERSONAL PO@@@,@@@1 @@@,@@@6 @@@,@@@20@@@,@@@1 @@@,@@@31@@@,@@@329@@@,@@@0@@@,@@@1@@@,@@@1@@@,@@@0@@@,@@@@@@,@@@2006.09.07@@@,@@@2006.09.07@@@,@@@0@@@,@@@1@@@,@@@1@@@,@@@0@@@,@@@0@@@,@@@0@@@,@@@0@@@,@@@0@@@,@@@0@@@,@@@0@@@,@@@0@@@,@@@1@@@,@@@0@@@,0,0,0,0,2,0,1,1,0,@@@NO@@@,0,0)','',2,'2013-08-20'),(55124,'DELETE FROM mae_impuestos_productos WHERE pro_codigo_plu=@@@780721651@@@','',2,'2013-08-20'),(55125,'INSERT INTO gne_vale_ferreteria (vfe_id,vfe_fecha,vfe_total,vfe_estado,vfe_entregado,usu_nusuario) VALUES (8862,@@@2013.08.20@@@,1340,1,0,@@@m_martinez@@@)','',2,'2013-08-20'),(55126,'INSERT INTO gne_vale_ferreteria_mov (vfe_id,pro_codigo_plu,vfm_cantidad,vfm_unitario,vfm_total,vfm_entregado) VALUES (8862,8022,3,120,360,@@@NO@@@)','',2,'2013-08-20'),(55127,'INSERT INTO gne_vale_ferreteria_mov (vfe_id,pro_codigo_plu,vfm_cantidad,vfm_unitario,vfm_total,vfm_entregado) VALUES (8862,780721305,1,490,490,@@@NO@@@)','',2,'2013-08-20'),(55128,'INSERT INTO gne_vale_ferreteria_mov (vfe_id,pro_codigo_plu,vfm_cantidad,vfm_unitario,vfm_total,vfm_entregado) VALUES (8862,780721306,1,490,490,@@@NO@@@)','',2,'2013-08-20'),(55129,'INSERT INTO gne_vale_ferreteria (vfe_id,vfe_fecha,vfe_total,vfe_estado,vfe_entregado,usu_nusuario) VALUES (8863,@@@2013.08.20@@@,490,1,0,@@@m_martinez@@@)','',2,'2013-08-20'),(55130,'INSERT INTO gne_vale_ferreteria_mov (vfe_id,pro_codigo_plu,vfm_cantidad,vfm_unitario,vfm_total,vfm_entregado) VALUES (8863,770007,1,490,490,@@@NO@@@)','',2,'2013-08-20'),(55131,'INSERT INTO gne_vale_ferreteria (vfe_id,vfe_fecha,vfe_total,vfe_estado,vfe_entregado,usu_nusuario) VALUES (8864,@@@2013.08.20@@@,540,1,0,@@@m_martinez@@@)','',2,'2013-08-20'),(55132,'INSERT INTO gne_vale_ferreteria_mov (vfe_id,pro_codigo_plu,vfm_cantidad,vfm_unitario,vfm_total,vfm_entregado) VALUES (8864,19916,1,540,540,@@@NO@@@)','',2,'2013-08-20'),(55133,'INSERT INTO gne_vale_ferreteria (vfe_id,vfe_fecha,vfe_total,vfe_estado,vfe_entregado,usu_nusuario) VALUES (8865,@@@2013.08.20@@@,4990,1,0,@@@m_martinez@@@)','',2,'2013-08-20'),(55134,'INSERT INTO gne_vale_ferreteria_mov (vfe_id,pro_codigo_plu,vfm_cantidad,vfm_unitario,vfm_total,vfm_entregado) VALUES (8865,764881,1,4990,4990,@@@NO@@@)','',2,'2013-08-20'),(55135,'INSERT INTO gne_vale_ferreteria (vfe_id,vfe_fecha,vfe_total,vfe_estado,vfe_entregado,usu_nusuario) VALUES (8866,@@@2013.08.20@@@,910,1,0,@@@m_martinez@@@)','',2,'2013-08-20'),(55136,'INSERT INTO gne_vale_ferreteria_mov (vfe_id,pro_codigo_plu,vfm_cantidad,vfm_unitario,vfm_total,vfm_entregado) VALUES (8866,78017198,1,650,650,@@@NO@@@)','',2,'2013-08-20'),(55137,'INSERT INTO gne_vale_ferreteria_mov (vfe_id,pro_codigo_plu,vfm_cantidad,vfm_unitario,vfm_total,vfm_entregado) VALUES (8866,780721387,2,130,260,@@@NO@@@)','',2,'2013-08-20'),(55138,'INSERT INTO gne_vale_ferreteria (vfe_id,vfe_fecha,vfe_total,vfe_estado,vfe_entregado,usu_nusuario) VALUES (8867,@@@2013.08.20@@@,2010,1,0,@@@m_martinez@@@)','',2,'2013-08-20'),(55139,'INSERT INTO gne_vale_ferreteria_mov (vfe_id,pro_codigo_plu,vfm_cantidad,vfm_unitario,vfm_total,vfm_entregado) VALUES (8867,11670,1,840,840,@@@NO@@@)','',2,'2013-08-20'),(55140,'INSERT INTO gne_vale_ferreteria_mov (vfe_id,pro_codigo_plu,vfm_cantidad,vfm_unitario,vfm_total,vfm_entregado) VALUES (8867,770037,1,210,210,@@@NO@@@)','',2,'2013-08-20'),(55141,'INSERT INTO gne_vale_ferreteria_mov (vfe_id,pro_codigo_plu,vfm_cantidad,vfm_unitario,vfm_total,vfm_entregado) VALUES (8867,78017179,1,960,960,@@@NO@@@)','',2,'2013-08-20'),(55142,'INSERT INTO gne_vale_ferreteria (vfe_id,vfe_fecha,vfe_total,vfe_estado,vfe_entregado,usu_nusuario) VALUES (8868,@@@2013.08.20@@@,300,1,0,@@@m_martinez@@@)','',2,'2013-08-20'),(55143,'INSERT INTO gne_vale_ferreteria_mov (vfe_id,pro_codigo_plu,vfm_cantidad,vfm_unitario,vfm_total,vfm_entregado) VALUES (8868,78017018,2,150,300,@@@NO@@@)','',2,'2013-08-20'),(55144,'INSERT INTO gne_vale_ferreteria (vfe_id,vfe_fecha,vfe_total,vfe_estado,vfe_entregado,usu_nusuario) VALUES (8869,@@@2013.08.20@@@,130,1,0,@@@m_martinez@@@)','',2,'2013-08-20'),(55145,'INSERT INTO gne_vale_ferreteria_mov (vfe_id,pro_codigo_plu,vfm_cantidad,vfm_unitario,vfm_total,vfm_entregado) VALUES (8869,780721387,1,130,130,@@@NO@@@)','',2,'2013-08-20'),(55146,'INSERT INTO gne_vale_ferreteria (vfe_id,vfe_fecha,vfe_total,vfe_estado,vfe_entregado,usu_nusuario) VALUES (8870,@@@2013.08.20@@@,350,1,0,@@@m_martinez@@@)','',2,'2013-08-20'),(55147,'INSERT INTO gne_vale_ferreteria_mov (vfe_id,pro_codigo_plu,vfm_cantidad,vfm_unitario,vfm_total,vfm_entregado) VALUES (8870,102408,1,350,350,@@@NO@@@)','',2,'2013-08-20'),(55148,'INSERT INTO gne_vale_ferreteria (vfe_id,vfe_fecha,vfe_total,vfe_estado,vfe_entregado,usu_nusuario) VALUES (8871,@@@2013.08.20@@@,30,1,0,@@@m_martinez@@@)','',2,'2013-08-20'),(55149,'INSERT INTO gne_vale_ferreteria_mov (vfe_id,pro_codigo_plu,vfm_cantidad,vfm_unitario,vfm_total,vfm_entregado) VALUES (8871,7502,1,30,30,@@@NO@@@)','',2,'2013-08-20'),(55150,'INSERT INTO gne_vale_ferreteria (vfe_id,vfe_fecha,vfe_total,vfe_estado,vfe_entregado,usu_nusuario) VALUES (8872,@@@2013.08.20@@@,1690,1,0,@@@m_martinez@@@)','',2,'2013-08-20'),(55151,'INSERT INTO gne_vale_ferreteria_mov (vfe_id,pro_codigo_plu,vfm_cantidad,vfm_unitario,vfm_total,vfm_entregado) VALUES (8872,20477,1,1690,1690,@@@NO@@@)','',2,'2013-08-20'),(55152,'INSERT INTO gne_vale_ferreteria (vfe_id,vfe_fecha,vfe_total,vfe_estado,vfe_entregado,usu_nusuario) VALUES (8873,@@@2013.08.20@@@,1150,1,0,@@@m_martinez@@@)','',2,'2013-08-20'),(55153,'INSERT INTO gne_vale_ferreteria_mov (vfe_id,pro_codigo_plu,vfm_cantidad,vfm_unitario,vfm_total,vfm_entregado) VALUES (8873,764039,1,1150,1150,@@@NO@@@)','',2,'2013-08-20'),(55154,'INSERT INTO gne_vale_ferreteria (vfe_id,vfe_fecha,vfe_total,vfe_estado,vfe_entregado,usu_nusuario) VALUES (8874,@@@2013.08.20@@@,120,1,0,@@@m_martinez@@@)','',2,'2013-08-20'),(55155,'INSERT INTO gne_vale_ferreteria_mov (vfe_id,pro_codigo_plu,vfm_cantidad,vfm_unitario,vfm_total,vfm_entregado) VALUES (8874,8022,1,120,120,@@@NO@@@)','',2,'2013-08-20'),(55156,'UPDATE mae_productos SET pro_precio_compra_bruto=90,pro_margen_actual=(pro_precio_venta-90)/90 * 100,pro_ultima_compra=@@@2013.08.20@@@,pro_ultimo_proveedor=@@@76027786-K@@@ WHERE pro_codigo_plu=1011','',2,'2013-08-20'),(55157,'UPDATE mae_productos SET pro_precio_compra_bruto=90,pro_margen_actual=(pro_precio_venta-90)/90 * 100,pro_ultima_compra=@@@2013.08.20@@@,pro_ultimo_proveedor=@@@76027786-K@@@ WHERE pro_codigo_plu=1012','',2,'2013-08-20'),(55158,'INSERT INTO gne_vale_ferreteria (vfe_id,vfe_fecha,vfe_total,vfe_estado,vfe_entregado,usu_nusuario) VALUES (8875,@@@2013.08.20@@@,3990,1,0,@@@m_martinez@@@)','',2,'2013-08-20'),(55159,'INSERT INTO gne_vale_ferreteria_mov (vfe_id,pro_codigo_plu,vfm_cantidad,vfm_unitario,vfm_total,vfm_entregado) VALUES (8875,764854,1,3990,3990,@@@NO@@@)','',2,'2013-08-20'),(55160,'UPDATE mae_productos SET pro_codigo_barra=@@@7804308001959@@@,pro_tipo=@@@0@@@,pro_nombre_producto=@@@LOMAS DE CAUQUENES TINTO 3 LITROS@@@,pro_nombre_corto=@@@LOMAS DE CAUQUEN@@@,med_id=@@@3@@@,emb_id=@@@6@@@,pro_unidades_embalaje=@@@1@@@,dep_id=@@@6 @@@,lin_id=@@@60@@@,mar_id=@@@2532@@@,pro_precio_compra_neto=@@@0@@@,pro_precio_compra_bruto=@@@1@@@,pro_precio_venta=@@@1@@@,pro_margen_actual=@@@0@@@,pro_oferta=@@@NO@@@,pro_fecha_inicio_oferta=@@@2006.09.07@@@,pro_fecha_termino_oferta=@@@2006.09.07@@@,pro_precio_oferta=@@@0@@@,pro_stock_minimo=@@@5@@@,pro_stock_critico=@@@3@@@,pro_activo=@@@1@@@,pro_unidad=@@@0@@@,pro_precio_compra_bruto=1,pro_margen_actual=0,pro_capacidad=3,pro_funcion_plu=0,pro_flejes=1,pro_iva=1,pro_plu_asociado=0,pro_envase=@@@NO@@@,pro_duracion=0,pro_numero_etiqueta=0 WHERE pro_codigo_plu=@@@780721647@@@','',2,'2013-08-20'),(55161,'UPDATE mae_productos SET pro_estado=1 WHERE pro_codigo_plu=780721647','',2,'2013-08-20'),(55162,'DELETE FROM mae_impuestos_productos WHERE pro_codigo_plu=@@@780721647@@@','',2,'2013-08-20'),(55163,'INSERT INTO gne_vale_ferreteria (vfe_id,vfe_fecha,vfe_total,vfe_estado,vfe_entregado,usu_nusuario) VALUES (8876,@@@2013.08.20@@@,990,1,0,@@@m_martinez@@@)','',2,'2013-08-20'),(55164,'INSERT INTO gne_vale_ferreteria_mov (vfe_id,pro_codigo_plu,vfm_cantidad,vfm_unitario,vfm_total,vfm_entregado) VALUES (8876,780721442,1,990,990,@@@NO@@@)','',2,'2013-08-20'),(55165,'INSERT INTO gne_vale_ferreteria (vfe_id,vfe_fecha,vfe_total,vfe_estado,vfe_entregado,usu_nusuario) VALUES (8877,@@@2013.08.20@@@,590,1,0,@@@m_martinez@@@)','',2,'2013-08-20'),(55166,'INSERT INTO gne_vale_ferreteria_mov (vfe_id,pro_codigo_plu,vfm_cantidad,vfm_unitario,vfm_total,vfm_entregado) VALUES (8877,19865,1,590,590,@@@NO@@@)','',2,'2013-08-20'),(55167,'INSERT INTO gne_vale_ferreteria (vfe_id,vfe_fecha,vfe_total,vfe_estado,vfe_entregado,usu_nusuario) VALUES (8878,@@@2013.08.20@@@,720,1,0,@@@m_martinez@@@)','',2,'2013-08-20'),(55168,'INSERT INTO gne_vale_ferreteria_mov (vfe_id,pro_codigo_plu,vfm_cantidad,vfm_unitario,vfm_total,vfm_entregado) VALUES (8878,763935,1,720,720,@@@NO@@@)','',2,'2013-08-20'),(55169,'INSERT INTO gne_vale_ferreteria (vfe_id,vfe_fecha,vfe_total,vfe_estado,vfe_entregado,usu_nusuario) VALUES (8879,@@@2013.08.20@@@,120,1,0,@@@m_martinez@@@)','',2,'2013-08-20'),(55170,'INSERT INTO gne_vale_ferreteria_mov (vfe_id,pro_codigo_plu,vfm_cantidad,vfm_unitario,vfm_total,vfm_entregado) VALUES (8879,8022,1,120,120,@@@NO@@@)','',2,'2013-08-20'),(55171,'INSERT INTO gne_vale_ferreteria (vfe_id,vfe_fecha,vfe_total,vfe_estado,vfe_entregado,usu_nusuario) VALUES (8880,@@@2013.08.20@@@,350,1,0,@@@m_martinez@@@)','',2,'2013-08-20'),(55172,'INSERT INTO gne_vale_ferreteria_mov (vfe_id,pro_codigo_plu,vfm_cantidad,vfm_unitario,vfm_total,vfm_entregado) VALUES (8880,102408,1,350,350,@@@NO@@@)','',2,'2013-08-20'),(55173,'INSERT INTO gne_vale_ferreteria (vfe_id,vfe_fecha,vfe_total,vfe_estado,vfe_entregado,usu_nusuario) VALUES (8881,@@@2013.08.20@@@,790,1,0,@@@m_martinez@@@)','',2,'2013-08-20'),(55174,'INSERT INTO gne_vale_ferreteria_mov (vfe_id,pro_codigo_plu,vfm_cantidad,vfm_unitario,vfm_total,vfm_entregado) VALUES (8881,780721280,1,790,790,@@@NO@@@)','',2,'2013-08-20'),(55175,'UPDATE mae_productos SET pro_codigo_barra=@@@7802800534166@@@,pro_tipo=@@@0@@@,pro_nombre_producto=@@@KRYZPO ORIGINAL 160 GRS.@@@,pro_nombre_corto=@@@KRYZPO ORIGINAL@@@,med_id=@@@5@@@,emb_id=@@@4@@@,pro_unidades_embalaje=@@@14@@@,dep_id=@@@32 @@@,lin_id=@@@160@@@,mar_id=@@@1936@@@,pro_precio_compra_neto=@@@0@@@,pro_precio_compra_bruto=@@@950.81@@@,pro_precio_venta=@@@1270@@@,pro_margen_actual=@@@33.57@@@,pro_oferta=@@@NO@@@,pro_fecha_inicio_oferta=@@@2006.09.07@@@,pro_fecha_termino_oferta=@@@2006.09.07@@@,pro_precio_oferta=@@@0@@@,pro_stock_minimo=@@@14@@@,pro_stock_critico=@@@7@@@,pro_activo=@@@1@@@,pro_unidad=@@@0@@@,pro_precio_compra_bruto=950.81,pro_margen_actual=33.57,pro_capacidad=160,pro_funcion_plu=0,pro_flejes=1,pro_iva=1,pro_plu_asociado=0,pro_envase=@@@NO@@@,pro_duracion=0,pro_numero_etiqueta=0 WHERE pro_codigo_plu=@@@102653@@@','',2,'2013-08-20'),(55176,'UPDATE mae_productos SET pro_estado=1 WHERE pro_codigo_plu=102653','',2,'2013-08-20'),(55177,'DELETE FROM mae_impuestos_productos WHERE pro_codigo_plu=@@@102653@@@','',2,'2013-08-20'),(55178,'INSERT INTO gne_vale_ferreteria (vfe_id,vfe_fecha,vfe_total,vfe_estado,vfe_entregado,usu_nusuario) VALUES (8882,@@@2013.08.20@@@,220,1,0,@@@m_martinez@@@)','',2,'2013-08-20'),(55179,'INSERT INTO gne_vale_ferreteria_mov (vfe_id,pro_codigo_plu,vfm_cantidad,vfm_unitario,vfm_total,vfm_entregado) VALUES (8882,763783,1,220,220,@@@NO@@@)','',2,'2013-08-20'),(55180,'INSERT INTO gne_vale_ferreteria (vfe_id,vfe_fecha,vfe_total,vfe_estado,vfe_entregado,usu_nusuario) VALUES (8883,@@@2013.08.20@@@,690,1,0,@@@m_martinez@@@)','',2,'2013-08-20'),(55181,'INSERT INTO gne_vale_ferreteria_mov (vfe_id,pro_codigo_plu,vfm_cantidad,vfm_unitario,vfm_total,vfm_entregado) VALUES (8883,15479,1,690,690,@@@NO@@@)','',2,'2013-08-20'),(55182,'INSERT INTO gne_vale_ferreteria (vfe_id,vfe_fecha,vfe_total,vfe_estado,vfe_entregado,usu_nusuario) VALUES (8884,@@@2013.08.20@@@,300,1,0,@@@m_martinez@@@)','',2,'2013-08-20'),(55183,'INSERT INTO gne_vale_ferreteria_mov (vfe_id,pro_codigo_plu,vfm_cantidad,vfm_unitario,vfm_total,vfm_entregado) VALUES (8884,780721221,1,300,300,@@@NO@@@)','',2,'2013-08-20'),(55184,'INSERT INTO gne_vale_ferreteria (vfe_id,vfe_fecha,vfe_total,vfe_estado,vfe_entregado,usu_nusuario) VALUES (8885,@@@2013.08.20@@@,260,1,0,@@@m_martinez@@@)','',2,'2013-08-20'),(55185,'INSERT INTO gne_vale_ferreteria_mov (vfe_id,pro_codigo_plu,vfm_cantidad,vfm_unitario,vfm_total,vfm_entregado) VALUES (8885,12083,1,260,260,@@@NO@@@)','',2,'2013-08-20'),(55186,'INSERT INTO gne_vale_ferreteria (vfe_id,vfe_fecha,vfe_total,vfe_estado,vfe_entregado,usu_nusuario) VALUES (8886,@@@2013.08.20@@@,290,1,0,@@@m_martinez@@@)','',2,'2013-08-20'),(55187,'INSERT INTO gne_vale_ferreteria_mov (vfe_id,pro_codigo_plu,vfm_cantidad,vfm_unitario,vfm_total,vfm_entregado) VALUES (8886,780721290,1,290,290,@@@NO@@@)','',2,'2013-08-20'),(55188,'INSERT INTO gne_vale_ferreteria (vfe_id,vfe_fecha,vfe_total,vfe_estado,vfe_entregado,usu_nusuario) VALUES (8887,@@@2013.08.20@@@,450,1,0,@@@m_martinez@@@)','',2,'2013-08-20'),(55189,'INSERT INTO gne_vale_ferreteria_mov (vfe_id,pro_codigo_plu,vfm_cantidad,vfm_unitario,vfm_total,vfm_entregado) VALUES (8887,770000,9,50,450,@@@NO@@@)','',2,'2013-08-20'),(55190,'INSERT INTO gne_vale_ferreteria (vfe_id,vfe_fecha,vfe_total,vfe_estado,vfe_entregado,usu_nusuario) VALUES (8888,@@@2013.08.20@@@,980,1,0,@@@m_martinez@@@)','',2,'2013-08-20'),(55191,'INSERT INTO gne_vale_ferreteria_mov (vfe_id,pro_codigo_plu,vfm_cantidad,vfm_unitario,vfm_total,vfm_entregado) VALUES (8888,764508,2,490,980,@@@NO@@@)','',2,'2013-08-20'),(55192,'INSERT INTO gne_vale_ferreteria (vfe_id,vfe_fecha,vfe_total,vfe_estado,vfe_entregado,usu_nusuario) VALUES (8889,@@@2013.08.20@@@,630,1,0,@@@m_martinez@@@)','',2,'2013-08-20'),(55193,'INSERT INTO gne_vale_ferreteria_mov (vfe_id,pro_codigo_plu,vfm_cantidad,vfm_unitario,vfm_total,vfm_entregado) VALUES (8889,78017020,1,390,390,@@@NO@@@)','',2,'2013-08-20'),(55194,'INSERT INTO gne_vale_ferreteria_mov (vfe_id,pro_codigo_plu,vfm_cantidad,vfm_unitario,vfm_total,vfm_entregado) VALUES (8889,763778,1,240,240,@@@NO@@@)','',2,'2013-08-20'),(55195,'INSERT INTO gne_vale_ferreteria (vfe_id,vfe_fecha,vfe_total,vfe_estado,vfe_entregado,usu_nusuario) VALUES (8890,@@@2013.08.20@@@,300,1,0,@@@m_martinez@@@)','',2,'2013-08-20'),(55196,'INSERT INTO gne_vale_ferreteria_mov (vfe_id,pro_codigo_plu,vfm_cantidad,vfm_unitario,vfm_total,vfm_entregado) VALUES (8890,780721222,1,300,300,@@@NO@@@)','',2,'2013-08-20'),(55197,'INSERT INTO gne_vale_ferreteria (vfe_id,vfe_fecha,vfe_total,vfe_estado,vfe_entregado,usu_nusuario) VALUES (8891,@@@2013.08.20@@@,450,1,0,@@@m_martinez@@@)','',2,'2013-08-20'),(55198,'INSERT INTO gne_vale_ferreteria_mov (vfe_id,pro_codigo_plu,vfm_cantidad,vfm_unitario,vfm_total,vfm_entregado) VALUES (8891,764770,15,30,450,@@@NO@@@)','',2,'2013-08-20'),(55199,'INSERT INTO gne_vale_ferreteria (vfe_id,vfe_fecha,vfe_total,vfe_estado,vfe_entregado,usu_nusuario) VALUES (8892,@@@2013.08.20@@@,840,1,0,@@@m_martinez@@@)','',2,'2013-08-20'),(55200,'INSERT INTO gne_vale_ferreteria_mov (vfe_id,pro_codigo_plu,vfm_cantidad,vfm_unitario,vfm_total,vfm_entregado) VALUES (8892,11670,1,840,840,@@@NO@@@)','',2,'2013-08-20'),(55201,'INSERT INTO gne_vale_ferreteria (vfe_id,vfe_fecha,vfe_total,vfe_estado,vfe_entregado,usu_nusuario) VALUES (8893,@@@2013.08.20@@@,480,1,0,@@@m_martinez@@@)','',2,'2013-08-20'),(55202,'INSERT INTO gne_vale_ferreteria_mov (vfe_id,pro_codigo_plu,vfm_cantidad,vfm_unitario,vfm_total,vfm_entregado) VALUES (8893,764160,2,120,240,@@@NO@@@)','',2,'2013-08-20'),(55203,'INSERT INTO gne_vale_ferreteria_mov (vfe_id,pro_codigo_plu,vfm_cantidad,vfm_unitario,vfm_total,vfm_entregado) VALUES (8893,78017008,2,120,240,@@@NO@@@)','',2,'2013-08-20'),(55204,'INSERT INTO gne_vale_ferreteria (vfe_id,vfe_fecha,vfe_total,vfe_estado,vfe_entregado,usu_nusuario) VALUES (8894,@@@2013.08.20@@@,300,1,0,@@@m_martinez@@@)','',2,'2013-08-20'),(55205,'INSERT INTO gne_vale_ferreteria_mov (vfe_id,pro_codigo_plu,vfm_cantidad,vfm_unitario,vfm_total,vfm_entregado) VALUES (8894,800001,1,300,300,@@@NO@@@)','',2,'2013-08-20'),(55206,'UPDATE mae_productos SET pro_precio_venta=350,pro_margen_actual=37.39, pro_precio_compra_bruto=254.75, pro_precio_compra_neto=214.075630252101 WHERE pro_codigo_plu=10629','',2,'2013-08-20'),(55207,'UPDATE mae_productos SET pro_precio_venta=190,pro_margen_actual=46.48, pro_precio_compra_bruto=129.71, pro_precio_compra_neto=109 WHERE pro_codigo_plu=780721648','',2,'2013-08-20'),(55208,'UPDATE mae_productos SET pro_precio_venta=240,pro_margen_actual=41.53, pro_precio_compra_bruto=169.575, pro_precio_compra_neto=142.5 WHERE pro_codigo_plu=780721649','',2,'2013-08-20'),(55209,'UPDATE mae_productos SET pro_precio_venta=450,pro_margen_actual=36.03, pro_precio_compra_bruto=330.82, pro_precio_compra_neto=278 WHERE pro_codigo_plu=14403','',2,'2013-08-20'),(55210,'UPDATE mae_productos SET pro_precio_venta=90,pro_margen_actual=50, pro_precio_compra_bruto=60, pro_precio_compra_neto=50.4201680672269 WHERE pro_codigo_plu=11288','',2,'2013-08-20'),(55211,'UPDATE mae_productos SET pro_precio_venta=90,pro_margen_actual=50, pro_precio_compra_bruto=60, pro_precio_compra_neto=50.4201680672269 WHERE pro_codigo_plu=11289','',2,'2013-08-20'),(55212,'UPDATE mae_productos SET pro_precio_venta=90,pro_margen_actual=50, pro_precio_compra_bruto=60, pro_precio_compra_neto=50.4201680672269 WHERE pro_codigo_plu=11340','',2,'2013-08-20'),(55213,'UPDATE mae_productos SET pro_precio_venta=90,pro_margen_actual=50, pro_precio_compra_bruto=60, pro_precio_compra_neto=50.4201680672269 WHERE pro_codigo_plu=11283','',2,'2013-08-20'),(55214,'UPDATE mae_productos SET pro_precio_venta=90,pro_margen_actual=50, pro_precio_compra_bruto=60, pro_precio_compra_neto=50.4201680672269 WHERE pro_codigo_plu=11284','',2,'2013-08-20'),(55215,'UPDATE mae_productos SET pro_precio_venta=90,pro_margen_actual=50, pro_precio_compra_bruto=60, pro_precio_compra_neto=50.4201680672269 WHERE pro_codigo_plu=11285','',2,'2013-08-20'),(55216,'UPDATE mae_productos SET pro_precio_venta=90,pro_margen_actual=50, pro_precio_compra_bruto=60, pro_precio_compra_neto=50.4201680672269 WHERE pro_codigo_plu=11286','',2,'2013-08-20'),(55217,'UPDATE mae_productos SET pro_precio_venta=330,pro_margen_actual=44.18, pro_precio_compra_bruto=228.877, pro_precio_compra_neto=192.333613445378 WHERE pro_codigo_plu=14404','',2,'2013-08-20'),(55218,'UPDATE mae_productos SET pro_precio_compra_bruto=254.75,pro_margen_actual=(pro_precio_venta-254.75)/254.75 * 100,pro_ultima_compra=@@@2013.08.20@@@,pro_ultimo_proveedor=@@@96565260-4@@@ WHERE pro_codigo_plu=10629','',2,'2013-08-20'),(55219,'UPDATE mae_productos SET pro_precio_compra_bruto=129.71,pro_margen_actual=(pro_precio_venta-129.71)/129.71 * 100,pro_ultima_compra=@@@2013.08.20@@@,pro_ultimo_proveedor=@@@96565260-4@@@ WHERE pro_codigo_plu=780721648','',2,'2013-08-20'),(55220,'UPDATE mae_productos SET pro_precio_compra_bruto=169.575,pro_margen_actual=(pro_precio_venta-169.575)/169.575 * 100,pro_ultima_compra=@@@2013.08.20@@@,pro_ultimo_proveedor=@@@96565260-4@@@ WHERE pro_codigo_plu=780721649','',2,'2013-08-20'),(55221,'UPDATE mae_productos SET pro_precio_compra_bruto=1742.16,pro_margen_actual=(pro_precio_venta-1742.16)/1742.16 * 100,pro_ultima_compra=@@@2013.08.20@@@,pro_ultimo_proveedor=@@@96565260-4@@@ WHERE pro_codigo_plu=12286','',2,'2013-08-20'),(55222,'UPDATE mae_productos SET pro_precio_compra_bruto=950.81,pro_margen_actual=(pro_precio_venta-950.81)/950.81 * 100,pro_ultima_compra=@@@2013.08.20@@@,pro_ultimo_proveedor=@@@96565260-4@@@ WHERE pro_codigo_plu=102653','',2,'2013-08-20'),(55223,'UPDATE mae_productos SET pro_precio_compra_bruto=950.81,pro_margen_actual=(pro_precio_venta-950.81)/950.81 * 100,pro_ultima_compra=@@@2013.08.20@@@,pro_ultimo_proveedor=@@@96565260-4@@@ WHERE pro_codigo_plu=102276','',2,'2013-08-20'),(55224,'UPDATE mae_productos SET pro_precio_compra_bruto=317.92,pro_margen_actual=(pro_precio_venta-317.92)/317.92 * 100,pro_ultima_compra=@@@2013.08.20@@@,pro_ultimo_proveedor=@@@96565260-4@@@ WHERE pro_codigo_plu=13627','',2,'2013-08-20'),(55225,'UPDATE mae_productos SET pro_precio_compra_bruto=330.82,pro_margen_actual=(pro_precio_venta-330.82)/330.82 * 100,pro_ultima_compra=@@@2013.08.20@@@,pro_ultimo_proveedor=@@@96565260-4@@@ WHERE pro_codigo_plu=14403','',2,'2013-08-20'),(55226,'UPDATE mae_productos SET pro_precio_compra_bruto=60,pro_margen_actual=(pro_precio_venta-60)/60 * 100,pro_ultima_compra=@@@2013.08.20@@@,pro_ultimo_proveedor=@@@96565260-4@@@ WHERE pro_codigo_plu=11288','',2,'2013-08-20'),(55227,'UPDATE mae_productos SET pro_precio_compra_bruto=60,pro_margen_actual=(pro_precio_venta-60)/60 * 100,pro_ultima_compra=@@@2013.08.20@@@,pro_ultimo_proveedor=@@@96565260-4@@@ WHERE pro_codigo_plu=11289','',2,'2013-08-20'),(55228,'UPDATE mae_productos SET pro_precio_compra_bruto=60,pro_margen_actual=(pro_precio_venta-60)/60 * 100,pro_ultima_compra=@@@2013.08.20@@@,pro_ultimo_proveedor=@@@96565260-4@@@ WHERE pro_codigo_plu=11340','',2,'2013-08-20'),(55229,'UPDATE mae_productos SET pro_precio_compra_bruto=169.575,pro_margen_actual=(pro_precio_venta-169.575)/169.575 * 100,pro_ultima_compra=@@@2013.08.20@@@,pro_ultimo_proveedor=@@@96565260-4@@@ WHERE pro_codigo_plu=780280050','',2,'2013-08-20'),(55230,'UPDATE mae_productos SET pro_precio_compra_bruto=169.575,pro_margen_actual=(pro_precio_venta-169.575)/169.575 * 100,pro_ultima_compra=@@@2013.08.20@@@,pro_ultimo_proveedor=@@@96565260-4@@@ WHERE pro_codigo_plu=763512','',2,'2013-08-20'),(55231,'UPDATE mae_productos SET pro_precio_compra_bruto=169.575,pro_margen_actual=(pro_precio_venta-169.575)/169.575 * 100,pro_ultima_compra=@@@2013.08.20@@@,pro_ultimo_proveedor=@@@96565260-4@@@ WHERE pro_codigo_plu=763430','',2,'2013-08-20'),(55232,'UPDATE mae_productos SET pro_precio_compra_bruto=757.53,pro_margen_actual=(pro_precio_venta-757.53)/757.53 * 100,pro_ultima_compra=@@@2013.08.20@@@,pro_ultimo_proveedor=@@@96565260-4@@@ WHERE pro_codigo_plu=10271','',2,'2013-08-20'),(55233,'UPDATE mae_productos SET pro_precio_compra_bruto=60,pro_margen_actual=(pro_precio_venta-60)/60 * 100,pro_ultima_compra=@@@2013.08.20@@@,pro_ultimo_proveedor=@@@96565260-4@@@ WHERE pro_codigo_plu=11283','',2,'2013-08-20'),(55234,'UPDATE mae_productos SET pro_precio_compra_bruto=60,pro_margen_actual=(pro_precio_venta-60)/60 * 100,pro_ultima_compra=@@@2013.08.20@@@,pro_ultimo_proveedor=@@@96565260-4@@@ WHERE pro_codigo_plu=11284','',2,'2013-08-20'),(55235,'UPDATE mae_productos SET pro_precio_compra_bruto=60,pro_margen_actual=(pro_precio_venta-60)/60 * 100,pro_ultima_compra=@@@2013.08.20@@@,pro_ultimo_proveedor=@@@96565260-4@@@ WHERE pro_codigo_plu=11285','',2,'2013-08-20'),(55236,'UPDATE mae_productos SET pro_precio_compra_bruto=60,pro_margen_actual=(pro_precio_venta-60)/60 * 100,pro_ultima_compra=@@@2013.08.20@@@,pro_ultimo_proveedor=@@@96565260-4@@@ WHERE pro_codigo_plu=11286','',2,'2013-08-20'),(55237,'UPDATE mae_productos SET pro_precio_compra_bruto=130,pro_margen_actual=(pro_precio_venta-130)/130 * 100,pro_ultima_compra=@@@2013.08.20@@@,pro_ultimo_proveedor=@@@96565260-4@@@ WHERE pro_codigo_plu=11262','',2,'2013-08-20'),(55238,'UPDATE mae_productos SET pro_precio_compra_bruto=116,pro_margen_actual=(pro_precio_venta-116)/116 * 100,pro_ultima_compra=@@@2013.08.20@@@,pro_ultimo_proveedor=@@@96565260-4@@@ WHERE pro_codigo_plu=11263','',2,'2013-08-20'),(55239,'UPDATE mae_productos SET pro_precio_compra_bruto=116,pro_margen_actual=(pro_precio_venta-116)/116 * 100,pro_ultima_compra=@@@2013.08.20@@@,pro_ultimo_proveedor=@@@96565260-4@@@ WHERE pro_codigo_plu=11267','',2,'2013-08-20'),(55240,'UPDATE mae_productos SET pro_precio_compra_bruto=116,pro_margen_actual=(pro_precio_venta-116)/116 * 100,pro_ultima_compra=@@@2013.08.20@@@,pro_ultimo_proveedor=@@@96565260-4@@@ WHERE pro_codigo_plu=11270','',2,'2013-08-20'),(55241,'UPDATE mae_productos SET pro_precio_compra_bruto=120,pro_margen_actual=(pro_precio_venta-120)/120 * 100,pro_ultima_compra=@@@2013.08.20@@@,pro_ultimo_proveedor=@@@96565260-4@@@ WHERE pro_codigo_plu=11265','',2,'2013-08-20'),(55242,'UPDATE mae_productos SET pro_precio_compra_bruto=228.877,pro_margen_actual=(pro_precio_venta-228.877)/228.877 * 100,pro_ultima_compra=@@@2013.08.20@@@,pro_ultimo_proveedor=@@@96565260-4@@@ WHERE pro_codigo_plu=14404','',2,'2013-08-20'),(55243,'INSERT INTO gne_vale_ferreteria (vfe_id,vfe_fecha,vfe_total,vfe_estado,vfe_entregado,usu_nusuario) VALUES (8895,@@@2013.08.20@@@,130,1,0,@@@m_martinez@@@)','',2,'2013-08-20'),(55244,'INSERT INTO gne_vale_ferreteria_mov (vfe_id,pro_codigo_plu,vfm_cantidad,vfm_unitario,vfm_total,vfm_entregado) VALUES (8895,15967,1,130,130,@@@NO@@@)','',2,'2013-08-20'),(55245,'INSERT INTO gne_vale_ferreteria (vfe_id,vfe_fecha,vfe_total,vfe_estado,vfe_entregado,usu_nusuario) VALUES (8896,@@@2013.08.20@@@,150,1,0,@@@m_martinez@@@)','',2,'2013-08-20'),(55246,'INSERT INTO gne_vale_ferreteria_mov (vfe_id,pro_codigo_plu,vfm_cantidad,vfm_unitario,vfm_total,vfm_entregado) VALUES (8896,9900006,1,150,150,@@@NO@@@)','',2,'2013-08-20'),(55247,'INSERT INTO gne_vale_ferreteria (vfe_id,vfe_fecha,vfe_total,vfe_estado,vfe_entregado,usu_nusuario) VALUES (8897,@@@2013.08.20@@@,990,1,0,@@@m_martinez@@@)','',2,'2013-08-20'),(55248,'INSERT INTO gne_vale_ferreteria_mov (vfe_id,pro_codigo_plu,vfm_cantidad,vfm_unitario,vfm_total,vfm_entregado) VALUES (8897,2008,1,990,990,@@@NO@@@)','',2,'2013-08-20'),(55249,'INSERT INTO mae_productos (pro_codigo_plu,pro_codigo_barra,pro_tipo,pro_nombre_producto,pro_nombre_corto,med_id,emb_id,pro_unidades_embalaje,dep_id,lin_id,mar_id,pro_precio_compra_neto,pro_precio_compra_bruto,pro_precio_venta,pro_margen_actual,pro_oferta,pro_fecha_inicio_oferta,pro_fecha_termino_oferta,pro_precio_oferta,pro_stock_minimo,pro_stock_critico,pro_entradas_bodega,pro_salidas_bodega,pro_mermas_bodega,pro_ajustes_bodega,pro_entradas_sv,pro_salidas_sv,pro_mermas_sv,pro_ajustes_sv,pro_activo,rec_numero,pro_unidad,pro_capacidad,pro_consumo_bodega,pro_consumo_sv,pro_estado,pro_funcion_plu,pro_flejes,pro_iva,pro_plu_asociado,pro_envase,pro_duracion,pro_numero_etiqueta) VALUES (780721652,@@@7803700012624@@@,@@@0@@@,@@@SOPA PERSONAL CHOCLO@@@,@@@SOPA PERSONAL CH@@@,@@@5 @@@,@@@6 @@@,@@@20@@@,@@@1 @@@,@@@31@@@,@@@2507@@@,@@@0@@@,@@@116.739@@@,@@@190@@@,@@@62.76@@@,@@@@@@,@@@2006.09.07@@@,@@@2006.09.07@@@,@@@0@@@,@@@10@@@,@@@5@@@,@@@0@@@,@@@0@@@,@@@0@@@,@@@0@@@,@@@0@@@,@@@0@@@,@@@0@@@,@@@0@@@,@@@1@@@,@@@0@@@,0,20,0,0,2,0,1,1,0,@@@NO@@@,0,0)','',2,'2013-08-20'),(55250,'DELETE FROM mae_impuestos_productos WHERE pro_codigo_plu=@@@780721652@@@','',2,'2013-08-20'),(55251,'UPDATE mae_productos SET pro_precio_venta=630,pro_margen_actual=31.69, pro_precio_compra_bruto=478.38, pro_precio_compra_neto=402 WHERE pro_codigo_plu=10773','',2,'2013-08-20'),(55252,'UPDATE mae_productos SET pro_precio_venta=630,pro_margen_actual=32.68, pro_precio_compra_bruto=474.81, pro_precio_compra_neto=399 WHERE pro_codigo_plu=10934','',2,'2013-08-20'),(55253,'UPDATE mae_productos SET pro_precio_venta=890,pro_margen_actual=34.52, pro_precio_compra_bruto=661.6, pro_precio_compra_neto=555.966386554622 WHERE pro_codigo_plu=11046','',2,'2013-08-20'),(55254,'UPDATE mae_productos SET pro_precio_venta=450,pro_margen_actual=34.57, pro_precio_compra_bruto=334.39, pro_precio_compra_neto=281 WHERE pro_codigo_plu=13455','',2,'2013-08-20'),(55255,'UPDATE mae_productos SET pro_precio_venta=450,pro_margen_actual=34.57, pro_precio_compra_bruto=334.39, pro_precio_compra_neto=281 WHERE pro_codigo_plu=13453','',2,'2013-08-20'),(55256,'UPDATE mae_productos SET pro_precio_venta=190,pro_margen_actual=62.76, pro_precio_compra_bruto=116.739, pro_precio_compra_neto=98.1 WHERE pro_codigo_plu=780721650','',2,'2013-08-20'),(55257,'UPDATE mae_productos SET pro_precio_venta=190,pro_margen_actual=62.76, pro_precio_compra_bruto=116.739, pro_precio_compra_neto=98.1 WHERE pro_codigo_plu=780721651','',2,'2013-08-20'),(55258,'UPDATE mae_productos SET pro_precio_compra_bruto=478.38,pro_margen_actual=(pro_precio_venta-478.38)/478.38 * 100,pro_ultima_compra=@@@2013.08.20@@@,pro_ultimo_proveedor=@@@96565260-4@@@ WHERE pro_codigo_plu=10775','',2,'2013-08-20'),(55259,'UPDATE mae_productos SET pro_precio_compra_bruto=478.38,pro_margen_actual=(pro_precio_venta-478.38)/478.38 * 100,pro_ultima_compra=@@@2013.08.20@@@,pro_ultimo_proveedor=@@@96565260-4@@@ WHERE pro_codigo_plu=10773','',2,'2013-08-20'),(55260,'UPDATE mae_productos SET pro_precio_compra_bruto=474.81,pro_margen_actual=(pro_precio_venta-474.81)/474.81 * 100,pro_ultima_compra=@@@2013.08.20@@@,pro_ultimo_proveedor=@@@96565260-4@@@ WHERE pro_codigo_plu=10934','',2,'2013-08-20'),(55261,'UPDATE mae_productos SET pro_precio_compra_bruto=334.39,pro_margen_actual=(pro_precio_venta-334.39)/334.39 * 100,pro_ultima_compra=@@@2013.08.20@@@,pro_ultimo_proveedor=@@@96565260-4@@@ WHERE pro_codigo_plu=13455','',2,'2013-08-20'),(55262,'UPDATE mae_productos SET pro_precio_compra_bruto=334.39,pro_margen_actual=(pro_precio_venta-334.39)/334.39 * 100,pro_ultima_compra=@@@2013.08.20@@@,pro_ultimo_proveedor=@@@96565260-4@@@ WHERE pro_codigo_plu=13453','',2,'2013-08-20'),(55263,'UPDATE mae_productos SET pro_precio_compra_bruto=116.739,pro_margen_actual=(pro_precio_venta-116.739)/116.739 * 100,pro_ultima_compra=@@@2013.08.20@@@,pro_ultimo_proveedor=@@@96565260-4@@@ WHERE pro_codigo_plu=780721650','',2,'2013-08-20'),(55264,'UPDATE mae_productos SET pro_precio_compra_bruto=116.739,pro_margen_actual=(pro_precio_venta-116.739)/116.739 * 100,pro_ultima_compra=@@@2013.08.20@@@,pro_ultimo_proveedor=@@@96565260-4@@@ WHERE pro_codigo_plu=780721651','',2,'2013-08-20'),(55265,'UPDATE mae_productos SET pro_precio_compra_bruto=116.739,pro_margen_actual=(pro_precio_venta-116.739)/116.739 * 100,pro_ultima_compra=@@@2013.08.20@@@,pro_ultimo_proveedor=@@@96565260-4@@@ WHERE pro_codigo_plu=780721652','',2,'2013-08-20'),(55266,'UPDATE mae_productos SET pro_precio_compra_bruto=748.01,pro_margen_actual=(pro_precio_venta-748.01)/748.01 * 100,pro_ultima_compra=@@@2013.08.20@@@,pro_ultimo_proveedor=@@@96565260-4@@@ WHERE pro_codigo_plu=11042','',2,'2013-08-20'),(55267,'UPDATE mae_productos SET pro_precio_compra_bruto=728.36,pro_margen_actual=(pro_precio_venta-728.36)/728.36 * 100,pro_ultima_compra=@@@2013.08.20@@@,pro_ultimo_proveedor=@@@96565260-4@@@ WHERE pro_codigo_plu=11046','',2,'2013-08-20'),(55268,'UPDATE mae_productos SET pro_precio_fiscal=pro_precio_venta WHERE pro_codigo_plu=10773','',2,'2013-08-20'),(55269,'UPDATE mae_productos SET pro_precio_fiscal=pro_precio_venta WHERE pro_codigo_plu=13455','',2,'2013-08-20'),(55270,'UPDATE mae_productos SET pro_precio_fiscal=pro_precio_venta WHERE pro_codigo_plu=13453','',2,'2013-08-20'),(55271,'UPDATE mae_productos SET pro_precio_fiscal=pro_precio_venta WHERE pro_codigo_plu=11046','',2,'2013-08-20'),(55272,'UPDATE mae_productos SET pro_precio_fiscal=pro_precio_venta WHERE pro_codigo_plu=10934','',2,'2013-08-20'),(55273,'UPDATE mae_productos SET pro_precio_fiscal=pro_precio_venta WHERE pro_codigo_plu=780721649','',2,'2013-08-20'),(55274,'UPDATE mae_productos SET pro_precio_fiscal=pro_precio_venta WHERE pro_codigo_plu=11288','',2,'2013-08-20'),(55275,'UPDATE mae_productos SET pro_precio_fiscal=pro_precio_venta WHERE pro_codigo_plu=11283','',2,'2013-08-20'),(55276,'UPDATE mae_productos SET pro_precio_fiscal=pro_precio_venta WHERE pro_codigo_plu=11284','',2,'2013-08-20'),(55277,'UPDATE mae_productos SET pro_precio_fiscal=pro_precio_venta WHERE pro_codigo_plu=11289','',2,'2013-08-20'),(55278,'UPDATE mae_productos SET pro_precio_fiscal=pro_precio_venta WHERE pro_codigo_plu=11285','',2,'2013-08-20'),(55279,'UPDATE mae_productos SET pro_precio_fiscal=pro_precio_venta WHERE pro_codigo_plu=11286','',2,'2013-08-20'),(55280,'UPDATE mae_productos SET pro_precio_fiscal=pro_precio_venta WHERE pro_codigo_plu=11340','',2,'2013-08-20'),(55281,'UPDATE mae_productos SET pro_precio_fiscal=pro_precio_venta WHERE pro_codigo_plu=14404','',2,'2013-08-20'),(55282,'UPDATE mae_productos SET pro_precio_fiscal=pro_precio_venta WHERE pro_codigo_plu=14403','',2,'2013-08-20'),(55283,'UPDATE mae_productos SET pro_precio_fiscal=pro_precio_venta WHERE pro_codigo_plu=10629','',2,'2013-08-20'),(55284,'UPDATE mae_productos SET pro_precio_fiscal=pro_precio_venta WHERE pro_codigo_plu=780721650','',2,'2013-08-20'),(55285,'UPDATE mae_productos SET pro_precio_fiscal=pro_precio_venta WHERE pro_codigo_plu=780721651','',2,'2013-08-20'),(55286,'UPDATE mae_productos SET pro_precio_fiscal=pro_precio_venta WHERE pro_codigo_plu=780721652','',2,'2013-08-20'),(55287,'UPDATE mae_productos SET pro_precio_fiscal=pro_precio_venta WHERE pro_codigo_plu=780721648','',2,'2013-08-20'),(55288,'INSERT INTO gne_vale_ferreteria (vfe_id,vfe_fecha,vfe_total,vfe_estado,vfe_entregado,usu_nusuario) VALUES (8898,@@@2013.08.20@@@,160,1,0,@@@m_martinez@@@)','',2,'2013-08-20'),(55289,'INSERT INTO gne_vale_ferreteria_mov (vfe_id,pro_codigo_plu,vfm_cantidad,vfm_unitario,vfm_total,vfm_entregado) VALUES (8898,16430,1,160,160,@@@NO@@@)','',2,'2013-08-20'),(55290,'UPDATE mae_productos SET pro_margen_actual=33.57,pro_precio_venta=1270 WHERE pro_codigo_plu=102653','',2,'2013-08-20'),(55291,'UPDATE mae_productos SET pro_margen_actual=0,pro_precio_venta=1 WHERE pro_codigo_plu=780721647','',2,'2013-08-20'),(55292,'UPDATE mae_productos SET pro_margen_actual=26.78,pro_precio_venta=4100 WHERE pro_codigo_plu=18037','',2,'2013-08-20'),(55293,'UPDATE mae_productos SET pro_margen_actual=0,pro_precio_venta=750 WHERE pro_codigo_plu=18038','',2,'2013-08-20'),(55294,'UPDATE mae_productos SET pro_precio_fiscal=pro_precio_venta WHERE pro_codigo_plu=18038','',2,'2013-08-20'),(55295,'UPDATE mae_productos SET pro_precio_fiscal=pro_precio_venta WHERE pro_codigo_plu=18037','',2,'2013-08-20'),(55296,'INSERT INTO gne_vale_ferreteria (vfe_id,vfe_fecha,vfe_total,vfe_estado,vfe_entregado,usu_nusuario) VALUES (8899,@@@2013.08.20@@@,1850,1,0,@@@m_martinez@@@)','',2,'2013-08-20'),(55297,'INSERT INTO gne_vale_ferreteria_mov (vfe_id,pro_codigo_plu,vfm_cantidad,vfm_unitario,vfm_total,vfm_entregado) VALUES (8899,780721568,1,1590,1590,@@@NO@@@)','',2,'2013-08-20'),(55298,'INSERT INTO gne_vale_ferreteria_mov (vfe_id,pro_codigo_plu,vfm_cantidad,vfm_unitario,vfm_total,vfm_entregado) VALUES (8899,15967,2,130,260,@@@NO@@@)','',2,'2013-08-20'),(55299,'INSERT INTO gne_vale_ferreteria (vfe_id,vfe_fecha,vfe_total,vfe_estado,vfe_entregado,usu_nusuario) VALUES (8900,@@@2013.08.20@@@,200,1,0,@@@m_martinez@@@)','',2,'2013-08-20'),(55300,'INSERT INTO gne_vale_ferreteria_mov (vfe_id,pro_codigo_plu,vfm_cantidad,vfm_unitario,vfm_total,vfm_entregado) VALUES (8900,770039,1,200,200,@@@NO@@@)','',2,'2013-08-20'),(55301,'UPDATE mae_productos SET pro_precio_compra_bruto=819.732,pro_margen_actual=(pro_precio_venta-819.732)/819.732 * 100,pro_ultima_compra=@@@2013.08.20@@@,pro_ultimo_proveedor=@@@96591040-9@@@ WHERE pro_codigo_plu=10099','',2,'2013-08-20'),(55302,'UPDATE mae_productos SET pro_precio_compra_bruto=369.971,pro_margen_actual=(pro_precio_venta-369.971)/369.971 * 100,pro_ultima_compra=@@@2013.08.20@@@,pro_ultimo_proveedor=@@@96591040-9@@@ WHERE pro_codigo_plu=763285','',2,'2013-08-20'),(55303,'UPDATE mae_productos SET pro_precio_compra_bruto=453.39,pro_margen_actual=(pro_precio_venta-453.39)/453.39 * 100,pro_ultima_compra=@@@2013.08.20@@@,pro_ultimo_proveedor=@@@96591040-9@@@ WHERE pro_codigo_plu=780220089','',2,'2013-08-20'),(55304,'UPDATE mae_productos SET pro_precio_compra_bruto=83.36,pro_margen_actual=(pro_precio_venta-83.36)/83.36 * 100,pro_ultima_compra=@@@2013.08.20@@@,pro_ultimo_proveedor=@@@96591040-9@@@ WHERE pro_codigo_plu=762876','',2,'2013-08-20'),(55305,'UPDATE mae_productos SET pro_precio_compra_bruto=92.9,pro_margen_actual=(pro_precio_venta-92.9)/92.9 * 100,pro_ultima_compra=@@@2013.08.20@@@,pro_ultimo_proveedor=@@@96591040-9@@@ WHERE pro_codigo_plu=101893','',2,'2013-08-20'),(55306,'UPDATE mae_productos SET pro_precio_compra_bruto=92.9,pro_margen_actual=(pro_precio_venta-92.9)/92.9 * 100,pro_ultima_compra=@@@2013.08.20@@@,pro_ultimo_proveedor=@@@96591040-9@@@ WHERE pro_codigo_plu=101821','',2,'2013-08-20'),(55307,'UPDATE mae_productos SET pro_precio_compra_bruto=92.9,pro_margen_actual=(pro_precio_venta-92.9)/92.9 * 100,pro_ultima_compra=@@@2013.08.20@@@,pro_ultimo_proveedor=@@@96591040-9@@@ WHERE pro_codigo_plu=101895','',2,'2013-08-20'),(55308,'UPDATE mae_productos SET pro_precio_compra_bruto=304.3,pro_margen_actual=(pro_precio_venta-304.3)/304.3 * 100,pro_ultima_compra=@@@2013.08.20@@@,pro_ultimo_proveedor=@@@96591040-9@@@ WHERE pro_codigo_plu=11954','',2,'2013-08-20'),(55309,'UPDATE mae_productos SET pro_precio_compra_bruto=252.84,pro_margen_actual=(pro_precio_venta-252.84)/252.84 * 100,pro_ultima_compra=@@@2013.08.20@@@,pro_ultimo_proveedor=@@@96591040-9@@@ WHERE pro_codigo_plu=763297','',2,'2013-08-20'),(55310,'UPDATE mae_productos SET pro_precio_compra_bruto=124,pro_margen_actual=(pro_precio_venta-124)/124 * 100,pro_ultima_compra=@@@2013.08.20@@@,pro_ultimo_proveedor=@@@96591040-9@@@ WHERE pro_codigo_plu=763216','',2,'2013-08-20'),(55311,'UPDATE mae_productos SET pro_precio_compra_bruto=124,pro_margen_actual=(pro_precio_venta-124)/124 * 100,pro_ultima_compra=@@@2013.08.20@@@,pro_ultimo_proveedor=@@@96591040-9@@@ WHERE pro_codigo_plu=763218','',2,'2013-08-20'),(55312,'UPDATE mae_productos SET pro_precio_compra_bruto=124,pro_margen_actual=(pro_precio_venta-124)/124 * 100,pro_ultima_compra=@@@2013.08.20@@@,pro_ultimo_proveedor=@@@96591040-9@@@ WHERE pro_codigo_plu=763217','',2,'2013-08-20'),(55313,'UPDATE mae_productos SET pro_precio_compra_bruto=124,pro_margen_actual=(pro_precio_venta-124)/124 * 100,pro_ultima_compra=@@@2013.08.20@@@,pro_ultimo_proveedor=@@@96591040-9@@@ WHERE pro_codigo_plu=761574','',2,'2013-08-20'),(55314,'UPDATE mae_productos SET pro_precio_compra_bruto=124,pro_margen_actual=(pro_precio_venta-124)/124 * 100,pro_ultima_compra=@@@2013.08.20@@@,pro_ultimo_proveedor=@@@96591040-9@@@ WHERE pro_codigo_plu=780721642','',2,'2013-08-20'),(55315,'UPDATE mae_productos SET pro_precio_compra_bruto=124,pro_margen_actual=(pro_precio_venta-124)/124 * 100,pro_ultima_compra=@@@2013.08.20@@@,pro_ultimo_proveedor=@@@96591040-9@@@ WHERE pro_codigo_plu=761573','',2,'2013-08-20'),(55316,'UPDATE mae_productos SET pro_precio_compra_bruto=349.027,pro_margen_actual=(pro_precio_venta-349.027)/349.027 * 100,pro_ultima_compra=@@@2013.08.20@@@,pro_ultimo_proveedor=@@@96591040-9@@@ WHERE pro_codigo_plu=9130','',2,'2013-08-20'),(55317,'UPDATE mae_productos SET pro_precio_compra_bruto=453.39,pro_margen_actual=(pro_precio_venta-453.39)/453.39 * 100,pro_ultima_compra=@@@2013.08.20@@@,pro_ultimo_proveedor=@@@96591040-9@@@ WHERE pro_codigo_plu=770217409','',2,'2013-08-20'),(55318,'UPDATE mae_productos SET pro_precio_compra_bruto=453.39,pro_margen_actual=(pro_precio_venta-453.39)/453.39 * 100,pro_ultima_compra=@@@2013.08.20@@@,pro_ultimo_proveedor=@@@96591040-9@@@ WHERE pro_codigo_plu=763424','',2,'2013-08-20'),(55319,'UPDATE mae_productos SET pro_precio_compra_bruto=453.39,pro_margen_actual=(pro_precio_venta-453.39)/453.39 * 100,pro_ultima_compra=@@@2013.08.20@@@,pro_ultimo_proveedor=@@@96591040-9@@@ WHERE pro_codigo_plu=763426','',2,'2013-08-20'),(55320,'UPDATE mae_productos SET pro_precio_compra_bruto=759.964,pro_margen_actual=(pro_precio_venta-759.964)/759.964 * 100,pro_ultima_compra=@@@2013.08.20@@@,pro_ultimo_proveedor=@@@96591040-9@@@ WHERE pro_codigo_plu=13638','',2,'2013-08-20'),(55321,'UPDATE mae_productos SET pro_precio_compra_bruto=388.78,pro_margen_actual=(pro_precio_venta-388.78)/388.78 * 100,pro_ultima_compra=@@@2013.08.20@@@,pro_ultimo_proveedor=@@@96591040-9@@@ WHERE pro_codigo_plu=12301','',2,'2013-08-20'),(55322,'UPDATE mae_productos SET pro_precio_compra_bruto=388.78,pro_margen_actual=(pro_precio_venta-388.78)/388.78 * 100,pro_ultima_compra=@@@2013.08.20@@@,pro_ultimo_proveedor=@@@96591040-9@@@ WHERE pro_codigo_plu=12323','',2,'2013-08-20'),(55323,'UPDATE mae_productos SET pro_precio_compra_bruto=453.39,pro_margen_actual=(pro_precio_venta-453.39)/453.39 * 100,pro_ultima_compra=@@@2013.08.20@@@,pro_ultimo_proveedor=@@@96591040-9@@@ WHERE pro_codigo_plu=763427','',2,'2013-08-20'),(55324,'UPDATE mae_productos SET pro_precio_compra_bruto=83.36,pro_margen_actual=(pro_precio_venta-83.36)/83.36 * 100,pro_ultima_compra=@@@2013.08.20@@@,pro_ultimo_proveedor=@@@96591040-9@@@ WHERE pro_codigo_plu=762873','',2,'2013-08-20'),(55325,'UPDATE mae_productos SET pro_precio_compra_bruto=83.12,pro_margen_actual=(pro_precio_venta-83.12)/83.12 * 100,pro_ultima_compra=@@@2013.08.20@@@,pro_ultimo_proveedor=@@@96591040-9@@@ WHERE pro_codigo_plu=762875','',2,'2013-08-20'),(55326,'UPDATE mae_productos SET pro_precio_compra_bruto=92.9,pro_margen_actual=(pro_precio_venta-92.9)/92.9 * 100,pro_ultima_compra=@@@2013.08.20@@@,pro_ultimo_proveedor=@@@96591040-9@@@ WHERE pro_codigo_plu=78017084','',2,'2013-08-20'),(55327,'UPDATE mae_productos SET pro_precio_compra_bruto=92.9,pro_margen_actual=(pro_precio_venta-92.9)/92.9 * 100,pro_ultima_compra=@@@2013.08.20@@@,pro_ultimo_proveedor=@@@96591040-9@@@ WHERE pro_codigo_plu=101894','',2,'2013-08-20'),(55328,'UPDATE mae_productos SET pro_precio_compra_bruto=307.3,pro_margen_actual=(pro_precio_venta-307.3)/307.3 * 100,pro_ultima_compra=@@@2013.08.20@@@,pro_ultimo_proveedor=@@@96591040-9@@@ WHERE pro_codigo_plu=11953','',2,'2013-08-20'),(55329,'UPDATE mae_productos SET pro_precio_compra_bruto=470.49,pro_margen_actual=(pro_precio_venta-470.49)/470.49 * 100,pro_ultima_compra=@@@2013.08.20@@@,pro_ultimo_proveedor=@@@96591040-9@@@ WHERE pro_codigo_plu=12373','',2,'2013-08-20'),(55330,'UPDATE mae_productos SET pro_precio_compra_bruto=788.37,pro_margen_actual=(pro_precio_venta-788.37)/788.37 * 100,pro_ultima_compra=@@@2013.08.20@@@,pro_ultimo_proveedor=@@@96591040-9@@@ WHERE pro_codigo_plu=12320','',2,'2013-08-20'),(55331,'UPDATE mae_productos SET pro_precio_compra_bruto=259.9,pro_margen_actual=(pro_precio_venta-259.9)/259.9 * 100,pro_ultima_compra=@@@2013.08.20@@@,pro_ultimo_proveedor=@@@96591040-9@@@ WHERE pro_codigo_plu=11942','',2,'2013-08-20'),(55332,'UPDATE mae_productos SET pro_precio_compra_bruto=252.842,pro_margen_actual=(pro_precio_venta-252.842)/252.842 * 100,pro_ultima_compra=@@@2013.08.20@@@,pro_ultimo_proveedor=@@@96591040-9@@@ WHERE pro_codigo_plu=78017199','',2,'2013-08-20'),(55333,'UPDATE mae_productos SET pro_precio_compra_bruto=252.84,pro_margen_actual=(pro_precio_venta-252.84)/252.84 * 100,pro_ultima_compra=@@@2013.08.20@@@,pro_ultimo_proveedor=@@@96591040-9@@@ WHERE pro_codigo_plu=763289','',2,'2013-08-20'),(55334,'UPDATE mae_productos SET pro_precio_compra_bruto=759.96,pro_margen_actual=(pro_precio_venta-759.96)/759.96 * 100,pro_ultima_compra=@@@2013.08.20@@@,pro_ultimo_proveedor=@@@96591040-9@@@ WHERE pro_codigo_plu=762922','',2,'2013-08-20'),(55335,'UPDATE mae_productos SET pro_precio_compra_bruto=53.996,pro_margen_actual=(pro_precio_venta-53.996)/53.996 * 100,pro_ultima_compra=@@@2013.08.20@@@,pro_ultimo_proveedor=@@@96591040-9@@@ WHERE pro_codigo_plu=4105','',2,'2013-08-20'),(55336,'UPDATE mae_productos SET pro_precio_compra_bruto=33.134,pro_margen_actual=(pro_precio_venta-33.134)/33.134 * 100,pro_ultima_compra=@@@2013.08.20@@@,pro_ultimo_proveedor=@@@96591040-9@@@ WHERE pro_codigo_plu=764477','',2,'2013-08-20'),(55337,'UPDATE mae_productos SET pro_precio_compra_bruto=75.6,pro_margen_actual=(pro_precio_venta-75.6)/75.6 * 100,pro_ultima_compra=@@@2013.08.20@@@,pro_ultimo_proveedor=@@@96591040-9@@@ WHERE pro_codigo_plu=12869','',2,'2013-08-20'),(55338,'UPDATE mae_productos SET pro_precio_compra_bruto=124,pro_margen_actual=(pro_precio_venta-124)/124 * 100,pro_ultima_compra=@@@2013.08.20@@@,pro_ultimo_proveedor=@@@96591040-9@@@ WHERE pro_codigo_plu=780721337','',2,'2013-08-20'),(55339,'UPDATE mae_productos SET pro_precio_compra_bruto=124,pro_margen_actual=(pro_precio_venta-124)/124 * 100,pro_ultima_compra=@@@2013.08.20@@@,pro_ultimo_proveedor=@@@96591040-9@@@ WHERE pro_codigo_plu=761575','',2,'2013-08-20'),(55340,'UPDATE mae_productos SET pro_precio_compra_bruto=124,pro_margen_actual=(pro_precio_venta-124)/124 * 100,pro_ultima_compra=@@@2013.08.20@@@,pro_ultimo_proveedor=@@@96591040-9@@@ WHERE pro_codigo_plu=780721641','',2,'2013-08-20'),(55341,'UPDATE mae_productos SET pro_precio_venta=3290,pro_margen_actual=31.44, pro_precio_compra_bruto=2503, pro_precio_compra_neto=2103.36134453782 WHERE pro_codigo_plu=780721647','',2,'2013-08-20'),(55342,'UPDATE mae_productos SET pro_precio_fiscal=pro_precio_venta WHERE pro_codigo_plu=780721647','',2,'2013-08-20'),(55343,'UPDATE mae_productos SET pro_precio_compra_bruto=760,pro_margen_actual=(pro_precio_venta-760)/760 * 100,pro_ultima_compra=@@@2013.08.20@@@,pro_ultimo_proveedor=@@@80237600-6@@@ WHERE pro_codigo_plu=763546','',2,'2013-08-20'),(55344,'UPDATE mae_productos SET pro_precio_compra_bruto=2503,pro_margen_actual=(pro_precio_venta-2503)/2503 * 100,pro_ultima_compra=@@@2013.08.20@@@,pro_ultimo_proveedor=@@@80237600-6@@@ WHERE pro_codigo_plu=780721647','',2,'2013-08-20'),(55345,'UPDATE mae_productos SET pro_precio_venta=650,pro_margen_actual=25.24, pro_precio_compra_bruto=519, pro_precio_compra_neto=436.134453781513 WHERE pro_codigo_plu=11040','',2,'2013-08-20'),(55346,'UPDATE mae_productos SET pro_precio_venta=650,pro_margen_actual=25.24, pro_precio_compra_bruto=519, pro_precio_compra_neto=436.134453781513 WHERE pro_codigo_plu=11045','',2,'2013-08-20'),(55347,'INSERT INTO gne_vale_ferreteria (vfe_id,vfe_fecha,vfe_total,vfe_estado,vfe_entregado,usu_nusuario) VALUES (8901,@@@2013.08.20@@@,180,1,0,@@@m_martinez@@@)','',2,'2013-08-20'),(55348,'INSERT INTO gne_vale_ferreteria_mov (vfe_id,pro_codigo_plu,vfm_cantidad,vfm_unitario,vfm_total,vfm_entregado) VALUES (8901,763790,6,30,180,@@@NO@@@)','',2,'2013-08-20'),(55349,'INSERT INTO gne_vale_ferreteria (vfe_id,vfe_fecha,vfe_total,vfe_estado,vfe_entregado,usu_nusuario) VALUES (8902,@@@2013.08.20@@@,1890,1,0,@@@m_martinez@@@)','',2,'2013-08-20'),(55350,'INSERT INTO gne_vale_ferreteria_mov (vfe_id,pro_codigo_plu,vfm_cantidad,vfm_unitario,vfm_total,vfm_entregado) VALUES (8902,780721578,1,1890,1890,@@@NO@@@)','',2,'2013-08-20'),(55351,'INSERT INTO gne_vale_ferreteria (vfe_id,vfe_fecha,vfe_total,vfe_estado,vfe_entregado,usu_nusuario) VALUES (8903,@@@2013.08.20@@@,200,1,0,@@@m_martinez@@@)','',2,'2013-08-20'),(55352,'INSERT INTO gne_vale_ferreteria_mov (vfe_id,pro_codigo_plu,vfm_cantidad,vfm_unitario,vfm_total,vfm_entregado) VALUES (8903,78017238,1,200,200,@@@NO@@@)','',2,'2013-08-20'),(55353,'INSERT INTO mae_productos (pro_codigo_plu,pro_codigo_barra,pro_tipo,pro_nombre_producto,pro_nombre_corto,med_id,emb_id,pro_unidades_embalaje,dep_id,lin_id,mar_id,pro_precio_compra_neto,pro_precio_compra_bruto,pro_precio_venta,pro_margen_actual,pro_oferta,pro_fecha_inicio_oferta,pro_fecha_termino_oferta,pro_precio_oferta,pro_stock_minimo,pro_stock_critico,pro_entradas_bodega,pro_salidas_bodega,pro_mermas_bodega,pro_ajustes_bodega,pro_entradas_sv,pro_salidas_sv,pro_mermas_sv,pro_ajustes_sv,pro_activo,rec_numero,pro_unidad,pro_capacidad,pro_consumo_bodega,pro_consumo_sv,pro_estado,pro_funcion_plu,pro_flejes,pro_iva,pro_plu_asociado,pro_envase,pro_duracion,pro_numero_etiqueta) VALUES (780721653,@@@7802215230417@@@,@@@0@@@,@@@REFRESKIDS NARANJA 180ML@@@,@@@REFRESKIDS NARAN@@@,@@@7 @@@,@@@6 @@@,@@@24@@@,@@@8 @@@,@@@64@@@,@@@917@@@,@@@0@@@,@@@69.41@@@,@@@150@@@,@@@116.11@@@,@@@@@@,@@@2006.09.07@@@,@@@2006.09.07@@@,@@@0@@@,@@@12@@@,@@@8@@@,@@@0@@@,@@@0@@@,@@@0@@@,@@@0@@@,@@@0@@@,@@@0@@@,@@@0@@@,@@@0@@@,@@@1@@@,@@@0@@@,0,180,0,0,2,0,1,1,0,@@@NO@@@,0,0)','',2,'2013-08-20'),(55354,'DELETE FROM mae_impuestos_productos WHERE pro_codigo_plu=@@@780721653@@@','',2,'2013-08-20'),(55355,'INSERT INTO mae_productos (pro_codigo_plu,pro_codigo_barra,pro_tipo,pro_nombre_producto,pro_nombre_corto,med_id,emb_id,pro_unidades_embalaje,dep_id,lin_id,mar_id,pro_precio_compra_neto,pro_precio_compra_bruto,pro_precio_venta,pro_margen_actual,pro_oferta,pro_fecha_inicio_oferta,pro_fecha_termino_oferta,pro_precio_oferta,pro_stock_minimo,pro_stock_critico,pro_entradas_bodega,pro_salidas_bodega,pro_mermas_bodega,pro_ajustes_bodega,pro_entradas_sv,pro_salidas_sv,pro_mermas_sv,pro_ajustes_sv,pro_activo,rec_numero,pro_unidad,pro_capacidad,pro_consumo_bodega,pro_consumo_sv,pro_estado,pro_funcion_plu,pro_flejes,pro_iva,pro_plu_asociado,pro_envase,pro_duracion,pro_numero_etiqueta) VALUES (780721654,@@@7802215230424@@@,@@@0@@@,@@@REFRESKIDS PIÑA 180 ML@@@,@@@REFRESKIDS PIÑA @@@,@@@7 @@@,@@@6 @@@,@@@24@@@,@@@8 @@@,@@@64@@@,@@@917@@@,@@@0@@@,@@@69.41@@@,@@@150@@@,@@@116.11@@@,@@@@@@,@@@2006.09.07@@@,@@@2006.09.07@@@,@@@0@@@,@@@12@@@,@@@8@@@,@@@0@@@,@@@0@@@,@@@0@@@,@@@0@@@,@@@0@@@,@@@0@@@,@@@0@@@,@@@0@@@,@@@1@@@,@@@0@@@,0,180,0,0,2,0,1,1,0,@@@NO@@@,0,0)','',2,'2013-08-20'),(55356,'DELETE FROM mae_impuestos_productos WHERE pro_codigo_plu=@@@780721654@@@','',2,'2013-08-20'),(55357,'UPDATE mae_productos SET pro_codigo_barra=@@@7802215230479@@@,pro_tipo=@@@0@@@,pro_nombre_producto=@@@REFRESKIDS MANZANA 180 ML@@@,pro_nombre_corto=@@@REFRESKIDS MANZA@@@,med_id=@@@7@@@,emb_id=@@@6@@@,pro_unidades_embalaje=@@@24@@@,dep_id=@@@8 @@@,lin_id=@@@64@@@,mar_id=@@@917@@@,pro_precio_compra_neto=@@@0@@@,pro_precio_compra_bruto=@@@69.41@@@,pro_precio_venta=@@@150@@@,pro_margen_actual=@@@116.11@@@,pro_oferta=@@@NO@@@,pro_fecha_inicio_oferta=@@@1900.01.01@@@,pro_fecha_termino_oferta=@@@1900.01.01@@@,pro_precio_oferta=@@@0@@@,pro_stock_minimo=@@@12@@@,pro_stock_critico=@@@8@@@,pro_activo=@@@1@@@,pro_unidad=@@@0@@@,pro_precio_compra_bruto=69.41,pro_margen_actual=116.11,pro_capacidad=180,pro_funcion_plu=0,pro_flejes=1,pro_iva=1,pro_plu_asociado=0,pro_envase=@@@NO@@@,pro_duracion=0,pro_numero_etiqueta=0 WHERE pro_codigo_plu=@@@18472@@@','',2,'2013-08-20'),(55358,'UPDATE mae_productos SET pro_estado=1 WHERE pro_codigo_plu=18472','',2,'2013-08-20'),(55359,'DELETE FROM mae_impuestos_productos WHERE pro_codigo_plu=@@@18472@@@','',2,'2013-08-20'),(55360,'INSERT INTO mae_productos (pro_codigo_plu,pro_codigo_barra,pro_tipo,pro_nombre_producto,pro_nombre_corto,med_id,emb_id,pro_unidades_embalaje,dep_id,lin_id,mar_id,pro_precio_compra_neto,pro_precio_compra_bruto,pro_precio_venta,pro_margen_actual,pro_oferta,pro_fecha_inicio_oferta,pro_fecha_termino_oferta,pro_precio_oferta,pro_stock_minimo,pro_stock_critico,pro_entradas_bodega,pro_salidas_bodega,pro_mermas_bodega,pro_ajustes_bodega,pro_entradas_sv,pro_salidas_sv,pro_mermas_sv,pro_ajustes_sv,pro_activo,rec_numero,pro_unidad,pro_capacidad,pro_consumo_bodega,pro_consumo_sv,pro_estado,pro_funcion_plu,pro_flejes,pro_iva,pro_plu_asociado,pro_envase,pro_duracion,pro_numero_etiqueta) VALUES (780721655,@@@7802215230486@@@,@@@0@@@,@@@REFRESKIDS FRAMBUESA 180ML@@@,@@@REFRESKIDS FRAMB@@@,@@@7 @@@,@@@6 @@@,@@@24@@@,@@@8 @@@,@@@64@@@,@@@917@@@,@@@0@@@,@@@69.41@@@,@@@150@@@,@@@116.11@@@,@@@@@@,@@@2006.09.07@@@,@@@2006.09.07@@@,@@@0@@@,@@@12@@@,@@@8@@@,@@@0@@@,@@@0@@@,@@@0@@@,@@@0@@@,@@@0@@@,@@@0@@@,@@@0@@@,@@@0@@@,@@@1@@@,@@@0@@@,0,180,0,0,2,0,1,1,0,@@@NO@@@,0,0)','',2,'2013-08-20'),(55361,'DELETE FROM mae_impuestos_productos WHERE pro_codigo_plu=@@@780721655@@@','',2,'2013-08-20'),(55362,'UPDATE mae_productos SET pro_precio_venta=430,pro_margen_actual=39.9, pro_precio_compra_bruto=307.36, pro_precio_compra_neto=258.285714285714 WHERE pro_codigo_plu=11953','',2,'2013-08-20'),(55363,'UPDATE mae_productos SET pro_precio_venta=430,pro_margen_actual=41.29, pro_precio_compra_bruto=304.343, pro_precio_compra_neto=255.750420168067 WHERE pro_codigo_plu=12035','',2,'2013-08-20'),(55364,'UPDATE mae_productos SET pro_precio_venta=599,pro_margen_actual=35.27, pro_precio_compra_bruto=442.823, pro_precio_compra_neto=372.120168067227 WHERE pro_codigo_plu=12156','',2,'2013-08-20'),(55365,'UPDATE mae_productos SET pro_precio_venta=3050,pro_margen_actual=30.41, pro_precio_compra_bruto=2338.826, pro_precio_compra_neto=1965.4 WHERE pro_codigo_plu=764863','',2,'2013-08-20'),(55366,'UPDATE mae_productos SET pro_precio_venta=3050,pro_margen_actual=30.41, pro_precio_compra_bruto=2338.826, pro_precio_compra_neto=1965.4 WHERE pro_codigo_plu=764864','',2,'2013-08-20'),(55367,'UPDATE mae_productos SET pro_precio_venta=3050,pro_margen_actual=30.41, pro_precio_compra_bruto=2338.826, pro_precio_compra_neto=1965.4 WHERE pro_codigo_plu=762811','',2,'2013-08-20'),(55368,'UPDATE mae_productos SET pro_precio_venta=3050,pro_margen_actual=30.41, pro_precio_compra_bruto=2338.826, pro_precio_compra_neto=1965.4 WHERE pro_codigo_plu=763729','',2,'2013-08-20'),(55369,'INSERT INTO mae_productos (pro_codigo_plu,pro_codigo_barra,pro_tipo,pro_nombre_producto,pro_nombre_corto,med_id,emb_id,pro_unidades_embalaje,dep_id,lin_id,mar_id,pro_precio_compra_neto,pro_precio_compra_bruto,pro_precio_venta,pro_margen_actual,pro_oferta,pro_fecha_inicio_oferta,pro_fecha_termino_oferta,pro_precio_oferta,pro_stock_minimo,pro_stock_critico,pro_entradas_bodega,pro_salidas_bodega,pro_mermas_bodega,pro_ajustes_bodega,pro_entradas_sv,pro_salidas_sv,pro_mermas_sv,pro_ajustes_sv,pro_activo,rec_numero,pro_unidad,pro_capacidad,pro_consumo_bodega,pro_consumo_sv,pro_estado,pro_funcion_plu,pro_flejes,pro_iva,pro_plu_asociado,pro_envase,pro_duracion,pro_numero_etiqueta) VALUES (780721656,@@@7802200894198@@@,@@@0@@@,@@@ORLY MANJAR 115 GR@@@,@@@ORLY MANJAR 115 @@@,@@@5 @@@,@@@6 @@@,@@@15@@@,@@@32 @@@,@@@161@@@,@@@917@@@,@@@0@@@,@@@467.27@@@,@@@650@@@,@@@39.11@@@,@@@@@@,@@@2006.09.07@@@,@@@2006.09.07@@@,@@@0@@@,@@@7@@@,@@@5@@@,@@@0@@@,@@@0@@@,@@@0@@@,@@@0@@@,@@@0@@@,@@@0@@@,@@@0@@@,@@@0@@@,@@@1@@@,@@@0@@@,0,115,0,0,2,0,1,1,0,@@@NO@@@,0,0)','',2,'2013-08-20'),(55370,'DELETE FROM mae_impuestos_productos WHERE pro_codigo_plu=@@@780721656@@@','',2,'2013-08-20'),(55371,'INSERT INTO mae_productos (pro_codigo_plu,pro_codigo_barra,pro_tipo,pro_nombre_producto,pro_nombre_corto,med_id,emb_id,pro_unidades_embalaje,dep_id,lin_id,mar_id,pro_precio_compra_neto,pro_precio_compra_bruto,pro_precio_venta,pro_margen_actual,pro_oferta,pro_fecha_inicio_oferta,pro_fecha_termino_oferta,pro_precio_oferta,pro_stock_minimo,pro_stock_critico,pro_entradas_bodega,pro_salidas_bodega,pro_mermas_bodega,pro_ajustes_bodega,pro_entradas_sv,pro_salidas_sv,pro_mermas_sv,pro_ajustes_sv,pro_activo,rec_numero,pro_unidad,pro_capacidad,pro_consumo_bodega,pro_consumo_sv,pro_estado,pro_funcion_plu,pro_flejes,pro_iva,pro_plu_asociado,pro_envase,pro_duracion,pro_numero_etiqueta) VALUES (780721657,@@@7802215121319@@@,@@@0@@@,@@@ROLLS CRISPY 130 GR@@@,@@@ROLLS CRISPY 130@@@,@@@5 @@@,@@@9 @@@,@@@1@@@,@@@32 @@@,@@@161@@@,@@@1694@@@,@@@0@@@,@@@811.28@@@,@@@1100@@@,@@@35.59@@@,@@@@@@,@@@2006.09.07@@@,@@@2006.09.07@@@,@@@0@@@,@@@2@@@,@@@2@@@,@@@0@@@,@@@0@@@,@@@0@@@,@@@0@@@,@@@0@@@,@@@0@@@,@@@0@@@,@@@0@@@,@@@1@@@,@@@0@@@,0,130,0,0,2,0,1,1,0,@@@NO@@@,0,0)','',2,'2013-08-20'),(55372,'DELETE FROM mae_impuestos_productos WHERE pro_codigo_plu=@@@780721657@@@','',2,'2013-08-20'),(55373,'INSERT INTO gne_vale_ferreteria (vfe_id,vfe_fecha,vfe_total,vfe_estado,vfe_entregado,usu_nusuario) VALUES (8904,@@@2013.08.20@@@,870,1,0,@@@m_martinez@@@)','',2,'2013-08-20'),(55374,'INSERT INTO gne_vale_ferreteria_mov (vfe_id,pro_codigo_plu,vfm_cantidad,vfm_unitario,vfm_total,vfm_entregado) VALUES (8904,764317,1,720,720,@@@NO@@@)','',2,'2013-08-20'),(55375,'INSERT INTO gne_vale_ferreteria_mov (vfe_id,pro_codigo_plu,vfm_cantidad,vfm_unitario,vfm_total,vfm_entregado) VALUES (8904,4061,1,150,150,@@@NO@@@)','',2,'2013-08-20'),(55376,'INSERT INTO gne_vale_ferreteria (vfe_id,vfe_fecha,vfe_total,vfe_estado,vfe_entregado,usu_nusuario) VALUES (8905,@@@2013.08.20@@@,350,1,0,@@@m_martinez@@@)','',2,'2013-08-20'),(55377,'INSERT INTO gne_vale_ferreteria_mov (vfe_id,pro_codigo_plu,vfm_cantidad,vfm_unitario,vfm_total,vfm_entregado) VALUES (8905,19150,1,350,350,@@@NO@@@)','',2,'2013-08-20'),(55378,'INSERT INTO gne_vale_ferreteria (vfe_id,vfe_fecha,vfe_total,vfe_estado,vfe_entregado,usu_nusuario) VALUES (8906,@@@2013.08.20@@@,1690,1,0,@@@m_martinez@@@)','',2,'2013-08-20'),(55379,'INSERT INTO gne_vale_ferreteria_mov (vfe_id,pro_codigo_plu,vfm_cantidad,vfm_unitario,vfm_total,vfm_entregado) VALUES (8906,101563,1,1690,1690,@@@NO@@@)','',2,'2013-08-20'),(55380,'UPDATE mae_productos SET pro_precio_venta=350,pro_margen_actual=38.43, pro_precio_compra_bruto=252.84, pro_precio_compra_neto=212.470588235294 WHERE pro_codigo_plu=764862','',2,'2013-08-20'),(55381,'UPDATE mae_productos SET pro_precio_venta=200,pro_margen_actual=32.02, pro_precio_compra_bruto=151.487, pro_precio_compra_neto=127.3 WHERE pro_codigo_plu=761497','',2,'2013-08-20'),(55382,'UPDATE mae_productos SET pro_precio_venta=599,pro_margen_actual=28.19, pro_precio_compra_bruto=467.27, pro_precio_compra_neto=392.663865546219 WHERE pro_codigo_plu=780721656','',2,'2013-08-20'),(55383,'UPDATE mae_productos SET pro_margen_actual=39.11,pro_precio_venta=650 WHERE pro_codigo_plu=780721656','',2,'2013-08-20'),(55384,'UPDATE mae_productos SET pro_margen_actual=116.11,pro_precio_venta=150 WHERE pro_codigo_plu=780721655','',2,'2013-08-20'),(55385,'UPDATE mae_productos SET pro_margen_actual=116.11,pro_precio_venta=150 WHERE pro_codigo_plu=18472','',2,'2013-08-20'),(55386,'UPDATE mae_productos SET pro_margen_actual=116.11,pro_precio_venta=150 WHERE pro_codigo_plu=780721653','',2,'2013-08-20'),(55387,'UPDATE mae_productos SET pro_margen_actual=116.11,pro_precio_venta=150 WHERE pro_codigo_plu=780721654','',2,'2013-08-20'),(55388,'UPDATE mae_productos SET pro_margen_actual=35.59,pro_precio_venta=1100 WHERE pro_codigo_plu=780721657','',2,'2013-08-20'),(55389,'UPDATE mae_productos SET pro_precio_fiscal=pro_precio_venta WHERE pro_codigo_plu=780721577','',2,'2013-08-20'),(55390,'UPDATE mae_productos SET pro_precio_fiscal=pro_precio_venta WHERE pro_codigo_plu=780721640','',2,'2013-08-20'),(55391,'UPDATE mae_productos SET pro_precio_fiscal=pro_precio_venta WHERE pro_codigo_plu=780721453','',2,'2013-08-20'),(55392,'UPDATE mae_productos SET pro_precio_fiscal=pro_precio_venta WHERE pro_codigo_plu=780721656','',2,'2013-08-20'),(55393,'UPDATE mae_productos SET pro_precio_fiscal=pro_precio_venta WHERE pro_codigo_plu=780721657','',2,'2013-08-20'),(55394,'UPDATE mae_productos SET pro_precio_fiscal=pro_precio_venta WHERE pro_codigo_plu=761497','',2,'2013-08-20'),(55395,'UPDATE mae_productos SET pro_precio_fiscal=pro_precio_venta WHERE pro_codigo_plu=780721653','',2,'2013-08-20'),(55396,'UPDATE mae_productos SET pro_precio_fiscal=pro_precio_venta WHERE pro_codigo_plu=780721654','',2,'2013-08-20'),(55397,'UPDATE mae_productos SET pro_precio_fiscal=pro_precio_venta WHERE pro_codigo_plu=18472','',2,'2013-08-20'),(55398,'UPDATE mae_productos SET pro_precio_fiscal=pro_precio_venta WHERE pro_codigo_plu=780721655','',2,'2013-08-20'),(55399,'UPDATE mae_productos SET pro_precio_fiscal=pro_precio_venta WHERE pro_codigo_plu=12156','',2,'2013-08-20'),(55400,'UPDATE mae_productos SET pro_precio_fiscal=pro_precio_venta WHERE pro_codigo_plu=11953','',2,'2013-08-20'),(55401,'UPDATE mae_productos SET pro_precio_fiscal=pro_precio_venta WHERE pro_codigo_plu=12035','',2,'2013-08-20'),(55402,'UPDATE mae_productos SET pro_precio_fiscal=pro_precio_venta WHERE pro_codigo_plu=764862','',2,'2013-08-20'),(55403,'UPDATE mae_productos SET pro_precio_fiscal=pro_precio_venta WHERE pro_codigo_plu=762811','',2,'2013-08-20'),(55404,'UPDATE mae_productos SET pro_precio_fiscal=pro_precio_venta WHERE pro_codigo_plu=763729','',2,'2013-08-20'),(55405,'UPDATE mae_productos SET pro_precio_fiscal=pro_precio_venta WHERE pro_codigo_plu=764863','',2,'2013-08-20'),(55406,'UPDATE mae_productos SET pro_precio_fiscal=pro_precio_venta WHERE pro_codigo_plu=764864','',2,'2013-08-20'),(55407,'UPDATE mae_productos SET pro_precio_fiscal=pro_precio_venta WHERE pro_codigo_plu=11040','',2,'2013-08-20'),(55408,'UPDATE mae_productos SET pro_precio_fiscal=pro_precio_venta WHERE pro_codigo_plu=11045','',2,'2013-08-20'),(55409,'INSERT INTO mae_productos (pro_codigo_plu,pro_codigo_barra,pro_tipo,pro_nombre_producto,pro_nombre_corto,med_id,emb_id,pro_unidades_embalaje,dep_id,lin_id,mar_id,pro_precio_compra_neto,pro_precio_compra_bruto,pro_precio_venta,pro_margen_actual,pro_oferta,pro_fecha_inicio_oferta,pro_fecha_termino_oferta,pro_precio_oferta,pro_stock_minimo,pro_stock_critico,pro_entradas_bodega,pro_salidas_bodega,pro_mermas_bodega,pro_ajustes_bodega,pro_entradas_sv,pro_salidas_sv,pro_mermas_sv,pro_ajustes_sv,pro_activo,rec_numero,pro_unidad,pro_capacidad,pro_consumo_bodega,pro_consumo_sv,pro_estado,pro_funcion_plu,pro_flejes,pro_iva,pro_plu_asociado,pro_envase,pro_duracion,pro_numero_etiqueta) VALUES (780721658,@@@000033021201@@@,@@@0@@@,@@@FORRO MAQUETA HAND PASTO@@@,@@@FORRO MAQUETA HA@@@,@@@1 @@@,@@@4 @@@,@@@25@@@,@@@24 @@@,@@@137@@@,@@@2541@@@,@@@0@@@,@@@1@@@,@@@1@@@,@@@0@@@,@@@@@@,@@@2006.09.07@@@,@@@2006.09.07@@@,@@@0@@@,@@@20@@@,@@@10@@@,@@@0@@@,@@@0@@@,@@@0@@@,@@@0@@@,@@@0@@@,@@@0@@@,@@@0@@@,@@@0@@@,@@@1@@@,@@@0@@@,0,1,0,0,2,0,1,1,0,@@@NO@@@,0,0)','',2,'2013-08-20'),(55410,'DELETE FROM mae_impuestos_productos WHERE pro_codigo_plu=@@@780721658@@@','',2,'2013-08-20'),(55411,'INSERT INTO mae_productos (pro_codigo_plu,pro_codigo_barra,pro_tipo,pro_nombre_producto,pro_nombre_corto,med_id,emb_id,pro_unidades_embalaje,dep_id,lin_id,mar_id,pro_precio_compra_neto,pro_precio_compra_bruto,pro_precio_venta,pro_margen_actual,pro_oferta,pro_fecha_inicio_oferta,pro_fecha_termino_oferta,pro_precio_oferta,pro_stock_minimo,pro_stock_critico,pro_entradas_bodega,pro_salidas_bodega,pro_mermas_bodega,pro_ajustes_bodega,pro_entradas_sv,pro_salidas_sv,pro_mermas_sv,pro_ajustes_sv,pro_activo,rec_numero,pro_unidad,pro_capacidad,pro_consumo_bodega,pro_consumo_sv,pro_estado,pro_funcion_plu,pro_flejes,pro_iva,pro_plu_asociado,pro_envase,pro_duracion,pro_numero_etiqueta) VALUES (780721659,@@@6922735506005@@@,@@@0@@@,@@@PAPEL FOTOGRAFICO, DATACE@@@,@@@PAPEL FOTOGRAFIC@@@,@@@1 @@@,@@@4 @@@,@@@20@@@,@@@24 @@@,@@@140@@@,@@@2507@@@,@@@0@@@,@@@1@@@,@@@1@@@,@@@0@@@,@@@@@@,@@@2006.09.07@@@,@@@2006.09.07@@@,@@@0@@@,@@@20@@@,@@@10@@@,@@@0@@@,@@@0@@@,@@@0@@@,@@@0@@@,@@@0@@@,@@@0@@@,@@@0@@@,@@@0@@@,@@@1@@@,@@@0@@@,0,1,0,0,2,0,1,1,0,@@@NO@@@,0,0)','',2,'2013-08-20'),(55412,'DELETE FROM mae_impuestos_productos WHERE pro_codigo_plu=@@@780721659@@@','',2,'2013-08-20'),(55413,'UPDATE mae_productos SET pro_margen_actual=0,pro_precio_venta=1 WHERE pro_codigo_plu=780721658','',2,'2013-08-20'),(55414,'UPDATE mae_productos SET pro_margen_actual=51.32,pro_precio_venta=1150 WHERE pro_codigo_plu=762922','',2,'2013-08-20'),(55415,'UPDATE mae_productos SET pro_margen_actual=51.32,pro_precio_venta=1150 WHERE pro_codigo_plu=13638','',2,'2013-08-20'),(55416,'UPDATE mae_productos SET pro_precio_fiscal=pro_precio_venta WHERE pro_codigo_plu=13638','',2,'2013-08-20'),(55417,'UPDATE mae_productos SET pro_precio_fiscal=pro_precio_venta WHERE pro_codigo_plu=762922','',2,'2013-08-20'),(55418,'INSERT INTO com_ventas_grupo (vgr_fecha,vgr_grupo,vgr_cantidad,vgr_total) VALUES (@@@2013.08.19@@@,1,193.32,144767)','',2,'2013-08-20'),(55419,'INSERT INTO com_ventas_grupo (vgr_fecha,vgr_grupo,vgr_cantidad,vgr_total) VALUES (@@@2013.08.19@@@,2,165.88,91373)','',2,'2013-08-20'),(55420,'INSERT INTO com_ventas_grupo (vgr_fecha,vgr_grupo,vgr_cantidad,vgr_total) VALUES (@@@2013.08.19@@@,3,341,70253)','',2,'2013-08-20'),(55421,'INSERT INTO com_ventas_grupo (vgr_fecha,vgr_grupo,vgr_cantidad,vgr_total) VALUES (@@@2013.08.19@@@,4,97,77803)','',2,'2013-08-20'),(55422,'INSERT INTO com_ventas_grupo (vgr_fecha,vgr_grupo,vgr_cantidad,vgr_total) VALUES (@@@2013.08.19@@@,5,3,8679)','',2,'2013-08-20'),(55423,'INSERT INTO com_ventas_grupo (vgr_fecha,vgr_grupo,vgr_cantidad,vgr_total) VALUES (@@@2013.08.19@@@,6,16,27384)','',2,'2013-08-20'),(55424,'INSERT INTO com_ventas_grupo (vgr_fecha,vgr_grupo,vgr_cantidad,vgr_total) VALUES (@@@2013.08.19@@@,7,36,47273)','',2,'2013-08-20'),(55425,'INSERT INTO com_ventas_grupo (vgr_fecha,vgr_grupo,vgr_cantidad,vgr_total) VALUES (@@@2013.08.19@@@,8,39,22730)','',2,'2013-08-20'),(55426,'INSERT INTO com_ventas_grupo (vgr_fecha,vgr_grupo,vgr_cantidad,vgr_total) VALUES (@@@2013.08.19@@@,9,63.765,131271)','',2,'2013-08-20'),(55427,'INSERT INTO com_ventas_grupo (vgr_fecha,vgr_grupo,vgr_cantidad,vgr_total) VALUES (@@@2013.08.19@@@,10,44.43,89335)','',2,'2013-08-20'),(55428,'INSERT INTO com_ventas_grupo (vgr_fecha,vgr_grupo,vgr_cantidad,vgr_total) VALUES (@@@2013.08.19@@@,11,20.355,56770)','',2,'2013-08-20'),(55429,'INSERT INTO com_ventas_grupo (vgr_fecha,vgr_grupo,vgr_cantidad,vgr_total) VALUES (@@@2013.08.19@@@,12,36.95,57186)','',2,'2013-08-20'),(55430,'INSERT INTO com_ventas_grupo (vgr_fecha,vgr_grupo,vgr_cantidad,vgr_total) VALUES (@@@2013.08.19@@@,13,18.91,34568)','',2,'2013-08-20'),(55431,'INSERT INTO com_ventas_grupo (vgr_fecha,vgr_grupo,vgr_cantidad,vgr_total) VALUES (@@@2013.08.19@@@,14,96.0750000000001,87521)','',2,'2013-08-20'),(55432,'INSERT INTO com_ventas_grupo (vgr_fecha,vgr_grupo,vgr_cantidad,vgr_total) VALUES (@@@2013.08.19@@@,16,2,320)','',2,'2013-08-20'),(55433,'INSERT INTO com_ventas_grupo (vgr_fecha,vgr_grupo,vgr_cantidad,vgr_total) VALUES (@@@2013.08.19@@@,18,161.015,96989)','',2,'2013-08-20'),(55434,'INSERT INTO com_ventas_grupo (vgr_fecha,vgr_grupo,vgr_cantidad,vgr_total) VALUES (@@@2013.08.19@@@,20,73.41,40581)','',2,'2013-08-20'),(55435,'INSERT INTO com_ventas_grupo (vgr_fecha,vgr_grupo,vgr_cantidad,vgr_total) VALUES (@@@2013.08.19@@@,21,50,51479)','',2,'2013-08-20'),(55436,'INSERT INTO com_ventas_grupo (vgr_fecha,vgr_grupo,vgr_cantidad,vgr_total) VALUES (@@@2013.08.19@@@,23,1,2490)','',2,'2013-08-20'),(55437,'INSERT INTO com_ventas_grupo (vgr_fecha,vgr_grupo,vgr_cantidad,vgr_total) VALUES (@@@2013.08.19@@@,24,255,38248)','',2,'2013-08-20'),(55438,'INSERT INTO com_ventas_grupo (vgr_fecha,vgr_grupo,vgr_cantidad,vgr_total) VALUES (@@@2013.08.19@@@,25,79,109000)','',2,'2013-08-20'),(55439,'INSERT INTO com_ventas_grupo (vgr_fecha,vgr_grupo,vgr_cantidad,vgr_total) VALUES (@@@2013.08.19@@@,31,9,6300)','',2,'2013-08-20'),(55440,'INSERT INTO com_ventas_grupo (vgr_fecha,vgr_grupo,vgr_cantidad,vgr_total) VALUES (@@@2013.08.19@@@,32,262,77248)','',2,'2013-08-20'),(55441,'INSERT INTO com_ventas_grupo (vgr_fecha,vgr_grupo,vgr_cantidad,vgr_total) VALUES (@@@2013.08.19@@@,35,21,23300)','',2,'2013-08-20'),(55442,'INSERT INTO com_ventas_grupo (vgr_fecha,vgr_grupo,vgr_cantidad,vgr_total) VALUES (@@@2013.08.19@@@,36,28,2190)','',2,'2013-08-20'),(55443,'INSERT INTO com_ventas_grupo (vgr_fecha,vgr_grupo,vgr_cantidad,vgr_total) VALUES (@@@2013.08.19@@@,37,2,2990)','',2,'2013-08-20'),(55444,'INSERT INTO com_ventas_grupo (vgr_fecha,vgr_grupo,vgr_cantidad,vgr_total) VALUES (@@@2013.08.19@@@,39,3,4530)','',2,'2013-08-20'),(55445,'INSERT INTO com_ventas_grupo (vgr_fecha,vgr_grupo,vgr_cantidad,vgr_total) VALUES (@@@2013.08.19@@@,40,14486,14486)','',2,'2013-08-20'),(55446,'INSERT INTO com_ventas_grupo (vgr_fecha,vgr_grupo,vgr_cantidad,vgr_total) VALUES (@@@2013.08.19@@@,41,4,280)','',2,'2013-08-20'),(55447,'INSERT INTO com_ventas_grupo (vgr_fecha,vgr_grupo,vgr_cantidad,vgr_total) VALUES (@@@2013.08.19@@@,42,17.825,17047)','',2,'2013-08-20'),(55448,'UPDATE mae_datos_empresa SET emp_oferta=@@@NO@@@','',2,'2013-08-20'),(55449,'INSERT INTO mae_productos (pro_codigo_plu,pro_codigo_barra,pro_tipo,pro_nombre_producto,pro_nombre_corto,med_id,emb_id,pro_unidades_embalaje,dep_id,lin_id,mar_id,pro_precio_compra_neto,pro_precio_compra_bruto,pro_precio_venta,pro_margen_actual,pro_oferta,pro_fecha_inicio_oferta,pro_fecha_termino_oferta,pro_precio_oferta,pro_stock_minimo,pro_stock_critico,pro_entradas_bodega,pro_salidas_bodega,pro_mermas_bodega,pro_ajustes_bodega,pro_entradas_sv,pro_salidas_sv,pro_mermas_sv,pro_ajustes_sv,pro_activo,rec_numero,pro_unidad,pro_capacidad,pro_consumo_bodega,pro_consumo_sv,pro_estado,pro_funcion_plu,pro_flejes,pro_iva,pro_plu_asociado,pro_envase,pro_duracion,pro_numero_etiqueta) VALUES (780721660,@@@4714231900133@@@,@@@0@@@,@@@CORRECTOR MONAMI, LAPIZ@@@,@@@CORRECTOR MONAMI@@@,@@@1 @@@,@@@6 @@@,@@@24@@@,@@@24 @@@,@@@137@@@,@@@2507@@@,@@@0@@@,@@@1@@@,@@@1@@@,@@@0@@@,@@@@@@,@@@2006.09.07@@@,@@@2006.09.07@@@,@@@0@@@,@@@20@@@,@@@8@@@,@@@0@@@,@@@0@@@,@@@0@@@,@@@0@@@,@@@0@@@,@@@0@@@,@@@0@@@,@@@0@@@,@@@1@@@,@@@0@@@,0,1,0,0,2,0,1,1,0,@@@NO@@@,0,0)','',2,'2013-08-20'),(55450,'DELETE FROM mae_impuestos_productos WHERE pro_codigo_plu=@@@780721660@@@','',2,'2013-08-20'),(55451,'UPDATE mae_productos SET pro_margen_actual=0,pro_precio_venta=1 WHERE pro_codigo_plu=780721660','',2,'2013-08-21'),(55452,'UPDATE mae_productos SET pro_margen_actual=56.54,pro_precio_venta=850 WHERE pro_codigo_plu=579','',2,'2013-08-21'),(55453,'UPDATE mae_productos SET pro_margen_actual=59.47,pro_precio_venta=850 WHERE pro_codigo_plu=580','',2,'2013-08-21'),(55454,'UPDATE mae_productos SET pro_precio_fiscal=pro_precio_venta WHERE pro_codigo_plu=579','',2,'2013-08-21'),(55455,'UPDATE mae_productos SET pro_precio_fiscal=pro_precio_venta WHERE pro_codigo_plu=580','',2,'2013-08-21'),(55456,'UPDATE mae_productos SET pro_margen_actual=0,pro_precio_venta=1790 WHERE pro_codigo_plu=22','',2,'2013-08-21'),(55457,'UPDATE mae_productos SET pro_precio_fiscal=pro_precio_venta WHERE pro_codigo_plu=780721658','',2,'2013-08-21'),(55458,'UPDATE mae_productos SET pro_precio_fiscal=pro_precio_venta WHERE pro_codigo_plu=22','',2,'2013-08-21'),(55459,'UPDATE mae_productos SET pro_precio_fiscal=pro_precio_venta WHERE pro_codigo_plu=780721660','',2,'2013-08-21'),(55460,'UPDATE mae_productos SET pro_precio_fiscal=pro_precio_venta WHERE pro_codigo_plu=780721659','',2,'2013-08-21'),(55461,'INSERT INTO com_ventas_grupo (vgr_fecha,vgr_grupo,vgr_cantidad,vgr_total) VALUES (@@@2013.08.20@@@,1,226.44,184075)','',2,'2013-08-21'),(55462,'INSERT INTO com_ventas_grupo (vgr_fecha,vgr_grupo,vgr_cantidad,vgr_total) VALUES (@@@2013.08.20@@@,2,160,94181)','',2,'2013-08-21'),(55463,'INSERT INTO com_ventas_grupo (vgr_fecha,vgr_grupo,vgr_cantidad,vgr_total) VALUES (@@@2013.08.20@@@,3,438,85484)','',2,'2013-08-21'),(55464,'INSERT INTO com_ventas_grupo (vgr_fecha,vgr_grupo,vgr_cantidad,vgr_total) VALUES (@@@2013.08.20@@@,4,64,55926)','',2,'2013-08-21'),(55465,'INSERT INTO com_ventas_grupo (vgr_fecha,vgr_grupo,vgr_cantidad,vgr_total) VALUES (@@@2013.08.20@@@,5,5,30096)','',2,'2013-08-21'),(55466,'INSERT INTO com_ventas_grupo (vgr_fecha,vgr_grupo,vgr_cantidad,vgr_total) VALUES (@@@2013.08.20@@@,6,8,12718)','',2,'2013-08-21'),(55467,'INSERT INTO com_ventas_grupo (vgr_fecha,vgr_grupo,vgr_cantidad,vgr_total) VALUES (@@@2013.08.20@@@,7,24,31430)','',2,'2013-08-21'),(55468,'INSERT INTO com_ventas_grupo (vgr_fecha,vgr_grupo,vgr_cantidad,vgr_total) VALUES (@@@2013.08.20@@@,8,74,28330)','',2,'2013-08-21'),(55469,'INSERT INTO com_ventas_grupo (vgr_fecha,vgr_grupo,vgr_cantidad,vgr_total) VALUES (@@@2013.08.20@@@,9,56.405,110568)','',2,'2013-08-21'),(55470,'INSERT INTO com_ventas_grupo (vgr_fecha,vgr_grupo,vgr_cantidad,vgr_total) VALUES (@@@2013.08.20@@@,10,31.105,109155)','',2,'2013-08-21'),(55471,'INSERT INTO com_ventas_grupo (vgr_fecha,vgr_grupo,vgr_cantidad,vgr_total) VALUES (@@@2013.08.20@@@,11,19.955,56787)','',2,'2013-08-21'),(55472,'INSERT INTO com_ventas_grupo (vgr_fecha,vgr_grupo,vgr_cantidad,vgr_total) VALUES (@@@2013.08.20@@@,12,30.855,57096)','',2,'2013-08-21'),(55473,'INSERT INTO com_ventas_grupo (vgr_fecha,vgr_grupo,vgr_cantidad,vgr_total) VALUES (@@@2013.08.20@@@,13,10.685,30383)','',2,'2013-08-21'),(55474,'INSERT INTO com_ventas_grupo (vgr_fecha,vgr_grupo,vgr_cantidad,vgr_total) VALUES (@@@2013.08.20@@@,14,94.5,85468)','',2,'2013-08-21'),(55475,'INSERT INTO com_ventas_grupo (vgr_fecha,vgr_grupo,vgr_cantidad,vgr_total) VALUES (@@@2013.08.20@@@,15,1,290)','',2,'2013-08-21'),(55476,'INSERT INTO com_ventas_grupo (vgr_fecha,vgr_grupo,vgr_cantidad,vgr_total) VALUES (@@@2013.08.20@@@,16,1,170)','',2,'2013-08-21'),(55477,'INSERT INTO com_ventas_grupo (vgr_fecha,vgr_grupo,vgr_cantidad,vgr_total) VALUES (@@@2013.08.20@@@,18,218.735,120033)','',2,'2013-08-21'),(55478,'INSERT INTO com_ventas_grupo (vgr_fecha,vgr_grupo,vgr_cantidad,vgr_total) VALUES (@@@2013.08.20@@@,19,1,500)','',2,'2013-08-21'),(55479,'INSERT INTO com_ventas_grupo (vgr_fecha,vgr_grupo,vgr_cantidad,vgr_total) VALUES (@@@2013.08.20@@@,20,70.62,34227)','',2,'2013-08-21'),(55480,'INSERT INTO com_ventas_grupo (vgr_fecha,vgr_grupo,vgr_cantidad,vgr_total) VALUES (@@@2013.08.20@@@,21,33,38558)','',2,'2013-08-21'),(55481,'INSERT INTO com_ventas_grupo (vgr_fecha,vgr_grupo,vgr_cantidad,vgr_total) VALUES (@@@2013.08.20@@@,23,5,12610)','',2,'2013-08-21'),(55482,'INSERT INTO com_ventas_grupo (vgr_fecha,vgr_grupo,vgr_cantidad,vgr_total) VALUES (@@@2013.08.20@@@,24,138,27719)','',2,'2013-08-21'),(55483,'INSERT INTO com_ventas_grupo (vgr_fecha,vgr_grupo,vgr_cantidad,vgr_total) VALUES (@@@2013.08.20@@@,25,79,111100)','',2,'2013-08-21'),(55484,'INSERT INTO com_ventas_grupo (vgr_fecha,vgr_grupo,vgr_cantidad,vgr_total) VALUES (@@@2013.08.20@@@,31,26,20987)','',2,'2013-08-21'),(55485,'INSERT INTO com_ventas_grupo (vgr_fecha,vgr_grupo,vgr_cantidad,vgr_total) VALUES (@@@2013.08.20@@@,32,255,82576)','',2,'2013-08-21'),(55486,'INSERT INTO com_ventas_grupo (vgr_fecha,vgr_grupo,vgr_cantidad,vgr_total) VALUES (@@@2013.08.20@@@,34,1,1200)','',2,'2013-08-21'),(55487,'INSERT INTO com_ventas_grupo (vgr_fecha,vgr_grupo,vgr_cantidad,vgr_total) VALUES (@@@2013.08.20@@@,35,23,31180)','',2,'2013-08-21'),(55488,'INSERT INTO com_ventas_grupo (vgr_fecha,vgr_grupo,vgr_cantidad,vgr_total) VALUES (@@@2013.08.20@@@,36,2,590)','',2,'2013-08-21'),(55489,'INSERT INTO com_ventas_grupo (vgr_fecha,vgr_grupo,vgr_cantidad,vgr_total) VALUES (@@@2013.08.20@@@,38,1,2490)','',2,'2013-08-21'),(55490,'INSERT INTO com_ventas_grupo (vgr_fecha,vgr_grupo,vgr_cantidad,vgr_total) VALUES (@@@2013.08.20@@@,39,5,6170)','',2,'2013-08-21'),(55491,'INSERT INTO com_ventas_grupo (vgr_fecha,vgr_grupo,vgr_cantidad,vgr_total) VALUES (@@@2013.08.20@@@,40,5803,5803)','',2,'2013-08-21'),(55492,'INSERT INTO com_ventas_grupo (vgr_fecha,vgr_grupo,vgr_cantidad,vgr_total) VALUES (@@@2013.08.20@@@,42,31.89,29035)','',2,'2013-08-21'),(55493,'UPDATE mae_datos_empresa SET emp_oferta=@@@NO@@@','',2,'2013-08-21'),(55494,'INSERT INTO gne_vale_ferreteria (vfe_id,vfe_fecha,vfe_total,vfe_estado,vfe_entregado,usu_nusuario) VALUES (8907,@@@2013.08.21@@@,1730,1,0,@@@M_SANDOVAL@@@)','',2,'2013-08-21'),(55495,'INSERT INTO gne_vale_ferreteria_mov (vfe_id,pro_codigo_plu,vfm_cantidad,vfm_unitario,vfm_total,vfm_entregado) VALUES (8907,764564,1,1490,1490,@@@NO@@@)','',2,'2013-08-21'),(55496,'INSERT INTO gne_vale_ferreteria_mov (vfe_id,pro_codigo_plu,vfm_cantidad,vfm_unitario,vfm_total,vfm_entregado) VALUES (8907,8022,2,120,240,@@@NO@@@)','',2,'2013-08-21'),(55497,'UPDATE mae_productos SET pro_codigo_barra=@@@207@@@,pro_tipo=@@@0@@@,pro_nombre_producto=@@@DESPUNTE CHULETA@@@,pro_nombre_corto=@@@DESPUNTE CHULETA@@@,med_id=@@@2@@@,emb_id=@@@1@@@,pro_unidades_embalaje=@@@1@@@,dep_id=@@@11 @@@,lin_id=@@@70@@@,mar_id=@@@2507@@@,pro_precio_compra_neto=@@@815.13@@@,pro_precio_compra_bruto=@@@940.1@@@,pro_precio_venta=@@@1350@@@,pro_margen_actual=@@@43.6@@@,pro_oferta=@@@NO@@@,pro_fecha_inicio_oferta=@@@1900.01.01@@@,pro_fecha_termino_oferta=@@@1900.01.01@@@,pro_precio_oferta=@@@0@@@,pro_stock_minimo=@@@1@@@,pro_stock_critico=@@@1@@@,pro_activo=@@@1@@@,pro_unidad=@@@1@@@,pro_precio_compra_bruto=940.1,pro_margen_actual=43.6,pro_capacidad=1,pro_funcion_plu=1,pro_flejes=1,pro_iva=1,pro_plu_asociado=0,pro_envase=@@@NO@@@,pro_duracion=0,pro_numero_etiqueta=1 WHERE pro_codigo_plu=@@@207@@@','',2,'2013-08-21'),(55498,'UPDATE mae_productos SET pro_estado=1 WHERE pro_codigo_plu=207','',2,'2013-08-21'),(55499,'DELETE FROM mae_impuestos_productos WHERE pro_codigo_plu=@@@207@@@','',2,'2013-08-21'),(55500,'UPDATE mae_productos SET pro_precio_venta=2100,pro_margen_actual=44.65, pro_precio_compra_bruto=1451.8, pro_precio_compra_neto=1220 WHERE pro_codigo_plu=102','',2,'2013-08-21'),(55501,'UPDATE mae_productos SET pro_precio_venta=2490,pro_margen_actual=45.31, pro_precio_compra_bruto=1713.6, pro_precio_compra_neto=1440 WHERE pro_codigo_plu=126','',2,'2013-08-21'),(55502,'UPDATE mae_productos SET pro_precio_compra_bruto=464.1,pro_margen_actual=(pro_precio_venta-464.1)/464.1 * 100,pro_ultima_compra=@@@2013.08.21@@@,pro_ultimo_proveedor=@@@79984240-8@@@ WHERE pro_codigo_plu=111','',2,'2013-08-21'),(55503,'UPDATE mae_productos SET pro_precio_compra_bruto=464.1,pro_margen_actual=(pro_precio_venta-464.1)/464.1 * 100,pro_ultima_compra=@@@2013.08.21@@@,pro_ultimo_proveedor=@@@79984240-8@@@ WHERE pro_codigo_plu=105','',2,'2013-08-21'),(55504,'UPDATE mae_productos SET pro_precio_compra_bruto=1451.8,pro_margen_actual=(pro_precio_venta-1451.8)/1451.8 * 100,pro_ultima_compra=@@@2013.08.21@@@,pro_ultimo_proveedor=@@@79984240-8@@@ WHERE pro_codigo_plu=102','',2,'2013-08-21'),(55505,'UPDATE mae_productos SET pro_precio_compra_bruto=1713.6,pro_margen_actual=(pro_precio_venta-1713.6)/1713.6 * 100,pro_ultima_compra=@@@2013.08.21@@@,pro_ultimo_proveedor=@@@79984240-8@@@ WHERE pro_codigo_plu=126','',2,'2013-08-21'),(55506,'UPDATE mae_productos SET pro_precio_compra_bruto=940.1,pro_margen_actual=(pro_precio_venta-940.1)/940.1 * 100,pro_ultima_compra=@@@2013.08.21@@@,pro_ultimo_proveedor=@@@79984240-8@@@ WHERE pro_codigo_plu=207','',2,'2013-08-21'),(55507,'INSERT INTO gne_vale_ferreteria (vfe_id,vfe_fecha,vfe_total,vfe_estado,vfe_entregado,usu_nusuario) VALUES (8908,@@@2013.08.21@@@,490,1,0,@@@M_SANDOVAL@@@)','',2,'2013-08-21'),(55508,'INSERT INTO gne_vale_ferreteria_mov (vfe_id,pro_codigo_plu,vfm_cantidad,vfm_unitario,vfm_total,vfm_entregado) VALUES (8908,763588,1,330,330,@@@NO@@@)','',2,'2013-08-21'),(55509,'INSERT INTO gne_vale_ferreteria_mov (vfe_id,pro_codigo_plu,vfm_cantidad,vfm_unitario,vfm_total,vfm_entregado) VALUES (8908,4080,4,40,160,@@@NO@@@)','',2,'2013-08-21'),(55510,'INSERT INTO gne_vale_ferreteria (vfe_id,vfe_fecha,vfe_total,vfe_estado,vfe_entregado,usu_nusuario) VALUES (8909,@@@2013.08.21@@@,750,1,0,@@@M_SANDOVAL@@@)','',2,'2013-08-21'),(55511,'INSERT INTO gne_vale_ferreteria_mov (vfe_id,pro_codigo_plu,vfm_cantidad,vfm_unitario,vfm_total,vfm_entregado) VALUES (8909,78017105,3,250,750,@@@NO@@@)','',2,'2013-08-21'),(55512,'UPDATE mae_productos SET pro_precio_compra_bruto=2273,pro_margen_actual=(pro_precio_venta-2273)/2273 * 100,pro_ultima_compra=@@@2013.08.21@@@,pro_ultimo_proveedor=@@@88502900-0@@@ WHERE pro_codigo_plu=764428','',2,'2013-08-21'),(55513,'UPDATE mae_productos SET pro_precio_compra_bruto=1136.2,pro_margen_actual=(pro_precio_venta-1136.2)/1136.2 * 100,pro_ultima_compra=@@@2013.08.21@@@,pro_ultimo_proveedor=@@@88502900-0@@@ WHERE pro_codigo_plu=21194','',2,'2013-08-21'),(55514,'UPDATE mae_productos SET pro_precio_compra_bruto=2083,pro_margen_actual=(pro_precio_venta-2083)/2083 * 100,pro_ultima_compra=@@@2013.08.21@@@,pro_ultimo_proveedor=@@@88502900-0@@@ WHERE pro_codigo_plu=21197','',2,'2013-08-21'),(55515,'UPDATE mae_productos SET pro_precio_compra_bruto=2614,pro_margen_actual=(pro_precio_venta-2614)/2614 * 100,pro_ultima_compra=@@@2013.08.21@@@,pro_ultimo_proveedor=@@@88502900-0@@@ WHERE pro_codigo_plu=763451','',2,'2013-08-21'),(55516,'UPDATE mae_productos SET pro_precio_compra_bruto=1235.063,pro_margen_actual=(pro_precio_venta-1235.063)/1235.063 * 100,pro_ultima_compra=@@@2013.08.21@@@,pro_ultimo_proveedor=@@@88502900-0@@@ WHERE pro_codigo_plu=780721307','',2,'2013-08-21'),(55517,'UPDATE mae_productos SET pro_precio_compra_bruto=1213.6,pro_margen_actual=(pro_precio_venta-1213.6)/1213.6 * 100,pro_ultima_compra=@@@2013.08.21@@@,pro_ultimo_proveedor=@@@88502900-0@@@ WHERE pro_codigo_plu=764102','',2,'2013-08-21'),(55518,'UPDATE mae_productos SET pro_precio_compra_bruto=2241,pro_margen_actual=(pro_precio_venta-2241)/2241 * 100,pro_ultima_compra=@@@2013.08.21@@@,pro_ultimo_proveedor=@@@88502900-0@@@ WHERE pro_codigo_plu=21175','',2,'2013-08-21'),(55519,'UPDATE mae_productos SET pro_precio_compra_bruto=2053.9,pro_margen_actual=(pro_precio_venta-2053.9)/2053.9 * 100,pro_ultima_compra=@@@2013.08.21@@@,pro_ultimo_proveedor=@@@88502900-0@@@ WHERE pro_codigo_plu=764110','',2,'2013-08-21'),(55520,'UPDATE mae_productos SET pro_precio_compra_bruto=2521,pro_margen_actual=(pro_precio_venta-2521)/2521 * 100,pro_ultima_compra=@@@2013.08.21@@@,pro_ultimo_proveedor=@@@88502900-0@@@ WHERE pro_codigo_plu=764103','',2,'2013-08-21'),(55521,'UPDATE mae_productos SET pro_precio_compra_bruto=1416,pro_margen_actual=(pro_precio_venta-1416)/1416 * 100,pro_ultima_compra=@@@2013.08.21@@@,pro_ultimo_proveedor=@@@88502900-0@@@ WHERE pro_codigo_plu=21207','',2,'2013-08-21'),(55522,'UPDATE mae_productos SET pro_precio_compra_bruto=944,pro_margen_actual=(pro_precio_venta-944)/944 * 100,pro_ultima_compra=@@@2013.08.21@@@,pro_ultimo_proveedor=@@@88502900-0@@@ WHERE pro_codigo_plu=764116','',2,'2013-08-21'),(55523,'UPDATE mae_productos SET pro_precio_compra_bruto=944,pro_margen_actual=(pro_precio_venta-944)/944 * 100,pro_ultima_compra=@@@2013.08.21@@@,pro_ultimo_proveedor=@@@88502900-0@@@ WHERE pro_codigo_plu=764108','',2,'2013-08-21'),(55524,'UPDATE mae_productos SET pro_precio_compra_bruto=1416,pro_margen_actual=(pro_precio_venta-1416)/1416 * 100,pro_ultima_compra=@@@2013.08.21@@@,pro_ultimo_proveedor=@@@88502900-0@@@ WHERE pro_codigo_plu=764106','',2,'2013-08-21'),(55525,'UPDATE mae_productos SET pro_precio_compra_bruto=2427.3,pro_margen_actual=(pro_precio_venta-2427.3)/2427.3 * 100,pro_ultima_compra=@@@2013.08.21@@@,pro_ultimo_proveedor=@@@88502900-0@@@ WHERE pro_codigo_plu=78017052','',2,'2013-08-21'),(55526,'UPDATE mae_productos SET pro_precio_compra_bruto=1416,pro_margen_actual=(pro_precio_venta-1416)/1416 * 100,pro_ultima_compra=@@@2013.08.21@@@,pro_ultimo_proveedor=@@@88502900-0@@@ WHERE pro_codigo_plu=780721308','',2,'2013-08-21'),(55527,'UPDATE mae_productos SET pro_precio_compra_bruto=849,pro_margen_actual=(pro_precio_venta-849)/849 * 100,pro_ultima_compra=@@@2013.08.21@@@,pro_ultimo_proveedor=@@@88502900-0@@@ WHERE pro_codigo_plu=764104','',2,'2013-08-21'),(55528,'UPDATE mae_productos SET pro_precio_compra_bruto=1307,pro_margen_actual=(pro_precio_venta-1307)/1307 * 100,pro_ultima_compra=@@@2013.08.21@@@,pro_ultimo_proveedor=@@@88502900-0@@@ WHERE pro_codigo_plu=780721633','',2,'2013-08-21'),(55529,'UPDATE mae_productos SET pro_precio_compra_bruto=875,pro_margen_actual=(pro_precio_venta-875)/875 * 100,pro_ultima_compra=@@@2013.08.21@@@,pro_ultimo_proveedor=@@@76005373-2@@@ WHERE pro_codigo_plu=798080','',2,'2013-08-21'),(55530,'INSERT INTO gne_vale_ferreteria (vfe_id,vfe_fecha,vfe_total,vfe_estado,vfe_entregado,usu_nusuario) VALUES (8910,@@@2013.08.21@@@,640,1,0,@@@M_SANDOVAL@@@)','',2,'2013-08-21'),(55531,'INSERT INTO gne_vale_ferreteria_mov (vfe_id,pro_codigo_plu,vfm_cantidad,vfm_unitario,vfm_total,vfm_entregado) VALUES (8910,4092,1,50,50,@@@NO@@@)','',2,'2013-08-21'),(55532,'INSERT INTO gne_vale_ferreteria_mov (vfe_id,pro_codigo_plu,vfm_cantidad,vfm_unitario,vfm_total,vfm_entregado) VALUES (8910,780721516,1,590,590,@@@NO@@@)','',2,'2013-08-21'),(55533,'INSERT INTO gne_vale_ferreteria (vfe_id,vfe_fecha,vfe_total,vfe_estado,vfe_entregado,usu_nusuario) VALUES (8911,@@@2013.08.21@@@,390,1,0,@@@M_SANDOVAL@@@)','',2,'2013-08-21'),(55534,'INSERT INTO gne_vale_ferreteria_mov (vfe_id,pro_codigo_plu,vfm_cantidad,vfm_unitario,vfm_total,vfm_entregado) VALUES (8911,764846,1,390,390,@@@NO@@@)','',2,'2013-08-21'),(55535,'UPDATE mae_productos SET pro_precio_fiscal=pro_precio_venta WHERE pro_codigo_plu=102','',2,'2013-08-21'),(55536,'UPDATE mae_productos SET pro_precio_fiscal=pro_precio_venta WHERE pro_codigo_plu=126','',2,'2013-08-21'),(55537,'INSERT INTO gne_vale_ferreteria (vfe_id,vfe_fecha,vfe_total,vfe_estado,vfe_entregado,usu_nusuario) VALUES (8912,@@@2013.08.21@@@,180,1,0,@@@M_SANDOVAL@@@)','',2,'2013-08-21'),(55538,'INSERT INTO gne_vale_ferreteria_mov (vfe_id,pro_codigo_plu,vfm_cantidad,vfm_unitario,vfm_total,vfm_entregado) VALUES (8912,770029,6,30,180,@@@NO@@@)','',2,'2013-08-21'),(55539,'UPDATE mae_productos SET pro_margen_actual=43.6,pro_precio_venta=1350 WHERE pro_codigo_plu=207','',2,'2013-08-21'),(55540,'UPDATE mae_productos SET pro_margen_actual=54.76,pro_precio_venta=260 WHERE pro_codigo_plu=78016958','',2,'2013-08-21'),(55541,'UPDATE mae_productos SET pro_margen_actual=54.76,pro_precio_venta=260 WHERE pro_codigo_plu=78016965','',2,'2013-08-21'),(55542,'INSERT INTO gne_vale_ferreteria (vfe_id,vfe_fecha,vfe_total,vfe_estado,vfe_entregado,usu_nusuario) VALUES (8913,@@@2013.08.21@@@,290,1,0,@@@M_SANDOVAL@@@)','',2,'2013-08-21'),(55543,'INSERT INTO gne_vale_ferreteria_mov (vfe_id,pro_codigo_plu,vfm_cantidad,vfm_unitario,vfm_total,vfm_entregado) VALUES (8913,761330,1,290,290,@@@NO@@@)','',2,'2013-08-21'),(55544,'UPDATE mae_productos SET pro_precio_compra_bruto=388.78,pro_margen_actual=(pro_precio_venta-388.78)/388.78 * 100,pro_ultima_compra=@@@2013.08.21@@@,pro_ultimo_proveedor=@@@96591040-9@@@ WHERE pro_codigo_plu=12301','',2,'2013-08-21'),(55545,'UPDATE mae_productos SET pro_precio_compra_bruto=304.343,pro_margen_actual=(pro_precio_venta-304.343)/304.343 * 100,pro_ultima_compra=@@@2013.08.21@@@,pro_ultimo_proveedor=@@@96591040-9@@@ WHERE pro_codigo_plu=11956','',2,'2013-08-21'),(55546,'UPDATE mae_productos SET pro_precio_compra_bruto=304.343,pro_margen_actual=(pro_precio_venta-304.343)/304.343 * 100,pro_ultima_compra=@@@2013.08.21@@@,pro_ultimo_proveedor=@@@96591040-9@@@ WHERE pro_codigo_plu=12157','',2,'2013-08-21'),(55547,'UPDATE mae_productos SET pro_precio_compra_bruto=307.36,pro_margen_actual=(pro_precio_venta-307.36)/307.36 * 100,pro_ultima_compra=@@@2013.08.21@@@,pro_ultimo_proveedor=@@@96591040-9@@@ WHERE pro_codigo_plu=11953','',2,'2013-08-21'),(55548,'UPDATE mae_productos SET pro_precio_compra_bruto=442.7,pro_margen_actual=(pro_precio_venta-442.7)/442.7 * 100,pro_ultima_compra=@@@2013.08.21@@@,pro_ultimo_proveedor=@@@96591040-9@@@ WHERE pro_codigo_plu=11935','',2,'2013-08-21'),(55549,'UPDATE mae_productos SET pro_precio_compra_bruto=442.823,pro_margen_actual=(pro_precio_venta-442.823)/442.823 * 100,pro_ultima_compra=@@@2013.08.21@@@,pro_ultimo_proveedor=@@@96591040-9@@@ WHERE pro_codigo_plu=12156','',2,'2013-08-21'),(55550,'UPDATE mae_productos SET pro_precio_compra_bruto=78.044,pro_margen_actual=(pro_precio_venta-78.044)/78.044 * 100,pro_ultima_compra=@@@2013.08.21@@@,pro_ultimo_proveedor=@@@96591040-9@@@ WHERE pro_codigo_plu=780721069','',2,'2013-08-21'),(55551,'UPDATE mae_productos SET pro_precio_compra_bruto=125.43,pro_margen_actual=(pro_precio_venta-125.43)/125.43 * 100,pro_ultima_compra=@@@2013.08.21@@@,pro_ultimo_proveedor=@@@96591040-9@@@ WHERE pro_codigo_plu=261975','',2,'2013-08-21'),(55552,'UPDATE mae_productos SET pro_precio_compra_bruto=125.43,pro_margen_actual=(pro_precio_venta-125.43)/125.43 * 100,pro_ultima_compra=@@@2013.08.21@@@,pro_ultimo_proveedor=@@@96591040-9@@@ WHERE pro_codigo_plu=261976','',2,'2013-08-21'),(55553,'UPDATE mae_productos SET pro_precio_compra_bruto=77.18,pro_margen_actual=(pro_precio_venta-77.18)/77.18 * 100,pro_ultima_compra=@@@2013.08.21@@@,pro_ultimo_proveedor=@@@96591040-9@@@ WHERE pro_codigo_plu=780721653','',2,'2013-08-21'),(55554,'UPDATE mae_productos SET pro_precio_compra_bruto=77.18,pro_margen_actual=(pro_precio_venta-77.18)/77.18 * 100,pro_ultima_compra=@@@2013.08.21@@@,pro_ultimo_proveedor=@@@96591040-9@@@ WHERE pro_codigo_plu=780721654','',2,'2013-08-21'),(55555,'UPDATE mae_productos SET pro_precio_compra_bruto=77.18,pro_margen_actual=(pro_precio_venta-77.18)/77.18 * 100,pro_ultima_compra=@@@2013.08.21@@@,pro_ultimo_proveedor=@@@96591040-9@@@ WHERE pro_codigo_plu=18472','',2,'2013-08-21'),(55556,'UPDATE mae_productos SET pro_precio_compra_bruto=77.18,pro_margen_actual=(pro_precio_venta-77.18)/77.18 * 100,pro_ultima_compra=@@@2013.08.21@@@,pro_ultimo_proveedor=@@@96591040-9@@@ WHERE pro_codigo_plu=780721655','',2,'2013-08-21'),(55557,'UPDATE mae_productos SET pro_precio_compra_bruto=388.78,pro_margen_actual=(pro_precio_venta-388.78)/388.78 * 100,pro_ultima_compra=@@@2013.08.21@@@,pro_ultimo_proveedor=@@@96591040-9@@@ WHERE pro_codigo_plu=12299','',2,'2013-08-21'),(55558,'UPDATE mae_productos SET pro_precio_compra_bruto=388.78,pro_margen_actual=(pro_precio_venta-388.78)/388.78 * 100,pro_ultima_compra=@@@2013.08.21@@@,pro_ultimo_proveedor=@@@96591040-9@@@ WHERE pro_codigo_plu=12304','',2,'2013-08-21'),(55559,'UPDATE mae_productos SET pro_precio_compra_bruto=304.343,pro_margen_actual=(pro_precio_venta-304.343)/304.343 * 100,pro_ultima_compra=@@@2013.08.21@@@,pro_ultimo_proveedor=@@@96591040-9@@@ WHERE pro_codigo_plu=12035','',2,'2013-08-21'),(55560,'UPDATE mae_productos SET pro_precio_compra_bruto=259.998,pro_margen_actual=(pro_precio_venta-259.998)/259.998 * 100,pro_ultima_compra=@@@2013.08.21@@@,pro_ultimo_proveedor=@@@96591040-9@@@ WHERE pro_codigo_plu=12297','',2,'2013-08-21'),(55561,'UPDATE mae_productos SET pro_precio_compra_bruto=259.998,pro_margen_actual=(pro_precio_venta-259.998)/259.998 * 100,pro_ultima_compra=@@@2013.08.21@@@,pro_ultimo_proveedor=@@@96591040-9@@@ WHERE pro_codigo_plu=780220091','',2,'2013-08-21'),(55562,'UPDATE mae_productos SET pro_precio_compra_bruto=442.82,pro_margen_actual=(pro_precio_venta-442.82)/442.82 * 100,pro_ultima_compra=@@@2013.08.21@@@,pro_ultimo_proveedor=@@@96591040-9@@@ WHERE pro_codigo_plu=12259','',2,'2013-08-21'),(55563,'UPDATE mae_productos SET pro_precio_compra_bruto=442.77,pro_margen_actual=(pro_precio_venta-442.77)/442.77 * 100,pro_ultima_compra=@@@2013.08.21@@@,pro_ultimo_proveedor=@@@96591040-9@@@ WHERE pro_codigo_plu=11999','',2,'2013-08-21'),(55564,'UPDATE mae_productos SET pro_precio_compra_bruto=2338.826,pro_margen_actual=(pro_precio_venta-2338.826)/2338.826 * 100,pro_ultima_compra=@@@2013.08.21@@@,pro_ultimo_proveedor=@@@96591040-9@@@ WHERE pro_codigo_plu=764863','',2,'2013-08-21'),(55565,'UPDATE mae_productos SET pro_precio_compra_bruto=2338.826,pro_margen_actual=(pro_precio_venta-2338.826)/2338.826 * 100,pro_ultima_compra=@@@2013.08.21@@@,pro_ultimo_proveedor=@@@96591040-9@@@ WHERE pro_codigo_plu=764864','',2,'2013-08-21'),(55566,'UPDATE mae_productos SET pro_precio_compra_bruto=2338.826,pro_margen_actual=(pro_precio_venta-2338.826)/2338.826 * 100,pro_ultima_compra=@@@2013.08.21@@@,pro_ultimo_proveedor=@@@96591040-9@@@ WHERE pro_codigo_plu=762811','',2,'2013-08-21'),(55567,'UPDATE mae_productos SET pro_precio_compra_bruto=2338.826,pro_margen_actual=(pro_precio_venta-2338.826)/2338.826 * 100,pro_ultima_compra=@@@2013.08.21@@@,pro_ultimo_proveedor=@@@96591040-9@@@ WHERE pro_codigo_plu=763729','',2,'2013-08-21'),(55568,'INSERT INTO mae_productos (pro_codigo_plu,pro_codigo_barra,pro_tipo,pro_nombre_producto,pro_nombre_corto,med_id,emb_id,pro_unidades_embalaje,dep_id,lin_id,mar_id,pro_precio_compra_neto,pro_precio_compra_bruto,pro_precio_venta,pro_margen_actual,pro_oferta,pro_fecha_inicio_oferta,pro_fecha_termino_oferta,pro_precio_oferta,pro_stock_minimo,pro_stock_critico,pro_entradas_bodega,pro_salidas_bodega,pro_mermas_bodega,pro_ajustes_bodega,pro_entradas_sv,pro_salidas_sv,pro_mermas_sv,pro_ajustes_sv,pro_activo,rec_numero,pro_unidad,pro_capacidad,pro_consumo_bodega,pro_consumo_sv,pro_estado,pro_funcion_plu,pro_flejes,pro_iva,pro_plu_asociado,pro_envase,pro_duracion,pro_numero_etiqueta) VALUES (780721661,@@@4902505122606@@@,@@@0@@@,@@@LAPIZ NEGRO PILOT G-1 0.7@@@,@@@LAPIZ NEGRO PILO@@@,@@@1 @@@,@@@6 @@@,@@@12@@@,@@@2 @@@,@@@41@@@,@@@2571@@@,@@@0@@@,@@@0@@@,@@@1@@@,@@@0@@@,@@@@@@,@@@2006.09.07@@@,@@@2006.09.07@@@,@@@0@@@,@@@0@@@,@@@0@@@,@@@0@@@,@@@0@@@,@@@0@@@,@@@0@@@,@@@0@@@,@@@0@@@,@@@0@@@,@@@0@@@,@@@1@@@,@@@0@@@,0,12,0,0,2,0,1,1,0,@@@NO@@@,0,0)','',2,'2013-08-21'),(55569,'DELETE FROM mae_impuestos_productos WHERE pro_codigo_plu=@@@780721661@@@','',2,'2013-08-21'),(55570,'UPDATE mae_productos SET pro_precio_compra_bruto=519,pro_margen_actual=(pro_precio_venta-519)/519 * 100,pro_ultima_compra=@@@2013.08.21@@@,pro_ultimo_proveedor=@@@96591040-9@@@ WHERE pro_codigo_plu=11040','',2,'2013-08-21'),(55571,'UPDATE mae_productos SET pro_precio_compra_bruto=519,pro_margen_actual=(pro_precio_venta-519)/519 * 100,pro_ultima_compra=@@@2013.08.21@@@,pro_ultimo_proveedor=@@@96591040-9@@@ WHERE pro_codigo_plu=11045','',2,'2013-08-21'),(55572,'INSERT INTO mae_productos (pro_codigo_plu,pro_codigo_barra,pro_tipo,pro_nombre_producto,pro_nombre_corto,med_id,emb_id,pro_unidades_embalaje,dep_id,lin_id,mar_id,pro_precio_compra_neto,pro_precio_compra_bruto,pro_precio_venta,pro_margen_actual,pro_oferta,pro_fecha_inicio_oferta,pro_fecha_termino_oferta,pro_precio_oferta,pro_stock_minimo,pro_stock_critico,pro_entradas_bodega,pro_salidas_bodega,pro_mermas_bodega,pro_ajustes_bodega,pro_entradas_sv,pro_salidas_sv,pro_mermas_sv,pro_ajustes_sv,pro_activo,rec_numero,pro_unidad,pro_capacidad,pro_consumo_bodega,pro_consumo_sv,pro_estado,pro_funcion_plu,pro_flejes,pro_iva,pro_plu_asociado,pro_envase,pro_duracion,pro_numero_etiqueta) VALUES (780721662,@@@4902505122613@@@,@@@0@@@,@@@LAPIZ PILOT AZUL G-1 0.7@@@,@@@LAPIZ PILOT AZUL@@@,@@@1 @@@,@@@6 @@@,@@@12@@@,@@@2 @@@,@@@41@@@,@@@2571@@@,@@@0@@@,@@@0@@@,@@@1@@@,@@@0@@@,@@@@@@,@@@2006.09.07@@@,@@@2006.09.07@@@,@@@0@@@,@@@0@@@,@@@0@@@,@@@0@@@,@@@0@@@,@@@0@@@,@@@0@@@,@@@0@@@,@@@0@@@,@@@0@@@,@@@0@@@,@@@1@@@,@@@0@@@,0,0,0,0,2,0,1,1,0,@@@NO@@@,0,0)','',2,'2013-08-21'),(55573,'DELETE FROM mae_impuestos_productos WHERE pro_codigo_plu=@@@780721662@@@','',2,'2013-08-21'),(55574,'INSERT INTO mae_productos (pro_codigo_plu,pro_codigo_barra,pro_tipo,pro_nombre_producto,pro_nombre_corto,med_id,emb_id,pro_unidades_embalaje,dep_id,lin_id,mar_id,pro_precio_compra_neto,pro_precio_compra_bruto,pro_precio_venta,pro_margen_actual,pro_oferta,pro_fecha_inicio_oferta,pro_fecha_termino_oferta,pro_precio_oferta,pro_stock_minimo,pro_stock_critico,pro_entradas_bodega,pro_salidas_bodega,pro_mermas_bodega,pro_ajustes_bodega,pro_entradas_sv,pro_salidas_sv,pro_mermas_sv,pro_ajustes_sv,pro_activo,rec_numero,pro_unidad,pro_capacidad,pro_consumo_bodega,pro_consumo_sv,pro_estado,pro_funcion_plu,pro_flejes,pro_iva,pro_plu_asociado,pro_envase,pro_duracion,pro_numero_etiqueta) VALUES (780721663,@@@7703486035674@@@,@@@0@@@,@@@LAPIZ INKJOY AZUL@@@,@@@LAPIZ INKJOY AZU@@@,@@@1 @@@,@@@6 @@@,@@@12@@@,@@@2 @@@,@@@41@@@,@@@2686@@@,@@@0@@@,@@@0@@@,@@@1@@@,@@@0@@@,@@@@@@,@@@2006.09.07@@@,@@@2006.09.07@@@,@@@0@@@,@@@0@@@,@@@0@@@,@@@0@@@,@@@0@@@,@@@0@@@,@@@0@@@,@@@0@@@,@@@0@@@,@@@0@@@,@@@0@@@,@@@1@@@,@@@0@@@,0,0,0,0,2,0,1,1,0,@@@NO@@@,0,0)','',2,'2013-08-21'),(55575,'DELETE FROM mae_impuestos_productos WHERE pro_codigo_plu=@@@780721663@@@','',2,'2013-08-21'),(55576,'INSERT INTO mae_productos (pro_codigo_plu,pro_codigo_barra,pro_tipo,pro_nombre_producto,pro_nombre_corto,med_id,emb_id,pro_unidades_embalaje,dep_id,lin_id,mar_id,pro_precio_compra_neto,pro_precio_compra_bruto,pro_precio_venta,pro_margen_actual,pro_oferta,pro_fecha_inicio_oferta,pro_fecha_termino_oferta,pro_precio_oferta,pro_stock_minimo,pro_stock_critico,pro_entradas_bodega,pro_salidas_bodega,pro_mermas_bodega,pro_ajustes_bodega,pro_entradas_sv,pro_salidas_sv,pro_mermas_sv,pro_ajustes_sv,pro_activo,rec_numero,pro_unidad,pro_capacidad,pro_consumo_bodega,pro_consumo_sv,pro_estado,pro_funcion_plu,pro_flejes,pro_iva,pro_plu_asociado,pro_envase,pro_duracion,pro_numero_etiqueta) VALUES (780721664,@@@7808718510810@@@,@@@0@@@,@@@LAPIZ PAPER MATE COLORES@@@,@@@LAPIZ PAPER MATE@@@,@@@1 @@@,@@@6 @@@,@@@12@@@,@@@2 @@@,@@@41@@@,@@@1949@@@,@@@0@@@,@@@0@@@,@@@1@@@,@@@0@@@,@@@@@@,@@@2006.09.07@@@,@@@2006.09.07@@@,@@@0@@@,@@@0@@@,@@@0@@@,@@@0@@@,@@@0@@@,@@@0@@@,@@@0@@@,@@@0@@@,@@@0@@@,@@@0@@@,@@@0@@@,@@@1@@@,@@@0@@@,0,0,0,0,2,0,1,1,0,@@@NO@@@,0,0)','',2,'2013-08-21'),(55577,'DELETE FROM mae_impuestos_productos WHERE pro_codigo_plu=@@@780721664@@@','',2,'2013-08-21'),(55578,'INSERT INTO mae_productos (pro_codigo_plu,pro_codigo_barra,pro_tipo,pro_nombre_producto,pro_nombre_corto,med_id,emb_id,pro_unidades_embalaje,dep_id,lin_id,mar_id,pro_precio_compra_neto,pro_precio_compra_bruto,pro_precio_venta,pro_margen_actual,pro_oferta,pro_fecha_inicio_oferta,pro_fecha_termino_oferta,pro_precio_oferta,pro_stock_minimo,pro_stock_critico,pro_entradas_bodega,pro_salidas_bodega,pro_mermas_bodega,pro_ajustes_bodega,pro_entradas_sv,pro_salidas_sv,pro_mermas_sv,pro_ajustes_sv,pro_activo,rec_numero,pro_unidad,pro_capacidad,pro_consumo_bodega,pro_consumo_sv,pro_estado,pro_funcion_plu,pro_flejes,pro_iva,pro_plu_asociado,pro_envase,pro_duracion,pro_numero_etiqueta) VALUES (780721665,@@@3154148340102@@@,@@@0@@@,@@@LAPICES COLORES YUMBO MAPED@@@,@@@LAPICES COLORES @@@,@@@1 @@@,@@@6 @@@,@@@12@@@,@@@2 @@@,@@@41@@@,@@@2580@@@,@@@0@@@,@@@0@@@,@@@1@@@,@@@0@@@,@@@@@@,@@@2006.09.07@@@,@@@2006.09.07@@@,@@@0@@@,@@@0@@@,@@@0@@@,@@@0@@@,@@@0@@@,@@@0@@@,@@@0@@@,@@@0@@@,@@@0@@@,@@@0@@@,@@@0@@@,@@@1@@@,@@@0@@@,0,0,0,0,2,0,1,1,0,@@@NO@@@,0,0)','',2,'2013-08-21'),(55579,'DELETE FROM mae_impuestos_productos WHERE pro_codigo_plu=@@@780721665@@@','',2,'2013-08-21'),(55580,'INSERT INTO gne_vale_ferreteria (vfe_id,vfe_fecha,vfe_total,vfe_estado,vfe_entregado,usu_nusuario) VALUES (8914,@@@2013.08.21@@@,880,1,0,@@@M_SANDOVAL@@@)','',2,'2013-08-21'),(55581,'INSERT INTO gne_vale_ferreteria_mov (vfe_id,pro_codigo_plu,vfm_cantidad,vfm_unitario,vfm_total,vfm_entregado) VALUES (8914,763594,1,880,880,@@@NO@@@)','',2,'2013-08-21'),(55582,'INSERT INTO gne_vale_ferreteria (vfe_id,vfe_fecha,vfe_total,vfe_estado,vfe_entregado,usu_nusuario) VALUES (8915,@@@2013.08.21@@@,2100,1,0,@@@M_SANDOVAL@@@)','',2,'2013-08-21'),(55583,'INSERT INTO gne_vale_ferreteria_mov (vfe_id,pro_codigo_plu,vfm_cantidad,vfm_unitario,vfm_total,vfm_entregado) VALUES (8915,18678,1,2100,2100,@@@NO@@@)','',2,'2013-08-21'),(55584,'INSERT INTO gne_vale_ferreteria (vfe_id,vfe_fecha,vfe_total,vfe_estado,vfe_entregado,usu_nusuario) VALUES (8916,@@@2013.08.21@@@,620,1,0,@@@M_SANDOVAL@@@)','',2,'2013-08-21'),(55585,'INSERT INTO gne_vale_ferreteria_mov (vfe_id,pro_codigo_plu,vfm_cantidad,vfm_unitario,vfm_total,vfm_entregado) VALUES (8916,780220180,1,620,620,@@@NO@@@)','',2,'2013-08-21'),(55586,'INSERT INTO mae_productos (pro_codigo_plu,pro_codigo_barra,pro_tipo,pro_nombre_producto,pro_nombre_corto,med_id,emb_id,pro_unidades_embalaje,dep_id,lin_id,mar_id,pro_precio_compra_neto,pro_precio_compra_bruto,pro_precio_venta,pro_margen_actual,pro_oferta,pro_fecha_inicio_oferta,pro_fecha_termino_oferta,pro_precio_oferta,pro_stock_minimo,pro_stock_critico,pro_entradas_bodega,pro_salidas_bodega,pro_mermas_bodega,pro_ajustes_bodega,pro_entradas_sv,pro_salidas_sv,pro_mermas_sv,pro_ajustes_sv,pro_activo,rec_numero,pro_unidad,pro_capacidad,pro_consumo_bodega,pro_consumo_sv,pro_estado,pro_funcion_plu,pro_flejes,pro_iva,pro_plu_asociado,pro_envase,pro_duracion,pro_numero_etiqueta) VALUES (780721666,@@@7807265980756@@@,@@@0@@@,@@@LAPICES DE COLORES ISOFIT@@@,@@@LAPICES DE COLOR@@@,@@@1 @@@,@@@6 @@@,@@@12@@@,@@@2 @@@,@@@41@@@,@@@1253@@@,@@@0@@@,@@@0@@@,@@@1@@@,@@@0@@@,@@@@@@,@@@2006.09.07@@@,@@@2006.09.07@@@,@@@0@@@,@@@0@@@,@@@0@@@,@@@0@@@,@@@0@@@,@@@0@@@,@@@0@@@,@@@0@@@,@@@0@@@,@@@0@@@,@@@0@@@,@@@1@@@,@@@0@@@,0,0,0,0,2,0,1,1,0,@@@NO@@@,0,0)','',2,'2013-08-21'),(55587,'DELETE FROM mae_impuestos_productos WHERE pro_codigo_plu=@@@780721666@@@','',2,'2013-08-21'),(55588,'INSERT INTO mae_productos (pro_codigo_plu,pro_codigo_barra,pro_tipo,pro_nombre_producto,pro_nombre_corto,med_id,emb_id,pro_unidades_embalaje,dep_id,lin_id,mar_id,pro_precio_compra_neto,pro_precio_compra_bruto,pro_precio_venta,pro_margen_actual,pro_oferta,pro_fecha_inicio_oferta,pro_fecha_termino_oferta,pro_precio_oferta,pro_stock_minimo,pro_stock_critico,pro_entradas_bodega,pro_salidas_bodega,pro_mermas_bodega,pro_ajustes_bodega,pro_entradas_sv,pro_salidas_sv,pro_mermas_sv,pro_ajustes_sv,pro_activo,rec_numero,pro_unidad,pro_capacidad,pro_consumo_bodega,pro_consumo_sv,pro_estado,pro_funcion_plu,pro_flejes,pro_iva,pro_plu_asociado,pro_envase,pro_duracion,pro_numero_etiqueta) VALUES (780721667,@@@7807210640032@@@,@@@0@@@,@@@COLA FRIA ARTEL 40 GR@@@,@@@COLA FRIA ARTEL @@@,@@@5 @@@,@@@6 @@@,@@@5@@@,@@@2 @@@,@@@41@@@,@@@2407@@@,@@@0@@@,@@@0@@@,@@@1@@@,@@@0@@@,@@@@@@,@@@2006.09.07@@@,@@@2006.09.07@@@,@@@0@@@,@@@0@@@,@@@0@@@,@@@0@@@,@@@0@@@,@@@0@@@,@@@0@@@,@@@0@@@,@@@0@@@,@@@0@@@,@@@0@@@,@@@1@@@,@@@0@@@,0,40,0,0,2,0,1,1,0,@@@NO@@@,0,0)','',2,'2013-08-21'),(55589,'DELETE FROM mae_impuestos_productos WHERE pro_codigo_plu=@@@780721667@@@','',2,'2013-08-21'),(55590,'INSERT INTO mae_productos (pro_codigo_plu,pro_codigo_barra,pro_tipo,pro_nombre_producto,pro_nombre_corto,med_id,emb_id,pro_unidades_embalaje,dep_id,lin_id,mar_id,pro_precio_compra_neto,pro_precio_compra_bruto,pro_precio_venta,pro_margen_actual,pro_oferta,pro_fecha_inicio_oferta,pro_fecha_termino_oferta,pro_precio_oferta,pro_stock_minimo,pro_stock_critico,pro_entradas_bodega,pro_salidas_bodega,pro_mermas_bodega,pro_ajustes_bodega,pro_entradas_sv,pro_salidas_sv,pro_mermas_sv,pro_ajustes_sv,pro_activo,rec_numero,pro_unidad,pro_capacidad,pro_consumo_bodega,pro_consumo_sv,pro_estado,pro_funcion_plu,pro_flejes,pro_iva,pro_plu_asociado,pro_envase,pro_duracion,pro_numero_etiqueta) VALUES (780721668,@@@3100004016278@@@,@@@0@@@,@@@MINAS 0.2 LAVORO@@@,@@@MINAS 0.2 LAVORO@@@,@@@1 @@@,@@@6 @@@,@@@12@@@,@@@2 @@@,@@@41@@@,@@@2687@@@,@@@0@@@,@@@0@@@,@@@1@@@,@@@0@@@,@@@@@@,@@@2006.09.07@@@,@@@2006.09.07@@@,@@@0@@@,@@@0@@@,@@@0@@@,@@@0@@@,@@@0@@@,@@@0@@@,@@@0@@@,@@@0@@@,@@@0@@@,@@@0@@@,@@@0@@@,@@@1@@@,@@@0@@@,0,0,0,0,2,0,1,1,0,@@@NO@@@,0,0)','',2,'2013-08-21'),(55591,'DELETE FROM mae_impuestos_productos WHERE pro_codigo_plu=@@@780721668@@@','',2,'2013-08-21'),(55592,'INSERT INTO mae_productos (pro_codigo_plu,pro_codigo_barra,pro_tipo,pro_nombre_producto,pro_nombre_corto,med_id,emb_id,pro_unidades_embalaje,dep_id,lin_id,mar_id,pro_precio_compra_neto,pro_precio_compra_bruto,pro_precio_venta,pro_margen_actual,pro_oferta,pro_fecha_inicio_oferta,pro_fecha_termino_oferta,pro_precio_oferta,pro_stock_minimo,pro_stock_critico,pro_entradas_bodega,pro_salidas_bodega,pro_mermas_bodega,pro_ajustes_bodega,pro_entradas_sv,pro_salidas_sv,pro_mermas_sv,pro_ajustes_sv,pro_activo,rec_numero,pro_unidad,pro_capacidad,pro_consumo_bodega,pro_consumo_sv,pro_estado,pro_funcion_plu,pro_flejes,pro_iva,pro_plu_asociado,pro_envase,pro_duracion,pro_numero_etiqueta) VALUES (780721669,@@@3474377922192@@@,@@@0@@@,@@@PORTAMINA FIESTA 0.7 AZUL@@@,@@@PORTAMINA FIESTA@@@,@@@1 @@@,@@@6 @@@,@@@12@@@,@@@2 @@@,@@@41@@@,@@@1906@@@,@@@0@@@,@@@0@@@,@@@1@@@,@@@0@@@,@@@@@@,@@@2006.09.07@@@,@@@2006.09.07@@@,@@@0@@@,@@@0@@@,@@@0@@@,@@@0@@@,@@@0@@@,@@@0@@@,@@@0@@@,@@@0@@@,@@@0@@@,@@@0@@@,@@@0@@@,@@@1@@@,@@@0@@@,0,0,0,0,2,0,1,1,0,@@@NO@@@,0,0)','',2,'2013-08-21'),(55593,'DELETE FROM mae_impuestos_productos WHERE pro_codigo_plu=@@@780721669@@@','',2,'2013-08-21'),(55594,'INSERT INTO mae_productos (pro_codigo_plu,pro_codigo_barra,pro_tipo,pro_nombre_producto,pro_nombre_corto,med_id,emb_id,pro_unidades_embalaje,dep_id,lin_id,mar_id,pro_precio_compra_neto,pro_precio_compra_bruto,pro_precio_venta,pro_margen_actual,pro_oferta,pro_fecha_inicio_oferta,pro_fecha_termino_oferta,pro_precio_oferta,pro_stock_minimo,pro_stock_critico,pro_entradas_bodega,pro_salidas_bodega,pro_mermas_bodega,pro_ajustes_bodega,pro_entradas_sv,pro_salidas_sv,pro_mermas_sv,pro_ajustes_sv,pro_activo,rec_numero,pro_unidad,pro_capacidad,pro_consumo_bodega,pro_consumo_sv,pro_estado,pro_funcion_plu,pro_flejes,pro_iva,pro_plu_asociado,pro_envase,pro_duracion,pro_numero_etiqueta) VALUES (780721670,@@@3474377922161@@@,@@@0@@@,@@@PORTAMINA 0.7 FIESTA VERDE@@@,@@@PORTAMINA 0.7 FI@@@,@@@1 @@@,@@@6 @@@,@@@12@@@,@@@2 @@@,@@@41@@@,@@@1906@@@,@@@0@@@,@@@0@@@,@@@1@@@,@@@0@@@,@@@@@@,@@@2006.09.07@@@,@@@2006.09.07@@@,@@@0@@@,@@@0@@@,@@@0@@@,@@@0@@@,@@@0@@@,@@@0@@@,@@@0@@@,@@@0@@@,@@@0@@@,@@@0@@@,@@@0@@@,@@@1@@@,@@@0@@@,0,0,0,0,2,0,1,1,0,@@@NO@@@,0,0)','',2,'2013-08-21'),(55595,'DELETE FROM mae_impuestos_productos WHERE pro_codigo_plu=@@@780721670@@@','',2,'2013-08-21'),(55596,'INSERT INTO mae_productos (pro_codigo_plu,pro_codigo_barra,pro_tipo,pro_nombre_producto,pro_nombre_corto,med_id,emb_id,pro_unidades_embalaje,dep_id,lin_id,mar_id,pro_precio_compra_neto,pro_precio_compra_bruto,pro_precio_venta,pro_margen_actual,pro_oferta,pro_fecha_inicio_oferta,pro_fecha_termino_oferta,pro_precio_oferta,pro_stock_minimo,pro_stock_critico,pro_entradas_bodega,pro_salidas_bodega,pro_mermas_bodega,pro_ajustes_bodega,pro_entradas_sv,pro_salidas_sv,pro_mermas_sv,pro_ajustes_sv,pro_activo,rec_numero,pro_unidad,pro_capacidad,pro_consumo_bodega,pro_consumo_sv,pro_estado,pro_funcion_plu,pro_flejes,pro_iva,pro_plu_asociado,pro_envase,pro_duracion,pro_numero_etiqueta) VALUES (780721671,@@@7802900401399@@@,@@@0@@@,@@@MANJARATE TOFFEE 125 G@@@,@@@MANJARATE TOFFEE@@@,@@@5 @@@,@@@3 @@@,@@@4@@@,@@@3 @@@,@@@50@@@,@@@1993@@@,@@@0@@@,@@@336@@@,@@@450@@@,@@@33.93@@@,@@@@@@,@@@2006.09.07@@@,@@@2006.09.07@@@,@@@0@@@,@@@3@@@,@@@2@@@,@@@0@@@,@@@0@@@,@@@0@@@,@@@0@@@,@@@0@@@,@@@0@@@,@@@0@@@,@@@0@@@,@@@1@@@,@@@0@@@,0,125,0,0,2,0,1,1,0,@@@NO@@@,0,0)','',2,'2013-08-21'),(55597,'DELETE FROM mae_impuestos_productos WHERE pro_codigo_plu=@@@780721671@@@','',2,'2013-08-21'),(55598,'INSERT INTO mae_productos (pro_codigo_plu,pro_codigo_barra,pro_tipo,pro_nombre_producto,pro_nombre_corto,med_id,emb_id,pro_unidades_embalaje,dep_id,lin_id,mar_id,pro_precio_compra_neto,pro_precio_compra_bruto,pro_precio_venta,pro_margen_actual,pro_oferta,pro_fecha_inicio_oferta,pro_fecha_termino_oferta,pro_precio_oferta,pro_stock_minimo,pro_stock_critico,pro_entradas_bodega,pro_salidas_bodega,pro_mermas_bodega,pro_ajustes_bodega,pro_entradas_sv,pro_salidas_sv,pro_mermas_sv,pro_ajustes_sv,pro_activo,rec_numero,pro_unidad,pro_capacidad,pro_consumo_bodega,pro_consumo_sv,pro_estado,pro_funcion_plu,pro_flejes,pro_iva,pro_plu_asociado,pro_envase,pro_duracion,pro_numero_etiqueta) VALUES (780721672,@@@9002592760028@@@,@@@0@@@,@@@LAPIZ CRETACOLOR NEGRO@@@,@@@LAPIZ CRETACOLOR@@@,@@@1 @@@,@@@6 @@@,@@@12@@@,@@@2 @@@,@@@41@@@,@@@2688@@@,@@@0@@@,@@@0@@@,@@@1@@@,@@@0@@@,@@@@@@,@@@2006.09.07@@@,@@@2006.09.07@@@,@@@0@@@,@@@0@@@,@@@0@@@,@@@0@@@,@@@0@@@,@@@0@@@,@@@0@@@,@@@0@@@,@@@0@@@,@@@0@@@,@@@0@@@,@@@1@@@,@@@0@@@,0,0,0,0,2,0,1,1,0,@@@NO@@@,0,0)','',2,'2013-08-21'),(55599,'DELETE FROM mae_impuestos_productos WHERE pro_codigo_plu=@@@780721672@@@','',2,'2013-08-21'),(55600,'INSERT INTO gne_vale_ferreteria (vfe_id,vfe_fecha,vfe_total,vfe_estado,vfe_entregado,usu_nusuario) VALUES (8917,@@@2013.08.21@@@,1492699840,1,0,@@@M_SANDOVAL@@@)','',2,'2013-08-21'),(55601,'INSERT INTO gne_vale_ferreteria_mov (vfe_id,pro_codigo_plu,vfm_cantidad,vfm_unitario,vfm_total,vfm_entregado) VALUES (8917,102414,750100,1990,1492699000,@@@NO@@@)','',2,'2013-08-21'),(55602,'INSERT INTO gne_vale_ferreteria_mov (vfe_id,pro_codigo_plu,vfm_cantidad,vfm_unitario,vfm_total,vfm_entregado) VALUES (8917,19916,1,540,540,@@@NO@@@)','',2,'2013-08-21'),(55603,'INSERT INTO gne_vale_ferreteria_mov (vfe_id,pro_codigo_plu,vfm_cantidad,vfm_unitario,vfm_total,vfm_entregado) VALUES (8917,102110,1,300,300,@@@NO@@@)','',2,'2013-08-21'),(55604,'INSERT INTO mae_productos (pro_codigo_plu,pro_codigo_barra,pro_tipo,pro_nombre_producto,pro_nombre_corto,med_id,emb_id,pro_unidades_embalaje,dep_id,lin_id,mar_id,pro_precio_compra_neto,pro_precio_compra_bruto,pro_precio_venta,pro_margen_actual,pro_oferta,pro_fecha_inicio_oferta,pro_fecha_termino_oferta,pro_precio_oferta,pro_stock_minimo,pro_stock_critico,pro_entradas_bodega,pro_salidas_bodega,pro_mermas_bodega,pro_ajustes_bodega,pro_entradas_sv,pro_salidas_sv,pro_mermas_sv,pro_ajustes_sv,pro_activo,rec_numero,pro_unidad,pro_capacidad,pro_consumo_bodega,pro_consumo_sv,pro_estado,pro_funcion_plu,pro_flejes,pro_iva,pro_plu_asociado,pro_envase,pro_duracion,pro_numero_etiqueta) VALUES (413,@@@413@@@,@@@0@@@,@@@QUESO QUILQUE LAMINADO SOPROLE @@@,@@@QUESO QUILQUE LA@@@,@@@2 @@@,@@@4 @@@,@@@3@@@,@@@13 @@@,@@@81@@@,@@@1993@@@,@@@0@@@,@@@4034@@@,@@@6100@@@,@@@51.21@@@,@@@@@@,@@@2006.09.07@@@,@@@2006.09.07@@@,@@@0@@@,@@@3@@@,@@@2@@@,@@@0@@@,@@@0@@@,@@@0@@@,@@@0@@@,@@@0@@@,@@@0@@@,@@@0@@@,@@@0@@@,@@@1@@@,@@@0@@@,1,1,0,0,2,1,1,1,0,@@@NO@@@,0,1)','',2,'2013-08-21'),(55605,'DELETE FROM mae_impuestos_productos WHERE pro_codigo_plu=@@@413@@@','',2,'2013-08-21'),(55606,'INSERT INTO mae_productos (pro_codigo_plu,pro_codigo_barra,pro_tipo,pro_nombre_producto,pro_nombre_corto,med_id,emb_id,pro_unidades_embalaje,dep_id,lin_id,mar_id,pro_precio_compra_neto,pro_precio_compra_bruto,pro_precio_venta,pro_margen_actual,pro_oferta,pro_fecha_inicio_oferta,pro_fecha_termino_oferta,pro_precio_oferta,pro_stock_minimo,pro_stock_critico,pro_entradas_bodega,pro_salidas_bodega,pro_mermas_bodega,pro_ajustes_bodega,pro_entradas_sv,pro_salidas_sv,pro_mermas_sv,pro_ajustes_sv,pro_activo,rec_numero,pro_unidad,pro_capacidad,pro_consumo_bodega,pro_consumo_sv,pro_estado,pro_funcion_plu,pro_flejes,pro_iva,pro_plu_asociado,pro_envase,pro_duracion,pro_numero_etiqueta) VALUES (780721673,@@@7807210008320@@@,@@@0@@@,@@@TEMPERA ARTEL 100 ML@@@,@@@TEMPERA ARTEL 10@@@,@@@1 @@@,@@@6 @@@,@@@3@@@,@@@2 @@@,@@@41@@@,@@@2407@@@,@@@0@@@,@@@0@@@,@@@1@@@,@@@0@@@,@@@@@@,@@@2006.09.07@@@,@@@2006.09.07@@@,@@@0@@@,@@@0@@@,@@@0@@@,@@@0@@@,@@@0@@@,@@@0@@@,@@@0@@@,@@@0@@@,@@@0@@@,@@@0@@@,@@@0@@@,@@@1@@@,@@@0@@@,0,0,0,0,2,0,1,1,0,@@@NO@@@,0,0)','',2,'2013-08-21'),(55607,'DELETE FROM mae_impuestos_productos WHERE pro_codigo_plu=@@@780721673@@@','',2,'2013-08-21'),(55608,'INSERT INTO mae_productos (pro_codigo_plu,pro_codigo_barra,pro_tipo,pro_nombre_producto,pro_nombre_corto,med_id,emb_id,pro_unidades_embalaje,dep_id,lin_id,mar_id,pro_precio_compra_neto,pro_precio_compra_bruto,pro_precio_venta,pro_margen_actual,pro_oferta,pro_fecha_inicio_oferta,pro_fecha_termino_oferta,pro_precio_oferta,pro_stock_minimo,pro_stock_critico,pro_entradas_bodega,pro_salidas_bodega,pro_mermas_bodega,pro_ajustes_bodega,pro_entradas_sv,pro_salidas_sv,pro_mermas_sv,pro_ajustes_sv,pro_activo,rec_numero,pro_unidad,pro_capacidad,pro_consumo_bodega,pro_consumo_sv,pro_estado,pro_funcion_plu,pro_flejes,pro_iva,pro_plu_asociado,pro_envase,pro_duracion,pro_numero_etiqueta) VALUES (780721674,@@@7807210008283@@@,@@@0@@@,@@@TEMPERA AMARILLA ARTEL 100 ML@@@,@@@TEMPERA AMARILLA@@@,@@@1 @@@,@@@6 @@@,@@@3@@@,@@@2 @@@,@@@41@@@,@@@2407@@@,@@@0@@@,@@@0@@@,@@@1@@@,@@@0@@@,@@@@@@,@@@2006.09.07@@@,@@@2006.09.07@@@,@@@0@@@,@@@0@@@,@@@0@@@,@@@0@@@,@@@0@@@,@@@0@@@,@@@0@@@,@@@0@@@,@@@0@@@,@@@0@@@,@@@0@@@,@@@1@@@,@@@0@@@,0,0,0,0,2,0,1,1,0,@@@NO@@@,0,0)','',2,'2013-08-21'),(55609,'DELETE FROM mae_impuestos_productos WHERE pro_codigo_plu=@@@780721674@@@','',2,'2013-08-21'),(55610,'INSERT INTO gne_vale_ferreteria (vfe_id,vfe_fecha,vfe_total,vfe_estado,vfe_entregado,usu_nusuario) VALUES (8918,@@@2013.08.21@@@,350,1,0,@@@M_SANDOVAL@@@)','',2,'2013-08-21'),(55611,'INSERT INTO gne_vale_ferreteria_mov (vfe_id,pro_codigo_plu,vfm_cantidad,vfm_unitario,vfm_total,vfm_entregado) VALUES (8918,102408,1,350,350,@@@NO@@@)','',2,'2013-08-21'),(55612,'INSERT INTO gne_vale_ferreteria (vfe_id,vfe_fecha,vfe_total,vfe_estado,vfe_entregado,usu_nusuario) VALUES (8919,@@@2013.08.21@@@,1890,1,0,@@@M_SANDOVAL@@@)','',2,'2013-08-21'),(55613,'INSERT INTO gne_vale_ferreteria_mov (vfe_id,pro_codigo_plu,vfm_cantidad,vfm_unitario,vfm_total,vfm_entregado) VALUES (8919,101852,1,1890,1890,@@@NO@@@)','',2,'2013-08-21'),(55614,'INSERT INTO mae_productos (pro_codigo_plu,pro_codigo_barra,pro_tipo,pro_nombre_producto,pro_nombre_corto,med_id,emb_id,pro_unidades_embalaje,dep_id,lin_id,mar_id,pro_precio_compra_neto,pro_precio_compra_bruto,pro_precio_venta,pro_margen_actual,pro_oferta,pro_fecha_inicio_oferta,pro_fecha_termino_oferta,pro_precio_oferta,pro_stock_minimo,pro_stock_critico,pro_entradas_bodega,pro_salidas_bodega,pro_mermas_bodega,pro_ajustes_bodega,pro_entradas_sv,pro_salidas_sv,pro_mermas_sv,pro_ajustes_sv,pro_activo,rec_numero,pro_unidad,pro_capacidad,pro_consumo_bodega,pro_consumo_sv,pro_estado,pro_funcion_plu,pro_flejes,pro_iva,pro_plu_asociado,pro_envase,pro_duracion,pro_numero_etiqueta) VALUES (780721675,@@@7807210008290@@@,@@@0@@@,@@@TEMPERA NARANJA ARTEL 100 ML@@@,@@@TEMPERA NARANJA @@@,@@@1 @@@,@@@6 @@@,@@@3@@@,@@@2 @@@,@@@41@@@,@@@2407@@@,@@@0@@@,@@@0@@@,@@@1@@@,@@@0@@@,@@@@@@,@@@2006.09.07@@@,@@@2006.09.07@@@,@@@0@@@,@@@0@@@,@@@0@@@,@@@0@@@,@@@0@@@,@@@0@@@,@@@0@@@,@@@0@@@,@@@0@@@,@@@0@@@,@@@0@@@,@@@1@@@,@@@0@@@,0,0,0,0,2,0,1,1,0,@@@NO@@@,0,0)','',2,'2013-08-21'),(55615,'DELETE FROM mae_impuestos_productos WHERE pro_codigo_plu=@@@780721675@@@','',2,'2013-08-21'),(55616,'INSERT INTO mae_productos (pro_codigo_plu,pro_codigo_barra,pro_tipo,pro_nombre_producto,pro_nombre_corto,med_id,emb_id,pro_unidades_embalaje,dep_id,lin_id,mar_id,pro_precio_compra_neto,pro_precio_compra_bruto,pro_precio_venta,pro_margen_actual,pro_oferta,pro_fecha_inicio_oferta,pro_fecha_termino_oferta,pro_precio_oferta,pro_stock_minimo,pro_stock_critico,pro_entradas_bodega,pro_salidas_bodega,pro_mermas_bodega,pro_ajustes_bodega,pro_entradas_sv,pro_salidas_sv,pro_mermas_sv,pro_ajustes_sv,pro_activo,rec_numero,pro_unidad,pro_capacidad,pro_consumo_bodega,pro_consumo_sv,pro_estado,pro_funcion_plu,pro_flejes,pro_iva,pro_plu_asociado,pro_envase,pro_duracion,pro_numero_etiqueta) VALUES (780721676,@@@7807210008177@@@,@@@0@@@,@@@TEMPERA AZUL ARTEL 100 ML@@@,@@@TEMPERA AZUL ART@@@,@@@1 @@@,@@@6 @@@,@@@3@@@,@@@2 @@@,@@@41@@@,@@@2407@@@,@@@0@@@,@@@0@@@,@@@1@@@,@@@0@@@,@@@@@@,@@@2006.09.07@@@,@@@2006.09.07@@@,@@@0@@@,@@@0@@@,@@@0@@@,@@@0@@@,@@@0@@@,@@@0@@@,@@@0@@@,@@@0@@@,@@@0@@@,@@@0@@@,@@@0@@@,@@@1@@@,@@@0@@@,0,0,0,0,2,0,1,1,0,@@@NO@@@,0,0)','',2,'2013-08-21'),(55617,'DELETE FROM mae_impuestos_productos WHERE pro_codigo_plu=@@@780721676@@@','',2,'2013-08-21'),(55618,'INSERT INTO gne_vale_ferreteria (vfe_id,vfe_fecha,vfe_total,vfe_estado,vfe_entregado,usu_nusuario) VALUES (8920,@@@2013.08.21@@@,200,1,0,@@@M_SANDOVAL@@@)','',2,'2013-08-21'),(55619,'INSERT INTO gne_vale_ferreteria_mov (vfe_id,pro_codigo_plu,vfm_cantidad,vfm_unitario,vfm_total,vfm_entregado) VALUES (8920,1542,2,100,200,@@@NO@@@)','',2,'2013-08-21'),(55620,'INSERT INTO gne_vale_ferreteria (vfe_id,vfe_fecha,vfe_total,vfe_estado,vfe_entregado,usu_nusuario) VALUES (8921,@@@2013.08.21@@@,580,1,0,@@@M_SANDOVAL@@@)','',2,'2013-08-21'),(55621,'INSERT INTO gne_vale_ferreteria_mov (vfe_id,pro_codigo_plu,vfm_cantidad,vfm_unitario,vfm_total,vfm_entregado) VALUES (8921,1559,2,290,580,@@@NO@@@)','',2,'2013-08-21'),(55622,'INSERT INTO mae_productos (pro_codigo_plu,pro_codigo_barra,pro_tipo,pro_nombre_producto,pro_nombre_corto,med_id,emb_id,pro_unidades_embalaje,dep_id,lin_id,mar_id,pro_precio_compra_neto,pro_precio_compra_bruto,pro_precio_venta,pro_margen_actual,pro_oferta,pro_fecha_inicio_oferta,pro_fecha_termino_oferta,pro_precio_oferta,pro_stock_minimo,pro_stock_critico,pro_entradas_bodega,pro_salidas_bodega,pro_mermas_bodega,pro_ajustes_bodega,pro_entradas_sv,pro_salidas_sv,pro_mermas_sv,pro_ajustes_sv,pro_activo,rec_numero,pro_unidad,pro_capacidad,pro_consumo_bodega,pro_consumo_sv,pro_estado,pro_funcion_plu,pro_flejes,pro_iva,pro_plu_asociado,pro_envase,pro_duracion,pro_numero_etiqueta) VALUES (780721677,@@@3154145347555@@@,@@@0@@@,@@@SACAPUNTA SHAKER@@@,@@@SACAPUNTA SHAKER@@@,@@@1 @@@,@@@6 @@@,@@@9@@@,@@@2 @@@,@@@41@@@,@@@2580@@@,@@@0@@@,@@@0@@@,@@@1@@@,@@@0@@@,@@@@@@,@@@2006.09.07@@@,@@@2006.09.07@@@,@@@0@@@,@@@0@@@,@@@0@@@,@@@0@@@,@@@0@@@,@@@0@@@,@@@0@@@,@@@0@@@,@@@0@@@,@@@0@@@,@@@0@@@,@@@1@@@,@@@0@@@,0,0,0,0,2,0,1,1,0,@@@NO@@@,0,0)','',2,'2013-08-21'),(55623,'DELETE FROM mae_impuestos_productos WHERE pro_codigo_plu=@@@780721677@@@','',2,'2013-08-21'),(55624,'INSERT INTO gne_vale_ferreteria (vfe_id,vfe_fecha,vfe_total,vfe_estado,vfe_entregado,usu_nusuario) VALUES (8922,@@@2013.08.21@@@,2680,1,0,@@@M_SANDOVAL@@@)','',2,'2013-08-21'),(55625,'INSERT INTO gne_vale_ferreteria_mov (vfe_id,pro_codigo_plu,vfm_cantidad,vfm_unitario,vfm_total,vfm_entregado) VALUES (8922,762757,1,1190,1190,@@@NO@@@)','',2,'2013-08-21'),(55626,'INSERT INTO gne_vale_ferreteria_mov (vfe_id,pro_codigo_plu,vfm_cantidad,vfm_unitario,vfm_total,vfm_entregado) VALUES (8922,764825,1,1490,1490,@@@NO@@@)','',2,'2013-08-21'),(55627,'UPDATE mae_productos SET pro_precio_venta=1800,pro_margen_actual=37.51, pro_precio_compra_bruto=1309, pro_precio_compra_neto=1100 WHERE pro_codigo_plu=360','',2,'2013-08-21'),(55628,'UPDATE mae_productos SET pro_precio_compra_bruto=1307.612,pro_margen_actual=(pro_precio_venta-1307.612)/1307.612 * 100,pro_ultima_compra=@@@2013.08.21@@@,pro_ultimo_proveedor=@@@79984240-8@@@ WHERE pro_codigo_plu=18559','',2,'2013-08-21'),(55629,'UPDATE mae_productos SET pro_precio_compra_bruto=1309.595,pro_margen_actual=(pro_precio_venta-1309.595)/1309.595 * 100,pro_ultima_compra=@@@2013.08.21@@@,pro_ultimo_proveedor=@@@79984240-8@@@ WHERE pro_codigo_plu=18557','',2,'2013-08-21'),(55630,'UPDATE mae_productos SET pro_precio_compra_bruto=1403.01,pro_margen_actual=(pro_precio_venta-1403.01)/1403.01 * 100,pro_ultima_compra=@@@2013.08.21@@@,pro_ultimo_proveedor=@@@79984240-8@@@ WHERE pro_codigo_plu=351','',2,'2013-08-21'),(55631,'UPDATE mae_productos SET pro_precio_compra_bruto=1309,pro_margen_actual=(pro_precio_venta-1309)/1309 * 100,pro_ultima_compra=@@@2013.08.21@@@,pro_ultimo_proveedor=@@@79984240-8@@@ WHERE pro_codigo_plu=360','',2,'2013-08-21'),(55632,'UPDATE mae_productos SET pro_precio_compra_bruto=714,pro_margen_actual=(pro_precio_venta-714)/714 * 100,pro_ultima_compra=@@@2013.08.21@@@,pro_ultimo_proveedor=@@@79984240-8@@@ WHERE pro_codigo_plu=19667','',2,'2013-08-21'),(55633,'UPDATE mae_productos SET pro_precio_compra_bruto=249.9,pro_margen_actual=(pro_precio_venta-249.9)/249.9 * 100,pro_ultima_compra=@@@2013.08.21@@@,pro_ultimo_proveedor=@@@79984240-8@@@ WHERE pro_codigo_plu=19677','',2,'2013-08-21'),(55634,'UPDATE mae_productos SET pro_precio_compra_bruto=702.1,pro_margen_actual=(pro_precio_venta-702.1)/702.1 * 100,pro_ultima_compra=@@@2013.08.21@@@,pro_ultimo_proveedor=@@@79984240-8@@@ WHERE pro_codigo_plu=11572','',2,'2013-08-21'),(55635,'INSERT INTO mae_productos (pro_codigo_plu,pro_codigo_barra,pro_tipo,pro_nombre_producto,pro_nombre_corto,med_id,emb_id,pro_unidades_embalaje,dep_id,lin_id,mar_id,pro_precio_compra_neto,pro_precio_compra_bruto,pro_precio_venta,pro_margen_actual,pro_oferta,pro_fecha_inicio_oferta,pro_fecha_termino_oferta,pro_precio_oferta,pro_stock_minimo,pro_stock_critico,pro_entradas_bodega,pro_salidas_bodega,pro_mermas_bodega,pro_ajustes_bodega,pro_entradas_sv,pro_salidas_sv,pro_mermas_sv,pro_ajustes_sv,pro_activo,rec_numero,pro_unidad,pro_capacidad,pro_consumo_bodega,pro_consumo_sv,pro_estado,pro_funcion_plu,pro_flejes,pro_iva,pro_plu_asociado,pro_envase,pro_duracion,pro_numero_etiqueta) VALUES (780721678,@@@7807210023200@@@,@@@0@@@,@@@LAPIZ COLORFAN NEGRO@@@,@@@LAPIZ COLORFAN N@@@,@@@1 @@@,@@@6 @@@,@@@50@@@,@@@2 @@@,@@@41@@@,@@@2407@@@,@@@0@@@,@@@0@@@,@@@1@@@,@@@0@@@,@@@@@@,@@@2006.09.07@@@,@@@2006.09.07@@@,@@@0@@@,@@@0@@@,@@@0@@@,@@@0@@@,@@@0@@@,@@@0@@@,@@@0@@@,@@@0@@@,@@@0@@@,@@@0@@@,@@@0@@@,@@@1@@@,@@@0@@@,0,0,0,0,2,0,1,1,0,@@@NO@@@,0,0)','',2,'2013-08-21'),(55636,'DELETE FROM mae_impuestos_productos WHERE pro_codigo_plu=@@@780721678@@@','',2,'2013-08-21'),(55637,'UPDATE mae_productos SET pro_precio_compra_bruto=2750,pro_margen_actual=(pro_precio_venta-2750)/2750 * 100,pro_ultima_compra=@@@2013.08.21@@@,pro_ultimo_proveedor=@@@76170432-K@@@ WHERE pro_codigo_plu=411','',2,'2013-08-21'),(55638,'UPDATE mae_productos SET pro_precio_compra_bruto=3653,pro_margen_actual=(pro_precio_venta-3653)/3653 * 100,pro_ultima_compra=@@@2013.08.21@@@,pro_ultimo_proveedor=@@@76170432-K@@@ WHERE pro_codigo_plu=408','',2,'2013-08-21'),(55639,'UPDATE mae_productos SET pro_precio_compra_bruto=3819.9,pro_margen_actual=(pro_precio_venta-3819.9)/3819.9 * 100,pro_ultima_compra=@@@2013.08.21@@@,pro_ultimo_proveedor=@@@76170432-K@@@ WHERE pro_codigo_plu=409','',2,'2013-08-21'),(55640,'UPDATE mae_productos SET pro_precio_compra_bruto=3522.4,pro_margen_actual=(pro_precio_venta-3522.4)/3522.4 * 100,pro_ultima_compra=@@@2013.08.21@@@,pro_ultimo_proveedor=@@@76170432-K@@@ WHERE pro_codigo_plu=410','',2,'2013-08-21'),(55641,'INSERT INTO mae_productos (pro_codigo_plu,pro_codigo_barra,pro_tipo,pro_nombre_producto,pro_nombre_corto,med_id,emb_id,pro_unidades_embalaje,dep_id,lin_id,mar_id,pro_precio_compra_neto,pro_precio_compra_bruto,pro_precio_venta,pro_margen_actual,pro_oferta,pro_fecha_inicio_oferta,pro_fecha_termino_oferta,pro_precio_oferta,pro_stock_minimo,pro_stock_critico,pro_entradas_bodega,pro_salidas_bodega,pro_mermas_bodega,pro_ajustes_bodega,pro_entradas_sv,pro_salidas_sv,pro_mermas_sv,pro_ajustes_sv,pro_activo,rec_numero,pro_unidad,pro_capacidad,pro_consumo_bodega,pro_consumo_sv,pro_estado,pro_funcion_plu,pro_flejes,pro_iva,pro_plu_asociado,pro_envase,pro_duracion,pro_numero_etiqueta) VALUES (780721679,@@@7807210023224@@@,@@@0@@@,@@@LAPIZ COLOR FAN ARTEL AZUL@@@,@@@LAPIZ COLOR FAN @@@,@@@1 @@@,@@@6 @@@,@@@50@@@,@@@2 @@@,@@@41@@@,@@@2407@@@,@@@0@@@,@@@0@@@,@@@1@@@,@@@0@@@,@@@@@@,@@@2006.09.07@@@,@@@2006.09.07@@@,@@@0@@@,@@@0@@@,@@@0@@@,@@@0@@@,@@@0@@@,@@@0@@@,@@@0@@@,@@@0@@@,@@@0@@@,@@@0@@@,@@@0@@@,@@@1@@@,@@@0@@@,0,0,0,0,2,0,1,1,0,@@@NO@@@,0,0)','',2,'2013-08-21'),(55642,'DELETE FROM mae_impuestos_productos WHERE pro_codigo_plu=@@@780721679@@@','',2,'2013-08-21'),(55643,'INSERT INTO mae_productos (pro_codigo_plu,pro_codigo_barra,pro_tipo,pro_nombre_producto,pro_nombre_corto,med_id,emb_id,pro_unidades_embalaje,dep_id,lin_id,mar_id,pro_precio_compra_neto,pro_precio_compra_bruto,pro_precio_venta,pro_margen_actual,pro_oferta,pro_fecha_inicio_oferta,pro_fecha_termino_oferta,pro_precio_oferta,pro_stock_minimo,pro_stock_critico,pro_entradas_bodega,pro_salidas_bodega,pro_mermas_bodega,pro_ajustes_bodega,pro_entradas_sv,pro_salidas_sv,pro_mermas_sv,pro_ajustes_sv,pro_activo,rec_numero,pro_unidad,pro_capacidad,pro_consumo_bodega,pro_consumo_sv,pro_estado,pro_funcion_plu,pro_flejes,pro_iva,pro_plu_asociado,pro_envase,pro_duracion,pro_numero_etiqueta) VALUES (780721680,@@@7807210023231@@@,@@@0@@@,@@@LAPOIZ COLORFAN ARTEL ROSADO@@@,@@@LAPOIZ COLORFAN @@@,@@@1 @@@,@@@6 @@@,@@@50@@@,@@@2 @@@,@@@41@@@,@@@2407@@@,@@@0@@@,@@@0@@@,@@@1@@@,@@@0@@@,@@@@@@,@@@2006.09.07@@@,@@@2006.09.07@@@,@@@0@@@,@@@0@@@,@@@0@@@,@@@0@@@,@@@0@@@,@@@0@@@,@@@0@@@,@@@0@@@,@@@0@@@,@@@0@@@,@@@0@@@,@@@1@@@,@@@0@@@,0,0,0,0,2,0,1,1,0,@@@NO@@@,0,0)','',2,'2013-08-21'),(55644,'DELETE FROM mae_impuestos_productos WHERE pro_codigo_plu=@@@780721680@@@','',2,'2013-08-21'),(55645,'INSERT INTO gne_vale_ferreteria (vfe_id,vfe_fecha,vfe_total,vfe_estado,vfe_entregado,usu_nusuario) VALUES (8923,@@@2013.08.21@@@,700,1,0,@@@M_SANDOVAL@@@)','',2,'2013-08-21'),(55646,'INSERT INTO gne_vale_ferreteria_mov (vfe_id,pro_codigo_plu,vfm_cantidad,vfm_unitario,vfm_total,vfm_entregado) VALUES (8923,12719,2,350,700,@@@NO@@@)','',2,'2013-08-21'),(55647,'UPDATE mae_productos SET pro_codigo_barra=@@@7802900232900@@@,pro_tipo=@@@0@@@,pro_nombre_producto=@@@GOLD CREME LUCUMA NUEZ 125G@@@,pro_nombre_corto=@@@GOLD CREME LUCUM@@@,med_id=@@@5@@@,emb_id=@@@3@@@,pro_unidades_embalaje=@@@0@@@,dep_id=@@@3 @@@,lin_id=@@@50@@@,mar_id=@@@1993@@@,pro_precio_compra_neto=@@@0@@@,pro_precio_compra_bruto=@@@243@@@,pro_precio_venta=@@@330@@@,pro_margen_actual=@@@35.8@@@,pro_oferta=@@@NO@@@,pro_fecha_inicio_oferta=@@@2013.04.26@@@,pro_fecha_termino_oferta=@@@2013.04.26@@@,pro_precio_oferta=@@@0@@@,pro_stock_minimo=@@@4@@@,pro_stock_critico=@@@2@@@,pro_activo=@@@1@@@,pro_unidad=@@@0@@@,pro_precio_compra_bruto=243,pro_margen_actual=35.8,pro_capacidad=125,pro_funcion_plu=0,pro_flejes=1,pro_iva=1,pro_plu_asociado=0,pro_envase=@@@NO@@@,pro_duracion=0,pro_numero_etiqueta=0 WHERE pro_codigo_plu=@@@763345@@@','',2,'2013-08-21'),(55648,'UPDATE mae_productos SET pro_estado=1 WHERE pro_codigo_plu=763345','',2,'2013-08-21'),(55649,'DELETE FROM mae_impuestos_productos WHERE pro_codigo_plu=@@@763345@@@','',2,'2013-08-21'),(55650,'UPDATE mae_productos SET pro_precio_venta=499,pro_margen_actual=39, pro_precio_compra_bruto=359, pro_precio_compra_neto=301.680672268908 WHERE pro_codigo_plu=780721635','',2,'2013-08-21'),(55651,'UPDATE mae_productos SET pro_precio_venta=570,pro_margen_actual=33.49, pro_precio_compra_bruto=427, pro_precio_compra_neto=358.823529411765 WHERE pro_codigo_plu=16426','',2,'2013-08-21'),(55652,'UPDATE mae_productos SET pro_precio_venta=890,pro_margen_actual=34.75, pro_precio_compra_bruto=660.5, pro_precio_compra_neto=555.042016806723 WHERE pro_codigo_plu=16324','',2,'2013-08-21'),(55653,'UPDATE mae_productos SET pro_precio_venta=499,pro_margen_actual=36.9, pro_precio_compra_bruto=364.5, pro_precio_compra_neto=306.302521008403 WHERE pro_codigo_plu=16314','',2,'2013-08-21'),(55654,'UPDATE mae_productos SET pro_precio_venta=250,pro_margen_actual=37.74, pro_precio_compra_bruto=181.5, pro_precio_compra_neto=152.521008403361 WHERE pro_codigo_plu=16371','',2,'2013-08-21'),(55655,'UPDATE mae_productos SET pro_precio_compra_bruto=336,pro_margen_actual=(pro_precio_venta-336)/336 * 100,pro_ultima_compra=@@@2013.08.21@@@,pro_ultimo_proveedor=@@@84472400-4@@@ WHERE pro_codigo_plu=780721671','',2,'2013-08-21'),(55656,'UPDATE mae_productos SET pro_precio_compra_bruto=4034,pro_margen_actual=(pro_precio_venta-4034)/4034 * 100,pro_ultima_compra=@@@2013.08.21@@@,pro_ultimo_proveedor=@@@84472400-4@@@ WHERE pro_codigo_plu=413','',2,'2013-08-21');
insert  into `sys_comunicacion_caja`(`coc_id`,`coc_sql`,`coc_cajas`,`coc_prioridad`,`coc_fecha`) values (55657,'UPDATE mae_productos SET pro_precio_compra_bruto=359,pro_margen_actual=(pro_precio_venta-359)/359 * 100,pro_ultima_compra=@@@2013.08.21@@@,pro_ultimo_proveedor=@@@84472400-4@@@ WHERE pro_codigo_plu=761919','',2,'2013-08-21'),(55658,'UPDATE mae_productos SET pro_precio_compra_bruto=359,pro_margen_actual=(pro_precio_venta-359)/359 * 100,pro_ultima_compra=@@@2013.08.21@@@,pro_ultimo_proveedor=@@@84472400-4@@@ WHERE pro_codigo_plu=780721635','',2,'2013-08-21'),(55659,'UPDATE mae_productos SET pro_precio_compra_bruto=427,pro_margen_actual=(pro_precio_venta-427)/427 * 100,pro_ultima_compra=@@@2013.08.21@@@,pro_ultimo_proveedor=@@@84472400-4@@@ WHERE pro_codigo_plu=16426','',2,'2013-08-21'),(55660,'UPDATE mae_productos SET pro_precio_compra_bruto=227,pro_margen_actual=(pro_precio_venta-227)/227 * 100,pro_ultima_compra=@@@2013.08.21@@@,pro_ultimo_proveedor=@@@84472400-4@@@ WHERE pro_codigo_plu=17056','',2,'2013-08-21'),(55661,'UPDATE mae_productos SET pro_precio_compra_bruto=412,pro_margen_actual=(pro_precio_venta-412)/412 * 100,pro_ultima_compra=@@@2013.08.21@@@,pro_ultimo_proveedor=@@@84472400-4@@@ WHERE pro_codigo_plu=18225','',2,'2013-08-21'),(55662,'UPDATE mae_productos SET pro_precio_compra_bruto=412,pro_margen_actual=(pro_precio_venta-412)/412 * 100,pro_ultima_compra=@@@2013.08.21@@@,pro_ultimo_proveedor=@@@84472400-4@@@ WHERE pro_codigo_plu=18223','',2,'2013-08-21'),(55663,'UPDATE mae_productos SET pro_precio_compra_bruto=3784,pro_margen_actual=(pro_precio_venta-3784)/3784 * 100,pro_ultima_compra=@@@2013.08.21@@@,pro_ultimo_proveedor=@@@84472400-4@@@ WHERE pro_codigo_plu=404','',2,'2013-08-21'),(55664,'UPDATE mae_productos SET pro_precio_compra_bruto=149,pro_margen_actual=(pro_precio_venta-149)/149 * 100,pro_ultima_compra=@@@2013.08.21@@@,pro_ultimo_proveedor=@@@84472400-4@@@ WHERE pro_codigo_plu=18217','',2,'2013-08-21'),(55665,'UPDATE mae_productos SET pro_precio_compra_bruto=660.5,pro_margen_actual=(pro_precio_venta-660.5)/660.5 * 100,pro_ultima_compra=@@@2013.08.21@@@,pro_ultimo_proveedor=@@@84472400-4@@@ WHERE pro_codigo_plu=16324','',2,'2013-08-21'),(55666,'UPDATE mae_productos SET pro_precio_compra_bruto=364.5,pro_margen_actual=(pro_precio_venta-364.5)/364.5 * 100,pro_ultima_compra=@@@2013.08.21@@@,pro_ultimo_proveedor=@@@84472400-4@@@ WHERE pro_codigo_plu=16314','',2,'2013-08-21'),(55667,'UPDATE mae_productos SET pro_precio_compra_bruto=181.5,pro_margen_actual=(pro_precio_venta-181.5)/181.5 * 100,pro_ultima_compra=@@@2013.08.21@@@,pro_ultimo_proveedor=@@@84472400-4@@@ WHERE pro_codigo_plu=16371','',2,'2013-08-21'),(55668,'UPDATE mae_productos SET pro_precio_compra_bruto=243,pro_margen_actual=(pro_precio_venta-243)/243 * 100,pro_ultima_compra=@@@2013.08.21@@@,pro_ultimo_proveedor=@@@84472400-4@@@ WHERE pro_codigo_plu=763339','',2,'2013-08-21'),(55669,'UPDATE mae_productos SET pro_precio_compra_bruto=243,pro_margen_actual=(pro_precio_venta-243)/243 * 100,pro_ultima_compra=@@@2013.08.21@@@,pro_ultimo_proveedor=@@@84472400-4@@@ WHERE pro_codigo_plu=763345','',2,'2013-08-21'),(55670,'UPDATE mae_productos SET pro_precio_compra_bruto=318,pro_margen_actual=(pro_precio_venta-318)/318 * 100,pro_ultima_compra=@@@2013.08.21@@@,pro_ultimo_proveedor=@@@84472400-4@@@ WHERE pro_codigo_plu=763334','',2,'2013-08-21'),(55671,'UPDATE mae_productos SET pro_precio_compra_bruto=318,pro_margen_actual=(pro_precio_venta-318)/318 * 100,pro_ultima_compra=@@@2013.08.21@@@,pro_ultimo_proveedor=@@@84472400-4@@@ WHERE pro_codigo_plu=780721607','',2,'2013-08-21'),(55672,'UPDATE mae_productos SET pro_precio_compra_bruto=752,pro_margen_actual=(pro_precio_venta-752)/752 * 100,pro_ultima_compra=@@@2013.08.21@@@,pro_ultimo_proveedor=@@@84472400-4@@@ WHERE pro_codigo_plu=10438','',2,'2013-08-21'),(55673,'UPDATE mae_productos SET pro_precio_compra_bruto=198,pro_margen_actual=(pro_precio_venta-198)/198 * 100,pro_ultima_compra=@@@2013.08.21@@@,pro_ultimo_proveedor=@@@84472400-4@@@ WHERE pro_codigo_plu=17030','',2,'2013-08-21'),(55674,'UPDATE mae_productos SET pro_precio_compra_bruto=198,pro_margen_actual=(pro_precio_venta-198)/198 * 100,pro_ultima_compra=@@@2013.08.21@@@,pro_ultimo_proveedor=@@@84472400-4@@@ WHERE pro_codigo_plu=19238','',2,'2013-08-21'),(55675,'UPDATE mae_productos SET pro_precio_compra_bruto=259.9,pro_margen_actual=(pro_precio_venta-259.9)/259.9 * 100,pro_ultima_compra=@@@2013.08.21@@@,pro_ultimo_proveedor=@@@96591040-9@@@ WHERE pro_codigo_plu=11942','',2,'2013-08-21'),(55676,'UPDATE mae_productos SET pro_precio_compra_bruto=252.84,pro_margen_actual=(pro_precio_venta-252.84)/252.84 * 100,pro_ultima_compra=@@@2013.08.21@@@,pro_ultimo_proveedor=@@@96591040-9@@@ WHERE pro_codigo_plu=763297','',2,'2013-08-21'),(55677,'UPDATE mae_productos SET pro_precio_compra_bruto=252.84,pro_margen_actual=(pro_precio_venta-252.84)/252.84 * 100,pro_ultima_compra=@@@2013.08.21@@@,pro_ultimo_proveedor=@@@96591040-9@@@ WHERE pro_codigo_plu=764862','',2,'2013-08-21'),(55678,'UPDATE mae_productos SET pro_precio_compra_bruto=759.964,pro_margen_actual=(pro_precio_venta-759.964)/759.964 * 100,pro_ultima_compra=@@@2013.08.21@@@,pro_ultimo_proveedor=@@@96591040-9@@@ WHERE pro_codigo_plu=13638','',2,'2013-08-21'),(55679,'UPDATE mae_productos SET pro_precio_compra_bruto=348.968,pro_margen_actual=(pro_precio_venta-348.968)/348.968 * 100,pro_ultima_compra=@@@2013.08.21@@@,pro_ultimo_proveedor=@@@96591040-9@@@ WHERE pro_codigo_plu=9130','',2,'2013-08-21'),(55680,'UPDATE mae_productos SET pro_precio_compra_bruto=840,pro_margen_actual=(pro_precio_venta-840)/840 * 100,pro_ultima_compra=@@@2013.08.21@@@,pro_ultimo_proveedor=@@@96591040-9@@@ WHERE pro_codigo_plu=10935','',2,'2013-08-21'),(55681,'UPDATE mae_productos SET pro_precio_compra_bruto=811.283,pro_margen_actual=(pro_precio_venta-811.283)/811.283 * 100,pro_ultima_compra=@@@2013.08.21@@@,pro_ultimo_proveedor=@@@96591040-9@@@ WHERE pro_codigo_plu=763128','',2,'2013-08-21'),(55682,'UPDATE mae_productos SET pro_precio_compra_bruto=811.28,pro_margen_actual=(pro_precio_venta-811.28)/811.28 * 100,pro_ultima_compra=@@@2013.08.21@@@,pro_ultimo_proveedor=@@@96591040-9@@@ WHERE pro_codigo_plu=780721657','',2,'2013-08-21'),(55683,'UPDATE mae_productos SET pro_precio_compra_bruto=1545.215,pro_margen_actual=(pro_precio_venta-1545.215)/1545.215 * 100,pro_ultima_compra=@@@2013.08.21@@@,pro_ultimo_proveedor=@@@96591040-9@@@ WHERE pro_codigo_plu=12557','',2,'2013-08-21'),(55684,'UPDATE mae_productos SET pro_precio_compra_bruto=151.487,pro_margen_actual=(pro_precio_venta-151.487)/151.487 * 100,pro_ultima_compra=@@@2013.08.21@@@,pro_ultimo_proveedor=@@@96591040-9@@@ WHERE pro_codigo_plu=761497','',2,'2013-08-21'),(55685,'UPDATE mae_productos SET pro_precio_compra_bruto=83.122,pro_margen_actual=(pro_precio_venta-83.122)/83.122 * 100,pro_ultima_compra=@@@2013.08.21@@@,pro_ultimo_proveedor=@@@96591040-9@@@ WHERE pro_codigo_plu=18806','',2,'2013-08-21'),(55686,'UPDATE mae_productos SET pro_precio_compra_bruto=75.6,pro_margen_actual=(pro_precio_venta-75.6)/75.6 * 100,pro_ultima_compra=@@@2013.08.21@@@,pro_ultimo_proveedor=@@@96591040-9@@@ WHERE pro_codigo_plu=12869','',2,'2013-08-21'),(55687,'UPDATE mae_productos SET pro_precio_compra_bruto=75.6,pro_margen_actual=(pro_precio_venta-75.6)/75.6 * 100,pro_ultima_compra=@@@2013.08.21@@@,pro_ultimo_proveedor=@@@96591040-9@@@ WHERE pro_codigo_plu=100327','',2,'2013-08-21'),(55688,'UPDATE mae_productos SET pro_precio_compra_bruto=388.78,pro_margen_actual=(pro_precio_venta-388.78)/388.78 * 100,pro_ultima_compra=@@@2013.08.21@@@,pro_ultimo_proveedor=@@@96591040-9@@@ WHERE pro_codigo_plu=762004','',2,'2013-08-21'),(55689,'UPDATE mae_productos SET pro_precio_compra_bruto=388.78,pro_margen_actual=(pro_precio_venta-388.78)/388.78 * 100,pro_ultima_compra=@@@2013.08.21@@@,pro_ultimo_proveedor=@@@96591040-9@@@ WHERE pro_codigo_plu=762005','',2,'2013-08-21'),(55690,'UPDATE mae_productos SET pro_precio_compra_bruto=388.78,pro_margen_actual=(pro_precio_venta-388.78)/388.78 * 100,pro_ultima_compra=@@@2013.08.21@@@,pro_ultimo_proveedor=@@@96591040-9@@@ WHERE pro_codigo_plu=762003','',2,'2013-08-21'),(55691,'UPDATE mae_productos SET pro_precio_compra_bruto=388.78,pro_margen_actual=(pro_precio_venta-388.78)/388.78 * 100,pro_ultima_compra=@@@2013.08.21@@@,pro_ultimo_proveedor=@@@96591040-9@@@ WHERE pro_codigo_plu=12319','',2,'2013-08-21'),(55692,'UPDATE mae_productos SET pro_precio_compra_bruto=304.3,pro_margen_actual=(pro_precio_venta-304.3)/304.3 * 100,pro_ultima_compra=@@@2013.08.21@@@,pro_ultimo_proveedor=@@@96591040-9@@@ WHERE pro_codigo_plu=11954','',2,'2013-08-21'),(55693,'UPDATE mae_productos SET pro_precio_compra_bruto=304.3,pro_margen_actual=(pro_precio_venta-304.3)/304.3 * 100,pro_ultima_compra=@@@2013.08.21@@@,pro_ultimo_proveedor=@@@96591040-9@@@ WHERE pro_codigo_plu=11955','',2,'2013-08-21'),(55694,'UPDATE mae_productos SET pro_precio_compra_bruto=453.39,pro_margen_actual=(pro_precio_venta-453.39)/453.39 * 100,pro_ultima_compra=@@@2013.08.21@@@,pro_ultimo_proveedor=@@@96591040-9@@@ WHERE pro_codigo_plu=763426','',2,'2013-08-21'),(55695,'UPDATE mae_productos SET pro_precio_compra_bruto=467.27,pro_margen_actual=(pro_precio_venta-467.27)/467.27 * 100,pro_ultima_compra=@@@2013.08.21@@@,pro_ultimo_proveedor=@@@96591040-9@@@ WHERE pro_codigo_plu=780721656','',2,'2013-08-21'),(55696,'UPDATE mae_productos SET pro_precio_compra_bruto=218.98,pro_margen_actual=(pro_precio_venta-218.98)/218.98 * 100,pro_ultima_compra=@@@2013.08.21@@@,pro_ultimo_proveedor=@@@96591040-9@@@ WHERE pro_codigo_plu=10758','',2,'2013-08-21'),(55697,'UPDATE mae_productos SET pro_precio_venta=399,pro_margen_actual=34.12, pro_precio_compra_bruto=297.5, pro_precio_compra_neto=250 WHERE pro_codigo_plu=262528','',2,'2013-08-21'),(55698,'INSERT INTO mae_productos (pro_codigo_plu,pro_codigo_barra,pro_tipo,pro_nombre_producto,pro_nombre_corto,med_id,emb_id,pro_unidades_embalaje,dep_id,lin_id,mar_id,pro_precio_compra_neto,pro_precio_compra_bruto,pro_precio_venta,pro_margen_actual,pro_oferta,pro_fecha_inicio_oferta,pro_fecha_termino_oferta,pro_precio_oferta,pro_stock_minimo,pro_stock_critico,pro_entradas_bodega,pro_salidas_bodega,pro_mermas_bodega,pro_ajustes_bodega,pro_entradas_sv,pro_salidas_sv,pro_mermas_sv,pro_ajustes_sv,pro_activo,rec_numero,pro_unidad,pro_capacidad,pro_consumo_bodega,pro_consumo_sv,pro_estado,pro_funcion_plu,pro_flejes,pro_iva,pro_plu_asociado,pro_envase,pro_duracion,pro_numero_etiqueta) VALUES (780721681,@@@780721681@@@,@@@0@@@,@@@CARTULINA METALICA VARIEDAD DE COLORES@@@,@@@CARTULINA METALI@@@,@@@1 @@@,@@@4 @@@,@@@1@@@,@@@24 @@@,@@@137@@@,@@@2507@@@,@@@0@@@,@@@1@@@,@@@1@@@,@@@0@@@,@@@@@@,@@@2006.09.07@@@,@@@2006.09.07@@@,@@@0@@@,@@@20@@@,@@@10@@@,@@@0@@@,@@@0@@@,@@@0@@@,@@@0@@@,@@@0@@@,@@@0@@@,@@@0@@@,@@@0@@@,@@@1@@@,@@@0@@@,0,1,0,0,2,0,1,1,0,@@@NO@@@,0,0)','',2,'2013-08-21'),(55699,'DELETE FROM mae_impuestos_productos WHERE pro_codigo_plu=@@@780721681@@@','',2,'2013-08-21'),(55700,'UPDATE mae_productos SET pro_precio_fiscal=pro_precio_venta WHERE pro_codigo_plu=360','',2,'2013-08-21'),(55701,'UPDATE mae_productos SET pro_precio_fiscal=pro_precio_venta WHERE pro_codigo_plu=413','',2,'2013-08-21'),(55702,'UPDATE mae_productos SET pro_precio_fiscal=pro_precio_venta WHERE pro_codigo_plu=16426','',2,'2013-08-21'),(55703,'UPDATE mae_productos SET pro_precio_fiscal=pro_precio_venta WHERE pro_codigo_plu=262528','',2,'2013-08-21'),(55704,'UPDATE mae_productos SET pro_precio_fiscal=pro_precio_venta WHERE pro_codigo_plu=780721635','',2,'2013-08-21'),(55705,'UPDATE mae_productos SET pro_precio_fiscal=pro_precio_venta WHERE pro_codigo_plu=780721671','',2,'2013-08-21'),(55706,'UPDATE mae_productos SET pro_precio_fiscal=pro_precio_venta WHERE pro_codigo_plu=16314','',2,'2013-08-21'),(55707,'UPDATE mae_productos SET pro_precio_fiscal=pro_precio_venta WHERE pro_codigo_plu=16324','',2,'2013-08-21'),(55708,'UPDATE mae_productos SET pro_precio_fiscal=pro_precio_venta WHERE pro_codigo_plu=16371','',2,'2013-08-21'),(55709,'INSERT INTO gne_vale_ferreteria (vfe_id,vfe_fecha,vfe_total,vfe_estado,vfe_entregado,usu_nusuario) VALUES (8924,@@@2013.08.21@@@,1570,1,0,@@@M_SANDOVAL@@@)','',2,'2013-08-21'),(55710,'INSERT INTO gne_vale_ferreteria_mov (vfe_id,pro_codigo_plu,vfm_cantidad,vfm_unitario,vfm_total,vfm_entregado) VALUES (8924,780721107,1,790,790,@@@NO@@@)','',2,'2013-08-21'),(55711,'INSERT INTO gne_vale_ferreteria_mov (vfe_id,pro_codigo_plu,vfm_cantidad,vfm_unitario,vfm_total,vfm_entregado) VALUES (8924,770020,2,390,780,@@@NO@@@)','',2,'2013-08-21'),(55712,'INSERT INTO gne_vale_ferreteria (vfe_id,vfe_fecha,vfe_total,vfe_estado,vfe_entregado,usu_nusuario) VALUES (8925,@@@2013.08.21@@@,240,1,0,@@@M_SANDOVAL@@@)','',2,'2013-08-21'),(55713,'INSERT INTO gne_vale_ferreteria_mov (vfe_id,pro_codigo_plu,vfm_cantidad,vfm_unitario,vfm_total,vfm_entregado) VALUES (8925,780721265,2,120,240,@@@NO@@@)','',2,'2013-08-21'),(55714,'INSERT INTO gne_vale_ferreteria (vfe_id,vfe_fecha,vfe_total,vfe_estado,vfe_entregado,usu_nusuario) VALUES (8926,@@@2013.08.21@@@,250,1,0,@@@m_martinez@@@)','',2,'2013-08-21'),(55715,'INSERT INTO gne_vale_ferreteria_mov (vfe_id,pro_codigo_plu,vfm_cantidad,vfm_unitario,vfm_total,vfm_entregado) VALUES (8926,780721186,1,250,250,@@@NO@@@)','',2,'2013-08-21'),(55716,'INSERT INTO gne_vale_ferreteria (vfe_id,vfe_fecha,vfe_total,vfe_estado,vfe_entregado,usu_nusuario) VALUES (8927,@@@2013.08.21@@@,250,1,0,@@@m_martinez@@@)','',2,'2013-08-21'),(55717,'INSERT INTO gne_vale_ferreteria_mov (vfe_id,pro_codigo_plu,vfm_cantidad,vfm_unitario,vfm_total,vfm_entregado) VALUES (8927,780721186,1,250,250,@@@NO@@@)','',2,'2013-08-21'),(55718,'INSERT INTO gne_vale_ferreteria (vfe_id,vfe_fecha,vfe_total,vfe_estado,vfe_entregado,usu_nusuario) VALUES (8928,@@@2013.08.21@@@,480,1,0,@@@m_martinez@@@)','',2,'2013-08-21'),(55719,'INSERT INTO gne_vale_ferreteria_mov (vfe_id,pro_codigo_plu,vfm_cantidad,vfm_unitario,vfm_total,vfm_entregado) VALUES (8928,15949,1,480,480,@@@NO@@@)','',2,'2013-08-21'),(55720,'INSERT INTO gne_vale_ferreteria (vfe_id,vfe_fecha,vfe_total,vfe_estado,vfe_entregado,usu_nusuario) VALUES (8929,@@@2013.08.21@@@,300,1,0,@@@m_martinez@@@)','',2,'2013-08-21'),(55721,'INSERT INTO gne_vale_ferreteria_mov (vfe_id,pro_codigo_plu,vfm_cantidad,vfm_unitario,vfm_total,vfm_entregado) VALUES (8929,1540,1,300,300,@@@NO@@@)','',2,'2013-08-21'),(55722,'INSERT INTO gne_vale_ferreteria (vfe_id,vfe_fecha,vfe_total,vfe_estado,vfe_entregado,usu_nusuario) VALUES (8930,@@@2013.08.21@@@,850,1,0,@@@m_martinez@@@)','',2,'2013-08-21'),(55723,'INSERT INTO gne_vale_ferreteria_mov (vfe_id,pro_codigo_plu,vfm_cantidad,vfm_unitario,vfm_total,vfm_entregado) VALUES (8930,763794,1,850,850,@@@NO@@@)','',2,'2013-08-21'),(55724,'INSERT INTO gne_vale_ferreteria (vfe_id,vfe_fecha,vfe_total,vfe_estado,vfe_entregado,usu_nusuario) VALUES (8931,@@@2013.08.21@@@,520,1,0,@@@m_martinez@@@)','',2,'2013-08-21'),(55725,'INSERT INTO gne_vale_ferreteria_mov (vfe_id,pro_codigo_plu,vfm_cantidad,vfm_unitario,vfm_total,vfm_entregado) VALUES (8931,15967,4,130,520,@@@NO@@@)','',2,'2013-08-21'),(55726,'INSERT INTO gne_vale_ferreteria (vfe_id,vfe_fecha,vfe_total,vfe_estado,vfe_entregado,usu_nusuario) VALUES (8932,@@@2013.08.21@@@,13980,1,0,@@@m_martinez@@@)','',2,'2013-08-21'),(55727,'INSERT INTO gne_vale_ferreteria_mov (vfe_id,pro_codigo_plu,vfm_cantidad,vfm_unitario,vfm_total,vfm_entregado) VALUES (8932,21065,1,6990,6990,@@@NO@@@)','',2,'2013-08-21'),(55728,'INSERT INTO gne_vale_ferreteria_mov (vfe_id,pro_codigo_plu,vfm_cantidad,vfm_unitario,vfm_total,vfm_entregado) VALUES (8932,780721535,1,6990,6990,@@@NO@@@)','',2,'2013-08-21'),(55729,'INSERT INTO gne_vale_ferreteria (vfe_id,vfe_fecha,vfe_total,vfe_estado,vfe_entregado,usu_nusuario) VALUES (8933,@@@2013.08.21@@@,230,1,0,@@@m_martinez@@@)','',2,'2013-08-21'),(55730,'INSERT INTO gne_vale_ferreteria_mov (vfe_id,pro_codigo_plu,vfm_cantidad,vfm_unitario,vfm_total,vfm_entregado) VALUES (8933,763811,1,230,230,@@@NO@@@)','',2,'2013-08-21'),(55731,'INSERT INTO gne_vale_ferreteria (vfe_id,vfe_fecha,vfe_total,vfe_estado,vfe_entregado,usu_nusuario) VALUES (8934,@@@2013.08.21@@@,5920,1,0,@@@m_martinez@@@)','',2,'2013-08-21'),(55732,'INSERT INTO gne_vale_ferreteria_mov (vfe_id,pro_codigo_plu,vfm_cantidad,vfm_unitario,vfm_total,vfm_entregado) VALUES (8934,20607,1,2520,2520,@@@NO@@@)','',2,'2013-08-21'),(55733,'INSERT INTO gne_vale_ferreteria_mov (vfe_id,pro_codigo_plu,vfm_cantidad,vfm_unitario,vfm_total,vfm_entregado) VALUES (8934,763798,4,850,3400,@@@NO@@@)','',2,'2013-08-21'),(55734,'INSERT INTO gne_vale_ferreteria (vfe_id,vfe_fecha,vfe_total,vfe_estado,vfe_entregado,usu_nusuario) VALUES (8935,@@@2013.08.21@@@,790,1,0,@@@m_martinez@@@)','',2,'2013-08-21'),(55735,'INSERT INTO gne_vale_ferreteria_mov (vfe_id,pro_codigo_plu,vfm_cantidad,vfm_unitario,vfm_total,vfm_entregado) VALUES (8935,780721131,1,790,790,@@@NO@@@)','',2,'2013-08-21'),(55736,'INSERT INTO gne_vale_ferreteria (vfe_id,vfe_fecha,vfe_total,vfe_estado,vfe_entregado,usu_nusuario) VALUES (8936,@@@2013.08.21@@@,620,1,0,@@@m_martinez@@@)','',2,'2013-08-21'),(55737,'INSERT INTO gne_vale_ferreteria_mov (vfe_id,pro_codigo_plu,vfm_cantidad,vfm_unitario,vfm_total,vfm_entregado) VALUES (8936,11378,1,620,620,@@@NO@@@)','',2,'2013-08-21'),(55738,'INSERT INTO gne_vale_ferreteria (vfe_id,vfe_fecha,vfe_total,vfe_estado,vfe_entregado,usu_nusuario) VALUES (8937,@@@2013.08.21@@@,200,1,0,@@@m_martinez@@@)','',2,'2013-08-21'),(55739,'INSERT INTO gne_vale_ferreteria_mov (vfe_id,pro_codigo_plu,vfm_cantidad,vfm_unitario,vfm_total,vfm_entregado) VALUES (8937,780220123,4,50,200,@@@NO@@@)','',2,'2013-08-21'),(55740,'INSERT INTO gne_vale_ferreteria (vfe_id,vfe_fecha,vfe_total,vfe_estado,vfe_entregado,usu_nusuario) VALUES (8938,@@@2013.08.21@@@,850,1,0,@@@m_martinez@@@)','',2,'2013-08-21'),(55741,'INSERT INTO gne_vale_ferreteria_mov (vfe_id,pro_codigo_plu,vfm_cantidad,vfm_unitario,vfm_total,vfm_entregado) VALUES (8938,763626,1,850,850,@@@NO@@@)','',2,'2013-08-21'),(55742,'INSERT INTO gne_vale_ferreteria (vfe_id,vfe_fecha,vfe_total,vfe_estado,vfe_entregado,usu_nusuario) VALUES (8939,@@@2013.08.21@@@,490,1,0,@@@m_martinez@@@)','',2,'2013-08-21'),(55743,'INSERT INTO gne_vale_ferreteria_mov (vfe_id,pro_codigo_plu,vfm_cantidad,vfm_unitario,vfm_total,vfm_entregado) VALUES (8939,764242,1,490,490,@@@NO@@@)','',2,'2013-08-21'),(55744,'INSERT INTO gne_vale_ferreteria (vfe_id,vfe_fecha,vfe_total,vfe_estado,vfe_entregado,usu_nusuario) VALUES (8940,@@@2013.08.21@@@,1510,1,0,@@@m_martinez@@@)','',2,'2013-08-21'),(55745,'INSERT INTO gne_vale_ferreteria_mov (vfe_id,pro_codigo_plu,vfm_cantidad,vfm_unitario,vfm_total,vfm_entregado) VALUES (8940,1071,1,790,790,@@@NO@@@)','',2,'2013-08-21'),(55746,'INSERT INTO gne_vale_ferreteria_mov (vfe_id,pro_codigo_plu,vfm_cantidad,vfm_unitario,vfm_total,vfm_entregado) VALUES (8940,78017008,2,120,240,@@@NO@@@)','',2,'2013-08-21'),(55747,'INSERT INTO gne_vale_ferreteria_mov (vfe_id,pro_codigo_plu,vfm_cantidad,vfm_unitario,vfm_total,vfm_entregado) VALUES (8940,78017004,2,120,240,@@@NO@@@)','',2,'2013-08-21'),(55748,'INSERT INTO gne_vale_ferreteria_mov (vfe_id,pro_codigo_plu,vfm_cantidad,vfm_unitario,vfm_total,vfm_entregado) VALUES (8940,78017009,2,120,240,@@@NO@@@)','',2,'2013-08-21'),(55749,'INSERT INTO gne_vale_ferreteria (vfe_id,vfe_fecha,vfe_total,vfe_estado,vfe_entregado,usu_nusuario) VALUES (8941,@@@2013.08.21@@@,850,1,0,@@@m_martinez@@@)','',2,'2013-08-21'),(55750,'INSERT INTO gne_vale_ferreteria_mov (vfe_id,pro_codigo_plu,vfm_cantidad,vfm_unitario,vfm_total,vfm_entregado) VALUES (8941,763798,1,850,850,@@@NO@@@)','',2,'2013-08-21'),(55751,'INSERT INTO gne_vale_ferreteria (vfe_id,vfe_fecha,vfe_total,vfe_estado,vfe_entregado,usu_nusuario) VALUES (8942,@@@2013.08.21@@@,300,1,0,@@@m_martinez@@@)','',2,'2013-08-21'),(55752,'INSERT INTO gne_vale_ferreteria_mov (vfe_id,pro_codigo_plu,vfm_cantidad,vfm_unitario,vfm_total,vfm_entregado) VALUES (8942,780721187,2,150,300,@@@NO@@@)','',2,'2013-08-21'),(55753,'INSERT INTO gne_vale_ferreteria (vfe_id,vfe_fecha,vfe_total,vfe_estado,vfe_entregado,usu_nusuario) VALUES (8943,@@@2013.08.21@@@,150,1,0,@@@m_martinez@@@)','',2,'2013-08-21'),(55754,'INSERT INTO gne_vale_ferreteria_mov (vfe_id,pro_codigo_plu,vfm_cantidad,vfm_unitario,vfm_total,vfm_entregado) VALUES (8943,780721187,1,150,150,@@@NO@@@)','',2,'2013-08-21'),(55755,'INSERT INTO gne_vale_ferreteria (vfe_id,vfe_fecha,vfe_total,vfe_estado,vfe_entregado,usu_nusuario) VALUES (8944,@@@2013.08.21@@@,280,1,0,@@@m_martinez@@@)','',2,'2013-08-21'),(55756,'INSERT INTO gne_vale_ferreteria_mov (vfe_id,pro_codigo_plu,vfm_cantidad,vfm_unitario,vfm_total,vfm_entregado) VALUES (8944,764768,1,220,220,@@@NO@@@)','',2,'2013-08-21'),(55757,'INSERT INTO gne_vale_ferreteria_mov (vfe_id,pro_codigo_plu,vfm_cantidad,vfm_unitario,vfm_total,vfm_entregado) VALUES (8944,764780,1,60,60,@@@NO@@@)','',2,'2013-08-21'),(55758,'INSERT INTO gne_vale_ferreteria (vfe_id,vfe_fecha,vfe_total,vfe_estado,vfe_entregado,usu_nusuario) VALUES (8945,@@@2013.08.21@@@,1060,1,0,@@@m_martinez@@@)','',2,'2013-08-21'),(55759,'INSERT INTO gne_vale_ferreteria_mov (vfe_id,pro_codigo_plu,vfm_cantidad,vfm_unitario,vfm_total,vfm_entregado) VALUES (8945,101677,2,530,1060,@@@NO@@@)','',2,'2013-08-21'),(55760,'INSERT INTO gne_vale_ferreteria (vfe_id,vfe_fecha,vfe_total,vfe_estado,vfe_entregado,usu_nusuario) VALUES (8946,@@@2013.08.21@@@,210,1,0,@@@m_martinez@@@)','',2,'2013-08-21'),(55761,'INSERT INTO gne_vale_ferreteria_mov (vfe_id,pro_codigo_plu,vfm_cantidad,vfm_unitario,vfm_total,vfm_entregado) VALUES (8946,764122,1,210,210,@@@NO@@@)','',2,'2013-08-21'),(55762,'INSERT INTO gne_vale_ferreteria (vfe_id,vfe_fecha,vfe_total,vfe_estado,vfe_entregado,usu_nusuario) VALUES (8947,@@@2013.08.21@@@,500,1,0,@@@m_martinez@@@)','',2,'2013-08-21'),(55763,'INSERT INTO gne_vale_ferreteria_mov (vfe_id,pro_codigo_plu,vfm_cantidad,vfm_unitario,vfm_total,vfm_entregado) VALUES (8947,770065,5,100,500,@@@NO@@@)','',2,'2013-08-21'),(55764,'INSERT INTO gne_vale_ferreteria (vfe_id,vfe_fecha,vfe_total,vfe_estado,vfe_entregado,usu_nusuario) VALUES (8948,@@@2013.08.21@@@,300,1,0,@@@m_martinez@@@)','',2,'2013-08-21'),(55765,'INSERT INTO gne_vale_ferreteria_mov (vfe_id,pro_codigo_plu,vfm_cantidad,vfm_unitario,vfm_total,vfm_entregado) VALUES (8948,8021,2,150,300,@@@NO@@@)','',2,'2013-08-21'),(55766,'INSERT INTO gne_vale_ferreteria (vfe_id,vfe_fecha,vfe_total,vfe_estado,vfe_entregado,usu_nusuario) VALUES (8949,@@@2013.08.21@@@,200,1,0,@@@m_martinez@@@)','',2,'2013-08-21'),(55767,'INSERT INTO gne_vale_ferreteria_mov (vfe_id,pro_codigo_plu,vfm_cantidad,vfm_unitario,vfm_total,vfm_entregado) VALUES (8949,765072,1,200,200,@@@NO@@@)','',2,'2013-08-21'),(55768,'INSERT INTO gne_vale_ferreteria (vfe_id,vfe_fecha,vfe_total,vfe_estado,vfe_entregado,usu_nusuario) VALUES (8950,@@@2013.08.21@@@,590,1,0,@@@m_martinez@@@)','',2,'2013-08-21'),(55769,'INSERT INTO gne_vale_ferreteria_mov (vfe_id,pro_codigo_plu,vfm_cantidad,vfm_unitario,vfm_total,vfm_entregado) VALUES (8950,764921,1,590,590,@@@NO@@@)','',2,'2013-08-21'),(55770,'INSERT INTO gne_vale_ferreteria (vfe_id,vfe_fecha,vfe_total,vfe_estado,vfe_entregado,usu_nusuario) VALUES (8951,@@@2013.08.21@@@,450,1,0,@@@m_martinez@@@)','',2,'2013-08-21'),(55771,'INSERT INTO gne_vale_ferreteria_mov (vfe_id,pro_codigo_plu,vfm_cantidad,vfm_unitario,vfm_total,vfm_entregado) VALUES (8951,764507,1,330,330,@@@NO@@@)','',2,'2013-08-21'),(55772,'INSERT INTO gne_vale_ferreteria_mov (vfe_id,pro_codigo_plu,vfm_cantidad,vfm_unitario,vfm_total,vfm_entregado) VALUES (8951,78017059,1,120,120,@@@NO@@@)','',2,'2013-08-21'),(55773,'INSERT INTO gne_vale_ferreteria (vfe_id,vfe_fecha,vfe_total,vfe_estado,vfe_entregado,usu_nusuario) VALUES (8952,@@@2013.08.21@@@,890,1,0,@@@m_martinez@@@)','',2,'2013-08-21'),(55774,'INSERT INTO gne_vale_ferreteria_mov (vfe_id,pro_codigo_plu,vfm_cantidad,vfm_unitario,vfm_total,vfm_entregado) VALUES (8952,763610,1,890,890,@@@NO@@@)','',2,'2013-08-21'),(55775,'INSERT INTO gne_vale_ferreteria (vfe_id,vfe_fecha,vfe_total,vfe_estado,vfe_entregado,usu_nusuario) VALUES (8953,@@@2013.08.21@@@,960,1,0,@@@m_martinez@@@)','',2,'2013-08-21'),(55776,'INSERT INTO gne_vale_ferreteria_mov (vfe_id,pro_codigo_plu,vfm_cantidad,vfm_unitario,vfm_total,vfm_entregado) VALUES (8953,15949,2,480,960,@@@NO@@@)','',2,'2013-08-21'),(55777,'INSERT INTO gne_vale_ferreteria (vfe_id,vfe_fecha,vfe_total,vfe_estado,vfe_entregado,usu_nusuario) VALUES (8954,@@@2013.08.21@@@,600,1,0,@@@m_martinez@@@)','',2,'2013-08-21'),(55778,'INSERT INTO gne_vale_ferreteria_mov (vfe_id,pro_codigo_plu,vfm_cantidad,vfm_unitario,vfm_total,vfm_entregado) VALUES (8954,78017015,1,150,150,@@@NO@@@)','',2,'2013-08-21'),(55779,'INSERT INTO gne_vale_ferreteria_mov (vfe_id,pro_codigo_plu,vfm_cantidad,vfm_unitario,vfm_total,vfm_entregado) VALUES (8954,761966,1,450,450,@@@NO@@@)','',2,'2013-08-21'),(55780,'INSERT INTO gne_vale_ferreteria (vfe_id,vfe_fecha,vfe_total,vfe_estado,vfe_entregado,usu_nusuario) VALUES (8955,@@@2013.08.21@@@,250,1,0,@@@m_martinez@@@)','',2,'2013-08-21'),(55781,'INSERT INTO gne_vale_ferreteria_mov (vfe_id,pro_codigo_plu,vfm_cantidad,vfm_unitario,vfm_total,vfm_entregado) VALUES (8955,764833,25,10,250,@@@NO@@@)','',2,'2013-08-21'),(55782,'INSERT INTO gne_vale_ferreteria (vfe_id,vfe_fecha,vfe_total,vfe_estado,vfe_entregado,usu_nusuario) VALUES (8956,@@@2013.08.21@@@,200,1,0,@@@m_martinez@@@)','',2,'2013-08-21'),(55783,'INSERT INTO gne_vale_ferreteria_mov (vfe_id,pro_codigo_plu,vfm_cantidad,vfm_unitario,vfm_total,vfm_entregado) VALUES (8956,770039,1,200,200,@@@NO@@@)','',2,'2013-08-21'),(55784,'INSERT INTO gne_vale_ferreteria (vfe_id,vfe_fecha,vfe_total,vfe_estado,vfe_entregado,usu_nusuario) VALUES (8957,@@@2013.08.21@@@,590,1,0,@@@m_martinez@@@)','',2,'2013-08-21'),(55785,'INSERT INTO gne_vale_ferreteria_mov (vfe_id,pro_codigo_plu,vfm_cantidad,vfm_unitario,vfm_total,vfm_entregado) VALUES (8957,53044,1,590,590,@@@NO@@@)','',2,'2013-08-21'),(55786,'INSERT INTO gne_vale_ferreteria (vfe_id,vfe_fecha,vfe_total,vfe_estado,vfe_entregado,usu_nusuario) VALUES (8958,@@@2013.08.21@@@,690,1,0,@@@m_martinez@@@)','',2,'2013-08-21'),(55787,'INSERT INTO gne_vale_ferreteria_mov (vfe_id,pro_codigo_plu,vfm_cantidad,vfm_unitario,vfm_total,vfm_entregado) VALUES (8958,8022,1,120,120,@@@NO@@@)','',2,'2013-08-21'),(55788,'INSERT INTO gne_vale_ferreteria_mov (vfe_id,pro_codigo_plu,vfm_cantidad,vfm_unitario,vfm_total,vfm_entregado) VALUES (8958,764507,1,330,330,@@@NO@@@)','',2,'2013-08-21'),(55789,'INSERT INTO gne_vale_ferreteria_mov (vfe_id,pro_codigo_plu,vfm_cantidad,vfm_unitario,vfm_total,vfm_entregado) VALUES (8958,78017004,1,120,120,@@@NO@@@)','',2,'2013-08-21'),(55790,'INSERT INTO gne_vale_ferreteria_mov (vfe_id,pro_codigo_plu,vfm_cantidad,vfm_unitario,vfm_total,vfm_entregado) VALUES (8958,78017008,1,120,120,@@@NO@@@)','',2,'2013-08-21'),(55791,'INSERT INTO gne_vale_ferreteria (vfe_id,vfe_fecha,vfe_total,vfe_estado,vfe_entregado,usu_nusuario) VALUES (8959,@@@2013.08.21@@@,790,1,0,@@@m_martinez@@@)','',2,'2013-08-21'),(55792,'INSERT INTO gne_vale_ferreteria_mov (vfe_id,pro_codigo_plu,vfm_cantidad,vfm_unitario,vfm_total,vfm_entregado) VALUES (8959,1578,1,790,790,@@@NO@@@)','',2,'2013-08-21'),(55793,'INSERT INTO gne_vale_ferreteria (vfe_id,vfe_fecha,vfe_total,vfe_estado,vfe_entregado,usu_nusuario) VALUES (8960,@@@2013.08.21@@@,3390,1,0,@@@m_martinez@@@)','',2,'2013-08-21'),(55794,'INSERT INTO gne_vale_ferreteria_mov (vfe_id,pro_codigo_plu,vfm_cantidad,vfm_unitario,vfm_total,vfm_entregado) VALUES (8960,763782,1,3390,3390,@@@NO@@@)','',2,'2013-08-21'),(55795,'INSERT INTO gne_vale_ferreteria (vfe_id,vfe_fecha,vfe_total,vfe_estado,vfe_entregado,usu_nusuario) VALUES (8961,@@@2013.08.21@@@,100,1,0,@@@m_martinez@@@)','',2,'2013-08-21'),(55796,'INSERT INTO gne_vale_ferreteria_mov (vfe_id,pro_codigo_plu,vfm_cantidad,vfm_unitario,vfm_total,vfm_entregado) VALUES (8961,7051,1,100,100,@@@NO@@@)','',2,'2013-08-21'),(55797,'INSERT INTO gne_vale_ferreteria (vfe_id,vfe_fecha,vfe_total,vfe_estado,vfe_entregado,usu_nusuario) VALUES (8962,@@@2013.08.21@@@,850,1,0,@@@m_martinez@@@)','',2,'2013-08-21'),(55798,'INSERT INTO gne_vale_ferreteria_mov (vfe_id,pro_codigo_plu,vfm_cantidad,vfm_unitario,vfm_total,vfm_entregado) VALUES (8962,764223,1,490,490,@@@NO@@@)','',2,'2013-08-21'),(55799,'INSERT INTO gne_vale_ferreteria_mov (vfe_id,pro_codigo_plu,vfm_cantidad,vfm_unitario,vfm_total,vfm_entregado) VALUES (8962,78017112,3,120,360,@@@NO@@@)','',2,'2013-08-21'),(55800,'INSERT INTO gne_vale_ferreteria (vfe_id,vfe_fecha,vfe_total,vfe_estado,vfe_entregado,usu_nusuario) VALUES (8963,@@@2013.08.21@@@,590,1,0,@@@m_martinez@@@)','',2,'2013-08-21'),(55801,'INSERT INTO gne_vale_ferreteria_mov (vfe_id,pro_codigo_plu,vfm_cantidad,vfm_unitario,vfm_total,vfm_entregado) VALUES (8963,780220195,1,590,590,@@@NO@@@)','',2,'2013-08-21'),(55802,'INSERT INTO gne_vale_ferreteria (vfe_id,vfe_fecha,vfe_total,vfe_estado,vfe_entregado,usu_nusuario) VALUES (8964,@@@2013.08.21@@@,650,1,0,@@@m_martinez@@@)','',2,'2013-08-21'),(55803,'INSERT INTO gne_vale_ferreteria_mov (vfe_id,pro_codigo_plu,vfm_cantidad,vfm_unitario,vfm_total,vfm_entregado) VALUES (8964,78017198,1,650,650,@@@NO@@@)','',2,'2013-08-21'),(55804,'INSERT INTO gne_vale_ferreteria (vfe_id,vfe_fecha,vfe_total,vfe_estado,vfe_entregado,usu_nusuario) VALUES (8965,@@@2013.08.21@@@,490,1,0,@@@m_martinez@@@)','',2,'2013-08-21'),(55805,'INSERT INTO gne_vale_ferreteria_mov (vfe_id,pro_codigo_plu,vfm_cantidad,vfm_unitario,vfm_total,vfm_entregado) VALUES (8965,78017153,2,30,60,@@@NO@@@)','',2,'2013-08-21'),(55806,'INSERT INTO gne_vale_ferreteria_mov (vfe_id,pro_codigo_plu,vfm_cantidad,vfm_unitario,vfm_total,vfm_entregado) VALUES (8965,764780,1,60,60,@@@NO@@@)','',2,'2013-08-21'),(55807,'INSERT INTO gne_vale_ferreteria_mov (vfe_id,pro_codigo_plu,vfm_cantidad,vfm_unitario,vfm_total,vfm_entregado) VALUES (8965,780220193,1,370,370,@@@NO@@@)','',2,'2013-08-21'),(55808,'INSERT INTO gne_vale_ferreteria (vfe_id,vfe_fecha,vfe_total,vfe_estado,vfe_entregado,usu_nusuario) VALUES (8966,@@@2013.08.21@@@,330,1,0,@@@m_martinez@@@)','',2,'2013-08-21'),(55809,'INSERT INTO gne_vale_ferreteria_mov (vfe_id,pro_codigo_plu,vfm_cantidad,vfm_unitario,vfm_total,vfm_entregado) VALUES (8966,764507,1,330,330,@@@NO@@@)','',2,'2013-08-21'),(55810,'INSERT INTO gne_vale_ferreteria (vfe_id,vfe_fecha,vfe_total,vfe_estado,vfe_entregado,usu_nusuario) VALUES (8967,@@@2013.08.21@@@,1080,1,0,@@@m_martinez@@@)','',2,'2013-08-21'),(55811,'INSERT INTO gne_vale_ferreteria_mov (vfe_id,pro_codigo_plu,vfm_cantidad,vfm_unitario,vfm_total,vfm_entregado) VALUES (8967,19916,2,540,1080,@@@NO@@@)','',2,'2013-08-21'),(55812,'INSERT INTO gne_vale_ferreteria (vfe_id,vfe_fecha,vfe_total,vfe_estado,vfe_entregado,usu_nusuario) VALUES (8968,@@@2013.08.21@@@,290,1,0,@@@m_martinez@@@)','',2,'2013-08-21'),(55813,'INSERT INTO gne_vale_ferreteria_mov (vfe_id,pro_codigo_plu,vfm_cantidad,vfm_unitario,vfm_total,vfm_entregado) VALUES (8968,763772,1,290,290,@@@NO@@@)','',2,'2013-08-21'),(55814,'INSERT INTO gne_vale_ferreteria (vfe_id,vfe_fecha,vfe_total,vfe_estado,vfe_entregado,usu_nusuario) VALUES (8969,@@@2013.08.21@@@,300,1,0,@@@m_martinez@@@)','',2,'2013-08-21'),(55815,'INSERT INTO gne_vale_ferreteria_mov (vfe_id,pro_codigo_plu,vfm_cantidad,vfm_unitario,vfm_total,vfm_entregado) VALUES (8969,780721222,1,300,300,@@@NO@@@)','',2,'2013-08-21'),(55816,'INSERT INTO gne_vale_ferreteria (vfe_id,vfe_fecha,vfe_total,vfe_estado,vfe_entregado,usu_nusuario) VALUES (8970,@@@2013.08.21@@@,490,1,0,@@@m_martinez@@@)','',2,'2013-08-21'),(55817,'INSERT INTO gne_vale_ferreteria_mov (vfe_id,pro_codigo_plu,vfm_cantidad,vfm_unitario,vfm_total,vfm_entregado) VALUES (8970,764509,1,490,490,@@@NO@@@)','',2,'2013-08-21'),(55818,'INSERT INTO gne_vale_ferreteria (vfe_id,vfe_fecha,vfe_total,vfe_estado,vfe_entregado,usu_nusuario) VALUES (8971,@@@2013.08.21@@@,850,1,0,@@@m_martinez@@@)','',2,'2013-08-21'),(55819,'INSERT INTO gne_vale_ferreteria_mov (vfe_id,pro_codigo_plu,vfm_cantidad,vfm_unitario,vfm_total,vfm_entregado) VALUES (8971,764506,1,490,490,@@@NO@@@)','',2,'2013-08-21'),(55820,'INSERT INTO gne_vale_ferreteria_mov (vfe_id,pro_codigo_plu,vfm_cantidad,vfm_unitario,vfm_total,vfm_entregado) VALUES (8971,764766,2,120,240,@@@NO@@@)','',2,'2013-08-21'),(55821,'INSERT INTO gne_vale_ferreteria_mov (vfe_id,pro_codigo_plu,vfm_cantidad,vfm_unitario,vfm_total,vfm_entregado) VALUES (8971,8022,1,120,120,@@@NO@@@)','',2,'2013-08-21'),(55822,'UPDATE mae_productos SET pro_margen_actual=0,pro_precio_venta=1 WHERE pro_codigo_plu=780721681','',2,'2013-08-21'),(55823,'UPDATE mae_productos SET pro_margen_actual=0,pro_precio_venta=1 WHERE pro_codigo_plu=780721667','',2,'2013-08-21'),(55824,'UPDATE mae_productos SET pro_margen_actual=35.8,pro_precio_venta=330 WHERE pro_codigo_plu=763345','',2,'2013-08-21'),(55825,'UPDATE mae_productos SET pro_margen_actual=0,pro_precio_venta=1 WHERE pro_codigo_plu=780721665','',2,'2013-08-21'),(55826,'UPDATE mae_productos SET pro_margen_actual=0,pro_precio_venta=1 WHERE pro_codigo_plu=780721666','',2,'2013-08-21'),(55827,'UPDATE mae_productos SET pro_margen_actual=0,pro_precio_venta=1 WHERE pro_codigo_plu=780721679','',2,'2013-08-21'),(55828,'UPDATE mae_productos SET pro_margen_actual=0,pro_precio_venta=1 WHERE pro_codigo_plu=780721678','',2,'2013-08-21'),(55829,'UPDATE mae_productos SET pro_margen_actual=0,pro_precio_venta=1 WHERE pro_codigo_plu=780721672','',2,'2013-08-21'),(55830,'UPDATE mae_productos SET pro_margen_actual=0,pro_precio_venta=1 WHERE pro_codigo_plu=780721663','',2,'2013-08-21'),(55831,'UPDATE mae_productos SET pro_margen_actual=0,pro_precio_venta=1 WHERE pro_codigo_plu=780721661','',2,'2013-08-21'),(55832,'UPDATE mae_productos SET pro_margen_actual=0,pro_precio_venta=1 WHERE pro_codigo_plu=780721664','',2,'2013-08-21'),(55833,'UPDATE mae_productos SET pro_margen_actual=0,pro_precio_venta=1 WHERE pro_codigo_plu=780721662','',2,'2013-08-21'),(55834,'UPDATE mae_productos SET pro_margen_actual=0,pro_precio_venta=1 WHERE pro_codigo_plu=780721680','',2,'2013-08-21'),(55835,'UPDATE mae_productos SET pro_margen_actual=0,pro_precio_venta=1 WHERE pro_codigo_plu=780721668','',2,'2013-08-21'),(55836,'UPDATE mae_productos SET pro_margen_actual=0,pro_precio_venta=1 WHERE pro_codigo_plu=780721670','',2,'2013-08-21'),(55837,'UPDATE mae_productos SET pro_margen_actual=0,pro_precio_venta=1 WHERE pro_codigo_plu=780721669','',2,'2013-08-21'),(55838,'UPDATE mae_productos SET pro_margen_actual=0,pro_precio_venta=1 WHERE pro_codigo_plu=780721677','',2,'2013-08-21'),(55839,'UPDATE mae_productos SET pro_margen_actual=0,pro_precio_venta=1 WHERE pro_codigo_plu=780721674','',2,'2013-08-21'),(55840,'UPDATE mae_productos SET pro_margen_actual=0,pro_precio_venta=1 WHERE pro_codigo_plu=780721673','',2,'2013-08-21'),(55841,'UPDATE mae_productos SET pro_margen_actual=0,pro_precio_venta=1 WHERE pro_codigo_plu=780721676','',2,'2013-08-21'),(55842,'UPDATE mae_productos SET pro_margen_actual=0,pro_precio_venta=1 WHERE pro_codigo_plu=780721675','',2,'2013-08-21'),(55843,'UPDATE mae_productos SET pro_margen_actual=0,pro_precio_venta=550 WHERE pro_codigo_plu=18049','',2,'2013-08-21'),(55844,'UPDATE mae_productos SET pro_precio_fiscal=pro_precio_venta WHERE pro_codigo_plu=18049','',2,'2013-08-21'),(55845,'INSERT INTO gne_vale_ferreteria (vfe_id,vfe_fecha,vfe_total,vfe_estado,vfe_entregado,usu_nusuario) VALUES (8972,@@@2013.08.21@@@,400,1,0,@@@m_martinez@@@)','',2,'2013-08-21'),(55846,'INSERT INTO gne_vale_ferreteria_mov (vfe_id,pro_codigo_plu,vfm_cantidad,vfm_unitario,vfm_total,vfm_entregado) VALUES (8972,78017238,2,200,400,@@@NO@@@)','',2,'2013-08-21'),(55847,'UPDATE mae_productos SET pro_codigo_barra=@@@7072@@@,pro_tipo=@@@0@@@,pro_nombre_producto=@@@PEGOTE DELGADO 12 MM@@@,pro_nombre_corto=@@@PEGOTE DELGADO@@@,med_id=@@@1@@@,emb_id=@@@3@@@,pro_unidades_embalaje=@@@0@@@,dep_id=@@@24 @@@,lin_id=@@@137@@@,mar_id=@@@2507@@@,pro_precio_compra_neto=@@@0@@@,pro_precio_compra_bruto=@@@251@@@,pro_precio_venta=@@@550@@@,pro_margen_actual=@@@119.12@@@,pro_oferta=@@@NO@@@,pro_fecha_inicio_oferta=@@@2013.06.26@@@,pro_fecha_termino_oferta=@@@2013.06.26@@@,pro_precio_oferta=@@@0@@@,pro_stock_minimo=@@@5@@@,pro_stock_critico=@@@2@@@,pro_activo=@@@1@@@,pro_unidad=@@@0@@@,pro_precio_compra_bruto=251,pro_margen_actual=119.12,pro_capacidad=10,pro_funcion_plu=0,pro_flejes=1,pro_iva=1,pro_plu_asociado=0,pro_envase=@@@NO@@@,pro_duracion=0,pro_numero_etiqueta=0 WHERE pro_codigo_plu=@@@780721253@@@','',2,'2013-08-21'),(55848,'UPDATE mae_productos SET pro_estado=1 WHERE pro_codigo_plu=780721253','',2,'2013-08-21'),(55849,'DELETE FROM mae_impuestos_productos WHERE pro_codigo_plu=@@@780721253@@@','',2,'2013-08-21'),(55850,'INSERT INTO gne_vale_ferreteria (vfe_id,vfe_fecha,vfe_total,vfe_estado,vfe_entregado,usu_nusuario) VALUES (8973,@@@2013.08.21@@@,4990,1,0,@@@m_martinez@@@)','',2,'2013-08-21'),(55851,'INSERT INTO gne_vale_ferreteria_mov (vfe_id,pro_codigo_plu,vfm_cantidad,vfm_unitario,vfm_total,vfm_entregado) VALUES (8973,780721303,1,4990,4990,@@@NO@@@)','',2,'2013-08-21'),(55852,'UPDATE mae_productos SET pro_codigo_barra=@@@6922735506005@@@,pro_tipo=@@@0@@@,pro_nombre_producto=@@@PAPEL FOTOGRAFICO DATACE X 1 UND@@@,pro_nombre_corto=@@@PAPEL FOTOGRAFIC@@@,med_id=@@@1@@@,emb_id=@@@4@@@,pro_unidades_embalaje=@@@20@@@,dep_id=@@@24 @@@,lin_id=@@@140@@@,mar_id=@@@2507@@@,pro_precio_compra_neto=@@@0@@@,pro_precio_compra_bruto=@@@74.75@@@,pro_precio_venta=@@@1@@@,pro_margen_actual=@@@-98.66@@@,pro_oferta=@@@NO@@@,pro_fecha_inicio_oferta=@@@2006.09.07@@@,pro_fecha_termino_oferta=@@@2006.09.07@@@,pro_precio_oferta=@@@0@@@,pro_stock_minimo=@@@20@@@,pro_stock_critico=@@@10@@@,pro_activo=@@@1@@@,pro_unidad=@@@0@@@,pro_precio_compra_bruto=74.75,pro_margen_actual=-98.66,pro_capacidad=1,pro_funcion_plu=0,pro_flejes=1,pro_iva=1,pro_plu_asociado=0,pro_envase=@@@NO@@@,pro_duracion=0,pro_numero_etiqueta=0 WHERE pro_codigo_plu=@@@780721659@@@','',2,'2013-08-21'),(55853,'UPDATE mae_productos SET pro_estado=1 WHERE pro_codigo_plu=780721659','',2,'2013-08-21'),(55854,'DELETE FROM mae_impuestos_productos WHERE pro_codigo_plu=@@@780721659@@@','',2,'2013-08-21'),(55855,'INSERT INTO gne_vale_ferreteria (vfe_id,vfe_fecha,vfe_total,vfe_estado,vfe_entregado,usu_nusuario) VALUES (8974,@@@2013.08.21@@@,300,1,0,@@@m_martinez@@@)','',2,'2013-08-21'),(55856,'INSERT INTO gne_vale_ferreteria_mov (vfe_id,pro_codigo_plu,vfm_cantidad,vfm_unitario,vfm_total,vfm_entregado) VALUES (8974,780721221,1,300,300,@@@NO@@@)','',2,'2013-08-21'),(55857,'UPDATE mae_productos SET pro_precio_venta=150,pro_margen_actual=45.63, pro_precio_compra_bruto=103, pro_precio_compra_neto=86.5546218487395 WHERE pro_codigo_plu=780721387','',2,'2013-08-21'),(55858,'UPDATE mae_productos SET pro_precio_venta=1050,pro_margen_actual=52.39, pro_precio_compra_bruto=689, pro_precio_compra_neto=578.991596638655 WHERE pro_codigo_plu=780721061','',2,'2013-08-21'),(55859,'UPDATE mae_productos SET pro_precio_venta=100,pro_margen_actual=122.22, pro_precio_compra_bruto=45, pro_precio_compra_neto=37.8151260504202 WHERE pro_codigo_plu=780721658','',2,'2013-08-21'),(55860,'UPDATE mae_productos SET pro_precio_venta=200,pro_margen_actual=167.56, pro_precio_compra_bruto=74.75, pro_precio_compra_neto=62.8151260504202 WHERE pro_codigo_plu=780721659','',2,'2013-08-21'),(55861,'UPDATE mae_productos SET pro_precio_venta=490,pro_margen_actual=54.09, pro_precio_compra_bruto=318, pro_precio_compra_neto=267.226890756303 WHERE pro_codigo_plu=780721660','',2,'2013-08-21'),(55862,'UPDATE mae_productos SET pro_precio_venta=650,pro_margen_actual=52.69, pro_precio_compra_bruto=425.7, pro_precio_compra_neto=357.731092436975 WHERE pro_codigo_plu=780721668','',2,'2013-08-21'),(55863,'UPDATE mae_productos SET pro_precio_fiscal=pro_precio_venta WHERE pro_codigo_plu=780721668','',2,'2013-08-21'),(55864,'INSERT INTO gne_vale_ferreteria (vfe_id,vfe_fecha,vfe_total,vfe_estado,vfe_entregado,usu_nusuario) VALUES (8975,@@@2013.08.21@@@,450,1,0,@@@m_martinez@@@)','',2,'2013-08-21'),(55865,'INSERT INTO gne_vale_ferreteria_mov (vfe_id,pro_codigo_plu,vfm_cantidad,vfm_unitario,vfm_total,vfm_entregado) VALUES (8975,764539,1,450,450,@@@NO@@@)','',2,'2013-08-21'),(55866,'UPDATE mae_productos SET pro_codigo_barra=@@@7807265980756@@@,pro_tipo=@@@0@@@,pro_nombre_producto=@@@LAPICES COLORES ISOFIT LARGO@@@,pro_nombre_corto=@@@LAPICES DE COLOR@@@,med_id=@@@1@@@,emb_id=@@@6@@@,pro_unidades_embalaje=@@@12@@@,dep_id=@@@2 @@@,lin_id=@@@41@@@,mar_id=@@@1253@@@,pro_precio_compra_neto=@@@0@@@,pro_precio_compra_bruto=@@@420.9@@@,pro_precio_venta=@@@1@@@,pro_margen_actual=@@@-99.76@@@,pro_oferta=@@@NO@@@,pro_fecha_inicio_oferta=@@@2006.09.07@@@,pro_fecha_termino_oferta=@@@2006.09.07@@@,pro_precio_oferta=@@@0@@@,pro_stock_minimo=@@@5@@@,pro_stock_critico=@@@3@@@,pro_activo=@@@1@@@,pro_unidad=@@@0@@@,pro_precio_compra_bruto=420.9,pro_margen_actual=-99.76,pro_capacidad=0,pro_funcion_plu=0,pro_flejes=1,pro_iva=1,pro_plu_asociado=0,pro_envase=@@@NO@@@,pro_duracion=0,pro_numero_etiqueta=0 WHERE pro_codigo_plu=@@@780721666@@@','',2,'2013-08-21'),(55867,'UPDATE mae_productos SET pro_estado=1 WHERE pro_codigo_plu=780721666','',2,'2013-08-21'),(55868,'DELETE FROM mae_impuestos_productos WHERE pro_codigo_plu=@@@780721666@@@','',2,'2013-08-21'),(55869,'INSERT INTO gne_vale_ferreteria (vfe_id,vfe_fecha,vfe_total,vfe_estado,vfe_entregado,usu_nusuario) VALUES (8976,@@@2013.08.21@@@,140,1,0,@@@m_martinez@@@)','',2,'2013-08-21'),(55870,'INSERT INTO gne_vale_ferreteria_mov (vfe_id,pro_codigo_plu,vfm_cantidad,vfm_unitario,vfm_total,vfm_entregado) VALUES (8976,764364,1,140,140,@@@NO@@@)','',2,'2013-08-21'),(55871,'UPDATE mae_productos SET pro_precio_venta=990,pro_margen_actual=48.65, pro_precio_compra_bruto=666, pro_precio_compra_neto=559.663865546219 WHERE pro_codigo_plu=780721662','',2,'2013-08-21'),(55872,'UPDATE mae_productos SET pro_precio_venta=990,pro_margen_actual=48.65, pro_precio_compra_bruto=666, pro_precio_compra_neto=559.663865546219 WHERE pro_codigo_plu=780721661','',2,'2013-08-21'),(55873,'UPDATE mae_productos SET pro_precio_venta=250,pro_margen_actual=47.93, pro_precio_compra_bruto=169, pro_precio_compra_neto=142.016806722689 WHERE pro_codigo_plu=780721663','',2,'2013-08-21'),(55874,'UPDATE mae_productos SET pro_precio_venta=250,pro_margen_actual=59.25, pro_precio_compra_bruto=156.99, pro_precio_compra_neto=131.924369747899 WHERE pro_codigo_plu=780721664','',2,'2013-08-21'),(55875,'UPDATE mae_productos SET pro_precio_venta=2690,pro_margen_actual=37.95, pro_precio_compra_bruto=1950, pro_precio_compra_neto=1638.65546218487 WHERE pro_codigo_plu=780721665','',2,'2013-08-21'),(55876,'UPDATE mae_productos SET pro_precio_venta=490,pro_margen_actual=42.86, pro_precio_compra_bruto=343, pro_precio_compra_neto=288.235294117647 WHERE pro_codigo_plu=780721681','',2,'2013-08-21'),(55877,'UPDATE mae_productos SET pro_precio_venta=650,pro_margen_actual=54.43, pro_precio_compra_bruto=420.9, pro_precio_compra_neto=353.697478991597 WHERE pro_codigo_plu=780721666','',2,'2013-08-21'),(55878,'UPDATE mae_productos SET pro_precio_venta=230,pro_margen_actual=50, pro_precio_compra_bruto=151.9, pro_precio_compra_neto=127.647058823529 WHERE pro_codigo_plu=780721667','',2,'2013-08-21'),(55879,'UPDATE mae_productos SET pro_precio_venta=490,pro_margen_actual=56.55, pro_precio_compra_bruto=313, pro_precio_compra_neto=263.025210084034 WHERE pro_codigo_plu=780721669','',2,'2013-08-21'),(55880,'UPDATE mae_productos SET pro_precio_venta=499,pro_margen_actual=51.21, pro_precio_compra_bruto=330, pro_precio_compra_neto=277.310924369748 WHERE pro_codigo_plu=780721670','',2,'2013-08-21'),(55881,'UPDATE mae_productos SET pro_precio_venta=150,pro_margen_actual=50.06, pro_precio_compra_bruto=99.96, pro_precio_compra_neto=84 WHERE pro_codigo_plu=780721678','',2,'2013-08-21'),(55882,'UPDATE mae_productos SET pro_precio_venta=150,pro_margen_actual=50.06, pro_precio_compra_bruto=99.96, pro_precio_compra_neto=84 WHERE pro_codigo_plu=780721679','',2,'2013-08-21'),(55883,'UPDATE mae_productos SET pro_precio_venta=150,pro_margen_actual=50.06, pro_precio_compra_bruto=99.96, pro_precio_compra_neto=84 WHERE pro_codigo_plu=780721680','',2,'2013-08-21'),(55884,'UPDATE mae_productos SET pro_precio_venta=70,pro_margen_actual=84.21, pro_precio_compra_bruto=38, pro_precio_compra_neto=31.9327731092437 WHERE pro_codigo_plu=78017027','',2,'2013-08-21'),(55885,'UPDATE mae_productos SET pro_precio_venta=120,pro_margen_actual=83.21, pro_precio_compra_bruto=65.5, pro_precio_compra_neto=55.0420168067227 WHERE pro_codigo_plu=770065','',2,'2013-08-21'),(55886,'UPDATE mae_productos SET pro_precio_venta=1390,pro_margen_actual=48.24, pro_precio_compra_bruto=937.7, pro_precio_compra_neto=787.983193277311 WHERE pro_codigo_plu=780721672','',2,'2013-08-21'),(55887,'UPDATE mae_productos SET pro_precio_venta=790,pro_margen_actual=37.42, pro_precio_compra_bruto=574.9, pro_precio_compra_neto=483.109243697479 WHERE pro_codigo_plu=780721674','',2,'2013-08-21'),(55888,'UPDATE mae_productos SET pro_precio_venta=790,pro_margen_actual=37.42, pro_precio_compra_bruto=574.9, pro_precio_compra_neto=483.109243697479 WHERE pro_codigo_plu=780721673','',2,'2013-08-21'),(55889,'UPDATE mae_productos SET pro_precio_venta=790,pro_margen_actual=37.42, pro_precio_compra_bruto=574.9, pro_precio_compra_neto=483.109243697479 WHERE pro_codigo_plu=780721676','',2,'2013-08-21'),(55890,'UPDATE mae_productos SET pro_precio_venta=790,pro_margen_actual=34.13, pro_precio_compra_bruto=589, pro_precio_compra_neto=494.957983193277 WHERE pro_codigo_plu=764317','',2,'2013-08-21'),(55891,'UPDATE mae_productos SET pro_precio_venta=399,pro_margen_actual=40.99, pro_precio_compra_bruto=283, pro_precio_compra_neto=237.81512605042 WHERE pro_codigo_plu=780721677','',2,'2013-08-21'),(55892,'UPDATE mae_productos SET pro_precio_venta=120,pro_margen_actual=96.75, pro_precio_compra_bruto=60.99, pro_precio_compra_neto=51.2521008403361 WHERE pro_codigo_plu=764159','',2,'2013-08-21'),(55893,'UPDATE mae_productos SET pro_precio_venta=790,pro_margen_actual=34.13, pro_precio_compra_bruto=589, pro_precio_compra_neto=494.957983193277 WHERE pro_codigo_plu=780721675','',2,'2013-08-21'),(55894,'INSERT INTO gne_vale_ferreteria (vfe_id,vfe_fecha,vfe_total,vfe_estado,vfe_entregado,usu_nusuario) VALUES (8977,@@@2013.08.21@@@,1670,1,0,@@@m_martinez@@@)','',2,'2013-08-21'),(55895,'INSERT INTO gne_vale_ferreteria_mov (vfe_id,pro_codigo_plu,vfm_cantidad,vfm_unitario,vfm_total,vfm_entregado) VALUES (8977,763806,1,1050,1050,@@@NO@@@)','',2,'2013-08-21'),(55896,'INSERT INTO gne_vale_ferreteria_mov (vfe_id,pro_codigo_plu,vfm_cantidad,vfm_unitario,vfm_total,vfm_entregado) VALUES (8977,9900006,1,150,150,@@@NO@@@)','',2,'2013-08-21'),(55897,'INSERT INTO gne_vale_ferreteria_mov (vfe_id,pro_codigo_plu,vfm_cantidad,vfm_unitario,vfm_total,vfm_entregado) VALUES (8977,763800,1,470,470,@@@NO@@@)','',2,'2013-08-21'),(55898,'UPDATE mae_productos SET pro_precio_compra_bruto=103,pro_margen_actual=(pro_precio_venta-103)/103 * 100,pro_ultima_compra=@@@2013.08.21@@@,pro_ultimo_proveedor=@@@88755700-4@@@ WHERE pro_codigo_plu=780721387','',2,'2013-08-21'),(55899,'UPDATE mae_productos SET pro_precio_compra_bruto=251,pro_margen_actual=(pro_precio_venta-251)/251 * 100,pro_ultima_compra=@@@2013.08.21@@@,pro_ultimo_proveedor=@@@88755700-4@@@ WHERE pro_codigo_plu=780721253','',2,'2013-08-21'),(55900,'UPDATE mae_productos SET pro_precio_compra_bruto=689,pro_margen_actual=(pro_precio_venta-689)/689 * 100,pro_ultima_compra=@@@2013.08.21@@@,pro_ultimo_proveedor=@@@88755700-4@@@ WHERE pro_codigo_plu=780721061','',2,'2013-08-21'),(55901,'UPDATE mae_productos SET pro_precio_compra_bruto=45,pro_margen_actual=(pro_precio_venta-45)/45 * 100,pro_ultima_compra=@@@2013.08.21@@@,pro_ultimo_proveedor=@@@88755700-4@@@ WHERE pro_codigo_plu=78017163','',2,'2013-08-21'),(55902,'UPDATE mae_productos SET pro_precio_compra_bruto=45,pro_margen_actual=(pro_precio_venta-45)/45 * 100,pro_ultima_compra=@@@2013.08.21@@@,pro_ultimo_proveedor=@@@88755700-4@@@ WHERE pro_codigo_plu=780721658','',2,'2013-08-21'),(55903,'UPDATE mae_productos SET pro_precio_compra_bruto=74.75,pro_margen_actual=(pro_precio_venta-74.75)/74.75 * 100,pro_ultima_compra=@@@2013.08.21@@@,pro_ultimo_proveedor=@@@88755700-4@@@ WHERE pro_codigo_plu=780721659','',2,'2013-08-21'),(55904,'UPDATE mae_productos SET pro_precio_compra_bruto=61,pro_margen_actual=(pro_precio_venta-61)/61 * 100,pro_ultima_compra=@@@2013.08.21@@@,pro_ultimo_proveedor=@@@88755700-4@@@ WHERE pro_codigo_plu=764766','',2,'2013-08-21'),(55905,'UPDATE mae_productos SET pro_precio_compra_bruto=318,pro_margen_actual=(pro_precio_venta-318)/318 * 100,pro_ultima_compra=@@@2013.08.21@@@,pro_ultimo_proveedor=@@@88755700-4@@@ WHERE pro_codigo_plu=780721660','',2,'2013-08-21'),(55906,'UPDATE mae_productos SET pro_precio_compra_bruto=425.7,pro_margen_actual=(pro_precio_venta-425.7)/425.7 * 100,pro_ultima_compra=@@@2013.08.21@@@,pro_ultimo_proveedor=@@@88755700-4@@@ WHERE pro_codigo_plu=780721668','',2,'2013-08-21'),(55907,'UPDATE mae_productos SET pro_precio_compra_bruto=666,pro_margen_actual=(pro_precio_venta-666)/666 * 100,pro_ultima_compra=@@@2013.08.21@@@,pro_ultimo_proveedor=@@@88755700-4@@@ WHERE pro_codigo_plu=780721662','',2,'2013-08-21'),(55908,'UPDATE mae_productos SET pro_precio_compra_bruto=666,pro_margen_actual=(pro_precio_venta-666)/666 * 100,pro_ultima_compra=@@@2013.08.21@@@,pro_ultimo_proveedor=@@@88755700-4@@@ WHERE pro_codigo_plu=780721661','',2,'2013-08-21'),(55909,'UPDATE mae_productos SET pro_precio_compra_bruto=169,pro_margen_actual=(pro_precio_venta-169)/169 * 100,pro_ultima_compra=@@@2013.08.21@@@,pro_ultimo_proveedor=@@@88755700-4@@@ WHERE pro_codigo_plu=780721663','',2,'2013-08-21'),(55910,'UPDATE mae_productos SET pro_precio_compra_bruto=156.99,pro_margen_actual=(pro_precio_venta-156.99)/156.99 * 100,pro_ultima_compra=@@@2013.08.21@@@,pro_ultimo_proveedor=@@@88755700-4@@@ WHERE pro_codigo_plu=780721664','',2,'2013-08-21'),(55911,'UPDATE mae_productos SET pro_precio_compra_bruto=1950,pro_margen_actual=(pro_precio_venta-1950)/1950 * 100,pro_ultima_compra=@@@2013.08.21@@@,pro_ultimo_proveedor=@@@88755700-4@@@ WHERE pro_codigo_plu=780721665','',2,'2013-08-21'),(55912,'UPDATE mae_productos SET pro_precio_compra_bruto=343,pro_margen_actual=(pro_precio_venta-343)/343 * 100,pro_ultima_compra=@@@2013.08.21@@@,pro_ultimo_proveedor=@@@88755700-4@@@ WHERE pro_codigo_plu=780721681','',2,'2013-08-21'),(55913,'UPDATE mae_productos SET pro_precio_compra_bruto=420.9,pro_margen_actual=(pro_precio_venta-420.9)/420.9 * 100,pro_ultima_compra=@@@2013.08.21@@@,pro_ultimo_proveedor=@@@88755700-4@@@ WHERE pro_codigo_plu=780721666','',2,'2013-08-21'),(55914,'UPDATE mae_productos SET pro_precio_compra_bruto=151.9,pro_margen_actual=(pro_precio_venta-151.9)/151.9 * 100,pro_ultima_compra=@@@2013.08.21@@@,pro_ultimo_proveedor=@@@88755700-4@@@ WHERE pro_codigo_plu=780721667','',2,'2013-08-21'),(55915,'UPDATE mae_productos SET pro_precio_compra_bruto=313,pro_margen_actual=(pro_precio_venta-313)/313 * 100,pro_ultima_compra=@@@2013.08.21@@@,pro_ultimo_proveedor=@@@88755700-4@@@ WHERE pro_codigo_plu=780721669','',2,'2013-08-21'),(55916,'UPDATE mae_productos SET pro_precio_compra_bruto=330,pro_margen_actual=(pro_precio_venta-330)/330 * 100,pro_ultima_compra=@@@2013.08.21@@@,pro_ultimo_proveedor=@@@88755700-4@@@ WHERE pro_codigo_plu=780721670','',2,'2013-08-21'),(55917,'UPDATE mae_productos SET pro_precio_compra_bruto=99.96,pro_margen_actual=(pro_precio_venta-99.96)/99.96 * 100,pro_ultima_compra=@@@2013.08.21@@@,pro_ultimo_proveedor=@@@88755700-4@@@ WHERE pro_codigo_plu=780721678','',2,'2013-08-21'),(55918,'UPDATE mae_productos SET pro_precio_compra_bruto=99.96,pro_margen_actual=(pro_precio_venta-99.96)/99.96 * 100,pro_ultima_compra=@@@2013.08.21@@@,pro_ultimo_proveedor=@@@88755700-4@@@ WHERE pro_codigo_plu=780721679','',2,'2013-08-21'),(55919,'UPDATE mae_productos SET pro_precio_compra_bruto=99.96,pro_margen_actual=(pro_precio_venta-99.96)/99.96 * 100,pro_ultima_compra=@@@2013.08.21@@@,pro_ultimo_proveedor=@@@88755700-4@@@ WHERE pro_codigo_plu=780721680','',2,'2013-08-21'),(55920,'UPDATE mae_productos SET pro_precio_compra_bruto=182.9,pro_margen_actual=(pro_precio_venta-182.9)/182.9 * 100,pro_ultima_compra=@@@2013.08.21@@@,pro_ultimo_proveedor=@@@88755700-4@@@ WHERE pro_codigo_plu=765064','',2,'2013-08-21'),(55921,'UPDATE mae_productos SET pro_precio_compra_bruto=38,pro_margen_actual=(pro_precio_venta-38)/38 * 100,pro_ultima_compra=@@@2013.08.21@@@,pro_ultimo_proveedor=@@@88755700-4@@@ WHERE pro_codigo_plu=78017027','',2,'2013-08-21'),(55922,'UPDATE mae_productos SET pro_precio_compra_bruto=65.5,pro_margen_actual=(pro_precio_venta-65.5)/65.5 * 100,pro_ultima_compra=@@@2013.08.21@@@,pro_ultimo_proveedor=@@@88755700-4@@@ WHERE pro_codigo_plu=770065','',2,'2013-08-21'),(55923,'UPDATE mae_productos SET pro_precio_compra_bruto=937.7,pro_margen_actual=(pro_precio_venta-937.7)/937.7 * 100,pro_ultima_compra=@@@2013.08.21@@@,pro_ultimo_proveedor=@@@88755700-4@@@ WHERE pro_codigo_plu=780721672','',2,'2013-08-21'),(55924,'UPDATE mae_productos SET pro_precio_compra_bruto=178,pro_margen_actual=(pro_precio_venta-178)/178 * 100,pro_ultima_compra=@@@2013.08.21@@@,pro_ultimo_proveedor=@@@88755700-4@@@ WHERE pro_codigo_plu=78017145','',2,'2013-08-21'),(55925,'UPDATE mae_productos SET pro_precio_compra_bruto=574.9,pro_margen_actual=(pro_precio_venta-574.9)/574.9 * 100,pro_ultima_compra=@@@2013.08.21@@@,pro_ultimo_proveedor=@@@88755700-4@@@ WHERE pro_codigo_plu=780721674','',2,'2013-08-21'),(55926,'UPDATE mae_productos SET pro_precio_compra_bruto=574.9,pro_margen_actual=(pro_precio_venta-574.9)/574.9 * 100,pro_ultima_compra=@@@2013.08.21@@@,pro_ultimo_proveedor=@@@88755700-4@@@ WHERE pro_codigo_plu=780721673','',2,'2013-08-21'),(55927,'UPDATE mae_productos SET pro_precio_compra_bruto=574.9,pro_margen_actual=(pro_precio_venta-574.9)/574.9 * 100,pro_ultima_compra=@@@2013.08.21@@@,pro_ultimo_proveedor=@@@88755700-4@@@ WHERE pro_codigo_plu=780721676','',2,'2013-08-21'),(55928,'UPDATE mae_productos SET pro_precio_compra_bruto=589,pro_margen_actual=(pro_precio_venta-589)/589 * 100,pro_ultima_compra=@@@2013.08.21@@@,pro_ultimo_proveedor=@@@88755700-4@@@ WHERE pro_codigo_plu=764317','',2,'2013-08-21'),(55929,'UPDATE mae_productos SET pro_precio_compra_bruto=307.9,pro_margen_actual=(pro_precio_venta-307.9)/307.9 * 100,pro_ultima_compra=@@@2013.08.21@@@,pro_ultimo_proveedor=@@@88755700-4@@@ WHERE pro_codigo_plu=763892','',2,'2013-08-21'),(55930,'UPDATE mae_productos SET pro_precio_compra_bruto=283,pro_margen_actual=(pro_precio_venta-283)/283 * 100,pro_ultima_compra=@@@2013.08.21@@@,pro_ultimo_proveedor=@@@88755700-4@@@ WHERE pro_codigo_plu=780721677','',2,'2013-08-21'),(55931,'UPDATE mae_productos SET pro_precio_compra_bruto=60.99,pro_margen_actual=(pro_precio_venta-60.99)/60.99 * 100,pro_ultima_compra=@@@2013.08.21@@@,pro_ultimo_proveedor=@@@88755700-4@@@ WHERE pro_codigo_plu=764159','',2,'2013-08-21'),(55932,'UPDATE mae_productos SET pro_precio_compra_bruto=589,pro_margen_actual=(pro_precio_venta-589)/589 * 100,pro_ultima_compra=@@@2013.08.21@@@,pro_ultimo_proveedor=@@@88755700-4@@@ WHERE pro_codigo_plu=780721675','',2,'2013-08-21'),(55933,'UPDATE mae_productos SET pro_precio_compra_bruto=175.85,pro_margen_actual=(pro_precio_venta-175.85)/175.85 * 100,pro_ultima_compra=@@@2013.08.21@@@,pro_ultimo_proveedor=@@@76005373-2@@@ WHERE pro_codigo_plu=78017089','',2,'2013-08-21'),(55934,'UPDATE mae_productos SET pro_precio_compra_bruto=175.85,pro_margen_actual=(pro_precio_venta-175.85)/175.85 * 100,pro_ultima_compra=@@@2013.08.21@@@,pro_ultimo_proveedor=@@@76005373-2@@@ WHERE pro_codigo_plu=78017096','',2,'2013-08-21'),(55935,'UPDATE mae_productos SET pro_precio_compra_bruto=142.681,pro_margen_actual=(pro_precio_venta-142.681)/142.681 * 100,pro_ultima_compra=@@@2013.08.21@@@,pro_ultimo_proveedor=@@@76005373-2@@@ WHERE pro_codigo_plu=12997','',2,'2013-08-21'),(55936,'UPDATE mae_productos SET pro_precio_compra_bruto=142.681,pro_margen_actual=(pro_precio_venta-142.681)/142.681 * 100,pro_ultima_compra=@@@2013.08.21@@@,pro_ultimo_proveedor=@@@76005373-2@@@ WHERE pro_codigo_plu=763483','',2,'2013-08-21'),(55937,'UPDATE mae_productos SET pro_precio_compra_bruto=142.681,pro_margen_actual=(pro_precio_venta-142.681)/142.681 * 100,pro_ultima_compra=@@@2013.08.21@@@,pro_ultimo_proveedor=@@@76005373-2@@@ WHERE pro_codigo_plu=763482','',2,'2013-08-21'),(55938,'UPDATE mae_productos SET pro_precio_compra_bruto=142.681,pro_margen_actual=(pro_precio_venta-142.681)/142.681 * 100,pro_ultima_compra=@@@2013.08.21@@@,pro_ultimo_proveedor=@@@76005373-2@@@ WHERE pro_codigo_plu=762515','',2,'2013-08-21'),(55939,'UPDATE mae_productos SET pro_precio_compra_bruto=142.681,pro_margen_actual=(pro_precio_venta-142.681)/142.681 * 100,pro_ultima_compra=@@@2013.08.21@@@,pro_ultimo_proveedor=@@@76005373-2@@@ WHERE pro_codigo_plu=101418','',2,'2013-08-21'),(55940,'UPDATE mae_productos SET pro_precio_compra_bruto=142.681,pro_margen_actual=(pro_precio_venta-142.681)/142.681 * 100,pro_ultima_compra=@@@2013.08.21@@@,pro_ultimo_proveedor=@@@76005373-2@@@ WHERE pro_codigo_plu=12994','',2,'2013-08-21'),(55941,'UPDATE mae_productos SET pro_precio_compra_bruto=142.681,pro_margen_actual=(pro_precio_venta-142.681)/142.681 * 100,pro_ultima_compra=@@@2013.08.21@@@,pro_ultimo_proveedor=@@@76005373-2@@@ WHERE pro_codigo_plu=12995','',2,'2013-08-21'),(55942,'UPDATE mae_productos SET pro_precio_compra_bruto=142.681,pro_margen_actual=(pro_precio_venta-142.681)/142.681 * 100,pro_ultima_compra=@@@2013.08.21@@@,pro_ultimo_proveedor=@@@76005373-2@@@ WHERE pro_codigo_plu=12996','',2,'2013-08-21'),(55943,'UPDATE mae_productos SET pro_precio_compra_bruto=97.5,pro_margen_actual=(pro_precio_venta-97.5)/97.5 * 100,pro_ultima_compra=@@@2013.08.21@@@,pro_ultimo_proveedor=@@@76005373-2@@@ WHERE pro_codigo_plu=12089','',2,'2013-08-21'),(55944,'UPDATE mae_productos SET pro_precio_compra_bruto=77.9,pro_margen_actual=(pro_precio_venta-77.9)/77.9 * 100,pro_ultima_compra=@@@2013.08.21@@@,pro_ultimo_proveedor=@@@76005373-2@@@ WHERE pro_codigo_plu=101895','',2,'2013-08-21'),(55945,'UPDATE mae_productos SET pro_precio_compra_bruto=198,pro_margen_actual=(pro_precio_venta-198)/198 * 100,pro_ultima_compra=@@@2013.08.21@@@,pro_ultimo_proveedor=@@@76005373-2@@@ WHERE pro_codigo_plu=12836','',2,'2013-08-21'),(55946,'UPDATE mae_productos SET pro_precio_compra_bruto=69.6,pro_margen_actual=(pro_precio_venta-69.6)/69.6 * 100,pro_ultima_compra=@@@2013.08.21@@@,pro_ultimo_proveedor=@@@76005373-2@@@ WHERE pro_codigo_plu=12959','',2,'2013-08-21'),(55947,'UPDATE mae_productos SET pro_precio_compra_bruto=69.6,pro_margen_actual=(pro_precio_venta-69.6)/69.6 * 100,pro_ultima_compra=@@@2013.08.21@@@,pro_ultimo_proveedor=@@@76005373-2@@@ WHERE pro_codigo_plu=780721640','',2,'2013-08-21'),(55948,'UPDATE mae_productos SET pro_precio_compra_bruto=69.6,pro_margen_actual=(pro_precio_venta-69.6)/69.6 * 100,pro_ultima_compra=@@@2013.08.21@@@,pro_ultimo_proveedor=@@@76005373-2@@@ WHERE pro_codigo_plu=102496','',2,'2013-08-21'),(55949,'UPDATE mae_productos SET pro_precio_compra_bruto=198,pro_margen_actual=(pro_precio_venta-198)/198 * 100,pro_ultima_compra=@@@2013.08.21@@@,pro_ultimo_proveedor=@@@76005373-2@@@ WHERE pro_codigo_plu=12835','',2,'2013-08-21'),(55950,'UPDATE mae_productos SET pro_precio_compra_bruto=28,pro_margen_actual=(pro_precio_venta-28)/28 * 100,pro_ultima_compra=@@@2013.08.21@@@,pro_ultimo_proveedor=@@@76005373-2@@@ WHERE pro_codigo_plu=780721483','',2,'2013-08-21'),(55951,'UPDATE mae_productos SET pro_precio_compra_bruto=28,pro_margen_actual=(pro_precio_venta-28)/28 * 100,pro_ultima_compra=@@@2013.08.21@@@,pro_ultimo_proveedor=@@@76005373-2@@@ WHERE pro_codigo_plu=21379','',2,'2013-08-21'),(55952,'UPDATE mae_productos SET pro_precio_compra_bruto=569.4,pro_margen_actual=(pro_precio_venta-569.4)/569.4 * 100,pro_ultima_compra=@@@2013.08.21@@@,pro_ultimo_proveedor=@@@76005373-2@@@ WHERE pro_codigo_plu=780721237','',2,'2013-08-21'),(55953,'UPDATE mae_productos SET pro_precio_compra_bruto=77.9,pro_margen_actual=(pro_precio_venta-77.9)/77.9 * 100,pro_ultima_compra=@@@2013.08.21@@@,pro_ultimo_proveedor=@@@76005373-2@@@ WHERE pro_codigo_plu=763912','',2,'2013-08-21'),(55954,'UPDATE mae_productos SET pro_precio_compra_bruto=44.92,pro_margen_actual=(pro_precio_venta-44.92)/44.92 * 100,pro_ultima_compra=@@@2013.08.21@@@,pro_ultimo_proveedor=@@@76005373-2@@@ WHERE pro_codigo_plu=102769','',2,'2013-08-21'),(55955,'UPDATE mae_productos SET pro_precio_compra_bruto=270,pro_margen_actual=(pro_precio_venta-270)/270 * 100,pro_ultima_compra=@@@2013.08.21@@@,pro_ultimo_proveedor=@@@77429510-0@@@ WHERE pro_codigo_plu=78017029','',2,'2013-08-21'),(55956,'UPDATE mae_productos SET pro_precio_compra_bruto=270,pro_margen_actual=(pro_precio_venta-270)/270 * 100,pro_ultima_compra=@@@2013.08.21@@@,pro_ultimo_proveedor=@@@77429510-0@@@ WHERE pro_codigo_plu=763521','',2,'2013-08-21'),(55957,'UPDATE mae_productos SET pro_precio_compra_bruto=270,pro_margen_actual=(pro_precio_venta-270)/270 * 100,pro_ultima_compra=@@@2013.08.21@@@,pro_ultimo_proveedor=@@@77429510-0@@@ WHERE pro_codigo_plu=763516','',2,'2013-08-21'),(55958,'UPDATE mae_productos SET pro_precio_compra_bruto=270,pro_margen_actual=(pro_precio_venta-270)/270 * 100,pro_ultima_compra=@@@2013.08.21@@@,pro_ultimo_proveedor=@@@77429510-0@@@ WHERE pro_codigo_plu=763520','',2,'2013-08-21'),(55959,'UPDATE mae_productos SET pro_precio_compra_bruto=270,pro_margen_actual=(pro_precio_venta-270)/270 * 100,pro_ultima_compra=@@@2013.08.21@@@,pro_ultimo_proveedor=@@@77429510-0@@@ WHERE pro_codigo_plu=763517','',2,'2013-08-21'),(55960,'UPDATE mae_productos SET pro_precio_compra_bruto=270.02,pro_margen_actual=(pro_precio_venta-270.02)/270.02 * 100,pro_ultima_compra=@@@2013.08.21@@@,pro_ultimo_proveedor=@@@77429510-0@@@ WHERE pro_codigo_plu=763519','',2,'2013-08-21'),(55961,'INSERT INTO gne_vale_ferreteria (vfe_id,vfe_fecha,vfe_total,vfe_estado,vfe_entregado,usu_nusuario) VALUES (8978,@@@2013.08.21@@@,3120,1,0,@@@m_martinez@@@)','',2,'2013-08-21'),(55962,'INSERT INTO gne_vale_ferreteria_mov (vfe_id,pro_codigo_plu,vfm_cantidad,vfm_unitario,vfm_total,vfm_entregado) VALUES (8978,764528,1,2990,2990,@@@NO@@@)','',2,'2013-08-21'),(55963,'INSERT INTO gne_vale_ferreteria_mov (vfe_id,pro_codigo_plu,vfm_cantidad,vfm_unitario,vfm_total,vfm_entregado) VALUES (8978,15967,1,130,130,@@@NO@@@)','',2,'2013-08-21'),(55964,'INSERT INTO gne_vale_ferreteria (vfe_id,vfe_fecha,vfe_total,vfe_estado,vfe_entregado,usu_nusuario) VALUES (8979,@@@2013.08.21@@@,3690,1,0,@@@m_martinez@@@)','',2,'2013-08-21'),(55965,'INSERT INTO gne_vale_ferreteria_mov (vfe_id,pro_codigo_plu,vfm_cantidad,vfm_unitario,vfm_total,vfm_entregado) VALUES (8979,4104,1,3690,3690,@@@NO@@@)','',2,'2013-08-21'),(55966,'INSERT INTO gne_vale_ferreteria (vfe_id,vfe_fecha,vfe_total,vfe_estado,vfe_entregado,usu_nusuario) VALUES (8980,@@@2013.08.21@@@,290,1,0,@@@m_martinez@@@)','',2,'2013-08-21'),(55967,'INSERT INTO gne_vale_ferreteria_mov (vfe_id,pro_codigo_plu,vfm_cantidad,vfm_unitario,vfm_total,vfm_entregado) VALUES (8980,763772,1,290,290,@@@NO@@@)','',2,'2013-08-21'),(55968,'INSERT INTO gne_vale_ferreteria (vfe_id,vfe_fecha,vfe_total,vfe_estado,vfe_entregado,usu_nusuario) VALUES (8981,@@@2013.08.21@@@,230,1,0,@@@m_martinez@@@)','',2,'2013-08-21'),(55969,'INSERT INTO gne_vale_ferreteria_mov (vfe_id,pro_codigo_plu,vfm_cantidad,vfm_unitario,vfm_total,vfm_entregado) VALUES (8981,763811,1,230,230,@@@NO@@@)','',2,'2013-08-21'),(55970,'INSERT INTO gne_vale_ferreteria (vfe_id,vfe_fecha,vfe_total,vfe_estado,vfe_entregado,usu_nusuario) VALUES (8982,@@@2013.08.21@@@,750,1,0,@@@m_martinez@@@)','',2,'2013-08-21'),(55971,'INSERT INTO gne_vale_ferreteria_mov (vfe_id,pro_codigo_plu,vfm_cantidad,vfm_unitario,vfm_total,vfm_entregado) VALUES (8982,780721304,1,550,550,@@@NO@@@)','',2,'2013-08-21'),(55972,'INSERT INTO gne_vale_ferreteria_mov (vfe_id,pro_codigo_plu,vfm_cantidad,vfm_unitario,vfm_total,vfm_entregado) VALUES (8982,78017194,1,200,200,@@@NO@@@)','',2,'2013-08-21'),(55973,'INSERT INTO gne_vale_ferreteria (vfe_id,vfe_fecha,vfe_total,vfe_estado,vfe_entregado,usu_nusuario) VALUES (8983,@@@2013.08.21@@@,140,1,0,@@@m_martinez@@@)','',2,'2013-08-21'),(55974,'INSERT INTO gne_vale_ferreteria_mov (vfe_id,pro_codigo_plu,vfm_cantidad,vfm_unitario,vfm_total,vfm_entregado) VALUES (8983,764834,7,20,140,@@@NO@@@)','',2,'2013-08-21'),(55975,'INSERT INTO gne_vale_ferreteria (vfe_id,vfe_fecha,vfe_total,vfe_estado,vfe_entregado,usu_nusuario) VALUES (8984,@@@2013.08.21@@@,230,1,0,@@@m_martinez@@@)','',2,'2013-08-21'),(55976,'INSERT INTO gne_vale_ferreteria_mov (vfe_id,pro_codigo_plu,vfm_cantidad,vfm_unitario,vfm_total,vfm_entregado) VALUES (8984,763811,1,230,230,@@@NO@@@)','',2,'2013-08-21'),(55977,'UPDATE mae_productos SET pro_codigo_barra=@@@7188873138846@@@,pro_tipo=@@@0@@@,pro_nombre_producto=@@@CARBON UNICO 2,5 KILOS@@@,pro_nombre_corto=@@@CARBON UNICO 2,5@@@,med_id=@@@2@@@,emb_id=@@@3@@@,pro_unidades_embalaje=@@@0@@@,dep_id=@@@2 @@@,lin_id=@@@41@@@,mar_id=@@@2507@@@,pro_precio_compra_neto=@@@0@@@,pro_precio_compra_bruto=@@@0@@@,pro_precio_venta=@@@1290@@@,pro_margen_actual=@@@0@@@,pro_oferta=@@@NO@@@,pro_fecha_inicio_oferta=@@@2013.05.11@@@,pro_fecha_termino_oferta=@@@2013.05.11@@@,pro_precio_oferta=@@@0@@@,pro_stock_minimo=@@@0@@@,pro_stock_critico=@@@0@@@,pro_activo=@@@1@@@,pro_unidad=@@@0@@@,pro_precio_compra_bruto=0,pro_margen_actual=0,pro_capacidad=2.5,pro_funcion_plu=0,pro_flejes=1,pro_iva=1,pro_plu_asociado=0,pro_envase=@@@NO@@@,pro_duracion=0,pro_numero_etiqueta=0 WHERE pro_codigo_plu=@@@765099@@@','',2,'2013-08-21'),(55978,'UPDATE mae_productos SET pro_estado=1 WHERE pro_codigo_plu=765099','',2,'2013-08-21'),(55979,'DELETE FROM mae_impuestos_productos WHERE pro_codigo_plu=@@@765099@@@','',2,'2013-08-21'),(55980,'INSERT INTO gne_vale_ferreteria (vfe_id,vfe_fecha,vfe_total,vfe_estado,vfe_entregado,usu_nusuario) VALUES (8985,@@@2013.08.21@@@,60,1,0,@@@m_martinez@@@)','',2,'2013-08-21'),(55981,'INSERT INTO gne_vale_ferreteria_mov (vfe_id,pro_codigo_plu,vfm_cantidad,vfm_unitario,vfm_total,vfm_entregado) VALUES (8985,764780,1,60,60,@@@NO@@@)','',2,'2013-08-21'),(55982,'UPDATE mae_productos SET pro_margen_actual=0,pro_precio_venta=1290 WHERE pro_codigo_plu=765099','',2,'2013-08-21'),(55983,'UPDATE mae_productos SET pro_margen_actual=-99.76,pro_precio_venta=1 WHERE pro_codigo_plu=780721666','',2,'2013-08-21'),(55984,'UPDATE mae_productos SET pro_margen_actual=-98.66,pro_precio_venta=1 WHERE pro_codigo_plu=780721659','',2,'2013-08-21'),(55985,'UPDATE mae_productos SET pro_margen_actual=119.12,pro_precio_venta=550 WHERE pro_codigo_plu=780721253','',2,'2013-08-21'),(55986,'UPDATE mae_productos SET pro_precio_fiscal=pro_precio_venta WHERE pro_codigo_plu=780721658','',2,'2013-08-21'),(55987,'UPDATE mae_productos SET pro_precio_fiscal=pro_precio_venta WHERE pro_codigo_plu=764159','',2,'2013-08-21'),(55988,'UPDATE mae_productos SET pro_precio_fiscal=pro_precio_venta WHERE pro_codigo_plu=780721677','',2,'2013-08-21'),(55989,'UPDATE mae_productos SET pro_precio_fiscal=pro_precio_venta WHERE pro_codigo_plu=780721665','',2,'2013-08-21'),(55990,'UPDATE mae_productos SET pro_precio_fiscal=pro_precio_venta WHERE pro_codigo_plu=780721387','',2,'2013-08-21'),(55991,'UPDATE mae_productos SET pro_precio_fiscal=pro_precio_venta WHERE pro_codigo_plu=780721670','',2,'2013-08-21'),(55992,'UPDATE mae_productos SET pro_precio_fiscal=pro_precio_venta WHERE pro_codigo_plu=780721669','',2,'2013-08-21'),(55993,'UPDATE mae_productos SET pro_precio_fiscal=pro_precio_venta WHERE pro_codigo_plu=780721660','',2,'2013-08-21'),(55994,'UPDATE mae_productos SET pro_precio_fiscal=pro_precio_venta WHERE pro_codigo_plu=780721661','',2,'2013-08-21'),(55995,'UPDATE mae_productos SET pro_precio_fiscal=pro_precio_venta WHERE pro_codigo_plu=780721662','',2,'2013-08-21'),(55996,'UPDATE mae_productos SET pro_precio_fiscal=pro_precio_venta WHERE pro_codigo_plu=780721061','',2,'2013-08-21'),(55997,'UPDATE mae_productos SET pro_precio_fiscal=pro_precio_venta WHERE pro_codigo_plu=770065','',2,'2013-08-21'),(55998,'UPDATE mae_productos SET pro_precio_fiscal=pro_precio_venta WHERE pro_codigo_plu=780721663','',2,'2013-08-21'),(55999,'UPDATE mae_productos SET pro_precio_fiscal=pro_precio_venta WHERE pro_codigo_plu=78017027','',2,'2013-08-21'),(56000,'UPDATE mae_productos SET pro_precio_fiscal=pro_precio_venta WHERE pro_codigo_plu=764317','',2,'2013-08-21'),(56001,'UPDATE mae_productos SET pro_precio_fiscal=pro_precio_venta WHERE pro_codigo_plu=780721676','',2,'2013-08-21'),(56002,'UPDATE mae_productos SET pro_precio_fiscal=pro_precio_venta WHERE pro_codigo_plu=780721674','',2,'2013-08-21'),(56003,'UPDATE mae_productos SET pro_precio_fiscal=pro_precio_venta WHERE pro_codigo_plu=780721675','',2,'2013-08-21'),(56004,'UPDATE mae_productos SET pro_precio_fiscal=pro_precio_venta WHERE pro_codigo_plu=780721673','',2,'2013-08-21'),(56005,'UPDATE mae_productos SET pro_precio_fiscal=pro_precio_venta WHERE pro_codigo_plu=780721678','',2,'2013-08-21'),(56006,'UPDATE mae_productos SET pro_precio_fiscal=pro_precio_venta WHERE pro_codigo_plu=780721679','',2,'2013-08-21'),(56007,'UPDATE mae_productos SET pro_precio_fiscal=pro_precio_venta WHERE pro_codigo_plu=780721680','',2,'2013-08-21'),(56008,'UPDATE mae_productos SET pro_precio_fiscal=pro_precio_venta WHERE pro_codigo_plu=780721667','',2,'2013-08-21'),(56009,'UPDATE mae_productos SET pro_precio_fiscal=pro_precio_venta WHERE pro_codigo_plu=780721681','',2,'2013-08-21'),(56010,'UPDATE mae_productos SET pro_precio_fiscal=pro_precio_venta WHERE pro_codigo_plu=780721664','',2,'2013-08-21'),(56011,'UPDATE mae_productos SET pro_precio_fiscal=pro_precio_venta WHERE pro_codigo_plu=780721672','',2,'2013-08-21'),(56012,'UPDATE mae_productos SET pro_margen_actual=49.68,pro_precio_venta=630 WHERE pro_codigo_plu=780721666','',2,'2013-08-21'),(56013,'UPDATE mae_productos SET pro_precio_fiscal=pro_precio_venta WHERE pro_codigo_plu=780721666','',2,'2013-08-21'),(56014,'UPDATE mae_productos SET pro_precio_compra_bruto=8538,pro_margen_actual=(pro_precio_venta-8538)/8538 * 100,pro_ultima_compra=@@@2013.08.21@@@,pro_ultimo_proveedor=@@@86379600-8@@@ WHERE pro_codigo_plu=764416','',2,'2013-08-21'),(56015,'UPDATE mae_productos SET pro_precio_compra_bruto=15748,pro_margen_actual=(pro_precio_venta-15748)/15748 * 100,pro_ultima_compra=@@@2013.08.21@@@,pro_ultimo_proveedor=@@@86379600-8@@@ WHERE pro_codigo_plu=764420','',2,'2013-08-21'),(56016,'UPDATE mae_productos SET pro_precio_compra_bruto=18701,pro_margen_actual=(pro_precio_venta-18701)/18701 * 100,pro_ultima_compra=@@@2013.08.21@@@,pro_ultimo_proveedor=@@@86379600-8@@@ WHERE pro_codigo_plu=764421','',2,'2013-08-21'),(56017,'UPDATE mae_productos SET pro_precio_compra_bruto=8144,pro_margen_actual=(pro_precio_venta-8144)/8144 * 100,pro_ultima_compra=@@@2013.08.21@@@,pro_ultimo_proveedor=@@@86379600-8@@@ WHERE pro_codigo_plu=764417','',2,'2013-08-21'),(56018,'INSERT INTO mae_productos (pro_codigo_plu,pro_codigo_barra,pro_tipo,pro_nombre_producto,pro_nombre_corto,med_id,emb_id,pro_unidades_embalaje,dep_id,lin_id,mar_id,pro_precio_compra_neto,pro_precio_compra_bruto,pro_precio_venta,pro_margen_actual,pro_oferta,pro_fecha_inicio_oferta,pro_fecha_termino_oferta,pro_precio_oferta,pro_stock_minimo,pro_stock_critico,pro_entradas_bodega,pro_salidas_bodega,pro_mermas_bodega,pro_ajustes_bodega,pro_entradas_sv,pro_salidas_sv,pro_mermas_sv,pro_ajustes_sv,pro_activo,rec_numero,pro_unidad,pro_capacidad,pro_consumo_bodega,pro_consumo_sv,pro_estado,pro_funcion_plu,pro_flejes,pro_iva,pro_plu_asociado,pro_envase,pro_duracion,pro_numero_etiqueta) VALUES (780721682,@@@7702133254734@@@,@@@0@@@,@@@HALLS CREAMY, FRESA CREMOSA@@@,@@@HALLS CREAMY, FR@@@,@@@1 @@@,@@@4 @@@,@@@12@@@,@@@32 @@@,@@@163@@@,@@@2508@@@,@@@0@@@,@@@1@@@,@@@1@@@,@@@0@@@,@@@@@@,@@@2006.09.07@@@,@@@2006.09.07@@@,@@@0@@@,@@@24@@@,@@@12@@@,@@@0@@@,@@@0@@@,@@@0@@@,@@@0@@@,@@@0@@@,@@@0@@@,@@@0@@@,@@@0@@@,@@@1@@@,@@@0@@@,0,9,0,0,2,0,1,1,0,@@@NO@@@,0,0)','',2,'2013-08-21'),(56019,'DELETE FROM mae_impuestos_productos WHERE pro_codigo_plu=@@@780721682@@@','',2,'2013-08-21'),(56020,'INSERT INTO gne_vale_ferreteria (vfe_id,vfe_fecha,vfe_total,vfe_estado,vfe_entregado,usu_nusuario) VALUES (8986,@@@2013.08.21@@@,120,1,0,@@@m_martinez@@@)','',2,'2013-08-21'),(56021,'INSERT INTO gne_vale_ferreteria_mov (vfe_id,pro_codigo_plu,vfm_cantidad,vfm_unitario,vfm_total,vfm_entregado) VALUES (8986,8022,1,120,120,@@@NO@@@)','',2,'2013-08-21'),(56022,'INSERT INTO mae_clientes (cli_id,cli_rut,cli_nombre,cli_direccion,cli_sucursal,cli_ciudad,cli_nombre_contacto,cli_cargo,cli_telefono,cli_fax,cli_celular,cli_mail,tcp_id,cli_fecha_nacimiento,cli_activo,cli_limite_credito,cli_giro,cli_sobrecargo,cli_credito_ilimitado,cli_descuento_venta,cli_comuna) VALUES (@@@19@@@,@@@18279784-7@@@,@@@MIXY MARTINEZ BRAVO@@@,@@@LOS JASMINES 1555 ALONSO@@@,@@@@@@,@@@NACIMIENTO@@@,@@@@@@,@@@@@@,@@@@@@,@@@@@@,@@@75713441@@@,@@@@@@,@@@3@@@,@@@1992.10.26@@@,@@@1@@@,@@@30000@@@,@@@@@@,0,0,0,@@@@@@)','',2,'2013-08-21'),(56023,'UPDATE gpr_pack_virtual SET pav_nombre=@@@PACK NESTLE CHOCAPIC + ZUCOSOS 3 X $899@@@,pav_total_pack=890,pav_total_descuento=70,pav_desde=@@@2013-08-21@@@,pav_hasta=@@@2013-08-31@@@,pav_tipo=@@@PA@@@,pav_precio=320,pav_lleva=3,pav_paga=2.6,pav_descuento=0.4,pav_porcentaje=146,pav_oferta_exclusiva=@@@NO@@@,pav_agotar_stock=@@@SI@@@,pav_stock=100,pav_costo=702,pav_margen=26.78 WHERE pav_id=24','',2,'2013-08-21'),(56024,'DELETE FROM gpr_pack_virtual_mov WHERE pav_id=24','',2,'2013-08-21'),(56025,'DELETE FROM gpr_pack_virtual_horario WHERE pav_id=24','',2,'2013-08-21'),(56026,'INSERT INTO gpr_pack_virtual_mov (pav_id,pro_codigo_plu,pvm_precio,pvm_total,pvm_lleva,pvm_paga,pvm_descuento,pvm_porcentaje,pvm_total_normal,pvm_descuento_linea,pvm_costo,pvm_margen) VALUES (24,763580,320,0,1,1,0,0,320,23.3333333333333,234,26.78)','',2,'2013-08-21'),(56027,'INSERT INTO gpr_pack_virtual_horario (pav_id,pvh_dia,pvh_hora_desde,pvh_hora_hasta) VALUES (24,99,@@@00:00@@@,@@@23:59@@@)','',2,'2013-08-21'),(56028,'INSERT INTO gne_vale_ferreteria (vfe_id,vfe_fecha,vfe_total,vfe_estado,vfe_entregado,usu_nusuario) VALUES (8987,@@@2013.08.22@@@,1539,1,0,@@@m_martinez@@@)','',2,'2013-08-22'),(56029,'INSERT INTO gne_vale_ferreteria_mov (vfe_id,pro_codigo_plu,vfm_cantidad,vfm_unitario,vfm_total,vfm_entregado) VALUES (8987,780721304,1,550,550,@@@NO@@@)','',2,'2013-08-22'),(56030,'INSERT INTO gne_vale_ferreteria_mov (vfe_id,pro_codigo_plu,vfm_cantidad,vfm_unitario,vfm_total,vfm_entregado) VALUES (8987,763800,1,470,470,@@@NO@@@)','',2,'2013-08-22'),(56031,'INSERT INTO gne_vale_ferreteria_mov (vfe_id,pro_codigo_plu,vfm_cantidad,vfm_unitario,vfm_total,vfm_entregado) VALUES (8987,780721388,1,399,399,@@@NO@@@)','',2,'2013-08-22'),(56032,'INSERT INTO gne_vale_ferreteria_mov (vfe_id,pro_codigo_plu,vfm_cantidad,vfm_unitario,vfm_total,vfm_entregado) VALUES (8987,78017204,1,120,120,@@@NO@@@)','',2,'2013-08-22'),(56033,'INSERT INTO gne_vale_ferreteria (vfe_id,vfe_fecha,vfe_total,vfe_estado,vfe_entregado,usu_nusuario) VALUES (8988,@@@2013.08.22@@@,890,1,0,@@@m_martinez@@@)','',2,'2013-08-22'),(56034,'INSERT INTO gne_vale_ferreteria_mov (vfe_id,pro_codigo_plu,vfm_cantidad,vfm_unitario,vfm_total,vfm_entregado) VALUES (8988,762114,1,890,890,@@@NO@@@)','',2,'2013-08-22'),(56035,'INSERT INTO gne_vale_ferreteria (vfe_id,vfe_fecha,vfe_total,vfe_estado,vfe_entregado,usu_nusuario) VALUES (8989,@@@2013.08.22@@@,300,1,0,@@@m_martinez@@@)','',2,'2013-08-22'),(56036,'INSERT INTO gne_vale_ferreteria_mov (vfe_id,pro_codigo_plu,vfm_cantidad,vfm_unitario,vfm_total,vfm_entregado) VALUES (8989,2004,1,300,300,@@@NO@@@)','',2,'2013-08-22'),(56037,'INSERT INTO gne_vale_ferreteria (vfe_id,vfe_fecha,vfe_total,vfe_estado,vfe_entregado,usu_nusuario) VALUES (8990,@@@2013.08.22@@@,1300,1,0,@@@m_martinez@@@)','',2,'2013-08-22'),(56038,'INSERT INTO gne_vale_ferreteria_mov (vfe_id,pro_codigo_plu,vfm_cantidad,vfm_unitario,vfm_total,vfm_entregado) VALUES (8990,9900006,2,150,300,@@@NO@@@)','',2,'2013-08-22'),(56039,'INSERT INTO gne_vale_ferreteria_mov (vfe_id,pro_codigo_plu,vfm_cantidad,vfm_unitario,vfm_total,vfm_entregado) VALUES (8990,1540,2,300,600,@@@NO@@@)','',2,'2013-08-22'),(56040,'INSERT INTO gne_vale_ferreteria_mov (vfe_id,pro_codigo_plu,vfm_cantidad,vfm_unitario,vfm_total,vfm_entregado) VALUES (8990,1546,2,200,400,@@@NO@@@)','',2,'2013-08-22'),(56041,'INSERT INTO mae_productos (pro_codigo_plu,pro_codigo_barra,pro_tipo,pro_nombre_producto,pro_nombre_corto,med_id,emb_id,pro_unidades_embalaje,dep_id,lin_id,mar_id,pro_precio_compra_neto,pro_precio_compra_bruto,pro_precio_venta,pro_margen_actual,pro_oferta,pro_fecha_inicio_oferta,pro_fecha_termino_oferta,pro_precio_oferta,pro_stock_minimo,pro_stock_critico,pro_entradas_bodega,pro_salidas_bodega,pro_mermas_bodega,pro_ajustes_bodega,pro_entradas_sv,pro_salidas_sv,pro_mermas_sv,pro_ajustes_sv,pro_activo,rec_numero,pro_unidad,pro_capacidad,pro_consumo_bodega,pro_consumo_sv,pro_estado,pro_funcion_plu,pro_flejes,pro_iva,pro_plu_asociado,pro_envase,pro_duracion,pro_numero_etiqueta) VALUES (780721683,@@@7802000007538@@@,@@@0@@@,@@@TRAGA TRAGA, SABOR CHIRIMOYA ALEGRE@@@,@@@TRAGA TRAGA, SAB@@@,@@@1 @@@,@@@4 @@@,@@@1@@@,@@@32 @@@,@@@160@@@,@@@2508@@@,@@@0@@@,@@@1@@@,@@@1@@@,@@@0@@@,@@@@@@,@@@2006.09.07@@@,@@@2006.09.07@@@,@@@0@@@,@@@12@@@,@@@6@@@,@@@0@@@,@@@0@@@,@@@0@@@,@@@0@@@,@@@0@@@,@@@0@@@,@@@0@@@,@@@0@@@,@@@1@@@,@@@0@@@,0,1,0,0,2,0,1,1,0,@@@NO@@@,0,0)','',2,'2013-08-22'),(56042,'DELETE FROM mae_impuestos_productos WHERE pro_codigo_plu=@@@780721683@@@','',2,'2013-08-22'),(56043,'INSERT INTO mae_productos (pro_codigo_plu,pro_codigo_barra,pro_tipo,pro_nombre_producto,pro_nombre_corto,med_id,emb_id,pro_unidades_embalaje,dep_id,lin_id,mar_id,pro_precio_compra_neto,pro_precio_compra_bruto,pro_precio_venta,pro_margen_actual,pro_oferta,pro_fecha_inicio_oferta,pro_fecha_termino_oferta,pro_precio_oferta,pro_stock_minimo,pro_stock_critico,pro_entradas_bodega,pro_salidas_bodega,pro_mermas_bodega,pro_ajustes_bodega,pro_entradas_sv,pro_salidas_sv,pro_mermas_sv,pro_ajustes_sv,pro_activo,rec_numero,pro_unidad,pro_capacidad,pro_consumo_bodega,pro_consumo_sv,pro_estado,pro_funcion_plu,pro_flejes,pro_iva,pro_plu_asociado,pro_envase,pro_duracion,pro_numero_etiqueta) VALUES (780721684,@@@7802000008740@@@,@@@0@@@,@@@TRAGA TRAGA, SABOR FRAMBUESA@@@,@@@TRAGA TRAGA, SAB@@@,@@@1 @@@,@@@4 @@@,@@@6@@@,@@@32 @@@,@@@160@@@,@@@2508@@@,@@@0@@@,@@@1@@@,@@@1@@@,@@@0@@@,@@@@@@,@@@2006.09.07@@@,@@@2006.09.07@@@,@@@0@@@,@@@12@@@,@@@6@@@,@@@0@@@,@@@0@@@,@@@0@@@,@@@0@@@,@@@0@@@,@@@0@@@,@@@0@@@,@@@0@@@,@@@1@@@,@@@0@@@,0,1,0,0,2,0,1,1,0,@@@NO@@@,0,0)','',2,'2013-08-22'),(56044,'DELETE FROM mae_impuestos_productos WHERE pro_codigo_plu=@@@780721684@@@','',2,'2013-08-22'),(56045,'INSERT INTO gne_vale_ferreteria (vfe_id,vfe_fecha,vfe_total,vfe_estado,vfe_entregado,usu_nusuario) VALUES (8991,@@@2013.08.22@@@,1100,1,0,@@@m_martinez@@@)','',2,'2013-08-22'),(56046,'INSERT INTO gne_vale_ferreteria_mov (vfe_id,pro_codigo_plu,vfm_cantidad,vfm_unitario,vfm_total,vfm_entregado) VALUES (8991,780721267,2,550,1100,@@@NO@@@)','',2,'2013-08-22'),(56047,'INSERT INTO gne_vale_ferreteria (vfe_id,vfe_fecha,vfe_total,vfe_estado,vfe_entregado,usu_nusuario) VALUES (8992,@@@2013.08.22@@@,990,1,0,@@@m_martinez@@@)','',2,'2013-08-22'),(56048,'INSERT INTO gne_vale_ferreteria_mov (vfe_id,pro_codigo_plu,vfm_cantidad,vfm_unitario,vfm_total,vfm_entregado) VALUES (8992,4115,1,990,990,@@@NO@@@)','',2,'2013-08-22'),(56049,'INSERT INTO gne_vale_ferreteria (vfe_id,vfe_fecha,vfe_total,vfe_estado,vfe_entregado,usu_nusuario) VALUES (8993,@@@2013.08.22@@@,100,1,0,@@@m_martinez@@@)','',2,'2013-08-22'),(56050,'INSERT INTO gne_vale_ferreteria_mov (vfe_id,pro_codigo_plu,vfm_cantidad,vfm_unitario,vfm_total,vfm_entregado) VALUES (8993,770033,2,40,80,@@@NO@@@)','',2,'2013-08-22'),(56051,'INSERT INTO gne_vale_ferreteria_mov (vfe_id,pro_codigo_plu,vfm_cantidad,vfm_unitario,vfm_total,vfm_entregado) VALUES (8993,764833,2,10,20,@@@NO@@@)','',2,'2013-08-22'),(56052,'INSERT INTO gne_vale_ferreteria (vfe_id,vfe_fecha,vfe_total,vfe_estado,vfe_entregado,usu_nusuario) VALUES (8994,@@@2013.08.22@@@,200,1,0,@@@m_martinez@@@)','',2,'2013-08-22'),(56053,'INSERT INTO gne_vale_ferreteria_mov (vfe_id,pro_codigo_plu,vfm_cantidad,vfm_unitario,vfm_total,vfm_entregado) VALUES (8994,765072,1,200,200,@@@NO@@@)','',2,'2013-08-22'),(56054,'INSERT INTO gne_vale_ferreteria (vfe_id,vfe_fecha,vfe_total,vfe_estado,vfe_entregado,usu_nusuario) VALUES (8995,@@@2013.08.22@@@,690,1,0,@@@m_martinez@@@)','',2,'2013-08-22'),(56055,'INSERT INTO gne_vale_ferreteria_mov (vfe_id,pro_codigo_plu,vfm_cantidad,vfm_unitario,vfm_total,vfm_entregado) VALUES (8995,770065,2,120,240,@@@NO@@@)','',2,'2013-08-22'),(56056,'INSERT INTO gne_vale_ferreteria_mov (vfe_id,pro_codigo_plu,vfm_cantidad,vfm_unitario,vfm_total,vfm_entregado) VALUES (8995,764505,1,450,450,@@@NO@@@)','',2,'2013-08-22'),(56057,'INSERT INTO mae_productos (pro_codigo_plu,pro_codigo_barra,pro_tipo,pro_nombre_producto,pro_nombre_corto,med_id,emb_id,pro_unidades_embalaje,dep_id,lin_id,mar_id,pro_precio_compra_neto,pro_precio_compra_bruto,pro_precio_venta,pro_margen_actual,pro_oferta,pro_fecha_inicio_oferta,pro_fecha_termino_oferta,pro_precio_oferta,pro_stock_minimo,pro_stock_critico,pro_entradas_bodega,pro_salidas_bodega,pro_mermas_bodega,pro_ajustes_bodega,pro_entradas_sv,pro_salidas_sv,pro_mermas_sv,pro_ajustes_sv,pro_activo,rec_numero,pro_unidad,pro_capacidad,pro_consumo_bodega,pro_consumo_sv,pro_estado,pro_funcion_plu,pro_flejes,pro_iva,pro_plu_asociado,pro_envase,pro_duracion,pro_numero_etiqueta) VALUES (780721685,@@@7802000009402@@@,@@@0@@@,@@@CHEETOS HORNEADOS, 90GRS@@@,@@@CHEETOS HORNEADO@@@,@@@1 @@@,@@@4 @@@,@@@1@@@,@@@32 @@@,@@@160@@@,@@@2508@@@,@@@0@@@,@@@1@@@,@@@1@@@,@@@0@@@,@@@@@@,@@@2006.09.07@@@,@@@2006.09.07@@@,@@@0@@@,@@@12@@@,@@@6@@@,@@@0@@@,@@@0@@@,@@@0@@@,@@@0@@@,@@@0@@@,@@@0@@@,@@@0@@@,@@@0@@@,@@@1@@@,@@@0@@@,0,1,0,0,2,0,1,1,0,@@@NO@@@,0,0)','',2,'2013-08-22'),(56058,'DELETE FROM mae_impuestos_productos WHERE pro_codigo_plu=@@@780721685@@@','',2,'2013-08-22'),(56059,'INSERT INTO gne_vale_ferreteria (vfe_id,vfe_fecha,vfe_total,vfe_estado,vfe_entregado,usu_nusuario) VALUES (8996,@@@2013.08.22@@@,2890,1,0,@@@m_martinez@@@)','',2,'2013-08-22'),(56060,'INSERT INTO gne_vale_ferreteria_mov (vfe_id,pro_codigo_plu,vfm_cantidad,vfm_unitario,vfm_total,vfm_entregado) VALUES (8996,764979,1,2890,2890,@@@NO@@@)','',2,'2013-08-22'),(56061,'INSERT INTO gne_vale_ferreteria (vfe_id,vfe_fecha,vfe_total,vfe_estado,vfe_entregado,usu_nusuario) VALUES (8997,@@@2013.08.22@@@,1890,1,0,@@@m_martinez@@@)','',2,'2013-08-22'),(56062,'INSERT INTO gne_vale_ferreteria_mov (vfe_id,pro_codigo_plu,vfm_cantidad,vfm_unitario,vfm_total,vfm_entregado) VALUES (8997,763609,1,1890,1890,@@@NO@@@)','',2,'2013-08-22'),(56063,'INSERT INTO gne_vale_ferreteria (vfe_id,vfe_fecha,vfe_total,vfe_estado,vfe_entregado,usu_nusuario) VALUES (8998,@@@2013.08.22@@@,150,1,0,@@@m_martinez@@@)','',2,'2013-08-22'),(56064,'INSERT INTO gne_vale_ferreteria_mov (vfe_id,pro_codigo_plu,vfm_cantidad,vfm_unitario,vfm_total,vfm_entregado) VALUES (8998,8021,1,150,150,@@@NO@@@)','',2,'2013-08-22'),(56065,'UPDATE mae_productos SET pro_margen_actual=0,pro_precio_venta=1 WHERE pro_codigo_plu=780721685','',2,'2013-08-22'),(56066,'UPDATE mae_productos SET pro_margen_actual=0,pro_precio_venta=1 WHERE pro_codigo_plu=780721682','',2,'2013-08-22'),(56067,'UPDATE mae_productos SET pro_margen_actual=0,pro_precio_venta=1 WHERE pro_codigo_plu=780721683','',2,'2013-08-22'),(56068,'UPDATE mae_productos SET pro_margen_actual=0,pro_precio_venta=1 WHERE pro_codigo_plu=780721684','',2,'2013-08-22'),(56069,'UPDATE mae_productos SET pro_margen_actual=43.48,pro_precio_venta=330 WHERE pro_codigo_plu=597','',2,'2013-08-22'),(56070,'UPDATE mae_productos SET pro_margen_actual=83.8,pro_precio_venta=590 WHERE pro_codigo_plu=608','',2,'2013-08-22'),(56071,'UPDATE mae_productos SET pro_margen_actual=90.4,pro_precio_venta=1190 WHERE pro_codigo_plu=586','',2,'2013-08-22'),(56072,'UPDATE mae_productos SET pro_margen_actual=0,pro_precio_venta=1790 WHERE pro_codigo_plu=578','',2,'2013-08-22'),(56073,'UPDATE mae_productos SET pro_margen_actual=0,pro_precio_venta=590 WHERE pro_codigo_plu=592','',2,'2013-08-22'),(56074,'UPDATE mae_productos SET pro_precio_fiscal=pro_precio_venta WHERE pro_codigo_plu=578','',2,'2013-08-22'),(56075,'UPDATE mae_productos SET pro_precio_fiscal=pro_precio_venta WHERE pro_codigo_plu=586','',2,'2013-08-22'),(56076,'UPDATE mae_productos SET pro_precio_fiscal=pro_precio_venta WHERE pro_codigo_plu=592','',2,'2013-08-22'),(56077,'UPDATE mae_productos SET pro_precio_fiscal=pro_precio_venta WHERE pro_codigo_plu=608','',2,'2013-08-22'),(56078,'UPDATE mae_productos SET pro_margen_actual=46.3,pro_precio_venta=790 WHERE pro_codigo_plu=607','',2,'2013-08-22'),(56079,'UPDATE mae_productos SET pro_precio_fiscal=pro_precio_venta WHERE pro_codigo_plu=607','',2,'2013-08-22'),(56080,'UPDATE mae_productos SET pro_margen_actual=0,pro_precio_venta=150 WHERE pro_codigo_plu=507','',2,'2013-08-22'),(56081,'INSERT INTO gne_vale_ferreteria (vfe_id,vfe_fecha,vfe_total,vfe_estado,vfe_entregado,usu_nusuario) VALUES (8999,@@@2013.08.22@@@,620,1,0,@@@m_martinez@@@)','',2,'2013-08-22'),(56082,'INSERT INTO gne_vale_ferreteria_mov (vfe_id,pro_codigo_plu,vfm_cantidad,vfm_unitario,vfm_total,vfm_entregado) VALUES (8999,11378,1,620,620,@@@NO@@@)','',2,'2013-08-22'),(56083,'INSERT INTO gne_vale_ferreteria (vfe_id,vfe_fecha,vfe_total,vfe_estado,vfe_entregado,usu_nusuario) VALUES (9000,@@@2013.08.22@@@,100,1,0,@@@m_martinez@@@)','',2,'2013-08-22'),(56084,'INSERT INTO gne_vale_ferreteria_mov (vfe_id,pro_codigo_plu,vfm_cantidad,vfm_unitario,vfm_total,vfm_entregado) VALUES (9000,20146,1,100,100,@@@NO@@@)','',2,'2013-08-22'),(56085,'INSERT INTO gne_vale_ferreteria (vfe_id,vfe_fecha,vfe_total,vfe_estado,vfe_entregado,usu_nusuario) VALUES (9001,@@@2013.08.22@@@,650,1,0,@@@m_martinez@@@)','',2,'2013-08-22'),(56086,'INSERT INTO gne_vale_ferreteria_mov (vfe_id,pro_codigo_plu,vfm_cantidad,vfm_unitario,vfm_total,vfm_entregado) VALUES (9001,763837,1,650,650,@@@NO@@@)','',2,'2013-08-22'),(56087,'INSERT INTO gne_vale_ferreteria (vfe_id,vfe_fecha,vfe_total,vfe_estado,vfe_entregado,usu_nusuario) VALUES (9002,@@@2013.08.22@@@,720,1,0,@@@m_martinez@@@)','',2,'2013-08-22'),(56088,'INSERT INTO gne_vale_ferreteria_mov (vfe_id,pro_codigo_plu,vfm_cantidad,vfm_unitario,vfm_total,vfm_entregado) VALUES (9002,100325,1,720,720,@@@NO@@@)','',2,'2013-08-22'),(56089,'INSERT INTO gne_vale_ferreteria (vfe_id,vfe_fecha,vfe_total,vfe_estado,vfe_entregado,usu_nusuario) VALUES (9003,@@@2013.08.22@@@,200,1,0,@@@m_martinez@@@)','',2,'2013-08-22'),(56090,'INSERT INTO gne_vale_ferreteria_mov (vfe_id,pro_codigo_plu,vfm_cantidad,vfm_unitario,vfm_total,vfm_entregado) VALUES (9003,4089,1,200,200,@@@NO@@@)','',2,'2013-08-22'),(56091,'INSERT INTO gne_vale_ferreteria (vfe_id,vfe_fecha,vfe_total,vfe_estado,vfe_entregado,usu_nusuario) VALUES (9004,@@@2013.08.22@@@,490,1,0,@@@m_martinez@@@)','',2,'2013-08-22'),(56092,'INSERT INTO gne_vale_ferreteria_mov (vfe_id,pro_codigo_plu,vfm_cantidad,vfm_unitario,vfm_total,vfm_entregado) VALUES (9004,1552,1,490,490,@@@NO@@@)','',2,'2013-08-22'),(56093,'INSERT INTO gne_vale_ferreteria (vfe_id,vfe_fecha,vfe_total,vfe_estado,vfe_entregado,usu_nusuario) VALUES (9005,@@@2013.08.22@@@,400,1,0,@@@m_martinez@@@)','',2,'2013-08-22'),(56094,'INSERT INTO gne_vale_ferreteria_mov (vfe_id,pro_codigo_plu,vfm_cantidad,vfm_unitario,vfm_total,vfm_entregado) VALUES (9005,78017238,1,200,200,@@@NO@@@)','',2,'2013-08-22'),(56095,'INSERT INTO gne_vale_ferreteria_mov (vfe_id,pro_codigo_plu,vfm_cantidad,vfm_unitario,vfm_total,vfm_entregado) VALUES (9005,20366,1,100,100,@@@NO@@@)','',2,'2013-08-22'),(56096,'INSERT INTO gne_vale_ferreteria_mov (vfe_id,pro_codigo_plu,vfm_cantidad,vfm_unitario,vfm_total,vfm_entregado) VALUES (9005,20394,1,100,100,@@@NO@@@)','',2,'2013-08-22'),(56097,'INSERT INTO gne_vale_ferreteria (vfe_id,vfe_fecha,vfe_total,vfe_estado,vfe_entregado,usu_nusuario) VALUES (9006,@@@2013.08.22@@@,299,1,0,@@@m_martinez@@@)','',2,'2013-08-22'),(56098,'INSERT INTO gne_vale_ferreteria_mov (vfe_id,pro_codigo_plu,vfm_cantidad,vfm_unitario,vfm_total,vfm_entregado) VALUES (9006,20847,1,299,299,@@@NO@@@)','',2,'2013-08-22'),(56099,'INSERT INTO mae_productos (pro_codigo_plu,pro_codigo_barra,pro_tipo,pro_nombre_producto,pro_nombre_corto,med_id,emb_id,pro_unidades_embalaje,dep_id,lin_id,mar_id,pro_precio_compra_neto,pro_precio_compra_bruto,pro_precio_venta,pro_margen_actual,pro_oferta,pro_fecha_inicio_oferta,pro_fecha_termino_oferta,pro_precio_oferta,pro_stock_minimo,pro_stock_critico,pro_entradas_bodega,pro_salidas_bodega,pro_mermas_bodega,pro_ajustes_bodega,pro_entradas_sv,pro_salidas_sv,pro_mermas_sv,pro_ajustes_sv,pro_activo,rec_numero,pro_unidad,pro_capacidad,pro_consumo_bodega,pro_consumo_sv,pro_estado,pro_funcion_plu,pro_flejes,pro_iva,pro_plu_asociado,pro_envase,pro_duracion,pro_numero_etiqueta) VALUES (780721686,@@@780721686@@@,@@@0@@@,@@@AROS LARGOS, DIFERENTES MODELOS@@@,@@@AROS LARGOS, DIF@@@,@@@1 @@@,@@@4 @@@,@@@2@@@,@@@24 @@@,@@@207@@@,@@@2507@@@,@@@0@@@,@@@0@@@,@@@990@@@,@@@0@@@,@@@@@@,@@@2013.08.22@@@,@@@2013.08.22@@@,@@@0@@@,@@@20@@@,@@@10@@@,@@@0@@@,@@@0@@@,@@@0@@@,@@@0@@@,@@@0@@@,@@@0@@@,@@@0@@@,@@@0@@@,@@@1@@@,@@@0@@@,0,2,0,0,2,0,1,1,0,@@@NO@@@,0,0)','',2,'2013-08-22'),(56100,'DELETE FROM mae_impuestos_productos WHERE pro_codigo_plu=@@@780721686@@@','',2,'2013-08-22'),(56101,'INSERT INTO gne_vale_ferreteria (vfe_id,vfe_fecha,vfe_total,vfe_estado,vfe_entregado,usu_nusuario) VALUES (9007,@@@2013.08.22@@@,270,1,0,@@@m_martinez@@@)','',2,'2013-08-22'),(56102,'INSERT INTO gne_vale_ferreteria_mov (vfe_id,pro_codigo_plu,vfm_cantidad,vfm_unitario,vfm_total,vfm_entregado) VALUES (9007,8022,1,120,120,@@@NO@@@)','',2,'2013-08-22'),(56103,'INSERT INTO gne_vale_ferreteria_mov (vfe_id,pro_codigo_plu,vfm_cantidad,vfm_unitario,vfm_total,vfm_entregado) VALUES (9007,780721239,1,150,150,@@@NO@@@)','',2,'2013-08-22'),(56104,'INSERT INTO gne_vale_ferreteria (vfe_id,vfe_fecha,vfe_total,vfe_estado,vfe_entregado,usu_nusuario) VALUES (9008,@@@2013.08.22@@@,1980,1,0,@@@m_martinez@@@)','',2,'2013-08-22'),(56105,'INSERT INTO gne_vale_ferreteria_mov (vfe_id,pro_codigo_plu,vfm_cantidad,vfm_unitario,vfm_total,vfm_entregado) VALUES (9008,780721686,2,990,1980,@@@NO@@@)','',2,'2013-08-22'),(56106,'INSERT INTO gne_vale_ferreteria (vfe_id,vfe_fecha,vfe_total,vfe_estado,vfe_entregado,usu_nusuario) VALUES (9009,@@@2013.08.22@@@,300,1,0,@@@m_martinez@@@)','',2,'2013-08-22'),(56107,'INSERT INTO gne_vale_ferreteria_mov (vfe_id,pro_codigo_plu,vfm_cantidad,vfm_unitario,vfm_total,vfm_entregado) VALUES (9009,78017110,2,150,300,@@@NO@@@)','',2,'2013-08-22'),(56108,'INSERT INTO gne_vale_ferreteria (vfe_id,vfe_fecha,vfe_total,vfe_estado,vfe_entregado,usu_nusuario) VALUES (9010,@@@2013.08.22@@@,390,1,0,@@@m_martinez@@@)','',2,'2013-08-22'),(56109,'INSERT INTO gne_vale_ferreteria_mov (vfe_id,pro_codigo_plu,vfm_cantidad,vfm_unitario,vfm_total,vfm_entregado) VALUES (9010,78017020,1,390,390,@@@NO@@@)','',2,'2013-08-22'),(56110,'INSERT INTO gne_vale_ferreteria (vfe_id,vfe_fecha,vfe_total,vfe_estado,vfe_entregado,usu_nusuario) VALUES (9011,@@@2013.08.22@@@,160,1,0,@@@m_martinez@@@)','',2,'2013-08-22'),(56111,'INSERT INTO gne_vale_ferreteria_mov (vfe_id,pro_codigo_plu,vfm_cantidad,vfm_unitario,vfm_total,vfm_entregado) VALUES (9011,12807,1,160,160,@@@NO@@@)','',2,'2013-08-22'),(56112,'INSERT INTO gne_vale_ferreteria (vfe_id,vfe_fecha,vfe_total,vfe_estado,vfe_entregado,usu_nusuario) VALUES (9012,@@@2013.08.22@@@,820,1,0,@@@m_martinez@@@)','',2,'2013-08-22'),(56113,'INSERT INTO gne_vale_ferreteria_mov (vfe_id,pro_codigo_plu,vfm_cantidad,vfm_unitario,vfm_total,vfm_entregado) VALUES (9012,764768,2,220,440,@@@NO@@@)','',2,'2013-08-22'),(56114,'INSERT INTO gne_vale_ferreteria_mov (vfe_id,pro_codigo_plu,vfm_cantidad,vfm_unitario,vfm_total,vfm_entregado) VALUES (9012,763825,1,380,380,@@@NO@@@)','',2,'2013-08-22'),(56115,'INSERT INTO gne_vale_ferreteria (vfe_id,vfe_fecha,vfe_total,vfe_estado,vfe_entregado,usu_nusuario) VALUES (9013,@@@2013.08.22@@@,1290,1,0,@@@m_martinez@@@)','',2,'2013-08-22'),(56116,'INSERT INTO gne_vale_ferreteria_mov (vfe_id,pro_codigo_plu,vfm_cantidad,vfm_unitario,vfm_total,vfm_entregado) VALUES (9013,764570,1,1290,1290,@@@NO@@@)','',2,'2013-08-22'),(56117,'INSERT INTO gne_vale_ferreteria (vfe_id,vfe_fecha,vfe_total,vfe_estado,vfe_entregado,usu_nusuario) VALUES (9014,@@@2013.08.22@@@,980,1,0,@@@m_martinez@@@)','',2,'2013-08-22'),(56118,'INSERT INTO gne_vale_ferreteria_mov (vfe_id,pro_codigo_plu,vfm_cantidad,vfm_unitario,vfm_total,vfm_entregado) VALUES (9014,4127,2,490,980,@@@NO@@@)','',2,'2013-08-22'),(56119,'INSERT INTO gne_vale_ferreteria (vfe_id,vfe_fecha,vfe_total,vfe_estado,vfe_entregado,usu_nusuario) VALUES (9015,@@@2013.08.22@@@,1890,1,0,@@@m_martinez@@@)','',2,'2013-08-22'),(56120,'INSERT INTO gne_vale_ferreteria_mov (vfe_id,pro_codigo_plu,vfm_cantidad,vfm_unitario,vfm_total,vfm_entregado) VALUES (9015,101620,1,1890,1890,@@@NO@@@)','',2,'2013-08-22'),(56121,'INSERT INTO gne_vale_ferreteria (vfe_id,vfe_fecha,vfe_total,vfe_estado,vfe_entregado,usu_nusuario) VALUES (9016,@@@2013.08.22@@@,590,1,0,@@@m_martinez@@@)','',2,'2013-08-22'),(56122,'INSERT INTO gne_vale_ferreteria_mov (vfe_id,pro_codigo_plu,vfm_cantidad,vfm_unitario,vfm_total,vfm_entregado) VALUES (9016,19865,1,590,590,@@@NO@@@)','',2,'2013-08-22'),(56123,'INSERT INTO gne_vale_ferreteria (vfe_id,vfe_fecha,vfe_total,vfe_estado,vfe_entregado,usu_nusuario) VALUES (9017,@@@2013.08.22@@@,60,1,0,@@@m_martinez@@@)','',2,'2013-08-22'),(56124,'INSERT INTO gne_vale_ferreteria_mov (vfe_id,pro_codigo_plu,vfm_cantidad,vfm_unitario,vfm_total,vfm_entregado) VALUES (9017,764833,6,10,60,@@@NO@@@)','',2,'2013-08-22'),(56125,'UPDATE mae_productos SET pro_margen_actual=0,pro_precio_venta=990 WHERE pro_codigo_plu=780721686','',2,'2013-08-22'),(56126,'UPDATE mae_productos SET pro_margen_actual=46.3,pro_precio_venta=790 WHERE pro_codigo_plu=607','',2,'2013-08-22'),(56127,'INSERT INTO gne_vale_ferreteria (vfe_id,vfe_fecha,vfe_total,vfe_estado,vfe_entregado,usu_nusuario) VALUES (9018,@@@2013.08.22@@@,1390,1,0,@@@m_martinez@@@)','',2,'2013-08-22'),(56128,'INSERT INTO gne_vale_ferreteria_mov (vfe_id,pro_codigo_plu,vfm_cantidad,vfm_unitario,vfm_total,vfm_entregado) VALUES (9018,780220149,1,1390,1390,@@@NO@@@)','',2,'2013-08-22'),(56129,'INSERT INTO gne_vale_ferreteria (vfe_id,vfe_fecha,vfe_total,vfe_estado,vfe_entregado,usu_nusuario) VALUES (9019,@@@2013.08.22@@@,1599,1,0,@@@m_martinez@@@)','',2,'2013-08-22'),(56130,'INSERT INTO gne_vale_ferreteria_mov (vfe_id,pro_codigo_plu,vfm_cantidad,vfm_unitario,vfm_total,vfm_entregado) VALUES (9019,15668,1,1599,1599,@@@NO@@@)','',2,'2013-08-22'),(56131,'INSERT INTO gne_vale_ferreteria (vfe_id,vfe_fecha,vfe_total,vfe_estado,vfe_entregado,usu_nusuario) VALUES (9020,@@@2013.08.22@@@,350,1,0,@@@m_martinez@@@)','',2,'2013-08-22'),(56132,'INSERT INTO gne_vale_ferreteria_mov (vfe_id,pro_codigo_plu,vfm_cantidad,vfm_unitario,vfm_total,vfm_entregado) VALUES (9020,1017,1,350,350,@@@NO@@@)','',2,'2013-08-22'),(56133,'INSERT INTO gne_vale_ferreteria (vfe_id,vfe_fecha,vfe_total,vfe_estado,vfe_entregado,usu_nusuario) VALUES (9021,@@@2013.08.22@@@,1890,1,0,@@@m_martinez@@@)','',2,'2013-08-22'),(56134,'INSERT INTO gne_vale_ferreteria_mov (vfe_id,pro_codigo_plu,vfm_cantidad,vfm_unitario,vfm_total,vfm_entregado) VALUES (9021,101620,1,1890,1890,@@@NO@@@)','',2,'2013-08-22'),(56135,'INSERT INTO gne_vale_ferreteria (vfe_id,vfe_fecha,vfe_total,vfe_estado,vfe_entregado,usu_nusuario) VALUES (9022,@@@2013.08.22@@@,260,1,0,@@@m_martinez@@@)','',2,'2013-08-22'),(56136,'INSERT INTO gne_vale_ferreteria_mov (vfe_id,pro_codigo_plu,vfm_cantidad,vfm_unitario,vfm_total,vfm_entregado) VALUES (9022,12083,1,260,260,@@@NO@@@)','',2,'2013-08-22'),(56137,'INSERT INTO gne_vale_ferreteria (vfe_id,vfe_fecha,vfe_total,vfe_estado,vfe_entregado,usu_nusuario) VALUES (9023,@@@2013.08.22@@@,250,1,0,@@@m_martinez@@@)','',2,'2013-08-22'),(56138,'INSERT INTO gne_vale_ferreteria_mov (vfe_id,pro_codigo_plu,vfm_cantidad,vfm_unitario,vfm_total,vfm_entregado) VALUES (9023,780220102,1,250,250,@@@NO@@@)','',2,'2013-08-22'),(56139,'INSERT INTO gne_vale_ferreteria (vfe_id,vfe_fecha,vfe_total,vfe_estado,vfe_entregado,usu_nusuario) VALUES (9024,@@@2013.08.22@@@,2000,1,0,@@@m_martinez@@@)','',2,'2013-08-22'),(56140,'INSERT INTO gne_vale_ferreteria_mov (vfe_id,pro_codigo_plu,vfm_cantidad,vfm_unitario,vfm_total,vfm_entregado) VALUES (9024,15952,1,2000,2000,@@@NO@@@)','',2,'2013-08-22'),(56141,'INSERT INTO gne_vale_ferreteria (vfe_id,vfe_fecha,vfe_total,vfe_estado,vfe_entregado,usu_nusuario) VALUES (9025,@@@2013.08.22@@@,2379,1,0,@@@m_martinez@@@)','',2,'2013-08-22'),(56142,'INSERT INTO gne_vale_ferreteria_mov (vfe_id,pro_codigo_plu,vfm_cantidad,vfm_unitario,vfm_total,vfm_entregado) VALUES (9025,763613,1,999,999,@@@NO@@@)','',2,'2013-08-22'),(56143,'INSERT INTO gne_vale_ferreteria_mov (vfe_id,pro_codigo_plu,vfm_cantidad,vfm_unitario,vfm_total,vfm_entregado) VALUES (9025,1535,1,390,390,@@@NO@@@)','',2,'2013-08-22'),(56144,'INSERT INTO gne_vale_ferreteria_mov (vfe_id,pro_codigo_plu,vfm_cantidad,vfm_unitario,vfm_total,vfm_entregado) VALUES (9025,2008,1,990,990,@@@NO@@@)','',2,'2013-08-22'),(56145,'INSERT INTO gne_vale_ferreteria (vfe_id,vfe_fecha,vfe_total,vfe_estado,vfe_entregado,usu_nusuario) VALUES (9026,@@@2013.08.22@@@,1550,1,0,@@@m_martinez@@@)','',2,'2013-08-22'),(56146,'INSERT INTO gne_vale_ferreteria_mov (vfe_id,pro_codigo_plu,vfm_cantidad,vfm_unitario,vfm_total,vfm_entregado) VALUES (9026,763672,1,1550,1550,@@@NO@@@)','',2,'2013-08-22'),(56147,'INSERT INTO gne_vale_ferreteria (vfe_id,vfe_fecha,vfe_total,vfe_estado,vfe_entregado,usu_nusuario) VALUES (9027,@@@2013.08.22@@@,30,1,0,@@@m_martinez@@@)','',2,'2013-08-22'),(56148,'INSERT INTO gne_vale_ferreteria_mov (vfe_id,pro_codigo_plu,vfm_cantidad,vfm_unitario,vfm_total,vfm_entregado) VALUES (9027,764770,1,30,30,@@@NO@@@)','',2,'2013-08-22'),(56149,'INSERT INTO gne_vale_ferreteria (vfe_id,vfe_fecha,vfe_total,vfe_estado,vfe_entregado,usu_nusuario) VALUES (9028,@@@2013.08.22@@@,660,1,0,@@@m_martinez@@@)','',2,'2013-08-22'),(56150,'INSERT INTO gne_vale_ferreteria_mov (vfe_id,pro_codigo_plu,vfm_cantidad,vfm_unitario,vfm_total,vfm_entregado) VALUES (9028,763585,1,330,330,@@@NO@@@)','',2,'2013-08-22'),(56151,'INSERT INTO gne_vale_ferreteria_mov (vfe_id,pro_codigo_plu,vfm_cantidad,vfm_unitario,vfm_total,vfm_entregado) VALUES (9028,763588,1,330,330,@@@NO@@@)','',2,'2013-08-22'),(56152,'UPDATE mae_productos SET pro_margen_actual=32.35,pro_precio_venta=1890 WHERE pro_codigo_plu=109','',2,'2013-08-22'),(56153,'UPDATE mae_productos SET pro_precio_fiscal=pro_precio_venta WHERE pro_codigo_plu=109','',2,'2013-08-22'),(56154,'INSERT INTO gne_vale_ferreteria (vfe_id,vfe_fecha,vfe_total,vfe_estado,vfe_entregado,usu_nusuario) VALUES (9029,@@@2013.08.22@@@,2590,1,0,@@@m_martinez@@@)','',2,'2013-08-22'),(56155,'INSERT INTO gne_vale_ferreteria_mov (vfe_id,pro_codigo_plu,vfm_cantidad,vfm_unitario,vfm_total,vfm_entregado) VALUES (9029,78017042,1,2590,2590,@@@NO@@@)','',2,'2013-08-22'),(56156,'INSERT INTO gne_vale_ferreteria (vfe_id,vfe_fecha,vfe_total,vfe_estado,vfe_entregado,usu_nusuario) VALUES (9030,@@@2013.08.22@@@,930,1,0,@@@m_martinez@@@)','',2,'2013-08-22'),(56157,'INSERT INTO gne_vale_ferreteria_mov (vfe_id,pro_codigo_plu,vfm_cantidad,vfm_unitario,vfm_total,vfm_entregado) VALUES (9030,1535,2,390,780,@@@NO@@@)','',2,'2013-08-22'),(56158,'INSERT INTO gne_vale_ferreteria_mov (vfe_id,pro_codigo_plu,vfm_cantidad,vfm_unitario,vfm_total,vfm_entregado) VALUES (9030,764580,1,150,150,@@@NO@@@)','',2,'2013-08-22'),(56159,'INSERT INTO gne_vale_ferreteria (vfe_id,vfe_fecha,vfe_total,vfe_estado,vfe_entregado,usu_nusuario) VALUES (9031,@@@2013.08.22@@@,1990,1,0,@@@m_martinez@@@)','',2,'2013-08-22'),(56160,'INSERT INTO gne_vale_ferreteria_mov (vfe_id,pro_codigo_plu,vfm_cantidad,vfm_unitario,vfm_total,vfm_entregado) VALUES (9031,764510,1,1990,1990,@@@NO@@@)','',2,'2013-08-22'),(56161,'INSERT INTO gne_vale_ferreteria (vfe_id,vfe_fecha,vfe_total,vfe_estado,vfe_entregado,usu_nusuario) VALUES (9032,@@@2013.08.22@@@,990,1,0,@@@b_SAEZ@@@)','',2,'2013-08-22'),(56162,'INSERT INTO gne_vale_ferreteria_mov (vfe_id,pro_codigo_plu,vfm_cantidad,vfm_unitario,vfm_total,vfm_entregado) VALUES (9032,770000,10,50,500,@@@NO@@@)','',2,'2013-08-22'),(56163,'INSERT INTO gne_vale_ferreteria_mov (vfe_id,pro_codigo_plu,vfm_cantidad,vfm_unitario,vfm_total,vfm_entregado) VALUES (9032,764223,1,490,490,@@@NO@@@)','',2,'2013-08-22'),(56164,'INSERT INTO gne_vale_ferreteria (vfe_id,vfe_fecha,vfe_total,vfe_estado,vfe_entregado,usu_nusuario) VALUES (9033,@@@2013.08.22@@@,450,1,0,@@@b_SAEZ@@@)','',2,'2013-08-22'),(56165,'INSERT INTO gne_vale_ferreteria_mov (vfe_id,pro_codigo_plu,vfm_cantidad,vfm_unitario,vfm_total,vfm_entregado) VALUES (9033,761971,1,450,450,@@@NO@@@)','',2,'2013-08-22'),(56166,'INSERT INTO gne_vale_ferreteria (vfe_id,vfe_fecha,vfe_total,vfe_estado,vfe_entregado,usu_nusuario) VALUES (9034,@@@2013.08.22@@@,2770,1,0,@@@b_SAEZ@@@)','',2,'2013-08-22'),(56167,'INSERT INTO gne_vale_ferreteria_mov (vfe_id,pro_codigo_plu,vfm_cantidad,vfm_unitario,vfm_total,vfm_entregado) VALUES (9034,764830,1,690,690,@@@NO@@@)','',2,'2013-08-22'),(56168,'INSERT INTO gne_vale_ferreteria_mov (vfe_id,pro_codigo_plu,vfm_cantidad,vfm_unitario,vfm_total,vfm_entregado) VALUES (9034,4141,1,1490,1490,@@@NO@@@)','',2,'2013-08-22'),(56169,'INSERT INTO gne_vale_ferreteria_mov (vfe_id,pro_codigo_plu,vfm_cantidad,vfm_unitario,vfm_total,vfm_entregado) VALUES (9034,764049,1,590,590,@@@NO@@@)','',2,'2013-08-22'),(56170,'INSERT INTO gne_vale_ferreteria (vfe_id,vfe_fecha,vfe_total,vfe_estado,vfe_entregado,usu_nusuario) VALUES (9035,@@@2013.08.22@@@,1870,1,0,@@@b_SAEZ@@@)','',2,'2013-08-22'),(56171,'INSERT INTO gne_vale_ferreteria_mov (vfe_id,pro_codigo_plu,vfm_cantidad,vfm_unitario,vfm_total,vfm_entregado) VALUES (9035,764539,1,450,450,@@@NO@@@)','',2,'2013-08-22'),(56172,'INSERT INTO gne_vale_ferreteria_mov (vfe_id,pro_codigo_plu,vfm_cantidad,vfm_unitario,vfm_total,vfm_entregado) VALUES (9035,78017149,1,790,790,@@@NO@@@)','',2,'2013-08-22'),(56173,'INSERT INTO gne_vale_ferreteria_mov (vfe_id,pro_codigo_plu,vfm_cantidad,vfm_unitario,vfm_total,vfm_entregado) VALUES (9035,780721666,1,630,630,@@@NO@@@)','',2,'2013-08-22'),(56174,'INSERT INTO gne_vale_ferreteria (vfe_id,vfe_fecha,vfe_total,vfe_estado,vfe_entregado,usu_nusuario) VALUES (9036,@@@2013.08.22@@@,620,1,0,@@@b_SAEZ@@@)','',2,'2013-08-22'),(56175,'INSERT INTO gne_vale_ferreteria_mov (vfe_id,pro_codigo_plu,vfm_cantidad,vfm_unitario,vfm_total,vfm_entregado) VALUES (9036,11378,1,620,620,@@@NO@@@)','',2,'2013-08-22'),(56176,'INSERT INTO gne_vale_ferreteria (vfe_id,vfe_fecha,vfe_total,vfe_estado,vfe_entregado,usu_nusuario) VALUES (9037,@@@2013.08.22@@@,840,1,0,@@@b_SAEZ@@@)','',2,'2013-08-22'),(56177,'INSERT INTO gne_vale_ferreteria_mov (vfe_id,pro_codigo_plu,vfm_cantidad,vfm_unitario,vfm_total,vfm_entregado) VALUES (9037,11670,1,840,840,@@@NO@@@)','',2,'2013-08-22'),(56178,'INSERT INTO gne_vale_ferreteria (vfe_id,vfe_fecha,vfe_total,vfe_estado,vfe_entregado,usu_nusuario) VALUES (9038,@@@2013.08.22@@@,30,1,0,@@@b_SAEZ@@@)','',2,'2013-08-22'),(56179,'INSERT INTO gne_vale_ferreteria_mov (vfe_id,pro_codigo_plu,vfm_cantidad,vfm_unitario,vfm_total,vfm_entregado) VALUES (9038,763790,1,30,30,@@@NO@@@)','',2,'2013-08-22'),(56180,'INSERT INTO gne_vale_ferreteria (vfe_id,vfe_fecha,vfe_total,vfe_estado,vfe_entregado,usu_nusuario) VALUES (9039,@@@2013.08.22@@@,1050,1,0,@@@b_SAEZ@@@)','',2,'2013-08-22'),(56181,'INSERT INTO gne_vale_ferreteria_mov (vfe_id,pro_codigo_plu,vfm_cantidad,vfm_unitario,vfm_total,vfm_entregado) VALUES (9039,763806,1,1050,1050,@@@NO@@@)','',2,'2013-08-22'),(56182,'INSERT INTO gne_vale_ferreteria (vfe_id,vfe_fecha,vfe_total,vfe_estado,vfe_entregado,usu_nusuario) VALUES (9040,@@@2013.08.22@@@,650,1,0,@@@b_SAEZ@@@)','',2,'2013-08-22'),(56183,'INSERT INTO gne_vale_ferreteria_mov (vfe_id,pro_codigo_plu,vfm_cantidad,vfm_unitario,vfm_total,vfm_entregado) VALUES (9040,78017235,2,100,200,@@@NO@@@)','',2,'2013-08-22'),(56184,'INSERT INTO gne_vale_ferreteria_mov (vfe_id,pro_codigo_plu,vfm_cantidad,vfm_unitario,vfm_total,vfm_entregado) VALUES (9040,78017155,1,450,450,@@@NO@@@)','',2,'2013-08-22'),(56185,'INSERT INTO gne_vale_ferreteria (vfe_id,vfe_fecha,vfe_total,vfe_estado,vfe_entregado,usu_nusuario) VALUES (9041,@@@2013.08.22@@@,250,1,0,@@@b_SAEZ@@@)','',2,'2013-08-22'),(56186,'INSERT INTO gne_vale_ferreteria_mov (vfe_id,pro_codigo_plu,vfm_cantidad,vfm_unitario,vfm_total,vfm_entregado) VALUES (9041,770000,5,50,250,@@@NO@@@)','',2,'2013-08-22'),(56187,'INSERT INTO gne_vale_ferreteria (vfe_id,vfe_fecha,vfe_total,vfe_estado,vfe_entregado,usu_nusuario) VALUES (9042,@@@2013.08.22@@@,690,1,0,@@@b_SAEZ@@@)','',2,'2013-08-22'),(56188,'INSERT INTO gne_vale_ferreteria_mov (vfe_id,pro_codigo_plu,vfm_cantidad,vfm_unitario,vfm_total,vfm_entregado) VALUES (9042,762000,1,690,690,@@@NO@@@)','',2,'2013-08-22'),(56189,'INSERT INTO gne_vale_ferreteria (vfe_id,vfe_fecha,vfe_total,vfe_estado,vfe_entregado,usu_nusuario) VALUES (9043,@@@2013.08.22@@@,690,1,0,@@@b_SAEZ@@@)','',2,'2013-08-22'),(56190,'INSERT INTO gne_vale_ferreteria_mov (vfe_id,pro_codigo_plu,vfm_cantidad,vfm_unitario,vfm_total,vfm_entregado) VALUES (9043,762000,1,690,690,@@@NO@@@)','',2,'2013-08-22'),(56191,'INSERT INTO gne_vale_ferreteria (vfe_id,vfe_fecha,vfe_total,vfe_estado,vfe_entregado,usu_nusuario) VALUES (9044,@@@2013.08.22@@@,260,1,0,@@@b_SAEZ@@@)','',2,'2013-08-22'),(56192,'INSERT INTO gne_vale_ferreteria_mov (vfe_id,pro_codigo_plu,vfm_cantidad,vfm_unitario,vfm_total,vfm_entregado) VALUES (9044,15967,2,130,260,@@@NO@@@)','',2,'2013-08-22'),(56193,'INSERT INTO gne_vale_ferreteria (vfe_id,vfe_fecha,vfe_total,vfe_estado,vfe_entregado,usu_nusuario) VALUES (9045,@@@2013.08.22@@@,890,1,0,@@@b_SAEZ@@@)','',2,'2013-08-22'),(56194,'INSERT INTO gne_vale_ferreteria_mov (vfe_id,pro_codigo_plu,vfm_cantidad,vfm_unitario,vfm_total,vfm_entregado) VALUES (9045,2014,1,890,890,@@@NO@@@)','',2,'2013-08-22'),(56195,'UPDATE mae_productos SET pro_margen_actual=44.92,pro_precio_venta=1790 WHERE pro_codigo_plu=102655','',2,'2013-08-22'),(56196,'UPDATE mae_productos SET pro_precio_fiscal=pro_precio_venta WHERE pro_codigo_plu=102655','',2,'2013-08-22'),(56197,'INSERT INTO gne_vale_ferreteria (vfe_id,vfe_fecha,vfe_total,vfe_estado,vfe_entregado,usu_nusuario) VALUES (9046,@@@2013.08.22@@@,1400,1,0,@@@b_SAEZ@@@)','',2,'2013-08-22'),(56198,'INSERT INTO gne_vale_ferreteria_mov (vfe_id,pro_codigo_plu,vfm_cantidad,vfm_unitario,vfm_total,vfm_entregado) VALUES (9046,763626,1,850,850,@@@NO@@@)','',2,'2013-08-22'),(56199,'INSERT INTO gne_vale_ferreteria_mov (vfe_id,pro_codigo_plu,vfm_cantidad,vfm_unitario,vfm_total,vfm_entregado) VALUES (9046,764016,1,450,450,@@@NO@@@)','',2,'2013-08-22'),(56200,'INSERT INTO gne_vale_ferreteria_mov (vfe_id,pro_codigo_plu,vfm_cantidad,vfm_unitario,vfm_total,vfm_entregado) VALUES (9046,78017235,1,100,100,@@@NO@@@)','',2,'2013-08-22'),(56201,'INSERT INTO gne_vale_ferreteria (vfe_id,vfe_fecha,vfe_total,vfe_estado,vfe_entregado,usu_nusuario) VALUES (9047,@@@2013.08.22@@@,100,1,0,@@@b_SAEZ@@@)','',2,'2013-08-22'),(56202,'INSERT INTO gne_vale_ferreteria_mov (vfe_id,pro_codigo_plu,vfm_cantidad,vfm_unitario,vfm_total,vfm_entregado) VALUES (9047,78017235,1,100,100,@@@NO@@@)','',2,'2013-08-22'),(56203,'INSERT INTO gne_vale_ferreteria (vfe_id,vfe_fecha,vfe_total,vfe_estado,vfe_entregado,usu_nusuario) VALUES (9048,@@@2013.08.22@@@,2260,1,0,@@@b_SAEZ@@@)','',2,'2013-08-22'),(56204,'INSERT INTO gne_vale_ferreteria_mov (vfe_id,pro_codigo_plu,vfm_cantidad,vfm_unitario,vfm_total,vfm_entregado) VALUES (9048,78016984,1,1890,1890,@@@NO@@@)','',2,'2013-08-22'),(56205,'INSERT INTO gne_vale_ferreteria_mov (vfe_id,pro_codigo_plu,vfm_cantidad,vfm_unitario,vfm_total,vfm_entregado) VALUES (9048,780220193,1,370,370,@@@NO@@@)','',2,'2013-08-22'),(56206,'INSERT INTO gne_vale_ferreteria (vfe_id,vfe_fecha,vfe_total,vfe_estado,vfe_entregado,usu_nusuario) VALUES (9049,@@@2013.08.22@@@,490,1,0,@@@b_SAEZ@@@)','',2,'2013-08-22'),(56207,'INSERT INTO gne_vale_ferreteria_mov (vfe_id,pro_codigo_plu,vfm_cantidad,vfm_unitario,vfm_total,vfm_entregado) VALUES (9049,4090,1,390,390,@@@NO@@@)','',2,'2013-08-22'),(56208,'INSERT INTO gne_vale_ferreteria_mov (vfe_id,pro_codigo_plu,vfm_cantidad,vfm_unitario,vfm_total,vfm_entregado) VALUES (9049,780721427,1,100,100,@@@NO@@@)','',2,'2013-08-22'),(56209,'INSERT INTO gne_vale_ferreteria (vfe_id,vfe_fecha,vfe_total,vfe_estado,vfe_entregado,usu_nusuario) VALUES (9050,@@@2013.08.22@@@,300,1,0,@@@b_SAEZ@@@)','',2,'2013-08-22'),(56210,'INSERT INTO gne_vale_ferreteria_mov (vfe_id,pro_codigo_plu,vfm_cantidad,vfm_unitario,vfm_total,vfm_entregado) VALUES (9050,800001,1,300,300,@@@NO@@@)','',2,'2013-08-22'),(56211,'INSERT INTO gne_vale_ferreteria (vfe_id,vfe_fecha,vfe_total,vfe_estado,vfe_entregado,usu_nusuario) VALUES (9051,@@@2013.08.22@@@,330,1,0,@@@b_SAEZ@@@)','',2,'2013-08-22'),(56212,'INSERT INTO gne_vale_ferreteria_mov (vfe_id,pro_codigo_plu,vfm_cantidad,vfm_unitario,vfm_total,vfm_entregado) VALUES (9051,800001,1,300,300,@@@NO@@@)','',2,'2013-08-22'),(56213,'INSERT INTO gne_vale_ferreteria_mov (vfe_id,pro_codigo_plu,vfm_cantidad,vfm_unitario,vfm_total,vfm_entregado) VALUES (9051,763790,1,30,30,@@@NO@@@)','',2,'2013-08-22'),(56214,'INSERT INTO gne_vale_ferreteria (vfe_id,vfe_fecha,vfe_total,vfe_estado,vfe_entregado,usu_nusuario) VALUES (9052,@@@2013.08.22@@@,4420,1,0,@@@b_SAEZ@@@)','',2,'2013-08-22'),(56215,'INSERT INTO gne_vale_ferreteria_mov (vfe_id,pro_codigo_plu,vfm_cantidad,vfm_unitario,vfm_total,vfm_entregado) VALUES (9052,4064,7,140,980,@@@NO@@@)','',2,'2013-08-22'),(56216,'INSERT INTO gne_vale_ferreteria_mov (vfe_id,pro_codigo_plu,vfm_cantidad,vfm_unitario,vfm_total,vfm_entregado) VALUES (9052,764246,19,140,2660,@@@NO@@@)','',2,'2013-08-22'),(56217,'INSERT INTO gne_vale_ferreteria_mov (vfe_id,pro_codigo_plu,vfm_cantidad,vfm_unitario,vfm_total,vfm_entregado) VALUES (9052,780721421,26,30,780,@@@NO@@@)','',2,'2013-08-22'),(56218,'UPDATE mae_productos SET pro_margen_actual=44.92,pro_precio_venta=1790 WHERE pro_codigo_plu=102655','',2,'2013-08-22'),(56219,'UPDATE mae_productos SET pro_margen_actual=30.16,pro_precio_venta=1250 WHERE pro_codigo_plu=11339','',2,'2013-08-22'),(56220,'UPDATE mae_productos SET pro_margen_actual=30.28,pro_precio_venta=200 WHERE pro_codigo_plu=12029','',2,'2013-08-22'),(56221,'UPDATE mae_productos SET pro_margen_actual=30.14,pro_precio_venta=350 WHERE pro_codigo_plu=78017083','',2,'2013-08-22'),(56222,'UPDATE mae_productos SET pro_margen_actual=30.14,pro_precio_venta=350 WHERE pro_codigo_plu=13551','',2,'2013-08-22'),(56223,'UPDATE mae_productos SET pro_margen_actual=34.28,pro_precio_venta=310 WHERE pro_codigo_plu=780721632','',2,'2013-08-22'),(56224,'UPDATE mae_productos SET pro_margen_actual=30.49,pro_precio_venta=250 WHERE pro_codigo_plu=763488','',2,'2013-08-22'),(56225,'UPDATE mae_productos SET pro_margen_actual=30.99,pro_precio_venta=2650 WHERE pro_codigo_plu=780721593','',2,'2013-08-22'),(56226,'UPDATE mae_productos SET pro_margen_actual=30.14,pro_precio_venta=1400 WHERE pro_codigo_plu=763525','',2,'2013-08-22'),(56227,'UPDATE mae_productos SET pro_margen_actual=30.49,pro_precio_venta=250 WHERE pro_codigo_plu=13054','',2,'2013-08-22'),(56228,'UPDATE mae_productos SET pro_margen_actual=29.68,pro_precio_venta=250 WHERE pro_codigo_plu=78017082','',2,'2013-08-22'),(56229,'UPDATE mae_productos SET pro_margen_actual=34.28,pro_precio_venta=1550 WHERE pro_codigo_plu=763530','',2,'2013-08-22'),(56230,'UPDATE mae_productos SET pro_margen_actual=30.04,pro_precio_venta=1199 WHERE pro_codigo_plu=763529','',2,'2013-08-22'),(56231,'UPDATE mae_productos SET pro_margen_actual=30.12,pro_precio_venta=1200 WHERE pro_codigo_plu=10855','',2,'2013-08-22'),(56232,'UPDATE mae_productos SET pro_margen_actual=29.68,pro_precio_venta=250 WHERE pro_codigo_plu=762639','',2,'2013-08-22'),(56233,'INSERT INTO gne_vale_ferreteria (vfe_id,vfe_fecha,vfe_total,vfe_estado,vfe_entregado,usu_nusuario) VALUES (9053,@@@2013.08.22@@@,220,1,0,@@@b_SAEZ@@@)','',2,'2013-08-22'),(56234,'INSERT INTO gne_vale_ferreteria_mov (vfe_id,pro_codigo_plu,vfm_cantidad,vfm_unitario,vfm_total,vfm_entregado) VALUES (9053,764768,1,220,220,@@@NO@@@)','',2,'2013-08-22'),(56235,'INSERT INTO gne_vale_ferreteria (vfe_id,vfe_fecha,vfe_total,vfe_estado,vfe_entregado,usu_nusuario) VALUES (9054,@@@2013.08.22@@@,690,1,0,@@@b_SAEZ@@@)','',2,'2013-08-22'),(56236,'INSERT INTO gne_vale_ferreteria_mov (vfe_id,pro_codigo_plu,vfm_cantidad,vfm_unitario,vfm_total,vfm_entregado) VALUES (9054,770084,1,690,690,@@@NO@@@)','',2,'2013-08-22'),(56237,'INSERT INTO gne_vale_ferreteria (vfe_id,vfe_fecha,vfe_total,vfe_estado,vfe_entregado,usu_nusuario) VALUES (9055,@@@2013.08.22@@@,1380,1,0,@@@b_SAEZ@@@)','',2,'2013-08-22'),(56238,'INSERT INTO gne_vale_ferreteria_mov (vfe_id,pro_codigo_plu,vfm_cantidad,vfm_unitario,vfm_total,vfm_entregado) VALUES (9055,770084,2,690,1380,@@@NO@@@)','',2,'2013-08-22'),(56239,'INSERT INTO gne_vale_ferreteria (vfe_id,vfe_fecha,vfe_total,vfe_estado,vfe_entregado,usu_nusuario) VALUES (9056,@@@2013.08.22@@@,1250,1,0,@@@b_SAEZ@@@)','',2,'2013-08-22'),(56240,'INSERT INTO gne_vale_ferreteria_mov (vfe_id,pro_codigo_plu,vfm_cantidad,vfm_unitario,vfm_total,vfm_entregado) VALUES (9056,763626,1,850,850,@@@NO@@@)','',2,'2013-08-22'),(56241,'INSERT INTO gne_vale_ferreteria_mov (vfe_id,pro_codigo_plu,vfm_cantidad,vfm_unitario,vfm_total,vfm_entregado) VALUES (9056,78017235,4,100,400,@@@NO@@@)','',2,'2013-08-22'),(56242,'INSERT INTO gne_vale_ferreteria (vfe_id,vfe_fecha,vfe_total,vfe_estado,vfe_entregado,usu_nusuario) VALUES (9057,@@@2013.08.22@@@,300,1,0,@@@b_SAEZ@@@)','',2,'2013-08-22'),(56243,'INSERT INTO gne_vale_ferreteria_mov (vfe_id,pro_codigo_plu,vfm_cantidad,vfm_unitario,vfm_total,vfm_entregado) VALUES (9057,763790,10,30,300,@@@NO@@@)','',2,'2013-08-22'),(56244,'INSERT INTO gne_vale_ferreteria (vfe_id,vfe_fecha,vfe_total,vfe_estado,vfe_entregado,usu_nusuario) VALUES (9058,@@@2013.08.22@@@,400,1,0,@@@b_SAEZ@@@)','',2,'2013-08-22'),(56245,'INSERT INTO gne_vale_ferreteria_mov (vfe_id,pro_codigo_plu,vfm_cantidad,vfm_unitario,vfm_total,vfm_entregado) VALUES (9058,78017235,4,100,400,@@@NO@@@)','',2,'2013-08-22'),(56246,'INSERT INTO gne_vale_ferreteria (vfe_id,vfe_fecha,vfe_total,vfe_estado,vfe_entregado,usu_nusuario) VALUES (9059,@@@2013.08.22@@@,230,1,0,@@@b_SAEZ@@@)','',2,'2013-08-22'),(56247,'INSERT INTO gne_vale_ferreteria_mov (vfe_id,pro_codigo_plu,vfm_cantidad,vfm_unitario,vfm_total,vfm_entregado) VALUES (9059,78016993,1,230,230,@@@NO@@@)','',2,'2013-08-22'),(56248,'INSERT INTO gne_vale_ferreteria (vfe_id,vfe_fecha,vfe_total,vfe_estado,vfe_entregado,usu_nusuario) VALUES (9060,@@@2013.08.22@@@,460,1,0,@@@b_SAEZ@@@)','',2,'2013-08-22'),(56249,'INSERT INTO gne_vale_ferreteria_mov (vfe_id,pro_codigo_plu,vfm_cantidad,vfm_unitario,vfm_total,vfm_entregado) VALUES (9060,78016993,2,230,460,@@@NO@@@)','',2,'2013-08-22'),(56250,'INSERT INTO gne_vale_ferreteria (vfe_id,vfe_fecha,vfe_total,vfe_estado,vfe_entregado,usu_nusuario) VALUES (9061,@@@2013.08.23@@@,360,1,0,@@@b_SAEZ@@@)','',2,'2013-08-23'),(56251,'INSERT INTO gne_vale_ferreteria_mov (vfe_id,pro_codigo_plu,vfm_cantidad,vfm_unitario,vfm_total,vfm_entregado) VALUES (9061,8022,3,120,360,@@@NO@@@)','',2,'2013-08-23'),(56252,'INSERT INTO gne_vale_ferreteria (vfe_id,vfe_fecha,vfe_total,vfe_estado,vfe_entregado,usu_nusuario) VALUES (9062,@@@2013.08.23@@@,360,1,0,@@@b_SAEZ@@@)','',2,'2013-08-23'),(56253,'INSERT INTO gne_vale_ferreteria_mov (vfe_id,pro_codigo_plu,vfm_cantidad,vfm_unitario,vfm_total,vfm_entregado) VALUES (9062,8022,3,120,360,@@@NO@@@)','',2,'2013-08-23'),(56254,'INSERT INTO gne_vale_ferreteria (vfe_id,vfe_fecha,vfe_total,vfe_estado,vfe_entregado,usu_nusuario) VALUES (9063,@@@2013.08.23@@@,740,1,0,@@@b_SAEZ@@@)','',2,'2013-08-23'),(56255,'INSERT INTO gne_vale_ferreteria_mov (vfe_id,pro_codigo_plu,vfm_cantidad,vfm_unitario,vfm_total,vfm_entregado) VALUES (9063,763864,1,590,590,@@@NO@@@)','',2,'2013-08-23'),(56256,'INSERT INTO gne_vale_ferreteria_mov (vfe_id,pro_codigo_plu,vfm_cantidad,vfm_unitario,vfm_total,vfm_entregado) VALUES (9063,9900006,1,150,150,@@@NO@@@)','',2,'2013-08-23'),(56257,'INSERT INTO gne_vale_ferreteria (vfe_id,vfe_fecha,vfe_total,vfe_estado,vfe_entregado,usu_nusuario) VALUES (9064,@@@2013.08.23@@@,790,1,0,@@@b_SAEZ@@@)','',2,'2013-08-23'),(56258,'INSERT INTO gne_vale_ferreteria_mov (vfe_id,pro_codigo_plu,vfm_cantidad,vfm_unitario,vfm_total,vfm_entregado) VALUES (9064,780721280,1,790,790,@@@NO@@@)','',2,'2013-08-23'),(56259,'INSERT INTO gne_vale_ferreteria (vfe_id,vfe_fecha,vfe_total,vfe_estado,vfe_entregado,usu_nusuario) VALUES (9065,@@@2013.08.23@@@,2590,1,0,@@@b_SAEZ@@@)','',2,'2013-08-23'),(56260,'INSERT INTO gne_vale_ferreteria_mov (vfe_id,pro_codigo_plu,vfm_cantidad,vfm_unitario,vfm_total,vfm_entregado) VALUES (9065,10179,1,2590,2590,@@@NO@@@)','',2,'2013-08-23'),(56261,'INSERT INTO gne_vale_ferreteria (vfe_id,vfe_fecha,vfe_total,vfe_estado,vfe_entregado,usu_nusuario) VALUES (9066,@@@2013.08.23@@@,5540,1,0,@@@b_SAEZ@@@)','',2,'2013-08-23'),(56262,'INSERT INTO gne_vale_ferreteria_mov (vfe_id,pro_codigo_plu,vfm_cantidad,vfm_unitario,vfm_total,vfm_entregado) VALUES (9066,78017147,20,90,1800,@@@NO@@@)','',2,'2013-08-23'),(56263,'INSERT INTO gne_vale_ferreteria_mov (vfe_id,pro_codigo_plu,vfm_cantidad,vfm_unitario,vfm_total,vfm_entregado) VALUES (9066,78016970,1,2990,2990,@@@NO@@@)','',2,'2013-08-23'),(56264,'INSERT INTO gne_vale_ferreteria_mov (vfe_id,pro_codigo_plu,vfm_cantidad,vfm_unitario,vfm_total,vfm_entregado) VALUES (9066,764016,1,450,450,@@@NO@@@)','',2,'2013-08-23'),(56265,'INSERT INTO gne_vale_ferreteria_mov (vfe_id,pro_codigo_plu,vfm_cantidad,vfm_unitario,vfm_total,vfm_entregado) VALUES (9066,780721221,1,300,300,@@@NO@@@)','',2,'2013-08-23'),(56266,'INSERT INTO gne_vale_ferreteria (vfe_id,vfe_fecha,vfe_total,vfe_estado,vfe_entregado,usu_nusuario) VALUES (9067,@@@2013.08.23@@@,1750,1,0,@@@b_SAEZ@@@)','',2,'2013-08-23'),(56267,'INSERT INTO gne_vale_ferreteria_mov (vfe_id,pro_codigo_plu,vfm_cantidad,vfm_unitario,vfm_total,vfm_entregado) VALUES (9067,20482,1,1750,1750,@@@NO@@@)','',2,'2013-08-23'),(56268,'INSERT INTO gne_vale_ferreteria (vfe_id,vfe_fecha,vfe_total,vfe_estado,vfe_entregado,usu_nusuario) VALUES (9068,@@@2013.08.23@@@,1200,1,0,@@@b_SAEZ@@@)','',2,'2013-08-23'),(56269,'INSERT INTO gne_vale_ferreteria_mov (vfe_id,pro_codigo_plu,vfm_cantidad,vfm_unitario,vfm_total,vfm_entregado) VALUES (9068,18386,1,200,200,@@@NO@@@)','',2,'2013-08-23'),(56270,'INSERT INTO gne_vale_ferreteria_mov (vfe_id,pro_codigo_plu,vfm_cantidad,vfm_unitario,vfm_total,vfm_entregado) VALUES (9068,4130,10,100,1000,@@@NO@@@)','',2,'2013-08-23'),(56271,'INSERT INTO gne_vale_ferreteria (vfe_id,vfe_fecha,vfe_total,vfe_estado,vfe_entregado,usu_nusuario) VALUES (9069,@@@2013.08.23@@@,350,1,0,@@@b_SAEZ@@@)','',2,'2013-08-23'),(56272,'INSERT INTO gne_vale_ferreteria_mov (vfe_id,pro_codigo_plu,vfm_cantidad,vfm_unitario,vfm_total,vfm_entregado) VALUES (9069,8021,1,150,150,@@@NO@@@)','',2,'2013-08-23'),(56273,'INSERT INTO gne_vale_ferreteria_mov (vfe_id,pro_codigo_plu,vfm_cantidad,vfm_unitario,vfm_total,vfm_entregado) VALUES (9069,21135,1,200,200,@@@NO@@@)','',2,'2013-08-23'),(56274,'INSERT INTO gne_vale_ferreteria (vfe_id,vfe_fecha,vfe_total,vfe_estado,vfe_entregado,usu_nusuario) VALUES (9070,@@@2013.08.23@@@,490,1,0,@@@b_SAEZ@@@)','',2,'2013-08-23'),(56275,'INSERT INTO gne_vale_ferreteria_mov (vfe_id,pro_codigo_plu,vfm_cantidad,vfm_unitario,vfm_total,vfm_entregado) VALUES (9070,78017203,1,490,490,@@@NO@@@)','',2,'2013-08-23'),(56276,'INSERT INTO gne_vale_ferreteria (vfe_id,vfe_fecha,vfe_total,vfe_estado,vfe_entregado,usu_nusuario) VALUES (9071,@@@2013.08.23@@@,490,1,0,@@@b_SAEZ@@@)','',2,'2013-08-23'),(56277,'INSERT INTO gne_vale_ferreteria_mov (vfe_id,pro_codigo_plu,vfm_cantidad,vfm_unitario,vfm_total,vfm_entregado) VALUES (9071,78017203,1,490,490,@@@NO@@@)','',2,'2013-08-23'),(56278,'INSERT INTO gne_vale_ferreteria (vfe_id,vfe_fecha,vfe_total,vfe_estado,vfe_entregado,usu_nusuario) VALUES (9072,@@@2013.08.23@@@,8960,1,0,@@@b_SAEZ@@@)','',2,'2013-08-23'),(56279,'INSERT INTO gne_vale_ferreteria_mov (vfe_id,pro_codigo_plu,vfm_cantidad,vfm_unitario,vfm_total,vfm_entregado) VALUES (9072,780721440,1,3990,3990,@@@NO@@@)','',2,'2013-08-23'),(56280,'INSERT INTO gne_vale_ferreteria_mov (vfe_id,pro_codigo_plu,vfm_cantidad,vfm_unitario,vfm_total,vfm_entregado) VALUES (9072,780721470,1,4190,4190,@@@NO@@@)','',2,'2013-08-23'),(56281,'INSERT INTO gne_vale_ferreteria_mov (vfe_id,pro_codigo_plu,vfm_cantidad,vfm_unitario,vfm_total,vfm_entregado) VALUES (9072,15967,6,130,780,@@@NO@@@)','',2,'2013-08-23'),(56282,'INSERT INTO gne_vale_ferreteria (vfe_id,vfe_fecha,vfe_total,vfe_estado,vfe_entregado,usu_nusuario) VALUES (9073,@@@2013.08.23@@@,1490,1,0,@@@b_SAEZ@@@)','',2,'2013-08-23'),(56283,'INSERT INTO gne_vale_ferreteria_mov (vfe_id,pro_codigo_plu,vfm_cantidad,vfm_unitario,vfm_total,vfm_entregado) VALUES (9073,761659,1,1490,1490,@@@NO@@@)','',2,'2013-08-23'),(56284,'UPDATE mae_productos SET pro_margen_actual=59.96,pro_precio_venta=1790 WHERE pro_codigo_plu=561','',2,'2013-08-23'),(56285,'UPDATE mae_productos SET pro_precio_fiscal=pro_precio_venta WHERE pro_codigo_plu=561','',2,'2013-08-23'),(56286,'INSERT INTO gne_vale_ferreteria (vfe_id,vfe_fecha,vfe_total,vfe_estado,vfe_entregado,usu_nusuario) VALUES (9074,@@@2013.08.23@@@,200,1,0,@@@b_SAEZ@@@)','',2,'2013-08-23'),(56287,'INSERT INTO gne_vale_ferreteria_mov (vfe_id,pro_codigo_plu,vfm_cantidad,vfm_unitario,vfm_total,vfm_entregado) VALUES (9074,78017194,1,200,200,@@@NO@@@)','',2,'2013-08-23'),(56288,'UPDATE mae_productos SET pro_margen_actual=0,pro_precio_venta=650 WHERE pro_codigo_plu=543','',2,'2013-08-23'),(56289,'UPDATE mae_productos SET pro_margen_actual=160,pro_precio_venta=650 WHERE pro_codigo_plu=535','',2,'2013-08-23'),(56290,'UPDATE mae_productos SET pro_precio_fiscal=pro_precio_venta WHERE pro_codigo_plu=535','',2,'2013-08-23'),(56291,'INSERT INTO gne_vale_ferreteria (vfe_id,vfe_fecha,vfe_total,vfe_estado,vfe_entregado,usu_nusuario) VALUES (9075,@@@2013.08.23@@@,50,1,0,@@@b_SAEZ@@@)','',2,'2013-08-23'),(56292,'INSERT INTO gne_vale_ferreteria_mov (vfe_id,pro_codigo_plu,vfm_cantidad,vfm_unitario,vfm_total,vfm_entregado) VALUES (9075,770000,1,50,50,@@@NO@@@)','',2,'2013-08-23'),(56293,'INSERT INTO gne_vale_ferreteria (vfe_id,vfe_fecha,vfe_total,vfe_estado,vfe_entregado,usu_nusuario) VALUES (9076,@@@2013.08.23@@@,1200,1,0,@@@m_martinez@@@)','',2,'2013-08-23'),(56294,'INSERT INTO gne_vale_ferreteria_mov (vfe_id,pro_codigo_plu,vfm_cantidad,vfm_unitario,vfm_total,vfm_entregado) VALUES (9076,78017049,4,300,1200,@@@NO@@@)','',2,'2013-08-23'),(56295,'UPDATE mae_productos SET pro_margen_actual=0,pro_precio_venta=1890 WHERE pro_codigo_plu=106','',2,'2013-08-23'),(56296,'UPDATE mae_productos SET pro_precio_fiscal=pro_precio_venta WHERE pro_codigo_plu=106','',2,'2013-08-23'),(56297,'UPDATE mae_productos SET pro_margen_actual=39.47,pro_precio_venta=2390 WHERE pro_codigo_plu=126','',2,'2013-08-23'),(56298,'UPDATE mae_productos SET pro_precio_fiscal=pro_precio_venta WHERE pro_codigo_plu=126','',2,'2013-08-23'),(56299,'INSERT INTO gne_vale_ferreteria (vfe_id,vfe_fecha,vfe_total,vfe_estado,vfe_entregado,usu_nusuario) VALUES (9077,@@@2013.08.23@@@,990,1,0,@@@m_martinez@@@)','',2,'2013-08-23'),(56300,'INSERT INTO gne_vale_ferreteria_mov (vfe_id,pro_codigo_plu,vfm_cantidad,vfm_unitario,vfm_total,vfm_entregado) VALUES (9077,770087,1,990,990,@@@NO@@@)','',2,'2013-08-23'),(56301,'INSERT INTO gne_vale_ferreteria (vfe_id,vfe_fecha,vfe_total,vfe_estado,vfe_entregado,usu_nusuario) VALUES (9078,@@@2013.08.23@@@,2990,1,0,@@@m_martinez@@@)','',2,'2013-08-23'),(56302,'INSERT INTO gne_vale_ferreteria_mov (vfe_id,pro_codigo_plu,vfm_cantidad,vfm_unitario,vfm_total,vfm_entregado) VALUES (9078,1230,1,2990,2990,@@@NO@@@)','',2,'2013-08-23'),(56303,'INSERT INTO gne_vale_ferreteria (vfe_id,vfe_fecha,vfe_total,vfe_estado,vfe_entregado,usu_nusuario) VALUES (9079,@@@2013.08.23@@@,490,1,0,@@@m_martinez@@@)','',2,'2013-08-23'),(56304,'INSERT INTO gne_vale_ferreteria_mov (vfe_id,pro_codigo_plu,vfm_cantidad,vfm_unitario,vfm_total,vfm_entregado) VALUES (9079,764701,1,490,490,@@@NO@@@)','',2,'2013-08-23'),(56305,'INSERT INTO gne_vale_ferreteria (vfe_id,vfe_fecha,vfe_total,vfe_estado,vfe_entregado,usu_nusuario) VALUES (9080,@@@2013.08.23@@@,490,1,0,@@@m_martinez@@@)','',2,'2013-08-23'),(56306,'INSERT INTO gne_vale_ferreteria_mov (vfe_id,pro_codigo_plu,vfm_cantidad,vfm_unitario,vfm_total,vfm_entregado) VALUES (9080,1538,1,490,490,@@@NO@@@)','',2,'2013-08-23'),(56307,'INSERT INTO gne_vale_ferreteria (vfe_id,vfe_fecha,vfe_total,vfe_estado,vfe_entregado,usu_nusuario) VALUES (9081,@@@2013.08.23@@@,150,1,0,@@@m_martinez@@@)','',2,'2013-08-23'),(56308,'INSERT INTO gne_vale_ferreteria_mov (vfe_id,pro_codigo_plu,vfm_cantidad,vfm_unitario,vfm_total,vfm_entregado) VALUES (9081,780721187,1,150,150,@@@NO@@@)','',2,'2013-08-23'),(56309,'INSERT INTO gne_vale_ferreteria (vfe_id,vfe_fecha,vfe_total,vfe_estado,vfe_entregado,usu_nusuario) VALUES (9082,@@@2013.08.23@@@,3940,1,0,@@@m_martinez@@@)','',2,'2013-08-23'),(56310,'INSERT INTO gne_vale_ferreteria_mov (vfe_id,pro_codigo_plu,vfm_cantidad,vfm_unitario,vfm_total,vfm_entregado) VALUES (9082,764766,3,120,360,@@@NO@@@)','',2,'2013-08-23'),(56311,'INSERT INTO gne_vale_ferreteria_mov (vfe_id,pro_codigo_plu,vfm_cantidad,vfm_unitario,vfm_total,vfm_entregado) VALUES (9082,765066,1,2990,2990,@@@NO@@@)','',2,'2013-08-23'),(56312,'INSERT INTO gne_vale_ferreteria_mov (vfe_id,pro_codigo_plu,vfm_cantidad,vfm_unitario,vfm_total,vfm_entregado) VALUES (9082,780220195,1,590,590,@@@NO@@@)','',2,'2013-08-23'),(56313,'INSERT INTO gne_vale_ferreteria (vfe_id,vfe_fecha,vfe_total,vfe_estado,vfe_entregado,usu_nusuario) VALUES (9083,@@@2013.08.23@@@,1160,1,0,@@@m_martinez@@@)','',2,'2013-08-23'),(56314,'INSERT INTO gne_vale_ferreteria_mov (vfe_id,pro_codigo_plu,vfm_cantidad,vfm_unitario,vfm_total,vfm_entregado) VALUES (9083,780220195,1,590,590,@@@NO@@@)','',2,'2013-08-23'),(56315,'INSERT INTO gne_vale_ferreteria_mov (vfe_id,pro_codigo_plu,vfm_cantidad,vfm_unitario,vfm_total,vfm_entregado) VALUES (9083,763588,1,330,330,@@@NO@@@)','',2,'2013-08-23'),(56316,'INSERT INTO gne_vale_ferreteria_mov (vfe_id,pro_codigo_plu,vfm_cantidad,vfm_unitario,vfm_total,vfm_entregado) VALUES (9083,764766,2,120,240,@@@NO@@@)','',2,'2013-08-23'),(56317,'INSERT INTO gne_vale_ferreteria (vfe_id,vfe_fecha,vfe_total,vfe_estado,vfe_entregado,usu_nusuario) VALUES (9084,@@@2013.08.23@@@,550,1,0,@@@m_martinez@@@)','',2,'2013-08-23'),(56318,'INSERT INTO gne_vale_ferreteria_mov (vfe_id,pro_codigo_plu,vfm_cantidad,vfm_unitario,vfm_total,vfm_entregado) VALUES (9084,763910,1,550,550,@@@NO@@@)','',2,'2013-08-23'),(56319,'INSERT INTO gne_vale_ferreteria (vfe_id,vfe_fecha,vfe_total,vfe_estado,vfe_entregado,usu_nusuario) VALUES (9085,@@@2013.08.23@@@,860,1,0,@@@m_martinez@@@)','',2,'2013-08-23'),(56320,'INSERT INTO gne_vale_ferreteria_mov (vfe_id,pro_codigo_plu,vfm_cantidad,vfm_unitario,vfm_total,vfm_entregado) VALUES (9085,16664,2,430,860,@@@NO@@@)','',2,'2013-08-23'),(56321,'INSERT INTO gne_vale_ferreteria (vfe_id,vfe_fecha,vfe_total,vfe_estado,vfe_entregado,usu_nusuario) VALUES (9086,@@@2013.08.23@@@,1890,1,0,@@@m_martinez@@@)','',2,'2013-08-23'),(56322,'INSERT INTO gne_vale_ferreteria_mov (vfe_id,pro_codigo_plu,vfm_cantidad,vfm_unitario,vfm_total,vfm_entregado) VALUES (9086,101626,1,1890,1890,@@@NO@@@)','',2,'2013-08-23'),(56323,'INSERT INTO gne_vale_ferreteria (vfe_id,vfe_fecha,vfe_total,vfe_estado,vfe_entregado,usu_nusuario) VALUES (9087,@@@2013.08.23@@@,3080,1,0,@@@m_martinez@@@)','',2,'2013-08-23'),(56324,'INSERT INTO gne_vale_ferreteria_mov (vfe_id,pro_codigo_plu,vfm_cantidad,vfm_unitario,vfm_total,vfm_entregado) VALUES (9087,780721442,1,990,990,@@@NO@@@)','',2,'2013-08-23'),(56325,'INSERT INTO gne_vale_ferreteria_mov (vfe_id,pro_codigo_plu,vfm_cantidad,vfm_unitario,vfm_total,vfm_entregado) VALUES (9087,780721576,1,990,990,@@@NO@@@)','',2,'2013-08-23'),(56326,'INSERT INTO gne_vale_ferreteria_mov (vfe_id,pro_codigo_plu,vfm_cantidad,vfm_unitario,vfm_total,vfm_entregado) VALUES (9087,780721583,1,1100,1100,@@@NO@@@)','',2,'2013-08-23'),(56327,'INSERT INTO gne_vale_ferreteria (vfe_id,vfe_fecha,vfe_total,vfe_estado,vfe_entregado,usu_nusuario) VALUES (9088,@@@2013.08.23@@@,1890,1,0,@@@m_martinez@@@)','',2,'2013-08-23'),(56328,'INSERT INTO gne_vale_ferreteria_mov (vfe_id,pro_codigo_plu,vfm_cantidad,vfm_unitario,vfm_total,vfm_entregado) VALUES (9088,101626,1,1890,1890,@@@NO@@@)','',2,'2013-08-23'),(56329,'INSERT INTO gne_vale_ferreteria (vfe_id,vfe_fecha,vfe_total,vfe_estado,vfe_entregado,usu_nusuario) VALUES (9089,@@@2013.08.23@@@,3080,1,0,@@@m_martinez@@@)','',2,'2013-08-23'),(56330,'INSERT INTO gne_vale_ferreteria_mov (vfe_id,pro_codigo_plu,vfm_cantidad,vfm_unitario,vfm_total,vfm_entregado) VALUES (9089,15967,3,130,390,@@@NO@@@)','',2,'2013-08-23'),(56331,'INSERT INTO gne_vale_ferreteria_mov (vfe_id,pro_codigo_plu,vfm_cantidad,vfm_unitario,vfm_total,vfm_entregado) VALUES (9089,7500891,1,2690,2690,@@@NO@@@)','',2,'2013-08-23'),(56332,'INSERT INTO gne_vale_ferreteria (vfe_id,vfe_fecha,vfe_total,vfe_estado,vfe_entregado,usu_nusuario) VALUES (9090,@@@2013.08.23@@@,160,1,0,@@@m_martinez@@@)','',2,'2013-08-23'),(56333,'INSERT INTO gne_vale_ferreteria_mov (vfe_id,pro_codigo_plu,vfm_cantidad,vfm_unitario,vfm_total,vfm_entregado) VALUES (9090,16430,1,160,160,@@@NO@@@)','',2,'2013-08-23'),(56334,'INSERT INTO gne_vale_ferreteria (vfe_id,vfe_fecha,vfe_total,vfe_estado,vfe_entregado,usu_nusuario) VALUES (9091,@@@2013.08.23@@@,1200,1,0,@@@m_martinez@@@)','',2,'2013-08-23'),(56335,'INSERT INTO gne_vale_ferreteria_mov (vfe_id,pro_codigo_plu,vfm_cantidad,vfm_unitario,vfm_total,vfm_entregado) VALUES (9091,763417,3,300,900,@@@NO@@@)','',2,'2013-08-23'),(56336,'INSERT INTO gne_vale_ferreteria_mov (vfe_id,pro_codigo_plu,vfm_cantidad,vfm_unitario,vfm_total,vfm_entregado) VALUES (9091,780721221,1,300,300,@@@NO@@@)','',2,'2013-08-23'),(56337,'INSERT INTO gne_vale_ferreteria (vfe_id,vfe_fecha,vfe_total,vfe_estado,vfe_entregado,usu_nusuario) VALUES (9092,@@@2013.08.23@@@,780,1,0,@@@m_martinez@@@)','',2,'2013-08-23'),(56338,'INSERT INTO gne_vale_ferreteria_mov (vfe_id,pro_codigo_plu,vfm_cantidad,vfm_unitario,vfm_total,vfm_entregado) VALUES (9092,1535,2,390,780,@@@NO@@@)','',2,'2013-08-23'),(56339,'INSERT INTO gne_vale_ferreteria (vfe_id,vfe_fecha,vfe_total,vfe_estado,vfe_entregado,usu_nusuario) VALUES (9093,@@@2013.08.23@@@,390,1,0,@@@m_martinez@@@)','',2,'2013-08-23'),(56340,'INSERT INTO gne_vale_ferreteria_mov (vfe_id,pro_codigo_plu,vfm_cantidad,vfm_unitario,vfm_total,vfm_entregado) VALUES (9093,1535,1,390,390,@@@NO@@@)','',2,'2013-08-23'),(56341,'INSERT INTO gne_vale_ferreteria (vfe_id,vfe_fecha,vfe_total,vfe_estado,vfe_entregado,usu_nusuario) VALUES (9094,@@@2013.08.23@@@,150,1,0,@@@m_martinez@@@)','',2,'2013-08-23'),(56342,'INSERT INTO gne_vale_ferreteria_mov (vfe_id,pro_codigo_plu,vfm_cantidad,vfm_unitario,vfm_total,vfm_entregado) VALUES (9094,21136,1,150,150,@@@NO@@@)','',2,'2013-08-23'),(56343,'INSERT INTO gne_vale_ferreteria (vfe_id,vfe_fecha,vfe_total,vfe_estado,vfe_entregado,usu_nusuario) VALUES (9095,@@@2013.08.23@@@,1490,1,0,@@@m_martinez@@@)','',2,'2013-08-23'),(56344,'INSERT INTO gne_vale_ferreteria_mov (vfe_id,pro_codigo_plu,vfm_cantidad,vfm_unitario,vfm_total,vfm_entregado) VALUES (9095,764564,1,1490,1490,@@@NO@@@)','',2,'2013-08-23'),(56345,'INSERT INTO gne_vale_ferreteria (vfe_id,vfe_fecha,vfe_total,vfe_estado,vfe_entregado,usu_nusuario) VALUES (9096,@@@2013.08.23@@@,990,1,0,@@@m_martinez@@@)','',2,'2013-08-23'),(56346,'INSERT INTO gne_vale_ferreteria_mov (vfe_id,pro_codigo_plu,vfm_cantidad,vfm_unitario,vfm_total,vfm_entregado) VALUES (9096,770087,1,990,990,@@@NO@@@)','',2,'2013-08-23'),(56347,'INSERT INTO gne_vale_ferreteria (vfe_id,vfe_fecha,vfe_total,vfe_estado,vfe_entregado,usu_nusuario) VALUES (9097,@@@2013.08.23@@@,390,1,0,@@@m_martinez@@@)','',2,'2013-08-23'),(56348,'INSERT INTO gne_vale_ferreteria_mov (vfe_id,pro_codigo_plu,vfm_cantidad,vfm_unitario,vfm_total,vfm_entregado) VALUES (9097,765000,1,390,390,@@@NO@@@)','',2,'2013-08-23'),(56349,'INSERT INTO gne_vale_ferreteria (vfe_id,vfe_fecha,vfe_total,vfe_estado,vfe_entregado,usu_nusuario) VALUES (9098,@@@2013.08.23@@@,1680,1,0,@@@m_martinez@@@)','',2,'2013-08-23'),(56350,'INSERT INTO gne_vale_ferreteria_mov (vfe_id,pro_codigo_plu,vfm_cantidad,vfm_unitario,vfm_total,vfm_entregado) VALUES (9098,11670,2,840,1680,@@@NO@@@)','',2,'2013-08-23'),(56351,'INSERT INTO gne_vale_ferreteria (vfe_id,vfe_fecha,vfe_total,vfe_estado,vfe_entregado,usu_nusuario) VALUES (9099,@@@2013.08.23@@@,290,1,0,@@@m_martinez@@@)','',2,'2013-08-23'),(56352,'INSERT INTO gne_vale_ferreteria_mov (vfe_id,pro_codigo_plu,vfm_cantidad,vfm_unitario,vfm_total,vfm_entregado) VALUES (9099,761330,1,290,290,@@@NO@@@)','',2,'2013-08-23'),(56353,'INSERT INTO gne_vale_ferreteria (vfe_id,vfe_fecha,vfe_total,vfe_estado,vfe_entregado,usu_nusuario) VALUES (9100,@@@2013.08.23@@@,260,1,0,@@@m_martinez@@@)','',2,'2013-08-23'),(56354,'INSERT INTO gne_vale_ferreteria_mov (vfe_id,pro_codigo_plu,vfm_cantidad,vfm_unitario,vfm_total,vfm_entregado) VALUES (9100,15967,2,130,260,@@@NO@@@)','',2,'2013-08-23'),(56355,'INSERT INTO gne_vale_ferreteria (vfe_id,vfe_fecha,vfe_total,vfe_estado,vfe_entregado,usu_nusuario) VALUES (9101,@@@2013.08.23@@@,1000,1,0,@@@m_martinez@@@)','',2,'2013-08-23'),(56356,'INSERT INTO gne_vale_ferreteria_mov (vfe_id,pro_codigo_plu,vfm_cantidad,vfm_unitario,vfm_total,vfm_entregado) VALUES (9101,15819,20,50,1000,@@@NO@@@)','',2,'2013-08-23'),(56357,'INSERT INTO gne_vale_ferreteria (vfe_id,vfe_fecha,vfe_total,vfe_estado,vfe_entregado,usu_nusuario) VALUES (9102,@@@2013.08.23@@@,1890,1,0,@@@m_martinez@@@)','',2,'2013-08-23'),(56358,'INSERT INTO gne_vale_ferreteria_mov (vfe_id,pro_codigo_plu,vfm_cantidad,vfm_unitario,vfm_total,vfm_entregado) VALUES (9102,763603,1,1890,1890,@@@NO@@@)','',2,'2013-08-23'),(56359,'INSERT INTO gne_vale_ferreteria (vfe_id,vfe_fecha,vfe_total,vfe_estado,vfe_entregado,usu_nusuario) VALUES (9103,@@@2013.08.23@@@,250,1,0,@@@m_martinez@@@)','',2,'2013-08-23'),(56360,'INSERT INTO gne_vale_ferreteria_mov (vfe_id,pro_codigo_plu,vfm_cantidad,vfm_unitario,vfm_total,vfm_entregado) VALUES (9103,780721493,1,250,250,@@@NO@@@)','',2,'2013-08-23'),(56361,'INSERT INTO gne_vale_ferreteria (vfe_id,vfe_fecha,vfe_total,vfe_estado,vfe_entregado,usu_nusuario) VALUES (9104,@@@2013.08.23@@@,850,1,0,@@@m_martinez@@@)','',2,'2013-08-23'),(56362,'INSERT INTO gne_vale_ferreteria_mov (vfe_id,pro_codigo_plu,vfm_cantidad,vfm_unitario,vfm_total,vfm_entregado) VALUES (9104,780721425,1,850,850,@@@NO@@@)','',2,'2013-08-23'),(56363,'INSERT INTO gne_vale_ferreteria (vfe_id,vfe_fecha,vfe_total,vfe_estado,vfe_entregado,usu_nusuario) VALUES (9105,@@@2013.08.23@@@,390,1,0,@@@m_martinez@@@)','',2,'2013-08-23'),(56364,'INSERT INTO gne_vale_ferreteria_mov (vfe_id,pro_codigo_plu,vfm_cantidad,vfm_unitario,vfm_total,vfm_entregado) VALUES (9105,780721379,1,390,390,@@@NO@@@)','',2,'2013-08-23'),(56365,'INSERT INTO gne_vale_ferreteria (vfe_id,vfe_fecha,vfe_total,vfe_estado,vfe_entregado,usu_nusuario) VALUES (9106,@@@2013.08.23@@@,500,1,0,@@@m_martinez@@@)','',2,'2013-08-23'),(56366,'INSERT INTO gne_vale_ferreteria_mov (vfe_id,pro_codigo_plu,vfm_cantidad,vfm_unitario,vfm_total,vfm_entregado) VALUES (9106,780721493,2,250,500,@@@NO@@@)','',2,'2013-08-23'),(56367,'INSERT INTO gne_vale_ferreteria (vfe_id,vfe_fecha,vfe_total,vfe_estado,vfe_entregado,usu_nusuario) VALUES (9107,@@@2013.08.23@@@,100,1,0,@@@m_martinez@@@)','',2,'2013-08-23'),(56368,'INSERT INTO gne_vale_ferreteria_mov (vfe_id,pro_codigo_plu,vfm_cantidad,vfm_unitario,vfm_total,vfm_entregado) VALUES (9107,780220188,1,100,100,@@@NO@@@)','',2,'2013-08-23'),(56369,'INSERT INTO gne_vale_ferreteria (vfe_id,vfe_fecha,vfe_total,vfe_estado,vfe_entregado,usu_nusuario) VALUES (9108,@@@2013.08.23@@@,590,1,0,@@@m_martinez@@@)','',2,'2013-08-23'),(56370,'INSERT INTO gne_vale_ferreteria_mov (vfe_id,pro_codigo_plu,vfm_cantidad,vfm_unitario,vfm_total,vfm_entregado) VALUES (9108,4090,1,390,390,@@@NO@@@)','',2,'2013-08-23'),(56371,'INSERT INTO gne_vale_ferreteria_mov (vfe_id,pro_codigo_plu,vfm_cantidad,vfm_unitario,vfm_total,vfm_entregado) VALUES (9108,7052,1,200,200,@@@NO@@@)','',2,'2013-08-23'),(56372,'INSERT INTO gne_vale_ferreteria (vfe_id,vfe_fecha,vfe_total,vfe_estado,vfe_entregado,usu_nusuario) VALUES (9109,@@@2013.08.23@@@,1490,1,0,@@@m_martinez@@@)','',2,'2013-08-23'),(56373,'INSERT INTO gne_vale_ferreteria_mov (vfe_id,pro_codigo_plu,vfm_cantidad,vfm_unitario,vfm_total,vfm_entregado) VALUES (9109,764841,1,1490,1490,@@@NO@@@)','',2,'2013-08-23'),(56374,'INSERT INTO gne_vale_ferreteria (vfe_id,vfe_fecha,vfe_total,vfe_estado,vfe_entregado,usu_nusuario) VALUES (9110,@@@2013.08.23@@@,850,1,0,@@@m_martinez@@@)','',2,'2013-08-23'),(56375,'INSERT INTO gne_vale_ferreteria_mov (vfe_id,pro_codigo_plu,vfm_cantidad,vfm_unitario,vfm_total,vfm_entregado) VALUES (9110,763798,1,850,850,@@@NO@@@)','',2,'2013-08-23'),(56376,'INSERT INTO gne_vale_ferreteria (vfe_id,vfe_fecha,vfe_total,vfe_estado,vfe_entregado,usu_nusuario) VALUES (9111,@@@2013.08.23@@@,1360,1,0,@@@m_martinez@@@)','',2,'2013-08-23'),(56377,'INSERT INTO gne_vale_ferreteria_mov (vfe_id,pro_codigo_plu,vfm_cantidad,vfm_unitario,vfm_total,vfm_entregado) VALUES (9111,763618,2,680,1360,@@@NO@@@)','',2,'2013-08-23'),(56378,'INSERT INTO gne_vale_ferreteria (vfe_id,vfe_fecha,vfe_total,vfe_estado,vfe_entregado,usu_nusuario) VALUES (9112,@@@2013.08.23@@@,200,1,0,@@@m_martinez@@@)','',2,'2013-08-23'),(56379,'INSERT INTO gne_vale_ferreteria_mov (vfe_id,pro_codigo_plu,vfm_cantidad,vfm_unitario,vfm_total,vfm_entregado) VALUES (9112,763851,2,100,200,@@@NO@@@)','',2,'2013-08-23'),(56380,'INSERT INTO gne_vale_ferreteria (vfe_id,vfe_fecha,vfe_total,vfe_estado,vfe_entregado,usu_nusuario) VALUES (9113,@@@2013.08.23@@@,2190,1,0,@@@m_martinez@@@)','',2,'2013-08-23'),(56381,'INSERT INTO gne_vale_ferreteria_mov (vfe_id,pro_codigo_plu,vfm_cantidad,vfm_unitario,vfm_total,vfm_entregado) VALUES (9113,100983,1,2190,2190,@@@NO@@@)','',2,'2013-08-23'),(56382,'INSERT INTO gne_vale_ferreteria (vfe_id,vfe_fecha,vfe_total,vfe_estado,vfe_entregado,usu_nusuario) VALUES (9114,@@@2013.08.23@@@,4490,1,0,@@@m_martinez@@@)','',2,'2013-08-23'),(56383,'INSERT INTO gne_vale_ferreteria_mov (vfe_id,pro_codigo_plu,vfm_cantidad,vfm_unitario,vfm_total,vfm_entregado) VALUES (9114,764024,1,4490,4490,@@@NO@@@)','',2,'2013-08-23'),(56384,'INSERT INTO gne_vale_ferreteria (vfe_id,vfe_fecha,vfe_total,vfe_estado,vfe_entregado,usu_nusuario) VALUES (9115,@@@2013.08.23@@@,50,1,0,@@@m_martinez@@@)','',2,'2013-08-23'),(56385,'INSERT INTO gne_vale_ferreteria_mov (vfe_id,pro_codigo_plu,vfm_cantidad,vfm_unitario,vfm_total,vfm_entregado) VALUES (9115,780220123,1,50,50,@@@NO@@@)','',2,'2013-08-23'),(56386,'INSERT INTO gne_vale_ferreteria (vfe_id,vfe_fecha,vfe_total,vfe_estado,vfe_entregado,usu_nusuario) VALUES (9116,@@@2013.08.23@@@,1920,1,0,@@@m_martinez@@@)','',2,'2013-08-23'),(56387,'INSERT INTO gne_vale_ferreteria_mov (vfe_id,pro_codigo_plu,vfm_cantidad,vfm_unitario,vfm_total,vfm_entregado) VALUES (9116,15949,4,480,1920,@@@NO@@@)','',2,'2013-08-23'),(56388,'INSERT INTO gne_vale_ferreteria (vfe_id,vfe_fecha,vfe_total,vfe_estado,vfe_entregado,usu_nusuario) VALUES (9117,@@@2013.08.23@@@,590,1,0,@@@m_martinez@@@)','',2,'2013-08-23'),(56389,'INSERT INTO gne_vale_ferreteria_mov (vfe_id,pro_codigo_plu,vfm_cantidad,vfm_unitario,vfm_total,vfm_entregado) VALUES (9117,763864,1,590,590,@@@NO@@@)','',2,'2013-08-23'),(56390,'INSERT INTO gne_vale_ferreteria (vfe_id,vfe_fecha,vfe_total,vfe_estado,vfe_entregado,usu_nusuario) VALUES (9118,@@@2013.08.23@@@,1190,1,0,@@@m_martinez@@@)','',2,'2013-08-23'),(56391,'INSERT INTO gne_vale_ferreteria_mov (vfe_id,pro_codigo_plu,vfm_cantidad,vfm_unitario,vfm_total,vfm_entregado) VALUES (9118,763954,1,1190,1190,@@@NO@@@)','',2,'2013-08-23'),(56392,'INSERT INTO gne_vale_ferreteria (vfe_id,vfe_fecha,vfe_total,vfe_estado,vfe_entregado,usu_nusuario) VALUES (9119,@@@2013.08.23@@@,890,1,0,@@@m_martinez@@@)','',2,'2013-08-23'),(56393,'INSERT INTO gne_vale_ferreteria_mov (vfe_id,pro_codigo_plu,vfm_cantidad,vfm_unitario,vfm_total,vfm_entregado) VALUES (9119,780721427,5,100,500,@@@NO@@@)','',2,'2013-08-23'),(56394,'INSERT INTO gne_vale_ferreteria_mov (vfe_id,pro_codigo_plu,vfm_cantidad,vfm_unitario,vfm_total,vfm_entregado) VALUES (9119,78017124,1,390,390,@@@NO@@@)','',2,'2013-08-23'),(56395,'INSERT INTO gne_vale_ferreteria (vfe_id,vfe_fecha,vfe_total,vfe_estado,vfe_entregado,usu_nusuario) VALUES (9120,@@@2013.08.23@@@,50,1,0,@@@m_martinez@@@)','',2,'2013-08-23'),(56396,'INSERT INTO gne_vale_ferreteria_mov (vfe_id,pro_codigo_plu,vfm_cantidad,vfm_unitario,vfm_total,vfm_entregado) VALUES (9120,770000,1,50,50,@@@NO@@@)','',2,'2013-08-23'),(56397,'INSERT INTO gne_vale_ferreteria (vfe_id,vfe_fecha,vfe_total,vfe_estado,vfe_entregado,usu_nusuario) VALUES (9121,@@@2013.08.23@@@,3980,1,0,@@@m_martinez@@@)','',2,'2013-08-23'),(56398,'INSERT INTO gne_vale_ferreteria_mov (vfe_id,pro_codigo_plu,vfm_cantidad,vfm_unitario,vfm_total,vfm_entregado) VALUES (9121,7500898,1,3590,3590,@@@NO@@@)','',2,'2013-08-23'),(56399,'INSERT INTO gne_vale_ferreteria_mov (vfe_id,pro_codigo_plu,vfm_cantidad,vfm_unitario,vfm_total,vfm_entregado) VALUES (9121,15967,3,130,390,@@@NO@@@)','',2,'2013-08-23'),(56400,'INSERT INTO gne_vale_ferreteria (vfe_id,vfe_fecha,vfe_total,vfe_estado,vfe_entregado,usu_nusuario) VALUES (9122,@@@2013.08.23@@@,620,1,0,@@@m_martinez@@@)','',2,'2013-08-23'),(56401,'INSERT INTO gne_vale_ferreteria_mov (vfe_id,pro_codigo_plu,vfm_cantidad,vfm_unitario,vfm_total,vfm_entregado) VALUES (9122,11378,1,620,620,@@@NO@@@)','',2,'2013-08-23'),(56402,'UPDATE mae_productos SET pro_precio_venta=1070,pro_margen_actual=30.46, pro_precio_compra_bruto=820.148, pro_precio_compra_neto=689.2 WHERE pro_codigo_plu=762854','',2,'2013-08-23'),(56403,'UPDATE mae_productos SET pro_precio_venta=2799,pro_margen_actual=29.79, pro_precio_compra_bruto=2156.637, pro_precio_compra_neto=1812.3 WHERE pro_codigo_plu=762017','',2,'2013-08-23'),(56404,'UPDATE mae_productos SET pro_precio_venta=1490,pro_margen_actual=30.5, pro_precio_compra_bruto=1141.746, pro_precio_compra_neto=959.450420168067 WHERE pro_codigo_plu=13296','',2,'2013-08-23'),(56405,'UPDATE mae_productos SET pro_precio_venta=2690,pro_margen_actual=59.96, pro_precio_compra_bruto=1681.668, pro_precio_compra_neto=1413.16638655462 WHERE pro_codigo_plu=15346','',2,'2013-08-23'),(56406,'UPDATE mae_productos SET pro_precio_venta=449,pro_margen_actual=31.21, pro_precio_compra_bruto=342.21, pro_precio_compra_neto=287.571428571429 WHERE pro_codigo_plu=102651','',2,'2013-08-23'),(56407,'UPDATE mae_productos SET pro_precio_venta=539,pro_margen_actual=29.66, pro_precio_compra_bruto=415.706, pro_precio_compra_neto=349.332773109244 WHERE pro_codigo_plu=763278','',2,'2013-08-23'),(56408,'UPDATE mae_productos SET pro_precio_venta=399,pro_margen_actual=30.67, pro_precio_compra_bruto=305.354, pro_precio_compra_neto=256.6 WHERE pro_codigo_plu=15092','',2,'2013-08-23'),(56409,'UPDATE mae_productos SET pro_precio_venta=789,pro_margen_actual=30.31, pro_precio_compra_bruto=605.472, pro_precio_compra_neto=508.8 WHERE pro_codigo_plu=15093','',2,'2013-08-23'),(56410,'INSERT INTO gne_vale_ferreteria (vfe_id,vfe_fecha,vfe_total,vfe_estado,vfe_entregado,usu_nusuario) VALUES (9123,@@@2013.08.23@@@,2100,1,0,@@@m_martinez@@@)','',2,'2013-08-23'),(56411,'INSERT INTO gne_vale_ferreteria_mov (vfe_id,pro_codigo_plu,vfm_cantidad,vfm_unitario,vfm_total,vfm_entregado) VALUES (9123,763946,1,2100,2100,@@@NO@@@)','',2,'2013-08-23'),(56412,'INSERT INTO gne_vale_ferreteria (vfe_id,vfe_fecha,vfe_total,vfe_estado,vfe_entregado,usu_nusuario) VALUES (9124,@@@2013.08.23@@@,1990,1,0,@@@m_martinez@@@)','',2,'2013-08-23'),(56413,'INSERT INTO gne_vale_ferreteria_mov (vfe_id,pro_codigo_plu,vfm_cantidad,vfm_unitario,vfm_total,vfm_entregado) VALUES (9124,764510,1,1990,1990,@@@NO@@@)','',2,'2013-08-23'),(56414,'UPDATE mae_productos SET pro_precio_fiscal=pro_precio_venta WHERE pro_codigo_plu=15346','',2,'2013-08-23'),(56415,'UPDATE mae_productos SET pro_precio_fiscal=pro_precio_venta WHERE pro_codigo_plu=762854','',2,'2013-08-23'),(56416,'UPDATE mae_productos SET pro_precio_fiscal=pro_precio_venta WHERE pro_codigo_plu=763278','',2,'2013-08-23'),(56417,'UPDATE mae_productos SET pro_precio_fiscal=pro_precio_venta WHERE pro_codigo_plu=102651','',2,'2013-08-23'),(56418,'UPDATE mae_productos SET pro_precio_fiscal=pro_precio_venta WHERE pro_codigo_plu=15092','',2,'2013-08-23'),(56419,'UPDATE mae_productos SET pro_precio_fiscal=pro_precio_venta WHERE pro_codigo_plu=15093','',2,'2013-08-23'),(56420,'UPDATE mae_productos SET pro_precio_fiscal=pro_precio_venta WHERE pro_codigo_plu=780721686','',2,'2013-08-23'),(56421,'UPDATE mae_productos SET pro_precio_fiscal=pro_precio_venta WHERE pro_codigo_plu=13296','',2,'2013-08-23'),(56422,'UPDATE mae_productos SET pro_precio_fiscal=pro_precio_venta WHERE pro_codigo_plu=762017','',2,'2013-08-23'),(56423,'INSERT INTO gne_vale_ferreteria (vfe_id,vfe_fecha,vfe_total,vfe_estado,vfe_entregado,usu_nusuario) VALUES (9125,@@@2013.08.23@@@,490,1,0,@@@m_martinez@@@)','',2,'2013-08-23'),(56424,'INSERT INTO gne_vale_ferreteria_mov (vfe_id,pro_codigo_plu,vfm_cantidad,vfm_unitario,vfm_total,vfm_entregado) VALUES (9125,764242,1,490,490,@@@NO@@@)','',2,'2013-08-23'),(56425,'INSERT INTO gne_vale_ferreteria (vfe_id,vfe_fecha,vfe_total,vfe_estado,vfe_entregado,usu_nusuario) VALUES (9126,@@@2013.08.23@@@,1790,1,0,@@@m_martinez@@@)','',2,'2013-08-23'),(56426,'INSERT INTO gne_vale_ferreteria_mov (vfe_id,pro_codigo_plu,vfm_cantidad,vfm_unitario,vfm_total,vfm_entregado) VALUES (9126,763741,1,1790,1790,@@@NO@@@)','',2,'2013-08-23'),(56427,'INSERT INTO gne_vale_ferreteria (vfe_id,vfe_fecha,vfe_total,vfe_estado,vfe_entregado,usu_nusuario) VALUES (9127,@@@2013.08.23@@@,4590,1,0,@@@m_martinez@@@)','',2,'2013-08-23'),(56428,'INSERT INTO gne_vale_ferreteria_mov (vfe_id,pro_codigo_plu,vfm_cantidad,vfm_unitario,vfm_total,vfm_entregado) VALUES (9127,763691,1,4590,4590,@@@NO@@@)','',2,'2013-08-23'),(56429,'INSERT INTO gne_vale_ferreteria (vfe_id,vfe_fecha,vfe_total,vfe_estado,vfe_entregado,usu_nusuario) VALUES (9128,@@@2013.08.23@@@,450,1,0,@@@m_martinez@@@)','',2,'2013-08-23'),(56430,'INSERT INTO gne_vale_ferreteria_mov (vfe_id,pro_codigo_plu,vfm_cantidad,vfm_unitario,vfm_total,vfm_entregado) VALUES (9128,78017155,1,450,450,@@@NO@@@)','',2,'2013-08-23'),(56431,'INSERT INTO gne_vale_ferreteria (vfe_id,vfe_fecha,vfe_total,vfe_estado,vfe_entregado,usu_nusuario) VALUES (9129,@@@2013.08.23@@@,1090,1,0,@@@m_martinez@@@)','',2,'2013-08-23'),(56432,'INSERT INTO gne_vale_ferreteria_mov (vfe_id,pro_codigo_plu,vfm_cantidad,vfm_unitario,vfm_total,vfm_entregado) VALUES (9129,764766,5,120,600,@@@NO@@@)','',2,'2013-08-23'),(56433,'INSERT INTO gne_vale_ferreteria_mov (vfe_id,pro_codigo_plu,vfm_cantidad,vfm_unitario,vfm_total,vfm_entregado) VALUES (9129,780721306,1,490,490,@@@NO@@@)','',2,'2013-08-23'),(56434,'UPDATE mae_productos SET pro_margen_actual=76.47,pro_precio_venta=1890 WHERE pro_codigo_plu=118','',2,'2013-08-23'),(56435,'UPDATE mae_productos SET pro_margen_actual=64.07,pro_precio_venta=3690 WHERE pro_codigo_plu=205','',2,'2013-08-23'),(56436,'UPDATE mae_productos SET pro_margen_actual=67.39,pro_precio_venta=3190 WHERE pro_codigo_plu=213','',2,'2013-08-23'),(56437,'UPDATE mae_productos SET pro_precio_fiscal=pro_precio_venta WHERE pro_codigo_plu=118','',2,'2013-08-23'),(56438,'UPDATE mae_productos SET pro_precio_fiscal=pro_precio_venta WHERE pro_codigo_plu=205','',2,'2013-08-23'),(56439,'UPDATE mae_productos SET pro_precio_fiscal=pro_precio_venta WHERE pro_codigo_plu=213','',2,'2013-08-23'),(56440,'INSERT INTO gne_vale_ferreteria (vfe_id,vfe_fecha,vfe_total,vfe_estado,vfe_entregado,usu_nusuario) VALUES (9130,@@@2013.08.23@@@,350,1,0,@@@m_martinez@@@)','',2,'2013-08-23'),(56441,'INSERT INTO gne_vale_ferreteria_mov (vfe_id,pro_codigo_plu,vfm_cantidad,vfm_unitario,vfm_total,vfm_entregado) VALUES (9130,4123,1,350,350,@@@NO@@@)','',2,'2013-08-23'),(56442,'INSERT INTO gne_vale_ferreteria (vfe_id,vfe_fecha,vfe_total,vfe_estado,vfe_entregado,usu_nusuario) VALUES (9131,@@@2013.08.23@@@,90,1,0,@@@m_martinez@@@)','',2,'2013-08-23'),(56443,'INSERT INTO gne_vale_ferreteria_mov (vfe_id,pro_codigo_plu,vfm_cantidad,vfm_unitario,vfm_total,vfm_entregado) VALUES (9131,78017153,3,30,90,@@@NO@@@)','',2,'2013-08-23'),(56444,'INSERT INTO gne_vale_ferreteria (vfe_id,vfe_fecha,vfe_total,vfe_estado,vfe_entregado,usu_nusuario) VALUES (9132,@@@2013.08.23@@@,6680,1,0,@@@m_martinez@@@)','',2,'2013-08-23'),(56445,'INSERT INTO gne_vale_ferreteria_mov (vfe_id,pro_codigo_plu,vfm_cantidad,vfm_unitario,vfm_total,vfm_entregado) VALUES (9132,780220161,1,4490,4490,@@@NO@@@)','',2,'2013-08-23'),(56446,'INSERT INTO gne_vale_ferreteria_mov (vfe_id,pro_codigo_plu,vfm_cantidad,vfm_unitario,vfm_total,vfm_entregado) VALUES (9132,10189,1,2190,2190,@@@NO@@@)','',2,'2013-08-23'),(56447,'INSERT INTO gne_vale_ferreteria (vfe_id,vfe_fecha,vfe_total,vfe_estado,vfe_entregado,usu_nusuario) VALUES (9133,@@@2013.08.23@@@,720,1,0,@@@m_martinez@@@)','',2,'2013-08-23'),(56448,'INSERT INTO gne_vale_ferreteria_mov (vfe_id,pro_codigo_plu,vfm_cantidad,vfm_unitario,vfm_total,vfm_entregado) VALUES (9133,100325,1,720,720,@@@NO@@@)','',2,'2013-08-23'),(56449,'INSERT INTO gne_vale_ferreteria (vfe_id,vfe_fecha,vfe_total,vfe_estado,vfe_entregado,usu_nusuario) VALUES (9134,@@@2013.08.23@@@,1890,1,0,@@@m_martinez@@@)','',2,'2013-08-23'),(56450,'INSERT INTO gne_vale_ferreteria_mov (vfe_id,pro_codigo_plu,vfm_cantidad,vfm_unitario,vfm_total,vfm_entregado) VALUES (9134,101620,1,1890,1890,@@@NO@@@)','',2,'2013-08-23'),(56451,'INSERT INTO gne_vale_ferreteria (vfe_id,vfe_fecha,vfe_total,vfe_estado,vfe_entregado,usu_nusuario) VALUES (9135,@@@2013.08.23@@@,1890,1,0,@@@m_martinez@@@)','',2,'2013-08-23'),(56452,'INSERT INTO gne_vale_ferreteria_mov (vfe_id,pro_codigo_plu,vfm_cantidad,vfm_unitario,vfm_total,vfm_entregado) VALUES (9135,19952,1,1590,1590,@@@NO@@@)','',2,'2013-08-23'),(56453,'INSERT INTO gne_vale_ferreteria_mov (vfe_id,pro_codigo_plu,vfm_cantidad,vfm_unitario,vfm_total,vfm_entregado) VALUES (9135,764848,1,300,300,@@@NO@@@)','',2,'2013-08-23'),(56454,'INSERT INTO gne_vale_ferreteria (vfe_id,vfe_fecha,vfe_total,vfe_estado,vfe_entregado,usu_nusuario) VALUES (9136,@@@2013.08.23@@@,300,1,0,@@@m_martinez@@@)','',2,'2013-08-23'),(56455,'INSERT INTO gne_vale_ferreteria_mov (vfe_id,pro_codigo_plu,vfm_cantidad,vfm_unitario,vfm_total,vfm_entregado) VALUES (9136,780721222,1,300,300,@@@NO@@@)','',2,'2013-08-23'),(56456,'INSERT INTO gne_vale_ferreteria (vfe_id,vfe_fecha,vfe_total,vfe_estado,vfe_entregado,usu_nusuario) VALUES (9137,@@@2013.08.23@@@,300,1,0,@@@m_martinez@@@)','',2,'2013-08-23'),(56457,'INSERT INTO gne_vale_ferreteria_mov (vfe_id,pro_codigo_plu,vfm_cantidad,vfm_unitario,vfm_total,vfm_entregado) VALUES (9137,78017049,1,300,300,@@@NO@@@)','',2,'2013-08-23'),(56458,'INSERT INTO gne_vale_ferreteria (vfe_id,vfe_fecha,vfe_total,vfe_estado,vfe_entregado,usu_nusuario) VALUES (9138,@@@2013.08.23@@@,1890,1,0,@@@m_martinez@@@)','',2,'2013-08-23'),(56459,'INSERT INTO gne_vale_ferreteria_mov (vfe_id,pro_codigo_plu,vfm_cantidad,vfm_unitario,vfm_total,vfm_entregado) VALUES (9138,101678,1,1890,1890,@@@NO@@@)','',2,'2013-08-23'),(56460,'INSERT INTO gne_vale_ferreteria (vfe_id,vfe_fecha,vfe_total,vfe_estado,vfe_entregado,usu_nusuario) VALUES (9139,@@@2013.08.23@@@,490,1,0,@@@m_martinez@@@)','',2,'2013-08-23'),(56461,'INSERT INTO gne_vale_ferreteria_mov (vfe_id,pro_codigo_plu,vfm_cantidad,vfm_unitario,vfm_total,vfm_entregado) VALUES (9139,764222,1,490,490,@@@NO@@@)','',2,'2013-08-23'),(56462,'UPDATE mae_productos SET pro_codigo_barra=@@@572@@@,pro_tipo=@@@0@@@,pro_nombre_producto=@@@PLATANOS@@@,pro_nombre_corto=@@@PLATANOS@@@,med_id=@@@1@@@,emb_id=@@@1@@@,pro_unidades_embalaje=@@@1@@@,dep_id=@@@18 @@@,lin_id=@@@97@@@,mar_id=@@@2507@@@,pro_precio_compra_neto=@@@0@@@,pro_precio_compra_bruto=@@@380@@@,pro_precio_venta=@@@570@@@,pro_margen_actual=@@@50@@@,pro_oferta=@@@NO@@@,pro_fecha_inicio_oferta=@@@1900.01.01@@@,pro_fecha_termino_oferta=@@@1900.01.01@@@,pro_precio_oferta=@@@0@@@,pro_stock_minimo=@@@15@@@,pro_stock_critico=@@@10@@@,pro_activo=@@@1@@@,pro_unidad=@@@1@@@,pro_precio_compra_bruto=380,pro_margen_actual=50,pro_capacidad=1,pro_funcion_plu=1,pro_flejes=0,pro_iva=1,pro_plu_asociado=0,pro_envase=@@@NO@@@,pro_duracion=0,pro_numero_etiqueta=1 WHERE pro_codigo_plu=@@@572@@@','',2,'2013-08-23'),(56463,'UPDATE mae_productos SET pro_estado=1 WHERE pro_codigo_plu=572','',2,'2013-08-23'),(56464,'DELETE FROM mae_impuestos_productos WHERE pro_codigo_plu=@@@572@@@','',2,'2013-08-23'),(56465,'UPDATE mae_productos SET pro_codigo_barra=@@@306@@@,pro_tipo=@@@0@@@,pro_nombre_producto=@@@QUESO CABEZA@@@,pro_nombre_corto=@@@QUESO CABEZA@@@,med_id=@@@2@@@,emb_id=@@@1@@@,pro_unidades_embalaje=@@@1@@@,dep_id=@@@12 @@@,lin_id=@@@74@@@,mar_id=@@@2507@@@,pro_precio_compra_neto=@@@0@@@,pro_precio_compra_bruto=@@@1600@@@,pro_precio_venta=@@@2100@@@,pro_margen_actual=@@@31.25@@@,pro_oferta=@@@NO@@@,pro_fecha_inicio_oferta=@@@1900.01.01@@@,pro_fecha_termino_oferta=@@@1900.01.01@@@,pro_precio_oferta=@@@0@@@,pro_stock_minimo=@@@1@@@,pro_stock_critico=@@@1@@@,pro_activo=@@@1@@@,pro_unidad=@@@1@@@,pro_precio_compra_bruto=1600,pro_margen_actual=31.25,pro_capacidad=1,pro_funcion_plu=1,pro_flejes=0,pro_iva=1,pro_plu_asociado=0,pro_envase=@@@NO@@@,pro_duracion=0,pro_numero_etiqueta=1 WHERE pro_codigo_plu=@@@306@@@','',2,'2013-08-23'),(56466,'UPDATE mae_productos SET pro_estado=1 WHERE pro_codigo_plu=306','',2,'2013-08-23'),(56467,'DELETE FROM mae_impuestos_productos WHERE pro_codigo_plu=@@@306@@@','',2,'2013-08-23'),(56468,'UPDATE mae_productos SET pro_precio_venta=850,pro_margen_actual=30.11, pro_precio_compra_bruto=653.31, pro_precio_compra_neto=549 WHERE pro_codigo_plu=15990','',2,'2013-08-23'),(56469,'UPDATE mae_productos SET pro_precio_venta=490,pro_margen_actual=34.13, pro_precio_compra_bruto=365.33, pro_precio_compra_neto=307 WHERE pro_codigo_plu=16691','',2,'2013-08-23'),(56470,'UPDATE mae_productos SET pro_precio_venta=450,pro_margen_actual=36.03, pro_precio_compra_bruto=330.82, pro_precio_compra_neto=278 WHERE pro_codigo_plu=17011','',2,'2013-08-23'),(56471,'UPDATE mae_productos SET pro_precio_venta=220,pro_margen_actual=36.69, pro_precio_compra_bruto=160.948, pro_precio_compra_neto=135.250420168067 WHERE pro_codigo_plu=1453','',2,'2013-08-23'),(56472,'UPDATE mae_productos SET pro_precio_venta=220,pro_margen_actual=36.69, pro_precio_compra_bruto=160.948, pro_precio_compra_neto=135.250420168067 WHERE pro_codigo_plu=16923','',2,'2013-08-23'),(56473,'UPDATE mae_productos SET pro_precio_venta=425,pro_margen_actual=35.03, pro_precio_compra_bruto=314.755, pro_precio_compra_neto=264.5 WHERE pro_codigo_plu=762720','',2,'2013-08-23'),(56474,'UPDATE mae_productos SET pro_precio_venta=425,pro_margen_actual=35.03, pro_precio_compra_bruto=314.755, pro_precio_compra_neto=264.5 WHERE pro_codigo_plu=780220178','',2,'2013-08-23'),(56475,'UPDATE mae_productos SET pro_precio_venta=330,pro_margen_actual=34.62, pro_precio_compra_bruto=245.14, pro_precio_compra_neto=206 WHERE pro_codigo_plu=780721183','',2,'2013-08-23'),(56476,'UPDATE mae_productos SET pro_precio_venta=335,pro_margen_actual=35.67, pro_precio_compra_bruto=246.925, pro_precio_compra_neto=207.5 WHERE pro_codigo_plu=19111','',2,'2013-08-23'),(56477,'UPDATE mae_productos SET pro_precio_venta=335,pro_margen_actual=35.67, pro_precio_compra_bruto=246.925, pro_precio_compra_neto=207.5 WHERE pro_codigo_plu=17056','',2,'2013-08-23'),(56478,'UPDATE mae_productos SET pro_precio_fiscal=pro_precio_venta WHERE pro_codigo_plu=16923','',2,'2013-08-23'),(56479,'UPDATE mae_productos SET pro_precio_fiscal=pro_precio_venta WHERE pro_codigo_plu=1453','',2,'2013-08-23'),(56480,'UPDATE mae_productos SET pro_precio_fiscal=pro_precio_venta WHERE pro_codigo_plu=762720','',2,'2013-08-23'),(56481,'UPDATE mae_productos SET pro_precio_fiscal=pro_precio_venta WHERE pro_codigo_plu=780721183','',2,'2013-08-23'),(56482,'UPDATE mae_productos SET pro_precio_fiscal=pro_precio_venta WHERE pro_codigo_plu=16691','',2,'2013-08-23'),(56483,'UPDATE mae_productos SET pro_precio_fiscal=pro_precio_venta WHERE pro_codigo_plu=19111','',2,'2013-08-23'),(56484,'UPDATE mae_productos SET pro_precio_fiscal=pro_precio_venta WHERE pro_codigo_plu=17056','',2,'2013-08-23'),(56485,'UPDATE mae_productos SET pro_precio_fiscal=pro_precio_venta WHERE pro_codigo_plu=15990','',2,'2013-08-23'),(56486,'UPDATE mae_productos SET pro_precio_fiscal=pro_precio_venta WHERE pro_codigo_plu=17011','',2,'2013-08-23'),(56487,'INSERT INTO gne_vale_ferreteria (vfe_id,vfe_fecha,vfe_total,vfe_estado,vfe_entregado,usu_nusuario) VALUES (9140,@@@2013.08.24@@@,620,1,0,@@@M_SANDOVAL@@@)','',2,'2013-08-24'),(56488,'INSERT INTO gne_vale_ferreteria_mov (vfe_id,pro_codigo_plu,vfm_cantidad,vfm_unitario,vfm_total,vfm_entregado) VALUES (9140,11378,1,620,620,@@@NO@@@)','',2,'2013-08-24'),(56489,'INSERT INTO gne_vale_ferreteria (vfe_id,vfe_fecha,vfe_total,vfe_estado,vfe_entregado,usu_nusuario) VALUES (9141,@@@2013.08.24@@@,3990,1,0,@@@M_SANDOVAL@@@)','',2,'2013-08-24'),(56490,'INSERT INTO gne_vale_ferreteria_mov (vfe_id,pro_codigo_plu,vfm_cantidad,vfm_unitario,vfm_total,vfm_entregado) VALUES (9141,780721624,1,3990,3990,@@@NO@@@)','',2,'2013-08-24'),(56491,'INSERT INTO gne_vale_ferreteria (vfe_id,vfe_fecha,vfe_total,vfe_estado,vfe_entregado,usu_nusuario) VALUES (9142,@@@2013.08.24@@@,590,1,0,@@@M_SANDOVAL@@@)','',2,'2013-08-24'),(56492,'INSERT INTO gne_vale_ferreteria_mov (vfe_id,pro_codigo_plu,vfm_cantidad,vfm_unitario,vfm_total,vfm_entregado) VALUES (9142,10178,1,590,590,@@@NO@@@)','',2,'2013-08-24'),(56493,'INSERT INTO gne_vale_ferreteria (vfe_id,vfe_fecha,vfe_total,vfe_estado,vfe_entregado,usu_nusuario) VALUES (9143,@@@2013.08.24@@@,2380,1,0,@@@M_SANDOVAL@@@)','',2,'2013-08-24'),(56494,'INSERT INTO gne_vale_ferreteria_mov (vfe_id,pro_codigo_plu,vfm_cantidad,vfm_unitario,vfm_total,vfm_entregado) VALUES (9143,7651,2,1190,2380,@@@NO@@@)','',2,'2013-08-24'),(56495,'INSERT INTO gne_vale_ferreteria (vfe_id,vfe_fecha,vfe_total,vfe_estado,vfe_entregado,usu_nusuario) VALUES (9144,@@@2013.08.24@@@,330,1,0,@@@M_SANDOVAL@@@)','',2,'2013-08-24'),(56496,'INSERT INTO gne_vale_ferreteria_mov (vfe_id,pro_codigo_plu,vfm_cantidad,vfm_unitario,vfm_total,vfm_entregado) VALUES (9144,19918,1,330,330,@@@NO@@@)','',2,'2013-08-24'),(56497,'INSERT INTO gne_vale_ferreteria (vfe_id,vfe_fecha,vfe_total,vfe_estado,vfe_entregado,usu_nusuario) VALUES (9145,@@@2013.08.24@@@,2780,1,0,@@@M_SANDOVAL@@@)','',2,'2013-08-24'),(56498,'INSERT INTO gne_vale_ferreteria_mov (vfe_id,pro_codigo_plu,vfm_cantidad,vfm_unitario,vfm_total,vfm_entregado) VALUES (9145,780721478,1,1490,1490,@@@NO@@@)','',2,'2013-08-24'),(56499,'INSERT INTO gne_vale_ferreteria_mov (vfe_id,pro_codigo_plu,vfm_cantidad,vfm_unitario,vfm_total,vfm_entregado) VALUES (9145,780721627,1,1290,1290,@@@NO@@@)','',2,'2013-08-24'),(56500,'INSERT INTO gne_vale_ferreteria (vfe_id,vfe_fecha,vfe_total,vfe_estado,vfe_entregado,usu_nusuario) VALUES (9146,@@@2013.08.24@@@,240,1,0,@@@M_SANDOVAL@@@)','',2,'2013-08-24'),(56501,'INSERT INTO gne_vale_ferreteria_mov (vfe_id,pro_codigo_plu,vfm_cantidad,vfm_unitario,vfm_total,vfm_entregado) VALUES (9146,78017154,2,120,240,@@@NO@@@)','',2,'2013-08-24'),(56502,'INSERT INTO gne_vale_ferreteria (vfe_id,vfe_fecha,vfe_total,vfe_estado,vfe_entregado,usu_nusuario) VALUES (9147,@@@2013.08.24@@@,250,1,0,@@@M_SANDOVAL@@@)','',2,'2013-08-24'),(56503,'INSERT INTO gne_vale_ferreteria_mov (vfe_id,pro_codigo_plu,vfm_cantidad,vfm_unitario,vfm_total,vfm_entregado) VALUES (9147,4129,1,50,50,@@@NO@@@)','',2,'2013-08-24'),(56504,'INSERT INTO gne_vale_ferreteria_mov (vfe_id,pro_codigo_plu,vfm_cantidad,vfm_unitario,vfm_total,vfm_entregado) VALUES (9147,7052,1,200,200,@@@NO@@@)','',2,'2013-08-24'),(56505,'INSERT INTO gne_vale_ferreteria (vfe_id,vfe_fecha,vfe_total,vfe_estado,vfe_entregado,usu_nusuario) VALUES (9148,@@@2013.08.24@@@,8290,1,0,@@@M_SANDOVAL@@@)','',2,'2013-08-24'),(56506,'INSERT INTO gne_vale_ferreteria_mov (vfe_id,pro_codigo_plu,vfm_cantidad,vfm_unitario,vfm_total,vfm_entregado) VALUES (9148,780721444,1,7990,7990,@@@NO@@@)','',2,'2013-08-24'),(56507,'INSERT INTO gne_vale_ferreteria_mov (vfe_id,pro_codigo_plu,vfm_cantidad,vfm_unitario,vfm_total,vfm_entregado) VALUES (9148,770098,3,100,300,@@@NO@@@)','',2,'2013-08-24'),(56508,'INSERT INTO gne_vale_ferreteria (vfe_id,vfe_fecha,vfe_total,vfe_estado,vfe_entregado,usu_nusuario) VALUES (9149,@@@2013.08.24@@@,2290,1,0,@@@M_SANDOVAL@@@)','',2,'2013-08-24'),(56509,'INSERT INTO gne_vale_ferreteria_mov (vfe_id,pro_codigo_plu,vfm_cantidad,vfm_unitario,vfm_total,vfm_entregado) VALUES (9149,20595,1,2290,2290,@@@NO@@@)','',2,'2013-08-24'),(56510,'INSERT INTO gne_vale_ferreteria (vfe_id,vfe_fecha,vfe_total,vfe_estado,vfe_entregado,usu_nusuario) VALUES (9150,@@@2013.08.24@@@,850,1,0,@@@M_SANDOVAL@@@)','',2,'2013-08-24'),(56511,'INSERT INTO gne_vale_ferreteria_mov (vfe_id,pro_codigo_plu,vfm_cantidad,vfm_unitario,vfm_total,vfm_entregado) VALUES (9150,770095,1,850,850,@@@NO@@@)','',2,'2013-08-24'),(56512,'INSERT INTO gne_vale_ferreteria (vfe_id,vfe_fecha,vfe_total,vfe_estado,vfe_entregado,usu_nusuario) VALUES (9151,@@@2013.08.24@@@,600,1,0,@@@M_SANDOVAL@@@)','',2,'2013-08-24'),(56513,'INSERT INTO gne_vale_ferreteria_mov (vfe_id,pro_codigo_plu,vfm_cantidad,vfm_unitario,vfm_total,vfm_entregado) VALUES (9151,102261,2,300,600,@@@NO@@@)','',2,'2013-08-24'),(56514,'INSERT INTO gne_vale_ferreteria (vfe_id,vfe_fecha,vfe_total,vfe_estado,vfe_entregado,usu_nusuario) VALUES (9152,@@@2013.08.24@@@,4470,1,0,@@@M_SANDOVAL@@@)','',2,'2013-08-24'),(56515,'INSERT INTO gne_vale_ferreteria_mov (vfe_id,pro_codigo_plu,vfm_cantidad,vfm_unitario,vfm_total,vfm_entregado) VALUES (9152,780721581,1,1100,1100,@@@NO@@@)','',2,'2013-08-24'),(56516,'INSERT INTO gne_vale_ferreteria_mov (vfe_id,pro_codigo_plu,vfm_cantidad,vfm_unitario,vfm_total,vfm_entregado) VALUES (9152,780721563,1,1990,1990,@@@NO@@@)','',2,'2013-08-24'),(56517,'INSERT INTO gne_vale_ferreteria_mov (vfe_id,pro_codigo_plu,vfm_cantidad,vfm_unitario,vfm_total,vfm_entregado) VALUES (9152,1540,2,300,600,@@@NO@@@)','',2,'2013-08-24'),(56518,'INSERT INTO gne_vale_ferreteria_mov (vfe_id,pro_codigo_plu,vfm_cantidad,vfm_unitario,vfm_total,vfm_entregado) VALUES (9152,1535,2,390,780,@@@NO@@@)','',2,'2013-08-24'),(56519,'INSERT INTO gne_vale_ferreteria (vfe_id,vfe_fecha,vfe_total,vfe_estado,vfe_entregado,usu_nusuario) VALUES (9153,@@@2013.08.24@@@,990,1,0,@@@M_SANDOVAL@@@)','',2,'2013-08-24'),(56520,'INSERT INTO gne_vale_ferreteria_mov (vfe_id,pro_codigo_plu,vfm_cantidad,vfm_unitario,vfm_total,vfm_entregado) VALUES (9153,761546,1,990,990,@@@NO@@@)','',2,'2013-08-24'),(56521,'INSERT INTO gne_vale_ferreteria (vfe_id,vfe_fecha,vfe_total,vfe_estado,vfe_entregado,usu_nusuario) VALUES (9154,@@@2013.08.24@@@,1270,1,0,@@@M_SANDOVAL@@@)','',2,'2013-08-24'),(56522,'INSERT INTO gne_vale_ferreteria_mov (vfe_id,pro_codigo_plu,vfm_cantidad,vfm_unitario,vfm_total,vfm_entregado) VALUES (9154,780721551,1,1270,1270,@@@NO@@@)','',2,'2013-08-24'),(56523,'INSERT INTO gne_vale_ferreteria (vfe_id,vfe_fecha,vfe_total,vfe_estado,vfe_entregado,usu_nusuario) VALUES (9155,@@@2013.08.24@@@,590,1,0,@@@M_SANDOVAL@@@)','',2,'2013-08-24'),(56524,'INSERT INTO gne_vale_ferreteria_mov (vfe_id,pro_codigo_plu,vfm_cantidad,vfm_unitario,vfm_total,vfm_entregado) VALUES (9155,10178,1,590,590,@@@NO@@@)','',2,'2013-08-24'),(56525,'INSERT INTO gne_vale_ferreteria (vfe_id,vfe_fecha,vfe_total,vfe_estado,vfe_entregado,usu_nusuario) VALUES (9156,@@@2013.08.24@@@,2880,1,0,@@@M_SANDOVAL@@@)','',2,'2013-08-24'),(56526,'INSERT INTO gne_vale_ferreteria_mov (vfe_id,pro_codigo_plu,vfm_cantidad,vfm_unitario,vfm_total,vfm_entregado) VALUES (9156,764442,1,1590,1590,@@@NO@@@)','',2,'2013-08-24'),(56527,'INSERT INTO gne_vale_ferreteria_mov (vfe_id,pro_codigo_plu,vfm_cantidad,vfm_unitario,vfm_total,vfm_entregado) VALUES (9156,764062,1,1290,1290,@@@NO@@@)','',2,'2013-08-24'),(56528,'INSERT INTO gne_vale_ferreteria (vfe_id,vfe_fecha,vfe_total,vfe_estado,vfe_entregado,usu_nusuario) VALUES (9157,@@@2013.08.24@@@,2790,1,0,@@@M_SANDOVAL@@@)','',2,'2013-08-24'),(56529,'INSERT INTO gne_vale_ferreteria_mov (vfe_id,pro_codigo_plu,vfm_cantidad,vfm_unitario,vfm_total,vfm_entregado) VALUES (9157,764939,1,2790,2790,@@@NO@@@)','',2,'2013-08-24'),(56530,'INSERT INTO gne_vale_ferreteria (vfe_id,vfe_fecha,vfe_total,vfe_estado,vfe_entregado,usu_nusuario) VALUES (9158,@@@2013.08.24@@@,850,1,0,@@@M_SANDOVAL@@@)','',2,'2013-08-24'),(56531,'INSERT INTO gne_vale_ferreteria_mov (vfe_id,pro_codigo_plu,vfm_cantidad,vfm_unitario,vfm_total,vfm_entregado) VALUES (9158,770095,1,850,850,@@@NO@@@)','',2,'2013-08-24'),(56532,'INSERT INTO gne_vale_ferreteria (vfe_id,vfe_fecha,vfe_total,vfe_estado,vfe_entregado,usu_nusuario) VALUES (9159,@@@2013.08.24@@@,2050,1,0,@@@M_SANDOVAL@@@)','',2,'2013-08-24'),(56533,'INSERT INTO gne_vale_ferreteria_mov (vfe_id,pro_codigo_plu,vfm_cantidad,vfm_unitario,vfm_total,vfm_entregado) VALUES (9159,102414,1,1990,1990,@@@NO@@@)','',2,'2013-08-24'),(56534,'INSERT INTO gne_vale_ferreteria_mov (vfe_id,pro_codigo_plu,vfm_cantidad,vfm_unitario,vfm_total,vfm_entregado) VALUES (9159,1544,2,30,60,@@@NO@@@)','',2,'2013-08-24'),(56535,'INSERT INTO gne_vale_ferreteria (vfe_id,vfe_fecha,vfe_total,vfe_estado,vfe_entregado,usu_nusuario) VALUES (9160,@@@2013.08.24@@@,590,1,0,@@@M_SANDOVAL@@@)','',2,'2013-08-24'),(56536,'INSERT INTO gne_vale_ferreteria_mov (vfe_id,pro_codigo_plu,vfm_cantidad,vfm_unitario,vfm_total,vfm_entregado) VALUES (9160,764700,1,590,590,@@@NO@@@)','',2,'2013-08-24'),(56537,'INSERT INTO gne_vale_ferreteria (vfe_id,vfe_fecha,vfe_total,vfe_estado,vfe_entregado,usu_nusuario) VALUES (9161,@@@2013.08.24@@@,390,1,0,@@@M_SANDOVAL@@@)','',2,'2013-08-24'),(56538,'INSERT INTO gne_vale_ferreteria_mov (vfe_id,pro_codigo_plu,vfm_cantidad,vfm_unitario,vfm_total,vfm_entregado) VALUES (9161,780721379,1,390,390,@@@NO@@@)','',2,'2013-08-24'),(56539,'INSERT INTO gne_vale_ferreteria (vfe_id,vfe_fecha,vfe_total,vfe_estado,vfe_entregado,usu_nusuario) VALUES (9162,@@@2013.08.24@@@,350,1,0,@@@M_SANDOVAL@@@)','',2,'2013-08-24'),(56540,'INSERT INTO gne_vale_ferreteria_mov (vfe_id,pro_codigo_plu,vfm_cantidad,vfm_unitario,vfm_total,vfm_entregado) VALUES (9162,4123,1,350,350,@@@NO@@@)','',2,'2013-08-24'),(56541,'INSERT INTO gne_vale_ferreteria (vfe_id,vfe_fecha,vfe_total,vfe_estado,vfe_entregado,usu_nusuario) VALUES (9163,@@@2013.08.24@@@,640,1,0,@@@M_SANDOVAL@@@)','',2,'2013-08-24'),(56542,'INSERT INTO gne_vale_ferreteria_mov (vfe_id,pro_codigo_plu,vfm_cantidad,vfm_unitario,vfm_total,vfm_entregado) VALUES (9163,4123,1,350,350,@@@NO@@@)','',2,'2013-08-24'),(56543,'INSERT INTO gne_vale_ferreteria_mov (vfe_id,pro_codigo_plu,vfm_cantidad,vfm_unitario,vfm_total,vfm_entregado) VALUES (9163,761330,1,290,290,@@@NO@@@)','',2,'2013-08-24'),(56544,'INSERT INTO gne_vale_ferreteria (vfe_id,vfe_fecha,vfe_total,vfe_estado,vfe_entregado,usu_nusuario) VALUES (9164,@@@2013.08.24@@@,2090,1,0,@@@M_SANDOVAL@@@)','',2,'2013-08-24'),(56545,'INSERT INTO gne_vale_ferreteria_mov (vfe_id,pro_codigo_plu,vfm_cantidad,vfm_unitario,vfm_total,vfm_entregado) VALUES (9164,780721583,1,1100,1100,@@@NO@@@)','',2,'2013-08-24'),(56546,'INSERT INTO gne_vale_ferreteria_mov (vfe_id,pro_codigo_plu,vfm_cantidad,vfm_unitario,vfm_total,vfm_entregado) VALUES (9164,780721539,1,990,990,@@@NO@@@)','',2,'2013-08-24'),(56547,'INSERT INTO gne_vale_ferreteria (vfe_id,vfe_fecha,vfe_total,vfe_estado,vfe_entregado,usu_nusuario) VALUES (9165,@@@2013.08.24@@@,2980,1,0,@@@M_SANDOVAL@@@)','',2,'2013-08-24'),(56548,'INSERT INTO gne_vale_ferreteria_mov (vfe_id,pro_codigo_plu,vfm_cantidad,vfm_unitario,vfm_total,vfm_entregado) VALUES (9165,7650,2,1490,2980,@@@NO@@@)','',2,'2013-08-24'),(56549,'INSERT INTO gne_vale_ferreteria (vfe_id,vfe_fecha,vfe_total,vfe_estado,vfe_entregado,usu_nusuario) VALUES (9166,@@@2013.08.24@@@,240,1,0,@@@M_SANDOVAL@@@)','',2,'2013-08-24'),(56550,'INSERT INTO gne_vale_ferreteria_mov (vfe_id,pro_codigo_plu,vfm_cantidad,vfm_unitario,vfm_total,vfm_entregado) VALUES (9166,78017006,2,120,240,@@@NO@@@)','',2,'2013-08-24'),(56551,'INSERT INTO gne_vale_ferreteria (vfe_id,vfe_fecha,vfe_total,vfe_estado,vfe_entregado,usu_nusuario) VALUES (9167,@@@2013.08.24@@@,120,1,0,@@@M_SANDOVAL@@@)','',2,'2013-08-24'),(56552,'INSERT INTO gne_vale_ferreteria_mov (vfe_id,pro_codigo_plu,vfm_cantidad,vfm_unitario,vfm_total,vfm_entregado) VALUES (9167,8022,1,120,120,@@@NO@@@)','',2,'2013-08-24'),(56553,'INSERT INTO gne_vale_ferreteria (vfe_id,vfe_fecha,vfe_total,vfe_estado,vfe_entregado,usu_nusuario) VALUES (9168,@@@2013.08.24@@@,2290,1,0,@@@M_SANDOVAL@@@)','',2,'2013-08-24'),(56554,'INSERT INTO gne_vale_ferreteria_mov (vfe_id,pro_codigo_plu,vfm_cantidad,vfm_unitario,vfm_total,vfm_entregado) VALUES (9168,764445,1,2290,2290,@@@NO@@@)','',2,'2013-08-24'),(56555,'INSERT INTO gne_vale_ferreteria (vfe_id,vfe_fecha,vfe_total,vfe_estado,vfe_entregado,usu_nusuario) VALUES (9169,@@@2013.08.24@@@,1080,1,0,@@@M_SANDOVAL@@@)','',2,'2013-08-24'),(56556,'INSERT INTO gne_vale_ferreteria_mov (vfe_id,pro_codigo_plu,vfm_cantidad,vfm_unitario,vfm_total,vfm_entregado) VALUES (9169,4129,3,50,150,@@@NO@@@)','',2,'2013-08-24'),(56557,'INSERT INTO gne_vale_ferreteria_mov (vfe_id,pro_codigo_plu,vfm_cantidad,vfm_unitario,vfm_total,vfm_entregado) VALUES (9169,4092,2,50,100,@@@NO@@@)','',2,'2013-08-24'),(56558,'INSERT INTO gne_vale_ferreteria_mov (vfe_id,pro_codigo_plu,vfm_cantidad,vfm_unitario,vfm_total,vfm_entregado) VALUES (9169,4088,1,150,150,@@@NO@@@)','',2,'2013-08-24'),(56559,'INSERT INTO gne_vale_ferreteria_mov (vfe_id,pro_codigo_plu,vfm_cantidad,vfm_unitario,vfm_total,vfm_entregado) VALUES (9169,78017026,2,90,180,@@@NO@@@)','',2,'2013-08-24'),(56560,'INSERT INTO gne_vale_ferreteria_mov (vfe_id,pro_codigo_plu,vfm_cantidad,vfm_unitario,vfm_total,vfm_entregado) VALUES (9169,780721186,2,250,500,@@@NO@@@)','',2,'2013-08-24'),(56561,'INSERT INTO gne_vale_ferreteria (vfe_id,vfe_fecha,vfe_total,vfe_estado,vfe_entregado,usu_nusuario) VALUES (9170,@@@2013.08.24@@@,370,1,0,@@@M_SANDOVAL@@@)','',2,'2013-08-24'),(56562,'INSERT INTO gne_vale_ferreteria_mov (vfe_id,pro_codigo_plu,vfm_cantidad,vfm_unitario,vfm_total,vfm_entregado) VALUES (9170,780220193,1,370,370,@@@NO@@@)','',2,'2013-08-24'),(56563,'INSERT INTO gne_vale_ferreteria (vfe_id,vfe_fecha,vfe_total,vfe_estado,vfe_entregado,usu_nusuario) VALUES (9171,@@@2013.08.24@@@,585435750,1,0,@@@M_SANDOVAL@@@)','',2,'2013-08-24'),(56564,'INSERT INTO gne_vale_ferreteria_mov (vfe_id,pro_codigo_plu,vfm_cantidad,vfm_unitario,vfm_total,vfm_entregado) VALUES (9171,780721428,780581,750,585435750,@@@NO@@@)','',2,'2013-08-24'),(56565,'INSERT INTO gne_vale_ferreteria (vfe_id,vfe_fecha,vfe_total,vfe_estado,vfe_entregado,usu_nusuario) VALUES (9172,@@@2013.08.24@@@,600,1,0,@@@M_SANDOVAL@@@)','',2,'2013-08-24'),(56566,'INSERT INTO gne_vale_ferreteria_mov (vfe_id,pro_codigo_plu,vfm_cantidad,vfm_unitario,vfm_total,vfm_entregado) VALUES (9172,78017202,1,450,450,@@@NO@@@)','',2,'2013-08-24'),(56567,'INSERT INTO gne_vale_ferreteria_mov (vfe_id,pro_codigo_plu,vfm_cantidad,vfm_unitario,vfm_total,vfm_entregado) VALUES (9172,764580,1,150,150,@@@NO@@@)','',2,'2013-08-24'),(56568,'INSERT INTO gne_vale_ferreteria (vfe_id,vfe_fecha,vfe_total,vfe_estado,vfe_entregado,usu_nusuario) VALUES (9173,@@@2013.08.24@@@,1590,1,0,@@@M_SANDOVAL@@@)','',2,'2013-08-24'),(56569,'INSERT INTO gne_vale_ferreteria_mov (vfe_id,pro_codigo_plu,vfm_cantidad,vfm_unitario,vfm_total,vfm_entregado) VALUES (9173,2010,1,1590,1590,@@@NO@@@)','',2,'2013-08-24'),(56570,'INSERT INTO gne_vale_ferreteria (vfe_id,vfe_fecha,vfe_total,vfe_estado,vfe_entregado,usu_nusuario) VALUES (9174,@@@2013.08.24@@@,530,1,0,@@@M_SANDOVAL@@@)','',2,'2013-08-24'),(56571,'INSERT INTO gne_vale_ferreteria_mov (vfe_id,pro_codigo_plu,vfm_cantidad,vfm_unitario,vfm_total,vfm_entregado) VALUES (9174,101677,1,530,530,@@@NO@@@)','',2,'2013-08-24'),(56572,'INSERT INTO gne_vale_ferreteria (vfe_id,vfe_fecha,vfe_total,vfe_estado,vfe_entregado,usu_nusuario) VALUES (9175,@@@2013.08.24@@@,1490,1,0,@@@M_SANDOVAL@@@)','',2,'2013-08-24'),(56573,'INSERT INTO gne_vale_ferreteria_mov (vfe_id,pro_codigo_plu,vfm_cantidad,vfm_unitario,vfm_total,vfm_entregado) VALUES (9175,764564,1,1490,1490,@@@NO@@@)','',2,'2013-08-24'),(56574,'INSERT INTO gne_vale_ferreteria (vfe_id,vfe_fecha,vfe_total,vfe_estado,vfe_entregado,usu_nusuario) VALUES (9176,@@@2013.08.24@@@,1400,1,0,@@@M_SANDOVAL@@@)','',2,'2013-08-24'),(56575,'INSERT INTO gne_vale_ferreteria_mov (vfe_id,pro_codigo_plu,vfm_cantidad,vfm_unitario,vfm_total,vfm_entregado) VALUES (9176,12608,5,250,1250,@@@NO@@@)','',2,'2013-08-24'),(56576,'INSERT INTO gne_vale_ferreteria_mov (vfe_id,pro_codigo_plu,vfm_cantidad,vfm_unitario,vfm_total,vfm_entregado) VALUES (9176,4088,1,150,150,@@@NO@@@)','',2,'2013-08-24'),(56577,'INSERT INTO gne_vale_ferreteria (vfe_id,vfe_fecha,vfe_total,vfe_estado,vfe_entregado,usu_nusuario) VALUES (9177,@@@2013.08.24@@@,200,1,0,@@@M_SANDOVAL@@@)','',2,'2013-08-24'),(56578,'INSERT INTO gne_vale_ferreteria_mov (vfe_id,pro_codigo_plu,vfm_cantidad,vfm_unitario,vfm_total,vfm_entregado) VALUES (9177,765072,1,200,200,@@@NO@@@)','',2,'2013-08-24'),(56579,'INSERT INTO gne_vale_ferreteria (vfe_id,vfe_fecha,vfe_total,vfe_estado,vfe_entregado,usu_nusuario) VALUES (9178,@@@2013.08.24@@@,2180,1,0,@@@M_SANDOVAL@@@)','',2,'2013-08-24'),(56580,'INSERT INTO gne_vale_ferreteria_mov (vfe_id,pro_codigo_plu,vfm_cantidad,vfm_unitario,vfm_total,vfm_entregado) VALUES (9178,780721510,1,1190,1190,@@@NO@@@)','',2,'2013-08-24'),(56581,'INSERT INTO gne_vale_ferreteria_mov (vfe_id,pro_codigo_plu,vfm_cantidad,vfm_unitario,vfm_total,vfm_entregado) VALUES (9178,780721539,1,990,990,@@@NO@@@)','',2,'2013-08-24'),(56582,'INSERT INTO gne_vale_ferreteria (vfe_id,vfe_fecha,vfe_total,vfe_estado,vfe_entregado,usu_nusuario) VALUES (9179,@@@2013.08.24@@@,850,1,0,@@@M_SANDOVAL@@@)','',2,'2013-08-24'),(56583,'INSERT INTO gne_vale_ferreteria_mov (vfe_id,pro_codigo_plu,vfm_cantidad,vfm_unitario,vfm_total,vfm_entregado) VALUES (9179,780721425,1,850,850,@@@NO@@@)','',2,'2013-08-24'),(56584,'INSERT INTO gne_vale_ferreteria (vfe_id,vfe_fecha,vfe_total,vfe_estado,vfe_entregado,usu_nusuario) VALUES (9180,@@@2013.08.24@@@,495,1,0,@@@M_SANDOVAL@@@)','',2,'2013-08-24'),(56585,'INSERT INTO gne_vale_ferreteria_mov (vfe_id,pro_codigo_plu,vfm_cantidad,vfm_unitario,vfm_total,vfm_entregado) VALUES (9180,11218,1,495,495,@@@NO@@@)','',2,'2013-08-24'),(56586,'INSERT INTO gne_vale_ferreteria (vfe_id,vfe_fecha,vfe_total,vfe_estado,vfe_entregado,usu_nusuario) VALUES (9181,@@@2013.08.24@@@,200,1,0,@@@M_SANDOVAL@@@)','',2,'2013-08-24'),(56587,'INSERT INTO gne_vale_ferreteria_mov (vfe_id,pro_codigo_plu,vfm_cantidad,vfm_unitario,vfm_total,vfm_entregado) VALUES (9181,1040,1,200,200,@@@NO@@@)','',2,'2013-08-24'),(56588,'INSERT INTO gne_vale_ferreteria (vfe_id,vfe_fecha,vfe_total,vfe_estado,vfe_entregado,usu_nusuario) VALUES (9182,@@@2013.08.24@@@,720,1,0,@@@M_SANDOVAL@@@)','',2,'2013-08-24'),(56589,'INSERT INTO gne_vale_ferreteria_mov (vfe_id,pro_codigo_plu,vfm_cantidad,vfm_unitario,vfm_total,vfm_entregado) VALUES (9182,762256,1,720,720,@@@NO@@@)','',2,'2013-08-24'),(56590,'INSERT INTO gne_vale_ferreteria (vfe_id,vfe_fecha,vfe_total,vfe_estado,vfe_entregado,usu_nusuario) VALUES (9183,@@@2013.08.24@@@,3290,1,0,@@@M_SANDOVAL@@@)','',2,'2013-08-24'),(56591,'INSERT INTO gne_vale_ferreteria_mov (vfe_id,pro_codigo_plu,vfm_cantidad,vfm_unitario,vfm_total,vfm_entregado) VALUES (9183,764680,1,3290,3290,@@@NO@@@)','',2,'2013-08-24'),(56592,'INSERT INTO gne_vale_ferreteria (vfe_id,vfe_fecha,vfe_total,vfe_estado,vfe_entregado,usu_nusuario) VALUES (9184,@@@2013.08.24@@@,1890,1,0,@@@M_SANDOVAL@@@)','',2,'2013-08-24'),(56593,'INSERT INTO gne_vale_ferreteria_mov (vfe_id,pro_codigo_plu,vfm_cantidad,vfm_unitario,vfm_total,vfm_entregado) VALUES (9184,764833,20,10,200,@@@NO@@@)','',2,'2013-08-24'),(56594,'INSERT INTO gne_vale_ferreteria_mov (vfe_id,pro_codigo_plu,vfm_cantidad,vfm_unitario,vfm_total,vfm_entregado) VALUES (9184,761996,1,1200,1200,@@@NO@@@)','',2,'2013-08-24'),(56595,'INSERT INTO gne_vale_ferreteria_mov (vfe_id,pro_codigo_plu,vfm_cantidad,vfm_unitario,vfm_total,vfm_entregado) VALUES (9184,780721306,1,490,490,@@@NO@@@)','',2,'2013-08-24'),(56596,'INSERT INTO gne_vale_ferreteria (vfe_id,vfe_fecha,vfe_total,vfe_estado,vfe_entregado,usu_nusuario) VALUES (9185,@@@2013.08.24@@@,480,1,0,@@@M_SANDOVAL@@@)','',2,'2013-08-24'),(56597,'INSERT INTO gne_vale_ferreteria_mov (vfe_id,pro_codigo_plu,vfm_cantidad,vfm_unitario,vfm_total,vfm_entregado) VALUES (9185,1065,1,220,220,@@@NO@@@)','',2,'2013-08-24'),(56598,'INSERT INTO gne_vale_ferreteria_mov (vfe_id,pro_codigo_plu,vfm_cantidad,vfm_unitario,vfm_total,vfm_entregado) VALUES (9185,12083,1,260,260,@@@NO@@@)','',2,'2013-08-24'),(56599,'INSERT INTO gne_vale_ferreteria (vfe_id,vfe_fecha,vfe_total,vfe_estado,vfe_entregado,usu_nusuario) VALUES (9186,@@@2013.08.24@@@,999,1,0,@@@M_SANDOVAL@@@)','',2,'2013-08-24'),(56600,'INSERT INTO gne_vale_ferreteria_mov (vfe_id,pro_codigo_plu,vfm_cantidad,vfm_unitario,vfm_total,vfm_entregado) VALUES (9186,15490,1,999,999,@@@NO@@@)','',2,'2013-08-24'),(56601,'INSERT INTO gne_vale_ferreteria (vfe_id,vfe_fecha,vfe_total,vfe_estado,vfe_entregado,usu_nusuario) VALUES (9187,@@@2013.08.24@@@,380,1,0,@@@M_SANDOVAL@@@)','',2,'2013-08-24'),(56602,'INSERT INTO gne_vale_ferreteria_mov (vfe_id,pro_codigo_plu,vfm_cantidad,vfm_unitario,vfm_total,vfm_entregado) VALUES (9187,1537,2,190,380,@@@NO@@@)','',2,'2013-08-24'),(56603,'INSERT INTO gne_vale_ferreteria (vfe_id,vfe_fecha,vfe_total,vfe_estado,vfe_entregado,usu_nusuario) VALUES (9188,@@@2013.08.24@@@,150,1,0,@@@M_SANDOVAL@@@)','',2,'2013-08-24'),(56604,'INSERT INTO gne_vale_ferreteria_mov (vfe_id,pro_codigo_plu,vfm_cantidad,vfm_unitario,vfm_total,vfm_entregado) VALUES (9188,4088,1,150,150,@@@NO@@@)','',2,'2013-08-24'),(56605,'INSERT INTO gne_vale_ferreteria (vfe_id,vfe_fecha,vfe_total,vfe_estado,vfe_entregado,usu_nusuario) VALUES (9189,@@@2013.08.24@@@,300,1,0,@@@M_SANDOVAL@@@)','',2,'2013-08-24'),(56606,'INSERT INTO gne_vale_ferreteria_mov (vfe_id,pro_codigo_plu,vfm_cantidad,vfm_unitario,vfm_total,vfm_entregado) VALUES (9189,2004,1,300,300,@@@NO@@@)','',2,'2013-08-24'),(56607,'INSERT INTO gne_vale_ferreteria (vfe_id,vfe_fecha,vfe_total,vfe_estado,vfe_entregado,usu_nusuario) VALUES (9190,@@@2013.08.24@@@,190,1,0,@@@M_SANDOVAL@@@)','',2,'2013-08-24'),(56608,'INSERT INTO gne_vale_ferreteria_mov (vfe_id,pro_codigo_plu,vfm_cantidad,vfm_unitario,vfm_total,vfm_entregado) VALUES (9190,1537,1,190,190,@@@NO@@@)','',2,'2013-08-24'),(56609,'INSERT INTO gne_vale_ferreteria (vfe_id,vfe_fecha,vfe_total,vfe_estado,vfe_entregado,usu_nusuario) VALUES (9191,@@@2013.08.24@@@,3890,1,0,@@@M_SANDOVAL@@@)','',2,'2013-08-24'),(56610,'INSERT INTO gne_vale_ferreteria_mov (vfe_id,pro_codigo_plu,vfm_cantidad,vfm_unitario,vfm_total,vfm_entregado) VALUES (9191,764801,1,3890,3890,@@@NO@@@)','',2,'2013-08-24'),(56611,'INSERT INTO gne_vale_ferreteria (vfe_id,vfe_fecha,vfe_total,vfe_estado,vfe_entregado,usu_nusuario) VALUES (9192,@@@2013.08.24@@@,2190,1,0,@@@M_SANDOVAL@@@)','',2,'2013-08-24'),(56612,'INSERT INTO gne_vale_ferreteria_mov (vfe_id,pro_codigo_plu,vfm_cantidad,vfm_unitario,vfm_total,vfm_entregado) VALUES (9192,100983,1,2190,2190,@@@NO@@@)','',2,'2013-08-24'),(56613,'INSERT INTO gne_vale_ferreteria (vfe_id,vfe_fecha,vfe_total,vfe_estado,vfe_entregado,usu_nusuario) VALUES (9193,@@@2013.08.24@@@,1890,1,0,@@@M_SANDOVAL@@@)','',2,'2013-08-24'),(56614,'INSERT INTO gne_vale_ferreteria_mov (vfe_id,pro_codigo_plu,vfm_cantidad,vfm_unitario,vfm_total,vfm_entregado) VALUES (9193,102072,1,1890,1890,@@@NO@@@)','',2,'2013-08-24'),(56615,'INSERT INTO gne_vale_ferreteria (vfe_id,vfe_fecha,vfe_total,vfe_estado,vfe_entregado,usu_nusuario) VALUES (9194,@@@2013.08.24@@@,750,1,0,@@@M_SANDOVAL@@@)','',2,'2013-08-24'),(56616,'INSERT INTO gne_vale_ferreteria_mov (vfe_id,pro_codigo_plu,vfm_cantidad,vfm_unitario,vfm_total,vfm_entregado) VALUES (9194,1079,1,750,750,@@@NO@@@)','',2,'2013-08-24'),(56617,'INSERT INTO gne_vale_ferreteria (vfe_id,vfe_fecha,vfe_total,vfe_estado,vfe_entregado,usu_nusuario) VALUES (9195,@@@2013.08.24@@@,1540,1,0,@@@M_SANDOVAL@@@)','',2,'2013-08-24'),(56618,'INSERT INTO gne_vale_ferreteria_mov (vfe_id,pro_codigo_plu,vfm_cantidad,vfm_unitario,vfm_total,vfm_entregado) VALUES (9195,780721425,1,850,850,@@@NO@@@)','',2,'2013-08-24'),(56619,'INSERT INTO gne_vale_ferreteria_mov (vfe_id,pro_codigo_plu,vfm_cantidad,vfm_unitario,vfm_total,vfm_entregado) VALUES (9195,761436,1,690,690,@@@NO@@@)','',2,'2013-08-24'),(56620,'INSERT INTO gne_vale_ferreteria (vfe_id,vfe_fecha,vfe_total,vfe_estado,vfe_entregado,usu_nusuario) VALUES (9196,@@@2013.08.24@@@,450,1,0,@@@M_SANDOVAL@@@)','',2,'2013-08-24'),(56621,'INSERT INTO gne_vale_ferreteria_mov (vfe_id,pro_codigo_plu,vfm_cantidad,vfm_unitario,vfm_total,vfm_entregado) VALUES (9196,8022,1,120,120,@@@NO@@@)','',2,'2013-08-24'),(56622,'INSERT INTO gne_vale_ferreteria_mov (vfe_id,pro_codigo_plu,vfm_cantidad,vfm_unitario,vfm_total,vfm_entregado) VALUES (9196,763588,1,330,330,@@@NO@@@)','',2,'2013-08-24'),(56623,'INSERT INTO gne_vale_ferreteria (vfe_id,vfe_fecha,vfe_total,vfe_estado,vfe_entregado,usu_nusuario) VALUES (9197,@@@2013.08.24@@@,880,1,0,@@@M_SANDOVAL@@@)','',2,'2013-08-24'),(56624,'INSERT INTO gne_vale_ferreteria_mov (vfe_id,pro_codigo_plu,vfm_cantidad,vfm_unitario,vfm_total,vfm_entregado) VALUES (9197,780721681,1,490,490,@@@NO@@@)','',2,'2013-08-24'),(56625,'INSERT INTO gne_vale_ferreteria_mov (vfe_id,pro_codigo_plu,vfm_cantidad,vfm_unitario,vfm_total,vfm_entregado) VALUES (9197,780220121,1,390,390,@@@NO@@@)','',2,'2013-08-24'),(56626,'INSERT INTO gne_vale_ferreteria (vfe_id,vfe_fecha,vfe_total,vfe_estado,vfe_entregado,usu_nusuario) VALUES (9198,@@@2013.08.24@@@,1000,1,0,@@@M_SANDOVAL@@@)','',2,'2013-08-24'),(56627,'INSERT INTO gne_vale_ferreteria_mov (vfe_id,pro_codigo_plu,vfm_cantidad,vfm_unitario,vfm_total,vfm_entregado) VALUES (9198,780721681,1,490,490,@@@NO@@@)','',2,'2013-08-24'),(56628,'INSERT INTO gne_vale_ferreteria_mov (vfe_id,pro_codigo_plu,vfm_cantidad,vfm_unitario,vfm_total,vfm_entregado) VALUES (9198,780220121,1,390,390,@@@NO@@@)','',2,'2013-08-24'),(56629,'INSERT INTO gne_vale_ferreteria_mov (vfe_id,pro_codigo_plu,vfm_cantidad,vfm_unitario,vfm_total,vfm_entregado) VALUES (9198,8022,1,120,120,@@@NO@@@)','',2,'2013-08-24'),(56630,'INSERT INTO gne_vale_ferreteria (vfe_id,vfe_fecha,vfe_total,vfe_estado,vfe_entregado,usu_nusuario) VALUES (9199,@@@2013.08.24@@@,550,1,0,@@@M_SANDOVAL@@@)','',2,'2013-08-24'),(56631,'INSERT INTO gne_vale_ferreteria_mov (vfe_id,pro_codigo_plu,vfm_cantidad,vfm_unitario,vfm_total,vfm_entregado) VALUES (9199,780721253,1,550,550,@@@NO@@@)','',2,'2013-08-24'),(56632,'INSERT INTO gne_vale_ferreteria (vfe_id,vfe_fecha,vfe_total,vfe_estado,vfe_entregado,usu_nusuario) VALUES (9200,@@@2013.08.24@@@,150,1,0,@@@M_SANDOVAL@@@)','',2,'2013-08-24'),(56633,'INSERT INTO gne_vale_ferreteria_mov (vfe_id,pro_codigo_plu,vfm_cantidad,vfm_unitario,vfm_total,vfm_entregado) VALUES (9200,78017110,1,150,150,@@@NO@@@)','',2,'2013-08-24'),(56634,'INSERT INTO gne_vale_ferreteria (vfe_id,vfe_fecha,vfe_total,vfe_estado,vfe_entregado,usu_nusuario) VALUES (9201,@@@2013.08.24@@@,90,1,0,@@@M_SANDOVAL@@@)','',2,'2013-08-24'),(56635,'INSERT INTO gne_vale_ferreteria_mov (vfe_id,pro_codigo_plu,vfm_cantidad,vfm_unitario,vfm_total,vfm_entregado) VALUES (9201,770029,3,30,90,@@@NO@@@)','',2,'2013-08-24'),(56636,'INSERT INTO gne_vale_ferreteria (vfe_id,vfe_fecha,vfe_total,vfe_estado,vfe_entregado,usu_nusuario) VALUES (9202,@@@2013.08.24@@@,100,1,0,@@@M_SANDOVAL@@@)','',2,'2013-08-24'),(56637,'INSERT INTO gne_vale_ferreteria_mov (vfe_id,pro_codigo_plu,vfm_cantidad,vfm_unitario,vfm_total,vfm_entregado) VALUES (9202,763851,1,100,100,@@@NO@@@)','',2,'2013-08-24'),(56638,'INSERT INTO gne_vale_ferreteria (vfe_id,vfe_fecha,vfe_total,vfe_estado,vfe_entregado,usu_nusuario) VALUES (9203,@@@2013.08.24@@@,390,1,0,@@@M_SANDOVAL@@@)','',2,'2013-08-24'),(56639,'INSERT INTO gne_vale_ferreteria_mov (vfe_id,pro_codigo_plu,vfm_cantidad,vfm_unitario,vfm_total,vfm_entregado) VALUES (9203,8023,1,390,390,@@@NO@@@)','',2,'2013-08-24'),(56640,'INSERT INTO gne_vale_ferreteria (vfe_id,vfe_fecha,vfe_total,vfe_estado,vfe_entregado,usu_nusuario) VALUES (9204,@@@2013.08.24@@@,1190,1,0,@@@M_SANDOVAL@@@)','',2,'2013-08-24'),(56641,'INSERT INTO gne_vale_ferreteria_mov (vfe_id,pro_codigo_plu,vfm_cantidad,vfm_unitario,vfm_total,vfm_entregado) VALUES (9204,780721469,1,1190,1190,@@@NO@@@)','',2,'2013-08-24'),(56642,'INSERT INTO gne_vale_ferreteria (vfe_id,vfe_fecha,vfe_total,vfe_estado,vfe_entregado,usu_nusuario) VALUES (9205,@@@2013.08.24@@@,290,1,0,@@@M_SANDOVAL@@@)','',2,'2013-08-24'),(56643,'INSERT INTO gne_vale_ferreteria_mov (vfe_id,pro_codigo_plu,vfm_cantidad,vfm_unitario,vfm_total,vfm_entregado) VALUES (9205,1559,1,290,290,@@@NO@@@)','',2,'2013-08-24'),(56644,'INSERT INTO gne_vale_ferreteria (vfe_id,vfe_fecha,vfe_total,vfe_estado,vfe_entregado,usu_nusuario) VALUES (9206,@@@2013.08.24@@@,890,1,0,@@@M_SANDOVAL@@@)','',2,'2013-08-24'),(56645,'INSERT INTO gne_vale_ferreteria_mov (vfe_id,pro_codigo_plu,vfm_cantidad,vfm_unitario,vfm_total,vfm_entregado) VALUES (9206,764575,1,890,890,@@@NO@@@)','',2,'2013-08-24'),(56646,'INSERT INTO gne_vale_ferreteria (vfe_id,vfe_fecha,vfe_total,vfe_estado,vfe_entregado,usu_nusuario) VALUES (9207,@@@2013.08.24@@@,650,1,0,@@@M_SANDOVAL@@@)','',2,'2013-08-24'),(56647,'INSERT INTO gne_vale_ferreteria_mov (vfe_id,pro_codigo_plu,vfm_cantidad,vfm_unitario,vfm_total,vfm_entregado) VALUES (9207,780721142,1,650,650,@@@NO@@@)','',2,'2013-08-24'),(56648,'INSERT INTO gne_vale_ferreteria (vfe_id,vfe_fecha,vfe_total,vfe_estado,vfe_entregado,usu_nusuario) VALUES (9208,@@@2013.08.24@@@,750,1,0,@@@M_SANDOVAL@@@)','',2,'2013-08-24'),(56649,'INSERT INTO gne_vale_ferreteria_mov (vfe_id,pro_codigo_plu,vfm_cantidad,vfm_unitario,vfm_total,vfm_entregado) VALUES (9208,780721428,1,750,750,@@@NO@@@)','',2,'2013-08-24'),(56650,'INSERT INTO gne_vale_ferreteria (vfe_id,vfe_fecha,vfe_total,vfe_estado,vfe_entregado,usu_nusuario) VALUES (9209,@@@2013.08.24@@@,1890,1,0,@@@M_SANDOVAL@@@)','',2,'2013-08-24'),(56651,'INSERT INTO gne_vale_ferreteria_mov (vfe_id,pro_codigo_plu,vfm_cantidad,vfm_unitario,vfm_total,vfm_entregado) VALUES (9209,763863,1,1890,1890,@@@NO@@@)','',2,'2013-08-24'),(56652,'INSERT INTO gne_vale_ferreteria (vfe_id,vfe_fecha,vfe_total,vfe_estado,vfe_entregado,usu_nusuario) VALUES (9210,@@@2013.08.24@@@,120,1,0,@@@M_SANDOVAL@@@)','',2,'2013-08-24'),(56653,'INSERT INTO gne_vale_ferreteria_mov (vfe_id,pro_codigo_plu,vfm_cantidad,vfm_unitario,vfm_total,vfm_entregado) VALUES (9210,8022,1,120,120,@@@NO@@@)','',2,'2013-08-24'),(56654,'INSERT INTO gne_vale_ferreteria (vfe_id,vfe_fecha,vfe_total,vfe_estado,vfe_entregado,usu_nusuario) VALUES (9211,@@@2013.08.24@@@,3990,1,0,@@@M_SANDOVAL@@@)','',2,'2013-08-24'),(56655,'INSERT INTO gne_vale_ferreteria_mov (vfe_id,pro_codigo_plu,vfm_cantidad,vfm_unitario,vfm_total,vfm_entregado) VALUES (9211,780721347,1,3990,3990,@@@NO@@@)','',2,'2013-08-24'),(56656,'UPDATE mae_productos SET pro_precio_venta=199,pro_margen_actual=29.22, pro_precio_compra_bruto=154.006, pro_precio_compra_neto=129.416806722689 WHERE pro_codigo_plu=16806','',2,'2013-08-24'),(56657,'UPDATE mae_productos SET pro_precio_fiscal=pro_precio_venta WHERE pro_codigo_plu=16806','',2,'2013-08-24'),(56658,'INSERT INTO gne_vale_ferreteria (vfe_id,vfe_fecha,vfe_total,vfe_estado,vfe_entregado,usu_nusuario) VALUES (9212,@@@2013.08.24@@@,1890,1,0,@@@M_SANDOVAL@@@)','',2,'2013-08-24'),(56659,'INSERT INTO gne_vale_ferreteria_mov (vfe_id,pro_codigo_plu,vfm_cantidad,vfm_unitario,vfm_total,vfm_entregado) VALUES (9212,102075,1,1890,1890,@@@NO@@@)','',2,'2013-08-24'),(56660,'INSERT INTO gne_vale_ferreteria (vfe_id,vfe_fecha,vfe_total,vfe_estado,vfe_entregado,usu_nusuario) VALUES (9213,@@@2013.08.24@@@,3270,1,0,@@@M_SANDOVAL@@@)','',2,'2013-08-24'),(56661,'INSERT INTO gne_vale_ferreteria_mov (vfe_id,pro_codigo_plu,vfm_cantidad,vfm_unitario,vfm_total,vfm_entregado) VALUES (9213,102075,1,1890,1890,@@@NO@@@)','',2,'2013-08-24'),(56662,'INSERT INTO gne_vale_ferreteria_mov (vfe_id,pro_codigo_plu,vfm_cantidad,vfm_unitario,vfm_total,vfm_entregado) VALUES (9213,2004,1,300,300,@@@NO@@@)','',2,'2013-08-24'),(56663,'INSERT INTO gne_vale_ferreteria_mov (vfe_id,pro_codigo_plu,vfm_cantidad,vfm_unitario,vfm_total,vfm_entregado) VALUES (9213,764701,1,490,490,@@@NO@@@)','',2,'2013-08-24'),(56664,'INSERT INTO gne_vale_ferreteria_mov (vfe_id,pro_codigo_plu,vfm_cantidad,vfm_unitario,vfm_total,vfm_entregado) VALUES (9213,780721487,1,590,590,@@@NO@@@)','',2,'2013-08-24'),(56665,'INSERT INTO gne_vale_ferreteria (vfe_id,vfe_fecha,vfe_total,vfe_estado,vfe_entregado,usu_nusuario) VALUES (9214,@@@2013.08.24@@@,850,1,0,@@@M_SANDOVAL@@@)','',2,'2013-08-24'),(56666,'INSERT INTO gne_vale_ferreteria_mov (vfe_id,pro_codigo_plu,vfm_cantidad,vfm_unitario,vfm_total,vfm_entregado) VALUES (9214,4129,17,50,850,@@@NO@@@)','',2,'2013-08-24'),(56667,'INSERT INTO gne_vale_ferreteria (vfe_id,vfe_fecha,vfe_total,vfe_estado,vfe_entregado,usu_nusuario) VALUES (9215,@@@2013.08.24@@@,1490,1,0,@@@M_SANDOVAL@@@)','',2,'2013-08-24'),(56668,'INSERT INTO gne_vale_ferreteria_mov (vfe_id,pro_codigo_plu,vfm_cantidad,vfm_unitario,vfm_total,vfm_entregado) VALUES (9215,780721362,1,1490,1490,@@@NO@@@)','',2,'2013-08-24'),(56669,'INSERT INTO gne_vale_ferreteria (vfe_id,vfe_fecha,vfe_total,vfe_estado,vfe_entregado,usu_nusuario) VALUES (9216,@@@2013.08.24@@@,480,1,0,@@@M_SANDOVAL@@@)','',2,'2013-08-24'),(56670,'INSERT INTO gne_vale_ferreteria_mov (vfe_id,pro_codigo_plu,vfm_cantidad,vfm_unitario,vfm_total,vfm_entregado) VALUES (9216,761334,4,120,480,@@@NO@@@)','',2,'2013-08-24'),(56671,'INSERT INTO gne_vale_ferreteria (vfe_id,vfe_fecha,vfe_total,vfe_estado,vfe_entregado,usu_nusuario) VALUES (9217,@@@2013.08.24@@@,790,1,0,@@@M_SANDOVAL@@@)','',2,'2013-08-24'),(56672,'INSERT INTO gne_vale_ferreteria_mov (vfe_id,pro_codigo_plu,vfm_cantidad,vfm_unitario,vfm_total,vfm_entregado) VALUES (9217,4089,2,200,400,@@@NO@@@)','',2,'2013-08-24'),(56673,'INSERT INTO gne_vale_ferreteria_mov (vfe_id,pro_codigo_plu,vfm_cantidad,vfm_unitario,vfm_total,vfm_entregado) VALUES (9217,4090,1,390,390,@@@NO@@@)','',2,'2013-08-24'),(56674,'INSERT INTO gne_vale_ferreteria (vfe_id,vfe_fecha,vfe_total,vfe_estado,vfe_entregado,usu_nusuario) VALUES (9218,@@@2013.08.24@@@,250,1,0,@@@M_SANDOVAL@@@)','',2,'2013-08-24'),(56675,'INSERT INTO gne_vale_ferreteria_mov (vfe_id,pro_codigo_plu,vfm_cantidad,vfm_unitario,vfm_total,vfm_entregado) VALUES (9218,764583,1,250,250,@@@NO@@@)','',2,'2013-08-24'),(56676,'INSERT INTO gne_vale_ferreteria (vfe_id,vfe_fecha,vfe_total,vfe_estado,vfe_entregado,usu_nusuario) VALUES (9219,@@@2013.08.24@@@,1190,1,0,@@@M_SANDOVAL@@@)','',2,'2013-08-24'),(56677,'INSERT INTO gne_vale_ferreteria_mov (vfe_id,pro_codigo_plu,vfm_cantidad,vfm_unitario,vfm_total,vfm_entregado) VALUES (9219,765012,1,1190,1190,@@@NO@@@)','',2,'2013-08-24'),(56678,'INSERT INTO gne_vale_ferreteria (vfe_id,vfe_fecha,vfe_total,vfe_estado,vfe_entregado,usu_nusuario) VALUES (9220,@@@2013.08.24@@@,1440,1,0,@@@M_SANDOVAL@@@)','',2,'2013-08-24'),(56679,'INSERT INTO gne_vale_ferreteria_mov (vfe_id,pro_codigo_plu,vfm_cantidad,vfm_unitario,vfm_total,vfm_entregado) VALUES (9220,10989,2,720,1440,@@@NO@@@)','',2,'2013-08-24'),(56680,'INSERT INTO gne_vale_ferreteria (vfe_id,vfe_fecha,vfe_total,vfe_estado,vfe_entregado,usu_nusuario) VALUES (9221,@@@2013.08.24@@@,590,1,0,@@@M_SANDOVAL@@@)','',2,'2013-08-24'),(56681,'INSERT INTO gne_vale_ferreteria_mov (vfe_id,pro_codigo_plu,vfm_cantidad,vfm_unitario,vfm_total,vfm_entregado) VALUES (9221,10178,1,590,590,@@@NO@@@)','',2,'2013-08-24'),(56682,'INSERT INTO gne_vale_ferreteria (vfe_id,vfe_fecha,vfe_total,vfe_estado,vfe_entregado,usu_nusuario) VALUES (9222,@@@2013.08.24@@@,360,1,0,@@@M_SANDOVAL@@@)','',2,'2013-08-24'),(56683,'INSERT INTO gne_vale_ferreteria_mov (vfe_id,pro_codigo_plu,vfm_cantidad,vfm_unitario,vfm_total,vfm_entregado) VALUES (9222,4801,12,30,360,@@@NO@@@)','',2,'2013-08-24'),(56684,'INSERT INTO gne_vale_ferreteria (vfe_id,vfe_fecha,vfe_total,vfe_estado,vfe_entregado,usu_nusuario) VALUES (9223,@@@2013.08.24@@@,300,1,0,@@@M_SANDOVAL@@@)','',2,'2013-08-24'),(56685,'INSERT INTO gne_vale_ferreteria_mov (vfe_id,pro_codigo_plu,vfm_cantidad,vfm_unitario,vfm_total,vfm_entregado) VALUES (9223,78017110,2,150,300,@@@NO@@@)','',2,'2013-08-24'),(56686,'UPDATE mae_productos SET pro_codigo_barra=@@@106@@@,pro_tipo=@@@0@@@,pro_nombre_producto=@@@CAZUELA ESPECIAL@@@,pro_nombre_corto=@@@CAZUELA ESPECIAL@@@,med_id=@@@2@@@,emb_id=@@@1@@@,pro_unidades_embalaje=@@@1@@@,dep_id=@@@9 @@@,lin_id=@@@65@@@,mar_id=@@@2507@@@,pro_precio_compra_neto=@@@0@@@,pro_precio_compra_bruto=@@@0@@@,pro_precio_venta=@@@1890@@@,pro_margen_actual=@@@0@@@,pro_oferta=@@@NO@@@,pro_fecha_inicio_oferta=@@@1900.01.01@@@,pro_fecha_termino_oferta=@@@1900.01.01@@@,pro_precio_oferta=@@@0@@@,pro_stock_minimo=@@@1@@@,pro_stock_critico=@@@1@@@,pro_activo=@@@1@@@,pro_unidad=@@@1@@@,pro_precio_compra_bruto=0,pro_margen_actual=0,pro_capacidad=1,pro_funcion_plu=1,pro_flejes=0,pro_iva=1,pro_plu_asociado=0,pro_envase=@@@NO@@@,pro_duracion=0,pro_numero_etiqueta=1 WHERE pro_codigo_plu=@@@106@@@','',2,'2013-08-24'),(56687,'UPDATE mae_productos SET pro_estado=1 WHERE pro_codigo_plu=106','',2,'2013-08-24'),(56688,'DELETE FROM mae_impuestos_productos WHERE pro_codigo_plu=@@@106@@@','',2,'2013-08-24'),(56689,'UPDATE mae_productos SET pro_precio_compra_bruto=820.148,pro_margen_actual=(pro_precio_venta-820.148)/820.148 * 100,pro_ultima_compra=@@@2013.08.24@@@,pro_ultimo_proveedor=@@@84348700-9@@@ WHERE pro_codigo_plu=762854','',2,'2013-08-24'),(56690,'UPDATE mae_productos SET pro_precio_compra_bruto=248.71,pro_margen_actual=(pro_precio_venta-248.71)/248.71 * 100,pro_ultima_compra=@@@2013.08.24@@@,pro_ultimo_proveedor=@@@84348700-9@@@ WHERE pro_codigo_plu=11207','',2,'2013-08-24'),(56691,'UPDATE mae_productos SET pro_precio_compra_bruto=1449.42,pro_margen_actual=(pro_precio_venta-1449.42)/1449.42 * 100,pro_ultima_compra=@@@2013.08.24@@@,pro_ultimo_proveedor=@@@84348700-9@@@ WHERE pro_codigo_plu=101625','',2,'2013-08-24'),(56692,'UPDATE mae_productos SET pro_precio_compra_bruto=1449.42,pro_margen_actual=(pro_precio_venta-1449.42)/1449.42 * 100,pro_ultima_compra=@@@2013.08.24@@@,pro_ultimo_proveedor=@@@84348700-9@@@ WHERE pro_codigo_plu=101623','',2,'2013-08-24'),(56693,'UPDATE mae_productos SET pro_precio_compra_bruto=1449.42,pro_margen_actual=(pro_precio_venta-1449.42)/1449.42 * 100,pro_ultima_compra=@@@2013.08.24@@@,pro_ultimo_proveedor=@@@84348700-9@@@ WHERE pro_codigo_plu=101678','',2,'2013-08-24'),(56694,'UPDATE mae_productos SET pro_precio_compra_bruto=1449.42,pro_margen_actual=(pro_precio_venta-1449.42)/1449.42 * 100,pro_ultima_compra=@@@2013.08.24@@@,pro_ultimo_proveedor=@@@84348700-9@@@ WHERE pro_codigo_plu=101622','',2,'2013-08-24'),(56695,'UPDATE mae_productos SET pro_precio_compra_bruto=1043.095,pro_margen_actual=(pro_precio_venta-1043.095)/1043.095 * 100,pro_ultima_compra=@@@2013.08.24@@@,pro_ultimo_proveedor=@@@84348700-9@@@ WHERE pro_codigo_plu=764537','',2,'2013-08-24'),(56696,'UPDATE mae_productos SET pro_precio_compra_bruto=2156.637,pro_margen_actual=(pro_precio_venta-2156.637)/2156.637 * 100,pro_ultima_compra=@@@2013.08.24@@@,pro_ultimo_proveedor=@@@84348700-9@@@ WHERE pro_codigo_plu=762017','',2,'2013-08-24'),(56697,'UPDATE mae_productos SET pro_precio_compra_bruto=1141.746,pro_margen_actual=(pro_precio_venta-1141.746)/1141.746 * 100,pro_ultima_compra=@@@2013.08.24@@@,pro_ultimo_proveedor=@@@84348700-9@@@ WHERE pro_codigo_plu=13296','',2,'2013-08-24'),(56698,'UPDATE mae_productos SET pro_precio_compra_bruto=1681.668,pro_margen_actual=(pro_precio_venta-1681.668)/1681.668 * 100,pro_ultima_compra=@@@2013.08.24@@@,pro_ultimo_proveedor=@@@84348700-9@@@ WHERE pro_codigo_plu=15346','',2,'2013-08-24'),(56699,'UPDATE mae_productos SET pro_precio_compra_bruto=1681.668,pro_margen_actual=(pro_precio_venta-1681.668)/1681.668 * 100,pro_ultima_compra=@@@2013.08.24@@@,pro_ultimo_proveedor=@@@84348700-9@@@ WHERE pro_codigo_plu=15407','',2,'2013-08-24'),(56700,'UPDATE mae_productos SET pro_precio_compra_bruto=1661.835,pro_margen_actual=(pro_precio_venta-1661.835)/1661.835 * 100,pro_ultima_compra=@@@2013.08.24@@@,pro_ultimo_proveedor=@@@84348700-9@@@ WHERE pro_codigo_plu=762144','',2,'2013-08-24'),(56701,'UPDATE mae_productos SET pro_precio_compra_bruto=798.986,pro_margen_actual=(pro_precio_venta-798.986)/798.986 * 100,pro_ultima_compra=@@@2013.08.24@@@,pro_ultimo_proveedor=@@@84348700-9@@@ WHERE pro_codigo_plu=10253','',2,'2013-08-24'),(56702,'UPDATE mae_productos SET pro_precio_compra_bruto=342.21,pro_margen_actual=(pro_precio_venta-342.21)/342.21 * 100,pro_ultima_compra=@@@2013.08.24@@@,pro_ultimo_proveedor=@@@84348700-9@@@ WHERE pro_codigo_plu=102651','',2,'2013-08-24'),(56703,'UPDATE mae_productos SET pro_precio_compra_bruto=218.762,pro_margen_actual=(pro_precio_venta-218.762)/218.762 * 100,pro_ultima_compra=@@@2013.08.24@@@,pro_ultimo_proveedor=@@@84348700-9@@@ WHERE pro_codigo_plu=102018','',2,'2013-08-24'),(56704,'UPDATE mae_productos SET pro_precio_compra_bruto=415.706,pro_margen_actual=(pro_precio_venta-415.706)/415.706 * 100,pro_ultima_compra=@@@2013.08.24@@@,pro_ultimo_proveedor=@@@84348700-9@@@ WHERE pro_codigo_plu=763278','',2,'2013-08-24'),(56705,'UPDATE mae_productos SET pro_precio_compra_bruto=305.354,pro_margen_actual=(pro_precio_venta-305.354)/305.354 * 100,pro_ultima_compra=@@@2013.08.24@@@,pro_ultimo_proveedor=@@@84348700-9@@@ WHERE pro_codigo_plu=15092','',2,'2013-08-24'),(56706,'UPDATE mae_productos SET pro_precio_compra_bruto=605.472,pro_margen_actual=(pro_precio_venta-605.472)/605.472 * 100,pro_ultima_compra=@@@2013.08.24@@@,pro_ultimo_proveedor=@@@84348700-9@@@ WHERE pro_codigo_plu=15093','',2,'2013-08-24'),(56707,'UPDATE mae_productos SET pro_precio_compra_bruto=882.742,pro_margen_actual=(pro_precio_venta-882.742)/882.742 * 100,pro_ultima_compra=@@@2013.08.24@@@,pro_ultimo_proveedor=@@@84348700-9@@@ WHERE pro_codigo_plu=15094','',2,'2013-08-24'),(56708,'INSERT INTO mae_productos (pro_codigo_plu,pro_codigo_barra,pro_tipo,pro_nombre_producto,pro_nombre_corto,med_id,emb_id,pro_unidades_embalaje,dep_id,lin_id,mar_id,pro_precio_compra_neto,pro_precio_compra_bruto,pro_precio_venta,pro_margen_actual,pro_oferta,pro_fecha_inicio_oferta,pro_fecha_termino_oferta,pro_precio_oferta,pro_stock_minimo,pro_stock_critico,pro_entradas_bodega,pro_salidas_bodega,pro_mermas_bodega,pro_ajustes_bodega,pro_entradas_sv,pro_salidas_sv,pro_mermas_sv,pro_ajustes_sv,pro_activo,rec_numero,pro_unidad,pro_capacidad,pro_consumo_bodega,pro_consumo_sv,pro_estado,pro_funcion_plu,pro_flejes,pro_iva,pro_plu_asociado,pro_envase,pro_duracion,pro_numero_etiqueta) VALUES (780200000,@@@7802000009396@@@,@@@0@@@,@@@RAMITAS EVERCRISP 90 GRAMOS@@@,@@@RAMITAS EVERCRIS@@@,@@@5 @@@,@@@10 @@@,@@@1@@@,@@@32 @@@,@@@160@@@,@@@2507@@@,@@@0@@@,@@@379@@@,@@@500@@@,@@@31.93@@@,@@@@@@,@@@2006.09.07@@@,@@@2006.09.07@@@,@@@0@@@,@@@0@@@,@@@1@@@,@@@0@@@,@@@0@@@,@@@0@@@,@@@0@@@,@@@0@@@,@@@0@@@,@@@0@@@,@@@0@@@,@@@1@@@,@@@0@@@,0,90,0,0,2,0,1,1,0,@@@NO@@@,0,0)','',2,'2013-08-24'),(56709,'DELETE FROM mae_impuestos_productos WHERE pro_codigo_plu=@@@780200000@@@','',2,'2013-08-24'),(56710,'INSERT INTO gne_vale_ferreteria (vfe_id,vfe_fecha,vfe_total,vfe_estado,vfe_entregado,usu_nusuario) VALUES (9224,@@@2013.08.24@@@,200,1,0,@@@M_SANDOVAL@@@)','',2,'2013-08-24'),(56711,'INSERT INTO gne_vale_ferreteria_mov (vfe_id,pro_codigo_plu,vfm_cantidad,vfm_unitario,vfm_total,vfm_entregado) VALUES (9224,78017241,5,40,200,@@@NO@@@)','',2,'2013-08-24'),(56712,'INSERT INTO gne_vale_ferreteria (vfe_id,vfe_fecha,vfe_total,vfe_estado,vfe_entregado,usu_nusuario) VALUES (9225,@@@2013.08.24@@@,1980,1,0,@@@M_SANDOVAL@@@)','',2,'2013-08-24'),(56713,'INSERT INTO gne_vale_ferreteria_mov (vfe_id,pro_codigo_plu,vfm_cantidad,vfm_unitario,vfm_total,vfm_entregado) VALUES (9225,765054,2,990,1980,@@@NO@@@)','',2,'2013-08-24'),(56714,'INSERT INTO gne_vale_ferreteria (vfe_id,vfe_fecha,vfe_total,vfe_estado,vfe_entregado,usu_nusuario) VALUES (9226,@@@2013.08.24@@@,590,1,0,@@@M_SANDOVAL@@@)','',2,'2013-08-24'),(56715,'INSERT INTO gne_vale_ferreteria_mov (vfe_id,pro_codigo_plu,vfm_cantidad,vfm_unitario,vfm_total,vfm_entregado) VALUES (9226,780721516,1,590,590,@@@NO@@@)','',2,'2013-08-24'),(56716,'UPDATE mae_productos SET pro_precio_compra_bruto=695,pro_margen_actual=(pro_precio_venta-695)/695 * 100,pro_ultima_compra=@@@2013.08.24@@@,pro_ultimo_proveedor=@@@78752470-2@@@ WHERE pro_codigo_plu=15676','',2,'2013-08-24'),(56717,'UPDATE mae_productos SET pro_precio_compra_bruto=1512.667,pro_margen_actual=(pro_precio_venta-1512.667)/1512.667 * 100,pro_ultima_compra=@@@2013.08.24@@@,pro_ultimo_proveedor=@@@78752470-2@@@ WHERE pro_codigo_plu=17905','',2,'2013-08-24'),(56718,'INSERT INTO gne_vale_ferreteria (vfe_id,vfe_fecha,vfe_total,vfe_estado,vfe_entregado,usu_nusuario) VALUES (9227,@@@2013.08.24@@@,1000,1,0,@@@M_SANDOVAL@@@)','',2,'2013-08-24'),(56719,'INSERT INTO gne_vale_ferreteria_mov (vfe_id,pro_codigo_plu,vfm_cantidad,vfm_unitario,vfm_total,vfm_entregado) VALUES (9227,6007,2,500,1000,@@@NO@@@)','',2,'2013-08-24'),(56720,'INSERT INTO gne_vale_ferreteria (vfe_id,vfe_fecha,vfe_total,vfe_estado,vfe_entregado,usu_nusuario) VALUES (9228,@@@2013.08.24@@@,13950,1,0,@@@M_SANDOVAL@@@)','',2,'2013-08-24'),(56721,'INSERT INTO gne_vale_ferreteria_mov (vfe_id,pro_codigo_plu,vfm_cantidad,vfm_unitario,vfm_total,vfm_entregado) VALUES (9228,262263,1,2390,2390,@@@NO@@@)','',2,'2013-08-24'),(56722,'INSERT INTO gne_vale_ferreteria_mov (vfe_id,pro_codigo_plu,vfm_cantidad,vfm_unitario,vfm_total,vfm_entregado) VALUES (9228,10179,1,2590,2590,@@@NO@@@)','',2,'2013-08-24'),(56723,'INSERT INTO gne_vale_ferreteria_mov (vfe_id,pro_codigo_plu,vfm_cantidad,vfm_unitario,vfm_total,vfm_entregado) VALUES (9228,763889,1,1480,1480,@@@NO@@@)','',2,'2013-08-24'),(56724,'INSERT INTO gne_vale_ferreteria_mov (vfe_id,pro_codigo_plu,vfm_cantidad,vfm_unitario,vfm_total,vfm_entregado) VALUES (9228,780721177,1,2390,2390,@@@NO@@@)','',2,'2013-08-24'),(56725,'INSERT INTO gne_vale_ferreteria_mov (vfe_id,pro_codigo_plu,vfm_cantidad,vfm_unitario,vfm_total,vfm_entregado) VALUES (9228,78016968,1,5100,5100,@@@NO@@@)','',2,'2013-08-24'),(56726,'UPDATE mae_productos SET pro_precio_compra_bruto=892.5,pro_margen_actual=(pro_precio_venta-892.5)/892.5 * 100,pro_ultima_compra=@@@2013.08.24@@@,pro_ultimo_proveedor=@@@76218060-K@@@ WHERE pro_codigo_plu=10743','',2,'2013-08-24'),(56727,'UPDATE mae_productos SET pro_precio_compra_bruto=537.88,pro_margen_actual=(pro_precio_venta-537.88)/537.88 * 100,pro_ultima_compra=@@@2013.08.24@@@,pro_ultimo_proveedor=@@@76218060-K@@@ WHERE pro_codigo_plu=10744','',2,'2013-08-24'),(56728,'UPDATE mae_productos SET pro_precio_compra_bruto=686.63,pro_margen_actual=(pro_precio_venta-686.63)/686.63 * 100,pro_ultima_compra=@@@2013.08.24@@@,pro_ultimo_proveedor=@@@76218060-K@@@ WHERE pro_codigo_plu=102563','',2,'2013-08-24'),(56729,'UPDATE mae_productos SET pro_precio_compra_bruto=749.7,pro_margen_actual=(pro_precio_venta-749.7)/749.7 * 100,pro_ultima_compra=@@@2013.08.24@@@,pro_ultimo_proveedor=@@@76218060-K@@@ WHERE pro_codigo_plu=763274','',2,'2013-08-24'),(56730,'UPDATE mae_productos SET pro_precio_compra_bruto=2230,pro_margen_actual=(pro_precio_venta-2230)/2230 * 100,pro_ultima_compra=@@@2013.08.24@@@,pro_ultimo_proveedor=@@@76218060-K@@@ WHERE pro_codigo_plu=763455','',2,'2013-08-24'),(56731,'UPDATE mae_productos SET pro_precio_compra_bruto=664.02,pro_margen_actual=(pro_precio_venta-664.02)/664.02 * 100,pro_ultima_compra=@@@2013.08.24@@@,pro_ultimo_proveedor=@@@76218060-K@@@ WHERE pro_codigo_plu=13971','',2,'2013-08-24'),(56732,'UPDATE mae_productos SET pro_precio_compra_bruto=664.02,pro_margen_actual=(pro_precio_venta-664.02)/664.02 * 100,pro_ultima_compra=@@@2013.08.24@@@,pro_ultimo_proveedor=@@@76218060-K@@@ WHERE pro_codigo_plu=13976','',2,'2013-08-24'),(56733,'UPDATE mae_productos SET pro_precio_compra_bruto=964,pro_margen_actual=(pro_precio_venta-964)/964 * 100,pro_ultima_compra=@@@2013.08.24@@@,pro_ultimo_proveedor=@@@76218060-K@@@ WHERE pro_codigo_plu=13989','',2,'2013-08-24'),(56734,'UPDATE mae_productos SET pro_precio_compra_bruto=964,pro_margen_actual=(pro_precio_venta-964)/964 * 100,pro_ultima_compra=@@@2013.08.24@@@,pro_ultimo_proveedor=@@@76218060-K@@@ WHERE pro_codigo_plu=13988','',2,'2013-08-24'),(56735,'UPDATE mae_productos SET pro_precio_compra_bruto=4130.49,pro_margen_actual=(pro_precio_venta-4130.49)/4130.49 * 100,pro_ultima_compra=@@@2013.08.24@@@,pro_ultimo_proveedor=@@@76218060-K@@@ WHERE pro_codigo_plu=763453','',2,'2013-08-24'),(56736,'UPDATE mae_productos SET pro_precio_compra_bruto=277.092,pro_margen_actual=(pro_precio_venta-277.092)/277.092 * 100,pro_ultima_compra=@@@2013.08.24@@@,pro_ultimo_proveedor=@@@76218060-K@@@ WHERE pro_codigo_plu=10654','',2,'2013-08-24'),(56737,'UPDATE mae_productos SET pro_precio_compra_bruto=1285.2,pro_margen_actual=(pro_precio_venta-1285.2)/1285.2 * 100,pro_ultima_compra=@@@2013.08.24@@@,pro_ultimo_proveedor=@@@76218060-K@@@ WHERE pro_codigo_plu=13901','',2,'2013-08-24'),(56738,'UPDATE mae_productos SET pro_precio_compra_bruto=749.7,pro_margen_actual=(pro_precio_venta-749.7)/749.7 * 100,pro_ultima_compra=@@@2013.08.24@@@,pro_ultimo_proveedor=@@@76218060-K@@@ WHERE pro_codigo_plu=763318','',2,'2013-08-24'),(56739,'UPDATE mae_productos SET pro_precio_compra_bruto=133.528,pro_margen_actual=(pro_precio_venta-133.528)/133.528 * 100,pro_ultima_compra=@@@2013.08.24@@@,pro_ultimo_proveedor=@@@76218060-K@@@ WHERE pro_codigo_plu=78017088','',2,'2013-08-24'),(56740,'UPDATE mae_productos SET pro_precio_compra_bruto=141.461,pro_margen_actual=(pro_precio_venta-141.461)/141.461 * 100,pro_ultima_compra=@@@2013.08.24@@@,pro_ultimo_proveedor=@@@76218060-K@@@ WHERE pro_codigo_plu=262062','',2,'2013-08-24'),(56741,'UPDATE mae_productos SET pro_precio_compra_bruto=437.404,pro_margen_actual=(pro_precio_venta-437.404)/437.404 * 100,pro_ultima_compra=@@@2013.08.24@@@,pro_ultimo_proveedor=@@@76218060-K@@@ WHERE pro_codigo_plu=11951','',2,'2013-08-24'),(56742,'UPDATE mae_productos SET pro_precio_compra_bruto=437.404,pro_margen_actual=(pro_precio_venta-437.404)/437.404 * 100,pro_ultima_compra=@@@2013.08.24@@@,pro_ultimo_proveedor=@@@76218060-K@@@ WHERE pro_codigo_plu=11944','',2,'2013-08-24'),(56743,'UPDATE mae_productos SET pro_precio_compra_bruto=1473.202,pro_margen_actual=(pro_precio_venta-1473.202)/1473.202 * 100,pro_ultima_compra=@@@2013.08.24@@@,pro_ultimo_proveedor=@@@76218060-K@@@ WHERE pro_codigo_plu=19222','',2,'2013-08-24'),(56744,'UPDATE mae_productos SET pro_precio_compra_bruto=546.755,pro_margen_actual=(pro_precio_venta-546.755)/546.755 * 100,pro_ultima_compra=@@@2013.08.24@@@,pro_ultimo_proveedor=@@@76218060-K@@@ WHERE pro_codigo_plu=11937','',2,'2013-08-24'),(56745,'UPDATE mae_productos SET pro_precio_compra_bruto=546.755,pro_margen_actual=(pro_precio_venta-546.755)/546.755 * 100,pro_ultima_compra=@@@2013.08.24@@@,pro_ultimo_proveedor=@@@76218060-K@@@ WHERE pro_codigo_plu=11932','',2,'2013-08-24'),(56746,'UPDATE mae_productos SET pro_precio_compra_bruto=101.15,pro_margen_actual=(pro_precio_venta-101.15)/101.15 * 100,pro_ultima_compra=@@@2013.08.24@@@,pro_ultimo_proveedor=@@@76218060-K@@@ WHERE pro_codigo_plu=100996','',2,'2013-08-24'),(56747,'UPDATE mae_productos SET pro_precio_compra_bruto=142.998,pro_margen_actual=(pro_precio_venta-142.998)/142.998 * 100,pro_ultima_compra=@@@2013.08.24@@@,pro_ultimo_proveedor=@@@76218060-K@@@ WHERE pro_codigo_plu=780721259','',2,'2013-08-24'),(56748,'INSERT INTO gne_vale_ferreteria (vfe_id,vfe_fecha,vfe_total,vfe_estado,vfe_entregado,usu_nusuario) VALUES (9229,@@@2013.08.24@@@,850,1,0,@@@M_SANDOVAL@@@)','',2,'2013-08-24'),(56749,'INSERT INTO gne_vale_ferreteria_mov (vfe_id,pro_codigo_plu,vfm_cantidad,vfm_unitario,vfm_total,vfm_entregado) VALUES (9229,763624,1,750,750,@@@NO@@@)','',2,'2013-08-24'),(56750,'INSERT INTO gne_vale_ferreteria_mov (vfe_id,pro_codigo_plu,vfm_cantidad,vfm_unitario,vfm_total,vfm_entregado) VALUES (9229,764833,10,10,100,@@@NO@@@)','',2,'2013-08-24'),(56751,'INSERT INTO gne_vale_ferreteria (vfe_id,vfe_fecha,vfe_total,vfe_estado,vfe_entregado,usu_nusuario) VALUES (9230,@@@2013.08.24@@@,990,1,0,@@@M_SANDOVAL@@@)','',2,'2013-08-24'),(56752,'INSERT INTO gne_vale_ferreteria_mov (vfe_id,pro_codigo_plu,vfm_cantidad,vfm_unitario,vfm_total,vfm_entregado) VALUES (9230,764043,1,990,990,@@@NO@@@)','',2,'2013-08-24'),(56753,'INSERT INTO gne_vale_ferreteria (vfe_id,vfe_fecha,vfe_total,vfe_estado,vfe_entregado,usu_nusuario) VALUES (9231,@@@2013.08.24@@@,620,1,0,@@@M_SANDOVAL@@@)','',2,'2013-08-24'),(56754,'INSERT INTO gne_vale_ferreteria_mov (vfe_id,pro_codigo_plu,vfm_cantidad,vfm_unitario,vfm_total,vfm_entregado) VALUES (9231,11378,1,620,620,@@@NO@@@)','',2,'2013-08-24'),(56755,'INSERT INTO gne_vale_ferreteria (vfe_id,vfe_fecha,vfe_total,vfe_estado,vfe_entregado,usu_nusuario) VALUES (9232,@@@2013.08.24@@@,140,1,0,@@@M_SANDOVAL@@@)','',2,'2013-08-24'),(56756,'INSERT INTO gne_vale_ferreteria_mov (vfe_id,pro_codigo_plu,vfm_cantidad,vfm_unitario,vfm_total,vfm_entregado) VALUES (9232,764364,1,140,140,@@@NO@@@)','',2,'2013-08-24'),(56757,'UPDATE mae_productos SET pro_codigo_barra=@@@308@@@,pro_tipo=@@@0@@@,pro_nombre_producto=@@@QUESO CABEZA@@@,pro_nombre_corto=@@@QUESO CABEZA@@@,med_id=@@@1@@@,emb_id=@@@1@@@,pro_unidades_embalaje=@@@1@@@,dep_id=@@@12 @@@,lin_id=@@@74@@@,mar_id=@@@2507@@@,pro_precio_compra_neto=@@@1974.79@@@,pro_precio_compra_bruto=@@@2352.5@@@,pro_precio_venta=@@@3590@@@,pro_margen_actual=@@@52.6@@@,pro_oferta=@@@NO@@@,pro_fecha_inicio_oferta=@@@1900.01.01@@@,pro_fecha_termino_oferta=@@@1900.01.01@@@,pro_precio_oferta=@@@0@@@,pro_stock_minimo=@@@5@@@,pro_stock_critico=@@@3@@@,pro_activo=@@@1@@@,pro_unidad=@@@1@@@,pro_precio_compra_bruto=2352.5,pro_margen_actual=52.6,pro_capacidad=1,pro_funcion_plu=1,pro_flejes=0,pro_iva=1,pro_plu_asociado=0,pro_envase=@@@NO@@@,pro_duracion=0,pro_numero_etiqueta=1 WHERE pro_codigo_plu=@@@308@@@','',2,'2013-08-24'),(56758,'UPDATE mae_productos SET pro_estado=1 WHERE pro_codigo_plu=308','',2,'2013-08-24'),(56759,'DELETE FROM mae_impuestos_productos WHERE pro_codigo_plu=@@@308@@@','',2,'2013-08-24'),(56760,'UPDATE mae_productos SET pro_precio_compra_bruto=1535.1,pro_margen_actual=(pro_precio_venta-1535.1)/1535.1 * 100,pro_ultima_compra=@@@2013.08.24@@@,pro_ultimo_proveedor=@@@77847960-5@@@ WHERE pro_codigo_plu=215','',2,'2013-08-24'),(56761,'UPDATE mae_productos SET pro_precio_compra_bruto=2344.3,pro_margen_actual=(pro_precio_venta-2344.3)/2344.3 * 100,pro_ultima_compra=@@@2013.08.24@@@,pro_ultimo_proveedor=@@@77847960-5@@@ WHERE pro_codigo_plu=308','',2,'2013-08-24'),(56762,'INSERT INTO gne_vale_ferreteria (vfe_id,vfe_fecha,vfe_total,vfe_estado,vfe_entregado,usu_nusuario) VALUES (9233,@@@2013.08.24@@@,20,1,0,@@@M_SANDOVAL@@@)','',2,'2013-08-24'),(56763,'INSERT INTO gne_vale_ferreteria_mov (vfe_id,pro_codigo_plu,vfm_cantidad,vfm_unitario,vfm_total,vfm_entregado) VALUES (9233,78016966,1,20,20,@@@NO@@@)','',2,'2013-08-24'),(56764,'INSERT INTO gne_vale_ferreteria (vfe_id,vfe_fecha,vfe_total,vfe_estado,vfe_entregado,usu_nusuario) VALUES (9234,@@@2013.08.24@@@,300,1,0,@@@M_SANDOVAL@@@)','',2,'2013-08-24'),(56765,'INSERT INTO gne_vale_ferreteria_mov (vfe_id,pro_codigo_plu,vfm_cantidad,vfm_unitario,vfm_total,vfm_entregado) VALUES (9234,764015,1,300,300,@@@NO@@@)','',2,'2013-08-24'),(56766,'UPDATE mae_productos SET pro_precio_compra_bruto=653.31,pro_margen_actual=(pro_precio_venta-653.31)/653.31 * 100,pro_ultima_compra=@@@2013.08.24@@@,pro_ultimo_proveedor=@@@90703000-8@@@ WHERE pro_codigo_plu=15990','',2,'2013-08-24'),(56767,'UPDATE mae_productos SET pro_precio_compra_bruto=330.82,pro_margen_actual=(pro_precio_venta-330.82)/330.82 * 100,pro_ultima_compra=@@@2013.08.24@@@,pro_ultimo_proveedor=@@@90703000-8@@@ WHERE pro_codigo_plu=17011','',2,'2013-08-24'),(56768,'UPDATE mae_productos SET pro_precio_compra_bruto=117.612,pro_margen_actual=(pro_precio_venta-117.612)/117.612 * 100,pro_ultima_compra=@@@2013.08.24@@@,pro_ultimo_proveedor=@@@90703000-8@@@ WHERE pro_codigo_plu=16698','',2,'2013-08-24'),(56769,'UPDATE mae_productos SET pro_precio_compra_bruto=376.04,pro_margen_actual=(pro_precio_venta-376.04)/376.04 * 100,pro_ultima_compra=@@@2013.08.24@@@,pro_ultimo_proveedor=@@@90703000-8@@@ WHERE pro_codigo_plu=17069','',2,'2013-08-24'),(56770,'UPDATE mae_productos SET pro_precio_compra_bruto=376.04,pro_margen_actual=(pro_precio_venta-376.04)/376.04 * 100,pro_ultima_compra=@@@2013.08.24@@@,pro_ultimo_proveedor=@@@90703000-8@@@ WHERE pro_codigo_plu=17068','',2,'2013-08-24'),(56771,'UPDATE mae_productos SET pro_precio_compra_bruto=160.948,pro_margen_actual=(pro_precio_venta-160.948)/160.948 * 100,pro_ultima_compra=@@@2013.08.24@@@,pro_ultimo_proveedor=@@@90703000-8@@@ WHERE pro_codigo_plu=1453','',2,'2013-08-24'),(56772,'UPDATE mae_productos SET pro_precio_compra_bruto=160.948,pro_margen_actual=(pro_precio_venta-160.948)/160.948 * 100,pro_ultima_compra=@@@2013.08.24@@@,pro_ultimo_proveedor=@@@90703000-8@@@ WHERE pro_codigo_plu=16923','',2,'2013-08-24'),(56773,'UPDATE mae_productos SET pro_precio_compra_bruto=151.13,pro_margen_actual=(pro_precio_venta-151.13)/151.13 * 100,pro_ultima_compra=@@@2013.08.24@@@,pro_ultimo_proveedor=@@@90703000-8@@@ WHERE pro_codigo_plu=12141','',2,'2013-08-24'),(56774,'UPDATE mae_productos SET pro_precio_compra_bruto=314.755,pro_margen_actual=(pro_precio_venta-314.755)/314.755 * 100,pro_ultima_compra=@@@2013.08.24@@@,pro_ultimo_proveedor=@@@90703000-8@@@ WHERE pro_codigo_plu=762720','',2,'2013-08-24'),(56775,'UPDATE mae_productos SET pro_precio_compra_bruto=314.755,pro_margen_actual=(pro_precio_venta-314.755)/314.755 * 100,pro_ultima_compra=@@@2013.08.24@@@,pro_ultimo_proveedor=@@@90703000-8@@@ WHERE pro_codigo_plu=780220178','',2,'2013-08-24'),(56776,'UPDATE mae_productos SET pro_precio_compra_bruto=245.14,pro_margen_actual=(pro_precio_venta-245.14)/245.14 * 100,pro_ultima_compra=@@@2013.08.24@@@,pro_ultimo_proveedor=@@@90703000-8@@@ WHERE pro_codigo_plu=780721183','',2,'2013-08-24'),(56777,'UPDATE mae_productos SET pro_precio_compra_bruto=246.925,pro_margen_actual=(pro_precio_venta-246.925)/246.925 * 100,pro_ultima_compra=@@@2013.08.24@@@,pro_ultimo_proveedor=@@@90703000-8@@@ WHERE pro_codigo_plu=19111','',2,'2013-08-24'),(56778,'UPDATE mae_productos SET pro_precio_compra_bruto=246.925,pro_margen_actual=(pro_precio_venta-246.925)/246.925 * 100,pro_ultima_compra=@@@2013.08.24@@@,pro_ultimo_proveedor=@@@90703000-8@@@ WHERE pro_codigo_plu=17056','',2,'2013-08-24'),(56779,'UPDATE mae_productos SET pro_precio_compra_bruto=365.687,pro_margen_actual=(pro_precio_venta-365.687)/365.687 * 100,pro_ultima_compra=@@@2013.08.24@@@,pro_ultimo_proveedor=@@@90703000-8@@@ WHERE pro_codigo_plu=16691','',2,'2013-08-24'),(56780,'UPDATE mae_productos SET pro_precio_compra_bruto=229.67,pro_margen_actual=(pro_precio_venta-229.67)/229.67 * 100,pro_ultima_compra=@@@2013.08.24@@@,pro_ultimo_proveedor=@@@90703000-8@@@ WHERE pro_codigo_plu=17037','',2,'2013-08-24'),(56781,'UPDATE mae_productos SET pro_precio_compra_bruto=117.612,pro_margen_actual=(pro_precio_venta-117.612)/117.612 * 100,pro_ultima_compra=@@@2013.08.24@@@,pro_ultimo_proveedor=@@@90703000-8@@@ WHERE pro_codigo_plu=16697','',2,'2013-08-24'),(56782,'UPDATE mae_productos SET pro_precio_compra_bruto=380,pro_margen_actual=(pro_precio_venta-380)/380 * 100,pro_ultima_compra=@@@2013.08.24@@@,pro_ultimo_proveedor=@@@77824600-7@@@ WHERE pro_codigo_plu=572','',2,'2013-08-24'),(56783,'INSERT INTO gne_vale_ferreteria (vfe_id,vfe_fecha,vfe_total,vfe_estado,vfe_entregado,usu_nusuario) VALUES (9235,@@@2013.08.24@@@,290,1,0,@@@M_SANDOVAL@@@)','',2,'2013-08-24'),(56784,'INSERT INTO gne_vale_ferreteria_mov (vfe_id,pro_codigo_plu,vfm_cantidad,vfm_unitario,vfm_total,vfm_entregado) VALUES (9235,780721468,1,290,290,@@@NO@@@)','',2,'2013-08-24'),(56785,'UPDATE mae_productos SET pro_precio_compra_bruto=1136.45,pro_margen_actual=(pro_precio_venta-1136.45)/1136.45 * 100,pro_ultima_compra=@@@2013.08.24@@@,pro_ultimo_proveedor=@@@79662080-3@@@ WHERE pro_codigo_plu=104','',2,'2013-08-24'),(56786,'UPDATE mae_productos SET pro_precio_compra_bruto=1600.55,pro_margen_actual=(pro_precio_venta-1600.55)/1600.55 * 100,pro_ultima_compra=@@@2013.08.24@@@,pro_ultimo_proveedor=@@@79662080-3@@@ WHERE pro_codigo_plu=126','',2,'2013-08-24'),(56787,'UPDATE mae_productos SET pro_precio_compra_bruto=1398.25,pro_margen_actual=(pro_precio_venta-1398.25)/1398.25 * 100,pro_ultima_compra=@@@2013.08.24@@@,pro_ultimo_proveedor=@@@79662080-3@@@ WHERE pro_codigo_plu=115','',2,'2013-08-24'),(56788,'UPDATE mae_productos SET pro_precio_compra_bruto=1800,pro_margen_actual=(pro_precio_venta-1800)/1800 * 100,pro_ultima_compra=@@@2013.08.24@@@,pro_ultimo_proveedor=@@@14094193-k@@@ WHERE pro_codigo_plu=209','',2,'2013-08-24'),(56789,'UPDATE mae_productos SET pro_precio_compra_bruto=1600,pro_margen_actual=(pro_precio_venta-1600)/1600 * 100,pro_ultima_compra=@@@2013.08.24@@@,pro_ultimo_proveedor=@@@14094193-k@@@ WHERE pro_codigo_plu=306','',2,'2013-08-24'),(56790,'UPDATE mae_productos SET pro_precio_compra_bruto=1219.751,pro_margen_actual=(pro_precio_venta-1219.751)/1219.751 * 100,pro_ultima_compra=@@@2013.08.24@@@,pro_ultimo_proveedor=@@@83614800-2@@@ WHERE pro_codigo_plu=106','',2,'2013-08-24'),(56791,'INSERT INTO gne_vale_ferreteria (vfe_id,vfe_fecha,vfe_total,vfe_estado,vfe_entregado,usu_nusuario) VALUES (9236,@@@2013.08.24@@@,120,1,0,@@@M_SANDOVAL@@@)','',2,'2013-08-24'),(56792,'INSERT INTO gne_vale_ferreteria_mov (vfe_id,pro_codigo_plu,vfm_cantidad,vfm_unitario,vfm_total,vfm_entregado) VALUES (9236,761334,1,120,120,@@@NO@@@)','',2,'2013-08-24'),(56793,'UPDATE mae_productos SET pro_precio_compra_bruto=2261.199,pro_margen_actual=(pro_precio_venta-2261.199)/2261.199 * 100,pro_ultima_compra=@@@2013.08.24@@@,pro_ultimo_proveedor=@@@80186300-0@@@ WHERE pro_codigo_plu=357','',2,'2013-08-24'),(56794,'UPDATE mae_productos SET pro_precio_compra_bruto=595,pro_margen_actual=(pro_precio_venta-595)/595 * 100,pro_ultima_compra=@@@2013.08.24@@@,pro_ultimo_proveedor=@@@80186300-0@@@ WHERE pro_codigo_plu=763456','',2,'2013-08-24'),(56795,'UPDATE mae_productos SET pro_precio_compra_bruto=3331.924,pro_margen_actual=(pro_precio_venta-3331.924)/3331.924 * 100,pro_ultima_compra=@@@2013.08.24@@@,pro_ultimo_proveedor=@@@80186300-0@@@ WHERE pro_codigo_plu=312','',2,'2013-08-24'),(56796,'UPDATE mae_productos SET pro_precio_compra_bruto=3332.007,pro_margen_actual=(pro_precio_venta-3332.007)/3332.007 * 100,pro_ultima_compra=@@@2013.08.24@@@,pro_ultimo_proveedor=@@@80186300-0@@@ WHERE pro_codigo_plu=313','',2,'2013-08-24'),(56797,'UPDATE mae_productos SET pro_precio_compra_bruto=191.888,pro_margen_actual=(pro_precio_venta-191.888)/191.888 * 100,pro_ultima_compra=@@@2013.08.24@@@,pro_ultimo_proveedor=@@@80186300-0@@@ WHERE pro_codigo_plu=262530','',2,'2013-08-24'),(56798,'UPDATE mae_productos SET pro_precio_compra_bruto=1844.417,pro_margen_actual=(pro_precio_venta-1844.417)/1844.417 * 100,pro_ultima_compra=@@@2013.08.24@@@,pro_ultimo_proveedor=@@@80186300-0@@@ WHERE pro_codigo_plu=320','',2,'2013-08-24'),(56799,'UPDATE mae_productos SET pro_precio_compra_bruto=191.88,pro_margen_actual=(pro_precio_venta-191.88)/191.88 * 100,pro_ultima_compra=@@@2013.08.24@@@,pro_ultimo_proveedor=@@@80186300-0@@@ WHERE pro_codigo_plu=762638','',2,'2013-08-24'),(56800,'UPDATE mae_productos SET pro_precio_compra_bruto=499.8,pro_margen_actual=(pro_precio_venta-499.8)/499.8 * 100,pro_ultima_compra=@@@2013.08.24@@@,pro_ultimo_proveedor=@@@82623500-4@@@ WHERE pro_codigo_plu=14229','',2,'2013-08-24'),(56801,'UPDATE mae_productos SET pro_precio_compra_bruto=2023,pro_margen_actual=(pro_precio_venta-2023)/2023 * 100,pro_ultima_compra=@@@2013.08.24@@@,pro_ultimo_proveedor=@@@82623500-4@@@ WHERE pro_codigo_plu=780721593','',2,'2013-08-24'),(56802,'UPDATE mae_productos SET pro_precio_compra_bruto=1235.22,pro_margen_actual=(pro_precio_venta-1235.22)/1235.22 * 100,pro_ultima_compra=@@@2013.08.24@@@,pro_ultimo_proveedor=@@@94528000-K@@@ WHERE pro_codigo_plu=102655','',2,'2013-08-24'),(56803,'UPDATE mae_productos SET pro_precio_compra_bruto=402,pro_margen_actual=(pro_precio_venta-402)/402 * 100,pro_ultima_compra=@@@2013.08.24@@@,pro_ultimo_proveedor=@@@94528000-K@@@ WHERE pro_codigo_plu=764356','',2,'2013-08-24'),(56804,'UPDATE mae_productos SET pro_precio_compra_bruto=154.006,pro_margen_actual=(pro_precio_venta-154.006)/154.006 * 100,pro_ultima_compra=@@@2013.08.24@@@,pro_ultimo_proveedor=@@@81094100-6@@@ WHERE pro_codigo_plu=16806','',2,'2013-08-24'),(56805,'UPDATE mae_productos SET pro_precio_compra_bruto=220.943,pro_margen_actual=(pro_precio_venta-220.943)/220.943 * 100,pro_ultima_compra=@@@2013.08.24@@@,pro_ultimo_proveedor=@@@81094100-6@@@ WHERE pro_codigo_plu=16815','',2,'2013-08-24'),(56806,'UPDATE mae_productos SET pro_precio_compra_bruto=149.94,pro_margen_actual=(pro_precio_venta-149.94)/149.94 * 100,pro_ultima_compra=@@@2013.08.24@@@,pro_ultimo_proveedor=@@@81094100-6@@@ WHERE pro_codigo_plu=763625','',2,'2013-08-24'),(56807,'UPDATE mae_productos SET pro_precio_compra_bruto=149.94,pro_margen_actual=(pro_precio_venta-149.94)/149.94 * 100,pro_ultima_compra=@@@2013.08.24@@@,pro_ultimo_proveedor=@@@81094100-6@@@ WHERE pro_codigo_plu=764562','',2,'2013-08-24'),(56808,'UPDATE mae_productos SET pro_precio_compra_bruto=138.04,pro_margen_actual=(pro_precio_venta-138.04)/138.04 * 100,pro_ultima_compra=@@@2013.08.24@@@,pro_ultimo_proveedor=@@@81094100-6@@@ WHERE pro_codigo_plu=102537','',2,'2013-08-24'),(56809,'UPDATE mae_productos SET pro_precio_compra_bruto=138.04,pro_margen_actual=(pro_precio_venta-138.04)/138.04 * 100,pro_ultima_compra=@@@2013.08.24@@@,pro_ultimo_proveedor=@@@81094100-6@@@ WHERE pro_codigo_plu=102536','',2,'2013-08-24'),(56810,'UPDATE mae_productos SET pro_precio_compra_bruto=809.2,pro_margen_actual=(pro_precio_venta-809.2)/809.2 * 100,pro_ultima_compra=@@@2013.08.24@@@,pro_ultimo_proveedor=@@@81094100-6@@@ WHERE pro_codigo_plu=16640','',2,'2013-08-24'),(56811,'UPDATE mae_productos SET pro_precio_compra_bruto=809.2,pro_margen_actual=(pro_precio_venta-809.2)/809.2 * 100,pro_ultima_compra=@@@2013.08.24@@@,pro_ultimo_proveedor=@@@81094100-6@@@ WHERE pro_codigo_plu=16639','',2,'2013-08-24'),(56812,'UPDATE mae_productos SET pro_precio_compra_bruto=809.2,pro_margen_actual=(pro_precio_venta-809.2)/809.2 * 100,pro_ultima_compra=@@@2013.08.24@@@,pro_ultimo_proveedor=@@@81094100-6@@@ WHERE pro_codigo_plu=16635','',2,'2013-08-24'),(56813,'UPDATE mae_productos SET pro_precio_compra_bruto=171.063,pro_margen_actual=(pro_precio_venta-171.063)/171.063 * 100,pro_ultima_compra=@@@2013.08.24@@@,pro_ultimo_proveedor=@@@81094100-6@@@ WHERE pro_codigo_plu=763634','',2,'2013-08-24'),(56814,'UPDATE mae_productos SET pro_precio_compra_bruto=713.108,pro_margen_actual=(pro_precio_venta-713.108)/713.108 * 100,pro_ultima_compra=@@@2013.08.24@@@,pro_ultimo_proveedor=@@@81094100-6@@@ WHERE pro_codigo_plu=16080','',2,'2013-08-24'),(56815,'UPDATE mae_productos SET pro_precio_compra_bruto=558.374,pro_margen_actual=(pro_precio_venta-558.374)/558.374 * 100,pro_ultima_compra=@@@2013.08.24@@@,pro_ultimo_proveedor=@@@81094100-6@@@ WHERE pro_codigo_plu=16002','',2,'2013-08-24'),(56816,'UPDATE mae_productos SET pro_precio_compra_bruto=541.913,pro_margen_actual=(pro_precio_venta-541.913)/541.913 * 100,pro_ultima_compra=@@@2013.08.24@@@,pro_ultimo_proveedor=@@@81094100-6@@@ WHERE pro_codigo_plu=16011','',2,'2013-08-24'),(56817,'UPDATE mae_productos SET pro_precio_compra_bruto=1464.097,pro_margen_actual=(pro_precio_venta-1464.097)/1464.097 * 100,pro_ultima_compra=@@@2013.08.24@@@,pro_ultimo_proveedor=@@@81094100-6@@@ WHERE pro_codigo_plu=16405','',2,'2013-08-24'),(56818,'UPDATE mae_productos SET pro_precio_compra_bruto=4319.065,pro_margen_actual=(pro_precio_venta-4319.065)/4319.065 * 100,pro_ultima_compra=@@@2013.08.24@@@,pro_ultimo_proveedor=@@@81094100-6@@@ WHERE pro_codigo_plu=400','',2,'2013-08-24'),(56819,'INSERT INTO gne_vale_ferreteria (vfe_id,vfe_fecha,vfe_total,vfe_estado,vfe_entregado,usu_nusuario) VALUES (9237,@@@2013.08.24@@@,499,1,0,@@@M_SANDOVAL@@@)','',2,'2013-08-24'),(56820,'INSERT INTO gne_vale_ferreteria_mov (vfe_id,pro_codigo_plu,vfm_cantidad,vfm_unitario,vfm_total,vfm_entregado) VALUES (9237,764285,1,499,499,@@@NO@@@)','',2,'2013-08-24'),(56821,'INSERT INTO gne_vale_ferreteria (vfe_id,vfe_fecha,vfe_total,vfe_estado,vfe_entregado,usu_nusuario) VALUES (9238,@@@2013.08.25@@@,150,1,0,@@@b_SAEZ@@@)','',2,'2013-08-25'),(56822,'INSERT INTO gne_vale_ferreteria_mov (vfe_id,pro_codigo_plu,vfm_cantidad,vfm_unitario,vfm_total,vfm_entregado) VALUES (9238,764833,15,10,150,@@@NO@@@)','',2,'2013-08-25'),(56823,'INSERT INTO gne_vale_ferreteria (vfe_id,vfe_fecha,vfe_total,vfe_estado,vfe_entregado,usu_nusuario) VALUES (9239,@@@2013.08.25@@@,150,1,0,@@@b_SAEZ@@@)','',2,'2013-08-25'),(56824,'INSERT INTO gne_vale_ferreteria_mov (vfe_id,pro_codigo_plu,vfm_cantidad,vfm_unitario,vfm_total,vfm_entregado) VALUES (9239,9900006,1,150,150,@@@NO@@@)','',2,'2013-08-25'),(56825,'INSERT INTO gne_vale_ferreteria (vfe_id,vfe_fecha,vfe_total,vfe_estado,vfe_entregado,usu_nusuario) VALUES (9240,@@@2013.08.25@@@,300,1,0,@@@b_SAEZ@@@)','',2,'2013-08-25'),(56826,'INSERT INTO gne_vale_ferreteria_mov (vfe_id,pro_codigo_plu,vfm_cantidad,vfm_unitario,vfm_total,vfm_entregado) VALUES (9240,764580,2,150,300,@@@NO@@@)','',2,'2013-08-25'),(56827,'INSERT INTO gne_vale_ferreteria (vfe_id,vfe_fecha,vfe_total,vfe_estado,vfe_entregado,usu_nusuario) VALUES (9241,@@@2013.08.25@@@,1060,1,0,@@@b_SAEZ@@@)','',2,'2013-08-25'),(56828,'INSERT INTO gne_vale_ferreteria_mov (vfe_id,pro_codigo_plu,vfm_cantidad,vfm_unitario,vfm_total,vfm_entregado) VALUES (9241,101677,2,530,1060,@@@NO@@@)','',2,'2013-08-25'),(56829,'INSERT INTO gne_vale_ferreteria (vfe_id,vfe_fecha,vfe_total,vfe_estado,vfe_entregado,usu_nusuario) VALUES (9242,@@@2013.08.25@@@,4990,1,0,@@@b_SAEZ@@@)','',2,'2013-08-25'),(56830,'INSERT INTO gne_vale_ferreteria_mov (vfe_id,pro_codigo_plu,vfm_cantidad,vfm_unitario,vfm_total,vfm_entregado) VALUES (9242,780721537,1,4990,4990,@@@NO@@@)','',2,'2013-08-25'),(56831,'INSERT INTO gne_vale_ferreteria (vfe_id,vfe_fecha,vfe_total,vfe_estado,vfe_entregado,usu_nusuario) VALUES (9243,@@@2013.08.25@@@,960,1,0,@@@b_SAEZ@@@)','',2,'2013-08-25'),(56832,'INSERT INTO gne_vale_ferreteria_mov (vfe_id,pro_codigo_plu,vfm_cantidad,vfm_unitario,vfm_total,vfm_entregado) VALUES (9243,15949,2,480,960,@@@NO@@@)','',2,'2013-08-25'),(56833,'INSERT INTO gne_vale_ferreteria (vfe_id,vfe_fecha,vfe_total,vfe_estado,vfe_entregado,usu_nusuario) VALUES (9244,@@@2013.08.25@@@,3150,1,0,@@@b_SAEZ@@@)','',2,'2013-08-25'),(56834,'INSERT INTO gne_vale_ferreteria_mov (vfe_id,pro_codigo_plu,vfm_cantidad,vfm_unitario,vfm_total,vfm_entregado) VALUES (9244,15949,2,480,960,@@@NO@@@)','',2,'2013-08-25'),(56835,'INSERT INTO gne_vale_ferreteria_mov (vfe_id,pro_codigo_plu,vfm_cantidad,vfm_unitario,vfm_total,vfm_entregado) VALUES (9244,20522,1,2190,2190,@@@NO@@@)','',2,'2013-08-25'),(56836,'INSERT INTO gne_vale_ferreteria (vfe_id,vfe_fecha,vfe_total,vfe_estado,vfe_entregado,usu_nusuario) VALUES (9245,@@@2013.08.25@@@,330,1,0,@@@b_SAEZ@@@)','',2,'2013-08-25'),(56837,'INSERT INTO gne_vale_ferreteria_mov (vfe_id,pro_codigo_plu,vfm_cantidad,vfm_unitario,vfm_total,vfm_entregado) VALUES (9245,764778,1,330,330,@@@NO@@@)','',2,'2013-08-25'),(56838,'INSERT INTO gne_vale_ferreteria (vfe_id,vfe_fecha,vfe_total,vfe_estado,vfe_entregado,usu_nusuario) VALUES (9246,@@@2013.08.25@@@,120,1,0,@@@b_SAEZ@@@)','',2,'2013-08-25'),(56839,'INSERT INTO gne_vale_ferreteria_mov (vfe_id,pro_codigo_plu,vfm_cantidad,vfm_unitario,vfm_total,vfm_entregado) VALUES (9246,8022,1,120,120,@@@NO@@@)','',2,'2013-08-25'),(56840,'INSERT INTO gne_vale_ferreteria (vfe_id,vfe_fecha,vfe_total,vfe_estado,vfe_entregado,usu_nusuario) VALUES (9247,@@@2013.08.25@@@,200,1,0,@@@b_SAEZ@@@)','',2,'2013-08-25'),(56841,'INSERT INTO gne_vale_ferreteria_mov (vfe_id,pro_codigo_plu,vfm_cantidad,vfm_unitario,vfm_total,vfm_entregado) VALUES (9247,21135,1,200,200,@@@NO@@@)','',2,'2013-08-25'),(56842,'INSERT INTO gne_vale_ferreteria (vfe_id,vfe_fecha,vfe_total,vfe_estado,vfe_entregado,usu_nusuario) VALUES (9248,@@@2013.08.25@@@,1990,1,0,@@@b_SAEZ@@@)','',2,'2013-08-25'),(56843,'INSERT INTO gne_vale_ferreteria_mov (vfe_id,pro_codigo_plu,vfm_cantidad,vfm_unitario,vfm_total,vfm_entregado) VALUES (9248,780721561,1,1990,1990,@@@NO@@@)','',2,'2013-08-25'),(56844,'INSERT INTO gne_vale_ferreteria (vfe_id,vfe_fecha,vfe_total,vfe_estado,vfe_entregado,usu_nusuario) VALUES (9249,@@@2013.08.25@@@,1550,1,0,@@@b_SAEZ@@@)','',2,'2013-08-25'),(56845,'INSERT INTO gne_vale_ferreteria_mov (vfe_id,pro_codigo_plu,vfm_cantidad,vfm_unitario,vfm_total,vfm_entregado) VALUES (9249,763672,1,1550,1550,@@@NO@@@)','',2,'2013-08-25'),(56846,'INSERT INTO gne_vale_ferreteria (vfe_id,vfe_fecha,vfe_total,vfe_estado,vfe_entregado,usu_nusuario) VALUES (9250,@@@2013.08.25@@@,1100,1,0,@@@b_SAEZ@@@)','',2,'2013-08-25'),(56847,'INSERT INTO gne_vale_ferreteria_mov (vfe_id,pro_codigo_plu,vfm_cantidad,vfm_unitario,vfm_total,vfm_entregado) VALUES (9250,102593,1,1100,1100,@@@NO@@@)','',2,'2013-08-25'),(56848,'INSERT INTO gne_vale_ferreteria (vfe_id,vfe_fecha,vfe_total,vfe_estado,vfe_entregado,usu_nusuario) VALUES (9251,@@@2013.08.25@@@,450,1,0,@@@b_SAEZ@@@)','',2,'2013-08-25'),(56849,'INSERT INTO gne_vale_ferreteria_mov (vfe_id,pro_codigo_plu,vfm_cantidad,vfm_unitario,vfm_total,vfm_entregado) VALUES (9251,78017155,1,450,450,@@@NO@@@)','',2,'2013-08-25'),(56850,'INSERT INTO gne_vale_ferreteria (vfe_id,vfe_fecha,vfe_total,vfe_estado,vfe_entregado,usu_nusuario) VALUES (9252,@@@2013.08.25@@@,500,1,0,@@@b_SAEZ@@@)','',2,'2013-08-25'),(56851,'INSERT INTO gne_vale_ferreteria_mov (vfe_id,pro_codigo_plu,vfm_cantidad,vfm_unitario,vfm_total,vfm_entregado) VALUES (9252,8021,2,150,300,@@@NO@@@)','',2,'2013-08-25'),(56852,'INSERT INTO gne_vale_ferreteria_mov (vfe_id,pro_codigo_plu,vfm_cantidad,vfm_unitario,vfm_total,vfm_entregado) VALUES (9252,21135,1,200,200,@@@NO@@@)','',2,'2013-08-25'),(56853,'INSERT INTO gne_vale_ferreteria (vfe_id,vfe_fecha,vfe_total,vfe_estado,vfe_entregado,usu_nusuario) VALUES (9253,@@@2013.08.25@@@,1680,1,0,@@@b_SAEZ@@@)','',2,'2013-08-25'),(56854,'INSERT INTO gne_vale_ferreteria_mov (vfe_id,pro_codigo_plu,vfm_cantidad,vfm_unitario,vfm_total,vfm_entregado) VALUES (9253,15647,1,1680,1680,@@@NO@@@)','',2,'2013-08-25'),(56855,'INSERT INTO gne_vale_ferreteria (vfe_id,vfe_fecha,vfe_total,vfe_estado,vfe_entregado,usu_nusuario) VALUES (9254,@@@2013.08.25@@@,200,1,0,@@@b_SAEZ@@@)','',2,'2013-08-25'),(56856,'INSERT INTO gne_vale_ferreteria_mov (vfe_id,pro_codigo_plu,vfm_cantidad,vfm_unitario,vfm_total,vfm_entregado) VALUES (9254,770039,1,200,200,@@@NO@@@)','',2,'2013-08-25'),(56857,'INSERT INTO gne_vale_ferreteria (vfe_id,vfe_fecha,vfe_total,vfe_estado,vfe_entregado,usu_nusuario) VALUES (9255,@@@2013.08.25@@@,1690,1,0,@@@b_SAEZ@@@)','',2,'2013-08-25'),(56858,'INSERT INTO gne_vale_ferreteria_mov (vfe_id,pro_codigo_plu,vfm_cantidad,vfm_unitario,vfm_total,vfm_entregado) VALUES (9255,20476,1,1690,1690,@@@NO@@@)','',2,'2013-08-25'),(56859,'INSERT INTO gne_vale_ferreteria (vfe_id,vfe_fecha,vfe_total,vfe_estado,vfe_entregado,usu_nusuario) VALUES (9256,@@@2013.08.25@@@,510,1,0,@@@b_SAEZ@@@)','',2,'2013-08-25'),(56860,'INSERT INTO gne_vale_ferreteria_mov (vfe_id,pro_codigo_plu,vfm_cantidad,vfm_unitario,vfm_total,vfm_entregado) VALUES (9256,761990,1,390,390,@@@NO@@@)','',2,'2013-08-25'),(56861,'INSERT INTO gne_vale_ferreteria_mov (vfe_id,pro_codigo_plu,vfm_cantidad,vfm_unitario,vfm_total,vfm_entregado) VALUES (9256,8022,1,120,120,@@@NO@@@)','',2,'2013-08-25'),(56862,'INSERT INTO gne_vale_ferreteria (vfe_id,vfe_fecha,vfe_total,vfe_estado,vfe_entregado,usu_nusuario) VALUES (9257,@@@2013.08.25@@@,7420,1,0,@@@b_SAEZ@@@)','',2,'2013-08-25'),(56863,'INSERT INTO gne_vale_ferreteria_mov (vfe_id,pro_codigo_plu,vfm_cantidad,vfm_unitario,vfm_total,vfm_entregado) VALUES (9257,262482,1,1490,1490,@@@NO@@@)','',2,'2013-08-25'),(56864,'INSERT INTO gne_vale_ferreteria_mov (vfe_id,pro_codigo_plu,vfm_cantidad,vfm_unitario,vfm_total,vfm_entregado) VALUES (9257,20335,1,1490,1490,@@@NO@@@)','',2,'2013-08-25'),(56865,'INSERT INTO gne_vale_ferreteria_mov (vfe_id,pro_codigo_plu,vfm_cantidad,vfm_unitario,vfm_total,vfm_entregado) VALUES (9257,762120,1,1450,1450,@@@NO@@@)','',2,'2013-08-25'),(56866,'INSERT INTO gne_vale_ferreteria_mov (vfe_id,pro_codigo_plu,vfm_cantidad,vfm_unitario,vfm_total,vfm_entregado) VALUES (9257,101817,1,2990,2990,@@@NO@@@)','',2,'2013-08-25'),(56867,'INSERT INTO gne_vale_ferreteria (vfe_id,vfe_fecha,vfe_total,vfe_estado,vfe_entregado,usu_nusuario) VALUES (9258,@@@2013.08.25@@@,1180,1,0,@@@b_SAEZ@@@)','',2,'2013-08-25'),(56868,'INSERT INTO gne_vale_ferreteria_mov (vfe_id,pro_codigo_plu,vfm_cantidad,vfm_unitario,vfm_total,vfm_entregado) VALUES (9258,780721180,2,590,1180,@@@NO@@@)','',2,'2013-08-25'),(56869,'INSERT INTO gne_vale_ferreteria (vfe_id,vfe_fecha,vfe_total,vfe_estado,vfe_entregado,usu_nusuario) VALUES (9259,@@@2013.08.25@@@,300,1,0,@@@b_SAEZ@@@)','',2,'2013-08-25'),(56870,'INSERT INTO gne_vale_ferreteria_mov (vfe_id,pro_codigo_plu,vfm_cantidad,vfm_unitario,vfm_total,vfm_entregado) VALUES (9259,780721220,1,300,300,@@@NO@@@)','',2,'2013-08-25'),(56871,'INSERT INTO gne_vale_ferreteria (vfe_id,vfe_fecha,vfe_total,vfe_estado,vfe_entregado,usu_nusuario) VALUES (9260,@@@2013.08.25@@@,751,1,0,@@@b_SAEZ@@@)','',2,'2013-08-25'),(56872,'INSERT INTO gne_vale_ferreteria_mov (vfe_id,pro_codigo_plu,vfm_cantidad,vfm_unitario,vfm_total,vfm_entregado) VALUES (9260,780721577,1,1,1,@@@NO@@@)','',2,'2013-08-25'),(56873,'INSERT INTO gne_vale_ferreteria_mov (vfe_id,pro_codigo_plu,vfm_cantidad,vfm_unitario,vfm_total,vfm_entregado) VALUES (9260,763582,1,550,550,@@@NO@@@)','',2,'2013-08-25'),(56874,'INSERT INTO gne_vale_ferreteria_mov (vfe_id,pro_codigo_plu,vfm_cantidad,vfm_unitario,vfm_total,vfm_entregado) VALUES (9260,1556,1,200,200,@@@NO@@@)','',2,'2013-08-25'),(56875,'INSERT INTO gne_vale_ferreteria (vfe_id,vfe_fecha,vfe_total,vfe_estado,vfe_entregado,usu_nusuario) VALUES (9261,@@@2013.08.25@@@,2610,1,0,@@@b_SAEZ@@@)','',2,'2013-08-25'),(56876,'INSERT INTO gne_vale_ferreteria_mov (vfe_id,pro_codigo_plu,vfm_cantidad,vfm_unitario,vfm_total,vfm_entregado) VALUES (9261,2016,1,150,150,@@@NO@@@)','',2,'2013-08-25'),(56877,'INSERT INTO gne_vale_ferreteria_mov (vfe_id,pro_codigo_plu,vfm_cantidad,vfm_unitario,vfm_total,vfm_entregado) VALUES (9261,780721231,1,990,990,@@@NO@@@)','',2,'2013-08-25'),(56878,'INSERT INTO gne_vale_ferreteria_mov (vfe_id,pro_codigo_plu,vfm_cantidad,vfm_unitario,vfm_total,vfm_entregado) VALUES (9261,761962,1,450,450,@@@NO@@@)','',2,'2013-08-25'),(56879,'INSERT INTO gne_vale_ferreteria_mov (vfe_id,pro_codigo_plu,vfm_cantidad,vfm_unitario,vfm_total,vfm_entregado) VALUES (9261,12085,1,120,120,@@@NO@@@)','',2,'2013-08-25'),(56880,'INSERT INTO gne_vale_ferreteria_mov (vfe_id,pro_codigo_plu,vfm_cantidad,vfm_unitario,vfm_total,vfm_entregado) VALUES (9261,764696,9,100,900,@@@NO@@@)','',2,'2013-08-25'),(56881,'INSERT INTO gne_vale_ferreteria (vfe_id,vfe_fecha,vfe_total,vfe_estado,vfe_entregado,usu_nusuario) VALUES (9262,@@@2013.08.25@@@,300,1,0,@@@b_SAEZ@@@)','',2,'2013-08-25'),(56882,'INSERT INTO gne_vale_ferreteria_mov (vfe_id,pro_codigo_plu,vfm_cantidad,vfm_unitario,vfm_total,vfm_entregado) VALUES (9262,4078,3,100,300,@@@NO@@@)','',2,'2013-08-25'),(56883,'INSERT INTO gne_vale_ferreteria (vfe_id,vfe_fecha,vfe_total,vfe_estado,vfe_entregado,usu_nusuario) VALUES (9263,@@@2013.08.25@@@,4289,1,0,@@@b_SAEZ@@@)','',2,'2013-08-25'),(56884,'INSERT INTO gne_vale_ferreteria_mov (vfe_id,pro_codigo_plu,vfm_cantidad,vfm_unitario,vfm_total,vfm_entregado) VALUES (9263,100900,1,2690,2690,@@@NO@@@)','',2,'2013-08-25'),(56885,'INSERT INTO gne_vale_ferreteria_mov (vfe_id,pro_codigo_plu,vfm_cantidad,vfm_unitario,vfm_total,vfm_entregado) VALUES (9263,15668,1,1599,1599,@@@NO@@@)','',2,'2013-08-25'),(56886,'INSERT INTO gne_vale_ferreteria (vfe_id,vfe_fecha,vfe_total,vfe_estado,vfe_entregado,usu_nusuario) VALUES (9264,@@@2013.08.25@@@,1560,1,0,@@@b_SAEZ@@@)','',2,'2013-08-25'),(56887,'INSERT INTO gne_vale_ferreteria_mov (vfe_id,pro_codigo_plu,vfm_cantidad,vfm_unitario,vfm_total,vfm_entregado) VALUES (9264,880010,4,390,1560,@@@NO@@@)','',2,'2013-08-25'),(56888,'INSERT INTO gne_vale_ferreteria (vfe_id,vfe_fecha,vfe_total,vfe_estado,vfe_entregado,usu_nusuario) VALUES (9265,@@@2013.08.25@@@,2640,1,0,@@@b_SAEZ@@@)','',2,'2013-08-25'),(56889,'INSERT INTO gne_vale_ferreteria_mov (vfe_id,pro_codigo_plu,vfm_cantidad,vfm_unitario,vfm_total,vfm_entregado) VALUES (9265,763806,1,1050,1050,@@@NO@@@)','',2,'2013-08-25'),(56890,'INSERT INTO gne_vale_ferreteria_mov (vfe_id,pro_codigo_plu,vfm_cantidad,vfm_unitario,vfm_total,vfm_entregado) VALUES (9265,764833,20,10,200,@@@NO@@@)','',2,'2013-08-25'),(56891,'INSERT INTO gne_vale_ferreteria_mov (vfe_id,pro_codigo_plu,vfm_cantidad,vfm_unitario,vfm_total,vfm_entregado) VALUES (9265,780721672,1,1390,1390,@@@NO@@@)','',2,'2013-08-25'),(56892,'INSERT INTO gne_vale_ferreteria (vfe_id,vfe_fecha,vfe_total,vfe_estado,vfe_entregado,usu_nusuario) VALUES (9266,@@@2013.08.25@@@,120,1,0,@@@b_SAEZ@@@)','',2,'2013-08-25'),(56893,'INSERT INTO gne_vale_ferreteria_mov (vfe_id,pro_codigo_plu,vfm_cantidad,vfm_unitario,vfm_total,vfm_entregado) VALUES (9266,8022,1,120,120,@@@NO@@@)','',2,'2013-08-25'),(56894,'INSERT INTO gne_vale_ferreteria (vfe_id,vfe_fecha,vfe_total,vfe_estado,vfe_entregado,usu_nusuario) VALUES (9267,@@@2013.08.25@@@,1290,1,0,@@@b_SAEZ@@@)','',2,'2013-08-25'),(56895,'INSERT INTO gne_vale_ferreteria_mov (vfe_id,pro_codigo_plu,vfm_cantidad,vfm_unitario,vfm_total,vfm_entregado) VALUES (9267,764570,1,1290,1290,@@@NO@@@)','',2,'2013-08-25'),(56896,'INSERT INTO gne_vale_ferreteria (vfe_id,vfe_fecha,vfe_total,vfe_estado,vfe_entregado,usu_nusuario) VALUES (9268,@@@2013.08.25@@@,500,1,0,@@@b_SAEZ@@@)','',2,'2013-08-25'),(56897,'INSERT INTO gne_vale_ferreteria_mov (vfe_id,pro_codigo_plu,vfm_cantidad,vfm_unitario,vfm_total,vfm_entregado) VALUES (9268,4092,10,50,500,@@@NO@@@)','',2,'2013-08-25'),(56898,'INSERT INTO gne_vale_ferreteria (vfe_id,vfe_fecha,vfe_total,vfe_estado,vfe_entregado,usu_nusuario) VALUES (9269,@@@2013.08.25@@@,960,1,0,@@@b_SAEZ@@@)','',2,'2013-08-25'),(56899,'INSERT INTO gne_vale_ferreteria_mov (vfe_id,pro_codigo_plu,vfm_cantidad,vfm_unitario,vfm_total,vfm_entregado) VALUES (9269,15927,2,480,960,@@@NO@@@)','',2,'2013-08-25'),(56900,'INSERT INTO gne_vale_ferreteria (vfe_id,vfe_fecha,vfe_total,vfe_estado,vfe_entregado,usu_nusuario) VALUES (9270,@@@2013.08.25@@@,1390,1,0,@@@b_SAEZ@@@)','',2,'2013-08-25'),(56901,'INSERT INTO gne_vale_ferreteria_mov (vfe_id,pro_codigo_plu,vfm_cantidad,vfm_unitario,vfm_total,vfm_entregado) VALUES (9270,764598,1,1390,1390,@@@NO@@@)','',2,'2013-08-25'),(56902,'INSERT INTO gne_vale_ferreteria (vfe_id,vfe_fecha,vfe_total,vfe_estado,vfe_entregado,usu_nusuario) VALUES (9271,@@@2013.08.25@@@,1490,1,0,@@@b_SAEZ@@@)','',2,'2013-08-25'),(56903,'INSERT INTO gne_vale_ferreteria_mov (vfe_id,pro_codigo_plu,vfm_cantidad,vfm_unitario,vfm_total,vfm_entregado) VALUES (9271,780721478,1,1490,1490,@@@NO@@@)','',2,'2013-08-25'),(56904,'INSERT INTO gne_vale_ferreteria (vfe_id,vfe_fecha,vfe_total,vfe_estado,vfe_entregado,usu_nusuario) VALUES (9272,@@@2013.08.25@@@,120,1,0,@@@b_SAEZ@@@)','',2,'2013-08-25'),(56905,'INSERT INTO gne_vale_ferreteria_mov (vfe_id,pro_codigo_plu,vfm_cantidad,vfm_unitario,vfm_total,vfm_entregado) VALUES (9272,4801,4,30,120,@@@NO@@@)','',2,'2013-08-25'),(56906,'INSERT INTO gne_vale_ferreteria (vfe_id,vfe_fecha,vfe_total,vfe_estado,vfe_entregado,usu_nusuario) VALUES (9273,@@@2013.08.25@@@,930,1,0,@@@b_SAEZ@@@)','',2,'2013-08-25'),(56907,'INSERT INTO gne_vale_ferreteria_mov (vfe_id,pro_codigo_plu,vfm_cantidad,vfm_unitario,vfm_total,vfm_entregado) VALUES (9273,780721468,2,290,580,@@@NO@@@)','',2,'2013-08-25'),(56908,'INSERT INTO gne_vale_ferreteria_mov (vfe_id,pro_codigo_plu,vfm_cantidad,vfm_unitario,vfm_total,vfm_entregado) VALUES (9273,1014,1,350,350,@@@NO@@@)','',2,'2013-08-25'),(56909,'INSERT INTO gne_vale_ferreteria (vfe_id,vfe_fecha,vfe_total,vfe_estado,vfe_entregado,usu_nusuario) VALUES (9274,@@@2013.08.25@@@,4679,1,0,@@@b_SAEZ@@@)','',2,'2013-08-25'),(56910,'INSERT INTO gne_vale_ferreteria_mov (vfe_id,pro_codigo_plu,vfm_cantidad,vfm_unitario,vfm_total,vfm_entregado) VALUES (9274,4130,7,100,700,@@@NO@@@)','',2,'2013-08-25'),(56911,'INSERT INTO gne_vale_ferreteria_mov (vfe_id,pro_codigo_plu,vfm_cantidad,vfm_unitario,vfm_total,vfm_entregado) VALUES (9274,780721387,2,150,300,@@@NO@@@)','',2,'2013-08-25'),(56912,'INSERT INTO gne_vale_ferreteria_mov (vfe_id,pro_codigo_plu,vfm_cantidad,vfm_unitario,vfm_total,vfm_entregado) VALUES (9274,780721516,1,590,590,@@@NO@@@)','',2,'2013-08-25'),(56913,'INSERT INTO gne_vale_ferreteria_mov (vfe_id,pro_codigo_plu,vfm_cantidad,vfm_unitario,vfm_total,vfm_entregado) VALUES (9274,780721677,1,399,399,@@@NO@@@)','',2,'2013-08-25'),(56914,'INSERT INTO gne_vale_ferreteria_mov (vfe_id,pro_codigo_plu,vfm_cantidad,vfm_unitario,vfm_total,vfm_entregado) VALUES (9274,780721665,1,2690,2690,@@@NO@@@)','',2,'2013-08-25'),(56915,'INSERT INTO gne_vale_ferreteria (vfe_id,vfe_fecha,vfe_total,vfe_estado,vfe_entregado,usu_nusuario) VALUES (9275,@@@2013.08.25@@@,890,1,0,@@@b_SAEZ@@@)','',2,'2013-08-25'),(56916,'INSERT INTO gne_vale_ferreteria_mov (vfe_id,pro_codigo_plu,vfm_cantidad,vfm_unitario,vfm_total,vfm_entregado) VALUES (9275,762114,1,890,890,@@@NO@@@)','',2,'2013-08-25'),(56917,'INSERT INTO gne_vale_ferreteria (vfe_id,vfe_fecha,vfe_total,vfe_estado,vfe_entregado,usu_nusuario) VALUES (9276,@@@2013.08.25@@@,1590,1,0,@@@b_SAEZ@@@)','',2,'2013-08-25'),(56918,'INSERT INTO gne_vale_ferreteria_mov (vfe_id,pro_codigo_plu,vfm_cantidad,vfm_unitario,vfm_total,vfm_entregado) VALUES (9276,9900006,4,150,600,@@@NO@@@)','',2,'2013-08-25'),(56919,'INSERT INTO gne_vale_ferreteria_mov (vfe_id,pro_codigo_plu,vfm_cantidad,vfm_unitario,vfm_total,vfm_entregado) VALUES (9276,19918,3,330,990,@@@NO@@@)','',2,'2013-08-25'),(56920,'INSERT INTO gne_vale_ferreteria (vfe_id,vfe_fecha,vfe_total,vfe_estado,vfe_entregado,usu_nusuario) VALUES (9277,@@@2013.08.25@@@,1590,1,0,@@@b_SAEZ@@@)','',2,'2013-08-25'),(56921,'INSERT INTO gne_vale_ferreteria_mov (vfe_id,pro_codigo_plu,vfm_cantidad,vfm_unitario,vfm_total,vfm_entregado) VALUES (9277,764786,1,1590,1590,@@@NO@@@)','',2,'2013-08-25'),(56922,'INSERT INTO gne_vale_ferreteria (vfe_id,vfe_fecha,vfe_total,vfe_estado,vfe_entregado,usu_nusuario) VALUES (9278,@@@2013.08.25@@@,1500,1,0,@@@b_SAEZ@@@)','',2,'2013-08-25'),(56923,'INSERT INTO gne_vale_ferreteria_mov (vfe_id,pro_codigo_plu,vfm_cantidad,vfm_unitario,vfm_total,vfm_entregado) VALUES (9278,764935,15,100,1500,@@@NO@@@)','',2,'2013-08-25'),(56924,'INSERT INTO gne_vale_ferreteria (vfe_id,vfe_fecha,vfe_total,vfe_estado,vfe_entregado,usu_nusuario) VALUES (9279,@@@2013.08.25@@@,3880,1,0,@@@b_SAEZ@@@)','',2,'2013-08-25'),(56925,'INSERT INTO gne_vale_ferreteria_mov (vfe_id,pro_codigo_plu,vfm_cantidad,vfm_unitario,vfm_total,vfm_entregado) VALUES (9279,763910,1,550,550,@@@NO@@@)','',2,'2013-08-25'),(56926,'INSERT INTO gne_vale_ferreteria_mov (vfe_id,pro_codigo_plu,vfm_cantidad,vfm_unitario,vfm_total,vfm_entregado) VALUES (9279,763283,1,1390,1390,@@@NO@@@)','',2,'2013-08-25'),(56927,'INSERT INTO gne_vale_ferreteria_mov (vfe_id,pro_codigo_plu,vfm_cantidad,vfm_unitario,vfm_total,vfm_entregado) VALUES (9279,763904,1,1690,1690,@@@NO@@@)','',2,'2013-08-25'),(56928,'INSERT INTO gne_vale_ferreteria_mov (vfe_id,pro_codigo_plu,vfm_cantidad,vfm_unitario,vfm_total,vfm_entregado) VALUES (9279,12608,1,250,250,@@@NO@@@)','',2,'2013-08-25'),(56929,'INSERT INTO gne_vale_ferreteria (vfe_id,vfe_fecha,vfe_total,vfe_estado,vfe_entregado,usu_nusuario) VALUES (9280,@@@2013.08.25@@@,200,1,0,@@@b_SAEZ@@@)','',2,'2013-08-25'),(56930,'INSERT INTO gne_vale_ferreteria_mov (vfe_id,pro_codigo_plu,vfm_cantidad,vfm_unitario,vfm_total,vfm_entregado) VALUES (9280,78017235,2,100,200,@@@NO@@@)','',2,'2013-08-25'),(56931,'INSERT INTO gne_vale_ferreteria (vfe_id,vfe_fecha,vfe_total,vfe_estado,vfe_entregado,usu_nusuario) VALUES (9281,@@@2013.08.25@@@,1390,1,0,@@@b_SAEZ@@@)','',2,'2013-08-25'),(56932,'INSERT INTO gne_vale_ferreteria_mov (vfe_id,pro_codigo_plu,vfm_cantidad,vfm_unitario,vfm_total,vfm_entregado) VALUES (9281,780721672,1,1390,1390,@@@NO@@@)','',2,'2013-08-25'),(56933,'INSERT INTO gne_vale_ferreteria (vfe_id,vfe_fecha,vfe_total,vfe_estado,vfe_entregado,usu_nusuario) VALUES (9282,@@@2013.08.25@@@,300,1,0,@@@b_SAEZ@@@)','',2,'2013-08-25'),(56934,'INSERT INTO gne_vale_ferreteria_mov (vfe_id,pro_codigo_plu,vfm_cantidad,vfm_unitario,vfm_total,vfm_entregado) VALUES (9282,764414,3,100,300,@@@NO@@@)','',2,'2013-08-25'),(56935,'INSERT INTO gne_vale_ferreteria (vfe_id,vfe_fecha,vfe_total,vfe_estado,vfe_entregado,usu_nusuario) VALUES (9283,@@@2013.08.25@@@,1399,1,0,@@@b_SAEZ@@@)','',2,'2013-08-25'),(56936,'INSERT INTO gne_vale_ferreteria_mov (vfe_id,pro_codigo_plu,vfm_cantidad,vfm_unitario,vfm_total,vfm_entregado) VALUES (9283,763622,1,1399,1399,@@@NO@@@)','',2,'2013-08-25'),(56937,'INSERT INTO gne_vale_ferreteria (vfe_id,vfe_fecha,vfe_total,vfe_estado,vfe_entregado,usu_nusuario) VALUES (9284,@@@2013.08.25@@@,320,1,0,@@@b_SAEZ@@@)','',2,'2013-08-25'),(56938,'INSERT INTO gne_vale_ferreteria_mov (vfe_id,pro_codigo_plu,vfm_cantidad,vfm_unitario,vfm_total,vfm_entregado) VALUES (9284,763771,1,320,320,@@@NO@@@)','',2,'2013-08-25'),(56939,'INSERT INTO gne_vale_ferreteria (vfe_id,vfe_fecha,vfe_total,vfe_estado,vfe_entregado,usu_nusuario) VALUES (9285,@@@2013.08.25@@@,980,1,0,@@@b_SAEZ@@@)','',2,'2013-08-25'),(56940,'INSERT INTO gne_vale_ferreteria_mov (vfe_id,pro_codigo_plu,vfm_cantidad,vfm_unitario,vfm_total,vfm_entregado) VALUES (9285,78017145,1,290,290,@@@NO@@@)','',2,'2013-08-25'),(56941,'INSERT INTO gne_vale_ferreteria_mov (vfe_id,pro_codigo_plu,vfm_cantidad,vfm_unitario,vfm_total,vfm_entregado) VALUES (9285,1050,1,690,690,@@@NO@@@)','',2,'2013-08-25'),(56942,'INSERT INTO gne_vale_ferreteria (vfe_id,vfe_fecha,vfe_total,vfe_estado,vfe_entregado,usu_nusuario) VALUES (9286,@@@2013.08.25@@@,270,1,0,@@@b_SAEZ@@@)','',2,'2013-08-25'),(56943,'INSERT INTO gne_vale_ferreteria_mov (vfe_id,pro_codigo_plu,vfm_cantidad,vfm_unitario,vfm_total,vfm_entregado) VALUES (9286,78017026,3,90,270,@@@NO@@@)','',2,'2013-08-25'),(56944,'INSERT INTO gne_vale_ferreteria (vfe_id,vfe_fecha,vfe_total,vfe_estado,vfe_entregado,usu_nusuario) VALUES (9287,@@@2013.08.25@@@,1320,1,0,@@@b_SAEZ@@@)','',2,'2013-08-25'),(56945,'INSERT INTO gne_vale_ferreteria_mov (vfe_id,pro_codigo_plu,vfm_cantidad,vfm_unitario,vfm_total,vfm_entregado) VALUES (9287,770087,1,990,990,@@@NO@@@)','',2,'2013-08-25'),(56946,'INSERT INTO gne_vale_ferreteria_mov (vfe_id,pro_codigo_plu,vfm_cantidad,vfm_unitario,vfm_total,vfm_entregado) VALUES (9287,19918,1,330,330,@@@NO@@@)','',2,'2013-08-25'),(56947,'INSERT INTO gne_vale_ferreteria (vfe_id,vfe_fecha,vfe_total,vfe_estado,vfe_entregado,usu_nusuario) VALUES (9288,@@@2013.08.25@@@,4450,1,0,@@@b_SAEZ@@@)','',2,'2013-08-25'),(56948,'INSERT INTO gne_vale_ferreteria_mov (vfe_id,pro_codigo_plu,vfm_cantidad,vfm_unitario,vfm_total,vfm_entregado) VALUES (9288,764933,1,1490,1490,@@@NO@@@)','',2,'2013-08-25'),(56949,'INSERT INTO gne_vale_ferreteria_mov (vfe_id,pro_codigo_plu,vfm_cantidad,vfm_unitario,vfm_total,vfm_entregado) VALUES (9288,764827,3,690,2070,@@@NO@@@)','',2,'2013-08-25'),(56950,'INSERT INTO gne_vale_ferreteria_mov (vfe_id,pro_codigo_plu,vfm_cantidad,vfm_unitario,vfm_total,vfm_entregado) VALUES (9288,19855,1,890,890,@@@NO@@@)','',2,'2013-08-25'),(56951,'INSERT INTO gne_vale_ferreteria (vfe_id,vfe_fecha,vfe_total,vfe_estado,vfe_entregado,usu_nusuario) VALUES (9289,@@@2013.08.25@@@,790,1,0,@@@b_SAEZ@@@)','',2,'2013-08-25'),(56952,'INSERT INTO gne_vale_ferreteria_mov (vfe_id,pro_codigo_plu,vfm_cantidad,vfm_unitario,vfm_total,vfm_entregado) VALUES (9289,780721131,1,790,790,@@@NO@@@)','',2,'2013-08-25'),(56953,'INSERT INTO gne_vale_ferreteria (vfe_id,vfe_fecha,vfe_total,vfe_estado,vfe_entregado,usu_nusuario) VALUES (9290,@@@2013.08.25@@@,6510,1,0,@@@b_SAEZ@@@)','',2,'2013-08-25'),(56954,'INSERT INTO gne_vale_ferreteria_mov (vfe_id,pro_codigo_plu,vfm_cantidad,vfm_unitario,vfm_total,vfm_entregado) VALUES (9290,763689,1,4490,4490,@@@NO@@@)','',2,'2013-08-25'),(56955,'INSERT INTO gne_vale_ferreteria_mov (vfe_id,pro_codigo_plu,vfm_cantidad,vfm_unitario,vfm_total,vfm_entregado) VALUES (9290,101563,1,1690,1690,@@@NO@@@)','',2,'2013-08-25'),(56956,'INSERT INTO gne_vale_ferreteria_mov (vfe_id,pro_codigo_plu,vfm_cantidad,vfm_unitario,vfm_total,vfm_entregado) VALUES (9290,19918,1,330,330,@@@NO@@@)','',2,'2013-08-25'),(56957,'INSERT INTO gne_vale_ferreteria (vfe_id,vfe_fecha,vfe_total,vfe_estado,vfe_entregado,usu_nusuario) VALUES (9291,@@@2013.08.25@@@,800,1,0,@@@b_SAEZ@@@)','',2,'2013-08-25'),(56958,'INSERT INTO gne_vale_ferreteria_mov (vfe_id,pro_codigo_plu,vfm_cantidad,vfm_unitario,vfm_total,vfm_entregado) VALUES (9291,770058,4,200,800,@@@NO@@@)','',2,'2013-08-25'),(56959,'INSERT INTO gne_vale_ferreteria (vfe_id,vfe_fecha,vfe_total,vfe_estado,vfe_entregado,usu_nusuario) VALUES (9292,@@@2013.08.25@@@,1440,1,0,@@@b_SAEZ@@@)','',2,'2013-08-25'),(56960,'INSERT INTO gne_vale_ferreteria_mov (vfe_id,pro_codigo_plu,vfm_cantidad,vfm_unitario,vfm_total,vfm_entregado) VALUES (9292,78017201,5,200,1000,@@@NO@@@)','',2,'2013-08-25'),(56961,'INSERT INTO gne_vale_ferreteria_mov (vfe_id,pro_codigo_plu,vfm_cantidad,vfm_unitario,vfm_total,vfm_entregado) VALUES (9292,2016,1,150,150,@@@NO@@@)','',2,'2013-08-25'),(56962,'INSERT INTO gne_vale_ferreteria_mov (vfe_id,pro_codigo_plu,vfm_cantidad,vfm_unitario,vfm_total,vfm_entregado) VALUES (9292,761330,1,290,290,@@@NO@@@)','',2,'2013-08-25'),(56963,'INSERT INTO gne_vale_ferreteria (vfe_id,vfe_fecha,vfe_total,vfe_estado,vfe_entregado,usu_nusuario) VALUES (9293,@@@2013.08.25@@@,450,1,0,@@@b_SAEZ@@@)','',2,'2013-08-25'),(56964,'INSERT INTO gne_vale_ferreteria_mov (vfe_id,pro_codigo_plu,vfm_cantidad,vfm_unitario,vfm_total,vfm_entregado) VALUES (9293,8022,1,120,120,@@@NO@@@)','',2,'2013-08-25'),(56965,'INSERT INTO gne_vale_ferreteria_mov (vfe_id,pro_codigo_plu,vfm_cantidad,vfm_unitario,vfm_total,vfm_entregado) VALUES (9293,763588,1,330,330,@@@NO@@@)','',2,'2013-08-25'),(56966,'INSERT INTO gne_vale_ferreteria (vfe_id,vfe_fecha,vfe_total,vfe_estado,vfe_entregado,usu_nusuario) VALUES (9294,@@@2013.08.25@@@,620,1,0,@@@b_SAEZ@@@)','',2,'2013-08-25'),(56967,'INSERT INTO gne_vale_ferreteria_mov (vfe_id,pro_codigo_plu,vfm_cantidad,vfm_unitario,vfm_total,vfm_entregado) VALUES (9294,11378,1,620,620,@@@NO@@@)','',2,'2013-08-25'),(56968,'INSERT INTO gne_vale_ferreteria (vfe_id,vfe_fecha,vfe_total,vfe_estado,vfe_entregado,usu_nusuario) VALUES (9295,@@@2013.08.25@@@,2500,1,0,@@@b_SAEZ@@@)','',2,'2013-08-25'),(56969,'INSERT INTO gne_vale_ferreteria_mov (vfe_id,pro_codigo_plu,vfm_cantidad,vfm_unitario,vfm_total,vfm_entregado) VALUES (9295,762145,1,2500,2500,@@@NO@@@)','',2,'2013-08-25'),(56970,'INSERT INTO gne_vale_ferreteria (vfe_id,vfe_fecha,vfe_total,vfe_estado,vfe_entregado,usu_nusuario) VALUES (9296,@@@2013.08.25@@@,150,1,0,@@@b_SAEZ@@@)','',2,'2013-08-25'),(56971,'INSERT INTO gne_vale_ferreteria_mov (vfe_id,pro_codigo_plu,vfm_cantidad,vfm_unitario,vfm_total,vfm_entregado) VALUES (9296,8021,1,150,150,@@@NO@@@)','',2,'2013-08-25'),(56972,'INSERT INTO gne_vale_ferreteria (vfe_id,vfe_fecha,vfe_total,vfe_estado,vfe_entregado,usu_nusuario) VALUES (9297,@@@2013.08.25@@@,200,1,0,@@@b_SAEZ@@@)','',2,'2013-08-25'),(56973,'INSERT INTO gne_vale_ferreteria_mov (vfe_id,pro_codigo_plu,vfm_cantidad,vfm_unitario,vfm_total,vfm_entregado) VALUES (9297,7052,1,200,200,@@@NO@@@)','',2,'2013-08-25'),(56974,'INSERT INTO gne_vale_ferreteria (vfe_id,vfe_fecha,vfe_total,vfe_estado,vfe_entregado,usu_nusuario) VALUES (9298,@@@2013.08.25@@@,590,1,0,@@@b_SAEZ@@@)','',2,'2013-08-25'),(56975,'INSERT INTO gne_vale_ferreteria_mov (vfe_id,pro_codigo_plu,vfm_cantidad,vfm_unitario,vfm_total,vfm_entregado) VALUES (9298,53044,1,590,590,@@@NO@@@)','',2,'2013-08-25'),(56976,'INSERT INTO gne_vale_ferreteria (vfe_id,vfe_fecha,vfe_total,vfe_estado,vfe_entregado,usu_nusuario) VALUES (9299,@@@2013.08.25@@@,2880,1,0,@@@b_SAEZ@@@)','',2,'2013-08-25'),(56977,'INSERT INTO gne_vale_ferreteria_mov (vfe_id,pro_codigo_plu,vfm_cantidad,vfm_unitario,vfm_total,vfm_entregado) VALUES (9299,764808,1,2490,2490,@@@NO@@@)','',2,'2013-08-25'),(56978,'INSERT INTO gne_vale_ferreteria_mov (vfe_id,pro_codigo_plu,vfm_cantidad,vfm_unitario,vfm_total,vfm_entregado) VALUES (9299,780220121,1,390,390,@@@NO@@@)','',2,'2013-08-25'),(56979,'INSERT INTO gne_vale_ferreteria (vfe_id,vfe_fecha,vfe_total,vfe_estado,vfe_entregado,usu_nusuario) VALUES (9300,@@@2013.08.25@@@,150,1,0,@@@b_SAEZ@@@)','',2,'2013-08-25'),(56980,'INSERT INTO gne_vale_ferreteria_mov (vfe_id,pro_codigo_plu,vfm_cantidad,vfm_unitario,vfm_total,vfm_entregado) VALUES (9300,764580,1,150,150,@@@NO@@@)','',2,'2013-08-25'),(56981,'INSERT INTO gne_vale_ferreteria (vfe_id,vfe_fecha,vfe_total,vfe_estado,vfe_entregado,usu_nusuario) VALUES (9301,@@@2013.08.25@@@,1340,1,0,@@@b_SAEZ@@@)','',2,'2013-08-25'),(56982,'INSERT INTO gne_vale_ferreteria_mov (vfe_id,pro_codigo_plu,vfm_cantidad,vfm_unitario,vfm_total,vfm_entregado) VALUES (9301,12608,2,250,500,@@@NO@@@)','',2,'2013-08-25'),(56983,'INSERT INTO gne_vale_ferreteria_mov (vfe_id,pro_codigo_plu,vfm_cantidad,vfm_unitario,vfm_total,vfm_entregado) VALUES (9301,11670,1,840,840,@@@NO@@@)','',2,'2013-08-25'),(56984,'INSERT INTO gne_vale_ferreteria (vfe_id,vfe_fecha,vfe_total,vfe_estado,vfe_entregado,usu_nusuario) VALUES (9302,@@@2013.08.25@@@,1390,1,0,@@@b_SAEZ@@@)','',2,'2013-08-25'),(56985,'INSERT INTO gne_vale_ferreteria_mov (vfe_id,pro_codigo_plu,vfm_cantidad,vfm_unitario,vfm_total,vfm_entregado) VALUES (9302,780721672,1,1390,1390,@@@NO@@@)','',2,'2013-08-25'),(56986,'INSERT INTO gne_vale_ferreteria (vfe_id,vfe_fecha,vfe_total,vfe_estado,vfe_entregado,usu_nusuario) VALUES (9303,@@@2013.08.25@@@,1440,1,0,@@@b_SAEZ@@@)','',2,'2013-08-25'),(56987,'INSERT INTO gne_vale_ferreteria_mov (vfe_id,pro_codigo_plu,vfm_cantidad,vfm_unitario,vfm_total,vfm_entregado) VALUES (9303,15949,3,480,1440,@@@NO@@@)','',2,'2013-08-25'),(56988,'INSERT INTO gne_vale_ferreteria (vfe_id,vfe_fecha,vfe_total,vfe_estado,vfe_entregado,usu_nusuario) VALUES (9304,@@@2013.08.25@@@,1220,1,0,@@@b_SAEZ@@@)','',2,'2013-08-25'),(56989,'INSERT INTO gne_vale_ferreteria_mov (vfe_id,pro_codigo_plu,vfm_cantidad,vfm_unitario,vfm_total,vfm_entregado) VALUES (9304,764768,5,220,1100,@@@NO@@@)','',2,'2013-08-25'),(56990,'INSERT INTO gne_vale_ferreteria_mov (vfe_id,pro_codigo_plu,vfm_cantidad,vfm_unitario,vfm_total,vfm_entregado) VALUES (9304,78017007,1,120,120,@@@NO@@@)','',2,'2013-08-25'),(56991,'INSERT INTO gne_vale_ferreteria (vfe_id,vfe_fecha,vfe_total,vfe_estado,vfe_entregado,usu_nusuario) VALUES (9305,@@@2013.08.25@@@,890,1,0,@@@b_SAEZ@@@)','',2,'2013-08-25'),(56992,'INSERT INTO gne_vale_ferreteria_mov (vfe_id,pro_codigo_plu,vfm_cantidad,vfm_unitario,vfm_total,vfm_entregado) VALUES (9305,770091,1,690,690,@@@NO@@@)','',2,'2013-08-25'),(56993,'INSERT INTO gne_vale_ferreteria_mov (vfe_id,pro_codigo_plu,vfm_cantidad,vfm_unitario,vfm_total,vfm_entregado) VALUES (9305,21135,1,200,200,@@@NO@@@)','',2,'2013-08-25'),(56994,'INSERT INTO gne_vale_ferreteria (vfe_id,vfe_fecha,vfe_total,vfe_estado,vfe_entregado,usu_nusuario) VALUES (9306,@@@2013.08.25@@@,120,1,0,@@@b_SAEZ@@@)','',2,'2013-08-25'),(56995,'INSERT INTO gne_vale_ferreteria_mov (vfe_id,pro_codigo_plu,vfm_cantidad,vfm_unitario,vfm_total,vfm_entregado) VALUES (9306,8022,1,120,120,@@@NO@@@)','',2,'2013-08-25'),(56996,'INSERT INTO gne_vale_ferreteria (vfe_id,vfe_fecha,vfe_total,vfe_estado,vfe_entregado,usu_nusuario) VALUES (9307,@@@2013.08.25@@@,1150,1,0,@@@b_SAEZ@@@)','',2,'2013-08-25'),(56997,'INSERT INTO gne_vale_ferreteria_mov (vfe_id,pro_codigo_plu,vfm_cantidad,vfm_unitario,vfm_total,vfm_entregado) VALUES (9307,764436,1,1150,1150,@@@NO@@@)','',2,'2013-08-25'),(56998,'INSERT INTO gne_vale_ferreteria (vfe_id,vfe_fecha,vfe_total,vfe_estado,vfe_entregado,usu_nusuario) VALUES (9308,@@@2013.08.25@@@,890,1,0,@@@b_SAEZ@@@)','',2,'2013-08-25'),(56999,'INSERT INTO gne_vale_ferreteria_mov (vfe_id,pro_codigo_plu,vfm_cantidad,vfm_unitario,vfm_total,vfm_entregado) VALUES (9308,764575,1,890,890,@@@NO@@@)','',2,'2013-08-25'),(57000,'INSERT INTO gne_vale_ferreteria (vfe_id,vfe_fecha,vfe_total,vfe_estado,vfe_entregado,usu_nusuario) VALUES (9309,@@@2013.08.26@@@,650,1,0,@@@M_SANDOVAL@@@)','',2,'2013-08-26'),(57001,'INSERT INTO gne_vale_ferreteria_mov (vfe_id,pro_codigo_plu,vfm_cantidad,vfm_unitario,vfm_total,vfm_entregado) VALUES (9309,762165,1,650,650,@@@NO@@@)','',2,'2013-08-26'),(57002,'INSERT INTO gne_vale_ferreteria (vfe_id,vfe_fecha,vfe_total,vfe_estado,vfe_entregado,usu_nusuario) VALUES (9310,@@@2013.08.26@@@,540,1,0,@@@M_SANDOVAL@@@)','',2,'2013-08-26'),(57003,'INSERT INTO gne_vale_ferreteria_mov (vfe_id,pro_codigo_plu,vfm_cantidad,vfm_unitario,vfm_total,vfm_entregado) VALUES (9310,770031,18,30,540,@@@NO@@@)','',2,'2013-08-26'),(57004,'INSERT INTO gne_vale_ferreteria (vfe_id,vfe_fecha,vfe_total,vfe_estado,vfe_entregado,usu_nusuario) VALUES (9311,@@@2013.08.26@@@,100,1,0,@@@M_SANDOVAL@@@)','',2,'2013-08-26'),(57005,'INSERT INTO gne_vale_ferreteria_mov (vfe_id,pro_codigo_plu,vfm_cantidad,vfm_unitario,vfm_total,vfm_entregado) VALUES (9311,78016966,5,20,100,@@@NO@@@)','',2,'2013-08-26'),(57006,'INSERT INTO gne_vale_ferreteria (vfe_id,vfe_fecha,vfe_total,vfe_estado,vfe_entregado,usu_nusuario) VALUES (9312,@@@2013.08.26@@@,870,1,0,@@@M_SANDOVAL@@@)','',2,'2013-08-26'),(57007,'INSERT INTO gne_vale_ferreteria_mov (vfe_id,pro_codigo_plu,vfm_cantidad,vfm_unitario,vfm_total,vfm_entregado) VALUES (9312,78017145,3,290,870,@@@NO@@@)','',2,'2013-08-26'),(57008,'UPDATE mae_productos SET pro_margen_actual=54.95,pro_precio_venta=1890 WHERE pro_codigo_plu=106','',2,'2013-08-26'),(57009,'UPDATE mae_productos SET pro_margen_actual=50,pro_precio_venta=570 WHERE pro_codigo_plu=572','',2,'2013-08-26'),(57010,'UPDATE mae_productos SET pro_margen_actual=53.14,pro_precio_venta=3590 WHERE pro_codigo_plu=308','',2,'2013-08-26'),(57011,'UPDATE mae_productos SET pro_margen_actual=31.25,pro_precio_venta=2100 WHERE pro_codigo_plu=306','',2,'2013-08-26'),(57012,'UPDATE mae_productos SET pro_margen_actual=31.66,pro_precio_venta=499 WHERE pro_codigo_plu=780200000','',2,'2013-08-26'),(57013,'UPDATE mae_productos SET pro_margen_actual=76.77,pro_precio_venta=350 WHERE pro_codigo_plu=534','',2,'2013-08-26'),(57014,'UPDATE mae_productos SET pro_precio_fiscal=pro_precio_venta WHERE pro_codigo_plu=534','',2,'2013-08-26'),(57015,'INSERT INTO gne_vale_ferreteria (vfe_id,vfe_fecha,vfe_total,vfe_estado,vfe_entregado,usu_nusuario) VALUES (9313,@@@2013.08.26@@@,1390,1,0,@@@M_SANDOVAL@@@)','',2,'2013-08-26'),(57016,'INSERT INTO gne_vale_ferreteria_mov (vfe_id,pro_codigo_plu,vfm_cantidad,vfm_unitario,vfm_total,vfm_entregado) VALUES (9313,101103,1,1390,1390,@@@NO@@@)','',2,'2013-08-26'),(57017,'UPDATE mae_productos SET pro_margen_actual=106.4,pro_precio_venta=1290 WHERE pro_codigo_plu=586','',2,'2013-08-26'),(57018,'UPDATE mae_productos SET pro_precio_fiscal=pro_precio_venta WHERE pro_codigo_plu=586','',2,'2013-08-26'),(57019,'UPDATE mae_productos SET pro_margen_actual=76.77,pro_precio_venta=350 WHERE pro_codigo_plu=534','',2,'2013-08-26'),(57020,'UPDATE mae_productos SET pro_margen_actual=106.4,pro_precio_venta=1290 WHERE pro_codigo_plu=586','',2,'2013-08-26'),(57021,'UPDATE mae_productos SET pro_margen_actual=150,pro_precio_venta=335 WHERE pro_codigo_plu=589','',2,'2013-08-26'),(57022,'UPDATE mae_productos SET pro_margen_actual=150,pro_precio_venta=335 WHERE pro_codigo_plu=590','',2,'2013-08-26'),(57023,'UPDATE mae_productos SET pro_margen_actual=43.48,pro_precio_venta=330 WHERE pro_codigo_plu=597','',2,'2013-08-26'),(57024,'UPDATE mae_productos SET pro_precio_fiscal=pro_precio_venta WHERE pro_codigo_plu=589','',2,'2013-08-26'),(57025,'UPDATE mae_productos SET pro_precio_fiscal=pro_precio_venta WHERE pro_codigo_plu=590','',2,'2013-08-26'),(57026,'INSERT INTO gne_vale_ferreteria (vfe_id,vfe_fecha,vfe_total,vfe_estado,vfe_entregado,usu_nusuario) VALUES (9314,@@@2013.08.26@@@,120,1,0,@@@M_SANDOVAL@@@)','',2,'2013-08-26'),(57027,'INSERT INTO gne_vale_ferreteria_mov (vfe_id,pro_codigo_plu,vfm_cantidad,vfm_unitario,vfm_total,vfm_entregado) VALUES (9314,764780,2,60,120,@@@NO@@@)','',2,'2013-08-26'),(57028,'INSERT INTO gne_vale_ferreteria (vfe_id,vfe_fecha,vfe_total,vfe_estado,vfe_entregado,usu_nusuario) VALUES (9315,@@@2013.08.26@@@,590,1,0,@@@M_SANDOVAL@@@)','',2,'2013-08-26'),(57029,'INSERT INTO gne_vale_ferreteria_mov (vfe_id,pro_codigo_plu,vfm_cantidad,vfm_unitario,vfm_total,vfm_entregado) VALUES (9315,764700,1,590,590,@@@NO@@@)','',2,'2013-08-26'),(57030,'INSERT INTO gne_vale_ferreteria (vfe_id,vfe_fecha,vfe_total,vfe_estado,vfe_entregado,usu_nusuario) VALUES (9316,@@@2013.08.26@@@,180,1,0,@@@M_SANDOVAL@@@)','',2,'2013-08-26'),(57031,'INSERT INTO gne_vale_ferreteria_mov (vfe_id,pro_codigo_plu,vfm_cantidad,vfm_unitario,vfm_total,vfm_entregado) VALUES (9316,15745,1,180,180,@@@NO@@@)','',2,'2013-08-26'),(57032,'UPDATE mae_productos SET pro_margen_actual=-5.6,pro_precio_venta=590 WHERE pro_codigo_plu=532','',2,'2013-08-26'),(57033,'UPDATE mae_productos SET pro_precio_fiscal=pro_precio_venta WHERE pro_codigo_plu=532','',2,'2013-08-26'),(57034,'UPDATE mae_productos SET pro_margen_actual=31.32,pro_precio_venta=499 WHERE pro_codigo_plu=572','',2,'2013-08-26'),(57035,'UPDATE mae_productos SET pro_precio_fiscal=pro_precio_venta WHERE pro_codigo_plu=572','',2,'2013-08-26'),(57036,'UPDATE mae_productos SET pro_margen_actual=9.26,pro_precio_venta=590 WHERE pro_codigo_plu=607','',2,'2013-08-26'),(57037,'UPDATE mae_productos SET pro_precio_fiscal=pro_precio_venta WHERE pro_codigo_plu=607','',2,'2013-08-26'),(57038,'INSERT INTO gne_vale_ferreteria (vfe_id,vfe_fecha,vfe_total,vfe_estado,vfe_entregado,usu_nusuario) VALUES (9317,@@@2013.08.26@@@,590,1,0,@@@M_SANDOVAL@@@)','',2,'2013-08-26'),(57039,'INSERT INTO gne_vale_ferreteria_mov (vfe_id,pro_codigo_plu,vfm_cantidad,vfm_unitario,vfm_total,vfm_entregado) VALUES (9317,780721451,1,390,390,@@@NO@@@)','',2,'2013-08-26'),(57040,'INSERT INTO gne_vale_ferreteria_mov (vfe_id,pro_codigo_plu,vfm_cantidad,vfm_unitario,vfm_total,vfm_entregado) VALUES (9317,78017194,1,200,200,@@@NO@@@)','',2,'2013-08-26'),(57041,'UPDATE mae_productos SET pro_margen_actual=31.93,pro_precio_venta=500 WHERE pro_codigo_plu=780200000','',2,'2013-08-26'),(57042,'UPDATE mae_productos SET pro_margen_actual=49900,pro_precio_venta=500 WHERE pro_codigo_plu=780721685','',2,'2013-08-26'),(57043,'UPDATE mae_productos SET pro_margen_actual=24.38,pro_precio_venta=500 WHERE pro_codigo_plu=764356','',2,'2013-08-26'),(57044,'UPDATE mae_productos SET pro_margen_actual=178900,pro_precio_venta=1790 WHERE pro_codigo_plu=780721684','',2,'2013-08-26'),(57045,'UPDATE mae_productos SET pro_precio_fiscal=pro_precio_venta WHERE pro_codigo_plu=780721684','',2,'2013-08-26'),(57046,'UPDATE mae_productos SET pro_precio_fiscal=pro_precio_venta WHERE pro_codigo_plu=780200000','',2,'2013-08-26'),(57047,'UPDATE mae_productos SET pro_precio_fiscal=pro_precio_venta WHERE pro_codigo_plu=780721685','',2,'2013-08-26'),(57048,'UPDATE mae_productos SET pro_margen_actual=178900,pro_precio_venta=1790 WHERE pro_codigo_plu=780721683','',2,'2013-08-26'),(57049,'UPDATE mae_productos SET pro_precio_fiscal=pro_precio_venta WHERE pro_codigo_plu=780721683','',2,'2013-08-26'),(57050,'UPDATE mae_productos SET pro_margen_actual=95.96,pro_precio_venta=250 WHERE pro_codigo_plu=763503','',2,'2013-08-26'),(57051,'UPDATE mae_productos SET pro_margen_actual=95.96,pro_precio_venta=250 WHERE pro_codigo_plu=763431','',2,'2013-08-26'),(57052,'UPDATE mae_productos SET pro_margen_actual=24900,pro_precio_venta=250 WHERE pro_codigo_plu=780721682','',2,'2013-08-26'),(57053,'UPDATE mae_productos SET pro_margen_actual=95.96,pro_precio_venta=250 WHERE pro_codigo_plu=780721355','',2,'2013-08-26'),(57054,'UPDATE mae_productos SET pro_margen_actual=95.96,pro_precio_venta=250 WHERE pro_codigo_plu=763495','',2,'2013-08-26'),(57055,'UPDATE mae_productos SET pro_margen_actual=95.96,pro_precio_venta=250 WHERE pro_codigo_plu=763507','',2,'2013-08-26'),(57056,'UPDATE mae_productos SET pro_precio_fiscal=pro_precio_venta WHERE pro_codigo_plu=780721682','',2,'2013-08-26'),(57057,'INSERT INTO gne_vale_ferreteria (vfe_id,vfe_fecha,vfe_total,vfe_estado,vfe_entregado,usu_nusuario) VALUES (9318,@@@2013.08.26@@@,3150,1,0,@@@M_SANDOVAL@@@)','',2,'2013-08-26'),(57058,'INSERT INTO gne_vale_ferreteria_mov (vfe_id,pro_codigo_plu,vfm_cantidad,vfm_unitario,vfm_total,vfm_entregado) VALUES (9318,20429,1,2250,2250,@@@NO@@@)','',2,'2013-08-26'),(57059,'INSERT INTO gne_vale_ferreteria_mov (vfe_id,pro_codigo_plu,vfm_cantidad,vfm_unitario,vfm_total,vfm_entregado) VALUES (9318,763884,1,900,900,@@@NO@@@)','',2,'2013-08-26'),(57060,'INSERT INTO gne_vale_ferreteria (vfe_id,vfe_fecha,vfe_total,vfe_estado,vfe_entregado,usu_nusuario) VALUES (9319,@@@2013.08.26@@@,620,1,0,@@@M_SANDOVAL@@@)','',2,'2013-08-26'),(57061,'INSERT INTO gne_vale_ferreteria_mov (vfe_id,pro_codigo_plu,vfm_cantidad,vfm_unitario,vfm_total,vfm_entregado) VALUES (9319,11378,1,620,620,@@@NO@@@)','',2,'2013-08-26'),(57062,'INSERT INTO gne_vale_ferreteria (vfe_id,vfe_fecha,vfe_total,vfe_estado,vfe_entregado,usu_nusuario) VALUES (9320,@@@2013.08.26@@@,150,1,0,@@@M_SANDOVAL@@@)','',2,'2013-08-26'),(57063,'INSERT INTO gne_vale_ferreteria_mov (vfe_id,pro_codigo_plu,vfm_cantidad,vfm_unitario,vfm_total,vfm_entregado) VALUES (9320,764580,1,150,150,@@@NO@@@)','',2,'2013-08-26'),(57064,'INSERT INTO gne_vale_ferreteria (vfe_id,vfe_fecha,vfe_total,vfe_estado,vfe_entregado,usu_nusuario) VALUES (9321,@@@2013.08.26@@@,350,1,0,@@@M_SANDOVAL@@@)','',2,'2013-08-26'),(57065,'INSERT INTO gne_vale_ferreteria_mov (vfe_id,pro_codigo_plu,vfm_cantidad,vfm_unitario,vfm_total,vfm_entregado) VALUES (9321,102408,1,350,350,@@@NO@@@)','',2,'2013-08-26'),(57066,'INSERT INTO gne_vale_ferreteria (vfe_id,vfe_fecha,vfe_total,vfe_estado,vfe_entregado,usu_nusuario) VALUES (9322,@@@2013.08.26@@@,600,1,0,@@@s_diaz@@@)','',2,'2013-08-26'),(57067,'INSERT INTO gne_vale_ferreteria_mov (vfe_id,pro_codigo_plu,vfm_cantidad,vfm_unitario,vfm_total,vfm_entregado) VALUES (9322,763417,1,300,300,@@@NO@@@)','',2,'2013-08-26'),(57068,'INSERT INTO gne_vale_ferreteria_mov (vfe_id,pro_codigo_plu,vfm_cantidad,vfm_unitario,vfm_total,vfm_entregado) VALUES (9322,4074,1,300,300,@@@NO@@@)','',2,'2013-08-26'),(57069,'INSERT INTO gne_vale_ferreteria (vfe_id,vfe_fecha,vfe_total,vfe_estado,vfe_entregado,usu_nusuario) VALUES (9323,@@@2013.08.26@@@,1830,1,0,@@@s_diaz@@@)','',2,'2013-08-26'),(57070,'INSERT INTO gne_vale_ferreteria_mov (vfe_id,pro_codigo_plu,vfm_cantidad,vfm_unitario,vfm_total,vfm_entregado) VALUES (9323,761979,2,915,1830,@@@NO@@@)','',2,'2013-08-26'),(57071,'INSERT INTO gne_vale_ferreteria (vfe_id,vfe_fecha,vfe_total,vfe_estado,vfe_entregado,usu_nusuario) VALUES (9324,@@@2013.08.26@@@,500,1,0,@@@s_diaz@@@)','',2,'2013-08-26'),(57072,'INSERT INTO gne_vale_ferreteria_mov (vfe_id,pro_codigo_plu,vfm_cantidad,vfm_unitario,vfm_total,vfm_entregado) VALUES (9324,780721239,2,150,300,@@@NO@@@)','',2,'2013-08-26'),(57073,'INSERT INTO gne_vale_ferreteria_mov (vfe_id,pro_codigo_plu,vfm_cantidad,vfm_unitario,vfm_total,vfm_entregado) VALUES (9324,78017235,2,100,200,@@@NO@@@)','',2,'2013-08-26'),(57074,'INSERT INTO gne_vale_ferreteria (vfe_id,vfe_fecha,vfe_total,vfe_estado,vfe_entregado,usu_nusuario) VALUES (9325,@@@2013.08.26@@@,1290,1,0,@@@s_diaz@@@)','',2,'2013-08-26'),(57075,'INSERT INTO gne_vale_ferreteria_mov (vfe_id,pro_codigo_plu,vfm_cantidad,vfm_unitario,vfm_total,vfm_entregado) VALUES (9325,764648,1,1290,1290,@@@NO@@@)','',2,'2013-08-26'),(57076,'INSERT INTO gne_vale_ferreteria (vfe_id,vfe_fecha,vfe_total,vfe_estado,vfe_entregado,usu_nusuario) VALUES (9326,@@@2013.08.26@@@,120,1,0,@@@s_diaz@@@)','',2,'2013-08-26'),(57077,'INSERT INTO gne_vale_ferreteria_mov (vfe_id,pro_codigo_plu,vfm_cantidad,vfm_unitario,vfm_total,vfm_entregado) VALUES (9326,78017059,1,120,120,@@@NO@@@)','',2,'2013-08-26'),(57078,'INSERT INTO gne_vale_ferreteria (vfe_id,vfe_fecha,vfe_total,vfe_estado,vfe_entregado,usu_nusuario) VALUES (9327,@@@2013.08.26@@@,550,1,0,@@@b_SAEZ@@@)','',2,'2013-08-26'),(57079,'INSERT INTO gne_vale_ferreteria_mov (vfe_id,pro_codigo_plu,vfm_cantidad,vfm_unitario,vfm_total,vfm_entregado) VALUES (9327,763582,1,550,550,@@@NO@@@)','',2,'2013-08-26'),(57080,'INSERT INTO gne_vale_ferreteria (vfe_id,vfe_fecha,vfe_total,vfe_estado,vfe_entregado,usu_nusuario) VALUES (9328,@@@2013.08.26@@@,1020,1,0,@@@b_SAEZ@@@)','',2,'2013-08-26'),(57081,'INSERT INTO gne_vale_ferreteria_mov (vfe_id,pro_codigo_plu,vfm_cantidad,vfm_unitario,vfm_total,vfm_entregado) VALUES (9328,780220180,1,620,620,@@@NO@@@)','',2,'2013-08-26'),(57082,'INSERT INTO gne_vale_ferreteria_mov (vfe_id,pro_codigo_plu,vfm_cantidad,vfm_unitario,vfm_total,vfm_entregado) VALUES (9328,78017168,1,100,100,@@@NO@@@)','',2,'2013-08-26'),(57083,'INSERT INTO gne_vale_ferreteria_mov (vfe_id,pro_codigo_plu,vfm_cantidad,vfm_unitario,vfm_total,vfm_entregado) VALUES (9328,78017161,2,100,200,@@@NO@@@)','',2,'2013-08-26'),(57084,'INSERT INTO gne_vale_ferreteria_mov (vfe_id,pro_codigo_plu,vfm_cantidad,vfm_unitario,vfm_total,vfm_entregado) VALUES (9328,78017165,1,100,100,@@@NO@@@)','',2,'2013-08-26'),(57085,'INSERT INTO gne_vale_ferreteria (vfe_id,vfe_fecha,vfe_total,vfe_estado,vfe_entregado,usu_nusuario) VALUES (9329,@@@2013.08.26@@@,4680,1,0,@@@b_SAEZ@@@)','',2,'2013-08-26'),(57086,'INSERT INTO gne_vale_ferreteria_mov (vfe_id,pro_codigo_plu,vfm_cantidad,vfm_unitario,vfm_total,vfm_entregado) VALUES (9329,2007,1,390,390,@@@NO@@@)','',2,'2013-08-26'),(57087,'INSERT INTO gne_vale_ferreteria_mov (vfe_id,pro_codigo_plu,vfm_cantidad,vfm_unitario,vfm_total,vfm_entregado) VALUES (9329,780721349,1,4290,4290,@@@NO@@@)','',2,'2013-08-26'),(57088,'INSERT INTO gne_vale_ferreteria (vfe_id,vfe_fecha,vfe_total,vfe_estado,vfe_entregado,usu_nusuario) VALUES (9330,@@@2013.08.26@@@,200,1,0,@@@b_SAEZ@@@)','',2,'2013-08-26'),(57089,'INSERT INTO gne_vale_ferreteria_mov (vfe_id,pro_codigo_plu,vfm_cantidad,vfm_unitario,vfm_total,vfm_entregado) VALUES (9330,770000,4,50,200,@@@NO@@@)','',2,'2013-08-26'),(57090,'UPDATE gpr_pack_virtual SET pav_nombre=@@@PACK YOGHURT CALAN VAINILLA, FRUTILLA,DAMASCO@@@,pav_total_pack=999,pav_total_descuento=121,pav_desde=@@@2013-07-25@@@,pav_hasta=@@@2013-08-31@@@,pav_tipo=@@@PA@@@,pav_precio=140,pav_lleva=8,pav_paga=7.127,pav_descuento=0.873,pav_porcentaje=1,pav_oferta_exclusiva=@@@NO@@@,pav_agotar_stock=@@@SI@@@,pav_stock=300,pav_costo=806.62,pav_margen=23.85 WHERE pav_id=50','',2,'2013-08-26'),(57091,'DELETE FROM gpr_pack_virtual_mov WHERE pav_id=50','',2,'2013-08-26'),(57092,'DELETE FROM gpr_pack_virtual_horario WHERE pav_id=50','',2,'2013-08-26'),(57093,'INSERT INTO gpr_pack_virtual_mov (pav_id,pro_codigo_plu,pvm_precio,pvm_total,pvm_lleva,pvm_paga,pvm_descuento,pvm_porcentaje,pvm_total_normal,pvm_descuento_linea,pvm_costo,pvm_margen) VALUES (50,16900,140,0,1,1,0,0,140,15.125,99.99,23.85),(50,16901,140,0,1,1,0,0,140,15.125,99.99,23.85),(50,16897,140,0,1,1,0,0,140,15.125,99.99,23.85),(50,780721410,140,0,1,1,0,0,140,15.125,103.34,23.85)','',2,'2013-08-26'),(57094,'INSERT INTO gpr_pack_virtual_horario (pav_id,pvh_dia,pvh_hora_desde,pvh_hora_hasta) VALUES (50,99,@@@00:00@@@,@@@23:59@@@)','',2,'2013-08-26'),(57095,'INSERT INTO mae_productos (pro_codigo_plu,pro_codigo_barra,pro_tipo,pro_nombre_producto,pro_nombre_corto,med_id,emb_id,pro_unidades_embalaje,dep_id,lin_id,mar_id,pro_precio_compra_neto,pro_precio_compra_bruto,pro_precio_venta,pro_margen_actual,pro_oferta,pro_fecha_inicio_oferta,pro_fecha_termino_oferta,pro_precio_oferta,pro_stock_minimo,pro_stock_critico,pro_entradas_bodega,pro_salidas_bodega,pro_mermas_bodega,pro_ajustes_bodega,pro_entradas_sv,pro_salidas_sv,pro_mermas_sv,pro_ajustes_sv,pro_activo,rec_numero,pro_unidad,pro_capacidad,pro_consumo_bodega,pro_consumo_sv,pro_estado,pro_funcion_plu,pro_flejes,pro_iva,pro_plu_asociado,pro_envase,pro_duracion,pro_numero_etiqueta) VALUES (780721687,@@@4100054000042@@@,@@@0@@@,@@@GUINALDA COPIHUE@@@,@@@GUINALDA COPIHUE@@@,@@@1 @@@,@@@3 @@@,@@@0@@@,@@@24 @@@,@@@42@@@,@@@2507@@@,@@@0@@@,@@@0@@@,@@@590@@@,@@@0@@@,@@@@@@,@@@2013.08.26@@@,@@@2013.08.26@@@,@@@0@@@,@@@0@@@,@@@0@@@,@@@0@@@,@@@0@@@,@@@0@@@,@@@0@@@,@@@0@@@,@@@0@@@,@@@0@@@,@@@0@@@,@@@1@@@,@@@0@@@,0,1,0,0,2,0,1,1,0,@@@NO@@@,0,0)','',2,'2013-08-26'),(57096,'DELETE FROM mae_impuestos_productos WHERE pro_codigo_plu=@@@780721687@@@','',2,'2013-08-26'),(57097,'INSERT INTO gne_vale_ferreteria (vfe_id,vfe_fecha,vfe_total,vfe_estado,vfe_entregado,usu_nusuario) VALUES (9331,@@@2013.08.26@@@,620,1,0,@@@b_SAEZ@@@)','',2,'2013-08-26'),(57098,'INSERT INTO gne_vale_ferreteria_mov (vfe_id,pro_codigo_plu,vfm_cantidad,vfm_unitario,vfm_total,vfm_entregado) VALUES (9331,780220180,1,620,620,@@@NO@@@)','',2,'2013-08-26'),(57099,'INSERT INTO gne_vale_ferreteria (vfe_id,vfe_fecha,vfe_total,vfe_estado,vfe_entregado,usu_nusuario) VALUES (9332,@@@2013.08.26@@@,1490,1,0,@@@b_SAEZ@@@)','',2,'2013-08-26'),(57100,'INSERT INTO gne_vale_ferreteria_mov (vfe_id,pro_codigo_plu,vfm_cantidad,vfm_unitario,vfm_total,vfm_entregado) VALUES (9332,763653,1,1490,1490,@@@NO@@@)','',2,'2013-08-26'),(57101,'INSERT INTO gne_vale_ferreteria (vfe_id,vfe_fecha,vfe_total,vfe_estado,vfe_entregado,usu_nusuario) VALUES (9333,@@@2013.08.26@@@,210,1,0,@@@b_SAEZ@@@)','',2,'2013-08-26'),(57102,'INSERT INTO gne_vale_ferreteria_mov (vfe_id,pro_codigo_plu,vfm_cantidad,vfm_unitario,vfm_total,vfm_entregado) VALUES (9333,764122,1,210,210,@@@NO@@@)','',2,'2013-08-26'),(57103,'INSERT INTO mae_productos (pro_codigo_plu,pro_codigo_barra,pro_tipo,pro_nombre_producto,pro_nombre_corto,med_id,emb_id,pro_unidades_embalaje,dep_id,lin_id,mar_id,pro_precio_compra_neto,pro_precio_compra_bruto,pro_precio_venta,pro_margen_actual,pro_oferta,pro_fecha_inicio_oferta,pro_fecha_termino_oferta,pro_precio_oferta,pro_stock_minimo,pro_stock_critico,pro_entradas_bodega,pro_salidas_bodega,pro_mermas_bodega,pro_ajustes_bodega,pro_entradas_sv,pro_salidas_sv,pro_mermas_sv,pro_ajustes_sv,pro_activo,rec_numero,pro_unidad,pro_capacidad,pro_consumo_bodega,pro_consumo_sv,pro_estado,pro_funcion_plu,pro_flejes,pro_iva,pro_plu_asociado,pro_envase,pro_duracion,pro_numero_etiqueta) VALUES (780721688,@@@4100054000028@@@,@@@0@@@,@@@GUINALDA CAMPANA @@@,@@@GUINALDA CAMPANA@@@,@@@1 @@@,@@@3 @@@,@@@0@@@,@@@24 @@@,@@@42@@@,@@@2507@@@,@@@0@@@,@@@0@@@,@@@590@@@,@@@0@@@,@@@@@@,@@@2013.08.26@@@,@@@2013.08.26@@@,@@@0@@@,@@@0@@@,@@@0@@@,@@@0@@@,@@@0@@@,@@@0@@@,@@@0@@@,@@@0@@@,@@@0@@@,@@@0@@@,@@@0@@@,@@@1@@@,@@@0@@@,0,1,0,0,2,0,1,1,0,@@@NO@@@,0,0)','',2,'2013-08-26'),(57104,'DELETE FROM mae_impuestos_productos WHERE pro_codigo_plu=@@@780721688@@@','',2,'2013-08-26'),(57105,'INSERT INTO mae_productos (pro_codigo_plu,pro_codigo_barra,pro_tipo,pro_nombre_producto,pro_nombre_corto,med_id,emb_id,pro_unidades_embalaje,dep_id,lin_id,mar_id,pro_precio_compra_neto,pro_precio_compra_bruto,pro_precio_venta,pro_margen_actual,pro_oferta,pro_fecha_inicio_oferta,pro_fecha_termino_oferta,pro_precio_oferta,pro_stock_minimo,pro_stock_critico,pro_entradas_bodega,pro_salidas_bodega,pro_mermas_bodega,pro_ajustes_bodega,pro_entradas_sv,pro_salidas_sv,pro_mermas_sv,pro_ajustes_sv,pro_activo,rec_numero,pro_unidad,pro_capacidad,pro_consumo_bodega,pro_consumo_sv,pro_estado,pro_funcion_plu,pro_flejes,pro_iva,pro_plu_asociado,pro_envase,pro_duracion,pro_numero_etiqueta) VALUES (780721689,@@@4100054000011@@@,@@@0@@@,@@@GUINALDA ESFERA@@@,@@@GUINALDA ESFERA@@@,@@@1 @@@,@@@3 @@@,@@@0@@@,@@@24 @@@,@@@42@@@,@@@2507@@@,@@@0@@@,@@@0@@@,@@@590@@@,@@@0@@@,@@@@@@,@@@2013.08.26@@@,@@@2013.08.26@@@,@@@0@@@,@@@0@@@,@@@0@@@,@@@0@@@,@@@0@@@,@@@0@@@,@@@0@@@,@@@0@@@,@@@0@@@,@@@0@@@,@@@0@@@,@@@1@@@,@@@0@@@,0,1,0,0,2,0,1,1,0,@@@NO@@@,0,0)','',2,'2013-08-26'),(57106,'DELETE FROM mae_impuestos_productos WHERE pro_codigo_plu=@@@780721689@@@','',2,'2013-08-26'),(57107,'INSERT INTO mae_productos (pro_codigo_plu,pro_codigo_barra,pro_tipo,pro_nombre_producto,pro_nombre_corto,med_id,emb_id,pro_unidades_embalaje,dep_id,lin_id,mar_id,pro_precio_compra_neto,pro_precio_compra_bruto,pro_precio_venta,pro_margen_actual,pro_oferta,pro_fecha_inicio_oferta,pro_fecha_termino_oferta,pro_precio_oferta,pro_stock_minimo,pro_stock_critico,pro_entradas_bodega,pro_salidas_bodega,pro_mermas_bodega,pro_ajustes_bodega,pro_entradas_sv,pro_salidas_sv,pro_mermas_sv,pro_ajustes_sv,pro_activo,rec_numero,pro_unidad,pro_capacidad,pro_consumo_bodega,pro_consumo_sv,pro_estado,pro_funcion_plu,pro_flejes,pro_iva,pro_plu_asociado,pro_envase,pro_duracion,pro_numero_etiqueta) VALUES (780721690,@@@4100054000035@@@,@@@0@@@,@@@GUINALDA TROMPO@@@,@@@GUINALDA TROMPO@@@,@@@1 @@@,@@@3 @@@,@@@0@@@,@@@24 @@@,@@@42@@@,@@@2507@@@,@@@0@@@,@@@0@@@,@@@590@@@,@@@0@@@,@@@@@@,@@@2013.08.26@@@,@@@2013.08.26@@@,@@@0@@@,@@@0@@@,@@@0@@@,@@@0@@@,@@@0@@@,@@@0@@@,@@@0@@@,@@@0@@@,@@@0@@@,@@@0@@@,@@@0@@@,@@@1@@@,@@@0@@@,0,1,0,0,2,0,1,1,0,@@@NO@@@,0,0)','',2,'2013-08-26'),(57108,'DELETE FROM mae_impuestos_productos WHERE pro_codigo_plu=@@@780721690@@@','',2,'2013-08-26'),(57109,'INSERT INTO mae_productos (pro_codigo_plu,pro_codigo_barra,pro_tipo,pro_nombre_producto,pro_nombre_corto,med_id,emb_id,pro_unidades_embalaje,dep_id,lin_id,mar_id,pro_precio_compra_neto,pro_precio_compra_bruto,pro_precio_venta,pro_margen_actual,pro_oferta,pro_fecha_inicio_oferta,pro_fecha_termino_oferta,pro_precio_oferta,pro_stock_minimo,pro_stock_critico,pro_entradas_bodega,pro_salidas_bodega,pro_mermas_bodega,pro_ajustes_bodega,pro_entradas_sv,pro_salidas_sv,pro_mermas_sv,pro_ajustes_sv,pro_activo,rec_numero,pro_unidad,pro_capacidad,pro_consumo_bodega,pro_consumo_sv,pro_estado,pro_funcion_plu,pro_flejes,pro_iva,pro_plu_asociado,pro_envase,pro_duracion,pro_numero_etiqueta) VALUES (80091,@@@80091@@@,@@@0@@@,@@@BANDERITAS DE FIESTAS PATRIAS@@@,@@@BANDERITAS DE FI@@@,@@@1 @@@,@@@3 @@@,@@@0@@@,@@@24 @@@,@@@42@@@,@@@2507@@@,@@@0@@@,@@@0@@@,@@@250@@@,@@@0@@@,@@@@@@,@@@2013.08.26@@@,@@@2013.08.26@@@,@@@0@@@,@@@0@@@,@@@0@@@,@@@0@@@,@@@0@@@,@@@0@@@,@@@0@@@,@@@0@@@,@@@0@@@,@@@0@@@,@@@0@@@,@@@1@@@,@@@0@@@,0,2,0,0,2,0,1,1,0,@@@NO@@@,0,0)','',2,'2013-08-26'),(57110,'DELETE FROM mae_impuestos_productos WHERE pro_codigo_plu=@@@80091@@@','',2,'2013-08-26'),(57111,'INSERT INTO gne_vale_ferreteria (vfe_id,vfe_fecha,vfe_total,vfe_estado,vfe_entregado,usu_nusuario) VALUES (9334,@@@2013.08.26@@@,1140,1,0,@@@b_SAEZ@@@)','',2,'2013-08-26'),(57112,'INSERT INTO gne_vale_ferreteria_mov (vfe_id,pro_codigo_plu,vfm_cantidad,vfm_unitario,vfm_total,vfm_entregado) VALUES (9334,78017155,2,450,900,@@@NO@@@)','',2,'2013-08-26'),(57113,'INSERT INTO gne_vale_ferreteria_mov (vfe_id,pro_codigo_plu,vfm_cantidad,vfm_unitario,vfm_total,vfm_entregado) VALUES (9334,78017016,2,120,240,@@@NO@@@)','',2,'2013-08-26'),(57114,'INSERT INTO gne_vale_ferreteria (vfe_id,vfe_fecha,vfe_total,vfe_estado,vfe_entregado,usu_nusuario) VALUES (9335,@@@2013.08.26@@@,1860,1,0,@@@b_SAEZ@@@)','',2,'2013-08-26'),(57115,'INSERT INTO gne_vale_ferreteria_mov (vfe_id,pro_codigo_plu,vfm_cantidad,vfm_unitario,vfm_total,vfm_entregado) VALUES (9335,762308,1,1490,1490,@@@NO@@@)','',2,'2013-08-26'),(57116,'INSERT INTO gne_vale_ferreteria_mov (vfe_id,pro_codigo_plu,vfm_cantidad,vfm_unitario,vfm_total,vfm_entregado) VALUES (9335,780220193,1,370,370,@@@NO@@@)','',2,'2013-08-26'),(57117,'INSERT INTO gne_vale_ferreteria (vfe_id,vfe_fecha,vfe_total,vfe_estado,vfe_entregado,usu_nusuario) VALUES (9336,@@@2013.08.26@@@,760,1,0,@@@b_SAEZ@@@)','',2,'2013-08-26'),(57118,'INSERT INTO gne_vale_ferreteria_mov (vfe_id,pro_codigo_plu,vfm_cantidad,vfm_unitario,vfm_total,vfm_entregado) VALUES (9336,78017139,1,200,200,@@@NO@@@)','',2,'2013-08-26'),(57119,'INSERT INTO gne_vale_ferreteria_mov (vfe_id,pro_codigo_plu,vfm_cantidad,vfm_unitario,vfm_total,vfm_entregado) VALUES (9336,78017141,1,200,200,@@@NO@@@)','',2,'2013-08-26'),(57120,'INSERT INTO gne_vale_ferreteria_mov (vfe_id,pro_codigo_plu,vfm_cantidad,vfm_unitario,vfm_total,vfm_entregado) VALUES (9336,764766,3,120,360,@@@NO@@@)','',2,'2013-08-26'),(57121,'INSERT INTO gne_vale_ferreteria (vfe_id,vfe_fecha,vfe_total,vfe_estado,vfe_entregado,usu_nusuario) VALUES (9337,@@@2013.08.26@@@,1050,1,0,@@@b_SAEZ@@@)','',2,'2013-08-26'),(57122,'INSERT INTO gne_vale_ferreteria_mov (vfe_id,pro_codigo_plu,vfm_cantidad,vfm_unitario,vfm_total,vfm_entregado) VALUES (9337,763806,1,1050,1050,@@@NO@@@)','',2,'2013-08-26'),(57123,'INSERT INTO gne_vale_ferreteria (vfe_id,vfe_fecha,vfe_total,vfe_estado,vfe_entregado,usu_nusuario) VALUES (9338,@@@2013.08.26@@@,2010,1,0,@@@b_SAEZ@@@)','',2,'2013-08-26'),(57124,'INSERT INTO gne_vale_ferreteria_mov (vfe_id,pro_codigo_plu,vfm_cantidad,vfm_unitario,vfm_total,vfm_entregado) VALUES (9338,763604,1,1890,1890,@@@NO@@@)','',2,'2013-08-26'),(57125,'INSERT INTO gne_vale_ferreteria_mov (vfe_id,pro_codigo_plu,vfm_cantidad,vfm_unitario,vfm_total,vfm_entregado) VALUES (9338,780721265,1,120,120,@@@NO@@@)','',2,'2013-08-26'),(57126,'INSERT INTO mae_productos (pro_codigo_plu,pro_codigo_barra,pro_tipo,pro_nombre_producto,pro_nombre_corto,med_id,emb_id,pro_unidades_embalaje,dep_id,lin_id,mar_id,pro_precio_compra_neto,pro_precio_compra_bruto,pro_precio_venta,pro_margen_actual,pro_oferta,pro_fecha_inicio_oferta,pro_fecha_termino_oferta,pro_precio_oferta,pro_stock_minimo,pro_stock_critico,pro_entradas_bodega,pro_salidas_bodega,pro_mermas_bodega,pro_ajustes_bodega,pro_entradas_sv,pro_salidas_sv,pro_mermas_sv,pro_ajustes_sv,pro_activo,rec_numero,pro_unidad,pro_capacidad,pro_consumo_bodega,pro_consumo_sv,pro_estado,pro_funcion_plu,pro_flejes,pro_iva,pro_plu_asociado,pro_envase,pro_duracion,pro_numero_etiqueta) VALUES (990013,@@@990013@@@,@@@0@@@,@@@MANTAS DE HUASO@@@,@@@MANTAS DE HUASO@@@,@@@1 @@@,@@@3 @@@,@@@0@@@,@@@39 @@@,@@@198@@@,@@@2507@@@,@@@0@@@,@@@0@@@,@@@1890@@@,@@@0@@@,@@@@@@,@@@2013.08.26@@@,@@@2013.08.26@@@,@@@0@@@,@@@0@@@,@@@0@@@,@@@0@@@,@@@0@@@,@@@0@@@,@@@0@@@,@@@0@@@,@@@0@@@,@@@0@@@,@@@0@@@,@@@1@@@,@@@0@@@,0,1,0,0,2,0,1,1,0,@@@NO@@@,0,0)','',2,'2013-08-26'),(57127,'DELETE FROM mae_impuestos_productos WHERE pro_codigo_plu=@@@990013@@@','',2,'2013-08-26'),(57128,'INSERT INTO mae_productos (pro_codigo_plu,pro_codigo_barra,pro_tipo,pro_nombre_producto,pro_nombre_corto,med_id,emb_id,pro_unidades_embalaje,dep_id,lin_id,mar_id,pro_precio_compra_neto,pro_precio_compra_bruto,pro_precio_venta,pro_margen_actual,pro_oferta,pro_fecha_inicio_oferta,pro_fecha_termino_oferta,pro_precio_oferta,pro_stock_minimo,pro_stock_critico,pro_entradas_bodega,pro_salidas_bodega,pro_mermas_bodega,pro_ajustes_bodega,pro_entradas_sv,pro_salidas_sv,pro_mermas_sv,pro_ajustes_sv,pro_activo,rec_numero,pro_unidad,pro_capacidad,pro_consumo_bodega,pro_consumo_sv,pro_estado,pro_funcion_plu,pro_flejes,pro_iva,pro_plu_asociado,pro_envase,pro_duracion,pro_numero_etiqueta) VALUES (780721691,@@@6952938318495@@@,@@@0@@@,@@@BANDERITAS FIESTAS PATRIAS@@@,@@@BANDERITAS FIEST@@@,@@@1 @@@,@@@3 @@@,@@@0@@@,@@@38 @@@,@@@179@@@,@@@2507@@@,@@@0@@@,@@@0@@@,@@@290@@@,@@@0@@@,@@@@@@,@@@2013.08.26@@@,@@@2013.08.26@@@,@@@0@@@,@@@0@@@,@@@0@@@,@@@0@@@,@@@0@@@,@@@0@@@,@@@0@@@,@@@0@@@,@@@0@@@,@@@0@@@,@@@0@@@,@@@1@@@,@@@0@@@,0,1,0,0,2,0,1,1,0,@@@NO@@@,0,0)','',2,'2013-08-26'),(57129,'DELETE FROM mae_impuestos_productos WHERE pro_codigo_plu=@@@780721691@@@','',2,'2013-08-26'),(57130,'INSERT INTO gne_vale_ferreteria (vfe_id,vfe_fecha,vfe_total,vfe_estado,vfe_entregado,usu_nusuario) VALUES (9339,@@@2013.08.26@@@,300,1,0,@@@b_SAEZ@@@)','',2,'2013-08-26'),(57131,'INSERT INTO gne_vale_ferreteria_mov (vfe_id,pro_codigo_plu,vfm_cantidad,vfm_unitario,vfm_total,vfm_entregado) VALUES (9339,780721222,1,300,300,@@@NO@@@)','',2,'2013-08-26'),(57132,'INSERT INTO gne_vale_ferreteria (vfe_id,vfe_fecha,vfe_total,vfe_estado,vfe_entregado,usu_nusuario) VALUES (9340,@@@2013.08.26@@@,590,1,0,@@@b_SAEZ@@@)','',2,'2013-08-26'),(57133,'INSERT INTO gne_vale_ferreteria_mov (vfe_id,pro_codigo_plu,vfm_cantidad,vfm_unitario,vfm_total,vfm_entregado) VALUES (9340,780721180,1,590,590,@@@NO@@@)','',2,'2013-08-26'),(57134,'INSERT INTO mae_productos (pro_codigo_plu,pro_codigo_barra,pro_tipo,pro_nombre_producto,pro_nombre_corto,med_id,emb_id,pro_unidades_embalaje,dep_id,lin_id,mar_id,pro_precio_compra_neto,pro_precio_compra_bruto,pro_precio_venta,pro_margen_actual,pro_oferta,pro_fecha_inicio_oferta,pro_fecha_termino_oferta,pro_precio_oferta,pro_stock_minimo,pro_stock_critico,pro_entradas_bodega,pro_salidas_bodega,pro_mermas_bodega,pro_ajustes_bodega,pro_entradas_sv,pro_salidas_sv,pro_mermas_sv,pro_ajustes_sv,pro_activo,rec_numero,pro_unidad,pro_capacidad,pro_consumo_bodega,pro_consumo_sv,pro_estado,pro_funcion_plu,pro_flejes,pro_iva,pro_plu_asociado,pro_envase,pro_duracion,pro_numero_etiqueta) VALUES (780721692,@@@780721692@@@,@@@0@@@,@@@BANDERITAS CHILE@@@,@@@BANDERITAS CHILE@@@,@@@1 @@@,@@@3 @@@,@@@0@@@,@@@38 @@@,@@@179@@@,@@@2507@@@,@@@0@@@,@@@0@@@,@@@390@@@,@@@0@@@,@@@@@@,@@@2013.08.26@@@,@@@2013.08.26@@@,@@@0@@@,@@@0@@@,@@@0@@@,@@@0@@@,@@@0@@@,@@@0@@@,@@@0@@@,@@@0@@@,@@@0@@@,@@@0@@@,@@@0@@@,@@@1@@@,@@@0@@@,0,1,0,0,2,0,1,1,0,@@@NO@@@,0,0)','',2,'2013-08-26'),(57135,'DELETE FROM mae_impuestos_productos WHERE pro_codigo_plu=@@@780721692@@@','',2,'2013-08-26'),(57136,'INSERT INTO gne_vale_ferreteria (vfe_id,vfe_fecha,vfe_total,vfe_estado,vfe_entregado,usu_nusuario) VALUES (9341,@@@2013.08.26@@@,160,1,0,@@@b_SAEZ@@@)','',2,'2013-08-26'),(57137,'INSERT INTO gne_vale_ferreteria_mov (vfe_id,pro_codigo_plu,vfm_cantidad,vfm_unitario,vfm_total,vfm_entregado) VALUES (9341,16430,1,160,160,@@@NO@@@)','',2,'2013-08-26'),(57138,'UPDATE mae_productos SET pro_margen_actual=0,pro_precio_venta=390 WHERE pro_codigo_plu=780721692','',2,'2013-08-26'),(57139,'UPDATE mae_productos SET pro_margen_actual=0,pro_precio_venta=250 WHERE pro_codigo_plu=80091','',2,'2013-08-26'),(57140,'UPDATE mae_productos SET pro_margen_actual=0,pro_precio_venta=290 WHERE pro_codigo_plu=780721691','',2,'2013-08-26'),(57141,'UPDATE mae_productos SET pro_margen_actual=0,pro_precio_venta=590 WHERE pro_codigo_plu=780721688','',2,'2013-08-26'),(57142,'UPDATE mae_productos SET pro_margen_actual=0,pro_precio_venta=590 WHERE pro_codigo_plu=780721687','',2,'2013-08-26'),(57143,'UPDATE mae_productos SET pro_margen_actual=0,pro_precio_venta=590 WHERE pro_codigo_plu=780721689','',2,'2013-08-26'),(57144,'UPDATE mae_productos SET pro_margen_actual=0,pro_precio_venta=590 WHERE pro_codigo_plu=780721690','',2,'2013-08-26'),(57145,'UPDATE mae_productos SET pro_margen_actual=0,pro_precio_venta=1890 WHERE pro_codigo_plu=990013','',2,'2013-08-26'),(57146,'UPDATE mae_productos SET pro_margen_actual=36.19,pro_precio_venta=1050 WHERE pro_codigo_plu=780721643','',2,'2013-08-26'),(57147,'UPDATE mae_productos SET pro_precio_fiscal=pro_precio_venta WHERE pro_codigo_plu=780721689','',2,'2013-08-26'),(57148,'UPDATE mae_productos SET pro_precio_fiscal=pro_precio_venta WHERE pro_codigo_plu=780721688','',2,'2013-08-26'),(57149,'UPDATE mae_productos SET pro_precio_fiscal=pro_precio_venta WHERE pro_codigo_plu=780721690','',2,'2013-08-26'),(57150,'UPDATE mae_productos SET pro_precio_fiscal=pro_precio_venta WHERE pro_codigo_plu=780721687','',2,'2013-08-26'),(57151,'UPDATE mae_productos SET pro_precio_fiscal=pro_precio_venta WHERE pro_codigo_plu=780721691','',2,'2013-08-26'),(57152,'UPDATE mae_productos SET pro_precio_fiscal=pro_precio_venta WHERE pro_codigo_plu=780721692','',2,'2013-08-26'),(57153,'UPDATE mae_productos SET pro_precio_fiscal=pro_precio_venta WHERE pro_codigo_plu=80091','',2,'2013-08-26'),(57154,'UPDATE mae_productos SET pro_precio_fiscal=pro_precio_venta WHERE pro_codigo_plu=990013','',2,'2013-08-26'),(57155,'INSERT INTO gne_vale_ferreteria (vfe_id,vfe_fecha,vfe_total,vfe_estado,vfe_entregado,usu_nusuario) VALUES (9342,@@@2013.08.26@@@,400,1,0,@@@b_SAEZ@@@)','',2,'2013-08-26'),(57156,'INSERT INTO gne_vale_ferreteria_mov (vfe_id,pro_codigo_plu,vfm_cantidad,vfm_unitario,vfm_total,vfm_entregado) VALUES (9342,880006,2,200,400,@@@NO@@@)','',2,'2013-08-26'),(57157,'INSERT INTO gne_vale_ferreteria (vfe_id,vfe_fecha,vfe_total,vfe_estado,vfe_entregado,usu_nusuario) VALUES (9343,@@@2013.08.26@@@,1200,1,0,@@@b_SAEZ@@@)','',2,'2013-08-26'),(57158,'INSERT INTO gne_vale_ferreteria_mov (vfe_id,pro_codigo_plu,vfm_cantidad,vfm_unitario,vfm_total,vfm_entregado) VALUES (9343,4094,6,200,1200,@@@NO@@@)','',2,'2013-08-26'),(57159,'INSERT INTO gne_vale_ferreteria (vfe_id,vfe_fecha,vfe_total,vfe_estado,vfe_entregado,usu_nusuario) VALUES (9344,@@@2013.08.26@@@,75,1,0,@@@b_SAEZ@@@)','',2,'2013-08-26'),(57160,'INSERT INTO gne_vale_ferreteria_mov (vfe_id,pro_codigo_plu,vfm_cantidad,vfm_unitario,vfm_total,vfm_entregado) VALUES (9344,13229,5,15,75,@@@NO@@@)','',2,'2013-08-26'),(57161,'INSERT INTO gne_vale_ferreteria (vfe_id,vfe_fecha,vfe_total,vfe_estado,vfe_entregado,usu_nusuario) VALUES (9345,@@@2013.08.26@@@,620,1,0,@@@b_SAEZ@@@)','',2,'2013-08-26'),(57162,'INSERT INTO gne_vale_ferreteria_mov (vfe_id,pro_codigo_plu,vfm_cantidad,vfm_unitario,vfm_total,vfm_entregado) VALUES (9345,11378,1,620,620,@@@NO@@@)','',2,'2013-08-26'),(57163,'INSERT INTO gne_vale_ferreteria (vfe_id,vfe_fecha,vfe_total,vfe_estado,vfe_entregado,usu_nusuario) VALUES (9346,@@@2013.08.26@@@,2780,1,0,@@@b_SAEZ@@@)','',2,'2013-08-26'),(57164,'INSERT INTO gne_vale_ferreteria_mov (vfe_id,pro_codigo_plu,vfm_cantidad,vfm_unitario,vfm_total,vfm_entregado) VALUES (9346,780721339,2,1390,2780,@@@NO@@@)','',2,'2013-08-26'),(57165,'INSERT INTO gne_vale_ferreteria (vfe_id,vfe_fecha,vfe_total,vfe_estado,vfe_entregado,usu_nusuario) VALUES (9347,@@@2013.08.26@@@,620,1,0,@@@b_SAEZ@@@)','',2,'2013-08-26'),(57166,'INSERT INTO gne_vale_ferreteria_mov (vfe_id,pro_codigo_plu,vfm_cantidad,vfm_unitario,vfm_total,vfm_entregado) VALUES (9347,11378,1,620,620,@@@NO@@@)','',2,'2013-08-26'),(57167,'INSERT INTO gne_vale_ferreteria (vfe_id,vfe_fecha,vfe_total,vfe_estado,vfe_entregado,usu_nusuario) VALUES (9348,@@@2013.08.26@@@,1380,1,0,@@@b_SAEZ@@@)','',2,'2013-08-26'),(57168,'INSERT INTO gne_vale_ferreteria_mov (vfe_id,pro_codigo_plu,vfm_cantidad,vfm_unitario,vfm_total,vfm_entregado) VALUES (9348,770091,2,690,1380,@@@NO@@@)','',2,'2013-08-26'),(57169,'INSERT INTO gne_vale_ferreteria (vfe_id,vfe_fecha,vfe_total,vfe_estado,vfe_entregado,usu_nusuario) VALUES (9349,@@@2013.08.26@@@,610,1,0,@@@b_SAEZ@@@)','',2,'2013-08-26'),(57170,'INSERT INTO gne_vale_ferreteria_mov (vfe_id,pro_codigo_plu,vfm_cantidad,vfm_unitario,vfm_total,vfm_entregado) VALUES (9349,780721660,1,490,490,@@@NO@@@)','',2,'2013-08-26'),(57171,'INSERT INTO gne_vale_ferreteria_mov (vfe_id,pro_codigo_plu,vfm_cantidad,vfm_unitario,vfm_total,vfm_entregado) VALUES (9349,78017204,1,120,120,@@@NO@@@)','',2,'2013-08-26'),(57172,'INSERT INTO gne_vale_ferreteria (vfe_id,vfe_fecha,vfe_total,vfe_estado,vfe_entregado,usu_nusuario) VALUES (9350,@@@2013.08.26@@@,2510,1,0,@@@b_SAEZ@@@)','',2,'2013-08-26'),(57173,'INSERT INTO gne_vale_ferreteria_mov (vfe_id,pro_codigo_plu,vfm_cantidad,vfm_unitario,vfm_total,vfm_entregado) VALUES (9350,3098,1,2390,2390,@@@NO@@@)','',2,'2013-08-26'),(57174,'INSERT INTO gne_vale_ferreteria_mov (vfe_id,pro_codigo_plu,vfm_cantidad,vfm_unitario,vfm_total,vfm_entregado) VALUES (9350,764766,1,120,120,@@@NO@@@)','',2,'2013-08-26'),(57175,'INSERT INTO gne_vale_ferreteria (vfe_id,vfe_fecha,vfe_total,vfe_estado,vfe_entregado,usu_nusuario) VALUES (9351,@@@2013.08.26@@@,120,1,0,@@@b_SAEZ@@@)','',2,'2013-08-26'),(57176,'INSERT INTO gne_vale_ferreteria_mov (vfe_id,pro_codigo_plu,vfm_cantidad,vfm_unitario,vfm_total,vfm_entregado) VALUES (9351,764766,1,120,120,@@@NO@@@)','',2,'2013-08-26'),(57177,'INSERT INTO gne_vale_ferreteria (vfe_id,vfe_fecha,vfe_total,vfe_estado,vfe_entregado,usu_nusuario) VALUES (9352,@@@2013.08.26@@@,3580,1,0,@@@b_SAEZ@@@)','',2,'2013-08-26'),(57178,'INSERT INTO gne_vale_ferreteria_mov (vfe_id,pro_codigo_plu,vfm_cantidad,vfm_unitario,vfm_total,vfm_entregado) VALUES (9352,3098,1,2390,2390,@@@NO@@@)','',2,'2013-08-26'),(57179,'INSERT INTO gne_vale_ferreteria_mov (vfe_id,pro_codigo_plu,vfm_cantidad,vfm_unitario,vfm_total,vfm_entregado) VALUES (9352,764988,1,1190,1190,@@@NO@@@)','',2,'2013-08-26'),(57180,'INSERT INTO gne_vale_ferreteria (vfe_id,vfe_fecha,vfe_total,vfe_estado,vfe_entregado,usu_nusuario) VALUES (9353,@@@2013.08.26@@@,1440,1,0,@@@b_SAEZ@@@)','',2,'2013-08-26'),(57181,'INSERT INTO gne_vale_ferreteria_mov (vfe_id,pro_codigo_plu,vfm_cantidad,vfm_unitario,vfm_total,vfm_entregado) VALUES (9353,763596,1,90,90,@@@NO@@@)','',2,'2013-08-26'),(57182,'INSERT INTO gne_vale_ferreteria_mov (vfe_id,pro_codigo_plu,vfm_cantidad,vfm_unitario,vfm_total,vfm_entregado) VALUES (9353,12083,1,260,260,@@@NO@@@)','',2,'2013-08-26'),(57183,'INSERT INTO gne_vale_ferreteria_mov (vfe_id,pro_codigo_plu,vfm_cantidad,vfm_unitario,vfm_total,vfm_entregado) VALUES (9353,780721387,1,150,150,@@@NO@@@)','',2,'2013-08-26'),(57184,'INSERT INTO gne_vale_ferreteria_mov (vfe_id,pro_codigo_plu,vfm_cantidad,vfm_unitario,vfm_total,vfm_entregado) VALUES (9353,780721669,1,490,490,@@@NO@@@)','',2,'2013-08-26'),(57185,'INSERT INTO gne_vale_ferreteria_mov (vfe_id,pro_codigo_plu,vfm_cantidad,vfm_unitario,vfm_total,vfm_entregado) VALUES (9353,761962,1,450,450,@@@NO@@@)','',2,'2013-08-26'),(57186,'INSERT INTO gne_vale_ferreteria (vfe_id,vfe_fecha,vfe_total,vfe_estado,vfe_entregado,usu_nusuario) VALUES (9354,@@@2013.08.26@@@,1770,1,0,@@@b_SAEZ@@@)','',2,'2013-08-26'),(57187,'INSERT INTO gne_vale_ferreteria_mov (vfe_id,pro_codigo_plu,vfm_cantidad,vfm_unitario,vfm_total,vfm_entregado) VALUES (9354,764160,2,120,240,@@@NO@@@)','',2,'2013-08-26'),(57188,'INSERT INTO gne_vale_ferreteria_mov (vfe_id,pro_codigo_plu,vfm_cantidad,vfm_unitario,vfm_total,vfm_entregado) VALUES (9354,78017002,2,120,240,@@@NO@@@)','',2,'2013-08-26'),(57189,'INSERT INTO gne_vale_ferreteria_mov (vfe_id,pro_codigo_plu,vfm_cantidad,vfm_unitario,vfm_total,vfm_entregado) VALUES (9354,78017027,2,70,140,@@@NO@@@)','',2,'2013-08-26'),(57190,'INSERT INTO gne_vale_ferreteria_mov (vfe_id,pro_codigo_plu,vfm_cantidad,vfm_unitario,vfm_total,vfm_entregado) VALUES (9354,764766,1,120,120,@@@NO@@@)','',2,'2013-08-26'),(57191,'INSERT INTO gne_vale_ferreteria_mov (vfe_id,pro_codigo_plu,vfm_cantidad,vfm_unitario,vfm_total,vfm_entregado) VALUES (9354,1071,1,790,790,@@@NO@@@)','',2,'2013-08-26'),(57192,'INSERT INTO gne_vale_ferreteria_mov (vfe_id,pro_codigo_plu,vfm_cantidad,vfm_unitario,vfm_total,vfm_entregado) VALUES (9354,78017004,1,120,120,@@@NO@@@)','',2,'2013-08-26'),(57193,'INSERT INTO gne_vale_ferreteria_mov (vfe_id,pro_codigo_plu,vfm_cantidad,vfm_unitario,vfm_total,vfm_entregado) VALUES (9354,78017009,1,120,120,@@@NO@@@)','',2,'2013-08-26'),(57194,'INSERT INTO gne_vale_ferreteria (vfe_id,vfe_fecha,vfe_total,vfe_estado,vfe_entregado,usu_nusuario) VALUES (9355,@@@2013.08.26@@@,690,1,0,@@@b_SAEZ@@@)','',2,'2013-08-26'),(57195,'INSERT INTO gne_vale_ferreteria_mov (vfe_id,pro_codigo_plu,vfm_cantidad,vfm_unitario,vfm_total,vfm_entregado) VALUES (9355,78017027,9,70,630,@@@NO@@@)','',2,'2013-08-26'),(57196,'INSERT INTO gne_vale_ferreteria_mov (vfe_id,pro_codigo_plu,vfm_cantidad,vfm_unitario,vfm_total,vfm_entregado) VALUES (9355,4801,2,30,60,@@@NO@@@)','',2,'2013-08-26'),(57197,'INSERT INTO gne_vale_ferreteria (vfe_id,vfe_fecha,vfe_total,vfe_estado,vfe_entregado,usu_nusuario) VALUES (9356,@@@2013.08.26@@@,150,1,0,@@@b_SAEZ@@@)','',2,'2013-08-26'),(57198,'INSERT INTO gne_vale_ferreteria_mov (vfe_id,pro_codigo_plu,vfm_cantidad,vfm_unitario,vfm_total,vfm_entregado) VALUES (9356,8021,1,150,150,@@@NO@@@)','',2,'2013-08-26'),(57199,'INSERT INTO gne_vale_ferreteria (vfe_id,vfe_fecha,vfe_total,vfe_estado,vfe_entregado,usu_nusuario) VALUES (9357,@@@2013.08.26@@@,120,1,0,@@@b_SAEZ@@@)','',2,'2013-08-26'),(57200,'INSERT INTO gne_vale_ferreteria_mov (vfe_id,pro_codigo_plu,vfm_cantidad,vfm_unitario,vfm_total,vfm_entregado) VALUES (9357,764766,1,120,120,@@@NO@@@)','',2,'2013-08-26'),(57201,'UPDATE mae_productos SET pro_margen_actual=4.19,pro_precio_venta=199 WHERE pro_codigo_plu=763578','',2,'2013-08-26'),(57202,'UPDATE mae_productos SET pro_precio_fiscal=pro_precio_venta WHERE pro_codigo_plu=763578','',2,'2013-08-26'),(57203,'INSERT INTO gne_vale_ferreteria (vfe_id,vfe_fecha,vfe_total,vfe_estado,vfe_entregado,usu_nusuario) VALUES (9358,@@@2013.08.26@@@,590,1,0,@@@b_SAEZ@@@)','',2,'2013-08-26'),(57204,'INSERT INTO gne_vale_ferreteria_mov (vfe_id,pro_codigo_plu,vfm_cantidad,vfm_unitario,vfm_total,vfm_entregado) VALUES (9358,19865,1,590,590,@@@NO@@@)','',2,'2013-08-26'),(57205,'INSERT INTO gne_vale_ferreteria (vfe_id,vfe_fecha,vfe_total,vfe_estado,vfe_entregado,usu_nusuario) VALUES (9359,@@@2013.08.26@@@,140,1,0,@@@b_SAEZ@@@)','',2,'2013-08-26'),(57206,'INSERT INTO gne_vale_ferreteria_mov (vfe_id,pro_codigo_plu,vfm_cantidad,vfm_unitario,vfm_total,vfm_entregado) VALUES (9359,15819,1,50,50,@@@NO@@@)','',2,'2013-08-26'),(57207,'INSERT INTO gne_vale_ferreteria_mov (vfe_id,pro_codigo_plu,vfm_cantidad,vfm_unitario,vfm_total,vfm_entregado) VALUES (9359,4801,3,30,90,@@@NO@@@)','',2,'2013-08-26'),(57208,'INSERT INTO gne_vale_ferreteria (vfe_id,vfe_fecha,vfe_total,vfe_estado,vfe_entregado,usu_nusuario) VALUES (9360,@@@2013.08.27@@@,1760,1,0,@@@M_SANDOVAL@@@)','',2,'2013-08-27'),(57209,'INSERT INTO gne_vale_ferreteria_mov (vfe_id,pro_codigo_plu,vfm_cantidad,vfm_unitario,vfm_total,vfm_entregado) VALUES (9360,78017128,1,490,490,@@@NO@@@)','',2,'2013-08-27'),(57210,'INSERT INTO gne_vale_ferreteria_mov (vfe_id,pro_codigo_plu,vfm_cantidad,vfm_unitario,vfm_total,vfm_entregado) VALUES (9360,78017126,1,490,490,@@@NO@@@)','',2,'2013-08-27'),(57211,'INSERT INTO gne_vale_ferreteria_mov (vfe_id,pro_codigo_plu,vfm_cantidad,vfm_unitario,vfm_total,vfm_entregado) VALUES (9360,780721278,2,390,780,@@@NO@@@)','',2,'2013-08-27'),(57212,'INSERT INTO gne_vale_ferreteria (vfe_id,vfe_fecha,vfe_total,vfe_estado,vfe_entregado,usu_nusuario) VALUES (9361,@@@2013.08.27@@@,700,1,0,@@@M_SANDOVAL@@@)','',2,'2013-08-27'),(57213,'INSERT INTO gne_vale_ferreteria_mov (vfe_id,pro_codigo_plu,vfm_cantidad,vfm_unitario,vfm_total,vfm_entregado) VALUES (9361,4078,7,100,700,@@@NO@@@)','',2,'2013-08-27'),(57214,'INSERT INTO gne_vale_ferreteria (vfe_id,vfe_fecha,vfe_total,vfe_estado,vfe_entregado,usu_nusuario) VALUES (9362,@@@2013.08.27@@@,200,1,0,@@@M_SANDOVAL@@@)','',2,'2013-08-27'),(57215,'INSERT INTO gne_vale_ferreteria_mov (vfe_id,pro_codigo_plu,vfm_cantidad,vfm_unitario,vfm_total,vfm_entregado) VALUES (9362,18386,1,200,200,@@@NO@@@)','',2,'2013-08-27'),(57216,'UPDATE mae_productos SET pro_codigo_barra=@@@710@@@,pro_tipo=@@@0@@@,pro_nombre_producto=@@@DOKO CACHORRO CARNE ASADA@@@,pro_nombre_corto=@@@DOKO CACHORRO CA@@@,med_id=@@@1@@@,emb_id=@@@1@@@,pro_unidades_embalaje=@@@1@@@,dep_id=@@@42 @@@,lin_id=@@@211@@@,mar_id=@@@2507@@@,pro_precio_compra_neto=@@@0@@@,pro_precio_compra_bruto=@@@0@@@,pro_precio_venta=@@@1350@@@,pro_margen_actual=@@@0@@@,pro_oferta=@@@NO@@@,pro_fecha_inicio_oferta=@@@1900.01.01@@@,pro_fecha_termino_oferta=@@@1900.01.01@@@,pro_precio_oferta=@@@0@@@,pro_stock_minimo=@@@1@@@,pro_stock_critico=@@@1@@@,pro_activo=@@@1@@@,pro_unidad=@@@1@@@,pro_precio_compra_bruto=0,pro_margen_actual=0,pro_capacidad=1,pro_funcion_plu=1,pro_flejes=0,pro_iva=1,pro_plu_asociado=0,pro_envase=@@@NO@@@,pro_duracion=0,pro_numero_etiqueta=1 WHERE pro_codigo_plu=@@@710@@@','',2,'2013-08-27'),(57217,'UPDATE mae_productos SET pro_estado=1 WHERE pro_codigo_plu=710','',2,'2013-08-27'),(57218,'DELETE FROM mae_impuestos_productos WHERE pro_codigo_plu=@@@710@@@','',2,'2013-08-27'),(57219,'INSERT INTO gne_vale_ferreteria (vfe_id,vfe_fecha,vfe_total,vfe_estado,vfe_entregado,usu_nusuario) VALUES (9363,@@@2013.08.27@@@,1000,1,0,@@@M_SANDOVAL@@@)','',2,'2013-08-27'),(57220,'INSERT INTO gne_vale_ferreteria_mov (vfe_id,pro_codigo_plu,vfm_cantidad,vfm_unitario,vfm_total,vfm_entregado) VALUES (9363,6013,1,1000,1000,@@@NO@@@)','',2,'2013-08-27'),(57221,'INSERT INTO gne_vale_ferreteria (vfe_id,vfe_fecha,vfe_total,vfe_estado,vfe_entregado,usu_nusuario) VALUES (9364,@@@2013.08.27@@@,1080,1,0,@@@M_SANDOVAL@@@)','',2,'2013-08-27'),(57222,'INSERT INTO gne_vale_ferreteria_mov (vfe_id,pro_codigo_plu,vfm_cantidad,vfm_unitario,vfm_total,vfm_entregado) VALUES (9364,1565,1,590,590,@@@NO@@@)','',2,'2013-08-27'),(57223,'INSERT INTO gne_vale_ferreteria_mov (vfe_id,pro_codigo_plu,vfm_cantidad,vfm_unitario,vfm_total,vfm_entregado) VALUES (9364,1566,1,490,490,@@@NO@@@)','',2,'2013-08-27'),(57224,'INSERT INTO gne_vale_ferreteria (vfe_id,vfe_fecha,vfe_total,vfe_estado,vfe_entregado,usu_nusuario) VALUES (9365,@@@2013.08.27@@@,1260,1,0,@@@M_SANDOVAL@@@)','',2,'2013-08-27'),(57225,'INSERT INTO gne_vale_ferreteria_mov (vfe_id,pro_codigo_plu,vfm_cantidad,vfm_unitario,vfm_total,vfm_entregado) VALUES (9365,780721389,1,1100,1100,@@@NO@@@)','',2,'2013-08-27'),(57226,'INSERT INTO gne_vale_ferreteria_mov (vfe_id,pro_codigo_plu,vfm_cantidad,vfm_unitario,vfm_total,vfm_entregado) VALUES (9365,16421,1,160,160,@@@NO@@@)','',2,'2013-08-27'),(57227,'INSERT INTO mae_productos (pro_codigo_plu,pro_codigo_barra,pro_tipo,pro_nombre_producto,pro_nombre_corto,med_id,emb_id,pro_unidades_embalaje,dep_id,lin_id,mar_id,pro_precio_compra_neto,pro_precio_compra_bruto,pro_precio_venta,pro_margen_actual,pro_oferta,pro_fecha_inicio_oferta,pro_fecha_termino_oferta,pro_precio_oferta,pro_stock_minimo,pro_stock_critico,pro_entradas_bodega,pro_salidas_bodega,pro_mermas_bodega,pro_ajustes_bodega,pro_entradas_sv,pro_salidas_sv,pro_mermas_sv,pro_ajustes_sv,pro_activo,rec_numero,pro_unidad,pro_capacidad,pro_consumo_bodega,pro_consumo_sv,pro_estado,pro_funcion_plu,pro_flejes,pro_iva,pro_plu_asociado,pro_envase,pro_duracion,pro_numero_etiqueta) VALUES (780721693,@@@7804520015635@@@,@@@0@@@,@@@BOLSA BASURA OSO 50 X 55 20 UNID@@@,@@@BOLSA BASURA OSO@@@,@@@1 @@@,@@@4 @@@,@@@20@@@,@@@2 @@@,@@@41@@@,@@@1910@@@,@@@0@@@,@@@673.3@@@,@@@1@@@,@@@-99.85@@@,@@@@@@,@@@2006.09.07@@@,@@@2006.09.07@@@,@@@0@@@,@@@15@@@,@@@5@@@,@@@0@@@,@@@0@@@,@@@0@@@,@@@0@@@,@@@0@@@,@@@0@@@,@@@0@@@,@@@0@@@,@@@1@@@,@@@0@@@,0,20,0,0,2,0,1,1,0,@@@NO@@@,0,0)','',2,'2013-08-27'),(57228,'DELETE FROM mae_impuestos_productos WHERE pro_codigo_plu=@@@780721693@@@','',2,'2013-08-27'),(57229,'INSERT INTO gne_vale_ferreteria (vfe_id,vfe_fecha,vfe_total,vfe_estado,vfe_entregado,usu_nusuario) VALUES (9366,@@@2013.08.27@@@,650,1,0,@@@M_SANDOVAL@@@)','',2,'2013-08-27'),(57230,'INSERT INTO gne_vale_ferreteria_mov (vfe_id,pro_codigo_plu,vfm_cantidad,vfm_unitario,vfm_total,vfm_entregado) VALUES (9366,78017198,1,650,650,@@@NO@@@)','',2,'2013-08-27'),(57231,'UPDATE gpr_pack_virtual SET pav_nombre=@@@PACK GALLETAS + GOLPE X $999@@@,pav_total_pack=999,pav_total_descuento=261,pav_desde=@@@2013-08-09@@@,pav_hasta=@@@2013-09-30@@@,pav_tipo=@@@PR@@@,pav_precio=0,pav_lleva=0,pav_paga=0,pav_descuento=0,pav_porcentaje=0,pav_oferta_exclusiva=@@@NO@@@,pav_agotar_stock=@@@SI@@@,pav_stock=40,pav_costo=932,pav_margen=7.19 WHERE pav_id=57','',2,'2013-08-27'),(57232,'DELETE FROM gpr_pack_virtual_mov WHERE pav_id=57','',2,'2013-08-27'),(57233,'DELETE FROM gpr_pack_virtual_horario WHERE pav_id=57','',2,'2013-08-27'),(57234,'INSERT INTO gpr_pack_virtual_mov (pav_id,pro_codigo_plu,pvm_precio,pvm_total,pvm_lleva,pvm_paga,pvm_descuento,pvm_porcentaje,pvm_total_normal,pvm_descuento_linea,pvm_costo,pvm_margen) VALUES (57,102311,380,293,1,0.77,0.23,0,380,87,280,4.64),(57,102312,380,293,1,0.77,0.23,0,380,87,280,4.64),(57,12089,120,120,1,1,0,0,120,0,92,30.43),(57,102310,380,293,1,0.77,0.23,0,380,87,280,4.64)','',2,'2013-08-27'),(57235,'INSERT INTO gpr_pack_virtual_horario (pav_id,pvh_dia,pvh_hora_desde,pvh_hora_hasta) VALUES (57,99,@@@00:00@@@,@@@23:59@@@)','',2,'2013-08-27'),(57236,'INSERT INTO gne_vale_ferreteria (vfe_id,vfe_fecha,vfe_total,vfe_estado,vfe_entregado,usu_nusuario) VALUES (9367,@@@2013.08.27@@@,795,1,0,@@@M_SANDOVAL@@@)','',2,'2013-08-27'),(57237,'INSERT INTO gne_vale_ferreteria_mov (vfe_id,pro_codigo_plu,vfm_cantidad,vfm_unitario,vfm_total,vfm_entregado) VALUES (9367,21117,1,495,495,@@@NO@@@)','',2,'2013-08-27'),(57238,'INSERT INTO gne_vale_ferreteria_mov (vfe_id,pro_codigo_plu,vfm_cantidad,vfm_unitario,vfm_total,vfm_entregado) VALUES (9367,2500,300,1,300,@@@NO@@@)','',2,'2013-08-27'),(57239,'INSERT INTO gne_vale_ferreteria (vfe_id,vfe_fecha,vfe_total,vfe_estado,vfe_entregado,usu_nusuario) VALUES (9368,@@@2013.08.27@@@,200,1,0,@@@M_SANDOVAL@@@)','',2,'2013-08-27'),(57240,'INSERT INTO gne_vale_ferreteria_mov (vfe_id,pro_codigo_plu,vfm_cantidad,vfm_unitario,vfm_total,vfm_entregado) VALUES (9368,1543,1,200,200,@@@NO@@@)','',2,'2013-08-27'),(57241,'INSERT INTO gne_vale_ferreteria (vfe_id,vfe_fecha,vfe_total,vfe_estado,vfe_entregado,usu_nusuario) VALUES (9369,@@@2013.08.27@@@,1590,1,0,@@@M_SANDOVAL@@@)','',2,'2013-08-27'),(57242,'INSERT INTO gne_vale_ferreteria_mov (vfe_id,pro_codigo_plu,vfm_cantidad,vfm_unitario,vfm_total,vfm_entregado) VALUES (9369,780721580,1,1590,1590,@@@NO@@@)','',2,'2013-08-27'),(57243,'INSERT INTO gne_vale_ferreteria (vfe_id,vfe_fecha,vfe_total,vfe_estado,vfe_entregado,usu_nusuario) VALUES (9370,@@@2013.08.27@@@,590,1,0,@@@M_SANDOVAL@@@)','',2,'2013-08-27'),(57244,'INSERT INTO gne_vale_ferreteria_mov (vfe_id,pro_codigo_plu,vfm_cantidad,vfm_unitario,vfm_total,vfm_entregado) VALUES (9370,780721516,1,590,590,@@@NO@@@)','',2,'2013-08-27'),(57245,'INSERT INTO gne_vale_ferreteria (vfe_id,vfe_fecha,vfe_total,vfe_estado,vfe_entregado,usu_nusuario) VALUES (9371,@@@2013.08.27@@@,400,1,0,@@@M_SANDOVAL@@@)','',2,'2013-08-27'),(57246,'INSERT INTO gne_vale_ferreteria_mov (vfe_id,pro_codigo_plu,vfm_cantidad,vfm_unitario,vfm_total,vfm_entregado) VALUES (9371,1069,1,200,200,@@@NO@@@)','',2,'2013-08-27'),(57247,'INSERT INTO gne_vale_ferreteria_mov (vfe_id,pro_codigo_plu,vfm_cantidad,vfm_unitario,vfm_total,vfm_entregado) VALUES (9371,1067,1,200,200,@@@NO@@@)','',2,'2013-08-27'),(57248,'INSERT INTO gne_vale_ferreteria (vfe_id,vfe_fecha,vfe_total,vfe_estado,vfe_entregado,usu_nusuario) VALUES (9372,@@@2013.08.27@@@,590,1,0,@@@M_SANDOVAL@@@)','',2,'2013-08-27'),(57249,'INSERT INTO gne_vale_ferreteria_mov (vfe_id,pro_codigo_plu,vfm_cantidad,vfm_unitario,vfm_total,vfm_entregado) VALUES (9372,780721487,1,590,590,@@@NO@@@)','',2,'2013-08-27'),(57250,'INSERT INTO gne_vale_ferreteria (vfe_id,vfe_fecha,vfe_total,vfe_estado,vfe_entregado,usu_nusuario) VALUES (9373,@@@2013.08.27@@@,550,1,0,@@@M_SANDOVAL@@@)','',2,'2013-08-27'),(57251,'INSERT INTO gne_vale_ferreteria_mov (vfe_id,pro_codigo_plu,vfm_cantidad,vfm_unitario,vfm_total,vfm_entregado) VALUES (9373,780220196,1,300,300,@@@NO@@@)','',2,'2013-08-27'),(57252,'INSERT INTO gne_vale_ferreteria_mov (vfe_id,pro_codigo_plu,vfm_cantidad,vfm_unitario,vfm_total,vfm_entregado) VALUES (9373,763786,1,250,250,@@@NO@@@)','',2,'2013-08-27'),(57253,'INSERT INTO gne_vale_ferreteria (vfe_id,vfe_fecha,vfe_total,vfe_estado,vfe_entregado,usu_nusuario) VALUES (9374,@@@2013.08.27@@@,1890,1,0,@@@M_SANDOVAL@@@)','',2,'2013-08-27'),(57254,'INSERT INTO gne_vale_ferreteria_mov (vfe_id,pro_codigo_plu,vfm_cantidad,vfm_unitario,vfm_total,vfm_entregado) VALUES (9374,763296,1,1890,1890,@@@NO@@@)','',2,'2013-08-27'),(57255,'INSERT INTO gne_vale_ferreteria (vfe_id,vfe_fecha,vfe_total,vfe_estado,vfe_entregado,usu_nusuario) VALUES (9375,@@@2013.08.27@@@,200,1,0,@@@M_SANDOVAL@@@)','',2,'2013-08-27'),(57256,'INSERT INTO gne_vale_ferreteria_mov (vfe_id,pro_codigo_plu,vfm_cantidad,vfm_unitario,vfm_total,vfm_entregado) VALUES (9375,101101,1,200,200,@@@NO@@@)','',2,'2013-08-27'),(57257,'INSERT INTO gne_vale_ferreteria (vfe_id,vfe_fecha,vfe_total,vfe_estado,vfe_entregado,usu_nusuario) VALUES (9376,@@@2013.08.27@@@,300,1,0,@@@b_SAEZ@@@)','',2,'2013-08-27'),(57258,'INSERT INTO gne_vale_ferreteria_mov (vfe_id,pro_codigo_plu,vfm_cantidad,vfm_unitario,vfm_total,vfm_entregado) VALUES (9376,78017110,2,150,300,@@@NO@@@)','',2,'2013-08-27'),(57259,'INSERT INTO gne_vale_ferreteria (vfe_id,vfe_fecha,vfe_total,vfe_estado,vfe_entregado,usu_nusuario) VALUES (9377,@@@2013.08.27@@@,1490,1,0,@@@b_SAEZ@@@)','',2,'2013-08-27'),(57260,'INSERT INTO gne_vale_ferreteria_mov (vfe_id,pro_codigo_plu,vfm_cantidad,vfm_unitario,vfm_total,vfm_entregado) VALUES (9377,780721300,1,1490,1490,@@@NO@@@)','',2,'2013-08-27'),(57261,'INSERT INTO gne_vale_ferreteria (vfe_id,vfe_fecha,vfe_total,vfe_estado,vfe_entregado,usu_nusuario) VALUES (9378,@@@2013.08.27@@@,1490,1,0,@@@b_SAEZ@@@)','',2,'2013-08-27'),(57262,'INSERT INTO gne_vale_ferreteria_mov (vfe_id,pro_codigo_plu,vfm_cantidad,vfm_unitario,vfm_total,vfm_entregado) VALUES (9378,780721300,1,1490,1490,@@@NO@@@)','',2,'2013-08-27'),(57263,'INSERT INTO gne_vale_ferreteria (vfe_id,vfe_fecha,vfe_total,vfe_estado,vfe_entregado,usu_nusuario) VALUES (9379,@@@2013.08.27@@@,990,1,0,@@@b_SAEZ@@@)','',2,'2013-08-27'),(57264,'INSERT INTO gne_vale_ferreteria_mov (vfe_id,pro_codigo_plu,vfm_cantidad,vfm_unitario,vfm_total,vfm_entregado) VALUES (9379,770087,1,990,990,@@@NO@@@)','',2,'2013-08-27'),(57265,'INSERT INTO gne_vale_ferreteria (vfe_id,vfe_fecha,vfe_total,vfe_estado,vfe_entregado,usu_nusuario) VALUES (9380,@@@2013.08.27@@@,1060,1,0,@@@b_SAEZ@@@)','',2,'2013-08-27'),(57266,'INSERT INTO gne_vale_ferreteria_mov (vfe_id,pro_codigo_plu,vfm_cantidad,vfm_unitario,vfm_total,vfm_entregado) VALUES (9380,101677,2,530,1060,@@@NO@@@)','',2,'2013-08-27'),(57267,'INSERT INTO gne_vale_ferreteria (vfe_id,vfe_fecha,vfe_total,vfe_estado,vfe_entregado,usu_nusuario) VALUES (9381,@@@2013.08.27@@@,290,1,0,@@@b_SAEZ@@@)','',2,'2013-08-27'),(57268,'INSERT INTO gne_vale_ferreteria_mov (vfe_id,pro_codigo_plu,vfm_cantidad,vfm_unitario,vfm_total,vfm_entregado) VALUES (9381,1559,1,290,290,@@@NO@@@)','',2,'2013-08-27'),(57269,'INSERT INTO gne_vale_ferreteria (vfe_id,vfe_fecha,vfe_total,vfe_estado,vfe_entregado,usu_nusuario) VALUES (9382,@@@2013.08.27@@@,1050,1,0,@@@b_SAEZ@@@)','',2,'2013-08-27'),(57270,'INSERT INTO gne_vale_ferreteria_mov (vfe_id,pro_codigo_plu,vfm_cantidad,vfm_unitario,vfm_total,vfm_entregado) VALUES (9382,780721061,1,1050,1050,@@@NO@@@)','',2,'2013-08-27'),(57271,'UPDATE mae_productos SET pro_margen_actual=-99.85,pro_precio_venta=1 WHERE pro_codigo_plu=780721693','',2,'2013-08-27'),(57272,'UPDATE mae_productos SET pro_margen_actual=0,pro_precio_venta=1350 WHERE pro_codigo_plu=710','',2,'2013-08-27'),(57273,'UPDATE mae_productos SET pro_margen_actual=0,pro_precio_venta=1490 WHERE pro_codigo_plu=16157','',2,'2013-08-27'),(57274,'UPDATE mae_productos SET pro_precio_fiscal=pro_precio_venta WHERE pro_codigo_plu=16157','',2,'2013-08-27'),(57275,'INSERT INTO gne_vale_ferreteria (vfe_id,vfe_fecha,vfe_total,vfe_estado,vfe_entregado,usu_nusuario) VALUES (9383,@@@2013.08.27@@@,1440,1,0,@@@b_SAEZ@@@)','',2,'2013-08-27'),(57276,'INSERT INTO gne_vale_ferreteria_mov (vfe_id,pro_codigo_plu,vfm_cantidad,vfm_unitario,vfm_total,vfm_entregado) VALUES (9383,78017006,1,120,120,@@@NO@@@)','',2,'2013-08-27'),(57277,'INSERT INTO gne_vale_ferreteria_mov (vfe_id,pro_codigo_plu,vfm_cantidad,vfm_unitario,vfm_total,vfm_entregado) VALUES (9383,764160,2,120,240,@@@NO@@@)','',2,'2013-08-27'),(57278,'INSERT INTO gne_vale_ferreteria_mov (vfe_id,pro_codigo_plu,vfm_cantidad,vfm_unitario,vfm_total,vfm_entregado) VALUES (9383,78017005,1,120,120,@@@NO@@@)','',2,'2013-08-27'),(57279,'INSERT INTO gne_vale_ferreteria_mov (vfe_id,pro_codigo_plu,vfm_cantidad,vfm_unitario,vfm_total,vfm_entregado) VALUES (9383,78017008,2,120,240,@@@NO@@@)','',2,'2013-08-27'),(57280,'INSERT INTO gne_vale_ferreteria_mov (vfe_id,pro_codigo_plu,vfm_cantidad,vfm_unitario,vfm_total,vfm_entregado) VALUES (9383,78017003,2,120,240,@@@NO@@@)','',2,'2013-08-27'),(57281,'INSERT INTO gne_vale_ferreteria_mov (vfe_id,pro_codigo_plu,vfm_cantidad,vfm_unitario,vfm_total,vfm_entregado) VALUES (9383,78017009,2,120,240,@@@NO@@@)','',2,'2013-08-27'),(57282,'INSERT INTO gne_vale_ferreteria_mov (vfe_id,pro_codigo_plu,vfm_cantidad,vfm_unitario,vfm_total,vfm_entregado) VALUES (9383,764158,2,120,240,@@@NO@@@)','',2,'2013-08-27'),(57283,'INSERT INTO gne_vale_ferreteria (vfe_id,vfe_fecha,vfe_total,vfe_estado,vfe_entregado,usu_nusuario) VALUES (9384,@@@2013.08.27@@@,690,1,0,@@@b_SAEZ@@@)','',2,'2013-08-27'),(57284,'INSERT INTO gne_vale_ferreteria_mov (vfe_id,pro_codigo_plu,vfm_cantidad,vfm_unitario,vfm_total,vfm_entregado) VALUES (9384,764830,1,690,690,@@@NO@@@)','',2,'2013-08-27'),(57285,'INSERT INTO gne_vale_ferreteria (vfe_id,vfe_fecha,vfe_total,vfe_estado,vfe_entregado,usu_nusuario) VALUES (9385,@@@2013.08.27@@@,620,1,0,@@@b_SAEZ@@@)','',2,'2013-08-27'),(57286,'INSERT INTO gne_vale_ferreteria_mov (vfe_id,pro_codigo_plu,vfm_cantidad,vfm_unitario,vfm_total,vfm_entregado) VALUES (9385,780220180,1,620,620,@@@NO@@@)','',2,'2013-08-27'),(57287,'UPDATE mae_productos SET pro_precio_compra_bruto=782.32,pro_margen_actual=(pro_precio_venta-782.32)/782.32 * 100,pro_ultima_compra=@@@2013.08.27@@@,pro_ultimo_proveedor=@@@94528000-K@@@ WHERE pro_codigo_plu=101166','',2,'2013-08-27'),(57288,'UPDATE mae_productos SET pro_precio_venta=1190,pro_margen_actual= 52.11 WHERE pro_codigo_plu=101166','',2,'2013-08-27'),(57289,'UPDATE gpr_pack_virtual SET pav_nombre=@@@PACK STAX LAYS ORIGINAL + QUESO+ CEBOLLA 2 X@@@,pav_total_pack=2250,pav_total_descuento=330,pav_desde=@@@2013-07-15@@@,pav_hasta=@@@2013-08-31@@@,pav_tipo=@@@PA@@@,pav_precio=1290,pav_lleva=2,pav_paga=1.7445,pav_descuento=0.2555,pav_porcentaje=1,pav_oferta_exclusiva=@@@NO@@@,pav_agotar_stock=@@@SI@@@,pav_stock=50,pav_costo=1782.62,pav_margen=26.22 WHERE pav_id=34','',2,'2013-08-27'),(57290,'DELETE FROM gpr_pack_virtual_mov WHERE pav_id=34','',2,'2013-08-27'),(57291,'DELETE FROM gpr_pack_virtual_horario WHERE pav_id=34','',2,'2013-08-27'),(57292,'INSERT INTO gpr_pack_virtual_mov (pav_id,pro_codigo_plu,pvm_precio,pvm_total,pvm_lleva,pvm_paga,pvm_descuento,pvm_porcentaje,pvm_total_normal,pvm_descuento_linea,pvm_costo,pvm_margen) VALUES (34,101349,1290,0,1,1,0,0,1290,165,891.31,26.22),(34,101335,1290,0,1,1,0,0,1290,165,891.31,26.22)','',2,'2013-08-27'),(57293,'INSERT INTO gpr_pack_virtual_horario (pav_id,pvh_dia,pvh_hora_desde,pvh_hora_hasta) VALUES (34,99,@@@00:00@@@,@@@23:59@@@)','',2,'2013-08-27'),(57294,'UPDATE mae_productos SET pro_precio_fiscal=pro_precio_venta WHERE pro_codigo_plu=101166','',2,'2013-08-27'),(57295,'UPDATE mae_productos SET pro_precio_fiscal=pro_precio_venta WHERE pro_codigo_plu=780721693','',2,'2013-08-27'),(57296,'UPDATE gpr_pack_virtual SET pav_nombre=@@@1@@@,pav_total_pack=2250,pav_total_descuento=330,pav_desde=@@@2013-07-15@@@,pav_hasta=@@@2013-08-31@@@,pav_tipo=@@@PA@@@,pav_precio=1290,pav_lleva=2,pav_paga=1.7445,pav_descuento=0.2555,pav_porcentaje=1,pav_oferta_exclusiva=@@@NO@@@,pav_agotar_stock=@@@SI@@@,pav_stock=50,pav_costo=1782.62,pav_margen=26.22 WHERE pav_id=34','',2,'2013-08-27'),(57297,'DELETE FROM gpr_pack_virtual_mov WHERE pav_id=34','',2,'2013-08-27'),(57298,'DELETE FROM gpr_pack_virtual_horario WHERE pav_id=34','',2,'2013-08-27'),(57299,'INSERT INTO gpr_pack_virtual_mov (pav_id,pro_codigo_plu,pvm_precio,pvm_total,pvm_lleva,pvm_paga,pvm_descuento,pvm_porcentaje,pvm_total_normal,pvm_descuento_linea,pvm_costo,pvm_margen) VALUES (34,101349,1290,0,1,1,0,0,1290,165,891.31,26.22)','',2,'2013-08-27'),(57300,'INSERT INTO gpr_pack_virtual_horario (pav_id,pvh_dia,pvh_hora_desde,pvh_hora_hasta) VALUES (34,99,@@@00:00@@@,@@@23:59@@@)','',2,'2013-08-27'),(57301,'INSERT INTO gne_vale_ferreteria (vfe_id,vfe_fecha,vfe_total,vfe_estado,vfe_entregado,usu_nusuario) VALUES (9386,@@@2013.08.27@@@,670,1,0,@@@b_SAEZ@@@)','',2,'2013-08-27'),(57302,'INSERT INTO gne_vale_ferreteria_mov (vfe_id,pro_codigo_plu,vfm_cantidad,vfm_unitario,vfm_total,vfm_entregado) VALUES (9386,780721304,1,550,550,@@@NO@@@)','',2,'2013-08-27'),(57303,'INSERT INTO gne_vale_ferreteria_mov (vfe_id,pro_codigo_plu,vfm_cantidad,vfm_unitario,vfm_total,vfm_entregado) VALUES (9386,8022,1,120,120,@@@NO@@@)','',2,'2013-08-27'),(57304,'UPDATE gpr_pack_virtual SET pav_activo=@@@NO@@@ WHERE pav_id=39','',2,'2013-08-27'),(57305,'UPDATE mae_productos SET pro_precio_fiscal=pro_precio_venta WHERE pro_codigo_plu=780220178','',2,'2013-08-27'),(57306,'UPDATE mae_productos SET pro_precio_compra_bruto=1000,pro_margen_actual=(pro_precio_venta-1000)/1000 * 100,pro_ultima_compra=@@@2013.08.27@@@,pro_ultimo_proveedor=@@@76717550-7@@@ WHERE pro_codigo_plu=383','',2,'2013-08-27'),(57307,'INSERT INTO gne_vale_ferreteria (vfe_id,vfe_fecha,vfe_total,vfe_estado,vfe_entregado,usu_nusuario) VALUES (9387,@@@2013.08.27@@@,1890,1,0,@@@b_SAEZ@@@)','',2,'2013-08-27'),(57308,'INSERT INTO gne_vale_ferreteria_mov (vfe_id,pro_codigo_plu,vfm_cantidad,vfm_unitario,vfm_total,vfm_entregado) VALUES (9387,102075,1,1890,1890,@@@NO@@@)','',2,'2013-08-27'),(57309,'UPDATE mae_productos SET pro_precio_compra_bruto=90,pro_margen_actual=(pro_precio_venta-90)/90 * 100,pro_ultima_compra=@@@2013.08.27@@@,pro_ultimo_proveedor=@@@76027786-k@@@ WHERE pro_codigo_plu=1011','',2,'2013-08-27'),(57310,'UPDATE mae_productos SET pro_precio_compra_bruto=90,pro_margen_actual=(pro_precio_venta-90)/90 * 100,pro_ultima_compra=@@@2013.08.27@@@,pro_ultimo_proveedor=@@@76027786-k@@@ WHERE pro_codigo_plu=1012','',2,'2013-08-27'),(57311,'INSERT INTO gne_vale_ferreteria (vfe_id,vfe_fecha,vfe_total,vfe_estado,vfe_entregado,usu_nusuario) VALUES (9388,@@@2013.08.27@@@,650,1,0,@@@b_SAEZ@@@)','',2,'2013-08-27'),(57312,'INSERT INTO gne_vale_ferreteria_mov (vfe_id,pro_codigo_plu,vfm_cantidad,vfm_unitario,vfm_total,vfm_entregado) VALUES (9388,78017198,1,650,650,@@@NO@@@)','',2,'2013-08-27'),(57313,'INSERT INTO gne_vale_ferreteria (vfe_id,vfe_fecha,vfe_total,vfe_estado,vfe_entregado,usu_nusuario) VALUES (9389,@@@2013.08.27@@@,250,1,0,@@@b_SAEZ@@@)','',2,'2013-08-27'),(57314,'INSERT INTO gne_vale_ferreteria_mov (vfe_id,pro_codigo_plu,vfm_cantidad,vfm_unitario,vfm_total,vfm_entregado) VALUES (9389,2021,1,250,250,@@@NO@@@)','',2,'2013-08-27'),(57315,'UPDATE mae_productos SET pro_precio_compra_bruto=187.9,pro_margen_actual=(pro_precio_venta-187.9)/187.9 * 100,pro_ultima_compra=@@@2013.08.27@@@,pro_ultimo_proveedor=@@@84348700-9@@@ WHERE pro_codigo_plu=10286','',2,'2013-08-27'),(57316,'UPDATE mae_productos SET pro_precio_compra_bruto=673.3,pro_margen_actual=(pro_precio_venta-673.3)/673.3 * 100,pro_ultima_compra=@@@2013.08.27@@@,pro_ultimo_proveedor=@@@84348700-9@@@ WHERE pro_codigo_plu=780721693','',2,'2013-08-27'),(57317,'UPDATE mae_productos SET pro_precio_compra_bruto=342.5,pro_margen_actual=(pro_precio_venta-342.5)/342.5 * 100,pro_ultima_compra=@@@2013.08.27@@@,pro_ultimo_proveedor=@@@84348700-9@@@ WHERE pro_codigo_plu=14246','',2,'2013-08-27'),(57318,'UPDATE mae_productos SET pro_precio_compra_bruto=638.8,pro_margen_actual=(pro_precio_venta-638.8)/638.8 * 100,pro_ultima_compra=@@@2013.08.27@@@,pro_ultimo_proveedor=@@@84348700-9@@@ WHERE pro_codigo_plu=14203','',2,'2013-08-27'),(57319,'UPDATE mae_productos SET pro_precio_compra_bruto=1449.4,pro_margen_actual=(pro_precio_venta-1449.4)/1449.4 * 100,pro_ultima_compra=@@@2013.08.27@@@,pro_ultimo_proveedor=@@@84348700-9@@@ WHERE pro_codigo_plu=101624','',2,'2013-08-27'),(57320,'UPDATE mae_productos SET pro_precio_compra_bruto=1449.4,pro_margen_actual=(pro_precio_venta-1449.4)/1449.4 * 100,pro_ultima_compra=@@@2013.08.27@@@,pro_ultimo_proveedor=@@@84348700-9@@@ WHERE pro_codigo_plu=101680','',2,'2013-08-27'),(57321,'UPDATE mae_productos SET pro_precio_compra_bruto=1449.4,pro_margen_actual=(pro_precio_venta-1449.4)/1449.4 * 100,pro_ultima_compra=@@@2013.08.27@@@,pro_ultimo_proveedor=@@@84348700-9@@@ WHERE pro_codigo_plu=102075','',2,'2013-08-27'),(57322,'UPDATE mae_productos SET pro_precio_compra_bruto=1488.6,pro_margen_actual=(pro_precio_venta-1488.6)/1488.6 * 100,pro_ultima_compra=@@@2013.08.27@@@,pro_ultimo_proveedor=@@@84348700-9@@@ WHERE pro_codigo_plu=101856','',2,'2013-08-27'),(57323,'UPDATE mae_productos SET pro_precio_compra_bruto=1488.6,pro_margen_actual=(pro_precio_venta-1488.6)/1488.6 * 100,pro_ultima_compra=@@@2013.08.27@@@,pro_ultimo_proveedor=@@@84348700-9@@@ WHERE pro_codigo_plu=102731','',2,'2013-08-27'),(57324,'UPDATE mae_productos SET pro_precio_compra_bruto=1488.6,pro_margen_actual=(pro_precio_venta-1488.6)/1488.6 * 100,pro_ultima_compra=@@@2013.08.27@@@,pro_ultimo_proveedor=@@@84348700-9@@@ WHERE pro_codigo_plu=102628','',2,'2013-08-27'),(57325,'UPDATE mae_productos SET pro_precio_compra_bruto=1488.6,pro_margen_actual=(pro_precio_venta-1488.6)/1488.6 * 100,pro_ultima_compra=@@@2013.08.27@@@,pro_ultimo_proveedor=@@@84348700-9@@@ WHERE pro_codigo_plu=102733','',2,'2013-08-27'),(57326,'UPDATE mae_productos SET pro_precio_compra_bruto=592.4,pro_margen_actual=(pro_precio_venta-592.4)/592.4 * 100,pro_ultima_compra=@@@2013.08.27@@@,pro_ultimo_proveedor=@@@84348700-9@@@ WHERE pro_codigo_plu=13115','',2,'2013-08-27'),(57327,'UPDATE mae_productos SET pro_precio_compra_bruto=5169.36,pro_margen_actual=(pro_precio_venta-5169.36)/5169.36 * 100,pro_ultima_compra=@@@2013.08.27@@@,pro_ultimo_proveedor=@@@84348700-9@@@ WHERE pro_codigo_plu=102005','',2,'2013-08-27'),(57328,'UPDATE mae_productos SET pro_precio_compra_bruto=275.088,pro_margen_actual=(pro_precio_venta-275.088)/275.088 * 100,pro_ultima_compra=@@@2013.08.27@@@,pro_ultimo_proveedor=@@@84348700-9@@@ WHERE pro_codigo_plu=14654','',2,'2013-08-27'),(57329,'INSERT INTO gne_vale_ferreteria (vfe_id,vfe_fecha,vfe_total,vfe_estado,vfe_entregado,usu_nusuario) VALUES (9390,@@@2013.08.27@@@,200,1,0,@@@b_SAEZ@@@)','',2,'2013-08-27'),(57330,'INSERT INTO gne_vale_ferreteria_mov (vfe_id,pro_codigo_plu,vfm_cantidad,vfm_unitario,vfm_total,vfm_entregado) VALUES (9390,4089,1,200,200,@@@NO@@@)','',2,'2013-08-27'),(57331,'INSERT INTO gne_vale_ferreteria (vfe_id,vfe_fecha,vfe_total,vfe_estado,vfe_entregado,usu_nusuario) VALUES (9391,@@@2013.08.27@@@,150,1,0,@@@b_SAEZ@@@)','',2,'2013-08-27'),(57332,'INSERT INTO gne_vale_ferreteria_mov (vfe_id,pro_codigo_plu,vfm_cantidad,vfm_unitario,vfm_total,vfm_entregado) VALUES (9391,78017018,1,150,150,@@@NO@@@)','',2,'2013-08-27'),(57333,'INSERT INTO gne_vale_ferreteria (vfe_id,vfe_fecha,vfe_total,vfe_estado,vfe_entregado,usu_nusuario) VALUES (9392,@@@2013.08.27@@@,100,1,0,@@@b_SAEZ@@@)','',2,'2013-08-27'),(57334,'INSERT INTO gne_vale_ferreteria_mov (vfe_id,pro_codigo_plu,vfm_cantidad,vfm_unitario,vfm_total,vfm_entregado) VALUES (9392,770003,10,10,100,@@@NO@@@)','',2,'2013-08-27'),(57335,'UPDATE mae_productos SET pro_precio_venta=930,pro_margen_actual= 38.13 WHERE pro_codigo_plu=780721693','',2,'2013-08-27'),(57336,'UPDATE mae_productos SET pro_precio_venta=1990,pro_margen_actual= 37.3 WHERE pro_codigo_plu=101624','',2,'2013-08-27'),(57337,'UPDATE mae_productos SET pro_precio_venta=1990,pro_margen_actual= 37.3 WHERE pro_codigo_plu=101680','',2,'2013-08-27'),(57338,'UPDATE mae_productos SET pro_precio_venta=1990,pro_margen_actual= 37.3 WHERE pro_codigo_plu=102075','',2,'2013-08-27'),(57339,'UPDATE mae_productos SET pro_precio_compra_bruto=759.9,pro_margen_actual=(pro_precio_venta-759.9)/759.9 * 100,pro_ultima_compra=@@@2013.08.27@@@,pro_ultimo_proveedor=@@@90703000-8@@@ WHERE pro_codigo_plu=710','',2,'2013-08-27'),(57340,'UPDATE mae_productos SET pro_precio_compra_bruto=376.83,pro_margen_actual=(pro_precio_venta-376.83)/376.83 * 100,pro_ultima_compra=@@@2013.08.27@@@,pro_ultimo_proveedor=@@@79984240-8@@@ WHERE pro_codigo_plu=18556','',2,'2013-08-27'),(57341,'UPDATE mae_productos SET pro_precio_compra_bruto=2499,pro_margen_actual=(pro_precio_venta-2499)/2499 * 100,pro_ultima_compra=@@@2013.08.27@@@,pro_ultimo_proveedor=@@@79984240-8@@@ WHERE pro_codigo_plu=344','',2,'2013-08-27'),(57342,'UPDATE mae_productos SET pro_precio_compra_bruto=376.8,pro_margen_actual=(pro_precio_venta-376.8)/376.8 * 100,pro_ultima_compra=@@@2013.08.27@@@,pro_ultimo_proveedor=@@@79984240-8@@@ WHERE pro_codigo_plu=18588','',2,'2013-08-27'),(57343,'UPDATE mae_productos SET pro_precio_compra_bruto=238,pro_margen_actual=(pro_precio_venta-238)/238 * 100,pro_ultima_compra=@@@2013.08.27@@@,pro_ultimo_proveedor=@@@79984240-8@@@ WHERE pro_codigo_plu=19755','',2,'2013-08-27'),(57344,'UPDATE mae_productos SET pro_precio_compra_bruto=238,pro_margen_actual=(pro_precio_venta-238)/238 * 100,pro_ultima_compra=@@@2013.08.27@@@,pro_ultimo_proveedor=@@@79984240-8@@@ WHERE pro_codigo_plu=19768','',2,'2013-08-27'),(57345,'UPDATE mae_productos SET pro_precio_compra_bruto=249.9,pro_margen_actual=(pro_precio_venta-249.9)/249.9 * 100,pro_ultima_compra=@@@2013.08.27@@@,pro_ultimo_proveedor=@@@79984240-8@@@ WHERE pro_codigo_plu=19695','',2,'2013-08-27'),(57346,'UPDATE mae_productos SET pro_precio_compra_bruto=1535.1,pro_margen_actual=(pro_precio_venta-1535.1)/1535.1 * 100,pro_ultima_compra=@@@2013.08.27@@@,pro_ultimo_proveedor=@@@79984240-8@@@ WHERE pro_codigo_plu=763555','',2,'2013-08-27'),(57347,'INSERT INTO gne_vale_ferreteria (vfe_id,vfe_fecha,vfe_total,vfe_estado,vfe_entregado,usu_nusuario) VALUES (9393,@@@2013.08.27@@@,2380,1,0,@@@b_SAEZ@@@)','',2,'2013-08-27'),(57348,'INSERT INTO gne_vale_ferreteria_mov (vfe_id,pro_codigo_plu,vfm_cantidad,vfm_unitario,vfm_total,vfm_entregado) VALUES (9393,1575,1,1190,1190,@@@NO@@@)','',2,'2013-08-27'),(57349,'INSERT INTO gne_vale_ferreteria_mov (vfe_id,pro_codigo_plu,vfm_cantidad,vfm_unitario,vfm_total,vfm_entregado) VALUES (9393,4069,1,1190,1190,@@@NO@@@)','',2,'2013-08-27'),(57350,'INSERT INTO gne_vale_ferreteria (vfe_id,vfe_fecha,vfe_total,vfe_estado,vfe_entregado,usu_nusuario) VALUES (9394,@@@2013.08.27@@@,120,1,0,@@@b_SAEZ@@@)','',2,'2013-08-27'),(57351,'INSERT INTO gne_vale_ferreteria_mov (vfe_id,pro_codigo_plu,vfm_cantidad,vfm_unitario,vfm_total,vfm_entregado) VALUES (9394,764766,1,120,120,@@@NO@@@)','',2,'2013-08-27'),(57352,'UPDATE mae_productos SET pro_precio_venta=2100,pro_margen_actual= 36.8 WHERE pro_codigo_plu=763555','',2,'2013-08-27'),(57353,'UPDATE mae_productos SET pro_precio_compra_bruto=36.7,pro_margen_actual=(pro_precio_venta-36.7)/36.7 * 100,pro_ultima_compra=@@@2013.08.27@@@,pro_ultimo_proveedor=@@@76543990-6@@@ WHERE pro_codigo_plu=764823','',2,'2013-08-27'),(57354,'UPDATE mae_productos SET pro_precio_compra_bruto=240,pro_margen_actual=(pro_precio_venta-240)/240 * 100,pro_ultima_compra=@@@2013.08.27@@@,pro_ultimo_proveedor=@@@76543990-6@@@ WHERE pro_codigo_plu=15802','',2,'2013-08-27'),(57355,'UPDATE mae_productos SET pro_precio_compra_bruto=57.8,pro_margen_actual=(pro_precio_venta-57.8)/57.8 * 100,pro_ultima_compra=@@@2013.08.27@@@,pro_ultimo_proveedor=@@@76543990-6@@@ WHERE pro_codigo_plu=770001','',2,'2013-08-27'),(57356,'INSERT INTO gne_vale_ferreteria (vfe_id,vfe_fecha,vfe_total,vfe_estado,vfe_entregado,usu_nusuario) VALUES (9395,@@@2013.08.27@@@,490,1,0,@@@b_SAEZ@@@)','',2,'2013-08-27'),(57357,'INSERT INTO gne_vale_ferreteria_mov (vfe_id,pro_codigo_plu,vfm_cantidad,vfm_unitario,vfm_total,vfm_entregado) VALUES (9395,78017203,1,490,490,@@@NO@@@)','',2,'2013-08-27'),(57358,'UPDATE mae_productos SET pro_precio_compra_bruto=13.1,pro_margen_actual=(pro_precio_venta-13.1)/13.1 * 100,pro_ultima_compra=@@@2013.08.27@@@,pro_ultimo_proveedor=@@@76979850-1@@@ WHERE pro_codigo_plu=770031','',2,'2013-08-27'),(57359,'UPDATE mae_productos SET pro_precio_compra_bruto=10.68,pro_margen_actual=(pro_precio_venta-10.68)/10.68 * 100,pro_ultima_compra=@@@2013.08.27@@@,pro_ultimo_proveedor=@@@76979850-1@@@ WHERE pro_codigo_plu=770029','',2,'2013-08-27'),(57360,'UPDATE mae_productos SET pro_precio_compra_bruto=7.389,pro_margen_actual=(pro_precio_venta-7.389)/7.389 * 100,pro_ultima_compra=@@@2013.08.27@@@,pro_ultimo_proveedor=@@@76979850-1@@@ WHERE pro_codigo_plu=4801','',2,'2013-08-27'),(57361,'INSERT INTO gne_vale_ferreteria (vfe_id,vfe_fecha,vfe_total,vfe_estado,vfe_entregado,usu_nusuario) VALUES (9396,@@@2013.08.27@@@,130,1,0,@@@b_SAEZ@@@)','',2,'2013-08-27'),(57362,'INSERT INTO gne_vale_ferreteria_mov (vfe_id,pro_codigo_plu,vfm_cantidad,vfm_unitario,vfm_total,vfm_entregado) VALUES (9396,15967,1,130,130,@@@NO@@@)','',2,'2013-08-27'),(57363,'UPDATE mae_productos SET pro_precio_compra_bruto=697.92,pro_margen_actual=(pro_precio_venta-697.92)/697.92 * 100,pro_ultima_compra=@@@2013.08.27@@@,pro_ultimo_proveedor=@@@99554560-8@@@ WHERE pro_codigo_plu=17174','',2,'2013-08-27'),(57364,'UPDATE mae_productos SET pro_precio_compra_bruto=697.92,pro_margen_actual=(pro_precio_venta-697.92)/697.92 * 100,pro_ultima_compra=@@@2013.08.27@@@,pro_ultimo_proveedor=@@@99554560-8@@@ WHERE pro_codigo_plu=12230','',2,'2013-08-27'),(57365,'UPDATE mae_productos SET pro_precio_compra_bruto=883.1,pro_margen_actual=(pro_precio_venta-883.1)/883.1 * 100,pro_ultima_compra=@@@2013.08.27@@@,pro_ultimo_proveedor=@@@99554560-8@@@ WHERE pro_codigo_plu=765063','',2,'2013-08-27'),(57366,'UPDATE mae_productos SET pro_precio_compra_bruto=883.1,pro_margen_actual=(pro_precio_venta-883.1)/883.1 * 100,pro_ultima_compra=@@@2013.08.27@@@,pro_ultimo_proveedor=@@@99554560-8@@@ WHERE pro_codigo_plu=18299','',2,'2013-08-27'),