(86690,'UPDATE mae_productos SET pro_codigo_barra=@@@7802000002557@@@,pro_tipo=@@@0@@@,pro_nombre_producto=@@@LAYS AMERICANA 450 GRS.@@@,pro_nombre_corto=@@@LAYS AMERICANA 4@@@,med_id=@@@5@@@,emb_id=@@@6@@@,pro_unidades_embalaje=@@@6@@@,dep_id=@@@32 @@@,lin_id=@@@160@@@,mar_id=@@@1625@@@,pro_precio_compra_neto=@@@0@@@,pro_precio_compra_bruto=@@@1516.06@@@,pro_precio_venta=@@@1990@@@,pro_margen_actual=@@@31.26@@@,pro_oferta=@@@NO@@@,pro_fecha_inicio_oferta=@@@2006.09.07@@@,pro_fecha_termino_oferta=@@@2006.09.07@@@,pro_precio_oferta=@@@0@@@,pro_stock_minimo=@@@6@@@,pro_stock_critico=@@@3@@@,pro_activo=@@@1@@@,pro_unidad=@@@0@@@,pro_precio_compra_bruto=1516.06,pro_margen_actual=31.26,pro_capacidad=0.45,pro_funcion_plu=0,pro_flejes=1,pro_iva=1,pro_plu_asociado=0,pro_envase=@@@NO@@@,pro_duracion=0,pro_numero_etiqueta=0 WHERE pro_codigo_plu=@@@102535@@@','',2,'2013-11-04'),(86691,'UPDATE mae_productos SET pro_estado=1 WHERE pro_codigo_plu=102535','',2,'2013-11-04'),(86692,'DELETE FROM mae_impuestos_productos WHERE pro_codigo_plu=@@@102535@@@','',2,'2013-11-04'),(86693,'UPDATE mae_productos SET pro_precio_fiscal=pro_precio_venta WHERE pro_codigo_plu=102535','',2,'2013-11-04'),(86694,'INSERT INTO gne_vale_ferreteria (vfe_id,vfe_fecha,vfe_total,vfe_estado,vfe_entregado,usu_nusuario) VALUES (15819,@@@2013.11.04@@@,650,1,0,@@@M_GUERRERO@@@)','',2,'2013-11-04'),(86695,'INSERT INTO gne_vale_ferreteria_mov (vfe_id,pro_codigo_plu,vfm_cantidad,vfm_unitario,vfm_total,vfm_entregado) VALUES (15819,780721666,1,650,650,@@@NO@@@)','',2,'2013-11-04'),(86696,'INSERT INTO gne_vale_ferreteria (vfe_id,vfe_fecha,vfe_total,vfe_estado,vfe_entregado,usu_nusuario) VALUES (15820,@@@2013.11.04@@@,2969,1,0,@@@M_GUERRERO@@@)','',2,'2013-11-04'),(86697,'INSERT INTO gne_vale_ferreteria_mov (vfe_id,pro_codigo_plu,vfm_cantidad,vfm_unitario,vfm_total,vfm_entregado) VALUES (15820,761990,1,399,399,@@@NO@@@)','',2,'2013-11-04'),(86698,'INSERT INTO gne_vale_ferreteria_mov (vfe_id,pro_codigo_plu,vfm_cantidad,vfm_unitario,vfm_total,vfm_entregado) VALUES (15820,763621,1,2290,2290,@@@NO@@@)','',2,'2013-11-04'),(86699,'INSERT INTO gne_vale_ferreteria_mov (vfe_id,pro_codigo_plu,vfm_cantidad,vfm_unitario,vfm_total,vfm_entregado) VALUES (15820,764364,2,140,280,@@@NO@@@)','',2,'2013-11-04'),(86700,'INSERT INTO gne_vale_ferreteria (vfe_id,vfe_fecha,vfe_total,vfe_estado,vfe_entregado,usu_nusuario) VALUES (15821,@@@2013.11.04@@@,1020,1,0,@@@M_GUERRERO@@@)','',2,'2013-11-04'),(86701,'INSERT INTO gne_vale_ferreteria_mov (vfe_id,pro_codigo_plu,vfm_cantidad,vfm_unitario,vfm_total,vfm_entregado) VALUES (15821,20756,1,490,490,@@@NO@@@)','',2,'2013-11-04'),(86702,'INSERT INTO gne_vale_ferreteria_mov (vfe_id,pro_codigo_plu,vfm_cantidad,vfm_unitario,vfm_total,vfm_entregado) VALUES (15821,11218,1,530,530,@@@NO@@@)','',2,'2013-11-04'),(86703,'INSERT INTO gne_vale_ferreteria (vfe_id,vfe_fecha,vfe_total,vfe_estado,vfe_entregado,usu_nusuario) VALUES (15822,@@@2013.11.04@@@,30,1,0,@@@M_GUERRERO@@@)','',2,'2013-11-04'),(86704,'INSERT INTO gne_vale_ferreteria_mov (vfe_id,pro_codigo_plu,vfm_cantidad,vfm_unitario,vfm_total,vfm_entregado) VALUES (15822,13229,2,15,30,@@@NO@@@)','',2,'2013-11-04'),(86705,'INSERT INTO gne_vale_ferreteria (vfe_id,vfe_fecha,vfe_total,vfe_estado,vfe_entregado,usu_nusuario) VALUES (15823,@@@2013.11.04@@@,300,1,0,@@@M_GUERRERO@@@)','',2,'2013-11-04'),(86706,'INSERT INTO gne_vale_ferreteria_mov (vfe_id,pro_codigo_plu,vfm_cantidad,vfm_unitario,vfm_total,vfm_entregado) VALUES (15823,10063,1,300,300,@@@NO@@@)','',2,'2013-11-04'),(86707,'INSERT INTO gne_vale_ferreteria (vfe_id,vfe_fecha,vfe_total,vfe_estado,vfe_entregado,usu_nusuario) VALUES (15824,@@@2013.11.04@@@,590,1,0,@@@M_GUERRERO@@@)','',2,'2013-11-04'),(86708,'INSERT INTO gne_vale_ferreteria_mov (vfe_id,pro_codigo_plu,vfm_cantidad,vfm_unitario,vfm_total,vfm_entregado) VALUES (15824,36649,1,590,590,@@@NO@@@)','',2,'2013-11-04'),(86709,'INSERT INTO gne_vale_ferreteria (vfe_id,vfe_fecha,vfe_total,vfe_estado,vfe_entregado,usu_nusuario) VALUES (15825,@@@2013.11.04@@@,450,1,0,@@@M_GUERRERO@@@)','',2,'2013-11-04'),(86710,'INSERT INTO gne_vale_ferreteria_mov (vfe_id,pro_codigo_plu,vfm_cantidad,vfm_unitario,vfm_total,vfm_entregado) VALUES (15825,909190,3,150,450,@@@NO@@@)','',2,'2013-11-04'),(86711,'INSERT INTO gne_vale_ferreteria (vfe_id,vfe_fecha,vfe_total,vfe_estado,vfe_entregado,usu_nusuario) VALUES (15826,@@@2013.11.04@@@,1100,1,0,@@@M_GUERRERO@@@)','',2,'2013-11-04'),(86712,'INSERT INTO gne_vale_ferreteria_mov (vfe_id,pro_codigo_plu,vfm_cantidad,vfm_unitario,vfm_total,vfm_entregado) VALUES (15826,101657,1,1100,1100,@@@NO@@@)','',2,'2013-11-04'),(86713,'INSERT INTO gne_vale_ferreteria (vfe_id,vfe_fecha,vfe_total,vfe_estado,vfe_entregado,usu_nusuario) VALUES (15827,@@@2013.11.04@@@,200,1,0,@@@M_GUERRERO@@@)','',2,'2013-11-04'),(86714,'INSERT INTO gne_vale_ferreteria_mov (vfe_id,pro_codigo_plu,vfm_cantidad,vfm_unitario,vfm_total,vfm_entregado) VALUES (15827,4077,1,200,200,@@@NO@@@)','',2,'2013-11-04'),(86715,'INSERT INTO gne_vale_ferreteria (vfe_id,vfe_fecha,vfe_total,vfe_estado,vfe_entregado,usu_nusuario) VALUES (15828,@@@2013.11.04@@@,1580,1,0,@@@M_GUERRERO@@@)','',2,'2013-11-04'),(86716,'INSERT INTO gne_vale_ferreteria_mov (vfe_id,pro_codigo_plu,vfm_cantidad,vfm_unitario,vfm_total,vfm_entregado) VALUES (15828,763843,2,790,1580,@@@NO@@@)','',2,'2013-11-04'),(86717,'INSERT INTO gne_vale_ferreteria (vfe_id,vfe_fecha,vfe_total,vfe_estado,vfe_entregado,usu_nusuario) VALUES (15829,@@@2013.11.04@@@,1490,1,0,@@@M_GUERRERO@@@)','',2,'2013-11-04'),(86718,'INSERT INTO gne_vale_ferreteria_mov (vfe_id,pro_codigo_plu,vfm_cantidad,vfm_unitario,vfm_total,vfm_entregado) VALUES (15829,762308,1,1490,1490,@@@NO@@@)','',2,'2013-11-04'),(86719,'INSERT INTO gne_vale_ferreteria (vfe_id,vfe_fecha,vfe_total,vfe_estado,vfe_entregado,usu_nusuario) VALUES (15830,@@@2013.11.04@@@,290,1,0,@@@M_GUERRERO@@@)','',2,'2013-11-04'),(86720,'INSERT INTO gne_vale_ferreteria_mov (vfe_id,pro_codigo_plu,vfm_cantidad,vfm_unitario,vfm_total,vfm_entregado) VALUES (15830,880009,1,290,290,@@@NO@@@)','',2,'2013-11-04'),(86721,'INSERT INTO gne_vale_ferreteria (vfe_id,vfe_fecha,vfe_total,vfe_estado,vfe_entregado,usu_nusuario) VALUES (15831,@@@2013.11.04@@@,1790,1,0,@@@M_GUERRERO@@@)','',2,'2013-11-04'),(86722,'INSERT INTO gne_vale_ferreteria_mov (vfe_id,pro_codigo_plu,vfm_cantidad,vfm_unitario,vfm_total,vfm_entregado) VALUES (15831,763804,1,790,790,@@@NO@@@)','',2,'2013-11-04'),(86723,'INSERT INTO gne_vale_ferreteria_mov (vfe_id,pro_codigo_plu,vfm_cantidad,vfm_unitario,vfm_total,vfm_entregado) VALUES (15831,78017149,1,790,790,@@@NO@@@)','',2,'2013-11-04'),(86724,'INSERT INTO gne_vale_ferreteria_mov (vfe_id,pro_codigo_plu,vfm_cantidad,vfm_unitario,vfm_total,vfm_entregado) VALUES (15831,764122,1,210,210,@@@NO@@@)','',2,'2013-11-04'),(86725,'INSERT INTO gne_vale_ferreteria (vfe_id,vfe_fecha,vfe_total,vfe_estado,vfe_entregado,usu_nusuario) VALUES (15832,@@@2013.11.04@@@,1290,1,0,@@@M_GUERRERO@@@)','',2,'2013-11-04'),(86726,'INSERT INTO gne_vale_ferreteria_mov (vfe_id,pro_codigo_plu,vfm_cantidad,vfm_unitario,vfm_total,vfm_entregado) VALUES (15832,780722041,1,1290,1290,@@@NO@@@)','',2,'2013-11-04'),(86727,'INSERT INTO gne_vale_ferreteria (vfe_id,vfe_fecha,vfe_total,vfe_estado,vfe_entregado,usu_nusuario) VALUES (15833,@@@2013.11.04@@@,240,1,0,@@@M_GUERRERO@@@)','',2,'2013-11-04'),(86728,'INSERT INTO gne_vale_ferreteria_mov (vfe_id,pro_codigo_plu,vfm_cantidad,vfm_unitario,vfm_total,vfm_entregado) VALUES (15833,763778,1,240,240,@@@NO@@@)','',2,'2013-11-04'),(86729,'INSERT INTO gne_vale_ferreteria (vfe_id,vfe_fecha,vfe_total,vfe_estado,vfe_entregado,usu_nusuario) VALUES (15834,@@@2013.11.04@@@,700,1,0,@@@M_GUERRERO@@@)','',2,'2013-11-04'),(86730,'INSERT INTO gne_vale_ferreteria_mov (vfe_id,pro_codigo_plu,vfm_cantidad,vfm_unitario,vfm_total,vfm_entregado) VALUES (15834,15819,2,50,100,@@@NO@@@)','',2,'2013-11-04'),(86731,'INSERT INTO gne_vale_ferreteria_mov (vfe_id,pro_codigo_plu,vfm_cantidad,vfm_unitario,vfm_total,vfm_entregado) VALUES (15834,761966,1,450,450,@@@NO@@@)','',2,'2013-11-04'),(86732,'INSERT INTO gne_vale_ferreteria_mov (vfe_id,pro_codigo_plu,vfm_cantidad,vfm_unitario,vfm_total,vfm_entregado) VALUES (15834,78017015,1,150,150,@@@NO@@@)','',2,'2013-11-04'),(86733,'INSERT INTO gne_vale_ferreteria (vfe_id,vfe_fecha,vfe_total,vfe_estado,vfe_entregado,usu_nusuario) VALUES (15835,@@@2013.11.04@@@,790,1,0,@@@M_GUERRERO@@@)','',2,'2013-11-04'),(86734,'INSERT INTO gne_vale_ferreteria_mov (vfe_id,pro_codigo_plu,vfm_cantidad,vfm_unitario,vfm_total,vfm_entregado) VALUES (15835,78017149,1,790,790,@@@NO@@@)','',2,'2013-11-04'),(86735,'INSERT INTO gne_vale_ferreteria (vfe_id,vfe_fecha,vfe_total,vfe_estado,vfe_entregado,usu_nusuario) VALUES (15836,@@@2013.11.04@@@,100,1,0,@@@M_GUERRERO@@@)','',2,'2013-11-04'),(86736,'INSERT INTO gne_vale_ferreteria_mov (vfe_id,pro_codigo_plu,vfm_cantidad,vfm_unitario,vfm_total,vfm_entregado) VALUES (15836,15819,2,50,100,@@@NO@@@)','',2,'2013-11-04'),(86737,'INSERT INTO gne_vale_ferreteria (vfe_id,vfe_fecha,vfe_total,vfe_estado,vfe_entregado,usu_nusuario) VALUES (15837,@@@2013.11.04@@@,1450,1,0,@@@M_GUERRERO@@@)','',2,'2013-11-04'),(86738,'INSERT INTO gne_vale_ferreteria_mov (vfe_id,pro_codigo_plu,vfm_cantidad,vfm_unitario,vfm_total,vfm_entregado) VALUES (15837,763907,1,1100,1100,@@@NO@@@)','',2,'2013-11-04'),(86739,'INSERT INTO gne_vale_ferreteria_mov (vfe_id,pro_codigo_plu,vfm_cantidad,vfm_unitario,vfm_total,vfm_entregado) VALUES (15837,20847,1,350,350,@@@NO@@@)','',2,'2013-11-04'),(86740,'INSERT INTO gne_vale_ferreteria (vfe_id,vfe_fecha,vfe_total,vfe_estado,vfe_entregado,usu_nusuario) VALUES (15838,@@@2013.11.04@@@,2230,1,0,@@@M_GUERRERO@@@)','',2,'2013-11-04'),(86741,'INSERT INTO gne_vale_ferreteria_mov (vfe_id,pro_codigo_plu,vfm_cantidad,vfm_unitario,vfm_total,vfm_entregado) VALUES (15838,763740,1,1350,1350,@@@NO@@@)','',2,'2013-11-04'),(86742,'INSERT INTO gne_vale_ferreteria_mov (vfe_id,pro_codigo_plu,vfm_cantidad,vfm_unitario,vfm_total,vfm_entregado) VALUES (15838,763597,1,350,350,@@@NO@@@)','',2,'2013-11-04'),(86743,'INSERT INTO gne_vale_ferreteria_mov (vfe_id,pro_codigo_plu,vfm_cantidad,vfm_unitario,vfm_total,vfm_entregado) VALUES (15838,78016977,1,350,350,@@@NO@@@)','',2,'2013-11-04'),(86744,'INSERT INTO gne_vale_ferreteria_mov (vfe_id,pro_codigo_plu,vfm_cantidad,vfm_unitario,vfm_total,vfm_entregado) VALUES (15838,78016974,1,180,180,@@@NO@@@)','',2,'2013-11-04'),(86745,'INSERT INTO gne_vale_ferreteria (vfe_id,vfe_fecha,vfe_total,vfe_estado,vfe_entregado,usu_nusuario) VALUES (15839,@@@2013.11.04@@@,2290,1,0,@@@M_GUERRERO@@@)','',2,'2013-11-04'),(86746,'INSERT INTO gne_vale_ferreteria_mov (vfe_id,pro_codigo_plu,vfm_cantidad,vfm_unitario,vfm_total,vfm_entregado) VALUES (15839,763621,1,2290,2290,@@@NO@@@)','',2,'2013-11-04'),(86747,'INSERT INTO gne_vale_ferreteria (vfe_id,vfe_fecha,vfe_total,vfe_estado,vfe_entregado,usu_nusuario) VALUES (15840,@@@2013.11.04@@@,420,1,0,@@@M_GUERRERO@@@)','',2,'2013-11-04'),(86748,'INSERT INTO gne_vale_ferreteria_mov (vfe_id,pro_codigo_plu,vfm_cantidad,vfm_unitario,vfm_total,vfm_entregado) VALUES (15840,4061,1,150,150,@@@NO@@@)','',2,'2013-11-04'),(86749,'INSERT INTO gne_vale_ferreteria_mov (vfe_id,pro_codigo_plu,vfm_cantidad,vfm_unitario,vfm_total,vfm_entregado) VALUES (15840,78016991,1,270,270,@@@NO@@@)','',2,'2013-11-04'),(86750,'INSERT INTO gne_vale_ferreteria (vfe_id,vfe_fecha,vfe_total,vfe_estado,vfe_entregado,usu_nusuario) VALUES (15841,@@@2013.11.04@@@,650,1,0,@@@M_GUERRERO@@@)','',2,'2013-11-04'),(86751,'INSERT INTO gne_vale_ferreteria_mov (vfe_id,pro_codigo_plu,vfm_cantidad,vfm_unitario,vfm_total,vfm_entregado) VALUES (15841,20351,1,650,650,@@@NO@@@)','',2,'2013-11-04'),(86752,'INSERT INTO gne_vale_ferreteria (vfe_id,vfe_fecha,vfe_total,vfe_estado,vfe_entregado,usu_nusuario) VALUES (15842,@@@2013.11.04@@@,450,1,0,@@@M_GUERRERO@@@)','',2,'2013-11-04'),(86753,'INSERT INTO gne_vale_ferreteria_mov (vfe_id,pro_codigo_plu,vfm_cantidad,vfm_unitario,vfm_total,vfm_entregado) VALUES (15842,36650,1,450,450,@@@NO@@@)','',2,'2013-11-04'),(86754,'INSERT INTO gne_vale_ferreteria (vfe_id,vfe_fecha,vfe_total,vfe_estado,vfe_entregado,usu_nusuario) VALUES (15843,@@@2013.11.04@@@,450,1,0,@@@M_GUERRERO@@@)','',2,'2013-11-04'),(86755,'INSERT INTO gne_vale_ferreteria_mov (vfe_id,pro_codigo_plu,vfm_cantidad,vfm_unitario,vfm_total,vfm_entregado) VALUES (15843,78017202,1,450,450,@@@NO@@@)','',2,'2013-11-04'),(86756,'INSERT INTO gne_vale_ferreteria (vfe_id,vfe_fecha,vfe_total,vfe_estado,vfe_entregado,usu_nusuario) VALUES (15844,@@@2013.11.04@@@,200,1,0,@@@M_GUERRERO@@@)','',2,'2013-11-04'),(86757,'INSERT INTO gne_vale_ferreteria_mov (vfe_id,pro_codigo_plu,vfm_cantidad,vfm_unitario,vfm_total,vfm_entregado) VALUES (15844,4077,1,200,200,@@@NO@@@)','',2,'2013-11-04'),(86758,'INSERT INTO gne_vale_ferreteria (vfe_id,vfe_fecha,vfe_total,vfe_estado,vfe_entregado,usu_nusuario) VALUES (15845,@@@2013.11.04@@@,180,1,0,@@@M_GUERRERO@@@)','',2,'2013-11-04'),(86759,'INSERT INTO gne_vale_ferreteria_mov (vfe_id,pro_codigo_plu,vfm_cantidad,vfm_unitario,vfm_total,vfm_entregado) VALUES (15845,78016974,1,180,180,@@@NO@@@)','',2,'2013-11-04'),(86760,'INSERT INTO gne_vale_ferreteria (vfe_id,vfe_fecha,vfe_total,vfe_estado,vfe_entregado,usu_nusuario) VALUES (15846,@@@2013.11.04@@@,100,1,0,@@@M_GUERRERO@@@)','',2,'2013-11-04'),(86761,'INSERT INTO gne_vale_ferreteria_mov (vfe_id,pro_codigo_plu,vfm_cantidad,vfm_unitario,vfm_total,vfm_entregado) VALUES (15846,1542,1,100,100,@@@NO@@@)','',2,'2013-11-04'),(86762,'INSERT INTO gne_vale_ferreteria (vfe_id,vfe_fecha,vfe_total,vfe_estado,vfe_entregado,usu_nusuario) VALUES (15847,@@@2013.11.04@@@,1395,1,0,@@@M_GUERRERO@@@)','',2,'2013-11-04'),(86763,'INSERT INTO gne_vale_ferreteria_mov (vfe_id,pro_codigo_plu,vfm_cantidad,vfm_unitario,vfm_total,vfm_entregado) VALUES (15847,780721923,1,1395,1395,@@@NO@@@)','',2,'2013-11-04'),(86764,'INSERT INTO gne_vale_ferreteria (vfe_id,vfe_fecha,vfe_total,vfe_estado,vfe_entregado,usu_nusuario) VALUES (15848,@@@2013.11.04@@@,400,1,0,@@@M_GUERRERO@@@)','',2,'2013-11-04'),(86765,'INSERT INTO gne_vale_ferreteria_mov (vfe_id,pro_codigo_plu,vfm_cantidad,vfm_unitario,vfm_total,vfm_entregado) VALUES (15848,770021,2,200,400,@@@NO@@@)','',2,'2013-11-04'),(86766,'INSERT INTO gne_vale_ferreteria (vfe_id,vfe_fecha,vfe_total,vfe_estado,vfe_entregado,usu_nusuario) VALUES (15849,@@@2013.11.04@@@,260,1,0,@@@M_GUERRERO@@@)','',2,'2013-11-04'),(86767,'INSERT INTO gne_vale_ferreteria_mov (vfe_id,pro_codigo_plu,vfm_cantidad,vfm_unitario,vfm_total,vfm_entregado) VALUES (15849,15967,1,130,130,@@@NO@@@)','',2,'2013-11-04'),(86768,'INSERT INTO gne_vale_ferreteria_mov (vfe_id,pro_codigo_plu,vfm_cantidad,vfm_unitario,vfm_total,vfm_entregado) VALUES (15849,15929,1,130,130,@@@NO@@@)','',2,'2013-11-04'),(86769,'INSERT INTO gne_vale_ferreteria (vfe_id,vfe_fecha,vfe_total,vfe_estado,vfe_entregado,usu_nusuario) VALUES (15850,@@@2013.11.04@@@,400,1,0,@@@M_GUERRERO@@@)','',2,'2013-11-04'),(86770,'INSERT INTO gne_vale_ferreteria_mov (vfe_id,pro_codigo_plu,vfm_cantidad,vfm_unitario,vfm_total,vfm_entregado) VALUES (15850,1546,2,200,400,@@@NO@@@)','',2,'2013-11-04'),(86771,'INSERT INTO gne_vale_ferreteria (vfe_id,vfe_fecha,vfe_total,vfe_estado,vfe_entregado,usu_nusuario) VALUES (15851,@@@2013.11.04@@@,200,1,0,@@@M_GUERRERO@@@)','',2,'2013-11-04'),(86772,'INSERT INTO gne_vale_ferreteria_mov (vfe_id,pro_codigo_plu,vfm_cantidad,vfm_unitario,vfm_total,vfm_entregado) VALUES (15851,1040,1,200,200,@@@NO@@@)','',2,'2013-11-04'),(86773,'INSERT INTO gne_vale_ferreteria (vfe_id,vfe_fecha,vfe_total,vfe_estado,vfe_entregado,usu_nusuario) VALUES (15852,@@@2013.11.04@@@,220,1,0,@@@M_GUERRERO@@@)','',2,'2013-11-04'),(86774,'INSERT INTO gne_vale_ferreteria_mov (vfe_id,pro_codigo_plu,vfm_cantidad,vfm_unitario,vfm_total,vfm_entregado) VALUES (15852,21130,1,220,220,@@@NO@@@)','',2,'2013-11-04'),(86775,'INSERT INTO gne_vale_ferreteria (vfe_id,vfe_fecha,vfe_total,vfe_estado,vfe_entregado,usu_nusuario) VALUES (15853,@@@2013.11.04@@@,180,1,0,@@@M_GUERRERO@@@)','',2,'2013-11-04'),(86776,'INSERT INTO gne_vale_ferreteria_mov (vfe_id,pro_codigo_plu,vfm_cantidad,vfm_unitario,vfm_total,vfm_entregado) VALUES (15853,1600,1,180,180,@@@NO@@@)','',2,'2013-11-04'),(86777,'INSERT INTO gne_vale_ferreteria (vfe_id,vfe_fecha,vfe_total,vfe_estado,vfe_entregado,usu_nusuario) VALUES (15854,@@@2013.11.04@@@,90,1,0,@@@M_GUERRERO@@@)','',2,'2013-11-04'),(86778,'INSERT INTO gne_vale_ferreteria_mov (vfe_id,pro_codigo_plu,vfm_cantidad,vfm_unitario,vfm_total,vfm_entregado) VALUES (15854,770070,3,30,90,@@@NO@@@)','',2,'2013-11-04'),(86779,'INSERT INTO gne_vale_ferreteria (vfe_id,vfe_fecha,vfe_total,vfe_estado,vfe_entregado,usu_nusuario) VALUES (15855,@@@2013.11.04@@@,2000,1,0,@@@M_GUERRERO@@@)','',2,'2013-11-04'),(86780,'INSERT INTO gne_vale_ferreteria_mov (vfe_id,pro_codigo_plu,vfm_cantidad,vfm_unitario,vfm_total,vfm_entregado) VALUES (15855,763740,1,1350,1350,@@@NO@@@)','',2,'2013-11-04'),(86781,'INSERT INTO gne_vale_ferreteria_mov (vfe_id,pro_codigo_plu,vfm_cantidad,vfm_unitario,vfm_total,vfm_entregado) VALUES (15855,78016980,1,140,140,@@@NO@@@)','',2,'2013-11-04'),(86782,'INSERT INTO gne_vale_ferreteria_mov (vfe_id,pro_codigo_plu,vfm_cantidad,vfm_unitario,vfm_total,vfm_entregado) VALUES (15855,78016991,1,270,270,@@@NO@@@)','',2,'2013-11-04'),(86783,'INSERT INTO gne_vale_ferreteria_mov (vfe_id,pro_codigo_plu,vfm_cantidad,vfm_unitario,vfm_total,vfm_entregado) VALUES (15855,78016975,1,240,240,@@@NO@@@)','',2,'2013-11-04'),(86784,'INSERT INTO gne_vale_ferreteria (vfe_id,vfe_fecha,vfe_total,vfe_estado,vfe_entregado,usu_nusuario) VALUES (15856,@@@2013.11.04@@@,4649,1,0,@@@M_GUERRERO@@@)','',2,'2013-11-04'),(86785,'INSERT INTO gne_vale_ferreteria_mov (vfe_id,pro_codigo_plu,vfm_cantidad,vfm_unitario,vfm_total,vfm_entregado) VALUES (15856,763740,1,1350,1350,@@@NO@@@)','',2,'2013-11-04'),(86786,'INSERT INTO gne_vale_ferreteria_mov (vfe_id,pro_codigo_plu,vfm_cantidad,vfm_unitario,vfm_total,vfm_entregado) VALUES (15856,4061,1,150,150,@@@NO@@@)','',2,'2013-11-04'),(86787,'INSERT INTO gne_vale_ferreteria_mov (vfe_id,pro_codigo_plu,vfm_cantidad,vfm_unitario,vfm_total,vfm_entregado) VALUES (15856,780220197,1,280,280,@@@NO@@@)','',2,'2013-11-04'),(86788,'INSERT INTO gne_vale_ferreteria_mov (vfe_id,pro_codigo_plu,vfm_cantidad,vfm_unitario,vfm_total,vfm_entregado) VALUES (15856,780220199,1,150,150,@@@NO@@@)','',2,'2013-11-04'),(86789,'INSERT INTO gne_vale_ferreteria_mov (vfe_id,pro_codigo_plu,vfm_cantidad,vfm_unitario,vfm_total,vfm_entregado) VALUES (15856,78016975,1,240,240,@@@NO@@@)','',2,'2013-11-04'),(86790,'INSERT INTO gne_vale_ferreteria_mov (vfe_id,pro_codigo_plu,vfm_cantidad,vfm_unitario,vfm_total,vfm_entregado) VALUES (15856,770000,1,50,50,@@@NO@@@)','',2,'2013-11-04'),(86791,'INSERT INTO gne_vale_ferreteria_mov (vfe_id,pro_codigo_plu,vfm_cantidad,vfm_unitario,vfm_total,vfm_entregado) VALUES (15856,763613,1,999,999,@@@NO@@@)','',2,'2013-11-04'),(86792,'INSERT INTO gne_vale_ferreteria_mov (vfe_id,pro_codigo_plu,vfm_cantidad,vfm_unitario,vfm_total,vfm_entregado) VALUES (15856,780721468,1,290,290,@@@NO@@@)','',2,'2013-11-04'),(86793,'INSERT INTO gne_vale_ferreteria_mov (vfe_id,pro_codigo_plu,vfm_cantidad,vfm_unitario,vfm_total,vfm_entregado) VALUES (15856,764016,1,450,450,@@@NO@@@)','',2,'2013-11-04'),(86794,'INSERT INTO gne_vale_ferreteria_mov (vfe_id,pro_codigo_plu,vfm_cantidad,vfm_unitario,vfm_total,vfm_entregado) VALUES (15856,780721306,1,490,490,@@@NO@@@)','',2,'2013-11-04'),(86795,'INSERT INTO gne_vale_ferreteria_mov (vfe_id,pro_codigo_plu,vfm_cantidad,vfm_unitario,vfm_total,vfm_entregado) VALUES (15856,1545,4,50,200,@@@NO@@@)','',2,'2013-11-04'),(86796,'INSERT INTO gne_vale_ferreteria (vfe_id,vfe_fecha,vfe_total,vfe_estado,vfe_entregado,usu_nusuario) VALUES (15857,@@@2013.11.04@@@,3180,1,0,@@@M_GUERRERO@@@)','',2,'2013-11-04'),(86797,'INSERT INTO gne_vale_ferreteria_mov (vfe_id,pro_codigo_plu,vfm_cantidad,vfm_unitario,vfm_total,vfm_entregado) VALUES (15857,20476,1,1990,1990,@@@NO@@@)','',2,'2013-11-04'),(86798,'INSERT INTO gne_vale_ferreteria_mov (vfe_id,pro_codigo_plu,vfm_cantidad,vfm_unitario,vfm_total,vfm_entregado) VALUES (15857,764585,1,1190,1190,@@@NO@@@)','',2,'2013-11-04'),(86799,'INSERT INTO gne_vale_ferreteria (vfe_id,vfe_fecha,vfe_total,vfe_estado,vfe_entregado,usu_nusuario) VALUES (15858,@@@2013.11.04@@@,200,1,0,@@@M_GUERRERO@@@)','',2,'2013-11-04'),(86800,'INSERT INTO gne_vale_ferreteria_mov (vfe_id,pro_codigo_plu,vfm_cantidad,vfm_unitario,vfm_total,vfm_entregado) VALUES (15858,4077,1,200,200,@@@NO@@@)','',2,'2013-11-04'),(86801,'INSERT INTO gne_vale_ferreteria (vfe_id,vfe_fecha,vfe_total,vfe_estado,vfe_entregado,usu_nusuario) VALUES (15859,@@@2013.11.04@@@,150,1,0,@@@M_GUERRERO@@@)','',2,'2013-11-04'),(86802,'INSERT INTO gne_vale_ferreteria_mov (vfe_id,pro_codigo_plu,vfm_cantidad,vfm_unitario,vfm_total,vfm_entregado) VALUES (15859,4061,1,150,150,@@@NO@@@)','',2,'2013-11-04'),(86803,'INSERT INTO gne_vale_ferreteria (vfe_id,vfe_fecha,vfe_total,vfe_estado,vfe_entregado,usu_nusuario) VALUES (15860,@@@2013.11.05@@@,450,1,0,@@@M_CASTILLO@@@)','',2,'2013-11-05'),(86804,'INSERT INTO gne_vale_ferreteria_mov (vfe_id,pro_codigo_plu,vfm_cantidad,vfm_unitario,vfm_total,vfm_entregado) VALUES (15860,36650,1,450,450,@@@NO@@@)','',2,'2013-11-05'),(86805,'INSERT INTO gne_vale_ferreteria (vfe_id,vfe_fecha,vfe_total,vfe_estado,vfe_entregado,usu_nusuario) VALUES (15861,@@@2013.11.05@@@,390,1,0,@@@M_CASTILLO@@@)','',2,'2013-11-05'),(86806,'INSERT INTO gne_vale_ferreteria_mov (vfe_id,pro_codigo_plu,vfm_cantidad,vfm_unitario,vfm_total,vfm_entregado) VALUES (15861,1535,1,390,390,@@@NO@@@)','',2,'2013-11-05'),(86807,'INSERT INTO gne_vale_ferreteria (vfe_id,vfe_fecha,vfe_total,vfe_estado,vfe_entregado,usu_nusuario) VALUES (15862,@@@2013.11.05@@@,290,1,0,@@@M_CASTILLO@@@)','',2,'2013-11-05'),(86808,'INSERT INTO gne_vale_ferreteria_mov (vfe_id,pro_codigo_plu,vfm_cantidad,vfm_unitario,vfm_total,vfm_entregado) VALUES (15862,1536,1,290,290,@@@NO@@@)','',2,'2013-11-05'),(86809,'INSERT INTO gne_vale_ferreteria (vfe_id,vfe_fecha,vfe_total,vfe_estado,vfe_entregado,usu_nusuario) VALUES (15863,@@@2013.11.05@@@,650,1,0,@@@M_CASTILLO@@@)','',2,'2013-11-05'),(86810,'INSERT INTO gne_vale_ferreteria_mov (vfe_id,pro_codigo_plu,vfm_cantidad,vfm_unitario,vfm_total,vfm_entregado) VALUES (15863,780721658,1,100,100,@@@NO@@@)','',2,'2013-11-05'),(86811,'INSERT INTO gne_vale_ferreteria_mov (vfe_id,pro_codigo_plu,vfm_cantidad,vfm_unitario,vfm_total,vfm_entregado) VALUES (15863,1017,1,350,350,@@@NO@@@)','',2,'2013-11-05'),(86812,'INSERT INTO gne_vale_ferreteria_mov (vfe_id,pro_codigo_plu,vfm_cantidad,vfm_unitario,vfm_total,vfm_entregado) VALUES (15863,101101,1,200,200,@@@NO@@@)','',2,'2013-11-05'),(86813,'INSERT INTO gne_vale_ferreteria (vfe_id,vfe_fecha,vfe_total,vfe_estado,vfe_entregado,usu_nusuario) VALUES (15864,@@@2013.11.05@@@,900,1,0,@@@M_CASTILLO@@@)','',2,'2013-11-05'),(86814,'INSERT INTO gne_vale_ferreteria_mov (vfe_id,pro_codigo_plu,vfm_cantidad,vfm_unitario,vfm_total,vfm_entregado) VALUES (15864,763883,1,900,900,@@@NO@@@)','',2,'2013-11-05'),(86815,'INSERT INTO gne_vale_ferreteria (vfe_id,vfe_fecha,vfe_total,vfe_estado,vfe_entregado,usu_nusuario) VALUES (15865,@@@2013.11.05@@@,890,1,0,@@@M_CASTILLO@@@)','',2,'2013-11-05'),(86816,'INSERT INTO gne_vale_ferreteria_mov (vfe_id,pro_codigo_plu,vfm_cantidad,vfm_unitario,vfm_total,vfm_entregado) VALUES (15865,101677,1,530,530,@@@NO@@@)','',2,'2013-11-05'),(86817,'INSERT INTO gne_vale_ferreteria_mov (vfe_id,pro_codigo_plu,vfm_cantidad,vfm_unitario,vfm_total,vfm_entregado) VALUES (15865,764160,1,120,120,@@@NO@@@)','',2,'2013-11-05'),(86818,'INSERT INTO gne_vale_ferreteria_mov (vfe_id,pro_codigo_plu,vfm_cantidad,vfm_unitario,vfm_total,vfm_entregado) VALUES (15865,764157,1,120,120,@@@NO@@@)','',2,'2013-11-05'),(86819,'INSERT INTO gne_vale_ferreteria_mov (vfe_id,pro_codigo_plu,vfm_cantidad,vfm_unitario,vfm_total,vfm_entregado) VALUES (15865,764766,1,120,120,@@@NO@@@)','',2,'2013-11-05'),(86820,'INSERT INTO gne_vale_ferreteria (vfe_id,vfe_fecha,vfe_total,vfe_estado,vfe_entregado,usu_nusuario) VALUES (15866,@@@2013.11.05@@@,930,1,0,@@@M_CASTILLO@@@)','',2,'2013-11-05'),(86821,'INSERT INTO gne_vale_ferreteria_mov (vfe_id,pro_codigo_plu,vfm_cantidad,vfm_unitario,vfm_total,vfm_entregado) VALUES (15866,11670,1,930,930,@@@NO@@@)','',2,'2013-11-05'),(86822,'INSERT INTO gne_vale_ferreteria (vfe_id,vfe_fecha,vfe_total,vfe_estado,vfe_entregado,usu_nusuario) VALUES (15867,@@@2013.11.05@@@,250,1,0,@@@M_CASTILLO@@@)','',2,'2013-11-05'),(86823,'INSERT INTO gne_vale_ferreteria_mov (vfe_id,pro_codigo_plu,vfm_cantidad,vfm_unitario,vfm_total,vfm_entregado) VALUES (15867,1551,1,250,250,@@@NO@@@)','',2,'2013-11-05'),(86824,'INSERT INTO gne_vale_ferreteria (vfe_id,vfe_fecha,vfe_total,vfe_estado,vfe_entregado,usu_nusuario) VALUES (15868,@@@2013.11.05@@@,150,1,0,@@@M_CASTILLO@@@)','',2,'2013-11-05'),(86825,'INSERT INTO gne_vale_ferreteria_mov (vfe_id,pro_codigo_plu,vfm_cantidad,vfm_unitario,vfm_total,vfm_entregado) VALUES (15868,4129,3,50,150,@@@NO@@@)','',2,'2013-11-05'),(86826,'INSERT INTO gne_vale_ferreteria (vfe_id,vfe_fecha,vfe_total,vfe_estado,vfe_entregado,usu_nusuario) VALUES (15869,@@@2013.11.05@@@,1890,1,0,@@@M_CASTILLO@@@)','',2,'2013-11-05'),(86827,'INSERT INTO gne_vale_ferreteria_mov (vfe_id,pro_codigo_plu,vfm_cantidad,vfm_unitario,vfm_total,vfm_entregado) VALUES (15869,101678,1,1890,1890,@@@NO@@@)','',2,'2013-11-05'),(86828,'INSERT INTO com_ventas_grupo (vgr_fecha,vgr_grupo,vgr_cantidad,vgr_total) VALUES (@@@2013.11.04@@@,1,244.065,167786)','',2,'2013-11-05'),(86829,'INSERT INTO com_ventas_grupo (vgr_fecha,vgr_grupo,vgr_cantidad,vgr_total) VALUES (@@@2013.11.04@@@,2,202.395,109253)','',2,'2013-11-05'),(86830,'INSERT INTO com_ventas_grupo (vgr_fecha,vgr_grupo,vgr_cantidad,vgr_total) VALUES (@@@2013.11.04@@@,3,266,55458)','',2,'2013-11-05'),(86831,'INSERT INTO com_ventas_grupo (vgr_fecha,vgr_grupo,vgr_cantidad,vgr_total) VALUES (@@@2013.11.04@@@,4,94,77200)','',2,'2013-11-05'),(86832,'INSERT INTO com_ventas_grupo (vgr_fecha,vgr_grupo,vgr_cantidad,vgr_total) VALUES (@@@2013.11.04@@@,5,3,4800)','',2,'2013-11-05'),(86833,'INSERT INTO com_ventas_grupo (vgr_fecha,vgr_grupo,vgr_cantidad,vgr_total) VALUES (@@@2013.11.04@@@,6,5,9278)','',2,'2013-11-05'),(86834,'INSERT INTO com_ventas_grupo (vgr_fecha,vgr_grupo,vgr_cantidad,vgr_total) VALUES (@@@2013.11.04@@@,7,47,66790)','',2,'2013-11-05'),(86835,'INSERT INTO com_ventas_grupo (vgr_fecha,vgr_grupo,vgr_cantidad,vgr_total) VALUES (@@@2013.11.04@@@,8,48,26150)','',2,'2013-11-05'),(86836,'INSERT INTO com_ventas_grupo (vgr_fecha,vgr_grupo,vgr_cantidad,vgr_total) VALUES (@@@2013.11.04@@@,9,71.27,112093)','',2,'2013-11-05'),(86837,'INSERT INTO com_ventas_grupo (vgr_fecha,vgr_grupo,vgr_cantidad,vgr_total) VALUES (@@@2013.11.04@@@,10,51.015,140295)','',2,'2013-11-05'),(86838,'INSERT INTO com_ventas_grupo (vgr_fecha,vgr_grupo,vgr_cantidad,vgr_total) VALUES (@@@2013.11.04@@@,11,12.355,32589)','',2,'2013-11-05'),(86839,'INSERT INTO com_ventas_grupo (vgr_fecha,vgr_grupo,vgr_cantidad,vgr_total) VALUES (@@@2013.11.04@@@,12,30.85,45486)','',2,'2013-11-05'),(86840,'INSERT INTO com_ventas_grupo (vgr_fecha,vgr_grupo,vgr_cantidad,vgr_total) VALUES (@@@2013.11.04@@@,13,11.205,28199)','',2,'2013-11-05'),(86841,'INSERT INTO com_ventas_grupo (vgr_fecha,vgr_grupo,vgr_cantidad,vgr_total) VALUES (@@@2013.11.04@@@,14,91.06,82697)','',2,'2013-11-05'),(86842,'INSERT INTO com_ventas_grupo (vgr_fecha,vgr_grupo,vgr_cantidad,vgr_total) VALUES (@@@2013.11.04@@@,15,2,3998)','',2,'2013-11-05'),(86843,'INSERT INTO com_ventas_grupo (vgr_fecha,vgr_grupo,vgr_cantidad,vgr_total) VALUES (@@@2013.11.04@@@,18,233.73,137848)','',2,'2013-11-05'),(86844,'INSERT INTO com_ventas_grupo (vgr_fecha,vgr_grupo,vgr_cantidad,vgr_total) VALUES (@@@2013.11.04@@@,19,1,630)','',2,'2013-11-05'),(86845,'INSERT INTO com_ventas_grupo (vgr_fecha,vgr_grupo,vgr_cantidad,vgr_total) VALUES (@@@2013.11.04@@@,20,231.235,77964)','',2,'2013-11-05'),(86846,'INSERT INTO com_ventas_grupo (vgr_fecha,vgr_grupo,vgr_cantidad,vgr_total) VALUES (@@@2013.11.04@@@,21,73,38685)','',2,'2013-11-05'),(86847,'INSERT INTO com_ventas_grupo (vgr_fecha,vgr_grupo,vgr_cantidad,vgr_total) VALUES (@@@2013.11.04@@@,23,6,2820)','',2,'2013-11-05'),(86848,'INSERT INTO com_ventas_grupo (vgr_fecha,vgr_grupo,vgr_cantidad,vgr_total) VALUES (@@@2013.11.04@@@,24,106,40294)','',2,'2013-11-05'),(86849,'INSERT INTO com_ventas_grupo (vgr_fecha,vgr_grupo,vgr_cantidad,vgr_total) VALUES (@@@2013.11.04@@@,25,96,137600)','',2,'2013-11-05'),(86850,'INSERT INTO com_ventas_grupo (vgr_fecha,vgr_grupo,vgr_cantidad,vgr_total) VALUES (@@@2013.11.04@@@,31,19,15748)','',2,'2013-11-05'),(86851,'INSERT INTO com_ventas_grupo (vgr_fecha,vgr_grupo,vgr_cantidad,vgr_total) VALUES (@@@2013.11.04@@@,32,230,73898)','',2,'2013-11-05'),(86852,'INSERT INTO com_ventas_grupo (vgr_fecha,vgr_grupo,vgr_cantidad,vgr_total) VALUES (@@@2013.11.04@@@,33,2,4700)','',2,'2013-11-05'),(86853,'INSERT INTO com_ventas_grupo (vgr_fecha,vgr_grupo,vgr_cantidad,vgr_total) VALUES (@@@2013.11.04@@@,35,24,15699)','',2,'2013-11-05'),(86854,'INSERT INTO com_ventas_grupo (vgr_fecha,vgr_grupo,vgr_cantidad,vgr_total) VALUES (@@@2013.11.04@@@,36,16,1520)','',2,'2013-11-05'),(86855,'INSERT INTO com_ventas_grupo (vgr_fecha,vgr_grupo,vgr_cantidad,vgr_total) VALUES (@@@2013.11.04@@@,38,3,3070)','',2,'2013-11-05'),(86856,'INSERT INTO com_ventas_grupo (vgr_fecha,vgr_grupo,vgr_cantidad,vgr_total) VALUES (@@@2013.11.04@@@,39,1,750)','',2,'2013-11-05'),(86857,'INSERT INTO com_ventas_grupo (vgr_fecha,vgr_grupo,vgr_cantidad,vgr_total) VALUES (@@@2013.11.04@@@,41,1,390)','',2,'2013-11-05'),(86858,'INSERT INTO com_ventas_grupo (vgr_fecha,vgr_grupo,vgr_cantidad,vgr_total) VALUES (@@@2013.11.04@@@,42,39.59,33133)','',2,'2013-11-05'),(86859,'UPDATE mae_datos_empresa SET emp_oferta=@@@NO@@@','',2,'2013-11-05'),(86860,'INSERT INTO gne_vale_ferreteria (vfe_id,vfe_fecha,vfe_total,vfe_estado,vfe_entregado,usu_nusuario) VALUES (15870,@@@2013.11.05@@@,4510,1,0,@@@M_CASTILLO@@@)','',2,'2013-11-05'),(86861,'INSERT INTO gne_vale_ferreteria_mov (vfe_id,pro_codigo_plu,vfm_cantidad,vfm_unitario,vfm_total,vfm_entregado) VALUES (15870,15480,1,730,730,@@@NO@@@)','',2,'2013-11-05'),(86862,'INSERT INTO gne_vale_ferreteria_mov (vfe_id,pro_codigo_plu,vfm_cantidad,vfm_unitario,vfm_total,vfm_entregado) VALUES (15870,20516,2,1890,3780,@@@NO@@@)','',2,'2013-11-05'),(86863,'INSERT INTO gne_vale_ferreteria (vfe_id,vfe_fecha,vfe_total,vfe_estado,vfe_entregado,usu_nusuario) VALUES (15871,@@@2013.11.05@@@,200,1,0,@@@M_CASTILLO@@@)','',2,'2013-11-05'),(86864,'INSERT INTO gne_vale_ferreteria_mov (vfe_id,pro_codigo_plu,vfm_cantidad,vfm_unitario,vfm_total,vfm_entregado) VALUES (15871,765072,1,200,200,@@@NO@@@)','',2,'2013-11-05'),(86865,'INSERT INTO gne_vale_ferreteria (vfe_id,vfe_fecha,vfe_total,vfe_estado,vfe_entregado,usu_nusuario) VALUES (15872,@@@2013.11.05@@@,1890,1,0,@@@M_CASTILLO@@@)','',2,'2013-11-05'),(86866,'INSERT INTO gne_vale_ferreteria_mov (vfe_id,pro_codigo_plu,vfm_cantidad,vfm_unitario,vfm_total,vfm_entregado) VALUES (15872,765008,1,1890,1890,@@@NO@@@)','',2,'2013-11-05'),(86867,'INSERT INTO gne_vale_ferreteria (vfe_id,vfe_fecha,vfe_total,vfe_estado,vfe_entregado,usu_nusuario) VALUES (15873,@@@2013.11.05@@@,1180,1,0,@@@M_CASTILLO@@@)','',2,'2013-11-05'),(86868,'INSERT INTO gne_vale_ferreteria_mov (vfe_id,pro_codigo_plu,vfm_cantidad,vfm_unitario,vfm_total,vfm_entregado) VALUES (15873,53044,2,590,1180,@@@NO@@@)','',2,'2013-11-05'),(86869,'INSERT INTO gne_vale_ferreteria (vfe_id,vfe_fecha,vfe_total,vfe_estado,vfe_entregado,usu_nusuario) VALUES (15874,@@@2013.11.05@@@,850,1,0,@@@M_CASTILLO@@@)','',2,'2013-11-05'),(86870,'INSERT INTO gne_vale_ferreteria_mov (vfe_id,pro_codigo_plu,vfm_cantidad,vfm_unitario,vfm_total,vfm_entregado) VALUES (15874,4089,1,200,200,@@@NO@@@)','',2,'2013-11-05'),(86871,'INSERT INTO gne_vale_ferreteria_mov (vfe_id,pro_codigo_plu,vfm_cantidad,vfm_unitario,vfm_total,vfm_entregado) VALUES (15874,1539,65,10,650,@@@NO@@@)','',2,'2013-11-05'),(86872,'INSERT INTO gne_vale_ferreteria (vfe_id,vfe_fecha,vfe_total,vfe_estado,vfe_entregado,usu_nusuario) VALUES (15875,@@@2013.11.05@@@,290,1,0,@@@M_CASTILLO@@@)','',2,'2013-11-05'),(86873,'INSERT INTO gne_vale_ferreteria_mov (vfe_id,pro_codigo_plu,vfm_cantidad,vfm_unitario,vfm_total,vfm_entregado) VALUES (15875,3103,1,290,290,@@@NO@@@)','',2,'2013-11-05'),(86874,'INSERT INTO gne_vale_ferreteria (vfe_id,vfe_fecha,vfe_total,vfe_estado,vfe_entregado,usu_nusuario) VALUES (15876,@@@2013.11.05@@@,350,1,0,@@@M_CASTILLO@@@)','',2,'2013-11-05'),(86875,'INSERT INTO gne_vale_ferreteria_mov (vfe_id,pro_codigo_plu,vfm_cantidad,vfm_unitario,vfm_total,vfm_entregado) VALUES (15876,780721185,1,350,350,@@@NO@@@)','',2,'2013-11-05'),(86876,'INSERT INTO gne_vale_ferreteria (vfe_id,vfe_fecha,vfe_total,vfe_estado,vfe_entregado,usu_nusuario) VALUES (15877,@@@2013.11.05@@@,30,1,0,@@@M_CASTILLO@@@)','',2,'2013-11-05'),(86877,'INSERT INTO gne_vale_ferreteria_mov (vfe_id,pro_codigo_plu,vfm_cantidad,vfm_unitario,vfm_total,vfm_entregado) VALUES (15877,764772,1,30,30,@@@NO@@@)','',2,'2013-11-05'),(86878,'UPDATE mae_productos SET pro_precio_compra_bruto=2272.23,pro_margen_actual=(pro_precio_venta-2272.23)/2272.23 * 100,pro_ultima_compra=@@@2013.11.05@@@,pro_ultimo_proveedor=@@@88502900-0@@@ WHERE pro_codigo_plu=764428','',2,'2013-11-05'),(86879,'UPDATE mae_productos SET pro_precio_compra_bruto=1230.74,pro_margen_actual=(pro_precio_venta-1230.74)/1230.74 * 100,pro_ultima_compra=@@@2013.11.05@@@,pro_ultimo_proveedor=@@@88502900-0@@@ WHERE pro_codigo_plu=21194','',2,'2013-11-05'),(86880,'UPDATE mae_productos SET pro_precio_compra_bruto=2082.85,pro_margen_actual=(pro_precio_venta-2082.85)/2082.85 * 100,pro_ultima_compra=@@@2013.11.05@@@,pro_ultimo_proveedor=@@@88502900-0@@@ WHERE pro_codigo_plu=21197','',2,'2013-11-05'),(86881,'UPDATE mae_productos SET pro_precio_compra_bruto=2082.85,pro_margen_actual=(pro_precio_venta-2082.85)/2082.85 * 100,pro_ultima_compra=@@@2013.11.05@@@,pro_ultimo_proveedor=@@@88502900-0@@@ WHERE pro_codigo_plu=21198','',2,'2013-11-05'),(86882,'UPDATE mae_productos SET pro_precio_compra_bruto=1332.18,pro_margen_actual=(pro_precio_venta-1332.18)/1332.18 * 100,pro_ultima_compra=@@@2013.11.05@@@,pro_ultimo_proveedor=@@@88502900-0@@@ WHERE pro_codigo_plu=78017159','',2,'2013-11-05'),(86883,'UPDATE mae_productos SET pro_precio_compra_bruto=1332.18,pro_margen_actual=(pro_precio_venta-1332.18)/1332.18 * 100,pro_ultima_compra=@@@2013.11.05@@@,pro_ultimo_proveedor=@@@88502900-0@@@ WHERE pro_codigo_plu=780721307','',2,'2013-11-05'),(86884,'UPDATE mae_productos SET pro_precio_compra_bruto=2622.22,pro_margen_actual=(pro_precio_venta-2622.22)/2622.22 * 100,pro_ultima_compra=@@@2013.11.05@@@,pro_ultimo_proveedor=@@@88502900-0@@@ WHERE pro_codigo_plu=21183','',2,'2013-11-05'),(86885,'UPDATE mae_productos SET pro_precio_compra_bruto=2434.88,pro_margen_actual=(pro_precio_venta-2434.88)/2434.88 * 100,pro_ultima_compra=@@@2013.11.05@@@,pro_ultimo_proveedor=@@@88502900-0@@@ WHERE pro_codigo_plu=21175','',2,'2013-11-05'),(86886,'UPDATE mae_productos SET pro_precio_compra_bruto=1306.89,pro_margen_actual=(pro_precio_venta-1306.89)/1306.89 * 100,pro_ultima_compra=@@@2013.11.05@@@,pro_ultimo_proveedor=@@@88502900-0@@@ WHERE pro_codigo_plu=780721633','',2,'2013-11-05'),(86887,'UPDATE mae_productos SET pro_precio_compra_bruto=2515.07,pro_margen_actual=(pro_precio_venta-2515.07)/2515.07 * 100,pro_ultima_compra=@@@2013.11.05@@@,pro_ultimo_proveedor=@@@88502900-0@@@ WHERE pro_codigo_plu=764103','',2,'2013-11-05'),(86888,'UPDATE mae_productos SET pro_precio_compra_bruto=1509.64,pro_margen_actual=(pro_precio_venta-1509.64)/1509.64 * 100,pro_ultima_compra=@@@2013.11.05@@@,pro_ultimo_proveedor=@@@88502900-0@@@ WHERE pro_codigo_plu=21207','',2,'2013-11-05'),(86889,'UPDATE mae_productos SET pro_precio_compra_bruto=849.15,pro_margen_actual=(pro_precio_venta-849.15)/849.15 * 100,pro_ultima_compra=@@@2013.11.05@@@,pro_ultimo_proveedor=@@@88502900-0@@@ WHERE pro_codigo_plu=780721718','',2,'2013-11-05'),(86890,'UPDATE mae_productos SET pro_precio_compra_bruto=1415.25,pro_margen_actual=(pro_precio_venta-1415.25)/1415.25 * 100,pro_ultima_compra=@@@2013.11.05@@@,pro_ultimo_proveedor=@@@88502900-0@@@ WHERE pro_codigo_plu=780721803','',2,'2013-11-05'),(86891,'UPDATE mae_productos SET pro_precio_compra_bruto=1037.81,pro_margen_actual=(pro_precio_venta-1037.81)/1037.81 * 100,pro_ultima_compra=@@@2013.11.05@@@,pro_ultimo_proveedor=@@@88502900-0@@@ WHERE pro_codigo_plu=764116','',2,'2013-11-05'),(86892,'UPDATE mae_productos SET pro_precio_compra_bruto=1886.96,pro_margen_actual=(pro_precio_venta-1886.96)/1886.96 * 100,pro_ultima_compra=@@@2013.11.05@@@,pro_ultimo_proveedor=@@@88502900-0@@@ WHERE pro_codigo_plu=764111','',2,'2013-11-05'),(86893,'UPDATE mae_productos SET pro_precio_compra_bruto=1037.81,pro_margen_actual=(pro_precio_venta-1037.81)/1037.81 * 100,pro_ultima_compra=@@@2013.11.05@@@,pro_ultimo_proveedor=@@@88502900-0@@@ WHERE pro_codigo_plu=764108','',2,'2013-11-05'),(86894,'UPDATE mae_productos SET pro_precio_compra_bruto=1509.64,pro_margen_actual=(pro_precio_venta-1509.64)/1509.64 * 100,pro_ultima_compra=@@@2013.11.05@@@,pro_ultimo_proveedor=@@@88502900-0@@@ WHERE pro_codigo_plu=764106','',2,'2013-11-05'),(86895,'UPDATE mae_productos SET pro_precio_compra_bruto=1415.25,pro_margen_actual=(pro_precio_venta-1415.25)/1415.25 * 100,pro_ultima_compra=@@@2013.11.05@@@,pro_ultimo_proveedor=@@@88502900-0@@@ WHERE pro_codigo_plu=780721804','',2,'2013-11-05'),(86896,'UPDATE mae_productos SET pro_codigo_barra=@@@534@@@,pro_tipo=@@@0@@@,pro_nombre_producto=@@@LIMON NACIONAL GRANEL@@@,pro_nombre_corto=@@@LIMON NACIONAL G@@@,med_id=@@@1@@@,emb_id=@@@1@@@,pro_unidades_embalaje=@@@1@@@,dep_id=@@@18 @@@,lin_id=@@@97@@@,mar_id=@@@2507@@@,pro_precio_compra_neto=@@@0@@@,pro_precio_compra_bruto=@@@378@@@,pro_precio_venta=@@@450@@@,pro_margen_actual=@@@19.05@@@,pro_oferta=@@@NO@@@,pro_fecha_inicio_oferta=@@@1900.01.01@@@,pro_fecha_termino_oferta=@@@1900.01.01@@@,pro_precio_oferta=@@@0@@@,pro_stock_minimo=@@@10@@@,pro_stock_critico=@@@5@@@,pro_activo=@@@1@@@,pro_unidad=@@@0@@@,pro_precio_compra_bruto=378,pro_margen_actual=19.05,pro_capacidad=1,pro_funcion_plu=0,pro_flejes=1,pro_iva=1,pro_plu_asociado=0,pro_envase=@@@NO@@@,pro_duracion=0,pro_numero_etiqueta=0 WHERE pro_codigo_plu=@@@534@@@','',2,'2013-11-05'),(86897,'UPDATE mae_productos SET pro_estado=1 WHERE pro_codigo_plu=534','',2,'2013-11-05'),(86898,'DELETE FROM mae_impuestos_productos WHERE pro_codigo_plu=@@@534@@@','',2,'2013-11-05'),(86899,'UPDATE mae_productos SET pro_codigo_barra=@@@78017159@@@,pro_tipo=@@@0@@@,pro_nombre_producto=@@@HILTON AZUL 20S@@@,pro_nombre_corto=@@@HILTON AZUL 20S@@@,med_id=@@@1@@@,emb_id=@@@3@@@,pro_unidades_embalaje=@@@0@@@,dep_id=@@@25 @@@,lin_id=@@@141@@@,mar_id=@@@2663@@@,pro_precio_compra_neto=@@@0@@@,pro_precio_compra_bruto=@@@1332.18@@@,pro_precio_venta=@@@1400@@@,pro_margen_actual=@@@5.09@@@,pro_oferta=@@@NO@@@,pro_fecha_inicio_oferta=@@@2013.05.22@@@,pro_fecha_termino_oferta=@@@2013.05.22@@@,pro_precio_oferta=@@@0@@@,pro_stock_minimo=@@@0@@@,pro_stock_critico=@@@0@@@,pro_activo=@@@1@@@,pro_unidad=@@@0@@@,pro_precio_compra_bruto=1332.18,pro_margen_actual=5.09,pro_capacidad=1,pro_funcion_plu=0,pro_flejes=1,pro_iva=1,pro_plu_asociado=0,pro_envase=@@@NO@@@,pro_duracion=0,pro_numero_etiqueta=0 WHERE pro_codigo_plu=@@@78017159@@@','',2,'2013-11-05'),(86900,'UPDATE mae_productos SET pro_estado=1 WHERE pro_codigo_plu=78017159','',2,'2013-11-05'),(86901,'DELETE FROM mae_impuestos_productos WHERE pro_codigo_plu=@@@78017159@@@','',2,'2013-11-05'),(86902,'UPDATE mae_productos SET pro_codigo_barra=@@@78016644@@@,pro_tipo=@@@0@@@,pro_nombre_producto=@@@HILTON ROJO SC20@@@,pro_nombre_corto=@@@HILTON ROJO SC20@@@,med_id=@@@1@@@,emb_id=@@@3@@@,pro_unidades_embalaje=@@@1@@@,dep_id=@@@25 @@@,lin_id=@@@141@@@,mar_id=@@@2663@@@,pro_precio_compra_neto=@@@0@@@,pro_precio_compra_bruto=@@@1332.18@@@,pro_precio_venta=@@@1400@@@,pro_margen_actual=@@@5.09@@@,pro_oferta=@@@NO@@@,pro_fecha_inicio_oferta=@@@2006.09.07@@@,pro_fecha_termino_oferta=@@@2006.09.07@@@,pro_precio_oferta=@@@0@@@,pro_stock_minimo=@@@5@@@,pro_stock_critico=@@@3@@@,pro_activo=@@@1@@@,pro_unidad=@@@0@@@,pro_precio_compra_bruto=1332.18,pro_margen_actual=5.09,pro_capacidad=0,pro_funcion_plu=0,pro_flejes=1,pro_iva=1,pro_plu_asociado=0,pro_envase=@@@NO@@@,pro_duracion=0,pro_numero_etiqueta=0 WHERE pro_codigo_plu=@@@780721307@@@','',2,'2013-11-05'),(86903,'UPDATE mae_productos SET pro_estado=1 WHERE pro_codigo_plu=780721307','',2,'2013-11-05'),(86904,'DELETE FROM mae_impuestos_productos WHERE pro_codigo_plu=@@@780721307@@@','',2,'2013-11-05'),(86905,'UPDATE mae_productos SET pro_margen_actual=31.47,pro_precio_venta=499 WHERE pro_codigo_plu=9130','',2,'2013-11-05'),(86906,'UPDATE mae_productos SET pro_margen_actual=30.76,pro_precio_venta=899 WHERE pro_codigo_plu=10109','',2,'2013-11-05'),(86907,'UPDATE mae_productos SET pro_margen_actual=37.75,pro_precio_venta=1290 WHERE pro_codigo_plu=780721844','',2,'2013-11-05'),(86908,'UPDATE mae_productos SET pro_margen_actual=30.13,pro_precio_venta=2190 WHERE pro_codigo_plu=12557','',2,'2013-11-05'),(86909,'UPDATE mae_productos SET pro_margen_actual=35.73,pro_precio_venta=1490 WHERE pro_codigo_plu=780721605','',2,'2013-11-05'),(86910,'UPDATE mae_productos SET pro_margen_actual=35.73,pro_precio_venta=1490 WHERE pro_codigo_plu=212134','',2,'2013-11-05'),(86911,'UPDATE mae_productos SET pro_margen_actual=35.73,pro_precio_venta=1490 WHERE pro_codigo_plu=212133','',2,'2013-11-05'),(86912,'UPDATE mae_productos SET pro_margen_actual=33.72,pro_precio_venta=1190 WHERE pro_codigo_plu=212467','',2,'2013-11-05'),(86913,'UPDATE mae_productos SET pro_margen_actual=32.11,pro_precio_venta=560 WHERE pro_codigo_plu=762005','',2,'2013-11-05'),(86914,'UPDATE mae_productos SET pro_margen_actual=30.11,pro_precio_venta=380 WHERE pro_codigo_plu=763297','',2,'2013-11-05'),(86915,'UPDATE mae_productos SET pro_margen_actual=30.11,pro_precio_venta=380 WHERE pro_codigo_plu=763290','',2,'2013-11-05'),(86916,'UPDATE mae_productos SET pro_margen_actual=30.83,pro_precio_venta=620 WHERE pro_codigo_plu=12259','',2,'2013-11-05'),(86917,'UPDATE mae_productos SET pro_margen_actual=32.11,pro_precio_venta=560 WHERE pro_codigo_plu=762142','',2,'2013-11-05'),(86918,'UPDATE mae_productos SET pro_margen_actual=46.05,pro_precio_venta=130 WHERE pro_codigo_plu=101897','',2,'2013-11-05'),(86919,'UPDATE mae_productos SET pro_margen_actual=32.11,pro_precio_venta=560 WHERE pro_codigo_plu=762003','',2,'2013-11-05'),(86920,'UPDATE mae_productos SET pro_margen_actual=46.05,pro_precio_venta=130 WHERE pro_codigo_plu=251642','',2,'2013-11-05'),(86921,'UPDATE mae_productos SET pro_margen_actual=46.05,pro_precio_venta=130 WHERE pro_codigo_plu=251643','',2,'2013-11-05'),(86922,'UPDATE mae_productos SET pro_margen_actual=38.54,pro_precio_venta=220 WHERE pro_codigo_plu=311091','',2,'2013-11-05'),(86923,'UPDATE mae_productos SET pro_margen_actual=19.05,pro_precio_venta=450 WHERE pro_codigo_plu=534','',2,'2013-11-05'),(86924,'UPDATE mae_productos SET pro_margen_actual=32.11,pro_precio_venta=560 WHERE pro_codigo_plu=12300','',2,'2013-11-05'),(86925,'UPDATE mae_productos SET pro_margen_actual=32.11,pro_precio_venta=560 WHERE pro_codigo_plu=12301','',2,'2013-11-05'),(86926,'UPDATE mae_productos SET pro_margen_actual=5.09,pro_precio_venta=1400 WHERE pro_codigo_plu=78017159','',2,'2013-11-05'),(86927,'UPDATE mae_productos SET pro_margen_actual=5.09,pro_precio_venta=1400 WHERE pro_codigo_plu=780721307','',2,'2013-11-05'),(86928,'UPDATE mae_productos SET pro_precio_fiscal=pro_precio_venta WHERE pro_codigo_plu=780721307','',2,'2013-11-05'),(86929,'UPDATE mae_productos SET pro_precio_fiscal=pro_precio_venta WHERE pro_codigo_plu=78017159','',2,'2013-11-05'),(86930,'INSERT INTO gne_vale_ferreteria (vfe_id,vfe_fecha,vfe_total,vfe_estado,vfe_entregado,usu_nusuario) VALUES (15878,@@@2013.11.05@@@,1660,1,0,@@@M_CASTILLO@@@)','',2,'2013-11-05'),(86931,'INSERT INTO gne_vale_ferreteria_mov (vfe_id,pro_codigo_plu,vfm_cantidad,vfm_unitario,vfm_total,vfm_entregado) VALUES (15878,11670,1,930,930,@@@NO@@@)','',2,'2013-11-05'),(86932,'INSERT INTO gne_vale_ferreteria_mov (vfe_id,pro_codigo_plu,vfm_cantidad,vfm_unitario,vfm_total,vfm_entregado) VALUES (15878,11378,1,730,730,@@@NO@@@)','',2,'2013-11-05'),(86933,'INSERT INTO gne_vale_ferreteria (vfe_id,vfe_fecha,vfe_total,vfe_estado,vfe_entregado,usu_nusuario) VALUES (15879,@@@2013.11.05@@@,600,1,0,@@@M_CASTILLO@@@)','',2,'2013-11-05'),(86934,'INSERT INTO gne_vale_ferreteria_mov (vfe_id,pro_codigo_plu,vfm_cantidad,vfm_unitario,vfm_total,vfm_entregado) VALUES (15879,770058,3,200,600,@@@NO@@@)','',2,'2013-11-05'),(86935,'INSERT INTO gne_vale_ferreteria (vfe_id,vfe_fecha,vfe_total,vfe_estado,vfe_entregado,usu_nusuario) VALUES (15880,@@@2013.11.05@@@,3770,1,0,@@@M_CASTILLO@@@)','',2,'2013-11-05'),(86936,'INSERT INTO gne_vale_ferreteria_mov (vfe_id,pro_codigo_plu,vfm_cantidad,vfm_unitario,vfm_total,vfm_entregado) VALUES (15880,101625,1,1890,1890,@@@NO@@@)','',2,'2013-11-05'),(86937,'INSERT INTO gne_vale_ferreteria_mov (vfe_id,pro_codigo_plu,vfm_cantidad,vfm_unitario,vfm_total,vfm_entregado) VALUES (15880,1535,1,390,390,@@@NO@@@)','',2,'2013-11-05'),(86938,'INSERT INTO gne_vale_ferreteria_mov (vfe_id,pro_codigo_plu,vfm_cantidad,vfm_unitario,vfm_total,vfm_entregado) VALUES (15880,764841,1,1490,1490,@@@NO@@@)','',2,'2013-11-05'),(86939,'UPDATE mae_productos SET pro_margen_actual=112.55,pro_precio_venta=999 WHERE pro_codigo_plu=566','',2,'2013-11-05'),(86940,'UPDATE mae_productos SET pro_margen_actual=0,pro_precio_venta=1990 WHERE pro_codigo_plu=506','',2,'2013-11-05'),(86941,'UPDATE mae_productos SET pro_margen_actual=19.05,pro_precio_venta=450 WHERE pro_codigo_plu=534','',2,'2013-11-05'),(86942,'UPDATE mae_productos SET pro_margen_actual=159.87,pro_precio_venta=790 WHERE pro_codigo_plu=552','',2,'2013-11-05'),(86943,'UPDATE mae_productos SET pro_margen_actual=147.62,pro_precio_venta=780 WHERE pro_codigo_plu=541','',2,'2013-11-05'),(86944,'UPDATE mae_productos SET pro_precio_fiscal=pro_precio_venta WHERE pro_codigo_plu=506','',2,'2013-11-05'),(86945,'UPDATE mae_productos SET pro_precio_fiscal=pro_precio_venta WHERE pro_codigo_plu=541','',2,'2013-11-05'),(86946,'UPDATE mae_productos SET pro_precio_fiscal=pro_precio_venta WHERE pro_codigo_plu=552','',2,'2013-11-05'),(86947,'UPDATE mae_productos SET pro_precio_fiscal=pro_precio_venta WHERE pro_codigo_plu=566','',2,'2013-11-05'),(86948,'INSERT INTO gne_vale_ferreteria (vfe_id,vfe_fecha,vfe_total,vfe_estado,vfe_entregado,usu_nusuario) VALUES (15881,@@@2013.11.05@@@,570,1,0,@@@M_CASTILLO@@@)','',2,'2013-11-05'),(86949,'INSERT INTO gne_vale_ferreteria_mov (vfe_id,pro_codigo_plu,vfm_cantidad,vfm_unitario,vfm_total,vfm_entregado) VALUES (15881,761966,1,450,450,@@@NO@@@)','',2,'2013-11-05'),(86950,'INSERT INTO gne_vale_ferreteria_mov (vfe_id,pro_codigo_plu,vfm_cantidad,vfm_unitario,vfm_total,vfm_entregado) VALUES (15881,78017016,1,120,120,@@@NO@@@)','',2,'2013-11-05'),(86951,'UPDATE mae_productos SET pro_precio_compra_bruto=1000,pro_margen_actual=(pro_precio_venta-1000)/1000 * 100,pro_ultima_compra=@@@2013.11.05@@@,pro_ultimo_proveedor=@@@76717550-7@@@ WHERE pro_codigo_plu=383','',2,'2013-11-05'),(86952,'UPDATE mae_productos SET pro_precio_compra_bruto=87.222,pro_margen_actual=(pro_precio_venta-87.222)/87.222 * 100,pro_ultima_compra=@@@2013.11.05@@@,pro_ultimo_proveedor=@@@76027786-K@@@ WHERE pro_codigo_plu=1012','',2,'2013-11-05'),(86953,'UPDATE mae_productos SET pro_precio_compra_bruto=87.222,pro_margen_actual=(pro_precio_venta-87.222)/87.222 * 100,pro_ultima_compra=@@@2013.11.05@@@,pro_ultimo_proveedor=@@@76027786-K@@@ WHERE pro_codigo_plu=1011','',2,'2013-11-05'),(86954,'INSERT INTO gne_vale_ferreteria (vfe_id,vfe_fecha,vfe_total,vfe_estado,vfe_entregado,usu_nusuario) VALUES (15882,@@@2013.11.05@@@,900,1,0,@@@M_CASTILLO@@@)','',2,'2013-11-05'),(86955,'INSERT INTO gne_vale_ferreteria_mov (vfe_id,pro_codigo_plu,vfm_cantidad,vfm_unitario,vfm_total,vfm_entregado) VALUES (15882,763884,1,900,900,@@@NO@@@)','',2,'2013-11-05'),(86956,'INSERT INTO gne_vale_ferreteria (vfe_id,vfe_fecha,vfe_total,vfe_estado,vfe_entregado,usu_nusuario) VALUES (15883,@@@2013.11.05@@@,1940,1,0,@@@M_CASTILLO@@@)','',2,'2013-11-05'),(86957,'INSERT INTO gne_vale_ferreteria_mov (vfe_id,pro_codigo_plu,vfm_cantidad,vfm_unitario,vfm_total,vfm_entregado) VALUES (15883,780721291,1,390,390,@@@NO@@@)','',2,'2013-11-05'),(86958,'INSERT INTO gne_vale_ferreteria_mov (vfe_id,pro_codigo_plu,vfm_cantidad,vfm_unitario,vfm_total,vfm_entregado) VALUES (15883,4091,5,250,1250,@@@NO@@@)','',2,'2013-11-05'),(86959,'INSERT INTO gne_vale_ferreteria_mov (vfe_id,pro_codigo_plu,vfm_cantidad,vfm_unitario,vfm_total,vfm_entregado) VALUES (15883,7051,3,100,300,@@@NO@@@)','',2,'2013-11-05'),(86960,'INSERT INTO gne_vale_ferreteria (vfe_id,vfe_fecha,vfe_total,vfe_estado,vfe_entregado,usu_nusuario) VALUES (15884,@@@2013.11.05@@@,120,1,0,@@@M_CASTILLO@@@)','',2,'2013-11-05'),(86961,'INSERT INTO gne_vale_ferreteria_mov (vfe_id,pro_codigo_plu,vfm_cantidad,vfm_unitario,vfm_total,vfm_entregado) VALUES (15884,8022,1,120,120,@@@NO@@@)','',2,'2013-11-05'),(86962,'UPDATE mae_productos SET pro_precio_compra_bruto=389,pro_margen_actual=(pro_precio_venta-389)/389 * 100,pro_ultima_compra=@@@2013.11.05@@@,pro_ultimo_proveedor=@@@93281000-K@@@ WHERE pro_codigo_plu=17346','',2,'2013-11-05'),(86963,'UPDATE mae_productos SET pro_precio_compra_bruto=389,pro_margen_actual=(pro_precio_venta-389)/389 * 100,pro_ultima_compra=@@@2013.11.05@@@,pro_ultimo_proveedor=@@@93281000-K@@@ WHERE pro_codigo_plu=17345','',2,'2013-11-05'),(86964,'UPDATE mae_productos SET pro_precio_compra_bruto=389,pro_margen_actual=(pro_precio_venta-389)/389 * 100,pro_ultima_compra=@@@2013.11.05@@@,pro_ultimo_proveedor=@@@93281000-K@@@ WHERE pro_codigo_plu=17347','',2,'2013-11-05'),(86965,'UPDATE mae_productos SET pro_precio_compra_bruto=551,pro_margen_actual=(pro_precio_venta-551)/551 * 100,pro_ultima_compra=@@@2013.11.05@@@,pro_ultimo_proveedor=@@@93281000-K@@@ WHERE pro_codigo_plu=17204','',2,'2013-11-05'),(86966,'UPDATE mae_productos SET pro_precio_compra_bruto=535,pro_margen_actual=(pro_precio_venta-535)/535 * 100,pro_ultima_compra=@@@2013.11.05@@@,pro_ultimo_proveedor=@@@93281000-K@@@ WHERE pro_codigo_plu=17315','',2,'2013-11-05'),(86967,'UPDATE mae_productos SET pro_precio_compra_bruto=508.41,pro_margen_actual=(pro_precio_venta-508.41)/508.41 * 100,pro_ultima_compra=@@@2013.11.05@@@,pro_ultimo_proveedor=@@@93281000-K@@@ WHERE pro_codigo_plu=12596','',2,'2013-11-05'),(86968,'UPDATE mae_productos SET pro_precio_compra_bruto=508.41,pro_margen_actual=(pro_precio_venta-508.41)/508.41 * 100,pro_ultima_compra=@@@2013.11.05@@@,pro_ultimo_proveedor=@@@93281000-K@@@ WHERE pro_codigo_plu=12597','',2,'2013-11-05'),(86969,'UPDATE mae_productos SET pro_precio_compra_bruto=677.91,pro_margen_actual=(pro_precio_venta-677.91)/677.91 * 100,pro_ultima_compra=@@@2013.11.05@@@,pro_ultimo_proveedor=@@@93281000-K@@@ WHERE pro_codigo_plu=18466','',2,'2013-11-05'),(86970,'UPDATE mae_productos SET pro_precio_compra_bruto=677.83,pro_margen_actual=(pro_precio_venta-677.83)/677.83 * 100,pro_ultima_compra=@@@2013.11.05@@@,pro_ultimo_proveedor=@@@93281000-K@@@ WHERE pro_codigo_plu=18504','',2,'2013-11-05'),(86971,'UPDATE mae_productos SET pro_precio_compra_bruto=677.91,pro_margen_actual=(pro_precio_venta-677.91)/677.91 * 100,pro_ultima_compra=@@@2013.11.05@@@,pro_ultimo_proveedor=@@@93281000-K@@@ WHERE pro_codigo_plu=18468','',2,'2013-11-05'),(86972,'UPDATE mae_productos SET pro_precio_compra_bruto=720.33,pro_margen_actual=(pro_precio_venta-720.33)/720.33 * 100,pro_ultima_compra=@@@2013.11.05@@@,pro_ultimo_proveedor=@@@93281000-K@@@ WHERE pro_codigo_plu=12600','',2,'2013-11-05'),(86973,'UPDATE mae_productos SET pro_precio_compra_bruto=720.33,pro_margen_actual=(pro_precio_venta-720.33)/720.33 * 100,pro_ultima_compra=@@@2013.11.05@@@,pro_ultimo_proveedor=@@@93281000-K@@@ WHERE pro_codigo_plu=12601','',2,'2013-11-05'),(86974,'INSERT INTO gne_vale_ferreteria (vfe_id,vfe_fecha,vfe_total,vfe_estado,vfe_entregado,usu_nusuario) VALUES (15885,@@@2013.11.05@@@,730,1,0,@@@M_CASTILLO@@@)','',2,'2013-11-05'),(86975,'INSERT INTO gne_vale_ferreteria_mov (vfe_id,pro_codigo_plu,vfm_cantidad,vfm_unitario,vfm_total,vfm_entregado) VALUES (15885,11378,1,730,730,@@@NO@@@)','',2,'2013-11-05'),(86976,'INSERT INTO gne_vale_ferreteria (vfe_id,vfe_fecha,vfe_total,vfe_estado,vfe_entregado,usu_nusuario) VALUES (15886,@@@2013.11.05@@@,1620,1,0,@@@M_CASTILLO@@@)','',2,'2013-11-05'),(86977,'INSERT INTO gne_vale_ferreteria_mov (vfe_id,pro_codigo_plu,vfm_cantidad,vfm_unitario,vfm_total,vfm_entregado) VALUES (15886,101101,1,200,200,@@@NO@@@)','',2,'2013-11-05'),(86978,'INSERT INTO gne_vale_ferreteria_mov (vfe_id,pro_codigo_plu,vfm_cantidad,vfm_unitario,vfm_total,vfm_entregado) VALUES (15886,763811,1,230,230,@@@NO@@@)','',2,'2013-11-05'),(86979,'INSERT INTO gne_vale_ferreteria_mov (vfe_id,pro_codigo_plu,vfm_cantidad,vfm_unitario,vfm_total,vfm_entregado) VALUES (15886,4089,1,200,200,@@@NO@@@)','',2,'2013-11-05'),(86980,'INSERT INTO gne_vale_ferreteria_mov (vfe_id,pro_codigo_plu,vfm_cantidad,vfm_unitario,vfm_total,vfm_entregado) VALUES (15886,19956,1,990,990,@@@NO@@@)','',2,'2013-11-05'),(86981,'INSERT INTO gne_vale_ferreteria (vfe_id,vfe_fecha,vfe_total,vfe_estado,vfe_entregado,usu_nusuario) VALUES (15887,@@@2013.11.05@@@,750,1,0,@@@M_CASTILLO@@@)','',2,'2013-11-05'),(86982,'INSERT INTO gne_vale_ferreteria_mov (vfe_id,pro_codigo_plu,vfm_cantidad,vfm_unitario,vfm_total,vfm_entregado) VALUES (15887,8021,3,150,450,@@@NO@@@)','',2,'2013-11-05'),(86983,'INSERT INTO gne_vale_ferreteria_mov (vfe_id,pro_codigo_plu,vfm_cantidad,vfm_unitario,vfm_total,vfm_entregado) VALUES (15887,780721422,1,300,300,@@@NO@@@)','',2,'2013-11-05'),(86984,'INSERT INTO gne_vale_ferreteria (vfe_id,vfe_fecha,vfe_total,vfe_estado,vfe_entregado,usu_nusuario) VALUES (15888,@@@2013.11.05@@@,300,1,0,@@@M_CASTILLO@@@)','',2,'2013-11-05'),(86985,'INSERT INTO gne_vale_ferreteria_mov (vfe_id,pro_codigo_plu,vfm_cantidad,vfm_unitario,vfm_total,vfm_entregado) VALUES (15888,10063,1,300,300,@@@NO@@@)','',2,'2013-11-05'),(86986,'INSERT INTO gne_vale_ferreteria (vfe_id,vfe_fecha,vfe_total,vfe_estado,vfe_entregado,usu_nusuario) VALUES (15889,@@@2013.11.05@@@,4770,1,0,@@@M_CASTILLO@@@)','',2,'2013-11-05'),(86987,'INSERT INTO gne_vale_ferreteria_mov (vfe_id,pro_codigo_plu,vfm_cantidad,vfm_unitario,vfm_total,vfm_entregado) VALUES (15889,4099,2,1890,3780,@@@NO@@@)','',2,'2013-11-05'),(86988,'INSERT INTO gne_vale_ferreteria_mov (vfe_id,pro_codigo_plu,vfm_cantidad,vfm_unitario,vfm_total,vfm_entregado) VALUES (15889,764779,1,990,990,@@@NO@@@)','',2,'2013-11-05'),(86989,'INSERT INTO gne_vale_ferreteria (vfe_id,vfe_fecha,vfe_total,vfe_estado,vfe_entregado,usu_nusuario) VALUES (15890,@@@2013.11.05@@@,590,1,0,@@@M_CASTILLO@@@)','',2,'2013-11-05'),(86990,'INSERT INTO gne_vale_ferreteria_mov (vfe_id,pro_codigo_plu,vfm_cantidad,vfm_unitario,vfm_total,vfm_entregado) VALUES (15890,15662,1,590,590,@@@NO@@@)','',2,'2013-11-05'),(86991,'INSERT INTO gne_vale_ferreteria (vfe_id,vfe_fecha,vfe_total,vfe_estado,vfe_entregado,usu_nusuario) VALUES (15891,@@@2013.11.05@@@,495,1,0,@@@M_CASTILLO@@@)','',2,'2013-11-05'),(86992,'INSERT INTO gne_vale_ferreteria_mov (vfe_id,pro_codigo_plu,vfm_cantidad,vfm_unitario,vfm_total,vfm_entregado) VALUES (15891,21117,1,495,495,@@@NO@@@)','',2,'2013-11-05'),(86993,'INSERT INTO gne_vale_ferreteria (vfe_id,vfe_fecha,vfe_total,vfe_estado,vfe_entregado,usu_nusuario) VALUES (15892,@@@2013.11.05@@@,1890,1,0,@@@M_CASTILLO@@@)','',2,'2013-11-05'),(86994,'INSERT INTO gne_vale_ferreteria_mov (vfe_id,pro_codigo_plu,vfm_cantidad,vfm_unitario,vfm_total,vfm_entregado) VALUES (15892,780721960,1,1890,1890,@@@NO@@@)','',2,'2013-11-05'),(86995,'INSERT INTO gne_vale_ferreteria (vfe_id,vfe_fecha,vfe_total,vfe_estado,vfe_entregado,usu_nusuario) VALUES (15893,@@@2013.11.05@@@,480,1,0,@@@M_CASTILLO@@@)','',2,'2013-11-05'),(86996,'INSERT INTO gne_vale_ferreteria_mov (vfe_id,pro_codigo_plu,vfm_cantidad,vfm_unitario,vfm_total,vfm_entregado) VALUES (15893,1064,4,120,480,@@@NO@@@)','',2,'2013-11-05'),(86997,'INSERT INTO gne_vale_ferreteria (vfe_id,vfe_fecha,vfe_total,vfe_estado,vfe_entregado,usu_nusuario) VALUES (15894,@@@2013.11.05@@@,1990,1,0,@@@M_CASTILLO@@@)','',2,'2013-11-05'),(86998,'INSERT INTO gne_vale_ferreteria_mov (vfe_id,pro_codigo_plu,vfm_cantidad,vfm_unitario,vfm_total,vfm_entregado) VALUES (15894,20961,1,1990,1990,@@@NO@@@)','',2,'2013-11-05'),(86999,'INSERT INTO gne_vale_ferreteria (vfe_id,vfe_fecha,vfe_total,vfe_estado,vfe_entregado,usu_nusuario) VALUES (15895,@@@2013.11.05@@@,3940,1,0,@@@M_CASTILLO@@@)','',2,'2013-11-05'),(87000,'INSERT INTO gne_vale_ferreteria_mov (vfe_id,pro_codigo_plu,vfm_cantidad,vfm_unitario,vfm_total,vfm_entregado) VALUES (15895,780722009,1,1890,1890,@@@NO@@@)','',2,'2013-11-05'),(87001,'INSERT INTO gne_vale_ferreteria_mov (vfe_id,pro_codigo_plu,vfm_cantidad,vfm_unitario,vfm_total,vfm_entregado) VALUES (15895,763599,1,1890,1890,@@@NO@@@)','',2,'2013-11-05'),(87002,'INSERT INTO gne_vale_ferreteria_mov (vfe_id,pro_codigo_plu,vfm_cantidad,vfm_unitario,vfm_total,vfm_entregado) VALUES (15895,770001,2,80,160,@@@NO@@@)','',2,'2013-11-05'),(87003,'INSERT INTO gne_vale_ferreteria (vfe_id,vfe_fecha,vfe_total,vfe_estado,vfe_entregado,usu_nusuario) VALUES (15896,@@@2013.11.05@@@,2940,1,0,@@@M_CASTILLO@@@)','',2,'2013-11-05'),(87004,'INSERT INTO gne_vale_ferreteria_mov (vfe_id,pro_codigo_plu,vfm_cantidad,vfm_unitario,vfm_total,vfm_entregado) VALUES (15896,20425,1,2250,2250,@@@NO@@@)','',2,'2013-11-05'),(87005,'INSERT INTO gne_vale_ferreteria_mov (vfe_id,pro_codigo_plu,vfm_cantidad,vfm_unitario,vfm_total,vfm_entregado) VALUES (15896,20836,1,690,690,@@@NO@@@)','',2,'2013-11-05'),(87006,'INSERT INTO gne_vale_ferreteria (vfe_id,vfe_fecha,vfe_total,vfe_estado,vfe_entregado,usu_nusuario) VALUES (15897,@@@2013.11.05@@@,695,1,0,@@@M_CASTILLO@@@)','',2,'2013-11-05'),(87007,'INSERT INTO gne_vale_ferreteria_mov (vfe_id,pro_codigo_plu,vfm_cantidad,vfm_unitario,vfm_total,vfm_entregado) VALUES (15897,7050,1,695,695,@@@NO@@@)','',2,'2013-11-05'),(87008,'INSERT INTO gne_vale_ferreteria (vfe_id,vfe_fecha,vfe_total,vfe_estado,vfe_entregado,usu_nusuario) VALUES (15898,@@@2013.11.05@@@,670,1,0,@@@M_CASTILLO@@@)','',2,'2013-11-05'),(87009,'INSERT INTO gne_vale_ferreteria_mov (vfe_id,pro_codigo_plu,vfm_cantidad,vfm_unitario,vfm_total,vfm_entregado) VALUES (15898,780721719,1,430,430,@@@NO@@@)','',2,'2013-11-05'),(87010,'INSERT INTO gne_vale_ferreteria_mov (vfe_id,pro_codigo_plu,vfm_cantidad,vfm_unitario,vfm_total,vfm_entregado) VALUES (15898,763778,1,240,240,@@@NO@@@)','',2,'2013-11-05'),(87011,'INSERT INTO gne_vale_ferreteria (vfe_id,vfe_fecha,vfe_total,vfe_estado,vfe_entregado,usu_nusuario) VALUES (15899,@@@2013.11.05@@@,790,1,0,@@@M_CASTILLO@@@)','',2,'2013-11-05'),(87012,'INSERT INTO gne_vale_ferreteria_mov (vfe_id,pro_codigo_plu,vfm_cantidad,vfm_unitario,vfm_total,vfm_entregado) VALUES (15899,764020,1,790,790,@@@NO@@@)','',2,'2013-11-05'),(87013,'UPDATE mae_productos SET pro_codigo_barra=@@@78016651@@@,pro_tipo=@@@0@@@,pro_nombre_producto=@@@HILTON AZUL 20S@@@,pro_nombre_corto=@@@HILTON AZUL 20S@@@,med_id=@@@1@@@,emb_id=@@@3@@@,pro_unidades_embalaje=@@@20@@@,dep_id=@@@25 @@@,lin_id=@@@141@@@,mar_id=@@@2663@@@,pro_precio_compra_neto=@@@0@@@,pro_precio_compra_bruto=@@@1332.18@@@,pro_precio_venta=@@@1400@@@,pro_margen_actual=@@@5.09@@@,pro_oferta=@@@NO@@@,pro_fecha_inicio_oferta=@@@2013.05.22@@@,pro_fecha_termino_oferta=@@@2013.05.22@@@,pro_precio_oferta=@@@0@@@,pro_stock_minimo=@@@20@@@,pro_stock_critico=@@@10@@@,pro_activo=@@@1@@@,pro_unidad=@@@0@@@,pro_precio_compra_bruto=1332.18,pro_margen_actual=5.09,pro_capacidad=1,pro_funcion_plu=0,pro_flejes=1,pro_iva=1,pro_plu_asociado=0,pro_envase=@@@NO@@@,pro_duracion=0,pro_numero_etiqueta=0 WHERE pro_codigo_plu=@@@78017159@@@','',2,'2013-11-05'),(87014,'UPDATE mae_productos SET pro_estado=1 WHERE pro_codigo_plu=78017159','',2,'2013-11-05'),(87015,'DELETE FROM mae_impuestos_productos WHERE pro_codigo_plu=@@@78017159@@@','',2,'2013-11-05'),(87016,'UPDATE mae_productos SET pro_margen_actual=5.09,pro_precio_venta=1400 WHERE pro_codigo_plu=78017159','',2,'2013-11-05'),(87017,'INSERT INTO gne_vale_ferreteria (vfe_id,vfe_fecha,vfe_total,vfe_estado,vfe_entregado,usu_nusuario) VALUES (15900,@@@2013.11.05@@@,830,1,0,@@@M_CASTILLO@@@)','',2,'2013-11-05'),(87018,'INSERT INTO gne_vale_ferreteria_mov (vfe_id,pro_codigo_plu,vfm_cantidad,vfm_unitario,vfm_total,vfm_entregado) VALUES (15900,1067,1,200,200,@@@NO@@@)','',2,'2013-11-05'),(87019,'INSERT INTO gne_vale_ferreteria_mov (vfe_id,pro_codigo_plu,vfm_cantidad,vfm_unitario,vfm_total,vfm_entregado) VALUES (15900,1069,1,200,200,@@@NO@@@)','',2,'2013-11-05'),(87020,'INSERT INTO gne_vale_ferreteria_mov (vfe_id,pro_codigo_plu,vfm_cantidad,vfm_unitario,vfm_total,vfm_entregado) VALUES (15900,780721719,1,430,430,@@@NO@@@)','',2,'2013-11-05'),(87021,'INSERT INTO gne_vale_ferreteria (vfe_id,vfe_fecha,vfe_total,vfe_estado,vfe_entregado,usu_nusuario) VALUES (15901,@@@2013.11.05@@@,1990,1,0,@@@M_CASTILLO@@@)','',2,'2013-11-05'),(87022,'INSERT INTO gne_vale_ferreteria_mov (vfe_id,pro_codigo_plu,vfm_cantidad,vfm_unitario,vfm_total,vfm_entregado) VALUES (15901,780721920,1,1990,1990,@@@NO@@@)','',2,'2013-11-05'),(87023,'INSERT INTO gne_vale_ferreteria (vfe_id,vfe_fecha,vfe_total,vfe_estado,vfe_entregado,usu_nusuario) VALUES (15902,@@@2013.11.05@@@,300,1,0,@@@M_CASTILLO@@@)','',2,'2013-11-05'),(87024,'INSERT INTO gne_vale_ferreteria_mov (vfe_id,pro_codigo_plu,vfm_cantidad,vfm_unitario,vfm_total,vfm_entregado) VALUES (15902,78017090,1,300,300,@@@NO@@@)','',2,'2013-11-05'),(87025,'INSERT INTO gne_vale_ferreteria (vfe_id,vfe_fecha,vfe_total,vfe_estado,vfe_entregado,usu_nusuario) VALUES (15903,@@@2013.11.05@@@,300,1,0,@@@M_CASTILLO@@@)','',2,'2013-11-05'),(87026,'INSERT INTO gne_vale_ferreteria_mov (vfe_id,pro_codigo_plu,vfm_cantidad,vfm_unitario,vfm_total,vfm_entregado) VALUES (15903,4083,1,300,300,@@@NO@@@)','',2,'2013-11-05'),(87027,'INSERT INTO gne_vale_ferreteria (vfe_id,vfe_fecha,vfe_total,vfe_estado,vfe_entregado,usu_nusuario) VALUES (15904,@@@2013.11.05@@@,3880,1,0,@@@M_CASTILLO@@@)','',2,'2013-11-05'),(87028,'INSERT INTO gne_vale_ferreteria_mov (vfe_id,pro_codigo_plu,vfm_cantidad,vfm_unitario,vfm_total,vfm_entregado) VALUES (15904,19975,1,1990,1990,@@@NO@@@)','',2,'2013-11-05'),(87029,'INSERT INTO gne_vale_ferreteria_mov (vfe_id,pro_codigo_plu,vfm_cantidad,vfm_unitario,vfm_total,vfm_entregado) VALUES (15904,780721966,1,1890,1890,@@@NO@@@)','',2,'2013-11-05'),(87030,'INSERT INTO gne_vale_ferreteria (vfe_id,vfe_fecha,vfe_total,vfe_estado,vfe_entregado,usu_nusuario) VALUES (15905,@@@2013.11.05@@@,240,1,0,@@@M_CASTILLO@@@)','',2,'2013-11-05'),(87031,'INSERT INTO gne_vale_ferreteria_mov (vfe_id,pro_codigo_plu,vfm_cantidad,vfm_unitario,vfm_total,vfm_entregado) VALUES (15905,8022,2,120,240,@@@NO@@@)','',2,'2013-11-05'),(87032,'INSERT INTO gne_vale_ferreteria (vfe_id,vfe_fecha,vfe_total,vfe_estado,vfe_entregado,usu_nusuario) VALUES (15906,@@@2013.11.05@@@,1990,1,0,@@@M_CASTILLO@@@)','',2,'2013-11-05'),(87033,'INSERT INTO gne_vale_ferreteria_mov (vfe_id,pro_codigo_plu,vfm_cantidad,vfm_unitario,vfm_total,vfm_entregado) VALUES (15906,20477,1,1990,1990,@@@NO@@@)','',2,'2013-11-05'),(87034,'INSERT INTO gne_vale_ferreteria (vfe_id,vfe_fecha,vfe_total,vfe_estado,vfe_entregado,usu_nusuario) VALUES (15907,@@@2013.11.05@@@,495,1,0,@@@M_CASTILLO@@@)','',2,'2013-11-05'),(87035,'INSERT INTO gne_vale_ferreteria_mov (vfe_id,pro_codigo_plu,vfm_cantidad,vfm_unitario,vfm_total,vfm_entregado) VALUES (15907,21117,1,495,495,@@@NO@@@)','',2,'2013-11-05'),(87036,'INSERT INTO gne_vale_ferreteria (vfe_id,vfe_fecha,vfe_total,vfe_estado,vfe_entregado,usu_nusuario) VALUES (15908,@@@2013.11.05@@@,350,1,0,@@@M_CASTILLO@@@)','',2,'2013-11-05'),(87037,'INSERT INTO gne_vale_ferreteria_mov (vfe_id,pro_codigo_plu,vfm_cantidad,vfm_unitario,vfm_total,vfm_entregado) VALUES (15908,800001,1,300,300,@@@NO@@@)','',2,'2013-11-05'),(87038,'INSERT INTO gne_vale_ferreteria_mov (vfe_id,pro_codigo_plu,vfm_cantidad,vfm_unitario,vfm_total,vfm_entregado) VALUES (15908,770032,1,50,50,@@@NO@@@)','',2,'2013-11-05'),(87039,'INSERT INTO gne_vale_ferreteria (vfe_id,vfe_fecha,vfe_total,vfe_estado,vfe_entregado,usu_nusuario) VALUES (15909,@@@2013.11.05@@@,1395,1,0,@@@M_CASTILLO@@@)','',2,'2013-11-05'),(87040,'INSERT INTO gne_vale_ferreteria_mov (vfe_id,pro_codigo_plu,vfm_cantidad,vfm_unitario,vfm_total,vfm_entregado) VALUES (15909,780721923,1,1395,1395,@@@NO@@@)','',2,'2013-11-05'),(87041,'INSERT INTO gne_vale_ferreteria (vfe_id,vfe_fecha,vfe_total,vfe_estado,vfe_entregado,usu_nusuario) VALUES (15910,@@@2013.11.05@@@,640,1,0,@@@M_CASTILLO@@@)','',2,'2013-11-05'),(87042,'INSERT INTO gne_vale_ferreteria_mov (vfe_id,pro_codigo_plu,vfm_cantidad,vfm_unitario,vfm_total,vfm_entregado) VALUES (15910,16430,4,160,640,@@@NO@@@)','',2,'2013-11-05'),(87043,'INSERT INTO gne_vale_ferreteria (vfe_id,vfe_fecha,vfe_total,vfe_estado,vfe_entregado,usu_nusuario) VALUES (15911,@@@2013.11.05@@@,1590,1,0,@@@M_CASTILLO@@@)','',2,'2013-11-05'),(87044,'INSERT INTO gne_vale_ferreteria_mov (vfe_id,pro_codigo_plu,vfm_cantidad,vfm_unitario,vfm_total,vfm_entregado) VALUES (15911,19964,1,1590,1590,@@@NO@@@)','',2,'2013-11-05'),(87045,'INSERT INTO gne_vale_ferreteria (vfe_id,vfe_fecha,vfe_total,vfe_estado,vfe_entregado,usu_nusuario) VALUES (15912,@@@2013.11.05@@@,490,1,0,@@@M_CASTILLO@@@)','',2,'2013-11-05'),(87046,'INSERT INTO gne_vale_ferreteria_mov (vfe_id,pro_codigo_plu,vfm_cantidad,vfm_unitario,vfm_total,vfm_entregado) VALUES (15912,780721944,1,490,490,@@@NO@@@)','',2,'2013-11-05'),(87047,'INSERT INTO gne_vale_ferreteria (vfe_id,vfe_fecha,vfe_total,vfe_estado,vfe_entregado,usu_nusuario) VALUES (15913,@@@2013.11.05@@@,1198,1,0,@@@M_CASTILLO@@@)','',2,'2013-11-05'),(87048,'INSERT INTO gne_vale_ferreteria_mov (vfe_id,pro_codigo_plu,vfm_cantidad,vfm_unitario,vfm_total,vfm_entregado) VALUES (15913,19916,2,599,1198,@@@NO@@@)','',2,'2013-11-05'),(87049,'INSERT INTO gne_vale_ferreteria (vfe_id,vfe_fecha,vfe_total,vfe_estado,vfe_entregado,usu_nusuario) VALUES (15914,@@@2013.11.05@@@,300,1,0,@@@M_CASTILLO@@@)','',2,'2013-11-05'),(87050,'INSERT INTO gne_vale_ferreteria_mov (vfe_id,pro_codigo_plu,vfm_cantidad,vfm_unitario,vfm_total,vfm_entregado) VALUES (15914,764247,1,140,140,@@@NO@@@)','',2,'2013-11-05'),(87051,'INSERT INTO gne_vale_ferreteria_mov (vfe_id,pro_codigo_plu,vfm_cantidad,vfm_unitario,vfm_total,vfm_entregado) VALUES (15914,16420,1,160,160,@@@NO@@@)','',2,'2013-11-05'),(87052,'INSERT INTO gne_vale_ferreteria (vfe_id,vfe_fecha,vfe_total,vfe_estado,vfe_entregado,usu_nusuario) VALUES (15915,@@@2013.11.05@@@,470,1,0,@@@G_DIAZ@@@)','',2,'2013-11-05'),(87053,'INSERT INTO gne_vale_ferreteria_mov (vfe_id,pro_codigo_plu,vfm_cantidad,vfm_unitario,vfm_total,vfm_entregado) VALUES (15915,763800,1,470,470,@@@NO@@@)','',2,'2013-11-05'),(87054,'INSERT INTO gne_vale_ferreteria (vfe_id,vfe_fecha,vfe_total,vfe_estado,vfe_entregado,usu_nusuario) VALUES (15916,@@@2013.11.05@@@,240,1,0,@@@G_DIAZ@@@)','',2,'2013-11-05'),(87055,'INSERT INTO gne_vale_ferreteria_mov (vfe_id,pro_codigo_plu,vfm_cantidad,vfm_unitario,vfm_total,vfm_entregado) VALUES (15916,780721265,2,120,240,@@@NO@@@)','',2,'2013-11-05'),(87056,'INSERT INTO gne_vale_ferreteria (vfe_id,vfe_fecha,vfe_total,vfe_estado,vfe_entregado,usu_nusuario) VALUES (15917,@@@2013.11.05@@@,240,1,0,@@@G_DIAZ@@@)','',2,'2013-11-05'),(87057,'INSERT INTO gne_vale_ferreteria_mov (vfe_id,pro_codigo_plu,vfm_cantidad,vfm_unitario,vfm_total,vfm_entregado) VALUES (15917,8022,2,120,240,@@@NO@@@)','',2,'2013-11-05'),(87058,'INSERT INTO gne_vale_ferreteria (vfe_id,vfe_fecha,vfe_total,vfe_estado,vfe_entregado,usu_nusuario) VALUES (15918,@@@2013.11.05@@@,690,1,0,@@@G_DIAZ@@@)','',2,'2013-11-05'),(87059,'INSERT INTO gne_vale_ferreteria_mov (vfe_id,pro_codigo_plu,vfm_cantidad,vfm_unitario,vfm_total,vfm_entregado) VALUES (15918,763812,1,690,690,@@@NO@@@)','',2,'2013-11-05'),(87060,'INSERT INTO gne_vale_ferreteria (vfe_id,vfe_fecha,vfe_total,vfe_estado,vfe_entregado,usu_nusuario) VALUES (15919,@@@2013.11.05@@@,20,1,0,@@@G_DIAZ@@@)','',2,'2013-11-05'),(87061,'INSERT INTO gne_vale_ferreteria_mov (vfe_id,pro_codigo_plu,vfm_cantidad,vfm_unitario,vfm_total,vfm_entregado) VALUES (15919,764834,1,20,20,@@@NO@@@)','',2,'2013-11-05'),(87062,'INSERT INTO gne_vale_ferreteria (vfe_id,vfe_fecha,vfe_total,vfe_estado,vfe_entregado,usu_nusuario) VALUES (15920,@@@2013.11.05@@@,5730,1,0,@@@G_DIAZ@@@)','',2,'2013-11-05'),(87063,'INSERT INTO gne_vale_ferreteria_mov (vfe_id,pro_codigo_plu,vfm_cantidad,vfm_unitario,vfm_total,vfm_entregado) VALUES (15920,761650,1,1750,1750,@@@NO@@@)','',2,'2013-11-05'),(87064,'INSERT INTO gne_vale_ferreteria_mov (vfe_id,pro_codigo_plu,vfm_cantidad,vfm_unitario,vfm_total,vfm_entregado) VALUES (15920,102594,1,1290,1290,@@@NO@@@)','',2,'2013-11-05'),(87065,'INSERT INTO gne_vale_ferreteria_mov (vfe_id,pro_codigo_plu,vfm_cantidad,vfm_unitario,vfm_total,vfm_entregado) VALUES (15920,764284,1,300,300,@@@NO@@@)','',2,'2013-11-05'),(87066,'INSERT INTO gne_vale_ferreteria_mov (vfe_id,pro_codigo_plu,vfm_cantidad,vfm_unitario,vfm_total,vfm_entregado) VALUES (15920,102110,2,300,600,@@@NO@@@)','',2,'2013-11-05'),(87067,'INSERT INTO gne_vale_ferreteria_mov (vfe_id,pro_codigo_plu,vfm_cantidad,vfm_unitario,vfm_total,vfm_entregado) VALUES (15920,780220151,1,1790,1790,@@@NO@@@)','',2,'2013-11-05'),(87068,'INSERT INTO gne_vale_ferreteria (vfe_id,vfe_fecha,vfe_total,vfe_estado,vfe_entregado,usu_nusuario) VALUES (15921,@@@2013.11.05@@@,1780,1,0,@@@G_DIAZ@@@)','',2,'2013-11-05'),(87069,'INSERT INTO gne_vale_ferreteria_mov (vfe_id,pro_codigo_plu,vfm_cantidad,vfm_unitario,vfm_total,vfm_entregado) VALUES (15921,880096,1,1290,1290,@@@NO@@@)','',2,'2013-11-05'),(87070,'INSERT INTO gne_vale_ferreteria_mov (vfe_id,pro_codigo_plu,vfm_cantidad,vfm_unitario,vfm_total,vfm_entregado) VALUES (15921,1538,1,490,490,@@@NO@@@)','',2,'2013-11-05'),(87071,'INSERT INTO gne_vale_ferreteria (vfe_id,vfe_fecha,vfe_total,vfe_estado,vfe_entregado,usu_nusuario) VALUES (15922,@@@2013.11.05@@@,690,1,0,@@@G_DIAZ@@@)','',2,'2013-11-05'),(87072,'INSERT INTO gne_vale_ferreteria_mov (vfe_id,pro_codigo_plu,vfm_cantidad,vfm_unitario,vfm_total,vfm_entregado) VALUES (15922,3100,1,450,450,@@@NO@@@)','',2,'2013-11-05'),(87073,'INSERT INTO gne_vale_ferreteria_mov (vfe_id,pro_codigo_plu,vfm_cantidad,vfm_unitario,vfm_total,vfm_entregado) VALUES (15922,1064,1,120,120,@@@NO@@@)','',2,'2013-11-05'),(87074,'INSERT INTO gne_vale_ferreteria_mov (vfe_id,pro_codigo_plu,vfm_cantidad,vfm_unitario,vfm_total,vfm_entregado) VALUES (15922,78017204,1,120,120,@@@NO@@@)','',2,'2013-11-05'),(87075,'INSERT INTO gne_vale_ferreteria (vfe_id,vfe_fecha,vfe_total,vfe_estado,vfe_entregado,usu_nusuario) VALUES (15923,@@@2013.11.05@@@,1380,1,0,@@@G_DIAZ@@@)','',2,'2013-11-05'),(87076,'INSERT INTO gne_vale_ferreteria_mov (vfe_id,pro_codigo_plu,vfm_cantidad,vfm_unitario,vfm_total,vfm_entregado) VALUES (15923,770091,2,690,1380,@@@NO@@@)','',2,'2013-11-05'),(87077,'INSERT INTO gne_vale_ferreteria (vfe_id,vfe_fecha,vfe_total,vfe_estado,vfe_entregado,usu_nusuario) VALUES (15924,@@@2013.11.05@@@,250,1,0,@@@G_DIAZ@@@)','',2,'2013-11-05'),(87078,'INSERT INTO gne_vale_ferreteria_mov (vfe_id,pro_codigo_plu,vfm_cantidad,vfm_unitario,vfm_total,vfm_entregado) VALUES (15924,763802,1,250,250,@@@NO@@@)','',2,'2013-11-05'),(87079,'INSERT INTO gne_vale_ferreteria (vfe_id,vfe_fecha,vfe_total,vfe_estado,vfe_entregado,usu_nusuario) VALUES (15925,@@@2013.11.05@@@,420,1,0,@@@G_DIAZ@@@)','',2,'2013-11-05'),(87080,'INSERT INTO gne_vale_ferreteria_mov (vfe_id,pro_codigo_plu,vfm_cantidad,vfm_unitario,vfm_total,vfm_entregado) VALUES (15925,78017110,2,150,300,@@@NO@@@)','',2,'2013-11-05'),(87081,'INSERT INTO gne_vale_ferreteria_mov (vfe_id,pro_codigo_plu,vfm_cantidad,vfm_unitario,vfm_total,vfm_entregado) VALUES (15925,1064,1,120,120,@@@NO@@@)','',2,'2013-11-05'),(87082,'INSERT INTO gne_vale_ferreteria (vfe_id,vfe_fecha,vfe_total,vfe_estado,vfe_entregado,usu_nusuario) VALUES (15926,@@@2013.11.05@@@,290,1,0,@@@G_DIAZ@@@)','',2,'2013-11-05'),(87083,'INSERT INTO gne_vale_ferreteria_mov (vfe_id,pro_codigo_plu,vfm_cantidad,vfm_unitario,vfm_total,vfm_entregado) VALUES (15926,780721468,1,290,290,@@@NO@@@)','',2,'2013-11-05'),(87084,'INSERT INTO gne_vale_ferreteria (vfe_id,vfe_fecha,vfe_total,vfe_estado,vfe_entregado,usu_nusuario) VALUES (15927,@@@2013.11.05@@@,1680,1,0,@@@G_DIAZ@@@)','',2,'2013-11-05'),(87085,'INSERT INTO gne_vale_ferreteria_mov (vfe_id,pro_codigo_plu,vfm_cantidad,vfm_unitario,vfm_total,vfm_entregado) VALUES (15927,763727,1,790,790,@@@NO@@@)','',2,'2013-11-05'),(87086,'INSERT INTO gne_vale_ferreteria_mov (vfe_id,pro_codigo_plu,vfm_cantidad,vfm_unitario,vfm_total,vfm_entregado) VALUES (15927,780722042,1,890,890,@@@NO@@@)','',2,'2013-11-05'),(87087,'INSERT INTO gne_vale_ferreteria (vfe_id,vfe_fecha,vfe_total,vfe_estado,vfe_entregado,usu_nusuario) VALUES (15928,@@@2013.11.05@@@,2990,1,0,@@@G_DIAZ@@@)','',2,'2013-11-05'),(87088,'INSERT INTO gne_vale_ferreteria_mov (vfe_id,pro_codigo_plu,vfm_cantidad,vfm_unitario,vfm_total,vfm_entregado) VALUES (15928,12227,1,2990,2990,@@@NO@@@)','',2,'2013-11-05'),(87089,'INSERT INTO gne_vale_ferreteria (vfe_id,vfe_fecha,vfe_total,vfe_estado,vfe_entregado,usu_nusuario) VALUES (15929,@@@2013.11.05@@@,980,1,0,@@@G_DIAZ@@@)','',2,'2013-11-05'),(87090,'INSERT INTO gne_vale_ferreteria_mov (vfe_id,pro_codigo_plu,vfm_cantidad,vfm_unitario,vfm_total,vfm_entregado) VALUES (15929,7026,2,490,980,@@@NO@@@)','',2,'2013-11-05'),(87091,'UPDATE mae_productos SET pro_precio_fiscal=pro_precio_venta WHERE pro_codigo_plu=780721844','',2,'2013-11-05'),(87092,'UPDATE mae_productos SET pro_precio_fiscal=pro_precio_venta WHERE pro_codigo_plu=9130','',2,'2013-11-05'),(87093,'UPDATE mae_productos SET pro_precio_fiscal=pro_precio_venta WHERE pro_codigo_plu=780721298','',2,'2013-11-05'),(87094,'UPDATE mae_productos SET pro_precio_fiscal=pro_precio_venta WHERE pro_codigo_plu=311091','',2,'2013-11-05'),(87095,'UPDATE mae_productos SET pro_precio_fiscal=pro_precio_venta WHERE pro_codigo_plu=212133','',2,'2013-11-05'),(87096,'UPDATE mae_productos SET pro_precio_fiscal=pro_precio_venta WHERE pro_codigo_plu=212134','',2,'2013-11-05'),(87097,'UPDATE mae_productos SET pro_precio_fiscal=pro_precio_venta WHERE pro_codigo_plu=780721605','',2,'2013-11-05'),(87098,'UPDATE mae_productos SET pro_precio_fiscal=pro_precio_venta WHERE pro_codigo_plu=12557','',2,'2013-11-05'),(87099,'UPDATE mae_productos SET pro_precio_fiscal=pro_precio_venta WHERE pro_codigo_plu=212467','',2,'2013-11-05'),(87100,'UPDATE mae_productos SET pro_precio_fiscal=pro_precio_venta WHERE pro_codigo_plu=12259','',2,'2013-11-05'),(87101,'UPDATE mae_productos SET pro_precio_fiscal=pro_precio_venta WHERE pro_codigo_plu=12300','',2,'2013-11-05'),(87102,'UPDATE mae_productos SET pro_precio_fiscal=pro_precio_venta WHERE pro_codigo_plu=762003','',2,'2013-11-05'),(87103,'UPDATE mae_productos SET pro_precio_fiscal=pro_precio_venta WHERE pro_codigo_plu=762142','',2,'2013-11-05'),(87104,'UPDATE mae_productos SET pro_precio_fiscal=pro_precio_venta WHERE pro_codigo_plu=762005','',2,'2013-11-05'),(87105,'UPDATE mae_productos SET pro_precio_fiscal=pro_precio_venta WHERE pro_codigo_plu=763290','',2,'2013-11-05'),(87106,'UPDATE mae_productos SET pro_precio_fiscal=pro_precio_venta WHERE pro_codigo_plu=763297','',2,'2013-11-05'),(87107,'UPDATE mae_productos SET pro_precio_fiscal=pro_precio_venta WHERE pro_codigo_plu=12301','',2,'2013-11-05'),(87108,'UPDATE mae_productos SET pro_precio_fiscal=pro_precio_venta WHERE pro_codigo_plu=101897','',2,'2013-11-05'),(87109,'UPDATE mae_productos SET pro_precio_fiscal=pro_precio_venta WHERE pro_codigo_plu=251642','',2,'2013-11-05'),(87110,'UPDATE mae_productos SET pro_precio_fiscal=pro_precio_venta WHERE pro_codigo_plu=251643','',2,'2013-11-05'),(87111,'UPDATE mae_productos SET pro_precio_fiscal=pro_precio_venta WHERE pro_codigo_plu=10109','',2,'2013-11-05'),(87112,'UPDATE mae_productos SET pro_precio_fiscal=pro_precio_venta WHERE pro_codigo_plu=16638','',2,'2013-11-05'),(87113,'INSERT INTO gne_vale_ferreteria (vfe_id,vfe_fecha,vfe_total,vfe_estado,vfe_entregado,usu_nusuario) VALUES (15930,@@@2013.11.05@@@,490,1,0,@@@G_DIAZ@@@)','',2,'2013-11-05'),(87114,'INSERT INTO gne_vale_ferreteria_mov (vfe_id,pro_codigo_plu,vfm_cantidad,vfm_unitario,vfm_total,vfm_entregado) VALUES (15930,780721944,1,490,490,@@@NO@@@)','',2,'2013-11-05'),(87115,'INSERT INTO gne_vale_ferreteria (vfe_id,vfe_fecha,vfe_total,vfe_estado,vfe_entregado,usu_nusuario) VALUES (15931,@@@2013.11.05@@@,390,1,0,@@@G_DIAZ@@@)','',2,'2013-11-05'),(87116,'INSERT INTO gne_vale_ferreteria_mov (vfe_id,pro_codigo_plu,vfm_cantidad,vfm_unitario,vfm_total,vfm_entregado) VALUES (15931,78016969,1,390,390,@@@NO@@@)','',2,'2013-11-05'),(87117,'INSERT INTO gne_vale_ferreteria (vfe_id,vfe_fecha,vfe_total,vfe_estado,vfe_entregado,usu_nusuario) VALUES (15932,@@@2013.11.05@@@,670,1,0,@@@G_DIAZ@@@)','',2,'2013-11-05'),(87118,'INSERT INTO gne_vale_ferreteria_mov (vfe_id,pro_codigo_plu,vfm_cantidad,vfm_unitario,vfm_total,vfm_entregado) VALUES (15932,780721761,1,670,670,@@@NO@@@)','',2,'2013-11-05'),(87119,'INSERT INTO gne_vale_ferreteria (vfe_id,vfe_fecha,vfe_total,vfe_estado,vfe_entregado,usu_nusuario) VALUES (15933,@@@2013.11.05@@@,180,1,0,@@@G_DIAZ@@@)','',2,'2013-11-05'),(87120,'INSERT INTO gne_vale_ferreteria_mov (vfe_id,pro_codigo_plu,vfm_cantidad,vfm_unitario,vfm_total,vfm_entregado) VALUES (15933,15745,1,180,180,@@@NO@@@)','',2,'2013-11-05'),(87121,'INSERT INTO gne_vale_ferreteria (vfe_id,vfe_fecha,vfe_total,vfe_estado,vfe_entregado,usu_nusuario) VALUES (15934,@@@2013.11.05@@@,300,1,0,@@@G_DIAZ@@@)','',2,'2013-11-05'),(87122,'INSERT INTO gne_vale_ferreteria_mov (vfe_id,pro_codigo_plu,vfm_cantidad,vfm_unitario,vfm_total,vfm_entregado) VALUES (15934,7500876,1,300,300,@@@NO@@@)','',2,'2013-11-05'),(87123,'INSERT INTO gne_vale_ferreteria (vfe_id,vfe_fecha,vfe_total,vfe_estado,vfe_entregado,usu_nusuario) VALUES (15935,@@@2013.11.05@@@,399,1,0,@@@G_DIAZ@@@)','',2,'2013-11-05'),(87124,'INSERT INTO gne_vale_ferreteria_mov (vfe_id,pro_codigo_plu,vfm_cantidad,vfm_unitario,vfm_total,vfm_entregado) VALUES (15935,761990,1,399,399,@@@NO@@@)','',2,'2013-11-05'),(87125,'UPDATE mae_productos SET pro_margen_actual=0,pro_precio_venta=790 WHERE pro_codigo_plu=13842','',2,'2013-11-05'),(87126,'UPDATE mae_productos SET pro_margen_actual=33.72,pro_precio_venta=1190 WHERE pro_codigo_plu=212467','',2,'2013-11-05'),(87127,'UPDATE mae_productos SET pro_margen_actual=30.76,pro_precio_venta=899 WHERE pro_codigo_plu=10109','',2,'2013-11-05'),(87128,'INSERT INTO gne_vale_ferreteria (vfe_id,vfe_fecha,vfe_total,vfe_estado,vfe_entregado,usu_nusuario) VALUES (15936,@@@2013.11.05@@@,200,1,0,@@@G_DIAZ@@@)','',2,'2013-11-05'),(87129,'INSERT INTO gne_vale_ferreteria_mov (vfe_id,pro_codigo_plu,vfm_cantidad,vfm_unitario,vfm_total,vfm_entregado) VALUES (15936,1545,4,50,200,@@@NO@@@)','',2,'2013-11-05'),(87130,'INSERT INTO gne_vale_ferreteria (vfe_id,vfe_fecha,vfe_total,vfe_estado,vfe_entregado,usu_nusuario) VALUES (15937,@@@2013.11.05@@@,890,1,0,@@@G_DIAZ@@@)','',2,'2013-11-05'),(87131,'INSERT INTO gne_vale_ferreteria_mov (vfe_id,pro_codigo_plu,vfm_cantidad,vfm_unitario,vfm_total,vfm_entregado) VALUES (15937,763632,1,890,890,@@@NO@@@)','',2,'2013-11-05'),(87132,'INSERT INTO gne_vale_ferreteria (vfe_id,vfe_fecha,vfe_total,vfe_estado,vfe_entregado,usu_nusuario) VALUES (15938,@@@2013.11.05@@@,210,1,0,@@@G_DIAZ@@@)','',2,'2013-11-05'),(87133,'INSERT INTO gne_vale_ferreteria_mov (vfe_id,pro_codigo_plu,vfm_cantidad,vfm_unitario,vfm_total,vfm_entregado) VALUES (15938,770070,7,30,210,@@@NO@@@)','',2,'2013-11-05'),(87134,'UPDATE mae_productos SET pro_codigo_barra=@@@7613031289325@@@,pro_tipo=@@@0@@@,pro_nombre_producto=@@@GALLETA ALTEZA PIE DE LIMON 140 GRS.@@@,pro_nombre_corto=@@@GALLETA ALTEZA P@@@,med_id=@@@5@@@,emb_id=@@@4@@@,pro_unidades_embalaje=@@@24@@@,dep_id=@@@32 @@@,lin_id=@@@18@@@,mar_id=@@@1889@@@,pro_precio_compra_neto=@@@0@@@,pro_precio_compra_bruto=@@@0@@@,pro_precio_venta=@@@770@@@,pro_margen_actual=@@@0@@@,pro_oferta=@@@NO@@@,pro_fecha_inicio_oferta=@@@1900.01.01@@@,pro_fecha_termino_oferta=@@@1900.01.01@@@,pro_precio_oferta=@@@0@@@,pro_stock_minimo=@@@24@@@,pro_stock_critico=@@@12@@@,pro_activo=@@@1@@@,pro_unidad=@@@0@@@,pro_precio_compra_bruto=0,pro_margen_actual=0,pro_capacidad=0.14,pro_funcion_plu=0,pro_flejes=1,pro_iva=1,pro_plu_asociado=0,pro_envase=@@@NO@@@,pro_duracion=0,pro_numero_etiqueta=0 WHERE pro_codigo_plu=@@@12408@@@','',2,'2013-11-05'),(87135,'UPDATE mae_productos SET pro_estado=1 WHERE pro_codigo_plu=12408','',2,'2013-11-05'),(87136,'DELETE FROM mae_impuestos_productos WHERE pro_codigo_plu=@@@12408@@@','',2,'2013-11-05'),(87137,'UPDATE mae_productos SET pro_codigo_barra=@@@7613032290221@@@,pro_tipo=@@@0@@@,pro_nombre_producto=@@@GALLETA ALTEZA HELADO 160 GRS.@@@,pro_nombre_corto=@@@GALLETA ALETZA B@@@,med_id=@@@5@@@,emb_id=@@@6@@@,pro_unidades_embalaje=@@@24@@@,dep_id=@@@32 @@@,lin_id=@@@18@@@,mar_id=@@@1889@@@,pro_precio_compra_neto=@@@0@@@,pro_precio_compra_bruto=@@@0@@@,pro_precio_venta=@@@790@@@,pro_margen_actual=@@@0@@@,pro_oferta=@@@NO@@@,pro_fecha_inicio_oferta=@@@1900.01.01@@@,pro_fecha_termino_oferta=@@@1900.01.01@@@,pro_precio_oferta=@@@0@@@,pro_stock_minimo=@@@33@@@,pro_stock_critico=@@@15@@@,pro_activo=@@@1@@@,pro_unidad=@@@0@@@,pro_precio_compra_bruto=0,pro_margen_actual=0,pro_capacidad=160,pro_funcion_plu=0,pro_flejes=1,pro_iva=1,pro_plu_asociado=0,pro_envase=@@@NO@@@,pro_duracion=0,pro_numero_etiqueta=0 WHERE pro_codigo_plu=@@@13842@@@','',2,'2013-11-05'),(87138,'UPDATE mae_productos SET pro_estado=1 WHERE pro_codigo_plu=13842','',2,'2013-11-05'),(87139,'DELETE FROM mae_impuestos_productos WHERE pro_codigo_plu=@@@13842@@@','',2,'2013-11-05'),(87140,'UPDATE mae_productos SET pro_margen_actual=0,pro_precio_venta=790 WHERE pro_codigo_plu=13842','',2,'2013-11-05'),(87141,'UPDATE mae_productos SET pro_margen_actual=0,pro_precio_venta=770 WHERE pro_codigo_plu=12408','',2,'2013-11-05'),(87142,'UPDATE mae_productos SET pro_precio_fiscal=pro_precio_venta WHERE pro_codigo_plu=12408','',2,'2013-11-05'),(87143,'UPDATE mae_productos SET pro_precio_fiscal=pro_precio_venta WHERE pro_codigo_plu=13842','',2,'2013-11-05'),(87144,'INSERT INTO gne_vale_ferreteria (vfe_id,vfe_fecha,vfe_total,vfe_estado,vfe_entregado,usu_nusuario) VALUES (15939,@@@2013.11.05@@@,2490,1,0,@@@G_DIAZ@@@)','',2,'2013-11-05'),(87145,'INSERT INTO gne_vale_ferreteria_mov (vfe_id,pro_codigo_plu,vfm_cantidad,vfm_unitario,vfm_total,vfm_entregado) VALUES (15939,101384,1,2490,2490,@@@NO@@@)','',2,'2013-11-05'),(87146,'INSERT INTO gne_vale_ferreteria (vfe_id,vfe_fecha,vfe_total,vfe_estado,vfe_entregado,usu_nusuario) VALUES (15940,@@@2013.11.06@@@,230,1,0,@@@M_CASTILLO@@@)','',2,'2013-11-06'),(87147,'INSERT INTO gne_vale_ferreteria_mov (vfe_id,pro_codigo_plu,vfm_cantidad,vfm_unitario,vfm_total,vfm_entregado) VALUES (15940,780721667,1,230,230,@@@NO@@@)','',2,'2013-11-06'),(87148,'INSERT INTO gne_vale_ferreteria (vfe_id,vfe_fecha,vfe_total,vfe_estado,vfe_entregado,usu_nusuario) VALUES (15941,@@@2013.11.06@@@,2970,1,0,@@@M_CASTILLO@@@)','',2,'2013-11-06'),(87149,'INSERT INTO gne_vale_ferreteria_mov (vfe_id,pro_codigo_plu,vfm_cantidad,vfm_unitario,vfm_total,vfm_entregado) VALUES (15941,15647,1,1680,1680,@@@NO@@@)','',2,'2013-11-06'),(87150,'INSERT INTO gne_vale_ferreteria_mov (vfe_id,pro_codigo_plu,vfm_cantidad,vfm_unitario,vfm_total,vfm_entregado) VALUES (15941,780721595,1,1290,1290,@@@NO@@@)','',2,'2013-11-06'),(87151,'INSERT INTO gne_vale_ferreteria (vfe_id,vfe_fecha,vfe_total,vfe_estado,vfe_entregado,usu_nusuario) VALUES (15942,@@@2013.11.06@@@,240,1,0,@@@M_CASTILLO@@@)','',2,'2013-11-06'),(87152,'INSERT INTO gne_vale_ferreteria_mov (vfe_id,pro_codigo_plu,vfm_cantidad,vfm_unitario,vfm_total,vfm_entregado) VALUES (15942,12351,2,120,240,@@@NO@@@)','',2,'2013-11-06'),(87153,'INSERT INTO gne_vale_ferreteria (vfe_id,vfe_fecha,vfe_total,vfe_estado,vfe_entregado,usu_nusuario) VALUES (15943,@@@2013.11.06@@@,2690,1,0,@@@M_CASTILLO@@@)','',2,'2013-11-06'),(87154,'INSERT INTO gne_vale_ferreteria_mov (vfe_id,pro_codigo_plu,vfm_cantidad,vfm_unitario,vfm_total,vfm_entregado) VALUES (15943,780721781,1,2690,2690,@@@NO@@@)','',2,'2013-11-06'),(87155,'INSERT INTO gne_vale_ferreteria (vfe_id,vfe_fecha,vfe_total,vfe_estado,vfe_entregado,usu_nusuario) VALUES (15944,@@@2013.11.06@@@,350,1,0,@@@M_CASTILLO@@@)','',2,'2013-11-06'),(87156,'INSERT INTO gne_vale_ferreteria_mov (vfe_id,pro_codigo_plu,vfm_cantidad,vfm_unitario,vfm_total,vfm_entregado) VALUES (15944,1017,1,350,350,@@@NO@@@)','',2,'2013-11-06'),(87157,'INSERT INTO gne_vale_ferreteria (vfe_id,vfe_fecha,vfe_total,vfe_estado,vfe_entregado,usu_nusuario) VALUES (15945,@@@2013.11.06@@@,640,1,0,@@@M_CASTILLO@@@)','',2,'2013-11-06'),(87158,'INSERT INTO gne_vale_ferreteria_mov (vfe_id,pro_codigo_plu,vfm_cantidad,vfm_unitario,vfm_total,vfm_entregado) VALUES (15945,780220198,1,360,360,@@@NO@@@)','',2,'2013-11-06'),(87159,'INSERT INTO gne_vale_ferreteria_mov (vfe_id,pro_codigo_plu,vfm_cantidad,vfm_unitario,vfm_total,vfm_entregado) VALUES (15945,780220197,1,280,280,@@@NO@@@)','',2,'2013-11-06'),(87160,'INSERT INTO gne_vale_ferreteria (vfe_id,vfe_fecha,vfe_total,vfe_estado,vfe_entregado,usu_nusuario) VALUES (15946,@@@2013.11.06@@@,450,1,0,@@@M_CASTILLO@@@)','',2,'2013-11-06'),(87161,'INSERT INTO gne_vale_ferreteria_mov (vfe_id,pro_codigo_plu,vfm_cantidad,vfm_unitario,vfm_total,vfm_entregado) VALUES (15946,78017026,5,90,450,@@@NO@@@)','',2,'2013-11-06'),(87162,'INSERT INTO gne_vale_ferreteria (vfe_id,vfe_fecha,vfe_total,vfe_estado,vfe_entregado,usu_nusuario) VALUES (15947,@@@2013.11.06@@@,930,1,0,@@@M_CASTILLO@@@)','',2,'2013-11-06'),(87163,'INSERT INTO gne_vale_ferreteria_mov (vfe_id,pro_codigo_plu,vfm_cantidad,vfm_unitario,vfm_total,vfm_entregado) VALUES (15947,11670,1,930,930,@@@NO@@@)','',2,'2013-11-06'),(87164,'INSERT INTO gne_vale_ferreteria (vfe_id,vfe_fecha,vfe_total,vfe_estado,vfe_entregado,usu_nusuario) VALUES (15948,@@@2013.11.06@@@,1890,1,0,@@@M_CASTILLO@@@)','',2,'2013-11-06'),(87165,'INSERT INTO gne_vale_ferreteria_mov (vfe_id,pro_codigo_plu,vfm_cantidad,vfm_unitario,vfm_total,vfm_entregado) VALUES (15948,780722009,1,1890,1890,@@@NO@@@)','',2,'2013-11-06'),(87166,'INSERT INTO gne_vale_ferreteria (vfe_id,vfe_fecha,vfe_total,vfe_estado,vfe_entregado,usu_nusuario) VALUES (15949,@@@2013.11.06@@@,2250,1,0,@@@M_CASTILLO@@@)','',2,'2013-11-06'),(87167,'INSERT INTO gne_vale_ferreteria_mov (vfe_id,pro_codigo_plu,vfm_cantidad,vfm_unitario,vfm_total,vfm_entregado) VALUES (15949,763901,1,2250,2250,@@@NO@@@)','',2,'2013-11-06'),(87168,'INSERT INTO gne_vale_ferreteria (vfe_id,vfe_fecha,vfe_total,vfe_estado,vfe_entregado,usu_nusuario) VALUES (15950,@@@2013.11.06@@@,1180,1,0,@@@M_CASTILLO@@@)','',2,'2013-11-06'),(87169,'INSERT INTO gne_vale_ferreteria_mov (vfe_id,pro_codigo_plu,vfm_cantidad,vfm_unitario,vfm_total,vfm_entregado) VALUES (15950,764579,2,590,1180,@@@NO@@@)','',2,'2013-11-06'),(87170,'INSERT INTO gne_vale_ferreteria (vfe_id,vfe_fecha,vfe_total,vfe_estado,vfe_entregado,usu_nusuario) VALUES (15951,@@@2013.11.06@@@,500,1,0,@@@M_CASTILLO@@@)','',2,'2013-11-06'),(87171,'INSERT INTO gne_vale_ferreteria_mov (vfe_id,pro_codigo_plu,vfm_cantidad,vfm_unitario,vfm_total,vfm_entregado) VALUES (15951,763841,1,500,500,@@@NO@@@)','',2,'2013-11-06'),(87172,'INSERT INTO gne_vale_ferreteria (vfe_id,vfe_fecha,vfe_total,vfe_estado,vfe_entregado,usu_nusuario) VALUES (15952,@@@2013.11.06@@@,250,1,0,@@@M_CASTILLO@@@)','',2,'2013-11-06'),(87173,'INSERT INTO gne_vale_ferreteria_mov (vfe_id,pro_codigo_plu,vfm_cantidad,vfm_unitario,vfm_total,vfm_entregado) VALUES (15952,4091,1,250,250,@@@NO@@@)','',2,'2013-11-06'),(87174,'INSERT INTO gne_vale_ferreteria (vfe_id,vfe_fecha,vfe_total,vfe_estado,vfe_entregado,usu_nusuario) VALUES (15953,@@@2013.11.06@@@,990,1,0,@@@M_CASTILLO@@@)','',2,'2013-11-06'),(87175,'INSERT INTO gne_vale_ferreteria_mov (vfe_id,pro_codigo_plu,vfm_cantidad,vfm_unitario,vfm_total,vfm_entregado) VALUES (15953,761546,1,990,990,@@@NO@@@)','',2,'2013-11-06'),(87176,'INSERT INTO gne_vale_ferreteria (vfe_id,vfe_fecha,vfe_total,vfe_estado,vfe_entregado,usu_nusuario) VALUES (15954,@@@2013.11.06@@@,690,1,0,@@@M_CASTILLO@@@)','',2,'2013-11-06'),(87177,'INSERT INTO gne_vale_ferreteria_mov (vfe_id,pro_codigo_plu,vfm_cantidad,vfm_unitario,vfm_total,vfm_entregado) VALUES (15954,19804,1,690,690,@@@NO@@@)','',2,'2013-11-06'),(87178,'INSERT INTO gne_vale_ferreteria (vfe_id,vfe_fecha,vfe_total,vfe_estado,vfe_entregado,usu_nusuario) VALUES (15955,@@@2013.11.06@@@,1890,1,0,@@@M_CASTILLO@@@)','',2,'2013-11-06'),(87179,'INSERT INTO gne_vale_ferreteria_mov (vfe_id,pro_codigo_plu,vfm_cantidad,vfm_unitario,vfm_total,vfm_entregado) VALUES (15955,102076,1,1890,1890,@@@NO@@@)','',2,'2013-11-06'),(87180,'INSERT INTO gne_vale_ferreteria (vfe_id,vfe_fecha,vfe_total,vfe_estado,vfe_entregado,usu_nusuario) VALUES (15956,@@@2013.11.06@@@,1490,1,0,@@@M_CASTILLO@@@)','',2,'2013-11-06'),(87181,'INSERT INTO gne_vale_ferreteria_mov (vfe_id,pro_codigo_plu,vfm_cantidad,vfm_unitario,vfm_total,vfm_entregado) VALUES (15956,762026,1,1490,1490,@@@NO@@@)','',2,'2013-11-06'),(87182,'INSERT INTO gne_vale_ferreteria (vfe_id,vfe_fecha,vfe_total,vfe_estado,vfe_entregado,usu_nusuario) VALUES (15957,@@@2013.11.06@@@,1450,1,0,@@@M_CASTILLO@@@)','',2,'2013-11-06'),(87183,'INSERT INTO gne_vale_ferreteria_mov (vfe_id,pro_codigo_plu,vfm_cantidad,vfm_unitario,vfm_total,vfm_entregado) VALUES (15957,3103,5,290,1450,@@@NO@@@)','',2,'2013-11-06'),(87184,'INSERT INTO gne_vale_ferreteria (vfe_id,vfe_fecha,vfe_total,vfe_estado,vfe_entregado,usu_nusuario) VALUES (15958,@@@2013.11.06@@@,1890,1,0,@@@M_CASTILLO@@@)','',2,'2013-11-06'),(87185,'INSERT INTO gne_vale_ferreteria_mov (vfe_id,pro_codigo_plu,vfm_cantidad,vfm_unitario,vfm_total,vfm_entregado) VALUES (15958,20571,1,1890,1890,@@@NO@@@)','',2,'2013-11-06'),(87186,'INSERT INTO gne_vale_ferreteria (vfe_id,vfe_fecha,vfe_total,vfe_estado,vfe_entregado,usu_nusuario) VALUES (15959,@@@2013.11.06@@@,1280,1,0,@@@M_CASTILLO@@@)','',2,'2013-11-06'),(87187,'INSERT INTO gne_vale_ferreteria_mov (vfe_id,pro_codigo_plu,vfm_cantidad,vfm_unitario,vfm_total,vfm_entregado) VALUES (15959,11378,1,730,730,@@@NO@@@)','',2,'2013-11-06'),(87188,'INSERT INTO gne_vale_ferreteria_mov (vfe_id,pro_codigo_plu,vfm_cantidad,vfm_unitario,vfm_total,vfm_entregado) VALUES (15959,763890,1,550,550,@@@NO@@@)','',2,'2013-11-06'),(87189,'INSERT INTO gne_vale_ferreteria (vfe_id,vfe_fecha,vfe_total,vfe_estado,vfe_entregado,usu_nusuario) VALUES (15960,@@@2013.11.06@@@,590,1,0,@@@M_CASTILLO@@@)','',2,'2013-11-06'),(87190,'INSERT INTO gne_vale_ferreteria_mov (vfe_id,pro_codigo_plu,vfm_cantidad,vfm_unitario,vfm_total,vfm_entregado) VALUES (15960,15662,1,590,590,@@@NO@@@)','',2,'2013-11-06'),(87191,'INSERT INTO gne_vale_ferreteria (vfe_id,vfe_fecha,vfe_total,vfe_estado,vfe_entregado,usu_nusuario) VALUES (15961,@@@2013.11.06@@@,120,1,0,@@@c_jara@@@)','',2,'2013-11-06'),(87192,'INSERT INTO gne_vale_ferreteria_mov (vfe_id,pro_codigo_plu,vfm_cantidad,vfm_unitario,vfm_total,vfm_entregado) VALUES (15961,4079,4,30,120,@@@NO@@@)','',2,'2013-11-06'),(87193,'INSERT INTO gne_vale_ferreteria (vfe_id,vfe_fecha,vfe_total,vfe_estado,vfe_entregado,usu_nusuario) VALUES (15962,@@@2013.11.06@@@,300,1,0,@@@M_CASTILLO@@@)','',2,'2013-11-06'),(87194,'INSERT INTO gne_vale_ferreteria_mov (vfe_id,pro_codigo_plu,vfm_cantidad,vfm_unitario,vfm_total,vfm_entregado) VALUES (15962,12000,1,300,300,@@@NO@@@)','',2,'2013-11-06'),(87195,'INSERT INTO gne_vale_ferreteria (vfe_id,vfe_fecha,vfe_total,vfe_estado,vfe_entregado,usu_nusuario) VALUES (15963,@@@2013.11.06@@@,350,1,0,@@@M_CASTILLO@@@)','',2,'2013-11-06'),(87196,'INSERT INTO gne_vale_ferreteria_mov (vfe_id,pro_codigo_plu,vfm_cantidad,vfm_unitario,vfm_total,vfm_entregado) VALUES (15963,763811,1,230,230,@@@NO@@@)','',2,'2013-11-06'),(87197,'INSERT INTO gne_vale_ferreteria_mov (vfe_id,pro_codigo_plu,vfm_cantidad,vfm_unitario,vfm_total,vfm_entregado) VALUES (15963,78017016,1,120,120,@@@NO@@@)','',2,'2013-11-06'),(87198,'INSERT INTO gne_vale_ferreteria (vfe_id,vfe_fecha,vfe_total,vfe_estado,vfe_entregado,usu_nusuario) VALUES (15964,@@@2013.11.06@@@,1350,1,0,@@@M_CASTILLO@@@)','',2,'2013-11-06'),(87199,'INSERT INTO gne_vale_ferreteria_mov (vfe_id,pro_codigo_plu,vfm_cantidad,vfm_unitario,vfm_total,vfm_entregado) VALUES (15964,3100,3,450,1350,@@@NO@@@)','',2,'2013-11-06'),(87200,'INSERT INTO gne_vale_ferreteria (vfe_id,vfe_fecha,vfe_total,vfe_estado,vfe_entregado,usu_nusuario) VALUES (15965,@@@2013.11.06@@@,550,1,0,@@@M_CASTILLO@@@)','',2,'2013-11-06'),(87201,'INSERT INTO gne_vale_ferreteria_mov (vfe_id,pro_codigo_plu,vfm_cantidad,vfm_unitario,vfm_total,vfm_entregado) VALUES (15965,763890,1,550,550,@@@NO@@@)','',2,'2013-11-06'),(87202,'UPDATE mae_productos SET pro_precio_compra_bruto=8538.58,pro_margen_actual=(pro_precio_venta-8538.58)/8538.58 * 100,pro_ultima_compra=@@@2013.11.06@@@,pro_ultimo_proveedor=@@@86379600-8@@@ WHERE pro_codigo_plu=764416','',2,'2013-11-06'),(87203,'UPDATE mae_productos SET pro_precio_compra_bruto=5360.15,pro_margen_actual=(pro_precio_venta-5360.15)/5360.15 * 100,pro_ultima_compra=@@@2013.11.06@@@,pro_ultimo_proveedor=@@@86379600-8@@@ WHERE pro_codigo_plu=10000','',2,'2013-11-06'),(87204,'UPDATE mae_productos SET pro_precio_compra_bruto=3689,pro_margen_actual=(pro_precio_venta-3689)/3689 * 100,pro_ultima_compra=@@@2013.11.06@@@,pro_ultimo_proveedor=@@@79953750-8@@@ WHERE pro_codigo_plu=211','',2,'2013-11-06'),(87205,'UPDATE mae_productos SET pro_precio_compra_bruto=4581.5,pro_margen_actual=(pro_precio_venta-4581.5)/4581.5 * 100,pro_ultima_compra=@@@2013.11.06@@@,pro_ultimo_proveedor=@@@79953750-8@@@ WHERE pro_codigo_plu=365','',2,'2013-11-06'),(87206,'UPDATE mae_productos SET pro_precio_compra_bruto=2200,pro_margen_actual=(pro_precio_venta-2200)/2200 * 100,pro_ultima_compra=@@@2013.11.06@@@,pro_ultimo_proveedor=@@@79953750-8@@@ WHERE pro_codigo_plu=368','',2,'2013-11-06'),(87207,'UPDATE mae_productos SET pro_precio_compra_bruto=3629.5,pro_margen_actual=(pro_precio_venta-3629.5)/3629.5 * 100,pro_ultima_compra=@@@2013.11.06@@@,pro_ultimo_proveedor=@@@79953750-8@@@ WHERE pro_codigo_plu=367','',2,'2013-11-06'),(87208,'INSERT INTO gne_vale_ferreteria (vfe_id,vfe_fecha,vfe_total,vfe_estado,vfe_entregado,usu_nusuario) VALUES (15966,@@@2013.11.06@@@,1950,1,0,@@@M_CASTILLO@@@)','',2,'2013-11-06'),(87209,'INSERT INTO gne_vale_ferreteria_mov (vfe_id,pro_codigo_plu,vfm_cantidad,vfm_unitario,vfm_total,vfm_entregado) VALUES (15966,780721265,3,120,360,@@@NO@@@)','',2,'2013-11-06'),(87210,'INSERT INTO gne_vale_ferreteria_mov (vfe_id,pro_codigo_plu,vfm_cantidad,vfm_unitario,vfm_total,vfm_entregado) VALUES (15966,18652,1,1590,1590,@@@NO@@@)','',2,'2013-11-06'),(87211,'INSERT INTO gne_vale_ferreteria (vfe_id,vfe_fecha,vfe_total,vfe_estado,vfe_entregado,usu_nusuario) VALUES (15967,@@@2013.11.06@@@,1990,1,0,@@@M_CASTILLO@@@)','',2,'2013-11-06'),(87212,'INSERT INTO gne_vale_ferreteria_mov (vfe_id,pro_codigo_plu,vfm_cantidad,vfm_unitario,vfm_total,vfm_entregado) VALUES (15967,764909,1,1990,1990,@@@NO@@@)','',2,'2013-11-06'),(87213,'UPDATE mae_productos SET pro_codigo_barra=@@@7801907001519@@@,pro_tipo=@@@0@@@,pro_nombre_producto=@@@CHORIZOS  TRADICIONAL SAN JORGE 250GRS@@@,pro_nombre_corto=@@@CHORISOS RESETA@@@,med_id=@@@5@@@,emb_id=@@@3@@@,pro_unidades_embalaje=@@@0@@@,dep_id=@@@11 @@@,lin_id=@@@70@@@,mar_id=@@@1810@@@,pro_precio_compra_neto=@@@0@@@,pro_precio_compra_bruto=@@@595@@@,pro_precio_venta=@@@890@@@,pro_margen_actual=@@@49.58@@@,pro_oferta=@@@NO@@@,pro_fecha_inicio_oferta=@@@2013.04.27@@@,pro_fecha_termino_oferta=@@@2013.04.27@@@,pro_precio_oferta=@@@0@@@,pro_stock_minimo=@@@0@@@,pro_stock_critico=@@@0@@@,pro_activo=@@@1@@@,pro_unidad=@@@0@@@,pro_precio_compra_bruto=595,pro_margen_actual=49.58,pro_capacidad=250,pro_funcion_plu=0,pro_flejes=1,pro_iva=1,pro_plu_asociado=0,pro_envase=@@@NO@@@,pro_duracion=0,pro_numero_etiqueta=0 WHERE pro_codigo_plu=@@@763456@@@','',2,'2013-11-06'),(87214,'UPDATE mae_productos SET pro_estado=1 WHERE pro_codigo_plu=763456','',2,'2013-11-06'),(87215,'DELETE FROM mae_impuestos_productos WHERE pro_codigo_plu=@@@763456@@@','',2,'2013-11-06'),(87216,'INSERT INTO gne_vale_ferreteria (vfe_id,vfe_fecha,vfe_total,vfe_estado,vfe_entregado,usu_nusuario) VALUES (15968,@@@2013.11.06@@@,770,1,0,@@@M_CASTILLO@@@)','',2,'2013-11-06'),(87217,'INSERT INTO gne_vale_ferreteria_mov (vfe_id,pro_codigo_plu,vfm_cantidad,vfm_unitario,vfm_total,vfm_entregado) VALUES (15968,78017157,1,770,770,@@@NO@@@)','',2,'2013-11-06'),(87218,'UPDATE mae_productos SET pro_precio_compra_bruto=386.75,pro_margen_actual=(pro_precio_venta-386.75)/386.75 * 100,pro_ultima_compra=@@@2013.11.06@@@,pro_ultimo_proveedor=@@@80186300-0@@@ WHERE pro_codigo_plu=262521','',2,'2013-11-06'),(87219,'UPDATE mae_productos SET pro_precio_compra_bruto=1249.5,pro_margen_actual=(pro_precio_venta-1249.5)/1249.5 * 100,pro_ultima_compra=@@@2013.11.06@@@,pro_ultimo_proveedor=@@@80186300-0@@@ WHERE pro_codigo_plu=262523','',2,'2013-11-06'),(87220,'UPDATE mae_productos SET pro_precio_compra_bruto=386.75,pro_margen_actual=(pro_precio_venta-386.75)/386.75 * 100,pro_ultima_compra=@@@2013.11.06@@@,pro_ultimo_proveedor=@@@80186300-0@@@ WHERE pro_codigo_plu=262524','',2,'2013-11-06'),(87221,'UPDATE mae_productos SET pro_precio_compra_bruto=2261,pro_margen_actual=(pro_precio_venta-2261)/2261 * 100,pro_ultima_compra=@@@2013.11.06@@@,pro_ultimo_proveedor=@@@80186300-0@@@ WHERE pro_codigo_plu=2625','',2,'2013-11-06'),(87222,'UPDATE mae_productos SET pro_precio_compra_bruto=595,pro_margen_actual=(pro_precio_venta-595)/595 * 100,pro_ultima_compra=@@@2013.11.06@@@,pro_ultimo_proveedor=@@@80186300-0@@@ WHERE pro_codigo_plu=763456','',2,'2013-11-06'),(87223,'UPDATE mae_productos SET pro_precio_compra_bruto=3332.078,pro_margen_actual=(pro_precio_venta-3332.078)/3332.078 * 100,pro_ultima_compra=@@@2013.11.06@@@,pro_ultimo_proveedor=@@@80186300-0@@@ WHERE pro_codigo_plu=312','',2,'2013-11-06'),(87224,'UPDATE mae_productos SET pro_precio_compra_bruto=1309,pro_margen_actual=(pro_precio_venta-1309)/1309 * 100,pro_ultima_compra=@@@2013.11.06@@@,pro_ultimo_proveedor=@@@80186300-0@@@ WHERE pro_codigo_plu=349','',2,'2013-11-06'),(87225,'UPDATE mae_productos SET pro_precio_compra_bruto=191.88,pro_margen_actual=(pro_precio_venta-191.88)/191.88 * 100,pro_ultima_compra=@@@2013.11.06@@@,pro_ultimo_proveedor=@@@80186300-0@@@ WHERE pro_codigo_plu=262530','',2,'2013-11-06'),(87226,'UPDATE mae_productos SET pro_precio_compra_bruto=191.88,pro_margen_actual=(pro_precio_venta-191.88)/191.88 * 100,pro_ultima_compra=@@@2013.11.06@@@,pro_ultimo_proveedor=@@@80186300-0@@@ WHERE pro_codigo_plu=762638','',2,'2013-11-06'),(87227,'UPDATE mae_productos SET pro_precio_compra_bruto=3665.2,pro_margen_actual=(pro_precio_venta-3665.2)/3665.2 * 100,pro_ultima_compra=@@@2013.11.06@@@,pro_ultimo_proveedor=@@@80186300-0@@@ WHERE pro_codigo_plu=402','',2,'2013-11-06'),(87228,'INSERT INTO gne_vale_ferreteria (vfe_id,vfe_fecha,vfe_total,vfe_estado,vfe_entregado,usu_nusuario) VALUES (15969,@@@2013.11.06@@@,1220,1,0,@@@M_CASTILLO@@@)','',2,'2013-11-06'),(87229,'INSERT INTO gne_vale_ferreteria_mov (vfe_id,pro_codigo_plu,vfm_cantidad,vfm_unitario,vfm_total,vfm_entregado) VALUES (15969,11743,1,930,930,@@@NO@@@)','',2,'2013-11-06'),(87230,'INSERT INTO gne_vale_ferreteria_mov (vfe_id,pro_codigo_plu,vfm_cantidad,vfm_unitario,vfm_total,vfm_entregado) VALUES (15969,3103,1,290,290,@@@NO@@@)','',2,'2013-11-06'),(87231,'INSERT INTO gne_vale_ferreteria (vfe_id,vfe_fecha,vfe_total,vfe_estado,vfe_entregado,usu_nusuario) VALUES (15970,@@@2013.11.06@@@,1790,1,0,@@@M_CASTILLO@@@)','',2,'2013-11-06'),(87232,'INSERT INTO gne_vale_ferreteria_mov (vfe_id,pro_codigo_plu,vfm_cantidad,vfm_unitario,vfm_total,vfm_entregado) VALUES (15970,763989,1,1790,1790,@@@NO@@@)','',2,'2013-11-06'),(87233,'INSERT INTO gne_vale_ferreteria (vfe_id,vfe_fecha,vfe_total,vfe_estado,vfe_entregado,usu_nusuario) VALUES (15971,@@@2013.11.06@@@,120,1,0,@@@M_CASTILLO@@@)','',2,'2013-11-06'),(87234,'INSERT INTO gne_vale_ferreteria_mov (vfe_id,pro_codigo_plu,vfm_cantidad,vfm_unitario,vfm_total,vfm_entregado) VALUES (15971,78017059,1,120,120,@@@NO@@@)','',2,'2013-11-06'),(87235,'UPDATE mae_productos SET pro_codigo_barra=@@@7804300122928@@@,pro_tipo=@@@0@@@,pro_nombre_producto=@@@VINO GATO BOTELLA TINTO 1.5 LITROS@@@,pro_nombre_corto=@@@VINO GATO BOTELL@@@,med_id=@@@3@@@,emb_id=@@@4@@@,pro_unidades_embalaje=@@@8@@@,dep_id=@@@6 @@@,lin_id=@@@60@@@,mar_id=@@@1874@@@,pro_precio_compra_neto=@@@0@@@,pro_precio_compra_bruto=@@@1603@@@,pro_precio_venta=@@@2100@@@,pro_margen_actual=@@@31@@@,pro_oferta=@@@NO@@@,pro_fecha_inicio_oferta=@@@1900.01.01@@@,pro_fecha_termino_oferta=@@@1900.01.01@@@,pro_precio_oferta=@@@0@@@,pro_stock_minimo=@@@6@@@,pro_stock_critico=@@@3@@@,pro_activo=@@@1@@@,pro_unidad=@@@0@@@,pro_precio_compra_bruto=1603,pro_margen_actual=31,pro_capacidad=1.5,pro_funcion_plu=0,pro_flejes=1,pro_iva=1,pro_plu_asociado=0,pro_envase=@@@NO@@@,pro_duracion=0,pro_numero_etiqueta=0 WHERE pro_codigo_plu=@@@17779@@@','',2,'2013-11-06'),(87236,'UPDATE mae_productos SET pro_estado=1 WHERE pro_codigo_plu=17779','',2,'2013-11-06'),(87237,'DELETE FROM mae_impuestos_productos WHERE pro_codigo_plu=@@@17779@@@','',2,'2013-11-06'),(87238,'INSERT INTO gne_vale_ferreteria (vfe_id,vfe_fecha,vfe_total,vfe_estado,vfe_entregado,usu_nusuario) VALUES (15972,@@@2013.11.06@@@,850,1,0,@@@M_CASTILLO@@@)','',2,'2013-11-06'),(87239,'INSERT INTO gne_vale_ferreteria_mov (vfe_id,pro_codigo_plu,vfm_cantidad,vfm_unitario,vfm_total,vfm_entregado) VALUES (15972,763794,1,850,850,@@@NO@@@)','',2,'2013-11-06'),(87240,'INSERT INTO gne_vale_ferreteria (vfe_id,vfe_fecha,vfe_total,vfe_estado,vfe_entregado,usu_nusuario) VALUES (15973,@@@2013.11.06@@@,90,1,0,@@@M_CASTILLO@@@)','',2,'2013-11-06'),(87241,'INSERT INTO gne_vale_ferreteria_mov (vfe_id,pro_codigo_plu,vfm_cantidad,vfm_unitario,vfm_total,vfm_entregado) VALUES (15973,763596,1,90,90,@@@NO@@@)','',2,'2013-11-06'),(87242,'UPDATE mae_productos SET pro_codigo_barra=@@@5901617007077@@@,pro_tipo=@@@0@@@,pro_nombre_producto=@@@VODKA FINEST PREMIUM X 700 CC@@@,pro_nombre_corto=@@@VODKA FINEST PRE@@@,med_id=@@@6@@@,emb_id=@@@4@@@,pro_unidades_embalaje=@@@12@@@,dep_id=@@@5 @@@,lin_id=@@@57@@@,mar_id=@@@2498@@@,pro_precio_compra_neto=@@@0@@@,pro_precio_compra_bruto=@@@2000@@@,pro_precio_venta=@@@2990@@@,pro_margen_actual=@@@49.5@@@,pro_oferta=@@@NO@@@,pro_fecha_inicio_oferta=@@@2006.09.07@@@,pro_fecha_termino_oferta=@@@2006.09.07@@@,pro_precio_oferta=@@@0@@@,pro_stock_minimo=@@@0@@@,pro_stock_critico=@@@0@@@,pro_activo=@@@1@@@,pro_unidad=@@@0@@@,pro_precio_compra_bruto=2000,pro_margen_actual=49.5,pro_capacidad=0.7,pro_funcion_plu=0,pro_flejes=1,pro_iva=1,pro_plu_asociado=0,pro_envase=@@@NO@@@,pro_duracion=0,pro_numero_etiqueta=0 WHERE pro_codigo_plu=@@@763146@@@','',2,'2013-11-06'),(87243,'UPDATE mae_productos SET pro_estado=1 WHERE pro_codigo_plu=763146','',2,'2013-11-06'),(87244,'DELETE FROM mae_impuestos_productos WHERE pro_codigo_plu=@@@763146@@@','',2,'2013-11-06'),(87245,'UPDATE mae_productos SET pro_precio_fiscal=pro_precio_venta WHERE pro_codigo_plu=763146','',2,'2013-11-06'),(87246,'INSERT INTO gne_vale_ferreteria (vfe_id,vfe_fecha,vfe_total,vfe_estado,vfe_entregado,usu_nusuario) VALUES (15974,@@@2013.11.06@@@,570,1,0,@@@M_CASTILLO@@@)','',2,'2013-11-06'),(87247,'INSERT INTO gne_vale_ferreteria_mov (vfe_id,pro_codigo_plu,vfm_cantidad,vfm_unitario,vfm_total,vfm_entregado) VALUES (15974,764016,1,450,450,@@@NO@@@)','',2,'2013-11-06'),(87248,'INSERT INTO gne_vale_ferreteria_mov (vfe_id,pro_codigo_plu,vfm_cantidad,vfm_unitario,vfm_total,vfm_entregado) VALUES (15974,8022,1,120,120,@@@NO@@@)','',2,'2013-11-06'),(87249,'INSERT INTO gne_vale_ferreteria (vfe_id,vfe_fecha,vfe_total,vfe_estado,vfe_entregado,usu_nusuario) VALUES (15975,@@@2013.11.06@@@,920,1,0,@@@M_CASTILLO@@@)','',2,'2013-11-06'),(87250,'INSERT INTO gne_vale_ferreteria_mov (vfe_id,pro_codigo_plu,vfm_cantidad,vfm_unitario,vfm_total,vfm_entregado) VALUES (15975,19856,1,920,920,@@@NO@@@)','',2,'2013-11-06'),(87251,'UPDATE mae_productos SET pro_codigo_barra=@@@130@@@,pro_tipo=@@@0@@@,pro_nombre_producto=@@@TRUTRO CUARTO CONGELADO CS@@@,pro_nombre_corto=@@@TRUTRO CUARTO@@@,med_id=@@@2@@@,emb_id=@@@6@@@,pro_unidades_embalaje=@@@15@@@,dep_id=@@@9 @@@,lin_id=@@@65@@@,mar_id=@@@2507@@@,pro_precio_compra_neto=@@@0@@@,pro_precio_compra_bruto=@@@1535.1@@@,pro_precio_venta=@@@1990@@@,pro_margen_actual=@@@29.63@@@,pro_oferta=@@@NO@@@,pro_fecha_inicio_oferta=@@@2013.08.30@@@,pro_fecha_termino_oferta=@@@2013.08.30@@@,pro_precio_oferta=@@@0@@@,pro_stock_minimo=@@@100@@@,pro_stock_critico=@@@10@@@,pro_activo=@@@1@@@,pro_unidad=@@@1@@@,pro_precio_compra_bruto=1535.1,pro_margen_actual=29.63,pro_capacidad=1,pro_funcion_plu=1,pro_flejes=1,pro_iva=1,pro_plu_asociado=0,pro_envase=@@@NO@@@,pro_duracion=0,pro_numero_etiqueta=1 WHERE pro_codigo_plu=@@@130@@@','',2,'2013-11-06'),(87252,'UPDATE mae_productos SET pro_estado=1 WHERE pro_codigo_plu=130','',2,'2013-11-06'),(87253,'DELETE FROM mae_impuestos_productos WHERE pro_codigo_plu=@@@130@@@','',2,'2013-11-06'),(87254,'INSERT INTO gne_vale_ferreteria (vfe_id,vfe_fecha,vfe_total,vfe_estado,vfe_entregado,usu_nusuario) VALUES (15976,@@@2013.11.06@@@,2390,1,0,@@@M_CASTILLO@@@)','',2,'2013-11-06'),(87255,'INSERT INTO gne_vale_ferreteria_mov (vfe_id,pro_codigo_plu,vfm_cantidad,vfm_unitario,vfm_total,vfm_entregado) VALUES (15976,780721489,1,2390,2390,@@@NO@@@)','',2,'2013-11-06'),(87256,'INSERT INTO gne_vale_ferreteria (vfe_id,vfe_fecha,vfe_total,vfe_estado,vfe_entregado,usu_nusuario) VALUES (15977,@@@2013.11.06@@@,790,1,0,@@@M_CASTILLO@@@)','',2,'2013-11-06'),(87257,'INSERT INTO gne_vale_ferreteria_mov (vfe_id,pro_codigo_plu,vfm_cantidad,vfm_unitario,vfm_total,vfm_entregado) VALUES (15977,1553,1,790,790,@@@NO@@@)','',2,'2013-11-06'),(87258,'UPDATE gpr_pack_virtual SET pav_nombre=@@@PACK VODKA .PL + JUGO WATTS@@@,pav_total_pack=3490,pav_total_descuento=500,pav_desde=@@@2013-08-08@@@,pav_hasta=@@@2013-08-19@@@,pav_tipo=@@@PR@@@,pav_precio=0,pav_lleva=0,pav_paga=0,pav_descuento=0,pav_porcentaje=0,pav_oferta_exclusiva=@@@NO@@@,pav_agotar_stock=@@@SI@@@,pav_stock=25,pav_costo=2784.96,pav_margen=25.32 WHERE pav_id=23','',2,'2013-11-06'),(87259,'DELETE FROM gpr_pack_virtual_mov WHERE pav_id=23','',2,'2013-11-06'),(87260,'DELETE FROM gpr_pack_virtual_horario WHERE pav_id=23','',2,'2013-11-06'),(87261,'INSERT INTO gpr_pack_virtual_mov (pav_id,pro_codigo_plu,pvm_precio,pvm_total,pvm_lleva,pvm_paga,pvm_descuento,pvm_porcentaje,pvm_total_normal,pvm_descuento_linea,pvm_costo,pvm_margen) VALUES (23,763146,2990,2990,1,1,0,65,2990,0,2000,49.5),(23,17167,1000,500,1,0.5,0.5,0,1000,500,784.96,-36.3)','',2,'2013-11-06'),(87262,'INSERT INTO gpr_pack_virtual_horario (pav_id,pvh_dia,pvh_hora_desde,pvh_hora_hasta) VALUES (23,99,@@@00:00@@@,@@@23:59@@@)','',2,'2013-11-06'),(87263,'INSERT INTO gne_vale_ferreteria (vfe_id,vfe_fecha,vfe_total,vfe_estado,vfe_entregado,usu_nusuario) VALUES (15978,@@@2013.11.06@@@,300,1,0,@@@M_CASTILLO@@@)','',2,'2013-11-06'),(87264,'INSERT INTO gne_vale_ferreteria_mov (vfe_id,pro_codigo_plu,vfm_cantidad,vfm_unitario,vfm_total,vfm_entregado) VALUES (15978,2004,1,300,300,@@@NO@@@)','',2,'2013-11-06'),(87265,'INSERT INTO gne_vale_ferreteria (vfe_id,vfe_fecha,vfe_total,vfe_estado,vfe_entregado,usu_nusuario) VALUES (15979,@@@2013.11.06@@@,2370,1,0,@@@M_CASTILLO@@@)','',2,'2013-11-06'),(87266,'INSERT INTO gne_vale_ferreteria_mov (vfe_id,pro_codigo_plu,vfm_cantidad,vfm_unitario,vfm_total,vfm_entregado) VALUES (15979,1071,3,790,2370,@@@NO@@@)','',2,'2013-11-06'),(87267,'INSERT INTO gne_vale_ferreteria (vfe_id,vfe_fecha,vfe_total,vfe_estado,vfe_entregado,usu_nusuario) VALUES (15980,@@@2013.11.06@@@,3160,1,0,@@@M_CASTILLO@@@)','',2,'2013-11-06'),(87268,'INSERT INTO gne_vale_ferreteria_mov (vfe_id,pro_codigo_plu,vfm_cantidad,vfm_unitario,vfm_total,vfm_entregado) VALUES (15980,1071,4,790,3160,@@@NO@@@)','',2,'2013-11-06'),(87269,'UPDATE mae_productos SET pro_precio_compra_bruto=152.32,pro_margen_actual=(pro_precio_venta-152.32)/152.32 * 100,pro_ultima_compra=@@@2013.11.06@@@,pro_ultimo_proveedor=@@@84472400-4@@@ WHERE pro_codigo_plu=18220','',2,'2013-11-06'),(87270,'UPDATE mae_productos SET pro_precio_compra_bruto=152.32,pro_margen_actual=(pro_precio_venta-152.32)/152.32 * 100,pro_ultima_compra=@@@2013.11.06@@@,pro_ultimo_proveedor=@@@84472400-4@@@ WHERE pro_codigo_plu=18217','',2,'2013-11-06'),(87271,'UPDATE mae_productos SET pro_precio_compra_bruto=152.32,pro_margen_actual=(pro_precio_venta-152.32)/152.32 * 100,pro_ultima_compra=@@@2013.11.06@@@,pro_ultimo_proveedor=@@@84472400-4@@@ WHERE pro_codigo_plu=18219','',2,'2013-11-06'),(87272,'UPDATE mae_productos SET pro_precio_compra_bruto=152.32,pro_margen_actual=(pro_precio_venta-152.32)/152.32 * 100,pro_ultima_compra=@@@2013.11.06@@@,pro_ultimo_proveedor=@@@84472400-4@@@ WHERE pro_codigo_plu=18218','',2,'2013-11-06'),(87273,'UPDATE mae_productos SET pro_precio_compra_bruto=376.83,pro_margen_actual=(pro_precio_venta-376.83)/376.83 * 100,pro_ultima_compra=@@@2013.11.06@@@,pro_ultimo_proveedor=@@@79984240-8@@@ WHERE pro_codigo_plu=18588','',2,'2013-11-06'),(87274,'UPDATE mae_productos SET pro_precio_compra_bruto=376.83,pro_margen_actual=(pro_precio_venta-376.83)/376.83 * 100,pro_ultima_compra=@@@2013.11.06@@@,pro_ultimo_proveedor=@@@79984240-8@@@ WHERE pro_codigo_plu=18556','',2,'2013-11-06'),(87275,'UPDATE mae_productos SET pro_precio_compra_bruto=1189.8,pro_margen_actual=(pro_precio_venta-1189.8)/1189.8 * 100,pro_ultima_compra=@@@2013.11.06@@@,pro_ultimo_proveedor=@@@79984240-8@@@ WHERE pro_codigo_plu=18557','',2,'2013-11-06'),(87276,'UPDATE mae_productos SET pro_precio_compra_bruto=133.28,pro_margen_actual=(pro_precio_venta-133.28)/133.28 * 100,pro_ultima_compra=@@@2013.11.06@@@,pro_ultimo_proveedor=@@@79984240-8@@@ WHERE pro_codigo_plu=19733','',2,'2013-11-06'),(87277,'UPDATE mae_productos SET pro_precio_compra_bruto=247.52,pro_margen_actual=(pro_precio_venta-247.52)/247.52 * 100,pro_ultima_compra=@@@2013.11.06@@@,pro_ultimo_proveedor=@@@79984240-8@@@ WHERE pro_codigo_plu=19695','',2,'2013-11-06'),(87278,'INSERT INTO gne_vale_ferreteria (vfe_id,vfe_fecha,vfe_total,vfe_estado,vfe_entregado,usu_nusuario) VALUES (15981,@@@2013.11.06@@@,120,1,0,@@@M_CASTILLO@@@)','',2,'2013-11-06'),(87279,'INSERT INTO gne_vale_ferreteria_mov (vfe_id,pro_codigo_plu,vfm_cantidad,vfm_unitario,vfm_total,vfm_entregado) VALUES (15981,8022,1,120,120,@@@NO@@@)','',2,'2013-11-06'),(87280,'INSERT INTO gne_vale_ferreteria (vfe_id,vfe_fecha,vfe_total,vfe_estado,vfe_entregado,usu_nusuario) VALUES (15982,@@@2013.11.06@@@,4190,1,0,@@@M_CASTILLO@@@)','',2,'2013-11-06'),(87281,'INSERT INTO gne_vale_ferreteria_mov (vfe_id,pro_codigo_plu,vfm_cantidad,vfm_unitario,vfm_total,vfm_entregado) VALUES (15982,780721470,1,4190,4190,@@@NO@@@)','',2,'2013-11-06'),(87282,'INSERT INTO gne_vale_ferreteria (vfe_id,vfe_fecha,vfe_total,vfe_estado,vfe_entregado,usu_nusuario) VALUES (15983,@@@2013.11.06@@@,730,1,0,@@@M_CASTILLO@@@)','',2,'2013-11-06'),(87283,'INSERT INTO gne_vale_ferreteria_mov (vfe_id,pro_codigo_plu,vfm_cantidad,vfm_unitario,vfm_total,vfm_entregado) VALUES (15983,764493,1,490,490,@@@NO@@@)','',2,'2013-11-06'),(87284,'INSERT INTO gne_vale_ferreteria_mov (vfe_id,pro_codigo_plu,vfm_cantidad,vfm_unitario,vfm_total,vfm_entregado) VALUES (15983,764766,2,120,240,@@@NO@@@)','',2,'2013-11-06'),(87285,'INSERT INTO gne_vale_ferreteria (vfe_id,vfe_fecha,vfe_total,vfe_estado,vfe_entregado,usu_nusuario) VALUES (15984,@@@2013.11.06@@@,120,1,0,@@@M_CASTILLO@@@)','',2,'2013-11-06'),(87286,'INSERT INTO gne_vale_ferreteria_mov (vfe_id,pro_codigo_plu,vfm_cantidad,vfm_unitario,vfm_total,vfm_entregado) VALUES (15984,761335,1,120,120,@@@NO@@@)','',2,'2013-11-06'),(87287,'INSERT INTO gne_vale_ferreteria (vfe_id,vfe_fecha,vfe_total,vfe_estado,vfe_entregado,usu_nusuario) VALUES (15985,@@@2013.11.06@@@,4510,1,0,@@@M_CASTILLO@@@)','',2,'2013-11-06'),(87288,'INSERT INTO gne_vale_ferreteria_mov (vfe_id,pro_codigo_plu,vfm_cantidad,vfm_unitario,vfm_total,vfm_entregado) VALUES (15985,20607,1,2520,2520,@@@NO@@@)','',2,'2013-11-06'),(87289,'INSERT INTO gne_vale_ferreteria_mov (vfe_id,pro_codigo_plu,vfm_cantidad,vfm_unitario,vfm_total,vfm_entregado) VALUES (15985,20489,1,1990,1990,@@@NO@@@)','',2,'2013-11-06'),(87290,'INSERT INTO gne_vale_ferreteria (vfe_id,vfe_fecha,vfe_total,vfe_estado,vfe_entregado,usu_nusuario) VALUES (15986,@@@2013.11.06@@@,1000,1,0,@@@M_CASTILLO@@@)','',2,'2013-11-06'),(87291,'INSERT INTO gne_vale_ferreteria_mov (vfe_id,pro_codigo_plu,vfm_cantidad,vfm_unitario,vfm_total,vfm_entregado) VALUES (15986,764842,1,1000,1000,@@@NO@@@)','',2,'2013-11-06'),(87292,'INSERT INTO gne_vale_ferreteria (vfe_id,vfe_fecha,vfe_total,vfe_estado,vfe_entregado,usu_nusuario) VALUES (15987,@@@2013.11.06@@@,3790,1,0,@@@M_CASTILLO@@@)','',2,'2013-11-06'),(87293,'INSERT INTO gne_vale_ferreteria_mov (vfe_id,pro_codigo_plu,vfm_cantidad,vfm_unitario,vfm_total,vfm_entregado) VALUES (15987,763769,1,3790,3790,@@@NO@@@)','',2,'2013-11-06'),(87294,'INSERT INTO gne_vale_ferreteria (vfe_id,vfe_fecha,vfe_total,vfe_estado,vfe_entregado,usu_nusuario) VALUES (15988,@@@2013.11.06@@@,550,1,0,@@@M_CASTILLO@@@)','',2,'2013-11-06'),(87295,'INSERT INTO gne_vale_ferreteria_mov (vfe_id,pro_codigo_plu,vfm_cantidad,vfm_unitario,vfm_total,vfm_entregado) VALUES (15988,780721253,1,550,550,@@@NO@@@)','',2,'2013-11-06'),(87296,'INSERT INTO gne_vale_ferreteria (vfe_id,vfe_fecha,vfe_total,vfe_estado,vfe_entregado,usu_nusuario) VALUES (15989,@@@2013.11.06@@@,2780,1,0,@@@M_CASTILLO@@@)','',2,'2013-11-06'),(87297,'INSERT INTO gne_vale_ferreteria_mov (vfe_id,pro_codigo_plu,vfm_cantidad,vfm_unitario,vfm_total,vfm_entregado) VALUES (15989,764043,1,990,990,@@@NO@@@)','',2,'2013-11-06'),(87298,'INSERT INTO gne_vale_ferreteria_mov (vfe_id,pro_codigo_plu,vfm_cantidad,vfm_unitario,vfm_total,vfm_entregado) VALUES (15989,780721930,1,1790,1790,@@@NO@@@)','',2,'2013-11-06'),(87299,'INSERT INTO gne_vale_ferreteria (vfe_id,vfe_fecha,vfe_total,vfe_estado,vfe_entregado,usu_nusuario) VALUES (15990,@@@2013.11.06@@@,1890,1,0,@@@M_CASTILLO@@@)','',2,'2013-11-06'),(87300,'INSERT INTO gne_vale_ferreteria_mov (vfe_id,pro_codigo_plu,vfm_cantidad,vfm_unitario,vfm_total,vfm_entregado) VALUES (15990,101625,1,1890,1890,@@@NO@@@)','',2,'2013-11-06'),(87301,'INSERT INTO gne_vale_ferreteria (vfe_id,vfe_fecha,vfe_total,vfe_estado,vfe_entregado,usu_nusuario) VALUES (15991,@@@2013.11.06@@@,600,1,0,@@@M_CASTILLO@@@)','',2,'2013-11-06'),(87302,'INSERT INTO gne_vale_ferreteria_mov (vfe_id,pro_codigo_plu,vfm_cantidad,vfm_unitario,vfm_total,vfm_entregado) VALUES (15991,770038,3,160,480,@@@NO@@@)','',2,'2013-11-06'),(87303,'INSERT INTO gne_vale_ferreteria_mov (vfe_id,pro_codigo_plu,vfm_cantidad,vfm_unitario,vfm_total,vfm_entregado) VALUES (15991,78017016,1,120,120,@@@NO@@@)','',2,'2013-11-06'),(87304,'INSERT INTO gne_vale_ferreteria (vfe_id,vfe_fecha,vfe_total,vfe_estado,vfe_entregado,usu_nusuario) VALUES (15992,@@@2013.11.06@@@,890,1,0,@@@M_CASTILLO@@@)','',2,'2013-11-06'),(87305,'INSERT INTO gne_vale_ferreteria_mov (vfe_id,pro_codigo_plu,vfm_cantidad,vfm_unitario,vfm_total,vfm_entregado) VALUES (15992,11602,1,890,890,@@@NO@@@)','',2,'2013-11-06'),(87306,'UPDATE mae_productos SET pro_precio_compra_bruto=1492.26,pro_margen_actual=(pro_precio_venta-1492.26)/1492.26 * 100,pro_ultima_compra=@@@2013.11.06@@@,pro_ultimo_proveedor=@@@90703000-8@@@ WHERE pro_codigo_plu=19384','',2,'2013-11-06'),(87307,'UPDATE mae_productos SET pro_precio_compra_bruto=1492.26,pro_margen_actual=(pro_precio_venta-1492.26)/1492.26 * 100,pro_ultima_compra=@@@2013.11.06@@@,pro_ultimo_proveedor=@@@90703000-8@@@ WHERE pro_codigo_plu=19383','',2,'2013-11-06'),(87308,'UPDATE mae_productos SET pro_precio_compra_bruto=1492.26,pro_margen_actual=(pro_precio_venta-1492.26)/1492.26 * 100,pro_ultima_compra=@@@2013.11.06@@@,pro_ultimo_proveedor=@@@90703000-8@@@ WHERE pro_codigo_plu=19391','',2,'2013-11-06'),(87309,'UPDATE mae_productos SET pro_precio_compra_bruto=1492.26,pro_margen_actual=(pro_precio_venta-1492.26)/1492.26 * 100,pro_ultima_compra=@@@2013.11.06@@@,pro_ultimo_proveedor=@@@90703000-8@@@ WHERE pro_codigo_plu=19439','',2,'2013-11-06'),(87310,'UPDATE mae_productos SET pro_precio_compra_bruto=354.62,pro_margen_actual=(pro_precio_venta-354.62)/354.62 * 100,pro_ultima_compra=@@@2013.11.06@@@,pro_ultimo_proveedor=@@@90703000-8@@@ WHERE pro_codigo_plu=763928','',2,'2013-11-06'),(87311,'UPDATE mae_productos SET pro_precio_compra_bruto=77.35,pro_margen_actual=(pro_precio_venta-77.35)/77.35 * 100,pro_ultima_compra=@@@2013.11.06@@@,pro_ultimo_proveedor=@@@90703000-8@@@ WHERE pro_codigo_plu=763931','',2,'2013-11-06'),(87312,'UPDATE mae_productos SET pro_precio_compra_bruto=192.78,pro_margen_actual=(pro_precio_venta-192.78)/192.78 * 100,pro_ultima_compra=@@@2013.11.06@@@,pro_ultimo_proveedor=@@@90703000-8@@@ WHERE pro_codigo_plu=763929','',2,'2013-11-06'),(87313,'UPDATE mae_productos SET pro_precio_compra_bruto=276.08,pro_margen_actual=(pro_precio_venta-276.08)/276.08 * 100,pro_ultima_compra=@@@2013.11.06@@@,pro_ultimo_proveedor=@@@90703000-8@@@ WHERE pro_codigo_plu=780721638','',2,'2013-11-06'),(87314,'UPDATE mae_productos SET pro_precio_compra_bruto=1492.26,pro_margen_actual=(pro_precio_venta-1492.26)/1492.26 * 100,pro_ultima_compra=@@@2013.11.06@@@,pro_ultimo_proveedor=@@@90703000-8@@@ WHERE pro_codigo_plu=262545','',2,'2013-11-06'),(87315,'UPDATE mae_productos SET pro_precio_compra_bruto=1717.17,pro_margen_actual=(pro_precio_venta-1717.17)/1717.17 * 100,pro_ultima_compra=@@@2013.11.06@@@,pro_ultimo_proveedor=@@@90703000-8@@@ WHERE pro_codigo_plu=19603','',2,'2013-11-06'),(87316,'UPDATE mae_productos SET pro_precio_compra_bruto=1717.17,pro_margen_actual=(pro_precio_venta-1717.17)/1717.17 * 100,pro_ultima_compra=@@@2013.11.06@@@,pro_ultimo_proveedor=@@@90703000-8@@@ WHERE pro_codigo_plu=19602','',2,'2013-11-06'),(87317,'UPDATE mae_productos SET pro_precio_compra_bruto=542.64,pro_margen_actual=(pro_precio_venta-542.64)/542.64 * 100,pro_ultima_compra=@@@2013.11.06@@@,pro_ultimo_proveedor=@@@90703000-8@@@ WHERE pro_codigo_plu=763939','',2,'2013-11-06'),(87318,'UPDATE mae_productos SET pro_precio_compra_bruto=542.64,pro_margen_actual=(pro_precio_venta-542.64)/542.64 * 100,pro_ultima_compra=@@@2013.11.06@@@,pro_ultimo_proveedor=@@@90703000-8@@@ WHERE pro_codigo_plu=763941','',2,'2013-11-06'),(87319,'UPDATE mae_productos SET pro_precio_compra_bruto=2391.9,pro_margen_actual=(pro_precio_venta-2391.9)/2391.9 * 100,pro_ultima_compra=@@@2013.11.06@@@,pro_ultimo_proveedor=@@@90703000-8@@@ WHERE pro_codigo_plu=763558','',2,'2013-11-06'),(87320,'UPDATE mae_productos SET pro_precio_compra_bruto=2391.9,pro_margen_actual=(pro_precio_venta-2391.9)/2391.9 * 100,pro_ultima_compra=@@@2013.11.06@@@,pro_ultimo_proveedor=@@@90703000-8@@@ WHERE pro_codigo_plu=763556','',2,'2013-11-06'),(87321,'UPDATE mae_productos SET pro_precio_compra_bruto=2391.9,pro_margen_actual=(pro_precio_venta-2391.9)/2391.9 * 100,pro_ultima_compra=@@@2013.11.06@@@,pro_ultimo_proveedor=@@@90703000-8@@@ WHERE pro_codigo_plu=763568','',2,'2013-11-06'),(87322,'UPDATE mae_productos SET pro_precio_compra_bruto=472.43,pro_margen_actual=(pro_precio_venta-472.43)/472.43 * 100,pro_ultima_compra=@@@2013.11.06@@@,pro_ultimo_proveedor=@@@90703000-8@@@ WHERE pro_codigo_plu=763925','',2,'2013-11-06'),(87323,'UPDATE mae_productos SET pro_precio_compra_bruto=354.62,pro_margen_actual=(pro_precio_venta-354.62)/354.62 * 100,pro_ultima_compra=@@@2013.11.06@@@,pro_ultimo_proveedor=@@@90703000-8@@@ WHERE pro_codigo_plu=763921','',2,'2013-11-06'),(87324,'INSERT INTO gne_vale_ferreteria (vfe_id,vfe_fecha,vfe_total,vfe_estado,vfe_entregado,usu_nusuario) VALUES (15993,@@@2013.11.06@@@,120,1,0,@@@M_CASTILLO@@@)','',2,'2013-11-06'),(87325,'INSERT INTO gne_vale_ferreteria_mov (vfe_id,pro_codigo_plu,vfm_cantidad,vfm_unitario,vfm_total,vfm_entregado) VALUES (15993,8022,1,120,120,@@@NO@@@)','',2,'2013-11-06'),(87326,'INSERT INTO gne_vale_ferreteria (vfe_id,vfe_fecha,vfe_total,vfe_estado,vfe_entregado,usu_nusuario) VALUES (15994,@@@2013.11.06@@@,1599,1,0,@@@M_CASTILLO@@@)','',2,'2013-11-06'),(87327,'INSERT INTO gne_vale_ferreteria_mov (vfe_id,pro_codigo_plu,vfm_cantidad,vfm_unitario,vfm_total,vfm_entregado) VALUES (15994,15668,1,1599,1599,@@@NO@@@)','',2,'2013-11-06'),(87328,'INSERT INTO gne_vale_ferreteria (vfe_id,vfe_fecha,vfe_total,vfe_estado,vfe_entregado,usu_nusuario) VALUES (15995,@@@2013.11.06@@@,60,1,0,@@@M_CASTILLO@@@)','',2,'2013-11-06'),(87329,'INSERT INTO gne_vale_ferreteria_mov (vfe_id,pro_codigo_plu,vfm_cantidad,vfm_unitario,vfm_total,vfm_entregado) VALUES (15995,1544,2,30,60,@@@NO@@@)','',2,'2013-11-06'),(87330,'INSERT INTO gne_vale_ferreteria (vfe_id,vfe_fecha,vfe_total,vfe_estado,vfe_entregado,usu_nusuario) VALUES (15996,@@@2013.11.06@@@,120,1,0,@@@M_CASTILLO@@@)','',2,'2013-11-06'),(87331,'INSERT INTO gne_vale_ferreteria_mov (vfe_id,pro_codigo_plu,vfm_cantidad,vfm_unitario,vfm_total,vfm_entregado) VALUES (15996,8022,1,120,120,@@@NO@@@)','',2,'2013-11-06'),(87332,'INSERT INTO gne_vale_ferreteria (vfe_id,vfe_fecha,vfe_total,vfe_estado,vfe_entregado,usu_nusuario) VALUES (15997,@@@2013.11.06@@@,1590,1,0,@@@M_CASTILLO@@@)','',2,'2013-11-06'),(87333,'INSERT INTO gne_vale_ferreteria_mov (vfe_id,pro_codigo_plu,vfm_cantidad,vfm_unitario,vfm_total,vfm_entregado) VALUES (15997,763672,1,1590,1590,@@@NO@@@)','',2,'2013-11-06'),(87334,'INSERT INTO gne_vale_ferreteria (vfe_id,vfe_fecha,vfe_total,vfe_estado,vfe_entregado,usu_nusuario) VALUES (15998,@@@2013.11.06@@@,1890,1,0,@@@M_CASTILLO@@@)','',2,'2013-11-06'),(87335,'INSERT INTO gne_vale_ferreteria_mov (vfe_id,pro_codigo_plu,vfm_cantidad,vfm_unitario,vfm_total,vfm_entregado) VALUES (15998,764313,1,1890,1890,@@@NO@@@)','',2,'2013-11-06'),(87336,'INSERT INTO gne_vale_ferreteria (vfe_id,vfe_fecha,vfe_total,vfe_estado,vfe_entregado,usu_nusuario) VALUES (15999,@@@2013.11.06@@@,1170,1,0,@@@M_CASTILLO@@@)','',2,'2013-11-06'),(87337,'INSERT INTO gne_vale_ferreteria_mov (vfe_id,pro_codigo_plu,vfm_cantidad,vfm_unitario,vfm_total,vfm_entregado) VALUES (15999,78017177,1,390,390,@@@NO@@@)','',2,'2013-11-06'),(87338,'INSERT INTO gne_vale_ferreteria_mov (vfe_id,pro_codigo_plu,vfm_cantidad,vfm_unitario,vfm_total,vfm_entregado) VALUES (15999,8022,1,120,120,@@@NO@@@)','',2,'2013-11-06'),(87339,'INSERT INTO gne_vale_ferreteria_mov (vfe_id,pro_codigo_plu,vfm_cantidad,vfm_unitario,vfm_total,vfm_entregado) VALUES (15999,1068,1,200,200,@@@NO@@@)','',2,'2013-11-06'),(87340,'INSERT INTO gne_vale_ferreteria_mov (vfe_id,pro_codigo_plu,vfm_cantidad,vfm_unitario,vfm_total,vfm_entregado) VALUES (15999,1069,1,200,200,@@@NO@@@)','',2,'2013-11-06'),(87341,'INSERT INTO gne_vale_ferreteria_mov (vfe_id,pro_codigo_plu,vfm_cantidad,vfm_unitario,vfm_total,vfm_entregado) VALUES (15999,1067,1,200,200,@@@NO@@@)','',2,'2013-11-06'),(87342,'INSERT INTO gne_vale_ferreteria_mov (vfe_id,pro_codigo_plu,vfm_cantidad,vfm_unitario,vfm_total,vfm_entregado) VALUES (15999,764780,1,60,60,@@@NO@@@)','',2,'2013-11-06'),(87343,'INSERT INTO gne_vale_ferreteria (vfe_id,vfe_fecha,vfe_total,vfe_estado,vfe_entregado,usu_nusuario) VALUES (16000,@@@2013.11.06@@@,150,1,0,@@@M_CASTILLO@@@)','',2,'2013-11-06'),(87344,'INSERT INTO gne_vale_ferreteria_mov (vfe_id,pro_codigo_plu,vfm_cantidad,vfm_unitario,vfm_total,vfm_entregado) VALUES (16000,7500886,1,150,150,@@@NO@@@)','',2,'2013-11-06'),(87345,'INSERT INTO gne_vale_ferreteria (vfe_id,vfe_fecha,vfe_total,vfe_estado,vfe_entregado,usu_nusuario) VALUES (16001,@@@2013.11.06@@@,320,1,0,@@@M_CASTILLO@@@)','',2,'2013-11-06'),(87346,'INSERT INTO gne_vale_ferreteria_mov (vfe_id,pro_codigo_plu,vfm_cantidad,vfm_unitario,vfm_total,vfm_entregado) VALUES (16001,8022,1,120,120,@@@NO@@@)','',2,'2013-11-06'),(87347,'INSERT INTO gne_vale_ferreteria_mov (vfe_id,pro_codigo_plu,vfm_cantidad,vfm_unitario,vfm_total,vfm_entregado) VALUES (16001,1069,1,200,200,@@@NO@@@)','',2,'2013-11-06'),(87348,'INSERT INTO gne_vale_ferreteria (vfe_id,vfe_fecha,vfe_total,vfe_estado,vfe_entregado,usu_nusuario) VALUES (16002,@@@2013.11.06@@@,300,1,0,@@@M_CASTILLO@@@)','',2,'2013-11-06'),(87349,'INSERT INTO gne_vale_ferreteria_mov (vfe_id,pro_codigo_plu,vfm_cantidad,vfm_unitario,vfm_total,vfm_entregado) VALUES (16002,78017090,1,300,300,@@@NO@@@)','',2,'2013-11-06'),(87350,'UPDATE mae_productos SET pro_margen_actual=49.58,pro_precio_venta=890 WHERE pro_codigo_plu=763456','',2,'2013-11-06'),(87351,'UPDATE mae_productos SET pro_margen_actual=29.63,pro_precio_venta=1990 WHERE pro_codigo_plu=130','',2,'2013-11-06'),(87352,'UPDATE mae_productos SET pro_margen_actual=31,pro_precio_venta=2100 WHERE pro_codigo_plu=17779','',2,'2013-11-06'),(87353,'UPDATE mae_productos SET pro_margen_actual=36.03,pro_precio_venta=2990 WHERE pro_codigo_plu=17548','',2,'2013-11-06'),(87354,'UPDATE mae_productos SET pro_codigo_barra=@@@7802575711045@@@,pro_tipo=@@@0@@@,pro_nombre_producto=@@@ARROZ RIZZO ASIATICO Gº2 LARGO KILO@@@,pro_nombre_corto=@@@ARROZ RIZZO ASIA@@@,med_id=@@@2@@@,emb_id=@@@2@@@,pro_unidades_embalaje=@@@10@@@,dep_id=@@@1 @@@,lin_id=@@@2@@@,mar_id=@@@1279@@@,pro_precio_compra_neto=@@@0@@@,pro_precio_compra_bruto=@@@0@@@,pro_precio_venta=@@@1190@@@,pro_margen_actual=@@@0@@@,pro_oferta=@@@NO@@@,pro_fecha_inicio_oferta=@@@2006.09.07@@@,pro_fecha_termino_oferta=@@@2006.09.07@@@,pro_precio_oferta=@@@0@@@,pro_stock_minimo=@@@10@@@,pro_stock_critico=@@@5@@@,pro_activo=@@@1@@@,pro_unidad=@@@0@@@,pro_precio_compra_bruto=0,pro_margen_actual=0,pro_capacidad=1,pro_funcion_plu=0,pro_flejes=1,pro_iva=1,pro_plu_asociado=0,pro_envase=@@@NO@@@,pro_duracion=0,pro_numero_etiqueta=0 WHERE pro_codigo_plu=@@@1534@@@','',2,'2013-11-06'),(87355,'UPDATE mae_productos SET pro_estado=1 WHERE pro_codigo_plu=1534','',2,'2013-11-06'),(87356,'DELETE FROM mae_impuestos_productos WHERE pro_codigo_plu=@@@1534@@@','',2,'2013-11-06'),(87357,'UPDATE mae_productos SET pro_codigo_barra=@@@7802575711038@@@,pro_tipo=@@@0@@@,pro_nombre_producto=@@@ARROZ RIZZO GRANO LARGO ANCHO KILO@@@,pro_nombre_corto=@@@ARROZ RIZZO PREG@@@,med_id=@@@2@@@,emb_id=@@@2@@@,pro_unidades_embalaje=@@@10@@@,dep_id=@@@1 @@@,lin_id=@@@2@@@,mar_id=@@@1279@@@,pro_precio_compra_neto=@@@0@@@,pro_precio_compra_bruto=@@@0@@@,pro_precio_venta=@@@1190@@@,pro_margen_actual=@@@0@@@,pro_oferta=@@@NO@@@,pro_fecha_inicio_oferta=@@@2006.09.07@@@,pro_fecha_termino_oferta=@@@2006.09.07@@@,pro_precio_oferta=@@@0@@@,pro_stock_minimo=@@@10@@@,pro_stock_critico=@@@5@@@,pro_activo=@@@1@@@,pro_unidad=@@@0@@@,pro_precio_compra_bruto=0,pro_margen_actual=0,pro_capacidad=1,pro_funcion_plu=0,pro_flejes=1,pro_iva=1,pro_plu_asociado=0,pro_envase=@@@NO@@@,pro_duracion=0,pro_numero_etiqueta=0 WHERE pro_codigo_plu=@@@101949@@@','',2,'2013-11-06'),(87358,'UPDATE mae_productos SET pro_estado=1 WHERE pro_codigo_plu=101949','',2,'2013-11-06'),(87359,'DELETE FROM mae_impuestos_productos WHERE pro_codigo_plu=@@@101949@@@','',2,'2013-11-06'),(87360,'UPDATE mae_productos SET pro_margen_actual=0,pro_precio_venta=1190 WHERE pro_codigo_plu=101949','',2,'2013-11-06'),(87361,'UPDATE mae_productos SET pro_margen_actual=0,pro_precio_venta=1190 WHERE pro_codigo_plu=101949','',2,'2013-11-06'),(87362,'UPDATE mae_productos SET pro_margen_actual=0,pro_precio_venta=1190 WHERE pro_codigo_plu=1534','',2,'2013-11-06'),(87363,'UPDATE mae_productos SET pro_margen_actual=0,pro_precio_venta=1550 WHERE pro_codigo_plu=11119','',2,'2013-11-06'),(87364,'UPDATE mae_productos SET pro_precio_fiscal=pro_precio_venta WHERE pro_codigo_plu=130','',2,'2013-11-06'),(87365,'UPDATE mae_productos SET pro_precio_fiscal=pro_precio_venta WHERE pro_codigo_plu=101949','',2,'2013-11-06'),(87366,'UPDATE mae_productos SET pro_precio_fiscal=pro_precio_venta WHERE pro_codigo_plu=1534','',2,'2013-11-06'),(87367,'INSERT INTO gne_vale_ferreteria (vfe_id,vfe_fecha,vfe_total,vfe_estado,vfe_entregado,usu_nusuario) VALUES (16003,@@@2013.11.06@@@,2240,1,0,@@@M_CASTILLO@@@)','',2,'2013-11-06'),(87368,'INSERT INTO gne_vale_ferreteria_mov (vfe_id,pro_codigo_plu,vfm_cantidad,vfm_unitario,vfm_total,vfm_entregado) VALUES (16003,763672,1,1590,1590,@@@NO@@@)','',2,'2013-11-06'),(87369,'INSERT INTO gne_vale_ferreteria_mov (vfe_id,pro_codigo_plu,vfm_cantidad,vfm_unitario,vfm_total,vfm_entregado) VALUES (16003,15929,2,130,260,@@@NO@@@)','',2,'2013-11-06'),(87370,'INSERT INTO gne_vale_ferreteria_mov (vfe_id,pro_codigo_plu,vfm_cantidad,vfm_unitario,vfm_total,vfm_entregado) VALUES (16003,15967,3,130,390,@@@NO@@@)','',2,'2013-11-06'),(87371,'UPDATE gpr_pack_virtual SET pav_nombre=@@@PACK 3 JUREL LA BONITA 425 GRS X $ 1.950@@@,pav_total_pack=1950,pav_total_descuento=300,pav_desde=@@@2013-11-06@@@,pav_hasta=@@@2013-12-31@@@,pav_tipo=@@@PA@@@,pav_precio=750,pav_lleva=3,pav_paga=2.6,pav_descuento=0.4,pav_porcentaje=1,pav_oferta_exclusiva=@@@NO@@@,pav_agotar_stock=@@@SI@@@,pav_stock=240,pav_costo=1645.77,pav_margen=18.49 WHERE pav_id=45','',2,'2013-11-06'),(87372,'DELETE FROM gpr_pack_virtual_mov WHERE pav_id=45','',2,'2013-11-06'),(87373,'DELETE FROM gpr_pack_virtual_horario WHERE pav_id=45','',2,'2013-11-06'),(87374,'INSERT INTO gpr_pack_virtual_mov (pav_id,pro_codigo_plu,pvm_precio,pvm_total,pvm_lleva,pvm_paga,pvm_descuento,pvm_porcentaje,pvm_total_normal,pvm_descuento_linea,pvm_costo,pvm_margen) VALUES (45,13247,750,0,1,1,0,0,750,100,548.59,18.49)','',2,'2013-11-06'),(87375,'INSERT INTO gpr_pack_virtual_horario (pav_id,pvh_dia,pvh_hora_desde,pvh_hora_hasta) VALUES (45,99,@@@00:00@@@,@@@23:59@@@)','',2,'2013-11-06'),(87376,'INSERT INTO gne_vale_ferreteria (vfe_id,vfe_fecha,vfe_total,vfe_estado,vfe_entregado,usu_nusuario) VALUES (16004,@@@2013.11.06@@@,330,1,0,@@@M_CASTILLO@@@)','',2,'2013-11-06'),(87377,'INSERT INTO gne_vale_ferreteria_mov (vfe_id,pro_codigo_plu,vfm_cantidad,vfm_unitario,vfm_total,vfm_entregado) VALUES (16004,763588,1,330,330,@@@NO@@@)','',2,'2013-11-06'),(87378,'INSERT INTO gne_vale_ferreteria (vfe_id,vfe_fecha,vfe_total,vfe_estado,vfe_entregado,usu_nusuario) VALUES (16005,@@@2013.11.06@@@,120,1,0,@@@M_CASTILLO@@@)','',2,'2013-11-06'),(87379,'INSERT INTO gne_vale_ferreteria_mov (vfe_id,pro_codigo_plu,vfm_cantidad,vfm_unitario,vfm_total,vfm_entregado) VALUES (16005,8022,1,120,120,@@@NO@@@)','',2,'2013-11-06'),(87380,'INSERT INTO gne_vale_ferreteria (vfe_id,vfe_fecha,vfe_total,vfe_estado,vfe_entregado,usu_nusuario) VALUES (16006,@@@2013.11.06@@@,150,1,0,@@@M_CASTILLO@@@)','',2,'2013-11-06'),(87381,'INSERT INTO gne_vale_ferreteria_mov (vfe_id,pro_codigo_plu,vfm_cantidad,vfm_unitario,vfm_total,vfm_entregado) VALUES (16006,8021,1,150,150,@@@NO@@@)','',2,'2013-11-06'),(87382,'INSERT INTO gne_vale_ferreteria (vfe_id,vfe_fecha,vfe_total,vfe_estado,vfe_entregado,usu_nusuario) VALUES (16007,@@@2013.11.06@@@,1090,1,0,@@@G_DIAZ@@@)','',2,'2013-11-06'),(87383,'INSERT INTO gne_vale_ferreteria_mov (vfe_id,pro_codigo_plu,vfm_cantidad,vfm_unitario,vfm_total,vfm_entregado) VALUES (16007,765072,1,200,200,@@@NO@@@)','',2,'2013-11-06'),(87384,'INSERT INTO gne_vale_ferreteria_mov (vfe_id,pro_codigo_plu,vfm_cantidad,vfm_unitario,vfm_total,vfm_entregado) VALUES (16007,8021,2,150,300,@@@NO@@@)','',2,'2013-11-06'),(87385,'INSERT INTO gne_vale_ferreteria_mov (vfe_id,pro_codigo_plu,vfm_cantidad,vfm_unitario,vfm_total,vfm_entregado) VALUES (16007,780721717,4,20,80,@@@NO@@@)','',2,'2013-11-06'),(87386,'INSERT INTO gne_vale_ferreteria_mov (vfe_id,pro_codigo_plu,vfm_cantidad,vfm_unitario,vfm_total,vfm_entregado) VALUES (16007,780721421,2,30,60,@@@NO@@@)','',2,'2013-11-06'),(87387,'INSERT INTO gne_vale_ferreteria_mov (vfe_id,pro_codigo_plu,vfm_cantidad,vfm_unitario,vfm_total,vfm_entregado) VALUES (16007,36650,1,450,450,@@@NO@@@)','',2,'2013-11-06'),(87388,'INSERT INTO gne_vale_ferreteria (vfe_id,vfe_fecha,vfe_total,vfe_estado,vfe_entregado,usu_nusuario) VALUES (16008,@@@2013.11.06@@@,390,1,0,@@@G_DIAZ@@@)','',2,'2013-11-06'),(87389,'INSERT INTO gne_vale_ferreteria_mov (vfe_id,pro_codigo_plu,vfm_cantidad,vfm_unitario,vfm_total,vfm_entregado) VALUES (16008,763825,1,390,390,@@@NO@@@)','',2,'2013-11-06'),(87390,'INSERT INTO gne_vale_ferreteria (vfe_id,vfe_fecha,vfe_total,vfe_estado,vfe_entregado,usu_nusuario) VALUES (16009,@@@2013.11.06@@@,150,1,0,@@@G_DIAZ@@@)','',2,'2013-11-06'),(87391,'INSERT INTO gne_vale_ferreteria_mov (vfe_id,pro_codigo_plu,vfm_cantidad,vfm_unitario,vfm_total,vfm_entregado) VALUES (16009,770035,1,150,150,@@@NO@@@)','',2,'2013-11-06'),(87392,'INSERT INTO gne_vale_ferreteria (vfe_id,vfe_fecha,vfe_total,vfe_estado,vfe_entregado,usu_nusuario) VALUES (16010,@@@2013.11.06@@@,930,1,0,@@@G_DIAZ@@@)','',2,'2013-11-06'),(87393,'INSERT INTO gne_vale_ferreteria_mov (vfe_id,pro_codigo_plu,vfm_cantidad,vfm_unitario,vfm_total,vfm_entregado) VALUES (16010,78017157,1,770,770,@@@NO@@@)','',2,'2013-11-06'),(87394,'INSERT INTO gne_vale_ferreteria_mov (vfe_id,pro_codigo_plu,vfm_cantidad,vfm_unitario,vfm_total,vfm_entregado) VALUES (16010,16421,1,160,160,@@@NO@@@)','',2,'2013-11-06'),(87395,'INSERT INTO gne_vale_ferreteria (vfe_id,vfe_fecha,vfe_total,vfe_estado,vfe_entregado,usu_nusuario) VALUES (16011,@@@2013.11.06@@@,930,1,0,@@@G_DIAZ@@@)','',2,'2013-11-06'),(87396,'INSERT INTO gne_vale_ferreteria_mov (vfe_id,pro_codigo_plu,vfm_cantidad,vfm_unitario,vfm_total,vfm_entregado) VALUES (16011,78017157,1,770,770,@@@NO@@@)','',2,'2013-11-06'),(87397,'INSERT INTO gne_vale_ferreteria_mov (vfe_id,pro_codigo_plu,vfm_cantidad,vfm_unitario,vfm_total,vfm_entregado) VALUES (16011,16421,1,160,160,@@@NO@@@)','',2,'2013-11-06'),(87398,'INSERT INTO gne_vale_ferreteria (vfe_id,vfe_fecha,vfe_total,vfe_estado,vfe_entregado,usu_nusuario) VALUES (16012,@@@2013.11.06@@@,150,1,0,@@@G_DIAZ@@@)','',2,'2013-11-06'),(87399,'INSERT INTO gne_vale_ferreteria_mov (vfe_id,pro_codigo_plu,vfm_cantidad,vfm_unitario,vfm_total,vfm_entregado) VALUES (16012,780721187,1,150,150,@@@NO@@@)','',2,'2013-11-06'),(87400,'INSERT INTO gne_vale_ferreteria (vfe_id,vfe_fecha,vfe_total,vfe_estado,vfe_entregado,usu_nusuario) VALUES (16013,@@@2013.11.06@@@,510,1,0,@@@G_DIAZ@@@)','',2,'2013-11-06'),(87401,'INSERT INTO gne_vale_ferreteria_mov (vfe_id,pro_codigo_plu,vfm_cantidad,vfm_unitario,vfm_total,vfm_entregado) VALUES (16013,36650,1,450,450,@@@NO@@@)','',2,'2013-11-06'),(87402,'INSERT INTO gne_vale_ferreteria_mov (vfe_id,pro_codigo_plu,vfm_cantidad,vfm_unitario,vfm_total,vfm_entregado) VALUES (16013,1544,2,30,60,@@@NO@@@)','',2,'2013-11-06'),(87403,'INSERT INTO gne_vale_ferreteria (vfe_id,vfe_fecha,vfe_total,vfe_estado,vfe_entregado,usu_nusuario) VALUES (16014,@@@2013.11.06@@@,550,1,0,@@@G_DIAZ@@@)','',2,'2013-11-06'),(87404,'INSERT INTO gne_vale_ferreteria_mov (vfe_id,pro_codigo_plu,vfm_cantidad,vfm_unitario,vfm_total,vfm_entregado) VALUES (16014,780721304,1,550,550,@@@NO@@@)','',2,'2013-11-06'),(87405,'INSERT INTO gne_vale_ferreteria (vfe_id,vfe_fecha,vfe_total,vfe_estado,vfe_entregado,usu_nusuario) VALUES (16015,@@@2013.11.06@@@,280,1,0,@@@G_DIAZ@@@)','',2,'2013-11-06'),(87406,'INSERT INTO gne_vale_ferreteria_mov (vfe_id,pro_codigo_plu,vfm_cantidad,vfm_unitario,vfm_total,vfm_entregado) VALUES (16015,8022,1,120,120,@@@NO@@@)','',2,'2013-11-06'),(87407,'INSERT INTO gne_vale_ferreteria_mov (vfe_id,pro_codigo_plu,vfm_cantidad,vfm_unitario,vfm_total,vfm_entregado) VALUES (16015,16430,1,160,160,@@@NO@@@)','',2,'2013-11-06'),(87408,'INSERT INTO gne_vale_ferreteria (vfe_id,vfe_fecha,vfe_total,vfe_estado,vfe_entregado,usu_nusuario) VALUES (16016,@@@2013.11.06@@@,240,1,0,@@@G_DIAZ@@@)','',2,'2013-11-06'),(87409,'INSERT INTO gne_vale_ferreteria_mov (vfe_id,pro_codigo_plu,vfm_cantidad,vfm_unitario,vfm_total,vfm_entregado) VALUES (16016,763778,1,240,240,@@@NO@@@)','',2,'2013-11-06'),(87410,'INSERT INTO gne_vale_ferreteria (vfe_id,vfe_fecha,vfe_total,vfe_estado,vfe_entregado,usu_nusuario) VALUES (16017,@@@2013.11.06@@@,50,1,0,@@@G_DIAZ@@@)','',2,'2013-11-06'),(87411,'INSERT INTO gne_vale_ferreteria_mov (vfe_id,pro_codigo_plu,vfm_cantidad,vfm_unitario,vfm_total,vfm_entregado) VALUES (16017,764833,5,10,50,@@@NO@@@)','',2,'2013-11-06'),(87412,'INSERT INTO gne_vale_ferreteria (vfe_id,vfe_fecha,vfe_total,vfe_estado,vfe_entregado,usu_nusuario) VALUES (16018,@@@2013.11.06@@@,2490,1,0,@@@G_DIAZ@@@)','',2,'2013-11-06'),(87413,'INSERT INTO gne_vale_ferreteria_mov (vfe_id,pro_codigo_plu,vfm_cantidad,vfm_unitario,vfm_total,vfm_entregado) VALUES (16018,764601,1,2490,2490,@@@NO@@@)','',2,'2013-11-06'),(87414,'INSERT INTO gne_vale_ferreteria (vfe_id,vfe_fecha,vfe_total,vfe_estado,vfe_entregado,usu_nusuario) VALUES (16019,@@@2013.11.06@@@,4080,1,0,@@@G_DIAZ@@@)','',2,'2013-11-06'),(87415,'INSERT INTO gne_vale_ferreteria_mov (vfe_id,pro_codigo_plu,vfm_cantidad,vfm_unitario,vfm_total,vfm_entregado) VALUES (16019,780220169,1,2590,2590,@@@NO@@@)','',2,'2013-11-06'),(87416,'INSERT INTO gne_vale_ferreteria_mov (vfe_id,pro_codigo_plu,vfm_cantidad,vfm_unitario,vfm_total,vfm_entregado) VALUES (16019,762026,1,1490,1490,@@@NO@@@)','',2,'2013-11-06'),(87417,'INSERT INTO gne_vale_ferreteria (vfe_id,vfe_fecha,vfe_total,vfe_estado,vfe_entregado,usu_nusuario) VALUES (16020,@@@2013.11.06@@@,2250,1,0,@@@G_DIAZ@@@)','',2,'2013-11-06'),(87418,'INSERT INTO gne_vale_ferreteria_mov (vfe_id,pro_codigo_plu,vfm_cantidad,vfm_unitario,vfm_total,vfm_entregado) VALUES (16020,763901,1,2250,2250,@@@NO@@@)','',2,'2013-11-06'),(87419,'INSERT INTO gne_vale_ferreteria (vfe_id,vfe_fecha,vfe_total,vfe_estado,vfe_entregado,usu_nusuario) VALUES (16021,@@@2013.11.06@@@,1190,1,0,@@@G_DIAZ@@@)','',2,'2013-11-06'),(87420,'INSERT INTO gne_vale_ferreteria_mov (vfe_id,pro_codigo_plu,vfm_cantidad,vfm_unitario,vfm_total,vfm_entregado) VALUES (16021,780220168,1,1190,1190,@@@NO@@@)','',2,'2013-11-06'),(87421,'INSERT INTO gne_vale_ferreteria (vfe_id,vfe_fecha,vfe_total,vfe_estado,vfe_entregado,usu_nusuario) VALUES (16022,@@@2013.11.06@@@,1190,1,0,@@@G_DIAZ@@@)','',2,'2013-11-06'),(87422,'INSERT INTO gne_vale_ferreteria_mov (vfe_id,pro_codigo_plu,vfm_cantidad,vfm_unitario,vfm_total,vfm_entregado) VALUES (16022,780220168,1,1190,1190,@@@NO@@@)','',2,'2013-11-06'),(87423,'INSERT INTO gne_vale_ferreteria (vfe_id,vfe_fecha,vfe_total,vfe_estado,vfe_entregado,usu_nusuario) VALUES (16023,@@@2013.11.06@@@,570,1,0,@@@G_DIAZ@@@)','',2,'2013-11-06'),(87424,'INSERT INTO gne_vale_ferreteria_mov (vfe_id,pro_codigo_plu,vfm_cantidad,vfm_unitario,vfm_total,vfm_entregado) VALUES (16023,36650,1,450,450,@@@NO@@@)','',2,'2013-11-06'),(87425,'INSERT INTO gne_vale_ferreteria_mov (vfe_id,pro_codigo_plu,vfm_cantidad,vfm_unitario,vfm_total,vfm_entregado) VALUES (16023,8022,1,120,120,@@@NO@@@)','',2,'2013-11-06'),(87426,'INSERT INTO gne_vale_ferreteria (vfe_id,vfe_fecha,vfe_total,vfe_estado,vfe_entregado,usu_nusuario) VALUES (16024,@@@2013.11.06@@@,910,1,0,@@@G_DIAZ@@@)','',2,'2013-11-06'),(87427,'INSERT INTO gne_vale_ferreteria_mov (vfe_id,pro_codigo_plu,vfm_cantidad,vfm_unitario,vfm_total,vfm_entregado) VALUES (16024,78017157,1,770,770,@@@NO@@@)','',2,'2013-11-06'),(87428,'INSERT INTO gne_vale_ferreteria_mov (vfe_id,pro_codigo_plu,vfm_cantidad,vfm_unitario,vfm_total,vfm_entregado) VALUES (16024,764364,1,140,140,@@@NO@@@)','',2,'2013-11-06'),(87429,'INSERT INTO gne_vale_ferreteria (vfe_id,vfe_fecha,vfe_total,vfe_estado,vfe_entregado,usu_nusuario) VALUES (16025,@@@2013.11.06@@@,90,1,0,@@@G_DIAZ@@@)','',2,'2013-11-06'),(87430,'INSERT INTO gne_vale_ferreteria_mov (vfe_id,pro_codigo_plu,vfm_cantidad,vfm_unitario,vfm_total,vfm_entregado) VALUES (16025,78017147,1,90,90,@@@NO@@@)','',2,'2013-11-06'),(87431,'INSERT INTO gne_vale_ferreteria (vfe_id,vfe_fecha,vfe_total,vfe_estado,vfe_entregado,usu_nusuario) VALUES (16026,@@@2013.11.06@@@,1290,1,0,@@@G_DIAZ@@@)','',2,'2013-11-06'),(87432,'INSERT INTO gne_vale_ferreteria_mov (vfe_id,pro_codigo_plu,vfm_cantidad,vfm_unitario,vfm_total,vfm_entregado) VALUES (16026,780721512,1,1290,1290,@@@NO@@@)','',2,'2013-11-06'),(87433,'INSERT INTO gne_vale_ferreteria (vfe_id,vfe_fecha,vfe_total,vfe_estado,vfe_entregado,usu_nusuario) VALUES (16027,@@@2013.11.06@@@,160,1,0,@@@G_DIAZ@@@)','',2,'2013-11-06'),(87434,'INSERT INTO gne_vale_ferreteria_mov (vfe_id,pro_codigo_plu,vfm_cantidad,vfm_unitario,vfm_total,vfm_entregado) VALUES (16027,16430,1,160,160,@@@NO@@@)','',2,'2013-11-06'),(87435,'INSERT INTO gne_vale_ferreteria (vfe_id,vfe_fecha,vfe_total,vfe_estado,vfe_entregado,usu_nusuario) VALUES (16028,@@@2013.11.06@@@,300,1,0,@@@G_DIAZ@@@)','',2,'2013-11-06'),(87436,'INSERT INTO gne_vale_ferreteria_mov (vfe_id,pro_codigo_plu,vfm_cantidad,vfm_unitario,vfm_total,vfm_entregado) VALUES (16028,78017090,1,300,300,@@@NO@@@)','',2,'2013-11-06'),(87437,'UPDATE mae_productos SET pro_precio_venta=1990,pro_margen_actual= 33.35 WHERE pro_codigo_plu=19383','',2,'2013-11-06'),(87438,'UPDATE mae_productos SET pro_precio_fiscal=pro_precio_venta WHERE pro_codigo_plu=100979','',2,'2013-11-06'),(87439,'UPDATE mae_productos SET pro_precio_fiscal=pro_precio_venta WHERE pro_codigo_plu=19383','',2,'2013-11-06'),(87440,'UPDATE mae_productos SET pro_precio_venta=786,pro_margen_actual= 0.13 WHERE pro_codigo_plu=17333','',2,'2013-11-06'),(87441,'UPDATE mae_productos SET pro_margen_actual=-10.83,pro_precio_venta=700 WHERE pro_codigo_plu=17333','',2,'2013-11-06'),(87442,'UPDATE mae_productos SET pro_precio_venta=1069,pro_margen_actual= 0.8 WHERE pro_codigo_plu=763365','',2,'2013-11-06'),(87443,'UPDATE mae_productos SET pro_precio_venta=350,pro_margen_actual= 40.73 WHERE pro_codigo_plu=17232','',2,'2013-11-06'),(87444,'UPDATE mae_productos SET pro_precio_venta=700,pro_margen_actual= 25.57 WHERE pro_codigo_plu=17274','',2,'2013-11-06'),(87445,'UPDATE mae_productos SET pro_precio_venta=990,pro_margen_actual= 4.78 WHERE pro_codigo_plu=101226','',2,'2013-11-06'),(87446,'UPDATE mae_productos SET pro_precio_venta=990,pro_margen_actual= 4.78 WHERE pro_codigo_plu=18186','',2,'2013-11-06'),(87447,'UPDATE mae_productos SET pro_precio_venta=350,pro_margen_actual= 40.73 WHERE pro_codigo_plu=17326','',2,'2013-11-06'),(87448,'UPDATE mae_productos SET pro_precio_venta=990,pro_margen_actual= 4.78 WHERE pro_codigo_plu=18423','',2,'2013-11-06'),(87449,'UPDATE mae_productos SET pro_margen_actual=40.73,pro_precio_venta=350 WHERE pro_codigo_plu=17232','',2,'2013-11-06'),(87450,'UPDATE mae_productos SET pro_margen_actual=43.47,pro_precio_venta=1069 WHERE pro_codigo_plu=763365','',2,'2013-11-06'),(87451,'UPDATE mae_productos SET pro_margen_actual=32.87,pro_precio_venta=990 WHERE pro_codigo_plu=18186','',2,'2013-11-06'),(87452,'UPDATE mae_productos SET pro_margen_actual=4.78,pro_precio_venta=990 WHERE pro_codigo_plu=18423','',2,'2013-11-06'),(87453,'UPDATE mae_productos SET pro_margen_actual=32.87,pro_precio_venta=990 WHERE pro_codigo_plu=101226','',2,'2013-11-06'),(87454,'UPDATE mae_productos SET pro_margen_actual=52.04,pro_precio_venta=700 WHERE pro_codigo_plu=17274','',2,'2013-11-06'),(87455,'UPDATE mae_productos SET pro_margen_actual=40.73,pro_precio_venta=350 WHERE pro_codigo_plu=17326','',2,'2013-11-06'),(87456,'UPDATE mae_productos SET pro_precio_fiscal=pro_precio_venta WHERE pro_codigo_plu=17232','',2,'2013-11-06'),(87457,'UPDATE mae_productos SET pro_precio_fiscal=pro_precio_venta WHERE pro_codigo_plu=17326','',2,'2013-11-06'),(87458,'UPDATE mae_productos SET pro_margen_actual=27.5,pro_precio_venta=950 WHERE pro_codigo_plu=763365','',2,'2013-11-06'),(87459,'UPDATE mae_productos SET pro_margen_actual=41.18,pro_precio_venta=650 WHERE pro_codigo_plu=17274','',2,'2013-11-06'),(87460,'UPDATE mae_productos SET pro_margen_actual=27.5,pro_precio_venta=950 WHERE pro_codigo_plu=101226','',2,'2013-11-06'),(87461,'UPDATE mae_productos SET pro_margen_actual=27.5,pro_precio_venta=950 WHERE pro_codigo_plu=18186','',2,'2013-11-06'),(87462,'UPDATE mae_productos SET pro_margen_actual=0.54,pro_precio_venta=950 WHERE pro_codigo_plu=18423','',2,'2013-11-06'),(87463,'UPDATE mae_productos SET pro_precio_fiscal=pro_precio_venta WHERE pro_codigo_plu=17274','',2,'2013-11-06'),(87464,'UPDATE mae_productos SET pro_precio_fiscal=pro_precio_venta WHERE pro_codigo_plu=18423','',2,'2013-11-06'),(87465,'INSERT INTO gne_vale_ferreteria (vfe_id,vfe_fecha,vfe_total,vfe_estado,vfe_entregado,usu_nusuario) VALUES (16029,@@@2013.11.06@@@,2290,1,0,@@@G_DIAZ@@@)','',2,'2013-11-06'),(87466,'INSERT INTO gne_vale_ferreteria_mov (vfe_id,pro_codigo_plu,vfm_cantidad,vfm_unitario,vfm_total,vfm_entregado) VALUES (16029,763621,1,2290,2290,@@@NO@@@)','',2,'2013-11-06'),(87467,'UPDATE mae_productos SET pro_margen_actual=35.09,pro_precio_venta=3999 WHERE pro_codigo_plu=17641','',2,'2013-11-06'),(87468,'UPDATE mae_productos SET pro_margen_actual=29.43,pro_precio_venta=1350 WHERE pro_codigo_plu=10253','',2,'2013-11-06'),(87469,'INSERT INTO gne_vale_ferreteria (vfe_id,vfe_fecha,vfe_total,vfe_estado,vfe_entregado,usu_nusuario) VALUES (16030,@@@2013.11.07@@@,1890,1,0,@@@M_CASTILLO@@@)','',2,'2013-11-07'),(87470,'INSERT INTO gne_vale_ferreteria_mov (vfe_id,pro_codigo_plu,vfm_cantidad,vfm_unitario,vfm_total,vfm_entregado) VALUES (16030,101624,1,1890,1890,@@@NO@@@)','',2,'2013-11-07'),(87471,'INSERT INTO gne_vale_ferreteria (vfe_id,vfe_fecha,vfe_total,vfe_estado,vfe_entregado,usu_nusuario) VALUES (16031,@@@2013.11.07@@@,2850,1,0,@@@M_CASTILLO@@@)','',2,'2013-11-07'),(87472,'INSERT INTO gne_vale_ferreteria_mov (vfe_id,pro_codigo_plu,vfm_cantidad,vfm_unitario,vfm_total,vfm_entregado) VALUES (16031,15431,1,1590,1590,@@@NO@@@)','',2,'2013-11-07'),(87473,'INSERT INTO gne_vale_ferreteria_mov (vfe_id,pro_codigo_plu,vfm_cantidad,vfm_unitario,vfm_total,vfm_entregado) VALUES (16031,15433,1,1260,1260,@@@NO@@@)','',2,'2013-11-07'),(87474,'INSERT INTO gne_vale_ferreteria (vfe_id,vfe_fecha,vfe_total,vfe_estado,vfe_entregado,usu_nusuario) VALUES (16032,@@@2013.11.07@@@,2590,1,0,@@@M_CASTILLO@@@)','',2,'2013-11-07'),(87475,'INSERT INTO gne_vale_ferreteria_mov (vfe_id,pro_codigo_plu,vfm_cantidad,vfm_unitario,vfm_total,vfm_entregado) VALUES (16032,761995,1,2590,2590,@@@NO@@@)','',2,'2013-11-07'),(87476,'INSERT INTO com_ventas_grupo (vgr_fecha,vgr_grupo,vgr_cantidad,vgr_total) VALUES (@@@2013.11.05@@@,1,169.515,126829)','',2,'2013-11-07'),(87477,'INSERT INTO com_ventas_grupo (vgr_fecha,vgr_grupo,vgr_cantidad,vgr_total) VALUES (@@@2013.11.05@@@,2,145,85090)','',2,'2013-11-07'),(87478,'INSERT INTO com_ventas_grupo (vgr_fecha,vgr_grupo,vgr_cantidad,vgr_total) VALUES (@@@2013.11.05@@@,3,229,43549)','',2,'2013-11-07'),(87479,'INSERT INTO com_ventas_grupo (vgr_fecha,vgr_grupo,vgr_cantidad,vgr_total) VALUES (@@@2013.11.05@@@,4,132,109429)','',2,'2013-11-07'),(87480,'INSERT INTO com_ventas_grupo (vgr_fecha,vgr_grupo,vgr_cantidad,vgr_total) VALUES (@@@2013.11.05@@@,5,1,2999)','',2,'2013-11-07'),(87481,'INSERT INTO com_ventas_grupo (vgr_fecha,vgr_grupo,vgr_cantidad,vgr_total) VALUES (@@@2013.11.05@@@,6,7,10049)','',2,'2013-11-07'),(87482,'INSERT INTO com_ventas_grupo (vgr_fecha,vgr_grupo,vgr_cantidad,vgr_total) VALUES (@@@2013.11.05@@@,7,39,75260)','',2,'2013-11-07'),(87483,'INSERT INTO com_ventas_grupo (vgr_fecha,vgr_grupo,vgr_cantidad,vgr_total) VALUES (@@@2013.11.05@@@,8,48,22600)','',2,'2013-11-07'),(87484,'INSERT INTO com_ventas_grupo (vgr_fecha,vgr_grupo,vgr_cantidad,vgr_total) VALUES (@@@2013.11.05@@@,9,75.55,138118)','',2,'2013-11-07'),(87485,'INSERT INTO com_ventas_grupo (vgr_fecha,vgr_grupo,vgr_cantidad,vgr_total) VALUES (@@@2013.11.05@@@,10,30.06,80171)','',2,'2013-11-07'),(87486,'INSERT INTO com_ventas_grupo (vgr_fecha,vgr_grupo,vgr_cantidad,vgr_total) VALUES (@@@2013.11.05@@@,11,9.53,35028)','',2,'2013-11-07'),(87487,'INSERT INTO com_ventas_grupo (vgr_fecha,vgr_grupo,vgr_cantidad,vgr_total) VALUES (@@@2013.11.05@@@,12,38.385,59199)','',2,'2013-11-07'),(87488,'INSERT INTO com_ventas_grupo (vgr_fecha,vgr_grupo,vgr_cantidad,vgr_total) VALUES (@@@2013.11.05@@@,13,11.095,32337)','',2,'2013-11-07'),(87489,'INSERT INTO com_ventas_grupo (vgr_fecha,vgr_grupo,vgr_cantidad,vgr_total) VALUES (@@@2013.11.05@@@,14,74.965,68352)','',2,'2013-11-07'),(87490,'INSERT INTO com_ventas_grupo (vgr_fecha,vgr_grupo,vgr_cantidad,vgr_total) VALUES (@@@2013.11.05@@@,16,3,510)','',2,'2013-11-07'),(87491,'INSERT INTO com_ventas_grupo (vgr_fecha,vgr_grupo,vgr_cantidad,vgr_total) VALUES (@@@2013.11.05@@@,18,244.765,146541)','',2,'2013-11-07'),(87492,'INSERT INTO com_ventas_grupo (vgr_fecha,vgr_grupo,vgr_cantidad,vgr_total) VALUES (@@@2013.11.05@@@,20,242.545,88518)','',2,'2013-11-07'),(87493,'INSERT INTO com_ventas_grupo (vgr_fecha,vgr_grupo,vgr_cantidad,vgr_total) VALUES (@@@2013.11.05@@@,21,129,62925)','',2,'2013-11-07'),(87494,'INSERT INTO com_ventas_grupo (vgr_fecha,vgr_grupo,vgr_cantidad,vgr_total) VALUES (@@@2013.11.05@@@,23,2,780)','',2,'2013-11-07'),(87495,'INSERT INTO com_ventas_grupo (vgr_fecha,vgr_grupo,vgr_cantidad,vgr_total) VALUES (@@@2013.11.05@@@,24,84,22529)','',2,'2013-11-07'),(87496,'INSERT INTO com_ventas_grupo (vgr_fecha,vgr_grupo,vgr_cantidad,vgr_total) VALUES (@@@2013.11.05@@@,25,85,124900)','',2,'2013-11-07'),(87497,'INSERT INTO com_ventas_grupo (vgr_fecha,vgr_grupo,vgr_cantidad,vgr_total) VALUES (@@@2013.11.05@@@,31,5,3277)','',2,'2013-11-07'),(87498,'INSERT INTO com_ventas_grupo (vgr_fecha,vgr_grupo,vgr_cantidad,vgr_total) VALUES (@@@2013.11.05@@@,32,239,91959)','',2,'2013-11-07'),(87499,'INSERT INTO com_ventas_grupo (vgr_fecha,vgr_grupo,vgr_cantidad,vgr_total) VALUES (@@@2013.11.05@@@,35,17,13980)','',2,'2013-11-07'),(87500,'INSERT INTO com_ventas_grupo (vgr_fecha,vgr_grupo,vgr_cantidad,vgr_total) VALUES (@@@2013.11.05@@@,36,12,2490)','',2,'2013-11-07'),(87501,'INSERT INTO com_ventas_grupo (vgr_fecha,vgr_grupo,vgr_cantidad,vgr_total) VALUES (@@@2013.11.05@@@,37,2,500)','',2,'2013-11-07'),(87502,'INSERT INTO com_ventas_grupo (vgr_fecha,vgr_grupo,vgr_cantidad,vgr_total) VALUES (@@@2013.11.05@@@,38,1,1890)','',2,'2013-11-07'),(87503,'INSERT INTO com_ventas_grupo (vgr_fecha,vgr_grupo,vgr_cantidad,vgr_total) VALUES (@@@2013.11.05@@@,39,2,980)','',2,'2013-11-07'),(87504,'INSERT INTO com_ventas_grupo (vgr_fecha,vgr_grupo,vgr_cantidad,vgr_total) VALUES (@@@2013.11.05@@@,40,1,180)','',2,'2013-11-07'),(87505,'INSERT INTO com_ventas_grupo (vgr_fecha,vgr_grupo,vgr_cantidad,vgr_total) VALUES (@@@2013.11.05@@@,42,23.78,21713)','',2,'2013-11-07'),(87506,'INSERT INTO com_ventas_grupo (vgr_fecha,vgr_grupo,vgr_cantidad,vgr_total) VALUES (@@@2013.11.05@@@,44,1,1550)','',2,'2013-11-07'),(87507,'UPDATE mae_datos_empresa SET emp_oferta=@@@NO@@@','',2,'2013-11-07'),(87508,'INSERT INTO com_ventas_grupo (vgr_fecha,vgr_grupo,vgr_cantidad,vgr_total) VALUES (@@@2013.11.06@@@,1,217.045,136123)','',2,'2013-11-07'),(87509,'INSERT INTO com_ventas_grupo (vgr_fecha,vgr_grupo,vgr_cantidad,vgr_total) VALUES (@@@2013.11.06@@@,2,223.645,124843)','',2,'2013-11-07'),(87510,'INSERT INTO com_ventas_grupo (vgr_fecha,vgr_grupo,vgr_cantidad,vgr_total) VALUES (@@@2013.11.06@@@,3,348,81602)','',2,'2013-11-07'),(87511,'INSERT INTO com_ventas_grupo (vgr_fecha,vgr_grupo,vgr_cantidad,vgr_total) VALUES (@@@2013.11.06@@@,4,80,69029)','',2,'2013-11-07'),(87512,'INSERT INTO com_ventas_grupo (vgr_fecha,vgr_grupo,vgr_cantidad,vgr_total) VALUES (@@@2013.11.06@@@,5,3,8639)','',2,'2013-11-07'),(87513,'INSERT INTO com_ventas_grupo (vgr_fecha,vgr_grupo,vgr_cantidad,vgr_total) VALUES (@@@2013.11.06@@@,6,15,23855)','',2,'2013-11-07'),(87514,'INSERT INTO com_ventas_grupo (vgr_fecha,vgr_grupo,vgr_cantidad,vgr_total) VALUES (@@@2013.11.06@@@,7,27,44260)','',2,'2013-11-07'),(87515,'INSERT INTO com_ventas_grupo (vgr_fecha,vgr_grupo,vgr_cantidad,vgr_total) VALUES (@@@2013.11.06@@@,8,43,23570)','',2,'2013-11-07'),(87516,'INSERT INTO com_ventas_grupo (vgr_fecha,vgr_grupo,vgr_cantidad,vgr_total) VALUES (@@@2013.11.06@@@,9,70.63,127918)','',2,'2013-11-07'),(87517,'INSERT INTO com_ventas_grupo (vgr_fecha,vgr_grupo,vgr_cantidad,vgr_total) VALUES (@@@2013.11.06@@@,10,58.26,166541)','',2,'2013-11-07'),(87518,'INSERT INTO com_ventas_grupo (vgr_fecha,vgr_grupo,vgr_cantidad,vgr_total) VALUES (@@@2013.11.06@@@,11,14.025,52570)','',2,'2013-11-07'),(87519,'INSERT INTO com_ventas_grupo (vgr_fecha,vgr_grupo,vgr_cantidad,vgr_total) VALUES (@@@2013.11.06@@@,12,47.48,71259)','',2,'2013-11-07'),(87520,'INSERT INTO com_ventas_grupo (vgr_fecha,vgr_grupo,vgr_cantidad,vgr_total) VALUES (@@@2013.11.06@@@,13,13.925,26197)','',2,'2013-11-07'),(87521,'INSERT INTO com_ventas_grupo (vgr_fecha,vgr_grupo,vgr_cantidad,vgr_total) VALUES (@@@2013.11.06@@@,14,88.205,80953)','',2,'2013-11-07'),(87522,'INSERT INTO com_ventas_grupo (vgr_fecha,vgr_grupo,vgr_cantidad,vgr_total) VALUES (@@@2013.11.06@@@,18,179.075,94222)','',2,'2013-11-07'),(87523,'INSERT INTO com_ventas_grupo (vgr_fecha,vgr_grupo,vgr_cantidad,vgr_total) VALUES (@@@2013.11.06@@@,20,138.205,62191)','',2,'2013-11-07'),(87524,'INSERT INTO com_ventas_grupo (vgr_fecha,vgr_grupo,vgr_cantidad,vgr_total) VALUES (@@@2013.11.06@@@,21,46,55790)','',2,'2013-11-07'),(87525,'INSERT INTO com_ventas_grupo (vgr_fecha,vgr_grupo,vgr_cantidad,vgr_total) VALUES (@@@2013.11.06@@@,23,6,10800)','',2,'2013-11-07'),(87526,'INSERT INTO com_ventas_grupo (vgr_fecha,vgr_grupo,vgr_cantidad,vgr_total) VALUES (@@@2013.11.06@@@,24,110,39770)','',2,'2013-11-07'),(87527,'INSERT INTO com_ventas_grupo (vgr_fecha,vgr_grupo,vgr_cantidad,vgr_total) VALUES (@@@2013.11.06@@@,25,82,110700)','',2,'2013-11-07'),(87528,'INSERT INTO com_ventas_grupo (vgr_fecha,vgr_grupo,vgr_cantidad,vgr_total) VALUES (@@@2013.11.06@@@,31,17,11234)','',2,'2013-11-07'),(87529,'INSERT INTO com_ventas_grupo (vgr_fecha,vgr_grupo,vgr_cantidad,vgr_total) VALUES (@@@2013.11.06@@@,32,387,140222)','',2,'2013-11-07'),(87530,'INSERT INTO com_ventas_grupo (vgr_fecha,vgr_grupo,vgr_cantidad,vgr_total) VALUES (@@@2013.11.06@@@,33,2,4700)','',2,'2013-11-07'),(87531,'INSERT INTO com_ventas_grupo (vgr_fecha,vgr_grupo,vgr_cantidad,vgr_total) VALUES (@@@2013.11.06@@@,35,25,14380)','',2,'2013-11-07'),(87532,'INSERT INTO com_ventas_grupo (vgr_fecha,vgr_grupo,vgr_cantidad,vgr_total) VALUES (@@@2013.11.06@@@,36,5,370)','',2,'2013-11-07'),(87533,'INSERT INTO com_ventas_grupo (vgr_fecha,vgr_grupo,vgr_cantidad,vgr_total) VALUES (@@@2013.11.06@@@,37,2,600)','',2,'2013-11-07'),(87534,'INSERT INTO com_ventas_grupo (vgr_fecha,vgr_grupo,vgr_cantidad,vgr_total) VALUES (@@@2013.11.06@@@,38,1,1100)','',2,'2013-11-07'),(87535,'INSERT INTO com_ventas_grupo (vgr_fecha,vgr_grupo,vgr_cantidad,vgr_total) VALUES (@@@2013.11.06@@@,39,1,1790)','',2,'2013-11-07'),(87536,'INSERT INTO com_ventas_grupo (vgr_fecha,vgr_grupo,vgr_cantidad,vgr_total) VALUES (@@@2013.11.06@@@,41,3,1350)','',2,'2013-11-07'),(87537,'INSERT INTO com_ventas_grupo (vgr_fecha,vgr_grupo,vgr_cantidad,vgr_total) VALUES (@@@2013.11.06@@@,42,19.51,12881)','',2,'2013-11-07'),(87538,'UPDATE mae_datos_empresa SET emp_oferta=@@@NO@@@','',2,'2013-11-07'),(87539,'INSERT INTO gne_vale_ferreteria (vfe_id,vfe_fecha,vfe_total,vfe_estado,vfe_entregado,usu_nusuario) VALUES (16033,@@@2013.11.07@@@,450,1,0,@@@M_CASTILLO@@@)','',2,'2013-11-07'),(87540,'INSERT INTO gne_vale_ferreteria_mov (vfe_id,pro_codigo_plu,vfm_cantidad,vfm_unitario,vfm_total,vfm_entregado) VALUES (16033,770057,3,150,450,@@@NO@@@)','',2,'2013-11-07'),(87541,'INSERT INTO gne_vale_ferreteria (vfe_id,vfe_fecha,vfe_total,vfe_estado,vfe_entregado,usu_nusuario) VALUES (16034,@@@2013.11.07@@@,120,1,0,@@@M_CASTILLO@@@)','',2,'2013-11-07'),(87542,'INSERT INTO gne_vale_ferreteria_mov (vfe_id,pro_codigo_plu,vfm_cantidad,vfm_unitario,vfm_total,vfm_entregado) VALUES (16034,12351,1,120,120,@@@NO@@@)','',2,'2013-11-07'),(87543,'INSERT INTO gne_vale_ferreteria (vfe_id,vfe_fecha,vfe_total,vfe_estado,vfe_entregado,usu_nusuario) VALUES (16035,@@@2013.11.07@@@,350,1,0,@@@M_CASTILLO@@@)','',2,'2013-11-07'),(87544,'INSERT INTO gne_vale_ferreteria_mov (vfe_id,pro_codigo_plu,vfm_cantidad,vfm_unitario,vfm_total,vfm_entregado) VALUES (16035,1017,1,350,350,@@@NO@@@)','',2,'2013-11-07'),(87545,'INSERT INTO gne_vale_ferreteria (vfe_id,vfe_fecha,vfe_total,vfe_estado,vfe_entregado,usu_nusuario) VALUES (16036,@@@2013.11.07@@@,150,1,0,@@@M_CASTILLO@@@)','',2,'2013-11-07'),(87546,'INSERT INTO gne_vale_ferreteria_mov (vfe_id,pro_codigo_plu,vfm_cantidad,vfm_unitario,vfm_total,vfm_entregado) VALUES (16036,8021,1,150,150,@@@NO@@@)','',2,'2013-11-07'),(87547,'INSERT INTO mae_productos (pro_codigo_plu,pro_codigo_barra,pro_tipo,pro_nombre_producto,pro_nombre_corto,med_id,emb_id,pro_unidades_embalaje,dep_id,lin_id,mar_id,pro_precio_compra_neto,pro_precio_compra_bruto,pro_precio_venta,pro_margen_actual,pro_oferta,pro_fecha_inicio_oferta,pro_fecha_termino_oferta,pro_precio_oferta,pro_stock_minimo,pro_stock_critico,pro_entradas_bodega,pro_salidas_bodega,pro_mermas_bodega,pro_ajustes_bodega,pro_entradas_sv,pro_salidas_sv,pro_mermas_sv,pro_ajustes_sv,pro_activo,rec_numero,pro_unidad,pro_capacidad,pro_consumo_bodega,pro_consumo_sv,pro_estado,pro_funcion_plu,pro_flejes,pro_iva,pro_plu_asociado,pro_envase,pro_duracion,pro_numero_etiqueta) VALUES (73973,@@@7802220738397@@@,@@@0@@@,@@@RICOLATE CALAF 30 GRS@@@,@@@RICOLATE CALAF 3@@@,@@@5 @@@,@@@6 @@@,@@@18@@@,@@@32 @@@,@@@161@@@,@@@1591@@@,@@@0@@@,@@@104.6@@@,@@@1@@@,@@@-99.04@@@,@@@@@@,@@@2006.09.07@@@,@@@2006.09.07@@@,@@@0@@@,@@@18@@@,@@@9@@@,@@@0@@@,@@@0@@@,@@@0@@@,@@@0@@@,@@@0@@@,@@@0@@@,@@@0@@@,@@@0@@@,@@@1@@@,@@@0@@@,0,30,0,0,2,0,1,1,0,@@@NO@@@,0,0)','',2,'2013-11-07'),(87548,'DELETE FROM mae_impuestos_productos WHERE pro_codigo_plu=@@@73973@@@','',2,'2013-11-07'),(87549,'INSERT INTO gne_vale_ferreteria (vfe_id,vfe_fecha,vfe_total,vfe_estado,vfe_entregado,usu_nusuario) VALUES (16037,@@@2013.11.07@@@,1290,1,0,@@@M_CASTILLO@@@)','',2,'2013-11-07'),(87550,'INSERT INTO gne_vale_ferreteria_mov (vfe_id,pro_codigo_plu,vfm_cantidad,vfm_unitario,vfm_total,vfm_entregado) VALUES (16037,780721595,1,1290,1290,@@@NO@@@)','',2,'2013-11-07'),(87551,'INSERT INTO gne_vale_ferreteria (vfe_id,vfe_fecha,vfe_total,vfe_estado,vfe_entregado,usu_nusuario) VALUES (16038,@@@2013.11.07@@@,1920,1,0,@@@M_CASTILLO@@@)','',2,'2013-11-07'),(87552,'INSERT INTO gne_vale_ferreteria_mov (vfe_id,pro_codigo_plu,vfm_cantidad,vfm_unitario,vfm_total,vfm_entregado) VALUES (16038,15950,4,480,1920,@@@NO@@@)','',2,'2013-11-07'),(87553,'INSERT INTO gne_vale_ferreteria (vfe_id,vfe_fecha,vfe_total,vfe_estado,vfe_entregado,usu_nusuario) VALUES (16039,@@@2013.11.07@@@,640,1,0,@@@M_CASTILLO@@@)','',2,'2013-11-07'),(87554,'INSERT INTO gne_vale_ferreteria_mov (vfe_id,pro_codigo_plu,vfm_cantidad,vfm_unitario,vfm_total,vfm_entregado) VALUES (16039,98100,4,100,400,@@@NO@@@)','',2,'2013-11-07'),(87555,'INSERT INTO gne_vale_ferreteria_mov (vfe_id,pro_codigo_plu,vfm_cantidad,vfm_unitario,vfm_total,vfm_entregado) VALUES (16039,12351,2,120,240,@@@NO@@@)','',2,'2013-11-07'),(87556,'INSERT INTO gne_vale_ferreteria (vfe_id,vfe_fecha,vfe_total,vfe_estado,vfe_entregado,usu_nusuario) VALUES (16040,@@@2013.11.07@@@,1990,1,0,@@@M_CASTILLO@@@)','',2,'2013-11-07'),(87557,'INSERT INTO gne_vale_ferreteria_mov (vfe_id,pro_codigo_plu,vfm_cantidad,vfm_unitario,vfm_total,vfm_entregado) VALUES (16040,780721920,1,1990,1990,@@@NO@@@)','',2,'2013-11-07'),(87558,'UPDATE mae_productos SET pro_codigo_barra=@@@7801620001964@@@,pro_tipo=@@@0@@@,pro_nombre_producto=@@@BEBIDA ORANGE CRUSH 2.5 LT@@@,pro_nombre_corto=@@@BEBIDA CRASH ORA@@@,med_id=@@@3@@@,emb_id=@@@3@@@,pro_unidades_embalaje=@@@0@@@,dep_id=@@@4 @@@,lin_id=@@@221@@@,mar_id=@@@912@@@,pro_precio_compra_neto=@@@0@@@,pro_precio_compra_bruto=@@@873.81@@@,pro_precio_venta=@@@1150@@@,pro_margen_actual=@@@31.61@@@,pro_oferta=@@@NO@@@,pro_fecha_inicio_oferta=@@@2013.04.26@@@,pro_fecha_termino_oferta=@@@2013.04.26@@@,pro_precio_oferta=@@@0@@@,pro_stock_minimo=@@@0@@@,pro_stock_critico=@@@0@@@,pro_activo=@@@1@@@,pro_unidad=@@@0@@@,pro_precio_compra_bruto=873.81,pro_margen_actual=31.61,pro_capacidad=25,pro_funcion_plu=0,pro_flejes=1,pro_iva=1,pro_plu_asociado=0,pro_envase=@@@NO@@@,pro_duracion=0,pro_numero_etiqueta=0 WHERE pro_codigo_plu=@@@763368@@@','',2,'2013-11-07'),(87559,'UPDATE mae_productos SET pro_estado=1 WHERE pro_codigo_plu=763368','',2,'2013-11-07'),(87560,'DELETE FROM mae_impuestos_productos WHERE pro_codigo_plu=@@@763368@@@','',2,'2013-11-07'),(87561,'INSERT INTO gne_vale_ferreteria (vfe_id,vfe_fecha,vfe_total,vfe_estado,vfe_entregado,usu_nusuario) VALUES (16041,@@@2013.11.07@@@,950,1,0,@@@M_CASTILLO@@@)','',2,'2013-11-07'),(87562,'INSERT INTO gne_vale_ferreteria_mov (vfe_id,pro_codigo_plu,vfm_cantidad,vfm_unitario,vfm_total,vfm_entregado) VALUES (16041,14106,1,950,950,@@@NO@@@)','',2,'2013-11-07'),(87563,'INSERT INTO mae_productos (pro_codigo_plu,pro_codigo_barra,pro_tipo,pro_nombre_producto,pro_nombre_corto,med_id,emb_id,pro_unidades_embalaje,dep_id,lin_id,mar_id,pro_precio_compra_neto,pro_precio_compra_bruto,pro_precio_venta,pro_margen_actual,pro_oferta,pro_fecha_inicio_oferta,pro_fecha_termino_oferta,pro_precio_oferta,pro_stock_minimo,pro_stock_critico,pro_entradas_bodega,pro_salidas_bodega,pro_mermas_bodega,pro_ajustes_bodega,pro_entradas_sv,pro_salidas_sv,pro_mermas_sv,pro_ajustes_sv,pro_activo,rec_numero,pro_unidad,pro_capacidad,pro_consumo_bodega,pro_consumo_sv,pro_estado,pro_funcion_plu,pro_flejes,pro_iva,pro_plu_asociado,pro_envase,pro_duracion,pro_numero_etiqueta) VALUES (870173,@@@7801620004941@@@,@@@0@@@,@@@BEBIDA  BILZ  ZERO  2,5 LT@@@,@@@BEBIDA BILZ ZERO@@@,@@@3 @@@,@@@6 @@@,@@@6@@@,@@@4 @@@,@@@221@@@,@@@1752@@@,@@@0@@@,@@@1@@@,@@@1@@@,@@@0@@@,@@@@@@,@@@2006.09.07@@@,@@@2006.09.07@@@,@@@0@@@,@@@6@@@,@@@3@@@,@@@0@@@,@@@0@@@,@@@0@@@,@@@0@@@,@@@0@@@,@@@0@@@,@@@0@@@,@@@0@@@,@@@1@@@,@@@0@@@,0,2.5,0,0,2,0,1,1,0,@@@NO@@@,0,0)','',2,'2013-11-07'),(87564,'DELETE FROM mae_impuestos_productos WHERE pro_codigo_plu=@@@870173@@@','',2,'2013-11-07'),(87565,'INSERT INTO mae_productos (pro_codigo_plu,pro_codigo_barra,pro_tipo,pro_nombre_producto,pro_nombre_corto,med_id,emb_id,pro_unidades_embalaje,dep_id,lin_id,mar_id,pro_precio_compra_neto,pro_precio_compra_bruto,pro_precio_venta,pro_margen_actual,pro_oferta,pro_fecha_inicio_oferta,pro_fecha_termino_oferta,pro_precio_oferta,pro_stock_minimo,pro_stock_critico,pro_entradas_bodega,pro_salidas_bodega,pro_mermas_bodega,pro_ajustes_bodega,pro_entradas_sv,pro_salidas_sv,pro_mermas_sv,pro_ajustes_sv,pro_activo,rec_numero,pro_unidad,pro_capacidad,pro_consumo_bodega,pro_consumo_sv,pro_estado,pro_funcion_plu,pro_flejes,pro_iva,pro_plu_asociado,pro_envase,pro_duracion,pro_numero_etiqueta) VALUES (870217,@@@7801620005320@@@,@@@0@@@,@@@BEBIDA KEM ZERO 2,5 LT@@@,@@@BEBIDA KEM@@@,@@@3 @@@,@@@6 @@@,@@@6@@@,@@@4 @@@,@@@221@@@,@@@1964@@@,@@@0@@@,@@@1@@@,@@@1@@@,@@@0@@@,@@@@@@,@@@2006.09.07@@@,@@@2006.09.07@@@,@@@0@@@,@@@6@@@,@@@3@@@,@@@0@@@,@@@0@@@,@@@0@@@,@@@0@@@,@@@0@@@,@@@0@@@,@@@0@@@,@@@0@@@,@@@1@@@,@@@0@@@,0,2.5,0,0,2,0,1,1,0,@@@NO@@@,0,0)','',2,'2013-11-07'),(87566,'DELETE FROM mae_impuestos_productos WHERE pro_codigo_plu=@@@870217@@@','',2,'2013-11-07'),(87567,'INSERT INTO gne_vale_ferreteria (vfe_id,vfe_fecha,vfe_total,vfe_estado,vfe_entregado,usu_nusuario) VALUES (16042,@@@2013.11.07@@@,240,1,0,@@@M_CASTILLO@@@)','',2,'2013-11-07'),(87568,'INSERT INTO gne_vale_ferreteria_mov (vfe_id,pro_codigo_plu,vfm_cantidad,vfm_unitario,vfm_total,vfm_entregado) VALUES (16042,8022,2,120,240,@@@NO@@@)','',2,'2013-11-07'),(87569,'INSERT INTO gne_vale_ferreteria (vfe_id,vfe_fecha,vfe_total,vfe_estado,vfe_entregado,usu_nusuario) VALUES (16043,@@@2013.11.07@@@,1750,1,0,@@@M_CASTILLO@@@)','',2,'2013-11-07'),(87570,'INSERT INTO gne_vale_ferreteria_mov (vfe_id,pro_codigo_plu,vfm_cantidad,vfm_unitario,vfm_total,vfm_entregado) VALUES (16043,761650,1,1750,1750,@@@NO@@@)','',2,'2013-11-07'),(87571,'INSERT INTO gpr_pack_virtual (pav_id,pav_nombre,pav_total_pack,pav_total_descuento,pav_desde,pav_hasta,pav_tipo,pav_precio,pav_lleva,pav_paga,pav_descuento,pav_porcentaje,pav_oferta_exclusiva,pav_agotar_stock,pav_stock,pav_costo,pav_margen) VALUES (69,@@@PACK YOGHURT NEXT 4 X $990@@@,990,170,@@@2013-11-07@@@,@@@2013-11-30@@@,@@@PA@@@,290,4,3.41,0.59,1,@@@NO@@@,@@@SI@@@,20,842.52,17.5)','',2,'2013-11-07'),(87572,'INSERT INTO gpr_pack_virtual_mov (pav_id,pro_codigo_plu,pvm_precio,pvm_total,pvm_lleva,pvm_paga,pvm_descuento,pvm_porcentaje,pvm_total_normal,pvm_descuento_linea,pvm_costo,pvm_margen) VALUES (69,763346,290,0,1,1,0,0,290,42.5,210.63,17.5)','',2,'2013-11-07'),(87573,'INSERT INTO gpr_pack_virtual_horario (pav_id,pvh_dia,pvh_hora_desde,pvh_hora_hasta) VALUES (69,99,@@@00:00@@@,@@@23:59@@@)','',2,'2013-11-07'),(87574,'UPDATE gpr_pack_virtual SET pav_nombre=@@@PACK YOGHURT NEXT chia y frutilla  4 X $990@@@,pav_total_pack=990,pav_total_descuento=170,pav_desde=@@@2013-11-07@@@,pav_hasta=@@@2013-11-30@@@,pav_tipo=@@@PA@@@,pav_precio=290,pav_lleva=4,pav_paga=3.41,pav_descuento=0.59,pav_porcentaje=1,pav_oferta_exclusiva=@@@NO@@@,pav_agotar_stock=@@@SI@@@,pav_stock=20,pav_costo=842.52,pav_margen=17.5 WHERE pav_id=69','',2,'2013-11-07'),(87575,'DELETE FROM gpr_pack_virtual_mov WHERE pav_id=69','',2,'2013-11-07'),(87576,'DELETE FROM gpr_pack_virtual_horario WHERE pav_id=69','',2,'2013-11-07'),(87577,'INSERT INTO gpr_pack_virtual_mov (pav_id,pro_codigo_plu,pvm_precio,pvm_total,pvm_lleva,pvm_paga,pvm_descuento,pvm_porcentaje,pvm_total_normal,pvm_descuento_linea,pvm_costo,pvm_margen) VALUES (69,763346,290,0,1,1,0,0,290,42.5,210.63,17.5)','',2,'2013-11-07'),(87578,'INSERT INTO gpr_pack_virtual_horario (pav_id,pvh_dia,pvh_hora_desde,pvh_hora_hasta) VALUES (69,99,@@@00:00@@@,@@@23:59@@@)','',2,'2013-11-07'),(87579,'UPDATE gpr_pack_virtual SET pav_nombre=@@@PACK YOGHURT NEXT   4 X $990@@@,pav_total_pack=990,pav_total_descuento=170,pav_desde=@@@2013-11-07@@@,pav_hasta=@@@2013-11-30@@@,pav_tipo=@@@PA@@@,pav_precio=290,pav_lleva=4,pav_paga=3.41,pav_descuento=0.59,pav_porcentaje=1,pav_oferta_exclusiva=@@@NO@@@,pav_agotar_stock=@@@SI@@@,pav_stock=20,pav_costo=842.52,pav_margen=17.5 WHERE pav_id=69','',2,'2013-11-07'),(87580,'DELETE FROM gpr_pack_virtual_mov WHERE pav_id=69','',2,'2013-11-07'),(87581,'DELETE FROM gpr_pack_virtual_horario WHERE pav_id=69','',2,'2013-11-07'),(87582,'INSERT INTO gpr_pack_virtual_mov (pav_id,pro_codigo_plu,pvm_precio,pvm_total,pvm_lleva,pvm_paga,pvm_descuento,pvm_porcentaje,pvm_total_normal,pvm_descuento_linea,pvm_costo,pvm_margen) VALUES (69,763346,290,0,1,1,0,0,290,42.5,210.63,17.5),(69,780721287,290,0,1,1,0,0,290,42.5,210.63,17.5),(69,780721402,290,0,1,1,0,0,290,42.5,210.63,17.5)','',2,'2013-11-07'),(87583,'INSERT INTO gpr_pack_virtual_horario (pav_id,pvh_dia,pvh_hora_desde,pvh_hora_hasta) VALUES (69,99,@@@00:00@@@,@@@23:59@@@)','',2,'2013-11-07'),(87584,'INSERT INTO gne_vale_ferreteria (vfe_id,vfe_fecha,vfe_total,vfe_estado,vfe_entregado,usu_nusuario) VALUES (16044,@@@2013.11.07@@@,2750,1,0,@@@M_CASTILLO@@@)','',2,'2013-11-07'),(87585,'INSERT INTO gne_vale_ferreteria_mov (vfe_id,pro_codigo_plu,vfm_cantidad,vfm_unitario,vfm_total,vfm_entregado) VALUES (16044,21116,1,770,770,@@@NO@@@)','',2,'2013-11-07'),(87586,'INSERT INTO gne_vale_ferreteria_mov (vfe_id,pro_codigo_plu,vfm_cantidad,vfm_unitario,vfm_total,vfm_entregado) VALUES (16044,1064,1,120,120,@@@NO@@@)','',2,'2013-11-07'),(87587,'INSERT INTO gne_vale_ferreteria_mov (vfe_id,pro_codigo_plu,vfm_cantidad,vfm_unitario,vfm_total,vfm_entregado) VALUES (16044,1040,1,200,200,@@@NO@@@)','',2,'2013-11-07'),(87588,'INSERT INTO gne_vale_ferreteria_mov (vfe_id,pro_codigo_plu,vfm_cantidad,vfm_unitario,vfm_total,vfm_entregado) VALUES (16044,78017204,1,120,120,@@@NO@@@)','',2,'2013-11-07'),(87589,'INSERT INTO gne_vale_ferreteria_mov (vfe_id,pro_codigo_plu,vfm_cantidad,vfm_unitario,vfm_total,vfm_entregado) VALUES (16044,780721666,1,650,650,@@@NO@@@)','',2,'2013-11-07'),(87590,'INSERT INTO gne_vale_ferreteria_mov (vfe_id,pro_codigo_plu,vfm_cantidad,vfm_unitario,vfm_total,vfm_entregado) VALUES (16044,780721775,1,890,890,@@@NO@@@)','',2,'2013-11-07'),(87591,'INSERT INTO gne_vale_ferreteria (vfe_id,vfe_fecha,vfe_total,vfe_estado,vfe_entregado,usu_nusuario) VALUES (16045,@@@2013.11.07@@@,120,1,0,@@@M_CASTILLO@@@)','',2,'2013-11-07'),(87592,'INSERT INTO gne_vale_ferreteria_mov (vfe_id,pro_codigo_plu,vfm_cantidad,vfm_unitario,vfm_total,vfm_entregado) VALUES (16045,12351,1,120,120,@@@NO@@@)','',2,'2013-11-07'),(87593,'INSERT INTO gne_vale_ferreteria (vfe_id,vfe_fecha,vfe_total,vfe_estado,vfe_entregado,usu_nusuario) VALUES (16046,@@@2013.11.07@@@,1160,1,0,@@@M_CASTILLO@@@)','',2,'2013-11-07'),(87594,'INSERT INTO gne_vale_ferreteria_mov (vfe_id,pro_codigo_plu,vfm_cantidad,vfm_unitario,vfm_total,vfm_entregado) VALUES (16046,1554,2,390,780,@@@NO@@@)','',2,'2013-11-07'),(87595,'INSERT INTO gne_vale_ferreteria_mov (vfe_id,pro_codigo_plu,vfm_cantidad,vfm_unitario,vfm_total,vfm_entregado) VALUES (16046,1537,2,190,380,@@@NO@@@)','',2,'2013-11-07'),(87596,'INSERT INTO mae_productos (pro_codigo_plu,pro_codigo_barra,pro_tipo,pro_nombre_producto,pro_nombre_corto,med_id,emb_id,pro_unidades_embalaje,dep_id,lin_id,mar_id,pro_precio_compra_neto,pro_precio_compra_bruto,pro_precio_venta,pro_margen_actual,pro_oferta,pro_fecha_inicio_oferta,pro_fecha_termino_oferta,pro_precio_oferta,pro_stock_minimo,pro_stock_critico,pro_entradas_bodega,pro_salidas_bodega,pro_mermas_bodega,pro_ajustes_bodega,pro_entradas_sv,pro_salidas_sv,pro_mermas_sv,pro_ajustes_sv,pro_activo,rec_numero,pro_unidad,pro_capacidad,pro_consumo_bodega,pro_consumo_sv,pro_estado,pro_funcion_plu,pro_flejes,pro_iva,pro_plu_asociado,pro_envase,pro_duracion,pro_numero_etiqueta) VALUES (135,@@@135@@@,@@@0@@@,@@@TRUTRO ENTERO DON POLLO@@@,@@@TRUTRO ENTERO DO@@@,@@@1 @@@,@@@6 @@@,@@@10@@@,@@@9 @@@,@@@65@@@,@@@2109@@@,@@@0@@@,@@@1416.1@@@,@@@1@@@,@@@-99.93@@@,@@@@@@,@@@2006.09.07@@@,@@@2006.09.07@@@,@@@0@@@,@@@10@@@,@@@5@@@,@@@0@@@,@@@0@@@,@@@0@@@,@@@0@@@,@@@0@@@,@@@0@@@,@@@0@@@,@@@0@@@,@@@1@@@,@@@0@@@,0,1,0,0,2,0,1,1,0,@@@NO@@@,0,0)','',2,'2013-11-07'),(87597,'DELETE FROM mae_impuestos_productos WHERE pro_codigo_plu=@@@135@@@','',2,'2013-11-07'),(87598,'INSERT INTO gne_vale_ferreteria (vfe_id,vfe_fecha,vfe_total,vfe_estado,vfe_entregado,usu_nusuario) VALUES (16047,@@@2013.11.07@@@,200,1,0,@@@M_CASTILLO@@@)','',2,'2013-11-07'),(87599,'INSERT INTO gne_vale_ferreteria_mov (vfe_id,pro_codigo_plu,vfm_cantidad,vfm_unitario,vfm_total,vfm_entregado) VALUES (16047,1546,1,200,200,@@@NO@@@)','',2,'2013-11-07'),(87600,'INSERT INTO mae_productos (pro_codigo_plu,pro_codigo_barra,pro_tipo,pro_nombre_producto,pro_nombre_corto,med_id,emb_id,pro_unidades_embalaje,dep_id,lin_id,mar_id,pro_precio_compra_neto,pro_precio_compra_bruto,pro_precio_venta,pro_margen_actual,pro_oferta,pro_fecha_inicio_oferta,pro_fecha_termino_oferta,pro_precio_oferta,pro_stock_minimo,pro_stock_critico,pro_entradas_bodega,pro_salidas_bodega,pro_mermas_bodega,pro_ajustes_bodega,pro_entradas_sv,pro_salidas_sv,pro_mermas_sv,pro_ajustes_sv,pro_activo,rec_numero,pro_unidad,pro_capacidad,pro_consumo_bodega,pro_consumo_sv,pro_estado,pro_funcion_plu,pro_flejes,pro_iva,pro_plu_asociado,pro_envase,pro_duracion,pro_numero_etiqueta) VALUES (136,@@@136@@@,@@@0@@@,@@@PECHUGA ENTERA DON POLLO@@@,@@@PECHUGA ENTERA D@@@,@@@2 @@@,@@@6 @@@,@@@10@@@,@@@9 @@@,@@@65@@@,@@@2109@@@,@@@0@@@,@@@1576.75@@@,@@@1@@@,@@@-99.94@@@,@@@@@@,@@@2006.09.07@@@,@@@2006.09.07@@@,@@@0@@@,@@@7@@@,@@@3@@@,@@@0@@@,@@@0@@@,@@@0@@@,@@@0@@@,@@@0@@@,@@@0@@@,@@@0@@@,@@@0@@@,@@@1@@@,@@@0@@@,0,1,0,0,2,0,1,1,0,@@@NO@@@,0,0)','',2,'2013-11-07'),(87601,'DELETE FROM mae_impuestos_productos WHERE pro_codigo_plu=@@@136@@@','',2,'2013-11-07'),(87602,'UPDATE mae_productos SET pro_margen_actual=0,pro_precio_venta=1 WHERE pro_codigo_plu=870173','',2,'2013-11-07'),(87603,'UPDATE mae_productos SET pro_margen_actual=0,pro_precio_venta=1 WHERE pro_codigo_plu=870217','',2,'2013-11-07'),(87604,'UPDATE mae_productos SET pro_margen_actual=31.61,pro_precio_venta=1150 WHERE pro_codigo_plu=763368','',2,'2013-11-07'),(87605,'UPDATE mae_productos SET pro_margen_actual=-99.04,pro_precio_venta=1 WHERE pro_codigo_plu=73973','',2,'2013-11-07'),(87606,'UPDATE mae_productos SET pro_margen_actual=44.74,pro_precio_venta=550 WHERE pro_codigo_plu=572','',2,'2013-11-07'),(87607,'UPDATE mae_productos SET pro_margen_actual=236.17,pro_precio_venta=790 WHERE pro_codigo_plu=530','',2,'2013-11-07'),(87608,'UPDATE mae_productos SET pro_margen_actual=41.46,pro_precio_venta=580 WHERE pro_codigo_plu=589','',2,'2013-11-07'),(87609,'UPDATE mae_productos SET pro_margen_actual=41.46,pro_precio_venta=580 WHERE pro_codigo_plu=590','',2,'2013-11-07'),(87610,'UPDATE mae_productos SET pro_margen_actual=78.24,pro_precio_venta=950 WHERE pro_codigo_plu=580','',2,'2013-11-07'),(87611,'UPDATE mae_productos SET pro_margen_actual=74.95,pro_precio_venta=950 WHERE pro_codigo_plu=579','',2,'2013-11-07'),(87612,'UPDATE mae_productos SET pro_margen_actual=40.21,pro_precio_venta=530 WHERE pro_codigo_plu=534','',2,'2013-11-07'),(87613,'UPDATE mae_productos SET pro_margen_actual=0,pro_precio_venta=390 WHERE pro_codigo_plu=550','',2,'2013-11-07'),(87614,'UPDATE mae_productos SET pro_margen_actual=0,pro_precio_venta=390 WHERE pro_codigo_plu=591','',2,'2013-11-07'),(87615,'UPDATE mae_productos SET pro_margen_actual=125.23,pro_precio_venta=750 WHERE pro_codigo_plu=542','',2,'2013-11-07'),(87616,'UPDATE mae_productos SET pro_margen_actual=0,pro_precio_venta=450 WHERE pro_codigo_plu=596','',2,'2013-11-07'),(87617,'UPDATE mae_productos SET pro_margen_actual=5.63,pro_precio_venta=1690 WHERE pro_codigo_plu=562','',2,'2013-11-07'),(87618,'UPDATE mae_productos SET pro_margen_actual=28900,pro_precio_venta=290 WHERE pro_codigo_plu=532','',2,'2013-11-07'),(87619,'UPDATE mae_productos SET pro_margen_actual=34.88,pro_precio_venta=290 WHERE pro_codigo_plu=608','',2,'2013-11-07'),(87620,'UPDATE mae_productos SET pro_margen_actual=0,pro_precio_venta=2990 WHERE pro_codigo_plu=578','',2,'2013-11-07'),(87621,'UPDATE mae_productos SET pro_margen_actual=0,pro_precio_venta=250 WHERE pro_codigo_plu=529','',2,'2013-11-07'),(87622,'UPDATE mae_productos SET pro_margen_actual=126.97,pro_precio_venta=690 WHERE pro_codigo_plu=552','',2,'2013-11-07'),(87623,'UPDATE mae_productos SET pro_margen_actual=109900,pro_precio_venta=1100 WHERE pro_codigo_plu=499','',2,'2013-11-07'),(87624,'UPDATE mae_productos SET pro_margen_actual=188.46,pro_precio_venta=300 WHERE pro_codigo_plu=575','',2,'2013-11-07'),(87625,'UPDATE mae_productos SET pro_precio_fiscal=pro_precio_venta WHERE pro_codigo_plu=499','',2,'2013-11-07'),(87626,'UPDATE mae_productos SET pro_precio_fiscal=pro_precio_venta WHERE pro_codigo_plu=529','',2,'2013-11-07'),(87627,'UPDATE mae_productos SET pro_precio_fiscal=pro_precio_venta WHERE pro_codigo_plu=532','',2,'2013-11-07'),(87628,'UPDATE mae_productos SET pro_precio_fiscal=pro_precio_venta WHERE pro_codigo_plu=534','',2,'2013-11-07'),(87629,'UPDATE mae_productos SET pro_precio_fiscal=pro_precio_venta WHERE pro_codigo_plu=542','',2,'2013-11-07'),(87630,'UPDATE mae_productos SET pro_precio_fiscal=pro_precio_venta WHERE pro_codigo_plu=550','',2,'2013-11-07'),(87631,'UPDATE mae_productos SET pro_precio_fiscal=pro_precio_venta WHERE pro_codigo_plu=552','',2,'2013-11-07'),(87632,'UPDATE mae_productos SET pro_precio_fiscal=pro_precio_venta WHERE pro_codigo_plu=562','',2,'2013-11-07'),(87633,'UPDATE mae_productos SET pro_precio_fiscal=pro_precio_venta WHERE pro_codigo_plu=572','',2,'2013-11-07'),(87634,'UPDATE mae_productos SET pro_precio_fiscal=pro_precio_venta WHERE pro_codigo_plu=575','',2,'2013-11-07'),(87635,'UPDATE mae_productos SET pro_precio_fiscal=pro_precio_venta WHERE pro_codigo_plu=579','',2,'2013-11-07'),(87636,'UPDATE mae_productos SET pro_precio_fiscal=pro_precio_venta WHERE pro_codigo_plu=580','',2,'2013-11-07'),(87637,'UPDATE mae_productos SET pro_precio_fiscal=pro_precio_venta WHERE pro_codigo_plu=589','',2,'2013-11-07'),(87638,'UPDATE mae_productos SET pro_precio_fiscal=pro_precio_venta WHERE pro_codigo_plu=590','',2,'2013-11-07'),(87639,'UPDATE mae_productos SET pro_precio_fiscal=pro_precio_venta WHERE pro_codigo_plu=596','',2,'2013-11-07'),(87640,'UPDATE mae_productos SET pro_precio_fiscal=pro_precio_venta WHERE pro_codigo_plu=608','',2,'2013-11-07'),(87641,'UPDATE mae_productos SET pro_codigo_barra=@@@596@@@,pro_tipo=@@@0@@@,pro_nombre_producto=@@@PUERROS@@@,pro_nombre_corto=@@@PUERROS@@@,med_id=@@@1@@@,emb_id=@@@3@@@,pro_unidades_embalaje=@@@0@@@,dep_id=@@@18 @@@,lin_id=@@@98@@@,mar_id=@@@2507@@@,pro_precio_compra_neto=@@@0@@@,pro_precio_compra_bruto=@@@0@@@,pro_precio_venta=@@@450@@@,pro_margen_actual=@@@0@@@,pro_oferta=@@@NO@@@,pro_fecha_inicio_oferta=@@@2013.05.09@@@,pro_fecha_termino_oferta=@@@2013.05.09@@@,pro_precio_oferta=@@@0@@@,pro_stock_minimo=@@@0@@@,pro_stock_critico=@@@0@@@,pro_activo=@@@1@@@,pro_unidad=@@@0@@@,pro_precio_compra_bruto=0,pro_margen_actual=0,pro_capacidad=1,pro_funcion_plu=0,pro_flejes=1,pro_iva=1,pro_plu_asociado=0,pro_envase=@@@NO@@@,pro_duracion=0,pro_numero_etiqueta=0 WHERE pro_codigo_plu=@@@596@@@','',2,'2013-11-07'),(87642,'UPDATE mae_productos SET pro_estado=1 WHERE pro_codigo_plu=596','',2,'2013-11-07'),(87643,'DELETE FROM mae_impuestos_productos WHERE pro_codigo_plu=@@@596@@@','',2,'2013-11-07'),(87644,'INSERT INTO mae_productos (pro_codigo_plu,pro_codigo_barra,pro_tipo,pro_nombre_producto,pro_nombre_corto,med_id,emb_id,pro_unidades_embalaje,dep_id,lin_id,mar_id,pro_precio_compra_neto,pro_precio_compra_bruto,pro_precio_venta,pro_margen_actual,pro_oferta,pro_fecha_inicio_oferta,pro_fecha_termino_oferta,pro_precio_oferta,pro_stock_minimo,pro_stock_critico,pro_entradas_bodega,pro_salidas_bodega,pro_mermas_bodega,pro_ajustes_bodega,pro_entradas_sv,pro_salidas_sv,pro_mermas_sv,pro_ajustes_sv,pro_activo,rec_numero,pro_unidad,pro_capacidad,pro_consumo_bodega,pro_consumo_sv,pro_estado,pro_funcion_plu,pro_flejes,pro_iva,pro_plu_asociado,pro_envase,pro_duracion,pro_numero_etiqueta) VALUES (137,@@@137@@@,@@@0@@@,@@@CAZUELA DON POLLO@@@,@@@CAZUELA DON POLL@@@,@@@2 @@@,@@@6 @@@,@@@5@@@,@@@9 @@@,@@@65@@@,@@@2109@@@,@@@0@@@,@@@1041.25@@@,@@@1@@@,@@@-99.9@@@,@@@@@@,@@@2006.09.07@@@,@@@2006.09.07@@@,@@@0@@@,@@@5@@@,@@@2@@@,@@@0@@@,@@@0@@@,@@@0@@@,@@@0@@@,@@@0@@@,@@@0@@@,@@@0@@@,@@@0@@@,@@@1@@@,@@@0@@@,0,1,0,0,2,0,1,1,0,@@@NO@@@,0,0)','',2,'2013-11-07'),(87645,'DELETE FROM mae_impuestos_productos WHERE pro_codigo_plu=@@@137@@@','',2,'2013-11-07'),(87646,'INSERT INTO mae_productos (pro_codigo_plu,pro_codigo_barra,pro_tipo,pro_nombre_producto,pro_nombre_corto,med_id,emb_id,pro_unidades_embalaje,dep_id,lin_id,mar_id,pro_precio_compra_neto,pro_precio_compra_bruto,pro_precio_venta,pro_margen_actual,pro_oferta,pro_fecha_inicio_oferta,pro_fecha_termino_oferta,pro_precio_oferta,pro_stock_minimo,pro_stock_critico,pro_entradas_bodega,pro_salidas_bodega,pro_mermas_bodega,pro_ajustes_bodega,pro_entradas_sv,pro_salidas_sv,pro_mermas_sv,pro_ajustes_sv,pro_activo,rec_numero,pro_unidad,pro_capacidad,pro_consumo_bodega,pro_consumo_sv,pro_estado,pro_funcion_plu,pro_flejes,pro_iva,pro_plu_asociado,pro_envase,pro_duracion,pro_numero_etiqueta) VALUES (138,@@@138@@@,@@@0@@@,@@@PATAS DON POLLO@@@,@@@PATAS DON POLLO@@@,@@@2 @@@,@@@6 @@@,@@@5@@@,@@@9 @@@,@@@65@@@,@@@2109@@@,@@@0@@@,@@@327.26@@@,@@@1@@@,@@@-99.69@@@,@@@@@@,@@@2006.09.07@@@,@@@2006.09.07@@@,@@@0@@@,@@@5@@@,@@@2@@@,@@@0@@@,@@@0@@@,@@@0@@@,@@@0@@@,@@@0@@@,@@@0@@@,@@@0@@@,@@@0@@@,@@@1@@@,@@@0@@@,0,1,0,0,2,0,1,1,0,@@@NO@@@,0,0)','',2,'2013-11-07'),(87647,'DELETE FROM mae_impuestos_productos WHERE pro_codigo_plu=@@@138@@@','',2,'2013-11-07'),(87648,'UPDATE mae_productos SET pro_codigo_barra=@@@135@@@,pro_tipo=@@@0@@@,pro_nombre_producto=@@@TRUTRO ENTERO DON POLLO@@@,pro_nombre_corto=@@@TRUTRO ENTERO DO@@@,med_id=@@@1@@@,emb_id=@@@6@@@,pro_unidades_embalaje=@@@10@@@,dep_id=@@@9 @@@,lin_id=@@@65@@@,mar_id=@@@2109@@@,pro_precio_compra_neto=@@@0@@@,pro_precio_compra_bruto=@@@1416.1@@@,pro_precio_venta=@@@1@@@,pro_margen_actual=@@@-99.93@@@,pro_oferta=@@@NO@@@,pro_fecha_inicio_oferta=@@@2006.09.07@@@,pro_fecha_termino_oferta=@@@2006.09.07@@@,pro_precio_oferta=@@@0@@@,pro_stock_minimo=@@@10@@@,pro_stock_critico=@@@5@@@,pro_activo=@@@1@@@,pro_unidad=@@@1@@@,pro_precio_compra_bruto=1416.1,pro_margen_actual=-99.93,pro_capacidad=1,pro_funcion_plu=1,pro_flejes=1,pro_iva=1,pro_plu_asociado=0,pro_envase=@@@NO@@@,pro_duracion=0,pro_numero_etiqueta=1 WHERE pro_codigo_plu=@@@135@@@','',2,'2013-11-07'),(87649,'UPDATE mae_productos SET pro_estado=1 WHERE pro_codigo_plu=135','',2,'2013-11-07'),(87650,'DELETE FROM mae_impuestos_productos WHERE pro_codigo_plu=@@@135@@@','',2,'2013-11-07'),(87651,'UPDATE mae_productos SET pro_codigo_barra=@@@136@@@,pro_tipo=@@@0@@@,pro_nombre_producto=@@@PECHUGA ENTERA DON POLLO@@@,pro_nombre_corto=@@@PECHUGA ENTERA D@@@,med_id=@@@2@@@,emb_id=@@@6@@@,pro_unidades_embalaje=@@@10@@@,dep_id=@@@9 @@@,lin_id=@@@65@@@,mar_id=@@@2109@@@,pro_precio_compra_neto=@@@0@@@,pro_precio_compra_bruto=@@@1576.75@@@,pro_precio_venta=@@@1@@@,pro_margen_actual=@@@-99.94@@@,pro_oferta=@@@NO@@@,pro_fecha_inicio_oferta=@@@2006.09.07@@@,pro_fecha_termino_oferta=@@@2006.09.07@@@,pro_precio_oferta=@@@0@@@,pro_stock_minimo=@@@7@@@,pro_stock_critico=@@@3@@@,pro_activo=@@@1@@@,pro_unidad=@@@1@@@,pro_precio_compra_bruto=1576.75,pro_margen_actual=-99.94,pro_capacidad=1,pro_funcion_plu=1,pro_flejes=1,pro_iva=1,pro_plu_asociado=0,pro_envase=@@@NO@@@,pro_duracion=0,pro_numero_etiqueta=1 WHERE pro_codigo_plu=@@@136@@@','',2,'2013-11-07'),(87652,'UPDATE mae_productos SET pro_estado=1 WHERE pro_codigo_plu=136','',2,'2013-11-07'),(87653,'DELETE FROM mae_impuestos_productos WHERE pro_codigo_plu=@@@136@@@','',2,'2013-11-07'),(87654,'UPDATE mae_productos SET pro_codigo_barra=@@@138@@@,pro_tipo=@@@0@@@,pro_nombre_producto=@@@PATAS DON POLLO@@@,pro_nombre_corto=@@@PATAS DON POLLO@@@,med_id=@@@2@@@,emb_id=@@@6@@@,pro_unidades_embalaje=@@@5@@@,dep_id=@@@9 @@@,lin_id=@@@65@@@,mar_id=@@@2109@@@,pro_precio_compra_neto=@@@0@@@,pro_precio_compra_bruto=@@@327.26@@@,pro_precio_venta=@@@1@@@,pro_margen_actual=@@@-99.69@@@,pro_oferta=@@@NO@@@,pro_fecha_inicio_oferta=@@@2006.09.07@@@,pro_fecha_termino_oferta=@@@2006.09.07@@@,pro_precio_oferta=@@@0@@@,pro_stock_minimo=@@@5@@@,pro_stock_critico=@@@2@@@,pro_activo=@@@1@@@,pro_unidad=@@@1@@@,pro_precio_compra_bruto=327.26,pro_margen_actual=-99.69,pro_capacidad=1,pro_funcion_plu=1,pro_flejes=1,pro_iva=1,pro_plu_asociado=0,pro_envase=@@@NO@@@,pro_duracion=0,pro_numero_etiqueta=1 WHERE pro_codigo_plu=@@@138@@@','',2,'2013-11-07'),(87655,'UPDATE mae_productos SET pro_estado=1 WHERE pro_codigo_plu=138','',2,'2013-11-07'),(87656,'DELETE FROM mae_impuestos_productos WHERE pro_codigo_plu=@@@138@@@','',2,'2013-11-07'),(87657,'UPDATE mae_productos SET pro_precio_compra_bruto=1416.1,pro_margen_actual=(pro_precio_venta-1416.1)/1416.1 * 100,pro_ultima_compra=@@@2013.11.07@@@,pro_ultimo_proveedor=@@@79662080-3@@@ WHERE pro_codigo_plu=135','',2,'2013-11-07'),(87658,'UPDATE mae_productos SET pro_precio_compra_bruto=1576.75,pro_margen_actual=(pro_precio_venta-1576.75)/1576.75 * 100,pro_ultima_compra=@@@2013.11.07@@@,pro_ultimo_proveedor=@@@79662080-3@@@ WHERE pro_codigo_plu=136','',2,'2013-11-07'),(87659,'UPDATE mae_productos SET pro_precio_compra_bruto=1041.25,pro_margen_actual=(pro_precio_venta-1041.25)/1041.25 * 100,pro_ultima_compra=@@@2013.11.07@@@,pro_ultimo_proveedor=@@@79662080-3@@@ WHERE pro_codigo_plu=137','',2,'2013-11-07'),(87660,'UPDATE mae_productos SET pro_precio_compra_bruto=327.26,pro_margen_actual=(pro_precio_venta-327.26)/327.26 * 100,pro_ultima_compra=@@@2013.11.07@@@,pro_ultimo_proveedor=@@@79662080-3@@@ WHERE pro_codigo_plu=138','',2,'2013-11-07'),(87661,'INSERT INTO gne_vale_ferreteria (vfe_id,vfe_fecha,vfe_total,vfe_estado,vfe_entregado,usu_nusuario) VALUES (16048,@@@2013.11.07@@@,450,1,0,@@@M_CASTILLO@@@)','',2,'2013-11-07'),(87662,'INSERT INTO gne_vale_ferreteria_mov (vfe_id,pro_codigo_plu,vfm_cantidad,vfm_unitario,vfm_total,vfm_entregado) VALUES (16048,36650,1,450,450,@@@NO@@@)','',2,'2013-11-07'),(87663,'INSERT INTO gne_vale_ferreteria (vfe_id,vfe_fecha,vfe_total,vfe_estado,vfe_entregado,usu_nusuario) VALUES (16049,@@@2013.11.07@@@,2890,1,0,@@@M_CASTILLO@@@)','',2,'2013-11-07'),(87664,'INSERT INTO gne_vale_ferreteria_mov (vfe_id,pro_codigo_plu,vfm_cantidad,vfm_unitario,vfm_total,vfm_entregado) VALUES (16049,15646,1,2890,2890,@@@NO@@@)','',2,'2013-11-07'),(87665,'INSERT INTO gne_vale_ferreteria (vfe_id,vfe_fecha,vfe_total,vfe_estado,vfe_entregado,usu_nusuario) VALUES (16050,@@@2013.11.07@@@,4070,1,0,@@@M_CASTILLO@@@)','',2,'2013-11-07'),(87666,'INSERT INTO gne_vale_ferreteria_mov (vfe_id,pro_codigo_plu,vfm_cantidad,vfm_unitario,vfm_total,vfm_entregado) VALUES (16050,15662,2,590,1180,@@@NO@@@)','',2,'2013-11-07'),(87667,'INSERT INTO gne_vale_ferreteria_mov (vfe_id,pro_codigo_plu,vfm_cantidad,vfm_unitario,vfm_total,vfm_entregado) VALUES (16050,15646,1,2890,2890,@@@NO@@@)','',2,'2013-11-07'),(87668,'UPDATE mae_productos SET pro_precio_compra_bruto=1380.41,pro_margen_actual=(pro_precio_venta-1380.41)/1380.41 * 100,pro_ultima_compra=@@@2013.11.07@@@,pro_ultimo_proveedor=@@@79984240-8@@@ WHERE pro_codigo_plu=117','',2,'2013-11-07'),(87669,'UPDATE mae_productos SET pro_precio_compra_bruto=452.2,pro_margen_actual=(pro_precio_venta-452.2)/452.2 * 100,pro_ultima_compra=@@@2013.11.07@@@,pro_ultimo_proveedor=@@@79984240-8@@@ WHERE pro_codigo_plu=111','',2,'2013-11-07'),(87670,'UPDATE mae_productos SET pro_precio_compra_bruto=1380.4,pro_margen_actual=(pro_precio_venta-1380.4)/1380.4 * 100,pro_ultima_compra=@@@2013.11.07@@@,pro_ultimo_proveedor=@@@79984240-8@@@ WHERE pro_codigo_plu=128','',2,'2013-11-07'),(87671,'UPDATE mae_productos SET pro_precio_compra_bruto=1570.8,pro_margen_actual=(pro_precio_venta-1570.8)/1570.8 * 100,pro_ultima_compra=@@@2013.11.07@@@,pro_ultimo_proveedor=@@@79984240-8@@@ WHERE pro_codigo_plu=102','',2,'2013-11-07'),(87672,'UPDATE mae_productos SET pro_precio_compra_bruto=2108,pro_margen_actual=(pro_precio_venta-2108)/2108 * 100,pro_ultima_compra=@@@2013.11.07@@@,pro_ultimo_proveedor=@@@79984240-8@@@ WHERE pro_codigo_plu=213','',2,'2013-11-07'),(87673,'INSERT INTO gne_vale_ferreteria (vfe_id,vfe_fecha,vfe_total,vfe_estado,vfe_entregado,usu_nusuario) VALUES (16051,@@@2013.11.07@@@,5990,1,0,@@@M_CASTILLO@@@)','',2,'2013-11-07'),(87674,'INSERT INTO gne_vale_ferreteria_mov (vfe_id,pro_codigo_plu,vfm_cantidad,vfm_unitario,vfm_total,vfm_entregado) VALUES (16051,764969,1,5990,5990,@@@NO@@@)','',2,'2013-11-07'),(87675,'INSERT INTO gne_vale_ferreteria (vfe_id,vfe_fecha,vfe_total,vfe_estado,vfe_entregado,usu_nusuario) VALUES (16052,@@@2013.11.07@@@,170,1,0,@@@M_CASTILLO@@@)','',2,'2013-11-07'),(87676,'INSERT INTO gne_vale_ferreteria_mov (vfe_id,pro_codigo_plu,vfm_cantidad,vfm_unitario,vfm_total,vfm_entregado) VALUES (16052,1060,1,170,170,@@@NO@@@)','',2,'2013-11-07'),(87677,'UPDATE mae_productos SET pro_precio_compra_bruto=199.92,pro_margen_actual=(pro_precio_venta-199.92)/199.92 * 100,pro_ultima_compra=@@@2013.11.07@@@,pro_ultimo_proveedor=@@@84472400-4@@@ WHERE pro_codigo_plu=16113','',2,'2013-11-07'),(87678,'UPDATE mae_productos SET pro_precio_compra_bruto=229.67,pro_margen_actual=(pro_precio_venta-229.67)/229.67 * 100,pro_ultima_compra=@@@2013.11.07@@@,pro_ultimo_proveedor=@@@84472400-4@@@ WHERE pro_codigo_plu=17056','',2,'2013-11-07'),(87679,'UPDATE mae_productos SET pro_precio_compra_bruto=238,pro_margen_actual=(pro_precio_venta-238)/238 * 100,pro_ultima_compra=@@@2013.11.07@@@,pro_ultimo_proveedor=@@@84472400-4@@@ WHERE pro_codigo_plu=16528','',2,'2013-11-07'),(87680,'UPDATE mae_productos SET pro_precio_compra_bruto=238,pro_margen_actual=(pro_precio_venta-238)/238 * 100,pro_ultima_compra=@@@2013.11.07@@@,pro_ultimo_proveedor=@@@84472400-4@@@ WHERE pro_codigo_plu=16531','',2,'2013-11-07'),(87681,'UPDATE mae_productos SET pro_precio_compra_bruto=238,pro_margen_actual=(pro_precio_venta-238)/238 * 100,pro_ultima_compra=@@@2013.11.07@@@,pro_ultimo_proveedor=@@@84472400-4@@@ WHERE pro_codigo_plu=16524','',2,'2013-11-07'),(87682,'UPDATE mae_productos SET pro_precio_compra_bruto=283.22,pro_margen_actual=(pro_precio_venta-283.22)/283.22 * 100,pro_ultima_compra=@@@2013.11.07@@@,pro_ultimo_proveedor=@@@84472400-4@@@ WHERE pro_codigo_plu=16820','',2,'2013-11-07'),(87683,'UPDATE mae_productos SET pro_precio_compra_bruto=152.32,pro_margen_actual=(pro_precio_venta-152.32)/152.32 * 100,pro_ultima_compra=@@@2013.11.07@@@,pro_ultimo_proveedor=@@@84472400-4@@@ WHERE pro_codigo_plu=18216','',2,'2013-11-07'),(87684,'UPDATE mae_productos SET pro_precio_compra_bruto=119,pro_margen_actual=(pro_precio_venta-119)/119 * 100,pro_ultima_compra=@@@2013.11.07@@@,pro_ultimo_proveedor=@@@84472400-4@@@ WHERE pro_codigo_plu=16672','',2,'2013-11-07'),(87685,'UPDATE mae_productos SET pro_precio_compra_bruto=119,pro_margen_actual=(pro_precio_venta-119)/119 * 100,pro_ultima_compra=@@@2013.11.07@@@,pro_ultimo_proveedor=@@@84472400-4@@@ WHERE pro_codigo_plu=16947','',2,'2013-11-07'),(87686,'UPDATE mae_productos SET pro_precio_compra_bruto=336.77,pro_margen_actual=(pro_precio_venta-336.77)/336.77 * 100,pro_ultima_compra=@@@2013.11.07@@@,pro_ultimo_proveedor=@@@84472400-4@@@ WHERE pro_codigo_plu=763343','',2,'2013-11-07'),(87687,'UPDATE mae_productos SET pro_precio_compra_bruto=336.77,pro_margen_actual=(pro_precio_venta-336.77)/336.77 * 100,pro_ultima_compra=@@@2013.11.07@@@,pro_ultimo_proveedor=@@@84472400-4@@@ WHERE pro_codigo_plu=763342','',2,'2013-11-07'),(87688,'UPDATE mae_productos SET pro_precio_compra_bruto=336.77,pro_margen_actual=(pro_precio_venta-336.77)/336.77 * 100,pro_ultima_compra=@@@2013.11.07@@@,pro_ultimo_proveedor=@@@84472400-4@@@ WHERE pro_codigo_plu=763334','',2,'2013-11-07'),(87689,'UPDATE mae_productos SET pro_precio_compra_bruto=336.77,pro_margen_actual=(pro_precio_venta-336.77)/336.77 * 100,pro_ultima_compra=@@@2013.11.07@@@,pro_ultimo_proveedor=@@@84472400-4@@@ WHERE pro_codigo_plu=780721607','',2,'2013-11-07'),(87690,'UPDATE mae_productos SET pro_precio_compra_bruto=362.95,pro_margen_actual=(pro_precio_venta-362.95)/362.95 * 100,pro_ultima_compra=@@@2013.11.07@@@,pro_ultimo_proveedor=@@@84472400-4@@@ WHERE pro_codigo_plu=761918','',2,'2013-11-07'),(87691,'UPDATE mae_productos SET pro_precio_compra_bruto=321.3,pro_margen_actual=(pro_precio_venta-321.3)/321.3 * 100,pro_ultima_compra=@@@2013.11.07@@@,pro_ultimo_proveedor=@@@84472400-4@@@ WHERE pro_codigo_plu=780721863','',2,'2013-11-07'),(87692,'UPDATE mae_productos SET pro_precio_compra_bruto=229.67,pro_margen_actual=(pro_precio_venta-229.67)/229.67 * 100,pro_ultima_compra=@@@2013.11.07@@@,pro_ultimo_proveedor=@@@84472400-4@@@ WHERE pro_codigo_plu=19243','',2,'2013-11-07'),(87693,'UPDATE mae_productos SET pro_precio_compra_bruto=96.39,pro_margen_actual=(pro_precio_venta-96.39)/96.39 * 100,pro_ultima_compra=@@@2013.11.07@@@,pro_ultimo_proveedor=@@@84472400-4@@@ WHERE pro_codigo_plu=17016','',2,'2013-11-07'),(87694,'UPDATE mae_productos SET pro_precio_compra_bruto=96.39,pro_margen_actual=(pro_precio_venta-96.39)/96.39 * 100,pro_ultima_compra=@@@2013.11.07@@@,pro_ultimo_proveedor=@@@84472400-4@@@ WHERE pro_codigo_plu=17018','',2,'2013-11-07'),(87695,'UPDATE mae_productos SET pro_precio_compra_bruto=199.92,pro_margen_actual=(pro_precio_venta-199.92)/199.92 * 100,pro_ultima_compra=@@@2013.11.07@@@,pro_ultimo_proveedor=@@@84472400-4@@@ WHERE pro_codigo_plu=17030','',2,'2013-11-07'),(87696,'UPDATE mae_productos SET pro_precio_compra_bruto=199.92,pro_margen_actual=(pro_precio_venta-199.92)/199.92 * 100,pro_ultima_compra=@@@2013.11.07@@@,pro_ultimo_proveedor=@@@84472400-4@@@ WHERE pro_codigo_plu=19238','',2,'2013-11-07'),(87697,'UPDATE mae_productos SET pro_precio_compra_bruto=283.22,pro_margen_actual=(pro_precio_venta-283.22)/283.22 * 100,pro_ultima_compra=@@@2013.11.07@@@,pro_ultimo_proveedor=@@@84472400-4@@@ WHERE pro_codigo_plu=16821','',2,'2013-11-07'),(87698,'UPDATE mae_productos SET pro_precio_compra_bruto=339.15,pro_margen_actual=(pro_precio_venta-339.15)/339.15 * 100,pro_ultima_compra=@@@2013.11.07@@@,pro_ultimo_proveedor=@@@84472400-4@@@ WHERE pro_codigo_plu=17023','',2,'2013-11-07'),(87699,'UPDATE mae_productos SET pro_precio_compra_bruto=347.48,pro_margen_actual=(pro_precio_venta-347.48)/347.48 * 100,pro_ultima_compra=@@@2013.11.07@@@,pro_ultimo_proveedor=@@@84472400-4@@@ WHERE pro_codigo_plu=780721400','',2,'2013-11-07'),(87700,'UPDATE mae_productos SET pro_precio_compra_bruto=297.5,pro_margen_actual=(pro_precio_venta-297.5)/297.5 * 100,pro_ultima_compra=@@@2013.11.07@@@,pro_ultimo_proveedor=@@@84472400-4@@@ WHERE pro_codigo_plu=16999','',2,'2013-11-07'),(87701,'UPDATE mae_productos SET pro_precio_compra_bruto=297.5,pro_margen_actual=(pro_precio_venta-297.5)/297.5 * 100,pro_ultima_compra=@@@2013.11.07@@@,pro_ultimo_proveedor=@@@84472400-4@@@ WHERE pro_codigo_plu=19143','',2,'2013-11-07'),(87702,'UPDATE mae_productos SET pro_precio_compra_bruto=297.5,pro_margen_actual=(pro_precio_venta-297.5)/297.5 * 100,pro_ultima_compra=@@@2013.11.07@@@,pro_ultimo_proveedor=@@@84472400-4@@@ WHERE pro_codigo_plu=19211','',2,'2013-11-07'),(87703,'UPDATE mae_productos SET pro_precio_compra_bruto=119,pro_margen_actual=(pro_precio_venta-119)/119 * 100,pro_ultima_compra=@@@2013.11.07@@@,pro_ultimo_proveedor=@@@84472400-4@@@ WHERE pro_codigo_plu=16951','',2,'2013-11-07'),(87704,'UPDATE mae_productos SET pro_precio_compra_bruto=119,pro_margen_actual=(pro_precio_venta-119)/119 * 100,pro_ultima_compra=@@@2013.11.07@@@,pro_ultimo_proveedor=@@@84472400-4@@@ WHERE pro_codigo_plu=780721918','',2,'2013-11-07'),(87705,'UPDATE mae_productos SET pro_precio_compra_bruto=119,pro_margen_actual=(pro_precio_venta-119)/119 * 100,pro_ultima_compra=@@@2013.11.07@@@,pro_ultimo_proveedor=@@@84472400-4@@@ WHERE pro_codigo_plu=16952','',2,'2013-11-07'),(87706,'UPDATE mae_productos SET pro_precio_compra_bruto=362.95,pro_margen_actual=(pro_precio_venta-362.95)/362.95 * 100,pro_ultima_compra=@@@2013.11.07@@@,pro_ultimo_proveedor=@@@84472400-4@@@ WHERE pro_codigo_plu=761919','',2,'2013-11-07'),(87707,'UPDATE mae_productos SET pro_margen_actual=0,pro_precio_venta=450 WHERE pro_codigo_plu=596','',2,'2013-11-07'),(87708,'UPDATE mae_productos SET pro_margen_actual=141.4,pro_precio_venta=790 WHERE pro_codigo_plu=138','',2,'2013-11-07'),(87709,'UPDATE mae_productos SET pro_margen_actual=57.92,pro_precio_venta=2490 WHERE pro_codigo_plu=136','',2,'2013-11-07'),(87710,'UPDATE mae_productos SET pro_margen_actual=54.65,pro_precio_venta=2190 WHERE pro_codigo_plu=135','',2,'2013-11-07'),(87711,'UPDATE mae_productos SET pro_margen_actual=52.7,pro_precio_venta=1590 WHERE pro_codigo_plu=137','',2,'2013-11-07'),(87712,'UPDATE mae_productos SET pro_precio_compra_bruto=3653.3,pro_margen_actual=(pro_precio_venta-3653.3)/3653.3 * 100,pro_ultima_compra=@@@2013.11.07@@@,pro_ultimo_proveedor=@@@76170432-K@@@ WHERE pro_codigo_plu=408','',2,'2013-11-07'),(87713,'UPDATE mae_productos SET pro_precio_compra_bruto=99.99,pro_margen_actual=(pro_precio_venta-99.99)/99.99 * 100,pro_ultima_compra=@@@2013.11.07@@@,pro_ultimo_proveedor=@@@76170432-K@@@ WHERE pro_codigo_plu=16901','',2,'2013-11-07'),(87714,'UPDATE mae_productos SET pro_precio_compra_bruto=99.99,pro_margen_actual=(pro_precio_venta-99.99)/99.99 * 100,pro_ultima_compra=@@@2013.11.07@@@,pro_ultimo_proveedor=@@@76170432-K@@@ WHERE pro_codigo_plu=16897','',2,'2013-11-07'),(87715,'UPDATE mae_productos SET pro_precio_compra_bruto=99.99,pro_margen_actual=(pro_precio_venta-99.99)/99.99 * 100,pro_ultima_compra=@@@2013.11.07@@@,pro_ultimo_proveedor=@@@76170432-K@@@ WHERE pro_codigo_plu=16899','',2,'2013-11-07'),(87716,'UPDATE mae_productos SET pro_precio_compra_bruto=3522.47,pro_margen_actual=(pro_precio_venta-3522.47)/3522.47 * 100,pro_ultima_compra=@@@2013.11.07@@@,pro_ultimo_proveedor=@@@76170432-K@@@ WHERE pro_codigo_plu=410','',2,'2013-11-07'),(87717,'UPDATE mae_productos SET pro_precio_fiscal=pro_precio_venta WHERE pro_codigo_plu=135','',2,'2013-11-07'),(87718,'UPDATE mae_productos SET pro_precio_fiscal=pro_precio_venta WHERE pro_codigo_plu=136','',2,'2013-11-07'),(87719,'UPDATE mae_productos SET pro_precio_fiscal=pro_precio_venta WHERE pro_codigo_plu=137','',2,'2013-11-07'),(87720,'UPDATE mae_productos SET pro_precio_fiscal=pro_precio_venta WHERE pro_codigo_plu=138','',2,'2013-11-07'),(87721,'UPDATE mae_productos SET pro_codigo_barra=@@@607@@@,pro_tipo=@@@0@@@,pro_nombre_producto=@@@LECHUGA SCAROLA@@@,pro_nombre_corto=@@@LECHUGA SCAROLA@@@,med_id=@@@1@@@,emb_id=@@@6@@@,pro_unidades_embalaje=@@@18@@@,dep_id=@@@18 @@@,lin_id=@@@98@@@,mar_id=@@@2507@@@,pro_precio_compra_neto=@@@0@@@,pro_precio_compra_bruto=@@@233@@@,pro_precio_venta=@@@399@@@,pro_margen_actual=@@@71.24@@@,pro_oferta=@@@NO@@@,pro_fecha_inicio_oferta=@@@2013.05.09@@@,pro_fecha_termino_oferta=@@@2013.05.09@@@,pro_precio_oferta=@@@0@@@,pro_stock_minimo=@@@10@@@,pro_stock_critico=@@@8@@@,pro_activo=@@@1@@@,pro_unidad=@@@0@@@,pro_precio_compra_bruto=233,pro_margen_actual=71.24,pro_capacidad=1,pro_funcion_plu=0,pro_flejes=1,pro_iva=1,pro_plu_asociado=0,pro_envase=@@@NO@@@,pro_duracion=0,pro_numero_etiqueta=0 WHERE pro_codigo_plu=@@@607@@@','',2,'2013-11-07'),(87722,'UPDATE mae_productos SET pro_estado=1 WHERE pro_codigo_plu=607','',2,'2013-11-07'),(87723,'DELETE FROM mae_impuestos_productos WHERE pro_codigo_plu=@@@607@@@','',2,'2013-11-07'),(87724,'INSERT INTO gne_vale_ferreteria (vfe_id,vfe_fecha,vfe_total,vfe_estado,vfe_entregado,usu_nusuario) VALUES (16053,@@@2013.11.07@@@,300,1,0,@@@M_CASTILLO@@@)','',2,'2013-11-07'),(87725,'INSERT INTO gne_vale_ferreteria_mov (vfe_id,pro_codigo_plu,vfm_cantidad,vfm_unitario,vfm_total,vfm_entregado) VALUES (16053,12000,1,300,300,@@@NO@@@)','',2,'2013-11-07'),(87726,'UPDATE mae_productos SET pro_codigo_barra=@@@607@@@,pro_tipo=@@@0@@@,pro_nombre_producto=@@@LECHUGA SCAROLA@@@,pro_nombre_corto=@@@LECHUGA SCAROLA@@@,med_id=@@@1@@@,emb_id=@@@6@@@,pro_unidades_embalaje=@@@18@@@,dep_id=@@@18 @@@,lin_id=@@@98@@@,mar_id=@@@2507@@@,pro_precio_compra_neto=@@@0@@@,pro_precio_compra_bruto=@@@233@@@,pro_precio_venta=@@@290@@@,pro_margen_actual=@@@24.46@@@,pro_oferta=@@@NO@@@,pro_fecha_inicio_oferta=@@@2013.05.09@@@,pro_fecha_termino_oferta=@@@2013.05.09@@@,pro_precio_oferta=@@@0@@@,pro_stock_minimo=@@@10@@@,pro_stock_critico=@@@8@@@,pro_activo=@@@1@@@,pro_unidad=@@@0@@@,pro_precio_compra_bruto=233,pro_margen_actual=24.46,pro_capacidad=1,pro_funcion_plu=0,pro_flejes=1,pro_iva=1,pro_plu_asociado=0,pro_envase=@@@NO@@@,pro_duracion=0,pro_numero_etiqueta=0 WHERE pro_codigo_plu=@@@607@@@','',2,'2013-11-07'),(87727,'UPDATE mae_productos SET pro_estado=1 WHERE pro_codigo_plu=607','',2,'2013-11-07'),(87728,'DELETE FROM mae_impuestos_productos WHERE pro_codigo_plu=@@@607@@@','',2,'2013-11-07'),(87729,'UPDATE mae_productos SET pro_codigo_barra=@@@608@@@,pro_tipo=@@@0@@@,pro_nombre_producto=@@@LECHUGA MILANESA@@@,pro_nombre_corto=@@@LECHUGA MILANESA@@@,med_id=@@@1@@@,emb_id=@@@3@@@,pro_unidades_embalaje=@@@0@@@,dep_id=@@@18 @@@,lin_id=@@@98@@@,mar_id=@@@2507@@@,pro_precio_compra_neto=@@@0@@@,pro_precio_compra_bruto=@@@215@@@,pro_precio_venta=@@@290@@@,pro_margen_actual=@@@34.88@@@,pro_oferta=@@@NO@@@,pro_fecha_inicio_oferta=@@@2013.05.09@@@,pro_fecha_termino_oferta=@@@2013.05.09@@@,pro_precio_oferta=@@@0@@@,pro_stock_minimo=@@@10@@@,pro_stock_critico=@@@5@@@,pro_activo=@@@1@@@,pro_unidad=@@@0@@@,pro_precio_compra_bruto=215,pro_margen_actual=34.88,pro_capacidad=1,pro_funcion_plu=0,pro_flejes=1,pro_iva=1,pro_plu_asociado=0,pro_envase=@@@NO@@@,pro_duracion=0,pro_numero_etiqueta=0 WHERE pro_codigo_plu=@@@608@@@','',2,'2013-11-07'),(87730,'UPDATE mae_productos SET pro_estado=1 WHERE pro_codigo_plu=608','',2,'2013-11-07'),(87731,'DELETE FROM mae_impuestos_productos WHERE pro_codigo_plu=@@@608@@@','',2,'2013-11-07'),(87732,'UPDATE mae_productos SET pro_precio_fiscal=pro_precio_venta WHERE pro_codigo_plu=607','',2,'2013-11-07'),(87733,'INSERT INTO gne_vale_ferreteria (vfe_id,vfe_fecha,vfe_total,vfe_estado,vfe_entregado,usu_nusuario) VALUES (16054,@@@2013.11.07@@@,790,1,0,@@@M_CASTILLO@@@)','',2,'2013-11-07'),(87734,'INSERT INTO gne_vale_ferreteria_mov (vfe_id,pro_codigo_plu,vfm_cantidad,vfm_unitario,vfm_total,vfm_entregado) VALUES (16054,764063,1,790,790,@@@NO@@@)','',2,'2013-11-07'),(87735,'INSERT INTO gne_vale_ferreteria (vfe_id,vfe_fecha,vfe_total,vfe_estado,vfe_entregado,usu_nusuario) VALUES (16055,@@@2013.11.07@@@,200,1,0,@@@M_CASTILLO@@@)','',2,'2013-11-07'),(87736,'INSERT INTO gne_vale_ferreteria_mov (vfe_id,pro_codigo_plu,vfm_cantidad,vfm_unitario,vfm_total,vfm_entregado) VALUES (16055,3131,1,200,200,@@@NO@@@)','',2,'2013-11-07'),(87737,'INSERT INTO gne_vale_ferreteria (vfe_id,vfe_fecha,vfe_total,vfe_estado,vfe_entregado,usu_nusuario) VALUES (16056,@@@2013.11.07@@@,50,1,0,@@@M_CASTILLO@@@)','',2,'2013-11-07'),(87738,'INSERT INTO gne_vale_ferreteria_mov (vfe_id,pro_codigo_plu,vfm_cantidad,vfm_unitario,vfm_total,vfm_entregado) VALUES (16056,770000,1,50,50,@@@NO@@@)','',2,'2013-11-07'),(87739,'INSERT INTO gne_vale_ferreteria (vfe_id,vfe_fecha,vfe_total,vfe_estado,vfe_entregado,usu_nusuario) VALUES (16057,@@@2013.11.07@@@,1790,1,0,@@@M_CASTILLO@@@)','',2,'2013-11-07'),(87740,'INSERT INTO gne_vale_ferreteria_mov (vfe_id,pro_codigo_plu,vfm_cantidad,vfm_unitario,vfm_total,vfm_entregado) VALUES (16057,780721735,1,1790,1790,@@@NO@@@)','',2,'2013-11-07'),(87741,'INSERT INTO gne_vale_ferreteria (vfe_id,vfe_fecha,vfe_total,vfe_estado,vfe_entregado,usu_nusuario) VALUES (16058,@@@2013.11.07@@@,1200,1,0,@@@M_CASTILLO@@@)','',2,'2013-11-07'),(87742,'INSERT INTO gne_vale_ferreteria_mov (vfe_id,pro_codigo_plu,vfm_cantidad,vfm_unitario,vfm_total,vfm_entregado) VALUES (16058,4079,1,30,30,@@@NO@@@)','',2,'2013-11-07'),(87743,'INSERT INTO gne_vale_ferreteria_mov (vfe_id,pro_codigo_plu,vfm_cantidad,vfm_unitario,vfm_total,vfm_entregado) VALUES (16058,764223,1,490,490,@@@NO@@@)','',2,'2013-11-07'),(87744,'INSERT INTO gne_vale_ferreteria_mov (vfe_id,pro_codigo_plu,vfm_cantidad,vfm_unitario,vfm_total,vfm_entregado) VALUES (16058,770001,6,80,480,@@@NO@@@)','',2,'2013-11-07'),(87745,'INSERT INTO gne_vale_ferreteria_mov (vfe_id,pro_codigo_plu,vfm_cantidad,vfm_unitario,vfm_total,vfm_entregado) VALUES (16058,787878,2,100,200,@@@NO@@@)','',2,'2013-11-07'),(87746,'UPDATE mae_productos SET pro_precio_compra_bruto=653.31,pro_margen_actual=(pro_precio_venta-653.31)/653.31 * 100,pro_ultima_compra=@@@2013.11.07@@@,pro_ultimo_proveedor=@@@90703000-8@@@ WHERE pro_codigo_plu=15990','',2,'2013-11-07'),(87747,'UPDATE mae_productos SET pro_precio_compra_bruto=472.43,pro_margen_actual=(pro_precio_venta-472.43)/472.43 * 100,pro_ultima_compra=@@@2013.11.07@@@,pro_ultimo_proveedor=@@@90703000-8@@@ WHERE pro_codigo_plu=16402','',2,'2013-11-07'),(87748,'UPDATE mae_productos SET pro_precio_compra_bruto=121.08,pro_margen_actual=(pro_precio_venta-121.08)/121.08 * 100,pro_ultima_compra=@@@2013.11.07@@@,pro_ultimo_proveedor=@@@90703000-8@@@ WHERE pro_codigo_plu=16695','',2,'2013-11-07'),(87749,'UPDATE mae_productos SET pro_precio_compra_bruto=121.08,pro_margen_actual=(pro_precio_venta-121.08)/121.08 * 100,pro_ultima_compra=@@@2013.11.07@@@,pro_ultimo_proveedor=@@@90703000-8@@@ WHERE pro_codigo_plu=16688','',2,'2013-11-07'),(87750,'UPDATE mae_productos SET pro_precio_compra_bruto=386.75,pro_margen_actual=(pro_precio_venta-386.75)/386.75 * 100,pro_ultima_compra=@@@2013.11.07@@@,pro_ultimo_proveedor=@@@90703000-8@@@ WHERE pro_codigo_plu=17072','',2,'2013-11-07'),(87751,'UPDATE mae_productos SET pro_precio_compra_bruto=386.75,pro_margen_actual=(pro_precio_venta-386.75)/386.75 * 100,pro_ultima_compra=@@@2013.11.07@@@,pro_ultimo_proveedor=@@@90703000-8@@@ WHERE pro_codigo_plu=17069','',2,'2013-11-07'),(87752,'UPDATE mae_productos SET pro_precio_compra_bruto=377.42,pro_margen_actual=(pro_precio_venta-377.42)/377.42 * 100,pro_ultima_compra=@@@2013.11.07@@@,pro_ultimo_proveedor=@@@90703000-8@@@ WHERE pro_codigo_plu=10413','',2,'2013-11-07'),(87753,'UPDATE mae_productos SET pro_precio_compra_bruto=182.26,pro_margen_actual=(pro_precio_venta-182.26)/182.26 * 100,pro_ultima_compra=@@@2013.11.07@@@,pro_ultimo_proveedor=@@@90703000-8@@@ WHERE pro_codigo_plu=780721225','',2,'2013-11-07'),(87754,'UPDATE mae_productos SET pro_precio_compra_bruto=246.33,pro_margen_actual=(pro_precio_venta-246.33)/246.33 * 100,pro_ultima_compra=@@@2013.11.07@@@,pro_ultimo_proveedor=@@@90703000-8@@@ WHERE pro_codigo_plu=762720','',2,'2013-11-07'),(87755,'UPDATE mae_productos SET pro_precio_compra_bruto=404.6,pro_margen_actual=(pro_precio_venta-404.6)/404.6 * 100,pro_ultima_compra=@@@2013.11.07@@@,pro_ultimo_proveedor=@@@90703000-8@@@ WHERE pro_codigo_plu=780722018','',2,'2013-11-07'),(87756,'UPDATE mae_productos SET pro_precio_compra_bruto=228.77,pro_margen_actual=(pro_precio_venta-228.77)/228.77 * 100,pro_ultima_compra=@@@2013.11.07@@@,pro_ultimo_proveedor=@@@90703000-8@@@ WHERE pro_codigo_plu=17040','',2,'2013-11-07'),(87757,'UPDATE mae_productos SET pro_precio_compra_bruto=404.6,pro_margen_actual=(pro_precio_venta-404.6)/404.6 * 100,pro_ultima_compra=@@@2013.11.07@@@,pro_ultimo_proveedor=@@@90703000-8@@@ WHERE pro_codigo_plu=780722019','',2,'2013-11-07'),(87758,'UPDATE mae_productos SET pro_precio_compra_bruto=330.82,pro_margen_actual=(pro_precio_venta-330.82)/330.82 * 100,pro_ultima_compra=@@@2013.11.07@@@,pro_ultimo_proveedor=@@@90703000-8@@@ WHERE pro_codigo_plu=17011','',2,'2013-11-07'),(87759,'UPDATE mae_productos SET pro_precio_compra_bruto=228.77,pro_margen_actual=(pro_precio_venta-228.77)/228.77 * 100,pro_ultima_compra=@@@2013.11.07@@@,pro_ultimo_proveedor=@@@90703000-8@@@ WHERE pro_codigo_plu=17037','',2,'2013-11-07'),(87760,'UPDATE mae_productos SET pro_precio_compra_bruto=228.77,pro_margen_actual=(pro_precio_venta-228.77)/228.77 * 100,pro_ultima_compra=@@@2013.11.07@@@,pro_ultimo_proveedor=@@@90703000-8@@@ WHERE pro_codigo_plu=17039','',2,'2013-11-07'),(87761,'UPDATE mae_productos SET pro_precio_compra_bruto=121.08,pro_margen_actual=(pro_precio_venta-121.08)/121.08 * 100,pro_ultima_compra=@@@2013.11.07@@@,pro_ultimo_proveedor=@@@90703000-8@@@ WHERE pro_codigo_plu=16697','',2,'2013-11-07'),(87762,'UPDATE mae_productos SET pro_precio_compra_bruto=386.75,pro_margen_actual=(pro_precio_venta-386.75)/386.75 * 100,pro_ultima_compra=@@@2013.11.07@@@,pro_ultimo_proveedor=@@@90703000-8@@@ WHERE pro_codigo_plu=17068','',2,'2013-11-07'),(87763,'UPDATE mae_productos SET pro_precio_compra_bruto=246.33,pro_margen_actual=(pro_precio_venta-246.33)/246.33 * 100,pro_ultima_compra=@@@2013.11.07@@@,pro_ultimo_proveedor=@@@90703000-8@@@ WHERE pro_codigo_plu=763580','',2,'2013-11-07'),(87764,'INSERT INTO gne_vale_ferreteria (vfe_id,vfe_fecha,vfe_total,vfe_estado,vfe_entregado,usu_nusuario) VALUES (16059,@@@2013.11.07@@@,480,1,0,@@@M_CASTILLO@@@)','',2,'2013-11-07'),(87765,'INSERT INTO gne_vale_ferreteria_mov (vfe_id,pro_codigo_plu,vfm_cantidad,vfm_unitario,vfm_total,vfm_entregado) VALUES (16059,12351,4,120,480,@@@NO@@@)','',2,'2013-11-07'),(87766,'UPDATE mae_productos SET pro_precio_compra_bruto=1122.4,pro_margen_actual=(pro_precio_venta-1122.4)/1122.4 * 100,pro_ultima_compra=@@@2013.11.07@@@,pro_ultimo_proveedor=@@@78998410-7@@@ WHERE pro_codigo_plu=764101','',2,'2013-11-07'),(87767,'UPDATE mae_productos SET pro_precio_compra_bruto=1122.4,pro_margen_actual=(pro_precio_venta-1122.4)/1122.4 * 100,pro_ultima_compra=@@@2013.11.07@@@,pro_ultimo_proveedor=@@@78998410-7@@@ WHERE pro_codigo_plu=764100','',2,'2013-11-07'),(87768,'INSERT INTO gne_vale_ferreteria (vfe_id,vfe_fecha,vfe_total,vfe_estado,vfe_entregado,usu_nusuario) VALUES (16060,@@@2013.11.07@@@,1840,1,0,@@@M_CASTILLO@@@)','',2,'2013-11-07'),(87769,'INSERT INTO gne_vale_ferreteria_mov (vfe_id,pro_codigo_plu,vfm_cantidad,vfm_unitario,vfm_total,vfm_entregado) VALUES (16060,780721425,1,850,850,@@@NO@@@)','',2,'2013-11-07'),(87770,'INSERT INTO gne_vale_ferreteria_mov (vfe_id,pro_codigo_plu,vfm_cantidad,vfm_unitario,vfm_total,vfm_entregado) VALUES (16060,780729,1,990,990,@@@NO@@@)','',2,'2013-11-07'),(87771,'INSERT INTO gne_vale_ferreteria (vfe_id,vfe_fecha,vfe_total,vfe_estado,vfe_entregado,usu_nusuario) VALUES (16061,@@@2013.11.07@@@,520,1,0,@@@M_CASTILLO@@@)','',2,'2013-11-07'),(87772,'INSERT INTO gne_vale_ferreteria_mov (vfe_id,pro_codigo_plu,vfm_cantidad,vfm_unitario,vfm_total,vfm_entregado) VALUES (16061,15929,4,130,520,@@@NO@@@)','',2,'2013-11-07'),(87773,'INSERT INTO gne_vale_ferreteria (vfe_id,vfe_fecha,vfe_total,vfe_estado,vfe_entregado,usu_nusuario) VALUES (16062,@@@2013.11.07@@@,460,1,0,@@@M_CASTILLO@@@)','',2,'2013-11-07'),(87774,'INSERT INTO gne_vale_ferreteria_mov (vfe_id,pro_codigo_plu,vfm_cantidad,vfm_unitario,vfm_total,vfm_entregado) VALUES (16062,78017002,3,120,360,@@@NO@@@)','',2,'2013-11-07'),(87775,'INSERT INTO gne_vale_ferreteria_mov (vfe_id,pro_codigo_plu,vfm_cantidad,vfm_unitario,vfm_total,vfm_entregado) VALUES (16062,20368,1,100,100,@@@NO@@@)','',2,'2013-11-07'),(87776,'INSERT INTO gne_vale_ferreteria (vfe_id,vfe_fecha,vfe_total,vfe_estado,vfe_entregado,usu_nusuario) VALUES (16063,@@@2013.11.07@@@,1890,1,0,@@@M_CASTILLO@@@)','',2,'2013-11-07'),(87777,'INSERT INTO gne_vale_ferreteria_mov (vfe_id,pro_codigo_plu,vfm_cantidad,vfm_unitario,vfm_total,vfm_entregado) VALUES (16063,763602,1,1890,1890,@@@NO@@@)','',2,'2013-11-07'),(87778,'INSERT INTO gne_vale_ferreteria (vfe_id,vfe_fecha,vfe_total,vfe_estado,vfe_entregado,usu_nusuario) VALUES (16064,@@@2013.11.07@@@,2190,1,0,@@@M_CASTILLO@@@)','',2,'2013-11-07'),(87779,'INSERT INTO gne_vale_ferreteria_mov (vfe_id,pro_codigo_plu,vfm_cantidad,vfm_unitario,vfm_total,vfm_entregado) VALUES (16064,763608,1,1890,1890,@@@NO@@@)','',2,'2013-11-07'),(87780,'INSERT INTO gne_vale_ferreteria_mov (vfe_id,pro_codigo_plu,vfm_cantidad,vfm_unitario,vfm_total,vfm_entregado) VALUES (16064,10063,1,300,300,@@@NO@@@)','',2,'2013-11-07'),(87781,'INSERT INTO gne_vale_ferreteria (vfe_id,vfe_fecha,vfe_total,vfe_estado,vfe_entregado,usu_nusuario) VALUES (16065,@@@2013.11.07@@@,300,1,0,@@@M_CASTILLO@@@)','',2,'2013-11-07'),(87782,'INSERT INTO gne_vale_ferreteria_mov (vfe_id,pro_codigo_plu,vfm_cantidad,vfm_unitario,vfm_total,vfm_entregado) VALUES (16065,78017110,2,150,300,@@@NO@@@)','',2,'2013-11-07'),(87783,'INSERT INTO gne_vale_ferreteria (vfe_id,vfe_fecha,vfe_total,vfe_estado,vfe_entregado,usu_nusuario) VALUES (16066,@@@2013.11.07@@@,380,1,0,@@@M_CASTILLO@@@)','',2,'2013-11-07'),(87784,'INSERT INTO gne_vale_ferreteria_mov (vfe_id,pro_codigo_plu,vfm_cantidad,vfm_unitario,vfm_total,vfm_entregado) VALUES (16066,763406,1,380,380,@@@NO@@@)','',2,'2013-11-07'),(87785,'INSERT INTO gne_vale_ferreteria (vfe_id,vfe_fecha,vfe_total,vfe_estado,vfe_entregado,usu_nusuario) VALUES (16067,@@@2013.11.07@@@,3190,1,0,@@@M_CASTILLO@@@)','',2,'2013-11-07'),(87786,'INSERT INTO gne_vale_ferreteria_mov (vfe_id,pro_codigo_plu,vfm_cantidad,vfm_unitario,vfm_total,vfm_entregado) VALUES (16067,262177,1,3190,3190,@@@NO@@@)','',2,'2013-11-07'),(87787,'INSERT INTO gne_vale_ferreteria (vfe_id,vfe_fecha,vfe_total,vfe_estado,vfe_entregado,usu_nusuario) VALUES (16068,@@@2013.11.07@@@,230,1,0,@@@M_CASTILLO@@@)','',2,'2013-11-07'),(87788,'INSERT INTO gne_vale_ferreteria_mov (vfe_id,pro_codigo_plu,vfm_cantidad,vfm_unitario,vfm_total,vfm_entregado) VALUES (16068,763783,1,230,230,@@@NO@@@)','',2,'2013-11-07'),(87789,'INSERT INTO gne_vale_ferreteria (vfe_id,vfe_fecha,vfe_total,vfe_estado,vfe_entregado,usu_nusuario) VALUES (16069,@@@2013.11.07@@@,5770,1,0,@@@M_CASTILLO@@@)','',2,'2013-11-07'),(87790,'INSERT INTO gne_vale_ferreteria_mov (vfe_id,pro_codigo_plu,vfm_cantidad,vfm_unitario,vfm_total,vfm_entregado) VALUES (16069,763609,1,1890,1890,@@@NO@@@)','',2,'2013-11-07'),(87791,'INSERT INTO gne_vale_ferreteria_mov (vfe_id,pro_codigo_plu,vfm_cantidad,vfm_unitario,vfm_total,vfm_entregado) VALUES (16069,761650,1,1750,1750,@@@NO@@@)','',2,'2013-11-07'),(87792,'INSERT INTO gne_vale_ferreteria_mov (vfe_id,pro_codigo_plu,vfm_cantidad,vfm_unitario,vfm_total,vfm_entregado) VALUES (16069,78017201,2,200,400,@@@NO@@@)','',2,'2013-11-07'),(87793,'INSERT INTO gne_vale_ferreteria_mov (vfe_id,pro_codigo_plu,vfm_cantidad,vfm_unitario,vfm_total,vfm_entregado) VALUES (16069,102602,1,1490,1490,@@@NO@@@)','',2,'2013-11-07'),(87794,'INSERT INTO gne_vale_ferreteria_mov (vfe_id,pro_codigo_plu,vfm_cantidad,vfm_unitario,vfm_total,vfm_entregado) VALUES (16069,78017016,2,120,240,@@@NO@@@)','',2,'2013-11-07'),(87795,'INSERT INTO gne_vale_ferreteria (vfe_id,vfe_fecha,vfe_total,vfe_estado,vfe_entregado,usu_nusuario) VALUES (16070,@@@2013.11.07@@@,900,1,0,@@@M_CASTILLO@@@)','',2,'2013-11-07'),(87796,'INSERT INTO gne_vale_ferreteria_mov (vfe_id,pro_codigo_plu,vfm_cantidad,vfm_unitario,vfm_total,vfm_entregado) VALUES (16070,78017147,10,90,900,@@@NO@@@)','',2,'2013-11-07'),(87797,'INSERT INTO mae_productos (pro_codigo_plu,pro_codigo_barra,pro_tipo,pro_nombre_producto,pro_nombre_corto,med_id,emb_id,pro_unidades_embalaje,dep_id,lin_id,mar_id,pro_precio_compra_neto,pro_precio_compra_bruto,pro_precio_venta,pro_margen_actual,pro_oferta,pro_fecha_inicio_oferta,pro_fecha_termino_oferta,pro_precio_oferta,pro_stock_minimo,pro_stock_critico,pro_entradas_bodega,pro_salidas_bodega,pro_mermas_bodega,pro_ajustes_bodega,pro_entradas_sv,pro_salidas_sv,pro_mermas_sv,pro_ajustes_sv,pro_activo,rec_numero,pro_unidad,pro_capacidad,pro_consumo_bodega,pro_consumo_sv,pro_estado,pro_funcion_plu,pro_flejes,pro_iva,pro_plu_asociado,pro_envase,pro_duracion,pro_numero_etiqueta) VALUES (1709609,@@@7807265981173@@@,@@@0@@@,@@@CARTULINA METALICA DORADA PROARTE@@@,@@@CARTULINA METALI@@@,@@@1 @@@,@@@4 @@@,@@@10@@@,@@@24 @@@,@@@137@@@,@@@1254@@@,@@@0@@@,@@@340.34@@@,@@@1@@@,@@@-99.71@@@,@@@@@@,@@@2006.09.07@@@,@@@2006.09.07@@@,@@@0@@@,@@@5@@@,@@@2@@@,@@@0@@@,@@@0@@@,@@@0@@@,@@@0@@@,@@@0@@@,@@@0@@@,@@@0@@@,@@@0@@@,@@@1@@@,@@@0@@@,0,1,0,0,2,0,1,1,0,@@@NO@@@,0,0)','',2,'2013-11-07'),(87798,'DELETE FROM mae_impuestos_productos WHERE pro_codigo_plu=@@@1709609@@@','',2,'2013-11-07'),(87799,'INSERT INTO gne_vale_ferreteria (vfe_id,vfe_fecha,vfe_total,vfe_estado,vfe_entregado,usu_nusuario) VALUES (16071,@@@2013.11.07@@@,1570,1,0,@@@M_CASTILLO@@@)','',2,'2013-11-07'),(87800,'INSERT INTO gne_vale_ferreteria_mov (vfe_id,pro_codigo_plu,vfm_cantidad,vfm_unitario,vfm_total,vfm_entregado) VALUES (16071,121012,2,590,1180,@@@NO@@@)','',2,'2013-11-07'),(87801,'INSERT INTO gne_vale_ferreteria_mov (vfe_id,pro_codigo_plu,vfm_cantidad,vfm_unitario,vfm_total,vfm_entregado) VALUES (16071,203939,1,390,390,@@@NO@@@)','',2,'2013-11-07'),(87802,'INSERT INTO mae_productos (pro_codigo_plu,pro_codigo_barra,pro_tipo,pro_nombre_producto,pro_nombre_corto,med_id,emb_id,pro_unidades_embalaje,dep_id,lin_id,mar_id,pro_precio_compra_neto,pro_precio_compra_bruto,pro_precio_venta,pro_margen_actual,pro_oferta,pro_fecha_inicio_oferta,pro_fecha_termino_oferta,pro_precio_oferta,pro_stock_minimo,pro_stock_critico,pro_entradas_bodega,pro_salidas_bodega,pro_mermas_bodega,pro_ajustes_bodega,pro_entradas_sv,pro_salidas_sv,pro_mermas_sv,pro_ajustes_sv,pro_activo,rec_numero,pro_unidad,pro_capacidad,pro_consumo_bodega,pro_consumo_sv,pro_estado,pro_funcion_plu,pro_flejes,pro_iva,pro_plu_asociado,pro_envase,pro_duracion,pro_numero_etiqueta) VALUES (1709610,@@@7807265981197@@@,@@@0@@@,@@@CARTULINA  METALICA  PLATEADA PROARTE@@@,@@@CARTULINA METALI@@@,@@@1 @@@,@@@4 @@@,@@@10@@@,@@@24 @@@,@@@137@@@,@@@1254@@@,@@@0@@@,@@@340.34@@@,@@@1@@@,@@@-99.71@@@,@@@@@@,@@@2006.09.07@@@,@@@2006.09.07@@@,@@@0@@@,@@@5@@@,@@@2@@@,@@@0@@@,@@@0@@@,@@@0@@@,@@@0@@@,@@@0@@@,@@@0@@@,@@@0@@@,@@@0@@@,@@@1@@@,@@@0@@@,0,0,0,0,2,0,1,1,0,@@@NO@@@,0,0)','',2,'2013-11-07'),(87803,'DELETE FROM mae_impuestos_productos WHERE pro_codigo_plu=@@@1709610@@@','',2,'2013-11-07'),(87804,'UPDATE mae_productos SET pro_codigo_barra=@@@78017020@@@,pro_tipo=@@@0@@@,pro_nombre_producto=@@@CINTA EMBALAJE SELLOCINTA GRANDE@@@,pro_nombre_corto=@@@CINTA EMBALAJE G@@@,med_id=@@@1@@@,emb_id=@@@3@@@,pro_unidades_embalaje=@@@0@@@,dep_id=@@@2 @@@,lin_id=@@@41@@@,mar_id=@@@2507@@@,pro_precio_compra_neto=@@@0@@@,pro_precio_compra_bruto=@@@247.52@@@,pro_precio_venta=@@@390@@@,pro_margen_actual=@@@57.56@@@,pro_oferta=@@@NO@@@,pro_fecha_inicio_oferta=@@@2013.05.08@@@,pro_fecha_termino_oferta=@@@2013.05.08@@@,pro_precio_oferta=@@@0@@@,pro_stock_minimo=@@@0@@@,pro_stock_critico=@@@0@@@,pro_activo=@@@1@@@,pro_unidad=@@@0@@@,pro_precio_compra_bruto=247.52,pro_margen_actual=57.56,pro_capacidad=1,pro_funcion_plu=0,pro_flejes=1,pro_iva=1,pro_plu_asociado=0,pro_envase=@@@NO@@@,pro_duracion=0,pro_numero_etiqueta=0 WHERE pro_codigo_plu=@@@78017020@@@','',2,'2013-11-07'),(87805,'UPDATE mae_productos SET pro_estado=1 WHERE pro_codigo_plu=78017020','',2,'2013-11-07'),(87806,'DELETE FROM mae_impuestos_productos WHERE pro_codigo_plu=@@@78017020@@@','',2,'2013-11-07'),(87807,'INSERT INTO gne_vale_ferreteria (vfe_id,vfe_fecha,vfe_total,vfe_estado,vfe_entregado,usu_nusuario) VALUES (16072,@@@2013.11.07@@@,1400,1,0,@@@G_DIAZ@@@)','',2,'2013-11-07'),(87808,'INSERT INTO gne_vale_ferreteria_mov (vfe_id,pro_codigo_plu,vfm_cantidad,vfm_unitario,vfm_total,vfm_entregado) VALUES (16072,4130,3,100,300,@@@NO@@@)','',2,'2013-11-07'),(87809,'INSERT INTO gne_vale_ferreteria_mov (vfe_id,pro_codigo_plu,vfm_cantidad,vfm_unitario,vfm_total,vfm_entregado) VALUES (16072,4077,1,200,200,@@@NO@@@)','',2,'2013-11-07'),(87810,'INSERT INTO gne_vale_ferreteria_mov (vfe_id,pro_codigo_plu,vfm_cantidad,vfm_unitario,vfm_total,vfm_entregado) VALUES (16072,780721427,1,100,100,@@@NO@@@)','',2,'2013-11-07'),(87811,'INSERT INTO gne_vale_ferreteria_mov (vfe_id,pro_codigo_plu,vfm_cantidad,vfm_unitario,vfm_total,vfm_entregado) VALUES (16072,764571,4,100,400,@@@NO@@@)','',2,'2013-11-07'),(87812,'INSERT INTO gne_vale_ferreteria_mov (vfe_id,pro_codigo_plu,vfm_cantidad,vfm_unitario,vfm_total,vfm_entregado) VALUES (16072,1546,2,200,400,@@@NO@@@)','',2,'2013-11-07'),(87813,'UPDATE mae_productos SET pro_codigo_barra=@@@7806505055438@@@,pro_tipo=@@@0@@@,pro_nombre_producto=@@@COLA FRIA TORRE 225 G@@@,pro_nombre_corto=@@@COLA FRIA TORRE@@@,med_id=@@@5@@@,emb_id=@@@3@@@,pro_unidades_embalaje=@@@0@@@,dep_id=@@@2 @@@,lin_id=@@@41@@@,mar_id=@@@1442@@@,pro_precio_compra_neto=@@@0@@@,pro_precio_compra_bruto=@@@428.4@@@,pro_precio_venta=@@@620@@@,pro_margen_actual=@@@44.72@@@,pro_oferta=@@@NO@@@,pro_fecha_inicio_oferta=@@@2013.06.06@@@,pro_fecha_termino_oferta=@@@2013.06.06@@@,pro_precio_oferta=@@@0@@@,pro_stock_minimo=@@@0@@@,pro_stock_critico=@@@0@@@,pro_activo=@@@1@@@,pro_unidad=@@@0@@@,pro_precio_compra_bruto=428.4,pro_margen_actual=44.72,pro_capacidad=225,pro_funcion_plu=0,pro_flejes=1,pro_iva=1,pro_plu_asociado=0,pro_envase=@@@NO@@@,pro_duracion=0,pro_numero_etiqueta=0 WHERE pro_codigo_plu=@@@780220180@@@','',2,'2013-11-07'),(87814,'UPDATE mae_productos SET pro_estado=1 WHERE pro_codigo_plu=780220180','',2,'2013-11-07'),(87815,'DELETE FROM mae_impuestos_productos WHERE pro_codigo_plu=@@@780220180@@@','',2,'2013-11-07'),(87816,'INSERT INTO mae_productos (pro_codigo_plu,pro_codigo_barra,pro_tipo,pro_nombre_producto,pro_nombre_corto,med_id,emb_id,pro_unidades_embalaje,dep_id,lin_id,mar_id,pro_precio_compra_neto,pro_precio_compra_bruto,pro_precio_venta,pro_margen_actual,pro_oferta,pro_fecha_inicio_oferta,pro_fecha_termino_oferta,pro_precio_oferta,pro_stock_minimo,pro_stock_critico,pro_entradas_bodega,pro_salidas_bodega,pro_mermas_bodega,pro_ajustes_bodega,pro_entradas_sv,pro_salidas_sv,pro_mermas_sv,pro_ajustes_sv,pro_activo,rec_numero,pro_unidad,pro_capacidad,pro_consumo_bodega,pro_consumo_sv,pro_estado,pro_funcion_plu,pro_flejes,pro_iva,pro_plu_asociado,pro_envase,pro_duracion,pro_numero_etiqueta) VALUES (738282,@@@7792700002332@@@,@@@0@@@,@@@PLUMON PIZARRA PELIKAN AZUL P. REDONDA@@@,@@@PLUMON PIZARRA P@@@,@@@1 @@@,@@@6 @@@,@@@12@@@,@@@24 @@@,@@@137@@@,@@@2405@@@,@@@0@@@,@@@227.29@@@,@@@1@@@,@@@-99.56@@@,@@@@@@,@@@2006.09.07@@@,@@@2006.09.07@@@,@@@0@@@,@@@12@@@,@@@6@@@,@@@0@@@,@@@0@@@,@@@0@@@,@@@0@@@,@@@0@@@,@@@0@@@,@@@0@@@,@@@0@@@,@@@1@@@,@@@0@@@,0,1,0,0,2,0,1,1,0,@@@NO@@@,0,0)','',2,'2013-11-07'),(87817,'DELETE FROM mae_impuestos_productos WHERE pro_codigo_plu=@@@738282@@@','',2,'2013-11-07'),(87818,'INSERT INTO mae_productos (pro_codigo_plu,pro_codigo_barra,pro_tipo,pro_nombre_producto,pro_nombre_corto,med_id,emb_id,pro_unidades_embalaje,dep_id,lin_id,mar_id,pro_precio_compra_neto,pro_precio_compra_bruto,pro_precio_venta,pro_margen_actual,pro_oferta,pro_fecha_inicio_oferta,pro_fecha_termino_oferta,pro_precio_oferta,pro_stock_minimo,pro_stock_critico,pro_entradas_bodega,pro_salidas_bodega,pro_mermas_bodega,pro_ajustes_bodega,pro_entradas_sv,pro_salidas_sv,pro_mermas_sv,pro_ajustes_sv,pro_activo,rec_numero,pro_unidad,pro_capacidad,pro_consumo_bodega,pro_consumo_sv,pro_estado,pro_funcion_plu,pro_flejes,pro_iva,pro_plu_asociado,pro_envase,pro_duracion,pro_numero_etiqueta) VALUES (738283,@@@7792700002356@@@,@@@0@@@,@@@PLUMON PIZARRA PELIKAN ROJO@@@,@@@PLUMON PIZARRA P@@@,@@@1 @@@,@@@6 @@@,@@@12@@@,@@@24 @@@,@@@137@@@,@@@2405@@@,@@@0@@@,@@@227.29@@@,@@@1@@@,@@@-99.56@@@,@@@@@@,@@@2006.09.07@@@,@@@2006.09.07@@@,@@@0@@@,@@@12@@@,@@@6@@@,@@@0@@@,@@@0@@@,@@@0@@@,@@@0@@@,@@@0@@@,@@@0@@@,@@@0@@@,@@@0@@@,@@@1@@@,@@@0@@@,0,1,0,0,2,0,1,1,0,@@@NO@@@,0,0)','',2,'2013-11-07'),(87819,'DELETE FROM mae_impuestos_productos WHERE pro_codigo_plu=@@@738283@@@','',2,'2013-11-07'),(87820,'INSERT INTO mae_productos (pro_codigo_plu,pro_codigo_barra,pro_tipo,pro_nombre_producto,pro_nombre_corto,med_id,emb_id,pro_unidades_embalaje,dep_id,lin_id,mar_id,pro_precio_compra_neto,pro_precio_compra_bruto,pro_precio_venta,pro_margen_actual,pro_oferta,pro_fecha_inicio_oferta,pro_fecha_termino_oferta,pro_precio_oferta,pro_stock_minimo,pro_stock_critico,pro_entradas_bodega,pro_salidas_bodega,pro_mermas_bodega,pro_ajustes_bodega,pro_entradas_sv,pro_salidas_sv,pro_mermas_sv,pro_ajustes_sv,pro_activo,rec_numero,pro_unidad,pro_capacidad,pro_consumo_bodega,pro_consumo_sv,pro_estado,pro_funcion_plu,pro_flejes,pro_iva,pro_plu_asociado,pro_envase,pro_duracion,pro_numero_etiqueta) VALUES (21666,@@@7806505978423@@@,@@@0@@@,@@@PAPEL LUSTRE TORRE 24 HJS@@@,@@@PAPEL LUSTRE TOR@@@,@@@1 @@@,@@@6 @@@,@@@12@@@,@@@24 @@@,@@@137@@@,@@@2403@@@,@@@0@@@,@@@103.53@@@,@@@1@@@,@@@-99.03@@@,@@@@@@,@@@2006.09.07@@@,@@@2006.09.07@@@,@@@0@@@,@@@20@@@,@@@10@@@,@@@0@@@,@@@0@@@,@@@0@@@,@@@0@@@,@@@0@@@,@@@0@@@,@@@0@@@,@@@0@@@,@@@1@@@,@@@0@@@,0,1,0,0,2,0,1,1,0,@@@NO@@@,0,0)','',2,'2013-11-07'),(87821,'DELETE FROM mae_impuestos_productos WHERE pro_codigo_plu=@@@21666@@@','',2,'2013-11-07'),(87822,'INSERT INTO mae_productos (pro_codigo_plu,pro_codigo_barra,pro_tipo,pro_nombre_producto,pro_nombre_corto,med_id,emb_id,pro_unidades_embalaje,dep_id,lin_id,mar_id,pro_precio_compra_neto,pro_precio_compra_bruto,pro_precio_venta,pro_margen_actual,pro_oferta,pro_fecha_inicio_oferta,pro_fecha_termino_oferta,pro_precio_oferta,pro_stock_minimo,pro_stock_critico,pro_entradas_bodega,pro_salidas_bodega,pro_mermas_bodega,pro_ajustes_bodega,pro_entradas_sv,pro_salidas_sv,pro_mermas_sv,pro_ajustes_sv,pro_activo,rec_numero,pro_unidad,pro_capacidad,pro_consumo_bodega,pro_consumo_sv,pro_estado,pro_funcion_plu,pro_flejes,pro_iva,pro_plu_asociado,pro_envase,pro_duracion,pro_numero_etiqueta) VALUES (1241000,@@@1241000@@@,@@@0@@@,@@@PAPEL LUSTRE HALLEY 24 HJS@@@,@@@PAPEL LUSTRE HAL@@@,@@@1 @@@,@@@6 @@@,@@@1@@@,@@@24 @@@,@@@137@@@,@@@2566@@@,@@@0@@@,@@@273.27@@@,@@@1@@@,@@@-99.63@@@,@@@@@@,@@@2006.09.07@@@,@@@2006.09.07@@@,@@@0@@@,@@@10@@@,@@@5@@@,@@@0@@@,@@@0@@@,@@@0@@@,@@@0@@@,@@@0@@@,@@@0@@@,@@@0@@@,@@@0@@@,@@@1@@@,@@@0@@@,0,1,0,0,2,0,1,1,0,@@@NO@@@,0,0)','',2,'2013-11-07'),(87823,'DELETE FROM mae_impuestos_productos WHERE pro_codigo_plu=@@@1241000@@@','',2,'2013-11-07'),(87824,'UPDATE mae_productos SET pro_codigo_barra=@@@1241000@@@,pro_tipo=@@@0@@@,pro_nombre_producto=@@@XXXX@@@,pro_nombre_corto=@@@PAPEL LUSTRE HAL@@@,med_id=@@@1@@@,emb_id=@@@6@@@,pro_unidades_embalaje=@@@1@@@,dep_id=@@@24 @@@,lin_id=@@@137@@@,mar_id=@@@2566@@@,pro_precio_compra_neto=@@@0@@@,pro_precio_compra_bruto=@@@273.27@@@,pro_precio_venta=@@@1@@@,pro_margen_actual=@@@-99.63@@@,pro_oferta=@@@NO@@@,pro_fecha_inicio_oferta=@@@2006.09.07@@@,pro_fecha_termino_oferta=@@@2006.09.07@@@,pro_precio_oferta=@@@0@@@,pro_stock_minimo=@@@10@@@,pro_stock_critico=@@@5@@@,pro_activo=@@@1@@@,pro_unidad=@@@0@@@,pro_precio_compra_bruto=273.27,pro_margen_actual=-99.63,pro_capacidad=1,pro_funcion_plu=0,pro_flejes=1,pro_iva=1,pro_plu_asociado=0,pro_envase=@@@NO@@@,pro_duracion=0,pro_numero_etiqueta=0 WHERE pro_codigo_plu=@@@1241000@@@','',2,'2013-11-07'),(87825,'UPDATE mae_productos SET pro_estado=1 WHERE pro_codigo_plu=1241000','',2,'2013-11-07'),(87826,'DELETE FROM mae_impuestos_productos WHERE pro_codigo_plu=@@@1241000@@@','',2,'2013-11-07'),(87827,'UPDATE mae_productos SET pro_codigo_barra=@@@1241000@@@,pro_tipo=@@@0@@@,pro_nombre_producto=@@@CINTA OFERTA SELLOCINTAS@@@,pro_nombre_corto=@@@CINTA@@@,med_id=@@@1@@@,emb_id=@@@6@@@,pro_unidades_embalaje=@@@10@@@,dep_id=@@@24 @@@,lin_id=@@@207@@@,mar_id=@@@2507@@@,pro_precio_compra_neto=@@@0@@@,pro_precio_compra_bruto=@@@490.28@@@,pro_precio_venta=@@@1@@@,pro_margen_actual=@@@-99.8@@@,pro_oferta=@@@NO@@@,pro_fecha_inicio_oferta=@@@2006.09.07@@@,pro_fecha_termino_oferta=@@@2006.09.07@@@,pro_precio_oferta=@@@0@@@,pro_stock_minimo=@@@10@@@,pro_stock_critico=@@@5@@@,pro_activo=@@@1@@@,pro_unidad=@@@0@@@,pro_precio_compra_bruto=490.28,pro_margen_actual=-99.8,pro_capacidad=1,pro_funcion_plu=0,pro_flejes=1,pro_iva=1,pro_plu_asociado=0,pro_envase=@@@NO@@@,pro_duracion=0,pro_numero_etiqueta=0 WHERE pro_codigo_plu=@@@1241000@@@','',2,'2013-11-07'),(87828,'UPDATE mae_productos SET pro_estado=1 WHERE pro_codigo_plu=1241000','',2,'2013-11-07'),(87829,'DELETE FROM mae_impuestos_productos WHERE pro_codigo_plu=@@@1241000@@@','',2,'2013-11-07'),(87830,'INSERT INTO gne_vale_ferreteria (vfe_id,vfe_fecha,vfe_total,vfe_estado,vfe_entregado,usu_nusuario) VALUES (16073,@@@2013.11.07@@@,2880,1,0,@@@G_DIAZ@@@)','',2,'2013-11-07'),(87831,'INSERT INTO gne_vale_ferreteria_mov (vfe_id,pro_codigo_plu,vfm_cantidad,vfm_unitario,vfm_total,vfm_entregado) VALUES (16073,764911,1,2490,2490,@@@NO@@@)','',2,'2013-11-07'),(87832,'INSERT INTO gne_vale_ferreteria_mov (vfe_id,pro_codigo_plu,vfm_cantidad,vfm_unitario,vfm_total,vfm_entregado) VALUES (16073,1543,1,390,390,@@@NO@@@)','',2,'2013-11-07'),(87833,'UPDATE mae_productos SET pro_codigo_barra=@@@770031@@@,pro_tipo=@@@0@@@,pro_nombre_producto=@@@VASOS DESECHABLES PLUMAVIC 8 ONZ@@@,pro_nombre_corto=@@@VASOS DESECHABLE@@@,med_id=@@@1@@@,emb_id=@@@3@@@,pro_unidades_embalaje=@@@0@@@,dep_id=@@@24 @@@,lin_id=@@@177@@@,mar_id=@@@2507@@@,pro_precio_compra_neto=@@@0@@@,pro_precio_compra_bruto=@@@13.18@@@,pro_precio_venta=@@@30@@@,pro_margen_actual=@@@127.62@@@,pro_oferta=@@@NO@@@,pro_fecha_inicio_oferta=@@@2013.05.23@@@,pro_fecha_termino_oferta=@@@2013.05.23@@@,pro_precio_oferta=@@@0@@@,pro_stock_minimo=@@@0@@@,pro_stock_critico=@@@0@@@,pro_activo=@@@1@@@,pro_unidad=@@@0@@@,pro_precio_compra_bruto=13.18,pro_margen_actual=127.62,pro_capacidad=1,pro_funcion_plu=0,pro_flejes=1,pro_iva=1,pro_plu_asociado=0,pro_envase=@@@NO@@@,pro_duracion=0,pro_numero_etiqueta=0 WHERE pro_codigo_plu=@@@770031@@@','',2,'2013-11-07'),(87834,'UPDATE mae_productos SET pro_estado=1 WHERE pro_codigo_plu=770031','',2,'2013-11-07'),(87835,'DELETE FROM mae_impuestos_productos WHERE pro_codigo_plu=@@@770031@@@','',2,'2013-11-07'),(87836,'INSERT INTO mae_productos (pro_codigo_plu,pro_codigo_barra,pro_tipo,pro_nombre_producto,pro_nombre_corto,med_id,emb_id,pro_unidades_embalaje,dep_id,lin_id,mar_id,pro_precio_compra_neto,pro_precio_compra_bruto,pro_precio_venta,pro_margen_actual,pro_oferta,pro_fecha_inicio_oferta,pro_fecha_termino_oferta,pro_precio_oferta,pro_stock_minimo,pro_stock_critico,pro_entradas_bodega,pro_salidas_bodega,pro_mermas_bodega,pro_ajustes_bodega,pro_entradas_sv,pro_salidas_sv,pro_mermas_sv,pro_ajustes_sv,pro_activo,rec_numero,pro_unidad,pro_capacidad,pro_consumo_bodega,pro_consumo_sv,pro_estado,pro_funcion_plu,pro_flejes,pro_iva,pro_plu_asociado,pro_envase,pro_duracion,pro_numero_etiqueta) VALUES (36157,@@@36157@@@,@@@0@@@,@@@VASO DESECHABLE PLUMAVIT 6  ONZ@@@,@@@VASO DESECHABLE @@@,@@@1 @@@,@@@6 @@@,@@@20@@@,@@@24 @@@,@@@207@@@,@@@2507@@@,@@@0@@@,@@@11.67@@@,@@@1@@@,@@@-91.43@@@,@@@@@@,@@@2006.09.07@@@,@@@2006.09.07@@@,@@@0@@@,@@@20@@@,@@@10@@@,@@@0@@@,@@@0@@@,@@@0@@@,@@@0@@@,@@@0@@@,@@@0@@@,@@@0@@@,@@@0@@@,@@@1@@@,@@@0@@@,0,1,0,0,2,0,1,1,0,@@@NO@@@,0,0)','',2,'2013-11-07'),(87837,'DELETE FROM mae_impuestos_productos WHERE pro_codigo_plu=@@@36157@@@','',2,'2013-11-07'),(87838,'INSERT INTO gne_vale_ferreteria (vfe_id,vfe_fecha,vfe_total,vfe_estado,vfe_entregado,usu_nusuario) VALUES (16074,@@@2013.11.07@@@,610,1,0,@@@G_DIAZ@@@)','',2,'2013-11-07'),(87839,'INSERT INTO gne_vale_ferreteria_mov (vfe_id,pro_codigo_plu,vfm_cantidad,vfm_unitario,vfm_total,vfm_entregado) VALUES (16074,8022,1,120,120,@@@NO@@@)','',2,'2013-11-07'),(87840,'INSERT INTO gne_vale_ferreteria_mov (vfe_id,pro_codigo_plu,vfm_cantidad,vfm_unitario,vfm_total,vfm_entregado) VALUES (16074,78017152,1,490,490,@@@NO@@@)','',2,'2013-11-07'),(87841,'UPDATE mae_productos SET pro_precio_compra_bruto=1161.44,pro_margen_actual=(pro_precio_venta-1161.44)/1161.44 * 100,pro_ultima_compra=@@@2013.11.07@@@,pro_ultimo_proveedor=@@@76041579-0@@@ WHERE pro_codigo_plu=763672','',2,'2013-11-07'),(87842,'UPDATE mae_productos SET pro_precio_compra_bruto=484.33,pro_margen_actual=(pro_precio_venta-484.33)/484.33 * 100,pro_ultima_compra=@@@2013.11.07@@@,pro_ultimo_proveedor=@@@76041579-0@@@ WHERE pro_codigo_plu=15485','',2,'2013-11-07'),(87843,'UPDATE mae_productos SET pro_precio_compra_bruto=233.24,pro_margen_actual=(pro_precio_venta-233.24)/233.24 * 100,pro_ultima_compra=@@@2013.11.07@@@,pro_ultimo_proveedor=@@@76041579-0@@@ WHERE pro_codigo_plu=78017020','',2,'2013-11-07'),(87844,'UPDATE mae_productos SET pro_precio_compra_bruto=439.11,pro_margen_actual=(pro_precio_venta-439.11)/439.11 * 100,pro_ultima_compra=@@@2013.11.07@@@,pro_ultimo_proveedor=@@@76041579-0@@@ WHERE pro_codigo_plu=780220180','',2,'2013-11-07'),(87845,'UPDATE mae_productos SET pro_precio_compra_bruto=108.29,pro_margen_actual=(pro_precio_venta-108.29)/108.29 * 100,pro_ultima_compra=@@@2013.11.07@@@,pro_ultimo_proveedor=@@@76041579-0@@@ WHERE pro_codigo_plu=12819','',2,'2013-11-07'),(87846,'UPDATE mae_productos SET pro_precio_compra_bruto=1902.81,pro_margen_actual=(pro_precio_venta-1902.81)/1902.81 * 100,pro_ultima_compra=@@@2013.11.07@@@,pro_ultimo_proveedor=@@@76041579-0@@@ WHERE pro_codigo_plu=8689','',2,'2013-11-07'),(87847,'UPDATE mae_productos SET pro_precio_compra_bruto=11543,pro_margen_actual=(pro_precio_venta-11543)/11543 * 100,pro_ultima_compra=@@@2013.11.07@@@,pro_ultimo_proveedor=@@@76041579-0@@@ WHERE pro_codigo_plu=21345','',2,'2013-11-07'),(87848,'UPDATE mae_productos SET pro_precio_compra_bruto=324.87,pro_margen_actual=(pro_precio_venta-324.87)/324.87 * 100,pro_ultima_compra=@@@2013.11.07@@@,pro_ultimo_proveedor=@@@76041579-0@@@ WHERE pro_codigo_plu=780721306','',2,'2013-11-07'),(87849,'UPDATE mae_productos SET pro_precio_compra_bruto=227.29,pro_margen_actual=(pro_precio_venta-227.29)/227.29 * 100,pro_ultima_compra=@@@2013.11.07@@@,pro_ultimo_proveedor=@@@76041579-0@@@ WHERE pro_codigo_plu=780721986','',2,'2013-11-07'),(87850,'UPDATE mae_productos SET pro_precio_compra_bruto=227.29,pro_margen_actual=(pro_precio_venta-227.29)/227.29 * 100,pro_ultima_compra=@@@2013.11.07@@@,pro_ultimo_proveedor=@@@76041579-0@@@ WHERE pro_codigo_plu=738282','',2,'2013-11-07'),(87851,'UPDATE mae_productos SET pro_precio_compra_bruto=227.29,pro_margen_actual=(pro_precio_venta-227.29)/227.29 * 100,pro_ultima_compra=@@@2013.11.07@@@,pro_ultimo_proveedor=@@@76041579-0@@@ WHERE pro_codigo_plu=738283','',2,'2013-11-07'),(87852,'UPDATE mae_productos SET pro_precio_compra_bruto=621.23,pro_margen_actual=(pro_precio_venta-621.23)/621.23 * 100,pro_ultima_compra=@@@2013.11.07@@@,pro_ultimo_proveedor=@@@76041579-0@@@ WHERE pro_codigo_plu=80983','',2,'2013-11-07'),(87853,'UPDATE mae_productos SET pro_precio_compra_bruto=103.53,pro_margen_actual=(pro_precio_venta-103.53)/103.53 * 100,pro_ultima_compra=@@@2013.11.07@@@,pro_ultimo_proveedor=@@@76041579-0@@@ WHERE pro_codigo_plu=21666','',2,'2013-11-07'),(87854,'UPDATE mae_productos SET pro_precio_compra_bruto=490.28,pro_margen_actual=(pro_precio_venta-490.28)/490.28 * 100,pro_ultima_compra=@@@2013.11.07@@@,pro_ultimo_proveedor=@@@76041579-0@@@ WHERE pro_codigo_plu=1241000','',2,'2013-11-07'),(87855,'UPDATE mae_productos SET pro_precio_compra_bruto=535.5,pro_margen_actual=(pro_precio_venta-535.5)/535.5 * 100,pro_ultima_compra=@@@2013.11.07@@@,pro_ultimo_proveedor=@@@76041579-0@@@ WHERE pro_codigo_plu=763623','',2,'2013-11-07'),(87856,'UPDATE mae_productos SET pro_precio_compra_bruto=11.67,pro_margen_actual=(pro_precio_venta-11.67)/11.67 * 100,pro_ultima_compra=@@@2013.11.07@@@,pro_ultimo_proveedor=@@@76041579-0@@@ WHERE pro_codigo_plu=36157','',2,'2013-11-07'),(87857,'UPDATE mae_productos SET pro_precio_compra_bruto=324.87,pro_margen_actual=(pro_precio_venta-324.87)/324.87 * 100,pro_ultima_compra=@@@2013.11.07@@@,pro_ultimo_proveedor=@@@76041579-0@@@ WHERE pro_codigo_plu=780721305','',2,'2013-11-07'),(87858,'UPDATE mae_productos SET pro_precio_compra_bruto=73.23,pro_margen_actual=(pro_precio_venta-73.23)/73.23 * 100,pro_ultima_compra=@@@2013.11.07@@@,pro_ultimo_proveedor=@@@76041579-0@@@ WHERE pro_codigo_plu=761334','',2,'2013-11-07'),(87859,'UPDATE mae_productos SET pro_precio_compra_bruto=73.23,pro_margen_actual=(pro_precio_venta-73.23)/73.23 * 100,pro_ultima_compra=@@@2013.11.07@@@,pro_ultimo_proveedor=@@@76041579-0@@@ WHERE pro_codigo_plu=761335','',2,'2013-11-07'),(87860,'UPDATE mae_productos SET pro_precio_compra_bruto=48.34,pro_margen_actual=(pro_precio_venta-48.34)/48.34 * 100,pro_ultima_compra=@@@2013.11.07@@@,pro_ultimo_proveedor=@@@76041579-0@@@ WHERE pro_codigo_plu=78017148','',2,'2013-11-07'),(87861,'UPDATE mae_productos SET pro_precio_compra_bruto=35.27,pro_margen_actual=(pro_precio_venta-35.27)/35.27 * 100,pro_ultima_compra=@@@2013.11.07@@@,pro_ultimo_proveedor=@@@76041579-0@@@ WHERE pro_codigo_plu=764780','',2,'2013-11-07'),(87862,'UPDATE mae_productos SET pro_precio_compra_bruto=386.75,pro_margen_actual=(pro_precio_venta-386.75)/386.75 * 100,pro_ultima_compra=@@@2013.11.07@@@,pro_ultimo_proveedor=@@@76041579-0@@@ WHERE pro_codigo_plu=780220195','',2,'2013-11-07'),(87863,'UPDATE mae_productos SET pro_precio_compra_bruto=410.55,pro_margen_actual=(pro_precio_venta-410.55)/410.55 * 100,pro_ultima_compra=@@@2013.11.07@@@,pro_ultimo_proveedor=@@@76041579-0@@@ WHERE pro_codigo_plu=763582','',2,'2013-11-07'),(87864,'UPDATE mae_productos SET pro_precio_compra_bruto=1387.54,pro_margen_actual=(pro_precio_venta-1387.54)/1387.54 * 100,pro_ultima_compra=@@@2013.11.07@@@,pro_ultimo_proveedor=@@@76041579-0@@@ WHERE pro_codigo_plu=780220125','',2,'2013-11-07'),(87865,'UPDATE mae_productos SET pro_precio_compra_bruto=719.95,pro_margen_actual=(pro_precio_venta-719.95)/719.95 * 100,pro_ultima_compra=@@@2013.11.07@@@,pro_ultimo_proveedor=@@@76041579-0@@@ WHERE pro_codigo_plu=780721438','',2,'2013-11-07'),(87866,'UPDATE mae_productos SET pro_precio_compra_bruto=719.95,pro_margen_actual=(pro_precio_venta-719.95)/719.95 * 100,pro_ultima_compra=@@@2013.11.07@@@,pro_ultimo_proveedor=@@@76041579-0@@@ WHERE pro_codigo_plu=780721437','',2,'2013-11-07'),(87867,'UPDATE mae_productos SET pro_precio_compra_bruto=250,pro_margen_actual=(pro_precio_venta-250)/250 * 100,pro_ultima_compra=@@@2013.11.07@@@,pro_ultimo_proveedor=@@@11578044-1@@@ WHERE pro_codigo_plu=763553','',2,'2013-11-07'),(87868,'INSERT INTO gne_vale_ferreteria (vfe_id,vfe_fecha,vfe_total,vfe_estado,vfe_entregado,usu_nusuario) VALUES (16075,@@@2013.11.07@@@,1890,1,0,@@@G_DIAZ@@@)','',2,'2013-11-07'),(87869,'INSERT INTO gne_vale_ferreteria_mov (vfe_id,pro_codigo_plu,vfm_cantidad,vfm_unitario,vfm_total,vfm_entregado) VALUES (16075,10674,1,1890,1890,@@@NO@@@)','',2,'2013-11-07'),(87870,'UPDATE mae_productos SET pro_precio_compra_bruto=14.61,pro_margen_actual=(pro_precio_venta-14.61)/14.61 * 100,pro_ultima_compra=@@@2013.11.07@@@,pro_ultimo_proveedor=@@@76041579-0@@@ WHERE pro_codigo_plu=770029','',2,'2013-11-07'),(87871,'UPDATE mae_productos SET pro_precio_compra_bruto=340.34,pro_margen_actual=(pro_precio_venta-340.34)/340.34 * 100,pro_ultima_compra=@@@2013.11.07@@@,pro_ultimo_proveedor=@@@76041579-0@@@ WHERE pro_codigo_plu=1709609','',2,'2013-11-07'),(87872,'UPDATE mae_productos SET pro_precio_compra_bruto=340.34,pro_margen_actual=(pro_precio_venta-340.34)/340.34 * 100,pro_ultima_compra=@@@2013.11.07@@@,pro_ultimo_proveedor=@@@76041579-0@@@ WHERE pro_codigo_plu=1709610','',2,'2013-11-07'),(87873,'UPDATE mae_productos SET pro_precio_compra_bruto=330.82,pro_margen_actual=(pro_precio_venta-330.82)/330.82 * 100,pro_ultima_compra=@@@2013.11.07@@@,pro_ultimo_proveedor=@@@76041579-0@@@ WHERE pro_codigo_plu=764760','',2,'2013-11-07'),(87874,'UPDATE mae_productos SET pro_precio_compra_bruto=16.35,pro_margen_actual=(pro_precio_venta-16.35)/16.35 * 100,pro_ultima_compra=@@@2013.11.07@@@,pro_ultimo_proveedor=@@@76041579-0@@@ WHERE pro_codigo_plu=770031','',2,'2013-11-07'),(87875,'UPDATE mae_productos SET pro_precio_compra_bruto=188.02,pro_margen_actual=(pro_precio_venta-188.02)/188.02 * 100,pro_ultima_compra=@@@2013.11.07@@@,pro_ultimo_proveedor=@@@76041579-0@@@ WHERE pro_codigo_plu=1017','',2,'2013-11-07'),(87876,'UPDATE mae_productos SET pro_precio_compra_bruto=330.82,pro_margen_actual=(pro_precio_venta-330.82)/330.82 * 100,pro_ultima_compra=@@@2013.11.07@@@,pro_ultimo_proveedor=@@@76041579-0@@@ WHERE pro_codigo_plu=764210','',2,'2013-11-07'),(87877,'INSERT INTO gne_vale_ferreteria (vfe_id,vfe_fecha,vfe_total,vfe_estado,vfe_entregado,usu_nusuario) VALUES (16076,@@@2013.11.07@@@,1890,1,0,@@@G_DIAZ@@@)','',2,'2013-11-07'),(87878,'INSERT INTO gne_vale_ferreteria_mov (vfe_id,pro_codigo_plu,vfm_cantidad,vfm_unitario,vfm_total,vfm_entregado) VALUES (16076,101849,1,1890,1890,@@@NO@@@)','',2,'2013-11-07'),(87879,'UPDATE mae_productos SET pro_precio_compra_bruto=1122.4,pro_margen_actual=(pro_precio_venta-1122.4)/1122.4 * 100,pro_ultima_compra=@@@2013.11.07@@@,pro_ultimo_proveedor=@@@78998410-7@@@ WHERE pro_codigo_plu=764101','',2,'2013-11-07'),(87880,'UPDATE mae_productos SET pro_precio_compra_bruto=1122.4,pro_margen_actual=(pro_precio_venta-1122.4)/1122.4 * 100,pro_ultima_compra=@@@2013.11.07@@@,pro_ultimo_proveedor=@@@78998410-7@@@ WHERE pro_codigo_plu=764109','',2,'2013-11-07'),(87881,'INSERT INTO gne_vale_ferreteria (vfe_id,vfe_fecha,vfe_total,vfe_estado,vfe_entregado,usu_nusuario) VALUES (16077,@@@2013.11.07@@@,670,1,0,@@@G_DIAZ@@@)','',2,'2013-11-07'),(87882,'INSERT INTO gne_vale_ferreteria_mov (vfe_id,pro_codigo_plu,vfm_cantidad,vfm_unitario,vfm_total,vfm_entregado) VALUES (16077,780721304,1,550,550,@@@NO@@@)','',2,'2013-11-07'),(87883,'INSERT INTO gne_vale_ferreteria_mov (vfe_id,pro_codigo_plu,vfm_cantidad,vfm_unitario,vfm_total,vfm_entregado) VALUES (16077,8022,1,120,120,@@@NO@@@)','',2,'2013-11-07'),(87884,'UPDATE mae_productos SET pro_precio_compra_bruto=1800,pro_margen_actual=(pro_precio_venta-1800)/1800 * 100,pro_ultima_compra=@@@2013.11.07@@@,pro_ultimo_proveedor=@@@14094193-K@@@ WHERE pro_codigo_plu=209','',2,'2013-11-07'),(87885,'UPDATE mae_productos SET pro_precio_compra_bruto=1611.88,pro_margen_actual=(pro_precio_venta-1611.88)/1611.88 * 100,pro_ultima_compra=@@@2013.11.07@@@,pro_ultimo_proveedor=@@@14094193-K@@@ WHERE pro_codigo_plu=306','',2,'2013-11-07'),(87886,'INSERT INTO gne_vale_ferreteria (vfe_id,vfe_fecha,vfe_total,vfe_estado,vfe_entregado,usu_nusuario) VALUES (16078,@@@2013.11.07@@@,490,1,0,@@@G_DIAZ@@@)','',2,'2013-11-07'),(87887,'INSERT INTO gne_vale_ferreteria_mov (vfe_id,pro_codigo_plu,vfm_cantidad,vfm_unitario,vfm_total,vfm_entregado) VALUES (16078,764491,1,490,490,@@@NO@@@)','',2,'2013-11-07'),(87888,'INSERT INTO gne_vale_ferreteria (vfe_id,vfe_fecha,vfe_total,vfe_estado,vfe_entregado,usu_nusuario) VALUES (16079,@@@2013.11.07@@@,1199,1,0,@@@G_DIAZ@@@)','',2,'2013-11-07'),(87889,'INSERT INTO gne_vale_ferreteria_mov (vfe_id,pro_codigo_plu,vfm_cantidad,vfm_unitario,vfm_total,vfm_entregado) VALUES (16079,763720,1,600,600,@@@NO@@@)','',2,'2013-11-07'),(87890,'INSERT INTO gne_vale_ferreteria_mov (vfe_id,pro_codigo_plu,vfm_cantidad,vfm_unitario,vfm_total,vfm_entregado) VALUES (16079,19916,1,599,599,@@@NO@@@)','',2,'2013-11-07'),(87891,'INSERT INTO gne_vale_ferreteria (vfe_id,vfe_fecha,vfe_total,vfe_estado,vfe_entregado,usu_nusuario) VALUES (16080,@@@2013.11.07@@@,150,1,0,@@@G_DIAZ@@@)','',2,'2013-11-07'),(87892,'INSERT INTO gne_vale_ferreteria_mov (vfe_id,pro_codigo_plu,vfm_cantidad,vfm_unitario,vfm_total,vfm_entregado) VALUES (16080,770057,1,150,150,@@@NO@@@)','',2,'2013-11-07'),(87893,'INSERT INTO gne_vale_ferreteria (vfe_id,vfe_fecha,vfe_total,vfe_estado,vfe_entregado,usu_nusuario) VALUES (16081,@@@2013.11.07@@@,399,1,0,@@@G_DIAZ@@@)','',2,'2013-11-07'),(87894,'INSERT INTO gne_vale_ferreteria_mov (vfe_id,pro_codigo_plu,vfm_cantidad,vfm_unitario,vfm_total,vfm_entregado) VALUES (16081,761990,1,399,399,@@@NO@@@)','',2,'2013-11-07'),(87895,'INSERT INTO gne_vale_ferreteria (vfe_id,vfe_fecha,vfe_total,vfe_estado,vfe_entregado,usu_nusuario) VALUES (16082,@@@2013.11.07@@@,1849,1,0,@@@G_DIAZ@@@)','',2,'2013-11-07'),(87896,'INSERT INTO gne_vale_ferreteria_mov (vfe_id,pro_codigo_plu,vfm_cantidad,vfm_unitario,vfm_total,vfm_entregado) VALUES (16082,763622,1,1399,1399,@@@NO@@@)','',2,'2013-11-07'),(87897,'INSERT INTO gne_vale_ferreteria_mov (vfe_id,pro_codigo_plu,vfm_cantidad,vfm_unitario,vfm_total,vfm_entregado) VALUES (16082,3100,1,450,450,@@@NO@@@)','',2,'2013-11-07'),(87898,'INSERT INTO gne_vale_ferreteria (vfe_id,vfe_fecha,vfe_total,vfe_estado,vfe_entregado,usu_nusuario) VALUES (16083,@@@2013.11.07@@@,2820,1,0,@@@G_DIAZ@@@)','',2,'2013-11-07'),(87899,'INSERT INTO gne_vale_ferreteria_mov (vfe_id,pro_codigo_plu,vfm_cantidad,vfm_unitario,vfm_total,vfm_entregado) VALUES (16083,763946,1,2100,2100,@@@NO@@@)','',2,'2013-11-07'),(87900,'INSERT INTO gne_vale_ferreteria_mov (vfe_id,pro_codigo_plu,vfm_cantidad,vfm_unitario,vfm_total,vfm_entregado) VALUES (16083,762252,1,720,720,@@@NO@@@)','',2,'2013-11-07'),(87901,'INSERT INTO gne_vale_ferreteria (vfe_id,vfe_fecha,vfe_total,vfe_estado,vfe_entregado,usu_nusuario) VALUES (16084,@@@2013.11.07@@@,240,1,0,@@@G_DIAZ@@@)','',2,'2013-11-07'),(87902,'INSERT INTO gne_vale_ferreteria_mov (vfe_id,pro_codigo_plu,vfm_cantidad,vfm_unitario,vfm_total,vfm_entregado) VALUES (16084,1064,2,120,240,@@@NO@@@)','',2,'2013-11-07'),(87903,'INSERT INTO gne_vale_ferreteria (vfe_id,vfe_fecha,vfe_total,vfe_estado,vfe_entregado,usu_nusuario) VALUES (16085,@@@2013.11.07@@@,450,1,0,@@@G_DIAZ@@@)','',2,'2013-11-07'),(87904,'INSERT INTO gne_vale_ferreteria_mov (vfe_id,pro_codigo_plu,vfm_cantidad,vfm_unitario,vfm_total,vfm_entregado) VALUES (16085,764504,1,450,450,@@@NO@@@)','',2,'2013-11-07'),(87905,'INSERT INTO gne_vale_ferreteria (vfe_id,vfe_fecha,vfe_total,vfe_estado,vfe_entregado,usu_nusuario) VALUES (16086,@@@2013.11.07@@@,690,1,0,@@@G_DIAZ@@@)','',2,'2013-11-07'),(87906,'INSERT INTO gne_vale_ferreteria_mov (vfe_id,pro_codigo_plu,vfm_cantidad,vfm_unitario,vfm_total,vfm_entregado) VALUES (16086,1050,1,690,690,@@@NO@@@)','',2,'2013-11-07'),(87907,'INSERT INTO gne_vale_ferreteria (vfe_id,vfe_fecha,vfe_total,vfe_estado,vfe_entregado,usu_nusuario) VALUES (16087,@@@2013.11.07@@@,950,1,0,@@@G_DIAZ@@@)','',2,'2013-11-07'),(87908,'INSERT INTO gne_vale_ferreteria_mov (vfe_id,pro_codigo_plu,vfm_cantidad,vfm_unitario,vfm_total,vfm_entregado) VALUES (16087,763624,1,750,750,@@@NO@@@)','',2,'2013-11-07'),(87909,'INSERT INTO gne_vale_ferreteria_mov (vfe_id,pro_codigo_plu,vfm_cantidad,vfm_unitario,vfm_total,vfm_entregado) VALUES (16087,1067,1,200,200,@@@NO@@@)','',2,'2013-11-07'),(87910,'INSERT INTO gne_vale_ferreteria (vfe_id,vfe_fecha,vfe_total,vfe_estado,vfe_entregado,usu_nusuario) VALUES (16088,@@@2013.11.07@@@,120,1,0,@@@G_DIAZ@@@)','',2,'2013-11-07'),(87911,'INSERT INTO gne_vale_ferreteria_mov (vfe_id,pro_codigo_plu,vfm_cantidad,vfm_unitario,vfm_total,vfm_entregado) VALUES (16088,8022,1,120,120,@@@NO@@@)','',2,'2013-11-07'),(87912,'INSERT INTO gne_vale_ferreteria (vfe_id,vfe_fecha,vfe_total,vfe_estado,vfe_entregado,usu_nusuario) VALUES (16089,@@@2013.11.07@@@,120,1,0,@@@G_DIAZ@@@)','',2,'2013-11-07'),(87913,'INSERT INTO gne_vale_ferreteria_mov (vfe_id,pro_codigo_plu,vfm_cantidad,vfm_unitario,vfm_total,vfm_entregado) VALUES (16089,78017059,1,120,120,@@@NO@@@)','',2,'2013-11-07'),(87914,'INSERT INTO gne_vale_ferreteria (vfe_id,vfe_fecha,vfe_total,vfe_estado,vfe_entregado,usu_nusuario) VALUES (16090,@@@2013.11.07@@@,150,1,0,@@@G_DIAZ@@@)','',2,'2013-11-07'),(87915,'INSERT INTO gne_vale_ferreteria_mov (vfe_id,pro_codigo_plu,vfm_cantidad,vfm_unitario,vfm_total,vfm_entregado) VALUES (16090,780220199,1,150,150,@@@NO@@@)','',2,'2013-11-07'),(87916,'INSERT INTO gne_vale_ferreteria (vfe_id,vfe_fecha,vfe_total,vfe_estado,vfe_entregado,usu_nusuario) VALUES (16091,@@@2013.11.07@@@,120,1,0,@@@G_DIAZ@@@)','',2,'2013-11-07'),(87917,'INSERT INTO gne_vale_ferreteria_mov (vfe_id,pro_codigo_plu,vfm_cantidad,vfm_unitario,vfm_total,vfm_entregado) VALUES (16091,764160,1,120,120,@@@NO@@@)','',2,'2013-11-07'),(87918,'INSERT INTO gne_vale_ferreteria (vfe_id,vfe_fecha,vfe_total,vfe_estado,vfe_entregado,usu_nusuario) VALUES (16092,@@@2013.11.07@@@,350,1,0,@@@G_DIAZ@@@)','',2,'2013-11-07'),(87919,'INSERT INTO gne_vale_ferreteria_mov (vfe_id,pro_codigo_plu,vfm_cantidad,vfm_unitario,vfm_total,vfm_entregado) VALUES (16092,1017,1,350,350,@@@NO@@@)','',2,'2013-11-07'),(87920,'INSERT INTO gne_vale_ferreteria (vfe_id,vfe_fecha,vfe_total,vfe_estado,vfe_entregado,usu_nusuario) VALUES (16093,@@@2013.11.07@@@,410,1,0,@@@G_DIAZ@@@)','',2,'2013-11-07'),(87921,'INSERT INTO gne_vale_ferreteria_mov (vfe_id,pro_codigo_plu,vfm_cantidad,vfm_unitario,vfm_total,vfm_entregado) VALUES (16093,8022,1,120,120,@@@NO@@@)','',2,'2013-11-07'),(87922,'INSERT INTO gne_vale_ferreteria_mov (vfe_id,pro_codigo_plu,vfm_cantidad,vfm_unitario,vfm_total,vfm_entregado) VALUES (16093,1559,1,290,290,@@@NO@@@)','',2,'2013-11-07'),(87923,'INSERT INTO gne_vale_ferreteria (vfe_id,vfe_fecha,vfe_total,vfe_estado,vfe_entregado,usu_nusuario) VALUES (16094,@@@2013.11.07@@@,1160,1,0,@@@G_DIAZ@@@)','',2,'2013-11-07'),(87924,'INSERT INTO gne_vale_ferreteria_mov (vfe_id,pro_codigo_plu,vfm_cantidad,vfm_unitario,vfm_total,vfm_entregado) VALUES (16094,763800,1,470,470,@@@NO@@@)','',2,'2013-11-07'),(87925,'INSERT INTO gne_vale_ferreteria_mov (vfe_id,pro_codigo_plu,vfm_cantidad,vfm_unitario,vfm_total,vfm_entregado) VALUES (16094,19804,1,690,690,@@@NO@@@)','',2,'2013-11-07'),(87926,'INSERT INTO gne_vale_ferreteria (vfe_id,vfe_fecha,vfe_total,vfe_estado,vfe_entregado,usu_nusuario) VALUES (16095,@@@2013.11.07@@@,3130,1,0,@@@G_DIAZ@@@)','',2,'2013-11-07'),(87927,'INSERT INTO gne_vale_ferreteria_mov (vfe_id,pro_codigo_plu,vfm_cantidad,vfm_unitario,vfm_total,vfm_entregado) VALUES (16095,764515,1,1590,1590,@@@NO@@@)','',2,'2013-11-07'),(87928,'INSERT INTO gne_vale_ferreteria_mov (vfe_id,pro_codigo_plu,vfm_cantidad,vfm_unitario,vfm_total,vfm_entregado) VALUES (16095,764826,3,250,750,@@@NO@@@)','',2,'2013-11-07'),(87929,'INSERT INTO gne_vale_ferreteria_mov (vfe_id,pro_codigo_plu,vfm_cantidad,vfm_unitario,vfm_total,vfm_entregado) VALUES (16095,36649,1,590,590,@@@NO@@@)','',2,'2013-11-07'),(87930,'INSERT INTO gne_vale_ferreteria_mov (vfe_id,pro_codigo_plu,vfm_cantidad,vfm_unitario,vfm_total,vfm_entregado) VALUES (16095,763831,1,200,200,@@@NO@@@)','',2,'2013-11-07'),(87931,'INSERT INTO gne_vale_ferreteria (vfe_id,vfe_fecha,vfe_total,vfe_estado,vfe_entregado,usu_nusuario) VALUES (16096,@@@2013.11.07@@@,900,1,0,@@@G_DIAZ@@@)','',2,'2013-11-07'),(87932,'INSERT INTO gne_vale_ferreteria_mov (vfe_id,pro_codigo_plu,vfm_cantidad,vfm_unitario,vfm_total,vfm_entregado) VALUES (16096,764122,1,210,210,@@@NO@@@)','',2,'2013-11-07'),(87933,'INSERT INTO gne_vale_ferreteria_mov (vfe_id,pro_codigo_plu,vfm_cantidad,vfm_unitario,vfm_total,vfm_entregado) VALUES (16096,78017146,1,50,50,@@@NO@@@)','',2,'2013-11-07'),(87934,'INSERT INTO gne_vale_ferreteria_mov (vfe_id,pro_codigo_plu,vfm_cantidad,vfm_unitario,vfm_total,vfm_entregado) VALUES (16096,770038,4,160,640,@@@NO@@@)','',2,'2013-11-07'),(87935,'INSERT INTO gne_vale_ferreteria (vfe_id,vfe_fecha,vfe_total,vfe_estado,vfe_entregado,usu_nusuario) VALUES (16097,@@@2013.11.07@@@,700,1,0,@@@G_DIAZ@@@)','',2,'2013-11-07'),(87936,'INSERT INTO gne_vale_ferreteria_mov (vfe_id,pro_codigo_plu,vfm_cantidad,vfm_unitario,vfm_total,vfm_entregado) VALUES (16097,780721986,2,350,700,@@@NO@@@)','',2,'2013-11-07'),(87937,'INSERT INTO gne_vale_ferreteria (vfe_id,vfe_fecha,vfe_total,vfe_estado,vfe_entregado,usu_nusuario) VALUES (16098,@@@2013.11.07@@@,850,1,0,@@@G_DIAZ@@@)','',2,'2013-11-07'),(87938,'INSERT INTO gne_vale_ferreteria_mov (vfe_id,pro_codigo_plu,vfm_cantidad,vfm_unitario,vfm_total,vfm_entregado) VALUES (16098,780721996,1,490,490,@@@NO@@@)','',2,'2013-11-07'),(87939,'INSERT INTO gne_vale_ferreteria_mov (vfe_id,pro_codigo_plu,vfm_cantidad,vfm_unitario,vfm_total,vfm_entregado) VALUES (16098,770065,3,120,360,@@@NO@@@)','',2,'2013-11-07'),(87940,'INSERT INTO gne_vale_ferreteria (vfe_id,vfe_fecha,vfe_total,vfe_estado,vfe_entregado,usu_nusuario) VALUES (16099,@@@2013.11.07@@@,320,1,0,@@@G_DIAZ@@@)','',2,'2013-11-07'),(87941,'INSERT INTO gne_vale_ferreteria_mov (vfe_id,pro_codigo_plu,vfm_cantidad,vfm_unitario,vfm_total,vfm_entregado) VALUES (16099,16421,1,160,160,@@@NO@@@)','',2,'2013-11-07'),(87942,'INSERT INTO gne_vale_ferreteria_mov (vfe_id,pro_codigo_plu,vfm_cantidad,vfm_unitario,vfm_total,vfm_entregado) VALUES (16099,16430,1,160,160,@@@NO@@@)','',2,'2013-11-07'),(87943,'INSERT INTO gne_vale_ferreteria (vfe_id,vfe_fecha,vfe_total,vfe_estado,vfe_entregado,usu_nusuario) VALUES (16100,@@@2013.11.07@@@,650,1,0,@@@G_DIAZ@@@)','',2,'2013-11-07'),(87944,'INSERT INTO gne_vale_ferreteria_mov (vfe_id,pro_codigo_plu,vfm_cantidad,vfm_unitario,vfm_total,vfm_entregado) VALUES (16100,780721142,1,650,650,@@@NO@@@)','',2,'2013-11-07'),(87945,'INSERT INTO gne_vale_ferreteria (vfe_id,vfe_fecha,vfe_total,vfe_estado,vfe_entregado,usu_nusuario) VALUES (16101,@@@2013.11.07@@@,1890,1,0,@@@G_DIAZ@@@)','',2,'2013-11-07'),(87946,'INSERT INTO gne_vale_ferreteria_mov (vfe_id,pro_codigo_plu,vfm_cantidad,vfm_unitario,vfm_total,vfm_entregado) VALUES (16101,101623,1,1890,1890,@@@NO@@@)','',2,'2013-11-07'),(87947,'INSERT INTO gne_vale_ferreteria (vfe_id,vfe_fecha,vfe_total,vfe_estado,vfe_entregado,usu_nusuario) VALUES (16102,@@@2013.11.07@@@,580,1,0,@@@G_DIAZ@@@)','',2,'2013-11-07'),(87948,'INSERT INTO gne_vale_ferreteria_mov (vfe_id,pro_codigo_plu,vfm_cantidad,vfm_unitario,vfm_total,vfm_entregado) VALUES (16102,1536,2,290,580,@@@NO@@@)','',2,'2013-11-07'),(87949,'UPDATE mae_productos SET pro_precio_venta=330,pro_margen_actual= 33.97 WHERE pro_codigo_plu=762720','',2,'2013-11-07'),(87950,'UPDATE mae_productos SET pro_precio_venta=250,pro_margen_actual= 37.17 WHERE pro_codigo_plu=780721225','',2,'2013-11-07'),(87951,'UPDATE mae_productos SET pro_precio_venta=630,pro_margen_actual= 33.35 WHERE pro_codigo_plu=16402','',2,'2013-11-07'),(87952,'UPDATE mae_productos SET pro_precio_venta=160,pro_margen_actual= 32.14 WHERE pro_codigo_plu=16688','',2,'2013-11-07'),(87953,'UPDATE mae_productos SET pro_precio_venta=160,pro_margen_actual= 32.14 WHERE pro_codigo_plu=16695','',2,'2013-11-07'),(87954,'UPDATE mae_productos SET pro_precio_venta=510,pro_margen_actual= 31.87 WHERE pro_codigo_plu=17069','',2,'2013-11-07'),(87955,'UPDATE mae_productos SET pro_precio_venta=310,pro_margen_actual= 35.51 WHERE pro_codigo_plu=17040','',2,'2013-11-07'),(87956,'UPDATE mae_productos SET pro_precio_venta=310,pro_margen_actual= 35.51 WHERE pro_codigo_plu=17037','',2,'2013-11-07'),(87957,'UPDATE mae_productos SET pro_precio_venta=310,pro_margen_actual= 35.51 WHERE pro_codigo_plu=17039','',2,'2013-11-07'),(87958,'UPDATE mae_productos SET pro_precio_venta=510,pro_margen_actual= 31.87 WHERE pro_codigo_plu=17072','',2,'2013-11-07'),(87959,'INSERT INTO gne_vale_ferreteria (vfe_id,vfe_fecha,vfe_total,vfe_estado,vfe_entregado,usu_nusuario) VALUES (16103,@@@2013.11.07@@@,1690,1,0,@@@G_DIAZ@@@)','',2,'2013-11-07'),(87960,'INSERT INTO gne_vale_ferreteria_mov (vfe_id,pro_codigo_plu,vfm_cantidad,vfm_unitario,vfm_total,vfm_entregado) VALUES (16103,7024,1,1690,1690,@@@NO@@@)','',2,'2013-11-07'),(87961,'INSERT INTO gne_vale_ferreteria (vfe_id,vfe_fecha,vfe_total,vfe_estado,vfe_entregado,usu_nusuario) VALUES (16104,@@@2013.11.07@@@,3690,1,0,@@@G_DIAZ@@@)','',2,'2013-11-07'),(87962,'INSERT INTO gne_vale_ferreteria_mov (vfe_id,pro_codigo_plu,vfm_cantidad,vfm_unitario,vfm_total,vfm_entregado) VALUES (16104,80302,1,3690,3690,@@@NO@@@)','',2,'2013-11-07'),(87963,'UPDATE mae_productos SET pro_precio_venta=450,pro_margen_actual= 33.62 WHERE pro_codigo_plu=763342','',2,'2013-11-07'),(87964,'UPDATE mae_productos SET pro_precio_venta=410,pro_margen_actual= 37.82 WHERE pro_codigo_plu=19143','',2,'2013-11-07'),(87965,'UPDATE mae_productos SET pro_precio_venta=270,pro_margen_actual= 35.05 WHERE pro_codigo_plu=17030','',2,'2013-11-07'),(87966,'UPDATE mae_productos SET pro_precio_venta=270,pro_margen_actual= 35.05 WHERE pro_codigo_plu=19238','',2,'2013-11-07'),(87967,'UPDATE mae_productos SET pro_precio_venta=330,pro_margen_actual= 38.66 WHERE pro_codigo_plu=16524','',2,'2013-11-07'),(87968,'UPDATE mae_productos SET pro_precio_venta=470,pro_margen_actual= 35.26 WHERE pro_codigo_plu=780721400','',2,'2013-11-07'),(87969,'UPDATE mae_productos SET pro_precio_venta=2250,pro_margen_actual= 43.24 WHERE pro_codigo_plu=102','',2,'2013-11-07'),(87970,'UPDATE mae_productos SET pro_precio_venta=1990,pro_margen_actual= 44.16 WHERE pro_codigo_plu=128','',2,'2013-11-07'),(87971,'UPDATE mae_productos SET pro_precio_fiscal=pro_precio_venta WHERE pro_codigo_plu=762720','',2,'2013-11-07'),(87972,'UPDATE mae_productos SET pro_precio_fiscal=pro_precio_venta WHERE pro_codigo_plu=780721225','',2,'2013-11-07'),(87973,'UPDATE mae_productos SET pro_precio_fiscal=pro_precio_venta WHERE pro_codigo_plu=763342','',2,'2013-11-07'),(87974,'UPDATE mae_productos SET pro_precio_fiscal=pro_precio_venta WHERE pro_codigo_plu=19143','',2,'2013-11-07'),(87975,'UPDATE mae_productos SET pro_precio_fiscal=pro_precio_venta WHERE pro_codigo_plu=17030','',2,'2013-11-07'),(87976,'UPDATE mae_productos SET pro_precio_fiscal=pro_precio_venta WHERE pro_codigo_plu=19238','',2,'2013-11-07'),(87977,'UPDATE mae_productos SET pro_precio_fiscal=pro_precio_venta WHERE pro_codigo_plu=16524','',2,'2013-11-07'),(87978,'UPDATE mae_productos SET pro_precio_fiscal=pro_precio_venta WHERE pro_codigo_plu=780721400','',2,'2013-11-07'),(87979,'UPDATE mae_productos SET pro_precio_fiscal=pro_precio_venta WHERE pro_codigo_plu=16402','',2,'2013-11-07'),(87980,'UPDATE mae_productos SET pro_precio_fiscal=pro_precio_venta WHERE pro_codigo_plu=16688','',2,'2013-11-07'),(87981,'UPDATE mae_productos SET pro_precio_fiscal=pro_precio_venta WHERE pro_codigo_plu=16695','',2,'2013-11-07'),(87982,'UPDATE mae_productos SET pro_precio_fiscal=pro_precio_venta WHERE pro_codigo_plu=17069','',2,'2013-11-07'),(87983,'UPDATE mae_productos SET pro_precio_fiscal=pro_precio_venta WHERE pro_codigo_plu=17040','',2,'2013-11-07'),(87984,'UPDATE mae_productos SET pro_precio_fiscal=pro_precio_venta WHERE pro_codigo_plu=17037','',2,'2013-11-07'),(87985,'UPDATE mae_productos SET pro_precio_fiscal=pro_precio_venta WHERE pro_codigo_plu=17039','',2,'2013-11-07'),(87986,'UPDATE mae_productos SET pro_precio_fiscal=pro_precio_venta WHERE pro_codigo_plu=17072','',2,'2013-11-07'),(87987,'UPDATE mae_productos SET pro_margen_actual=43.24,pro_precio_venta=2250 WHERE pro_codigo_plu=102','',2,'2013-11-07'),(87988,'UPDATE mae_productos SET pro_margen_actual=-99.71,pro_precio_venta=1 WHERE pro_codigo_plu=1709610','',2,'2013-11-07'),(87989,'UPDATE mae_productos SET pro_margen_actual=-99.71,pro_precio_venta=1 WHERE pro_codigo_plu=1709609','',2,'2013-11-07'),(87990,'UPDATE mae_productos SET pro_margen_actual=67.21,pro_precio_venta=390 WHERE pro_codigo_plu=78017020','',2,'2013-11-07'),(87991,'UPDATE mae_productos SET pro_margen_actual=-99.8,pro_precio_venta=1 WHERE pro_codigo_plu=1241000','',2,'2013-11-07'),(87992,'UPDATE mae_productos SET pro_margen_actual=41.19,pro_precio_venta=620 WHERE pro_codigo_plu=780220180','',2,'2013-11-07'),(87993,'UPDATE mae_productos SET pro_margen_actual=34.88,pro_precio_venta=290 WHERE pro_codigo_plu=608','',2,'2013-11-07'),(87994,'UPDATE mae_productos SET pro_margen_actual=-99.03,pro_precio_venta=1 WHERE pro_codigo_plu=21666','',2,'2013-11-07'),(87995,'UPDATE mae_productos SET pro_margen_actual=-99.56,pro_precio_venta=1 WHERE pro_codigo_plu=738282','',2,'2013-11-07'),(87996,'UPDATE mae_productos SET pro_margen_actual=-99.56,pro_precio_venta=1 WHERE pro_codigo_plu=738283','',2,'2013-11-07'),(87997,'UPDATE mae_productos SET pro_margen_actual=44.16,pro_precio_venta=1990 WHERE pro_codigo_plu=128','',2,'2013-11-07'),(87998,'UPDATE mae_productos SET pro_margen_actual=-91.43,pro_precio_venta=1 WHERE pro_codigo_plu=36157','',2,'2013-11-07'),(87999,'UPDATE mae_productos SET pro_margen_actual=83.49,pro_precio_venta=30 WHERE pro_codigo_plu=770031','',2,'2013-11-07'),(88000,'UPDATE mae_productos SET pro_precio_fiscal=pro_precio_venta WHERE pro_codigo_plu=102','',2,'2013-11-07'),(88001,'UPDATE mae_productos SET pro_precio_fiscal=pro_precio_venta WHERE pro_codigo_plu=128','',2,'2013-11-07'),(88002,'INSERT INTO gne_vale_ferreteria (vfe_id,vfe_fecha,vfe_total,vfe_estado,vfe_entregado,usu_nusuario) VALUES (16105,@@@2013.11.07@@@,60,1,0,@@@G_DIAZ@@@)','',2,'2013-11-07'),(88003,'INSERT INTO gne_vale_ferreteria_mov (vfe_id,pro_codigo_plu,vfm_cantidad,vfm_unitario,vfm_total,vfm_entregado) VALUES (16105,124154,2,30,60,@@@NO@@@)','',2,'2013-11-07'),(88004,'INSERT INTO gne_vale_ferreteria (vfe_id,vfe_fecha,vfe_total,vfe_estado,vfe_entregado,usu_nusuario) VALUES (16106,@@@2013.11.07@@@,390,1,0,@@@G_DIAZ@@@)','',2,'2013-11-07'),(88005,'INSERT INTO gne_vale_ferreteria_mov (vfe_id,pro_codigo_plu,vfm_cantidad,vfm_unitario,vfm_total,vfm_entregado) VALUES (16106,78017020,1,390,390,@@@NO@@@)','',2,'2013-11-07'),(88006,'UPDATE mae_productos SET pro_precio_venta=550,pro_margen_actual= 61.6 WHERE pro_codigo_plu=1709609','',2,'2013-11-07'),(88007,'UPDATE mae_productos SET pro_precio_venta=550,pro_margen_actual= 61.6 WHERE pro_codigo_plu=1709610','',2,'2013-11-07'),(88008,'INSERT INTO gne_vale_ferreteria (vfe_id,vfe_fecha,vfe_total,vfe_estado,vfe_entregado,usu_nusuario) VALUES (16107,@@@2013.11.07@@@,200,1,0,@@@G_DIAZ@@@)','',2,'2013-11-07'),(88009,'INSERT INTO gne_vale_ferreteria_mov (vfe_id,pro_codigo_plu,vfm_cantidad,vfm_unitario,vfm_total,vfm_entregado) VALUES (16107,21135,1,200,200,@@@NO@@@)','',2,'2013-11-07'),(88010,'UPDATE mae_productos SET pro_codigo_barra=@@@7613032290290@@@,pro_tipo=@@@0@@@,pro_nombre_producto=@@@GALLETA ALTEZA BOCADO 160 GRS.@@@,pro_nombre_corto=@@@GALLETA ALTEZA B@@@,med_id=@@@5@@@,emb_id=@@@4@@@,pro_unidades_embalaje=@@@33@@@,dep_id=@@@32 @@@,lin_id=@@@18@@@,mar_id=@@@1889@@@,pro_precio_compra_neto=@@@0@@@,pro_precio_compra_bruto=@@@0@@@,pro_precio_venta=@@@790@@@,pro_margen_actual=@@@0@@@,pro_oferta=@@@NO@@@,pro_fecha_inicio_oferta=@@@1900.01.01@@@,pro_fecha_termino_oferta=@@@1900.01.01@@@,pro_precio_oferta=@@@0@@@,pro_stock_minimo=@@@24@@@,pro_stock_critico=@@@12@@@,pro_activo=@@@1@@@,pro_unidad=@@@0@@@,pro_precio_compra_bruto=0,pro_margen_actual=0,pro_capacidad=160,pro_funcion_plu=0,pro_flejes=1,pro_iva=1,pro_plu_asociado=0,pro_envase=@@@NO@@@,pro_duracion=0,pro_numero_etiqueta=0 WHERE pro_codigo_plu=@@@12128@@@','',2,'2013-11-07'),(88011,'UPDATE mae_productos SET pro_estado=1 WHERE pro_codigo_plu=12128','',2,'2013-11-07'),(88012,'DELETE FROM mae_impuestos_productos WHERE pro_codigo_plu=@@@12128@@@','',2,'2013-11-07'),(88013,'UPDATE mae_productos SET pro_precio_fiscal=pro_precio_venta WHERE pro_codigo_plu=12128','',2,'2013-11-07'),(88014,'UPDATE mae_productos SET pro_precio_fiscal=pro_precio_venta WHERE pro_codigo_plu=1709609','',2,'2013-11-07'),(88015,'UPDATE mae_productos SET pro_precio_fiscal=pro_precio_venta WHERE pro_codigo_plu=1709610','',2,'2013-11-07'),(88016,'INSERT INTO gne_vale_ferreteria (vfe_id,vfe_fecha,vfe_total,vfe_estado,vfe_entregado,usu_nusuario) VALUES (16108,@@@2013.11.07@@@,2840,1,0,@@@G_DIAZ@@@)','',2,'2013-11-07'),(88017,'INSERT INTO gne_vale_ferreteria_mov (vfe_id,pro_codigo_plu,vfm_cantidad,vfm_unitario,vfm_total,vfm_entregado) VALUES (16108,763740,1,1350,1350,@@@NO@@@)','',2,'2013-11-07'),(88018,'INSERT INTO gne_vale_ferreteria_mov (vfe_id,pro_codigo_plu,vfm_cantidad,vfm_unitario,vfm_total,vfm_entregado) VALUES (16108,764564,1,1490,1490,@@@NO@@@)','',2,'2013-11-07'),(88019,'INSERT INTO gne_vale_ferreteria (vfe_id,vfe_fecha,vfe_total,vfe_estado,vfe_entregado,usu_nusuario) VALUES (16109,@@@2013.11.07@@@,740,1,0,@@@G_DIAZ@@@)','',2,'2013-11-07'),(88020,'INSERT INTO gne_vale_ferreteria_mov (vfe_id,pro_codigo_plu,vfm_cantidad,vfm_unitario,vfm_total,vfm_entregado) VALUES (16109,770091,1,690,690,@@@NO@@@)','',2,'2013-11-07'),(88021,'INSERT INTO gne_vale_ferreteria_mov (vfe_id,pro_codigo_plu,vfm_cantidad,vfm_unitario,vfm_total,vfm_entregado) VALUES (16109,780220123,1,50,50,@@@NO@@@)','',2,'2013-11-07'),(88022,'INSERT INTO gne_vale_ferreteria (vfe_id,vfe_fecha,vfe_total,vfe_estado,vfe_entregado,usu_nusuario) VALUES (16110,@@@2013.11.07@@@,300,1,0,@@@G_DIAZ@@@)','',2,'2013-11-07'),(88023,'INSERT INTO gne_vale_ferreteria_mov (vfe_id,pro_codigo_plu,vfm_cantidad,vfm_unitario,vfm_total,vfm_entregado) VALUES (16110,78017110,2,150,300,@@@NO@@@)','',2,'2013-11-07'),(88024,'INSERT INTO gne_vale_ferreteria (vfe_id,vfe_fecha,vfe_total,vfe_estado,vfe_entregado,usu_nusuario) VALUES (16111,@@@2013.11.07@@@,3790,1,0,@@@G_DIAZ@@@)','',2,'2013-11-07'),(88025,'INSERT INTO gne_vale_ferreteria_mov (vfe_id,pro_codigo_plu,vfm_cantidad,vfm_unitario,vfm_total,vfm_entregado) VALUES (16111,763769,1,3790,3790,@@@NO@@@)','',2,'2013-11-07'),(88026,'INSERT INTO gne_vale_ferreteria (vfe_id,vfe_fecha,vfe_total,vfe_estado,vfe_entregado,usu_nusuario) VALUES (16112,@@@2013.11.07@@@,3790,1,0,@@@G_DIAZ@@@)','',2,'2013-11-07'),(88027,'INSERT INTO gne_vale_ferreteria_mov (vfe_id,pro_codigo_plu,vfm_cantidad,vfm_unitario,vfm_total,vfm_entregado) VALUES (16112,763769,1,3790,3790,@@@NO@@@)','',2,'2013-11-07'),(88028,'INSERT INTO gne_vale_ferreteria (vfe_id,vfe_fecha,vfe_total,vfe_estado,vfe_entregado,usu_nusuario) VALUES (16113,@@@2013.11.07@@@,1050,1,0,@@@G_DIAZ@@@)','',2,'2013-11-07'),(88029,'INSERT INTO gne_vale_ferreteria_mov (vfe_id,pro_codigo_plu,vfm_cantidad,vfm_unitario,vfm_total,vfm_entregado) VALUES (16113,780721775,1,890,890,@@@NO@@@)','',2,'2013-11-07'),(88030,'INSERT INTO gne_vale_ferreteria_mov (vfe_id,pro_codigo_plu,vfm_cantidad,vfm_unitario,vfm_total,vfm_entregado) VALUES (16113,770001,2,80,160,@@@NO@@@)','',2,'2013-11-07'),(88031,'INSERT INTO gne_vale_ferreteria (vfe_id,vfe_fecha,vfe_total,vfe_estado,vfe_entregado,usu_nusuario) VALUES (16114,@@@2013.11.07@@@,250,1,0,@@@G_DIAZ@@@)','',2,'2013-11-07'),(88032,'INSERT INTO gne_vale_ferreteria_mov (vfe_id,pro_codigo_plu,vfm_cantidad,vfm_unitario,vfm_total,vfm_entregado) VALUES (16114,101082,1,250,250,@@@NO@@@)','',2,'2013-11-07'),(88033,'INSERT INTO gne_vale_ferreteria (vfe_id,vfe_fecha,vfe_total,vfe_estado,vfe_entregado,usu_nusuario) VALUES (16115,@@@2013.11.08@@@,360,1,0,@@@M_CASTILLO@@@)','',2,'2013-11-08'),(88034,'INSERT INTO gne_vale_ferreteria_mov (vfe_id,pro_codigo_plu,vfm_cantidad,vfm_unitario,vfm_total,vfm_entregado) VALUES (16115,1059,1,360,360,@@@NO@@@)','',2,'2013-11-08'),(88035,'INSERT INTO gne_vale_ferreteria (vfe_id,vfe_fecha,vfe_total,vfe_estado,vfe_entregado,usu_nusuario) VALUES (16116,@@@2013.11.08@@@,680,1,0,@@@M_CASTILLO@@@)','',2,'2013-11-08'),(88036,'INSERT INTO gne_vale_ferreteria_mov (vfe_id,pro_codigo_plu,vfm_cantidad,vfm_unitario,vfm_total,vfm_entregado) VALUES (16116,18799,1,310,310,@@@NO@@@)','',2,'2013-11-08'),(88037,'INSERT INTO gne_vale_ferreteria_mov (vfe_id,pro_codigo_plu,vfm_cantidad,vfm_unitario,vfm_total,vfm_entregado) VALUES (16116,102408,1,370,370,@@@NO@@@)','',2,'2013-11-08'),(88038,'INSERT INTO gne_vale_ferreteria (vfe_id,vfe_fecha,vfe_total,vfe_estado,vfe_entregado,usu_nusuario) VALUES (16117,@@@2013.11.08@@@,490,1,0,@@@M_CASTILLO@@@)','',2,'2013-11-08'),(88039,'INSERT INTO gne_vale_ferreteria_mov (vfe_id,pro_codigo_plu,vfm_cantidad,vfm_unitario,vfm_total,vfm_entregado) VALUES (16117,78017203,1,490,490,@@@NO@@@)','',2,'2013-11-08'),(88040,'INSERT INTO gne_vale_ferreteria (vfe_id,vfe_fecha,vfe_total,vfe_estado,vfe_entregado,usu_nusuario) VALUES (16118,@@@2013.11.08@@@,740,1,0,@@@M_CASTILLO@@@)','',2,'2013-11-08'),(88041,'INSERT INTO gne_vale_ferreteria_mov (vfe_id,pro_codigo_plu,vfm_cantidad,vfm_unitario,vfm_total,vfm_entregado) VALUES (16118,102408,2,370,740,@@@NO@@@)','',2,'2013-11-08'),(88042,'INSERT INTO com_ventas_grupo (vgr_fecha,vgr_grupo,vgr_cantidad,vgr_total) VALUES (@@@2013.11.07@@@,1,236.87,239204)','',2,'2013-11-08'),(88043,'INSERT INTO com_ventas_grupo (vgr_fecha,vgr_grupo,vgr_cantidad,vgr_total) VALUES (@@@2013.11.07@@@,2,229.655,146887)','',2,'2013-11-08'),(88044,'INSERT INTO com_ventas_grupo (vgr_fecha,vgr_grupo,vgr_cantidad,vgr_total) VALUES (@@@2013.11.07@@@,3,382,83254)','',2,'2013-11-08'),(88045,'INSERT INTO com_ventas_grupo (vgr_fecha,vgr_grupo,vgr_cantidad,vgr_total) VALUES (@@@2013.11.07@@@,4,92,79800)','',2,'2013-11-08'),(88046,'INSERT INTO com_ventas_grupo (vgr_fecha,vgr_grupo,vgr_cantidad,vgr_total) VALUES (@@@2013.11.07@@@,6,19,30768)','',2,'2013-11-08'),(88047,'INSERT INTO com_ventas_grupo (vgr_fecha,vgr_grupo,vgr_cantidad,vgr_total) VALUES (@@@2013.11.07@@@,7,40,79110)','',2,'2013-11-08'),(88048,'INSERT INTO com_ventas_grupo (vgr_fecha,vgr_grupo,vgr_cantidad,vgr_total) VALUES (@@@2013.11.07@@@,8,55,31320)','',2,'2013-11-08'),(88049,'INSERT INTO com_ventas_grupo (vgr_fecha,vgr_grupo,vgr_cantidad,vgr_total) VALUES (@@@2013.11.07@@@,9,95.615,169984)','',2,'2013-11-08'),(88050,'INSERT INTO com_ventas_grupo (vgr_fecha,vgr_grupo,vgr_cantidad,vgr_total) VALUES (@@@2013.11.07@@@,10,40.135,123307)','',2,'2013-11-08'),(88051,'INSERT INTO com_ventas_grupo (vgr_fecha,vgr_grupo,vgr_cantidad,vgr_total) VALUES (@@@2013.11.07@@@,11,23.625,86224)','',2,'2013-11-08'),(88052,'INSERT INTO com_ventas_grupo (vgr_fecha,vgr_grupo,vgr_cantidad,vgr_total) VALUES (@@@2013.11.07@@@,12,37.665,57986)','',2,'2013-11-08'),(88053,'INSERT INTO com_ventas_grupo (vgr_fecha,vgr_grupo,vgr_cantidad,vgr_total) VALUES (@@@2013.11.07@@@,13,14.4,43920)','',2,'2013-11-08'),(88054,'INSERT INTO com_ventas_grupo (vgr_fecha,vgr_grupo,vgr_cantidad,vgr_total) VALUES (@@@2013.11.07@@@,14,97.455,89068)','',2,'2013-11-08'),(88055,'INSERT INTO com_ventas_grupo (vgr_fecha,vgr_grupo,vgr_cantidad,vgr_total) VALUES (@@@2013.11.07@@@,16,1,170)','',2,'2013-11-08'),(88056,'INSERT INTO com_ventas_grupo (vgr_fecha,vgr_grupo,vgr_cantidad,vgr_total) VALUES (@@@2013.11.07@@@,18,275.165,151648)','',2,'2013-11-08'),(88057,'INSERT INTO com_ventas_grupo (vgr_fecha,vgr_grupo,vgr_cantidad,vgr_total) VALUES (@@@2013.11.07@@@,19,1,2290)','',2,'2013-11-08'),(88058,'INSERT INTO com_ventas_grupo (vgr_fecha,vgr_grupo,vgr_cantidad,vgr_total) VALUES (@@@2013.11.07@@@,20,137.645,72949)','',2,'2013-11-08'),(88059,'INSERT INTO com_ventas_grupo (vgr_fecha,vgr_grupo,vgr_cantidad,vgr_total) VALUES (@@@2013.11.07@@@,21,60,60009)','',2,'2013-11-08'),(88060,'INSERT INTO com_ventas_grupo (vgr_fecha,vgr_grupo,vgr_cantidad,vgr_total) VALUES (@@@2013.11.07@@@,23,1,5990)','',2,'2013-11-08'),(88061,'INSERT INTO com_ventas_grupo (vgr_fecha,vgr_grupo,vgr_cantidad,vgr_total) VALUES (@@@2013.11.07@@@,24,231,37848)','',2,'2013-11-08'),(88062,'INSERT INTO com_ventas_grupo (vgr_fecha,vgr_grupo,vgr_cantidad,vgr_total) VALUES (@@@2013.11.07@@@,25,76,122400)','',2,'2013-11-08'),(88063,'INSERT INTO com_ventas_grupo (vgr_fecha,vgr_grupo,vgr_cantidad,vgr_total) VALUES (@@@2013.11.07@@@,31,18,15226)','',2,'2013-11-08'),(88064,'INSERT INTO com_ventas_grupo (vgr_fecha,vgr_grupo,vgr_cantidad,vgr_total) VALUES (@@@2013.11.07@@@,32,285,99955)','',2,'2013-11-08'),(88065,'INSERT INTO com_ventas_grupo (vgr_fecha,vgr_grupo,vgr_cantidad,vgr_total) VALUES (@@@2013.11.07@@@,33,2,4700)','',2,'2013-11-08'),(88066,'INSERT INTO com_ventas_grupo (vgr_fecha,vgr_grupo,vgr_cantidad,vgr_total) VALUES (@@@2013.11.07@@@,35,18,22890)','',2,'2013-11-08'),(88067,'INSERT INTO com_ventas_grupo (vgr_fecha,vgr_grupo,vgr_cantidad,vgr_total) VALUES (@@@2013.11.07@@@,36,5,530)','',2,'2013-11-08'),(88068,'INSERT INTO com_ventas_grupo (vgr_fecha,vgr_grupo,vgr_cantidad,vgr_total) VALUES (@@@2013.11.07@@@,37,1,3690)','',2,'2013-11-08'),(88069,'INSERT INTO com_ventas_grupo (vgr_fecha,vgr_grupo,vgr_cantidad,vgr_total) VALUES (@@@2013.11.07@@@,38,3,1670)','',2,'2013-11-08'),(88070,'INSERT INTO com_ventas_grupo (vgr_fecha,vgr_grupo,vgr_cantidad,vgr_total) VALUES (@@@2013.11.07@@@,39,3,5780)','',2,'2013-11-08'),(88071,'INSERT INTO com_ventas_grupo (vgr_fecha,vgr_grupo,vgr_cantidad,vgr_total) VALUES (@@@2013.11.07@@@,41,2,530)','',2,'2013-11-08'),(88072,'INSERT INTO com_ventas_grupo (vgr_fecha,vgr_grupo,vgr_cantidad,vgr_total) VALUES (@@@2013.11.07@@@,42,24.205,23454)','',2,'2013-11-08'),(88073,'INSERT INTO com_ventas_grupo (vgr_fecha,vgr_grupo,vgr_cantidad,vgr_total) VALUES (@@@2013.11.07@@@,44,1,1550)','',2,'2013-11-08'),(88074,'UPDATE mae_datos_empresa SET emp_oferta=@@@NO@@@','',2,'2013-11-08'),(88075,'INSERT INTO gne_vale_ferreteria (vfe_id,vfe_fecha,vfe_total,vfe_estado,vfe_entregado,usu_nusuario) VALUES (16119,@@@2013.11.08@@@,720,1,0,@@@M_CASTILLO@@@)','',2,'2013-11-08'),(88076,'INSERT INTO gne_vale_ferreteria_mov (vfe_id,pro_codigo_plu,vfm_cantidad,vfm_unitario,vfm_total,vfm_entregado) VALUES (16119,15745,4,180,720,@@@NO@@@)','',2,'2013-11-08'),(88077,'INSERT INTO gne_vale_ferreteria (vfe_id,vfe_fecha,vfe_total,vfe_estado,vfe_entregado,usu_nusuario) VALUES (16120,@@@2013.11.08@@@,1890,1,0,@@@M_CASTILLO@@@)','',2,'2013-11-08'),(88078,'INSERT INTO gne_vale_ferreteria_mov (vfe_id,pro_codigo_plu,vfm_cantidad,vfm_unitario,vfm_total,vfm_entregado) VALUES (16120,765016,1,1890,1890,@@@NO@@@)','',2,'2013-11-08'),(88079,'INSERT INTO gne_vale_ferreteria (vfe_id,vfe_fecha,vfe_total,vfe_estado,vfe_entregado,usu_nusuario) VALUES (16121,@@@2013.11.08@@@,190,1,0,@@@M_CASTILLO@@@)','',2,'2013-11-08'),(88080,'INSERT INTO gne_vale_ferreteria_mov (vfe_id,pro_codigo_plu,vfm_cantidad,vfm_unitario,vfm_total,vfm_entregado) VALUES (16121,1537,1,190,190,@@@NO@@@)','',2,'2013-11-08'),(88081,'INSERT INTO gne_vale_ferreteria (vfe_id,vfe_fecha,vfe_total,vfe_estado,vfe_entregado,usu_nusuario) VALUES (16122,@@@2013.11.08@@@,490,1,0,@@@M_CASTILLO@@@)','',2,'2013-11-08'),(88082,'INSERT INTO gne_vale_ferreteria_mov (vfe_id,pro_codigo_plu,vfm_cantidad,vfm_unitario,vfm_total,vfm_entregado) VALUES (16122,10178,1,490,490,@@@NO@@@)','',2,'2013-11-08'),(88083,'INSERT INTO gne_vale_ferreteria (vfe_id,vfe_fecha,vfe_total,vfe_estado,vfe_entregado,usu_nusuario) VALUES (16123,@@@2013.11.08@@@,460,1,0,@@@M_CASTILLO@@@)','',2,'2013-11-08'),(88084,'INSERT INTO gne_vale_ferreteria_mov (vfe_id,pro_codigo_plu,vfm_cantidad,vfm_unitario,vfm_total,vfm_entregado) VALUES (16123,780721786,2,230,460,@@@NO@@@)','',2,'2013-11-08'),(88085,'INSERT INTO gne_vale_ferreteria (vfe_id,vfe_fecha,vfe_total,vfe_estado,vfe_entregado,usu_nusuario) VALUES (16124,@@@2013.11.08@@@,2080,1,0,@@@M_CASTILLO@@@)','',2,'2013-11-08'),(88086,'INSERT INTO gne_vale_ferreteria_mov (vfe_id,pro_codigo_plu,vfm_cantidad,vfm_unitario,vfm_total,vfm_entregado) VALUES (16124,780722009,1,1890,1890,@@@NO@@@)','',2,'2013-11-08'),(88087,'INSERT INTO gne_vale_ferreteria_mov (vfe_id,pro_codigo_plu,vfm_cantidad,vfm_unitario,vfm_total,vfm_entregado) VALUES (16124,1537,1,190,190,@@@NO@@@)','',2,'2013-11-08'),(88088,'INSERT INTO gne_vale_ferreteria (vfe_id,vfe_fecha,vfe_total,vfe_estado,vfe_entregado,usu_nusuario) VALUES (16125,@@@2013.11.08@@@,390,1,0,@@@M_CASTILLO@@@)','',2,'2013-11-08'),(88089,'INSERT INTO gne_vale_ferreteria_mov (vfe_id,pro_codigo_plu,vfm_cantidad,vfm_unitario,vfm_total,vfm_entregado) VALUES (16125,78017129,1,390,390,@@@NO@@@)','',2,'2013-11-08'),(88090,'INSERT INTO gne_vale_ferreteria (vfe_id,vfe_fecha,vfe_total,vfe_estado,vfe_entregado,usu_nusuario) VALUES (16126,@@@2013.11.08@@@,1890,1,0,@@@M_CASTILLO@@@)','',2,'2013-11-08'),(88091,'INSERT INTO gne_vale_ferreteria_mov (vfe_id,pro_codigo_plu,vfm_cantidad,vfm_unitario,vfm_total,vfm_entregado) VALUES (16126,763602,1,1890,1890,@@@NO@@@)','',2,'2013-11-08'),(88092,'UPDATE mae_productos SET pro_codigo_barra=@@@78017039@@@,pro_tipo=@@@0@@@,pro_nombre_producto=@@@GARRAFA  EL ARAUCANO VINO BLANCO 5 LITROS@@@,pro_nombre_corto=@@@GARRAFA VINO BLA@@@,med_id=@@@3@@@,emb_id=@@@3@@@,pro_unidades_embalaje=@@@0@@@,dep_id=@@@6 @@@,lin_id=@@@60@@@,mar_id=@@@2661@@@,pro_precio_compra_neto=@@@0@@@,pro_precio_compra_bruto=@@@1800@@@,pro_precio_venta=@@@2500@@@,pro_margen_actual=@@@38.89@@@,pro_oferta=@@@NO@@@,pro_fecha_inicio_oferta=@@@2013.05.11@@@,pro_fecha_termino_oferta=@@@2013.05.11@@@,pro_precio_oferta=@@@0@@@,pro_stock_minimo=@@@0@@@,pro_stock_critico=@@@0@@@,pro_activo=@@@1@@@,pro_unidad=@@@0@@@,pro_precio_compra_bruto=1800,pro_margen_actual=38.89,pro_capacidad=5,pro_funcion_plu=0,pro_flejes=1,pro_iva=1,pro_plu_asociado=0,pro_envase=@@@NO@@@,pro_duracion=0,pro_numero_etiqueta=0 WHERE pro_codigo_plu=@@@78017039@@@','',2,'2013-11-08'),(88093,'UPDATE mae_productos SET pro_estado=1 WHERE pro_codigo_plu=78017039','',2,'2013-11-08'),(88094,'DELETE FROM mae_impuestos_productos WHERE pro_codigo_plu=@@@78017039@@@','',2,'2013-11-08'),(88095,'INSERT INTO gne_vale_ferreteria (vfe_id,vfe_fecha,vfe_total,vfe_estado,vfe_entregado,usu_nusuario) VALUES (16127,@@@2013.11.08@@@,1790,1,0,@@@M_CASTILLO@@@)','',2,'2013-11-08'),(88096,'INSERT INTO gne_vale_ferreteria_mov (vfe_id,pro_codigo_plu,vfm_cantidad,vfm_unitario,vfm_total,vfm_entregado) VALUES (16127,764729,1,1790,1790,@@@NO@@@)','',2,'2013-11-08'),(88097,'UPDATE mae_productos SET pro_codigo_barra=@@@78017040@@@,pro_tipo=@@@0@@@,pro_nombre_producto=@@@GARRAFA VINO EL ARAUCANO TINTO 5 LITROS@@@,pro_nombre_corto=@@@GARRAFA VINO TIN@@@,med_id=@@@3@@@,emb_id=@@@3@@@,pro_unidades_embalaje=@@@0@@@,dep_id=@@@6 @@@,lin_id=@@@60@@@,mar_id=@@@2661@@@,pro_precio_compra_neto=@@@0@@@,pro_precio_compra_bruto=@@@1800@@@,pro_precio_venta=@@@2500@@@,pro_margen_actual=@@@38.89@@@,pro_oferta=@@@NO@@@,pro_fecha_inicio_oferta=@@@2013.05.11@@@,pro_fecha_termino_oferta=@@@2013.05.11@@@,pro_precio_oferta=@@@0@@@,pro_stock_minimo=@@@0@@@,pro_stock_critico=@@@0@@@,pro_activo=@@@1@@@,pro_unidad=@@@0@@@,pro_precio_compra_bruto=1800,pro_margen_actual=38.89,pro_capacidad=5,pro_funcion_plu=0,pro_flejes=1,pro_iva=1,pro_plu_asociado=0,pro_envase=@@@NO@@@,pro_duracion=0,pro_numero_etiqueta=0 WHERE pro_codigo_plu=@@@78017040@@@','',2,'2013-11-08'),(88098,'UPDATE mae_productos SET pro_estado=1 WHERE pro_codigo_plu=78017040','',2,'2013-11-08'),(88099,'DELETE FROM mae_impuestos_productos WHERE pro_codigo_plu=@@@78017040@@@','',2,'2013-11-08'),(88100,'UPDATE mae_productos SET pro_codigo_barra=@@@78017040@@@,pro_tipo=@@@0@@@,pro_nombre_producto=@@@GARRAFA  EL ARAUCANO VINO TINTO 5 LITROS@@@,pro_nombre_corto=@@@GARRAFA VINO TIN@@@,med_id=@@@3@@@,emb_id=@@@3@@@,pro_unidades_embalaje=@@@0@@@,dep_id=@@@6 @@@,lin_id=@@@60@@@,mar_id=@@@2661@@@,pro_precio_compra_neto=@@@0@@@,pro_precio_compra_bruto=@@@1800@@@,pro_precio_venta=@@@2500@@@,pro_margen_actual=@@@38.89@@@,pro_oferta=@@@NO@@@,pro_fecha_inicio_oferta=@@@2013.05.11@@@,pro_fecha_termino_oferta=@@@2013.05.11@@@,pro_precio_oferta=@@@0@@@,pro_stock_minimo=@@@0@@@,pro_stock_critico=@@@0@@@,pro_activo=@@@1@@@,pro_unidad=@@@0@@@,pro_precio_compra_bruto=1800,pro_margen_actual=38.89,pro_capacidad=5,pro_funcion_plu=0,pro_flejes=1,pro_iva=1,pro_plu_asociado=0,pro_envase=@@@NO@@@,pro_duracion=0,pro_numero_etiqueta=0 WHERE pro_codigo_plu=@@@78017040@@@','',2,'2013-11-08'),(88101,'UPDATE mae_productos SET pro_estado=1 WHERE pro_codigo_plu=78017040','',2,'2013-11-08'),(88102,'DELETE FROM mae_impuestos_productos WHERE pro_codigo_plu=@@@78017040@@@','',2,'2013-11-08'),(88103,'UPDATE mae_productos SET pro_codigo_barra=@@@78017038@@@,pro_tipo=@@@0@@@,pro_nombre_producto=@@@BIDON LAS PERLAS  VINO TINTO 5 LITROS@@@,pro_nombre_corto=@@@BIDON VINO TINTO@@@,med_id=@@@3@@@,emb_id=@@@3@@@,pro_unidades_embalaje=@@@0@@@,dep_id=@@@6 @@@,lin_id=@@@60@@@,mar_id=@@@2661@@@,pro_precio_compra_neto=@@@0@@@,pro_precio_compra_bruto=@@@2200@@@,pro_precio_venta=@@@2990@@@,pro_margen_actual=@@@35.91@@@,pro_oferta=@@@NO@@@,pro_fecha_inicio_oferta=@@@2013.05.11@@@,pro_fecha_termino_oferta=@@@2013.05.11@@@,pro_precio_oferta=@@@0@@@,pro_stock_minimo=@@@0@@@,pro_stock_critico=@@@0@@@,pro_activo=@@@1@@@,pro_unidad=@@@0@@@,pro_precio_compra_bruto=2200,pro_margen_actual=35.91,pro_capacidad=5,pro_funcion_plu=0,pro_flejes=1,pro_iva=1,pro_plu_asociado=0,pro_envase=@@@NO@@@,pro_duracion=0,pro_numero_etiqueta=0 WHERE pro_codigo_plu=@@@78017038@@@','',2,'2013-11-08'),(88104,'UPDATE mae_productos SET pro_estado=1 WHERE pro_codigo_plu=78017038','',2,'2013-11-08'),(88105,'DELETE FROM mae_impuestos_productos WHERE pro_codigo_plu=@@@78017038@@@','',2,'2013-11-08'),(88106,'UPDATE mae_productos SET pro_codigo_barra=@@@78017037@@@,pro_tipo=@@@0@@@,pro_nombre_producto=@@@BIDON LAS PERLAS  VINO BLANCO 5 LITRO@@@,pro_nombre_corto=@@@BIDON VINO BLANC@@@,med_id=@@@3@@@,emb_id=@@@3@@@,pro_unidades_embalaje=@@@0@@@,dep_id=@@@6 @@@,lin_id=@@@60@@@,mar_id=@@@2661@@@,pro_precio_compra_neto=@@@0@@@,pro_precio_compra_bruto=@@@2200@@@,pro_precio_venta=@@@2990@@@,pro_margen_actual=@@@35.91@@@,pro_oferta=@@@NO@@@,pro_fecha_inicio_oferta=@@@2013.05.11@@@,pro_fecha_termino_oferta=@@@2013.05.11@@@,pro_precio_oferta=@@@0@@@,pro_stock_minimo=@@@0@@@,pro_stock_critico=@@@0@@@,pro_activo=@@@1@@@,pro_unidad=@@@0@@@,pro_precio_compra_bruto=2200,pro_margen_actual=35.91,pro_capacidad=5,pro_funcion_plu=0,pro_flejes=1,pro_iva=1,pro_plu_asociado=0,pro_envase=@@@NO@@@,pro_duracion=0,pro_numero_etiqueta=0 WHERE pro_codigo_plu=@@@78017037@@@','',2,'2013-11-08'),(88107,'UPDATE mae_productos SET pro_estado=1 WHERE pro_codigo_plu=78017037','',2,'2013-11-08'),(88108,'DELETE FROM mae_impuestos_productos WHERE pro_codigo_plu=@@@78017037@@@','',2,'2013-11-08'),(88109,'INSERT INTO gne_vale_ferreteria (vfe_id,vfe_fecha,vfe_total,vfe_estado,vfe_entregado,usu_nusuario) VALUES (16128,@@@2013.11.08@@@,1100,1,0,@@@M_CASTILLO@@@)','',2,'2013-11-08'),(88110,'INSERT INTO gne_vale_ferreteria_mov (vfe_id,pro_codigo_plu,vfm_cantidad,vfm_unitario,vfm_total,vfm_entregado) VALUES (16128,780721267,2,550,1100,@@@NO@@@)','',2,'2013-11-08'),(88111,'UPDATE mae_productos SET pro_codigo_barra=@@@7802117000293@@@,pro_tipo=@@@0@@@,pro_nombre_producto=@@@PONCHE LAS PERLAS DURAZNO BIDON  5 LT @@@,pro_nombre_corto=@@@PONCHE DURAZNO B@@@,med_id=@@@3@@@,emb_id=@@@4@@@,pro_unidades_embalaje=@@@1@@@,dep_id=@@@6 @@@,lin_id=@@@61@@@,mar_id=@@@2435@@@,pro_precio_compra_neto=@@@0@@@,pro_precio_compra_bruto=@@@0@@@,pro_precio_venta=@@@2990@@@,pro_margen_actual=@@@0@@@,pro_oferta=@@@NO@@@,pro_fecha_inicio_oferta=@@@2006.09.07@@@,pro_fecha_termino_oferta=@@@2006.09.07@@@,pro_precio_oferta=@@@0@@@,pro_stock_minimo=@@@0@@@,pro_stock_critico=@@@0@@@,pro_activo=@@@1@@@,pro_unidad=@@@0@@@,pro_precio_compra_bruto=0,pro_margen_actual=0,pro_capacidad=5,pro_funcion_plu=0,pro_flejes=1,pro_iva=1,pro_plu_asociado=0,pro_envase=@@@NO@@@,pro_duracion=0,pro_numero_etiqueta=0 WHERE pro_codigo_plu=@@@762293@@@','',2,'2013-11-08'),(88112,'UPDATE mae_productos SET pro_estado=1 WHERE pro_codigo_plu=762293','',2,'2013-11-08'),(88113,'DELETE FROM mae_impuestos_productos WHERE pro_codigo_plu=@@@762293@@@','',2,'2013-11-08'),(88114,'UPDATE mae_productos SET pro_precio_compra_bruto=1800,pro_margen_actual=(pro_precio_venta-1800)/1800 * 100,pro_ultima_compra=@@@2013.11.08@@@,pro_ultimo_proveedor=@@@9925651-6@@@ WHERE pro_codigo_plu=78017039','',2,'2013-11-08'),(88115,'UPDATE mae_productos SET pro_precio_compra_bruto=1800,pro_margen_actual=(pro_precio_venta-1800)/1800 * 100,pro_ultima_compra=@@@2013.11.08@@@,pro_ultimo_proveedor=@@@9925651-6@@@ WHERE pro_codigo_plu=78017040','',2,'2013-11-08'),(88116,'UPDATE mae_productos SET pro_precio_compra_bruto=2200,pro_margen_actual=(pro_precio_venta-2200)/2200 * 100,pro_ultima_compra=@@@2013.11.08@@@,pro_ultimo_proveedor=@@@9925651-6@@@ WHERE pro_codigo_plu=78017038','',2,'2013-11-08'),(88117,'UPDATE mae_productos SET pro_precio_compra_bruto=2200,pro_margen_actual=(pro_precio_venta-2200)/2200 * 100,pro_ultima_compra=@@@2013.11.08@@@,pro_ultimo_proveedor=@@@9925651-6@@@ WHERE pro_codigo_plu=78017037','',2,'2013-11-08'),(88118,'UPDATE mae_productos SET pro_precio_compra_bruto=2200,pro_margen_actual=(pro_precio_venta-2200)/2200 * 100,pro_ultima_compra=@@@2013.11.08@@@,pro_ultimo_proveedor=@@@9925651-6@@@ WHERE pro_codigo_plu=762293','',2,'2013-11-08'),(88119,'INSERT INTO gne_vale_ferreteria (vfe_id,vfe_fecha,vfe_total,vfe_estado,vfe_entregado,usu_nusuario) VALUES (16129,@@@2013.11.08@@@,1890,1,0,@@@M_CASTILLO@@@)','',2,'2013-11-08'),(88120,'INSERT INTO gne_vale_ferreteria_mov (vfe_id,pro_codigo_plu,vfm_cantidad,vfm_unitario,vfm_total,vfm_entregado) VALUES (16129,101625,1,1890,1890,@@@NO@@@)','',2,'2013-11-08'),(88121,'INSERT INTO gne_vale_ferreteria (vfe_id,vfe_fecha,vfe_total,vfe_estado,vfe_entregado,usu_nusuario) VALUES (16130,@@@2013.11.08@@@,2010,1,0,@@@M_CASTILLO@@@)','',2,'2013-11-08'),(88122,'INSERT INTO gne_vale_ferreteria_mov (vfe_id,pro_codigo_plu,vfm_cantidad,vfm_unitario,vfm_total,vfm_entregado) VALUES (16130,101625,1,1890,1890,@@@NO@@@)','',2,'2013-11-08'),(88123,'INSERT INTO gne_vale_ferreteria_mov (vfe_id,pro_codigo_plu,vfm_cantidad,vfm_unitario,vfm_total,vfm_entregado) VALUES (16130,780721265,1,120,120,@@@NO@@@)','',2,'2013-11-08'),(88124,'INSERT INTO gne_vale_ferreteria (vfe_id,vfe_fecha,vfe_total,vfe_estado,vfe_entregado,usu_nusuario) VALUES (16131,@@@2013.11.08@@@,200,1,0,@@@M_CASTILLO@@@)','',2,'2013-11-08'),(88125,'INSERT INTO gne_vale_ferreteria_mov (vfe_id,pro_codigo_plu,vfm_cantidad,vfm_unitario,vfm_total,vfm_entregado) VALUES (16131,1546,1,200,200,@@@NO@@@)','',2,'2013-11-08'),(88126,'INSERT INTO gne_vale_ferreteria (vfe_id,vfe_fecha,vfe_total,vfe_estado,vfe_entregado,usu_nusuario) VALUES (16132,@@@2013.11.08@@@,1890,1,0,@@@M_CASTILLO@@@)','',2,'2013-11-08'),(88127,'INSERT INTO gne_vale_ferreteria_mov (vfe_id,pro_codigo_plu,vfm_cantidad,vfm_unitario,vfm_total,vfm_entregado) VALUES (16132,101852,1,1890,1890,@@@NO@@@)','',2,'2013-11-08'),(88128,'INSERT INTO gne_vale_ferreteria (vfe_id,vfe_fecha,vfe_total,vfe_estado,vfe_entregado,usu_nusuario) VALUES (16133,@@@2013.11.08@@@,450,1,0,@@@M_CASTILLO@@@)','',2,'2013-11-08'),(88129,'INSERT INTO gne_vale_ferreteria_mov (vfe_id,pro_codigo_plu,vfm_cantidad,vfm_unitario,vfm_total,vfm_entregado) VALUES (16133,78017151,1,290,290,@@@NO@@@)','',2,'2013-11-08'),(88130,'INSERT INTO gne_vale_ferreteria_mov (vfe_id,pro_codigo_plu,vfm_cantidad,vfm_unitario,vfm_total,vfm_entregado) VALUES (16133,770001,2,80,160,@@@NO@@@)','',2,'2013-11-08'),(88131,'INSERT INTO gne_vale_ferreteria (vfe_id,vfe_fecha,vfe_total,vfe_estado,vfe_entregado,usu_nusuario) VALUES (16134,@@@2013.11.08@@@,2180,1,0,@@@M_CASTILLO@@@)','',2,'2013-11-08'),(88132,'INSERT INTO gne_vale_ferreteria_mov (vfe_id,pro_codigo_plu,vfm_cantidad,vfm_unitario,vfm_total,vfm_entregado) VALUES (16134,19855,1,890,890,@@@NO@@@)','',2,'2013-11-08'),(88133,'INSERT INTO gne_vale_ferreteria_mov (vfe_id,pro_codigo_plu,vfm_cantidad,vfm_unitario,vfm_total,vfm_entregado) VALUES (16134,19879,1,990,990,@@@NO@@@)','',2,'2013-11-08'),(88134,'INSERT INTO gne_vale_ferreteria_mov (vfe_id,pro_codigo_plu,vfm_cantidad,vfm_unitario,vfm_total,vfm_entregado) VALUES (16134,1546,1,200,200,@@@NO@@@)','',2,'2013-11-08'),(88135,'INSERT INTO gne_vale_ferreteria_mov (vfe_id,pro_codigo_plu,vfm_cantidad,vfm_unitario,vfm_total,vfm_entregado) VALUES (16134,1542,1,100,100,@@@NO@@@)','',2,'2013-11-08'),(88136,'INSERT INTO mae_productos (pro_codigo_plu,pro_codigo_barra,pro_tipo,pro_nombre_producto,pro_nombre_corto,med_id,emb_id,pro_unidades_embalaje,dep_id,lin_id,mar_id,pro_precio_compra_neto,pro_precio_compra_bruto,pro_precio_venta,pro_margen_actual,pro_oferta,pro_fecha_inicio_oferta,pro_fecha_termino_oferta,pro_precio_oferta,pro_stock_minimo,pro_stock_critico,pro_entradas_bodega,pro_salidas_bodega,pro_mermas_bodega,pro_ajustes_bodega,pro_entradas_sv,pro_salidas_sv,pro_mermas_sv,pro_ajustes_sv,pro_activo,rec_numero,pro_unidad,pro_capacidad,pro_consumo_bodega,pro_consumo_sv,pro_estado,pro_funcion_plu,pro_flejes,pro_iva,pro_plu_asociado,pro_envase,pro_duracion,pro_numero_etiqueta) VALUES (962887,@@@7506309827056@@@,@@@0@@@,@@@MAQUINA AFEIT. GILLETTE FUTBOL@@@,@@@MAQUINA AFEIT. G@@@,@@@1 @@@,@@@4 @@@,@@@12@@@,@@@21 @@@,@@@111@@@,@@@2110@@@,@@@0@@@,@@@453.58@@@,@@@1@@@,@@@-99.78@@@,@@@@@@,@@@2006.09.07@@@,@@@2006.09.07@@@,@@@0@@@,@@@12@@@,@@@6@@@,@@@0@@@,@@@0@@@,@@@0@@@,@@@0@@@,@@@0@@@,@@@0@@@,@@@0@@@,@@@0@@@,@@@1@@@,@@@0@@@,0,1,0,0,2,0,1,1,0,@@@NO@@@,0,0)','',2,'2013-11-08'),(88137,'DELETE FROM mae_impuestos_productos WHERE pro_codigo_plu=@@@962887@@@','',2,'2013-11-08'),(88138,'INSERT INTO gne_vale_ferreteria (vfe_id,vfe_fecha,vfe_total,vfe_estado,vfe_entregado,usu_nusuario) VALUES (16135,@@@2013.11.08@@@,999,1,0,@@@M_CASTILLO@@@)','',2,'2013-11-08'),(88139,'INSERT INTO gne_vale_ferreteria_mov (vfe_id,pro_codigo_plu,vfm_cantidad,vfm_unitario,vfm_total,vfm_entregado) VALUES (16135,780721231,1,999,999,@@@NO@@@)','',2,'2013-11-08'),(88140,'INSERT INTO gne_vale_ferreteria (vfe_id,vfe_fecha,vfe_total,vfe_estado,vfe_entregado,usu_nusuario) VALUES (16136,@@@2013.11.08@@@,1280,1,0,@@@M_CASTILLO@@@)','',2,'2013-11-08'),(88141,'INSERT INTO gne_vale_ferreteria_mov (vfe_id,pro_codigo_plu,vfm_cantidad,vfm_unitario,vfm_total,vfm_entregado) VALUES (16136,78017055,1,690,690,@@@NO@@@)','',2,'2013-11-08'),(88142,'INSERT INTO gne_vale_ferreteria_mov (vfe_id,pro_codigo_plu,vfm_cantidad,vfm_unitario,vfm_total,vfm_entregado) VALUES (16136,780220195,1,590,590,@@@NO@@@)','',2,'2013-11-08'),(88143,'INSERT INTO gne_vale_ferreteria (vfe_id,vfe_fecha,vfe_total,vfe_estado,vfe_entregado,usu_nusuario) VALUES (16137,@@@2013.11.08@@@,2990,1,0,@@@M_CASTILLO@@@)','',2,'2013-11-08'),(88144,'INSERT INTO gne_vale_ferreteria_mov (vfe_id,pro_codigo_plu,vfm_cantidad,vfm_unitario,vfm_total,vfm_entregado) VALUES (16137,780721586,1,2990,2990,@@@NO@@@)','',2,'2013-11-08'),(88145,'INSERT INTO mae_productos (pro_codigo_plu,pro_codigo_barra,pro_tipo,pro_nombre_producto,pro_nombre_corto,med_id,emb_id,pro_unidades_embalaje,dep_id,lin_id,mar_id,pro_precio_compra_neto,pro_precio_compra_bruto,pro_precio_venta,pro_margen_actual,pro_oferta,pro_fecha_inicio_oferta,pro_fecha_termino_oferta,pro_precio_oferta,pro_stock_minimo,pro_stock_critico,pro_entradas_bodega,pro_salidas_bodega,pro_mermas_bodega,pro_ajustes_bodega,pro_entradas_sv,pro_salidas_sv,pro_mermas_sv,pro_ajustes_sv,pro_activo,rec_numero,pro_unidad,pro_capacidad,pro_consumo_bodega,pro_consumo_sv,pro_estado,pro_funcion_plu,pro_flejes,pro_iva,pro_plu_asociado,pro_envase,pro_duracion,pro_numero_etiqueta) VALUES (458694,@@@7804643000044@@@,@@@0@@@,@@@BEBIDA ISOTONICA KI-WAY MANZANA 600ML@@@,@@@BEBIDA ISOTONICA@@@,@@@7 @@@,@@@6 @@@,@@@6@@@,@@@4 @@@,@@@224@@@,@@@2507@@@,@@@0@@@,@@@1075.76@@@,@@@1@@@,@@@-99.91@@@,@@@@@@,@@@2006.09.07@@@,@@@2006.09.07@@@,@@@0@@@,@@@3@@@,@@@2@@@,@@@0@@@,@@@0@@@,@@@0@@@,@@@0@@@,@@@0@@@,@@@0@@@,@@@0@@@,@@@0@@@,@@@1@@@,@@@0@@@,0,600,0,0,2,0,1,1,0,@@@NO@@@,0,0)','',2,'2013-11-08'),(88146,'DELETE FROM mae_impuestos_productos WHERE pro_codigo_plu=@@@458694@@@','',2,'2013-11-08'),(88147,'INSERT INTO mae_productos (pro_codigo_plu,pro_codigo_barra,pro_tipo,pro_nombre_producto,pro_nombre_corto,med_id,emb_id,pro_unidades_embalaje,dep_id,lin_id,mar_id,pro_precio_compra_neto,pro_precio_compra_bruto,pro_precio_venta,pro_margen_actual,pro_oferta,pro_fecha_inicio_oferta,pro_fecha_termino_oferta,pro_precio_oferta,pro_stock_minimo,pro_stock_critico,pro_entradas_bodega,pro_salidas_bodega,pro_mermas_bodega,pro_ajustes_bodega,pro_entradas_sv,pro_salidas_sv,pro_mermas_sv,pro_ajustes_sv,pro_activo,rec_numero,pro_unidad,pro_capacidad,pro_consumo_bodega,pro_consumo_sv,pro_estado,pro_funcion_plu,pro_flejes,pro_iva,pro_plu_asociado,pro_envase,pro_duracion,pro_numero_etiqueta) VALUES (458695,@@@7804643000082@@@,@@@0@@@,@@@BEBIDA ISOTONICA KI-WAY BETERRAGA 600 ML@@@,@@@BEBIDA ISOTONICA@@@,@@@7 @@@,@@@6 @@@,@@@6@@@,@@@4 @@@,@@@224@@@,@@@2507@@@,@@@0@@@,@@@1975.76@@@,@@@1@@@,@@@-99.95@@@,@@@@@@,@@@2006.09.07@@@,@@@2006.09.07@@@,@@@0@@@,@@@3@@@,@@@2@@@,@@@0@@@,@@@0@@@,@@@0@@@,@@@0@@@,@@@0@@@,@@@0@@@,@@@0@@@,@@@0@@@,@@@1@@@,@@@0@@@,0,600,0,0,2,0,1,1,0,@@@NO@@@,0,0)','',2,'2013-11-08'),(88148,'DELETE FROM mae_impuestos_productos WHERE pro_codigo_plu=@@@458695@@@','',2,'2013-11-08'),(88149,'UPDATE mae_productos SET pro_codigo_barra=@@@7804643000082@@@,pro_tipo=@@@0@@@,pro_nombre_producto=@@@BEBIDA ISOTONICA KI-WAY BETERRAGA 600 ML@@@,pro_nombre_corto=@@@BEBIDA ISOTONICA@@@,med_id=@@@7@@@,emb_id=@@@6@@@,pro_unidades_embalaje=@@@6@@@,dep_id=@@@4 @@@,lin_id=@@@224@@@,mar_id=@@@2507@@@,pro_precio_compra_neto=@@@0@@@,pro_precio_compra_bruto=@@@1075.76@@@,pro_precio_venta=@@@1@@@,pro_margen_actual=@@@-99.91@@@,pro_oferta=@@@NO@@@,pro_fecha_inicio_oferta=@@@2006.09.07@@@,pro_fecha_termino_oferta=@@@2006.09.07@@@,pro_precio_oferta=@@@0@@@,pro_stock_minimo=@@@3@@@,pro_stock_critico=@@@2@@@,pro_activo=@@@1@@@,pro_unidad=@@@0@@@,pro_precio_compra_bruto=1075.76,pro_margen_actual=-99.91,pro_capacidad=600,pro_funcion_plu=0,pro_flejes=1,pro_iva=1,pro_plu_asociado=0,pro_envase=@@@NO@@@,pro_duracion=0,pro_numero_etiqueta=0 WHERE pro_codigo_plu=@@@458695@@@','',2,'2013-11-08'),(88150,'UPDATE mae_productos SET pro_estado=1 WHERE pro_codigo_plu=458695','',2,'2013-11-08'),(88151,'DELETE FROM mae_impuestos_productos WHERE pro_codigo_plu=@@@458695@@@','',2,'2013-11-08'),(88152,'UPDATE mae_productos SET pro_codigo_barra=@@@7804643000044@@@,pro_tipo=@@@0@@@,pro_nombre_producto=@@@BEBIDA ISOTONICA KI-WAY MANZANA 600ML@@@,pro_nombre_corto=@@@BEBIDA ISOTONICA@@@,med_id=@@@7@@@,emb_id=@@@6@@@,pro_unidades_embalaje=@@@6@@@,dep_id=@@@4 @@@,lin_id=@@@224@@@,mar_id=@@@2507@@@,pro_precio_compra_neto=@@@0@@@,pro_precio_compra_bruto=@@@1193.28@@@,pro_precio_venta=@@@1@@@,pro_margen_actual=@@@-99.92@@@,pro_oferta=@@@NO@@@,pro_fecha_inicio_oferta=@@@2006.09.07@@@,pro_fecha_termino_oferta=@@@2006.09.07@@@,pro_precio_oferta=@@@0@@@,pro_stock_minimo=@@@3@@@,pro_stock_critico=@@@2@@@,pro_activo=@@@1@@@,pro_unidad=@@@0@@@,pro_precio_compra_bruto=1193.28,pro_margen_actual=-99.92,pro_capacidad=600,pro_funcion_plu=0,pro_flejes=1,pro_iva=1,pro_plu_asociado=0,pro_envase=@@@NO@@@,pro_duracion=0,pro_numero_etiqueta=0 WHERE pro_codigo_plu=@@@458694@@@','',2,'2013-11-08'),(88153,'UPDATE mae_productos SET pro_estado=1 WHERE pro_codigo_plu=458694','',2,'2013-11-08'),(88154,'DELETE FROM mae_impuestos_productos WHERE pro_codigo_plu=@@@458694@@@','',2,'2013-11-08'),(88155,'UPDATE mae_productos SET pro_codigo_barra=@@@7804643000082@@@,pro_tipo=@@@0@@@,pro_nombre_producto=@@@BEBIDA ISOTONICA KI-WAY BETERRAGA 600 ML@@@,pro_nombre_corto=@@@BEBIDA ISOTONICA@@@,med_id=@@@7@@@,emb_id=@@@6@@@,pro_unidades_embalaje=@@@6@@@,dep_id=@@@4 @@@,lin_id=@@@224@@@,mar_id=@@@2507@@@,pro_precio_compra_neto=@@@0@@@,pro_precio_compra_bruto=@@@1193.28@@@,pro_precio_venta=@@@1@@@,pro_margen_actual=@@@-99.92@@@,pro_oferta=@@@NO@@@,pro_fecha_inicio_oferta=@@@2006.09.07@@@,pro_fecha_termino_oferta=@@@2006.09.07@@@,pro_precio_oferta=@@@0@@@,pro_stock_minimo=@@@3@@@,pro_stock_critico=@@@2@@@,pro_activo=@@@1@@@,pro_unidad=@@@0@@@,pro_precio_compra_bruto=1193.28,pro_margen_actual=-99.92,pro_capacidad=600,pro_funcion_plu=0,pro_flejes=1,pro_iva=1,pro_plu_asociado=0,pro_envase=@@@NO@@@,pro_duracion=0,pro_numero_etiqueta=0 WHERE pro_codigo_plu=@@@458695@@@','',2,'2013-11-08'),(88156,'UPDATE mae_productos SET pro_estado=1 WHERE pro_codigo_plu=458695','',2,'2013-11-08'),(88157,'DELETE FROM mae_impuestos_productos WHERE pro_codigo_plu=@@@458695@@@','',2,'2013-11-08'),(88158,'INSERT INTO mae_productos (pro_codigo_plu,pro_codigo_barra,pro_tipo,pro_nombre_producto,pro_nombre_corto,med_id,emb_id,pro_unidades_embalaje,dep_id,lin_id,mar_id,pro_precio_compra_neto,pro_precio_compra_bruto,pro_precio_venta,pro_margen_actual,pro_oferta,pro_fecha_inicio_oferta,pro_fecha_termino_oferta,pro_precio_oferta,pro_stock_minimo,pro_stock_critico,pro_entradas_bodega,pro_salidas_bodega,pro_mermas_bodega,pro_ajustes_bodega,pro_entradas_sv,pro_salidas_sv,pro_mermas_sv,pro_ajustes_sv,pro_activo,rec_numero,pro_unidad,pro_capacidad,pro_consumo_bodega,pro_consumo_sv,pro_estado,pro_funcion_plu,pro_flejes,pro_iva,pro_plu_asociado,pro_envase,pro_duracion,pro_numero_etiqueta) VALUES (458696,@@@7804643000037@@@,@@@0@@@,@@@BEBIDA ISOTONICA KI- WAY BERRIES 600 ML@@@,@@@BEBIDA ISOTONICA@@@,@@@7 @@@,@@@6 @@@,@@@6@@@,@@@4 @@@,@@@224@@@,@@@2507@@@,@@@0@@@,@@@1193.28@@@,@@@1@@@,@@@-99.92@@@,@@@@@@,@@@2006.09.07@@@,@@@2006.09.07@@@,@@@0@@@,@@@3@@@,@@@2@@@,@@@0@@@,@@@0@@@,@@@0@@@,@@@0@@@,@@@0@@@,@@@0@@@,@@@0@@@,@@@0@@@,@@@1@@@,@@@0@@@,0,600,0,0,2,0,1,1,0,@@@NO@@@,0,0)','',2,'2013-11-08'),(88159,'DELETE FROM mae_impuestos_productos WHERE pro_codigo_plu=@@@458696@@@','',2,'2013-11-08'),(88160,'INSERT INTO gne_vale_ferreteria (vfe_id,vfe_fecha,vfe_total,vfe_estado,vfe_entregado,usu_nusuario) VALUES (16138,@@@2013.11.08@@@,1890,1,0,@@@M_CASTILLO@@@)','',2,'2013-11-08'),(88161,'INSERT INTO gne_vale_ferreteria_mov (vfe_id,pro_codigo_plu,vfm_cantidad,vfm_unitario,vfm_total,vfm_entregado) VALUES (16138,780722009,1,1890,1890,@@@NO@@@)','',2,'2013-11-08'),(88162,'UPDATE mae_productos SET pro_margen_actual=-99.92,pro_precio_venta=1 WHERE pro_codigo_plu=458696','',2,'2013-11-08'),(88163,'UPDATE mae_productos SET pro_margen_actual=-99.92,pro_precio_venta=1 WHERE pro_codigo_plu=458695','',2,'2013-11-08'),(88164,'UPDATE mae_productos SET pro_margen_actual=-99.92,pro_precio_venta=1 WHERE pro_codigo_plu=458694','',2,'2013-11-08'),(88165,'UPDATE mae_productos SET pro_margen_actual=35.91,pro_precio_venta=2990 WHERE pro_codigo_plu=78017037','',2,'2013-11-08'),(88166,'UPDATE mae_productos SET pro_margen_actual=35.91,pro_precio_venta=2990 WHERE pro_codigo_plu=78017038','',2,'2013-11-08'),(88167,'UPDATE mae_productos SET pro_margen_actual=38.89,pro_precio_venta=2500 WHERE pro_codigo_plu=78017039','',2,'2013-11-08'),(88168,'UPDATE mae_productos SET pro_margen_actual=38.89,pro_precio_venta=2500 WHERE pro_codigo_plu=78017040','',2,'2013-11-08'),(88169,'UPDATE mae_productos SET pro_margen_actual=-99.78,pro_precio_venta=1 WHERE pro_codigo_plu=962887','',2,'2013-11-08'),(88170,'UPDATE mae_productos SET pro_margen_actual=35.91,pro_precio_venta=2990 WHERE pro_codigo_plu=762293','',2,'2013-11-08'),(88171,'UPDATE mae_productos SET pro_margen_actual=109.91,pro_precio_venta=699 WHERE pro_codigo_plu=537','',2,'2013-11-08'),(88172,'UPDATE mae_productos SET pro_margen_actual=121.9,pro_precio_venta=699 WHERE pro_codigo_plu=541','',2,'2013-11-08'),(88173,'INSERT INTO mae_productos (pro_codigo_plu,pro_codigo_barra,pro_tipo,pro_nombre_producto,pro_nombre_corto,med_id,emb_id,pro_unidades_embalaje,dep_id,lin_id,mar_id,pro_precio_compra_neto,pro_precio_compra_bruto,pro_precio_venta,pro_margen_actual,pro_oferta,pro_fecha_inicio_oferta,pro_fecha_termino_oferta,pro_precio_oferta,pro_stock_minimo,pro_stock_critico,pro_entradas_bodega,pro_salidas_bodega,pro_mermas_bodega,pro_ajustes_bodega,pro_entradas_sv,pro_salidas_sv,pro_mermas_sv,pro_ajustes_sv,pro_activo,rec_numero,pro_unidad,pro_capacidad,pro_consumo_bodega,pro_consumo_sv,pro_estado,pro_funcion_plu,pro_flejes,pro_iva,pro_plu_asociado,pro_envase,pro_duracion,pro_numero_etiqueta) VALUES (458697,@@@5701598035058@@@,@@@0@@@,@@@PACK CERVEZA DARGUNER 330 GRS@@@,@@@PACK CERVEZA DAR@@@,@@@5 @@@,@@@6 @@@,@@@20@@@,@@@7 @@@,@@@230@@@,@@@2507@@@,@@@0@@@,@@@1843.84@@@,@@@1@@@,@@@-99.95@@@,@@@@@@,@@@2006.09.07@@@,@@@2006.09.07@@@,@@@0@@@,@@@4@@@,@@@2@@@,@@@0@@@,@@@0@@@,@@@0@@@,@@@0@@@,@@@0@@@,@@@0@@@,@@@0@@@,@@@0@@@,@@@1@@@,@@@0@@@,0,330,0,0,2,0,1,1,0,@@@NO@@@,0,0)','',2,'2013-11-08'),(88174,'DELETE FROM mae_impuestos_productos WHERE pro_codigo_plu=@@@458697@@@','',2,'2013-11-08'),(88175,'UPDATE mae_productos SET pro_precio_fiscal=pro_precio_venta WHERE pro_codigo_plu=537','',2,'2013-11-08'),(88176,'UPDATE mae_productos SET pro_precio_fiscal=pro_precio_venta WHERE pro_codigo_plu=541','',2,'2013-11-08'),(88177,'INSERT INTO gne_vale_ferreteria (vfe_id,vfe_fecha,vfe_total,vfe_estado,vfe_entregado,usu_nusuario) VALUES (16139,@@@2013.11.08@@@,1890,1,0,@@@M_CASTILLO@@@)','',2,'2013-11-08'),(88178,'INSERT INTO gne_vale_ferreteria_mov (vfe_id,pro_codigo_plu,vfm_cantidad,vfm_unitario,vfm_total,vfm_entregado) VALUES (16139,780722009,1,1890,1890,@@@NO@@@)','',2,'2013-11-08'),(88179,'INSERT INTO mae_productos (pro_codigo_plu,pro_codigo_barra,pro_tipo,pro_nombre_producto,pro_nombre_corto,med_id,emb_id,pro_unidades_embalaje,dep_id,lin_id,mar_id,pro_precio_compra_neto,pro_precio_compra_bruto,pro_precio_venta,pro_margen_actual,pro_oferta,pro_fecha_inicio_oferta,pro_fecha_termino_oferta,pro_precio_oferta,pro_stock_minimo,pro_stock_critico,pro_entradas_bodega,pro_salidas_bodega,pro_mermas_bodega,pro_ajustes_bodega,pro_entradas_sv,pro_salidas_sv,pro_mermas_sv,pro_ajustes_sv,pro_activo,rec_numero,pro_unidad,pro_capacidad,pro_consumo_bodega,pro_consumo_sv,pro_estado,pro_funcion_plu,pro_flejes,pro_iva,pro_plu_asociado,pro_envase,pro_duracion,pro_numero_etiqueta) VALUES (458698,@@@6901035601047@@@,@@@0@@@,@@@PACK CERVEZA BOT TSINGTAO 330 ML@@@,@@@PACK CERVEZA BOT@@@,@@@7 @@@,@@@6 @@@,@@@6@@@,@@@7 @@@,@@@230@@@,@@@2507@@@,@@@0@@@,@@@2956.37@@@,@@@1@@@,@@@-99.97@@@,@@@@@@,@@@2006.09.07@@@,@@@2006.09.07@@@,@@@0@@@,@@@4@@@,@@@2@@@,@@@0@@@,@@@0@@@,@@@0@@@,@@@0@@@,@@@0@@@,@@@0@@@,@@@0@@@,@@@0@@@,@@@1@@@,@@@0@@@,0,330,0,0,2,0,1,1,0,@@@NO@@@,0,0)','',2,'2013-11-08'),(88180,'DELETE FROM mae_impuestos_productos WHERE pro_codigo_plu=@@@458698@@@','',2,'2013-11-08'),(88181,'UPDATE mae_productos SET pro_codigo_barra=@@@7804643000044@@@,pro_tipo=@@@0@@@,pro_nombre_producto=@@@BEBIDA ISOTONICA KI-WAY MANZANA 600ML@@@,pro_nombre_corto=@@@BEBIDA ISOTONICA@@@,med_id=@@@7@@@,emb_id=@@@6@@@,pro_unidades_embalaje=@@@6@@@,dep_id=@@@4 @@@,lin_id=@@@224@@@,mar_id=@@@2507@@@,pro_precio_compra_neto=@@@0@@@,pro_precio_compra_bruto=@@@1075.76@@@,pro_precio_venta=@@@1@@@,pro_margen_actual=@@@-99.91@@@,pro_oferta=@@@NO@@@,pro_fecha_inicio_oferta=@@@2006.09.07@@@,pro_fecha_termino_oferta=@@@2006.09.07@@@,pro_precio_oferta=@@@0@@@,pro_stock_minimo=@@@3@@@,pro_stock_critico=@@@2@@@,pro_activo=@@@1@@@,pro_unidad=@@@0@@@,pro_precio_compra_bruto=1075.76,pro_margen_actual=-99.91,pro_capacidad=600,pro_funcion_plu=0,pro_flejes=1,pro_iva=1,pro_plu_asociado=0,pro_envase=@@@NO@@@,pro_duracion=0,pro_numero_etiqueta=0 WHERE pro_codigo_plu=@@@458694@@@','',2,'2013-11-08'),(88182,'UPDATE mae_productos SET pro_estado=1 WHERE pro_codigo_plu=458694','',2,'2013-11-08'),(88183,'DELETE FROM mae_impuestos_productos WHERE pro_codigo_plu=@@@458694@@@','',2,'2013-11-08'),(88184,'UPDATE mae_productos SET pro_codigo_barra=@@@7804643000082@@@,pro_tipo=@@@0@@@,pro_nombre_producto=@@@BEBIDA ISOTONICA KI-WAY BETERRAGA 600 ML@@@,pro_nombre_corto=@@@BEBIDA ISOTONICA@@@,med_id=@@@7@@@,emb_id=@@@6@@@,pro_unidades_embalaje=@@@6@@@,dep_id=@@@4 @@@,lin_id=@@@224@@@,mar_id=@@@2507@@@,pro_precio_compra_neto=@@@0@@@,pro_precio_compra_bruto=@@@1075.76@@@,pro_precio_venta=@@@1@@@,pro_margen_actual=@@@-99.91@@@,pro_oferta=@@@NO@@@,pro_fecha_inicio_oferta=@@@2006.09.07@@@,pro_fecha_termino_oferta=@@@2006.09.07@@@,pro_precio_oferta=@@@0@@@,pro_stock_minimo=@@@3@@@,pro_stock_critico=@@@2@@@,pro_activo=@@@1@@@,pro_unidad=@@@0@@@,pro_precio_compra_bruto=1075.76,pro_margen_actual=-99.91,pro_capacidad=600,pro_funcion_plu=0,pro_flejes=1,pro_iva=1,pro_plu_asociado=0,pro_envase=@@@NO@@@,pro_duracion=0,pro_numero_etiqueta=0 WHERE pro_codigo_plu=@@@458695@@@','',2,'2013-11-08'),(88185,'UPDATE mae_productos SET pro_estado=1 WHERE pro_codigo_plu=458695','',2,'2013-11-08'),(88186,'DELETE FROM mae_impuestos_productos WHERE pro_codigo_plu=@@@458695@@@','',2,'2013-11-08'),(88187,'UPDATE mae_productos SET pro_codigo_barra=@@@5701598035058@@@,pro_tipo=@@@0@@@,pro_nombre_producto=@@@PACK CERVEZA DARGUNER 330 GRS@@@,pro_nombre_corto=@@@PACK CERVEZA DAR@@@,med_id=@@@5@@@,emb_id=@@@6@@@,pro_unidades_embalaje=@@@20@@@,dep_id=@@@7 @@@,lin_id=@@@230@@@,mar_id=@@@2507@@@,pro_precio_compra_neto=@@@0@@@,pro_precio_compra_bruto=@@@1843.84@@@,pro_precio_venta=@@@1@@@,pro_margen_actual=@@@-99.95@@@,pro_oferta=@@@NO@@@,pro_fecha_inicio_oferta=@@@2006.09.07@@@,pro_fecha_termino_oferta=@@@2006.09.07@@@,pro_precio_oferta=@@@0@@@,pro_stock_minimo=@@@4@@@,pro_stock_critico=@@@2@@@,pro_activo=@@@1@@@,pro_unidad=@@@0@@@,pro_precio_compra_bruto=1843.84,pro_margen_actual=-99.95,pro_capacidad=330,pro_funcion_plu=0,pro_flejes=1,pro_iva=1,pro_plu_asociado=0,pro_envase=@@@NO@@@,pro_duracion=0,pro_numero_etiqueta=0 WHERE pro_codigo_plu=@@@458697@@@','',2,'2013-11-08'),(88188,'UPDATE mae_productos SET pro_estado=1 WHERE pro_codigo_plu=458697','',2,'2013-11-08'),(88189,'DELETE FROM mae_impuestos_productos WHERE pro_codigo_plu=@@@458697@@@','',2,'2013-11-08'),(88190,'UPDATE mae_productos SET pro_codigo_barra=@@@6901035601047@@@,pro_tipo=@@@0@@@,pro_nombre_producto=@@@PACK CERVEZA BOT TSINGTAO 330 ML@@@,pro_nombre_corto=@@@PACK CERVEZA BOT@@@,med_id=@@@7@@@,emb_id=@@@6@@@,pro_unidades_embalaje=@@@6@@@,dep_id=@@@7 @@@,lin_id=@@@230@@@,mar_id=@@@2507@@@,pro_precio_compra_neto=@@@0@@@,pro_precio_compra_bruto=@@@2956.37@@@,pro_precio_venta=@@@1@@@,pro_margen_actual=@@@-99.97@@@,pro_oferta=@@@NO@@@,pro_fecha_inicio_oferta=@@@2006.09.07@@@,pro_fecha_termino_oferta=@@@2006.09.07@@@,pro_precio_oferta=@@@0@@@,pro_stock_minimo=@@@4@@@,pro_stock_critico=@@@2@@@,pro_activo=@@@1@@@,pro_unidad=@@@0@@@,pro_precio_compra_bruto=2956.37,pro_margen_actual=-99.97,pro_capacidad=330,pro_funcion_plu=0,pro_flejes=1,pro_iva=1,pro_plu_asociado=0,pro_envase=@@@NO@@@,pro_duracion=0,pro_numero_etiqueta=0 WHERE pro_codigo_plu=@@@458698@@@','',2,'2013-11-08'),(88191,'UPDATE mae_productos SET pro_estado=1 WHERE pro_codigo_plu=458698','',2,'2013-11-08'),(88192,'DELETE FROM mae_impuestos_productos WHERE pro_codigo_plu=@@@458698@@@','',2,'2013-11-08'),(88193,'UPDATE mae_productos SET pro_precio_compra_bruto=1075.76,pro_margen_actual=(pro_precio_venta-1075.76)/1075.76 * 100,pro_ultima_compra=@@@2013.11.08@@@,pro_ultimo_proveedor=@@@84348700-9@@@ WHERE pro_codigo_plu=458694','',2,'2013-11-08'),(88194,'UPDATE mae_productos SET pro_precio_compra_bruto=1075.76,pro_margen_actual=(pro_precio_venta-1075.76)/1075.76 * 100,pro_ultima_compra=@@@2013.11.08@@@,pro_ultimo_proveedor=@@@84348700-9@@@ WHERE pro_codigo_plu=458695','',2,'2013-11-08'),(88195,'UPDATE mae_productos SET pro_precio_compra_bruto=1075.76,pro_margen_actual=(pro_precio_venta-1075.76)/1075.76 * 100,pro_ultima_compra=@@@2013.11.08@@@,pro_ultimo_proveedor=@@@84348700-9@@@ WHERE pro_codigo_plu=458696','',2,'2013-11-08'),(88196,'UPDATE mae_productos SET pro_precio_compra_bruto=1843.84,pro_margen_actual=(pro_precio_venta-1843.84)/1843.84 * 100,pro_ultima_compra=@@@2013.11.08@@@,pro_ultimo_proveedor=@@@84348700-9@@@ WHERE pro_codigo_plu=458697','',2,'2013-11-08'),(88197,'UPDATE mae_productos SET pro_precio_compra_bruto=2956.37,pro_margen_actual=(pro_precio_venta-2956.37)/2956.37 * 100,pro_ultima_compra=@@@2013.11.08@@@,pro_ultimo_proveedor=@@@84348700-9@@@ WHERE pro_codigo_plu=458698','',2,'2013-11-08'),(88198,'UPDATE mae_productos SET pro_precio_venta=2350,pro_margen_actual= 27.45 WHERE pro_codigo_plu=458697','',2,'2013-11-08'),(88199,'UPDATE mae_productos SET pro_precio_venta=3750,pro_margen_actual= 26.84 WHERE pro_codigo_plu=458698','',2,'2013-11-08'),(88200,'UPDATE mae_productos SET pro_precio_venta=1399,pro_margen_actual= 30.05 WHERE pro_codigo_plu=458696','',2,'2013-11-08'),(88201,'UPDATE mae_productos SET pro_precio_venta=1399,pro_margen_actual= 30.05 WHERE pro_codigo_plu=458694','',2,'2013-11-08'),(88202,'UPDATE mae_productos SET pro_precio_venta=1399,pro_margen_actual= 30.05 WHERE pro_codigo_plu=458695','',2,'2013-11-08'),(88203,'UPDATE mae_productos SET pro_precio_fiscal=pro_precio_venta WHERE pro_codigo_plu=458697','',2,'2013-11-08'),(88204,'UPDATE mae_productos SET pro_precio_fiscal=pro_precio_venta WHERE pro_codigo_plu=458698','',2,'2013-11-08'),(88205,'UPDATE mae_productos SET pro_precio_fiscal=pro_precio_venta WHERE pro_codigo_plu=458696','',2,'2013-11-08'),(88206,'UPDATE mae_productos SET pro_precio_fiscal=pro_precio_venta WHERE pro_codigo_plu=458694','',2,'2013-11-08'),(88207,'UPDATE mae_productos SET pro_precio_fiscal=pro_precio_venta WHERE pro_codigo_plu=458695','',2,'2013-11-08'),(88208,'INSERT INTO gne_vale_ferreteria (vfe_id,vfe_fecha,vfe_total,vfe_estado,vfe_entregado,usu_nusuario) VALUES (16140,@@@2013.11.08@@@,320,1,0,@@@M_CASTILLO@@@)','',2,'2013-11-08'),(88209,'INSERT INTO gne_vale_ferreteria_mov (vfe_id,pro_codigo_plu,vfm_cantidad,vfm_unitario,vfm_total,vfm_entregado) VALUES (16140,14836,1,320,320,@@@NO@@@)','',2,'2013-11-08'),(88210,'INSERT INTO gne_vale_ferreteria (vfe_id,vfe_fecha,vfe_total,vfe_estado,vfe_entregado,usu_nusuario) VALUES (16141,@@@2013.11.08@@@,890,1,0,@@@M_CASTILLO@@@)','',2,'2013-11-08'),(88211,'INSERT INTO gne_vale_ferreteria_mov (vfe_id,pro_codigo_plu,vfm_cantidad,vfm_unitario,vfm_total,vfm_entregado) VALUES (16141,763633,1,890,890,@@@NO@@@)','',2,'2013-11-08'),(88212,'UPDATE mae_productos SET pro_precio_compra_bruto=1570.8,pro_margen_actual=(pro_precio_venta-1570.8)/1570.8 * 100,pro_ultima_compra=@@@2013.11.08@@@,pro_ultimo_proveedor=@@@79984240-8@@@ WHERE pro_codigo_plu=102','',2,'2013-11-08'),(88213,'UPDATE mae_productos SET pro_precio_compra_bruto=2901.58,pro_margen_actual=(pro_precio_venta-2901.58)/2901.58 * 100,pro_ultima_compra=@@@2013.11.08@@@,pro_ultimo_proveedor=@@@79984240-8@@@ WHERE pro_codigo_plu=205','',2,'2013-11-08'),(88214,'UPDATE mae_productos SET pro_precio_compra_bruto=1701.7,pro_margen_actual=(pro_precio_venta-1701.7)/1701.7 * 100,pro_ultima_compra=@@@2013.11.08@@@,pro_ultimo_proveedor=@@@79984240-8@@@ WHERE pro_codigo_plu=110','',2,'2013-11-08'),(88215,'INSERT INTO gne_vale_ferreteria (vfe_id,vfe_fecha,vfe_total,vfe_estado,vfe_entregado,usu_nusuario) VALUES (16142,@@@2013.11.08@@@,1980,1,0,@@@M_CASTILLO@@@)','',2,'2013-11-08'),(88216,'INSERT INTO gne_vale_ferreteria_mov (vfe_id,pro_codigo_plu,vfm_cantidad,vfm_unitario,vfm_total,vfm_entregado) VALUES (16142,1546,1,200,200,@@@NO@@@)','',2,'2013-11-08'),(88217,'INSERT INTO gne_vale_ferreteria_mov (vfe_id,pro_codigo_plu,vfm_cantidad,vfm_unitario,vfm_total,vfm_entregado) VALUES (16142,1542,1,100,100,@@@NO@@@)','',2,'2013-11-08'),(88218,'INSERT INTO gne_vale_ferreteria_mov (vfe_id,pro_codigo_plu,vfm_cantidad,vfm_unitario,vfm_total,vfm_entregado) VALUES (16142,780721514,1,1290,1290,@@@NO@@@)','',2,'2013-11-08'),(88219,'INSERT INTO gne_vale_ferreteria_mov (vfe_id,pro_codigo_plu,vfm_cantidad,vfm_unitario,vfm_total,vfm_entregado) VALUES (16142,1535,1,390,390,@@@NO@@@)','',2,'2013-11-08'),(88220,'INSERT INTO mae_productos (pro_codigo_plu,pro_codigo_barra,pro_tipo,pro_nombre_producto,pro_nombre_corto,med_id,emb_id,pro_unidades_embalaje,dep_id,lin_id,mar_id,pro_precio_compra_neto,pro_precio_compra_bruto,pro_precio_venta,pro_margen_actual,pro_oferta,pro_fecha_inicio_oferta,pro_fecha_termino_oferta,pro_precio_oferta,pro_stock_minimo,pro_stock_critico,pro_entradas_bodega,pro_salidas_bodega,pro_mermas_bodega,pro_ajustes_bodega,pro_entradas_sv,pro_salidas_sv,pro_mermas_sv,pro_ajustes_sv,pro_activo,rec_numero,pro_unidad,pro_capacidad,pro_consumo_bodega,pro_consumo_sv,pro_estado,pro_funcion_plu,pro_flejes,pro_iva,pro_plu_asociado,pro_envase,pro_duracion,pro_numero_etiqueta) VALUES (870220,@@@7801620005337@@@,@@@0@@@,@@@CACHANTUN MAS UVA 1500 CC@@@,@@@CACHANTUN MAS UV@@@,@@@6 @@@,@@@6 @@@,@@@6@@@,@@@4 @@@,@@@221@@@,@@@2507@@@,@@@0@@@,@@@530.25@@@,@@@1@@@,@@@-99.81@@@,@@@@@@,@@@2006.09.07@@@,@@@2006.09.07@@@,@@@0@@@,@@@6@@@,@@@3@@@,@@@0@@@,@@@0@@@,@@@0@@@,@@@0@@@,@@@0@@@,@@@0@@@,@@@0@@@,@@@0@@@,@@@1@@@,@@@0@@@,0,1500,0,0,2,0,1,1,0,@@@NO@@@,0,0)','',2,'2013-11-08'),(88221,'DELETE FROM mae_impuestos_productos WHERE pro_codigo_plu=@@@870220@@@','',2,'2013-11-08'),(88222,'UPDATE mae_productos SET pro_precio_compra_bruto=1477.98,pro_margen_actual=(pro_precio_venta-1477.98)/1477.98 * 100,pro_ultima_compra=@@@2013.11.08@@@,pro_ultimo_proveedor=@@@84348700-9@@@ WHERE pro_codigo_plu=102727','',2,'2013-11-08'),(88223,'UPDATE mae_productos SET pro_precio_compra_bruto=791.7,pro_margen_actual=(pro_precio_venta-791.7)/791.7 * 100,pro_ultima_compra=@@@2013.11.08@@@,pro_ultimo_proveedor=@@@84348700-9@@@ WHERE pro_codigo_plu=20180','',2,'2013-11-08'),(88224,'UPDATE mae_productos SET pro_precio_compra_bruto=1037.085,pro_margen_actual=(pro_precio_venta-1037.085)/1037.085 * 100,pro_ultima_compra=@@@2013.11.08@@@,pro_ultimo_proveedor=@@@84348700-9@@@ WHERE pro_codigo_plu=14860','',2,'2013-11-08'),(88225,'UPDATE mae_productos SET pro_precio_compra_bruto=453.58,pro_margen_actual=(pro_precio_venta-453.58)/453.58 * 100,pro_ultima_compra=@@@2013.11.08@@@,pro_ultimo_proveedor=@@@84348700-9@@@ WHERE pro_codigo_plu=962887','',2,'2013-11-08'),(88226,'UPDATE mae_productos SET pro_precio_compra_bruto=661.77,pro_margen_actual=(pro_precio_venta-661.77)/661.77 * 100,pro_ultima_compra=@@@2013.11.08@@@,pro_ultimo_proveedor=@@@84348700-9@@@ WHERE pro_codigo_plu=761865','',2,'2013-11-08'),(88227,'UPDATE mae_productos SET pro_precio_compra_bruto=2990.47,pro_margen_actual=(pro_precio_venta-2990.47)/2990.47 * 100,pro_ultima_compra=@@@2013.11.08@@@,pro_ultimo_proveedor=@@@84348700-9@@@ WHERE pro_codigo_plu=763353','',2,'2013-11-08'),(88228,'UPDATE mae_productos SET pro_precio_compra_bruto=304.98,pro_margen_actual=(pro_precio_venta-304.98)/304.98 * 100,pro_ultima_compra=@@@2013.11.08@@@,pro_ultimo_proveedor=@@@84348700-9@@@ WHERE pro_codigo_plu=14601','',2,'2013-11-08'),(88229,'UPDATE mae_productos SET pro_precio_compra_bruto=277.91,pro_margen_actual=(pro_precio_venta-277.91)/277.91 * 100,pro_ultima_compra=@@@2013.11.08@@@,pro_ultimo_proveedor=@@@84348700-9@@@ WHERE pro_codigo_plu=14608','',2,'2013-11-08'),(88230,'UPDATE mae_productos SET pro_precio_compra_bruto=432.045,pro_margen_actual=(pro_precio_venta-432.045)/432.045 * 100,pro_ultima_compra=@@@2013.11.08@@@,pro_ultimo_proveedor=@@@84348700-9@@@ WHERE pro_codigo_plu=14575','',2,'2013-11-08'),(88231,'UPDATE mae_productos SET pro_precio_compra_bruto=1141.74,pro_margen_actual=(pro_precio_venta-1141.74)/1141.74 * 100,pro_ultima_compra=@@@2013.11.08@@@,pro_ultimo_proveedor=@@@84348700-9@@@ WHERE pro_codigo_plu=13296','',2,'2013-11-08'),(88232,'UPDATE mae_productos SET pro_precio_compra_bruto=441.6,pro_margen_actual=(pro_precio_venta-441.6)/441.6 * 100,pro_ultima_compra=@@@2013.11.08@@@,pro_ultimo_proveedor=@@@84348700-9@@@ WHERE pro_codigo_plu=10584','',2,'2013-11-08'),(88233,'UPDATE mae_productos SET pro_precio_compra_bruto=1913.5,pro_margen_actual=(pro_precio_venta-1913.5)/1913.5 * 100,pro_ultima_compra=@@@2013.11.08@@@,pro_ultimo_proveedor=@@@84348700-9@@@ WHERE pro_codigo_plu=8077','',2,'2013-11-08'),(88234,'UPDATE mae_productos SET pro_precio_compra_bruto=530.62,pro_margen_actual=(pro_precio_venta-530.62)/530.62 * 100,pro_ultima_compra=@@@2013.11.08@@@,pro_ultimo_proveedor=@@@84348700-9@@@ WHERE pro_codigo_plu=10585','',2,'2013-11-08'),(88235,'UPDATE mae_productos SET pro_precio_compra_bruto=1176.28,pro_margen_actual=(pro_precio_venta-1176.28)/1176.28 * 100,pro_ultima_compra=@@@2013.11.08@@@,pro_ultimo_proveedor=@@@99554560-8@@@ WHERE pro_codigo_plu=18093','',2,'2013-11-08'),(88236,'UPDATE mae_productos SET pro_precio_compra_bruto=2409.81,pro_margen_actual=(pro_precio_venta-2409.81)/2409.81 * 100,pro_ultima_compra=@@@2013.11.08@@@,pro_ultimo_proveedor=@@@99554560-8@@@ WHERE pro_codigo_plu=18049','',2,'2013-11-08'),(88237,'UPDATE mae_productos SET pro_precio_compra_bruto=759.02,pro_margen_actual=(pro_precio_venta-759.02)/759.02 * 100,pro_ultima_compra=@@@2013.11.08@@@,pro_ultimo_proveedor=@@@99554560-8@@@ WHERE pro_codigo_plu=18068','',2,'2013-11-08'),(88238,'UPDATE mae_productos SET pro_precio_compra_bruto=1176.24,pro_margen_actual=(pro_precio_venta-1176.24)/1176.24 * 100,pro_ultima_compra=@@@2013.11.08@@@,pro_ultimo_proveedor=@@@99554560-8@@@ WHERE pro_codigo_plu=18064','',2,'2013-11-08'),(88239,'UPDATE mae_productos SET pro_precio_compra_bruto=743.54,pro_margen_actual=(pro_precio_venta-743.54)/743.54 * 100,pro_ultima_compra=@@@2013.11.08@@@,pro_ultimo_proveedor=@@@99554560-8@@@ WHERE pro_codigo_plu=18074','',2,'2013-11-08'),(88240,'UPDATE mae_productos SET pro_precio_compra_bruto=2047.58,pro_margen_actual=(pro_precio_venta-2047.58)/2047.58 * 100,pro_ultima_compra=@@@2013.11.08@@@,pro_ultimo_proveedor=@@@99554560-8@@@ WHERE pro_codigo_plu=17659','',2,'2013-11-08'),(88241,'UPDATE mae_productos SET pro_precio_compra_bruto=1886.85,pro_margen_actual=(pro_precio_venta-1886.85)/1886.85 * 100,pro_ultima_compra=@@@2013.11.08@@@,pro_ultimo_proveedor=@@@99554560-8@@@ WHERE pro_codigo_plu=17630','',2,'2013-11-08'),(88242,'UPDATE mae_productos SET pro_precio_compra_bruto=942.09,pro_margen_actual=(pro_precio_venta-942.09)/942.09 * 100,pro_ultima_compra=@@@2013.11.08@@@,pro_ultimo_proveedor=@@@99554560-8@@@ WHERE pro_codigo_plu=763532','',2,'2013-11-08'),(88243,'UPDATE mae_productos SET pro_precio_compra_bruto=1878.36,pro_margen_actual=(pro_precio_venta-1878.36)/1878.36 * 100,pro_ultima_compra=@@@2013.11.08@@@,pro_ultimo_proveedor=@@@99554560-8@@@ WHERE pro_codigo_plu=17631','',2,'2013-11-08'),(88244,'UPDATE mae_productos SET pro_precio_compra_bruto=911.99,pro_margen_actual=(pro_precio_venta-911.99)/911.99 * 100,pro_ultima_compra=@@@2013.11.08@@@,pro_ultimo_proveedor=@@@99554560-8@@@ WHERE pro_codigo_plu=17831','',2,'2013-11-08'),(88245,'UPDATE mae_productos SET pro_precio_compra_bruto=620.18,pro_margen_actual=(pro_precio_venta-620.18)/620.18 * 100,pro_ultima_compra=@@@2013.11.08@@@,pro_ultimo_proveedor=@@@99554560-8@@@ WHERE pro_codigo_plu=17821','',2,'2013-11-08'),(88246,'UPDATE mae_productos SET pro_precio_compra_bruto=530.25,pro_margen_actual=(pro_precio_venta-530.25)/530.25 * 100,pro_ultima_compra=@@@2013.11.08@@@,pro_ultimo_proveedor=@@@99554560-8@@@ WHERE pro_codigo_plu=870220','',2,'2013-11-08'),(88247,'UPDATE mae_productos SET pro_precio_compra_bruto=757.03,pro_margen_actual=(pro_precio_venta-757.03)/757.03 * 100,pro_ultima_compra=@@@2013.11.08@@@,pro_ultimo_proveedor=@@@99554560-8@@@ WHERE pro_codigo_plu=763369','',2,'2013-11-08'),(88248,'UPDATE mae_productos SET pro_precio_compra_bruto=757.03,pro_margen_actual=(pro_precio_venta-757.03)/757.03 * 100,pro_ultima_compra=@@@2013.11.08@@@,pro_ultimo_proveedor=@@@99554560-8@@@ WHERE pro_codigo_plu=763377','',2,'2013-11-08'),(88249,'UPDATE mae_productos SET pro_precio_compra_bruto=585.67,pro_margen_actual=(pro_precio_venta-585.67)/585.67 * 100,pro_ultima_compra=@@@2013.11.08@@@,pro_ultimo_proveedor=@@@99554560-8@@@ WHERE pro_codigo_plu=763367','',2,'2013-11-08'),(88250,'UPDATE mae_productos SET pro_precio_compra_bruto=914.72,pro_margen_actual=(pro_precio_venta-914.72)/914.72 * 100,pro_ultima_compra=@@@2013.11.08@@@,pro_ultimo_proveedor=@@@99554560-8@@@ WHERE pro_codigo_plu=763368','',2,'2013-11-08'),(88251,'UPDATE mae_productos SET pro_precio_compra_bruto=757.03,pro_margen_actual=(pro_precio_venta-757.03)/757.03 * 100,pro_ultima_compra=@@@2013.11.08@@@,pro_ultimo_proveedor=@@@99554560-8@@@ WHERE pro_codigo_plu=763366','',2,'2013-11-08'),(88252,'UPDATE mae_productos SET pro_precio_compra_bruto=757.03,pro_margen_actual=(pro_precio_venta-757.03)/757.03 * 100,pro_ultima_compra=@@@2013.11.08@@@,pro_ultimo_proveedor=@@@99554560-8@@@ WHERE pro_codigo_plu=780722045','',2,'2013-11-08'),(88253,'UPDATE mae_productos SET pro_precio_compra_bruto=757.03,pro_margen_actual=(pro_precio_venta-757.03)/757.03 * 100,pro_ultima_compra=@@@2013.11.08@@@,pro_ultimo_proveedor=@@@99554560-8@@@ WHERE pro_codigo_plu=870173','',2,'2013-11-08'),(88254,'UPDATE mae_productos SET pro_precio_compra_bruto=879.33,pro_margen_actual=(pro_precio_venta-879.33)/879.33 * 100,pro_ultima_compra=@@@2013.11.08@@@,pro_ultimo_proveedor=@@@99554560-8@@@ WHERE pro_codigo_plu=780220167','',2,'2013-11-08'),(88255,'UPDATE mae_productos SET pro_precio_compra_bruto=879.33,pro_margen_actual=(pro_precio_venta-879.33)/879.33 * 100,pro_ultima_compra=@@@2013.11.08@@@,pro_ultimo_proveedor=@@@99554560-8@@@ WHERE pro_codigo_plu=780220165','',2,'2013-11-08'),(88256,'UPDATE mae_productos SET pro_precio_compra_bruto=879.19,pro_margen_actual=(pro_precio_venta-879.19)/879.19 * 100,pro_ultima_compra=@@@2013.11.08@@@,pro_ultimo_proveedor=@@@99554560-8@@@ WHERE pro_codigo_plu=780220166','',2,'2013-11-08'),(88257,'UPDATE mae_productos SET pro_precio_compra_bruto=757.03,pro_margen_actual=(pro_precio_venta-757.03)/757.03 * 100,pro_ultima_compra=@@@2013.11.08@@@,pro_ultimo_proveedor=@@@99554560-8@@@ WHERE pro_codigo_plu=870217','',2,'2013-11-08'),(88258,'INSERT INTO gne_vale_ferreteria (vfe_id,vfe_fecha,vfe_total,vfe_estado,vfe_entregado,usu_nusuario) VALUES (16143,@@@2013.11.08@@@,2630,1,0,@@@M_CASTILLO@@@)','',2,'2013-11-08'),(88259,'INSERT INTO gne_vale_ferreteria_mov (vfe_id,pro_codigo_plu,vfm_cantidad,vfm_unitario,vfm_total,vfm_entregado) VALUES (16143,20537,1,1750,1750,@@@NO@@@)','',2,'2013-11-08'),(88260,'INSERT INTO gne_vale_ferreteria_mov (vfe_id,pro_codigo_plu,vfm_cantidad,vfm_unitario,vfm_total,vfm_entregado) VALUES (16143,1535,1,390,390,@@@NO@@@)','',2,'2013-11-08'),(88261,'INSERT INTO gne_vale_ferreteria_mov (vfe_id,pro_codigo_plu,vfm_cantidad,vfm_unitario,vfm_total,vfm_entregado) VALUES (16143,1537,1,190,190,@@@NO@@@)','',2,'2013-11-08'),(88262,'INSERT INTO gne_vale_ferreteria_mov (vfe_id,pro_codigo_plu,vfm_cantidad,vfm_unitario,vfm_total,vfm_entregado) VALUES (16143,1540,1,300,300,@@@NO@@@)','',2,'2013-11-08'),(88263,'UPDATE mae_productos SET pro_precio_compra_bruto=6185.7,pro_margen_actual=(pro_precio_venta-6185.7)/6185.7 * 100,pro_ultima_compra=@@@2013.11.08@@@,pro_ultimo_proveedor=@@@99554560-8@@@ WHERE pro_codigo_plu=17678','',2,'2013-11-08'),(88264,'INSERT INTO gne_vale_ferreteria (vfe_id,vfe_fecha,vfe_total,vfe_estado,vfe_entregado,usu_nusuario) VALUES (16144,@@@2013.11.08@@@,170,1,0,@@@M_CASTILLO@@@)','',2,'2013-11-08'),(88265,'INSERT INTO gne_vale_ferreteria_mov (vfe_id,pro_codigo_plu,vfm_cantidad,vfm_unitario,vfm_total,vfm_entregado) VALUES (16144,8021,1,150,150,@@@NO@@@)','',2,'2013-11-08'),(88266,'INSERT INTO gne_vale_ferreteria_mov (vfe_id,pro_codigo_plu,vfm_cantidad,vfm_unitario,vfm_total,vfm_entregado) VALUES (16144,780721717,1,20,20,@@@NO@@@)','',2,'2013-11-08'),(88267,'INSERT INTO gne_vale_ferreteria (vfe_id,vfe_fecha,vfe_total,vfe_estado,vfe_entregado,usu_nusuario) VALUES (16145,@@@2013.11.08@@@,490,1,0,@@@M_CASTILLO@@@)','',2,'2013-11-08'),(88268,'INSERT INTO gne_vale_ferreteria_mov (vfe_id,pro_codigo_plu,vfm_cantidad,vfm_unitario,vfm_total,vfm_entregado) VALUES (16145,3043,1,490,490,@@@NO@@@)','',2,'2013-11-08'),(88269,'INSERT INTO gne_vale_ferreteria (vfe_id,vfe_fecha,vfe_total,vfe_estado,vfe_entregado,usu_nusuario) VALUES (16146,@@@2013.11.08@@@,1290,1,0,@@@M_CASTILLO@@@)','',2,'2013-11-08'),(88270,'INSERT INTO gne_vale_ferreteria_mov (vfe_id,pro_codigo_plu,vfm_cantidad,vfm_unitario,vfm_total,vfm_entregado) VALUES (16146,780721514,1,1290,1290,@@@NO@@@)','',2,'2013-11-08'),(88271,'INSERT INTO gne_vale_ferreteria (vfe_id,vfe_fecha,vfe_total,vfe_estado,vfe_entregado,usu_nusuario) VALUES (16147,@@@2013.11.08@@@,4590,1,0,@@@M_CASTILLO@@@)','',2,'2013-11-08'),(88272,'INSERT INTO gne_vale_ferreteria_mov (vfe_id,pro_codigo_plu,vfm_cantidad,vfm_unitario,vfm_total,vfm_entregado) VALUES (16147,780721583,1,1100,1100,@@@NO@@@)','',2,'2013-11-08'),(88273,'INSERT INTO gne_vale_ferreteria_mov (vfe_id,pro_codigo_plu,vfm_cantidad,vfm_unitario,vfm_total,vfm_entregado) VALUES (16147,21108,1,3490,3490,@@@NO@@@)','',2,'2013-11-08'),(88274,'INSERT INTO gne_vale_ferreteria (vfe_id,vfe_fecha,vfe_total,vfe_estado,vfe_entregado,usu_nusuario) VALUES (16148,@@@2013.11.08@@@,60,1,0,@@@M_CASTILLO@@@)','',2,'2013-11-08'),(88275,'INSERT INTO gne_vale_ferreteria_mov (vfe_id,pro_codigo_plu,vfm_cantidad,vfm_unitario,vfm_total,vfm_entregado) VALUES (16148,770029,2,30,60,@@@NO@@@)','',2,'2013-11-08'),(88276,'INSERT INTO gne_vale_ferreteria (vfe_id,vfe_fecha,vfe_total,vfe_estado,vfe_entregado,usu_nusuario) VALUES (16149,@@@2013.11.08@@@,1350,1,0,@@@M_CASTILLO@@@)','',2,'2013-11-08'),(88277,'INSERT INTO gne_vale_ferreteria_mov (vfe_id,pro_codigo_plu,vfm_cantidad,vfm_unitario,vfm_total,vfm_entregado) VALUES (16149,780721713,3,450,1350,@@@NO@@@)','',2,'2013-11-08'),(88278,'INSERT INTO gne_vale_ferreteria (vfe_id,vfe_fecha,vfe_total,vfe_estado,vfe_entregado,usu_nusuario) VALUES (16150,@@@2013.11.08@@@,1480,1,0,@@@M_CASTILLO@@@)','',2,'2013-11-08'),(88279,'INSERT INTO gne_vale_ferreteria_mov (vfe_id,pro_codigo_plu,vfm_cantidad,vfm_unitario,vfm_total,vfm_entregado) VALUES (16150,20598,1,590,590,@@@NO@@@)','',2,'2013-11-08'),(88280,'INSERT INTO gne_vale_ferreteria_mov (vfe_id,pro_codigo_plu,vfm_cantidad,vfm_unitario,vfm_total,vfm_entregado) VALUES (16150,11602,1,890,890,@@@NO@@@)','',2,'2013-11-08'),(88281,'UPDATE mae_productos SET pro_precio_compra_bruto=510.49,pro_margen_actual=(pro_precio_venta-510.49)/510.49 * 100,pro_ultima_compra=@@@2013.11.08@@@,pro_ultimo_proveedor=@@@99554560-8@@@ WHERE pro_codigo_plu=17443','',2,'2013-11-08'),(88282,'UPDATE mae_productos SET pro_precio_compra_bruto=505.91,pro_margen_actual=(pro_precio_venta-505.91)/505.91 * 100,pro_ultima_compra=@@@2013.11.08@@@,pro_ultimo_proveedor=@@@99554560-8@@@ WHERE pro_codigo_plu=17433','',2,'2013-11-08'),(88283,'UPDATE mae_productos SET pro_precio_compra_bruto=409.14,pro_margen_actual=(pro_precio_venta-409.14)/409.14 * 100,pro_ultima_compra=@@@2013.11.08@@@,pro_ultimo_proveedor=@@@99554560-8@@@ WHERE pro_codigo_plu=17444','',2,'2013-11-08'),(88284,'UPDATE mae_productos SET pro_precio_compra_bruto=409.06,pro_margen_actual=(pro_precio_venta-409.06)/409.06 * 100,pro_ultima_compra=@@@2013.11.08@@@,pro_ultimo_proveedor=@@@99554560-8@@@ WHERE pro_codigo_plu=17437','',2,'2013-11-08'),(88285,'UPDATE mae_productos SET pro_precio_compra_bruto=435.63,pro_margen_actual=(pro_precio_venta-435.63)/435.63 * 100,pro_ultima_compra=@@@2013.11.08@@@,pro_ultimo_proveedor=@@@99554560-8@@@ WHERE pro_codigo_plu=10156','',2,'2013-11-08'),(88286,'UPDATE mae_productos SET pro_precio_compra_bruto=505.91,pro_margen_actual=(pro_precio_venta-505.91)/505.91 * 100,pro_ultima_compra=@@@2013.11.08@@@,pro_ultimo_proveedor=@@@99554560-8@@@ WHERE pro_codigo_plu=10152','',2,'2013-11-08'),(88287,'UPDATE mae_productos SET pro_precio_compra_bruto=505.91,pro_margen_actual=(pro_precio_venta-505.91)/505.91 * 100,pro_ultima_compra=@@@2013.11.08@@@,pro_ultimo_proveedor=@@@99554560-8@@@ WHERE pro_codigo_plu=763360','',2,'2013-11-08'),(88288,'UPDATE mae_productos SET pro_precio_compra_bruto=435.63,pro_margen_actual=(pro_precio_venta-435.63)/435.63 * 100,pro_ultima_compra=@@@2013.11.08@@@,pro_ultimo_proveedor=@@@99554560-8@@@ WHERE pro_codigo_plu=763364','',2,'2013-11-08'),(88289,'UPDATE mae_productos SET pro_precio_compra_bruto=505.91,pro_margen_actual=(pro_precio_venta-505.91)/505.91 * 100,pro_ultima_compra=@@@2013.11.08@@@,pro_ultimo_proveedor=@@@99554560-8@@@ WHERE pro_codigo_plu=763383','',2,'2013-11-08'),(88290,'UPDATE mae_productos SET pro_precio_compra_bruto=435.63,pro_margen_actual=(pro_precio_venta-435.63)/435.63 * 100,pro_ultima_compra=@@@2013.11.08@@@,pro_ultimo_proveedor=@@@99554560-8@@@ WHERE pro_codigo_plu=763376','',2,'2013-11-08'),(88291,'UPDATE mae_productos SET pro_precio_compra_bruto=435.63,pro_margen_actual=(pro_precio_venta-435.63)/435.63 * 100,pro_ultima_compra=@@@2013.11.08@@@,pro_ultimo_proveedor=@@@99554560-8@@@ WHERE pro_codigo_plu=763382','',2,'2013-11-08'),(88292,'INSERT INTO gne_vale_ferreteria (vfe_id,vfe_fecha,vfe_total,vfe_estado,vfe_entregado,usu_nusuario) VALUES (16151,@@@2013.11.08@@@,480,1,0,@@@M_CASTILLO@@@)','',2,'2013-11-08'),(88293,'INSERT INTO gne_vale_ferreteria_mov (vfe_id,pro_codigo_plu,vfm_cantidad,vfm_unitario,vfm_total,vfm_entregado) VALUES (16151,780721720,1,230,230,@@@NO@@@)','',2,'2013-11-08'),(88294,'INSERT INTO gne_vale_ferreteria_mov (vfe_id,pro_codigo_plu,vfm_cantidad,vfm_unitario,vfm_total,vfm_entregado) VALUES (16151,780721664,1,250,250,@@@NO@@@)','',2,'2013-11-08'),(88295,'INSERT INTO gne_vale_ferreteria (vfe_id,vfe_fecha,vfe_total,vfe_estado,vfe_entregado,usu_nusuario) VALUES (16152,@@@2013.11.08@@@,250,1,0,@@@M_CASTILLO@@@)','',2,'2013-11-08'),(88296,'INSERT INTO gne_vale_ferreteria_mov (vfe_id,pro_codigo_plu,vfm_cantidad,vfm_unitario,vfm_total,vfm_entregado) VALUES (16152,780721186,1,250,250,@@@NO@@@)','',2,'2013-11-08'),(88297,'INSERT INTO gne_vale_ferreteria (vfe_id,vfe_fecha,vfe_total,vfe_estado,vfe_entregado,usu_nusuario) VALUES (16153,@@@2013.11.08@@@,970,1,0,@@@M_CASTILLO@@@)','',2,'2013-11-08'),(88298,'INSERT INTO gne_vale_ferreteria_mov (vfe_id,pro_codigo_plu,vfm_cantidad,vfm_unitario,vfm_total,vfm_entregado) VALUES (16153,763582,1,650,650,@@@NO@@@)','',2,'2013-11-08'),(88299,'INSERT INTO gne_vale_ferreteria_mov (vfe_id,pro_codigo_plu,vfm_cantidad,vfm_unitario,vfm_total,vfm_entregado) VALUES (16153,8022,1,120,120,@@@NO@@@)','',2,'2013-11-08'),(88300,'INSERT INTO gne_vale_ferreteria_mov (vfe_id,pro_codigo_plu,vfm_cantidad,vfm_unitario,vfm_total,vfm_entregado) VALUES (16153,21135,1,200,200,@@@NO@@@)','',2,'2013-11-08'),(88301,'INSERT INTO gne_vale_ferreteria (vfe_id,vfe_fecha,vfe_total,vfe_estado,vfe_entregado,usu_nusuario) VALUES (16154,@@@2013.11.08@@@,4047,1,0,@@@M_CASTILLO@@@)','',2,'2013-11-08'),(88302,'INSERT INTO gne_vale_ferreteria_mov (vfe_id,pro_codigo_plu,vfm_cantidad,vfm_unitario,vfm_total,vfm_entregado) VALUES (16154,20425,1,2250,2250,@@@NO@@@)','',2,'2013-11-08'),(88303,'INSERT INTO gne_vale_ferreteria_mov (vfe_id,pro_codigo_plu,vfm_cantidad,vfm_unitario,vfm_total,vfm_entregado) VALUES (16154,19916,3,599,1797,@@@NO@@@)','',2,'2013-11-08'),(88304,'INSERT INTO gne_vale_ferreteria (vfe_id,vfe_fecha,vfe_total,vfe_estado,vfe_entregado,usu_nusuario) VALUES (16155,@@@2013.11.08@@@,150,1,0,@@@M_CASTILLO@@@)','',2,'2013-11-08'),(88305,'INSERT INTO gne_vale_ferreteria_mov (vfe_id,pro_codigo_plu,vfm_cantidad,vfm_unitario,vfm_total,vfm_entregado) VALUES (16155,909190,1,150,150,@@@NO@@@)','',2,'2013-11-08'),(88306,'INSERT INTO gne_vale_ferreteria (vfe_id,vfe_fecha,vfe_total,vfe_estado,vfe_entregado,usu_nusuario) VALUES (16156,@@@2013.11.08@@@,2290,1,0,@@@G_DIAZ@@@)','',2,'2013-11-08'),(88307,'INSERT INTO gne_vale_ferreteria_mov (vfe_id,pro_codigo_plu,vfm_cantidad,vfm_unitario,vfm_total,vfm_entregado) VALUES (16156,780220157,1,2290,2290,@@@NO@@@)','',2,'2013-11-08'),(88308,'INSERT INTO gne_vale_ferreteria (vfe_id,vfe_fecha,vfe_total,vfe_estado,vfe_entregado,usu_nusuario) VALUES (16157,@@@2013.11.08@@@,1100,1,0,@@@G_DIAZ@@@)','',2,'2013-11-08'),(88309,'INSERT INTO gne_vale_ferreteria_mov (vfe_id,pro_codigo_plu,vfm_cantidad,vfm_unitario,vfm_total,vfm_entregado) VALUES (16157,763983,1,1100,1100,@@@NO@@@)','',2,'2013-11-08'),(88310,'INSERT INTO gne_vale_ferreteria (vfe_id,vfe_fecha,vfe_total,vfe_estado,vfe_entregado,usu_nusuario) VALUES (16158,@@@2013.11.08@@@,4970,1,0,@@@G_DIAZ@@@)','',2,'2013-11-08'),(88311,'INSERT INTO gne_vale_ferreteria_mov (vfe_id,pro_codigo_plu,vfm_cantidad,vfm_unitario,vfm_total,vfm_entregado) VALUES (16158,780721681,2,490,980,@@@NO@@@)','',2,'2013-11-08'),(88312,'INSERT INTO gne_vale_ferreteria_mov (vfe_id,pro_codigo_plu,vfm_cantidad,vfm_unitario,vfm_total,vfm_entregado) VALUES (16158,764879,1,3990,3990,@@@NO@@@)','',2,'2013-11-08'),(88313,'INSERT INTO gne_vale_ferreteria (vfe_id,vfe_fecha,vfe_total,vfe_estado,vfe_entregado,usu_nusuario) VALUES (16159,@@@2013.11.08@@@,200,1,0,@@@G_DIAZ@@@)','',2,'2013-11-08'),(88314,'INSERT INTO gne_vale_ferreteria_mov (vfe_id,pro_codigo_plu,vfm_cantidad,vfm_unitario,vfm_total,vfm_entregado) VALUES (16159,1556,1,200,200,@@@NO@@@)','',2,'2013-11-08'),(88315,'INSERT INTO gne_vale_ferreteria (vfe_id,vfe_fecha,vfe_total,vfe_estado,vfe_entregado,usu_nusuario) VALUES (16160,@@@2013.11.08@@@,600,1,0,@@@G_DIAZ@@@)','',2,'2013-11-08'),(88316,'INSERT INTO gne_vale_ferreteria_mov (vfe_id,pro_codigo_plu,vfm_cantidad,vfm_unitario,vfm_total,vfm_entregado) VALUES (16160,78017111,6,100,600,@@@NO@@@)','',2,'2013-11-08'),(88317,'INSERT INTO gne_vale_ferreteria (vfe_id,vfe_fecha,vfe_total,vfe_estado,vfe_entregado,usu_nusuario) VALUES (16161,@@@2013.11.08@@@,1100,1,0,@@@G_DIAZ@@@)','',2,'2013-11-08'),(88318,'INSERT INTO gne_vale_ferreteria_mov (vfe_id,pro_codigo_plu,vfm_cantidad,vfm_unitario,vfm_total,vfm_entregado) VALUES (16161,763582,1,650,650,@@@NO@@@)','',2,'2013-11-08'),(88319,'INSERT INTO gne_vale_ferreteria_mov (vfe_id,pro_codigo_plu,vfm_cantidad,vfm_unitario,vfm_total,vfm_entregado) VALUES (16161,36650,1,450,450,@@@NO@@@)','',2,'2013-11-08'),(88320,'INSERT INTO gne_vale_ferreteria (vfe_id,vfe_fecha,vfe_total,vfe_estado,vfe_entregado,usu_nusuario) VALUES (16162,@@@2013.11.08@@@,190,1,0,@@@G_DIAZ@@@)','',2,'2013-11-08'),(88321,'INSERT INTO gne_vale_ferreteria_mov (vfe_id,pro_codigo_plu,vfm_cantidad,vfm_unitario,vfm_total,vfm_entregado) VALUES (16162,4131,1,150,150,@@@NO@@@)','',2,'2013-11-08'),(88322,'INSERT INTO gne_vale_ferreteria_mov (vfe_id,pro_codigo_plu,vfm_cantidad,vfm_unitario,vfm_total,vfm_entregado) VALUES (16162,4080,1,40,40,@@@NO@@@)','',2,'2013-11-08'),(88323,'UPDATE mae_productos SET pro_precio_compra_bruto=1328.8,pro_margen_actual=(pro_precio_venta-1328.8)/1328.8 * 100,pro_ultima_compra=@@@2013.11.08@@@,pro_ultimo_proveedor=@@@84348700-9@@@ WHERE pro_codigo_plu=10033','',2,'2013-11-08'),(88324,'INSERT INTO gne_vale_ferreteria (vfe_id,vfe_fecha,vfe_total,vfe_estado,vfe_entregado,usu_nusuario) VALUES (16163,@@@2013.11.08@@@,240,1,0,@@@G_DIAZ@@@)','',2,'2013-11-08'),(88325,'INSERT INTO gne_vale_ferreteria_mov (vfe_id,pro_codigo_plu,vfm_cantidad,vfm_unitario,vfm_total,vfm_entregado) VALUES (16163,8022,2,120,240,@@@NO@@@)','',2,'2013-11-08'),(88326,'UPDATE mae_productos SET pro_precio_compra_bruto=3170.16,pro_margen_actual=(pro_precio_venta-3170.16)/3170.16 * 100,pro_ultima_compra=@@@2013.11.08@@@,pro_ultimo_proveedor=@@@76218060-K@@@ WHERE pro_codigo_plu=761305','',2,'2013-11-08'),(88327,'UPDATE mae_productos SET pro_precio_compra_bruto=1644.5,pro_margen_actual=(pro_precio_venta-1644.5)/1644.5 * 100,pro_ultima_compra=@@@2013.11.08@@@,pro_ultimo_proveedor=@@@76218060-K@@@ WHERE pro_codigo_plu=763407','',2,'2013-11-08'),(88328,'UPDATE mae_productos SET pro_precio_compra_bruto=935.34,pro_margen_actual=(pro_precio_venta-935.34)/935.34 * 100,pro_ultima_compra=@@@2013.11.08@@@,pro_ultimo_proveedor=@@@76218060-K@@@ WHERE pro_codigo_plu=13983','',2,'2013-11-08'),(88329,'UPDATE mae_productos SET pro_precio_compra_bruto=1011.12,pro_margen_actual=(pro_precio_venta-1011.12)/1011.12 * 100,pro_ultima_compra=@@@2013.11.08@@@,pro_ultimo_proveedor=@@@76218060-K@@@ WHERE pro_codigo_plu=763420','',2,'2013-11-08'),(88330,'UPDATE mae_productos SET pro_precio_compra_bruto=133.52,pro_margen_actual=(pro_precio_venta-133.52)/133.52 * 100,pro_ultima_compra=@@@2013.11.08@@@,pro_ultimo_proveedor=@@@76218060-K@@@ WHERE pro_codigo_plu=78017088','',2,'2013-11-08'),(88331,'UPDATE mae_productos SET pro_precio_compra_bruto=133.52,pro_margen_actual=(pro_precio_venta-133.52)/133.52 * 100,pro_ultima_compra=@@@2013.11.08@@@,pro_ultimo_proveedor=@@@76218060-K@@@ WHERE pro_codigo_plu=78017076','',2,'2013-11-08'),(88332,'UPDATE mae_productos SET pro_precio_compra_bruto=166.28,pro_margen_actual=(pro_precio_venta-166.28)/166.28 * 100,pro_ultima_compra=@@@2013.11.08@@@,pro_ultimo_proveedor=@@@76218060-K@@@ WHERE pro_codigo_plu=780721875','',2,'2013-11-08'),(88333,'UPDATE mae_productos SET pro_precio_compra_bruto=407.82,pro_margen_actual=(pro_precio_venta-407.82)/407.82 * 100,pro_ultima_compra=@@@2013.11.08@@@,pro_ultimo_proveedor=@@@76218060-K@@@ WHERE pro_codigo_plu=11075','',2,'2013-11-08'),(88334,'UPDATE mae_productos SET pro_precio_compra_bruto=1511.54,pro_margen_actual=(pro_precio_venta-1511.54)/1511.54 * 100,pro_ultima_compra=@@@2013.11.08@@@,pro_ultimo_proveedor=@@@76218060-K@@@ WHERE pro_codigo_plu=10228','',2,'2013-11-08'),(88335,'UPDATE mae_productos SET pro_precio_compra_bruto=769.68,pro_margen_actual=(pro_precio_venta-769.68)/769.68 * 100,pro_ultima_compra=@@@2013.11.08@@@,pro_ultimo_proveedor=@@@76218060-K@@@ WHERE pro_codigo_plu=10250','',2,'2013-11-08'),(88336,'UPDATE mae_productos SET pro_precio_compra_bruto=707.65,pro_margen_actual=(pro_precio_venta-707.65)/707.65 * 100,pro_ultima_compra=@@@2013.11.08@@@,pro_ultimo_proveedor=@@@76218060-K@@@ WHERE pro_codigo_plu=11077','',2,'2013-11-08'),(88337,'UPDATE mae_productos SET pro_precio_compra_bruto=89.82,pro_margen_actual=(pro_precio_venta-89.82)/89.82 * 100,pro_ultima_compra=@@@2013.11.08@@@,pro_ultimo_proveedor=@@@76218060-K@@@ WHERE pro_codigo_plu=11083','',2,'2013-11-08'),(88338,'UPDATE mae_productos SET pro_precio_compra_bruto=281.63,pro_margen_actual=(pro_precio_venta-281.63)/281.63 * 100,pro_ultima_compra=@@@2013.11.08@@@,pro_ultimo_proveedor=@@@76218060-K@@@ WHERE pro_codigo_plu=11074','',2,'2013-11-08'),(88339,'UPDATE mae_productos SET pro_precio_compra_bruto=935.34,pro_margen_actual=(pro_precio_venta-935.34)/935.34 * 100,pro_ultima_compra=@@@2013.11.08@@@,pro_ultimo_proveedor=@@@76218060-K@@@ WHERE pro_codigo_plu=13980','',2,'2013-11-08'),(88340,'UPDATE mae_productos SET pro_precio_compra_bruto=277.09,pro_margen_actual=(pro_precio_venta-277.09)/277.09 * 100,pro_ultima_compra=@@@2013.11.08@@@,pro_ultimo_proveedor=@@@76218060-K@@@ WHERE pro_codigo_plu=10610','',2,'2013-11-08'),(88341,'UPDATE mae_productos SET pro_precio_compra_bruto=143,pro_margen_actual=(pro_precio_venta-143)/143 * 100,pro_ultima_compra=@@@2013.11.08@@@,pro_ultimo_proveedor=@@@76218060-K@@@ WHERE pro_codigo_plu=780721259','',2,'2013-11-08'),(88342,'UPDATE mae_productos SET pro_precio_compra_bruto=181.35,pro_margen_actual=(pro_precio_venta-181.35)/181.35 * 100,pro_ultima_compra=@@@2013.11.08@@@,pro_ultimo_proveedor=@@@76218060-K@@@ WHERE pro_codigo_plu=780722025','',2,'2013-11-08'),(88343,'UPDATE mae_productos SET pro_precio_compra_bruto=1596.48,pro_margen_actual=(pro_precio_venta-1596.48)/1596.48 * 100,pro_ultima_compra=@@@2013.11.08@@@,pro_ultimo_proveedor=@@@76218060-K@@@ WHERE pro_codigo_plu=12431','',2,'2013-11-08'),(88344,'UPDATE mae_productos SET pro_precio_compra_bruto=787.78,pro_margen_actual=(pro_precio_venta-787.78)/787.78 * 100,pro_ultima_compra=@@@2013.11.08@@@,pro_ultimo_proveedor=@@@76218060-K@@@ WHERE pro_codigo_plu=78610','',2,'2013-11-08'),(88345,'UPDATE mae_productos SET pro_precio_compra_bruto=638.46,pro_margen_actual=(pro_precio_venta-638.46)/638.46 * 100,pro_ultima_compra=@@@2013.11.08@@@,pro_ultimo_proveedor=@@@76218060-K@@@ WHERE pro_codigo_plu=12418','',2,'2013-11-08'),(88346,'UPDATE mae_productos SET pro_precio_compra_bruto=260.96,pro_margen_actual=(pro_precio_venta-260.96)/260.96 * 100,pro_ultima_compra=@@@2013.11.08@@@,pro_ultimo_proveedor=@@@76218060-K@@@ WHERE pro_codigo_plu=12581','',2,'2013-11-08'),(88347,'UPDATE mae_productos SET pro_precio_compra_bruto=407.47,pro_margen_actual=(pro_precio_venta-407.47)/407.47 * 100,pro_ultima_compra=@@@2013.11.08@@@,pro_ultimo_proveedor=@@@76218060-K@@@ WHERE pro_codigo_plu=12061','',2,'2013-11-08'),(88348,'UPDATE mae_productos SET pro_precio_compra_bruto=1551.76,pro_margen_actual=(pro_precio_venta-1551.76)/1551.76 * 100,pro_ultima_compra=@@@2013.11.08@@@,pro_ultimo_proveedor=@@@76218060-K@@@ WHERE pro_codigo_plu=19222','',2,'2013-11-08'),(88349,'UPDATE mae_productos SET pro_precio_compra_bruto=101.54,pro_margen_actual=(pro_precio_venta-101.54)/101.54 * 100,pro_ultima_compra=@@@2013.11.08@@@,pro_ultimo_proveedor=@@@76218060-K@@@ WHERE pro_codigo_plu=101426','',2,'2013-11-08'),(88350,'UPDATE mae_productos SET pro_precio_compra_bruto=101.54,pro_margen_actual=(pro_precio_venta-101.54)/101.54 * 100,pro_ultima_compra=@@@2013.11.08@@@,pro_ultimo_proveedor=@@@76218060-K@@@ WHERE pro_codigo_plu=100995','',2,'2013-11-08'),(88351,'UPDATE mae_productos SET pro_precio_compra_bruto=101.54,pro_margen_actual=(pro_precio_venta-101.54)/101.54 * 100,pro_ultima_compra=@@@2013.11.08@@@,pro_ultimo_proveedor=@@@76218060-K@@@ WHERE pro_codigo_plu=100997','',2,'2013-11-08'),(88352,'UPDATE mae_productos SET pro_precio_compra_bruto=660.33,pro_margen_actual=(pro_precio_venta-660.33)/660.33 * 100,pro_ultima_compra=@@@2013.11.08@@@,pro_ultimo_proveedor=@@@76218060-K@@@ WHERE pro_codigo_plu=14183','',2,'2013-11-08'),(88353,'UPDATE mae_productos SET pro_precio_compra_bruto=585.18,pro_margen_actual=(pro_precio_venta-585.18)/585.18 * 100,pro_ultima_compra=@@@2013.11.08@@@,pro_ultimo_proveedor=@@@76218060-K@@@ WHERE pro_codigo_plu=11932','',2,'2013-11-08'),(88354,'UPDATE mae_productos SET pro_precio_compra_bruto=354.5,pro_margen_actual=(pro_precio_venta-354.5)/354.5 * 100,pro_ultima_compra=@@@2013.11.08@@@,pro_ultimo_proveedor=@@@76218060-K@@@ WHERE pro_codigo_plu=11998','',2,'2013-11-08'),(88355,'UPDATE mae_productos SET pro_precio_compra_bruto=141.46,pro_margen_actual=(pro_precio_venta-141.46)/141.46 * 100,pro_ultima_compra=@@@2013.11.08@@@,pro_ultimo_proveedor=@@@76218060-K@@@ WHERE pro_codigo_plu=262062','',2,'2013-11-08'),(88356,'UPDATE mae_productos SET pro_precio_compra_bruto=101.54,pro_margen_actual=(pro_precio_venta-101.54)/101.54 * 100,pro_ultima_compra=@@@2013.11.08@@@,pro_ultimo_proveedor=@@@76218060-K@@@ WHERE pro_codigo_plu=12129','',2,'2013-11-08'),(88357,'UPDATE mae_productos SET pro_precio_compra_bruto=1477.98,pro_margen_actual=(pro_precio_venta-1477.98)/1477.98 * 100,pro_ultima_compra=@@@2013.11.08@@@,pro_ultimo_proveedor=@@@84348700-9@@@ WHERE pro_codigo_plu=102727','',2,'2013-11-08'),(88358,'UPDATE mae_productos SET pro_precio_compra_bruto=791.7,pro_margen_actual=(pro_precio_venta-791.7)/791.7 * 100,pro_ultima_compra=@@@2013.11.08@@@,pro_ultimo_proveedor=@@@84348700-9@@@ WHERE pro_codigo_plu=20180','',2,'2013-11-08'),(88359,'UPDATE mae_productos SET pro_precio_compra_bruto=1037.085,pro_margen_actual=(pro_precio_venta-1037.085)/1037.085 * 100,pro_ultima_compra=@@@2013.11.08@@@,pro_ultimo_proveedor=@@@84348700-9@@@ WHERE pro_codigo_plu=14860','',2,'2013-11-08'),(88360,'UPDATE mae_productos SET pro_precio_compra_bruto=453.58,pro_margen_actual=(pro_precio_venta-453.58)/453.58 * 100,pro_ultima_compra=@@@2013.11.08@@@,pro_ultimo_proveedor=@@@84348700-9@@@ WHERE pro_codigo_plu=962887','',2,'2013-11-08'),(88361,'UPDATE mae_productos SET pro_precio_compra_bruto=304.98,pro_margen_actual=(pro_precio_venta-304.98)/304.98 * 100,pro_ultima_compra=@@@2013.11.08@@@,pro_ultimo_proveedor=@@@84348700-9@@@ WHERE pro_codigo_plu=14601','',2,'2013-11-08'),(88362,'UPDATE mae_productos SET pro_precio_compra_bruto=277.91,pro_margen_actual=(pro_precio_venta-277.91)/277.91 * 100,pro_ultima_compra=@@@2013.11.08@@@,pro_ultimo_proveedor=@@@84348700-9@@@ WHERE pro_codigo_plu=14608','',2,'2013-11-08'),(88363,'UPDATE mae_productos SET pro_precio_compra_bruto=1141.74,pro_margen_actual=(pro_precio_venta-1141.74)/1141.74 * 100,pro_ultima_compra=@@@2013.11.08@@@,pro_ultimo_proveedor=@@@84348700-9@@@ WHERE pro_codigo_plu=13296','',2,'2013-11-08'),(88364,'UPDATE mae_productos SET pro_precio_compra_bruto=1913.5,pro_margen_actual=(pro_precio_venta-1913.5)/1913.5 * 100,pro_ultima_compra=@@@2013.11.08@@@,pro_ultimo_proveedor=@@@84348700-9@@@ WHERE pro_codigo_plu=8077','',2,'2013-11-08'),(88365,'UPDATE mae_productos SET pro_precio_compra_bruto=2990.47,pro_margen_actual=(pro_precio_venta-2990.47)/2990.47 * 100,pro_ultima_compra=@@@2013.11.08@@@,pro_ultimo_proveedor=@@@84348700-9@@@ WHERE pro_codigo_plu=763353','',2,'2013-11-08'),(88366,'UPDATE mae_productos SET pro_precio_compra_bruto=441.6,pro_margen_actual=(pro_precio_venta-441.6)/441.6 * 100,pro_ultima_compra=@@@2013.11.08@@@,pro_ultimo_proveedor=@@@84348700-9@@@ WHERE pro_codigo_plu=10584','',2,'2013-11-08'),(88367,'UPDATE mae_productos SET pro_precio_compra_bruto=530.62,pro_margen_actual=(pro_precio_venta-530.62)/530.62 * 100,pro_ultima_compra=@@@2013.11.08@@@,pro_ultimo_proveedor=@@@84348700-9@@@ WHERE pro_codigo_plu=10585','',2,'2013-11-08'),(88368,'UPDATE mae_productos SET pro_precio_compra_bruto=432.045,pro_margen_actual=(pro_precio_venta-432.045)/432.045 * 100,pro_ultima_compra=@@@2013.11.08@@@,pro_ultimo_proveedor=@@@84348700-9@@@ WHERE pro_codigo_plu=14575','',2,'2013-11-08'),(88369,'UPDATE mae_productos SET pro_precio_compra_bruto=661.77,pro_margen_actual=(pro_precio_venta-661.77)/661.77 * 100,pro_ultima_compra=@@@2013.11.08@@@,pro_ultimo_proveedor=@@@84348700-9@@@ WHERE pro_codigo_plu=761865','',2,'2013-11-08'),(88370,'UPDATE mae_productos SET pro_precio_compra_bruto=1000,pro_margen_actual=(pro_precio_venta-1000)/1000 * 100,pro_ultima_compra=@@@2013.11.08@@@,pro_ultimo_proveedor=@@@76717550-7@@@ WHERE pro_codigo_plu=383','',2,'2013-11-08'),(88371,'INSERT INTO mae_productos (pro_codigo_plu,pro_codigo_barra,pro_tipo,pro_nombre_producto,pro_nombre_corto,med_id,emb_id,pro_unidades_embalaje,dep_id,lin_id,mar_id,pro_precio_compra_neto,pro_precio_compra_bruto,pro_precio_venta,pro_margen_actual,pro_oferta,pro_fecha_inicio_oferta,pro_fecha_termino_oferta,pro_precio_oferta,pro_stock_minimo,pro_stock_critico,pro_entradas_bodega,pro_salidas_bodega,pro_mermas_bodega,pro_ajustes_bodega,pro_entradas_sv,pro_salidas_sv,pro_mermas_sv,pro_ajustes_sv,pro_activo,rec_numero,pro_unidad,pro_capacidad,pro_consumo_bodega,pro_consumo_sv,pro_estado,pro_funcion_plu,pro_flejes,pro_iva,pro_plu_asociado,pro_envase,pro_duracion,pro_numero_etiqueta) VALUES (108787,@@@7802000009624@@@,@@@0@@@,@@@PAPAS LAYS AL HILO 40 GRS@@@,@@@PAPAS LAYS AL HI@@@,@@@5 @@@,@@@6 @@@,@@@20@@@,@@@32 @@@,@@@160@@@,@@@585@@@,@@@0@@@,@@@609.28@@@,@@@1@@@,@@@-99.84@@@,@@@@@@,@@@2006.09.07@@@,@@@2006.09.07@@@,@@@0@@@,@@@10@@@,@@@5@@@,@@@0@@@,@@@0@@@,@@@0@@@,@@@0@@@,@@@0@@@,@@@0@@@,@@@0@@@,@@@0@@@,@@@1@@@,@@@0@@@,0,40,0,0,2,0,1,1,0,@@@NO@@@,0,0)','',2,'2013-11-08'),(88372,'DELETE FROM mae_impuestos_productos WHERE pro_codigo_plu=@@@108787@@@','',2,'2013-11-08'),(88373,'INSERT INTO gne_vale_ferreteria (vfe_id,vfe_fecha,vfe_total,vfe_estado,vfe_entregado,usu_nusuario) VALUES (16164,@@@2013.11.08@@@,3690,1,0,@@@G_DIAZ@@@)','',2,'2013-11-08'),(88374,'INSERT INTO gne_vale_ferreteria_mov (vfe_id,pro_codigo_plu,vfm_cantidad,vfm_unitario,vfm_total,vfm_entregado) VALUES (16164,7500887,1,1200,1200,@@@NO@@@)','',2,'2013-11-08'),(88375,'INSERT INTO gne_vale_ferreteria_mov (vfe_id,pro_codigo_plu,vfm_cantidad,vfm_unitario,vfm_total,vfm_entregado) VALUES (16164,764601,1,2490,2490,@@@NO@@@)','',2,'2013-11-08'),(88376,'INSERT INTO gne_vale_ferreteria (vfe_id,vfe_fecha,vfe_total,vfe_estado,vfe_entregado,usu_nusuario) VALUES (16165,@@@2013.11.08@@@,1530,1,0,@@@G_DIAZ@@@)','',2,'2013-11-08'),(88377,'INSERT INTO gne_vale_ferreteria_mov (vfe_id,pro_codigo_plu,vfm_cantidad,vfm_unitario,vfm_total,vfm_entregado) VALUES (16165,12608,1,290,290,@@@NO@@@)','',2,'2013-11-08'),(88378,'INSERT INTO gne_vale_ferreteria_mov (vfe_id,pro_codigo_plu,vfm_cantidad,vfm_unitario,vfm_total,vfm_entregado) VALUES (16165,10989,1,750,750,@@@NO@@@)','',2,'2013-11-08'),(88379,'INSERT INTO gne_vale_ferreteria_mov (vfe_id,pro_codigo_plu,vfm_cantidad,vfm_unitario,vfm_total,vfm_entregado) VALUES (16165,1538,1,490,490,@@@NO@@@)','',2,'2013-11-08'),(88380,'INSERT INTO gne_vale_ferreteria (vfe_id,vfe_fecha,vfe_total,vfe_estado,vfe_entregado,usu_nusuario) VALUES (16166,@@@2013.11.08@@@,4560,1,0,@@@G_DIAZ@@@)','',2,'2013-11-08'),(88381,'INSERT INTO gne_vale_ferreteria_mov (vfe_id,pro_codigo_plu,vfm_cantidad,vfm_unitario,vfm_total,vfm_entregado) VALUES (16166,763602,2,1890,3780,@@@NO@@@)','',2,'2013-11-08'),(88382,'INSERT INTO gne_vale_ferreteria_mov (vfe_id,pro_codigo_plu,vfm_cantidad,vfm_unitario,vfm_total,vfm_entregado) VALUES (16166,2007,2,390,780,@@@NO@@@)','',2,'2013-11-08'),(88383,'INSERT INTO mae_productos (pro_codigo_plu,pro_codigo_barra,pro_tipo,pro_nombre_producto,pro_nombre_corto,med_id,emb_id,pro_unidades_embalaje,dep_id,lin_id,mar_id,pro_precio_compra_neto,pro_precio_compra_bruto,pro_precio_venta,pro_margen_actual,pro_oferta,pro_fecha_inicio_oferta,pro_fecha_termino_oferta,pro_precio_oferta,pro_stock_minimo,pro_stock_critico,pro_entradas_bodega,pro_salidas_bodega,pro_mermas_bodega,pro_ajustes_bodega,pro_entradas_sv,pro_salidas_sv,pro_mermas_sv,pro_ajustes_sv,pro_activo,rec_numero,pro_unidad,pro_capacidad,pro_consumo_bodega,pro_consumo_sv,pro_estado,pro_funcion_plu,pro_flejes,pro_iva,pro_plu_asociado,pro_envase,pro_duracion,pro_numero_etiqueta) VALUES (1081919,@@@7802000009471@@@,@@@0@@@,@@@CHEETOS PINTALENGUA 30 G@@@,@@@CHEETOS PINTALEN@@@,@@@5 @@@,@@@6 @@@,@@@20@@@,@@@32 @@@,@@@160@@@,@@@1608@@@,@@@0@@@,@@@209.44@@@,@@@1@@@,@@@-99.52@@@,@@@@@@,@@@2006.09.07@@@,@@@2006.09.07@@@,@@@0@@@,@@@10@@@,@@@5@@@,@@@0@@@,@@@0@@@,@@@0@@@,@@@0@@@,@@@0@@@,@@@0@@@,@@@0@@@,@@@0@@@,@@@1@@@,@@@0@@@,0,30,0,0,2,0,1,1,0,@@@NO@@@,0,0)','',2,'2013-11-08'),(88384,'DELETE FROM mae_impuestos_productos WHERE pro_codigo_plu=@@@1081919@@@','',2,'2013-11-08'),(88385,'INSERT INTO gne_vale_ferreteria (vfe_id,vfe_fecha,vfe_total,vfe_estado,vfe_entregado,usu_nusuario) VALUES (16167,@@@2013.11.08@@@,730,1,0,@@@G_DIAZ@@@)','',2,'2013-11-08'),(88386,'INSERT INTO gne_vale_ferreteria_mov (vfe_id,pro_codigo_plu,vfm_cantidad,vfm_unitario,vfm_total,vfm_entregado) VALUES (16167,11378,1,730,730,@@@NO@@@)','',2,'2013-11-08'),(88387,'UPDATE mae_productos SET pro_precio_venta=690,pro_margen_actual= 52.12 WHERE pro_codigo_plu=962887','',2,'2013-11-08'),(88388,'UPDATE mae_productos SET pro_precio_venta=730,pro_margen_actual= 37.57 WHERE pro_codigo_plu=10585','',2,'2013-11-08'),(88389,'UPDATE mae_productos SET pro_precio_venta=599,pro_margen_actual= 35.64 WHERE pro_codigo_plu=10584','',2,'2013-11-08'),(88390,'UPDATE mae_productos SET pro_precio_venta=890,pro_margen_actual= 34.49 WHERE pro_codigo_plu=761865','',2,'2013-11-08'),(88391,'UPDATE mae_productos SET pro_precio_venta=1350,pro_margen_actual= 30.17 WHERE pro_codigo_plu=14860','',2,'2013-11-08'),(88392,'UPDATE mae_productos SET pro_precio_venta=570,pro_margen_actual= 31.93 WHERE pro_codigo_plu=14575','',2,'2013-11-08'),(88393,'UPDATE mae_productos SET pro_precio_venta=399,pro_margen_actual= 30.83 WHERE pro_codigo_plu=14601','',2,'2013-11-08'),(88394,'UPDATE mae_productos SET pro_precio_venta=3990,pro_margen_actual= 33.42 WHERE pro_codigo_plu=763353','',2,'2013-11-08'),(88395,'UPDATE mae_productos SET pro_precio_venta=370,pro_margen_actual= 33.14 WHERE pro_codigo_plu=14608','',2,'2013-11-08'),(88396,'UPDATE mae_productos SET pro_precio_venta=2299,pro_margen_actual= 35.1 WHERE pro_codigo_plu=110','',2,'2013-11-08'),(88397,'INSERT INTO gne_vale_ferreteria (vfe_id,vfe_fecha,vfe_total,vfe_estado,vfe_entregado,usu_nusuario) VALUES (16168,@@@2013.11.08@@@,120,1,0,@@@G_DIAZ@@@)','',2,'2013-11-08'),(88398,'INSERT INTO gne_vale_ferreteria_mov (vfe_id,pro_codigo_plu,vfm_cantidad,vfm_unitario,vfm_total,vfm_entregado) VALUES (16168,8022,1,120,120,@@@NO@@@)','',2,'2013-11-08'),(88399,'INSERT INTO gne_vale_ferreteria (vfe_id,vfe_fecha,vfe_total,vfe_estado,vfe_entregado,usu_nusuario) VALUES (16169,@@@2013.11.08@@@,1100,1,0,@@@G_DIAZ@@@)','',2,'2013-11-08'),(88400,'INSERT INTO gne_vale_ferreteria_mov (vfe_id,pro_codigo_plu,vfm_cantidad,vfm_unitario,vfm_total,vfm_entregado) VALUES (16169,102408,1,370,370,@@@NO@@@)','',2,'2013-11-08'),(88401,'INSERT INTO gne_vale_ferreteria_mov (vfe_id,pro_codigo_plu,vfm_cantidad,vfm_unitario,vfm_total,vfm_entregado) VALUES (16169,11378,1,730,730,@@@NO@@@)','',2,'2013-11-08'),(88402,'UPDATE mae_productos SET pro_precio_fiscal=pro_precio_venta WHERE pro_codigo_plu=110','',2,'2013-11-08'),(88403,'UPDATE mae_productos SET pro_precio_fiscal=pro_precio_venta WHERE pro_codigo_plu=962887','',2,'2013-11-08'),(88404,'UPDATE mae_productos SET pro_precio_fiscal=pro_precio_venta WHERE pro_codigo_plu=10585','',2,'2013-11-08'),(88405,'UPDATE mae_productos SET pro_precio_fiscal=pro_precio_venta WHERE pro_codigo_plu=10584','',2,'2013-11-08'),(88406,'UPDATE mae_productos SET pro_precio_fiscal=pro_precio_venta WHERE pro_codigo_plu=761865','',2,'2013-11-08'),(88407,'UPDATE mae_productos SET pro_precio_fiscal=pro_precio_venta WHERE pro_codigo_plu=14860','',2,'2013-11-08'),(88408,'UPDATE mae_productos SET pro_precio_fiscal=pro_precio_venta WHERE pro_codigo_plu=14575','',2,'2013-11-08'),(88409,'UPDATE mae_productos SET pro_precio_fiscal=pro_precio_venta WHERE pro_codigo_plu=14601','',2,'2013-11-08'),(88410,'UPDATE mae_productos SET pro_precio_fiscal=pro_precio_venta WHERE pro_codigo_plu=763353','',2,'2013-11-08'),(88411,'UPDATE mae_productos SET pro_precio_fiscal=pro_precio_venta WHERE pro_codigo_plu=14608','',2,'2013-11-08'),(88412,'UPDATE mae_productos SET pro_precio_venta=1250,pro_margen_actual= 33.64 WHERE pro_codigo_plu=13983','',2,'2013-11-08'),(88413,'UPDATE mae_productos SET pro_precio_venta=1250,pro_margen_actual= 33.64 WHERE pro_codigo_plu=13980','',2,'2013-11-08'),(88414,'UPDATE mae_productos SET pro_precio_venta=930,pro_margen_actual= 31.42 WHERE pro_codigo_plu=11077','',2,'2013-11-08'),(88415,'UPDATE mae_productos SET pro_codigo_barra=@@@848@@@,pro_tipo=@@@0@@@,pro_nombre_producto=@@@HARINA TOSTADA@@@,pro_nombre_corto=@@@HARINA TOSTADA@@@,med_id=@@@1@@@,emb_id=@@@1@@@,pro_unidades_embalaje=@@@1@@@,dep_id=@@@1 @@@,lin_id=@@@10@@@,mar_id=@@@2507@@@,pro_precio_compra_neto=@@@0@@@,pro_precio_compra_bruto=@@@0@@@,pro_precio_venta=@@@750@@@,pro_margen_actual=@@@0@@@,pro_oferta=@@@NO@@@,pro_fecha_inicio_oferta=@@@1900.01.01@@@,pro_fecha_termino_oferta=@@@1900.01.01@@@,pro_precio_oferta=@@@0@@@,pro_stock_minimo=@@@1@@@,pro_stock_critico=@@@1@@@,pro_activo=@@@1@@@,pro_unidad=@@@0@@@,pro_precio_compra_bruto=0,pro_margen_actual=0,pro_capacidad=1,pro_funcion_plu=0,pro_flejes=0,pro_iva=1,pro_plu_asociado=0,pro_envase=@@@NO@@@,pro_duracion=0,pro_numero_etiqueta=0 WHERE pro_codigo_plu=@@@848@@@','',2,'2013-11-08'),(88416,'UPDATE mae_productos SET pro_estado=1 WHERE pro_codigo_plu=848','',2,'2013-11-08'),(88417,'DELETE FROM mae_impuestos_productos WHERE pro_codigo_plu=@@@848@@@','',2,'2013-11-08'),(88418,'UPDATE mae_productos SET pro_precio_venta=470,pro_margen_actual= 32.58 WHERE pro_codigo_plu=11998','',2,'2013-11-08'),(88419,'UPDATE mae_productos SET pro_precio_venta=870,pro_margen_actual= 31.75 WHERE pro_codigo_plu=14183','',2,'2013-11-08'),(88420,'UPDATE mae_productos SET pro_precio_fiscal=pro_precio_venta WHERE pro_codigo_plu=848','',2,'2013-11-08'),(88421,'UPDATE mae_productos SET pro_precio_fiscal=pro_precio_venta WHERE pro_codigo_plu=11998','',2,'2013-11-08'),(88422,'UPDATE mae_productos SET pro_precio_fiscal=pro_precio_venta WHERE pro_codigo_plu=14183','',2,'2013-11-08'),(88423,'UPDATE mae_productos SET pro_precio_fiscal=pro_precio_venta WHERE pro_codigo_plu=13983','',2,'2013-11-08'),(88424,'UPDATE mae_productos SET pro_precio_fiscal=pro_precio_venta WHERE pro_codigo_plu=13980','',2,'2013-11-08'),(88425,'UPDATE mae_productos SET pro_precio_fiscal=pro_precio_venta WHERE pro_codigo_plu=11077','',2,'2013-11-08'),(88426,'INSERT INTO gne_vale_ferreteria (vfe_id,vfe_fecha,vfe_total,vfe_estado,vfe_entregado,usu_nusuario) VALUES (16170,@@@2013.11.08@@@,490,1,0,@@@G_DIAZ@@@)','',2,'2013-11-08'),(88427,'INSERT INTO gne_vale_ferreteria_mov (vfe_id,pro_codigo_plu,vfm_cantidad,vfm_unitario,vfm_total,vfm_entregado) VALUES (16170,1566,1,490,490,@@@NO@@@)','',2,'2013-11-08'),(88428,'INSERT INTO gne_vale_ferreteria (vfe_id,vfe_fecha,vfe_total,vfe_estado,vfe_entregado,usu_nusuario) VALUES (16171,@@@2013.11.08@@@,600,1,0,@@@G_DIAZ@@@)','',2,'2013-11-08'),(88429,'INSERT INTO gne_vale_ferreteria_mov (vfe_id,pro_codigo_plu,vfm_cantidad,vfm_unitario,vfm_total,vfm_entregado) VALUES (16171,800001,2,300,600,@@@NO@@@)','',2,'2013-11-08'),(88430,'INSERT INTO gne_vale_ferreteria (vfe_id,vfe_fecha,vfe_total,vfe_estado,vfe_entregado,usu_nusuario) VALUES (16172,@@@2013.11.08@@@,390,1,0,@@@G_DIAZ@@@)','',2,'2013-11-08'),(88431,'INSERT INTO gne_vale_ferreteria_mov (vfe_id,pro_codigo_plu,vfm_cantidad,vfm_unitario,vfm_total,vfm_entregado) VALUES (16172,78017177,1,390,390,@@@NO@@@)','',2,'2013-11-08'),(88432,'INSERT INTO gne_vale_ferreteria (vfe_id,vfe_fecha,vfe_total,vfe_estado,vfe_entregado,usu_nusuario) VALUES (16173,@@@2013.11.08@@@,390,1,0,@@@G_DIAZ@@@)','',2,'2013-11-08'),(88433,'INSERT INTO gne_vale_ferreteria_mov (vfe_id,pro_codigo_plu,vfm_cantidad,vfm_unitario,vfm_total,vfm_entregado) VALUES (16173,78017177,1,390,390,@@@NO@@@)','',2,'2013-11-08'),(88434,'INSERT INTO gne_vale_ferreteria (vfe_id,vfe_fecha,vfe_total,vfe_estado,vfe_entregado,usu_nusuario) VALUES (16174,@@@2013.11.08@@@,590,1,0,@@@G_DIAZ@@@)','',2,'2013-11-08'),(88435,'INSERT INTO gne_vale_ferreteria_mov (vfe_id,pro_codigo_plu,vfm_cantidad,vfm_unitario,vfm_total,vfm_entregado) VALUES (16174,36649,1,590,590,@@@NO@@@)','',2,'2013-11-08'),(88436,'INSERT INTO gne_vale_ferreteria (vfe_id,vfe_fecha,vfe_total,vfe_estado,vfe_entregado,usu_nusuario) VALUES (16175,@@@2013.11.08@@@,590,1,0,@@@G_DIAZ@@@)','',2,'2013-11-08'),(88437,'INSERT INTO gne_vale_ferreteria_mov (vfe_id,pro_codigo_plu,vfm_cantidad,vfm_unitario,vfm_total,vfm_entregado) VALUES (16175,36649,1,590,590,@@@NO@@@)','',2,'2013-11-08'),(88438,'INSERT INTO gne_vale_ferreteria (vfe_id,vfe_fecha,vfe_total,vfe_estado,vfe_entregado,usu_nusuario) VALUES (16176,@@@2013.11.08@@@,1290,1,0,@@@G_DIAZ@@@)','',2,'2013-11-08'),(88439,'INSERT INTO gne_vale_ferreteria_mov (vfe_id,pro_codigo_plu,vfm_cantidad,vfm_unitario,vfm_total,vfm_entregado) VALUES (16176,780721514,1,1290,1290,@@@NO@@@)','',2,'2013-11-08'),(88440,'INSERT INTO gne_vale_ferreteria (vfe_id,vfe_fecha,vfe_total,vfe_estado,vfe_entregado,usu_nusuario) VALUES (16177,@@@2013.11.08@@@,780,1,0,@@@G_DIAZ@@@)','',2,'2013-11-08'),(88441,'INSERT INTO gne_vale_ferreteria_mov (vfe_id,pro_codigo_plu,vfm_cantidad,vfm_unitario,vfm_total,vfm_entregado) VALUES (16177,8021,3,150,450,@@@NO@@@)','',2,'2013-11-08'),(88442,'INSERT INTO gne_vale_ferreteria_mov (vfe_id,pro_codigo_plu,vfm_cantidad,vfm_unitario,vfm_total,vfm_entregado) VALUES (16177,21135,1,200,200,@@@NO@@@)','',2,'2013-11-08'),(88443,'INSERT INTO gne_vale_ferreteria_mov (vfe_id,pro_codigo_plu,vfm_cantidad,vfm_unitario,vfm_total,vfm_entregado) VALUES (16177,780721717,2,20,40,@@@NO@@@)','',2,'2013-11-08'),(88444,'INSERT INTO gne_vale_ferreteria_mov (vfe_id,pro_codigo_plu,vfm_cantidad,vfm_unitario,vfm_total,vfm_entregado) VALUES (16177,764833,9,10,90,@@@NO@@@)','',2,'2013-11-08'),(88445,'UPDATE mae_productos SET pro_codigo_barra=@@@7796039001820@@@,pro_tipo=@@@0@@@,pro_nombre_producto=@@@AJI PASTA EN FRASCO 750ML@@@,pro_nombre_corto=@@@AJI PASTA EN FRA@@@,med_id=@@@7@@@,emb_id=@@@5@@@,pro_unidades_embalaje=@@@12@@@,dep_id=@@@1 @@@,lin_id=@@@16@@@,mar_id=@@@2507@@@,pro_precio_compra_neto=@@@0@@@,pro_precio_compra_bruto=@@@0@@@,pro_precio_venta=@@@1@@@,pro_margen_actual=@@@0@@@,pro_oferta=@@@NO@@@,pro_fecha_inicio_oferta=@@@2006.09.07@@@,pro_fecha_termino_oferta=@@@2006.09.07@@@,pro_precio_oferta=@@@0@@@,pro_stock_minimo=@@@24@@@,pro_stock_critico=@@@12@@@,pro_activo=@@@0@@@,pro_unidad=@@@0@@@,pro_precio_compra_bruto=0,pro_margen_actual=0,pro_capacidad=750,pro_funcion_plu=0,pro_flejes=1,pro_iva=1,pro_plu_asociado=0,pro_envase=@@@NO@@@,pro_duracion=0,pro_numero_etiqueta=0 WHERE pro_codigo_plu=@@@101374@@@','',2,'2013-11-08'),(88446,'UPDATE mae_productos SET pro_estado=1 WHERE pro_codigo_plu=101374','',2,'2013-11-08'),(88447,'DELETE FROM mae_impuestos_productos WHERE pro_codigo_plu=@@@101374@@@','',2,'2013-11-08'),(88448,'UPDATE mae_productos SET pro_precio_compra_bruto=1176.28,pro_margen_actual=(pro_precio_venta-1176.28)/1176.28 * 100,pro_ultima_compra=@@@2013.11.08@@@,pro_ultimo_proveedor=@@@99554560-8@@@ WHERE pro_codigo_plu=18093','',2,'2013-11-08'),(88449,'UPDATE mae_productos SET pro_precio_compra_bruto=2409.81,pro_margen_actual=(pro_precio_venta-2409.81)/2409.81 * 100,pro_ultima_compra=@@@2013.11.08@@@,pro_ultimo_proveedor=@@@99554560-8@@@ WHERE pro_codigo_plu=18048','',2,'2013-11-08'),(88450,'UPDATE mae_productos SET pro_precio_compra_bruto=759.02,pro_margen_actual=(pro_precio_venta-759.02)/759.02 * 100,pro_ultima_compra=@@@2013.11.08@@@,pro_ultimo_proveedor=@@@99554560-8@@@ WHERE pro_codigo_plu=18068','',2,'2013-11-08'),(88451,'UPDATE mae_productos SET pro_precio_compra_bruto=1176.24,pro_margen_actual=(pro_precio_venta-1176.24)/1176.24 * 100,pro_ultima_compra=@@@2013.11.08@@@,pro_ultimo_proveedor=@@@99554560-8@@@ WHERE pro_codigo_plu=18064','',2,'2013-11-08'),(88452,'UPDATE mae_productos SET pro_precio_compra_bruto=743.54,pro_margen_actual=(pro_precio_venta-743.54)/743.54 * 100,pro_ultima_compra=@@@2013.11.08@@@,pro_ultimo_proveedor=@@@99554560-8@@@ WHERE pro_codigo_plu=18074','',2,'2013-11-08'),(88453,'INSERT INTO gne_vale_ferreteria (vfe_id,vfe_fecha,vfe_total,vfe_estado,vfe_entregado,usu_nusuario) VALUES (16178,@@@2013.11.08@@@,1089,1,0,@@@G_DIAZ@@@)','',2,'2013-11-08'),(88454,'INSERT INTO gne_vale_ferreteria_mov (vfe_id,pro_codigo_plu,vfm_cantidad,vfm_unitario,vfm_total,vfm_entregado) VALUES (16178,19916,1,599,599,@@@NO@@@)','',2,'2013-11-08'),(88455,'INSERT INTO gne_vale_ferreteria_mov (vfe_id,pro_codigo_plu,vfm_cantidad,vfm_unitario,vfm_total,vfm_entregado) VALUES (16178,764074,1,490,490,@@@NO@@@)','',2,'2013-11-08'),(88456,'INSERT INTO gne_vale_ferreteria (vfe_id,vfe_fecha,vfe_total,vfe_estado,vfe_entregado,usu_nusuario) VALUES (16179,@@@2013.11.08@@@,490,1,0,@@@G_DIAZ@@@)','',2,'2013-11-08'),(88457,'INSERT INTO gne_vale_ferreteria_mov (vfe_id,pro_codigo_plu,vfm_cantidad,vfm_unitario,vfm_total,vfm_entregado) VALUES (16179,1538,1,490,490,@@@NO@@@)','',2,'2013-11-08'),(88458,'INSERT INTO gne_vale_ferreteria (vfe_id,vfe_fecha,vfe_total,vfe_estado,vfe_entregado,usu_nusuario) VALUES (16180,@@@2013.11.08@@@,1990,1,0,@@@G_DIAZ@@@)','',2,'2013-11-08'),(88459,'INSERT INTO gne_vale_ferreteria_mov (vfe_id,pro_codigo_plu,vfm_cantidad,vfm_unitario,vfm_total,vfm_entregado) VALUES (16180,1505,1,1990,1990,@@@NO@@@)','',2,'2013-11-08'),(88460,'INSERT INTO gne_vale_ferreteria (vfe_id,vfe_fecha,vfe_total,vfe_estado,vfe_entregado,usu_nusuario) VALUES (16181,@@@2013.11.08@@@,1260,1,0,@@@G_DIAZ@@@)','',2,'2013-11-08'),(88461,'INSERT INTO gne_vale_ferreteria_mov (vfe_id,pro_codigo_plu,vfm_cantidad,vfm_unitario,vfm_total,vfm_entregado) VALUES (16181,20882,1,890,890,@@@NO@@@)','',2,'2013-11-08'),(88462,'INSERT INTO gne_vale_ferreteria_mov (vfe_id,pro_codigo_plu,vfm_cantidad,vfm_unitario,vfm_total,vfm_entregado) VALUES (16181,102408,1,370,370,@@@NO@@@)','',2,'2013-11-08'),(88463,'INSERT INTO gne_vale_ferreteria (vfe_id,vfe_fecha,vfe_total,vfe_estado,vfe_entregado,usu_nusuario) VALUES (16182,@@@2013.11.08@@@,2080,1,0,@@@G_DIAZ@@@)','',2,'2013-11-08'),(88464,'INSERT INTO gne_vale_ferreteria_mov (vfe_id,pro_codigo_plu,vfm_cantidad,vfm_unitario,vfm_total,vfm_entregado) VALUES (16182,2010,1,1590,1590,@@@NO@@@)','',2,'2013-11-08'),(88465,'INSERT INTO gne_vale_ferreteria_mov (vfe_id,pro_codigo_plu,vfm_cantidad,vfm_unitario,vfm_total,vfm_entregado) VALUES (16182,1556,1,200,200,@@@NO@@@)','',2,'2013-11-08'),(88466,'INSERT INTO gne_vale_ferreteria_mov (vfe_id,pro_codigo_plu,vfm_cantidad,vfm_unitario,vfm_total,vfm_entregado) VALUES (16182,1536,1,290,290,@@@NO@@@)','',2,'2013-11-08'),(88467,'INSERT INTO mae_productos (pro_codigo_plu,pro_codigo_barra,pro_tipo,pro_nombre_producto,pro_nombre_corto,med_id,emb_id,pro_unidades_embalaje,dep_id,lin_id,mar_id,pro_precio_compra_neto,pro_precio_compra_bruto,pro_precio_venta,pro_margen_actual,pro_oferta,pro_fecha_inicio_oferta,pro_fecha_termino_oferta,pro_precio_oferta,pro_stock_minimo,pro_stock_critico,pro_entradas_bodega,pro_salidas_bodega,pro_mermas_bodega,pro_ajustes_bodega,pro_entradas_sv,pro_salidas_sv,pro_mermas_sv,pro_ajustes_sv,pro_activo,rec_numero,pro_unidad,pro_capacidad,pro_consumo_bodega,pro_consumo_sv,pro_estado,pro_funcion_plu,pro_flejes,pro_iva,pro_plu_asociado,pro_envase,pro_duracion,pro_numero_etiqueta) VALUES (851,@@@851@@@,@@@0@@@,@@@AJI SALSA BOT@@@,@@@AJI SALSA BOT@@@,@@@6 @@@,@@@5 @@@,@@@1@@@,@@@12 @@@,@@@76@@@,@@@2507@@@,@@@0@@@,@@@0@@@,@@@1150@@@,@@@0@@@,@@@@@@,@@@2013.11.08@@@,@@@2013.11.08@@@,@@@0@@@,@@@10@@@,@@@6@@@,@@@0@@@,@@@0@@@,@@@0@@@,@@@0@@@,@@@0@@@,@@@0@@@,@@@0@@@,@@@0@@@,@@@1@@@,@@@0@@@,0,750,0,0,2,0,1,1,0,@@@NO@@@,0,0)','',2,'2013-11-08'),(88468,'DELETE FROM mae_impuestos_productos WHERE pro_codigo_plu=@@@851@@@','',2,'2013-11-08'),(88469,'UPDATE mae_productos SET pro_precio_fiscal=pro_precio_venta WHERE pro_codigo_plu=851','',2,'2013-11-08'),(88470,'INSERT INTO gne_vale_ferreteria (vfe_id,vfe_fecha,vfe_total,vfe_estado,vfe_entregado,usu_nusuario) VALUES (16183,@@@2013.11.08@@@,950,1,0,@@@G_DIAZ@@@)','',2,'2013-11-08'),(88471,'INSERT INTO gne_vale_ferreteria_mov (vfe_id,pro_codigo_plu,vfm_cantidad,vfm_unitario,vfm_total,vfm_entregado) VALUES (16183,14534,1,950,950,@@@NO@@@)','',2,'2013-11-08'),(88472,'UPDATE mae_productos SET pro_precio_venta=2390,pro_margen_actual= 27.24 WHERE pro_codigo_plu=17631','',2,'2013-11-08'),(88473,'UPDATE mae_productos SET pro_precio_venta=750,pro_margen_actual= 41.44 WHERE pro_codigo_plu=870220','',2,'2013-11-08'),(88474,'INSERT INTO gne_vale_ferreteria (vfe_id,vfe_fecha,vfe_total,vfe_estado,vfe_entregado,usu_nusuario) VALUES (16184,@@@2013.11.08@@@,490,1,0,@@@G_DIAZ@@@)','',2,'2013-11-08'),(88475,'INSERT INTO gne_vale_ferreteria_mov (vfe_id,pro_codigo_plu,vfm_cantidad,vfm_unitario,vfm_total,vfm_entregado) VALUES (16184,4127,1,490,490,@@@NO@@@)','',2,'2013-11-08'),(88476,'INSERT INTO gne_vale_ferreteria (vfe_id,vfe_fecha,vfe_total,vfe_estado,vfe_entregado,usu_nusuario) VALUES (16185,@@@2013.11.08@@@,1890,1,0,@@@G_DIAZ@@@)','',2,'2013-11-08'),(88477,'INSERT INTO gne_vale_ferreteria_mov (vfe_id,pro_codigo_plu,vfm_cantidad,vfm_unitario,vfm_total,vfm_entregado) VALUES (16185,780722008,1,1890,1890,@@@NO@@@)','',2,'2013-11-08'),(88478,'INSERT INTO gne_vale_ferreteria (vfe_id,vfe_fecha,vfe_total,vfe_estado,vfe_entregado,usu_nusuario) VALUES (16186,@@@2013.11.08@@@,290,1,0,@@@G_DIAZ@@@)','',2,'2013-11-08'),(88479,'INSERT INTO gne_vale_ferreteria_mov (vfe_id,pro_codigo_plu,vfm_cantidad,vfm_unitario,vfm_total,vfm_entregado) VALUES (16186,12161,1,290,290,@@@NO@@@)','',2,'2013-11-08'),(88480,'INSERT INTO gne_vale_ferreteria (vfe_id,vfe_fecha,vfe_total,vfe_estado,vfe_entregado,usu_nusuario) VALUES (16187,@@@2013.11.08@@@,1990,1,0,@@@G_DIAZ@@@)','',2,'2013-11-08'),(88481,'INSERT INTO gne_vale_ferreteria_mov (vfe_id,pro_codigo_plu,vfm_cantidad,vfm_unitario,vfm_total,vfm_entregado) VALUES (16187,101854,1,1990,1990,@@@NO@@@)','',2,'2013-11-08'),(88482,'UPDATE mae_productos SET pro_precio_compra_bruto=304.64,pro_margen_actual=(pro_precio_venta-304.64)/304.64 * 100,pro_ultima_compra=@@@2013.11.08@@@,pro_ultimo_proveedor=@@@94528000-K@@@ WHERE pro_codigo_plu=14128','',2,'2013-11-08'),(88483,'UPDATE mae_productos SET pro_precio_compra_bruto=385.56,pro_margen_actual=(pro_precio_venta-385.56)/385.56 * 100,pro_ultima_compra=@@@2013.11.08@@@,pro_ultimo_proveedor=@@@94528000-K@@@ WHERE pro_codigo_plu=764356','',2,'2013-11-08'),(88484,'UPDATE mae_productos SET pro_precio_compra_bruto=304.64,pro_margen_actual=(pro_precio_venta-304.64)/304.64 * 100,pro_ultima_compra=@@@2013.11.08@@@,pro_ultimo_proveedor=@@@94528000-K@@@ WHERE pro_codigo_plu=108787','',2,'2013-11-08'),(88485,'UPDATE mae_productos SET pro_precio_compra_bruto=209.44,pro_margen_actual=(pro_precio_venta-209.44)/209.44 * 100,pro_ultima_compra=@@@2013.11.08@@@,pro_ultimo_proveedor=@@@94528000-K@@@ WHERE pro_codigo_plu=102689','',2,'2013-11-08'),(88486,'UPDATE mae_productos SET pro_precio_compra_bruto=102.34,pro_margen_actual=(pro_precio_venta-102.34)/102.34 * 100,pro_ultima_compra=@@@2013.11.08@@@,pro_ultimo_proveedor=@@@94528000-K@@@ WHERE pro_codigo_plu=762446','',2,'2013-11-08'),(88487,'UPDATE mae_productos SET pro_precio_compra_bruto=102.34,pro_margen_actual=(pro_precio_venta-102.34)/102.34 * 100,pro_ultima_compra=@@@2013.11.08@@@,pro_ultimo_proveedor=@@@94528000-K@@@ WHERE pro_codigo_plu=762447','',2,'2013-11-08'),(88488,'UPDATE mae_productos SET pro_precio_compra_bruto=412.93,pro_margen_actual=(pro_precio_venta-412.93)/412.93 * 100,pro_ultima_compra=@@@2013.11.08@@@,pro_ultimo_proveedor=@@@94528000-K@@@ WHERE pro_codigo_plu=780721685','',2,'2013-11-08'),(88489,'UPDATE mae_productos SET pro_precio_compra_bruto=209.44,pro_margen_actual=(pro_precio_venta-209.44)/209.44 * 100,pro_ultima_compra=@@@2013.11.08@@@,pro_ultimo_proveedor=@@@94528000-K@@@ WHERE pro_codigo_plu=1081919','',2,'2013-11-08'),(88490,'UPDATE mae_productos SET pro_precio_compra_bruto=268.94,pro_margen_actual=(pro_precio_venta-268.94)/268.94 * 100,pro_ultima_compra=@@@2013.11.08@@@,pro_ultimo_proveedor=@@@94528000-K@@@ WHERE pro_codigo_plu=13593','',2,'2013-11-08'),(88491,'UPDATE mae_productos SET pro_precio_compra_bruto=412.93,pro_margen_actual=(pro_precio_venta-412.93)/412.93 * 100,pro_ultima_compra=@@@2013.11.08@@@,pro_ultimo_proveedor=@@@94528000-K@@@ WHERE pro_codigo_plu=780721772','',2,'2013-11-08'),(88492,'UPDATE mae_productos SET pro_precio_compra_bruto=268.94,pro_margen_actual=(pro_precio_venta-268.94)/268.94 * 100,pro_ultima_compra=@@@2013.11.08@@@,pro_ultimo_proveedor=@@@94528000-K@@@ WHERE pro_codigo_plu=13772','',2,'2013-11-08'),(88493,'UPDATE mae_productos SET pro_precio_compra_bruto=412.93,pro_margen_actual=(pro_precio_venta-412.93)/412.93 * 100,pro_ultima_compra=@@@2013.11.08@@@,pro_ultimo_proveedor=@@@94528000-K@@@ WHERE pro_codigo_plu=780200000','',2,'2013-11-08'),(88494,'UPDATE mae_productos SET pro_precio_compra_bruto=385.56,pro_margen_actual=(pro_precio_venta-385.56)/385.56 * 100,pro_ultima_compra=@@@2013.11.08@@@,pro_ultimo_proveedor=@@@94528000-K@@@ WHERE pro_codigo_plu=763398','',2,'2013-11-08'),(88495,'UPDATE mae_productos SET pro_precio_compra_bruto=304.64,pro_margen_actual=(pro_precio_venta-304.64)/304.64 * 100,pro_ultima_compra=@@@2013.11.08@@@,pro_ultimo_proveedor=@@@94528000-K@@@ WHERE pro_codigo_plu=780721874','',2,'2013-11-08'),(88496,'UPDATE mae_productos SET pro_precio_compra_bruto=268.94,pro_margen_actual=(pro_precio_venta-268.94)/268.94 * 100,pro_ultima_compra=@@@2013.11.08@@@,pro_ultimo_proveedor=@@@94528000-K@@@ WHERE pro_codigo_plu=13642','',2,'2013-11-08'),(88497,'UPDATE mae_productos SET pro_precio_compra_bruto=625.94,pro_margen_actual=(pro_precio_venta-625.94)/625.94 * 100,pro_ultima_compra=@@@2013.11.08@@@,pro_ultimo_proveedor=@@@94528000-K@@@ WHERE pro_codigo_plu=13726','',2,'2013-11-08'),(88498,'UPDATE mae_productos SET pro_precio_compra_bruto=102.34,pro_margen_actual=(pro_precio_venta-102.34)/102.34 * 100,pro_ultima_compra=@@@2013.11.08@@@,pro_ultimo_proveedor=@@@94528000-K@@@ WHERE pro_codigo_plu=11780','',2,'2013-11-08'),(88499,'UPDATE mae_productos SET pro_precio_compra_bruto=102.34,pro_margen_actual=(pro_precio_venta-102.34)/102.34 * 100,pro_ultima_compra=@@@2013.11.08@@@,pro_ultimo_proveedor=@@@94528000-K@@@ WHERE pro_codigo_plu=262073','',2,'2013-11-08'),(88500,'UPDATE mae_productos SET pro_precio_venta=970,pro_margen_actual= 27.8 WHERE pro_codigo_plu=18068','',2,'2013-11-08'),(88501,'UPDATE mae_productos SET pro_precio_venta=2999,pro_margen_actual= 24.45 WHERE pro_codigo_plu=18048','',2,'2013-11-08'),(88502,'UPDATE mae_productos SET pro_precio_venta=1499,pro_margen_actual= 27.44 WHERE pro_codigo_plu=18093','',2,'2013-11-08'),(88503,'INSERT INTO gne_vale_ferreteria (vfe_id,vfe_fecha,vfe_total,vfe_estado,vfe_entregado,usu_nusuario) VALUES (16188,@@@2013.11.08@@@,990,1,0,@@@G_DIAZ@@@)','',2,'2013-11-08'),(88504,'INSERT INTO gne_vale_ferreteria_mov (vfe_id,pro_codigo_plu,vfm_cantidad,vfm_unitario,vfm_total,vfm_entregado) VALUES (16188,780220140,1,990,990,@@@NO@@@)','',2,'2013-11-08'),(88505,'UPDATE mae_productos SET pro_precio_venta=590,pro_margen_actual= 35.44 WHERE pro_codigo_plu=10156','',2,'2013-11-08'),(88506,'UPDATE mae_productos SET pro_precio_venta=590,pro_margen_actual= 35.44 WHERE pro_codigo_plu=763364','',2,'2013-11-08'),(88507,'UPDATE mae_productos SET pro_precio_venta=590,pro_margen_actual= 35.44 WHERE pro_codigo_plu=763376','',2,'2013-11-08'),(88508,'UPDATE mae_productos SET pro_precio_venta=590,pro_margen_actual= 35.44 WHERE pro_codigo_plu=763382','',2,'2013-11-08'),(88509,'UPDATE mae_productos SET pro_precio_venta=599,pro_margen_actual= 46.4 WHERE pro_codigo_plu=17444','',2,'2013-11-08'),(88510,'UPDATE mae_productos SET pro_precio_venta=1150,pro_margen_actual= 51.91 WHERE pro_codigo_plu=780722045','',2,'2013-11-08'),(88511,'UPDATE mae_productos SET pro_precio_venta=1150,pro_margen_actual= 51.91 WHERE pro_codigo_plu=870173','',2,'2013-11-08'),(88512,'UPDATE mae_productos SET pro_precio_venta=1150,pro_margen_actual= 51.91 WHERE pro_codigo_plu=870217','',2,'2013-11-08'),(88513,'INSERT INTO gne_vale_ferreteria (vfe_id,vfe_fecha,vfe_total,vfe_estado,vfe_entregado,usu_nusuario) VALUES (16189,@@@2013.11.08@@@,650,1,0,@@@G_DIAZ@@@)','',2,'2013-11-08'),(88514,'INSERT INTO gne_vale_ferreteria_mov (vfe_id,pro_codigo_plu,vfm_cantidad,vfm_unitario,vfm_total,vfm_entregado) VALUES (16189,770072,1,650,650,@@@NO@@@)','',2,'2013-11-08'),(88515,'UPDATE mae_productos SET pro_precio_venta=150,pro_margen_actual= 46.57 WHERE pro_codigo_plu=11780','',2,'2013-11-08'),(88516,'UPDATE mae_productos SET pro_precio_venta=150,pro_margen_actual= 46.57 WHERE pro_codigo_plu=262073','',2,'2013-11-08'),(88517,'UPDATE mae_productos SET pro_precio_venta=550,pro_margen_actual= 33.19 WHERE pro_codigo_plu=780200000','',2,'2013-11-08'),(88518,'UPDATE mae_productos SET pro_precio_venta=550,pro_margen_actual= 33.19 WHERE pro_codigo_plu=780721685','',2,'2013-11-08'),(88519,'UPDATE mae_productos SET pro_precio_venta=550,pro_margen_actual= 33.19 WHERE pro_codigo_plu=780721772','',2,'2013-11-08'),(88520,'UPDATE mae_productos SET pro_precio_venta=300,pro_margen_actual= 43.24 WHERE pro_codigo_plu=1081919','',2,'2013-11-08'),(88521,'UPDATE mae_productos SET pro_precio_venta=400,pro_margen_actual= 31.3 WHERE pro_codigo_plu=108787','',2,'2013-11-08'),(88522,'INSERT INTO mae_productos (pro_codigo_plu,pro_codigo_barra,pro_tipo,pro_nombre_producto,pro_nombre_corto,med_id,emb_id,pro_unidades_embalaje,dep_id,lin_id,mar_id,pro_precio_compra_neto,pro_precio_compra_bruto,pro_precio_venta,pro_margen_actual,pro_oferta,pro_fecha_inicio_oferta,pro_fecha_termino_oferta,pro_precio_oferta,pro_stock_minimo,pro_stock_critico,pro_entradas_bodega,pro_salidas_bodega,pro_mermas_bodega,pro_ajustes_bodega,pro_entradas_sv,pro_salidas_sv,pro_mermas_sv,pro_ajustes_sv,pro_activo,rec_numero,pro_unidad,pro_capacidad,pro_consumo_bodega,pro_consumo_sv,pro_estado,pro_funcion_plu,pro_flejes,pro_iva,pro_plu_asociado,pro_envase,pro_duracion,pro_numero_etiqueta) VALUES (200,@@@200@@@,@@@0@@@,@@@COSTILLAR CERDO IMPORTADO@@@,@@@COSTILLAR CERDO @@@,@@@1 @@@,@@@6 @@@,@@@1@@@,@@@11 @@@,@@@70@@@,@@@2507@@@,@@@0@@@,@@@2839.6@@@,@@@4199@@@,@@@47.87@@@,@@@@@@,@@@2006.09.07@@@,@@@2006.09.07@@@,@@@0@@@,@@@5@@@,@@@2@@@,@@@0@@@,@@@0@@@,@@@0@@@,@@@0@@@,@@@0@@@,@@@0@@@,@@@0@@@,@@@0@@@,@@@1@@@,@@@0@@@,0,1,0,0,2,0,1,1,0,@@@NO@@@,0,0)','',2,'2013-11-08'),(88523,'DELETE FROM mae_impuestos_productos WHERE pro_codigo_plu=@@@200@@@','',2,'2013-11-08'),(88524,'UPDATE mae_productos SET pro_codigo_barra=@@@200@@@,pro_tipo=@@@0@@@,pro_nombre_producto=@@@COSTILLAR CERDO IMPORTADO@@@,pro_nombre_corto=@@@COSTILLAR CERDO@@@,med_id=@@@1@@@,emb_id=@@@6@@@,pro_unidades_embalaje=@@@1@@@,dep_id=@@@11 @@@,lin_id=@@@70@@@,mar_id=@@@2507@@@,pro_precio_compra_neto=@@@0@@@,pro_precio_compra_bruto=@@@2839.6@@@,pro_precio_venta=@@@4199@@@,pro_margen_actual=@@@47.87@@@,pro_oferta=@@@NO@@@,pro_fecha_inicio_oferta=@@@2006.09.07@@@,pro_fecha_termino_oferta=@@@2006.09.07@@@,pro_precio_oferta=@@@0@@@,pro_stock_minimo=@@@5@@@,pro_stock_critico=@@@2@@@,pro_activo=@@@1@@@,pro_unidad=@@@1@@@,pro_precio_compra_bruto=2839.6,pro_margen_actual=47.87,pro_capacidad=1,pro_funcion_plu=1,pro_flejes=1,pro_iva=1,pro_plu_asociado=0,pro_envase=@@@NO@@@,pro_duracion=0,pro_numero_etiqueta=1 WHERE pro_codigo_plu=@@@200@@@','',2,'2013-11-08'),(88525,'UPDATE mae_productos SET pro_estado=1 WHERE pro_codigo_plu=200','',2,'2013-11-08'),(88526,'DELETE FROM mae_impuestos_productos WHERE pro_codigo_plu=@@@200@@@','',2,'2013-11-08'),(88527,'UPDATE mae_productos SET pro_precio_fiscal=pro_precio_venta WHERE pro_codigo_plu=1241000','',2,'2013-11-08'),(88528,'UPDATE mae_productos SET pro_precio_fiscal=pro_precio_venta WHERE pro_codigo_plu=10156','',2,'2013-11-08'),(88529,'UPDATE mae_productos SET pro_precio_fiscal=pro_precio_venta WHERE pro_codigo_plu=763364','',2,'2013-11-08'),(88530,'UPDATE mae_productos SET pro_precio_fiscal=pro_precio_venta WHERE pro_codigo_plu=763376','',2,'2013-11-08'),(88531,'UPDATE mae_productos SET pro_precio_fiscal=pro_precio_venta WHERE pro_codigo_plu=780722045','',2,'2013-11-08'),(88532,'UPDATE mae_productos SET pro_precio_fiscal=pro_precio_venta WHERE pro_codigo_plu=870173','',2,'2013-11-08'),(88533,'UPDATE mae_productos SET pro_precio_fiscal=pro_precio_venta WHERE pro_codigo_plu=870217','',2,'2013-11-08'),(88534,'UPDATE mae_productos SET pro_precio_fiscal=pro_precio_venta WHERE pro_codigo_plu=763382','',2,'2013-11-08'),(88535,'UPDATE mae_productos SET pro_precio_fiscal=pro_precio_venta WHERE pro_codigo_plu=17444','',2,'2013-11-08'),(88536,'UPDATE mae_productos SET pro_precio_fiscal=pro_precio_venta WHERE pro_codigo_plu=11780','',2,'2013-11-08'),(88537,'UPDATE mae_productos SET pro_precio_fiscal=pro_precio_venta WHERE pro_codigo_plu=262073','',2,'2013-11-08'),(88538,'UPDATE mae_productos SET pro_precio_fiscal=pro_precio_venta WHERE pro_codigo_plu=780200000','',2,'2013-11-08'),(88539,'UPDATE mae_productos SET pro_precio_fiscal=pro_precio_venta WHERE pro_codigo_plu=780721685','',2,'2013-11-08'),(88540,'UPDATE mae_productos SET pro_precio_fiscal=pro_precio_venta WHERE pro_codigo_plu=780721772','',2,'2013-11-08'),(88541,'UPDATE mae_productos SET pro_precio_fiscal=pro_precio_venta WHERE pro_codigo_plu=1081919','',2,'2013-11-08'),(88542,'UPDATE mae_productos SET pro_precio_fiscal=pro_precio_venta WHERE pro_codigo_plu=108787','',2,'2013-11-08'),(88543,'UPDATE mae_productos SET pro_precio_fiscal=pro_precio_venta WHERE pro_codigo_plu=18068','',2,'2013-11-08'),(88544,'UPDATE mae_productos SET pro_precio_fiscal=pro_precio_venta WHERE pro_codigo_plu=18048','',2,'2013-11-08'),(88545,'UPDATE mae_productos SET pro_precio_fiscal=pro_precio_venta WHERE pro_codigo_plu=17631','',2,'2013-11-08'),(88546,'UPDATE mae_productos SET pro_precio_fiscal=pro_precio_venta WHERE pro_codigo_plu=18093','',2,'2013-11-08'),(88547,'UPDATE mae_productos SET pro_precio_fiscal=pro_precio_venta WHERE pro_codigo_plu=200','',2,'2013-11-08'),(88548,'UPDATE mae_productos SET pro_precio_fiscal=pro_precio_venta WHERE pro_codigo_plu=101374','',2,'2013-11-08'),(88549,'UPDATE mae_productos SET pro_margen_actual=32.01,pro_precio_venta=700 WHERE pro_codigo_plu=870220','',2,'2013-11-08'),(88550,'UPDATE mae_productos SET pro_precio_compra_bruto=2715.58,pro_margen_actual=(pro_precio_venta-2715.58)/2715.58 * 100,pro_ultima_compra=@@@2013.11.08@@@,pro_ultimo_proveedor=@@@76062693-7@@@ WHERE pro_codigo_plu=132','',2,'2013-11-08'),(88551,'UPDATE mae_productos SET pro_precio_compra_bruto=1059.1,pro_margen_actual=(pro_precio_venta-1059.1)/1059.1 * 100,pro_ultima_compra=@@@2013.11.08@@@,pro_ultimo_proveedor=@@@76062693-7@@@ WHERE pro_codigo_plu=131','',2,'2013-11-08'),(88552,'UPDATE mae_productos SET pro_precio_compra_bruto=2839.6,pro_margen_actual=(pro_precio_venta-2839.6)/2839.6 * 100,pro_ultima_compra=@@@2013.11.08@@@,pro_ultimo_proveedor=@@@76062693-7@@@ WHERE pro_codigo_plu=200','',2,'2013-11-08'),(88553,'UPDATE mae_productos SET pro_precio_fiscal=pro_precio_venta WHERE pro_codigo_plu=870220','',2,'2013-11-08'),(88554,'UPDATE mae_productos SET pro_precio_compra_bruto=1059.1,pro_margen_actual=(pro_precio_venta-1059.1)/1059.1 * 100,pro_ultima_compra=@@@2013.11.08@@@,pro_ultimo_proveedor=@@@76062693-7@@@ WHERE pro_codigo_plu=130','',2,'2013-11-08'),(88555,'UPDATE mae_productos SET pro_precio_compra_bruto=2715.58,pro_margen_actual=(pro_precio_venta-2715.58)/2715.58 * 100,pro_ultima_compra=@@@2013.11.08@@@,pro_ultimo_proveedor=@@@76062693-7@@@ WHERE pro_codigo_plu=132','',2,'2013-11-08'),(88556,'UPDATE mae_productos SET pro_precio_compra_bruto=2839.6,pro_margen_actual=(pro_precio_venta-2839.6)/2839.6 * 100,pro_ultima_compra=@@@2013.11.08@@@,pro_ultimo_proveedor=@@@76062693-7@@@ WHERE pro_codigo_plu=200','',2,'2013-11-08'),(88557,'INSERT INTO gne_vale_ferreteria (vfe_id,vfe_fecha,vfe_total,vfe_estado,vfe_entregado,usu_nusuario) VALUES (16190,@@@2013.11.08@@@,3770,1,0,@@@G_DIAZ@@@)','',2,'2013-11-08'),(88558,'INSERT INTO gne_vale_ferreteria_mov (vfe_id,pro_codigo_plu,vfm_cantidad,vfm_unitario,vfm_total,vfm_entregado) VALUES (16190,764213,2,390,780,@@@NO@@@)','',2,'2013-11-08'),(88559,'INSERT INTO gne_vale_ferreteria_mov (vfe_id,pro_codigo_plu,vfm_cantidad,vfm_unitario,vfm_total,vfm_entregado) VALUES (16190,763623,2,790,1580,@@@NO@@@)','',2,'2013-11-08'),(88560,'INSERT INTO gne_vale_ferreteria_mov (vfe_id,pro_codigo_plu,vfm_cantidad,vfm_unitario,vfm_total,vfm_entregado) VALUES (16190,763820,1,1290,1290,@@@NO@@@)','',2,'2013-11-08'),(88561,'INSERT INTO gne_vale_ferreteria_mov (vfe_id,pro_codigo_plu,vfm_cantidad,vfm_unitario,vfm_total,vfm_entregado) VALUES (16190,8022,1,120,120,@@@NO@@@)','',2,'2013-11-08'),(88562,'INSERT INTO gne_vale_ferreteria (vfe_id,vfe_fecha,vfe_total,vfe_estado,vfe_entregado,usu_nusuario) VALUES (16191,@@@2013.11.08@@@,4360,1,0,@@@G_DIAZ@@@)','',2,'2013-11-08'),(88563,'INSERT INTO gne_vale_ferreteria_mov (vfe_id,pro_codigo_plu,vfm_cantidad,vfm_unitario,vfm_total,vfm_entregado) VALUES (16191,8022,1,120,120,@@@NO@@@)','',2,'2013-11-08'),(88564,'INSERT INTO gne_vale_ferreteria_mov (vfe_id,pro_codigo_plu,vfm_cantidad,vfm_unitario,vfm_total,vfm_entregado) VALUES (16191,763623,2,790,1580,@@@NO@@@)','',2,'2013-11-08'),(88565,'INSERT INTO gne_vale_ferreteria_mov (vfe_id,pro_codigo_plu,vfm_cantidad,vfm_unitario,vfm_total,vfm_entregado) VALUES (16191,763820,1,1290,1290,@@@NO@@@)','',2,'2013-11-08'),(88566,'INSERT INTO gne_vale_ferreteria_mov (vfe_id,pro_codigo_plu,vfm_cantidad,vfm_unitario,vfm_total,vfm_entregado) VALUES (16191,764213,2,390,780,@@@NO@@@)','',2,'2013-11-08'),(88567,'INSERT INTO gne_vale_ferreteria_mov (vfe_id,pro_codigo_plu,vfm_cantidad,vfm_unitario,vfm_total,vfm_entregado) VALUES (16191,36649,1,590,590,@@@NO@@@)','',2,'2013-11-08'),(88568,'UPDATE mae_productos SET pro_margen_actual=99.6,pro_precio_venta=499 WHERE pro_codigo_plu=535','',2,'2013-11-08'),(88569,'UPDATE mae_productos SET pro_margen_actual=-19.38,pro_precio_venta=1290 WHERE pro_codigo_plu=562','',2,'2013-11-08'),(88570,'UPDATE mae_productos SET pro_precio_fiscal=pro_precio_venta WHERE pro_codigo_plu=535','',2,'2013-11-08'),(88571,'UPDATE mae_productos SET pro_precio_fiscal=pro_precio_venta WHERE pro_codigo_plu=562','',2,'2013-11-08'),(88572,'UPDATE mae_productos SET pro_margen_actual=21.09,pro_precio_venta=500 WHERE pro_codigo_plu=780200000','',2,'2013-11-08'),(88573,'UPDATE mae_productos SET pro_margen_actual=21.09,pro_precio_venta=500 WHERE pro_codigo_plu=780721685','',2,'2013-11-08'),(88574,'UPDATE mae_productos SET pro_margen_actual=29.68,pro_precio_venta=500 WHERE pro_codigo_plu=763398','',2,'2013-11-08'),(88575,'UPDATE mae_productos SET pro_margen_actual=21.09,pro_precio_venta=500 WHERE pro_codigo_plu=780721772','',2,'2013-11-08'),(88576,'UPDATE mae_productos SET pro_precio_fiscal=pro_precio_venta WHERE pro_codigo_plu=780200000','',2,'2013-11-08'),(88577,'UPDATE mae_productos SET pro_precio_fiscal=pro_precio_venta WHERE pro_codigo_plu=780721685','',2,'2013-11-08'),(88578,'UPDATE mae_productos SET pro_precio_fiscal=pro_precio_venta WHERE pro_codigo_plu=780721772','',2,'2013-11-08'),(88579,'INSERT INTO gne_vale_ferreteria (vfe_id,vfe_fecha,vfe_total,vfe_estado,vfe_entregado,usu_nusuario) VALUES (16192,@@@2013.11.08@@@,5245,1,0,@@@G_DIAZ@@@)','',2,'2013-11-08'),(88580,'INSERT INTO gne_vale_ferreteria_mov (vfe_id,pro_codigo_plu,vfm_cantidad,vfm_unitario,vfm_total,vfm_entregado) VALUES (16192,19916,5,599,2995,@@@NO@@@)','',2,'2013-11-08'),(88581,'INSERT INTO gne_vale_ferreteria_mov (vfe_id,pro_codigo_plu,vfm_cantidad,vfm_unitario,vfm_total,vfm_entregado) VALUES (16192,763898,1,2250,2250,@@@NO@@@)','',2,'2013-11-08'),(88582,'UPDATE mae_productos SET pro_precio_venta=1499,pro_margen_actual= 41.54 WHERE pro_codigo_plu=130','',2,'2013-11-08'),(88583,'UPDATE mae_productos SET pro_precio_venta=3790,pro_margen_actual= 39.57 WHERE pro_codigo_plu=132','',2,'2013-11-08'),(88584,'UPDATE mae_productos SET pro_precio_venta=3950,pro_margen_actual= 39.1 WHERE pro_codigo_plu=200','',2,'2013-11-08'),(88585,'INSERT INTO gne_vale_ferreteria (vfe_id,vfe_fecha,vfe_total,vfe_estado,vfe_entregado,usu_nusuario) VALUES (16193,@@@2013.11.08@@@,90,1,0,@@@G_DIAZ@@@)','',2,'2013-11-08'),(88586,'INSERT INTO gne_vale_ferreteria_mov (vfe_id,pro_codigo_plu,vfm_cantidad,vfm_unitario,vfm_total,vfm_entregado) VALUES (16193,78017026,1,90,90,@@@NO@@@)','',2,'2013-11-08'),(88587,'UPDATE mae_productos SET pro_precio_compra_bruto=99.008,pro_margen_actual=(pro_precio_venta-99.008)/99.008 * 100,pro_ultima_compra=@@@2013.11.08@@@,pro_ultimo_proveedor=@@@84348700-9@@@ WHERE pro_codigo_plu=780220130','',2,'2013-11-08'),(88588,'UPDATE mae_productos SET pro_precio_compra_bruto=1477.98,pro_margen_actual=(pro_precio_venta-1477.98)/1477.98 * 100,pro_ultima_compra=@@@2013.11.08@@@,pro_ultimo_proveedor=@@@84348700-9@@@ WHERE pro_codigo_plu=102726','',2,'2013-11-08'),(88589,'UPDATE mae_productos SET pro_precio_compra_bruto=1477.98,pro_margen_actual=(pro_precio_venta-1477.98)/1477.98 * 100,pro_ultima_compra=@@@2013.11.08@@@,pro_ultimo_proveedor=@@@84348700-9@@@ WHERE pro_codigo_plu=20998','',2,'2013-11-08'),(88590,'UPDATE mae_productos SET pro_precio_compra_bruto=1477.98,pro_margen_actual=(pro_precio_venta-1477.98)/1477.98 * 100,pro_ultima_compra=@@@2013.11.08@@@,pro_ultimo_proveedor=@@@84348700-9@@@ WHERE pro_codigo_plu=102733','',2,'2013-11-08'),(88591,'UPDATE mae_productos SET pro_precio_compra_bruto=1477.98,pro_margen_actual=(pro_precio_venta-1477.98)/1477.98 * 100,pro_ultima_compra=@@@2013.11.08@@@,pro_ultimo_proveedor=@@@84348700-9@@@ WHERE pro_codigo_plu=102731','',2,'2013-11-08'),(88592,'UPDATE mae_productos SET pro_precio_compra_bruto=1477.98,pro_margen_actual=(pro_precio_venta-1477.98)/1477.98 * 100,pro_ultima_compra=@@@2013.11.08@@@,pro_ultimo_proveedor=@@@84348700-9@@@ WHERE pro_codigo_plu=20976','',2,'2013-11-08'),(88593,'UPDATE mae_productos SET pro_precio_compra_bruto=1477.98,pro_margen_actual=(pro_precio_venta-1477.98)/1477.98 * 100,pro_ultima_compra=@@@2013.11.08@@@,pro_ultimo_proveedor=@@@84348700-9@@@ WHERE pro_codigo_plu=20960','',2,'2013-11-08'),(88594,'UPDATE mae_productos SET pro_precio_compra_bruto=1477.98,pro_margen_actual=(pro_precio_venta-1477.98)/1477.98 * 100,pro_ultima_compra=@@@2013.11.08@@@,pro_ultimo_proveedor=@@@84348700-9@@@ WHERE pro_codigo_plu=101854','',2,'2013-11-08'),(88595,'UPDATE mae_productos SET pro_precio_compra_bruto=1477.98,pro_margen_actual=(pro_precio_venta-1477.98)/1477.98 * 100,pro_ultima_compra=@@@2013.11.08@@@,pro_ultimo_proveedor=@@@84348700-9@@@ WHERE pro_codigo_plu=20957','',2,'2013-11-08'),(88596,'UPDATE mae_productos SET pro_precio_compra_bruto=1477.98,pro_margen_actual=(pro_precio_venta-1477.98)/1477.98 * 100,pro_ultima_compra=@@@2013.11.08@@@,pro_ultimo_proveedor=@@@84348700-9@@@ WHERE pro_codigo_plu=20958','',2,'2013-11-08'),(88597,'UPDATE mae_productos SET pro_precio_compra_bruto=1477.98,pro_margen_actual=(pro_precio_venta-1477.98)/1477.98 * 100,pro_ultima_compra=@@@2013.11.08@@@,pro_ultimo_proveedor=@@@84348700-9@@@ WHERE pro_codigo_plu=20961','',2,'2013-11-08'),(88598,'UPDATE mae_productos SET pro_precio_compra_bruto=1449.42,pro_margen_actual=(pro_precio_venta-1449.42)/1449.42 * 100,pro_ultima_compra=@@@2013.11.08@@@,pro_ultimo_proveedor=@@@84348700-9@@@ WHERE pro_codigo_plu=102072','',2,'2013-11-08'),(88599,'UPDATE mae_productos SET pro_precio_compra_bruto=1449.42,pro_margen_actual=(pro_precio_venta-1449.42)/1449.42 * 100,pro_ultima_compra=@@@2013.11.08@@@,pro_ultimo_proveedor=@@@84348700-9@@@ WHERE pro_codigo_plu=102074','',2,'2013-11-08'),(88600,'UPDATE mae_productos SET pro_precio_compra_bruto=1449.42,pro_margen_actual=(pro_precio_venta-1449.42)/1449.42 * 100,pro_ultima_compra=@@@2013.11.08@@@,pro_ultimo_proveedor=@@@84348700-9@@@ WHERE pro_codigo_plu=102075','',2,'2013-11-08'),(88601,'UPDATE mae_productos SET pro_precio_compra_bruto=1449.42,pro_margen_actual=(pro_precio_venta-1449.42)/1449.42 * 100,pro_ultima_compra=@@@2013.11.08@@@,pro_ultimo_proveedor=@@@84348700-9@@@ WHERE pro_codigo_plu=101843','',2,'2013-11-08'),(88602,'UPDATE mae_productos SET pro_precio_compra_bruto=1449.42,pro_margen_actual=(pro_precio_venta-1449.42)/1449.42 * 100,pro_ultima_compra=@@@2013.11.08@@@,pro_ultimo_proveedor=@@@84348700-9@@@ WHERE pro_codigo_plu=101842','',2,'2013-11-08'),(88603,'UPDATE mae_productos SET pro_precio_compra_bruto=1449.42,pro_margen_actual=(pro_precio_venta-1449.42)/1449.42 * 100,pro_ultima_compra=@@@2013.11.08@@@,pro_ultimo_proveedor=@@@84348700-9@@@ WHERE pro_codigo_plu=102627','',2,'2013-11-08'),(88604,'UPDATE mae_productos SET pro_precio_compra_bruto=1449.42,pro_margen_actual=(pro_precio_venta-1449.42)/1449.42 * 100,pro_ultima_compra=@@@2013.11.08@@@,pro_ultimo_proveedor=@@@84348700-9@@@ WHERE pro_codigo_plu=101852','',2,'2013-11-08'),(88605,'UPDATE mae_productos SET pro_precio_compra_bruto=1449.42,pro_margen_actual=(pro_precio_venta-1449.42)/1449.42 * 100,pro_ultima_compra=@@@2013.11.08@@@,pro_ultimo_proveedor=@@@84348700-9@@@ WHERE pro_codigo_plu=101678','',2,'2013-11-08'),(88606,'UPDATE mae_productos SET pro_precio_compra_bruto=1449.42,pro_margen_actual=(pro_precio_venta-1449.42)/1449.42 * 100,pro_ultima_compra=@@@2013.11.08@@@,pro_ultimo_proveedor=@@@84348700-9@@@ WHERE pro_codigo_plu=101625','',2,'2013-11-08'),(88607,'UPDATE mae_productos SET pro_precio_compra_bruto=1449.42,pro_margen_actual=(pro_precio_venta-1449.42)/1449.42 * 100,pro_ultima_compra=@@@2013.11.08@@@,pro_ultimo_proveedor=@@@84348700-9@@@ WHERE pro_codigo_plu=101624','',2,'2013-11-08'),(88608,'UPDATE mae_productos SET pro_precio_compra_bruto=1449.42,pro_margen_actual=(pro_precio_venta-1449.42)/1449.42 * 100,pro_ultima_compra=@@@2013.11.08@@@,pro_ultimo_proveedor=@@@84348700-9@@@ WHERE pro_codigo_plu=100473','',2,'2013-11-08'),(88609,'UPDATE mae_productos SET pro_precio_compra_bruto=1449.42,pro_margen_actual=(pro_precio_venta-1449.42)/1449.42 * 100,pro_ultima_compra=@@@2013.11.08@@@,pro_ultimo_proveedor=@@@84348700-9@@@ WHERE pro_codigo_plu=101841','',2,'2013-11-08'),(88610,'UPDATE mae_productos SET pro_precio_compra_bruto=1194,pro_margen_actual=(pro_precio_venta-1194)/1194 * 100,pro_ultima_compra=@@@2013.11.08@@@,pro_ultimo_proveedor=@@@84348700-9@@@ WHERE pro_codigo_plu=780721264','',2,'2013-11-08'),(88611,'UPDATE mae_productos SET pro_precio_compra_bruto=838.23,pro_margen_actual=(pro_precio_venta-838.23)/838.23 * 100,pro_ultima_compra=@@@2013.11.08@@@,pro_ultimo_proveedor=@@@84348700-9@@@ WHERE pro_codigo_plu=10586','',2,'2013-11-08'),(88612,'UPDATE mae_productos SET pro_precio_compra_bruto=2156.63,pro_margen_actual=(pro_precio_venta-2156.63)/2156.63 * 100,pro_ultima_compra=@@@2013.11.08@@@,pro_ultimo_proveedor=@@@84348700-9@@@ WHERE pro_codigo_plu=762017','',2,'2013-11-08'),(88613,'UPDATE mae_productos SET pro_precio_compra_bruto=1115.03,pro_margen_actual=(pro_precio_venta-1115.03)/1115.03 * 100,pro_ultima_compra=@@@2013.11.08@@@,pro_ultimo_proveedor=@@@84348700-9@@@ WHERE pro_codigo_plu=761835','',2,'2013-11-08'),(88614,'UPDATE mae_productos SET pro_precio_compra_bruto=2176.6,pro_margen_actual=(pro_precio_venta-2176.6)/2176.6 * 100,pro_ultima_compra=@@@2013.11.08@@@,pro_ultimo_proveedor=@@@84348700-9@@@ WHERE pro_codigo_plu=14084','',2,'2013-11-08'),(88615,'UPDATE mae_productos SET pro_precio_compra_bruto=1946.36,pro_margen_actual=(pro_precio_venta-1946.36)/1946.36 * 100,pro_ultima_compra=@@@2013.11.08@@@,pro_ultimo_proveedor=@@@84348700-9@@@ WHERE pro_codigo_plu=825','',2,'2013-11-08'),(88616,'INSERT INTO gne_vale_ferreteria (vfe_id,vfe_fecha,vfe_total,vfe_estado,vfe_entregado,usu_nusuario) VALUES (16194,@@@2013.11.08@@@,2220,1,0,@@@G_DIAZ@@@)','',2,'2013-11-08'),(88617,'INSERT INTO gne_vale_ferreteria_mov (vfe_id,pro_codigo_plu,vfm_cantidad,vfm_unitario,vfm_total,vfm_entregado) VALUES (16194,1071,2,790,1580,@@@NO@@@)','',2,'2013-11-08'),(88618,'INSERT INTO gne_vale_ferreteria_mov (vfe_id,pro_codigo_plu,vfm_cantidad,vfm_unitario,vfm_total,vfm_entregado) VALUES (16194,780721717,20,20,400,@@@NO@@@)','',2,'2013-11-08'),(88619,'INSERT INTO gne_vale_ferreteria_mov (vfe_id,pro_codigo_plu,vfm_cantidad,vfm_unitario,vfm_total,vfm_entregado) VALUES (16194,1544,8,30,240,@@@NO@@@)','',2,'2013-11-08'),(88620,'UPDATE mae_productos SET pro_precio_compra_bruto=1161.44,pro_margen_actual=(pro_precio_venta-1161.44)/1161.44 * 100,pro_ultima_compra=@@@2013.11.08@@@,pro_ultimo_proveedor=@@@76041579-0@@@ WHERE pro_codigo_plu=763672','',2,'2013-11-08'),(88621,'UPDATE mae_productos SET pro_precio_compra_bruto=484.33,pro_margen_actual=(pro_precio_venta-484.33)/484.33 * 100,pro_ultima_compra=@@@2013.11.08@@@,pro_ultimo_proveedor=@@@76041579-0@@@ WHERE pro_codigo_plu=15485','',2,'2013-11-08'),(88622,'UPDATE mae_productos SET pro_precio_compra_bruto=233.24,pro_margen_actual=(pro_precio_venta-233.24)/233.24 * 100,pro_ultima_compra=@@@2013.11.08@@@,pro_ultimo_proveedor=@@@76041579-0@@@ WHERE pro_codigo_plu=78017020','',2,'2013-11-08'),(88623,'UPDATE mae_productos SET pro_precio_compra_bruto=439.11,pro_margen_actual=(pro_precio_venta-439.11)/439.11 * 100,pro_ultima_compra=@@@2013.11.08@@@,pro_ultimo_proveedor=@@@76041579-0@@@ WHERE pro_codigo_plu=780220180','',2,'2013-11-08'),(88624,'UPDATE mae_productos SET pro_precio_compra_bruto=108.29,pro_margen_actual=(pro_precio_venta-108.29)/108.29 * 100,pro_ultima_compra=@@@2013.11.08@@@,pro_ultimo_proveedor=@@@76041579-0@@@ WHERE pro_codigo_plu=12819','',2,'2013-11-08'),(88625,'UPDATE mae_productos SET pro_precio_compra_bruto=11543,pro_margen_actual=(pro_precio_venta-11543)/11543 * 100,pro_ultima_compra=@@@2013.11.08@@@,pro_ultimo_proveedor=@@@76041579-0@@@ WHERE pro_codigo_plu=21345','',2,'2013-11-08'),(88626,'UPDATE mae_productos SET pro_precio_compra_bruto=324.87,pro_margen_actual=(pro_precio_venta-324.87)/324.87 * 100,pro_ultima_compra=@@@2013.11.08@@@,pro_ultimo_proveedor=@@@76041579-0@@@ WHERE pro_codigo_plu=780721306','',2,'2013-11-08'),(88627,'UPDATE mae_productos SET pro_precio_compra_bruto=227.29,pro_margen_actual=(pro_precio_venta-227.29)/227.29 * 100,pro_ultima_compra=@@@2013.11.08@@@,pro_ultimo_proveedor=@@@76041579-0@@@ WHERE pro_codigo_plu=780721986','',2,'2013-11-08'),(88628,'UPDATE mae_productos SET pro_precio_compra_bruto=227.29,pro_margen_actual=(pro_precio_venta-227.29)/227.29 * 100,pro_ultima_compra=@@@2013.11.08@@@,pro_ultimo_proveedor=@@@76041579-0@@@ WHERE pro_codigo_plu=738282','',2,'2013-11-08'),(88629,'UPDATE mae_productos SET pro_precio_compra_bruto=227.29,pro_margen_actual=(pro_precio_venta-227.29)/227.29 * 100,pro_ultima_compra=@@@2013.11.08@@@,pro_ultimo_proveedor=@@@76041579-0@@@ WHERE pro_codigo_plu=738283','',2,'2013-11-08'),(88630,'UPDATE mae_productos SET pro_precio_compra_bruto=621.23,pro_margen_actual=(pro_precio_venta-621.23)/621.23 * 100,pro_ultima_compra=@@@2013.11.08@@@,pro_ultimo_proveedor=@@@76041579-0@@@ WHERE pro_codigo_plu=80983','',2,'2013-11-08'),(88631,'UPDATE mae_productos SET pro_precio_compra_bruto=103.53,pro_margen_actual=(pro_precio_venta-103.53)/103.53 * 100,pro_ultima_compra=@@@2013.11.08@@@,pro_ultimo_proveedor=@@@76041579-0@@@ WHERE pro_codigo_plu=21666','',2,'2013-11-08'),(88632,'UPDATE mae_productos SET pro_precio_compra_bruto=490.28,pro_margen_actual=(pro_precio_venta-490.28)/490.28 * 100,pro_ultima_compra=@@@2013.11.08@@@,pro_ultimo_proveedor=@@@76041579-0@@@ WHERE pro_codigo_plu=1241000','',2,'2013-11-08'),(88633,'UPDATE mae_productos SET pro_precio_compra_bruto=535.5,pro_margen_actual=(pro_precio_venta-535.5)/535.5 * 100,pro_ultima_compra=@@@2013.11.08@@@,pro_ultimo_proveedor=@@@76041579-0@@@ WHERE pro_codigo_plu=763623','',2,'2013-11-08'),(88634,'UPDATE mae_productos SET pro_precio_compra_bruto=11.67,pro_margen_actual=(pro_precio_venta-11.67)/11.67 * 100,pro_ultima_compra=@@@2013.11.08@@@,pro_ultimo_proveedor=@@@76041579-0@@@ WHERE pro_codigo_plu=36157','',2,'2013-11-08'),(88635,'UPDATE mae_productos SET pro_precio_compra_bruto=324.87,pro_margen_actual=(pro_precio_venta-324.87)/324.87 * 100,pro_ultima_compra=@@@2013.11.08@@@,pro_ultimo_proveedor=@@@76041579-0@@@ WHERE pro_codigo_plu=780721305','',2,'2013-11-08'),(88636,'UPDATE mae_productos SET pro_precio_compra_bruto=73.23,pro_margen_actual=(pro_precio_venta-73.23)/73.23 * 100,pro_ultima_compra=@@@2013.11.08@@@,pro_ultimo_proveedor=@@@76041579-0@@@ WHERE pro_codigo_plu=761334','',2,'2013-11-08'),(88637,'UPDATE mae_productos SET pro_precio_compra_bruto=73.23,pro_margen_actual=(pro_precio_venta-73.23)/73.23 * 100,pro_ultima_compra=@@@2013.11.08@@@,pro_ultimo_proveedor=@@@76041579-0@@@ WHERE pro_codigo_plu=761335','',2,'2013-11-08'),(88638,'UPDATE mae_productos SET pro_precio_compra_bruto=48.34,pro_margen_actual=(pro_precio_venta-48.34)/48.34 * 100,pro_ultima_compra=@@@2013.11.08@@@,pro_ultimo_proveedor=@@@76041579-0@@@ WHERE pro_codigo_plu=78017148','',2,'2013-11-08'),(88639,'UPDATE mae_productos SET pro_precio_compra_bruto=35.27,pro_margen_actual=(pro_precio_venta-35.27)/35.27 * 100,pro_ultima_compra=@@@2013.11.08@@@,pro_ultimo_proveedor=@@@76041579-0@@@ WHERE pro_codigo_plu=764780','',2,'2013-11-08'),(88640,'UPDATE mae_productos SET pro_precio_compra_bruto=386.75,pro_margen_actual=(pro_precio_venta-386.75)/386.75 * 100,pro_ultima_compra=@@@2013.11.08@@@,pro_ultimo_proveedor=@@@76041579-0@@@ WHERE pro_codigo_plu=780220195','',2,'2013-11-08'),(88641,'UPDATE mae_productos SET pro_precio_compra_bruto=410.55,pro_margen_actual=(pro_precio_venta-410.55)/410.55 * 100,pro_ultima_compra=@@@2013.11.08@@@,pro_ultimo_proveedor=@@@76041579-0@@@ WHERE pro_codigo_plu=763582','',2,'2013-11-08'),(88642,'UPDATE mae_productos SET pro_precio_compra_bruto=1387.54,pro_margen_actual=(pro_precio_venta-1387.54)/1387.54 * 100,pro_ultima_compra=@@@2013.11.08@@@,pro_ultimo_proveedor=@@@76041579-0@@@ WHERE pro_codigo_plu=780220125','',2,'2013-11-08'),(88643,'UPDATE mae_productos SET pro_precio_compra_bruto=719.95,pro_margen_actual=(pro_precio_venta-719.95)/719.95 * 100,pro_ultima_compra=@@@2013.11.08@@@,pro_ultimo_proveedor=@@@76041579-0@@@ WHERE pro_codigo_plu=780721438','',2,'2013-11-08'),(88644,'UPDATE mae_productos SET pro_precio_compra_bruto=719.95,pro_margen_actual=(pro_precio_venta-719.95)/719.95 * 100,pro_ultima_compra=@@@2013.11.08@@@,pro_ultimo_proveedor=@@@76041579-0@@@ WHERE pro_codigo_plu=780721437','',2,'2013-11-08'),(88645,'UPDATE mae_productos SET pro_precio_compra_bruto=951.4,pro_margen_actual=(pro_precio_venta-951.4)/951.4 * 100,pro_ultima_compra=@@@2013.11.08@@@,pro_ultimo_proveedor=@@@76041579-0@@@ WHERE pro_codigo_plu=8689','',2,'2013-11-08'),(88646,'UPDATE mae_productos SET pro_precio_compra_bruto=67.4,pro_margen_actual=(pro_precio_venta-67.4)/67.4 * 100,pro_ultima_compra=@@@2013.11.08@@@,pro_ultimo_proveedor=@@@76041579-0@@@ WHERE pro_codigo_plu=764411','',2,'2013-11-08'),(88647,'UPDATE mae_productos SET pro_precio_compra_bruto=67.4,pro_margen_actual=(pro_precio_venta-67.4)/67.4 * 100,pro_ultima_compra=@@@2013.11.08@@@,pro_ultimo_proveedor=@@@76041579-0@@@ WHERE pro_codigo_plu=20365','',2,'2013-11-08'),(88648,'UPDATE mae_productos SET pro_precio_compra_bruto=67.4,pro_margen_actual=(pro_precio_venta-67.4)/67.4 * 100,pro_ultima_compra=@@@2013.11.08@@@,pro_ultimo_proveedor=@@@76041579-0@@@ WHERE pro_codigo_plu=20366','',2,'2013-11-08'),(88649,'UPDATE mae_productos SET pro_precio_compra_bruto=67.4,pro_margen_actual=(pro_precio_venta-67.4)/67.4 * 100,pro_ultima_compra=@@@2013.11.08@@@,pro_ultimo_proveedor=@@@76041579-0@@@ WHERE pro_codigo_plu=20368','',2,'2013-11-08'),(88650,'INSERT INTO gne_vale_ferreteria (vfe_id,vfe_fecha,vfe_total,vfe_estado,vfe_entregado,usu_nusuario) VALUES (16195,@@@2013.11.08@@@,1480,1,0,@@@G_DIAZ@@@)','',2,'2013-11-08'),(88651,'INSERT INTO gne_vale_ferreteria_mov (vfe_id,pro_codigo_plu,vfm_cantidad,vfm_unitario,vfm_total,vfm_entregado) VALUES (16195,121012,2,590,1180,@@@NO@@@)','',2,'2013-11-08'),(88652,'INSERT INTO gne_vale_ferreteria_mov (vfe_id,pro_codigo_plu,vfm_cantidad,vfm_unitario,vfm_total,vfm_entregado) VALUES (16195,10063,1,300,300,@@@NO@@@)','',2,'2013-11-08'),(88653,'INSERT INTO gne_vale_ferreteria (vfe_id,vfe_fecha,vfe_total,vfe_estado,vfe_entregado,usu_nusuario) VALUES (16196,@@@2013.11.08@@@,450,1,0,@@@G_DIAZ@@@)','',2,'2013-11-08'),(88654,'INSERT INTO gne_vale_ferreteria_mov (vfe_id,pro_codigo_plu,vfm_cantidad,vfm_unitario,vfm_total,vfm_entregado) VALUES (16196,78017155,1,450,450,@@@NO@@@)','',2,'2013-11-08'),(88655,'INSERT INTO gne_vale_ferreteria (vfe_id,vfe_fecha,vfe_total,vfe_estado,vfe_entregado,usu_nusuario) VALUES (16197,@@@2013.11.08@@@,3580,1,0,@@@G_DIAZ@@@)','',2,'2013-11-08'),(88656,'INSERT INTO gne_vale_ferreteria_mov (vfe_id,pro_codigo_plu,vfm_cantidad,vfm_unitario,vfm_total,vfm_entregado) VALUES (16197,780721588,1,1390,1390,@@@NO@@@)','',2,'2013-11-08'),(88657,'INSERT INTO gne_vale_ferreteria_mov (vfe_id,pro_codigo_plu,vfm_cantidad,vfm_unitario,vfm_total,vfm_entregado) VALUES (16197,780721743,1,2190,2190,@@@NO@@@)','',2,'2013-11-08'),(88658,'INSERT INTO gne_vale_ferreteria (vfe_id,vfe_fecha,vfe_total,vfe_estado,vfe_entregado,usu_nusuario) VALUES (16198,@@@2013.11.08@@@,80,1,0,@@@G_DIAZ@@@)','',2,'2013-11-08'),(88659,'INSERT INTO gne_vale_ferreteria_mov (vfe_id,pro_codigo_plu,vfm_cantidad,vfm_unitario,vfm_total,vfm_entregado) VALUES (16198,4080,2,40,80,@@@NO@@@)','',2,'2013-11-08'),(88660,'UPDATE mae_productos SET pro_margen_actual=39.1,pro_precio_venta=3950 WHERE pro_codigo_plu=200','',2,'2013-11-08'),(88661,'UPDATE mae_productos SET pro_margen_actual=39.57,pro_precio_venta=3790 WHERE pro_codigo_plu=132','',2,'2013-11-08'),(88662,'UPDATE mae_productos SET pro_margen_actual=41.54,pro_precio_venta=1499 WHERE pro_codigo_plu=130','',2,'2013-11-08'),(88663,'UPDATE mae_productos SET pro_margen_actual=41.63,pro_precio_venta=330 WHERE pro_codigo_plu=607','',2,'2013-11-08'),(88664,'UPDATE mae_productos SET pro_margen_actual=0,pro_precio_venta=1790 WHERE pro_codigo_plu=506','',2,'2013-11-08'),(88665,'UPDATE mae_productos SET pro_precio_fiscal=pro_precio_venta WHERE pro_codigo_plu=506','',2,'2013-11-08'),(88666,'UPDATE mae_productos SET pro_precio_fiscal=pro_precio_venta WHERE pro_codigo_plu=607','',2,'2013-11-08'),(88667,'INSERT INTO gne_vale_ferreteria (vfe_id,vfe_fecha,vfe_total,vfe_estado,vfe_entregado,usu_nusuario) VALUES (16199,@@@2013.11.08@@@,1000,1,0,@@@G_DIAZ@@@)','',2,'2013-11-08'),(88668,'INSERT INTO gne_vale_ferreteria_mov (vfe_id,pro_codigo_plu,vfm_cantidad,vfm_unitario,vfm_total,vfm_entregado) VALUES (16199,770000,20,50,1000,@@@NO@@@)','',2,'2013-11-08'),(88669,'UPDATE mae_productos SET pro_precio_compra_bruto=1425.12,pro_margen_actual=(pro_precio_venta-1425.12)/1425.12 * 100,pro_ultima_compra=@@@2013.11.08@@@,pro_ultimo_proveedor=@@@76358020-2@@@ WHERE pro_codigo_plu=761948','',2,'2013-11-08'),(88670,'UPDATE mae_productos SET pro_precio_compra_bruto=1425.12,pro_margen_actual=(pro_precio_venta-1425.12)/1425.12 * 100,pro_ultima_compra=@@@2013.11.08@@@,pro_ultimo_proveedor=@@@76358020-2@@@ WHERE pro_codigo_plu=761489','',2,'2013-11-08'),(88671,'UPDATE mae_productos SET pro_precio_venta=1550,pro_margen_actual= 29.82 WHERE pro_codigo_plu=780721264','',2,'2013-11-08'),(88672,'INSERT INTO gne_vale_ferreteria (vfe_id,vfe_fecha,vfe_total,vfe_estado,vfe_entregado,usu_nusuario) VALUES (16200,@@@2013.11.08@@@,4280,1,0,@@@G_DIAZ@@@)','',2,'2013-11-08'),(88673,'INSERT INTO gne_vale_ferreteria_mov (vfe_id,pro_codigo_plu,vfm_cantidad,vfm_unitario,vfm_total,vfm_entregado) VALUES (16200,780721474,1,1790,1790,@@@NO@@@)','',2,'2013-11-08'),(88674,'INSERT INTO gne_vale_ferreteria_mov (vfe_id,pro_codigo_plu,vfm_cantidad,vfm_unitario,vfm_total,vfm_entregado) VALUES (16200,764753,1,2490,2490,@@@NO@@@)','',2,'2013-11-08'),(88675,'UPDATE mae_productos SET pro_precio_venta=1250,pro_margen_actual= 31.39 WHERE pro_codigo_plu=8689','',2,'2013-11-08'),(88676,'UPDATE mae_productos SET pro_precio_venta=499,pro_margen_actual= 53.6 WHERE pro_codigo_plu=780721306','',2,'2013-11-08'),(88677,'UPDATE mae_productos SET pro_precio_venta=499,pro_margen_actual= 53.6 WHERE pro_codigo_plu=780721305','',2,'2013-11-08'),(88678,'UPDATE mae_productos SET pro_precio_venta=75,pro_margen_actual= 112.65 WHERE pro_codigo_plu=764780','',2,'2013-11-08'),(88679,'UPDATE mae_productos SET pro_precio_venta=735,pro_margen_actual= 49.91 WHERE pro_codigo_plu=1241000','',2,'2013-11-08'),(88680,'UPDATE mae_productos SET pro_precio_venta=30,pro_margen_actual= 157.07 WHERE pro_codigo_plu=36157','',2,'2013-11-08'),(88681,'UPDATE mae_productos SET pro_precio_venta=350,pro_margen_actual= 53.99 WHERE pro_codigo_plu=738282','',2,'2013-11-08'),(88682,'UPDATE mae_productos SET pro_precio_venta=350,pro_margen_actual= 53.99 WHERE pro_codigo_plu=738283','',2,'2013-11-08'),(88683,'UPDATE mae_productos SET pro_precio_venta=120,pro_margen_actual= 78.04 WHERE pro_codigo_plu=20368','',2,'2013-11-08'),(88684,'UPDATE mae_productos SET pro_precio_venta=120,pro_margen_actual= 78.04 WHERE pro_codigo_plu=764411','',2,'2013-11-08'),(88685,'UPDATE mae_productos SET pro_precio_venta=120,pro_margen_actual= 78.04 WHERE pro_codigo_plu=20366','',2,'2013-11-08'),(88686,'UPDATE mae_productos SET pro_precio_venta=120,pro_margen_actual= 78.04 WHERE pro_codigo_plu=20365','',2,'2013-11-08'),(88687,'UPDATE mae_productos SET pro_precio_venta=14990,pro_margen_actual= 29.86 WHERE pro_codigo_plu=21345','',2,'2013-11-08'),(88688,'UPDATE mae_productos SET pro_precio_venta=799,pro_margen_actual= 49.21 WHERE pro_codigo_plu=763623','',2,'2013-11-08'),(88689,'UPDATE mae_productos SET pro_precio_venta=650,pro_margen_actual= 48.03 WHERE pro_codigo_plu=780220180','',2,'2013-11-08'),(88690,'UPDATE mae_productos SET pro_precio_venta=155,pro_margen_actual= 49.72 WHERE pro_codigo_plu=21666','',2,'2013-11-08'),(88691,'UPDATE mae_productos SET pro_precio_venta=1099,pro_margen_actual= 52.65 WHERE pro_codigo_plu=780721438','',2,'2013-11-08'),(88692,'UPDATE mae_productos SET pro_precio_venta=1099,pro_margen_actual= 52.65 WHERE pro_codigo_plu=780721437','',2,'2013-11-08'),(88693,'UPDATE mae_productos SET pro_precio_venta=1850,pro_margen_actual= 29.81 WHERE pro_codigo_plu=761948','',2,'2013-11-08'),(88694,'UPDATE mae_productos SET pro_precio_venta=1850,pro_margen_actual= 29.81 WHERE pro_codigo_plu=761489','',2,'2013-11-08'),(88695,'UPDATE mae_productos SET pro_precio_fiscal=pro_precio_venta WHERE pro_codigo_plu=8689','',2,'2013-11-08'),(88696,'UPDATE mae_productos SET pro_precio_fiscal=pro_precio_venta WHERE pro_codigo_plu=780721306','',2,'2013-11-08'),(88697,'UPDATE mae_productos SET pro_precio_fiscal=pro_precio_venta WHERE pro_codigo_plu=780721305','',2,'2013-11-08'),(88698,'UPDATE mae_productos SET pro_precio_fiscal=pro_precio_venta WHERE pro_codigo_plu=764780','',2,'2013-11-08'),(88699,'UPDATE mae_productos SET pro_precio_fiscal=pro_precio_venta WHERE pro_codigo_plu=1241000','',2,'2013-11-08'),(88700,'UPDATE mae_productos SET pro_precio_fiscal=pro_precio_venta WHERE pro_codigo_plu=36157','',2,'2013-11-08'),(88701,'UPDATE mae_productos SET pro_precio_fiscal=pro_precio_venta WHERE pro_codigo_plu=738282','',2,'2013-11-08'),(88702,'UPDATE mae_productos SET pro_precio_fiscal=pro_precio_venta WHERE pro_codigo_plu=738283','',2,'2013-11-08'),(88703,'UPDATE mae_productos SET pro_precio_fiscal=pro_precio_venta WHERE pro_codigo_plu=761948','',2,'2013-11-08'),(88704,'UPDATE mae_productos SET pro_precio_fiscal=pro_precio_venta WHERE pro_codigo_plu=761489','',2,'2013-11-08'),(88705,'UPDATE mae_productos SET pro_precio_fiscal=pro_precio_venta WHERE pro_codigo_plu=20368','',2,'2013-11-08'),(88706,'UPDATE mae_productos SET pro_precio_fiscal=pro_precio_venta WHERE pro_codigo_plu=764411','',2,'2013-11-08'),(88707,'UPDATE mae_productos SET pro_precio_fiscal=pro_precio_venta WHERE pro_codigo_plu=20366','',2,'2013-11-08'),(88708,'UPDATE mae_productos SET pro_precio_fiscal=pro_precio_venta WHERE pro_codigo_plu=20365','',2,'2013-11-08'),(88709,'UPDATE mae_productos SET pro_precio_fiscal=pro_precio_venta WHERE pro_codigo_plu=21345','',2,'2013-11-08'),(88710,'UPDATE mae_productos SET pro_precio_fiscal=pro_precio_venta WHERE pro_codigo_plu=780721264','',2,'2013-11-08'),(88711,'UPDATE mae_productos SET pro_precio_fiscal=pro_precio_venta WHERE pro_codigo_plu=763623','',2,'2013-11-08'),(88712,'UPDATE mae_productos SET pro_precio_fiscal=pro_precio_venta WHERE pro_codigo_plu=780220180','',2,'2013-11-08'),(88713,'UPDATE mae_productos SET pro_precio_fiscal=pro_precio_venta WHERE pro_codigo_plu=21666','',2,'2013-11-08'),(88714,'UPDATE mae_productos SET pro_precio_fiscal=pro_precio_venta WHERE pro_codigo_plu=780721438','',2,'2013-11-08'),(88715,'UPDATE mae_productos SET pro_precio_fiscal=pro_precio_venta WHERE pro_codigo_plu=780721437','',2,'2013-11-08'),(88716,'UPDATE mae_productos SET pro_precio_fiscal=pro_precio_venta WHERE pro_codigo_plu=130','',2,'2013-11-08'),(88717,'UPDATE mae_productos SET pro_precio_fiscal=pro_precio_venta WHERE pro_codigo_plu=132','',2,'2013-11-08'),(88718,'UPDATE mae_productos SET pro_precio_fiscal=pro_precio_venta WHERE pro_codigo_plu=200','',2,'2013-11-08'),(88719,'UPDATE mae_productos SET pro_codigo_barra=@@@130@@@,pro_tipo=@@@0@@@,pro_nombre_producto=@@@TRUTRO CUARTO CON CS@@@,pro_nombre_corto=@@@TRUTRO CUARTO@@@,med_id=@@@2@@@,emb_id=@@@6@@@,pro_unidades_embalaje=@@@15@@@,dep_id=@@@9 @@@,lin_id=@@@65@@@,mar_id=@@@2507@@@,pro_precio_compra_neto=@@@0@@@,pro_precio_compra_bruto=@@@1059.1@@@,pro_precio_venta=@@@1499@@@,pro_margen_actual=@@@41.54@@@,pro_oferta=@@@NO@@@,pro_fecha_inicio_oferta=@@@2013.08.30@@@,pro_fecha_termino_oferta=@@@2013.08.30@@@,pro_precio_oferta=@@@0@@@,pro_stock_minimo=@@@100@@@,pro_stock_critico=@@@10@@@,pro_activo=@@@1@@@,pro_unidad=@@@1@@@,pro_precio_compra_bruto=1059.1,pro_margen_actual=41.54,pro_capacidad=1,pro_funcion_plu=1,pro_flejes=1,pro_iva=1,pro_plu_asociado=0,pro_envase=@@@NO@@@,pro_duracion=0,pro_numero_etiqueta=1 WHERE pro_codigo_plu=@@@130@@@','',2,'2013-11-08'),(88720,'UPDATE mae_productos SET pro_estado=1 WHERE pro_codigo_plu=130','',2,'2013-11-08'),(88721,'DELETE FROM mae_impuestos_productos WHERE pro_codigo_plu=@@@130@@@','',2,'2013-11-08'),(88722,'UPDATE mae_productos SET pro_codigo_barra=@@@130@@@,pro_tipo=@@@0@@@,pro_nombre_producto=@@@TRUTRO CUARTO CON CS@@@,pro_nombre_corto=@@@TRUTRO CUARTO@@@,med_id=@@@2@@@,emb_id=@@@6@@@,pro_unidades_embalaje=@@@15@@@,dep_id=@@@9 @@@,lin_id=@@@65@@@,mar_id=@@@2507@@@,pro_precio_compra_neto=@@@0@@@,pro_precio_compra_bruto=@@@1059.1@@@,pro_precio_venta=@@@1499@@@,pro_margen_actual=@@@41.54@@@,pro_oferta=@@@NO@@@,pro_fecha_inicio_oferta=@@@2013.08.30@@@,pro_fecha_termino_oferta=@@@2013.08.30@@@,pro_precio_oferta=@@@0@@@,pro_stock_minimo=@@@100@@@,pro_stock_critico=@@@10@@@,pro_activo=@@@1@@@,pro_unidad=@@@1@@@,pro_precio_compra_bruto=1059.1,pro_margen_actual=41.54,pro_capacidad=1,pro_funcion_plu=1,pro_flejes=1,pro_iva=1,pro_plu_asociado=0,pro_envase=@@@NO@@@,pro_duracion=0,pro_numero_etiqueta=1 WHERE pro_codigo_plu=@@@130@@@','',2,'2013-11-08'),(88723,'UPDATE mae_productos SET pro_estado=1 WHERE pro_codigo_plu=130','',2,'2013-11-08'),(88724,'DELETE FROM mae_impuestos_productos WHERE pro_codigo_plu=@@@130@@@','',2,'2013-11-08'),(88725,'UPDATE mae_productos SET pro_codigo_barra=@@@132@@@,pro_tipo=@@@0@@@,pro_nombre_producto=@@@PULPA PIERNA CON CS@@@,pro_nombre_corto=@@@PULPA PIERNA CON@@@,med_id=@@@2@@@,emb_id=@@@6@@@,pro_unidades_embalaje=@@@15@@@,dep_id=@@@11 @@@,lin_id=@@@70@@@,mar_id=@@@2507@@@,pro_precio_compra_neto=@@@0@@@,pro_precio_compra_bruto=@@@2715.58@@@,pro_precio_venta=@@@3790@@@,pro_margen_actual=@@@39.57@@@,pro_oferta=@@@NO@@@,pro_fecha_inicio_oferta=@@@2013.08.30@@@,pro_fecha_termino_oferta=@@@2013.08.30@@@,pro_precio_oferta=@@@0@@@,pro_stock_minimo=@@@50@@@,pro_stock_critico=@@@10@@@,pro_activo=@@@1@@@,pro_unidad=@@@1@@@,pro_precio_compra_bruto=2715.58,pro_margen_actual=39.57,pro_capacidad=1,pro_funcion_plu=1,pro_flejes=1,pro_iva=1,pro_plu_asociado=0,pro_envase=@@@NO@@@,pro_duracion=0,pro_numero_etiqueta=1 WHERE pro_codigo_plu=@@@132@@@','',2,'2013-11-08'),(88726,'UPDATE mae_productos SET pro_estado=1 WHERE pro_codigo_plu=132','',2,'2013-11-08'),(88727,'DELETE FROM mae_impuestos_productos WHERE pro_codigo_plu=@@@132@@@','',2,'2013-11-08'),(88728,'UPDATE mae_productos SET pro_codigo_barra=@@@132@@@,pro_tipo=@@@0@@@,pro_nombre_producto=@@@PULPA PIERNA CON CS@@@,pro_nombre_corto=@@@PULPA PIERNA CON@@@,med_id=@@@2@@@,emb_id=@@@6@@@,pro_unidades_embalaje=@@@15@@@,dep_id=@@@11 @@@,lin_id=@@@70@@@,mar_id=@@@2507@@@,pro_precio_compra_neto=@@@0@@@,pro_precio_compra_bruto=@@@2715.58@@@,pro_precio_venta=@@@3790@@@,pro_margen_actual=@@@39.57@@@,pro_oferta=@@@NO@@@,pro_fecha_inicio_oferta=@@@2013.08.30@@@,pro_fecha_termino_oferta=@@@2013.08.30@@@,pro_precio_oferta=@@@0@@@,pro_stock_minimo=@@@50@@@,pro_stock_critico=@@@10@@@,pro_activo=@@@1@@@,pro_unidad=@@@1@@@,pro_precio_compra_bruto=2715.58,pro_margen_actual=39.57,pro_capacidad=1,pro_funcion_plu=1,pro_flejes=1,pro_iva=1,pro_plu_asociado=0,pro_envase=@@@NO@@@,pro_duracion=0,pro_numero_etiqueta=1 WHERE pro_codigo_plu=@@@132@@@','',2,'2013-11-08'),(88729,'UPDATE mae_productos SET pro_estado=1 WHERE pro_codigo_plu=132','',2,'2013-11-08'),(88730,'DELETE FROM mae_impuestos_productos WHERE pro_codigo_plu=@@@132@@@','',2,'2013-11-08'),(88731,'UPDATE mae_productos SET pro_codigo_barra=@@@132@@@,pro_tipo=@@@0@@@,pro_nombre_producto=@@@PULPA PIERNA CON CS@@@,pro_nombre_corto=@@@PULPA PIERNA CON@@@,med_id=@@@2@@@,emb_id=@@@6@@@,pro_unidades_embalaje=@@@15@@@,dep_id=@@@11 @@@,lin_id=@@@70@@@,mar_id=@@@2507@@@,pro_precio_compra_neto=@@@0@@@,pro_precio_compra_bruto=@@@2715.58@@@,pro_precio_venta=@@@3790@@@,pro_margen_actual=@@@39.57@@@,pro_oferta=@@@NO@@@,pro_fecha_inicio_oferta=@@@2013.08.30@@@,pro_fecha_termino_oferta=@@@2013.08.30@@@,pro_precio_oferta=@@@0@@@,pro_stock_minimo=@@@50@@@,pro_stock_critico=@@@10@@@,pro_activo=@@@1@@@,pro_unidad=@@@1@@@,pro_precio_compra_bruto=2715.58,pro_margen_actual=39.57,pro_capacidad=1,pro_funcion_plu=1,pro_flejes=1,pro_iva=1,pro_plu_asociado=0,pro_envase=@@@NO@@@,pro_duracion=0,pro_numero_etiqueta=1 WHERE pro_codigo_plu=@@@132@@@','',2,'2013-11-08'),(88732,'UPDATE mae_productos SET pro_estado=1 WHERE pro_codigo_plu=132','',2,'2013-11-08'),(88733,'DELETE FROM mae_impuestos_productos WHERE pro_codigo_plu=@@@132@@@','',2,'2013-11-08'),(88734,'UPDATE mae_productos SET pro_margen_actual=39.57,pro_precio_venta=3790 WHERE pro_codigo_plu=132','',2,'2013-11-08'),(88735,'UPDATE mae_productos SET pro_margen_actual=41.54,pro_precio_venta=1499 WHERE pro_codigo_plu=130','',2,'2013-11-08'),(88736,'INSERT INTO gne_vale_ferreteria (vfe_id,vfe_fecha,vfe_total,vfe_estado,vfe_entregado,usu_nusuario) VALUES (16201,@@@2013.11.08@@@,850,1,0,@@@G_DIAZ@@@)','',2,'2013-11-08'),(88737,'INSERT INTO gne_vale_ferreteria_mov (vfe_id,pro_codigo_plu,vfm_cantidad,vfm_unitario,vfm_total,vfm_entregado) VALUES (16201,780721425,1,850,850,@@@NO@@@)','',2,'2013-11-08'),(88738,'INSERT INTO mae_productos (pro_codigo_plu,pro_codigo_barra,pro_tipo,pro_nombre_producto,pro_nombre_corto,med_id,emb_id,pro_unidades_embalaje,dep_id,lin_id,mar_id,pro_precio_compra_neto,pro_precio_compra_bruto,pro_precio_venta,pro_margen_actual,pro_oferta,pro_fecha_inicio_oferta,pro_fecha_termino_oferta,pro_precio_oferta,pro_stock_minimo,pro_stock_critico,pro_entradas_bodega,pro_salidas_bodega,pro_mermas_bodega,pro_ajustes_bodega,pro_entradas_sv,pro_salidas_sv,pro_mermas_sv,pro_ajustes_sv,pro_activo,rec_numero,pro_unidad,pro_capacidad,pro_consumo_bodega,pro_consumo_sv,pro_estado,pro_funcion_plu,pro_flejes,pro_iva,pro_plu_asociado,pro_envase,pro_duracion,pro_numero_etiqueta) VALUES (161728,@@@7802408001787@@@,@@@0@@@,@@@ALFAJOR PANCHITO FRUNA 40G@@@,@@@ALFAJOR PANCHITO@@@,@@@5 @@@,@@@6 @@@,@@@20@@@,@@@32 @@@,@@@161@@@,@@@2508@@@,@@@0@@@,@@@78@@@,@@@1@@@,@@@-98.72@@@,@@@@@@,@@@2006.09.07@@@,@@@2006.09.07@@@,@@@0@@@,@@@10@@@,@@@5@@@,@@@0@@@,@@@0@@@,@@@0@@@,@@@0@@@,@@@0@@@,@@@0@@@,@@@0@@@,@@@0@@@,@@@1@@@,@@@0@@@,0,40,0,0,2,0,1,1,0,@@@NO@@@,0,0)','',2,'2013-11-08'),(88739,'DELETE FROM mae_impuestos_productos WHERE pro_codigo_plu=@@@161728@@@','',2,'2013-11-08'),(88740,'INSERT INTO gne_vale_ferreteria (vfe_id,vfe_fecha,vfe_total,vfe_estado,vfe_entregado,usu_nusuario) VALUES (16202,@@@2013.11.08@@@,4990,1,0,@@@G_DIAZ@@@)','',2,'2013-11-08'),(88741,'INSERT INTO gne_vale_ferreteria_mov (vfe_id,pro_codigo_plu,vfm_cantidad,vfm_unitario,vfm_total,vfm_entregado) VALUES (16202,764973,1,4990,4990,@@@NO@@@)','',2,'2013-11-08'),(88742,'UPDATE mae_productos SET pro_codigo_barra=@@@7802408000926@@@,pro_tipo=@@@0@@@,pro_nombre_producto=@@@PESETA RELLENO VARIEDAD SABORES@@@,pro_nombre_corto=@@@PESETA RELLENO D@@@,med_id=@@@5@@@,emb_id=@@@3@@@,pro_unidades_embalaje=@@@0@@@,dep_id=@@@32 @@@,lin_id=@@@161@@@,mar_id=@@@2508@@@,pro_precio_compra_neto=@@@0@@@,pro_precio_compra_bruto=@@@35.05@@@,pro_precio_venta=@@@70@@@,pro_margen_actual=@@@99.71@@@,pro_oferta=@@@NO@@@,pro_fecha_inicio_oferta=@@@2013.04.27@@@,pro_fecha_termino_oferta=@@@2013.04.27@@@,pro_precio_oferta=@@@0@@@,pro_stock_minimo=@@@0@@@,pro_stock_critico=@@@0@@@,pro_activo=@@@1@@@,pro_unidad=@@@0@@@,pro_precio_compra_bruto=35.05,pro_margen_actual=99.71,pro_capacidad=22,pro_funcion_plu=0,pro_flejes=1,pro_iva=1,pro_plu_asociado=0,pro_envase=@@@NO@@@,pro_duracion=0,pro_numero_etiqueta=0 WHERE pro_codigo_plu=@@@763505@@@','',2,'2013-11-08'),(88743,'UPDATE mae_productos SET pro_estado=1 WHERE pro_codigo_plu=763505','',2,'2013-11-08'),(88744,'DELETE FROM mae_impuestos_productos WHERE pro_codigo_plu=@@@763505@@@','',2,'2013-11-08'),(88745,'INSERT INTO mae_productos (pro_codigo_plu,pro_codigo_barra,pro_tipo,pro_nombre_producto,pro_nombre_corto,med_id,emb_id,pro_unidades_embalaje,dep_id,lin_id,mar_id,pro_precio_compra_neto,pro_precio_compra_bruto,pro_precio_venta,pro_margen_actual,pro_oferta,pro_fecha_inicio_oferta,pro_fecha_termino_oferta,pro_precio_oferta,pro_stock_minimo,pro_stock_critico,pro_entradas_bodega,pro_salidas_bodega,pro_mermas_bodega,pro_ajustes_bodega,pro_entradas_sv,pro_salidas_sv,pro_mermas_sv,pro_ajustes_sv,pro_activo,rec_numero,pro_unidad,pro_capacidad,pro_consumo_bodega,pro_consumo_sv,pro_estado,pro_funcion_plu,pro_flejes,pro_iva,pro_plu_asociado,pro_envase,pro_duracion,pro_numero_etiqueta) VALUES (516756,@@@7802408092082@@@,@@@0@@@,@@@KILOMBO FRUNA 42 GRS@@@,@@@KILOMBO FRUNA 42@@@,@@@5 @@@,@@@6 @@@,@@@6@@@,@@@32 @@@,@@@160@@@,@@@2508@@@,@@@0@@@,@@@67@@@,@@@1@@@,@@@-98.51@@@,@@@@@@,@@@2006.09.07@@@,@@@2006.09.07@@@,@@@0@@@,@@@10@@@,@@@5@@@,@@@0@@@,@@@0@@@,@@@0@@@,@@@0@@@,@@@0@@@,@@@0@@@,@@@0@@@,@@@0@@@,@@@1@@@,@@@0@@@,0,42,0,0,2,0,1,1,0,@@@NO@@@,0,0)','',2,'2013-11-08'),(88746,'DELETE FROM mae_impuestos_productos WHERE pro_codigo_plu=@@@516756@@@','',2,'2013-11-08'),(88747,'INSERT INTO mae_productos (pro_codigo_plu,pro_codigo_barra,pro_tipo,pro_nombre_producto,pro_nombre_corto,med_id,emb_id,pro_unidades_embalaje,dep_id,lin_id,mar_id,pro_precio_compra_neto,pro_precio_compra_bruto,pro_precio_venta,pro_margen_actual,pro_oferta,pro_fecha_inicio_oferta,pro_fecha_termino_oferta,pro_precio_oferta,pro_stock_minimo,pro_stock_critico,pro_entradas_bodega,pro_salidas_bodega,pro_mermas_bodega,pro_ajustes_bodega,pro_entradas_sv,pro_salidas_sv,pro_mermas_sv,pro_ajustes_sv,pro_activo,rec_numero,pro_unidad,pro_capacidad,pro_consumo_bodega,pro_consumo_sv,pro_estado,pro_funcion_plu,pro_flejes,pro_iva,pro_plu_asociado,pro_envase,pro_duracion,pro_numero_etiqueta) VALUES (722060,@@@7802408002678@@@,@@@0@@@,@@@GALLETA BACHATA  FRUNA 40 GRS@@@,@@@GALLETA BACHATA @@@,@@@5 @@@,@@@6 @@@,@@@10@@@,@@@32 @@@,@@@18@@@,@@@2508@@@,@@@0@@@,@@@67@@@,@@@1@@@,@@@-98.51@@@,@@@@@@,@@@2006.09.07@@@,@@@2006.09.07@@@,@@@0@@@,@@@10@@@,@@@5@@@,@@@0@@@,@@@0@@@,@@@0@@@,@@@0@@@,@@@0@@@,@@@0@@@,@@@0@@@,@@@0@@@,@@@1@@@,@@@0@@@,0,40,0,0,2,0,1,1,0,@@@NO@@@,0,0)','',2,'2013-11-08'),(88748,'DELETE FROM mae_impuestos_productos WHERE pro_codigo_plu=@@@722060@@@','',2,'2013-11-08'),(88749,'INSERT INTO mae_productos (pro_codigo_plu,pro_codigo_barra,pro_tipo,pro_nombre_producto,pro_nombre_corto,med_id,emb_id,pro_unidades_embalaje,dep_id,lin_id,mar_id,pro_precio_compra_neto,pro_precio_compra_bruto,pro_precio_venta,pro_margen_actual,pro_oferta,pro_fecha_inicio_oferta,pro_fecha_termino_oferta,pro_precio_oferta,pro_stock_minimo,pro_stock_critico,pro_entradas_bodega,pro_salidas_bodega,pro_mermas_bodega,pro_ajustes_bodega,pro_entradas_sv,pro_salidas_sv,pro_mermas_sv,pro_ajustes_sv,pro_activo,rec_numero,pro_unidad,pro_capacidad,pro_consumo_bodega,pro_consumo_sv,pro_estado,pro_funcion_plu,pro_flejes,pro_iva,pro_plu_asociado,pro_envase,pro_duracion,pro_numero_etiqueta) VALUES (186186,@@@186186@@@,@@@0@@@,@@@TRONQUITO SUSTANCIA CHOCOLATE FRUNA 20 GRS@@@,@@@TRONQUITO SUSTAN@@@,@@@5 @@@,@@@6 @@@,@@@8@@@,@@@32 @@@,@@@161@@@,@@@2508@@@,@@@0@@@,@@@31@@@,@@@1@@@,@@@-96.77@@@,@@@@@@,@@@2006.09.07@@@,@@@2006.09.07@@@,@@@0@@@,@@@10@@@,@@@5@@@,@@@0@@@,@@@0@@@,@@@0@@@,@@@0@@@,@@@0@@@,@@@0@@@,@@@0@@@,@@@0@@@,@@@1@@@,@@@0@@@,0,20,0,0,2,0,1,1,0,@@@NO@@@,0,0)','',2,'2013-11-08'),(88750,'DELETE FROM mae_impuestos_productos WHERE pro_codigo_plu=@@@186186@@@','',2,'2013-11-08'),(88751,'INSERT INTO gne_vale_ferreteria (vfe_id,vfe_fecha,vfe_total,vfe_estado,vfe_entregado,usu_nusuario) VALUES (16203,@@@2013.11.08@@@,70,1,0,@@@G_DIAZ@@@)','',2,'2013-11-08'),(88752,'INSERT INTO gne_vale_ferreteria_mov (vfe_id,pro_codigo_plu,vfm_cantidad,vfm_unitario,vfm_total,vfm_entregado) VALUES (16203,78017027,1,70,70,@@@NO@@@)','',2,'2013-11-08'),(88753,'INSERT INTO gne_vale_ferreteria (vfe_id,vfe_fecha,vfe_total,vfe_estado,vfe_entregado,usu_nusuario) VALUES (16204,@@@2013.11.08@@@,200,1,0,@@@G_DIAZ@@@)','',2,'2013-11-08'),(88754,'INSERT INTO gne_vale_ferreteria_mov (vfe_id,pro_codigo_plu,vfm_cantidad,vfm_unitario,vfm_total,vfm_entregado) VALUES (16204,770032,4,50,200,@@@NO@@@)','',2,'2013-11-08'),(88755,'INSERT INTO com_ventas_grupo (vgr_fecha,vgr_grupo,vgr_cantidad,vgr_total) VALUES (@@@2013.11.08@@@,1,141.24,125500)','',2,'2013-11-09'),(88756,'INSERT INTO com_ventas_grupo (vgr_fecha,vgr_grupo,vgr_cantidad,vgr_total) VALUES (@@@2013.11.08@@@,2,130.51,76129)','',2,'2013-11-09'),(88757,'INSERT INTO com_ventas_grupo (vgr_fecha,vgr_grupo,vgr_cantidad,vgr_total) VALUES (@@@2013.11.08@@@,3,226,56335)','',2,'2013-11-09'),(88758,'INSERT INTO com_ventas_grupo (vgr_fecha,vgr_grupo,vgr_cantidad,vgr_total) VALUES (@@@2013.11.08@@@,4,79,82470)','',2,'2013-11-09'),(88759,'INSERT INTO com_ventas_grupo (vgr_fecha,vgr_grupo,vgr_cantidad,vgr_total) VALUES (@@@2013.11.08@@@,5,5,18837)','',2,'2013-11-09'),(88760,'INSERT INTO com_ventas_grupo (vgr_fecha,vgr_grupo,vgr_cantidad,vgr_total) VALUES (@@@2013.11.08@@@,6,25,41645)','',2,'2013-11-09'),(88761,'INSERT INTO com_ventas_grupo (vgr_fecha,vgr_grupo,vgr_cantidad,vgr_total) VALUES (@@@2013.11.08@@@,7,60,119538)','',2,'2013-11-09'),(88762,'INSERT INTO com_ventas_grupo (vgr_fecha,vgr_grupo,vgr_cantidad,vgr_total) VALUES (@@@2013.11.08@@@,8,100,31700)','',2,'2013-11-09'),(88763,'INSERT INTO com_ventas_grupo (vgr_fecha,vgr_grupo,vgr_cantidad,vgr_total) VALUES (@@@2013.11.08@@@,9,84.855,153484)','',2,'2013-11-09'),(88764,'INSERT INTO com_ventas_grupo (vgr_fecha,vgr_grupo,vgr_cantidad,vgr_total) VALUES (@@@2013.11.08@@@,10,46.485,175130)','',2,'2013-11-09'),(88765,'INSERT INTO com_ventas_grupo (vgr_fecha,vgr_grupo,vgr_cantidad,vgr_total) VALUES (@@@2013.11.08@@@,11,19.115,68227)','',2,'2013-11-09'),(88766,'INSERT INTO com_ventas_grupo (vgr_fecha,vgr_grupo,vgr_cantidad,vgr_total) VALUES (@@@2013.11.08@@@,12,45.155,69131)','',2,'2013-11-09'),(88767,'INSERT INTO com_ventas_grupo (vgr_fecha,vgr_grupo,vgr_cantidad,vgr_total) VALUES (@@@2013.11.08@@@,13,16.905,44538)','',2,'2013-11-09'),(88768,'INSERT INTO com_ventas_grupo (vgr_fecha,vgr_grupo,vgr_cantidad,vgr_total) VALUES (@@@2013.11.08@@@,14,81.875,74108)','',2,'2013-11-09'),(88769,'INSERT INTO com_ventas_grupo (vgr_fecha,vgr_grupo,vgr_cantidad,vgr_total) VALUES (@@@2013.11.08@@@,16,1,170)','',2,'2013-11-09'),(88770,'INSERT INTO com_ventas_grupo (vgr_fecha,vgr_grupo,vgr_cantidad,vgr_total) VALUES (@@@2013.11.08@@@,18,250.805,148432)','',2,'2013-11-09'),(88771,'INSERT INTO com_ventas_grupo (vgr_fecha,vgr_grupo,vgr_cantidad,vgr_total) VALUES (@@@2013.11.08@@@,19,1,2290)','',2,'2013-11-09'),(88772,'INSERT INTO com_ventas_grupo (vgr_fecha,vgr_grupo,vgr_cantidad,vgr_total) VALUES (@@@2013.11.08@@@,20,100.495,71325)','',2,'2013-11-09'),(88773,'INSERT INTO com_ventas_grupo (vgr_fecha,vgr_grupo,vgr_cantidad,vgr_total) VALUES (@@@2013.11.08@@@,21,61,46670)','',2,'2013-11-09'),(88774,'INSERT INTO com_ventas_grupo (vgr_fecha,vgr_grupo,vgr_cantidad,vgr_total) VALUES (@@@2013.11.08@@@,23,13,27450)','',2,'2013-11-09'),(88775,'INSERT INTO com_ventas_grupo (vgr_fecha,vgr_grupo,vgr_cantidad,vgr_total) VALUES (@@@2013.11.08@@@,24,133,28668)','',2,'2013-11-09'),(88776,'INSERT INTO com_ventas_grupo (vgr_fecha,vgr_grupo,vgr_cantidad,vgr_total) VALUES (@@@2013.11.08@@@,25,89,129600)','',2,'2013-11-09'),(88777,'INSERT INTO com_ventas_grupo (vgr_fecha,vgr_grupo,vgr_cantidad,vgr_total) VALUES (@@@2013.11.08@@@,27,1,890)','',2,'2013-11-09'),(88778,'INSERT INTO com_ventas_grupo (vgr_fecha,vgr_grupo,vgr_cantidad,vgr_total) VALUES (@@@2013.11.08@@@,31,5,10270)','',2,'2013-11-09'),(88779,'INSERT INTO com_ventas_grupo (vgr_fecha,vgr_grupo,vgr_cantidad,vgr_total) VALUES (@@@2013.11.08@@@,32,381,123027)','',2,'2013-11-09'),(88780,'INSERT INTO com_ventas_grupo (vgr_fecha,vgr_grupo,vgr_cantidad,vgr_total) VALUES (@@@2013.11.08@@@,33,1,2350)','',2,'2013-11-09'),(88781,'INSERT INTO com_ventas_grupo (vgr_fecha,vgr_grupo,vgr_cantidad,vgr_total) VALUES (@@@2013.11.08@@@,35,22,26010)','',2,'2013-11-09'),(88782,'INSERT INTO com_ventas_grupo (vgr_fecha,vgr_grupo,vgr_cantidad,vgr_total) VALUES (@@@2013.11.08@@@,36,6,1250)','',2,'2013-11-09'),(88783,'INSERT INTO com_ventas_grupo (vgr_fecha,vgr_grupo,vgr_cantidad,vgr_total) VALUES (@@@2013.11.08@@@,38,2,2580)','',2,'2013-11-09'),(88784,'INSERT INTO com_ventas_grupo (vgr_fecha,vgr_grupo,vgr_cantidad,vgr_total) VALUES (@@@2013.11.08@@@,39,5,6820)','',2,'2013-11-09'),(88785,'INSERT INTO com_ventas_grupo (vgr_fecha,vgr_grupo,vgr_cantidad,vgr_total) VALUES (@@@2013.11.08@@@,41,3,1460)','',2,'2013-11-09'),(88786,'INSERT INTO com_ventas_grupo (vgr_fecha,vgr_grupo,vgr_cantidad,vgr_total) VALUES (@@@2013.11.08@@@,42,10.205,12079)','',2,'2013-11-09'),(88787,'UPDATE mae_datos_empresa SET emp_oferta=@@@NO@@@','',2,'2013-11-09'),(88788,'INSERT INTO gne_vale_ferreteria (vfe_id,vfe_fecha,vfe_total,vfe_estado,vfe_entregado,usu_nusuario) VALUES (16205,@@@2013.11.09@@@,990,1,0,@@@G_DIAZ@@@)','',2,'2013-11-09'),(88789,'INSERT INTO gne_vale_ferreteria_mov (vfe_id,pro_codigo_plu,vfm_cantidad,vfm_unitario,vfm_total,vfm_entregado) VALUES (16205,202020,1,990,990,@@@NO@@@)','',2,'2013-11-09'),(88790,'INSERT INTO gne_vale_ferreteria (vfe_id,vfe_fecha,vfe_total,vfe_estado,vfe_entregado,usu_nusuario) VALUES (16206,@@@2013.11.09@@@,3980,1,0,@@@G_DIAZ@@@)','',2,'2013-11-09'),(88791,'INSERT INTO gne_vale_ferreteria_mov (vfe_id,pro_codigo_plu,vfm_cantidad,vfm_unitario,vfm_total,vfm_entregado) VALUES (16206,1505,2,1990,3980,@@@NO@@@)','',2,'2013-11-09'),(88792,'INSERT INTO gne_vale_ferreteria (vfe_id,vfe_fecha,vfe_total,vfe_estado,vfe_entregado,usu_nusuario) VALUES (16207,@@@2013.11.09@@@,700,1,0,@@@G_DIAZ@@@)','',2,'2013-11-09'),(88793,'INSERT INTO gne_vale_ferreteria_mov (vfe_id,pro_codigo_plu,vfm_cantidad,vfm_unitario,vfm_total,vfm_entregado) VALUES (16207,1541,12,30,360,@@@NO@@@)','',2,'2013-11-09'),(88794,'INSERT INTO gne_vale_ferreteria_mov (vfe_id,pro_codigo_plu,vfm_cantidad,vfm_unitario,vfm_total,vfm_entregado) VALUES (16207,1536,1,290,290,@@@NO@@@)','',2,'2013-11-09'),(88795,'INSERT INTO gne_vale_ferreteria_mov (vfe_id,pro_codigo_plu,vfm_cantidad,vfm_unitario,vfm_total,vfm_entregado) VALUES (16207,764833,5,10,50,@@@NO@@@)','',2,'2013-11-09'),(88796,'UPDATE mae_productos SET pro_precio_compra_bruto=1034.11,pro_margen_actual=(pro_precio_venta-1034.11)/1034.11 * 100,pro_ultima_compra=@@@2013.11.09@@@,pro_ultimo_proveedor=@@@77497340-0@@@ WHERE pro_codigo_plu=780721872','',2,'2013-11-09'),(88797,'UPDATE mae_productos SET pro_precio_compra_bruto=1071,pro_margen_actual=(pro_precio_venta-1071)/1071 * 100,pro_ultima_compra=@@@2013.11.09@@@,pro_ultimo_proveedor=@@@77497340-0@@@ WHERE pro_codigo_plu=780721599','',2,'2013-11-09'),(88798,'UPDATE mae_productos SET pro_precio_compra_bruto=761.12,pro_margen_actual=(pro_precio_venta-761.12)/761.12 * 100,pro_ultima_compra=@@@2013.11.09@@@,pro_ultimo_proveedor=@@@77497340-0@@@ WHERE pro_codigo_plu=780220179','',2,'2013-11-09'),(88799,'INSERT INTO gne_vale_ferreteria (vfe_id,vfe_fecha,vfe_total,vfe_estado,vfe_entregado,usu_nusuario) VALUES (16208,@@@2013.11.09@@@,720,1,0,@@@G_DIAZ@@@)','',2,'2013-11-09'),(88800,'INSERT INTO gne_vale_ferreteria_mov (vfe_id,pro_codigo_plu,vfm_cantidad,vfm_unitario,vfm_total,vfm_entregado) VALUES (16208,19866,1,720,720,@@@NO@@@)','',2,'2013-11-09'),(88801,'INSERT INTO mae_productos (pro_codigo_plu,pro_codigo_barra,pro_tipo,pro_nombre_producto,pro_nombre_corto,med_id,emb_id,pro_unidades_embalaje,dep_id,lin_id,mar_id,pro_precio_compra_neto,pro_precio_compra_bruto,pro_precio_venta,pro_margen_actual,pro_oferta,pro_fecha_inicio_oferta,pro_fecha_termino_oferta,pro_precio_oferta,pro_stock_minimo,pro_stock_critico,pro_entradas_bodega,pro_salidas_bodega,pro_mermas_bodega,pro_ajustes_bodega,pro_entradas_sv,pro_salidas_sv,pro_mermas_sv,pro_ajustes_sv,pro_activo,rec_numero,pro_unidad,pro_capacidad,pro_consumo_bodega,pro_consumo_sv,pro_estado,pro_funcion_plu,pro_flejes,pro_iva,pro_plu_asociado,pro_envase,pro_duracion,pro_numero_etiqueta) VALUES (2408008,@@@7802408000810@@@,@@@0@@@,@@@GALLETAS ESPECIALES FRUNA COCO 750 GRS@@@,@@@GALLETAS ESPECIA@@@,@@@5 @@@,@@@3 @@@,@@@12@@@,@@@32 @@@,@@@18@@@,@@@2508@@@,@@@0@@@,@@@701@@@,@@@1@@@,@@@-99.86@@@,@@@@@@,@@@2006.09.07@@@,@@@2006.09.07@@@,@@@0@@@,@@@12@@@,@@@6@@@,@@@0@@@,@@@0@@@,@@@0@@@,@@@0@@@,@@@0@@@,@@@0@@@,@@@0@@@,@@@0@@@,@@@1@@@,@@@0@@@,0,750,0,0,2,0,1,1,0,@@@NO@@@,0,0)','',2,'2013-11-09'),(88802,'DELETE FROM mae_impuestos_productos WHERE pro_codigo_plu=@@@2408008@@@','',2,'2013-11-09'),(88803,'INSERT INTO gne_vale_ferreteria (vfe_id,vfe_fecha,vfe_total,vfe_estado,vfe_entregado,usu_nusuario) VALUES (16209,@@@2013.11.09@@@,2190,1,0,@@@G_DIAZ@@@)','',2,'2013-11-09'),(88804,'INSERT INTO gne_vale_ferreteria_mov (vfe_id,pro_codigo_plu,vfm_cantidad,vfm_unitario,vfm_total,vfm_entregado) VALUES (16209,20521,1,2190,2190,@@@NO@@@)','',2,'2013-11-09'),(88805,'UPDATE mae_productos SET pro_codigo_barra=@@@7802408001190@@@,pro_tipo=@@@0@@@,pro_nombre_producto=@@@SODA FRUNA 55G@@@,pro_nombre_corto=@@@SODA FRUNA 55G@@@,med_id=@@@5@@@,emb_id=@@@3@@@,pro_unidades_embalaje=@@@0@@@,dep_id=@@@32 @@@,lin_id=@@@18@@@,mar_id=@@@2508@@@,pro_precio_compra_neto=@@@0@@@,pro_precio_compra_bruto=@@@88@@@,pro_precio_venta=@@@150@@@,pro_margen_actual=@@@70.45@@@,pro_oferta=@@@NO@@@,pro_fecha_inicio_oferta=@@@2013.05.18@@@,pro_fecha_termino_oferta=@@@2013.05.18@@@,pro_precio_oferta=@@@0@@@,pro_stock_minimo=@@@0@@@,pro_stock_critico=@@@0@@@,pro_activo=@@@1@@@,pro_unidad=@@@0@@@,pro_precio_compra_bruto=88,pro_margen_actual=70.45,pro_capacidad=55,pro_funcion_plu=0,pro_flejes=1,pro_iva=1,pro_plu_asociado=0,pro_envase=@@@NO@@@,pro_duracion=0,pro_numero_etiqueta=0 WHERE pro_codigo_plu=@@@78017095@@@','',2,'2013-11-09'),(88806,'UPDATE mae_productos SET pro_estado=1 WHERE pro_codigo_plu=78017095','',2,'2013-11-09'),(88807,'DELETE FROM mae_impuestos_productos WHERE pro_codigo_plu=@@@78017095@@@','',2,'2013-11-09'),(88808,'UPDATE mae_productos SET pro_codigo_barra=@@@7802408014039@@@,pro_tipo=@@@0@@@,pro_nombre_producto=@@@SODA FRUNA 190 GRS@@@,pro_nombre_corto=@@@SODA FRUNA@@@,med_id=@@@5@@@,emb_id=@@@3@@@,pro_unidades_embalaje=@@@0@@@,dep_id=@@@32 @@@,lin_id=@@@18@@@,mar_id=@@@2508@@@,pro_precio_compra_neto=@@@0@@@,pro_precio_compra_bruto=@@@227@@@,pro_precio_venta=@@@350@@@,pro_margen_actual=@@@54.19@@@,pro_oferta=@@@NO@@@,pro_fecha_inicio_oferta=@@@2013.04.26@@@,pro_fecha_termino_oferta=@@@2013.04.26@@@,pro_precio_oferta=@@@0@@@,pro_stock_minimo=@@@0@@@,pro_stock_critico=@@@0@@@,pro_activo=@@@1@@@,pro_unidad=@@@0@@@,pro_precio_compra_bruto=227,pro_margen_actual=54.19,pro_capacidad=190,pro_funcion_plu=0,pro_flejes=1,pro_iva=1,pro_plu_asociado=0,pro_envase=@@@NO@@@,pro_duracion=0,pro_numero_etiqueta=0 WHERE pro_codigo_plu=@@@763286@@@','',2,'2013-11-09'),(88809,'UPDATE mae_productos SET pro_estado=1 WHERE pro_codigo_plu=763286','',2,'2013-11-09'),(88810,'DELETE FROM mae_impuestos_productos WHERE pro_codigo_plu=@@@763286@@@','',2,'2013-11-09'),(88811,'INSERT INTO gne_vale_ferreteria (vfe_id,vfe_fecha,vfe_total,vfe_estado,vfe_entregado,usu_nusuario) VALUES (16210,@@@2013.11.09@@@,2990,1,0,@@@G_DIAZ@@@)','',2,'2013-11-09'),(88812,'INSERT INTO gne_vale_ferreteria_mov (vfe_id,pro_codigo_plu,vfm_cantidad,vfm_unitario,vfm_total,vfm_entregado) VALUES (16210,765066,1,2990,2990,@@@NO@@@)','',2,'2013-11-09'),(88813,'INSERT INTO gne_vale_ferreteria (vfe_id,vfe_fecha,vfe_total,vfe_estado,vfe_entregado,usu_nusuario) VALUES (16211,@@@2013.11.09@@@,1080,1,0,@@@G_DIAZ@@@)','',2,'2013-11-09'),(88814,'INSERT INTO gne_vale_ferreteria_mov (vfe_id,pro_codigo_plu,vfm_cantidad,vfm_unitario,vfm_total,vfm_entregado) VALUES (16211,764581,1,490,490,@@@NO@@@)','',2,'2013-11-09'),(88815,'INSERT INTO gne_vale_ferreteria_mov (vfe_id,pro_codigo_plu,vfm_cantidad,vfm_unitario,vfm_total,vfm_entregado) VALUES (16211,4098,1,590,590,@@@NO@@@)','',2,'2013-11-09'),(88816,'UPDATE mae_productos SET pro_precio_compra_bruto=979,pro_margen_actual=(pro_precio_venta-979)/979 * 100,pro_ultima_compra=@@@2013.11.09@@@,pro_ultimo_proveedor=@@@84156500-2@@@ WHERE pro_codigo_plu=763728','',2,'2013-11-09'),(88817,'UPDATE mae_productos SET pro_precio_compra_bruto=979,pro_margen_actual=(pro_precio_venta-979)/979 * 100,pro_ultima_compra=@@@2013.11.09@@@,pro_ultimo_proveedor=@@@84156500-2@@@ WHERE pro_codigo_plu=763731','',2,'2013-11-09'),(88818,'UPDATE mae_productos SET pro_precio_compra_bruto=78,pro_margen_actual=(pro_precio_venta-78)/78 * 100,pro_ultima_compra=@@@2013.11.09@@@,pro_ultimo_proveedor=@@@84156500-2@@@ WHERE pro_codigo_plu=161728','',2,'2013-11-09'),(88819,'UPDATE mae_productos SET pro_precio_compra_bruto=36.05,pro_margen_actual=(pro_precio_venta-36.05)/36.05 * 100,pro_ultima_compra=@@@2013.11.09@@@,pro_ultimo_proveedor=@@@84156500-2@@@ WHERE pro_codigo_plu=763486','',2,'2013-11-09'),(88820,'UPDATE mae_productos SET pro_precio_compra_bruto=67,pro_margen_actual=(pro_precio_venta-67)/67 * 100,pro_ultima_compra=@@@2013.11.09@@@,pro_ultimo_proveedor=@@@84156500-2@@@ WHERE pro_codigo_plu=516756','',2,'2013-11-09'),(88821,'UPDATE mae_productos SET pro_precio_compra_bruto=67,pro_margen_actual=(pro_precio_venta-67)/67 * 100,pro_ultima_compra=@@@2013.11.09@@@,pro_ultimo_proveedor=@@@84156500-2@@@ WHERE pro_codigo_plu=722060','',2,'2013-11-09'),(88822,'UPDATE mae_productos SET pro_precio_compra_bruto=31,pro_margen_actual=(pro_precio_venta-31)/31 * 100,pro_ultima_compra=@@@2013.11.09@@@,pro_ultimo_proveedor=@@@84156500-2@@@ WHERE pro_codigo_plu=186186','',2,'2013-11-09'),(88823,'UPDATE mae_productos SET pro_precio_compra_bruto=88,pro_margen_actual=(pro_precio_venta-88)/88 * 100,pro_ultima_compra=@@@2013.11.09@@@,pro_ultimo_proveedor=@@@84156500-2@@@ WHERE pro_codigo_plu=763736','',2,'2013-11-09'),(88824,'UPDATE mae_productos SET pro_precio_compra_bruto=701,pro_margen_actual=(pro_precio_venta-701)/701 * 100,pro_ultima_compra=@@@2013.11.09@@@,pro_ultimo_proveedor=@@@84156500-2@@@ WHERE pro_codigo_plu=2408008','',2,'2013-11-09'),(88825,'UPDATE mae_productos SET pro_precio_compra_bruto=567,pro_margen_actual=(pro_precio_venta-567)/567 * 100,pro_ultima_compra=@@@2013.11.09@@@,pro_ultimo_proveedor=@@@84156500-2@@@ WHERE pro_codigo_plu=763730','',2,'2013-11-09'),(88826,'UPDATE mae_productos SET pro_precio_compra_bruto=567,pro_margen_actual=(pro_precio_venta-567)/567 * 100,pro_ultima_compra=@@@2013.11.09@@@,pro_ultimo_proveedor=@@@84156500-2@@@ WHERE pro_codigo_plu=763706','',2,'2013-11-09'),(88827,'UPDATE mae_productos SET pro_precio_compra_bruto=88,pro_margen_actual=(pro_precio_venta-88)/88 * 100,pro_ultima_compra=@@@2013.11.09@@@,pro_ultimo_proveedor=@@@84156500-2@@@ WHERE pro_codigo_plu=78017095','',2,'2013-11-09'),(88828,'UPDATE mae_productos SET pro_precio_compra_bruto=248,pro_margen_actual=(pro_precio_venta-248)/248 * 100,pro_ultima_compra=@@@2013.11.09@@@,pro_ultimo_proveedor=@@@84156500-2@@@ WHERE pro_codigo_plu=763286','',2,'2013-11-09'),(88829,'UPDATE mae_productos SET pro_precio_compra_bruto=515,pro_margen_actual=(pro_precio_venta-515)/515 * 100,pro_ultima_compra=@@@2013.11.09@@@,pro_ultimo_proveedor=@@@84156500-2@@@ WHERE pro_codigo_plu=763739','',2,'2013-11-09'),(88830,'UPDATE mae_productos SET pro_precio_compra_bruto=979,pro_margen_actual=(pro_precio_venta-979)/979 * 100,pro_ultima_compra=@@@2013.11.09@@@,pro_ultimo_proveedor=@@@84156500-2@@@ WHERE pro_codigo_plu=763732','',2,'2013-11-09'),(88831,'UPDATE mae_productos SET pro_precio_compra_bruto=35.05,pro_margen_actual=(pro_precio_venta-35.05)/35.05 * 100,pro_ultima_compra=@@@2013.11.09@@@,pro_ultimo_proveedor=@@@84156500-2@@@ WHERE pro_codigo_plu=763505','',2,'2013-11-09'),(88832,'UPDATE mae_productos SET pro_precio_compra_bruto=57,pro_margen_actual=(pro_precio_venta-57)/57 * 100,pro_ultima_compra=@@@2013.11.09@@@,pro_ultimo_proveedor=@@@84156500-2@@@ WHERE pro_codigo_plu=78017121','',2,'2013-11-09'),(88833,'UPDATE mae_productos SET pro_precio_compra_bruto=88,pro_margen_actual=(pro_precio_venta-88)/88 * 100,pro_ultima_compra=@@@2013.11.09@@@,pro_ultimo_proveedor=@@@84156500-2@@@ WHERE pro_codigo_plu=763735','',2,'2013-11-09'),(88834,'INSERT INTO gne_vale_ferreteria (vfe_id,vfe_fecha,vfe_total,vfe_estado,vfe_entregado,usu_nusuario) VALUES (16212,@@@2013.11.09@@@,1000,1,0,@@@G_DIAZ@@@)','',2,'2013-11-09'),(88835,'INSERT INTO gne_vale_ferreteria_mov (vfe_id,pro_codigo_plu,vfm_cantidad,vfm_unitario,vfm_total,vfm_entregado) VALUES (16212,780721713,1,450,450,@@@NO@@@)','',2,'2013-11-09'),(88836,'INSERT INTO gne_vale_ferreteria_mov (vfe_id,pro_codigo_plu,vfm_cantidad,vfm_unitario,vfm_total,vfm_entregado) VALUES (16212,763890,1,550,550,@@@NO@@@)','',2,'2013-11-09'),(88837,'INSERT INTO gne_vale_ferreteria (vfe_id,vfe_fecha,vfe_total,vfe_estado,vfe_entregado,usu_nusuario) VALUES (16213,@@@2013.11.09@@@,30,1,0,@@@G_DIAZ@@@)','',2,'2013-11-09'),(88838,'INSERT INTO gne_vale_ferreteria_mov (vfe_id,pro_codigo_plu,vfm_cantidad,vfm_unitario,vfm_total,vfm_entregado) VALUES (16213,1544,1,30,30,@@@NO@@@)','',2,'2013-11-09'),(88839,'INSERT INTO gne_vale_ferreteria (vfe_id,vfe_fecha,vfe_total,vfe_estado,vfe_entregado,usu_nusuario) VALUES (16214,@@@2013.11.09@@@,1290,1,0,@@@G_DIAZ@@@)','',2,'2013-11-09'),(88840,'INSERT INTO gne_vale_ferreteria_mov (vfe_id,pro_codigo_plu,vfm_cantidad,vfm_unitario,vfm_total,vfm_entregado) VALUES (16214,764600,1,1290,1290,@@@NO@@@)','',2,'2013-11-09'),(88841,'INSERT INTO gne_vale_ferreteria (vfe_id,vfe_fecha,vfe_total,vfe_estado,vfe_entregado,usu_nusuario) VALUES (16215,@@@2013.11.09@@@,260,1,0,@@@G_DIAZ@@@)','',2,'2013-11-09'),(88842,'INSERT INTO gne_vale_ferreteria_mov (vfe_id,pro_codigo_plu,vfm_cantidad,vfm_unitario,vfm_total,vfm_entregado) VALUES (16215,15967,2,130,260,@@@NO@@@)','',2,'2013-11-09'),(88843,'INSERT INTO gne_vale_ferreteria (vfe_id,vfe_fecha,vfe_total,vfe_estado,vfe_entregado,usu_nusuario) VALUES (16216,@@@2013.11.09@@@,690,1,0,@@@G_DIAZ@@@)','',2,'2013-11-09'),(88844,'INSERT INTO gne_vale_ferreteria_mov (vfe_id,pro_codigo_plu,vfm_cantidad,vfm_unitario,vfm_total,vfm_entregado) VALUES (16216,19804,1,690,690,@@@NO@@@)','',2,'2013-11-09'),(88845,'INSERT INTO gne_vale_ferreteria (vfe_id,vfe_fecha,vfe_total,vfe_estado,vfe_entregado,usu_nusuario) VALUES (16217,@@@2013.11.09@@@,200,1,0,@@@G_DIAZ@@@)','',2,'2013-11-09'),(88846,'INSERT INTO gne_vale_ferreteria_mov (vfe_id,pro_codigo_plu,vfm_cantidad,vfm_unitario,vfm_total,vfm_entregado) VALUES (16217,78017176,1,200,200,@@@NO@@@)','',2,'2013-11-09'),(88847,'INSERT INTO gne_vale_ferreteria (vfe_id,vfe_fecha,vfe_total,vfe_estado,vfe_entregado,usu_nusuario) VALUES (16218,@@@2013.11.09@@@,830,1,0,@@@G_DIAZ@@@)','',2,'2013-11-09'),(88848,'INSERT INTO gne_vale_ferreteria_mov (vfe_id,pro_codigo_plu,vfm_cantidad,vfm_unitario,vfm_total,vfm_entregado) VALUES (16218,8022,2,120,240,@@@NO@@@)','',2,'2013-11-09'),(88849,'INSERT INTO gne_vale_ferreteria_mov (vfe_id,pro_codigo_plu,vfm_cantidad,vfm_unitario,vfm_total,vfm_entregado) VALUES (16218,780220195,1,590,590,@@@NO@@@)','',2,'2013-11-09'),(88850,'INSERT INTO gne_vale_ferreteria (vfe_id,vfe_fecha,vfe_total,vfe_estado,vfe_entregado,usu_nusuario) VALUES (16219,@@@2013.11.09@@@,1840,1,0,@@@G_DIAZ@@@)','',2,'2013-11-09'),(88851,'INSERT INTO gne_vale_ferreteria_mov (vfe_id,pro_codigo_plu,vfm_cantidad,vfm_unitario,vfm_total,vfm_entregado) VALUES (16219,10959,1,1390,1390,@@@NO@@@)','',2,'2013-11-09'),(88852,'INSERT INTO gne_vale_ferreteria_mov (vfe_id,pro_codigo_plu,vfm_cantidad,vfm_unitario,vfm_total,vfm_entregado) VALUES (16219,15443,1,450,450,@@@NO@@@)','',2,'2013-11-09'),(88853,'INSERT INTO gne_vale_ferreteria (vfe_id,vfe_fecha,vfe_total,vfe_estado,vfe_entregado,usu_nusuario) VALUES (16220,@@@2013.11.09@@@,690,1,0,@@@G_DIAZ@@@)','',2,'2013-11-09'),(88854,'INSERT INTO gne_vale_ferreteria_mov (vfe_id,pro_codigo_plu,vfm_cantidad,vfm_unitario,vfm_total,vfm_entregado) VALUES (16220,20836,1,690,690,@@@NO@@@)','',2,'2013-11-09'),(88855,'INSERT INTO gne_vale_ferreteria (vfe_id,vfe_fecha,vfe_total,vfe_estado,vfe_entregado,usu_nusuario) VALUES (16221,@@@2013.11.09@@@,1380,1,0,@@@G_DIAZ@@@)','',2,'2013-11-09'),(88856,'INSERT INTO gne_vale_ferreteria_mov (vfe_id,pro_codigo_plu,vfm_cantidad,vfm_unitario,vfm_total,vfm_entregado) VALUES (16221,780721938,2,690,1380,@@@NO@@@)','',2,'2013-11-09'),(88857,'UPDATE mae_productos SET pro_margen_actual=-98.72,pro_precio_venta=1 WHERE pro_codigo_plu=161728','',2,'2013-11-09'),(88858,'UPDATE mae_productos SET pro_margen_actual=-98.51,pro_precio_venta=1 WHERE pro_codigo_plu=722060','',2,'2013-11-09'),(88859,'UPDATE mae_productos SET pro_margen_actual=-99.86,pro_precio_venta=1 WHERE pro_codigo_plu=2408008','',2,'2013-11-09'),(88860,'UPDATE mae_productos SET pro_margen_actual=-98.51,pro_precio_venta=1 WHERE pro_codigo_plu=516756','',2,'2013-11-09'),(88861,'UPDATE mae_productos SET pro_margen_actual=99.71,pro_precio_venta=70 WHERE pro_codigo_plu=763505','',2,'2013-11-09'),(88862,'UPDATE mae_productos SET pro_margen_actual=41.13,pro_precio_venta=350 WHERE pro_codigo_plu=763286','',2,'2013-11-09'),(88863,'UPDATE mae_productos SET pro_margen_actual=70.45,pro_precio_venta=150 WHERE pro_codigo_plu=78017095','',2,'2013-11-09'),(88864,'UPDATE mae_productos SET pro_margen_actual=-96.77,pro_precio_venta=1 WHERE pro_codigo_plu=186186','',2,'2013-11-09'),(88865,'UPDATE mae_productos SET pro_margen_actual=0,pro_precio_venta=690 WHERE pro_codigo_plu=565','',2,'2013-11-09'),(88866,'UPDATE mae_productos SET pro_margen_actual=0,pro_precio_venta=690 WHERE pro_codigo_plu=564','',2,'2013-11-09'),(88867,'UPDATE mae_productos SET pro_precio_fiscal=pro_precio_venta WHERE pro_codigo_plu=564','',2,'2013-11-09'),(88868,'INSERT INTO gne_vale_ferreteria (vfe_id,vfe_fecha,vfe_total,vfe_estado,vfe_entregado,usu_nusuario) VALUES (16222,@@@2013.11.09@@@,550,1,0,@@@G_DIAZ@@@)','',2,'2013-11-09'),(88869,'INSERT INTO gne_vale_ferreteria_mov (vfe_id,pro_codigo_plu,vfm_cantidad,vfm_unitario,vfm_total,vfm_entregado) VALUES (16222,780721253,1,550,550,@@@NO@@@)','',2,'2013-11-09'),(88870,'UPDATE mae_productos SET pro_codigo_barra=@@@7613030870753@@@,pro_tipo=@@@0@@@,pro_nombre_producto=@@@CALDO MAGGI LONGANIZA 8 TABLETAS@@@,pro_nombre_corto=@@@CALDO MAGGI LONG@@@,med_id=@@@1@@@,emb_id=@@@4@@@,pro_unidades_embalaje=@@@30@@@,dep_id=@@@1 @@@,lin_id=@@@7@@@,mar_id=@@@31@@@,pro_precio_compra_neto=@@@0@@@,pro_precio_compra_bruto=@@@0@@@,pro_precio_venta=@@@630@@@,pro_margen_actual=@@@0@@@,pro_oferta=@@@NO@@@,pro_fecha_inicio_oferta=@@@1900.01.01@@@,pro_fecha_termino_oferta=@@@1900.01.01@@@,pro_precio_oferta=@@@0@@@,pro_stock_minimo=@@@30@@@,pro_stock_critico=@@@15@@@,pro_activo=@@@1@@@,pro_unidad=@@@0@@@,pro_precio_compra_bruto=0,pro_margen_actual=0,pro_capacidad=1,pro_funcion_plu=0,pro_flejes=1,pro_iva=1,pro_plu_asociado=0,pro_envase=@@@NO@@@,pro_duracion=0,pro_numero_etiqueta=0 WHERE pro_codigo_plu=@@@10735@@@','',2,'2013-11-09'),(88871,'UPDATE mae_productos SET pro_estado=1 WHERE pro_codigo_plu=10735','',2,'2013-11-09'),(88872,'DELETE FROM mae_impuestos_productos WHERE pro_codigo_plu=@@@10735@@@','',2,'2013-11-09'),(88873,'UPDATE mae_productos SET pro_margen_actual=0,pro_precio_venta=630 WHERE pro_codigo_plu=10735','',2,'2013-11-09'),(88874,'INSERT INTO gne_vale_ferreteria (vfe_id,vfe_fecha,vfe_total,vfe_estado,vfe_entregado,usu_nusuario) VALUES (16223,@@@2013.11.09@@@,1990,1,0,@@@G_DIAZ@@@)','',2,'2013-11-09'),(88875,'INSERT INTO gne_vale_ferreteria_mov (vfe_id,pro_codigo_plu,vfm_cantidad,vfm_unitario,vfm_total,vfm_entregado) VALUES (16223,20477,1,1990,1990,@@@NO@@@)','',2,'2013-11-09'),(88876,'UPDATE mae_productos SET pro_precio_fiscal=pro_precio_venta WHERE pro_codigo_plu=10735','',2,'2013-11-09'),(88877,'UPDATE mae_productos SET pro_margen_actual=35.14,pro_precio_venta=450 WHERE pro_codigo_plu=610','',2,'2013-11-09'),(88878,'UPDATE mae_productos SET pro_precio_fiscal=pro_precio_venta WHERE pro_codigo_plu=610','',2,'2013-11-09'),(88879,'INSERT INTO gne_vale_ferreteria (vfe_id,vfe_fecha,vfe_total,vfe_estado,vfe_entregado,usu_nusuario) VALUES (16224,@@@2013.11.09@@@,450,1,0,@@@G_DIAZ@@@)','',2,'2013-11-09'),(88880,'INSERT INTO gne_vale_ferreteria_mov (vfe_id,pro_codigo_plu,vfm_cantidad,vfm_unitario,vfm_total,vfm_entregado) VALUES (16224,3100,1,450,450,@@@NO@@@)','',2,'2013-11-09'),(88881,'UPDATE mae_productos SET pro_margen_actual=0,pro_precio_venta=690 WHERE pro_codigo_plu=564','',2,'2013-11-09'),(88882,'UPDATE mae_productos SET pro_margen_actual=0,pro_precio_venta=690 WHERE pro_codigo_plu=565','',2,'2013-11-09'),(88883,'INSERT INTO gne_vale_ferreteria (vfe_id,vfe_fecha,vfe_total,vfe_estado,vfe_entregado,usu_nusuario) VALUES (16225,@@@2013.11.09@@@,250,1,0,@@@G_DIAZ@@@)','',2,'2013-11-09'),(88884,'INSERT INTO gne_vale_ferreteria_mov (vfe_id,pro_codigo_plu,vfm_cantidad,vfm_unitario,vfm_total,vfm_entregado) VALUES (16225,101082,1,250,250,@@@NO@@@)','',2,'2013-11-09'),(88885,'INSERT INTO gne_vale_ferreteria (vfe_id,vfe_fecha,vfe_total,vfe_estado,vfe_entregado,usu_nusuario) VALUES (16226,@@@2013.11.09@@@,1180,1,0,@@@G_DIAZ@@@)','',2,'2013-11-09'),(88886,'INSERT INTO gne_vale_ferreteria_mov (vfe_id,pro_codigo_plu,vfm_cantidad,vfm_unitario,vfm_total,vfm_entregado) VALUES (16226,4098,2,590,1180,@@@NO@@@)','',2,'2013-11-09'),(88887,'INSERT INTO gne_vale_ferreteria (vfe_id,vfe_fecha,vfe_total,vfe_estado,vfe_entregado,usu_nusuario) VALUES (16227,@@@2013.11.09@@@,4270,1,0,@@@G_DIAZ@@@)','',2,'2013-11-09'),(88888,'INSERT INTO gne_vale_ferreteria_mov (vfe_id,pro_codigo_plu,vfm_cantidad,vfm_unitario,vfm_total,vfm_entregado) VALUES (16227,770021,1,200,200,@@@NO@@@)','',2,'2013-11-09'),(88889,'INSERT INTO gne_vale_ferreteria_mov (vfe_id,pro_codigo_plu,vfm_cantidad,vfm_unitario,vfm_total,vfm_entregado) VALUES (16227,1538,1,490,490,@@@NO@@@)','',2,'2013-11-09'),(88890,'INSERT INTO gne_vale_ferreteria_mov (vfe_id,pro_codigo_plu,vfm_cantidad,vfm_unitario,vfm_total,vfm_entregado) VALUES (16227,764573,1,2990,2990,@@@NO@@@)','',2,'2013-11-09'),(88891,'INSERT INTO gne_vale_ferreteria_mov (vfe_id,pro_codigo_plu,vfm_cantidad,vfm_unitario,vfm_total,vfm_entregado) VALUES (16227,780721516,1,590,590,@@@NO@@@)','',2,'2013-11-09'),(88892,'INSERT INTO gne_vale_ferreteria (vfe_id,vfe_fecha,vfe_total,vfe_estado,vfe_entregado,usu_nusuario) VALUES (16228,@@@2013.11.09@@@,400,1,0,@@@G_DIAZ@@@)','',2,'2013-11-09'),(88893,'INSERT INTO gne_vale_ferreteria_mov (vfe_id,pro_codigo_plu,vfm_cantidad,vfm_unitario,vfm_total,vfm_entregado) VALUES (16228,770021,2,200,400,@@@NO@@@)','',2,'2013-11-09'),(88894,'UPDATE mae_productos SET pro_precio_compra_bruto=785,pro_margen_actual=(pro_precio_venta-785)/785 * 100,pro_ultima_compra=@@@2013.11.09@@@,pro_ultimo_proveedor=@@@93281000-K@@@ WHERE pro_codigo_plu=17224','',2,'2013-11-09'),(88895,'UPDATE mae_productos SET pro_precio_compra_bruto=302,pro_margen_actual=(pro_precio_venta-302)/302 * 100,pro_ultima_compra=@@@2013.11.09@@@,pro_ultimo_proveedor=@@@93281000-K@@@ WHERE pro_codigo_plu=763379','',2,'2013-11-09'),(88896,'UPDATE mae_productos SET pro_precio_compra_bruto=535,pro_margen_actual=(pro_precio_venta-535)/535 * 100,pro_ultima_compra=@@@2013.11.09@@@,pro_ultimo_proveedor=@@@93281000-K@@@ WHERE pro_codigo_plu=17218','',2,'2013-11-09'),(88897,'UPDATE mae_productos SET pro_precio_compra_bruto=535,pro_margen_actual=(pro_precio_venta-535)/535 * 100,pro_ultima_compra=@@@2013.11.09@@@,pro_ultimo_proveedor=@@@93281000-K@@@ WHERE pro_codigo_plu=17315','',2,'2013-11-09'),(88898,'UPDATE mae_productos SET pro_precio_compra_bruto=535,pro_margen_actual=(pro_precio_venta-535)/535 * 100,pro_ultima_compra=@@@2013.11.09@@@,pro_ultimo_proveedor=@@@93281000-K@@@ WHERE pro_codigo_plu=17364','',2,'2013-11-09'),(88899,'UPDATE mae_productos SET pro_precio_compra_bruto=508,pro_margen_actual=(pro_precio_venta-508)/508 * 100,pro_ultima_compra=@@@2013.11.09@@@,pro_ultimo_proveedor=@@@93281000-K@@@ WHERE pro_codigo_plu=78017106','',2,'2013-11-09'),(88900,'UPDATE mae_productos SET pro_precio_compra_bruto=508,pro_margen_actual=(pro_precio_venta-508)/508 * 100,pro_ultima_compra=@@@2013.11.09@@@,pro_ultimo_proveedor=@@@93281000-K@@@ WHERE pro_codigo_plu=763374','',2,'2013-11-09'),(88901,'UPDATE mae_productos SET pro_precio_compra_bruto=508,pro_margen_actual=(pro_precio_venta-508)/508 * 100,pro_ultima_compra=@@@2013.11.09@@@,pro_ultimo_proveedor=@@@93281000-K@@@ WHERE pro_codigo_plu=78017107','',2,'2013-11-09'),(88902,'UPDATE mae_productos SET pro_precio_compra_bruto=784.96,pro_margen_actual=(pro_precio_venta-784.96)/784.96 * 100,pro_ultima_compra=@@@2013.11.09@@@,pro_ultimo_proveedor=@@@93281000-K@@@ WHERE pro_codigo_plu=17167','',2,'2013-11-09'),(88903,'UPDATE mae_productos SET pro_precio_compra_bruto=823.83,pro_margen_actual=(pro_precio_venta-823.83)/823.83 * 100,pro_ultima_compra=@@@2013.11.09@@@,pro_ultimo_proveedor=@@@93281000-K@@@ WHERE pro_codigo_plu=17166','',2,'2013-11-09'),(88904,'UPDATE mae_productos SET pro_precio_compra_bruto=785,pro_margen_actual=(pro_precio_venta-785)/785 * 100,pro_ultima_compra=@@@2013.11.09@@@,pro_ultimo_proveedor=@@@93281000-K@@@ WHERE pro_codigo_plu=17414','',2,'2013-11-09'),(88905,'UPDATE mae_productos SET pro_precio_compra_bruto=785,pro_margen_actual=(pro_precio_venta-785)/785 * 100,pro_ultima_compra=@@@2013.11.09@@@,pro_ultimo_proveedor=@@@93281000-K@@@ WHERE pro_codigo_plu=17319','',2,'2013-11-09'),(88906,'INSERT INTO gne_vale_ferreteria (vfe_id,vfe_fecha,vfe_total,vfe_estado,vfe_entregado,usu_nusuario) VALUES (16229,@@@2013.11.09@@@,790,1,0,@@@G_DIAZ@@@)','',2,'2013-11-09'),(88907,'INSERT INTO gne_vale_ferreteria_mov (vfe_id,pro_codigo_plu,vfm_cantidad,vfm_unitario,vfm_total,vfm_entregado) VALUES (16229,763804,1,790,790,@@@NO@@@)','',2,'2013-11-09'),(88908,'INSERT INTO gne_vale_ferreteria (vfe_id,vfe_fecha,vfe_total,vfe_estado,vfe_entregado,usu_nusuario) VALUES (16230,@@@2013.11.09@@@,280,1,0,@@@G_DIAZ@@@)','',2,'2013-11-09'),(88909,'INSERT INTO gne_vale_ferreteria_mov (vfe_id,pro_codigo_plu,vfm_cantidad,vfm_unitario,vfm_total,vfm_entregado) VALUES (16230,780220197,1,280,280,@@@NO@@@)','',2,'2013-11-09'),(88910,'INSERT INTO gne_vale_ferreteria (vfe_id,vfe_fecha,vfe_total,vfe_estado,vfe_entregado,usu_nusuario) VALUES (16231,@@@2013.11.09@@@,920,1,0,@@@G_DIAZ@@@)','',2,'2013-11-09'),(88911,'INSERT INTO gne_vale_ferreteria_mov (vfe_id,pro_codigo_plu,vfm_cantidad,vfm_unitario,vfm_total,vfm_entregado) VALUES (16231,78017001,2,120,240,@@@NO@@@)','',2,'2013-11-09'),(88912,'INSERT INTO gne_vale_ferreteria_mov (vfe_id,pro_codigo_plu,vfm_cantidad,vfm_unitario,vfm_total,vfm_entregado) VALUES (16231,764160,3,120,360,@@@NO@@@)','',2,'2013-11-09'),(88913,'INSERT INTO gne_vale_ferreteria_mov (vfe_id,pro_codigo_plu,vfm_cantidad,vfm_unitario,vfm_total,vfm_entregado) VALUES (16231,764766,2,120,240,@@@NO@@@)','',2,'2013-11-09'),(88914,'INSERT INTO gne_vale_ferreteria_mov (vfe_id,pro_codigo_plu,vfm_cantidad,vfm_unitario,vfm_total,vfm_entregado) VALUES (16231,770001,1,80,80,@@@NO@@@)','',2,'2013-11-09'),(88915,'INSERT INTO gne_vale_ferreteria (vfe_id,vfe_fecha,vfe_total,vfe_estado,vfe_entregado,usu_nusuario) VALUES (16232,@@@2013.11.09@@@,3240,1,0,@@@G_DIAZ@@@)','',2,'2013-11-09'),(88916,'INSERT INTO gne_vale_ferreteria_mov (vfe_id,pro_codigo_plu,vfm_cantidad,vfm_unitario,vfm_total,vfm_entregado) VALUES (16232,763642,1,2490,2490,@@@NO@@@)','',2,'2013-11-09');
