(73184,'INSERT INTO mae_productos (pro_codigo_plu,pro_codigo_barra,pro_tipo,pro_nombre_producto,pro_nombre_corto,med_id,emb_id,pro_unidades_embalaje,dep_id,lin_id,mar_id,pro_precio_compra_neto,pro_precio_compra_bruto,pro_precio_venta,pro_margen_actual,pro_oferta,pro_fecha_inicio_oferta,pro_fecha_termino_oferta,pro_precio_oferta,pro_stock_minimo,pro_stock_critico,pro_entradas_bodega,pro_salidas_bodega,pro_mermas_bodega,pro_ajustes_bodega,pro_entradas_sv,pro_salidas_sv,pro_mermas_sv,pro_ajustes_sv,pro_activo,rec_numero,pro_unidad,pro_capacidad,pro_consumo_bodega,pro_consumo_sv,pro_estado,pro_funcion_plu,pro_flejes,pro_iva,pro_plu_asociado,pro_envase,pro_duracion,pro_numero_etiqueta) VALUES (780721901,@@@7807265011207@@@,@@@0@@@,@@@PINCEL PELO CAMELLO N12 PROARTE@@@,@@@PINCEL PELO CAME@@@,@@@8 @@@,@@@6 @@@,@@@12@@@,@@@24 @@@,@@@137@@@,@@@1254@@@,@@@0@@@,@@@248.71@@@,@@@1@@@,@@@-99.6@@@,@@@@@@,@@@2006.09.07@@@,@@@2006.09.07@@@,@@@0@@@,@@@24@@@,@@@12@@@,@@@0@@@,@@@0@@@,@@@0@@@,@@@0@@@,@@@0@@@,@@@0@@@,@@@0@@@,@@@0@@@,@@@1@@@,@@@0@@@,0,12,0,0,2,0,1,1,0,@@@NO@@@,0,0)','',2,'2013-10-03'),(73185,'DELETE FROM mae_impuestos_productos WHERE pro_codigo_plu=@@@780721901@@@','',2,'2013-10-03'),(73186,'INSERT INTO mae_productos (pro_codigo_plu,pro_codigo_barra,pro_tipo,pro_nombre_producto,pro_nombre_corto,med_id,emb_id,pro_unidades_embalaje,dep_id,lin_id,mar_id,pro_precio_compra_neto,pro_precio_compra_bruto,pro_precio_venta,pro_margen_actual,pro_oferta,pro_fecha_inicio_oferta,pro_fecha_termino_oferta,pro_precio_oferta,pro_stock_minimo,pro_stock_critico,pro_entradas_bodega,pro_salidas_bodega,pro_mermas_bodega,pro_ajustes_bodega,pro_entradas_sv,pro_salidas_sv,pro_mermas_sv,pro_ajustes_sv,pro_activo,rec_numero,pro_unidad,pro_capacidad,pro_consumo_bodega,pro_consumo_sv,pro_estado,pro_funcion_plu,pro_flejes,pro_iva,pro_plu_asociado,pro_envase,pro_duracion,pro_numero_etiqueta) VALUES (8990,@@@7807265020490@@@,@@@0@@@,@@@PINCEL PELO CAMELLO N10 PROARTE@@@,@@@PINCEL PELO CAME@@@,@@@8 @@@,@@@6 @@@,@@@12@@@,@@@24 @@@,@@@137@@@,@@@1254@@@,@@@0@@@,@@@240.38@@@,@@@1@@@,@@@-99.58@@@,@@@@@@,@@@2006.09.07@@@,@@@2006.09.07@@@,@@@0@@@,@@@24@@@,@@@12@@@,@@@0@@@,@@@0@@@,@@@0@@@,@@@0@@@,@@@0@@@,@@@0@@@,@@@0@@@,@@@0@@@,@@@1@@@,@@@0@@@,0,10,0,0,2,0,1,1,0,@@@NO@@@,0,0)','',2,'2013-10-03'),(73187,'DELETE FROM mae_impuestos_productos WHERE pro_codigo_plu=@@@8990@@@','',2,'2013-10-03'),(73188,'INSERT INTO gne_vale_ferreteria (vfe_id,vfe_fecha,vfe_total,vfe_estado,vfe_entregado,usu_nusuario) VALUES (12781,@@@2013.10.03@@@,3890,1,0,@@@G_DIAZ@@@)','',2,'2013-10-03'),(73189,'INSERT INTO gne_vale_ferreteria_mov (vfe_id,pro_codigo_plu,vfm_cantidad,vfm_unitario,vfm_total,vfm_entregado) VALUES (12781,780721732,1,3890,3890,@@@NO@@@)','',2,'2013-10-03'),(73190,'UPDATE mae_productos SET pro_precio_venta=250,pro_margen_actual= 47.43 WHERE pro_codigo_plu=763430','',2,'2013-10-03'),(73191,'UPDATE mae_productos SET pro_precio_venta=250,pro_margen_actual= 43.04 WHERE pro_codigo_plu=780721649','',2,'2013-10-03'),(73192,'UPDATE mae_productos SET pro_precio_venta=100,pro_margen_actual= 68.92 WHERE pro_codigo_plu=11288','',2,'2013-10-03'),(73193,'UPDATE mae_productos SET pro_precio_venta=100,pro_margen_actual= 68.92 WHERE pro_codigo_plu=11283','',2,'2013-10-03'),(73194,'UPDATE mae_productos SET pro_precio_venta=100,pro_margen_actual= 68.92 WHERE pro_codigo_plu=11284','',2,'2013-10-03'),(73195,'UPDATE mae_productos SET pro_precio_venta=100,pro_margen_actual= 68.92 WHERE pro_codigo_plu=11289','',2,'2013-10-03'),(73196,'UPDATE mae_productos SET pro_precio_venta=100,pro_margen_actual= 68.92 WHERE pro_codigo_plu=11285','',2,'2013-10-03'),(73197,'UPDATE mae_productos SET pro_precio_venta=100,pro_margen_actual= 68.92 WHERE pro_codigo_plu=11286','',2,'2013-10-03'),(73198,'UPDATE mae_productos SET pro_precio_venta=100,pro_margen_actual= 68.92 WHERE pro_codigo_plu=11340','',2,'2013-10-03'),(73199,'INSERT INTO gne_vale_ferreteria (vfe_id,vfe_fecha,vfe_total,vfe_estado,vfe_entregado,usu_nusuario) VALUES (12782,@@@2013.10.03@@@,1990,1,0,@@@G_DIAZ@@@)','',2,'2013-10-03'),(73200,'INSERT INTO gne_vale_ferreteria_mov (vfe_id,pro_codigo_plu,vfm_cantidad,vfm_unitario,vfm_total,vfm_entregado) VALUES (12782,1505,1,1990,1990,@@@NO@@@)','',2,'2013-10-03'),(73201,'INSERT INTO gne_vale_ferreteria (vfe_id,vfe_fecha,vfe_total,vfe_estado,vfe_entregado,usu_nusuario) VALUES (12783,@@@2013.10.03@@@,90,1,0,@@@G_DIAZ@@@)','',2,'2013-10-03'),(73202,'INSERT INTO gne_vale_ferreteria_mov (vfe_id,pro_codigo_plu,vfm_cantidad,vfm_unitario,vfm_total,vfm_entregado) VALUES (12783,78017147,1,90,90,@@@NO@@@)','',2,'2013-10-03'),(73203,'UPDATE mae_productos SET pro_precio_fiscal=pro_precio_venta WHERE pro_codigo_plu=763430','',2,'2013-10-03'),(73204,'UPDATE mae_productos SET pro_precio_fiscal=pro_precio_venta WHERE pro_codigo_plu=780721649','',2,'2013-10-03'),(73205,'UPDATE mae_productos SET pro_precio_fiscal=pro_precio_venta WHERE pro_codigo_plu=11288','',2,'2013-10-03'),(73206,'UPDATE mae_productos SET pro_precio_fiscal=pro_precio_venta WHERE pro_codigo_plu=11283','',2,'2013-10-03'),(73207,'UPDATE mae_productos SET pro_precio_fiscal=pro_precio_venta WHERE pro_codigo_plu=11284','',2,'2013-10-03'),(73208,'UPDATE mae_productos SET pro_precio_fiscal=pro_precio_venta WHERE pro_codigo_plu=11289','',2,'2013-10-03'),(73209,'UPDATE mae_productos SET pro_precio_fiscal=pro_precio_venta WHERE pro_codigo_plu=11285','',2,'2013-10-03'),(73210,'UPDATE mae_productos SET pro_precio_fiscal=pro_precio_venta WHERE pro_codigo_plu=11286','',2,'2013-10-03'),(73211,'UPDATE mae_productos SET pro_precio_fiscal=pro_precio_venta WHERE pro_codigo_plu=11340','',2,'2013-10-03'),(73212,'INSERT INTO mae_productos (pro_codigo_plu,pro_codigo_barra,pro_tipo,pro_nombre_producto,pro_nombre_corto,med_id,emb_id,pro_unidades_embalaje,dep_id,lin_id,mar_id,pro_precio_compra_neto,pro_precio_compra_bruto,pro_precio_venta,pro_margen_actual,pro_oferta,pro_fecha_inicio_oferta,pro_fecha_termino_oferta,pro_precio_oferta,pro_stock_minimo,pro_stock_critico,pro_entradas_bodega,pro_salidas_bodega,pro_mermas_bodega,pro_ajustes_bodega,pro_entradas_sv,pro_salidas_sv,pro_mermas_sv,pro_ajustes_sv,pro_activo,rec_numero,pro_unidad,pro_capacidad,pro_consumo_bodega,pro_consumo_sv,pro_estado,pro_funcion_plu,pro_flejes,pro_iva,pro_plu_asociado,pro_envase,pro_duracion,pro_numero_etiqueta) VALUES (780721902,@@@7807210577024@@@,@@@0@@@,@@@PINCEL N2@@@,@@@PINCEL N2@@@,@@@8 @@@,@@@6 @@@,@@@12@@@,@@@24 @@@,@@@137@@@,@@@2507@@@,@@@0@@@,@@@94.01@@@,@@@1@@@,@@@-98.94@@@,@@@@@@,@@@2006.09.07@@@,@@@2006.09.07@@@,@@@0@@@,@@@12@@@,@@@6@@@,@@@0@@@,@@@0@@@,@@@0@@@,@@@0@@@,@@@0@@@,@@@0@@@,@@@0@@@,@@@0@@@,@@@1@@@,@@@0@@@,0,2,0,0,2,0,1,1,0,@@@NO@@@,0,0)','',2,'2013-10-03'),(73213,'DELETE FROM mae_impuestos_productos WHERE pro_codigo_plu=@@@780721902@@@','',2,'2013-10-03'),(73214,'INSERT INTO gne_vale_ferreteria (vfe_id,vfe_fecha,vfe_total,vfe_estado,vfe_entregado,usu_nusuario) VALUES (12784,@@@2013.10.03@@@,500,1,0,@@@G_DIAZ@@@)','',2,'2013-10-03'),(73215,'INSERT INTO gne_vale_ferreteria_mov (vfe_id,pro_codigo_plu,vfm_cantidad,vfm_unitario,vfm_total,vfm_entregado) VALUES (12784,4091,2,250,500,@@@NO@@@)','',2,'2013-10-03'),(73216,'INSERT INTO gne_vale_ferreteria (vfe_id,vfe_fecha,vfe_total,vfe_estado,vfe_entregado,usu_nusuario) VALUES (12785,@@@2013.10.03@@@,400,1,0,@@@G_DIAZ@@@)','',2,'2013-10-03'),(73217,'INSERT INTO gne_vale_ferreteria_mov (vfe_id,pro_codigo_plu,vfm_cantidad,vfm_unitario,vfm_total,vfm_entregado) VALUES (12785,4091,1,250,250,@@@NO@@@)','',2,'2013-10-03'),(73218,'INSERT INTO gne_vale_ferreteria_mov (vfe_id,pro_codigo_plu,vfm_cantidad,vfm_unitario,vfm_total,vfm_entregado) VALUES (12785,2016,1,150,150,@@@NO@@@)','',2,'2013-10-03'),(73219,'INSERT INTO mae_productos (pro_codigo_plu,pro_codigo_barra,pro_tipo,pro_nombre_producto,pro_nombre_corto,med_id,emb_id,pro_unidades_embalaje,dep_id,lin_id,mar_id,pro_precio_compra_neto,pro_precio_compra_bruto,pro_precio_venta,pro_margen_actual,pro_oferta,pro_fecha_inicio_oferta,pro_fecha_termino_oferta,pro_precio_oferta,pro_stock_minimo,pro_stock_critico,pro_entradas_bodega,pro_salidas_bodega,pro_mermas_bodega,pro_ajustes_bodega,pro_entradas_sv,pro_salidas_sv,pro_mermas_sv,pro_ajustes_sv,pro_activo,rec_numero,pro_unidad,pro_capacidad,pro_consumo_bodega,pro_consumo_sv,pro_estado,pro_funcion_plu,pro_flejes,pro_iva,pro_plu_asociado,pro_envase,pro_duracion,pro_numero_etiqueta) VALUES (780721903,@@@7807265983030@@@,@@@0@@@,@@@BLOCK OFICIO MILIMETRADO PROARTE AZUL@@@,@@@BLOCK OFICIO MIL@@@,@@@1 @@@,@@@6 @@@,@@@2@@@,@@@24 @@@,@@@137@@@,@@@2507@@@,@@@0@@@,@@@806.82@@@,@@@1@@@,@@@-99.88@@@,@@@@@@,@@@2006.09.07@@@,@@@2006.09.07@@@,@@@0@@@,@@@2@@@,@@@1@@@,@@@0@@@,@@@0@@@,@@@0@@@,@@@0@@@,@@@0@@@,@@@0@@@,@@@0@@@,@@@0@@@,@@@1@@@,@@@0@@@,0,50,0,0,2,0,1,1,0,@@@NO@@@,0,0)','',2,'2013-10-03'),(73220,'DELETE FROM mae_impuestos_productos WHERE pro_codigo_plu=@@@780721903@@@','',2,'2013-10-03'),(73221,'INSERT INTO gne_vale_ferreteria (vfe_id,vfe_fecha,vfe_total,vfe_estado,vfe_entregado,usu_nusuario) VALUES (12786,@@@2013.10.03@@@,390,1,0,@@@G_DIAZ@@@)','',2,'2013-10-03'),(73222,'INSERT INTO gne_vale_ferreteria_mov (vfe_id,pro_codigo_plu,vfm_cantidad,vfm_unitario,vfm_total,vfm_entregado) VALUES (12786,780721420,1,390,390,@@@NO@@@)','',2,'2013-10-03'),(73223,'INSERT INTO mae_productos (pro_codigo_plu,pro_codigo_barra,pro_tipo,pro_nombre_producto,pro_nombre_corto,med_id,emb_id,pro_unidades_embalaje,dep_id,lin_id,mar_id,pro_precio_compra_neto,pro_precio_compra_bruto,pro_precio_venta,pro_margen_actual,pro_oferta,pro_fecha_inicio_oferta,pro_fecha_termino_oferta,pro_precio_oferta,pro_stock_minimo,pro_stock_critico,pro_entradas_bodega,pro_salidas_bodega,pro_mermas_bodega,pro_ajustes_bodega,pro_entradas_sv,pro_salidas_sv,pro_mermas_sv,pro_ajustes_sv,pro_activo,rec_numero,pro_unidad,pro_capacidad,pro_consumo_bodega,pro_consumo_sv,pro_estado,pro_funcion_plu,pro_flejes,pro_iva,pro_plu_asociado,pro_envase,pro_duracion,pro_numero_etiqueta) VALUES (780721904,@@@7806505949355@@@,@@@0@@@,@@@BOLIGRAFO GEL 0.5 TORRE NEGRO@@@,@@@BOLIGRAFO GEL 0.@@@,@@@5 @@@,@@@6 @@@,@@@10@@@,@@@24 @@@,@@@137@@@,@@@2507@@@,@@@0@@@,@@@259.42@@@,@@@1@@@,@@@-99.61@@@,@@@@@@,@@@2006.09.07@@@,@@@2006.09.07@@@,@@@0@@@,@@@10@@@,@@@5@@@,@@@0@@@,@@@0@@@,@@@0@@@,@@@0@@@,@@@0@@@,@@@0@@@,@@@0@@@,@@@0@@@,@@@1@@@,@@@0@@@,0,5,0,0,2,0,1,1,0,@@@NO@@@,0,0)','',2,'2013-10-03'),(73224,'DELETE FROM mae_impuestos_productos WHERE pro_codigo_plu=@@@780721904@@@','',2,'2013-10-03'),(73225,'INSERT INTO mae_productos (pro_codigo_plu,pro_codigo_barra,pro_tipo,pro_nombre_producto,pro_nombre_corto,med_id,emb_id,pro_unidades_embalaje,dep_id,lin_id,mar_id,pro_precio_compra_neto,pro_precio_compra_bruto,pro_precio_venta,pro_margen_actual,pro_oferta,pro_fecha_inicio_oferta,pro_fecha_termino_oferta,pro_precio_oferta,pro_stock_minimo,pro_stock_critico,pro_entradas_bodega,pro_salidas_bodega,pro_mermas_bodega,pro_ajustes_bodega,pro_entradas_sv,pro_salidas_sv,pro_mermas_sv,pro_ajustes_sv,pro_activo,rec_numero,pro_unidad,pro_capacidad,pro_consumo_bodega,pro_consumo_sv,pro_estado,pro_funcion_plu,pro_flejes,pro_iva,pro_plu_asociado,pro_envase,pro_duracion,pro_numero_etiqueta) VALUES (780721905,@@@4974052820052@@@,@@@0@@@,@@@MARCADOR OLEO PAINT MARKER BLANCO@@@,@@@MARCADOR OLEO PA@@@,@@@1 @@@,@@@6 @@@,@@@6@@@,@@@24 @@@,@@@137@@@,@@@2507@@@,@@@0@@@,@@@1900@@@,@@@1@@@,@@@-99.95@@@,@@@@@@,@@@2006.09.07@@@,@@@2006.09.07@@@,@@@0@@@,@@@6@@@,@@@3@@@,@@@0@@@,@@@0@@@,@@@0@@@,@@@0@@@,@@@0@@@,@@@0@@@,@@@0@@@,@@@0@@@,@@@1@@@,@@@0@@@,0,1,0,0,2,0,1,1,0,@@@NO@@@,0,0)','',2,'2013-10-03'),(73226,'DELETE FROM mae_impuestos_productos WHERE pro_codigo_plu=@@@780721905@@@','',2,'2013-10-03'),(73227,'INSERT INTO gpr_pack_virtual (pav_id,pav_nombre,pav_total_pack,pav_total_descuento,pav_desde,pav_hasta,pav_tipo,pav_precio,pav_lleva,pav_paga,pav_descuento,pav_porcentaje,pav_oferta_exclusiva,pav_agotar_stock,pav_stock,pav_costo,pav_margen) VALUES (64,@@@PACKN VIENESAS SAN JORGE 2 X $930@@@,930,110,@@@2013-10-03@@@,@@@2013-11-30@@@,@@@PA@@@,520,2,1.788,0.212,1,@@@NO@@@,@@@SI@@@,200,595,56.3)','',2,'2013-10-03'),(73228,'INSERT INTO gpr_pack_virtual_mov (pav_id,pro_codigo_plu,pvm_precio,pvm_total,pvm_lleva,pvm_paga,pvm_descuento,pvm_porcentaje,pvm_total_normal,pvm_descuento_linea,pvm_costo,pvm_margen) VALUES (64,262521,520,0,1,1,0,0,520,55,297.5,56.3)','',2,'2013-10-03'),(73229,'INSERT INTO gpr_pack_virtual_horario (pav_id,pvh_dia,pvh_hora_desde,pvh_hora_hasta) VALUES (64,99,@@@00:00@@@,@@@23:59@@@)','',2,'2013-10-03'),(73230,'INSERT INTO gne_vale_ferreteria (vfe_id,vfe_fecha,vfe_total,vfe_estado,vfe_entregado,usu_nusuario) VALUES (12787,@@@2013.10.03@@@,1710,1,0,@@@G_DIAZ@@@)','',2,'2013-10-03'),(73231,'INSERT INTO gne_vale_ferreteria_mov (vfe_id,pro_codigo_plu,vfm_cantidad,vfm_unitario,vfm_total,vfm_entregado) VALUES (12787,780721123,1,1590,1590,@@@NO@@@)','',2,'2013-10-03'),(73232,'INSERT INTO gne_vale_ferreteria_mov (vfe_id,pro_codigo_plu,vfm_cantidad,vfm_unitario,vfm_total,vfm_entregado) VALUES (12787,78017059,1,120,120,@@@NO@@@)','',2,'2013-10-03'),(73233,'INSERT INTO gne_vale_ferreteria (vfe_id,vfe_fecha,vfe_total,vfe_estado,vfe_entregado,usu_nusuario) VALUES (12788,@@@2013.10.03@@@,1490,1,0,@@@G_DIAZ@@@)','',2,'2013-10-03'),(73234,'INSERT INTO gne_vale_ferreteria_mov (vfe_id,pro_codigo_plu,vfm_cantidad,vfm_unitario,vfm_total,vfm_entregado) VALUES (12788,10426,1,1490,1490,@@@NO@@@)','',2,'2013-10-03'),(73235,'INSERT INTO gne_vale_ferreteria (vfe_id,vfe_fecha,vfe_total,vfe_estado,vfe_entregado,usu_nusuario) VALUES (12789,@@@2013.10.03@@@,2040,1,0,@@@G_DIAZ@@@)','',2,'2013-10-03'),(73236,'INSERT INTO gne_vale_ferreteria_mov (vfe_id,pro_codigo_plu,vfm_cantidad,vfm_unitario,vfm_total,vfm_entregado) VALUES (12789,780721130,1,1990,1990,@@@NO@@@)','',2,'2013-10-03'),(73237,'INSERT INTO gne_vale_ferreteria_mov (vfe_id,pro_codigo_plu,vfm_cantidad,vfm_unitario,vfm_total,vfm_entregado) VALUES (12789,780220123,1,50,50,@@@NO@@@)','',2,'2013-10-03'),(73238,'INSERT INTO gne_vale_ferreteria (vfe_id,vfe_fecha,vfe_total,vfe_estado,vfe_entregado,usu_nusuario) VALUES (12790,@@@2013.10.03@@@,590,1,0,@@@G_DIAZ@@@)','',2,'2013-10-03'),(73239,'INSERT INTO gne_vale_ferreteria_mov (vfe_id,pro_codigo_plu,vfm_cantidad,vfm_unitario,vfm_total,vfm_entregado) VALUES (12790,8023,1,390,390,@@@NO@@@)','',2,'2013-10-03'),(73240,'INSERT INTO gne_vale_ferreteria_mov (vfe_id,pro_codigo_plu,vfm_cantidad,vfm_unitario,vfm_total,vfm_entregado) VALUES (12790,765072,1,200,200,@@@NO@@@)','',2,'2013-10-03'),(73241,'INSERT INTO gne_vale_ferreteria (vfe_id,vfe_fecha,vfe_total,vfe_estado,vfe_entregado,usu_nusuario) VALUES (12791,@@@2013.10.03@@@,780,1,0,@@@G_DIAZ@@@)','',2,'2013-10-03'),(73242,'INSERT INTO gne_vale_ferreteria_mov (vfe_id,pro_codigo_plu,vfm_cantidad,vfm_unitario,vfm_total,vfm_entregado) VALUES (12791,78017124,2,390,780,@@@NO@@@)','',2,'2013-10-03'),(73243,'INSERT INTO gne_vale_ferreteria (vfe_id,vfe_fecha,vfe_total,vfe_estado,vfe_entregado,usu_nusuario) VALUES (12792,@@@2013.10.03@@@,2089,1,0,@@@G_DIAZ@@@)','',2,'2013-10-03'),(73244,'INSERT INTO gne_vale_ferreteria_mov (vfe_id,pro_codigo_plu,vfm_cantidad,vfm_unitario,vfm_total,vfm_entregado) VALUES (12792,7053,1,450,450,@@@NO@@@)','',2,'2013-10-03'),(73245,'INSERT INTO gne_vale_ferreteria_mov (vfe_id,pro_codigo_plu,vfm_cantidad,vfm_unitario,vfm_total,vfm_entregado) VALUES (12792,78017204,3,120,360,@@@NO@@@)','',2,'2013-10-03'),(73246,'INSERT INTO gne_vale_ferreteria_mov (vfe_id,pro_codigo_plu,vfm_cantidad,vfm_unitario,vfm_total,vfm_entregado) VALUES (12792,780721666,1,650,650,@@@NO@@@)','',2,'2013-10-03'),(73247,'INSERT INTO gne_vale_ferreteria_mov (vfe_id,pro_codigo_plu,vfm_cantidad,vfm_unitario,vfm_total,vfm_entregado) VALUES (12792,763783,1,230,230,@@@NO@@@)','',2,'2013-10-03'),(73248,'INSERT INTO gne_vale_ferreteria_mov (vfe_id,pro_codigo_plu,vfm_cantidad,vfm_unitario,vfm_total,vfm_entregado) VALUES (12792,780721388,1,399,399,@@@NO@@@)','',2,'2013-10-03'),(73249,'UPDATE mae_productos SET pro_precio_compra_bruto=170.17,pro_margen_actual=(pro_precio_venta-170.17)/170.17 * 100,pro_ultima_compra=@@@2013.10.03@@@,pro_ultimo_proveedor=@@@76041579-0@@@ WHERE pro_codigo_plu=780220197','',2,'2013-10-03'),(73250,'UPDATE mae_productos SET pro_precio_compra_bruto=236.81,pro_margen_actual=(pro_precio_venta-236.81)/236.81 * 100,pro_ultima_compra=@@@2013.10.03@@@,pro_ultimo_proveedor=@@@76041579-0@@@ WHERE pro_codigo_plu=780220198','',2,'2013-10-03'),(73251,'UPDATE mae_productos SET pro_precio_compra_bruto=114.24,pro_margen_actual=(pro_precio_venta-114.24)/114.24 * 100,pro_ultima_compra=@@@2013.10.03@@@,pro_ultimo_proveedor=@@@76041579-0@@@ WHERE pro_codigo_plu=780220200','',2,'2013-10-03'),(73252,'UPDATE mae_productos SET pro_precio_compra_bruto=94.01,pro_margen_actual=(pro_precio_venta-94.01)/94.01 * 100,pro_ultima_compra=@@@2013.10.03@@@,pro_ultimo_proveedor=@@@76041579-0@@@ WHERE pro_codigo_plu=780721902','',2,'2013-10-03'),(73253,'UPDATE mae_productos SET pro_precio_compra_bruto=69.15,pro_margen_actual=(pro_precio_venta-69.15)/69.15 * 100,pro_ultima_compra=@@@2013.10.03@@@,pro_ultimo_proveedor=@@@76041579-0@@@ WHERE pro_codigo_plu=770065','',2,'2013-10-03'),(73254,'UPDATE mae_productos SET pro_precio_compra_bruto=806.82,pro_margen_actual=(pro_precio_venta-806.82)/806.82 * 100,pro_ultima_compra=@@@2013.10.03@@@,pro_ultimo_proveedor=@@@76041579-0@@@ WHERE pro_codigo_plu=780721903','',2,'2013-10-03'),(73255,'UPDATE mae_productos SET pro_precio_compra_bruto=259.42,pro_margen_actual=(pro_precio_venta-259.42)/259.42 * 100,pro_ultima_compra=@@@2013.10.03@@@,pro_ultimo_proveedor=@@@76041579-0@@@ WHERE pro_codigo_plu=780721904','',2,'2013-10-03'),(73256,'UPDATE mae_productos SET pro_precio_compra_bruto=1900,pro_margen_actual=(pro_precio_venta-1900)/1900 * 100,pro_ultima_compra=@@@2013.10.03@@@,pro_ultimo_proveedor=@@@76041579-0@@@ WHERE pro_codigo_plu=780721905','',2,'2013-10-03'),(73257,'UPDATE mae_productos SET pro_precio_compra_bruto=209.44,pro_margen_actual=(pro_precio_venta-209.44)/209.44 * 100,pro_ultima_compra=@@@2013.10.03@@@,pro_ultimo_proveedor=@@@76041579-0@@@ WHERE pro_codigo_plu=780220186','',2,'2013-10-03'),(73258,'UPDATE mae_productos SET pro_precio_compra_bruto=11.35,pro_margen_actual=(pro_precio_venta-11.35)/11.35 * 100,pro_ultima_compra=@@@2013.10.03@@@,pro_ultimo_proveedor=@@@76041579-0@@@ WHERE pro_codigo_plu=7502','',2,'2013-10-03'),(73259,'INSERT INTO gne_vale_ferreteria (vfe_id,vfe_fecha,vfe_total,vfe_estado,vfe_entregado,usu_nusuario) VALUES (12793,@@@2013.10.03@@@,1890,1,0,@@@G_DIAZ@@@)','',2,'2013-10-03'),(73260,'INSERT INTO gne_vale_ferreteria_mov (vfe_id,pro_codigo_plu,vfm_cantidad,vfm_unitario,vfm_total,vfm_entregado) VALUES (12793,102075,1,1890,1890,@@@NO@@@)','',2,'2013-10-03'),(73261,'UPDATE mae_productos SET pro_precio_compra_bruto=1919.47,pro_margen_actual=(pro_precio_venta-1919.47)/1919.47 * 100,pro_ultima_compra=@@@2013.10.03@@@,pro_ultimo_proveedor=@@@76041579-0@@@ WHERE pro_codigo_plu=761995','',2,'2013-10-03'),(73262,'UPDATE mae_productos SET pro_precio_compra_bruto=483.14,pro_margen_actual=(pro_precio_venta-483.14)/483.14 * 100,pro_ultima_compra=@@@2013.10.03@@@,pro_ultimo_proveedor=@@@76041579-0@@@ WHERE pro_codigo_plu=763624','',2,'2013-10-03'),(73263,'UPDATE mae_productos SET pro_precio_compra_bruto=416.5,pro_margen_actual=(pro_precio_venta-416.5)/416.5 * 100,pro_ultima_compra=@@@2013.10.03@@@,pro_ultimo_proveedor=@@@76041579-0@@@ WHERE pro_codigo_plu=763582','',2,'2013-10-03'),(73264,'UPDATE mae_productos SET pro_precio_compra_bruto=83.99,pro_margen_actual=(pro_precio_venta-83.99)/83.99 * 100,pro_ultima_compra=@@@2013.10.03@@@,pro_ultimo_proveedor=@@@76041579-0@@@ WHERE pro_codigo_plu=8022','',2,'2013-10-03'),(73265,'UPDATE mae_productos SET pro_precio_compra_bruto=104.72,pro_margen_actual=(pro_precio_venta-104.72)/104.72 * 100,pro_ultima_compra=@@@2013.10.03@@@,pro_ultimo_proveedor=@@@76041579-0@@@ WHERE pro_codigo_plu=770038','',2,'2013-10-03'),(73266,'UPDATE mae_productos SET pro_precio_compra_bruto=435.54,pro_margen_actual=(pro_precio_venta-435.54)/435.54 * 100,pro_ultima_compra=@@@2013.10.03@@@,pro_ultimo_proveedor=@@@76041579-0@@@ WHERE pro_codigo_plu=763790','',2,'2013-10-03'),(73267,'UPDATE mae_productos SET pro_precio_compra_bruto=691.39,pro_margen_actual=(pro_precio_venta-691.39)/691.39 * 100,pro_ultima_compra=@@@2013.10.03@@@,pro_ultimo_proveedor=@@@76041579-0@@@ WHERE pro_codigo_plu=780721900','',2,'2013-10-03'),(73268,'UPDATE mae_productos SET pro_precio_compra_bruto=367.71,pro_margen_actual=(pro_precio_venta-367.71)/367.71 * 100,pro_ultima_compra=@@@2013.10.03@@@,pro_ultimo_proveedor=@@@76041579-0@@@ WHERE pro_codigo_plu=764764','',2,'2013-10-03'),(73269,'UPDATE mae_productos SET pro_precio_compra_bruto=809.2,pro_margen_actual=(pro_precio_venta-809.2)/809.2 * 100,pro_ultima_compra=@@@2013.10.03@@@,pro_ultimo_proveedor=@@@76041579-0@@@ WHERE pro_codigo_plu=763777','',2,'2013-10-03'),(73270,'UPDATE mae_productos SET pro_precio_compra_bruto=489.09,pro_margen_actual=(pro_precio_venta-489.09)/489.09 * 100,pro_ultima_compra=@@@2013.10.03@@@,pro_ultimo_proveedor=@@@76041579-0@@@ WHERE pro_codigo_plu=763804','',2,'2013-10-03'),(73271,'UPDATE mae_productos SET pro_precio_compra_bruto=55.93,pro_margen_actual=(pro_precio_venta-55.93)/55.93 * 100,pro_ultima_compra=@@@2013.10.03@@@,pro_ultimo_proveedor=@@@76041579-0@@@ WHERE pro_codigo_plu=78017005','',2,'2013-10-03'),(73272,'UPDATE mae_productos SET pro_precio_compra_bruto=240.38,pro_margen_actual=(pro_precio_venta-240.38)/240.38 * 100,pro_ultima_compra=@@@2013.10.03@@@,pro_ultimo_proveedor=@@@76041579-0@@@ WHERE pro_codigo_plu=8023','',2,'2013-10-03'),(73273,'UPDATE mae_productos SET pro_precio_compra_bruto=108.29,pro_margen_actual=(pro_precio_venta-108.29)/108.29 * 100,pro_ultima_compra=@@@2013.10.03@@@,pro_ultimo_proveedor=@@@76041579-0@@@ WHERE pro_codigo_plu=12819','',2,'2013-10-03'),(73274,'UPDATE mae_productos SET pro_precio_compra_bruto=90.44,pro_margen_actual=(pro_precio_venta-90.44)/90.44 * 100,pro_ultima_compra=@@@2013.10.03@@@,pro_ultimo_proveedor=@@@76041579-0@@@ WHERE pro_codigo_plu=764247','',2,'2013-10-03'),(73275,'UPDATE mae_productos SET pro_precio_compra_bruto=90.44,pro_margen_actual=(pro_precio_venta-90.44)/90.44 * 100,pro_ultima_compra=@@@2013.10.03@@@,pro_ultimo_proveedor=@@@76041579-0@@@ WHERE pro_codigo_plu=764249','',2,'2013-10-03'),(73276,'UPDATE mae_productos SET pro_precio_compra_bruto=90.44,pro_margen_actual=(pro_precio_venta-90.44)/90.44 * 100,pro_ultima_compra=@@@2013.10.03@@@,pro_ultimo_proveedor=@@@76041579-0@@@ WHERE pro_codigo_plu=764246','',2,'2013-10-03'),(73277,'UPDATE mae_productos SET pro_precio_compra_bruto=90.44,pro_margen_actual=(pro_precio_venta-90.44)/90.44 * 100,pro_ultima_compra=@@@2013.10.03@@@,pro_ultimo_proveedor=@@@76041579-0@@@ WHERE pro_codigo_plu=764251','',2,'2013-10-03'),(73278,'UPDATE mae_productos SET pro_precio_compra_bruto=428.4,pro_margen_actual=(pro_precio_venta-428.4)/428.4 * 100,pro_ultima_compra=@@@2013.10.03@@@,pro_ultimo_proveedor=@@@76041579-0@@@ WHERE pro_codigo_plu=780220180','',2,'2013-10-03'),(73279,'UPDATE mae_productos SET pro_precio_compra_bruto=540.26,pro_margen_actual=(pro_precio_venta-540.26)/540.26 * 100,pro_ultima_compra=@@@2013.10.03@@@,pro_ultimo_proveedor=@@@76041579-0@@@ WHERE pro_codigo_plu=11378','',2,'2013-10-03'),(73280,'UPDATE mae_productos SET pro_precio_compra_bruto=528.36,pro_margen_actual=(pro_precio_venta-528.36)/528.36 * 100,pro_ultima_compra=@@@2013.10.03@@@,pro_ultimo_proveedor=@@@76041579-0@@@ WHERE pro_codigo_plu=19866','',2,'2013-10-03'),(73281,'UPDATE mae_productos SET pro_precio_compra_bruto=211.82,pro_margen_actual=(pro_precio_venta-211.82)/211.82 * 100,pro_ultima_compra=@@@2013.10.03@@@,pro_ultimo_proveedor=@@@76041579-0@@@ WHERE pro_codigo_plu=19918','',2,'2013-10-03'),(73282,'UPDATE mae_productos SET pro_precio_compra_bruto=248.71,pro_margen_actual=(pro_precio_venta-248.71)/248.71 * 100,pro_ultima_compra=@@@2013.10.03@@@,pro_ultimo_proveedor=@@@76041579-0@@@ WHERE pro_codigo_plu=780721901','',2,'2013-10-03'),(73283,'UPDATE mae_productos SET pro_precio_compra_bruto=240.38,pro_margen_actual=(pro_precio_venta-240.38)/240.38 * 100,pro_ultima_compra=@@@2013.10.03@@@,pro_ultimo_proveedor=@@@76041579-0@@@ WHERE pro_codigo_plu=8990','',2,'2013-10-03'),(73284,'UPDATE mae_productos SET pro_precio_compra_bruto=687.82,pro_margen_actual=(pro_precio_venta-687.82)/687.82 * 100,pro_ultima_compra=@@@2013.10.03@@@,pro_ultimo_proveedor=@@@76041579-0@@@ WHERE pro_codigo_plu=11670','',2,'2013-10-03'),(73285,'INSERT INTO gne_vale_ferreteria (vfe_id,vfe_fecha,vfe_total,vfe_estado,vfe_entregado,usu_nusuario) VALUES (12794,@@@2013.10.03@@@,600,1,0,@@@G_DIAZ@@@)','',2,'2013-10-03'),(73286,'INSERT INTO gne_vale_ferreteria_mov (vfe_id,pro_codigo_plu,vfm_cantidad,vfm_unitario,vfm_total,vfm_entregado) VALUES (12794,78017146,4,50,200,@@@NO@@@)','',2,'2013-10-03'),(73287,'INSERT INTO gne_vale_ferreteria_mov (vfe_id,pro_codigo_plu,vfm_cantidad,vfm_unitario,vfm_total,vfm_entregado) VALUES (12794,4088,1,150,150,@@@NO@@@)','',2,'2013-10-03'),(73288,'INSERT INTO gne_vale_ferreteria_mov (vfe_id,pro_codigo_plu,vfm_cantidad,vfm_unitario,vfm_total,vfm_entregado) VALUES (12794,4091,1,250,250,@@@NO@@@)','',2,'2013-10-03'),(73289,'INSERT INTO gne_vale_ferreteria (vfe_id,vfe_fecha,vfe_total,vfe_estado,vfe_entregado,usu_nusuario) VALUES (12795,@@@2013.10.03@@@,600,1,0,@@@G_DIAZ@@@)','',2,'2013-10-03'),(73290,'INSERT INTO gne_vale_ferreteria_mov (vfe_id,pro_codigo_plu,vfm_cantidad,vfm_unitario,vfm_total,vfm_entregado) VALUES (12795,4130,6,100,600,@@@NO@@@)','',2,'2013-10-03'),(73291,'UPDATE mae_productos SET pro_precio_venta=2890,pro_margen_actual= 52.11 WHERE pro_codigo_plu=780721905','',2,'2013-10-03'),(73292,'UPDATE mae_productos SET pro_precio_venta=450,pro_margen_actual= 73.46 WHERE pro_codigo_plu=780721904','',2,'2013-10-03'),(73293,'UPDATE mae_productos SET pro_precio_venta=150,pro_margen_actual= 59.56 WHERE pro_codigo_plu=780721902','',2,'2013-10-03'),(73294,'UPDATE mae_productos SET pro_precio_venta=360,pro_margen_actual= 52.02 WHERE pro_codigo_plu=780220198','',2,'2013-10-03'),(73295,'UPDATE mae_productos SET pro_precio_venta=1390,pro_margen_actual= 72.28 WHERE pro_codigo_plu=780721903','',2,'2013-10-03'),(73296,'INSERT INTO gne_vale_ferreteria (vfe_id,vfe_fecha,vfe_total,vfe_estado,vfe_entregado,usu_nusuario) VALUES (12796,@@@2013.10.03@@@,120,1,0,@@@G_DIAZ@@@)','',2,'2013-10-03'),(73297,'INSERT INTO gne_vale_ferreteria_mov (vfe_id,pro_codigo_plu,vfm_cantidad,vfm_unitario,vfm_total,vfm_entregado) VALUES (12796,8022,1,120,120,@@@NO@@@)','',2,'2013-10-03'),(73298,'UPDATE mae_productos SET pro_precio_venta=690,pro_margen_actual= 58.42 WHERE pro_codigo_plu=763790','',2,'2013-10-03'),(73299,'UPDATE mae_productos SET pro_precio_venta=1100,pro_margen_actual= 59.1 WHERE pro_codigo_plu=780721900','',2,'2013-10-03'),(73300,'UPDATE mae_productos SET pro_precio_venta=160,pro_margen_actual= 52.79 WHERE pro_codigo_plu=770038','',2,'2013-10-03'),(73301,'UPDATE mae_productos SET pro_precio_venta=720,pro_margen_actual= 36.27 WHERE pro_codigo_plu=19866','',2,'2013-10-03'),(73302,'UPDATE mae_productos SET pro_precio_venta=730,pro_margen_actual= 35.12 WHERE pro_codigo_plu=11378','',2,'2013-10-03'),(73303,'UPDATE mae_productos SET pro_precio_venta=1250,pro_margen_actual= 54.47 WHERE pro_codigo_plu=763777','',2,'2013-10-03'),(73304,'UPDATE mae_productos SET pro_precio_venta=930,pro_margen_actual= 35.21 WHERE pro_codigo_plu=11670','',2,'2013-10-03'),(73305,'UPDATE mae_productos SET pro_precio_venta=390,pro_margen_actual= 56.81 WHERE pro_codigo_plu=780721901','',2,'2013-10-03'),(73306,'UPDATE mae_productos SET pro_precio_venta=370,pro_margen_actual= 53.92 WHERE pro_codigo_plu=8990','',2,'2013-10-03'),(73307,'UPDATE mae_productos SET pro_precio_venta=650,pro_margen_actual= 56.06 WHERE pro_codigo_plu=763582','',2,'2013-10-03'),(73308,'UPDATE mae_productos SET pro_precio_fiscal=pro_precio_venta WHERE pro_codigo_plu=763790','',2,'2013-10-03'),(73309,'UPDATE mae_productos SET pro_precio_fiscal=pro_precio_venta WHERE pro_codigo_plu=780721900','',2,'2013-10-03'),(73310,'UPDATE mae_productos SET pro_precio_fiscal=pro_precio_venta WHERE pro_codigo_plu=780721905','',2,'2013-10-03'),(73311,'UPDATE mae_productos SET pro_precio_fiscal=pro_precio_venta WHERE pro_codigo_plu=770038','',2,'2013-10-03'),(73312,'UPDATE mae_productos SET pro_precio_fiscal=pro_precio_venta WHERE pro_codigo_plu=19866','',2,'2013-10-03'),(73313,'UPDATE mae_productos SET pro_precio_fiscal=pro_precio_venta WHERE pro_codigo_plu=11378','',2,'2013-10-03'),(73314,'UPDATE mae_productos SET pro_precio_fiscal=pro_precio_venta WHERE pro_codigo_plu=763777','',2,'2013-10-03'),(73315,'UPDATE mae_productos SET pro_precio_fiscal=pro_precio_venta WHERE pro_codigo_plu=11670','',2,'2013-10-03'),(73316,'UPDATE mae_productos SET pro_precio_fiscal=pro_precio_venta WHERE pro_codigo_plu=780721904','',2,'2013-10-03'),(73317,'UPDATE mae_productos SET pro_precio_fiscal=pro_precio_venta WHERE pro_codigo_plu=780721902','',2,'2013-10-03'),(73318,'UPDATE mae_productos SET pro_precio_fiscal=pro_precio_venta WHERE pro_codigo_plu=780220198','',2,'2013-10-03'),(73319,'UPDATE mae_productos SET pro_precio_fiscal=pro_precio_venta WHERE pro_codigo_plu=780721901','',2,'2013-10-03'),(73320,'UPDATE mae_productos SET pro_precio_fiscal=pro_precio_venta WHERE pro_codigo_plu=8990','',2,'2013-10-03'),(73321,'UPDATE mae_productos SET pro_precio_fiscal=pro_precio_venta WHERE pro_codigo_plu=780721903','',2,'2013-10-03'),(73322,'UPDATE mae_productos SET pro_precio_fiscal=pro_precio_venta WHERE pro_codigo_plu=763582','',2,'2013-10-03'),(73323,'INSERT INTO gne_vale_ferreteria (vfe_id,vfe_fecha,vfe_total,vfe_estado,vfe_entregado,usu_nusuario) VALUES (12797,@@@2013.10.03@@@,260,1,0,@@@G_DIAZ@@@)','',2,'2013-10-03'),(73324,'INSERT INTO gne_vale_ferreteria_mov (vfe_id,pro_codigo_plu,vfm_cantidad,vfm_unitario,vfm_total,vfm_entregado) VALUES (12797,15929,2,130,260,@@@NO@@@)','',2,'2013-10-03'),(73325,'INSERT INTO gne_vale_ferreteria (vfe_id,vfe_fecha,vfe_total,vfe_estado,vfe_entregado,usu_nusuario) VALUES (12798,@@@2013.10.03@@@,3990,1,0,@@@G_DIAZ@@@)','',2,'2013-10-03'),(73326,'INSERT INTO gne_vale_ferreteria_mov (vfe_id,pro_codigo_plu,vfm_cantidad,vfm_unitario,vfm_total,vfm_entregado) VALUES (12798,764971,1,3990,3990,@@@NO@@@)','',2,'2013-10-03'),(73327,'INSERT INTO mae_productos (pro_codigo_plu,pro_codigo_barra,pro_tipo,pro_nombre_producto,pro_nombre_corto,med_id,emb_id,pro_unidades_embalaje,dep_id,lin_id,mar_id,pro_precio_compra_neto,pro_precio_compra_bruto,pro_precio_venta,pro_margen_actual,pro_oferta,pro_fecha_inicio_oferta,pro_fecha_termino_oferta,pro_precio_oferta,pro_stock_minimo,pro_stock_critico,pro_entradas_bodega,pro_salidas_bodega,pro_mermas_bodega,pro_ajustes_bodega,pro_entradas_sv,pro_salidas_sv,pro_mermas_sv,pro_ajustes_sv,pro_activo,rec_numero,pro_unidad,pro_capacidad,pro_consumo_bodega,pro_consumo_sv,pro_estado,pro_funcion_plu,pro_flejes,pro_iva,pro_plu_asociado,pro_envase,pro_duracion,pro_numero_etiqueta) VALUES (780721906,@@@7802408061057@@@,@@@0@@@,@@@CASSATA FRUNA FRUTILLA X 1LTR@@@,@@@CASSATA FRUNA FR@@@,@@@3 @@@,@@@8 @@@,@@@0@@@,@@@20 @@@,@@@105@@@,@@@2508@@@,@@@0@@@,@@@0@@@,@@@990@@@,@@@0@@@,@@@@@@,@@@2013.10.03@@@,@@@2013.10.03@@@,@@@0@@@,@@@3@@@,@@@2@@@,@@@0@@@,@@@0@@@,@@@0@@@,@@@0@@@,@@@0@@@,@@@0@@@,@@@0@@@,@@@0@@@,@@@1@@@,@@@0@@@,0,1,0,0,2,0,1,1,0,@@@NO@@@,0,0)','',2,'2013-10-03'),(73328,'DELETE FROM mae_impuestos_productos WHERE pro_codigo_plu=@@@780721906@@@','',2,'2013-10-03'),(73329,'INSERT INTO mae_productos (pro_codigo_plu,pro_codigo_barra,pro_tipo,pro_nombre_producto,pro_nombre_corto,med_id,emb_id,pro_unidades_embalaje,dep_id,lin_id,mar_id,pro_precio_compra_neto,pro_precio_compra_bruto,pro_precio_venta,pro_margen_actual,pro_oferta,pro_fecha_inicio_oferta,pro_fecha_termino_oferta,pro_precio_oferta,pro_stock_minimo,pro_stock_critico,pro_entradas_bodega,pro_salidas_bodega,pro_mermas_bodega,pro_ajustes_bodega,pro_entradas_sv,pro_salidas_sv,pro_mermas_sv,pro_ajustes_sv,pro_activo,rec_numero,pro_unidad,pro_capacidad,pro_consumo_bodega,pro_consumo_sv,pro_estado,pro_funcion_plu,pro_flejes,pro_iva,pro_plu_asociado,pro_envase,pro_duracion,pro_numero_etiqueta) VALUES (780721907,@@@7802408061033@@@,@@@0@@@,@@@CASSATA FRUNA CHIRIMOYA X 1LTR@@@,@@@CASSATA FRUNA CH@@@,@@@3 @@@,@@@8 @@@,@@@0@@@,@@@20 @@@,@@@105@@@,@@@2508@@@,@@@0@@@,@@@0@@@,@@@990@@@,@@@0@@@,@@@@@@,@@@2013.10.03@@@,@@@2013.10.03@@@,@@@0@@@,@@@3@@@,@@@2@@@,@@@0@@@,@@@0@@@,@@@0@@@,@@@0@@@,@@@0@@@,@@@0@@@,@@@0@@@,@@@0@@@,@@@1@@@,@@@0@@@,0,1,0,0,2,0,1,1,0,@@@NO@@@,0,0)','',2,'2013-10-03'),(73330,'DELETE FROM mae_impuestos_productos WHERE pro_codigo_plu=@@@780721907@@@','',2,'2013-10-03'),(73331,'UPDATE mae_productos SET pro_precio_fiscal=pro_precio_venta WHERE pro_codigo_plu=780721907','',2,'2013-10-03'),(73332,'UPDATE mae_productos SET pro_precio_fiscal=pro_precio_venta WHERE pro_codigo_plu=780721906','',2,'2013-10-03'),(73333,'UPDATE mae_productos SET pro_precio_fiscal=pro_precio_venta WHERE pro_codigo_plu=780721794','',2,'2013-10-03'),(73334,'INSERT INTO gne_vale_ferreteria (vfe_id,vfe_fecha,vfe_total,vfe_estado,vfe_entregado,usu_nusuario) VALUES (12799,@@@2013.10.04@@@,1990,1,0,@@@b_SAEZ@@@)','',2,'2013-10-04'),(73335,'INSERT INTO gne_vale_ferreteria_mov (vfe_id,pro_codigo_plu,vfm_cantidad,vfm_unitario,vfm_total,vfm_entregado) VALUES (12799,780721536,1,1990,1990,@@@NO@@@)','',2,'2013-10-04'),(73336,'INSERT INTO gne_vale_ferreteria (vfe_id,vfe_fecha,vfe_total,vfe_estado,vfe_entregado,usu_nusuario) VALUES (12800,@@@2013.10.04@@@,1119,1,0,@@@b_SAEZ@@@)','',2,'2013-10-04'),(73337,'INSERT INTO gne_vale_ferreteria_mov (vfe_id,pro_codigo_plu,vfm_cantidad,vfm_unitario,vfm_total,vfm_entregado) VALUES (12800,780721231,1,999,999,@@@NO@@@)','',2,'2013-10-04'),(73338,'INSERT INTO gne_vale_ferreteria_mov (vfe_id,pro_codigo_plu,vfm_cantidad,vfm_unitario,vfm_total,vfm_entregado) VALUES (12800,8022,1,120,120,@@@NO@@@)','',2,'2013-10-04'),(73339,'INSERT INTO gne_vale_ferreteria (vfe_id,vfe_fecha,vfe_total,vfe_estado,vfe_entregado,usu_nusuario) VALUES (12801,@@@2013.10.04@@@,550,1,0,@@@b_SAEZ@@@)','',2,'2013-10-04'),(73340,'INSERT INTO gne_vale_ferreteria_mov (vfe_id,pro_codigo_plu,vfm_cantidad,vfm_unitario,vfm_total,vfm_entregado) VALUES (12801,780721253,1,550,550,@@@NO@@@)','',2,'2013-10-04'),(73341,'INSERT INTO com_ventas_grupo (vgr_fecha,vgr_grupo,vgr_cantidad,vgr_total) VALUES (@@@2013.10.03@@@,1,275.895,213059)','',2,'2013-10-04'),(73342,'INSERT INTO com_ventas_grupo (vgr_fecha,vgr_grupo,vgr_cantidad,vgr_total) VALUES (@@@2013.10.03@@@,2,243.44,143745)','',2,'2013-10-04'),(73343,'INSERT INTO com_ventas_grupo (vgr_fecha,vgr_grupo,vgr_cantidad,vgr_total) VALUES (@@@2013.10.03@@@,3,418,100211)','',2,'2013-10-04'),(73344,'INSERT INTO com_ventas_grupo (vgr_fecha,vgr_grupo,vgr_cantidad,vgr_total) VALUES (@@@2013.10.03@@@,4,91,73530)','',2,'2013-10-04'),(73345,'INSERT INTO com_ventas_grupo (vgr_fecha,vgr_grupo,vgr_cantidad,vgr_total) VALUES (@@@2013.10.03@@@,6,15,26587)','',2,'2013-10-04'),(73346,'INSERT INTO com_ventas_grupo (vgr_fecha,vgr_grupo,vgr_cantidad,vgr_total) VALUES (@@@2013.10.03@@@,7,33,68340)','',2,'2013-10-04'),(73347,'INSERT INTO com_ventas_grupo (vgr_fecha,vgr_grupo,vgr_cantidad,vgr_total) VALUES (@@@2013.10.03@@@,8,42,28400)','',2,'2013-10-04'),(73348,'INSERT INTO com_ventas_grupo (vgr_fecha,vgr_grupo,vgr_cantidad,vgr_total) VALUES (@@@2013.10.03@@@,9,99.455,154853)','',2,'2013-10-04'),(73349,'INSERT INTO com_ventas_grupo (vgr_fecha,vgr_grupo,vgr_cantidad,vgr_total) VALUES (@@@2013.10.03@@@,10,38.02,103154)','',2,'2013-10-04'),(73350,'INSERT INTO com_ventas_grupo (vgr_fecha,vgr_grupo,vgr_cantidad,vgr_total) VALUES (@@@2013.10.03@@@,11,13.945,41991)','',2,'2013-10-04'),(73351,'INSERT INTO com_ventas_grupo (vgr_fecha,vgr_grupo,vgr_cantidad,vgr_total) VALUES (@@@2013.10.03@@@,12,41.45,89314)','',2,'2013-10-04'),(73352,'INSERT INTO com_ventas_grupo (vgr_fecha,vgr_grupo,vgr_cantidad,vgr_total) VALUES (@@@2013.10.03@@@,13,17.65,44861)','',2,'2013-10-04'),(73353,'INSERT INTO com_ventas_grupo (vgr_fecha,vgr_grupo,vgr_cantidad,vgr_total) VALUES (@@@2013.10.03@@@,14,89.335,82601)','',2,'2013-10-04'),(73354,'INSERT INTO com_ventas_grupo (vgr_fecha,vgr_grupo,vgr_cantidad,vgr_total) VALUES (@@@2013.10.03@@@,15,2,3998)','',2,'2013-10-04'),(73355,'INSERT INTO com_ventas_grupo (vgr_fecha,vgr_grupo,vgr_cantidad,vgr_total) VALUES (@@@2013.10.03@@@,16,2,1300)','',2,'2013-10-04'),(73356,'INSERT INTO com_ventas_grupo (vgr_fecha,vgr_grupo,vgr_cantidad,vgr_total) VALUES (@@@2013.10.03@@@,18,230.945,128676)','',2,'2013-10-04'),(73357,'INSERT INTO com_ventas_grupo (vgr_fecha,vgr_grupo,vgr_cantidad,vgr_total) VALUES (@@@2013.10.03@@@,19,2,1000)','',2,'2013-10-04'),(73358,'INSERT INTO com_ventas_grupo (vgr_fecha,vgr_grupo,vgr_cantidad,vgr_total) VALUES (@@@2013.10.03@@@,20,184.435,111243)','',2,'2013-10-04'),(73359,'INSERT INTO com_ventas_grupo (vgr_fecha,vgr_grupo,vgr_cantidad,vgr_total) VALUES (@@@2013.10.03@@@,21,49,48339)','',2,'2013-10-04'),(73360,'INSERT INTO com_ventas_grupo (vgr_fecha,vgr_grupo,vgr_cantidad,vgr_total) VALUES (@@@2013.10.03@@@,22,2,1780)','',2,'2013-10-04'),(73361,'INSERT INTO com_ventas_grupo (vgr_fecha,vgr_grupo,vgr_cantidad,vgr_total) VALUES (@@@2013.10.03@@@,23,5,8150)','',2,'2013-10-04'),(73362,'INSERT INTO com_ventas_grupo (vgr_fecha,vgr_grupo,vgr_cantidad,vgr_total) VALUES (@@@2013.10.03@@@,24,114,31158)','',2,'2013-10-04'),(73363,'INSERT INTO com_ventas_grupo (vgr_fecha,vgr_grupo,vgr_cantidad,vgr_total) VALUES (@@@2013.10.03@@@,25,61,88100)','',2,'2013-10-04'),(73364,'INSERT INTO com_ventas_grupo (vgr_fecha,vgr_grupo,vgr_cantidad,vgr_total) VALUES (@@@2013.10.03@@@,27,4,4160)','',2,'2013-10-04'),(73365,'INSERT INTO com_ventas_grupo (vgr_fecha,vgr_grupo,vgr_cantidad,vgr_total) VALUES (@@@2013.10.03@@@,31,14,12630)','',2,'2013-10-04'),(73366,'INSERT INTO com_ventas_grupo (vgr_fecha,vgr_grupo,vgr_cantidad,vgr_total) VALUES (@@@2013.10.03@@@,32,372,149673)','',2,'2013-10-04'),(73367,'INSERT INTO com_ventas_grupo (vgr_fecha,vgr_grupo,vgr_cantidad,vgr_total) VALUES (@@@2013.10.03@@@,33,3,8199)','',2,'2013-10-04'),(73368,'INSERT INTO com_ventas_grupo (vgr_fecha,vgr_grupo,vgr_cantidad,vgr_total) VALUES (@@@2013.10.03@@@,35,22,30843)','',2,'2013-10-04'),(73369,'INSERT INTO com_ventas_grupo (vgr_fecha,vgr_grupo,vgr_cantidad,vgr_total) VALUES (@@@2013.10.03@@@,36,31,5020)','',2,'2013-10-04'),(73370,'INSERT INTO com_ventas_grupo (vgr_fecha,vgr_grupo,vgr_cantidad,vgr_total) VALUES (@@@2013.10.03@@@,37,2,3580)','',2,'2013-10-04'),(73371,'INSERT INTO com_ventas_grupo (vgr_fecha,vgr_grupo,vgr_cantidad,vgr_total) VALUES (@@@2013.10.03@@@,38,14,14610)','',2,'2013-10-04'),(73372,'INSERT INTO com_ventas_grupo (vgr_fecha,vgr_grupo,vgr_cantidad,vgr_total) VALUES (@@@2013.10.03@@@,39,3,3430)','',2,'2013-10-04'),(73373,'INSERT INTO com_ventas_grupo (vgr_fecha,vgr_grupo,vgr_cantidad,vgr_total) VALUES (@@@2013.10.03@@@,41,1,180)','',2,'2013-10-04'),(73374,'INSERT INTO com_ventas_grupo (vgr_fecha,vgr_grupo,vgr_cantidad,vgr_total) VALUES (@@@2013.10.03@@@,42,26.245,24148)','',2,'2013-10-04'),(73375,'UPDATE mae_datos_empresa SET emp_oferta=@@@NO@@@','',2,'2013-10-04'),(73376,'INSERT INTO gne_vale_ferreteria (vfe_id,vfe_fecha,vfe_total,vfe_estado,vfe_entregado,usu_nusuario) VALUES (12802,@@@2013.10.04@@@,720,1,0,@@@b_SAEZ@@@)','',2,'2013-10-04'),(73377,'INSERT INTO gne_vale_ferreteria_mov (vfe_id,pro_codigo_plu,vfm_cantidad,vfm_unitario,vfm_total,vfm_entregado) VALUES (12802,780220182,1,520,520,@@@NO@@@)','',2,'2013-10-04'),(73378,'INSERT INTO gne_vale_ferreteria_mov (vfe_id,pro_codigo_plu,vfm_cantidad,vfm_unitario,vfm_total,vfm_entregado) VALUES (12802,78017201,1,200,200,@@@NO@@@)','',2,'2013-10-04'),(73379,'UPDATE mae_productos SET pro_margen_actual=77.18,pro_precio_venta=590 WHERE pro_codigo_plu=537','',2,'2013-10-04'),(73380,'UPDATE mae_productos SET pro_margen_actual=89.19,pro_precio_venta=630 WHERE pro_codigo_plu=538','',2,'2013-10-04'),(73381,'UPDATE mae_productos SET pro_margen_actual=0,pro_precio_venta=590 WHERE pro_codigo_plu=539','',2,'2013-10-04'),(73382,'UPDATE mae_productos SET pro_margen_actual=89.19,pro_precio_venta=630 WHERE pro_codigo_plu=545','',2,'2013-10-04'),(73383,'UPDATE mae_productos SET pro_margen_actual=0,pro_precio_venta=630 WHERE pro_codigo_plu=546','',2,'2013-10-04'),(73384,'UPDATE mae_productos SET pro_margen_actual=77.18,pro_precio_venta=590 WHERE pro_codigo_plu=542','',2,'2013-10-04'),(73385,'UPDATE mae_productos SET pro_margen_actual=87.3,pro_precio_venta=590 WHERE pro_codigo_plu=541','',2,'2013-10-04'),(73386,'UPDATE mae_productos SET pro_margen_actual=63.9,pro_precio_venta=890 WHERE pro_codigo_plu=579','',2,'2013-10-04'),(73387,'UPDATE mae_productos SET pro_margen_actual=66.98,pro_precio_venta=890 WHERE pro_codigo_plu=580','',2,'2013-10-04'),(73388,'UPDATE mae_productos SET pro_margen_actual=160,pro_precio_venta=390 WHERE pro_codigo_plu=594','',2,'2013-10-04'),(73389,'UPDATE mae_productos SET pro_margen_actual=0,pro_precio_venta=390 WHERE pro_codigo_plu=550','',2,'2013-10-04'),(73390,'UPDATE mae_productos SET pro_precio_fiscal=pro_precio_venta WHERE pro_codigo_plu=537','',2,'2013-10-04'),(73391,'UPDATE mae_productos SET pro_precio_fiscal=pro_precio_venta WHERE pro_codigo_plu=538','',2,'2013-10-04'),(73392,'UPDATE mae_productos SET pro_precio_fiscal=pro_precio_venta WHERE pro_codigo_plu=539','',2,'2013-10-04'),(73393,'UPDATE mae_productos SET pro_precio_fiscal=pro_precio_venta WHERE pro_codigo_plu=541','',2,'2013-10-04'),(73394,'UPDATE mae_productos SET pro_precio_fiscal=pro_precio_venta WHERE pro_codigo_plu=542','',2,'2013-10-04'),(73395,'UPDATE mae_productos SET pro_precio_fiscal=pro_precio_venta WHERE pro_codigo_plu=545','',2,'2013-10-04'),(73396,'UPDATE mae_productos SET pro_precio_fiscal=pro_precio_venta WHERE pro_codigo_plu=546','',2,'2013-10-04'),(73397,'UPDATE mae_productos SET pro_precio_fiscal=pro_precio_venta WHERE pro_codigo_plu=550','',2,'2013-10-04'),(73398,'UPDATE mae_productos SET pro_precio_fiscal=pro_precio_venta WHERE pro_codigo_plu=579','',2,'2013-10-04'),(73399,'UPDATE mae_productos SET pro_precio_fiscal=pro_precio_venta WHERE pro_codigo_plu=580','',2,'2013-10-04'),(73400,'UPDATE mae_productos SET pro_precio_fiscal=pro_precio_venta WHERE pro_codigo_plu=594','',2,'2013-10-04'),(73401,'INSERT INTO gne_vale_ferreteria (vfe_id,vfe_fecha,vfe_total,vfe_estado,vfe_entregado,usu_nusuario) VALUES (12803,@@@2013.10.04@@@,700,1,0,@@@b_SAEZ@@@)','',2,'2013-10-04'),(73402,'INSERT INTO gne_vale_ferreteria_mov (vfe_id,pro_codigo_plu,vfm_cantidad,vfm_unitario,vfm_total,vfm_entregado) VALUES (12803,764935,6,100,600,@@@NO@@@)','',2,'2013-10-04'),(73403,'INSERT INTO gne_vale_ferreteria_mov (vfe_id,pro_codigo_plu,vfm_cantidad,vfm_unitario,vfm_total,vfm_entregado) VALUES (12803,1539,10,10,100,@@@NO@@@)','',2,'2013-10-04'),(73404,'INSERT INTO gne_vale_ferreteria (vfe_id,vfe_fecha,vfe_total,vfe_estado,vfe_entregado,usu_nusuario) VALUES (12804,@@@2013.10.04@@@,2630,1,0,@@@b_SAEZ@@@)','',2,'2013-10-04'),(73405,'INSERT INTO gne_vale_ferreteria_mov (vfe_id,pro_codigo_plu,vfm_cantidad,vfm_unitario,vfm_total,vfm_entregado) VALUES (12804,762027,1,1050,1050,@@@NO@@@)','',2,'2013-10-04'),(73406,'INSERT INTO gne_vale_ferreteria_mov (vfe_id,pro_codigo_plu,vfm_cantidad,vfm_unitario,vfm_total,vfm_entregado) VALUES (12804,101040,1,1190,1190,@@@NO@@@)','',2,'2013-10-04'),(73407,'INSERT INTO gne_vale_ferreteria_mov (vfe_id,pro_codigo_plu,vfm_cantidad,vfm_unitario,vfm_total,vfm_entregado) VALUES (12804,15454,1,390,390,@@@NO@@@)','',2,'2013-10-04'),(73408,'INSERT INTO gne_vale_ferreteria (vfe_id,vfe_fecha,vfe_total,vfe_estado,vfe_entregado,usu_nusuario) VALUES (12805,@@@2013.10.04@@@,999,1,0,@@@b_SAEZ@@@)','',2,'2013-10-04'),(73409,'INSERT INTO gne_vale_ferreteria_mov (vfe_id,pro_codigo_plu,vfm_cantidad,vfm_unitario,vfm_total,vfm_entregado) VALUES (12805,15491,1,999,999,@@@NO@@@)','',2,'2013-10-04'),(73410,'INSERT INTO gne_vale_ferreteria (vfe_id,vfe_fecha,vfe_total,vfe_estado,vfe_entregado,usu_nusuario) VALUES (12806,@@@2013.10.04@@@,2820,1,0,@@@b_SAEZ@@@)','',2,'2013-10-04'),(73411,'INSERT INTO gne_vale_ferreteria_mov (vfe_id,pro_codigo_plu,vfm_cantidad,vfm_unitario,vfm_total,vfm_entregado) VALUES (12806,763996,1,2100,2100,@@@NO@@@)','',2,'2013-10-04'),(73412,'INSERT INTO gne_vale_ferreteria_mov (vfe_id,pro_codigo_plu,vfm_cantidad,vfm_unitario,vfm_total,vfm_entregado) VALUES (12806,19866,1,720,720,@@@NO@@@)','',2,'2013-10-04'),(73413,'INSERT INTO gne_vale_ferreteria (vfe_id,vfe_fecha,vfe_total,vfe_estado,vfe_entregado,usu_nusuario) VALUES (12807,@@@2013.10.04@@@,690,1,0,@@@b_SAEZ@@@)','',2,'2013-10-04'),(73414,'INSERT INTO gne_vale_ferreteria_mov (vfe_id,pro_codigo_plu,vfm_cantidad,vfm_unitario,vfm_total,vfm_entregado) VALUES (12807,4082,1,690,690,@@@NO@@@)','',2,'2013-10-04'),(73415,'UPDATE mae_productos SET pro_precio_compra_bruto=386.75,pro_margen_actual=(pro_precio_venta-386.75)/386.75 * 100,pro_ultima_compra=@@@2013.10.04@@@,pro_ultimo_proveedor=@@@80186300-0@@@ WHERE pro_codigo_plu=262524','',2,'2013-10-04'),(73416,'UPDATE mae_productos SET pro_precio_compra_bruto=4771.9,pro_margen_actual=(pro_precio_venta-4771.9)/4771.9 * 100,pro_ultima_compra=@@@2013.10.04@@@,pro_ultimo_proveedor=@@@80186300-0@@@ WHERE pro_codigo_plu=329','',2,'2013-10-04'),(73417,'UPDATE mae_productos SET pro_precio_compra_bruto=2213.4,pro_margen_actual=(pro_precio_venta-2213.4)/2213.4 * 100,pro_ultima_compra=@@@2013.10.04@@@,pro_ultimo_proveedor=@@@80186300-0@@@ WHERE pro_codigo_plu=765071','',2,'2013-10-04'),(73418,'UPDATE mae_productos SET pro_precio_compra_bruto=3332.07,pro_margen_actual=(pro_precio_venta-3332.07)/3332.07 * 100,pro_ultima_compra=@@@2013.10.04@@@,pro_ultimo_proveedor=@@@80186300-0@@@ WHERE pro_codigo_plu=312','',2,'2013-10-04'),(73419,'UPDATE mae_productos SET pro_precio_compra_bruto=2142,pro_margen_actual=(pro_precio_venta-2142)/2142 * 100,pro_ultima_compra=@@@2013.10.04@@@,pro_ultimo_proveedor=@@@80186300-0@@@ WHERE pro_codigo_plu=323','',2,'2013-10-04'),(73420,'UPDATE mae_productos SET pro_precio_compra_bruto=2380,pro_margen_actual=(pro_precio_venta-2380)/2380 * 100,pro_ultima_compra=@@@2013.10.04@@@,pro_ultimo_proveedor=@@@80186300-0@@@ WHERE pro_codigo_plu=335','',2,'2013-10-04'),(73421,'UPDATE mae_productos SET pro_precio_compra_bruto=6664,pro_margen_actual=(pro_precio_venta-6664)/6664 * 100,pro_ultima_compra=@@@2013.10.04@@@,pro_ultimo_proveedor=@@@80186300-0@@@ WHERE pro_codigo_plu=389','',2,'2013-10-04'),(73422,'UPDATE mae_productos SET pro_precio_compra_bruto=1190,pro_margen_actual=(pro_precio_venta-1190)/1190 * 100,pro_ultima_compra=@@@2013.10.04@@@,pro_ultimo_proveedor=@@@80186300-0@@@ WHERE pro_codigo_plu=354','',2,'2013-10-04'),(73423,'UPDATE mae_productos SET pro_precio_compra_bruto=284.11,pro_margen_actual=(pro_precio_venta-284.11)/284.11 * 100,pro_ultima_compra=@@@2013.10.04@@@,pro_ultimo_proveedor=@@@80186300-0@@@ WHERE pro_codigo_plu=262532','',2,'2013-10-04'),(73424,'UPDATE mae_productos SET pro_precio_compra_bruto=4141.2,pro_margen_actual=(pro_precio_venta-4141.2)/4141.2 * 100,pro_ultima_compra=@@@2013.10.04@@@,pro_ultimo_proveedor=@@@80186300-0@@@ WHERE pro_codigo_plu=401','',2,'2013-10-04'),(73425,'UPDATE mae_productos SET pro_precio_compra_bruto=297.5,pro_margen_actual=(pro_precio_venta-297.5)/297.5 * 100,pro_ultima_compra=@@@2013.10.04@@@,pro_ultimo_proveedor=@@@80186300-0@@@ WHERE pro_codigo_plu=262528','',2,'2013-10-04'),(73426,'UPDATE mae_productos SET pro_precio_compra_bruto=3665.2,pro_margen_actual=(pro_precio_venta-3665.2)/3665.2 * 100,pro_ultima_compra=@@@2013.10.04@@@,pro_ultimo_proveedor=@@@80186300-0@@@ WHERE pro_codigo_plu=402','',2,'2013-10-04'),(73427,'UPDATE mae_productos SET pro_precio_compra_bruto=130.37,pro_margen_actual=(pro_precio_venta-130.37)/130.37 * 100,pro_ultima_compra=@@@2013.10.04@@@,pro_ultimo_proveedor=@@@80186300-0@@@ WHERE pro_codigo_plu=763551','',2,'2013-10-04'),(73428,'UPDATE mae_productos SET pro_precio_compra_bruto=3450.88,pro_margen_actual=(pro_precio_venta-3450.88)/3450.88 * 100,pro_ultima_compra=@@@2013.10.04@@@,pro_ultimo_proveedor=@@@80186300-0@@@ WHERE pro_codigo_plu=313','',2,'2013-10-04'),(73429,'INSERT INTO gne_vale_ferreteria (vfe_id,vfe_fecha,vfe_total,vfe_estado,vfe_entregado,usu_nusuario) VALUES (12808,@@@2013.10.04@@@,120,1,0,@@@b_SAEZ@@@)','',2,'2013-10-04'),(73430,'INSERT INTO gne_vale_ferreteria_mov (vfe_id,pro_codigo_plu,vfm_cantidad,vfm_unitario,vfm_total,vfm_entregado) VALUES (12808,780721265,1,120,120,@@@NO@@@)','',2,'2013-10-04'),(73431,'INSERT INTO gne_vale_ferreteria (vfe_id,vfe_fecha,vfe_total,vfe_estado,vfe_entregado,usu_nusuario) VALUES (12809,@@@2013.10.04@@@,250,1,0,@@@b_SAEZ@@@)','',2,'2013-10-04'),(73432,'INSERT INTO gne_vale_ferreteria_mov (vfe_id,pro_codigo_plu,vfm_cantidad,vfm_unitario,vfm_total,vfm_entregado) VALUES (12809,780721664,1,250,250,@@@NO@@@)','',2,'2013-10-04'),(73433,'INSERT INTO gne_vale_ferreteria (vfe_id,vfe_fecha,vfe_total,vfe_estado,vfe_entregado,usu_nusuario) VALUES (12810,@@@2013.10.04@@@,1170,1,0,@@@b_SAEZ@@@)','',2,'2013-10-04'),(73434,'INSERT INTO gne_vale_ferreteria_mov (vfe_id,pro_codigo_plu,vfm_cantidad,vfm_unitario,vfm_total,vfm_entregado) VALUES (12810,7500,3,390,1170,@@@NO@@@)','',2,'2013-10-04'),(73435,'INSERT INTO gne_vale_ferreteria (vfe_id,vfe_fecha,vfe_total,vfe_estado,vfe_entregado,usu_nusuario) VALUES (12811,@@@2013.10.04@@@,2590,1,0,@@@b_SAEZ@@@)','',2,'2013-10-04'),(73436,'INSERT INTO gne_vale_ferreteria_mov (vfe_id,pro_codigo_plu,vfm_cantidad,vfm_unitario,vfm_total,vfm_entregado) VALUES (12811,780721567,1,2590,2590,@@@NO@@@)','',2,'2013-10-04'),(73437,'INSERT INTO gne_vale_ferreteria (vfe_id,vfe_fecha,vfe_total,vfe_estado,vfe_entregado,usu_nusuario) VALUES (12812,@@@2013.10.04@@@,120,1,0,@@@b_SAEZ@@@)','',2,'2013-10-04'),(73438,'INSERT INTO gne_vale_ferreteria_mov (vfe_id,pro_codigo_plu,vfm_cantidad,vfm_unitario,vfm_total,vfm_entregado) VALUES (12812,8022,1,120,120,@@@NO@@@)','',2,'2013-10-04'),(73439,'INSERT INTO gne_vale_ferreteria (vfe_id,vfe_fecha,vfe_total,vfe_estado,vfe_entregado,usu_nusuario) VALUES (12813,@@@2013.10.04@@@,390,1,0,@@@b_SAEZ@@@)','',2,'2013-10-04'),(73440,'INSERT INTO gne_vale_ferreteria_mov (vfe_id,pro_codigo_plu,vfm_cantidad,vfm_unitario,vfm_total,vfm_entregado) VALUES (12813,780721420,1,390,390,@@@NO@@@)','',2,'2013-10-04'),(73441,'UPDATE gpr_pack_virtual SET pav_nombre=@@@PACK 2 CHURRASCO X $ 1090@@@,pav_total_pack=1090,pav_total_descuento=290,pav_desde=@@@2013-07-26@@@,pav_hasta=@@@2013-11-30@@@,pav_tipo=@@@PA@@@,pav_precio=690,pav_lleva=2,pav_paga=1.55,pav_descuento=0.45,pav_porcentaje=45,pav_oferta_exclusiva=@@@NO@@@,pav_agotar_stock=@@@SI@@@,pav_stock=200,pav_costo=701.6,pav_margen=55.36 WHERE pav_id=54','',2,'2013-10-04'),(73442,'DELETE FROM gpr_pack_virtual_mov WHERE pav_id=54','',2,'2013-10-04'),(73443,'DELETE FROM gpr_pack_virtual_horario WHERE pav_id=54','',2,'2013-10-04'),(73444,'INSERT INTO gpr_pack_virtual_mov (pav_id,pro_codigo_plu,pvm_precio,pvm_total,pvm_lleva,pvm_paga,pvm_descuento,pvm_porcentaje,pvm_total_normal,pvm_descuento_linea,pvm_costo,pvm_margen) VALUES (54,765077,690,0,1,1,0,0,690,145,350.8,55.36)','',2,'2013-10-04'),(73445,'INSERT INTO gpr_pack_virtual_horario (pav_id,pvh_dia,pvh_hora_desde,pvh_hora_hasta) VALUES (54,99,@@@00:00@@@,@@@23:59@@@)','',2,'2013-10-04'),(73446,'UPDATE gpr_pack_virtual SET pav_nombre=@@@PACK 2 CHURRASCO X $ 1090@@@,pav_total_pack=1090,pav_total_descuento=290,pav_desde=@@@2013-07-26@@@,pav_hasta=@@@2013-11-30@@@,pav_tipo=@@@PA@@@,pav_precio=690,pav_lleva=2,pav_paga=1.55,pav_descuento=0.45,pav_porcentaje=45,pav_oferta_exclusiva=@@@NO@@@,pav_agotar_stock=@@@SI@@@,pav_stock=300,pav_costo=701.6,pav_margen=55.36 WHERE pav_id=54','',2,'2013-10-04'),(73447,'DELETE FROM gpr_pack_virtual_mov WHERE pav_id=54','',2,'2013-10-04'),(73448,'DELETE FROM gpr_pack_virtual_horario WHERE pav_id=54','',2,'2013-10-04'),(73449,'INSERT INTO gpr_pack_virtual_mov (pav_id,pro_codigo_plu,pvm_precio,pvm_total,pvm_lleva,pvm_paga,pvm_descuento,pvm_porcentaje,pvm_total_normal,pvm_descuento_linea,pvm_costo,pvm_margen) VALUES (54,765077,690,0,1,1,0,0,690,145,350.8,55.36)','',2,'2013-10-04'),(73450,'INSERT INTO gpr_pack_virtual_horario (pav_id,pvh_dia,pvh_hora_desde,pvh_hora_hasta) VALUES (54,99,@@@00:00@@@,@@@23:59@@@)','',2,'2013-10-04'),(73451,'INSERT INTO gne_vale_ferreteria (vfe_id,vfe_fecha,vfe_total,vfe_estado,vfe_entregado,usu_nusuario) VALUES (12814,@@@2013.10.04@@@,5990,1,0,@@@b_SAEZ@@@)','',2,'2013-10-04'),(73452,'INSERT INTO gne_vale_ferreteria_mov (vfe_id,pro_codigo_plu,vfm_cantidad,vfm_unitario,vfm_total,vfm_entregado) VALUES (12814,764640,1,5990,5990,@@@NO@@@)','',2,'2013-10-04'),(73453,'UPDATE mae_productos SET pro_precio_compra_bruto=4480.35,pro_margen_actual=(pro_precio_venta-4480.35)/4480.35 * 100,pro_ultima_compra=@@@2013.10.04@@@,pro_ultimo_proveedor=@@@76218060-k@@@ WHERE pro_codigo_plu=14050','',2,'2013-10-04'),(73454,'UPDATE mae_productos SET pro_precio_compra_bruto=892,pro_margen_actual=(pro_precio_venta-892)/892 * 100,pro_ultima_compra=@@@2013.10.04@@@,pro_ultimo_proveedor=@@@76218060-k@@@ WHERE pro_codigo_plu=10743','',2,'2013-10-04'),(73455,'UPDATE mae_productos SET pro_precio_compra_bruto=790.16,pro_margen_actual=(pro_precio_venta-790.16)/790.16 * 100,pro_ultima_compra=@@@2013.10.04@@@,pro_ultimo_proveedor=@@@76218060-k@@@ WHERE pro_codigo_plu=14035','',2,'2013-10-04'),(73456,'UPDATE mae_productos SET pro_precio_compra_bruto=2028.95,pro_margen_actual=(pro_precio_venta-2028.95)/2028.95 * 100,pro_ultima_compra=@@@2013.10.04@@@,pro_ultimo_proveedor=@@@76218060-k@@@ WHERE pro_codigo_plu=13884','',2,'2013-10-04'),(73457,'UPDATE mae_productos SET pro_precio_compra_bruto=228.59,pro_margen_actual=(pro_precio_venta-228.59)/228.59 * 100,pro_ultima_compra=@@@2013.10.04@@@,pro_ultimo_proveedor=@@@76218060-k@@@ WHERE pro_codigo_plu=763446','',2,'2013-10-04'),(73458,'UPDATE mae_productos SET pro_precio_compra_bruto=1469.6,pro_margen_actual=(pro_precio_venta-1469.6)/1469.6 * 100,pro_ultima_compra=@@@2013.10.04@@@,pro_ultimo_proveedor=@@@76218060-k@@@ WHERE pro_codigo_plu=780220190','',2,'2013-10-04'),(73459,'UPDATE mae_productos SET pro_precio_compra_bruto=631.89,pro_margen_actual=(pro_precio_venta-631.89)/631.89 * 100,pro_ultima_compra=@@@2013.10.04@@@,pro_ultimo_proveedor=@@@76218060-k@@@ WHERE pro_codigo_plu=12418','',2,'2013-10-04'),(73460,'UPDATE mae_productos SET pro_precio_compra_bruto=141.46,pro_margen_actual=(pro_precio_venta-141.46)/141.46 * 100,pro_ultima_compra=@@@2013.10.04@@@,pro_ultimo_proveedor=@@@76218060-k@@@ WHERE pro_codigo_plu=262062','',2,'2013-10-04'),(73461,'UPDATE mae_productos SET pro_precio_compra_bruto=407.44,pro_margen_actual=(pro_precio_venta-407.44)/407.44 * 100,pro_ultima_compra=@@@2013.10.04@@@,pro_ultimo_proveedor=@@@76218060-k@@@ WHERE pro_codigo_plu=10955','',2,'2013-10-04'),(73462,'UPDATE mae_productos SET pro_precio_compra_bruto=101.5,pro_margen_actual=(pro_precio_venta-101.5)/101.5 * 100,pro_ultima_compra=@@@2013.10.04@@@,pro_ultimo_proveedor=@@@76218060-k@@@ WHERE pro_codigo_plu=12556','',2,'2013-10-04'),(73463,'UPDATE mae_productos SET pro_precio_compra_bruto=101.5,pro_margen_actual=(pro_precio_venta-101.5)/101.5 * 100,pro_ultima_compra=@@@2013.10.04@@@,pro_ultimo_proveedor=@@@76218060-k@@@ WHERE pro_codigo_plu=12236','',2,'2013-10-04'),(73464,'UPDATE mae_productos SET pro_precio_compra_bruto=407.47,pro_margen_actual=(pro_precio_venta-407.47)/407.47 * 100,pro_ultima_compra=@@@2013.10.04@@@,pro_ultimo_proveedor=@@@76218060-k@@@ WHERE pro_codigo_plu=11964','',2,'2013-10-04'),(73465,'UPDATE mae_productos SET pro_precio_compra_bruto=1473.22,pro_margen_actual=(pro_precio_venta-1473.22)/1473.22 * 100,pro_ultima_compra=@@@2013.10.04@@@,pro_ultimo_proveedor=@@@76218060-k@@@ WHERE pro_codigo_plu=19222','',2,'2013-10-04'),(73466,'UPDATE mae_productos SET pro_precio_compra_bruto=568.47,pro_margen_actual=(pro_precio_venta-568.47)/568.47 * 100,pro_ultima_compra=@@@2013.10.04@@@,pro_ultimo_proveedor=@@@76218060-k@@@ WHERE pro_codigo_plu=11937','',2,'2013-10-04'),(73467,'UPDATE mae_productos SET pro_precio_compra_bruto=568.47,pro_margen_actual=(pro_precio_venta-568.47)/568.47 * 100,pro_ultima_compra=@@@2013.10.04@@@,pro_ultimo_proveedor=@@@76218060-k@@@ WHERE pro_codigo_plu=11938','',2,'2013-10-04'),(73468,'UPDATE mae_productos SET pro_precio_compra_bruto=574.22,pro_margen_actual=(pro_precio_venta-574.22)/574.22 * 100,pro_ultima_compra=@@@2013.10.04@@@,pro_ultimo_proveedor=@@@76218060-k@@@ WHERE pro_codigo_plu=11932','',2,'2013-10-04'),(73469,'UPDATE mae_productos SET pro_precio_compra_bruto=574.22,pro_margen_actual=(pro_precio_venta-574.22)/574.22 * 100,pro_ultima_compra=@@@2013.10.04@@@,pro_ultimo_proveedor=@@@76218060-k@@@ WHERE pro_codigo_plu=11939','',2,'2013-10-04'),(73470,'UPDATE mae_productos SET pro_precio_compra_bruto=757.55,pro_margen_actual=(pro_precio_venta-757.55)/757.55 * 100,pro_ultima_compra=@@@2013.10.04@@@,pro_ultimo_proveedor=@@@76218060-k@@@ WHERE pro_codigo_plu=11946','',2,'2013-10-04'),(73471,'UPDATE mae_productos SET pro_precio_compra_bruto=407.37,pro_margen_actual=(pro_precio_venta-407.37)/407.37 * 100,pro_ultima_compra=@@@2013.10.04@@@,pro_ultimo_proveedor=@@@76218060-k@@@ WHERE pro_codigo_plu=11964','',2,'2013-10-04'),(73472,'UPDATE mae_productos SET pro_precio_compra_bruto=392.15,pro_margen_actual=(pro_precio_venta-392.15)/392.15 * 100,pro_ultima_compra=@@@2013.10.04@@@,pro_ultimo_proveedor=@@@76218060-k@@@ WHERE pro_codigo_plu=11995','',2,'2013-10-04'),(73473,'INSERT INTO gne_vale_ferreteria (vfe_id,vfe_fecha,vfe_total,vfe_estado,vfe_entregado,usu_nusuario) VALUES (12815,@@@2013.10.04@@@,910,1,0,@@@b_SAEZ@@@)','',2,'2013-10-04'),(73474,'INSERT INTO gne_vale_ferreteria_mov (vfe_id,pro_codigo_plu,vfm_cantidad,vfm_unitario,vfm_total,vfm_entregado) VALUES (12815,78017111,3,100,300,@@@NO@@@)','',2,'2013-10-04'),(73475,'INSERT INTO gne_vale_ferreteria_mov (vfe_id,pro_codigo_plu,vfm_cantidad,vfm_unitario,vfm_total,vfm_entregado) VALUES (12815,78017112,1,120,120,@@@NO@@@)','',2,'2013-10-04'),(73476,'INSERT INTO gne_vale_ferreteria_mov (vfe_id,pro_codigo_plu,vfm_cantidad,vfm_unitario,vfm_total,vfm_entregado) VALUES (12815,15802,1,490,490,@@@NO@@@)','',2,'2013-10-04'),(73477,'INSERT INTO gne_vale_ferreteria (vfe_id,vfe_fecha,vfe_total,vfe_estado,vfe_entregado,usu_nusuario) VALUES (12816,@@@2013.10.04@@@,120,1,0,@@@b_SAEZ@@@)','',2,'2013-10-04'),(73478,'INSERT INTO gne_vale_ferreteria_mov (vfe_id,pro_codigo_plu,vfm_cantidad,vfm_unitario,vfm_total,vfm_entregado) VALUES (12816,8022,1,120,120,@@@NO@@@)','',2,'2013-10-04'),(73479,'INSERT INTO gne_vale_ferreteria (vfe_id,vfe_fecha,vfe_total,vfe_estado,vfe_entregado,usu_nusuario) VALUES (12817,@@@2013.10.04@@@,990,1,0,@@@b_SAEZ@@@)','',2,'2013-10-04'),(73480,'INSERT INTO gne_vale_ferreteria_mov (vfe_id,pro_codigo_plu,vfm_cantidad,vfm_unitario,vfm_total,vfm_entregado) VALUES (12817,11707,1,990,990,@@@NO@@@)','',2,'2013-10-04'),(73481,'INSERT INTO gne_vale_ferreteria (vfe_id,vfe_fecha,vfe_total,vfe_estado,vfe_entregado,usu_nusuario) VALUES (12818,@@@2013.10.04@@@,200,1,0,@@@b_SAEZ@@@)','',2,'2013-10-04'),(73482,'INSERT INTO gne_vale_ferreteria_mov (vfe_id,pro_codigo_plu,vfm_cantidad,vfm_unitario,vfm_total,vfm_entregado) VALUES (12818,21135,1,200,200,@@@NO@@@)','',2,'2013-10-04'),(73483,'INSERT INTO gne_vale_ferreteria (vfe_id,vfe_fecha,vfe_total,vfe_estado,vfe_entregado,usu_nusuario) VALUES (12819,@@@2013.10.04@@@,400,1,0,@@@b_SAEZ@@@)','',2,'2013-10-04'),(73484,'INSERT INTO gne_vale_ferreteria_mov (vfe_id,pro_codigo_plu,vfm_cantidad,vfm_unitario,vfm_total,vfm_entregado) VALUES (12819,1556,2,200,400,@@@NO@@@)','',2,'2013-10-04'),(73485,'UPDATE mae_productos SET pro_precio_compra_bruto=304.64,pro_margen_actual=(pro_precio_venta-304.64)/304.64 * 100,pro_ultima_compra=@@@2013.10.04@@@,pro_ultimo_proveedor=@@@94528000-k@@@ WHERE pro_codigo_plu=763402','',2,'2013-10-04'),(73486,'UPDATE mae_productos SET pro_precio_compra_bruto=304.64,pro_margen_actual=(pro_precio_venta-304.64)/304.64 * 100,pro_ultima_compra=@@@2013.10.04@@@,pro_ultimo_proveedor=@@@94528000-k@@@ WHERE pro_codigo_plu=763393','',2,'2013-10-04'),(73487,'UPDATE mae_productos SET pro_precio_compra_bruto=304.64,pro_margen_actual=(pro_precio_venta-304.64)/304.64 * 100,pro_ultima_compra=@@@2013.10.04@@@,pro_ultimo_proveedor=@@@94528000-k@@@ WHERE pro_codigo_plu=763399','',2,'2013-10-04'),(73488,'UPDATE mae_productos SET pro_precio_compra_bruto=304.64,pro_margen_actual=(pro_precio_venta-304.64)/304.64 * 100,pro_ultima_compra=@@@2013.10.04@@@,pro_ultimo_proveedor=@@@94528000-k@@@ WHERE pro_codigo_plu=763414','',2,'2013-10-04'),(73489,'UPDATE mae_productos SET pro_precio_compra_bruto=304.64,pro_margen_actual=(pro_precio_venta-304.64)/304.64 * 100,pro_ultima_compra=@@@2013.10.04@@@,pro_ultimo_proveedor=@@@94528000-k@@@ WHERE pro_codigo_plu=765086','',2,'2013-10-04'),(73490,'UPDATE mae_productos SET pro_precio_compra_bruto=304.64,pro_margen_actual=(pro_precio_venta-304.64)/304.64 * 100,pro_ultima_compra=@@@2013.10.04@@@,pro_ultimo_proveedor=@@@94528000-k@@@ WHERE pro_codigo_plu=763408','',2,'2013-10-04'),(73491,'UPDATE mae_productos SET pro_precio_compra_bruto=102.34,pro_margen_actual=(pro_precio_venta-102.34)/102.34 * 100,pro_ultima_compra=@@@2013.10.04@@@,pro_ultimo_proveedor=@@@94528000-k@@@ WHERE pro_codigo_plu=762447','',2,'2013-10-04'),(73492,'UPDATE mae_productos SET pro_precio_compra_bruto=165.41,pro_margen_actual=(pro_precio_venta-165.41)/165.41 * 100,pro_ultima_compra=@@@2013.10.04@@@,pro_ultimo_proveedor=@@@94528000-k@@@ WHERE pro_codigo_plu=763395','',2,'2013-10-04'),(73493,'UPDATE mae_productos SET pro_precio_compra_bruto=213.01,pro_margen_actual=(pro_precio_venta-213.01)/213.01 * 100,pro_ultima_compra=@@@2013.10.04@@@,pro_ultimo_proveedor=@@@94528000-k@@@ WHERE pro_codigo_plu=762304','',2,'2013-10-04'),(73494,'UPDATE mae_productos SET pro_precio_compra_bruto=213.01,pro_margen_actual=(pro_precio_venta-213.01)/213.01 * 100,pro_ultima_compra=@@@2013.10.04@@@,pro_ultimo_proveedor=@@@94528000-k@@@ WHERE pro_codigo_plu=762808','',2,'2013-10-04'),(73495,'UPDATE mae_productos SET pro_precio_compra_bruto=213.01,pro_margen_actual=(pro_precio_venta-213.01)/213.01 * 100,pro_ultima_compra=@@@2013.10.04@@@,pro_ultimo_proveedor=@@@94528000-k@@@ WHERE pro_codigo_plu=762303','',2,'2013-10-04'),(73496,'UPDATE mae_productos SET pro_precio_compra_bruto=268.94,pro_margen_actual=(pro_precio_venta-268.94)/268.94 * 100,pro_ultima_compra=@@@2013.10.04@@@,pro_ultimo_proveedor=@@@94528000-k@@@ WHERE pro_codigo_plu=763394','',2,'2013-10-04'),(73497,'UPDATE mae_productos SET pro_precio_compra_bruto=268.94,pro_margen_actual=(pro_precio_venta-268.94)/268.94 * 100,pro_ultima_compra=@@@2013.10.04@@@,pro_ultimo_proveedor=@@@94528000-k@@@ WHERE pro_codigo_plu=13593','',2,'2013-10-04'),(73498,'UPDATE mae_productos SET pro_precio_compra_bruto=268.94,pro_margen_actual=(pro_precio_venta-268.94)/268.94 * 100,pro_ultima_compra=@@@2013.10.04@@@,pro_ultimo_proveedor=@@@94528000-k@@@ WHERE pro_codigo_plu=14236','',2,'2013-10-04'),(73499,'UPDATE mae_productos SET pro_precio_compra_bruto=728.28,pro_margen_actual=(pro_precio_venta-728.28)/728.28 * 100,pro_ultima_compra=@@@2013.10.04@@@,pro_ultimo_proveedor=@@@94528000-k@@@ WHERE pro_codigo_plu=11002','',2,'2013-10-04'),(73500,'UPDATE mae_productos SET pro_precio_compra_bruto=683.06,pro_margen_actual=(pro_precio_venta-683.06)/683.06 * 100,pro_ultima_compra=@@@2013.10.04@@@,pro_ultimo_proveedor=@@@94528000-k@@@ WHERE pro_codigo_plu=780721430','',2,'2013-10-04'),(73501,'UPDATE mae_productos SET pro_precio_compra_bruto=683.06,pro_margen_actual=(pro_precio_venta-683.06)/683.06 * 100,pro_ultima_compra=@@@2013.10.04@@@,pro_ultimo_proveedor=@@@94528000-k@@@ WHERE pro_codigo_plu=780721431','',2,'2013-10-04'),(73502,'UPDATE mae_productos SET pro_precio_compra_bruto=412.93,pro_margen_actual=(pro_precio_venta-412.93)/412.93 * 100,pro_ultima_compra=@@@2013.10.04@@@,pro_ultimo_proveedor=@@@94528000-k@@@ WHERE pro_codigo_plu=780721772','',2,'2013-10-04'),(73503,'UPDATE mae_productos SET pro_precio_compra_bruto=1185.24,pro_margen_actual=(pro_precio_venta-1185.24)/1185.24 * 100,pro_ultima_compra=@@@2013.10.04@@@,pro_ultimo_proveedor=@@@94528000-k@@@ WHERE pro_codigo_plu=102655','',2,'2013-10-04'),(73504,'INSERT INTO gne_vale_ferreteria (vfe_id,vfe_fecha,vfe_total,vfe_estado,vfe_entregado,usu_nusuario) VALUES (12820,@@@2013.10.04@@@,150,1,0,@@@b_SAEZ@@@)','',2,'2013-10-04'),(73505,'INSERT INTO gne_vale_ferreteria_mov (vfe_id,pro_codigo_plu,vfm_cantidad,vfm_unitario,vfm_total,vfm_entregado) VALUES (12820,770062,1,150,150,@@@NO@@@)','',2,'2013-10-04'),(73506,'INSERT INTO gne_vale_ferreteria (vfe_id,vfe_fecha,vfe_total,vfe_estado,vfe_entregado,usu_nusuario) VALUES (12821,@@@2013.10.04@@@,720,1,0,@@@b_SAEZ@@@)','',2,'2013-10-04'),(73507,'INSERT INTO gne_vale_ferreteria_mov (vfe_id,pro_codigo_plu,vfm_cantidad,vfm_unitario,vfm_total,vfm_entregado) VALUES (12821,78017050,1,720,720,@@@NO@@@)','',2,'2013-10-04'),(73508,'INSERT INTO gne_vale_ferreteria (vfe_id,vfe_fecha,vfe_total,vfe_estado,vfe_entregado,usu_nusuario) VALUES (12822,@@@2013.10.04@@@,150,1,0,@@@b_SAEZ@@@)','',2,'2013-10-04'),(73509,'INSERT INTO gne_vale_ferreteria_mov (vfe_id,pro_codigo_plu,vfm_cantidad,vfm_unitario,vfm_total,vfm_entregado) VALUES (12822,780721387,1,150,150,@@@NO@@@)','',2,'2013-10-04'),(73510,'INSERT INTO gne_vale_ferreteria (vfe_id,vfe_fecha,vfe_total,vfe_estado,vfe_entregado,usu_nusuario) VALUES (12823,@@@2013.10.04@@@,1190,1,0,@@@b_SAEZ@@@)','',2,'2013-10-04'),(73511,'INSERT INTO gne_vale_ferreteria_mov (vfe_id,pro_codigo_plu,vfm_cantidad,vfm_unitario,vfm_total,vfm_entregado) VALUES (12823,8022,3,120,360,@@@NO@@@)','',2,'2013-10-04'),(73512,'INSERT INTO gne_vale_ferreteria_mov (vfe_id,pro_codigo_plu,vfm_cantidad,vfm_unitario,vfm_total,vfm_entregado) VALUES (12823,780721290,1,290,290,@@@NO@@@)','',2,'2013-10-04'),(73513,'INSERT INTO gne_vale_ferreteria_mov (vfe_id,pro_codigo_plu,vfm_cantidad,vfm_unitario,vfm_total,vfm_entregado) VALUES (12823,780220198,1,360,360,@@@NO@@@)','',2,'2013-10-04'),(73514,'INSERT INTO gne_vale_ferreteria_mov (vfe_id,pro_codigo_plu,vfm_cantidad,vfm_unitario,vfm_total,vfm_entregado) VALUES (12823,780220200,1,180,180,@@@NO@@@)','',2,'2013-10-04'),(73515,'INSERT INTO gne_vale_ferreteria (vfe_id,vfe_fecha,vfe_total,vfe_estado,vfe_entregado,usu_nusuario) VALUES (12824,@@@2013.10.04@@@,150,1,0,@@@b_SAEZ@@@)','',2,'2013-10-04'),(73516,'INSERT INTO gne_vale_ferreteria_mov (vfe_id,pro_codigo_plu,vfm_cantidad,vfm_unitario,vfm_total,vfm_entregado) VALUES (12824,780721187,1,150,150,@@@NO@@@)','',2,'2013-10-04'),(73517,'UPDATE mae_clientes SET cli_rut=@@@96532330-9@@@,cli_nombre=@@@CMPC CELULOSA S.A.@@@,cli_direccion=@@@AV JULIO HEMMELMAN 670@@@,cli_sucursal=@@@NACIMIENTO@@@,cli_ciudad=@@@NACIMIENTO@@@,cli_nombre_contacto=@@@FLOR CENTENO@@@,cli_cargo=@@@@@@,cli_comuna=@@@NACIMIENTO@@@,cli_fpago=@@@CONTADO@@@,cli_telefono=@@@@@@,cli_fax=@@@@@@,cli_celular=@@@511706@@@,cli_mail=@@@@@@,tcp_id=@@@2@@@,cli_fecha_nacimiento=@@@2013.07.01@@@,cli_activo=@@@1@@@,cli_limite_credito=@@@5500000@@@,cli_giro=@@@FABRICACION Y VENTA DE CELULOSA Y PAPEL@@@,cli_sobrecargo=0,cli_descuento_venta=0,cli_rapel=0 ,cli_credito_ilimitado=0 WHERE cli_id=@@@8@@@','',2,'2013-10-04'),(73518,'INSERT INTO gne_vale_ferreteria (vfe_id,vfe_fecha,vfe_total,vfe_estado,vfe_entregado,usu_nusuario) VALUES (12825,@@@2013.10.04@@@,2690,1,0,@@@G_DIAZ@@@)','',2,'2013-10-04'),(73519,'INSERT INTO gne_vale_ferreteria_mov (vfe_id,pro_codigo_plu,vfm_cantidad,vfm_unitario,vfm_total,vfm_entregado) VALUES (12825,764717,1,2690,2690,@@@NO@@@)','',2,'2013-10-04'),(73520,'INSERT INTO gne_vale_ferreteria (vfe_id,vfe_fecha,vfe_total,vfe_estado,vfe_entregado,usu_nusuario) VALUES (12826,@@@2013.10.04@@@,450,1,0,@@@G_DIAZ@@@)','',2,'2013-10-04'),(73521,'INSERT INTO gne_vale_ferreteria_mov (vfe_id,pro_codigo_plu,vfm_cantidad,vfm_unitario,vfm_total,vfm_entregado) VALUES (12826,764539,1,450,450,@@@NO@@@)','',2,'2013-10-04'),(73522,'INSERT INTO gne_vale_ferreteria (vfe_id,vfe_fecha,vfe_total,vfe_estado,vfe_entregado,usu_nusuario) VALUES (12827,@@@2013.10.04@@@,120,1,0,@@@G_DIAZ@@@)','',2,'2013-10-04'),(73523,'INSERT INTO gne_vale_ferreteria_mov (vfe_id,pro_codigo_plu,vfm_cantidad,vfm_unitario,vfm_total,vfm_entregado) VALUES (12827,8022,1,120,120,@@@NO@@@)','',2,'2013-10-04'),(73524,'INSERT INTO gne_vale_ferreteria (vfe_id,vfe_fecha,vfe_total,vfe_estado,vfe_entregado,usu_nusuario) VALUES (12828,@@@2013.10.04@@@,390,1,0,@@@G_DIAZ@@@)','',2,'2013-10-04'),(73525,'INSERT INTO gne_vale_ferreteria_mov (vfe_id,pro_codigo_plu,vfm_cantidad,vfm_unitario,vfm_total,vfm_entregado) VALUES (12828,764208,1,390,390,@@@NO@@@)','',2,'2013-10-04'),(73526,'INSERT INTO gne_vale_ferreteria (vfe_id,vfe_fecha,vfe_total,vfe_estado,vfe_entregado,usu_nusuario) VALUES (12829,@@@2013.10.04@@@,150,1,0,@@@G_DIAZ@@@)','',2,'2013-10-04'),(73527,'INSERT INTO gne_vale_ferreteria_mov (vfe_id,pro_codigo_plu,vfm_cantidad,vfm_unitario,vfm_total,vfm_entregado) VALUES (12829,770059,1,150,150,@@@NO@@@)','',2,'2013-10-04'),(73528,'INSERT INTO gne_vale_ferreteria (vfe_id,vfe_fecha,vfe_total,vfe_estado,vfe_entregado,usu_nusuario) VALUES (12830,@@@2013.10.04@@@,3090,1,0,@@@G_DIAZ@@@)','',2,'2013-10-04'),(73529,'INSERT INTO gne_vale_ferreteria_mov (vfe_id,pro_codigo_plu,vfm_cantidad,vfm_unitario,vfm_total,vfm_entregado) VALUES (12830,101623,1,1890,1890,@@@NO@@@)','',2,'2013-10-04'),(73530,'INSERT INTO gne_vale_ferreteria_mov (vfe_id,pro_codigo_plu,vfm_cantidad,vfm_unitario,vfm_total,vfm_entregado) VALUES (12830,780721351,2,200,400,@@@NO@@@)','',2,'2013-10-04'),(73531,'INSERT INTO gne_vale_ferreteria_mov (vfe_id,pro_codigo_plu,vfm_cantidad,vfm_unitario,vfm_total,vfm_entregado) VALUES (12830,780220109,2,200,400,@@@NO@@@)','',2,'2013-10-04'),(73532,'INSERT INTO gne_vale_ferreteria_mov (vfe_id,pro_codigo_plu,vfm_cantidad,vfm_unitario,vfm_total,vfm_entregado) VALUES (12830,78017134,1,200,200,@@@NO@@@)','',2,'2013-10-04'),(73533,'INSERT INTO gne_vale_ferreteria_mov (vfe_id,pro_codigo_plu,vfm_cantidad,vfm_unitario,vfm_total,vfm_entregado) VALUES (12830,78017014,1,200,200,@@@NO@@@)','',2,'2013-10-04'),(73534,'INSERT INTO gne_vale_ferreteria (vfe_id,vfe_fecha,vfe_total,vfe_estado,vfe_entregado,usu_nusuario) VALUES (12831,@@@2013.10.04@@@,200,1,0,@@@G_DIAZ@@@)','',2,'2013-10-04'),(73535,'INSERT INTO gne_vale_ferreteria_mov (vfe_id,pro_codigo_plu,vfm_cantidad,vfm_unitario,vfm_total,vfm_entregado) VALUES (12831,1546,1,200,200,@@@NO@@@)','',2,'2013-10-04'),(73536,'INSERT INTO gne_vale_ferreteria (vfe_id,vfe_fecha,vfe_total,vfe_estado,vfe_entregado,usu_nusuario) VALUES (12832,@@@2013.10.04@@@,6990,1,0,@@@G_DIAZ@@@)','',2,'2013-10-04'),(73537,'INSERT INTO gne_vale_ferreteria_mov (vfe_id,pro_codigo_plu,vfm_cantidad,vfm_unitario,vfm_total,vfm_entregado) VALUES (12832,780721377,1,6990,6990,@@@NO@@@)','',2,'2013-10-04'),(73538,'INSERT INTO gne_vale_ferreteria (vfe_id,vfe_fecha,vfe_total,vfe_estado,vfe_entregado,usu_nusuario) VALUES (12833,@@@2013.10.04@@@,240,1,0,@@@G_DIAZ@@@)','',2,'2013-10-04'),(73539,'INSERT INTO gne_vale_ferreteria_mov (vfe_id,pro_codigo_plu,vfm_cantidad,vfm_unitario,vfm_total,vfm_entregado) VALUES (12833,764766,2,120,240,@@@NO@@@)','',2,'2013-10-04'),(73540,'INSERT INTO gne_vale_ferreteria (vfe_id,vfe_fecha,vfe_total,vfe_estado,vfe_entregado,usu_nusuario) VALUES (12834,@@@2013.10.04@@@,300,1,0,@@@G_DIAZ@@@)','',2,'2013-10-04'),(73541,'INSERT INTO gne_vale_ferreteria_mov (vfe_id,pro_codigo_plu,vfm_cantidad,vfm_unitario,vfm_total,vfm_entregado) VALUES (12834,2004,1,300,300,@@@NO@@@)','',2,'2013-10-04'),(73542,'INSERT INTO gne_vale_ferreteria (vfe_id,vfe_fecha,vfe_total,vfe_estado,vfe_entregado,usu_nusuario) VALUES (12835,@@@2013.10.04@@@,600,1,0,@@@G_DIAZ@@@)','',2,'2013-10-04'),(73543,'INSERT INTO gne_vale_ferreteria_mov (vfe_id,pro_codigo_plu,vfm_cantidad,vfm_unitario,vfm_total,vfm_entregado) VALUES (12835,8021,4,150,600,@@@NO@@@)','',2,'2013-10-04'),(73544,'INSERT INTO gne_vale_ferreteria (vfe_id,vfe_fecha,vfe_total,vfe_estado,vfe_entregado,usu_nusuario) VALUES (12836,@@@2013.10.04@@@,720,1,0,@@@G_DIAZ@@@)','',2,'2013-10-04'),(73545,'INSERT INTO gne_vale_ferreteria_mov (vfe_id,pro_codigo_plu,vfm_cantidad,vfm_unitario,vfm_total,vfm_entregado) VALUES (12836,1064,3,120,360,@@@NO@@@)','',2,'2013-10-04'),(73546,'INSERT INTO gne_vale_ferreteria_mov (vfe_id,pro_codigo_plu,vfm_cantidad,vfm_unitario,vfm_total,vfm_entregado) VALUES (12836,78017204,3,120,360,@@@NO@@@)','',2,'2013-10-04'),(73547,'INSERT INTO gne_vale_ferreteria (vfe_id,vfe_fecha,vfe_total,vfe_estado,vfe_entregado,usu_nusuario) VALUES (12837,@@@2013.10.04@@@,230,1,0,@@@G_DIAZ@@@)','',2,'2013-10-04'),(73548,'INSERT INTO gne_vale_ferreteria_mov (vfe_id,pro_codigo_plu,vfm_cantidad,vfm_unitario,vfm_total,vfm_entregado) VALUES (12837,78016993,1,230,230,@@@NO@@@)','',2,'2013-10-04'),(73549,'INSERT INTO gne_vale_ferreteria (vfe_id,vfe_fecha,vfe_total,vfe_estado,vfe_entregado,usu_nusuario) VALUES (12838,@@@2013.10.04@@@,3980,1,0,@@@G_DIAZ@@@)','',2,'2013-10-04'),(73550,'INSERT INTO gne_vale_ferreteria_mov (vfe_id,pro_codigo_plu,vfm_cantidad,vfm_unitario,vfm_total,vfm_entregado) VALUES (12838,102726,2,1990,3980,@@@NO@@@)','',2,'2013-10-04'),(73551,'INSERT INTO gne_vale_ferreteria (vfe_id,vfe_fecha,vfe_total,vfe_estado,vfe_entregado,usu_nusuario) VALUES (12839,@@@2013.10.04@@@,650,1,0,@@@G_DIAZ@@@)','',2,'2013-10-04'),(73552,'INSERT INTO gne_vale_ferreteria_mov (vfe_id,pro_codigo_plu,vfm_cantidad,vfm_unitario,vfm_total,vfm_entregado) VALUES (12839,763582,1,650,650,@@@NO@@@)','',2,'2013-10-04'),(73553,'INSERT INTO gne_vale_ferreteria (vfe_id,vfe_fecha,vfe_total,vfe_estado,vfe_entregado,usu_nusuario) VALUES (12840,@@@2013.10.04@@@,720,1,0,@@@G_DIAZ@@@)','',2,'2013-10-04'),(73554,'INSERT INTO gne_vale_ferreteria_mov (vfe_id,pro_codigo_plu,vfm_cantidad,vfm_unitario,vfm_total,vfm_entregado) VALUES (12840,10720,1,720,720,@@@NO@@@)','',2,'2013-10-04'),(73555,'INSERT INTO gne_vale_ferreteria (vfe_id,vfe_fecha,vfe_total,vfe_estado,vfe_entregado,usu_nusuario) VALUES (12841,@@@2013.10.04@@@,930,1,0,@@@G_DIAZ@@@)','',2,'2013-10-04'),(73556,'INSERT INTO gne_vale_ferreteria_mov (vfe_id,pro_codigo_plu,vfm_cantidad,vfm_unitario,vfm_total,vfm_entregado) VALUES (12841,11670,1,930,930,@@@NO@@@)','',2,'2013-10-04'),(73557,'INSERT INTO gne_vale_ferreteria (vfe_id,vfe_fecha,vfe_total,vfe_estado,vfe_entregado,usu_nusuario) VALUES (12842,@@@2013.10.04@@@,650,1,0,@@@G_DIAZ@@@)','',2,'2013-10-04'),(73558,'INSERT INTO gne_vale_ferreteria_mov (vfe_id,pro_codigo_plu,vfm_cantidad,vfm_unitario,vfm_total,vfm_entregado) VALUES (12842,780721726,1,150,150,@@@NO@@@)','',2,'2013-10-04'),(73559,'INSERT INTO gne_vale_ferreteria_mov (vfe_id,pro_codigo_plu,vfm_cantidad,vfm_unitario,vfm_total,vfm_entregado) VALUES (12842,1070,2,250,500,@@@NO@@@)','',2,'2013-10-04'),(73560,'INSERT INTO gne_vale_ferreteria (vfe_id,vfe_fecha,vfe_total,vfe_estado,vfe_entregado,usu_nusuario) VALUES (12843,@@@2013.10.04@@@,1990,1,0,@@@G_DIAZ@@@)','',2,'2013-10-04'),(73561,'INSERT INTO gne_vale_ferreteria_mov (vfe_id,pro_codigo_plu,vfm_cantidad,vfm_unitario,vfm_total,vfm_entregado) VALUES (12843,20477,1,1990,1990,@@@NO@@@)','',2,'2013-10-04'),(73562,'INSERT INTO gne_vale_ferreteria (vfe_id,vfe_fecha,vfe_total,vfe_estado,vfe_entregado,usu_nusuario) VALUES (12844,@@@2013.10.04@@@,1990,1,0,@@@G_DIAZ@@@)','',2,'2013-10-04'),(73563,'INSERT INTO gne_vale_ferreteria_mov (vfe_id,pro_codigo_plu,vfm_cantidad,vfm_unitario,vfm_total,vfm_entregado) VALUES (12844,20477,1,1990,1990,@@@NO@@@)','',2,'2013-10-04'),(73564,'INSERT INTO gne_vale_ferreteria (vfe_id,vfe_fecha,vfe_total,vfe_estado,vfe_entregado,usu_nusuario) VALUES (12845,@@@2013.10.04@@@,160,1,0,@@@G_DIAZ@@@)','',2,'2013-10-04'),(73565,'INSERT INTO gne_vale_ferreteria_mov (vfe_id,pro_codigo_plu,vfm_cantidad,vfm_unitario,vfm_total,vfm_entregado) VALUES (12845,16430,1,160,160,@@@NO@@@)','',2,'2013-10-04'),(73566,'INSERT INTO gne_vale_ferreteria (vfe_id,vfe_fecha,vfe_total,vfe_estado,vfe_entregado,usu_nusuario) VALUES (12846,@@@2013.10.04@@@,1390,1,0,@@@G_DIAZ@@@)','',2,'2013-10-04'),(73567,'INSERT INTO gne_vale_ferreteria_mov (vfe_id,pro_codigo_plu,vfm_cantidad,vfm_unitario,vfm_total,vfm_entregado) VALUES (12846,4102,1,1390,1390,@@@NO@@@)','',2,'2013-10-04'),(73568,'INSERT INTO gne_vale_ferreteria (vfe_id,vfe_fecha,vfe_total,vfe_estado,vfe_entregado,usu_nusuario) VALUES (12847,@@@2013.10.04@@@,1180,1,0,@@@G_DIAZ@@@)','',2,'2013-10-04'),(73569,'INSERT INTO gne_vale_ferreteria_mov (vfe_id,pro_codigo_plu,vfm_cantidad,vfm_unitario,vfm_total,vfm_entregado) VALUES (12847,7705007,1,690,690,@@@NO@@@)','',2,'2013-10-04'),(73570,'INSERT INTO gne_vale_ferreteria_mov (vfe_id,pro_codigo_plu,vfm_cantidad,vfm_unitario,vfm_total,vfm_entregado) VALUES (12847,3002,1,490,490,@@@NO@@@)','',2,'2013-10-04'),(73571,'INSERT INTO gne_vale_ferreteria (vfe_id,vfe_fecha,vfe_total,vfe_estado,vfe_entregado,usu_nusuario) VALUES (12848,@@@2013.10.04@@@,500,1,0,@@@G_DIAZ@@@)','',2,'2013-10-04'),(73572,'INSERT INTO gne_vale_ferreteria_mov (vfe_id,pro_codigo_plu,vfm_cantidad,vfm_unitario,vfm_total,vfm_entregado) VALUES (12848,780220123,10,50,500,@@@NO@@@)','',2,'2013-10-04'),(73573,'INSERT INTO gne_vale_ferreteria (vfe_id,vfe_fecha,vfe_total,vfe_estado,vfe_entregado,usu_nusuario) VALUES (12849,@@@2013.10.04@@@,400,1,0,@@@G_DIAZ@@@)','',2,'2013-10-04'),(73574,'INSERT INTO gne_vale_ferreteria_mov (vfe_id,pro_codigo_plu,vfm_cantidad,vfm_unitario,vfm_total,vfm_entregado) VALUES (12849,1556,1,200,200,@@@NO@@@)','',2,'2013-10-04'),(73575,'INSERT INTO gne_vale_ferreteria_mov (vfe_id,pro_codigo_plu,vfm_cantidad,vfm_unitario,vfm_total,vfm_entregado) VALUES (12849,20394,2,100,200,@@@NO@@@)','',2,'2013-10-04'),(73576,'UPDATE mae_productos SET pro_precio_compra_bruto=250,pro_margen_actual=(pro_precio_venta-250)/250 * 100,pro_ultima_compra=@@@2013.10.04@@@,pro_ultimo_proveedor=@@@11578044-1@@@ WHERE pro_codigo_plu=763553','',2,'2013-10-04'),(73577,'UPDATE mae_productos SET pro_margen_actual=21.09,pro_precio_venta=500 WHERE pro_codigo_plu=780200000','',2,'2013-10-04'),(73578,'UPDATE mae_productos SET pro_precio_fiscal=pro_precio_venta WHERE pro_codigo_plu=780200000','',2,'2013-10-04'),(73579,'INSERT INTO gne_vale_ferreteria (vfe_id,vfe_fecha,vfe_total,vfe_estado,vfe_entregado,usu_nusuario) VALUES (12850,@@@2013.10.04@@@,30,1,0,@@@G_DIAZ@@@)','',2,'2013-10-04'),(73580,'INSERT INTO gne_vale_ferreteria_mov (vfe_id,pro_codigo_plu,vfm_cantidad,vfm_unitario,vfm_total,vfm_entregado) VALUES (12850,13229,2,15,30,@@@NO@@@)','',2,'2013-10-04'),(73581,'INSERT INTO gne_vale_ferreteria (vfe_id,vfe_fecha,vfe_total,vfe_estado,vfe_entregado,usu_nusuario) VALUES (12851,@@@2013.10.04@@@,2425,1,0,@@@G_DIAZ@@@)','',2,'2013-10-04'),(73582,'INSERT INTO gne_vale_ferreteria_mov (vfe_id,pro_codigo_plu,vfm_cantidad,vfm_unitario,vfm_total,vfm_entregado) VALUES (12851,761996,1,1200,1200,@@@NO@@@)','',2,'2013-10-04'),(73583,'INSERT INTO gne_vale_ferreteria_mov (vfe_id,pro_codigo_plu,vfm_cantidad,vfm_unitario,vfm_total,vfm_entregado) VALUES (12851,8022,2,120,240,@@@NO@@@)','',2,'2013-10-04'),(73584,'INSERT INTO gne_vale_ferreteria_mov (vfe_id,pro_codigo_plu,vfm_cantidad,vfm_unitario,vfm_total,vfm_entregado) VALUES (12851,21117,1,495,495,@@@NO@@@)','',2,'2013-10-04'),(73585,'INSERT INTO gne_vale_ferreteria_mov (vfe_id,pro_codigo_plu,vfm_cantidad,vfm_unitario,vfm_total,vfm_entregado) VALUES (12851,780721305,1,490,490,@@@NO@@@)','',2,'2013-10-04'),(73586,'INSERT INTO gne_vale_ferreteria (vfe_id,vfe_fecha,vfe_total,vfe_estado,vfe_entregado,usu_nusuario) VALUES (12852,@@@2013.10.04@@@,300,1,0,@@@G_DIAZ@@@)','',2,'2013-10-04'),(73587,'INSERT INTO gne_vale_ferreteria_mov (vfe_id,pro_codigo_plu,vfm_cantidad,vfm_unitario,vfm_total,vfm_entregado) VALUES (12852,800001,1,300,300,@@@NO@@@)','',2,'2013-10-04'),(73588,'INSERT INTO gne_vale_ferreteria (vfe_id,vfe_fecha,vfe_total,vfe_estado,vfe_entregado,usu_nusuario) VALUES (12853,@@@2013.10.04@@@,2595,1,0,@@@G_DIAZ@@@)','',2,'2013-10-04'),(73589,'INSERT INTO gne_vale_ferreteria_mov (vfe_id,pro_codigo_plu,vfm_cantidad,vfm_unitario,vfm_total,vfm_entregado) VALUES (12853,12356,1,2595,2595,@@@NO@@@)','',2,'2013-10-04'),(73590,'INSERT INTO gne_vale_ferreteria (vfe_id,vfe_fecha,vfe_total,vfe_estado,vfe_entregado,usu_nusuario) VALUES (12854,@@@2013.10.04@@@,720,1,0,@@@G_DIAZ@@@)','',2,'2013-10-04'),(73591,'INSERT INTO gne_vale_ferreteria_mov (vfe_id,pro_codigo_plu,vfm_cantidad,vfm_unitario,vfm_total,vfm_entregado) VALUES (12854,762251,1,720,720,@@@NO@@@)','',2,'2013-10-04'),(73592,'INSERT INTO gne_vale_ferreteria (vfe_id,vfe_fecha,vfe_total,vfe_estado,vfe_entregado,usu_nusuario) VALUES (12855,@@@2013.10.04@@@,1590,1,0,@@@G_DIAZ@@@)','',2,'2013-10-04'),(73593,'INSERT INTO gne_vale_ferreteria_mov (vfe_id,pro_codigo_plu,vfm_cantidad,vfm_unitario,vfm_total,vfm_entregado) VALUES (12855,780721570,1,1590,1590,@@@NO@@@)','',2,'2013-10-04'),(73594,'INSERT INTO gne_vale_ferreteria (vfe_id,vfe_fecha,vfe_total,vfe_estado,vfe_entregado,usu_nusuario) VALUES (12856,@@@2013.10.04@@@,620,1,0,@@@G_DIAZ@@@)','',2,'2013-10-04'),(73595,'INSERT INTO gne_vale_ferreteria_mov (vfe_id,pro_codigo_plu,vfm_cantidad,vfm_unitario,vfm_total,vfm_entregado) VALUES (12856,780220180,1,620,620,@@@NO@@@)','',2,'2013-10-04'),(73596,'INSERT INTO gne_vale_ferreteria (vfe_id,vfe_fecha,vfe_total,vfe_estado,vfe_entregado,usu_nusuario) VALUES (12857,@@@2013.10.04@@@,650,1,0,@@@G_DIAZ@@@)','',2,'2013-10-04'),(73597,'INSERT INTO gne_vale_ferreteria_mov (vfe_id,pro_codigo_plu,vfm_cantidad,vfm_unitario,vfm_total,vfm_entregado) VALUES (12857,763582,1,650,650,@@@NO@@@)','',2,'2013-10-04'),(73598,'INSERT INTO gne_vale_ferreteria (vfe_id,vfe_fecha,vfe_total,vfe_estado,vfe_entregado,usu_nusuario) VALUES (12858,@@@2013.10.04@@@,450,1,0,@@@G_DIAZ@@@)','',2,'2013-10-04'),(73599,'INSERT INTO gne_vale_ferreteria_mov (vfe_id,pro_codigo_plu,vfm_cantidad,vfm_unitario,vfm_total,vfm_entregado) VALUES (12858,761962,1,450,450,@@@NO@@@)','',2,'2013-10-04'),(73600,'INSERT INTO gne_vale_ferreteria (vfe_id,vfe_fecha,vfe_total,vfe_estado,vfe_entregado,usu_nusuario) VALUES (12859,@@@2013.10.04@@@,4180,1,0,@@@G_DIAZ@@@)','',2,'2013-10-04'),(73601,'INSERT INTO gne_vale_ferreteria_mov (vfe_id,pro_codigo_plu,vfm_cantidad,vfm_unitario,vfm_total,vfm_entregado) VALUES (12859,765012,1,1190,1190,@@@NO@@@)','',2,'2013-10-04'),(73602,'INSERT INTO gne_vale_ferreteria_mov (vfe_id,pro_codigo_plu,vfm_cantidad,vfm_unitario,vfm_total,vfm_entregado) VALUES (12859,780721867,1,2990,2990,@@@NO@@@)','',2,'2013-10-04'),(73603,'INSERT INTO gne_vale_ferreteria (vfe_id,vfe_fecha,vfe_total,vfe_estado,vfe_entregado,usu_nusuario) VALUES (12860,@@@2013.10.04@@@,580,1,0,@@@G_DIAZ@@@)','',2,'2013-10-04'),(73604,'INSERT INTO gne_vale_ferreteria_mov (vfe_id,pro_codigo_plu,vfm_cantidad,vfm_unitario,vfm_total,vfm_entregado) VALUES (12860,12161,2,290,580,@@@NO@@@)','',2,'2013-10-04'),(73605,'INSERT INTO gne_vale_ferreteria (vfe_id,vfe_fecha,vfe_total,vfe_estado,vfe_entregado,usu_nusuario) VALUES (12861,@@@2013.10.04@@@,1590,1,0,@@@G_DIAZ@@@)','',2,'2013-10-04'),(73606,'INSERT INTO gne_vale_ferreteria_mov (vfe_id,pro_codigo_plu,vfm_cantidad,vfm_unitario,vfm_total,vfm_entregado) VALUES (12861,12496,1,1590,1590,@@@NO@@@)','',2,'2013-10-04'),(73607,'UPDATE mae_productos SET pro_precio_venta=1890,pro_margen_actual= 58.82 WHERE pro_codigo_plu=354','',2,'2013-10-04'),(73608,'UPDATE mae_productos SET pro_precio_venta=170,pro_margen_actual= 30.4 WHERE pro_codigo_plu=763551','',2,'2013-10-04'),(73609,'UPDATE mae_productos SET pro_precio_venta=2890,pro_margen_actual= 30.57 WHERE pro_codigo_plu=765071','',2,'2013-10-04'),(73610,'UPDATE mae_productos SET pro_margen_actual=30.57,pro_precio_venta=2890 WHERE pro_codigo_plu=765071','',2,'2013-10-04'),(73611,'UPDATE mae_productos SET pro_margen_actual=30.4,pro_precio_venta=170 WHERE pro_codigo_plu=763551','',2,'2013-10-04'),(73612,'UPDATE mae_productos SET pro_margen_actual=58.82,pro_precio_venta=1890 WHERE pro_codigo_plu=354','',2,'2013-10-04'),(73613,'UPDATE mae_productos SET pro_precio_fiscal=pro_precio_venta WHERE pro_codigo_plu=354','',2,'2013-10-04'),(73614,'UPDATE mae_productos SET pro_precio_fiscal=pro_precio_venta WHERE pro_codigo_plu=763551','',2,'2013-10-04'),(73615,'UPDATE mae_productos SET pro_precio_fiscal=pro_precio_venta WHERE pro_codigo_plu=765071','',2,'2013-10-04'),(73616,'UPDATE mae_productos SET pro_precio_venta=750,pro_margen_actual= 30.61 WHERE pro_codigo_plu=11932','',2,'2013-10-04'),(73617,'UPDATE mae_productos SET pro_precio_venta=750,pro_margen_actual= 30.61 WHERE pro_codigo_plu=11939','',2,'2013-10-04'),(73618,'UPDATE mae_productos SET pro_precio_venta=990,pro_margen_actual= 30.68 WHERE pro_codigo_plu=11946','',2,'2013-10-04'),(73619,'UPDATE mae_productos SET pro_margen_actual=30.61,pro_precio_venta=750 WHERE pro_codigo_plu=11932','',2,'2013-10-04'),(73620,'UPDATE mae_productos SET pro_margen_actual=30.61,pro_precio_venta=750 WHERE pro_codigo_plu=11939','',2,'2013-10-04'),(73621,'UPDATE mae_productos SET pro_margen_actual=30.68,pro_precio_venta=990 WHERE pro_codigo_plu=11946','',2,'2013-10-04'),(73622,'UPDATE mae_productos SET pro_margen_actual=31.93,pro_precio_venta=750 WHERE pro_codigo_plu=11937','',2,'2013-10-04'),(73623,'UPDATE mae_productos SET pro_margen_actual=31.93,pro_precio_venta=750 WHERE pro_codigo_plu=11937','',2,'2013-10-04'),(73624,'UPDATE mae_productos SET pro_margen_actual=31.93,pro_precio_venta=750 WHERE pro_codigo_plu=11938','',2,'2013-10-04'),(73625,'UPDATE mae_productos SET pro_margen_actual=30.61,pro_precio_venta=750 WHERE pro_codigo_plu=11932','',2,'2013-10-04'),(73626,'UPDATE mae_productos SET pro_margen_actual=0,pro_precio_venta=750 WHERE pro_codigo_plu=12408','',2,'2013-10-04'),(73627,'UPDATE mae_productos SET pro_precio_fiscal=pro_precio_venta WHERE pro_codigo_plu=12408','',2,'2013-10-04'),(73628,'UPDATE mae_productos SET pro_precio_fiscal=pro_precio_venta WHERE pro_codigo_plu=11937','',2,'2013-10-04'),(73629,'UPDATE mae_productos SET pro_precio_fiscal=pro_precio_venta WHERE pro_codigo_plu=11938','',2,'2013-10-04'),(73630,'UPDATE mae_productos SET pro_precio_fiscal=pro_precio_venta WHERE pro_codigo_plu=11932','',2,'2013-10-04'),(73631,'UPDATE mae_productos SET pro_precio_fiscal=pro_precio_venta WHERE pro_codigo_plu=11939','',2,'2013-10-04'),(73632,'UPDATE mae_productos SET pro_precio_fiscal=pro_precio_venta WHERE pro_codigo_plu=11946','',2,'2013-10-04'),(73633,'UPDATE mae_productos SET pro_margen_actual=67.38,pro_precio_venta=390 WHERE pro_codigo_plu=607','',2,'2013-10-04'),(73634,'UPDATE mae_productos SET pro_margen_actual=0,pro_precio_venta=650 WHERE pro_codigo_plu=565','',2,'2013-10-04'),(73635,'UPDATE mae_productos SET pro_precio_fiscal=pro_precio_venta WHERE pro_codigo_plu=565','',2,'2013-10-04'),(73636,'UPDATE mae_productos SET pro_precio_fiscal=pro_precio_venta WHERE pro_codigo_plu=607','',2,'2013-10-04'),(73637,'INSERT INTO gne_vale_ferreteria (vfe_id,vfe_fecha,vfe_total,vfe_estado,vfe_entregado,usu_nusuario) VALUES (12862,@@@2013.10.04@@@,370,1,0,@@@G_DIAZ@@@)','',2,'2013-10-04'),(73638,'INSERT INTO gne_vale_ferreteria_mov (vfe_id,pro_codigo_plu,vfm_cantidad,vfm_unitario,vfm_total,vfm_entregado) VALUES (12862,765064,1,280,280,@@@NO@@@)','',2,'2013-10-04'),(73639,'INSERT INTO gne_vale_ferreteria_mov (vfe_id,pro_codigo_plu,vfm_cantidad,vfm_unitario,vfm_total,vfm_entregado) VALUES (12862,78017026,1,90,90,@@@NO@@@)','',2,'2013-10-04'),(73640,'UPDATE mae_productos SET pro_precio_compra_bruto=41.733,pro_margen_actual=(pro_precio_venta-41.733)/41.733 * 100,pro_ultima_compra=@@@2013.10.04@@@,pro_ultimo_proveedor=@@@76005373-2@@@ WHERE pro_codigo_plu=13017','',2,'2013-10-04'),(73641,'UPDATE mae_productos SET pro_precio_compra_bruto=82.903,pro_margen_actual=(pro_precio_venta-82.903)/82.903 * 100,pro_ultima_compra=@@@2013.10.04@@@,pro_ultimo_proveedor=@@@76005373-2@@@ WHERE pro_codigo_plu=12931','',2,'2013-10-04'),(73642,'UPDATE mae_productos SET pro_precio_compra_bruto=82.903,pro_margen_actual=(pro_precio_venta-82.903)/82.903 * 100,pro_ultima_compra=@@@2013.10.04@@@,pro_ultimo_proveedor=@@@76005373-2@@@ WHERE pro_codigo_plu=102496','',2,'2013-10-04'),(73643,'INSERT INTO gne_vale_ferreteria (vfe_id,vfe_fecha,vfe_total,vfe_estado,vfe_entregado,usu_nusuario) VALUES (12863,@@@2013.10.04@@@,1650,1,0,@@@G_DIAZ@@@)','',2,'2013-10-04'),(73644,'INSERT INTO gne_vale_ferreteria_mov (vfe_id,pro_codigo_plu,vfm_cantidad,vfm_unitario,vfm_total,vfm_entregado) VALUES (12863,19866,1,720,720,@@@NO@@@)','',2,'2013-10-04'),(73645,'INSERT INTO gne_vale_ferreteria_mov (vfe_id,pro_codigo_plu,vfm_cantidad,vfm_unitario,vfm_total,vfm_entregado) VALUES (12863,11670,1,930,930,@@@NO@@@)','',2,'2013-10-04'),(73646,'INSERT INTO gne_vale_ferreteria (vfe_id,vfe_fecha,vfe_total,vfe_estado,vfe_entregado,usu_nusuario) VALUES (12864,@@@2013.10.04@@@,200,1,0,@@@G_DIAZ@@@)','',2,'2013-10-04'),(73647,'INSERT INTO gne_vale_ferreteria_mov (vfe_id,pro_codigo_plu,vfm_cantidad,vfm_unitario,vfm_total,vfm_entregado) VALUES (12864,78017233,2,100,200,@@@NO@@@)','',2,'2013-10-04'),(73648,'INSERT INTO gne_vale_ferreteria (vfe_id,vfe_fecha,vfe_total,vfe_estado,vfe_entregado,usu_nusuario) VALUES (12865,@@@2013.10.04@@@,1890,1,0,@@@G_DIAZ@@@)','',2,'2013-10-04'),(73649,'INSERT INTO gne_vale_ferreteria_mov (vfe_id,pro_codigo_plu,vfm_cantidad,vfm_unitario,vfm_total,vfm_entregado) VALUES (12865,101626,1,1890,1890,@@@NO@@@)','',2,'2013-10-04'),(73650,'INSERT INTO gne_vale_ferreteria (vfe_id,vfe_fecha,vfe_total,vfe_estado,vfe_entregado,usu_nusuario) VALUES (12866,@@@2013.10.04@@@,1890,1,0,@@@G_DIAZ@@@)','',2,'2013-10-04'),(73651,'INSERT INTO gne_vale_ferreteria_mov (vfe_id,pro_codigo_plu,vfm_cantidad,vfm_unitario,vfm_total,vfm_entregado) VALUES (12866,102074,1,1890,1890,@@@NO@@@)','',2,'2013-10-04'),(73652,'INSERT INTO gne_vale_ferreteria (vfe_id,vfe_fecha,vfe_total,vfe_estado,vfe_entregado,usu_nusuario) VALUES (12867,@@@2013.10.04@@@,390,1,0,@@@G_DIAZ@@@)','',2,'2013-10-04'),(73653,'INSERT INTO gne_vale_ferreteria_mov (vfe_id,pro_codigo_plu,vfm_cantidad,vfm_unitario,vfm_total,vfm_entregado) VALUES (12867,780721274,1,390,390,@@@NO@@@)','',2,'2013-10-04'),(73654,'INSERT INTO gne_vale_ferreteria (vfe_id,vfe_fecha,vfe_total,vfe_estado,vfe_entregado,usu_nusuario) VALUES (12868,@@@2013.10.04@@@,3690,1,0,@@@G_DIAZ@@@)','',2,'2013-10-04'),(73655,'INSERT INTO gne_vale_ferreteria_mov (vfe_id,pro_codigo_plu,vfm_cantidad,vfm_unitario,vfm_total,vfm_entregado) VALUES (12868,4104,1,3690,3690,@@@NO@@@)','',2,'2013-10-04'),(73656,'INSERT INTO gne_vale_ferreteria (vfe_id,vfe_fecha,vfe_total,vfe_estado,vfe_entregado,usu_nusuario) VALUES (12869,@@@2013.10.04@@@,4580,1,0,@@@G_DIAZ@@@)','',2,'2013-10-04'),(73657,'INSERT INTO gne_vale_ferreteria_mov (vfe_id,pro_codigo_plu,vfm_cantidad,vfm_unitario,vfm_total,vfm_entregado) VALUES (12869,9018,1,2590,2590,@@@NO@@@)','',2,'2013-10-04'),(73658,'INSERT INTO gne_vale_ferreteria_mov (vfe_id,pro_codigo_plu,vfm_cantidad,vfm_unitario,vfm_total,vfm_entregado) VALUES (12869,20580,1,1990,1990,@@@NO@@@)','',2,'2013-10-04'),(73659,'INSERT INTO gne_vale_ferreteria (vfe_id,vfe_fecha,vfe_total,vfe_estado,vfe_entregado,usu_nusuario) VALUES (12870,@@@2013.10.04@@@,300,1,0,@@@G_DIAZ@@@)','',2,'2013-10-04'),(73660,'INSERT INTO gne_vale_ferreteria_mov (vfe_id,pro_codigo_plu,vfm_cantidad,vfm_unitario,vfm_total,vfm_entregado) VALUES (12870,101433,1,300,300,@@@NO@@@)','',2,'2013-10-04'),(73661,'INSERT INTO gne_vale_ferreteria (vfe_id,vfe_fecha,vfe_total,vfe_estado,vfe_entregado,usu_nusuario) VALUES (12871,@@@2013.10.04@@@,80,1,0,@@@G_DIAZ@@@)','',2,'2013-10-04'),(73662,'INSERT INTO gne_vale_ferreteria_mov (vfe_id,pro_codigo_plu,vfm_cantidad,vfm_unitario,vfm_total,vfm_entregado) VALUES (12871,1605,8,10,80,@@@NO@@@)','',2,'2013-10-04'),(73663,'INSERT INTO gne_vale_ferreteria (vfe_id,vfe_fecha,vfe_total,vfe_estado,vfe_entregado,usu_nusuario) VALUES (12872,@@@2013.10.04@@@,600,1,0,@@@G_DIAZ@@@)','',2,'2013-10-04'),(73664,'INSERT INTO gne_vale_ferreteria_mov (vfe_id,pro_codigo_plu,vfm_cantidad,vfm_unitario,vfm_total,vfm_entregado) VALUES (12872,780721222,2,300,600,@@@NO@@@)','',2,'2013-10-04'),(73665,'INSERT INTO gne_vale_ferreteria (vfe_id,vfe_fecha,vfe_total,vfe_estado,vfe_entregado,usu_nusuario) VALUES (12873,@@@2013.10.04@@@,760,1,0,@@@G_DIAZ@@@)','',2,'2013-10-04'),(73666,'INSERT INTO gne_vale_ferreteria_mov (vfe_id,pro_codigo_plu,vfm_cantidad,vfm_unitario,vfm_total,vfm_entregado) VALUES (12873,7800,8,70,560,@@@NO@@@)','',2,'2013-10-04'),(73667,'INSERT INTO gne_vale_ferreteria_mov (vfe_id,pro_codigo_plu,vfm_cantidad,vfm_unitario,vfm_total,vfm_entregado) VALUES (12873,78017194,1,200,200,@@@NO@@@)','',2,'2013-10-04'),(73668,'INSERT INTO gne_vale_ferreteria (vfe_id,vfe_fecha,vfe_total,vfe_estado,vfe_entregado,usu_nusuario) VALUES (12874,@@@2013.10.04@@@,290,1,0,@@@G_DIAZ@@@)','',2,'2013-10-04'),(73669,'INSERT INTO gne_vale_ferreteria_mov (vfe_id,pro_codigo_plu,vfm_cantidad,vfm_unitario,vfm_total,vfm_entregado) VALUES (12874,763772,1,290,290,@@@NO@@@)','',2,'2013-10-04'),(73670,'INSERT INTO gne_vale_ferreteria (vfe_id,vfe_fecha,vfe_total,vfe_estado,vfe_entregado,usu_nusuario) VALUES (12875,@@@2013.10.04@@@,520,1,0,@@@G_DIAZ@@@)','',2,'2013-10-04'),(73671,'INSERT INTO gne_vale_ferreteria_mov (vfe_id,pro_codigo_plu,vfm_cantidad,vfm_unitario,vfm_total,vfm_entregado) VALUES (12875,780220182,1,520,520,@@@NO@@@)','',2,'2013-10-04'),(73672,'INSERT INTO gne_vale_ferreteria (vfe_id,vfe_fecha,vfe_total,vfe_estado,vfe_entregado,usu_nusuario) VALUES (12876,@@@2013.10.04@@@,200,1,0,@@@G_DIAZ@@@)','',2,'2013-10-04'),(73673,'INSERT INTO gne_vale_ferreteria_mov (vfe_id,pro_codigo_plu,vfm_cantidad,vfm_unitario,vfm_total,vfm_entregado) VALUES (12876,20146,2,100,200,@@@NO@@@)','',2,'2013-10-04'),(73674,'INSERT INTO gne_vale_ferreteria (vfe_id,vfe_fecha,vfe_total,vfe_estado,vfe_entregado,usu_nusuario) VALUES (12877,@@@2013.10.04@@@,740,1,0,@@@G_DIAZ@@@)','',2,'2013-10-04'),(73675,'INSERT INTO gne_vale_ferreteria_mov (vfe_id,pro_codigo_plu,vfm_cantidad,vfm_unitario,vfm_total,vfm_entregado) VALUES (12877,770091,1,690,690,@@@NO@@@)','',2,'2013-10-04'),(73676,'INSERT INTO gne_vale_ferreteria_mov (vfe_id,pro_codigo_plu,vfm_cantidad,vfm_unitario,vfm_total,vfm_entregado) VALUES (12877,4129,1,50,50,@@@NO@@@)','',2,'2013-10-04'),(73677,'INSERT INTO gne_vale_ferreteria (vfe_id,vfe_fecha,vfe_total,vfe_estado,vfe_entregado,usu_nusuario) VALUES (12878,@@@2013.10.04@@@,390,1,0,@@@G_DIAZ@@@)','',2,'2013-10-04'),(73678,'INSERT INTO gne_vale_ferreteria_mov (vfe_id,pro_codigo_plu,vfm_cantidad,vfm_unitario,vfm_total,vfm_entregado) VALUES (12878,780721379,1,390,390,@@@NO@@@)','',2,'2013-10-04'),(73679,'INSERT INTO gne_vale_ferreteria (vfe_id,vfe_fecha,vfe_total,vfe_estado,vfe_entregado,usu_nusuario) VALUES (12879,@@@2013.10.04@@@,1290,1,0,@@@G_DIAZ@@@)','',2,'2013-10-04'),(73680,'INSERT INTO gne_vale_ferreteria_mov (vfe_id,pro_codigo_plu,vfm_cantidad,vfm_unitario,vfm_total,vfm_entregado) VALUES (12879,764570,1,1290,1290,@@@NO@@@)','',2,'2013-10-04'),(73681,'INSERT INTO gne_vale_ferreteria (vfe_id,vfe_fecha,vfe_total,vfe_estado,vfe_entregado,usu_nusuario) VALUES (12880,@@@2013.10.04@@@,390,1,0,@@@G_DIAZ@@@)','',2,'2013-10-04'),(73682,'INSERT INTO gne_vale_ferreteria_mov (vfe_id,pro_codigo_plu,vfm_cantidad,vfm_unitario,vfm_total,vfm_entregado) VALUES (12880,15967,3,130,390,@@@NO@@@)','',2,'2013-10-04'),(73683,'INSERT INTO gne_vale_ferreteria (vfe_id,vfe_fecha,vfe_total,vfe_estado,vfe_entregado,usu_nusuario) VALUES (12881,@@@2013.10.04@@@,260,1,0,@@@G_DIAZ@@@)','',2,'2013-10-04'),(73684,'INSERT INTO gne_vale_ferreteria_mov (vfe_id,pro_codigo_plu,vfm_cantidad,vfm_unitario,vfm_total,vfm_entregado) VALUES (12881,15929,2,130,260,@@@NO@@@)','',2,'2013-10-04'),(73685,'INSERT INTO gne_vale_ferreteria (vfe_id,vfe_fecha,vfe_total,vfe_estado,vfe_entregado,usu_nusuario) VALUES (12882,@@@2013.10.04@@@,10,1,0,@@@G_DIAZ@@@)','',2,'2013-10-04'),(73686,'INSERT INTO gne_vale_ferreteria_mov (vfe_id,pro_codigo_plu,vfm_cantidad,vfm_unitario,vfm_total,vfm_entregado) VALUES (12882,770003,1,10,10,@@@NO@@@)','',2,'2013-10-04'),(73687,'INSERT INTO gne_vale_ferreteria (vfe_id,vfe_fecha,vfe_total,vfe_estado,vfe_entregado,usu_nusuario) VALUES (12883,@@@2013.10.04@@@,390,1,0,@@@G_DIAZ@@@)','',2,'2013-10-04'),(73688,'INSERT INTO gne_vale_ferreteria_mov (vfe_id,pro_codigo_plu,vfm_cantidad,vfm_unitario,vfm_total,vfm_entregado) VALUES (12883,78017011,1,390,390,@@@NO@@@)','',2,'2013-10-04'),(73689,'INSERT INTO gne_vale_ferreteria (vfe_id,vfe_fecha,vfe_total,vfe_estado,vfe_entregado,usu_nusuario) VALUES (12884,@@@2013.10.04@@@,690,1,0,@@@G_DIAZ@@@)','',2,'2013-10-04'),(73690,'INSERT INTO gne_vale_ferreteria_mov (vfe_id,pro_codigo_plu,vfm_cantidad,vfm_unitario,vfm_total,vfm_entregado) VALUES (12884,780721222,1,300,300,@@@NO@@@)','',2,'2013-10-04'),(73691,'INSERT INTO gne_vale_ferreteria_mov (vfe_id,pro_codigo_plu,vfm_cantidad,vfm_unitario,vfm_total,vfm_entregado) VALUES (12884,764250,1,390,390,@@@NO@@@)','',2,'2013-10-04'),(73692,'INSERT INTO gne_vale_ferreteria (vfe_id,vfe_fecha,vfe_total,vfe_estado,vfe_entregado,usu_nusuario) VALUES (12885,@@@2013.10.04@@@,300,1,0,@@@G_DIAZ@@@)','',2,'2013-10-04'),(73693,'INSERT INTO gne_vale_ferreteria_mov (vfe_id,pro_codigo_plu,vfm_cantidad,vfm_unitario,vfm_total,vfm_entregado) VALUES (12885,12000,1,300,300,@@@NO@@@)','',2,'2013-10-04'),(73694,'INSERT INTO gne_vale_ferreteria (vfe_id,vfe_fecha,vfe_total,vfe_estado,vfe_entregado,usu_nusuario) VALUES (12886,@@@2013.10.04@@@,1050,1,0,@@@G_DIAZ@@@)','',2,'2013-10-04'),(73695,'INSERT INTO gne_vale_ferreteria_mov (vfe_id,pro_codigo_plu,vfm_cantidad,vfm_unitario,vfm_total,vfm_entregado) VALUES (12886,4130,3,100,300,@@@NO@@@)','',2,'2013-10-04'),(73696,'INSERT INTO gne_vale_ferreteria_mov (vfe_id,pro_codigo_plu,vfm_cantidad,vfm_unitario,vfm_total,vfm_entregado) VALUES (12886,4096,3,250,750,@@@NO@@@)','',2,'2013-10-04'),(73697,'INSERT INTO gne_vale_ferreteria (vfe_id,vfe_fecha,vfe_total,vfe_estado,vfe_entregado,usu_nusuario) VALUES (12887,@@@2013.10.04@@@,350,1,0,@@@G_DIAZ@@@)','',2,'2013-10-04'),(73698,'INSERT INTO gne_vale_ferreteria_mov (vfe_id,pro_codigo_plu,vfm_cantidad,vfm_unitario,vfm_total,vfm_entregado) VALUES (12887,764333,1,350,350,@@@NO@@@)','',2,'2013-10-04'),(73699,'INSERT INTO gne_vale_ferreteria (vfe_id,vfe_fecha,vfe_total,vfe_estado,vfe_entregado,usu_nusuario) VALUES (12888,@@@2013.10.04@@@,720,1,0,@@@G_DIAZ@@@)','',2,'2013-10-04'),(73700,'INSERT INTO gne_vale_ferreteria_mov (vfe_id,pro_codigo_plu,vfm_cantidad,vfm_unitario,vfm_total,vfm_entregado) VALUES (12888,10989,1,720,720,@@@NO@@@)','',2,'2013-10-04'),(73701,'INSERT INTO gne_vale_ferreteria (vfe_id,vfe_fecha,vfe_total,vfe_estado,vfe_entregado,usu_nusuario) VALUES (12889,@@@2013.10.04@@@,590,1,0,@@@G_DIAZ@@@)','',2,'2013-10-04'),(73702,'INSERT INTO gne_vale_ferreteria_mov (vfe_id,pro_codigo_plu,vfm_cantidad,vfm_unitario,vfm_total,vfm_entregado) VALUES (12889,780721716,1,590,590,@@@NO@@@)','',2,'2013-10-04'),(73703,'INSERT INTO gne_vale_ferreteria (vfe_id,vfe_fecha,vfe_total,vfe_estado,vfe_entregado,usu_nusuario) VALUES (12890,@@@2013.10.04@@@,2420,1,0,@@@G_DIAZ@@@)','',2,'2013-10-04'),(73704,'INSERT INTO gne_vale_ferreteria_mov (vfe_id,pro_codigo_plu,vfm_cantidad,vfm_unitario,vfm_total,vfm_entregado) VALUES (12890,8021,3,150,450,@@@NO@@@)','',2,'2013-10-04'),(73705,'INSERT INTO gne_vale_ferreteria_mov (vfe_id,pro_codigo_plu,vfm_cantidad,vfm_unitario,vfm_total,vfm_entregado) VALUES (12890,4139,2,790,1580,@@@NO@@@)','',2,'2013-10-04'),(73706,'INSERT INTO gne_vale_ferreteria_mov (vfe_id,pro_codigo_plu,vfm_cantidad,vfm_unitario,vfm_total,vfm_entregado) VALUES (12890,7500,1,390,390,@@@NO@@@)','',2,'2013-10-04'),(73707,'INSERT INTO gne_vale_ferreteria (vfe_id,vfe_fecha,vfe_total,vfe_estado,vfe_entregado,usu_nusuario) VALUES (12891,@@@2013.10.04@@@,890,1,0,@@@G_DIAZ@@@)','',2,'2013-10-04'),(73708,'INSERT INTO gne_vale_ferreteria_mov (vfe_id,pro_codigo_plu,vfm_cantidad,vfm_unitario,vfm_total,vfm_entregado) VALUES (12891,4091,2,250,500,@@@NO@@@)','',2,'2013-10-04'),(73709,'INSERT INTO gne_vale_ferreteria_mov (vfe_id,pro_codigo_plu,vfm_cantidad,vfm_unitario,vfm_total,vfm_entregado) VALUES (12891,780721901,1,390,390,@@@NO@@@)','',2,'2013-10-04'),(73710,'INSERT INTO gne_vale_ferreteria (vfe_id,vfe_fecha,vfe_total,vfe_estado,vfe_entregado,usu_nusuario) VALUES (12892,@@@2013.10.04@@@,90,1,0,@@@G_DIAZ@@@)','',2,'2013-10-04'),(73711,'INSERT INTO gne_vale_ferreteria_mov (vfe_id,pro_codigo_plu,vfm_cantidad,vfm_unitario,vfm_total,vfm_entregado) VALUES (12892,764772,3,30,90,@@@NO@@@)','',2,'2013-10-04'),(73712,'INSERT INTO gne_vale_ferreteria (vfe_id,vfe_fecha,vfe_total,vfe_estado,vfe_entregado,usu_nusuario) VALUES (12893,@@@2013.10.04@@@,520,1,0,@@@G_DIAZ@@@)','',2,'2013-10-04'),(73713,'INSERT INTO gne_vale_ferreteria_mov (vfe_id,pro_codigo_plu,vfm_cantidad,vfm_unitario,vfm_total,vfm_entregado) VALUES (12893,19803,1,520,520,@@@NO@@@)','',2,'2013-10-04'),(73714,'INSERT INTO gne_vale_ferreteria (vfe_id,vfe_fecha,vfe_total,vfe_estado,vfe_entregado,usu_nusuario) VALUES (12894,@@@2013.10.04@@@,550,1,0,@@@G_DIAZ@@@)','',2,'2013-10-04'),(73715,'INSERT INTO gne_vale_ferreteria_mov (vfe_id,pro_codigo_plu,vfm_cantidad,vfm_unitario,vfm_total,vfm_entregado) VALUES (12894,4091,1,250,250,@@@NO@@@)','',2,'2013-10-04'),(73716,'INSERT INTO gne_vale_ferreteria_mov (vfe_id,pro_codigo_plu,vfm_cantidad,vfm_unitario,vfm_total,vfm_entregado) VALUES (12894,2004,1,300,300,@@@NO@@@)','',2,'2013-10-04'),(73717,'INSERT INTO gne_vale_ferreteria (vfe_id,vfe_fecha,vfe_total,vfe_estado,vfe_entregado,usu_nusuario) VALUES (12895,@@@2013.10.04@@@,550,1,0,@@@G_DIAZ@@@)','',2,'2013-10-04'),(73718,'INSERT INTO gne_vale_ferreteria_mov (vfe_id,pro_codigo_plu,vfm_cantidad,vfm_unitario,vfm_total,vfm_entregado) VALUES (12895,780721253,1,550,550,@@@NO@@@)','',2,'2013-10-04'),(73719,'INSERT INTO gne_vale_ferreteria (vfe_id,vfe_fecha,vfe_total,vfe_estado,vfe_entregado,usu_nusuario) VALUES (12896,@@@2013.10.04@@@,1290,1,0,@@@G_DIAZ@@@)','',2,'2013-10-04'),(73720,'INSERT INTO gne_vale_ferreteria_mov (vfe_id,pro_codigo_plu,vfm_cantidad,vfm_unitario,vfm_total,vfm_entregado) VALUES (12896,764570,1,1290,1290,@@@NO@@@)','',2,'2013-10-04'),(73721,'INSERT INTO gne_vale_ferreteria (vfe_id,vfe_fecha,vfe_total,vfe_estado,vfe_entregado,usu_nusuario) VALUES (12897,@@@2013.10.04@@@,2380,1,0,@@@G_DIAZ@@@)','',2,'2013-10-04'),(73722,'INSERT INTO gne_vale_ferreteria_mov (vfe_id,pro_codigo_plu,vfm_cantidad,vfm_unitario,vfm_total,vfm_entregado) VALUES (12897,8689,2,1190,2380,@@@NO@@@)','',2,'2013-10-04'),(73723,'INSERT INTO gne_vale_ferreteria (vfe_id,vfe_fecha,vfe_total,vfe_estado,vfe_entregado,usu_nusuario) VALUES (12898,@@@2013.10.05@@@,2690,1,0,@@@G_DIAZ@@@)','',2,'2013-10-05'),(73724,'INSERT INTO gne_vale_ferreteria_mov (vfe_id,pro_codigo_plu,vfm_cantidad,vfm_unitario,vfm_total,vfm_entregado) VALUES (12898,20368,1,100,100,@@@NO@@@)','',2,'2013-10-05'),(73725,'INSERT INTO gne_vale_ferreteria_mov (vfe_id,pro_codigo_plu,vfm_cantidad,vfm_unitario,vfm_total,vfm_entregado) VALUES (12898,10179,1,2590,2590,@@@NO@@@)','',2,'2013-10-05'),(73726,'INSERT INTO gne_vale_ferreteria (vfe_id,vfe_fecha,vfe_total,vfe_estado,vfe_entregado,usu_nusuario) VALUES (12899,@@@2013.10.05@@@,720,1,0,@@@G_DIAZ@@@)','',2,'2013-10-05'),(73727,'INSERT INTO gne_vale_ferreteria_mov (vfe_id,pro_codigo_plu,vfm_cantidad,vfm_unitario,vfm_total,vfm_entregado) VALUES (12899,8829,1,720,720,@@@NO@@@)','',2,'2013-10-05'),(73728,'INSERT INTO gne_vale_ferreteria (vfe_id,vfe_fecha,vfe_total,vfe_estado,vfe_entregado,usu_nusuario) VALUES (12900,@@@2013.10.05@@@,730,1,0,@@@G_DIAZ@@@)','',2,'2013-10-05'),(73729,'INSERT INTO gne_vale_ferreteria_mov (vfe_id,pro_codigo_plu,vfm_cantidad,vfm_unitario,vfm_total,vfm_entregado) VALUES (12900,11378,1,730,730,@@@NO@@@)','',2,'2013-10-05'),(73730,'INSERT INTO gne_vale_ferreteria (vfe_id,vfe_fecha,vfe_total,vfe_estado,vfe_entregado,usu_nusuario) VALUES (12901,@@@2013.10.05@@@,80,1,0,@@@G_DIAZ@@@)','',2,'2013-10-05'),(73731,'INSERT INTO gne_vale_ferreteria_mov (vfe_id,pro_codigo_plu,vfm_cantidad,vfm_unitario,vfm_total,vfm_entregado) VALUES (12901,770001,1,80,80,@@@NO@@@)','',2,'2013-10-05'),(73732,'INSERT INTO gne_vale_ferreteria (vfe_id,vfe_fecha,vfe_total,vfe_estado,vfe_entregado,usu_nusuario) VALUES (12902,@@@2013.10.05@@@,390,1,0,@@@G_DIAZ@@@)','',2,'2013-10-05'),(73733,'INSERT INTO gne_vale_ferreteria_mov (vfe_id,pro_codigo_plu,vfm_cantidad,vfm_unitario,vfm_total,vfm_entregado) VALUES (12902,8023,1,390,390,@@@NO@@@)','',2,'2013-10-05'),(73734,'INSERT INTO gne_vale_ferreteria (vfe_id,vfe_fecha,vfe_total,vfe_estado,vfe_entregado,usu_nusuario) VALUES (12903,@@@2013.10.05@@@,660,1,0,@@@G_DIAZ@@@)','',2,'2013-10-05'),(73735,'INSERT INTO gne_vale_ferreteria_mov (vfe_id,pro_codigo_plu,vfm_cantidad,vfm_unitario,vfm_total,vfm_entregado) VALUES (12903,19918,2,330,660,@@@NO@@@)','',2,'2013-10-05'),(73736,'INSERT INTO gne_vale_ferreteria (vfe_id,vfe_fecha,vfe_total,vfe_estado,vfe_entregado,usu_nusuario) VALUES (12904,@@@2013.10.05@@@,3190,1,0,@@@G_DIAZ@@@)','',2,'2013-10-05'),(73737,'INSERT INTO gne_vale_ferreteria_mov (vfe_id,pro_codigo_plu,vfm_cantidad,vfm_unitario,vfm_total,vfm_entregado) VALUES (12904,262177,1,3190,3190,@@@NO@@@)','',2,'2013-10-05'),(73738,'INSERT INTO gne_vale_ferreteria (vfe_id,vfe_fecha,vfe_total,vfe_estado,vfe_entregado,usu_nusuario) VALUES (12905,@@@2013.10.05@@@,530,1,0,@@@G_DIAZ@@@)','',2,'2013-10-05'),(73739,'INSERT INTO gne_vale_ferreteria_mov (vfe_id,pro_codigo_plu,vfm_cantidad,vfm_unitario,vfm_total,vfm_entregado) VALUES (12905,11218,1,530,530,@@@NO@@@)','',2,'2013-10-05'),(73740,'INSERT INTO mae_productos (pro_codigo_plu,pro_codigo_barra,pro_tipo,pro_nombre_producto,pro_nombre_corto,med_id,emb_id,pro_unidades_embalaje,dep_id,lin_id,mar_id,pro_precio_compra_neto,pro_precio_compra_bruto,pro_precio_venta,pro_margen_actual,pro_oferta,pro_fecha_inicio_oferta,pro_fecha_termino_oferta,pro_precio_oferta,pro_stock_minimo,pro_stock_critico,pro_entradas_bodega,pro_salidas_bodega,pro_mermas_bodega,pro_ajustes_bodega,pro_entradas_sv,pro_salidas_sv,pro_mermas_sv,pro_ajustes_sv,pro_activo,rec_numero,pro_unidad,pro_capacidad,pro_consumo_bodega,pro_consumo_sv,pro_estado,pro_funcion_plu,pro_flejes,pro_iva,pro_plu_asociado,pro_envase,pro_duracion,pro_numero_etiqueta) VALUES (780721908,@@@7803403001024@@@,@@@0@@@,@@@PAN PARA COMPLETO ARTESANAL 276 G@@@,@@@PAN PARA COMPLET@@@,@@@5 @@@,@@@4 @@@,@@@6@@@,@@@44 @@@,@@@229@@@,@@@552@@@,@@@0@@@,@@@768.74@@@,@@@1000@@@,@@@30.08@@@,@@@@@@,@@@2006.09.07@@@,@@@2006.09.07@@@,@@@0@@@,@@@6@@@,@@@4@@@,@@@0@@@,@@@0@@@,@@@0@@@,@@@0@@@,@@@0@@@,@@@0@@@,@@@0@@@,@@@0@@@,@@@1@@@,@@@0@@@,0,276,0,0,2,0,1,1,0,@@@NO@@@,0,0)','',2,'2013-10-05'),(73741,'DELETE FROM mae_impuestos_productos WHERE pro_codigo_plu=@@@780721908@@@','',2,'2013-10-05'),(73742,'UPDATE mae_productos SET pro_precio_compra_bruto=1075.76,pro_margen_actual=(pro_precio_venta-1075.76)/1075.76 * 100,pro_ultima_compra=@@@2013.10.05@@@,pro_ultimo_proveedor=@@@82623500-4@@@ WHERE pro_codigo_plu=763525','',2,'2013-10-05'),(73743,'UPDATE mae_productos SET pro_precio_compra_bruto=1154.3,pro_margen_actual=(pro_precio_venta-1154.3)/1154.3 * 100,pro_ultima_compra=@@@2013.10.05@@@,pro_ultimo_proveedor=@@@82623500-4@@@ WHERE pro_codigo_plu=780721787','',2,'2013-10-05'),(73744,'UPDATE mae_productos SET pro_precio_compra_bruto=768.74,pro_margen_actual=(pro_precio_venta-768.74)/768.74 * 100,pro_ultima_compra=@@@2013.10.05@@@,pro_ultimo_proveedor=@@@82623500-4@@@ WHERE pro_codigo_plu=780721908','',2,'2013-10-05'),(73745,'UPDATE mae_productos SET pro_precio_compra_bruto=768.74,pro_margen_actual=(pro_precio_venta-768.74)/768.74 * 100,pro_ultima_compra=@@@2013.10.05@@@,pro_ultimo_proveedor=@@@82623500-4@@@ WHERE pro_codigo_plu=780721879','',2,'2013-10-05'),(73746,'UPDATE mae_productos SET pro_precio_compra_bruto=925.82,pro_margen_actual=(pro_precio_venta-925.82)/925.82 * 100,pro_ultima_compra=@@@2013.10.05@@@,pro_ultimo_proveedor=@@@82623500-4@@@ WHERE pro_codigo_plu=10855','',2,'2013-10-05'),(73747,'INSERT INTO gne_vale_ferreteria (vfe_id,vfe_fecha,vfe_total,vfe_estado,vfe_entregado,usu_nusuario) VALUES (12906,@@@2013.10.05@@@,200,1,0,@@@G_DIAZ@@@)','',2,'2013-10-05'),(73748,'INSERT INTO gne_vale_ferreteria_mov (vfe_id,pro_codigo_plu,vfm_cantidad,vfm_unitario,vfm_total,vfm_entregado) VALUES (12906,770026,2,100,200,@@@NO@@@)','',2,'2013-10-05'),(73749,'INSERT INTO gne_vale_ferreteria (vfe_id,vfe_fecha,vfe_total,vfe_estado,vfe_entregado,usu_nusuario) VALUES (12907,@@@2013.10.05@@@,1990,1,0,@@@G_DIAZ@@@)','',2,'2013-10-05'),(73750,'INSERT INTO gne_vale_ferreteria_mov (vfe_id,pro_codigo_plu,vfm_cantidad,vfm_unitario,vfm_total,vfm_entregado) VALUES (12907,5500,1,1990,1990,@@@NO@@@)','',2,'2013-10-05'),(73751,'INSERT INTO gne_vale_ferreteria (vfe_id,vfe_fecha,vfe_total,vfe_estado,vfe_entregado,usu_nusuario) VALUES (12908,@@@2013.10.05@@@,2540,1,0,@@@G_DIAZ@@@)','',2,'2013-10-05'),(73752,'INSERT INTO gne_vale_ferreteria_mov (vfe_id,pro_codigo_plu,vfm_cantidad,vfm_unitario,vfm_total,vfm_entregado) VALUES (12908,764507,2,330,660,@@@NO@@@)','',2,'2013-10-05'),(73753,'INSERT INTO gne_vale_ferreteria_mov (vfe_id,pro_codigo_plu,vfm_cantidad,vfm_unitario,vfm_total,vfm_entregado) VALUES (12908,1557,1,890,890,@@@NO@@@)','',2,'2013-10-05'),(73754,'INSERT INTO gne_vale_ferreteria_mov (vfe_id,pro_codigo_plu,vfm_cantidad,vfm_unitario,vfm_total,vfm_entregado) VALUES (12908,780721686,1,990,990,@@@NO@@@)','',2,'2013-10-05'),(73755,'INSERT INTO gne_vale_ferreteria (vfe_id,vfe_fecha,vfe_total,vfe_estado,vfe_entregado,usu_nusuario) VALUES (12909,@@@2013.10.05@@@,300,1,0,@@@G_DIAZ@@@)','',2,'2013-10-05'),(73756,'INSERT INTO gne_vale_ferreteria_mov (vfe_id,pro_codigo_plu,vfm_cantidad,vfm_unitario,vfm_total,vfm_entregado) VALUES (12909,2004,1,300,300,@@@NO@@@)','',2,'2013-10-05'),(73757,'INSERT INTO gne_vale_ferreteria (vfe_id,vfe_fecha,vfe_total,vfe_estado,vfe_entregado,usu_nusuario) VALUES (12910,@@@2013.10.05@@@,100,1,0,@@@G_DIAZ@@@)','',2,'2013-10-05'),(73758,'INSERT INTO gne_vale_ferreteria_mov (vfe_id,pro_codigo_plu,vfm_cantidad,vfm_unitario,vfm_total,vfm_entregado) VALUES (12910,20394,1,100,100,@@@NO@@@)','',2,'2013-10-05'),(73759,'INSERT INTO gne_vale_ferreteria (vfe_id,vfe_fecha,vfe_total,vfe_estado,vfe_entregado,usu_nusuario) VALUES (12911,@@@2013.10.05@@@,1890,1,0,@@@G_DIAZ@@@)','',2,'2013-10-05'),(73760,'INSERT INTO gne_vale_ferreteria_mov (vfe_id,pro_codigo_plu,vfm_cantidad,vfm_unitario,vfm_total,vfm_entregado) VALUES (12911,101679,1,1890,1890,@@@NO@@@)','',2,'2013-10-05'),(73761,'INSERT INTO gne_vale_ferreteria (vfe_id,vfe_fecha,vfe_total,vfe_estado,vfe_entregado,usu_nusuario) VALUES (12912,@@@2013.10.05@@@,3390,1,0,@@@G_DIAZ@@@)','',2,'2013-10-05'),(73762,'INSERT INTO gne_vale_ferreteria_mov (vfe_id,pro_codigo_plu,vfm_cantidad,vfm_unitario,vfm_total,vfm_entregado) VALUES (12912,7500890,1,3390,3390,@@@NO@@@)','',2,'2013-10-05'),(73763,'INSERT INTO gne_vale_ferreteria (vfe_id,vfe_fecha,vfe_total,vfe_estado,vfe_entregado,usu_nusuario) VALUES (12913,@@@2013.10.05@@@,900,1,0,@@@G_DIAZ@@@)','',2,'2013-10-05'),(73764,'INSERT INTO gne_vale_ferreteria_mov (vfe_id,pro_codigo_plu,vfm_cantidad,vfm_unitario,vfm_total,vfm_entregado) VALUES (12913,4130,3,100,300,@@@NO@@@)','',2,'2013-10-05'),(73765,'INSERT INTO gne_vale_ferreteria_mov (vfe_id,pro_codigo_plu,vfm_cantidad,vfm_unitario,vfm_total,vfm_entregado) VALUES (12913,4094,3,200,600,@@@NO@@@)','',2,'2013-10-05'),(73766,'INSERT INTO gne_vale_ferreteria (vfe_id,vfe_fecha,vfe_total,vfe_estado,vfe_entregado,usu_nusuario) VALUES (12914,@@@2013.10.05@@@,260,1,0,@@@G_DIAZ@@@)','',2,'2013-10-05'),(73767,'INSERT INTO gne_vale_ferreteria_mov (vfe_id,pro_codigo_plu,vfm_cantidad,vfm_unitario,vfm_total,vfm_entregado) VALUES (12914,78017148,2,130,260,@@@NO@@@)','',2,'2013-10-05'),(73768,'INSERT INTO gne_vale_ferreteria (vfe_id,vfe_fecha,vfe_total,vfe_estado,vfe_entregado,usu_nusuario) VALUES (12915,@@@2013.10.05@@@,480,1,0,@@@G_DIAZ@@@)','',2,'2013-10-05'),(73769,'INSERT INTO gne_vale_ferreteria_mov (vfe_id,pro_codigo_plu,vfm_cantidad,vfm_unitario,vfm_total,vfm_entregado) VALUES (12915,8022,4,120,480,@@@NO@@@)','',2,'2013-10-05'),(73770,'INSERT INTO gne_vale_ferreteria (vfe_id,vfe_fecha,vfe_total,vfe_estado,vfe_entregado,usu_nusuario) VALUES (12916,@@@2013.10.05@@@,120,1,0,@@@G_DIAZ@@@)','',2,'2013-10-05'),(73771,'INSERT INTO gne_vale_ferreteria_mov (vfe_id,pro_codigo_plu,vfm_cantidad,vfm_unitario,vfm_total,vfm_entregado) VALUES (12916,8022,1,120,120,@@@NO@@@)','',2,'2013-10-05'),(73772,'INSERT INTO gne_vale_ferreteria (vfe_id,vfe_fecha,vfe_total,vfe_estado,vfe_entregado,usu_nusuario) VALUES (12917,@@@2013.10.05@@@,390,1,0,@@@G_DIAZ@@@)','',2,'2013-10-05'),(73773,'INSERT INTO gne_vale_ferreteria_mov (vfe_id,pro_codigo_plu,vfm_cantidad,vfm_unitario,vfm_total,vfm_entregado) VALUES (12917,78017020,1,390,390,@@@NO@@@)','',2,'2013-10-05'),(73774,'INSERT INTO gne_vale_ferreteria (vfe_id,vfe_fecha,vfe_total,vfe_estado,vfe_entregado,usu_nusuario) VALUES (12918,@@@2013.10.05@@@,1050,1,0,@@@G_DIAZ@@@)','',2,'2013-10-05'),(73775,'INSERT INTO gne_vale_ferreteria_mov (vfe_id,pro_codigo_plu,vfm_cantidad,vfm_unitario,vfm_total,vfm_entregado) VALUES (12918,780721061,1,1050,1050,@@@NO@@@)','',2,'2013-10-05'),(73776,'UPDATE mae_productos SET pro_precio_venta=60,pro_margen_actual= 43.77 WHERE pro_codigo_plu=13017','',2,'2013-10-05'),(73777,'INSERT INTO gne_vale_ferreteria (vfe_id,vfe_fecha,vfe_total,vfe_estado,vfe_entregado,usu_nusuario) VALUES (12919,@@@2013.10.05@@@,4750,1,0,@@@G_DIAZ@@@)','',2,'2013-10-05'),(73778,'INSERT INTO gne_vale_ferreteria_mov (vfe_id,pro_codigo_plu,vfm_cantidad,vfm_unitario,vfm_total,vfm_entregado) VALUES (12919,780721737,1,4750,4750,@@@NO@@@)','',2,'2013-10-05'),(73779,'UPDATE mae_productos SET pro_precio_fiscal=pro_precio_venta WHERE pro_codigo_plu=13017','',2,'2013-10-05'),(73780,'UPDATE mae_productos SET pro_precio_fiscal=pro_precio_venta WHERE pro_codigo_plu=780721908','',2,'2013-10-05'),(73781,'INSERT INTO gne_vale_ferreteria (vfe_id,vfe_fecha,vfe_total,vfe_estado,vfe_entregado,usu_nusuario) VALUES (12920,@@@2013.10.05@@@,3400,1,0,@@@G_DIAZ@@@)','',2,'2013-10-05'),(73782,'INSERT INTO gne_vale_ferreteria_mov (vfe_id,pro_codigo_plu,vfm_cantidad,vfm_unitario,vfm_total,vfm_entregado) VALUES (12920,20516,1,1890,1890,@@@NO@@@)','',2,'2013-10-05'),(73783,'INSERT INTO gne_vale_ferreteria_mov (vfe_id,pro_codigo_plu,vfm_cantidad,vfm_unitario,vfm_total,vfm_entregado) VALUES (12920,764766,1,120,120,@@@NO@@@)','',2,'2013-10-05'),(73784,'INSERT INTO gne_vale_ferreteria_mov (vfe_id,pro_codigo_plu,vfm_cantidad,vfm_unitario,vfm_total,vfm_entregado) VALUES (12920,761558,1,1390,1390,@@@NO@@@)','',2,'2013-10-05'),(73785,'UPDATE gpr_pack_virtual SET pav_activo=@@@NO@@@ WHERE pav_id=19','',2,'2013-10-05'),(73786,'INSERT INTO gne_vale_ferreteria (vfe_id,vfe_fecha,vfe_total,vfe_estado,vfe_entregado,usu_nusuario) VALUES (12921,@@@2013.10.05@@@,250,1,0,@@@G_DIAZ@@@)','',2,'2013-10-05'),(73787,'INSERT INTO gne_vale_ferreteria_mov (vfe_id,pro_codigo_plu,vfm_cantidad,vfm_unitario,vfm_total,vfm_entregado) VALUES (12921,780721493,1,250,250,@@@NO@@@)','',2,'2013-10-05'),(73788,'INSERT INTO gne_vale_ferreteria (vfe_id,vfe_fecha,vfe_total,vfe_estado,vfe_entregado,usu_nusuario) VALUES (12922,@@@2013.10.05@@@,60,1,0,@@@G_DIAZ@@@)','',2,'2013-10-05'),(73789,'INSERT INTO gne_vale_ferreteria_mov (vfe_id,pro_codigo_plu,vfm_cantidad,vfm_unitario,vfm_total,vfm_entregado) VALUES (12922,764770,2,30,60,@@@NO@@@)','',2,'2013-10-05'),(73790,'INSERT INTO gne_vale_ferreteria (vfe_id,vfe_fecha,vfe_total,vfe_estado,vfe_entregado,usu_nusuario) VALUES (12923,@@@2013.10.05@@@,370,1,0,@@@G_DIAZ@@@)','',2,'2013-10-05'),(73791,'INSERT INTO gne_vale_ferreteria_mov (vfe_id,pro_codigo_plu,vfm_cantidad,vfm_unitario,vfm_total,vfm_entregado) VALUES (12923,102408,1,370,370,@@@NO@@@)','',2,'2013-10-05'),(73792,'INSERT INTO gne_vale_ferreteria (vfe_id,vfe_fecha,vfe_total,vfe_estado,vfe_entregado,usu_nusuario) VALUES (12924,@@@2013.10.05@@@,790,1,0,@@@G_DIAZ@@@)','',2,'2013-10-05'),(73793,'INSERT INTO gne_vale_ferreteria_mov (vfe_id,pro_codigo_plu,vfm_cantidad,vfm_unitario,vfm_total,vfm_entregado) VALUES (12924,1071,1,790,790,@@@NO@@@)','',2,'2013-10-05'),(73794,'INSERT INTO gne_vale_ferreteria (vfe_id,vfe_fecha,vfe_total,vfe_estado,vfe_entregado,usu_nusuario) VALUES (12925,@@@2013.10.05@@@,4240,1,0,@@@G_DIAZ@@@)','',2,'2013-10-05'),(73795,'INSERT INTO gne_vale_ferreteria_mov (vfe_id,pro_codigo_plu,vfm_cantidad,vfm_unitario,vfm_total,vfm_entregado) VALUES (12925,780721736,1,3990,3990,@@@NO@@@)','',2,'2013-10-05'),(73796,'INSERT INTO gne_vale_ferreteria_mov (vfe_id,pro_codigo_plu,vfm_cantidad,vfm_unitario,vfm_total,vfm_entregado) VALUES (12925,780721186,1,250,250,@@@NO@@@)','',2,'2013-10-05'),(73797,'INSERT INTO gne_vale_ferreteria (vfe_id,vfe_fecha,vfe_total,vfe_estado,vfe_entregado,usu_nusuario) VALUES (12926,@@@2013.10.05@@@,700,1,0,@@@G_DIAZ@@@)','',2,'2013-10-05'),(73798,'INSERT INTO gne_vale_ferreteria_mov (vfe_id,pro_codigo_plu,vfm_cantidad,vfm_unitario,vfm_total,vfm_entregado) VALUES (12926,780220093,2,350,700,@@@NO@@@)','',2,'2013-10-05'),(73799,'INSERT INTO gne_vale_ferreteria (vfe_id,vfe_fecha,vfe_total,vfe_estado,vfe_entregado,usu_nusuario) VALUES (12927,@@@2013.10.05@@@,1390,1,0,@@@G_DIAZ@@@)','',2,'2013-10-05'),(73800,'INSERT INTO gne_vale_ferreteria_mov (vfe_id,pro_codigo_plu,vfm_cantidad,vfm_unitario,vfm_total,vfm_entregado) VALUES (12927,10959,1,1390,1390,@@@NO@@@)','',2,'2013-10-05'),(73801,'INSERT INTO gne_vale_ferreteria (vfe_id,vfe_fecha,vfe_total,vfe_estado,vfe_entregado,usu_nusuario) VALUES (12928,@@@2013.10.05@@@,200,1,0,@@@G_DIAZ@@@)','',2,'2013-10-05'),(73802,'INSERT INTO gne_vale_ferreteria_mov (vfe_id,pro_codigo_plu,vfm_cantidad,vfm_unitario,vfm_total,vfm_entregado) VALUES (12928,1556,1,200,200,@@@NO@@@)','',2,'2013-10-05'),(73803,'INSERT INTO gne_vale_ferreteria (vfe_id,vfe_fecha,vfe_total,vfe_estado,vfe_entregado,usu_nusuario) VALUES (12929,@@@2013.10.05@@@,1790,1,0,@@@G_DIAZ@@@)','',2,'2013-10-05'),(73804,'INSERT INTO gne_vale_ferreteria_mov (vfe_id,pro_codigo_plu,vfm_cantidad,vfm_unitario,vfm_total,vfm_entregado) VALUES (12929,780721474,1,1790,1790,@@@NO@@@)','',2,'2013-10-05'),(73805,'INSERT INTO gne_vale_ferreteria (vfe_id,vfe_fecha,vfe_total,vfe_estado,vfe_entregado,usu_nusuario) VALUES (12930,@@@2013.10.05@@@,500,1,0,@@@G_DIAZ@@@)','',2,'2013-10-05'),(73806,'INSERT INTO gne_vale_ferreteria_mov (vfe_id,pro_codigo_plu,vfm_cantidad,vfm_unitario,vfm_total,vfm_entregado) VALUES (12930,78017238,1,200,200,@@@NO@@@)','',2,'2013-10-05'),(73807,'INSERT INTO gne_vale_ferreteria_mov (vfe_id,pro_codigo_plu,vfm_cantidad,vfm_unitario,vfm_total,vfm_entregado) VALUES (12930,78017196,1,300,300,@@@NO@@@)','',2,'2013-10-05'),(73808,'INSERT INTO mae_productos (pro_codigo_plu,pro_codigo_barra,pro_tipo,pro_nombre_producto,pro_nombre_corto,med_id,emb_id,pro_unidades_embalaje,dep_id,lin_id,mar_id,pro_precio_compra_neto,pro_precio_compra_bruto,pro_precio_venta,pro_margen_actual,pro_oferta,pro_fecha_inicio_oferta,pro_fecha_termino_oferta,pro_precio_oferta,pro_stock_minimo,pro_stock_critico,pro_entradas_bodega,pro_salidas_bodega,pro_mermas_bodega,pro_ajustes_bodega,pro_entradas_sv,pro_salidas_sv,pro_mermas_sv,pro_ajustes_sv,pro_activo,rec_numero,pro_unidad,pro_capacidad,pro_consumo_bodega,pro_consumo_sv,pro_estado,pro_funcion_plu,pro_flejes,pro_iva,pro_plu_asociado,pro_envase,pro_duracion,pro_numero_etiqueta) VALUES (780721909,@@@7804520985778@@@,@@@0@@@,@@@DURAZNO MITADES GALON POMMERING 3 K@@@,@@@DURAZNO MITADES @@@,@@@2 @@@,@@@3 @@@,@@@6@@@,@@@1 @@@,@@@19@@@,@@@1939@@@,@@@0@@@,@@@3677.1@@@,@@@1@@@,@@@-99.97@@@,@@@@@@,@@@2006.09.07@@@,@@@2006.09.07@@@,@@@0@@@,@@@6@@@,@@@3@@@,@@@0@@@,@@@0@@@,@@@0@@@,@@@0@@@,@@@0@@@,@@@0@@@,@@@0@@@,@@@0@@@,@@@1@@@,@@@0@@@,0,3,0,0,2,0,1,1,0,@@@NO@@@,0,0)','',2,'2013-10-05'),(73809,'DELETE FROM mae_impuestos_productos WHERE pro_codigo_plu=@@@780721909@@@','',2,'2013-10-05'),(73810,'INSERT INTO gne_vale_ferreteria (vfe_id,vfe_fecha,vfe_total,vfe_estado,vfe_entregado,usu_nusuario) VALUES (12931,@@@2013.10.05@@@,5990,1,0,@@@G_DIAZ@@@)','',2,'2013-10-05'),(73811,'INSERT INTO gne_vale_ferreteria_mov (vfe_id,pro_codigo_plu,vfm_cantidad,vfm_unitario,vfm_total,vfm_entregado) VALUES (12931,764891,1,5990,5990,@@@NO@@@)','',2,'2013-10-05'),(73812,'INSERT INTO mae_productos (pro_codigo_plu,pro_codigo_barra,pro_tipo,pro_nombre_producto,pro_nombre_corto,med_id,emb_id,pro_unidades_embalaje,dep_id,lin_id,mar_id,pro_precio_compra_neto,pro_precio_compra_bruto,pro_precio_venta,pro_margen_actual,pro_oferta,pro_fecha_inicio_oferta,pro_fecha_termino_oferta,pro_precio_oferta,pro_stock_minimo,pro_stock_critico,pro_entradas_bodega,pro_salidas_bodega,pro_mermas_bodega,pro_ajustes_bodega,pro_entradas_sv,pro_salidas_sv,pro_mermas_sv,pro_ajustes_sv,pro_activo,rec_numero,pro_unidad,pro_capacidad,pro_consumo_bodega,pro_consumo_sv,pro_estado,pro_funcion_plu,pro_flejes,pro_iva,pro_plu_asociado,pro_envase,pro_duracion,pro_numero_etiqueta) VALUES (8077,@@@7506295358077@@@,@@@0@@@,@@@PAÑAL PAMPERS XXG JUEGOS Y SUEÑOS 8 UNID@@@,@@@PAÑAL PAMPERS XX@@@,@@@1 @@@,@@@4 @@@,@@@8@@@,@@@35 @@@,@@@168@@@,@@@931@@@,@@@0@@@,@@@1913.5@@@,@@@1@@@,@@@-99.95@@@,@@@@@@,@@@2006.09.07@@@,@@@2006.09.07@@@,@@@0@@@,@@@12@@@,@@@6@@@,@@@0@@@,@@@0@@@,@@@0@@@,@@@0@@@,@@@0@@@,@@@0@@@,@@@0@@@,@@@0@@@,@@@1@@@,@@@0@@@,0,1,0,0,2,0,1,1,0,@@@NO@@@,0,0)','',2,'2013-10-05'),(73813,'DELETE FROM mae_impuestos_productos WHERE pro_codigo_plu=@@@8077@@@','',2,'2013-10-05'),(73814,'INSERT INTO gne_vale_ferreteria (vfe_id,vfe_fecha,vfe_total,vfe_estado,vfe_entregado,usu_nusuario) VALUES (12932,@@@2013.10.05@@@,260,1,0,@@@G_DIAZ@@@)','',2,'2013-10-05'),(73815,'INSERT INTO gne_vale_ferreteria_mov (vfe_id,pro_codigo_plu,vfm_cantidad,vfm_unitario,vfm_total,vfm_entregado) VALUES (12932,15967,2,130,260,@@@NO@@@)','',2,'2013-10-05'),(73816,'UPDATE mae_productos SET pro_precio_compra_bruto=1043.035,pro_margen_actual=(pro_precio_venta-1043.035)/1043.035 * 100,pro_ultima_compra=@@@2013.10.05@@@,pro_ultimo_proveedor=@@@84348700-9@@@ WHERE pro_codigo_plu=10253','',2,'2013-10-05'),(73817,'UPDATE mae_productos SET pro_precio_compra_bruto=2176.6,pro_margen_actual=(pro_precio_venta-2176.6)/2176.6 * 100,pro_ultima_compra=@@@2013.10.05@@@,pro_ultimo_proveedor=@@@84348700-9@@@ WHERE pro_codigo_plu=14084','',2,'2013-10-05'),(73818,'UPDATE mae_productos SET pro_precio_compra_bruto=2645.37,pro_margen_actual=(pro_precio_venta-2645.37)/2645.37 * 100,pro_ultima_compra=@@@2013.10.05@@@,pro_ultimo_proveedor=@@@84348700-9@@@ WHERE pro_codigo_plu=21429','',2,'2013-10-05'),(73819,'UPDATE mae_productos SET pro_precio_compra_bruto=1449.4,pro_margen_actual=(pro_precio_venta-1449.4)/1449.4 * 100,pro_ultima_compra=@@@2013.10.05@@@,pro_ultimo_proveedor=@@@84348700-9@@@ WHERE pro_codigo_plu=100473','',2,'2013-10-05'),(73820,'UPDATE mae_productos SET pro_precio_compra_bruto=1449.4,pro_margen_actual=(pro_precio_venta-1449.4)/1449.4 * 100,pro_ultima_compra=@@@2013.10.05@@@,pro_ultimo_proveedor=@@@84348700-9@@@ WHERE pro_codigo_plu=101679','',2,'2013-10-05'),(73821,'UPDATE mae_productos SET pro_precio_compra_bruto=1449.4,pro_margen_actual=(pro_precio_venta-1449.4)/1449.4 * 100,pro_ultima_compra=@@@2013.10.05@@@,pro_ultimo_proveedor=@@@84348700-9@@@ WHERE pro_codigo_plu=102627','',2,'2013-10-05'),(73822,'UPDATE mae_productos SET pro_precio_compra_bruto=1449.4,pro_margen_actual=(pro_precio_venta-1449.4)/1449.4 * 100,pro_ultima_compra=@@@2013.10.05@@@,pro_ultimo_proveedor=@@@84348700-9@@@ WHERE pro_codigo_plu=101842','',2,'2013-10-05'),(73823,'UPDATE mae_productos SET pro_precio_compra_bruto=1449.4,pro_margen_actual=(pro_precio_venta-1449.4)/1449.4 * 100,pro_ultima_compra=@@@2013.10.05@@@,pro_ultimo_proveedor=@@@84348700-9@@@ WHERE pro_codigo_plu=102074','',2,'2013-10-05'),(73824,'UPDATE mae_productos SET pro_precio_compra_bruto=1477.9,pro_margen_actual=(pro_precio_venta-1477.9)/1477.9 * 100,pro_ultima_compra=@@@2013.10.05@@@,pro_ultimo_proveedor=@@@84348700-9@@@ WHERE pro_codigo_plu=102628','',2,'2013-10-05'),(73825,'UPDATE mae_productos SET pro_precio_compra_bruto=1477.9,pro_margen_actual=(pro_precio_venta-1477.9)/1477.9 * 100,pro_ultima_compra=@@@2013.10.05@@@,pro_ultimo_proveedor=@@@84348700-9@@@ WHERE pro_codigo_plu=101856','',2,'2013-10-05'),(73826,'UPDATE mae_productos SET pro_precio_compra_bruto=582.26,pro_margen_actual=(pro_precio_venta-582.26)/582.26 * 100,pro_ultima_compra=@@@2013.10.05@@@,pro_ultimo_proveedor=@@@84348700-9@@@ WHERE pro_codigo_plu=19916','',2,'2013-10-05'),(73827,'UPDATE mae_productos SET pro_precio_compra_bruto=457.05,pro_margen_actual=(pro_precio_venta-457.05)/457.05 * 100,pro_ultima_compra=@@@2013.10.05@@@,pro_ultimo_proveedor=@@@84348700-9@@@ WHERE pro_codigo_plu=101454','',2,'2013-10-05'),(73828,'UPDATE mae_productos SET pro_precio_compra_bruto=876.07,pro_margen_actual=(pro_precio_venta-876.07)/876.07 * 100,pro_ultima_compra=@@@2013.10.05@@@,pro_ultimo_proveedor=@@@84348700-9@@@ WHERE pro_codigo_plu=78017230','',2,'2013-10-05'),(73829,'UPDATE mae_productos SET pro_precio_compra_bruto=990,pro_margen_actual=(pro_precio_venta-990)/990 * 100,pro_ultima_compra=@@@2013.10.05@@@,pro_ultimo_proveedor=@@@84348700-9@@@ WHERE pro_codigo_plu=763293','',2,'2013-10-05'),(73830,'UPDATE mae_productos SET pro_precio_compra_bruto=990,pro_margen_actual=(pro_precio_venta-990)/990 * 100,pro_ultima_compra=@@@2013.10.05@@@,pro_ultimo_proveedor=@@@84348700-9@@@ WHERE pro_codigo_plu=762026','',2,'2013-10-05'),(73831,'UPDATE mae_productos SET pro_precio_compra_bruto=614.98,pro_margen_actual=(pro_precio_venta-614.98)/614.98 * 100,pro_ultima_compra=@@@2013.10.05@@@,pro_ultimo_proveedor=@@@84348700-9@@@ WHERE pro_codigo_plu=763348','',2,'2013-10-05'),(73832,'UPDATE mae_productos SET pro_precio_compra_bruto=605.11,pro_margen_actual=(pro_precio_venta-605.11)/605.11 * 100,pro_ultima_compra=@@@2013.10.05@@@,pro_ultimo_proveedor=@@@84348700-9@@@ WHERE pro_codigo_plu=12202','',2,'2013-10-05'),(73833,'UPDATE mae_productos SET pro_precio_compra_bruto=729.08,pro_margen_actual=(pro_precio_venta-729.08)/729.08 * 100,pro_ultima_compra=@@@2013.10.05@@@,pro_ultimo_proveedor=@@@84348700-9@@@ WHERE pro_codigo_plu=824','',2,'2013-10-05'),(73834,'UPDATE mae_productos SET pro_precio_compra_bruto=848.18,pro_margen_actual=(pro_precio_venta-848.18)/848.18 * 100,pro_ultima_compra=@@@2013.10.05@@@,pro_ultimo_proveedor=@@@84348700-9@@@ WHERE pro_codigo_plu=15103','',2,'2013-10-05'),(73835,'UPDATE mae_productos SET pro_precio_compra_bruto=534.72,pro_margen_actual=(pro_precio_venta-534.72)/534.72 * 100,pro_ultima_compra=@@@2013.10.05@@@,pro_ultimo_proveedor=@@@84348700-9@@@ WHERE pro_codigo_plu=21431','',2,'2013-10-05'),(73836,'UPDATE mae_productos SET pro_precio_compra_bruto=3677.1,pro_margen_actual=(pro_precio_venta-3677.1)/3677.1 * 100,pro_ultima_compra=@@@2013.10.05@@@,pro_ultimo_proveedor=@@@84348700-9@@@ WHERE pro_codigo_plu=780721909','',2,'2013-10-05'),(73837,'UPDATE mae_productos SET pro_precio_compra_bruto=3677.1,pro_margen_actual=(pro_precio_venta-3677.1)/3677.1 * 100,pro_ultima_compra=@@@2013.10.05@@@,pro_ultimo_proveedor=@@@84348700-9@@@ WHERE pro_codigo_plu=780721850','',2,'2013-10-05'),(73838,'UPDATE mae_productos SET pro_precio_compra_bruto=1913.5,pro_margen_actual=(pro_precio_venta-1913.5)/1913.5 * 100,pro_ultima_compra=@@@2013.10.05@@@,pro_ultimo_proveedor=@@@84348700-9@@@ WHERE pro_codigo_plu=8077','',2,'2013-10-05'),(73839,'UPDATE mae_productos SET pro_precio_compra_bruto=605.8,pro_margen_actual=(pro_precio_venta-605.8)/605.8 * 100,pro_ultima_compra=@@@2013.10.05@@@,pro_ultimo_proveedor=@@@84348700-9@@@ WHERE pro_codigo_plu=14830','',2,'2013-10-05'),(73840,'INSERT INTO gne_vale_ferreteria (vfe_id,vfe_fecha,vfe_total,vfe_estado,vfe_entregado,usu_nusuario) VALUES (12933,@@@2013.10.05@@@,2590,1,0,@@@G_DIAZ@@@)','',2,'2013-10-05'),(73841,'INSERT INTO gne_vale_ferreteria_mov (vfe_id,pro_codigo_plu,vfm_cantidad,vfm_unitario,vfm_total,vfm_entregado) VALUES (12933,780721849,1,2590,2590,@@@NO@@@)','',2,'2013-10-05'),(73842,'INSERT INTO gne_vale_ferreteria (vfe_id,vfe_fecha,vfe_total,vfe_estado,vfe_entregado,usu_nusuario) VALUES (12934,@@@2013.10.05@@@,150,1,0,@@@G_DIAZ@@@)','',2,'2013-10-05'),(73843,'INSERT INTO gne_vale_ferreteria_mov (vfe_id,pro_codigo_plu,vfm_cantidad,vfm_unitario,vfm_total,vfm_entregado) VALUES (12934,78017110,1,150,150,@@@NO@@@)','',2,'2013-10-05'),(73844,'INSERT INTO gne_vale_ferreteria (vfe_id,vfe_fecha,vfe_total,vfe_estado,vfe_entregado,usu_nusuario) VALUES (12935,@@@2013.10.05@@@,290,1,0,@@@G_DIAZ@@@)','',2,'2013-10-05'),(73845,'INSERT INTO gne_vale_ferreteria_mov (vfe_id,pro_codigo_plu,vfm_cantidad,vfm_unitario,vfm_total,vfm_entregado) VALUES (12935,780721468,1,290,290,@@@NO@@@)','',2,'2013-10-05'),(73846,'INSERT INTO gne_vale_ferreteria (vfe_id,vfe_fecha,vfe_total,vfe_estado,vfe_entregado,usu_nusuario) VALUES (12936,@@@2013.10.05@@@,3470,1,0,@@@G_DIAZ@@@)','',2,'2013-10-05'),(73847,'INSERT INTO gne_vale_ferreteria_mov (vfe_id,pro_codigo_plu,vfm_cantidad,vfm_unitario,vfm_total,vfm_entregado) VALUES (12936,4077,3,200,600,@@@NO@@@)','',2,'2013-10-05'),(73848,'INSERT INTO gne_vale_ferreteria_mov (vfe_id,pro_codigo_plu,vfm_cantidad,vfm_unitario,vfm_total,vfm_entregado) VALUES (12936,763773,1,1520,1520,@@@NO@@@)','',2,'2013-10-05'),(73849,'INSERT INTO gne_vale_ferreteria_mov (vfe_id,pro_codigo_plu,vfm_cantidad,vfm_unitario,vfm_total,vfm_entregado) VALUES (12936,763740,1,1350,1350,@@@NO@@@)','',2,'2013-10-05'),(73850,'INSERT INTO gne_vale_ferreteria (vfe_id,vfe_fecha,vfe_total,vfe_estado,vfe_entregado,usu_nusuario) VALUES (12937,@@@2013.10.05@@@,270,1,0,@@@G_DIAZ@@@)','',2,'2013-10-05'),(73851,'INSERT INTO gne_vale_ferreteria_mov (vfe_id,pro_codigo_plu,vfm_cantidad,vfm_unitario,vfm_total,vfm_entregado) VALUES (12937,78017147,3,90,270,@@@NO@@@)','',2,'2013-10-05'),(73852,'INSERT INTO gne_vale_ferreteria (vfe_id,vfe_fecha,vfe_total,vfe_estado,vfe_entregado,usu_nusuario) VALUES (12938,@@@2013.10.05@@@,720,1,0,@@@G_DIAZ@@@)','',2,'2013-10-05'),(73853,'INSERT INTO gne_vale_ferreteria_mov (vfe_id,pro_codigo_plu,vfm_cantidad,vfm_unitario,vfm_total,vfm_entregado) VALUES (12938,10989,1,720,720,@@@NO@@@)','',2,'2013-10-05'),(73854,'INSERT INTO gne_vale_ferreteria (vfe_id,vfe_fecha,vfe_total,vfe_estado,vfe_entregado,usu_nusuario) VALUES (12939,@@@2013.10.05@@@,3990,1,0,@@@G_DIAZ@@@)','',2,'2013-10-05'),(73855,'INSERT INTO gne_vale_ferreteria_mov (vfe_id,pro_codigo_plu,vfm_cantidad,vfm_unitario,vfm_total,vfm_entregado) VALUES (12939,764971,1,3990,3990,@@@NO@@@)','',2,'2013-10-05'),(73856,'INSERT INTO gne_vale_ferreteria (vfe_id,vfe_fecha,vfe_total,vfe_estado,vfe_entregado,usu_nusuario) VALUES (12940,@@@2013.10.05@@@,200,1,0,@@@G_DIAZ@@@)','',2,'2013-10-05'),(73857,'INSERT INTO gne_vale_ferreteria_mov (vfe_id,pro_codigo_plu,vfm_cantidad,vfm_unitario,vfm_total,vfm_entregado) VALUES (12940,1556,1,200,200,@@@NO@@@)','',2,'2013-10-05'),(73858,'INSERT INTO gne_vale_ferreteria (vfe_id,vfe_fecha,vfe_total,vfe_estado,vfe_entregado,usu_nusuario) VALUES (12941,@@@2013.10.05@@@,990,1,0,@@@G_DIAZ@@@)','',2,'2013-10-05'),(73859,'INSERT INTO gne_vale_ferreteria_mov (vfe_id,pro_codigo_plu,vfm_cantidad,vfm_unitario,vfm_total,vfm_entregado) VALUES (12941,763963,1,990,990,@@@NO@@@)','',2,'2013-10-05'),(73860,'INSERT INTO gne_vale_ferreteria (vfe_id,vfe_fecha,vfe_total,vfe_estado,vfe_entregado,usu_nusuario) VALUES (12942,@@@2013.10.05@@@,250,1,0,@@@G_DIAZ@@@)','',2,'2013-10-05'),(73861,'INSERT INTO gne_vale_ferreteria_mov (vfe_id,pro_codigo_plu,vfm_cantidad,vfm_unitario,vfm_total,vfm_entregado) VALUES (12942,780721186,1,250,250,@@@NO@@@)','',2,'2013-10-05'),(73862,'INSERT INTO gne_vale_ferreteria (vfe_id,vfe_fecha,vfe_total,vfe_estado,vfe_entregado,usu_nusuario) VALUES (12943,@@@2013.10.05@@@,590,1,0,@@@G_DIAZ@@@)','',2,'2013-10-05'),(73863,'INSERT INTO gne_vale_ferreteria_mov (vfe_id,pro_codigo_plu,vfm_cantidad,vfm_unitario,vfm_total,vfm_entregado) VALUES (12943,780721516,1,590,590,@@@NO@@@)','',2,'2013-10-05'),(73864,'INSERT INTO gne_vale_ferreteria (vfe_id,vfe_fecha,vfe_total,vfe_estado,vfe_entregado,usu_nusuario) VALUES (12944,@@@2013.10.05@@@,370,1,0,@@@G_DIAZ@@@)','',2,'2013-10-05'),(73865,'INSERT INTO gne_vale_ferreteria_mov (vfe_id,pro_codigo_plu,vfm_cantidad,vfm_unitario,vfm_total,vfm_entregado) VALUES (12944,102408,1,370,370,@@@NO@@@)','',2,'2013-10-05'),(73866,'INSERT INTO gne_vale_ferreteria (vfe_id,vfe_fecha,vfe_total,vfe_estado,vfe_entregado,usu_nusuario) VALUES (12945,@@@2013.10.05@@@,690,1,0,@@@G_DIAZ@@@)','',2,'2013-10-05'),(73867,'INSERT INTO gne_vale_ferreteria_mov (vfe_id,pro_codigo_plu,vfm_cantidad,vfm_unitario,vfm_total,vfm_entregado) VALUES (12945,1059,1,360,360,@@@NO@@@)','',2,'2013-10-05'),(73868,'INSERT INTO gne_vale_ferreteria_mov (vfe_id,pro_codigo_plu,vfm_cantidad,vfm_unitario,vfm_total,vfm_entregado) VALUES (12945,19918,1,330,330,@@@NO@@@)','',2,'2013-10-05'),(73869,'INSERT INTO gne_vale_ferreteria (vfe_id,vfe_fecha,vfe_total,vfe_estado,vfe_entregado,usu_nusuario) VALUES (12946,@@@2013.10.05@@@,4140,1,0,@@@G_DIAZ@@@)','',2,'2013-10-05'),(73870,'INSERT INTO gne_vale_ferreteria_mov (vfe_id,pro_codigo_plu,vfm_cantidad,vfm_unitario,vfm_total,vfm_entregado) VALUES (12946,764573,1,2990,2990,@@@NO@@@)','',2,'2013-10-05'),(73871,'INSERT INTO gne_vale_ferreteria_mov (vfe_id,pro_codigo_plu,vfm_cantidad,vfm_unitario,vfm_total,vfm_entregado) VALUES (12946,4057,1,1150,1150,@@@NO@@@)','',2,'2013-10-05'),(73872,'INSERT INTO gne_vale_ferreteria (vfe_id,vfe_fecha,vfe_total,vfe_estado,vfe_entregado,usu_nusuario) VALUES (12947,@@@2013.10.05@@@,3990,1,0,@@@G_DIAZ@@@)','',2,'2013-10-05'),(73873,'INSERT INTO gne_vale_ferreteria_mov (vfe_id,pro_codigo_plu,vfm_cantidad,vfm_unitario,vfm_total,vfm_entregado) VALUES (12947,764971,1,3990,3990,@@@NO@@@)','',2,'2013-10-05'),(73874,'INSERT INTO gne_vale_ferreteria (vfe_id,vfe_fecha,vfe_total,vfe_estado,vfe_entregado,usu_nusuario) VALUES (12948,@@@2013.10.05@@@,200,1,0,@@@G_DIAZ@@@)','',2,'2013-10-05'),(73875,'INSERT INTO gne_vale_ferreteria_mov (vfe_id,pro_codigo_plu,vfm_cantidad,vfm_unitario,vfm_total,vfm_entregado) VALUES (12948,78017176,1,200,200,@@@NO@@@)','',2,'2013-10-05'),(73876,'INSERT INTO gne_vale_ferreteria (vfe_id,vfe_fecha,vfe_total,vfe_estado,vfe_entregado,usu_nusuario) VALUES (12949,@@@2013.10.05@@@,150,1,0,@@@G_DIAZ@@@)','',2,'2013-10-05'),(73877,'INSERT INTO gne_vale_ferreteria_mov (vfe_id,pro_codigo_plu,vfm_cantidad,vfm_unitario,vfm_total,vfm_entregado) VALUES (12949,8021,1,150,150,@@@NO@@@)','',2,'2013-10-05'),(73878,'INSERT INTO gne_vale_ferreteria (vfe_id,vfe_fecha,vfe_total,vfe_estado,vfe_entregado,usu_nusuario) VALUES (12950,@@@2013.10.05@@@,50,1,0,@@@G_DIAZ@@@)','',2,'2013-10-05'),(73879,'INSERT INTO gne_vale_ferreteria_mov (vfe_id,pro_codigo_plu,vfm_cantidad,vfm_unitario,vfm_total,vfm_entregado) VALUES (12950,4129,1,50,50,@@@NO@@@)','',2,'2013-10-05'),(73880,'INSERT INTO gne_vale_ferreteria (vfe_id,vfe_fecha,vfe_total,vfe_estado,vfe_entregado,usu_nusuario) VALUES (12951,@@@2013.10.05@@@,3190,1,0,@@@G_DIAZ@@@)','',2,'2013-10-05'),(73881,'INSERT INTO gne_vale_ferreteria_mov (vfe_id,pro_codigo_plu,vfm_cantidad,vfm_unitario,vfm_total,vfm_entregado) VALUES (12951,780721450,1,3190,3190,@@@NO@@@)','',2,'2013-10-05'),(73882,'INSERT INTO gne_vale_ferreteria (vfe_id,vfe_fecha,vfe_total,vfe_estado,vfe_entregado,usu_nusuario) VALUES (12952,@@@2013.10.05@@@,3190,1,0,@@@G_DIAZ@@@)','',2,'2013-10-05'),(73883,'INSERT INTO gne_vale_ferreteria_mov (vfe_id,pro_codigo_plu,vfm_cantidad,vfm_unitario,vfm_total,vfm_entregado) VALUES (12952,780721450,1,3190,3190,@@@NO@@@)','',2,'2013-10-05'),(73884,'INSERT INTO gne_vale_ferreteria (vfe_id,vfe_fecha,vfe_total,vfe_estado,vfe_entregado,usu_nusuario) VALUES (12953,@@@2013.10.05@@@,2170,1,0,@@@G_DIAZ@@@)','',2,'2013-10-05'),(73885,'INSERT INTO gne_vale_ferreteria_mov (vfe_id,pro_codigo_plu,vfm_cantidad,vfm_unitario,vfm_total,vfm_entregado) VALUES (12953,780721669,1,490,490,@@@NO@@@)','',2,'2013-10-05'),(73886,'INSERT INTO gne_vale_ferreteria_mov (vfe_id,pro_codigo_plu,vfm_cantidad,vfm_unitario,vfm_total,vfm_entregado) VALUES (12953,78017194,1,200,200,@@@NO@@@)','',2,'2013-10-05'),(73887,'INSERT INTO gne_vale_ferreteria_mov (vfe_id,pro_codigo_plu,vfm_cantidad,vfm_unitario,vfm_total,vfm_entregado) VALUES (12953,780721305,2,490,980,@@@NO@@@)','',2,'2013-10-05'),(73888,'INSERT INTO gne_vale_ferreteria_mov (vfe_id,pro_codigo_plu,vfm_cantidad,vfm_unitario,vfm_total,vfm_entregado) VALUES (12953,1070,2,250,500,@@@NO@@@)','',2,'2013-10-05'),(73889,'INSERT INTO gne_vale_ferreteria (vfe_id,vfe_fecha,vfe_total,vfe_estado,vfe_entregado,usu_nusuario) VALUES (12954,@@@2013.10.05@@@,3080,1,0,@@@G_DIAZ@@@)','',2,'2013-10-05'),(73890,'INSERT INTO gne_vale_ferreteria_mov (vfe_id,pro_codigo_plu,vfm_cantidad,vfm_unitario,vfm_total,vfm_entregado) VALUES (12954,764448,1,2290,2290,@@@NO@@@)','',2,'2013-10-05'),(73891,'INSERT INTO gne_vale_ferreteria_mov (vfe_id,pro_codigo_plu,vfm_cantidad,vfm_unitario,vfm_total,vfm_entregado) VALUES (12954,1553,1,790,790,@@@NO@@@)','',2,'2013-10-05'),(73892,'INSERT INTO gne_vale_ferreteria (vfe_id,vfe_fecha,vfe_total,vfe_estado,vfe_entregado,usu_nusuario) VALUES (12955,@@@2013.10.05@@@,790,1,0,@@@G_DIAZ@@@)','',2,'2013-10-05'),(73893,'INSERT INTO gne_vale_ferreteria_mov (vfe_id,pro_codigo_plu,vfm_cantidad,vfm_unitario,vfm_total,vfm_entregado) VALUES (12955,1553,1,790,790,@@@NO@@@)','',2,'2013-10-05'),(73894,'INSERT INTO gne_vale_ferreteria (vfe_id,vfe_fecha,vfe_total,vfe_estado,vfe_entregado,usu_nusuario) VALUES (12956,@@@2013.10.05@@@,1790,1,0,@@@G_DIAZ@@@)','',2,'2013-10-05'),(73895,'INSERT INTO gne_vale_ferreteria_mov (vfe_id,pro_codigo_plu,vfm_cantidad,vfm_unitario,vfm_total,vfm_entregado) VALUES (12956,763741,1,1790,1790,@@@NO@@@)','',2,'2013-10-05'),(73896,'INSERT INTO gne_vale_ferreteria (vfe_id,vfe_fecha,vfe_total,vfe_estado,vfe_entregado,usu_nusuario) VALUES (12957,@@@2013.10.05@@@,2940,1,0,@@@G_DIAZ@@@)','',2,'2013-10-05'),(73897,'INSERT INTO gne_vale_ferreteria_mov (vfe_id,pro_codigo_plu,vfm_cantidad,vfm_unitario,vfm_total,vfm_entregado) VALUES (12957,780721733,1,2150,2150,@@@NO@@@)','',2,'2013-10-05'),(73898,'INSERT INTO gne_vale_ferreteria_mov (vfe_id,pro_codigo_plu,vfm_cantidad,vfm_unitario,vfm_total,vfm_entregado) VALUES (12957,1553,1,790,790,@@@NO@@@)','',2,'2013-10-05'),(73899,'UPDATE mae_productos SET pro_precio_venta=790,pro_margen_actual= 35.68 WHERE pro_codigo_plu=19916','',2,'2013-10-05'),(73900,'UPDATE mae_productos SET pro_precio_venta=2490,pro_margen_actual= 30.13 WHERE pro_codigo_plu=8077','',2,'2013-10-05'),(73901,'UPDATE mae_productos SET pro_precio_venta=599,pro_margen_actual= 31.06 WHERE pro_codigo_plu=101454','',2,'2013-10-05'),(73902,'UPDATE mae_productos SET pro_precio_venta=1360,pro_margen_actual= 30.39 WHERE pro_codigo_plu=10253','',2,'2013-10-05'),(73903,'UPDATE mae_productos SET pro_precio_venta=4780,pro_margen_actual= 29.99 WHERE pro_codigo_plu=780721909','',2,'2013-10-05'),(73904,'UPDATE mae_productos SET pro_precio_venta=1990,pro_margen_actual= 37.3 WHERE pro_codigo_plu=100473','',2,'2013-10-05'),(73905,'UPDATE mae_productos SET pro_precio_venta=1150,pro_margen_actual= 35.58 WHERE pro_codigo_plu=15103','',2,'2013-10-05'),(73906,'INSERT INTO gne_vale_ferreteria (vfe_id,vfe_fecha,vfe_total,vfe_estado,vfe_entregado,usu_nusuario) VALUES (12958,@@@2013.10.05@@@,960,1,0,@@@G_DIAZ@@@)','',2,'2013-10-05'),(73907,'INSERT INTO gne_vale_ferreteria_mov (vfe_id,pro_codigo_plu,vfm_cantidad,vfm_unitario,vfm_total,vfm_entregado) VALUES (12958,15935,2,480,960,@@@NO@@@)','',2,'2013-10-05'),(73908,'UPDATE mae_productos SET pro_margen_actual=30.39,pro_precio_venta=1360 WHERE pro_codigo_plu=10253','',2,'2013-10-05'),(73909,'UPDATE mae_productos SET pro_margen_actual=29.99,pro_precio_venta=4780 WHERE pro_codigo_plu=780721909','',2,'2013-10-05'),(73910,'UPDATE mae_productos SET pro_margen_actual=37.3,pro_precio_venta=1990 WHERE pro_codigo_plu=100473','',2,'2013-10-05'),(73911,'UPDATE mae_productos SET pro_margen_actual=30.13,pro_precio_venta=2490 WHERE pro_codigo_plu=8077','',2,'2013-10-05'),(73912,'UPDATE mae_productos SET pro_margen_actual=31.06,pro_precio_venta=599 WHERE pro_codigo_plu=101454','',2,'2013-10-05'),(73913,'UPDATE mae_productos SET pro_margen_actual=35.68,pro_precio_venta=790 WHERE pro_codigo_plu=19916','',2,'2013-10-05'),(73914,'UPDATE mae_productos SET pro_margen_actual=35.58,pro_precio_venta=1150 WHERE pro_codigo_plu=15103','',2,'2013-10-05'),(73915,'UPDATE mae_productos SET pro_margen_actual=-2.94,pro_precio_venta=1490 WHERE pro_codigo_plu=130','',2,'2013-10-05'),(73916,'INSERT INTO gne_vale_ferreteria (vfe_id,vfe_fecha,vfe_total,vfe_estado,vfe_entregado,usu_nusuario) VALUES (12959,@@@2013.10.05@@@,300,1,0,@@@G_DIAZ@@@)','',2,'2013-10-05'),(73917,'INSERT INTO gne_vale_ferreteria_mov (vfe_id,pro_codigo_plu,vfm_cantidad,vfm_unitario,vfm_total,vfm_entregado) VALUES (12959,78017110,2,150,300,@@@NO@@@)','',2,'2013-10-05'),(73918,'UPDATE mae_productos SET pro_precio_fiscal=pro_precio_venta WHERE pro_codigo_plu=130','',2,'2013-10-05'),(73919,'UPDATE mae_productos SET pro_precio_fiscal=pro_precio_venta WHERE pro_codigo_plu=19916','',2,'2013-10-05'),(73920,'UPDATE mae_productos SET pro_precio_fiscal=pro_precio_venta WHERE pro_codigo_plu=8077','',2,'2013-10-05'),(73921,'UPDATE mae_productos SET pro_precio_fiscal=pro_precio_venta WHERE pro_codigo_plu=101454','',2,'2013-10-05'),(73922,'UPDATE mae_productos SET pro_precio_fiscal=pro_precio_venta WHERE pro_codigo_plu=780721909','',2,'2013-10-05'),(73923,'UPDATE mae_productos SET pro_precio_fiscal=pro_precio_venta WHERE pro_codigo_plu=100473','',2,'2013-10-05'),(73924,'UPDATE mae_productos SET pro_precio_fiscal=pro_precio_venta WHERE pro_codigo_plu=15103','',2,'2013-10-05'),(73925,'INSERT INTO gne_vale_ferreteria (vfe_id,vfe_fecha,vfe_total,vfe_estado,vfe_entregado,usu_nusuario) VALUES (12960,@@@2013.10.05@@@,150,1,0,@@@G_DIAZ@@@)','',2,'2013-10-05'),(73926,'INSERT INTO gne_vale_ferreteria_mov (vfe_id,pro_codigo_plu,vfm_cantidad,vfm_unitario,vfm_total,vfm_entregado) VALUES (12960,78017110,1,150,150,@@@NO@@@)','',2,'2013-10-05'),(73927,'UPDATE mae_productos SET pro_margen_actual=3.58,pro_precio_venta=1590 WHERE pro_codigo_plu=130','',2,'2013-10-05'),(73928,'UPDATE mae_productos SET pro_precio_fiscal=pro_precio_venta WHERE pro_codigo_plu=130','',2,'2013-10-05'),(73929,'INSERT INTO gne_vale_ferreteria (vfe_id,vfe_fecha,vfe_total,vfe_estado,vfe_entregado,usu_nusuario) VALUES (12961,@@@2013.10.05@@@,1020,1,0,@@@G_DIAZ@@@)','',2,'2013-10-05'),(73930,'INSERT INTO gne_vale_ferreteria_mov (vfe_id,pro_codigo_plu,vfm_cantidad,vfm_unitario,vfm_total,vfm_entregado) VALUES (12961,764826,2,250,500,@@@NO@@@)','',2,'2013-10-05'),(73931,'INSERT INTO gne_vale_ferreteria_mov (vfe_id,pro_codigo_plu,vfm_cantidad,vfm_unitario,vfm_total,vfm_entregado) VALUES (12961,780721281,2,180,360,@@@NO@@@)','',2,'2013-10-05'),(73932,'INSERT INTO gne_vale_ferreteria_mov (vfe_id,pro_codigo_plu,vfm_cantidad,vfm_unitario,vfm_total,vfm_entregado) VALUES (12961,770001,2,80,160,@@@NO@@@)','',2,'2013-10-05'),(73933,'INSERT INTO gne_vale_ferreteria (vfe_id,vfe_fecha,vfe_total,vfe_estado,vfe_entregado,usu_nusuario) VALUES (12962,@@@2013.10.05@@@,960,1,0,@@@G_DIAZ@@@)','',2,'2013-10-05'),(73934,'INSERT INTO gne_vale_ferreteria_mov (vfe_id,pro_codigo_plu,vfm_cantidad,vfm_unitario,vfm_total,vfm_entregado) VALUES (12962,15935,2,480,960,@@@NO@@@)','',2,'2013-10-05'),(73935,'INSERT INTO gne_vale_ferreteria (vfe_id,vfe_fecha,vfe_total,vfe_estado,vfe_entregado,usu_nusuario) VALUES (12963,@@@2013.10.05@@@,2610,1,0,@@@G_DIAZ@@@)','',2,'2013-10-05'),(73936,'INSERT INTO gne_vale_ferreteria_mov (vfe_id,pro_codigo_plu,vfm_cantidad,vfm_unitario,vfm_total,vfm_entregado) VALUES (12963,1079,1,720,720,@@@NO@@@)','',2,'2013-10-05'),(73937,'INSERT INTO gne_vale_ferreteria_mov (vfe_id,pro_codigo_plu,vfm_cantidad,vfm_unitario,vfm_total,vfm_entregado) VALUES (12963,101623,1,1890,1890,@@@NO@@@)','',2,'2013-10-05'),(73938,'INSERT INTO gne_vale_ferreteria (vfe_id,vfe_fecha,vfe_total,vfe_estado,vfe_entregado,usu_nusuario) VALUES (12964,@@@2013.10.05@@@,1390,1,0,@@@G_DIAZ@@@)','',2,'2013-10-05'),(73939,'INSERT INTO gne_vale_ferreteria_mov (vfe_id,pro_codigo_plu,vfm_cantidad,vfm_unitario,vfm_total,vfm_entregado) VALUES (12964,764615,1,1390,1390,@@@NO@@@)','',2,'2013-10-05'),(73940,'INSERT INTO gne_vale_ferreteria (vfe_id,vfe_fecha,vfe_total,vfe_estado,vfe_entregado,usu_nusuario) VALUES (12965,@@@2013.10.05@@@,1980,1,0,@@@G_DIAZ@@@)','',2,'2013-10-05'),(73941,'INSERT INTO gne_vale_ferreteria_mov (vfe_id,pro_codigo_plu,vfm_cantidad,vfm_unitario,vfm_total,vfm_entregado) VALUES (12965,20438,1,1390,1390,@@@NO@@@)','',2,'2013-10-05'),(73942,'INSERT INTO gne_vale_ferreteria_mov (vfe_id,pro_codigo_plu,vfm_cantidad,vfm_unitario,vfm_total,vfm_entregado) VALUES (12965,780721516,1,590,590,@@@NO@@@)','',2,'2013-10-05'),(73943,'INSERT INTO gne_vale_ferreteria (vfe_id,vfe_fecha,vfe_total,vfe_estado,vfe_entregado,usu_nusuario) VALUES (12966,@@@2013.10.05@@@,1550,1,0,@@@G_DIAZ@@@)','',2,'2013-10-05'),(73944,'INSERT INTO gne_vale_ferreteria_mov (vfe_id,pro_codigo_plu,vfm_cantidad,vfm_unitario,vfm_total,vfm_entregado) VALUES (12966,12033,1,1550,1550,@@@NO@@@)','',2,'2013-10-05'),(73945,'INSERT INTO gne_vale_ferreteria (vfe_id,vfe_fecha,vfe_total,vfe_estado,vfe_entregado,usu_nusuario) VALUES (12967,@@@2013.10.05@@@,2690,1,0,@@@G_DIAZ@@@)','',2,'2013-10-05'),(73946,'INSERT INTO gne_vale_ferreteria_mov (vfe_id,pro_codigo_plu,vfm_cantidad,vfm_unitario,vfm_total,vfm_entregado) VALUES (12967,764717,1,2690,2690,@@@NO@@@)','',2,'2013-10-05'),(73947,'INSERT INTO gne_vale_ferreteria (vfe_id,vfe_fecha,vfe_total,vfe_estado,vfe_entregado,usu_nusuario) VALUES (12968,@@@2013.10.05@@@,1190,1,0,@@@G_DIAZ@@@)','',2,'2013-10-05'),(73948,'INSERT INTO gne_vale_ferreteria_mov (vfe_id,pro_codigo_plu,vfm_cantidad,vfm_unitario,vfm_total,vfm_entregado) VALUES (12968,4069,1,1190,1190,@@@NO@@@)','',2,'2013-10-05'),(73949,'INSERT INTO gne_vale_ferreteria (vfe_id,vfe_fecha,vfe_total,vfe_estado,vfe_entregado,usu_nusuario) VALUES (12969,@@@2013.10.05@@@,300,1,0,@@@G_DIAZ@@@)','',2,'2013-10-05'),(73950,'INSERT INTO gne_vale_ferreteria_mov (vfe_id,pro_codigo_plu,vfm_cantidad,vfm_unitario,vfm_total,vfm_entregado) VALUES (12969,2004,1,300,300,@@@NO@@@)','',2,'2013-10-05'),(73951,'INSERT INTO gne_vale_ferreteria (vfe_id,vfe_fecha,vfe_total,vfe_estado,vfe_entregado,usu_nusuario) VALUES (12970,@@@2013.10.05@@@,490,1,0,@@@G_DIAZ@@@)','',2,'2013-10-05'),(73952,'INSERT INTO gne_vale_ferreteria_mov (vfe_id,pro_codigo_plu,vfm_cantidad,vfm_unitario,vfm_total,vfm_entregado) VALUES (12970,2006,1,490,490,@@@NO@@@)','',2,'2013-10-05'),(73953,'INSERT INTO gne_vale_ferreteria (vfe_id,vfe_fecha,vfe_total,vfe_estado,vfe_entregado,usu_nusuario) VALUES (12971,@@@2013.10.05@@@,980,1,0,@@@G_DIAZ@@@)','',2,'2013-10-05'),(73954,'INSERT INTO gne_vale_ferreteria_mov (vfe_id,pro_codigo_plu,vfm_cantidad,vfm_unitario,vfm_total,vfm_entregado) VALUES (12971,19876,1,980,980,@@@NO@@@)','',2,'2013-10-05'),(73955,'INSERT INTO gne_vale_ferreteria (vfe_id,vfe_fecha,vfe_total,vfe_estado,vfe_entregado,usu_nusuario) VALUES (12972,@@@2013.10.05@@@,1300,1,0,@@@G_DIAZ@@@)','',2,'2013-10-05'),(73956,'INSERT INTO gne_vale_ferreteria_mov (vfe_id,pro_codigo_plu,vfm_cantidad,vfm_unitario,vfm_total,vfm_entregado) VALUES (12972,763582,2,650,1300,@@@NO@@@)','',2,'2013-10-05'),(73957,'INSERT INTO gne_vale_ferreteria (vfe_id,vfe_fecha,vfe_total,vfe_estado,vfe_entregado,usu_nusuario) VALUES (12973,@@@2013.10.05@@@,1840,1,0,@@@G_DIAZ@@@)','',2,'2013-10-05'),(73958,'INSERT INTO gne_vale_ferreteria_mov (vfe_id,pro_codigo_plu,vfm_cantidad,vfm_unitario,vfm_total,vfm_entregado) VALUES (12973,780220180,2,620,1240,@@@NO@@@)','',2,'2013-10-05'),(73959,'INSERT INTO gne_vale_ferreteria_mov (vfe_id,pro_codigo_plu,vfm_cantidad,vfm_unitario,vfm_total,vfm_entregado) VALUES (12973,780721422,2,300,600,@@@NO@@@)','',2,'2013-10-05'),(73960,'INSERT INTO gne_vale_ferreteria (vfe_id,vfe_fecha,vfe_total,vfe_estado,vfe_entregado,usu_nusuario) VALUES (12974,@@@2013.10.05@@@,590,1,0,@@@G_DIAZ@@@)','',2,'2013-10-05'),(73961,'INSERT INTO gne_vale_ferreteria_mov (vfe_id,pro_codigo_plu,vfm_cantidad,vfm_unitario,vfm_total,vfm_entregado) VALUES (12974,78017126,1,490,490,@@@NO@@@)','',2,'2013-10-05'),(73962,'INSERT INTO gne_vale_ferreteria_mov (vfe_id,pro_codigo_plu,vfm_cantidad,vfm_unitario,vfm_total,vfm_entregado) VALUES (12974,770003,10,10,100,@@@NO@@@)','',2,'2013-10-05'),(73963,'INSERT INTO gne_vale_ferreteria (vfe_id,vfe_fecha,vfe_total,vfe_estado,vfe_entregado,usu_nusuario) VALUES (12975,@@@2013.10.05@@@,990,1,0,@@@G_DIAZ@@@)','',2,'2013-10-05'),(73964,'INSERT INTO gne_vale_ferreteria_mov (vfe_id,pro_codigo_plu,vfm_cantidad,vfm_unitario,vfm_total,vfm_entregado) VALUES (12975,763585,3,330,990,@@@NO@@@)','',2,'2013-10-05'),(73965,'INSERT INTO gne_vale_ferreteria (vfe_id,vfe_fecha,vfe_total,vfe_estado,vfe_entregado,usu_nusuario) VALUES (12976,@@@2013.10.05@@@,3120,1,0,@@@G_DIAZ@@@)','',2,'2013-10-05'),(73966,'INSERT INTO gne_vale_ferreteria_mov (vfe_id,pro_codigo_plu,vfm_cantidad,vfm_unitario,vfm_total,vfm_entregado) VALUES (12976,765000,8,390,3120,@@@NO@@@)','',2,'2013-10-05'),(73967,'INSERT INTO gne_vale_ferreteria (vfe_id,vfe_fecha,vfe_total,vfe_estado,vfe_entregado,usu_nusuario) VALUES (12977,@@@2013.10.05@@@,1170,1,0,@@@G_DIAZ@@@)','',2,'2013-10-05'),(73968,'INSERT INTO gne_vale_ferreteria_mov (vfe_id,pro_codigo_plu,vfm_cantidad,vfm_unitario,vfm_total,vfm_entregado) VALUES (12977,765000,3,390,1170,@@@NO@@@)','',2,'2013-10-05'),(73969,'INSERT INTO gne_vale_ferreteria (vfe_id,vfe_fecha,vfe_total,vfe_estado,vfe_entregado,usu_nusuario) VALUES (12978,@@@2013.10.05@@@,450,1,0,@@@G_DIAZ@@@)','',2,'2013-10-05'),(73970,'INSERT INTO gne_vale_ferreteria_mov (vfe_id,pro_codigo_plu,vfm_cantidad,vfm_unitario,vfm_total,vfm_entregado) VALUES (12978,764272,1,450,450,@@@NO@@@)','',2,'2013-10-05'),(73971,'INSERT INTO gne_vale_ferreteria (vfe_id,vfe_fecha,vfe_total,vfe_estado,vfe_entregado,usu_nusuario) VALUES (12979,@@@2013.10.05@@@,200,1,0,@@@G_DIAZ@@@)','',2,'2013-10-05'),(73972,'INSERT INTO gne_vale_ferreteria_mov (vfe_id,pro_codigo_plu,vfm_cantidad,vfm_unitario,vfm_total,vfm_entregado) VALUES (12979,78017176,1,200,200,@@@NO@@@)','',2,'2013-10-05'),(73973,'INSERT INTO gne_vale_ferreteria (vfe_id,vfe_fecha,vfe_total,vfe_estado,vfe_entregado,usu_nusuario) VALUES (12980,@@@2013.10.05@@@,250,1,0,@@@G_DIAZ@@@)','',2,'2013-10-05'),(73974,'INSERT INTO gne_vale_ferreteria_mov (vfe_id,pro_codigo_plu,vfm_cantidad,vfm_unitario,vfm_total,vfm_entregado) VALUES (12980,1070,1,250,250,@@@NO@@@)','',2,'2013-10-05'),(73975,'INSERT INTO gne_vale_ferreteria (vfe_id,vfe_fecha,vfe_total,vfe_estado,vfe_entregado,usu_nusuario) VALUES (12981,@@@2013.10.05@@@,390,1,0,@@@G_DIAZ@@@)','',2,'2013-10-05'),(73976,'INSERT INTO gne_vale_ferreteria_mov (vfe_id,pro_codigo_plu,vfm_cantidad,vfm_unitario,vfm_total,vfm_entregado) VALUES (12981,101102,1,390,390,@@@NO@@@)','',2,'2013-10-05'),(73977,'INSERT INTO gne_vale_ferreteria (vfe_id,vfe_fecha,vfe_total,vfe_estado,vfe_entregado,usu_nusuario) VALUES (12982,@@@2013.10.05@@@,2260,1,0,@@@G_DIAZ@@@)','',2,'2013-10-05'),(73978,'INSERT INTO gne_vale_ferreteria_mov (vfe_id,pro_codigo_plu,vfm_cantidad,vfm_unitario,vfm_total,vfm_entregado) VALUES (12982,101098,1,890,890,@@@NO@@@)','',2,'2013-10-05'),(73979,'INSERT INTO gne_vale_ferreteria_mov (vfe_id,pro_codigo_plu,vfm_cantidad,vfm_unitario,vfm_total,vfm_entregado) VALUES (12982,20598,1,590,590,@@@NO@@@)','',2,'2013-10-05'),(73980,'INSERT INTO gne_vale_ferreteria_mov (vfe_id,pro_codigo_plu,vfm_cantidad,vfm_unitario,vfm_total,vfm_entregado) VALUES (12982,7500,2,390,780,@@@NO@@@)','',2,'2013-10-05'),(73981,'INSERT INTO gne_vale_ferreteria (vfe_id,vfe_fecha,vfe_total,vfe_estado,vfe_entregado,usu_nusuario) VALUES (12983,@@@2013.10.05@@@,2490,1,0,@@@G_DIAZ@@@)','',2,'2013-10-05'),(73982,'INSERT INTO gne_vale_ferreteria_mov (vfe_id,pro_codigo_plu,vfm_cantidad,vfm_unitario,vfm_total,vfm_entregado) VALUES (12983,7500,1,390,390,@@@NO@@@)','',2,'2013-10-05'),(73983,'INSERT INTO gne_vale_ferreteria_mov (vfe_id,pro_codigo_plu,vfm_cantidad,vfm_unitario,vfm_total,vfm_entregado) VALUES (12983,763995,1,2100,2100,@@@NO@@@)','',2,'2013-10-05'),(73984,'INSERT INTO gne_vale_ferreteria (vfe_id,vfe_fecha,vfe_total,vfe_estado,vfe_entregado,usu_nusuario) VALUES (12984,@@@2013.10.05@@@,200,1,0,@@@G_DIAZ@@@)','',2,'2013-10-05'),(73985,'INSERT INTO gne_vale_ferreteria_mov (vfe_id,pro_codigo_plu,vfm_cantidad,vfm_unitario,vfm_total,vfm_entregado) VALUES (12984,764833,20,10,200,@@@NO@@@)','',2,'2013-10-05'),(73986,'INSERT INTO gne_vale_ferreteria (vfe_id,vfe_fecha,vfe_total,vfe_estado,vfe_entregado,usu_nusuario) VALUES (12985,@@@2013.10.05@@@,720,1,0,@@@G_DIAZ@@@)','',2,'2013-10-05'),(73987,'INSERT INTO gne_vale_ferreteria_mov (vfe_id,pro_codigo_plu,vfm_cantidad,vfm_unitario,vfm_total,vfm_entregado) VALUES (12985,1079,1,720,720,@@@NO@@@)','',2,'2013-10-05'),(73988,'INSERT INTO gne_vale_ferreteria (vfe_id,vfe_fecha,vfe_total,vfe_estado,vfe_entregado,usu_nusuario) VALUES (12986,@@@2013.10.05@@@,800,1,0,@@@G_DIAZ@@@)','',2,'2013-10-05'),(73989,'INSERT INTO gne_vale_ferreteria_mov (vfe_id,pro_codigo_plu,vfm_cantidad,vfm_unitario,vfm_total,vfm_entregado) VALUES (12986,78017110,2,150,300,@@@NO@@@)','',2,'2013-10-05'),(73990,'INSERT INTO gne_vale_ferreteria_mov (vfe_id,pro_codigo_plu,vfm_cantidad,vfm_unitario,vfm_total,vfm_entregado) VALUES (12986,78017105,2,250,500,@@@NO@@@)','',2,'2013-10-05'),(73991,'UPDATE mae_productos SET pro_margen_actual=0,pro_precio_venta=390 WHERE pro_codigo_plu=513','',2,'2013-10-05'),(73992,'UPDATE mae_productos SET pro_precio_fiscal=pro_precio_venta WHERE pro_codigo_plu=513','',2,'2013-10-05'),(73993,'INSERT INTO gne_vale_ferreteria (vfe_id,vfe_fecha,vfe_total,vfe_estado,vfe_entregado,usu_nusuario) VALUES (12987,@@@2013.10.05@@@,120,1,0,@@@G_DIAZ@@@)','',2,'2013-10-05'),(73994,'INSERT INTO gne_vale_ferreteria_mov (vfe_id,pro_codigo_plu,vfm_cantidad,vfm_unitario,vfm_total,vfm_entregado) VALUES (12987,8022,1,120,120,@@@NO@@@)','',2,'2013-10-05'),(73995,'UPDATE mae_productos SET pro_precio_venta=250,pro_margen_actual= 65.56 WHERE pro_codigo_plu=780721824','',2,'2013-10-05'),(73996,'INSERT INTO gne_vale_ferreteria (vfe_id,vfe_fecha,vfe_total,vfe_estado,vfe_entregado,usu_nusuario) VALUES (12988,@@@2013.10.05@@@,400,1,0,@@@G_DIAZ@@@)','',2,'2013-10-05'),(73997,'INSERT INTO gne_vale_ferreteria_mov (vfe_id,pro_codigo_plu,vfm_cantidad,vfm_unitario,vfm_total,vfm_entregado) VALUES (12988,101433,1,300,300,@@@NO@@@)','',2,'2013-10-05'),(73998,'INSERT INTO gne_vale_ferreteria_mov (vfe_id,pro_codigo_plu,vfm_cantidad,vfm_unitario,vfm_total,vfm_entregado) VALUES (12988,78017190,1,100,100,@@@NO@@@)','',2,'2013-10-05'),(73999,'INSERT INTO gne_vale_ferreteria (vfe_id,vfe_fecha,vfe_total,vfe_estado,vfe_entregado,usu_nusuario) VALUES (12989,@@@2013.10.05@@@,200,1,0,@@@G_DIAZ@@@)','',2,'2013-10-05'),(74000,'INSERT INTO gne_vale_ferreteria_mov (vfe_id,pro_codigo_plu,vfm_cantidad,vfm_unitario,vfm_total,vfm_entregado) VALUES (12989,78017233,2,100,200,@@@NO@@@)','',2,'2013-10-05'),(74001,'UPDATE mae_productos SET pro_precio_fiscal=pro_precio_venta WHERE pro_codigo_plu=780721824','',2,'2013-10-05'),(74002,'UPDATE mae_productos SET pro_precio_venta=1390,pro_margen_actual= 56.53 WHERE pro_codigo_plu=780721876','',2,'2013-10-05'),(74003,'INSERT INTO gne_vale_ferreteria (vfe_id,vfe_fecha,vfe_total,vfe_estado,vfe_entregado,usu_nusuario) VALUES (12990,@@@2013.10.05@@@,500,1,0,@@@G_DIAZ@@@)','',2,'2013-10-05'),(74004,'INSERT INTO gne_vale_ferreteria_mov (vfe_id,pro_codigo_plu,vfm_cantidad,vfm_unitario,vfm_total,vfm_entregado) VALUES (12990,770003,50,10,500,@@@NO@@@)','',2,'2013-10-05'),(74005,'INSERT INTO gne_vale_ferreteria (vfe_id,vfe_fecha,vfe_total,vfe_estado,vfe_entregado,usu_nusuario) VALUES (12991,@@@2013.10.05@@@,150,1,0,@@@G_DIAZ@@@)','',2,'2013-10-05'),(74006,'INSERT INTO gne_vale_ferreteria_mov (vfe_id,pro_codigo_plu,vfm_cantidad,vfm_unitario,vfm_total,vfm_entregado) VALUES (12991,770003,15,10,150,@@@NO@@@)','',2,'2013-10-05'),(74007,'INSERT INTO gne_vale_ferreteria (vfe_id,vfe_fecha,vfe_total,vfe_estado,vfe_entregado,usu_nusuario) VALUES (12992,@@@2013.10.05@@@,390,1,0,@@@G_DIAZ@@@)','',2,'2013-10-05'),(74008,'INSERT INTO gne_vale_ferreteria_mov (vfe_id,pro_codigo_plu,vfm_cantidad,vfm_unitario,vfm_total,vfm_entregado) VALUES (12992,764846,1,390,390,@@@NO@@@)','',2,'2013-10-05'),(74009,'UPDATE mae_productos SET pro_precio_venta=1889,pro_margen_actual= 58.74 WHERE pro_codigo_plu=352','',2,'2013-10-05'),(74010,'UPDATE mae_productos SET pro_precio_venta=170,pro_margen_actual= 73.61 WHERE pro_codigo_plu=761480','',2,'2013-10-05'),(74011,'UPDATE mae_productos SET pro_precio_fiscal=pro_precio_venta WHERE pro_codigo_plu=780721876','',2,'2013-10-05'),(74012,'UPDATE mae_productos SET pro_margen_actual=53.19,pro_precio_venta=150 WHERE pro_codigo_plu=761480','',2,'2013-10-05'),(74013,'UPDATE mae_productos SET pro_margen_actual=55.46,pro_precio_venta=1850 WHERE pro_codigo_plu=352','',2,'2013-10-05'),(74014,'UPDATE mae_productos SET pro_precio_fiscal=pro_precio_venta WHERE pro_codigo_plu=352','',2,'2013-10-05'),(74015,'INSERT INTO gne_vale_ferreteria (vfe_id,vfe_fecha,vfe_total,vfe_estado,vfe_entregado,usu_nusuario) VALUES (12993,@@@2013.10.05@@@,350,1,0,@@@G_DIAZ@@@)','',2,'2013-10-05'),(74016,'INSERT INTO gne_vale_ferreteria_mov (vfe_id,pro_codigo_plu,vfm_cantidad,vfm_unitario,vfm_total,vfm_entregado) VALUES (12993,8021,2,150,300,@@@NO@@@)','',2,'2013-10-05'),(74017,'INSERT INTO gne_vale_ferreteria_mov (vfe_id,pro_codigo_plu,vfm_cantidad,vfm_unitario,vfm_total,vfm_entregado) VALUES (12993,4129,1,50,50,@@@NO@@@)','',2,'2013-10-05'),(74018,'INSERT INTO gne_vale_ferreteria (vfe_id,vfe_fecha,vfe_total,vfe_estado,vfe_entregado,usu_nusuario) VALUES (12994,@@@2013.10.05@@@,5990,1,0,@@@G_DIAZ@@@)','',2,'2013-10-05'),(74019,'INSERT INTO gne_vale_ferreteria_mov (vfe_id,pro_codigo_plu,vfm_cantidad,vfm_unitario,vfm_total,vfm_entregado) VALUES (12994,764659,1,5990,5990,@@@NO@@@)','',2,'2013-10-05'),(74020,'UPDATE mae_productos SET pro_precio_venta=6990,pro_margen_actual= 18.67 WHERE pro_codigo_plu=10000','',2,'2013-10-05'),(74021,'UPDATE mae_productos SET pro_precio_venta=500,pro_margen_actual= 29.68 WHERE pro_codigo_plu=780220144','',2,'2013-10-05'),(74022,'INSERT INTO gne_vale_ferreteria (vfe_id,vfe_fecha,vfe_total,vfe_estado,vfe_entregado,usu_nusuario) VALUES (12995,@@@2013.10.05@@@,2950,1,0,@@@G_DIAZ@@@)','',2,'2013-10-05'),(74023,'INSERT INTO gne_vale_ferreteria_mov (vfe_id,pro_codigo_plu,vfm_cantidad,vfm_unitario,vfm_total,vfm_entregado) VALUES (12995,763996,1,2100,2100,@@@NO@@@)','',2,'2013-10-05'),(74024,'INSERT INTO gne_vale_ferreteria_mov (vfe_id,pro_codigo_plu,vfm_cantidad,vfm_unitario,vfm_total,vfm_entregado) VALUES (12995,780721425,1,850,850,@@@NO@@@)','',2,'2013-10-05'),(74025,'INSERT INTO gne_vale_ferreteria (vfe_id,vfe_fecha,vfe_total,vfe_estado,vfe_entregado,usu_nusuario) VALUES (12996,@@@2013.10.05@@@,1890,1,0,@@@G_DIAZ@@@)','',2,'2013-10-05'),(74026,'INSERT INTO gne_vale_ferreteria_mov (vfe_id,pro_codigo_plu,vfm_cantidad,vfm_unitario,vfm_total,vfm_entregado) VALUES (12996,102075,1,1890,1890,@@@NO@@@)','',2,'2013-10-05'),(74027,'INSERT INTO gne_vale_ferreteria (vfe_id,vfe_fecha,vfe_total,vfe_estado,vfe_entregado,usu_nusuario) VALUES (12997,@@@2013.10.05@@@,650,1,0,@@@G_DIAZ@@@)','',2,'2013-10-05'),(74028,'INSERT INTO gne_vale_ferreteria_mov (vfe_id,pro_codigo_plu,vfm_cantidad,vfm_unitario,vfm_total,vfm_entregado) VALUES (12997,763582,1,650,650,@@@NO@@@)','',2,'2013-10-05'),(74029,'UPDATE mae_productos SET pro_precio_venta=650,pro_margen_actual= 25 WHERE pro_codigo_plu=78017106','',2,'2013-10-05'),(74030,'UPDATE mae_productos SET pro_precio_venta=650,pro_margen_actual= 25 WHERE pro_codigo_plu=763374','',2,'2013-10-05'),(74031,'UPDATE mae_productos SET pro_precio_venta=650,pro_margen_actual= 25 WHERE pro_codigo_plu=17218','',2,'2013-10-05'),(74032,'UPDATE mae_productos SET pro_precio_venta=350,pro_margen_actual= 25 WHERE pro_codigo_plu=13594','',2,'2013-10-05'),(74033,'UPDATE mae_productos SET pro_precio_venta=350,pro_margen_actual= 25 WHERE pro_codigo_plu=17200','',2,'2013-10-05'),(74034,'UPDATE mae_productos SET pro_precio_venta=350,pro_margen_actual= 25 WHERE pro_codigo_plu=17340','',2,'2013-10-05'),(74035,'UPDATE mae_productos SET pro_precio_venta=350,pro_margen_actual= 25 WHERE pro_codigo_plu=763391','',2,'2013-10-05'),(74036,'UPDATE mae_productos SET pro_precio_venta=350,pro_margen_actual= 25 WHERE pro_codigo_plu=17342','',2,'2013-10-05'),(74037,'UPDATE mae_productos SET pro_precio_venta=700,pro_margen_actual= 35.29 WHERE pro_codigo_plu=17211','',2,'2013-10-05'),(74038,'UPDATE mae_productos SET pro_precio_venta=700,pro_margen_actual= 35.29 WHERE pro_codigo_plu=17333','',2,'2013-10-05'),(74039,'UPDATE mae_productos SET pro_precio_venta=650,pro_margen_actual= 27.95 WHERE pro_codigo_plu=17315','',2,'2013-10-05'),(74040,'INSERT INTO gne_vale_ferreteria (vfe_id,vfe_fecha,vfe_total,vfe_estado,vfe_entregado,usu_nusuario) VALUES (12998,@@@2013.10.05@@@,2100,1,0,@@@G_DIAZ@@@)','',2,'2013-10-05'),(74041,'INSERT INTO gne_vale_ferreteria_mov (vfe_id,pro_codigo_plu,vfm_cantidad,vfm_unitario,vfm_total,vfm_entregado) VALUES (12998,78017229,1,2100,2100,@@@NO@@@)','',2,'2013-10-05'),(74042,'INSERT INTO gne_vale_ferreteria (vfe_id,vfe_fecha,vfe_total,vfe_estado,vfe_entregado,usu_nusuario) VALUES (12999,@@@2013.10.05@@@,1990,1,0,@@@G_DIAZ@@@)','',2,'2013-10-05'),(74043,'INSERT INTO gne_vale_ferreteria_mov (vfe_id,pro_codigo_plu,vfm_cantidad,vfm_unitario,vfm_total,vfm_entregado) VALUES (12999,764909,1,1990,1990,@@@NO@@@)','',2,'2013-10-05'),(74044,'UPDATE mae_productos SET pro_precio_venta=650,pro_margen_actual= 27.95 WHERE pro_codigo_plu=78017107','',2,'2013-10-05'),(74045,'UPDATE mae_productos SET pro_precio_venta=750,pro_margen_actual= 34.71 WHERE pro_codigo_plu=12600','',2,'2013-10-05'),(74046,'UPDATE mae_productos SET pro_precio_venta=750,pro_margen_actual= 34.71 WHERE pro_codigo_plu=763361','',2,'2013-10-05'),(74047,'UPDATE mae_productos SET pro_precio_venta=390,pro_margen_actual= 72.11 WHERE pro_codigo_plu=17456','',2,'2013-10-05'),(74048,'UPDATE mae_productos SET pro_precio_venta=390,pro_margen_actual= 72.11 WHERE pro_codigo_plu=17462','',2,'2013-10-05'),(74049,'UPDATE mae_productos SET pro_precio_venta=390,pro_margen_actual= 72.11 WHERE pro_codigo_plu=17461','',2,'2013-10-05'),(74050,'UPDATE mae_productos SET pro_precio_venta=599,pro_margen_actual= 32.35 WHERE pro_codigo_plu=763381','',2,'2013-10-05'),(74051,'UPDATE mae_productos SET pro_precio_venta=650,pro_margen_actual= 27.83 WHERE pro_codigo_plu=763381','',2,'2013-10-05'),(74052,'UPDATE mae_productos SET pro_precio_fiscal=pro_precio_venta WHERE pro_codigo_plu=10000','',2,'2013-10-05'),(74053,'UPDATE mae_productos SET pro_precio_fiscal=pro_precio_venta WHERE pro_codigo_plu=78017106','',2,'2013-10-05'),(74054,'UPDATE mae_productos SET pro_precio_fiscal=pro_precio_venta WHERE pro_codigo_plu=763374','',2,'2013-10-05'),(74055,'UPDATE mae_productos SET pro_precio_fiscal=pro_precio_venta WHERE pro_codigo_plu=78017107','',2,'2013-10-05'),(74056,'UPDATE mae_productos SET pro_precio_fiscal=pro_precio_venta WHERE pro_codigo_plu=17211','',2,'2013-10-05'),(74057,'UPDATE mae_productos SET pro_precio_fiscal=pro_precio_venta WHERE pro_codigo_plu=17218','',2,'2013-10-05'),(74058,'UPDATE mae_productos SET pro_precio_fiscal=pro_precio_venta WHERE pro_codigo_plu=17333','',2,'2013-10-05'),(74059,'UPDATE mae_productos SET pro_precio_fiscal=pro_precio_venta WHERE pro_codigo_plu=17315','',2,'2013-10-05'),(74060,'UPDATE mae_productos SET pro_precio_fiscal=pro_precio_venta WHERE pro_codigo_plu=12600','',2,'2013-10-05'),(74061,'UPDATE mae_productos SET pro_precio_fiscal=pro_precio_venta WHERE pro_codigo_plu=17200','',2,'2013-10-05'),(74062,'UPDATE mae_productos SET pro_precio_fiscal=pro_precio_venta WHERE pro_codigo_plu=17340','',2,'2013-10-05'),(74063,'UPDATE mae_productos SET pro_precio_fiscal=pro_precio_venta WHERE pro_codigo_plu=763391','',2,'2013-10-05'),(74064,'UPDATE mae_productos SET pro_precio_fiscal=pro_precio_venta WHERE pro_codigo_plu=17342','',2,'2013-10-05'),(74065,'UPDATE mae_productos SET pro_precio_fiscal=pro_precio_venta WHERE pro_codigo_plu=763361','',2,'2013-10-05'),(74066,'UPDATE mae_productos SET pro_precio_fiscal=pro_precio_venta WHERE pro_codigo_plu=780220144','',2,'2013-10-05'),(74067,'UPDATE mae_productos SET pro_precio_fiscal=pro_precio_venta WHERE pro_codigo_plu=763381','',2,'2013-10-05'),(74068,'UPDATE mae_productos SET pro_precio_fiscal=pro_precio_venta WHERE pro_codigo_plu=13594','',2,'2013-10-05'),(74069,'INSERT INTO gne_vale_ferreteria (vfe_id,vfe_fecha,vfe_total,vfe_estado,vfe_entregado,usu_nusuario) VALUES (13000,@@@2013.10.05@@@,60,1,0,@@@G_DIAZ@@@)','',2,'2013-10-05'),(74070,'INSERT INTO gne_vale_ferreteria_mov (vfe_id,pro_codigo_plu,vfm_cantidad,vfm_unitario,vfm_total,vfm_entregado) VALUES (13000,4079,2,30,60,@@@NO@@@)','',2,'2013-10-05'),(74071,'UPDATE mae_productos SET pro_precio_venta=3990,pro_margen_actual= 29.39 WHERE pro_codigo_plu=17641','',2,'2013-10-05'),(74072,'INSERT INTO gne_vale_ferreteria (vfe_id,vfe_fecha,vfe_total,vfe_estado,vfe_entregado,usu_nusuario) VALUES (13001,@@@2013.10.05@@@,150,1,0,@@@G_DIAZ@@@)','',2,'2013-10-05'),(74073,'INSERT INTO gne_vale_ferreteria_mov (vfe_id,pro_codigo_plu,vfm_cantidad,vfm_unitario,vfm_total,vfm_entregado) VALUES (13001,4129,3,50,150,@@@NO@@@)','',2,'2013-10-05'),(74074,'UPDATE mae_productos SET pro_precio_venta=1100,pro_margen_actual= 26.89 WHERE pro_codigo_plu=780220167','',2,'2013-10-05'),(74075,'UPDATE mae_productos SET pro_precio_venta=1100,pro_margen_actual= 26.89 WHERE pro_codigo_plu=780220165','',2,'2013-10-05'),(74076,'UPDATE mae_productos SET pro_precio_venta=1100,pro_margen_actual= 26.89 WHERE pro_codigo_plu=780220166','',2,'2013-10-05'),(74077,'INSERT INTO gne_vale_ferreteria (vfe_id,vfe_fecha,vfe_total,vfe_estado,vfe_entregado,usu_nusuario) VALUES (13002,@@@2013.10.05@@@,5990,1,0,@@@G_DIAZ@@@)','',2,'2013-10-05'),(74078,'INSERT INTO gne_vale_ferreteria_mov (vfe_id,pro_codigo_plu,vfm_cantidad,vfm_unitario,vfm_total,vfm_entregado) VALUES (13002,780721434,1,5990,5990,@@@NO@@@)','',2,'2013-10-05'),(74079,'INSERT INTO gne_vale_ferreteria (vfe_id,vfe_fecha,vfe_total,vfe_estado,vfe_entregado,usu_nusuario) VALUES (13003,@@@2013.10.05@@@,490,1,0,@@@G_DIAZ@@@)','',2,'2013-10-05'),(74080,'INSERT INTO gne_vale_ferreteria_mov (vfe_id,pro_codigo_plu,vfm_cantidad,vfm_unitario,vfm_total,vfm_entregado) VALUES (13003,4127,1,490,490,@@@NO@@@)','',2,'2013-10-05'),(74081,'INSERT INTO gne_vale_ferreteria (vfe_id,vfe_fecha,vfe_total,vfe_estado,vfe_entregado,usu_nusuario) VALUES (13004,@@@2013.10.05@@@,1790,1,0,@@@G_DIAZ@@@)','',2,'2013-10-05'),(74082,'INSERT INTO gne_vale_ferreteria_mov (vfe_id,pro_codigo_plu,vfm_cantidad,vfm_unitario,vfm_total,vfm_entregado) VALUES (13004,780220154,1,1790,1790,@@@NO@@@)','',2,'2013-10-05'),(74083,'INSERT INTO gne_vale_ferreteria (vfe_id,vfe_fecha,vfe_total,vfe_estado,vfe_entregado,usu_nusuario) VALUES (13005,@@@2013.10.05@@@,1290,1,0,@@@G_DIAZ@@@)','',2,'2013-10-05'),(74084,'INSERT INTO gne_vale_ferreteria_mov (vfe_id,pro_codigo_plu,vfm_cantidad,vfm_unitario,vfm_total,vfm_entregado) VALUES (13005,764439,1,1290,1290,@@@NO@@@)','',2,'2013-10-05'),(74085,'INSERT INTO gne_vale_ferreteria (vfe_id,vfe_fecha,vfe_total,vfe_estado,vfe_entregado,usu_nusuario) VALUES (13006,@@@2013.10.05@@@,500,1,0,@@@G_DIAZ@@@)','',2,'2013-10-05'),(74086,'INSERT INTO gne_vale_ferreteria_mov (vfe_id,pro_codigo_plu,vfm_cantidad,vfm_unitario,vfm_total,vfm_entregado) VALUES (13006,78017105,2,250,500,@@@NO@@@)','',2,'2013-10-05'),(74087,'INSERT INTO gne_vale_ferreteria (vfe_id,vfe_fecha,vfe_total,vfe_estado,vfe_entregado,usu_nusuario) VALUES (13007,@@@2013.10.05@@@,700,1,0,@@@G_DIAZ@@@)','',2,'2013-10-05'),(74088,'INSERT INTO gne_vale_ferreteria_mov (vfe_id,pro_codigo_plu,vfm_cantidad,vfm_unitario,vfm_total,vfm_entregado) VALUES (13007,780220093,2,350,700,@@@NO@@@)','',2,'2013-10-05'),(74089,'INSERT INTO gne_vale_ferreteria (vfe_id,vfe_fecha,vfe_total,vfe_estado,vfe_entregado,usu_nusuario) VALUES (13008,@@@2013.10.05@@@,720,1,0,@@@G_DIAZ@@@)','',2,'2013-10-05'),(74090,'INSERT INTO gne_vale_ferreteria_mov (vfe_id,pro_codigo_plu,vfm_cantidad,vfm_unitario,vfm_total,vfm_entregado) VALUES (13008,15745,4,180,720,@@@NO@@@)','',2,'2013-10-05'),(74091,'INSERT INTO gne_vale_ferreteria (vfe_id,vfe_fecha,vfe_total,vfe_estado,vfe_entregado,usu_nusuario) VALUES (13009,@@@2013.10.05@@@,250,1,0,@@@G_DIAZ@@@)','',2,'2013-10-05'),(74092,'INSERT INTO gne_vale_ferreteria_mov (vfe_id,pro_codigo_plu,vfm_cantidad,vfm_unitario,vfm_total,vfm_entregado) VALUES (13009,78017105,1,250,250,@@@NO@@@)','',2,'2013-10-05'),(74093,'INSERT INTO gne_vale_ferreteria (vfe_id,vfe_fecha,vfe_total,vfe_estado,vfe_entregado,usu_nusuario) VALUES (13010,@@@2013.10.05@@@,1190,1,0,@@@G_DIAZ@@@)','',2,'2013-10-05'),(74094,'INSERT INTO gne_vale_ferreteria_mov (vfe_id,pro_codigo_plu,vfm_cantidad,vfm_unitario,vfm_total,vfm_entregado) VALUES (13010,765027,1,1190,1190,@@@NO@@@)','',2,'2013-10-05'),(74095,'INSERT INTO gne_vale_ferreteria (vfe_id,vfe_fecha,vfe_total,vfe_estado,vfe_entregado,usu_nusuario) VALUES (13011,@@@2013.10.05@@@,1490,1,0,@@@G_DIAZ@@@)','',2,'2013-10-05'),(74096,'INSERT INTO gne_vale_ferreteria_mov (vfe_id,pro_codigo_plu,vfm_cantidad,vfm_unitario,vfm_total,vfm_entregado) VALUES (13011,7500878,1,1490,1490,@@@NO@@@)','',2,'2013-10-05'),(74097,'INSERT INTO gne_vale_ferreteria (vfe_id,vfe_fecha,vfe_total,vfe_estado,vfe_entregado,usu_nusuario) VALUES (13012,@@@2013.10.05@@@,720,1,0,@@@G_DIAZ@@@)','',2,'2013-10-05'),(74098,'INSERT INTO gne_vale_ferreteria_mov (vfe_id,pro_codigo_plu,vfm_cantidad,vfm_unitario,vfm_total,vfm_entregado) VALUES (13012,763934,1,720,720,@@@NO@@@)','',2,'2013-10-05'),(74099,'INSERT INTO gne_vale_ferreteria (vfe_id,vfe_fecha,vfe_total,vfe_estado,vfe_entregado,usu_nusuario) VALUES (13013,@@@2013.10.05@@@,300,1,0,@@@G_DIAZ@@@)','',2,'2013-10-05'),(74100,'INSERT INTO gne_vale_ferreteria_mov (vfe_id,pro_codigo_plu,vfm_cantidad,vfm_unitario,vfm_total,vfm_entregado) VALUES (13013,12000,1,300,300,@@@NO@@@)','',2,'2013-10-05'),(74101,'UPDATE mae_productos SET pro_margen_actual=44.77,pro_precio_venta=1100 WHERE pro_codigo_plu=780220165','',2,'2013-10-05'),(74102,'UPDATE mae_productos SET pro_margen_actual=44.77,pro_precio_venta=1100 WHERE pro_codigo_plu=780220167','',2,'2013-10-05'),(74103,'UPDATE mae_productos SET pro_margen_actual=44.77,pro_precio_venta=1100 WHERE pro_codigo_plu=780220166','',2,'2013-10-05'),(74104,'UPDATE mae_productos SET pro_margen_actual=34.78,pro_precio_venta=3990 WHERE pro_codigo_plu=17641','',2,'2013-10-05'),(74105,'UPDATE mae_productos SET pro_margen_actual=41.82,pro_precio_venta=390 WHERE pro_codigo_plu=17456','',2,'2013-10-05'),(74106,'UPDATE mae_productos SET pro_margen_actual=72.11,pro_precio_venta=390 WHERE pro_codigo_plu=17462','',2,'2013-10-05'),(74107,'UPDATE mae_productos SET pro_margen_actual=72.11,pro_precio_venta=390 WHERE pro_codigo_plu=17461','',2,'2013-10-05'),(74108,'UPDATE mae_productos SET pro_margen_actual=24.71,pro_precio_venta=970 WHERE pro_codigo_plu=18074','',2,'2013-10-05'),(74109,'UPDATE mae_productos SET pro_precio_fiscal=pro_precio_venta WHERE pro_codigo_plu=780220167','',2,'2013-10-05'),(74110,'UPDATE mae_productos SET pro_precio_fiscal=pro_precio_venta WHERE pro_codigo_plu=780220165','',2,'2013-10-05'),(74111,'UPDATE mae_productos SET pro_precio_fiscal=pro_precio_venta WHERE pro_codigo_plu=780220166','',2,'2013-10-05'),(74112,'UPDATE mae_productos SET pro_precio_fiscal=pro_precio_venta WHERE pro_codigo_plu=18074','',2,'2013-10-05'),(74113,'UPDATE mae_productos SET pro_precio_fiscal=pro_precio_venta WHERE pro_codigo_plu=17456','',2,'2013-10-05'),(74114,'UPDATE mae_productos SET pro_precio_fiscal=pro_precio_venta WHERE pro_codigo_plu=17462','',2,'2013-10-05'),(74115,'UPDATE mae_productos SET pro_precio_fiscal=pro_precio_venta WHERE pro_codigo_plu=17461','',2,'2013-10-05'),(74116,'UPDATE mae_productos SET pro_precio_venta=2490,pro_margen_actual= 31.28 WHERE pro_codigo_plu=17631','',2,'2013-10-05'),(74117,'INSERT INTO gne_vale_ferreteria (vfe_id,vfe_fecha,vfe_total,vfe_estado,vfe_entregado,usu_nusuario) VALUES (13014,@@@2013.10.05@@@,3089,1,0,@@@G_DIAZ@@@)','',2,'2013-10-05'),(74118,'INSERT INTO gne_vale_ferreteria_mov (vfe_id,pro_codigo_plu,vfm_cantidad,vfm_unitario,vfm_total,vfm_entregado) VALUES (13014,763622,1,1399,1399,@@@NO@@@)','',2,'2013-10-05'),(74119,'INSERT INTO gne_vale_ferreteria_mov (vfe_id,pro_codigo_plu,vfm_cantidad,vfm_unitario,vfm_total,vfm_entregado) VALUES (13014,20618,1,1690,1690,@@@NO@@@)','',2,'2013-10-05'),(74120,'UPDATE mae_productos SET pro_precio_venta=1800,pro_margen_actual= 22.03 WHERE pro_codigo_plu=18090','',2,'2013-10-05'),(74121,'INSERT INTO gne_vale_ferreteria (vfe_id,vfe_fecha,vfe_total,vfe_estado,vfe_entregado,usu_nusuario) VALUES (13015,@@@2013.10.05@@@,1490,1,0,@@@G_DIAZ@@@)','',2,'2013-10-05'),(74122,'INSERT INTO gne_vale_ferreteria_mov (vfe_id,pro_codigo_plu,vfm_cantidad,vfm_unitario,vfm_total,vfm_entregado) VALUES (13015,764564,1,1490,1490,@@@NO@@@)','',2,'2013-10-05'),(74123,'UPDATE mae_productos SET pro_precio_venta=1499,pro_margen_actual= 19.85 WHERE pro_codigo_plu=17180','',2,'2013-10-05'),(74124,'UPDATE mae_productos SET pro_precio_venta=1499,pro_margen_actual= 19.85 WHERE pro_codigo_plu=17275','',2,'2013-10-05'),(74125,'UPDATE mae_productos SET pro_precio_venta=1499,pro_margen_actual= 19.85 WHERE pro_codigo_plu=17230','',2,'2013-10-05'),(74126,'UPDATE mae_productos SET pro_precio_venta=1550,pro_margen_actual= 34.85 WHERE pro_codigo_plu=17295','',2,'2013-10-05'),(74127,'UPDATE mae_productos SET pro_precio_venta=950,pro_margen_actual= 25 WHERE pro_codigo_plu=780220165','',2,'2013-10-05'),(74128,'UPDATE mae_productos SET pro_precio_venta=1190,pro_margen_actual= 36.83 WHERE pro_codigo_plu=17829','',2,'2013-10-05'),(74129,'UPDATE mae_productos SET pro_precio_venta=1195,pro_margen_actual= 37.3 WHERE pro_codigo_plu=17829','',2,'2013-10-05'),(74130,'UPDATE mae_productos SET pro_precio_venta=2230,pro_margen_actual= 30.31 WHERE pro_codigo_plu=17812','',2,'2013-10-05'),(74131,'INSERT INTO gne_vale_ferreteria (vfe_id,vfe_fecha,vfe_total,vfe_estado,vfe_entregado,usu_nusuario) VALUES (13016,@@@2013.10.05@@@,1500,1,0,@@@G_DIAZ@@@)','',2,'2013-10-05'),(74132,'INSERT INTO gne_vale_ferreteria_mov (vfe_id,pro_codigo_plu,vfm_cantidad,vfm_unitario,vfm_total,vfm_entregado) VALUES (13016,11519,2,750,1500,@@@NO@@@)','',2,'2013-10-05'),(74133,'INSERT INTO gne_vale_ferreteria (vfe_id,vfe_fecha,vfe_total,vfe_estado,vfe_entregado,usu_nusuario) VALUES (13017,@@@2013.10.05@@@,6990,1,0,@@@G_DIAZ@@@)','',2,'2013-10-05'),(74134,'INSERT INTO gne_vale_ferreteria_mov (vfe_id,pro_codigo_plu,vfm_cantidad,vfm_unitario,vfm_total,vfm_entregado) VALUES (13017,780721377,1,6990,6990,@@@NO@@@)','',2,'2013-10-05'),(74135,'UPDATE mae_productos SET pro_precio_venta=1550,pro_margen_actual= 25.91 WHERE pro_codigo_plu=17180','',2,'2013-10-05'),(74136,'UPDATE mae_productos SET pro_precio_venta=1550,pro_margen_actual= 25.91 WHERE pro_codigo_plu=17275','',2,'2013-10-05'),(74137,'UPDATE mae_productos SET pro_precio_venta=1550,pro_margen_actual= 25.91 WHERE pro_codigo_plu=17230','',2,'2013-10-05'),(74138,'UPDATE mae_productos SET pro_precio_venta=950,pro_margen_actual= 25.03 WHERE pro_codigo_plu=780220167','',2,'2013-10-05'),(74139,'UPDATE mae_productos SET pro_precio_venta=950,pro_margen_actual= 25.03 WHERE pro_codigo_plu=780220166','',2,'2013-10-05'),(74140,'UPDATE mae_productos SET pro_precio_venta=3999,pro_margen_actual= 24.07 WHERE pro_codigo_plu=10808','',2,'2013-10-05'),(74141,'UPDATE mae_productos SET pro_precio_venta=3490,pro_margen_actual= 25.84 WHERE pro_codigo_plu=18039','',2,'2013-10-05'),(74142,'UPDATE mae_productos SET pro_precio_venta=3290,pro_margen_actual= 26.59 WHERE pro_codigo_plu=12415','',2,'2013-10-05'),(74143,'INSERT INTO gne_vale_ferreteria (vfe_id,vfe_fecha,vfe_total,vfe_estado,vfe_entregado,usu_nusuario) VALUES (13018,@@@2013.10.05@@@,2380,1,0,@@@G_DIAZ@@@)','',2,'2013-10-05'),(74144,'INSERT INTO gne_vale_ferreteria_mov (vfe_id,pro_codigo_plu,vfm_cantidad,vfm_unitario,vfm_total,vfm_entregado) VALUES (13018,780721716,1,590,590,@@@NO@@@)','',2,'2013-10-05'),(74145,'INSERT INTO gne_vale_ferreteria_mov (vfe_id,pro_codigo_plu,vfm_cantidad,vfm_unitario,vfm_total,vfm_entregado) VALUES (13018,780220154,1,1790,1790,@@@NO@@@)','',2,'2013-10-05'),(74146,'UPDATE mae_productos SET pro_margen_actual=25.91,pro_precio_venta=1550 WHERE pro_codigo_plu=17180','',2,'2013-10-05'),(74147,'UPDATE mae_productos SET pro_margen_actual=24.07,pro_precio_venta=3999 WHERE pro_codigo_plu=10808','',2,'2013-10-05'),(74148,'UPDATE mae_productos SET pro_margen_actual=25.84,pro_precio_venta=3490 WHERE pro_codigo_plu=18039','',2,'2013-10-05'),(74149,'UPDATE mae_productos SET pro_margen_actual=25.03,pro_precio_venta=950 WHERE pro_codigo_plu=780220165','',2,'2013-10-05'),(74150,'UPDATE mae_productos SET pro_margen_actual=25.03,pro_precio_venta=950 WHERE pro_codigo_plu=780220167','',2,'2013-10-05'),(74151,'UPDATE mae_productos SET pro_margen_actual=25.03,pro_precio_venta=950 WHERE pro_codigo_plu=780220166','',2,'2013-10-05'),(74152,'UPDATE mae_productos SET pro_margen_actual=25.91,pro_precio_venta=1550 WHERE pro_codigo_plu=17230','',2,'2013-10-05'),(74153,'UPDATE mae_productos SET pro_margen_actual=26.59,pro_precio_venta=3290 WHERE pro_codigo_plu=12415','',2,'2013-10-05'),(74154,'UPDATE mae_productos SET pro_margen_actual=25.91,pro_precio_venta=1550 WHERE pro_codigo_plu=17275','',2,'2013-10-05'),(74155,'UPDATE mae_productos SET pro_margen_actual=34.85,pro_precio_venta=1550 WHERE pro_codigo_plu=17295','',2,'2013-10-05'),(74156,'UPDATE mae_productos SET pro_margen_actual=30.51,pro_precio_venta=1195 WHERE pro_codigo_plu=17829','',2,'2013-10-05'),(74157,'UPDATE mae_productos SET pro_margen_actual=120.64,pro_precio_venta=2290 WHERE pro_codigo_plu=17812','',2,'2013-10-05'),(74158,'UPDATE mae_productos SET pro_margen_actual=10.2,pro_precio_venta=2200 WHERE pro_codigo_plu=18090','',2,'2013-10-05'),(74159,'UPDATE mae_productos SET pro_margen_actual=31.88,pro_precio_venta=2290 WHERE pro_codigo_plu=17631','',2,'2013-10-05'),(74160,'UPDATE mae_productos SET pro_precio_fiscal=pro_precio_venta WHERE pro_codigo_plu=18090','',2,'2013-10-05'),(74161,'UPDATE mae_productos SET pro_precio_fiscal=pro_precio_venta WHERE pro_codigo_plu=780220167','',2,'2013-10-05'),(74162,'UPDATE mae_productos SET pro_precio_fiscal=pro_precio_venta WHERE pro_codigo_plu=780220165','',2,'2013-10-05'),(74163,'UPDATE mae_productos SET pro_precio_fiscal=pro_precio_venta WHERE pro_codigo_plu=780220166','',2,'2013-10-05'),(74164,'UPDATE mae_productos SET pro_precio_fiscal=pro_precio_venta WHERE pro_codigo_plu=17295','',2,'2013-10-05'),(74165,'UPDATE mae_productos SET pro_precio_fiscal=pro_precio_venta WHERE pro_codigo_plu=10808','',2,'2013-10-05'),(74166,'UPDATE mae_productos SET pro_precio_fiscal=pro_precio_venta WHERE pro_codigo_plu=18039','',2,'2013-10-05'),(74167,'UPDATE mae_productos SET pro_precio_fiscal=pro_precio_venta WHERE pro_codigo_plu=12415','',2,'2013-10-05'),(74168,'INSERT INTO gne_vale_ferreteria (vfe_id,vfe_fecha,vfe_total,vfe_estado,vfe_entregado,usu_nusuario) VALUES (13019,@@@2013.10.05@@@,3499,1,0,@@@G_DIAZ@@@)','',2,'2013-10-05'),(74169,'INSERT INTO gne_vale_ferreteria_mov (vfe_id,pro_codigo_plu,vfm_cantidad,vfm_unitario,vfm_total,vfm_entregado) VALUES (13019,763624,1,750,750,@@@NO@@@)','',2,'2013-10-05'),(74170,'INSERT INTO gne_vale_ferreteria_mov (vfe_id,pro_codigo_plu,vfm_cantidad,vfm_unitario,vfm_total,vfm_entregado) VALUES (13019,12083,1,260,260,@@@NO@@@)','',2,'2013-10-05'),(74171,'INSERT INTO gne_vale_ferreteria_mov (vfe_id,pro_codigo_plu,vfm_cantidad,vfm_unitario,vfm_total,vfm_entregado) VALUES (13019,763622,1,1399,1399,@@@NO@@@)','',2,'2013-10-05'),(74172,'INSERT INTO gne_vale_ferreteria_mov (vfe_id,pro_codigo_plu,vfm_cantidad,vfm_unitario,vfm_total,vfm_entregado) VALUES (13019,780721719,1,430,430,@@@NO@@@)','',2,'2013-10-05'),(74173,'INSERT INTO gne_vale_ferreteria_mov (vfe_id,pro_codigo_plu,vfm_cantidad,vfm_unitario,vfm_total,vfm_entregado) VALUES (13019,1065,3,220,660,@@@NO@@@)','',2,'2013-10-05'),(74174,'INSERT INTO gne_vale_ferreteria (vfe_id,vfe_fecha,vfe_total,vfe_estado,vfe_entregado,usu_nusuario) VALUES (13020,@@@2013.10.05@@@,980,1,0,@@@G_DIAZ@@@)','',2,'2013-10-05'),(74175,'INSERT INTO gne_vale_ferreteria_mov (vfe_id,pro_codigo_plu,vfm_cantidad,vfm_unitario,vfm_total,vfm_entregado) VALUES (13020,7500,1,390,390,@@@NO@@@)','',2,'2013-10-05'),(74176,'INSERT INTO gne_vale_ferreteria_mov (vfe_id,pro_codigo_plu,vfm_cantidad,vfm_unitario,vfm_total,vfm_entregado) VALUES (13020,780721516,1,590,590,@@@NO@@@)','',2,'2013-10-05'),(74177,'INSERT INTO gne_vale_ferreteria (vfe_id,vfe_fecha,vfe_total,vfe_estado,vfe_entregado,usu_nusuario) VALUES (13021,@@@2013.10.05@@@,900,1,0,@@@G_DIAZ@@@)','',2,'2013-10-05'),(74178,'INSERT INTO gne_vale_ferreteria_mov (vfe_id,pro_codigo_plu,vfm_cantidad,vfm_unitario,vfm_total,vfm_entregado) VALUES (13021,763883,1,900,900,@@@NO@@@)','',2,'2013-10-05'),(74179,'INSERT INTO gne_vale_ferreteria (vfe_id,vfe_fecha,vfe_total,vfe_estado,vfe_entregado,usu_nusuario) VALUES (13022,@@@2013.10.05@@@,790,1,0,@@@G_DIAZ@@@)','',2,'2013-10-05'),(74180,'INSERT INTO gne_vale_ferreteria_mov (vfe_id,pro_codigo_plu,vfm_cantidad,vfm_unitario,vfm_total,vfm_entregado) VALUES (13022,19916,1,790,790,@@@NO@@@)','',2,'2013-10-05'),(74181,'INSERT INTO gne_vale_ferreteria (vfe_id,vfe_fecha,vfe_total,vfe_estado,vfe_entregado,usu_nusuario) VALUES (13023,@@@2013.10.05@@@,1490,1,0,@@@G_DIAZ@@@)','',2,'2013-10-05'),(74182,'INSERT INTO gne_vale_ferreteria_mov (vfe_id,pro_codigo_plu,vfm_cantidad,vfm_unitario,vfm_total,vfm_entregado) VALUES (13023,764842,1,1000,1000,@@@NO@@@)','',2,'2013-10-05'),(74183,'INSERT INTO gne_vale_ferreteria_mov (vfe_id,pro_codigo_plu,vfm_cantidad,vfm_unitario,vfm_total,vfm_entregado) VALUES (13023,1538,1,490,490,@@@NO@@@)','',2,'2013-10-05'),(74184,'INSERT INTO gne_vale_ferreteria (vfe_id,vfe_fecha,vfe_total,vfe_estado,vfe_entregado,usu_nusuario) VALUES (13024,@@@2013.10.05@@@,250,1,0,@@@G_DIAZ@@@)','',2,'2013-10-05'),(74185,'INSERT INTO gne_vale_ferreteria_mov (vfe_id,pro_codigo_plu,vfm_cantidad,vfm_unitario,vfm_total,vfm_entregado) VALUES (13024,2021,1,250,250,@@@NO@@@)','',2,'2013-10-05'),(74186,'INSERT INTO gne_vale_ferreteria (vfe_id,vfe_fecha,vfe_total,vfe_estado,vfe_entregado,usu_nusuario) VALUES (13025,@@@2013.10.06@@@,390,1,0,@@@b_SAEZ@@@)','',2,'2013-10-06'),(74187,'INSERT INTO gne_vale_ferreteria_mov (vfe_id,pro_codigo_plu,vfm_cantidad,vfm_unitario,vfm_total,vfm_entregado) VALUES (13025,1535,1,390,390,@@@NO@@@)','',2,'2013-10-06'),(74188,'INSERT INTO gne_vale_ferreteria (vfe_id,vfe_fecha,vfe_total,vfe_estado,vfe_entregado,usu_nusuario) VALUES (13026,@@@2013.10.06@@@,930,1,0,@@@b_SAEZ@@@)','',2,'2013-10-06'),(74189,'INSERT INTO gne_vale_ferreteria_mov (vfe_id,pro_codigo_plu,vfm_cantidad,vfm_unitario,vfm_total,vfm_entregado) VALUES (13026,11670,1,930,930,@@@NO@@@)','',2,'2013-10-06'),(74190,'INSERT INTO gne_vale_ferreteria (vfe_id,vfe_fecha,vfe_total,vfe_estado,vfe_entregado,usu_nusuario) VALUES (13027,@@@2013.10.06@@@,1590,1,0,@@@b_SAEZ@@@)','',2,'2013-10-06'),(74191,'INSERT INTO gne_vale_ferreteria_mov (vfe_id,pro_codigo_plu,vfm_cantidad,vfm_unitario,vfm_total,vfm_entregado) VALUES (13027,763195,1,1590,1590,@@@NO@@@)','',2,'2013-10-06'),(74192,'INSERT INTO gne_vale_ferreteria (vfe_id,vfe_fecha,vfe_total,vfe_estado,vfe_entregado,usu_nusuario) VALUES (13028,@@@2013.10.06@@@,1070,1,0,@@@b_SAEZ@@@)','',2,'2013-10-06'),(74193,'INSERT INTO gne_vale_ferreteria_mov (vfe_id,pro_codigo_plu,vfm_cantidad,vfm_unitario,vfm_total,vfm_entregado) VALUES (13028,780721253,1,550,550,@@@NO@@@)','',2,'2013-10-06'),(74194,'INSERT INTO gne_vale_ferreteria_mov (vfe_id,pro_codigo_plu,vfm_cantidad,vfm_unitario,vfm_total,vfm_entregado) VALUES (13028,8022,3,120,360,@@@NO@@@)','',2,'2013-10-06'),(74195,'INSERT INTO gne_vale_ferreteria_mov (vfe_id,pro_codigo_plu,vfm_cantidad,vfm_unitario,vfm_total,vfm_entregado) VALUES (13028,770038,1,160,160,@@@NO@@@)','',2,'2013-10-06'),(74196,'INSERT INTO gne_vale_ferreteria (vfe_id,vfe_fecha,vfe_total,vfe_estado,vfe_entregado,usu_nusuario) VALUES (13029,@@@2013.10.06@@@,150,1,0,@@@b_SAEZ@@@)','',2,'2013-10-06'),(74197,'INSERT INTO gne_vale_ferreteria_mov (vfe_id,pro_codigo_plu,vfm_cantidad,vfm_unitario,vfm_total,vfm_entregado) VALUES (13029,78017110,1,150,150,@@@NO@@@)','',2,'2013-10-06'),(74198,'INSERT INTO gne_vale_ferreteria (vfe_id,vfe_fecha,vfe_total,vfe_estado,vfe_entregado,usu_nusuario) VALUES (13030,@@@2013.10.06@@@,7720,1,0,@@@b_SAEZ@@@)','',2,'2013-10-06'),(74199,'INSERT INTO gne_vale_ferreteria_mov (vfe_id,pro_codigo_plu,vfm_cantidad,vfm_unitario,vfm_total,vfm_entregado) VALUES (13030,18676,1,2590,2590,@@@NO@@@)','',2,'2013-10-06'),(74200,'INSERT INTO gne_vale_ferreteria_mov (vfe_id,pro_codigo_plu,vfm_cantidad,vfm_unitario,vfm_total,vfm_entregado) VALUES (13030,779564601,1,1490,1490,@@@NO@@@)','',2,'2013-10-06'),(74201,'INSERT INTO gne_vale_ferreteria_mov (vfe_id,pro_codigo_plu,vfm_cantidad,vfm_unitario,vfm_total,vfm_entregado) VALUES (13030,780721759,1,1890,1890,@@@NO@@@)','',2,'2013-10-06'),(74202,'INSERT INTO gne_vale_ferreteria_mov (vfe_id,pro_codigo_plu,vfm_cantidad,vfm_unitario,vfm_total,vfm_entregado) VALUES (13030,20482,1,1750,1750,@@@NO@@@)','',2,'2013-10-06'),(74203,'INSERT INTO gne_vale_ferreteria (vfe_id,vfe_fecha,vfe_total,vfe_estado,vfe_entregado,usu_nusuario) VALUES (13031,@@@2013.10.06@@@,340,1,0,@@@b_SAEZ@@@)','',2,'2013-10-06'),(74204,'INSERT INTO gne_vale_ferreteria_mov (vfe_id,pro_codigo_plu,vfm_cantidad,vfm_unitario,vfm_total,vfm_entregado) VALUES (13031,763789,1,340,340,@@@NO@@@)','',2,'2013-10-06'),(74205,'INSERT INTO gne_vale_ferreteria (vfe_id,vfe_fecha,vfe_total,vfe_estado,vfe_entregado,usu_nusuario) VALUES (13032,@@@2013.10.06@@@,290,1,0,@@@b_SAEZ@@@)','',2,'2013-10-06'),(74206,'INSERT INTO gne_vale_ferreteria_mov (vfe_id,pro_codigo_plu,vfm_cantidad,vfm_unitario,vfm_total,vfm_entregado) VALUES (13032,1536,1,290,290,@@@NO@@@)','',2,'2013-10-06'),(74207,'INSERT INTO gne_vale_ferreteria (vfe_id,vfe_fecha,vfe_total,vfe_estado,vfe_entregado,usu_nusuario) VALUES (13033,@@@2013.10.06@@@,160,1,0,@@@b_SAEZ@@@)','',2,'2013-10-06'),(74208,'INSERT INTO gne_vale_ferreteria_mov (vfe_id,pro_codigo_plu,vfm_cantidad,vfm_unitario,vfm_total,vfm_entregado) VALUES (13033,770001,2,80,160,@@@NO@@@)','',2,'2013-10-06'),(74209,'INSERT INTO gne_vale_ferreteria (vfe_id,vfe_fecha,vfe_total,vfe_estado,vfe_entregado,usu_nusuario) VALUES (13034,@@@2013.10.06@@@,720,1,0,@@@b_SAEZ@@@)','',2,'2013-10-06'),(74210,'INSERT INTO gne_vale_ferreteria_mov (vfe_id,pro_codigo_plu,vfm_cantidad,vfm_unitario,vfm_total,vfm_entregado) VALUES (13034,10989,1,720,720,@@@NO@@@)','',2,'2013-10-06'),(74211,'INSERT INTO gne_vale_ferreteria (vfe_id,vfe_fecha,vfe_total,vfe_estado,vfe_entregado,usu_nusuario) VALUES (13035,@@@2013.10.06@@@,870,1,0,@@@b_SAEZ@@@)','',2,'2013-10-06'),(74212,'INSERT INTO gne_vale_ferreteria_mov (vfe_id,pro_codigo_plu,vfm_cantidad,vfm_unitario,vfm_total,vfm_entregado) VALUES (13035,8022,1,120,120,@@@NO@@@)','',2,'2013-10-06'),(74213,'INSERT INTO gne_vale_ferreteria_mov (vfe_id,pro_codigo_plu,vfm_cantidad,vfm_unitario,vfm_total,vfm_entregado) VALUES (13035,78017055,1,690,690,@@@NO@@@)','',2,'2013-10-06'),(74214,'INSERT INTO gne_vale_ferreteria_mov (vfe_id,pro_codigo_plu,vfm_cantidad,vfm_unitario,vfm_total,vfm_entregado) VALUES (13035,764780,1,60,60,@@@NO@@@)','',2,'2013-10-06'),(74215,'INSERT INTO gne_vale_ferreteria (vfe_id,vfe_fecha,vfe_total,vfe_estado,vfe_entregado,usu_nusuario) VALUES (13036,@@@2013.10.06@@@,140,1,0,@@@b_SAEZ@@@)','',2,'2013-10-06'),(74216,'INSERT INTO gne_vale_ferreteria_mov (vfe_id,pro_codigo_plu,vfm_cantidad,vfm_unitario,vfm_total,vfm_entregado) VALUES (13036,7800,2,70,140,@@@NO@@@)','',2,'2013-10-06'),(74217,'INSERT INTO gne_vale_ferreteria (vfe_id,vfe_fecha,vfe_total,vfe_estado,vfe_entregado,usu_nusuario) VALUES (13037,@@@2013.10.06@@@,300,1,0,@@@b_SAEZ@@@)','',2,'2013-10-06'),(74218,'INSERT INTO gne_vale_ferreteria_mov (vfe_id,pro_codigo_plu,vfm_cantidad,vfm_unitario,vfm_total,vfm_entregado) VALUES (13037,764278,1,300,300,@@@NO@@@)','',2,'2013-10-06'),(74219,'INSERT INTO gne_vale_ferreteria (vfe_id,vfe_fecha,vfe_total,vfe_estado,vfe_entregado,usu_nusuario) VALUES (13038,@@@2013.10.06@@@,2590,1,0,@@@b_SAEZ@@@)','',2,'2013-10-06'),(74220,'INSERT INTO gne_vale_ferreteria_mov (vfe_id,pro_codigo_plu,vfm_cantidad,vfm_unitario,vfm_total,vfm_entregado) VALUES (13038,761995,1,2590,2590,@@@NO@@@)','',2,'2013-10-06'),(74221,'INSERT INTO gne_vale_ferreteria (vfe_id,vfe_fecha,vfe_total,vfe_estado,vfe_entregado,usu_nusuario) VALUES (13039,@@@2013.10.06@@@,790,1,0,@@@b_SAEZ@@@)','',2,'2013-10-06'),(74222,'INSERT INTO gne_vale_ferreteria_mov (vfe_id,pro_codigo_plu,vfm_cantidad,vfm_unitario,vfm_total,vfm_entregado) VALUES (13039,764066,1,790,790,@@@NO@@@)','',2,'2013-10-06'),(74223,'INSERT INTO gne_vale_ferreteria (vfe_id,vfe_fecha,vfe_total,vfe_estado,vfe_entregado,usu_nusuario) VALUES (13040,@@@2013.10.06@@@,990,1,0,@@@b_SAEZ@@@)','',2,'2013-10-06'),(74224,'INSERT INTO gne_vale_ferreteria_mov (vfe_id,pro_codigo_plu,vfm_cantidad,vfm_unitario,vfm_total,vfm_entregado) VALUES (13040,764833,50,10,500,@@@NO@@@)','',2,'2013-10-06'),(74225,'INSERT INTO gne_vale_ferreteria_mov (vfe_id,pro_codigo_plu,vfm_cantidad,vfm_unitario,vfm_total,vfm_entregado) VALUES (13040,1538,1,490,490,@@@NO@@@)','',2,'2013-10-06'),(74226,'INSERT INTO gne_vale_ferreteria (vfe_id,vfe_fecha,vfe_total,vfe_estado,vfe_entregado,usu_nusuario) VALUES (13041,@@@2013.10.06@@@,3490,1,0,@@@b_SAEZ@@@)','',2,'2013-10-06'),(74227,'INSERT INTO gne_vale_ferreteria_mov (vfe_id,pro_codigo_plu,vfm_cantidad,vfm_unitario,vfm_total,vfm_entregado) VALUES (13041,1934,1,3490,3490,@@@NO@@@)','',2,'2013-10-06'),(74228,'INSERT INTO gne_vale_ferreteria (vfe_id,vfe_fecha,vfe_total,vfe_estado,vfe_entregado,usu_nusuario) VALUES (13042,@@@2013.10.06@@@,150,1,0,@@@b_SAEZ@@@)','',2,'2013-10-06'),(74229,'INSERT INTO gne_vale_ferreteria_mov (vfe_id,pro_codigo_plu,vfm_cantidad,vfm_unitario,vfm_total,vfm_entregado) VALUES (13042,8021,1,150,150,@@@NO@@@)','',2,'2013-10-06'),(74230,'INSERT INTO gne_vale_ferreteria (vfe_id,vfe_fecha,vfe_total,vfe_estado,vfe_entregado,usu_nusuario) VALUES (13043,@@@2013.10.06@@@,1890,1,0,@@@b_SAEZ@@@)','',2,'2013-10-06'),(74231,'INSERT INTO gne_vale_ferreteria_mov (vfe_id,pro_codigo_plu,vfm_cantidad,vfm_unitario,vfm_total,vfm_entregado) VALUES (13043,101680,1,1890,1890,@@@NO@@@)','',2,'2013-10-06'),(74232,'INSERT INTO gne_vale_ferreteria (vfe_id,vfe_fecha,vfe_total,vfe_estado,vfe_entregado,usu_nusuario) VALUES (13044,@@@2013.10.06@@@,1990,1,0,@@@b_SAEZ@@@)','',2,'2013-10-06'),(74233,'INSERT INTO gne_vale_ferreteria_mov (vfe_id,pro_codigo_plu,vfm_cantidad,vfm_unitario,vfm_total,vfm_entregado) VALUES (13044,101856,1,1990,1990,@@@NO@@@)','',2,'2013-10-06'),(74234,'INSERT INTO gne_vale_ferreteria (vfe_id,vfe_fecha,vfe_total,vfe_estado,vfe_entregado,usu_nusuario) VALUES (13045,@@@2013.10.06@@@,2770,1,0,@@@b_SAEZ@@@)','',2,'2013-10-06'),(74235,'INSERT INTO gne_vale_ferreteria_mov (vfe_id,pro_codigo_plu,vfm_cantidad,vfm_unitario,vfm_total,vfm_entregado) VALUES (13045,3103,2,290,580,@@@NO@@@)','',2,'2013-10-06'),(74236,'INSERT INTO gne_vale_ferreteria_mov (vfe_id,pro_codigo_plu,vfm_cantidad,vfm_unitario,vfm_total,vfm_entregado) VALUES (13045,20522,1,2190,2190,@@@NO@@@)','',2,'2013-10-06'),(74237,'INSERT INTO gne_vale_ferreteria (vfe_id,vfe_fecha,vfe_total,vfe_estado,vfe_entregado,usu_nusuario) VALUES (13046,@@@2013.10.06@@@,490,1,0,@@@b_SAEZ@@@)','',2,'2013-10-06'),(74238,'INSERT INTO gne_vale_ferreteria_mov (vfe_id,pro_codigo_plu,vfm_cantidad,vfm_unitario,vfm_total,vfm_entregado) VALUES (13046,780220183,1,490,490,@@@NO@@@)','',2,'2013-10-06'),(74239,'INSERT INTO gne_vale_ferreteria (vfe_id,vfe_fecha,vfe_total,vfe_estado,vfe_entregado,usu_nusuario) VALUES (13047,@@@2013.10.06@@@,6370,1,0,@@@b_SAEZ@@@)','',2,'2013-10-06'),(74240,'INSERT INTO gne_vale_ferreteria_mov (vfe_id,pro_codigo_plu,vfm_cantidad,vfm_unitario,vfm_total,vfm_entregado) VALUES (13047,764974,1,3990,3990,@@@NO@@@)','',2,'2013-10-06'),(74241,'INSERT INTO gne_vale_ferreteria_mov (vfe_id,pro_codigo_plu,vfm_cantidad,vfm_unitario,vfm_total,vfm_entregado) VALUES (13047,4109,1,1990,1990,@@@NO@@@)','',2,'2013-10-06'),(74242,'INSERT INTO gne_vale_ferreteria_mov (vfe_id,pro_codigo_plu,vfm_cantidad,vfm_unitario,vfm_total,vfm_entregado) VALUES (13047,15967,3,130,390,@@@NO@@@)','',2,'2013-10-06'),(74243,'INSERT INTO gne_vale_ferreteria (vfe_id,vfe_fecha,vfe_total,vfe_estado,vfe_entregado,usu_nusuario) VALUES (13048,@@@2013.10.06@@@,1850,1,0,@@@b_SAEZ@@@)','',2,'2013-10-06'),(74244,'INSERT INTO gne_vale_ferreteria_mov (vfe_id,pro_codigo_plu,vfm_cantidad,vfm_unitario,vfm_total,vfm_entregado) VALUES (13048,8022,5,120,600,@@@NO@@@)','',2,'2013-10-06'),(74245,'INSERT INTO gne_vale_ferreteria_mov (vfe_id,pro_codigo_plu,vfm_cantidad,vfm_unitario,vfm_total,vfm_entregado) VALUES (13048,770003,5,10,50,@@@NO@@@)','',2,'2013-10-06'),(74246,'INSERT INTO gne_vale_ferreteria_mov (vfe_id,pro_codigo_plu,vfm_cantidad,vfm_unitario,vfm_total,vfm_entregado) VALUES (13048,761996,1,1200,1200,@@@NO@@@)','',2,'2013-10-06'),(74247,'INSERT INTO gne_vale_ferreteria (vfe_id,vfe_fecha,vfe_total,vfe_estado,vfe_entregado,usu_nusuario) VALUES (13049,@@@2013.10.06@@@,590,1,0,@@@b_SAEZ@@@)','',2,'2013-10-06'),(74248,'INSERT INTO gne_vale_ferreteria_mov (vfe_id,pro_codigo_plu,vfm_cantidad,vfm_unitario,vfm_total,vfm_entregado) VALUES (13049,1055,1,590,590,@@@NO@@@)','',2,'2013-10-06'),(74249,'INSERT INTO gne_vale_ferreteria (vfe_id,vfe_fecha,vfe_total,vfe_estado,vfe_entregado,usu_nusuario) VALUES (13050,@@@2013.10.06@@@,330,1,0,@@@b_SAEZ@@@)','',2,'2013-10-06');
insert  into `sys_comunicacion_caja`(`coc_id`,`coc_sql`,`coc_cajas`,`coc_prioridad`,`coc_fecha`) values (74250,'INSERT INTO gne_vale_ferreteria_mov (vfe_id,pro_codigo_plu,vfm_cantidad,vfm_unitario,vfm_total,vfm_entregado) VALUES (13050,764259,1,330,330,@@@NO@@@)','',2,'2013-10-06'),(74251,'INSERT INTO gne_vale_ferreteria (vfe_id,vfe_fecha,vfe_total,vfe_estado,vfe_entregado,usu_nusuario) VALUES (13051,@@@2013.10.06@@@,1990,1,0,@@@b_SAEZ@@@)','',2,'2013-10-06'),(74252,'INSERT INTO gne_vale_ferreteria_mov (vfe_id,pro_codigo_plu,vfm_cantidad,vfm_unitario,vfm_total,vfm_entregado) VALUES (13051,4087,1,1990,1990,@@@NO@@@)','',2,'2013-10-06'),(74253,'INSERT INTO gne_vale_ferreteria (vfe_id,vfe_fecha,vfe_total,vfe_estado,vfe_entregado,usu_nusuario) VALUES (13052,@@@2013.10.06@@@,1100,1,0,@@@b_SAEZ@@@)','',2,'2013-10-06'),(74254,'INSERT INTO gne_vale_ferreteria_mov (vfe_id,pro_codigo_plu,vfm_cantidad,vfm_unitario,vfm_total,vfm_entregado) VALUES (13052,780721752,1,1100,1100,@@@NO@@@)','',2,'2013-10-06'),(74255,'INSERT INTO gne_vale_ferreteria (vfe_id,vfe_fecha,vfe_total,vfe_estado,vfe_entregado,usu_nusuario) VALUES (13053,@@@2013.10.06@@@,1480,1,0,@@@b_SAEZ@@@)','',2,'2013-10-06'),(74256,'INSERT INTO gne_vale_ferreteria_mov (vfe_id,pro_codigo_plu,vfm_cantidad,vfm_unitario,vfm_total,vfm_entregado) VALUES (13053,780721576,1,990,990,@@@NO@@@)','',2,'2013-10-06'),(74257,'INSERT INTO gne_vale_ferreteria_mov (vfe_id,pro_codigo_plu,vfm_cantidad,vfm_unitario,vfm_total,vfm_entregado) VALUES (13053,1538,1,490,490,@@@NO@@@)','',2,'2013-10-06'),(74258,'INSERT INTO gne_vale_ferreteria (vfe_id,vfe_fecha,vfe_total,vfe_estado,vfe_entregado,usu_nusuario) VALUES (13054,@@@2013.10.06@@@,400,1,0,@@@b_SAEZ@@@)','',2,'2013-10-06'),(74259,'INSERT INTO gne_vale_ferreteria_mov (vfe_id,pro_codigo_plu,vfm_cantidad,vfm_unitario,vfm_total,vfm_entregado) VALUES (13054,770001,5,80,400,@@@NO@@@)','',2,'2013-10-06'),(74260,'INSERT INTO gne_vale_ferreteria (vfe_id,vfe_fecha,vfe_total,vfe_estado,vfe_entregado,usu_nusuario) VALUES (13055,@@@2013.10.06@@@,3780,1,0,@@@b_SAEZ@@@)','',2,'2013-10-06'),(74261,'INSERT INTO gne_vale_ferreteria_mov (vfe_id,pro_codigo_plu,vfm_cantidad,vfm_unitario,vfm_total,vfm_entregado) VALUES (13055,102627,1,1890,1890,@@@NO@@@)','',2,'2013-10-06'),(74262,'INSERT INTO gne_vale_ferreteria_mov (vfe_id,pro_codigo_plu,vfm_cantidad,vfm_unitario,vfm_total,vfm_entregado) VALUES (13055,101620,1,1890,1890,@@@NO@@@)','',2,'2013-10-06'),(74263,'INSERT INTO gne_vale_ferreteria (vfe_id,vfe_fecha,vfe_total,vfe_estado,vfe_entregado,usu_nusuario) VALUES (13056,@@@2013.10.06@@@,1550,1,0,@@@b_SAEZ@@@)','',2,'2013-10-06'),(74264,'INSERT INTO gne_vale_ferreteria_mov (vfe_id,pro_codigo_plu,vfm_cantidad,vfm_unitario,vfm_total,vfm_entregado) VALUES (13056,12033,1,1550,1550,@@@NO@@@)','',2,'2013-10-06'),(74265,'INSERT INTO gne_vale_ferreteria (vfe_id,vfe_fecha,vfe_total,vfe_estado,vfe_entregado,usu_nusuario) VALUES (13057,@@@2013.10.06@@@,850,1,0,@@@b_SAEZ@@@)','',2,'2013-10-06'),(74266,'INSERT INTO gne_vale_ferreteria_mov (vfe_id,pro_codigo_plu,vfm_cantidad,vfm_unitario,vfm_total,vfm_entregado) VALUES (13057,764366,1,360,360,@@@NO@@@)','',2,'2013-10-06'),(74267,'INSERT INTO gne_vale_ferreteria_mov (vfe_id,pro_codigo_plu,vfm_cantidad,vfm_unitario,vfm_total,vfm_entregado) VALUES (13057,780721305,1,490,490,@@@NO@@@)','',2,'2013-10-06'),(74268,'INSERT INTO gne_vale_ferreteria (vfe_id,vfe_fecha,vfe_total,vfe_estado,vfe_entregado,usu_nusuario) VALUES (13058,@@@2013.10.06@@@,2830,1,0,@@@b_SAEZ@@@)','',2,'2013-10-06'),(74269,'INSERT INTO gne_vale_ferreteria_mov (vfe_id,pro_codigo_plu,vfm_cantidad,vfm_unitario,vfm_total,vfm_entregado) VALUES (13058,762119,1,1450,1450,@@@NO@@@)','',2,'2013-10-06'),(74270,'INSERT INTO gne_vale_ferreteria_mov (vfe_id,pro_codigo_plu,vfm_cantidad,vfm_unitario,vfm_total,vfm_entregado) VALUES (13058,1552,1,490,490,@@@NO@@@)','',2,'2013-10-06'),(74271,'INSERT INTO gne_vale_ferreteria_mov (vfe_id,pro_codigo_plu,vfm_cantidad,vfm_unitario,vfm_total,vfm_entregado) VALUES (13058,11597,1,890,890,@@@NO@@@)','',2,'2013-10-06'),(74272,'INSERT INTO gne_vale_ferreteria (vfe_id,vfe_fecha,vfe_total,vfe_estado,vfe_entregado,usu_nusuario) VALUES (13059,@@@2013.10.06@@@,850,1,0,@@@b_SAEZ@@@)','',2,'2013-10-06'),(74273,'INSERT INTO gne_vale_ferreteria_mov (vfe_id,pro_codigo_plu,vfm_cantidad,vfm_unitario,vfm_total,vfm_entregado) VALUES (13059,764766,3,120,360,@@@NO@@@)','',2,'2013-10-06'),(74274,'INSERT INTO gne_vale_ferreteria_mov (vfe_id,pro_codigo_plu,vfm_cantidad,vfm_unitario,vfm_total,vfm_entregado) VALUES (13059,764760,1,490,490,@@@NO@@@)','',2,'2013-10-06'),(74275,'INSERT INTO gne_vale_ferreteria (vfe_id,vfe_fecha,vfe_total,vfe_estado,vfe_entregado,usu_nusuario) VALUES (13060,@@@2013.10.06@@@,1890,1,0,@@@b_SAEZ@@@)','',2,'2013-10-06'),(74276,'INSERT INTO gne_vale_ferreteria_mov (vfe_id,pro_codigo_plu,vfm_cantidad,vfm_unitario,vfm_total,vfm_entregado) VALUES (13060,763605,1,1890,1890,@@@NO@@@)','',2,'2013-10-06'),(74277,'INSERT INTO gne_vale_ferreteria (vfe_id,vfe_fecha,vfe_total,vfe_estado,vfe_entregado,usu_nusuario) VALUES (13061,@@@2013.10.06@@@,260,1,0,@@@b_SAEZ@@@)','',2,'2013-10-06'),(74278,'INSERT INTO gne_vale_ferreteria_mov (vfe_id,pro_codigo_plu,vfm_cantidad,vfm_unitario,vfm_total,vfm_entregado) VALUES (13061,15929,2,130,260,@@@NO@@@)','',2,'2013-10-06'),(74279,'INSERT INTO gne_vale_ferreteria (vfe_id,vfe_fecha,vfe_total,vfe_estado,vfe_entregado,usu_nusuario) VALUES (13062,@@@2013.10.06@@@,240,1,0,@@@b_SAEZ@@@)','',2,'2013-10-06'),(74280,'INSERT INTO gne_vale_ferreteria_mov (vfe_id,pro_codigo_plu,vfm_cantidad,vfm_unitario,vfm_total,vfm_entregado) VALUES (13062,764766,2,120,240,@@@NO@@@)','',2,'2013-10-06'),(74281,'INSERT INTO gne_vale_ferreteria (vfe_id,vfe_fecha,vfe_total,vfe_estado,vfe_entregado,usu_nusuario) VALUES (13063,@@@2013.10.06@@@,1210,1,0,@@@b_SAEZ@@@)','',2,'2013-10-06'),(74282,'INSERT INTO gne_vale_ferreteria_mov (vfe_id,pro_codigo_plu,vfm_cantidad,vfm_unitario,vfm_total,vfm_entregado) VALUES (13063,78017124,1,390,390,@@@NO@@@)','',2,'2013-10-06'),(74283,'INSERT INTO gne_vale_ferreteria_mov (vfe_id,pro_codigo_plu,vfm_cantidad,vfm_unitario,vfm_total,vfm_entregado) VALUES (13063,764016,1,450,450,@@@NO@@@)','',2,'2013-10-06'),(74284,'INSERT INTO gne_vale_ferreteria_mov (vfe_id,pro_codigo_plu,vfm_cantidad,vfm_unitario,vfm_total,vfm_entregado) VALUES (13063,102408,1,370,370,@@@NO@@@)','',2,'2013-10-06'),(74285,'INSERT INTO gne_vale_ferreteria (vfe_id,vfe_fecha,vfe_total,vfe_estado,vfe_entregado,usu_nusuario) VALUES (13064,@@@2013.10.06@@@,390,1,0,@@@b_SAEZ@@@)','',2,'2013-10-06'),(74286,'INSERT INTO gne_vale_ferreteria_mov (vfe_id,pro_codigo_plu,vfm_cantidad,vfm_unitario,vfm_total,vfm_entregado) VALUES (13064,2020,1,390,390,@@@NO@@@)','',2,'2013-10-06'),(74287,'INSERT INTO gne_vale_ferreteria (vfe_id,vfe_fecha,vfe_total,vfe_estado,vfe_entregado,usu_nusuario) VALUES (13065,@@@2013.10.06@@@,390,1,0,@@@b_SAEZ@@@)','',2,'2013-10-06'),(74288,'INSERT INTO gne_vale_ferreteria_mov (vfe_id,pro_codigo_plu,vfm_cantidad,vfm_unitario,vfm_total,vfm_entregado) VALUES (13065,1535,1,390,390,@@@NO@@@)','',2,'2013-10-06'),(74289,'INSERT INTO gne_vale_ferreteria (vfe_id,vfe_fecha,vfe_total,vfe_estado,vfe_entregado,usu_nusuario) VALUES (13066,@@@2013.10.06@@@,200,1,0,@@@b_SAEZ@@@)','',2,'2013-10-06'),(74290,'INSERT INTO gne_vale_ferreteria_mov (vfe_id,pro_codigo_plu,vfm_cantidad,vfm_unitario,vfm_total,vfm_entregado) VALUES (13066,4130,2,100,200,@@@NO@@@)','',2,'2013-10-06'),(74291,'INSERT INTO gne_vale_ferreteria (vfe_id,vfe_fecha,vfe_total,vfe_estado,vfe_entregado,usu_nusuario) VALUES (13067,@@@2013.10.06@@@,1640,1,0,@@@b_SAEZ@@@)','',2,'2013-10-06'),(74292,'INSERT INTO gne_vale_ferreteria_mov (vfe_id,pro_codigo_plu,vfm_cantidad,vfm_unitario,vfm_total,vfm_entregado) VALUES (13067,15935,3,480,1440,@@@NO@@@)','',2,'2013-10-06'),(74293,'INSERT INTO gne_vale_ferreteria_mov (vfe_id,pro_codigo_plu,vfm_cantidad,vfm_unitario,vfm_total,vfm_entregado) VALUES (13067,101101,1,200,200,@@@NO@@@)','',2,'2013-10-06'),(74294,'INSERT INTO gne_vale_ferreteria (vfe_id,vfe_fecha,vfe_total,vfe_estado,vfe_entregado,usu_nusuario) VALUES (13068,@@@2013.10.06@@@,6240,1,0,@@@b_SAEZ@@@)','',2,'2013-10-06'),(74295,'INSERT INTO gne_vale_ferreteria_mov (vfe_id,pro_codigo_plu,vfm_cantidad,vfm_unitario,vfm_total,vfm_entregado) VALUES (13068,780721350,1,4750,4750,@@@NO@@@)','',2,'2013-10-06'),(74296,'INSERT INTO gne_vale_ferreteria_mov (vfe_id,pro_codigo_plu,vfm_cantidad,vfm_unitario,vfm_total,vfm_entregado) VALUES (13068,10426,1,1490,1490,@@@NO@@@)','',2,'2013-10-06'),(74297,'INSERT INTO gne_vale_ferreteria (vfe_id,vfe_fecha,vfe_total,vfe_estado,vfe_entregado,usu_nusuario) VALUES (13069,@@@2013.10.06@@@,30,1,0,@@@b_SAEZ@@@)','',2,'2013-10-06'),(74298,'INSERT INTO gne_vale_ferreteria_mov (vfe_id,pro_codigo_plu,vfm_cantidad,vfm_unitario,vfm_total,vfm_entregado) VALUES (13069,764835,1,30,30,@@@NO@@@)','',2,'2013-10-06'),(74299,'INSERT INTO gne_vale_ferreteria (vfe_id,vfe_fecha,vfe_total,vfe_estado,vfe_entregado,usu_nusuario) VALUES (13070,@@@2013.10.06@@@,690,1,0,@@@b_SAEZ@@@)','',2,'2013-10-06'),(74300,'INSERT INTO gne_vale_ferreteria_mov (vfe_id,pro_codigo_plu,vfm_cantidad,vfm_unitario,vfm_total,vfm_entregado) VALUES (13070,761890,1,690,690,@@@NO@@@)','',2,'2013-10-06'),(74301,'INSERT INTO gne_vale_ferreteria (vfe_id,vfe_fecha,vfe_total,vfe_estado,vfe_entregado,usu_nusuario) VALUES (13071,@@@2013.10.06@@@,1450,1,0,@@@b_SAEZ@@@)','',2,'2013-10-06'),(74302,'INSERT INTO gne_vale_ferreteria_mov (vfe_id,pro_codigo_plu,vfm_cantidad,vfm_unitario,vfm_total,vfm_entregado) VALUES (13071,78017007,8,120,960,@@@NO@@@)','',2,'2013-10-06'),(74303,'INSERT INTO gne_vale_ferreteria_mov (vfe_id,pro_codigo_plu,vfm_cantidad,vfm_unitario,vfm_total,vfm_entregado) VALUES (13071,764506,1,490,490,@@@NO@@@)','',2,'2013-10-06'),(74304,'INSERT INTO gne_vale_ferreteria (vfe_id,vfe_fecha,vfe_total,vfe_estado,vfe_entregado,usu_nusuario) VALUES (13072,@@@2013.10.06@@@,230,1,0,@@@b_SAEZ@@@)','',2,'2013-10-06'),(74305,'INSERT INTO gne_vale_ferreteria_mov (vfe_id,pro_codigo_plu,vfm_cantidad,vfm_unitario,vfm_total,vfm_entregado) VALUES (13072,780721667,1,230,230,@@@NO@@@)','',2,'2013-10-06'),(74306,'INSERT INTO gne_vale_ferreteria (vfe_id,vfe_fecha,vfe_total,vfe_estado,vfe_entregado,usu_nusuario) VALUES (13073,@@@2013.10.06@@@,720,1,0,@@@b_SAEZ@@@)','',2,'2013-10-06'),(74307,'INSERT INTO gne_vale_ferreteria_mov (vfe_id,pro_codigo_plu,vfm_cantidad,vfm_unitario,vfm_total,vfm_entregado) VALUES (13073,8022,6,120,720,@@@NO@@@)','',2,'2013-10-06'),(74308,'INSERT INTO gne_vale_ferreteria (vfe_id,vfe_fecha,vfe_total,vfe_estado,vfe_entregado,usu_nusuario) VALUES (13074,@@@2013.10.06@@@,690,1,0,@@@b_SAEZ@@@)','',2,'2013-10-06'),(74309,'INSERT INTO gne_vale_ferreteria_mov (vfe_id,pro_codigo_plu,vfm_cantidad,vfm_unitario,vfm_total,vfm_entregado) VALUES (13074,780721669,1,490,490,@@@NO@@@)','',2,'2013-10-06'),(74310,'INSERT INTO gne_vale_ferreteria_mov (vfe_id,pro_codigo_plu,vfm_cantidad,vfm_unitario,vfm_total,vfm_entregado) VALUES (13074,78017194,1,200,200,@@@NO@@@)','',2,'2013-10-06'),(74311,'INSERT INTO gne_vale_ferreteria (vfe_id,vfe_fecha,vfe_total,vfe_estado,vfe_entregado,usu_nusuario) VALUES (13075,@@@2013.10.06@@@,180,1,0,@@@b_SAEZ@@@)','',2,'2013-10-06'),(74312,'INSERT INTO gne_vale_ferreteria_mov (vfe_id,pro_codigo_plu,vfm_cantidad,vfm_unitario,vfm_total,vfm_entregado) VALUES (13075,764120,1,180,180,@@@NO@@@)','',2,'2013-10-06'),(74313,'INSERT INTO gne_vale_ferreteria (vfe_id,vfe_fecha,vfe_total,vfe_estado,vfe_entregado,usu_nusuario) VALUES (13076,@@@2013.10.06@@@,150,1,0,@@@b_SAEZ@@@)','',2,'2013-10-06'),(74314,'INSERT INTO gne_vale_ferreteria_mov (vfe_id,pro_codigo_plu,vfm_cantidad,vfm_unitario,vfm_total,vfm_entregado) VALUES (13076,770000,1,50,50,@@@NO@@@)','',2,'2013-10-06'),(74315,'INSERT INTO gne_vale_ferreteria_mov (vfe_id,pro_codigo_plu,vfm_cantidad,vfm_unitario,vfm_total,vfm_entregado) VALUES (13076,770003,10,10,100,@@@NO@@@)','',2,'2013-10-06'),(74316,'INSERT INTO gne_vale_ferreteria (vfe_id,vfe_fecha,vfe_total,vfe_estado,vfe_entregado,usu_nusuario) VALUES (13077,@@@2013.10.06@@@,500,1,0,@@@b_SAEZ@@@)','',2,'2013-10-06'),(74317,'INSERT INTO gne_vale_ferreteria_mov (vfe_id,pro_codigo_plu,vfm_cantidad,vfm_unitario,vfm_total,vfm_entregado) VALUES (13077,780721821,2,250,500,@@@NO@@@)','',2,'2013-10-06'),(74318,'INSERT INTO gne_vale_ferreteria (vfe_id,vfe_fecha,vfe_total,vfe_estado,vfe_entregado,usu_nusuario) VALUES (13078,@@@2013.10.06@@@,200,1,0,@@@b_SAEZ@@@)','',2,'2013-10-06'),(74319,'INSERT INTO gne_vale_ferreteria_mov (vfe_id,pro_codigo_plu,vfm_cantidad,vfm_unitario,vfm_total,vfm_entregado) VALUES (13078,763831,1,200,200,@@@NO@@@)','',2,'2013-10-06'),(74320,'INSERT INTO gne_vale_ferreteria (vfe_id,vfe_fecha,vfe_total,vfe_estado,vfe_entregado,usu_nusuario) VALUES (13079,@@@2013.10.06@@@,490,1,0,@@@b_SAEZ@@@)','',2,'2013-10-06'),(74321,'INSERT INTO gne_vale_ferreteria_mov (vfe_id,pro_codigo_plu,vfm_cantidad,vfm_unitario,vfm_total,vfm_entregado) VALUES (13079,78017203,1,490,490,@@@NO@@@)','',2,'2013-10-06'),(74322,'INSERT INTO gne_vale_ferreteria (vfe_id,vfe_fecha,vfe_total,vfe_estado,vfe_entregado,usu_nusuario) VALUES (13080,@@@2013.10.06@@@,720,1,0,@@@b_SAEZ@@@)','',2,'2013-10-06'),(74323,'INSERT INTO gne_vale_ferreteria_mov (vfe_id,pro_codigo_plu,vfm_cantidad,vfm_unitario,vfm_total,vfm_entregado) VALUES (13080,19866,1,720,720,@@@NO@@@)','',2,'2013-10-06'),(74324,'INSERT INTO gne_vale_ferreteria (vfe_id,vfe_fecha,vfe_total,vfe_estado,vfe_entregado,usu_nusuario) VALUES (13081,@@@2013.10.06@@@,1070,1,0,@@@b_SAEZ@@@)','',2,'2013-10-06'),(74325,'INSERT INTO gne_vale_ferreteria_mov (vfe_id,pro_codigo_plu,vfm_cantidad,vfm_unitario,vfm_total,vfm_entregado) VALUES (13081,19866,1,720,720,@@@NO@@@)','',2,'2013-10-06'),(74326,'INSERT INTO gne_vale_ferreteria_mov (vfe_id,pro_codigo_plu,vfm_cantidad,vfm_unitario,vfm_total,vfm_entregado) VALUES (13081,763597,1,350,350,@@@NO@@@)','',2,'2013-10-06'),(74327,'INSERT INTO gne_vale_ferreteria (vfe_id,vfe_fecha,vfe_total,vfe_estado,vfe_entregado,usu_nusuario) VALUES (13082,@@@2013.10.06@@@,30,1,0,@@@b_SAEZ@@@)','',2,'2013-10-06'),(74328,'INSERT INTO gne_vale_ferreteria_mov (vfe_id,pro_codigo_plu,vfm_cantidad,vfm_unitario,vfm_total,vfm_entregado) VALUES (13082,780721421,1,30,30,@@@NO@@@)','',2,'2013-10-06'),(74329,'INSERT INTO gne_vale_ferreteria (vfe_id,vfe_fecha,vfe_total,vfe_estado,vfe_entregado,usu_nusuario) VALUES (13083,@@@2013.10.06@@@,120,1,0,@@@b_SAEZ@@@)','',2,'2013-10-06'),(74330,'INSERT INTO gne_vale_ferreteria_mov (vfe_id,pro_codigo_plu,vfm_cantidad,vfm_unitario,vfm_total,vfm_entregado) VALUES (13083,8022,1,120,120,@@@NO@@@)','',2,'2013-10-06'),(74331,'INSERT INTO gne_vale_ferreteria (vfe_id,vfe_fecha,vfe_total,vfe_estado,vfe_entregado,usu_nusuario) VALUES (13084,@@@2013.10.06@@@,599,1,0,@@@b_SAEZ@@@)','',2,'2013-10-06'),(74332,'INSERT INTO gne_vale_ferreteria_mov (vfe_id,pro_codigo_plu,vfm_cantidad,vfm_unitario,vfm_total,vfm_entregado) VALUES (13084,101454,1,599,599,@@@NO@@@)','',2,'2013-10-06'),(74333,'INSERT INTO gne_vale_ferreteria (vfe_id,vfe_fecha,vfe_total,vfe_estado,vfe_entregado,usu_nusuario) VALUES (13085,@@@2013.10.06@@@,4120,1,0,@@@b_SAEZ@@@)','',2,'2013-10-06'),(74334,'INSERT INTO gne_vale_ferreteria_mov (vfe_id,pro_codigo_plu,vfm_cantidad,vfm_unitario,vfm_total,vfm_entregado) VALUES (13085,770090,1,3990,3990,@@@NO@@@)','',2,'2013-10-06'),(74335,'INSERT INTO gne_vale_ferreteria_mov (vfe_id,pro_codigo_plu,vfm_cantidad,vfm_unitario,vfm_total,vfm_entregado) VALUES (13085,15967,1,130,130,@@@NO@@@)','',2,'2013-10-06'),(74336,'INSERT INTO gne_vale_ferreteria (vfe_id,vfe_fecha,vfe_total,vfe_estado,vfe_entregado,usu_nusuario) VALUES (13086,@@@2013.10.06@@@,120,1,0,@@@b_SAEZ@@@)','',2,'2013-10-06'),(74337,'INSERT INTO gne_vale_ferreteria_mov (vfe_id,pro_codigo_plu,vfm_cantidad,vfm_unitario,vfm_total,vfm_entregado) VALUES (13086,8022,1,120,120,@@@NO@@@)','',2,'2013-10-06'),(74338,'INSERT INTO gne_vale_ferreteria (vfe_id,vfe_fecha,vfe_total,vfe_estado,vfe_entregado,usu_nusuario) VALUES (13087,@@@2013.10.06@@@,450,1,0,@@@b_SAEZ@@@)','',2,'2013-10-06'),(74339,'INSERT INTO gne_vale_ferreteria_mov (vfe_id,pro_codigo_plu,vfm_cantidad,vfm_unitario,vfm_total,vfm_entregado) VALUES (13087,761962,1,450,450,@@@NO@@@)','',2,'2013-10-06'),(74340,'INSERT INTO gne_vale_ferreteria (vfe_id,vfe_fecha,vfe_total,vfe_estado,vfe_entregado,usu_nusuario) VALUES (13088,@@@2013.10.06@@@,200,1,0,@@@b_SAEZ@@@)','',2,'2013-10-06'),(74341,'INSERT INTO gne_vale_ferreteria_mov (vfe_id,pro_codigo_plu,vfm_cantidad,vfm_unitario,vfm_total,vfm_entregado) VALUES (13088,1556,1,200,200,@@@NO@@@)','',2,'2013-10-06'),(74342,'INSERT INTO gne_vale_ferreteria (vfe_id,vfe_fecha,vfe_total,vfe_estado,vfe_entregado,usu_nusuario) VALUES (13089,@@@2013.10.06@@@,490,1,0,@@@b_SAEZ@@@)','',2,'2013-10-06'),(74343,'INSERT INTO gne_vale_ferreteria_mov (vfe_id,pro_codigo_plu,vfm_cantidad,vfm_unitario,vfm_total,vfm_entregado) VALUES (13089,2009,1,490,490,@@@NO@@@)','',2,'2013-10-06'),(74344,'INSERT INTO gne_vale_ferreteria (vfe_id,vfe_fecha,vfe_total,vfe_estado,vfe_entregado,usu_nusuario) VALUES (13090,@@@2013.10.06@@@,120,1,0,@@@b_SAEZ@@@)','',2,'2013-10-06'),(74345,'INSERT INTO gne_vale_ferreteria_mov (vfe_id,pro_codigo_plu,vfm_cantidad,vfm_unitario,vfm_total,vfm_entregado) VALUES (13090,1064,1,120,120,@@@NO@@@)','',2,'2013-10-06'),(74346,'INSERT INTO gne_vale_ferreteria (vfe_id,vfe_fecha,vfe_total,vfe_estado,vfe_entregado,usu_nusuario) VALUES (13091,@@@2013.10.06@@@,730,1,0,@@@b_SAEZ@@@)','',2,'2013-10-06'),(74347,'INSERT INTO gne_vale_ferreteria_mov (vfe_id,pro_codigo_plu,vfm_cantidad,vfm_unitario,vfm_total,vfm_entregado) VALUES (13091,11378,1,730,730,@@@NO@@@)','',2,'2013-10-06'),(74348,'INSERT INTO gne_vale_ferreteria (vfe_id,vfe_fecha,vfe_total,vfe_estado,vfe_entregado,usu_nusuario) VALUES (13092,@@@2013.10.06@@@,270,1,0,@@@b_SAEZ@@@)','',2,'2013-10-06'),(74349,'INSERT INTO gne_vale_ferreteria_mov (vfe_id,pro_codigo_plu,vfm_cantidad,vfm_unitario,vfm_total,vfm_entregado) VALUES (13092,78017026,3,90,270,@@@NO@@@)','',2,'2013-10-06'),(74350,'INSERT INTO gne_vale_ferreteria (vfe_id,vfe_fecha,vfe_total,vfe_estado,vfe_entregado,usu_nusuario) VALUES (13093,@@@2013.10.06@@@,120,1,0,@@@b_SAEZ@@@)','',2,'2013-10-06'),(74351,'INSERT INTO gne_vale_ferreteria_mov (vfe_id,pro_codigo_plu,vfm_cantidad,vfm_unitario,vfm_total,vfm_entregado) VALUES (13093,764766,1,120,120,@@@NO@@@)','',2,'2013-10-06'),(74352,'INSERT INTO gne_vale_ferreteria (vfe_id,vfe_fecha,vfe_total,vfe_estado,vfe_entregado,usu_nusuario) VALUES (13094,@@@2013.10.06@@@,390,1,0,@@@b_SAEZ@@@)','',2,'2013-10-06'),(74353,'INSERT INTO gne_vale_ferreteria_mov (vfe_id,pro_codigo_plu,vfm_cantidad,vfm_unitario,vfm_total,vfm_entregado) VALUES (13094,780721420,1,390,390,@@@NO@@@)','',2,'2013-10-06'),(74354,'INSERT INTO gne_vale_ferreteria (vfe_id,vfe_fecha,vfe_total,vfe_estado,vfe_entregado,usu_nusuario) VALUES (13095,@@@2013.10.06@@@,450,1,0,@@@b_SAEZ@@@)','',2,'2013-10-06'),(74355,'INSERT INTO gne_vale_ferreteria_mov (vfe_id,pro_codigo_plu,vfm_cantidad,vfm_unitario,vfm_total,vfm_entregado) VALUES (13095,761962,1,450,450,@@@NO@@@)','',2,'2013-10-06'),(74356,'INSERT INTO gne_vale_ferreteria (vfe_id,vfe_fecha,vfe_total,vfe_estado,vfe_entregado,usu_nusuario) VALUES (13096,@@@2013.10.06@@@,3870,1,0,@@@b_SAEZ@@@)','',2,'2013-10-06'),(74357,'INSERT INTO gne_vale_ferreteria_mov (vfe_id,pro_codigo_plu,vfm_cantidad,vfm_unitario,vfm_total,vfm_entregado) VALUES (13096,763740,1,1350,1350,@@@NO@@@)','',2,'2013-10-06'),(74358,'INSERT INTO gne_vale_ferreteria_mov (vfe_id,pro_codigo_plu,vfm_cantidad,vfm_unitario,vfm_total,vfm_entregado) VALUES (13096,780721639,1,1590,1590,@@@NO@@@)','',2,'2013-10-06'),(74359,'INSERT INTO gne_vale_ferreteria_mov (vfe_id,pro_codigo_plu,vfm_cantidad,vfm_unitario,vfm_total,vfm_entregado) VALUES (13096,763582,1,650,650,@@@NO@@@)','',2,'2013-10-06'),(74360,'INSERT INTO gne_vale_ferreteria_mov (vfe_id,pro_codigo_plu,vfm_cantidad,vfm_unitario,vfm_total,vfm_entregado) VALUES (13096,780220200,1,180,180,@@@NO@@@)','',2,'2013-10-06'),(74361,'INSERT INTO gne_vale_ferreteria_mov (vfe_id,pro_codigo_plu,vfm_cantidad,vfm_unitario,vfm_total,vfm_entregado) VALUES (13096,764696,1,100,100,@@@NO@@@)','',2,'2013-10-06'),(74362,'INSERT INTO gne_vale_ferreteria (vfe_id,vfe_fecha,vfe_total,vfe_estado,vfe_entregado,usu_nusuario) VALUES (13097,@@@2013.10.06@@@,300,1,0,@@@b_SAEZ@@@)','',2,'2013-10-06'),(74363,'INSERT INTO gne_vale_ferreteria_mov (vfe_id,pro_codigo_plu,vfm_cantidad,vfm_unitario,vfm_total,vfm_entregado) VALUES (13097,2004,1,300,300,@@@NO@@@)','',2,'2013-10-06'),(74364,'INSERT INTO gne_vale_ferreteria (vfe_id,vfe_fecha,vfe_total,vfe_estado,vfe_entregado,usu_nusuario) VALUES (13098,@@@2013.10.06@@@,2790,1,0,@@@b_SAEZ@@@)','',2,'2013-10-06'),(74365,'INSERT INTO gne_vale_ferreteria_mov (vfe_id,pro_codigo_plu,vfm_cantidad,vfm_unitario,vfm_total,vfm_entregado) VALUES (13098,763296,1,1890,1890,@@@NO@@@)','',2,'2013-10-06'),(74366,'INSERT INTO gne_vale_ferreteria_mov (vfe_id,pro_codigo_plu,vfm_cantidad,vfm_unitario,vfm_total,vfm_entregado) VALUES (13098,763884,1,900,900,@@@NO@@@)','',2,'2013-10-06'),(74367,'INSERT INTO gne_vale_ferreteria (vfe_id,vfe_fecha,vfe_total,vfe_estado,vfe_entregado,usu_nusuario) VALUES (13099,@@@2013.10.06@@@,770,1,0,@@@b_SAEZ@@@)','',2,'2013-10-06'),(74368,'INSERT INTO gne_vale_ferreteria_mov (vfe_id,pro_codigo_plu,vfm_cantidad,vfm_unitario,vfm_total,vfm_entregado) VALUES (13099,78017157,1,770,770,@@@NO@@@)','',2,'2013-10-06'),(74369,'INSERT INTO gne_vale_ferreteria (vfe_id,vfe_fecha,vfe_total,vfe_estado,vfe_entregado,usu_nusuario) VALUES (13100,@@@2013.10.06@@@,739,1,0,@@@b_SAEZ@@@)','',2,'2013-10-06'),(74370,'INSERT INTO gne_vale_ferreteria_mov (vfe_id,pro_codigo_plu,vfm_cantidad,vfm_unitario,vfm_total,vfm_entregado) VALUES (13100,763778,1,240,240,@@@NO@@@)','',2,'2013-10-06'),(74371,'INSERT INTO gne_vale_ferreteria_mov (vfe_id,pro_codigo_plu,vfm_cantidad,vfm_unitario,vfm_total,vfm_entregado) VALUES (13100,780721670,1,499,499,@@@NO@@@)','',2,'2013-10-06'),(74372,'INSERT INTO gne_vale_ferreteria (vfe_id,vfe_fecha,vfe_total,vfe_estado,vfe_entregado,usu_nusuario) VALUES (13101,@@@2013.10.06@@@,200,1,0,@@@b_SAEZ@@@)','',2,'2013-10-06'),(74373,'INSERT INTO gne_vale_ferreteria_mov (vfe_id,pro_codigo_plu,vfm_cantidad,vfm_unitario,vfm_total,vfm_entregado) VALUES (13101,764833,20,10,200,@@@NO@@@)','',2,'2013-10-06'),(74374,'INSERT INTO gne_vale_ferreteria (vfe_id,vfe_fecha,vfe_total,vfe_estado,vfe_entregado,usu_nusuario) VALUES (13102,@@@2013.10.06@@@,2170,1,0,@@@b_SAEZ@@@)','',2,'2013-10-06'),(74375,'INSERT INTO gne_vale_ferreteria_mov (vfe_id,pro_codigo_plu,vfm_cantidad,vfm_unitario,vfm_total,vfm_entregado) VALUES (13102,990004,2,890,1780,@@@NO@@@)','',2,'2013-10-06'),(74376,'INSERT INTO gne_vale_ferreteria_mov (vfe_id,pro_codigo_plu,vfm_cantidad,vfm_unitario,vfm_total,vfm_entregado) VALUES (13102,770020,1,390,390,@@@NO@@@)','',2,'2013-10-06'),(74377,'INSERT INTO gne_vale_ferreteria (vfe_id,vfe_fecha,vfe_total,vfe_estado,vfe_entregado,usu_nusuario) VALUES (13103,@@@2013.10.06@@@,360,1,0,@@@b_SAEZ@@@)','',2,'2013-10-06'),(74378,'INSERT INTO gne_vale_ferreteria_mov (vfe_id,pro_codigo_plu,vfm_cantidad,vfm_unitario,vfm_total,vfm_entregado) VALUES (13103,15745,2,180,360,@@@NO@@@)','',2,'2013-10-06'),(74379,'INSERT INTO gne_vale_ferreteria (vfe_id,vfe_fecha,vfe_total,vfe_estado,vfe_entregado,usu_nusuario) VALUES (13104,@@@2013.10.06@@@,490,1,0,@@@b_SAEZ@@@)','',2,'2013-10-06'),(74380,'INSERT INTO gne_vale_ferreteria_mov (vfe_id,pro_codigo_plu,vfm_cantidad,vfm_unitario,vfm_total,vfm_entregado) VALUES (13104,6500,1,490,490,@@@NO@@@)','',2,'2013-10-06'),(74381,'INSERT INTO gne_vale_ferreteria (vfe_id,vfe_fecha,vfe_total,vfe_estado,vfe_entregado,usu_nusuario) VALUES (13105,@@@2013.10.06@@@,1490,1,0,@@@b_SAEZ@@@)','',2,'2013-10-06'),(74382,'INSERT INTO gne_vale_ferreteria_mov (vfe_id,pro_codigo_plu,vfm_cantidad,vfm_unitario,vfm_total,vfm_entregado) VALUES (13105,6011,1,1490,1490,@@@NO@@@)','',2,'2013-10-06'),(74383,'INSERT INTO gne_vale_ferreteria (vfe_id,vfe_fecha,vfe_total,vfe_estado,vfe_entregado,usu_nusuario) VALUES (13106,@@@2013.10.06@@@,4279,1,0,@@@b_SAEZ@@@)','',2,'2013-10-06'),(74384,'INSERT INTO gne_vale_ferreteria_mov (vfe_id,pro_codigo_plu,vfm_cantidad,vfm_unitario,vfm_total,vfm_entregado) VALUES (13106,101454,1,599,599,@@@NO@@@)','',2,'2013-10-06'),(74385,'INSERT INTO gne_vale_ferreteria_mov (vfe_id,pro_codigo_plu,vfm_cantidad,vfm_unitario,vfm_total,vfm_entregado) VALUES (13106,20564,1,2190,2190,@@@NO@@@)','',2,'2013-10-06'),(74386,'INSERT INTO gne_vale_ferreteria_mov (vfe_id,pro_codigo_plu,vfm_cantidad,vfm_unitario,vfm_total,vfm_entregado) VALUES (13106,6011,1,1490,1490,@@@NO@@@)','',2,'2013-10-06'),(74387,'INSERT INTO gne_vale_ferreteria (vfe_id,vfe_fecha,vfe_total,vfe_estado,vfe_entregado,usu_nusuario) VALUES (13107,@@@2013.10.06@@@,390,1,0,@@@b_SAEZ@@@)','',2,'2013-10-06'),(74388,'INSERT INTO gne_vale_ferreteria_mov (vfe_id,pro_codigo_plu,vfm_cantidad,vfm_unitario,vfm_total,vfm_entregado) VALUES (13107,780721291,1,390,390,@@@NO@@@)','',2,'2013-10-06'),(74389,'INSERT INTO gne_vale_ferreteria (vfe_id,vfe_fecha,vfe_total,vfe_estado,vfe_entregado,usu_nusuario) VALUES (13108,@@@2013.10.06@@@,990,1,0,@@@b_SAEZ@@@)','',2,'2013-10-06'),(74390,'INSERT INTO gne_vale_ferreteria_mov (vfe_id,pro_codigo_plu,vfm_cantidad,vfm_unitario,vfm_total,vfm_entregado) VALUES (13108,19956,1,990,990,@@@NO@@@)','',2,'2013-10-06'),(74391,'INSERT INTO gne_vale_ferreteria (vfe_id,vfe_fecha,vfe_total,vfe_estado,vfe_entregado,usu_nusuario) VALUES (13109,@@@2013.10.06@@@,1890,1,0,@@@b_SAEZ@@@)','',2,'2013-10-06'),(74392,'INSERT INTO gne_vale_ferreteria_mov (vfe_id,pro_codigo_plu,vfm_cantidad,vfm_unitario,vfm_total,vfm_entregado) VALUES (13109,780721368,1,1890,1890,@@@NO@@@)','',2,'2013-10-06'),(74393,'INSERT INTO gne_vale_ferreteria (vfe_id,vfe_fecha,vfe_total,vfe_estado,vfe_entregado,usu_nusuario) VALUES (13110,@@@2013.10.06@@@,720,1,0,@@@b_SAEZ@@@)','',2,'2013-10-06'),(74394,'INSERT INTO gne_vale_ferreteria_mov (vfe_id,pro_codigo_plu,vfm_cantidad,vfm_unitario,vfm_total,vfm_entregado) VALUES (13110,19866,1,720,720,@@@NO@@@)','',2,'2013-10-06'),(74395,'INSERT INTO gne_vale_ferreteria (vfe_id,vfe_fecha,vfe_total,vfe_estado,vfe_entregado,usu_nusuario) VALUES (13111,@@@2013.10.06@@@,920,1,0,@@@b_SAEZ@@@)','',2,'2013-10-06'),(74396,'INSERT INTO gne_vale_ferreteria_mov (vfe_id,pro_codigo_plu,vfm_cantidad,vfm_unitario,vfm_total,vfm_entregado) VALUES (13111,780721666,1,650,650,@@@NO@@@)','',2,'2013-10-06'),(74397,'INSERT INTO gne_vale_ferreteria_mov (vfe_id,pro_codigo_plu,vfm_cantidad,vfm_unitario,vfm_total,vfm_entregado) VALUES (13111,78017204,1,120,120,@@@NO@@@)','',2,'2013-10-06'),(74398,'INSERT INTO gne_vale_ferreteria_mov (vfe_id,pro_codigo_plu,vfm_cantidad,vfm_unitario,vfm_total,vfm_entregado) VALUES (13111,780721387,1,150,150,@@@NO@@@)','',2,'2013-10-06'),(74399,'INSERT INTO gne_vale_ferreteria (vfe_id,vfe_fecha,vfe_total,vfe_estado,vfe_entregado,usu_nusuario) VALUES (13112,@@@2013.10.06@@@,520,1,0,@@@b_SAEZ@@@)','',2,'2013-10-06'),(74400,'INSERT INTO gne_vale_ferreteria_mov (vfe_id,pro_codigo_plu,vfm_cantidad,vfm_unitario,vfm_total,vfm_entregado) VALUES (13112,780220182,1,520,520,@@@NO@@@)','',2,'2013-10-06'),(74401,'INSERT INTO gne_vale_ferreteria (vfe_id,vfe_fecha,vfe_total,vfe_estado,vfe_entregado,usu_nusuario) VALUES (13113,@@@2013.10.06@@@,1110,1,0,@@@b_SAEZ@@@)','',2,'2013-10-06'),(74402,'INSERT INTO gne_vale_ferreteria_mov (vfe_id,pro_codigo_plu,vfm_cantidad,vfm_unitario,vfm_total,vfm_entregado) VALUES (13113,8021,2,150,300,@@@NO@@@)','',2,'2013-10-06'),(74403,'INSERT INTO gne_vale_ferreteria_mov (vfe_id,pro_codigo_plu,vfm_cantidad,vfm_unitario,vfm_total,vfm_entregado) VALUES (13113,78017146,2,50,100,@@@NO@@@)','',2,'2013-10-06'),(74404,'INSERT INTO gne_vale_ferreteria_mov (vfe_id,pro_codigo_plu,vfm_cantidad,vfm_unitario,vfm_total,vfm_entregado) VALUES (13113,21135,1,200,200,@@@NO@@@)','',2,'2013-10-06'),(74405,'INSERT INTO gne_vale_ferreteria_mov (vfe_id,pro_codigo_plu,vfm_cantidad,vfm_unitario,vfm_total,vfm_entregado) VALUES (13113,780220123,2,50,100,@@@NO@@@)','',2,'2013-10-06'),(74406,'INSERT INTO gne_vale_ferreteria_mov (vfe_id,pro_codigo_plu,vfm_cantidad,vfm_unitario,vfm_total,vfm_entregado) VALUES (13113,1605,2,10,20,@@@NO@@@)','',2,'2013-10-06'),(74407,'INSERT INTO gne_vale_ferreteria_mov (vfe_id,pro_codigo_plu,vfm_cantidad,vfm_unitario,vfm_total,vfm_entregado) VALUES (13113,78017020,1,390,390,@@@NO@@@)','',2,'2013-10-06'),(74408,'INSERT INTO gne_vale_ferreteria (vfe_id,vfe_fecha,vfe_total,vfe_estado,vfe_entregado,usu_nusuario) VALUES (13114,@@@2013.10.06@@@,940,1,0,@@@b_SAEZ@@@)','',2,'2013-10-06'),(74409,'INSERT INTO gne_vale_ferreteria_mov (vfe_id,pro_codigo_plu,vfm_cantidad,vfm_unitario,vfm_total,vfm_entregado) VALUES (13114,780721904,1,450,450,@@@NO@@@)','',2,'2013-10-06'),(74410,'INSERT INTO gne_vale_ferreteria_mov (vfe_id,pro_codigo_plu,vfm_cantidad,vfm_unitario,vfm_total,vfm_entregado) VALUES (13114,780721306,1,490,490,@@@NO@@@)','',2,'2013-10-06'),(74411,'INSERT INTO gne_vale_ferreteria (vfe_id,vfe_fecha,vfe_total,vfe_estado,vfe_entregado,usu_nusuario) VALUES (13115,@@@2013.10.06@@@,980,1,0,@@@b_SAEZ@@@)','',2,'2013-10-06'),(74412,'INSERT INTO gne_vale_ferreteria_mov (vfe_id,pro_codigo_plu,vfm_cantidad,vfm_unitario,vfm_total,vfm_entregado) VALUES (13115,19876,1,980,980,@@@NO@@@)','',2,'2013-10-06'),(74413,'INSERT INTO gne_vale_ferreteria (vfe_id,vfe_fecha,vfe_total,vfe_estado,vfe_entregado,usu_nusuario) VALUES (13116,@@@2013.10.06@@@,1599,1,0,@@@b_SAEZ@@@)','',2,'2013-10-06'),(74414,'INSERT INTO gne_vale_ferreteria_mov (vfe_id,pro_codigo_plu,vfm_cantidad,vfm_unitario,vfm_total,vfm_entregado) VALUES (13116,15668,1,1599,1599,@@@NO@@@)','',2,'2013-10-06'),(74415,'INSERT INTO gne_vale_ferreteria (vfe_id,vfe_fecha,vfe_total,vfe_estado,vfe_entregado,usu_nusuario) VALUES (13117,@@@2013.10.06@@@,599,1,0,@@@b_SAEZ@@@)','',2,'2013-10-06'),(74416,'INSERT INTO gne_vale_ferreteria_mov (vfe_id,pro_codigo_plu,vfm_cantidad,vfm_unitario,vfm_total,vfm_entregado) VALUES (13117,764411,1,100,100,@@@NO@@@)','',2,'2013-10-06'),(74417,'INSERT INTO gne_vale_ferreteria_mov (vfe_id,pro_codigo_plu,vfm_cantidad,vfm_unitario,vfm_total,vfm_entregado) VALUES (13117,20148,1,100,100,@@@NO@@@)','',2,'2013-10-06'),(74418,'INSERT INTO gne_vale_ferreteria_mov (vfe_id,pro_codigo_plu,vfm_cantidad,vfm_unitario,vfm_total,vfm_entregado) VALUES (13117,780721327,1,399,399,@@@NO@@@)','',2,'2013-10-06'),(74419,'INSERT INTO gne_vale_ferreteria (vfe_id,vfe_fecha,vfe_total,vfe_estado,vfe_entregado,usu_nusuario) VALUES (13118,@@@2013.10.06@@@,1990,1,0,@@@b_SAEZ@@@)','',2,'2013-10-06'),(74420,'INSERT INTO gne_vale_ferreteria_mov (vfe_id,pro_codigo_plu,vfm_cantidad,vfm_unitario,vfm_total,vfm_entregado) VALUES (13118,20477,1,1990,1990,@@@NO@@@)','',2,'2013-10-06'),(74421,'INSERT INTO gne_vale_ferreteria (vfe_id,vfe_fecha,vfe_total,vfe_estado,vfe_entregado,usu_nusuario) VALUES (13119,@@@2013.10.06@@@,590,1,0,@@@b_SAEZ@@@)','',2,'2013-10-06'),(74422,'INSERT INTO gne_vale_ferreteria_mov (vfe_id,pro_codigo_plu,vfm_cantidad,vfm_unitario,vfm_total,vfm_entregado) VALUES (13119,780721716,1,590,590,@@@NO@@@)','',2,'2013-10-06'),(74423,'INSERT INTO gne_vale_ferreteria (vfe_id,vfe_fecha,vfe_total,vfe_estado,vfe_entregado,usu_nusuario) VALUES (13120,@@@2013.10.07@@@,2380,1,0,@@@b_SAEZ@@@)','',2,'2013-10-07'),(74424,'INSERT INTO gne_vale_ferreteria_mov (vfe_id,pro_codigo_plu,vfm_cantidad,vfm_unitario,vfm_total,vfm_entregado) VALUES (13120,4069,2,1190,2380,@@@NO@@@)','',2,'2013-10-07'),(74425,'INSERT INTO gne_vale_ferreteria (vfe_id,vfe_fecha,vfe_total,vfe_estado,vfe_entregado,usu_nusuario) VALUES (13121,@@@2013.10.07@@@,150,1,0,@@@b_SAEZ@@@)','',2,'2013-10-07'),(74426,'INSERT INTO gne_vale_ferreteria_mov (vfe_id,pro_codigo_plu,vfm_cantidad,vfm_unitario,vfm_total,vfm_entregado) VALUES (13121,8021,1,150,150,@@@NO@@@)','',2,'2013-10-07'),(74427,'INSERT INTO gne_vale_ferreteria (vfe_id,vfe_fecha,vfe_total,vfe_estado,vfe_entregado,usu_nusuario) VALUES (13122,@@@2013.10.07@@@,3580,1,0,@@@b_SAEZ@@@)','',2,'2013-10-07'),(74428,'INSERT INTO gne_vale_ferreteria_mov (vfe_id,pro_codigo_plu,vfm_cantidad,vfm_unitario,vfm_total,vfm_entregado) VALUES (13122,763856,1,3190,3190,@@@NO@@@)','',2,'2013-10-07'),(74429,'INSERT INTO gne_vale_ferreteria_mov (vfe_id,pro_codigo_plu,vfm_cantidad,vfm_unitario,vfm_total,vfm_entregado) VALUES (13122,780721420,1,390,390,@@@NO@@@)','',2,'2013-10-07'),(74430,'UPDATE mae_productos SET pro_margen_actual=0,pro_precio_venta=3460 WHERE pro_codigo_plu=262174','',2,'2013-10-07'),(74431,'UPDATE mae_productos SET pro_margen_actual=-4.04,pro_precio_venta=190 WHERE pro_codigo_plu=12454','',2,'2013-10-07'),(74432,'UPDATE mae_productos SET pro_precio_fiscal=pro_precio_venta WHERE pro_codigo_plu=12454','',2,'2013-10-07'),(74433,'UPDATE mae_productos SET pro_precio_fiscal=pro_precio_venta WHERE pro_codigo_plu=262174','',2,'2013-10-07'),(74434,'INSERT INTO com_ventas_grupo (vgr_fecha,vgr_grupo,vgr_cantidad,vgr_total) VALUES (@@@2013.10.05@@@,1,174.475,106798)','',2,'2013-10-07'),(74435,'INSERT INTO com_ventas_grupo (vgr_fecha,vgr_grupo,vgr_cantidad,vgr_total) VALUES (@@@2013.10.05@@@,2,210.17,121522)','',2,'2013-10-07'),(74436,'INSERT INTO com_ventas_grupo (vgr_fecha,vgr_grupo,vgr_cantidad,vgr_total) VALUES (@@@2013.10.05@@@,3,251,59642)','',2,'2013-10-07'),(74437,'INSERT INTO com_ventas_grupo (vgr_fecha,vgr_grupo,vgr_cantidad,vgr_total) VALUES (@@@2013.10.05@@@,4,146,129069)','',2,'2013-10-07'),(74438,'INSERT INTO com_ventas_grupo (vgr_fecha,vgr_grupo,vgr_cantidad,vgr_total) VALUES (@@@2013.10.05@@@,5,8,23445)','',2,'2013-10-07'),(74439,'INSERT INTO com_ventas_grupo (vgr_fecha,vgr_grupo,vgr_cantidad,vgr_total) VALUES (@@@2013.10.05@@@,6,23,38507)','',2,'2013-10-07'),(74440,'INSERT INTO com_ventas_grupo (vgr_fecha,vgr_grupo,vgr_cantidad,vgr_total) VALUES (@@@2013.10.05@@@,7,141,283470)','',2,'2013-10-07'),(74441,'INSERT INTO com_ventas_grupo (vgr_fecha,vgr_grupo,vgr_cantidad,vgr_total) VALUES (@@@2013.10.05@@@,8,35,29020)','',2,'2013-10-07'),(74442,'INSERT INTO com_ventas_grupo (vgr_fecha,vgr_grupo,vgr_cantidad,vgr_total) VALUES (@@@2013.10.05@@@,9,144.18,264753)','',2,'2013-10-07'),(74443,'INSERT INTO com_ventas_grupo (vgr_fecha,vgr_grupo,vgr_cantidad,vgr_total) VALUES (@@@2013.10.05@@@,10,38.64,163558)','',2,'2013-10-07'),(74444,'INSERT INTO com_ventas_grupo (vgr_fecha,vgr_grupo,vgr_cantidad,vgr_total) VALUES (@@@2013.10.05@@@,11,38.81,132311)','',2,'2013-10-07'),(74445,'INSERT INTO com_ventas_grupo (vgr_fecha,vgr_grupo,vgr_cantidad,vgr_total) VALUES (@@@2013.10.05@@@,12,52.565,101875)','',2,'2013-10-07'),(74446,'INSERT INTO com_ventas_grupo (vgr_fecha,vgr_grupo,vgr_cantidad,vgr_total) VALUES (@@@2013.10.05@@@,13,13.36,27046)','',2,'2013-10-07'),(74447,'INSERT INTO com_ventas_grupo (vgr_fecha,vgr_grupo,vgr_cantidad,vgr_total) VALUES (@@@2013.10.05@@@,14,92.75,86348)','',2,'2013-10-07'),(74448,'INSERT INTO com_ventas_grupo (vgr_fecha,vgr_grupo,vgr_cantidad,vgr_total) VALUES (@@@2013.10.05@@@,16,5,850)','',2,'2013-10-07'),(74449,'INSERT INTO com_ventas_grupo (vgr_fecha,vgr_grupo,vgr_cantidad,vgr_total) VALUES (@@@2013.10.05@@@,18,207.035,128910)','',2,'2013-10-07'),(74450,'INSERT INTO com_ventas_grupo (vgr_fecha,vgr_grupo,vgr_cantidad,vgr_total) VALUES (@@@2013.10.05@@@,19,2,3000)','',2,'2013-10-07'),(74451,'INSERT INTO com_ventas_grupo (vgr_fecha,vgr_grupo,vgr_cantidad,vgr_total) VALUES (@@@2013.10.05@@@,20,178.36,86888)','',2,'2013-10-07'),(74452,'INSERT INTO com_ventas_grupo (vgr_fecha,vgr_grupo,vgr_cantidad,vgr_total) VALUES (@@@2013.10.05@@@,21,57,62889)','',2,'2013-10-07'),(74453,'INSERT INTO com_ventas_grupo (vgr_fecha,vgr_grupo,vgr_cantidad,vgr_total) VALUES (@@@2013.10.05@@@,23,10,27010)','',2,'2013-10-07'),(74454,'INSERT INTO com_ventas_grupo (vgr_fecha,vgr_grupo,vgr_cantidad,vgr_total) VALUES (@@@2013.10.05@@@,24,186,45308)','',2,'2013-10-07'),(74455,'INSERT INTO com_ventas_grupo (vgr_fecha,vgr_grupo,vgr_cantidad,vgr_total) VALUES (@@@2013.10.05@@@,25,99,162000)','',2,'2013-10-07'),(74456,'INSERT INTO com_ventas_grupo (vgr_fecha,vgr_grupo,vgr_cantidad,vgr_total) VALUES (@@@2013.10.05@@@,27,2,2080)','',2,'2013-10-07'),(74457,'INSERT INTO com_ventas_grupo (vgr_fecha,vgr_grupo,vgr_cantidad,vgr_total) VALUES (@@@2013.10.05@@@,31,6,6900)','',2,'2013-10-07'),(74458,'INSERT INTO com_ventas_grupo (vgr_fecha,vgr_grupo,vgr_cantidad,vgr_total) VALUES (@@@2013.10.05@@@,32,288,115985)','',2,'2013-10-07'),(74459,'INSERT INTO com_ventas_grupo (vgr_fecha,vgr_grupo,vgr_cantidad,vgr_total) VALUES (@@@2013.10.05@@@,34,1,1250)','',2,'2013-10-07'),(74460,'INSERT INTO com_ventas_grupo (vgr_fecha,vgr_grupo,vgr_cantidad,vgr_total) VALUES (@@@2013.10.05@@@,35,24,37139)','',2,'2013-10-07'),(74461,'INSERT INTO com_ventas_grupo (vgr_fecha,vgr_grupo,vgr_cantidad,vgr_total) VALUES (@@@2013.10.05@@@,36,17,2300)','',2,'2013-10-07'),(74462,'INSERT INTO com_ventas_grupo (vgr_fecha,vgr_grupo,vgr_cantidad,vgr_total) VALUES (@@@2013.10.05@@@,38,11,18090)','',2,'2013-10-07'),(74463,'INSERT INTO com_ventas_grupo (vgr_fecha,vgr_grupo,vgr_cantidad,vgr_total) VALUES (@@@2013.10.05@@@,39,11,13600)','',2,'2013-10-07'),(74464,'INSERT INTO com_ventas_grupo (vgr_fecha,vgr_grupo,vgr_cantidad,vgr_total) VALUES (@@@2013.10.05@@@,40,530,530)','',2,'2013-10-07'),(74465,'INSERT INTO com_ventas_grupo (vgr_fecha,vgr_grupo,vgr_cantidad,vgr_total) VALUES (@@@2013.10.05@@@,42,25.125,21666)','',2,'2013-10-07'),(74466,'INSERT INTO com_ventas_grupo (vgr_fecha,vgr_grupo,vgr_cantidad,vgr_total) VALUES (@@@2013.10.05@@@,44,2,2000)','',2,'2013-10-07'),(74467,'UPDATE mae_datos_empresa SET emp_oferta=@@@NO@@@','',2,'2013-10-07'),(74468,'INSERT INTO com_ventas_grupo (vgr_fecha,vgr_grupo,vgr_cantidad,vgr_total) VALUES (@@@2013.10.06@@@,1,141.465,121661)','',2,'2013-10-07'),(74469,'INSERT INTO com_ventas_grupo (vgr_fecha,vgr_grupo,vgr_cantidad,vgr_total) VALUES (@@@2013.10.06@@@,2,180,103210)','',2,'2013-10-07'),(74470,'INSERT INTO com_ventas_grupo (vgr_fecha,vgr_grupo,vgr_cantidad,vgr_total) VALUES (@@@2013.10.06@@@,3,286,61066)','',2,'2013-10-07'),(74471,'INSERT INTO com_ventas_grupo (vgr_fecha,vgr_grupo,vgr_cantidad,vgr_total) VALUES (@@@2013.10.06@@@,4,157,139370)','',2,'2013-10-07'),(74472,'INSERT INTO com_ventas_grupo (vgr_fecha,vgr_grupo,vgr_cantidad,vgr_total) VALUES (@@@2013.10.06@@@,5,6,19949)','',2,'2013-10-07'),(74473,'INSERT INTO com_ventas_grupo (vgr_fecha,vgr_grupo,vgr_cantidad,vgr_total) VALUES (@@@2013.10.06@@@,6,21,30526)','',2,'2013-10-07'),(74474,'INSERT INTO com_ventas_grupo (vgr_fecha,vgr_grupo,vgr_cantidad,vgr_total) VALUES (@@@2013.10.06@@@,7,129,229300)','',2,'2013-10-07'),(74475,'INSERT INTO com_ventas_grupo (vgr_fecha,vgr_grupo,vgr_cantidad,vgr_total) VALUES (@@@2013.10.06@@@,8,57,25420)','',2,'2013-10-07'),(74476,'INSERT INTO com_ventas_grupo (vgr_fecha,vgr_grupo,vgr_cantidad,vgr_total) VALUES (@@@2013.10.06@@@,9,95.12,182643)','',2,'2013-10-07'),(74477,'INSERT INTO com_ventas_grupo (vgr_fecha,vgr_grupo,vgr_cantidad,vgr_total) VALUES (@@@2013.10.06@@@,10,45.31,162838)','',2,'2013-10-07'),(74478,'INSERT INTO com_ventas_grupo (vgr_fecha,vgr_grupo,vgr_cantidad,vgr_total) VALUES (@@@2013.10.06@@@,11,22.85,78083)','',2,'2013-10-07'),(74479,'INSERT INTO com_ventas_grupo (vgr_fecha,vgr_grupo,vgr_cantidad,vgr_total) VALUES (@@@2013.10.06@@@,12,36.865,68355)','',2,'2013-10-07'),(74480,'INSERT INTO com_ventas_grupo (vgr_fecha,vgr_grupo,vgr_cantidad,vgr_total) VALUES (@@@2013.10.06@@@,13,11.775,35450)','',2,'2013-10-07'),(74481,'INSERT INTO com_ventas_grupo (vgr_fecha,vgr_grupo,vgr_cantidad,vgr_total) VALUES (@@@2013.10.06@@@,14,117.065,106113)','',2,'2013-10-07'),(74482,'INSERT INTO com_ventas_grupo (vgr_fecha,vgr_grupo,vgr_cantidad,vgr_total) VALUES (@@@2013.10.06@@@,16,4,680)','',2,'2013-10-07'),(74483,'INSERT INTO com_ventas_grupo (vgr_fecha,vgr_grupo,vgr_cantidad,vgr_total) VALUES (@@@2013.10.06@@@,18,167.725,98666)','',2,'2013-10-07'),(74484,'INSERT INTO com_ventas_grupo (vgr_fecha,vgr_grupo,vgr_cantidad,vgr_total) VALUES (@@@2013.10.06@@@,19,2,2920)','',2,'2013-10-07'),(74485,'INSERT INTO com_ventas_grupo (vgr_fecha,vgr_grupo,vgr_cantidad,vgr_total) VALUES (@@@2013.10.06@@@,20,249.45,112795)','',2,'2013-10-07'),(74486,'INSERT INTO com_ventas_grupo (vgr_fecha,vgr_grupo,vgr_cantidad,vgr_total) VALUES (@@@2013.10.06@@@,21,59,63088)','',2,'2013-10-07'),(74487,'INSERT INTO com_ventas_grupo (vgr_fecha,vgr_grupo,vgr_cantidad,vgr_total) VALUES (@@@2013.10.06@@@,23,5,8650)','',2,'2013-10-07'),(74488,'INSERT INTO com_ventas_grupo (vgr_fecha,vgr_grupo,vgr_cantidad,vgr_total) VALUES (@@@2013.10.06@@@,24,193,32840)','',2,'2013-10-07'),(74489,'INSERT INTO com_ventas_grupo (vgr_fecha,vgr_grupo,vgr_cantidad,vgr_total) VALUES (@@@2013.10.06@@@,25,90,132900)','',2,'2013-10-07'),(74490,'INSERT INTO com_ventas_grupo (vgr_fecha,vgr_grupo,vgr_cantidad,vgr_total) VALUES (@@@2013.10.06@@@,31,4,2680)','',2,'2013-10-07'),(74491,'INSERT INTO com_ventas_grupo (vgr_fecha,vgr_grupo,vgr_cantidad,vgr_total) VALUES (@@@2013.10.06@@@,32,231,71286)','',2,'2013-10-07'),(74492,'INSERT INTO com_ventas_grupo (vgr_fecha,vgr_grupo,vgr_cantidad,vgr_total) VALUES (@@@2013.10.06@@@,34,3,3750)','',2,'2013-10-07'),(74493,'INSERT INTO com_ventas_grupo (vgr_fecha,vgr_grupo,vgr_cantidad,vgr_total) VALUES (@@@2013.10.06@@@,35,25,32290)','',2,'2013-10-07'),(74494,'INSERT INTO com_ventas_grupo (vgr_fecha,vgr_grupo,vgr_cantidad,vgr_total) VALUES (@@@2013.10.06@@@,36,3,590)','',2,'2013-10-07'),(74495,'INSERT INTO com_ventas_grupo (vgr_fecha,vgr_grupo,vgr_cantidad,vgr_total) VALUES (@@@2013.10.06@@@,37,1,1990)','',2,'2013-10-07'),(74496,'INSERT INTO com_ventas_grupo (vgr_fecha,vgr_grupo,vgr_cantidad,vgr_total) VALUES (@@@2013.10.06@@@,38,2,4480)','',2,'2013-10-07'),(74497,'INSERT INTO com_ventas_grupo (vgr_fecha,vgr_grupo,vgr_cantidad,vgr_total) VALUES (@@@2013.10.06@@@,39,5,6780)','',2,'2013-10-07'),(74498,'INSERT INTO com_ventas_grupo (vgr_fecha,vgr_grupo,vgr_cantidad,vgr_total) VALUES (@@@2013.10.06@@@,41,1,490)','',2,'2013-10-07'),(74499,'INSERT INTO com_ventas_grupo (vgr_fecha,vgr_grupo,vgr_cantidad,vgr_total) VALUES (@@@2013.10.06@@@,42,15.775,14309)','',2,'2013-10-07'),(74500,'UPDATE mae_datos_empresa SET emp_oferta=@@@NO@@@','',2,'2013-10-07'),(74501,'INSERT INTO com_ventas_grupo (vgr_fecha,vgr_grupo,vgr_cantidad,vgr_total) VALUES (@@@2013.10.04@@@,1,328.955,297352)','',2,'2013-10-07'),(74502,'INSERT INTO com_ventas_grupo (vgr_fecha,vgr_grupo,vgr_cantidad,vgr_total) VALUES (@@@2013.10.04@@@,2,227.19,141339)','',2,'2013-10-07'),(74503,'INSERT INTO com_ventas_grupo (vgr_fecha,vgr_grupo,vgr_cantidad,vgr_total) VALUES (@@@2013.10.04@@@,3,322,74452)','',2,'2013-10-07'),(74504,'INSERT INTO com_ventas_grupo (vgr_fecha,vgr_grupo,vgr_cantidad,vgr_total) VALUES (@@@2013.10.04@@@,4,102,90349)','',2,'2013-10-07'),(74505,'INSERT INTO com_ventas_grupo (vgr_fecha,vgr_grupo,vgr_cantidad,vgr_total) VALUES (@@@2013.10.04@@@,5,2,7389)','',2,'2013-10-07'),(74506,'INSERT INTO com_ventas_grupo (vgr_fecha,vgr_grupo,vgr_cantidad,vgr_total) VALUES (@@@2013.10.04@@@,6,23,49124)','',2,'2013-10-07'),(74507,'INSERT INTO com_ventas_grupo (vgr_fecha,vgr_grupo,vgr_cantidad,vgr_total) VALUES (@@@2013.10.04@@@,7,97,191640)','',2,'2013-10-07'),(74508,'INSERT INTO com_ventas_grupo (vgr_fecha,vgr_grupo,vgr_cantidad,vgr_total) VALUES (@@@2013.10.04@@@,8,40,23580)','',2,'2013-10-07'),(74509,'INSERT INTO com_ventas_grupo (vgr_fecha,vgr_grupo,vgr_cantidad,vgr_total) VALUES (@@@2013.10.04@@@,9,103.65,159147)','',2,'2013-10-07'),(74510,'INSERT INTO com_ventas_grupo (vgr_fecha,vgr_grupo,vgr_cantidad,vgr_total) VALUES (@@@2013.10.04@@@,10,44.29,134113)','',2,'2013-10-07'),(74511,'INSERT INTO com_ventas_grupo (vgr_fecha,vgr_grupo,vgr_cantidad,vgr_total) VALUES (@@@2013.10.04@@@,11,14.255,44856)','',2,'2013-10-07'),(74512,'INSERT INTO com_ventas_grupo (vgr_fecha,vgr_grupo,vgr_cantidad,vgr_total) VALUES (@@@2013.10.04@@@,12,38.415,57084)','',2,'2013-10-07'),(74513,'INSERT INTO com_ventas_grupo (vgr_fecha,vgr_grupo,vgr_cantidad,vgr_total) VALUES (@@@2013.10.04@@@,13,20.02,54495)','',2,'2013-10-07'),(74514,'INSERT INTO com_ventas_grupo (vgr_fecha,vgr_grupo,vgr_cantidad,vgr_total) VALUES (@@@2013.10.04@@@,14,83.155,75631)','',2,'2013-10-07'),(74515,'INSERT INTO com_ventas_grupo (vgr_fecha,vgr_grupo,vgr_cantidad,vgr_total) VALUES (@@@2013.10.04@@@,15,1,290)','',2,'2013-10-07'),(74516,'INSERT INTO com_ventas_grupo (vgr_fecha,vgr_grupo,vgr_cantidad,vgr_total) VALUES (@@@2013.10.04@@@,16,2,2300)','',2,'2013-10-07'),(74517,'INSERT INTO com_ventas_grupo (vgr_fecha,vgr_grupo,vgr_cantidad,vgr_total) VALUES (@@@2013.10.04@@@,18,228.895,141567)','',2,'2013-10-07'),(74518,'INSERT INTO com_ventas_grupo (vgr_fecha,vgr_grupo,vgr_cantidad,vgr_total) VALUES (@@@2013.10.04@@@,19,1,2290)','',2,'2013-10-07'),(74519,'INSERT INTO com_ventas_grupo (vgr_fecha,vgr_grupo,vgr_cantidad,vgr_total) VALUES (@@@2013.10.04@@@,20,203.48,92631)','',2,'2013-10-07'),(74520,'INSERT INTO com_ventas_grupo (vgr_fecha,vgr_grupo,vgr_cantidad,vgr_total) VALUES (@@@2013.10.04@@@,21,64,53138)','',2,'2013-10-07'),(74521,'INSERT INTO com_ventas_grupo (vgr_fecha,vgr_grupo,vgr_cantidad,vgr_total) VALUES (@@@2013.10.04@@@,23,7,12040)','',2,'2013-10-07'),(74522,'INSERT INTO com_ventas_grupo (vgr_fecha,vgr_grupo,vgr_cantidad,vgr_total) VALUES (@@@2013.10.04@@@,24,109,27173)','',2,'2013-10-07'),(74523,'INSERT INTO com_ventas_grupo (vgr_fecha,vgr_grupo,vgr_cantidad,vgr_total) VALUES (@@@2013.10.04@@@,25,96,141100)','',2,'2013-10-07'),(74524,'INSERT INTO com_ventas_grupo (vgr_fecha,vgr_grupo,vgr_cantidad,vgr_total) VALUES (@@@2013.10.04@@@,31,31,28120)','',2,'2013-10-07'),(74525,'INSERT INTO com_ventas_grupo (vgr_fecha,vgr_grupo,vgr_cantidad,vgr_total) VALUES (@@@2013.10.04@@@,32,364,100947)','',2,'2013-10-07'),(74526,'INSERT INTO com_ventas_grupo (vgr_fecha,vgr_grupo,vgr_cantidad,vgr_total) VALUES (@@@2013.10.04@@@,35,31,34864)','',2,'2013-10-07'),(74527,'INSERT INTO com_ventas_grupo (vgr_fecha,vgr_grupo,vgr_cantidad,vgr_total) VALUES (@@@2013.10.04@@@,36,13,3420)','',2,'2013-10-07'),(74528,'INSERT INTO com_ventas_grupo (vgr_fecha,vgr_grupo,vgr_cantidad,vgr_total) VALUES (@@@2013.10.04@@@,38,8,13120)','',2,'2013-10-07'),(74529,'INSERT INTO com_ventas_grupo (vgr_fecha,vgr_grupo,vgr_cantidad,vgr_total) VALUES (@@@2013.10.04@@@,39,4,4640)','',2,'2013-10-07'),(74530,'INSERT INTO com_ventas_grupo (vgr_fecha,vgr_grupo,vgr_cantidad,vgr_total) VALUES (@@@2013.10.04@@@,40,1,180)','',2,'2013-10-07'),(74531,'INSERT INTO com_ventas_grupo (vgr_fecha,vgr_grupo,vgr_cantidad,vgr_total) VALUES (@@@2013.10.04@@@,41,4,3850)','',2,'2013-10-07'),(74532,'INSERT INTO com_ventas_grupo (vgr_fecha,vgr_grupo,vgr_cantidad,vgr_total) VALUES (@@@2013.10.04@@@,42,25.3,24178)','',2,'2013-10-07'),(74533,'UPDATE mae_datos_empresa SET emp_oferta=@@@NO@@@','',2,'2013-10-07'),(74534,'INSERT INTO gne_vale_ferreteria (vfe_id,vfe_fecha,vfe_total,vfe_estado,vfe_entregado,usu_nusuario) VALUES (13123,@@@2013.10.07@@@,1590,1,0,@@@b_SAEZ@@@)','',2,'2013-10-07'),(74535,'INSERT INTO gne_vale_ferreteria_mov (vfe_id,pro_codigo_plu,vfm_cantidad,vfm_unitario,vfm_total,vfm_entregado) VALUES (13123,764399,1,1590,1590,@@@NO@@@)','',2,'2013-10-07'),(74536,'INSERT INTO gne_vale_ferreteria (vfe_id,vfe_fecha,vfe_total,vfe_estado,vfe_entregado,usu_nusuario) VALUES (13124,@@@2013.10.07@@@,3370,1,0,@@@b_SAEZ@@@)','',2,'2013-10-07'),(74537,'INSERT INTO gne_vale_ferreteria_mov (vfe_id,pro_codigo_plu,vfm_cantidad,vfm_unitario,vfm_total,vfm_entregado) VALUES (13124,763718,1,1790,1790,@@@NO@@@)','',2,'2013-10-07'),(74538,'INSERT INTO gne_vale_ferreteria_mov (vfe_id,pro_codigo_plu,vfm_cantidad,vfm_unitario,vfm_total,vfm_entregado) VALUES (13124,19916,2,790,1580,@@@NO@@@)','',2,'2013-10-07'),(74539,'INSERT INTO gne_vale_ferreteria (vfe_id,vfe_fecha,vfe_total,vfe_estado,vfe_entregado,usu_nusuario) VALUES (13125,@@@2013.10.07@@@,240,1,0,@@@b_SAEZ@@@)','',2,'2013-10-07'),(74540,'INSERT INTO gne_vale_ferreteria_mov (vfe_id,pro_codigo_plu,vfm_cantidad,vfm_unitario,vfm_total,vfm_entregado) VALUES (13125,78017059,2,120,240,@@@NO@@@)','',2,'2013-10-07'),(74541,'UPDATE mae_productos SET pro_margen_actual=19.51,pro_precio_venta=490 WHERE pro_codigo_plu=589','',2,'2013-10-07'),(74542,'UPDATE mae_productos SET pro_margen_actual=35.14,pro_precio_venta=450 WHERE pro_codigo_plu=610','',2,'2013-10-07'),(74543,'UPDATE mae_productos SET pro_margen_actual=64.14,pro_precio_venta=499 WHERE pro_codigo_plu=552','',2,'2013-10-07'),(74544,'UPDATE mae_productos SET pro_margen_actual=68.75,pro_precio_venta=1890 WHERE pro_codigo_plu=560','',2,'2013-10-07'),(74545,'UPDATE mae_productos SET pro_margen_actual=110.84,pro_precio_venta=350 WHERE pro_codigo_plu=597','',2,'2013-10-07'),(74546,'UPDATE mae_productos SET pro_margen_actual=0,pro_precio_venta=490 WHERE pro_codigo_plu=550','',2,'2013-10-07'),(74547,'UPDATE mae_productos SET pro_margen_actual=0,pro_precio_venta=690 WHERE pro_codigo_plu=549','',2,'2013-10-07'),(74548,'UPDATE mae_productos SET pro_margen_actual=48.22,pro_precio_venta=790 WHERE pro_codigo_plu=580','',2,'2013-10-07'),(74549,'UPDATE mae_productos SET pro_margen_actual=45.49,pro_precio_venta=790 WHERE pro_codigo_plu=579','',2,'2013-10-07'),(74550,'UPDATE mae_productos SET pro_precio_fiscal=pro_precio_venta WHERE pro_codigo_plu=549','',2,'2013-10-07'),(74551,'UPDATE mae_productos SET pro_precio_fiscal=pro_precio_venta WHERE pro_codigo_plu=550','',2,'2013-10-07'),(74552,'UPDATE mae_productos SET pro_precio_fiscal=pro_precio_venta WHERE pro_codigo_plu=552','',2,'2013-10-07'),(74553,'UPDATE mae_productos SET pro_precio_fiscal=pro_precio_venta WHERE pro_codigo_plu=560','',2,'2013-10-07'),(74554,'UPDATE mae_productos SET pro_precio_fiscal=pro_precio_venta WHERE pro_codigo_plu=579','',2,'2013-10-07'),(74555,'UPDATE mae_productos SET pro_precio_fiscal=pro_precio_venta WHERE pro_codigo_plu=580','',2,'2013-10-07'),(74556,'UPDATE mae_productos SET pro_precio_fiscal=pro_precio_venta WHERE pro_codigo_plu=589','',2,'2013-10-07'),(74557,'UPDATE mae_productos SET pro_precio_fiscal=pro_precio_venta WHERE pro_codigo_plu=597','',2,'2013-10-07'),(74558,'UPDATE mae_productos SET pro_precio_fiscal=pro_precio_venta WHERE pro_codigo_plu=610','',2,'2013-10-07'),(74559,'INSERT INTO gne_vale_ferreteria (vfe_id,vfe_fecha,vfe_total,vfe_estado,vfe_entregado,usu_nusuario) VALUES (13126,@@@2013.10.07@@@,530,1,0,@@@b_SAEZ@@@)','',2,'2013-10-07'),(74560,'INSERT INTO gne_vale_ferreteria_mov (vfe_id,pro_codigo_plu,vfm_cantidad,vfm_unitario,vfm_total,vfm_entregado) VALUES (13126,763892,1,450,450,@@@NO@@@)','',2,'2013-10-07'),(74561,'INSERT INTO gne_vale_ferreteria_mov (vfe_id,pro_codigo_plu,vfm_cantidad,vfm_unitario,vfm_total,vfm_entregado) VALUES (13126,770001,1,80,80,@@@NO@@@)','',2,'2013-10-07'),(74562,'INSERT INTO mae_productos (pro_codigo_plu,pro_codigo_barra,pro_tipo,pro_nombre_producto,pro_nombre_corto,med_id,emb_id,pro_unidades_embalaje,dep_id,lin_id,mar_id,pro_precio_compra_neto,pro_precio_compra_bruto,pro_precio_venta,pro_margen_actual,pro_oferta,pro_fecha_inicio_oferta,pro_fecha_termino_oferta,pro_precio_oferta,pro_stock_minimo,pro_stock_critico,pro_entradas_bodega,pro_salidas_bodega,pro_mermas_bodega,pro_ajustes_bodega,pro_entradas_sv,pro_salidas_sv,pro_mermas_sv,pro_ajustes_sv,pro_activo,rec_numero,pro_unidad,pro_capacidad,pro_consumo_bodega,pro_consumo_sv,pro_estado,pro_funcion_plu,pro_flejes,pro_iva,pro_plu_asociado,pro_envase,pro_duracion,pro_numero_etiqueta) VALUES (25063,@@@25063@@@,@@@0@@@,@@@SERVILLETA ELITE GOLD MESA VARIEDAD DE COLORES 20 UNID.@@@,@@@SERVILLETA ELITE@@@,@@@1 @@@,@@@4 @@@,@@@20@@@,@@@2 @@@,@@@36@@@,@@@1670@@@,@@@0@@@,@@@604.9@@@,@@@1@@@,@@@-99.83@@@,@@@@@@,@@@2006.09.07@@@,@@@2006.09.07@@@,@@@0@@@,@@@80@@@,@@@20@@@,@@@0@@@,@@@0@@@,@@@0@@@,@@@0@@@,@@@0@@@,@@@0@@@,@@@0@@@,@@@0@@@,@@@1@@@,@@@0@@@,0,20,0,0,2,0,1,1,0,@@@NO@@@,0,0)','',2,'2013-10-07'),(74563,'DELETE FROM mae_impuestos_productos WHERE pro_codigo_plu=@@@25063@@@','',2,'2013-10-07'),(74564,'INSERT INTO mae_productos (pro_codigo_plu,pro_codigo_barra,pro_tipo,pro_nombre_producto,pro_nombre_corto,med_id,emb_id,pro_unidades_embalaje,dep_id,lin_id,mar_id,pro_precio_compra_neto,pro_precio_compra_bruto,pro_precio_venta,pro_margen_actual,pro_oferta,pro_fecha_inicio_oferta,pro_fecha_termino_oferta,pro_precio_oferta,pro_stock_minimo,pro_stock_critico,pro_entradas_bodega,pro_salidas_bodega,pro_mermas_bodega,pro_ajustes_bodega,pro_entradas_sv,pro_salidas_sv,pro_mermas_sv,pro_ajustes_sv,pro_activo,rec_numero,pro_unidad,pro_capacidad,pro_consumo_bodega,pro_consumo_sv,pro_estado,pro_funcion_plu,pro_flejes,pro_iva,pro_plu_asociado,pro_envase,pro_duracion,pro_numero_etiqueta) VALUES (780721910,@@@7804918102107@@@,@@@0@@@,@@@GEL DE MANOS BENTLEY 60ML@@@,@@@GEL DE MANOS BEN@@@,@@@7 @@@,@@@5 @@@,@@@24@@@,@@@21 @@@,@@@122@@@,@@@2507@@@,@@@0@@@,@@@650@@@,@@@1@@@,@@@-99.85@@@,@@@@@@,@@@2006.09.07@@@,@@@2006.09.07@@@,@@@0@@@,@@@24@@@,@@@10@@@,@@@0@@@,@@@0@@@,@@@0@@@,@@@0@@@,@@@0@@@,@@@0@@@,@@@0@@@,@@@0@@@,@@@1@@@,@@@0@@@,0,60,0,0,2,0,1,1,0,@@@NO@@@,0,0)','',2,'2013-10-07'),(74565,'DELETE FROM mae_impuestos_productos WHERE pro_codigo_plu=@@@780721910@@@','',2,'2013-10-07'),(74566,'UPDATE mae_productos SET pro_margen_actual=-99.85,pro_precio_venta=1 WHERE pro_codigo_plu=780721910','',2,'2013-10-07'),(74567,'UPDATE mae_productos SET pro_margen_actual=-99.83,pro_precio_venta=1 WHERE pro_codigo_plu=25063','',2,'2013-10-07'),(74568,'UPDATE mae_productos SET pro_margen_actual=33.46,pro_precio_venta=1890 WHERE pro_codigo_plu=118','',2,'2013-10-07'),(74569,'UPDATE mae_productos SET pro_margen_actual=32.88,pro_precio_venta=2190 WHERE pro_codigo_plu=126','',2,'2013-10-07'),(74570,'UPDATE mae_productos SET pro_margen_actual=36.92,pro_precio_venta=1890 WHERE pro_codigo_plu=128','',2,'2013-10-07'),(74571,'UPDATE mae_productos SET pro_margen_actual=61.34,pro_precio_venta=4290 WHERE pro_codigo_plu=216','',2,'2013-10-07'),(74572,'UPDATE mae_productos SET pro_margen_actual=0,pro_precio_venta=4290 WHERE pro_codigo_plu=217','',2,'2013-10-07'),(74573,'UPDATE mae_productos SET pro_margen_actual=90.88,pro_precio_venta=1590 WHERE pro_codigo_plu=110','',2,'2013-10-07'),(74574,'UPDATE mae_productos SET pro_precio_fiscal=pro_precio_venta WHERE pro_codigo_plu=110','',2,'2013-10-07'),(74575,'UPDATE mae_productos SET pro_precio_fiscal=pro_precio_venta WHERE pro_codigo_plu=118','',2,'2013-10-07'),(74576,'UPDATE mae_productos SET pro_precio_fiscal=pro_precio_venta WHERE pro_codigo_plu=128','',2,'2013-10-07'),(74577,'UPDATE mae_productos SET pro_precio_fiscal=pro_precio_venta WHERE pro_codigo_plu=216','',2,'2013-10-07'),(74578,'UPDATE mae_productos SET pro_precio_fiscal=pro_precio_venta WHERE pro_codigo_plu=217','',2,'2013-10-07'),(74579,'UPDATE gpr_pack_virtual SET pav_activo=@@@NO@@@ WHERE pav_id=63','',2,'2013-10-07'),(74580,'UPDATE mae_productos SET pro_precio_fiscal=pro_precio_venta WHERE pro_codigo_plu=126','',2,'2013-10-07'),(74581,'UPDATE mae_productos SET pro_margen_actual=2.88,pro_precio_venta=599 WHERE pro_codigo_plu=19916','',2,'2013-10-07'),(74582,'UPDATE mae_productos SET pro_margen_actual=72.85,pro_precio_venta=790 WHERE pro_codigo_plu=101454','',2,'2013-10-07'),(74583,'UPDATE mae_productos SET pro_precio_fiscal=pro_precio_venta WHERE pro_codigo_plu=19916','',2,'2013-10-07'),(74584,'UPDATE mae_productos SET pro_precio_fiscal=pro_precio_venta WHERE pro_codigo_plu=101454','',2,'2013-10-07'),(74585,'INSERT INTO gne_vale_ferreteria (vfe_id,vfe_fecha,vfe_total,vfe_estado,vfe_entregado,usu_nusuario) VALUES (13127,@@@2013.10.07@@@,120,1,0,@@@b_SAEZ@@@)','',2,'2013-10-07'),(74586,'INSERT INTO gne_vale_ferreteria_mov (vfe_id,pro_codigo_plu,vfm_cantidad,vfm_unitario,vfm_total,vfm_entregado) VALUES (13127,8022,1,120,120,@@@NO@@@)','',2,'2013-10-07'),(74587,'INSERT INTO gne_vale_ferreteria (vfe_id,vfe_fecha,vfe_total,vfe_estado,vfe_entregado,usu_nusuario) VALUES (13128,@@@2013.10.07@@@,2290,1,0,@@@b_SAEZ@@@)','',2,'2013-10-07'),(74588,'INSERT INTO gne_vale_ferreteria_mov (vfe_id,pro_codigo_plu,vfm_cantidad,vfm_unitario,vfm_total,vfm_entregado) VALUES (13128,20595,1,2290,2290,@@@NO@@@)','',2,'2013-10-07'),(74589,'INSERT INTO gne_vale_ferreteria (vfe_id,vfe_fecha,vfe_total,vfe_estado,vfe_entregado,usu_nusuario) VALUES (13129,@@@2013.10.07@@@,2120,1,0,@@@b_SAEZ@@@)','',2,'2013-10-07'),(74590,'INSERT INTO gne_vale_ferreteria_mov (vfe_id,pro_codigo_plu,vfm_cantidad,vfm_unitario,vfm_total,vfm_entregado) VALUES (13129,780721719,1,430,430,@@@NO@@@)','',2,'2013-10-07'),(74591,'INSERT INTO gne_vale_ferreteria_mov (vfe_id,pro_codigo_plu,vfm_cantidad,vfm_unitario,vfm_total,vfm_entregado) VALUES (13129,764506,1,490,490,@@@NO@@@)','',2,'2013-10-07'),(74592,'INSERT INTO gne_vale_ferreteria_mov (vfe_id,pro_codigo_plu,vfm_cantidad,vfm_unitario,vfm_total,vfm_entregado) VALUES (13129,1064,2,120,240,@@@NO@@@)','',2,'2013-10-07'),(74593,'INSERT INTO gne_vale_ferreteria_mov (vfe_id,pro_codigo_plu,vfm_cantidad,vfm_unitario,vfm_total,vfm_entregado) VALUES (13129,16430,2,160,320,@@@NO@@@)','',2,'2013-10-07'),(74594,'INSERT INTO gne_vale_ferreteria_mov (vfe_id,pro_codigo_plu,vfm_cantidad,vfm_unitario,vfm_total,vfm_entregado) VALUES (13129,16421,2,160,320,@@@NO@@@)','',2,'2013-10-07'),(74595,'INSERT INTO gne_vale_ferreteria_mov (vfe_id,pro_codigo_plu,vfm_cantidad,vfm_unitario,vfm_total,vfm_entregado) VALUES (13129,16420,2,160,320,@@@NO@@@)','',2,'2013-10-07'),(74596,'INSERT INTO gne_vale_ferreteria (vfe_id,vfe_fecha,vfe_total,vfe_estado,vfe_entregado,usu_nusuario) VALUES (13130,@@@2013.10.07@@@,390,1,0,@@@b_SAEZ@@@)','',2,'2013-10-07'),(74597,'INSERT INTO gne_vale_ferreteria_mov (vfe_id,pro_codigo_plu,vfm_cantidad,vfm_unitario,vfm_total,vfm_entregado) VALUES (13130,780220121,1,390,390,@@@NO@@@)','',2,'2013-10-07'),(74598,'INSERT INTO gne_vale_ferreteria (vfe_id,vfe_fecha,vfe_total,vfe_estado,vfe_entregado,usu_nusuario) VALUES (13131,@@@2013.10.07@@@,980,1,0,@@@b_SAEZ@@@)','',2,'2013-10-07'),(74599,'INSERT INTO gne_vale_ferreteria_mov (vfe_id,pro_codigo_plu,vfm_cantidad,vfm_unitario,vfm_total,vfm_entregado) VALUES (13131,78017111,5,100,500,@@@NO@@@)','',2,'2013-10-07'),(74600,'INSERT INTO gne_vale_ferreteria_mov (vfe_id,pro_codigo_plu,vfm_cantidad,vfm_unitario,vfm_total,vfm_entregado) VALUES (13131,770001,6,80,480,@@@NO@@@)','',2,'2013-10-07'),(74601,'UPDATE mae_productos SET pro_precio_compra_bruto=2082.85,pro_margen_actual=(pro_precio_venta-2082.85)/2082.85 * 100,pro_ultima_compra=@@@2013.10.07@@@,pro_ultimo_proveedor=@@@88502900-0@@@ WHERE pro_codigo_plu=21197','',2,'2013-10-07'),(74602,'UPDATE mae_productos SET pro_precio_compra_bruto=2082.85,pro_margen_actual=(pro_precio_venta-2082.85)/2082.85 * 100,pro_ultima_compra=@@@2013.10.07@@@,pro_ultimo_proveedor=@@@88502900-0@@@ WHERE pro_codigo_plu=21198','',2,'2013-10-07'),(74603,'UPDATE mae_productos SET pro_precio_compra_bruto=2613.79,pro_margen_actual=(pro_precio_venta-2613.79)/2613.79 * 100,pro_ultima_compra=@@@2013.10.07@@@,pro_ultimo_proveedor=@@@88502900-0@@@ WHERE pro_codigo_plu=763451','',2,'2013-10-07'),(74604,'UPDATE mae_productos SET pro_precio_compra_bruto=1237.06,pro_margen_actual=(pro_precio_venta-1237.06)/1237.06 * 100,pro_ultima_compra=@@@2013.10.07@@@,pro_ultimo_proveedor=@@@88502900-0@@@ WHERE pro_codigo_plu=78017159','',2,'2013-10-07'),(74605,'UPDATE mae_productos SET pro_precio_compra_bruto=1237.06,pro_margen_actual=(pro_precio_venta-1237.06)/1237.06 * 100,pro_ultima_compra=@@@2013.10.07@@@,pro_ultimo_proveedor=@@@88502900-0@@@ WHERE pro_codigo_plu=780721307','',2,'2013-10-07'),(74606,'UPDATE mae_productos SET pro_precio_compra_bruto=1306.89,pro_margen_actual=(pro_precio_venta-1306.89)/1306.89 * 100,pro_ultima_compra=@@@2013.10.07@@@,pro_ultimo_proveedor=@@@88502900-0@@@ WHERE pro_codigo_plu=780721633','',2,'2013-10-07'),(74607,'UPDATE mae_productos SET pro_precio_compra_bruto=1509.64,pro_margen_actual=(pro_precio_venta-1509.64)/1509.64 * 100,pro_ultima_compra=@@@2013.10.07@@@,pro_ultimo_proveedor=@@@88502900-0@@@ WHERE pro_codigo_plu=21207','',2,'2013-10-07'),(74608,'UPDATE mae_productos SET pro_precio_compra_bruto=849.152,pro_margen_actual=(pro_precio_venta-849.152)/849.152 * 100,pro_ultima_compra=@@@2013.10.07@@@,pro_ultimo_proveedor=@@@88502900-0@@@ WHERE pro_codigo_plu=780721718','',2,'2013-10-07'),(74609,'UPDATE mae_productos SET pro_precio_compra_bruto=1320.86,pro_margen_actual=(pro_precio_venta-1320.86)/1320.86 * 100,pro_ultima_compra=@@@2013.10.07@@@,pro_ultimo_proveedor=@@@88502900-0@@@ WHERE pro_codigo_plu=780721803','',2,'2013-10-07'),(74610,'UPDATE mae_productos SET pro_precio_compra_bruto=1037.81,pro_margen_actual=(pro_precio_venta-1037.81)/1037.81 * 100,pro_ultima_compra=@@@2013.10.07@@@,pro_ultimo_proveedor=@@@88502900-0@@@ WHERE pro_codigo_plu=764116','',2,'2013-10-07'),(74611,'UPDATE mae_productos SET pro_precio_compra_bruto=1886.96,pro_margen_actual=(pro_precio_venta-1886.96)/1886.96 * 100,pro_ultima_compra=@@@2013.10.07@@@,pro_ultimo_proveedor=@@@88502900-0@@@ WHERE pro_codigo_plu=764111','',2,'2013-10-07'),(74612,'UPDATE mae_productos SET pro_precio_compra_bruto=1037.81,pro_margen_actual=(pro_precio_venta-1037.81)/1037.81 * 100,pro_ultima_compra=@@@2013.10.07@@@,pro_ultimo_proveedor=@@@88502900-0@@@ WHERE pro_codigo_plu=764108','',2,'2013-10-07'),(74613,'UPDATE mae_productos SET pro_precio_compra_bruto=1509.7,pro_margen_actual=(pro_precio_venta-1509.7)/1509.7 * 100,pro_ultima_compra=@@@2013.10.07@@@,pro_ultimo_proveedor=@@@88502900-0@@@ WHERE pro_codigo_plu=764106','',2,'2013-10-07'),(74614,'UPDATE mae_productos SET pro_precio_compra_bruto=849.152,pro_margen_actual=(pro_precio_venta-849.152)/849.152 * 100,pro_ultima_compra=@@@2013.10.07@@@,pro_ultimo_proveedor=@@@88502900-0@@@ WHERE pro_codigo_plu=780721864','',2,'2013-10-07'),(74615,'UPDATE mae_productos SET pro_precio_compra_bruto=1230.74,pro_margen_actual=(pro_precio_venta-1230.74)/1230.74 * 100,pro_ultima_compra=@@@2013.10.07@@@,pro_ultimo_proveedor=@@@88502900-0@@@ WHERE pro_codigo_plu=21194','',2,'2013-10-07'),(74616,'UPDATE mae_productos SET pro_precio_compra_bruto=2272.23,pro_margen_actual=(pro_precio_venta-2272.23)/2272.23 * 100,pro_ultima_compra=@@@2013.10.07@@@,pro_ultimo_proveedor=@@@88502900-0@@@ WHERE pro_codigo_plu=764428','',2,'2013-10-07'),(74617,'UPDATE mae_productos SET pro_precio_compra_bruto=2247.67,pro_margen_actual=(pro_precio_venta-2247.67)/2247.67 * 100,pro_ultima_compra=@@@2013.10.07@@@,pro_ultimo_proveedor=@@@88502900-0@@@ WHERE pro_codigo_plu=764110','',2,'2013-10-07'),(74618,'UPDATE mae_productos SET pro_precio_compra_bruto=2455.47,pro_margen_actual=(pro_precio_venta-2455.47)/2455.47 * 100,pro_ultima_compra=@@@2013.10.07@@@,pro_ultimo_proveedor=@@@88502900-0@@@ WHERE pro_codigo_plu=764103','',2,'2013-10-07'),(74619,'UPDATE mae_productos SET pro_precio_compra_bruto=1320.86,pro_margen_actual=(pro_precio_venta-1320.86)/1320.86 * 100,pro_ultima_compra=@@@2013.10.07@@@,pro_ultimo_proveedor=@@@88502900-0@@@ WHERE pro_codigo_plu=780721804','',2,'2013-10-07'),(74620,'UPDATE mae_productos SET pro_codigo_barra=@@@117@@@,pro_tipo=@@@0@@@,pro_nombre_producto=@@@POLLO CON/MEN@@@,pro_nombre_corto=@@@POLLO CON/MEN@@@,med_id=@@@2@@@,emb_id=@@@1@@@,pro_unidades_embalaje=@@@1@@@,dep_id=@@@9 @@@,lin_id=@@@65@@@,mar_id=@@@2507@@@,pro_precio_compra_neto=@@@0@@@,pro_precio_compra_bruto=@@@0@@@,pro_precio_venta=@@@1890@@@,pro_margen_actual=@@@0@@@,pro_oferta=@@@NO@@@,pro_fecha_inicio_oferta=@@@1900.01.01@@@,pro_fecha_termino_oferta=@@@1900.01.01@@@,pro_precio_oferta=@@@0@@@,pro_stock_minimo=@@@1@@@,pro_stock_critico=@@@1@@@,pro_activo=@@@1@@@,pro_unidad=@@@1@@@,pro_precio_compra_bruto=0,pro_margen_actual=0,pro_capacidad=1,pro_funcion_plu=1,pro_flejes=0,pro_iva=1,pro_plu_asociado=0,pro_envase=@@@NO@@@,pro_duracion=0,pro_numero_etiqueta=1 WHERE pro_codigo_plu=@@@117@@@','',2,'2013-10-07'),(74621,'UPDATE mae_productos SET pro_estado=1 WHERE pro_codigo_plu=117','',2,'2013-10-07'),(74622,'DELETE FROM mae_impuestos_productos WHERE pro_codigo_plu=@@@117@@@','',2,'2013-10-07'),(74623,'INSERT INTO gne_vale_ferreteria (vfe_id,vfe_fecha,vfe_total,vfe_estado,vfe_entregado,usu_nusuario) VALUES (13132,@@@2013.10.07@@@,300,1,0,@@@b_SAEZ@@@)','',2,'2013-10-07'),(74624,'INSERT INTO gne_vale_ferreteria_mov (vfe_id,pro_codigo_plu,vfm_cantidad,vfm_unitario,vfm_total,vfm_entregado) VALUES (13132,800001,1,300,300,@@@NO@@@)','',2,'2013-10-07'),(74625,'INSERT INTO gne_vale_ferreteria (vfe_id,vfe_fecha,vfe_total,vfe_estado,vfe_entregado,usu_nusuario) VALUES (13133,@@@2013.10.07@@@,490,1,0,@@@b_SAEZ@@@)','',2,'2013-10-07'),(74626,'INSERT INTO gne_vale_ferreteria_mov (vfe_id,pro_codigo_plu,vfm_cantidad,vfm_unitario,vfm_total,vfm_entregado) VALUES (13133,764506,1,490,490,@@@NO@@@)','',2,'2013-10-07'),(74627,'UPDATE mae_productos SET pro_precio_compra_bruto=4640.96,pro_margen_actual=(pro_precio_venta-4640.96)/4640.96 * 100,pro_ultima_compra=@@@2013.10.07@@@,pro_ultimo_proveedor=@@@80186300-0@@@ WHERE pro_codigo_plu=332','',2,'2013-10-07'),(74628,'UPDATE mae_productos SET pro_precio_compra_bruto=595,pro_margen_actual=(pro_precio_venta-595)/595 * 100,pro_ultima_compra=@@@2013.10.07@@@,pro_ultimo_proveedor=@@@80186300-0@@@ WHERE pro_codigo_plu=763456','',2,'2013-10-07'),(74629,'UPDATE mae_productos SET pro_precio_compra_bruto=3332.07,pro_margen_actual=(pro_precio_venta-3332.07)/3332.07 * 100,pro_ultima_compra=@@@2013.10.07@@@,pro_ultimo_proveedor=@@@80186300-0@@@ WHERE pro_codigo_plu=312','',2,'2013-10-07'),(74630,'UPDATE mae_productos SET pro_precio_compra_bruto=2023.02,pro_margen_actual=(pro_precio_venta-2023.02)/2023.02 * 100,pro_ultima_compra=@@@2013.10.07@@@,pro_ultimo_proveedor=@@@80186300-0@@@ WHERE pro_codigo_plu=347','',2,'2013-10-07'),(74631,'UPDATE mae_productos SET pro_precio_compra_bruto=191.88,pro_margen_actual=(pro_precio_venta-191.88)/191.88 * 100,pro_ultima_compra=@@@2013.10.07@@@,pro_ultimo_proveedor=@@@80186300-0@@@ WHERE pro_codigo_plu=262531','',2,'2013-10-07'),(74632,'UPDATE mae_productos SET pro_precio_compra_bruto=2308.35,pro_margen_actual=(pro_precio_venta-2308.35)/2308.35 * 100,pro_ultima_compra=@@@2013.10.07@@@,pro_ultimo_proveedor=@@@80186300-0@@@ WHERE pro_codigo_plu=317','',2,'2013-10-07'),(74633,'INSERT INTO gne_vale_ferreteria (vfe_id,vfe_fecha,vfe_total,vfe_estado,vfe_entregado,usu_nusuario) VALUES (13134,@@@2013.10.07@@@,150,1,0,@@@b_SAEZ@@@)','',2,'2013-10-07'),(74634,'INSERT INTO gne_vale_ferreteria_mov (vfe_id,pro_codigo_plu,vfm_cantidad,vfm_unitario,vfm_total,vfm_entregado) VALUES (13134,4088,1,150,150,@@@NO@@@)','',2,'2013-10-07'),(74635,'UPDATE mae_productos SET pro_precio_compra_bruto=115.34,pro_margen_actual=(pro_precio_venta-115.34)/115.34 * 100,pro_ultima_compra=@@@2013.10.07@@@,pro_ultimo_proveedor=@@@76005373-2@@@ WHERE pro_codigo_plu=12996','',2,'2013-10-07'),(74636,'UPDATE mae_productos SET pro_precio_compra_bruto=72.26,pro_margen_actual=(pro_precio_venta-72.26)/72.26 * 100,pro_ultima_compra=@@@2013.10.07@@@,pro_ultimo_proveedor=@@@76005373-2@@@ WHERE pro_codigo_plu=763914','',2,'2013-10-07'),(74637,'UPDATE mae_productos SET pro_precio_compra_bruto=72.26,pro_margen_actual=(pro_precio_venta-72.26)/72.26 * 100,pro_ultima_compra=@@@2013.10.07@@@,pro_ultimo_proveedor=@@@76005373-2@@@ WHERE pro_codigo_plu=102103','',2,'2013-10-07'),(74638,'UPDATE mae_productos SET pro_precio_compra_bruto=72.26,pro_margen_actual=(pro_precio_venta-72.26)/72.26 * 100,pro_ultima_compra=@@@2013.10.07@@@,pro_ultimo_proveedor=@@@76005373-2@@@ WHERE pro_codigo_plu=665521','',2,'2013-10-07'),(74639,'UPDATE mae_productos SET pro_precio_compra_bruto=72.26,pro_margen_actual=(pro_precio_venta-72.26)/72.26 * 100,pro_ultima_compra=@@@2013.10.07@@@,pro_ultimo_proveedor=@@@76005373-2@@@ WHERE pro_codigo_plu=78017195','',2,'2013-10-07'),(74640,'UPDATE mae_productos SET pro_precio_compra_bruto=72.26,pro_margen_actual=(pro_precio_venta-72.26)/72.26 * 100,pro_ultima_compra=@@@2013.10.07@@@,pro_ultimo_proveedor=@@@76005373-2@@@ WHERE pro_codigo_plu=11982','',2,'2013-10-07'),(74641,'UPDATE mae_productos SET pro_precio_compra_bruto=115.34,pro_margen_actual=(pro_precio_venta-115.34)/115.34 * 100,pro_ultima_compra=@@@2013.10.07@@@,pro_ultimo_proveedor=@@@76005373-2@@@ WHERE pro_codigo_plu=101419','',2,'2013-10-07'),(74642,'UPDATE mae_productos SET pro_precio_compra_bruto=72.59,pro_margen_actual=(pro_precio_venta-72.59)/72.59 * 100,pro_ultima_compra=@@@2013.10.07@@@,pro_ultimo_proveedor=@@@76005373-2@@@ WHERE pro_codigo_plu=763876','',2,'2013-10-07'),(74643,'UPDATE mae_productos SET pro_precio_compra_bruto=72.59,pro_margen_actual=(pro_precio_venta-72.59)/72.59 * 100,pro_ultima_compra=@@@2013.10.07@@@,pro_ultimo_proveedor=@@@76005373-2@@@ WHERE pro_codigo_plu=780721640','',2,'2013-10-07'),(74644,'UPDATE mae_productos SET pro_precio_compra_bruto=72.59,pro_margen_actual=(pro_precio_venta-72.59)/72.59 * 100,pro_ultima_compra=@@@2013.10.07@@@,pro_ultimo_proveedor=@@@76005373-2@@@ WHERE pro_codigo_plu=102496','',2,'2013-10-07'),(74645,'UPDATE mae_productos SET pro_precio_compra_bruto=80,pro_margen_actual=(pro_precio_venta-80)/80 * 100,pro_ultima_compra=@@@2013.10.07@@@,pro_ultimo_proveedor=@@@76005373-2@@@ WHERE pro_codigo_plu=12089','',2,'2013-10-07'),(74646,'UPDATE mae_productos SET pro_precio_compra_bruto=145.87,pro_margen_actual=(pro_precio_venta-145.87)/145.87 * 100,pro_ultima_compra=@@@2013.10.07@@@,pro_ultimo_proveedor=@@@76005373-2@@@ WHERE pro_codigo_plu=780721238','',2,'2013-10-07'),(74647,'UPDATE mae_productos SET pro_precio_compra_bruto=145.87,pro_margen_actual=(pro_precio_venta-145.87)/145.87 * 100,pro_ultima_compra=@@@2013.10.07@@@,pro_ultimo_proveedor=@@@76005373-2@@@ WHERE pro_codigo_plu=780721309','',2,'2013-10-07'),(74648,'UPDATE mae_productos SET pro_precio_compra_bruto=72.26,pro_margen_actual=(pro_precio_venta-72.26)/72.26 * 100,pro_ultima_compra=@@@2013.10.07@@@,pro_ultimo_proveedor=@@@76005373-2@@@ WHERE pro_codigo_plu=1475','',2,'2013-10-07'),(74649,'UPDATE mae_productos SET pro_precio_compra_bruto=1535.1,pro_margen_actual=(pro_precio_venta-1535.1)/1535.1 * 100,pro_ultima_compra=@@@2013.10.07@@@,pro_ultimo_proveedor=@@@79984240-8@@@ WHERE pro_codigo_plu=126','',2,'2013-10-07'),(74650,'UPDATE mae_productos SET pro_precio_compra_bruto=1249.5,pro_margen_actual=(pro_precio_venta-1249.5)/1249.5 * 100,pro_ultima_compra=@@@2013.10.07@@@,pro_ultimo_proveedor=@@@79984240-8@@@ WHERE pro_codigo_plu=128','',2,'2013-10-07'),(74651,'UPDATE mae_productos SET pro_precio_compra_bruto=2951.17,pro_margen_actual=(pro_precio_venta-2951.17)/2951.17 * 100,pro_ultima_compra=@@@2013.10.07@@@,pro_ultimo_proveedor=@@@79984240-8@@@ WHERE pro_codigo_plu=132','',2,'2013-10-07'),(74652,'UPDATE mae_productos SET pro_precio_compra_bruto=535.55,pro_margen_actual=(pro_precio_venta-535.55)/535.55 * 100,pro_ultima_compra=@@@2013.10.07@@@,pro_ultimo_proveedor=@@@79984240-8@@@ WHERE pro_codigo_plu=107','',2,'2013-10-07'),(74653,'UPDATE mae_productos SET pro_precio_compra_bruto=1071,pro_margen_actual=(pro_precio_venta-1071)/1071 * 100,pro_ultima_compra=@@@2013.10.07@@@,pro_ultimo_proveedor=@@@79984240-8@@@ WHERE pro_codigo_plu=110','',2,'2013-10-07'),(74654,'UPDATE mae_productos SET pro_precio_compra_bruto=1344.69,pro_margen_actual=(pro_precio_venta-1344.69)/1344.69 * 100,pro_ultima_compra=@@@2013.10.07@@@,pro_ultimo_proveedor=@@@79984240-8@@@ WHERE pro_codigo_plu=117','',2,'2013-10-07'),(74655,'UPDATE mae_productos SET pro_precio_compra_bruto=584.7,pro_margen_actual=(pro_precio_venta-584.7)/584.7 * 100,pro_ultima_compra=@@@2013.10.07@@@,pro_ultimo_proveedor=@@@78809560-0@@@ WHERE pro_codigo_plu=763348','',2,'2013-10-07'),(74656,'UPDATE mae_productos SET pro_precio_compra_bruto=505.25,pro_margen_actual=(pro_precio_venta-505.25)/505.25 * 100,pro_ultima_compra=@@@2013.10.07@@@,pro_ultimo_proveedor=@@@78809560-0@@@ WHERE pro_codigo_plu=20836','',2,'2013-10-07'),(74657,'UPDATE mae_productos SET pro_precio_compra_bruto=764,pro_margen_actual=(pro_precio_venta-764)/764 * 100,pro_ultima_compra=@@@2013.10.07@@@,pro_ultimo_proveedor=@@@78809560-0@@@ WHERE pro_codigo_plu=11335','',2,'2013-10-07'),(74658,'UPDATE mae_productos SET pro_precio_compra_bruto=977.4,pro_margen_actual=(pro_precio_venta-977.4)/977.4 * 100,pro_ultima_compra=@@@2013.10.07@@@,pro_ultimo_proveedor=@@@78809560-0@@@ WHERE pro_codigo_plu=101583','',2,'2013-10-07'),(74659,'UPDATE mae_productos SET pro_precio_compra_bruto=660.3,pro_margen_actual=(pro_precio_venta-660.3)/660.3 * 100,pro_ultima_compra=@@@2013.10.07@@@,pro_ultimo_proveedor=@@@78809560-0@@@ WHERE pro_codigo_plu=101545','',2,'2013-10-07'),(74660,'INSERT INTO gne_vale_ferreteria (vfe_id,vfe_fecha,vfe_total,vfe_estado,vfe_entregado,usu_nusuario) VALUES (13135,@@@2013.10.07@@@,1430,1,0,@@@b_SAEZ@@@)','',2,'2013-10-07'),(74661,'INSERT INTO gne_vale_ferreteria_mov (vfe_id,pro_codigo_plu,vfm_cantidad,vfm_unitario,vfm_total,vfm_entregado) VALUES (13135,4126,1,450,450,@@@NO@@@)','',2,'2013-10-07'),(74662,'INSERT INTO gne_vale_ferreteria_mov (vfe_id,pro_codigo_plu,vfm_cantidad,vfm_unitario,vfm_total,vfm_entregado) VALUES (13135,780721712,2,490,980,@@@NO@@@)','',2,'2013-10-07'),(74663,'UPDATE mae_productos SET pro_precio_compra_bruto=562.8,pro_margen_actual=(pro_precio_venta-562.8)/562.8 * 100,pro_ultima_compra=@@@2013.10.07@@@,pro_ultimo_proveedor=@@@78809560-0@@@ WHERE pro_codigo_plu=10310','',2,'2013-10-07'),(74664,'UPDATE mae_productos SET pro_precio_compra_bruto=562.8,pro_margen_actual=(pro_precio_venta-562.8)/562.8 * 100,pro_ultima_compra=@@@2013.10.07@@@,pro_ultimo_proveedor=@@@78809560-0@@@ WHERE pro_codigo_plu=10296','',2,'2013-10-07'),(74665,'UPDATE mae_productos SET pro_precio_compra_bruto=562.8,pro_margen_actual=(pro_precio_venta-562.8)/562.8 * 100,pro_ultima_compra=@@@2013.10.07@@@,pro_ultimo_proveedor=@@@78809560-0@@@ WHERE pro_codigo_plu=100291','',2,'2013-10-07'),(74666,'UPDATE mae_productos SET pro_precio_compra_bruto=427.1,pro_margen_actual=(pro_precio_venta-427.1)/427.1 * 100,pro_ultima_compra=@@@2013.10.07@@@,pro_ultimo_proveedor=@@@78809560-0@@@ WHERE pro_codigo_plu=15479','',2,'2013-10-07'),(74667,'UPDATE mae_productos SET pro_precio_compra_bruto=422.1,pro_margen_actual=(pro_precio_venta-422.1)/422.1 * 100,pro_ultima_compra=@@@2013.10.07@@@,pro_ultimo_proveedor=@@@78809560-0@@@ WHERE pro_codigo_plu=15480','',2,'2013-10-07'),(74668,'UPDATE mae_productos SET pro_precio_compra_bruto=714.8,pro_margen_actual=(pro_precio_venta-714.8)/714.8 * 100,pro_ultima_compra=@@@2013.10.07@@@,pro_ultimo_proveedor=@@@78809560-0@@@ WHERE pro_codigo_plu=15121','',2,'2013-10-07'),(74669,'UPDATE mae_productos SET pro_precio_compra_bruto=604.9,pro_margen_actual=(pro_precio_venta-604.9)/604.9 * 100,pro_ultima_compra=@@@2013.10.07@@@,pro_ultimo_proveedor=@@@78809560-0@@@ WHERE pro_codigo_plu=25063','',2,'2013-10-07'),(74670,'UPDATE mae_productos SET pro_precio_compra_bruto=650,pro_margen_actual=(pro_precio_venta-650)/650 * 100,pro_ultima_compra=@@@2013.10.07@@@,pro_ultimo_proveedor=@@@78809560-0@@@ WHERE pro_codigo_plu=780721910','',2,'2013-10-07'),(74671,'UPDATE mae_productos SET pro_precio_compra_bruto=325.4,pro_margen_actual=(pro_precio_venta-325.4)/325.4 * 100,pro_ultima_compra=@@@2013.10.07@@@,pro_ultimo_proveedor=@@@78809560-0@@@ WHERE pro_codigo_plu=10484','',2,'2013-10-07'),(74672,'UPDATE mae_productos SET pro_precio_compra_bruto=325.4,pro_margen_actual=(pro_precio_venta-325.4)/325.4 * 100,pro_ultima_compra=@@@2013.10.07@@@,pro_ultimo_proveedor=@@@78809560-0@@@ WHERE pro_codigo_plu=10483','',2,'2013-10-07'),(74673,'UPDATE mae_productos SET pro_precio_venta=860,pro_margen_actual= 30.24 WHERE pro_codigo_plu=101545','',2,'2013-10-07'),(74674,'UPDATE mae_productos SET pro_precio_venta=990,pro_margen_actual= 29.58 WHERE pro_codigo_plu=11335','',2,'2013-10-07'),(74675,'UPDATE mae_productos SET pro_precio_venta=690,pro_margen_actual= 36.57 WHERE pro_codigo_plu=20836','',2,'2013-10-07'),(74676,'UPDATE mae_productos SET pro_precio_venta=795,pro_margen_actual= 31.43 WHERE pro_codigo_plu=25063','',2,'2013-10-07'),(74677,'UPDATE mae_productos SET pro_precio_venta=430,pro_margen_actual= 32.15 WHERE pro_codigo_plu=10484','',2,'2013-10-07'),(74678,'UPDATE mae_productos SET pro_precio_venta=890,pro_margen_actual= 36.92 WHERE pro_codigo_plu=780721910','',2,'2013-10-07'),(74679,'UPDATE mae_productos SET pro_precio_venta=4290,pro_margen_actual= 45.37 WHERE pro_codigo_plu=132','',2,'2013-10-07'),(74680,'INSERT INTO gne_vale_ferreteria (vfe_id,vfe_fecha,vfe_total,vfe_estado,vfe_entregado,usu_nusuario) VALUES (13136,@@@2013.10.07@@@,490,1,0,@@@b_SAEZ@@@)','',2,'2013-10-07'),(74681,'INSERT INTO gne_vale_ferreteria_mov (vfe_id,pro_codigo_plu,vfm_cantidad,vfm_unitario,vfm_total,vfm_entregado) VALUES (13136,770065,2,120,240,@@@NO@@@)','',2,'2013-10-07'),(74682,'INSERT INTO gne_vale_ferreteria_mov (vfe_id,pro_codigo_plu,vfm_cantidad,vfm_unitario,vfm_total,vfm_entregado) VALUES (13136,780721186,1,250,250,@@@NO@@@)','',2,'2013-10-07'),(74683,'INSERT INTO gne_vale_ferreteria (vfe_id,vfe_fecha,vfe_total,vfe_estado,vfe_entregado,usu_nusuario) VALUES (13137,@@@2013.10.07@@@,2580,1,0,@@@b_SAEZ@@@)','',2,'2013-10-07'),(74684,'INSERT INTO gne_vale_ferreteria_mov (vfe_id,pro_codigo_plu,vfm_cantidad,vfm_unitario,vfm_total,vfm_entregado) VALUES (13137,764570,2,1290,2580,@@@NO@@@)','',2,'2013-10-07'),(74685,'INSERT INTO gne_vale_ferreteria (vfe_id,vfe_fecha,vfe_total,vfe_estado,vfe_entregado,usu_nusuario) VALUES (13138,@@@2013.10.07@@@,560,1,0,@@@G_DIAZ@@@)','',2,'2013-10-07'),(74686,'INSERT INTO gne_vale_ferreteria_mov (vfe_id,pro_codigo_plu,vfm_cantidad,vfm_unitario,vfm_total,vfm_entregado) VALUES (13138,770003,6,10,60,@@@NO@@@)','',2,'2013-10-07'),(74687,'INSERT INTO gne_vale_ferreteria_mov (vfe_id,pro_codigo_plu,vfm_cantidad,vfm_unitario,vfm_total,vfm_entregado) VALUES (13138,80091,2,250,500,@@@NO@@@)','',2,'2013-10-07'),(74688,'INSERT INTO gne_vale_ferreteria (vfe_id,vfe_fecha,vfe_total,vfe_estado,vfe_entregado,usu_nusuario) VALUES (13139,@@@2013.10.07@@@,120,1,0,@@@G_DIAZ@@@)','',2,'2013-10-07'),(74689,'INSERT INTO gne_vale_ferreteria_mov (vfe_id,pro_codigo_plu,vfm_cantidad,vfm_unitario,vfm_total,vfm_entregado) VALUES (13139,78017204,1,120,120,@@@NO@@@)','',2,'2013-10-07'),(74690,'INSERT INTO gne_vale_ferreteria (vfe_id,vfe_fecha,vfe_total,vfe_estado,vfe_entregado,usu_nusuario) VALUES (13140,@@@2013.10.07@@@,200,1,0,@@@G_DIAZ@@@)','',2,'2013-10-07'),(74691,'INSERT INTO gne_vale_ferreteria_mov (vfe_id,pro_codigo_plu,vfm_cantidad,vfm_unitario,vfm_total,vfm_entregado) VALUES (13140,764702,1,200,200,@@@NO@@@)','',2,'2013-10-07'),(74692,'INSERT INTO gne_vale_ferreteria (vfe_id,vfe_fecha,vfe_total,vfe_estado,vfe_entregado,usu_nusuario) VALUES (13141,@@@2013.10.07@@@,3780,1,0,@@@G_DIAZ@@@)','',2,'2013-10-07'),(74693,'INSERT INTO gne_vale_ferreteria_mov (vfe_id,pro_codigo_plu,vfm_cantidad,vfm_unitario,vfm_total,vfm_entregado) VALUES (13141,101623,2,1890,3780,@@@NO@@@)','',2,'2013-10-07'),(74694,'INSERT INTO gne_vale_ferreteria (vfe_id,vfe_fecha,vfe_total,vfe_estado,vfe_entregado,usu_nusuario) VALUES (13142,@@@2013.10.07@@@,90,1,0,@@@G_DIAZ@@@)','',2,'2013-10-07'),(74695,'INSERT INTO gne_vale_ferreteria_mov (vfe_id,pro_codigo_plu,vfm_cantidad,vfm_unitario,vfm_total,vfm_entregado) VALUES (13142,78017026,1,90,90,@@@NO@@@)','',2,'2013-10-07'),(74696,'INSERT INTO gne_vale_ferreteria (vfe_id,vfe_fecha,vfe_total,vfe_estado,vfe_entregado,usu_nusuario) VALUES (13143,@@@2013.10.07@@@,200,1,0,@@@G_DIAZ@@@)','',2,'2013-10-07'),(74697,'INSERT INTO gne_vale_ferreteria_mov (vfe_id,pro_codigo_plu,vfm_cantidad,vfm_unitario,vfm_total,vfm_entregado) VALUES (13143,764135,1,200,200,@@@NO@@@)','',2,'2013-10-07'),(74698,'INSERT INTO gne_vale_ferreteria (vfe_id,vfe_fecha,vfe_total,vfe_estado,vfe_entregado,usu_nusuario) VALUES (13144,@@@2013.10.07@@@,100,1,0,@@@G_DIAZ@@@)','',2,'2013-10-07'),(74699,'INSERT INTO gne_vale_ferreteria_mov (vfe_id,pro_codigo_plu,vfm_cantidad,vfm_unitario,vfm_total,vfm_entregado) VALUES (13144,20368,1,100,100,@@@NO@@@)','',2,'2013-10-07'),(74700,'INSERT INTO gne_vale_ferreteria (vfe_id,vfe_fecha,vfe_total,vfe_estado,vfe_entregado,usu_nusuario) VALUES (13145,@@@2013.10.07@@@,990,1,0,@@@G_DIAZ@@@)','',2,'2013-10-07'),(74701,'INSERT INTO gne_vale_ferreteria_mov (vfe_id,pro_codigo_plu,vfm_cantidad,vfm_unitario,vfm_total,vfm_entregado) VALUES (13145,780220138,1,990,990,@@@NO@@@)','',2,'2013-10-07'),(74702,'INSERT INTO mae_productos (pro_codigo_plu,pro_codigo_barra,pro_tipo,pro_nombre_producto,pro_nombre_corto,med_id,emb_id,pro_unidades_embalaje,dep_id,lin_id,mar_id,pro_precio_compra_neto,pro_precio_compra_bruto,pro_precio_venta,pro_margen_actual,pro_oferta,pro_fecha_inicio_oferta,pro_fecha_termino_oferta,pro_precio_oferta,pro_stock_minimo,pro_stock_critico,pro_entradas_bodega,pro_salidas_bodega,pro_mermas_bodega,pro_ajustes_bodega,pro_entradas_sv,pro_salidas_sv,pro_mermas_sv,pro_ajustes_sv,pro_activo,rec_numero,pro_unidad,pro_capacidad,pro_consumo_bodega,pro_consumo_sv,pro_estado,pro_funcion_plu,pro_flejes,pro_iva,pro_plu_asociado,pro_envase,pro_duracion,pro_numero_etiqueta) VALUES (780721911,@@@78013315@@@,@@@0@@@,@@@FLAN CHOCOLATE COLUN 100G@@@,@@@FLAN CHOCOLATE C@@@,@@@5 @@@,@@@6 @@@,@@@48@@@,@@@3 @@@,@@@52@@@,@@@1004@@@,@@@0@@@,@@@149.94@@@,@@@1@@@,@@@-99.33@@@,@@@@@@,@@@2006.09.07@@@,@@@2006.09.07@@@,@@@0@@@,@@@16@@@,@@@8@@@,@@@0@@@,@@@0@@@,@@@0@@@,@@@0@@@,@@@0@@@,@@@0@@@,@@@0@@@,@@@0@@@,@@@1@@@,@@@0@@@,0,100,0,0,2,0,1,1,0,@@@NO@@@,0,0)','',2,'2013-10-07'),(74703,'DELETE FROM mae_impuestos_productos WHERE pro_codigo_plu=@@@780721911@@@','',2,'2013-10-07'),(74704,'INSERT INTO gne_vale_ferreteria (vfe_id,vfe_fecha,vfe_total,vfe_estado,vfe_entregado,usu_nusuario) VALUES (13146,@@@2013.10.07@@@,260,1,0,@@@G_DIAZ@@@)','',2,'2013-10-07'),(74705,'INSERT INTO gne_vale_ferreteria_mov (vfe_id,pro_codigo_plu,vfm_cantidad,vfm_unitario,vfm_total,vfm_entregado) VALUES (13146,15929,2,130,260,@@@NO@@@)','',2,'2013-10-07'),(74706,'UPDATE mae_productos SET pro_precio_compra_bruto=1435.14,pro_margen_actual=(pro_precio_venta-1435.14)/1435.14 * 100,pro_ultima_compra=@@@2013.10.07@@@,pro_ultimo_proveedor=@@@81094100-6@@@ WHERE pro_codigo_plu=10423','',2,'2013-10-07'),(74707,'UPDATE mae_productos SET pro_precio_compra_bruto=134.96,pro_margen_actual=(pro_precio_venta-134.96)/134.96 * 100,pro_ultima_compra=@@@2013.10.07@@@,pro_ultimo_proveedor=@@@81094100-6@@@ WHERE pro_codigo_plu=18266','',2,'2013-10-07'),(74708,'UPDATE mae_productos SET pro_precio_compra_bruto=1463.9,pro_margen_actual=(pro_precio_venta-1463.9)/1463.9 * 100,pro_ultima_compra=@@@2013.10.07@@@,pro_ultimo_proveedor=@@@81094100-6@@@ WHERE pro_codigo_plu=16405','',2,'2013-10-07'),(74709,'UPDATE mae_productos SET pro_precio_compra_bruto=149.94,pro_margen_actual=(pro_precio_venta-149.94)/149.94 * 100,pro_ultima_compra=@@@2013.10.07@@@,pro_ultimo_proveedor=@@@81094100-6@@@ WHERE pro_codigo_plu=780721911','',2,'2013-10-07'),(74710,'UPDATE mae_productos SET pro_precio_compra_bruto=149.94,pro_margen_actual=(pro_precio_venta-149.94)/149.94 * 100,pro_ultima_compra=@@@2013.10.07@@@,pro_ultimo_proveedor=@@@81094100-6@@@ WHERE pro_codigo_plu=763625','',2,'2013-10-07'),(74711,'UPDATE mae_productos SET pro_precio_compra_bruto=712.11,pro_margen_actual=(pro_precio_venta-712.11)/712.11 * 100,pro_ultima_compra=@@@2013.10.07@@@,pro_ultimo_proveedor=@@@81094100-6@@@ WHERE pro_codigo_plu=16080','',2,'2013-10-07'),(74712,'UPDATE mae_productos SET pro_precio_compra_bruto=116.74,pro_margen_actual=(pro_precio_venta-116.74)/116.74 * 100,pro_ultima_compra=@@@2013.10.07@@@,pro_ultimo_proveedor=@@@81094100-6@@@ WHERE pro_codigo_plu=102536','',2,'2013-10-07'),(74713,'UPDATE mae_productos SET pro_precio_compra_bruto=116.74,pro_margen_actual=(pro_precio_venta-116.74)/116.74 * 100,pro_ultima_compra=@@@2013.10.07@@@,pro_ultimo_proveedor=@@@81094100-6@@@ WHERE pro_codigo_plu=12454','',2,'2013-10-07'),(74714,'UPDATE mae_productos SET pro_precio_compra_bruto=171.062,pro_margen_actual=(pro_precio_venta-171.062)/171.062 * 100,pro_ultima_compra=@@@2013.10.07@@@,pro_ultimo_proveedor=@@@81094100-6@@@ WHERE pro_codigo_plu=763634','',2,'2013-10-07'),(74715,'UPDATE mae_productos SET pro_precio_compra_bruto=809.2,pro_margen_actual=(pro_precio_venta-809.2)/809.2 * 100,pro_ultima_compra=@@@2013.10.07@@@,pro_ultimo_proveedor=@@@81094100-6@@@ WHERE pro_codigo_plu=16636','',2,'2013-10-07'),(74716,'UPDATE mae_productos SET pro_precio_compra_bruto=809.2,pro_margen_actual=(pro_precio_venta-809.2)/809.2 * 100,pro_ultima_compra=@@@2013.10.07@@@,pro_ultimo_proveedor=@@@81094100-6@@@ WHERE pro_codigo_plu=16635','',2,'2013-10-07'),(74717,'UPDATE mae_productos SET pro_precio_compra_bruto=809.2,pro_margen_actual=(pro_precio_venta-809.2)/809.2 * 100,pro_ultima_compra=@@@2013.10.07@@@,pro_ultimo_proveedor=@@@81094100-6@@@ WHERE pro_codigo_plu=16641','',2,'2013-10-07'),(74718,'UPDATE mae_productos SET pro_precio_compra_bruto=154.005,pro_margen_actual=(pro_precio_venta-154.005)/154.005 * 100,pro_ultima_compra=@@@2013.10.07@@@,pro_ultimo_proveedor=@@@81094100-6@@@ WHERE pro_codigo_plu=16806','',2,'2013-10-07'),(74719,'UPDATE mae_productos SET pro_precio_compra_bruto=809.2,pro_margen_actual=(pro_precio_venta-809.2)/809.2 * 100,pro_ultima_compra=@@@2013.10.07@@@,pro_ultimo_proveedor=@@@81094100-6@@@ WHERE pro_codigo_plu=16639','',2,'2013-10-07'),(74720,'INSERT INTO gne_vale_ferreteria (vfe_id,vfe_fecha,vfe_total,vfe_estado,vfe_entregado,usu_nusuario) VALUES (13147,@@@2013.10.07@@@,260,1,0,@@@G_DIAZ@@@)','',2,'2013-10-07'),(74721,'INSERT INTO gne_vale_ferreteria_mov (vfe_id,pro_codigo_plu,vfm_cantidad,vfm_unitario,vfm_total,vfm_entregado) VALUES (13147,764134,1,260,260,@@@NO@@@)','',2,'2013-10-07'),(74722,'UPDATE mae_productos SET pro_precio_compra_bruto=1000,pro_margen_actual=(pro_precio_venta-1000)/1000 * 100,pro_ultima_compra=@@@2013.10.07@@@,pro_ultimo_proveedor=@@@76717550-7@@@ WHERE pro_codigo_plu=383','',2,'2013-10-07'),(74723,'INSERT INTO gne_vale_ferreteria (vfe_id,vfe_fecha,vfe_total,vfe_estado,vfe_entregado,usu_nusuario) VALUES (13148,@@@2013.10.07@@@,490,1,0,@@@G_DIAZ@@@)','',2,'2013-10-07'),(74724,'INSERT INTO gne_vale_ferreteria_mov (vfe_id,pro_codigo_plu,vfm_cantidad,vfm_unitario,vfm_total,vfm_entregado) VALUES (13148,764761,1,490,490,@@@NO@@@)','',2,'2013-10-07'),(74725,'INSERT INTO gne_vale_ferreteria (vfe_id,vfe_fecha,vfe_total,vfe_estado,vfe_entregado,usu_nusuario) VALUES (13149,@@@2013.10.07@@@,1890,1,0,@@@G_DIAZ@@@)','',2,'2013-10-07'),(74726,'INSERT INTO gne_vale_ferreteria_mov (vfe_id,pro_codigo_plu,vfm_cantidad,vfm_unitario,vfm_total,vfm_entregado) VALUES (13149,761649,1,1890,1890,@@@NO@@@)','',2,'2013-10-07'),(74727,'INSERT INTO gne_vale_ferreteria (vfe_id,vfe_fecha,vfe_total,vfe_estado,vfe_entregado,usu_nusuario) VALUES (13150,@@@2013.10.07@@@,3490,1,0,@@@G_DIAZ@@@)','',2,'2013-10-07'),(74728,'INSERT INTO gne_vale_ferreteria_mov (vfe_id,pro_codigo_plu,vfm_cantidad,vfm_unitario,vfm_total,vfm_entregado) VALUES (13150,764857,1,3490,3490,@@@NO@@@)','',2,'2013-10-07'),(74729,'INSERT INTO gne_vale_ferreteria (vfe_id,vfe_fecha,vfe_total,vfe_estado,vfe_entregado,usu_nusuario) VALUES (13151,@@@2013.10.07@@@,130,1,0,@@@G_DIAZ@@@)','',2,'2013-10-07'),(74730,'INSERT INTO gne_vale_ferreteria_mov (vfe_id,pro_codigo_plu,vfm_cantidad,vfm_unitario,vfm_total,vfm_entregado) VALUES (13151,15967,1,130,130,@@@NO@@@)','',2,'2013-10-07'),(74731,'INSERT INTO gne_vale_ferreteria (vfe_id,vfe_fecha,vfe_total,vfe_estado,vfe_entregado,usu_nusuario) VALUES (13152,@@@2013.10.07@@@,240,1,0,@@@G_DIAZ@@@)','',2,'2013-10-07'),(74732,'INSERT INTO gne_vale_ferreteria_mov (vfe_id,pro_codigo_plu,vfm_cantidad,vfm_unitario,vfm_total,vfm_entregado) VALUES (13152,78017004,2,120,240,@@@NO@@@)','',2,'2013-10-07'),(74733,'INSERT INTO gne_vale_ferreteria (vfe_id,vfe_fecha,vfe_total,vfe_estado,vfe_entregado,usu_nusuario) VALUES (13153,@@@2013.10.07@@@,3895,1,0,@@@G_DIAZ@@@)','',2,'2013-10-07'),(74734,'INSERT INTO gne_vale_ferreteria_mov (vfe_id,pro_codigo_plu,vfm_cantidad,vfm_unitario,vfm_total,vfm_entregado) VALUES (13153,19916,5,599,2995,@@@NO@@@)','',2,'2013-10-07'),(74735,'INSERT INTO gne_vale_ferreteria_mov (vfe_id,pro_codigo_plu,vfm_cantidad,vfm_unitario,vfm_total,vfm_entregado) VALUES (13153,763884,1,900,900,@@@NO@@@)','',2,'2013-10-07'),(74736,'INSERT INTO gne_vale_ferreteria (vfe_id,vfe_fecha,vfe_total,vfe_estado,vfe_entregado,usu_nusuario) VALUES (13154,@@@2013.10.07@@@,525,1,0,@@@G_DIAZ@@@)','',2,'2013-10-07'),(74737,'INSERT INTO gne_vale_ferreteria_mov (vfe_id,pro_codigo_plu,vfm_cantidad,vfm_unitario,vfm_total,vfm_entregado) VALUES (13154,13229,35,15,525,@@@NO@@@)','',2,'2013-10-07'),(74738,'INSERT INTO gne_vale_ferreteria (vfe_id,vfe_fecha,vfe_total,vfe_estado,vfe_entregado,usu_nusuario) VALUES (13155,@@@2013.10.07@@@,1890,1,0,@@@G_DIAZ@@@)','',2,'2013-10-07'),(74739,'INSERT INTO gne_vale_ferreteria_mov (vfe_id,pro_codigo_plu,vfm_cantidad,vfm_unitario,vfm_total,vfm_entregado) VALUES (13155,20571,1,1890,1890,@@@NO@@@)','',2,'2013-10-07'),(74740,'INSERT INTO mae_productos (pro_codigo_plu,pro_codigo_barra,pro_tipo,pro_nombre_producto,pro_nombre_corto,med_id,emb_id,pro_unidades_embalaje,dep_id,lin_id,mar_id,pro_precio_compra_neto,pro_precio_compra_bruto,pro_precio_venta,pro_margen_actual,pro_oferta,pro_fecha_inicio_oferta,pro_fecha_termino_oferta,pro_precio_oferta,pro_stock_minimo,pro_stock_critico,pro_entradas_bodega,pro_salidas_bodega,pro_mermas_bodega,pro_ajustes_bodega,pro_entradas_sv,pro_salidas_sv,pro_mermas_sv,pro_ajustes_sv,pro_activo,rec_numero,pro_unidad,pro_capacidad,pro_consumo_bodega,pro_consumo_sv,pro_estado,pro_funcion_plu,pro_flejes,pro_iva,pro_plu_asociado,pro_envase,pro_duracion,pro_numero_etiqueta) VALUES (780721912,@@@7802175456469@@@,@@@0@@@,@@@PISCO CAMPANARIO 35GL + VASO@@@,@@@PISCO CAMPANARIO@@@,@@@6 @@@,@@@5 @@@,@@@1@@@,@@@5 @@@,@@@58@@@,@@@1302@@@,@@@0@@@,@@@1909.66@@@,@@@1@@@,@@@-99.95@@@,@@@@@@,@@@2006.09.07@@@,@@@2006.09.07@@@,@@@0@@@,@@@12@@@,@@@6@@@,@@@0@@@,@@@0@@@,@@@0@@@,@@@0@@@,@@@0@@@,@@@0@@@,@@@0@@@,@@@0@@@,@@@1@@@,@@@0@@@,0,700,0,0,2,0,1,1,0,@@@NO@@@,0,0)','',2,'2013-10-07'),(74741,'DELETE FROM mae_impuestos_productos WHERE pro_codigo_plu=@@@780721912@@@','',2,'2013-10-07'),(74742,'INSERT INTO gne_vale_ferreteria (vfe_id,vfe_fecha,vfe_total,vfe_estado,vfe_entregado,usu_nusuario) VALUES (13156,@@@2013.10.07@@@,890,1,0,@@@G_DIAZ@@@)','',2,'2013-10-07'),(74743,'INSERT INTO gne_vale_ferreteria_mov (vfe_id,pro_codigo_plu,vfm_cantidad,vfm_unitario,vfm_total,vfm_entregado) VALUES (13156,8022,6,120,720,@@@NO@@@)','',2,'2013-10-07'),(74744,'INSERT INTO gne_vale_ferreteria_mov (vfe_id,pro_codigo_plu,vfm_cantidad,vfm_unitario,vfm_total,vfm_entregado) VALUES (13156,780721788,1,170,170,@@@NO@@@)','',2,'2013-10-07'),(74745,'INSERT INTO gne_vale_ferreteria (vfe_id,vfe_fecha,vfe_total,vfe_estado,vfe_entregado,usu_nusuario) VALUES (13157,@@@2013.10.07@@@,1340,1,0,@@@G_DIAZ@@@)','',2,'2013-10-07'),(74746,'INSERT INTO gne_vale_ferreteria_mov (vfe_id,pro_codigo_plu,vfm_cantidad,vfm_unitario,vfm_total,vfm_entregado) VALUES (13157,78017198,1,650,650,@@@NO@@@)','',2,'2013-10-07'),(74747,'INSERT INTO gne_vale_ferreteria_mov (vfe_id,pro_codigo_plu,vfm_cantidad,vfm_unitario,vfm_total,vfm_entregado) VALUES (13157,762000,1,690,690,@@@NO@@@)','',2,'2013-10-07'),(74748,'INSERT INTO gne_vale_ferreteria (vfe_id,vfe_fecha,vfe_total,vfe_estado,vfe_entregado,usu_nusuario) VALUES (13158,@@@2013.10.07@@@,599,1,0,@@@G_DIAZ@@@)','',2,'2013-10-07'),(74749,'INSERT INTO gne_vale_ferreteria_mov (vfe_id,pro_codigo_plu,vfm_cantidad,vfm_unitario,vfm_total,vfm_entregado) VALUES (13158,19916,1,599,599,@@@NO@@@)','',2,'2013-10-07'),(74750,'INSERT INTO gne_vale_ferreteria (vfe_id,vfe_fecha,vfe_total,vfe_estado,vfe_entregado,usu_nusuario) VALUES (13159,@@@2013.10.07@@@,900,1,0,@@@G_DIAZ@@@)','',2,'2013-10-07'),(74751,'INSERT INTO gne_vale_ferreteria_mov (vfe_id,pro_codigo_plu,vfm_cantidad,vfm_unitario,vfm_total,vfm_entregado) VALUES (13159,763884,1,900,900,@@@NO@@@)','',2,'2013-10-07'),(74752,'INSERT INTO gne_vale_ferreteria (vfe_id,vfe_fecha,vfe_total,vfe_estado,vfe_entregado,usu_nusuario) VALUES (13160,@@@2013.10.07@@@,490,1,0,@@@G_DIAZ@@@)','',2,'2013-10-07'),(74753,'INSERT INTO gne_vale_ferreteria_mov (vfe_id,pro_codigo_plu,vfm_cantidad,vfm_unitario,vfm_total,vfm_entregado) VALUES (13160,78017152,1,490,490,@@@NO@@@)','',2,'2013-10-07'),(74754,'INSERT INTO gne_vale_ferreteria (vfe_id,vfe_fecha,vfe_total,vfe_estado,vfe_entregado,usu_nusuario) VALUES (13161,@@@2013.10.07@@@,1460,1,0,@@@G_DIAZ@@@)','',2,'2013-10-07'),(74755,'INSERT INTO gne_vale_ferreteria_mov (vfe_id,pro_codigo_plu,vfm_cantidad,vfm_unitario,vfm_total,vfm_entregado) VALUES (13161,770066,2,490,980,@@@NO@@@)','',2,'2013-10-07'),(74756,'INSERT INTO gne_vale_ferreteria_mov (vfe_id,pro_codigo_plu,vfm_cantidad,vfm_unitario,vfm_total,vfm_entregado) VALUES (13161,764766,4,120,480,@@@NO@@@)','',2,'2013-10-07'),(74757,'INSERT INTO gne_vale_ferreteria (vfe_id,vfe_fecha,vfe_total,vfe_estado,vfe_entregado,usu_nusuario) VALUES (13162,@@@2013.10.07@@@,510,1,0,@@@G_DIAZ@@@)','',2,'2013-10-07'),(74758,'INSERT INTO gne_vale_ferreteria_mov (vfe_id,pro_codigo_plu,vfm_cantidad,vfm_unitario,vfm_total,vfm_entregado) VALUES (13162,8022,1,120,120,@@@NO@@@)','',2,'2013-10-07'),(74759,'INSERT INTO gne_vale_ferreteria_mov (vfe_id,pro_codigo_plu,vfm_cantidad,vfm_unitario,vfm_total,vfm_entregado) VALUES (13162,78017177,1,390,390,@@@NO@@@)','',2,'2013-10-07'),(74760,'UPDATE mae_productos SET pro_precio_compra_bruto=1909.66,pro_margen_actual=(pro_precio_venta-1909.66)/1909.66 * 100,pro_ultima_compra=@@@2013.10.07@@@,pro_ultimo_proveedor=@@@99554560-8@@@ WHERE pro_codigo_plu=780721912','',2,'2013-10-07'),(74761,'INSERT INTO gne_vale_ferreteria (vfe_id,vfe_fecha,vfe_total,vfe_estado,vfe_entregado,usu_nusuario) VALUES (13163,@@@2013.10.07@@@,1190,1,0,@@@G_DIAZ@@@)','',2,'2013-10-07'),(74762,'INSERT INTO gne_vale_ferreteria_mov (vfe_id,pro_codigo_plu,vfm_cantidad,vfm_unitario,vfm_total,vfm_entregado) VALUES (13163,764037,1,1190,1190,@@@NO@@@)','',2,'2013-10-07'),(74763,'UPDATE mae_productos SET pro_precio_compra_bruto=722.69,pro_margen_actual=(pro_precio_venta-722.69)/722.69 * 100,pro_ultima_compra=@@@2013.10.07@@@,pro_ultimo_proveedor=@@@99554560-8@@@ WHERE pro_codigo_plu=17174','',2,'2013-10-07'),(74764,'UPDATE mae_productos SET pro_precio_compra_bruto=722.79,pro_margen_actual=(pro_precio_venta-722.79)/722.79 * 100,pro_ultima_compra=@@@2013.10.07@@@,pro_ultimo_proveedor=@@@99554560-8@@@ WHERE pro_codigo_plu=12230','',2,'2013-10-07'),(74765,'UPDATE mae_productos SET pro_precio_compra_bruto=805.9,pro_margen_actual=(pro_precio_venta-805.9)/805.9 * 100,pro_ultima_compra=@@@2013.10.07@@@,pro_ultimo_proveedor=@@@99554560-8@@@ WHERE pro_codigo_plu=763377','',2,'2013-10-07'),(74766,'UPDATE mae_productos SET pro_precio_compra_bruto=805.9,pro_margen_actual=(pro_precio_venta-805.9)/805.9 * 100,pro_ultima_compra=@@@2013.10.07@@@,pro_ultimo_proveedor=@@@99554560-8@@@ WHERE pro_codigo_plu=763366','',2,'2013-10-07'),(74767,'INSERT INTO gne_vale_ferreteria (vfe_id,vfe_fecha,vfe_total,vfe_estado,vfe_entregado,usu_nusuario) VALUES (13164,@@@2013.10.07@@@,5770,1,0,@@@G_DIAZ@@@)','',2,'2013-10-07'),(74768,'INSERT INTO gne_vale_ferreteria_mov (vfe_id,pro_codigo_plu,vfm_cantidad,vfm_unitario,vfm_total,vfm_entregado) VALUES (13164,780721079,1,1890,1890,@@@NO@@@)','',2,'2013-10-07'),(74769,'INSERT INTO gne_vale_ferreteria_mov (vfe_id,pro_codigo_plu,vfm_cantidad,vfm_unitario,vfm_total,vfm_entregado) VALUES (13164,780721105,1,1890,1890,@@@NO@@@)','',2,'2013-10-07'),(74770,'INSERT INTO gne_vale_ferreteria_mov (vfe_id,pro_codigo_plu,vfm_cantidad,vfm_unitario,vfm_total,vfm_entregado) VALUES (13164,763697,1,1990,1990,@@@NO@@@)','',2,'2013-10-07'),(74771,'INSERT INTO gne_vale_ferreteria (vfe_id,vfe_fecha,vfe_total,vfe_estado,vfe_entregado,usu_nusuario) VALUES (13165,@@@2013.10.07@@@,440,1,0,@@@G_DIAZ@@@)','',2,'2013-10-07'),(74772,'INSERT INTO gne_vale_ferreteria_mov (vfe_id,pro_codigo_plu,vfm_cantidad,vfm_unitario,vfm_total,vfm_entregado) VALUES (13165,780721807,2,220,440,@@@NO@@@)','',2,'2013-10-07'),(74773,'INSERT INTO gne_vale_ferreteria (vfe_id,vfe_fecha,vfe_total,vfe_estado,vfe_entregado,usu_nusuario) VALUES (13166,@@@2013.10.07@@@,2580,1,0,@@@G_DIAZ@@@)','',2,'2013-10-07'),(74774,'INSERT INTO gne_vale_ferreteria_mov (vfe_id,pro_codigo_plu,vfm_cantidad,vfm_unitario,vfm_total,vfm_entregado) VALUES (13166,101620,1,1890,1890,@@@NO@@@)','',2,'2013-10-07'),(74775,'INSERT INTO gne_vale_ferreteria_mov (vfe_id,pro_codigo_plu,vfm_cantidad,vfm_unitario,vfm_total,vfm_entregado) VALUES (13166,4082,1,690,690,@@@NO@@@)','',2,'2013-10-07'),(74776,'INSERT INTO gne_vale_ferreteria (vfe_id,vfe_fecha,vfe_total,vfe_estado,vfe_entregado,usu_nusuario) VALUES (13167,@@@2013.10.07@@@,720,1,0,@@@G_DIAZ@@@)','',2,'2013-10-07'),(74777,'INSERT INTO gne_vale_ferreteria_mov (vfe_id,pro_codigo_plu,vfm_cantidad,vfm_unitario,vfm_total,vfm_entregado) VALUES (13167,19866,1,720,720,@@@NO@@@)','',2,'2013-10-07'),(74778,'INSERT INTO gne_vale_ferreteria (vfe_id,vfe_fecha,vfe_total,vfe_estado,vfe_entregado,usu_nusuario) VALUES (13168,@@@2013.10.07@@@,1670,1,0,@@@G_DIAZ@@@)','',2,'2013-10-07'),(74779,'INSERT INTO gne_vale_ferreteria_mov (vfe_id,pro_codigo_plu,vfm_cantidad,vfm_unitario,vfm_total,vfm_entregado) VALUES (13168,780721516,1,590,590,@@@NO@@@)','',2,'2013-10-07'),(74780,'INSERT INTO gne_vale_ferreteria_mov (vfe_id,pro_codigo_plu,vfm_cantidad,vfm_unitario,vfm_total,vfm_entregado) VALUES (13168,78016993,1,230,230,@@@NO@@@)','',2,'2013-10-07'),(74781,'INSERT INTO gne_vale_ferreteria_mov (vfe_id,pro_codigo_plu,vfm_cantidad,vfm_unitario,vfm_total,vfm_entregado) VALUES (13168,763794,1,850,850,@@@NO@@@)','',2,'2013-10-07'),(74782,'INSERT INTO gne_vale_ferreteria (vfe_id,vfe_fecha,vfe_total,vfe_estado,vfe_entregado,usu_nusuario) VALUES (13169,@@@2013.10.07@@@,490,1,0,@@@G_DIAZ@@@)','',2,'2013-10-07'),(74783,'INSERT INTO gne_vale_ferreteria_mov (vfe_id,pro_codigo_plu,vfm_cantidad,vfm_unitario,vfm_total,vfm_entregado) VALUES (13169,764760,1,490,490,@@@NO@@@)','',2,'2013-10-07'),(74784,'INSERT INTO gne_vale_ferreteria (vfe_id,vfe_fecha,vfe_total,vfe_estado,vfe_entregado,usu_nusuario) VALUES (13170,@@@2013.10.07@@@,5750,1,0,@@@G_DIAZ@@@)','',2,'2013-10-07'),(74785,'INSERT INTO gne_vale_ferreteria_mov (vfe_id,pro_codigo_plu,vfm_cantidad,vfm_unitario,vfm_total,vfm_entregado) VALUES (13170,780721806,1,220,220,@@@NO@@@)','',2,'2013-10-07'),(74786,'INSERT INTO gne_vale_ferreteria_mov (vfe_id,pro_codigo_plu,vfm_cantidad,vfm_unitario,vfm_total,vfm_entregado) VALUES (13170,780721616,1,1990,1990,@@@NO@@@)','',2,'2013-10-07'),(74787,'INSERT INTO gne_vale_ferreteria_mov (vfe_id,pro_codigo_plu,vfm_cantidad,vfm_unitario,vfm_total,vfm_entregado) VALUES (13170,763777,1,1250,1250,@@@NO@@@)','',2,'2013-10-07'),(74788,'INSERT INTO gne_vale_ferreteria_mov (vfe_id,pro_codigo_plu,vfm_cantidad,vfm_unitario,vfm_total,vfm_entregado) VALUES (13170,763695,1,2290,2290,@@@NO@@@)','',2,'2013-10-07'),(74789,'INSERT INTO gne_vale_ferreteria (vfe_id,vfe_fecha,vfe_total,vfe_estado,vfe_entregado,usu_nusuario) VALUES (13171,@@@2013.10.07@@@,3440,1,0,@@@G_DIAZ@@@)','',2,'2013-10-07'),(74790,'INSERT INTO gne_vale_ferreteria_mov (vfe_id,pro_codigo_plu,vfm_cantidad,vfm_unitario,vfm_total,vfm_entregado) VALUES (13171,763904,1,1690,1690,@@@NO@@@)','',2,'2013-10-07'),(74791,'INSERT INTO gne_vale_ferreteria_mov (vfe_id,pro_codigo_plu,vfm_cantidad,vfm_unitario,vfm_total,vfm_entregado) VALUES (13171,761650,1,1750,1750,@@@NO@@@)','',2,'2013-10-07'),(74792,'INSERT INTO gne_vale_ferreteria (vfe_id,vfe_fecha,vfe_total,vfe_estado,vfe_entregado,usu_nusuario) VALUES (13172,@@@2013.10.07@@@,300,1,0,@@@G_DIAZ@@@)','',2,'2013-10-07'),(74793,'INSERT INTO gne_vale_ferreteria_mov (vfe_id,pro_codigo_plu,vfm_cantidad,vfm_unitario,vfm_total,vfm_entregado) VALUES (13172,780220196,1,300,300,@@@NO@@@)','',2,'2013-10-07'),(74794,'INSERT INTO gne_vale_ferreteria (vfe_id,vfe_fecha,vfe_total,vfe_estado,vfe_entregado,usu_nusuario) VALUES (13173,@@@2013.10.07@@@,620,1,0,@@@G_DIAZ@@@)','',2,'2013-10-07'),(74795,'INSERT INTO gne_vale_ferreteria_mov (vfe_id,pro_codigo_plu,vfm_cantidad,vfm_unitario,vfm_total,vfm_entregado) VALUES (13173,780220180,1,620,620,@@@NO@@@)','',2,'2013-10-07'),(74796,'INSERT INTO gne_vale_ferreteria (vfe_id,vfe_fecha,vfe_total,vfe_estado,vfe_entregado,usu_nusuario) VALUES (13174,@@@2013.10.07@@@,1530,1,0,@@@G_DIAZ@@@)','',2,'2013-10-07'),(74797,'INSERT INTO gne_vale_ferreteria_mov (vfe_id,pro_codigo_plu,vfm_cantidad,vfm_unitario,vfm_total,vfm_entregado) VALUES (13174,763740,1,1350,1350,@@@NO@@@)','',2,'2013-10-07'),(74798,'INSERT INTO gne_vale_ferreteria_mov (vfe_id,pro_codigo_plu,vfm_cantidad,vfm_unitario,vfm_total,vfm_entregado) VALUES (13174,780220200,1,180,180,@@@NO@@@)','',2,'2013-10-07'),(74799,'INSERT INTO gne_vale_ferreteria (vfe_id,vfe_fecha,vfe_total,vfe_estado,vfe_entregado,usu_nusuario) VALUES (13175,@@@2013.10.07@@@,230,1,0,@@@G_DIAZ@@@)','',2,'2013-10-07'),(74800,'INSERT INTO gne_vale_ferreteria_mov (vfe_id,pro_codigo_plu,vfm_cantidad,vfm_unitario,vfm_total,vfm_entregado) VALUES (13175,4095,1,230,230,@@@NO@@@)','',2,'2013-10-07'),(74801,'INSERT INTO gne_vale_ferreteria (vfe_id,vfe_fecha,vfe_total,vfe_estado,vfe_entregado,usu_nusuario) VALUES (13176,@@@2013.10.07@@@,450,1,0,@@@G_DIAZ@@@)','',2,'2013-10-07'),(74802,'INSERT INTO gne_vale_ferreteria_mov (vfe_id,pro_codigo_plu,vfm_cantidad,vfm_unitario,vfm_total,vfm_entregado) VALUES (13176,763892,1,450,450,@@@NO@@@)','',2,'2013-10-07'),(74803,'INSERT INTO gne_vale_ferreteria (vfe_id,vfe_fecha,vfe_total,vfe_estado,vfe_entregado,usu_nusuario) VALUES (13177,@@@2013.10.07@@@,14990,1,0,@@@G_DIAZ@@@)','',2,'2013-10-07'),(74804,'INSERT INTO gne_vale_ferreteria_mov (vfe_id,pro_codigo_plu,vfm_cantidad,vfm_unitario,vfm_total,vfm_entregado) VALUES (13177,780721449,1,14990,14990,@@@NO@@@)','',2,'2013-10-07'),(74805,'INSERT INTO gne_vale_ferreteria (vfe_id,vfe_fecha,vfe_total,vfe_estado,vfe_entregado,usu_nusuario) VALUES (13178,@@@2013.10.07@@@,1790,1,0,@@@G_DIAZ@@@)','',2,'2013-10-07'),(74806,'INSERT INTO gne_vale_ferreteria_mov (vfe_id,pro_codigo_plu,vfm_cantidad,vfm_unitario,vfm_total,vfm_entregado) VALUES (13178,780220154,1,1790,1790,@@@NO@@@)','',2,'2013-10-07'),(74807,'INSERT INTO gne_vale_ferreteria (vfe_id,vfe_fecha,vfe_total,vfe_estado,vfe_entregado,usu_nusuario) VALUES (13179,@@@2013.10.07@@@,1280,1,0,@@@G_DIAZ@@@)','',2,'2013-10-07'),(74808,'INSERT INTO gne_vale_ferreteria_mov (vfe_id,pro_codigo_plu,vfm_cantidad,vfm_unitario,vfm_total,vfm_entregado) VALUES (13179,764506,1,490,490,@@@NO@@@)','',2,'2013-10-07'),(74809,'INSERT INTO gne_vale_ferreteria_mov (vfe_id,pro_codigo_plu,vfm_cantidad,vfm_unitario,vfm_total,vfm_entregado) VALUES (13179,763804,1,790,790,@@@NO@@@)','',2,'2013-10-07'),(74810,'UPDATE mae_productos SET pro_precio_compra_bruto=244.37,pro_margen_actual=(pro_precio_venta-244.37)/244.37 * 100,pro_ultima_compra=@@@2013.10.07@@@,pro_ultimo_proveedor=@@@99554560-8@@@ WHERE pro_codigo_plu=101176','',2,'2013-10-07'),(74811,'UPDATE mae_productos SET pro_precio_compra_bruto=244.37,pro_margen_actual=(pro_precio_venta-244.37)/244.37 * 100,pro_ultima_compra=@@@2013.10.07@@@,pro_ultimo_proveedor=@@@99554560-8@@@ WHERE pro_codigo_plu=101177','',2,'2013-10-07'),(74812,'UPDATE mae_productos SET pro_precio_compra_bruto=244.37,pro_margen_actual=(pro_precio_venta-244.37)/244.37 * 100,pro_ultima_compra=@@@2013.10.07@@@,pro_ultimo_proveedor=@@@99554560-8@@@ WHERE pro_codigo_plu=101178','',2,'2013-10-07'),(74813,'UPDATE mae_productos SET pro_precio_compra_bruto=244.37,pro_margen_actual=(pro_precio_venta-244.37)/244.37 * 100,pro_ultima_compra=@@@2013.10.07@@@,pro_ultimo_proveedor=@@@99554560-8@@@ WHERE pro_codigo_plu=101179','',2,'2013-10-07'),(74814,'UPDATE mae_productos SET pro_precio_compra_bruto=244.37,pro_margen_actual=(pro_precio_venta-244.37)/244.37 * 100,pro_ultima_compra=@@@2013.10.07@@@,pro_ultimo_proveedor=@@@99554560-8@@@ WHERE pro_codigo_plu=101175','',2,'2013-10-07'),(74815,'INSERT INTO gne_vale_ferreteria (vfe_id,vfe_fecha,vfe_total,vfe_estado,vfe_entregado,usu_nusuario) VALUES (13180,@@@2013.10.07@@@,1990,1,0,@@@G_DIAZ@@@)','',2,'2013-10-07'),(74816,'INSERT INTO gne_vale_ferreteria_mov (vfe_id,pro_codigo_plu,vfm_cantidad,vfm_unitario,vfm_total,vfm_entregado) VALUES (13180,764804,1,1990,1990,@@@NO@@@)','',2,'2013-10-07'),(74817,'INSERT INTO gne_vale_ferreteria (vfe_id,vfe_fecha,vfe_total,vfe_estado,vfe_entregado,usu_nusuario) VALUES (13181,@@@2013.10.07@@@,200,1,0,@@@G_DIAZ@@@)','',2,'2013-10-07'),(74818,'INSERT INTO gne_vale_ferreteria_mov (vfe_id,pro_codigo_plu,vfm_cantidad,vfm_unitario,vfm_total,vfm_entregado) VALUES (13181,4077,1,200,200,@@@NO@@@)','',2,'2013-10-07'),(74819,'INSERT INTO gne_vale_ferreteria (vfe_id,vfe_fecha,vfe_total,vfe_estado,vfe_entregado,usu_nusuario) VALUES (13182,@@@2013.10.07@@@,250,1,0,@@@G_DIAZ@@@)','',2,'2013-10-07'),(74820,'INSERT INTO gne_vale_ferreteria_mov (vfe_id,pro_codigo_plu,vfm_cantidad,vfm_unitario,vfm_total,vfm_entregado) VALUES (13182,764583,1,250,250,@@@NO@@@)','',2,'2013-10-07'),(74821,'INSERT INTO gne_vale_ferreteria (vfe_id,vfe_fecha,vfe_total,vfe_estado,vfe_entregado,usu_nusuario) VALUES (13183,@@@2013.10.07@@@,1880,1,0,@@@G_DIAZ@@@)','',2,'2013-10-07'),(74822,'INSERT INTO gne_vale_ferreteria_mov (vfe_id,pro_codigo_plu,vfm_cantidad,vfm_unitario,vfm_total,vfm_entregado) VALUES (13183,12083,2,260,520,@@@NO@@@)','',2,'2013-10-07'),(74823,'INSERT INTO gne_vale_ferreteria_mov (vfe_id,pro_codigo_plu,vfm_cantidad,vfm_unitario,vfm_total,vfm_entregado) VALUES (13183,1542,10,100,1000,@@@NO@@@)','',2,'2013-10-07'),(74824,'INSERT INTO gne_vale_ferreteria_mov (vfe_id,pro_codigo_plu,vfm_cantidad,vfm_unitario,vfm_total,vfm_entregado) VALUES (13183,1064,3,120,360,@@@NO@@@)','',2,'2013-10-07'),(74825,'INSERT INTO gne_vale_ferreteria (vfe_id,vfe_fecha,vfe_total,vfe_estado,vfe_entregado,usu_nusuario) VALUES (13184,@@@2013.10.07@@@,160,1,0,@@@G_DIAZ@@@)','',2,'2013-10-07'),(74826,'INSERT INTO gne_vale_ferreteria_mov (vfe_id,pro_codigo_plu,vfm_cantidad,vfm_unitario,vfm_total,vfm_entregado) VALUES (13184,16430,1,160,160,@@@NO@@@)','',2,'2013-10-07'),(74827,'INSERT INTO gne_vale_ferreteria (vfe_id,vfe_fecha,vfe_total,vfe_estado,vfe_entregado,usu_nusuario) VALUES (13185,@@@2013.10.07@@@,50,1,0,@@@G_DIAZ@@@)','',2,'2013-10-07'),(74828,'INSERT INTO gne_vale_ferreteria_mov (vfe_id,pro_codigo_plu,vfm_cantidad,vfm_unitario,vfm_total,vfm_entregado) VALUES (13185,780220123,1,50,50,@@@NO@@@)','',2,'2013-10-07'),(74829,'INSERT INTO gne_vale_ferreteria (vfe_id,vfe_fecha,vfe_total,vfe_estado,vfe_entregado,usu_nusuario) VALUES (13186,@@@2013.10.07@@@,2390,1,0,@@@G_DIAZ@@@)','',2,'2013-10-07'),(74830,'INSERT INTO gne_vale_ferreteria_mov (vfe_id,pro_codigo_plu,vfm_cantidad,vfm_unitario,vfm_total,vfm_entregado) VALUES (13186,780721490,1,2390,2390,@@@NO@@@)','',2,'2013-10-07'),(74831,'INSERT INTO gne_vale_ferreteria (vfe_id,vfe_fecha,vfe_total,vfe_estado,vfe_entregado,usu_nusuario) VALUES (13187,@@@2013.10.07@@@,1590,1,0,@@@G_DIAZ@@@)','',2,'2013-10-07'),(74832,'INSERT INTO gne_vale_ferreteria_mov (vfe_id,pro_codigo_plu,vfm_cantidad,vfm_unitario,vfm_total,vfm_entregado) VALUES (13187,780721741,1,1390,1390,@@@NO@@@)','',2,'2013-10-07'),(74833,'INSERT INTO gne_vale_ferreteria_mov (vfe_id,pro_codigo_plu,vfm_cantidad,vfm_unitario,vfm_total,vfm_entregado) VALUES (13187,770003,20,10,200,@@@NO@@@)','',2,'2013-10-07'),(74834,'INSERT INTO gne_vale_ferreteria (vfe_id,vfe_fecha,vfe_total,vfe_estado,vfe_entregado,usu_nusuario) VALUES (13188,@@@2013.10.07@@@,1790,1,0,@@@G_DIAZ@@@)','',2,'2013-10-07'),(74835,'INSERT INTO gne_vale_ferreteria_mov (vfe_id,pro_codigo_plu,vfm_cantidad,vfm_unitario,vfm_total,vfm_entregado) VALUES (13188,763718,1,1790,1790,@@@NO@@@)','',2,'2013-10-07'),(74836,'INSERT INTO gne_vale_ferreteria (vfe_id,vfe_fecha,vfe_total,vfe_estado,vfe_entregado,usu_nusuario) VALUES (13189,@@@2013.10.07@@@,1830,1,0,@@@G_DIAZ@@@)','',2,'2013-10-07'),(74837,'INSERT INTO gne_vale_ferreteria_mov (vfe_id,pro_codigo_plu,vfm_cantidad,vfm_unitario,vfm_total,vfm_entregado) VALUES (13189,761546,1,990,990,@@@NO@@@)','',2,'2013-10-07'),(74838,'INSERT INTO gne_vale_ferreteria_mov (vfe_id,pro_codigo_plu,vfm_cantidad,vfm_unitario,vfm_total,vfm_entregado) VALUES (13189,1066,1,130,130,@@@NO@@@)','',2,'2013-10-07'),(74839,'INSERT INTO gne_vale_ferreteria_mov (vfe_id,pro_codigo_plu,vfm_cantidad,vfm_unitario,vfm_total,vfm_entregado) VALUES (13189,763892,1,450,450,@@@NO@@@)','',2,'2013-10-07'),(74840,'INSERT INTO gne_vale_ferreteria_mov (vfe_id,pro_codigo_plu,vfm_cantidad,vfm_unitario,vfm_total,vfm_entregado) VALUES (13189,12083,1,260,260,@@@NO@@@)','',2,'2013-10-07'),(74841,'INSERT INTO gne_vale_ferreteria (vfe_id,vfe_fecha,vfe_total,vfe_estado,vfe_entregado,usu_nusuario) VALUES (13190,@@@2013.10.07@@@,200,1,0,@@@G_DIAZ@@@)','',2,'2013-10-07'),(74842,'INSERT INTO gne_vale_ferreteria_mov (vfe_id,pro_codigo_plu,vfm_cantidad,vfm_unitario,vfm_total,vfm_entregado) VALUES (13190,78017238,1,200,200,@@@NO@@@)','',2,'2013-10-07'),(74843,'INSERT INTO gne_vale_ferreteria (vfe_id,vfe_fecha,vfe_total,vfe_estado,vfe_entregado,usu_nusuario) VALUES (13191,@@@2013.10.07@@@,200,1,0,@@@G_DIAZ@@@)','',2,'2013-10-07'),(74844,'INSERT INTO gne_vale_ferreteria_mov (vfe_id,pro_codigo_plu,vfm_cantidad,vfm_unitario,vfm_total,vfm_entregado) VALUES (13191,770003,20,10,200,@@@NO@@@)','',2,'2013-10-07'),(74845,'INSERT INTO gne_vale_ferreteria (vfe_id,vfe_fecha,vfe_total,vfe_estado,vfe_entregado,usu_nusuario) VALUES (13192,@@@2013.10.07@@@,200,1,0,@@@G_DIAZ@@@)','',2,'2013-10-07'),(74846,'INSERT INTO gne_vale_ferreteria_mov (vfe_id,pro_codigo_plu,vfm_cantidad,vfm_unitario,vfm_total,vfm_entregado) VALUES (13192,4077,1,200,200,@@@NO@@@)','',2,'2013-10-07'),(74847,'INSERT INTO gne_vale_ferreteria (vfe_id,vfe_fecha,vfe_total,vfe_estado,vfe_entregado,usu_nusuario) VALUES (13193,@@@2013.10.07@@@,3380,1,0,@@@G_DIAZ@@@)','',2,'2013-10-07'),(74848,'INSERT INTO gne_vale_ferreteria_mov (vfe_id,pro_codigo_plu,vfm_cantidad,vfm_unitario,vfm_total,vfm_entregado) VALUES (13193,780220155,1,1490,1490,@@@NO@@@)','',2,'2013-10-07'),(74849,'INSERT INTO gne_vale_ferreteria_mov (vfe_id,pro_codigo_plu,vfm_cantidad,vfm_unitario,vfm_total,vfm_entregado) VALUES (13193,761649,1,1890,1890,@@@NO@@@)','',2,'2013-10-07'),(74850,'INSERT INTO gne_vale_ferreteria (vfe_id,vfe_fecha,vfe_total,vfe_estado,vfe_entregado,usu_nusuario) VALUES (13194,@@@2013.10.07@@@,840,1,0,@@@G_DIAZ@@@)','',2,'2013-10-07'),(74851,'INSERT INTO gne_vale_ferreteria_mov (vfe_id,pro_codigo_plu,vfm_cantidad,vfm_unitario,vfm_total,vfm_entregado) VALUES (13194,763791,1,590,590,@@@NO@@@)','',2,'2013-10-07'),(74852,'INSERT INTO gne_vale_ferreteria_mov (vfe_id,pro_codigo_plu,vfm_cantidad,vfm_unitario,vfm_total,vfm_entregado) VALUES (13194,763802,1,250,250,@@@NO@@@)','',2,'2013-10-07'),(74853,'INSERT INTO gne_vale_ferreteria (vfe_id,vfe_fecha,vfe_total,vfe_estado,vfe_entregado,usu_nusuario) VALUES (13195,@@@2013.10.07@@@,1990,1,0,@@@G_DIAZ@@@)','',2,'2013-10-07'),(74854,'INSERT INTO gne_vale_ferreteria_mov (vfe_id,pro_codigo_plu,vfm_cantidad,vfm_unitario,vfm_total,vfm_entregado) VALUES (13195,780721616,1,1990,1990,@@@NO@@@)','',2,'2013-10-07'),(74855,'INSERT INTO gne_vale_ferreteria (vfe_id,vfe_fecha,vfe_total,vfe_estado,vfe_entregado,usu_nusuario) VALUES (13196,@@@2013.10.07@@@,360,1,0,@@@G_DIAZ@@@)','',2,'2013-10-07'),(74856,'INSERT INTO gne_vale_ferreteria_mov (vfe_id,pro_codigo_plu,vfm_cantidad,vfm_unitario,vfm_total,vfm_entregado) VALUES (13196,764766,3,120,360,@@@NO@@@)','',2,'2013-10-07'),(74857,'INSERT INTO gne_vale_ferreteria (vfe_id,vfe_fecha,vfe_total,vfe_estado,vfe_entregado,usu_nusuario) VALUES (13197,@@@2013.10.07@@@,1050,1,0,@@@G_DIAZ@@@)','',2,'2013-10-07'),(74858,'INSERT INTO gne_vale_ferreteria_mov (vfe_id,pro_codigo_plu,vfm_cantidad,vfm_unitario,vfm_total,vfm_entregado) VALUES (13197,763892,1,450,450,@@@NO@@@)','',2,'2013-10-07'),(74859,'INSERT INTO gne_vale_ferreteria_mov (vfe_id,pro_codigo_plu,vfm_cantidad,vfm_unitario,vfm_total,vfm_entregado) VALUES (13197,12083,1,260,260,@@@NO@@@)','',2,'2013-10-07'),(74860,'INSERT INTO gne_vale_ferreteria_mov (vfe_id,pro_codigo_plu,vfm_cantidad,vfm_unitario,vfm_total,vfm_entregado) VALUES (13197,780721788,2,170,340,@@@NO@@@)','',2,'2013-10-07'),(74861,'INSERT INTO mae_productos (pro_codigo_plu,pro_codigo_barra,pro_tipo,pro_nombre_producto,pro_nombre_corto,med_id,emb_id,pro_unidades_embalaje,dep_id,lin_id,mar_id,pro_precio_compra_neto,pro_precio_compra_bruto,pro_precio_venta,pro_margen_actual,pro_oferta,pro_fecha_inicio_oferta,pro_fecha_termino_oferta,pro_precio_oferta,pro_stock_minimo,pro_stock_critico,pro_entradas_bodega,pro_salidas_bodega,pro_mermas_bodega,pro_ajustes_bodega,pro_entradas_sv,pro_salidas_sv,pro_mermas_sv,pro_ajustes_sv,pro_activo,rec_numero,pro_unidad,pro_capacidad,pro_consumo_bodega,pro_consumo_sv,pro_estado,pro_funcion_plu,pro_flejes,pro_iva,pro_plu_asociado,pro_envase,pro_duracion,pro_numero_etiqueta) VALUES (780721913,@@@77888@@@,@@@0@@@,@@@AGENDA OFERTA 2013@@@,@@@AGENDA OFERTA 20@@@,@@@1 @@@,@@@9 @@@,@@@0@@@,@@@24 @@@,@@@138@@@,@@@2507@@@,@@@0@@@,@@@0@@@,@@@1990@@@,@@@0@@@,@@@@@@,@@@2013.10.07@@@,@@@2013.10.07@@@,@@@0@@@,@@@0@@@,@@@0@@@,@@@0@@@,@@@0@@@,@@@0@@@,@@@0@@@,@@@0@@@,@@@0@@@,@@@0@@@,@@@0@@@,@@@1@@@,@@@0@@@,0,1,0,0,2,0,1,1,0,@@@NO@@@,0,0)','',2,'2013-10-07'),(74862,'DELETE FROM mae_impuestos_productos WHERE pro_codigo_plu=@@@780721913@@@','',2,'2013-10-07'),(74863,'UPDATE mae_productos SET pro_margen_actual=-99.33,pro_precio_venta=1 WHERE pro_codigo_plu=780721911','',2,'2013-10-07'),(74864,'UPDATE mae_productos SET pro_margen_actual=36.92,pro_precio_venta=890 WHERE pro_codigo_plu=780721910','',2,'2013-10-07'),(74865,'UPDATE mae_productos SET pro_margen_actual=29.58,pro_precio_venta=990 WHERE pro_codigo_plu=11335','',2,'2013-10-07'),(74866,'UPDATE mae_productos SET pro_margen_actual=30.24,pro_precio_venta=860 WHERE pro_codigo_plu=101545','',2,'2013-10-07'),(74867,'UPDATE mae_productos SET pro_margen_actual=32.15,pro_precio_venta=430 WHERE pro_codigo_plu=10484','',2,'2013-10-07'),(74868,'UPDATE mae_productos SET pro_margen_actual=36.57,pro_precio_venta=690 WHERE pro_codigo_plu=20836','',2,'2013-10-07'),(74869,'UPDATE mae_productos SET pro_margen_actual=-99.95,pro_precio_venta=1 WHERE pro_codigo_plu=780721912','',2,'2013-10-07'),(74870,'UPDATE mae_productos SET pro_margen_actual=40.55,pro_precio_venta=1890 WHERE pro_codigo_plu=117','',2,'2013-10-07'),(74871,'UPDATE mae_productos SET pro_margen_actual=45.37,pro_precio_venta=4290 WHERE pro_codigo_plu=132','',2,'2013-10-07'),(74872,'UPDATE mae_productos SET pro_margen_actual=31.43,pro_precio_venta=795 WHERE pro_codigo_plu=25063','',2,'2013-10-07'),(74873,'UPDATE mae_productos SET pro_margen_actual=0,pro_precio_venta=1990 WHERE pro_codigo_plu=780721913','',2,'2013-10-07'),(74874,'UPDATE mae_productos SET pro_precio_fiscal=pro_precio_venta WHERE pro_codigo_plu=780721913','',2,'2013-10-07'),(74875,'UPDATE mae_productos SET pro_precio_fiscal=pro_precio_venta WHERE pro_codigo_plu=10484','',2,'2013-10-07'),(74876,'UPDATE mae_productos SET pro_precio_fiscal=pro_precio_venta WHERE pro_codigo_plu=101545','',2,'2013-10-07'),(74877,'UPDATE mae_productos SET pro_precio_fiscal=pro_precio_venta WHERE pro_codigo_plu=780721910','',2,'2013-10-07'),(74878,'UPDATE mae_productos SET pro_precio_fiscal=pro_precio_venta WHERE pro_codigo_plu=11335','',2,'2013-10-07'),(74879,'UPDATE mae_productos SET pro_precio_fiscal=pro_precio_venta WHERE pro_codigo_plu=20836','',2,'2013-10-07'),(74880,'UPDATE mae_productos SET pro_precio_fiscal=pro_precio_venta WHERE pro_codigo_plu=132','',2,'2013-10-07'),(74881,'UPDATE mae_productos SET pro_precio_fiscal=pro_precio_venta WHERE pro_codigo_plu=25063','',2,'2013-10-07'),(74882,'INSERT INTO gne_vale_ferreteria (vfe_id,vfe_fecha,vfe_total,vfe_estado,vfe_entregado,usu_nusuario) VALUES (13198,@@@2013.10.08@@@,719,1,0,@@@b_SAEZ@@@)','',2,'2013-10-08'),(74883,'INSERT INTO gne_vale_ferreteria_mov (vfe_id,pro_codigo_plu,vfm_cantidad,vfm_unitario,vfm_total,vfm_entregado) VALUES (13198,12819,1,200,200,@@@NO@@@)','',2,'2013-10-08'),(74884,'INSERT INTO gne_vale_ferreteria_mov (vfe_id,pro_codigo_plu,vfm_cantidad,vfm_unitario,vfm_total,vfm_entregado) VALUES (13198,780721727,1,120,120,@@@NO@@@)','',2,'2013-10-08'),(74885,'INSERT INTO gne_vale_ferreteria_mov (vfe_id,pro_codigo_plu,vfm_cantidad,vfm_unitario,vfm_total,vfm_entregado) VALUES (13198,780721388,1,399,399,@@@NO@@@)','',2,'2013-10-08'),(74886,'INSERT INTO gne_vale_ferreteria (vfe_id,vfe_fecha,vfe_total,vfe_estado,vfe_entregado,usu_nusuario) VALUES (13199,@@@2013.10.08@@@,150,1,0,@@@b_SAEZ@@@)','',2,'2013-10-08'),(74887,'INSERT INTO gne_vale_ferreteria_mov (vfe_id,pro_codigo_plu,vfm_cantidad,vfm_unitario,vfm_total,vfm_entregado) VALUES (13199,4088,1,150,150,@@@NO@@@)','',2,'2013-10-08'),(74888,'INSERT INTO gne_vale_ferreteria (vfe_id,vfe_fecha,vfe_total,vfe_estado,vfe_entregado,usu_nusuario) VALUES (13200,@@@2013.10.08@@@,1490,1,0,@@@b_SAEZ@@@)','',2,'2013-10-08'),(74889,'INSERT INTO gne_vale_ferreteria_mov (vfe_id,pro_codigo_plu,vfm_cantidad,vfm_unitario,vfm_total,vfm_entregado) VALUES (13200,10426,1,1490,1490,@@@NO@@@)','',2,'2013-10-08'),(74890,'INSERT INTO gne_vale_ferreteria (vfe_id,vfe_fecha,vfe_total,vfe_estado,vfe_entregado,usu_nusuario) VALUES (13201,@@@2013.10.08@@@,990,1,0,@@@b_SAEZ@@@)','',2,'2013-10-08'),(74891,'INSERT INTO gne_vale_ferreteria_mov (vfe_id,pro_codigo_plu,vfm_cantidad,vfm_unitario,vfm_total,vfm_entregado) VALUES (13201,764673,1,990,990,@@@NO@@@)','',2,'2013-10-08'),(74892,'INSERT INTO gne_vale_ferreteria (vfe_id,vfe_fecha,vfe_total,vfe_estado,vfe_entregado,usu_nusuario) VALUES (13202,@@@2013.10.08@@@,2100,1,0,@@@b_SAEZ@@@)','',2,'2013-10-08'),(74893,'INSERT INTO gne_vale_ferreteria_mov (vfe_id,pro_codigo_plu,vfm_cantidad,vfm_unitario,vfm_total,vfm_entregado) VALUES (13202,763946,1,2100,2100,@@@NO@@@)','',2,'2013-10-08'),(74894,'INSERT INTO gne_vale_ferreteria (vfe_id,vfe_fecha,vfe_total,vfe_estado,vfe_entregado,usu_nusuario) VALUES (13203,@@@2013.10.08@@@,350,1,0,@@@b_SAEZ@@@)','',2,'2013-10-08'),(74895,'INSERT INTO gne_vale_ferreteria_mov (vfe_id,pro_codigo_plu,vfm_cantidad,vfm_unitario,vfm_total,vfm_entregado) VALUES (13203,1014,1,350,350,@@@NO@@@)','',2,'2013-10-08'),(74896,'INSERT INTO gne_vale_ferreteria (vfe_id,vfe_fecha,vfe_total,vfe_estado,vfe_entregado,usu_nusuario) VALUES (13204,@@@2013.10.08@@@,200,1,0,@@@b_SAEZ@@@)','',2,'2013-10-08'),(74897,'INSERT INTO gne_vale_ferreteria_mov (vfe_id,pro_codigo_plu,vfm_cantidad,vfm_unitario,vfm_total,vfm_entregado) VALUES (13204,78017194,1,200,200,@@@NO@@@)','',2,'2013-10-08'),(74898,'INSERT INTO com_ventas_grupo (vgr_fecha,vgr_grupo,vgr_cantidad,vgr_total) VALUES (@@@2013.10.07@@@,1,267.015,252285)','',2,'2013-10-08'),(74899,'INSERT INTO com_ventas_grupo (vgr_fecha,vgr_grupo,vgr_cantidad,vgr_total) VALUES (@@@2013.10.07@@@,2,199.19,103013)','',2,'2013-10-08'),(74900,'INSERT INTO com_ventas_grupo (vgr_fecha,vgr_grupo,vgr_cantidad,vgr_total) VALUES (@@@2013.10.07@@@,3,352,77716)','',2,'2013-10-08'),(74901,'INSERT INTO com_ventas_grupo (vgr_fecha,vgr_grupo,vgr_cantidad,vgr_total) VALUES (@@@2013.10.07@@@,4,142,87640)','',2,'2013-10-08'),(74902,'INSERT INTO com_ventas_grupo (vgr_fecha,vgr_grupo,vgr_cantidad,vgr_total) VALUES (@@@2013.10.07@@@,5,1,3399)','',2,'2013-10-08'),(74903,'INSERT INTO com_ventas_grupo (vgr_fecha,vgr_grupo,vgr_cantidad,vgr_total) VALUES (@@@2013.10.07@@@,6,10,12682)','',2,'2013-10-08'),(74904,'INSERT INTO com_ventas_grupo (vgr_fecha,vgr_grupo,vgr_cantidad,vgr_total) VALUES (@@@2013.10.07@@@,7,48,81830)','',2,'2013-10-08'),(74905,'INSERT INTO com_ventas_grupo (vgr_fecha,vgr_grupo,vgr_cantidad,vgr_total) VALUES (@@@2013.10.07@@@,8,46,25060)','',2,'2013-10-08'),(74906,'INSERT INTO com_ventas_grupo (vgr_fecha,vgr_grupo,vgr_cantidad,vgr_total) VALUES (@@@2013.10.07@@@,9,56.395,94620)','',2,'2013-10-08'),(74907,'INSERT INTO com_ventas_grupo (vgr_fecha,vgr_grupo,vgr_cantidad,vgr_total) VALUES (@@@2013.10.07@@@,10,44.095,108944)','',2,'2013-10-08'),(74908,'INSERT INTO com_ventas_grupo (vgr_fecha,vgr_grupo,vgr_cantidad,vgr_total) VALUES (@@@2013.10.07@@@,11,5.215,16424)','',2,'2013-10-08'),(74909,'INSERT INTO com_ventas_grupo (vgr_fecha,vgr_grupo,vgr_cantidad,vgr_total) VALUES (@@@2013.10.07@@@,12,41.205,56862)','',2,'2013-10-08'),(74910,'INSERT INTO com_ventas_grupo (vgr_fecha,vgr_grupo,vgr_cantidad,vgr_total) VALUES (@@@2013.10.07@@@,13,14.025,31491)','',2,'2013-10-08'),(74911,'INSERT INTO com_ventas_grupo (vgr_fecha,vgr_grupo,vgr_cantidad,vgr_total) VALUES (@@@2013.10.07@@@,14,103.435,94150)','',2,'2013-10-08'),(74912,'INSERT INTO com_ventas_grupo (vgr_fecha,vgr_grupo,vgr_cantidad,vgr_total) VALUES (@@@2013.10.07@@@,16,3,470)','',2,'2013-10-08'),(74913,'INSERT INTO com_ventas_grupo (vgr_fecha,vgr_grupo,vgr_cantidad,vgr_total) VALUES (@@@2013.10.07@@@,18,243.67,134767)','',2,'2013-10-08'),(74914,'INSERT INTO com_ventas_grupo (vgr_fecha,vgr_grupo,vgr_cantidad,vgr_total) VALUES (@@@2013.10.07@@@,19,2,2920)','',2,'2013-10-08'),(74915,'INSERT INTO com_ventas_grupo (vgr_fecha,vgr_grupo,vgr_cantidad,vgr_total) VALUES (@@@2013.10.07@@@,20,261.355,87193)','',2,'2013-10-08'),(74916,'INSERT INTO com_ventas_grupo (vgr_fecha,vgr_grupo,vgr_cantidad,vgr_total) VALUES (@@@2013.10.07@@@,21,46,51970)','',2,'2013-10-08'),(74917,'INSERT INTO com_ventas_grupo (vgr_fecha,vgr_grupo,vgr_cantidad,vgr_total) VALUES (@@@2013.10.07@@@,23,3,20970)','',2,'2013-10-08'),(74918,'INSERT INTO com_ventas_grupo (vgr_fecha,vgr_grupo,vgr_cantidad,vgr_total) VALUES (@@@2013.10.07@@@,24,198,44879)','',2,'2013-10-08'),(74919,'INSERT INTO com_ventas_grupo (vgr_fecha,vgr_grupo,vgr_cantidad,vgr_total) VALUES (@@@2013.10.07@@@,25,80,119600)','',2,'2013-10-08'),(74920,'INSERT INTO com_ventas_grupo (vgr_fecha,vgr_grupo,vgr_cantidad,vgr_total) VALUES (@@@2013.10.07@@@,31,23,17020)','',2,'2013-10-08'),(74921,'INSERT INTO com_ventas_grupo (vgr_fecha,vgr_grupo,vgr_cantidad,vgr_total) VALUES (@@@2013.10.07@@@,32,322,107935)','',2,'2013-10-08'),(74922,'INSERT INTO com_ventas_grupo (vgr_fecha,vgr_grupo,vgr_cantidad,vgr_total) VALUES (@@@2013.10.07@@@,33,2,4700)','',2,'2013-10-08'),(74923,'INSERT INTO com_ventas_grupo (vgr_fecha,vgr_grupo,vgr_cantidad,vgr_total) VALUES (@@@2013.10.07@@@,34,1,1250)','',2,'2013-10-08'),(74924,'INSERT INTO com_ventas_grupo (vgr_fecha,vgr_grupo,vgr_cantidad,vgr_total) VALUES (@@@2013.10.07@@@,35,20,28195)','',2,'2013-10-08'),(74925,'INSERT INTO com_ventas_grupo (vgr_fecha,vgr_grupo,vgr_cantidad,vgr_total) VALUES (@@@2013.10.07@@@,36,10,3200)','',2,'2013-10-08'),(74926,'INSERT INTO com_ventas_grupo (vgr_fecha,vgr_grupo,vgr_cantidad,vgr_total) VALUES (@@@2013.10.07@@@,37,1,2390)','',2,'2013-10-08'),(74927,'INSERT INTO com_ventas_grupo (vgr_fecha,vgr_grupo,vgr_cantidad,vgr_total) VALUES (@@@2013.10.07@@@,38,2,2380)','',2,'2013-10-08'),(74928,'INSERT INTO com_ventas_grupo (vgr_fecha,vgr_grupo,vgr_cantidad,vgr_total) VALUES (@@@2013.10.07@@@,39,2,4780)','',2,'2013-10-08'),(74929,'INSERT INTO com_ventas_grupo (vgr_fecha,vgr_grupo,vgr_cantidad,vgr_total) VALUES (@@@2013.10.07@@@,40,2249,2249)','',2,'2013-10-08'),(74930,'INSERT INTO com_ventas_grupo (vgr_fecha,vgr_grupo,vgr_cantidad,vgr_total) VALUES (@@@2013.10.07@@@,41,1,650)','',2,'2013-10-08'),(74931,'INSERT INTO com_ventas_grupo (vgr_fecha,vgr_grupo,vgr_cantidad,vgr_total) VALUES (@@@2013.10.07@@@,42,28.635,29095)','',2,'2013-10-08'),(74932,'INSERT INTO com_ventas_grupo (vgr_fecha,vgr_grupo,vgr_cantidad,vgr_total) VALUES (@@@2013.10.07@@@,44,2,2550)','',2,'2013-10-08'),(74933,'UPDATE mae_datos_empresa SET emp_oferta=@@@NO@@@','',2,'2013-10-08'),(74934,'INSERT INTO gne_vale_ferreteria (vfe_id,vfe_fecha,vfe_total,vfe_estado,vfe_entregado,usu_nusuario) VALUES (13205,@@@2013.10.08@@@,290,1,0,@@@b_SAEZ@@@)','',2,'2013-10-08'),(74935,'INSERT INTO gne_vale_ferreteria_mov (vfe_id,pro_codigo_plu,vfm_cantidad,vfm_unitario,vfm_total,vfm_entregado) VALUES (13205,1536,1,290,290,@@@NO@@@)','',2,'2013-10-08'),(74936,'UPDATE mae_productos SET pro_precio_venta=2490,pro_margen_actual= 30.39 WHERE pro_codigo_plu=780721912','',2,'2013-10-08'),(74937,'UPDATE mae_productos SET pro_margen_actual=30.39,pro_precio_venta=2490 WHERE pro_codigo_plu=780721912','',2,'2013-10-08'),(74938,'UPDATE mae_productos SET pro_margen_actual=75.56,pro_precio_venta=790 WHERE pro_codigo_plu=592','',2,'2013-10-08'),(74939,'UPDATE mae_productos SET pro_margen_actual=102.58,pro_precio_venta=1100 WHERE pro_codigo_plu=579','',2,'2013-10-08'),(74940,'UPDATE mae_productos SET pro_margen_actual=106.38,pro_precio_venta=1100 WHERE pro_codigo_plu=580','',2,'2013-10-08'),(74941,'UPDATE mae_productos SET pro_precio_fiscal=pro_precio_venta WHERE pro_codigo_plu=579','',2,'2013-10-08'),(74942,'UPDATE mae_productos SET pro_precio_fiscal=pro_precio_venta WHERE pro_codigo_plu=580','',2,'2013-10-08'),(74943,'UPDATE mae_productos SET pro_precio_fiscal=pro_precio_venta WHERE pro_codigo_plu=592','',2,'2013-10-08'),(74944,'UPDATE mae_productos SET pro_precio_fiscal=pro_precio_venta WHERE pro_codigo_plu=780721912','',2,'2013-10-08'),(74945,'UPDATE mae_productos SET pro_precio_compra_bruto=293.66,pro_margen_actual=(pro_precio_venta-293.66)/293.66 * 100,pro_ultima_compra=@@@2013.10.08@@@,pro_ultimo_proveedor=@@@81788500-4@@@ WHERE pro_codigo_plu=20847','',2,'2013-10-08'),(74946,'UPDATE mae_productos SET pro_precio_compra_bruto=523,pro_margen_actual=(pro_precio_venta-523)/523 * 100,pro_ultima_compra=@@@2013.10.08@@@,pro_ultimo_proveedor=@@@81788500-4@@@ WHERE pro_codigo_plu=20836','',2,'2013-10-08'),(74947,'UPDATE mae_productos SET pro_precio_compra_bruto=779.23,pro_margen_actual=(pro_precio_venta-779.23)/779.23 * 100,pro_ultima_compra=@@@2013.10.08@@@,pro_ultimo_proveedor=@@@81788500-4@@@ WHERE pro_codigo_plu=2008','',2,'2013-10-08'),(74948,'UPDATE mae_productos SET pro_precio_compra_bruto=1013.8,pro_margen_actual=(pro_precio_venta-1013.8)/1013.8 * 100,pro_ultima_compra=@@@2013.10.08@@@,pro_ultimo_proveedor=@@@81788500-4@@@ WHERE pro_codigo_plu=762406','',2,'2013-10-08'),(74949,'INSERT INTO gne_vale_ferreteria (vfe_id,vfe_fecha,vfe_total,vfe_estado,vfe_entregado,usu_nusuario) VALUES (13206,@@@2013.10.08@@@,370,1,0,@@@b_SAEZ@@@)','',2,'2013-10-08'),(74950,'INSERT INTO gne_vale_ferreteria_mov (vfe_id,pro_codigo_plu,vfm_cantidad,vfm_unitario,vfm_total,vfm_entregado) VALUES (13206,780220192,1,370,370,@@@NO@@@)','',2,'2013-10-08'),(74951,'INSERT INTO gne_vale_ferreteria (vfe_id,vfe_fecha,vfe_total,vfe_estado,vfe_entregado,usu_nusuario) VALUES (13207,@@@2013.10.08@@@,2130,1,0,@@@b_SAEZ@@@)','',2,'2013-10-08'),(74952,'INSERT INTO gne_vale_ferreteria_mov (vfe_id,pro_codigo_plu,vfm_cantidad,vfm_unitario,vfm_total,vfm_entregado) VALUES (13207,770001,3,80,240,@@@NO@@@)','',2,'2013-10-08'),(74953,'INSERT INTO gne_vale_ferreteria_mov (vfe_id,pro_codigo_plu,vfm_cantidad,vfm_unitario,vfm_total,vfm_entregado) VALUES (13207,101841,1,1890,1890,@@@NO@@@)','',2,'2013-10-08'),(74954,'UPDATE mae_productos SET pro_precio_compra_bruto=803,pro_margen_actual=(pro_precio_venta-803)/803 * 100,pro_ultima_compra=@@@2013.10.08@@@,pro_ultimo_proveedor=@@@84156500-2@@@ WHERE pro_codigo_plu=762922','',2,'2013-10-08'),(74955,'UPDATE mae_productos SET pro_precio_compra_bruto=803,pro_margen_actual=(pro_precio_venta-803)/803 * 100,pro_ultima_compra=@@@2013.10.08@@@,pro_ultimo_proveedor=@@@84156500-2@@@ WHERE pro_codigo_plu=13638','',2,'2013-10-08'),(74956,'UPDATE mae_productos SET pro_precio_compra_bruto=45,pro_margen_actual=(pro_precio_venta-45)/45 * 100,pro_ultima_compra=@@@2013.10.08@@@,pro_ultimo_proveedor=@@@84156500-2@@@ WHERE pro_codigo_plu=1152','',2,'2013-10-08'),(74957,'UPDATE mae_productos SET pro_precio_venta=1100,pro_margen_actual= 41.16 WHERE pro_codigo_plu=2008','',2,'2013-10-08'),(74958,'UPDATE mae_productos SET pro_precio_venta=1450,pro_margen_actual= 43.03 WHERE pro_codigo_plu=762406','',2,'2013-10-08'),(74959,'UPDATE mae_productos SET pro_precio_venta=350,pro_margen_actual= 19.19 WHERE pro_codigo_plu=20847','',2,'2013-10-08'),(74960,'UPDATE mae_productos SET pro_margen_actual=41.16,pro_precio_venta=1100 WHERE pro_codigo_plu=2008','',2,'2013-10-08'),(74961,'UPDATE mae_productos SET pro_margen_actual=43.03,pro_precio_venta=1450 WHERE pro_codigo_plu=762406','',2,'2013-10-08'),(74962,'UPDATE mae_productos SET pro_margen_actual=19.19,pro_precio_venta=350 WHERE pro_codigo_plu=20847','',2,'2013-10-08'),(74963,'UPDATE mae_productos SET pro_precio_fiscal=pro_precio_venta WHERE pro_codigo_plu=2008','',2,'2013-10-08'),(74964,'UPDATE mae_productos SET pro_precio_fiscal=pro_precio_venta WHERE pro_codigo_plu=762406','',2,'2013-10-08'),(74965,'UPDATE mae_productos SET pro_precio_fiscal=pro_precio_venta WHERE pro_codigo_plu=20847','',2,'2013-10-08'),(74966,'INSERT INTO gne_vale_ferreteria (vfe_id,vfe_fecha,vfe_total,vfe_estado,vfe_entregado,usu_nusuario) VALUES (13208,@@@2013.10.08@@@,170,1,0,@@@b_SAEZ@@@)','',2,'2013-10-08'),(74967,'INSERT INTO gne_vale_ferreteria_mov (vfe_id,pro_codigo_plu,vfm_cantidad,vfm_unitario,vfm_total,vfm_entregado) VALUES (13208,78017059,1,120,120,@@@NO@@@)','',2,'2013-10-08'),(74968,'INSERT INTO gne_vale_ferreteria_mov (vfe_id,pro_codigo_plu,vfm_cantidad,vfm_unitario,vfm_total,vfm_entregado) VALUES (13208,770032,1,50,50,@@@NO@@@)','',2,'2013-10-08'),(74969,'INSERT INTO mae_productos (pro_codigo_plu,pro_codigo_barra,pro_tipo,pro_nombre_producto,pro_nombre_corto,med_id,emb_id,pro_unidades_embalaje,dep_id,lin_id,mar_id,pro_precio_compra_neto,pro_precio_compra_bruto,pro_precio_venta,pro_margen_actual,pro_oferta,pro_fecha_inicio_oferta,pro_fecha_termino_oferta,pro_precio_oferta,pro_stock_minimo,pro_stock_critico,pro_entradas_bodega,pro_salidas_bodega,pro_mermas_bodega,pro_ajustes_bodega,pro_entradas_sv,pro_salidas_sv,pro_mermas_sv,pro_ajustes_sv,pro_activo,rec_numero,pro_unidad,pro_capacidad,pro_consumo_bodega,pro_consumo_sv,pro_estado,pro_funcion_plu,pro_flejes,pro_iva,pro_plu_asociado,pro_envase,pro_duracion,pro_numero_etiqueta) VALUES (780721914,@@@7802408000520@@@,@@@0@@@,@@@HELADO PALITO PIÑA@@@,@@@HELADO PALITO PI@@@,@@@1 @@@,@@@4 @@@,@@@1@@@,@@@20 @@@,@@@109@@@,@@@2508@@@,@@@0@@@,@@@45@@@,@@@1@@@,@@@-97.78@@@,@@@@@@,@@@2006.09.07@@@,@@@2006.09.07@@@,@@@0@@@,@@@40@@@,@@@20@@@,@@@0@@@,@@@0@@@,@@@0@@@,@@@0@@@,@@@0@@@,@@@0@@@,@@@0@@@,@@@0@@@,@@@1@@@,@@@0@@@,0,1,0,0,2,0,1,1,0,@@@NO@@@,0,0)','',2,'2013-10-08'),(74970,'DELETE FROM mae_impuestos_productos WHERE pro_codigo_plu=@@@780721914@@@','',2,'2013-10-08'),(74971,'INSERT INTO gne_vale_ferreteria (vfe_id,vfe_fecha,vfe_total,vfe_estado,vfe_entregado,usu_nusuario) VALUES (13209,@@@2013.10.08@@@,2670,1,0,@@@b_SAEZ@@@)','',2,'2013-10-08'),(74972,'INSERT INTO gne_vale_ferreteria_mov (vfe_id,pro_codigo_plu,vfm_cantidad,vfm_unitario,vfm_total,vfm_entregado) VALUES (13209,1536,1,290,290,@@@NO@@@)','',2,'2013-10-08'),(74973,'INSERT INTO gne_vale_ferreteria_mov (vfe_id,pro_codigo_plu,vfm_cantidad,vfm_unitario,vfm_total,vfm_entregado) VALUES (13209,2009,1,490,490,@@@NO@@@)','',2,'2013-10-08'),(74974,'INSERT INTO gne_vale_ferreteria_mov (vfe_id,pro_codigo_plu,vfm_cantidad,vfm_unitario,vfm_total,vfm_entregado) VALUES (13209,101624,1,1890,1890,@@@NO@@@)','',2,'2013-10-08'),(74975,'INSERT INTO mae_productos (pro_codigo_plu,pro_codigo_barra,pro_tipo,pro_nombre_producto,pro_nombre_corto,med_id,emb_id,pro_unidades_embalaje,dep_id,lin_id,mar_id,pro_precio_compra_neto,pro_precio_compra_bruto,pro_precio_venta,pro_margen_actual,pro_oferta,pro_fecha_inicio_oferta,pro_fecha_termino_oferta,pro_precio_oferta,pro_stock_minimo,pro_stock_critico,pro_entradas_bodega,pro_salidas_bodega,pro_mermas_bodega,pro_ajustes_bodega,pro_entradas_sv,pro_salidas_sv,pro_mermas_sv,pro_ajustes_sv,pro_activo,rec_numero,pro_unidad,pro_capacidad,pro_consumo_bodega,pro_consumo_sv,pro_estado,pro_funcion_plu,pro_flejes,pro_iva,pro_plu_asociado,pro_envase,pro_duracion,pro_numero_etiqueta) VALUES (780721915,@@@7802408000643@@@,@@@0@@@,@@@HELADO CREMA FRUNA@@@,@@@HELADO CREMA FRU@@@,@@@1 @@@,@@@4 @@@,@@@1@@@,@@@20 @@@,@@@109@@@,@@@2508@@@,@@@0@@@,@@@92@@@,@@@1@@@,@@@-98.91@@@,@@@@@@,@@@2006.09.07@@@,@@@2006.09.07@@@,@@@0@@@,@@@40@@@,@@@20@@@,@@@0@@@,@@@0@@@,@@@0@@@,@@@0@@@,@@@0@@@,@@@0@@@,@@@0@@@,@@@0@@@,@@@1@@@,@@@0@@@,0,1,0,0,2,0,1,1,0,@@@NO@@@,0,0)','',2,'2013-10-08'),(74976,'DELETE FROM mae_impuestos_productos WHERE pro_codigo_plu=@@@780721915@@@','',2,'2013-10-08'),(74977,'INSERT INTO gne_vale_ferreteria (vfe_id,vfe_fecha,vfe_total,vfe_estado,vfe_entregado,usu_nusuario) VALUES (13210,@@@2013.10.08@@@,3780,1,0,@@@b_SAEZ@@@)','',2,'2013-10-08'),(74978,'INSERT INTO gne_vale_ferreteria_mov (vfe_id,pro_codigo_plu,vfm_cantidad,vfm_unitario,vfm_total,vfm_entregado) VALUES (13210,102075,1,1890,1890,@@@NO@@@)','',2,'2013-10-08'),(74979,'INSERT INTO gne_vale_ferreteria_mov (vfe_id,pro_codigo_plu,vfm_cantidad,vfm_unitario,vfm_total,vfm_entregado) VALUES (13210,101680,1,1890,1890,@@@NO@@@)','',2,'2013-10-08'),(74980,'INSERT INTO mae_productos (pro_codigo_plu,pro_codigo_barra,pro_tipo,pro_nombre_producto,pro_nombre_corto,med_id,emb_id,pro_unidades_embalaje,dep_id,lin_id,mar_id,pro_precio_compra_neto,pro_precio_compra_bruto,pro_precio_venta,pro_margen_actual,pro_oferta,pro_fecha_inicio_oferta,pro_fecha_termino_oferta,pro_precio_oferta,pro_stock_minimo,pro_stock_critico,pro_entradas_bodega,pro_salidas_bodega,pro_mermas_bodega,pro_ajustes_bodega,pro_entradas_sv,pro_salidas_sv,pro_mermas_sv,pro_ajustes_sv,pro_activo,rec_numero,pro_unidad,pro_capacidad,pro_consumo_bodega,pro_consumo_sv,pro_estado,pro_funcion_plu,pro_flejes,pro_iva,pro_plu_asociado,pro_envase,pro_duracion,pro_numero_etiqueta) VALUES (780721916,@@@7802408000483@@@,@@@0@@@,@@@HELADO MORA CREMA FRUNA@@@,@@@HELADO MORA CREM@@@,@@@1 @@@,@@@4 @@@,@@@1@@@,@@@20 @@@,@@@109@@@,@@@2508@@@,@@@0@@@,@@@92@@@,@@@1@@@,@@@-98.91@@@,@@@@@@,@@@2006.09.07@@@,@@@2006.09.07@@@,@@@0@@@,@@@40@@@,@@@20@@@,@@@0@@@,@@@0@@@,@@@0@@@,@@@0@@@,@@@0@@@,@@@0@@@,@@@0@@@,@@@0@@@,@@@1@@@,@@@0@@@,0,1,0,0,2,0,1,1,0,@@@NO@@@,0,0)','',2,'2013-10-08'),(74981,'DELETE FROM mae_impuestos_productos WHERE pro_codigo_plu=@@@780721916@@@','',2,'2013-10-08'),(74982,'INSERT INTO mae_productos (pro_codigo_plu,pro_codigo_barra,pro_tipo,pro_nombre_producto,pro_nombre_corto,med_id,emb_id,pro_unidades_embalaje,dep_id,lin_id,mar_id,pro_precio_compra_neto,pro_precio_compra_bruto,pro_precio_venta,pro_margen_actual,pro_oferta,pro_fecha_inicio_oferta,pro_fecha_termino_oferta,pro_precio_oferta,pro_stock_minimo,pro_stock_critico,pro_entradas_bodega,pro_salidas_bodega,pro_mermas_bodega,pro_ajustes_bodega,pro_entradas_sv,pro_salidas_sv,pro_mermas_sv,pro_ajustes_sv,pro_activo,rec_numero,pro_unidad,pro_capacidad,pro_consumo_bodega,pro_consumo_sv,pro_estado,pro_funcion_plu,pro_flejes,pro_iva,pro_plu_asociado,pro_envase,pro_duracion,pro_numero_etiqueta) VALUES (780721917,@@@7802408000605@@@,@@@0@@@,@@@HELADO CROCANTE FRUNA@@@,@@@HELADO CROCANTE @@@,@@@1 @@@,@@@4 @@@,@@@1@@@,@@@20 @@@,@@@109@@@,@@@2508@@@,@@@0@@@,@@@92@@@,@@@1@@@,@@@-98.91@@@,@@@@@@,@@@2006.09.07@@@,@@@2006.09.07@@@,@@@0@@@,@@@40@@@,@@@20@@@,@@@0@@@,@@@0@@@,@@@0@@@,@@@0@@@,@@@0@@@,@@@0@@@,@@@0@@@,@@@0@@@,@@@1@@@,@@@0@@@,0,1,0,0,2,0,1,1,0,@@@NO@@@,0,0)','',2,'2013-10-08'),(74983,'DELETE FROM mae_impuestos_productos WHERE pro_codigo_plu=@@@780721917@@@','',2,'2013-10-08'),(74984,'INSERT INTO gne_vale_ferreteria (vfe_id,vfe_fecha,vfe_total,vfe_estado,vfe_entregado,usu_nusuario) VALUES (13211,@@@2013.10.08@@@,3680,1,0,@@@b_SAEZ@@@)','',2,'2013-10-08'),(74985,'INSERT INTO gne_vale_ferreteria_mov (vfe_id,pro_codigo_plu,vfm_cantidad,vfm_unitario,vfm_total,vfm_entregado) VALUES (13211,20521,1,2190,2190,@@@NO@@@)','',2,'2013-10-08'),(74986,'INSERT INTO gne_vale_ferreteria_mov (vfe_id,pro_codigo_plu,vfm_cantidad,vfm_unitario,vfm_total,vfm_entregado) VALUES (13211,763666,1,1490,1490,@@@NO@@@)','',2,'2013-10-08'),(74987,'INSERT INTO gne_vale_ferreteria (vfe_id,vfe_fecha,vfe_total,vfe_estado,vfe_entregado,usu_nusuario) VALUES (13212,@@@2013.10.08@@@,1730,1,0,@@@b_SAEZ@@@)','',2,'2013-10-08'),(74988,'INSERT INTO gne_vale_ferreteria_mov (vfe_id,pro_codigo_plu,vfm_cantidad,vfm_unitario,vfm_total,vfm_entregado) VALUES (13212,764764,1,650,650,@@@NO@@@)','',2,'2013-10-08'),(74989,'INSERT INTO gne_vale_ferreteria_mov (vfe_id,pro_codigo_plu,vfm_cantidad,vfm_unitario,vfm_total,vfm_entregado) VALUES (13212,78017002,9,120,1080,@@@NO@@@)','',2,'2013-10-08'),(74990,'UPDATE mae_productos SET pro_precio_compra_bruto=45,pro_margen_actual=(pro_precio_venta-45)/45 * 100,pro_ultima_compra=@@@2013.10.08@@@,pro_ultimo_proveedor=@@@84156500-2@@@ WHERE pro_codigo_plu=780721705','',2,'2013-10-08'),(74991,'UPDATE mae_productos SET pro_precio_compra_bruto=45,pro_margen_actual=(pro_precio_venta-45)/45 * 100,pro_ultima_compra=@@@2013.10.08@@@,pro_ultimo_proveedor=@@@84156500-2@@@ WHERE pro_codigo_plu=780721914','',2,'2013-10-08'),(74992,'UPDATE mae_productos SET pro_precio_compra_bruto=63,pro_margen_actual=(pro_precio_venta-63)/63 * 100,pro_ultima_compra=@@@2013.10.08@@@,pro_ultimo_proveedor=@@@84156500-2@@@ WHERE pro_codigo_plu=780721889','',2,'2013-10-08'),(74993,'UPDATE mae_productos SET pro_precio_compra_bruto=63,pro_margen_actual=(pro_precio_venta-63)/63 * 100,pro_ultima_compra=@@@2013.10.08@@@,pro_ultimo_proveedor=@@@84156500-2@@@ WHERE pro_codigo_plu=780721890','',2,'2013-10-08'),(74994,'UPDATE mae_productos SET pro_precio_compra_bruto=49,pro_margen_actual=(pro_precio_venta-49)/49 * 100,pro_ultima_compra=@@@2013.10.08@@@,pro_ultimo_proveedor=@@@84156500-2@@@ WHERE pro_codigo_plu=780721892','',2,'2013-10-08'),(74995,'UPDATE mae_productos SET pro_precio_compra_bruto=49,pro_margen_actual=(pro_precio_venta-49)/49 * 100,pro_ultima_compra=@@@2013.10.08@@@,pro_ultimo_proveedor=@@@84156500-2@@@ WHERE pro_codigo_plu=780721888','',2,'2013-10-08'),(74996,'UPDATE mae_productos SET pro_precio_compra_bruto=92,pro_margen_actual=(pro_precio_venta-92)/92 * 100,pro_ultima_compra=@@@2013.10.08@@@,pro_ultimo_proveedor=@@@84156500-2@@@ WHERE pro_codigo_plu=780721915','',2,'2013-10-08'),(74997,'UPDATE mae_productos SET pro_precio_compra_bruto=151,pro_margen_actual=(pro_precio_venta-151)/151 * 100,pro_ultima_compra=@@@2013.10.08@@@,pro_ultimo_proveedor=@@@84156500-2@@@ WHERE pro_codigo_plu=780721880','',2,'2013-10-08'),(74998,'UPDATE mae_productos SET pro_precio_compra_bruto=151,pro_margen_actual=(pro_precio_venta-151)/151 * 100,pro_ultima_compra=@@@2013.10.08@@@,pro_ultimo_proveedor=@@@84156500-2@@@ WHERE pro_codigo_plu=780721824','',2,'2013-10-08'),(74999,'UPDATE mae_productos SET pro_precio_compra_bruto=92,pro_margen_actual=(pro_precio_venta-92)/92 * 100,pro_ultima_compra=@@@2013.10.08@@@,pro_ultimo_proveedor=@@@84156500-2@@@ WHERE pro_codigo_plu=780721916','',2,'2013-10-08'),(75000,'UPDATE mae_productos SET pro_precio_compra_bruto=92,pro_margen_actual=(pro_precio_venta-92)/92 * 100,pro_ultima_compra=@@@2013.10.08@@@,pro_ultimo_proveedor=@@@84156500-2@@@ WHERE pro_codigo_plu=780721894','',2,'2013-10-08'),(75001,'UPDATE mae_productos SET pro_precio_compra_bruto=45,pro_margen_actual=(pro_precio_venta-45)/45 * 100,pro_ultima_compra=@@@2013.10.08@@@,pro_ultimo_proveedor=@@@84156500-2@@@ WHERE pro_codigo_plu=780721895','',2,'2013-10-08'),(75002,'UPDATE mae_productos SET pro_precio_compra_bruto=1566,pro_margen_actual=(pro_precio_venta-1566)/1566 * 100,pro_ultima_compra=@@@2013.10.08@@@,pro_ultimo_proveedor=@@@84156500-2@@@ WHERE pro_codigo_plu=763560','',2,'2013-10-08'),(75003,'UPDATE mae_productos SET pro_precio_compra_bruto=1134,pro_margen_actual=(pro_precio_venta-1134)/1134 * 100,pro_ultima_compra=@@@2013.10.08@@@,pro_ultimo_proveedor=@@@84156500-2@@@ WHERE pro_codigo_plu=780721862','',2,'2013-10-08'),(75004,'UPDATE mae_productos SET pro_precio_compra_bruto=151,pro_margen_actual=(pro_precio_venta-151)/151 * 100,pro_ultima_compra=@@@2013.10.08@@@,pro_ultimo_proveedor=@@@84156500-2@@@ WHERE pro_codigo_plu=780721882','',2,'2013-10-08'),(75005,'UPDATE mae_productos SET pro_precio_compra_bruto=92,pro_margen_actual=(pro_precio_venta-92)/92 * 100,pro_ultima_compra=@@@2013.10.08@@@,pro_ultimo_proveedor=@@@84156500-2@@@ WHERE pro_codigo_plu=780721917','',2,'2013-10-08'),(75006,'INSERT INTO gne_vale_ferreteria (vfe_id,vfe_fecha,vfe_total,vfe_estado,vfe_entregado,usu_nusuario) VALUES (13213,@@@2013.10.08@@@,240,1,0,@@@b_SAEZ@@@)','',2,'2013-10-08'),(75007,'INSERT INTO gne_vale_ferreteria_mov (vfe_id,pro_codigo_plu,vfm_cantidad,vfm_unitario,vfm_total,vfm_entregado) VALUES (13213,8022,2,120,240,@@@NO@@@)','',2,'2013-10-08'),(75008,'UPDATE mae_productos SET pro_precio_compra_bruto=1000,pro_margen_actual=(pro_precio_venta-1000)/1000 * 100,pro_ultima_compra=@@@2013.10.08@@@,pro_ultimo_proveedor=@@@76717550-7@@@ WHERE pro_codigo_plu=383','',2,'2013-10-08'),(75009,'UPDATE mae_productos SET pro_precio_compra_bruto=87.222,pro_margen_actual=(pro_precio_venta-87.222)/87.222 * 100,pro_ultima_compra=@@@2013.10.08@@@,pro_ultimo_proveedor=@@@76027786-k@@@ WHERE pro_codigo_plu=1012','',2,'2013-10-08'),(75010,'UPDATE mae_productos SET pro_precio_compra_bruto=87.22,pro_margen_actual=(pro_precio_venta-87.22)/87.22 * 100,pro_ultima_compra=@@@2013.10.08@@@,pro_ultimo_proveedor=@@@76027786-k@@@ WHERE pro_codigo_plu=1011','',2,'2013-10-08'),(75011,'INSERT INTO gne_vale_ferreteria (vfe_id,vfe_fecha,vfe_total,vfe_estado,vfe_entregado,usu_nusuario) VALUES (13214,@@@2013.10.08@@@,1890,1,0,@@@b_SAEZ@@@)','',2,'2013-10-08'),(75012,'INSERT INTO gne_vale_ferreteria_mov (vfe_id,pro_codigo_plu,vfm_cantidad,vfm_unitario,vfm_total,vfm_entregado) VALUES (13214,7500879,1,1890,1890,@@@NO@@@)','',2,'2013-10-08'),(75013,'INSERT INTO gne_vale_ferreteria (vfe_id,vfe_fecha,vfe_total,vfe_estado,vfe_entregado,usu_nusuario) VALUES (13215,@@@2013.10.08@@@,2780,1,0,@@@b_SAEZ@@@)','',2,'2013-10-08'),(75014,'INSERT INTO gne_vale_ferreteria_mov (vfe_id,pro_codigo_plu,vfm_cantidad,vfm_unitario,vfm_total,vfm_entregado) VALUES (13215,780721827,2,1390,2780,@@@NO@@@)','',2,'2013-10-08'),(75015,'INSERT INTO gne_vale_ferreteria (vfe_id,vfe_fecha,vfe_total,vfe_estado,vfe_entregado,usu_nusuario) VALUES (13216,@@@2013.10.08@@@,250,1,0,@@@G_DIAZ@@@)','',2,'2013-10-08'),(75016,'INSERT INTO gne_vale_ferreteria_mov (vfe_id,pro_codigo_plu,vfm_cantidad,vfm_unitario,vfm_total,vfm_entregado) VALUES (13216,780721186,1,250,250,@@@NO@@@)','',2,'2013-10-08'),(75017,'INSERT INTO gne_vale_ferreteria (vfe_id,vfe_fecha,vfe_total,vfe_estado,vfe_entregado,usu_nusuario) VALUES (13217,@@@2013.10.08@@@,490,1,0,@@@G_DIAZ@@@)','',2,'2013-10-08'),(75018,'INSERT INTO gne_vale_ferreteria_mov (vfe_id,pro_codigo_plu,vfm_cantidad,vfm_unitario,vfm_total,vfm_entregado) VALUES (13217,8021,1,150,150,@@@NO@@@)','',2,'2013-10-08'),(75019,'INSERT INTO gne_vale_ferreteria_mov (vfe_id,pro_codigo_plu,vfm_cantidad,vfm_unitario,vfm_total,vfm_entregado) VALUES (13217,4129,1,50,50,@@@NO@@@)','',2,'2013-10-08'),(75020,'INSERT INTO gne_vale_ferreteria_mov (vfe_id,pro_codigo_plu,vfm_cantidad,vfm_unitario,vfm_total,vfm_entregado) VALUES (13217,78017151,1,290,290,@@@NO@@@)','',2,'2013-10-08'),(75021,'INSERT INTO gne_vale_ferreteria (vfe_id,vfe_fecha,vfe_total,vfe_estado,vfe_entregado,usu_nusuario) VALUES (13218,@@@2013.10.08@@@,250,1,0,@@@G_DIAZ@@@)','',2,'2013-10-08'),(75022,'INSERT INTO gne_vale_ferreteria_mov (vfe_id,pro_codigo_plu,vfm_cantidad,vfm_unitario,vfm_total,vfm_entregado) VALUES (13218,78017105,1,250,250,@@@NO@@@)','',2,'2013-10-08'),(75023,'UPDATE mae_productos SET pro_precio_venta=150,pro_margen_actual= 63.04 WHERE pro_codigo_plu=780721916','',2,'2013-10-08'),(75024,'UPDATE mae_productos SET pro_precio_venta=150,pro_margen_actual= 233.33 WHERE pro_codigo_plu=780721914','',2,'2013-10-08'),(75025,'UPDATE mae_productos SET pro_precio_venta=200,pro_margen_actual= 117.39 WHERE pro_codigo_plu=780721917','',2,'2013-10-08'),(75026,'UPDATE mae_productos SET pro_precio_venta=200,pro_margen_actual= 117.39 WHERE pro_codigo_plu=780721915','',2,'2013-10-08'),(75027,'UPDATE mae_productos SET pro_precio_venta=199,pro_margen_actual= 32.72 WHERE pro_codigo_plu=780721911','',2,'2013-10-08'),(75028,'UPDATE mae_productos SET pro_precio_venta=1100,pro_margen_actual= 35.94 WHERE pro_codigo_plu=16639','',2,'2013-10-08'),(75029,'UPDATE mae_productos SET pro_precio_venta=1100,pro_margen_actual= 35.94 WHERE pro_codigo_plu=16641','',2,'2013-10-08'),(75030,'INSERT INTO gne_vale_ferreteria (vfe_id,vfe_fecha,vfe_total,vfe_estado,vfe_entregado,usu_nusuario) VALUES (13219,@@@2013.10.08@@@,1300,1,0,@@@G_DIAZ@@@)','',2,'2013-10-08'),(75031,'INSERT INTO gne_vale_ferreteria_mov (vfe_id,pro_codigo_plu,vfm_cantidad,vfm_unitario,vfm_total,vfm_entregado) VALUES (13219,1454,1,720,720,@@@NO@@@)','',2,'2013-10-08'),(75032,'INSERT INTO gne_vale_ferreteria_mov (vfe_id,pro_codigo_plu,vfm_cantidad,vfm_unitario,vfm_total,vfm_entregado) VALUES (13219,1536,2,290,580,@@@NO@@@)','',2,'2013-10-08'),(75033,'INSERT INTO gne_vale_ferreteria (vfe_id,vfe_fecha,vfe_total,vfe_estado,vfe_entregado,usu_nusuario) VALUES (13220,@@@2013.10.08@@@,50,1,0,@@@G_DIAZ@@@)','',2,'2013-10-08'),(75034,'INSERT INTO gne_vale_ferreteria_mov (vfe_id,pro_codigo_plu,vfm_cantidad,vfm_unitario,vfm_total,vfm_entregado) VALUES (13220,780220123,1,50,50,@@@NO@@@)','',2,'2013-10-08'),(75035,'INSERT INTO gne_vale_ferreteria (vfe_id,vfe_fecha,vfe_total,vfe_estado,vfe_entregado,usu_nusuario) VALUES (13221,@@@2013.10.08@@@,1770,1,0,@@@G_DIAZ@@@)','',2,'2013-10-08'),(75036,'INSERT INTO gne_vale_ferreteria_mov (vfe_id,pro_codigo_plu,vfm_cantidad,vfm_unitario,vfm_total,vfm_entregado) VALUES (13221,763806,1,1050,1050,@@@NO@@@)','',2,'2013-10-08'),(75037,'INSERT INTO gne_vale_ferreteria_mov (vfe_id,pro_codigo_plu,vfm_cantidad,vfm_unitario,vfm_total,vfm_entregado) VALUES (13221,764766,3,120,360,@@@NO@@@)','',2,'2013-10-08'),(75038,'INSERT INTO gne_vale_ferreteria_mov (vfe_id,pro_codigo_plu,vfm_cantidad,vfm_unitario,vfm_total,vfm_entregado) VALUES (13221,78017007,3,120,360,@@@NO@@@)','',2,'2013-10-08'),(75039,'INSERT INTO gne_vale_ferreteria (vfe_id,vfe_fecha,vfe_total,vfe_estado,vfe_entregado,usu_nusuario) VALUES (13222,@@@2013.10.08@@@,1490,1,0,@@@G_DIAZ@@@)','',2,'2013-10-08'),(75040,'INSERT INTO gne_vale_ferreteria_mov (vfe_id,pro_codigo_plu,vfm_cantidad,vfm_unitario,vfm_total,vfm_entregado) VALUES (13222,780721549,1,1490,1490,@@@NO@@@)','',2,'2013-10-08'),(75041,'INSERT INTO gne_vale_ferreteria (vfe_id,vfe_fecha,vfe_total,vfe_estado,vfe_entregado,usu_nusuario) VALUES (13223,@@@2013.10.08@@@,1440,1,0,@@@G_DIAZ@@@)','',2,'2013-10-08'),(75042,'INSERT INTO gne_vale_ferreteria_mov (vfe_id,pro_codigo_plu,vfm_cantidad,vfm_unitario,vfm_total,vfm_entregado) VALUES (13223,770035,4,150,600,@@@NO@@@)','',2,'2013-10-08'),(75043,'INSERT INTO gne_vale_ferreteria_mov (vfe_id,pro_codigo_plu,vfm_cantidad,vfm_unitario,vfm_total,vfm_entregado) VALUES (13223,764269,2,420,840,@@@NO@@@)','',2,'2013-10-08'),(75044,'INSERT INTO gne_vale_ferreteria (vfe_id,vfe_fecha,vfe_total,vfe_estado,vfe_entregado,usu_nusuario) VALUES (13224,@@@2013.10.08@@@,1590,1,0,@@@G_DIAZ@@@)','',2,'2013-10-08'),(75045,'INSERT INTO gne_vale_ferreteria_mov (vfe_id,pro_codigo_plu,vfm_cantidad,vfm_unitario,vfm_total,vfm_entregado) VALUES (13224,101677,3,530,1590,@@@NO@@@)','',2,'2013-10-08'),(75046,'INSERT INTO gne_vale_ferreteria (vfe_id,vfe_fecha,vfe_total,vfe_estado,vfe_entregado,usu_nusuario) VALUES (13225,@@@2013.10.08@@@,490,1,0,@@@G_DIAZ@@@)','',2,'2013-10-08'),(75047,'INSERT INTO gne_vale_ferreteria_mov (vfe_id,pro_codigo_plu,vfm_cantidad,vfm_unitario,vfm_total,vfm_entregado) VALUES (13225,2006,1,490,490,@@@NO@@@)','',2,'2013-10-08'),(75048,'INSERT INTO gne_vale_ferreteria (vfe_id,vfe_fecha,vfe_total,vfe_estado,vfe_entregado,usu_nusuario) VALUES (13226,@@@2013.10.08@@@,2200,1,0,@@@G_DIAZ@@@)','',2,'2013-10-08'),(75049,'INSERT INTO gne_vale_ferreteria_mov (vfe_id,pro_codigo_plu,vfm_cantidad,vfm_unitario,vfm_total,vfm_entregado) VALUES (13226,78017155,1,450,450,@@@NO@@@)','',2,'2013-10-08'),(75050,'INSERT INTO gne_vale_ferreteria_mov (vfe_id,pro_codigo_plu,vfm_cantidad,vfm_unitario,vfm_total,vfm_entregado) VALUES (13226,761650,1,1750,1750,@@@NO@@@)','',2,'2013-10-08'),(75051,'INSERT INTO gne_vale_ferreteria (vfe_id,vfe_fecha,vfe_total,vfe_estado,vfe_entregado,usu_nusuario) VALUES (13227,@@@2013.10.08@@@,1490,1,0,@@@G_DIAZ@@@)','',2,'2013-10-08'),(75052,'INSERT INTO gne_vale_ferreteria_mov (vfe_id,pro_codigo_plu,vfm_cantidad,vfm_unitario,vfm_total,vfm_entregado) VALUES (13227,10426,1,1490,1490,@@@NO@@@)','',2,'2013-10-08'),(75053,'INSERT INTO gne_vale_ferreteria (vfe_id,vfe_fecha,vfe_total,vfe_estado,vfe_entregado,usu_nusuario) VALUES (13228,@@@2013.10.08@@@,2820,1,0,@@@G_DIAZ@@@)','',2,'2013-10-08'),(75054,'INSERT INTO gne_vale_ferreteria_mov (vfe_id,pro_codigo_plu,vfm_cantidad,vfm_unitario,vfm_total,vfm_entregado) VALUES (13228,78016984,1,1890,1890,@@@NO@@@)','',2,'2013-10-08'),(75055,'INSERT INTO gne_vale_ferreteria_mov (vfe_id,pro_codigo_plu,vfm_cantidad,vfm_unitario,vfm_total,vfm_entregado) VALUES (13228,11670,1,930,930,@@@NO@@@)','',2,'2013-10-08'),(75056,'INSERT INTO gne_vale_ferreteria (vfe_id,vfe_fecha,vfe_total,vfe_estado,vfe_entregado,usu_nusuario) VALUES (13229,@@@2013.10.08@@@,200,1,0,@@@G_DIAZ@@@)','',2,'2013-10-08'),(75057,'INSERT INTO gne_vale_ferreteria_mov (vfe_id,pro_codigo_plu,vfm_cantidad,vfm_unitario,vfm_total,vfm_entregado) VALUES (13229,770003,20,10,200,@@@NO@@@)','',2,'2013-10-08'),(75058,'INSERT INTO gne_vale_ferreteria (vfe_id,vfe_fecha,vfe_total,vfe_estado,vfe_entregado,usu_nusuario) VALUES (13230,@@@2013.10.08@@@,200,1,0,@@@G_DIAZ@@@)','',2,'2013-10-08'),(75059,'INSERT INTO gne_vale_ferreteria_mov (vfe_id,pro_codigo_plu,vfm_cantidad,vfm_unitario,vfm_total,vfm_entregado) VALUES (13230,765072,1,200,200,@@@NO@@@)','',2,'2013-10-08'),(75060,'INSERT INTO gne_vale_ferreteria (vfe_id,vfe_fecha,vfe_total,vfe_estado,vfe_entregado,usu_nusuario) VALUES (13231,@@@2013.10.08@@@,200,1,0,@@@G_DIAZ@@@)','',2,'2013-10-08'),(75061,'INSERT INTO gne_vale_ferreteria_mov (vfe_id,pro_codigo_plu,vfm_cantidad,vfm_unitario,vfm_total,vfm_entregado) VALUES (13231,7051,2,100,200,@@@NO@@@)','',2,'2013-10-08'),(75062,'INSERT INTO gne_vale_ferreteria (vfe_id,vfe_fecha,vfe_total,vfe_estado,vfe_entregado,usu_nusuario) VALUES (13232,@@@2013.10.08@@@,150,1,0,@@@G_DIAZ@@@)','',2,'2013-10-08'),(75063,'INSERT INTO gne_vale_ferreteria_mov (vfe_id,pro_codigo_plu,vfm_cantidad,vfm_unitario,vfm_total,vfm_entregado) VALUES (13232,770035,1,150,150,@@@NO@@@)','',2,'2013-10-08'),(75064,'INSERT INTO gne_vale_ferreteria (vfe_id,vfe_fecha,vfe_total,vfe_estado,vfe_entregado,usu_nusuario) VALUES (13233,@@@2013.10.08@@@,390,1,0,@@@G_DIAZ@@@)','',2,'2013-10-08'),(75065,'INSERT INTO gne_vale_ferreteria_mov (vfe_id,pro_codigo_plu,vfm_cantidad,vfm_unitario,vfm_total,vfm_entregado) VALUES (13233,780721420,1,390,390,@@@NO@@@)','',2,'2013-10-08'),(75066,'UPDATE mae_productos SET pro_margen_actual=32.72,pro_precio_venta=199 WHERE pro_codigo_plu=780721911','',2,'2013-10-08'),(75067,'UPDATE mae_productos SET pro_margen_actual=117.39,pro_precio_venta=200 WHERE pro_codigo_plu=780721915','',2,'2013-10-08'),(75068,'UPDATE mae_productos SET pro_margen_actual=117.39,pro_precio_venta=200 WHERE pro_codigo_plu=780721917','',2,'2013-10-08'),(75069,'UPDATE mae_productos SET pro_margen_actual=63.04,pro_precio_venta=150 WHERE pro_codigo_plu=780721916','',2,'2013-10-08'),(75070,'UPDATE mae_productos SET pro_margen_actual=233.33,pro_precio_venta=150 WHERE pro_codigo_plu=780721914','',2,'2013-10-08'),(75071,'UPDATE mae_productos SET pro_margen_actual=35.94,pro_precio_venta=1100 WHERE pro_codigo_plu=16641','',2,'2013-10-08'),(75072,'UPDATE mae_productos SET pro_margen_actual=35.94,pro_precio_venta=1100 WHERE pro_codigo_plu=16639','',2,'2013-10-08'),(75073,'UPDATE mae_productos SET pro_precio_fiscal=pro_precio_venta WHERE pro_codigo_plu=780721911','',2,'2013-10-08'),(75074,'UPDATE mae_productos SET pro_precio_fiscal=pro_precio_venta WHERE pro_codigo_plu=780721916','',2,'2013-10-08'),(75075,'UPDATE mae_productos SET pro_precio_fiscal=pro_precio_venta WHERE pro_codigo_plu=780721914','',2,'2013-10-08'),(75076,'UPDATE mae_productos SET pro_precio_fiscal=pro_precio_venta WHERE pro_codigo_plu=780721917','',2,'2013-10-08'),(75077,'UPDATE mae_productos SET pro_precio_fiscal=pro_precio_venta WHERE pro_codigo_plu=780721915','',2,'2013-10-08'),(75078,'UPDATE mae_productos SET pro_precio_fiscal=pro_precio_venta WHERE pro_codigo_plu=16639','',2,'2013-10-08'),(75079,'UPDATE mae_productos SET pro_precio_fiscal=pro_precio_venta WHERE pro_codigo_plu=16641','',2,'2013-10-08'),(75080,'INSERT INTO gne_vale_ferreteria (vfe_id,vfe_fecha,vfe_total,vfe_estado,vfe_entregado,usu_nusuario) VALUES (13234,@@@2013.10.08@@@,720,1,0,@@@G_DIAZ@@@)','',2,'2013-10-08'),(75081,'INSERT INTO gne_vale_ferreteria_mov (vfe_id,pro_codigo_plu,vfm_cantidad,vfm_unitario,vfm_total,vfm_entregado) VALUES (13234,764507,1,330,330,@@@NO@@@)','',2,'2013-10-08'),(75082,'INSERT INTO gne_vale_ferreteria_mov (vfe_id,pro_codigo_plu,vfm_cantidad,vfm_unitario,vfm_total,vfm_entregado) VALUES (13234,78016971,1,390,390,@@@NO@@@)','',2,'2013-10-08'),(75083,'INSERT INTO mae_productos (pro_codigo_plu,pro_codigo_barra,pro_tipo,pro_nombre_producto,pro_nombre_corto,med_id,emb_id,pro_unidades_embalaje,dep_id,lin_id,mar_id,pro_precio_compra_neto,pro_precio_compra_bruto,pro_precio_venta,pro_margen_actual,pro_oferta,pro_fecha_inicio_oferta,pro_fecha_termino_oferta,pro_precio_oferta,pro_stock_minimo,pro_stock_critico,pro_entradas_bodega,pro_salidas_bodega,pro_mermas_bodega,pro_ajustes_bodega,pro_entradas_sv,pro_salidas_sv,pro_mermas_sv,pro_ajustes_sv,pro_activo,rec_numero,pro_unidad,pro_capacidad,pro_consumo_bodega,pro_consumo_sv,pro_estado,pro_funcion_plu,pro_flejes,pro_iva,pro_plu_asociado,pro_envase,pro_duracion,pro_numero_etiqueta) VALUES (1000,@@@1000@@@,@@@0@@@,@@@LEVADURA SECA@@@,@@@LEVADURA SECA@@@,@@@2 @@@,@@@4 @@@,@@@1@@@,@@@1 @@@,@@@23@@@,@@@2507@@@,@@@0@@@,@@@1@@@,@@@3190@@@,@@@318900@@@,@@@@@@,@@@2013.10.08@@@,@@@2013.10.08@@@,@@@0@@@,@@@2@@@,@@@1@@@,@@@0@@@,@@@0@@@,@@@0@@@,@@@0@@@,@@@0@@@,@@@0@@@,@@@0@@@,@@@0@@@,@@@1@@@,@@@0@@@,0,1,0,0,2,0,1,1,0,@@@NO@@@,0,0)','',2,'2013-10-08'),(75084,'DELETE FROM mae_impuestos_productos WHERE pro_codigo_plu=@@@1000@@@','',2,'2013-10-08'),(75085,'UPDATE mae_productos SET pro_margen_actual=318900,pro_precio_venta=3190 WHERE pro_codigo_plu=1000','',2,'2013-10-08'),(75086,'UPDATE mae_productos SET pro_precio_fiscal=pro_precio_venta WHERE pro_codigo_plu=1000','',2,'2013-10-08'),(75087,'INSERT INTO gne_vale_ferreteria (vfe_id,vfe_fecha,vfe_total,vfe_estado,vfe_entregado,usu_nusuario) VALUES (13235,@@@2013.10.08@@@,250,1,0,@@@G_DIAZ@@@)','',2,'2013-10-08'),(75088,'INSERT INTO gne_vale_ferreteria_mov (vfe_id,pro_codigo_plu,vfm_cantidad,vfm_unitario,vfm_total,vfm_entregado) VALUES (13235,764583,1,250,250,@@@NO@@@)','',2,'2013-10-08'),(75089,'INSERT INTO gne_vale_ferreteria (vfe_id,vfe_fecha,vfe_total,vfe_estado,vfe_entregado,usu_nusuario) VALUES (13236,@@@2013.10.08@@@,390,1,0,@@@G_DIAZ@@@)','',2,'2013-10-08'),(75090,'INSERT INTO gne_vale_ferreteria_mov (vfe_id,pro_codigo_plu,vfm_cantidad,vfm_unitario,vfm_total,vfm_entregado) VALUES (13236,78016969,1,390,390,@@@NO@@@)','',2,'2013-10-08'),(75091,'INSERT INTO gne_vale_ferreteria (vfe_id,vfe_fecha,vfe_total,vfe_estado,vfe_entregado,usu_nusuario) VALUES (13237,@@@2013.10.08@@@,460,1,0,@@@G_DIAZ@@@)','',2,'2013-10-08'),(75092,'INSERT INTO gne_vale_ferreteria_mov (vfe_id,pro_codigo_plu,vfm_cantidad,vfm_unitario,vfm_total,vfm_entregado) VALUES (13237,12083,1,260,260,@@@NO@@@)','',2,'2013-10-08'),(75093,'INSERT INTO gne_vale_ferreteria_mov (vfe_id,pro_codigo_plu,vfm_cantidad,vfm_unitario,vfm_total,vfm_entregado) VALUES (13237,1040,1,200,200,@@@NO@@@)','',2,'2013-10-08'),(75094,'INSERT INTO gne_vale_ferreteria (vfe_id,vfe_fecha,vfe_total,vfe_estado,vfe_entregado,usu_nusuario) VALUES (13238,@@@2013.10.08@@@,2200,1,0,@@@G_DIAZ@@@)','',2,'2013-10-08'),(75095,'INSERT INTO gne_vale_ferreteria_mov (vfe_id,pro_codigo_plu,vfm_cantidad,vfm_unitario,vfm_total,vfm_entregado) VALUES (13238,15949,4,550,2200,@@@NO@@@)','',2,'2013-10-08'),(75096,'INSERT INTO gne_vale_ferreteria (vfe_id,vfe_fecha,vfe_total,vfe_estado,vfe_entregado,usu_nusuario) VALUES (13239,@@@2013.10.08@@@,1890,1,0,@@@G_DIAZ@@@)','',2,'2013-10-08'),(75097,'INSERT INTO gne_vale_ferreteria_mov (vfe_id,pro_codigo_plu,vfm_cantidad,vfm_unitario,vfm_total,vfm_entregado) VALUES (13239,763606,1,1890,1890,@@@NO@@@)','',2,'2013-10-08'),(75098,'UPDATE mae_productos SET pro_precio_venta=2199,pro_margen_actual= 5.62 WHERE pro_codigo_plu=21198','',2,'2013-10-08'),(75099,'INSERT INTO gne_vale_ferreteria (vfe_id,vfe_fecha,vfe_total,vfe_estado,vfe_entregado,usu_nusuario) VALUES (13240,@@@2013.10.08@@@,280,1,0,@@@G_DIAZ@@@)','',2,'2013-10-08'),(75100,'INSERT INTO gne_vale_ferreteria_mov (vfe_id,pro_codigo_plu,vfm_cantidad,vfm_unitario,vfm_total,vfm_entregado) VALUES (13240,765064,1,280,280,@@@NO@@@)','',2,'2013-10-08'),(75101,'INSERT INTO gne_vale_ferreteria (vfe_id,vfe_fecha,vfe_total,vfe_estado,vfe_entregado,usu_nusuario) VALUES (13241,@@@2013.10.08@@@,1190,1,0,@@@G_DIAZ@@@)','',2,'2013-10-08'),(75102,'INSERT INTO gne_vale_ferreteria_mov (vfe_id,pro_codigo_plu,vfm_cantidad,vfm_unitario,vfm_total,vfm_entregado) VALUES (13241,764761,1,490,490,@@@NO@@@)','',2,'2013-10-08'),(75103,'INSERT INTO gne_vale_ferreteria_mov (vfe_id,pro_codigo_plu,vfm_cantidad,vfm_unitario,vfm_total,vfm_entregado) VALUES (13241,770076,1,250,250,@@@NO@@@)','',2,'2013-10-08'),(75104,'INSERT INTO gne_vale_ferreteria_mov (vfe_id,pro_codigo_plu,vfm_cantidad,vfm_unitario,vfm_total,vfm_entregado) VALUES (13241,764502,1,450,450,@@@NO@@@)','',2,'2013-10-08'),(75105,'UPDATE mae_productos SET pro_margen_actual=5.62,pro_precio_venta=2200 WHERE pro_codigo_plu=21198','',2,'2013-10-08'),(75106,'UPDATE mae_productos SET pro_margen_actual=0,pro_precio_venta=3990 WHERE pro_codigo_plu=506','',2,'2013-10-08'),(75107,'UPDATE mae_productos SET pro_precio_fiscal=pro_precio_venta WHERE pro_codigo_plu=506','',2,'2013-10-08'),(75108,'INSERT INTO gne_vale_ferreteria (vfe_id,vfe_fecha,vfe_total,vfe_estado,vfe_entregado,usu_nusuario) VALUES (13242,@@@2013.10.08@@@,500,1,0,@@@G_DIAZ@@@)','',2,'2013-10-08'),(75109,'INSERT INTO gne_vale_ferreteria_mov (vfe_id,pro_codigo_plu,vfm_cantidad,vfm_unitario,vfm_total,vfm_entregado) VALUES (13242,7051,5,100,500,@@@NO@@@)','',2,'2013-10-08'),(75110,'INSERT INTO gne_vale_ferreteria (vfe_id,vfe_fecha,vfe_total,vfe_estado,vfe_entregado,usu_nusuario) VALUES (13243,@@@2013.10.08@@@,120,1,0,@@@G_DIAZ@@@)','',2,'2013-10-08'),(75111,'INSERT INTO gne_vale_ferreteria_mov (vfe_id,pro_codigo_plu,vfm_cantidad,vfm_unitario,vfm_total,vfm_entregado) VALUES (13243,770033,3,40,120,@@@NO@@@)','',2,'2013-10-08'),(75112,'INSERT INTO gne_vale_ferreteria (vfe_id,vfe_fecha,vfe_total,vfe_estado,vfe_entregado,usu_nusuario) VALUES (13244,@@@2013.10.08@@@,650,1,0,@@@G_DIAZ@@@)','',2,'2013-10-08'),(75113,'INSERT INTO gne_vale_ferreteria_mov (vfe_id,pro_codigo_plu,vfm_cantidad,vfm_unitario,vfm_total,vfm_entregado) VALUES (13244,763582,1,650,650,@@@NO@@@)','',2,'2013-10-08'),(75114,'INSERT INTO gne_vale_ferreteria (vfe_id,vfe_fecha,vfe_total,vfe_estado,vfe_entregado,usu_nusuario) VALUES (13245,@@@2013.10.08@@@,689,1,0,@@@G_DIAZ@@@)','',2,'2013-10-08'),(75115,'INSERT INTO gne_vale_ferreteria_mov (vfe_id,pro_codigo_plu,vfm_cantidad,vfm_unitario,vfm_total,vfm_entregado) VALUES (13245,780721727,1,120,120,@@@NO@@@)','',2,'2013-10-08'),(75116,'INSERT INTO gne_vale_ferreteria_mov (vfe_id,pro_codigo_plu,vfm_cantidad,vfm_unitario,vfm_total,vfm_entregado) VALUES (13245,780721788,1,170,170,@@@NO@@@)','',2,'2013-10-08'),(75117,'INSERT INTO gne_vale_ferreteria_mov (vfe_id,pro_codigo_plu,vfm_cantidad,vfm_unitario,vfm_total,vfm_entregado) VALUES (13245,780721388,1,399,399,@@@NO@@@)','',2,'2013-10-08'),(75118,'INSERT INTO gne_vale_ferreteria (vfe_id,vfe_fecha,vfe_total,vfe_estado,vfe_entregado,usu_nusuario) VALUES (13246,@@@2013.10.08@@@,2890,1,0,@@@G_DIAZ@@@)','',2,'2013-10-08'),(75119,'INSERT INTO gne_vale_ferreteria_mov (vfe_id,pro_codigo_plu,vfm_cantidad,vfm_unitario,vfm_total,vfm_entregado) VALUES (13246,14217,1,2890,2890,@@@NO@@@)','',2,'2013-10-08'),(75120,'INSERT INTO gne_vale_ferreteria (vfe_id,vfe_fecha,vfe_total,vfe_estado,vfe_entregado,usu_nusuario) VALUES (13247,@@@2013.10.08@@@,4140,1,0,@@@G_DIAZ@@@)','',2,'2013-10-08'),(75121,'INSERT INTO gne_vale_ferreteria_mov (vfe_id,pro_codigo_plu,vfm_cantidad,vfm_unitario,vfm_total,vfm_entregado) VALUES (13247,763621,1,2190,2190,@@@NO@@@)','',2,'2013-10-08'),(75122,'INSERT INTO gne_vale_ferreteria_mov (vfe_id,pro_codigo_plu,vfm_cantidad,vfm_unitario,vfm_total,vfm_entregado) VALUES (13247,8022,1,120,120,@@@NO@@@)','',2,'2013-10-08'),(75123,'INSERT INTO gne_vale_ferreteria_mov (vfe_id,pro_codigo_plu,vfm_cantidad,vfm_unitario,vfm_total,vfm_entregado) VALUES (13247,78017016,2,120,240,@@@NO@@@)','',2,'2013-10-08'),(75124,'INSERT INTO gne_vale_ferreteria_mov (vfe_id,pro_codigo_plu,vfm_cantidad,vfm_unitario,vfm_total,vfm_entregado) VALUES (13247,1070,5,250,1250,@@@NO@@@)','',2,'2013-10-08'),(75125,'INSERT INTO gne_vale_ferreteria_mov (vfe_id,pro_codigo_plu,vfm_cantidad,vfm_unitario,vfm_total,vfm_entregado) VALUES (13247,780721788,2,170,340,@@@NO@@@)','',2,'2013-10-08'),(75126,'INSERT INTO gne_vale_ferreteria (vfe_id,vfe_fecha,vfe_total,vfe_estado,vfe_entregado,usu_nusuario) VALUES (13248,@@@2013.10.08@@@,4250,1,0,@@@G_DIAZ@@@)','',2,'2013-10-08'),(75127,'INSERT INTO gne_vale_ferreteria_mov (vfe_id,pro_codigo_plu,vfm_cantidad,vfm_unitario,vfm_total,vfm_entregado) VALUES (13248,4100,1,3990,3990,@@@NO@@@)','',2,'2013-10-08'),(75128,'INSERT INTO gne_vale_ferreteria_mov (vfe_id,pro_codigo_plu,vfm_cantidad,vfm_unitario,vfm_total,vfm_entregado) VALUES (13248,15948,2,130,260,@@@NO@@@)','',2,'2013-10-08'),(75129,'INSERT INTO gne_vale_ferreteria (vfe_id,vfe_fecha,vfe_total,vfe_estado,vfe_entregado,usu_nusuario) VALUES (13249,@@@2013.10.08@@@,200,1,0,@@@G_DIAZ@@@)','',2,'2013-10-08'),(75130,'INSERT INTO gne_vale_ferreteria_mov (vfe_id,pro_codigo_plu,vfm_cantidad,vfm_unitario,vfm_total,vfm_entregado) VALUES (13249,101101,1,200,200,@@@NO@@@)','',2,'2013-10-08'),(75131,'INSERT INTO gne_vale_ferreteria (vfe_id,vfe_fecha,vfe_total,vfe_estado,vfe_entregado,usu_nusuario) VALUES (13250,@@@2013.10.08@@@,180,1,0,@@@G_DIAZ@@@)','',2,'2013-10-08'),(75132,'INSERT INTO gne_vale_ferreteria_mov (vfe_id,pro_codigo_plu,vfm_cantidad,vfm_unitario,vfm_total,vfm_entregado) VALUES (13250,780721421,6,30,180,@@@NO@@@)','',2,'2013-10-08'),(75133,'INSERT INTO gne_vale_ferreteria (vfe_id,vfe_fecha,vfe_total,vfe_estado,vfe_entregado,usu_nusuario) VALUES (13251,@@@2013.10.08@@@,430,1,0,@@@G_DIAZ@@@)','',2,'2013-10-08'),(75134,'INSERT INTO gne_vale_ferreteria_mov (vfe_id,pro_codigo_plu,vfm_cantidad,vfm_unitario,vfm_total,vfm_entregado) VALUES (13251,780721719,1,430,430,@@@NO@@@)','',2,'2013-10-08'),(75135,'INSERT INTO gne_vale_ferreteria (vfe_id,vfe_fecha,vfe_total,vfe_estado,vfe_entregado,usu_nusuario) VALUES (13252,@@@2013.10.08@@@,2490,1,0,@@@G_DIAZ@@@)','',2,'2013-10-08'),(75136,'INSERT INTO gne_vale_ferreteria_mov (vfe_id,pro_codigo_plu,vfm_cantidad,vfm_unitario,vfm_total,vfm_entregado) VALUES (13252,764877,1,2490,2490,@@@NO@@@)','',2,'2013-10-08'),(75137,'INSERT INTO gne_vale_ferreteria (vfe_id,vfe_fecha,vfe_total,vfe_estado,vfe_entregado,usu_nusuario) VALUES (13253,@@@2013.10.08@@@,1560,1,0,@@@G_DIAZ@@@)','',2,'2013-10-08'),(75138,'INSERT INTO gne_vale_ferreteria_mov (vfe_id,pro_codigo_plu,vfm_cantidad,vfm_unitario,vfm_total,vfm_entregado) VALUES (13253,780721291,3,390,1170,@@@NO@@@)','',2,'2013-10-08'),(75139,'INSERT INTO gne_vale_ferreteria_mov (vfe_id,pro_codigo_plu,vfm_cantidad,vfm_unitario,vfm_total,vfm_entregado) VALUES (13253,78016969,1,390,390,@@@NO@@@)','',2,'2013-10-08'),(75140,'INSERT INTO gne_vale_ferreteria (vfe_id,vfe_fecha,vfe_total,vfe_estado,vfe_entregado,usu_nusuario) VALUES (13254,@@@2013.10.08@@@,450,1,0,@@@G_DIAZ@@@)','',2,'2013-10-08'),(75141,'INSERT INTO gne_vale_ferreteria_mov (vfe_id,pro_codigo_plu,vfm_cantidad,vfm_unitario,vfm_total,vfm_entregado) VALUES (13254,764016,1,450,450,@@@NO@@@)','',2,'2013-10-08'),(75142,'INSERT INTO gne_vale_ferreteria (vfe_id,vfe_fecha,vfe_total,vfe_estado,vfe_entregado,usu_nusuario) VALUES (13255,@@@2013.10.08@@@,450,1,0,@@@G_DIAZ@@@)','',2,'2013-10-08'),(75143,'INSERT INTO gne_vale_ferreteria_mov (vfe_id,pro_codigo_plu,vfm_cantidad,vfm_unitario,vfm_total,vfm_entregado) VALUES (13255,764505,1,450,450,@@@NO@@@)','',2,'2013-10-08'),(75144,'INSERT INTO gne_vale_ferreteria (vfe_id,vfe_fecha,vfe_total,vfe_estado,vfe_entregado,usu_nusuario) VALUES (13256,@@@2013.10.08@@@,790,1,0,@@@G_DIAZ@@@)','',2,'2013-10-08'),(75145,'INSERT INTO gne_vale_ferreteria_mov (vfe_id,pro_codigo_plu,vfm_cantidad,vfm_unitario,vfm_total,vfm_entregado) VALUES (13256,763827,1,790,790,@@@NO@@@)','',2,'2013-10-08'),(75146,'INSERT INTO gne_vale_ferreteria (vfe_id,vfe_fecha,vfe_total,vfe_estado,vfe_entregado,usu_nusuario) VALUES (13257,@@@2013.10.08@@@,1890,1,0,@@@G_DIAZ@@@)','',2,'2013-10-08'),(75147,'INSERT INTO gne_vale_ferreteria_mov (vfe_id,pro_codigo_plu,vfm_cantidad,vfm_unitario,vfm_total,vfm_entregado) VALUES (13257,101841,1,1890,1890,@@@NO@@@)','',2,'2013-10-08'),(75148,'INSERT INTO gne_vale_ferreteria (vfe_id,vfe_fecha,vfe_total,vfe_estado,vfe_entregado,usu_nusuario) VALUES (13258,@@@2013.10.08@@@,250,1,0,@@@G_DIAZ@@@)','',2,'2013-10-08'),(75149,'INSERT INTO gne_vale_ferreteria_mov (vfe_id,pro_codigo_plu,vfm_cantidad,vfm_unitario,vfm_total,vfm_entregado) VALUES (13258,780721664,1,250,250,@@@NO@@@)','',2,'2013-10-08'),(75150,'INSERT INTO gne_vale_ferreteria (vfe_id,vfe_fecha,vfe_total,vfe_estado,vfe_entregado,usu_nusuario) VALUES (13259,@@@2013.10.08@@@,2990,1,0,@@@G_DIAZ@@@)','',2,'2013-10-08'),(75151,'INSERT INTO gne_vale_ferreteria_mov (vfe_id,pro_codigo_plu,vfm_cantidad,vfm_unitario,vfm_total,vfm_entregado) VALUES (13259,880013,1,2990,2990,@@@NO@@@)','',2,'2013-10-08'),(75152,'INSERT INTO gne_vale_ferreteria (vfe_id,vfe_fecha,vfe_total,vfe_estado,vfe_entregado,usu_nusuario) VALUES (13260,@@@2013.10.08@@@,850,1,0,@@@G_DIAZ@@@)','',2,'2013-10-08'),(75153,'INSERT INTO gne_vale_ferreteria_mov (vfe_id,pro_codigo_plu,vfm_cantidad,vfm_unitario,vfm_total,vfm_entregado) VALUES (13260,780721425,1,850,850,@@@NO@@@)','',2,'2013-10-08'),(75154,'INSERT INTO gne_vale_ferreteria (vfe_id,vfe_fecha,vfe_total,vfe_estado,vfe_entregado,usu_nusuario) VALUES (13261,@@@2013.10.08@@@,1640,1,0,@@@G_DIAZ@@@)','',2,'2013-10-08'),(75155,'INSERT INTO gne_vale_ferreteria_mov (vfe_id,pro_codigo_plu,vfm_cantidad,vfm_unitario,vfm_total,vfm_entregado) VALUES (13261,1539,20,10,200,@@@NO@@@)','',2,'2013-10-08'),(75156,'INSERT INTO gne_vale_ferreteria_mov (vfe_id,pro_codigo_plu,vfm_cantidad,vfm_unitario,vfm_total,vfm_entregado) VALUES (13261,1079,1,720,720,@@@NO@@@)','',2,'2013-10-08'),(75157,'INSERT INTO gne_vale_ferreteria_mov (vfe_id,pro_codigo_plu,vfm_cantidad,vfm_unitario,vfm_total,vfm_entregado) VALUES (13261,762251,1,720,720,@@@NO@@@)','',2,'2013-10-08'),(75158,'INSERT INTO gne_vale_ferreteria (vfe_id,vfe_fecha,vfe_total,vfe_estado,vfe_entregado,usu_nusuario) VALUES (13262,@@@2013.10.08@@@,1050,1,0,@@@G_DIAZ@@@)','',2,'2013-10-08'),(75159,'INSERT INTO gne_vale_ferreteria_mov (vfe_id,pro_codigo_plu,vfm_cantidad,vfm_unitario,vfm_total,vfm_entregado) VALUES (13262,780721061,1,1050,1050,@@@NO@@@)','',2,'2013-10-08'),(75160,'INSERT INTO gne_vale_ferreteria (vfe_id,vfe_fecha,vfe_total,vfe_estado,vfe_entregado,usu_nusuario) VALUES (13263,@@@2013.10.08@@@,120,1,0,@@@G_DIAZ@@@)','',2,'2013-10-08'),(75161,'INSERT INTO gne_vale_ferreteria_mov (vfe_id,pro_codigo_plu,vfm_cantidad,vfm_unitario,vfm_total,vfm_entregado) VALUES (13263,8022,1,120,120,@@@NO@@@)','',2,'2013-10-08'),(75162,'INSERT INTO gne_vale_ferreteria (vfe_id,vfe_fecha,vfe_total,vfe_estado,vfe_entregado,usu_nusuario) VALUES (13264,@@@2013.10.08@@@,3480,1,0,@@@G_DIAZ@@@)','',2,'2013-10-08'),(75163,'INSERT INTO gne_vale_ferreteria_mov (vfe_id,pro_codigo_plu,vfm_cantidad,vfm_unitario,vfm_total,vfm_entregado) VALUES (13264,763861,1,2100,2100,@@@NO@@@)','',2,'2013-10-08'),(75164,'INSERT INTO gne_vale_ferreteria_mov (vfe_id,pro_codigo_plu,vfm_cantidad,vfm_unitario,vfm_total,vfm_entregado) VALUES (13264,11670,1,930,930,@@@NO@@@)','',2,'2013-10-08'),(75165,'INSERT INTO gne_vale_ferreteria_mov (vfe_id,pro_codigo_plu,vfm_cantidad,vfm_unitario,vfm_total,vfm_entregado) VALUES (13264,780721324,1,450,450,@@@NO@@@)','',2,'2013-10-08'),(75166,'INSERT INTO gne_vale_ferreteria (vfe_id,vfe_fecha,vfe_total,vfe_estado,vfe_entregado,usu_nusuario) VALUES (13265,@@@2013.10.08@@@,1100,1,0,@@@G_DIAZ@@@)','',2,'2013-10-08'),(75167,'INSERT INTO gne_vale_ferreteria_mov (vfe_id,pro_codigo_plu,vfm_cantidad,vfm_unitario,vfm_total,vfm_entregado) VALUES (13265,780721239,3,150,450,@@@NO@@@)','',2,'2013-10-08'),(75168,'INSERT INTO gne_vale_ferreteria_mov (vfe_id,pro_codigo_plu,vfm_cantidad,vfm_unitario,vfm_total,vfm_entregado) VALUES (13265,763582,1,650,650,@@@NO@@@)','',2,'2013-10-08'),(75169,'INSERT INTO gne_vale_ferreteria (vfe_id,vfe_fecha,vfe_total,vfe_estado,vfe_entregado,usu_nusuario) VALUES (13266,@@@2013.10.08@@@,460,1,0,@@@G_DIAZ@@@)','',2,'2013-10-08'),(75170,'INSERT INTO gne_vale_ferreteria_mov (vfe_id,pro_codigo_plu,vfm_cantidad,vfm_unitario,vfm_total,vfm_entregado) VALUES (13266,763630,1,460,460,@@@NO@@@)','',2,'2013-10-08'),(75171,'INSERT INTO gne_vale_ferreteria (vfe_id,vfe_fecha,vfe_total,vfe_estado,vfe_entregado,usu_nusuario) VALUES (13267,@@@2013.10.08@@@,1480,1,0,@@@G_DIAZ@@@)','',2,'2013-10-08'),(75172,'INSERT INTO gne_vale_ferreteria_mov (vfe_id,pro_codigo_plu,vfm_cantidad,vfm_unitario,vfm_total,vfm_entregado) VALUES (13267,78017150,2,290,580,@@@NO@@@)','',2,'2013-10-08'),(75173,'INSERT INTO gne_vale_ferreteria_mov (vfe_id,pro_codigo_plu,vfm_cantidad,vfm_unitario,vfm_total,vfm_entregado) VALUES (13267,764766,1,120,120,@@@NO@@@)','',2,'2013-10-08'),(75174,'INSERT INTO gne_vale_ferreteria_mov (vfe_id,pro_codigo_plu,vfm_cantidad,vfm_unitario,vfm_total,vfm_entregado) VALUES (13267,780721274,2,390,780,@@@NO@@@)','',2,'2013-10-08'),(75175,'INSERT INTO gne_vale_ferreteria (vfe_id,vfe_fecha,vfe_total,vfe_estado,vfe_entregado,usu_nusuario) VALUES (13268,@@@2013.10.08@@@,120,1,0,@@@G_DIAZ@@@)','',2,'2013-10-08'),(75176,'INSERT INTO gne_vale_ferreteria_mov (vfe_id,pro_codigo_plu,vfm_cantidad,vfm_unitario,vfm_total,vfm_entregado) VALUES (13268,8022,1,120,120,@@@NO@@@)','',2,'2013-10-08'),(75177,'INSERT INTO gne_vale_ferreteria (vfe_id,vfe_fecha,vfe_total,vfe_estado,vfe_entregado,usu_nusuario) VALUES (13269,@@@2013.10.08@@@,790,1,0,@@@G_DIAZ@@@)','',2,'2013-10-08'),(75178,'INSERT INTO gne_vale_ferreteria_mov (vfe_id,pro_codigo_plu,vfm_cantidad,vfm_unitario,vfm_total,vfm_entregado) VALUES (13269,763804,1,790,790,@@@NO@@@)','',2,'2013-10-08'),(75179,'INSERT INTO gne_vale_ferreteria (vfe_id,vfe_fecha,vfe_total,vfe_estado,vfe_entregado,usu_nusuario) VALUES (13270,@@@2013.10.08@@@,820,1,0,@@@G_DIAZ@@@)','',2,'2013-10-08'),(75180,'INSERT INTO gne_vale_ferreteria_mov (vfe_id,pro_codigo_plu,vfm_cantidad,vfm_unitario,vfm_total,vfm_entregado) VALUES (13270,780721459,1,350,350,@@@NO@@@)','',2,'2013-10-08'),(75181,'INSERT INTO gne_vale_ferreteria_mov (vfe_id,pro_codigo_plu,vfm_cantidad,vfm_unitario,vfm_total,vfm_entregado) VALUES (13270,78017016,1,120,120,@@@NO@@@)','',2,'2013-10-08'),(75182,'INSERT INTO gne_vale_ferreteria_mov (vfe_id,pro_codigo_plu,vfm_cantidad,vfm_unitario,vfm_total,vfm_entregado) VALUES (13270,78017015,1,150,150,@@@NO@@@)','',2,'2013-10-08'),(75183,'INSERT INTO gne_vale_ferreteria_mov (vfe_id,pro_codigo_plu,vfm_cantidad,vfm_unitario,vfm_total,vfm_entregado) VALUES (13270,765072,1,200,200,@@@NO@@@)','',2,'2013-10-08'),(75184,'INSERT INTO gne_vale_ferreteria (vfe_id,vfe_fecha,vfe_total,vfe_estado,vfe_entregado,usu_nusuario) VALUES (13271,@@@2013.10.08@@@,460,1,0,@@@G_DIAZ@@@)','',2,'2013-10-08'),(75185,'INSERT INTO gne_vale_ferreteria_mov (vfe_id,pro_codigo_plu,vfm_cantidad,vfm_unitario,vfm_total,vfm_entregado) VALUES (13271,780721222,1,300,300,@@@NO@@@)','',2,'2013-10-08'),(75186,'INSERT INTO gne_vale_ferreteria_mov (vfe_id,pro_codigo_plu,vfm_cantidad,vfm_unitario,vfm_total,vfm_entregado) VALUES (13271,16430,1,160,160,@@@NO@@@)','',2,'2013-10-08'),(75187,'INSERT INTO gne_vale_ferreteria (vfe_id,vfe_fecha,vfe_total,vfe_estado,vfe_entregado,usu_nusuario) VALUES (13272,@@@2013.10.08@@@,1590,1,0,@@@G_DIAZ@@@)','',2,'2013-10-08'),(75188,'INSERT INTO gne_vale_ferreteria_mov (vfe_id,pro_codigo_plu,vfm_cantidad,vfm_unitario,vfm_total,vfm_entregado) VALUES (13272,780721123,1,1590,1590,@@@NO@@@)','',2,'2013-10-08'),(75189,'INSERT INTO gne_vale_ferreteria (vfe_id,vfe_fecha,vfe_total,vfe_estado,vfe_entregado,usu_nusuario) VALUES (13273,@@@2013.10.08@@@,100,1,0,@@@G_DIAZ@@@)','',2,'2013-10-08'),(75190,'INSERT INTO gne_vale_ferreteria_mov (vfe_id,pro_codigo_plu,vfm_cantidad,vfm_unitario,vfm_total,vfm_entregado) VALUES (13273,763851,1,100,100,@@@NO@@@)','',2,'2013-10-08'),(75191,'INSERT INTO gne_vale_ferreteria (vfe_id,vfe_fecha,vfe_total,vfe_estado,vfe_entregado,usu_nusuario) VALUES (13274,@@@2013.10.08@@@,690,1,0,@@@G_DIAZ@@@)','',2,'2013-10-08'),(75192,'INSERT INTO gne_vale_ferreteria_mov (vfe_id,pro_codigo_plu,vfm_cantidad,vfm_unitario,vfm_total,vfm_entregado) VALUES (13274,20836,1,690,690,@@@NO@@@)','',2,'2013-10-08'),(75193,'INSERT INTO gne_vale_ferreteria (vfe_id,vfe_fecha,vfe_total,vfe_estado,vfe_entregado,usu_nusuario) VALUES (13275,@@@2013.10.08@@@,930,1,0,@@@G_DIAZ@@@)','',2,'2013-10-08'),(75194,'INSERT INTO gne_vale_ferreteria_mov (vfe_id,pro_codigo_plu,vfm_cantidad,vfm_unitario,vfm_total,vfm_entregado) VALUES (13275,11670,1,930,930,@@@NO@@@)','',2,'2013-10-08'),(75195,'INSERT INTO gne_vale_ferreteria (vfe_id,vfe_fecha,vfe_total,vfe_estado,vfe_entregado,usu_nusuario) VALUES (13276,@@@2013.10.08@@@,550,1,0,@@@G_DIAZ@@@)','',2,'2013-10-08'),(75196,'INSERT INTO gne_vale_ferreteria_mov (vfe_id,pro_codigo_plu,vfm_cantidad,vfm_unitario,vfm_total,vfm_entregado) VALUES (13276,780721679,2,150,300,@@@NO@@@)','',2,'2013-10-08'),(75197,'INSERT INTO gne_vale_ferreteria_mov (vfe_id,pro_codigo_plu,vfm_cantidad,vfm_unitario,vfm_total,vfm_entregado) VALUES (13276,780721664,1,250,250,@@@NO@@@)','',2,'2013-10-08'),(75198,'INSERT INTO gne_vale_ferreteria (vfe_id,vfe_fecha,vfe_total,vfe_estado,vfe_entregado,usu_nusuario) VALUES (13277,@@@2013.10.08@@@,440,1,0,@@@G_DIAZ@@@)','',2,'2013-10-08'),(75199,'INSERT INTO gne_vale_ferreteria_mov (vfe_id,pro_codigo_plu,vfm_cantidad,vfm_unitario,vfm_total,vfm_entregado) VALUES (13277,764273,1,440,440,@@@NO@@@)','',2,'2013-10-08'),(75200,'INSERT INTO gne_vale_ferreteria (vfe_id,vfe_fecha,vfe_total,vfe_estado,vfe_entregado,usu_nusuario) VALUES (13278,@@@2013.10.08@@@,1190,1,0,@@@G_DIAZ@@@)','',2,'2013-10-08'),(75201,'INSERT INTO gne_vale_ferreteria_mov (vfe_id,pro_codigo_plu,vfm_cantidad,vfm_unitario,vfm_total,vfm_entregado) VALUES (13278,764577,1,1190,1190,@@@NO@@@)','',2,'2013-10-08'),(75202,'INSERT INTO gne_vale_ferreteria (vfe_id,vfe_fecha,vfe_total,vfe_estado,vfe_entregado,usu_nusuario) VALUES (13279,@@@2013.10.08@@@,750,1,0,@@@G_DIAZ@@@)','',2,'2013-10-08'),(75203,'INSERT INTO gne_vale_ferreteria_mov (vfe_id,pro_codigo_plu,vfm_cantidad,vfm_unitario,vfm_total,vfm_entregado) VALUES (13279,780721664,3,250,750,@@@NO@@@)','',2,'2013-10-08'),(75204,'INSERT INTO gne_vale_ferreteria (vfe_id,vfe_fecha,vfe_total,vfe_estado,vfe_entregado,usu_nusuario) VALUES (13280,@@@2013.10.08@@@,730,1,0,@@@G_DIAZ@@@)','',2,'2013-10-08'),(75205,'INSERT INTO gne_vale_ferreteria_mov (vfe_id,pro_codigo_plu,vfm_cantidad,vfm_unitario,vfm_total,vfm_entregado) VALUES (13280,11378,1,730,730,@@@NO@@@)','',2,'2013-10-08'),(75206,'INSERT INTO com_ventas_grupo (vgr_fecha,vgr_grupo,vgr_cantidad,vgr_total) VALUES (@@@2013.10.08@@@,1,174.32,148083)','',2,'2013-10-09'),(75207,'INSERT INTO com_ventas_grupo (vgr_fecha,vgr_grupo,vgr_cantidad,vgr_total) VALUES (@@@2013.10.08@@@,2,180,96078)','',2,'2013-10-09'),(75208,'INSERT INTO com_ventas_grupo (vgr_fecha,vgr_grupo,vgr_cantidad,vgr_total) VALUES (@@@2013.10.08@@@,3,339,75872)','',2,'2013-10-09'),(75209,'INSERT INTO com_ventas_grupo (vgr_fecha,vgr_grupo,vgr_cantidad,vgr_total) VALUES (@@@2013.10.08@@@,4,59,50140)','',2,'2013-10-09'),(75210,'INSERT INTO com_ventas_grupo (vgr_fecha,vgr_grupo,vgr_cantidad,vgr_total) VALUES (@@@2013.10.08@@@,6,7,10958)','',2,'2013-10-09'),(75211,'INSERT INTO com_ventas_grupo (vgr_fecha,vgr_grupo,vgr_cantidad,vgr_total) VALUES (@@@2013.10.08@@@,7,34,58480)','',2,'2013-10-09'),(75212,'INSERT INTO com_ventas_grupo (vgr_fecha,vgr_grupo,vgr_cantidad,vgr_total) VALUES (@@@2013.10.08@@@,8,25,12930)','',2,'2013-10-09'),(75213,'INSERT INTO com_ventas_grupo (vgr_fecha,vgr_grupo,vgr_cantidad,vgr_total) VALUES (@@@2013.10.08@@@,9,87.355,145858)','',2,'2013-10-09'),(75214,'INSERT INTO com_ventas_grupo (vgr_fecha,vgr_grupo,vgr_cantidad,vgr_total) VALUES (@@@2013.10.08@@@,10,44.885,131237)','',2,'2013-10-09'),(75215,'INSERT INTO com_ventas_grupo (vgr_fecha,vgr_grupo,vgr_cantidad,vgr_total) VALUES (@@@2013.10.08@@@,11,9.63,28197)','',2,'2013-10-09'),(75216,'INSERT INTO com_ventas_grupo (vgr_fecha,vgr_grupo,vgr_cantidad,vgr_total) VALUES (@@@2013.10.08@@@,12,32.335,57214)','',2,'2013-10-09'),(75217,'INSERT INTO com_ventas_grupo (vgr_fecha,vgr_grupo,vgr_cantidad,vgr_total) VALUES (@@@2013.10.08@@@,13,10.255,25792)','',2,'2013-10-09'),(75218,'INSERT INTO com_ventas_grupo (vgr_fecha,vgr_grupo,vgr_cantidad,vgr_total) VALUES (@@@2013.10.08@@@,14,87.75,80659)','',2,'2013-10-09'),(75219,'INSERT INTO com_ventas_grupo (vgr_fecha,vgr_grupo,vgr_cantidad,vgr_total) VALUES (@@@2013.10.08@@@,16,1,170)','',2,'2013-10-09'),(75220,'INSERT INTO com_ventas_grupo (vgr_fecha,vgr_grupo,vgr_cantidad,vgr_total) VALUES (@@@2013.10.08@@@,18,182.95,112303)','',2,'2013-10-09'),(75221,'INSERT INTO com_ventas_grupo (vgr_fecha,vgr_grupo,vgr_cantidad,vgr_total) VALUES (@@@2013.10.08@@@,19,1,2290)','',2,'2013-10-09'),(75222,'INSERT INTO com_ventas_grupo (vgr_fecha,vgr_grupo,vgr_cantidad,vgr_total) VALUES (@@@2013.10.08@@@,20,96.9,40303)','',2,'2013-10-09'),(75223,'INSERT INTO com_ventas_grupo (vgr_fecha,vgr_grupo,vgr_cantidad,vgr_total) VALUES (@@@2013.10.08@@@,21,59,40778)','',2,'2013-10-09'),(75224,'INSERT INTO com_ventas_grupo (vgr_fecha,vgr_grupo,vgr_cantidad,vgr_total) VALUES (@@@2013.10.08@@@,22,2,2780)','',2,'2013-10-09'),(75225,'INSERT INTO com_ventas_grupo (vgr_fecha,vgr_grupo,vgr_cantidad,vgr_total) VALUES (@@@2013.10.08@@@,23,2,3980)','',2,'2013-10-09'),(75226,'INSERT INTO com_ventas_grupo (vgr_fecha,vgr_grupo,vgr_cantidad,vgr_total) VALUES (@@@2013.10.08@@@,24,143,37528)','',2,'2013-10-09'),(75227,'INSERT INTO com_ventas_grupo (vgr_fecha,vgr_grupo,vgr_cantidad,vgr_total) VALUES (@@@2013.10.08@@@,25,67,104300)','',2,'2013-10-09'),(75228,'INSERT INTO com_ventas_grupo (vgr_fecha,vgr_grupo,vgr_cantidad,vgr_total) VALUES (@@@2013.10.08@@@,31,11,10540)','',2,'2013-10-09'),(75229,'INSERT INTO com_ventas_grupo (vgr_fecha,vgr_grupo,vgr_cantidad,vgr_total) VALUES (@@@2013.10.08@@@,32,317,78128)','',2,'2013-10-09'),(75230,'INSERT INTO com_ventas_grupo (vgr_fecha,vgr_grupo,vgr_cantidad,vgr_total) VALUES (@@@2013.10.08@@@,33,1,2350)','',2,'2013-10-09'),(75231,'INSERT INTO com_ventas_grupo (vgr_fecha,vgr_grupo,vgr_cantidad,vgr_total) VALUES (@@@2013.10.08@@@,35,23,29040)','',2,'2013-10-09'),(75232,'INSERT INTO com_ventas_grupo (vgr_fecha,vgr_grupo,vgr_cantidad,vgr_total) VALUES (@@@2013.10.08@@@,36,6,1620)','',2,'2013-10-09'),(75233,'INSERT INTO com_ventas_grupo (vgr_fecha,vgr_grupo,vgr_cantidad,vgr_total) VALUES (@@@2013.10.08@@@,37,1,1590)','',2,'2013-10-09'),(75234,'INSERT INTO com_ventas_grupo (vgr_fecha,vgr_grupo,vgr_cantidad,vgr_total) VALUES (@@@2013.10.08@@@,38,2,3980)','',2,'2013-10-09'),(75235,'INSERT INTO com_ventas_grupo (vgr_fecha,vgr_grupo,vgr_cantidad,vgr_total) VALUES (@@@2013.10.08@@@,39,3,3540)','',2,'2013-10-09'),(75236,'INSERT INTO com_ventas_grupo (vgr_fecha,vgr_grupo,vgr_cantidad,vgr_total) VALUES (@@@2013.10.08@@@,41,9,1350)','',2,'2013-10-09'),(75237,'INSERT INTO com_ventas_grupo (vgr_fecha,vgr_grupo,vgr_cantidad,vgr_total) VALUES (@@@2013.10.08@@@,42,18.37,17290)','',2,'2013-10-09'),(75238,'INSERT INTO com_ventas_grupo (vgr_fecha,vgr_grupo,vgr_cantidad,vgr_total) VALUES (@@@2013.10.08@@@,44,4,3998)','',2,'2013-10-09'),(75239,'UPDATE mae_datos_empresa SET emp_oferta=@@@NO@@@','',2,'2013-10-09'),(75240,'INSERT INTO gne_vale_ferreteria (vfe_id,vfe_fecha,vfe_total,vfe_estado,vfe_entregado,usu_nusuario) VALUES (13281,@@@2013.10.09@@@,190,1,0,@@@b_SAEZ@@@)','',2,'2013-10-09'),(75241,'INSERT INTO gne_vale_ferreteria_mov (vfe_id,pro_codigo_plu,vfm_cantidad,vfm_unitario,vfm_total,vfm_entregado) VALUES (13281,780721057,1,190,190,@@@NO@@@)','',2,'2013-10-09'),(75242,'INSERT INTO gne_vale_ferreteria (vfe_id,vfe_fecha,vfe_total,vfe_estado,vfe_entregado,usu_nusuario) VALUES (13282,@@@2013.10.09@@@,6710,1,0,@@@b_SAEZ@@@)','',2,'2013-10-09'),(75243,'INSERT INTO gne_vale_ferreteria_mov (vfe_id,pro_codigo_plu,vfm_cantidad,vfm_unitario,vfm_total,vfm_entregado) VALUES (13282,764748,5,1290,6450,@@@NO@@@)','',2,'2013-10-09'),(75244,'INSERT INTO gne_vale_ferreteria_mov (vfe_id,pro_codigo_plu,vfm_cantidad,vfm_unitario,vfm_total,vfm_entregado) VALUES (13282,15929,2,130,260,@@@NO@@@)','',2,'2013-10-09'),(75245,'INSERT INTO gne_vale_ferreteria (vfe_id,vfe_fecha,vfe_total,vfe_estado,vfe_entregado,usu_nusuario) VALUES (13283,@@@2013.10.09@@@,1160,1,0,@@@b_SAEZ@@@)','',2,'2013-10-09'),(75246,'INSERT INTO gne_vale_ferreteria_mov (vfe_id,pro_codigo_plu,vfm_cantidad,vfm_unitario,vfm_total,vfm_entregado) VALUES (13283,12608,4,290,1160,@@@NO@@@)','',2,'2013-10-09'),(75247,'INSERT INTO gne_vale_ferreteria (vfe_id,vfe_fecha,vfe_total,vfe_estado,vfe_entregado,usu_nusuario) VALUES (13284,@@@2013.10.09@@@,350,1,0,@@@b_SAEZ@@@)','',2,'2013-10-09'),(75248,'INSERT INTO gne_vale_ferreteria_mov (vfe_id,pro_codigo_plu,vfm_cantidad,vfm_unitario,vfm_total,vfm_entregado) VALUES (13284,4074,1,350,350,@@@NO@@@)','',2,'2013-10-09'),(75249,'INSERT INTO gne_vale_ferreteria (vfe_id,vfe_fecha,vfe_total,vfe_estado,vfe_entregado,usu_nusuario) VALUES (13285,@@@2013.10.09@@@,1990,1,0,@@@b_SAEZ@@@)','',2,'2013-10-09'),(75250,'INSERT INTO gne_vale_ferreteria_mov (vfe_id,pro_codigo_plu,vfm_cantidad,vfm_unitario,vfm_total,vfm_entregado) VALUES (13285,7653,1,1990,1990,@@@NO@@@)','',2,'2013-10-09'),(75251,'INSERT INTO gne_vale_ferreteria (vfe_id,vfe_fecha,vfe_total,vfe_estado,vfe_entregado,usu_nusuario) VALUES (13286,@@@2013.10.09@@@,50,1,0,@@@b_SAEZ@@@)','',2,'2013-10-09'),(75252,'INSERT INTO gne_vale_ferreteria_mov (vfe_id,pro_codigo_plu,vfm_cantidad,vfm_unitario,vfm_total,vfm_entregado) VALUES (13286,1539,5,10,50,@@@NO@@@)','',2,'2013-10-09'),(75253,'INSERT INTO gne_vale_ferreteria (vfe_id,vfe_fecha,vfe_total,vfe_estado,vfe_entregado,usu_nusuario) VALUES (13287,@@@2013.10.09@@@,990,1,0,@@@b_SAEZ@@@)','',2,'2013-10-09'),(75254,'INSERT INTO gne_vale_ferreteria_mov (vfe_id,pro_codigo_plu,vfm_cantidad,vfm_unitario,vfm_total,vfm_entregado) VALUES (13287,202020,1,990,990,@@@NO@@@)','',2,'2013-10-09'),(75255,'INSERT INTO gne_vale_ferreteria (vfe_id,vfe_fecha,vfe_total,vfe_estado,vfe_entregado,usu_nusuario) VALUES (13288,@@@2013.10.09@@@,1690,1,0,@@@b_SAEZ@@@)','',2,'2013-10-09'),(75256,'INSERT INTO gne_vale_ferreteria_mov (vfe_id,pro_codigo_plu,vfm_cantidad,vfm_unitario,vfm_total,vfm_entregado) VALUES (13288,1545,2,50,100,@@@NO@@@)','',2,'2013-10-09'),(75257,'INSERT INTO gne_vale_ferreteria_mov (vfe_id,pro_codigo_plu,vfm_cantidad,vfm_unitario,vfm_total,vfm_entregado) VALUES (13288,764790,1,1590,1590,@@@NO@@@)','',2,'2013-10-09'),(75258,'INSERT INTO gne_vale_ferreteria (vfe_id,vfe_fecha,vfe_total,vfe_estado,vfe_entregado,usu_nusuario) VALUES (13289,@@@2013.10.09@@@,2780,1,0,@@@b_SAEZ@@@)','',2,'2013-10-09'),(75259,'INSERT INTO gne_vale_ferreteria_mov (vfe_id,pro_codigo_plu,vfm_cantidad,vfm_unitario,vfm_total,vfm_entregado) VALUES (13289,4102,1,1390,1390,@@@NO@@@)','',2,'2013-10-09'),(75260,'INSERT INTO gne_vale_ferreteria_mov (vfe_id,pro_codigo_plu,vfm_cantidad,vfm_unitario,vfm_total,vfm_entregado) VALUES (13289,780721295,1,1390,1390,@@@NO@@@)','',2,'2013-10-09'),(75261,'UPDATE mae_productos SET pro_precio_compra_bruto=1190,pro_margen_actual=(pro_precio_venta-1190)/1190 * 100,pro_ultima_compra=@@@2013.10.09@@@,pro_ultimo_proveedor=@@@80186300-0@@@ WHERE pro_codigo_plu=262523','',2,'2013-10-09'),(75262,'UPDATE mae_productos SET pro_precio_compra_bruto=2261.04,pro_margen_actual=(pro_precio_venta-2261.04)/2261.04 * 100,pro_ultima_compra=@@@2013.10.09@@@,pro_ultimo_proveedor=@@@80186300-0@@@ WHERE pro_codigo_plu=357','',2,'2013-10-09'),(75263,'UPDATE mae_productos SET pro_precio_compra_bruto=2380,pro_margen_actual=(pro_precio_venta-2380)/2380 * 100,pro_ultima_compra=@@@2013.10.09@@@,pro_ultimo_proveedor=@@@80186300-0@@@ WHERE pro_codigo_plu=335','',2,'2013-10-09'),(75264,'UPDATE mae_productos SET pro_precio_compra_bruto=4129.65,pro_margen_actual=(pro_precio_venta-4129.65)/4129.65 * 100,pro_ultima_compra=@@@2013.10.09@@@,pro_ultimo_proveedor=@@@80186300-0@@@ WHERE pro_codigo_plu=304','',2,'2013-10-09'),(75265,'UPDATE mae_productos SET pro_precio_compra_bruto=1190,pro_margen_actual=(pro_precio_venta-1190)/1190 * 100,pro_ultima_compra=@@@2013.10.09@@@,pro_ultimo_proveedor=@@@80186300-0@@@ WHERE pro_codigo_plu=352','',2,'2013-10-09'),(75266,'UPDATE mae_productos SET pro_precio_compra_bruto=191.88,pro_margen_actual=(pro_precio_venta-191.88)/191.88 * 100,pro_ultima_compra=@@@2013.10.09@@@,pro_ultimo_proveedor=@@@80186300-0@@@ WHERE pro_codigo_plu=262530','',2,'2013-10-09'),(75267,'UPDATE mae_productos SET pro_precio_compra_bruto=1844.5,pro_margen_actual=(pro_precio_venta-1844.5)/1844.5 * 100,pro_ultima_compra=@@@2013.10.09@@@,pro_ultimo_proveedor=@@@80186300-0@@@ WHERE pro_codigo_plu=320','',2,'2013-10-09'),(75268,'UPDATE mae_productos SET pro_precio_compra_bruto=191.88,pro_margen_actual=(pro_precio_venta-191.88)/191.88 * 100,pro_ultima_compra=@@@2013.10.09@@@,pro_ultimo_proveedor=@@@80186300-0@@@ WHERE pro_codigo_plu=762638','',2,'2013-10-09'),(75269,'UPDATE mae_productos SET pro_precio_compra_bruto=3665.08,pro_margen_actual=(pro_precio_venta-3665.08)/3665.08 * 100,pro_ultima_compra=@@@2013.10.09@@@,pro_ultimo_proveedor=@@@80186300-0@@@ WHERE pro_codigo_plu=402','',2,'2013-10-09'),(75270,'INSERT INTO gne_vale_ferreteria (vfe_id,vfe_fecha,vfe_total,vfe_estado,vfe_entregado,usu_nusuario) VALUES (13290,@@@2013.10.09@@@,390,1,0,@@@b_SAEZ@@@)','',2,'2013-10-09'),(75271,'INSERT INTO gne_vale_ferreteria_mov (vfe_id,pro_codigo_plu,vfm_cantidad,vfm_unitario,vfm_total,vfm_entregado) VALUES (13290,770020,1,390,390,@@@NO@@@)','',2,'2013-10-09'),(75272,'INSERT INTO gne_vale_ferreteria (vfe_id,vfe_fecha,vfe_total,vfe_estado,vfe_entregado,usu_nusuario) VALUES (13291,@@@2013.10.09@@@,3710,1,0,@@@b_SAEZ@@@)','',2,'2013-10-09'),(75273,'INSERT INTO gne_vale_ferreteria_mov (vfe_id,pro_codigo_plu,vfm_cantidad,vfm_unitario,vfm_total,vfm_entregado) VALUES (13291,763615,1,1790,1790,@@@NO@@@)','',2,'2013-10-09'),(75274,'INSERT INTO gne_vale_ferreteria_mov (vfe_id,pro_codigo_plu,vfm_cantidad,vfm_unitario,vfm_total,vfm_entregado) VALUES (13291,15927,4,480,1920,@@@NO@@@)','',2,'2013-10-09'),(75275,'INSERT INTO gne_vale_ferreteria (vfe_id,vfe_fecha,vfe_total,vfe_estado,vfe_entregado,usu_nusuario) VALUES (13292,@@@2013.10.09@@@,150,1,0,@@@b_SAEZ@@@)','',2,'2013-10-09'),(75276,'INSERT INTO gne_vale_ferreteria_mov (vfe_id,pro_codigo_plu,vfm_cantidad,vfm_unitario,vfm_total,vfm_entregado) VALUES (13292,4088,1,150,150,@@@NO@@@)','',2,'2013-10-09'),(75277,'INSERT INTO gne_vale_ferreteria (vfe_id,vfe_fecha,vfe_total,vfe_estado,vfe_entregado,usu_nusuario) VALUES (13293,@@@2013.10.09@@@,120,1,0,@@@b_SAEZ@@@)','',2,'2013-10-09'),(75278,'INSERT INTO gne_vale_ferreteria_mov (vfe_id,pro_codigo_plu,vfm_cantidad,vfm_unitario,vfm_total,vfm_entregado) VALUES (13293,8022,1,120,120,@@@NO@@@)','',2,'2013-10-09'),(75279,'INSERT INTO gne_vale_ferreteria (vfe_id,vfe_fecha,vfe_total,vfe_estado,vfe_entregado,usu_nusuario) VALUES (13294,@@@2013.10.09@@@,740,1,0,@@@b_SAEZ@@@)','',2,'2013-10-09'),(75280,'INSERT INTO gne_vale_ferreteria_mov (vfe_id,pro_codigo_plu,vfm_cantidad,vfm_unitario,vfm_total,vfm_entregado) VALUES (13294,764700,1,590,590,@@@NO@@@)','',2,'2013-10-09'),(75281,'INSERT INTO gne_vale_ferreteria_mov (vfe_id,pro_codigo_plu,vfm_cantidad,vfm_unitario,vfm_total,vfm_entregado) VALUES (13294,4088,1,150,150,@@@NO@@@)','',2,'2013-10-09'),(75282,'INSERT INTO gne_vale_ferreteria (vfe_id,vfe_fecha,vfe_total,vfe_estado,vfe_entregado,usu_nusuario) VALUES (13295,@@@2013.10.09@@@,970,1,0,@@@b_SAEZ@@@)','',2,'2013-10-09'),(75283,'INSERT INTO gne_vale_ferreteria_mov (vfe_id,pro_codigo_plu,vfm_cantidad,vfm_unitario,vfm_total,vfm_entregado) VALUES (13295,763811,1,230,230,@@@NO@@@)','',2,'2013-10-09'),(75284,'INSERT INTO gne_vale_ferreteria_mov (vfe_id,pro_codigo_plu,vfm_cantidad,vfm_unitario,vfm_total,vfm_entregado) VALUES (13295,4088,1,150,150,@@@NO@@@)','',2,'2013-10-09'),(75285,'INSERT INTO gne_vale_ferreteria_mov (vfe_id,pro_codigo_plu,vfm_cantidad,vfm_unitario,vfm_total,vfm_entregado) VALUES (13295,20598,1,590,590,@@@NO@@@)','',2,'2013-10-09'),(75286,'INSERT INTO gne_vale_ferreteria (vfe_id,vfe_fecha,vfe_total,vfe_estado,vfe_entregado,usu_nusuario) VALUES (13296,@@@2013.10.09@@@,480,1,0,@@@b_SAEZ@@@)','',2,'2013-10-09'),(75287,'INSERT INTO gne_vale_ferreteria_mov (vfe_id,pro_codigo_plu,vfm_cantidad,vfm_unitario,vfm_total,vfm_entregado) VALUES (13296,770038,3,160,480,@@@NO@@@)','',2,'2013-10-09'),(75288,'INSERT INTO mae_productos (pro_codigo_plu,pro_codigo_barra,pro_tipo,pro_nombre_producto,pro_nombre_corto,med_id,emb_id,pro_unidades_embalaje,dep_id,lin_id,mar_id,pro_precio_compra_neto,pro_precio_compra_bruto,pro_precio_venta,pro_margen_actual,pro_oferta,pro_fecha_inicio_oferta,pro_fecha_termino_oferta,pro_precio_oferta,pro_stock_minimo,pro_stock_critico,pro_entradas_bodega,pro_salidas_bodega,pro_mermas_bodega,pro_ajustes_bodega,pro_entradas_sv,pro_salidas_sv,pro_mermas_sv,pro_ajustes_sv,pro_activo,rec_numero,pro_unidad,pro_capacidad,pro_consumo_bodega,pro_consumo_sv,pro_estado,pro_funcion_plu,pro_flejes,pro_iva,pro_plu_asociado,pro_envase,pro_duracion,pro_numero_etiqueta) VALUES (780721918,@@@7802900230289@@@,@@@0@@@,@@@YOGHURT YOGHITO FRAMBUESA 125GR@@@,@@@YOGHURT YOGHITO @@@,@@@5 @@@,@@@6 @@@,@@@36@@@,@@@3 @@@,@@@50@@@,@@@1993@@@,@@@0@@@,@@@119@@@,@@@1@@@,@@@-99.16@@@,@@@@@@,@@@2006.09.07@@@,@@@2006.09.07@@@,@@@0@@@,@@@36@@@,@@@12@@@,@@@0@@@,@@@0@@@,@@@0@@@,@@@0@@@,@@@0@@@,@@@0@@@,@@@0@@@,@@@0@@@,@@@1@@@,@@@0@@@,0,125,0,0,2,0,1,1,0,@@@NO@@@,0,0)','',2,'2013-10-09'),(75289,'DELETE FROM mae_impuestos_productos WHERE pro_codigo_plu=@@@780721918@@@','',2,'2013-10-09'),(75290,'INSERT INTO gne_vale_ferreteria (vfe_id,vfe_fecha,vfe_total,vfe_estado,vfe_entregado,usu_nusuario) VALUES (13297,@@@2013.10.09@@@,1610,1,0,@@@b_SAEZ@@@)','',2,'2013-10-09'),(75291,'INSERT INTO gne_vale_ferreteria_mov (vfe_id,pro_codigo_plu,vfm_cantidad,vfm_unitario,vfm_total,vfm_entregado) VALUES (13297,764564,1,1490,1490,@@@NO@@@)','',2,'2013-10-09'),(75292,'INSERT INTO gne_vale_ferreteria_mov (vfe_id,pro_codigo_plu,vfm_cantidad,vfm_unitario,vfm_total,vfm_entregado) VALUES (13297,78017016,1,120,120,@@@NO@@@)','',2,'2013-10-09'),(75293,'INSERT INTO gne_vale_ferreteria (vfe_id,vfe_fecha,vfe_total,vfe_estado,vfe_entregado,usu_nusuario) VALUES (13298,@@@2013.10.09@@@,750,1,0,@@@b_SAEZ@@@)','',2,'2013-10-09'),(75294,'INSERT INTO gne_vale_ferreteria_mov (vfe_id,pro_codigo_plu,vfm_cantidad,vfm_unitario,vfm_total,vfm_entregado) VALUES (13298,8021,5,150,750,@@@NO@@@)','',2,'2013-10-09'),(75295,'INSERT INTO gne_vale_ferreteria (vfe_id,vfe_fecha,vfe_total,vfe_estado,vfe_entregado,usu_nusuario) VALUES (13299,@@@2013.10.09@@@,120,1,0,@@@G_DIAZ@@@)','',2,'2013-10-09'),(75296,'INSERT INTO gne_vale_ferreteria_mov (vfe_id,pro_codigo_plu,vfm_cantidad,vfm_unitario,vfm_total,vfm_entregado) VALUES (13299,8022,1,120,120,@@@NO@@@)','',2,'2013-10-09'),(75297,'INSERT INTO gne_vale_ferreteria (vfe_id,vfe_fecha,vfe_total,vfe_estado,vfe_entregado,usu_nusuario) VALUES (13300,@@@2013.10.09@@@,1730,1,0,@@@G_DIAZ@@@)','',2,'2013-10-09'),(75298,'INSERT INTO gne_vale_ferreteria_mov (vfe_id,pro_codigo_plu,vfm_cantidad,vfm_unitario,vfm_total,vfm_entregado) VALUES (13300,763740,1,1350,1350,@@@NO@@@)','',2,'2013-10-09'),(75299,'INSERT INTO gne_vale_ferreteria_mov (vfe_id,pro_codigo_plu,vfm_cantidad,vfm_unitario,vfm_total,vfm_entregado) VALUES (13300,780721667,1,230,230,@@@NO@@@)','',2,'2013-10-09'),(75300,'INSERT INTO gne_vale_ferreteria_mov (vfe_id,pro_codigo_plu,vfm_cantidad,vfm_unitario,vfm_total,vfm_entregado) VALUES (13300,780721902,1,150,150,@@@NO@@@)','',2,'2013-10-09'),(75301,'INSERT INTO gne_vale_ferreteria (vfe_id,vfe_fecha,vfe_total,vfe_estado,vfe_entregado,usu_nusuario) VALUES (13301,@@@2013.10.09@@@,1200,1,0,@@@G_DIAZ@@@)','',2,'2013-10-09'),(75302,'INSERT INTO gne_vale_ferreteria_mov (vfe_id,pro_codigo_plu,vfm_cantidad,vfm_unitario,vfm_total,vfm_entregado) VALUES (13301,12000,4,300,1200,@@@NO@@@)','',2,'2013-10-09'),(75303,'INSERT INTO gne_vale_ferreteria (vfe_id,vfe_fecha,vfe_total,vfe_estado,vfe_entregado,usu_nusuario) VALUES (13302,@@@2013.10.09@@@,3780,1,0,@@@G_DIAZ@@@)','',2,'2013-10-09'),(75304,'INSERT INTO gne_vale_ferreteria_mov (vfe_id,pro_codigo_plu,vfm_cantidad,vfm_unitario,vfm_total,vfm_entregado) VALUES (13302,101623,1,1890,1890,@@@NO@@@)','',2,'2013-10-09'),(75305,'INSERT INTO gne_vale_ferreteria_mov (vfe_id,pro_codigo_plu,vfm_cantidad,vfm_unitario,vfm_total,vfm_entregado) VALUES (13302,101620,1,1890,1890,@@@NO@@@)','',2,'2013-10-09'),(75306,'INSERT INTO gne_vale_ferreteria (vfe_id,vfe_fecha,vfe_total,vfe_estado,vfe_entregado,usu_nusuario) VALUES (13303,@@@2013.10.09@@@,490,1,0,@@@G_DIAZ@@@)','',2,'2013-10-09'),(75307,'INSERT INTO gne_vale_ferreteria_mov (vfe_id,pro_codigo_plu,vfm_cantidad,vfm_unitario,vfm_total,vfm_entregado) VALUES (13303,3020,1,490,490,@@@NO@@@)','',2,'2013-10-09'),(75308,'INSERT INTO gne_vale_ferreteria (vfe_id,vfe_fecha,vfe_total,vfe_estado,vfe_entregado,usu_nusuario) VALUES (13304,@@@2013.10.09@@@,990,1,0,@@@G_DIAZ@@@)','',2,'2013-10-09'),(75309,'INSERT INTO gne_vale_ferreteria_mov (vfe_id,pro_codigo_plu,vfm_cantidad,vfm_unitario,vfm_total,vfm_entregado) VALUES (13304,4096,2,250,500,@@@NO@@@)','',2,'2013-10-09'),(75310,'INSERT INTO gne_vale_ferreteria_mov (vfe_id,pro_codigo_plu,vfm_cantidad,vfm_unitario,vfm_total,vfm_entregado) VALUES (13304,8022,1,120,120,@@@NO@@@)','',2,'2013-10-09'),(75311,'INSERT INTO gne_vale_ferreteria_mov (vfe_id,pro_codigo_plu,vfm_cantidad,vfm_unitario,vfm_total,vfm_entregado) VALUES (13304,102408,1,370,370,@@@NO@@@)','',2,'2013-10-09'),(75312,'INSERT INTO gne_vale_ferreteria (vfe_id,vfe_fecha,vfe_total,vfe_estado,vfe_entregado,usu_nusuario) VALUES (13305,@@@2013.10.09@@@,360,1,0,@@@G_DIAZ@@@)','',2,'2013-10-09'),(75313,'INSERT INTO gne_vale_ferreteria_mov (vfe_id,pro_codigo_plu,vfm_cantidad,vfm_unitario,vfm_total,vfm_entregado) VALUES (13305,15745,2,180,360,@@@NO@@@)','',2,'2013-10-09'),(75314,'INSERT INTO gne_vale_ferreteria (vfe_id,vfe_fecha,vfe_total,vfe_estado,vfe_entregado,usu_nusuario) VALUES (13306,@@@2013.10.09@@@,100,1,0,@@@G_DIAZ@@@)','',2,'2013-10-09'),(75315,'INSERT INTO gne_vale_ferreteria_mov (vfe_id,pro_codigo_plu,vfm_cantidad,vfm_unitario,vfm_total,vfm_entregado) VALUES (13306,770000,2,50,100,@@@NO@@@)','',2,'2013-10-09'),(75316,'INSERT INTO gne_vale_ferreteria (vfe_id,vfe_fecha,vfe_total,vfe_estado,vfe_entregado,usu_nusuario) VALUES (13307,@@@2013.10.09@@@,160,1,0,@@@G_DIAZ@@@)','',2,'2013-10-09'),(75317,'INSERT INTO gne_vale_ferreteria_mov (vfe_id,pro_codigo_plu,vfm_cantidad,vfm_unitario,vfm_total,vfm_entregado) VALUES (13307,770001,2,80,160,@@@NO@@@)','',2,'2013-10-09'),(75318,'INSERT INTO gne_vale_ferreteria (vfe_id,vfe_fecha,vfe_total,vfe_estado,vfe_entregado,usu_nusuario) VALUES (13308,@@@2013.10.09@@@,990,1,0,@@@G_DIAZ@@@)','',2,'2013-10-09'),(75319,'INSERT INTO gne_vale_ferreteria_mov (vfe_id,pro_codigo_plu,vfm_cantidad,vfm_unitario,vfm_total,vfm_entregado) VALUES (13308,763984,1,990,990,@@@NO@@@)','',2,'2013-10-09'),(75320,'INSERT INTO gne_vale_ferreteria (vfe_id,vfe_fecha,vfe_total,vfe_estado,vfe_entregado,usu_nusuario) VALUES (13309,@@@2013.10.09@@@,250,1,0,@@@G_DIAZ@@@)','',2,'2013-10-09'),(75321,'INSERT INTO gne_vale_ferreteria_mov (vfe_id,pro_codigo_plu,vfm_cantidad,vfm_unitario,vfm_total,vfm_entregado) VALUES (13309,4091,1,250,250,@@@NO@@@)','',2,'2013-10-09'),(75322,'INSERT INTO gne_vale_ferreteria (vfe_id,vfe_fecha,vfe_total,vfe_estado,vfe_entregado,usu_nusuario) VALUES (13310,@@@2013.10.09@@@,650,1,0,@@@G_DIAZ@@@)','',2,'2013-10-09'),(75323,'INSERT INTO gne_vale_ferreteria_mov (vfe_id,pro_codigo_plu,vfm_cantidad,vfm_unitario,vfm_total,vfm_entregado) VALUES (13310,4130,2,100,200,@@@NO@@@)','',2,'2013-10-09'),(75324,'INSERT INTO gne_vale_ferreteria_mov (vfe_id,pro_codigo_plu,vfm_cantidad,vfm_unitario,vfm_total,vfm_entregado) VALUES (13310,780721239,1,150,150,@@@NO@@@)','',2,'2013-10-09'),(75325,'INSERT INTO gne_vale_ferreteria_mov (vfe_id,pro_codigo_plu,vfm_cantidad,vfm_unitario,vfm_total,vfm_entregado) VALUES (13310,764572,1,100,100,@@@NO@@@)','',2,'2013-10-09'),(75326,'INSERT INTO gne_vale_ferreteria_mov (vfe_id,pro_codigo_plu,vfm_cantidad,vfm_unitario,vfm_total,vfm_entregado) VALUES (13310,78017193,10,20,200,@@@NO@@@)','',2,'2013-10-09'),(75327,'INSERT INTO gne_vale_ferreteria (vfe_id,vfe_fecha,vfe_total,vfe_estado,vfe_entregado,usu_nusuario) VALUES (13311,@@@2013.10.09@@@,730,1,0,@@@G_DIAZ@@@)','',2,'2013-10-09'),(75328,'INSERT INTO gne_vale_ferreteria_mov (vfe_id,pro_codigo_plu,vfm_cantidad,vfm_unitario,vfm_total,vfm_entregado) VALUES (13311,11378,1,730,730,@@@NO@@@)','',2,'2013-10-09'),(75329,'INSERT INTO gne_vale_ferreteria (vfe_id,vfe_fecha,vfe_total,vfe_estado,vfe_entregado,usu_nusuario) VALUES (13312,@@@2013.10.09@@@,100,1,0,@@@G_DIAZ@@@)','',2,'2013-10-09'),(75330,'INSERT INTO gne_vale_ferreteria_mov (vfe_id,pro_codigo_plu,vfm_cantidad,vfm_unitario,vfm_total,vfm_entregado) VALUES (13312,98100,1,100,100,@@@NO@@@)','',2,'2013-10-09'),(75331,'INSERT INTO gne_vale_ferreteria (vfe_id,vfe_fecha,vfe_total,vfe_estado,vfe_entregado,usu_nusuario) VALUES (13313,@@@2013.10.09@@@,250,1,0,@@@G_DIAZ@@@)','',2,'2013-10-09'),(75332,'INSERT INTO gne_vale_ferreteria_mov (vfe_id,pro_codigo_plu,vfm_cantidad,vfm_unitario,vfm_total,vfm_entregado) VALUES (13313,780721186,1,250,250,@@@NO@@@)','',2,'2013-10-09'),(75333,'INSERT INTO gne_vale_ferreteria (vfe_id,vfe_fecha,vfe_total,vfe_estado,vfe_entregado,usu_nusuario) VALUES (13314,@@@2013.10.09@@@,50,1,0,@@@G_DIAZ@@@)','',2,'2013-10-09'),(75334,'INSERT INTO gne_vale_ferreteria_mov (vfe_id,pro_codigo_plu,vfm_cantidad,vfm_unitario,vfm_total,vfm_entregado) VALUES (13314,78017146,1,50,50,@@@NO@@@)','',2,'2013-10-09'),(75335,'INSERT INTO gne_vale_ferreteria (vfe_id,vfe_fecha,vfe_total,vfe_estado,vfe_entregado,usu_nusuario) VALUES (13315,@@@2013.10.09@@@,1890,1,0,@@@G_DIAZ@@@)','',2,'2013-10-09'),(75336,'INSERT INTO gne_vale_ferreteria_mov (vfe_id,pro_codigo_plu,vfm_cantidad,vfm_unitario,vfm_total,vfm_entregado) VALUES (13315,101624,1,1890,1890,@@@NO@@@)','',2,'2013-10-09'),(75337,'INSERT INTO gne_vale_ferreteria (vfe_id,vfe_fecha,vfe_total,vfe_estado,vfe_entregado,usu_nusuario) VALUES (13316,@@@2013.10.09@@@,160,1,0,@@@G_DIAZ@@@)','',2,'2013-10-09'),(75338,'INSERT INTO gne_vale_ferreteria_mov (vfe_id,pro_codigo_plu,vfm_cantidad,vfm_unitario,vfm_total,vfm_entregado) VALUES (13316,16430,1,160,160,@@@NO@@@)','',2,'2013-10-09'),(75339,'INSERT INTO gne_vale_ferreteria (vfe_id,vfe_fecha,vfe_total,vfe_estado,vfe_entregado,usu_nusuario) VALUES (13317,@@@2013.10.09@@@,930,1,0,@@@G_DIAZ@@@)','',2,'2013-10-09'),(75340,'INSERT INTO gne_vale_ferreteria_mov (vfe_id,pro_codigo_plu,vfm_cantidad,vfm_unitario,vfm_total,vfm_entregado) VALUES (13317,11670,1,930,930,@@@NO@@@)','',2,'2013-10-09'),(75341,'INSERT INTO gne_vale_ferreteria (vfe_id,vfe_fecha,vfe_total,vfe_estado,vfe_entregado,usu_nusuario) VALUES (13318,@@@2013.10.09@@@,220,1,0,@@@G_DIAZ@@@)','',2,'2013-10-09'),(75342,'INSERT INTO gne_vale_ferreteria_mov (vfe_id,pro_codigo_plu,vfm_cantidad,vfm_unitario,vfm_total,vfm_entregado) VALUES (13318,770069,1,220,220,@@@NO@@@)','',2,'2013-10-09'),(75343,'INSERT INTO gne_vale_ferreteria (vfe_id,vfe_fecha,vfe_total,vfe_estado,vfe_entregado,usu_nusuario) VALUES (13319,@@@2013.10.09@@@,120,1,0,@@@G_DIAZ@@@)','',2,'2013-10-09'),(75344,'INSERT INTO gne_vale_ferreteria_mov (vfe_id,pro_codigo_plu,vfm_cantidad,vfm_unitario,vfm_total,vfm_entregado) VALUES (13319,8022,1,120,120,@@@NO@@@)','',2,'2013-10-09'),(75345,'INSERT INTO gne_vale_ferreteria (vfe_id,vfe_fecha,vfe_total,vfe_estado,vfe_entregado,usu_nusuario) VALUES (13320,@@@2013.10.09@@@,1260,1,0,@@@G_DIAZ@@@)','',2,'2013-10-09'),(75346,'INSERT INTO gne_vale_ferreteria_mov (vfe_id,pro_codigo_plu,vfm_cantidad,vfm_unitario,vfm_total,vfm_entregado) VALUES (13320,764189,1,1000,1000,@@@NO@@@)','',2,'2013-10-09'),(75347,'INSERT INTO gne_vale_ferreteria_mov (vfe_id,pro_codigo_plu,vfm_cantidad,vfm_unitario,vfm_total,vfm_entregado) VALUES (13320,764364,1,140,140,@@@NO@@@)','',2,'2013-10-09'),(75348,'INSERT INTO gne_vale_ferreteria_mov (vfe_id,pro_codigo_plu,vfm_cantidad,vfm_unitario,vfm_total,vfm_entregado) VALUES (13320,78017204,1,120,120,@@@NO@@@)','',2,'2013-10-09'),(75349,'INSERT INTO gne_vale_ferreteria (vfe_id,vfe_fecha,vfe_total,vfe_estado,vfe_entregado,usu_nusuario) VALUES (13321,@@@2013.10.09@@@,599,1,0,@@@G_DIAZ@@@)','',2,'2013-10-09'),(75350,'INSERT INTO gne_vale_ferreteria_mov (vfe_id,pro_codigo_plu,vfm_cantidad,vfm_unitario,vfm_total,vfm_entregado) VALUES (13321,19916,1,599,599,@@@NO@@@)','',2,'2013-10-09'),(75351,'INSERT INTO gne_vale_ferreteria (vfe_id,vfe_fecha,vfe_total,vfe_estado,vfe_entregado,usu_nusuario) VALUES (13322,@@@2013.10.09@@@,400,1,0,@@@G_DIAZ@@@)','',2,'2013-10-09'),(75352,'INSERT INTO gne_vale_ferreteria_mov (vfe_id,pro_codigo_plu,vfm_cantidad,vfm_unitario,vfm_total,vfm_entregado) VALUES (13322,764834,20,20,400,@@@NO@@@)','',2,'2013-10-09'),(75353,'INSERT INTO gne_vale_ferreteria (vfe_id,vfe_fecha,vfe_total,vfe_estado,vfe_entregado,usu_nusuario) VALUES (13323,@@@2013.10.09@@@,200,1,0,@@@G_DIAZ@@@)','',2,'2013-10-09'),(75354,'INSERT INTO gne_vale_ferreteria_mov (vfe_id,pro_codigo_plu,vfm_cantidad,vfm_unitario,vfm_total,vfm_entregado) VALUES (13323,7052,1,200,200,@@@NO@@@)','',2,'2013-10-09'),(75355,'INSERT INTO gne_vale_ferreteria (vfe_id,vfe_fecha,vfe_total,vfe_estado,vfe_entregado,usu_nusuario) VALUES (13324,@@@2013.10.09@@@,1790,1,0,@@@G_DIAZ@@@)','',2,'2013-10-09'),(75356,'INSERT INTO gne_vale_ferreteria_mov (vfe_id,pro_codigo_plu,vfm_cantidad,vfm_unitario,vfm_total,vfm_entregado) VALUES (13324,764569,1,1790,1790,@@@NO@@@)','',2,'2013-10-09'),(75357,'INSERT INTO gne_vale_ferreteria (vfe_id,vfe_fecha,vfe_total,vfe_estado,vfe_entregado,usu_nusuario) VALUES (13325,@@@2013.10.09@@@,120,1,0,@@@G_DIAZ@@@)','',2,'2013-10-09'),(75358,'INSERT INTO gne_vale_ferreteria_mov (vfe_id,pro_codigo_plu,vfm_cantidad,vfm_unitario,vfm_total,vfm_entregado) VALUES (13325,8022,1,120,120,@@@NO@@@)','',2,'2013-10-09'),(75359,'INSERT INTO gne_vale_ferreteria (vfe_id,vfe_fecha,vfe_total,vfe_estado,vfe_entregado,usu_nusuario) VALUES (13326,@@@2013.10.09@@@,600,1,0,@@@G_DIAZ@@@)','',2,'2013-10-09'),(75360,'INSERT INTO gne_vale_ferreteria_mov (vfe_id,pro_codigo_plu,vfm_cantidad,vfm_unitario,vfm_total,vfm_entregado) VALUES (13326,78017007,5,120,600,@@@NO@@@)','',2,'2013-10-09'),(75361,'INSERT INTO gne_vale_ferreteria (vfe_id,vfe_fecha,vfe_total,vfe_estado,vfe_entregado,usu_nusuario) VALUES (13327,@@@2013.10.09@@@,300,1,0,@@@G_DIAZ@@@)','',2,'2013-10-09'),(75362,'INSERT INTO gne_vale_ferreteria_mov (vfe_id,pro_codigo_plu,vfm_cantidad,vfm_unitario,vfm_total,vfm_entregado) VALUES (13327,2004,1,300,300,@@@NO@@@)','',2,'2013-10-09'),(75363,'INSERT INTO gne_vale_ferreteria (vfe_id,vfe_fecha,vfe_total,vfe_estado,vfe_entregado,usu_nusuario) VALUES (13328,@@@2013.10.09@@@,100,1,0,@@@G_DIAZ@@@)','',2,'2013-10-09'),(75364,'INSERT INTO gne_vale_ferreteria_mov (vfe_id,pro_codigo_plu,vfm_cantidad,vfm_unitario,vfm_total,vfm_entregado) VALUES (13328,764834,5,20,100,@@@NO@@@)','',2,'2013-10-09'),(75365,'INSERT INTO gne_vale_ferreteria (vfe_id,vfe_fecha,vfe_total,vfe_estado,vfe_entregado,usu_nusuario) VALUES (13329,@@@2013.10.09@@@,340,1,0,@@@G_DIAZ@@@)','',2,'2013-10-09'),(75366,'INSERT INTO gne_vale_ferreteria_mov (vfe_id,pro_codigo_plu,vfm_cantidad,vfm_unitario,vfm_total,vfm_entregado) VALUES (13329,763789,1,340,340,@@@NO@@@)','',2,'2013-10-09'),(75367,'INSERT INTO gne_vale_ferreteria (vfe_id,vfe_fecha,vfe_total,vfe_estado,vfe_entregado,usu_nusuario) VALUES (13330,@@@2013.10.09@@@,650,1,0,@@@G_DIAZ@@@)','',2,'2013-10-09'),(75368,'INSERT INTO gne_vale_ferreteria_mov (vfe_id,pro_codigo_plu,vfm_cantidad,vfm_unitario,vfm_total,vfm_entregado) VALUES (13330,764764,1,650,650,@@@NO@@@)','',2,'2013-10-09'),(75369,'INSERT INTO gne_vale_ferreteria (vfe_id,vfe_fecha,vfe_total,vfe_estado,vfe_entregado,usu_nusuario) VALUES (13331,@@@2013.10.09@@@,260,1,0,@@@G_DIAZ@@@)','',2,'2013-10-09'),(75370,'INSERT INTO gne_vale_ferreteria_mov (vfe_id,pro_codigo_plu,vfm_cantidad,vfm_unitario,vfm_total,vfm_entregado) VALUES (13331,15967,2,130,260,@@@NO@@@)','',2,'2013-10-09'),(75371,'INSERT INTO gne_vale_ferreteria (vfe_id,vfe_fecha,vfe_total,vfe_estado,vfe_entregado,usu_nusuario) VALUES (13332,@@@2013.10.09@@@,390,1,0,@@@G_DIAZ@@@)','',2,'2013-10-09'),(75372,'INSERT INTO gne_vale_ferreteria_mov (vfe_id,pro_codigo_plu,vfm_cantidad,vfm_unitario,vfm_total,vfm_entregado) VALUES (13332,764157,2,120,240,@@@NO@@@)','',2,'2013-10-09'),(75373,'INSERT INTO gne_vale_ferreteria_mov (vfe_id,pro_codigo_plu,vfm_cantidad,vfm_unitario,vfm_total,vfm_entregado) VALUES (13332,780721239,1,150,150,@@@NO@@@)','',2,'2013-10-09'),(75374,'INSERT INTO gne_vale_ferreteria (vfe_id,vfe_fecha,vfe_total,vfe_estado,vfe_entregado,usu_nusuario) VALUES (13333,@@@2013.10.09@@@,650,1,0,@@@G_DIAZ@@@)','',2,'2013-10-09'),(75375,'INSERT INTO gne_vale_ferreteria_mov (vfe_id,pro_codigo_plu,vfm_cantidad,vfm_unitario,vfm_total,vfm_entregado) VALUES (13333,763582,1,650,650,@@@NO@@@)','',2,'2013-10-09'),(75376,'UPDATE mae_productos SET pro_precio_compra_bruto=1190,pro_margen_actual=(pro_precio_venta-1190)/1190 * 100,pro_ultima_compra=@@@2013.10.09@@@,pro_ultimo_proveedor=@@@79984240-8@@@ WHERE pro_codigo_plu=102','',2,'2013-10-09'),(75377,'INSERT INTO gne_vale_ferreteria (vfe_id,vfe_fecha,vfe_total,vfe_estado,vfe_entregado,usu_nusuario) VALUES (13334,@@@2013.10.09@@@,870,1,0,@@@G_DIAZ@@@)','',2,'2013-10-09'),(75378,'INSERT INTO gne_vale_ferreteria_mov (vfe_id,pro_codigo_plu,vfm_cantidad,vfm_unitario,vfm_total,vfm_entregado) VALUES (13334,764160,4,120,480,@@@NO@@@)','',2,'2013-10-09'),(75379,'INSERT INTO gne_vale_ferreteria_mov (vfe_id,pro_codigo_plu,vfm_cantidad,vfm_unitario,vfm_total,vfm_entregado) VALUES (13334,764766,2,120,240,@@@NO@@@)','',2,'2013-10-09'),(75380,'INSERT INTO gne_vale_ferreteria_mov (vfe_id,pro_codigo_plu,vfm_cantidad,vfm_unitario,vfm_total,vfm_entregado) VALUES (13334,780721239,1,150,150,@@@NO@@@)','',2,'2013-10-09'),(75381,'INSERT INTO gne_vale_ferreteria (vfe_id,vfe_fecha,vfe_total,vfe_estado,vfe_entregado,usu_nusuario) VALUES (13335,@@@2013.10.09@@@,240,1,0,@@@G_DIAZ@@@)','',2,'2013-10-09'),(75382,'INSERT INTO gne_vale_ferreteria_mov (vfe_id,pro_codigo_plu,vfm_cantidad,vfm_unitario,vfm_total,vfm_entregado) VALUES (13335,78017002,1,120,120,@@@NO@@@)','',2,'2013-10-09'),(75383,'INSERT INTO gne_vale_ferreteria_mov (vfe_id,pro_codigo_plu,vfm_cantidad,vfm_unitario,vfm_total,vfm_entregado) VALUES (13335,764766,1,120,120,@@@NO@@@)','',2,'2013-10-09'),(75384,'INSERT INTO gne_vale_ferreteria (vfe_id,vfe_fecha,vfe_total,vfe_estado,vfe_entregado,usu_nusuario) VALUES (13336,@@@2013.10.09@@@,1950,1,0,@@@G_DIAZ@@@)','',2,'2013-10-09'),(75385,'INSERT INTO gne_vale_ferreteria_mov (vfe_id,pro_codigo_plu,vfm_cantidad,vfm_unitario,vfm_total,vfm_entregado) VALUES (13336,13229,4,15,60,@@@NO@@@)','',2,'2013-10-09'),(75386,'INSERT INTO gne_vale_ferreteria_mov (vfe_id,pro_codigo_plu,vfm_cantidad,vfm_unitario,vfm_total,vfm_entregado) VALUES (13336,78017102,1,1890,1890,@@@NO@@@)','',2,'2013-10-09'),(75387,'INSERT INTO gne_vale_ferreteria (vfe_id,vfe_fecha,vfe_total,vfe_estado,vfe_entregado,usu_nusuario) VALUES (13337,@@@2013.10.09@@@,100,1,0,@@@G_DIAZ@@@)','',2,'2013-10-09'),(75388,'INSERT INTO gne_vale_ferreteria_mov (vfe_id,pro_codigo_plu,vfm_cantidad,vfm_unitario,vfm_total,vfm_entregado) VALUES (13337,78017146,2,50,100,@@@NO@@@)','',2,'2013-10-09'),(75389,'INSERT INTO gne_vale_ferreteria (vfe_id,vfe_fecha,vfe_total,vfe_estado,vfe_entregado,usu_nusuario) VALUES (13338,@@@2013.10.09@@@,890,1,0,@@@G_DIAZ@@@)','',2,'2013-10-09'),(75390,'INSERT INTO gne_vale_ferreteria_mov (vfe_id,pro_codigo_plu,vfm_cantidad,vfm_unitario,vfm_total,vfm_entregado) VALUES (13338,78017149,1,790,790,@@@NO@@@)','',2,'2013-10-09'),(75391,'INSERT INTO gne_vale_ferreteria_mov (vfe_id,pro_codigo_plu,vfm_cantidad,vfm_unitario,vfm_total,vfm_entregado) VALUES (13338,780220188,1,100,100,@@@NO@@@)','',2,'2013-10-09'),(75392,'INSERT INTO gne_vale_ferreteria (vfe_id,vfe_fecha,vfe_total,vfe_estado,vfe_entregado,usu_nusuario) VALUES (13339,@@@2013.10.09@@@,200,1,0,@@@G_DIAZ@@@)','',2,'2013-10-09'),(75393,'INSERT INTO gne_vale_ferreteria_mov (vfe_id,pro_codigo_plu,vfm_cantidad,vfm_unitario,vfm_total,vfm_entregado) VALUES (13339,20394,2,100,200,@@@NO@@@)','',2,'2013-10-09'),(75394,'INSERT INTO gne_vale_ferreteria (vfe_id,vfe_fecha,vfe_total,vfe_estado,vfe_entregado,usu_nusuario) VALUES (13340,@@@2013.10.09@@@,120,1,0,@@@G_DIAZ@@@)','',2,'2013-10-09'),(75395,'INSERT INTO gne_vale_ferreteria_mov (vfe_id,pro_codigo_plu,vfm_cantidad,vfm_unitario,vfm_total,vfm_entregado) VALUES (13340,78017002,1,120,120,@@@NO@@@)','',2,'2013-10-09'),(75396,'INSERT INTO gne_vale_ferreteria (vfe_id,vfe_fecha,vfe_total,vfe_estado,vfe_entregado,usu_nusuario) VALUES (13341,@@@2013.10.09@@@,490,1,0,@@@G_DIAZ@@@)','',2,'2013-10-09'),(75397,'INSERT INTO gne_vale_ferreteria_mov (vfe_id,pro_codigo_plu,vfm_cantidad,vfm_unitario,vfm_total,vfm_entregado) VALUES (13341,764760,1,490,490,@@@NO@@@)','',2,'2013-10-09'),(75398,'INSERT INTO gne_vale_ferreteria (vfe_id,vfe_fecha,vfe_total,vfe_estado,vfe_entregado,usu_nusuario) VALUES (13342,@@@2013.10.09@@@,120,1,0,@@@G_DIAZ@@@)','',2,'2013-10-09'),(75399,'INSERT INTO gne_vale_ferreteria_mov (vfe_id,pro_codigo_plu,vfm_cantidad,vfm_unitario,vfm_total,vfm_entregado) VALUES (13342,8022,1,120,120,@@@NO@@@)','',2,'2013-10-09'),(75400,'INSERT INTO gne_vale_ferreteria (vfe_id,vfe_fecha,vfe_total,vfe_estado,vfe_entregado,usu_nusuario) VALUES (13343,@@@2013.10.09@@@,260,1,0,@@@G_DIAZ@@@)','',2,'2013-10-09'),(75401,'INSERT INTO gne_vale_ferreteria_mov (vfe_id,pro_codigo_plu,vfm_cantidad,vfm_unitario,vfm_total,vfm_entregado) VALUES (13343,12083,1,260,260,@@@NO@@@)','',2,'2013-10-09'),(75402,'INSERT INTO gne_vale_ferreteria (vfe_id,vfe_fecha,vfe_total,vfe_estado,vfe_entregado,usu_nusuario) VALUES (13344,@@@2013.10.09@@@,900,1,0,@@@G_DIAZ@@@)','',2,'2013-10-09'),(75403,'INSERT INTO gne_vale_ferreteria_mov (vfe_id,pro_codigo_plu,vfm_cantidad,vfm_unitario,vfm_total,vfm_entregado) VALUES (13344,763884,1,900,900,@@@NO@@@)','',2,'2013-10-09'),(75404,'INSERT INTO gne_vale_ferreteria (vfe_id,vfe_fecha,vfe_total,vfe_estado,vfe_entregado,usu_nusuario) VALUES (13345,@@@2013.10.09@@@,550,1,0,@@@G_DIAZ@@@)','',2,'2013-10-09'),(75405,'INSERT INTO gne_vale_ferreteria_mov (vfe_id,pro_codigo_plu,vfm_cantidad,vfm_unitario,vfm_total,vfm_entregado) VALUES (13345,780721304,1,550,550,@@@NO@@@)','',2,'2013-10-09'),(75406,'INSERT INTO gne_vale_ferreteria (vfe_id,vfe_fecha,vfe_total,vfe_estado,vfe_entregado,usu_nusuario) VALUES (13346,@@@2013.10.09@@@,4160,1,0,@@@G_DIAZ@@@)','',2,'2013-10-09'),(75407,'INSERT INTO gne_vale_ferreteria_mov (vfe_id,pro_codigo_plu,vfm_cantidad,vfm_unitario,vfm_total,vfm_entregado) VALUES (13346,262020,1,2590,2590,@@@NO@@@)','',2,'2013-10-09'),(75408,'INSERT INTO gne_vale_ferreteria_mov (vfe_id,pro_codigo_plu,vfm_cantidad,vfm_unitario,vfm_total,vfm_entregado) VALUES (13346,763702,1,650,650,@@@NO@@@)','',2,'2013-10-09'),(75409,'INSERT INTO gne_vale_ferreteria_mov (vfe_id,pro_codigo_plu,vfm_cantidad,vfm_unitario,vfm_total,vfm_entregado) VALUES (13346,19866,1,720,720,@@@NO@@@)','',2,'2013-10-09'),(75410,'INSERT INTO gne_vale_ferreteria_mov (vfe_id,pro_codigo_plu,vfm_cantidad,vfm_unitario,vfm_total,vfm_entregado) VALUES (13346,1545,4,50,200,@@@NO@@@)','',2,'2013-10-09'),(75411,'INSERT INTO gne_vale_ferreteria (vfe_id,vfe_fecha,vfe_total,vfe_estado,vfe_entregado,usu_nusuario) VALUES (13347,@@@2013.10.09@@@,490,1,0,@@@G_DIAZ@@@)','',2,'2013-10-09'),(75412,'INSERT INTO gne_vale_ferreteria_mov (vfe_id,pro_codigo_plu,vfm_cantidad,vfm_unitario,vfm_total,vfm_entregado) VALUES (13347,780220183,1,490,490,@@@NO@@@)','',2,'2013-10-09'),(75413,'INSERT INTO gne_vale_ferreteria (vfe_id,vfe_fecha,vfe_total,vfe_estado,vfe_entregado,usu_nusuario) VALUES (13348,@@@2013.10.09@@@,140,1,0,@@@G_DIAZ@@@)','',2,'2013-10-09'),(75414,'INSERT INTO gne_vale_ferreteria_mov (vfe_id,pro_codigo_plu,vfm_cantidad,vfm_unitario,vfm_total,vfm_entregado) VALUES (13348,78017027,2,70,140,@@@NO@@@)','',2,'2013-10-09'),(75415,'INSERT INTO gne_vale_ferreteria (vfe_id,vfe_fecha,vfe_total,vfe_estado,vfe_entregado,usu_nusuario) VALUES (13349,@@@2013.10.09@@@,1060,1,0,@@@G_DIAZ@@@)','',2,'2013-10-09'),(75416,'INSERT INTO gne_vale_ferreteria_mov (vfe_id,pro_codigo_plu,vfm_cantidad,vfm_unitario,vfm_total,vfm_entregado) VALUES (13349,15955,2,530,1060,@@@NO@@@)','',2,'2013-10-09'),(75417,'INSERT INTO gne_vale_ferreteria (vfe_id,vfe_fecha,vfe_total,vfe_estado,vfe_entregado,usu_nusuario) VALUES (13350,@@@2013.10.09@@@,960,1,0,@@@G_DIAZ@@@)','',2,'2013-10-09'),(75418,'INSERT INTO gne_vale_ferreteria_mov (vfe_id,pro_codigo_plu,vfm_cantidad,vfm_unitario,vfm_total,vfm_entregado) VALUES (13350,15935,2,480,960,@@@NO@@@)','',2,'2013-10-09'),(75419,'INSERT INTO gne_vale_ferreteria (vfe_id,vfe_fecha,vfe_total,vfe_estado,vfe_entregado,usu_nusuario) VALUES (13351,@@@2013.10.09@@@,440,1,0,@@@G_DIAZ@@@)','',2,'2013-10-09'),(75420,'INSERT INTO gne_vale_ferreteria_mov (vfe_id,pro_codigo_plu,vfm_cantidad,vfm_unitario,vfm_total,vfm_entregado) VALUES (13351,1065,2,220,440,@@@NO@@@)','',2,'2013-10-09'),(75421,'INSERT INTO gne_vale_ferreteria (vfe_id,vfe_fecha,vfe_total,vfe_estado,vfe_entregado,usu_nusuario) VALUES (13352,@@@2013.10.09@@@,100,1,0,@@@G_DIAZ@@@)','',2,'2013-10-09'),(75422,'INSERT INTO gne_vale_ferreteria_mov (vfe_id,pro_codigo_plu,vfm_cantidad,vfm_unitario,vfm_total,vfm_entregado) VALUES (13352,763851,1,100,100,@@@NO@@@)','',2,'2013-10-09'),(75423,'INSERT INTO gne_vale_ferreteria (vfe_id,vfe_fecha,vfe_total,vfe_estado,vfe_entregado,usu_nusuario) VALUES (13353,@@@2013.10.09@@@,100,1,0,@@@G_DIAZ@@@)','',2,'2013-10-09'),(75424,'INSERT INTO gne_vale_ferreteria_mov (vfe_id,pro_codigo_plu,vfm_cantidad,vfm_unitario,vfm_total,vfm_entregado) VALUES (13353,764833,10,10,100,@@@NO@@@)','',2,'2013-10-09'),(75425,'INSERT INTO gne_vale_ferreteria (vfe_id,vfe_fecha,vfe_total,vfe_estado,vfe_entregado,usu_nusuario) VALUES (13354,@@@2013.10.09@@@,2250,1,0,@@@G_DIAZ@@@)','',2,'2013-10-09'),(75426,'INSERT INTO gne_vale_ferreteria_mov (vfe_id,pro_codigo_plu,vfm_cantidad,vfm_unitario,vfm_total,vfm_entregado) VALUES (13354,762411,1,2250,2250,@@@NO@@@)','',2,'2013-10-09'),(75427,'INSERT INTO gne_vale_ferreteria (vfe_id,vfe_fecha,vfe_total,vfe_estado,vfe_entregado,usu_nusuario) VALUES (13355,@@@2013.10.09@@@,390,1,0,@@@G_DIAZ@@@)','',2,'2013-10-09'),(75428,'INSERT INTO gne_vale_ferreteria_mov (vfe_id,pro_codigo_plu,vfm_cantidad,vfm_unitario,vfm_total,vfm_entregado) VALUES (13355,78017011,1,390,390,@@@NO@@@)','',2,'2013-10-09'),(75429,'INSERT INTO gne_vale_ferreteria (vfe_id,vfe_fecha,vfe_total,vfe_estado,vfe_entregado,usu_nusuario) VALUES (13356,@@@2013.10.09@@@,2890,1,0,@@@G_DIAZ@@@)','',2,'2013-10-09'),(75430,'INSERT INTO gne_vale_ferreteria_mov (vfe_id,pro_codigo_plu,vfm_cantidad,vfm_unitario,vfm_total,vfm_entregado) VALUES (13356,763697,1,1990,1990,@@@NO@@@)','',2,'2013-10-09'),(75431,'INSERT INTO gne_vale_ferreteria_mov (vfe_id,pro_codigo_plu,vfm_cantidad,vfm_unitario,vfm_total,vfm_entregado) VALUES (13356,763884,1,900,900,@@@NO@@@)','',2,'2013-10-09'),(75432,'INSERT INTO gne_vale_ferreteria (vfe_id,vfe_fecha,vfe_total,vfe_estado,vfe_entregado,usu_nusuario) VALUES (13357,@@@2013.10.09@@@,350,1,0,@@@G_DIAZ@@@)','',2,'2013-10-09'),(75433,'INSERT INTO gne_vale_ferreteria_mov (vfe_id,pro_codigo_plu,vfm_cantidad,vfm_unitario,vfm_total,vfm_entregado) VALUES (13357,20847,1,350,350,@@@NO@@@)','',2,'2013-10-09'),(75434,'INSERT INTO gne_vale_ferreteria (vfe_id,vfe_fecha,vfe_total,vfe_estado,vfe_entregado,usu_nusuario) VALUES (13358,@@@2013.10.09@@@,490,1,0,@@@G_DIAZ@@@)','',2,'2013-10-09'),(75435,'INSERT INTO gne_vale_ferreteria_mov (vfe_id,pro_codigo_plu,vfm_cantidad,vfm_unitario,vfm_total,vfm_entregado) VALUES (13358,764506,1,490,490,@@@NO@@@)','',2,'2013-10-09'),(75436,'INSERT INTO mae_productos (pro_codigo_plu,pro_codigo_barra,pro_tipo,pro_nombre_producto,pro_nombre_corto,med_id,emb_id,pro_unidades_embalaje,dep_id,lin_id,mar_id,pro_precio_compra_neto,pro_precio_compra_bruto,pro_precio_venta,pro_margen_actual,pro_oferta,pro_fecha_inicio_oferta,pro_fecha_termino_oferta,pro_precio_oferta,pro_stock_minimo,pro_stock_critico,pro_entradas_bodega,pro_salidas_bodega,pro_mermas_bodega,pro_ajustes_bodega,pro_entradas_sv,pro_salidas_sv,pro_mermas_sv,pro_ajustes_sv,pro_activo,rec_numero,pro_unidad,pro_capacidad,pro_consumo_bodega,pro_consumo_sv,pro_estado,pro_funcion_plu,pro_flejes,pro_iva,pro_plu_asociado,pro_envase,pro_duracion,pro_numero_etiqueta) VALUES (780721919,@@@7791293020365@@@,@@@0@@@,@@@AXE EXCITE DESODORANTE 160ML@@@,@@@AXE EXCITE DESOD@@@,@@@7 @@@,@@@6 @@@,@@@24@@@,@@@21 @@@,@@@118@@@,@@@128@@@,@@@0@@@,@@@1320@@@,@@@1@@@,@@@-99.92@@@,@@@@@@,@@@2006.09.07@@@,@@@2006.09.07@@@,@@@0@@@,@@@24@@@,@@@12@@@,@@@0@@@,@@@0@@@,@@@0@@@,@@@0@@@,@@@0@@@,@@@0@@@,@@@0@@@,@@@0@@@,@@@1@@@,@@@0@@@,0,160,0,0,2,0,1,1,0,@@@NO@@@,0,0)','',2,'2013-10-09'),(75437,'DELETE FROM mae_impuestos_productos WHERE pro_codigo_plu=@@@780721919@@@','',2,'2013-10-09'),(75438,'INSERT INTO gne_vale_ferreteria (vfe_id,vfe_fecha,vfe_total,vfe_estado,vfe_entregado,usu_nusuario) VALUES (13359,@@@2013.10.09@@@,120,1,0,@@@G_DIAZ@@@)','',2,'2013-10-09'),(75439,'INSERT INTO gne_vale_ferreteria_mov (vfe_id,pro_codigo_plu,vfm_cantidad,vfm_unitario,vfm_total,vfm_entregado) VALUES (13359,8022,1,120,120,@@@NO@@@)','',2,'2013-10-09'),(75440,'INSERT INTO mae_productos (pro_codigo_plu,pro_codigo_barra,pro_tipo,pro_nombre_producto,pro_nombre_corto,med_id,emb_id,pro_unidades_embalaje,dep_id,lin_id,mar_id,pro_precio_compra_neto,pro_precio_compra_bruto,pro_precio_venta,pro_margen_actual,pro_oferta,pro_fecha_inicio_oferta,pro_fecha_termino_oferta,pro_precio_oferta,pro_stock_minimo,pro_stock_critico,pro_entradas_bodega,pro_salidas_bodega,pro_mermas_bodega,pro_ajustes_bodega,pro_entradas_sv,pro_salidas_sv,pro_mermas_sv,pro_ajustes_sv,pro_activo,rec_numero,pro_unidad,pro_capacidad,pro_consumo_bodega,pro_consumo_sv,pro_estado,pro_funcion_plu,pro_flejes,pro_iva,pro_plu_asociado,pro_envase,pro_duracion,pro_numero_etiqueta) VALUES (780721920,@@@7791293016566@@@,@@@0@@@,@@@AXE ANARCHY DESODORANTE SPRAY 160ML@@@,@@@AXE ANARCHY DESO@@@,@@@7 @@@,@@@6 @@@,@@@24@@@,@@@21 @@@,@@@118@@@,@@@128@@@,@@@0@@@,@@@1320@@@,@@@1@@@,@@@-99.92@@@,@@@@@@,@@@2006.09.07@@@,@@@2006.09.07@@@,@@@0@@@,@@@24@@@,@@@12@@@,@@@0@@@,@@@0@@@,@@@0@@@,@@@0@@@,@@@0@@@,@@@0@@@,@@@0@@@,@@@0@@@,@@@1@@@,@@@0@@@,0,160,0,0,2,0,1,1,0,@@@NO@@@,0,0)','',2,'2013-10-09'),(75441,'DELETE FROM mae_impuestos_productos WHERE pro_codigo_plu=@@@780721920@@@','',2,'2013-10-09'),(75442,'INSERT INTO mae_productos (pro_codigo_plu,pro_codigo_barra,pro_tipo,pro_nombre_producto,pro_nombre_corto,med_id,emb_id,pro_unidades_embalaje,dep_id,lin_id,mar_id,pro_precio_compra_neto,pro_precio_compra_bruto,pro_precio_venta,pro_margen_actual,pro_oferta,pro_fecha_inicio_oferta,pro_fecha_termino_oferta,pro_precio_oferta,pro_stock_minimo,pro_stock_critico,pro_entradas_bodega,pro_salidas_bodega,pro_mermas_bodega,pro_ajustes_bodega,pro_entradas_sv,pro_salidas_sv,pro_mermas_sv,pro_ajustes_sv,pro_activo,rec_numero,pro_unidad,pro_capacidad,pro_consumo_bodega,pro_consumo_sv,pro_estado,pro_funcion_plu,pro_flejes,pro_iva,pro_plu_asociado,pro_envase,pro_duracion,pro_numero_etiqueta) VALUES (780721921,@@@7791293023199@@@,@@@0@@@,@@@AXE RANDOM DESOSORANTE SPRAY 160ML@@@,@@@AXE RANDOM DESOS@@@,@@@7 @@@,@@@6 @@@,@@@24@@@,@@@21 @@@,@@@118@@@,@@@128@@@,@@@0@@@,@@@1320@@@,@@@1@@@,@@@-99.92@@@,@@@@@@,@@@2006.09.07@@@,@@@2006.09.07@@@,@@@0@@@,@@@24@@@,@@@12@@@,@@@0@@@,@@@0@@@,@@@0@@@,@@@0@@@,@@@0@@@,@@@0@@@,@@@0@@@,@@@0@@@,@@@1@@@,@@@0@@@,0,160,0,0,2,0,1,1,0,@@@NO@@@,0,0)','',2,'2013-10-09'),(75443,'DELETE FROM mae_impuestos_productos WHERE pro_codigo_plu=@@@780721921@@@','',2,'2013-10-09'),(75444,'INSERT INTO mae_productos (pro_codigo_plu,pro_codigo_barra,pro_tipo,pro_nombre_producto,pro_nombre_corto,med_id,emb_id,pro_unidades_embalaje,dep_id,lin_id,mar_id,pro_precio_compra_neto,pro_precio_compra_bruto,pro_precio_venta,pro_margen_actual,pro_oferta,pro_fecha_inicio_oferta,pro_fecha_termino_oferta,pro_precio_oferta,pro_stock_minimo,pro_stock_critico,pro_entradas_bodega,pro_salidas_bodega,pro_mermas_bodega,pro_ajustes_bodega,pro_entradas_sv,pro_salidas_sv,pro_mermas_sv,pro_ajustes_sv,pro_activo,rec_numero,pro_unidad,pro_capacidad,pro_consumo_bodega,pro_consumo_sv,pro_estado,pro_funcion_plu,pro_flejes,pro_iva,pro_plu_asociado,pro_envase,pro_duracion,pro_numero_etiqueta) VALUES (780721922,@@@7804945014862@@@,@@@0@@@,@@@PANTALLA SOLAR SPF 50 SIMONDS 100ML@@@,@@@PANTALLA SOLAR S@@@,@@@7 @@@,@@@6 @@@,@@@3@@@,@@@21 @@@,@@@112@@@,@@@2096@@@,@@@0@@@,@@@1760@@@,@@@1@@@,@@@-99.94@@@,@@@@@@,@@@2006.09.07@@@,@@@2006.09.07@@@,@@@0@@@,@@@3@@@,@@@1@@@,@@@0@@@,@@@0@@@,@@@0@@@,@@@0@@@,@@@0@@@,@@@0@@@,@@@0@@@,@@@0@@@,@@@1@@@,@@@0@@@,0,100,0,0,2,0,1,1,0,@@@NO@@@,0,0)','',2,'2013-10-09'),(75445,'DELETE FROM mae_impuestos_productos WHERE pro_codigo_plu=@@@780721922@@@','',2,'2013-10-09'),(75446,'INSERT INTO gne_vale_ferreteria (vfe_id,vfe_fecha,vfe_total,vfe_estado,vfe_entregado,usu_nusuario) VALUES (13360,@@@2013.10.09@@@,5270,1,0,@@@G_DIAZ@@@)','',2,'2013-10-09'),(75447,'INSERT INTO gne_vale_ferreteria_mov (vfe_id,pro_codigo_plu,vfm_cantidad,vfm_unitario,vfm_total,vfm_entregado) VALUES (13360,770082,2,1890,3780,@@@NO@@@)','',2,'2013-10-09'),(75448,'INSERT INTO gne_vale_ferreteria_mov (vfe_id,pro_codigo_plu,vfm_cantidad,vfm_unitario,vfm_total,vfm_entregado) VALUES (13360,770083,1,1490,1490,@@@NO@@@)','',2,'2013-10-09'),(75449,'INSERT INTO mae_productos (pro_codigo_plu,pro_codigo_barra,pro_tipo,pro_nombre_producto,pro_nombre_corto,med_id,emb_id,pro_unidades_embalaje,dep_id,lin_id,mar_id,pro_precio_compra_neto,pro_precio_compra_bruto,pro_precio_venta,pro_margen_actual,pro_oferta,pro_fecha_inicio_oferta,pro_fecha_termino_oferta,pro_precio_oferta,pro_stock_minimo,pro_stock_critico,pro_entradas_bodega,pro_salidas_bodega,pro_mermas_bodega,pro_ajustes_bodega,pro_entradas_sv,pro_salidas_sv,pro_mermas_sv,pro_ajustes_sv,pro_activo,rec_numero,pro_unidad,pro_capacidad,pro_consumo_bodega,pro_consumo_sv,pro_estado,pro_funcion_plu,pro_flejes,pro_iva,pro_plu_asociado,pro_envase,pro_duracion,pro_numero_etiqueta) VALUES (780721923,@@@7804945017504@@@,@@@0@@@,@@@TOALLITAS HUMEDAS SIMONDS 50 UNID@@@,@@@TOALLITAS HUMEDA@@@,@@@1 @@@,@@@6 @@@,@@@12@@@,@@@21 @@@,@@@120@@@,@@@2096@@@,@@@0@@@,@@@930@@@,@@@1@@@,@@@-99.89@@@,@@@@@@,@@@2006.09.07@@@,@@@2006.09.07@@@,@@@0@@@,@@@12@@@,@@@6@@@,@@@0@@@,@@@0@@@,@@@0@@@,@@@0@@@,@@@0@@@,@@@0@@@,@@@0@@@,@@@0@@@,@@@1@@@,@@@0@@@,0,50,0,0,2,0,1,1,0,@@@NO@@@,0,0)','',2,'2013-10-09'),(75450,'DELETE FROM mae_impuestos_productos WHERE pro_codigo_plu=@@@780721923@@@','',2,'2013-10-09'),(75451,'INSERT INTO gne_vale_ferreteria (vfe_id,vfe_fecha,vfe_total,vfe_estado,vfe_entregado,usu_nusuario) VALUES (13361,@@@2013.10.09@@@,360,1,0,@@@G_DIAZ@@@)','',2,'2013-10-09'),(75452,'INSERT INTO gne_vale_ferreteria_mov (vfe_id,pro_codigo_plu,vfm_cantidad,vfm_unitario,vfm_total,vfm_entregado) VALUES (13361,8022,3,120,360,@@@NO@@@)','',2,'2013-10-09'),(75453,'INSERT INTO gne_vale_ferreteria (vfe_id,vfe_fecha,vfe_total,vfe_estado,vfe_entregado,usu_nusuario) VALUES (13362,@@@2013.10.09@@@,120,1,0,@@@G_DIAZ@@@)','',2,'2013-10-09'),(75454,'INSERT INTO gne_vale_ferreteria_mov (vfe_id,pro_codigo_plu,vfm_cantidad,vfm_unitario,vfm_total,vfm_entregado) VALUES (13362,764766,1,120,120,@@@NO@@@)','',2,'2013-10-09'),(75455,'INSERT INTO gne_vale_ferreteria (vfe_id,vfe_fecha,vfe_total,vfe_estado,vfe_entregado,usu_nusuario) VALUES (13363,@@@2013.10.09@@@,570,1,0,@@@G_DIAZ@@@)','',2,'2013-10-09'),(75456,'INSERT INTO gne_vale_ferreteria_mov (vfe_id,pro_codigo_plu,vfm_cantidad,vfm_unitario,vfm_total,vfm_entregado) VALUES (13363,764500,1,450,450,@@@NO@@@)','',2,'2013-10-09'),(75457,'INSERT INTO gne_vale_ferreteria_mov (vfe_id,pro_codigo_plu,vfm_cantidad,vfm_unitario,vfm_total,vfm_entregado) VALUES (13363,764834,6,20,120,@@@NO@@@)','',2,'2013-10-09'),(75458,'INSERT INTO mae_productos (pro_codigo_plu,pro_codigo_barra,pro_tipo,pro_nombre_producto,pro_nombre_corto,med_id,emb_id,pro_unidades_embalaje,dep_id,lin_id,mar_id,pro_precio_compra_neto,pro_precio_compra_bruto,pro_precio_venta,pro_margen_actual,pro_oferta,pro_fecha_inicio_oferta,pro_fecha_termino_oferta,pro_precio_oferta,pro_stock_minimo,pro_stock_critico,pro_entradas_bodega,pro_salidas_bodega,pro_mermas_bodega,pro_ajustes_bodega,pro_entradas_sv,pro_salidas_sv,pro_mermas_sv,pro_ajustes_sv,pro_activo,rec_numero,pro_unidad,pro_capacidad,pro_consumo_bodega,pro_consumo_sv,pro_estado,pro_funcion_plu,pro_flejes,pro_iva,pro_plu_asociado,pro_envase,pro_duracion,pro_numero_etiqueta) VALUES (293535,@@@293535@@@,@@@0@@@,@@@LIMA METALICA DE UÑAS@@@,@@@LIMA METALICA DE@@@,@@@1 @@@,@@@6 @@@,@@@24@@@,@@@21 @@@,@@@125@@@,@@@2507@@@,@@@0@@@,@@@120@@@,@@@1@@@,@@@-99.17@@@,@@@@@@,@@@2006.09.07@@@,@@@2006.09.07@@@,@@@0@@@,@@@24@@@,@@@12@@@,@@@0@@@,@@@0@@@,@@@0@@@,@@@0@@@,@@@0@@@,@@@0@@@,@@@0@@@,@@@0@@@,@@@1@@@,@@@0@@@,0,1,0,0,2,0,1,1,0,@@@NO@@@,0,0)','',2,'2013-10-09'),(75459,'DELETE FROM mae_impuestos_productos WHERE pro_codigo_plu=@@@293535@@@','',2,'2013-10-09'),(75460,'INSERT INTO gne_vale_ferreteria (vfe_id,vfe_fecha,vfe_total,vfe_estado,vfe_entregado,usu_nusuario) VALUES (13364,@@@2013.10.09@@@,230,1,0,@@@G_DIAZ@@@)','',2,'2013-10-09'),(75461,'INSERT INTO gne_vale_ferreteria_mov (vfe_id,pro_codigo_plu,vfm_cantidad,vfm_unitario,vfm_total,vfm_entregado) VALUES (13364,780721667,1,230,230,@@@NO@@@)','',2,'2013-10-09'),(75462,'INSERT INTO gne_vale_ferreteria (vfe_id,vfe_fecha,vfe_total,vfe_estado,vfe_entregado,usu_nusuario) VALUES (13365,@@@2013.10.09@@@,510,1,0,@@@G_DIAZ@@@)','',2,'2013-10-09'),(75463,'INSERT INTO gne_vale_ferreteria_mov (vfe_id,pro_codigo_plu,vfm_cantidad,vfm_unitario,vfm_total,vfm_entregado) VALUES (13365,8022,1,120,120,@@@NO@@@)','',2,'2013-10-09'),(75464,'INSERT INTO gne_vale_ferreteria_mov (vfe_id,pro_codigo_plu,vfm_cantidad,vfm_unitario,vfm_total,vfm_entregado) VALUES (13365,764250,1,390,390,@@@NO@@@)','',2,'2013-10-09'),(75465,'INSERT INTO mae_productos (pro_codigo_plu,pro_codigo_barra,pro_tipo,pro_nombre_producto,pro_nombre_corto,med_id,emb_id,pro_unidades_embalaje,dep_id,lin_id,mar_id,pro_precio_compra_neto,pro_precio_compra_bruto,pro_precio_venta,pro_margen_actual,pro_oferta,pro_fecha_inicio_oferta,pro_fecha_termino_oferta,pro_precio_oferta,pro_stock_minimo,pro_stock_critico,pro_entradas_bodega,pro_salidas_bodega,pro_mermas_bodega,pro_ajustes_bodega,pro_entradas_sv,pro_salidas_sv,pro_mermas_sv,pro_ajustes_sv,pro_activo,rec_numero,pro_unidad,pro_capacidad,pro_consumo_bodega,pro_consumo_sv,pro_estado,pro_funcion_plu,pro_flejes,pro_iva,pro_plu_asociado,pro_envase,pro_duracion,pro_numero_etiqueta) VALUES (780721924,@@@6933535796558@@@,@@@0@@@,@@@COTONITO PERSONAL  X 50 BOLSA@@@,@@@COTONITO PERSONA@@@,@@@1 @@@,@@@4 @@@,@@@50@@@,@@@21 @@@,@@@120@@@,@@@2507@@@,@@@0@@@,@@@95@@@,@@@1@@@,@@@-98.95@@@,@@@@@@,@@@2006.09.07@@@,@@@2006.09.07@@@,@@@0@@@,@@@40@@@,@@@20@@@,@@@0@@@,@@@0@@@,@@@0@@@,@@@0@@@,@@@0@@@,@@@0@@@,@@@0@@@,@@@0@@@,@@@1@@@,@@@0@@@,0,1,0,0,2,0,1,1,0,@@@NO@@@,0,0)','',2,'2013-10-09'),(75466,'DELETE FROM mae_impuestos_productos WHERE pro_codigo_plu=@@@780721924@@@','',2,'2013-10-09'),(75467,'INSERT INTO mae_productos (pro_codigo_plu,pro_codigo_barra,pro_tipo,pro_nombre_producto,pro_nombre_corto,med_id,emb_id,pro_unidades_embalaje,dep_id,lin_id,mar_id,pro_precio_compra_neto,pro_precio_compra_bruto,pro_precio_venta,pro_margen_actual,pro_oferta,pro_fecha_inicio_oferta,pro_fecha_termino_oferta,pro_precio_oferta,pro_stock_minimo,pro_stock_critico,pro_entradas_bodega,pro_salidas_bodega,pro_mermas_bodega,pro_ajustes_bodega,pro_entradas_sv,pro_salidas_sv,pro_mermas_sv,pro_ajustes_sv,pro_activo,rec_numero,pro_unidad,pro_capacidad,pro_consumo_bodega,pro_consumo_sv,pro_estado,pro_funcion_plu,pro_flejes,pro_iva,pro_plu_asociado,pro_envase,pro_duracion,pro_numero_etiqueta) VALUES (780721925,@@@7805810185205@@@,@@@0@@@,@@@PANTI CAFFARENA NEGRO N°4 1112@@@,@@@PANTI CAFFARENA @@@,@@@1 @@@,@@@6 @@@,@@@10@@@,@@@21 @@@,@@@125@@@,@@@225@@@,@@@0@@@,@@@490@@@,@@@1@@@,@@@-99.8@@@,@@@@@@,@@@2006.09.07@@@,@@@2006.09.07@@@,@@@0@@@,@@@10@@@,@@@5@@@,@@@0@@@,@@@0@@@,@@@0@@@,@@@0@@@,@@@0@@@,@@@0@@@,@@@0@@@,@@@0@@@,@@@1@@@,@@@0@@@,0,1,0,0,2,0,1,1,0,@@@NO@@@,0,0)','',2,'2013-10-09'),(75468,'DELETE FROM mae_impuestos_productos WHERE pro_codigo_plu=@@@780721925@@@','',2,'2013-10-09'),(75469,'INSERT INTO gne_vale_ferreteria (vfe_id,vfe_fecha,vfe_total,vfe_estado,vfe_entregado,usu_nusuario) VALUES (13366,@@@2013.10.09@@@,1890,1,0,@@@G_DIAZ@@@)','',2,'2013-10-09'),(75470,'INSERT INTO gne_vale_ferreteria_mov (vfe_id,pro_codigo_plu,vfm_cantidad,vfm_unitario,vfm_total,vfm_entregado) VALUES (13366,763598,1,1890,1890,@@@NO@@@)','',2,'2013-10-09'),(75471,'INSERT INTO gne_vale_ferreteria (vfe_id,vfe_fecha,vfe_total,vfe_estado,vfe_entregado,usu_nusuario) VALUES (13367,@@@2013.10.09@@@,1789,1,0,@@@G_DIAZ@@@)','',2,'2013-10-09'),(75472,'INSERT INTO gne_vale_ferreteria_mov (vfe_id,pro_codigo_plu,vfm_cantidad,vfm_unitario,vfm_total,vfm_entregado) VALUES (13367,1553,1,790,790,@@@NO@@@)','',2,'2013-10-09'),(75473,'INSERT INTO gne_vale_ferreteria_mov (vfe_id,pro_codigo_plu,vfm_cantidad,vfm_unitario,vfm_total,vfm_entregado) VALUES (13367,763613,1,999,999,@@@NO@@@)','',2,'2013-10-09'),(75474,'INSERT INTO mae_productos (pro_codigo_plu,pro_codigo_barra,pro_tipo,pro_nombre_producto,pro_nombre_corto,med_id,emb_id,pro_unidades_embalaje,dep_id,lin_id,mar_id,pro_precio_compra_neto,pro_precio_compra_bruto,pro_precio_venta,pro_margen_actual,pro_oferta,pro_fecha_inicio_oferta,pro_fecha_termino_oferta,pro_precio_oferta,pro_stock_minimo,pro_stock_critico,pro_entradas_bodega,pro_salidas_bodega,pro_mermas_bodega,pro_ajustes_bodega,pro_entradas_sv,pro_salidas_sv,pro_mermas_sv,pro_ajustes_sv,pro_activo,rec_numero,pro_unidad,pro_capacidad,pro_consumo_bodega,pro_consumo_sv,pro_estado,pro_funcion_plu,pro_flejes,pro_iva,pro_plu_asociado,pro_envase,pro_duracion,pro_numero_etiqueta) VALUES (780721926,@@@6933535790235@@@,@@@0@@@,@@@COTNITO PERSONAL CORAZON  300 UNID@@@,@@@COTNITO PERSONAL@@@,@@@1 @@@,@@@6 @@@,@@@12@@@,@@@21 @@@,@@@120@@@,@@@2507@@@,@@@0@@@,@@@710@@@,@@@1@@@,@@@-99.86@@@,@@@@@@,@@@2006.09.07@@@,@@@2006.09.07@@@,@@@0@@@,@@@12@@@,@@@6@@@,@@@0@@@,@@@0@@@,@@@0@@@,@@@0@@@,@@@0@@@,@@@0@@@,@@@0@@@,@@@0@@@,@@@1@@@,@@@0@@@,0,300,0,0,2,0,1,1,0,@@@NO@@@,0,0)','',2,'2013-10-09'),(75475,'DELETE FROM mae_impuestos_productos WHERE pro_codigo_plu=@@@780721926@@@','',2,'2013-10-09'),(75476,'INSERT INTO gne_vale_ferreteria (vfe_id,vfe_fecha,vfe_total,vfe_estado,vfe_entregado,usu_nusuario) VALUES (13368,@@@2013.10.09@@@,430,1,0,@@@G_DIAZ@@@)','',2,'2013-10-09'),(75477,'INSERT INTO gne_vale_ferreteria_mov (vfe_id,pro_codigo_plu,vfm_cantidad,vfm_unitario,vfm_total,vfm_entregado) VALUES (13368,780721719,1,430,430,@@@NO@@@)','',2,'2013-10-09'),(75478,'INSERT INTO mae_productos (pro_codigo_plu,pro_codigo_barra,pro_tipo,pro_nombre_producto,pro_nombre_corto,med_id,emb_id,pro_unidades_embalaje,dep_id,lin_id,mar_id,pro_precio_compra_neto,pro_precio_compra_bruto,pro_precio_venta,pro_margen_actual,pro_oferta,pro_fecha_inicio_oferta,pro_fecha_termino_oferta,pro_precio_oferta,pro_stock_minimo,pro_stock_critico,pro_entradas_bodega,pro_salidas_bodega,pro_mermas_bodega,pro_ajustes_bodega,pro_entradas_sv,pro_salidas_sv,pro_mermas_sv,pro_ajustes_sv,pro_activo,rec_numero,pro_unidad,pro_capacidad,pro_consumo_bodega,pro_consumo_sv,pro_estado,pro_funcion_plu,pro_flejes,pro_iva,pro_plu_asociado,pro_envase,pro_duracion,pro_numero_etiqueta) VALUES (780721927,@@@7805000179113@@@,@@@0@@@,@@@ESTUCHE LE SANCY JABON + ESPANTACUCO@@@,@@@ESTUCHE LE SANCY@@@,@@@1 @@@,@@@6 @@@,@@@1@@@,@@@21 @@@,@@@122@@@,@@@1821@@@,@@@0@@@,@@@1070@@@,@@@1@@@,@@@-99.91@@@,@@@@@@,@@@2006.09.07@@@,@@@2006.09.07@@@,@@@0@@@,@@@6@@@,@@@3@@@,@@@0@@@,@@@0@@@,@@@0@@@,@@@0@@@,@@@0@@@,@@@0@@@,@@@0@@@,@@@0@@@,@@@1@@@,@@@0@@@,0,1,0,0,2,0,1,1,0,@@@NO@@@,0,0)','',2,'2013-10-09'),(75479,'DELETE FROM mae_impuestos_productos WHERE pro_codigo_plu=@@@780721927@@@','',2,'2013-10-09'),(75480,'INSERT INTO gne_vale_ferreteria (vfe_id,vfe_fecha,vfe_total,vfe_estado,vfe_entregado,usu_nusuario) VALUES (13369,@@@2013.10.09@@@,2200,1,0,@@@G_DIAZ@@@)','',2,'2013-10-09'),(75481,'INSERT INTO gne_vale_ferreteria_mov (vfe_id,pro_codigo_plu,vfm_cantidad,vfm_unitario,vfm_total,vfm_entregado) VALUES (13369,780721668,2,650,1300,@@@NO@@@)','',2,'2013-10-09'),(75482,'INSERT INTO gne_vale_ferreteria_mov (vfe_id,pro_codigo_plu,vfm_cantidad,vfm_unitario,vfm_total,vfm_entregado) VALUES (13369,764539,2,450,900,@@@NO@@@)','',2,'2013-10-09'),(75483,'INSERT INTO gne_vale_ferreteria (vfe_id,vfe_fecha,vfe_total,vfe_estado,vfe_entregado,usu_nusuario) VALUES (13370,@@@2013.10.09@@@,390,1,0,@@@G_DIAZ@@@)','',2,'2013-10-09'),(75484,'INSERT INTO gne_vale_ferreteria_mov (vfe_id,pro_codigo_plu,vfm_cantidad,vfm_unitario,vfm_total,vfm_entregado) VALUES (13370,780721291,1,390,390,@@@NO@@@)','',2,'2013-10-09'),(75485,'UPDATE mae_productos SET pro_precio_compra_bruto=1320,pro_margen_actual=(pro_precio_venta-1320)/1320 * 100,pro_ultima_compra=@@@2013.10.09@@@,pro_ultimo_proveedor=@@@6200580-7@@@ WHERE pro_codigo_plu=101563','',2,'2013-10-09'),(75486,'UPDATE mae_productos SET pro_precio_compra_bruto=1320,pro_margen_actual=(pro_precio_venta-1320)/1320 * 100,pro_ultima_compra=@@@2013.10.09@@@,pro_ultimo_proveedor=@@@6200580-7@@@ WHERE pro_codigo_plu=20477','',2,'2013-10-09'),(75487,'UPDATE mae_productos SET pro_precio_compra_bruto=1320,pro_margen_actual=(pro_precio_venta-1320)/1320 * 100,pro_ultima_compra=@@@2013.10.09@@@,pro_ultimo_proveedor=@@@6200580-7@@@ WHERE pro_codigo_plu=780721919','',2,'2013-10-09'),(75488,'UPDATE mae_productos SET pro_precio_compra_bruto=1320,pro_margen_actual=(pro_precio_venta-1320)/1320 * 100,pro_ultima_compra=@@@2013.10.09@@@,pro_ultimo_proveedor=@@@6200580-7@@@ WHERE pro_codigo_plu=20489','',2,'2013-10-09'),(75489,'UPDATE mae_productos SET pro_precio_compra_bruto=1320,pro_margen_actual=(pro_precio_venta-1320)/1320 * 100,pro_ultima_compra=@@@2013.10.09@@@,pro_ultimo_proveedor=@@@6200580-7@@@ WHERE pro_codigo_plu=780721920','',2,'2013-10-09'),(75490,'UPDATE mae_productos SET pro_precio_compra_bruto=1320,pro_margen_actual=(pro_precio_venta-1320)/1320 * 100,pro_ultima_compra=@@@2013.10.09@@@,pro_ultimo_proveedor=@@@6200580-7@@@ WHERE pro_codigo_plu=763697','',2,'2013-10-09'),(75491,'UPDATE mae_productos SET pro_precio_compra_bruto=1320,pro_margen_actual=(pro_precio_venta-1320)/1320 * 100,pro_ultima_compra=@@@2013.10.09@@@,pro_ultimo_proveedor=@@@6200580-7@@@ WHERE pro_codigo_plu=780721316','',2,'2013-10-09'),(75492,'UPDATE mae_productos SET pro_precio_compra_bruto=1320,pro_margen_actual=(pro_precio_venta-1320)/1320 * 100,pro_ultima_compra=@@@2013.10.09@@@,pro_ultimo_proveedor=@@@6200580-7@@@ WHERE pro_codigo_plu=780721921','',2,'2013-10-09'),(75493,'UPDATE mae_productos SET pro_precio_compra_bruto=1320,pro_margen_actual=(pro_precio_venta-1320)/1320 * 100,pro_ultima_compra=@@@2013.10.09@@@,pro_ultimo_proveedor=@@@6200580-7@@@ WHERE pro_codigo_plu=20476','',2,'2013-10-09'),(75494,'UPDATE mae_productos SET pro_precio_compra_bruto=1580,pro_margen_actual=(pro_precio_venta-1580)/1580 * 100,pro_ultima_compra=@@@2013.10.09@@@,pro_ultimo_proveedor=@@@6200580-7@@@ WHERE pro_codigo_plu=761754','',2,'2013-10-09'),(75495,'UPDATE mae_productos SET pro_precio_compra_bruto=1760,pro_margen_actual=(pro_precio_venta-1760)/1760 * 100,pro_ultima_compra=@@@2013.10.09@@@,pro_ultimo_proveedor=@@@6200580-7@@@ WHERE pro_codigo_plu=780721922','',2,'2013-10-09'),(75496,'UPDATE mae_productos SET pro_precio_compra_bruto=305,pro_margen_actual=(pro_precio_venta-305)/305 * 100,pro_ultima_compra=@@@2013.10.09@@@,pro_ultimo_proveedor=@@@6200580-7@@@ WHERE pro_codigo_plu=764155','',2,'2013-10-09'),(75497,'UPDATE mae_productos SET pro_precio_compra_bruto=750,pro_margen_actual=(pro_precio_venta-750)/750 * 100,pro_ultima_compra=@@@2013.10.09@@@,pro_ultimo_proveedor=@@@6200580-7@@@ WHERE pro_codigo_plu=764702','',2,'2013-10-09'),(75498,'UPDATE mae_productos SET pro_precio_compra_bruto=590,pro_margen_actual=(pro_precio_venta-590)/590 * 100,pro_ultima_compra=@@@2013.10.09@@@,pro_ultimo_proveedor=@@@6200580-7@@@ WHERE pro_codigo_plu=19956','',2,'2013-10-09'),(75499,'UPDATE mae_productos SET pro_precio_compra_bruto=810,pro_margen_actual=(pro_precio_venta-810)/810 * 100,pro_ultima_compra=@@@2013.10.09@@@,pro_ultimo_proveedor=@@@6200580-7@@@ WHERE pro_codigo_plu=19952','',2,'2013-10-09'),(75500,'UPDATE mae_productos SET pro_precio_compra_bruto=930,pro_margen_actual=(pro_precio_venta-930)/930 * 100,pro_ultima_compra=@@@2013.10.09@@@,pro_ultimo_proveedor=@@@6200580-7@@@ WHERE pro_codigo_plu=780721923','',2,'2013-10-09'),(75501,'UPDATE mae_productos SET pro_precio_compra_bruto=610,pro_margen_actual=(pro_precio_venta-610)/610 * 100,pro_ultima_compra=@@@2013.10.09@@@,pro_ultimo_proveedor=@@@6200580-7@@@ WHERE pro_codigo_plu=101657','',2,'2013-10-09'),(75502,'UPDATE mae_productos SET pro_precio_compra_bruto=770,pro_margen_actual=(pro_precio_venta-770)/770 * 100,pro_ultima_compra=@@@2013.10.09@@@,pro_ultimo_proveedor=@@@6200580-7@@@ WHERE pro_codigo_plu=764564','',2,'2013-10-09'),(75503,'UPDATE mae_productos SET pro_precio_compra_bruto=1050,pro_margen_actual=(pro_precio_venta-1050)/1050 * 100,pro_ultima_compra=@@@2013.10.09@@@,pro_ultimo_proveedor=@@@6200580-7@@@ WHERE pro_codigo_plu=11730','',2,'2013-10-09'),(75504,'UPDATE mae_productos SET pro_precio_compra_bruto=1050,pro_margen_actual=(pro_precio_venta-1050)/1050 * 100,pro_ultima_compra=@@@2013.10.09@@@,pro_ultimo_proveedor=@@@6200580-7@@@ WHERE pro_codigo_plu=780220149','',2,'2013-10-09'),(75505,'UPDATE mae_productos SET pro_precio_compra_bruto=120,pro_margen_actual=(pro_precio_venta-120)/120 * 100,pro_ultima_compra=@@@2013.10.09@@@,pro_ultimo_proveedor=@@@6200580-7@@@ WHERE pro_codigo_plu=293535','',2,'2013-10-09'),(75506,'UPDATE mae_productos SET pro_precio_compra_bruto=270,pro_margen_actual=(pro_precio_venta-270)/270 * 100,pro_ultima_compra=@@@2013.10.09@@@,pro_ultimo_proveedor=@@@6200580-7@@@ WHERE pro_codigo_plu=780721103','',2,'2013-10-09'),(75507,'UPDATE mae_productos SET pro_precio_compra_bruto=95,pro_margen_actual=(pro_precio_venta-95)/95 * 100,pro_ultima_compra=@@@2013.10.09@@@,pro_ultimo_proveedor=@@@6200580-7@@@ WHERE pro_codigo_plu=780721924','',2,'2013-10-09'),(75508,'UPDATE mae_productos SET pro_precio_compra_bruto=490,pro_margen_actual=(pro_precio_venta-490)/490 * 100,pro_ultima_compra=@@@2013.10.09@@@,pro_ultimo_proveedor=@@@6200580-7@@@ WHERE pro_codigo_plu=762256','',2,'2013-10-09'),(75509,'UPDATE mae_productos SET pro_precio_compra_bruto=490,pro_margen_actual=(pro_precio_venta-490)/490 * 100,pro_ultima_compra=@@@2013.10.09@@@,pro_ultimo_proveedor=@@@6200580-7@@@ WHERE pro_codigo_plu=763935','',2,'2013-10-09'),(75510,'UPDATE mae_productos SET pro_precio_compra_bruto=490,pro_margen_actual=(pro_precio_venta-490)/490 * 100,pro_ultima_compra=@@@2013.10.09@@@,pro_ultimo_proveedor=@@@6200580-7@@@ WHERE pro_codigo_plu=10989','',2,'2013-10-09'),(75511,'UPDATE mae_productos SET pro_precio_compra_bruto=490,pro_margen_actual=(pro_precio_venta-490)/490 * 100,pro_ultima_compra=@@@2013.10.09@@@,pro_ultimo_proveedor=@@@6200580-7@@@ WHERE pro_codigo_plu=780721428','',2,'2013-10-09'),(75512,'UPDATE mae_productos SET pro_precio_compra_bruto=490,pro_margen_actual=(pro_precio_venta-490)/490 * 100,pro_ultima_compra=@@@2013.10.09@@@,pro_ultimo_proveedor=@@@6200580-7@@@ WHERE pro_codigo_plu=763933','',2,'2013-10-09'),(75513,'UPDATE mae_productos SET pro_precio_compra_bruto=490,pro_margen_actual=(pro_precio_venta-490)/490 * 100,pro_ultima_compra=@@@2013.10.09@@@,pro_ultimo_proveedor=@@@6200580-7@@@ WHERE pro_codigo_plu=780721925','',2,'2013-10-09'),(75514,'UPDATE mae_productos SET pro_precio_compra_bruto=490,pro_margen_actual=(pro_precio_venta-490)/490 * 100,pro_ultima_compra=@@@2013.10.09@@@,pro_ultimo_proveedor=@@@6200580-7@@@ WHERE pro_codigo_plu=100397','',2,'2013-10-09'),(75515,'UPDATE mae_productos SET pro_precio_compra_bruto=490,pro_margen_actual=(pro_precio_venta-490)/490 * 100,pro_ultima_compra=@@@2013.10.09@@@,pro_ultimo_proveedor=@@@6200580-7@@@ WHERE pro_codigo_plu=78017050','',2,'2013-10-09'),(75516,'UPDATE mae_productos SET pro_precio_compra_bruto=490,pro_margen_actual=(pro_precio_venta-490)/490 * 100,pro_ultima_compra=@@@2013.10.09@@@,pro_ultimo_proveedor=@@@6200580-7@@@ WHERE pro_codigo_plu=100365','',2,'2013-10-09'),(75517,'UPDATE mae_productos SET pro_precio_compra_bruto=490,pro_margen_actual=(pro_precio_venta-490)/490 * 100,pro_ultima_compra=@@@2013.10.09@@@,pro_ultimo_proveedor=@@@6200580-7@@@ WHERE pro_codigo_plu=762251','',2,'2013-10-09'),(75518,'UPDATE mae_productos SET pro_precio_compra_bruto=490,pro_margen_actual=(pro_precio_venta-490)/490 * 100,pro_ultima_compra=@@@2013.10.09@@@,pro_ultimo_proveedor=@@@6200580-7@@@ WHERE pro_codigo_plu=8829','',2,'2013-10-09'),(75519,'UPDATE mae_productos SET pro_precio_compra_bruto=490,pro_margen_actual=(pro_precio_venta-490)/490 * 100,pro_ultima_compra=@@@2013.10.09@@@,pro_ultimo_proveedor=@@@6200580-7@@@ WHERE pro_codigo_plu=10159','',2,'2013-10-09'),(75520,'UPDATE mae_productos SET pro_precio_compra_bruto=710,pro_margen_actual=(pro_precio_venta-710)/710 * 100,pro_ultima_compra=@@@2013.10.09@@@,pro_ultimo_proveedor=@@@6200580-7@@@ WHERE pro_codigo_plu=780721926','',2,'2013-10-09'),(75521,'UPDATE mae_productos SET pro_precio_compra_bruto=40.83,pro_margen_actual=(pro_precio_venta-40.83)/40.83 * 100,pro_ultima_compra=@@@2013.10.09@@@,pro_ultimo_proveedor=@@@6200580-7@@@ WHERE pro_codigo_plu=78017238','',2,'2013-10-09'),(75522,'UPDATE mae_productos SET pro_precio_compra_bruto=300,pro_margen_actual=(pro_precio_venta-300)/300 * 100,pro_ultima_compra=@@@2013.10.09@@@,pro_ultimo_proveedor=@@@6200580-7@@@ WHERE pro_codigo_plu=780721573','',2,'2013-10-09'),(75523,'UPDATE mae_productos SET pro_precio_compra_bruto=715,pro_margen_actual=(pro_precio_venta-715)/715 * 100,pro_ultima_compra=@@@2013.10.09@@@,pro_ultimo_proveedor=@@@6200580-7@@@ WHERE pro_codigo_plu=101434','',2,'2013-10-09'),(75524,'UPDATE mae_productos SET pro_precio_compra_bruto=460,pro_margen_actual=(pro_precio_venta-460)/460 * 100,pro_ultima_compra=@@@2013.10.09@@@,pro_ultimo_proveedor=@@@6200580-7@@@ WHERE pro_codigo_plu=764043','',2,'2013-10-09'),(75525,'UPDATE mae_productos SET pro_precio_compra_bruto=200,pro_margen_actual=(pro_precio_venta-200)/200 * 100,pro_ultima_compra=@@@2013.10.09@@@,pro_ultimo_proveedor=@@@6200580-7@@@ WHERE pro_codigo_plu=764074','',2,'2013-10-09'),(75526,'UPDATE mae_productos SET pro_precio_compra_bruto=1070,pro_margen_actual=(pro_precio_venta-1070)/1070 * 100,pro_ultima_compra=@@@2013.10.09@@@,pro_ultimo_proveedor=@@@6200580-7@@@ WHERE pro_codigo_plu=780721927','',2,'2013-10-09'),(75527,'UPDATE mae_productos SET pro_precio_compra_bruto=1290,pro_margen_actual=(pro_precio_venta-1290)/1290 * 100,pro_ultima_compra=@@@2013.10.09@@@,pro_ultimo_proveedor=@@@6200580-7@@@ WHERE pro_codigo_plu=12222','',2,'2013-10-09'),(75528,'UPDATE mae_productos SET pro_precio_compra_bruto=790,pro_margen_actual=(pro_precio_venta-790)/790 * 100,pro_ultima_compra=@@@2013.10.09@@@,pro_ultimo_proveedor=@@@6200580-7@@@ WHERE pro_codigo_plu=764037','',2,'2013-10-09'),(75529,'UPDATE mae_productos SET pro_precio_compra_bruto=670,pro_margen_actual=(pro_precio_venta-670)/670 * 100,pro_ultima_compra=@@@2013.10.09@@@,pro_ultimo_proveedor=@@@6200580-7@@@ WHERE pro_codigo_plu=780721752','',2,'2013-10-09'),(75530,'INSERT INTO gne_vale_ferreteria (vfe_id,vfe_fecha,vfe_total,vfe_estado,vfe_entregado,usu_nusuario) VALUES (13371,@@@2013.10.09@@@,1890,1,0,@@@G_DIAZ@@@)','',2,'2013-10-09'),(75531,'INSERT INTO gne_vale_ferreteria_mov (vfe_id,pro_codigo_plu,vfm_cantidad,vfm_unitario,vfm_total,vfm_entregado) VALUES (13371,780721075,1,1890,1890,@@@NO@@@)','',2,'2013-10-09'),(75532,'INSERT INTO mae_productos (pro_codigo_plu,pro_codigo_barra,pro_tipo,pro_nombre_producto,pro_nombre_corto,med_id,emb_id,pro_unidades_embalaje,dep_id,lin_id,mar_id,pro_precio_compra_neto,pro_precio_compra_bruto,pro_precio_venta,pro_margen_actual,pro_oferta,pro_fecha_inicio_oferta,pro_fecha_termino_oferta,pro_precio_oferta,pro_stock_minimo,pro_stock_critico,pro_entradas_bodega,pro_salidas_bodega,pro_mermas_bodega,pro_ajustes_bodega,pro_entradas_sv,pro_salidas_sv,pro_mermas_sv,pro_ajustes_sv,pro_activo,rec_numero,pro_unidad,pro_capacidad,pro_consumo_bodega,pro_consumo_sv,pro_estado,pro_funcion_plu,pro_flejes,pro_iva,pro_plu_asociado,pro_envase,pro_duracion,pro_numero_etiqueta) VALUES (780721928,@@@7804986000213@@@,@@@0@@@,@@@POLVO LENOX CARIBE COMPACTO@@@,@@@POLVO LENOX CARI@@@,@@@1 @@@,@@@6 @@@,@@@1@@@,@@@21 @@@,@@@125@@@,@@@2507@@@,@@@0@@@,@@@1170@@@,@@@1@@@,@@@-99.91@@@,@@@@@@,@@@2006.09.07@@@,@@@2006.09.07@@@,@@@0@@@,@@@2@@@,@@@1@@@,@@@0@@@,@@@0@@@,@@@0@@@,@@@0@@@,@@@0@@@,@@@0@@@,@@@0@@@,@@@0@@@,@@@1@@@,@@@0@@@,0,1,0,0,2,0,1,1,0,@@@NO@@@,0,0)','',2,'2013-10-09'),(75533,'DELETE FROM mae_impuestos_productos WHERE pro_codigo_plu=@@@780721928@@@','',2,'2013-10-09'),(75534,'INSERT INTO gne_vale_ferreteria (vfe_id,vfe_fecha,vfe_total,vfe_estado,vfe_entregado,usu_nusuario) VALUES (13372,@@@2013.10.09@@@,180,1,0,@@@G_DIAZ@@@)','',2,'2013-10-09'),(75535,'INSERT INTO gne_vale_ferreteria_mov (vfe_id,pro_codigo_plu,vfm_cantidad,vfm_unitario,vfm_total,vfm_entregado) VALUES (13372,764249,1,140,140,@@@NO@@@)','',2,'2013-10-09'),(75536,'INSERT INTO gne_vale_ferreteria_mov (vfe_id,pro_codigo_plu,vfm_cantidad,vfm_unitario,vfm_total,vfm_entregado) VALUES (13372,78017241,1,40,40,@@@NO@@@)','',2,'2013-10-09'),(75537,'INSERT INTO gne_vale_ferreteria (vfe_id,vfe_fecha,vfe_total,vfe_estado,vfe_entregado,usu_nusuario) VALUES (13373,@@@2013.10.09@@@,390,1,0,@@@G_DIAZ@@@)','',2,'2013-10-09'),(75538,'INSERT INTO gne_vale_ferreteria_mov (vfe_id,pro_codigo_plu,vfm_cantidad,vfm_unitario,vfm_total,vfm_entregado) VALUES (13373,763825,1,390,390,@@@NO@@@)','',2,'2013-10-09'),(75539,'INSERT INTO gne_vale_ferreteria (vfe_id,vfe_fecha,vfe_total,vfe_estado,vfe_entregado,usu_nusuario) VALUES (13374,@@@2013.10.09@@@,2360,1,0,@@@G_DIAZ@@@)','',2,'2013-10-09'),(75540,'INSERT INTO gne_vale_ferreteria_mov (vfe_id,pro_codigo_plu,vfm_cantidad,vfm_unitario,vfm_total,vfm_entregado) VALUES (13374,764402,1,890,890,@@@NO@@@)','',2,'2013-10-09'),(75541,'INSERT INTO gne_vale_ferreteria_mov (vfe_id,pro_codigo_plu,vfm_cantidad,vfm_unitario,vfm_total,vfm_entregado) VALUES (13374,764397,3,490,1470,@@@NO@@@)','',2,'2013-10-09'),(75542,'INSERT INTO gne_vale_ferreteria (vfe_id,vfe_fecha,vfe_total,vfe_estado,vfe_entregado,usu_nusuario) VALUES (13375,@@@2013.10.09@@@,360,1,0,@@@G_DIAZ@@@)','',2,'2013-10-09'),(75543,'INSERT INTO gne_vale_ferreteria_mov (vfe_id,pro_codigo_plu,vfm_cantidad,vfm_unitario,vfm_total,vfm_entregado) VALUES (13375,16430,1,160,160,@@@NO@@@)','',2,'2013-10-09'),(75544,'INSERT INTO gne_vale_ferreteria_mov (vfe_id,pro_codigo_plu,vfm_cantidad,vfm_unitario,vfm_total,vfm_entregado) VALUES (13375,770021,1,200,200,@@@NO@@@)','',2,'2013-10-09'),(75545,'INSERT INTO gne_vale_ferreteria (vfe_id,vfe_fecha,vfe_total,vfe_estado,vfe_entregado,usu_nusuario) VALUES (13376,@@@2013.10.09@@@,220,1,0,@@@G_DIAZ@@@)','',2,'2013-10-09'),(75546,'INSERT INTO gne_vale_ferreteria_mov (vfe_id,pro_codigo_plu,vfm_cantidad,vfm_unitario,vfm_total,vfm_entregado) VALUES (13376,1065,1,220,220,@@@NO@@@)','',2,'2013-10-09'),(75547,'INSERT INTO mae_productos (pro_codigo_plu,pro_codigo_barra,pro_tipo,pro_nombre_producto,pro_nombre_corto,med_id,emb_id,pro_unidades_embalaje,dep_id,lin_id,mar_id,pro_precio_compra_neto,pro_precio_compra_bruto,pro_precio_venta,pro_margen_actual,pro_oferta,pro_fecha_inicio_oferta,pro_fecha_termino_oferta,pro_precio_oferta,pro_stock_minimo,pro_stock_critico,pro_entradas_bodega,pro_salidas_bodega,pro_mermas_bodega,pro_ajustes_bodega,pro_entradas_sv,pro_salidas_sv,pro_mermas_sv,pro_ajustes_sv,pro_activo,rec_numero,pro_unidad,pro_capacidad,pro_consumo_bodega,pro_consumo_sv,pro_estado,pro_funcion_plu,pro_flejes,pro_iva,pro_plu_asociado,pro_envase,pro_duracion,pro_numero_etiqueta) VALUES (780721929,@@@7804986000237@@@,@@@0@@@,@@@POLVO LENOX NATURAL COMPACTO@@@,@@@POLVO LENOX NATU@@@,@@@1 @@@,@@@6 @@@,@@@1@@@,@@@21 @@@,@@@125@@@,@@@2507@@@,@@@0@@@,@@@1170@@@,@@@1@@@,@@@-99.91@@@,@@@@@@,@@@2006.09.07@@@,@@@2006.09.07@@@,@@@0@@@,@@@2@@@,@@@1@@@,@@@0@@@,@@@0@@@,@@@0@@@,@@@0@@@,@@@0@@@,@@@0@@@,@@@0@@@,@@@0@@@,@@@1@@@,@@@0@@@,0,1,0,0,2,0,1,1,0,@@@NO@@@,0,0)','',2,'2013-10-09'),(75548,'DELETE FROM mae_impuestos_productos WHERE pro_codigo_plu=@@@780721929@@@','',2,'2013-10-09'),(75549,'INSERT INTO mae_productos (pro_codigo_plu,pro_codigo_barra,pro_tipo,pro_nombre_producto,pro_nombre_corto,med_id,emb_id,pro_unidades_embalaje,dep_id,lin_id,mar_id,pro_precio_compra_neto,pro_precio_compra_bruto,pro_precio_venta,pro_margen_actual,pro_oferta,pro_fecha_inicio_oferta,pro_fecha_termino_oferta,pro_precio_oferta,pro_stock_minimo,pro_stock_critico,pro_entradas_bodega,pro_salidas_bodega,pro_mermas_bodega,pro_ajustes_bodega,pro_entradas_sv,pro_salidas_sv,pro_mermas_sv,pro_ajustes_sv,pro_activo,rec_numero,pro_unidad,pro_capacidad,pro_consumo_bodega,pro_consumo_sv,pro_estado,pro_funcion_plu,pro_flejes,pro_iva,pro_plu_asociado,pro_envase,pro_duracion,pro_numero_etiqueta) VALUES (780721930,@@@7804986000244@@@,@@@0@@@,@@@POLVO LENOX RACHEL COMPACTO@@@,@@@POLVO LENOX RACH@@@,@@@1 @@@,@@@6 @@@,@@@1@@@,@@@21 @@@,@@@125@@@,@@@2507@@@,@@@0@@@,@@@1170@@@,@@@1@@@,@@@-99.91@@@,@@@@@@,@@@2006.09.07@@@,@@@2006.09.07@@@,@@@0@@@,@@@2@@@,@@@1@@@,@@@0@@@,@@@0@@@,@@@0@@@,@@@0@@@,@@@0@@@,@@@0@@@,@@@0@@@,@@@0@@@,@@@1@@@,@@@0@@@,0,1,0,0,2,0,1,1,0,@@@NO@@@,0,0)','',2,'2013-10-09'),(75550,'DELETE FROM mae_impuestos_productos WHERE pro_codigo_plu=@@@780721930@@@','',2,'2013-10-09'),(75551,'INSERT INTO mae_productos (pro_codigo_plu,pro_codigo_barra,pro_tipo,pro_nombre_producto,pro_nombre_corto,med_id,emb_id,pro_unidades_embalaje,dep_id,lin_id,mar_id,pro_precio_compra_neto,pro_precio_compra_bruto,pro_precio_venta,pro_margen_actual,pro_oferta,pro_fecha_inicio_oferta,pro_fecha_termino_oferta,pro_precio_oferta,pro_stock_minimo,pro_stock_critico,pro_entradas_bodega,pro_salidas_bodega,pro_mermas_bodega,pro_ajustes_bodega,pro_entradas_sv,pro_salidas_sv,pro_mermas_sv,pro_ajustes_sv,pro_activo,rec_numero,pro_unidad,pro_capacidad,pro_consumo_bodega,pro_consumo_sv,pro_estado,pro_funcion_plu,pro_flejes,pro_iva,pro_plu_asociado,pro_envase,pro_duracion,pro_numero_etiqueta) VALUES (780721931,@@@7804986000206@@@,@@@0@@@,@@@POLVO LENOX ARENA COMPACTO@@@,@@@POLVO LENOX AREN@@@,@@@1 @@@,@@@6 @@@,@@@1@@@,@@@21 @@@,@@@125@@@,@@@2507@@@,@@@0@@@,@@@1170@@@,@@@1@@@,@@@-99.91@@@,@@@@@@,@@@2006.09.07@@@,@@@2006.09.07@@@,@@@0@@@,@@@2@@@,@@@1@@@,@@@0@@@,@@@0@@@,@@@0@@@,@@@0@@@,@@@0@@@,@@@0@@@,@@@0@@@,@@@0@@@,@@@1@@@,@@@0@@@,0,1,0,0,2,0,1,1,0,@@@NO@@@,0,0)','',2,'2013-10-09'),(75552,'DELETE FROM mae_impuestos_productos WHERE pro_codigo_plu=@@@780721931@@@','',2,'2013-10-09'),(75553,'INSERT INTO gne_vale_ferreteria (vfe_id,vfe_fecha,vfe_total,vfe_estado,vfe_entregado,usu_nusuario) VALUES (13377,@@@2013.10.09@@@,930,1,0,@@@G_DIAZ@@@)','',2,'2013-10-09'),(75554,'INSERT INTO gne_vale_ferreteria_mov (vfe_id,pro_codigo_plu,vfm_cantidad,vfm_unitario,vfm_total,vfm_entregado) VALUES (13377,11670,1,930,930,@@@NO@@@)','',2,'2013-10-09'),(75555,'UPDATE mae_productos SET pro_precio_compra_bruto=1320,pro_margen_actual=(pro_precio_venta-1320)/1320 * 100,pro_ultima_compra=@@@2013.10.09@@@,pro_ultimo_proveedor=@@@6200580-7@@@ WHERE pro_codigo_plu=101563','',2,'2013-10-09'),(75556,'UPDATE mae_productos SET pro_precio_compra_bruto=1320,pro_margen_actual=(pro_precio_venta-1320)/1320 * 100,pro_ultima_compra=@@@2013.10.09@@@,pro_ultimo_proveedor=@@@6200580-7@@@ WHERE pro_codigo_plu=20477','',2,'2013-10-09'),(75557,'UPDATE mae_productos SET pro_precio_compra_bruto=1320,pro_margen_actual=(pro_precio_venta-1320)/1320 * 100,pro_ultima_compra=@@@2013.10.09@@@,pro_ultimo_proveedor=@@@6200580-7@@@ WHERE pro_codigo_plu=780721919','',2,'2013-10-09'),(75558,'UPDATE mae_productos SET pro_precio_compra_bruto=1320,pro_margen_actual=(pro_precio_venta-1320)/1320 * 100,pro_ultima_compra=@@@2013.10.09@@@,pro_ultimo_proveedor=@@@6200580-7@@@ WHERE pro_codigo_plu=20489','',2,'2013-10-09'),(75559,'UPDATE mae_productos SET pro_precio_compra_bruto=1320,pro_margen_actual=(pro_precio_venta-1320)/1320 * 100,pro_ultima_compra=@@@2013.10.09@@@,pro_ultimo_proveedor=@@@6200580-7@@@ WHERE pro_codigo_plu=780721920','',2,'2013-10-09'),(75560,'UPDATE mae_productos SET pro_precio_compra_bruto=1320,pro_margen_actual=(pro_precio_venta-1320)/1320 * 100,pro_ultima_compra=@@@2013.10.09@@@,pro_ultimo_proveedor=@@@6200580-7@@@ WHERE pro_codigo_plu=763697','',2,'2013-10-09'),(75561,'UPDATE mae_productos SET pro_precio_compra_bruto=1320,pro_margen_actual=(pro_precio_venta-1320)/1320 * 100,pro_ultima_compra=@@@2013.10.09@@@,pro_ultimo_proveedor=@@@6200580-7@@@ WHERE pro_codigo_plu=780721316','',2,'2013-10-09'),(75562,'UPDATE mae_productos SET pro_precio_compra_bruto=1320,pro_margen_actual=(pro_precio_venta-1320)/1320 * 100,pro_ultima_compra=@@@2013.10.09@@@,pro_ultimo_proveedor=@@@6200580-7@@@ WHERE pro_codigo_plu=780721921','',2,'2013-10-09'),(75563,'UPDATE mae_productos SET pro_precio_compra_bruto=1320,pro_margen_actual=(pro_precio_venta-1320)/1320 * 100,pro_ultima_compra=@@@2013.10.09@@@,pro_ultimo_proveedor=@@@6200580-7@@@ WHERE pro_codigo_plu=20476','',2,'2013-10-09'),(75564,'UPDATE mae_productos SET pro_precio_compra_bruto=1580,pro_margen_actual=(pro_precio_venta-1580)/1580 * 100,pro_ultima_compra=@@@2013.10.09@@@,pro_ultimo_proveedor=@@@6200580-7@@@ WHERE pro_codigo_plu=761754','',2,'2013-10-09'),(75565,'UPDATE mae_productos SET pro_precio_compra_bruto=1760,pro_margen_actual=(pro_precio_venta-1760)/1760 * 100,pro_ultima_compra=@@@2013.10.09@@@,pro_ultimo_proveedor=@@@6200580-7@@@ WHERE pro_codigo_plu=780721922','',2,'2013-10-09'),(75566,'UPDATE mae_productos SET pro_precio_compra_bruto=305,pro_margen_actual=(pro_precio_venta-305)/305 * 100,pro_ultima_compra=@@@2013.10.09@@@,pro_ultimo_proveedor=@@@6200580-7@@@ WHERE pro_codigo_plu=764155','',2,'2013-10-09'),(75567,'UPDATE mae_productos SET pro_precio_compra_bruto=590,pro_margen_actual=(pro_precio_venta-590)/590 * 100,pro_ultima_compra=@@@2013.10.09@@@,pro_ultimo_proveedor=@@@6200580-7@@@ WHERE pro_codigo_plu=19956','',2,'2013-10-09'),(75568,'UPDATE mae_productos SET pro_precio_compra_bruto=810,pro_margen_actual=(pro_precio_venta-810)/810 * 100,pro_ultima_compra=@@@2013.10.09@@@,pro_ultimo_proveedor=@@@6200580-7@@@ WHERE pro_codigo_plu=19952','',2,'2013-10-09'),(75569,'UPDATE mae_productos SET pro_precio_compra_bruto=930,pro_margen_actual=(pro_precio_venta-930)/930 * 100,pro_ultima_compra=@@@2013.10.09@@@,pro_ultimo_proveedor=@@@6200580-7@@@ WHERE pro_codigo_plu=780721923','',2,'2013-10-09'),(75570,'UPDATE mae_productos SET pro_precio_compra_bruto=610,pro_margen_actual=(pro_precio_venta-610)/610 * 100,pro_ultima_compra=@@@2013.10.09@@@,pro_ultimo_proveedor=@@@6200580-7@@@ WHERE pro_codigo_plu=101657','',2,'2013-10-09'),(75571,'UPDATE mae_productos SET pro_precio_compra_bruto=770,pro_margen_actual=(pro_precio_venta-770)/770 * 100,pro_ultima_compra=@@@2013.10.09@@@,pro_ultimo_proveedor=@@@6200580-7@@@ WHERE pro_codigo_plu=764564','',2,'2013-10-09'),(75572,'UPDATE mae_productos SET pro_precio_compra_bruto=1050,pro_margen_actual=(pro_precio_venta-1050)/1050 * 100,pro_ultima_compra=@@@2013.10.09@@@,pro_ultimo_proveedor=@@@6200580-7@@@ WHERE pro_codigo_plu=11730','',2,'2013-10-09'),(75573,'UPDATE mae_productos SET pro_precio_compra_bruto=1050,pro_margen_actual=(pro_precio_venta-1050)/1050 * 100,pro_ultima_compra=@@@2013.10.09@@@,pro_ultimo_proveedor=@@@6200580-7@@@ WHERE pro_codigo_plu=780220149','',2,'2013-10-09'),(75574,'UPDATE mae_productos SET pro_precio_compra_bruto=120,pro_margen_actual=(pro_precio_venta-120)/120 * 100,pro_ultima_compra=@@@2013.10.09@@@,pro_ultimo_proveedor=@@@6200580-7@@@ WHERE pro_codigo_plu=293535','',2,'2013-10-09'),(75575,'UPDATE mae_productos SET pro_precio_compra_bruto=270,pro_margen_actual=(pro_precio_venta-270)/270 * 100,pro_ultima_compra=@@@2013.10.09@@@,pro_ultimo_proveedor=@@@6200580-7@@@ WHERE pro_codigo_plu=780721103','',2,'2013-10-09'),(75576,'UPDATE mae_productos SET pro_precio_compra_bruto=95,pro_margen_actual=(pro_precio_venta-95)/95 * 100,pro_ultima_compra=@@@2013.10.09@@@,pro_ultimo_proveedor=@@@6200580-7@@@ WHERE pro_codigo_plu=780721924','',2,'2013-10-09'),(75577,'UPDATE mae_productos SET pro_precio_compra_bruto=490,pro_margen_actual=(pro_precio_venta-490)/490 * 100,pro_ultima_compra=@@@2013.10.09@@@,pro_ultimo_proveedor=@@@6200580-7@@@ WHERE pro_codigo_plu=762256','',2,'2013-10-09'),(75578,'UPDATE mae_productos SET pro_precio_compra_bruto=490,pro_margen_actual=(pro_precio_venta-490)/490 * 100,pro_ultima_compra=@@@2013.10.09@@@,pro_ultimo_proveedor=@@@6200580-7@@@ WHERE pro_codigo_plu=763935','',2,'2013-10-09'),(75579,'UPDATE mae_productos SET pro_precio_compra_bruto=490,pro_margen_actual=(pro_precio_venta-490)/490 * 100,pro_ultima_compra=@@@2013.10.09@@@,pro_ultimo_proveedor=@@@6200580-7@@@ WHERE pro_codigo_plu=10989','',2,'2013-10-09'),(75580,'UPDATE mae_productos SET pro_precio_compra_bruto=490,pro_margen_actual=(pro_precio_venta-490)/490 * 100,pro_ultima_compra=@@@2013.10.09@@@,pro_ultimo_proveedor=@@@6200580-7@@@ WHERE pro_codigo_plu=780721428','',2,'2013-10-09'),(75581,'UPDATE mae_productos SET pro_precio_compra_bruto=490,pro_margen_actual=(pro_precio_venta-490)/490 * 100,pro_ultima_compra=@@@2013.10.09@@@,pro_ultimo_proveedor=@@@6200580-7@@@ WHERE pro_codigo_plu=763933','',2,'2013-10-09'),(75582,'UPDATE mae_productos SET pro_precio_compra_bruto=490,pro_margen_actual=(pro_precio_venta-490)/490 * 100,pro_ultima_compra=@@@2013.10.09@@@,pro_ultimo_proveedor=@@@6200580-7@@@ WHERE pro_codigo_plu=780721925','',2,'2013-10-09'),(75583,'UPDATE mae_productos SET pro_precio_compra_bruto=490,pro_margen_actual=(pro_precio_venta-490)/490 * 100,pro_ultima_compra=@@@2013.10.09@@@,pro_ultimo_proveedor=@@@6200580-7@@@ WHERE pro_codigo_plu=100397','',2,'2013-10-09'),(75584,'UPDATE mae_productos SET pro_precio_compra_bruto=490,pro_margen_actual=(pro_precio_venta-490)/490 * 100,pro_ultima_compra=@@@2013.10.09@@@,pro_ultimo_proveedor=@@@6200580-7@@@ WHERE pro_codigo_plu=78017050','',2,'2013-10-09'),(75585,'UPDATE mae_productos SET pro_precio_compra_bruto=490,pro_margen_actual=(pro_precio_venta-490)/490 * 100,pro_ultima_compra=@@@2013.10.09@@@,pro_ultimo_proveedor=@@@6200580-7@@@ WHERE pro_codigo_plu=100365','',2,'2013-10-09'),(75586,'UPDATE mae_productos SET pro_precio_compra_bruto=490,pro_margen_actual=(pro_precio_venta-490)/490 * 100,pro_ultima_compra=@@@2013.10.09@@@,pro_ultimo_proveedor=@@@6200580-7@@@ WHERE pro_codigo_plu=762251','',2,'2013-10-09'),(75587,'UPDATE mae_productos SET pro_precio_compra_bruto=490,pro_margen_actual=(pro_precio_venta-490)/490 * 100,pro_ultima_compra=@@@2013.10.09@@@,pro_ultimo_proveedor=@@@6200580-7@@@ WHERE pro_codigo_plu=8829','',2,'2013-10-09'),(75588,'UPDATE mae_productos SET pro_precio_compra_bruto=490,pro_margen_actual=(pro_precio_venta-490)/490 * 100,pro_ultima_compra=@@@2013.10.09@@@,pro_ultimo_proveedor=@@@6200580-7@@@ WHERE pro_codigo_plu=10159','',2,'2013-10-09'),(75589,'UPDATE mae_productos SET pro_precio_compra_bruto=710,pro_margen_actual=(pro_precio_venta-710)/710 * 100,pro_ultima_compra=@@@2013.10.09@@@,pro_ultimo_proveedor=@@@6200580-7@@@ WHERE pro_codigo_plu=780721926','',2,'2013-10-09'),(75590,'UPDATE mae_productos SET pro_precio_compra_bruto=40.83,pro_margen_actual=(pro_precio_venta-40.83)/40.83 * 100,pro_ultima_compra=@@@2013.10.09@@@,pro_ultimo_proveedor=@@@6200580-7@@@ WHERE pro_codigo_plu=78017238','',2,'2013-10-09'),(75591,'UPDATE mae_productos SET pro_precio_compra_bruto=300,pro_margen_actual=(pro_precio_venta-300)/300 * 100,pro_ultima_compra=@@@2013.10.09@@@,pro_ultimo_proveedor=@@@6200580-7@@@ WHERE pro_codigo_plu=780721573','',2,'2013-10-09'),(75592,'UPDATE mae_productos SET pro_precio_compra_bruto=715,pro_margen_actual=(pro_precio_venta-715)/715 * 100,pro_ultima_compra=@@@2013.10.09@@@,pro_ultimo_proveedor=@@@6200580-7@@@ WHERE pro_codigo_plu=101434','',2,'2013-10-09'),(75593,'UPDATE mae_productos SET pro_precio_compra_bruto=460,pro_margen_actual=(pro_precio_venta-460)/460 * 100,pro_ultima_compra=@@@2013.10.09@@@,pro_ultimo_proveedor=@@@6200580-7@@@ WHERE pro_codigo_plu=764043','',2,'2013-10-09'),(75594,'UPDATE mae_productos SET pro_precio_compra_bruto=200,pro_margen_actual=(pro_precio_venta-200)/200 * 100,pro_ultima_compra=@@@2013.10.09@@@,pro_ultimo_proveedor=@@@6200580-7@@@ WHERE pro_codigo_plu=764074','',2,'2013-10-09'),(75595,'UPDATE mae_productos SET pro_precio_compra_bruto=1070,pro_margen_actual=(pro_precio_venta-1070)/1070 * 100,pro_ultima_compra=@@@2013.10.09@@@,pro_ultimo_proveedor=@@@6200580-7@@@ WHERE pro_codigo_plu=780721927','',2,'2013-10-09'),(75596,'UPDATE mae_productos SET pro_precio_compra_bruto=1290,pro_margen_actual=(pro_precio_venta-1290)/1290 * 100,pro_ultima_compra=@@@2013.10.09@@@,pro_ultimo_proveedor=@@@6200580-7@@@ WHERE pro_codigo_plu=12222','',2,'2013-10-09'),(75597,'UPDATE mae_productos SET pro_precio_compra_bruto=790,pro_margen_actual=(pro_precio_venta-790)/790 * 100,pro_ultima_compra=@@@2013.10.09@@@,pro_ultimo_proveedor=@@@6200580-7@@@ WHERE pro_codigo_plu=764037','',2,'2013-10-09'),(75598,'UPDATE mae_productos SET pro_precio_compra_bruto=670,pro_margen_actual=(pro_precio_venta-670)/670 * 100,pro_ultima_compra=@@@2013.10.09@@@,pro_ultimo_proveedor=@@@6200580-7@@@ WHERE pro_codigo_plu=780721752','',2,'2013-10-09'),(75599,'UPDATE mae_productos SET pro_precio_compra_bruto=62.5,pro_margen_actual=(pro_precio_venta-62.5)/62.5 * 100,pro_ultima_compra=@@@2013.10.09@@@,pro_ultimo_proveedor=@@@6200580-7@@@ WHERE pro_codigo_plu=764702','',2,'2013-10-09'),(75600,'INSERT INTO mae_productos (pro_codigo_plu,pro_codigo_barra,pro_tipo,pro_nombre_producto,pro_nombre_corto,med_id,emb_id,pro_unidades_embalaje,dep_id,lin_id,mar_id,pro_precio_compra_neto,pro_precio_compra_bruto,pro_precio_venta,pro_margen_actual,pro_oferta,pro_fecha_inicio_oferta,pro_fecha_termino_oferta,pro_precio_oferta,pro_stock_minimo,pro_stock_critico,pro_entradas_bodega,pro_salidas_bodega,pro_mermas_bodega,pro_ajustes_bodega,pro_entradas_sv,pro_salidas_sv,pro_mermas_sv,pro_ajustes_sv,pro_activo,rec_numero,pro_unidad,pro_capacidad,pro_consumo_bodega,pro_consumo_sv,pro_estado,pro_funcion_plu,pro_flejes,pro_iva,pro_plu_asociado,pro_envase,pro_duracion,pro_numero_etiqueta) VALUES (780721932,@@@7804986001609@@@,@@@0@@@,@@@BASE  MAQUILLAJE GATSBY@@@,@@@BASE  MAQUILLAJE@@@,@@@1 @@@,@@@6 @@@,@@@1@@@,@@@21 @@@,@@@125@@@,@@@2507@@@,@@@0@@@,@@@850@@@,@@@1@@@,@@@-99.88@@@,@@@@@@,@@@2006.09.07@@@,@@@2006.09.07@@@,@@@0@@@,@@@2@@@,@@@1@@@,@@@0@@@,@@@0@@@,@@@0@@@,@@@0@@@,@@@0@@@,@@@0@@@,@@@0@@@,@@@0@@@,@@@1@@@,@@@0@@@,0,1,0,0,2,0,1,1,0,@@@NO@@@,0,0)','',2,'2013-10-09'),(75601,'DELETE FROM mae_impuestos_productos WHERE pro_codigo_plu=@@@780721932@@@','',2,'2013-10-09'),(75602,'UPDATE mae_productos SET pro_precio_venta=390,pro_margen_actual= 225 WHERE pro_codigo_plu=293535','',2,'2013-10-09'),(75603,'UPDATE mae_productos SET pro_precio_venta=1590,pro_margen_actual= 51.43 WHERE pro_codigo_plu=11730','',2,'2013-10-09'),(75604,'UPDATE mae_productos SET pro_precio_venta=1490,pro_margen_actual= 41.9 WHERE pro_codigo_plu=780220149','',2,'2013-10-09'),(75605,'UPDATE mae_productos SET pro_precio_venta=590,pro_margen_actual= 118.52 WHERE pro_codigo_plu=780721103','',2,'2013-10-09'),(75606,'UPDATE mae_productos SET pro_precio_venta=1100,pro_margen_actual= 54.93 WHERE pro_codigo_plu=780721926','',2,'2013-10-09'),(75607,'UPDATE mae_productos SET pro_precio_venta=200,pro_margen_actual= 110.53 WHERE pro_codigo_plu=780721924','',2,'2013-10-09'),(75608,'UPDATE mae_productos SET pro_precio_venta=1990,pro_margen_actual= 50.76 WHERE pro_codigo_plu=780721920','',2,'2013-10-09'),(75609,'UPDATE mae_productos SET pro_precio_venta=1990,pro_margen_actual= 50.76 WHERE pro_codigo_plu=780721316','',2,'2013-10-09'),(75610,'UPDATE mae_productos SET pro_precio_venta=1990,pro_margen_actual= 50.76 WHERE pro_codigo_plu=780721919','',2,'2013-10-09'),(75611,'UPDATE mae_productos SET pro_precio_venta=1990,pro_margen_actual= 50.76 WHERE pro_codigo_plu=780721921','',2,'2013-10-09'),(75612,'UPDATE mae_productos SET pro_precio_venta=1990,pro_margen_actual= 50.76 WHERE pro_codigo_plu=20489','',2,'2013-10-09'),(75613,'UPDATE mae_productos SET pro_precio_venta=2390,pro_margen_actual= 51.27 WHERE pro_codigo_plu=761754','',2,'2013-10-09'),(75614,'UPDATE mae_productos SET pro_precio_venta=2690,pro_margen_actual= 52.84 WHERE pro_codigo_plu=780721922','',2,'2013-10-09'),(75615,'UPDATE mae_productos SET pro_precio_venta=1395,pro_margen_actual= 50 WHERE pro_codigo_plu=780721923','',2,'2013-10-09'),(75616,'UPDATE mae_productos SET pro_precio_venta=1100,pro_margen_actual= 80.33 WHERE pro_codigo_plu=101657','',2,'2013-10-09'),(75617,'UPDATE mae_productos SET pro_precio_venta=1890,pro_margen_actual= 46.51 WHERE pro_codigo_plu=12222','',2,'2013-10-09'),(75618,'UPDATE mae_productos SET pro_precio_venta=1690,pro_margen_actual= 57.94 WHERE pro_codigo_plu=780721927','',2,'2013-10-09'),(75619,'UPDATE mae_productos SET pro_precio_venta=750,pro_margen_actual= 53.06 WHERE pro_codigo_plu=762256','',2,'2013-10-09'),(75620,'UPDATE mae_productos SET pro_precio_venta=750,pro_margen_actual= 53.06 WHERE pro_codigo_plu=8829','',2,'2013-10-09'),(75621,'UPDATE mae_productos SET pro_precio_venta=750,pro_margen_actual= 53.06 WHERE pro_codigo_plu=10159','',2,'2013-10-09'),(75622,'UPDATE mae_productos SET pro_precio_venta=750,pro_margen_actual= 53.06 WHERE pro_codigo_plu=78017050','',2,'2013-10-09'),(75623,'UPDATE mae_productos SET pro_precio_venta=750,pro_margen_actual= 53.06 WHERE pro_codigo_plu=762251','',2,'2013-10-09'),(75624,'UPDATE mae_productos SET pro_precio_venta=750,pro_margen_actual= 53.06 WHERE pro_codigo_plu=10989','',2,'2013-10-09'),(75625,'UPDATE mae_productos SET pro_precio_venta=750,pro_margen_actual= 53.06 WHERE pro_codigo_plu=763935','',2,'2013-10-09'),(75626,'UPDATE mae_productos SET pro_precio_venta=750,pro_margen_actual= 53.06 WHERE pro_codigo_plu=763933','',2,'2013-10-09'),(75627,'UPDATE mae_productos SET pro_precio_venta=750,pro_margen_actual= 53.06 WHERE pro_codigo_plu=780721925','',2,'2013-10-09'),(75628,'INSERT INTO com_ventas_grupo (vgr_fecha,vgr_grupo,vgr_cantidad,vgr_total) VALUES (@@@2013.10.09@@@,1,182.415,124015)','',2,'2013-10-10'),(75629,'INSERT INTO com_ventas_grupo (vgr_fecha,vgr_grupo,vgr_cantidad,vgr_total) VALUES (@@@2013.10.09@@@,2,210.215,127468)','',2,'2013-10-10'),(75630,'INSERT INTO com_ventas_grupo (vgr_fecha,vgr_grupo,vgr_cantidad,vgr_total) VALUES (@@@2013.10.09@@@,3,282,66058)','',2,'2013-10-10'),(75631,'INSERT INTO com_ventas_grupo (vgr_fecha,vgr_grupo,vgr_cantidad,vgr_total) VALUES (@@@2013.10.09@@@,4,85,73840)','',2,'2013-10-10'),(75632,'INSERT INTO com_ventas_grupo (vgr_fecha,vgr_grupo,vgr_cantidad,vgr_total) VALUES (@@@2013.10.09@@@,5,4,3560)','',2,'2013-10-10'),(75633,'INSERT INTO com_ventas_grupo (vgr_fecha,vgr_grupo,vgr_cantidad,vgr_total) VALUES (@@@2013.10.09@@@,6,7,14843)','',2,'2013-10-10'),(75634,'INSERT INTO com_ventas_grupo (vgr_fecha,vgr_grupo,vgr_cantidad,vgr_total) VALUES (@@@2013.10.09@@@,7,47,80949)','',2,'2013-10-10'),(75635,'INSERT INTO com_ventas_grupo (vgr_fecha,vgr_grupo,vgr_cantidad,vgr_total) VALUES (@@@2013.10.09@@@,8,38,18500)','',2,'2013-10-10'),(75636,'INSERT INTO com_ventas_grupo (vgr_fecha,vgr_grupo,vgr_cantidad,vgr_total) VALUES (@@@2013.10.09@@@,9,60.08,111939)','',2,'2013-10-10'),(75637,'INSERT INTO com_ventas_grupo (vgr_fecha,vgr_grupo,vgr_cantidad,vgr_total) VALUES (@@@2013.10.09@@@,10,30.125,85064)','',2,'2013-10-10'),(75638,'INSERT INTO com_ventas_grupo (vgr_fecha,vgr_grupo,vgr_cantidad,vgr_total) VALUES (@@@2013.10.09@@@,11,11.33,40520)','',2,'2013-10-10'),(75639,'INSERT INTO com_ventas_grupo (vgr_fecha,vgr_grupo,vgr_cantidad,vgr_total) VALUES (@@@2013.10.09@@@,12,34.94,57627)','',2,'2013-10-10'),(75640,'INSERT INTO com_ventas_grupo (vgr_fecha,vgr_grupo,vgr_cantidad,vgr_total) VALUES (@@@2013.10.09@@@,13,9.18,18346)','',2,'2013-10-10'),(75641,'INSERT INTO com_ventas_grupo (vgr_fecha,vgr_grupo,vgr_cantidad,vgr_total) VALUES (@@@2013.10.09@@@,14,88.05,79588)','',2,'2013-10-10'),(75642,'INSERT INTO com_ventas_grupo (vgr_fecha,vgr_grupo,vgr_cantidad,vgr_total) VALUES (@@@2013.10.09@@@,16,2,300)','',2,'2013-10-10'),(75643,'INSERT INTO com_ventas_grupo (vgr_fecha,vgr_grupo,vgr_cantidad,vgr_total) VALUES (@@@2013.10.09@@@,18,164.595,97930)','',2,'2013-10-10'),(75644,'INSERT INTO com_ventas_grupo (vgr_fecha,vgr_grupo,vgr_cantidad,vgr_total) VALUES (@@@2013.10.09@@@,19,4,5840)','',2,'2013-10-10'),(75645,'INSERT INTO com_ventas_grupo (vgr_fecha,vgr_grupo,vgr_cantidad,vgr_total) VALUES (@@@2013.10.09@@@,20,229.16,77174)','',2,'2013-10-10'),(75646,'INSERT INTO com_ventas_grupo (vgr_fecha,vgr_grupo,vgr_cantidad,vgr_total) VALUES (@@@2013.10.09@@@,21,55,43130)','',2,'2013-10-10'),(75647,'INSERT INTO com_ventas_grupo (vgr_fecha,vgr_grupo,vgr_cantidad,vgr_total) VALUES (@@@2013.10.09@@@,22,1,1590)','',2,'2013-10-10'),(75648,'INSERT INTO com_ventas_grupo (vgr_fecha,vgr_grupo,vgr_cantidad,vgr_total) VALUES (@@@2013.10.09@@@,24,153,35000)','',2,'2013-10-10'),(75649,'INSERT INTO com_ventas_grupo (vgr_fecha,vgr_grupo,vgr_cantidad,vgr_total) VALUES (@@@2013.10.09@@@,25,95,140000)','',2,'2013-10-10'),(75650,'INSERT INTO com_ventas_grupo (vgr_fecha,vgr_grupo,vgr_cantidad,vgr_total) VALUES (@@@2013.10.09@@@,27,3,3270)','',2,'2013-10-10'),(75651,'INSERT INTO com_ventas_grupo (vgr_fecha,vgr_grupo,vgr_cantidad,vgr_total) VALUES (@@@2013.10.09@@@,31,13,11910)','',2,'2013-10-10'),(75652,'INSERT INTO com_ventas_grupo (vgr_fecha,vgr_grupo,vgr_cantidad,vgr_total) VALUES (@@@2013.10.09@@@,32,290,84791)','',2,'2013-10-10'),(75653,'INSERT INTO com_ventas_grupo (vgr_fecha,vgr_grupo,vgr_cantidad,vgr_total) VALUES (@@@2013.10.09@@@,33,2,4700)','',2,'2013-10-10'),(75654,'INSERT INTO com_ventas_grupo (vgr_fecha,vgr_grupo,vgr_cantidad,vgr_total) VALUES (@@@2013.10.09@@@,34,1,1250)','',2,'2013-10-10'),(75655,'INSERT INTO com_ventas_grupo (vgr_fecha,vgr_grupo,vgr_cantidad,vgr_total) VALUES (@@@2013.10.09@@@,35,27,36454)','',2,'2013-10-10'),(75656,'INSERT INTO com_ventas_grupo (vgr_fecha,vgr_grupo,vgr_cantidad,vgr_total) VALUES (@@@2013.10.09@@@,36,11,2630)','',2,'2013-10-10'),(75657,'INSERT INTO com_ventas_grupo (vgr_fecha,vgr_grupo,vgr_cantidad,vgr_total) VALUES (@@@2013.10.09@@@,38,2,2680)','',2,'2013-10-10'),(75658,'INSERT INTO com_ventas_grupo (vgr_fecha,vgr_grupo,vgr_cantidad,vgr_total) VALUES (@@@2013.10.09@@@,39,8,6780)','',2,'2013-10-10'),(75659,'INSERT INTO com_ventas_grupo (vgr_fecha,vgr_grupo,vgr_cantidad,vgr_total) VALUES (@@@2013.10.09@@@,42,28.81,22690)','',2,'2013-10-10'),(75660,'INSERT INTO com_ventas_grupo (vgr_fecha,vgr_grupo,vgr_cantidad,vgr_total) VALUES (@@@2013.10.09@@@,44,3,3548)','',2,'2013-10-10'),(75661,'UPDATE mae_datos_empresa SET emp_oferta=@@@NO@@@','',2,'2013-10-10'),(75662,'INSERT INTO mae_productos (pro_codigo_plu,pro_codigo_barra,pro_tipo,pro_nombre_producto,pro_nombre_corto,med_id,emb_id,pro_unidades_embalaje,dep_id,lin_id,mar_id,pro_precio_compra_neto,pro_precio_compra_bruto,pro_precio_venta,pro_margen_actual,pro_oferta,pro_fecha_inicio_oferta,pro_fecha_termino_oferta,pro_precio_oferta,pro_stock_minimo,pro_stock_critico,pro_entradas_bodega,pro_salidas_bodega,pro_mermas_bodega,pro_ajustes_bodega,pro_entradas_sv,pro_salidas_sv,pro_mermas_sv,pro_ajustes_sv,pro_activo,rec_numero,pro_unidad,pro_capacidad,pro_consumo_bodega,pro_consumo_sv,pro_estado,pro_funcion_plu,pro_flejes,pro_iva,pro_plu_asociado,pro_envase,pro_duracion,pro_numero_etiqueta) VALUES (780721933,@@@7803564000249@@@,@@@0@@@,@@@COLONIA RUSSO GOLD EDITION 55 ML@@@,@@@COLONIA RUSSO GO@@@,@@@7 @@@,@@@6 @@@,@@@1@@@,@@@21 @@@,@@@116@@@,@@@2507@@@,@@@0@@@,@@@790@@@,@@@1@@@,@@@-99.87@@@,@@@@@@,@@@2006.09.07@@@,@@@2006.09.07@@@,@@@0@@@,@@@2@@@,@@@1@@@,@@@0@@@,@@@0@@@,@@@0@@@,@@@0@@@,@@@0@@@,@@@0@@@,@@@0@@@,@@@0@@@,@@@1@@@,@@@0@@@,0,55,0,0,2,0,1,1,0,@@@NO@@@,0,0)','',2,'2013-10-10'),(75663,'DELETE FROM mae_impuestos_productos WHERE pro_codigo_plu=@@@780721933@@@','',2,'2013-10-10'),(75664,'INSERT INTO mae_productos (pro_codigo_plu,pro_codigo_barra,pro_tipo,pro_nombre_producto,pro_nombre_corto,med_id,emb_id,pro_unidades_embalaje,dep_id,lin_id,mar_id,pro_precio_compra_neto,pro_precio_compra_bruto,pro_precio_venta,pro_margen_actual,pro_oferta,pro_fecha_inicio_oferta,pro_fecha_termino_oferta,pro_precio_oferta,pro_stock_minimo,pro_stock_critico,pro_entradas_bodega,pro_salidas_bodega,pro_mermas_bodega,pro_ajustes_bodega,pro_entradas_sv,pro_salidas_sv,pro_mermas_sv,pro_ajustes_sv,pro_activo,rec_numero,pro_unidad,pro_capacidad,pro_consumo_bodega,pro_consumo_sv,pro_estado,pro_funcion_plu,pro_flejes,pro_iva,pro_plu_asociado,pro_envase,pro_duracion,pro_numero_etiqueta) VALUES (780721934,@@@7805810185397@@@,@@@0@@@,@@@MEDIA PANTALON APRICOT CAFFARENA@@@,@@@MEDIA PANTALON A@@@,@@@1 @@@,@@@6 @@@,@@@1@@@,@@@21 @@@,@@@125@@@,@@@225@@@,@@@0@@@,@@@750@@@,@@@1@@@,@@@-99.87@@@,@@@@@@,@@@2006.09.07@@@,@@@2006.09.07@@@,@@@0@@@,@@@2@@@,@@@1@@@,@@@0@@@,@@@0@@@,@@@0@@@,@@@0@@@,@@@0@@@,@@@0@@@,@@@0@@@,@@@0@@@,@@@1@@@,@@@0@@@,0,1,0,0,2,0,1,1,0,@@@NO@@@,0,0)','',2,'2013-10-10'),(75665,'DELETE FROM mae_impuestos_productos WHERE pro_codigo_plu=@@@780721934@@@','',2,'2013-10-10'),(75666,'INSERT INTO mae_productos (pro_codigo_plu,pro_codigo_barra,pro_tipo,pro_nombre_producto,pro_nombre_corto,med_id,emb_id,pro_unidades_embalaje,dep_id,lin_id,mar_id,pro_precio_compra_neto,pro_precio_compra_bruto,pro_precio_venta,pro_margen_actual,pro_oferta,pro_fecha_inicio_oferta,pro_fecha_termino_oferta,pro_precio_oferta,pro_stock_minimo,pro_stock_critico,pro_entradas_bodega,pro_salidas_bodega,pro_mermas_bodega,pro_ajustes_bodega,pro_entradas_sv,pro_salidas_sv,pro_mermas_sv,pro_ajustes_sv,pro_activo,rec_numero,pro_unidad,pro_capacidad,pro_consumo_bodega,pro_consumo_sv,pro_estado,pro_funcion_plu,pro_flejes,pro_iva,pro_plu_asociado,pro_envase,pro_duracion,pro_numero_etiqueta) VALUES (780721935,@@@7805810185335@@@,@@@0@@@,@@@MEDIA PANTALON AMBAR CAFFARENA@@@,@@@MEDIA PANTALON A@@@,@@@1 @@@,@@@6 @@@,@@@1@@@,@@@21 @@@,@@@125@@@,@@@225@@@,@@@0@@@,@@@750@@@,@@@1@@@,@@@-99.87@@@,@@@@@@,@@@2006.09.07@@@,@@@2006.09.07@@@,@@@0@@@,@@@2@@@,@@@1@@@,@@@0@@@,@@@0@@@,@@@0@@@,@@@0@@@,@@@0@@@,@@@0@@@,@@@0@@@,@@@0@@@,@@@1@@@,@@@0@@@,0,1,0,0,2,0,1,1,0,@@@NO@@@,0,0)','',2,'2013-10-10'),(75667,'DELETE FROM mae_impuestos_productos WHERE pro_codigo_plu=@@@780721935@@@','',2,'2013-10-10'),(75668,'INSERT INTO mae_productos (pro_codigo_plu,pro_codigo_barra,pro_tipo,pro_nombre_producto,pro_nombre_corto,med_id,emb_id,pro_unidades_embalaje,dep_id,lin_id,mar_id,pro_precio_compra_neto,pro_precio_compra_bruto,pro_precio_venta,pro_margen_actual,pro_oferta,pro_fecha_inicio_oferta,pro_fecha_termino_oferta,pro_precio_oferta,pro_stock_minimo,pro_stock_critico,pro_entradas_bodega,pro_salidas_bodega,pro_mermas_bodega,pro_ajustes_bodega,pro_entradas_sv,pro_salidas_sv,pro_mermas_sv,pro_ajustes_sv,pro_activo,rec_numero,pro_unidad,pro_capacidad,pro_consumo_bodega,pro_consumo_sv,pro_estado,pro_funcion_plu,pro_flejes,pro_iva,pro_plu_asociado,pro_envase,pro_duracion,pro_numero_etiqueta) VALUES (780721936,@@@7805810185359@@@,@@@0@@@,@@@MEDIA PANTALON ALMENDRA CAFFARENA@@@,@@@MEDIA PANTALON A@@@,@@@1 @@@,@@@6 @@@,@@@1@@@,@@@21 @@@,@@@125@@@,@@@225@@@,@@@0@@@,@@@750@@@,@@@1@@@,@@@-99.87@@@,@@@@@@,@@@2006.09.07@@@,@@@2006.09.07@@@,@@@0@@@,@@@2@@@,@@@1@@@,@@@0@@@,@@@0@@@,@@@0@@@,@@@0@@@,@@@0@@@,@@@0@@@,@@@0@@@,@@@0@@@,@@@1@@@,@@@0@@@,0,1,0,0,2,0,1,1,0,@@@NO@@@,0,0)','',2,'2013-10-10'),(75669,'DELETE FROM mae_impuestos_productos WHERE pro_codigo_plu=@@@780721936@@@','',2,'2013-10-10'),(75670,'INSERT INTO mae_productos (pro_codigo_plu,pro_codigo_barra,pro_tipo,pro_nombre_producto,pro_nombre_corto,med_id,emb_id,pro_unidades_embalaje,dep_id,lin_id,mar_id,pro_precio_compra_neto,pro_precio_compra_bruto,pro_precio_venta,pro_margen_actual,pro_oferta,pro_fecha_inicio_oferta,pro_fecha_termino_oferta,pro_precio_oferta,pro_stock_minimo,pro_stock_critico,pro_entradas_bodega,pro_salidas_bodega,pro_mermas_bodega,pro_ajustes_bodega,pro_entradas_sv,pro_salidas_sv,pro_mermas_sv,pro_ajustes_sv,pro_activo,rec_numero,pro_unidad,pro_capacidad,pro_consumo_bodega,pro_consumo_sv,pro_estado,pro_funcion_plu,pro_flejes,pro_iva,pro_plu_asociado,pro_envase,pro_duracion,pro_numero_etiqueta) VALUES (780721937,@@@7805810185328@@@,@@@0@@@,@@@MEDIA PANTALON CHAMPAGNE CAFFARENA@@@,@@@MEDIA PANTALON C@@@,@@@1 @@@,@@@6 @@@,@@@1@@@,@@@21 @@@,@@@125@@@,@@@225@@@,@@@0@@@,@@@750@@@,@@@1@@@,@@@-99.87@@@,@@@@@@,@@@2006.09.07@@@,@@@2006.09.07@@@,@@@0@@@,@@@2@@@,@@@1@@@,@@@0@@@,@@@0@@@,@@@0@@@,@@@0@@@,@@@0@@@,@@@0@@@,@@@0@@@,@@@0@@@,@@@1@@@,@@@0@@@,0,1,0,0,2,0,1,1,0,@@@NO@@@,0,0)','',2,'2013-10-10'),(75671,'DELETE FROM mae_impuestos_productos WHERE pro_codigo_plu=@@@780721937@@@','',2,'2013-10-10'),(75672,'INSERT INTO mae_productos (pro_codigo_plu,pro_codigo_barra,pro_tipo,pro_nombre_producto,pro_nombre_corto,med_id,emb_id,pro_unidades_embalaje,dep_id,lin_id,mar_id,pro_precio_compra_neto,pro_precio_compra_bruto,pro_precio_venta,pro_margen_actual,pro_oferta,pro_fecha_inicio_oferta,pro_fecha_termino_oferta,pro_precio_oferta,pro_stock_minimo,pro_stock_critico,pro_entradas_bodega,pro_salidas_bodega,pro_mermas_bodega,pro_ajustes_bodega,pro_entradas_sv,pro_salidas_sv,pro_mermas_sv,pro_ajustes_sv,pro_activo,rec_numero,pro_unidad,pro_capacidad,pro_consumo_bodega,pro_consumo_sv,pro_estado,pro_funcion_plu,pro_flejes,pro_iva,pro_plu_asociado,pro_envase,pro_duracion,pro_numero_etiqueta) VALUES (780721938,@@@7805810185366@@@,@@@0@@@,@@@MEDIA PANTALON NEGRO CAFFFARENA@@@,@@@MEDIA PANTALON N@@@,@@@1 @@@,@@@6 @@@,@@@1@@@,@@@21 @@@,@@@125@@@,@@@225@@@,@@@0@@@,@@@460@@@,@@@1@@@,@@@-99.78@@@,@@@@@@,@@@2006.09.07@@@,@@@2006.09.07@@@,@@@0@@@,@@@2@@@,@@@1@@@,@@@0@@@,@@@0@@@,@@@0@@@,@@@0@@@,@@@0@@@,@@@0@@@,@@@0@@@,@@@0@@@,@@@1@@@,@@@0@@@,0,1,0,0,2,0,1,1,0,@@@NO@@@,0,0)','',2,'2013-10-10'),(75673,'DELETE FROM mae_impuestos_productos WHERE pro_codigo_plu=@@@780721938@@@','',2,'2013-10-10'),(75674,'INSERT INTO mae_productos (pro_codigo_plu,pro_codigo_barra,pro_tipo,pro_nombre_producto,pro_nombre_corto,med_id,emb_id,pro_unidades_embalaje,dep_id,lin_id,mar_id,pro_precio_compra_neto,pro_precio_compra_bruto,pro_precio_venta,pro_margen_actual,pro_oferta,pro_fecha_inicio_oferta,pro_fecha_termino_oferta,pro_precio_oferta,pro_stock_minimo,pro_stock_critico,pro_entradas_bodega,pro_salidas_bodega,pro_mermas_bodega,pro_ajustes_bodega,pro_entradas_sv,pro_salidas_sv,pro_mermas_sv,pro_ajustes_sv,pro_activo,rec_numero,pro_unidad,pro_capacidad,pro_consumo_bodega,pro_consumo_sv,pro_estado,pro_funcion_plu,pro_flejes,pro_iva,pro_plu_asociado,pro_envase,pro_duracion,pro_numero_etiqueta) VALUES (780721939,@@@7805810630439@@@,@@@0@@@,@@@MEDIA PANTALON CAFFARENA 10762 S NEGRO@@@,@@@MEDIA PANTALON C@@@,@@@1 @@@,@@@6 @@@,@@@1@@@,@@@21 @@@,@@@125@@@,@@@225@@@,@@@0@@@,@@@750@@@,@@@1@@@,@@@-99.87@@@,@@@@@@,@@@2006.09.07@@@,@@@2006.09.07@@@,@@@0@@@,@@@2@@@,@@@1@@@,@@@0@@@,@@@0@@@,@@@0@@@,@@@0@@@,@@@0@@@,@@@0@@@,@@@0@@@,@@@0@@@,@@@1@@@,@@@0@@@,0,1,0,0,2,0,1,1,0,@@@NO@@@,0,0)','',2,'2013-10-10'),(75675,'DELETE FROM mae_impuestos_productos WHERE pro_codigo_plu=@@@780721939@@@','',2,'2013-10-10'),(75676,'INSERT INTO mae_productos (pro_codigo_plu,pro_codigo_barra,pro_tipo,pro_nombre_producto,pro_nombre_corto,med_id,emb_id,pro_unidades_embalaje,dep_id,lin_id,mar_id,pro_precio_compra_neto,pro_precio_compra_bruto,pro_precio_venta,pro_margen_actual,pro_oferta,pro_fecha_inicio_oferta,pro_fecha_termino_oferta,pro_precio_oferta,pro_stock_minimo,pro_stock_critico,pro_entradas_bodega,pro_salidas_bodega,pro_mermas_bodega,pro_ajustes_bodega,pro_entradas_sv,pro_salidas_sv,pro_mermas_sv,pro_ajustes_sv,pro_activo,rec_numero,pro_unidad,pro_capacidad,pro_consumo_bodega,pro_consumo_sv,pro_estado,pro_funcion_plu,pro_flejes,pro_iva,pro_plu_asociado,pro_envase,pro_duracion,pro_numero_etiqueta) VALUES (780721940,@@@7805810368707@@@,@@@0@@@,@@@MEDIA PANTALON CAFFARENA 10733 NEGRO@@@,@@@MEDIA PANTALON C@@@,@@@1 @@@,@@@6 @@@,@@@1@@@,@@@21 @@@,@@@125@@@,@@@225@@@,@@@0@@@,@@@750@@@,@@@1@@@,@@@-99.87@@@,@@@@@@,@@@2006.09.07@@@,@@@2006.09.07@@@,@@@0@@@,@@@2@@@,@@@1@@@,@@@0@@@,@@@0@@@,@@@0@@@,@@@0@@@,@@@0@@@,@@@0@@@,@@@0@@@,@@@0@@@,@@@1@@@,@@@0@@@,0,1,0,0,2,0,1,1,0,@@@NO@@@,0,0)','',2,'2013-10-10'),(75677,'DELETE FROM mae_impuestos_productos WHERE pro_codigo_plu=@@@780721940@@@','',2,'2013-10-10'),(75678,'INSERT INTO mae_productos (pro_codigo_plu,pro_codigo_barra,pro_tipo,pro_nombre_producto,pro_nombre_corto,med_id,emb_id,pro_unidades_embalaje,dep_id,lin_id,mar_id,pro_precio_compra_neto,pro_precio_compra_bruto,pro_precio_venta,pro_margen_actual,pro_oferta,pro_fecha_inicio_oferta,pro_fecha_termino_oferta,pro_precio_oferta,pro_stock_minimo,pro_stock_critico,pro_entradas_bodega,pro_salidas_bodega,pro_mermas_bodega,pro_ajustes_bodega,pro_entradas_sv,pro_salidas_sv,pro_mermas_sv,pro_ajustes_sv,pro_activo,rec_numero,pro_unidad,pro_capacidad,pro_consumo_bodega,pro_consumo_sv,pro_estado,pro_funcion_plu,pro_flejes,pro_iva,pro_plu_asociado,pro_envase,pro_duracion,pro_numero_etiqueta) VALUES (780721941,@@@7805810377617@@@,@@@0@@@,@@@MEDIA PANTALON CAFFARENA 10784 GRIS@@@,@@@MEDIA@@@,@@@1 @@@,@@@6 @@@,@@@1@@@,@@@21 @@@,@@@125@@@,@@@225@@@,@@@0@@@,@@@750@@@,@@@1@@@,@@@-99.87@@@,@@@@@@,@@@2006.09.07@@@,@@@2006.09.07@@@,@@@0@@@,@@@3@@@,@@@1@@@,@@@0@@@,@@@0@@@,@@@0@@@,@@@0@@@,@@@0@@@,@@@0@@@,@@@0@@@,@@@0@@@,@@@1@@@,@@@0@@@,0,1,0,0,2,0,1,1,0,@@@NO@@@,0,0)','',2,'2013-10-10'),(75679,'DELETE FROM mae_impuestos_productos WHERE pro_codigo_plu=@@@780721941@@@','',2,'2013-10-10'),(75680,'INSERT INTO mae_productos (pro_codigo_plu,pro_codigo_barra,pro_tipo,pro_nombre_producto,pro_nombre_corto,med_id,emb_id,pro_unidades_embalaje,dep_id,lin_id,mar_id,pro_precio_compra_neto,pro_precio_compra_bruto,pro_precio_venta,pro_margen_actual,pro_oferta,pro_fecha_inicio_oferta,pro_fecha_termino_oferta,pro_precio_oferta,pro_stock_minimo,pro_stock_critico,pro_entradas_bodega,pro_salidas_bodega,pro_mermas_bodega,pro_ajustes_bodega,pro_entradas_sv,pro_salidas_sv,pro_mermas_sv,pro_ajustes_sv,pro_activo,rec_numero,pro_unidad,pro_capacidad,pro_consumo_bodega,pro_consumo_sv,pro_estado,pro_funcion_plu,pro_flejes,pro_iva,pro_plu_asociado,pro_envase,pro_duracion,pro_numero_etiqueta) VALUES (780721942,@@@7805810377532@@@,@@@0@@@,@@@MEDIA PANTALON CAFFARENA 10782 NEGRO LISO@@@,@@@MEDIA PANTALON C@@@,@@@1 @@@,@@@6 @@@,@@@1@@@,@@@21 @@@,@@@125@@@,@@@225@@@,@@@0@@@,@@@750@@@,@@@1@@@,@@@-99.87@@@,@@@@@@,@@@2006.09.07@@@,@@@2006.09.07@@@,@@@0@@@,@@@3@@@,@@@1@@@,@@@0@@@,@@@0@@@,@@@0@@@,@@@0@@@,@@@0@@@,@@@0@@@,@@@0@@@,@@@0@@@,@@@1@@@,@@@0@@@,0,1,0,0,2,0,1,1,0,@@@NO@@@,0,0)','',2,'2013-10-10'),(75681,'DELETE FROM mae_impuestos_productos WHERE pro_codigo_plu=@@@780721942@@@','',2,'2013-10-10'),(75682,'INSERT INTO gne_vale_ferreteria (vfe_id,vfe_fecha,vfe_total,vfe_estado,vfe_entregado,usu_nusuario) VALUES (13378,@@@2013.10.10@@@,4780,1,0,@@@b_SAEZ@@@)','',2,'2013-10-10'),(75683,'INSERT INTO gne_vale_ferreteria_mov (vfe_id,pro_codigo_plu,vfm_cantidad,vfm_unitario,vfm_total,vfm_entregado) VALUES (13378,101618,1,2590,2590,@@@NO@@@)','',2,'2013-10-10'),(75684,'INSERT INTO gne_vale_ferreteria_mov (vfe_id,pro_codigo_plu,vfm_cantidad,vfm_unitario,vfm_total,vfm_entregado) VALUES (13378,780721743,1,2190,2190,@@@NO@@@)','',2,'2013-10-10'),(75685,'INSERT INTO mae_productos (pro_codigo_plu,pro_codigo_barra,pro_tipo,pro_nombre_producto,pro_nombre_corto,med_id,emb_id,pro_unidades_embalaje,dep_id,lin_id,mar_id,pro_precio_compra_neto,pro_precio_compra_bruto,pro_precio_venta,pro_margen_actual,pro_oferta,pro_fecha_inicio_oferta,pro_fecha_termino_oferta,pro_precio_oferta,pro_stock_minimo,pro_stock_critico,pro_entradas_bodega,pro_salidas_bodega,pro_mermas_bodega,pro_ajustes_bodega,pro_entradas_sv,pro_salidas_sv,pro_mermas_sv,pro_ajustes_sv,pro_activo,rec_numero,pro_unidad,pro_capacidad,pro_consumo_bodega,pro_consumo_sv,pro_estado,pro_funcion_plu,pro_flejes,pro_iva,pro_plu_asociado,pro_envase,pro_duracion,pro_numero_etiqueta) VALUES (780721943,@@@7805810430671@@@,@@@0@@@,@@@MEDIA PANTALON CAFFARENA 10681S NEGRO DISEÑO@@@,@@@MEDIA PANTALON C@@@,@@@1 @@@,@@@6 @@@,@@@1@@@,@@@21 @@@,@@@125@@@,@@@225@@@,@@@0@@@,@@@750@@@,@@@1@@@,@@@-99.87@@@,@@@@@@,@@@2006.09.07@@@,@@@2006.09.07@@@,@@@0@@@,@@@3@@@,@@@1@@@,@@@0@@@,@@@0@@@,@@@0@@@,@@@0@@@,@@@0@@@,@@@0@@@,@@@0@@@,@@@0@@@,@@@1@@@,@@@0@@@,0,1,0,0,2,0,1,1,0,@@@NO@@@,0,0)','',2,'2013-10-10'),(75686,'DELETE FROM mae_impuestos_productos WHERE pro_codigo_plu=@@@780721943@@@','',2,'2013-10-10'),(75687,'INSERT INTO mae_productos (pro_codigo_plu,pro_codigo_barra,pro_tipo,pro_nombre_producto,pro_nombre_corto,med_id,emb_id,pro_unidades_embalaje,dep_id,lin_id,mar_id,pro_precio_compra_neto,pro_precio_compra_bruto,pro_precio_venta,pro_margen_actual,pro_oferta,pro_fecha_inicio_oferta,pro_fecha_termino_oferta,pro_precio_oferta,pro_stock_minimo,pro_stock_critico,pro_entradas_bodega,pro_salidas_bodega,pro_mermas_bodega,pro_ajustes_bodega,pro_entradas_sv,pro_salidas_sv,pro_mermas_sv,pro_ajustes_sv,pro_activo,rec_numero,pro_unidad,pro_capacidad,pro_consumo_bodega,pro_consumo_sv,pro_estado,pro_funcion_plu,pro_flejes,pro_iva,pro_plu_asociado,pro_envase,pro_duracion,pro_numero_etiqueta) VALUES (780721944,@@@8004762001048@@@,@@@0@@@,@@@BOMBA DE AGUA BALLOONS 100 UNID@@@,@@@BOMBA DE AGUA BA@@@,@@@1 @@@,@@@4 @@@,@@@100@@@,@@@24 @@@,@@@177@@@,@@@2690@@@,@@@0@@@,@@@250@@@,@@@1@@@,@@@-99.6@@@,@@@@@@,@@@2006.09.07@@@,@@@2006.09.07@@@,@@@0@@@,@@@20@@@,@@@10@@@,@@@0@@@,@@@0@@@,@@@0@@@,@@@0@@@,@@@0@@@,@@@0@@@,@@@0@@@,@@@0@@@,@@@1@@@,@@@0@@@,0,100,0,0,2,0,1,1,0,@@@NO@@@,0,0)','',2,'2013-10-10'),(75688,'DELETE FROM mae_impuestos_productos WHERE pro_codigo_plu=@@@780721944@@@','',2,'2013-10-10'),(75689,'UPDATE mae_productos SET pro_codigo_barra=@@@0024789@@@,pro_tipo=@@@0@@@,pro_nombre_producto=@@@CHUPETE KIKO REPUESTO@@@,pro_nombre_corto=@@@CHUPETE KIKO@@@,med_id=@@@1@@@,emb_id=@@@3@@@,pro_unidades_embalaje=@@@0@@@,dep_id=@@@21 @@@,lin_id=@@@120@@@,mar_id=@@@2573@@@,pro_precio_compra_neto=@@@0@@@,pro_precio_compra_bruto=@@@0@@@,pro_precio_venta=@@@790@@@,pro_margen_actual=@@@0@@@,pro_oferta=@@@NO@@@,pro_fecha_inicio_oferta=@@@2013.04.28@@@,pro_fecha_termino_oferta=@@@2013.04.28@@@,pro_precio_oferta=@@@0@@@,pro_stock_minimo=@@@0@@@,pro_stock_critico=@@@0@@@,pro_activo=@@@1@@@,pro_unidad=@@@0@@@,pro_precio_compra_bruto=0,pro_margen_actual=0,pro_capacidad=1,pro_funcion_plu=0,pro_flejes=1,pro_iva=1,pro_plu_asociado=0,pro_envase=@@@NO@@@,pro_duracion=0,pro_numero_etiqueta=0 WHERE pro_codigo_plu=@@@763848@@@','',2,'2013-10-10'),(75690,'UPDATE mae_productos SET pro_estado=1 WHERE pro_codigo_plu=763848','',2,'2013-10-10'),(75691,'DELETE FROM mae_impuestos_productos WHERE pro_codigo_plu=@@@763848@@@','',2,'2013-10-10'),(75692,'INSERT INTO mae_productos (pro_codigo_plu,pro_codigo_barra,pro_tipo,pro_nombre_producto,pro_nombre_corto,med_id,emb_id,pro_unidades_embalaje,dep_id,lin_id,mar_id,pro_precio_compra_neto,pro_precio_compra_bruto,pro_precio_venta,pro_margen_actual,pro_oferta,pro_fecha_inicio_oferta,pro_fecha_termino_oferta,pro_precio_oferta,pro_stock_minimo,pro_stock_critico,pro_entradas_bodega,pro_salidas_bodega,pro_mermas_bodega,pro_ajustes_bodega,pro_entradas_sv,pro_salidas_sv,pro_mermas_sv,pro_ajustes_sv,pro_activo,rec_numero,pro_unidad,pro_capacidad,pro_consumo_bodega,pro_consumo_sv,pro_estado,pro_funcion_plu,pro_flejes,pro_iva,pro_plu_asociado,pro_envase,pro_duracion,pro_numero_etiqueta) VALUES (581581,@@@581581@@@,@@@0@@@,@@@CHUPETR REPUESTO SIMONDS@@@,@@@CHUPETR REPUESTO@@@,@@@1 @@@,@@@6 @@@,@@@24@@@,@@@21 @@@,@@@120@@@,@@@2507@@@,@@@0@@@,@@@465@@@,@@@1@@@,@@@-99.78@@@,@@@@@@,@@@2006.09.07@@@,@@@2006.09.07@@@,@@@0@@@,@@@24@@@,@@@12@@@,@@@0@@@,@@@0@@@,@@@0@@@,@@@0@@@,@@@0@@@,@@@0@@@,@@@0@@@,@@@0@@@,@@@1@@@,@@@0@@@,0,1,0,0,2,0,1,1,0,@@@NO@@@,0,0)','',2,'2013-10-10'),(75693,'DELETE FROM mae_impuestos_productos WHERE pro_codigo_plu=@@@581581@@@','',2,'2013-10-10'),(75694,'INSERT INTO mae_productos (pro_codigo_plu,pro_codigo_barra,pro_tipo,pro_nombre_producto,pro_nombre_corto,med_id,emb_id,pro_unidades_embalaje,dep_id,lin_id,mar_id,pro_precio_compra_neto,pro_precio_compra_bruto,pro_precio_venta,pro_margen_actual,pro_oferta,pro_fecha_inicio_oferta,pro_fecha_termino_oferta,pro_precio_oferta,pro_stock_minimo,pro_stock_critico,pro_entradas_bodega,pro_salidas_bodega,pro_mermas_bodega,pro_ajustes_bodega,pro_entradas_sv,pro_salidas_sv,pro_mermas_sv,pro_ajustes_sv,pro_activo,rec_numero,pro_unidad,pro_capacidad,pro_consumo_bodega,pro_consumo_sv,pro_estado,pro_funcion_plu,pro_flejes,pro_iva,pro_plu_asociado,pro_envase,pro_duracion,pro_numero_etiqueta) VALUES (780721945,@@@6908796009969@@@,@@@0@@@,@@@TIJERA 19 CM SCISSORS@@@,@@@TIJERA 19 CM SCI@@@,@@@1 @@@,@@@6 @@@,@@@1@@@,@@@24 @@@,@@@137@@@,@@@2507@@@,@@@0@@@,@@@410@@@,@@@1@@@,@@@-99.76@@@,@@@@@@,@@@2006.09.07@@@,@@@2006.09.07@@@,@@@0@@@,@@@4@@@,@@@2@@@,@@@0@@@,@@@0@@@,@@@0@@@,@@@0@@@,@@@0@@@,@@@0@@@,@@@0@@@,@@@0@@@,@@@1@@@,@@@0@@@,0,1,0,0,2,0,1,1,0,@@@NO@@@,0,0)','',2,'2013-10-10'),(75695,'DELETE FROM mae_impuestos_productos WHERE pro_codigo_plu=@@@780721945@@@','',2,'2013-10-10'),(75696,'INSERT INTO mae_productos (pro_codigo_plu,pro_codigo_barra,pro_tipo,pro_nombre_producto,pro_nombre_corto,med_id,emb_id,pro_unidades_embalaje,dep_id,lin_id,mar_id,pro_precio_compra_neto,pro_precio_compra_bruto,pro_precio_venta,pro_margen_actual,pro_oferta,pro_fecha_inicio_oferta,pro_fecha_termino_oferta,pro_precio_oferta,pro_stock_minimo,pro_stock_critico,pro_entradas_bodega,pro_salidas_bodega,pro_mermas_bodega,pro_ajustes_bodega,pro_entradas_sv,pro_salidas_sv,pro_mermas_sv,pro_ajustes_sv,pro_activo,rec_numero,pro_unidad,pro_capacidad,pro_consumo_bodega,pro_consumo_sv,pro_estado,pro_funcion_plu,pro_flejes,pro_iva,pro_plu_asociado,pro_envase,pro_duracion,pro_numero_etiqueta) VALUES (780721946,@@@6908796009976@@@,@@@0@@@,@@@TIJERA 21 CM CISSORS@@@,@@@TIJERA 21 CM CIS@@@,@@@1 @@@,@@@6 @@@,@@@1@@@,@@@24 @@@,@@@137@@@,@@@2507@@@,@@@0@@@,@@@450@@@,@@@1@@@,@@@-99.78@@@,@@@@@@,@@@2006.09.07@@@,@@@2006.09.07@@@,@@@0@@@,@@@4@@@,@@@2@@@,@@@0@@@,@@@0@@@,@@@0@@@,@@@0@@@,@@@0@@@,@@@0@@@,@@@0@@@,@@@0@@@,@@@1@@@,@@@0@@@,0,1,0,0,2,0,1,1,0,@@@NO@@@,0,0)','',2,'2013-10-10'),(75697,'DELETE FROM mae_impuestos_productos WHERE pro_codigo_plu=@@@780721946@@@','',2,'2013-10-10'),(75698,'INSERT INTO mae_productos (pro_codigo_plu,pro_codigo_barra,pro_tipo,pro_nombre_producto,pro_nombre_corto,med_id,emb_id,pro_unidades_embalaje,dep_id,lin_id,mar_id,pro_precio_compra_neto,pro_precio_compra_bruto,pro_precio_venta,pro_margen_actual,pro_oferta,pro_fecha_inicio_oferta,pro_fecha_termino_oferta,pro_precio_oferta,pro_stock_minimo,pro_stock_critico,pro_entradas_bodega,pro_salidas_bodega,pro_mermas_bodega,pro_ajustes_bodega,pro_entradas_sv,pro_salidas_sv,pro_mermas_sv,pro_ajustes_sv,pro_activo,rec_numero,pro_unidad,pro_capacidad,pro_consumo_bodega,pro_consumo_sv,pro_estado,pro_funcion_plu,pro_flejes,pro_iva,pro_plu_asociado,pro_envase,pro_duracion,pro_numero_etiqueta) VALUES (203131,@@@203131@@@,@@@0@@@,@@@MAMADERA KIKO CON MANGO VARIEDAD DE COLORES@@@,@@@MAMADERA KIKO CO@@@,@@@1 @@@,@@@6 @@@,@@@1@@@,@@@21 @@@,@@@120@@@,@@@2507@@@,@@@0@@@,@@@950@@@,@@@1@@@,@@@-99.89@@@,@@@@@@,@@@2006.09.07@@@,@@@2006.09.07@@@,@@@0@@@,@@@6@@@,@@@3@@@,@@@0@@@,@@@0@@@,@@@0@@@,@@@0@@@,@@@0@@@,@@@0@@@,@@@0@@@,@@@0@@@,@@@1@@@,@@@0@@@,0,1,0,0,2,0,1,1,0,@@@NO@@@,0,0)','',2,'2013-10-10'),(75699,'DELETE FROM mae_impuestos_productos WHERE pro_codigo_plu=@@@203131@@@','',2,'2013-10-10'),(75700,'INSERT INTO mae_productos (pro_codigo_plu,pro_codigo_barra,pro_tipo,pro_nombre_producto,pro_nombre_corto,med_id,emb_id,pro_unidades_embalaje,dep_id,lin_id,mar_id,pro_precio_compra_neto,pro_precio_compra_bruto,pro_precio_venta,pro_margen_actual,pro_oferta,pro_fecha_inicio_oferta,pro_fecha_termino_oferta,pro_precio_oferta,pro_stock_minimo,pro_stock_critico,pro_entradas_bodega,pro_salidas_bodega,pro_mermas_bodega,pro_ajustes_bodega,pro_entradas_sv,pro_salidas_sv,pro_mermas_sv,pro_ajustes_sv,pro_activo,rec_numero,pro_unidad,pro_capacidad,pro_consumo_bodega,pro_consumo_sv,pro_estado,pro_funcion_plu,pro_flejes,pro_iva,pro_plu_asociado,pro_envase,pro_duracion,pro_numero_etiqueta) VALUES (780721947,@@@0022222@@@,@@@0@@@,@@@MAMDERA KIKO CASCABEL@@@,@@@MAMDERA KIKO CAS@@@,@@@1 @@@,@@@6 @@@,@@@6@@@,@@@21 @@@,@@@120@@@,@@@2507@@@,@@@0@@@,@@@1050@@@,@@@1@@@,@@@-99.9@@@,@@@@@@,@@@2006.09.07@@@,@@@2006.09.07@@@,@@@0@@@,@@@6@@@,@@@3@@@,@@@0@@@,@@@0@@@,@@@0@@@,@@@0@@@,@@@0@@@,@@@0@@@,@@@0@@@,@@@0@@@,@@@1@@@,@@@0@@@,0,1,0,0,2,0,1,1,0,@@@NO@@@,0,0)','',2,'2013-10-10'),(75701,'DELETE FROM mae_impuestos_productos WHERE pro_codigo_plu=@@@780721947@@@','',2,'2013-10-10'),(75702,'UPDATE mae_productos SET pro_precio_compra_bruto=1390,pro_margen_actual=(pro_precio_venta-1390)/1390 * 100,pro_ultima_compra=@@@2013.10.10@@@,pro_ultimo_proveedor=@@@6200580-7@@@ WHERE pro_codigo_plu=19975','',2,'2013-10-10'),(75703,'UPDATE mae_productos SET pro_precio_compra_bruto=1420,pro_margen_actual=(pro_precio_venta-1420)/1420 * 100,pro_ultima_compra=@@@2013.10.10@@@,pro_ultimo_proveedor=@@@6200580-7@@@ WHERE pro_codigo_plu=20592','',2,'2013-10-10'),(75704,'UPDATE mae_productos SET pro_precio_compra_bruto=1080,pro_margen_actual=(pro_precio_venta-1080)/1080 * 100,pro_ultima_compra=@@@2013.10.10@@@,pro_ultimo_proveedor=@@@6200580-7@@@ WHERE pro_codigo_plu=19949','',2,'2013-10-10'),(75705,'UPDATE mae_productos SET pro_precio_compra_bruto=1170,pro_margen_actual=(pro_precio_venta-1170)/1170 * 100,pro_ultima_compra=@@@2013.10.10@@@,pro_ultimo_proveedor=@@@6200580-7@@@ WHERE pro_codigo_plu=780721928','',2,'2013-10-10'),(75706,'UPDATE mae_productos SET pro_precio_compra_bruto=1170,pro_margen_actual=(pro_precio_venta-1170)/1170 * 100,pro_ultima_compra=@@@2013.10.10@@@,pro_ultimo_proveedor=@@@6200580-7@@@ WHERE pro_codigo_plu=780721929','',2,'2013-10-10'),(75707,'UPDATE mae_productos SET pro_precio_compra_bruto=1170,pro_margen_actual=(pro_precio_venta-1170)/1170 * 100,pro_ultima_compra=@@@2013.10.10@@@,pro_ultimo_proveedor=@@@6200580-7@@@ WHERE pro_codigo_plu=764050','',2,'2013-10-10'),(75708,'UPDATE mae_productos SET pro_precio_compra_bruto=1170,pro_margen_actual=(pro_precio_venta-1170)/1170 * 100,pro_ultima_compra=@@@2013.10.10@@@,pro_ultimo_proveedor=@@@6200580-7@@@ WHERE pro_codigo_plu=780721931','',2,'2013-10-10'),(75709,'UPDATE mae_productos SET pro_precio_compra_bruto=1170,pro_margen_actual=(pro_precio_venta-1170)/1170 * 100,pro_ultima_compra=@@@2013.10.10@@@,pro_ultimo_proveedor=@@@6200580-7@@@ WHERE pro_codigo_plu=780721930','',2,'2013-10-10'),(75710,'UPDATE mae_productos SET pro_precio_compra_bruto=1170,pro_margen_actual=(pro_precio_venta-1170)/1170 * 100,pro_ultima_compra=@@@2013.10.10@@@,pro_ultimo_proveedor=@@@6200580-7@@@ WHERE pro_codigo_plu=764046','',2,'2013-10-10'),(75711,'UPDATE mae_productos SET pro_precio_compra_bruto=1170,pro_margen_actual=(pro_precio_venta-1170)/1170 * 100,pro_ultima_compra=@@@2013.10.10@@@,pro_ultimo_proveedor=@@@6200580-7@@@ WHERE pro_codigo_plu=764048','',2,'2013-10-10'),(75712,'UPDATE mae_productos SET pro_precio_compra_bruto=850,pro_margen_actual=(pro_precio_venta-850)/850 * 100,pro_ultima_compra=@@@2013.10.10@@@,pro_ultimo_proveedor=@@@6200580-7@@@ WHERE pro_codigo_plu=764099','',2,'2013-10-10'),(75713,'UPDATE mae_productos SET pro_precio_compra_bruto=850,pro_margen_actual=(pro_precio_venta-850)/850 * 100,pro_ultima_compra=@@@2013.10.10@@@,pro_ultimo_proveedor=@@@6200580-7@@@ WHERE pro_codigo_plu=780721932','',2,'2013-10-10'),(75714,'UPDATE mae_productos SET pro_precio_compra_bruto=850,pro_margen_actual=(pro_precio_venta-850)/850 * 100,pro_ultima_compra=@@@2013.10.10@@@,pro_ultimo_proveedor=@@@6200580-7@@@ WHERE pro_codigo_plu=764062','',2,'2013-10-10'),(75715,'UPDATE mae_productos SET pro_precio_compra_bruto=850,pro_margen_actual=(pro_precio_venta-850)/850 * 100,pro_ultima_compra=@@@2013.10.10@@@,pro_ultimo_proveedor=@@@6200580-7@@@ WHERE pro_codigo_plu=764096','',2,'2013-10-10'),(75716,'UPDATE mae_productos SET pro_precio_compra_bruto=850,pro_margen_actual=(pro_precio_venta-850)/850 * 100,pro_ultima_compra=@@@2013.10.10@@@,pro_ultimo_proveedor=@@@6200580-7@@@ WHERE pro_codigo_plu=764145','',2,'2013-10-10'),(75717,'UPDATE mae_productos SET pro_precio_compra_bruto=1120,pro_margen_actual=(pro_precio_venta-1120)/1120 * 100,pro_ultima_compra=@@@2013.10.10@@@,pro_ultimo_proveedor=@@@6200580-7@@@ WHERE pro_codigo_plu=262180','',2,'2013-10-10'),(75718,'UPDATE mae_productos SET pro_precio_compra_bruto=790,pro_margen_actual=(pro_precio_venta-790)/790 * 100,pro_ultima_compra=@@@2013.10.10@@@,pro_ultimo_proveedor=@@@6200580-7@@@ WHERE pro_codigo_plu=780721105','',2,'2013-10-10'),(75719,'UPDATE mae_productos SET pro_precio_compra_bruto=790,pro_margen_actual=(pro_precio_venta-790)/790 * 100,pro_ultima_compra=@@@2013.10.10@@@,pro_ultimo_proveedor=@@@6200580-7@@@ WHERE pro_codigo_plu=780721077','',2,'2013-10-10'),(75720,'UPDATE mae_productos SET pro_precio_compra_bruto=790,pro_margen_actual=(pro_precio_venta-790)/790 * 100,pro_ultima_compra=@@@2013.10.10@@@,pro_ultimo_proveedor=@@@6200580-7@@@ WHERE pro_codigo_plu=780721759','',2,'2013-10-10'),(75721,'UPDATE mae_productos SET pro_precio_compra_bruto=790,pro_margen_actual=(pro_precio_venta-790)/790 * 100,pro_ultima_compra=@@@2013.10.10@@@,pro_ultimo_proveedor=@@@6200580-7@@@ WHERE pro_codigo_plu=780721081','',2,'2013-10-10'),(75722,'UPDATE mae_productos SET pro_precio_compra_bruto=790,pro_margen_actual=(pro_precio_venta-790)/790 * 100,pro_ultima_compra=@@@2013.10.10@@@,pro_ultimo_proveedor=@@@6200580-7@@@ WHERE pro_codigo_plu=780721076','',2,'2013-10-10'),(75723,'UPDATE mae_productos SET pro_precio_compra_bruto=790,pro_margen_actual=(pro_precio_venta-790)/790 * 100,pro_ultima_compra=@@@2013.10.10@@@,pro_ultimo_proveedor=@@@6200580-7@@@ WHERE pro_codigo_plu=780721075','',2,'2013-10-10'),(75724,'UPDATE mae_productos SET pro_precio_compra_bruto=790,pro_margen_actual=(pro_precio_venta-790)/790 * 100,pro_ultima_compra=@@@2013.10.10@@@,pro_ultimo_proveedor=@@@6200580-7@@@ WHERE pro_codigo_plu=763640','',2,'2013-10-10'),(75725,'UPDATE mae_productos SET pro_precio_compra_bruto=790,pro_margen_actual=(pro_precio_venta-790)/790 * 100,pro_ultima_compra=@@@2013.10.10@@@,pro_ultimo_proveedor=@@@6200580-7@@@ WHERE pro_codigo_plu=780721080','',2,'2013-10-10'),(75726,'UPDATE mae_productos SET pro_precio_compra_bruto=790,pro_margen_actual=(pro_precio_venta-790)/790 * 100,pro_ultima_compra=@@@2013.10.10@@@,pro_ultimo_proveedor=@@@6200580-7@@@ WHERE pro_codigo_plu=780721933','',2,'2013-10-10'),(75727,'UPDATE mae_productos SET pro_precio_compra_bruto=790,pro_margen_actual=(pro_precio_venta-790)/790 * 100,pro_ultima_compra=@@@2013.10.10@@@,pro_ultimo_proveedor=@@@6200580-7@@@ WHERE pro_codigo_plu=763692','',2,'2013-10-10'),(75728,'UPDATE mae_productos SET pro_precio_compra_bruto=790,pro_margen_actual=(pro_precio_venta-790)/790 * 100,pro_ultima_compra=@@@2013.10.10@@@,pro_ultimo_proveedor=@@@6200580-7@@@ WHERE pro_codigo_plu=780721078','',2,'2013-10-10'),(75729,'UPDATE mae_productos SET pro_precio_compra_bruto=210.83,pro_margen_actual=(pro_precio_venta-210.83)/210.83 * 100,pro_ultima_compra=@@@2013.10.10@@@,pro_ultimo_proveedor=@@@6200580-7@@@ WHERE pro_codigo_plu=101433','',2,'2013-10-10'),(75730,'UPDATE mae_productos SET pro_precio_compra_bruto=460,pro_margen_actual=(pro_precio_venta-460)/460 * 100,pro_ultima_compra=@@@2013.10.10@@@,pro_ultimo_proveedor=@@@6200580-7@@@ WHERE pro_codigo_plu=780721934','',2,'2013-10-10'),(75731,'UPDATE mae_productos SET pro_precio_compra_bruto=460,pro_margen_actual=(pro_precio_venta-460)/460 * 100,pro_ultima_compra=@@@2013.10.10@@@,pro_ultimo_proveedor=@@@6200580-7@@@ WHERE pro_codigo_plu=780721935','',2,'2013-10-10'),(75732,'UPDATE mae_productos SET pro_precio_compra_bruto=460,pro_margen_actual=(pro_precio_venta-460)/460 * 100,pro_ultima_compra=@@@2013.10.10@@@,pro_ultimo_proveedor=@@@6200580-7@@@ WHERE pro_codigo_plu=780721936','',2,'2013-10-10'),(75733,'UPDATE mae_productos SET pro_precio_compra_bruto=460,pro_margen_actual=(pro_precio_venta-460)/460 * 100,pro_ultima_compra=@@@2013.10.10@@@,pro_ultimo_proveedor=@@@6200580-7@@@ WHERE pro_codigo_plu=780721937','',2,'2013-10-10'),(75734,'UPDATE mae_productos SET pro_precio_compra_bruto=460,pro_margen_actual=(pro_precio_venta-460)/460 * 100,pro_ultima_compra=@@@2013.10.10@@@,pro_ultimo_proveedor=@@@6200580-7@@@ WHERE pro_codigo_plu=780721938','',2,'2013-10-10'),(75735,'UPDATE mae_productos SET pro_precio_compra_bruto=460,pro_margen_actual=(pro_precio_venta-460)/460 * 100,pro_ultima_compra=@@@2013.10.10@@@,pro_ultimo_proveedor=@@@6200580-7@@@ WHERE pro_codigo_plu=763937','',2,'2013-10-10'),(75736,'UPDATE mae_productos SET pro_precio_compra_bruto=750,pro_margen_actual=(pro_precio_venta-750)/750 * 100,pro_ultima_compra=@@@2013.10.10@@@,pro_ultimo_proveedor=@@@6200580-7@@@ WHERE pro_codigo_plu=780721939','',2,'2013-10-10'),(75737,'UPDATE mae_productos SET pro_precio_compra_bruto=750,pro_margen_actual=(pro_precio_venta-750)/750 * 100,pro_ultima_compra=@@@2013.10.10@@@,pro_ultimo_proveedor=@@@6200580-7@@@ WHERE pro_codigo_plu=780721940','',2,'2013-10-10'),(75738,'UPDATE mae_productos SET pro_precio_compra_bruto=750,pro_margen_actual=(pro_precio_venta-750)/750 * 100,pro_ultima_compra=@@@2013.10.10@@@,pro_ultimo_proveedor=@@@6200580-7@@@ WHERE pro_codigo_plu=780721941','',2,'2013-10-10'),(75739,'UPDATE mae_productos SET pro_precio_compra_bruto=750,pro_margen_actual=(pro_precio_venta-750)/750 * 100,pro_ultima_compra=@@@2013.10.10@@@,pro_ultimo_proveedor=@@@6200580-7@@@ WHERE pro_codigo_plu=780721942','',2,'2013-10-10'),(75740,'UPDATE mae_productos SET pro_precio_compra_bruto=750,pro_margen_actual=(pro_precio_venta-750)/750 * 100,pro_ultima_compra=@@@2013.10.10@@@,pro_ultimo_proveedor=@@@6200580-7@@@ WHERE pro_codigo_plu=780721943','',2,'2013-10-10'),(75741,'UPDATE mae_productos SET pro_precio_compra_bruto=250,pro_margen_actual=(pro_precio_venta-250)/250 * 100,pro_ultima_compra=@@@2013.10.10@@@,pro_ultimo_proveedor=@@@6200580-7@@@ WHERE pro_codigo_plu=780721944','',2,'2013-10-10'),(75742,'UPDATE mae_productos SET pro_precio_compra_bruto=490,pro_margen_actual=(pro_precio_venta-490)/490 * 100,pro_ultima_compra=@@@2013.10.10@@@,pro_ultimo_proveedor=@@@6200580-7@@@ WHERE pro_codigo_plu=763843','',2,'2013-10-10'),(75743,'UPDATE mae_productos SET pro_precio_compra_bruto=230,pro_margen_actual=(pro_precio_venta-230)/230 * 100,pro_ultima_compra=@@@2013.10.10@@@,pro_ultimo_proveedor=@@@6200580-7@@@ WHERE pro_codigo_plu=763848','',2,'2013-10-10'),(75744,'UPDATE mae_productos SET pro_precio_compra_bruto=465,pro_margen_actual=(pro_precio_venta-465)/465 * 100,pro_ultima_compra=@@@2013.10.10@@@,pro_ultimo_proveedor=@@@6200580-7@@@ WHERE pro_codigo_plu=581581','',2,'2013-10-10'),(75745,'UPDATE mae_productos SET pro_precio_compra_bruto=1290,pro_margen_actual=(pro_precio_venta-1290)/1290 * 100,pro_ultima_compra=@@@2013.10.10@@@,pro_ultimo_proveedor=@@@6200580-7@@@ WHERE pro_codigo_plu=780721734','',2,'2013-10-10'),(75746,'UPDATE mae_productos SET pro_precio_compra_bruto=1290,pro_margen_actual=(pro_precio_venta-1290)/1290 * 100,pro_ultima_compra=@@@2013.10.10@@@,pro_ultimo_proveedor=@@@6200580-7@@@ WHERE pro_codigo_plu=764729','',2,'2013-10-10'),(75747,'UPDATE mae_productos SET pro_precio_compra_bruto=1290,pro_margen_actual=(pro_precio_venta-1290)/1290 * 100,pro_ultima_compra=@@@2013.10.10@@@,pro_ultimo_proveedor=@@@6200580-7@@@ WHERE pro_codigo_plu=764726','',2,'2013-10-10'),(75748,'UPDATE mae_productos SET pro_precio_compra_bruto=1290,pro_margen_actual=(pro_precio_venta-1290)/1290 * 100,pro_ultima_compra=@@@2013.10.10@@@,pro_ultimo_proveedor=@@@6200580-7@@@ WHERE pro_codigo_plu=764728','',2,'2013-10-10'),(75749,'UPDATE mae_productos SET pro_precio_compra_bruto=1290,pro_margen_actual=(pro_precio_venta-1290)/1290 * 100,pro_ultima_compra=@@@2013.10.10@@@,pro_ultimo_proveedor=@@@6200580-7@@@ WHERE pro_codigo_plu=780721735','',2,'2013-10-10'),(75750,'UPDATE mae_productos SET pro_precio_compra_bruto=410,pro_margen_actual=(pro_precio_venta-410)/410 * 100,pro_ultima_compra=@@@2013.10.10@@@,pro_ultimo_proveedor=@@@6200580-7@@@ WHERE pro_codigo_plu=780721945','',2,'2013-10-10'),(75751,'UPDATE mae_productos SET pro_precio_compra_bruto=450,pro_margen_actual=(pro_precio_venta-450)/450 * 100,pro_ultima_compra=@@@2013.10.10@@@,pro_ultimo_proveedor=@@@6200580-7@@@ WHERE pro_codigo_plu=780721946','',2,'2013-10-10'),(75752,'UPDATE mae_productos SET pro_precio_compra_bruto=1290,pro_margen_actual=(pro_precio_venta-1290)/1290 * 100,pro_ultima_compra=@@@2013.10.10@@@,pro_ultimo_proveedor=@@@6200580-7@@@ WHERE pro_codigo_plu=78017114','',2,'2013-10-10'),(75753,'UPDATE mae_productos SET pro_precio_compra_bruto=1270,pro_margen_actual=(pro_precio_venta-1270)/1270 * 100,pro_ultima_compra=@@@2013.10.10@@@,pro_ultimo_proveedor=@@@6200580-7@@@ WHERE pro_codigo_plu=78017116','',2,'2013-10-10'),(75754,'UPDATE mae_productos SET pro_precio_compra_bruto=950,pro_margen_actual=(pro_precio_venta-950)/950 * 100,pro_ultima_compra=@@@2013.10.10@@@,pro_ultimo_proveedor=@@@6200580-7@@@ WHERE pro_codigo_plu=203131','',2,'2013-10-10'),(75755,'UPDATE mae_productos SET pro_precio_compra_bruto=1050,pro_margen_actual=(pro_precio_venta-1050)/1050 * 100,pro_ultima_compra=@@@2013.10.10@@@,pro_ultimo_proveedor=@@@6200580-7@@@ WHERE pro_codigo_plu=780721947','',2,'2013-10-10'),(75756,'UPDATE mae_productos SET pro_precio_compra_bruto=1090,pro_margen_actual=(pro_precio_venta-1090)/1090 * 100,pro_ultima_compra=@@@2013.10.10@@@,pro_ultimo_proveedor=@@@6200580-7@@@ WHERE pro_codigo_plu=78017119','',2,'2013-10-10'),(75757,'UPDATE mae_productos SET pro_precio_compra_bruto=1440,pro_margen_actual=(pro_precio_venta-1440)/1440 * 100,pro_ultima_compra=@@@2013.10.10@@@,pro_ultimo_proveedor=@@@6200580-7@@@ WHERE pro_codigo_plu=780721743','',2,'2013-10-10'),(75758,'UPDATE mae_productos SET pro_precio_compra_bruto=71.25,pro_margen_actual=(pro_precio_venta-71.25)/71.25 * 100,pro_ultima_compra=@@@2013.10.10@@@,pro_ultimo_proveedor=@@@6200580-7@@@ WHERE pro_codigo_plu=10178','',2,'2013-10-10'),(75759,'UPDATE mae_productos SET pro_precio_compra_bruto=1492.26,pro_margen_actual=(pro_precio_venta-1492.26)/1492.26 * 100,pro_ultima_compra=@@@2013.10.10@@@,pro_ultimo_proveedor=@@@90703000-8@@@ WHERE pro_codigo_plu=19384','',2,'2013-10-10'),(75760,'UPDATE mae_productos SET pro_precio_compra_bruto=1492.26,pro_margen_actual=(pro_precio_venta-1492.26)/1492.26 * 100,pro_ultima_compra=@@@2013.10.10@@@,pro_ultimo_proveedor=@@@90703000-8@@@ WHERE pro_codigo_plu=19439','',2,'2013-10-10'),(75761,'UPDATE mae_productos SET pro_precio_compra_bruto=77.35,pro_margen_actual=(pro_precio_venta-77.35)/77.35 * 100,pro_ultima_compra=@@@2013.10.10@@@,pro_ultimo_proveedor=@@@90703000-8@@@ WHERE pro_codigo_plu=763931','',2,'2013-10-10'),(75762,'UPDATE mae_productos SET pro_precio_compra_bruto=276.08,pro_margen_actual=(pro_precio_venta-276.08)/276.08 * 100,pro_ultima_compra=@@@2013.10.10@@@,pro_ultimo_proveedor=@@@90703000-8@@@ WHERE pro_codigo_plu=780721638','',2,'2013-10-10'),(75763,'UPDATE mae_productos SET pro_precio_compra_bruto=1492.26,pro_margen_actual=(pro_precio_venta-1492.26)/1492.26 * 100,pro_ultima_compra=@@@2013.10.10@@@,pro_ultimo_proveedor=@@@90703000-8@@@ WHERE pro_codigo_plu=262545','',2,'2013-10-10'),(75764,'UPDATE mae_productos SET pro_precio_compra_bruto=472.43,pro_margen_actual=(pro_precio_venta-472.43)/472.43 * 100,pro_ultima_compra=@@@2013.10.10@@@,pro_ultimo_proveedor=@@@90703000-8@@@ WHERE pro_codigo_plu=763925','',2,'2013-10-10'),(75765,'UPDATE mae_productos SET pro_precio_venta=1590,pro_margen_actual= 51.43 WHERE pro_codigo_plu=780721947','',2,'2013-10-10'),(75766,'UPDATE mae_productos SET pro_precio_venta=1490,pro_margen_actual= 56.84 WHERE pro_codigo_plu=203131','',2,'2013-10-10'),(75767,'UPDATE mae_productos SET pro_precio_venta=699,pro_margen_actual= 50.32 WHERE pro_codigo_plu=581581','',2,'2013-10-10'),(75768,'UPDATE mae_productos SET pro_precio_venta=790,pro_margen_actual= 92.68 WHERE pro_codigo_plu=780721945','',2,'2013-10-10'),(75769,'UPDATE mae_productos SET pro_precio_venta=890,pro_margen_actual= 97.78 WHERE pro_codigo_plu=780721946','',2,'2013-10-10'),(75770,'UPDATE mae_productos SET pro_precio_venta=1890,pro_margen_actual= 139.24 WHERE pro_codigo_plu=780721933','',2,'2013-10-10'),(75771,'UPDATE mae_productos SET pro_precio_venta=1590,pro_margen_actual= 47.22 WHERE pro_codigo_plu=19949','',2,'2013-10-10'),(75772,'UPDATE mae_productos SET pro_precio_venta=1890,pro_margen_actual= 68.75 WHERE pro_codigo_plu=262180','',2,'2013-10-10'),(75773,'UPDATE mae_productos SET pro_precio_venta=1790,pro_margen_actual= 52.99 WHERE pro_codigo_plu=780721931','',2,'2013-10-10'),(75774,'UPDATE mae_productos SET pro_precio_venta=1790,pro_margen_actual= 52.99 WHERE pro_codigo_plu=780721928','',2,'2013-10-10'),(75775,'UPDATE mae_productos SET pro_precio_venta=1790,pro_margen_actual= 52.99 WHERE pro_codigo_plu=764048','',2,'2013-10-10'),(75776,'UPDATE mae_productos SET pro_precio_venta=1790,pro_margen_actual= 52.99 WHERE pro_codigo_plu=780721929','',2,'2013-10-10'),(75777,'UPDATE mae_productos SET pro_precio_venta=1790,pro_margen_actual= 52.99 WHERE pro_codigo_plu=780721930','',2,'2013-10-10'),(75778,'UPDATE mae_productos SET pro_precio_venta=1790,pro_margen_actual= 52.99 WHERE pro_codigo_plu=764046','',2,'2013-10-10'),(75779,'UPDATE mae_productos SET pro_precio_venta=1790,pro_margen_actual= 52.99 WHERE pro_codigo_plu=764050','',2,'2013-10-10'),(75780,'UPDATE mae_productos SET pro_precio_venta=1290,pro_margen_actual= 51.76 WHERE pro_codigo_plu=780721932','',2,'2013-10-10'),(75781,'UPDATE mae_productos SET pro_precio_venta=690,pro_margen_actual= 50 WHERE pro_codigo_plu=780721937','',2,'2013-10-10'),(75782,'UPDATE mae_productos SET pro_precio_venta=690,pro_margen_actual= 50 WHERE pro_codigo_plu=780721935','',2,'2013-10-10'),(75783,'UPDATE mae_productos SET pro_precio_venta=690,pro_margen_actual= 50 WHERE pro_codigo_plu=780721936','',2,'2013-10-10'),(75784,'UPDATE mae_productos SET pro_precio_venta=690,pro_margen_actual= 50 WHERE pro_codigo_plu=780721938','',2,'2013-10-10'),(75785,'UPDATE mae_productos SET pro_precio_venta=690,pro_margen_actual= 50 WHERE pro_codigo_plu=763937','',2,'2013-10-10'),(75786,'UPDATE mae_productos SET pro_precio_venta=690,pro_margen_actual= 50 WHERE pro_codigo_plu=780721934','',2,'2013-10-10'),(75787,'UPDATE mae_productos SET pro_precio_venta=1150,pro_margen_actual= 53.33 WHERE pro_codigo_plu=780721940','',2,'2013-10-10'),(75788,'UPDATE mae_productos SET pro_precio_venta=1150,pro_margen_actual= 53.33 WHERE pro_codigo_plu=780721942','',2,'2013-10-10'),(75789,'UPDATE mae_productos SET pro_precio_venta=1150,pro_margen_actual= 53.33 WHERE pro_codigo_plu=780721941','',2,'2013-10-10'),(75790,'UPDATE mae_productos SET pro_precio_venta=1150,pro_margen_actual= 53.33 WHERE pro_codigo_plu=780721943','',2,'2013-10-10'),(75791,'UPDATE mae_productos SET pro_precio_venta=1150,pro_margen_actual= 53.33 WHERE pro_codigo_plu=780721939','',2,'2013-10-10'),(75792,'UPDATE mae_productos SET pro_precio_venta=490,pro_margen_actual= 587.72 WHERE pro_codigo_plu=10178','',2,'2013-10-10'),(75793,'UPDATE mae_productos SET pro_precio_venta=490,pro_margen_actual= 96 WHERE pro_codigo_plu=780721944','',2,'2013-10-10'),(75794,'UPDATE mae_productos SET pro_precio_fiscal=pro_precio_venta WHERE pro_codigo_plu=780721947','',2,'2013-10-10'),(75795,'UPDATE mae_productos SET pro_precio_fiscal=pro_precio_venta WHERE pro_codigo_plu=203131','',2,'2013-10-10'),(75796,'UPDATE mae_productos SET pro_precio_fiscal=pro_precio_venta WHERE pro_codigo_plu=293535','',2,'2013-10-10'),(75797,'UPDATE mae_productos SET pro_precio_fiscal=pro_precio_venta WHERE pro_codigo_plu=11730','',2,'2013-10-10'),(75798,'UPDATE mae_productos SET pro_precio_fiscal=pro_precio_venta WHERE pro_codigo_plu=780220149','',2,'2013-10-10'),(75799,'UPDATE mae_productos SET pro_precio_fiscal=pro_precio_venta WHERE pro_codigo_plu=581581','',2,'2013-10-10'),(75800,'UPDATE mae_productos SET pro_precio_fiscal=pro_precio_venta WHERE pro_codigo_plu=780721945','',2,'2013-10-10'),(75801,'UPDATE mae_productos SET pro_precio_fiscal=pro_precio_venta WHERE pro_codigo_plu=780721946','',2,'2013-10-10'),(75802,'UPDATE mae_productos SET pro_precio_fiscal=pro_precio_venta WHERE pro_codigo_plu=780721103','',2,'2013-10-10'),(75803,'UPDATE mae_productos SET pro_precio_fiscal=pro_precio_venta WHERE pro_codigo_plu=780721926','',2,'2013-10-10'),(75804,'UPDATE mae_productos SET pro_precio_fiscal=pro_precio_venta WHERE pro_codigo_plu=780721924','',2,'2013-10-10'),(75805,'UPDATE mae_productos SET pro_precio_fiscal=pro_precio_venta WHERE pro_codigo_plu=780721920','',2,'2013-10-10'),(75806,'UPDATE mae_productos SET pro_precio_fiscal=pro_precio_venta WHERE pro_codigo_plu=780721316','',2,'2013-10-10'),(75807,'UPDATE mae_productos SET pro_precio_fiscal=pro_precio_venta WHERE pro_codigo_plu=780721919','',2,'2013-10-10'),(75808,'UPDATE mae_productos SET pro_precio_fiscal=pro_precio_venta WHERE pro_codigo_plu=780721921','',2,'2013-10-10'),(75809,'UPDATE mae_productos SET pro_precio_fiscal=pro_precio_venta WHERE pro_codigo_plu=20489','',2,'2013-10-10'),(75810,'UPDATE mae_productos SET pro_precio_fiscal=pro_precio_venta WHERE pro_codigo_plu=780721918','',2,'2013-10-10'),(75811,'UPDATE mae_productos SET pro_precio_fiscal=pro_precio_venta WHERE pro_codigo_plu=780721933','',2,'2013-10-10'),(75812,'UPDATE mae_productos SET pro_precio_fiscal=pro_precio_venta WHERE pro_codigo_plu=19949','',2,'2013-10-10'),(75813,'UPDATE mae_productos SET pro_precio_fiscal=pro_precio_venta WHERE pro_codigo_plu=262180','',2,'2013-10-10'),(75814,'UPDATE mae_productos SET pro_precio_fiscal=pro_precio_venta WHERE pro_codigo_plu=761754','',2,'2013-10-10'),(75815,'UPDATE mae_productos SET pro_precio_fiscal=pro_precio_venta WHERE pro_codigo_plu=780721922','',2,'2013-10-10'),(75816,'UPDATE mae_productos SET pro_precio_fiscal=pro_precio_venta WHERE pro_codigo_plu=780721923','',2,'2013-10-10'),(75817,'UPDATE mae_productos SET pro_precio_fiscal=pro_precio_venta WHERE pro_codigo_plu=101657','',2,'2013-10-10'),(75818,'UPDATE mae_productos SET pro_precio_fiscal=pro_precio_venta WHERE pro_codigo_plu=12222','',2,'2013-10-10'),(75819,'UPDATE mae_productos SET pro_precio_fiscal=pro_precio_venta WHERE pro_codigo_plu=780721931','',2,'2013-10-10'),(75820,'UPDATE mae_productos SET pro_precio_fiscal=pro_precio_venta WHERE pro_codigo_plu=780721928','',2,'2013-10-10'),(75821,'UPDATE mae_productos SET pro_precio_fiscal=pro_precio_venta WHERE pro_codigo_plu=764048','',2,'2013-10-10'),(75822,'UPDATE mae_productos SET pro_precio_fiscal=pro_precio_venta WHERE pro_codigo_plu=780721929','',2,'2013-10-10'),(75823,'UPDATE mae_productos SET pro_precio_fiscal=pro_precio_venta WHERE pro_codigo_plu=780721930','',2,'2013-10-10'),(75824,'UPDATE mae_productos SET pro_precio_fiscal=pro_precio_venta WHERE pro_codigo_plu=764046','',2,'2013-10-10'),(75825,'UPDATE mae_productos SET pro_precio_fiscal=pro_precio_venta WHERE pro_codigo_plu=764050','',2,'2013-10-10'),(75826,'UPDATE mae_productos SET pro_precio_fiscal=pro_precio_venta WHERE pro_codigo_plu=780721932','',2,'2013-10-10'),(75827,'UPDATE mae_productos SET pro_precio_fiscal=pro_precio_venta WHERE pro_codigo_plu=780721927','',2,'2013-10-10'),(75828,'UPDATE mae_productos SET pro_precio_fiscal=pro_precio_venta WHERE pro_codigo_plu=762256','',2,'2013-10-10'),(75829,'UPDATE mae_productos SET pro_precio_fiscal=pro_precio_venta WHERE pro_codigo_plu=8829','',2,'2013-10-10'),(75830,'UPDATE mae_productos SET pro_precio_fiscal=pro_precio_venta WHERE pro_codigo_plu=10159','',2,'2013-10-10'),(75831,'UPDATE mae_productos SET pro_precio_fiscal=pro_precio_venta WHERE pro_codigo_plu=78017050','',2,'2013-10-10'),(75832,'UPDATE mae_productos SET pro_precio_fiscal=pro_precio_venta WHERE pro_codigo_plu=762251','',2,'2013-10-10'),(75833,'UPDATE mae_productos SET pro_precio_fiscal=pro_precio_venta WHERE pro_codigo_plu=10989','',2,'2013-10-10'),(75834,'UPDATE mae_productos SET pro_precio_fiscal=pro_precio_venta WHERE pro_codigo_plu=763935','',2,'2013-10-10'),(75835,'UPDATE mae_productos SET pro_precio_fiscal=pro_precio_venta WHERE pro_codigo_plu=763933','',2,'2013-10-10'),(75836,'UPDATE mae_productos SET pro_precio_fiscal=pro_precio_venta WHERE pro_codigo_plu=780721925','',2,'2013-10-10'),(75837,'UPDATE mae_productos SET pro_precio_fiscal=pro_precio_venta WHERE pro_codigo_plu=780721937','',2,'2013-10-10'),(75838,'UPDATE mae_productos SET pro_precio_fiscal=pro_precio_venta WHERE pro_codigo_plu=780721935','',2,'2013-10-10'),(75839,'UPDATE mae_productos SET pro_precio_fiscal=pro_precio_venta WHERE pro_codigo_plu=780721936','',2,'2013-10-10'),(75840,'UPDATE mae_productos SET pro_precio_fiscal=pro_precio_venta WHERE pro_codigo_plu=780721938','',2,'2013-10-10'),(75841,'UPDATE mae_productos SET pro_precio_fiscal=pro_precio_venta WHERE pro_codigo_plu=763937','',2,'2013-10-10'),(75842,'UPDATE mae_productos SET pro_precio_fiscal=pro_precio_venta WHERE pro_codigo_plu=780721934','',2,'2013-10-10'),(75843,'UPDATE mae_productos SET pro_precio_fiscal=pro_precio_venta WHERE pro_codigo_plu=780721940','',2,'2013-10-10'),(75844,'UPDATE mae_productos SET pro_precio_fiscal=pro_precio_venta WHERE pro_codigo_plu=780721942','',2,'2013-10-10'),(75845,'UPDATE mae_productos SET pro_precio_fiscal=pro_precio_venta WHERE pro_codigo_plu=780721941','',2,'2013-10-10'),(75846,'UPDATE mae_productos SET pro_precio_fiscal=pro_precio_venta WHERE pro_codigo_plu=780721943','',2,'2013-10-10'),(75847,'UPDATE mae_productos SET pro_precio_fiscal=pro_precio_venta WHERE pro_codigo_plu=780721939','',2,'2013-10-10'),(75848,'UPDATE mae_productos SET pro_precio_fiscal=pro_precio_venta WHERE pro_codigo_plu=10178','',2,'2013-10-10'),(75849,'UPDATE mae_productos SET pro_precio_fiscal=pro_precio_venta WHERE pro_codigo_plu=780721944','',2,'2013-10-10'),(75850,'UPDATE mae_productos SET pro_precio_compra_bruto=3653.3,pro_margen_actual=(pro_precio_venta-3653.3)/3653.3 * 100,pro_ultima_compra=@@@2013.10.10@@@,pro_ultimo_proveedor=@@@76170432-k@@@ WHERE pro_codigo_plu=408','',2,'2013-10-10'),(75851,'UPDATE mae_productos SET pro_precio_compra_bruto=99.99,pro_margen_actual=(pro_precio_venta-99.99)/99.99 * 100,pro_ultima_compra=@@@2013.10.10@@@,pro_ultimo_proveedor=@@@76170432-k@@@ WHERE pro_codigo_plu=16897','',2,'2013-10-10'),(75852,'UPDATE mae_productos SET pro_precio_compra_bruto=99.99,pro_margen_actual=(pro_precio_venta-99.99)/99.99 * 100,pro_ultima_compra=@@@2013.10.10@@@,pro_ultimo_proveedor=@@@76170432-k@@@ WHERE pro_codigo_plu=16901','',2,'2013-10-10'),(75853,'UPDATE mae_productos SET pro_precio_compra_bruto=99.99,pro_margen_actual=(pro_precio_venta-99.99)/99.99 * 100,pro_ultima_compra=@@@2013.10.10@@@,pro_ultimo_proveedor=@@@76170432-k@@@ WHERE pro_codigo_plu=16899','',2,'2013-10-10'),(75854,'UPDATE mae_productos SET pro_precio_compra_bruto=261.8,pro_margen_actual=(pro_precio_venta-261.8)/261.8 * 100,pro_ultima_compra=@@@2013.10.10@@@,pro_ultimo_proveedor=@@@76170432-k@@@ WHERE pro_codigo_plu=780721606','',2,'2013-10-10'),(75855,'UPDATE mae_productos SET pro_precio_compra_bruto=3207.53,pro_margen_actual=(pro_precio_venta-3207.53)/3207.53 * 100,pro_ultima_compra=@@@2013.10.10@@@,pro_ultimo_proveedor=@@@96568970-2@@@ WHERE pro_codigo_plu=763518','',2,'2013-10-10'),(75856,'UPDATE mae_productos SET pro_precio_compra_bruto=3313.11,pro_margen_actual=(pro_precio_venta-3313.11)/3313.11 * 100,pro_ultima_compra=@@@2013.10.10@@@,pro_ultimo_proveedor=@@@96568970-2@@@ WHERE pro_codigo_plu=780721462','',2,'2013-10-10'),(75857,'UPDATE mae_productos SET pro_precio_compra_bruto=1148.76,pro_margen_actual=(pro_precio_venta-1148.76)/1148.76 * 100,pro_ultima_compra=@@@2013.10.10@@@,pro_ultimo_proveedor=@@@96568970-2@@@ WHERE pro_codigo_plu=17146','',2,'2013-10-10'),(75858,'INSERT INTO gne_vale_ferreteria (vfe_id,vfe_fecha,vfe_total,vfe_estado,vfe_entregado,usu_nusuario) VALUES (13379,@@@2013.10.10@@@,520,1,0,@@@b_SAEZ@@@)','',2,'2013-10-10'),(75859,'INSERT INTO gne_vale_ferreteria_mov (vfe_id,pro_codigo_plu,vfm_cantidad,vfm_unitario,vfm_total,vfm_entregado) VALUES (13379,8021,1,150,150,@@@NO@@@)','',2,'2013-10-10'),(75860,'INSERT INTO gne_vale_ferreteria_mov (vfe_id,pro_codigo_plu,vfm_cantidad,vfm_unitario,vfm_total,vfm_entregado) VALUES (13379,102408,1,370,370,@@@NO@@@)','',2,'2013-10-10'),(75861,'UPDATE mae_productos SET pro_precio_compra_bruto=246.33,pro_margen_actual=(pro_precio_venta-246.33)/246.33 * 100,pro_ultima_compra=@@@2013.10.10@@@,pro_ultimo_proveedor=@@@90703000-8@@@ WHERE pro_codigo_plu=17067','',2,'2013-10-10'),(75862,'UPDATE mae_productos SET pro_precio_compra_bruto=313.86,pro_margen_actual=(pro_precio_venta-313.86)/313.86 * 100,pro_ultima_compra=@@@2013.10.10@@@,pro_ultimo_proveedor=@@@90703000-8@@@ WHERE pro_codigo_plu=780220178','',2,'2013-10-10'),(75863,'UPDATE mae_productos SET pro_precio_compra_bruto=313.86,pro_margen_actual=(pro_precio_venta-313.86)/313.86 * 100,pro_ultima_compra=@@@2013.10.10@@@,pro_ultimo_proveedor=@@@90703000-8@@@ WHERE pro_codigo_plu=762721','',2,'2013-10-10'),(75864,'UPDATE mae_productos SET pro_margen_actual=243.48,pro_precio_venta=790 WHERE pro_codigo_plu=763848','',2,'2013-10-10'),(75865,'UPDATE mae_productos SET pro_margen_actual=111.79,pro_precio_venta=1150 WHERE pro_codigo_plu=579','',2,'2013-10-10'),(75866,'UPDATE mae_productos SET pro_margen_actual=115.76,pro_precio_venta=1150 WHERE pro_codigo_plu=580','',2,'2013-10-10'),(75867,'UPDATE mae_productos SET pro_margen_actual=71.24,pro_precio_venta=399 WHERE pro_codigo_plu=607','',2,'2013-10-10'),(75868,'UPDATE mae_productos SET pro_margen_actual=34.15,pro_precio_venta=550 WHERE pro_codigo_plu=590','',2,'2013-10-10'),(75869,'UPDATE mae_productos SET pro_margen_actual=34.15,pro_precio_venta=550 WHERE pro_codigo_plu=589','',2,'2013-10-10'),(75870,'UPDATE mae_productos SET pro_margen_actual=193.62,pro_precio_venta=690 WHERE pro_codigo_plu=530','',2,'2013-10-10'),(75871,'UPDATE mae_productos SET pro_margen_actual=110.84,pro_precio_venta=350 WHERE pro_codigo_plu=597','',2,'2013-10-10'),(75872,'UPDATE mae_productos SET pro_margen_actual=47.15,pro_precio_venta=490 WHERE pro_codigo_plu=610','',2,'2013-10-10'),(75873,'UPDATE mae_productos SET pro_margen_actual=0,pro_precio_venta=1790 WHERE pro_codigo_plu=578','',2,'2013-10-10'),(75874,'UPDATE mae_productos SET pro_margen_actual=94.08,pro_precio_venta=590 WHERE pro_codigo_plu=552','',2,'2013-10-10'),(75875,'UPDATE mae_productos SET pro_margen_actual=0,pro_precio_venta=499 WHERE pro_codigo_plu=603','',2,'2013-10-10'),(75876,'UPDATE mae_productos SET pro_margen_actual=73.45,pro_precio_venta=1290 WHERE pro_codigo_plu=104','',2,'2013-10-10'),(75877,'UPDATE mae_productos SET pro_precio_fiscal=pro_precio_venta WHERE pro_codigo_plu=104','',2,'2013-10-10'),(75878,'UPDATE mae_productos SET pro_precio_fiscal=pro_precio_venta WHERE pro_codigo_plu=530','',2,'2013-10-10'),(75879,'UPDATE mae_productos SET pro_precio_fiscal=pro_precio_venta WHERE pro_codigo_plu=552','',2,'2013-10-10'),(75880,'UPDATE mae_productos SET pro_precio_fiscal=pro_precio_venta WHERE pro_codigo_plu=579','',2,'2013-10-10'),(75881,'UPDATE mae_productos SET pro_precio_fiscal=pro_precio_venta WHERE pro_codigo_plu=580','',2,'2013-10-10'),(75882,'UPDATE mae_productos SET pro_precio_fiscal=pro_precio_venta WHERE pro_codigo_plu=589','',2,'2013-10-10'),(75883,'UPDATE mae_productos SET pro_precio_fiscal=pro_precio_venta WHERE pro_codigo_plu=590','',2,'2013-10-10'),(75884,'UPDATE mae_productos SET pro_precio_fiscal=pro_precio_venta WHERE pro_codigo_plu=603','',2,'2013-10-10'),(75885,'UPDATE mae_productos SET pro_precio_fiscal=pro_precio_venta WHERE pro_codigo_plu=607','',2,'2013-10-10'),(75886,'UPDATE mae_productos SET pro_precio_fiscal=pro_precio_venta WHERE pro_codigo_plu=610','',2,'2013-10-10'),(75887,'INSERT INTO gne_vale_ferreteria (vfe_id,vfe_fecha,vfe_total,vfe_estado,vfe_entregado,usu_nusuario) VALUES (13380,@@@2013.10.10@@@,290,1,0,@@@b_SAEZ@@@)','',2,'2013-10-10'),(75888,'INSERT INTO gne_vale_ferreteria_mov (vfe_id,pro_codigo_plu,vfm_cantidad,vfm_unitario,vfm_total,vfm_entregado) VALUES (13380,780721290,1,290,290,@@@NO@@@)','',2,'2013-10-10'),(75889,'INSERT INTO gne_vale_ferreteria (vfe_id,vfe_fecha,vfe_total,vfe_estado,vfe_entregado,usu_nusuario) VALUES (13381,@@@2013.10.10@@@,1670,1,0,@@@b_SAEZ@@@)','',2,'2013-10-10'),(75890,'INSERT INTO gne_vale_ferreteria_mov (vfe_id,pro_codigo_plu,vfm_cantidad,vfm_unitario,vfm_total,vfm_entregado) VALUES (13381,770066,2,490,980,@@@NO@@@)','',2,'2013-10-10'),(75891,'INSERT INTO gne_vale_ferreteria_mov (vfe_id,pro_codigo_plu,vfm_cantidad,vfm_unitario,vfm_total,vfm_entregado) VALUES (13381,78017055,1,690,690,@@@NO@@@)','',2,'2013-10-10'),(75892,'INSERT INTO mae_productos (pro_codigo_plu,pro_codigo_barra,pro_tipo,pro_nombre_producto,pro_nombre_corto,med_id,emb_id,pro_unidades_embalaje,dep_id,lin_id,mar_id,pro_precio_compra_neto,pro_precio_compra_bruto,pro_precio_venta,pro_margen_actual,pro_oferta,pro_fecha_inicio_oferta,pro_fecha_termino_oferta,pro_precio_oferta,pro_stock_minimo,pro_stock_critico,pro_entradas_bodega,pro_salidas_bodega,pro_mermas_bodega,pro_ajustes_bodega,pro_entradas_sv,pro_salidas_sv,pro_mermas_sv,pro_ajustes_sv,pro_activo,rec_numero,pro_unidad,pro_capacidad,pro_consumo_bodega,pro_consumo_sv,pro_estado,pro_funcion_plu,pro_flejes,pro_iva,pro_plu_asociado,pro_envase,pro_duracion,pro_numero_etiqueta) VALUES (780721948,@@@7804626390025@@@,@@@0@@@,@@@ ARROZ LARGO AKITOI  G-2    1KG@@@,@@@ARROZ AKITOI  G-@@@,@@@2 @@@,@@@4 @@@,@@@1@@@,@@@1 @@@,@@@2@@@,@@@2507@@@,@@@0@@@,@@@523.36@@@,@@@1@@@,@@@-99.81@@@,@@@@@@,@@@2006.09.07@@@,@@@2006.09.07@@@,@@@0@@@,@@@50@@@,@@@25@@@,@@@0@@@,@@@0@@@,@@@0@@@,@@@0@@@,@@@0@@@,@@@0@@@,@@@0@@@,@@@0@@@,@@@1@@@,@@@0@@@,0,1,0,0,2,0,1,1,0,@@@NO@@@,0,0)','',2,'2013-10-10'),(75893,'DELETE FROM mae_impuestos_productos WHERE pro_codigo_plu=@@@780721948@@@','',2,'2013-10-10'),(75894,'INSERT INTO mae_productos (pro_codigo_plu,pro_codigo_barra,pro_tipo,pro_nombre_producto,pro_nombre_corto,med_id,emb_id,pro_unidades_embalaje,dep_id,lin_id,mar_id,pro_precio_compra_neto,pro_precio_compra_bruto,pro_precio_venta,pro_margen_actual,pro_oferta,pro_fecha_inicio_oferta,pro_fecha_termino_oferta,pro_precio_oferta,pro_stock_minimo,pro_stock_critico,pro_entradas_bodega,pro_salidas_bodega,pro_mermas_bodega,pro_ajustes_bodega,pro_entradas_sv,pro_salidas_sv,pro_mermas_sv,pro_ajustes_sv,pro_activo,rec_numero,pro_unidad,pro_capacidad,pro_consumo_bodega,pro_consumo_sv,pro_estado,pro_funcion_plu,pro_flejes,pro_iva,pro_plu_asociado,pro_envase,pro_duracion,pro_numero_etiqueta) VALUES (780721949,@@@7806500507864@@@,@@@0@@@,@@@PAPEL HIGIENICO FAJITA NOBLE 50MT@@@,@@@PAPEL HIGIENICO @@@,@@@4 @@@,@@@4 @@@,@@@1@@@,@@@35 @@@,@@@34@@@,@@@576@@@,@@@0@@@,@@@134.99@@@,@@@1@@@,@@@-99.26@@@,@@@@@@,@@@2006.09.07@@@,@@@2006.09.07@@@,@@@0@@@,@@@50@@@,@@@10@@@,@@@0@@@,@@@0@@@,@@@0@@@,@@@0@@@,@@@0@@@,@@@0@@@,@@@0@@@,@@@0@@@,@@@1@@@,@@@0@@@,0,50,0,0,2,0,1,1,0,@@@NO@@@,0,0)','',2,'2013-10-10'),(75895,'DELETE FROM mae_impuestos_productos WHERE pro_codigo_plu=@@@780721949@@@','',2,'2013-10-10'),(75896,'UPDATE mae_productos SET pro_precio_compra_bruto=289.96,pro_margen_actual=(pro_precio_venta-289.96)/289.96 * 100,pro_ultima_compra=@@@2013.10.10@@@,pro_ultimo_proveedor=@@@84348700-9@@@ WHERE pro_codigo_plu=14654','',2,'2013-10-10'),(75897,'UPDATE mae_productos SET pro_precio_compra_bruto=1000,pro_margen_actual=(pro_precio_venta-1000)/1000 * 100,pro_ultima_compra=@@@2013.10.10@@@,pro_ultimo_proveedor=@@@76717550-7@@@ WHERE pro_codigo_plu=383','',2,'2013-10-10'),(75898,'INSERT INTO gne_vale_ferreteria (vfe_id,vfe_fecha,vfe_total,vfe_estado,vfe_entregado,usu_nusuario) VALUES (13382,@@@2013.10.10@@@,780,1,0,@@@b_SAEZ@@@)','',2,'2013-10-10'),(75899,'INSERT INTO gne_vale_ferreteria_mov (vfe_id,pro_codigo_plu,vfm_cantidad,vfm_unitario,vfm_total,vfm_entregado) VALUES (13382,2020,2,390,780,@@@NO@@@)','',2,'2013-10-10'),(75900,'UPDATE mae_productos SET pro_precio_compra_bruto=743.75,pro_margen_actual=(pro_precio_venta-743.75)/743.75 * 100,pro_ultima_compra=@@@2013.10.10@@@,pro_ultimo_proveedor=@@@79662080-3@@@ WHERE pro_codigo_plu=202','',2,'2013-10-10'),(75901,'UPDATE mae_productos SET pro_precio_compra_bruto=1487.5,pro_margen_actual=(pro_precio_venta-1487.5)/1487.5 * 100,pro_ultima_compra=@@@2013.10.10@@@,pro_ultimo_proveedor=@@@79662080-3@@@ WHERE pro_codigo_plu=126','',2,'2013-10-10'),(75902,'UPDATE mae_productos SET pro_precio_compra_bruto=1517.25,pro_margen_actual=(pro_precio_venta-1517.25)/1517.25 * 100,pro_ultima_compra=@@@2013.10.10@@@,pro_ultimo_proveedor=@@@79662080-3@@@ WHERE pro_codigo_plu=115','',2,'2013-10-10'),(75903,'UPDATE mae_productos SET pro_precio_compra_bruto=827.05,pro_margen_actual=(pro_precio_venta-827.05)/827.05 * 100,pro_ultima_compra=@@@2013.10.10@@@,pro_ultimo_proveedor=@@@79662080-3@@@ WHERE pro_codigo_plu=104','',2,'2013-10-10'),(75904,'INSERT INTO gne_vale_ferreteria (vfe_id,vfe_fecha,vfe_total,vfe_estado,vfe_entregado,usu_nusuario) VALUES (13383,@@@2013.10.10@@@,850,1,0,@@@b_SAEZ@@@)','',2,'2013-10-10'),(75905,'INSERT INTO gne_vale_ferreteria_mov (vfe_id,pro_codigo_plu,vfm_cantidad,vfm_unitario,vfm_total,vfm_entregado) VALUES (13383,764498,1,490,490,@@@NO@@@)','',2,'2013-10-10'),(75906,'INSERT INTO gne_vale_ferreteria_mov (vfe_id,pro_codigo_plu,vfm_cantidad,vfm_unitario,vfm_total,vfm_entregado) VALUES (13383,764766,3,120,360,@@@NO@@@)','',2,'2013-10-10'),