(25388,'INSERT INTO mae_productos (pro_codigo_plu,pro_codigo_barra,pro_tipo,pro_nombre_producto,pro_nombre_corto,med_id,emb_id,pro_unidades_embalaje,dep_id,lin_id,mar_id,pro_precio_compra_neto,pro_precio_compra_bruto,pro_precio_venta,pro_margen_actual,pro_oferta,pro_fecha_inicio_oferta,pro_fecha_termino_oferta,pro_precio_oferta,pro_stock_minimo,pro_stock_critico,pro_entradas_bodega,pro_salidas_bodega,pro_mermas_bodega,pro_ajustes_bodega,pro_entradas_sv,pro_salidas_sv,pro_mermas_sv,pro_ajustes_sv,pro_activo,rec_numero,pro_unidad,pro_capacidad,pro_consumo_bodega,pro_consumo_sv,pro_estado,pro_funcion_plu,pro_flejes,pro_iva,pro_plu_asociado,pro_envase,pro_duracion,pro_numero_etiqueta) VALUES (780721125,@@@8712581546670@@@,@@@0@@@,@@@PILA PHILIPS AA X1 UND@@@,@@@PILA PHILIPS AA @@@,@@@1 @@@,@@@3 @@@,@@@0@@@,@@@37 @@@,@@@176@@@,@@@997@@@,@@@0@@@,@@@0@@@,@@@120@@@,@@@0@@@,@@@@@@,@@@2013.06.12@@@,@@@2013.06.12@@@,@@@0@@@,@@@0@@@,@@@0@@@,@@@0@@@,@@@0@@@,@@@0@@@,@@@0@@@,@@@0@@@,@@@0@@@,@@@0@@@,@@@0@@@,@@@1@@@,@@@0@@@,0,1,0,0,2,0,1,1,0,@@@NO@@@,0,0)','',2,'2013-06-12'),(25389,'DELETE FROM mae_impuestos_productos WHERE pro_codigo_plu=@@@780721125@@@','',2,'2013-06-12'),(25390,'INSERT INTO mae_productos (pro_codigo_plu,pro_codigo_barra,pro_tipo,pro_nombre_producto,pro_nombre_corto,med_id,emb_id,pro_unidades_embalaje,dep_id,lin_id,mar_id,pro_precio_compra_neto,pro_precio_compra_bruto,pro_precio_venta,pro_margen_actual,pro_oferta,pro_fecha_inicio_oferta,pro_fecha_termino_oferta,pro_precio_oferta,pro_stock_minimo,pro_stock_critico,pro_entradas_bodega,pro_salidas_bodega,pro_mermas_bodega,pro_ajustes_bodega,pro_entradas_sv,pro_salidas_sv,pro_mermas_sv,pro_ajustes_sv,pro_activo,rec_numero,pro_unidad,pro_capacidad,pro_consumo_bodega,pro_consumo_sv,pro_estado,pro_funcion_plu,pro_flejes,pro_iva,pro_plu_asociado,pro_envase,pro_duracion,pro_numero_etiqueta) VALUES (780721126,@@@8712581544225@@@,@@@0@@@,@@@PILA ALCALINA AAA PHILIPS X1 UND@@@,@@@PILA ALCALINA AA@@@,@@@1 @@@,@@@3 @@@,@@@0@@@,@@@37 @@@,@@@176@@@,@@@1614@@@,@@@0@@@,@@@0@@@,@@@300@@@,@@@0@@@,@@@@@@,@@@2013.06.12@@@,@@@2013.06.12@@@,@@@0@@@,@@@0@@@,@@@0@@@,@@@0@@@,@@@0@@@,@@@0@@@,@@@0@@@,@@@0@@@,@@@0@@@,@@@0@@@,@@@0@@@,@@@1@@@,@@@0@@@,0,0,0,0,2,0,1,1,0,@@@NO@@@,0,0)','',2,'2013-06-12'),(25391,'DELETE FROM mae_impuestos_productos WHERE pro_codigo_plu=@@@780721126@@@','',2,'2013-06-12'),(25392,'INSERT INTO mae_productos (pro_codigo_plu,pro_codigo_barra,pro_tipo,pro_nombre_producto,pro_nombre_corto,med_id,emb_id,pro_unidades_embalaje,dep_id,lin_id,mar_id,pro_precio_compra_neto,pro_precio_compra_bruto,pro_precio_venta,pro_margen_actual,pro_oferta,pro_fecha_inicio_oferta,pro_fecha_termino_oferta,pro_precio_oferta,pro_stock_minimo,pro_stock_critico,pro_entradas_bodega,pro_salidas_bodega,pro_mermas_bodega,pro_ajustes_bodega,pro_entradas_sv,pro_salidas_sv,pro_mermas_sv,pro_ajustes_sv,pro_activo,rec_numero,pro_unidad,pro_capacidad,pro_consumo_bodega,pro_consumo_sv,pro_estado,pro_funcion_plu,pro_flejes,pro_iva,pro_plu_asociado,pro_envase,pro_duracion,pro_numero_etiqueta) VALUES (780721127,@@@8712581544195@@@,@@@0@@@,@@@PILA AA ALCALINA PHILIPS X1 UND@@@,@@@PILA AA ALCALINA@@@,@@@1 @@@,@@@3 @@@,@@@0@@@,@@@37 @@@,@@@176@@@,@@@997@@@,@@@0@@@,@@@0@@@,@@@300@@@,@@@0@@@,@@@@@@,@@@2013.06.12@@@,@@@2013.06.12@@@,@@@0@@@,@@@0@@@,@@@0@@@,@@@0@@@,@@@0@@@,@@@0@@@,@@@0@@@,@@@0@@@,@@@0@@@,@@@0@@@,@@@0@@@,@@@1@@@,@@@0@@@,0,1,0,0,2,0,1,1,0,@@@NO@@@,0,0)','',2,'2013-06-12'),(25393,'DELETE FROM mae_impuestos_productos WHERE pro_codigo_plu=@@@780721127@@@','',2,'2013-06-12'),(25394,'INSERT INTO gne_vale_ferreteria (vfe_id,vfe_fecha,vfe_total,vfe_estado,vfe_entregado,usu_nusuario) VALUES (2218,@@@2013.06.12@@@,1000,1,0,@@@G_DIAZ@@@)','',2,'2013-06-12'),(25395,'INSERT INTO gne_vale_ferreteria_mov (vfe_id,pro_codigo_plu,vfm_cantidad,vfm_unitario,vfm_total,vfm_entregado) VALUES (2218,4094,5,200,1000,@@@NO@@@)','',2,'2013-06-12'),(25396,'INSERT INTO mae_productos (pro_codigo_plu,pro_codigo_barra,pro_tipo,pro_nombre_producto,pro_nombre_corto,med_id,emb_id,pro_unidades_embalaje,dep_id,lin_id,mar_id,pro_precio_compra_neto,pro_precio_compra_bruto,pro_precio_venta,pro_margen_actual,pro_oferta,pro_fecha_inicio_oferta,pro_fecha_termino_oferta,pro_precio_oferta,pro_stock_minimo,pro_stock_critico,pro_entradas_bodega,pro_salidas_bodega,pro_mermas_bodega,pro_ajustes_bodega,pro_entradas_sv,pro_salidas_sv,pro_mermas_sv,pro_ajustes_sv,pro_activo,rec_numero,pro_unidad,pro_capacidad,pro_consumo_bodega,pro_consumo_sv,pro_estado,pro_funcion_plu,pro_flejes,pro_iva,pro_plu_asociado,pro_envase,pro_duracion,pro_numero_etiqueta) VALUES (780721128,@@@780721128@@@,@@@0@@@,@@@PILA AAA PHILIPS X1 UND@@@,@@@PILA AAA PHILIPS@@@,@@@1 @@@,@@@3 @@@,@@@0@@@,@@@37 @@@,@@@176@@@,@@@1614@@@,@@@0@@@,@@@0@@@,@@@150@@@,@@@0@@@,@@@@@@,@@@2013.06.12@@@,@@@2013.06.12@@@,@@@0@@@,@@@0@@@,@@@0@@@,@@@0@@@,@@@0@@@,@@@0@@@,@@@0@@@,@@@0@@@,@@@0@@@,@@@0@@@,@@@0@@@,@@@1@@@,@@@0@@@,0,1,0,0,2,0,1,1,0,@@@NO@@@,0,0)','',2,'2013-06-12'),(25397,'DELETE FROM mae_impuestos_productos WHERE pro_codigo_plu=@@@780721128@@@','',2,'2013-06-12'),(25398,'INSERT INTO gne_vale_ferreteria (vfe_id,vfe_fecha,vfe_total,vfe_estado,vfe_entregado,usu_nusuario) VALUES (2219,@@@2013.06.12@@@,3480,1,0,@@@G_DIAZ@@@)','',2,'2013-06-12'),(25399,'INSERT INTO gne_vale_ferreteria_mov (vfe_id,pro_codigo_plu,vfm_cantidad,vfm_unitario,vfm_total,vfm_entregado) VALUES (2219,764970,1,2990,2990,@@@NO@@@)','',2,'2013-06-12'),(25400,'INSERT INTO gne_vale_ferreteria_mov (vfe_id,pro_codigo_plu,vfm_cantidad,vfm_unitario,vfm_total,vfm_entregado) VALUES (2219,1538,1,490,490,@@@NO@@@)','',2,'2013-06-12'),(25401,'INSERT INTO gne_vale_ferreteria (vfe_id,vfe_fecha,vfe_total,vfe_estado,vfe_entregado,usu_nusuario) VALUES (2220,@@@2013.06.12@@@,1370,1,0,@@@G_DIAZ@@@)','',2,'2013-06-12'),(25402,'INSERT INTO gne_vale_ferreteria_mov (vfe_id,pro_codigo_plu,vfm_cantidad,vfm_unitario,vfm_total,vfm_entregado) VALUES (2220,78017179,1,960,960,@@@NO@@@)','',2,'2013-06-12'),(25403,'INSERT INTO gne_vale_ferreteria_mov (vfe_id,pro_codigo_plu,vfm_cantidad,vfm_unitario,vfm_total,vfm_entregado) VALUES (2220,78017197,1,250,250,@@@NO@@@)','',2,'2013-06-12'),(25404,'INSERT INTO gne_vale_ferreteria_mov (vfe_id,pro_codigo_plu,vfm_cantidad,vfm_unitario,vfm_total,vfm_entregado) VALUES (2220,16430,1,160,160,@@@NO@@@)','',2,'2013-06-12'),(25405,'INSERT INTO gne_vale_ferreteria (vfe_id,vfe_fecha,vfe_total,vfe_estado,vfe_entregado,usu_nusuario) VALUES (2221,@@@2013.06.12@@@,390,1,0,@@@G_DIAZ@@@)','',2,'2013-06-12'),(25406,'INSERT INTO gne_vale_ferreteria_mov (vfe_id,pro_codigo_plu,vfm_cantidad,vfm_unitario,vfm_total,vfm_entregado) VALUES (2221,764214,1,390,390,@@@NO@@@)','',2,'2013-06-12'),(25407,'INSERT INTO gne_vale_ferreteria (vfe_id,vfe_fecha,vfe_total,vfe_estado,vfe_entregado,usu_nusuario) VALUES (2222,@@@2013.06.12@@@,2780,1,0,@@@G_DIAZ@@@)','',2,'2013-06-12'),(25408,'INSERT INTO gne_vale_ferreteria_mov (vfe_id,pro_codigo_plu,vfm_cantidad,vfm_unitario,vfm_total,vfm_entregado) VALUES (2222,763695,1,2290,2290,@@@NO@@@)','',2,'2013-06-12'),(25409,'INSERT INTO gne_vale_ferreteria_mov (vfe_id,pro_codigo_plu,vfm_cantidad,vfm_unitario,vfm_total,vfm_entregado) VALUES (2222,764397,1,490,490,@@@NO@@@)','',2,'2013-06-12'),(25410,'INSERT INTO gne_vale_ferreteria (vfe_id,vfe_fecha,vfe_total,vfe_estado,vfe_entregado,usu_nusuario) VALUES (2223,@@@2013.06.12@@@,200,1,0,@@@G_DIAZ@@@)','',2,'2013-06-12'),(25411,'INSERT INTO gne_vale_ferreteria_mov (vfe_id,pro_codigo_plu,vfm_cantidad,vfm_unitario,vfm_total,vfm_entregado) VALUES (2223,770058,1,200,200,@@@NO@@@)','',2,'2013-06-12'),(25412,'INSERT INTO gne_vale_ferreteria (vfe_id,vfe_fecha,vfe_total,vfe_estado,vfe_entregado,usu_nusuario) VALUES (2224,@@@2013.06.12@@@,620,1,0,@@@G_DIAZ@@@)','',2,'2013-06-12'),(25413,'INSERT INTO gne_vale_ferreteria_mov (vfe_id,pro_codigo_plu,vfm_cantidad,vfm_unitario,vfm_total,vfm_entregado) VALUES (2224,11378,1,620,620,@@@NO@@@)','',2,'2013-06-12'),(25414,'INSERT INTO gne_vale_ferreteria (vfe_id,vfe_fecha,vfe_total,vfe_estado,vfe_entregado,usu_nusuario) VALUES (2225,@@@2013.06.12@@@,440,1,0,@@@G_DIAZ@@@)','',2,'2013-06-12'),(25415,'INSERT INTO gne_vale_ferreteria_mov (vfe_id,pro_codigo_plu,vfm_cantidad,vfm_unitario,vfm_total,vfm_entregado) VALUES (2225,1559,1,290,290,@@@NO@@@)','',2,'2013-06-12'),(25416,'INSERT INTO gne_vale_ferreteria_mov (vfe_id,pro_codigo_plu,vfm_cantidad,vfm_unitario,vfm_total,vfm_entregado) VALUES (2225,764580,1,150,150,@@@NO@@@)','',2,'2013-06-12'),(25417,'INSERT INTO gne_vale_ferreteria (vfe_id,vfe_fecha,vfe_total,vfe_estado,vfe_entregado,usu_nusuario) VALUES (2226,@@@2013.06.12@@@,120,1,0,@@@G_DIAZ@@@)','',2,'2013-06-12'),(25418,'INSERT INTO gne_vale_ferreteria_mov (vfe_id,pro_codigo_plu,vfm_cantidad,vfm_unitario,vfm_total,vfm_entregado) VALUES (2226,8022,1,120,120,@@@NO@@@)','',2,'2013-06-12'),(25419,'INSERT INTO gne_vale_ferreteria (vfe_id,vfe_fecha,vfe_total,vfe_estado,vfe_entregado,usu_nusuario) VALUES (2227,@@@2013.06.12@@@,490,1,0,@@@G_DIAZ@@@)','',2,'2013-06-12'),(25420,'INSERT INTO gne_vale_ferreteria_mov (vfe_id,pro_codigo_plu,vfm_cantidad,vfm_unitario,vfm_total,vfm_entregado) VALUES (2227,764074,1,490,490,@@@NO@@@)','',2,'2013-06-12'),(25421,'INSERT INTO gne_vale_ferreteria (vfe_id,vfe_fecha,vfe_total,vfe_estado,vfe_entregado,usu_nusuario) VALUES (2228,@@@2013.06.12@@@,40,1,0,@@@G_DIAZ@@@)','',2,'2013-06-12'),(25422,'INSERT INTO gne_vale_ferreteria_mov (vfe_id,pro_codigo_plu,vfm_cantidad,vfm_unitario,vfm_total,vfm_entregado) VALUES (2228,78017241,1,40,40,@@@NO@@@)','',2,'2013-06-12'),(25423,'INSERT INTO gne_vale_ferreteria (vfe_id,vfe_fecha,vfe_total,vfe_estado,vfe_entregado,usu_nusuario) VALUES (2229,@@@2013.06.12@@@,200,1,0,@@@G_DIAZ@@@)','',2,'2013-06-12'),(25424,'INSERT INTO gne_vale_ferreteria_mov (vfe_id,pro_codigo_plu,vfm_cantidad,vfm_unitario,vfm_total,vfm_entregado) VALUES (2229,780220188,2,100,200,@@@NO@@@)','',2,'2013-06-12'),(25425,'INSERT INTO gne_vale_ferreteria (vfe_id,vfe_fecha,vfe_total,vfe_estado,vfe_entregado,usu_nusuario) VALUES (2230,@@@2013.06.12@@@,240,1,0,@@@G_DIAZ@@@)','',2,'2013-06-12'),(25426,'INSERT INTO gne_vale_ferreteria_mov (vfe_id,pro_codigo_plu,vfm_cantidad,vfm_unitario,vfm_total,vfm_entregado) VALUES (2230,764766,2,120,240,@@@NO@@@)','',2,'2013-06-12'),(25427,'INSERT INTO gne_vale_ferreteria (vfe_id,vfe_fecha,vfe_total,vfe_estado,vfe_entregado,usu_nusuario) VALUES (2231,@@@2013.06.12@@@,390,1,0,@@@G_DIAZ@@@)','',2,'2013-06-12'),(25428,'INSERT INTO gne_vale_ferreteria_mov (vfe_id,pro_codigo_plu,vfm_cantidad,vfm_unitario,vfm_total,vfm_entregado) VALUES (2231,1535,1,390,390,@@@NO@@@)','',2,'2013-06-12'),(25429,'INSERT INTO gne_vale_ferreteria (vfe_id,vfe_fecha,vfe_total,vfe_estado,vfe_entregado,usu_nusuario) VALUES (2232,@@@2013.06.12@@@,250,1,0,@@@G_DIAZ@@@)','',2,'2013-06-12'),(25430,'INSERT INTO gne_vale_ferreteria_mov (vfe_id,pro_codigo_plu,vfm_cantidad,vfm_unitario,vfm_total,vfm_entregado) VALUES (2232,4091,1,250,250,@@@NO@@@)','',2,'2013-06-12'),(25431,'INSERT INTO gne_vale_ferreteria (vfe_id,vfe_fecha,vfe_total,vfe_estado,vfe_entregado,usu_nusuario) VALUES (2233,@@@2013.06.12@@@,500,1,0,@@@G_DIAZ@@@)','',2,'2013-06-12'),(25432,'INSERT INTO gne_vale_ferreteria_mov (vfe_id,pro_codigo_plu,vfm_cantidad,vfm_unitario,vfm_total,vfm_entregado) VALUES (2233,4091,2,250,500,@@@NO@@@)','',2,'2013-06-12'),(25433,'INSERT INTO gne_vale_ferreteria (vfe_id,vfe_fecha,vfe_total,vfe_estado,vfe_entregado,usu_nusuario) VALUES (2234,@@@2013.06.12@@@,490,1,0,@@@G_DIAZ@@@)','',2,'2013-06-12'),(25434,'INSERT INTO gne_vale_ferreteria_mov (vfe_id,pro_codigo_plu,vfm_cantidad,vfm_unitario,vfm_total,vfm_entregado) VALUES (2234,4071,1,490,490,@@@NO@@@)','',2,'2013-06-12'),(25435,'INSERT INTO gne_vale_ferreteria (vfe_id,vfe_fecha,vfe_total,vfe_estado,vfe_entregado,usu_nusuario) VALUES (2235,@@@2013.06.12@@@,40,1,0,@@@G_DIAZ@@@)','',2,'2013-06-12'),(25436,'INSERT INTO gne_vale_ferreteria_mov (vfe_id,pro_codigo_plu,vfm_cantidad,vfm_unitario,vfm_total,vfm_entregado) VALUES (2235,78017191,1,40,40,@@@NO@@@)','',2,'2013-06-12'),(25437,'INSERT INTO gne_vale_ferreteria (vfe_id,vfe_fecha,vfe_total,vfe_estado,vfe_entregado,usu_nusuario) VALUES (2236,@@@2013.06.12@@@,400,1,0,@@@G_DIAZ@@@)','',2,'2013-06-12'),(25438,'INSERT INTO gne_vale_ferreteria_mov (vfe_id,pro_codigo_plu,vfm_cantidad,vfm_unitario,vfm_total,vfm_entregado) VALUES (2236,1543,2,200,400,@@@NO@@@)','',2,'2013-06-12'),(25439,'INSERT INTO gne_vale_ferreteria (vfe_id,vfe_fecha,vfe_total,vfe_estado,vfe_entregado,usu_nusuario) VALUES (2237,@@@2013.06.12@@@,160,1,0,@@@G_DIAZ@@@)','',2,'2013-06-12'),(25440,'INSERT INTO gne_vale_ferreteria_mov (vfe_id,pro_codigo_plu,vfm_cantidad,vfm_unitario,vfm_total,vfm_entregado) VALUES (2237,16430,1,160,160,@@@NO@@@)','',2,'2013-06-12'),(25441,'INSERT INTO gne_vale_ferreteria (vfe_id,vfe_fecha,vfe_total,vfe_estado,vfe_entregado,usu_nusuario) VALUES (2238,@@@2013.06.12@@@,900,1,0,@@@G_DIAZ@@@)','',2,'2013-06-12'),(25442,'INSERT INTO gne_vale_ferreteria_mov (vfe_id,pro_codigo_plu,vfm_cantidad,vfm_unitario,vfm_total,vfm_entregado) VALUES (2238,764539,2,450,900,@@@NO@@@)','',2,'2013-06-12'),(25443,'INSERT INTO gne_vale_ferreteria (vfe_id,vfe_fecha,vfe_total,vfe_estado,vfe_entregado,usu_nusuario) VALUES (2239,@@@2013.06.12@@@,450,1,0,@@@G_DIAZ@@@)','',2,'2013-06-12'),(25444,'INSERT INTO gne_vale_ferreteria_mov (vfe_id,pro_codigo_plu,vfm_cantidad,vfm_unitario,vfm_total,vfm_entregado) VALUES (2239,764507,1,330,330,@@@NO@@@)','',2,'2013-06-12'),(25445,'INSERT INTO gne_vale_ferreteria_mov (vfe_id,pro_codigo_plu,vfm_cantidad,vfm_unitario,vfm_total,vfm_entregado) VALUES (2239,78017204,1,120,120,@@@NO@@@)','',2,'2013-06-12'),(25446,'INSERT INTO gne_vale_ferreteria (vfe_id,vfe_fecha,vfe_total,vfe_estado,vfe_entregado,usu_nusuario) VALUES (2240,@@@2013.06.12@@@,580,1,0,@@@G_DIAZ@@@)','',2,'2013-06-12'),(25447,'INSERT INTO gne_vale_ferreteria_mov (vfe_id,pro_codigo_plu,vfm_cantidad,vfm_unitario,vfm_total,vfm_entregado) VALUES (2240,1069,2,190,380,@@@NO@@@)','',2,'2013-06-12'),(25448,'INSERT INTO gne_vale_ferreteria_mov (vfe_id,pro_codigo_plu,vfm_cantidad,vfm_unitario,vfm_total,vfm_entregado) VALUES (2240,78017194,1,200,200,@@@NO@@@)','',2,'2013-06-12'),(25449,'INSERT INTO gne_vale_ferreteria (vfe_id,vfe_fecha,vfe_total,vfe_estado,vfe_entregado,usu_nusuario) VALUES (2241,@@@2013.06.12@@@,40,1,0,@@@G_DIAZ@@@)','',2,'2013-06-12'),(25450,'INSERT INTO gne_vale_ferreteria_mov (vfe_id,pro_codigo_plu,vfm_cantidad,vfm_unitario,vfm_total,vfm_entregado) VALUES (2241,78017191,1,40,40,@@@NO@@@)','',2,'2013-06-12'),(25451,'INSERT INTO gne_vale_ferreteria (vfe_id,vfe_fecha,vfe_total,vfe_estado,vfe_entregado,usu_nusuario) VALUES (2242,@@@2013.06.12@@@,1750,1,0,@@@G_DIAZ@@@)','',2,'2013-06-12'),(25452,'INSERT INTO gne_vale_ferreteria_mov (vfe_id,pro_codigo_plu,vfm_cantidad,vfm_unitario,vfm_total,vfm_entregado) VALUES (2242,761650,1,1750,1750,@@@NO@@@)','',2,'2013-06-12'),(25453,'INSERT INTO gne_vale_ferreteria (vfe_id,vfe_fecha,vfe_total,vfe_estado,vfe_entregado,usu_nusuario) VALUES (2243,@@@2013.06.12@@@,2749,1,0,@@@G_DIAZ@@@)','',2,'2013-06-12'),(25454,'INSERT INTO gne_vale_ferreteria_mov (vfe_id,pro_codigo_plu,vfm_cantidad,vfm_unitario,vfm_total,vfm_entregado) VALUES (2243,15490,1,999,999,@@@NO@@@)','',2,'2013-06-12'),(25455,'INSERT INTO gne_vale_ferreteria_mov (vfe_id,pro_codigo_plu,vfm_cantidad,vfm_unitario,vfm_total,vfm_entregado) VALUES (2243,761650,1,1750,1750,@@@NO@@@)','',2,'2013-06-12'),(25456,'INSERT INTO gne_vale_ferreteria (vfe_id,vfe_fecha,vfe_total,vfe_estado,vfe_entregado,usu_nusuario) VALUES (2244,@@@2013.06.12@@@,257640130,1,0,@@@G_DIAZ@@@)','',2,'2013-06-12'),(25457,'INSERT INTO gne_vale_ferreteria_mov (vfe_id,pro_codigo_plu,vfm_cantidad,vfm_unitario,vfm_total,vfm_entregado) VALUES (2244,763588,780726,330,257639580,@@@NO@@@)','',2,'2013-06-12'),(25458,'INSERT INTO gne_vale_ferreteria_mov (vfe_id,pro_codigo_plu,vfm_cantidad,vfm_unitario,vfm_total,vfm_entregado) VALUES (2244,780220186,1,330,330,@@@NO@@@)','',2,'2013-06-12'),(25459,'INSERT INTO gne_vale_ferreteria_mov (vfe_id,pro_codigo_plu,vfm_cantidad,vfm_unitario,vfm_total,vfm_entregado) VALUES (2244,763783,1,220,220,@@@NO@@@)','',2,'2013-06-12'),(25460,'INSERT INTO gne_vale_ferreteria (vfe_id,vfe_fecha,vfe_total,vfe_estado,vfe_entregado,usu_nusuario) VALUES (2245,@@@2013.06.12@@@,590,1,0,@@@G_DIAZ@@@)','',2,'2013-06-12'),(25461,'INSERT INTO gne_vale_ferreteria_mov (vfe_id,pro_codigo_plu,vfm_cantidad,vfm_unitario,vfm_total,vfm_entregado) VALUES (2245,53044,1,590,590,@@@NO@@@)','',2,'2013-06-12'),(25462,'INSERT INTO gne_vale_ferreteria (vfe_id,vfe_fecha,vfe_total,vfe_estado,vfe_entregado,usu_nusuario) VALUES (2246,@@@2013.06.12@@@,880,1,0,@@@G_DIAZ@@@)','',2,'2013-06-12'),(25463,'INSERT INTO gne_vale_ferreteria_mov (vfe_id,pro_codigo_plu,vfm_cantidad,vfm_unitario,vfm_total,vfm_entregado) VALUES (2246,763588,1,330,330,@@@NO@@@)','',2,'2013-06-12'),(25464,'INSERT INTO gne_vale_ferreteria_mov (vfe_id,pro_codigo_plu,vfm_cantidad,vfm_unitario,vfm_total,vfm_entregado) VALUES (2246,780220186,1,330,330,@@@NO@@@)','',2,'2013-06-12'),(25465,'INSERT INTO gne_vale_ferreteria_mov (vfe_id,pro_codigo_plu,vfm_cantidad,vfm_unitario,vfm_total,vfm_entregado) VALUES (2246,763783,1,220,220,@@@NO@@@)','',2,'2013-06-12'),(25466,'INSERT INTO gne_vale_ferreteria (vfe_id,vfe_fecha,vfe_total,vfe_estado,vfe_entregado,usu_nusuario) VALUES (2247,@@@2013.06.12@@@,990,1,0,@@@G_DIAZ@@@)','',2,'2013-06-12'),(25467,'INSERT INTO gne_vale_ferreteria_mov (vfe_id,pro_codigo_plu,vfm_cantidad,vfm_unitario,vfm_total,vfm_entregado) VALUES (2247,78017183,1,990,990,@@@NO@@@)','',2,'2013-06-12'),(25468,'INSERT INTO gne_vale_ferreteria (vfe_id,vfe_fecha,vfe_total,vfe_estado,vfe_entregado,usu_nusuario) VALUES (2248,@@@2013.06.12@@@,150,1,0,@@@G_DIAZ@@@)','',2,'2013-06-12'),(25469,'INSERT INTO gne_vale_ferreteria_mov (vfe_id,pro_codigo_plu,vfm_cantidad,vfm_unitario,vfm_total,vfm_entregado) VALUES (2248,78017153,5,30,150,@@@NO@@@)','',2,'2013-06-12'),(25470,'INSERT INTO gne_vale_ferreteria (vfe_id,vfe_fecha,vfe_total,vfe_estado,vfe_entregado,usu_nusuario) VALUES (2249,@@@2013.06.12@@@,690,1,0,@@@G_DIAZ@@@)','',2,'2013-06-12'),(25471,'INSERT INTO gne_vale_ferreteria_mov (vfe_id,pro_codigo_plu,vfm_cantidad,vfm_unitario,vfm_total,vfm_entregado) VALUES (2249,780220127,1,690,690,@@@NO@@@)','',2,'2013-06-12'),(25472,'INSERT INTO gne_vale_ferreteria (vfe_id,vfe_fecha,vfe_total,vfe_estado,vfe_entregado,usu_nusuario) VALUES (2250,@@@2013.06.12@@@,780,1,0,@@@G_DIAZ@@@)','',2,'2013-06-12'),(25473,'INSERT INTO gne_vale_ferreteria_mov (vfe_id,pro_codigo_plu,vfm_cantidad,vfm_unitario,vfm_total,vfm_entregado) VALUES (2250,15967,6,130,780,@@@NO@@@)','',2,'2013-06-12'),(25474,'INSERT INTO gne_vale_ferreteria (vfe_id,vfe_fecha,vfe_total,vfe_estado,vfe_entregado,usu_nusuario) VALUES (2251,@@@2013.06.12@@@,180,1,0,@@@G_DIAZ@@@)','',2,'2013-06-12'),(25475,'INSERT INTO gne_vale_ferreteria_mov (vfe_id,pro_codigo_plu,vfm_cantidad,vfm_unitario,vfm_total,vfm_entregado) VALUES (2251,78017147,2,90,180,@@@NO@@@)','',2,'2013-06-12'),(25476,'INSERT INTO gne_vale_ferreteria (vfe_id,vfe_fecha,vfe_total,vfe_estado,vfe_entregado,usu_nusuario) VALUES (2252,@@@2013.06.12@@@,260,1,0,@@@G_DIAZ@@@)','',2,'2013-06-12'),(25477,'INSERT INTO gne_vale_ferreteria_mov (vfe_id,pro_codigo_plu,vfm_cantidad,vfm_unitario,vfm_total,vfm_entregado) VALUES (2252,15967,2,130,260,@@@NO@@@)','',2,'2013-06-12'),(25478,'INSERT INTO gne_vale_ferreteria (vfe_id,vfe_fecha,vfe_total,vfe_estado,vfe_entregado,usu_nusuario) VALUES (2253,@@@2013.06.12@@@,540,1,0,@@@G_DIAZ@@@)','',2,'2013-06-12'),(25479,'INSERT INTO gne_vale_ferreteria_mov (vfe_id,pro_codigo_plu,vfm_cantidad,vfm_unitario,vfm_total,vfm_entregado) VALUES (2253,19916,1,540,540,@@@NO@@@)','',2,'2013-06-12'),(25480,'INSERT INTO gne_vale_ferreteria (vfe_id,vfe_fecha,vfe_total,vfe_estado,vfe_entregado,usu_nusuario) VALUES (2254,@@@2013.06.12@@@,120,1,0,@@@G_DIAZ@@@)','',2,'2013-06-12'),(25481,'INSERT INTO gne_vale_ferreteria_mov (vfe_id,pro_codigo_plu,vfm_cantidad,vfm_unitario,vfm_total,vfm_entregado) VALUES (2254,78017191,3,40,120,@@@NO@@@)','',2,'2013-06-12'),(25482,'INSERT INTO gne_vale_ferreteria (vfe_id,vfe_fecha,vfe_total,vfe_estado,vfe_entregado,usu_nusuario) VALUES (2255,@@@2013.06.12@@@,620,1,0,@@@G_DIAZ@@@)','',2,'2013-06-12'),(25483,'INSERT INTO gne_vale_ferreteria_mov (vfe_id,pro_codigo_plu,vfm_cantidad,vfm_unitario,vfm_total,vfm_entregado) VALUES (2255,21116,1,620,620,@@@NO@@@)','',2,'2013-06-12'),(25484,'INSERT INTO gne_vale_ferreteria (vfe_id,vfe_fecha,vfe_total,vfe_estado,vfe_entregado,usu_nusuario) VALUES (2256,@@@2013.06.12@@@,200,1,0,@@@G_DIAZ@@@)','',2,'2013-06-12'),(25485,'INSERT INTO gne_vale_ferreteria_mov (vfe_id,pro_codigo_plu,vfm_cantidad,vfm_unitario,vfm_total,vfm_entregado) VALUES (2256,20365,2,100,200,@@@NO@@@)','',2,'2013-06-12'),(25486,'INSERT INTO gne_vale_ferreteria (vfe_id,vfe_fecha,vfe_total,vfe_estado,vfe_entregado,usu_nusuario) VALUES (2257,@@@2013.06.12@@@,1000,1,0,@@@G_DIAZ@@@)','',2,'2013-06-12'),(25487,'INSERT INTO gne_vale_ferreteria_mov (vfe_id,pro_codigo_plu,vfm_cantidad,vfm_unitario,vfm_total,vfm_entregado) VALUES (2257,764189,1,1000,1000,@@@NO@@@)','',2,'2013-06-12'),(25488,'INSERT INTO gne_vale_ferreteria (vfe_id,vfe_fecha,vfe_total,vfe_estado,vfe_entregado,usu_nusuario) VALUES (2258,@@@2013.06.12@@@,990,1,0,@@@G_DIAZ@@@)','',2,'2013-06-12'),(25489,'INSERT INTO gne_vale_ferreteria_mov (vfe_id,pro_codigo_plu,vfm_cantidad,vfm_unitario,vfm_total,vfm_entregado) VALUES (2258,764673,1,990,990,@@@NO@@@)','',2,'2013-06-12'),(25490,'INSERT INTO gne_vale_ferreteria (vfe_id,vfe_fecha,vfe_total,vfe_estado,vfe_entregado,usu_nusuario) VALUES (2259,@@@2013.06.12@@@,550,1,0,@@@G_DIAZ@@@)','',2,'2013-06-12'),(25491,'INSERT INTO gne_vale_ferreteria_mov (vfe_id,pro_codigo_plu,vfm_cantidad,vfm_unitario,vfm_total,vfm_entregado) VALUES (2259,763582,1,550,550,@@@NO@@@)','',2,'2013-06-12'),(25492,'INSERT INTO gne_vale_ferreteria (vfe_id,vfe_fecha,vfe_total,vfe_estado,vfe_entregado,usu_nusuario) VALUES (2260,@@@2013.06.12@@@,890,1,0,@@@G_DIAZ@@@)','',2,'2013-06-12'),(25493,'INSERT INTO gne_vale_ferreteria_mov (vfe_id,pro_codigo_plu,vfm_cantidad,vfm_unitario,vfm_total,vfm_entregado) VALUES (2260,762114,1,890,890,@@@NO@@@)','',2,'2013-06-12'),(25494,'INSERT INTO gne_vale_ferreteria (vfe_id,vfe_fecha,vfe_total,vfe_estado,vfe_entregado,usu_nusuario) VALUES (2261,@@@2013.06.12@@@,360,1,0,@@@G_DIAZ@@@)','',2,'2013-06-12'),(25495,'INSERT INTO gne_vale_ferreteria_mov (vfe_id,pro_codigo_plu,vfm_cantidad,vfm_unitario,vfm_total,vfm_entregado) VALUES (2261,4080,9,40,360,@@@NO@@@)','',2,'2013-06-12'),(25496,'INSERT INTO gne_vale_ferreteria (vfe_id,vfe_fecha,vfe_total,vfe_estado,vfe_entregado,usu_nusuario) VALUES (2262,@@@2013.06.12@@@,450,1,0,@@@G_DIAZ@@@)','',2,'2013-06-12'),(25497,'INSERT INTO gne_vale_ferreteria_mov (vfe_id,pro_codigo_plu,vfm_cantidad,vfm_unitario,vfm_total,vfm_entregado) VALUES (2262,1063,1,450,450,@@@NO@@@)','',2,'2013-06-12'),(25498,'INSERT INTO gne_vale_ferreteria (vfe_id,vfe_fecha,vfe_total,vfe_estado,vfe_entregado,usu_nusuario) VALUES (2263,@@@2013.06.12@@@,450,1,0,@@@G_DIAZ@@@)','',2,'2013-06-12'),(25499,'INSERT INTO gne_vale_ferreteria_mov (vfe_id,pro_codigo_plu,vfm_cantidad,vfm_unitario,vfm_total,vfm_entregado) VALUES (2263,764539,1,450,450,@@@NO@@@)','',2,'2013-06-12'),(25500,'INSERT INTO gne_vale_ferreteria (vfe_id,vfe_fecha,vfe_total,vfe_estado,vfe_entregado,usu_nusuario) VALUES (2264,@@@2013.06.12@@@,780,1,0,@@@G_DIAZ@@@)','',2,'2013-06-12'),(25501,'INSERT INTO gne_vale_ferreteria_mov (vfe_id,pro_codigo_plu,vfm_cantidad,vfm_unitario,vfm_total,vfm_entregado) VALUES (2264,1535,2,390,780,@@@NO@@@)','',2,'2013-06-12'),(25502,'INSERT INTO gne_vale_ferreteria (vfe_id,vfe_fecha,vfe_total,vfe_estado,vfe_entregado,usu_nusuario) VALUES (2265,@@@2013.06.12@@@,1890,1,0,@@@G_DIAZ@@@)','',2,'2013-06-12'),(25503,'INSERT INTO gne_vale_ferreteria_mov (vfe_id,pro_codigo_plu,vfm_cantidad,vfm_unitario,vfm_total,vfm_entregado) VALUES (2265,19956,1,990,990,@@@NO@@@)','',2,'2013-06-12'),(25504,'INSERT INTO gne_vale_ferreteria_mov (vfe_id,pro_codigo_plu,vfm_cantidad,vfm_unitario,vfm_total,vfm_entregado) VALUES (2265,78017049,3,300,900,@@@NO@@@)','',2,'2013-06-12'),(25505,'INSERT INTO gne_vale_ferreteria (vfe_id,vfe_fecha,vfe_total,vfe_estado,vfe_entregado,usu_nusuario) VALUES (2266,@@@2013.06.12@@@,1050,1,0,@@@G_DIAZ@@@)','',2,'2013-06-12'),(25506,'INSERT INTO gne_vale_ferreteria_mov (vfe_id,pro_codigo_plu,vfm_cantidad,vfm_unitario,vfm_total,vfm_entregado) VALUES (2266,763806,1,1050,1050,@@@NO@@@)','',2,'2013-06-12'),(25507,'INSERT INTO gne_vale_ferreteria (vfe_id,vfe_fecha,vfe_total,vfe_estado,vfe_entregado,usu_nusuario) VALUES (2267,@@@2013.06.12@@@,540,1,0,@@@G_DIAZ@@@)','',2,'2013-06-12'),(25508,'INSERT INTO gne_vale_ferreteria_mov (vfe_id,pro_codigo_plu,vfm_cantidad,vfm_unitario,vfm_total,vfm_entregado) VALUES (2267,19916,1,540,540,@@@NO@@@)','',2,'2013-06-12'),(25509,'INSERT INTO gne_vale_ferreteria (vfe_id,vfe_fecha,vfe_total,vfe_estado,vfe_entregado,usu_nusuario) VALUES (2268,@@@2013.06.12@@@,540,1,0,@@@G_DIAZ@@@)','',2,'2013-06-12'),(25510,'INSERT INTO gne_vale_ferreteria_mov (vfe_id,pro_codigo_plu,vfm_cantidad,vfm_unitario,vfm_total,vfm_entregado) VALUES (2268,19916,1,540,540,@@@NO@@@)','',2,'2013-06-12'),(25511,'INSERT INTO gne_vale_ferreteria (vfe_id,vfe_fecha,vfe_total,vfe_estado,vfe_entregado,usu_nusuario) VALUES (2269,@@@2013.06.12@@@,330,1,0,@@@G_DIAZ@@@)','',2,'2013-06-12'),(25512,'INSERT INTO gne_vale_ferreteria_mov (vfe_id,pro_codigo_plu,vfm_cantidad,vfm_unitario,vfm_total,vfm_entregado) VALUES (2269,19918,1,330,330,@@@NO@@@)','',2,'2013-06-12'),(25513,'INSERT INTO gne_vale_ferreteria (vfe_id,vfe_fecha,vfe_total,vfe_estado,vfe_entregado,usu_nusuario) VALUES (2270,@@@2013.06.12@@@,300,1,0,@@@G_DIAZ@@@)','',2,'2013-06-12'),(25514,'INSERT INTO gne_vale_ferreteria_mov (vfe_id,pro_codigo_plu,vfm_cantidad,vfm_unitario,vfm_total,vfm_entregado) VALUES (2270,78017110,2,150,300,@@@NO@@@)','',2,'2013-06-12'),(25515,'INSERT INTO gne_vale_ferreteria (vfe_id,vfe_fecha,vfe_total,vfe_estado,vfe_entregado,usu_nusuario) VALUES (2271,@@@2013.06.12@@@,3490,1,0,@@@G_DIAZ@@@)','',2,'2013-06-12'),(25516,'INSERT INTO gne_vale_ferreteria_mov (vfe_id,pro_codigo_plu,vfm_cantidad,vfm_unitario,vfm_total,vfm_entregado) VALUES (2271,1934,1,3490,3490,@@@NO@@@)','',2,'2013-06-12'),(25517,'INSERT INTO gne_vale_ferreteria (vfe_id,vfe_fecha,vfe_total,vfe_estado,vfe_entregado,usu_nusuario) VALUES (2272,@@@2013.06.12@@@,800,1,0,@@@G_DIAZ@@@)','',2,'2013-06-12'),(25518,'INSERT INTO gne_vale_ferreteria_mov (vfe_id,pro_codigo_plu,vfm_cantidad,vfm_unitario,vfm_total,vfm_entregado) VALUES (2272,16664,2,400,800,@@@NO@@@)','',2,'2013-06-12'),(25519,'INSERT INTO gne_vale_ferreteria (vfe_id,vfe_fecha,vfe_total,vfe_estado,vfe_entregado,usu_nusuario) VALUES (2273,@@@2013.06.12@@@,1010,1,0,@@@G_DIAZ@@@)','',2,'2013-06-12'),(25520,'INSERT INTO gne_vale_ferreteria_mov (vfe_id,pro_codigo_plu,vfm_cantidad,vfm_unitario,vfm_total,vfm_entregado) VALUES (2273,8021,2,150,300,@@@NO@@@)','',2,'2013-06-12'),(25521,'INSERT INTO gne_vale_ferreteria_mov (vfe_id,pro_codigo_plu,vfm_cantidad,vfm_unitario,vfm_total,vfm_entregado) VALUES (2273,764768,1,220,220,@@@NO@@@)','',2,'2013-06-12'),(25522,'INSERT INTO gne_vale_ferreteria_mov (vfe_id,pro_codigo_plu,vfm_cantidad,vfm_unitario,vfm_total,vfm_entregado) VALUES (2273,780220183,1,490,490,@@@NO@@@)','',2,'2013-06-12'),(25523,'INSERT INTO mae_productos (pro_codigo_plu,pro_codigo_barra,pro_tipo,pro_nombre_producto,pro_nombre_corto,med_id,emb_id,pro_unidades_embalaje,dep_id,lin_id,mar_id,pro_precio_compra_neto,pro_precio_compra_bruto,pro_precio_venta,pro_margen_actual,pro_oferta,pro_fecha_inicio_oferta,pro_fecha_termino_oferta,pro_precio_oferta,pro_stock_minimo,pro_stock_critico,pro_entradas_bodega,pro_salidas_bodega,pro_mermas_bodega,pro_ajustes_bodega,pro_entradas_sv,pro_salidas_sv,pro_mermas_sv,pro_ajustes_sv,pro_activo,rec_numero,pro_unidad,pro_capacidad,pro_consumo_bodega,pro_consumo_sv,pro_estado,pro_funcion_plu,pro_flejes,pro_iva,pro_plu_asociado,pro_envase,pro_duracion,pro_numero_etiqueta) VALUES (780721129,@@@77700@@@,@@@0@@@,@@@CARTAS DE COLECCION ANIMADAS@@@,@@@CARTAS DE COLECC@@@,@@@1 @@@,@@@3 @@@,@@@0@@@,@@@24 @@@,@@@177@@@,@@@2507@@@,@@@0@@@,@@@0@@@,@@@590@@@,@@@0@@@,@@@@@@,@@@2013.06.12@@@,@@@2013.06.12@@@,@@@0@@@,@@@0@@@,@@@0@@@,@@@0@@@,@@@0@@@,@@@0@@@,@@@0@@@,@@@0@@@,@@@0@@@,@@@0@@@,@@@0@@@,@@@1@@@,@@@0@@@,0,1,0,0,2,0,1,1,0,@@@NO@@@,0,0)','',2,'2013-06-12'),(25524,'DELETE FROM mae_impuestos_productos WHERE pro_codigo_plu=@@@780721129@@@','',2,'2013-06-12'),(25525,'INSERT INTO mae_productos (pro_codigo_plu,pro_codigo_barra,pro_tipo,pro_nombre_producto,pro_nombre_corto,med_id,emb_id,pro_unidades_embalaje,dep_id,lin_id,mar_id,pro_precio_compra_neto,pro_precio_compra_bruto,pro_precio_venta,pro_margen_actual,pro_oferta,pro_fecha_inicio_oferta,pro_fecha_termino_oferta,pro_precio_oferta,pro_stock_minimo,pro_stock_critico,pro_entradas_bodega,pro_salidas_bodega,pro_mermas_bodega,pro_ajustes_bodega,pro_entradas_sv,pro_salidas_sv,pro_mermas_sv,pro_ajustes_sv,pro_activo,rec_numero,pro_unidad,pro_capacidad,pro_consumo_bodega,pro_consumo_sv,pro_estado,pro_funcion_plu,pro_flejes,pro_iva,pro_plu_asociado,pro_envase,pro_duracion,pro_numero_etiqueta) VALUES (780721130,@@@777001@@@,@@@0@@@,@@@SET DE HERRAMIENTAS CON LINTERNA@@@,@@@SET DE HERRAMIEN@@@,@@@1 @@@,@@@3 @@@,@@@0@@@,@@@37 @@@,@@@171@@@,@@@2507@@@,@@@0@@@,@@@0@@@,@@@1990@@@,@@@0@@@,@@@@@@,@@@2013.06.12@@@,@@@2013.06.12@@@,@@@0@@@,@@@0@@@,@@@0@@@,@@@0@@@,@@@0@@@,@@@0@@@,@@@0@@@,@@@0@@@,@@@0@@@,@@@0@@@,@@@0@@@,@@@1@@@,@@@0@@@,0,1,0,0,2,0,1,1,0,@@@NO@@@,0,0)','',2,'2013-06-12'),(25526,'DELETE FROM mae_impuestos_productos WHERE pro_codigo_plu=@@@780721130@@@','',2,'2013-06-12'),(25527,'INSERT INTO gne_vale_ferreteria (vfe_id,vfe_fecha,vfe_total,vfe_estado,vfe_entregado,usu_nusuario) VALUES (2274,@@@2013.06.12@@@,280,1,0,@@@G_DIAZ@@@)','',2,'2013-06-12'),(25528,'INSERT INTO gne_vale_ferreteria_mov (vfe_id,pro_codigo_plu,vfm_cantidad,vfm_unitario,vfm_total,vfm_entregado) VALUES (2274,78017191,7,40,280,@@@NO@@@)','',2,'2013-06-12'),(25529,'INSERT INTO gne_vale_ferreteria (vfe_id,vfe_fecha,vfe_total,vfe_estado,vfe_entregado,usu_nusuario) VALUES (2275,@@@2013.06.12@@@,200,1,0,@@@G_DIAZ@@@)','',2,'2013-06-12'),(25530,'INSERT INTO gne_vale_ferreteria_mov (vfe_id,pro_codigo_plu,vfm_cantidad,vfm_unitario,vfm_total,vfm_entregado) VALUES (2275,763831,1,200,200,@@@NO@@@)','',2,'2013-06-12'),(25531,'INSERT INTO gne_vale_ferreteria (vfe_id,vfe_fecha,vfe_total,vfe_estado,vfe_entregado,usu_nusuario) VALUES (2276,@@@2013.06.12@@@,520,1,0,@@@G_DIAZ@@@)','',2,'2013-06-12'),(25532,'INSERT INTO gne_vale_ferreteria_mov (vfe_id,pro_codigo_plu,vfm_cantidad,vfm_unitario,vfm_total,vfm_entregado) VALUES (2276,15929,4,130,520,@@@NO@@@)','',2,'2013-06-12'),(25533,'INSERT INTO mae_productos (pro_codigo_plu,pro_codigo_barra,pro_tipo,pro_nombre_producto,pro_nombre_corto,med_id,emb_id,pro_unidades_embalaje,dep_id,lin_id,mar_id,pro_precio_compra_neto,pro_precio_compra_bruto,pro_precio_venta,pro_margen_actual,pro_oferta,pro_fecha_inicio_oferta,pro_fecha_termino_oferta,pro_precio_oferta,pro_stock_minimo,pro_stock_critico,pro_entradas_bodega,pro_salidas_bodega,pro_mermas_bodega,pro_ajustes_bodega,pro_entradas_sv,pro_salidas_sv,pro_mermas_sv,pro_ajustes_sv,pro_activo,rec_numero,pro_unidad,pro_capacidad,pro_consumo_bodega,pro_consumo_sv,pro_estado,pro_funcion_plu,pro_flejes,pro_iva,pro_plu_asociado,pro_envase,pro_duracion,pro_numero_etiqueta) VALUES (780721131,@@@6423533011338@@@,@@@0@@@,@@@LAN PARA MANUALIDADES 6 COLORES@@@,@@@SET LANA SURTIDA@@@,@@@1 @@@,@@@3 @@@,@@@0@@@,@@@24 @@@,@@@137@@@,@@@2507@@@,@@@0@@@,@@@0@@@,@@@790@@@,@@@0@@@,@@@@@@,@@@2013.06.12@@@,@@@2013.06.12@@@,@@@0@@@,@@@0@@@,@@@0@@@,@@@0@@@,@@@0@@@,@@@0@@@,@@@0@@@,@@@0@@@,@@@0@@@,@@@0@@@,@@@0@@@,@@@1@@@,@@@0@@@,0,6,0,0,2,0,1,1,0,@@@NO@@@,0,0)','',2,'2013-06-12'),(25534,'DELETE FROM mae_impuestos_productos WHERE pro_codigo_plu=@@@780721131@@@','',2,'2013-06-12'),(25535,'INSERT INTO mae_productos (pro_codigo_plu,pro_codigo_barra,pro_tipo,pro_nombre_producto,pro_nombre_corto,med_id,emb_id,pro_unidades_embalaje,dep_id,lin_id,mar_id,pro_precio_compra_neto,pro_precio_compra_bruto,pro_precio_venta,pro_margen_actual,pro_oferta,pro_fecha_inicio_oferta,pro_fecha_termino_oferta,pro_precio_oferta,pro_stock_minimo,pro_stock_critico,pro_entradas_bodega,pro_salidas_bodega,pro_mermas_bodega,pro_ajustes_bodega,pro_entradas_sv,pro_salidas_sv,pro_mermas_sv,pro_ajustes_sv,pro_activo,rec_numero,pro_unidad,pro_capacidad,pro_consumo_bodega,pro_consumo_sv,pro_estado,pro_funcion_plu,pro_flejes,pro_iva,pro_plu_asociado,pro_envase,pro_duracion,pro_numero_etiqueta) VALUES (780721132,@@@6952938381611@@@,@@@0@@@,@@@LAPICERA ELEGANTE EN CAJA@@@,@@@LAPICERA ELEGANT@@@,@@@1 @@@,@@@3 @@@,@@@0@@@,@@@24 @@@,@@@138@@@,@@@2507@@@,@@@0@@@,@@@0@@@,@@@2590@@@,@@@0@@@,@@@@@@,@@@2013.06.12@@@,@@@2013.06.12@@@,@@@0@@@,@@@0@@@,@@@0@@@,@@@0@@@,@@@0@@@,@@@0@@@,@@@0@@@,@@@0@@@,@@@0@@@,@@@0@@@,@@@0@@@,@@@1@@@,@@@0@@@,0,1,0,0,2,0,1,1,0,@@@NO@@@,0,0)','',2,'2013-06-12'),(25536,'DELETE FROM mae_impuestos_productos WHERE pro_codigo_plu=@@@780721132@@@','',2,'2013-06-12'),(25537,'INSERT INTO mae_productos (pro_codigo_plu,pro_codigo_barra,pro_tipo,pro_nombre_producto,pro_nombre_corto,med_id,emb_id,pro_unidades_embalaje,dep_id,lin_id,mar_id,pro_precio_compra_neto,pro_precio_compra_bruto,pro_precio_venta,pro_margen_actual,pro_oferta,pro_fecha_inicio_oferta,pro_fecha_termino_oferta,pro_precio_oferta,pro_stock_minimo,pro_stock_critico,pro_entradas_bodega,pro_salidas_bodega,pro_mermas_bodega,pro_ajustes_bodega,pro_entradas_sv,pro_salidas_sv,pro_mermas_sv,pro_ajustes_sv,pro_activo,rec_numero,pro_unidad,pro_capacidad,pro_consumo_bodega,pro_consumo_sv,pro_estado,pro_funcion_plu,pro_flejes,pro_iva,pro_plu_asociado,pro_envase,pro_duracion,pro_numero_etiqueta) VALUES (780721133,@@@6952938381604@@@,@@@0@@@,@@@LAPICERA CON PEDESTAL@@@,@@@LAPICERA CON PED@@@,@@@1 @@@,@@@3 @@@,@@@0@@@,@@@24 @@@,@@@138@@@,@@@2507@@@,@@@0@@@,@@@0@@@,@@@2290@@@,@@@0@@@,@@@@@@,@@@2013.06.12@@@,@@@2013.06.12@@@,@@@0@@@,@@@0@@@,@@@0@@@,@@@0@@@,@@@0@@@,@@@0@@@,@@@0@@@,@@@0@@@,@@@0@@@,@@@0@@@,@@@0@@@,@@@1@@@,@@@0@@@,0,1,0,0,2,0,1,1,0,@@@NO@@@,0,0)','',2,'2013-06-12'),(25538,'DELETE FROM mae_impuestos_productos WHERE pro_codigo_plu=@@@780721133@@@','',2,'2013-06-12'),(25539,'INSERT INTO gne_vale_ferreteria (vfe_id,vfe_fecha,vfe_total,vfe_estado,vfe_entregado,usu_nusuario) VALUES (2277,@@@2013.06.12@@@,840,1,0,@@@G_DIAZ@@@)','',2,'2013-06-12'),(25540,'INSERT INTO gne_vale_ferreteria_mov (vfe_id,pro_codigo_plu,vfm_cantidad,vfm_unitario,vfm_total,vfm_entregado) VALUES (2277,764278,1,300,300,@@@NO@@@)','',2,'2013-06-12'),(25541,'INSERT INTO gne_vale_ferreteria_mov (vfe_id,pro_codigo_plu,vfm_cantidad,vfm_unitario,vfm_total,vfm_entregado) VALUES (2277,19916,1,540,540,@@@NO@@@)','',2,'2013-06-12'),(25542,'INSERT INTO mae_productos (pro_codigo_plu,pro_codigo_barra,pro_tipo,pro_nombre_producto,pro_nombre_corto,med_id,emb_id,pro_unidades_embalaje,dep_id,lin_id,mar_id,pro_precio_compra_neto,pro_precio_compra_bruto,pro_precio_venta,pro_margen_actual,pro_oferta,pro_fecha_inicio_oferta,pro_fecha_termino_oferta,pro_precio_oferta,pro_stock_minimo,pro_stock_critico,pro_entradas_bodega,pro_salidas_bodega,pro_mermas_bodega,pro_ajustes_bodega,pro_entradas_sv,pro_salidas_sv,pro_mermas_sv,pro_ajustes_sv,pro_activo,rec_numero,pro_unidad,pro_capacidad,pro_consumo_bodega,pro_consumo_sv,pro_estado,pro_funcion_plu,pro_flejes,pro_iva,pro_plu_asociado,pro_envase,pro_duracion,pro_numero_etiqueta) VALUES (780721134,@@@77002@@@,@@@0@@@,@@@GORRO SPORT VARIEDAD  DE COLOR@@@,@@@GORRO SPORT VARI@@@,@@@1 @@@,@@@3 @@@,@@@0@@@,@@@21 @@@,@@@125@@@,@@@2507@@@,@@@0@@@,@@@0@@@,@@@1490@@@,@@@0@@@,@@@@@@,@@@2013.06.12@@@,@@@2013.06.12@@@,@@@0@@@,@@@0@@@,@@@0@@@,@@@0@@@,@@@0@@@,@@@0@@@,@@@0@@@,@@@0@@@,@@@0@@@,@@@0@@@,@@@0@@@,@@@1@@@,@@@0@@@,0,1,0,0,2,0,1,1,0,@@@NO@@@,0,0)','',2,'2013-06-12'),(25543,'DELETE FROM mae_impuestos_productos WHERE pro_codigo_plu=@@@780721134@@@','',2,'2013-06-12'),(25544,'INSERT INTO gne_vale_ferreteria (vfe_id,vfe_fecha,vfe_total,vfe_estado,vfe_entregado,usu_nusuario) VALUES (2278,@@@2013.06.12@@@,90,1,0,@@@G_DIAZ@@@)','',2,'2013-06-12'),(25545,'INSERT INTO gne_vale_ferreteria_mov (vfe_id,pro_codigo_plu,vfm_cantidad,vfm_unitario,vfm_total,vfm_entregado) VALUES (2278,1541,3,30,90,@@@NO@@@)','',2,'2013-06-12'),(25546,'INSERT INTO gne_vale_ferreteria (vfe_id,vfe_fecha,vfe_total,vfe_estado,vfe_entregado,usu_nusuario) VALUES (2279,@@@2013.06.12@@@,330,1,0,@@@G_DIAZ@@@)','',2,'2013-06-12'),(25547,'INSERT INTO gne_vale_ferreteria_mov (vfe_id,pro_codigo_plu,vfm_cantidad,vfm_unitario,vfm_total,vfm_entregado) VALUES (2279,19918,1,330,330,@@@NO@@@)','',2,'2013-06-12'),(25548,'INSERT INTO gne_vale_ferreteria (vfe_id,vfe_fecha,vfe_total,vfe_estado,vfe_entregado,usu_nusuario) VALUES (2280,@@@2013.06.12@@@,40,1,0,@@@G_DIAZ@@@)','',2,'2013-06-12'),(25549,'INSERT INTO gne_vale_ferreteria_mov (vfe_id,pro_codigo_plu,vfm_cantidad,vfm_unitario,vfm_total,vfm_entregado) VALUES (2280,78016966,2,20,40,@@@NO@@@)','',2,'2013-06-12'),(25550,'INSERT INTO mae_productos (pro_codigo_plu,pro_codigo_barra,pro_tipo,pro_nombre_producto,pro_nombre_corto,med_id,emb_id,pro_unidades_embalaje,dep_id,lin_id,mar_id,pro_precio_compra_neto,pro_precio_compra_bruto,pro_precio_venta,pro_margen_actual,pro_oferta,pro_fecha_inicio_oferta,pro_fecha_termino_oferta,pro_precio_oferta,pro_stock_minimo,pro_stock_critico,pro_entradas_bodega,pro_salidas_bodega,pro_mermas_bodega,pro_ajustes_bodega,pro_entradas_sv,pro_salidas_sv,pro_mermas_sv,pro_ajustes_sv,pro_activo,rec_numero,pro_unidad,pro_capacidad,pro_consumo_bodega,pro_consumo_sv,pro_estado,pro_funcion_plu,pro_flejes,pro_iva,pro_plu_asociado,pro_envase,pro_duracion,pro_numero_etiqueta) VALUES (780721135,@@@77003@@@,@@@0@@@,@@@GUANTE DE POLAR HOMBRE@@@,@@@GUANTE DE POLAR @@@,@@@1 @@@,@@@3 @@@,@@@0@@@,@@@21 @@@,@@@125@@@,@@@2507@@@,@@@0@@@,@@@0@@@,@@@1000@@@,@@@0@@@,@@@@@@,@@@2013.06.12@@@,@@@2013.06.12@@@,@@@0@@@,@@@0@@@,@@@0@@@,@@@0@@@,@@@0@@@,@@@0@@@,@@@0@@@,@@@0@@@,@@@0@@@,@@@0@@@,@@@0@@@,@@@1@@@,@@@0@@@,0,1,0,0,2,0,1,1,0,@@@NO@@@,0,0)','',2,'2013-06-12'),(25551,'DELETE FROM mae_impuestos_productos WHERE pro_codigo_plu=@@@780721135@@@','',2,'2013-06-12'),(25552,'UPDATE mae_productos SET pro_codigo_barra=@@@764536@@@,pro_tipo=@@@0@@@,pro_nombre_producto=@@@BUFANDA U DE CHILE Y COLO-COLO@@@,pro_nombre_corto=@@@BUFANDA DE UNIVE@@@,med_id=@@@1@@@,emb_id=@@@3@@@,pro_unidades_embalaje=@@@0@@@,dep_id=@@@39 @@@,lin_id=@@@185@@@,mar_id=@@@2507@@@,pro_precio_compra_neto=@@@0@@@,pro_precio_compra_bruto=@@@0@@@,pro_precio_venta=@@@1000@@@,pro_margen_actual=@@@0@@@,pro_oferta=@@@NO@@@,pro_fecha_inicio_oferta=@@@2013.05.04@@@,pro_fecha_termino_oferta=@@@2013.05.04@@@,pro_precio_oferta=@@@0@@@,pro_stock_minimo=@@@0@@@,pro_stock_critico=@@@0@@@,pro_activo=@@@1@@@,pro_unidad=@@@0@@@,pro_precio_compra_bruto=0,pro_margen_actual=0,pro_capacidad=1,pro_funcion_plu=0,pro_flejes=1,pro_iva=1,pro_plu_asociado=0,pro_envase=@@@NO@@@,pro_duracion=0,pro_numero_etiqueta=0 WHERE pro_codigo_plu=@@@764536@@@','',2,'2013-06-12'),(25553,'UPDATE mae_productos SET pro_estado=1 WHERE pro_codigo_plu=764536','',2,'2013-06-12'),(25554,'DELETE FROM mae_impuestos_productos WHERE pro_codigo_plu=@@@764536@@@','',2,'2013-06-12'),(25555,'INSERT INTO gne_vale_ferreteria (vfe_id,vfe_fecha,vfe_total,vfe_estado,vfe_entregado,usu_nusuario) VALUES (2281,@@@2013.06.12@@@,2790,1,0,@@@G_DIAZ@@@)','',2,'2013-06-12'),(25556,'INSERT INTO gne_vale_ferreteria_mov (vfe_id,pro_codigo_plu,vfm_cantidad,vfm_unitario,vfm_total,vfm_entregado) VALUES (2281,780721119,1,2790,2790,@@@NO@@@)','',2,'2013-06-12'),(25557,'UPDATE mae_productos SET pro_codigo_barra=@@@025215491214@@@,pro_tipo=@@@0@@@,pro_nombre_producto=@@@AUDIFONO MAXELL PLUGS NEGO@@@,pro_nombre_corto=@@@AUDIFONO MAXELL@@@,med_id=@@@1@@@,emb_id=@@@3@@@,pro_unidades_embalaje=@@@0@@@,dep_id=@@@37 @@@,lin_id=@@@176@@@,mar_id=@@@2657@@@,pro_precio_compra_neto=@@@0@@@,pro_precio_compra_bruto=@@@0@@@,pro_precio_venta=@@@2790@@@,pro_margen_actual=@@@0@@@,pro_oferta=@@@NO@@@,pro_fecha_inicio_oferta=@@@2013.06.12@@@,pro_fecha_termino_oferta=@@@2013.06.12@@@,pro_precio_oferta=@@@0@@@,pro_stock_minimo=@@@0@@@,pro_stock_critico=@@@0@@@,pro_activo=@@@1@@@,pro_unidad=@@@0@@@,pro_precio_compra_bruto=0,pro_margen_actual=0,pro_capacidad=1,pro_funcion_plu=0,pro_flejes=1,pro_iva=1,pro_plu_asociado=0,pro_envase=@@@NO@@@,pro_duracion=0,pro_numero_etiqueta=0 WHERE pro_codigo_plu=@@@780721119@@@','',2,'2013-06-12'),(25558,'UPDATE mae_productos SET pro_estado=1 WHERE pro_codigo_plu=780721119','',2,'2013-06-12'),(25559,'DELETE FROM mae_impuestos_productos WHERE pro_codigo_plu=@@@780721119@@@','',2,'2013-06-12'),(25560,'UPDATE mae_productos SET pro_codigo_barra=@@@025215491214@@@,pro_tipo=@@@0@@@,pro_nombre_producto=@@@AUDIFONO MAXELL PLUGS NEGO@@@,pro_nombre_corto=@@@AUDIFONO MAXELL@@@,med_id=@@@1@@@,emb_id=@@@3@@@,pro_unidades_embalaje=@@@0@@@,dep_id=@@@37 @@@,lin_id=@@@176@@@,mar_id=@@@2657@@@,pro_precio_compra_neto=@@@0@@@,pro_precio_compra_bruto=@@@0@@@,pro_precio_venta=@@@2790@@@,pro_margen_actual=@@@0@@@,pro_oferta=@@@NO@@@,pro_fecha_inicio_oferta=@@@2013.06.12@@@,pro_fecha_termino_oferta=@@@2013.06.12@@@,pro_precio_oferta=@@@0@@@,pro_stock_minimo=@@@0@@@,pro_stock_critico=@@@0@@@,pro_activo=@@@1@@@,pro_unidad=@@@0@@@,pro_precio_compra_bruto=0,pro_margen_actual=0,pro_capacidad=1,pro_funcion_plu=0,pro_flejes=1,pro_iva=1,pro_plu_asociado=0,pro_envase=@@@NO@@@,pro_duracion=0,pro_numero_etiqueta=0 WHERE pro_codigo_plu=@@@780721119@@@','',2,'2013-06-12'),(25561,'UPDATE mae_productos SET pro_estado=1 WHERE pro_codigo_plu=780721119','',2,'2013-06-12'),(25562,'DELETE FROM mae_impuestos_productos WHERE pro_codigo_plu=@@@780721119@@@','',2,'2013-06-12'),(25563,'INSERT INTO mae_productos (pro_codigo_plu,pro_codigo_barra,pro_tipo,pro_nombre_producto,pro_nombre_corto,med_id,emb_id,pro_unidades_embalaje,dep_id,lin_id,mar_id,pro_precio_compra_neto,pro_precio_compra_bruto,pro_precio_venta,pro_margen_actual,pro_oferta,pro_fecha_inicio_oferta,pro_fecha_termino_oferta,pro_precio_oferta,pro_stock_minimo,pro_stock_critico,pro_entradas_bodega,pro_salidas_bodega,pro_mermas_bodega,pro_ajustes_bodega,pro_entradas_sv,pro_salidas_sv,pro_mermas_sv,pro_ajustes_sv,pro_activo,rec_numero,pro_unidad,pro_capacidad,pro_consumo_bodega,pro_consumo_sv,pro_estado,pro_funcion_plu,pro_flejes,pro_iva,pro_plu_asociado,pro_envase,pro_duracion,pro_numero_etiqueta) VALUES (780721136,@@@6932888451480@@@,@@@0@@@,@@@CALCETIN HILO HOMBRE DOS-Y PER@@@,@@@CALCETIN HILO HO@@@,@@@1 @@@,@@@3 @@@,@@@0@@@,@@@39 @@@,@@@188@@@,@@@2507@@@,@@@0@@@,@@@0@@@,@@@990@@@,@@@0@@@,@@@@@@,@@@2013.06.12@@@,@@@2013.06.12@@@,@@@0@@@,@@@0@@@,@@@0@@@,@@@0@@@,@@@0@@@,@@@0@@@,@@@0@@@,@@@0@@@,@@@0@@@,@@@0@@@,@@@0@@@,@@@1@@@,@@@0@@@,0,1,0,0,2,0,1,1,0,@@@NO@@@,0,0)','',2,'2013-06-12'),(25564,'DELETE FROM mae_impuestos_productos WHERE pro_codigo_plu=@@@780721136@@@','',2,'2013-06-12'),(25565,'INSERT INTO mae_productos (pro_codigo_plu,pro_codigo_barra,pro_tipo,pro_nombre_producto,pro_nombre_corto,med_id,emb_id,pro_unidades_embalaje,dep_id,lin_id,mar_id,pro_precio_compra_neto,pro_precio_compra_bruto,pro_precio_venta,pro_margen_actual,pro_oferta,pro_fecha_inicio_oferta,pro_fecha_termino_oferta,pro_precio_oferta,pro_stock_minimo,pro_stock_critico,pro_entradas_bodega,pro_salidas_bodega,pro_mermas_bodega,pro_ajustes_bodega,pro_entradas_sv,pro_salidas_sv,pro_mermas_sv,pro_ajustes_sv,pro_activo,rec_numero,pro_unidad,pro_capacidad,pro_consumo_bodega,pro_consumo_sv,pro_estado,pro_funcion_plu,pro_flejes,pro_iva,pro_plu_asociado,pro_envase,pro_duracion,pro_numero_etiqueta) VALUES (780721137,@@@6944349600016@@@,@@@0@@@,@@@CALCETIN HOMBRE HILO@@@,@@@CALCETIN HOMBRE @@@,@@@1 @@@,@@@3 @@@,@@@0@@@,@@@39 @@@,@@@188@@@,@@@2507@@@,@@@0@@@,@@@0@@@,@@@990@@@,@@@0@@@,@@@@@@,@@@2013.06.12@@@,@@@2013.06.12@@@,@@@0@@@,@@@0@@@,@@@0@@@,@@@0@@@,@@@0@@@,@@@0@@@,@@@0@@@,@@@0@@@,@@@0@@@,@@@0@@@,@@@0@@@,@@@1@@@,@@@0@@@,0,1,0,0,2,0,1,1,0,@@@NO@@@,0,0)','',2,'2013-06-12'),(25566,'DELETE FROM mae_impuestos_productos WHERE pro_codigo_plu=@@@780721137@@@','',2,'2013-06-12'),(25567,'INSERT INTO gne_vale_ferreteria (vfe_id,vfe_fecha,vfe_total,vfe_estado,vfe_entregado,usu_nusuario) VALUES (2282,@@@2013.06.12@@@,240,1,0,@@@G_DIAZ@@@)','',2,'2013-06-12'),(25568,'INSERT INTO gne_vale_ferreteria_mov (vfe_id,pro_codigo_plu,vfm_cantidad,vfm_unitario,vfm_total,vfm_entregado) VALUES (2282,8022,2,120,240,@@@NO@@@)','',2,'2013-06-12'),(25569,'INSERT INTO mae_productos (pro_codigo_plu,pro_codigo_barra,pro_tipo,pro_nombre_producto,pro_nombre_corto,med_id,emb_id,pro_unidades_embalaje,dep_id,lin_id,mar_id,pro_precio_compra_neto,pro_precio_compra_bruto,pro_precio_venta,pro_margen_actual,pro_oferta,pro_fecha_inicio_oferta,pro_fecha_termino_oferta,pro_precio_oferta,pro_stock_minimo,pro_stock_critico,pro_entradas_bodega,pro_salidas_bodega,pro_mermas_bodega,pro_ajustes_bodega,pro_entradas_sv,pro_salidas_sv,pro_mermas_sv,pro_ajustes_sv,pro_activo,rec_numero,pro_unidad,pro_capacidad,pro_consumo_bodega,pro_consumo_sv,pro_estado,pro_funcion_plu,pro_flejes,pro_iva,pro_plu_asociado,pro_envase,pro_duracion,pro_numero_etiqueta) VALUES (780721138,@@@77004@@@,@@@0@@@,@@@GORRO AZUL HOMBRE@@@,@@@GORRO AZUL HOMBR@@@,@@@1 @@@,@@@3 @@@,@@@0@@@,@@@39 @@@,@@@190@@@,@@@2507@@@,@@@0@@@,@@@0@@@,@@@1100@@@,@@@0@@@,@@@@@@,@@@2013.06.12@@@,@@@2013.06.12@@@,@@@0@@@,@@@0@@@,@@@0@@@,@@@0@@@,@@@0@@@,@@@0@@@,@@@0@@@,@@@0@@@,@@@0@@@,@@@0@@@,@@@0@@@,@@@1@@@,@@@0@@@,0,1,0,0,2,0,1,1,0,@@@NO@@@,0,0)','',2,'2013-06-12'),(25570,'DELETE FROM mae_impuestos_productos WHERE pro_codigo_plu=@@@780721138@@@','',2,'2013-06-12'),(25571,'INSERT INTO mae_productos (pro_codigo_plu,pro_codigo_barra,pro_tipo,pro_nombre_producto,pro_nombre_corto,med_id,emb_id,pro_unidades_embalaje,dep_id,lin_id,mar_id,pro_precio_compra_neto,pro_precio_compra_bruto,pro_precio_venta,pro_margen_actual,pro_oferta,pro_fecha_inicio_oferta,pro_fecha_termino_oferta,pro_precio_oferta,pro_stock_minimo,pro_stock_critico,pro_entradas_bodega,pro_salidas_bodega,pro_mermas_bodega,pro_ajustes_bodega,pro_entradas_sv,pro_salidas_sv,pro_mermas_sv,pro_ajustes_sv,pro_activo,rec_numero,pro_unidad,pro_capacidad,pro_consumo_bodega,pro_consumo_sv,pro_estado,pro_funcion_plu,pro_flejes,pro_iva,pro_plu_asociado,pro_envase,pro_duracion,pro_numero_etiqueta) VALUES (880011,@@@880011@@@,@@@0@@@,@@@MOTO METALICA @@@,@@@MOTO METALICA @@@,@@@1 @@@,@@@3 @@@,@@@0@@@,@@@38 @@@,@@@179@@@,@@@2507@@@,@@@0@@@,@@@0@@@,@@@6990@@@,@@@0@@@,@@@@@@,@@@2013.06.13@@@,@@@2013.06.13@@@,@@@0@@@,@@@0@@@,@@@0@@@,@@@0@@@,@@@0@@@,@@@0@@@,@@@0@@@,@@@0@@@,@@@0@@@,@@@0@@@,@@@0@@@,@@@1@@@,@@@0@@@,0,1,0,0,2,0,1,1,0,@@@NO@@@,0,0)','',2,'2013-06-13'),(25572,'DELETE FROM mae_impuestos_productos WHERE pro_codigo_plu=@@@880011@@@','',2,'2013-06-13'),(25573,'INSERT INTO mae_productos (pro_codigo_plu,pro_codigo_barra,pro_tipo,pro_nombre_producto,pro_nombre_corto,med_id,emb_id,pro_unidades_embalaje,dep_id,lin_id,mar_id,pro_precio_compra_neto,pro_precio_compra_bruto,pro_precio_venta,pro_margen_actual,pro_oferta,pro_fecha_inicio_oferta,pro_fecha_termino_oferta,pro_precio_oferta,pro_stock_minimo,pro_stock_critico,pro_entradas_bodega,pro_salidas_bodega,pro_mermas_bodega,pro_ajustes_bodega,pro_entradas_sv,pro_salidas_sv,pro_mermas_sv,pro_ajustes_sv,pro_activo,rec_numero,pro_unidad,pro_capacidad,pro_consumo_bodega,pro_consumo_sv,pro_estado,pro_funcion_plu,pro_flejes,pro_iva,pro_plu_asociado,pro_envase,pro_duracion,pro_numero_etiqueta) VALUES (880012,@@@880012@@@,@@@0@@@,@@@PACK ENSENDEDOR CAFE + LAPIZ +CORTAPLUMA@@@,@@@PACK ENSENDEDOR @@@,@@@1 @@@,@@@3 @@@,@@@0@@@,@@@38 @@@,@@@180@@@,@@@2507@@@,@@@0@@@,@@@0@@@,@@@2290@@@,@@@0@@@,@@@@@@,@@@2013.06.13@@@,@@@2013.06.13@@@,@@@0@@@,@@@0@@@,@@@0@@@,@@@0@@@,@@@0@@@,@@@0@@@,@@@0@@@,@@@0@@@,@@@0@@@,@@@0@@@,@@@0@@@,@@@1@@@,@@@0@@@,0,1,0,0,2,0,1,1,0,@@@NO@@@,0,0)','',2,'2013-06-13'),(25574,'DELETE FROM mae_impuestos_productos WHERE pro_codigo_plu=@@@880012@@@','',2,'2013-06-13'),(25575,'INSERT INTO gne_vale_ferreteria (vfe_id,vfe_fecha,vfe_total,vfe_estado,vfe_entregado,usu_nusuario) VALUES (2283,@@@2013.06.13@@@,3290,1,0,@@@b_SAEZ@@@)','',2,'2013-06-13'),(25576,'INSERT INTO gne_vale_ferreteria_mov (vfe_id,pro_codigo_plu,vfm_cantidad,vfm_unitario,vfm_total,vfm_entregado) VALUES (2283,770065,10,100,1000,@@@NO@@@)','',2,'2013-06-13'),(25577,'INSERT INTO gne_vale_ferreteria_mov (vfe_id,pro_codigo_plu,vfm_cantidad,vfm_unitario,vfm_total,vfm_entregado) VALUES (2283,764275,5,300,1500,@@@NO@@@)','',2,'2013-06-13'),(25578,'INSERT INTO gne_vale_ferreteria_mov (vfe_id,pro_codigo_plu,vfm_cantidad,vfm_unitario,vfm_total,vfm_entregado) VALUES (2283,761991,1,790,790,@@@NO@@@)','',2,'2013-06-13'),(25579,'INSERT INTO mae_productos (pro_codigo_plu,pro_codigo_barra,pro_tipo,pro_nombre_producto,pro_nombre_corto,med_id,emb_id,pro_unidades_embalaje,dep_id,lin_id,mar_id,pro_precio_compra_neto,pro_precio_compra_bruto,pro_precio_venta,pro_margen_actual,pro_oferta,pro_fecha_inicio_oferta,pro_fecha_termino_oferta,pro_precio_oferta,pro_stock_minimo,pro_stock_critico,pro_entradas_bodega,pro_salidas_bodega,pro_mermas_bodega,pro_ajustes_bodega,pro_entradas_sv,pro_salidas_sv,pro_mermas_sv,pro_ajustes_sv,pro_activo,rec_numero,pro_unidad,pro_capacidad,pro_consumo_bodega,pro_consumo_sv,pro_estado,pro_funcion_plu,pro_flejes,pro_iva,pro_plu_asociado,pro_envase,pro_duracion,pro_numero_etiqueta) VALUES (880013,@@@880013@@@,@@@0@@@,@@@PACK LINTERNA + LAPIZ +LLAVERO@@@,@@@PACK LINTERNA + @@@,@@@1 @@@,@@@3 @@@,@@@0@@@,@@@38 @@@,@@@180@@@,@@@2507@@@,@@@0@@@,@@@0@@@,@@@2990@@@,@@@0@@@,@@@@@@,@@@2013.06.13@@@,@@@2013.06.13@@@,@@@0@@@,@@@0@@@,@@@0@@@,@@@0@@@,@@@0@@@,@@@0@@@,@@@0@@@,@@@0@@@,@@@0@@@,@@@0@@@,@@@0@@@,@@@1@@@,@@@0@@@,0,1,0,0,2,0,1,1,0,@@@NO@@@,0,0)','',2,'2013-06-13'),(25580,'DELETE FROM mae_impuestos_productos WHERE pro_codigo_plu=@@@880013@@@','',2,'2013-06-13'),(25581,'INSERT INTO mae_productos (pro_codigo_plu,pro_codigo_barra,pro_tipo,pro_nombre_producto,pro_nombre_corto,med_id,emb_id,pro_unidades_embalaje,dep_id,lin_id,mar_id,pro_precio_compra_neto,pro_precio_compra_bruto,pro_precio_venta,pro_margen_actual,pro_oferta,pro_fecha_inicio_oferta,pro_fecha_termino_oferta,pro_precio_oferta,pro_stock_minimo,pro_stock_critico,pro_entradas_bodega,pro_salidas_bodega,pro_mermas_bodega,pro_ajustes_bodega,pro_entradas_sv,pro_salidas_sv,pro_mermas_sv,pro_ajustes_sv,pro_activo,rec_numero,pro_unidad,pro_capacidad,pro_consumo_bodega,pro_consumo_sv,pro_estado,pro_funcion_plu,pro_flejes,pro_iva,pro_plu_asociado,pro_envase,pro_duracion,pro_numero_etiqueta) VALUES (880014,@@@880014@@@,@@@0@@@,@@@PACK LAPIZ + CORTAPLUMA@@@,@@@PACK LAPIZ + COR@@@,@@@1 @@@,@@@3 @@@,@@@0@@@,@@@38 @@@,@@@180@@@,@@@2507@@@,@@@0@@@,@@@0@@@,@@@1990@@@,@@@0@@@,@@@@@@,@@@2013.06.13@@@,@@@2013.06.13@@@,@@@0@@@,@@@0@@@,@@@0@@@,@@@0@@@,@@@0@@@,@@@0@@@,@@@0@@@,@@@0@@@,@@@0@@@,@@@0@@@,@@@0@@@,@@@1@@@,@@@0@@@,0,1,0,0,2,0,1,1,0,@@@NO@@@,0,0)','',2,'2013-06-13'),(25582,'DELETE FROM mae_impuestos_productos WHERE pro_codigo_plu=@@@880014@@@','',2,'2013-06-13'),(25583,'INSERT INTO mae_productos (pro_codigo_plu,pro_codigo_barra,pro_tipo,pro_nombre_producto,pro_nombre_corto,med_id,emb_id,pro_unidades_embalaje,dep_id,lin_id,mar_id,pro_precio_compra_neto,pro_precio_compra_bruto,pro_precio_venta,pro_margen_actual,pro_oferta,pro_fecha_inicio_oferta,pro_fecha_termino_oferta,pro_precio_oferta,pro_stock_minimo,pro_stock_critico,pro_entradas_bodega,pro_salidas_bodega,pro_mermas_bodega,pro_ajustes_bodega,pro_entradas_sv,pro_salidas_sv,pro_mermas_sv,pro_ajustes_sv,pro_activo,rec_numero,pro_unidad,pro_capacidad,pro_consumo_bodega,pro_consumo_sv,pro_estado,pro_funcion_plu,pro_flejes,pro_iva,pro_plu_asociado,pro_envase,pro_duracion,pro_numero_etiqueta) VALUES (880015,@@@880015@@@,@@@0@@@,@@@PACK PORTACIGARRERA + RELOJ@@@,@@@PACK PORTACIGARR@@@,@@@1 @@@,@@@3 @@@,@@@0@@@,@@@38 @@@,@@@180@@@,@@@2507@@@,@@@0@@@,@@@0@@@,@@@3990@@@,@@@0@@@,@@@@@@,@@@2013.06.13@@@,@@@2013.06.13@@@,@@@0@@@,@@@0@@@,@@@0@@@,@@@0@@@,@@@0@@@,@@@0@@@,@@@0@@@,@@@0@@@,@@@0@@@,@@@0@@@,@@@0@@@,@@@1@@@,@@@0@@@,0,1,0,0,2,0,1,1,0,@@@NO@@@,0,0)','',2,'2013-06-13'),(25584,'DELETE FROM mae_impuestos_productos WHERE pro_codigo_plu=@@@880015@@@','',2,'2013-06-13'),(25585,'INSERT INTO mae_productos (pro_codigo_plu,pro_codigo_barra,pro_tipo,pro_nombre_producto,pro_nombre_corto,med_id,emb_id,pro_unidades_embalaje,dep_id,lin_id,mar_id,pro_precio_compra_neto,pro_precio_compra_bruto,pro_precio_venta,pro_margen_actual,pro_oferta,pro_fecha_inicio_oferta,pro_fecha_termino_oferta,pro_precio_oferta,pro_stock_minimo,pro_stock_critico,pro_entradas_bodega,pro_salidas_bodega,pro_mermas_bodega,pro_ajustes_bodega,pro_entradas_sv,pro_salidas_sv,pro_mermas_sv,pro_ajustes_sv,pro_activo,rec_numero,pro_unidad,pro_capacidad,pro_consumo_bodega,pro_consumo_sv,pro_estado,pro_funcion_plu,pro_flejes,pro_iva,pro_plu_asociado,pro_envase,pro_duracion,pro_numero_etiqueta) VALUES (880016,@@@880016@@@,@@@0@@@,@@@MOTO METALICA CHICA@@@,@@@MOTO METALICA CH@@@,@@@1 @@@,@@@3 @@@,@@@0@@@,@@@38 @@@,@@@180@@@,@@@2507@@@,@@@0@@@,@@@0@@@,@@@3890@@@,@@@0@@@,@@@@@@,@@@2013.06.13@@@,@@@2013.06.13@@@,@@@0@@@,@@@0@@@,@@@0@@@,@@@0@@@,@@@0@@@,@@@0@@@,@@@0@@@,@@@0@@@,@@@0@@@,@@@0@@@,@@@0@@@,@@@1@@@,@@@0@@@,0,1,0,0,2,0,1,1,0,@@@NO@@@,0,0)','',2,'2013-06-13'),(25586,'DELETE FROM mae_impuestos_productos WHERE pro_codigo_plu=@@@880016@@@','',2,'2013-06-13'),(25587,'INSERT INTO mae_productos (pro_codigo_plu,pro_codigo_barra,pro_tipo,pro_nombre_producto,pro_nombre_corto,med_id,emb_id,pro_unidades_embalaje,dep_id,lin_id,mar_id,pro_precio_compra_neto,pro_precio_compra_bruto,pro_precio_venta,pro_margen_actual,pro_oferta,pro_fecha_inicio_oferta,pro_fecha_termino_oferta,pro_precio_oferta,pro_stock_minimo,pro_stock_critico,pro_entradas_bodega,pro_salidas_bodega,pro_mermas_bodega,pro_ajustes_bodega,pro_entradas_sv,pro_salidas_sv,pro_mermas_sv,pro_ajustes_sv,pro_activo,rec_numero,pro_unidad,pro_capacidad,pro_consumo_bodega,pro_consumo_sv,pro_estado,pro_funcion_plu,pro_flejes,pro_iva,pro_plu_asociado,pro_envase,pro_duracion,pro_numero_etiqueta) VALUES (880017,@@@880017@@@,@@@0@@@,@@@PACK ENCENDEDOR + CIGARRERA + LAPIZ@@@,@@@PACK ENCENDEDOR @@@,@@@1 @@@,@@@3 @@@,@@@0@@@,@@@38 @@@,@@@180@@@,@@@2507@@@,@@@0@@@,@@@0@@@,@@@3490@@@,@@@0@@@,@@@@@@,@@@2013.06.13@@@,@@@2013.06.13@@@,@@@0@@@,@@@0@@@,@@@0@@@,@@@0@@@,@@@0@@@,@@@0@@@,@@@0@@@,@@@0@@@,@@@0@@@,@@@0@@@,@@@0@@@,@@@1@@@,@@@0@@@,0,1,0,0,2,0,1,1,0,@@@NO@@@,0,0)','',2,'2013-06-13'),(25588,'DELETE FROM mae_impuestos_productos WHERE pro_codigo_plu=@@@880017@@@','',2,'2013-06-13'),(25589,'INSERT INTO mae_productos (pro_codigo_plu,pro_codigo_barra,pro_tipo,pro_nombre_producto,pro_nombre_corto,med_id,emb_id,pro_unidades_embalaje,dep_id,lin_id,mar_id,pro_precio_compra_neto,pro_precio_compra_bruto,pro_precio_venta,pro_margen_actual,pro_oferta,pro_fecha_inicio_oferta,pro_fecha_termino_oferta,pro_precio_oferta,pro_stock_minimo,pro_stock_critico,pro_entradas_bodega,pro_salidas_bodega,pro_mermas_bodega,pro_ajustes_bodega,pro_entradas_sv,pro_salidas_sv,pro_mermas_sv,pro_ajustes_sv,pro_activo,rec_numero,pro_unidad,pro_capacidad,pro_consumo_bodega,pro_consumo_sv,pro_estado,pro_funcion_plu,pro_flejes,pro_iva,pro_plu_asociado,pro_envase,pro_duracion,pro_numero_etiqueta) VALUES (880018,@@@880018@@@,@@@0@@@,@@@PETACA@@@,@@@PETACA@@@,@@@1 @@@,@@@3 @@@,@@@0@@@,@@@38 @@@,@@@180@@@,@@@2507@@@,@@@0@@@,@@@0@@@,@@@4990@@@,@@@0@@@,@@@@@@,@@@2013.06.13@@@,@@@2013.06.13@@@,@@@0@@@,@@@0@@@,@@@0@@@,@@@0@@@,@@@0@@@,@@@0@@@,@@@0@@@,@@@0@@@,@@@0@@@,@@@0@@@,@@@0@@@,@@@1@@@,@@@0@@@,0,1,0,0,2,0,1,1,0,@@@NO@@@,0,0)','',2,'2013-06-13'),(25590,'DELETE FROM mae_impuestos_productos WHERE pro_codigo_plu=@@@880018@@@','',2,'2013-06-13'),(25591,'INSERT INTO mae_productos (pro_codigo_plu,pro_codigo_barra,pro_tipo,pro_nombre_producto,pro_nombre_corto,med_id,emb_id,pro_unidades_embalaje,dep_id,lin_id,mar_id,pro_precio_compra_neto,pro_precio_compra_bruto,pro_precio_venta,pro_margen_actual,pro_oferta,pro_fecha_inicio_oferta,pro_fecha_termino_oferta,pro_precio_oferta,pro_stock_minimo,pro_stock_critico,pro_entradas_bodega,pro_salidas_bodega,pro_mermas_bodega,pro_ajustes_bodega,pro_entradas_sv,pro_salidas_sv,pro_mermas_sv,pro_ajustes_sv,pro_activo,rec_numero,pro_unidad,pro_capacidad,pro_consumo_bodega,pro_consumo_sv,pro_estado,pro_funcion_plu,pro_flejes,pro_iva,pro_plu_asociado,pro_envase,pro_duracion,pro_numero_etiqueta) VALUES (880019,@@@880019@@@,@@@0@@@,@@@GUITAR CLOCK@@@,@@@GUITAR CLOCK@@@,@@@1 @@@,@@@3 @@@,@@@0@@@,@@@38 @@@,@@@179@@@,@@@2507@@@,@@@0@@@,@@@0@@@,@@@2490@@@,@@@0@@@,@@@@@@,@@@2013.06.13@@@,@@@2013.06.13@@@,@@@0@@@,@@@0@@@,@@@0@@@,@@@0@@@,@@@0@@@,@@@0@@@,@@@0@@@,@@@0@@@,@@@0@@@,@@@0@@@,@@@0@@@,@@@1@@@,@@@0@@@,0,1,0,0,2,0,1,1,0,@@@NO@@@,0,0)','',2,'2013-06-13'),(25592,'DELETE FROM mae_impuestos_productos WHERE pro_codigo_plu=@@@880019@@@','',2,'2013-06-13'),(25593,'INSERT INTO mae_productos (pro_codigo_plu,pro_codigo_barra,pro_tipo,pro_nombre_producto,pro_nombre_corto,med_id,emb_id,pro_unidades_embalaje,dep_id,lin_id,mar_id,pro_precio_compra_neto,pro_precio_compra_bruto,pro_precio_venta,pro_margen_actual,pro_oferta,pro_fecha_inicio_oferta,pro_fecha_termino_oferta,pro_precio_oferta,pro_stock_minimo,pro_stock_critico,pro_entradas_bodega,pro_salidas_bodega,pro_mermas_bodega,pro_ajustes_bodega,pro_entradas_sv,pro_salidas_sv,pro_mermas_sv,pro_ajustes_sv,pro_activo,rec_numero,pro_unidad,pro_capacidad,pro_consumo_bodega,pro_consumo_sv,pro_estado,pro_funcion_plu,pro_flejes,pro_iva,pro_plu_asociado,pro_envase,pro_duracion,pro_numero_etiqueta) VALUES (880020,@@@880020@@@,@@@0@@@,@@@PERSONA + RELOJ@@@,@@@PERSONA + RELOJ@@@,@@@1 @@@,@@@3 @@@,@@@0@@@,@@@38 @@@,@@@180@@@,@@@2507@@@,@@@0@@@,@@@0@@@,@@@2890@@@,@@@0@@@,@@@@@@,@@@2013.06.13@@@,@@@2013.06.13@@@,@@@0@@@,@@@0@@@,@@@0@@@,@@@0@@@,@@@0@@@,@@@0@@@,@@@0@@@,@@@0@@@,@@@0@@@,@@@0@@@,@@@0@@@,@@@1@@@,@@@0@@@,0,1,0,0,2,0,1,1,0,@@@NO@@@,0,0)','',2,'2013-06-13'),(25594,'DELETE FROM mae_impuestos_productos WHERE pro_codigo_plu=@@@880020@@@','',2,'2013-06-13'),(25595,'INSERT INTO mae_productos (pro_codigo_plu,pro_codigo_barra,pro_tipo,pro_nombre_producto,pro_nombre_corto,med_id,emb_id,pro_unidades_embalaje,dep_id,lin_id,mar_id,pro_precio_compra_neto,pro_precio_compra_bruto,pro_precio_venta,pro_margen_actual,pro_oferta,pro_fecha_inicio_oferta,pro_fecha_termino_oferta,pro_precio_oferta,pro_stock_minimo,pro_stock_critico,pro_entradas_bodega,pro_salidas_bodega,pro_mermas_bodega,pro_ajustes_bodega,pro_entradas_sv,pro_salidas_sv,pro_mermas_sv,pro_ajustes_sv,pro_activo,rec_numero,pro_unidad,pro_capacidad,pro_consumo_bodega,pro_consumo_sv,pro_estado,pro_funcion_plu,pro_flejes,pro_iva,pro_plu_asociado,pro_envase,pro_duracion,pro_numero_etiqueta) VALUES (880021,@@@880021@@@,@@@0@@@,@@@PERSONAJE + RELOJ @@@,@@@PERSONAJE + RELO@@@,@@@1 @@@,@@@3 @@@,@@@0@@@,@@@38 @@@,@@@180@@@,@@@2507@@@,@@@0@@@,@@@0@@@,@@@3490@@@,@@@0@@@,@@@@@@,@@@2013.06.13@@@,@@@2013.06.13@@@,@@@0@@@,@@@0@@@,@@@0@@@,@@@0@@@,@@@0@@@,@@@0@@@,@@@0@@@,@@@0@@@,@@@0@@@,@@@0@@@,@@@0@@@,@@@1@@@,@@@0@@@,0,1,0,0,2,0,1,1,0,@@@NO@@@,0,0)','',2,'2013-06-13'),(25596,'DELETE FROM mae_impuestos_productos WHERE pro_codigo_plu=@@@880021@@@','',2,'2013-06-13'),(25597,'INSERT INTO mae_productos (pro_codigo_plu,pro_codigo_barra,pro_tipo,pro_nombre_producto,pro_nombre_corto,med_id,emb_id,pro_unidades_embalaje,dep_id,lin_id,mar_id,pro_precio_compra_neto,pro_precio_compra_bruto,pro_precio_venta,pro_margen_actual,pro_oferta,pro_fecha_inicio_oferta,pro_fecha_termino_oferta,pro_precio_oferta,pro_stock_minimo,pro_stock_critico,pro_entradas_bodega,pro_salidas_bodega,pro_mermas_bodega,pro_ajustes_bodega,pro_entradas_sv,pro_salidas_sv,pro_mermas_sv,pro_ajustes_sv,pro_activo,rec_numero,pro_unidad,pro_capacidad,pro_consumo_bodega,pro_consumo_sv,pro_estado,pro_funcion_plu,pro_flejes,pro_iva,pro_plu_asociado,pro_envase,pro_duracion,pro_numero_etiqueta) VALUES (880022,@@@880022@@@,@@@0@@@,@@@AUTO METALICO @@@,@@@AUTO METALICO @@@,@@@1 @@@,@@@3 @@@,@@@0@@@,@@@38 @@@,@@@180@@@,@@@2507@@@,@@@0@@@,@@@0@@@,@@@9990@@@,@@@0@@@,@@@@@@,@@@2013.06.13@@@,@@@2013.06.13@@@,@@@0@@@,@@@0@@@,@@@0@@@,@@@0@@@,@@@0@@@,@@@0@@@,@@@0@@@,@@@0@@@,@@@0@@@,@@@0@@@,@@@0@@@,@@@1@@@,@@@0@@@,0,1,0,0,2,0,1,1,0,@@@NO@@@,0,0)','',2,'2013-06-13'),(25598,'DELETE FROM mae_impuestos_productos WHERE pro_codigo_plu=@@@880022@@@','',2,'2013-06-13'),(25599,'INSERT INTO mae_productos (pro_codigo_plu,pro_codigo_barra,pro_tipo,pro_nombre_producto,pro_nombre_corto,med_id,emb_id,pro_unidades_embalaje,dep_id,lin_id,mar_id,pro_precio_compra_neto,pro_precio_compra_bruto,pro_precio_venta,pro_margen_actual,pro_oferta,pro_fecha_inicio_oferta,pro_fecha_termino_oferta,pro_precio_oferta,pro_stock_minimo,pro_stock_critico,pro_entradas_bodega,pro_salidas_bodega,pro_mermas_bodega,pro_ajustes_bodega,pro_entradas_sv,pro_salidas_sv,pro_mermas_sv,pro_ajustes_sv,pro_activo,rec_numero,pro_unidad,pro_capacidad,pro_consumo_bodega,pro_consumo_sv,pro_estado,pro_funcion_plu,pro_flejes,pro_iva,pro_plu_asociado,pro_envase,pro_duracion,pro_numero_etiqueta) VALUES (880023,@@@880023@@@,@@@0@@@,@@@FIGURA  METALICA@@@,@@@FIGURA  METALICA@@@,@@@1 @@@,@@@3 @@@,@@@0@@@,@@@38 @@@,@@@180@@@,@@@2507@@@,@@@0@@@,@@@0@@@,@@@5990@@@,@@@0@@@,@@@@@@,@@@2013.06.13@@@,@@@2013.06.13@@@,@@@0@@@,@@@0@@@,@@@0@@@,@@@0@@@,@@@0@@@,@@@0@@@,@@@0@@@,@@@0@@@,@@@0@@@,@@@0@@@,@@@0@@@,@@@1@@@,@@@0@@@,0,1,0,0,2,0,1,1,0,@@@NO@@@,0,0)','',2,'2013-06-13'),(25600,'DELETE FROM mae_impuestos_productos WHERE pro_codigo_plu=@@@880023@@@','',2,'2013-06-13'),(25601,'INSERT INTO mae_productos (pro_codigo_plu,pro_codigo_barra,pro_tipo,pro_nombre_producto,pro_nombre_corto,med_id,emb_id,pro_unidades_embalaje,dep_id,lin_id,mar_id,pro_precio_compra_neto,pro_precio_compra_bruto,pro_precio_venta,pro_margen_actual,pro_oferta,pro_fecha_inicio_oferta,pro_fecha_termino_oferta,pro_precio_oferta,pro_stock_minimo,pro_stock_critico,pro_entradas_bodega,pro_salidas_bodega,pro_mermas_bodega,pro_ajustes_bodega,pro_entradas_sv,pro_salidas_sv,pro_mermas_sv,pro_ajustes_sv,pro_activo,rec_numero,pro_unidad,pro_capacidad,pro_consumo_bodega,pro_consumo_sv,pro_estado,pro_funcion_plu,pro_flejes,pro_iva,pro_plu_asociado,pro_envase,pro_duracion,pro_numero_etiqueta) VALUES (880024,@@@880024@@@,@@@0@@@,@@@PACK LINTERNA + CORTAPLUMA + LAPIZ@@@,@@@PACK LINTERNA + @@@,@@@1 @@@,@@@3 @@@,@@@0@@@,@@@38 @@@,@@@180@@@,@@@2507@@@,@@@0@@@,@@@0@@@,@@@3290@@@,@@@0@@@,@@@@@@,@@@2013.06.13@@@,@@@2013.06.13@@@,@@@0@@@,@@@0@@@,@@@0@@@,@@@0@@@,@@@0@@@,@@@0@@@,@@@0@@@,@@@0@@@,@@@0@@@,@@@0@@@,@@@0@@@,@@@1@@@,@@@0@@@,0,1,0,0,2,0,1,1,0,@@@NO@@@,0,0)','',2,'2013-06-13'),(25602,'DELETE FROM mae_impuestos_productos WHERE pro_codigo_plu=@@@880024@@@','',2,'2013-06-13'),(25603,'INSERT INTO mae_productos (pro_codigo_plu,pro_codigo_barra,pro_tipo,pro_nombre_producto,pro_nombre_corto,med_id,emb_id,pro_unidades_embalaje,dep_id,lin_id,mar_id,pro_precio_compra_neto,pro_precio_compra_bruto,pro_precio_venta,pro_margen_actual,pro_oferta,pro_fecha_inicio_oferta,pro_fecha_termino_oferta,pro_precio_oferta,pro_stock_minimo,pro_stock_critico,pro_entradas_bodega,pro_salidas_bodega,pro_mermas_bodega,pro_ajustes_bodega,pro_entradas_sv,pro_salidas_sv,pro_mermas_sv,pro_ajustes_sv,pro_activo,rec_numero,pro_unidad,pro_capacidad,pro_consumo_bodega,pro_consumo_sv,pro_estado,pro_funcion_plu,pro_flejes,pro_iva,pro_plu_asociado,pro_envase,pro_duracion,pro_numero_etiqueta) VALUES (880025,@@@880025@@@,@@@0@@@,@@@PACK ENCENDEDOR CAFE + LAPIZ + CORTAPLUMA@@@,@@@PACK ENCENDEDOR @@@,@@@1 @@@,@@@3 @@@,@@@0@@@,@@@38 @@@,@@@179@@@,@@@2507@@@,@@@0@@@,@@@0@@@,@@@2290@@@,@@@0@@@,@@@@@@,@@@2013.06.13@@@,@@@2013.06.13@@@,@@@0@@@,@@@0@@@,@@@0@@@,@@@0@@@,@@@0@@@,@@@0@@@,@@@0@@@,@@@0@@@,@@@0@@@,@@@0@@@,@@@0@@@,@@@1@@@,@@@0@@@,0,1,0,0,2,0,1,1,0,@@@NO@@@,0,0)','',2,'2013-06-13'),(25604,'DELETE FROM mae_impuestos_productos WHERE pro_codigo_plu=@@@880025@@@','',2,'2013-06-13'),(25605,'UPDATE mae_productos SET pro_margen_actual=0,pro_precio_venta=5990 WHERE pro_codigo_plu=780721115','',2,'2013-06-13'),(25606,'UPDATE mae_productos SET pro_margen_actual=0,pro_precio_venta=1290 WHERE pro_codigo_plu=780721118','',2,'2013-06-13'),(25607,'UPDATE mae_productos SET pro_margen_actual=0,pro_precio_venta=2790 WHERE pro_codigo_plu=780721119','',2,'2013-06-13'),(25608,'UPDATE mae_productos SET pro_margen_actual=0,pro_precio_venta=3990 WHERE pro_codigo_plu=780721117','',2,'2013-06-13'),(25609,'UPDATE mae_productos SET pro_margen_actual=0,pro_precio_venta=3490 WHERE pro_codigo_plu=780721122','',2,'2013-06-13'),(25610,'UPDATE mae_productos SET pro_margen_actual=0,pro_precio_venta=1590 WHERE pro_codigo_plu=780721123','',2,'2013-06-13'),(25611,'UPDATE mae_productos SET pro_margen_actual=0,pro_precio_venta=12990 WHERE pro_codigo_plu=780721116','',2,'2013-06-13'),(25612,'UPDATE mae_productos SET pro_margen_actual=0,pro_precio_venta=3990 WHERE pro_codigo_plu=780721120','',2,'2013-06-13'),(25613,'UPDATE mae_productos SET pro_margen_actual=0,pro_precio_venta=3990 WHERE pro_codigo_plu=780721124','',2,'2013-06-13'),(25614,'UPDATE mae_productos SET pro_margen_actual=0,pro_precio_venta=3990 WHERE pro_codigo_plu=780721114','',2,'2013-06-13'),(25615,'UPDATE mae_productos SET pro_margen_actual=0,pro_precio_venta=9990 WHERE pro_codigo_plu=880022','',2,'2013-06-13'),(25616,'UPDATE mae_productos SET pro_margen_actual=0,pro_precio_venta=1000 WHERE pro_codigo_plu=764536','',2,'2013-06-13'),(25617,'UPDATE mae_productos SET pro_margen_actual=0,pro_precio_venta=990 WHERE pro_codigo_plu=780721136','',2,'2013-06-13'),(25618,'UPDATE mae_productos SET pro_margen_actual=0,pro_precio_venta=990 WHERE pro_codigo_plu=780721137','',2,'2013-06-13'),(25619,'UPDATE mae_productos SET pro_margen_actual=0,pro_precio_venta=590 WHERE pro_codigo_plu=780721129','',2,'2013-06-13'),(25620,'UPDATE mae_productos SET pro_margen_actual=0,pro_precio_venta=5990 WHERE pro_codigo_plu=880023','',2,'2013-06-13'),(25621,'UPDATE mae_productos SET pro_margen_actual=0,pro_precio_venta=1100 WHERE pro_codigo_plu=780721138','',2,'2013-06-13'),(25622,'UPDATE mae_productos SET pro_margen_actual=0,pro_precio_venta=1490 WHERE pro_codigo_plu=780721134','',2,'2013-06-13'),(25623,'UPDATE mae_productos SET pro_margen_actual=0,pro_precio_venta=1000 WHERE pro_codigo_plu=780721135','',2,'2013-06-13'),(25624,'UPDATE mae_productos SET pro_margen_actual=0,pro_precio_venta=2490 WHERE pro_codigo_plu=880019','',2,'2013-06-13'),(25625,'UPDATE mae_productos SET pro_margen_actual=0,pro_precio_venta=790 WHERE pro_codigo_plu=780721131','',2,'2013-06-13'),(25626,'UPDATE mae_productos SET pro_margen_actual=0,pro_precio_venta=2290 WHERE pro_codigo_plu=780721133','',2,'2013-06-13'),(25627,'UPDATE mae_productos SET pro_margen_actual=0,pro_precio_venta=2590 WHERE pro_codigo_plu=780721132','',2,'2013-06-13'),(25628,'UPDATE mae_productos SET pro_margen_actual=0,pro_precio_venta=6990 WHERE pro_codigo_plu=880011','',2,'2013-06-13'),(25629,'UPDATE mae_productos SET pro_margen_actual=0,pro_precio_venta=3890 WHERE pro_codigo_plu=880016','',2,'2013-06-13'),(25630,'UPDATE mae_productos SET pro_margen_actual=0,pro_precio_venta=5990 WHERE pro_codigo_plu=780721121','',2,'2013-06-13'),(25631,'UPDATE mae_productos SET pro_margen_actual=0,pro_precio_venta=3490 WHERE pro_codigo_plu=880017','',2,'2013-06-13'),(25632,'UPDATE mae_productos SET pro_margen_actual=0,pro_precio_venta=2290 WHERE pro_codigo_plu=880025','',2,'2013-06-13'),(25633,'UPDATE mae_productos SET pro_margen_actual=0,pro_precio_venta=2290 WHERE pro_codigo_plu=880012','',2,'2013-06-13'),(25634,'UPDATE mae_productos SET pro_margen_actual=0,pro_precio_venta=1990 WHERE pro_codigo_plu=880014','',2,'2013-06-13'),(25635,'UPDATE mae_productos SET pro_margen_actual=0,pro_precio_venta=3290 WHERE pro_codigo_plu=880024','',2,'2013-06-13'),(25636,'UPDATE mae_productos SET pro_margen_actual=0,pro_precio_venta=2990 WHERE pro_codigo_plu=880013','',2,'2013-06-13'),(25637,'UPDATE mae_productos SET pro_margen_actual=0,pro_precio_venta=3990 WHERE pro_codigo_plu=880015','',2,'2013-06-13'),(25638,'UPDATE mae_productos SET pro_margen_actual=0,pro_precio_venta=2890 WHERE pro_codigo_plu=880020','',2,'2013-06-13'),(25639,'UPDATE mae_productos SET pro_margen_actual=0,pro_precio_venta=3490 WHERE pro_codigo_plu=880021','',2,'2013-06-13'),(25640,'UPDATE mae_productos SET pro_margen_actual=0,pro_precio_venta=4990 WHERE pro_codigo_plu=880018','',2,'2013-06-13'),(25641,'UPDATE mae_productos SET pro_margen_actual=0,pro_precio_venta=300 WHERE pro_codigo_plu=780721127','',2,'2013-06-13'),(25642,'UPDATE mae_productos SET pro_margen_actual=0,pro_precio_venta=150 WHERE pro_codigo_plu=780721128','',2,'2013-06-13'),(25643,'UPDATE mae_productos SET pro_margen_actual=0,pro_precio_venta=300 WHERE pro_codigo_plu=780721126','',2,'2013-06-13'),(25644,'UPDATE mae_productos SET pro_margen_actual=0,pro_precio_venta=120 WHERE pro_codigo_plu=780721125','',2,'2013-06-13'),(25645,'UPDATE mae_productos SET pro_margen_actual=0,pro_precio_venta=1990 WHERE pro_codigo_plu=780721130','',2,'2013-06-13'),(25646,'UPDATE mae_productos SET pro_margen_actual=0,pro_precio_venta=290 WHERE pro_codigo_plu=764700','',2,'2013-06-13'),(25647,'UPDATE mae_productos SET pro_margen_actual=0,pro_precio_venta=590 WHERE pro_codigo_plu=761330','',2,'2013-06-13'),(25648,'UPDATE mae_productos SET pro_precio_fiscal=pro_precio_venta WHERE pro_codigo_plu=780721118','',2,'2013-06-13'),(25649,'UPDATE mae_productos SET pro_precio_fiscal=pro_precio_venta WHERE pro_codigo_plu=780721119','',2,'2013-06-13'),(25650,'UPDATE mae_productos SET pro_precio_fiscal=pro_precio_venta WHERE pro_codigo_plu=780721116','',2,'2013-06-13'),(25651,'UPDATE mae_productos SET pro_precio_fiscal=pro_precio_venta WHERE pro_codigo_plu=780721115','',2,'2013-06-13'),(25652,'UPDATE mae_productos SET pro_precio_fiscal=pro_precio_venta WHERE pro_codigo_plu=780721117','',2,'2013-06-13'),(25653,'UPDATE mae_productos SET pro_precio_fiscal=pro_precio_venta WHERE pro_codigo_plu=761330','',2,'2013-06-13'),(25654,'UPDATE mae_productos SET pro_precio_fiscal=pro_precio_venta WHERE pro_codigo_plu=780721122','',2,'2013-06-13'),(25655,'UPDATE mae_productos SET pro_precio_fiscal=pro_precio_venta WHERE pro_codigo_plu=780721131','',2,'2013-06-13'),(25656,'UPDATE mae_productos SET pro_precio_fiscal=pro_precio_venta WHERE pro_codigo_plu=780721120','',2,'2013-06-13'),(25657,'UPDATE mae_productos SET pro_precio_fiscal=pro_precio_venta WHERE pro_codigo_plu=780721136','',2,'2013-06-13'),(25658,'UPDATE mae_productos SET pro_precio_fiscal=pro_precio_venta WHERE pro_codigo_plu=780721137','',2,'2013-06-13'),(25659,'UPDATE mae_productos SET pro_precio_fiscal=pro_precio_venta WHERE pro_codigo_plu=780721133','',2,'2013-06-13'),(25660,'UPDATE mae_productos SET pro_precio_fiscal=pro_precio_venta WHERE pro_codigo_plu=780721132','',2,'2013-06-13'),(25661,'UPDATE mae_productos SET pro_precio_fiscal=pro_precio_venta WHERE pro_codigo_plu=780721114','',2,'2013-06-13'),(25662,'UPDATE mae_productos SET pro_precio_fiscal=pro_precio_venta WHERE pro_codigo_plu=780721121','',2,'2013-06-13'),(25663,'UPDATE mae_productos SET pro_precio_fiscal=pro_precio_venta WHERE pro_codigo_plu=764536','',2,'2013-06-13'),(25664,'UPDATE mae_productos SET pro_precio_fiscal=pro_precio_venta WHERE pro_codigo_plu=764700','',2,'2013-06-13'),(25665,'UPDATE mae_productos SET pro_precio_fiscal=pro_precio_venta WHERE pro_codigo_plu=780721134','',2,'2013-06-13'),(25666,'UPDATE mae_productos SET pro_precio_fiscal=pro_precio_venta WHERE pro_codigo_plu=780721135','',2,'2013-06-13'),(25667,'UPDATE mae_productos SET pro_precio_fiscal=pro_precio_venta WHERE pro_codigo_plu=780721138','',2,'2013-06-13'),(25668,'UPDATE mae_productos SET pro_precio_fiscal=pro_precio_venta WHERE pro_codigo_plu=780721129','',2,'2013-06-13'),(25669,'UPDATE mae_productos SET pro_precio_fiscal=pro_precio_venta WHERE pro_codigo_plu=780721130','',2,'2013-06-13'),(25670,'UPDATE mae_productos SET pro_precio_fiscal=pro_precio_venta WHERE pro_codigo_plu=780721128','',2,'2013-06-13'),(25671,'UPDATE mae_productos SET pro_precio_fiscal=pro_precio_venta WHERE pro_codigo_plu=780721124','',2,'2013-06-13'),(25672,'UPDATE mae_productos SET pro_precio_fiscal=pro_precio_venta WHERE pro_codigo_plu=780721123','',2,'2013-06-13'),(25673,'UPDATE mae_productos SET pro_precio_fiscal=pro_precio_venta WHERE pro_codigo_plu=780721127','',2,'2013-06-13'),(25674,'UPDATE mae_productos SET pro_precio_fiscal=pro_precio_venta WHERE pro_codigo_plu=780721126','',2,'2013-06-13'),(25675,'UPDATE mae_productos SET pro_precio_fiscal=pro_precio_venta WHERE pro_codigo_plu=780721125','',2,'2013-06-13'),(25676,'UPDATE mae_productos SET pro_precio_fiscal=pro_precio_venta WHERE pro_codigo_plu=880011','',2,'2013-06-13'),(25677,'UPDATE mae_productos SET pro_precio_fiscal=pro_precio_venta WHERE pro_codigo_plu=880012','',2,'2013-06-13'),(25678,'UPDATE mae_productos SET pro_precio_fiscal=pro_precio_venta WHERE pro_codigo_plu=880013','',2,'2013-06-13'),(25679,'UPDATE mae_productos SET pro_precio_fiscal=pro_precio_venta WHERE pro_codigo_plu=880014','',2,'2013-06-13'),(25680,'UPDATE mae_productos SET pro_precio_fiscal=pro_precio_venta WHERE pro_codigo_plu=880015','',2,'2013-06-13'),(25681,'UPDATE mae_productos SET pro_precio_fiscal=pro_precio_venta WHERE pro_codigo_plu=880016','',2,'2013-06-13'),(25682,'UPDATE mae_productos SET pro_precio_fiscal=pro_precio_venta WHERE pro_codigo_plu=880017','',2,'2013-06-13'),(25683,'UPDATE mae_productos SET pro_precio_fiscal=pro_precio_venta WHERE pro_codigo_plu=880018','',2,'2013-06-13'),(25684,'UPDATE mae_productos SET pro_precio_fiscal=pro_precio_venta WHERE pro_codigo_plu=880019','',2,'2013-06-13'),(25685,'UPDATE mae_productos SET pro_precio_fiscal=pro_precio_venta WHERE pro_codigo_plu=880020','',2,'2013-06-13'),(25686,'UPDATE mae_productos SET pro_precio_fiscal=pro_precio_venta WHERE pro_codigo_plu=880021','',2,'2013-06-13'),(25687,'UPDATE mae_productos SET pro_precio_fiscal=pro_precio_venta WHERE pro_codigo_plu=880022','',2,'2013-06-13'),(25688,'UPDATE mae_productos SET pro_precio_fiscal=pro_precio_venta WHERE pro_codigo_plu=880023','',2,'2013-06-13'),(25689,'UPDATE mae_productos SET pro_precio_fiscal=pro_precio_venta WHERE pro_codigo_plu=880024','',2,'2013-06-13'),(25690,'UPDATE mae_productos SET pro_precio_fiscal=pro_precio_venta WHERE pro_codigo_plu=880025','',2,'2013-06-13'),(25691,'UPDATE mae_productos SET pro_margen_actual=0,pro_precio_venta=390 WHERE pro_codigo_plu=518','',2,'2013-06-13'),(25692,'UPDATE mae_productos SET pro_margen_actual=0,pro_precio_venta=690 WHERE pro_codigo_plu=550','',2,'2013-06-13'),(25693,'UPDATE mae_productos SET pro_margen_actual=0,pro_precio_venta=330 WHERE pro_codigo_plu=597','',2,'2013-06-13'),(25694,'UPDATE mae_productos SET pro_margen_actual=0,pro_precio_venta=1599 WHERE pro_codigo_plu=352','',2,'2013-06-13'),(25695,'UPDATE mae_productos SET pro_margen_actual=0,pro_precio_venta=1770 WHERE pro_codigo_plu=353','',2,'2013-06-13'),(25696,'UPDATE mae_productos SET pro_precio_fiscal=pro_precio_venta WHERE pro_codigo_plu=353','',2,'2013-06-13'),(25697,'UPDATE mae_productos SET pro_precio_fiscal=pro_precio_venta WHERE pro_codigo_plu=518','',2,'2013-06-13'),(25698,'UPDATE mae_productos SET pro_precio_fiscal=pro_precio_venta WHERE pro_codigo_plu=550','',2,'2013-06-13'),(25699,'UPDATE mae_productos SET pro_precio_fiscal=pro_precio_venta WHERE pro_codigo_plu=597','',2,'2013-06-13'),(25700,'UPDATE mae_productos SET pro_margen_actual=0,pro_precio_venta=2590 WHERE pro_codigo_plu=10179','',2,'2013-06-13'),(25701,'UPDATE mae_productos SET pro_margen_actual=0,pro_precio_venta=2590 WHERE pro_codigo_plu=101047','',2,'2013-06-13'),(25702,'UPDATE mae_productos SET pro_margen_actual=0,pro_precio_venta=2590 WHERE pro_codigo_plu=20400','',2,'2013-06-13'),(25703,'UPDATE mae_productos SET pro_margen_actual=0,pro_precio_venta=690 WHERE pro_codigo_plu=101380','',2,'2013-06-13'),(25704,'UPDATE mae_productos SET pro_margen_actual=0,pro_precio_venta=550 WHERE pro_codigo_plu=763910','',2,'2013-06-13'),(25705,'UPDATE mae_productos SET pro_margen_actual=0,pro_precio_venta=650 WHERE pro_codigo_plu=763614','',2,'2013-06-13'),(25706,'UPDATE mae_productos SET pro_margen_actual=0,pro_precio_venta=200 WHERE pro_codigo_plu=1069','',2,'2013-06-13'),(25707,'UPDATE mae_productos SET pro_margen_actual=0,pro_precio_venta=200 WHERE pro_codigo_plu=1067','',2,'2013-06-13'),(25708,'UPDATE mae_productos SET pro_margen_actual=0,pro_precio_venta=200 WHERE pro_codigo_plu=1068','',2,'2013-06-13'),(25709,'UPDATE mae_productos SET pro_margen_actual=0,pro_precio_venta=850 WHERE pro_codigo_plu=763626','',2,'2013-06-13'),(25710,'UPDATE mae_productos SET pro_precio_fiscal=pro_precio_venta WHERE pro_codigo_plu=101380','',2,'2013-06-13'),(25711,'UPDATE mae_productos SET pro_precio_fiscal=pro_precio_venta WHERE pro_codigo_plu=763910','',2,'2013-06-13'),(25712,'UPDATE mae_productos SET pro_precio_fiscal=pro_precio_venta WHERE pro_codigo_plu=1067','',2,'2013-06-13'),(25713,'UPDATE mae_productos SET pro_precio_fiscal=pro_precio_venta WHERE pro_codigo_plu=1068','',2,'2013-06-13'),(25714,'UPDATE mae_productos SET pro_precio_fiscal=pro_precio_venta WHERE pro_codigo_plu=1069','',2,'2013-06-13'),(25715,'UPDATE mae_productos SET pro_precio_fiscal=pro_precio_venta WHERE pro_codigo_plu=20400','',2,'2013-06-13'),(25716,'UPDATE mae_productos SET pro_precio_fiscal=pro_precio_venta WHERE pro_codigo_plu=10179','',2,'2013-06-13'),(25717,'UPDATE mae_productos SET pro_precio_fiscal=pro_precio_venta WHERE pro_codigo_plu=101047','',2,'2013-06-13'),(25718,'UPDATE mae_productos SET pro_precio_fiscal=pro_precio_venta WHERE pro_codigo_plu=763614','',2,'2013-06-13'),(25719,'UPDATE mae_productos SET pro_precio_fiscal=pro_precio_venta WHERE pro_codigo_plu=763626','',2,'2013-06-13'),(25720,'INSERT INTO mae_productos (pro_codigo_plu,pro_codigo_barra,pro_tipo,pro_nombre_producto,pro_nombre_corto,med_id,emb_id,pro_unidades_embalaje,dep_id,lin_id,mar_id,pro_precio_compra_neto,pro_precio_compra_bruto,pro_precio_venta,pro_margen_actual,pro_oferta,pro_fecha_inicio_oferta,pro_fecha_termino_oferta,pro_precio_oferta,pro_stock_minimo,pro_stock_critico,pro_entradas_bodega,pro_salidas_bodega,pro_mermas_bodega,pro_ajustes_bodega,pro_entradas_sv,pro_salidas_sv,pro_mermas_sv,pro_ajustes_sv,pro_activo,rec_numero,pro_unidad,pro_capacidad,pro_consumo_bodega,pro_consumo_sv,pro_estado,pro_funcion_plu,pro_flejes,pro_iva,pro_plu_asociado,pro_envase,pro_duracion,pro_numero_etiqueta) VALUES (780721139,@@@8435119759464@@@,@@@0@@@,@@@TIJERA ZIG ZAG@@@,@@@TIJERA ZIG ZAG@@@,@@@1 @@@,@@@3 @@@,@@@0@@@,@@@24 @@@,@@@137@@@,@@@1442@@@,@@@0@@@,@@@0@@@,@@@890@@@,@@@0@@@,@@@@@@,@@@2013.06.13@@@,@@@2013.06.13@@@,@@@0@@@,@@@0@@@,@@@0@@@,@@@0@@@,@@@0@@@,@@@0@@@,@@@0@@@,@@@0@@@,@@@0@@@,@@@0@@@,@@@0@@@,@@@1@@@,@@@0@@@,0,1,0,0,2,0,1,1,0,@@@NO@@@,0,0)','',2,'2013-06-13'),(25721,'DELETE FROM mae_impuestos_productos WHERE pro_codigo_plu=@@@780721139@@@','',2,'2013-06-13'),(25722,'INSERT INTO mae_productos (pro_codigo_plu,pro_codigo_barra,pro_tipo,pro_nombre_producto,pro_nombre_corto,med_id,emb_id,pro_unidades_embalaje,dep_id,lin_id,mar_id,pro_precio_compra_neto,pro_precio_compra_bruto,pro_precio_venta,pro_margen_actual,pro_oferta,pro_fecha_inicio_oferta,pro_fecha_termino_oferta,pro_precio_oferta,pro_stock_minimo,pro_stock_critico,pro_entradas_bodega,pro_salidas_bodega,pro_mermas_bodega,pro_ajustes_bodega,pro_entradas_sv,pro_salidas_sv,pro_mermas_sv,pro_ajustes_sv,pro_activo,rec_numero,pro_unidad,pro_capacidad,pro_consumo_bodega,pro_consumo_sv,pro_estado,pro_funcion_plu,pro_flejes,pro_iva,pro_plu_asociado,pro_envase,pro_duracion,pro_numero_etiqueta) VALUES (780721140,@@@070330717534@@@,@@@0@@@,@@@PRESTORBARBA COMFORT 3@@@,@@@PRESTORBARBA COM@@@,@@@1 @@@,@@@3 @@@,@@@0@@@,@@@21 @@@,@@@125@@@,@@@1442@@@,@@@0@@@,@@@0@@@,@@@550@@@,@@@0@@@,@@@@@@,@@@2013.06.13@@@,@@@2013.06.13@@@,@@@0@@@,@@@0@@@,@@@0@@@,@@@0@@@,@@@0@@@,@@@0@@@,@@@0@@@,@@@0@@@,@@@0@@@,@@@0@@@,@@@0@@@,@@@1@@@,@@@0@@@,0,1,0,0,2,0,1,1,0,@@@NO@@@,0,0)','',2,'2013-06-13'),(25723,'DELETE FROM mae_impuestos_productos WHERE pro_codigo_plu=@@@780721140@@@','',2,'2013-06-13'),(25724,'INSERT INTO mae_productos (pro_codigo_plu,pro_codigo_barra,pro_tipo,pro_nombre_producto,pro_nombre_corto,med_id,emb_id,pro_unidades_embalaje,dep_id,lin_id,mar_id,pro_precio_compra_neto,pro_precio_compra_bruto,pro_precio_venta,pro_margen_actual,pro_oferta,pro_fecha_inicio_oferta,pro_fecha_termino_oferta,pro_precio_oferta,pro_stock_minimo,pro_stock_critico,pro_entradas_bodega,pro_salidas_bodega,pro_mermas_bodega,pro_ajustes_bodega,pro_entradas_sv,pro_salidas_sv,pro_mermas_sv,pro_ajustes_sv,pro_activo,rec_numero,pro_unidad,pro_capacidad,pro_consumo_bodega,pro_consumo_sv,pro_estado,pro_funcion_plu,pro_flejes,pro_iva,pro_plu_asociado,pro_envase,pro_duracion,pro_numero_etiqueta) VALUES (780721141,@@@7754111524162@@@,@@@0@@@,@@@LAPIZ FABER CASTELL@@@,@@@LAPIZ FABER CAST@@@,@@@1 @@@,@@@3 @@@,@@@0@@@,@@@24 @@@,@@@137@@@,@@@1442@@@,@@@0@@@,@@@0@@@,@@@120@@@,@@@0@@@,@@@@@@,@@@2013.06.13@@@,@@@2013.06.13@@@,@@@0@@@,@@@0@@@,@@@0@@@,@@@0@@@,@@@0@@@,@@@0@@@,@@@0@@@,@@@0@@@,@@@0@@@,@@@0@@@,@@@0@@@,@@@1@@@,@@@0@@@,0,1,0,0,2,0,1,1,0,@@@NO@@@,0,0)','',2,'2013-06-13'),(25725,'DELETE FROM mae_impuestos_productos WHERE pro_codigo_plu=@@@780721141@@@','',2,'2013-06-13'),(25726,'INSERT INTO mae_productos (pro_codigo_plu,pro_codigo_barra,pro_tipo,pro_nombre_producto,pro_nombre_corto,med_id,emb_id,pro_unidades_embalaje,dep_id,lin_id,mar_id,pro_precio_compra_neto,pro_precio_compra_bruto,pro_precio_venta,pro_margen_actual,pro_oferta,pro_fecha_inicio_oferta,pro_fecha_termino_oferta,pro_precio_oferta,pro_stock_minimo,pro_stock_critico,pro_entradas_bodega,pro_salidas_bodega,pro_mermas_bodega,pro_ajustes_bodega,pro_entradas_sv,pro_salidas_sv,pro_mermas_sv,pro_ajustes_sv,pro_activo,rec_numero,pro_unidad,pro_capacidad,pro_consumo_bodega,pro_consumo_sv,pro_estado,pro_funcion_plu,pro_flejes,pro_iva,pro_plu_asociado,pro_envase,pro_duracion,pro_numero_etiqueta) VALUES (780721142,@@@7807265980749@@@,@@@0@@@,@@@LAPICES DE COLOR ISOFIT@@@,@@@LAPICES DE COLOR@@@,@@@1 @@@,@@@3 @@@,@@@0@@@,@@@24 @@@,@@@137@@@,@@@1442@@@,@@@0@@@,@@@0@@@,@@@650@@@,@@@0@@@,@@@@@@,@@@2013.06.13@@@,@@@2013.06.13@@@,@@@0@@@,@@@0@@@,@@@0@@@,@@@0@@@,@@@0@@@,@@@0@@@,@@@0@@@,@@@0@@@,@@@0@@@,@@@0@@@,@@@0@@@,@@@1@@@,@@@0@@@,0,12,0,0,2,0,1,1,0,@@@NO@@@,0,0)','',2,'2013-06-13'),(25727,'DELETE FROM mae_impuestos_productos WHERE pro_codigo_plu=@@@780721142@@@','',2,'2013-06-13'),(25728,'INSERT INTO mae_productos (pro_codigo_plu,pro_codigo_barra,pro_tipo,pro_nombre_producto,pro_nombre_corto,med_id,emb_id,pro_unidades_embalaje,dep_id,lin_id,mar_id,pro_precio_compra_neto,pro_precio_compra_bruto,pro_precio_venta,pro_margen_actual,pro_oferta,pro_fecha_inicio_oferta,pro_fecha_termino_oferta,pro_precio_oferta,pro_stock_minimo,pro_stock_critico,pro_entradas_bodega,pro_salidas_bodega,pro_mermas_bodega,pro_ajustes_bodega,pro_entradas_sv,pro_salidas_sv,pro_mermas_sv,pro_ajustes_sv,pro_activo,rec_numero,pro_unidad,pro_capacidad,pro_consumo_bodega,pro_consumo_sv,pro_estado,pro_funcion_plu,pro_flejes,pro_iva,pro_plu_asociado,pro_envase,pro_duracion,pro_numero_etiqueta) VALUES (780721143,@@@7804606520381@@@,@@@0@@@,@@@CUADERNO COPIA 40HOJA@@@,@@@CUADERNO COPIA 4@@@,@@@1 @@@,@@@3 @@@,@@@0@@@,@@@24 @@@,@@@137@@@,@@@1442@@@,@@@0@@@,@@@0@@@,@@@180@@@,@@@0@@@,@@@@@@,@@@2013.06.13@@@,@@@2013.06.13@@@,@@@0@@@,@@@0@@@,@@@0@@@,@@@0@@@,@@@0@@@,@@@0@@@,@@@0@@@,@@@0@@@,@@@0@@@,@@@0@@@,@@@0@@@,@@@1@@@,@@@0@@@,0,40,0,0,2,0,1,1,0,@@@NO@@@,0,0)','',2,'2013-06-13'),(25729,'DELETE FROM mae_impuestos_productos WHERE pro_codigo_plu=@@@780721143@@@','',2,'2013-06-13'),(25730,'UPDATE mae_productos SET pro_margen_actual=0,pro_precio_venta=180 WHERE pro_codigo_plu=780721143','',2,'2013-06-13'),(25731,'UPDATE mae_productos SET pro_margen_actual=0,pro_precio_venta=650 WHERE pro_codigo_plu=780721142','',2,'2013-06-13'),(25732,'UPDATE mae_productos SET pro_margen_actual=0,pro_precio_venta=120 WHERE pro_codigo_plu=780721141','',2,'2013-06-13'),(25733,'UPDATE mae_productos SET pro_margen_actual=0,pro_precio_venta=550 WHERE pro_codigo_plu=780721140','',2,'2013-06-13'),(25734,'UPDATE mae_productos SET pro_margen_actual=0,pro_precio_venta=890 WHERE pro_codigo_plu=780721139','',2,'2013-06-13'),(25735,'UPDATE mae_productos SET pro_precio_fiscal=pro_precio_venta WHERE pro_codigo_plu=780721140','',2,'2013-06-13'),(25736,'UPDATE mae_productos SET pro_precio_fiscal=pro_precio_venta WHERE pro_codigo_plu=780721141','',2,'2013-06-13'),(25737,'UPDATE mae_productos SET pro_precio_fiscal=pro_precio_venta WHERE pro_codigo_plu=780721143','',2,'2013-06-13'),(25738,'UPDATE mae_productos SET pro_precio_fiscal=pro_precio_venta WHERE pro_codigo_plu=780721142','',2,'2013-06-13'),(25739,'UPDATE mae_productos SET pro_precio_fiscal=pro_precio_venta WHERE pro_codigo_plu=780721139','',2,'2013-06-13'),(25740,'UPDATE mae_productos SET pro_margen_actual=0,pro_precio_venta=690 WHERE pro_codigo_plu=12717','',2,'2013-06-13'),(25741,'UPDATE mae_productos SET pro_precio_fiscal=pro_precio_venta WHERE pro_codigo_plu=12717','',2,'2013-06-13'),(25742,'INSERT INTO mae_productos (pro_codigo_plu,pro_codigo_barra,pro_tipo,pro_nombre_producto,pro_nombre_corto,med_id,emb_id,pro_unidades_embalaje,dep_id,lin_id,mar_id,pro_precio_compra_neto,pro_precio_compra_bruto,pro_precio_venta,pro_margen_actual,pro_oferta,pro_fecha_inicio_oferta,pro_fecha_termino_oferta,pro_precio_oferta,pro_stock_minimo,pro_stock_critico,pro_entradas_bodega,pro_salidas_bodega,pro_mermas_bodega,pro_ajustes_bodega,pro_entradas_sv,pro_salidas_sv,pro_mermas_sv,pro_ajustes_sv,pro_activo,rec_numero,pro_unidad,pro_capacidad,pro_consumo_bodega,pro_consumo_sv,pro_estado,pro_funcion_plu,pro_flejes,pro_iva,pro_plu_asociado,pro_envase,pro_duracion,pro_numero_etiqueta) VALUES (780721144,@@@027242815124@@@,@@@0@@@,@@@AUDIFONOS SONY MDR@@@,@@@AUDIFONOS SONY M@@@,@@@1 @@@,@@@3 @@@,@@@0@@@,@@@24 @@@,@@@137@@@,@@@2507@@@,@@@0@@@,@@@0@@@,@@@5990@@@,@@@0@@@,@@@@@@,@@@2013.06.13@@@,@@@2013.06.13@@@,@@@0@@@,@@@0@@@,@@@0@@@,@@@0@@@,@@@0@@@,@@@0@@@,@@@0@@@,@@@0@@@,@@@0@@@,@@@0@@@,@@@0@@@,@@@1@@@,@@@0@@@,0,1,0,0,2,0,1,1,0,@@@NO@@@,0,0)','',2,'2013-06-13'),(25743,'DELETE FROM mae_impuestos_productos WHERE pro_codigo_plu=@@@780721144@@@','',2,'2013-06-13'),(25744,'INSERT INTO mae_productos (pro_codigo_plu,pro_codigo_barra,pro_tipo,pro_nombre_producto,pro_nombre_corto,med_id,emb_id,pro_unidades_embalaje,dep_id,lin_id,mar_id,pro_precio_compra_neto,pro_precio_compra_bruto,pro_precio_venta,pro_margen_actual,pro_oferta,pro_fecha_inicio_oferta,pro_fecha_termino_oferta,pro_precio_oferta,pro_stock_minimo,pro_stock_critico,pro_entradas_bodega,pro_salidas_bodega,pro_mermas_bodega,pro_ajustes_bodega,pro_entradas_sv,pro_salidas_sv,pro_mermas_sv,pro_ajustes_sv,pro_activo,rec_numero,pro_unidad,pro_capacidad,pro_consumo_bodega,pro_consumo_sv,pro_estado,pro_funcion_plu,pro_flejes,pro_iva,pro_plu_asociado,pro_envase,pro_duracion,pro_numero_etiqueta) VALUES (780721145,@@@027242815162@@@,@@@0@@@,@@@AUDIFONOS NARANJO SONY MDR@@@,@@@AUDIFONOS NARANJ@@@,@@@1 @@@,@@@3 @@@,@@@0@@@,@@@24 @@@,@@@137@@@,@@@2507@@@,@@@0@@@,@@@0@@@,@@@5990@@@,@@@0@@@,@@@@@@,@@@2013.06.13@@@,@@@2013.06.13@@@,@@@0@@@,@@@0@@@,@@@0@@@,@@@0@@@,@@@0@@@,@@@0@@@,@@@0@@@,@@@0@@@,@@@0@@@,@@@0@@@,@@@0@@@,@@@1@@@,@@@0@@@,0,1,0,0,2,0,1,1,0,@@@NO@@@,0,0)','',2,'2013-06-13'),(25745,'DELETE FROM mae_impuestos_productos WHERE pro_codigo_plu=@@@780721145@@@','',2,'2013-06-13'),(25746,'INSERT INTO mae_productos (pro_codigo_plu,pro_codigo_barra,pro_tipo,pro_nombre_producto,pro_nombre_corto,med_id,emb_id,pro_unidades_embalaje,dep_id,lin_id,mar_id,pro_precio_compra_neto,pro_precio_compra_bruto,pro_precio_venta,pro_margen_actual,pro_oferta,pro_fecha_inicio_oferta,pro_fecha_termino_oferta,pro_precio_oferta,pro_stock_minimo,pro_stock_critico,pro_entradas_bodega,pro_salidas_bodega,pro_mermas_bodega,pro_ajustes_bodega,pro_entradas_sv,pro_salidas_sv,pro_mermas_sv,pro_ajustes_sv,pro_activo,rec_numero,pro_unidad,pro_capacidad,pro_consumo_bodega,pro_consumo_sv,pro_estado,pro_funcion_plu,pro_flejes,pro_iva,pro_plu_asociado,pro_envase,pro_duracion,pro_numero_etiqueta) VALUES (780721146,@@@027242815179@@@,@@@0@@@,@@@AUDIFONOS ROJO SONY MDR@@@,@@@AUDIFONOS ROJO S@@@,@@@1 @@@,@@@3 @@@,@@@0@@@,@@@24 @@@,@@@137@@@,@@@2507@@@,@@@0@@@,@@@0@@@,@@@5990@@@,@@@0@@@,@@@@@@,@@@2013.06.13@@@,@@@2013.06.13@@@,@@@0@@@,@@@0@@@,@@@0@@@,@@@0@@@,@@@0@@@,@@@0@@@,@@@0@@@,@@@0@@@,@@@0@@@,@@@0@@@,@@@0@@@,@@@1@@@,@@@0@@@,0,1,0,0,2,0,1,1,0,@@@NO@@@,0,0)','',2,'2013-06-13'),(25747,'DELETE FROM mae_impuestos_productos WHERE pro_codigo_plu=@@@780721146@@@','',2,'2013-06-13'),(25748,'INSERT INTO mae_productos (pro_codigo_plu,pro_codigo_barra,pro_tipo,pro_nombre_producto,pro_nombre_corto,med_id,emb_id,pro_unidades_embalaje,dep_id,lin_id,mar_id,pro_precio_compra_neto,pro_precio_compra_bruto,pro_precio_venta,pro_margen_actual,pro_oferta,pro_fecha_inicio_oferta,pro_fecha_termino_oferta,pro_precio_oferta,pro_stock_minimo,pro_stock_critico,pro_entradas_bodega,pro_salidas_bodega,pro_mermas_bodega,pro_ajustes_bodega,pro_entradas_sv,pro_salidas_sv,pro_mermas_sv,pro_ajustes_sv,pro_activo,rec_numero,pro_unidad,pro_capacidad,pro_consumo_bodega,pro_consumo_sv,pro_estado,pro_funcion_plu,pro_flejes,pro_iva,pro_plu_asociado,pro_envase,pro_duracion,pro_numero_etiqueta) VALUES (780721147,@@@880080@@@,@@@0@@@,@@@DESTAPADOR@@@,@@@DESTAPADOR@@@,@@@1 @@@,@@@3 @@@,@@@0@@@,@@@38 @@@,@@@180@@@,@@@1442@@@,@@@0@@@,@@@0@@@,@@@990@@@,@@@0@@@,@@@@@@,@@@2013.06.13@@@,@@@2013.06.13@@@,@@@0@@@,@@@0@@@,@@@0@@@,@@@0@@@,@@@0@@@,@@@0@@@,@@@0@@@,@@@0@@@,@@@0@@@,@@@0@@@,@@@0@@@,@@@1@@@,@@@0@@@,0,1,0,0,2,0,1,1,0,@@@NO@@@,0,0)','',2,'2013-06-13'),(25749,'DELETE FROM mae_impuestos_productos WHERE pro_codigo_plu=@@@780721147@@@','',2,'2013-06-13'),(25750,'INSERT INTO mae_productos (pro_codigo_plu,pro_codigo_barra,pro_tipo,pro_nombre_producto,pro_nombre_corto,med_id,emb_id,pro_unidades_embalaje,dep_id,lin_id,mar_id,pro_precio_compra_neto,pro_precio_compra_bruto,pro_precio_venta,pro_margen_actual,pro_oferta,pro_fecha_inicio_oferta,pro_fecha_termino_oferta,pro_precio_oferta,pro_stock_minimo,pro_stock_critico,pro_entradas_bodega,pro_salidas_bodega,pro_mermas_bodega,pro_ajustes_bodega,pro_entradas_sv,pro_salidas_sv,pro_mermas_sv,pro_ajustes_sv,pro_activo,rec_numero,pro_unidad,pro_capacidad,pro_consumo_bodega,pro_consumo_sv,pro_estado,pro_funcion_plu,pro_flejes,pro_iva,pro_plu_asociado,pro_envase,pro_duracion,pro_numero_etiqueta) VALUES (780721148,@@@880081@@@,@@@0@@@,@@@ENCENDEDOR PISTOLAS@@@,@@@ENCENDEDOR PISTO@@@,@@@1 @@@,@@@3 @@@,@@@0@@@,@@@38 @@@,@@@180@@@,@@@1442@@@,@@@0@@@,@@@0@@@,@@@4990@@@,@@@0@@@,@@@@@@,@@@2013.06.13@@@,@@@2013.06.13@@@,@@@0@@@,@@@0@@@,@@@0@@@,@@@0@@@,@@@0@@@,@@@0@@@,@@@0@@@,@@@0@@@,@@@0@@@,@@@0@@@,@@@0@@@,@@@1@@@,@@@0@@@,0,1,0,0,2,0,1,1,0,@@@NO@@@,0,0)','',2,'2013-06-13'),(25751,'DELETE FROM mae_impuestos_productos WHERE pro_codigo_plu=@@@780721148@@@','',2,'2013-06-13'),(25752,'INSERT INTO mae_productos (pro_codigo_plu,pro_codigo_barra,pro_tipo,pro_nombre_producto,pro_nombre_corto,med_id,emb_id,pro_unidades_embalaje,dep_id,lin_id,mar_id,pro_precio_compra_neto,pro_precio_compra_bruto,pro_precio_venta,pro_margen_actual,pro_oferta,pro_fecha_inicio_oferta,pro_fecha_termino_oferta,pro_precio_oferta,pro_stock_minimo,pro_stock_critico,pro_entradas_bodega,pro_salidas_bodega,pro_mermas_bodega,pro_ajustes_bodega,pro_entradas_sv,pro_salidas_sv,pro_mermas_sv,pro_ajustes_sv,pro_activo,rec_numero,pro_unidad,pro_capacidad,pro_consumo_bodega,pro_consumo_sv,pro_estado,pro_funcion_plu,pro_flejes,pro_iva,pro_plu_asociado,pro_envase,pro_duracion,pro_numero_etiqueta) VALUES (780721149,@@@880082@@@,@@@0@@@,@@@SET LAPIZ ENCENDEDOR@@@,@@@SET LAPIZ ENCEND@@@,@@@1 @@@,@@@3 @@@,@@@0@@@,@@@38 @@@,@@@180@@@,@@@1442@@@,@@@0@@@,@@@0@@@,@@@4990@@@,@@@0@@@,@@@@@@,@@@2013.06.13@@@,@@@2013.06.13@@@,@@@0@@@,@@@0@@@,@@@0@@@,@@@0@@@,@@@0@@@,@@@0@@@,@@@0@@@,@@@0@@@,@@@0@@@,@@@0@@@,@@@0@@@,@@@1@@@,@@@0@@@,0,1,0,0,2,0,1,1,0,@@@NO@@@,0,0)','',2,'2013-06-13'),(25753,'DELETE FROM mae_impuestos_productos WHERE pro_codigo_plu=@@@780721149@@@','',2,'2013-06-13'),(25754,'INSERT INTO mae_productos (pro_codigo_plu,pro_codigo_barra,pro_tipo,pro_nombre_producto,pro_nombre_corto,med_id,emb_id,pro_unidades_embalaje,dep_id,lin_id,mar_id,pro_precio_compra_neto,pro_precio_compra_bruto,pro_precio_venta,pro_margen_actual,pro_oferta,pro_fecha_inicio_oferta,pro_fecha_termino_oferta,pro_precio_oferta,pro_stock_minimo,pro_stock_critico,pro_entradas_bodega,pro_salidas_bodega,pro_mermas_bodega,pro_ajustes_bodega,pro_entradas_sv,pro_salidas_sv,pro_mermas_sv,pro_ajustes_sv,pro_activo,rec_numero,pro_unidad,pro_capacidad,pro_consumo_bodega,pro_consumo_sv,pro_estado,pro_funcion_plu,pro_flejes,pro_iva,pro_plu_asociado,pro_envase,pro_duracion,pro_numero_etiqueta) VALUES (780721150,@@@880084@@@,@@@0@@@,@@@CENICERO@@@,@@@CENICERO@@@,@@@1 @@@,@@@3 @@@,@@@0@@@,@@@38 @@@,@@@180@@@,@@@1442@@@,@@@0@@@,@@@0@@@,@@@3190@@@,@@@0@@@,@@@@@@,@@@2013.06.13@@@,@@@2013.06.13@@@,@@@0@@@,@@@0@@@,@@@0@@@,@@@0@@@,@@@0@@@,@@@0@@@,@@@0@@@,@@@0@@@,@@@0@@@,@@@0@@@,@@@0@@@,@@@1@@@,@@@0@@@,0,1,0,0,2,0,1,1,0,@@@NO@@@,0,0)','',2,'2013-06-13'),(25755,'DELETE FROM mae_impuestos_productos WHERE pro_codigo_plu=@@@780721150@@@','',2,'2013-06-13'),(25756,'INSERT INTO mae_productos (pro_codigo_plu,pro_codigo_barra,pro_tipo,pro_nombre_producto,pro_nombre_corto,med_id,emb_id,pro_unidades_embalaje,dep_id,lin_id,mar_id,pro_precio_compra_neto,pro_precio_compra_bruto,pro_precio_venta,pro_margen_actual,pro_oferta,pro_fecha_inicio_oferta,pro_fecha_termino_oferta,pro_precio_oferta,pro_stock_minimo,pro_stock_critico,pro_entradas_bodega,pro_salidas_bodega,pro_mermas_bodega,pro_ajustes_bodega,pro_entradas_sv,pro_salidas_sv,pro_mermas_sv,pro_ajustes_sv,pro_activo,rec_numero,pro_unidad,pro_capacidad,pro_consumo_bodega,pro_consumo_sv,pro_estado,pro_funcion_plu,pro_flejes,pro_iva,pro_plu_asociado,pro_envase,pro_duracion,pro_numero_etiqueta) VALUES (780721151,@@@880085@@@,@@@0@@@,@@@CENICERO CHICO@@@,@@@CENICERO CHICO@@@,@@@1 @@@,@@@3 @@@,@@@0@@@,@@@38 @@@,@@@179@@@,@@@1442@@@,@@@0@@@,@@@0@@@,@@@1790@@@,@@@0@@@,@@@@@@,@@@2013.06.13@@@,@@@2013.06.13@@@,@@@0@@@,@@@0@@@,@@@0@@@,@@@0@@@,@@@0@@@,@@@0@@@,@@@0@@@,@@@0@@@,@@@0@@@,@@@0@@@,@@@0@@@,@@@1@@@,@@@0@@@,0,1,0,0,2,0,1,1,0,@@@NO@@@,0,0)','',2,'2013-06-13'),(25757,'DELETE FROM mae_impuestos_productos WHERE pro_codigo_plu=@@@780721151@@@','',2,'2013-06-13'),(25758,'INSERT INTO mae_productos (pro_codigo_plu,pro_codigo_barra,pro_tipo,pro_nombre_producto,pro_nombre_corto,med_id,emb_id,pro_unidades_embalaje,dep_id,lin_id,mar_id,pro_precio_compra_neto,pro_precio_compra_bruto,pro_precio_venta,pro_margen_actual,pro_oferta,pro_fecha_inicio_oferta,pro_fecha_termino_oferta,pro_precio_oferta,pro_stock_minimo,pro_stock_critico,pro_entradas_bodega,pro_salidas_bodega,pro_mermas_bodega,pro_ajustes_bodega,pro_entradas_sv,pro_salidas_sv,pro_mermas_sv,pro_ajustes_sv,pro_activo,rec_numero,pro_unidad,pro_capacidad,pro_consumo_bodega,pro_consumo_sv,pro_estado,pro_funcion_plu,pro_flejes,pro_iva,pro_plu_asociado,pro_envase,pro_duracion,pro_numero_etiqueta) VALUES (780721152,@@@880086@@@,@@@0@@@,@@@CENICERO MEDIANO@@@,@@@CENICERO MEDIANO@@@,@@@1 @@@,@@@3 @@@,@@@0@@@,@@@38 @@@,@@@179@@@,@@@1909@@@,@@@0@@@,@@@0@@@,@@@2190@@@,@@@0@@@,@@@@@@,@@@2013.06.13@@@,@@@2013.06.13@@@,@@@0@@@,@@@0@@@,@@@0@@@,@@@0@@@,@@@0@@@,@@@0@@@,@@@0@@@,@@@0@@@,@@@0@@@,@@@0@@@,@@@0@@@,@@@1@@@,@@@0@@@,0,1,0,0,2,0,1,1,0,@@@NO@@@,0,0)','',2,'2013-06-13'),(25759,'DELETE FROM mae_impuestos_productos WHERE pro_codigo_plu=@@@780721152@@@','',2,'2013-06-13'),(25760,'INSERT INTO mae_productos (pro_codigo_plu,pro_codigo_barra,pro_tipo,pro_nombre_producto,pro_nombre_corto,med_id,emb_id,pro_unidades_embalaje,dep_id,lin_id,mar_id,pro_precio_compra_neto,pro_precio_compra_bruto,pro_precio_venta,pro_margen_actual,pro_oferta,pro_fecha_inicio_oferta,pro_fecha_termino_oferta,pro_precio_oferta,pro_stock_minimo,pro_stock_critico,pro_entradas_bodega,pro_salidas_bodega,pro_mermas_bodega,pro_ajustes_bodega,pro_entradas_sv,pro_salidas_sv,pro_mermas_sv,pro_ajustes_sv,pro_activo,rec_numero,pro_unidad,pro_capacidad,pro_consumo_bodega,pro_consumo_sv,pro_estado,pro_funcion_plu,pro_flejes,pro_iva,pro_plu_asociado,pro_envase,pro_duracion,pro_numero_etiqueta) VALUES (780721153,@@@880087@@@,@@@0@@@,@@@CENICERO GRANDE@@@,@@@CENICERO GRANDE@@@,@@@1 @@@,@@@3 @@@,@@@0@@@,@@@38 @@@,@@@179@@@,@@@1909@@@,@@@0@@@,@@@0@@@,@@@3190@@@,@@@0@@@,@@@@@@,@@@2013.06.13@@@,@@@2013.06.13@@@,@@@0@@@,@@@0@@@,@@@0@@@,@@@0@@@,@@@0@@@,@@@0@@@,@@@0@@@,@@@0@@@,@@@0@@@,@@@0@@@,@@@0@@@,@@@1@@@,@@@0@@@,0,1,0,0,2,0,1,1,0,@@@NO@@@,0,0)','',2,'2013-06-13'),(25761,'DELETE FROM mae_impuestos_productos WHERE pro_codigo_plu=@@@780721153@@@','',2,'2013-06-13'),(25762,'INSERT INTO mae_productos (pro_codigo_plu,pro_codigo_barra,pro_tipo,pro_nombre_producto,pro_nombre_corto,med_id,emb_id,pro_unidades_embalaje,dep_id,lin_id,mar_id,pro_precio_compra_neto,pro_precio_compra_bruto,pro_precio_venta,pro_margen_actual,pro_oferta,pro_fecha_inicio_oferta,pro_fecha_termino_oferta,pro_precio_oferta,pro_stock_minimo,pro_stock_critico,pro_entradas_bodega,pro_salidas_bodega,pro_mermas_bodega,pro_ajustes_bodega,pro_entradas_sv,pro_salidas_sv,pro_mermas_sv,pro_ajustes_sv,pro_activo,rec_numero,pro_unidad,pro_capacidad,pro_consumo_bodega,pro_consumo_sv,pro_estado,pro_funcion_plu,pro_flejes,pro_iva,pro_plu_asociado,pro_envase,pro_duracion,pro_numero_etiqueta) VALUES (780721154,@@@880088@@@,@@@0@@@,@@@SET ENCERDEDOR MAS CENICERO@@@,@@@SET ENCERDEDOR M@@@,@@@1 @@@,@@@3 @@@,@@@0@@@,@@@38 @@@,@@@180@@@,@@@1909@@@,@@@0@@@,@@@0@@@,@@@4790@@@,@@@0@@@,@@@@@@,@@@2013.06.13@@@,@@@2013.06.13@@@,@@@0@@@,@@@0@@@,@@@0@@@,@@@0@@@,@@@0@@@,@@@0@@@,@@@0@@@,@@@0@@@,@@@0@@@,@@@0@@@,@@@0@@@,@@@1@@@,@@@0@@@,0,1,0,0,2,0,1,1,0,@@@NO@@@,0,0)','',2,'2013-06-13'),(25763,'DELETE FROM mae_impuestos_productos WHERE pro_codigo_plu=@@@780721154@@@','',2,'2013-06-13'),(25764,'INSERT INTO mae_productos (pro_codigo_plu,pro_codigo_barra,pro_tipo,pro_nombre_producto,pro_nombre_corto,med_id,emb_id,pro_unidades_embalaje,dep_id,lin_id,mar_id,pro_precio_compra_neto,pro_precio_compra_bruto,pro_precio_venta,pro_margen_actual,pro_oferta,pro_fecha_inicio_oferta,pro_fecha_termino_oferta,pro_precio_oferta,pro_stock_minimo,pro_stock_critico,pro_entradas_bodega,pro_salidas_bodega,pro_mermas_bodega,pro_ajustes_bodega,pro_entradas_sv,pro_salidas_sv,pro_mermas_sv,pro_ajustes_sv,pro_activo,rec_numero,pro_unidad,pro_capacidad,pro_consumo_bodega,pro_consumo_sv,pro_estado,pro_funcion_plu,pro_flejes,pro_iva,pro_plu_asociado,pro_envase,pro_duracion,pro_numero_etiqueta) VALUES (780721155,@@@880089@@@,@@@0@@@,@@@ADORNO METAL CHICO@@@,@@@ADORNO METAL CHI@@@,@@@1 @@@,@@@3 @@@,@@@0@@@,@@@38 @@@,@@@179@@@,@@@1909@@@,@@@0@@@,@@@0@@@,@@@2390@@@,@@@0@@@,@@@@@@,@@@2013.06.13@@@,@@@2013.06.13@@@,@@@0@@@,@@@0@@@,@@@0@@@,@@@0@@@,@@@0@@@,@@@0@@@,@@@0@@@,@@@0@@@,@@@0@@@,@@@0@@@,@@@0@@@,@@@1@@@,@@@0@@@,0,1,0,0,2,0,1,1,0,@@@NO@@@,0,0)','',2,'2013-06-13'),(25765,'DELETE FROM mae_impuestos_productos WHERE pro_codigo_plu=@@@780721155@@@','',2,'2013-06-13'),(25766,'INSERT INTO mae_productos (pro_codigo_plu,pro_codigo_barra,pro_tipo,pro_nombre_producto,pro_nombre_corto,med_id,emb_id,pro_unidades_embalaje,dep_id,lin_id,mar_id,pro_precio_compra_neto,pro_precio_compra_bruto,pro_precio_venta,pro_margen_actual,pro_oferta,pro_fecha_inicio_oferta,pro_fecha_termino_oferta,pro_precio_oferta,pro_stock_minimo,pro_stock_critico,pro_entradas_bodega,pro_salidas_bodega,pro_mermas_bodega,pro_ajustes_bodega,pro_entradas_sv,pro_salidas_sv,pro_mermas_sv,pro_ajustes_sv,pro_activo,rec_numero,pro_unidad,pro_capacidad,pro_consumo_bodega,pro_consumo_sv,pro_estado,pro_funcion_plu,pro_flejes,pro_iva,pro_plu_asociado,pro_envase,pro_duracion,pro_numero_etiqueta) VALUES (780721156,@@@025215491238@@@,@@@0@@@,@@@AUDIFONOS MAXEL ROSADOS@@@,@@@AUDIFONOS MAXEL @@@,@@@1 @@@,@@@3 @@@,@@@0@@@,@@@24 @@@,@@@137@@@,@@@2657@@@,@@@0@@@,@@@0@@@,@@@2790@@@,@@@0@@@,@@@@@@,@@@2013.06.13@@@,@@@2013.06.13@@@,@@@0@@@,@@@0@@@,@@@0@@@,@@@0@@@,@@@0@@@,@@@0@@@,@@@0@@@,@@@0@@@,@@@0@@@,@@@0@@@,@@@0@@@,@@@1@@@,@@@0@@@,0,1,0,0,2,0,1,1,0,@@@NO@@@,0,0)','',2,'2013-06-13'),(25767,'DELETE FROM mae_impuestos_productos WHERE pro_codigo_plu=@@@780721156@@@','',2,'2013-06-13'),(25768,'INSERT INTO mae_productos (pro_codigo_plu,pro_codigo_barra,pro_tipo,pro_nombre_producto,pro_nombre_corto,med_id,emb_id,pro_unidades_embalaje,dep_id,lin_id,mar_id,pro_precio_compra_neto,pro_precio_compra_bruto,pro_precio_venta,pro_margen_actual,pro_oferta,pro_fecha_inicio_oferta,pro_fecha_termino_oferta,pro_precio_oferta,pro_stock_minimo,pro_stock_critico,pro_entradas_bodega,pro_salidas_bodega,pro_mermas_bodega,pro_ajustes_bodega,pro_entradas_sv,pro_salidas_sv,pro_mermas_sv,pro_ajustes_sv,pro_activo,rec_numero,pro_unidad,pro_capacidad,pro_consumo_bodega,pro_consumo_sv,pro_estado,pro_funcion_plu,pro_flejes,pro_iva,pro_plu_asociado,pro_envase,pro_duracion,pro_numero_etiqueta) VALUES (780721157,@@@880090@@@,@@@0@@@,@@@ADORNO METAL GRANDE@@@,@@@ADORNO METAL GRA@@@,@@@1 @@@,@@@3 @@@,@@@0@@@,@@@38 @@@,@@@179@@@,@@@1909@@@,@@@0@@@,@@@0@@@,@@@2790@@@,@@@0@@@,@@@@@@,@@@2013.06.13@@@,@@@2013.06.13@@@,@@@0@@@,@@@0@@@,@@@0@@@,@@@0@@@,@@@0@@@,@@@0@@@,@@@0@@@,@@@0@@@,@@@0@@@,@@@0@@@,@@@0@@@,@@@1@@@,@@@0@@@,0,1,0,0,2,0,1,1,0,@@@NO@@@,0,0)','',2,'2013-06-13'),(25769,'DELETE FROM mae_impuestos_productos WHERE pro_codigo_plu=@@@780721157@@@','',2,'2013-06-13'),(25770,'INSERT INTO mae_productos (pro_codigo_plu,pro_codigo_barra,pro_tipo,pro_nombre_producto,pro_nombre_corto,med_id,emb_id,pro_unidades_embalaje,dep_id,lin_id,mar_id,pro_precio_compra_neto,pro_precio_compra_bruto,pro_precio_venta,pro_margen_actual,pro_oferta,pro_fecha_inicio_oferta,pro_fecha_termino_oferta,pro_precio_oferta,pro_stock_minimo,pro_stock_critico,pro_entradas_bodega,pro_salidas_bodega,pro_mermas_bodega,pro_ajustes_bodega,pro_entradas_sv,pro_salidas_sv,pro_mermas_sv,pro_ajustes_sv,pro_activo,rec_numero,pro_unidad,pro_capacidad,pro_consumo_bodega,pro_consumo_sv,pro_estado,pro_funcion_plu,pro_flejes,pro_iva,pro_plu_asociado,pro_envase,pro_duracion,pro_numero_etiqueta) VALUES (780721158,@@@880091@@@,@@@0@@@,@@@ENCENDEDORES CHICOS @@@,@@@ENCENDEDORES CHI@@@,@@@1 @@@,@@@3 @@@,@@@0@@@,@@@38 @@@,@@@180@@@,@@@1909@@@,@@@0@@@,@@@0@@@,@@@1990@@@,@@@0@@@,@@@@@@,@@@2013.06.13@@@,@@@2013.06.13@@@,@@@0@@@,@@@0@@@,@@@0@@@,@@@0@@@,@@@0@@@,@@@0@@@,@@@0@@@,@@@0@@@,@@@0@@@,@@@0@@@,@@@0@@@,@@@1@@@,@@@0@@@,0,1,0,0,2,0,1,1,0,@@@NO@@@,0,0)','',2,'2013-06-13'),(25771,'DELETE FROM mae_impuestos_productos WHERE pro_codigo_plu=@@@780721158@@@','',2,'2013-06-13'),(25772,'INSERT INTO mae_productos (pro_codigo_plu,pro_codigo_barra,pro_tipo,pro_nombre_producto,pro_nombre_corto,med_id,emb_id,pro_unidades_embalaje,dep_id,lin_id,mar_id,pro_precio_compra_neto,pro_precio_compra_bruto,pro_precio_venta,pro_margen_actual,pro_oferta,pro_fecha_inicio_oferta,pro_fecha_termino_oferta,pro_precio_oferta,pro_stock_minimo,pro_stock_critico,pro_entradas_bodega,pro_salidas_bodega,pro_mermas_bodega,pro_ajustes_bodega,pro_entradas_sv,pro_salidas_sv,pro_mermas_sv,pro_ajustes_sv,pro_activo,rec_numero,pro_unidad,pro_capacidad,pro_consumo_bodega,pro_consumo_sv,pro_estado,pro_funcion_plu,pro_flejes,pro_iva,pro_plu_asociado,pro_envase,pro_duracion,pro_numero_etiqueta) VALUES (780721159,@@@880092@@@,@@@0@@@,@@@ENCENDEDORES METALICOS@@@,@@@ENCENDEDORES MET@@@,@@@1 @@@,@@@3 @@@,@@@0@@@,@@@38 @@@,@@@179@@@,@@@1909@@@,@@@0@@@,@@@0@@@,@@@3990@@@,@@@0@@@,@@@@@@,@@@2013.06.13@@@,@@@2013.06.13@@@,@@@0@@@,@@@0@@@,@@@0@@@,@@@0@@@,@@@0@@@,@@@0@@@,@@@0@@@,@@@0@@@,@@@0@@@,@@@0@@@,@@@0@@@,@@@1@@@,@@@0@@@,0,1,0,0,2,0,1,1,0,@@@NO@@@,0,0)','',2,'2013-06-13'),(25773,'DELETE FROM mae_impuestos_productos WHERE pro_codigo_plu=@@@780721159@@@','',2,'2013-06-13'),(25774,'INSERT INTO mae_productos (pro_codigo_plu,pro_codigo_barra,pro_tipo,pro_nombre_producto,pro_nombre_corto,med_id,emb_id,pro_unidades_embalaje,dep_id,lin_id,mar_id,pro_precio_compra_neto,pro_precio_compra_bruto,pro_precio_venta,pro_margen_actual,pro_oferta,pro_fecha_inicio_oferta,pro_fecha_termino_oferta,pro_precio_oferta,pro_stock_minimo,pro_stock_critico,pro_entradas_bodega,pro_salidas_bodega,pro_mermas_bodega,pro_ajustes_bodega,pro_entradas_sv,pro_salidas_sv,pro_mermas_sv,pro_ajustes_sv,pro_activo,rec_numero,pro_unidad,pro_capacidad,pro_consumo_bodega,pro_consumo_sv,pro_estado,pro_funcion_plu,pro_flejes,pro_iva,pro_plu_asociado,pro_envase,pro_duracion,pro_numero_etiqueta) VALUES (780721160,@@@880093@@@,@@@0@@@,@@@ENCENDEDOR GRANDE@@@,@@@ENCENDEDOR GRAND@@@,@@@1 @@@,@@@3 @@@,@@@0@@@,@@@38 @@@,@@@180@@@,@@@1909@@@,@@@0@@@,@@@0@@@,@@@4990@@@,@@@0@@@,@@@@@@,@@@2013.06.13@@@,@@@2013.06.13@@@,@@@0@@@,@@@0@@@,@@@0@@@,@@@0@@@,@@@0@@@,@@@0@@@,@@@0@@@,@@@0@@@,@@@0@@@,@@@0@@@,@@@0@@@,@@@1@@@,@@@0@@@,0,1,0,0,2,0,1,1,0,@@@NO@@@,0,0)','',2,'2013-06-13'),(25775,'DELETE FROM mae_impuestos_productos WHERE pro_codigo_plu=@@@780721160@@@','',2,'2013-06-13'),(25776,'INSERT INTO mae_productos (pro_codigo_plu,pro_codigo_barra,pro_tipo,pro_nombre_producto,pro_nombre_corto,med_id,emb_id,pro_unidades_embalaje,dep_id,lin_id,mar_id,pro_precio_compra_neto,pro_precio_compra_bruto,pro_precio_venta,pro_margen_actual,pro_oferta,pro_fecha_inicio_oferta,pro_fecha_termino_oferta,pro_precio_oferta,pro_stock_minimo,pro_stock_critico,pro_entradas_bodega,pro_salidas_bodega,pro_mermas_bodega,pro_ajustes_bodega,pro_entradas_sv,pro_salidas_sv,pro_mermas_sv,pro_ajustes_sv,pro_activo,rec_numero,pro_unidad,pro_capacidad,pro_consumo_bodega,pro_consumo_sv,pro_estado,pro_funcion_plu,pro_flejes,pro_iva,pro_plu_asociado,pro_envase,pro_duracion,pro_numero_etiqueta) VALUES (25215491,@@@025215491221@@@,@@@0@@@,@@@AUDIFONOS MAXELL CELESTES@@@,@@@AUDIFONOS MAXELL@@@,@@@1 @@@,@@@3 @@@,@@@0@@@,@@@24 @@@,@@@137@@@,@@@2657@@@,@@@0@@@,@@@0@@@,@@@2790@@@,@@@0@@@,@@@@@@,@@@2013.06.13@@@,@@@2013.06.13@@@,@@@0@@@,@@@0@@@,@@@0@@@,@@@0@@@,@@@0@@@,@@@0@@@,@@@0@@@,@@@0@@@,@@@0@@@,@@@0@@@,@@@0@@@,@@@1@@@,@@@0@@@,0,1,0,0,2,0,1,1,0,@@@NO@@@,0,0)','',2,'2013-06-13'),(25777,'DELETE FROM mae_impuestos_productos WHERE pro_codigo_plu=@@@25215491@@@','',2,'2013-06-13'),(25778,'INSERT INTO mae_productos (pro_codigo_plu,pro_codigo_barra,pro_tipo,pro_nombre_producto,pro_nombre_corto,med_id,emb_id,pro_unidades_embalaje,dep_id,lin_id,mar_id,pro_precio_compra_neto,pro_precio_compra_bruto,pro_precio_venta,pro_margen_actual,pro_oferta,pro_fecha_inicio_oferta,pro_fecha_termino_oferta,pro_precio_oferta,pro_stock_minimo,pro_stock_critico,pro_entradas_bodega,pro_salidas_bodega,pro_mermas_bodega,pro_ajustes_bodega,pro_entradas_sv,pro_salidas_sv,pro_mermas_sv,pro_ajustes_sv,pro_activo,rec_numero,pro_unidad,pro_capacidad,pro_consumo_bodega,pro_consumo_sv,pro_estado,pro_funcion_plu,pro_flejes,pro_iva,pro_plu_asociado,pro_envase,pro_duracion,pro_numero_etiqueta) VALUES (780721161,@@@880094@@@,@@@0@@@,@@@ENCENDEDOR COLORES@@@,@@@ENCENDEDOR COLOR@@@,@@@1 @@@,@@@3 @@@,@@@0@@@,@@@38 @@@,@@@180@@@,@@@1909@@@,@@@0@@@,@@@0@@@,@@@890@@@,@@@0@@@,@@@@@@,@@@2013.06.13@@@,@@@2013.06.13@@@,@@@0@@@,@@@0@@@,@@@0@@@,@@@0@@@,@@@0@@@,@@@0@@@,@@@0@@@,@@@0@@@,@@@0@@@,@@@0@@@,@@@0@@@,@@@1@@@,@@@0@@@,0,1,0,0,2,0,1,1,0,@@@NO@@@,0,0)','',2,'2013-06-13'),(25779,'DELETE FROM mae_impuestos_productos WHERE pro_codigo_plu=@@@780721161@@@','',2,'2013-06-13'),(25780,'INSERT INTO mae_productos (pro_codigo_plu,pro_codigo_barra,pro_tipo,pro_nombre_producto,pro_nombre_corto,med_id,emb_id,pro_unidades_embalaje,dep_id,lin_id,mar_id,pro_precio_compra_neto,pro_precio_compra_bruto,pro_precio_venta,pro_margen_actual,pro_oferta,pro_fecha_inicio_oferta,pro_fecha_termino_oferta,pro_precio_oferta,pro_stock_minimo,pro_stock_critico,pro_entradas_bodega,pro_salidas_bodega,pro_mermas_bodega,pro_ajustes_bodega,pro_entradas_sv,pro_salidas_sv,pro_mermas_sv,pro_ajustes_sv,pro_activo,rec_numero,pro_unidad,pro_capacidad,pro_consumo_bodega,pro_consumo_sv,pro_estado,pro_funcion_plu,pro_flejes,pro_iva,pro_plu_asociado,pro_envase,pro_duracion,pro_numero_etiqueta) VALUES (780721162,@@@880097@@@,@@@0@@@,@@@MENEDERO GOMAEVA@@@,@@@MENEDERO GOMAEVA@@@,@@@1 @@@,@@@3 @@@,@@@0@@@,@@@38 @@@,@@@181@@@,@@@1909@@@,@@@0@@@,@@@0@@@,@@@990@@@,@@@0@@@,@@@@@@,@@@2013.06.13@@@,@@@2013.06.13@@@,@@@0@@@,@@@0@@@,@@@0@@@,@@@0@@@,@@@0@@@,@@@0@@@,@@@0@@@,@@@0@@@,@@@0@@@,@@@0@@@,@@@0@@@,@@@1@@@,@@@0@@@,0,1,0,0,2,0,1,1,0,@@@NO@@@,0,0)','',2,'2013-06-13'),(25781,'DELETE FROM mae_impuestos_productos WHERE pro_codigo_plu=@@@780721162@@@','',2,'2013-06-13'),(25782,'INSERT INTO mae_productos (pro_codigo_plu,pro_codigo_barra,pro_tipo,pro_nombre_producto,pro_nombre_corto,med_id,emb_id,pro_unidades_embalaje,dep_id,lin_id,mar_id,pro_precio_compra_neto,pro_precio_compra_bruto,pro_precio_venta,pro_margen_actual,pro_oferta,pro_fecha_inicio_oferta,pro_fecha_termino_oferta,pro_precio_oferta,pro_stock_minimo,pro_stock_critico,pro_entradas_bodega,pro_salidas_bodega,pro_mermas_bodega,pro_ajustes_bodega,pro_entradas_sv,pro_salidas_sv,pro_mermas_sv,pro_ajustes_sv,pro_activo,rec_numero,pro_unidad,pro_capacidad,pro_consumo_bodega,pro_consumo_sv,pro_estado,pro_funcion_plu,pro_flejes,pro_iva,pro_plu_asociado,pro_envase,pro_duracion,pro_numero_etiqueta) VALUES (780721163,@@@025215491207@@@,@@@0@@@,@@@AUDIFONOS MAXELL BLANCOS@@@,@@@AUDIFONOS MAXELL@@@,@@@1 @@@,@@@3 @@@,@@@0@@@,@@@24 @@@,@@@137@@@,@@@2657@@@,@@@0@@@,@@@0@@@,@@@2790@@@,@@@0@@@,@@@@@@,@@@2013.06.13@@@,@@@2013.06.13@@@,@@@0@@@,@@@0@@@,@@@0@@@,@@@0@@@,@@@0@@@,@@@0@@@,@@@0@@@,@@@0@@@,@@@0@@@,@@@0@@@,@@@0@@@,@@@1@@@,@@@0@@@,0,1,0,0,2,0,1,1,0,@@@NO@@@,0,0)','',2,'2013-06-13'),(25783,'DELETE FROM mae_impuestos_productos WHERE pro_codigo_plu=@@@780721163@@@','',2,'2013-06-13'),(25784,'INSERT INTO mae_productos (pro_codigo_plu,pro_codigo_barra,pro_tipo,pro_nombre_producto,pro_nombre_corto,med_id,emb_id,pro_unidades_embalaje,dep_id,lin_id,mar_id,pro_precio_compra_neto,pro_precio_compra_bruto,pro_precio_venta,pro_margen_actual,pro_oferta,pro_fecha_inicio_oferta,pro_fecha_termino_oferta,pro_precio_oferta,pro_stock_minimo,pro_stock_critico,pro_entradas_bodega,pro_salidas_bodega,pro_mermas_bodega,pro_ajustes_bodega,pro_entradas_sv,pro_salidas_sv,pro_mermas_sv,pro_ajustes_sv,pro_activo,rec_numero,pro_unidad,pro_capacidad,pro_consumo_bodega,pro_consumo_sv,pro_estado,pro_funcion_plu,pro_flejes,pro_iva,pro_plu_asociado,pro_envase,pro_duracion,pro_numero_etiqueta) VALUES (780721164,@@@880098@@@,@@@0@@@,@@@CACARCASA COLORES@@@,@@@CACARCASA COLORE@@@,@@@1 @@@,@@@3 @@@,@@@0@@@,@@@38 @@@,@@@179@@@,@@@1909@@@,@@@0@@@,@@@0@@@,@@@1990@@@,@@@0@@@,@@@@@@,@@@2013.06.13@@@,@@@2013.06.13@@@,@@@0@@@,@@@0@@@,@@@0@@@,@@@0@@@,@@@0@@@,@@@0@@@,@@@0@@@,@@@0@@@,@@@0@@@,@@@0@@@,@@@0@@@,@@@1@@@,@@@0@@@,0,1,0,0,2,0,1,1,0,@@@NO@@@,0,0)','',2,'2013-06-13'),(25785,'DELETE FROM mae_impuestos_productos WHERE pro_codigo_plu=@@@780721164@@@','',2,'2013-06-13'),(25786,'UPDATE mae_productos SET pro_margen_actual=0,pro_precio_venta=2390 WHERE pro_codigo_plu=780721155','',2,'2013-06-13'),(25787,'UPDATE mae_productos SET pro_margen_actual=0,pro_precio_venta=2790 WHERE pro_codigo_plu=780721157','',2,'2013-06-13'),(25788,'UPDATE mae_productos SET pro_margen_actual=0,pro_precio_venta=2790 WHERE pro_codigo_plu=780721156','',2,'2013-06-13'),(25789,'UPDATE mae_productos SET pro_margen_actual=0,pro_precio_venta=2790 WHERE pro_codigo_plu=780721163','',2,'2013-06-13'),(25790,'UPDATE mae_productos SET pro_margen_actual=0,pro_precio_venta=2790 WHERE pro_codigo_plu=25215491','',2,'2013-06-13'),(25791,'UPDATE mae_productos SET pro_margen_actual=0,pro_precio_venta=5990 WHERE pro_codigo_plu=780721145','',2,'2013-06-13'),(25792,'UPDATE mae_productos SET pro_margen_actual=0,pro_precio_venta=5990 WHERE pro_codigo_plu=780721146','',2,'2013-06-13'),(25793,'UPDATE mae_productos SET pro_margen_actual=0,pro_precio_venta=5990 WHERE pro_codigo_plu=780721144','',2,'2013-06-13'),(25794,'UPDATE mae_productos SET pro_margen_actual=0,pro_precio_venta=1990 WHERE pro_codigo_plu=780721164','',2,'2013-06-13'),(25795,'UPDATE mae_productos SET pro_margen_actual=0,pro_precio_venta=3190 WHERE pro_codigo_plu=780721150','',2,'2013-06-13'),(25796,'UPDATE mae_productos SET pro_margen_actual=0,pro_precio_venta=1790 WHERE pro_codigo_plu=780721151','',2,'2013-06-13'),(25797,'UPDATE mae_productos SET pro_margen_actual=0,pro_precio_venta=3190 WHERE pro_codigo_plu=780721153','',2,'2013-06-13'),(25798,'UPDATE mae_productos SET pro_margen_actual=0,pro_precio_venta=2190 WHERE pro_codigo_plu=780721152','',2,'2013-06-13'),(25799,'UPDATE mae_productos SET pro_margen_actual=0,pro_precio_venta=990 WHERE pro_codigo_plu=780721147','',2,'2013-06-13'),(25800,'UPDATE mae_productos SET pro_margen_actual=0,pro_precio_venta=890 WHERE pro_codigo_plu=780721161','',2,'2013-06-13'),(25801,'UPDATE mae_productos SET pro_margen_actual=0,pro_precio_venta=4990 WHERE pro_codigo_plu=780721160','',2,'2013-06-13'),(25802,'UPDATE mae_productos SET pro_margen_actual=0,pro_precio_venta=4990 WHERE pro_codigo_plu=780721148','',2,'2013-06-13'),(25803,'UPDATE mae_productos SET pro_margen_actual=0,pro_precio_venta=1990 WHERE pro_codigo_plu=780721158','',2,'2013-06-13'),(25804,'UPDATE mae_productos SET pro_margen_actual=0,pro_precio_venta=3990 WHERE pro_codigo_plu=780721159','',2,'2013-06-13'),(25805,'UPDATE mae_productos SET pro_margen_actual=0,pro_precio_venta=990 WHERE pro_codigo_plu=780721162','',2,'2013-06-13'),(25806,'UPDATE mae_productos SET pro_margen_actual=0,pro_precio_venta=4790 WHERE pro_codigo_plu=780721154','',2,'2013-06-13'),(25807,'UPDATE mae_productos SET pro_margen_actual=0,pro_precio_venta=4990 WHERE pro_codigo_plu=780721149','',2,'2013-06-13'),(25808,'UPDATE mae_productos SET pro_precio_fiscal=pro_precio_venta WHERE pro_codigo_plu=780721163','',2,'2013-06-13'),(25809,'UPDATE mae_productos SET pro_precio_fiscal=pro_precio_venta WHERE pro_codigo_plu=25215491','',2,'2013-06-13'),(25810,'UPDATE mae_productos SET pro_precio_fiscal=pro_precio_venta WHERE pro_codigo_plu=780721156','',2,'2013-06-13'),(25811,'UPDATE mae_productos SET pro_precio_fiscal=pro_precio_venta WHERE pro_codigo_plu=780721144','',2,'2013-06-13'),(25812,'UPDATE mae_productos SET pro_precio_fiscal=pro_precio_venta WHERE pro_codigo_plu=780721145','',2,'2013-06-13'),(25813,'UPDATE mae_productos SET pro_precio_fiscal=pro_precio_venta WHERE pro_codigo_plu=780721146','',2,'2013-06-13'),(25814,'UPDATE mae_productos SET pro_precio_fiscal=pro_precio_venta WHERE pro_codigo_plu=780721147','',2,'2013-06-13'),(25815,'UPDATE mae_productos SET pro_precio_fiscal=pro_precio_venta WHERE pro_codigo_plu=780721148','',2,'2013-06-13'),(25816,'UPDATE mae_productos SET pro_precio_fiscal=pro_precio_venta WHERE pro_codigo_plu=780721149','',2,'2013-06-13'),(25817,'UPDATE mae_productos SET pro_precio_fiscal=pro_precio_venta WHERE pro_codigo_plu=780721150','',2,'2013-06-13'),(25818,'UPDATE mae_productos SET pro_precio_fiscal=pro_precio_venta WHERE pro_codigo_plu=780721151','',2,'2013-06-13'),(25819,'UPDATE mae_productos SET pro_precio_fiscal=pro_precio_venta WHERE pro_codigo_plu=780721152','',2,'2013-06-13'),(25820,'UPDATE mae_productos SET pro_precio_fiscal=pro_precio_venta WHERE pro_codigo_plu=780721153','',2,'2013-06-13'),(25821,'UPDATE mae_productos SET pro_precio_fiscal=pro_precio_venta WHERE pro_codigo_plu=780721154','',2,'2013-06-13'),(25822,'UPDATE mae_productos SET pro_precio_fiscal=pro_precio_venta WHERE pro_codigo_plu=780721155','',2,'2013-06-13'),(25823,'UPDATE mae_productos SET pro_precio_fiscal=pro_precio_venta WHERE pro_codigo_plu=780721157','',2,'2013-06-13'),(25824,'UPDATE mae_productos SET pro_precio_fiscal=pro_precio_venta WHERE pro_codigo_plu=780721158','',2,'2013-06-13'),(25825,'UPDATE mae_productos SET pro_precio_fiscal=pro_precio_venta WHERE pro_codigo_plu=780721159','',2,'2013-06-13'),(25826,'UPDATE mae_productos SET pro_precio_fiscal=pro_precio_venta WHERE pro_codigo_plu=780721160','',2,'2013-06-13'),(25827,'UPDATE mae_productos SET pro_precio_fiscal=pro_precio_venta WHERE pro_codigo_plu=780721161','',2,'2013-06-13'),(25828,'UPDATE mae_productos SET pro_precio_fiscal=pro_precio_venta WHERE pro_codigo_plu=780721162','',2,'2013-06-13'),(25829,'UPDATE mae_productos SET pro_precio_fiscal=pro_precio_venta WHERE pro_codigo_plu=780721164','',2,'2013-06-13'),(25830,'INSERT INTO gne_vale_ferreteria (vfe_id,vfe_fecha,vfe_total,vfe_estado,vfe_entregado,usu_nusuario) VALUES (2284,@@@2013.06.13@@@,250,1,0,@@@b_SAEZ@@@)','',2,'2013-06-13'),(25831,'INSERT INTO gne_vale_ferreteria_mov (vfe_id,pro_codigo_plu,vfm_cantidad,vfm_unitario,vfm_total,vfm_entregado) VALUES (2284,770000,5,50,250,@@@NO@@@)','',2,'2013-06-13'),(25832,'INSERT INTO gne_vale_ferreteria (vfe_id,vfe_fecha,vfe_total,vfe_estado,vfe_entregado,usu_nusuario) VALUES (2285,@@@2013.06.13@@@,1270,1,0,@@@b_SAEZ@@@)','',2,'2013-06-13'),(25833,'INSERT INTO gne_vale_ferreteria_mov (vfe_id,pro_codigo_plu,vfm_cantidad,vfm_unitario,vfm_total,vfm_entregado) VALUES (2285,1547,2,390,780,@@@NO@@@)','',2,'2013-06-13'),(25834,'INSERT INTO gne_vale_ferreteria_mov (vfe_id,pro_codigo_plu,vfm_cantidad,vfm_unitario,vfm_total,vfm_entregado) VALUES (2285,1538,1,490,490,@@@NO@@@)','',2,'2013-06-13'),(25835,'INSERT INTO gne_vale_ferreteria (vfe_id,vfe_fecha,vfe_total,vfe_estado,vfe_entregado,usu_nusuario) VALUES (2286,@@@2013.06.13@@@,200,1,0,@@@b_SAEZ@@@)','',2,'2013-06-13'),(25836,'INSERT INTO gne_vale_ferreteria_mov (vfe_id,pro_codigo_plu,vfm_cantidad,vfm_unitario,vfm_total,vfm_entregado) VALUES (2286,7051,2,100,200,@@@NO@@@)','',2,'2013-06-13'),(25837,'INSERT INTO gne_vale_ferreteria (vfe_id,vfe_fecha,vfe_total,vfe_estado,vfe_entregado,usu_nusuario) VALUES (2287,@@@2013.06.13@@@,200,1,0,@@@b_SAEZ@@@)','',2,'2013-06-13'),(25838,'INSERT INTO gne_vale_ferreteria_mov (vfe_id,pro_codigo_plu,vfm_cantidad,vfm_unitario,vfm_total,vfm_entregado) VALUES (2287,7051,2,100,200,@@@NO@@@)','',2,'2013-06-13'),(25839,'INSERT INTO mae_productos (pro_codigo_plu,pro_codigo_barra,pro_tipo,pro_nombre_producto,pro_nombre_corto,med_id,emb_id,pro_unidades_embalaje,dep_id,lin_id,mar_id,pro_precio_compra_neto,pro_precio_compra_bruto,pro_precio_venta,pro_margen_actual,pro_oferta,pro_fecha_inicio_oferta,pro_fecha_termino_oferta,pro_precio_oferta,pro_stock_minimo,pro_stock_critico,pro_entradas_bodega,pro_salidas_bodega,pro_mermas_bodega,pro_ajustes_bodega,pro_entradas_sv,pro_salidas_sv,pro_mermas_sv,pro_ajustes_sv,pro_activo,rec_numero,pro_unidad,pro_capacidad,pro_consumo_bodega,pro_consumo_sv,pro_estado,pro_funcion_plu,pro_flejes,pro_iva,pro_plu_asociado,pro_envase,pro_duracion,pro_numero_etiqueta) VALUES (880026,@@@880026@@@,@@@0@@@,@@@BUFANDA HOMRE TRICOLOR@@@,@@@BUFANDA HOMRE TR@@@,@@@1 @@@,@@@3 @@@,@@@0@@@,@@@39 @@@,@@@185@@@,@@@2507@@@,@@@0@@@,@@@0@@@,@@@1290@@@,@@@0@@@,@@@@@@,@@@2013.06.13@@@,@@@2013.06.13@@@,@@@0@@@,@@@0@@@,@@@0@@@,@@@0@@@,@@@0@@@,@@@0@@@,@@@0@@@,@@@0@@@,@@@0@@@,@@@0@@@,@@@0@@@,@@@1@@@,@@@0@@@,0,1,0,0,2,0,1,1,0,@@@NO@@@,0,0)','',2,'2013-06-13'),(25840,'DELETE FROM mae_impuestos_productos WHERE pro_codigo_plu=@@@880026@@@','',2,'2013-06-13'),(25841,'INSERT INTO gne_vale_ferreteria (vfe_id,vfe_fecha,vfe_total,vfe_estado,vfe_entregado,usu_nusuario) VALUES (2288,@@@2013.06.13@@@,290,1,0,@@@b_SAEZ@@@)','',2,'2013-06-13'),(25842,'INSERT INTO gne_vale_ferreteria_mov (vfe_id,pro_codigo_plu,vfm_cantidad,vfm_unitario,vfm_total,vfm_entregado) VALUES (2288,764256,1,290,290,@@@NO@@@)','',2,'2013-06-13'),(25843,'INSERT INTO gne_vale_ferreteria (vfe_id,vfe_fecha,vfe_total,vfe_estado,vfe_entregado,usu_nusuario) VALUES (2289,@@@2013.06.13@@@,290,1,0,@@@b_SAEZ@@@)','',2,'2013-06-13'),(25844,'INSERT INTO gne_vale_ferreteria_mov (vfe_id,pro_codigo_plu,vfm_cantidad,vfm_unitario,vfm_total,vfm_entregado) VALUES (2289,764256,1,290,290,@@@NO@@@)','',2,'2013-06-13'),(25845,'INSERT INTO gne_vale_ferreteria (vfe_id,vfe_fecha,vfe_total,vfe_estado,vfe_entregado,usu_nusuario) VALUES (2290,@@@2013.06.13@@@,400,1,0,@@@b_SAEZ@@@)','',2,'2013-06-13'),(25846,'INSERT INTO gne_vale_ferreteria_mov (vfe_id,pro_codigo_plu,vfm_cantidad,vfm_unitario,vfm_total,vfm_entregado) VALUES (2290,770058,2,200,400,@@@NO@@@)','',2,'2013-06-13'),(25847,'INSERT INTO gne_vale_ferreteria (vfe_id,vfe_fecha,vfe_total,vfe_estado,vfe_entregado,usu_nusuario) VALUES (2291,@@@2013.06.13@@@,30,1,0,@@@b_SAEZ@@@)','',2,'2013-06-13'),(25848,'INSERT INTO gne_vale_ferreteria_mov (vfe_id,pro_codigo_plu,vfm_cantidad,vfm_unitario,vfm_total,vfm_entregado) VALUES (2291,78017153,1,30,30,@@@NO@@@)','',2,'2013-06-13'),(25849,'INSERT INTO gne_vale_ferreteria (vfe_id,vfe_fecha,vfe_total,vfe_estado,vfe_entregado,usu_nusuario) VALUES (2292,@@@2013.06.13@@@,400,1,0,@@@b_SAEZ@@@)','',2,'2013-06-13'),(25850,'INSERT INTO gne_vale_ferreteria_mov (vfe_id,pro_codigo_plu,vfm_cantidad,vfm_unitario,vfm_total,vfm_entregado) VALUES (2292,770021,2,200,400,@@@NO@@@)','',2,'2013-06-13'),(25851,'INSERT INTO gne_vale_ferreteria (vfe_id,vfe_fecha,vfe_total,vfe_estado,vfe_entregado,usu_nusuario) VALUES (2293,@@@2013.06.13@@@,480,1,0,@@@b_SAEZ@@@)','',2,'2013-06-13'),(25852,'INSERT INTO gne_vale_ferreteria_mov (vfe_id,pro_codigo_plu,vfm_cantidad,vfm_unitario,vfm_total,vfm_entregado) VALUES (2293,4080,12,40,480,@@@NO@@@)','',2,'2013-06-13'),(25853,'INSERT INTO gne_vale_ferreteria (vfe_id,vfe_fecha,vfe_total,vfe_estado,vfe_entregado,usu_nusuario) VALUES (2294,@@@2013.06.13@@@,400,1,0,@@@b_SAEZ@@@)','',2,'2013-06-13'),(25854,'INSERT INTO gne_vale_ferreteria_mov (vfe_id,pro_codigo_plu,vfm_cantidad,vfm_unitario,vfm_total,vfm_entregado) VALUES (2294,16664,1,400,400,@@@NO@@@)','',2,'2013-06-13'),(25855,'INSERT INTO gne_vale_ferreteria (vfe_id,vfe_fecha,vfe_total,vfe_estado,vfe_entregado,usu_nusuario) VALUES (2295,@@@2013.06.13@@@,1480,1,0,@@@b_SAEZ@@@)','',2,'2013-06-13'),(25856,'INSERT INTO gne_vale_ferreteria_mov (vfe_id,pro_codigo_plu,vfm_cantidad,vfm_unitario,vfm_total,vfm_entregado) VALUES (2295,764045,1,990,990,@@@NO@@@)','',2,'2013-06-13'),(25857,'INSERT INTO gne_vale_ferreteria_mov (vfe_id,pro_codigo_plu,vfm_cantidad,vfm_unitario,vfm_total,vfm_entregado) VALUES (2295,764844,1,490,490,@@@NO@@@)','',2,'2013-06-13'),(25858,'INSERT INTO gne_vale_ferreteria (vfe_id,vfe_fecha,vfe_total,vfe_estado,vfe_entregado,usu_nusuario) VALUES (2296,@@@2013.06.13@@@,90,1,0,@@@b_SAEZ@@@)','',2,'2013-06-13'),(25859,'INSERT INTO gne_vale_ferreteria_mov (vfe_id,pro_codigo_plu,vfm_cantidad,vfm_unitario,vfm_total,vfm_entregado) VALUES (2296,770038,1,90,90,@@@NO@@@)','',2,'2013-06-13'),(25860,'INSERT INTO gne_vale_ferreteria (vfe_id,vfe_fecha,vfe_total,vfe_estado,vfe_entregado,usu_nusuario) VALUES (2297,@@@2013.06.13@@@,300,1,0,@@@b_SAEZ@@@)','',2,'2013-06-13'),(25861,'INSERT INTO gne_vale_ferreteria_mov (vfe_id,pro_codigo_plu,vfm_cantidad,vfm_unitario,vfm_total,vfm_entregado) VALUES (2297,764832,2,150,300,@@@NO@@@)','',2,'2013-06-13'),(25862,'INSERT INTO gne_vale_ferreteria (vfe_id,vfe_fecha,vfe_total,vfe_estado,vfe_entregado,usu_nusuario) VALUES (2298,@@@2013.06.13@@@,690,1,0,@@@b_SAEZ@@@)','',2,'2013-06-13'),(25863,'INSERT INTO gne_vale_ferreteria_mov (vfe_id,pro_codigo_plu,vfm_cantidad,vfm_unitario,vfm_total,vfm_entregado) VALUES (2298,770091,1,690,690,@@@NO@@@)','',2,'2013-06-13'),(25864,'UPDATE mae_productos SET pro_margen_actual=0,pro_precio_venta=1290 WHERE pro_codigo_plu=880026','',2,'2013-06-13'),(25865,'UPDATE mae_productos SET pro_margen_actual=0,pro_precio_venta=650 WHERE pro_codigo_plu=607','',2,'2013-06-13'),(25866,'UPDATE mae_productos SET pro_margen_actual=0,pro_precio_venta=2690 WHERE pro_codigo_plu=578','',2,'2013-06-13'),(25867,'UPDATE mae_productos SET pro_margen_actual=0,pro_precio_venta=790 WHERE pro_codigo_plu=611','',2,'2013-06-13'),(25868,'UPDATE mae_productos SET pro_precio_fiscal=pro_precio_venta WHERE pro_codigo_plu=578','',2,'2013-06-13'),(25869,'UPDATE mae_productos SET pro_precio_fiscal=pro_precio_venta WHERE pro_codigo_plu=607','',2,'2013-06-13'),(25870,'UPDATE mae_productos SET pro_precio_fiscal=pro_precio_venta WHERE pro_codigo_plu=611','',2,'2013-06-13'),(25871,'UPDATE mae_productos SET pro_precio_fiscal=pro_precio_venta WHERE pro_codigo_plu=880026','',2,'2013-06-13'),(25872,'INSERT INTO gne_vale_ferreteria (vfe_id,vfe_fecha,vfe_total,vfe_estado,vfe_entregado,usu_nusuario) VALUES (2299,@@@2013.06.13@@@,1350,1,0,@@@b_SAEZ@@@)','',2,'2013-06-13'),(25873,'INSERT INTO gne_vale_ferreteria_mov (vfe_id,pro_codigo_plu,vfm_cantidad,vfm_unitario,vfm_total,vfm_entregado) VALUES (2299,763740,1,1350,1350,@@@NO@@@)','',2,'2013-06-13'),(25874,'INSERT INTO gne_vale_ferreteria (vfe_id,vfe_fecha,vfe_total,vfe_estado,vfe_entregado,usu_nusuario) VALUES (2300,@@@2013.06.13@@@,880,1,0,@@@b_SAEZ@@@)','',2,'2013-06-13'),(25875,'INSERT INTO gne_vale_ferreteria_mov (vfe_id,pro_codigo_plu,vfm_cantidad,vfm_unitario,vfm_total,vfm_entregado) VALUES (2300,1547,1,390,390,@@@NO@@@)','',2,'2013-06-13'),(25876,'INSERT INTO gne_vale_ferreteria_mov (vfe_id,pro_codigo_plu,vfm_cantidad,vfm_unitario,vfm_total,vfm_entregado) VALUES (2300,1538,1,490,490,@@@NO@@@)','',2,'2013-06-13'),(25877,'INSERT INTO gne_vale_ferreteria (vfe_id,vfe_fecha,vfe_total,vfe_estado,vfe_entregado,usu_nusuario) VALUES (2301,@@@2013.06.13@@@,450,1,0,@@@G_DIAZ@@@)','',2,'2013-06-13'),(25878,'INSERT INTO gne_vale_ferreteria_mov (vfe_id,pro_codigo_plu,vfm_cantidad,vfm_unitario,vfm_total,vfm_entregado) VALUES (2301,761962,1,450,450,@@@NO@@@)','',2,'2013-06-13'),(25879,'INSERT INTO mae_productos (pro_codigo_plu,pro_codigo_barra,pro_tipo,pro_nombre_producto,pro_nombre_corto,med_id,emb_id,pro_unidades_embalaje,dep_id,lin_id,mar_id,pro_precio_compra_neto,pro_precio_compra_bruto,pro_precio_venta,pro_margen_actual,pro_oferta,pro_fecha_inicio_oferta,pro_fecha_termino_oferta,pro_precio_oferta,pro_stock_minimo,pro_stock_critico,pro_entradas_bodega,pro_salidas_bodega,pro_mermas_bodega,pro_ajustes_bodega,pro_entradas_sv,pro_salidas_sv,pro_mermas_sv,pro_ajustes_sv,pro_activo,rec_numero,pro_unidad,pro_capacidad,pro_consumo_bodega,pro_consumo_sv,pro_estado,pro_funcion_plu,pro_flejes,pro_iva,pro_plu_asociado,pro_envase,pro_duracion,pro_numero_etiqueta) VALUES (780721165,@@@880099@@@,@@@0@@@,@@@ENCENDEDOR BEN@@@,@@@ENCENDEDOR BEN@@@,@@@1 @@@,@@@3 @@@,@@@0@@@,@@@38 @@@,@@@179@@@,@@@1909@@@,@@@0@@@,@@@0@@@,@@@2990@@@,@@@0@@@,@@@@@@,@@@2013.06.13@@@,@@@2013.06.13@@@,@@@0@@@,@@@0@@@,@@@0@@@,@@@0@@@,@@@0@@@,@@@0@@@,@@@0@@@,@@@0@@@,@@@0@@@,@@@0@@@,@@@0@@@,@@@1@@@,@@@0@@@,0,1,0,0,2,0,1,1,0,@@@NO@@@,0,0)','',2,'2013-06-13'),(25880,'DELETE FROM mae_impuestos_productos WHERE pro_codigo_plu=@@@780721165@@@','',2,'2013-06-13'),(25881,'INSERT INTO gne_vale_ferreteria (vfe_id,vfe_fecha,vfe_total,vfe_estado,vfe_entregado,usu_nusuario) VALUES (2302,@@@2013.06.13@@@,450,1,0,@@@G_DIAZ@@@)','',2,'2013-06-13'),(25882,'INSERT INTO gne_vale_ferreteria_mov (vfe_id,pro_codigo_plu,vfm_cantidad,vfm_unitario,vfm_total,vfm_entregado) VALUES (2302,763838,1,450,450,@@@NO@@@)','',2,'2013-06-13'),(25883,'INSERT INTO mae_productos (pro_codigo_plu,pro_codigo_barra,pro_tipo,pro_nombre_producto,pro_nombre_corto,med_id,emb_id,pro_unidades_embalaje,dep_id,lin_id,mar_id,pro_precio_compra_neto,pro_precio_compra_bruto,pro_precio_venta,pro_margen_actual,pro_oferta,pro_fecha_inicio_oferta,pro_fecha_termino_oferta,pro_precio_oferta,pro_stock_minimo,pro_stock_critico,pro_entradas_bodega,pro_salidas_bodega,pro_mermas_bodega,pro_ajustes_bodega,pro_entradas_sv,pro_salidas_sv,pro_mermas_sv,pro_ajustes_sv,pro_activo,rec_numero,pro_unidad,pro_capacidad,pro_consumo_bodega,pro_consumo_sv,pro_estado,pro_funcion_plu,pro_flejes,pro_iva,pro_plu_asociado,pro_envase,pro_duracion,pro_numero_etiqueta) VALUES (780721166,@@@880070@@@,@@@0@@@,@@@ENCENDEDOR BENCINERO@@@,@@@ENCENDEDOR BENCI@@@,@@@1 @@@,@@@3 @@@,@@@0@@@,@@@38 @@@,@@@180@@@,@@@1909@@@,@@@0@@@,@@@0@@@,@@@2190@@@,@@@0@@@,@@@@@@,@@@2013.06.13@@@,@@@2013.06.13@@@,@@@0@@@,@@@0@@@,@@@0@@@,@@@0@@@,@@@0@@@,@@@0@@@,@@@0@@@,@@@0@@@,@@@0@@@,@@@0@@@,@@@0@@@,@@@1@@@,@@@0@@@,0,1,0,0,2,0,1,1,0,@@@NO@@@,0,0)','',2,'2013-06-13'),(25884,'DELETE FROM mae_impuestos_productos WHERE pro_codigo_plu=@@@780721166@@@','',2,'2013-06-13'),(25885,'INSERT INTO mae_productos (pro_codigo_plu,pro_codigo_barra,pro_tipo,pro_nombre_producto,pro_nombre_corto,med_id,emb_id,pro_unidades_embalaje,dep_id,lin_id,mar_id,pro_precio_compra_neto,pro_precio_compra_bruto,pro_precio_venta,pro_margen_actual,pro_oferta,pro_fecha_inicio_oferta,pro_fecha_termino_oferta,pro_precio_oferta,pro_stock_minimo,pro_stock_critico,pro_entradas_bodega,pro_salidas_bodega,pro_mermas_bodega,pro_ajustes_bodega,pro_entradas_sv,pro_salidas_sv,pro_mermas_sv,pro_ajustes_sv,pro_activo,rec_numero,pro_unidad,pro_capacidad,pro_consumo_bodega,pro_consumo_sv,pro_estado,pro_funcion_plu,pro_flejes,pro_iva,pro_plu_asociado,pro_envase,pro_duracion,pro_numero_etiqueta) VALUES (780721167,@@@33112@@@,@@@0@@@,@@@ADORNO CAJA METAL@@@,@@@ADORNO CAJA META@@@,@@@1 @@@,@@@3 @@@,@@@0@@@,@@@38 @@@,@@@179@@@,@@@1909@@@,@@@0@@@,@@@0@@@,@@@1990@@@,@@@0@@@,@@@@@@,@@@2013.06.13@@@,@@@2013.06.13@@@,@@@0@@@,@@@0@@@,@@@0@@@,@@@0@@@,@@@0@@@,@@@0@@@,@@@0@@@,@@@0@@@,@@@0@@@,@@@0@@@,@@@0@@@,@@@1@@@,@@@0@@@,0,1,0,0,2,0,1,1,0,@@@NO@@@,0,0)','',2,'2013-06-13'),(25886,'DELETE FROM mae_impuestos_productos WHERE pro_codigo_plu=@@@780721167@@@','',2,'2013-06-13'),(25887,'INSERT INTO mae_productos (pro_codigo_plu,pro_codigo_barra,pro_tipo,pro_nombre_producto,pro_nombre_corto,med_id,emb_id,pro_unidades_embalaje,dep_id,lin_id,mar_id,pro_precio_compra_neto,pro_precio_compra_bruto,pro_precio_venta,pro_margen_actual,pro_oferta,pro_fecha_inicio_oferta,pro_fecha_termino_oferta,pro_precio_oferta,pro_stock_minimo,pro_stock_critico,pro_entradas_bodega,pro_salidas_bodega,pro_mermas_bodega,pro_ajustes_bodega,pro_entradas_sv,pro_salidas_sv,pro_mermas_sv,pro_ajustes_sv,pro_activo,rec_numero,pro_unidad,pro_capacidad,pro_consumo_bodega,pro_consumo_sv,pro_estado,pro_funcion_plu,pro_flejes,pro_iva,pro_plu_asociado,pro_envase,pro_duracion,pro_numero_etiqueta) VALUES (780721168,@@@33109@@@,@@@0@@@,@@@ADORNO CAJA MERAL@@@,@@@ADORNO CAJA MERA@@@,@@@1 @@@,@@@3 @@@,@@@0@@@,@@@38 @@@,@@@179@@@,@@@1909@@@,@@@0@@@,@@@0@@@,@@@2590@@@,@@@0@@@,@@@@@@,@@@2013.06.13@@@,@@@2013.06.13@@@,@@@0@@@,@@@0@@@,@@@0@@@,@@@0@@@,@@@0@@@,@@@0@@@,@@@0@@@,@@@0@@@,@@@0@@@,@@@0@@@,@@@0@@@,@@@1@@@,@@@0@@@,0,1,0,0,2,0,1,1,0,@@@NO@@@,0,0)','',2,'2013-06-13'),(25888,'DELETE FROM mae_impuestos_productos WHERE pro_codigo_plu=@@@780721168@@@','',2,'2013-06-13'),(25889,'INSERT INTO mae_productos (pro_codigo_plu,pro_codigo_barra,pro_tipo,pro_nombre_producto,pro_nombre_corto,med_id,emb_id,pro_unidades_embalaje,dep_id,lin_id,mar_id,pro_precio_compra_neto,pro_precio_compra_bruto,pro_precio_venta,pro_margen_actual,pro_oferta,pro_fecha_inicio_oferta,pro_fecha_termino_oferta,pro_precio_oferta,pro_stock_minimo,pro_stock_critico,pro_entradas_bodega,pro_salidas_bodega,pro_mermas_bodega,pro_ajustes_bodega,pro_entradas_sv,pro_salidas_sv,pro_mermas_sv,pro_ajustes_sv,pro_activo,rec_numero,pro_unidad,pro_capacidad,pro_consumo_bodega,pro_consumo_sv,pro_estado,pro_funcion_plu,pro_flejes,pro_iva,pro_plu_asociado,pro_envase,pro_duracion,pro_numero_etiqueta) VALUES (780721169,@@@33113@@@,@@@0@@@,@@@ADORNO METAL@@@,@@@ADORNO METAL@@@,@@@1 @@@,@@@3 @@@,@@@0@@@,@@@38 @@@,@@@179@@@,@@@1909@@@,@@@0@@@,@@@0@@@,@@@1990@@@,@@@0@@@,@@@@@@,@@@2013.06.13@@@,@@@2013.06.13@@@,@@@0@@@,@@@0@@@,@@@0@@@,@@@0@@@,@@@0@@@,@@@0@@@,@@@0@@@,@@@0@@@,@@@0@@@,@@@0@@@,@@@0@@@,@@@1@@@,@@@0@@@,0,1,0,0,2,0,1,1,0,@@@NO@@@,0,0)','',2,'2013-06-13'),(25890,'DELETE FROM mae_impuestos_productos WHERE pro_codigo_plu=@@@780721169@@@','',2,'2013-06-13'),(25891,'INSERT INTO gne_vale_ferreteria (vfe_id,vfe_fecha,vfe_total,vfe_estado,vfe_entregado,usu_nusuario) VALUES (2303,@@@2013.06.13@@@,540,1,0,@@@G_DIAZ@@@)','',2,'2013-06-13'),(25892,'INSERT INTO gne_vale_ferreteria_mov (vfe_id,pro_codigo_plu,vfm_cantidad,vfm_unitario,vfm_total,vfm_entregado) VALUES (2303,78017194,1,200,200,@@@NO@@@)','',2,'2013-06-13'),(25893,'INSERT INTO gne_vale_ferreteria_mov (vfe_id,pro_codigo_plu,vfm_cantidad,vfm_unitario,vfm_total,vfm_entregado) VALUES (2303,763783,1,220,220,@@@NO@@@)','',2,'2013-06-13'),(25894,'INSERT INTO gne_vale_ferreteria_mov (vfe_id,pro_codigo_plu,vfm_cantidad,vfm_unitario,vfm_total,vfm_entregado) VALUES (2303,78017204,1,120,120,@@@NO@@@)','',2,'2013-06-13'),(25895,'INSERT INTO mae_productos (pro_codigo_plu,pro_codigo_barra,pro_tipo,pro_nombre_producto,pro_nombre_corto,med_id,emb_id,pro_unidades_embalaje,dep_id,lin_id,mar_id,pro_precio_compra_neto,pro_precio_compra_bruto,pro_precio_venta,pro_margen_actual,pro_oferta,pro_fecha_inicio_oferta,pro_fecha_termino_oferta,pro_precio_oferta,pro_stock_minimo,pro_stock_critico,pro_entradas_bodega,pro_salidas_bodega,pro_mermas_bodega,pro_ajustes_bodega,pro_entradas_sv,pro_salidas_sv,pro_mermas_sv,pro_ajustes_sv,pro_activo,rec_numero,pro_unidad,pro_capacidad,pro_consumo_bodega,pro_consumo_sv,pro_estado,pro_funcion_plu,pro_flejes,pro_iva,pro_plu_asociado,pro_envase,pro_duracion,pro_numero_etiqueta) VALUES (780721170,@@@33085@@@,@@@0@@@,@@@REPUESTO MECHA Y PIEDRA@@@,@@@REPUESTO MECHA Y@@@,@@@1 @@@,@@@3 @@@,@@@0@@@,@@@38 @@@,@@@179@@@,@@@1909@@@,@@@0@@@,@@@0@@@,@@@490@@@,@@@0@@@,@@@@@@,@@@2013.06.13@@@,@@@2013.06.13@@@,@@@0@@@,@@@0@@@,@@@0@@@,@@@0@@@,@@@0@@@,@@@0@@@,@@@0@@@,@@@0@@@,@@@0@@@,@@@0@@@,@@@0@@@,@@@1@@@,@@@0@@@,0,1,0,0,2,0,1,1,0,@@@NO@@@,0,0)','',2,'2013-06-13'),(25896,'DELETE FROM mae_impuestos_productos WHERE pro_codigo_plu=@@@780721170@@@','',2,'2013-06-13'),(25897,'INSERT INTO mae_productos (pro_codigo_plu,pro_codigo_barra,pro_tipo,pro_nombre_producto,pro_nombre_corto,med_id,emb_id,pro_unidades_embalaje,dep_id,lin_id,mar_id,pro_precio_compra_neto,pro_precio_compra_bruto,pro_precio_venta,pro_margen_actual,pro_oferta,pro_fecha_inicio_oferta,pro_fecha_termino_oferta,pro_precio_oferta,pro_stock_minimo,pro_stock_critico,pro_entradas_bodega,pro_salidas_bodega,pro_mermas_bodega,pro_ajustes_bodega,pro_entradas_sv,pro_salidas_sv,pro_mermas_sv,pro_ajustes_sv,pro_activo,rec_numero,pro_unidad,pro_capacidad,pro_consumo_bodega,pro_consumo_sv,pro_estado,pro_funcion_plu,pro_flejes,pro_iva,pro_plu_asociado,pro_envase,pro_duracion,pro_numero_etiqueta) VALUES (780721171,@@@33118@@@,@@@0@@@,@@@BENC@@@,@@@BENC@@@,@@@1 @@@,@@@3 @@@,@@@0@@@,@@@38 @@@,@@@179@@@,@@@1909@@@,@@@0@@@,@@@0@@@,@@@1690@@@,@@@0@@@,@@@@@@,@@@2013.06.13@@@,@@@2013.06.13@@@,@@@0@@@,@@@0@@@,@@@0@@@,@@@0@@@,@@@0@@@,@@@0@@@,@@@0@@@,@@@0@@@,@@@0@@@,@@@0@@@,@@@0@@@,@@@1@@@,@@@0@@@,0,1,0,0,2,0,1,1,0,@@@NO@@@,0,0)','',2,'2013-06-13'),(25898,'DELETE FROM mae_impuestos_productos WHERE pro_codigo_plu=@@@780721171@@@','',2,'2013-06-13'),(25899,'INSERT INTO mae_productos (pro_codigo_plu,pro_codigo_barra,pro_tipo,pro_nombre_producto,pro_nombre_corto,med_id,emb_id,pro_unidades_embalaje,dep_id,lin_id,mar_id,pro_precio_compra_neto,pro_precio_compra_bruto,pro_precio_venta,pro_margen_actual,pro_oferta,pro_fecha_inicio_oferta,pro_fecha_termino_oferta,pro_precio_oferta,pro_stock_minimo,pro_stock_critico,pro_entradas_bodega,pro_salidas_bodega,pro_mermas_bodega,pro_ajustes_bodega,pro_entradas_sv,pro_salidas_sv,pro_mermas_sv,pro_ajustes_sv,pro_activo,rec_numero,pro_unidad,pro_capacidad,pro_consumo_bodega,pro_consumo_sv,pro_estado,pro_funcion_plu,pro_flejes,pro_iva,pro_plu_asociado,pro_envase,pro_duracion,pro_numero_etiqueta) VALUES (780721172,@@@50760@@@,@@@0@@@,@@@ADORNO CULLILLO@@@,@@@ADORNO CULLILLO@@@,@@@1 @@@,@@@3 @@@,@@@0@@@,@@@38 @@@,@@@179@@@,@@@1909@@@,@@@0@@@,@@@0@@@,@@@3290@@@,@@@0@@@,@@@@@@,@@@2013.06.13@@@,@@@2013.06.13@@@,@@@0@@@,@@@0@@@,@@@0@@@,@@@0@@@,@@@0@@@,@@@0@@@,@@@0@@@,@@@0@@@,@@@0@@@,@@@0@@@,@@@0@@@,@@@1@@@,@@@0@@@,0,1,0,0,2,0,1,1,0,@@@NO@@@,0,0)','',2,'2013-06-13'),(25900,'DELETE FROM mae_impuestos_productos WHERE pro_codigo_plu=@@@780721172@@@','',2,'2013-06-13'),(25901,'INSERT INTO gne_vale_ferreteria (vfe_id,vfe_fecha,vfe_total,vfe_estado,vfe_entregado,usu_nusuario) VALUES (2304,@@@2013.06.13@@@,1890,1,0,@@@G_DIAZ@@@)','',2,'2013-06-13'),(25902,'INSERT INTO gne_vale_ferreteria_mov (vfe_id,pro_codigo_plu,vfm_cantidad,vfm_unitario,vfm_total,vfm_entregado) VALUES (2304,763606,1,1890,1890,@@@NO@@@)','',2,'2013-06-13'),(25903,'UPDATE mae_productos SET pro_margen_actual=0,pro_precio_venta=2590 WHERE pro_codigo_plu=780721168','',2,'2013-06-13'),(25904,'UPDATE mae_productos SET pro_margen_actual=0,pro_precio_venta=1990 WHERE pro_codigo_plu=780721167','',2,'2013-06-13'),(25905,'UPDATE mae_productos SET pro_margen_actual=0,pro_precio_venta=3290 WHERE pro_codigo_plu=780721172','',2,'2013-06-13'),(25906,'UPDATE mae_productos SET pro_margen_actual=0,pro_precio_venta=1990 WHERE pro_codigo_plu=780721169','',2,'2013-06-13'),(25907,'UPDATE mae_productos SET pro_margen_actual=0,pro_precio_venta=1690 WHERE pro_codigo_plu=780721171','',2,'2013-06-13'),(25908,'UPDATE mae_productos SET pro_margen_actual=0,pro_precio_venta=2990 WHERE pro_codigo_plu=780721165','',2,'2013-06-13'),(25909,'UPDATE mae_productos SET pro_margen_actual=0,pro_precio_venta=2190 WHERE pro_codigo_plu=780721166','',2,'2013-06-13'),(25910,'UPDATE mae_productos SET pro_margen_actual=0,pro_precio_venta=490 WHERE pro_codigo_plu=780721170','',2,'2013-06-13'),(25911,'UPDATE mae_productos SET pro_precio_fiscal=pro_precio_venta WHERE pro_codigo_plu=780721170','',2,'2013-06-13'),(25912,'UPDATE mae_productos SET pro_precio_fiscal=pro_precio_venta WHERE pro_codigo_plu=780721168','',2,'2013-06-13'),(25913,'UPDATE mae_productos SET pro_precio_fiscal=pro_precio_venta WHERE pro_codigo_plu=780721167','',2,'2013-06-13'),(25914,'UPDATE mae_productos SET pro_precio_fiscal=pro_precio_venta WHERE pro_codigo_plu=780721169','',2,'2013-06-13'),(25915,'UPDATE mae_productos SET pro_precio_fiscal=pro_precio_venta WHERE pro_codigo_plu=780721171','',2,'2013-06-13'),(25916,'UPDATE mae_productos SET pro_precio_fiscal=pro_precio_venta WHERE pro_codigo_plu=780721172','',2,'2013-06-13'),(25917,'UPDATE mae_productos SET pro_precio_fiscal=pro_precio_venta WHERE pro_codigo_plu=780721166','',2,'2013-06-13'),(25918,'UPDATE mae_productos SET pro_precio_fiscal=pro_precio_venta WHERE pro_codigo_plu=780721165','',2,'2013-06-13'),(25919,'INSERT INTO gne_vale_ferreteria (vfe_id,vfe_fecha,vfe_total,vfe_estado,vfe_entregado,usu_nusuario) VALUES (2305,@@@2013.06.13@@@,220,1,0,@@@G_DIAZ@@@)','',2,'2013-06-13'),(25920,'INSERT INTO gne_vale_ferreteria_mov (vfe_id,pro_codigo_plu,vfm_cantidad,vfm_unitario,vfm_total,vfm_entregado) VALUES (2305,780220106,1,220,220,@@@NO@@@)','',2,'2013-06-13'),(25921,'INSERT INTO gne_vale_ferreteria (vfe_id,vfe_fecha,vfe_total,vfe_estado,vfe_entregado,usu_nusuario) VALUES (2306,@@@2013.06.13@@@,220,1,0,@@@G_DIAZ@@@)','',2,'2013-06-13'),(25922,'INSERT INTO gne_vale_ferreteria_mov (vfe_id,pro_codigo_plu,vfm_cantidad,vfm_unitario,vfm_total,vfm_entregado) VALUES (2306,780220106,1,220,220,@@@NO@@@)','',2,'2013-06-13'),(25923,'INSERT INTO gne_vale_ferreteria (vfe_id,vfe_fecha,vfe_total,vfe_estado,vfe_entregado,usu_nusuario) VALUES (2307,@@@2013.06.13@@@,1200,1,0,@@@G_DIAZ@@@)','',2,'2013-06-13'),(25924,'INSERT INTO gne_vale_ferreteria_mov (vfe_id,pro_codigo_plu,vfm_cantidad,vfm_unitario,vfm_total,vfm_entregado) VALUES (2307,764826,2,250,500,@@@NO@@@)','',2,'2013-06-13'),(25925,'INSERT INTO gne_vale_ferreteria_mov (vfe_id,pro_codigo_plu,vfm_cantidad,vfm_unitario,vfm_total,vfm_entregado) VALUES (2307,764571,7,100,700,@@@NO@@@)','',2,'2013-06-13'),(25926,'INSERT INTO gne_vale_ferreteria (vfe_id,vfe_fecha,vfe_total,vfe_estado,vfe_entregado,usu_nusuario) VALUES (2308,@@@2013.06.13@@@,150,1,0,@@@G_DIAZ@@@)','',2,'2013-06-13'),(25927,'INSERT INTO gne_vale_ferreteria_mov (vfe_id,pro_codigo_plu,vfm_cantidad,vfm_unitario,vfm_total,vfm_entregado) VALUES (2308,763595,1,150,150,@@@NO@@@)','',2,'2013-06-13'),(25928,'INSERT INTO mae_productos (pro_codigo_plu,pro_codigo_barra,pro_tipo,pro_nombre_producto,pro_nombre_corto,med_id,emb_id,pro_unidades_embalaje,dep_id,lin_id,mar_id,pro_precio_compra_neto,pro_precio_compra_bruto,pro_precio_venta,pro_margen_actual,pro_oferta,pro_fecha_inicio_oferta,pro_fecha_termino_oferta,pro_precio_oferta,pro_stock_minimo,pro_stock_critico,pro_entradas_bodega,pro_salidas_bodega,pro_mermas_bodega,pro_ajustes_bodega,pro_entradas_sv,pro_salidas_sv,pro_mermas_sv,pro_ajustes_sv,pro_activo,rec_numero,pro_unidad,pro_capacidad,pro_consumo_bodega,pro_consumo_sv,pro_estado,pro_funcion_plu,pro_flejes,pro_iva,pro_plu_asociado,pro_envase,pro_duracion,pro_numero_etiqueta) VALUES (780721173,@@@7802710343506@@@,@@@0@@@,@@@DANKY CONO SAHNE-NUSS@@@,@@@DANKY CONO SAHNE@@@,@@@1 @@@,@@@3 @@@,@@@0@@@,@@@20 @@@,@@@109@@@,@@@22@@@,@@@0@@@,@@@0@@@,@@@990@@@,@@@0@@@,@@@@@@,@@@2013.06.13@@@,@@@2013.06.13@@@,@@@0@@@,@@@0@@@,@@@0@@@,@@@0@@@,@@@0@@@,@@@0@@@,@@@0@@@,@@@0@@@,@@@0@@@,@@@0@@@,@@@0@@@,@@@1@@@,@@@0@@@,0,1,0,0,2,0,1,1,0,@@@NO@@@,0,0)','',2,'2013-06-13'),(25929,'DELETE FROM mae_impuestos_productos WHERE pro_codigo_plu=@@@780721173@@@','',2,'2013-06-13'),(25930,'INSERT INTO mae_productos (pro_codigo_plu,pro_codigo_barra,pro_tipo,pro_nombre_producto,pro_nombre_corto,med_id,emb_id,pro_unidades_embalaje,dep_id,lin_id,mar_id,pro_precio_compra_neto,pro_precio_compra_bruto,pro_precio_venta,pro_margen_actual,pro_oferta,pro_fecha_inicio_oferta,pro_fecha_termino_oferta,pro_precio_oferta,pro_stock_minimo,pro_stock_critico,pro_entradas_bodega,pro_salidas_bodega,pro_mermas_bodega,pro_ajustes_bodega,pro_entradas_sv,pro_salidas_sv,pro_mermas_sv,pro_ajustes_sv,pro_activo,rec_numero,pro_unidad,pro_capacidad,pro_consumo_bodega,pro_consumo_sv,pro_estado,pro_funcion_plu,pro_flejes,pro_iva,pro_plu_asociado,pro_envase,pro_duracion,pro_numero_etiqueta) VALUES (780721174,@@@7801505000440@@@,@@@0@@@,@@@AZUCAR ESTANCIA 5KG@@@,@@@AZUCAR ESTANCIA @@@,@@@1 @@@,@@@3 @@@,@@@0@@@,@@@1 @@@,@@@151@@@,@@@2527@@@,@@@0@@@,@@@0@@@,@@@3290@@@,@@@0@@@,@@@@@@,@@@2013.06.13@@@,@@@2013.06.13@@@,@@@0@@@,@@@0@@@,@@@0@@@,@@@0@@@,@@@0@@@,@@@0@@@,@@@0@@@,@@@0@@@,@@@0@@@,@@@0@@@,@@@0@@@,@@@1@@@,@@@0@@@,0,1,0,0,2,0,1,1,0,@@@NO@@@,0,0)','',2,'2013-06-13'),(25931,'DELETE FROM mae_impuestos_productos WHERE pro_codigo_plu=@@@780721174@@@','',2,'2013-06-13'),(25932,'INSERT INTO gne_vale_ferreteria (vfe_id,vfe_fecha,vfe_total,vfe_estado,vfe_entregado,usu_nusuario) VALUES (2309,@@@2013.06.13@@@,300,1,0,@@@G_DIAZ@@@)','',2,'2013-06-13'),(25933,'INSERT INTO gne_vale_ferreteria_mov (vfe_id,pro_codigo_plu,vfm_cantidad,vfm_unitario,vfm_total,vfm_entregado) VALUES (2309,2004,1,300,300,@@@NO@@@)','',2,'2013-06-13'),(25934,'INSERT INTO gne_vale_ferreteria (vfe_id,vfe_fecha,vfe_total,vfe_estado,vfe_entregado,usu_nusuario) VALUES (2310,@@@2013.06.13@@@,590,1,0,@@@G_DIAZ@@@)','',2,'2013-06-13'),(25935,'INSERT INTO gne_vale_ferreteria_mov (vfe_id,pro_codigo_plu,vfm_cantidad,vfm_unitario,vfm_total,vfm_entregado) VALUES (2310,780220195,1,590,590,@@@NO@@@)','',2,'2013-06-13'),(25936,'INSERT INTO gne_vale_ferreteria (vfe_id,vfe_fecha,vfe_total,vfe_estado,vfe_entregado,usu_nusuario) VALUES (2311,@@@2013.06.13@@@,710,1,0,@@@G_DIAZ@@@)','',2,'2013-06-13'),(25937,'INSERT INTO gne_vale_ferreteria_mov (vfe_id,pro_codigo_plu,vfm_cantidad,vfm_unitario,vfm_total,vfm_entregado) VALUES (2311,8022,1,120,120,@@@NO@@@)','',2,'2013-06-13'),(25938,'INSERT INTO gne_vale_ferreteria_mov (vfe_id,pro_codigo_plu,vfm_cantidad,vfm_unitario,vfm_total,vfm_entregado) VALUES (2311,780220195,1,590,590,@@@NO@@@)','',2,'2013-06-13'),(25939,'UPDATE mae_productos SET pro_codigo_barra=@@@7802920801254@@@,pro_tipo=@@@0@@@,pro_nombre_producto=@@@NECTAR COLUN NARANJA 200 CC@@@,pro_nombre_corto=@@@NECTAR COLUN NAR@@@,med_id=@@@1@@@,emb_id=@@@4@@@,pro_unidades_embalaje=@@@24@@@,dep_id=@@@8 @@@,lin_id=@@@64@@@,mar_id=@@@1004@@@,pro_precio_compra_neto=@@@0@@@,pro_precio_compra_bruto=@@@0@@@,pro_precio_venta=@@@200@@@,pro_margen_actual=@@@0@@@,pro_oferta=@@@NO@@@,pro_fecha_inicio_oferta=@@@1900.01.01@@@,pro_fecha_termino_oferta=@@@1900.01.01@@@,pro_precio_oferta=@@@0@@@,pro_stock_minimo=@@@0@@@,pro_stock_critico=@@@0@@@,pro_activo=@@@1@@@,pro_unidad=@@@0@@@,pro_precio_compra_bruto=0,pro_margen_actual=0,pro_capacidad=0.2,pro_funcion_plu=0,pro_flejes=1,pro_iva=1,pro_plu_asociado=0,pro_envase=@@@NO@@@,pro_duracion=0,pro_numero_etiqueta=0 WHERE pro_codigo_plu=@@@18268@@@','',2,'2013-06-13'),(25940,'UPDATE mae_productos SET pro_estado=1 WHERE pro_codigo_plu=18268','',2,'2013-06-13'),(25941,'DELETE FROM mae_impuestos_productos WHERE pro_codigo_plu=@@@18268@@@','',2,'2013-06-13'),(25942,'UPDATE mae_productos SET pro_codigo_barra=@@@7802920002033@@@,pro_tipo=@@@0@@@,pro_nombre_producto=@@@NECTAR COLUN DAMASCO 200 CC@@@,pro_nombre_corto=@@@NECTAR COLUN DAM@@@,med_id=@@@6@@@,emb_id=@@@4@@@,pro_unidades_embalaje=@@@24@@@,dep_id=@@@8 @@@,lin_id=@@@64@@@,mar_id=@@@1004@@@,pro_precio_compra_neto=@@@0@@@,pro_precio_compra_bruto=@@@0@@@,pro_precio_venta=@@@200@@@,pro_margen_actual=@@@0@@@,pro_oferta=@@@NO@@@,pro_fecha_inicio_oferta=@@@2006.09.07@@@,pro_fecha_termino_oferta=@@@2006.09.07@@@,pro_precio_oferta=@@@0@@@,pro_stock_minimo=@@@24@@@,pro_stock_critico=@@@12@@@,pro_activo=@@@1@@@,pro_unidad=@@@0@@@,pro_precio_compra_bruto=0,pro_margen_actual=0,pro_capacidad=0.2,pro_funcion_plu=0,pro_flejes=1,pro_iva=1,pro_plu_asociado=0,pro_envase=@@@NO@@@,pro_duracion=0,pro_numero_etiqueta=0 WHERE pro_codigo_plu=@@@101340@@@','',2,'2013-06-13'),(25943,'UPDATE mae_productos SET pro_estado=1 WHERE pro_codigo_plu=101340','',2,'2013-06-13'),(25944,'DELETE FROM mae_impuestos_productos WHERE pro_codigo_plu=@@@101340@@@','',2,'2013-06-13'),(25945,'INSERT INTO mae_productos (pro_codigo_plu,pro_codigo_barra,pro_tipo,pro_nombre_producto,pro_nombre_corto,med_id,emb_id,pro_unidades_embalaje,dep_id,lin_id,mar_id,pro_precio_compra_neto,pro_precio_compra_bruto,pro_precio_venta,pro_margen_actual,pro_oferta,pro_fecha_inicio_oferta,pro_fecha_termino_oferta,pro_precio_oferta,pro_stock_minimo,pro_stock_critico,pro_entradas_bodega,pro_salidas_bodega,pro_mermas_bodega,pro_ajustes_bodega,pro_entradas_sv,pro_salidas_sv,pro_mermas_sv,pro_ajustes_sv,pro_activo,rec_numero,pro_unidad,pro_capacidad,pro_consumo_bodega,pro_consumo_sv,pro_estado,pro_funcion_plu,pro_flejes,pro_iva,pro_plu_asociado,pro_envase,pro_duracion,pro_numero_etiqueta) VALUES (780721175,@@@0898144@@@,@@@0@@@,@@@BILLETERA NEGRA HOMBRE CON BROCHE@@@,@@@BILLETERA HOMBRE@@@,@@@1 @@@,@@@3 @@@,@@@0@@@,@@@38 @@@,@@@180@@@,@@@2507@@@,@@@0@@@,@@@0@@@,@@@2790@@@,@@@0@@@,@@@@@@,@@@2013.06.13@@@,@@@2013.06.13@@@,@@@0@@@,@@@0@@@,@@@0@@@,@@@0@@@,@@@0@@@,@@@0@@@,@@@0@@@,@@@0@@@,@@@0@@@,@@@0@@@,@@@0@@@,@@@1@@@,@@@0@@@,0,1,0,0,2,0,1,1,0,@@@NO@@@,0,0)','',2,'2013-06-13'),(25946,'DELETE FROM mae_impuestos_productos WHERE pro_codigo_plu=@@@780721175@@@','',2,'2013-06-13'),(25947,'INSERT INTO gne_vale_ferreteria (vfe_id,vfe_fecha,vfe_total,vfe_estado,vfe_entregado,usu_nusuario) VALUES (2312,@@@2013.06.13@@@,100,1,0,@@@G_DIAZ@@@)','',2,'2013-06-13'),(25948,'INSERT INTO gne_vale_ferreteria_mov (vfe_id,pro_codigo_plu,vfm_cantidad,vfm_unitario,vfm_total,vfm_entregado) VALUES (2312,770000,2,50,100,@@@NO@@@)','',2,'2013-06-13'),(25949,'INSERT INTO gne_vale_ferreteria (vfe_id,vfe_fecha,vfe_total,vfe_estado,vfe_entregado,usu_nusuario) VALUES (2313,@@@2013.06.13@@@,1670,1,0,@@@G_DIAZ@@@)','',2,'2013-06-13'),(25950,'INSERT INTO gne_vale_ferreteria_mov (vfe_id,pro_codigo_plu,vfm_cantidad,vfm_unitario,vfm_total,vfm_entregado) VALUES (2313,764500,1,450,450,@@@NO@@@)','',2,'2013-06-13'),(25951,'INSERT INTO gne_vale_ferreteria_mov (vfe_id,pro_codigo_plu,vfm_cantidad,vfm_unitario,vfm_total,vfm_entregado) VALUES (2313,780220186,1,330,330,@@@NO@@@)','',2,'2013-06-13'),(25952,'INSERT INTO gne_vale_ferreteria_mov (vfe_id,pro_codigo_plu,vfm_cantidad,vfm_unitario,vfm_total,vfm_entregado) VALUES (2313,780721139,1,890,890,@@@NO@@@)','',2,'2013-06-13'),(25953,'INSERT INTO gne_vale_ferreteria (vfe_id,vfe_fecha,vfe_total,vfe_estado,vfe_entregado,usu_nusuario) VALUES (2314,@@@2013.06.13@@@,1490,1,0,@@@G_DIAZ@@@)','',2,'2013-06-13'),(25954,'INSERT INTO gne_vale_ferreteria_mov (vfe_id,pro_codigo_plu,vfm_cantidad,vfm_unitario,vfm_total,vfm_entregado) VALUES (2314,764564,1,1490,1490,@@@NO@@@)','',2,'2013-06-13'),(25955,'INSERT INTO mae_productos (pro_codigo_plu,pro_codigo_barra,pro_tipo,pro_nombre_producto,pro_nombre_corto,med_id,emb_id,pro_unidades_embalaje,dep_id,lin_id,mar_id,pro_precio_compra_neto,pro_precio_compra_bruto,pro_precio_venta,pro_margen_actual,pro_oferta,pro_fecha_inicio_oferta,pro_fecha_termino_oferta,pro_precio_oferta,pro_stock_minimo,pro_stock_critico,pro_entradas_bodega,pro_salidas_bodega,pro_mermas_bodega,pro_ajustes_bodega,pro_entradas_sv,pro_salidas_sv,pro_mermas_sv,pro_ajustes_sv,pro_activo,rec_numero,pro_unidad,pro_capacidad,pro_consumo_bodega,pro_consumo_sv,pro_estado,pro_funcion_plu,pro_flejes,pro_iva,pro_plu_asociado,pro_envase,pro_duracion,pro_numero_etiqueta) VALUES (780721176,@@@9788430300631@@@,@@@0@@@,@@@DICCIONARIO@@@,@@@DICCIONARIO@@@,@@@1 @@@,@@@3 @@@,@@@0@@@,@@@38 @@@,@@@179@@@,@@@2507@@@,@@@0@@@,@@@0@@@,@@@1450@@@,@@@0@@@,@@@@@@,@@@2013.06.13@@@,@@@2013.06.13@@@,@@@0@@@,@@@0@@@,@@@0@@@,@@@0@@@,@@@0@@@,@@@0@@@,@@@0@@@,@@@0@@@,@@@0@@@,@@@0@@@,@@@0@@@,@@@1@@@,@@@0@@@,0,0,0,0,2,0,1,1,0,@@@NO@@@,0,0)','',2,'2013-06-13'),(25956,'DELETE FROM mae_impuestos_productos WHERE pro_codigo_plu=@@@780721176@@@','',2,'2013-06-13'),(25957,'INSERT INTO gne_vale_ferreteria (vfe_id,vfe_fecha,vfe_total,vfe_estado,vfe_entregado,usu_nusuario) VALUES (2315,@@@2013.06.13@@@,2050,1,0,@@@G_DIAZ@@@)','',2,'2013-06-13'),(25958,'INSERT INTO gne_vale_ferreteria_mov (vfe_id,pro_codigo_plu,vfm_cantidad,vfm_unitario,vfm_total,vfm_entregado) VALUES (2315,780721176,1,1450,1450,@@@NO@@@)','',2,'2013-06-13'),(25959,'INSERT INTO gne_vale_ferreteria_mov (vfe_id,pro_codigo_plu,vfm_cantidad,vfm_unitario,vfm_total,vfm_entregado) VALUES (2315,78017176,3,200,600,@@@NO@@@)','',2,'2013-06-13'),(25960,'INSERT INTO gne_vale_ferreteria (vfe_id,vfe_fecha,vfe_total,vfe_estado,vfe_entregado,usu_nusuario) VALUES (2316,@@@2013.06.13@@@,920,1,0,@@@G_DIAZ@@@)','',2,'2013-06-13'),(25961,'INSERT INTO gne_vale_ferreteria_mov (vfe_id,pro_codigo_plu,vfm_cantidad,vfm_unitario,vfm_total,vfm_entregado) VALUES (2316,780220195,1,590,590,@@@NO@@@)','',2,'2013-06-13'),(25962,'INSERT INTO gne_vale_ferreteria_mov (vfe_id,pro_codigo_plu,vfm_cantidad,vfm_unitario,vfm_total,vfm_entregado) VALUES (2316,763588,1,330,330,@@@NO@@@)','',2,'2013-06-13'),(25963,'INSERT INTO gne_vale_ferreteria (vfe_id,vfe_fecha,vfe_total,vfe_estado,vfe_entregado,usu_nusuario) VALUES (2317,@@@2013.06.13@@@,1210,1,0,@@@G_DIAZ@@@)','',2,'2013-06-13'),(25964,'INSERT INTO gne_vale_ferreteria_mov (vfe_id,pro_codigo_plu,vfm_cantidad,vfm_unitario,vfm_total,vfm_entregado) VALUES (2317,764507,1,330,330,@@@NO@@@)','',2,'2013-06-13'),(25965,'INSERT INTO gne_vale_ferreteria_mov (vfe_id,pro_codigo_plu,vfm_cantidad,vfm_unitario,vfm_total,vfm_entregado) VALUES (2317,763582,1,550,550,@@@NO@@@)','',2,'2013-06-13'),(25966,'INSERT INTO gne_vale_ferreteria_mov (vfe_id,pro_codigo_plu,vfm_cantidad,vfm_unitario,vfm_total,vfm_entregado) VALUES (2317,763588,1,330,330,@@@NO@@@)','',2,'2013-06-13'),(25967,'INSERT INTO gne_vale_ferreteria (vfe_id,vfe_fecha,vfe_total,vfe_estado,vfe_entregado,usu_nusuario) VALUES (2318,@@@2013.06.13@@@,160,1,0,@@@G_DIAZ@@@)','',2,'2013-06-13'),(25968,'INSERT INTO gne_vale_ferreteria_mov (vfe_id,pro_codigo_plu,vfm_cantidad,vfm_unitario,vfm_total,vfm_entregado) VALUES (2318,770001,2,80,160,@@@NO@@@)','',2,'2013-06-13'),(25969,'INSERT INTO gne_vale_ferreteria (vfe_id,vfe_fecha,vfe_total,vfe_estado,vfe_entregado,usu_nusuario) VALUES (2319,@@@2013.06.13@@@,1120,1,0,@@@G_DIAZ@@@)','',2,'2013-06-13'),(25970,'INSERT INTO gne_vale_ferreteria_mov (vfe_id,pro_codigo_plu,vfm_cantidad,vfm_unitario,vfm_total,vfm_entregado) VALUES (2319,764766,2,120,240,@@@NO@@@)','',2,'2013-06-13'),(25971,'INSERT INTO gne_vale_ferreteria_mov (vfe_id,pro_codigo_plu,vfm_cantidad,vfm_unitario,vfm_total,vfm_entregado) VALUES (2319,763588,1,330,330,@@@NO@@@)','',2,'2013-06-13'),(25972,'INSERT INTO gne_vale_ferreteria_mov (vfe_id,pro_codigo_plu,vfm_cantidad,vfm_unitario,vfm_total,vfm_entregado) VALUES (2319,763582,1,550,550,@@@NO@@@)','',2,'2013-06-13'),(25973,'INSERT INTO gne_vale_ferreteria (vfe_id,vfe_fecha,vfe_total,vfe_estado,vfe_entregado,usu_nusuario) VALUES (2320,@@@2013.06.13@@@,330,1,0,@@@G_DIAZ@@@)','',2,'2013-06-13'),(25974,'INSERT INTO gne_vale_ferreteria_mov (vfe_id,pro_codigo_plu,vfm_cantidad,vfm_unitario,vfm_total,vfm_entregado) VALUES (2320,764507,1,330,330,@@@NO@@@)','',2,'2013-06-13'),(25975,'INSERT INTO gne_vale_ferreteria (vfe_id,vfe_fecha,vfe_total,vfe_estado,vfe_entregado,usu_nusuario) VALUES (2321,@@@2013.06.13@@@,490,1,0,@@@G_DIAZ@@@)','',2,'2013-06-13'),(25976,'INSERT INTO gne_vale_ferreteria_mov (vfe_id,pro_codigo_plu,vfm_cantidad,vfm_unitario,vfm_total,vfm_entregado) VALUES (2321,764508,1,490,490,@@@NO@@@)','',2,'2013-06-13'),(25977,'INSERT INTO gne_vale_ferreteria (vfe_id,vfe_fecha,vfe_total,vfe_estado,vfe_entregado,usu_nusuario) VALUES (2322,@@@2013.06.13@@@,1890,1,0,@@@G_DIAZ@@@)','',2,'2013-06-13'),(25978,'INSERT INTO gne_vale_ferreteria_mov (vfe_id,pro_codigo_plu,vfm_cantidad,vfm_unitario,vfm_total,vfm_entregado) VALUES (2322,763609,1,1890,1890,@@@NO@@@)','',2,'2013-06-13'),(25979,'INSERT INTO gne_vale_ferreteria (vfe_id,vfe_fecha,vfe_total,vfe_estado,vfe_entregado,usu_nusuario) VALUES (2323,@@@2013.06.13@@@,140,1,0,@@@G_DIAZ@@@)','',2,'2013-06-13'),(25980,'INSERT INTO gne_vale_ferreteria_mov (vfe_id,pro_codigo_plu,vfm_cantidad,vfm_unitario,vfm_total,vfm_entregado) VALUES (2323,764364,1,140,140,@@@NO@@@)','',2,'2013-06-13'),(25981,'INSERT INTO gne_vale_ferreteria (vfe_id,vfe_fecha,vfe_total,vfe_estado,vfe_entregado,usu_nusuario) VALUES (2324,@@@2013.06.13@@@,150,1,0,@@@G_DIAZ@@@)','',2,'2013-06-13'),(25982,'INSERT INTO gne_vale_ferreteria_mov (vfe_id,pro_codigo_plu,vfm_cantidad,vfm_unitario,vfm_total,vfm_entregado) VALUES (2324,770062,1,150,150,@@@NO@@@)','',2,'2013-06-13'),(25983,'INSERT INTO gne_vale_ferreteria (vfe_id,vfe_fecha,vfe_total,vfe_estado,vfe_entregado,usu_nusuario) VALUES (2325,@@@2013.06.13@@@,1380,1,0,@@@G_DIAZ@@@)','',2,'2013-06-13'),(25984,'INSERT INTO gne_vale_ferreteria_mov (vfe_id,pro_codigo_plu,vfm_cantidad,vfm_unitario,vfm_total,vfm_entregado) VALUES (2325,770091,2,690,1380,@@@NO@@@)','',2,'2013-06-13'),(25985,'INSERT INTO gne_vale_ferreteria (vfe_id,vfe_fecha,vfe_total,vfe_estado,vfe_entregado,usu_nusuario) VALUES (2326,@@@2013.06.13@@@,2140,1,0,@@@G_DIAZ@@@)','',2,'2013-06-13'),(25986,'INSERT INTO gne_vale_ferreteria_mov (vfe_id,pro_codigo_plu,vfm_cantidad,vfm_unitario,vfm_total,vfm_entregado) VALUES (2326,763804,1,790,790,@@@NO@@@)','',2,'2013-06-13'),(25987,'INSERT INTO gne_vale_ferreteria_mov (vfe_id,pro_codigo_plu,vfm_cantidad,vfm_unitario,vfm_total,vfm_entregado) VALUES (2326,763740,1,1350,1350,@@@NO@@@)','',2,'2013-06-13'),(25988,'INSERT INTO gne_vale_ferreteria (vfe_id,vfe_fecha,vfe_total,vfe_estado,vfe_entregado,usu_nusuario) VALUES (2327,@@@2013.06.13@@@,1890,1,0,@@@G_DIAZ@@@)','',2,'2013-06-13'),(25989,'INSERT INTO gne_vale_ferreteria_mov (vfe_id,pro_codigo_plu,vfm_cantidad,vfm_unitario,vfm_total,vfm_entregado) VALUES (2327,101623,1,1890,1890,@@@NO@@@)','',2,'2013-06-13'),(25990,'INSERT INTO gne_vale_ferreteria (vfe_id,vfe_fecha,vfe_total,vfe_estado,vfe_entregado,usu_nusuario) VALUES (2328,@@@2013.06.13@@@,390,1,0,@@@G_DIAZ@@@)','',2,'2013-06-13'),(25991,'INSERT INTO gne_vale_ferreteria_mov (vfe_id,pro_codigo_plu,vfm_cantidad,vfm_unitario,vfm_total,vfm_entregado) VALUES (2328,764820,1,390,390,@@@NO@@@)','',2,'2013-06-13'),(25992,'INSERT INTO gne_vale_ferreteria (vfe_id,vfe_fecha,vfe_total,vfe_estado,vfe_entregado,usu_nusuario) VALUES (2329,@@@2013.06.13@@@,890,1,0,@@@G_DIAZ@@@)','',2,'2013-06-13'),(25993,'INSERT INTO gne_vale_ferreteria_mov (vfe_id,pro_codigo_plu,vfm_cantidad,vfm_unitario,vfm_total,vfm_entregado) VALUES (2329,780721139,1,890,890,@@@NO@@@)','',2,'2013-06-13'),(25994,'INSERT INTO gne_vale_ferreteria (vfe_id,vfe_fecha,vfe_total,vfe_estado,vfe_entregado,usu_nusuario) VALUES (2330,@@@2013.06.13@@@,790,1,0,@@@G_DIAZ@@@)','',2,'2013-06-13'),(25995,'INSERT INTO gne_vale_ferreteria_mov (vfe_id,pro_codigo_plu,vfm_cantidad,vfm_unitario,vfm_total,vfm_entregado) VALUES (2330,101454,1,790,790,@@@NO@@@)','',2,'2013-06-13'),(25996,'INSERT INTO gne_vale_ferreteria (vfe_id,vfe_fecha,vfe_total,vfe_estado,vfe_entregado,usu_nusuario) VALUES (2331,@@@2013.06.13@@@,450,1,0,@@@G_DIAZ@@@)','',2,'2013-06-13'),(25997,'INSERT INTO gne_vale_ferreteria_mov (vfe_id,pro_codigo_plu,vfm_cantidad,vfm_unitario,vfm_total,vfm_entregado) VALUES (2331,764505,1,450,450,@@@NO@@@)','',2,'2013-06-13'),(25998,'INSERT INTO gne_vale_ferreteria (vfe_id,vfe_fecha,vfe_total,vfe_estado,vfe_entregado,usu_nusuario) VALUES (2332,@@@2013.06.13@@@,120,1,0,@@@G_DIAZ@@@)','',2,'2013-06-13'),(25999,'INSERT INTO gne_vale_ferreteria_mov (vfe_id,pro_codigo_plu,vfm_cantidad,vfm_unitario,vfm_total,vfm_entregado) VALUES (2332,8022,1,120,120,@@@NO@@@)','',2,'2013-06-13'),(26000,'INSERT INTO gne_vale_ferreteria (vfe_id,vfe_fecha,vfe_total,vfe_estado,vfe_entregado,usu_nusuario) VALUES (2333,@@@2013.06.13@@@,690,1,0,@@@G_DIAZ@@@)','',2,'2013-06-13'),(26001,'INSERT INTO gne_vale_ferreteria_mov (vfe_id,pro_codigo_plu,vfm_cantidad,vfm_unitario,vfm_total,vfm_entregado) VALUES (2333,15479,1,690,690,@@@NO@@@)','',2,'2013-06-13'),(26002,'INSERT INTO gne_vale_ferreteria (vfe_id,vfe_fecha,vfe_total,vfe_estado,vfe_entregado,usu_nusuario) VALUES (2334,@@@2013.06.13@@@,590,1,0,@@@G_DIAZ@@@)','',2,'2013-06-13'),(26003,'INSERT INTO gne_vale_ferreteria_mov (vfe_id,pro_codigo_plu,vfm_cantidad,vfm_unitario,vfm_total,vfm_entregado) VALUES (2334,780721129,1,590,590,@@@NO@@@)','',2,'2013-06-13'),(26004,'INSERT INTO gne_vale_ferreteria (vfe_id,vfe_fecha,vfe_total,vfe_estado,vfe_entregado,usu_nusuario) VALUES (2335,@@@2013.06.13@@@,550,1,0,@@@G_DIAZ@@@)','',2,'2013-06-13'),(26005,'INSERT INTO gne_vale_ferreteria_mov (vfe_id,pro_codigo_plu,vfm_cantidad,vfm_unitario,vfm_total,vfm_entregado) VALUES (2335,780721140,1,550,550,@@@NO@@@)','',2,'2013-06-13'),(26006,'INSERT INTO gne_vale_ferreteria (vfe_id,vfe_fecha,vfe_total,vfe_estado,vfe_entregado,usu_nusuario) VALUES (2336,@@@2013.06.13@@@,850,1,0,@@@G_DIAZ@@@)','',2,'2013-06-13'),(26007,'INSERT INTO gne_vale_ferreteria_mov (vfe_id,pro_codigo_plu,vfm_cantidad,vfm_unitario,vfm_total,vfm_entregado) VALUES (2336,8021,3,150,450,@@@NO@@@)','',2,'2013-06-13'),(26008,'INSERT INTO gne_vale_ferreteria_mov (vfe_id,pro_codigo_plu,vfm_cantidad,vfm_unitario,vfm_total,vfm_entregado) VALUES (2336,764583,1,250,250,@@@NO@@@)','',2,'2013-06-13'),(26009,'INSERT INTO gne_vale_ferreteria_mov (vfe_id,pro_codigo_plu,vfm_cantidad,vfm_unitario,vfm_total,vfm_entregado) VALUES (2336,763595,1,150,150,@@@NO@@@)','',2,'2013-06-13'),(26010,'INSERT INTO gne_vale_ferreteria (vfe_id,vfe_fecha,vfe_total,vfe_estado,vfe_entregado,usu_nusuario) VALUES (2337,@@@2013.06.13@@@,200,1,0,@@@G_DIAZ@@@)','',2,'2013-06-13'),(26011,'INSERT INTO gne_vale_ferreteria_mov (vfe_id,pro_codigo_plu,vfm_cantidad,vfm_unitario,vfm_total,vfm_entregado) VALUES (2337,1067,1,200,200,@@@NO@@@)','',2,'2013-06-13'),(26012,'INSERT INTO gne_vale_ferreteria (vfe_id,vfe_fecha,vfe_total,vfe_estado,vfe_entregado,usu_nusuario) VALUES (2338,@@@2013.06.13@@@,950,1,0,@@@G_DIAZ@@@)','',2,'2013-06-13'),(26013,'INSERT INTO gne_vale_ferreteria_mov (vfe_id,pro_codigo_plu,vfm_cantidad,vfm_unitario,vfm_total,vfm_entregado) VALUES (2338,20825,1,950,950,@@@NO@@@)','',2,'2013-06-13'),(26014,'INSERT INTO gne_vale_ferreteria (vfe_id,vfe_fecha,vfe_total,vfe_estado,vfe_entregado,usu_nusuario) VALUES (2339,@@@2013.06.13@@@,410,1,0,@@@G_DIAZ@@@)','',2,'2013-06-13'),(26015,'INSERT INTO gne_vale_ferreteria_mov (vfe_id,pro_codigo_plu,vfm_cantidad,vfm_unitario,vfm_total,vfm_entregado) VALUES (2339,16430,1,160,160,@@@NO@@@)','',2,'2013-06-13'),(26016,'INSERT INTO gne_vale_ferreteria_mov (vfe_id,pro_codigo_plu,vfm_cantidad,vfm_unitario,vfm_total,vfm_entregado) VALUES (2339,1066,1,130,130,@@@NO@@@)','',2,'2013-06-13'),(26017,'INSERT INTO gne_vale_ferreteria_mov (vfe_id,pro_codigo_plu,vfm_cantidad,vfm_unitario,vfm_total,vfm_entregado) VALUES (2339,78017204,1,120,120,@@@NO@@@)','',2,'2013-06-13'),(26018,'INSERT INTO gne_vale_ferreteria (vfe_id,vfe_fecha,vfe_total,vfe_estado,vfe_entregado,usu_nusuario) VALUES (2340,@@@2013.06.13@@@,2200,1,0,@@@G_DIAZ@@@)','',2,'2013-06-13'),(26019,'INSERT INTO gne_vale_ferreteria_mov (vfe_id,pro_codigo_plu,vfm_cantidad,vfm_unitario,vfm_total,vfm_entregado) VALUES (2340,763777,1,1150,1150,@@@NO@@@)','',2,'2013-06-13'),(26020,'INSERT INTO gne_vale_ferreteria_mov (vfe_id,pro_codigo_plu,vfm_cantidad,vfm_unitario,vfm_total,vfm_entregado) VALUES (2340,78016966,6,20,120,@@@NO@@@)','',2,'2013-06-13'),(26021,'INSERT INTO gne_vale_ferreteria_mov (vfe_id,pro_codigo_plu,vfm_cantidad,vfm_unitario,vfm_total,vfm_entregado) VALUES (2340,764505,1,450,450,@@@NO@@@)','',2,'2013-06-13'),(26022,'INSERT INTO gne_vale_ferreteria_mov (vfe_id,pro_codigo_plu,vfm_cantidad,vfm_unitario,vfm_total,vfm_entregado) VALUES (2340,764572,4,100,400,@@@NO@@@)','',2,'2013-06-13'),(26023,'INSERT INTO gne_vale_ferreteria_mov (vfe_id,pro_codigo_plu,vfm_cantidad,vfm_unitario,vfm_total,vfm_entregado) VALUES (2340,4080,2,40,80,@@@NO@@@)','',2,'2013-06-13'),(26024,'INSERT INTO gne_vale_ferreteria (vfe_id,vfe_fecha,vfe_total,vfe_estado,vfe_entregado,usu_nusuario) VALUES (2341,@@@2013.06.13@@@,150,1,0,@@@G_DIAZ@@@)','',2,'2013-06-13'),(26025,'INSERT INTO gne_vale_ferreteria_mov (vfe_id,pro_codigo_plu,vfm_cantidad,vfm_unitario,vfm_total,vfm_entregado) VALUES (2341,78017153,5,30,150,@@@NO@@@)','',2,'2013-06-13'),(26026,'INSERT INTO gne_vale_ferreteria (vfe_id,vfe_fecha,vfe_total,vfe_estado,vfe_entregado,usu_nusuario) VALUES (2342,@@@2013.06.13@@@,2490,1,0,@@@G_DIAZ@@@)','',2,'2013-06-13'),(26027,'INSERT INTO gne_vale_ferreteria_mov (vfe_id,pro_codigo_plu,vfm_cantidad,vfm_unitario,vfm_total,vfm_entregado) VALUES (2342,764753,1,2490,2490,@@@NO@@@)','',2,'2013-06-13'),(26028,'INSERT INTO gne_vale_ferreteria (vfe_id,vfe_fecha,vfe_total,vfe_estado,vfe_entregado,usu_nusuario) VALUES (2343,@@@2013.06.13@@@,200,1,0,@@@G_DIAZ@@@)','',2,'2013-06-13'),(26029,'INSERT INTO gne_vale_ferreteria_mov (vfe_id,pro_codigo_plu,vfm_cantidad,vfm_unitario,vfm_total,vfm_entregado) VALUES (2343,7052,1,200,200,@@@NO@@@)','',2,'2013-06-13'),(26030,'INSERT INTO gne_vale_ferreteria (vfe_id,vfe_fecha,vfe_total,vfe_estado,vfe_entregado,usu_nusuario) VALUES (2344,@@@2013.06.13@@@,990,1,0,@@@G_DIAZ@@@)','',2,'2013-06-13'),(26031,'INSERT INTO gne_vale_ferreteria_mov (vfe_id,pro_codigo_plu,vfm_cantidad,vfm_unitario,vfm_total,vfm_entregado) VALUES (2344,78016966,5,20,100,@@@NO@@@)','',2,'2013-06-13'),(26032,'INSERT INTO gne_vale_ferreteria_mov (vfe_id,pro_codigo_plu,vfm_cantidad,vfm_unitario,vfm_total,vfm_entregado) VALUES (2344,780721139,1,890,890,@@@NO@@@)','',2,'2013-06-13'),(26033,'INSERT INTO gne_vale_ferreteria (vfe_id,vfe_fecha,vfe_total,vfe_estado,vfe_entregado,usu_nusuario) VALUES (2345,@@@2013.06.13@@@,690,1,0,@@@G_DIAZ@@@)','',2,'2013-06-13'),(26034,'INSERT INTO gne_vale_ferreteria_mov (vfe_id,pro_codigo_plu,vfm_cantidad,vfm_unitario,vfm_total,vfm_entregado) VALUES (2345,101380,1,690,690,@@@NO@@@)','',2,'2013-06-13'),(26035,'INSERT INTO gne_vale_ferreteria (vfe_id,vfe_fecha,vfe_total,vfe_estado,vfe_entregado,usu_nusuario) VALUES (2346,@@@2013.06.13@@@,120,1,0,@@@G_DIAZ@@@)','',2,'2013-06-13'),(26036,'INSERT INTO gne_vale_ferreteria_mov (vfe_id,pro_codigo_plu,vfm_cantidad,vfm_unitario,vfm_total,vfm_entregado) VALUES (2346,8022,1,120,120,@@@NO@@@)','',2,'2013-06-13'),(26037,'INSERT INTO gne_vale_ferreteria (vfe_id,vfe_fecha,vfe_total,vfe_estado,vfe_entregado,usu_nusuario) VALUES (2347,@@@2013.06.13@@@,6570,1,0,@@@G_DIAZ@@@)','',2,'2013-06-13'),(26038,'INSERT INTO gne_vale_ferreteria_mov (vfe_id,pro_codigo_plu,vfm_cantidad,vfm_unitario,vfm_total,vfm_entregado) VALUES (2347,78016970,1,2990,2990,@@@NO@@@)','',2,'2013-06-13'),(26039,'INSERT INTO gne_vale_ferreteria_mov (vfe_id,pro_codigo_plu,vfm_cantidad,vfm_unitario,vfm_total,vfm_entregado) VALUES (2347,101563,1,1690,1690,@@@NO@@@)','',2,'2013-06-13'),(26040,'INSERT INTO gne_vale_ferreteria_mov (vfe_id,pro_codigo_plu,vfm_cantidad,vfm_unitario,vfm_total,vfm_entregado) VALUES (2347,20611,1,1890,1890,@@@NO@@@)','',2,'2013-06-13'),(26041,'INSERT INTO gne_vale_ferreteria (vfe_id,vfe_fecha,vfe_total,vfe_estado,vfe_entregado,usu_nusuario) VALUES (2348,@@@2013.06.13@@@,690,1,0,@@@G_DIAZ@@@)','',2,'2013-06-13'),(26042,'INSERT INTO gne_vale_ferreteria_mov (vfe_id,pro_codigo_plu,vfm_cantidad,vfm_unitario,vfm_total,vfm_entregado) VALUES (2348,765005,1,690,690,@@@NO@@@)','',2,'2013-06-13'),(26043,'INSERT INTO gne_vale_ferreteria (vfe_id,vfe_fecha,vfe_total,vfe_estado,vfe_entregado,usu_nusuario) VALUES (2349,@@@2013.06.13@@@,1400,1,0,@@@G_DIAZ@@@)','',2,'2013-06-13'),(26044,'INSERT INTO gne_vale_ferreteria_mov (vfe_id,pro_codigo_plu,vfm_cantidad,vfm_unitario,vfm_total,vfm_entregado) VALUES (2349,21116,1,620,620,@@@NO@@@)','',2,'2013-06-13'),(26045,'INSERT INTO gne_vale_ferreteria_mov (vfe_id,pro_codigo_plu,vfm_cantidad,vfm_unitario,vfm_total,vfm_entregado) VALUES (2349,780220186,1,330,330,@@@NO@@@)','',2,'2013-06-13'),(26046,'INSERT INTO gne_vale_ferreteria_mov (vfe_id,pro_codigo_plu,vfm_cantidad,vfm_unitario,vfm_total,vfm_entregado) VALUES (2349,764501,1,450,450,@@@NO@@@)','',2,'2013-06-13'),(26047,'INSERT INTO gne_vale_ferreteria (vfe_id,vfe_fecha,vfe_total,vfe_estado,vfe_entregado,usu_nusuario) VALUES (2350,@@@2013.06.13@@@,360,1,0,@@@G_DIAZ@@@)','',2,'2013-06-13'),(26048,'INSERT INTO gne_vale_ferreteria_mov (vfe_id,pro_codigo_plu,vfm_cantidad,vfm_unitario,vfm_total,vfm_entregado) VALUES (2350,78017191,9,40,360,@@@NO@@@)','',2,'2013-06-13'),(26049,'INSERT INTO gne_vale_ferreteria (vfe_id,vfe_fecha,vfe_total,vfe_estado,vfe_entregado,usu_nusuario) VALUES (2351,@@@2013.06.13@@@,1390,1,0,@@@G_DIAZ@@@)','',2,'2013-06-13'),(26050,'INSERT INTO gne_vale_ferreteria_mov (vfe_id,pro_codigo_plu,vfm_cantidad,vfm_unitario,vfm_total,vfm_entregado) VALUES (2351,764578,1,1390,1390,@@@NO@@@)','',2,'2013-06-13'),(26051,'INSERT INTO gne_vale_ferreteria (vfe_id,vfe_fecha,vfe_total,vfe_estado,vfe_entregado,usu_nusuario) VALUES (2352,@@@2013.06.13@@@,100,1,0,@@@G_DIAZ@@@)','',2,'2013-06-13'),(26052,'INSERT INTO gne_vale_ferreteria_mov (vfe_id,pro_codigo_plu,vfm_cantidad,vfm_unitario,vfm_total,vfm_entregado) VALUES (2352,78017005,1,100,100,@@@NO@@@)','',2,'2013-06-13'),(26053,'INSERT INTO gne_vale_ferreteria (vfe_id,vfe_fecha,vfe_total,vfe_estado,vfe_entregado,usu_nusuario) VALUES (2353,@@@2013.06.13@@@,390,1,0,@@@G_DIAZ@@@)','',2,'2013-06-13'),(26054,'INSERT INTO gne_vale_ferreteria_mov (vfe_id,pro_codigo_plu,vfm_cantidad,vfm_unitario,vfm_total,vfm_entregado) VALUES (2353,780220121,1,390,390,@@@NO@@@)','',2,'2013-06-13'),(26055,'UPDATE mae_productos SET pro_codigo_barra=@@@7806500793205@@@,pro_tipo=@@@0@@@,pro_nombre_producto=@@@BABYSEC PREMIUM M 24 UN.@@@,pro_nombre_corto=@@@BABYSEC PREMIUM@@@,med_id=@@@1@@@,emb_id=@@@3@@@,pro_unidades_embalaje=@@@1@@@,dep_id=@@@35 @@@,lin_id=@@@168@@@,mar_id=@@@1090@@@,pro_precio_compra_neto=@@@0@@@,pro_precio_compra_bruto=@@@0@@@,pro_precio_venta=@@@2990@@@,pro_margen_actual=@@@0@@@,pro_oferta=@@@NO@@@,pro_fecha_inicio_oferta=@@@2006.09.07@@@,pro_fecha_termino_oferta=@@@2006.09.07@@@,pro_precio_oferta=@@@0@@@,pro_stock_minimo=@@@16@@@,pro_stock_critico=@@@8@@@,pro_activo=@@@1@@@,pro_unidad=@@@0@@@,pro_precio_compra_bruto=0,pro_margen_actual=0,pro_capacidad=1,pro_funcion_plu=0,pro_flejes=1,pro_iva=1,pro_plu_asociado=0,pro_envase=@@@NO@@@,pro_duracion=0,pro_numero_etiqueta=0 WHERE pro_codigo_plu=@@@102117@@@','',2,'2013-06-13'),(26056,'UPDATE mae_productos SET pro_estado=1 WHERE pro_codigo_plu=102117','',2,'2013-06-13'),(26057,'DELETE FROM mae_impuestos_productos WHERE pro_codigo_plu=@@@102117@@@','',2,'2013-06-13'),(26058,'UPDATE mae_productos SET pro_codigo_barra=@@@7806500961680@@@,pro_tipo=@@@0@@@,pro_nombre_producto=@@@TOALLA H. LADYSOFT BASICA  NORMAL CON ALAS@@@,pro_nombre_corto=@@@TOALLA H. LADYSO@@@,med_id=@@@1@@@,emb_id=@@@3@@@,pro_unidades_embalaje=@@@48@@@,dep_id=@@@35 @@@,lin_id=@@@169@@@,mar_id=@@@1074@@@,pro_precio_compra_neto=@@@0@@@,pro_precio_compra_bruto=@@@0@@@,pro_precio_venta=@@@430@@@,pro_margen_actual=@@@0@@@,pro_oferta=@@@NO@@@,pro_fecha_inicio_oferta=@@@1900.01.01@@@,pro_fecha_termino_oferta=@@@1900.01.01@@@,pro_precio_oferta=@@@0@@@,pro_stock_minimo=@@@48@@@,pro_stock_critico=@@@16@@@,pro_activo=@@@1@@@,pro_unidad=@@@0@@@,pro_precio_compra_bruto=0,pro_margen_actual=0,pro_capacidad=1,pro_funcion_plu=0,pro_flejes=1,pro_iva=1,pro_plu_asociado=0,pro_envase=@@@NO@@@,pro_duracion=0,pro_numero_etiqueta=0 WHERE pro_codigo_plu=@@@16664@@@','',2,'2013-06-13'),(26059,'UPDATE mae_productos SET pro_estado=1 WHERE pro_codigo_plu=16664','',2,'2013-06-13'),(26060,'DELETE FROM mae_impuestos_productos WHERE pro_codigo_plu=@@@16664@@@','',2,'2013-06-13'),(26061,'INSERT INTO gne_vale_ferreteria (vfe_id,vfe_fecha,vfe_total,vfe_estado,vfe_entregado,usu_nusuario) VALUES (2354,@@@2013.06.13@@@,10980,1,0,@@@G_DIAZ@@@)','',2,'2013-06-13'),(26062,'INSERT INTO gne_vale_ferreteria_mov (vfe_id,pro_codigo_plu,vfm_cantidad,vfm_unitario,vfm_total,vfm_entregado) VALUES (2354,14178,1,8990,8990,@@@NO@@@)','',2,'2013-06-13'),(26063,'INSERT INTO gne_vale_ferreteria_mov (vfe_id,pro_codigo_plu,vfm_cantidad,vfm_unitario,vfm_total,vfm_entregado) VALUES (2354,7653,1,1990,1990,@@@NO@@@)','',2,'2013-06-13'),(26064,'INSERT INTO gne_vale_ferreteria (vfe_id,vfe_fecha,vfe_total,vfe_estado,vfe_entregado,usu_nusuario) VALUES (2355,@@@2013.06.13@@@,150,1,0,@@@G_DIAZ@@@)','',2,'2013-06-13'),(26065,'INSERT INTO gne_vale_ferreteria_mov (vfe_id,pro_codigo_plu,vfm_cantidad,vfm_unitario,vfm_total,vfm_entregado) VALUES (2355,770062,1,150,150,@@@NO@@@)','',2,'2013-06-13'),(26066,'INSERT INTO gne_vale_ferreteria (vfe_id,vfe_fecha,vfe_total,vfe_estado,vfe_entregado,usu_nusuario) VALUES (2356,@@@2013.06.13@@@,240,1,0,@@@G_DIAZ@@@)','',2,'2013-06-13'),(26067,'INSERT INTO gne_vale_ferreteria_mov (vfe_id,pro_codigo_plu,vfm_cantidad,vfm_unitario,vfm_total,vfm_entregado) VALUES (2356,780721125,2,120,240,@@@NO@@@)','',2,'2013-06-13'),(26068,'INSERT INTO gne_vale_ferreteria (vfe_id,vfe_fecha,vfe_total,vfe_estado,vfe_entregado,usu_nusuario) VALUES (2357,@@@2013.06.13@@@,200,1,0,@@@G_DIAZ@@@)','',2,'2013-06-13'),(26069,'INSERT INTO gne_vale_ferreteria_mov (vfe_id,pro_codigo_plu,vfm_cantidad,vfm_unitario,vfm_total,vfm_entregado) VALUES (2357,764572,2,100,200,@@@NO@@@)','',2,'2013-06-13'),(26070,'UPDATE mae_productos SET pro_precio_fiscal=pro_precio_venta WHERE pro_codigo_plu=780721175','',2,'2013-06-13'),(26071,'UPDATE mae_productos SET pro_precio_fiscal=pro_precio_venta WHERE pro_codigo_plu=780721174','',2,'2013-06-13'),(26072,'UPDATE mae_productos SET pro_precio_fiscal=pro_precio_venta WHERE pro_codigo_plu=780721173','',2,'2013-06-13'),(26073,'UPDATE mae_productos SET pro_precio_fiscal=pro_precio_venta WHERE pro_codigo_plu=101340','',2,'2013-06-13'),(26074,'UPDATE mae_productos SET pro_precio_fiscal=pro_precio_venta WHERE pro_codigo_plu=18268','',2,'2013-06-13'),(26075,'UPDATE mae_productos SET pro_precio_fiscal=pro_precio_venta WHERE pro_codigo_plu=102117','',2,'2013-06-13'),(26076,'UPDATE mae_productos SET pro_precio_fiscal=pro_precio_venta WHERE pro_codigo_plu=16664','',2,'2013-06-13'),(26077,'UPDATE mae_productos SET pro_precio_fiscal=pro_precio_venta WHERE pro_codigo_plu=780721176','',2,'2013-06-13'),(26078,'INSERT INTO gne_vale_ferreteria (vfe_id,vfe_fecha,vfe_total,vfe_estado,vfe_entregado,usu_nusuario) VALUES (2358,@@@2013.06.13@@@,2740,1,0,@@@G_DIAZ@@@)','',2,'2013-06-13'),(26079,'INSERT INTO gne_vale_ferreteria_mov (vfe_id,pro_codigo_plu,vfm_cantidad,vfm_unitario,vfm_total,vfm_entregado) VALUES (2358,764766,2,120,240,@@@NO@@@)','',2,'2013-06-13'),(26080,'INSERT INTO gne_vale_ferreteria_mov (vfe_id,pro_codigo_plu,vfm_cantidad,vfm_unitario,vfm_total,vfm_entregado) VALUES (2358,764507,1,330,330,@@@NO@@@)','',2,'2013-06-13'),(26081,'INSERT INTO gne_vale_ferreteria_mov (vfe_id,pro_codigo_plu,vfm_cantidad,vfm_unitario,vfm_total,vfm_entregado) VALUES (2358,765067,1,1290,1290,@@@NO@@@)','',2,'2013-06-13'),(26082,'INSERT INTO gne_vale_ferreteria_mov (vfe_id,pro_codigo_plu,vfm_cantidad,vfm_unitario,vfm_total,vfm_entregado) VALUES (2358,78017160,1,100,100,@@@NO@@@)','',2,'2013-06-13'),(26083,'INSERT INTO gne_vale_ferreteria_mov (vfe_id,pro_codigo_plu,vfm_cantidad,vfm_unitario,vfm_total,vfm_entregado) VALUES (2358,764203,2,390,780,@@@NO@@@)','',2,'2013-06-13'),(26084,'INSERT INTO gne_vale_ferreteria (vfe_id,vfe_fecha,vfe_total,vfe_estado,vfe_entregado,usu_nusuario) VALUES (2359,@@@2013.06.13@@@,240,1,0,@@@G_DIAZ@@@)','',2,'2013-06-13'),(26085,'INSERT INTO gne_vale_ferreteria_mov (vfe_id,pro_codigo_plu,vfm_cantidad,vfm_unitario,vfm_total,vfm_entregado) VALUES (2359,78017191,6,40,240,@@@NO@@@)','',2,'2013-06-13'),(26086,'INSERT INTO gne_vale_ferreteria (vfe_id,vfe_fecha,vfe_total,vfe_estado,vfe_entregado,usu_nusuario) VALUES (2360,@@@2013.06.13@@@,330,1,0,@@@G_DIAZ@@@)','',2,'2013-06-13'),(26087,'INSERT INTO gne_vale_ferreteria_mov (vfe_id,pro_codigo_plu,vfm_cantidad,vfm_unitario,vfm_total,vfm_entregado) VALUES (2360,763588,1,330,330,@@@NO@@@)','',2,'2013-06-13'),(26088,'INSERT INTO gne_vale_ferreteria (vfe_id,vfe_fecha,vfe_total,vfe_estado,vfe_entregado,usu_nusuario) VALUES (2361,@@@2013.06.13@@@,1970,1,0,@@@G_DIAZ@@@)','',2,'2013-06-13'),(26089,'INSERT INTO gne_vale_ferreteria_mov (vfe_id,pro_codigo_plu,vfm_cantidad,vfm_unitario,vfm_total,vfm_entregado) VALUES (2361,764505,1,450,450,@@@NO@@@)','',2,'2013-06-13'),(26090,'INSERT INTO gne_vale_ferreteria_mov (vfe_id,pro_codigo_plu,vfm_cantidad,vfm_unitario,vfm_total,vfm_entregado) VALUES (2361,780721139,1,890,890,@@@NO@@@)','',2,'2013-06-13'),(26091,'INSERT INTO gne_vale_ferreteria_mov (vfe_id,pro_codigo_plu,vfm_cantidad,vfm_unitario,vfm_total,vfm_entregado) VALUES (2361,780220186,1,330,330,@@@NO@@@)','',2,'2013-06-13'),(26092,'INSERT INTO gne_vale_ferreteria_mov (vfe_id,pro_codigo_plu,vfm_cantidad,vfm_unitario,vfm_total,vfm_entregado) VALUES (2361,770021,1,200,200,@@@NO@@@)','',2,'2013-06-13'),(26093,'INSERT INTO gne_vale_ferreteria_mov (vfe_id,pro_codigo_plu,vfm_cantidad,vfm_unitario,vfm_total,vfm_entregado) VALUES (2361,764572,1,100,100,@@@NO@@@)','',2,'2013-06-13'),(26094,'INSERT INTO gne_vale_ferreteria (vfe_id,vfe_fecha,vfe_total,vfe_estado,vfe_entregado,usu_nusuario) VALUES (2362,@@@2013.06.13@@@,390,1,0,@@@G_DIAZ@@@)','',2,'2013-06-13'),(26095,'INSERT INTO gne_vale_ferreteria_mov (vfe_id,pro_codigo_plu,vfm_cantidad,vfm_unitario,vfm_total,vfm_entregado) VALUES (2362,8023,1,390,390,@@@NO@@@)','',2,'2013-06-13'),(26096,'INSERT INTO gne_vale_ferreteria (vfe_id,vfe_fecha,vfe_total,vfe_estado,vfe_entregado,usu_nusuario) VALUES (2363,@@@2013.06.13@@@,500,1,0,@@@G_DIAZ@@@)','',2,'2013-06-13'),(26097,'INSERT INTO gne_vale_ferreteria_mov (vfe_id,pro_codigo_plu,vfm_cantidad,vfm_unitario,vfm_total,vfm_entregado) VALUES (2363,763841,1,500,500,@@@NO@@@)','',2,'2013-06-13'),(26098,'INSERT INTO mae_productos (pro_codigo_plu,pro_codigo_barra,pro_tipo,pro_nombre_producto,pro_nombre_corto,med_id,emb_id,pro_unidades_embalaje,dep_id,lin_id,mar_id,pro_precio_compra_neto,pro_precio_compra_bruto,pro_precio_venta,pro_margen_actual,pro_oferta,pro_fecha_inicio_oferta,pro_fecha_termino_oferta,pro_precio_oferta,pro_stock_minimo,pro_stock_critico,pro_entradas_bodega,pro_salidas_bodega,pro_mermas_bodega,pro_ajustes_bodega,pro_entradas_sv,pro_salidas_sv,pro_mermas_sv,pro_ajustes_sv,pro_activo,rec_numero,pro_unidad,pro_capacidad,pro_consumo_bodega,pro_consumo_sv,pro_estado,pro_funcion_plu,pro_flejes,pro_iva,pro_plu_asociado,pro_envase,pro_duracion,pro_numero_etiqueta) VALUES (780721177,@@@772854@@@,@@@0@@@,@@@BILLETERA HOMBRE CON DISEÑO@@@,@@@BILLETERA HOMBRE@@@,@@@1 @@@,@@@3 @@@,@@@0@@@,@@@38 @@@,@@@180@@@,@@@2507@@@,@@@0@@@,@@@0@@@,@@@2390@@@,@@@0@@@,@@@@@@,@@@2013.06.13@@@,@@@2013.06.13@@@,@@@0@@@,@@@0@@@,@@@0@@@,@@@0@@@,@@@0@@@,@@@0@@@,@@@0@@@,@@@0@@@,@@@0@@@,@@@0@@@,@@@0@@@,@@@1@@@,@@@0@@@,0,1,0,0,2,0,1,1,0,@@@NO@@@,0,0)','',2,'2013-06-13'),(26099,'DELETE FROM mae_impuestos_productos WHERE pro_codigo_plu=@@@780721177@@@','',2,'2013-06-13'),(26100,'INSERT INTO gne_vale_ferreteria (vfe_id,vfe_fecha,vfe_total,vfe_estado,vfe_entregado,usu_nusuario) VALUES (2364,@@@2013.06.13@@@,890,1,0,@@@G_DIAZ@@@)','',2,'2013-06-13'),(26101,'INSERT INTO gne_vale_ferreteria_mov (vfe_id,pro_codigo_plu,vfm_cantidad,vfm_unitario,vfm_total,vfm_entregado) VALUES (2364,763633,1,890,890,@@@NO@@@)','',2,'2013-06-13'),(26102,'INSERT INTO gne_vale_ferreteria (vfe_id,vfe_fecha,vfe_total,vfe_estado,vfe_entregado,usu_nusuario) VALUES (2365,@@@2013.06.13@@@,2140,1,0,@@@G_DIAZ@@@)','',2,'2013-06-13'),(26103,'INSERT INTO gne_vale_ferreteria_mov (vfe_id,pro_codigo_plu,vfm_cantidad,vfm_unitario,vfm_total,vfm_entregado) VALUES (2365,764500,1,450,450,@@@NO@@@)','',2,'2013-06-13'),(26104,'INSERT INTO gne_vale_ferreteria_mov (vfe_id,pro_codigo_plu,vfm_cantidad,vfm_unitario,vfm_total,vfm_entregado) VALUES (2365,78016966,6,20,120,@@@NO@@@)','',2,'2013-06-13'),(26105,'INSERT INTO gne_vale_ferreteria_mov (vfe_id,pro_codigo_plu,vfm_cantidad,vfm_unitario,vfm_total,vfm_entregado) VALUES (2365,780721139,1,890,890,@@@NO@@@)','',2,'2013-06-13'),(26106,'INSERT INTO gne_vale_ferreteria_mov (vfe_id,pro_codigo_plu,vfm_cantidad,vfm_unitario,vfm_total,vfm_entregado) VALUES (2365,764572,1,100,100,@@@NO@@@)','',2,'2013-06-13'),(26107,'INSERT INTO gne_vale_ferreteria_mov (vfe_id,pro_codigo_plu,vfm_cantidad,vfm_unitario,vfm_total,vfm_entregado) VALUES (2365,764826,1,250,250,@@@NO@@@)','',2,'2013-06-13'),(26108,'INSERT INTO gne_vale_ferreteria_mov (vfe_id,pro_codigo_plu,vfm_cantidad,vfm_unitario,vfm_total,vfm_entregado) VALUES (2365,780220186,1,330,330,@@@NO@@@)','',2,'2013-06-13'),(26109,'INSERT INTO gne_vale_ferreteria (vfe_id,vfe_fecha,vfe_total,vfe_estado,vfe_entregado,usu_nusuario) VALUES (2366,@@@2013.06.13@@@,330,1,0,@@@G_DIAZ@@@)','',2,'2013-06-13'),(26110,'INSERT INTO gne_vale_ferreteria_mov (vfe_id,pro_codigo_plu,vfm_cantidad,vfm_unitario,vfm_total,vfm_entregado) VALUES (2366,764507,1,330,330,@@@NO@@@)','',2,'2013-06-13'),(26111,'INSERT INTO gne_vale_ferreteria (vfe_id,vfe_fecha,vfe_total,vfe_estado,vfe_entregado,usu_nusuario) VALUES (2367,@@@2013.06.13@@@,530,1,0,@@@G_DIAZ@@@)','',2,'2013-06-13'),(26112,'INSERT INTO gne_vale_ferreteria_mov (vfe_id,pro_codigo_plu,vfm_cantidad,vfm_unitario,vfm_total,vfm_entregado) VALUES (2367,763588,1,330,330,@@@NO@@@)','',2,'2013-06-13'),(26113,'INSERT INTO gne_vale_ferreteria_mov (vfe_id,pro_codigo_plu,vfm_cantidad,vfm_unitario,vfm_total,vfm_entregado) VALUES (2367,78017007,2,100,200,@@@NO@@@)','',2,'2013-06-13'),(26114,'UPDATE mae_productos SET pro_codigo_barra=@@@2021@@@,pro_tipo=@@@0@@@,pro_nombre_producto=@@@UÑAS POSTISAS@@@,pro_nombre_corto=@@@UÑAS POSTISAS@@@,med_id=@@@1@@@,emb_id=@@@3@@@,pro_unidades_embalaje=@@@0@@@,dep_id=@@@21 @@@,lin_id=@@@115@@@,mar_id=@@@2507@@@,pro_precio_compra_neto=@@@0@@@,pro_precio_compra_bruto=@@@0@@@,pro_precio_venta=@@@250@@@,pro_margen_actual=@@@0@@@,pro_oferta=@@@NO@@@,pro_fecha_inicio_oferta=@@@2013.04.30@@@,pro_fecha_termino_oferta=@@@2013.04.30@@@,pro_precio_oferta=@@@0@@@,pro_stock_minimo=@@@0@@@,pro_stock_critico=@@@0@@@,pro_activo=@@@1@@@,pro_unidad=@@@0@@@,pro_precio_compra_bruto=0,pro_margen_actual=0,pro_capacidad=10,pro_funcion_plu=0,pro_flejes=1,pro_iva=1,pro_plu_asociado=0,pro_envase=@@@NO@@@,pro_duracion=0,pro_numero_etiqueta=0 WHERE pro_codigo_plu=@@@2021@@@','',2,'2013-06-13'),(26115,'UPDATE mae_productos SET pro_estado=1 WHERE pro_codigo_plu=2021','',2,'2013-06-13'),(26116,'DELETE FROM mae_impuestos_productos WHERE pro_codigo_plu=@@@2021@@@','',2,'2013-06-13'),(26117,'INSERT INTO gne_vale_ferreteria (vfe_id,vfe_fecha,vfe_total,vfe_estado,vfe_entregado,usu_nusuario) VALUES (2368,@@@2013.06.13@@@,350,1,0,@@@G_DIAZ@@@)','',2,'2013-06-13'),(26118,'INSERT INTO gne_vale_ferreteria_mov (vfe_id,pro_codigo_plu,vfm_cantidad,vfm_unitario,vfm_total,vfm_entregado) VALUES (2368,2021,1,250,250,@@@NO@@@)','',2,'2013-06-13'),(26119,'INSERT INTO gne_vale_ferreteria_mov (vfe_id,pro_codigo_plu,vfm_cantidad,vfm_unitario,vfm_total,vfm_entregado) VALUES (2368,764572,1,100,100,@@@NO@@@)','',2,'2013-06-13'),(26120,'INSERT INTO gne_vale_ferreteria (vfe_id,vfe_fecha,vfe_total,vfe_estado,vfe_entregado,usu_nusuario) VALUES (2369,@@@2013.06.13@@@,2510,1,0,@@@G_DIAZ@@@)','',2,'2013-06-13'),(26121,'INSERT INTO gne_vale_ferreteria_mov (vfe_id,pro_codigo_plu,vfm_cantidad,vfm_unitario,vfm_total,vfm_entregado) VALUES (2369,11378,1,620,620,@@@NO@@@)','',2,'2013-06-13'),(26122,'INSERT INTO gne_vale_ferreteria_mov (vfe_id,pro_codigo_plu,vfm_cantidad,vfm_unitario,vfm_total,vfm_entregado) VALUES (2369,762053,1,1890,1890,@@@NO@@@)','',2,'2013-06-13'),(26123,'INSERT INTO gne_vale_ferreteria (vfe_id,vfe_fecha,vfe_total,vfe_estado,vfe_entregado,usu_nusuario) VALUES (2370,@@@2013.06.13@@@,200,1,0,@@@G_DIAZ@@@)','',2,'2013-06-13'),(26124,'INSERT INTO gne_vale_ferreteria_mov (vfe_id,pro_codigo_plu,vfm_cantidad,vfm_unitario,vfm_total,vfm_entregado) VALUES (2370,763592,1,200,200,@@@NO@@@)','',2,'2013-06-13'),(26125,'INSERT INTO gne_vale_ferreteria (vfe_id,vfe_fecha,vfe_total,vfe_estado,vfe_entregado,usu_nusuario) VALUES (2371,@@@2013.06.13@@@,980,1,0,@@@G_DIAZ@@@)','',2,'2013-06-13'),(26126,'INSERT INTO gne_vale_ferreteria_mov (vfe_id,pro_codigo_plu,vfm_cantidad,vfm_unitario,vfm_total,vfm_entregado) VALUES (2371,764505,1,450,450,@@@NO@@@)','',2,'2013-06-13'),(26127,'INSERT INTO gne_vale_ferreteria_mov (vfe_id,pro_codigo_plu,vfm_cantidad,vfm_unitario,vfm_total,vfm_entregado) VALUES (2371,780220186,1,330,330,@@@NO@@@)','',2,'2013-06-13'),(26128,'INSERT INTO gne_vale_ferreteria_mov (vfe_id,pro_codigo_plu,vfm_cantidad,vfm_unitario,vfm_total,vfm_entregado) VALUES (2371,764572,2,100,200,@@@NO@@@)','',2,'2013-06-13'),(26129,'INSERT INTO gne_vale_ferreteria (vfe_id,vfe_fecha,vfe_total,vfe_estado,vfe_entregado,usu_nusuario) VALUES (2372,@@@2013.06.14@@@,2450,1,0,@@@G_DIAZ@@@)','',2,'2013-06-14'),(26130,'INSERT INTO gne_vale_ferreteria_mov (vfe_id,pro_codigo_plu,vfm_cantidad,vfm_unitario,vfm_total,vfm_entregado) VALUES (2372,764501,1,450,450,@@@NO@@@)','',2,'2013-06-14'),(26131,'INSERT INTO gne_vale_ferreteria_mov (vfe_id,pro_codigo_plu,vfm_cantidad,vfm_unitario,vfm_total,vfm_entregado) VALUES (2372,763783,1,220,220,@@@NO@@@)','',2,'2013-06-14'),(26132,'INSERT INTO gne_vale_ferreteria_mov (vfe_id,pro_codigo_plu,vfm_cantidad,vfm_unitario,vfm_total,vfm_entregado) VALUES (2372,780220186,1,330,330,@@@NO@@@)','',2,'2013-06-14'),(26133,'INSERT INTO gne_vale_ferreteria_mov (vfe_id,pro_codigo_plu,vfm_cantidad,vfm_unitario,vfm_total,vfm_entregado) VALUES (2372,764572,5,100,500,@@@NO@@@)','',2,'2013-06-14'),(26134,'INSERT INTO gne_vale_ferreteria_mov (vfe_id,pro_codigo_plu,vfm_cantidad,vfm_unitario,vfm_total,vfm_entregado) VALUES (2372,78016966,3,20,60,@@@NO@@@)','',2,'2013-06-14'),(26135,'INSERT INTO gne_vale_ferreteria_mov (vfe_id,pro_codigo_plu,vfm_cantidad,vfm_unitario,vfm_total,vfm_entregado) VALUES (2372,780721139,1,890,890,@@@NO@@@)','',2,'2013-06-14'),(26136,'UPDATE mae_productos SET pro_codigo_barra=@@@7501001133290@@@,pro_tipo=@@@0@@@,pro_nombre_producto=@@@HEAD & SHOULDERS SH.MENTHOL 400 ML.@@@,pro_nombre_corto=@@@HEAD & SHOULDERS@@@,med_id=@@@7@@@,emb_id=@@@3@@@,pro_unidades_embalaje=@@@1@@@,dep_id=@@@21 @@@,lin_id=@@@114@@@,mar_id=@@@845@@@,pro_precio_compra_neto=@@@0@@@,pro_precio_compra_bruto=@@@0@@@,pro_precio_venta=@@@2990@@@,pro_margen_actual=@@@0@@@,pro_oferta=@@@NO@@@,pro_fecha_inicio_oferta=@@@2006.09.07@@@,pro_fecha_termino_oferta=@@@2006.09.07@@@,pro_precio_oferta=@@@0@@@,pro_stock_minimo=@@@12@@@,pro_stock_critico=@@@6@@@,pro_activo=@@@1@@@,pro_unidad=@@@0@@@,pro_precio_compra_bruto=0,pro_margen_actual=0,pro_capacidad=0.4,pro_funcion_plu=0,pro_flejes=1,pro_iva=1,pro_plu_asociado=0,pro_envase=@@@NO@@@,pro_duracion=0,pro_numero_etiqueta=0 WHERE pro_codigo_plu=@@@102023@@@','',2,'2013-06-14'),(26137,'UPDATE mae_productos SET pro_estado=1 WHERE pro_codigo_plu=102023','',2,'2013-06-14'),(26138,'DELETE FROM mae_impuestos_productos WHERE pro_codigo_plu=@@@102023@@@','',2,'2013-06-14'),(26139,'INSERT INTO gne_vale_ferreteria (vfe_id,vfe_fecha,vfe_total,vfe_estado,vfe_entregado,usu_nusuario) VALUES (2373,@@@2013.06.14@@@,240,1,0,@@@G_DIAZ@@@)','',2,'2013-06-14'),(26140,'INSERT INTO gne_vale_ferreteria_mov (vfe_id,pro_codigo_plu,vfm_cantidad,vfm_unitario,vfm_total,vfm_entregado) VALUES (2373,764766,2,120,240,@@@NO@@@)','',2,'2013-06-14'),(26141,'UPDATE mae_productos SET pro_margen_actual=0,pro_precio_venta=2390 WHERE pro_codigo_plu=780721177','',2,'2013-06-14'),(26142,'UPDATE mae_productos SET pro_margen_actual=0,pro_precio_venta=2990 WHERE pro_codigo_plu=102023','',2,'2013-06-14'),(26143,'UPDATE mae_productos SET pro_margen_actual=0,pro_precio_venta=250 WHERE pro_codigo_plu=2021','',2,'2013-06-14'),(26144,'UPDATE mae_productos SET pro_margen_actual=0,pro_precio_venta=5490 WHERE pro_codigo_plu=780721093','',2,'2013-06-14'),(26145,'UPDATE mae_productos SET pro_margen_actual=0,pro_precio_venta=4790 WHERE pro_codigo_plu=780721092','',2,'2013-06-14'),(26146,'UPDATE mae_productos SET pro_margen_actual=0,pro_precio_venta=3590 WHERE pro_codigo_plu=763054','',2,'2013-06-14'),(26147,'UPDATE mae_productos SET pro_precio_fiscal=pro_precio_venta WHERE pro_codigo_plu=2021','',2,'2013-06-14'),(26148,'UPDATE mae_productos SET pro_precio_fiscal=pro_precio_venta WHERE pro_codigo_plu=102023','',2,'2013-06-14'),(26149,'UPDATE mae_productos SET pro_precio_fiscal=pro_precio_venta WHERE pro_codigo_plu=780721177','',2,'2013-06-14'),(26150,'UPDATE mae_productos SET pro_precio_fiscal=pro_precio_venta WHERE pro_codigo_plu=763054','',2,'2013-06-14'),(26151,'UPDATE mae_productos SET pro_precio_fiscal=pro_precio_venta WHERE pro_codigo_plu=780721092','',2,'2013-06-14'),(26152,'UPDATE mae_productos SET pro_precio_fiscal=pro_precio_venta WHERE pro_codigo_plu=780721093','',2,'2013-06-14'),(26153,'INSERT INTO gne_vale_ferreteria (vfe_id,vfe_fecha,vfe_total,vfe_estado,vfe_entregado,usu_nusuario) VALUES (2374,@@@2013.06.14@@@,100,1,0,@@@G_DIAZ@@@)','',2,'2013-06-14'),(26154,'INSERT INTO gne_vale_ferreteria_mov (vfe_id,pro_codigo_plu,vfm_cantidad,vfm_unitario,vfm_total,vfm_entregado) VALUES (2374,770003,10,10,100,@@@NO@@@)','',2,'2013-06-14'),(26155,'UPDATE mae_productos SET pro_precio_compra_bruto=8538,pro_margen_actual=(pro_precio_venta-8538)/8538 * 100,pro_ultima_compra=@@@2013.06.14@@@,pro_ultimo_proveedor=@@@86379600-8@@@ WHERE pro_codigo_plu=764416','',2,'2013-06-14'),(26156,'UPDATE mae_productos SET pro_precio_compra_bruto=15748,pro_margen_actual=(pro_precio_venta-15748)/15748 * 100,pro_ultima_compra=@@@2013.06.14@@@,pro_ultimo_proveedor=@@@86379600-8@@@ WHERE pro_codigo_plu=764420','',2,'2013-06-14'),(26157,'UPDATE mae_productos SET pro_precio_compra_bruto=18701,pro_margen_actual=(pro_precio_venta-18701)/18701 * 100,pro_ultima_compra=@@@2013.06.14@@@,pro_ultimo_proveedor=@@@86379600-8@@@ WHERE pro_codigo_plu=764421','',2,'2013-06-14'),(26158,'UPDATE mae_productos SET pro_precio_compra_bruto=8144,pro_margen_actual=(pro_precio_venta-8144)/8144 * 100,pro_ultima_compra=@@@2013.06.14@@@,pro_ultimo_proveedor=@@@86379600-8@@@ WHERE pro_codigo_plu=764417','',2,'2013-06-14'),(26159,'INSERT INTO mae_productos (pro_codigo_plu,pro_codigo_barra,pro_tipo,pro_nombre_producto,pro_nombre_corto,med_id,emb_id,pro_unidades_embalaje,dep_id,lin_id,mar_id,pro_precio_compra_neto,pro_precio_compra_bruto,pro_precio_venta,pro_margen_actual,pro_oferta,pro_fecha_inicio_oferta,pro_fecha_termino_oferta,pro_precio_oferta,pro_stock_minimo,pro_stock_critico,pro_entradas_bodega,pro_salidas_bodega,pro_mermas_bodega,pro_ajustes_bodega,pro_entradas_sv,pro_salidas_sv,pro_mermas_sv,pro_ajustes_sv,pro_activo,rec_numero,pro_unidad,pro_capacidad,pro_consumo_bodega,pro_consumo_sv,pro_estado,pro_funcion_plu,pro_flejes,pro_iva,pro_plu_asociado,pro_envase,pro_duracion,pro_numero_etiqueta) VALUES (780721178,@@@780721178@@@,@@@0@@@,@@@ZAPATILLA CHICLE BLANCA/ NEGRA@@@,@@@ZAPATILLA CHICLE@@@,@@@1 @@@,@@@3 @@@,@@@0@@@,@@@38 @@@,@@@180@@@,@@@2507@@@,@@@0@@@,@@@0@@@,@@@1390@@@,@@@0@@@,@@@@@@,@@@2013.06.14@@@,@@@2013.06.14@@@,@@@0@@@,@@@0@@@,@@@0@@@,@@@0@@@,@@@0@@@,@@@0@@@,@@@0@@@,@@@0@@@,@@@0@@@,@@@0@@@,@@@0@@@,@@@1@@@,@@@0@@@,0,1,0,0,2,0,1,1,0,@@@NO@@@,0,0)','',2,'2013-06-14'),(26160,'DELETE FROM mae_impuestos_productos WHERE pro_codigo_plu=@@@780721178@@@','',2,'2013-06-14'),(26161,'INSERT INTO gne_vale_ferreteria (vfe_id,vfe_fecha,vfe_total,vfe_estado,vfe_entregado,usu_nusuario) VALUES (2375,@@@2013.06.14@@@,1390,1,0,@@@G_DIAZ@@@)','',2,'2013-06-14'),(26162,'INSERT INTO gne_vale_ferreteria_mov (vfe_id,pro_codigo_plu,vfm_cantidad,vfm_unitario,vfm_total,vfm_entregado) VALUES (2375,780721178,1,1390,1390,@@@NO@@@)','',2,'2013-06-14'),(26163,'INSERT INTO gne_vale_ferreteria (vfe_id,vfe_fecha,vfe_total,vfe_estado,vfe_entregado,usu_nusuario) VALUES (2376,@@@2013.06.14@@@,690,1,0,@@@G_DIAZ@@@)','',2,'2013-06-14'),(26164,'INSERT INTO gne_vale_ferreteria_mov (vfe_id,pro_codigo_plu,vfm_cantidad,vfm_unitario,vfm_total,vfm_entregado) VALUES (2376,19804,1,690,690,@@@NO@@@)','',2,'2013-06-14'),(26165,'INSERT INTO gne_vale_ferreteria (vfe_id,vfe_fecha,vfe_total,vfe_estado,vfe_entregado,usu_nusuario) VALUES (2377,@@@2013.06.14@@@,60,1,0,@@@G_DIAZ@@@)','',2,'2013-06-14'),(26166,'INSERT INTO gne_vale_ferreteria_mov (vfe_id,pro_codigo_plu,vfm_cantidad,vfm_unitario,vfm_total,vfm_entregado) VALUES (2377,764770,2,30,60,@@@NO@@@)','',2,'2013-06-14'),(26167,'INSERT INTO gne_vale_ferreteria (vfe_id,vfe_fecha,vfe_total,vfe_estado,vfe_entregado,usu_nusuario) VALUES (2378,@@@2013.06.14@@@,3990,1,0,@@@G_DIAZ@@@)','',2,'2013-06-14'),(26168,'INSERT INTO gne_vale_ferreteria_mov (vfe_id,pro_codigo_plu,vfm_cantidad,vfm_unitario,vfm_total,vfm_entregado) VALUES (2378,880015,1,3990,3990,@@@NO@@@)','',2,'2013-06-14'),(26169,'INSERT INTO gne_vale_ferreteria (vfe_id,vfe_fecha,vfe_total,vfe_estado,vfe_entregado,usu_nusuario) VALUES (2379,@@@2013.06.14@@@,1500,1,0,@@@G_DIAZ@@@)','',2,'2013-06-14'),(26170,'INSERT INTO gne_vale_ferreteria_mov (vfe_id,pro_codigo_plu,vfm_cantidad,vfm_unitario,vfm_total,vfm_entregado) VALUES (2379,8021,10,150,1500,@@@NO@@@)','',2,'2013-06-14'),(26171,'INSERT INTO gne_vale_ferreteria (vfe_id,vfe_fecha,vfe_total,vfe_estado,vfe_entregado,usu_nusuario) VALUES (2380,@@@2013.06.14@@@,300,1,0,@@@G_DIAZ@@@)','',2,'2013-06-14'),(26172,'INSERT INTO gne_vale_ferreteria_mov (vfe_id,pro_codigo_plu,vfm_cantidad,vfm_unitario,vfm_total,vfm_entregado) VALUES (2380,780721128,2,150,300,@@@NO@@@)','',2,'2013-06-14'),(26173,'UPDATE mae_productos SET pro_margen_actual=0,pro_precio_venta=1390 WHERE pro_codigo_plu=780721178','',2,'2013-06-14'),(26174,'UPDATE mae_productos SET pro_precio_fiscal=pro_precio_venta WHERE pro_codigo_plu=780721178','',2,'2013-06-14'),(26175,'INSERT INTO mae_productos (pro_codigo_plu,pro_codigo_barra,pro_tipo,pro_nombre_producto,pro_nombre_corto,med_id,emb_id,pro_unidades_embalaje,dep_id,lin_id,mar_id,pro_precio_compra_neto,pro_precio_compra_bruto,pro_precio_venta,pro_margen_actual,pro_oferta,pro_fecha_inicio_oferta,pro_fecha_termino_oferta,pro_precio_oferta,pro_stock_minimo,pro_stock_critico,pro_entradas_bodega,pro_salidas_bodega,pro_mermas_bodega,pro_ajustes_bodega,pro_entradas_sv,pro_salidas_sv,pro_mermas_sv,pro_ajustes_sv,pro_activo,rec_numero,pro_unidad,pro_capacidad,pro_consumo_bodega,pro_consumo_sv,pro_estado,pro_funcion_plu,pro_flejes,pro_iva,pro_plu_asociado,pro_envase,pro_duracion,pro_numero_etiqueta) VALUES (780721179,@@@7613034309143@@@,@@@0@@@,@@@SUPER OCHO NARANJA@@@,@@@SUPER OCHO NARAN@@@,@@@5 @@@,@@@3 @@@,@@@0@@@,@@@32 @@@,@@@161@@@,@@@9@@@,@@@0@@@,@@@0@@@,@@@150@@@,@@@0@@@,@@@@@@,@@@2013.06.14@@@,@@@2013.06.14@@@,@@@0@@@,@@@0@@@,@@@0@@@,@@@0@@@,@@@0@@@,@@@0@@@,@@@0@@@,@@@0@@@,@@@0@@@,@@@0@@@,@@@0@@@,@@@1@@@,@@@0@@@,0,29,0,0,2,0,1,1,0,@@@NO@@@,0,0)','',2,'2013-06-14'),(26176,'DELETE FROM mae_impuestos_productos WHERE pro_codigo_plu=@@@780721179@@@','',2,'2013-06-14'),(26177,'UPDATE mae_productos SET pro_margen_actual=0,pro_precio_venta=150 WHERE pro_codigo_plu=780721179','',2,'2013-06-14'),(26178,'UPDATE mae_productos SET pro_precio_fiscal=pro_precio_venta WHERE pro_codigo_plu=780721179','',2,'2013-06-14'),(26179,'INSERT INTO mae_productos (pro_codigo_plu,pro_codigo_barra,pro_tipo,pro_nombre_producto,pro_nombre_corto,med_id,emb_id,pro_unidades_embalaje,dep_id,lin_id,mar_id,pro_precio_compra_neto,pro_precio_compra_bruto,pro_precio_venta,pro_margen_actual,pro_oferta,pro_fecha_inicio_oferta,pro_fecha_termino_oferta,pro_precio_oferta,pro_stock_minimo,pro_stock_critico,pro_entradas_bodega,pro_salidas_bodega,pro_mermas_bodega,pro_ajustes_bodega,pro_entradas_sv,pro_salidas_sv,pro_mermas_sv,pro_ajustes_sv,pro_activo,rec_numero,pro_unidad,pro_capacidad,pro_consumo_bodega,pro_consumo_sv,pro_estado,pro_funcion_plu,pro_flejes,pro_iva,pro_plu_asociado,pro_envase,pro_duracion,pro_numero_etiqueta) VALUES (780721180,@@@4100017412004@@@,@@@0@@@,@@@PLASTICINA FULTONS@@@,@@@PLASTICINA FULTO@@@,@@@1 @@@,@@@3 @@@,@@@0@@@,@@@24 @@@,@@@137@@@,@@@1442@@@,@@@0@@@,@@@0@@@,@@@590@@@,@@@0@@@,@@@@@@,@@@2013.06.14@@@,@@@2013.06.14@@@,@@@0@@@,@@@0@@@,@@@0@@@,@@@0@@@,@@@0@@@,@@@0@@@,@@@0@@@,@@@0@@@,@@@0@@@,@@@0@@@,@@@0@@@,@@@1@@@,@@@0@@@,0,10,0,0,2,0,1,1,0,@@@NO@@@,0,0)','',2,'2013-06-14'),(26180,'DELETE FROM mae_impuestos_productos WHERE pro_codigo_plu=@@@780721180@@@','',2,'2013-06-14'),(26181,'UPDATE mae_productos SET pro_margen_actual=0,pro_precio_venta=590 WHERE pro_codigo_plu=780721180','',2,'2013-06-14'),(26182,'UPDATE mae_productos SET pro_margen_actual=0,pro_precio_venta=2190 WHERE pro_codigo_plu=20522','',2,'2013-06-14'),(26183,'UPDATE mae_productos SET pro_precio_fiscal=pro_precio_venta WHERE pro_codigo_plu=780721180','',2,'2013-06-14'),(26184,'UPDATE mae_productos SET pro_precio_fiscal=pro_precio_venta WHERE pro_codigo_plu=20522','',2,'2013-06-14'),(26185,'INSERT INTO gne_vale_ferreteria (vfe_id,vfe_fecha,vfe_total,vfe_estado,vfe_entregado,usu_nusuario) VALUES (2381,@@@2013.06.14@@@,3880,1,0,@@@G_DIAZ@@@)','',2,'2013-06-14'),(26186,'INSERT INTO gne_vale_ferreteria_mov (vfe_id,pro_codigo_plu,vfm_cantidad,vfm_unitario,vfm_total,vfm_entregado) VALUES (2381,880026,1,1290,1290,@@@NO@@@)','',2,'2013-06-14'),(26187,'INSERT INTO gne_vale_ferreteria_mov (vfe_id,pro_codigo_plu,vfm_cantidad,vfm_unitario,vfm_total,vfm_entregado) VALUES (2381,764195,1,2590,2590,@@@NO@@@)','',2,'2013-06-14'),(26188,'INSERT INTO gne_vale_ferreteria (vfe_id,vfe_fecha,vfe_total,vfe_estado,vfe_entregado,usu_nusuario) VALUES (2382,@@@2013.06.14@@@,2680,1,0,@@@G_DIAZ@@@)','',2,'2013-06-14'),(26189,'INSERT INTO gne_vale_ferreteria_mov (vfe_id,pro_codigo_plu,vfm_cantidad,vfm_unitario,vfm_total,vfm_entregado) VALUES (2382,19916,1,540,540,@@@NO@@@)','',2,'2013-06-14'),(26190,'INSERT INTO gne_vale_ferreteria_mov (vfe_id,pro_codigo_plu,vfm_cantidad,vfm_unitario,vfm_total,vfm_entregado) VALUES (2382,20836,1,650,650,@@@NO@@@)','',2,'2013-06-14'),(26191,'INSERT INTO gne_vale_ferreteria_mov (vfe_id,pro_codigo_plu,vfm_cantidad,vfm_unitario,vfm_total,vfm_entregado) VALUES (2382,763090,1,1490,1490,@@@NO@@@)','',2,'2013-06-14'),(26192,'UPDATE mae_productos SET pro_margen_actual=0,pro_precio_venta=990 WHERE pro_codigo_plu=14626','',2,'2013-06-14'),(26193,'UPDATE mae_productos SET pro_precio_fiscal=pro_precio_venta WHERE pro_codigo_plu=14626','',2,'2013-06-14'),(26194,'INSERT INTO gne_vale_ferreteria (vfe_id,vfe_fecha,vfe_total,vfe_estado,vfe_entregado,usu_nusuario) VALUES (2383,@@@2013.06.14@@@,1190,1,0,@@@G_DIAZ@@@)','',2,'2013-06-14'),(26195,'INSERT INTO gne_vale_ferreteria_mov (vfe_id,pro_codigo_plu,vfm_cantidad,vfm_unitario,vfm_total,vfm_entregado) VALUES (2383,764596,1,1190,1190,@@@NO@@@)','',2,'2013-06-14'),(26196,'INSERT INTO gne_vale_ferreteria (vfe_id,vfe_fecha,vfe_total,vfe_estado,vfe_entregado,usu_nusuario) VALUES (2384,@@@2013.06.14@@@,900,1,0,@@@G_DIAZ@@@)','',2,'2013-06-14'),(26197,'INSERT INTO gne_vale_ferreteria_mov (vfe_id,pro_codigo_plu,vfm_cantidad,vfm_unitario,vfm_total,vfm_entregado) VALUES (2384,78017147,10,90,900,@@@NO@@@)','',2,'2013-06-14'),(26198,'INSERT INTO mae_productos (pro_codigo_plu,pro_codigo_barra,pro_tipo,pro_nombre_producto,pro_nombre_corto,med_id,emb_id,pro_unidades_embalaje,dep_id,lin_id,mar_id,pro_precio_compra_neto,pro_precio_compra_bruto,pro_precio_venta,pro_margen_actual,pro_oferta,pro_fecha_inicio_oferta,pro_fecha_termino_oferta,pro_precio_oferta,pro_stock_minimo,pro_stock_critico,pro_entradas_bodega,pro_salidas_bodega,pro_mermas_bodega,pro_ajustes_bodega,pro_entradas_sv,pro_salidas_sv,pro_mermas_sv,pro_ajustes_sv,pro_activo,rec_numero,pro_unidad,pro_capacidad,pro_consumo_bodega,pro_consumo_sv,pro_estado,pro_funcion_plu,pro_flejes,pro_iva,pro_plu_asociado,pro_envase,pro_duracion,pro_numero_etiqueta) VALUES (780721181,@@@880100@@@,@@@0@@@,@@@PACK CONGELADOS@@@,@@@PACK CONGELADOS@@@,@@@1 @@@,@@@3 @@@,@@@0@@@,@@@20 @@@,@@@107@@@,@@@2433@@@,@@@0@@@,@@@0@@@,@@@1000@@@,@@@0@@@,@@@@@@,@@@2013.06.14@@@,@@@2013.06.14@@@,@@@0@@@,@@@0@@@,@@@0@@@,@@@0@@@,@@@0@@@,@@@0@@@,@@@0@@@,@@@0@@@,@@@0@@@,@@@0@@@,@@@0@@@,@@@1@@@,@@@0@@@,0,3,0,0,2,0,1,1,0,@@@NO@@@,0,0)','',2,'2013-06-14'),(26199,'DELETE FROM mae_impuestos_productos WHERE pro_codigo_plu=@@@780721181@@@','',2,'2013-06-14'),(26200,'UPDATE mae_productos SET pro_margen_actual=0,pro_precio_venta=1000 WHERE pro_codigo_plu=780721181','',2,'2013-06-14'),(26201,'UPDATE mae_productos SET pro_precio_fiscal=pro_precio_venta WHERE pro_codigo_plu=780721181','',2,'2013-06-14'),(26202,'INSERT INTO gne_vale_ferreteria (vfe_id,vfe_fecha,vfe_total,vfe_estado,vfe_entregado,usu_nusuario) VALUES (2385,@@@2013.06.14@@@,100,1,0,@@@G_DIAZ@@@)','',2,'2013-06-14'),(26203,'INSERT INTO gne_vale_ferreteria_mov (vfe_id,pro_codigo_plu,vfm_cantidad,vfm_unitario,vfm_total,vfm_entregado) VALUES (2385,764834,5,20,100,@@@NO@@@)','',2,'2013-06-14'),(26204,'UPDATE mae_productos SET pro_margen_actual=0,pro_precio_venta=790 WHERE pro_codigo_plu=262360','',2,'2013-06-14'),(26205,'UPDATE mae_productos SET pro_precio_fiscal=pro_precio_venta WHERE pro_codigo_plu=262360','',2,'2013-06-14'),(26206,'INSERT INTO gne_vale_ferreteria (vfe_id,vfe_fecha,vfe_total,vfe_estado,vfe_entregado,usu_nusuario) VALUES (2386,@@@2013.06.14@@@,3990,1,0,@@@G_DIAZ@@@)','',2,'2013-06-14'),(26207,'INSERT INTO gne_vale_ferreteria_mov (vfe_id,pro_codigo_plu,vfm_cantidad,vfm_unitario,vfm_total,vfm_entregado) VALUES (2386,764044,1,3990,3990,@@@NO@@@)','',2,'2013-06-14'),(26208,'UPDATE mae_productos SET pro_margen_actual=0,pro_precio_venta=570 WHERE pro_codigo_plu=572','',2,'2013-06-14'),(26209,'UPDATE mae_productos SET pro_precio_fiscal=pro_precio_venta WHERE pro_codigo_plu=572','',2,'2013-06-14'),(26210,'INSERT INTO gne_vale_ferreteria (vfe_id,vfe_fecha,vfe_total,vfe_estado,vfe_entregado,usu_nusuario) VALUES (2387,@@@2013.06.14@@@,40,1,0,@@@G_DIAZ@@@)','',2,'2013-06-14'),(26211,'INSERT INTO gne_vale_ferreteria_mov (vfe_id,pro_codigo_plu,vfm_cantidad,vfm_unitario,vfm_total,vfm_entregado) VALUES (2387,78017191,1,40,40,@@@NO@@@)','',2,'2013-06-14'),(26212,'INSERT INTO gne_vale_ferreteria (vfe_id,vfe_fecha,vfe_total,vfe_estado,vfe_entregado,usu_nusuario) VALUES (2388,@@@2013.06.14@@@,3370,1,0,@@@G_DIAZ@@@)','',2,'2013-06-14'),(26213,'INSERT INTO gne_vale_ferreteria_mov (vfe_id,pro_codigo_plu,vfm_cantidad,vfm_unitario,vfm_total,vfm_entregado) VALUES (2388,770091,2,690,1380,@@@NO@@@)','',2,'2013-06-14'),(26214,'INSERT INTO gne_vale_ferreteria_mov (vfe_id,pro_codigo_plu,vfm_cantidad,vfm_unitario,vfm_total,vfm_entregado) VALUES (2388,764750,1,1990,1990,@@@NO@@@)','',2,'2013-06-14'),(26215,'INSERT INTO gne_vale_ferreteria (vfe_id,vfe_fecha,vfe_total,vfe_estado,vfe_entregado,usu_nusuario) VALUES (2389,@@@2013.06.14@@@,240,1,0,@@@G_DIAZ@@@)','',2,'2013-06-14'),(26216,'INSERT INTO gne_vale_ferreteria_mov (vfe_id,pro_codigo_plu,vfm_cantidad,vfm_unitario,vfm_total,vfm_entregado) VALUES (2389,764766,2,120,240,@@@NO@@@)','',2,'2013-06-14'),(26217,'INSERT INTO gne_vale_ferreteria (vfe_id,vfe_fecha,vfe_total,vfe_estado,vfe_entregado,usu_nusuario) VALUES (2390,@@@2013.06.14@@@,1690,1,0,@@@G_DIAZ@@@)','',2,'2013-06-14'),(26218,'INSERT INTO gne_vale_ferreteria_mov (vfe_id,pro_codigo_plu,vfm_cantidad,vfm_unitario,vfm_total,vfm_entregado) VALUES (2390,764783,1,1690,1690,@@@NO@@@)','',2,'2013-06-14'),(26219,'INSERT INTO gne_vale_ferreteria (vfe_id,vfe_fecha,vfe_total,vfe_estado,vfe_entregado,usu_nusuario) VALUES (2391,@@@2013.06.14@@@,600,1,0,@@@G_DIAZ@@@)','',2,'2013-06-14'),(26220,'INSERT INTO gne_vale_ferreteria_mov (vfe_id,pro_codigo_plu,vfm_cantidad,vfm_unitario,vfm_total,vfm_entregado) VALUES (2391,800001,2,300,600,@@@NO@@@)','',2,'2013-06-14'),(26221,'INSERT INTO gne_vale_ferreteria (vfe_id,vfe_fecha,vfe_total,vfe_estado,vfe_entregado,usu_nusuario) VALUES (2392,@@@2013.06.14@@@,350,1,0,@@@G_DIAZ@@@)','',2,'2013-06-14'),(26222,'INSERT INTO gne_vale_ferreteria_mov (vfe_id,pro_codigo_plu,vfm_cantidad,vfm_unitario,vfm_total,vfm_entregado) VALUES (2392,1072,1,350,350,@@@NO@@@)','',2,'2013-06-14'),(26223,'UPDATE mae_productos SET pro_margen_actual=0,pro_precio_venta=250 WHERE pro_codigo_plu=78017217','',2,'2013-06-14'),(26224,'UPDATE mae_productos SET pro_precio_fiscal=pro_precio_venta WHERE pro_codigo_plu=78017217','',2,'2013-06-14'),(26225,'INSERT INTO gne_vale_ferreteria (vfe_id,vfe_fecha,vfe_total,vfe_estado,vfe_entregado,usu_nusuario) VALUES (2393,@@@2013.06.14@@@,260,1,0,@@@G_DIAZ@@@)','',2,'2013-06-14'),(26226,'INSERT INTO gne_vale_ferreteria_mov (vfe_id,pro_codigo_plu,vfm_cantidad,vfm_unitario,vfm_total,vfm_entregado) VALUES (2393,12083,1,260,260,@@@NO@@@)','',2,'2013-06-14'),(26227,'INSERT INTO gne_vale_ferreteria (vfe_id,vfe_fecha,vfe_total,vfe_estado,vfe_entregado,usu_nusuario) VALUES (2394,@@@2013.06.14@@@,300,1,0,@@@G_DIAZ@@@)','',2,'2013-06-14'),(26228,'INSERT INTO gne_vale_ferreteria_mov (vfe_id,pro_codigo_plu,vfm_cantidad,vfm_unitario,vfm_total,vfm_entregado) VALUES (2394,8021,2,150,300,@@@NO@@@)','',2,'2013-06-14'),(26229,'INSERT INTO gne_vale_ferreteria (vfe_id,vfe_fecha,vfe_total,vfe_estado,vfe_entregado,usu_nusuario) VALUES (2395,@@@2013.06.14@@@,300,1,0,@@@G_DIAZ@@@)','',2,'2013-06-14'),(26230,'INSERT INTO gne_vale_ferreteria_mov (vfe_id,pro_codigo_plu,vfm_cantidad,vfm_unitario,vfm_total,vfm_entregado) VALUES (2395,8021,2,150,300,@@@NO@@@)','',2,'2013-06-14'),(26231,'INSERT INTO gne_vale_ferreteria (vfe_id,vfe_fecha,vfe_total,vfe_estado,vfe_entregado,usu_nusuario) VALUES (2396,@@@2013.06.14@@@,1370,1,0,@@@G_DIAZ@@@)','',2,'2013-06-14'),(26232,'INSERT INTO gne_vale_ferreteria_mov (vfe_id,pro_codigo_plu,vfm_cantidad,vfm_unitario,vfm_total,vfm_entregado) VALUES (2396,764834,10,20,200,@@@NO@@@)','',2,'2013-06-14'),(26233,'INSERT INTO gne_vale_ferreteria_mov (vfe_id,pro_codigo_plu,vfm_cantidad,vfm_unitario,vfm_total,vfm_entregado) VALUES (2396,78017241,1,40,40,@@@NO@@@)','',2,'2013-06-14'),(26234,'INSERT INTO gne_vale_ferreteria_mov (vfe_id,pro_codigo_plu,vfm_cantidad,vfm_unitario,vfm_total,vfm_entregado) VALUES (2396,780220188,2,100,200,@@@NO@@@)','',2,'2013-06-14'),(26235,'INSERT INTO gne_vale_ferreteria_mov (vfe_id,pro_codigo_plu,vfm_cantidad,vfm_unitario,vfm_total,vfm_entregado) VALUES (2396,764273,1,440,440,@@@NO@@@)','',2,'2013-06-14'),(26236,'INSERT INTO gne_vale_ferreteria_mov (vfe_id,pro_codigo_plu,vfm_cantidad,vfm_unitario,vfm_total,vfm_entregado) VALUES (2396,78017127,1,490,490,@@@NO@@@)','',2,'2013-06-14'),(26237,'INSERT INTO gne_vale_ferreteria (vfe_id,vfe_fecha,vfe_total,vfe_estado,vfe_entregado,usu_nusuario) VALUES (2397,@@@2013.06.14@@@,200,1,0,@@@G_DIAZ@@@)','',2,'2013-06-14'),(26238,'INSERT INTO gne_vale_ferreteria_mov (vfe_id,pro_codigo_plu,vfm_cantidad,vfm_unitario,vfm_total,vfm_entregado) VALUES (2397,78017194,1,200,200,@@@NO@@@)','',2,'2013-06-14'),(26239,'INSERT INTO gne_vale_ferreteria (vfe_id,vfe_fecha,vfe_total,vfe_estado,vfe_entregado,usu_nusuario) VALUES (2398,@@@2013.06.14@@@,130,1,0,@@@G_DIAZ@@@)','',2,'2013-06-14'),(26240,'INSERT INTO gne_vale_ferreteria_mov (vfe_id,pro_codigo_plu,vfm_cantidad,vfm_unitario,vfm_total,vfm_entregado) VALUES (2398,78017148,1,130,130,@@@NO@@@)','',2,'2013-06-14'),(26241,'INSERT INTO gne_vale_ferreteria (vfe_id,vfe_fecha,vfe_total,vfe_estado,vfe_entregado,usu_nusuario) VALUES (2399,@@@2013.06.14@@@,100,1,0,@@@G_DIAZ@@@)','',2,'2013-06-14'),(26242,'INSERT INTO gne_vale_ferreteria_mov (vfe_id,pro_codigo_plu,vfm_cantidad,vfm_unitario,vfm_total,vfm_entregado) VALUES (2399,78017190,1,100,100,@@@NO@@@)','',2,'2013-06-14'),(26243,'INSERT INTO gne_vale_ferreteria (vfe_id,vfe_fecha,vfe_total,vfe_estado,vfe_entregado,usu_nusuario) VALUES (2400,@@@2013.06.14@@@,1690,1,0,@@@G_DIAZ@@@)','',2,'2013-06-14'),(26244,'INSERT INTO gne_vale_ferreteria_mov (vfe_id,pro_codigo_plu,vfm_cantidad,vfm_unitario,vfm_total,vfm_entregado) VALUES (2400,78017116,1,1690,1690,@@@NO@@@)','',2,'2013-06-14'),(26245,'INSERT INTO gne_vale_ferreteria (vfe_id,vfe_fecha,vfe_total,vfe_estado,vfe_entregado,usu_nusuario) VALUES (2401,@@@2013.06.14@@@,50,1,0,@@@G_DIAZ@@@)','',2,'2013-06-14'),(26246,'INSERT INTO gne_vale_ferreteria_mov (vfe_id,pro_codigo_plu,vfm_cantidad,vfm_unitario,vfm_total,vfm_entregado) VALUES (2401,764383,1,50,50,@@@NO@@@)','',2,'2013-06-14'),(26247,'INSERT INTO gne_vale_ferreteria (vfe_id,vfe_fecha,vfe_total,vfe_estado,vfe_entregado,usu_nusuario) VALUES (2402,@@@2013.06.14@@@,200,1,0,@@@G_DIAZ@@@)','',2,'2013-06-14'),(26248,'INSERT INTO gne_vale_ferreteria_mov (vfe_id,pro_codigo_plu,vfm_cantidad,vfm_unitario,vfm_total,vfm_entregado) VALUES (2402,4081,2,100,200,@@@NO@@@)','',2,'2013-06-14'),(26249,'UPDATE mae_productos SET pro_margen_actual=0,pro_precio_venta=150 WHERE pro_codigo_plu=16606','',2,'2013-06-14'),(26250,'UPDATE mae_productos SET pro_margen_actual=0,pro_precio_venta=150 WHERE pro_codigo_plu=16605','',2,'2013-06-14'),(26251,'UPDATE mae_productos SET pro_margen_actual=0,pro_precio_venta=150 WHERE pro_codigo_plu=16588','',2,'2013-06-14'),(26252,'UPDATE mae_productos SET pro_margen_actual=0,pro_precio_venta=330 WHERE pro_codigo_plu=763580','',2,'2013-06-14'),(26253,'UPDATE mae_productos SET pro_precio_fiscal=pro_precio_venta WHERE pro_codigo_plu=763580','',2,'2013-06-14'),(26254,'UPDATE mae_productos SET pro_precio_fiscal=pro_precio_venta WHERE pro_codigo_plu=16605','',2,'2013-06-14'),(26255,'UPDATE mae_productos SET pro_precio_fiscal=pro_precio_venta WHERE pro_codigo_plu=16606','',2,'2013-06-14'),(26256,'INSERT INTO mae_productos (pro_codigo_plu,pro_codigo_barra,pro_tipo,pro_nombre_producto,pro_nombre_corto,med_id,emb_id,pro_unidades_embalaje,dep_id,lin_id,mar_id,pro_precio_compra_neto,pro_precio_compra_bruto,pro_precio_venta,pro_margen_actual,pro_oferta,pro_fecha_inicio_oferta,pro_fecha_termino_oferta,pro_precio_oferta,pro_stock_minimo,pro_stock_critico,pro_entradas_bodega,pro_salidas_bodega,pro_mermas_bodega,pro_ajustes_bodega,pro_entradas_sv,pro_salidas_sv,pro_mermas_sv,pro_ajustes_sv,pro_activo,rec_numero,pro_unidad,pro_capacidad,pro_consumo_bodega,pro_consumo_sv,pro_estado,pro_funcion_plu,pro_flejes,pro_iva,pro_plu_asociado,pro_envase,pro_duracion,pro_numero_etiqueta) VALUES (780721182,@@@7613033345029@@@,@@@0@@@,@@@SEMOLA CON LECHE Y SALSA DE CARAMELO@@@,@@@SEMOLA CON LECHE@@@,@@@5 @@@,@@@3 @@@,@@@0@@@,@@@3 @@@,@@@52@@@,@@@9@@@,@@@0@@@,@@@0@@@,@@@380@@@,@@@0@@@,@@@@@@,@@@2013.06.14@@@,@@@2013.06.14@@@,@@@0@@@,@@@0@@@,@@@0@@@,@@@0@@@,@@@0@@@,@@@0@@@,@@@0@@@,@@@0@@@,@@@0@@@,@@@0@@@,@@@0@@@,@@@1@@@,@@@0@@@,0,35,0,0,2,0,1,1,0,@@@NO@@@,0,0)','',2,'2013-06-14'),(26257,'DELETE FROM mae_impuestos_productos WHERE pro_codigo_plu=@@@780721182@@@','',2,'2013-06-14'),(26258,'UPDATE mae_productos SET pro_precio_fiscal=pro_precio_venta WHERE pro_codigo_plu=780721182','',2,'2013-06-14'),(26259,'INSERT INTO gne_vale_ferreteria (vfe_id,vfe_fecha,vfe_total,vfe_estado,vfe_entregado,usu_nusuario) VALUES (2403,@@@2013.06.14@@@,1890,1,0,@@@b_SAEZ@@@)','',2,'2013-06-14'),(26260,'INSERT INTO gne_vale_ferreteria_mov (vfe_id,pro_codigo_plu,vfm_cantidad,vfm_unitario,vfm_total,vfm_entregado) VALUES (2403,102072,1,1890,1890,@@@NO@@@)','',2,'2013-06-14'),(26261,'INSERT INTO gne_vale_ferreteria (vfe_id,vfe_fecha,vfe_total,vfe_estado,vfe_entregado,usu_nusuario) VALUES (2404,@@@2013.06.14@@@,290,1,0,@@@b_SAEZ@@@)','',2,'2013-06-14'),(26262,'INSERT INTO gne_vale_ferreteria_mov (vfe_id,pro_codigo_plu,vfm_cantidad,vfm_unitario,vfm_total,vfm_entregado) VALUES (2404,763772,1,290,290,@@@NO@@@)','',2,'2013-06-14'),(26263,'INSERT INTO gne_vale_ferreteria (vfe_id,vfe_fecha,vfe_total,vfe_estado,vfe_entregado,usu_nusuario) VALUES (2405,@@@2013.06.14@@@,2620,1,0,@@@b_SAEZ@@@)','',2,'2013-06-14'),(26264,'INSERT INTO gne_vale_ferreteria_mov (vfe_id,pro_codigo_plu,vfm_cantidad,vfm_unitario,vfm_total,vfm_entregado) VALUES (2405,101101,1,200,200,@@@NO@@@)','',2,'2013-06-14'),(26265,'INSERT INTO gne_vale_ferreteria_mov (vfe_id,pro_codigo_plu,vfm_cantidad,vfm_unitario,vfm_total,vfm_entregado) VALUES (2405,764846,1,390,390,@@@NO@@@)','',2,'2013-06-14'),(26266,'INSERT INTO gne_vale_ferreteria_mov (vfe_id,pro_codigo_plu,vfm_cantidad,vfm_unitario,vfm_total,vfm_entregado) VALUES (2405,20756,1,450,450,@@@NO@@@)','',2,'2013-06-14'),(26267,'INSERT INTO gne_vale_ferreteria_mov (vfe_id,pro_codigo_plu,vfm_cantidad,vfm_unitario,vfm_total,vfm_entregado) VALUES (2405,763772,1,290,290,@@@NO@@@)','',2,'2013-06-14'),(26268,'INSERT INTO gne_vale_ferreteria_mov (vfe_id,pro_codigo_plu,vfm_cantidad,vfm_unitario,vfm_total,vfm_entregado) VALUES (2405,78017016,1,120,120,@@@NO@@@)','',2,'2013-06-14'),(26269,'INSERT INTO gne_vale_ferreteria_mov (vfe_id,pro_codigo_plu,vfm_cantidad,vfm_unitario,vfm_total,vfm_entregado) VALUES (2405,19956,1,990,990,@@@NO@@@)','',2,'2013-06-14'),(26270,'INSERT INTO gne_vale_ferreteria_mov (vfe_id,pro_codigo_plu,vfm_cantidad,vfm_unitario,vfm_total,vfm_entregado) VALUES (2405,770038,2,90,180,@@@NO@@@)','',2,'2013-06-14'),(26271,'INSERT INTO gne_vale_ferreteria (vfe_id,vfe_fecha,vfe_total,vfe_estado,vfe_entregado,usu_nusuario) VALUES (2406,@@@2013.06.14@@@,300,1,0,@@@b_SAEZ@@@)','',2,'2013-06-14'),(26272,'INSERT INTO gne_vale_ferreteria_mov (vfe_id,pro_codigo_plu,vfm_cantidad,vfm_unitario,vfm_total,vfm_entregado) VALUES (2406,2004,1,300,300,@@@NO@@@)','',2,'2013-06-14'),(26273,'INSERT INTO gne_vale_ferreteria (vfe_id,vfe_fecha,vfe_total,vfe_estado,vfe_entregado,usu_nusuario) VALUES (2407,@@@2013.06.14@@@,300,1,0,@@@b_SAEZ@@@)','',2,'2013-06-14'),(26274,'INSERT INTO gne_vale_ferreteria_mov (vfe_id,pro_codigo_plu,vfm_cantidad,vfm_unitario,vfm_total,vfm_entregado) VALUES (2407,764832,1,150,150,@@@NO@@@)','',2,'2013-06-14'),(26275,'INSERT INTO gne_vale_ferreteria_mov (vfe_id,pro_codigo_plu,vfm_cantidad,vfm_unitario,vfm_total,vfm_entregado) VALUES (2407,21136,1,150,150,@@@NO@@@)','',2,'2013-06-14'),(26276,'INSERT INTO gne_vale_ferreteria (vfe_id,vfe_fecha,vfe_total,vfe_estado,vfe_entregado,usu_nusuario) VALUES (2408,@@@2013.06.14@@@,990,1,0,@@@b_SAEZ@@@)','',2,'2013-06-14'),(26277,'INSERT INTO gne_vale_ferreteria_mov (vfe_id,pro_codigo_plu,vfm_cantidad,vfm_unitario,vfm_total,vfm_entregado) VALUES (2408,764673,1,990,990,@@@NO@@@)','',2,'2013-06-14'),(26278,'INSERT INTO gne_vale_ferreteria (vfe_id,vfe_fecha,vfe_total,vfe_estado,vfe_entregado,usu_nusuario) VALUES (2409,@@@2013.06.14@@@,1990,1,0,@@@b_SAEZ@@@)','',2,'2013-06-14'),(26279,'INSERT INTO gne_vale_ferreteria_mov (vfe_id,pro_codigo_plu,vfm_cantidad,vfm_unitario,vfm_total,vfm_entregado) VALUES (2409,262018,1,1990,1990,@@@NO@@@)','',2,'2013-06-14'),(26280,'INSERT INTO gne_vale_ferreteria (vfe_id,vfe_fecha,vfe_total,vfe_estado,vfe_entregado,usu_nusuario) VALUES (2410,@@@2013.06.14@@@,5330,1,0,@@@b_SAEZ@@@)','',2,'2013-06-14'),(26281,'INSERT INTO gne_vale_ferreteria_mov (vfe_id,pro_codigo_plu,vfm_cantidad,vfm_unitario,vfm_total,vfm_entregado) VALUES (2410,1049,2,330,660,@@@NO@@@)','',2,'2013-06-14'),(26282,'INSERT INTO gne_vale_ferreteria_mov (vfe_id,pro_codigo_plu,vfm_cantidad,vfm_unitario,vfm_total,vfm_entregado) VALUES (2410,764199,1,3490,3490,@@@NO@@@)','',2,'2013-06-14'),(26283,'INSERT INTO gne_vale_ferreteria_mov (vfe_id,pro_codigo_plu,vfm_cantidad,vfm_unitario,vfm_total,vfm_entregado) VALUES (2410,770091,1,690,690,@@@NO@@@)','',2,'2013-06-14'),(26284,'INSERT INTO gne_vale_ferreteria_mov (vfe_id,pro_codigo_plu,vfm_cantidad,vfm_unitario,vfm_total,vfm_entregado) VALUES (2410,764225,1,490,490,@@@NO@@@)','',2,'2013-06-14'),(26285,'INSERT INTO gne_vale_ferreteria (vfe_id,vfe_fecha,vfe_total,vfe_estado,vfe_entregado,usu_nusuario) VALUES (2411,@@@2013.06.14@@@,1890,1,0,@@@b_SAEZ@@@)','',2,'2013-06-14'),(26286,'INSERT INTO gne_vale_ferreteria_mov (vfe_id,pro_codigo_plu,vfm_cantidad,vfm_unitario,vfm_total,vfm_entregado) VALUES (2411,101624,1,1890,1890,@@@NO@@@)','',2,'2013-06-14'),(26287,'INSERT INTO gne_vale_ferreteria (vfe_id,vfe_fecha,vfe_total,vfe_estado,vfe_entregado,usu_nusuario) VALUES (2412,@@@2013.06.14@@@,390,1,0,@@@b_SAEZ@@@)','',2,'2013-06-14'),(26288,'INSERT INTO gne_vale_ferreteria_mov (vfe_id,pro_codigo_plu,vfm_cantidad,vfm_unitario,vfm_total,vfm_entregado) VALUES (2412,763629,1,390,390,@@@NO@@@)','',2,'2013-06-14'),(26289,'INSERT INTO gne_vale_ferreteria (vfe_id,vfe_fecha,vfe_total,vfe_estado,vfe_entregado,usu_nusuario) VALUES (2413,@@@2013.06.14@@@,300,1,0,@@@b_SAEZ@@@)','',2,'2013-06-14'),(26290,'INSERT INTO gne_vale_ferreteria_mov (vfe_id,pro_codigo_plu,vfm_cantidad,vfm_unitario,vfm_total,vfm_entregado) VALUES (2413,8021,1,150,150,@@@NO@@@)','',2,'2013-06-14'),(26291,'INSERT INTO gne_vale_ferreteria_mov (vfe_id,pro_codigo_plu,vfm_cantidad,vfm_unitario,vfm_total,vfm_entregado) VALUES (2413,21136,1,150,150,@@@NO@@@)','',2,'2013-06-14'),(26292,'INSERT INTO gne_vale_ferreteria (vfe_id,vfe_fecha,vfe_total,vfe_estado,vfe_entregado,usu_nusuario) VALUES (2414,@@@2013.06.14@@@,4580,1,0,@@@b_SAEZ@@@)','',2,'2013-06-14'),(26293,'INSERT INTO gne_vale_ferreteria_mov (vfe_id,pro_codigo_plu,vfm_cantidad,vfm_unitario,vfm_total,vfm_entregado) VALUES (2414,780220156,2,2290,4580,@@@NO@@@)','',2,'2013-06-14'),(26294,'INSERT INTO gne_vale_ferreteria (vfe_id,vfe_fecha,vfe_total,vfe_estado,vfe_entregado,usu_nusuario) VALUES (2415,@@@2013.06.14@@@,550,1,0,@@@b_SAEZ@@@)','',2,'2013-06-14'),(26295,'INSERT INTO gne_vale_ferreteria_mov (vfe_id,pro_codigo_plu,vfm_cantidad,vfm_unitario,vfm_total,vfm_entregado) VALUES (2415,764995,1,550,550,@@@NO@@@)','',2,'2013-06-14'),(26296,'INSERT INTO gne_vale_ferreteria (vfe_id,vfe_fecha,vfe_total,vfe_estado,vfe_entregado,usu_nusuario) VALUES (2416,@@@2013.06.14@@@,690,1,0,@@@b_SAEZ@@@)','',2,'2013-06-14'),(26297,'INSERT INTO gne_vale_ferreteria_mov (vfe_id,pro_codigo_plu,vfm_cantidad,vfm_unitario,vfm_total,vfm_entregado) VALUES (2416,764253,1,490,490,@@@NO@@@)','',2,'2013-06-14'),(26298,'INSERT INTO gne_vale_ferreteria_mov (vfe_id,pro_codigo_plu,vfm_cantidad,vfm_unitario,vfm_total,vfm_entregado) VALUES (2416,770000,4,50,200,@@@NO@@@)','',2,'2013-06-14'),(26299,'INSERT INTO gne_vale_ferreteria (vfe_id,vfe_fecha,vfe_total,vfe_estado,vfe_entregado,usu_nusuario) VALUES (2417,@@@2013.06.14@@@,2160,1,0,@@@b_SAEZ@@@)','',2,'2013-06-14'),(26300,'INSERT INTO gne_vale_ferreteria_mov (vfe_id,pro_codigo_plu,vfm_cantidad,vfm_unitario,vfm_total,vfm_entregado) VALUES (2417,8021,3,150,450,@@@NO@@@)','',2,'2013-06-14'),(26301,'INSERT INTO gne_vale_ferreteria_mov (vfe_id,pro_codigo_plu,vfm_cantidad,vfm_unitario,vfm_total,vfm_entregado) VALUES (2417,19916,1,540,540,@@@NO@@@)','',2,'2013-06-14'),(26302,'INSERT INTO gne_vale_ferreteria_mov (vfe_id,pro_codigo_plu,vfm_cantidad,vfm_unitario,vfm_total,vfm_entregado) VALUES (2417,780721107,1,790,790,@@@NO@@@)','',2,'2013-06-14'),(26303,'INSERT INTO gne_vale_ferreteria_mov (vfe_id,pro_codigo_plu,vfm_cantidad,vfm_unitario,vfm_total,vfm_entregado) VALUES (2417,16430,2,160,320,@@@NO@@@)','',2,'2013-06-14'),(26304,'INSERT INTO gne_vale_ferreteria_mov (vfe_id,pro_codigo_plu,vfm_cantidad,vfm_unitario,vfm_total,vfm_entregado) VALUES (2417,4079,2,30,60,@@@NO@@@)','',2,'2013-06-14'),(26305,'INSERT INTO gne_vale_ferreteria (vfe_id,vfe_fecha,vfe_total,vfe_estado,vfe_entregado,usu_nusuario) VALUES (2418,@@@2013.06.14@@@,200,1,0,@@@b_SAEZ@@@)','',2,'2013-06-14'),(26306,'INSERT INTO gne_vale_ferreteria_mov (vfe_id,pro_codigo_plu,vfm_cantidad,vfm_unitario,vfm_total,vfm_entregado) VALUES (2418,770000,4,50,200,@@@NO@@@)','',2,'2013-06-14'),(26307,'INSERT INTO gne_vale_ferreteria (vfe_id,vfe_fecha,vfe_total,vfe_estado,vfe_entregado,usu_nusuario) VALUES (2419,@@@2013.06.14@@@,150,1,0,@@@b_SAEZ@@@)','',2,'2013-06-14'),(26308,'INSERT INTO gne_vale_ferreteria_mov (vfe_id,pro_codigo_plu,vfm_cantidad,vfm_unitario,vfm_total,vfm_entregado) VALUES (2419,764832,1,150,150,@@@NO@@@)','',2,'2013-06-14'),(26309,'INSERT INTO gne_vale_ferreteria (vfe_id,vfe_fecha,vfe_total,vfe_estado,vfe_entregado,usu_nusuario) VALUES (2420,@@@2013.06.14@@@,150,1,0,@@@b_SAEZ@@@)','',2,'2013-06-14'),(26310,'INSERT INTO gne_vale_ferreteria_mov (vfe_id,pro_codigo_plu,vfm_cantidad,vfm_unitario,vfm_total,vfm_entregado) VALUES (2420,21136,1,150,150,@@@NO@@@)','',2,'2013-06-14'),(26311,'INSERT INTO gne_vale_ferreteria (vfe_id,vfe_fecha,vfe_total,vfe_estado,vfe_entregado,usu_nusuario) VALUES (2421,@@@2013.06.14@@@,2290,1,0,@@@b_SAEZ@@@)','',2,'2013-06-14'),(26312,'INSERT INTO gne_vale_ferreteria_mov (vfe_id,pro_codigo_plu,vfm_cantidad,vfm_unitario,vfm_total,vfm_entregado) VALUES (2421,780220156,1,2290,2290,@@@NO@@@)','',2,'2013-06-14'),(26313,'INSERT INTO gne_vale_ferreteria (vfe_id,vfe_fecha,vfe_total,vfe_estado,vfe_entregado,usu_nusuario) VALUES (2422,@@@2013.06.14@@@,120,1,0,@@@b_SAEZ@@@)','',2,'2013-06-14'),(26314,'INSERT INTO gne_vale_ferreteria_mov (vfe_id,pro_codigo_plu,vfm_cantidad,vfm_unitario,vfm_total,vfm_entregado) VALUES (2422,8022,1,120,120,@@@NO@@@)','',2,'2013-06-14'),(26315,'INSERT INTO gne_vale_ferreteria (vfe_id,vfe_fecha,vfe_total,vfe_estado,vfe_entregado,usu_nusuario) VALUES (2423,@@@2013.06.14@@@,4690,1,0,@@@b_SAEZ@@@)','',2,'2013-06-14'),(26316,'INSERT INTO gne_vale_ferreteria_mov (vfe_id,pro_codigo_plu,vfm_cantidad,vfm_unitario,vfm_total,vfm_entregado) VALUES (2423,764883,1,4690,4690,@@@NO@@@)','',2,'2013-06-14'),(26317,'INSERT INTO gne_vale_ferreteria (vfe_id,vfe_fecha,vfe_total,vfe_estado,vfe_entregado,usu_nusuario) VALUES (2424,@@@2013.06.14@@@,490,1,0,@@@b_SAEZ@@@)','',2,'2013-06-14'),(26318,'INSERT INTO gne_vale_ferreteria_mov (vfe_id,pro_codigo_plu,vfm_cantidad,vfm_unitario,vfm_total,vfm_entregado) VALUES (2424,764221,1,490,490,@@@NO@@@)','',2,'2013-06-14'),(26319,'INSERT INTO gne_vale_ferreteria (vfe_id,vfe_fecha,vfe_total,vfe_estado,vfe_entregado,usu_nusuario) VALUES (2425,@@@2013.06.14@@@,290,1,0,@@@b_SAEZ@@@)','',2,'2013-06-14'),(26320,'INSERT INTO gne_vale_ferreteria_mov (vfe_id,pro_codigo_plu,vfm_cantidad,vfm_unitario,vfm_total,vfm_entregado) VALUES (2425,764778,1,290,290,@@@NO@@@)','',2,'2013-06-14'),(26321,'INSERT INTO gne_vale_ferreteria (vfe_id,vfe_fecha,vfe_total,vfe_estado,vfe_entregado,usu_nusuario) VALUES (2426,@@@2013.06.14@@@,490,1,0,@@@b_SAEZ@@@)','',2,'2013-06-14'),(26322,'INSERT INTO gne_vale_ferreteria_mov (vfe_id,pro_codigo_plu,vfm_cantidad,vfm_unitario,vfm_total,vfm_entregado) VALUES (2426,1538,1,490,490,@@@NO@@@)','',2,'2013-06-14'),(26323,'INSERT INTO gne_vale_ferreteria (vfe_id,vfe_fecha,vfe_total,vfe_estado,vfe_entregado,usu_nusuario) VALUES (2427,@@@2013.06.14@@@,5490,1,0,@@@b_SAEZ@@@)','',2,'2013-06-14'),(26324,'INSERT INTO gne_vale_ferreteria_mov (vfe_id,pro_codigo_plu,vfm_cantidad,vfm_unitario,vfm_total,vfm_entregado) VALUES (2427,764963,1,5490,5490,@@@NO@@@)','',2,'2013-06-14'),(26325,'INSERT INTO gne_vale_ferreteria (vfe_id,vfe_fecha,vfe_total,vfe_estado,vfe_entregado,usu_nusuario) VALUES (2428,@@@2013.06.14@@@,550,1,0,@@@b_SAEZ@@@)','',2,'2013-06-14'),(26326,'INSERT INTO gne_vale_ferreteria_mov (vfe_id,pro_codigo_plu,vfm_cantidad,vfm_unitario,vfm_total,vfm_entregado) VALUES (2428,763582,1,550,550,@@@NO@@@)','',2,'2013-06-14'),(26327,'INSERT INTO gne_vale_ferreteria (vfe_id,vfe_fecha,vfe_total,vfe_estado,vfe_entregado,usu_nusuario) VALUES (2429,@@@2013.06.14@@@,330,1,0,@@@b_SAEZ@@@)','',2,'2013-06-14'),(26328,'INSERT INTO gne_vale_ferreteria_mov (vfe_id,pro_codigo_plu,vfm_cantidad,vfm_unitario,vfm_total,vfm_entregado) VALUES (2429,763588,1,330,330,@@@NO@@@)','',2,'2013-06-14'),(26329,'INSERT INTO mae_productos (pro_codigo_plu,pro_codigo_barra,pro_tipo,pro_nombre_producto,pro_nombre_corto,med_id,emb_id,pro_unidades_embalaje,dep_id,lin_id,mar_id,pro_precio_compra_neto,pro_precio_compra_bruto,pro_precio_venta,pro_margen_actual,pro_oferta,pro_fecha_inicio_oferta,pro_fecha_termino_oferta,pro_precio_oferta,pro_stock_minimo,pro_stock_critico,pro_entradas_bodega,pro_salidas_bodega,pro_mermas_bodega,pro_ajustes_bodega,pro_entradas_sv,pro_salidas_sv,pro_mermas_sv,pro_ajustes_sv,pro_activo,rec_numero,pro_unidad,pro_capacidad,pro_consumo_bodega,pro_consumo_sv,pro_estado,pro_funcion_plu,pro_flejes,pro_iva,pro_plu_asociado,pro_envase,pro_duracion,pro_numero_etiqueta) VALUES (780721183,@@@7613033813597@@@,@@@0@@@,@@@YOGHURT NESTLE CHOCAPIC TRADICIONAL@@@,@@@YOGHURT NESTLE C@@@,@@@5 @@@,@@@3 @@@,@@@0@@@,@@@3 @@@,@@@50@@@,@@@9@@@,@@@0@@@,@@@0@@@,@@@330@@@,@@@0@@@,@@@@@@,@@@2013.06.14@@@,@@@2013.06.14@@@,@@@0@@@,@@@0@@@,@@@0@@@,@@@0@@@,@@@0@@@,@@@0@@@,@@@0@@@,@@@0@@@,@@@0@@@,@@@0@@@,@@@0@@@,@@@1@@@,@@@0@@@,0,120,0,0,2,0,1,1,0,@@@NO@@@,0,0)','',2,'2013-06-14'),(26330,'DELETE FROM mae_impuestos_productos WHERE pro_codigo_plu=@@@780721183@@@','',2,'2013-06-14'),(26331,'INSERT INTO gne_vale_ferreteria (vfe_id,vfe_fecha,vfe_total,vfe_estado,vfe_entregado,usu_nusuario) VALUES (2430,@@@2013.06.14@@@,2080,1,0,@@@b_SAEZ@@@)','',2,'2013-06-14'),(26332,'INSERT INTO gne_vale_ferreteria_mov (vfe_id,pro_codigo_plu,vfm_cantidad,vfm_unitario,vfm_total,vfm_entregado) VALUES (2430,262011,1,1590,1590,@@@NO@@@)','',2,'2013-06-14'),(26333,'INSERT INTO gne_vale_ferreteria_mov (vfe_id,pro_codigo_plu,vfm_cantidad,vfm_unitario,vfm_total,vfm_entregado) VALUES (2430,1552,1,490,490,@@@NO@@@)','',2,'2013-06-14'),(26334,'INSERT INTO gne_vale_ferreteria (vfe_id,vfe_fecha,vfe_total,vfe_estado,vfe_entregado,usu_nusuario) VALUES (2431,@@@2013.06.14@@@,1280,1,0,@@@b_SAEZ@@@)','',2,'2013-06-14'),(26335,'INSERT INTO gne_vale_ferreteria_mov (vfe_id,pro_codigo_plu,vfm_cantidad,vfm_unitario,vfm_total,vfm_entregado) VALUES (2431,1563,1,690,690,@@@NO@@@)','',2,'2013-06-14'),(26336,'INSERT INTO gne_vale_ferreteria_mov (vfe_id,pro_codigo_plu,vfm_cantidad,vfm_unitario,vfm_total,vfm_entregado) VALUES (2431,4098,1,590,590,@@@NO@@@)','',2,'2013-06-14'),(26337,'INSERT INTO gne_vale_ferreteria (vfe_id,vfe_fecha,vfe_total,vfe_estado,vfe_entregado,usu_nusuario) VALUES (2432,@@@2013.06.14@@@,490,1,0,@@@b_SAEZ@@@)','',2,'2013-06-14'),(26338,'INSERT INTO gne_vale_ferreteria_mov (vfe_id,pro_codigo_plu,vfm_cantidad,vfm_unitario,vfm_total,vfm_entregado) VALUES (2432,2009,1,490,490,@@@NO@@@)','',2,'2013-06-14'),(26339,'INSERT INTO gne_vale_ferreteria (vfe_id,vfe_fecha,vfe_total,vfe_estado,vfe_entregado,usu_nusuario) VALUES (2433,@@@2013.06.14@@@,580,1,0,@@@b_SAEZ@@@)','',2,'2013-06-14'),(26340,'INSERT INTO gne_vale_ferreteria_mov (vfe_id,pro_codigo_plu,vfm_cantidad,vfm_unitario,vfm_total,vfm_entregado) VALUES (2433,764778,2,290,580,@@@NO@@@)','',2,'2013-06-14'),(26341,'INSERT INTO gne_vale_ferreteria (vfe_id,vfe_fecha,vfe_total,vfe_estado,vfe_entregado,usu_nusuario) VALUES (2434,@@@2013.06.14@@@,250,1,0,@@@b_SAEZ@@@)','',2,'2013-06-14'),(26342,'INSERT INTO gne_vale_ferreteria_mov (vfe_id,pro_codigo_plu,vfm_cantidad,vfm_unitario,vfm_total,vfm_entregado) VALUES (2434,2021,1,250,250,@@@NO@@@)','',2,'2013-06-14'),(26343,'INSERT INTO gne_vale_ferreteria (vfe_id,vfe_fecha,vfe_total,vfe_estado,vfe_entregado,usu_nusuario) VALUES (2435,@@@2013.06.14@@@,2370,1,0,@@@b_SAEZ@@@)','',2,'2013-06-14'),(26344,'INSERT INTO gne_vale_ferreteria_mov (vfe_id,pro_codigo_plu,vfm_cantidad,vfm_unitario,vfm_total,vfm_entregado) VALUES (2435,764766,4,120,480,@@@NO@@@)','',2,'2013-06-14'),(26345,'INSERT INTO gne_vale_ferreteria_mov (vfe_id,pro_codigo_plu,vfm_cantidad,vfm_unitario,vfm_total,vfm_entregado) VALUES (2435,101845,1,1890,1890,@@@NO@@@)','',2,'2013-06-14'),(26346,'INSERT INTO gne_vale_ferreteria (vfe_id,vfe_fecha,vfe_total,vfe_estado,vfe_entregado,usu_nusuario) VALUES (2436,@@@2013.06.14@@@,3890,1,0,@@@b_SAEZ@@@)','',2,'2013-06-14'),(26347,'INSERT INTO gne_vale_ferreteria_mov (vfe_id,pro_codigo_plu,vfm_cantidad,vfm_unitario,vfm_total,vfm_entregado) VALUES (2436,764038,1,3890,3890,@@@NO@@@)','',2,'2013-06-14'),(26348,'INSERT INTO gne_vale_ferreteria (vfe_id,vfe_fecha,vfe_total,vfe_estado,vfe_entregado,usu_nusuario) VALUES (2437,@@@2013.06.14@@@,1040,1,0,@@@b_SAEZ@@@)','',2,'2013-06-14'),(26349,'INSERT INTO gne_vale_ferreteria_mov (vfe_id,pro_codigo_plu,vfm_cantidad,vfm_unitario,vfm_total,vfm_entregado) VALUES (2437,764823,10,80,800,@@@NO@@@)','',2,'2013-06-14'),(26350,'INSERT INTO gne_vale_ferreteria_mov (vfe_id,pro_codigo_plu,vfm_cantidad,vfm_unitario,vfm_total,vfm_entregado) VALUES (2437,8022,2,120,240,@@@NO@@@)','',2,'2013-06-14'),(26351,'INSERT INTO gne_vale_ferreteria (vfe_id,vfe_fecha,vfe_total,vfe_estado,vfe_entregado,usu_nusuario) VALUES (2438,@@@2013.06.14@@@,1090,1,0,@@@b_SAEZ@@@)','',2,'2013-06-14'),(26352,'INSERT INTO gne_vale_ferreteria_mov (vfe_id,pro_codigo_plu,vfm_cantidad,vfm_unitario,vfm_total,vfm_entregado) VALUES (2438,19916,1,540,540,@@@NO@@@)','',2,'2013-06-14'),(26353,'INSERT INTO gne_vale_ferreteria_mov (vfe_id,pro_codigo_plu,vfm_cantidad,vfm_unitario,vfm_total,vfm_entregado) VALUES (2438,763910,1,550,550,@@@NO@@@)','',2,'2013-06-14'),(26354,'INSERT INTO gne_vale_ferreteria (vfe_id,vfe_fecha,vfe_total,vfe_estado,vfe_entregado,usu_nusuario) VALUES (2439,@@@2013.06.14@@@,1890,1,0,@@@b_SAEZ@@@)','',2,'2013-06-14'),(26355,'INSERT INTO gne_vale_ferreteria_mov (vfe_id,pro_codigo_plu,vfm_cantidad,vfm_unitario,vfm_total,vfm_entregado) VALUES (2439,102075,1,1890,1890,@@@NO@@@)','',2,'2013-06-14'),(26356,'INSERT INTO gne_vale_ferreteria (vfe_id,vfe_fecha,vfe_total,vfe_estado,vfe_entregado,usu_nusuario) VALUES (2440,@@@2013.06.14@@@,3180,1,0,@@@b_SAEZ@@@)','',2,'2013-06-14'),(26357,'INSERT INTO gne_vale_ferreteria_mov (vfe_id,pro_codigo_plu,vfm_cantidad,vfm_unitario,vfm_total,vfm_entregado) VALUES (2440,764439,1,1290,1290,@@@NO@@@)','',2,'2013-06-14'),(26358,'INSERT INTO gne_vale_ferreteria_mov (vfe_id,pro_codigo_plu,vfm_cantidad,vfm_unitario,vfm_total,vfm_entregado) VALUES (2440,102075,1,1890,1890,@@@NO@@@)','',2,'2013-06-14'),(26359,'INSERT INTO gne_vale_ferreteria (vfe_id,vfe_fecha,vfe_total,vfe_estado,vfe_entregado,usu_nusuario) VALUES (2441,@@@2013.06.14@@@,200,1,0,@@@b_SAEZ@@@)','',2,'2013-06-14'),(26360,'INSERT INTO gne_vale_ferreteria_mov (vfe_id,pro_codigo_plu,vfm_cantidad,vfm_unitario,vfm_total,vfm_entregado) VALUES (2441,765072,1,200,200,@@@NO@@@)','',2,'2013-06-14'),(26361,'INSERT INTO gne_vale_ferreteria (vfe_id,vfe_fecha,vfe_total,vfe_estado,vfe_entregado,usu_nusuario) VALUES (2442,@@@2013.06.14@@@,80,1,0,@@@b_SAEZ@@@)','',2,'2013-06-14'),(26362,'INSERT INTO gne_vale_ferreteria_mov (vfe_id,pro_codigo_plu,vfm_cantidad,vfm_unitario,vfm_total,vfm_entregado) VALUES (2442,770001,1,80,80,@@@NO@@@)','',2,'2013-06-14'),(26363,'INSERT INTO gne_vale_ferreteria (vfe_id,vfe_fecha,vfe_total,vfe_estado,vfe_entregado,usu_nusuario) VALUES (2443,@@@2013.06.14@@@,800,1,0,@@@b_SAEZ@@@)','',2,'2013-06-14'),(26364,'INSERT INTO gne_vale_ferreteria_mov (vfe_id,pro_codigo_plu,vfm_cantidad,vfm_unitario,vfm_total,vfm_entregado) VALUES (2443,764766,5,120,600,@@@NO@@@)','',2,'2013-06-14'),(26365,'INSERT INTO gne_vale_ferreteria_mov (vfe_id,pro_codigo_plu,vfm_cantidad,vfm_unitario,vfm_total,vfm_entregado) VALUES (2443,78017131,1,200,200,@@@NO@@@)','',2,'2013-06-14'),(26366,'INSERT INTO gne_vale_ferreteria (vfe_id,vfe_fecha,vfe_total,vfe_estado,vfe_entregado,usu_nusuario) VALUES (2444,@@@2013.06.14@@@,1290,1,0,@@@b_SAEZ@@@)','',2,'2013-06-14'),(26367,'INSERT INTO gne_vale_ferreteria_mov (vfe_id,pro_codigo_plu,vfm_cantidad,vfm_unitario,vfm_total,vfm_entregado) VALUES (2444,880026,1,1290,1290,@@@NO@@@)','',2,'2013-06-14'),(26368,'INSERT INTO gne_vale_ferreteria (vfe_id,vfe_fecha,vfe_total,vfe_estado,vfe_entregado,usu_nusuario) VALUES (2445,@@@2013.06.14@@@,1190,1,0,@@@b_SAEZ@@@)','',2,'2013-06-14'),(26369,'INSERT INTO gne_vale_ferreteria_mov (vfe_id,pro_codigo_plu,vfm_cantidad,vfm_unitario,vfm_total,vfm_entregado) VALUES (2445,6019,1,1190,1190,@@@NO@@@)','',2,'2013-06-14'),(26370,'INSERT INTO gne_vale_ferreteria (vfe_id,vfe_fecha,vfe_total,vfe_estado,vfe_entregado,usu_nusuario) VALUES (2446,@@@2013.06.14@@@,200,1,0,@@@b_SAEZ@@@)','',2,'2013-06-14'),(26371,'INSERT INTO gne_vale_ferreteria_mov (vfe_id,pro_codigo_plu,vfm_cantidad,vfm_unitario,vfm_total,vfm_entregado) VALUES (2446,4010,2,100,200,@@@NO@@@)','',2,'2013-06-14'),(26372,'INSERT INTO gne_vale_ferreteria (vfe_id,vfe_fecha,vfe_total,vfe_estado,vfe_entregado,usu_nusuario) VALUES (2447,@@@2013.06.14@@@,495,1,0,@@@b_SAEZ@@@)','',2,'2013-06-14'),(26373,'INSERT INTO gne_vale_ferreteria_mov (vfe_id,pro_codigo_plu,vfm_cantidad,vfm_unitario,vfm_total,vfm_entregado) VALUES (2447,11218,1,495,495,@@@NO@@@)','',2,'2013-06-14'),(26374,'INSERT INTO gne_vale_ferreteria (vfe_id,vfe_fecha,vfe_total,vfe_estado,vfe_entregado,usu_nusuario) VALUES (2448,@@@2013.06.14@@@,200,1,0,@@@b_SAEZ@@@)','',2,'2013-06-14'),(26375,'INSERT INTO gne_vale_ferreteria_mov (vfe_id,pro_codigo_plu,vfm_cantidad,vfm_unitario,vfm_total,vfm_entregado) VALUES (2448,765072,1,200,200,@@@NO@@@)','',2,'2013-06-14'),(26376,'INSERT INTO gne_vale_ferreteria (vfe_id,vfe_fecha,vfe_total,vfe_estado,vfe_entregado,usu_nusuario) VALUES (2449,@@@2013.06.14@@@,1740,1,0,@@@b_SAEZ@@@)','',2,'2013-06-14'),(26377,'INSERT INTO gne_vale_ferreteria_mov (vfe_id,pro_codigo_plu,vfm_cantidad,vfm_unitario,vfm_total,vfm_entregado) VALUES (2449,880026,1,1290,1290,@@@NO@@@)','',2,'2013-06-14'),(26378,'INSERT INTO gne_vale_ferreteria_mov (vfe_id,pro_codigo_plu,vfm_cantidad,vfm_unitario,vfm_total,vfm_entregado) VALUES (2449,78017140,1,200,200,@@@NO@@@)','',2,'2013-06-14'),(26379,'INSERT INTO gne_vale_ferreteria_mov (vfe_id,pro_codigo_plu,vfm_cantidad,vfm_unitario,vfm_total,vfm_entregado) VALUES (2449,770060,1,250,250,@@@NO@@@)','',2,'2013-06-14'),(26380,'INSERT INTO gne_vale_ferreteria (vfe_id,vfe_fecha,vfe_total,vfe_estado,vfe_entregado,usu_nusuario) VALUES (2450,@@@2013.06.14@@@,3080,1,0,@@@b_SAEZ@@@)','',2,'2013-06-14'),(26381,'INSERT INTO gne_vale_ferreteria_mov (vfe_id,pro_codigo_plu,vfm_cantidad,vfm_unitario,vfm_total,vfm_entregado) VALUES (2450,6019,1,1190,1190,@@@NO@@@)','',2,'2013-06-14'),(26382,'INSERT INTO gne_vale_ferreteria_mov (vfe_id,pro_codigo_plu,vfm_cantidad,vfm_unitario,vfm_total,vfm_entregado) VALUES (2450,100473,1,1890,1890,@@@NO@@@)','',2,'2013-06-14'),(26383,'UPDATE mae_productos SET pro_margen_actual=0,pro_precio_venta=330 WHERE pro_codigo_plu=780721183','',2,'2013-06-14'),(26384,'UPDATE mae_productos SET pro_precio_fiscal=pro_precio_venta WHERE pro_codigo_plu=780721183','',2,'2013-06-14'),(26385,'INSERT INTO gne_vale_ferreteria (vfe_id,vfe_fecha,vfe_total,vfe_estado,vfe_entregado,usu_nusuario) VALUES (2451,@@@2013.06.14@@@,2590,1,0,@@@b_SAEZ@@@)','',2,'2013-06-14'),(26386,'INSERT INTO gne_vale_ferreteria_mov (vfe_id,pro_codigo_plu,vfm_cantidad,vfm_unitario,vfm_total,vfm_entregado) VALUES (2451,10179,1,2590,2590,@@@NO@@@)','',2,'2013-06-14'),(26387,'INSERT INTO gne_vale_ferreteria (vfe_id,vfe_fecha,vfe_total,vfe_estado,vfe_entregado,usu_nusuario) VALUES (2452,@@@2013.06.14@@@,810,1,0,@@@b_SAEZ@@@)','',2,'2013-06-14'),(26388,'INSERT INTO gne_vale_ferreteria_mov (vfe_id,pro_codigo_plu,vfm_cantidad,vfm_unitario,vfm_total,vfm_entregado) VALUES (2452,780220185,1,420,420,@@@NO@@@)','',2,'2013-06-14'),(26389,'INSERT INTO gne_vale_ferreteria_mov (vfe_id,pro_codigo_plu,vfm_cantidad,vfm_unitario,vfm_total,vfm_entregado) VALUES (2452,764975,1,390,390,@@@NO@@@)','',2,'2013-06-14'),(26390,'INSERT INTO gne_vale_ferreteria (vfe_id,vfe_fecha,vfe_total,vfe_estado,vfe_entregado,usu_nusuario) VALUES (2453,@@@2013.06.14@@@,1980,1,0,@@@b_SAEZ@@@)','',2,'2013-06-14'),(26391,'INSERT INTO gne_vale_ferreteria_mov (vfe_id,pro_codigo_plu,vfm_cantidad,vfm_unitario,vfm_total,vfm_entregado) VALUES (2453,780721147,2,990,1980,@@@NO@@@)','',2,'2013-06-14'),(26392,'INSERT INTO gne_vale_ferreteria (vfe_id,vfe_fecha,vfe_total,vfe_estado,vfe_entregado,usu_nusuario) VALUES (2454,@@@2013.06.14@@@,790,1,0,@@@b_SAEZ@@@)','',2,'2013-06-14'),(26393,'INSERT INTO gne_vale_ferreteria_mov (vfe_id,pro_codigo_plu,vfm_cantidad,vfm_unitario,vfm_total,vfm_entregado) VALUES (2454,763848,1,790,790,@@@NO@@@)','',2,'2013-06-14'),(26394,'INSERT INTO gne_vale_ferreteria (vfe_id,vfe_fecha,vfe_total,vfe_estado,vfe_entregado,usu_nusuario) VALUES (2455,@@@2013.06.14@@@,500,1,0,@@@b_SAEZ@@@)','',2,'2013-06-14'),(26395,'INSERT INTO gne_vale_ferreteria_mov (vfe_id,pro_codigo_plu,vfm_cantidad,vfm_unitario,vfm_total,vfm_entregado) VALUES (2455,78017006,5,100,500,@@@NO@@@)','',2,'2013-06-14'),(26396,'INSERT INTO gne_vale_ferreteria (vfe_id,vfe_fecha,vfe_total,vfe_estado,vfe_entregado,usu_nusuario) VALUES (2456,@@@2013.06.14@@@,500,1,0,@@@b_SAEZ@@@)','',2,'2013-06-14'),(26397,'INSERT INTO gne_vale_ferreteria_mov (vfe_id,pro_codigo_plu,vfm_cantidad,vfm_unitario,vfm_total,vfm_entregado) VALUES (2456,78017007,5,100,500,@@@NO@@@)','',2,'2013-06-14'),(26398,'INSERT INTO gne_vale_ferreteria (vfe_id,vfe_fecha,vfe_total,vfe_estado,vfe_entregado,usu_nusuario) VALUES (2457,@@@2013.06.14@@@,70,1,0,@@@b_SAEZ@@@)','',2,'2013-06-14'),(26399,'INSERT INTO gne_vale_ferreteria_mov (vfe_id,pro_codigo_plu,vfm_cantidad,vfm_unitario,vfm_total,vfm_entregado) VALUES (2457,770003,7,10,70,@@@NO@@@)','',2,'2013-06-14'),(26400,'INSERT INTO gne_vale_ferreteria (vfe_id,vfe_fecha,vfe_total,vfe_estado,vfe_entregado,usu_nusuario) VALUES (2458,@@@2013.06.14@@@,180,1,0,@@@b_SAEZ@@@)','',2,'2013-06-14'),(26401,'INSERT INTO gne_vale_ferreteria_mov (vfe_id,pro_codigo_plu,vfm_cantidad,vfm_unitario,vfm_total,vfm_entregado) VALUES (2458,763596,2,90,180,@@@NO@@@)','',2,'2013-06-14'),(26402,'INSERT INTO gne_vale_ferreteria (vfe_id,vfe_fecha,vfe_total,vfe_estado,vfe_entregado,usu_nusuario) VALUES (2459,@@@2013.06.14@@@,1080,1,0,@@@b_SAEZ@@@)','',2,'2013-06-14'),(26403,'INSERT INTO gne_vale_ferreteria_mov (vfe_id,pro_codigo_plu,vfm_cantidad,vfm_unitario,vfm_total,vfm_entregado) VALUES (2459,19916,2,540,1080,@@@NO@@@)','',2,'2013-06-14'),(26404,'INSERT INTO gne_vale_ferreteria (vfe_id,vfe_fecha,vfe_total,vfe_estado,vfe_entregado,usu_nusuario) VALUES (2460,@@@2013.06.14@@@,490,1,0,@@@b_SAEZ@@@)','',2,'2013-06-14'),(26405,'INSERT INTO gne_vale_ferreteria_mov (vfe_id,pro_codigo_plu,vfm_cantidad,vfm_unitario,vfm_total,vfm_entregado) VALUES (2460,764701,1,490,490,@@@NO@@@)','',2,'2013-06-14'),(26406,'INSERT INTO gne_vale_ferreteria (vfe_id,vfe_fecha,vfe_total,vfe_estado,vfe_entregado,usu_nusuario) VALUES (2461,@@@2013.06.14@@@,290,1,0,@@@b_SAEZ@@@)','',2,'2013-06-14'),(26407,'INSERT INTO gne_vale_ferreteria_mov (vfe_id,pro_codigo_plu,vfm_cantidad,vfm_unitario,vfm_total,vfm_entregado) VALUES (2461,764778,1,290,290,@@@NO@@@)','',2,'2013-06-14'),(26408,'INSERT INTO gne_vale_ferreteria (vfe_id,vfe_fecha,vfe_total,vfe_estado,vfe_entregado,usu_nusuario) VALUES (2462,@@@2013.06.14@@@,1080,1,0,@@@b_SAEZ@@@)','',2,'2013-06-14'),(26409,'INSERT INTO gne_vale_ferreteria_mov (vfe_id,pro_codigo_plu,vfm_cantidad,vfm_unitario,vfm_total,vfm_entregado) VALUES (2462,1538,1,490,490,@@@NO@@@)','',2,'2013-06-14'),(26410,'INSERT INTO gne_vale_ferreteria_mov (vfe_id,pro_codigo_plu,vfm_cantidad,vfm_unitario,vfm_total,vfm_entregado) VALUES (2462,4098,1,590,590,@@@NO@@@)','',2,'2013-06-14'),(26411,'INSERT INTO gne_vale_ferreteria (vfe_id,vfe_fecha,vfe_total,vfe_estado,vfe_entregado,usu_nusuario) VALUES (2463,@@@2013.06.14@@@,890,1,0,@@@b_SAEZ@@@)','',2,'2013-06-14'),(26412,'INSERT INTO gne_vale_ferreteria_mov (vfe_id,pro_codigo_plu,vfm_cantidad,vfm_unitario,vfm_total,vfm_entregado) VALUES (2463,765068,1,890,890,@@@NO@@@)','',2,'2013-06-14'),(26413,'INSERT INTO gne_vale_ferreteria (vfe_id,vfe_fecha,vfe_total,vfe_estado,vfe_entregado,usu_nusuario) VALUES (2464,@@@2013.06.14@@@,2190,1,0,@@@b_SAEZ@@@)','',2,'2013-06-14'),(26414,'INSERT INTO gne_vale_ferreteria_mov (vfe_id,pro_codigo_plu,vfm_cantidad,vfm_unitario,vfm_total,vfm_entregado) VALUES (2464,20564,1,2190,2190,@@@NO@@@)','',2,'2013-06-14'),(26415,'INSERT INTO gne_vale_ferreteria (vfe_id,vfe_fecha,vfe_total,vfe_estado,vfe_entregado,usu_nusuario) VALUES (2465,@@@2013.06.14@@@,5760,1,0,@@@b_SAEZ@@@)','',2,'2013-06-14'),(26416,'INSERT INTO gne_vale_ferreteria_mov (vfe_id,pro_codigo_plu,vfm_cantidad,vfm_unitario,vfm_total,vfm_entregado) VALUES (2465,4006,1,1190,1190,@@@NO@@@)','',2,'2013-06-14'),(26417,'INSERT INTO gne_vale_ferreteria_mov (vfe_id,pro_codigo_plu,vfm_cantidad,vfm_unitario,vfm_total,vfm_entregado) VALUES (2465,764610,1,1190,1190,@@@NO@@@)','',2,'2013-06-14'),(26418,'INSERT INTO gne_vale_ferreteria_mov (vfe_id,pro_codigo_plu,vfm_cantidad,vfm_unitario,vfm_total,vfm_entregado) VALUES (2465,1571,2,1690,3380,@@@NO@@@)','',2,'2013-06-14'),(26419,'INSERT INTO gne_vale_ferreteria (vfe_id,vfe_fecha,vfe_total,vfe_estado,vfe_entregado,usu_nusuario) VALUES (2466,@@@2013.06.14@@@,890,1,0,@@@b_SAEZ@@@)','',2,'2013-06-14'),(26420,'INSERT INTO gne_vale_ferreteria_mov (vfe_id,pro_codigo_plu,vfm_cantidad,vfm_unitario,vfm_total,vfm_entregado) VALUES (2466,19855,1,890,890,@@@NO@@@)','',2,'2013-06-14'),(26421,'INSERT INTO gne_vale_ferreteria (vfe_id,vfe_fecha,vfe_total,vfe_estado,vfe_entregado,usu_nusuario) VALUES (2467,@@@2013.06.14@@@,380,1,0,@@@b_SAEZ@@@)','',2,'2013-06-14'),(26422,'INSERT INTO gne_vale_ferreteria_mov (vfe_id,pro_codigo_plu,vfm_cantidad,vfm_unitario,vfm_total,vfm_entregado) VALUES (2467,1537,2,190,380,@@@NO@@@)','',2,'2013-06-14'),(26423,'INSERT INTO gne_vale_ferreteria (vfe_id,vfe_fecha,vfe_total,vfe_estado,vfe_entregado,usu_nusuario) VALUES (2468,@@@2013.06.14@@@,1890,1,0,@@@b_SAEZ@@@)','',2,'2013-06-14'),(26424,'INSERT INTO gne_vale_ferreteria_mov (vfe_id,pro_codigo_plu,vfm_cantidad,vfm_unitario,vfm_total,vfm_entregado) VALUES (2468,20484,1,1890,1890,@@@NO@@@)','',2,'2013-06-14'),(26425,'INSERT INTO gne_vale_ferreteria (vfe_id,vfe_fecha,vfe_total,vfe_estado,vfe_entregado,usu_nusuario) VALUES (2469,@@@2013.06.14@@@,260,1,0,@@@b_SAEZ@@@)','',2,'2013-06-14'),(26426,'INSERT INTO gne_vale_ferreteria_mov (vfe_id,pro_codigo_plu,vfm_cantidad,vfm_unitario,vfm_total,vfm_entregado) VALUES (2469,78017148,2,130,260,@@@NO@@@)','',2,'2013-06-14'),(26427,'INSERT INTO gne_vale_ferreteria (vfe_id,vfe_fecha,vfe_total,vfe_estado,vfe_entregado,usu_nusuario) VALUES (2470,@@@2013.06.14@@@,1990,1,0,@@@b_SAEZ@@@)','',2,'2013-06-14'),(26428,'INSERT INTO gne_vale_ferreteria_mov (vfe_id,pro_codigo_plu,vfm_cantidad,vfm_unitario,vfm_total,vfm_entregado) VALUES (2470,880014,1,1990,1990,@@@NO@@@)','',2,'2013-06-14'),(26429,'INSERT INTO gne_vale_ferreteria (vfe_id,vfe_fecha,vfe_total,vfe_estado,vfe_entregado,usu_nusuario) VALUES (2471,@@@2013.06.14@@@,1100,1,0,@@@b_SAEZ@@@)','',2,'2013-06-14'),(26430,'INSERT INTO gne_vale_ferreteria_mov (vfe_id,pro_codigo_plu,vfm_cantidad,vfm_unitario,vfm_total,vfm_entregado) VALUES (2471,780220158,1,1100,1100,@@@NO@@@)','',2,'2013-06-14'),(26431,'INSERT INTO gne_vale_ferreteria (vfe_id,vfe_fecha,vfe_total,vfe_estado,vfe_entregado,usu_nusuario) VALUES (2472,@@@2013.06.14@@@,1590,1,0,@@@b_SAEZ@@@)','',2,'2013-06-14'),(26432,'INSERT INTO gne_vale_ferreteria_mov (vfe_id,pro_codigo_plu,vfm_cantidad,vfm_unitario,vfm_total,vfm_entregado) VALUES (2472,764515,1,1590,1590,@@@NO@@@)','',2,'2013-06-14'),(26433,'INSERT INTO gne_vale_ferreteria (vfe_id,vfe_fecha,vfe_total,vfe_estado,vfe_entregado,usu_nusuario) VALUES (2473,@@@2013.06.14@@@,6470,1,0,@@@b_SAEZ@@@)','',2,'2013-06-14'),(26434,'INSERT INTO gne_vale_ferreteria_mov (vfe_id,pro_codigo_plu,vfm_cantidad,vfm_unitario,vfm_total,vfm_entregado) VALUES (2473,764806,1,4390,4390,@@@NO@@@)','',2,'2013-06-14'),(26435,'INSERT INTO gne_vale_ferreteria_mov (vfe_id,pro_codigo_plu,vfm_cantidad,vfm_unitario,vfm_total,vfm_entregado) VALUES (2473,780220149,1,1390,1390,@@@NO@@@)','',2,'2013-06-14'),(26436,'INSERT INTO gne_vale_ferreteria_mov (vfe_id,pro_codigo_plu,vfm_cantidad,vfm_unitario,vfm_total,vfm_entregado) VALUES (2473,770091,1,690,690,@@@NO@@@)','',2,'2013-06-14'),(26437,'INSERT INTO gne_vale_ferreteria (vfe_id,vfe_fecha,vfe_total,vfe_estado,vfe_entregado,usu_nusuario) VALUES (2474,@@@2013.06.14@@@,690,1,0,@@@b_SAEZ@@@)','',2,'2013-06-14'),(26438,'INSERT INTO gne_vale_ferreteria_mov (vfe_id,pro_codigo_plu,vfm_cantidad,vfm_unitario,vfm_total,vfm_entregado) VALUES (2474,770091,1,690,690,@@@NO@@@)','',2,'2013-06-14'),(26439,'INSERT INTO gne_vale_ferreteria (vfe_id,vfe_fecha,vfe_total,vfe_estado,vfe_entregado,usu_nusuario) VALUES (2475,@@@2013.06.14@@@,1890,1,0,@@@b_SAEZ@@@)','',2,'2013-06-14'),(26440,'INSERT INTO gne_vale_ferreteria_mov (vfe_id,pro_codigo_plu,vfm_cantidad,vfm_unitario,vfm_total,vfm_entregado) VALUES (2475,763765,1,1890,1890,@@@NO@@@)','',2,'2013-06-14'),(26441,'INSERT INTO gne_vale_ferreteria (vfe_id,vfe_fecha,vfe_total,vfe_estado,vfe_entregado,usu_nusuario) VALUES (2476,@@@2013.06.14@@@,6980,1,0,@@@b_SAEZ@@@)','',2,'2013-06-14'),(26442,'INSERT INTO gne_vale_ferreteria_mov (vfe_id,pro_codigo_plu,vfm_cantidad,vfm_unitario,vfm_total,vfm_entregado) VALUES (2476,780721085,1,3990,3990,@@@NO@@@)','',2,'2013-06-14'),(26443,'INSERT INTO gne_vale_ferreteria_mov (vfe_id,pro_codigo_plu,vfm_cantidad,vfm_unitario,vfm_total,vfm_entregado) VALUES (2476,880013,1,2990,2990,@@@NO@@@)','',2,'2013-06-14'),(26444,'INSERT INTO gne_vale_ferreteria (vfe_id,vfe_fecha,vfe_total,vfe_estado,vfe_entregado,usu_nusuario) VALUES (2477,@@@2013.06.14@@@,890,1,0,@@@b_SAEZ@@@)','',2,'2013-06-14'),(26445,'INSERT INTO gne_vale_ferreteria_mov (vfe_id,pro_codigo_plu,vfm_cantidad,vfm_unitario,vfm_total,vfm_entregado) VALUES (2477,764072,1,890,890,@@@NO@@@)','',2,'2013-06-14'),(26446,'INSERT INTO gne_vale_ferreteria (vfe_id,vfe_fecha,vfe_total,vfe_estado,vfe_entregado,usu_nusuario) VALUES (2478,@@@2013.06.14@@@,250,1,0,@@@b_SAEZ@@@)','',2,'2013-06-14'),(26447,'INSERT INTO gne_vale_ferreteria_mov (vfe_id,pro_codigo_plu,vfm_cantidad,vfm_unitario,vfm_total,vfm_entregado) VALUES (2478,2021,1,250,250,@@@NO@@@)','',2,'2013-06-14'),(26448,'INSERT INTO gne_vale_ferreteria (vfe_id,vfe_fecha,vfe_total,vfe_estado,vfe_entregado,usu_nusuario) VALUES (2479,@@@2013.06.14@@@,250,1,0,@@@b_SAEZ@@@)','',2,'2013-06-14'),(26449,'INSERT INTO gne_vale_ferreteria_mov (vfe_id,pro_codigo_plu,vfm_cantidad,vfm_unitario,vfm_total,vfm_entregado) VALUES (2479,2021,1,250,250,@@@NO@@@)','',2,'2013-06-14'),(26450,'INSERT INTO gne_vale_ferreteria (vfe_id,vfe_fecha,vfe_total,vfe_estado,vfe_entregado,usu_nusuario) VALUES (2480,@@@2013.06.14@@@,1590,1,0,@@@b_SAEZ@@@)','',2,'2013-06-14'),(26451,'INSERT INTO gne_vale_ferreteria_mov (vfe_id,pro_codigo_plu,vfm_cantidad,vfm_unitario,vfm_total,vfm_entregado) VALUES (2480,780721123,1,1590,1590,@@@NO@@@)','',2,'2013-06-14'),(26452,'INSERT INTO gne_vale_ferreteria (vfe_id,vfe_fecha,vfe_total,vfe_estado,vfe_entregado,usu_nusuario) VALUES (2481,@@@2013.06.14@@@,390,1,0,@@@b_SAEZ@@@)','',2,'2013-06-14'),(26453,'INSERT INTO gne_vale_ferreteria_mov (vfe_id,pro_codigo_plu,vfm_cantidad,vfm_unitario,vfm_total,vfm_entregado) VALUES (2481,78016969,1,390,390,@@@NO@@@)','',2,'2013-06-14'),(26454,'INSERT INTO gne_vale_ferreteria (vfe_id,vfe_fecha,vfe_total,vfe_estado,vfe_entregado,usu_nusuario) VALUES (2482,@@@2013.06.14@@@,1390,1,0,@@@b_SAEZ@@@)','',2,'2013-06-14'),(26455,'INSERT INTO gne_vale_ferreteria_mov (vfe_id,pro_codigo_plu,vfm_cantidad,vfm_unitario,vfm_total,vfm_entregado) VALUES (2482,100979,1,1390,1390,@@@NO@@@)','',2,'2013-06-14'),(26456,'INSERT INTO mae_productos (pro_codigo_plu,pro_codigo_barra,pro_tipo,pro_nombre_producto,pro_nombre_corto,med_id,emb_id,pro_unidades_embalaje,dep_id,lin_id,mar_id,pro_precio_compra_neto,pro_precio_compra_bruto,pro_precio_venta,pro_margen_actual,pro_oferta,pro_fecha_inicio_oferta,pro_fecha_termino_oferta,pro_precio_oferta,pro_stock_minimo,pro_stock_critico,pro_entradas_bodega,pro_salidas_bodega,pro_mermas_bodega,pro_ajustes_bodega,pro_entradas_sv,pro_salidas_sv,pro_mermas_sv,pro_ajustes_sv,pro_activo,rec_numero,pro_unidad,pro_capacidad,pro_consumo_bodega,pro_consumo_sv,pro_estado,pro_funcion_plu,pro_flejes,pro_iva,pro_plu_asociado,pro_envase,pro_duracion,pro_numero_etiqueta) VALUES (780721184,@@@77885@@@,@@@0@@@,@@@ENCENDEDOR X 1 VARIEDAD DE COLOR@@@,@@@ENCENDEDOR X 1 V@@@,@@@1 @@@,@@@3 @@@,@@@0@@@,@@@38 @@@,@@@180@@@,@@@2507@@@,@@@0@@@,@@@0@@@,@@@1690@@@,@@@0@@@,@@@@@@,@@@2013.06.15@@@,@@@2013.06.15@@@,@@@0@@@,@@@0@@@,@@@0@@@,@@@0@@@,@@@0@@@,@@@0@@@,@@@0@@@,@@@0@@@,@@@0@@@,@@@0@@@,@@@0@@@,@@@1@@@,@@@0@@@,0,1,0,0,2,0,1,1,0,@@@NO@@@,0,0)','',2,'2013-06-15'),(26457,'DELETE FROM mae_impuestos_productos WHERE pro_codigo_plu=@@@780721184@@@','',2,'2013-06-15'),(26458,'INSERT INTO gne_vale_ferreteria (vfe_id,vfe_fecha,vfe_total,vfe_estado,vfe_entregado,usu_nusuario) VALUES (2483,@@@2013.06.15@@@,1690,1,0,@@@G_DIAZ@@@)','',2,'2013-06-15'),(26459,'INSERT INTO gne_vale_ferreteria_mov (vfe_id,pro_codigo_plu,vfm_cantidad,vfm_unitario,vfm_total,vfm_entregado) VALUES (2483,780721184,1,1690,1690,@@@NO@@@)','',2,'2013-06-15'),(26460,'INSERT INTO mae_productos (pro_codigo_plu,pro_codigo_barra,pro_tipo,pro_nombre_producto,pro_nombre_corto,med_id,emb_id,pro_unidades_embalaje,dep_id,lin_id,mar_id,pro_precio_compra_neto,pro_precio_compra_bruto,pro_precio_venta,pro_margen_actual,pro_oferta,pro_fecha_inicio_oferta,pro_fecha_termino_oferta,pro_precio_oferta,pro_stock_minimo,pro_stock_critico,pro_entradas_bodega,pro_salidas_bodega,pro_mermas_bodega,pro_ajustes_bodega,pro_entradas_sv,pro_salidas_sv,pro_mermas_sv,pro_ajustes_sv,pro_activo,rec_numero,pro_unidad,pro_capacidad,pro_consumo_bodega,pro_consumo_sv,pro_estado,pro_funcion_plu,pro_flejes,pro_iva,pro_plu_asociado,pro_envase,pro_duracion,pro_numero_etiqueta) VALUES (780721185,@@@880101@@@,@@@0@@@,@@@ENVOLTORIO GRANDE@@@,@@@ENVOLTORIO GRAND@@@,@@@1 @@@,@@@3 @@@,@@@0@@@,@@@24 @@@,@@@177@@@,@@@1909@@@,@@@0@@@,@@@0@@@,@@@350@@@,@@@0@@@,@@@@@@,@@@2013.06.15@@@,@@@2013.06.15@@@,@@@0@@@,@@@0@@@,@@@0@@@,@@@0@@@,@@@0@@@,@@@0@@@,@@@0@@@,@@@0@@@,@@@0@@@,@@@0@@@,@@@0@@@,@@@1@@@,@@@0@@@,0,1,0,0,2,0,1,1,0,@@@NO@@@,0,0)','',2,'2013-06-15'),(26461,'DELETE FROM mae_impuestos_productos WHERE pro_codigo_plu=@@@780721185@@@','',2,'2013-06-15'),(26462,'INSERT INTO mae_productos (pro_codigo_plu,pro_codigo_barra,pro_tipo,pro_nombre_producto,pro_nombre_corto,med_id,emb_id,pro_unidades_embalaje,dep_id,lin_id,mar_id,pro_precio_compra_neto,pro_precio_compra_bruto,pro_precio_venta,pro_margen_actual,pro_oferta,pro_fecha_inicio_oferta,pro_fecha_termino_oferta,pro_precio_oferta,pro_stock_minimo,pro_stock_critico,pro_entradas_bodega,pro_salidas_bodega,pro_mermas_bodega,pro_ajustes_bodega,pro_entradas_sv,pro_salidas_sv,pro_mermas_sv,pro_ajustes_sv,pro_activo,rec_numero,pro_unidad,pro_capacidad,pro_consumo_bodega,pro_consumo_sv,pro_estado,pro_funcion_plu,pro_flejes,pro_iva,pro_plu_asociado,pro_envase,pro_duracion,pro_numero_etiqueta) VALUES (780721186,@@@880102@@@,@@@0@@@,@@@ENVOLTORIO MEDIANO@@@,@@@ENVOLTORIO MEDIA@@@,@@@1 @@@,@@@3 @@@,@@@0@@@,@@@24 @@@,@@@177@@@,@@@1909@@@,@@@0@@@,@@@0@@@,@@@250@@@,@@@0@@@,@@@@@@,@@@2013.06.15@@@,@@@2013.06.15@@@,@@@0@@@,@@@0@@@,@@@0@@@,@@@0@@@,@@@0@@@,@@@0@@@,@@@0@@@,@@@0@@@,@@@0@@@,@@@0@@@,@@@0@@@,@@@1@@@,@@@0@@@,0,1,0,0,2,0,1,1,0,@@@NO@@@,0,0)','',2,'2013-06-15'),(26463,'DELETE FROM mae_impuestos_productos WHERE pro_codigo_plu=@@@780721186@@@','',2,'2013-06-15'),(26464,'INSERT INTO mae_productos (pro_codigo_plu,pro_codigo_barra,pro_tipo,pro_nombre_producto,pro_nombre_corto,med_id,emb_id,pro_unidades_embalaje,dep_id,lin_id,mar_id,pro_precio_compra_neto,pro_precio_compra_bruto,pro_precio_venta,pro_margen_actual,pro_oferta,pro_fecha_inicio_oferta,pro_fecha_termino_oferta,pro_precio_oferta,pro_stock_minimo,pro_stock_critico,pro_entradas_bodega,pro_salidas_bodega,pro_mermas_bodega,pro_ajustes_bodega,pro_entradas_sv,pro_salidas_sv,pro_mermas_sv,pro_ajustes_sv,pro_activo,rec_numero,pro_unidad,pro_capacidad,pro_consumo_bodega,pro_consumo_sv,pro_estado,pro_funcion_plu,pro_flejes,pro_iva,pro_plu_asociado,pro_envase,pro_duracion,pro_numero_etiqueta) VALUES (780721187,@@@880103@@@,@@@0@@@,@@@ENVOLTORIO CHICO@@@,@@@ENVOLTORIO CHICO@@@,@@@1 @@@,@@@3 @@@,@@@0@@@,@@@24 @@@,@@@177@@@,@@@1909@@@,@@@0@@@,@@@0@@@,@@@150@@@,@@@0@@@,@@@@@@,@@@2013.06.15@@@,@@@2013.06.15@@@,@@@0@@@,@@@0@@@,@@@0@@@,@@@0@@@,@@@0@@@,@@@0@@@,@@@0@@@,@@@0@@@,@@@0@@@,@@@0@@@,@@@0@@@,@@@1@@@,@@@0@@@,0,1,0,0,2,0,1,1,0,@@@NO@@@,0,0)','',2,'2013-06-15'),(26465,'DELETE FROM mae_impuestos_productos WHERE pro_codigo_plu=@@@780721187@@@','',2,'2013-06-15'),(26466,'UPDATE mae_productos SET pro_margen_actual=0,pro_precio_venta=1690 WHERE pro_codigo_plu=780721184','',2,'2013-06-15'),(26467,'UPDATE mae_productos SET pro_margen_actual=0,pro_precio_venta=150 WHERE pro_codigo_plu=780721187','',2,'2013-06-15'),(26468,'UPDATE mae_productos SET pro_margen_actual=0,pro_precio_venta=350 WHERE pro_codigo_plu=780721185','',2,'2013-06-15'),(26469,'UPDATE mae_productos SET pro_margen_actual=0,pro_precio_venta=250 WHERE pro_codigo_plu=780721186','',2,'2013-06-15'),(26470,'UPDATE mae_productos SET pro_precio_fiscal=pro_precio_venta WHERE pro_codigo_plu=780721184','',2,'2013-06-15'),(26471,'UPDATE mae_productos SET pro_precio_fiscal=pro_precio_venta WHERE pro_codigo_plu=780721185','',2,'2013-06-15'),(26472,'UPDATE mae_productos SET pro_precio_fiscal=pro_precio_venta WHERE pro_codigo_plu=780721186','',2,'2013-06-15'),(26473,'UPDATE mae_productos SET pro_precio_fiscal=pro_precio_venta WHERE pro_codigo_plu=780721187','',2,'2013-06-15'),(26474,'INSERT INTO gne_vale_ferreteria (vfe_id,vfe_fecha,vfe_total,vfe_estado,vfe_entregado,usu_nusuario) VALUES (2484,@@@2013.06.15@@@,750,1,0,@@@G_DIAZ@@@)','',2,'2013-06-15'),(26475,'INSERT INTO gne_vale_ferreteria_mov (vfe_id,pro_codigo_plu,vfm_cantidad,vfm_unitario,vfm_total,vfm_entregado) VALUES (2484,78017146,4,50,200,@@@NO@@@)','',2,'2013-06-15'),(26476,'INSERT INTO gne_vale_ferreteria_mov (vfe_id,pro_codigo_plu,vfm_cantidad,vfm_unitario,vfm_total,vfm_entregado) VALUES (2484,780721140,1,550,550,@@@NO@@@)','',2,'2013-06-15'),(26477,'INSERT INTO gne_vale_ferreteria (vfe_id,vfe_fecha,vfe_total,vfe_estado,vfe_entregado,usu_nusuario) VALUES (2485,@@@2013.06.15@@@,2680,1,0,@@@G_DIAZ@@@)','',2,'2013-06-15'),(26478,'INSERT INTO gne_vale_ferreteria_mov (vfe_id,pro_codigo_plu,vfm_cantidad,vfm_unitario,vfm_total,vfm_entregado) VALUES (2485,20438,1,1290,1290,@@@NO@@@)','',2,'2013-06-15'),(26479,'INSERT INTO gne_vale_ferreteria_mov (vfe_id,pro_codigo_plu,vfm_cantidad,vfm_unitario,vfm_total,vfm_entregado) VALUES (2485,764598,1,1390,1390,@@@NO@@@)','',2,'2013-06-15'),(26480,'INSERT INTO gne_vale_ferreteria (vfe_id,vfe_fecha,vfe_total,vfe_estado,vfe_entregado,usu_nusuario) VALUES (2486,@@@2013.06.15@@@,620,1,0,@@@G_DIAZ@@@)','',2,'2013-06-15'),(26481,'INSERT INTO gne_vale_ferreteria_mov (vfe_id,pro_codigo_plu,vfm_cantidad,vfm_unitario,vfm_total,vfm_entregado) VALUES (2486,11378,1,620,620,@@@NO@@@)','',2,'2013-06-15'),(26482,'INSERT INTO gne_vale_ferreteria (vfe_id,vfe_fecha,vfe_total,vfe_estado,vfe_entregado,usu_nusuario) VALUES (2487,@@@2013.06.15@@@,1490,1,0,@@@G_DIAZ@@@)','',2,'2013-06-15'),(26483,'INSERT INTO gne_vale_ferreteria_mov (vfe_id,pro_codigo_plu,vfm_cantidad,vfm_unitario,vfm_total,vfm_entregado) VALUES (2487,762308,1,1490,1490,@@@NO@@@)','',2,'2013-06-15'),(26484,'INSERT INTO gne_vale_ferreteria (vfe_id,vfe_fecha,vfe_total,vfe_estado,vfe_entregado,usu_nusuario) VALUES (2488,@@@2013.06.15@@@,500,1,0,@@@G_DIAZ@@@)','',2,'2013-06-15'),(26485,'INSERT INTO gne_vale_ferreteria_mov (vfe_id,pro_codigo_plu,vfm_cantidad,vfm_unitario,vfm_total,vfm_entregado) VALUES (2488,770000,10,50,500,@@@NO@@@)','',2,'2013-06-15'),(26486,'INSERT INTO gne_vale_ferreteria (vfe_id,vfe_fecha,vfe_total,vfe_estado,vfe_entregado,usu_nusuario) VALUES (2489,@@@2013.06.15@@@,2140,1,0,@@@G_DIAZ@@@)','',2,'2013-06-15'),(26487,'INSERT INTO gne_vale_ferreteria_mov (vfe_id,pro_codigo_plu,vfm_cantidad,vfm_unitario,vfm_total,vfm_entregado) VALUES (2489,770001,12,80,960,@@@NO@@@)','',2,'2013-06-15'),(26488,'INSERT INTO gne_vale_ferreteria_mov (vfe_id,pro_codigo_plu,vfm_cantidad,vfm_unitario,vfm_total,vfm_entregado) VALUES (2489,770005,2,490,980,@@@NO@@@)','',2,'2013-06-15'),(26489,'INSERT INTO gne_vale_ferreteria_mov (vfe_id,pro_codigo_plu,vfm_cantidad,vfm_unitario,vfm_total,vfm_entregado) VALUES (2489,78017111,2,100,200,@@@NO@@@)','',2,'2013-06-15'),(26490,'INSERT INTO gne_vale_ferreteria (vfe_id,vfe_fecha,vfe_total,vfe_estado,vfe_entregado,usu_nusuario) VALUES (2490,@@@2013.06.15@@@,1790,1,0,@@@G_DIAZ@@@)','',2,'2013-06-15'),(26491,'INSERT INTO gne_vale_ferreteria_mov (vfe_id,pro_codigo_plu,vfm_cantidad,vfm_unitario,vfm_total,vfm_entregado) VALUES (2490,764606,1,1790,1790,@@@NO@@@)','',2,'2013-06-15'),(26492,'INSERT INTO gne_vale_ferreteria (vfe_id,vfe_fecha,vfe_total,vfe_estado,vfe_entregado,usu_nusuario) VALUES (2491,@@@2013.06.15@@@,490,1,0,@@@G_DIAZ@@@)','',2,'2013-06-15'),(26493,'INSERT INTO gne_vale_ferreteria_mov (vfe_id,pro_codigo_plu,vfm_cantidad,vfm_unitario,vfm_total,vfm_entregado) VALUES (2491,770066,1,490,490,@@@NO@@@)','',2,'2013-06-15'),(26494,'INSERT INTO gne_vale_ferreteria (vfe_id,vfe_fecha,vfe_total,vfe_estado,vfe_entregado,usu_nusuario) VALUES (2492,@@@2013.06.15@@@,840,1,0,@@@G_DIAZ@@@)','',2,'2013-06-15'),(26495,'INSERT INTO gne_vale_ferreteria_mov (vfe_id,pro_codigo_plu,vfm_cantidad,vfm_unitario,vfm_total,vfm_entregado) VALUES (2492,11670,1,840,840,@@@NO@@@)','',2,'2013-06-15'),(26496,'INSERT INTO gne_vale_ferreteria (vfe_id,vfe_fecha,vfe_total,vfe_estado,vfe_entregado,usu_nusuario) VALUES (2493,@@@2013.06.15@@@,200,1,0,@@@G_DIAZ@@@)','',2,'2013-06-15'),(26497,'INSERT INTO gne_vale_ferreteria_mov (vfe_id,pro_codigo_plu,vfm_cantidad,vfm_unitario,vfm_total,vfm_entregado) VALUES (2493,764833,20,10,200,@@@NO@@@)','',2,'2013-06-15'),(26498,'INSERT INTO gne_vale_ferreteria (vfe_id,vfe_fecha,vfe_total,vfe_estado,vfe_entregado,usu_nusuario) VALUES (2494,@@@2013.06.15@@@,2390,1,0,@@@G_DIAZ@@@)','',2,'2013-06-15'),(26499,'INSERT INTO gne_vale_ferreteria_mov (vfe_id,pro_codigo_plu,vfm_cantidad,vfm_unitario,vfm_total,vfm_entregado) VALUES (2494,764757,1,2390,2390,@@@NO@@@)','',2,'2013-06-15'),(26500,'INSERT INTO mae_productos (pro_codigo_plu,pro_codigo_barra,pro_tipo,pro_nombre_producto,pro_nombre_corto,med_id,emb_id,pro_unidades_embalaje,dep_id,lin_id,mar_id,pro_precio_compra_neto,pro_precio_compra_bruto,pro_precio_venta,pro_margen_actual,pro_oferta,pro_fecha_inicio_oferta,pro_fecha_termino_oferta,pro_precio_oferta,pro_stock_minimo,pro_stock_critico,pro_entradas_bodega,pro_salidas_bodega,pro_mermas_bodega,pro_ajustes_bodega,pro_entradas_sv,pro_salidas_sv,pro_mermas_sv,pro_ajustes_sv,pro_activo,rec_numero,pro_unidad,pro_capacidad,pro_consumo_bodega,pro_consumo_sv,pro_estado,pro_funcion_plu,pro_flejes,pro_iva,pro_plu_asociado,pro_envase,pro_duracion,pro_numero_etiqueta) VALUES (780721188,@@@8210311119342@@@,@@@0@@@,@@@VASO GRANDE COLO COLO@@@,@@@VASO GRANDE COLO@@@,@@@1 @@@,@@@3 @@@,@@@0@@@,@@@38 @@@,@@@179@@@,@@@1909@@@,@@@0@@@,@@@0@@@,@@@1@@@,@@@0@@@,@@@@@@,@@@2013.06.15@@@,@@@2013.06.15@@@,@@@0@@@,@@@0@@@,@@@0@@@,@@@0@@@,@@@0@@@,@@@0@@@,@@@0@@@,@@@0@@@,@@@0@@@,@@@0@@@,@@@0@@@,@@@1@@@,@@@0@@@,0,1,0,0,2,0,1,1,0,@@@NO@@@,0,0)','',2,'2013-06-15'),(26501,'DELETE FROM mae_impuestos_productos WHERE pro_codigo_plu=@@@780721188@@@','',2,'2013-06-15'),(26502,'INSERT INTO mae_productos (pro_codigo_plu,pro_codigo_barra,pro_tipo,pro_nombre_producto,pro_nombre_corto,med_id,emb_id,pro_unidades_embalaje,dep_id,lin_id,mar_id,pro_precio_compra_neto,pro_precio_compra_bruto,pro_precio_venta,pro_margen_actual,pro_oferta,pro_fecha_inicio_oferta,pro_fecha_termino_oferta,pro_precio_oferta,pro_stock_minimo,pro_stock_critico,pro_entradas_bodega,pro_salidas_bodega,pro_mermas_bodega,pro_ajustes_bodega,pro_entradas_sv,pro_salidas_sv,pro_mermas_sv,pro_ajustes_sv,pro_activo,rec_numero,pro_unidad,pro_capacidad,pro_consumo_bodega,pro_consumo_sv,pro_estado,pro_funcion_plu,pro_flejes,pro_iva,pro_plu_asociado,pro_envase,pro_duracion,pro_numero_etiqueta) VALUES (780721189,@@@8211511119354@@@,@@@0@@@,@@@VOSO GRANDE UNIVERCIDAD DE CHILE@@@,@@@VOSO GRANDE UNIV@@@,@@@1 @@@,@@@3 @@@,@@@0@@@,@@@38 @@@,@@@179@@@,@@@1909@@@,@@@0@@@,@@@0@@@,@@@1@@@,@@@0@@@,@@@@@@,@@@2013.06.15@@@,@@@2013.06.15@@@,@@@0@@@,@@@0@@@,@@@0@@@,@@@0@@@,@@@0@@@,@@@0@@@,@@@0@@@,@@@0@@@,@@@0@@@,@@@0@@@,@@@0@@@,@@@1@@@,@@@0@@@,0,1,0,0,2,0,1,1,0,@@@NO@@@,0,0)','',2,'2013-06-15'),(26503,'DELETE FROM mae_impuestos_productos WHERE pro_codigo_plu=@@@780721189@@@','',2,'2013-06-15'),(26504,'INSERT INTO mae_productos (pro_codigo_plu,pro_codigo_barra,pro_tipo,pro_nombre_producto,pro_nombre_corto,med_id,emb_id,pro_unidades_embalaje,dep_id,lin_id,mar_id,pro_precio_compra_neto,pro_precio_compra_bruto,pro_precio_venta,pro_margen_actual,pro_oferta,pro_fecha_inicio_oferta,pro_fecha_termino_oferta,pro_precio_oferta,pro_stock_minimo,pro_stock_critico,pro_entradas_bodega,pro_salidas_bodega,pro_mermas_bodega,pro_ajustes_bodega,pro_entradas_sv,pro_salidas_sv,pro_mermas_sv,pro_ajustes_sv,pro_activo,rec_numero,pro_unidad,pro_capacidad,pro_consumo_bodega,pro_consumo_sv,pro_estado,pro_funcion_plu,pro_flejes,pro_iva,pro_plu_asociado,pro_envase,pro_duracion,pro_numero_etiqueta) VALUES (780721190,@@@8211411114657@@@,@@@0@@@,@@@TASON GRANDE UNIVERCIDAD DE CHILE@@@,@@@TASON GRANDE UNI@@@,@@@1 @@@,@@@3 @@@,@@@0@@@,@@@38 @@@,@@@180@@@,@@@1909@@@,@@@0@@@,@@@0@@@,@@@1@@@,@@@0@@@,@@@@@@,@@@2013.06.15@@@,@@@2013.06.15@@@,@@@0@@@,@@@0@@@,@@@0@@@,@@@0@@@,@@@0@@@,@@@0@@@,@@@0@@@,@@@0@@@,@@@0@@@,@@@0@@@,@@@0@@@,@@@1@@@,@@@0@@@,0,1,0,0,2,0,1,1,0,@@@NO@@@,0,0)','',2,'2013-06-15'),(26505,'DELETE FROM mae_impuestos_productos WHERE pro_codigo_plu=@@@780721190@@@','',2,'2013-06-15'),(26506,'INSERT INTO mae_productos (pro_codigo_plu,pro_codigo_barra,pro_tipo,pro_nombre_producto,pro_nombre_corto,med_id,emb_id,pro_unidades_embalaje,dep_id,lin_id,mar_id,pro_precio_compra_neto,pro_precio_compra_bruto,pro_precio_venta,pro_margen_actual,pro_oferta,pro_fecha_inicio_oferta,pro_fecha_termino_oferta,pro_precio_oferta,pro_stock_minimo,pro_stock_critico,pro_entradas_bodega,pro_salidas_bodega,pro_mermas_bodega,pro_ajustes_bodega,pro_entradas_sv,pro_salidas_sv,pro_mermas_sv,pro_ajustes_sv,pro_activo,rec_numero,pro_unidad,pro_capacidad,pro_consumo_bodega,pro_consumo_sv,pro_estado,pro_funcion_plu,pro_flejes,pro_iva,pro_plu_asociado,pro_envase,pro_duracion,pro_numero_etiqueta) VALUES (780721191,@@@8210311114644@@@,@@@0@@@,@@@TASON GRANDE COLO COLO@@@,@@@TASON GRANDE COL@@@,@@@1 @@@,@@@3 @@@,@@@0@@@,@@@38 @@@,@@@180@@@,@@@1909@@@,@@@0@@@,@@@0@@@,@@@1@@@,@@@0@@@,@@@@@@,@@@2013.06.15@@@,@@@2013.06.15@@@,@@@0@@@,@@@0@@@,@@@0@@@,@@@0@@@,@@@0@@@,@@@0@@@,@@@0@@@,@@@0@@@,@@@0@@@,@@@0@@@,@@@0@@@,@@@1@@@,@@@0@@@,0,1,0,0,2,0,1,1,0,@@@NO@@@,0,0)','',2,'2013-06-15'),(26507,'DELETE FROM mae_impuestos_productos WHERE pro_codigo_plu=@@@780721191@@@','',2,'2013-06-15'),(26508,'INSERT INTO mae_productos (pro_codigo_plu,pro_codigo_barra,pro_tipo,pro_nombre_producto,pro_nombre_corto,med_id,emb_id,pro_unidades_embalaje,dep_id,lin_id,mar_id,pro_precio_compra_neto,pro_precio_compra_bruto,pro_precio_venta,pro_margen_actual,pro_oferta,pro_fecha_inicio_oferta,pro_fecha_termino_oferta,pro_precio_oferta,pro_stock_minimo,pro_stock_critico,pro_entradas_bodega,pro_salidas_bodega,pro_mermas_bodega,pro_ajustes_bodega,pro_entradas_sv,pro_salidas_sv,pro_mermas_sv,pro_ajustes_sv,pro_activo,rec_numero,pro_unidad,pro_capacidad,pro_consumo_bodega,pro_consumo_sv,pro_estado,pro_funcion_plu,pro_flejes,pro_iva,pro_plu_asociado,pro_envase,pro_duracion,pro_numero_etiqueta) VALUES (780721192,@@@3100003732445@@@,@@@0@@@,@@@LAPICERA@@@,@@@LAPICERA@@@,@@@1 @@@,@@@3 @@@,@@@0@@@,@@@24 @@@,@@@137@@@,@@@1909@@@,@@@0@@@,@@@0@@@,@@@1@@@,@@@0@@@,@@@@@@,@@@2013.06.15@@@,@@@2013.06.15@@@,@@@0@@@,@@@0@@@,@@@0@@@,@@@0@@@,@@@0@@@,@@@0@@@,@@@0@@@,@@@0@@@,@@@0@@@,@@@0@@@,@@@0@@@,@@@1@@@,@@@0@@@,0,1,0,0,2,0,1,1,0,@@@NO@@@,0,0)','',2,'2013-06-15'),(26509,'DELETE FROM mae_impuestos_productos WHERE pro_codigo_plu=@@@780721192@@@','',2,'2013-06-15'),(26510,'INSERT INTO mae_productos (pro_codigo_plu,pro_codigo_barra,pro_tipo,pro_nombre_producto,pro_nombre_corto,med_id,emb_id,pro_unidades_embalaje,dep_id,lin_id,mar_id,pro_precio_compra_neto,pro_precio_compra_bruto,pro_precio_venta,pro_margen_actual,pro_oferta,pro_fecha_inicio_oferta,pro_fecha_termino_oferta,pro_precio_oferta,pro_stock_minimo,pro_stock_critico,pro_entradas_bodega,pro_salidas_bodega,pro_mermas_bodega,pro_ajustes_bodega,pro_entradas_sv,pro_salidas_sv,pro_mermas_sv,pro_ajustes_sv,pro_activo,rec_numero,pro_unidad,pro_capacidad,pro_consumo_bodega,pro_consumo_sv,pro_estado,pro_funcion_plu,pro_flejes,pro_iva,pro_plu_asociado,pro_envase,pro_duracion,pro_numero_etiqueta) VALUES (780721193,@@@8211511115578@@@,@@@0@@@,@@@CENICERO UNIVERCIDAD DE CHILE@@@,@@@CENICERO UNIVERC@@@,@@@1 @@@,@@@3 @@@,@@@0@@@,@@@38 @@@,@@@179@@@,@@@1909@@@,@@@0@@@,@@@0@@@,@@@1@@@,@@@0@@@,@@@@@@,@@@2013.06.15@@@,@@@2013.06.15@@@,@@@0@@@,@@@0@@@,@@@0@@@,@@@0@@@,@@@0@@@,@@@0@@@,@@@0@@@,@@@0@@@,@@@0@@@,@@@0@@@,@@@0@@@,@@@1@@@,@@@0@@@,0,1,0,0,2,0,1,1,0,@@@NO@@@,0,0)','',2,'2013-06-15'),(26511,'DELETE FROM mae_impuestos_productos WHERE pro_codigo_plu=@@@780721193@@@','',2,'2013-06-15'),(26512,'INSERT INTO mae_productos (pro_codigo_plu,pro_codigo_barra,pro_tipo,pro_nombre_producto,pro_nombre_corto,med_id,emb_id,pro_unidades_embalaje,dep_id,lin_id,mar_id,pro_precio_compra_neto,pro_precio_compra_bruto,pro_precio_venta,pro_margen_actual,pro_oferta,pro_fecha_inicio_oferta,pro_fecha_termino_oferta,pro_precio_oferta,pro_stock_minimo,pro_stock_critico,pro_entradas_bodega,pro_salidas_bodega,pro_mermas_bodega,pro_ajustes_bodega,pro_entradas_sv,pro_salidas_sv,pro_mermas_sv,pro_ajustes_sv,pro_activo,rec_numero,pro_unidad,pro_capacidad,pro_consumo_bodega,pro_consumo_sv,pro_estado,pro_funcion_plu,pro_flejes,pro_iva,pro_plu_asociado,pro_envase,pro_duracion,pro_numero_etiqueta) VALUES (780721194,@@@8210311113715@@@,@@@0@@@,@@@BOLSO COLO COLO@@@,@@@BOLSO COLO COLO@@@,@@@1 @@@,@@@3 @@@,@@@0@@@,@@@38 @@@,@@@180@@@,@@@1909@@@,@@@0@@@,@@@0@@@,@@@1@@@,@@@0@@@,@@@@@@,@@@2013.06.15@@@,@@@2013.06.15@@@,@@@0@@@,@@@0@@@,@@@0@@@,@@@0@@@,@@@0@@@,@@@0@@@,@@@0@@@,@@@0@@@,@@@0@@@,@@@0@@@,@@@0@@@,@@@1@@@,@@@0@@@,0,1,0,0,2,0,1,1,0,@@@NO@@@,0,0)','',2,'2013-06-15'),(26513,'DELETE FROM mae_impuestos_productos WHERE pro_codigo_plu=@@@780721194@@@','',2,'2013-06-15'),(26514,'INSERT INTO mae_productos (pro_codigo_plu,pro_codigo_barra,pro_tipo,pro_nombre_producto,pro_nombre_corto,med_id,emb_id,pro_unidades_embalaje,dep_id,lin_id,mar_id,pro_precio_compra_neto,pro_precio_compra_bruto,pro_precio_venta,pro_margen_actual,pro_oferta,pro_fecha_inicio_oferta,pro_fecha_termino_oferta,pro_precio_oferta,pro_stock_minimo,pro_stock_critico,pro_entradas_bodega,pro_salidas_bodega,pro_mermas_bodega,pro_ajustes_bodega,pro_entradas_sv,pro_salidas_sv,pro_mermas_sv,pro_ajustes_sv,pro_activo,rec_numero,pro_unidad,pro_capacidad,pro_consumo_bodega,pro_consumo_sv,pro_estado,pro_funcion_plu,pro_flejes,pro_iva,pro_plu_asociado,pro_envase,pro_duracion,pro_numero_etiqueta) VALUES (780721195,@@@8211511113727@@@,@@@0@@@,@@@BOLSO UNIVERSIDAD DE CHILE@@@,@@@BOLSO UNIVERSIDA@@@,@@@1 @@@,@@@3 @@@,@@@0@@@,@@@38 @@@,@@@180@@@,@@@1909@@@,@@@0@@@,@@@0@@@,@@@1@@@,@@@0@@@,@@@@@@,@@@2013.06.15@@@,@@@2013.06.15@@@,@@@0@@@,@@@0@@@,@@@0@@@,@@@0@@@,@@@0@@@,@@@0@@@,@@@0@@@,@@@0@@@,@@@0@@@,@@@0@@@,@@@0@@@,@@@1@@@,@@@0@@@,0,1,0,0,2,0,1,1,0,@@@NO@@@,0,0)','',2,'2013-06-15'),(26515,'DELETE FROM mae_impuestos_productos WHERE pro_codigo_plu=@@@780721195@@@','',2,'2013-06-15'),(26516,'INSERT INTO mae_productos (pro_codigo_plu,pro_codigo_barra,pro_tipo,pro_nombre_producto,pro_nombre_corto,med_id,emb_id,pro_unidades_embalaje,dep_id,lin_id,mar_id,pro_precio_compra_neto,pro_precio_compra_bruto,pro_precio_venta,pro_margen_actual,pro_oferta,pro_fecha_inicio_oferta,pro_fecha_termino_oferta,pro_precio_oferta,pro_stock_minimo,pro_stock_critico,pro_entradas_bodega,pro_salidas_bodega,pro_mermas_bodega,pro_ajustes_bodega,pro_entradas_sv,pro_salidas_sv,pro_mermas_sv,pro_ajustes_sv,pro_activo,rec_numero,pro_unidad,pro_capacidad,pro_consumo_bodega,pro_consumo_sv,pro_estado,pro_funcion_plu,pro_flejes,pro_iva,pro_plu_asociado,pro_envase,pro_duracion,pro_numero_etiqueta) VALUES (780721196,@@@7805670142783@@@,@@@0@@@,@@@MANTEL DE CUMPLEAÑOS@@@,@@@MANTEL DE CUMPLE@@@,@@@1 @@@,@@@3 @@@,@@@0@@@,@@@24 @@@,@@@177@@@,@@@1909@@@,@@@0@@@,@@@0@@@,@@@1@@@,@@@0@@@,@@@@@@,@@@2013.06.15@@@,@@@2013.06.15@@@,@@@0@@@,@@@0@@@,@@@0@@@,@@@0@@@,@@@0@@@,@@@0@@@,@@@0@@@,@@@0@@@,@@@0@@@,@@@0@@@,@@@0@@@,@@@1@@@,@@@0@@@,0,1,0,0,2,0,1,1,0,@@@NO@@@,0,0)','',2,'2013-06-15'),(26517,'DELETE FROM mae_impuestos_productos WHERE pro_codigo_plu=@@@780721196@@@','',2,'2013-06-15'),(26518,'UPDATE mae_productos SET pro_margen_actual=0,pro_precio_venta=1 WHERE pro_codigo_plu=780721194','',2,'2013-06-15'),(26519,'UPDATE mae_productos SET pro_margen_actual=0,pro_precio_venta=1 WHERE pro_codigo_plu=780721195','',2,'2013-06-15'),(26520,'UPDATE mae_productos SET pro_margen_actual=0,pro_precio_venta=1 WHERE pro_codigo_plu=780721193','',2,'2013-06-15'),(26521,'UPDATE mae_productos SET pro_margen_actual=0,pro_precio_venta=1 WHERE pro_codigo_plu=780721192','',2,'2013-06-15'),(26522,'UPDATE mae_productos SET pro_margen_actual=0,pro_precio_venta=1 WHERE pro_codigo_plu=780721196','',2,'2013-06-15'),(26523,'UPDATE mae_productos SET pro_margen_actual=0,pro_precio_venta=1 WHERE pro_codigo_plu=780721191','',2,'2013-06-15'),(26524,'UPDATE mae_productos SET pro_margen_actual=0,pro_precio_venta=1 WHERE pro_codigo_plu=780721190','',2,'2013-06-15'),(26525,'UPDATE mae_productos SET pro_margen_actual=0,pro_precio_venta=1 WHERE pro_codigo_plu=780721188','',2,'2013-06-15'),(26526,'UPDATE mae_productos SET pro_margen_actual=0,pro_precio_venta=1 WHERE pro_codigo_plu=780721189','',2,'2013-06-15'),(26527,'UPDATE mae_productos SET pro_margen_actual=0,pro_precio_venta=380 WHERE pro_codigo_plu=537','',2,'2013-06-15'),(26528,'UPDATE mae_productos SET pro_precio_fiscal=pro_precio_venta WHERE pro_codigo_plu=537','',2,'2013-06-15'),(26529,'UPDATE mae_productos SET pro_precio_fiscal=pro_precio_venta WHERE pro_codigo_plu=780721192','',2,'2013-06-15'),(26530,'UPDATE mae_productos SET pro_precio_fiscal=pro_precio_venta WHERE pro_codigo_plu=780721196','',2,'2013-06-15'),(26531,'UPDATE mae_productos SET pro_precio_fiscal=pro_precio_venta WHERE pro_codigo_plu=780721194','',2,'2013-06-15'),(26532,'UPDATE mae_productos SET pro_precio_fiscal=pro_precio_venta WHERE pro_codigo_plu=780721191','',2,'2013-06-15'),(26533,'UPDATE mae_productos SET pro_precio_fiscal=pro_precio_venta WHERE pro_codigo_plu=780721188','',2,'2013-06-15'),(26534,'UPDATE mae_productos SET pro_precio_fiscal=pro_precio_venta WHERE pro_codigo_plu=780721190','',2,'2013-06-15'),(26535,'UPDATE mae_productos SET pro_precio_fiscal=pro_precio_venta WHERE pro_codigo_plu=780721195','',2,'2013-06-15'),(26536,'UPDATE mae_productos SET pro_precio_fiscal=pro_precio_venta WHERE pro_codigo_plu=780721193','',2,'2013-06-15'),(26537,'UPDATE mae_productos SET pro_precio_fiscal=pro_precio_venta WHERE pro_codigo_plu=780721189','',2,'2013-06-15'),(26538,'UPDATE mae_productos SET pro_margen_actual=0,pro_precio_venta=2590 WHERE pro_codigo_plu=780721188','',2,'2013-06-15'),(26539,'UPDATE mae_productos SET pro_margen_actual=0,pro_precio_venta=2590 WHERE pro_codigo_plu=780721189','',2,'2013-06-15'),(26540,'UPDATE mae_productos SET pro_precio_fiscal=pro_precio_venta WHERE pro_codigo_plu=780721188','',2,'2013-06-15'),(26541,'UPDATE mae_productos SET pro_precio_fiscal=pro_precio_venta WHERE pro_codigo_plu=780721189','',2,'2013-06-15'),(26542,'INSERT INTO gne_vale_ferreteria (vfe_id,vfe_fecha,vfe_total,vfe_estado,vfe_entregado,usu_nusuario) VALUES (2495,@@@2013.06.15@@@,2980,1,0,@@@G_DIAZ@@@)','',2,'2013-06-15'),(26543,'INSERT INTO gne_vale_ferreteria_mov (vfe_id,pro_codigo_plu,vfm_cantidad,vfm_unitario,vfm_total,vfm_entregado) VALUES (2495,780721188,1,2590,2590,@@@NO@@@)','',2,'2013-06-15'),(26544,'INSERT INTO gne_vale_ferreteria_mov (vfe_id,pro_codigo_plu,vfm_cantidad,vfm_unitario,vfm_total,vfm_entregado) VALUES (2495,78017203,1,390,390,@@@NO@@@)','',2,'2013-06-15'),(26545,'INSERT INTO gne_vale_ferreteria (vfe_id,vfe_fecha,vfe_total,vfe_estado,vfe_entregado,usu_nusuario) VALUES (2496,@@@2013.06.15@@@,1590,1,0,@@@G_DIAZ@@@)','',2,'2013-06-15'),(26546,'INSERT INTO gne_vale_ferreteria_mov (vfe_id,pro_codigo_plu,vfm_cantidad,vfm_unitario,vfm_total,vfm_entregado) VALUES (2496,262011,1,1590,1590,@@@NO@@@)','',2,'2013-06-15'),(26547,'UPDATE mae_productos SET pro_margen_actual=0,pro_precio_venta=12990 WHERE pro_codigo_plu=10429','',2,'2013-06-15'),(26548,'UPDATE mae_productos SET pro_margen_actual=0,pro_precio_venta=1490 WHERE pro_codigo_plu=780721192','',2,'2013-06-15'),(26549,'UPDATE mae_productos SET pro_precio_fiscal=pro_precio_venta WHERE pro_codigo_plu=780721192','',2,'2013-06-15'),(26550,'UPDATE mae_productos SET pro_precio_fiscal=pro_precio_venta WHERE pro_codigo_plu=10429','',2,'2013-06-15'),(26551,'UPDATE mae_productos SET pro_margen_actual=0,pro_precio_venta=890 WHERE pro_codigo_plu=780721196','',2,'2013-06-15'),(26552,'UPDATE mae_productos SET pro_margen_actual=0,pro_precio_venta=2100 WHERE pro_codigo_plu=560','',2,'2013-06-15'),(26553,'UPDATE mae_productos SET pro_precio_fiscal=pro_precio_venta WHERE pro_codigo_plu=560','',2,'2013-06-15'),(26554,'UPDATE mae_productos SET pro_precio_fiscal=pro_precio_venta WHERE pro_codigo_plu=780721196','',2,'2013-06-15'),(26555,'UPDATE mae_productos SET pro_margen_actual=0,pro_precio_venta=1490 WHERE pro_codigo_plu=780721193','',2,'2013-06-15'),(26556,'UPDATE mae_productos SET pro_margen_actual=0,pro_precio_venta=4490 WHERE pro_codigo_plu=780721191','',2,'2013-06-15'),(26557,'UPDATE mae_productos SET pro_margen_actual=0,pro_precio_venta=4490 WHERE pro_codigo_plu=780721190','',2,'2013-06-15'),(26558,'UPDATE mae_productos SET pro_precio_fiscal=pro_precio_venta WHERE pro_codigo_plu=780721191','',2,'2013-06-15'),(26559,'UPDATE mae_productos SET pro_precio_fiscal=pro_precio_venta WHERE pro_codigo_plu=780721190','',2,'2013-06-15'),(26560,'UPDATE mae_productos SET pro_precio_fiscal=pro_precio_venta WHERE pro_codigo_plu=780721193','',2,'2013-06-15'),(26561,'INSERT INTO gne_vale_ferreteria (vfe_id,vfe_fecha,vfe_total,vfe_estado,vfe_entregado,usu_nusuario) VALUES (2497,@@@2013.06.15@@@,980,1,0,@@@G_DIAZ@@@)','',2,'2013-06-15'),(26562,'INSERT INTO gne_vale_ferreteria_mov (vfe_id,pro_codigo_plu,vfm_cantidad,vfm_unitario,vfm_total,vfm_entregado) VALUES (2497,19876,1,980,980,@@@NO@@@)','',2,'2013-06-15'),(26563,'INSERT INTO gne_vale_ferreteria (vfe_id,vfe_fecha,vfe_total,vfe_estado,vfe_entregado,usu_nusuario) VALUES (2498,@@@2013.06.15@@@,840,1,0,@@@G_DIAZ@@@)','',2,'2013-06-15'),(26564,'INSERT INTO gne_vale_ferreteria_mov (vfe_id,pro_codigo_plu,vfm_cantidad,vfm_unitario,vfm_total,vfm_entregado) VALUES (2498,11670,1,840,840,@@@NO@@@)','',2,'2013-06-15'),(26565,'INSERT INTO gne_vale_ferreteria (vfe_id,vfe_fecha,vfe_total,vfe_estado,vfe_entregado,usu_nusuario) VALUES (2499,@@@2013.06.15@@@,3490,1,0,@@@G_DIAZ@@@)','',2,'2013-06-15'),(26566,'INSERT INTO gne_vale_ferreteria_mov (vfe_id,pro_codigo_plu,vfm_cantidad,vfm_unitario,vfm_total,vfm_entregado) VALUES (2499,764197,1,3490,3490,@@@NO@@@)','',2,'2013-06-15'),(26567,'INSERT INTO gne_vale_ferreteria (vfe_id,vfe_fecha,vfe_total,vfe_estado,vfe_entregado,usu_nusuario) VALUES (2500,@@@2013.06.15@@@,1990,1,0,@@@G_DIAZ@@@)','',2,'2013-06-15'),(26568,'INSERT INTO gne_vale_ferreteria_mov (vfe_id,pro_codigo_plu,vfm_cantidad,vfm_unitario,vfm_total,vfm_entregado) VALUES (2500,880014,1,1990,1990,@@@NO@@@)','',2,'2013-06-15'),(26569,'INSERT INTO gne_vale_ferreteria (vfe_id,vfe_fecha,vfe_total,vfe_estado,vfe_entregado,usu_nusuario) VALUES (2501,@@@2013.06.15@@@,240,1,0,@@@G_DIAZ@@@)','',2,'2013-06-15'),(26570,'INSERT INTO gne_vale_ferreteria_mov (vfe_id,pro_codigo_plu,vfm_cantidad,vfm_unitario,vfm_total,vfm_entregado) VALUES (2501,8022,2,120,240,@@@NO@@@)','',2,'2013-06-15'),(26571,'INSERT INTO gne_vale_ferreteria (vfe_id,vfe_fecha,vfe_total,vfe_estado,vfe_entregado,usu_nusuario) VALUES (2502,@@@2013.06.15@@@,2190,1,0,@@@G_DIAZ@@@)','',2,'2013-06-15'),(26572,'INSERT INTO gne_vale_ferreteria_mov (vfe_id,pro_codigo_plu,vfm_cantidad,vfm_unitario,vfm_total,vfm_entregado) VALUES (2502,764650,1,2190,2190,@@@NO@@@)','',2,'2013-06-15'),(26573,'INSERT INTO gne_vale_ferreteria (vfe_id,vfe_fecha,vfe_total,vfe_estado,vfe_entregado,usu_nusuario) VALUES (2503,@@@2013.06.15@@@,2080,1,0,@@@G_DIAZ@@@)','',2,'2013-06-15'),(26574,'INSERT INTO gne_vale_ferreteria_mov (vfe_id,pro_codigo_plu,vfm_cantidad,vfm_unitario,vfm_total,vfm_entregado) VALUES (2503,764397,2,490,980,@@@NO@@@)','',2,'2013-06-15'),(26575,'INSERT INTO gne_vale_ferreteria_mov (vfe_id,pro_codigo_plu,vfm_cantidad,vfm_unitario,vfm_total,vfm_entregado) VALUES (2503,780721138,1,1100,1100,@@@NO@@@)','',2,'2013-06-15'),(26576,'INSERT INTO gne_vale_ferreteria (vfe_id,vfe_fecha,vfe_total,vfe_estado,vfe_entregado,usu_nusuario) VALUES (2504,@@@2013.06.15@@@,390,1,0,@@@G_DIAZ@@@)','',2,'2013-06-15'),(26577,'INSERT INTO gne_vale_ferreteria_mov (vfe_id,pro_codigo_plu,vfm_cantidad,vfm_unitario,vfm_total,vfm_entregado) VALUES (2504,15967,3,130,390,@@@NO@@@)','',2,'2013-06-15'),(26578,'UPDATE mae_productos SET pro_margen_actual=0,pro_precio_venta=3990 WHERE pro_codigo_plu=780721195','',2,'2013-06-15'),(26579,'UPDATE mae_productos SET pro_margen_actual=0,pro_precio_venta=3990 WHERE pro_codigo_plu=780721194','',2,'2013-06-15'),(26580,'INSERT INTO mae_productos (pro_codigo_plu,pro_codigo_barra,pro_tipo,pro_nombre_producto,pro_nombre_corto,med_id,emb_id,pro_unidades_embalaje,dep_id,lin_id,mar_id,pro_precio_compra_neto,pro_precio_compra_bruto,pro_precio_venta,pro_margen_actual,pro_oferta,pro_fecha_inicio_oferta,pro_fecha_termino_oferta,pro_precio_oferta,pro_stock_minimo,pro_stock_critico,pro_entradas_bodega,pro_salidas_bodega,pro_mermas_bodega,pro_ajustes_bodega,pro_entradas_sv,pro_salidas_sv,pro_mermas_sv,pro_ajustes_sv,pro_activo,rec_numero,pro_unidad,pro_capacidad,pro_consumo_bodega,pro_consumo_sv,pro_estado,pro_funcion_plu,pro_flejes,pro_iva,pro_plu_asociado,pro_envase,pro_duracion,pro_numero_etiqueta) VALUES (780721197,@@@8211511115479@@@,@@@0@@@,@@@CHOPERO UNIVERSIDAD DE CHILE@@@,@@@CHOPERO UNIVERSI@@@,@@@1 @@@,@@@3 @@@,@@@0@@@,@@@38 @@@,@@@180@@@,@@@1909@@@,@@@0@@@,@@@0@@@,@@@2590@@@,@@@0@@@,@@@@@@,@@@2013.06.15@@@,@@@2013.06.15@@@,@@@0@@@,@@@0@@@,@@@0@@@,@@@0@@@,@@@0@@@,@@@0@@@,@@@0@@@,@@@0@@@,@@@0@@@,@@@0@@@,@@@0@@@,@@@1@@@,@@@0@@@,0,1,0,0,2,0,1,1,0,@@@NO@@@,0,0)','',2,'2013-06-15'),(26581,'DELETE FROM mae_impuestos_productos WHERE pro_codigo_plu=@@@780721197@@@','',2,'2013-06-15'),(26582,'INSERT INTO mae_productos (pro_codigo_plu,pro_codigo_barra,pro_tipo,pro_nombre_producto,pro_nombre_corto,med_id,emb_id,pro_unidades_embalaje,dep_id,lin_id,mar_id,pro_precio_compra_neto,pro_precio_compra_bruto,pro_precio_venta,pro_margen_actual,pro_oferta,pro_fecha_inicio_oferta,pro_fecha_termino_oferta,pro_precio_oferta,pro_stock_minimo,pro_stock_critico,pro_entradas_bodega,pro_salidas_bodega,pro_mermas_bodega,pro_ajustes_bodega,pro_entradas_sv,pro_salidas_sv,pro_mermas_sv,pro_ajustes_sv,pro_activo,rec_numero,pro_unidad,pro_capacidad,pro_consumo_bodega,pro_consumo_sv,pro_estado,pro_funcion_plu,pro_flejes,pro_iva,pro_plu_asociado,pro_envase,pro_duracion,pro_numero_etiqueta) VALUES (780721198,@@@8210311113104@@@,@@@0@@@,@@@TAZON LARGO COLO COLO@@@,@@@TAZON LARGO COLO@@@,@@@1 @@@,@@@3 @@@,@@@0@@@,@@@38 @@@,@@@179@@@,@@@1909@@@,@@@0@@@,@@@0@@@,@@@2190@@@,@@@0@@@,@@@@@@,@@@2013.06.15@@@,@@@2013.06.15@@@,@@@0@@@,@@@0@@@,@@@0@@@,@@@0@@@,@@@0@@@,@@@0@@@,@@@0@@@,@@@0@@@,@@@0@@@,@@@0@@@,@@@0@@@,@@@1@@@,@@@0@@@,0,1,0,0,2,0,1,1,0,@@@NO@@@,0,0)','',2,'2013-06-15'),(26583,'DELETE FROM mae_impuestos_productos WHERE pro_codigo_plu=@@@780721198@@@','',2,'2013-06-15'),(26584,'INSERT INTO gne_vale_ferreteria (vfe_id,vfe_fecha,vfe_total,vfe_estado,vfe_entregado,usu_nusuario) VALUES (2505,@@@2013.06.15@@@,1100,1,0,@@@G_DIAZ@@@)','',2,'2013-06-15'),(26585,'INSERT INTO gne_vale_ferreteria_mov (vfe_id,pro_codigo_plu,vfm_cantidad,vfm_unitario,vfm_total,vfm_entregado) VALUES (2505,12773,1,1100,1100,@@@NO@@@)','',2,'2013-06-15'),(26586,'INSERT INTO gne_vale_ferreteria (vfe_id,vfe_fecha,vfe_total,vfe_estado,vfe_entregado,usu_nusuario) VALUES (2506,@@@2013.06.15@@@,1590,1,0,@@@G_DIAZ@@@)','',2,'2013-06-15'),(26587,'INSERT INTO gne_vale_ferreteria_mov (vfe_id,pro_codigo_plu,vfm_cantidad,vfm_unitario,vfm_total,vfm_entregado) VALUES (2506,765055,1,1100,1100,@@@NO@@@)','',2,'2013-06-15'),(26588,'INSERT INTO gne_vale_ferreteria_mov (vfe_id,pro_codigo_plu,vfm_cantidad,vfm_unitario,vfm_total,vfm_entregado) VALUES (2506,1538,1,490,490,@@@NO@@@)','',2,'2013-06-15'),(26589,'INSERT INTO mae_productos (pro_codigo_plu,pro_codigo_barra,pro_tipo,pro_nombre_producto,pro_nombre_corto,med_id,emb_id,pro_unidades_embalaje,dep_id,lin_id,mar_id,pro_precio_compra_neto,pro_precio_compra_bruto,pro_precio_venta,pro_margen_actual,pro_oferta,pro_fecha_inicio_oferta,pro_fecha_termino_oferta,pro_precio_oferta,pro_stock_minimo,pro_stock_critico,pro_entradas_bodega,pro_salidas_bodega,pro_mermas_bodega,pro_ajustes_bodega,pro_entradas_sv,pro_salidas_sv,pro_mermas_sv,pro_ajustes_sv,pro_activo,rec_numero,pro_unidad,pro_capacidad,pro_consumo_bodega,pro_consumo_sv,pro_estado,pro_funcion_plu,pro_flejes,pro_iva,pro_plu_asociado,pro_envase,pro_duracion,pro_numero_etiqueta) VALUES (780721199,@@@8211411113162@@@,@@@0@@@,@@@TAZON CATOLICA@@@,@@@TAZON CATOLICA@@@,@@@1 @@@,@@@3 @@@,@@@0@@@,@@@38 @@@,@@@180@@@,@@@1909@@@,@@@0@@@,@@@0@@@,@@@2190@@@,@@@0@@@,@@@@@@,@@@2013.06.15@@@,@@@2013.06.15@@@,@@@0@@@,@@@0@@@,@@@0@@@,@@@0@@@,@@@0@@@,@@@0@@@,@@@0@@@,@@@0@@@,@@@0@@@,@@@0@@@,@@@0@@@,@@@1@@@,@@@0@@@,0,1,0,0,2,0,1,1,0,@@@NO@@@,0,0)','',2,'2013-06-15'),(26590,'DELETE FROM mae_impuestos_productos WHERE pro_codigo_plu=@@@780721199@@@','',2,'2013-06-15'),(26591,'INSERT INTO mae_productos (pro_codigo_plu,pro_codigo_barra,pro_tipo,pro_nombre_producto,pro_nombre_corto,med_id,emb_id,pro_unidades_embalaje,dep_id,lin_id,mar_id,pro_precio_compra_neto,pro_precio_compra_bruto,pro_precio_venta,pro_margen_actual,pro_oferta,pro_fecha_inicio_oferta,pro_fecha_termino_oferta,pro_precio_oferta,pro_stock_minimo,pro_stock_critico,pro_entradas_bodega,pro_salidas_bodega,pro_mermas_bodega,pro_ajustes_bodega,pro_entradas_sv,pro_salidas_sv,pro_mermas_sv,pro_ajustes_sv,pro_activo,rec_numero,pro_unidad,pro_capacidad,pro_consumo_bodega,pro_consumo_sv,pro_estado,pro_funcion_plu,pro_flejes,pro_iva,pro_plu_asociado,pro_envase,pro_duracion,pro_numero_etiqueta) VALUES (780721200,@@@8211511113123@@@,@@@0@@@,@@@TAZON LARGO UNIVERSIDAD DE CHILE@@@,@@@TAZON LARGO UNIV@@@,@@@1 @@@,@@@3 @@@,@@@0@@@,@@@38 @@@,@@@180@@@,@@@1909@@@,@@@0@@@,@@@0@@@,@@@2190@@@,@@@0@@@,@@@@@@,@@@2013.06.15@@@,@@@2013.06.15@@@,@@@0@@@,@@@0@@@,@@@0@@@,@@@0@@@,@@@0@@@,@@@0@@@,@@@0@@@,@@@0@@@,@@@0@@@,@@@0@@@,@@@0@@@,@@@1@@@,@@@0@@@,0,1,0,0,2,0,1,1,0,@@@NO@@@,0,0)','',2,'2013-06-15'),(26592,'DELETE FROM mae_impuestos_productos WHERE pro_codigo_plu=@@@780721200@@@','',2,'2013-06-15'),(26593,'INSERT INTO mae_productos (pro_codigo_plu,pro_codigo_barra,pro_tipo,pro_nombre_producto,pro_nombre_corto,med_id,emb_id,pro_unidades_embalaje,dep_id,lin_id,mar_id,pro_precio_compra_neto,pro_precio_compra_bruto,pro_precio_venta,pro_margen_actual,pro_oferta,pro_fecha_inicio_oferta,pro_fecha_termino_oferta,pro_precio_oferta,pro_stock_minimo,pro_stock_critico,pro_entradas_bodega,pro_salidas_bodega,pro_mermas_bodega,pro_ajustes_bodega,pro_entradas_sv,pro_salidas_sv,pro_mermas_sv,pro_ajustes_sv,pro_activo,rec_numero,pro_unidad,pro_capacidad,pro_consumo_bodega,pro_consumo_sv,pro_estado,pro_funcion_plu,pro_flejes,pro_iva,pro_plu_asociado,pro_envase,pro_duracion,pro_numero_etiqueta) VALUES (780721201,@@@8210311113005@@@,@@@0@@@,@@@TAZON CHICO COLO COLO@@@,@@@TAZON CHICO COLO@@@,@@@1 @@@,@@@3 @@@,@@@0@@@,@@@38 @@@,@@@180@@@,@@@1909@@@,@@@0@@@,@@@0@@@,@@@1990@@@,@@@0@@@,@@@@@@,@@@2013.06.15@@@,@@@2013.06.15@@@,@@@0@@@,@@@0@@@,@@@0@@@,@@@0@@@,@@@0@@@,@@@0@@@,@@@0@@@,@@@0@@@,@@@0@@@,@@@0@@@,@@@0@@@,@@@1@@@,@@@0@@@,0,1,0,0,2,0,1,1,0,@@@NO@@@,0,0)','',2,'2013-06-15'),(26594,'DELETE FROM mae_impuestos_productos WHERE pro_codigo_plu=@@@780721201@@@','',2,'2013-06-15'),(26595,'INSERT INTO gne_vale_ferreteria (vfe_id,vfe_fecha,vfe_total,vfe_estado,vfe_entregado,usu_nusuario) VALUES (2507,@@@2013.06.15@@@,250,1,0,@@@G_DIAZ@@@)','',2,'2013-06-15'),(26596,'INSERT INTO gne_vale_ferreteria_mov (vfe_id,pro_codigo_plu,vfm_cantidad,vfm_unitario,vfm_total,vfm_entregado) VALUES (2507,780721186,1,250,250,@@@NO@@@)','',2,'2013-06-15'),(26597,'INSERT INTO gne_vale_ferreteria (vfe_id,vfe_fecha,vfe_total,vfe_estado,vfe_entregado,usu_nusuario) VALUES (2508,@@@2013.06.15@@@,2990,1,0,@@@G_DIAZ@@@)','',2,'2013-06-15'),(26598,'INSERT INTO gne_vale_ferreteria_mov (vfe_id,pro_codigo_plu,vfm_cantidad,vfm_unitario,vfm_total,vfm_entregado) VALUES (2508,764511,1,2990,2990,@@@NO@@@)','',2,'2013-06-15'),(26599,'INSERT INTO gne_vale_ferreteria (vfe_id,vfe_fecha,vfe_total,vfe_estado,vfe_entregado,usu_nusuario) VALUES (2509,@@@2013.06.15@@@,950,1,0,@@@G_DIAZ@@@)','',2,'2013-06-15'),(26600,'INSERT INTO gne_vale_ferreteria_mov (vfe_id,pro_codigo_plu,vfm_cantidad,vfm_unitario,vfm_total,vfm_entregado) VALUES (2509,20825,1,950,950,@@@NO@@@)','',2,'2013-06-15'),(26601,'INSERT INTO gne_vale_ferreteria (vfe_id,vfe_fecha,vfe_total,vfe_estado,vfe_entregado,usu_nusuario) VALUES (2510,@@@2013.06.15@@@,4590,1,0,@@@G_DIAZ@@@)','',2,'2013-06-15'),(26602,'INSERT INTO gne_vale_ferreteria_mov (vfe_id,pro_codigo_plu,vfm_cantidad,vfm_unitario,vfm_total,vfm_entregado) VALUES (2510,780721158,1,1990,1990,@@@NO@@@)','',2,'2013-06-15'),(26603,'INSERT INTO gne_vale_ferreteria_mov (vfe_id,pro_codigo_plu,vfm_cantidad,vfm_unitario,vfm_total,vfm_entregado) VALUES (2510,101625,1,1890,1890,@@@NO@@@)','',2,'2013-06-15'),(26604,'INSERT INTO gne_vale_ferreteria_mov (vfe_id,pro_codigo_plu,vfm_cantidad,vfm_unitario,vfm_total,vfm_entregado) VALUES (2510,19865,1,590,590,@@@NO@@@)','',2,'2013-06-15'),(26605,'INSERT INTO gne_vale_ferreteria_mov (vfe_id,pro_codigo_plu,vfm_cantidad,vfm_unitario,vfm_total,vfm_entregado) VALUES (2510,78017154,1,120,120,@@@NO@@@)','',2,'2013-06-15'),(26606,'INSERT INTO gne_vale_ferreteria (vfe_id,vfe_fecha,vfe_total,vfe_estado,vfe_entregado,usu_nusuario) VALUES (2511,@@@2013.06.15@@@,2290,1,0,@@@G_DIAZ@@@)','',2,'2013-06-15'),(26607,'INSERT INTO gne_vale_ferreteria_mov (vfe_id,pro_codigo_plu,vfm_cantidad,vfm_unitario,vfm_total,vfm_entregado) VALUES (2511,880025,1,2290,2290,@@@NO@@@)','',2,'2013-06-15'),(26608,'INSERT INTO gne_vale_ferreteria (vfe_id,vfe_fecha,vfe_total,vfe_estado,vfe_entregado,usu_nusuario) VALUES (2512,@@@2013.06.15@@@,2990,1,0,@@@G_DIAZ@@@)','',2,'2013-06-15'),(26609,'INSERT INTO gne_vale_ferreteria_mov (vfe_id,pro_codigo_plu,vfm_cantidad,vfm_unitario,vfm_total,vfm_entregado) VALUES (2512,764573,1,2990,2990,@@@NO@@@)','',2,'2013-06-15'),(26610,'INSERT INTO gne_vale_ferreteria (vfe_id,vfe_fecha,vfe_total,vfe_estado,vfe_entregado,usu_nusuario) VALUES (2513,@@@2013.06.15@@@,290,1,0,@@@G_DIAZ@@@)','',2,'2013-06-15'),(26611,'INSERT INTO gne_vale_ferreteria_mov (vfe_id,pro_codigo_plu,vfm_cantidad,vfm_unitario,vfm_total,vfm_entregado) VALUES (2513,763589,1,290,290,@@@NO@@@)','',2,'2013-06-15'),(26612,'INSERT INTO gne_vale_ferreteria (vfe_id,vfe_fecha,vfe_total,vfe_estado,vfe_entregado,usu_nusuario) VALUES (2514,@@@2013.06.15@@@,400,1,0,@@@G_DIAZ@@@)','',2,'2013-06-15'),(26613,'INSERT INTO gne_vale_ferreteria_mov (vfe_id,pro_codigo_plu,vfm_cantidad,vfm_unitario,vfm_total,vfm_entregado) VALUES (2514,764364,1,140,140,@@@NO@@@)','',2,'2013-06-15'),(26614,'INSERT INTO gne_vale_ferreteria_mov (vfe_id,pro_codigo_plu,vfm_cantidad,vfm_unitario,vfm_total,vfm_entregado) VALUES (2514,12083,1,260,260,@@@NO@@@)','',2,'2013-06-15'),(26615,'INSERT INTO mae_productos (pro_codigo_plu,pro_codigo_barra,pro_tipo,pro_nombre_producto,pro_nombre_corto,med_id,emb_id,pro_unidades_embalaje,dep_id,lin_id,mar_id,pro_precio_compra_neto,pro_precio_compra_bruto,pro_precio_venta,pro_margen_actual,pro_oferta,pro_fecha_inicio_oferta,pro_fecha_termino_oferta,pro_precio_oferta,pro_stock_minimo,pro_stock_critico,pro_entradas_bodega,pro_salidas_bodega,pro_mermas_bodega,pro_ajustes_bodega,pro_entradas_sv,pro_salidas_sv,pro_mermas_sv,pro_ajustes_sv,pro_activo,rec_numero,pro_unidad,pro_capacidad,pro_consumo_bodega,pro_consumo_sv,pro_estado,pro_funcion_plu,pro_flejes,pro_iva,pro_plu_asociado,pro_envase,pro_duracion,pro_numero_etiqueta) VALUES (780721202,@@@8211411113087@@@,@@@0@@@,@@@TAZON CHICO CATOLICA@@@,@@@TAZON CHICO CATO@@@,@@@1 @@@,@@@3 @@@,@@@0@@@,@@@38 @@@,@@@180@@@,@@@1909@@@,@@@0@@@,@@@0@@@,@@@1990@@@,@@@0@@@,@@@@@@,@@@2013.06.15@@@,@@@2013.06.15@@@,@@@0@@@,@@@0@@@,@@@0@@@,@@@0@@@,@@@0@@@,@@@0@@@,@@@0@@@,@@@0@@@,@@@0@@@,@@@0@@@,@@@0@@@,@@@1@@@,@@@0@@@,0,1,0,0,2,0,1,1,0,@@@NO@@@,0,0)','',2,'2013-06-15'),(26616,'DELETE FROM mae_impuestos_productos WHERE pro_codigo_plu=@@@780721202@@@','',2,'2013-06-15'),(26617,'INSERT INTO mae_productos (pro_codigo_plu,pro_codigo_barra,pro_tipo,pro_nombre_producto,pro_nombre_corto,med_id,emb_id,pro_unidades_embalaje,dep_id,lin_id,mar_id,pro_precio_compra_neto,pro_precio_compra_bruto,pro_precio_venta,pro_margen_actual,pro_oferta,pro_fecha_inicio_oferta,pro_fecha_termino_oferta,pro_precio_oferta,pro_stock_minimo,pro_stock_critico,pro_entradas_bodega,pro_salidas_bodega,pro_mermas_bodega,pro_ajustes_bodega,pro_entradas_sv,pro_salidas_sv,pro_mermas_sv,pro_ajustes_sv,pro_activo,rec_numero,pro_unidad,pro_capacidad,pro_consumo_bodega,pro_consumo_sv,pro_estado,pro_funcion_plu,pro_flejes,pro_iva,pro_plu_asociado,pro_envase,pro_duracion,pro_numero_etiqueta) VALUES (780721203,@@@8211511113048@@@,@@@0@@@,@@@TAZON CHICO UNIVERSIDAD DE CHILE@@@,@@@TAZON CHICO UNIV@@@,@@@1 @@@,@@@3 @@@,@@@0@@@,@@@38 @@@,@@@180@@@,@@@1909@@@,@@@0@@@,@@@0@@@,@@@1990@@@,@@@0@@@,@@@@@@,@@@2013.06.15@@@,@@@2013.06.15@@@,@@@0@@@,@@@0@@@,@@@0@@@,@@@0@@@,@@@0@@@,@@@0@@@,@@@0@@@,@@@0@@@,@@@0@@@,@@@0@@@,@@@0@@@,@@@1@@@,@@@0@@@,0,1,0,0,2,0,1,1,0,@@@NO@@@,0,0)','',2,'2013-06-15'),(26618,'DELETE FROM mae_impuestos_productos WHERE pro_codigo_plu=@@@780721203@@@','',2,'2013-06-15'),(26619,'INSERT INTO mae_productos (pro_codigo_plu,pro_codigo_barra,pro_tipo,pro_nombre_producto,pro_nombre_corto,med_id,emb_id,pro_unidades_embalaje,dep_id,lin_id,mar_id,pro_precio_compra_neto,pro_precio_compra_bruto,pro_precio_venta,pro_margen_actual,pro_oferta,pro_fecha_inicio_oferta,pro_fecha_termino_oferta,pro_precio_oferta,pro_stock_minimo,pro_stock_critico,pro_entradas_bodega,pro_salidas_bodega,pro_mermas_bodega,pro_ajustes_bodega,pro_entradas_sv,pro_salidas_sv,pro_mermas_sv,pro_ajustes_sv,pro_activo,rec_numero,pro_unidad,pro_capacidad,pro_consumo_bodega,pro_consumo_sv,pro_estado,pro_funcion_plu,pro_flejes,pro_iva,pro_plu_asociado,pro_envase,pro_duracion,pro_numero_etiqueta) VALUES (780721204,@@@8211511120718@@@,@@@0@@@,@@@TERMO UNIVERSIDAD DE CHILE@@@,@@@TERMO UNIVERSIDA@@@,@@@1 @@@,@@@3 @@@,@@@0@@@,@@@38 @@@,@@@179@@@,@@@1909@@@,@@@0@@@,@@@0@@@,@@@4990@@@,@@@0@@@,@@@@@@,@@@2013.06.15@@@,@@@2013.06.15@@@,@@@0@@@,@@@0@@@,@@@0@@@,@@@0@@@,@@@0@@@,@@@0@@@,@@@0@@@,@@@0@@@,@@@0@@@,@@@0@@@,@@@0@@@,@@@1@@@,@@@0@@@,0,1,0,0,2,0,1,1,0,@@@NO@@@,0,0)','',2,'2013-06-15'),(26620,'DELETE FROM mae_impuestos_productos WHERE pro_codigo_plu=@@@780721204@@@','',2,'2013-06-15'),(26621,'INSERT INTO mae_productos (pro_codigo_plu,pro_codigo_barra,pro_tipo,pro_nombre_producto,pro_nombre_corto,med_id,emb_id,pro_unidades_embalaje,dep_id,lin_id,mar_id,pro_precio_compra_neto,pro_precio_compra_bruto,pro_precio_venta,pro_margen_actual,pro_oferta,pro_fecha_inicio_oferta,pro_fecha_termino_oferta,pro_precio_oferta,pro_stock_minimo,pro_stock_critico,pro_entradas_bodega,pro_salidas_bodega,pro_mermas_bodega,pro_ajustes_bodega,pro_entradas_sv,pro_salidas_sv,pro_mermas_sv,pro_ajustes_sv,pro_activo,rec_numero,pro_unidad,pro_capacidad,pro_consumo_bodega,pro_consumo_sv,pro_estado,pro_funcion_plu,pro_flejes,pro_iva,pro_plu_asociado,pro_envase,pro_duracion,pro_numero_etiqueta) VALUES (780721205,@@@8210311120706@@@,@@@0@@@,@@@TERMO COLO COLO@@@,@@@TERMO COLO COLO@@@,@@@1 @@@,@@@3 @@@,@@@0@@@,@@@38 @@@,@@@179@@@,@@@1909@@@,@@@0@@@,@@@0@@@,@@@4990@@@,@@@0@@@,@@@@@@,@@@2013.06.15@@@,@@@2013.06.15@@@,@@@0@@@,@@@0@@@,@@@0@@@,@@@0@@@,@@@0@@@,@@@0@@@,@@@0@@@,@@@0@@@,@@@0@@@,@@@0@@@,@@@0@@@,@@@1@@@,@@@0@@@,0,1,0,0,2,0,1,1,0,@@@NO@@@,0,0)','',2,'2013-06-15'),(26622,'DELETE FROM mae_impuestos_productos WHERE pro_codigo_plu=@@@780721205@@@','',2,'2013-06-15'),(26623,'INSERT INTO mae_productos (pro_codigo_plu,pro_codigo_barra,pro_tipo,pro_nombre_producto,pro_nombre_corto,med_id,emb_id,pro_unidades_embalaje,dep_id,lin_id,mar_id,pro_precio_compra_neto,pro_precio_compra_bruto,pro_precio_venta,pro_margen_actual,pro_oferta,pro_fecha_inicio_oferta,pro_fecha_termino_oferta,pro_precio_oferta,pro_stock_minimo,pro_stock_critico,pro_entradas_bodega,pro_salidas_bodega,pro_mermas_bodega,pro_ajustes_bodega,pro_entradas_sv,pro_salidas_sv,pro_mermas_sv,pro_ajustes_sv,pro_activo,rec_numero,pro_unidad,pro_capacidad,pro_consumo_bodega,pro_consumo_sv,pro_estado,pro_funcion_plu,pro_flejes,pro_iva,pro_plu_asociado,pro_envase,pro_duracion,pro_numero_etiqueta) VALUES (780721206,@@@3100003954830@@@,@@@0@@@,@@@SET ACRILICO@@@,@@@SET ACRILICO@@@,@@@1 @@@,@@@3 @@@,@@@0@@@,@@@24 @@@,@@@137@@@,@@@1909@@@,@@@0@@@,@@@0@@@,@@@3990@@@,@@@0@@@,@@@@@@,@@@2013.06.15@@@,@@@2013.06.15@@@,@@@0@@@,@@@0@@@,@@@0@@@,@@@0@@@,@@@0@@@,@@@0@@@,@@@0@@@,@@@0@@@,@@@0@@@,@@@0@@@,@@@0@@@,@@@1@@@,@@@0@@@,0,1,0,0,2,0,1,1,0,@@@NO@@@,0,0)','',2,'2013-06-15'),(26624,'DELETE FROM mae_impuestos_productos WHERE pro_codigo_plu=@@@780721206@@@','',2,'2013-06-15'),(26625,'INSERT INTO gne_vale_ferreteria (vfe_id,vfe_fecha,vfe_total,vfe_estado,vfe_entregado,usu_nusuario) VALUES (2515,@@@2013.06.15@@@,490,1,0,@@@G_DIAZ@@@)','',2,'2013-06-15'),(26626,'INSERT INTO gne_vale_ferreteria_mov (vfe_id,pro_codigo_plu,vfm_cantidad,vfm_unitario,vfm_total,vfm_entregado) VALUES (2515,764844,1,490,490,@@@NO@@@)','',2,'2013-06-15'),(26627,'INSERT INTO mae_productos (pro_codigo_plu,pro_codigo_barra,pro_tipo,pro_nombre_producto,pro_nombre_corto,med_id,emb_id,pro_unidades_embalaje,dep_id,lin_id,mar_id,pro_precio_compra_neto,pro_precio_compra_bruto,pro_precio_venta,pro_margen_actual,pro_oferta,pro_fecha_inicio_oferta,pro_fecha_termino_oferta,pro_precio_oferta,pro_stock_minimo,pro_stock_critico,pro_entradas_bodega,pro_salidas_bodega,pro_mermas_bodega,pro_ajustes_bodega,pro_entradas_sv,pro_salidas_sv,pro_mermas_sv,pro_ajustes_sv,pro_activo,rec_numero,pro_unidad,pro_capacidad,pro_consumo_bodega,pro_consumo_sv,pro_estado,pro_funcion_plu,pro_flejes,pro_iva,pro_plu_asociado,pro_envase,pro_duracion,pro_numero_etiqueta) VALUES (780721207,@@@880105@@@,@@@0@@@,@@@ALARGADOR OUTLETS 3M@@@,@@@ALARGADOR OUTLET@@@,@@@1 @@@,@@@3 @@@,@@@0@@@,@@@37 @@@,@@@176@@@,@@@1909@@@,@@@0@@@,@@@0@@@,@@@2990@@@,@@@0@@@,@@@@@@,@@@2013.06.15@@@,@@@2013.06.15@@@,@@@0@@@,@@@0@@@,@@@0@@@,@@@0@@@,@@@0@@@,@@@0@@@,@@@0@@@,@@@0@@@,@@@0@@@,@@@0@@@,@@@0@@@,@@@1@@@,@@@0@@@,0,1,0,0,2,0,1,1,0,@@@NO@@@,0,0)','',2,'2013-06-15'),(26628,'DELETE FROM mae_impuestos_productos WHERE pro_codigo_plu=@@@780721207@@@','',2,'2013-06-15'),(26629,'INSERT INTO mae_productos (pro_codigo_plu,pro_codigo_barra,pro_tipo,pro_nombre_producto,pro_nombre_corto,med_id,emb_id,pro_unidades_embalaje,dep_id,lin_id,mar_id,pro_precio_compra_neto,pro_precio_compra_bruto,pro_precio_venta,pro_margen_actual,pro_oferta,pro_fecha_inicio_oferta,pro_fecha_termino_oferta,pro_precio_oferta,pro_stock_minimo,pro_stock_critico,pro_entradas_bodega,pro_salidas_bodega,pro_mermas_bodega,pro_ajustes_bodega,pro_entradas_sv,pro_salidas_sv,pro_mermas_sv,pro_ajustes_sv,pro_activo,rec_numero,pro_unidad,pro_capacidad,pro_consumo_bodega,pro_consumo_sv,pro_estado,pro_funcion_plu,pro_flejes,pro_iva,pro_plu_asociado,pro_envase,pro_duracion,pro_numero_etiqueta) VALUES (780721208,@@@88106@@@,@@@0@@@,@@@ALARGADO 5M @@@,@@@ALARGADO 5M @@@,@@@1 @@@,@@@3 @@@,@@@0@@@,@@@37 @@@,@@@176@@@,@@@1909@@@,@@@0@@@,@@@0@@@,@@@3490@@@,@@@0@@@,@@@@@@,@@@2013.06.15@@@,@@@2013.06.15@@@,@@@0@@@,@@@0@@@,@@@0@@@,@@@0@@@,@@@0@@@,@@@0@@@,@@@0@@@,@@@0@@@,@@@0@@@,@@@0@@@,@@@0@@@,@@@1@@@,@@@0@@@,0,1,0,0,2,0,1,1,0,@@@NO@@@,0,0)','',2,'2013-06-15'),(26630,'DELETE FROM mae_impuestos_productos WHERE pro_codigo_plu=@@@780721208@@@','',2,'2013-06-15'),(26631,'UPDATE mae_productos SET pro_margen_actual=0,pro_precio_venta=3490 WHERE pro_codigo_plu=780721208','',2,'2013-06-15'),(26632,'UPDATE mae_productos SET pro_margen_actual=0,pro_precio_venta=2990 WHERE pro_codigo_plu=780721207','',2,'2013-06-15'),(26633,'UPDATE mae_productos SET pro_margen_actual=0,pro_precio_venta=2590 WHERE pro_codigo_plu=780721197','',2,'2013-06-15'),(26634,'UPDATE mae_productos SET pro_margen_actual=0,pro_precio_venta=3990 WHERE pro_codigo_plu=780721206','',2,'2013-06-15'),(26635,'UPDATE mae_productos SET pro_margen_actual=0,pro_precio_venta=2190 WHERE pro_codigo_plu=780721199','',2,'2013-06-15'),(26636,'UPDATE mae_productos SET pro_margen_actual=0,pro_precio_venta=1990 WHERE pro_codigo_plu=780721202','',2,'2013-06-15'),(26637,'UPDATE mae_productos SET pro_margen_actual=0,pro_precio_venta=1990 WHERE pro_codigo_plu=780721201','',2,'2013-06-15'),(26638,'UPDATE mae_productos SET pro_margen_actual=0,pro_precio_venta=1990 WHERE pro_codigo_plu=780721203','',2,'2013-06-15'),(26639,'UPDATE mae_productos SET pro_margen_actual=0,pro_precio_venta=2190 WHERE pro_codigo_plu=780721198','',2,'2013-06-15'),(26640,'UPDATE mae_productos SET pro_margen_actual=0,pro_precio_venta=2190 WHERE pro_codigo_plu=780721200','',2,'2013-06-15'),(26641,'UPDATE mae_productos SET pro_margen_actual=0,pro_precio_venta=4990 WHERE pro_codigo_plu=780721205','',2,'2013-06-15'),(26642,'UPDATE mae_productos SET pro_margen_actual=0,pro_precio_venta=4990 WHERE pro_codigo_plu=780721204','',2,'2013-06-15'),(26643,'UPDATE mae_productos SET pro_precio_fiscal=pro_precio_venta WHERE pro_codigo_plu=780721206','',2,'2013-06-15'),(26644,'UPDATE mae_productos SET pro_precio_fiscal=pro_precio_venta WHERE pro_codigo_plu=780721201','',2,'2013-06-15'),(26645,'UPDATE mae_productos SET pro_precio_fiscal=pro_precio_venta WHERE pro_codigo_plu=780721198','',2,'2013-06-15'),(26646,'UPDATE mae_productos SET pro_precio_fiscal=pro_precio_venta WHERE pro_codigo_plu=780721194','',2,'2013-06-15'),(26647,'UPDATE mae_productos SET pro_precio_fiscal=pro_precio_venta WHERE pro_codigo_plu=780721205','',2,'2013-06-15'),(26648,'UPDATE mae_productos SET pro_precio_fiscal=pro_precio_venta WHERE pro_codigo_plu=780721202','',2,'2013-06-15'),(26649,'UPDATE mae_productos SET pro_precio_fiscal=pro_precio_venta WHERE pro_codigo_plu=780721199','',2,'2013-06-15'),(26650,'UPDATE mae_productos SET pro_precio_fiscal=pro_precio_venta WHERE pro_codigo_plu=780721203','',2,'2013-06-15'),(26651,'UPDATE mae_productos SET pro_precio_fiscal=pro_precio_venta WHERE pro_codigo_plu=780721200','',2,'2013-06-15'),(26652,'UPDATE mae_productos SET pro_precio_fiscal=pro_precio_venta WHERE pro_codigo_plu=780721195','',2,'2013-06-15'),(26653,'UPDATE mae_productos SET pro_precio_fiscal=pro_precio_venta WHERE pro_codigo_plu=780721197','',2,'2013-06-15'),(26654,'UPDATE mae_productos SET pro_precio_fiscal=pro_precio_venta WHERE pro_codigo_plu=780721204','',2,'2013-06-15'),(26655,'UPDATE mae_productos SET pro_precio_fiscal=pro_precio_venta WHERE pro_codigo_plu=780721207','',2,'2013-06-15'),(26656,'UPDATE mae_productos SET pro_precio_fiscal=pro_precio_venta WHERE pro_codigo_plu=780721208','',2,'2013-06-15'),(26657,'INSERT INTO gne_vale_ferreteria (vfe_id,vfe_fecha,vfe_total,vfe_estado,vfe_entregado,usu_nusuario) VALUES (2516,@@@2013.06.15@@@,1440,1,0,@@@G_DIAZ@@@)','',2,'2013-06-15'),(26658,'INSERT INTO gne_vale_ferreteria_mov (vfe_id,pro_codigo_plu,vfm_cantidad,vfm_unitario,vfm_total,vfm_entregado) VALUES (2516,15935,3,480,1440,@@@NO@@@)','',2,'2013-06-15'),(26659,'INSERT INTO gne_vale_ferreteria (vfe_id,vfe_fecha,vfe_total,vfe_estado,vfe_entregado,usu_nusuario) VALUES (2517,@@@2013.06.15@@@,240,1,0,@@@G_DIAZ@@@)','',2,'2013-06-15'),(26660,'INSERT INTO gne_vale_ferreteria_mov (vfe_id,pro_codigo_plu,vfm_cantidad,vfm_unitario,vfm_total,vfm_entregado) VALUES (2517,8022,2,120,240,@@@NO@@@)','',2,'2013-06-15'),(26661,'UPDATE mae_productos SET pro_margen_actual=0,pro_precio_venta=5990 WHERE pro_codigo_plu=102643','',2,'2013-06-15'),(26662,'UPDATE mae_productos SET pro_precio_fiscal=pro_precio_venta WHERE pro_codigo_plu=102643','',2,'2013-06-15'),(26663,'INSERT INTO gne_vale_ferreteria (vfe_id,vfe_fecha,vfe_total,vfe_estado,vfe_entregado,usu_nusuario) VALUES (2518,@@@2013.06.15@@@,5990,1,0,@@@G_DIAZ@@@)','',2,'2013-06-15'),(26664,'INSERT INTO gne_vale_ferreteria_mov (vfe_id,pro_codigo_plu,vfm_cantidad,vfm_unitario,vfm_total,vfm_entregado) VALUES (2518,102643,1,5990,5990,@@@NO@@@)','',2,'2013-06-15'),(26665,'INSERT INTO gne_vale_ferreteria (vfe_id,vfe_fecha,vfe_total,vfe_estado,vfe_entregado,usu_nusuario) VALUES (2519,@@@2013.06.15@@@,890,1,0,@@@G_DIAZ@@@)','',2,'2013-06-15'),(26666,'INSERT INTO gne_vale_ferreteria_mov (vfe_id,pro_codigo_plu,vfm_cantidad,vfm_unitario,vfm_total,vfm_entregado) VALUES (2519,764457,1,890,890,@@@NO@@@)','',2,'2013-06-15'),(26667,'INSERT INTO gne_vale_ferreteria (vfe_id,vfe_fecha,vfe_total,vfe_estado,vfe_entregado,usu_nusuario) VALUES (2520,@@@2013.06.15@@@,2590,1,0,@@@G_DIAZ@@@)','',2,'2013-06-15'),(26668,'INSERT INTO gne_vale_ferreteria_mov (vfe_id,pro_codigo_plu,vfm_cantidad,vfm_unitario,vfm_total,vfm_entregado) VALUES (2520,765029,1,2590,2590,@@@NO@@@)','',2,'2013-06-15'),(26669,'UPDATE mae_productos SET pro_margen_actual=0,pro_precio_venta=599 WHERE pro_codigo_plu=607','',2,'2013-06-15'),(26670,'UPDATE mae_productos SET pro_precio_fiscal=pro_precio_venta WHERE pro_codigo_plu=607','',2,'2013-06-15'),(26671,'INSERT INTO gne_vale_ferreteria (vfe_id,vfe_fecha,vfe_total,vfe_estado,vfe_entregado,usu_nusuario) VALUES (2521,@@@2013.06.15@@@,250,1,0,@@@G_DIAZ@@@)','',2,'2013-06-15'),(26672,'INSERT INTO gne_vale_ferreteria_mov (vfe_id,pro_codigo_plu,vfm_cantidad,vfm_unitario,vfm_total,vfm_entregado) VALUES (2521,780721186,1,250,250,@@@NO@@@)','',2,'2013-06-15'),(26673,'INSERT INTO gne_vale_ferreteria (vfe_id,vfe_fecha,vfe_total,vfe_estado,vfe_entregado,usu_nusuario) VALUES (2522,@@@2013.06.15@@@,890,1,0,@@@G_DIAZ@@@)','',2,'2013-06-15'),(26674,'INSERT INTO gne_vale_ferreteria_mov (vfe_id,pro_codigo_plu,vfm_cantidad,vfm_unitario,vfm_total,vfm_entregado) VALUES (2522,20880,1,890,890,@@@NO@@@)','',2,'2013-06-15'),(26675,'INSERT INTO gne_vale_ferreteria (vfe_id,vfe_fecha,vfe_total,vfe_estado,vfe_entregado,usu_nusuario) VALUES (2523,@@@2013.06.15@@@,290,1,0,@@@G_DIAZ@@@)','',2,'2013-06-15'),(26676,'INSERT INTO gne_vale_ferreteria_mov (vfe_id,pro_codigo_plu,vfm_cantidad,vfm_unitario,vfm_total,vfm_entregado) VALUES (2523,1559,1,290,290,@@@NO@@@)','',2,'2013-06-15'),(26677,'INSERT INTO gne_vale_ferreteria (vfe_id,vfe_fecha,vfe_total,vfe_estado,vfe_entregado,usu_nusuario) VALUES (2524,@@@2013.06.15@@@,890,1,0,@@@G_DIAZ@@@)','',2,'2013-06-15'),(26678,'INSERT INTO gne_vale_ferreteria_mov (vfe_id,pro_codigo_plu,vfm_cantidad,vfm_unitario,vfm_total,vfm_entregado) VALUES (2524,780721196,1,890,890,@@@NO@@@)','',2,'2013-06-15'),(26679,'INSERT INTO gne_vale_ferreteria (vfe_id,vfe_fecha,vfe_total,vfe_estado,vfe_entregado,usu_nusuario) VALUES (2525,@@@2013.06.15@@@,1380,1,0,@@@G_DIAZ@@@)','',2,'2013-06-15'),(26680,'INSERT INTO gne_vale_ferreteria_mov (vfe_id,pro_codigo_plu,vfm_cantidad,vfm_unitario,vfm_total,vfm_entregado) VALUES (2525,780721196,1,890,890,@@@NO@@@)','',2,'2013-06-15'),(26681,'INSERT INTO gne_vale_ferreteria_mov (vfe_id,pro_codigo_plu,vfm_cantidad,vfm_unitario,vfm_total,vfm_entregado) VALUES (2525,780220183,1,490,490,@@@NO@@@)','',2,'2013-06-15'),(26682,'INSERT INTO gne_vale_ferreteria (vfe_id,vfe_fecha,vfe_total,vfe_estado,vfe_entregado,usu_nusuario) VALUES (2526,@@@2013.06.15@@@,3890,1,0,@@@G_DIAZ@@@)','',2,'2013-06-15'),(26683,'INSERT INTO gne_vale_ferreteria_mov (vfe_id,pro_codigo_plu,vfm_cantidad,vfm_unitario,vfm_total,vfm_entregado) VALUES (2526,880016,1,3890,3890,@@@NO@@@)','',2,'2013-06-15'),(26684,'INSERT INTO gne_vale_ferreteria (vfe_id,vfe_fecha,vfe_total,vfe_estado,vfe_entregado,usu_nusuario) VALUES (2527,@@@2013.06.15@@@,150,1,0,@@@G_DIAZ@@@)','',2,'2013-06-15'),(26685,'INSERT INTO gne_vale_ferreteria_mov (vfe_id,pro_codigo_plu,vfm_cantidad,vfm_unitario,vfm_total,vfm_entregado) VALUES (2527,4088,1,150,150,@@@NO@@@)','',2,'2013-06-15'),(26686,'INSERT INTO gne_vale_ferreteria (vfe_id,vfe_fecha,vfe_total,vfe_estado,vfe_entregado,usu_nusuario) VALUES (2528,@@@2013.06.15@@@,1680,1,0,@@@G_DIAZ@@@)','',2,'2013-06-15'),(26687,'INSERT INTO gne_vale_ferreteria_mov (vfe_id,pro_codigo_plu,vfm_cantidad,vfm_unitario,vfm_total,vfm_entregado) VALUES (2528,15647,1,1680,1680,@@@NO@@@)','',2,'2013-06-15'),(26688,'INSERT INTO gne_vale_ferreteria (vfe_id,vfe_fecha,vfe_total,vfe_estado,vfe_entregado,usu_nusuario) VALUES (2529,@@@2013.06.15@@@,120,1,0,@@@G_DIAZ@@@)','',2,'2013-06-15'),(26689,'INSERT INTO gne_vale_ferreteria_mov (vfe_id,pro_codigo_plu,vfm_cantidad,vfm_unitario,vfm_total,vfm_entregado) VALUES (2529,78017154,1,120,120,@@@NO@@@)','',2,'2013-06-15'),(26690,'INSERT INTO gne_vale_ferreteria (vfe_id,vfe_fecha,vfe_total,vfe_estado,vfe_entregado,usu_nusuario) VALUES (2530,@@@2013.06.15@@@,1460,1,0,@@@G_DIAZ@@@)','',2,'2013-06-15'),(26691,'INSERT INTO gne_vale_ferreteria_mov (vfe_id,pro_codigo_plu,vfm_cantidad,vfm_unitario,vfm_total,vfm_entregado) VALUES (2530,770065,2,100,200,@@@NO@@@)','',2,'2013-06-15'),(26692,'INSERT INTO gne_vale_ferreteria_mov (vfe_id,pro_codigo_plu,vfm_cantidad,vfm_unitario,vfm_total,vfm_entregado) VALUES (2530,764834,4,20,80,@@@NO@@@)','',2,'2013-06-15'),(26693,'INSERT INTO gne_vale_ferreteria_mov (vfe_id,pro_codigo_plu,vfm_cantidad,vfm_unitario,vfm_total,vfm_entregado) VALUES (2530,764529,2,490,980,@@@NO@@@)','',2,'2013-06-15'),(26694,'INSERT INTO gne_vale_ferreteria_mov (vfe_id,pro_codigo_plu,vfm_cantidad,vfm_unitario,vfm_total,vfm_entregado) VALUES (2530,4078,2,100,200,@@@NO@@@)','',2,'2013-06-15'),(26695,'INSERT INTO gne_vale_ferreteria (vfe_id,vfe_fecha,vfe_total,vfe_estado,vfe_entregado,usu_nusuario) VALUES (2531,@@@2013.06.15@@@,490,1,0,@@@G_DIAZ@@@)','',2,'2013-06-15'),(26696,'INSERT INTO gne_vale_ferreteria_mov (vfe_id,pro_codigo_plu,vfm_cantidad,vfm_unitario,vfm_total,vfm_entregado) VALUES (2531,1538,1,490,490,@@@NO@@@)','',2,'2013-06-15'),(26697,'INSERT INTO gne_vale_ferreteria (vfe_id,vfe_fecha,vfe_total,vfe_estado,vfe_entregado,usu_nusuario) VALUES (2532,@@@2013.06.15@@@,360,1,0,@@@G_DIAZ@@@)','',2,'2013-06-15'),(26698,'INSERT INTO gne_vale_ferreteria_mov (vfe_id,pro_codigo_plu,vfm_cantidad,vfm_unitario,vfm_total,vfm_entregado) VALUES (2532,78017026,4,90,360,@@@NO@@@)','',2,'2013-06-15'),(26699,'INSERT INTO gne_vale_ferreteria (vfe_id,vfe_fecha,vfe_total,vfe_estado,vfe_entregado,usu_nusuario) VALUES (2533,@@@2013.06.15@@@,3980,1,0,@@@G_DIAZ@@@)','',2,'2013-06-15'),(26700,'INSERT INTO gne_vale_ferreteria_mov (vfe_id,pro_codigo_plu,vfm_cantidad,vfm_unitario,vfm_total,vfm_entregado) VALUES (2533,764513,1,1990,1990,@@@NO@@@)','',2,'2013-06-15'),(26701,'INSERT INTO gne_vale_ferreteria_mov (vfe_id,pro_codigo_plu,vfm_cantidad,vfm_unitario,vfm_total,vfm_entregado) VALUES (2533,880014,1,1990,1990,@@@NO@@@)','',2,'2013-06-15'),(26702,'INSERT INTO gne_vale_ferreteria (vfe_id,vfe_fecha,vfe_total,vfe_estado,vfe_entregado,usu_nusuario) VALUES (2534,@@@2013.06.15@@@,1890,1,0,@@@G_DIAZ@@@)','',2,'2013-06-15'),(26703,'INSERT INTO gne_vale_ferreteria_mov (vfe_id,pro_codigo_plu,vfm_cantidad,vfm_unitario,vfm_total,vfm_entregado) VALUES (2534,763994,1,1890,1890,@@@NO@@@)','',2,'2013-06-15'),(26704,'INSERT INTO gne_vale_ferreteria (vfe_id,vfe_fecha,vfe_total,vfe_estado,vfe_entregado,usu_nusuario) VALUES (2535,@@@2013.06.15@@@,1940,1,0,@@@G_DIAZ@@@)','',2,'2013-06-15'),(26705,'INSERT INTO gne_vale_ferreteria_mov (vfe_id,pro_codigo_plu,vfm_cantidad,vfm_unitario,vfm_total,vfm_entregado) VALUES (2535,1080,1,1890,1890,@@@NO@@@)','',2,'2013-06-15'),(26706,'INSERT INTO gne_vale_ferreteria_mov (vfe_id,pro_codigo_plu,vfm_cantidad,vfm_unitario,vfm_total,vfm_entregado) VALUES (2535,770000,1,50,50,@@@NO@@@)','',2,'2013-06-15'),(26707,'INSERT INTO gne_vale_ferreteria (vfe_id,vfe_fecha,vfe_total,vfe_estado,vfe_entregado,usu_nusuario) VALUES (2536,@@@2013.06.15@@@,590,1,0,@@@G_DIAZ@@@)','',2,'2013-06-15'),(26708,'INSERT INTO gne_vale_ferreteria_mov (vfe_id,pro_codigo_plu,vfm_cantidad,vfm_unitario,vfm_total,vfm_entregado) VALUES (2536,780721129,1,590,590,@@@NO@@@)','',2,'2013-06-15'),(26709,'INSERT INTO gne_vale_ferreteria (vfe_id,vfe_fecha,vfe_total,vfe_estado,vfe_entregado,usu_nusuario) VALUES (2537,@@@2013.06.15@@@,390,1,0,@@@G_DIAZ@@@)','',2,'2013-06-15'),(26710,'INSERT INTO gne_vale_ferreteria_mov (vfe_id,pro_codigo_plu,vfm_cantidad,vfm_unitario,vfm_total,vfm_entregado) VALUES (2537,1066,1,130,130,@@@NO@@@)','',2,'2013-06-15'),(26711,'INSERT INTO gne_vale_ferreteria_mov (vfe_id,pro_codigo_plu,vfm_cantidad,vfm_unitario,vfm_total,vfm_entregado) VALUES (2537,12083,1,260,260,@@@NO@@@)','',2,'2013-06-15'),(26712,'INSERT INTO gne_vale_ferreteria (vfe_id,vfe_fecha,vfe_total,vfe_estado,vfe_entregado,usu_nusuario) VALUES (2538,@@@2013.06.15@@@,1990,1,0,@@@G_DIAZ@@@)','',2,'2013-06-15'),(26713,'INSERT INTO gne_vale_ferreteria_mov (vfe_id,pro_codigo_plu,vfm_cantidad,vfm_unitario,vfm_total,vfm_entregado) VALUES (2538,764513,1,1990,1990,@@@NO@@@)','',2,'2013-06-15'),(26714,'INSERT INTO gne_vale_ferreteria (vfe_id,vfe_fecha,vfe_total,vfe_estado,vfe_entregado,usu_nusuario) VALUES (2539,@@@2013.06.15@@@,150,1,0,@@@G_DIAZ@@@)','',2,'2013-06-15'),(26715,'INSERT INTO gne_vale_ferreteria_mov (vfe_id,pro_codigo_plu,vfm_cantidad,vfm_unitario,vfm_total,vfm_entregado) VALUES (2539,780721187,1,150,150,@@@NO@@@)','',2,'2013-06-15'),(26716,'INSERT INTO gne_vale_ferreteria (vfe_id,vfe_fecha,vfe_total,vfe_estado,vfe_entregado,usu_nusuario) VALUES (2540,@@@2013.06.15@@@,740,1,0,@@@G_DIAZ@@@)','',2,'2013-06-15'),(26717,'INSERT INTO gne_vale_ferreteria_mov (vfe_id,pro_codigo_plu,vfm_cantidad,vfm_unitario,vfm_total,vfm_entregado) VALUES (2540,78017198,1,490,490,@@@NO@@@)','',2,'2013-06-15'),(26718,'INSERT INTO gne_vale_ferreteria_mov (vfe_id,pro_codigo_plu,vfm_cantidad,vfm_unitario,vfm_total,vfm_entregado) VALUES (2540,780721186,1,250,250,@@@NO@@@)','',2,'2013-06-15'),(26719,'INSERT INTO gne_vale_ferreteria (vfe_id,vfe_fecha,vfe_total,vfe_estado,vfe_entregado,usu_nusuario) VALUES (2541,@@@2013.06.15@@@,1890,1,0,@@@G_DIAZ@@@)','',2,'2013-06-15'),(26720,'INSERT INTO gne_vale_ferreteria_mov (vfe_id,pro_codigo_plu,vfm_cantidad,vfm_unitario,vfm_total,vfm_entregado) VALUES (2541,763600,1,1890,1890,@@@NO@@@)','',2,'2013-06-15'),(26721,'INSERT INTO gne_vale_ferreteria (vfe_id,vfe_fecha,vfe_total,vfe_estado,vfe_entregado,usu_nusuario) VALUES (2542,@@@2013.06.15@@@,190,1,0,@@@G_DIAZ@@@)','',2,'2013-06-15'),(26722,'INSERT INTO gne_vale_ferreteria_mov (vfe_id,pro_codigo_plu,vfm_cantidad,vfm_unitario,vfm_total,vfm_entregado) VALUES (2542,1537,1,190,190,@@@NO@@@)','',2,'2013-06-15'),(26723,'INSERT INTO gne_vale_ferreteria (vfe_id,vfe_fecha,vfe_total,vfe_estado,vfe_entregado,usu_nusuario) VALUES (2543,@@@2013.06.15@@@,6180,1,0,@@@G_DIAZ@@@)','',2,'2013-06-15'),(26724,'INSERT INTO gne_vale_ferreteria_mov (vfe_id,pro_codigo_plu,vfm_cantidad,vfm_unitario,vfm_total,vfm_entregado) VALUES (2543,764004,1,3990,3990,@@@NO@@@)','',2,'2013-06-15'),(26725,'INSERT INTO gne_vale_ferreteria_mov (vfe_id,pro_codigo_plu,vfm_cantidad,vfm_unitario,vfm_total,vfm_entregado) VALUES (2543,780721199,1,2190,2190,@@@NO@@@)','',2,'2013-06-15'),(26726,'UPDATE mae_productos SET pro_margen_actual=0,pro_precio_venta=730 WHERE pro_codigo_plu=16002','',2,'2013-06-15'),(26727,'UPDATE mae_productos SET pro_margen_actual=0,pro_precio_venta=870 WHERE pro_codigo_plu=16084','',2,'2013-06-15'),(26728,'UPDATE mae_productos SET pro_precio_fiscal=pro_precio_venta WHERE pro_codigo_plu=16002','',2,'2013-06-15'),(26729,'UPDATE mae_productos SET pro_precio_fiscal=pro_precio_venta WHERE pro_codigo_plu=16084','',2,'2013-06-15'),(26730,'INSERT INTO gne_vale_ferreteria (vfe_id,vfe_fecha,vfe_total,vfe_estado,vfe_entregado,usu_nusuario) VALUES (2544,@@@2013.06.15@@@,2990,1,0,@@@G_DIAZ@@@)','',2,'2013-06-15'),(26731,'INSERT INTO gne_vale_ferreteria_mov (vfe_id,pro_codigo_plu,vfm_cantidad,vfm_unitario,vfm_total,vfm_entregado) VALUES (2544,764511,1,2990,2990,@@@NO@@@)','',2,'2013-06-15'),(26732,'INSERT INTO gne_vale_ferreteria (vfe_id,vfe_fecha,vfe_total,vfe_estado,vfe_entregado,usu_nusuario) VALUES (2545,@@@2013.06.15@@@,200,1,0,@@@G_DIAZ@@@)','',2,'2013-06-15'),(26733,'INSERT INTO gne_vale_ferreteria_mov (vfe_id,pro_codigo_plu,vfm_cantidad,vfm_unitario,vfm_total,vfm_entregado) VALUES (2545,7052,1,200,200,@@@NO@@@)','',2,'2013-06-15'),(26734,'INSERT INTO gne_vale_ferreteria (vfe_id,vfe_fecha,vfe_total,vfe_estado,vfe_entregado,usu_nusuario) VALUES (2546,@@@2013.06.15@@@,3280,1,0,@@@G_DIAZ@@@)','',2,'2013-06-15'),(26735,'INSERT INTO gne_vale_ferreteria_mov (vfe_id,pro_codigo_plu,vfm_cantidad,vfm_unitario,vfm_total,vfm_entregado) VALUES (2546,764513,1,1990,1990,@@@NO@@@)','',2,'2013-06-15'),(26736,'INSERT INTO gne_vale_ferreteria_mov (vfe_id,pro_codigo_plu,vfm_cantidad,vfm_unitario,vfm_total,vfm_entregado) VALUES (2546,880026,1,1290,1290,@@@NO@@@)','',2,'2013-06-15'),(26737,'INSERT INTO gne_vale_ferreteria (vfe_id,vfe_fecha,vfe_total,vfe_estado,vfe_entregado,usu_nusuario) VALUES (2547,@@@2013.06.15@@@,2990,1,0,@@@G_DIAZ@@@)','',2,'2013-06-15'),(26738,'INSERT INTO gne_vale_ferreteria_mov (vfe_id,pro_codigo_plu,vfm_cantidad,vfm_unitario,vfm_total,vfm_entregado) VALUES (2547,764511,1,2990,2990,@@@NO@@@)','',2,'2013-06-15'),(26739,'INSERT INTO gne_vale_ferreteria (vfe_id,vfe_fecha,vfe_total,vfe_estado,vfe_entregado,usu_nusuario) VALUES (2548,@@@2013.06.15@@@,1000,1,0,@@@G_DIAZ@@@)','',2,'2013-06-15'),(26740,'INSERT INTO gne_vale_ferreteria_mov (vfe_id,pro_codigo_plu,vfm_cantidad,vfm_unitario,vfm_total,vfm_entregado) VALUES (2548,770021,5,200,1000,@@@NO@@@)','',2,'2013-06-15'),(26741,'INSERT INTO gne_vale_ferreteria (vfe_id,vfe_fecha,vfe_total,vfe_estado,vfe_entregado,usu_nusuario) VALUES (2549,@@@2013.06.15@@@,830,1,0,@@@G_DIAZ@@@)','',2,'2013-06-15'),(26742,'INSERT INTO gne_vale_ferreteria_mov (vfe_id,pro_codigo_plu,vfm_cantidad,vfm_unitario,vfm_total,vfm_entregado) VALUES (2549,8021,1,150,150,@@@NO@@@)','',2,'2013-06-15'),(26743,'INSERT INTO gne_vale_ferreteria_mov (vfe_id,pro_codigo_plu,vfm_cantidad,vfm_unitario,vfm_total,vfm_entregado) VALUES (2549,1554,1,390,390,@@@NO@@@)','',2,'2013-06-15'),(26744,'INSERT INTO gne_vale_ferreteria_mov (vfe_id,pro_codigo_plu,vfm_cantidad,vfm_unitario,vfm_total,vfm_entregado) VALUES (2549,1536,1,290,290,@@@NO@@@)','',2,'2013-06-15'),(26745,'INSERT INTO gne_vale_ferreteria (vfe_id,vfe_fecha,vfe_total,vfe_estado,vfe_entregado,usu_nusuario) VALUES (2550,@@@2013.06.15@@@,250,1,0,@@@G_DIAZ@@@)','',2,'2013-06-15'),(26746,'INSERT INTO gne_vale_ferreteria_mov (vfe_id,pro_codigo_plu,vfm_cantidad,vfm_unitario,vfm_total,vfm_entregado) VALUES (2550,780220102,1,250,250,@@@NO@@@)','',2,'2013-06-15'),(26747,'INSERT INTO gne_vale_ferreteria (vfe_id,vfe_fecha,vfe_total,vfe_estado,vfe_entregado,usu_nusuario) VALUES (2551,@@@2013.06.15@@@,2180,1,0,@@@G_DIAZ@@@)','',2,'2013-06-15'),(26748,'INSERT INTO gne_vale_ferreteria_mov (vfe_id,pro_codigo_plu,vfm_cantidad,vfm_unitario,vfm_total,vfm_entregado) VALUES (2551,764926,1,1490,1490,@@@NO@@@)','',2,'2013-06-15'),(26749,'INSERT INTO gne_vale_ferreteria_mov (vfe_id,pro_codigo_plu,vfm_cantidad,vfm_unitario,vfm_total,vfm_entregado) VALUES (2551,770091,1,690,690,@@@NO@@@)','',2,'2013-06-15'),(26750,'INSERT INTO gne_vale_ferreteria (vfe_id,vfe_fecha,vfe_total,vfe_estado,vfe_entregado,usu_nusuario) VALUES (2552,@@@2013.06.15@@@,4990,1,0,@@@G_DIAZ@@@)','',2,'2013-06-15'),(26751,'INSERT INTO gne_vale_ferreteria_mov (vfe_id,pro_codigo_plu,vfm_cantidad,vfm_unitario,vfm_total,vfm_entregado) VALUES (2552,780721148,1,4990,4990,@@@NO@@@)','',2,'2013-06-15'),(26752,'INSERT INTO gne_vale_ferreteria (vfe_id,vfe_fecha,vfe_total,vfe_estado,vfe_entregado,usu_nusuario) VALUES (2553,@@@2013.06.15@@@,2890,1,0,@@@G_DIAZ@@@)','',2,'2013-06-15'),(26753,'INSERT INTO gne_vale_ferreteria_mov (vfe_id,pro_codigo_plu,vfm_cantidad,vfm_unitario,vfm_total,vfm_entregado) VALUES (2553,764524,1,2890,2890,@@@NO@@@)','',2,'2013-06-15'),(26754,'INSERT INTO gne_vale_ferreteria (vfe_id,vfe_fecha,vfe_total,vfe_estado,vfe_entregado,usu_nusuario) VALUES (2554,@@@2013.06.15@@@,2990,1,0,@@@G_DIAZ@@@)','',2,'2013-06-15'),(26755,'INSERT INTO gne_vale_ferreteria_mov (vfe_id,pro_codigo_plu,vfm_cantidad,vfm_unitario,vfm_total,vfm_entregado) VALUES (2554,1584,1,2990,2990,@@@NO@@@)','',2,'2013-06-15'),(26756,'INSERT INTO gne_vale_ferreteria (vfe_id,vfe_fecha,vfe_total,vfe_estado,vfe_entregado,usu_nusuario) VALUES (2555,@@@2013.06.15@@@,150,1,0,@@@G_DIAZ@@@)','',2,'2013-06-15'),(26757,'INSERT INTO gne_vale_ferreteria_mov (vfe_id,pro_codigo_plu,vfm_cantidad,vfm_unitario,vfm_total,vfm_entregado) VALUES (2555,780721187,1,150,150,@@@NO@@@)','',2,'2013-06-15'),(26758,'INSERT INTO gne_vale_ferreteria (vfe_id,vfe_fecha,vfe_total,vfe_estado,vfe_entregado,usu_nusuario) VALUES (2556,@@@2013.06.15@@@,860,1,0,@@@G_DIAZ@@@)','',2,'2013-06-15'),(26759,'INSERT INTO gne_vale_ferreteria_mov (vfe_id,pro_codigo_plu,vfm_cantidad,vfm_unitario,vfm_total,vfm_entregado) VALUES (2556,8022,1,120,120,@@@NO@@@)','',2,'2013-06-15'),(26760,'INSERT INTO gne_vale_ferreteria_mov (vfe_id,pro_codigo_plu,vfm_cantidad,vfm_unitario,vfm_total,vfm_entregado) VALUES (2556,761997,1,740,740,@@@NO@@@)','',2,'2013-06-15'),(26761,'INSERT INTO gne_vale_ferreteria (vfe_id,vfe_fecha,vfe_total,vfe_estado,vfe_entregado,usu_nusuario) VALUES (2557,@@@2013.06.15@@@,300,1,0,@@@G_DIAZ@@@)','',2,'2013-06-15'),(26762,'INSERT INTO gne_vale_ferreteria_mov (vfe_id,pro_codigo_plu,vfm_cantidad,vfm_unitario,vfm_total,vfm_entregado) VALUES (2557,78017049,1,300,300,@@@NO@@@)','',2,'2013-06-15'),(26763,'INSERT INTO gne_vale_ferreteria (vfe_id,vfe_fecha,vfe_total,vfe_estado,vfe_entregado,usu_nusuario) VALUES (2558,@@@2013.06.15@@@,5070,1,0,@@@G_DIAZ@@@)','',2,'2013-06-15'),(26764,'INSERT INTO gne_vale_ferreteria_mov (vfe_id,pro_codigo_plu,vfm_cantidad,vfm_unitario,vfm_total,vfm_entregado) VALUES (2558,763697,1,1690,1690,@@@NO@@@)','',2,'2013-06-15'),(26765,'INSERT INTO gne_vale_ferreteria_mov (vfe_id,pro_codigo_plu,vfm_cantidad,vfm_unitario,vfm_total,vfm_entregado) VALUES (2558,101563,1,1690,1690,@@@NO@@@)','',2,'2013-06-15'),(26766,'INSERT INTO gne_vale_ferreteria_mov (vfe_id,pro_codigo_plu,vfm_cantidad,vfm_unitario,vfm_total,vfm_entregado) VALUES (2558,20489,1,1690,1690,@@@NO@@@)','',2,'2013-06-15'),(26767,'INSERT INTO gne_vale_ferreteria (vfe_id,vfe_fecha,vfe_total,vfe_estado,vfe_entregado,usu_nusuario) VALUES (2559,@@@2013.06.15@@@,1890,1,0,@@@G_DIAZ@@@)','',2,'2013-06-15'),(26768,'INSERT INTO gne_vale_ferreteria_mov (vfe_id,pro_codigo_plu,vfm_cantidad,vfm_unitario,vfm_total,vfm_entregado) VALUES (2559,780721105,1,1890,1890,@@@NO@@@)','',2,'2013-06-15'),(26769,'INSERT INTO gne_vale_ferreteria (vfe_id,vfe_fecha,vfe_total,vfe_estado,vfe_entregado,usu_nusuario) VALUES (2560,@@@2013.06.15@@@,4280,1,0,@@@G_DIAZ@@@)','',2,'2013-06-15'),(26770,'INSERT INTO gne_vale_ferreteria_mov (vfe_id,pro_codigo_plu,vfm_cantidad,vfm_unitario,vfm_total,vfm_entregado) VALUES (2560,763741,1,1790,1790,@@@NO@@@)','',2,'2013-06-15'),(26771,'INSERT INTO gne_vale_ferreteria_mov (vfe_id,pro_codigo_plu,vfm_cantidad,vfm_unitario,vfm_total,vfm_entregado) VALUES (2560,763724,1,2490,2490,@@@NO@@@)','',2,'2013-06-15'),(26772,'INSERT INTO gne_vale_ferreteria (vfe_id,vfe_fecha,vfe_total,vfe_estado,vfe_entregado,usu_nusuario) VALUES (2561,@@@2013.06.15@@@,500,1,0,@@@G_DIAZ@@@)','',2,'2013-06-15'),(26773,'INSERT INTO gne_vale_ferreteria_mov (vfe_id,pro_codigo_plu,vfm_cantidad,vfm_unitario,vfm_total,vfm_entregado) VALUES (2561,8021,2,150,300,@@@NO@@@)','',2,'2013-06-15'),(26774,'INSERT INTO gne_vale_ferreteria_mov (vfe_id,pro_codigo_plu,vfm_cantidad,vfm_unitario,vfm_total,vfm_entregado) VALUES (2561,765072,1,200,200,@@@NO@@@)','',2,'2013-06-15'),(26775,'INSERT INTO gne_vale_ferreteria (vfe_id,vfe_fecha,vfe_total,vfe_estado,vfe_entregado,usu_nusuario) VALUES (2562,@@@2013.06.15@@@,430,1,0,@@@G_DIAZ@@@)','',2,'2013-06-15'),(26776,'INSERT INTO gne_vale_ferreteria_mov (vfe_id,pro_codigo_plu,vfm_cantidad,vfm_unitario,vfm_total,vfm_entregado) VALUES (2562,764268,1,430,430,@@@NO@@@)','',2,'2013-06-15'),(26777,'UPDATE mae_productos SET pro_codigo_barra=@@@7804945076020@@@,pro_tipo=@@@0@@@,pro_nombre_producto=@@@COLONIA BABYLAND PINK 260 ML@@@,pro_nombre_corto=@@@COLONIA BABYLAND@@@,med_id=@@@1@@@,emb_id=@@@4@@@,pro_unidades_embalaje=@@@12@@@,dep_id=@@@21 @@@,lin_id=@@@116@@@,mar_id=@@@155@@@,pro_precio_compra_neto=@@@0@@@,pro_precio_compra_bruto=@@@0@@@,pro_precio_venta=@@@1290@@@,pro_margen_actual=@@@0@@@,pro_oferta=@@@NO@@@,pro_fecha_inicio_oferta=@@@1900.01.01@@@,pro_fecha_termino_oferta=@@@1900.01.01@@@,pro_precio_oferta=@@@0@@@,pro_stock_minimo=@@@12@@@,pro_stock_critico=@@@6@@@,pro_activo=@@@1@@@,pro_unidad=@@@0@@@,pro_precio_compra_bruto=0,pro_margen_actual=0,pro_capacidad=1,pro_funcion_plu=0,pro_flejes=1,pro_iva=1,pro_plu_asociado=0,pro_envase=@@@NO@@@,pro_duracion=0,pro_numero_etiqueta=0 WHERE pro_codigo_plu=@@@20440@@@','',2,'2013-06-15'),(26778,'UPDATE mae_productos SET pro_estado=1 WHERE pro_codigo_plu=20440','',2,'2013-06-15'),(26779,'DELETE FROM mae_impuestos_productos WHERE pro_codigo_plu=@@@20440@@@','',2,'2013-06-15'),(26780,'INSERT INTO gne_vale_ferreteria (vfe_id,vfe_fecha,vfe_total,vfe_estado,vfe_entregado,usu_nusuario) VALUES (2563,@@@2013.06.15@@@,430,1,0,@@@G_DIAZ@@@)','',2,'2013-06-15'),(26781,'INSERT INTO gne_vale_ferreteria_mov (vfe_id,pro_codigo_plu,vfm_cantidad,vfm_unitario,vfm_total,vfm_entregado) VALUES (2563,16664,1,430,430,@@@NO@@@)','',2,'2013-06-15'),(26782,'INSERT INTO gne_vale_ferreteria (vfe_id,vfe_fecha,vfe_total,vfe_estado,vfe_entregado,usu_nusuario) VALUES (2564,@@@2013.06.15@@@,1190,1,0,@@@G_DIAZ@@@)','',2,'2013-06-15'),(26783,'INSERT INTO gne_vale_ferreteria_mov (vfe_id,pro_codigo_plu,vfm_cantidad,vfm_unitario,vfm_total,vfm_entregado) VALUES (2564,780220168,1,1190,1190,@@@NO@@@)','',2,'2013-06-15'),(26784,'INSERT INTO gne_vale_ferreteria (vfe_id,vfe_fecha,vfe_total,vfe_estado,vfe_entregado,usu_nusuario) VALUES (2565,@@@2013.06.15@@@,3370,1,0,@@@G_DIAZ@@@)','',2,'2013-06-15'),(26785,'INSERT INTO gne_vale_ferreteria_mov (vfe_id,pro_codigo_plu,vfm_cantidad,vfm_unitario,vfm_total,vfm_entregado) VALUES (2565,764624,1,1590,1590,@@@NO@@@)','',2,'2013-06-15'),(26786,'INSERT INTO gne_vale_ferreteria_mov (vfe_id,pro_codigo_plu,vfm_cantidad,vfm_unitario,vfm_total,vfm_entregado) VALUES (2565,20440,1,1290,1290,@@@NO@@@)','',2,'2013-06-15'),(26787,'INSERT INTO gne_vale_ferreteria_mov (vfe_id,pro_codigo_plu,vfm_cantidad,vfm_unitario,vfm_total,vfm_entregado) VALUES (2565,1538,1,490,490,@@@NO@@@)','',2,'2013-06-15'),(26788,'INSERT INTO gne_vale_ferreteria (vfe_id,vfe_fecha,vfe_total,vfe_estado,vfe_entregado,usu_nusuario) VALUES (2566,@@@2013.06.15@@@,2390,1,0,@@@G_DIAZ@@@)','',2,'2013-06-15'),(26789,'INSERT INTO gne_vale_ferreteria_mov (vfe_id,pro_codigo_plu,vfm_cantidad,vfm_unitario,vfm_total,vfm_entregado) VALUES (2566,780721177,1,2390,2390,@@@NO@@@)','',2,'2013-06-15'),(26790,'INSERT INTO gne_vale_ferreteria (vfe_id,vfe_fecha,vfe_total,vfe_estado,vfe_entregado,usu_nusuario) VALUES (2567,@@@2013.06.15@@@,150,1,0,@@@G_DIAZ@@@)','',2,'2013-06-15'),(26791,'INSERT INTO gne_vale_ferreteria_mov (vfe_id,pro_codigo_plu,vfm_cantidad,vfm_unitario,vfm_total,vfm_entregado) VALUES (2567,8021,1,150,150,@@@NO@@@)','',2,'2013-06-15'),(26792,'INSERT INTO gne_vale_ferreteria (vfe_id,vfe_fecha,vfe_total,vfe_estado,vfe_entregado,usu_nusuario) VALUES (2568,@@@2013.06.15@@@,100,1,0,@@@G_DIAZ@@@)','',2,'2013-06-15'),(26793,'INSERT INTO gne_vale_ferreteria_mov (vfe_id,pro_codigo_plu,vfm_cantidad,vfm_unitario,vfm_total,vfm_entregado) VALUES (2568,764571,1,100,100,@@@NO@@@)','',2,'2013-06-15'),(26794,'INSERT INTO gne_vale_ferreteria (vfe_id,vfe_fecha,vfe_total,vfe_estado,vfe_entregado,usu_nusuario) VALUES (2569,@@@2013.06.15@@@,120,1,0,@@@G_DIAZ@@@)','',2,'2013-06-15'),(26795,'INSERT INTO gne_vale_ferreteria_mov (vfe_id,pro_codigo_plu,vfm_cantidad,vfm_unitario,vfm_total,vfm_entregado) VALUES (2569,78017154,1,120,120,@@@NO@@@)','',2,'2013-06-15'),(26796,'INSERT INTO gne_vale_ferreteria (vfe_id,vfe_fecha,vfe_total,vfe_estado,vfe_entregado,usu_nusuario) VALUES (2570,@@@2013.06.15@@@,2490,1,0,@@@G_DIAZ@@@)','',2,'2013-06-15'),(26797,'INSERT INTO gne_vale_ferreteria_mov (vfe_id,pro_codigo_plu,vfm_cantidad,vfm_unitario,vfm_total,vfm_entregado) VALUES (2570,764753,1,2490,2490,@@@NO@@@)','',2,'2013-06-15'),(26798,'INSERT INTO gne_vale_ferreteria (vfe_id,vfe_fecha,vfe_total,vfe_estado,vfe_entregado,usu_nusuario) VALUES (2571,@@@2013.06.15@@@,5080,1,0,@@@G_DIAZ@@@)','',2,'2013-06-15'),(26799,'INSERT INTO gne_vale_ferreteria_mov (vfe_id,pro_codigo_plu,vfm_cantidad,vfm_unitario,vfm_total,vfm_entregado) VALUES (2571,780721175,1,2790,2790,@@@NO@@@)','',2,'2013-06-15'),(26800,'INSERT INTO gne_vale_ferreteria_mov (vfe_id,pro_codigo_plu,vfm_cantidad,vfm_unitario,vfm_total,vfm_entregado) VALUES (2571,780721084,1,2290,2290,@@@NO@@@)','',2,'2013-06-15'),(26801,'INSERT INTO gne_vale_ferreteria (vfe_id,vfe_fecha,vfe_total,vfe_estado,vfe_entregado,usu_nusuario) VALUES (2572,@@@2013.06.15@@@,4480,1,0,@@@G_DIAZ@@@)','',2,'2013-06-15'),(26802,'INSERT INTO gne_vale_ferreteria_mov (vfe_id,pro_codigo_plu,vfm_cantidad,vfm_unitario,vfm_total,vfm_entregado) VALUES (2572,7653,1,1990,1990,@@@NO@@@)','',2,'2013-06-15'),(26803,'INSERT INTO gne_vale_ferreteria_mov (vfe_id,pro_codigo_plu,vfm_cantidad,vfm_unitario,vfm_total,vfm_entregado) VALUES (2572,764753,1,2490,2490,@@@NO@@@)','',2,'2013-06-15'),(26804,'INSERT INTO gne_vale_ferreteria (vfe_id,vfe_fecha,vfe_total,vfe_estado,vfe_entregado,usu_nusuario) VALUES (2573,@@@2013.06.15@@@,220,1,0,@@@G_DIAZ@@@)','',2,'2013-06-15'),(26805,'INSERT INTO gne_vale_ferreteria_mov (vfe_id,pro_codigo_plu,vfm_cantidad,vfm_unitario,vfm_total,vfm_entregado) VALUES (2573,4078,1,100,100,@@@NO@@@)','',2,'2013-06-15'),(26806,'INSERT INTO gne_vale_ferreteria_mov (vfe_id,pro_codigo_plu,vfm_cantidad,vfm_unitario,vfm_total,vfm_entregado) VALUES (2573,8022,1,120,120,@@@NO@@@)','',2,'2013-06-15'),(26807,'INSERT INTO gne_vale_ferreteria (vfe_id,vfe_fecha,vfe_total,vfe_estado,vfe_entregado,usu_nusuario) VALUES (2574,@@@2013.06.15@@@,490,1,0,@@@G_DIAZ@@@)','',2,'2013-06-15'),(26808,'INSERT INTO gne_vale_ferreteria_mov (vfe_id,pro_codigo_plu,vfm_cantidad,vfm_unitario,vfm_total,vfm_entregado) VALUES (2574,78017198,1,490,490,@@@NO@@@)','',2,'2013-06-15'),(26809,'INSERT INTO gne_vale_ferreteria (vfe_id,vfe_fecha,vfe_total,vfe_estado,vfe_entregado,usu_nusuario) VALUES (2575,@@@2013.06.15@@@,200,1,0,@@@G_DIAZ@@@)','',2,'2013-06-15'),(26810,'INSERT INTO gne_vale_ferreteria_mov (vfe_id,pro_codigo_plu,vfm_cantidad,vfm_unitario,vfm_total,vfm_entregado) VALUES (2575,765072,1,200,200,@@@NO@@@)','',2,'2013-06-15'),(26811,'INSERT INTO gne_vale_ferreteria (vfe_id,vfe_fecha,vfe_total,vfe_estado,vfe_entregado,usu_nusuario) VALUES (2576,@@@2013.06.15@@@,900,1,0,@@@G_DIAZ@@@)','',2,'2013-06-15'),(26812,'INSERT INTO gne_vale_ferreteria_mov (vfe_id,pro_codigo_plu,vfm_cantidad,vfm_unitario,vfm_total,vfm_entregado) VALUES (2576,78017202,2,450,900,@@@NO@@@)','',2,'2013-06-15'),(26813,'INSERT INTO gne_vale_ferreteria (vfe_id,vfe_fecha,vfe_total,vfe_estado,vfe_entregado,usu_nusuario) VALUES (2577,@@@2013.06.15@@@,300,1,0,@@@G_DIAZ@@@)','',2,'2013-06-15'),(26814,'INSERT INTO gne_vale_ferreteria_mov (vfe_id,pro_codigo_plu,vfm_cantidad,vfm_unitario,vfm_total,vfm_entregado) VALUES (2577,8021,2,150,300,@@@NO@@@)','',2,'2013-06-15'),(26815,'INSERT INTO gne_vale_ferreteria (vfe_id,vfe_fecha,vfe_total,vfe_estado,vfe_entregado,usu_nusuario) VALUES (2578,@@@2013.06.15@@@,1490,1,0,@@@G_DIAZ@@@)','',2,'2013-06-15'),(26816,'INSERT INTO gne_vale_ferreteria_mov (vfe_id,pro_codigo_plu,vfm_cantidad,vfm_unitario,vfm_total,vfm_entregado) VALUES (2578,763719,1,1490,1490,@@@NO@@@)','',2,'2013-06-15'),(26817,'INSERT INTO gne_vale_ferreteria (vfe_id,vfe_fecha,vfe_total,vfe_estado,vfe_entregado,usu_nusuario) VALUES (2579,@@@2013.06.15@@@,2480,1,0,@@@G_DIAZ@@@)','',2,'2013-06-15'),(26818,'INSERT INTO gne_vale_ferreteria_mov (vfe_id,pro_codigo_plu,vfm_cantidad,vfm_unitario,vfm_total,vfm_entregado) VALUES (2579,764673,1,990,990,@@@NO@@@)','',2,'2013-06-15'),(26819,'INSERT INTO gne_vale_ferreteria_mov (vfe_id,pro_codigo_plu,vfm_cantidad,vfm_unitario,vfm_total,vfm_entregado) VALUES (2579,763719,1,1490,1490,@@@NO@@@)','',2,'2013-06-15'),(26820,'INSERT INTO gne_vale_ferreteria (vfe_id,vfe_fecha,vfe_total,vfe_estado,vfe_entregado,usu_nusuario) VALUES (2580,@@@2013.06.15@@@,1599,1,0,@@@G_DIAZ@@@)','',2,'2013-06-15'),(26821,'INSERT INTO gne_vale_ferreteria_mov (vfe_id,pro_codigo_plu,vfm_cantidad,vfm_unitario,vfm_total,vfm_entregado) VALUES (2580,763622,1,1399,1399,@@@NO@@@)','',2,'2013-06-15'),(26822,'INSERT INTO gne_vale_ferreteria_mov (vfe_id,pro_codigo_plu,vfm_cantidad,vfm_unitario,vfm_total,vfm_entregado) VALUES (2580,1040,1,200,200,@@@NO@@@)','',2,'2013-06-15'),(26823,'INSERT INTO gne_vale_ferreteria (vfe_id,vfe_fecha,vfe_total,vfe_estado,vfe_entregado,usu_nusuario) VALUES (2581,@@@2013.06.15@@@,2190,1,0,@@@G_DIAZ@@@)','',2,'2013-06-15'),(26824,'INSERT INTO gne_vale_ferreteria_mov (vfe_id,pro_codigo_plu,vfm_cantidad,vfm_unitario,vfm_total,vfm_entregado) VALUES (2581,780721198,1,2190,2190,@@@NO@@@)','',2,'2013-06-15'),(26825,'INSERT INTO gne_vale_ferreteria (vfe_id,vfe_fecha,vfe_total,vfe_estado,vfe_entregado,usu_nusuario) VALUES (2582,@@@2013.06.15@@@,990,1,0,@@@G_DIAZ@@@)','',2,'2013-06-15'),(26826,'INSERT INTO gne_vale_ferreteria_mov (vfe_id,pro_codigo_plu,vfm_cantidad,vfm_unitario,vfm_total,vfm_entregado) VALUES (2582,770087,1,990,990,@@@NO@@@)','',2,'2013-06-15'),(26827,'INSERT INTO gne_vale_ferreteria (vfe_id,vfe_fecha,vfe_total,vfe_estado,vfe_entregado,usu_nusuario) VALUES (2583,@@@2013.06.15@@@,3990,1,0,@@@G_DIAZ@@@)','',2,'2013-06-15'),(26828,'INSERT INTO gne_vale_ferreteria_mov (vfe_id,pro_codigo_plu,vfm_cantidad,vfm_unitario,vfm_total,vfm_entregado) VALUES (2583,764004,1,3990,3990,@@@NO@@@)','',2,'2013-06-15'),(26829,'INSERT INTO gne_vale_ferreteria (vfe_id,vfe_fecha,vfe_total,vfe_estado,vfe_entregado,usu_nusuario) VALUES (2584,@@@2013.06.15@@@,300,1,0,@@@G_DIAZ@@@)','',2,'2013-06-15'),(26830,'INSERT INTO gne_vale_ferreteria_mov (vfe_id,pro_codigo_plu,vfm_cantidad,vfm_unitario,vfm_total,vfm_entregado) VALUES (2584,78017002,3,100,300,@@@NO@@@)','',2,'2013-06-15'),(26831,'INSERT INTO gne_vale_ferreteria (vfe_id,vfe_fecha,vfe_total,vfe_estado,vfe_entregado,usu_nusuario) VALUES (2585,@@@2013.06.15@@@,1690,1,0,@@@G_DIAZ@@@)','',2,'2013-06-15'),(26832,'INSERT INTO gne_vale_ferreteria_mov (vfe_id,pro_codigo_plu,vfm_cantidad,vfm_unitario,vfm_total,vfm_entregado) VALUES (2585,764729,1,1690,1690,@@@NO@@@)','',2,'2013-06-15'),(26833,'INSERT INTO gne_vale_ferreteria (vfe_id,vfe_fecha,vfe_total,vfe_estado,vfe_entregado,usu_nusuario) VALUES (2586,@@@2013.06.15@@@,4070,1,0,@@@G_DIAZ@@@)','',2,'2013-06-15'),(26834,'INSERT INTO gne_vale_ferreteria_mov (vfe_id,pro_codigo_plu,vfm_cantidad,vfm_unitario,vfm_total,vfm_entregado) VALUES (2586,10179,1,2590,2590,@@@NO@@@)','',2,'2013-06-15'),(26835,'INSERT INTO gne_vale_ferreteria_mov (vfe_id,pro_codigo_plu,vfm_cantidad,vfm_unitario,vfm_total,vfm_entregado) VALUES (2586,763889,1,1480,1480,@@@NO@@@)','',2,'2013-06-15'),(26836,'INSERT INTO gne_vale_ferreteria (vfe_id,vfe_fecha,vfe_total,vfe_estado,vfe_entregado,usu_nusuario) VALUES (2587,@@@2013.06.15@@@,150,1,0,@@@G_DIAZ@@@)','',2,'2013-06-15'),(26837,'INSERT INTO gne_vale_ferreteria_mov (vfe_id,pro_codigo_plu,vfm_cantidad,vfm_unitario,vfm_total,vfm_entregado) VALUES (2587,8021,1,150,150,@@@NO@@@)','',2,'2013-06-15'),(26838,'INSERT INTO gne_vale_ferreteria (vfe_id,vfe_fecha,vfe_total,vfe_estado,vfe_entregado,usu_nusuario) VALUES (2588,@@@2013.06.15@@@,2170,1,0,@@@G_DIAZ@@@)','',2,'2013-06-15'),(26839,'INSERT INTO gne_vale_ferreteria_mov (vfe_id,pro_codigo_plu,vfm_cantidad,vfm_unitario,vfm_total,vfm_entregado) VALUES (2588,15485,1,590,590,@@@NO@@@)','',2,'2013-06-15'),(26840,'INSERT INTO gne_vale_ferreteria_mov (vfe_id,pro_codigo_plu,vfm_cantidad,vfm_unitario,vfm_total,vfm_entregado) VALUES (2588,101454,2,790,1580,@@@NO@@@)','',2,'2013-06-15'),(26841,'INSERT INTO gne_vale_ferreteria (vfe_id,vfe_fecha,vfe_total,vfe_estado,vfe_entregado,usu_nusuario) VALUES (2589,@@@2013.06.15@@@,150,1,0,@@@G_DIAZ@@@)','',2,'2013-06-15'),(26842,'INSERT INTO gne_vale_ferreteria_mov (vfe_id,pro_codigo_plu,vfm_cantidad,vfm_unitario,vfm_total,vfm_entregado) VALUES (2589,8021,1,150,150,@@@NO@@@)','',2,'2013-06-15'),(26843,'INSERT INTO gne_vale_ferreteria (vfe_id,vfe_fecha,vfe_total,vfe_estado,vfe_entregado,usu_nusuario) VALUES (2590,@@@2013.06.15@@@,2090,1,0,@@@G_DIAZ@@@)','',2,'2013-06-15'),(26844,'INSERT INTO gne_vale_ferreteria_mov (vfe_id,pro_codigo_plu,vfm_cantidad,vfm_unitario,vfm_total,vfm_entregado) VALUES (2590,764437,1,2090,2090,@@@NO@@@)','',2,'2013-06-15'),(26845,'INSERT INTO gne_vale_ferreteria (vfe_id,vfe_fecha,vfe_total,vfe_estado,vfe_entregado,usu_nusuario) VALUES (2591,@@@2013.06.15@@@,500,1,0,@@@G_DIAZ@@@)','',2,'2013-06-15'),(26846,'INSERT INTO gne_vale_ferreteria_mov (vfe_id,pro_codigo_plu,vfm_cantidad,vfm_unitario,vfm_total,vfm_entregado) VALUES (2591,780220102,2,250,500,@@@NO@@@)','',2,'2013-06-15'),(26847,'INSERT INTO gne_vale_ferreteria (vfe_id,vfe_fecha,vfe_total,vfe_estado,vfe_entregado,usu_nusuario) VALUES (2592,@@@2013.06.15@@@,1490,1,0,@@@G_DIAZ@@@)','',2,'2013-06-15'),(26848,'INSERT INTO gne_vale_ferreteria_mov (vfe_id,pro_codigo_plu,vfm_cantidad,vfm_unitario,vfm_total,vfm_entregado) VALUES (2592,78017117,1,1490,1490,@@@NO@@@)','',2,'2013-06-15'),(26849,'INSERT INTO gne_vale_ferreteria (vfe_id,vfe_fecha,vfe_total,vfe_estado,vfe_entregado,usu_nusuario) VALUES (2593,@@@2013.06.15@@@,2990,1,0,@@@G_DIAZ@@@)','',2,'2013-06-15'),(26850,'INSERT INTO gne_vale_ferreteria_mov (vfe_id,pro_codigo_plu,vfm_cantidad,vfm_unitario,vfm_total,vfm_entregado) VALUES (2593,880002,1,2990,2990,@@@NO@@@)','',2,'2013-06-15'),(26851,'INSERT INTO gne_vale_ferreteria (vfe_id,vfe_fecha,vfe_total,vfe_estado,vfe_entregado,usu_nusuario) VALUES (2594,@@@2013.06.15@@@,2190,1,0,@@@G_DIAZ@@@)','',2,'2013-06-15'),(26852,'INSERT INTO gne_vale_ferreteria_mov (vfe_id,pro_codigo_plu,vfm_cantidad,vfm_unitario,vfm_total,vfm_entregado) VALUES (2594,780721198,1,2190,2190,@@@NO@@@)','',2,'2013-06-15'),(26853,'INSERT INTO gne_vale_ferreteria (vfe_id,vfe_fecha,vfe_total,vfe_estado,vfe_entregado,usu_nusuario) VALUES (2595,@@@2013.06.15@@@,2190,1,0,@@@G_DIAZ@@@)','',2,'2013-06-15'),(26854,'INSERT INTO gne_vale_ferreteria_mov (vfe_id,pro_codigo_plu,vfm_cantidad,vfm_unitario,vfm_total,vfm_entregado) VALUES (2595,780721198,1,2190,2190,@@@NO@@@)','',2,'2013-06-15'),(26855,'INSERT INTO gne_vale_ferreteria (vfe_id,vfe_fecha,vfe_total,vfe_estado,vfe_entregado,usu_nusuario) VALUES (2596,@@@2013.06.15@@@,450,1,0,@@@G_DIAZ@@@)','',2,'2013-06-15'),(26856,'INSERT INTO gne_vale_ferreteria_mov (vfe_id,pro_codigo_plu,vfm_cantidad,vfm_unitario,vfm_total,vfm_entregado) VALUES (2596,780721187,3,150,450,@@@NO@@@)','',2,'2013-06-15'),(26857,'INSERT INTO gne_vale_ferreteria (vfe_id,vfe_fecha,vfe_total,vfe_estado,vfe_entregado,usu_nusuario) VALUES (2597,@@@2013.06.15@@@,1990,1,0,@@@G_DIAZ@@@)','',2,'2013-06-15'),(26858,'INSERT INTO gne_vale_ferreteria_mov (vfe_id,pro_codigo_plu,vfm_cantidad,vfm_unitario,vfm_total,vfm_entregado) VALUES (2597,101854,1,1990,1990,@@@NO@@@)','',2,'2013-06-15'),(26859,'INSERT INTO gne_vale_ferreteria (vfe_id,vfe_fecha,vfe_total,vfe_estado,vfe_entregado,usu_nusuario) VALUES (2598,@@@2013.06.15@@@,990,1,0,@@@G_DIAZ@@@)','',2,'2013-06-15'),(26860,'INSERT INTO gne_vale_ferreteria_mov (vfe_id,pro_codigo_plu,vfm_cantidad,vfm_unitario,vfm_total,vfm_entregado) VALUES (2598,764673,1,990,990,@@@NO@@@)','',2,'2013-06-15'),(26861,'INSERT INTO gne_vale_ferreteria (vfe_id,vfe_fecha,vfe_total,vfe_estado,vfe_entregado,usu_nusuario) VALUES (2599,@@@2013.06.15@@@,400,1,0,@@@G_DIAZ@@@)','',2,'2013-06-15'),(26862,'INSERT INTO gne_vale_ferreteria_mov (vfe_id,pro_codigo_plu,vfm_cantidad,vfm_unitario,vfm_total,vfm_entregado) VALUES (2599,8021,1,150,150,@@@NO@@@)','',2,'2013-06-15'),(26863,'INSERT INTO gne_vale_ferreteria_mov (vfe_id,pro_codigo_plu,vfm_cantidad,vfm_unitario,vfm_total,vfm_entregado) VALUES (2599,765072,1,200,200,@@@NO@@@)','',2,'2013-06-15'),(26864,'INSERT INTO gne_vale_ferreteria_mov (vfe_id,pro_codigo_plu,vfm_cantidad,vfm_unitario,vfm_total,vfm_entregado) VALUES (2599,764383,1,50,50,@@@NO@@@)','',2,'2013-06-15'),(26865,'INSERT INTO gne_vale_ferreteria (vfe_id,vfe_fecha,vfe_total,vfe_estado,vfe_entregado,usu_nusuario) VALUES (2600,@@@2013.06.15@@@,2590,1,0,@@@G_DIAZ@@@)','',2,'2013-06-15'),(26866,'INSERT INTO gne_vale_ferreteria_mov (vfe_id,pro_codigo_plu,vfm_cantidad,vfm_unitario,vfm_total,vfm_entregado) VALUES (2600,780721188,1,2590,2590,@@@NO@@@)','',2,'2013-06-15'),(26867,'INSERT INTO gne_vale_ferreteria (vfe_id,vfe_fecha,vfe_total,vfe_estado,vfe_entregado,usu_nusuario) VALUES (2601,@@@2013.06.15@@@,1890,1,0,@@@G_DIAZ@@@)','',2,'2013-06-15'),(26868,'INSERT INTO gne_vale_ferreteria_mov (vfe_id,pro_codigo_plu,vfm_cantidad,vfm_unitario,vfm_total,vfm_entregado) VALUES (2601,780721081,1,1890,1890,@@@NO@@@)','',2,'2013-06-15'),(26869,'INSERT INTO gne_vale_ferreteria (vfe_id,vfe_fecha,vfe_total,vfe_estado,vfe_entregado,usu_nusuario) VALUES (2602,@@@2013.06.15@@@,1550,1,0,@@@G_DIAZ@@@)','',2,'2013-06-15'),(26870,'INSERT INTO gne_vale_ferreteria_mov (vfe_id,pro_codigo_plu,vfm_cantidad,vfm_unitario,vfm_total,vfm_entregado) VALUES (2602,763672,1,1550,1550,@@@NO@@@)','',2,'2013-06-15'),(26871,'INSERT INTO gne_vale_ferreteria (vfe_id,vfe_fecha,vfe_total,vfe_estado,vfe_entregado,usu_nusuario) VALUES (2603,@@@2013.06.15@@@,680,1,0,@@@G_DIAZ@@@)','',2,'2013-06-15'),(26872,'INSERT INTO gne_vale_ferreteria_mov (vfe_id,pro_codigo_plu,vfm_cantidad,vfm_unitario,vfm_total,vfm_entregado) VALUES (2603,19866,1,680,680,@@@NO@@@)','',2,'2013-06-15'),(26873,'INSERT INTO gne_vale_ferreteria (vfe_id,vfe_fecha,vfe_total,vfe_estado,vfe_entregado,usu_nusuario) VALUES (2604,@@@2013.06.15@@@,150,1,0,@@@G_DIAZ@@@)','',2,'2013-06-15'),(26874,'INSERT INTO gne_vale_ferreteria_mov (vfe_id,pro_codigo_plu,vfm_cantidad,vfm_unitario,vfm_total,vfm_entregado) VALUES (2604,8021,1,150,150,@@@NO@@@)','',2,'2013-06-15'),(26875,'INSERT INTO gne_vale_ferreteria (vfe_id,vfe_fecha,vfe_total,vfe_estado,vfe_entregado,usu_nusuario) VALUES (2605,@@@2013.06.15@@@,250,1,0,@@@G_DIAZ@@@)','',2,'2013-06-15'),(26876,'INSERT INTO gne_vale_ferreteria_mov (vfe_id,pro_codigo_plu,vfm_cantidad,vfm_unitario,vfm_total,vfm_entregado) VALUES (2605,780721186,1,250,250,@@@NO@@@)','',2,'2013-06-15'),(26877,'UPDATE mae_productos SET pro_codigo_barra=@@@7806076101787@@@,pro_tipo=@@@0@@@,pro_nombre_producto=@@@ CROCHET@@@,pro_nombre_corto=@@@ CROCHET@@@,med_id=@@@1@@@,emb_id=@@@4@@@,pro_unidades_embalaje=@@@18@@@,dep_id=@@@2 @@@,lin_id=@@@41@@@,mar_id=@@@2424@@@,pro_precio_compra_neto=@@@0@@@,pro_precio_compra_bruto=@@@0@@@,pro_precio_venta=@@@290@@@,pro_margen_actual=@@@0@@@,pro_oferta=@@@NO@@@,pro_fecha_inicio_oferta=@@@1900.01.01@@@,pro_fecha_termino_oferta=@@@1900.01.01@@@,pro_precio_oferta=@@@0@@@,pro_stock_minimo=@@@0@@@,pro_stock_critico=@@@0@@@,pro_activo=@@@1@@@,pro_unidad=@@@0@@@,pro_precio_compra_bruto=0,pro_margen_actual=0,pro_capacidad=1,pro_funcion_plu=0,pro_flejes=1,pro_iva=1,pro_plu_asociado=0,pro_envase=@@@NO@@@,pro_duracion=0,pro_numero_etiqueta=0 WHERE pro_codigo_plu=@@@12161@@@','',2,'2013-06-15'),(26878,'UPDATE mae_productos SET pro_estado=1 WHERE pro_codigo_plu=12161','',2,'2013-06-15'),(26879,'DELETE FROM mae_impuestos_productos WHERE pro_codigo_plu=@@@12161@@@','',2,'2013-06-15'),(26880,'INSERT INTO gne_vale_ferreteria (vfe_id,vfe_fecha,vfe_total,vfe_estado,vfe_entregado,usu_nusuario) VALUES (2606,@@@2013.06.15@@@,290,1,0,@@@G_DIAZ@@@)','',2,'2013-06-15'),(26881,'INSERT INTO gne_vale_ferreteria_mov (vfe_id,pro_codigo_plu,vfm_cantidad,vfm_unitario,vfm_total,vfm_entregado) VALUES (2606,12161,1,290,290,@@@NO@@@)','',2,'2013-06-15'),(26882,'INSERT INTO gne_vale_ferreteria (vfe_id,vfe_fecha,vfe_total,vfe_estado,vfe_entregado,usu_nusuario) VALUES (2607,@@@2013.06.15@@@,690,1,0,@@@G_DIAZ@@@)','',2,'2013-06-15'),(26883,'INSERT INTO gne_vale_ferreteria_mov (vfe_id,pro_codigo_plu,vfm_cantidad,vfm_unitario,vfm_total,vfm_entregado) VALUES (2607,763592,1,200,200,@@@NO@@@)','',2,'2013-06-15'),(26884,'INSERT INTO gne_vale_ferreteria_mov (vfe_id,pro_codigo_plu,vfm_cantidad,vfm_unitario,vfm_total,vfm_entregado) VALUES (2607,763821,1,490,490,@@@NO@@@)','',2,'2013-06-15'),(26885,'INSERT INTO gne_vale_ferreteria (vfe_id,vfe_fecha,vfe_total,vfe_estado,vfe_entregado,usu_nusuario) VALUES (2608,@@@2013.06.15@@@,300,1,0,@@@G_DIAZ@@@)','',2,'2013-06-15'),(26886,'INSERT INTO gne_vale_ferreteria_mov (vfe_id,pro_codigo_plu,vfm_cantidad,vfm_unitario,vfm_total,vfm_entregado) VALUES (2608,8021,2,150,300,@@@NO@@@)','',2,'2013-06-15'),(26887,'INSERT INTO gne_vale_ferreteria (vfe_id,vfe_fecha,vfe_total,vfe_estado,vfe_entregado,usu_nusuario) VALUES (2609,@@@2013.06.15@@@,400,1,0,@@@G_DIAZ@@@)','',2,'2013-06-15'),(26888,'INSERT INTO gne_vale_ferreteria_mov (vfe_id,pro_codigo_plu,vfm_cantidad,vfm_unitario,vfm_total,vfm_entregado) VALUES (2609,8021,2,150,300,@@@NO@@@)','',2,'2013-06-15'),(26889,'INSERT INTO gne_vale_ferreteria_mov (vfe_id,pro_codigo_plu,vfm_cantidad,vfm_unitario,vfm_total,vfm_entregado) VALUES (2609,764383,2,50,100,@@@NO@@@)','',2,'2013-06-15'),(26890,'UPDATE mae_productos SET pro_codigo_barra=@@@7805414004568@@@,pro_tipo=@@@0@@@,pro_nombre_producto=@@@BLOQUES DIDACTICOS BOLSA@@@,pro_nombre_corto=@@@BLOQUES DIDACTIC@@@,med_id=@@@1@@@,emb_id=@@@4@@@,pro_unidades_embalaje=@@@1@@@,dep_id=@@@23 @@@,lin_id=@@@135@@@,mar_id=@@@1107@@@,pro_precio_compra_neto=@@@0@@@,pro_precio_compra_bruto=@@@0@@@,pro_precio_venta=@@@5990@@@,pro_margen_actual=@@@0@@@,pro_oferta=@@@NO@@@,pro_fecha_inicio_oferta=@@@1900.01.01@@@,pro_fecha_termino_oferta=@@@1900.01.01@@@,pro_precio_oferta=@@@0@@@,pro_stock_minimo=@@@0@@@,pro_stock_critico=@@@0@@@,pro_activo=@@@1@@@,pro_unidad=@@@0@@@,pro_precio_compra_bruto=0,pro_margen_actual=0,pro_capacidad=1,pro_funcion_plu=0,pro_flejes=1,pro_iva=1,pro_plu_asociado=0,pro_envase=@@@NO@@@,pro_duracion=0,pro_numero_etiqueta=0 WHERE pro_codigo_plu=@@@21065@@@','',2,'2013-06-15'),(26891,'UPDATE mae_productos SET pro_estado=1 WHERE pro_codigo_plu=21065','',2,'2013-06-15'),(26892,'DELETE FROM mae_impuestos_productos WHERE pro_codigo_plu=@@@21065@@@','',2,'2013-06-15'),(26893,'INSERT INTO gne_vale_ferreteria (vfe_id,vfe_fecha,vfe_total,vfe_estado,vfe_entregado,usu_nusuario) VALUES (2610,@@@2013.06.15@@@,5990,1,0,@@@G_DIAZ@@@)','',2,'2013-06-15'),(26894,'INSERT INTO gne_vale_ferreteria_mov (vfe_id,pro_codigo_plu,vfm_cantidad,vfm_unitario,vfm_total,vfm_entregado) VALUES (2610,21065,1,5990,5990,@@@NO@@@)','',2,'2013-06-15'),(26895,'UPDATE mae_productos SET pro_codigo_barra=@@@7805414003042@@@,pro_tipo=@@@0@@@,pro_nombre_producto=@@@CAMIONETA SAFARI@@@,pro_nombre_corto=@@@CAMIONETA SAFARI@@@,med_id=@@@1@@@,emb_id=@@@4@@@,pro_unidades_embalaje=@@@1@@@,dep_id=@@@23 @@@,lin_id=@@@135@@@,mar_id=@@@1820@@@,pro_precio_compra_neto=@@@0@@@,pro_precio_compra_bruto=@@@0@@@,pro_precio_venta=@@@3490@@@,pro_margen_actual=@@@0@@@,pro_oferta=@@@NO@@@,pro_fecha_inicio_oferta=@@@1900.01.01@@@,pro_fecha_termino_oferta=@@@1900.01.01@@@,pro_precio_oferta=@@@0@@@,pro_stock_minimo=@@@0@@@,pro_stock_critico=@@@0@@@,pro_activo=@@@1@@@,pro_unidad=@@@0@@@,pro_precio_compra_bruto=0,pro_margen_actual=0,pro_capacidad=1,pro_funcion_plu=0,pro_flejes=1,pro_iva=1,pro_plu_asociado=0,pro_envase=@@@NO@@@,pro_duracion=0,pro_numero_etiqueta=0 WHERE pro_codigo_plu=@@@21108@@@','',2,'2013-06-15'),(26896,'UPDATE mae_productos SET pro_estado=1 WHERE pro_codigo_plu=21108','',2,'2013-06-15'),(26897,'DELETE FROM mae_impuestos_productos WHERE pro_codigo_plu=@@@21108@@@','',2,'2013-06-15'),(26898,'INSERT INTO gne_vale_ferreteria (vfe_id,vfe_fecha,vfe_total,vfe_estado,vfe_entregado,usu_nusuario) VALUES (2611,@@@2013.06.15@@@,7980,1,0,@@@G_DIAZ@@@)','',2,'2013-06-15'),(26899,'INSERT INTO gne_vale_ferreteria_mov (vfe_id,pro_codigo_plu,vfm_cantidad,vfm_unitario,vfm_total,vfm_entregado) VALUES (2611,21108,1,3490,3490,@@@NO@@@)','',2,'2013-06-15'),(26900,'INSERT INTO gne_vale_ferreteria_mov (vfe_id,pro_codigo_plu,vfm_cantidad,vfm_unitario,vfm_total,vfm_entregado) VALUES (2611,764964,1,4490,4490,@@@NO@@@)','',2,'2013-06-15'),(26901,'INSERT INTO gne_vale_ferreteria (vfe_id,vfe_fecha,vfe_total,vfe_estado,vfe_entregado,usu_nusuario) VALUES (2612,@@@2013.06.15@@@,1590,1,0,@@@G_DIAZ@@@)','',2,'2013-06-15'),(26902,'INSERT INTO gne_vale_ferreteria_mov (vfe_id,pro_codigo_plu,vfm_cantidad,vfm_unitario,vfm_total,vfm_entregado) VALUES (2612,780721123,1,1590,1590,@@@NO@@@)','',2,'2013-06-15'),(26903,'INSERT INTO gne_vale_ferreteria (vfe_id,vfe_fecha,vfe_total,vfe_estado,vfe_entregado,usu_nusuario) VALUES (2613,@@@2013.06.15@@@,1290,1,0,@@@G_DIAZ@@@)','',2,'2013-06-15'),(26904,'INSERT INTO gne_vale_ferreteria_mov (vfe_id,pro_codigo_plu,vfm_cantidad,vfm_unitario,vfm_total,vfm_entregado) VALUES (2613,880026,1,1290,1290,@@@NO@@@)','',2,'2013-06-15'),(26905,'INSERT INTO gne_vale_ferreteria (vfe_id,vfe_fecha,vfe_total,vfe_estado,vfe_entregado,usu_nusuario) VALUES (2614,@@@2013.06.15@@@,2790,1,0,@@@G_DIAZ@@@)','',2,'2013-06-15'),(26906,'INSERT INTO gne_vale_ferreteria_mov (vfe_id,pro_codigo_plu,vfm_cantidad,vfm_unitario,vfm_total,vfm_entregado) VALUES (2614,88581,1,2790,2790,@@@NO@@@)','',2,'2013-06-15'),(26907,'INSERT INTO gne_vale_ferreteria (vfe_id,vfe_fecha,vfe_total,vfe_estado,vfe_entregado,usu_nusuario) VALUES (2615,@@@2013.06.15@@@,3590,1,0,@@@G_DIAZ@@@)','',2,'2013-06-15'),(26908,'INSERT INTO gne_vale_ferreteria_mov (vfe_id,pro_codigo_plu,vfm_cantidad,vfm_unitario,vfm_total,vfm_entregado) VALUES (2615,763054,1,3590,3590,@@@NO@@@)','',2,'2013-06-15'),(26909,'INSERT INTO gne_vale_ferreteria (vfe_id,vfe_fecha,vfe_total,vfe_estado,vfe_entregado,usu_nusuario) VALUES (2616,@@@2013.06.15@@@,980,1,0,@@@G_DIAZ@@@)','',2,'2013-06-15'),(26910,'INSERT INTO gne_vale_ferreteria_mov (vfe_id,pro_codigo_plu,vfm_cantidad,vfm_unitario,vfm_total,vfm_entregado) VALUES (2616,770091,1,690,690,@@@NO@@@)','',2,'2013-06-15'),(26911,'INSERT INTO gne_vale_ferreteria_mov (vfe_id,pro_codigo_plu,vfm_cantidad,vfm_unitario,vfm_total,vfm_entregado) VALUES (2616,1559,1,290,290,@@@NO@@@)','',2,'2013-06-15'),(26912,'INSERT INTO gne_vale_ferreteria (vfe_id,vfe_fecha,vfe_total,vfe_estado,vfe_entregado,usu_nusuario) VALUES (2617,@@@2013.06.15@@@,4660,1,0,@@@G_DIAZ@@@)','',2,'2013-06-15'),(26913,'INSERT INTO gne_vale_ferreteria_mov (vfe_id,pro_codigo_plu,vfm_cantidad,vfm_unitario,vfm_total,vfm_entregado) VALUES (2617,12676,1,1690,1690,@@@NO@@@)','',2,'2013-06-15'),(26914,'INSERT INTO gne_vale_ferreteria_mov (vfe_id,pro_codigo_plu,vfm_cantidad,vfm_unitario,vfm_total,vfm_entregado) VALUES (2617,780721136,3,990,2970,@@@NO@@@)','',2,'2013-06-15'),(26915,'INSERT INTO gne_vale_ferreteria (vfe_id,vfe_fecha,vfe_total,vfe_estado,vfe_entregado,usu_nusuario) VALUES (2618,@@@2013.06.15@@@,300,1,0,@@@G_DIAZ@@@)','',2,'2013-06-15'),(26916,'INSERT INTO gne_vale_ferreteria_mov (vfe_id,pro_codigo_plu,vfm_cantidad,vfm_unitario,vfm_total,vfm_entregado) VALUES (2618,78017049,1,300,300,@@@NO@@@)','',2,'2013-06-15'),(26917,'INSERT INTO gne_vale_ferreteria (vfe_id,vfe_fecha,vfe_total,vfe_estado,vfe_entregado,usu_nusuario) VALUES (2619,@@@2013.06.15@@@,150,1,0,@@@G_DIAZ@@@)','',2,'2013-06-15'),(26918,'INSERT INTO gne_vale_ferreteria_mov (vfe_id,pro_codigo_plu,vfm_cantidad,vfm_unitario,vfm_total,vfm_entregado) VALUES (2619,780721187,1,150,150,@@@NO@@@)','',2,'2013-06-15'),(26919,'INSERT INTO gne_vale_ferreteria (vfe_id,vfe_fecha,vfe_total,vfe_estado,vfe_entregado,usu_nusuario) VALUES (2620,@@@2013.06.15@@@,3880,1,0,@@@G_DIAZ@@@)','',2,'2013-06-15'),(26920,'INSERT INTO gne_vale_ferreteria_mov (vfe_id,pro_codigo_plu,vfm_cantidad,vfm_unitario,vfm_total,vfm_entregado) VALUES (2620,6015,1,500,500,@@@NO@@@)','',2,'2013-06-15'),(26921,'INSERT INTO gne_vale_ferreteria_mov (vfe_id,pro_codigo_plu,vfm_cantidad,vfm_unitario,vfm_total,vfm_entregado) VALUES (2620,780721075,1,1890,1890,@@@NO@@@)','',2,'2013-06-15'),(26922,'INSERT INTO gne_vale_ferreteria_mov (vfe_id,pro_codigo_plu,vfm_cantidad,vfm_unitario,vfm_total,vfm_entregado) VALUES (2620,780220155,1,1490,1490,@@@NO@@@)','',2,'2013-06-15'),(26923,'INSERT INTO gne_vale_ferreteria (vfe_id,vfe_fecha,vfe_total,vfe_estado,vfe_entregado,usu_nusuario) VALUES (2621,@@@2013.06.15@@@,3660,1,0,@@@G_DIAZ@@@)','',2,'2013-06-15'),(26924,'INSERT INTO gne_vale_ferreteria_mov (vfe_id,pro_codigo_plu,vfm_cantidad,vfm_unitario,vfm_total,vfm_entregado) VALUES (2621,780721135,2,1000,2000,@@@NO@@@)','',2,'2013-06-15'),(26925,'INSERT INTO gne_vale_ferreteria_mov (vfe_id,pro_codigo_plu,vfm_cantidad,vfm_unitario,vfm_total,vfm_entregado) VALUES (2621,12161,1,290,290,@@@NO@@@)','',2,'2013-06-15'),(26926,'INSERT INTO gne_vale_ferreteria_mov (vfe_id,pro_codigo_plu,vfm_cantidad,vfm_unitario,vfm_total,vfm_entregado) VALUES (2621,780721187,1,150,150,@@@NO@@@)','',2,'2013-06-15'),(26927,'INSERT INTO gne_vale_ferreteria_mov (vfe_id,pro_codigo_plu,vfm_cantidad,vfm_unitario,vfm_total,vfm_entregado) VALUES (2621,763588,1,330,330,@@@NO@@@)','',2,'2013-06-15'),(26928,'INSERT INTO gne_vale_ferreteria_mov (vfe_id,pro_codigo_plu,vfm_cantidad,vfm_unitario,vfm_total,vfm_entregado) VALUES (2621,764499,1,490,490,@@@NO@@@)','',2,'2013-06-15'),(26929,'INSERT INTO gne_vale_ferreteria_mov (vfe_id,pro_codigo_plu,vfm_cantidad,vfm_unitario,vfm_total,vfm_entregado) VALUES (2621,770021,2,200,400,@@@NO@@@)','',2,'2013-06-15'),(26930,'INSERT INTO gne_vale_ferreteria (vfe_id,vfe_fecha,vfe_total,vfe_estado,vfe_entregado,usu_nusuario) VALUES (2622,@@@2013.06.15@@@,1260,1,0,@@@G_DIAZ@@@)','',2,'2013-06-15'),(26931,'INSERT INTO gne_vale_ferreteria_mov (vfe_id,pro_codigo_plu,vfm_cantidad,vfm_unitario,vfm_total,vfm_entregado) VALUES (2622,780721187,2,150,300,@@@NO@@@)','',2,'2013-06-15'),(26932,'INSERT INTO gne_vale_ferreteria_mov (vfe_id,pro_codigo_plu,vfm_cantidad,vfm_unitario,vfm_total,vfm_entregado) VALUES (2622,15936,2,480,960,@@@NO@@@)','',2,'2013-06-15'),(26933,'INSERT INTO gne_vale_ferreteria (vfe_id,vfe_fecha,vfe_total,vfe_estado,vfe_entregado,usu_nusuario) VALUES (2623,@@@2013.06.15@@@,2790,1,0,@@@G_DIAZ@@@)','',2,'2013-06-15'),(26934,'INSERT INTO gne_vale_ferreteria_mov (vfe_id,pro_codigo_plu,vfm_cantidad,vfm_unitario,vfm_total,vfm_entregado) VALUES (2623,780721156,1,2790,2790,@@@NO@@@)','',2,'2013-06-15'),(26935,'INSERT INTO gne_vale_ferreteria (vfe_id,vfe_fecha,vfe_total,vfe_estado,vfe_entregado,usu_nusuario) VALUES (2624,@@@2013.06.15@@@,240,1,0,@@@G_DIAZ@@@)','',2,'2013-06-15'),(26936,'INSERT INTO gne_vale_ferreteria_mov (vfe_id,pro_codigo_plu,vfm_cantidad,vfm_unitario,vfm_total,vfm_entregado) VALUES (2624,780721125,2,120,240,@@@NO@@@)','',2,'2013-06-15'),(26937,'INSERT INTO gne_vale_ferreteria (vfe_id,vfe_fecha,vfe_total,vfe_estado,vfe_entregado,usu_nusuario) VALUES (2625,@@@2013.06.15@@@,2490,1,0,@@@G_DIAZ@@@)','',2,'2013-06-15'),(26938,'INSERT INTO gne_vale_ferreteria_mov (vfe_id,pro_codigo_plu,vfm_cantidad,vfm_unitario,vfm_total,vfm_entregado) VALUES (2625,763714,1,2490,2490,@@@NO@@@)','',2,'2013-06-15'),(26939,'INSERT INTO gne_vale_ferreteria (vfe_id,vfe_fecha,vfe_total,vfe_estado,vfe_entregado,usu_nusuario) VALUES (2626,@@@2013.06.15@@@,2290,1,0,@@@G_DIAZ@@@)','',2,'2013-06-15'),(26940,'INSERT INTO gne_vale_ferreteria_mov (vfe_id,pro_codigo_plu,vfm_cantidad,vfm_unitario,vfm_total,vfm_entregado) VALUES (2626,880026,1,1290,1290,@@@NO@@@)','',2,'2013-06-15'),(26941,'INSERT INTO gne_vale_ferreteria_mov (vfe_id,pro_codigo_plu,vfm_cantidad,vfm_unitario,vfm_total,vfm_entregado) VALUES (2626,780721135,1,1000,1000,@@@NO@@@)','',2,'2013-06-15'),(26942,'INSERT INTO gne_vale_ferreteria (vfe_id,vfe_fecha,vfe_total,vfe_estado,vfe_entregado,usu_nusuario) VALUES (2627,@@@2013.06.15@@@,1680,1,0,@@@G_DIAZ@@@)','',2,'2013-06-15'),(26943,'INSERT INTO gne_vale_ferreteria_mov (vfe_id,pro_codigo_plu,vfm_cantidad,vfm_unitario,vfm_total,vfm_entregado) VALUES (2627,15935,2,480,960,@@@NO@@@)','',2,'2013-06-15'),(26944,'INSERT INTO gne_vale_ferreteria_mov (vfe_id,pro_codigo_plu,vfm_cantidad,vfm_unitario,vfm_total,vfm_entregado) VALUES (2627,780721125,6,120,720,@@@NO@@@)','',2,'2013-06-15'),(26945,'INSERT INTO gne_vale_ferreteria (vfe_id,vfe_fecha,vfe_total,vfe_estado,vfe_entregado,usu_nusuario) VALUES (2628,@@@2013.06.15@@@,3990,1,0,@@@G_DIAZ@@@)','',2,'2013-06-15'),(26946,'INSERT INTO gne_vale_ferreteria_mov (vfe_id,pro_codigo_plu,vfm_cantidad,vfm_unitario,vfm_total,vfm_entregado) VALUES (2628,18822,1,3990,3990,@@@NO@@@)','',2,'2013-06-15'),(26947,'INSERT INTO gne_vale_ferreteria (vfe_id,vfe_fecha,vfe_total,vfe_estado,vfe_entregado,usu_nusuario) VALUES (2629,@@@2013.06.15@@@,2190,1,0,@@@G_DIAZ@@@)','',2,'2013-06-15'),(26948,'INSERT INTO gne_vale_ferreteria_mov (vfe_id,pro_codigo_plu,vfm_cantidad,vfm_unitario,vfm_total,vfm_entregado) VALUES (2629,780721198,1,2190,2190,@@@NO@@@)','',2,'2013-06-15'),(26949,'INSERT INTO gne_vale_ferreteria (vfe_id,vfe_fecha,vfe_total,vfe_estado,vfe_entregado,usu_nusuario) VALUES (2630,@@@2013.06.15@@@,2890,1,0,@@@G_DIAZ@@@)','',2,'2013-06-15'),(26950,'INSERT INTO gne_vale_ferreteria_mov (vfe_id,pro_codigo_plu,vfm_cantidad,vfm_unitario,vfm_total,vfm_entregado) VALUES (2630,764524,1,2890,2890,@@@NO@@@)','',2,'2013-06-15'),(26951,'INSERT INTO gne_vale_ferreteria (vfe_id,vfe_fecha,vfe_total,vfe_estado,vfe_entregado,usu_nusuario) VALUES (2631,@@@2013.06.15@@@,4990,1,0,@@@G_DIAZ@@@)','',2,'2013-06-15'),(26952,'INSERT INTO gne_vale_ferreteria_mov (vfe_id,pro_codigo_plu,vfm_cantidad,vfm_unitario,vfm_total,vfm_entregado) VALUES (2631,880018,1,4990,4990,@@@NO@@@)','',2,'2013-06-15'),(26953,'INSERT INTO gne_vale_ferreteria (vfe_id,vfe_fecha,vfe_total,vfe_estado,vfe_entregado,usu_nusuario) VALUES (2632,@@@2013.06.15@@@,150,1,0,@@@G_DIAZ@@@)','',2,'2013-06-15'),(26954,'INSERT INTO gne_vale_ferreteria_mov (vfe_id,pro_codigo_plu,vfm_cantidad,vfm_unitario,vfm_total,vfm_entregado) VALUES (2632,8021,1,150,150,@@@NO@@@)','',2,'2013-06-15'),(26955,'INSERT INTO gne_vale_ferreteria (vfe_id,vfe_fecha,vfe_total,vfe_estado,vfe_entregado,usu_nusuario) VALUES (2633,@@@2013.06.15@@@,2590,1,0,@@@G_DIAZ@@@)','',2,'2013-06-15'),(26956,'INSERT INTO gne_vale_ferreteria_mov (vfe_id,pro_codigo_plu,vfm_cantidad,vfm_unitario,vfm_total,vfm_entregado) VALUES (2633,780721197,1,2590,2590,@@@NO@@@)','',2,'2013-06-15'),(26957,'INSERT INTO gne_vale_ferreteria (vfe_id,vfe_fecha,vfe_total,vfe_estado,vfe_entregado,usu_nusuario) VALUES (2634,@@@2013.06.15@@@,350,1,0,@@@G_DIAZ@@@)','',2,'2013-06-15'),(26958,'INSERT INTO gne_vale_ferreteria_mov (vfe_id,pro_codigo_plu,vfm_cantidad,vfm_unitario,vfm_total,vfm_entregado) VALUES (2634,8021,1,150,150,@@@NO@@@)','',2,'2013-06-15'),(26959,'INSERT INTO gne_vale_ferreteria_mov (vfe_id,pro_codigo_plu,vfm_cantidad,vfm_unitario,vfm_total,vfm_entregado) VALUES (2634,765072,1,200,200,@@@NO@@@)','',2,'2013-06-15'),(26960,'INSERT INTO gne_vale_ferreteria (vfe_id,vfe_fecha,vfe_total,vfe_estado,vfe_entregado,usu_nusuario) VALUES (2635,@@@2013.06.15@@@,200,1,0,@@@G_DIAZ@@@)','',2,'2013-06-15'),(26961,'INSERT INTO gne_vale_ferreteria_mov (vfe_id,pro_codigo_plu,vfm_cantidad,vfm_unitario,vfm_total,vfm_entregado) VALUES (2635,764383,4,50,200,@@@NO@@@)','',2,'2013-06-15'),(26962,'INSERT INTO gne_vale_ferreteria (vfe_id,vfe_fecha,vfe_total,vfe_estado,vfe_entregado,usu_nusuario) VALUES (2636,@@@2013.06.15@@@,590,1,0,@@@G_DIAZ@@@)','',2,'2013-06-15'),(26963,'INSERT INTO gne_vale_ferreteria_mov (vfe_id,pro_codigo_plu,vfm_cantidad,vfm_unitario,vfm_total,vfm_entregado) VALUES (2636,4098,1,590,590,@@@NO@@@)','',2,'2013-06-15'),(26964,'INSERT INTO gne_vale_ferreteria (vfe_id,vfe_fecha,vfe_total,vfe_estado,vfe_entregado,usu_nusuario) VALUES (2637,@@@2013.06.15@@@,1890,1,0,@@@G_DIAZ@@@)','',2,'2013-06-15'),(26965,'INSERT INTO gne_vale_ferreteria_mov (vfe_id,pro_codigo_plu,vfm_cantidad,vfm_unitario,vfm_total,vfm_entregado) VALUES (2637,4800,1,890,890,@@@NO@@@)','',2,'2013-06-15'),(26966,'INSERT INTO gne_vale_ferreteria_mov (vfe_id,pro_codigo_plu,vfm_cantidad,vfm_unitario,vfm_total,vfm_entregado) VALUES (2637,780721135,1,1000,1000,@@@NO@@@)','',2,'2013-06-15'),(26967,'INSERT INTO gne_vale_ferreteria (vfe_id,vfe_fecha,vfe_total,vfe_estado,vfe_entregado,usu_nusuario) VALUES (2638,@@@2013.06.15@@@,4790,1,0,@@@G_DIAZ@@@)','',2,'2013-06-15'),(26968,'INSERT INTO gne_vale_ferreteria_mov (vfe_id,pro_codigo_plu,vfm_cantidad,vfm_unitario,vfm_total,vfm_entregado) VALUES (2638,780721108,1,4790,4790,@@@NO@@@)','',2,'2013-06-15'),(26969,'INSERT INTO gne_vale_ferreteria (vfe_id,vfe_fecha,vfe_total,vfe_estado,vfe_entregado,usu_nusuario) VALUES (2639,@@@2013.06.15@@@,3990,1,0,@@@G_DIAZ@@@)','',2,'2013-06-15'),(26970,'INSERT INTO gne_vale_ferreteria_mov (vfe_id,pro_codigo_plu,vfm_cantidad,vfm_unitario,vfm_total,vfm_entregado) VALUES (2639,880015,1,3990,3990,@@@NO@@@)','',2,'2013-06-15'),(26971,'INSERT INTO gne_vale_ferreteria (vfe_id,vfe_fecha,vfe_total,vfe_estado,vfe_entregado,usu_nusuario) VALUES (2640,@@@2013.06.15@@@,3550,1,0,@@@G_DIAZ@@@)','',2,'2013-06-15'),(26972,'INSERT INTO gne_vale_ferreteria_mov (vfe_id,pro_codigo_plu,vfm_cantidad,vfm_unitario,vfm_total,vfm_entregado) VALUES (2640,764352,1,2490,2490,@@@NO@@@)','',2,'2013-06-15'),(26973,'INSERT INTO gne_vale_ferreteria_mov (vfe_id,pro_codigo_plu,vfm_cantidad,vfm_unitario,vfm_total,vfm_entregado) VALUES (2640,15955,2,530,1060,@@@NO@@@)','',2,'2013-06-15'),(26974,'INSERT INTO gne_vale_ferreteria (vfe_id,vfe_fecha,vfe_total,vfe_estado,vfe_entregado,usu_nusuario) VALUES (2641,@@@2013.06.15@@@,390,1,0,@@@G_DIAZ@@@)','',2,'2013-06-15'),(26975,'INSERT INTO gne_vale_ferreteria_mov (vfe_id,pro_codigo_plu,vfm_cantidad,vfm_unitario,vfm_total,vfm_entregado) VALUES (2641,8023,1,390,390,@@@NO@@@)','',2,'2013-06-15'),(26976,'INSERT INTO gne_vale_ferreteria (vfe_id,vfe_fecha,vfe_total,vfe_estado,vfe_entregado,usu_nusuario) VALUES (2642,@@@2013.06.15@@@,2870,1,0,@@@G_DIAZ@@@)','',2,'2013-06-15'),(26977,'INSERT INTO gne_vale_ferreteria_mov (vfe_id,pro_codigo_plu,vfm_cantidad,vfm_unitario,vfm_total,vfm_entregado) VALUES (2642,780721196,3,890,2670,@@@NO@@@)','',2,'2013-06-15'),(26978,'INSERT INTO gne_vale_ferreteria_mov (vfe_id,pro_codigo_plu,vfm_cantidad,vfm_unitario,vfm_total,vfm_entregado) VALUES (2642,765072,1,200,200,@@@NO@@@)','',2,'2013-06-15'),(26979,'INSERT INTO gne_vale_ferreteria (vfe_id,vfe_fecha,vfe_total,vfe_estado,vfe_entregado,usu_nusuario) VALUES (2643,@@@2013.06.15@@@,1789,1,0,@@@G_DIAZ@@@)','',2,'2013-06-15'),(26980,'INSERT INTO gne_vale_ferreteria_mov (vfe_id,pro_codigo_plu,vfm_cantidad,vfm_unitario,vfm_total,vfm_entregado) VALUES (2643,101454,1,790,790,@@@NO@@@)','',2,'2013-06-15'),(26981,'INSERT INTO gne_vale_ferreteria_mov (vfe_id,pro_codigo_plu,vfm_cantidad,vfm_unitario,vfm_total,vfm_entregado) VALUES (2643,15490,1,999,999,@@@NO@@@)','',2,'2013-06-15'),(26982,'INSERT INTO gne_vale_ferreteria (vfe_id,vfe_fecha,vfe_total,vfe_estado,vfe_entregado,usu_nusuario) VALUES (2644,@@@2013.06.15@@@,1780,1,0,@@@G_DIAZ@@@)','',2,'2013-06-15'),(26983,'INSERT INTO gne_vale_ferreteria_mov (vfe_id,pro_codigo_plu,vfm_cantidad,vfm_unitario,vfm_total,vfm_entregado) VALUES (2644,764700,1,290,290,@@@NO@@@)','',2,'2013-06-15'),(26984,'INSERT INTO gne_vale_ferreteria_mov (vfe_id,pro_codigo_plu,vfm_cantidad,vfm_unitario,vfm_total,vfm_entregado) VALUES (2644,764564,1,1490,1490,@@@NO@@@)','',2,'2013-06-15'),(26985,'INSERT INTO gne_vale_ferreteria (vfe_id,vfe_fecha,vfe_total,vfe_estado,vfe_entregado,usu_nusuario) VALUES (2645,@@@2013.06.15@@@,690,1,0,@@@G_DIAZ@@@)','',2,'2013-06-15'),(26986,'INSERT INTO gne_vale_ferreteria_mov (vfe_id,pro_codigo_plu,vfm_cantidad,vfm_unitario,vfm_total,vfm_entregado) VALUES (2645,764617,1,690,690,@@@NO@@@)','',2,'2013-06-15'),(26987,'INSERT INTO gne_vale_ferreteria (vfe_id,vfe_fecha,vfe_total,vfe_estado,vfe_entregado,usu_nusuario) VALUES (2646,@@@2013.06.15@@@,450,1,0,@@@G_DIAZ@@@)','',2,'2013-06-15'),(26988,'INSERT INTO gne_vale_ferreteria_mov (vfe_id,pro_codigo_plu,vfm_cantidad,vfm_unitario,vfm_total,vfm_entregado) VALUES (2646,780721187,3,150,450,@@@NO@@@)','',2,'2013-06-15'),(26989,'INSERT INTO gne_vale_ferreteria (vfe_id,vfe_fecha,vfe_total,vfe_estado,vfe_entregado,usu_nusuario) VALUES (2647,@@@2013.06.16@@@,1060,1,0,@@@b_SAEZ@@@)','',2,'2013-06-16'),(26990,'INSERT INTO gne_vale_ferreteria_mov (vfe_id,pro_codigo_plu,vfm_cantidad,vfm_unitario,vfm_total,vfm_entregado) VALUES (2647,770065,2,100,200,@@@NO@@@)','',2,'2013-06-16'),(26991,'INSERT INTO gne_vale_ferreteria_mov (vfe_id,pro_codigo_plu,vfm_cantidad,vfm_unitario,vfm_total,vfm_entregado) VALUES (2647,764834,10,20,200,@@@NO@@@)','',2,'2013-06-16'),(26992,'INSERT INTO gne_vale_ferreteria_mov (vfe_id,pro_codigo_plu,vfm_cantidad,vfm_unitario,vfm_total,vfm_entregado) VALUES (2647,4080,1,40,40,@@@NO@@@)','',2,'2013-06-16'),(26993,'INSERT INTO gne_vale_ferreteria_mov (vfe_id,pro_codigo_plu,vfm_cantidad,vfm_unitario,vfm_total,vfm_entregado) VALUES (2647,21116,1,620,620,@@@NO@@@)','',2,'2013-06-16'),(26994,'INSERT INTO gne_vale_ferreteria (vfe_id,vfe_fecha,vfe_total,vfe_estado,vfe_entregado,usu_nusuario) VALUES (2648,@@@2013.06.16@@@,780,1,0,@@@b_SAEZ@@@)','',2,'2013-06-16'),(26995,'INSERT INTO gne_vale_ferreteria_mov (vfe_id,pro_codigo_plu,vfm_cantidad,vfm_unitario,vfm_total,vfm_entregado) VALUES (2648,78017203,2,390,780,@@@NO@@@)','',2,'2013-06-16'),(26996,'INSERT INTO gne_vale_ferreteria (vfe_id,vfe_fecha,vfe_total,vfe_estado,vfe_entregado,usu_nusuario) VALUES (2649,@@@2013.06.16@@@,150,1,0,@@@b_SAEZ@@@)','',2,'2013-06-16'),(26997,'INSERT INTO gne_vale_ferreteria_mov (vfe_id,pro_codigo_plu,vfm_cantidad,vfm_unitario,vfm_total,vfm_entregado) VALUES (2649,764580,1,150,150,@@@NO@@@)','',2,'2013-06-16'),(26998,'INSERT INTO gne_vale_ferreteria (vfe_id,vfe_fecha,vfe_total,vfe_estado,vfe_entregado,usu_nusuario) VALUES (2650,@@@2013.06.16@@@,3480,1,0,@@@b_SAEZ@@@)','',2,'2013-06-16'),(26999,'INSERT INTO gne_vale_ferreteria_mov (vfe_id,pro_codigo_plu,vfm_cantidad,vfm_unitario,vfm_total,vfm_entregado) VALUES (2650,780721201,1,1990,1990,@@@NO@@@)','',2,'2013-06-16'),(27000,'INSERT INTO gne_vale_ferreteria_mov (vfe_id,pro_codigo_plu,vfm_cantidad,vfm_unitario,vfm_total,vfm_entregado) VALUES (2650,779564601,1,1490,1490,@@@NO@@@)','',2,'2013-06-16'),(27001,'INSERT INTO gne_vale_ferreteria (vfe_id,vfe_fecha,vfe_total,vfe_estado,vfe_entregado,usu_nusuario) VALUES (2651,@@@2013.06.16@@@,3290,1,0,@@@b_SAEZ@@@)','',2,'2013-06-16'),(27002,'INSERT INTO gne_vale_ferreteria_mov (vfe_id,pro_codigo_plu,vfm_cantidad,vfm_unitario,vfm_total,vfm_entregado) VALUES (2651,880024,1,3290,3290,@@@NO@@@)','',2,'2013-06-16'),(27003,'INSERT INTO gne_vale_ferreteria (vfe_id,vfe_fecha,vfe_total,vfe_estado,vfe_entregado,usu_nusuario) VALUES (2652,@@@2013.06.16@@@,150,1,0,@@@b_SAEZ@@@)','',2,'2013-06-16'),(27004,'INSERT INTO gne_vale_ferreteria_mov (vfe_id,pro_codigo_plu,vfm_cantidad,vfm_unitario,vfm_total,vfm_entregado) VALUES (2652,764832,1,150,150,@@@NO@@@)','',2,'2013-06-16'),(27005,'INSERT INTO gne_vale_ferreteria (vfe_id,vfe_fecha,vfe_total,vfe_estado,vfe_entregado,usu_nusuario) VALUES (2653,@@@2013.06.16@@@,2590,1,0,@@@b_SAEZ@@@)','',2,'2013-06-16'),(27006,'INSERT INTO gne_vale_ferreteria_mov (vfe_id,pro_codigo_plu,vfm_cantidad,vfm_unitario,vfm_total,vfm_entregado) VALUES (2653,262020,1,2590,2590,@@@NO@@@)','',2,'2013-06-16'),(27007,'INSERT INTO gne_vale_ferreteria (vfe_id,vfe_fecha,vfe_total,vfe_estado,vfe_entregado,usu_nusuario) VALUES (2654,@@@2013.06.16@@@,2590,1,0,@@@b_SAEZ@@@)','',2,'2013-06-16'),(27008,'INSERT INTO gne_vale_ferreteria_mov (vfe_id,pro_codigo_plu,vfm_cantidad,vfm_unitario,vfm_total,vfm_entregado) VALUES (2654,262019,1,2590,2590,@@@NO@@@)','',2,'2013-06-16'),(27009,'INSERT INTO gne_vale_ferreteria (vfe_id,vfe_fecha,vfe_total,vfe_estado,vfe_entregado,usu_nusuario) VALUES (2655,@@@2013.06.16@@@,290,1,0,@@@b_SAEZ@@@)','',2,'2013-06-16'),(27010,'INSERT INTO gne_vale_ferreteria_mov (vfe_id,pro_codigo_plu,vfm_cantidad,vfm_unitario,vfm_total,vfm_entregado) VALUES (2655,1559,1,290,290,@@@NO@@@)','',2,'2013-06-16'),(27011,'INSERT INTO gne_vale_ferreteria (vfe_id,vfe_fecha,vfe_total,vfe_estado,vfe_entregado,usu_nusuario) VALUES (2656,@@@2013.06.16@@@,490,1,0,@@@b_SAEZ@@@)','',2,'2013-06-16'),(27012,'INSERT INTO gne_vale_ferreteria_mov (vfe_id,pro_codigo_plu,vfm_cantidad,vfm_unitario,vfm_total,vfm_entregado) VALUES (2656,780220183,1,490,490,@@@NO@@@)','',2,'2013-06-16'),(27013,'INSERT INTO gne_vale_ferreteria (vfe_id,vfe_fecha,vfe_total,vfe_estado,vfe_entregado,usu_nusuario) VALUES (2657,@@@2013.06.16@@@,3490,1,0,@@@b_SAEZ@@@)','',2,'2013-06-16'),(27014,'INSERT INTO gne_vale_ferreteria_mov (vfe_id,pro_codigo_plu,vfm_cantidad,vfm_unitario,vfm_total,vfm_entregado) VALUES (2657,764196,1,3490,3490,@@@NO@@@)','',2,'2013-06-16'),(27015,'INSERT INTO gne_vale_ferreteria (vfe_id,vfe_fecha,vfe_total,vfe_estado,vfe_entregado,usu_nusuario) VALUES (2658,@@@2013.06.16@@@,2190,1,0,@@@b_SAEZ@@@)','',2,'2013-06-16'),(27016,'INSERT INTO gne_vale_ferreteria_mov (vfe_id,pro_codigo_plu,vfm_cantidad,vfm_unitario,vfm_total,vfm_entregado) VALUES (2658,3270,1,2190,2190,@@@NO@@@)','',2,'2013-06-16'),(27017,'INSERT INTO gne_vale_ferreteria (vfe_id,vfe_fecha,vfe_total,vfe_estado,vfe_entregado,usu_nusuario) VALUES (2659,@@@2013.06.16@@@,450,1,0,@@@b_SAEZ@@@)','',2,'2013-06-16'),(27018,'INSERT INTO gne_vale_ferreteria_mov (vfe_id,pro_codigo_plu,vfm_cantidad,vfm_unitario,vfm_total,vfm_entregado) VALUES (2659,78017202,1,450,450,@@@NO@@@)','',2,'2013-06-16'),(27019,'INSERT INTO gne_vale_ferreteria (vfe_id,vfe_fecha,vfe_total,vfe_estado,vfe_entregado,usu_nusuario) VALUES (2660,@@@2013.06.16@@@,1980,1,0,@@@b_SAEZ@@@)','',2,'2013-06-16'),(27020,'INSERT INTO gne_vale_ferreteria_mov (vfe_id,pro_codigo_plu,vfm_cantidad,vfm_unitario,vfm_total,vfm_entregado) VALUES (2660,78017027,10,50,500,@@@NO@@@)','',2,'2013-06-16'),(27021,'INSERT INTO gne_vale_ferreteria_mov (vfe_id,pro_codigo_plu,vfm_cantidad,vfm_unitario,vfm_total,vfm_entregado) VALUES (2660,763889,1,1480,1480,@@@NO@@@)','',2,'2013-06-16'),(27022,'INSERT INTO gne_vale_ferreteria (vfe_id,vfe_fecha,vfe_total,vfe_estado,vfe_entregado,usu_nusuario) VALUES (2661,@@@2013.06.16@@@,5490,1,0,@@@b_SAEZ@@@)','',2,'2013-06-16'),(27023,'INSERT INTO gne_vale_ferreteria_mov (vfe_id,pro_codigo_plu,vfm_cantidad,vfm_unitario,vfm_total,vfm_entregado) VALUES (2661,780721093,1,5490,5490,@@@NO@@@)','',2,'2013-06-16'),(27024,'INSERT INTO gne_vale_ferreteria (vfe_id,vfe_fecha,vfe_total,vfe_estado,vfe_entregado,usu_nusuario) VALUES (2662,@@@2013.06.16@@@,2990,1,0,@@@b_SAEZ@@@)','',2,'2013-06-16'),(27025,'INSERT INTO gne_vale_ferreteria_mov (vfe_id,pro_codigo_plu,vfm_cantidad,vfm_unitario,vfm_total,vfm_entregado) VALUES (2662,764556,1,2990,2990,@@@NO@@@)','',2,'2013-06-16'),(27026,'INSERT INTO gne_vale_ferreteria (vfe_id,vfe_fecha,vfe_total,vfe_estado,vfe_entregado,usu_nusuario) VALUES (2663,@@@2013.06.16@@@,500,1,0,@@@b_SAEZ@@@)','',2,'2013-06-16'),(27027,'INSERT INTO gne_vale_ferreteria_mov (vfe_id,pro_codigo_plu,vfm_cantidad,vfm_unitario,vfm_total,vfm_entregado) VALUES (2663,8021,2,150,300,@@@NO@@@)','',2,'2013-06-16'),(27028,'INSERT INTO gne_vale_ferreteria_mov (vfe_id,pro_codigo_plu,vfm_cantidad,vfm_unitario,vfm_total,vfm_entregado) VALUES (2663,21135,1,200,200,@@@NO@@@)','',2,'2013-06-16'),(27029,'INSERT INTO gne_vale_ferreteria (vfe_id,vfe_fecha,vfe_total,vfe_estado,vfe_entregado,usu_nusuario) VALUES (2664,@@@2013.06.16@@@,2890,1,0,@@@b_SAEZ@@@)','',2,'2013-06-16'),(27030,'INSERT INTO gne_vale_ferreteria_mov (vfe_id,pro_codigo_plu,vfm_cantidad,vfm_unitario,vfm_total,vfm_entregado) VALUES (2664,764524,1,2890,2890,@@@NO@@@)','',2,'2013-06-16'),(27031,'INSERT INTO gne_vale_ferreteria (vfe_id,vfe_fecha,vfe_total,vfe_estado,vfe_entregado,usu_nusuario) VALUES (2665,@@@2013.06.16@@@,350,1,0,@@@b_SAEZ@@@)','',2,'2013-06-16'),(27032,'INSERT INTO gne_vale_ferreteria_mov (vfe_id,pro_codigo_plu,vfm_cantidad,vfm_unitario,vfm_total,vfm_entregado) VALUES (2665,8021,1,150,150,@@@NO@@@)','',2,'2013-06-16'),(27033,'INSERT INTO gne_vale_ferreteria_mov (vfe_id,pro_codigo_plu,vfm_cantidad,vfm_unitario,vfm_total,vfm_entregado) VALUES (2665,21135,1,200,200,@@@NO@@@)','',2,'2013-06-16'),(27034,'INSERT INTO gne_vale_ferreteria (vfe_id,vfe_fecha,vfe_total,vfe_estado,vfe_entregado,usu_nusuario) VALUES (2666,@@@2013.06.16@@@,720,1,0,@@@b_SAEZ@@@)','',2,'2013-06-16'),(27035,'INSERT INTO gne_vale_ferreteria_mov (vfe_id,pro_codigo_plu,vfm_cantidad,vfm_unitario,vfm_total,vfm_entregado) VALUES (2666,763940,1,720,720,@@@NO@@@)','',2,'2013-06-16'),(27036,'INSERT INTO gne_vale_ferreteria (vfe_id,vfe_fecha,vfe_total,vfe_estado,vfe_entregado,usu_nusuario) VALUES (2667,@@@2013.06.16@@@,660,1,0,@@@b_SAEZ@@@)','',2,'2013-06-16'),(27037,'INSERT INTO gne_vale_ferreteria_mov (vfe_id,pro_codigo_plu,vfm_cantidad,vfm_unitario,vfm_total,vfm_entregado) VALUES (2667,780220193,1,370,370,@@@NO@@@)','',2,'2013-06-16'),(27038,'INSERT INTO gne_vale_ferreteria_mov (vfe_id,pro_codigo_plu,vfm_cantidad,vfm_unitario,vfm_total,vfm_entregado) VALUES (2667,763772,1,290,290,@@@NO@@@)','',2,'2013-06-16'),(27039,'INSERT INTO gne_vale_ferreteria (vfe_id,vfe_fecha,vfe_total,vfe_estado,vfe_entregado,usu_nusuario) VALUES (2668,@@@2013.06.16@@@,180,1,0,@@@b_SAEZ@@@)','',2,'2013-06-16'),(27040,'INSERT INTO gne_vale_ferreteria_mov (vfe_id,pro_codigo_plu,vfm_cantidad,vfm_unitario,vfm_total,vfm_entregado) VALUES (2668,8021,1,150,150,@@@NO@@@)','',2,'2013-06-16'),(27041,'INSERT INTO gne_vale_ferreteria_mov (vfe_id,pro_codigo_plu,vfm_cantidad,vfm_unitario,vfm_total,vfm_entregado) VALUES (2668,4079,1,30,30,@@@NO@@@)','',2,'2013-06-16'),(27042,'INSERT INTO gne_vale_ferreteria (vfe_id,vfe_fecha,vfe_total,vfe_estado,vfe_entregado,usu_nusuario) VALUES (2669,@@@2013.06.16@@@,1450,1,0,@@@b_SAEZ@@@)','',2,'2013-06-16'),(27043,'INSERT INTO gne_vale_ferreteria_mov (vfe_id,pro_codigo_plu,vfm_cantidad,vfm_unitario,vfm_total,vfm_entregado) VALUES (2669,101454,1,790,790,@@@NO@@@)','',2,'2013-06-16'),(27044,'INSERT INTO gne_vale_ferreteria_mov (vfe_id,pro_codigo_plu,vfm_cantidad,vfm_unitario,vfm_total,vfm_entregado) VALUES (2669,19918,2,330,660,@@@NO@@@)','',2,'2013-06-16'),(27045,'INSERT INTO gne_vale_ferreteria (vfe_id,vfe_fecha,vfe_total,vfe_estado,vfe_entregado,usu_nusuario) VALUES (2670,@@@2013.06.16@@@,12870,1,0,@@@b_SAEZ@@@)','',2,'2013-06-16'),(27046,'INSERT INTO gne_vale_ferreteria_mov (vfe_id,pro_codigo_plu,vfm_cantidad,vfm_unitario,vfm_total,vfm_entregado) VALUES (2670,880015,1,3990,3990,@@@NO@@@)','',2,'2013-06-16'),(27047,'INSERT INTO gne_vale_ferreteria_mov (vfe_id,pro_codigo_plu,vfm_cantidad,vfm_unitario,vfm_total,vfm_entregado) VALUES (2670,764018,1,5790,5790,@@@NO@@@)','',2,'2013-06-16'),(27048,'INSERT INTO gne_vale_ferreteria_mov (vfe_id,pro_codigo_plu,vfm_cantidad,vfm_unitario,vfm_total,vfm_entregado) VALUES (2670,78017049,7,300,2100,@@@NO@@@)','',2,'2013-06-16'),(27049,'INSERT INTO gne_vale_ferreteria_mov (vfe_id,pro_codigo_plu,vfm_cantidad,vfm_unitario,vfm_total,vfm_entregado) VALUES (2670,19918,3,330,990,@@@NO@@@)','',2,'2013-06-16'),(27050,'INSERT INTO gne_vale_ferreteria (vfe_id,vfe_fecha,vfe_total,vfe_estado,vfe_entregado,usu_nusuario) VALUES (2671,@@@2013.06.16@@@,2590,1,0,@@@b_SAEZ@@@)','',2,'2013-06-16'),(27051,'INSERT INTO gne_vale_ferreteria_mov (vfe_id,pro_codigo_plu,vfm_cantidad,vfm_unitario,vfm_total,vfm_entregado) VALUES (2671,780721197,1,2590,2590,@@@NO@@@)','',2,'2013-06-16'),(27052,'INSERT INTO gne_vale_ferreteria (vfe_id,vfe_fecha,vfe_total,vfe_estado,vfe_entregado,usu_nusuario) VALUES (2672,@@@2013.06.16@@@,3590,1,0,@@@b_SAEZ@@@)','',2,'2013-06-16'),(27053,'INSERT INTO gne_vale_ferreteria_mov (vfe_id,pro_codigo_plu,vfm_cantidad,vfm_unitario,vfm_total,vfm_entregado) VALUES (2672,764292,1,3590,3590,@@@NO@@@)','',2,'2013-06-16'),(27054,'INSERT INTO gne_vale_ferreteria (vfe_id,vfe_fecha,vfe_total,vfe_estado,vfe_entregado,usu_nusuario) VALUES (2673,@@@2013.06.16@@@,2590,1,0,@@@b_SAEZ@@@)','',2,'2013-06-16'),(27055,'INSERT INTO gne_vale_ferreteria_mov (vfe_id,pro_codigo_plu,vfm_cantidad,vfm_unitario,vfm_total,vfm_entregado) VALUES (2673,780721188,1,2590,2590,@@@NO@@@)','',2,'2013-06-16'),(27056,'INSERT INTO gne_vale_ferreteria (vfe_id,vfe_fecha,vfe_total,vfe_estado,vfe_entregado,usu_nusuario) VALUES (2674,@@@2013.06.16@@@,6460,1,0,@@@b_SAEZ@@@)','',2,'2013-06-16'),(27057,'INSERT INTO gne_vale_ferreteria_mov (vfe_id,pro_codigo_plu,vfm_cantidad,vfm_unitario,vfm_total,vfm_entregado) VALUES (2674,770096,1,480,480,@@@NO@@@)','',2,'2013-06-16'),(27058,'INSERT INTO gne_vale_ferreteria_mov (vfe_id,pro_codigo_plu,vfm_cantidad,vfm_unitario,vfm_total,vfm_entregado) VALUES (2674,764556,1,2990,2990,@@@NO@@@)','',2,'2013-06-16'),(27059,'INSERT INTO gne_vale_ferreteria_mov (vfe_id,pro_codigo_plu,vfm_cantidad,vfm_unitario,vfm_total,vfm_entregado) VALUES (2674,764951,1,2990,2990,@@@NO@@@)','',2,'2013-06-16'),(27060,'INSERT INTO gne_vale_ferreteria (vfe_id,vfe_fecha,vfe_total,vfe_estado,vfe_entregado,usu_nusuario) VALUES (2675,@@@2013.06.16@@@,150,1,0,@@@b_SAEZ@@@)','',2,'2013-06-16'),(27061,'INSERT INTO gne_vale_ferreteria_mov (vfe_id,pro_codigo_plu,vfm_cantidad,vfm_unitario,vfm_total,vfm_entregado) VALUES (2675,780721187,1,150,150,@@@NO@@@)','',2,'2013-06-16'),(27062,'INSERT INTO gne_vale_ferreteria (vfe_id,vfe_fecha,vfe_total,vfe_estado,vfe_entregado,usu_nusuario) VALUES (2676,@@@2013.06.16@@@,1490,1,0,@@@b_SAEZ@@@)','',2,'2013-06-16'),(27063,'INSERT INTO gne_vale_ferreteria_mov (vfe_id,pro_codigo_plu,vfm_cantidad,vfm_unitario,vfm_total,vfm_entregado) VALUES (2676,780721192,1,1490,1490,@@@NO@@@)','',2,'2013-06-16'),(27064,'INSERT INTO gne_vale_ferreteria (vfe_id,vfe_fecha,vfe_total,vfe_estado,vfe_entregado,usu_nusuario) VALUES (2677,@@@2013.06.16@@@,500,1,0,@@@b_SAEZ@@@)','',2,'2013-06-16'),(27065,'INSERT INTO gne_vale_ferreteria_mov (vfe_id,pro_codigo_plu,vfm_cantidad,vfm_unitario,vfm_total,vfm_entregado) VALUES (2677,8021,2,150,300,@@@NO@@@)','',2,'2013-06-16'),(27066,'INSERT INTO gne_vale_ferreteria_mov (vfe_id,pro_codigo_plu,vfm_cantidad,vfm_unitario,vfm_total,vfm_entregado) VALUES (2677,21135,1,200,200,@@@NO@@@)','',2,'2013-06-16'),(27067,'INSERT INTO gne_vale_ferreteria (vfe_id,vfe_fecha,vfe_total,vfe_estado,vfe_entregado,usu_nusuario) VALUES (2678,@@@2013.06.16@@@,5380,1,0,@@@b_SAEZ@@@)','',2,'2013-06-16'),(27068,'INSERT INTO gne_vale_ferreteria_mov (vfe_id,pro_codigo_plu,vfm_cantidad,vfm_unitario,vfm_total,vfm_entregado) VALUES (2678,764630,1,3890,3890,@@@NO@@@)','',2,'2013-06-16'),(27069,'INSERT INTO gne_vale_ferreteria_mov (vfe_id,pro_codigo_plu,vfm_cantidad,vfm_unitario,vfm_total,vfm_entregado) VALUES (2678,2013,1,990,990,@@@NO@@@)','',2,'2013-06-16'),(27070,'INSERT INTO gne_vale_ferreteria_mov (vfe_id,pro_codigo_plu,vfm_cantidad,vfm_unitario,vfm_total,vfm_entregado) VALUES (2678,1070,2,250,500,@@@NO@@@)','',2,'2013-06-16'),(27071,'INSERT INTO gne_vale_ferreteria (vfe_id,vfe_fecha,vfe_total,vfe_estado,vfe_entregado,usu_nusuario) VALUES (2679,@@@2013.06.16@@@,3080,1,0,@@@b_SAEZ@@@)','',2,'2013-06-16'),(27072,'INSERT INTO gne_vale_ferreteria_mov (vfe_id,pro_codigo_plu,vfm_cantidad,vfm_unitario,vfm_total,vfm_entregado) VALUES (2679,880026,1,1290,1290,@@@NO@@@)','',2,'2013-06-16'),(27073,'INSERT INTO gne_vale_ferreteria_mov (vfe_id,pro_codigo_plu,vfm_cantidad,vfm_unitario,vfm_total,vfm_entregado) VALUES (2679,763741,1,1790,1790,@@@NO@@@)','',2,'2013-06-16'),(27074,'INSERT INTO gne_vale_ferreteria (vfe_id,vfe_fecha,vfe_total,vfe_estado,vfe_entregado,usu_nusuario) VALUES (2680,@@@2013.06.16@@@,240,1,0,@@@b_SAEZ@@@)','',2,'2013-06-16'),(27075,'INSERT INTO gne_vale_ferreteria_mov (vfe_id,pro_codigo_plu,vfm_cantidad,vfm_unitario,vfm_total,vfm_entregado) VALUES (2680,78017016,2,120,240,@@@NO@@@)','',2,'2013-06-16'),(27076,'INSERT INTO gne_vale_ferreteria (vfe_id,vfe_fecha,vfe_total,vfe_estado,vfe_entregado,usu_nusuario) VALUES (2681,@@@2013.06.16@@@,4080,1,0,@@@b_SAEZ@@@)','',2,'2013-06-16'),(27077,'INSERT INTO gne_vale_ferreteria_mov (vfe_id,pro_codigo_plu,vfm_cantidad,vfm_unitario,vfm_total,vfm_entregado) VALUES (2681,780721188,1,2590,2590,@@@NO@@@)','',2,'2013-06-16'),(27078,'INSERT INTO gne_vale_ferreteria_mov (vfe_id,pro_codigo_plu,vfm_cantidad,vfm_unitario,vfm_total,vfm_entregado) VALUES (2681,780721192,1,1490,1490,@@@NO@@@)','',2,'2013-06-16'),(27079,'INSERT INTO gne_vale_ferreteria (vfe_id,vfe_fecha,vfe_total,vfe_estado,vfe_entregado,usu_nusuario) VALUES (2682,@@@2013.06.16@@@,6570,1,0,@@@b_SAEZ@@@)','',2,'2013-06-16'),(27080,'INSERT INTO gne_vale_ferreteria_mov (vfe_id,pro_codigo_plu,vfm_cantidad,vfm_unitario,vfm_total,vfm_entregado) VALUES (2682,763724,1,2490,2490,@@@NO@@@)','',2,'2013-06-16'),(27081,'INSERT INTO gne_vale_ferreteria_mov (vfe_id,pro_codigo_plu,vfm_cantidad,vfm_unitario,vfm_total,vfm_entregado) VALUES (2682,780721192,1,1490,1490,@@@NO@@@)','',2,'2013-06-16'),(27082,'INSERT INTO gne_vale_ferreteria_mov (vfe_id,pro_codigo_plu,vfm_cantidad,vfm_unitario,vfm_total,vfm_entregado) VALUES (2682,780721188,1,2590,2590,@@@NO@@@)','',2,'2013-06-16'),(27083,'INSERT INTO gne_vale_ferreteria (vfe_id,vfe_fecha,vfe_total,vfe_estado,vfe_entregado,usu_nusuario) VALUES (2683,@@@2013.06.16@@@,520,1,0,@@@b_SAEZ@@@)','',2,'2013-06-16'),(27084,'INSERT INTO gne_vale_ferreteria_mov (vfe_id,pro_codigo_plu,vfm_cantidad,vfm_unitario,vfm_total,vfm_entregado) VALUES (2683,780220182,1,520,520,@@@NO@@@)','',2,'2013-06-16'),(27085,'INSERT INTO gne_vale_ferreteria (vfe_id,vfe_fecha,vfe_total,vfe_estado,vfe_entregado,usu_nusuario) VALUES (2684,@@@2013.06.16@@@,300,1,0,@@@b_SAEZ@@@)','',2,'2013-06-16'),(27086,'INSERT INTO gne_vale_ferreteria_mov (vfe_id,pro_codigo_plu,vfm_cantidad,vfm_unitario,vfm_total,vfm_entregado) VALUES (2684,8021,2,150,300,@@@NO@@@)','',2,'2013-06-16'),(27087,'INSERT INTO gne_vale_ferreteria (vfe_id,vfe_fecha,vfe_total,vfe_estado,vfe_entregado,usu_nusuario) VALUES (2685,@@@2013.06.16@@@,480,1,0,@@@b_SAEZ@@@)','',2,'2013-06-16'),(27088,'INSERT INTO gne_vale_ferreteria_mov (vfe_id,pro_codigo_plu,vfm_cantidad,vfm_unitario,vfm_total,vfm_entregado) VALUES (2685,8021,2,150,300,@@@NO@@@)','',2,'2013-06-16'),(27089,'INSERT INTO gne_vale_ferreteria_mov (vfe_id,pro_codigo_plu,vfm_cantidad,vfm_unitario,vfm_total,vfm_entregado) VALUES (2685,4079,6,30,180,@@@NO@@@)','',2,'2013-06-16'),(27090,'INSERT INTO gne_vale_ferreteria (vfe_id,vfe_fecha,vfe_total,vfe_estado,vfe_entregado,usu_nusuario) VALUES (2686,@@@2013.06.16@@@,1060,1,0,@@@b_SAEZ@@@)','',2,'2013-06-16'),(27091,'INSERT INTO gne_vale_ferreteria_mov (vfe_id,pro_codigo_plu,vfm_cantidad,vfm_unitario,vfm_total,vfm_entregado) VALUES (2686,15955,2,530,1060,@@@NO@@@)','',2,'2013-06-16'),(27092,'INSERT INTO gne_vale_ferreteria (vfe_id,vfe_fecha,vfe_total,vfe_estado,vfe_entregado,usu_nusuario) VALUES (2687,@@@2013.06.16@@@,890,1,0,@@@b_SAEZ@@@)','',2,'2013-06-16'),(27093,'INSERT INTO gne_vale_ferreteria_mov (vfe_id,pro_codigo_plu,vfm_cantidad,vfm_unitario,vfm_total,vfm_entregado) VALUES (2687,763354,1,890,890,@@@NO@@@)','',2,'2013-06-16'),(27094,'INSERT INTO gne_vale_ferreteria (vfe_id,vfe_fecha,vfe_total,vfe_estado,vfe_entregado,usu_nusuario) VALUES (2688,@@@2013.06.16@@@,2390,1,0,@@@b_SAEZ@@@)','',2,'2013-06-16'),(27095,'INSERT INTO gne_vale_ferreteria_mov (vfe_id,pro_codigo_plu,vfm_cantidad,vfm_unitario,vfm_total,vfm_entregado) VALUES (2688,764658,1,2390,2390,@@@NO@@@)','',2,'2013-06-16'),(27096,'INSERT INTO gne_vale_ferreteria (vfe_id,vfe_fecha,vfe_total,vfe_estado,vfe_entregado,usu_nusuario) VALUES (2689,@@@2013.06.16@@@,1795,1,0,@@@b_SAEZ@@@)','',2,'2013-06-16'),(27097,'INSERT INTO gne_vale_ferreteria_mov (vfe_id,pro_codigo_plu,vfm_cantidad,vfm_unitario,vfm_total,vfm_entregado) VALUES (2689,764696,3,100,300,@@@NO@@@)','',2,'2013-06-16'),(27098,'INSERT INTO gne_vale_ferreteria_mov (vfe_id,pro_codigo_plu,vfm_cantidad,vfm_unitario,vfm_total,vfm_entregado) VALUES (2689,763817,1,1495,1495,@@@NO@@@)','',2,'2013-06-16'),(27099,'INSERT INTO gne_vale_ferreteria (vfe_id,vfe_fecha,vfe_total,vfe_estado,vfe_entregado,usu_nusuario) VALUES (2690,@@@2013.06.16@@@,5690,1,0,@@@b_SAEZ@@@)','',2,'2013-06-16'),(27100,'INSERT INTO gne_vale_ferreteria_mov (vfe_id,pro_codigo_plu,vfm_cantidad,vfm_unitario,vfm_total,vfm_entregado) VALUES (2690,780721073,1,5690,5690,@@@NO@@@)','',2,'2013-06-16'),(27101,'INSERT INTO gne_vale_ferreteria (vfe_id,vfe_fecha,vfe_total,vfe_estado,vfe_entregado,usu_nusuario) VALUES (2691,@@@2013.06.16@@@,890,1,0,@@@b_SAEZ@@@)','',2,'2013-06-16'),(27102,'INSERT INTO gne_vale_ferreteria_mov (vfe_id,pro_codigo_plu,vfm_cantidad,vfm_unitario,vfm_total,vfm_entregado) VALUES (2691,20880,1,890,890,@@@NO@@@)','',2,'2013-06-16'),(27103,'INSERT INTO gne_vale_ferreteria (vfe_id,vfe_fecha,vfe_total,vfe_estado,vfe_entregado,usu_nusuario) VALUES (2692,@@@2013.06.16@@@,590,1,0,@@@b_SAEZ@@@)','',2,'2013-06-16'),(27104,'INSERT INTO gne_vale_ferreteria_mov (vfe_id,pro_codigo_plu,vfm_cantidad,vfm_unitario,vfm_total,vfm_entregado) VALUES (2692,763826,1,590,590,@@@NO@@@)','',2,'2013-06-16'),(27105,'INSERT INTO gne_vale_ferreteria (vfe_id,vfe_fecha,vfe_total,vfe_estado,vfe_entregado,usu_nusuario) VALUES (2693,@@@2013.06.16@@@,4680,1,0,@@@b_SAEZ@@@)','',2,'2013-06-16'),(27106,'INSERT INTO gne_vale_ferreteria_mov (vfe_id,pro_codigo_plu,vfm_cantidad,vfm_unitario,vfm_total,vfm_entregado) VALUES (2693,764757,1,2390,2390,@@@NO@@@)','',2,'2013-06-16'),(27107,'INSERT INTO gne_vale_ferreteria_mov (vfe_id,pro_codigo_plu,vfm_cantidad,vfm_unitario,vfm_total,vfm_entregado) VALUES (2693,102717,1,2290,2290,@@@NO@@@)','',2,'2013-06-16'),(27108,'INSERT INTO gne_vale_ferreteria (vfe_id,vfe_fecha,vfe_total,vfe_estado,vfe_entregado,usu_nusuario) VALUES (2694,@@@2013.06.16@@@,450,1,0,@@@b_SAEZ@@@)','',2,'2013-06-16'),(27109,'INSERT INTO gne_vale_ferreteria_mov (vfe_id,pro_codigo_plu,vfm_cantidad,vfm_unitario,vfm_total,vfm_entregado) VALUES (2694,8021,3,150,450,@@@NO@@@)','',2,'2013-06-16'),(27110,'INSERT INTO gne_vale_ferreteria (vfe_id,vfe_fecha,vfe_total,vfe_estado,vfe_entregado,usu_nusuario) VALUES (2695,@@@2013.06.16@@@,5390,1,0,@@@b_SAEZ@@@)','',2,'2013-06-16'),(27111,'INSERT INTO gne_vale_ferreteria_mov (vfe_id,pro_codigo_plu,vfm_cantidad,vfm_unitario,vfm_total,vfm_entregado) VALUES (2695,764539,1,450,450,@@@NO@@@)','',2,'2013-06-16'),(27112,'INSERT INTO gne_vale_ferreteria_mov (vfe_id,pro_codigo_plu,vfm_cantidad,vfm_unitario,vfm_total,vfm_entregado) VALUES (2695,763834,1,450,450,@@@NO@@@)','',2,'2013-06-16'),(27113,'INSERT INTO gne_vale_ferreteria_mov (vfe_id,pro_codigo_plu,vfm_cantidad,vfm_unitario,vfm_total,vfm_entregado) VALUES (2695,780721191,1,4490,4490,@@@NO@@@)','',2,'2013-06-16'),(27114,'INSERT INTO gne_vale_ferreteria (vfe_id,vfe_fecha,vfe_total,vfe_estado,vfe_entregado,usu_nusuario) VALUES (2696,@@@2013.06.16@@@,790,1,0,@@@b_SAEZ@@@)','',2,'2013-06-16'),(27115,'INSERT INTO gne_vale_ferreteria_mov (vfe_id,pro_codigo_plu,vfm_cantidad,vfm_unitario,vfm_total,vfm_entregado) VALUES (2696,78017165,1,100,100,@@@NO@@@)','',2,'2013-06-16'),(27116,'INSERT INTO gne_vale_ferreteria_mov (vfe_id,pro_codigo_plu,vfm_cantidad,vfm_unitario,vfm_total,vfm_entregado) VALUES (2696,78017161,1,100,100,@@@NO@@@)','',2,'2013-06-16'),(27117,'INSERT INTO gne_vale_ferreteria_mov (vfe_id,pro_codigo_plu,vfm_cantidad,vfm_unitario,vfm_total,vfm_entregado) VALUES (2696,78017169,2,100,200,@@@NO@@@)','',2,'2013-06-16'),(27118,'INSERT INTO gne_vale_ferreteria_mov (vfe_id,pro_codigo_plu,vfm_cantidad,vfm_unitario,vfm_total,vfm_entregado) VALUES (2696,78017160,1,100,100,@@@NO@@@)','',2,'2013-06-16'),(27119,'INSERT INTO gne_vale_ferreteria_mov (vfe_id,pro_codigo_plu,vfm_cantidad,vfm_unitario,vfm_total,vfm_entregado) VALUES (2696,764778,1,290,290,@@@NO@@@)','',2,'2013-06-16'),(27120,'INSERT INTO gne_vale_ferreteria (vfe_id,vfe_fecha,vfe_total,vfe_estado,vfe_entregado,usu_nusuario) VALUES (2697,@@@2013.06.16@@@,420,1,0,@@@b_SAEZ@@@)','',2,'2013-06-16'),(27121,'INSERT INTO gne_vale_ferreteria_mov (vfe_id,pro_codigo_plu,vfm_cantidad,vfm_unitario,vfm_total,vfm_entregado) VALUES (2697,780220185,1,420,420,@@@NO@@@)','',2,'2013-06-16'),(27122,'INSERT INTO gne_vale_ferreteria (vfe_id,vfe_fecha,vfe_total,vfe_estado,vfe_entregado,usu_nusuario) VALUES (2698,@@@2013.06.16@@@,1920,1,0,@@@b_SAEZ@@@)','',2,'2013-06-16'),(27123,'INSERT INTO gne_vale_ferreteria_mov (vfe_id,pro_codigo_plu,vfm_cantidad,vfm_unitario,vfm_total,vfm_entregado) VALUES (2698,770096,4,480,1920,@@@NO@@@)','',2,'2013-06-16'),(27124,'INSERT INTO gne_vale_ferreteria (vfe_id,vfe_fecha,vfe_total,vfe_estado,vfe_entregado,usu_nusuario) VALUES (2699,@@@2013.06.16@@@,2380,1,0,@@@b_SAEZ@@@)','',2,'2013-06-16'),(27125,'INSERT INTO gne_vale_ferreteria_mov (vfe_id,pro_codigo_plu,vfm_cantidad,vfm_unitario,vfm_total,vfm_entregado) VALUES (2699,101563,1,1690,1690,@@@NO@@@)','',2,'2013-06-16'),(27126,'INSERT INTO gne_vale_ferreteria_mov (vfe_id,pro_codigo_plu,vfm_cantidad,vfm_unitario,vfm_total,vfm_entregado) VALUES (2699,770091,1,690,690,@@@NO@@@)','',2,'2013-06-16'),(27127,'INSERT INTO gne_vale_ferreteria (vfe_id,vfe_fecha,vfe_total,vfe_estado,vfe_entregado,usu_nusuario) VALUES (2700,@@@2013.06.16@@@,820,1,0,@@@b_SAEZ@@@)','',2,'2013-06-16'),(27128,'INSERT INTO gne_vale_ferreteria_mov (vfe_id,pro_codigo_plu,vfm_cantidad,vfm_unitario,vfm_total,vfm_entregado) VALUES (2700,78017059,1,120,120,@@@NO@@@)','',2,'2013-06-16'),(27129,'INSERT INTO gne_vale_ferreteria_mov (vfe_id,pro_codigo_plu,vfm_cantidad,vfm_unitario,vfm_total,vfm_entregado) VALUES (2700,763835,1,200,200,@@@NO@@@)','',2,'2013-06-16'),(27130,'INSERT INTO gne_vale_ferreteria_mov (vfe_id,pro_codigo_plu,vfm_cantidad,vfm_unitario,vfm_total,vfm_entregado) VALUES (2700,12083,1,260,260,@@@NO@@@)','',2,'2013-06-16'),(27131,'INSERT INTO gne_vale_ferreteria_mov (vfe_id,pro_codigo_plu,vfm_cantidad,vfm_unitario,vfm_total,vfm_entregado) VALUES (2700,780721141,2,120,240,@@@NO@@@)','',2,'2013-06-16'),(27132,'INSERT INTO gne_vale_ferreteria (vfe_id,vfe_fecha,vfe_total,vfe_estado,vfe_entregado,usu_nusuario) VALUES (2701,@@@2013.06.16@@@,780,1,0,@@@b_SAEZ@@@)','',2,'2013-06-16'),(27133,'INSERT INTO gne_vale_ferreteria_mov (vfe_id,pro_codigo_plu,vfm_cantidad,vfm_unitario,vfm_total,vfm_entregado) VALUES (2701,78017198,1,490,490,@@@NO@@@)','',2,'2013-06-16'),(27134,'INSERT INTO gne_vale_ferreteria_mov (vfe_id,pro_codigo_plu,vfm_cantidad,vfm_unitario,vfm_total,vfm_entregado) VALUES (2701,764778,1,290,290,@@@NO@@@)','',2,'2013-06-16'),(27135,'INSERT INTO gne_vale_ferreteria (vfe_id,vfe_fecha,vfe_total,vfe_estado,vfe_entregado,usu_nusuario) VALUES (2702,@@@2013.06.16@@@,890,1,0,@@@b_SAEZ@@@)','',2,'2013-06-16'),(27136,'INSERT INTO gne_vale_ferreteria_mov (vfe_id,pro_codigo_plu,vfm_cantidad,vfm_unitario,vfm_total,vfm_entregado) VALUES (2702,780721196,1,890,890,@@@NO@@@)','',2,'2013-06-16'),(27137,'INSERT INTO gne_vale_ferreteria (vfe_id,vfe_fecha,vfe_total,vfe_estado,vfe_entregado,usu_nusuario) VALUES (2703,@@@2013.06.16@@@,200,1,0,@@@b_SAEZ@@@)','',2,'2013-06-16'),(27138,'INSERT INTO gne_vale_ferreteria_mov (vfe_id,pro_codigo_plu,vfm_cantidad,vfm_unitario,vfm_total,vfm_entregado) VALUES (2703,4089,1,200,200,@@@NO@@@)','',2,'2013-06-16'),(27139,'INSERT INTO gne_vale_ferreteria (vfe_id,vfe_fecha,vfe_total,vfe_estado,vfe_entregado,usu_nusuario) VALUES (2704,@@@2013.06.16@@@,790,1,0,@@@b_SAEZ@@@)','',2,'2013-06-16'),(27140,'INSERT INTO gne_vale_ferreteria_mov (vfe_id,pro_codigo_plu,vfm_cantidad,vfm_unitario,vfm_total,vfm_entregado) VALUES (2704,7607,1,790,790,@@@NO@@@)','',2,'2013-06-16'),(27141,'INSERT INTO gne_vale_ferreteria (vfe_id,vfe_fecha,vfe_total,vfe_estado,vfe_entregado,usu_nusuario) VALUES (2705,@@@2013.06.16@@@,7390,1,0,@@@b_SAEZ@@@)','',2,'2013-06-16'),(27142,'INSERT INTO gne_vale_ferreteria_mov (vfe_id,pro_codigo_plu,vfm_cantidad,vfm_unitario,vfm_total,vfm_entregado) VALUES (2705,780721091,1,7390,7390,@@@NO@@@)','',2,'2013-06-16'),(27143,'INSERT INTO gne_vale_ferreteria (vfe_id,vfe_fecha,vfe_total,vfe_estado,vfe_entregado,usu_nusuario) VALUES (2706,@@@2013.06.16@@@,1390,1,0,@@@b_SAEZ@@@)','',2,'2013-06-16'),(27144,'INSERT INTO gne_vale_ferreteria_mov (vfe_id,pro_codigo_plu,vfm_cantidad,vfm_unitario,vfm_total,vfm_entregado) VALUES (2706,15437,1,1390,1390,@@@NO@@@)','',2,'2013-06-16'),(27145,'INSERT INTO gne_vale_ferreteria (vfe_id,vfe_fecha,vfe_total,vfe_estado,vfe_entregado,usu_nusuario) VALUES (2707,@@@2013.06.16@@@,150,1,0,@@@b_SAEZ@@@)','',2,'2013-06-16'),(27146,'INSERT INTO gne_vale_ferreteria_mov (vfe_id,pro_codigo_plu,vfm_cantidad,vfm_unitario,vfm_total,vfm_entregado) VALUES (2707,8021,1,150,150,@@@NO@@@)','',2,'2013-06-16'),(27147,'INSERT INTO gne_vale_ferreteria (vfe_id,vfe_fecha,vfe_total,vfe_estado,vfe_entregado,usu_nusuario) VALUES (2708,@@@2013.06.16@@@,100,1,0,@@@b_SAEZ@@@)','',2,'2013-06-16'),(27148,'INSERT INTO gne_vale_ferreteria_mov (vfe_id,pro_codigo_plu,vfm_cantidad,vfm_unitario,vfm_total,vfm_entregado) VALUES (2708,770000,2,50,100,@@@NO@@@)','',2,'2013-06-16'),(27149,'INSERT INTO gne_vale_ferreteria (vfe_id,vfe_fecha,vfe_total,vfe_estado,vfe_entregado,usu_nusuario) VALUES (2709,@@@2013.06.16@@@,980,1,0,@@@b_SAEZ@@@)','',2,'2013-06-16'),(27150,'INSERT INTO gne_vale_ferreteria_mov (vfe_id,pro_codigo_plu,vfm_cantidad,vfm_unitario,vfm_total,vfm_entregado) VALUES (2709,2009,2,490,980,@@@NO@@@)','',2,'2013-06-16'),(27151,'INSERT INTO gne_vale_ferreteria (vfe_id,vfe_fecha,vfe_total,vfe_estado,vfe_entregado,usu_nusuario) VALUES (2710,@@@2013.06.16@@@,2590,1,0,@@@b_SAEZ@@@)','',2,'2013-06-16'),(27152,'INSERT INTO gne_vale_ferreteria_mov (vfe_id,pro_codigo_plu,vfm_cantidad,vfm_unitario,vfm_total,vfm_entregado) VALUES (2710,780721189,1,2590,2590,@@@NO@@@)','',2,'2013-06-16'),(27153,'INSERT INTO gne_vale_ferreteria (vfe_id,vfe_fecha,vfe_total,vfe_estado,vfe_entregado,usu_nusuario) VALUES (2711,@@@2013.06.16@@@,3480,1,0,@@@b_SAEZ@@@)','',2,'2013-06-16'),(27154,'INSERT INTO gne_vale_ferreteria_mov (vfe_id,pro_codigo_plu,vfm_cantidad,vfm_unitario,vfm_total,vfm_entregado) VALUES (2711,780721197,1,2590,2590,@@@NO@@@)','',2,'2013-06-16'),(27155,'INSERT INTO gne_vale_ferreteria_mov (vfe_id,pro_codigo_plu,vfm_cantidad,vfm_unitario,vfm_total,vfm_entregado) VALUES (2711,764090,1,890,890,@@@NO@@@)','',2,'2013-06-16'),(27156,'INSERT INTO gne_vale_ferreteria (vfe_id,vfe_fecha,vfe_total,vfe_estado,vfe_entregado,usu_nusuario) VALUES (2712,@@@2013.06.16@@@,2990,1,0,@@@b_SAEZ@@@)','',2,'2013-06-16'),(27157,'INSERT INTO gne_vale_ferreteria_mov (vfe_id,pro_codigo_plu,vfm_cantidad,vfm_unitario,vfm_total,vfm_entregado) VALUES (2712,764528,1,2990,2990,@@@NO@@@)','',2,'2013-06-16'),(27158,'INSERT INTO gne_vale_ferreteria (vfe_id,vfe_fecha,vfe_total,vfe_estado,vfe_entregado,usu_nusuario) VALUES (2713,@@@2013.06.16@@@,770,1,0,@@@b_SAEZ@@@)','',2,'2013-06-16'),(27159,'INSERT INTO gne_vale_ferreteria_mov (vfe_id,pro_codigo_plu,vfm_cantidad,vfm_unitario,vfm_total,vfm_entregado) VALUES (2713,8022,1,120,120,@@@NO@@@)','',2,'2013-06-16'),(27160,'INSERT INTO gne_vale_ferreteria_mov (vfe_id,pro_codigo_plu,vfm_cantidad,vfm_unitario,vfm_total,vfm_entregado) VALUES (2713,763614,1,650,650,@@@NO@@@)','',2,'2013-06-16'),(27161,'INSERT INTO gne_vale_ferreteria (vfe_id,vfe_fecha,vfe_total,vfe_estado,vfe_entregado,usu_nusuario) VALUES (2714,@@@2013.06.16@@@,590,1,0,@@@b_SAEZ@@@)','',2,'2013-06-16'),(27162,'INSERT INTO gne_vale_ferreteria_mov (vfe_id,pro_codigo_plu,vfm_cantidad,vfm_unitario,vfm_total,vfm_entregado) VALUES (2714,780220195,1,590,590,@@@NO@@@)','',2,'2013-06-16'),(27163,'INSERT INTO gne_vale_ferreteria (vfe_id,vfe_fecha,vfe_total,vfe_estado,vfe_entregado,usu_nusuario) VALUES (2715,@@@2013.06.16@@@,830,1,0,@@@b_SAEZ@@@)','',2,'2013-06-16'),(27164,'INSERT INTO gne_vale_ferreteria_mov (vfe_id,pro_codigo_plu,vfm_cantidad,vfm_unitario,vfm_total,vfm_entregado) VALUES (2715,14836,1,320,320,@@@NO@@@)','',2,'2013-06-16'),(27165,'INSERT INTO gne_vale_ferreteria_mov (vfe_id,pro_codigo_plu,vfm_cantidad,vfm_unitario,vfm_total,vfm_entregado) VALUES (2715,78017026,1,90,90,@@@NO@@@)','',2,'2013-06-16'),(27166,'INSERT INTO gne_vale_ferreteria_mov (vfe_id,pro_codigo_plu,vfm_cantidad,vfm_unitario,vfm_total,vfm_entregado) VALUES (2715,780220185,1,420,420,@@@NO@@@)','',2,'2013-06-16'),(27167,'INSERT INTO gne_vale_ferreteria (vfe_id,vfe_fecha,vfe_total,vfe_estado,vfe_entregado,usu_nusuario) VALUES (2716,@@@2013.06.16@@@,2190,1,0,@@@b_SAEZ@@@)','',2,'2013-06-16'),(27168,'INSERT INTO gne_vale_ferreteria_mov (vfe_id,pro_codigo_plu,vfm_cantidad,vfm_unitario,vfm_total,vfm_entregado) VALUES (2716,763621,1,2190,2190,@@@NO@@@)','',2,'2013-06-16'),(27169,'INSERT INTO gne_vale_ferreteria (vfe_id,vfe_fecha,vfe_total,vfe_estado,vfe_entregado,usu_nusuario) VALUES (2717,@@@2013.06.16@@@,490,1,0,@@@b_SAEZ@@@)','',2,'2013-06-16'),(27170,'INSERT INTO gne_vale_ferreteria_mov (vfe_id,pro_codigo_plu,vfm_cantidad,vfm_unitario,vfm_total,vfm_entregado) VALUES (2717,2009,1,490,490,@@@NO@@@)','',2,'2013-06-16'),(27171,'INSERT INTO gne_vale_ferreteria (vfe_id,vfe_fecha,vfe_total,vfe_estado,vfe_entregado,usu_nusuario) VALUES (2718,@@@2013.06.16@@@,1690,1,0,@@@b_SAEZ@@@)','',2,'2013-06-16'),(27172,'INSERT INTO gne_vale_ferreteria_mov (vfe_id,pro_codigo_plu,vfm_cantidad,vfm_unitario,vfm_total,vfm_entregado) VALUES (2718,101563,1,1690,1690,@@@NO@@@)','',2,'2013-06-16'),(27173,'INSERT INTO gne_vale_ferreteria (vfe_id,vfe_fecha,vfe_total,vfe_estado,vfe_entregado,usu_nusuario) VALUES (2719,@@@2013.06.16@@@,150,1,0,@@@b_SAEZ@@@)','',2,'2013-06-16'),(27174,'INSERT INTO gne_vale_ferreteria_mov (vfe_id,pro_codigo_plu,vfm_cantidad,vfm_unitario,vfm_total,vfm_entregado) VALUES (2719,8021,1,150,150,@@@NO@@@)','',2,'2013-06-16'),(27175,'INSERT INTO gne_vale_ferreteria (vfe_id,vfe_fecha,vfe_total,vfe_estado,vfe_entregado,usu_nusuario) VALUES (2720,@@@2013.06.16@@@,750,1,0,@@@b_SAEZ@@@)','',2,'2013-06-16'),(27176,'INSERT INTO gne_vale_ferreteria_mov (vfe_id,pro_codigo_plu,vfm_cantidad,vfm_unitario,vfm_total,vfm_entregado) VALUES (2720,764832,5,150,750,@@@NO@@@)','',2,'2013-06-16'),(27177,'INSERT INTO gne_vale_ferreteria (vfe_id,vfe_fecha,vfe_total,vfe_estado,vfe_entregado,usu_nusuario) VALUES (2721,@@@2013.06.16@@@,940,1,0,@@@b_SAEZ@@@)','',2,'2013-06-16'),(27178,'INSERT INTO gne_vale_ferreteria_mov (vfe_id,pro_codigo_plu,vfm_cantidad,vfm_unitario,vfm_total,vfm_entregado) VALUES (2721,102408,1,350,350,@@@NO@@@)','',2,'2013-06-16'),(27179,'INSERT INTO gne_vale_ferreteria_mov (vfe_id,pro_codigo_plu,vfm_cantidad,vfm_unitario,vfm_total,vfm_entregado) VALUES (2721,780220195,1,590,590,@@@NO@@@)','',2,'2013-06-16'),(27180,'INSERT INTO gne_vale_ferreteria (vfe_id,vfe_fecha,vfe_total,vfe_estado,vfe_entregado,usu_nusuario) VALUES (2722,@@@2013.06.16@@@,150,1,0,@@@b_SAEZ@@@)','',2,'2013-06-16'),(27181,'INSERT INTO gne_vale_ferreteria_mov (vfe_id,pro_codigo_plu,vfm_cantidad,vfm_unitario,vfm_total,vfm_entregado) VALUES (2722,8021,1,150,150,@@@NO@@@)','',2,'2013-06-16'),(27182,'INSERT INTO gne_vale_ferreteria (vfe_id,vfe_fecha,vfe_total,vfe_estado,vfe_entregado,usu_nusuario) VALUES (2723,@@@2013.06.16@@@,250,1,0,@@@b_SAEZ@@@)','',2,'2013-06-16'),(27183,'INSERT INTO gne_vale_ferreteria_mov (vfe_id,pro_codigo_plu,vfm_cantidad,vfm_unitario,vfm_total,vfm_entregado) VALUES (2723,764583,1,250,250,@@@NO@@@)','',2,'2013-06-16'),(27184,'INSERT INTO gne_vale_ferreteria (vfe_id,vfe_fecha,vfe_total,vfe_estado,vfe_entregado,usu_nusuario) VALUES (2724,@@@2013.06.16@@@,1450,1,0,@@@b_SAEZ@@@)','',2,'2013-06-16'),(27185,'INSERT INTO gne_vale_ferreteria_mov (vfe_id,pro_codigo_plu,vfm_cantidad,vfm_unitario,vfm_total,vfm_entregado) VALUES (2724,15668,1,1450,1450,@@@NO@@@)','',2,'2013-06-16'),(27186,'INSERT INTO gne_vale_ferreteria (vfe_id,vfe_fecha,vfe_total,vfe_estado,vfe_entregado,usu_nusuario) VALUES (2725,@@@2013.06.16@@@,1580,1,0,@@@b_SAEZ@@@)','',2,'2013-06-16'),(27187,'INSERT INTO gne_vale_ferreteria_mov (vfe_id,pro_codigo_plu,vfm_cantidad,vfm_unitario,vfm_total,vfm_entregado) VALUES (2725,764844,1,490,490,@@@NO@@@)','',2,'2013-06-16'),(27188,'INSERT INTO gne_vale_ferreteria_mov (vfe_id,pro_codigo_plu,vfm_cantidad,vfm_unitario,vfm_total,vfm_entregado) VALUES (2725,763727,1,790,790,@@@NO@@@)','',2,'2013-06-16'),(27189,'INSERT INTO gne_vale_ferreteria_mov (vfe_id,pro_codigo_plu,vfm_cantidad,vfm_unitario,vfm_total,vfm_entregado) VALUES (2725,780721127,1,300,300,@@@NO@@@)','',2,'2013-06-16'),(27190,'INSERT INTO gne_vale_ferreteria (vfe_id,vfe_fecha,vfe_total,vfe_estado,vfe_entregado,usu_nusuario) VALUES (2726,@@@2013.06.16@@@,70,1,0,@@@b_SAEZ@@@)','',2,'2013-06-16'),(27191,'INSERT INTO gne_vale_ferreteria_mov (vfe_id,pro_codigo_plu,vfm_cantidad,vfm_unitario,vfm_total,vfm_entregado) VALUES (2726,764833,7,10,70,@@@NO@@@)','',2,'2013-06-16'),(27192,'INSERT INTO gne_vale_ferreteria (vfe_id,vfe_fecha,vfe_total,vfe_estado,vfe_entregado,usu_nusuario) VALUES (2727,@@@2013.06.16@@@,1490,1,0,@@@b_SAEZ@@@)','',2,'2013-06-16'),(27193,'INSERT INTO gne_vale_ferreteria_mov (vfe_id,pro_codigo_plu,vfm_cantidad,vfm_unitario,vfm_total,vfm_entregado) VALUES (2727,780721193,1,1490,1490,@@@NO@@@)','',2,'2013-06-16'),(27194,'INSERT INTO gne_vale_ferreteria (vfe_id,vfe_fecha,vfe_total,vfe_estado,vfe_entregado,usu_nusuario) VALUES (2728,@@@2013.06.16@@@,720,1,0,@@@b_SAEZ@@@)','',2,'2013-06-16'),(27195,'INSERT INTO gne_vale_ferreteria_mov (vfe_id,pro_codigo_plu,vfm_cantidad,vfm_unitario,vfm_total,vfm_entregado) VALUES (2728,10159,1,720,720,@@@NO@@@)','',2,'2013-06-16'),(27196,'INSERT INTO gne_vale_ferreteria (vfe_id,vfe_fecha,vfe_total,vfe_estado,vfe_entregado,usu_nusuario) VALUES (2729,@@@2013.06.16@@@,440,1,0,@@@b_SAEZ@@@)','',2,'2013-06-16'),(27197,'INSERT INTO gne_vale_ferreteria_mov (vfe_id,pro_codigo_plu,vfm_cantidad,vfm_unitario,vfm_total,vfm_entregado) VALUES (2729,764694,1,150,150,@@@NO@@@)','',2,'2013-06-16'),(27198,'INSERT INTO gne_vale_ferreteria_mov (vfe_id,pro_codigo_plu,vfm_cantidad,vfm_unitario,vfm_total,vfm_entregado) VALUES (2729,1536,1,290,290,@@@NO@@@)','',2,'2013-06-16');
