(68047,'INSERT INTO gne_vale_ferreteria_mov (vfe_id,pro_codigo_plu,vfm_cantidad,vfm_unitario,vfm_total,vfm_entregado) VALUES (11628,100979,1,1390,1390,@@@NO@@@)','',2,'2013-09-20'),(68048,'INSERT INTO gne_vale_ferreteria_mov (vfe_id,pro_codigo_plu,vfm_cantidad,vfm_unitario,vfm_total,vfm_entregado) VALUES (11628,20756,1,490,490,@@@NO@@@)','',2,'2013-09-20'),(68049,'INSERT INTO gne_vale_ferreteria (vfe_id,vfe_fecha,vfe_total,vfe_estado,vfe_entregado,usu_nusuario) VALUES (11629,@@@2013.09.20@@@,2729,1,0,@@@G_DIAZ@@@)','',2,'2013-09-20'),(68050,'INSERT INTO gne_vale_ferreteria_mov (vfe_id,pro_codigo_plu,vfm_cantidad,vfm_unitario,vfm_total,vfm_entregado) VALUES (11629,763696,1,1890,1890,@@@NO@@@)','',2,'2013-09-20'),(68051,'INSERT INTO gne_vale_ferreteria_mov (vfe_id,pro_codigo_plu,vfm_cantidad,vfm_unitario,vfm_total,vfm_entregado) VALUES (11629,19916,1,540,540,@@@NO@@@)','',2,'2013-09-20'),(68052,'INSERT INTO gne_vale_ferreteria_mov (vfe_id,pro_codigo_plu,vfm_cantidad,vfm_unitario,vfm_total,vfm_entregado) VALUES (11629,20847,1,299,299,@@@NO@@@)','',2,'2013-09-20'),(68053,'INSERT INTO gne_vale_ferreteria (vfe_id,vfe_fecha,vfe_total,vfe_estado,vfe_entregado,usu_nusuario) VALUES (11630,@@@2013.09.20@@@,2440,1,0,@@@G_DIAZ@@@)','',2,'2013-09-20'),(68054,'INSERT INTO gne_vale_ferreteria_mov (vfe_id,pro_codigo_plu,vfm_cantidad,vfm_unitario,vfm_total,vfm_entregado) VALUES (11630,762119,1,1450,1450,@@@NO@@@)','',2,'2013-09-20'),(68055,'INSERT INTO gne_vale_ferreteria_mov (vfe_id,pro_codigo_plu,vfm_cantidad,vfm_unitario,vfm_total,vfm_entregado) VALUES (11630,780721442,1,990,990,@@@NO@@@)','',2,'2013-09-20'),(68056,'INSERT INTO gne_vale_ferreteria (vfe_id,vfe_fecha,vfe_total,vfe_estado,vfe_entregado,usu_nusuario) VALUES (11631,@@@2013.09.20@@@,250,1,0,@@@G_DIAZ@@@)','',2,'2013-09-20'),(68057,'INSERT INTO gne_vale_ferreteria_mov (vfe_id,pro_codigo_plu,vfm_cantidad,vfm_unitario,vfm_total,vfm_entregado) VALUES (11631,763802,1,250,250,@@@NO@@@)','',2,'2013-09-20'),(68058,'INSERT INTO gne_vale_ferreteria (vfe_id,vfe_fecha,vfe_total,vfe_estado,vfe_entregado,usu_nusuario) VALUES (11632,@@@2013.09.20@@@,350,1,0,@@@G_DIAZ@@@)','',2,'2013-09-20'),(68059,'INSERT INTO gne_vale_ferreteria_mov (vfe_id,pro_codigo_plu,vfm_cantidad,vfm_unitario,vfm_total,vfm_entregado) VALUES (11632,780721459,1,350,350,@@@NO@@@)','',2,'2013-09-20'),(68060,'INSERT INTO gne_vale_ferreteria (vfe_id,vfe_fecha,vfe_total,vfe_estado,vfe_entregado,usu_nusuario) VALUES (11633,@@@2013.09.20@@@,1940,1,0,@@@G_DIAZ@@@)','',2,'2013-09-20'),(68061,'INSERT INTO gne_vale_ferreteria_mov (vfe_id,pro_codigo_plu,vfm_cantidad,vfm_unitario,vfm_total,vfm_entregado) VALUES (11633,763837,1,650,650,@@@NO@@@)','',2,'2013-09-20'),(68062,'INSERT INTO gne_vale_ferreteria_mov (vfe_id,pro_codigo_plu,vfm_cantidad,vfm_unitario,vfm_total,vfm_entregado) VALUES (11633,764439,1,1290,1290,@@@NO@@@)','',2,'2013-09-20'),(68063,'INSERT INTO gne_vale_ferreteria (vfe_id,vfe_fecha,vfe_total,vfe_estado,vfe_entregado,usu_nusuario) VALUES (11634,@@@2013.09.20@@@,2690,1,0,@@@G_DIAZ@@@)','',2,'2013-09-20'),(68064,'INSERT INTO gne_vale_ferreteria_mov (vfe_id,pro_codigo_plu,vfm_cantidad,vfm_unitario,vfm_total,vfm_entregado) VALUES (11634,15346,1,2690,2690,@@@NO@@@)','',2,'2013-09-20'),(68065,'INSERT INTO gne_vale_ferreteria (vfe_id,vfe_fecha,vfe_total,vfe_estado,vfe_entregado,usu_nusuario) VALUES (11635,@@@2013.09.20@@@,300,1,0,@@@G_DIAZ@@@)','',2,'2013-09-20'),(68066,'INSERT INTO gne_vale_ferreteria_mov (vfe_id,pro_codigo_plu,vfm_cantidad,vfm_unitario,vfm_total,vfm_entregado) VALUES (11635,12000,1,300,300,@@@NO@@@)','',2,'2013-09-20'),(68067,'INSERT INTO gne_vale_ferreteria (vfe_id,vfe_fecha,vfe_total,vfe_estado,vfe_entregado,usu_nusuario) VALUES (11636,@@@2013.09.20@@@,300,1,0,@@@G_DIAZ@@@)','',2,'2013-09-20'),(68068,'INSERT INTO gne_vale_ferreteria_mov (vfe_id,pro_codigo_plu,vfm_cantidad,vfm_unitario,vfm_total,vfm_entregado) VALUES (11636,2004,1,300,300,@@@NO@@@)','',2,'2013-09-20'),(68069,'INSERT INTO gne_vale_ferreteria (vfe_id,vfe_fecha,vfe_total,vfe_estado,vfe_entregado,usu_nusuario) VALUES (11637,@@@2013.09.20@@@,4770,1,0,@@@G_DIAZ@@@)','',2,'2013-09-20'),(68070,'INSERT INTO gne_vale_ferreteria_mov (vfe_id,pro_codigo_plu,vfm_cantidad,vfm_unitario,vfm_total,vfm_entregado) VALUES (11637,102580,1,990,990,@@@NO@@@)','',2,'2013-09-20'),(68071,'INSERT INTO gne_vale_ferreteria_mov (vfe_id,pro_codigo_plu,vfm_cantidad,vfm_unitario,vfm_total,vfm_entregado) VALUES (11637,101622,2,1890,3780,@@@NO@@@)','',2,'2013-09-20'),(68072,'INSERT INTO gne_vale_ferreteria (vfe_id,vfe_fecha,vfe_total,vfe_estado,vfe_entregado,usu_nusuario) VALUES (11638,@@@2013.09.21@@@,260,1,0,@@@G_DIAZ@@@)','',2,'2013-09-21'),(68073,'INSERT INTO gne_vale_ferreteria_mov (vfe_id,pro_codigo_plu,vfm_cantidad,vfm_unitario,vfm_total,vfm_entregado) VALUES (11638,770001,2,80,160,@@@NO@@@)','',2,'2013-09-21'),(68074,'INSERT INTO gne_vale_ferreteria_mov (vfe_id,pro_codigo_plu,vfm_cantidad,vfm_unitario,vfm_total,vfm_entregado) VALUES (11638,4130,1,100,100,@@@NO@@@)','',2,'2013-09-21'),(68075,'INSERT INTO gne_vale_ferreteria (vfe_id,vfe_fecha,vfe_total,vfe_estado,vfe_entregado,usu_nusuario) VALUES (11639,@@@2013.09.21@@@,11980,1,0,@@@G_DIAZ@@@)','',2,'2013-09-21'),(68076,'INSERT INTO gne_vale_ferreteria_mov (vfe_id,pro_codigo_plu,vfm_cantidad,vfm_unitario,vfm_total,vfm_entregado) VALUES (11639,764640,2,5990,11980,@@@NO@@@)','',2,'2013-09-21'),(68077,'INSERT INTO gne_vale_ferreteria (vfe_id,vfe_fecha,vfe_total,vfe_estado,vfe_entregado,usu_nusuario) VALUES (11640,@@@2013.09.21@@@,750,1,0,@@@G_DIAZ@@@)','',2,'2013-09-21'),(68078,'INSERT INTO gne_vale_ferreteria_mov (vfe_id,pro_codigo_plu,vfm_cantidad,vfm_unitario,vfm_total,vfm_entregado) VALUES (11640,770000,15,50,750,@@@NO@@@)','',2,'2013-09-21'),(68079,'INSERT INTO gne_vale_ferreteria (vfe_id,vfe_fecha,vfe_total,vfe_estado,vfe_entregado,usu_nusuario) VALUES (11641,@@@2013.09.21@@@,740,1,0,@@@G_DIAZ@@@)','',2,'2013-09-21'),(68080,'INSERT INTO gne_vale_ferreteria_mov (vfe_id,pro_codigo_plu,vfm_cantidad,vfm_unitario,vfm_total,vfm_entregado) VALUES (11641,780220193,2,370,740,@@@NO@@@)','',2,'2013-09-21'),(68081,'INSERT INTO gne_vale_ferreteria (vfe_id,vfe_fecha,vfe_total,vfe_estado,vfe_entregado,usu_nusuario) VALUES (11642,@@@2013.09.21@@@,1690,1,0,@@@G_DIAZ@@@)','',2,'2013-09-21'),(68082,'INSERT INTO gne_vale_ferreteria_mov (vfe_id,pro_codigo_plu,vfm_cantidad,vfm_unitario,vfm_total,vfm_entregado) VALUES (11642,763904,1,1690,1690,@@@NO@@@)','',2,'2013-09-21'),(68083,'INSERT INTO mae_productos (pro_codigo_plu,pro_codigo_barra,pro_tipo,pro_nombre_producto,pro_nombre_corto,med_id,emb_id,pro_unidades_embalaje,dep_id,lin_id,mar_id,pro_precio_compra_neto,pro_precio_compra_bruto,pro_precio_venta,pro_margen_actual,pro_oferta,pro_fecha_inicio_oferta,pro_fecha_termino_oferta,pro_precio_oferta,pro_stock_minimo,pro_stock_critico,pro_entradas_bodega,pro_salidas_bodega,pro_mermas_bodega,pro_ajustes_bodega,pro_entradas_sv,pro_salidas_sv,pro_mermas_sv,pro_ajustes_sv,pro_activo,rec_numero,pro_unidad,pro_capacidad,pro_consumo_bodega,pro_consumo_sv,pro_estado,pro_funcion_plu,pro_flejes,pro_iva,pro_plu_asociado,pro_envase,pro_duracion,pro_numero_etiqueta) VALUES (780721863,@@@7802900202019@@@,@@@0@@@,@@@LECHE ASADA SOPROLE 100 GRS@@@,@@@LECHE ASADA SOPR@@@,@@@5 @@@,@@@6 @@@,@@@6@@@,@@@3 @@@,@@@52@@@,@@@1993@@@,@@@0@@@,@@@307.02@@@,@@@1@@@,@@@-99.67@@@,@@@@@@,@@@2006.09.07@@@,@@@2006.09.07@@@,@@@0@@@,@@@10@@@,@@@4@@@,@@@0@@@,@@@0@@@,@@@0@@@,@@@0@@@,@@@0@@@,@@@0@@@,@@@0@@@,@@@0@@@,@@@1@@@,@@@0@@@,0,100,0,0,2,0,1,1,0,@@@NO@@@,0,0)','',2,'2013-09-21'),(68084,'DELETE FROM mae_impuestos_productos WHERE pro_codigo_plu=@@@780721863@@@','',2,'2013-09-21'),(68085,'INSERT INTO gne_vale_ferreteria (vfe_id,vfe_fecha,vfe_total,vfe_estado,vfe_entregado,usu_nusuario) VALUES (11643,@@@2013.09.21@@@,1080,1,0,@@@G_DIAZ@@@)','',2,'2013-09-21'),(68086,'INSERT INTO gne_vale_ferreteria_mov (vfe_id,pro_codigo_plu,vfm_cantidad,vfm_unitario,vfm_total,vfm_entregado) VALUES (11643,780721516,1,590,590,@@@NO@@@)','',2,'2013-09-21'),(68087,'INSERT INTO gne_vale_ferreteria_mov (vfe_id,pro_codigo_plu,vfm_cantidad,vfm_unitario,vfm_total,vfm_entregado) VALUES (11643,1538,1,490,490,@@@NO@@@)','',2,'2013-09-21'),(68088,'INSERT INTO gne_vale_ferreteria (vfe_id,vfe_fecha,vfe_total,vfe_estado,vfe_entregado,usu_nusuario) VALUES (11644,@@@2013.09.21@@@,1780,1,0,@@@G_DIAZ@@@)','',2,'2013-09-21'),(68089,'INSERT INTO gne_vale_ferreteria_mov (vfe_id,pro_codigo_plu,vfm_cantidad,vfm_unitario,vfm_total,vfm_entregado) VALUES (11644,764616,1,790,790,@@@NO@@@)','',2,'2013-09-21'),(68090,'INSERT INTO gne_vale_ferreteria_mov (vfe_id,pro_codigo_plu,vfm_cantidad,vfm_unitario,vfm_total,vfm_entregado) VALUES (11644,780721370,1,990,990,@@@NO@@@)','',2,'2013-09-21'),(68091,'INSERT INTO gne_vale_ferreteria (vfe_id,vfe_fecha,vfe_total,vfe_estado,vfe_entregado,usu_nusuario) VALUES (11645,@@@2013.09.21@@@,890,1,0,@@@G_DIAZ@@@)','',2,'2013-09-21'),(68092,'INSERT INTO gne_vale_ferreteria_mov (vfe_id,pro_codigo_plu,vfm_cantidad,vfm_unitario,vfm_total,vfm_entregado) VALUES (11645,101099,1,890,890,@@@NO@@@)','',2,'2013-09-21'),(68093,'INSERT INTO gne_vale_ferreteria (vfe_id,vfe_fecha,vfe_total,vfe_estado,vfe_entregado,usu_nusuario) VALUES (11646,@@@2013.09.21@@@,990,1,0,@@@G_DIAZ@@@)','',2,'2013-09-21'),(68094,'INSERT INTO gne_vale_ferreteria_mov (vfe_id,pro_codigo_plu,vfm_cantidad,vfm_unitario,vfm_total,vfm_entregado) VALUES (11646,780721370,1,990,990,@@@NO@@@)','',2,'2013-09-21'),(68095,'INSERT INTO gne_vale_ferreteria (vfe_id,vfe_fecha,vfe_total,vfe_estado,vfe_entregado,usu_nusuario) VALUES (11647,@@@2013.09.21@@@,580,1,0,@@@G_DIAZ@@@)','',2,'2013-09-21'),(68096,'INSERT INTO gne_vale_ferreteria_mov (vfe_id,pro_codigo_plu,vfm_cantidad,vfm_unitario,vfm_total,vfm_entregado) VALUES (11647,12608,2,290,580,@@@NO@@@)','',2,'2013-09-21'),(68097,'INSERT INTO gne_vale_ferreteria (vfe_id,vfe_fecha,vfe_total,vfe_estado,vfe_entregado,usu_nusuario) VALUES (11648,@@@2013.09.21@@@,890,1,0,@@@G_DIAZ@@@)','',2,'2013-09-21'),(68098,'INSERT INTO gne_vale_ferreteria_mov (vfe_id,pro_codigo_plu,vfm_cantidad,vfm_unitario,vfm_total,vfm_entregado) VALUES (11648,20880,1,890,890,@@@NO@@@)','',2,'2013-09-21'),(68099,'INSERT INTO gne_vale_ferreteria (vfe_id,vfe_fecha,vfe_total,vfe_estado,vfe_entregado,usu_nusuario) VALUES (11649,@@@2013.09.21@@@,5230,1,0,@@@G_DIAZ@@@)','',2,'2013-09-21'),(68100,'INSERT INTO gne_vale_ferreteria_mov (vfe_id,pro_codigo_plu,vfm_cantidad,vfm_unitario,vfm_total,vfm_entregado) VALUES (11649,780721783,1,4590,4590,@@@NO@@@)','',2,'2013-09-21'),(68101,'INSERT INTO gne_vale_ferreteria_mov (vfe_id,pro_codigo_plu,vfm_cantidad,vfm_unitario,vfm_total,vfm_entregado) VALUES (11649,16430,4,160,640,@@@NO@@@)','',2,'2013-09-21'),(68102,'INSERT INTO gne_vale_ferreteria (vfe_id,vfe_fecha,vfe_total,vfe_estado,vfe_entregado,usu_nusuario) VALUES (11650,@@@2013.09.21@@@,590,1,0,@@@G_DIAZ@@@)','',2,'2013-09-21'),(68103,'INSERT INTO gne_vale_ferreteria_mov (vfe_id,pro_codigo_plu,vfm_cantidad,vfm_unitario,vfm_total,vfm_entregado) VALUES (11650,101881,1,590,590,@@@NO@@@)','',2,'2013-09-21'),(68104,'INSERT INTO gne_vale_ferreteria (vfe_id,vfe_fecha,vfe_total,vfe_estado,vfe_entregado,usu_nusuario) VALUES (11651,@@@2013.09.21@@@,150,1,0,@@@G_DIAZ@@@)','',2,'2013-09-21'),(68105,'INSERT INTO gne_vale_ferreteria_mov (vfe_id,pro_codigo_plu,vfm_cantidad,vfm_unitario,vfm_total,vfm_entregado) VALUES (11651,8021,1,150,150,@@@NO@@@)','',2,'2013-09-21'),(68106,'INSERT INTO gne_vale_ferreteria (vfe_id,vfe_fecha,vfe_total,vfe_estado,vfe_entregado,usu_nusuario) VALUES (11652,@@@2013.09.21@@@,390,1,0,@@@G_DIAZ@@@)','',2,'2013-09-21'),(68107,'INSERT INTO gne_vale_ferreteria_mov (vfe_id,pro_codigo_plu,vfm_cantidad,vfm_unitario,vfm_total,vfm_entregado) VALUES (11652,101102,1,390,390,@@@NO@@@)','',2,'2013-09-21'),(68108,'INSERT INTO gne_vale_ferreteria (vfe_id,vfe_fecha,vfe_total,vfe_estado,vfe_entregado,usu_nusuario) VALUES (11653,@@@2013.09.21@@@,550,1,0,@@@G_DIAZ@@@)','',2,'2013-09-21'),(68109,'INSERT INTO gne_vale_ferreteria_mov (vfe_id,pro_codigo_plu,vfm_cantidad,vfm_unitario,vfm_total,vfm_entregado) VALUES (11653,780721304,1,550,550,@@@NO@@@)','',2,'2013-09-21'),(68110,'INSERT INTO gne_vale_ferreteria (vfe_id,vfe_fecha,vfe_total,vfe_estado,vfe_entregado,usu_nusuario) VALUES (11654,@@@2013.09.21@@@,450,1,0,@@@G_DIAZ@@@)','',2,'2013-09-21'),(68111,'INSERT INTO gne_vale_ferreteria_mov (vfe_id,pro_codigo_plu,vfm_cantidad,vfm_unitario,vfm_total,vfm_entregado) VALUES (11654,780721808,1,450,450,@@@NO@@@)','',2,'2013-09-21'),(68112,'INSERT INTO gne_vale_ferreteria (vfe_id,vfe_fecha,vfe_total,vfe_estado,vfe_entregado,usu_nusuario) VALUES (11655,@@@2013.09.21@@@,1050,1,0,@@@G_DIAZ@@@)','',2,'2013-09-21'),(68113,'INSERT INTO gne_vale_ferreteria_mov (vfe_id,pro_codigo_plu,vfm_cantidad,vfm_unitario,vfm_total,vfm_entregado) VALUES (11655,762027,1,1050,1050,@@@NO@@@)','',2,'2013-09-21'),(68114,'INSERT INTO gne_vale_ferreteria (vfe_id,vfe_fecha,vfe_total,vfe_estado,vfe_entregado,usu_nusuario) VALUES (11656,@@@2013.09.21@@@,1890,1,0,@@@G_DIAZ@@@)','',2,'2013-09-21'),(68115,'INSERT INTO gne_vale_ferreteria_mov (vfe_id,pro_codigo_plu,vfm_cantidad,vfm_unitario,vfm_total,vfm_entregado) VALUES (11656,78017188,1,1890,1890,@@@NO@@@)','',2,'2013-09-21'),(68116,'INSERT INTO gne_vale_ferreteria (vfe_id,vfe_fecha,vfe_total,vfe_estado,vfe_entregado,usu_nusuario) VALUES (11657,@@@2013.09.21@@@,1450,1,0,@@@G_DIAZ@@@)','',2,'2013-09-21'),(68117,'INSERT INTO gne_vale_ferreteria_mov (vfe_id,pro_codigo_plu,vfm_cantidad,vfm_unitario,vfm_total,vfm_entregado) VALUES (11657,16430,1,160,160,@@@NO@@@)','',2,'2013-09-21'),(68118,'INSERT INTO gne_vale_ferreteria_mov (vfe_id,pro_codigo_plu,vfm_cantidad,vfm_unitario,vfm_total,vfm_entregado) VALUES (11657,4088,2,150,300,@@@NO@@@)','',2,'2013-09-21'),(68119,'INSERT INTO gne_vale_ferreteria_mov (vfe_id,pro_codigo_plu,vfm_cantidad,vfm_unitario,vfm_total,vfm_entregado) VALUES (11657,7705006,1,990,990,@@@NO@@@)','',2,'2013-09-21'),(68120,'INSERT INTO gne_vale_ferreteria (vfe_id,vfe_fecha,vfe_total,vfe_estado,vfe_entregado,usu_nusuario) VALUES (11658,@@@2013.09.21@@@,490,1,0,@@@G_DIAZ@@@)','',2,'2013-09-21'),(68121,'INSERT INTO gne_vale_ferreteria_mov (vfe_id,pro_codigo_plu,vfm_cantidad,vfm_unitario,vfm_total,vfm_entregado) VALUES (11658,780220183,1,490,490,@@@NO@@@)','',2,'2013-09-21'),(68122,'INSERT INTO gne_vale_ferreteria (vfe_id,vfe_fecha,vfe_total,vfe_estado,vfe_entregado,usu_nusuario) VALUES (11659,@@@2013.09.21@@@,100,1,0,@@@G_DIAZ@@@)','',2,'2013-09-21'),(68123,'INSERT INTO gne_vale_ferreteria_mov (vfe_id,pro_codigo_plu,vfm_cantidad,vfm_unitario,vfm_total,vfm_entregado) VALUES (11659,780220123,2,50,100,@@@NO@@@)','',2,'2013-09-21'),(68124,'INSERT INTO gne_vale_ferreteria (vfe_id,vfe_fecha,vfe_total,vfe_estado,vfe_entregado,usu_nusuario) VALUES (11660,@@@2013.09.21@@@,490,1,0,@@@G_DIAZ@@@)','',2,'2013-09-21'),(68125,'INSERT INTO gne_vale_ferreteria_mov (vfe_id,pro_codigo_plu,vfm_cantidad,vfm_unitario,vfm_total,vfm_entregado) VALUES (11660,14970,1,490,490,@@@NO@@@)','',2,'2013-09-21'),(68126,'INSERT INTO gne_vale_ferreteria (vfe_id,vfe_fecha,vfe_total,vfe_estado,vfe_entregado,usu_nusuario) VALUES (11661,@@@2013.09.21@@@,3360,1,0,@@@G_DIAZ@@@)','',2,'2013-09-21'),(68127,'INSERT INTO gne_vale_ferreteria_mov (vfe_id,pro_codigo_plu,vfm_cantidad,vfm_unitario,vfm_total,vfm_entregado) VALUES (11661,762000,1,690,690,@@@NO@@@)','',2,'2013-09-21'),(68128,'INSERT INTO gne_vale_ferreteria_mov (vfe_id,pro_codigo_plu,vfm_cantidad,vfm_unitario,vfm_total,vfm_entregado) VALUES (11661,780220197,1,280,280,@@@NO@@@)','',2,'2013-09-21'),(68129,'INSERT INTO gne_vale_ferreteria_mov (vfe_id,pro_codigo_plu,vfm_cantidad,vfm_unitario,vfm_total,vfm_entregado) VALUES (11661,262263,1,2390,2390,@@@NO@@@)','',2,'2013-09-21'),(68130,'INSERT INTO gne_vale_ferreteria (vfe_id,vfe_fecha,vfe_total,vfe_estado,vfe_entregado,usu_nusuario) VALUES (11662,@@@2013.09.21@@@,390,1,0,@@@G_DIAZ@@@)','',2,'2013-09-21'),(68131,'INSERT INTO gne_vale_ferreteria_mov (vfe_id,pro_codigo_plu,vfm_cantidad,vfm_unitario,vfm_total,vfm_entregado) VALUES (11662,780721275,1,390,390,@@@NO@@@)','',2,'2013-09-21'),(68132,'INSERT INTO gne_vale_ferreteria (vfe_id,vfe_fecha,vfe_total,vfe_estado,vfe_entregado,usu_nusuario) VALUES (11663,@@@2013.09.21@@@,2680,1,0,@@@G_DIAZ@@@)','',2,'2013-09-21'),(68133,'INSERT INTO gne_vale_ferreteria_mov (vfe_id,pro_codigo_plu,vfm_cantidad,vfm_unitario,vfm_total,vfm_entregado) VALUES (11663,101622,1,1890,1890,@@@NO@@@)','',2,'2013-09-21'),(68134,'INSERT INTO gne_vale_ferreteria_mov (vfe_id,pro_codigo_plu,vfm_cantidad,vfm_unitario,vfm_total,vfm_entregado) VALUES (11663,764020,1,790,790,@@@NO@@@)','',2,'2013-09-21'),(68135,'INSERT INTO gne_vale_ferreteria (vfe_id,vfe_fecha,vfe_total,vfe_estado,vfe_entregado,usu_nusuario) VALUES (11664,@@@2013.09.21@@@,150,1,0,@@@G_DIAZ@@@)','',2,'2013-09-21'),(68136,'INSERT INTO gne_vale_ferreteria_mov (vfe_id,pro_codigo_plu,vfm_cantidad,vfm_unitario,vfm_total,vfm_entregado) VALUES (11664,2016,1,150,150,@@@NO@@@)','',2,'2013-09-21'),(68137,'INSERT INTO gne_vale_ferreteria (vfe_id,vfe_fecha,vfe_total,vfe_estado,vfe_entregado,usu_nusuario) VALUES (11665,@@@2013.09.21@@@,1780,1,0,@@@G_DIAZ@@@)','',2,'2013-09-21'),(68138,'INSERT INTO gne_vale_ferreteria_mov (vfe_id,pro_codigo_plu,vfm_cantidad,vfm_unitario,vfm_total,vfm_entregado) VALUES (11665,11670,2,890,1780,@@@NO@@@)','',2,'2013-09-21'),(68139,'INSERT INTO gne_vale_ferreteria (vfe_id,vfe_fecha,vfe_total,vfe_estado,vfe_entregado,usu_nusuario) VALUES (11666,@@@2013.09.21@@@,900,1,0,@@@G_DIAZ@@@)','',2,'2013-09-21'),(68140,'INSERT INTO gne_vale_ferreteria_mov (vfe_id,pro_codigo_plu,vfm_cantidad,vfm_unitario,vfm_total,vfm_entregado) VALUES (11666,780721713,2,450,900,@@@NO@@@)','',2,'2013-09-21'),(68141,'INSERT INTO gne_vale_ferreteria (vfe_id,vfe_fecha,vfe_total,vfe_estado,vfe_entregado,usu_nusuario) VALUES (11667,@@@2013.09.21@@@,650,1,0,@@@G_DIAZ@@@)','',2,'2013-09-21'),(68142,'INSERT INTO gne_vale_ferreteria_mov (vfe_id,pro_codigo_plu,vfm_cantidad,vfm_unitario,vfm_total,vfm_entregado) VALUES (11667,770072,1,650,650,@@@NO@@@)','',2,'2013-09-21'),(68143,'INSERT INTO gne_vale_ferreteria (vfe_id,vfe_fecha,vfe_total,vfe_estado,vfe_entregado,usu_nusuario) VALUES (11668,@@@2013.09.21@@@,1980,1,0,@@@G_DIAZ@@@)','',2,'2013-09-21'),(68144,'INSERT INTO gne_vale_ferreteria_mov (vfe_id,pro_codigo_plu,vfm_cantidad,vfm_unitario,vfm_total,vfm_entregado) VALUES (11668,780721137,2,990,1980,@@@NO@@@)','',2,'2013-09-21'),(68145,'INSERT INTO gne_vale_ferreteria (vfe_id,vfe_fecha,vfe_total,vfe_estado,vfe_entregado,usu_nusuario) VALUES (11669,@@@2013.09.21@@@,1100,1,0,@@@G_DIAZ@@@)','',2,'2013-09-21'),(68146,'INSERT INTO gne_vale_ferreteria_mov (vfe_id,pro_codigo_plu,vfm_cantidad,vfm_unitario,vfm_total,vfm_entregado) VALUES (11669,990025,1,1100,1100,@@@NO@@@)','',2,'2013-09-21'),(68147,'INSERT INTO gne_vale_ferreteria (vfe_id,vfe_fecha,vfe_total,vfe_estado,vfe_entregado,usu_nusuario) VALUES (11670,@@@2013.09.21@@@,1490,1,0,@@@G_DIAZ@@@)','',2,'2013-09-21'),(68148,'INSERT INTO gne_vale_ferreteria_mov (vfe_id,pro_codigo_plu,vfm_cantidad,vfm_unitario,vfm_total,vfm_entregado) VALUES (11670,7705008,1,1490,1490,@@@NO@@@)','',2,'2013-09-21'),(68149,'INSERT INTO gne_vale_ferreteria (vfe_id,vfe_fecha,vfe_total,vfe_estado,vfe_entregado,usu_nusuario) VALUES (11671,@@@2013.09.21@@@,690,1,0,@@@G_DIAZ@@@)','',2,'2013-09-21'),(68150,'INSERT INTO gne_vale_ferreteria_mov (vfe_id,pro_codigo_plu,vfm_cantidad,vfm_unitario,vfm_total,vfm_entregado) VALUES (11671,7705007,1,690,690,@@@NO@@@)','',2,'2013-09-21'),(68151,'INSERT INTO gne_vale_ferreteria (vfe_id,vfe_fecha,vfe_total,vfe_estado,vfe_entregado,usu_nusuario) VALUES (11672,@@@2013.09.21@@@,490,1,0,@@@G_DIAZ@@@)','',2,'2013-09-21'),(68152,'INSERT INTO gne_vale_ferreteria_mov (vfe_id,pro_codigo_plu,vfm_cantidad,vfm_unitario,vfm_total,vfm_entregado) VALUES (11672,780721681,1,490,490,@@@NO@@@)','',2,'2013-09-21'),(68153,'INSERT INTO gne_vale_ferreteria (vfe_id,vfe_fecha,vfe_total,vfe_estado,vfe_entregado,usu_nusuario) VALUES (11673,@@@2013.09.21@@@,680,1,0,@@@G_DIAZ@@@)','',2,'2013-09-21'),(68154,'INSERT INTO gne_vale_ferreteria_mov (vfe_id,pro_codigo_plu,vfm_cantidad,vfm_unitario,vfm_total,vfm_entregado) VALUES (11673,19866,1,680,680,@@@NO@@@)','',2,'2013-09-21'),(68155,'INSERT INTO gne_vale_ferreteria (vfe_id,vfe_fecha,vfe_total,vfe_estado,vfe_entregado,usu_nusuario) VALUES (11674,@@@2013.09.21@@@,360,1,0,@@@G_DIAZ@@@)','',2,'2013-09-21'),(68156,'INSERT INTO gne_vale_ferreteria_mov (vfe_id,pro_codigo_plu,vfm_cantidad,vfm_unitario,vfm_total,vfm_entregado) VALUES (11674,764412,3,120,360,@@@NO@@@)','',2,'2013-09-21'),(68157,'INSERT INTO gne_vale_ferreteria (vfe_id,vfe_fecha,vfe_total,vfe_estado,vfe_entregado,usu_nusuario) VALUES (11675,@@@2013.09.21@@@,590,1,0,@@@G_DIAZ@@@)','',2,'2013-09-21'),(68158,'INSERT INTO gne_vale_ferreteria_mov (vfe_id,pro_codigo_plu,vfm_cantidad,vfm_unitario,vfm_total,vfm_entregado) VALUES (11675,780721716,1,590,590,@@@NO@@@)','',2,'2013-09-21'),(68159,'INSERT INTO gne_vale_ferreteria (vfe_id,vfe_fecha,vfe_total,vfe_estado,vfe_entregado,usu_nusuario) VALUES (11676,@@@2013.09.21@@@,7430,1,0,@@@G_DIAZ@@@)','',2,'2013-09-21'),(68160,'INSERT INTO gne_vale_ferreteria_mov (vfe_id,pro_codigo_plu,vfm_cantidad,vfm_unitario,vfm_total,vfm_entregado) VALUES (11676,780721619,1,6790,6790,@@@NO@@@)','',2,'2013-09-21'),(68161,'INSERT INTO gne_vale_ferreteria_mov (vfe_id,pro_codigo_plu,vfm_cantidad,vfm_unitario,vfm_total,vfm_entregado) VALUES (11676,780721716,1,590,590,@@@NO@@@)','',2,'2013-09-21'),(68162,'INSERT INTO gne_vale_ferreteria_mov (vfe_id,pro_codigo_plu,vfm_cantidad,vfm_unitario,vfm_total,vfm_entregado) VALUES (11676,780220123,1,50,50,@@@NO@@@)','',2,'2013-09-21'),(68163,'INSERT INTO gne_vale_ferreteria (vfe_id,vfe_fecha,vfe_total,vfe_estado,vfe_entregado,usu_nusuario) VALUES (11677,@@@2013.09.21@@@,1040,1,0,@@@G_DIAZ@@@)','',2,'2013-09-21'),(68164,'INSERT INTO gne_vale_ferreteria_mov (vfe_id,pro_codigo_plu,vfm_cantidad,vfm_unitario,vfm_total,vfm_entregado) VALUES (11677,780721724,1,550,550,@@@NO@@@)','',2,'2013-09-21'),(68165,'INSERT INTO gne_vale_ferreteria_mov (vfe_id,pro_codigo_plu,vfm_cantidad,vfm_unitario,vfm_total,vfm_entregado) VALUES (11677,780220183,1,490,490,@@@NO@@@)','',2,'2013-09-21'),(68166,'INSERT INTO gne_vale_ferreteria (vfe_id,vfe_fecha,vfe_total,vfe_estado,vfe_entregado,usu_nusuario) VALUES (11678,@@@2013.09.21@@@,690,1,0,@@@G_DIAZ@@@)','',2,'2013-09-21'),(68167,'INSERT INTO gne_vale_ferreteria_mov (vfe_id,pro_codigo_plu,vfm_cantidad,vfm_unitario,vfm_total,vfm_entregado) VALUES (11678,7705007,1,690,690,@@@NO@@@)','',2,'2013-09-21'),(68168,'INSERT INTO gne_vale_ferreteria (vfe_id,vfe_fecha,vfe_total,vfe_estado,vfe_entregado,usu_nusuario) VALUES (11679,@@@2013.09.21@@@,690,1,0,@@@G_DIAZ@@@)','',2,'2013-09-21'),(68169,'INSERT INTO gne_vale_ferreteria_mov (vfe_id,pro_codigo_plu,vfm_cantidad,vfm_unitario,vfm_total,vfm_entregado) VALUES (11679,7705007,1,690,690,@@@NO@@@)','',2,'2013-09-21'),(68170,'INSERT INTO gne_vale_ferreteria (vfe_id,vfe_fecha,vfe_total,vfe_estado,vfe_entregado,usu_nusuario) VALUES (11680,@@@2013.09.21@@@,2990,1,0,@@@G_DIAZ@@@)','',2,'2013-09-21'),(68171,'INSERT INTO gne_vale_ferreteria_mov (vfe_id,pro_codigo_plu,vfm_cantidad,vfm_unitario,vfm_total,vfm_entregado) VALUES (11680,9797,1,2990,2990,@@@NO@@@)','',2,'2013-09-21'),(68172,'INSERT INTO gne_vale_ferreteria (vfe_id,vfe_fecha,vfe_total,vfe_estado,vfe_entregado,usu_nusuario) VALUES (11681,@@@2013.09.21@@@,6240,1,0,@@@G_DIAZ@@@)','',2,'2013-09-21'),(68173,'INSERT INTO gne_vale_ferreteria_mov (vfe_id,pro_codigo_plu,vfm_cantidad,vfm_unitario,vfm_total,vfm_entregado) VALUES (11681,7705008,2,1490,2980,@@@NO@@@)','',2,'2013-09-21'),(68174,'INSERT INTO gne_vale_ferreteria_mov (vfe_id,pro_codigo_plu,vfm_cantidad,vfm_unitario,vfm_total,vfm_entregado) VALUES (11681,7705007,3,690,2070,@@@NO@@@)','',2,'2013-09-21'),(68175,'INSERT INTO gne_vale_ferreteria_mov (vfe_id,pro_codigo_plu,vfm_cantidad,vfm_unitario,vfm_total,vfm_entregado) VALUES (11681,780721834,1,1190,1190,@@@NO@@@)','',2,'2013-09-21'),(68176,'INSERT INTO gne_vale_ferreteria (vfe_id,vfe_fecha,vfe_total,vfe_estado,vfe_entregado,usu_nusuario) VALUES (11682,@@@2013.09.21@@@,5440,1,0,@@@G_DIAZ@@@)','',2,'2013-09-21'),(68177,'INSERT INTO gne_vale_ferreteria_mov (vfe_id,pro_codigo_plu,vfm_cantidad,vfm_unitario,vfm_total,vfm_entregado) VALUES (11682,780220153,1,1450,1450,@@@NO@@@)','',2,'2013-09-21'),(68178,'INSERT INTO gne_vale_ferreteria_mov (vfe_id,pro_codigo_plu,vfm_cantidad,vfm_unitario,vfm_total,vfm_entregado) VALUES (11682,764971,1,3990,3990,@@@NO@@@)','',2,'2013-09-21'),(68179,'INSERT INTO com_ventas_grupo (vgr_fecha,vgr_grupo,vgr_cantidad,vgr_total) VALUES (@@@2013.09.20@@@,1,200.93,206483)','',2,'2013-09-21'),(68180,'INSERT INTO com_ventas_grupo (vgr_fecha,vgr_grupo,vgr_cantidad,vgr_total) VALUES (@@@2013.09.20@@@,2,249.375,151918)','',2,'2013-09-21'),(68181,'INSERT INTO com_ventas_grupo (vgr_fecha,vgr_grupo,vgr_cantidad,vgr_total) VALUES (@@@2013.09.20@@@,3,356,69705)','',2,'2013-09-21'),(68182,'INSERT INTO com_ventas_grupo (vgr_fecha,vgr_grupo,vgr_cantidad,vgr_total) VALUES (@@@2013.09.20@@@,4,126,122019)','',2,'2013-09-21'),(68183,'INSERT INTO com_ventas_grupo (vgr_fecha,vgr_grupo,vgr_cantidad,vgr_total) VALUES (@@@2013.09.20@@@,5,8,38107)','',2,'2013-09-21'),(68184,'INSERT INTO com_ventas_grupo (vgr_fecha,vgr_grupo,vgr_cantidad,vgr_total) VALUES (@@@2013.09.20@@@,6,42,81333)','',2,'2013-09-21'),(68185,'INSERT INTO com_ventas_grupo (vgr_fecha,vgr_grupo,vgr_cantidad,vgr_total) VALUES (@@@2013.09.20@@@,7,108,202262)','',2,'2013-09-21'),(68186,'INSERT INTO com_ventas_grupo (vgr_fecha,vgr_grupo,vgr_cantidad,vgr_total) VALUES (@@@2013.09.20@@@,8,51,38980)','',2,'2013-09-21'),(68187,'INSERT INTO com_ventas_grupo (vgr_fecha,vgr_grupo,vgr_cantidad,vgr_total) VALUES (@@@2013.09.20@@@,9,87.185,151994)','',2,'2013-09-21'),(68188,'INSERT INTO com_ventas_grupo (vgr_fecha,vgr_grupo,vgr_cantidad,vgr_total) VALUES (@@@2013.09.20@@@,10,41.19,132130)','',2,'2013-09-21'),(68189,'INSERT INTO com_ventas_grupo (vgr_fecha,vgr_grupo,vgr_cantidad,vgr_total) VALUES (@@@2013.09.20@@@,11,103.77,354525)','',2,'2013-09-21'),(68190,'INSERT INTO com_ventas_grupo (vgr_fecha,vgr_grupo,vgr_cantidad,vgr_total) VALUES (@@@2013.09.20@@@,12,41.955,92541)','',2,'2013-09-21'),(68191,'INSERT INTO com_ventas_grupo (vgr_fecha,vgr_grupo,vgr_cantidad,vgr_total) VALUES (@@@2013.09.20@@@,13,14.32,62953)','',2,'2013-09-21'),(68192,'INSERT INTO com_ventas_grupo (vgr_fecha,vgr_grupo,vgr_cantidad,vgr_total) VALUES (@@@2013.09.20@@@,14,111.435,100828)','',2,'2013-09-21'),(68193,'INSERT INTO com_ventas_grupo (vgr_fecha,vgr_grupo,vgr_cantidad,vgr_total) VALUES (@@@2013.09.20@@@,16,3,510)','',2,'2013-09-21'),(68194,'INSERT INTO com_ventas_grupo (vgr_fecha,vgr_grupo,vgr_cantidad,vgr_total) VALUES (@@@2013.09.20@@@,18,259.295,144933)','',2,'2013-09-21'),(68195,'INSERT INTO com_ventas_grupo (vgr_fecha,vgr_grupo,vgr_cantidad,vgr_total) VALUES (@@@2013.09.20@@@,19,22,50380)','',2,'2013-09-21'),(68196,'INSERT INTO com_ventas_grupo (vgr_fecha,vgr_grupo,vgr_cantidad,vgr_total) VALUES (@@@2013.09.20@@@,20,117.245,81232)','',2,'2013-09-21'),(68197,'INSERT INTO com_ventas_grupo (vgr_fecha,vgr_grupo,vgr_cantidad,vgr_total) VALUES (@@@2013.09.20@@@,21,66,63047)','',2,'2013-09-21'),(68198,'INSERT INTO com_ventas_grupo (vgr_fecha,vgr_grupo,vgr_cantidad,vgr_total) VALUES (@@@2013.09.20@@@,22,1,1290)','',2,'2013-09-21'),(68199,'INSERT INTO com_ventas_grupo (vgr_fecha,vgr_grupo,vgr_cantidad,vgr_total) VALUES (@@@2013.09.20@@@,23,11,13550)','',2,'2013-09-21'),(68200,'INSERT INTO com_ventas_grupo (vgr_fecha,vgr_grupo,vgr_cantidad,vgr_total) VALUES (@@@2013.09.20@@@,24,203,51445)','',2,'2013-09-21'),(68201,'INSERT INTO com_ventas_grupo (vgr_fecha,vgr_grupo,vgr_cantidad,vgr_total) VALUES (@@@2013.09.20@@@,25,134,190400)','',2,'2013-09-21'),(68202,'INSERT INTO com_ventas_grupo (vgr_fecha,vgr_grupo,vgr_cantidad,vgr_total) VALUES (@@@2013.09.20@@@,27,4,3860)','',2,'2013-09-21'),(68203,'INSERT INTO com_ventas_grupo (vgr_fecha,vgr_grupo,vgr_cantidad,vgr_total) VALUES (@@@2013.09.20@@@,31,51,31224)','',2,'2013-09-21'),(68204,'INSERT INTO com_ventas_grupo (vgr_fecha,vgr_grupo,vgr_cantidad,vgr_total) VALUES (@@@2013.09.20@@@,32,405,139121)','',2,'2013-09-21'),(68205,'INSERT INTO com_ventas_grupo (vgr_fecha,vgr_grupo,vgr_cantidad,vgr_total) VALUES (@@@2013.09.20@@@,35,30,48003)','',2,'2013-09-21'),(68206,'INSERT INTO com_ventas_grupo (vgr_fecha,vgr_grupo,vgr_cantidad,vgr_total) VALUES (@@@2013.09.20@@@,36,8,2900)','',2,'2013-09-21'),(68207,'INSERT INTO com_ventas_grupo (vgr_fecha,vgr_grupo,vgr_cantidad,vgr_total) VALUES (@@@2013.09.20@@@,37,1,2790)','',2,'2013-09-21'),(68208,'INSERT INTO com_ventas_grupo (vgr_fecha,vgr_grupo,vgr_cantidad,vgr_total) VALUES (@@@2013.09.20@@@,38,5,14550)','',2,'2013-09-21'),(68209,'INSERT INTO com_ventas_grupo (vgr_fecha,vgr_grupo,vgr_cantidad,vgr_total) VALUES (@@@2013.09.20@@@,39,5,8110)','',2,'2013-09-21'),(68210,'INSERT INTO com_ventas_grupo (vgr_fecha,vgr_grupo,vgr_cantidad,vgr_total) VALUES (@@@2013.09.20@@@,40,1000,1000)','',2,'2013-09-21'),(68211,'INSERT INTO com_ventas_grupo (vgr_fecha,vgr_grupo,vgr_cantidad,vgr_total) VALUES (@@@2013.09.20@@@,41,6,1080)','',2,'2013-09-21'),(68212,'INSERT INTO com_ventas_grupo (vgr_fecha,vgr_grupo,vgr_cantidad,vgr_total) VALUES (@@@2013.09.20@@@,42,21.485,24977)','',2,'2013-09-21'),(68213,'INSERT INTO com_ventas_grupo (vgr_fecha,vgr_grupo,vgr_cantidad,vgr_total) VALUES (@@@2013.09.20@@@,44,3,7950)','',2,'2013-09-21'),(68214,'INSERT INTO gne_vale_ferreteria (vfe_id,vfe_fecha,vfe_total,vfe_estado,vfe_entregado,usu_nusuario) VALUES (11683,@@@2013.09.21@@@,300,1,0,@@@G_DIAZ@@@)','',2,'2013-09-21'),(68215,'INSERT INTO gne_vale_ferreteria_mov (vfe_id,pro_codigo_plu,vfm_cantidad,vfm_unitario,vfm_total,vfm_entregado) VALUES (11683,78017110,2,150,300,@@@NO@@@)','',2,'2013-09-21'),(68216,'UPDATE mae_datos_empresa SET emp_oferta=@@@NO@@@','',2,'2013-09-21'),(68217,'INSERT INTO gne_vale_ferreteria (vfe_id,vfe_fecha,vfe_total,vfe_estado,vfe_entregado,usu_nusuario) VALUES (11684,@@@2013.09.21@@@,690,1,0,@@@G_DIAZ@@@)','',2,'2013-09-21'),(68218,'INSERT INTO gne_vale_ferreteria_mov (vfe_id,pro_codigo_plu,vfm_cantidad,vfm_unitario,vfm_total,vfm_entregado) VALUES (11684,763990,1,690,690,@@@NO@@@)','',2,'2013-09-21'),(68219,'INSERT INTO gne_vale_ferreteria (vfe_id,vfe_fecha,vfe_total,vfe_estado,vfe_entregado,usu_nusuario) VALUES (11685,@@@2013.09.21@@@,690,1,0,@@@G_DIAZ@@@)','',2,'2013-09-21'),(68220,'INSERT INTO gne_vale_ferreteria_mov (vfe_id,pro_codigo_plu,vfm_cantidad,vfm_unitario,vfm_total,vfm_entregado) VALUES (11685,763990,1,690,690,@@@NO@@@)','',2,'2013-09-21'),(68221,'INSERT INTO gne_vale_ferreteria (vfe_id,vfe_fecha,vfe_total,vfe_estado,vfe_entregado,usu_nusuario) VALUES (11686,@@@2013.09.21@@@,490,1,0,@@@G_DIAZ@@@)','',2,'2013-09-21'),(68222,'INSERT INTO gne_vale_ferreteria_mov (vfe_id,pro_codigo_plu,vfm_cantidad,vfm_unitario,vfm_total,vfm_entregado) VALUES (11686,780220183,1,490,490,@@@NO@@@)','',2,'2013-09-21'),(68223,'INSERT INTO gne_vale_ferreteria (vfe_id,vfe_fecha,vfe_total,vfe_estado,vfe_entregado,usu_nusuario) VALUES (11687,@@@2013.09.21@@@,2980,1,0,@@@G_DIAZ@@@)','',2,'2013-09-21'),(68224,'INSERT INTO gne_vale_ferreteria_mov (vfe_id,pro_codigo_plu,vfm_cantidad,vfm_unitario,vfm_total,vfm_entregado) VALUES (11687,3093,2,1100,2200,@@@NO@@@)','',2,'2013-09-21'),(68225,'INSERT INTO gne_vale_ferreteria_mov (vfe_id,pro_codigo_plu,vfm_cantidad,vfm_unitario,vfm_total,vfm_entregado) VALUES (11687,14601,2,390,780,@@@NO@@@)','',2,'2013-09-21'),(68226,'INSERT INTO gne_vale_ferreteria (vfe_id,vfe_fecha,vfe_total,vfe_estado,vfe_entregado,usu_nusuario) VALUES (11688,@@@2013.09.21@@@,300,1,0,@@@G_DIAZ@@@)','',2,'2013-09-21'),(68227,'INSERT INTO gne_vale_ferreteria_mov (vfe_id,pro_codigo_plu,vfm_cantidad,vfm_unitario,vfm_total,vfm_entregado) VALUES (11688,1556,1,200,200,@@@NO@@@)','',2,'2013-09-21'),(68228,'INSERT INTO gne_vale_ferreteria_mov (vfe_id,pro_codigo_plu,vfm_cantidad,vfm_unitario,vfm_total,vfm_entregado) VALUES (11688,4078,1,100,100,@@@NO@@@)','',2,'2013-09-21'),(68229,'INSERT INTO gne_vale_ferreteria (vfe_id,vfe_fecha,vfe_total,vfe_estado,vfe_entregado,usu_nusuario) VALUES (11689,@@@2013.09.21@@@,2880,1,0,@@@G_DIAZ@@@)','',2,'2013-09-21'),(68230,'INSERT INTO gne_vale_ferreteria_mov (vfe_id,pro_codigo_plu,vfm_cantidad,vfm_unitario,vfm_total,vfm_entregado) VALUES (11689,763963,1,990,990,@@@NO@@@)','',2,'2013-09-21'),(68231,'INSERT INTO gne_vale_ferreteria_mov (vfe_id,pro_codigo_plu,vfm_cantidad,vfm_unitario,vfm_total,vfm_entregado) VALUES (11689,763987,1,1890,1890,@@@NO@@@)','',2,'2013-09-21'),(68232,'INSERT INTO gne_vale_ferreteria (vfe_id,vfe_fecha,vfe_total,vfe_estado,vfe_entregado,usu_nusuario) VALUES (11690,@@@2013.09.21@@@,3570,1,0,@@@G_DIAZ@@@)','',2,'2013-09-21'),(68233,'INSERT INTO gne_vale_ferreteria_mov (vfe_id,pro_codigo_plu,vfm_cantidad,vfm_unitario,vfm_total,vfm_entregado) VALUES (11690,780721834,3,1190,3570,@@@NO@@@)','',2,'2013-09-21'),(68234,'INSERT INTO gne_vale_ferreteria (vfe_id,vfe_fecha,vfe_total,vfe_estado,vfe_entregado,usu_nusuario) VALUES (11691,@@@2013.09.21@@@,690,1,0,@@@G_DIAZ@@@)','',2,'2013-09-21'),(68235,'INSERT INTO gne_vale_ferreteria_mov (vfe_id,pro_codigo_plu,vfm_cantidad,vfm_unitario,vfm_total,vfm_entregado) VALUES (11691,7705007,1,690,690,@@@NO@@@)','',2,'2013-09-21'),(68236,'INSERT INTO gne_vale_ferreteria (vfe_id,vfe_fecha,vfe_total,vfe_estado,vfe_entregado,usu_nusuario) VALUES (11692,@@@2013.09.21@@@,2820,1,0,@@@G_DIAZ@@@)','',2,'2013-09-21'),(68237,'INSERT INTO gne_vale_ferreteria_mov (vfe_id,pro_codigo_plu,vfm_cantidad,vfm_unitario,vfm_total,vfm_entregado) VALUES (11692,763986,1,2100,2100,@@@NO@@@)','',2,'2013-09-21'),(68238,'INSERT INTO gne_vale_ferreteria_mov (vfe_id,pro_codigo_plu,vfm_cantidad,vfm_unitario,vfm_total,vfm_entregado) VALUES (11692,10159,1,720,720,@@@NO@@@)','',2,'2013-09-21'),(68239,'INSERT INTO gne_vale_ferreteria (vfe_id,vfe_fecha,vfe_total,vfe_estado,vfe_entregado,usu_nusuario) VALUES (11693,@@@2013.09.21@@@,30,1,0,@@@G_DIAZ@@@)','',2,'2013-09-21'),(68240,'INSERT INTO gne_vale_ferreteria_mov (vfe_id,pro_codigo_plu,vfm_cantidad,vfm_unitario,vfm_total,vfm_entregado) VALUES (11693,13229,2,15,30,@@@NO@@@)','',2,'2013-09-21'),(68241,'INSERT INTO gne_vale_ferreteria (vfe_id,vfe_fecha,vfe_total,vfe_estado,vfe_entregado,usu_nusuario) VALUES (11694,@@@2013.09.21@@@,4670,1,0,@@@G_DIAZ@@@)','',2,'2013-09-21'),(68242,'INSERT INTO gne_vale_ferreteria_mov (vfe_id,pro_codigo_plu,vfm_cantidad,vfm_unitario,vfm_total,vfm_entregado) VALUES (11694,764939,1,2790,2790,@@@NO@@@)','',2,'2013-09-21'),(68243,'INSERT INTO gne_vale_ferreteria_mov (vfe_id,pro_codigo_plu,vfm_cantidad,vfm_unitario,vfm_total,vfm_entregado) VALUES (11694,765027,1,1190,1190,@@@NO@@@)','',2,'2013-09-21'),(68244,'INSERT INTO gne_vale_ferreteria_mov (vfe_id,pro_codigo_plu,vfm_cantidad,vfm_unitario,vfm_total,vfm_entregado) VALUES (11694,770027,1,690,690,@@@NO@@@)','',2,'2013-09-21'),(68245,'INSERT INTO gne_vale_ferreteria (vfe_id,vfe_fecha,vfe_total,vfe_estado,vfe_entregado,usu_nusuario) VALUES (11695,@@@2013.09.21@@@,4380,1,0,@@@G_DIAZ@@@)','',2,'2013-09-21'),(68246,'INSERT INTO gne_vale_ferreteria_mov (vfe_id,pro_codigo_plu,vfm_cantidad,vfm_unitario,vfm_total,vfm_entregado) VALUES (11695,78017047,1,1390,1390,@@@NO@@@)','',2,'2013-09-21'),(68247,'INSERT INTO gne_vale_ferreteria_mov (vfe_id,pro_codigo_plu,vfm_cantidad,vfm_unitario,vfm_total,vfm_entregado) VALUES (11695,764920,1,2990,2990,@@@NO@@@)','',2,'2013-09-21'),(68248,'INSERT INTO gne_vale_ferreteria (vfe_id,vfe_fecha,vfe_total,vfe_estado,vfe_entregado,usu_nusuario) VALUES (11696,@@@2013.09.21@@@,1500,1,0,@@@G_DIAZ@@@)','',2,'2013-09-21'),(68249,'INSERT INTO gne_vale_ferreteria_mov (vfe_id,pro_codigo_plu,vfm_cantidad,vfm_unitario,vfm_total,vfm_entregado) VALUES (11696,19803,1,520,520,@@@NO@@@)','',2,'2013-09-21'),(68250,'INSERT INTO gne_vale_ferreteria_mov (vfe_id,pro_codigo_plu,vfm_cantidad,vfm_unitario,vfm_total,vfm_entregado) VALUES (11696,19876,1,980,980,@@@NO@@@)','',2,'2013-09-21'),(68251,'INSERT INTO gne_vale_ferreteria (vfe_id,vfe_fecha,vfe_total,vfe_estado,vfe_entregado,usu_nusuario) VALUES (11697,@@@2013.09.21@@@,2590,1,0,@@@G_DIAZ@@@)','',2,'2013-09-21'),(68252,'INSERT INTO gne_vale_ferreteria_mov (vfe_id,pro_codigo_plu,vfm_cantidad,vfm_unitario,vfm_total,vfm_entregado) VALUES (11697,101047,1,2590,2590,@@@NO@@@)','',2,'2013-09-21'),(68253,'INSERT INTO gne_vale_ferreteria (vfe_id,vfe_fecha,vfe_total,vfe_estado,vfe_entregado,usu_nusuario) VALUES (11698,@@@2013.09.21@@@,1690,1,0,@@@G_DIAZ@@@)','',2,'2013-09-21'),(68254,'INSERT INTO gne_vale_ferreteria_mov (vfe_id,pro_codigo_plu,vfm_cantidad,vfm_unitario,vfm_total,vfm_entregado) VALUES (11698,20599,1,1100,1100,@@@NO@@@)','',2,'2013-09-21'),(68255,'INSERT INTO gne_vale_ferreteria_mov (vfe_id,pro_codigo_plu,vfm_cantidad,vfm_unitario,vfm_total,vfm_entregado) VALUES (11698,20598,1,590,590,@@@NO@@@)','',2,'2013-09-21'),(68256,'INSERT INTO gne_vale_ferreteria (vfe_id,vfe_fecha,vfe_total,vfe_estado,vfe_entregado,usu_nusuario) VALUES (11699,@@@2013.09.21@@@,590,1,0,@@@G_DIAZ@@@)','',2,'2013-09-21'),(68257,'INSERT INTO gne_vale_ferreteria_mov (vfe_id,pro_codigo_plu,vfm_cantidad,vfm_unitario,vfm_total,vfm_entregado) VALUES (11699,20598,1,590,590,@@@NO@@@)','',2,'2013-09-21'),(68258,'INSERT INTO gne_vale_ferreteria (vfe_id,vfe_fecha,vfe_total,vfe_estado,vfe_entregado,usu_nusuario) VALUES (11700,@@@2013.09.21@@@,690,1,0,@@@G_DIAZ@@@)','',2,'2013-09-21'),(68259,'INSERT INTO gne_vale_ferreteria_mov (vfe_id,pro_codigo_plu,vfm_cantidad,vfm_unitario,vfm_total,vfm_entregado) VALUES (11700,7705007,1,690,690,@@@NO@@@)','',2,'2013-09-21'),(68260,'INSERT INTO gne_vale_ferreteria (vfe_id,vfe_fecha,vfe_total,vfe_estado,vfe_entregado,usu_nusuario) VALUES (11701,@@@2013.09.21@@@,1500,1,0,@@@G_DIAZ@@@)','',2,'2013-09-21'),(68261,'INSERT INTO gne_vale_ferreteria_mov (vfe_id,pro_codigo_plu,vfm_cantidad,vfm_unitario,vfm_total,vfm_entregado) VALUES (11701,764935,15,100,1500,@@@NO@@@)','',2,'2013-09-21'),(68262,'INSERT INTO gne_vale_ferreteria (vfe_id,vfe_fecha,vfe_total,vfe_estado,vfe_entregado,usu_nusuario) VALUES (11702,@@@2013.09.21@@@,3190,1,0,@@@G_DIAZ@@@)','',2,'2013-09-21'),(68263,'INSERT INTO gne_vale_ferreteria_mov (vfe_id,pro_codigo_plu,vfm_cantidad,vfm_unitario,vfm_total,vfm_entregado) VALUES (11702,780721450,1,3190,3190,@@@NO@@@)','',2,'2013-09-21'),(68264,'INSERT INTO gne_vale_ferreteria (vfe_id,vfe_fecha,vfe_total,vfe_estado,vfe_entregado,usu_nusuario) VALUES (11703,@@@2013.09.21@@@,2090,1,0,@@@G_DIAZ@@@)','',2,'2013-09-21'),(68265,'INSERT INTO gne_vale_ferreteria_mov (vfe_id,pro_codigo_plu,vfm_cantidad,vfm_unitario,vfm_total,vfm_entregado) VALUES (11703,8021,1,150,150,@@@NO@@@)','',2,'2013-09-21'),(68266,'INSERT INTO gne_vale_ferreteria_mov (vfe_id,pro_codigo_plu,vfm_cantidad,vfm_unitario,vfm_total,vfm_entregado) VALUES (11703,780220123,1,50,50,@@@NO@@@)','',2,'2013-09-21'),(68267,'INSERT INTO gne_vale_ferreteria_mov (vfe_id,pro_codigo_plu,vfm_cantidad,vfm_unitario,vfm_total,vfm_entregado) VALUES (11703,101623,1,1890,1890,@@@NO@@@)','',2,'2013-09-21'),(68268,'INSERT INTO gne_vale_ferreteria (vfe_id,vfe_fecha,vfe_total,vfe_estado,vfe_entregado,usu_nusuario) VALUES (11704,@@@2013.09.21@@@,1380,1,0,@@@G_DIAZ@@@)','',2,'2013-09-21'),(68269,'INSERT INTO gne_vale_ferreteria_mov (vfe_id,pro_codigo_plu,vfm_cantidad,vfm_unitario,vfm_total,vfm_entregado) VALUES (11704,780721516,2,590,1180,@@@NO@@@)','',2,'2013-09-21'),(68270,'INSERT INTO gne_vale_ferreteria_mov (vfe_id,pro_codigo_plu,vfm_cantidad,vfm_unitario,vfm_total,vfm_entregado) VALUES (11704,78017238,1,200,200,@@@NO@@@)','',2,'2013-09-21'),(68271,'INSERT INTO gne_vale_ferreteria (vfe_id,vfe_fecha,vfe_total,vfe_estado,vfe_entregado,usu_nusuario) VALUES (11705,@@@2013.09.21@@@,390,1,0,@@@G_DIAZ@@@)','',2,'2013-09-21'),(68272,'INSERT INTO gne_vale_ferreteria_mov (vfe_id,pro_codigo_plu,vfm_cantidad,vfm_unitario,vfm_total,vfm_entregado) VALUES (11705,4090,1,390,390,@@@NO@@@)','',2,'2013-09-21'),(68273,'INSERT INTO gne_vale_ferreteria (vfe_id,vfe_fecha,vfe_total,vfe_estado,vfe_entregado,usu_nusuario) VALUES (11706,@@@2013.09.21@@@,600,1,0,@@@G_DIAZ@@@)','',2,'2013-09-21'),(68274,'INSERT INTO gne_vale_ferreteria_mov (vfe_id,pro_codigo_plu,vfm_cantidad,vfm_unitario,vfm_total,vfm_entregado) VALUES (11706,8023,1,390,390,@@@NO@@@)','',2,'2013-09-21'),(68275,'INSERT INTO gne_vale_ferreteria_mov (vfe_id,pro_codigo_plu,vfm_cantidad,vfm_unitario,vfm_total,vfm_entregado) VALUES (11706,7800,3,70,210,@@@NO@@@)','',2,'2013-09-21'),(68276,'INSERT INTO gne_vale_ferreteria (vfe_id,vfe_fecha,vfe_total,vfe_estado,vfe_entregado,usu_nusuario) VALUES (11707,@@@2013.09.21@@@,1590,1,0,@@@G_DIAZ@@@)','',2,'2013-09-21'),(68277,'INSERT INTO gne_vale_ferreteria_mov (vfe_id,pro_codigo_plu,vfm_cantidad,vfm_unitario,vfm_total,vfm_entregado) VALUES (11707,770001,10,80,800,@@@NO@@@)','',2,'2013-09-21'),(68278,'INSERT INTO gne_vale_ferreteria_mov (vfe_id,pro_codigo_plu,vfm_cantidad,vfm_unitario,vfm_total,vfm_entregado) VALUES (11707,763843,1,790,790,@@@NO@@@)','',2,'2013-09-21'),(68279,'INSERT INTO gne_vale_ferreteria (vfe_id,vfe_fecha,vfe_total,vfe_estado,vfe_entregado,usu_nusuario) VALUES (11708,@@@2013.09.21@@@,3460,1,0,@@@G_DIAZ@@@)','',2,'2013-09-21'),(68280,'INSERT INTO gne_vale_ferreteria_mov (vfe_id,pro_codigo_plu,vfm_cantidad,vfm_unitario,vfm_total,vfm_entregado) VALUES (11708,4090,3,390,1170,@@@NO@@@)','',2,'2013-09-21'),(68281,'INSERT INTO gne_vale_ferreteria_mov (vfe_id,pro_codigo_plu,vfm_cantidad,vfm_unitario,vfm_total,vfm_entregado) VALUES (11708,20595,1,2290,2290,@@@NO@@@)','',2,'2013-09-21'),(68282,'INSERT INTO gne_vale_ferreteria (vfe_id,vfe_fecha,vfe_total,vfe_estado,vfe_entregado,usu_nusuario) VALUES (11709,@@@2013.09.21@@@,720,1,0,@@@G_DIAZ@@@)','',2,'2013-09-21'),(68283,'INSERT INTO gne_vale_ferreteria_mov (vfe_id,pro_codigo_plu,vfm_cantidad,vfm_unitario,vfm_total,vfm_entregado) VALUES (11709,1079,1,720,720,@@@NO@@@)','',2,'2013-09-21'),(68284,'INSERT INTO gne_vale_ferreteria (vfe_id,vfe_fecha,vfe_total,vfe_estado,vfe_entregado,usu_nusuario) VALUES (11710,@@@2013.09.21@@@,6990,1,0,@@@G_DIAZ@@@)','',2,'2013-09-21'),(68285,'INSERT INTO gne_vale_ferreteria_mov (vfe_id,pro_codigo_plu,vfm_cantidad,vfm_unitario,vfm_total,vfm_entregado) VALUES (11710,21065,1,6990,6990,@@@NO@@@)','',2,'2013-09-21'),(68286,'INSERT INTO gne_vale_ferreteria (vfe_id,vfe_fecha,vfe_total,vfe_estado,vfe_entregado,usu_nusuario) VALUES (11711,@@@2013.09.21@@@,1890,1,0,@@@G_DIAZ@@@)','',2,'2013-09-21'),(68287,'INSERT INTO gne_vale_ferreteria_mov (vfe_id,pro_codigo_plu,vfm_cantidad,vfm_unitario,vfm_total,vfm_entregado) VALUES (11711,763599,1,1890,1890,@@@NO@@@)','',2,'2013-09-21'),(68288,'INSERT INTO gne_vale_ferreteria (vfe_id,vfe_fecha,vfe_total,vfe_estado,vfe_entregado,usu_nusuario) VALUES (11712,@@@2013.09.21@@@,1100,1,0,@@@G_DIAZ@@@)','',2,'2013-09-21'),(68289,'INSERT INTO gne_vale_ferreteria_mov (vfe_id,pro_codigo_plu,vfm_cantidad,vfm_unitario,vfm_total,vfm_entregado) VALUES (11712,15949,2,550,1100,@@@NO@@@)','',2,'2013-09-21'),(68290,'INSERT INTO gne_vale_ferreteria (vfe_id,vfe_fecha,vfe_total,vfe_estado,vfe_entregado,usu_nusuario) VALUES (11713,@@@2013.09.21@@@,2190,1,0,@@@G_DIAZ@@@)','',2,'2013-09-21'),(68291,'INSERT INTO gne_vale_ferreteria_mov (vfe_id,pro_codigo_plu,vfm_cantidad,vfm_unitario,vfm_total,vfm_entregado) VALUES (11713,765049,1,2190,2190,@@@NO@@@)','',2,'2013-09-21'),(68292,'INSERT INTO gne_vale_ferreteria (vfe_id,vfe_fecha,vfe_total,vfe_estado,vfe_entregado,usu_nusuario) VALUES (11714,@@@2013.09.21@@@,4980,1,0,@@@G_DIAZ@@@)','',2,'2013-09-21'),(68293,'INSERT INTO gne_vale_ferreteria_mov (vfe_id,pro_codigo_plu,vfm_cantidad,vfm_unitario,vfm_total,vfm_entregado) VALUES (11714,765035,1,3990,3990,@@@NO@@@)','',2,'2013-09-21'),(68294,'INSERT INTO gne_vale_ferreteria_mov (vfe_id,pro_codigo_plu,vfm_cantidad,vfm_unitario,vfm_total,vfm_entregado) VALUES (11714,764829,1,990,990,@@@NO@@@)','',2,'2013-09-21'),(68295,'INSERT INTO gne_vale_ferreteria (vfe_id,vfe_fecha,vfe_total,vfe_estado,vfe_entregado,usu_nusuario) VALUES (11715,@@@2013.09.21@@@,300,1,0,@@@G_DIAZ@@@)','',2,'2013-09-21'),(68296,'INSERT INTO gne_vale_ferreteria_mov (vfe_id,pro_codigo_plu,vfm_cantidad,vfm_unitario,vfm_total,vfm_entregado) VALUES (11715,2004,1,300,300,@@@NO@@@)','',2,'2013-09-21'),(68297,'INSERT INTO gne_vale_ferreteria (vfe_id,vfe_fecha,vfe_total,vfe_estado,vfe_entregado,usu_nusuario) VALUES (11716,@@@2013.09.21@@@,6280,1,0,@@@G_DIAZ@@@)','',2,'2013-09-21'),(68298,'INSERT INTO gne_vale_ferreteria_mov (vfe_id,pro_codigo_plu,vfm_cantidad,vfm_unitario,vfm_total,vfm_entregado) VALUES (11716,764648,1,1290,1290,@@@NO@@@)','',2,'2013-09-21'),(68299,'INSERT INTO gne_vale_ferreteria_mov (vfe_id,pro_codigo_plu,vfm_cantidad,vfm_unitario,vfm_total,vfm_entregado) VALUES (11716,78017044,1,4990,4990,@@@NO@@@)','',2,'2013-09-21'),(68300,'INSERT INTO gne_vale_ferreteria (vfe_id,vfe_fecha,vfe_total,vfe_estado,vfe_entregado,usu_nusuario) VALUES (11717,@@@2013.09.21@@@,5880,1,0,@@@G_DIAZ@@@)','',2,'2013-09-21'),(68301,'INSERT INTO gne_vale_ferreteria_mov (vfe_id,pro_codigo_plu,vfm_cantidad,vfm_unitario,vfm_total,vfm_entregado) VALUES (11717,764980,1,2890,2890,@@@NO@@@)','',2,'2013-09-21'),(68302,'INSERT INTO gne_vale_ferreteria_mov (vfe_id,pro_codigo_plu,vfm_cantidad,vfm_unitario,vfm_total,vfm_entregado) VALUES (11717,764654,1,2990,2990,@@@NO@@@)','',2,'2013-09-21'),(68303,'INSERT INTO gne_vale_ferreteria (vfe_id,vfe_fecha,vfe_total,vfe_estado,vfe_entregado,usu_nusuario) VALUES (11718,@@@2013.09.21@@@,52960,1,0,@@@G_DIAZ@@@)','',2,'2013-09-21'),(68304,'INSERT INTO gne_vale_ferreteria_mov (vfe_id,pro_codigo_plu,vfm_cantidad,vfm_unitario,vfm_total,vfm_entregado) VALUES (11718,764830,60,690,41400,@@@NO@@@)','',2,'2013-09-21'),(68305,'INSERT INTO gne_vale_ferreteria_mov (vfe_id,pro_codigo_plu,vfm_cantidad,vfm_unitario,vfm_total,vfm_entregado) VALUES (11718,765039,11,890,9790,@@@NO@@@)','',2,'2013-09-21'),(68306,'INSERT INTO gne_vale_ferreteria_mov (vfe_id,pro_codigo_plu,vfm_cantidad,vfm_unitario,vfm_total,vfm_entregado) VALUES (11718,765046,3,590,1770,@@@NO@@@)','',2,'2013-09-21'),(68307,'INSERT INTO gne_vale_ferreteria (vfe_id,vfe_fecha,vfe_total,vfe_estado,vfe_entregado,usu_nusuario) VALUES (11719,@@@2013.09.21@@@,3180,1,0,@@@G_DIAZ@@@)','',2,'2013-09-21'),(68308,'INSERT INTO gne_vale_ferreteria_mov (vfe_id,pro_codigo_plu,vfm_cantidad,vfm_unitario,vfm_total,vfm_entregado) VALUES (11719,765049,1,2190,2190,@@@NO@@@)','',2,'2013-09-21'),(68309,'INSERT INTO gne_vale_ferreteria_mov (vfe_id,pro_codigo_plu,vfm_cantidad,vfm_unitario,vfm_total,vfm_entregado) VALUES (11719,764673,1,990,990,@@@NO@@@)','',2,'2013-09-21'),(68310,'INSERT INTO gne_vale_ferreteria (vfe_id,vfe_fecha,vfe_total,vfe_estado,vfe_entregado,usu_nusuario) VALUES (11720,@@@2013.09.21@@@,1970,1,0,@@@G_DIAZ@@@)','',2,'2013-09-21'),(68311,'INSERT INTO gne_vale_ferreteria_mov (vfe_id,pro_codigo_plu,vfm_cantidad,vfm_unitario,vfm_total,vfm_entregado) VALUES (11720,780721340,1,1390,1390,@@@NO@@@)','',2,'2013-09-21'),(68312,'INSERT INTO gne_vale_ferreteria_mov (vfe_id,pro_codigo_plu,vfm_cantidad,vfm_unitario,vfm_total,vfm_entregado) VALUES (11720,1536,2,290,580,@@@NO@@@)','',2,'2013-09-21'),(68313,'INSERT INTO gne_vale_ferreteria (vfe_id,vfe_fecha,vfe_total,vfe_estado,vfe_entregado,usu_nusuario) VALUES (11721,@@@2013.09.21@@@,390,1,0,@@@G_DIAZ@@@)','',2,'2013-09-21'),(68314,'INSERT INTO gne_vale_ferreteria_mov (vfe_id,pro_codigo_plu,vfm_cantidad,vfm_unitario,vfm_total,vfm_entregado) VALUES (11721,15967,3,130,390,@@@NO@@@)','',2,'2013-09-21'),(68315,'INSERT INTO gne_vale_ferreteria (vfe_id,vfe_fecha,vfe_total,vfe_estado,vfe_entregado,usu_nusuario) VALUES (11722,@@@2013.09.21@@@,300,1,0,@@@G_DIAZ@@@)','',2,'2013-09-21'),(68316,'INSERT INTO gne_vale_ferreteria_mov (vfe_id,pro_codigo_plu,vfm_cantidad,vfm_unitario,vfm_total,vfm_entregado) VALUES (11722,101861,1,300,300,@@@NO@@@)','',2,'2013-09-21'),(68317,'INSERT INTO gne_vale_ferreteria (vfe_id,vfe_fecha,vfe_total,vfe_estado,vfe_entregado,usu_nusuario) VALUES (11723,@@@2013.09.21@@@,4990,1,0,@@@G_DIAZ@@@)','',2,'2013-09-21'),(68318,'INSERT INTO gne_vale_ferreteria_mov (vfe_id,pro_codigo_plu,vfm_cantidad,vfm_unitario,vfm_total,vfm_entregado) VALUES (11723,78017044,1,4990,4990,@@@NO@@@)','',2,'2013-09-21'),(68319,'INSERT INTO gne_vale_ferreteria (vfe_id,vfe_fecha,vfe_total,vfe_estado,vfe_entregado,usu_nusuario) VALUES (11724,@@@2013.09.21@@@,690,1,0,@@@G_DIAZ@@@)','',2,'2013-09-21'),(68320,'INSERT INTO gne_vale_ferreteria_mov (vfe_id,pro_codigo_plu,vfm_cantidad,vfm_unitario,vfm_total,vfm_entregado) VALUES (11724,761890,1,690,690,@@@NO@@@)','',2,'2013-09-21'),(68321,'INSERT INTO gne_vale_ferreteria (vfe_id,vfe_fecha,vfe_total,vfe_estado,vfe_entregado,usu_nusuario) VALUES (11725,@@@2013.09.21@@@,21900,1,0,@@@G_DIAZ@@@)','',2,'2013-09-21'),(68322,'INSERT INTO gne_vale_ferreteria_mov (vfe_id,pro_codigo_plu,vfm_cantidad,vfm_unitario,vfm_total,vfm_entregado) VALUES (11725,764673,9,990,8910,@@@NO@@@)','',2,'2013-09-21'),(68323,'INSERT INTO gne_vale_ferreteria_mov (vfe_id,pro_codigo_plu,vfm_cantidad,vfm_unitario,vfm_total,vfm_entregado) VALUES (11725,765021,1,890,890,@@@NO@@@)','',2,'2013-09-21'),(68324,'INSERT INTO gne_vale_ferreteria_mov (vfe_id,pro_codigo_plu,vfm_cantidad,vfm_unitario,vfm_total,vfm_entregado) VALUES (11725,765037,11,1100,12100,@@@NO@@@)','',2,'2013-09-21'),(68325,'INSERT INTO gne_vale_ferreteria (vfe_id,vfe_fecha,vfe_total,vfe_estado,vfe_entregado,usu_nusuario) VALUES (11726,@@@2013.09.21@@@,2070,1,0,@@@G_DIAZ@@@)','',2,'2013-09-21'),(68326,'INSERT INTO gne_vale_ferreteria_mov (vfe_id,pro_codigo_plu,vfm_cantidad,vfm_unitario,vfm_total,vfm_entregado) VALUES (11726,7705007,3,690,2070,@@@NO@@@)','',2,'2013-09-21'),(68327,'INSERT INTO gne_vale_ferreteria (vfe_id,vfe_fecha,vfe_total,vfe_estado,vfe_entregado,usu_nusuario) VALUES (11727,@@@2013.09.21@@@,90,1,0,@@@G_DIAZ@@@)','',2,'2013-09-21'),(68328,'INSERT INTO gne_vale_ferreteria_mov (vfe_id,pro_codigo_plu,vfm_cantidad,vfm_unitario,vfm_total,vfm_entregado) VALUES (11727,78017026,1,90,90,@@@NO@@@)','',2,'2013-09-21'),(68329,'INSERT INTO gne_vale_ferreteria (vfe_id,vfe_fecha,vfe_total,vfe_estado,vfe_entregado,usu_nusuario) VALUES (11728,@@@2013.09.21@@@,2680,1,0,@@@G_DIAZ@@@)','',2,'2013-09-21'),(68330,'INSERT INTO gne_vale_ferreteria_mov (vfe_id,pro_codigo_plu,vfm_cantidad,vfm_unitario,vfm_total,vfm_entregado) VALUES (11728,7705008,1,1490,1490,@@@NO@@@)','',2,'2013-09-21'),(68331,'INSERT INTO gne_vale_ferreteria_mov (vfe_id,pro_codigo_plu,vfm_cantidad,vfm_unitario,vfm_total,vfm_entregado) VALUES (11728,780721834,1,1190,1190,@@@NO@@@)','',2,'2013-09-21'),(68332,'INSERT INTO gne_vale_ferreteria (vfe_id,vfe_fecha,vfe_total,vfe_estado,vfe_entregado,usu_nusuario) VALUES (11729,@@@2013.09.21@@@,1190,1,0,@@@G_DIAZ@@@)','',2,'2013-09-21'),(68333,'INSERT INTO gne_vale_ferreteria_mov (vfe_id,pro_codigo_plu,vfm_cantidad,vfm_unitario,vfm_total,vfm_entregado) VALUES (11729,765004,1,1190,1190,@@@NO@@@)','',2,'2013-09-21'),(68334,'INSERT INTO gne_vale_ferreteria (vfe_id,vfe_fecha,vfe_total,vfe_estado,vfe_entregado,usu_nusuario) VALUES (11730,@@@2013.09.21@@@,1100,1,0,@@@G_DIAZ@@@)','',2,'2013-09-21'),(68335,'INSERT INTO gne_vale_ferreteria_mov (vfe_id,pro_codigo_plu,vfm_cantidad,vfm_unitario,vfm_total,vfm_entregado) VALUES (11730,15949,2,550,1100,@@@NO@@@)','',2,'2013-09-21'),(68336,'INSERT INTO gne_vale_ferreteria (vfe_id,vfe_fecha,vfe_total,vfe_estado,vfe_entregado,usu_nusuario) VALUES (11731,@@@2013.09.21@@@,640,1,0,@@@G_DIAZ@@@)','',2,'2013-09-21'),(68337,'INSERT INTO gne_vale_ferreteria_mov (vfe_id,pro_codigo_plu,vfm_cantidad,vfm_unitario,vfm_total,vfm_entregado) VALUES (11731,19865,1,640,640,@@@NO@@@)','',2,'2013-09-21'),(68338,'INSERT INTO gne_vale_ferreteria (vfe_id,vfe_fecha,vfe_total,vfe_estado,vfe_entregado,usu_nusuario) VALUES (11732,@@@2013.09.21@@@,1260,1,0,@@@G_DIAZ@@@)','',2,'2013-09-21'),(68339,'INSERT INTO gne_vale_ferreteria_mov (vfe_id,pro_codigo_plu,vfm_cantidad,vfm_unitario,vfm_total,vfm_entregado) VALUES (11732,763934,1,720,720,@@@NO@@@)','',2,'2013-09-21'),(68340,'INSERT INTO gne_vale_ferreteria_mov (vfe_id,pro_codigo_plu,vfm_cantidad,vfm_unitario,vfm_total,vfm_entregado) VALUES (11732,19916,1,540,540,@@@NO@@@)','',2,'2013-09-21'),(68341,'INSERT INTO gne_vale_ferreteria (vfe_id,vfe_fecha,vfe_total,vfe_estado,vfe_entregado,usu_nusuario) VALUES (11733,@@@2013.09.21@@@,490,1,0,@@@G_DIAZ@@@)','',2,'2013-09-21'),(68342,'INSERT INTO gne_vale_ferreteria_mov (vfe_id,pro_codigo_plu,vfm_cantidad,vfm_unitario,vfm_total,vfm_entregado) VALUES (11733,780220183,1,490,490,@@@NO@@@)','',2,'2013-09-21'),(68343,'INSERT INTO gne_vale_ferreteria (vfe_id,vfe_fecha,vfe_total,vfe_estado,vfe_entregado,usu_nusuario) VALUES (11734,@@@2013.09.21@@@,550,1,0,@@@G_DIAZ@@@)','',2,'2013-09-21'),(68344,'INSERT INTO gne_vale_ferreteria_mov (vfe_id,pro_codigo_plu,vfm_cantidad,vfm_unitario,vfm_total,vfm_entregado) VALUES (11734,4123,1,350,350,@@@NO@@@)','',2,'2013-09-21'),(68345,'INSERT INTO gne_vale_ferreteria_mov (vfe_id,pro_codigo_plu,vfm_cantidad,vfm_unitario,vfm_total,vfm_entregado) VALUES (11734,18386,1,200,200,@@@NO@@@)','',2,'2013-09-21'),(68346,'INSERT INTO gne_vale_ferreteria (vfe_id,vfe_fecha,vfe_total,vfe_estado,vfe_entregado,usu_nusuario) VALUES (11735,@@@2013.09.21@@@,3990,1,0,@@@G_DIAZ@@@)','',2,'2013-09-21'),(68347,'INSERT INTO gne_vale_ferreteria_mov (vfe_id,pro_codigo_plu,vfm_cantidad,vfm_unitario,vfm_total,vfm_entregado) VALUES (11735,780721736,1,3990,3990,@@@NO@@@)','',2,'2013-09-21'),(68348,'INSERT INTO gne_vale_ferreteria (vfe_id,vfe_fecha,vfe_total,vfe_estado,vfe_entregado,usu_nusuario) VALUES (11736,@@@2013.09.21@@@,4990,1,0,@@@G_DIAZ@@@)','',2,'2013-09-21'),(68349,'INSERT INTO gne_vale_ferreteria_mov (vfe_id,pro_codigo_plu,vfm_cantidad,vfm_unitario,vfm_total,vfm_entregado) VALUES (11736,78016989,1,4990,4990,@@@NO@@@)','',2,'2013-09-21'),(68350,'INSERT INTO gne_vale_ferreteria (vfe_id,vfe_fecha,vfe_total,vfe_estado,vfe_entregado,usu_nusuario) VALUES (11737,@@@2013.09.21@@@,680,1,0,@@@G_DIAZ@@@)','',2,'2013-09-21'),(68351,'INSERT INTO gne_vale_ferreteria_mov (vfe_id,pro_codigo_plu,vfm_cantidad,vfm_unitario,vfm_total,vfm_entregado) VALUES (11737,780220195,1,590,590,@@@NO@@@)','',2,'2013-09-21'),(68352,'INSERT INTO gne_vale_ferreteria_mov (vfe_id,pro_codigo_plu,vfm_cantidad,vfm_unitario,vfm_total,vfm_entregado) VALUES (11737,770038,1,90,90,@@@NO@@@)','',2,'2013-09-21'),(68353,'INSERT INTO gne_vale_ferreteria (vfe_id,vfe_fecha,vfe_total,vfe_estado,vfe_entregado,usu_nusuario) VALUES (11738,@@@2013.09.21@@@,500,1,0,@@@G_DIAZ@@@)','',2,'2013-09-21'),(68354,'INSERT INTO gne_vale_ferreteria_mov (vfe_id,pro_codigo_plu,vfm_cantidad,vfm_unitario,vfm_total,vfm_entregado) VALUES (11738,770000,10,50,500,@@@NO@@@)','',2,'2013-09-21'),(68355,'INSERT INTO gne_vale_ferreteria (vfe_id,vfe_fecha,vfe_total,vfe_estado,vfe_entregado,usu_nusuario) VALUES (11739,@@@2013.09.21@@@,1230,1,0,@@@G_DIAZ@@@)','',2,'2013-09-21'),(68356,'INSERT INTO gne_vale_ferreteria_mov (vfe_id,pro_codigo_plu,vfm_cantidad,vfm_unitario,vfm_total,vfm_entregado) VALUES (11739,780721730,1,590,590,@@@NO@@@)','',2,'2013-09-21'),(68357,'INSERT INTO gne_vale_ferreteria_mov (vfe_id,pro_codigo_plu,vfm_cantidad,vfm_unitario,vfm_total,vfm_entregado) VALUES (11739,1045,1,250,250,@@@NO@@@)','',2,'2013-09-21'),(68358,'INSERT INTO gne_vale_ferreteria_mov (vfe_id,pro_codigo_plu,vfm_cantidad,vfm_unitario,vfm_total,vfm_entregado) VALUES (11739,1535,1,390,390,@@@NO@@@)','',2,'2013-09-21'),(68359,'INSERT INTO gne_vale_ferreteria (vfe_id,vfe_fecha,vfe_total,vfe_estado,vfe_entregado,usu_nusuario) VALUES (11740,@@@2013.09.21@@@,1090,1,0,@@@G_DIAZ@@@)','',2,'2013-09-21'),(68360,'INSERT INTO gne_vale_ferreteria_mov (vfe_id,pro_codigo_plu,vfm_cantidad,vfm_unitario,vfm_total,vfm_entregado) VALUES (11740,2004,1,300,300,@@@NO@@@)','',2,'2013-09-21'),(68361,'INSERT INTO gne_vale_ferreteria_mov (vfe_id,pro_codigo_plu,vfm_cantidad,vfm_unitario,vfm_total,vfm_entregado) VALUES (11740,763727,1,790,790,@@@NO@@@)','',2,'2013-09-21'),(68362,'INSERT INTO gne_vale_ferreteria (vfe_id,vfe_fecha,vfe_total,vfe_estado,vfe_entregado,usu_nusuario) VALUES (11741,@@@2013.09.21@@@,400,1,0,@@@G_DIAZ@@@)','',2,'2013-09-21'),(68363,'INSERT INTO gne_vale_ferreteria_mov (vfe_id,pro_codigo_plu,vfm_cantidad,vfm_unitario,vfm_total,vfm_entregado) VALUES (11741,78017110,1,150,150,@@@NO@@@)','',2,'2013-09-21'),(68364,'INSERT INTO gne_vale_ferreteria_mov (vfe_id,pro_codigo_plu,vfm_cantidad,vfm_unitario,vfm_total,vfm_entregado) VALUES (11741,78017105,1,250,250,@@@NO@@@)','',2,'2013-09-21'),(68365,'INSERT INTO gne_vale_ferreteria (vfe_id,vfe_fecha,vfe_total,vfe_estado,vfe_entregado,usu_nusuario) VALUES (11742,@@@2013.09.21@@@,2380,1,0,@@@G_DIAZ@@@)','',2,'2013-09-21'),(68366,'INSERT INTO gne_vale_ferreteria_mov (vfe_id,pro_codigo_plu,vfm_cantidad,vfm_unitario,vfm_total,vfm_entregado) VALUES (11742,780721193,1,1490,1490,@@@NO@@@)','',2,'2013-09-21'),(68367,'INSERT INTO gne_vale_ferreteria_mov (vfe_id,pro_codigo_plu,vfm_cantidad,vfm_unitario,vfm_total,vfm_entregado) VALUES (11742,4800,1,890,890,@@@NO@@@)','',2,'2013-09-21'),(68368,'INSERT INTO gne_vale_ferreteria (vfe_id,vfe_fecha,vfe_total,vfe_estado,vfe_entregado,usu_nusuario) VALUES (11743,@@@2013.09.21@@@,2100,1,0,@@@G_DIAZ@@@)','',2,'2013-09-21'),(68369,'INSERT INTO gne_vale_ferreteria_mov (vfe_id,pro_codigo_plu,vfm_cantidad,vfm_unitario,vfm_total,vfm_entregado) VALUES (11743,763995,1,2100,2100,@@@NO@@@)','',2,'2013-09-21'),(68370,'INSERT INTO gne_vale_ferreteria (vfe_id,vfe_fecha,vfe_total,vfe_estado,vfe_entregado,usu_nusuario) VALUES (11744,@@@2013.09.21@@@,850,1,0,@@@G_DIAZ@@@)','',2,'2013-09-21'),(68371,'INSERT INTO gne_vale_ferreteria_mov (vfe_id,pro_codigo_plu,vfm_cantidad,vfm_unitario,vfm_total,vfm_entregado) VALUES (11744,78017007,3,120,360,@@@NO@@@)','',2,'2013-09-21'),(68372,'INSERT INTO gne_vale_ferreteria_mov (vfe_id,pro_codigo_plu,vfm_cantidad,vfm_unitario,vfm_total,vfm_entregado) VALUES (11744,78017152,1,490,490,@@@NO@@@)','',2,'2013-09-21'),(68373,'INSERT INTO gne_vale_ferreteria (vfe_id,vfe_fecha,vfe_total,vfe_estado,vfe_entregado,usu_nusuario) VALUES (11745,@@@2013.09.21@@@,330,1,0,@@@G_DIAZ@@@)','',2,'2013-09-21'),(68374,'INSERT INTO gne_vale_ferreteria_mov (vfe_id,pro_codigo_plu,vfm_cantidad,vfm_unitario,vfm_total,vfm_entregado) VALUES (11745,763588,1,330,330,@@@NO@@@)','',2,'2013-09-21'),(68375,'INSERT INTO gne_vale_ferreteria (vfe_id,vfe_fecha,vfe_total,vfe_estado,vfe_entregado,usu_nusuario) VALUES (11746,@@@2013.09.21@@@,390,1,0,@@@G_DIAZ@@@)','',2,'2013-09-21'),(68376,'INSERT INTO gne_vale_ferreteria_mov (vfe_id,pro_codigo_plu,vfm_cantidad,vfm_unitario,vfm_total,vfm_entregado) VALUES (11746,780721275,1,390,390,@@@NO@@@)','',2,'2013-09-21'),(68377,'INSERT INTO gne_vale_ferreteria (vfe_id,vfe_fecha,vfe_total,vfe_estado,vfe_entregado,usu_nusuario) VALUES (11747,@@@2013.09.21@@@,1790,1,0,@@@G_DIAZ@@@)','',2,'2013-09-21'),(68378,'INSERT INTO gne_vale_ferreteria_mov (vfe_id,pro_codigo_plu,vfm_cantidad,vfm_unitario,vfm_total,vfm_entregado) VALUES (11747,780721474,1,1790,1790,@@@NO@@@)','',2,'2013-09-21'),(68379,'INSERT INTO gne_vale_ferreteria (vfe_id,vfe_fecha,vfe_total,vfe_estado,vfe_entregado,usu_nusuario) VALUES (11748,@@@2013.09.21@@@,680,1,0,@@@G_DIAZ@@@)','',2,'2013-09-21'),(68380,'INSERT INTO gne_vale_ferreteria_mov (vfe_id,pro_codigo_plu,vfm_cantidad,vfm_unitario,vfm_total,vfm_entregado) VALUES (11748,19866,1,680,680,@@@NO@@@)','',2,'2013-09-21'),(68381,'INSERT INTO gne_vale_ferreteria (vfe_id,vfe_fecha,vfe_total,vfe_estado,vfe_entregado,usu_nusuario) VALUES (11749,@@@2013.09.21@@@,1490,1,0,@@@G_DIAZ@@@)','',2,'2013-09-21'),(68382,'INSERT INTO gne_vale_ferreteria_mov (vfe_id,pro_codigo_plu,vfm_cantidad,vfm_unitario,vfm_total,vfm_entregado) VALUES (11749,7705008,1,1490,1490,@@@NO@@@)','',2,'2013-09-21'),(68383,'INSERT INTO gne_vale_ferreteria (vfe_id,vfe_fecha,vfe_total,vfe_estado,vfe_entregado,usu_nusuario) VALUES (11750,@@@2013.09.21@@@,1490,1,0,@@@G_DIAZ@@@)','',2,'2013-09-21'),(68384,'INSERT INTO gne_vale_ferreteria_mov (vfe_id,pro_codigo_plu,vfm_cantidad,vfm_unitario,vfm_total,vfm_entregado) VALUES (11750,764825,1,1490,1490,@@@NO@@@)','',2,'2013-09-21'),(68385,'INSERT INTO gne_vale_ferreteria (vfe_id,vfe_fecha,vfe_total,vfe_estado,vfe_entregado,usu_nusuario) VALUES (11751,@@@2013.09.21@@@,1790,1,0,@@@G_DIAZ@@@)','',2,'2013-09-21'),(68386,'INSERT INTO gne_vale_ferreteria_mov (vfe_id,pro_codigo_plu,vfm_cantidad,vfm_unitario,vfm_total,vfm_entregado) VALUES (11751,20476,1,1790,1790,@@@NO@@@)','',2,'2013-09-21'),(68387,'INSERT INTO gne_vale_ferreteria (vfe_id,vfe_fecha,vfe_total,vfe_estado,vfe_entregado,usu_nusuario) VALUES (11752,@@@2013.09.21@@@,400,1,0,@@@G_DIAZ@@@)','',2,'2013-09-21'),(68388,'INSERT INTO gne_vale_ferreteria_mov (vfe_id,pro_codigo_plu,vfm_cantidad,vfm_unitario,vfm_total,vfm_entregado) VALUES (11752,78017142,2,200,400,@@@NO@@@)','',2,'2013-09-21'),(68389,'INSERT INTO gne_vale_ferreteria (vfe_id,vfe_fecha,vfe_total,vfe_estado,vfe_entregado,usu_nusuario) VALUES (11753,@@@2013.09.21@@@,3490,1,0,@@@G_DIAZ@@@)','',2,'2013-09-21'),(68390,'INSERT INTO gne_vale_ferreteria_mov (vfe_id,pro_codigo_plu,vfm_cantidad,vfm_unitario,vfm_total,vfm_entregado) VALUES (11753,764853,1,3490,3490,@@@NO@@@)','',2,'2013-09-21'),(68391,'INSERT INTO gne_vale_ferreteria (vfe_id,vfe_fecha,vfe_total,vfe_estado,vfe_entregado,usu_nusuario) VALUES (11754,@@@2013.09.21@@@,50,1,0,@@@G_DIAZ@@@)','',2,'2013-09-21'),(68392,'INSERT INTO gne_vale_ferreteria_mov (vfe_id,pro_codigo_plu,vfm_cantidad,vfm_unitario,vfm_total,vfm_entregado) VALUES (11754,780220123,1,50,50,@@@NO@@@)','',2,'2013-09-21'),(68393,'INSERT INTO gne_vale_ferreteria (vfe_id,vfe_fecha,vfe_total,vfe_estado,vfe_entregado,usu_nusuario) VALUES (11755,@@@2013.09.21@@@,3900,1,0,@@@G_DIAZ@@@)','',2,'2013-09-21'),(68394,'INSERT INTO gne_vale_ferreteria_mov (vfe_id,pro_codigo_plu,vfm_cantidad,vfm_unitario,vfm_total,vfm_entregado) VALUES (11755,770065,20,120,2400,@@@NO@@@)','',2,'2013-09-21'),(68395,'INSERT INTO gne_vale_ferreteria_mov (vfe_id,pro_codigo_plu,vfm_cantidad,vfm_unitario,vfm_total,vfm_entregado) VALUES (11755,124154,50,30,1500,@@@NO@@@)','',2,'2013-09-21'),(68396,'INSERT INTO gne_vale_ferreteria (vfe_id,vfe_fecha,vfe_total,vfe_estado,vfe_entregado,usu_nusuario) VALUES (11756,@@@2013.09.21@@@,1060,1,0,@@@G_DIAZ@@@)','',2,'2013-09-21'),(68397,'INSERT INTO gne_vale_ferreteria_mov (vfe_id,pro_codigo_plu,vfm_cantidad,vfm_unitario,vfm_total,vfm_entregado) VALUES (11756,101677,2,530,1060,@@@NO@@@)','',2,'2013-09-21'),(68398,'INSERT INTO gne_vale_ferreteria (vfe_id,vfe_fecha,vfe_total,vfe_estado,vfe_entregado,usu_nusuario) VALUES (11757,@@@2013.09.21@@@,890,1,0,@@@G_DIAZ@@@)','',2,'2013-09-21'),(68399,'INSERT INTO gne_vale_ferreteria_mov (vfe_id,pro_codigo_plu,vfm_cantidad,vfm_unitario,vfm_total,vfm_entregado) VALUES (11757,11670,1,890,890,@@@NO@@@)','',2,'2013-09-21'),(68400,'INSERT INTO gne_vale_ferreteria (vfe_id,vfe_fecha,vfe_total,vfe_estado,vfe_entregado,usu_nusuario) VALUES (11758,@@@2013.09.21@@@,530,1,0,@@@G_DIAZ@@@)','',2,'2013-09-21'),(68401,'INSERT INTO gne_vale_ferreteria_mov (vfe_id,pro_codigo_plu,vfm_cantidad,vfm_unitario,vfm_total,vfm_entregado) VALUES (11758,101677,1,530,530,@@@NO@@@)','',2,'2013-09-21'),(68402,'INSERT INTO gne_vale_ferreteria (vfe_id,vfe_fecha,vfe_total,vfe_estado,vfe_entregado,usu_nusuario) VALUES (11759,@@@2013.09.21@@@,490,1,0,@@@G_DIAZ@@@)','',2,'2013-09-21'),(68403,'INSERT INTO gne_vale_ferreteria_mov (vfe_id,pro_codigo_plu,vfm_cantidad,vfm_unitario,vfm_total,vfm_entregado) VALUES (11759,780220183,1,490,490,@@@NO@@@)','',2,'2013-09-21'),(68404,'INSERT INTO gne_vale_ferreteria (vfe_id,vfe_fecha,vfe_total,vfe_estado,vfe_entregado,usu_nusuario) VALUES (11760,@@@2013.09.21@@@,1060,1,0,@@@G_DIAZ@@@)','',2,'2013-09-21'),(68405,'INSERT INTO gne_vale_ferreteria_mov (vfe_id,pro_codigo_plu,vfm_cantidad,vfm_unitario,vfm_total,vfm_entregado) VALUES (11760,101677,2,530,1060,@@@NO@@@)','',2,'2013-09-21'),(68406,'INSERT INTO gne_vale_ferreteria (vfe_id,vfe_fecha,vfe_total,vfe_estado,vfe_entregado,usu_nusuario) VALUES (11761,@@@2013.09.21@@@,1190,1,0,@@@G_DIAZ@@@)','',2,'2013-09-21'),(68407,'INSERT INTO gne_vale_ferreteria_mov (vfe_id,pro_codigo_plu,vfm_cantidad,vfm_unitario,vfm_total,vfm_entregado) VALUES (11761,764037,1,1190,1190,@@@NO@@@)','',2,'2013-09-21'),(68408,'INSERT INTO gne_vale_ferreteria (vfe_id,vfe_fecha,vfe_total,vfe_estado,vfe_entregado,usu_nusuario) VALUES (11762,@@@2013.09.21@@@,890,1,0,@@@G_DIAZ@@@)','',2,'2013-09-21'),(68409,'INSERT INTO gne_vale_ferreteria_mov (vfe_id,pro_codigo_plu,vfm_cantidad,vfm_unitario,vfm_total,vfm_entregado) VALUES (11762,763799,1,890,890,@@@NO@@@)','',2,'2013-09-21'),(68410,'INSERT INTO gne_vale_ferreteria (vfe_id,vfe_fecha,vfe_total,vfe_estado,vfe_entregado,usu_nusuario) VALUES (11763,@@@2013.09.21@@@,120,1,0,@@@G_DIAZ@@@)','',2,'2013-09-21'),(68411,'INSERT INTO gne_vale_ferreteria_mov (vfe_id,pro_codigo_plu,vfm_cantidad,vfm_unitario,vfm_total,vfm_entregado) VALUES (11763,8022,1,120,120,@@@NO@@@)','',2,'2013-09-21'),(68412,'INSERT INTO gne_vale_ferreteria (vfe_id,vfe_fecha,vfe_total,vfe_estado,vfe_entregado,usu_nusuario) VALUES (11764,@@@2013.09.21@@@,90,1,0,@@@G_DIAZ@@@)','',2,'2013-09-21'),(68413,'INSERT INTO gne_vale_ferreteria_mov (vfe_id,pro_codigo_plu,vfm_cantidad,vfm_unitario,vfm_total,vfm_entregado) VALUES (11764,13229,6,15,90,@@@NO@@@)','',2,'2013-09-21'),(68414,'INSERT INTO gne_vale_ferreteria (vfe_id,vfe_fecha,vfe_total,vfe_estado,vfe_entregado,usu_nusuario) VALUES (11765,@@@2013.09.21@@@,1890,1,0,@@@G_DIAZ@@@)','',2,'2013-09-21'),(68415,'INSERT INTO gne_vale_ferreteria_mov (vfe_id,pro_codigo_plu,vfm_cantidad,vfm_unitario,vfm_total,vfm_entregado) VALUES (11765,78016984,1,1890,1890,@@@NO@@@)','',2,'2013-09-21'),(68416,'INSERT INTO gne_vale_ferreteria (vfe_id,vfe_fecha,vfe_total,vfe_estado,vfe_entregado,usu_nusuario) VALUES (11766,@@@2013.09.21@@@,120,1,0,@@@G_DIAZ@@@)','',2,'2013-09-21'),(68417,'INSERT INTO gne_vale_ferreteria_mov (vfe_id,pro_codigo_plu,vfm_cantidad,vfm_unitario,vfm_total,vfm_entregado) VALUES (11766,1064,1,120,120,@@@NO@@@)','',2,'2013-09-21'),(68418,'INSERT INTO gne_vale_ferreteria (vfe_id,vfe_fecha,vfe_total,vfe_estado,vfe_entregado,usu_nusuario) VALUES (11767,@@@2013.09.21@@@,3990,1,0,@@@G_DIAZ@@@)','',2,'2013-09-21'),(68419,'INSERT INTO gne_vale_ferreteria_mov (vfe_id,pro_codigo_plu,vfm_cantidad,vfm_unitario,vfm_total,vfm_entregado) VALUES (11767,780721736,1,3990,3990,@@@NO@@@)','',2,'2013-09-21'),(68420,'INSERT INTO gne_vale_ferreteria (vfe_id,vfe_fecha,vfe_total,vfe_estado,vfe_entregado,usu_nusuario) VALUES (11768,@@@2013.09.21@@@,680,1,0,@@@G_DIAZ@@@)','',2,'2013-09-21'),(68421,'INSERT INTO gne_vale_ferreteria_mov (vfe_id,pro_codigo_plu,vfm_cantidad,vfm_unitario,vfm_total,vfm_entregado) VALUES (11768,19866,1,680,680,@@@NO@@@)','',2,'2013-09-21'),(68422,'INSERT INTO gne_vale_ferreteria (vfe_id,vfe_fecha,vfe_total,vfe_estado,vfe_entregado,usu_nusuario) VALUES (11769,@@@2013.09.21@@@,4500,1,0,@@@G_DIAZ@@@)','',2,'2013-09-21'),(68423,'INSERT INTO gne_vale_ferreteria_mov (vfe_id,pro_codigo_plu,vfm_cantidad,vfm_unitario,vfm_total,vfm_entregado) VALUES (11769,20425,2,2250,4500,@@@NO@@@)','',2,'2013-09-21'),(68424,'INSERT INTO gne_vale_ferreteria (vfe_id,vfe_fecha,vfe_total,vfe_estado,vfe_entregado,usu_nusuario) VALUES (11770,@@@2013.09.21@@@,2180,1,0,@@@G_DIAZ@@@)','',2,'2013-09-21'),(68425,'INSERT INTO gne_vale_ferreteria_mov (vfe_id,pro_codigo_plu,vfm_cantidad,vfm_unitario,vfm_total,vfm_entregado) VALUES (11770,990002,1,1490,1490,@@@NO@@@)','',2,'2013-09-21'),(68426,'INSERT INTO gne_vale_ferreteria_mov (vfe_id,pro_codigo_plu,vfm_cantidad,vfm_unitario,vfm_total,vfm_entregado) VALUES (11770,770091,1,690,690,@@@NO@@@)','',2,'2013-09-21'),(68427,'INSERT INTO gne_vale_ferreteria (vfe_id,vfe_fecha,vfe_total,vfe_estado,vfe_entregado,usu_nusuario) VALUES (11771,@@@2013.09.21@@@,1990,1,0,@@@G_DIAZ@@@)','',2,'2013-09-21'),(68428,'INSERT INTO gne_vale_ferreteria_mov (vfe_id,pro_codigo_plu,vfm_cantidad,vfm_unitario,vfm_total,vfm_entregado) VALUES (11771,780721544,1,1990,1990,@@@NO@@@)','',2,'2013-09-21'),(68429,'INSERT INTO gne_vale_ferreteria (vfe_id,vfe_fecha,vfe_total,vfe_estado,vfe_entregado,usu_nusuario) VALUES (11772,@@@2013.09.21@@@,3390,1,0,@@@G_DIAZ@@@)','',2,'2013-09-21'),(68430,'INSERT INTO gne_vale_ferreteria_mov (vfe_id,pro_codigo_plu,vfm_cantidad,vfm_unitario,vfm_total,vfm_entregado) VALUES (11772,780721569,1,3390,3390,@@@NO@@@)','',2,'2013-09-21'),(68431,'INSERT INTO gne_vale_ferreteria (vfe_id,vfe_fecha,vfe_total,vfe_estado,vfe_entregado,usu_nusuario) VALUES (11773,@@@2013.09.21@@@,690,1,0,@@@G_DIAZ@@@)','',2,'2013-09-21'),(68432,'INSERT INTO gne_vale_ferreteria_mov (vfe_id,pro_codigo_plu,vfm_cantidad,vfm_unitario,vfm_total,vfm_entregado) VALUES (11773,770091,1,690,690,@@@NO@@@)','',2,'2013-09-21'),(68433,'INSERT INTO gne_vale_ferreteria (vfe_id,vfe_fecha,vfe_total,vfe_estado,vfe_entregado,usu_nusuario) VALUES (11774,@@@2013.09.21@@@,690,1,0,@@@G_DIAZ@@@)','',2,'2013-09-21'),(68434,'INSERT INTO gne_vale_ferreteria_mov (vfe_id,pro_codigo_plu,vfm_cantidad,vfm_unitario,vfm_total,vfm_entregado) VALUES (11774,770091,1,690,690,@@@NO@@@)','',2,'2013-09-21'),(68435,'INSERT INTO gne_vale_ferreteria (vfe_id,vfe_fecha,vfe_total,vfe_estado,vfe_entregado,usu_nusuario) VALUES (11775,@@@2013.09.21@@@,3670,1,0,@@@G_DIAZ@@@)','',2,'2013-09-21'),(68436,'INSERT INTO gne_vale_ferreteria_mov (vfe_id,pro_codigo_plu,vfm_cantidad,vfm_unitario,vfm_total,vfm_entregado) VALUES (11775,990003,1,990,990,@@@NO@@@)','',2,'2013-09-21'),(68437,'INSERT INTO gne_vale_ferreteria_mov (vfe_id,pro_codigo_plu,vfm_cantidad,vfm_unitario,vfm_total,vfm_entregado) VALUES (11775,780721457,1,1490,1490,@@@NO@@@)','',2,'2013-09-21'),(68438,'INSERT INTO gne_vale_ferreteria_mov (vfe_id,pro_codigo_plu,vfm_cantidad,vfm_unitario,vfm_total,vfm_entregado) VALUES (11775,61944300,1,1190,1190,@@@NO@@@)','',2,'2013-09-21'),(68439,'INSERT INTO gne_vale_ferreteria (vfe_id,vfe_fecha,vfe_total,vfe_estado,vfe_entregado,usu_nusuario) VALUES (11776,@@@2013.09.21@@@,200,1,0,@@@G_DIAZ@@@)','',2,'2013-09-21'),(68440,'INSERT INTO gne_vale_ferreteria_mov (vfe_id,pro_codigo_plu,vfm_cantidad,vfm_unitario,vfm_total,vfm_entregado) VALUES (11776,20368,1,100,100,@@@NO@@@)','',2,'2013-09-21'),(68441,'INSERT INTO gne_vale_ferreteria_mov (vfe_id,pro_codigo_plu,vfm_cantidad,vfm_unitario,vfm_total,vfm_entregado) VALUES (11776,20146,1,100,100,@@@NO@@@)','',2,'2013-09-21'),(68442,'INSERT INTO gne_vale_ferreteria (vfe_id,vfe_fecha,vfe_total,vfe_estado,vfe_entregado,usu_nusuario) VALUES (11777,@@@2013.09.21@@@,300,1,0,@@@G_DIAZ@@@)','',2,'2013-09-21'),(68443,'INSERT INTO gne_vale_ferreteria_mov (vfe_id,pro_codigo_plu,vfm_cantidad,vfm_unitario,vfm_total,vfm_entregado) VALUES (11777,78017110,2,150,300,@@@NO@@@)','',2,'2013-09-21'),(68444,'INSERT INTO gne_vale_ferreteria (vfe_id,vfe_fecha,vfe_total,vfe_estado,vfe_entregado,usu_nusuario) VALUES (11778,@@@2013.09.21@@@,280,1,0,@@@G_DIAZ@@@)','',2,'2013-09-21'),(68445,'INSERT INTO gne_vale_ferreteria_mov (vfe_id,pro_codigo_plu,vfm_cantidad,vfm_unitario,vfm_total,vfm_entregado) VALUES (11778,770001,2,80,160,@@@NO@@@)','',2,'2013-09-21'),(68446,'INSERT INTO gne_vale_ferreteria_mov (vfe_id,pro_codigo_plu,vfm_cantidad,vfm_unitario,vfm_total,vfm_entregado) VALUES (11778,8022,1,120,120,@@@NO@@@)','',2,'2013-09-21'),(68447,'INSERT INTO gne_vale_ferreteria (vfe_id,vfe_fecha,vfe_total,vfe_estado,vfe_entregado,usu_nusuario) VALUES (11779,@@@2013.09.21@@@,500,1,0,@@@G_DIAZ@@@)','',2,'2013-09-21'),(68448,'INSERT INTO gne_vale_ferreteria_mov (vfe_id,pro_codigo_plu,vfm_cantidad,vfm_unitario,vfm_total,vfm_entregado) VALUES (11779,78017105,2,250,500,@@@NO@@@)','',2,'2013-09-21'),(68449,'INSERT INTO gne_vale_ferreteria (vfe_id,vfe_fecha,vfe_total,vfe_estado,vfe_entregado,usu_nusuario) VALUES (11780,@@@2013.09.22@@@,850,1,0,@@@b_SAEZ@@@)','',2,'2013-09-22'),(68450,'INSERT INTO gne_vale_ferreteria_mov (vfe_id,pro_codigo_plu,vfm_cantidad,vfm_unitario,vfm_total,vfm_entregado) VALUES (11780,780220195,1,590,590,@@@NO@@@)','',2,'2013-09-22'),(68451,'INSERT INTO gne_vale_ferreteria_mov (vfe_id,pro_codigo_plu,vfm_cantidad,vfm_unitario,vfm_total,vfm_entregado) VALUES (11780,15929,2,130,260,@@@NO@@@)','',2,'2013-09-22'),(68452,'INSERT INTO gne_vale_ferreteria (vfe_id,vfe_fecha,vfe_total,vfe_estado,vfe_entregado,usu_nusuario) VALUES (11781,@@@2013.09.22@@@,390,1,0,@@@b_SAEZ@@@)','',2,'2013-09-22'),(68453,'INSERT INTO gne_vale_ferreteria_mov (vfe_id,pro_codigo_plu,vfm_cantidad,vfm_unitario,vfm_total,vfm_entregado) VALUES (11781,1536,1,290,290,@@@NO@@@)','',2,'2013-09-22'),(68454,'INSERT INTO gne_vale_ferreteria_mov (vfe_id,pro_codigo_plu,vfm_cantidad,vfm_unitario,vfm_total,vfm_entregado) VALUES (11781,1542,1,100,100,@@@NO@@@)','',2,'2013-09-22'),(68455,'INSERT INTO gne_vale_ferreteria (vfe_id,vfe_fecha,vfe_total,vfe_estado,vfe_entregado,usu_nusuario) VALUES (11782,@@@2013.09.22@@@,4290,1,0,@@@b_SAEZ@@@)','',2,'2013-09-22'),(68456,'INSERT INTO gne_vale_ferreteria_mov (vfe_id,pro_codigo_plu,vfm_cantidad,vfm_unitario,vfm_total,vfm_entregado) VALUES (11782,3093,1,1100,1100,@@@NO@@@)','',2,'2013-09-22'),(68457,'INSERT INTO gne_vale_ferreteria_mov (vfe_id,pro_codigo_plu,vfm_cantidad,vfm_unitario,vfm_total,vfm_entregado) VALUES (11782,262179,1,3190,3190,@@@NO@@@)','',2,'2013-09-22'),(68458,'INSERT INTO gne_vale_ferreteria (vfe_id,vfe_fecha,vfe_total,vfe_estado,vfe_entregado,usu_nusuario) VALUES (11783,@@@2013.09.22@@@,500,1,0,@@@b_SAEZ@@@)','',2,'2013-09-22'),(68459,'INSERT INTO gne_vale_ferreteria_mov (vfe_id,pro_codigo_plu,vfm_cantidad,vfm_unitario,vfm_total,vfm_entregado) VALUES (11783,4091,2,250,500,@@@NO@@@)','',2,'2013-09-22'),(68460,'INSERT INTO gne_vale_ferreteria (vfe_id,vfe_fecha,vfe_total,vfe_estado,vfe_entregado,usu_nusuario) VALUES (11784,@@@2013.09.22@@@,1490,1,0,@@@b_SAEZ@@@)','',2,'2013-09-22'),(68461,'INSERT INTO gne_vale_ferreteria_mov (vfe_id,pro_codigo_plu,vfm_cantidad,vfm_unitario,vfm_total,vfm_entregado) VALUES (11784,764564,1,1490,1490,@@@NO@@@)','',2,'2013-09-22'),(68462,'INSERT INTO gne_vale_ferreteria (vfe_id,vfe_fecha,vfe_total,vfe_estado,vfe_entregado,usu_nusuario) VALUES (11785,@@@2013.09.22@@@,1380,1,0,@@@b_SAEZ@@@)','',2,'2013-09-22'),(68463,'INSERT INTO gne_vale_ferreteria_mov (vfe_id,pro_codigo_plu,vfm_cantidad,vfm_unitario,vfm_total,vfm_entregado) VALUES (11785,764830,2,690,1380,@@@NO@@@)','',2,'2013-09-22'),(68464,'INSERT INTO gne_vale_ferreteria (vfe_id,vfe_fecha,vfe_total,vfe_estado,vfe_entregado,usu_nusuario) VALUES (11786,@@@2013.09.22@@@,1190,1,0,@@@b_SAEZ@@@)','',2,'2013-09-22'),(68465,'INSERT INTO gne_vale_ferreteria_mov (vfe_id,pro_codigo_plu,vfm_cantidad,vfm_unitario,vfm_total,vfm_entregado) VALUES (11786,765003,1,1190,1190,@@@NO@@@)','',2,'2013-09-22'),(68466,'INSERT INTO gne_vale_ferreteria (vfe_id,vfe_fecha,vfe_total,vfe_estado,vfe_entregado,usu_nusuario) VALUES (11787,@@@2013.09.22@@@,590,1,0,@@@b_SAEZ@@@)','',2,'2013-09-22'),(68467,'INSERT INTO gne_vale_ferreteria_mov (vfe_id,pro_codigo_plu,vfm_cantidad,vfm_unitario,vfm_total,vfm_entregado) VALUES (11787,780721716,1,590,590,@@@NO@@@)','',2,'2013-09-22'),(68468,'INSERT INTO gne_vale_ferreteria (vfe_id,vfe_fecha,vfe_total,vfe_estado,vfe_entregado,usu_nusuario) VALUES (11788,@@@2013.09.22@@@,150,1,0,@@@b_SAEZ@@@)','',2,'2013-09-22'),(68469,'INSERT INTO gne_vale_ferreteria_mov (vfe_id,pro_codigo_plu,vfm_cantidad,vfm_unitario,vfm_total,vfm_entregado) VALUES (11788,763790,5,30,150,@@@NO@@@)','',2,'2013-09-22'),(68470,'INSERT INTO gne_vale_ferreteria (vfe_id,vfe_fecha,vfe_total,vfe_estado,vfe_entregado,usu_nusuario) VALUES (11789,@@@2013.09.22@@@,430,1,0,@@@b_SAEZ@@@)','',2,'2013-09-22'),(68471,'INSERT INTO gne_vale_ferreteria_mov (vfe_id,pro_codigo_plu,vfm_cantidad,vfm_unitario,vfm_total,vfm_entregado) VALUES (11789,16664,1,430,430,@@@NO@@@)','',2,'2013-09-22'),(68472,'INSERT INTO gne_vale_ferreteria (vfe_id,vfe_fecha,vfe_total,vfe_estado,vfe_entregado,usu_nusuario) VALUES (11790,@@@2013.09.22@@@,430,1,0,@@@b_SAEZ@@@)','',2,'2013-09-22'),(68473,'INSERT INTO gne_vale_ferreteria_mov (vfe_id,pro_codigo_plu,vfm_cantidad,vfm_unitario,vfm_total,vfm_entregado) VALUES (11790,16664,1,430,430,@@@NO@@@)','',2,'2013-09-22'),(68474,'INSERT INTO gne_vale_ferreteria (vfe_id,vfe_fecha,vfe_total,vfe_estado,vfe_entregado,usu_nusuario) VALUES (11791,@@@2013.09.22@@@,750,1,0,@@@b_SAEZ@@@)','',2,'2013-09-22'),(68475,'INSERT INTO gne_vale_ferreteria_mov (vfe_id,pro_codigo_plu,vfm_cantidad,vfm_unitario,vfm_total,vfm_entregado) VALUES (11791,780721428,1,750,750,@@@NO@@@)','',2,'2013-09-22'),(68476,'INSERT INTO gne_vale_ferreteria (vfe_id,vfe_fecha,vfe_total,vfe_estado,vfe_entregado,usu_nusuario) VALUES (11792,@@@2013.09.22@@@,3990,1,0,@@@b_SAEZ@@@)','',2,'2013-09-22'),(68477,'INSERT INTO gne_vale_ferreteria_mov (vfe_id,pro_codigo_plu,vfm_cantidad,vfm_unitario,vfm_total,vfm_entregado) VALUES (11792,780721117,1,3990,3990,@@@NO@@@)','',2,'2013-09-22'),(68478,'INSERT INTO gne_vale_ferreteria (vfe_id,vfe_fecha,vfe_total,vfe_estado,vfe_entregado,usu_nusuario) VALUES (11793,@@@2013.09.22@@@,1490,1,0,@@@b_SAEZ@@@)','',2,'2013-09-22'),(68479,'INSERT INTO gne_vale_ferreteria_mov (vfe_id,pro_codigo_plu,vfm_cantidad,vfm_unitario,vfm_total,vfm_entregado) VALUES (11793,780721724,2,550,1100,@@@NO@@@)','',2,'2013-09-22'),(68480,'INSERT INTO gne_vale_ferreteria_mov (vfe_id,pro_codigo_plu,vfm_cantidad,vfm_unitario,vfm_total,vfm_entregado) VALUES (11793,1535,1,390,390,@@@NO@@@)','',2,'2013-09-22'),(68481,'INSERT INTO gne_vale_ferreteria (vfe_id,vfe_fecha,vfe_total,vfe_estado,vfe_entregado,usu_nusuario) VALUES (11794,@@@2013.09.22@@@,60,1,0,@@@b_SAEZ@@@)','',2,'2013-09-22'),(68482,'INSERT INTO gne_vale_ferreteria_mov (vfe_id,pro_codigo_plu,vfm_cantidad,vfm_unitario,vfm_total,vfm_entregado) VALUES (11794,1605,6,10,60,@@@NO@@@)','',2,'2013-09-22'),(68483,'INSERT INTO gne_vale_ferreteria (vfe_id,vfe_fecha,vfe_total,vfe_estado,vfe_entregado,usu_nusuario) VALUES (11795,@@@2013.09.22@@@,390,1,0,@@@b_SAEZ@@@)','',2,'2013-09-22'),(68484,'INSERT INTO gne_vale_ferreteria_mov (vfe_id,pro_codigo_plu,vfm_cantidad,vfm_unitario,vfm_total,vfm_entregado) VALUES (11795,1535,1,390,390,@@@NO@@@)','',2,'2013-09-22'),(68485,'UPDATE mae_productos SET pro_margen_actual=36.8,pro_precio_venta=420 WHERE pro_codigo_plu=780721863','',2,'2013-09-22'),(68486,'UPDATE mae_productos SET pro_margen_actual=-22.12,pro_precio_venta=250 WHERE pro_codigo_plu=608','',2,'2013-09-22'),(68487,'UPDATE mae_productos SET pro_margen_actual=-35.19,pro_precio_venta=350 WHERE pro_codigo_plu=607','',2,'2013-09-22'),(68488,'UPDATE mae_productos SET pro_precio_fiscal=pro_precio_venta WHERE pro_codigo_plu=608','',2,'2013-09-22'),(68489,'UPDATE mae_productos SET pro_precio_fiscal=pro_precio_venta WHERE pro_codigo_plu=780721863','',2,'2013-09-22'),(68490,'UPDATE mae_productos SET pro_margen_actual=-44,pro_precio_venta=350 WHERE pro_codigo_plu=532','',2,'2013-09-22'),(68491,'UPDATE mae_productos SET pro_precio_fiscal=pro_precio_venta WHERE pro_codigo_plu=532','',2,'2013-09-22'),(68492,'INSERT INTO gne_vale_ferreteria (vfe_id,vfe_fecha,vfe_total,vfe_estado,vfe_entregado,usu_nusuario) VALUES (11796,@@@2013.09.22@@@,690,1,0,@@@b_SAEZ@@@)','',2,'2013-09-22'),(68493,'INSERT INTO gne_vale_ferreteria_mov (vfe_id,pro_codigo_plu,vfm_cantidad,vfm_unitario,vfm_total,vfm_entregado) VALUES (11796,7705007,1,690,690,@@@NO@@@)','',2,'2013-09-22'),(68494,'INSERT INTO gne_vale_ferreteria (vfe_id,vfe_fecha,vfe_total,vfe_estado,vfe_entregado,usu_nusuario) VALUES (11797,@@@2013.09.22@@@,350,1,0,@@@b_SAEZ@@@)','',2,'2013-09-22'),(68495,'INSERT INTO gne_vale_ferreteria_mov (vfe_id,pro_codigo_plu,vfm_cantidad,vfm_unitario,vfm_total,vfm_entregado) VALUES (11797,780721185,1,350,350,@@@NO@@@)','',2,'2013-09-22'),(68496,'INSERT INTO gne_vale_ferreteria (vfe_id,vfe_fecha,vfe_total,vfe_estado,vfe_entregado,usu_nusuario) VALUES (11798,@@@2013.09.22@@@,990,1,0,@@@b_SAEZ@@@)','',2,'2013-09-22'),(68497,'INSERT INTO gne_vale_ferreteria_mov (vfe_id,pro_codigo_plu,vfm_cantidad,vfm_unitario,vfm_total,vfm_entregado) VALUES (11798,2008,1,990,990,@@@NO@@@)','',2,'2013-09-22'),(68498,'INSERT INTO gne_vale_ferreteria (vfe_id,vfe_fecha,vfe_total,vfe_estado,vfe_entregado,usu_nusuario) VALUES (11799,@@@2013.09.22@@@,490,1,0,@@@b_SAEZ@@@)','',2,'2013-09-22'),(68499,'INSERT INTO gne_vale_ferreteria_mov (vfe_id,pro_codigo_plu,vfm_cantidad,vfm_unitario,vfm_total,vfm_entregado) VALUES (11799,764751,1,490,490,@@@NO@@@)','',2,'2013-09-22'),(68500,'INSERT INTO gne_vale_ferreteria (vfe_id,vfe_fecha,vfe_total,vfe_estado,vfe_entregado,usu_nusuario) VALUES (11800,@@@2013.09.22@@@,390,1,0,@@@b_SAEZ@@@)','',2,'2013-09-22'),(68501,'INSERT INTO gne_vale_ferreteria_mov (vfe_id,pro_codigo_plu,vfm_cantidad,vfm_unitario,vfm_total,vfm_entregado) VALUES (11800,1535,1,390,390,@@@NO@@@)','',2,'2013-09-22'),(68502,'INSERT INTO gne_vale_ferreteria (vfe_id,vfe_fecha,vfe_total,vfe_estado,vfe_entregado,usu_nusuario) VALUES (11801,@@@2013.09.22@@@,450,1,0,@@@b_SAEZ@@@)','',2,'2013-09-22'),(68503,'INSERT INTO gne_vale_ferreteria_mov (vfe_id,pro_codigo_plu,vfm_cantidad,vfm_unitario,vfm_total,vfm_entregado) VALUES (11801,764016,1,450,450,@@@NO@@@)','',2,'2013-09-22'),(68504,'INSERT INTO gne_vale_ferreteria (vfe_id,vfe_fecha,vfe_total,vfe_estado,vfe_entregado,usu_nusuario) VALUES (11802,@@@2013.09.22@@@,240,1,0,@@@b_SAEZ@@@)','',2,'2013-09-22'),(68505,'INSERT INTO gne_vale_ferreteria_mov (vfe_id,pro_codigo_plu,vfm_cantidad,vfm_unitario,vfm_total,vfm_entregado) VALUES (11802,763778,1,240,240,@@@NO@@@)','',2,'2013-09-22'),(68506,'INSERT INTO gne_vale_ferreteria (vfe_id,vfe_fecha,vfe_total,vfe_estado,vfe_entregado,usu_nusuario) VALUES (11803,@@@2013.09.22@@@,690,1,0,@@@b_SAEZ@@@)','',2,'2013-09-22'),(68507,'INSERT INTO gne_vale_ferreteria_mov (vfe_id,pro_codigo_plu,vfm_cantidad,vfm_unitario,vfm_total,vfm_entregado) VALUES (11803,7705007,1,690,690,@@@NO@@@)','',2,'2013-09-22'),(68508,'INSERT INTO gne_vale_ferreteria (vfe_id,vfe_fecha,vfe_total,vfe_estado,vfe_entregado,usu_nusuario) VALUES (11804,@@@2013.09.22@@@,2480,1,0,@@@b_SAEZ@@@)','',2,'2013-09-22'),(68509,'INSERT INTO gne_vale_ferreteria_mov (vfe_id,pro_codigo_plu,vfm_cantidad,vfm_unitario,vfm_total,vfm_entregado) VALUES (11804,3002,1,490,490,@@@NO@@@)','',2,'2013-09-22'),(68510,'INSERT INTO gne_vale_ferreteria_mov (vfe_id,pro_codigo_plu,vfm_cantidad,vfm_unitario,vfm_total,vfm_entregado) VALUES (11804,761644,1,1990,1990,@@@NO@@@)','',2,'2013-09-22'),(68511,'INSERT INTO gne_vale_ferreteria (vfe_id,vfe_fecha,vfe_total,vfe_estado,vfe_entregado,usu_nusuario) VALUES (11805,@@@2013.09.22@@@,450,1,0,@@@b_SAEZ@@@)','',2,'2013-09-22'),(68512,'INSERT INTO gne_vale_ferreteria_mov (vfe_id,pro_codigo_plu,vfm_cantidad,vfm_unitario,vfm_total,vfm_entregado) VALUES (11805,780721324,1,450,450,@@@NO@@@)','',2,'2013-09-22'),(68513,'INSERT INTO gne_vale_ferreteria (vfe_id,vfe_fecha,vfe_total,vfe_estado,vfe_entregado,usu_nusuario) VALUES (11806,@@@2013.09.22@@@,400,1,0,@@@b_SAEZ@@@)','',2,'2013-09-22'),(68514,'INSERT INTO gne_vale_ferreteria_mov (vfe_id,pro_codigo_plu,vfm_cantidad,vfm_unitario,vfm_total,vfm_entregado) VALUES (11806,1556,2,200,400,@@@NO@@@)','',2,'2013-09-22'),(68515,'INSERT INTO gne_vale_ferreteria (vfe_id,vfe_fecha,vfe_total,vfe_estado,vfe_entregado,usu_nusuario) VALUES (11807,@@@2013.09.22@@@,1669,1,0,@@@b_SAEZ@@@)','',2,'2013-09-22'),(68516,'INSERT INTO gne_vale_ferreteria_mov (vfe_id,pro_codigo_plu,vfm_cantidad,vfm_unitario,vfm_total,vfm_entregado) VALUES (11807,780721451,1,390,390,@@@NO@@@)','',2,'2013-09-22'),(68517,'INSERT INTO gne_vale_ferreteria_mov (vfe_id,pro_codigo_plu,vfm_cantidad,vfm_unitario,vfm_total,vfm_entregado) VALUES (11807,780721231,1,999,999,@@@NO@@@)','',2,'2013-09-22'),(68518,'INSERT INTO gne_vale_ferreteria_mov (vfe_id,pro_codigo_plu,vfm_cantidad,vfm_unitario,vfm_total,vfm_entregado) VALUES (11807,12085,1,120,120,@@@NO@@@)','',2,'2013-09-22'),(68519,'INSERT INTO gne_vale_ferreteria_mov (vfe_id,pro_codigo_plu,vfm_cantidad,vfm_unitario,vfm_total,vfm_entregado) VALUES (11807,770001,2,80,160,@@@NO@@@)','',2,'2013-09-22'),(68520,'INSERT INTO gne_vale_ferreteria (vfe_id,vfe_fecha,vfe_total,vfe_estado,vfe_entregado,usu_nusuario) VALUES (11808,@@@2013.09.22@@@,1890,1,0,@@@b_SAEZ@@@)','',2,'2013-09-22'),(68521,'INSERT INTO gne_vale_ferreteria_mov (vfe_id,pro_codigo_plu,vfm_cantidad,vfm_unitario,vfm_total,vfm_entregado) VALUES (11808,101624,1,1890,1890,@@@NO@@@)','',2,'2013-09-22'),(68522,'INSERT INTO gne_vale_ferreteria (vfe_id,vfe_fecha,vfe_total,vfe_estado,vfe_entregado,usu_nusuario) VALUES (11809,@@@2013.09.22@@@,3490,1,0,@@@b_SAEZ@@@)','',2,'2013-09-22'),(68523,'INSERT INTO gne_vale_ferreteria_mov (vfe_id,pro_codigo_plu,vfm_cantidad,vfm_unitario,vfm_total,vfm_entregado) VALUES (11809,21108,1,3490,3490,@@@NO@@@)','',2,'2013-09-22'),(68524,'INSERT INTO gne_vale_ferreteria (vfe_id,vfe_fecha,vfe_total,vfe_estado,vfe_entregado,usu_nusuario) VALUES (11810,@@@2013.09.22@@@,1100,1,0,@@@b_SAEZ@@@)','',2,'2013-09-22'),(68525,'INSERT INTO gne_vale_ferreteria_mov (vfe_id,pro_codigo_plu,vfm_cantidad,vfm_unitario,vfm_total,vfm_entregado) VALUES (11810,13498,1,1100,1100,@@@NO@@@)','',2,'2013-09-22'),(68526,'INSERT INTO gne_vale_ferreteria (vfe_id,vfe_fecha,vfe_total,vfe_estado,vfe_entregado,usu_nusuario) VALUES (11811,@@@2013.09.22@@@,1180,1,0,@@@b_SAEZ@@@)','',2,'2013-09-22'),(68527,'INSERT INTO gne_vale_ferreteria_mov (vfe_id,pro_codigo_plu,vfm_cantidad,vfm_unitario,vfm_total,vfm_entregado) VALUES (11811,4098,2,590,1180,@@@NO@@@)','',2,'2013-09-22'),(68528,'INSERT INTO gne_vale_ferreteria (vfe_id,vfe_fecha,vfe_total,vfe_estado,vfe_entregado,usu_nusuario) VALUES (11812,@@@2013.09.22@@@,999,1,0,@@@b_SAEZ@@@)','',2,'2013-09-22'),(68529,'INSERT INTO gne_vale_ferreteria_mov (vfe_id,pro_codigo_plu,vfm_cantidad,vfm_unitario,vfm_total,vfm_entregado) VALUES (11812,780721231,1,999,999,@@@NO@@@)','',2,'2013-09-22'),(68530,'INSERT INTO gne_vale_ferreteria (vfe_id,vfe_fecha,vfe_total,vfe_estado,vfe_entregado,usu_nusuario) VALUES (11813,@@@2013.09.22@@@,50,1,0,@@@b_SAEZ@@@)','',2,'2013-09-22'),(68531,'INSERT INTO gne_vale_ferreteria_mov (vfe_id,pro_codigo_plu,vfm_cantidad,vfm_unitario,vfm_total,vfm_entregado) VALUES (11813,780220123,1,50,50,@@@NO@@@)','',2,'2013-09-22'),(68532,'INSERT INTO gne_vale_ferreteria (vfe_id,vfe_fecha,vfe_total,vfe_estado,vfe_entregado,usu_nusuario) VALUES (11814,@@@2013.09.22@@@,3649,1,0,@@@b_SAEZ@@@)','',2,'2013-09-22'),(68533,'INSERT INTO gne_vale_ferreteria_mov (vfe_id,pro_codigo_plu,vfm_cantidad,vfm_unitario,vfm_total,vfm_entregado) VALUES (11814,12083,1,260,260,@@@NO@@@)','',2,'2013-09-22'),(68534,'INSERT INTO gne_vale_ferreteria_mov (vfe_id,pro_codigo_plu,vfm_cantidad,vfm_unitario,vfm_total,vfm_entregado) VALUES (11814,20756,1,490,490,@@@NO@@@)','',2,'2013-09-22'),(68535,'INSERT INTO gne_vale_ferreteria_mov (vfe_id,pro_codigo_plu,vfm_cantidad,vfm_unitario,vfm_total,vfm_entregado) VALUES (11814,780721714,1,850,850,@@@NO@@@)','',2,'2013-09-22'),(68536,'INSERT INTO gne_vale_ferreteria_mov (vfe_id,pro_codigo_plu,vfm_cantidad,vfm_unitario,vfm_total,vfm_entregado) VALUES (11814,780220184,1,450,450,@@@NO@@@)','',2,'2013-09-22'),(68537,'INSERT INTO gne_vale_ferreteria_mov (vfe_id,pro_codigo_plu,vfm_cantidad,vfm_unitario,vfm_total,vfm_entregado) VALUES (11814,763622,1,1399,1399,@@@NO@@@)','',2,'2013-09-22'),(68538,'INSERT INTO gne_vale_ferreteria_mov (vfe_id,pro_codigo_plu,vfm_cantidad,vfm_unitario,vfm_total,vfm_entregado) VALUES (11814,78017176,1,200,200,@@@NO@@@)','',2,'2013-09-22'),(68539,'INSERT INTO gne_vale_ferreteria (vfe_id,vfe_fecha,vfe_total,vfe_estado,vfe_entregado,usu_nusuario) VALUES (11815,@@@2013.09.22@@@,1889,1,0,@@@b_SAEZ@@@)','',2,'2013-09-22'),(68540,'INSERT INTO gne_vale_ferreteria_mov (vfe_id,pro_codigo_plu,vfm_cantidad,vfm_unitario,vfm_total,vfm_entregado) VALUES (11815,763622,1,1399,1399,@@@NO@@@)','',2,'2013-09-22'),(68541,'INSERT INTO gne_vale_ferreteria_mov (vfe_id,pro_codigo_plu,vfm_cantidad,vfm_unitario,vfm_total,vfm_entregado) VALUES (11815,78017126,1,490,490,@@@NO@@@)','',2,'2013-09-22'),(68542,'INSERT INTO gne_vale_ferreteria (vfe_id,vfe_fecha,vfe_total,vfe_estado,vfe_entregado,usu_nusuario) VALUES (11816,@@@2013.09.22@@@,780,1,0,@@@b_SAEZ@@@)','',2,'2013-09-22'),(68543,'INSERT INTO gne_vale_ferreteria_mov (vfe_id,pro_codigo_plu,vfm_cantidad,vfm_unitario,vfm_total,vfm_entregado) VALUES (11816,1535,2,390,780,@@@NO@@@)','',2,'2013-09-22'),(68544,'INSERT INTO gne_vale_ferreteria (vfe_id,vfe_fecha,vfe_total,vfe_estado,vfe_entregado,usu_nusuario) VALUES (11817,@@@2013.09.22@@@,2790,1,0,@@@b_SAEZ@@@)','',2,'2013-09-22'),(68545,'INSERT INTO gne_vale_ferreteria_mov (vfe_id,pro_codigo_plu,vfm_cantidad,vfm_unitario,vfm_total,vfm_entregado) VALUES (11817,780721713,2,450,900,@@@NO@@@)','',2,'2013-09-22'),(68546,'INSERT INTO gne_vale_ferreteria_mov (vfe_id,pro_codigo_plu,vfm_cantidad,vfm_unitario,vfm_total,vfm_entregado) VALUES (11817,763994,1,1890,1890,@@@NO@@@)','',2,'2013-09-22'),(68547,'INSERT INTO gne_vale_ferreteria (vfe_id,vfe_fecha,vfe_total,vfe_estado,vfe_entregado,usu_nusuario) VALUES (11818,@@@2013.09.22@@@,8880,1,0,@@@b_SAEZ@@@)','',2,'2013-09-22'),(68548,'INSERT INTO gne_vale_ferreteria_mov (vfe_id,pro_codigo_plu,vfm_cantidad,vfm_unitario,vfm_total,vfm_entregado) VALUES (11818,780721318,1,6990,6990,@@@NO@@@)','',2,'2013-09-22'),(68549,'INSERT INTO gne_vale_ferreteria_mov (vfe_id,pro_codigo_plu,vfm_cantidad,vfm_unitario,vfm_total,vfm_entregado) VALUES (11818,780721574,1,1890,1890,@@@NO@@@)','',2,'2013-09-22'),(68550,'INSERT INTO gne_vale_ferreteria (vfe_id,vfe_fecha,vfe_total,vfe_estado,vfe_entregado,usu_nusuario) VALUES (11819,@@@2013.09.22@@@,2480,1,0,@@@b_SAEZ@@@)','',2,'2013-09-22'),(68551,'INSERT INTO gne_vale_ferreteria_mov (vfe_id,pro_codigo_plu,vfm_cantidad,vfm_unitario,vfm_total,vfm_entregado) VALUES (11819,2004,1,300,300,@@@NO@@@)','',2,'2013-09-22'),(68552,'INSERT INTO gne_vale_ferreteria_mov (vfe_id,pro_codigo_plu,vfm_cantidad,vfm_unitario,vfm_total,vfm_entregado) VALUES (11819,1535,1,390,390,@@@NO@@@)','',2,'2013-09-22'),(68553,'INSERT INTO gne_vale_ferreteria_mov (vfe_id,pro_codigo_plu,vfm_cantidad,vfm_unitario,vfm_total,vfm_entregado) VALUES (11819,20476,1,1790,1790,@@@NO@@@)','',2,'2013-09-22'),(68554,'INSERT INTO gne_vale_ferreteria (vfe_id,vfe_fecha,vfe_total,vfe_estado,vfe_entregado,usu_nusuario) VALUES (11820,@@@2013.09.22@@@,600,1,0,@@@b_SAEZ@@@)','',2,'2013-09-22'),(68555,'INSERT INTO gne_vale_ferreteria_mov (vfe_id,pro_codigo_plu,vfm_cantidad,vfm_unitario,vfm_total,vfm_entregado) VALUES (11820,12819,3,200,600,@@@NO@@@)','',2,'2013-09-22'),(68556,'INSERT INTO gne_vale_ferreteria (vfe_id,vfe_fecha,vfe_total,vfe_estado,vfe_entregado,usu_nusuario) VALUES (11821,@@@2013.09.22@@@,140,1,0,@@@b_SAEZ@@@)','',2,'2013-09-22'),(68557,'INSERT INTO gne_vale_ferreteria_mov (vfe_id,pro_codigo_plu,vfm_cantidad,vfm_unitario,vfm_total,vfm_entregado) VALUES (11821,78017027,2,70,140,@@@NO@@@)','',2,'2013-09-22'),(68558,'INSERT INTO gne_vale_ferreteria (vfe_id,vfe_fecha,vfe_total,vfe_estado,vfe_entregado,usu_nusuario) VALUES (11822,@@@2013.09.22@@@,320,1,0,@@@b_SAEZ@@@)','',2,'2013-09-22'),(68559,'INSERT INTO gne_vale_ferreteria_mov (vfe_id,pro_codigo_plu,vfm_cantidad,vfm_unitario,vfm_total,vfm_entregado) VALUES (11822,8022,1,120,120,@@@NO@@@)','',2,'2013-09-22'),(68560,'INSERT INTO gne_vale_ferreteria_mov (vfe_id,pro_codigo_plu,vfm_cantidad,vfm_unitario,vfm_total,vfm_entregado) VALUES (11822,764833,20,10,200,@@@NO@@@)','',2,'2013-09-22'),(68561,'INSERT INTO gne_vale_ferreteria (vfe_id,vfe_fecha,vfe_total,vfe_estado,vfe_entregado,usu_nusuario) VALUES (11823,@@@2013.09.22@@@,790,1,0,@@@b_SAEZ@@@)','',2,'2013-09-22'),(68562,'INSERT INTO gne_vale_ferreteria_mov (vfe_id,pro_codigo_plu,vfm_cantidad,vfm_unitario,vfm_total,vfm_entregado) VALUES (11823,101104,1,790,790,@@@NO@@@)','',2,'2013-09-22'),(68563,'INSERT INTO gne_vale_ferreteria (vfe_id,vfe_fecha,vfe_total,vfe_estado,vfe_entregado,usu_nusuario) VALUES (11824,@@@2013.09.22@@@,519,1,0,@@@b_SAEZ@@@)','',2,'2013-09-22'),(68564,'INSERT INTO gne_vale_ferreteria_mov (vfe_id,pro_codigo_plu,vfm_cantidad,vfm_unitario,vfm_total,vfm_entregado) VALUES (11824,8022,1,120,120,@@@NO@@@)','',2,'2013-09-22'),(68565,'INSERT INTO gne_vale_ferreteria_mov (vfe_id,pro_codigo_plu,vfm_cantidad,vfm_unitario,vfm_total,vfm_entregado) VALUES (11824,780721391,1,399,399,@@@NO@@@)','',2,'2013-09-22'),(68566,'INSERT INTO gne_vale_ferreteria (vfe_id,vfe_fecha,vfe_total,vfe_estado,vfe_entregado,usu_nusuario) VALUES (11825,@@@2013.09.22@@@,810,1,0,@@@b_SAEZ@@@)','',2,'2013-09-22'),(68567,'INSERT INTO gne_vale_ferreteria_mov (vfe_id,pro_codigo_plu,vfm_cantidad,vfm_unitario,vfm_total,vfm_entregado) VALUES (11825,780721058,1,520,520,@@@NO@@@)','',2,'2013-09-22'),(68568,'INSERT INTO gne_vale_ferreteria_mov (vfe_id,pro_codigo_plu,vfm_cantidad,vfm_unitario,vfm_total,vfm_entregado) VALUES (11825,3103,1,290,290,@@@NO@@@)','',2,'2013-09-22'),(68569,'INSERT INTO gne_vale_ferreteria (vfe_id,vfe_fecha,vfe_total,vfe_estado,vfe_entregado,usu_nusuario) VALUES (11826,@@@2013.09.22@@@,980,1,0,@@@b_SAEZ@@@)','',2,'2013-09-22'),(68570,'INSERT INTO gne_vale_ferreteria_mov (vfe_id,pro_codigo_plu,vfm_cantidad,vfm_unitario,vfm_total,vfm_entregado) VALUES (11826,780220183,2,490,980,@@@NO@@@)','',2,'2013-09-22'),(68571,'INSERT INTO gne_vale_ferreteria (vfe_id,vfe_fecha,vfe_total,vfe_estado,vfe_entregado,usu_nusuario) VALUES (11827,@@@2013.09.22@@@,900,1,0,@@@b_SAEZ@@@)','',2,'2013-09-22'),(68572,'INSERT INTO gne_vale_ferreteria_mov (vfe_id,pro_codigo_plu,vfm_cantidad,vfm_unitario,vfm_total,vfm_entregado) VALUES (11827,78017202,2,450,900,@@@NO@@@)','',2,'2013-09-22'),(68573,'INSERT INTO gne_vale_ferreteria (vfe_id,vfe_fecha,vfe_total,vfe_estado,vfe_entregado,usu_nusuario) VALUES (11828,@@@2013.09.22@@@,850,1,0,@@@b_SAEZ@@@)','',2,'2013-09-22'),(68574,'INSERT INTO gne_vale_ferreteria_mov (vfe_id,pro_codigo_plu,vfm_cantidad,vfm_unitario,vfm_total,vfm_entregado) VALUES (11828,780721714,1,850,850,@@@NO@@@)','',2,'2013-09-22'),(68575,'INSERT INTO gne_vale_ferreteria (vfe_id,vfe_fecha,vfe_total,vfe_estado,vfe_entregado,usu_nusuario) VALUES (11829,@@@2013.09.22@@@,1640,1,0,@@@b_SAEZ@@@)','',2,'2013-09-22'),(68576,'INSERT INTO gne_vale_ferreteria_mov (vfe_id,pro_codigo_plu,vfm_cantidad,vfm_unitario,vfm_total,vfm_entregado) VALUES (11829,764564,1,1490,1490,@@@NO@@@)','',2,'2013-09-22'),(68577,'INSERT INTO gne_vale_ferreteria_mov (vfe_id,pro_codigo_plu,vfm_cantidad,vfm_unitario,vfm_total,vfm_entregado) VALUES (11829,78017012,1,150,150,@@@NO@@@)','',2,'2013-09-22'),(68578,'INSERT INTO gne_vale_ferreteria (vfe_id,vfe_fecha,vfe_total,vfe_estado,vfe_entregado,usu_nusuario) VALUES (11830,@@@2013.09.22@@@,1590,1,0,@@@b_SAEZ@@@)','',2,'2013-09-22'),(68579,'INSERT INTO gne_vale_ferreteria_mov (vfe_id,pro_codigo_plu,vfm_cantidad,vfm_unitario,vfm_total,vfm_entregado) VALUES (11830,764993,1,1590,1590,@@@NO@@@)','',2,'2013-09-22'),(68580,'INSERT INTO gne_vale_ferreteria (vfe_id,vfe_fecha,vfe_total,vfe_estado,vfe_entregado,usu_nusuario) VALUES (11831,@@@2013.09.22@@@,1290,1,0,@@@b_SAEZ@@@)','',2,'2013-09-22'),(68581,'INSERT INTO gne_vale_ferreteria_mov (vfe_id,pro_codigo_plu,vfm_cantidad,vfm_unitario,vfm_total,vfm_entregado) VALUES (11831,764749,1,1290,1290,@@@NO@@@)','',2,'2013-09-22'),(68582,'INSERT INTO gne_vale_ferreteria (vfe_id,vfe_fecha,vfe_total,vfe_estado,vfe_entregado,usu_nusuario) VALUES (11832,@@@2013.09.22@@@,290,1,0,@@@b_SAEZ@@@)','',2,'2013-09-22'),(68583,'INSERT INTO gne_vale_ferreteria_mov (vfe_id,pro_codigo_plu,vfm_cantidad,vfm_unitario,vfm_total,vfm_entregado) VALUES (11832,1559,1,290,290,@@@NO@@@)','',2,'2013-09-22'),(68584,'INSERT INTO gne_vale_ferreteria (vfe_id,vfe_fecha,vfe_total,vfe_estado,vfe_entregado,usu_nusuario) VALUES (11833,@@@2013.09.22@@@,1390,1,0,@@@b_SAEZ@@@)','',2,'2013-09-22'),(68585,'INSERT INTO gne_vale_ferreteria_mov (vfe_id,pro_codigo_plu,vfm_cantidad,vfm_unitario,vfm_total,vfm_entregado) VALUES (11833,10959,1,1390,1390,@@@NO@@@)','',2,'2013-09-22'),(68586,'INSERT INTO gne_vale_ferreteria (vfe_id,vfe_fecha,vfe_total,vfe_estado,vfe_entregado,usu_nusuario) VALUES (11834,@@@2013.09.22@@@,490,1,0,@@@b_SAEZ@@@)','',2,'2013-09-22'),(68587,'INSERT INTO gne_vale_ferreteria_mov (vfe_id,pro_codigo_plu,vfm_cantidad,vfm_unitario,vfm_total,vfm_entregado) VALUES (11834,15802,1,490,490,@@@NO@@@)','',2,'2013-09-22'),(68588,'INSERT INTO gne_vale_ferreteria (vfe_id,vfe_fecha,vfe_total,vfe_estado,vfe_entregado,usu_nusuario) VALUES (11835,@@@2013.09.22@@@,200,1,0,@@@b_SAEZ@@@)','',2,'2013-09-22'),(68589,'INSERT INTO gne_vale_ferreteria_mov (vfe_id,pro_codigo_plu,vfm_cantidad,vfm_unitario,vfm_total,vfm_entregado) VALUES (11835,78017140,1,200,200,@@@NO@@@)','',2,'2013-09-22'),(68590,'INSERT INTO gne_vale_ferreteria (vfe_id,vfe_fecha,vfe_total,vfe_estado,vfe_entregado,usu_nusuario) VALUES (11836,@@@2013.09.22@@@,2390,1,0,@@@b_SAEZ@@@)','',2,'2013-09-22'),(68591,'INSERT INTO gne_vale_ferreteria_mov (vfe_id,pro_codigo_plu,vfm_cantidad,vfm_unitario,vfm_total,vfm_entregado) VALUES (11836,262263,1,2390,2390,@@@NO@@@)','',2,'2013-09-22'),(68592,'INSERT INTO gne_vale_ferreteria (vfe_id,vfe_fecha,vfe_total,vfe_estado,vfe_entregado,usu_nusuario) VALUES (11837,@@@2013.09.22@@@,540,1,0,@@@b_SAEZ@@@)','',2,'2013-09-22'),(68593,'INSERT INTO gne_vale_ferreteria_mov (vfe_id,pro_codigo_plu,vfm_cantidad,vfm_unitario,vfm_total,vfm_entregado) VALUES (11837,19916,1,540,540,@@@NO@@@)','',2,'2013-09-22'),(68594,'INSERT INTO gne_vale_ferreteria (vfe_id,vfe_fecha,vfe_total,vfe_estado,vfe_entregado,usu_nusuario) VALUES (11838,@@@2013.09.22@@@,1380,1,0,@@@b_SAEZ@@@)','',2,'2013-09-22'),(68595,'INSERT INTO gne_vale_ferreteria_mov (vfe_id,pro_codigo_plu,vfm_cantidad,vfm_unitario,vfm_total,vfm_entregado) VALUES (11838,7705007,2,690,1380,@@@NO@@@)','',2,'2013-09-22'),(68596,'INSERT INTO gne_vale_ferreteria (vfe_id,vfe_fecha,vfe_total,vfe_estado,vfe_entregado,usu_nusuario) VALUES (11839,@@@2013.09.22@@@,1770,1,0,@@@b_SAEZ@@@)','',2,'2013-09-22'),(68597,'INSERT INTO gne_vale_ferreteria_mov (vfe_id,pro_codigo_plu,vfm_cantidad,vfm_unitario,vfm_total,vfm_entregado) VALUES (11839,7705007,2,690,1380,@@@NO@@@)','',2,'2013-09-22'),(68598,'INSERT INTO gne_vale_ferreteria_mov (vfe_id,pro_codigo_plu,vfm_cantidad,vfm_unitario,vfm_total,vfm_entregado) VALUES (11839,7500,1,390,390,@@@NO@@@)','',2,'2013-09-22'),(68599,'INSERT INTO gne_vale_ferreteria (vfe_id,vfe_fecha,vfe_total,vfe_estado,vfe_entregado,usu_nusuario) VALUES (11840,@@@2013.09.22@@@,260,1,0,@@@b_SAEZ@@@)','',2,'2013-09-22'),(68600,'INSERT INTO gne_vale_ferreteria_mov (vfe_id,pro_codigo_plu,vfm_cantidad,vfm_unitario,vfm_total,vfm_entregado) VALUES (11840,15967,2,130,260,@@@NO@@@)','',2,'2013-09-22'),(68601,'INSERT INTO gne_vale_ferreteria (vfe_id,vfe_fecha,vfe_total,vfe_estado,vfe_entregado,usu_nusuario) VALUES (11841,@@@2013.09.22@@@,12069,1,0,@@@b_SAEZ@@@)','',2,'2013-09-22'),(68602,'INSERT INTO gne_vale_ferreteria_mov (vfe_id,pro_codigo_plu,vfm_cantidad,vfm_unitario,vfm_total,vfm_entregado) VALUES (11841,763766,1,3390,3390,@@@NO@@@)','',2,'2013-09-22'),(68603,'INSERT INTO gne_vale_ferreteria_mov (vfe_id,pro_codigo_plu,vfm_cantidad,vfm_unitario,vfm_total,vfm_entregado) VALUES (11841,764809,1,4390,4390,@@@NO@@@)','',2,'2013-09-22'),(68604,'INSERT INTO gne_vale_ferreteria_mov (vfe_id,pro_codigo_plu,vfm_cantidad,vfm_unitario,vfm_total,vfm_entregado) VALUES (11841,101735,1,2499,2499,@@@NO@@@)','',2,'2013-09-22'),(68605,'INSERT INTO gne_vale_ferreteria_mov (vfe_id,pro_codigo_plu,vfm_cantidad,vfm_unitario,vfm_total,vfm_entregado) VALUES (11841,780721734,1,1790,1790,@@@NO@@@)','',2,'2013-09-22'),(68606,'INSERT INTO gne_vale_ferreteria (vfe_id,vfe_fecha,vfe_total,vfe_estado,vfe_entregado,usu_nusuario) VALUES (11842,@@@2013.09.22@@@,750,1,0,@@@b_SAEZ@@@)','',2,'2013-09-22'),(68607,'INSERT INTO gne_vale_ferreteria_mov (vfe_id,pro_codigo_plu,vfm_cantidad,vfm_unitario,vfm_total,vfm_entregado) VALUES (11842,780721428,1,750,750,@@@NO@@@)','',2,'2013-09-22'),(68608,'INSERT INTO gne_vale_ferreteria (vfe_id,vfe_fecha,vfe_total,vfe_estado,vfe_entregado,usu_nusuario) VALUES (11843,@@@2013.09.22@@@,1890,1,0,@@@b_SAEZ@@@)','',2,'2013-09-22'),(68609,'INSERT INTO gne_vale_ferreteria_mov (vfe_id,pro_codigo_plu,vfm_cantidad,vfm_unitario,vfm_total,vfm_entregado) VALUES (11843,764586,1,1890,1890,@@@NO@@@)','',2,'2013-09-22'),(68610,'INSERT INTO gne_vale_ferreteria (vfe_id,vfe_fecha,vfe_total,vfe_estado,vfe_entregado,usu_nusuario) VALUES (11844,@@@2013.09.22@@@,240,1,0,@@@b_SAEZ@@@)','',2,'2013-09-22'),(68611,'INSERT INTO gne_vale_ferreteria_mov (vfe_id,pro_codigo_plu,vfm_cantidad,vfm_unitario,vfm_total,vfm_entregado) VALUES (11844,8022,2,120,240,@@@NO@@@)','',2,'2013-09-22'),(68612,'INSERT INTO gne_vale_ferreteria (vfe_id,vfe_fecha,vfe_total,vfe_estado,vfe_entregado,usu_nusuario) VALUES (11845,@@@2013.09.22@@@,100,1,0,@@@b_SAEZ@@@)','',2,'2013-09-22'),(68613,'INSERT INTO gne_vale_ferreteria_mov (vfe_id,pro_codigo_plu,vfm_cantidad,vfm_unitario,vfm_total,vfm_entregado) VALUES (11845,770063,1,100,100,@@@NO@@@)','',2,'2013-09-22'),(68614,'INSERT INTO gne_vale_ferreteria (vfe_id,vfe_fecha,vfe_total,vfe_estado,vfe_entregado,usu_nusuario) VALUES (11846,@@@2013.09.22@@@,1290,1,0,@@@b_SAEZ@@@)','',2,'2013-09-22'),(68615,'INSERT INTO gne_vale_ferreteria_mov (vfe_id,pro_codigo_plu,vfm_cantidad,vfm_unitario,vfm_total,vfm_entregado) VALUES (11846,780220162,1,1290,1290,@@@NO@@@)','',2,'2013-09-22'),(68616,'INSERT INTO gne_vale_ferreteria (vfe_id,vfe_fecha,vfe_total,vfe_estado,vfe_entregado,usu_nusuario) VALUES (11847,@@@2013.09.22@@@,1920,1,0,@@@b_SAEZ@@@)','',2,'2013-09-22'),(68617,'INSERT INTO gne_vale_ferreteria_mov (vfe_id,pro_codigo_plu,vfm_cantidad,vfm_unitario,vfm_total,vfm_entregado) VALUES (11847,15935,4,480,1920,@@@NO@@@)','',2,'2013-09-22'),(68618,'INSERT INTO gne_vale_ferreteria (vfe_id,vfe_fecha,vfe_total,vfe_estado,vfe_entregado,usu_nusuario) VALUES (11848,@@@2013.09.22@@@,830,1,0,@@@b_SAEZ@@@)','',2,'2013-09-22'),(68619,'INSERT INTO gne_vale_ferreteria_mov (vfe_id,pro_codigo_plu,vfm_cantidad,vfm_unitario,vfm_total,vfm_entregado) VALUES (11848,763800,1,470,470,@@@NO@@@)','',2,'2013-09-22'),(68620,'INSERT INTO gne_vale_ferreteria_mov (vfe_id,pro_codigo_plu,vfm_cantidad,vfm_unitario,vfm_total,vfm_entregado) VALUES (11848,8022,3,120,360,@@@NO@@@)','',2,'2013-09-22'),(68621,'INSERT INTO gne_vale_ferreteria (vfe_id,vfe_fecha,vfe_total,vfe_estado,vfe_entregado,usu_nusuario) VALUES (11849,@@@2013.09.22@@@,550,1,0,@@@b_SAEZ@@@)','',2,'2013-09-22'),(68622,'INSERT INTO gne_vale_ferreteria_mov (vfe_id,pro_codigo_plu,vfm_cantidad,vfm_unitario,vfm_total,vfm_entregado) VALUES (11849,780721724,1,550,550,@@@NO@@@)','',2,'2013-09-22'),(68623,'INSERT INTO gne_vale_ferreteria (vfe_id,vfe_fecha,vfe_total,vfe_estado,vfe_entregado,usu_nusuario) VALUES (11850,@@@2013.09.22@@@,600,1,0,@@@b_SAEZ@@@)','',2,'2013-09-22'),(68624,'INSERT INTO gne_vale_ferreteria_mov (vfe_id,pro_codigo_plu,vfm_cantidad,vfm_unitario,vfm_total,vfm_entregado) VALUES (11850,78017027,3,70,210,@@@NO@@@)','',2,'2013-09-22'),(68625,'INSERT INTO gne_vale_ferreteria_mov (vfe_id,pro_codigo_plu,vfm_cantidad,vfm_unitario,vfm_total,vfm_entregado) VALUES (11850,764205,1,390,390,@@@NO@@@)','',2,'2013-09-22'),(68626,'INSERT INTO gne_vale_ferreteria (vfe_id,vfe_fecha,vfe_total,vfe_estado,vfe_entregado,usu_nusuario) VALUES (11851,@@@2013.09.22@@@,370,1,0,@@@b_SAEZ@@@)','',2,'2013-09-22'),(68627,'INSERT INTO gne_vale_ferreteria_mov (vfe_id,pro_codigo_plu,vfm_cantidad,vfm_unitario,vfm_total,vfm_entregado) VALUES (11851,102408,1,370,370,@@@NO@@@)','',2,'2013-09-22'),(68628,'INSERT INTO gne_vale_ferreteria (vfe_id,vfe_fecha,vfe_total,vfe_estado,vfe_entregado,usu_nusuario) VALUES (11852,@@@2013.09.22@@@,390,1,0,@@@b_SAEZ@@@)','',2,'2013-09-22'),(68629,'INSERT INTO gne_vale_ferreteria_mov (vfe_id,pro_codigo_plu,vfm_cantidad,vfm_unitario,vfm_total,vfm_entregado) VALUES (11852,78017026,1,90,90,@@@NO@@@)','',2,'2013-09-22'),(68630,'INSERT INTO gne_vale_ferreteria_mov (vfe_id,pro_codigo_plu,vfm_cantidad,vfm_unitario,vfm_total,vfm_entregado) VALUES (11852,909190,2,150,300,@@@NO@@@)','',2,'2013-09-22'),(68631,'INSERT INTO gne_vale_ferreteria (vfe_id,vfe_fecha,vfe_total,vfe_estado,vfe_entregado,usu_nusuario) VALUES (11853,@@@2013.09.22@@@,400,1,0,@@@b_SAEZ@@@)','',2,'2013-09-22'),(68632,'INSERT INTO gne_vale_ferreteria_mov (vfe_id,pro_codigo_plu,vfm_cantidad,vfm_unitario,vfm_total,vfm_entregado) VALUES (11853,2011,2,200,400,@@@NO@@@)','',2,'2013-09-22'),(68633,'INSERT INTO gne_vale_ferreteria (vfe_id,vfe_fecha,vfe_total,vfe_estado,vfe_entregado,usu_nusuario) VALUES (11854,@@@2013.09.22@@@,150,1,0,@@@b_SAEZ@@@)','',2,'2013-09-22'),(68634,'INSERT INTO gne_vale_ferreteria_mov (vfe_id,pro_codigo_plu,vfm_cantidad,vfm_unitario,vfm_total,vfm_entregado) VALUES (11854,780721387,1,150,150,@@@NO@@@)','',2,'2013-09-22'),(68635,'INSERT INTO gne_vale_ferreteria (vfe_id,vfe_fecha,vfe_total,vfe_estado,vfe_entregado,usu_nusuario) VALUES (11855,@@@2013.09.22@@@,500,1,0,@@@b_SAEZ@@@)','',2,'2013-09-22'),(68636,'INSERT INTO gne_vale_ferreteria_mov (vfe_id,pro_codigo_plu,vfm_cantidad,vfm_unitario,vfm_total,vfm_entregado) VALUES (11855,780721821,1,250,250,@@@NO@@@)','',2,'2013-09-22'),(68637,'INSERT INTO gne_vale_ferreteria_mov (vfe_id,pro_codigo_plu,vfm_cantidad,vfm_unitario,vfm_total,vfm_entregado) VALUES (11855,780721818,1,250,250,@@@NO@@@)','',2,'2013-09-22'),(68638,'INSERT INTO gne_vale_ferreteria (vfe_id,vfe_fecha,vfe_total,vfe_estado,vfe_entregado,usu_nusuario) VALUES (11856,@@@2013.09.22@@@,360,1,0,@@@b_SAEZ@@@)','',2,'2013-09-22'),(68639,'INSERT INTO gne_vale_ferreteria_mov (vfe_id,pro_codigo_plu,vfm_cantidad,vfm_unitario,vfm_total,vfm_entregado) VALUES (11856,763790,12,30,360,@@@NO@@@)','',2,'2013-09-22'),(68640,'INSERT INTO gne_vale_ferreteria (vfe_id,vfe_fecha,vfe_total,vfe_estado,vfe_entregado,usu_nusuario) VALUES (11857,@@@2013.09.22@@@,490,1,0,@@@b_SAEZ@@@)','',2,'2013-09-22'),(68641,'INSERT INTO gne_vale_ferreteria_mov (vfe_id,pro_codigo_plu,vfm_cantidad,vfm_unitario,vfm_total,vfm_entregado) VALUES (11857,764581,1,490,490,@@@NO@@@)','',2,'2013-09-22'),(68642,'INSERT INTO gne_vale_ferreteria (vfe_id,vfe_fecha,vfe_total,vfe_estado,vfe_entregado,usu_nusuario) VALUES (11858,@@@2013.09.22@@@,160,1,0,@@@b_SAEZ@@@)','',2,'2013-09-22'),(68643,'INSERT INTO gne_vale_ferreteria_mov (vfe_id,pro_codigo_plu,vfm_cantidad,vfm_unitario,vfm_total,vfm_entregado) VALUES (11858,16430,1,160,160,@@@NO@@@)','',2,'2013-09-22'),(68644,'INSERT INTO gne_vale_ferreteria (vfe_id,vfe_fecha,vfe_total,vfe_estado,vfe_entregado,usu_nusuario) VALUES (11859,@@@2013.09.22@@@,250,1,0,@@@b_SAEZ@@@)','',2,'2013-09-22'),(68645,'INSERT INTO gne_vale_ferreteria_mov (vfe_id,pro_codigo_plu,vfm_cantidad,vfm_unitario,vfm_total,vfm_entregado) VALUES (11859,763786,1,250,250,@@@NO@@@)','',2,'2013-09-22'),(68646,'INSERT INTO gne_vale_ferreteria (vfe_id,vfe_fecha,vfe_total,vfe_estado,vfe_entregado,usu_nusuario) VALUES (11860,@@@2013.09.22@@@,300,1,0,@@@b_SAEZ@@@)','',2,'2013-09-22'),(68647,'INSERT INTO gne_vale_ferreteria_mov (vfe_id,pro_codigo_plu,vfm_cantidad,vfm_unitario,vfm_total,vfm_entregado) VALUES (11860,763790,10,30,300,@@@NO@@@)','',2,'2013-09-22'),(68648,'INSERT INTO gne_vale_ferreteria (vfe_id,vfe_fecha,vfe_total,vfe_estado,vfe_entregado,usu_nusuario) VALUES (11861,@@@2013.09.22@@@,300,1,0,@@@b_SAEZ@@@)','',2,'2013-09-22'),(68649,'INSERT INTO gne_vale_ferreteria_mov (vfe_id,pro_codigo_plu,vfm_cantidad,vfm_unitario,vfm_total,vfm_entregado) VALUES (11861,4130,3,100,300,@@@NO@@@)','',2,'2013-09-22'),(68650,'INSERT INTO gne_vale_ferreteria (vfe_id,vfe_fecha,vfe_total,vfe_estado,vfe_entregado,usu_nusuario) VALUES (11862,@@@2013.09.22@@@,2790,1,0,@@@b_SAEZ@@@)','',2,'2013-09-22'),(68651,'INSERT INTO gne_vale_ferreteria_mov (vfe_id,pro_codigo_plu,vfm_cantidad,vfm_unitario,vfm_total,vfm_entregado) VALUES (11862,780721175,1,2790,2790,@@@NO@@@)','',2,'2013-09-22'),(68652,'INSERT INTO gne_vale_ferreteria (vfe_id,vfe_fecha,vfe_total,vfe_estado,vfe_entregado,usu_nusuario) VALUES (11863,@@@2013.09.22@@@,360,1,0,@@@b_SAEZ@@@)','',2,'2013-09-22'),(68653,'INSERT INTO gne_vale_ferreteria_mov (vfe_id,pro_codigo_plu,vfm_cantidad,vfm_unitario,vfm_total,vfm_entregado) VALUES (11863,1059,1,360,360,@@@NO@@@)','',2,'2013-09-22'),(68654,'INSERT INTO gne_vale_ferreteria (vfe_id,vfe_fecha,vfe_total,vfe_estado,vfe_entregado,usu_nusuario) VALUES (11864,@@@2013.09.22@@@,1380,1,0,@@@b_SAEZ@@@)','',2,'2013-09-22'),(68655,'INSERT INTO gne_vale_ferreteria_mov (vfe_id,pro_codigo_plu,vfm_cantidad,vfm_unitario,vfm_total,vfm_entregado) VALUES (11864,7705007,2,690,1380,@@@NO@@@)','',2,'2013-09-22'),(68656,'INSERT INTO gne_vale_ferreteria (vfe_id,vfe_fecha,vfe_total,vfe_estado,vfe_entregado,usu_nusuario) VALUES (11865,@@@2013.09.22@@@,370,1,0,@@@b_SAEZ@@@)','',2,'2013-09-22'),(68657,'INSERT INTO gne_vale_ferreteria_mov (vfe_id,pro_codigo_plu,vfm_cantidad,vfm_unitario,vfm_total,vfm_entregado) VALUES (11865,102408,1,370,370,@@@NO@@@)','',2,'2013-09-22'),(68658,'INSERT INTO gne_vale_ferreteria (vfe_id,vfe_fecha,vfe_total,vfe_estado,vfe_entregado,usu_nusuario) VALUES (11866,@@@2013.09.22@@@,350,1,0,@@@b_SAEZ@@@)','',2,'2013-09-22'),(68659,'INSERT INTO gne_vale_ferreteria_mov (vfe_id,pro_codigo_plu,vfm_cantidad,vfm_unitario,vfm_total,vfm_entregado) VALUES (11866,4094,1,200,200,@@@NO@@@)','',2,'2013-09-22'),(68660,'INSERT INTO gne_vale_ferreteria_mov (vfe_id,pro_codigo_plu,vfm_cantidad,vfm_unitario,vfm_total,vfm_entregado) VALUES (11866,4088,1,150,150,@@@NO@@@)','',2,'2013-09-22'),(68661,'INSERT INTO gne_vale_ferreteria (vfe_id,vfe_fecha,vfe_total,vfe_estado,vfe_entregado,usu_nusuario) VALUES (11867,@@@2013.09.22@@@,750,1,0,@@@b_SAEZ@@@)','',2,'2013-09-22'),(68662,'INSERT INTO gne_vale_ferreteria_mov (vfe_id,pro_codigo_plu,vfm_cantidad,vfm_unitario,vfm_total,vfm_entregado) VALUES (11867,764016,1,450,450,@@@NO@@@)','',2,'2013-09-22'),(68663,'INSERT INTO gne_vale_ferreteria_mov (vfe_id,pro_codigo_plu,vfm_cantidad,vfm_unitario,vfm_total,vfm_entregado) VALUES (11867,2004,1,300,300,@@@NO@@@)','',2,'2013-09-22'),(68664,'INSERT INTO gne_vale_ferreteria (vfe_id,vfe_fecha,vfe_total,vfe_estado,vfe_entregado,usu_nusuario) VALUES (11868,@@@2013.09.22@@@,1890,1,0,@@@b_SAEZ@@@)','',2,'2013-09-22'),(68665,'INSERT INTO gne_vale_ferreteria_mov (vfe_id,pro_codigo_plu,vfm_cantidad,vfm_unitario,vfm_total,vfm_entregado) VALUES (11868,101678,1,1890,1890,@@@NO@@@)','',2,'2013-09-22'),(68666,'INSERT INTO gne_vale_ferreteria (vfe_id,vfe_fecha,vfe_total,vfe_estado,vfe_entregado,usu_nusuario) VALUES (11869,@@@2013.09.22@@@,300,1,0,@@@b_SAEZ@@@)','',2,'2013-09-22'),(68667,'INSERT INTO gne_vale_ferreteria_mov (vfe_id,pro_codigo_plu,vfm_cantidad,vfm_unitario,vfm_total,vfm_entregado) VALUES (11869,763790,10,30,300,@@@NO@@@)','',2,'2013-09-22'),(68668,'INSERT INTO gne_vale_ferreteria (vfe_id,vfe_fecha,vfe_total,vfe_estado,vfe_entregado,usu_nusuario) VALUES (11870,@@@2013.09.22@@@,650,1,0,@@@b_SAEZ@@@)','',2,'2013-09-22'),(68669,'INSERT INTO gne_vale_ferreteria_mov (vfe_id,pro_codigo_plu,vfm_cantidad,vfm_unitario,vfm_total,vfm_entregado) VALUES (11870,15929,5,130,650,@@@NO@@@)','',2,'2013-09-22'),(68670,'INSERT INTO gne_vale_ferreteria (vfe_id,vfe_fecha,vfe_total,vfe_estado,vfe_entregado,usu_nusuario) VALUES (11871,@@@2013.09.22@@@,300,1,0,@@@b_SAEZ@@@)','',2,'2013-09-22'),(68671,'INSERT INTO gne_vale_ferreteria_mov (vfe_id,pro_codigo_plu,vfm_cantidad,vfm_unitario,vfm_total,vfm_entregado) VALUES (11871,101861,1,300,300,@@@NO@@@)','',2,'2013-09-22'),(68672,'INSERT INTO gne_vale_ferreteria (vfe_id,vfe_fecha,vfe_total,vfe_estado,vfe_entregado,usu_nusuario) VALUES (11872,@@@2013.09.22@@@,120,1,0,@@@b_SAEZ@@@)','',2,'2013-09-22'),(68673,'INSERT INTO gne_vale_ferreteria_mov (vfe_id,pro_codigo_plu,vfm_cantidad,vfm_unitario,vfm_total,vfm_entregado) VALUES (11872,780721265,1,120,120,@@@NO@@@)','',2,'2013-09-22'),(68674,'UPDATE mae_datos_empresa SET emp_oferta=@@@NO@@@','',2,'2013-09-22'),(68675,'INSERT INTO gne_vale_ferreteria (vfe_id,vfe_fecha,vfe_total,vfe_estado,vfe_entregado,usu_nusuario) VALUES (11873,@@@2013.09.22@@@,650,1,0,@@@b_SAEZ@@@)','',2,'2013-09-22'),(68676,'INSERT INTO gne_vale_ferreteria_mov (vfe_id,pro_codigo_plu,vfm_cantidad,vfm_unitario,vfm_total,vfm_entregado) VALUES (11873,20059,1,650,650,@@@NO@@@)','',2,'2013-09-22'),(68677,'INSERT INTO com_ventas_grupo (vgr_fecha,vgr_grupo,vgr_cantidad,vgr_total) VALUES (@@@2013.09.21@@@,1,137.165,134685)','',2,'2013-09-22'),(68678,'INSERT INTO com_ventas_grupo (vgr_fecha,vgr_grupo,vgr_cantidad,vgr_total) VALUES (@@@2013.09.21@@@,2,238,130018)','',2,'2013-09-22'),(68679,'INSERT INTO com_ventas_grupo (vgr_fecha,vgr_grupo,vgr_cantidad,vgr_total) VALUES (@@@2013.09.21@@@,3,307,67114)','',2,'2013-09-22'),(68680,'INSERT INTO com_ventas_grupo (vgr_fecha,vgr_grupo,vgr_cantidad,vgr_total) VALUES (@@@2013.09.21@@@,4,104,98520)','',2,'2013-09-22'),(68681,'INSERT INTO com_ventas_grupo (vgr_fecha,vgr_grupo,vgr_cantidad,vgr_total) VALUES (@@@2013.09.21@@@,5,8,32967)','',2,'2013-09-22'),(68682,'INSERT INTO com_ventas_grupo (vgr_fecha,vgr_grupo,vgr_cantidad,vgr_total) VALUES (@@@2013.09.21@@@,6,30,52533)','',2,'2013-09-22'),(68683,'INSERT INTO com_ventas_grupo (vgr_fecha,vgr_grupo,vgr_cantidad,vgr_total) VALUES (@@@2013.09.21@@@,7,62,108183)','',2,'2013-09-22'),(68684,'INSERT INTO com_ventas_grupo (vgr_fecha,vgr_grupo,vgr_cantidad,vgr_total) VALUES (@@@2013.09.21@@@,8,34,27520)','',2,'2013-09-22'),(68685,'INSERT INTO com_ventas_grupo (vgr_fecha,vgr_grupo,vgr_cantidad,vgr_total) VALUES (@@@2013.09.21@@@,9,71.455,125017)','',2,'2013-09-22'),(68686,'INSERT INTO com_ventas_grupo (vgr_fecha,vgr_grupo,vgr_cantidad,vgr_total) VALUES (@@@2013.09.21@@@,10,29.705,78272)','',2,'2013-09-22'),(68687,'INSERT INTO com_ventas_grupo (vgr_fecha,vgr_grupo,vgr_cantidad,vgr_total) VALUES (@@@2013.09.21@@@,11,28.11,84715)','',2,'2013-09-22'),(68688,'INSERT INTO com_ventas_grupo (vgr_fecha,vgr_grupo,vgr_cantidad,vgr_total) VALUES (@@@2013.09.21@@@,12,39.43,76837)','',2,'2013-09-22'),(68689,'INSERT INTO com_ventas_grupo (vgr_fecha,vgr_grupo,vgr_cantidad,vgr_total) VALUES (@@@2013.09.21@@@,13,16.805,46978)','',2,'2013-09-22'),(68690,'INSERT INTO com_ventas_grupo (vgr_fecha,vgr_grupo,vgr_cantidad,vgr_total) VALUES (@@@2013.09.21@@@,14,109.275,100055)','',2,'2013-09-22'),(68691,'INSERT INTO com_ventas_grupo (vgr_fecha,vgr_grupo,vgr_cantidad,vgr_total) VALUES (@@@2013.09.21@@@,16,2,340)','',2,'2013-09-22'),(68692,'INSERT INTO com_ventas_grupo (vgr_fecha,vgr_grupo,vgr_cantidad,vgr_total) VALUES (@@@2013.09.21@@@,18,134.44,85316)','',2,'2013-09-22'),(68693,'INSERT INTO com_ventas_grupo (vgr_fecha,vgr_grupo,vgr_cantidad,vgr_total) VALUES (@@@2013.09.21@@@,19,6,10160)','',2,'2013-09-22'),(68694,'INSERT INTO com_ventas_grupo (vgr_fecha,vgr_grupo,vgr_cantidad,vgr_total) VALUES (@@@2013.09.21@@@,20,114.09,46386)','',2,'2013-09-22'),(68695,'INSERT INTO com_ventas_grupo (vgr_fecha,vgr_grupo,vgr_cantidad,vgr_total) VALUES (@@@2013.09.21@@@,21,52,59680)','',2,'2013-09-22'),(68696,'INSERT INTO com_ventas_grupo (vgr_fecha,vgr_grupo,vgr_cantidad,vgr_total) VALUES (@@@2013.09.21@@@,22,4,15360)','',2,'2013-09-22'),(68697,'INSERT INTO com_ventas_grupo (vgr_fecha,vgr_grupo,vgr_cantidad,vgr_total) VALUES (@@@2013.09.21@@@,23,45,69450)','',2,'2013-09-22'),(68698,'INSERT INTO com_ventas_grupo (vgr_fecha,vgr_grupo,vgr_cantidad,vgr_total) VALUES (@@@2013.09.21@@@,24,170,31350)','',2,'2013-09-22'),(68699,'INSERT INTO com_ventas_grupo (vgr_fecha,vgr_grupo,vgr_cantidad,vgr_total) VALUES (@@@2013.09.21@@@,25,101,153600)','',2,'2013-09-22'),(68700,'INSERT INTO com_ventas_grupo (vgr_fecha,vgr_grupo,vgr_cantidad,vgr_total) VALUES (@@@2013.09.21@@@,27,1,890)','',2,'2013-09-22'),(68701,'INSERT INTO com_ventas_grupo (vgr_fecha,vgr_grupo,vgr_cantidad,vgr_total) VALUES (@@@2013.09.21@@@,31,3,2220)','',2,'2013-09-22'),(68702,'INSERT INTO com_ventas_grupo (vgr_fecha,vgr_grupo,vgr_cantidad,vgr_total) VALUES (@@@2013.09.21@@@,32,405,175166)','',2,'2013-09-22'),(68703,'INSERT INTO com_ventas_grupo (vgr_fecha,vgr_grupo,vgr_cantidad,vgr_total) VALUES (@@@2013.09.21@@@,34,1,1250)','',2,'2013-09-22'),(68704,'INSERT INTO com_ventas_grupo (vgr_fecha,vgr_grupo,vgr_cantidad,vgr_total) VALUES (@@@2013.09.21@@@,35,18,19565)','',2,'2013-09-22'),(68705,'INSERT INTO com_ventas_grupo (vgr_fecha,vgr_grupo,vgr_cantidad,vgr_total) VALUES (@@@2013.09.21@@@,36,10,3100)','',2,'2013-09-22'),(68706,'INSERT INTO com_ventas_grupo (vgr_fecha,vgr_grupo,vgr_cantidad,vgr_total) VALUES (@@@2013.09.21@@@,38,107,96340)','',2,'2013-09-22'),(68707,'INSERT INTO com_ventas_grupo (vgr_fecha,vgr_grupo,vgr_cantidad,vgr_total) VALUES (@@@2013.09.21@@@,39,10,13210)','',2,'2013-09-22'),(68708,'INSERT INTO com_ventas_grupo (vgr_fecha,vgr_grupo,vgr_cantidad,vgr_total) VALUES (@@@2013.09.21@@@,41,9,1410)','',2,'2013-09-22'),(68709,'INSERT INTO com_ventas_grupo (vgr_fecha,vgr_grupo,vgr_cantidad,vgr_total) VALUES (@@@2013.09.21@@@,42,26.615,22036)','',2,'2013-09-22'),(68710,'UPDATE mae_datos_empresa SET emp_oferta=@@@NO@@@','',2,'2013-09-22'),(68711,'INSERT INTO gne_vale_ferreteria (vfe_id,vfe_fecha,vfe_total,vfe_estado,vfe_entregado,usu_nusuario) VALUES (11874,@@@2013.09.22@@@,300,1,0,@@@b_SAEZ@@@)','',2,'2013-09-22'),(68712,'INSERT INTO gne_vale_ferreteria_mov (vfe_id,pro_codigo_plu,vfm_cantidad,vfm_unitario,vfm_total,vfm_entregado) VALUES (11874,770057,2,150,300,@@@NO@@@)','',2,'2013-09-22'),(68713,'INSERT INTO gne_vale_ferreteria (vfe_id,vfe_fecha,vfe_total,vfe_estado,vfe_entregado,usu_nusuario) VALUES (11875,@@@2013.09.22@@@,440,1,0,@@@b_SAEZ@@@)','',2,'2013-09-22'),(68714,'INSERT INTO gne_vale_ferreteria_mov (vfe_id,pro_codigo_plu,vfm_cantidad,vfm_unitario,vfm_total,vfm_entregado) VALUES (11875,764935,4,100,400,@@@NO@@@)','',2,'2013-09-22'),(68715,'INSERT INTO gne_vale_ferreteria_mov (vfe_id,pro_codigo_plu,vfm_cantidad,vfm_unitario,vfm_total,vfm_entregado) VALUES (11875,770003,4,10,40,@@@NO@@@)','',2,'2013-09-22'),(68716,'INSERT INTO gne_vale_ferreteria (vfe_id,vfe_fecha,vfe_total,vfe_estado,vfe_entregado,usu_nusuario) VALUES (11876,@@@2013.09.22@@@,1170,1,0,@@@b_SAEZ@@@)','',2,'2013-09-22'),(68717,'INSERT INTO gne_vale_ferreteria_mov (vfe_id,pro_codigo_plu,vfm_cantidad,vfm_unitario,vfm_total,vfm_entregado) VALUES (11876,780220195,1,590,590,@@@NO@@@)','',2,'2013-09-22'),(68718,'INSERT INTO gne_vale_ferreteria_mov (vfe_id,pro_codigo_plu,vfm_cantidad,vfm_unitario,vfm_total,vfm_entregado) VALUES (11876,78017145,2,290,580,@@@NO@@@)','',2,'2013-09-22'),(68719,'INSERT INTO gne_vale_ferreteria (vfe_id,vfe_fecha,vfe_total,vfe_estado,vfe_entregado,usu_nusuario) VALUES (11877,@@@2013.09.22@@@,710,1,0,@@@b_SAEZ@@@)','',2,'2013-09-22'),(68720,'INSERT INTO gne_vale_ferreteria_mov (vfe_id,pro_codigo_plu,vfm_cantidad,vfm_unitario,vfm_total,vfm_entregado) VALUES (11877,780721290,1,290,290,@@@NO@@@)','',2,'2013-09-22'),(68721,'INSERT INTO gne_vale_ferreteria_mov (vfe_id,pro_codigo_plu,vfm_cantidad,vfm_unitario,vfm_total,vfm_entregado) VALUES (11877,780721387,2,150,300,@@@NO@@@)','',2,'2013-09-22'),(68722,'INSERT INTO gne_vale_ferreteria_mov (vfe_id,pro_codigo_plu,vfm_cantidad,vfm_unitario,vfm_total,vfm_entregado) VALUES (11877,78017204,1,120,120,@@@NO@@@)','',2,'2013-09-22'),(68723,'INSERT INTO gne_vale_ferreteria (vfe_id,vfe_fecha,vfe_total,vfe_estado,vfe_entregado,usu_nusuario) VALUES (11878,@@@2013.09.22@@@,600,1,0,@@@b_SAEZ@@@)','',2,'2013-09-22'),(68724,'INSERT INTO gne_vale_ferreteria_mov (vfe_id,pro_codigo_plu,vfm_cantidad,vfm_unitario,vfm_total,vfm_entregado) VALUES (11878,763720,1,600,600,@@@NO@@@)','',2,'2013-09-22'),(68725,'UPDATE mae_productos SET pro_precio_compra_bruto=304.64,pro_margen_actual=(pro_precio_venta-304.64)/304.64 * 100,pro_ultima_compra=@@@2013.09.22@@@,pro_ultimo_proveedor=@@@94528000-k@@@ WHERE pro_codigo_plu=14128','',2,'2013-09-22'),(68726,'UPDATE mae_productos SET pro_precio_compra_bruto=304.64,pro_margen_actual=(pro_precio_venta-304.64)/304.64 * 100,pro_ultima_compra=@@@2013.09.22@@@,pro_ultimo_proveedor=@@@94528000-k@@@ WHERE pro_codigo_plu=763393','',2,'2013-09-22'),(68727,'UPDATE mae_productos SET pro_precio_compra_bruto=304.64,pro_margen_actual=(pro_precio_venta-304.64)/304.64 * 100,pro_ultima_compra=@@@2013.09.22@@@,pro_ultimo_proveedor=@@@94528000-k@@@ WHERE pro_codigo_plu=763414','',2,'2013-09-22'),(68728,'UPDATE mae_productos SET pro_precio_compra_bruto=268.94,pro_margen_actual=(pro_precio_venta-268.94)/268.94 * 100,pro_ultima_compra=@@@2013.09.22@@@,pro_ultimo_proveedor=@@@94528000-k@@@ WHERE pro_codigo_plu=13593','',2,'2013-09-22'),(68729,'UPDATE mae_productos SET pro_precio_compra_bruto=268.94,pro_margen_actual=(pro_precio_venta-268.94)/268.94 * 100,pro_ultima_compra=@@@2013.09.22@@@,pro_ultimo_proveedor=@@@94528000-k@@@ WHERE pro_codigo_plu=14236','',2,'2013-09-22'),(68730,'UPDATE mae_productos SET pro_precio_compra_bruto=268.94,pro_margen_actual=(pro_precio_venta-268.94)/268.94 * 100,pro_ultima_compra=@@@2013.09.22@@@,pro_ultimo_proveedor=@@@94528000-k@@@ WHERE pro_codigo_plu=13642','',2,'2013-09-22'),(68731,'UPDATE mae_productos SET pro_precio_compra_bruto=268.94,pro_margen_actual=(pro_precio_venta-268.94)/268.94 * 100,pro_ultima_compra=@@@2013.09.22@@@,pro_ultimo_proveedor=@@@94528000-k@@@ WHERE pro_codigo_plu=13772','',2,'2013-09-22'),(68732,'UPDATE mae_productos SET pro_precio_compra_bruto=1000,pro_margen_actual=(pro_precio_venta-1000)/1000 * 100,pro_ultima_compra=@@@2013.09.22@@@,pro_ultimo_proveedor=@@@76717550-7@@@ WHERE pro_codigo_plu=383','',2,'2013-09-22'),(68733,'UPDATE mae_productos SET pro_precio_compra_bruto=171.062,pro_margen_actual=(pro_precio_venta-171.062)/171.062 * 100,pro_ultima_compra=@@@2013.09.22@@@,pro_ultimo_proveedor=@@@81094100-6@@@ WHERE pro_codigo_plu=763634','',2,'2013-09-22'),(68734,'UPDATE mae_productos SET pro_precio_compra_bruto=171.062,pro_margen_actual=(pro_precio_venta-171.062)/171.062 * 100,pro_ultima_compra=@@@2013.09.22@@@,pro_ultimo_proveedor=@@@81094100-6@@@ WHERE pro_codigo_plu=764563','',2,'2013-09-22'),(68735,'UPDATE mae_productos SET pro_precio_compra_bruto=129.71,pro_margen_actual=(pro_precio_venta-129.71)/129.71 * 100,pro_ultima_compra=@@@2013.09.22@@@,pro_ultimo_proveedor=@@@81094100-6@@@ WHERE pro_codigo_plu=102537','',2,'2013-09-22'),(68736,'UPDATE mae_productos SET pro_precio_compra_bruto=129.71,pro_margen_actual=(pro_precio_venta-129.71)/129.71 * 100,pro_ultima_compra=@@@2013.09.22@@@,pro_ultimo_proveedor=@@@81094100-6@@@ WHERE pro_codigo_plu=102536','',2,'2013-09-22'),(68737,'UPDATE mae_productos SET pro_precio_compra_bruto=149.94,pro_margen_actual=(pro_precio_venta-149.94)/149.94 * 100,pro_ultima_compra=@@@2013.09.22@@@,pro_ultimo_proveedor=@@@81094100-6@@@ WHERE pro_codigo_plu=763625','',2,'2013-09-22'),(68738,'UPDATE mae_productos SET pro_precio_compra_bruto=149.94,pro_margen_actual=(pro_precio_venta-149.94)/149.94 * 100,pro_ultima_compra=@@@2013.09.22@@@,pro_ultimo_proveedor=@@@81094100-6@@@ WHERE pro_codigo_plu=764562','',2,'2013-09-22'),(68739,'UPDATE mae_productos SET pro_precio_compra_bruto=712.11,pro_margen_actual=(pro_precio_venta-712.11)/712.11 * 100,pro_ultima_compra=@@@2013.09.22@@@,pro_ultimo_proveedor=@@@81094100-6@@@ WHERE pro_codigo_plu=16081','',2,'2013-09-22'),(68740,'UPDATE mae_productos SET pro_precio_compra_bruto=519.79,pro_margen_actual=(pro_precio_venta-519.79)/519.79 * 100,pro_ultima_compra=@@@2013.09.22@@@,pro_ultimo_proveedor=@@@81094100-6@@@ WHERE pro_codigo_plu=15977','',2,'2013-09-22'),(68741,'UPDATE mae_productos SET pro_precio_compra_bruto=199.52,pro_margen_actual=(pro_precio_venta-199.52)/199.52 * 100,pro_ultima_compra=@@@2013.09.22@@@,pro_ultimo_proveedor=@@@81094100-6@@@ WHERE pro_codigo_plu=16062','',2,'2013-09-22'),(68742,'UPDATE mae_productos SET pro_precio_compra_bruto=462.66,pro_margen_actual=(pro_precio_venta-462.66)/462.66 * 100,pro_ultima_compra=@@@2013.09.22@@@,pro_ultimo_proveedor=@@@81094100-6@@@ WHERE pro_codigo_plu=16272','',2,'2013-09-22'),(68743,'UPDATE mae_productos SET pro_precio_compra_bruto=809.2,pro_margen_actual=(pro_precio_venta-809.2)/809.2 * 100,pro_ultima_compra=@@@2013.09.22@@@,pro_ultimo_proveedor=@@@81094100-6@@@ WHERE pro_codigo_plu=16640','',2,'2013-09-22'),(68744,'UPDATE mae_productos SET pro_precio_compra_bruto=809.2,pro_margen_actual=(pro_precio_venta-809.2)/809.2 * 100,pro_ultima_compra=@@@2013.09.22@@@,pro_ultimo_proveedor=@@@81094100-6@@@ WHERE pro_codigo_plu=16636','',2,'2013-09-22'),(68745,'UPDATE mae_productos SET pro_precio_compra_bruto=809.2,pro_margen_actual=(pro_precio_venta-809.2)/809.2 * 100,pro_ultima_compra=@@@2013.09.22@@@,pro_ultimo_proveedor=@@@81094100-6@@@ WHERE pro_codigo_plu=16635','',2,'2013-09-22'),(68746,'UPDATE mae_productos SET pro_precio_compra_bruto=220.86,pro_margen_actual=(pro_precio_venta-220.86)/220.86 * 100,pro_ultima_compra=@@@2013.09.22@@@,pro_ultimo_proveedor=@@@81094100-6@@@ WHERE pro_codigo_plu=78017098','',2,'2013-09-22'),(68747,'UPDATE mae_productos SET pro_precio_compra_bruto=307.02,pro_margen_actual=(pro_precio_venta-307.02)/307.02 * 100,pro_ultima_compra=@@@2013.09.22@@@,pro_ultimo_proveedor=@@@84472400-4@@@ WHERE pro_codigo_plu=780721863','',2,'2013-09-22'),(68748,'UPDATE mae_productos SET pro_precio_compra_bruto=229.67,pro_margen_actual=(pro_precio_venta-229.67)/229.67 * 100,pro_ultima_compra=@@@2013.09.22@@@,pro_ultimo_proveedor=@@@84472400-4@@@ WHERE pro_codigo_plu=19111','',2,'2013-09-22'),(68749,'UPDATE mae_productos SET pro_precio_compra_bruto=96.39,pro_margen_actual=(pro_precio_venta-96.39)/96.39 * 100,pro_ultima_compra=@@@2013.09.22@@@,pro_ultimo_proveedor=@@@84472400-4@@@ WHERE pro_codigo_plu=17016','',2,'2013-09-22'),(68750,'UPDATE mae_productos SET pro_precio_compra_bruto=96.39,pro_margen_actual=(pro_precio_venta-96.39)/96.39 * 100,pro_ultima_compra=@@@2013.09.22@@@,pro_ultimo_proveedor=@@@84472400-4@@@ WHERE pro_codigo_plu=17097','',2,'2013-09-22'),(68751,'UPDATE mae_productos SET pro_precio_compra_bruto=199.92,pro_margen_actual=(pro_precio_venta-199.92)/199.92 * 100,pro_ultima_compra=@@@2013.09.22@@@,pro_ultimo_proveedor=@@@84472400-4@@@ WHERE pro_codigo_plu=18877','',2,'2013-09-22'),(68752,'UPDATE mae_productos SET pro_precio_compra_bruto=199.92,pro_margen_actual=(pro_precio_venta-199.92)/199.92 * 100,pro_ultima_compra=@@@2013.09.22@@@,pro_ultimo_proveedor=@@@84472400-4@@@ WHERE pro_codigo_plu=19238','',2,'2013-09-22'),(68753,'UPDATE mae_productos SET pro_precio_compra_bruto=199.92,pro_margen_actual=(pro_precio_venta-199.92)/199.92 * 100,pro_ultima_compra=@@@2013.09.22@@@,pro_ultimo_proveedor=@@@84472400-4@@@ WHERE pro_codigo_plu=19240','',2,'2013-09-22'),(68754,'UPDATE mae_productos SET pro_precio_compra_bruto=227.29,pro_margen_actual=(pro_precio_venta-227.29)/227.29 * 100,pro_ultima_compra=@@@2013.09.22@@@,pro_ultimo_proveedor=@@@84472400-4@@@ WHERE pro_codigo_plu=16528','',2,'2013-09-22'),(68755,'UPDATE mae_productos SET pro_precio_compra_bruto=227.29,pro_margen_actual=(pro_precio_venta-227.29)/227.29 * 100,pro_ultima_compra=@@@2013.09.22@@@,pro_ultimo_proveedor=@@@84472400-4@@@ WHERE pro_codigo_plu=16529','',2,'2013-09-22'),(68756,'UPDATE mae_productos SET pro_precio_compra_bruto=227.29,pro_margen_actual=(pro_precio_venta-227.29)/227.29 * 100,pro_ultima_compra=@@@2013.09.22@@@,pro_ultimo_proveedor=@@@84472400-4@@@ WHERE pro_codigo_plu=16532','',2,'2013-09-22'),(68757,'UPDATE mae_productos SET pro_precio_compra_bruto=245.14,pro_margen_actual=(pro_precio_venta-245.14)/245.14 * 100,pro_ultima_compra=@@@2013.09.22@@@,pro_ultimo_proveedor=@@@84472400-4@@@ WHERE pro_codigo_plu=16511','',2,'2013-09-22'),(68758,'UPDATE mae_productos SET pro_precio_compra_bruto=245.14,pro_margen_actual=(pro_precio_venta-245.14)/245.14 * 100,pro_ultima_compra=@@@2013.09.22@@@,pro_ultimo_proveedor=@@@84472400-4@@@ WHERE pro_codigo_plu=16510','',2,'2013-09-22'),(68759,'UPDATE mae_productos SET pro_precio_compra_bruto=854.42,pro_margen_actual=(pro_precio_venta-854.42)/854.42 * 100,pro_ultima_compra=@@@2013.09.22@@@,pro_ultimo_proveedor=@@@84472400-4@@@ WHERE pro_codigo_plu=16477','',2,'2013-09-22'),(68760,'UPDATE mae_productos SET pro_precio_compra_bruto=854.42,pro_margen_actual=(pro_precio_venta-854.42)/854.42 * 100,pro_ultima_compra=@@@2013.09.22@@@,pro_ultimo_proveedor=@@@84472400-4@@@ WHERE pro_codigo_plu=16938','',2,'2013-09-22'),(68761,'UPDATE mae_productos SET pro_precio_compra_bruto=339.15,pro_margen_actual=(pro_precio_venta-339.15)/339.15 * 100,pro_ultima_compra=@@@2013.09.22@@@,pro_ultimo_proveedor=@@@84472400-4@@@ WHERE pro_codigo_plu=17023','',2,'2013-09-22'),(68762,'UPDATE mae_productos SET pro_precio_compra_bruto=355.5,pro_margen_actual=(pro_precio_venta-355.5)/355.5 * 100,pro_ultima_compra=@@@2013.09.22@@@,pro_ultimo_proveedor=@@@84472400-4@@@ WHERE pro_codigo_plu=16372','',2,'2013-09-22'),(68763,'UPDATE mae_productos SET pro_precio_compra_bruto=266.56,pro_margen_actual=(pro_precio_venta-266.56)/266.56 * 100,pro_ultima_compra=@@@2013.09.22@@@,pro_ultimo_proveedor=@@@84472400-4@@@ WHERE pro_codigo_plu=16231','',2,'2013-09-22'),(68764,'UPDATE mae_productos SET pro_precio_compra_bruto=266.56,pro_margen_actual=(pro_precio_venta-266.56)/266.56 * 100,pro_ultima_compra=@@@2013.09.22@@@,pro_ultimo_proveedor=@@@84472400-4@@@ WHERE pro_codigo_plu=780721401','',2,'2013-09-22'),(68765,'UPDATE mae_productos SET pro_precio_compra_bruto=119,pro_margen_actual=(pro_precio_venta-119)/119 * 100,pro_ultima_compra=@@@2013.09.22@@@,pro_ultimo_proveedor=@@@84472400-4@@@ WHERE pro_codigo_plu=16672','',2,'2013-09-22'),(68766,'UPDATE mae_productos SET pro_precio_compra_bruto=119,pro_margen_actual=(pro_precio_venta-119)/119 * 100,pro_ultima_compra=@@@2013.09.22@@@,pro_ultimo_proveedor=@@@84472400-4@@@ WHERE pro_codigo_plu=16951','',2,'2013-09-22'),(68767,'UPDATE mae_productos SET pro_precio_compra_bruto=119,pro_margen_actual=(pro_precio_venta-119)/119 * 100,pro_ultima_compra=@@@2013.09.22@@@,pro_ultimo_proveedor=@@@84472400-4@@@ WHERE pro_codigo_plu=16952','',2,'2013-09-22'),(68768,'UPDATE mae_productos SET pro_precio_compra_bruto=362.95,pro_margen_actual=(pro_precio_venta-362.95)/362.95 * 100,pro_ultima_compra=@@@2013.09.22@@@,pro_ultimo_proveedor=@@@84472400-4@@@ WHERE pro_codigo_plu=761918','',2,'2013-09-22'),(68769,'UPDATE mae_productos SET pro_precio_compra_bruto=321.3,pro_margen_actual=(pro_precio_venta-321.3)/321.3 * 100,pro_ultima_compra=@@@2013.09.22@@@,pro_ultimo_proveedor=@@@84472400-4@@@ WHERE pro_codigo_plu=780721285','',2,'2013-09-22'),(68770,'UPDATE mae_productos SET pro_precio_compra_bruto=321.3,pro_margen_actual=(pro_precio_venta-321.3)/321.3 * 100,pro_ultima_compra=@@@2013.09.22@@@,pro_ultimo_proveedor=@@@84472400-4@@@ WHERE pro_codigo_plu=780721113','',2,'2013-09-22'),(68771,'UPDATE mae_productos SET pro_precio_compra_bruto=242.76,pro_margen_actual=(pro_precio_venta-242.76)/242.76 * 100,pro_ultima_compra=@@@2013.09.22@@@,pro_ultimo_proveedor=@@@84472400-4@@@ WHERE pro_codigo_plu=780721343','',2,'2013-09-22'),(68772,'UPDATE mae_productos SET pro_precio_compra_bruto=317.73,pro_margen_actual=(pro_precio_venta-317.73)/317.73 * 100,pro_ultima_compra=@@@2013.09.22@@@,pro_ultimo_proveedor=@@@84472400-4@@@ WHERE pro_codigo_plu=763334','',2,'2013-09-22'),(68773,'UPDATE mae_productos SET pro_precio_compra_bruto=210.63,pro_margen_actual=(pro_precio_venta-210.63)/210.63 * 100,pro_ultima_compra=@@@2013.09.22@@@,pro_ultimo_proveedor=@@@84472400-4@@@ WHERE pro_codigo_plu=763340','',2,'2013-09-22'),(68774,'UPDATE mae_productos SET pro_precio_compra_bruto=168.18,pro_margen_actual=(pro_precio_venta-168.18)/168.18 * 100,pro_ultima_compra=@@@2013.09.22@@@,pro_ultimo_proveedor=@@@84472400-4@@@ WHERE pro_codigo_plu=78016941','',2,'2013-09-22'),(68775,'UPDATE mae_productos SET pro_precio_compra_bruto=168.18,pro_margen_actual=(pro_precio_venta-168.18)/168.18 * 100,pro_ultima_compra=@@@2013.09.22@@@,pro_ultimo_proveedor=@@@84472400-4@@@ WHERE pro_codigo_plu=78016958','',2,'2013-09-22'),(68776,'UPDATE mae_productos SET pro_precio_compra_bruto=283.22,pro_margen_actual=(pro_precio_venta-283.22)/283.22 * 100,pro_ultima_compra=@@@2013.09.22@@@,pro_ultimo_proveedor=@@@84472400-4@@@ WHERE pro_codigo_plu=16821','',2,'2013-09-22'),(68777,'UPDATE mae_productos SET pro_precio_compra_bruto=946.05,pro_margen_actual=(pro_precio_venta-946.05)/946.05 * 100,pro_ultima_compra=@@@2013.09.22@@@,pro_ultimo_proveedor=@@@84472400-4@@@ WHERE pro_codigo_plu=16255','',2,'2013-09-22'),(68778,'UPDATE mae_productos SET pro_precio_compra_bruto=229.67,pro_margen_actual=(pro_precio_venta-229.67)/229.67 * 100,pro_ultima_compra=@@@2013.09.22@@@,pro_ultimo_proveedor=@@@84472400-4@@@ WHERE pro_codigo_plu=19243','',2,'2013-09-22'),(68779,'UPDATE mae_productos SET pro_precio_compra_bruto=229.67,pro_margen_actual=(pro_precio_venta-229.67)/229.67 * 100,pro_ultima_compra=@@@2013.09.22@@@,pro_ultimo_proveedor=@@@84472400-4@@@ WHERE pro_codigo_plu=17056','',2,'2013-09-22'),(68780,'UPDATE mae_productos SET pro_precio_compra_bruto=96.39,pro_margen_actual=(pro_precio_venta-96.39)/96.39 * 100,pro_ultima_compra=@@@2013.09.22@@@,pro_ultimo_proveedor=@@@84472400-4@@@ WHERE pro_codigo_plu=17018','',2,'2013-09-22'),(68781,'UPDATE mae_productos SET pro_precio_compra_bruto=96.39,pro_margen_actual=(pro_precio_venta-96.39)/96.39 * 100,pro_ultima_compra=@@@2013.09.22@@@,pro_ultimo_proveedor=@@@84472400-4@@@ WHERE pro_codigo_plu=17014','',2,'2013-09-22'),(68782,'UPDATE mae_productos SET pro_precio_compra_bruto=96.39,pro_margen_actual=(pro_precio_venta-96.39)/96.39 * 100,pro_ultima_compra=@@@2013.09.22@@@,pro_ultimo_proveedor=@@@84472400-4@@@ WHERE pro_codigo_plu=17104','',2,'2013-09-22'),(68783,'UPDATE mae_productos SET pro_precio_compra_bruto=199.92,pro_margen_actual=(pro_precio_venta-199.92)/199.92 * 100,pro_ultima_compra=@@@2013.09.22@@@,pro_ultimo_proveedor=@@@84472400-4@@@ WHERE pro_codigo_plu=17030','',2,'2013-09-22'),(68784,'UPDATE mae_productos SET pro_precio_compra_bruto=283.22,pro_margen_actual=(pro_precio_venta-283.22)/283.22 * 100,pro_ultima_compra=@@@2013.09.22@@@,pro_ultimo_proveedor=@@@84472400-4@@@ WHERE pro_codigo_plu=16820','',2,'2013-09-22'),(68785,'UPDATE mae_productos SET pro_precio_compra_bruto=245.14,pro_margen_actual=(pro_precio_venta-245.14)/245.14 * 100,pro_ultima_compra=@@@2013.09.22@@@,pro_ultimo_proveedor=@@@84472400-4@@@ WHERE pro_codigo_plu=16513','',2,'2013-09-22'),(68786,'UPDATE mae_productos SET pro_precio_compra_bruto=854.42,pro_margen_actual=(pro_precio_venta-854.42)/854.42 * 100,pro_ultima_compra=@@@2013.09.22@@@,pro_ultimo_proveedor=@@@84472400-4@@@ WHERE pro_codigo_plu=16480','',2,'2013-09-22'),(68787,'UPDATE mae_productos SET pro_precio_compra_bruto=854.42,pro_margen_actual=(pro_precio_venta-854.42)/854.42 * 100,pro_ultima_compra=@@@2013.09.22@@@,pro_ultimo_proveedor=@@@84472400-4@@@ WHERE pro_codigo_plu=16937','',2,'2013-09-22'),(68788,'UPDATE mae_productos SET pro_precio_compra_bruto=148.75,pro_margen_actual=(pro_precio_venta-148.75)/148.75 * 100,pro_ultima_compra=@@@2013.09.22@@@,pro_ultimo_proveedor=@@@84472400-4@@@ WHERE pro_codigo_plu=18216','',2,'2013-09-22'),(68789,'UPDATE mae_productos SET pro_precio_compra_bruto=148.75,pro_margen_actual=(pro_precio_venta-148.75)/148.75 * 100,pro_ultima_compra=@@@2013.09.22@@@,pro_ultimo_proveedor=@@@84472400-4@@@ WHERE pro_codigo_plu=18219','',2,'2013-09-22'),(68790,'UPDATE mae_productos SET pro_precio_compra_bruto=148.75,pro_margen_actual=(pro_precio_venta-148.75)/148.75 * 100,pro_ultima_compra=@@@2013.09.22@@@,pro_ultimo_proveedor=@@@84472400-4@@@ WHERE pro_codigo_plu=18217','',2,'2013-09-22'),(68791,'UPDATE mae_productos SET pro_precio_compra_bruto=148.75,pro_margen_actual=(pro_precio_venta-148.75)/148.75 * 100,pro_ultima_compra=@@@2013.09.22@@@,pro_ultimo_proveedor=@@@84472400-4@@@ WHERE pro_codigo_plu=18220','',2,'2013-09-22'),(68792,'UPDATE mae_productos SET pro_precio_compra_bruto=148.75,pro_margen_actual=(pro_precio_venta-148.75)/148.75 * 100,pro_ultima_compra=@@@2013.09.22@@@,pro_ultimo_proveedor=@@@84472400-4@@@ WHERE pro_codigo_plu=18218','',2,'2013-09-22'),(68793,'UPDATE mae_productos SET pro_precio_compra_bruto=266.56,pro_margen_actual=(pro_precio_venta-266.56)/266.56 * 100,pro_ultima_compra=@@@2013.09.22@@@,pro_ultimo_proveedor=@@@84472400-4@@@ WHERE pro_codigo_plu=16230','',2,'2013-09-22'),(68794,'UPDATE mae_productos SET pro_precio_compra_bruto=289.17,pro_margen_actual=(pro_precio_venta-289.17)/289.17 * 100,pro_ultima_compra=@@@2013.09.22@@@,pro_ultimo_proveedor=@@@84472400-4@@@ WHERE pro_codigo_plu=16999','',2,'2013-09-22'),(68795,'UPDATE mae_productos SET pro_precio_compra_bruto=119,pro_margen_actual=(pro_precio_venta-119)/119 * 100,pro_ultima_compra=@@@2013.09.22@@@,pro_ultimo_proveedor=@@@84472400-4@@@ WHERE pro_codigo_plu=16947','',2,'2013-09-22'),(68796,'UPDATE mae_productos SET pro_precio_compra_bruto=362.95,pro_margen_actual=(pro_precio_venta-362.95)/362.95 * 100,pro_ultima_compra=@@@2013.09.22@@@,pro_ultimo_proveedor=@@@84472400-4@@@ WHERE pro_codigo_plu=761919','',2,'2013-09-22'),(68797,'UPDATE mae_productos SET pro_precio_compra_bruto=362.95,pro_margen_actual=(pro_precio_venta-362.95)/362.95 * 100,pro_ultima_compra=@@@2013.09.22@@@,pro_ultimo_proveedor=@@@84472400-4@@@ WHERE pro_codigo_plu=780721635','',2,'2013-09-22'),(68798,'UPDATE mae_productos SET pro_precio_compra_bruto=242.76,pro_margen_actual=(pro_precio_venta-242.76)/242.76 * 100,pro_ultima_compra=@@@2013.09.22@@@,pro_ultimo_proveedor=@@@84472400-4@@@ WHERE pro_codigo_plu=763339','',2,'2013-09-22'),(68799,'UPDATE mae_productos SET pro_precio_compra_bruto=242.76,pro_margen_actual=(pro_precio_venta-242.76)/242.76 * 100,pro_ultima_compra=@@@2013.09.22@@@,pro_ultimo_proveedor=@@@84472400-4@@@ WHERE pro_codigo_plu=763345','',2,'2013-09-22'),(68800,'UPDATE mae_productos SET pro_precio_compra_bruto=283.22,pro_margen_actual=(pro_precio_venta-283.22)/283.22 * 100,pro_ultima_compra=@@@2013.09.22@@@,pro_ultimo_proveedor=@@@84472400-4@@@ WHERE pro_codigo_plu=763335','',2,'2013-09-22'),(68801,'UPDATE mae_productos SET pro_precio_compra_bruto=283.22,pro_margen_actual=(pro_precio_venta-283.22)/283.22 * 100,pro_ultima_compra=@@@2013.09.22@@@,pro_ultimo_proveedor=@@@84472400-4@@@ WHERE pro_codigo_plu=763338','',2,'2013-09-22'),(68802,'UPDATE mae_productos SET pro_precio_compra_bruto=210.63,pro_margen_actual=(pro_precio_venta-210.63)/210.63 * 100,pro_ultima_compra=@@@2013.09.22@@@,pro_ultimo_proveedor=@@@84472400-4@@@ WHERE pro_codigo_plu=780721402','',2,'2013-09-22'),(68803,'UPDATE mae_productos SET pro_precio_compra_bruto=168.18,pro_margen_actual=(pro_precio_venta-168.18)/168.18 * 100,pro_ultima_compra=@@@2013.09.22@@@,pro_ultimo_proveedor=@@@84472400-4@@@ WHERE pro_codigo_plu=763459','',2,'2013-09-22'),(68804,'UPDATE mae_productos SET pro_precio_compra_bruto=168.18,pro_margen_actual=(pro_precio_venta-168.18)/168.18 * 100,pro_ultima_compra=@@@2013.09.22@@@,pro_ultimo_proveedor=@@@84472400-4@@@ WHERE pro_codigo_plu=78016965','',2,'2013-09-22'),(68805,'UPDATE mae_productos SET pro_precio_compra_bruto=168.18,pro_margen_actual=(pro_precio_venta-168.18)/168.18 * 100,pro_ultima_compra=@@@2013.09.22@@@,pro_ultimo_proveedor=@@@84472400-4@@@ WHERE pro_codigo_plu=780721609','',2,'2013-09-22'),(68806,'UPDATE mae_productos SET pro_precio_compra_bruto=1898.05,pro_margen_actual=(pro_precio_venta-1898.05)/1898.05 * 100,pro_ultima_compra=@@@2013.09.22@@@,pro_ultimo_proveedor=@@@84472400-4@@@ WHERE pro_codigo_plu=16380','',2,'2013-09-22'),(68807,'UPDATE mae_productos SET pro_precio_compra_bruto=321.3,pro_margen_actual=(pro_precio_venta-321.3)/321.3 * 100,pro_ultima_compra=@@@2013.09.22@@@,pro_ultimo_proveedor=@@@84472400-4@@@ WHERE pro_codigo_plu=763342','',2,'2013-09-22'),(68808,'UPDATE mae_departamento SET dep_nombre = @@@LACTEOS@@@,dep_porcentaje_margen=@@@37@@@,cco_id=2 WHERE dep_id =@@@3@@@','',2,'2013-09-22'),(68809,'INSERT INTO gne_vale_ferreteria (vfe_id,vfe_fecha,vfe_total,vfe_estado,vfe_entregado,usu_nusuario) VALUES (11879,@@@2013.09.22@@@,1450,1,0,@@@b_SAEZ@@@)','',2,'2013-09-22'),(68810,'INSERT INTO gne_vale_ferreteria_mov (vfe_id,pro_codigo_plu,vfm_cantidad,vfm_unitario,vfm_total,vfm_entregado) VALUES (11879,780721082,1,1450,1450,@@@NO@@@)','',2,'2013-09-22'),(68811,'UPDATE mae_departamento SET dep_nombre = @@@LACTEOS@@@,dep_porcentaje_margen=@@@37@@@,cco_id=2 WHERE dep_id =@@@3@@@','',2,'2013-09-22'),(68812,'UPDATE mae_datos_empresa SET emp_rut=@@@10162956-2@@@,emp_razon_social=@@@SUPERMERCADO UNICO NACIMIENTO@@@,emp_sucursal=@@@MATRIZ@@@,emp_giro=@@@SUPERMERCADOS@@@,emp_direccion=@@@AV. SAN GREGORIO 15@@@,emp_ciudad=@@@NACIMIENTO@@@,emp_telefono=@@@511706@@@,emp_mail=@@@UNICONACIMIENTO@GMAIL.COM@@@,emp_mail_gerencia_comercial=@@@@@@,emp_mail_gerencia_operaciones=@@@@@@,emp_mail_gerencia_sistemas=@@@@@@,emp_nombre_administrador=@@@SUPERMERCADO UNICO@@@,emp_direccion_sala=@@@AV. SAN GREGORIO 15@@@,emp_ciudad_sala=@@@NACIMIENTO@@@,emp_utm=40005,emp_telefono_sala=@@@511706@@@,emp_fax_sala=@@@511706@@@,emp_mail_sala=@@@UNICONACIMIENTO@GMAIL.COM@@@,emp_cta_efectivo=@@@0@@@,emp_cta_cheque=@@@0@@@,emp_cta_ventas=@@@0@@@,emp_cta_t_credito=@@@0@@@,emp_cta_t_debito=@@@0@@@,emp_cta_p_acumulados=@@@0@@@,emp_cta_descuento=@@@0@@@,emp_cta_cliente=@@@0@@@,emp_cta_funcionario=@@@0@@@,emp_cta_apoyo=@@@0@@@','',2,'2013-09-22'),(68813,'UPDATE mae_datos_empresa SET emp_entradas_compras=@@@0@@@,emp_entradas_pack=@@@0@@@,emp_entradas_preparados=@@@0@@@,emp_salidas_pi_pack=@@@0@@@,emp_salidas_pi_preparados=@@@0@@@,emp_iva=19,emp_lineas_facturas=18,emp_lineas_guias=18,emp_lineas_nc=@@@12@@@,emp_minimo_nc=@@@500@@@,emp_codigo_ferreteria=0,emp_codigo_cigarrillos=25,emp_path_flejes=@@@C:/Users/Administracion/Documents/flejes@@@,emp_path_balanzas=@@@C:/@@@,emp_path_precios=@@@//secretaria/C/UX60/CORREO@@@,emp_path_ventas=@@@//secretaria/C/UX60@@@,emp_cta_mercaderias=0,emp_cta_iva=0,emp_cta_excento=0,emp_cta_harina=0,emp_cta_especifico=0,emp_cta_carne=0,emp_cta_ila=0,emp_cta_proveedor=0,emp_registradora=3,emp_funcionamiento=0,emp_codigo_queseria=0,emp_codigo_roticeria=3,emp_com=@@@COM1@@@,emp_baudios=@@@9600@@@,emp_total_cajas=3','',2,'2013-09-22'),(68814,'INSERT INTO gne_vale_ferreteria (vfe_id,vfe_fecha,vfe_total,vfe_estado,vfe_entregado,usu_nusuario) VALUES (11880,@@@2013.09.22@@@,270,1,0,@@@b_SAEZ@@@)','',2,'2013-09-22'),(68815,'INSERT INTO gne_vale_ferreteria_mov (vfe_id,pro_codigo_plu,vfm_cantidad,vfm_unitario,vfm_total,vfm_entregado) VALUES (11880,780721387,1,150,150,@@@NO@@@)','',2,'2013-09-22'),(68816,'INSERT INTO gne_vale_ferreteria_mov (vfe_id,pro_codigo_plu,vfm_cantidad,vfm_unitario,vfm_total,vfm_entregado) VALUES (11880,78017016,1,120,120,@@@NO@@@)','',2,'2013-09-22'),(68817,'INSERT INTO gne_vale_ferreteria (vfe_id,vfe_fecha,vfe_total,vfe_estado,vfe_entregado,usu_nusuario) VALUES (11881,@@@2013.09.22@@@,120,1,0,@@@b_SAEZ@@@)','',2,'2013-09-22'),(68818,'INSERT INTO gne_vale_ferreteria_mov (vfe_id,pro_codigo_plu,vfm_cantidad,vfm_unitario,vfm_total,vfm_entregado) VALUES (11881,763790,4,30,120,@@@NO@@@)','',2,'2013-09-22'),(68819,'UPDATE mae_productos SET pro_precio_venta=299,pro_margen_actual= 35.38 WHERE pro_codigo_plu=78017098','',2,'2013-09-22'),(68820,'UPDATE mae_productos SET pro_precio_venta=650,pro_margen_actual= 40.49 WHERE pro_codigo_plu=16272','',2,'2013-09-22'),(68821,'UPDATE mae_productos SET pro_precio_venta=1100,pro_margen_actual= 35.94 WHERE pro_codigo_plu=16640','',2,'2013-09-22'),(68822,'UPDATE mae_productos SET pro_precio_venta=1100,pro_margen_actual= 35.94 WHERE pro_codigo_plu=16636','',2,'2013-09-22'),(68823,'UPDATE mae_productos SET pro_precio_venta=1100,pro_margen_actual= 35.94 WHERE pro_codigo_plu=16635','',2,'2013-09-22'),(68824,'UPDATE mae_productos SET pro_precio_venta=315,pro_margen_actual= 37.15 WHERE pro_codigo_plu=19111','',2,'2013-09-22'),(68825,'UPDATE mae_productos SET pro_precio_venta=1150,pro_margen_actual= 34.59 WHERE pro_codigo_plu=16477','',2,'2013-09-22'),(68826,'UPDATE mae_productos SET pro_precio_venta=1150,pro_margen_actual= 34.59 WHERE pro_codigo_plu=16938','',2,'2013-09-22'),(68827,'INSERT INTO gne_vale_ferreteria (vfe_id,vfe_fecha,vfe_total,vfe_estado,vfe_entregado,usu_nusuario) VALUES (11882,@@@2013.09.22@@@,90,1,0,@@@b_SAEZ@@@)','',2,'2013-09-22'),(68828,'INSERT INTO gne_vale_ferreteria_mov (vfe_id,pro_codigo_plu,vfm_cantidad,vfm_unitario,vfm_total,vfm_entregado) VALUES (11882,770031,3,30,90,@@@NO@@@)','',2,'2013-09-22'),(68829,'UPDATE mae_productos SET pro_precio_venta=315,pro_margen_actual= 37.15 WHERE pro_codigo_plu=19243','',2,'2013-09-22'),(68830,'UPDATE mae_productos SET pro_precio_venta=315,pro_margen_actual= 37.15 WHERE pro_codigo_plu=17056','',2,'2013-09-22'),(68831,'UPDATE mae_productos SET pro_precio_venta=1150,pro_margen_actual= 34.59 WHERE pro_codigo_plu=16480','',2,'2013-09-22'),(68832,'UPDATE mae_productos SET pro_precio_venta=1150,pro_margen_actual= 34.59 WHERE pro_codigo_plu=16937','',2,'2013-09-22'),(68833,'UPDATE mae_productos SET pro_precio_venta=2470,pro_margen_actual= 30.13 WHERE pro_codigo_plu=16380','',2,'2013-09-22'),(68834,'UPDATE mae_productos SET pro_precio_fiscal=pro_precio_venta WHERE pro_codigo_plu=19243','',2,'2013-09-22'),(68835,'UPDATE mae_productos SET pro_precio_fiscal=pro_precio_venta WHERE pro_codigo_plu=19111','',2,'2013-09-22'),(68836,'UPDATE mae_productos SET pro_precio_fiscal=pro_precio_venta WHERE pro_codigo_plu=17056','',2,'2013-09-22'),(68837,'UPDATE mae_productos SET pro_precio_fiscal=pro_precio_venta WHERE pro_codigo_plu=16477','',2,'2013-09-22'),(68838,'UPDATE mae_productos SET pro_precio_fiscal=pro_precio_venta WHERE pro_codigo_plu=16480','',2,'2013-09-22'),(68839,'UPDATE mae_productos SET pro_precio_fiscal=pro_precio_venta WHERE pro_codigo_plu=16937','',2,'2013-09-22'),(68840,'UPDATE mae_productos SET pro_precio_fiscal=pro_precio_venta WHERE pro_codigo_plu=16938','',2,'2013-09-22'),(68841,'UPDATE mae_productos SET pro_precio_fiscal=pro_precio_venta WHERE pro_codigo_plu=16380','',2,'2013-09-22'),(68842,'UPDATE mae_productos SET pro_precio_fiscal=pro_precio_venta WHERE pro_codigo_plu=78017098','',2,'2013-09-22'),(68843,'UPDATE mae_productos SET pro_precio_fiscal=pro_precio_venta WHERE pro_codigo_plu=16272','',2,'2013-09-22'),(68844,'UPDATE mae_productos SET pro_precio_fiscal=pro_precio_venta WHERE pro_codigo_plu=16640','',2,'2013-09-22'),(68845,'UPDATE mae_productos SET pro_precio_fiscal=pro_precio_venta WHERE pro_codigo_plu=16636','',2,'2013-09-22'),(68846,'UPDATE mae_productos SET pro_precio_fiscal=pro_precio_venta WHERE pro_codigo_plu=16635','',2,'2013-09-22'),(68847,'UPDATE gpr_pack_virtual SET pav_activo=@@@NO@@@ WHERE pav_id=61','',2,'2013-09-22'),(68848,'UPDATE mae_productos SET pro_precio_fiscal=pro_precio_venta WHERE pro_codigo_plu=607','',2,'2013-09-22'),(68849,'INSERT INTO gne_vale_ferreteria (vfe_id,vfe_fecha,vfe_total,vfe_estado,vfe_entregado,usu_nusuario) VALUES (11883,@@@2013.09.22@@@,540,1,0,@@@b_SAEZ@@@)','',2,'2013-09-22'),(68850,'INSERT INTO gne_vale_ferreteria_mov (vfe_id,pro_codigo_plu,vfm_cantidad,vfm_unitario,vfm_total,vfm_entregado) VALUES (11883,19916,1,540,540,@@@NO@@@)','',2,'2013-09-22'),(68851,'INSERT INTO gne_vale_ferreteria (vfe_id,vfe_fecha,vfe_total,vfe_estado,vfe_entregado,usu_nusuario) VALUES (11884,@@@2013.09.22@@@,490,1,0,@@@b_SAEZ@@@)','',2,'2013-09-22'),(68852,'INSERT INTO gne_vale_ferreteria_mov (vfe_id,pro_codigo_plu,vfm_cantidad,vfm_unitario,vfm_total,vfm_entregado) VALUES (11884,780220183,1,490,490,@@@NO@@@)','',2,'2013-09-22'),(68853,'INSERT INTO gne_vale_ferreteria (vfe_id,vfe_fecha,vfe_total,vfe_estado,vfe_entregado,usu_nusuario) VALUES (11885,@@@2013.09.22@@@,300,1,0,@@@b_SAEZ@@@)','',2,'2013-09-22'),(68854,'INSERT INTO gne_vale_ferreteria_mov (vfe_id,pro_codigo_plu,vfm_cantidad,vfm_unitario,vfm_total,vfm_entregado) VALUES (11885,763790,10,30,300,@@@NO@@@)','',2,'2013-09-22'),(68855,'INSERT INTO gne_vale_ferreteria (vfe_id,vfe_fecha,vfe_total,vfe_estado,vfe_entregado,usu_nusuario) VALUES (11886,@@@2013.09.22@@@,590,1,0,@@@b_SAEZ@@@)','',2,'2013-09-22'),(68856,'INSERT INTO gne_vale_ferreteria_mov (vfe_id,pro_codigo_plu,vfm_cantidad,vfm_unitario,vfm_total,vfm_entregado) VALUES (11886,780220195,1,590,590,@@@NO@@@)','',2,'2013-09-22'),(68857,'INSERT INTO gne_vale_ferreteria (vfe_id,vfe_fecha,vfe_total,vfe_estado,vfe_entregado,usu_nusuario) VALUES (11887,@@@2013.09.22@@@,490,1,0,@@@b_SAEZ@@@)','',2,'2013-09-22'),(68858,'INSERT INTO gne_vale_ferreteria_mov (vfe_id,pro_codigo_plu,vfm_cantidad,vfm_unitario,vfm_total,vfm_entregado) VALUES (11887,20756,1,490,490,@@@NO@@@)','',2,'2013-09-22'),(68859,'INSERT INTO gne_vale_ferreteria (vfe_id,vfe_fecha,vfe_total,vfe_estado,vfe_entregado,usu_nusuario) VALUES (11888,@@@2013.09.22@@@,680,1,0,@@@b_SAEZ@@@)','',2,'2013-09-22'),(68860,'INSERT INTO gne_vale_ferreteria_mov (vfe_id,pro_codigo_plu,vfm_cantidad,vfm_unitario,vfm_total,vfm_entregado) VALUES (11888,19866,1,680,680,@@@NO@@@)','',2,'2013-09-22'),(68861,'INSERT INTO gne_vale_ferreteria (vfe_id,vfe_fecha,vfe_total,vfe_estado,vfe_entregado,usu_nusuario) VALUES (11889,@@@2013.09.22@@@,2110,1,0,@@@b_SAEZ@@@)','',2,'2013-09-22'),(68862,'INSERT INTO gne_vale_ferreteria_mov (vfe_id,pro_codigo_plu,vfm_cantidad,vfm_unitario,vfm_total,vfm_entregado) VALUES (11889,780721668,1,650,650,@@@NO@@@)','',2,'2013-09-22'),(68863,'INSERT INTO gne_vale_ferreteria_mov (vfe_id,pro_codigo_plu,vfm_cantidad,vfm_unitario,vfm_total,vfm_entregado) VALUES (11889,78017129,1,390,390,@@@NO@@@)','',2,'2013-09-22'),(68864,'INSERT INTO gne_vale_ferreteria_mov (vfe_id,pro_codigo_plu,vfm_cantidad,vfm_unitario,vfm_total,vfm_entregado) VALUES (11889,78017130,1,390,390,@@@NO@@@)','',2,'2013-09-22'),(68865,'INSERT INTO gne_vale_ferreteria_mov (vfe_id,pro_codigo_plu,vfm_cantidad,vfm_unitario,vfm_total,vfm_entregado) VALUES (11889,764539,1,450,450,@@@NO@@@)','',2,'2013-09-22'),(68866,'INSERT INTO gne_vale_ferreteria_mov (vfe_id,pro_codigo_plu,vfm_cantidad,vfm_unitario,vfm_total,vfm_entregado) VALUES (11889,780721720,1,230,230,@@@NO@@@)','',2,'2013-09-22'),(68867,'INSERT INTO gne_vale_ferreteria (vfe_id,vfe_fecha,vfe_total,vfe_estado,vfe_entregado,usu_nusuario) VALUES (11890,@@@2013.09.22@@@,200,1,0,@@@b_SAEZ@@@)','',2,'2013-09-22'),(68868,'INSERT INTO gne_vale_ferreteria_mov (vfe_id,pro_codigo_plu,vfm_cantidad,vfm_unitario,vfm_total,vfm_entregado) VALUES (11890,4130,2,100,200,@@@NO@@@)','',2,'2013-09-22'),(68869,'INSERT INTO gne_vale_ferreteria (vfe_id,vfe_fecha,vfe_total,vfe_estado,vfe_entregado,usu_nusuario) VALUES (11891,@@@2013.09.22@@@,1850,1,0,@@@b_SAEZ@@@)','',2,'2013-09-22'),(68870,'INSERT INTO gne_vale_ferreteria_mov (vfe_id,pro_codigo_plu,vfm_cantidad,vfm_unitario,vfm_total,vfm_entregado) VALUES (11891,780721387,2,150,300,@@@NO@@@)','',2,'2013-09-22'),(68871,'INSERT INTO gne_vale_ferreteria_mov (vfe_id,pro_codigo_plu,vfm_cantidad,vfm_unitario,vfm_total,vfm_entregado) VALUES (11891,16430,1,160,160,@@@NO@@@)','',2,'2013-09-22'),(68872,'INSERT INTO gne_vale_ferreteria_mov (vfe_id,pro_codigo_plu,vfm_cantidad,vfm_unitario,vfm_total,vfm_entregado) VALUES (11891,1086,1,1390,1390,@@@NO@@@)','',2,'2013-09-22'),(68873,'INSERT INTO gne_vale_ferreteria (vfe_id,vfe_fecha,vfe_total,vfe_estado,vfe_entregado,usu_nusuario) VALUES (11892,@@@2013.09.22@@@,1100,1,0,@@@b_SAEZ@@@)','',2,'2013-09-22'),(68874,'INSERT INTO gne_vale_ferreteria_mov (vfe_id,pro_codigo_plu,vfm_cantidad,vfm_unitario,vfm_total,vfm_entregado) VALUES (11892,780721752,1,1100,1100,@@@NO@@@)','',2,'2013-09-22'),(68875,'INSERT INTO gne_vale_ferreteria (vfe_id,vfe_fecha,vfe_total,vfe_estado,vfe_entregado,usu_nusuario) VALUES (11893,@@@2013.09.22@@@,120,1,0,@@@b_SAEZ@@@)','',2,'2013-09-22'),(68876,'INSERT INTO gne_vale_ferreteria_mov (vfe_id,pro_codigo_plu,vfm_cantidad,vfm_unitario,vfm_total,vfm_entregado) VALUES (11893,8022,1,120,120,@@@NO@@@)','',2,'2013-09-22'),(68877,'INSERT INTO gne_vale_ferreteria (vfe_id,vfe_fecha,vfe_total,vfe_estado,vfe_entregado,usu_nusuario) VALUES (11894,@@@2013.09.22@@@,3198,1,0,@@@b_SAEZ@@@)','',2,'2013-09-22'),(68878,'INSERT INTO gne_vale_ferreteria_mov (vfe_id,pro_codigo_plu,vfm_cantidad,vfm_unitario,vfm_total,vfm_entregado) VALUES (11894,15668,2,1599,3198,@@@NO@@@)','',2,'2013-09-22'),(68879,'INSERT INTO gne_vale_ferreteria (vfe_id,vfe_fecha,vfe_total,vfe_estado,vfe_entregado,usu_nusuario) VALUES (11895,@@@2013.09.22@@@,120,1,0,@@@b_SAEZ@@@)','',2,'2013-09-22'),(68880,'INSERT INTO gne_vale_ferreteria_mov (vfe_id,pro_codigo_plu,vfm_cantidad,vfm_unitario,vfm_total,vfm_entregado) VALUES (11895,8022,1,120,120,@@@NO@@@)','',2,'2013-09-22'),(68881,'INSERT INTO gne_vale_ferreteria (vfe_id,vfe_fecha,vfe_total,vfe_estado,vfe_entregado,usu_nusuario) VALUES (11896,@@@2013.09.22@@@,990,1,0,@@@b_SAEZ@@@)','',2,'2013-09-22'),(68882,'INSERT INTO gne_vale_ferreteria_mov (vfe_id,pro_codigo_plu,vfm_cantidad,vfm_unitario,vfm_total,vfm_entregado) VALUES (11896,780220138,1,990,990,@@@NO@@@)','',2,'2013-09-22'),(68883,'INSERT INTO gne_vale_ferreteria (vfe_id,vfe_fecha,vfe_total,vfe_estado,vfe_entregado,usu_nusuario) VALUES (11897,@@@2013.09.22@@@,1040,1,0,@@@b_SAEZ@@@)','',2,'2013-09-22'),(68884,'INSERT INTO gne_vale_ferreteria_mov (vfe_id,pro_codigo_plu,vfm_cantidad,vfm_unitario,vfm_total,vfm_entregado) VALUES (11897,20756,1,490,490,@@@NO@@@)','',2,'2013-09-22'),(68885,'INSERT INTO gne_vale_ferreteria_mov (vfe_id,pro_codigo_plu,vfm_cantidad,vfm_unitario,vfm_total,vfm_entregado) VALUES (11897,763890,1,550,550,@@@NO@@@)','',2,'2013-09-22'),(68886,'INSERT INTO gne_vale_ferreteria (vfe_id,vfe_fecha,vfe_total,vfe_estado,vfe_entregado,usu_nusuario) VALUES (11898,@@@2013.09.22@@@,1130,1,0,@@@b_SAEZ@@@)','',2,'2013-09-22'),(68887,'INSERT INTO gne_vale_ferreteria_mov (vfe_id,pro_codigo_plu,vfm_cantidad,vfm_unitario,vfm_total,vfm_entregado) VALUES (11898,764780,4,60,240,@@@NO@@@)','',2,'2013-09-22'),(68888,'INSERT INTO gne_vale_ferreteria_mov (vfe_id,pro_codigo_plu,vfm_cantidad,vfm_unitario,vfm_total,vfm_entregado) VALUES (11898,763789,1,340,340,@@@NO@@@)','',2,'2013-09-22'),(68889,'INSERT INTO gne_vale_ferreteria_mov (vfe_id,pro_codigo_plu,vfm_cantidad,vfm_unitario,vfm_total,vfm_entregado) VALUES (11898,780721724,1,550,550,@@@NO@@@)','',2,'2013-09-22'),(68890,'INSERT INTO gne_vale_ferreteria (vfe_id,vfe_fecha,vfe_total,vfe_estado,vfe_entregado,usu_nusuario) VALUES (11899,@@@2013.09.22@@@,290,1,0,@@@b_SAEZ@@@)','',2,'2013-09-22'),(68891,'INSERT INTO gne_vale_ferreteria_mov (vfe_id,pro_codigo_plu,vfm_cantidad,vfm_unitario,vfm_total,vfm_entregado) VALUES (11899,761330,1,290,290,@@@NO@@@)','',2,'2013-09-22'),(68892,'INSERT INTO gne_vale_ferreteria (vfe_id,vfe_fecha,vfe_total,vfe_estado,vfe_entregado,usu_nusuario) VALUES (11900,@@@2013.09.22@@@,4590,1,0,@@@b_SAEZ@@@)','',2,'2013-09-22'),(68893,'INSERT INTO gne_vale_ferreteria_mov (vfe_id,pro_codigo_plu,vfm_cantidad,vfm_unitario,vfm_total,vfm_entregado) VALUES (11900,780721783,1,4590,4590,@@@NO@@@)','',2,'2013-09-22'),(68894,'INSERT INTO gne_vale_ferreteria (vfe_id,vfe_fecha,vfe_total,vfe_estado,vfe_entregado,usu_nusuario) VALUES (11901,@@@2013.09.22@@@,260,1,0,@@@b_SAEZ@@@)','',2,'2013-09-22'),(68895,'INSERT INTO gne_vale_ferreteria_mov (vfe_id,pro_codigo_plu,vfm_cantidad,vfm_unitario,vfm_total,vfm_entregado) VALUES (11901,15929,2,130,260,@@@NO@@@)','',2,'2013-09-22'),(68896,'INSERT INTO gne_vale_ferreteria (vfe_id,vfe_fecha,vfe_total,vfe_estado,vfe_entregado,usu_nusuario) VALUES (11902,@@@2013.09.22@@@,640,1,0,@@@b_SAEZ@@@)','',2,'2013-09-22'),(68897,'INSERT INTO gne_vale_ferreteria_mov (vfe_id,pro_codigo_plu,vfm_cantidad,vfm_unitario,vfm_total,vfm_entregado) VALUES (11902,1069,2,200,400,@@@NO@@@)','',2,'2013-09-22'),(68898,'INSERT INTO gne_vale_ferreteria_mov (vfe_id,pro_codigo_plu,vfm_cantidad,vfm_unitario,vfm_total,vfm_entregado) VALUES (11902,763778,1,240,240,@@@NO@@@)','',2,'2013-09-22'),(68899,'INSERT INTO gne_vale_ferreteria (vfe_id,vfe_fecha,vfe_total,vfe_estado,vfe_entregado,usu_nusuario) VALUES (11903,@@@2013.09.23@@@,850,1,0,@@@m_martinez@@@)','',2,'2013-09-23'),(68900,'INSERT INTO gne_vale_ferreteria_mov (vfe_id,pro_codigo_plu,vfm_cantidad,vfm_unitario,vfm_total,vfm_entregado) VALUES (11903,780721714,1,850,850,@@@NO@@@)','',2,'2013-09-23'),(68901,'INSERT INTO gne_vale_ferreteria (vfe_id,vfe_fecha,vfe_total,vfe_estado,vfe_entregado,usu_nusuario) VALUES (11904,@@@2013.09.23@@@,100,1,0,@@@m_martinez@@@)','',2,'2013-09-23'),(68902,'INSERT INTO gne_vale_ferreteria_mov (vfe_id,pro_codigo_plu,vfm_cantidad,vfm_unitario,vfm_total,vfm_entregado) VALUES (11904,770063,1,100,100,@@@NO@@@)','',2,'2013-09-23'),(68903,'INSERT INTO gne_vale_ferreteria (vfe_id,vfe_fecha,vfe_total,vfe_estado,vfe_entregado,usu_nusuario) VALUES (11905,@@@2013.09.23@@@,695,1,0,@@@m_martinez@@@)','',2,'2013-09-23'),(68904,'INSERT INTO gne_vale_ferreteria_mov (vfe_id,pro_codigo_plu,vfm_cantidad,vfm_unitario,vfm_total,vfm_entregado) VALUES (11905,7050,1,695,695,@@@NO@@@)','',2,'2013-09-23'),(68905,'INSERT INTO gne_vale_ferreteria (vfe_id,vfe_fecha,vfe_total,vfe_estado,vfe_entregado,usu_nusuario) VALUES (11906,@@@2013.09.23@@@,150,1,0,@@@m_martinez@@@)','',2,'2013-09-23'),(68906,'INSERT INTO gne_vale_ferreteria_mov (vfe_id,pro_codigo_plu,vfm_cantidad,vfm_unitario,vfm_total,vfm_entregado) VALUES (11906,780721387,1,150,150,@@@NO@@@)','',2,'2013-09-23'),(68907,'INSERT INTO gne_vale_ferreteria (vfe_id,vfe_fecha,vfe_total,vfe_estado,vfe_entregado,usu_nusuario) VALUES (11907,@@@2013.09.23@@@,160,1,0,@@@m_martinez@@@)','',2,'2013-09-23'),(68908,'INSERT INTO gne_vale_ferreteria_mov (vfe_id,pro_codigo_plu,vfm_cantidad,vfm_unitario,vfm_total,vfm_entregado) VALUES (11907,16430,1,160,160,@@@NO@@@)','',2,'2013-09-23'),(68909,'INSERT INTO gne_vale_ferreteria (vfe_id,vfe_fecha,vfe_total,vfe_estado,vfe_entregado,usu_nusuario) VALUES (11908,@@@2013.09.23@@@,290,1,0,@@@m_martinez@@@)','',2,'2013-09-23'),(68910,'INSERT INTO gne_vale_ferreteria_mov (vfe_id,pro_codigo_plu,vfm_cantidad,vfm_unitario,vfm_total,vfm_entregado) VALUES (11908,12608,1,290,290,@@@NO@@@)','',2,'2013-09-23'),(68911,'INSERT INTO gne_vale_ferreteria (vfe_id,vfe_fecha,vfe_total,vfe_estado,vfe_entregado,usu_nusuario) VALUES (11909,@@@2013.09.23@@@,360,1,0,@@@m_martinez@@@)','',2,'2013-09-23'),(68912,'INSERT INTO gne_vale_ferreteria_mov (vfe_id,pro_codigo_plu,vfm_cantidad,vfm_unitario,vfm_total,vfm_entregado) VALUES (11909,764366,1,360,360,@@@NO@@@)','',2,'2013-09-23'),(68913,'INSERT INTO gne_vale_ferreteria (vfe_id,vfe_fecha,vfe_total,vfe_estado,vfe_entregado,usu_nusuario) VALUES (11910,@@@2013.09.23@@@,360,1,0,@@@m_martinez@@@)','',2,'2013-09-23'),(68914,'INSERT INTO gne_vale_ferreteria_mov (vfe_id,pro_codigo_plu,vfm_cantidad,vfm_unitario,vfm_total,vfm_entregado) VALUES (11910,764366,1,360,360,@@@NO@@@)','',2,'2013-09-23'),(68915,'INSERT INTO gne_vale_ferreteria (vfe_id,vfe_fecha,vfe_total,vfe_estado,vfe_entregado,usu_nusuario) VALUES (11911,@@@2013.09.23@@@,5740,1,0,@@@m_martinez@@@)','',2,'2013-09-23'),(68916,'INSERT INTO gne_vale_ferreteria_mov (vfe_id,pro_codigo_plu,vfm_cantidad,vfm_unitario,vfm_total,vfm_entregado) VALUES (11911,78017157,2,770,1540,@@@NO@@@)','',2,'2013-09-23'),(68917,'INSERT INTO gne_vale_ferreteria_mov (vfe_id,pro_codigo_plu,vfm_cantidad,vfm_unitario,vfm_total,vfm_entregado) VALUES (11911,78017153,50,30,1500,@@@NO@@@)','',2,'2013-09-23'),(68918,'INSERT INTO gne_vale_ferreteria_mov (vfe_id,pro_codigo_plu,vfm_cantidad,vfm_unitario,vfm_total,vfm_entregado) VALUES (11911,7500885,6,50,300,@@@NO@@@)','',2,'2013-09-23'),(68919,'INSERT INTO gne_vale_ferreteria_mov (vfe_id,pro_codigo_plu,vfm_cantidad,vfm_unitario,vfm_total,vfm_entregado) VALUES (11911,16421,15,160,2400,@@@NO@@@)','',2,'2013-09-23'),(68920,'INSERT INTO gne_vale_ferreteria (vfe_id,vfe_fecha,vfe_total,vfe_estado,vfe_entregado,usu_nusuario) VALUES (11912,@@@2013.09.23@@@,1290,1,0,@@@m_martinez@@@)','',2,'2013-09-23'),(68921,'INSERT INTO gne_vale_ferreteria_mov (vfe_id,pro_codigo_plu,vfm_cantidad,vfm_unitario,vfm_total,vfm_entregado) VALUES (11912,764570,1,1290,1290,@@@NO@@@)','',2,'2013-09-23'),(68922,'UPDATE mae_productos SET pro_margen_actual=-12,pro_precio_venta=550 WHERE pro_codigo_plu=532','',2,'2013-09-23'),(68923,'UPDATE mae_productos SET pro_margen_actual=1.85,pro_precio_venta=550 WHERE pro_codigo_plu=607','',2,'2013-09-23'),(68924,'UPDATE mae_productos SET pro_margen_actual=40.19,pro_precio_venta=450 WHERE pro_codigo_plu=609','',2,'2013-09-23'),(68925,'UPDATE mae_productos SET pro_margen_actual=40.19,pro_precio_venta=450 WHERE pro_codigo_plu=608','',2,'2013-09-23'),(68926,'UPDATE mae_productos SET pro_margen_actual=-4.35,pro_precio_venta=220 WHERE pro_codigo_plu=597','',2,'2013-09-23'),(68927,'UPDATE mae_productos SET pro_margen_actual=385.07,pro_precio_venta=650 WHERE pro_codigo_plu=589','',2,'2013-09-23'),(68928,'UPDATE mae_productos SET pro_margen_actual=385.07,pro_precio_venta=650 WHERE pro_codigo_plu=590','',2,'2013-09-23'),(68929,'UPDATE mae_productos SET pro_precio_fiscal=pro_precio_venta WHERE pro_codigo_plu=532','',2,'2013-09-23'),(68930,'UPDATE mae_productos SET pro_precio_fiscal=pro_precio_venta WHERE pro_codigo_plu=589','',2,'2013-09-23'),(68931,'UPDATE mae_productos SET pro_precio_fiscal=pro_precio_venta WHERE pro_codigo_plu=590','',2,'2013-09-23'),(68932,'UPDATE mae_productos SET pro_precio_fiscal=pro_precio_venta WHERE pro_codigo_plu=597','',2,'2013-09-23'),(68933,'UPDATE mae_productos SET pro_precio_fiscal=pro_precio_venta WHERE pro_codigo_plu=607','',2,'2013-09-23'),(68934,'UPDATE mae_productos SET pro_precio_fiscal=pro_precio_venta WHERE pro_codigo_plu=608','',2,'2013-09-23'),(68935,'UPDATE mae_productos SET pro_precio_fiscal=pro_precio_venta WHERE pro_codigo_plu=609','',2,'2013-09-23'),(68936,'UPDATE mae_productos SET pro_margen_actual=385.07,pro_precio_venta=650 WHERE pro_codigo_plu=590','',2,'2013-09-23'),(68937,'UPDATE mae_productos SET pro_margen_actual=197.98,pro_precio_venta=590 WHERE pro_codigo_plu=534','',2,'2013-09-23'),(68938,'UPDATE mae_productos SET pro_margen_actual=44.74,pro_precio_venta=550 WHERE pro_codigo_plu=572','',2,'2013-09-23'),(68939,'UPDATE mae_productos SET pro_precio_fiscal=pro_precio_venta WHERE pro_codigo_plu=4032','',2,'2013-09-23'),(68940,'UPDATE mae_productos SET pro_precio_fiscal=pro_precio_venta WHERE pro_codigo_plu=534','',2,'2013-09-23'),(68941,'UPDATE mae_productos SET pro_precio_fiscal=pro_precio_venta WHERE pro_codigo_plu=572','',2,'2013-09-23'),(68942,'INSERT INTO gne_vale_ferreteria (vfe_id,vfe_fecha,vfe_total,vfe_estado,vfe_entregado,usu_nusuario) VALUES (11913,@@@2013.09.23@@@,590,1,0,@@@m_martinez@@@)','',2,'2013-09-23'),(68943,'INSERT INTO gne_vale_ferreteria_mov (vfe_id,pro_codigo_plu,vfm_cantidad,vfm_unitario,vfm_total,vfm_entregado) VALUES (11913,15662,1,590,590,@@@NO@@@)','',2,'2013-09-23'),(68944,'INSERT INTO gne_vale_ferreteria (vfe_id,vfe_fecha,vfe_total,vfe_estado,vfe_entregado,usu_nusuario) VALUES (11914,@@@2013.09.23@@@,2580,1,0,@@@m_martinez@@@)','',2,'2013-09-23'),(68945,'INSERT INTO gne_vale_ferreteria_mov (vfe_id,pro_codigo_plu,vfm_cantidad,vfm_unitario,vfm_total,vfm_entregado) VALUES (11914,764750,1,1990,1990,@@@NO@@@)','',2,'2013-09-23'),(68946,'INSERT INTO gne_vale_ferreteria_mov (vfe_id,pro_codigo_plu,vfm_cantidad,vfm_unitario,vfm_total,vfm_entregado) VALUES (11914,780721730,1,590,590,@@@NO@@@)','',2,'2013-09-23'),(68947,'INSERT INTO gne_vale_ferreteria (vfe_id,vfe_fecha,vfe_total,vfe_estado,vfe_entregado,usu_nusuario) VALUES (11915,@@@2013.09.23@@@,530,1,0,@@@m_martinez@@@)','',2,'2013-09-23'),(68948,'INSERT INTO gne_vale_ferreteria_mov (vfe_id,pro_codigo_plu,vfm_cantidad,vfm_unitario,vfm_total,vfm_entregado) VALUES (11915,11218,1,530,530,@@@NO@@@)','',2,'2013-09-23'),(68949,'INSERT INTO mae_productos (pro_codigo_plu,pro_codigo_barra,pro_tipo,pro_nombre_producto,pro_nombre_corto,med_id,emb_id,pro_unidades_embalaje,dep_id,lin_id,mar_id,pro_precio_compra_neto,pro_precio_compra_bruto,pro_precio_venta,pro_margen_actual,pro_oferta,pro_fecha_inicio_oferta,pro_fecha_termino_oferta,pro_precio_oferta,pro_stock_minimo,pro_stock_critico,pro_entradas_bodega,pro_salidas_bodega,pro_mermas_bodega,pro_ajustes_bodega,pro_entradas_sv,pro_salidas_sv,pro_mermas_sv,pro_ajustes_sv,pro_activo,rec_numero,pro_unidad,pro_capacidad,pro_consumo_bodega,pro_consumo_sv,pro_estado,pro_funcion_plu,pro_flejes,pro_iva,pro_plu_asociado,pro_envase,pro_duracion,pro_numero_etiqueta) VALUES (780721864,@@@78018846@@@,@@@0@@@,@@@PALL MALL ROJO 5+5 HL@@@,@@@PALL MALL ROJO 5@@@,@@@1 @@@,@@@6 @@@,@@@20@@@,@@@25 @@@,@@@141@@@,@@@1052@@@,@@@0@@@,@@@849.15@@@,@@@1@@@,@@@-99.88@@@,@@@@@@,@@@2006.09.07@@@,@@@2006.09.07@@@,@@@0@@@,@@@20@@@,@@@10@@@,@@@0@@@,@@@0@@@,@@@0@@@,@@@0@@@,@@@0@@@,@@@0@@@,@@@0@@@,@@@0@@@,@@@1@@@,@@@0@@@,0,1,0,0,2,0,1,1,0,@@@NO@@@,0,0)','',2,'2013-09-23'),(68950,'DELETE FROM mae_impuestos_productos WHERE pro_codigo_plu=@@@780721864@@@','',2,'2013-09-23'),(68951,'INSERT INTO gne_vale_ferreteria (vfe_id,vfe_fecha,vfe_total,vfe_estado,vfe_entregado,usu_nusuario) VALUES (11916,@@@2013.09.23@@@,4270,1,0,@@@m_martinez@@@)','',2,'2013-09-23'),(68952,'INSERT INTO gne_vale_ferreteria_mov (vfe_id,pro_codigo_plu,vfm_cantidad,vfm_unitario,vfm_total,vfm_entregado) VALUES (11916,102426,1,2820,2820,@@@NO@@@)','',2,'2013-09-23'),(68953,'INSERT INTO gne_vale_ferreteria_mov (vfe_id,pro_codigo_plu,vfm_cantidad,vfm_unitario,vfm_total,vfm_entregado) VALUES (11916,762120,1,1450,1450,@@@NO@@@)','',2,'2013-09-23'),(68954,'INSERT INTO gne_vale_ferreteria (vfe_id,vfe_fecha,vfe_total,vfe_estado,vfe_entregado,usu_nusuario) VALUES (11917,@@@2013.09.23@@@,390,1,0,@@@m_martinez@@@)','',2,'2013-09-23'),(68955,'INSERT INTO gne_vale_ferreteria_mov (vfe_id,pro_codigo_plu,vfm_cantidad,vfm_unitario,vfm_total,vfm_entregado) VALUES (11917,15454,1,390,390,@@@NO@@@)','',2,'2013-09-23'),(68956,'INSERT INTO gne_vale_ferreteria (vfe_id,vfe_fecha,vfe_total,vfe_estado,vfe_entregado,usu_nusuario) VALUES (11918,@@@2013.09.23@@@,990,1,0,@@@m_martinez@@@)','',2,'2013-09-23'),(68957,'INSERT INTO gne_vale_ferreteria_mov (vfe_id,pro_codigo_plu,vfm_cantidad,vfm_unitario,vfm_total,vfm_entregado) VALUES (11918,2008,1,990,990,@@@NO@@@)','',2,'2013-09-23'),(68958,'INSERT INTO gne_vale_ferreteria (vfe_id,vfe_fecha,vfe_total,vfe_estado,vfe_entregado,usu_nusuario) VALUES (11919,@@@2013.09.23@@@,1680,1,0,@@@m_martinez@@@)','',2,'2013-09-23'),(68959,'INSERT INTO gne_vale_ferreteria_mov (vfe_id,pro_codigo_plu,vfm_cantidad,vfm_unitario,vfm_total,vfm_entregado) VALUES (11919,15647,1,1680,1680,@@@NO@@@)','',2,'2013-09-23'),(68960,'INSERT INTO gne_vale_ferreteria (vfe_id,vfe_fecha,vfe_total,vfe_estado,vfe_entregado,usu_nusuario) VALUES (11920,@@@2013.09.23@@@,1890,1,0,@@@m_martinez@@@)','',2,'2013-09-23'),(68961,'INSERT INTO gne_vale_ferreteria_mov (vfe_id,pro_codigo_plu,vfm_cantidad,vfm_unitario,vfm_total,vfm_entregado) VALUES (11920,101622,1,1890,1890,@@@NO@@@)','',2,'2013-09-23'),(68962,'INSERT INTO gne_vale_ferreteria (vfe_id,vfe_fecha,vfe_total,vfe_estado,vfe_entregado,usu_nusuario) VALUES (11921,@@@2013.09.23@@@,1150,1,0,@@@m_martinez@@@)','',2,'2013-09-23'),(68963,'INSERT INTO gne_vale_ferreteria_mov (vfe_id,pro_codigo_plu,vfm_cantidad,vfm_unitario,vfm_total,vfm_entregado) VALUES (11921,764039,1,1150,1150,@@@NO@@@)','',2,'2013-09-23'),(68964,'UPDATE mae_productos SET pro_margen_actual=5.99,pro_precio_venta=900 WHERE pro_codigo_plu=780721864','',2,'2013-09-23'),(68965,'UPDATE mae_productos SET pro_margen_actual=35.96,pro_precio_venta=1990 WHERE pro_codigo_plu=118','',2,'2013-09-23'),(68966,'UPDATE mae_productos SET pro_margen_actual=177.31,pro_precio_venta=990 WHERE pro_codigo_plu=111','',2,'2013-09-23'),(68967,'UPDATE mae_productos SET pro_margen_actual=55.11,pro_precio_venta=2490 WHERE pro_codigo_plu=126','',2,'2013-09-23'),(68968,'UPDATE mae_productos SET pro_precio_fiscal=pro_precio_venta WHERE pro_codigo_plu=126','',2,'2013-09-23'),(68969,'UPDATE mae_productos SET pro_precio_fiscal=pro_precio_venta WHERE pro_codigo_plu=780721864','',2,'2013-09-23'),(68970,'UPDATE mae_productos SET pro_margen_actual=-34.14,pro_precio_venta=1250 WHERE pro_codigo_plu=16380','',2,'2013-09-23'),(68971,'UPDATE mae_productos SET pro_precio_fiscal=pro_precio_venta WHERE pro_codigo_plu=16380','',2,'2013-09-23'),(68972,'UPDATE mae_productos SET pro_codigo_barra=@@@7802900636012@@@,pro_tipo=@@@0@@@,pro_nombre_producto=@@@MARGARINA NEXT POTE 500 GRS@@@,pro_nombre_corto=@@@MARGARINA NEXT P@@@,med_id=@@@5@@@,emb_id=@@@4@@@,pro_unidades_embalaje=@@@20@@@,dep_id=@@@3 @@@,lin_id=@@@48@@@,mar_id=@@@1710@@@,pro_precio_compra_neto=@@@970.59@@@,pro_precio_compra_bruto=@@@949.025@@@,pro_precio_venta=@@@2470@@@,pro_margen_actual=@@@160.27@@@,pro_oferta=@@@NO@@@,pro_fecha_inicio_oferta=@@@1900.01.01@@@,pro_fecha_termino_oferta=@@@1900.01.01@@@,pro_precio_oferta=@@@0@@@,pro_stock_minimo=@@@20@@@,pro_stock_critico=@@@10@@@,pro_activo=@@@1@@@,pro_unidad=@@@0@@@,pro_precio_compra_bruto=949.025,pro_margen_actual=160.27,pro_capacidad=0.5,pro_funcion_plu=0,pro_flejes=1,pro_iva=1,pro_plu_asociado=0,pro_envase=@@@NO@@@,pro_duracion=0,pro_numero_etiqueta=0 WHERE pro_codigo_plu=@@@16380@@@','',2,'2013-09-23'),(68973,'UPDATE mae_productos SET pro_estado=1 WHERE pro_codigo_plu=16380','',2,'2013-09-23'),(68974,'DELETE FROM mae_impuestos_productos WHERE pro_codigo_plu=@@@16380@@@','',2,'2013-09-23'),(68975,'INSERT INTO mae_productos (pro_codigo_plu,pro_codigo_barra,pro_tipo,pro_nombre_producto,pro_nombre_corto,med_id,emb_id,pro_unidades_embalaje,dep_id,lin_id,mar_id,pro_precio_compra_neto,pro_precio_compra_bruto,pro_precio_venta,pro_margen_actual,pro_oferta,pro_fecha_inicio_oferta,pro_fecha_termino_oferta,pro_precio_oferta,pro_stock_minimo,pro_stock_critico,pro_entradas_bodega,pro_salidas_bodega,pro_mermas_bodega,pro_ajustes_bodega,pro_entradas_sv,pro_salidas_sv,pro_mermas_sv,pro_ajustes_sv,pro_activo,rec_numero,pro_unidad,pro_capacidad,pro_consumo_bodega,pro_consumo_sv,pro_estado,pro_funcion_plu,pro_flejes,pro_iva,pro_plu_asociado,pro_envase,pro_duracion,pro_numero_etiqueta) VALUES (780721865,@@@7784000103116@@@,@@@0@@@,@@@AZUCARERO GRANDE VARIEDAD DE COLORES@@@,@@@AZUCARERO GRANDE@@@,@@@1 @@@,@@@6 @@@,@@@1@@@,@@@38 @@@,@@@179@@@,@@@2507@@@,@@@0@@@,@@@1@@@,@@@2190@@@,@@@218900@@@,@@@@@@,@@@2013.09.23@@@,@@@2013.09.23@@@,@@@0@@@,@@@5@@@,@@@2@@@,@@@0@@@,@@@0@@@,@@@0@@@,@@@0@@@,@@@0@@@,@@@0@@@,@@@0@@@,@@@0@@@,@@@1@@@,@@@0@@@,0,1,0,0,2,0,1,1,0,@@@NO@@@,0,0)','',2,'2013-09-23'),(68976,'DELETE FROM mae_impuestos_productos WHERE pro_codigo_plu=@@@780721865@@@','',2,'2013-09-23'),(68977,'INSERT INTO gne_vale_ferreteria (vfe_id,vfe_fecha,vfe_total,vfe_estado,vfe_entregado,usu_nusuario) VALUES (11922,@@@2013.09.23@@@,350,1,0,@@@G_DIAZ@@@)','',2,'2013-09-23'),(68978,'INSERT INTO gne_vale_ferreteria_mov (vfe_id,pro_codigo_plu,vfm_cantidad,vfm_unitario,vfm_total,vfm_entregado) VALUES (11922,4089,1,200,200,@@@NO@@@)','',2,'2013-09-23'),(68979,'INSERT INTO gne_vale_ferreteria_mov (vfe_id,pro_codigo_plu,vfm_cantidad,vfm_unitario,vfm_total,vfm_entregado) VALUES (11922,4088,1,150,150,@@@NO@@@)','',2,'2013-09-23'),(68980,'INSERT INTO gne_vale_ferreteria (vfe_id,vfe_fecha,vfe_total,vfe_estado,vfe_entregado,usu_nusuario) VALUES (11923,@@@2013.09.23@@@,1740,1,0,@@@c_jara@@@)','',2,'2013-09-23'),(68981,'INSERT INTO gne_vale_ferreteria_mov (vfe_id,pro_codigo_plu,vfm_cantidad,vfm_unitario,vfm_total,vfm_entregado) VALUES (11923,13498,1,1100,1100,@@@NO@@@)','',2,'2013-09-23'),(68982,'INSERT INTO gne_vale_ferreteria_mov (vfe_id,pro_codigo_plu,vfm_cantidad,vfm_unitario,vfm_total,vfm_entregado) VALUES (11923,19865,1,640,640,@@@NO@@@)','',2,'2013-09-23'),(68983,'INSERT INTO mae_productos (pro_codigo_plu,pro_codigo_barra,pro_tipo,pro_nombre_producto,pro_nombre_corto,med_id,emb_id,pro_unidades_embalaje,dep_id,lin_id,mar_id,pro_precio_compra_neto,pro_precio_compra_bruto,pro_precio_venta,pro_margen_actual,pro_oferta,pro_fecha_inicio_oferta,pro_fecha_termino_oferta,pro_precio_oferta,pro_stock_minimo,pro_stock_critico,pro_entradas_bodega,pro_salidas_bodega,pro_mermas_bodega,pro_ajustes_bodega,pro_entradas_sv,pro_salidas_sv,pro_mermas_sv,pro_ajustes_sv,pro_activo,rec_numero,pro_unidad,pro_capacidad,pro_consumo_bodega,pro_consumo_sv,pro_estado,pro_funcion_plu,pro_flejes,pro_iva,pro_plu_asociado,pro_envase,pro_duracion,pro_numero_etiqueta) VALUES (780721866,@@@780721866@@@,@@@0@@@,@@@POSILLOS GURALLAR X 6 UNID@@@,@@@POSILLOS GURALLA@@@,@@@1 @@@,@@@6 @@@,@@@6@@@,@@@38 @@@,@@@179@@@,@@@2507@@@,@@@0@@@,@@@1@@@,@@@3490@@@,@@@348900@@@,@@@@@@,@@@2013.09.23@@@,@@@2013.09.23@@@,@@@0@@@,@@@4@@@,@@@2@@@,@@@0@@@,@@@0@@@,@@@0@@@,@@@0@@@,@@@0@@@,@@@0@@@,@@@0@@@,@@@0@@@,@@@1@@@,@@@0@@@,0,6,0,0,2,0,1,1,0,@@@NO@@@,0,0)','',2,'2013-09-23'),(68984,'DELETE FROM mae_impuestos_productos WHERE pro_codigo_plu=@@@780721866@@@','',2,'2013-09-23'),(68985,'INSERT INTO mae_productos (pro_codigo_plu,pro_codigo_barra,pro_tipo,pro_nombre_producto,pro_nombre_corto,med_id,emb_id,pro_unidades_embalaje,dep_id,lin_id,mar_id,pro_precio_compra_neto,pro_precio_compra_bruto,pro_precio_venta,pro_margen_actual,pro_oferta,pro_fecha_inicio_oferta,pro_fecha_termino_oferta,pro_precio_oferta,pro_stock_minimo,pro_stock_critico,pro_entradas_bodega,pro_salidas_bodega,pro_mermas_bodega,pro_ajustes_bodega,pro_entradas_sv,pro_salidas_sv,pro_mermas_sv,pro_ajustes_sv,pro_activo,rec_numero,pro_unidad,pro_capacidad,pro_consumo_bodega,pro_consumo_sv,pro_estado,pro_funcion_plu,pro_flejes,pro_iva,pro_plu_asociado,pro_envase,pro_duracion,pro_numero_etiqueta) VALUES (780721867,@@@7891155033738@@@,@@@0@@@,@@@VASOS DOMINO X 6@@@,@@@VASOS DOMINO X 6@@@,@@@1 @@@,@@@6 @@@,@@@6@@@,@@@38 @@@,@@@179@@@,@@@2507@@@,@@@0@@@,@@@0@@@,@@@2990@@@,@@@0@@@,@@@@@@,@@@2013.09.23@@@,@@@2013.09.23@@@,@@@0@@@,@@@2@@@,@@@1@@@,@@@0@@@,@@@0@@@,@@@0@@@,@@@0@@@,@@@0@@@,@@@0@@@,@@@0@@@,@@@0@@@,@@@1@@@,@@@0@@@,0,6,0,0,2,0,1,1,0,@@@NO@@@,0,0)','',2,'2013-09-23'),(68986,'DELETE FROM mae_impuestos_productos WHERE pro_codigo_plu=@@@780721867@@@','',2,'2013-09-23'),(68987,'UPDATE mae_productos SET pro_margen_actual=218900,pro_precio_venta=2190 WHERE pro_codigo_plu=780721865','',2,'2013-09-24'),(68988,'UPDATE mae_productos SET pro_margen_actual=160.27,pro_precio_venta=2470 WHERE pro_codigo_plu=16380','',2,'2013-09-24'),(68989,'UPDATE mae_productos SET pro_margen_actual=348900,pro_precio_venta=3490 WHERE pro_codigo_plu=780721866','',2,'2013-09-24'),(68990,'UPDATE mae_productos SET pro_margen_actual=0,pro_precio_venta=2990 WHERE pro_codigo_plu=780721867','',2,'2013-09-24'),(68991,'UPDATE mae_productos SET pro_margen_actual=96,pro_precio_venta=490 WHERE pro_codigo_plu=535','',2,'2013-09-24'),(68992,'UPDATE mae_productos SET pro_margen_actual=57.63,pro_precio_venta=599 WHERE pro_codigo_plu=572','',2,'2013-09-24'),(68993,'UPDATE mae_productos SET pro_margen_actual=95.11,pro_precio_venta=599 WHERE pro_codigo_plu=573','',2,'2013-09-24'),(68994,'UPDATE mae_productos SET pro_precio_fiscal=pro_precio_venta WHERE pro_codigo_plu=535','',2,'2013-09-24'),(68995,'UPDATE mae_productos SET pro_precio_fiscal=pro_precio_venta WHERE pro_codigo_plu=572','',2,'2013-09-24'),(68996,'UPDATE mae_productos SET pro_precio_fiscal=pro_precio_venta WHERE pro_codigo_plu=573','',2,'2013-09-24'),(68997,'UPDATE mae_productos SET pro_precio_fiscal=pro_precio_venta WHERE pro_codigo_plu=780721865','',2,'2013-09-24'),(68998,'UPDATE mae_productos SET pro_precio_fiscal=pro_precio_venta WHERE pro_codigo_plu=780721866','',2,'2013-09-24'),(68999,'UPDATE mae_productos SET pro_precio_fiscal=pro_precio_venta WHERE pro_codigo_plu=780721867','',2,'2013-09-24'),(69000,'UPDATE mae_productos SET pro_margen_actual=489.55,pro_precio_venta=790 WHERE pro_codigo_plu=589','',2,'2013-09-24'),(69001,'UPDATE mae_productos SET pro_margen_actual=489.55,pro_precio_venta=790 WHERE pro_codigo_plu=590','',2,'2013-09-24'),(69002,'UPDATE mae_productos SET pro_margen_actual=0,pro_precio_venta=750 WHERE pro_codigo_plu=549','',2,'2013-09-24'),(69003,'UPDATE mae_productos SET pro_precio_fiscal=pro_precio_venta WHERE pro_codigo_plu=549','',2,'2013-09-24'),(69004,'UPDATE mae_productos SET pro_precio_fiscal=pro_precio_venta WHERE pro_codigo_plu=589','',2,'2013-09-24'),(69005,'UPDATE mae_productos SET pro_precio_fiscal=pro_precio_venta WHERE pro_codigo_plu=590','',2,'2013-09-24'),(69006,'UPDATE mae_productos SET pro_codigo_barra=@@@69@@@,pro_tipo=@@@0@@@,pro_nombre_producto=@@@POSTA NEGRA@@@,pro_nombre_corto=@@@POSTA NEGRA@@@,med_id=@@@2@@@,emb_id=@@@1@@@,pro_unidades_embalaje=@@@1@@@,dep_id=@@@10 @@@,lin_id=@@@68@@@,mar_id=@@@2507@@@,pro_precio_compra_neto=@@@0@@@,pro_precio_compra_bruto=@@@0@@@,pro_precio_venta=@@@5790@@@,pro_margen_actual=@@@0@@@,pro_oferta=@@@NO@@@,pro_fecha_inicio_oferta=@@@1900.01.01@@@,pro_fecha_termino_oferta=@@@1900.01.01@@@,pro_precio_oferta=@@@0@@@,pro_stock_minimo=@@@1@@@,pro_stock_critico=@@@1@@@,pro_activo=@@@1@@@,pro_unidad=@@@1@@@,pro_precio_compra_bruto=0,pro_margen_actual=0,pro_capacidad=1,pro_funcion_plu=1,pro_flejes=1,pro_iva=1,pro_plu_asociado=0,pro_envase=@@@NO@@@,pro_duracion=0,pro_numero_etiqueta=1 WHERE pro_codigo_plu=@@@69@@@','',2,'2013-09-24'),(69007,'UPDATE mae_productos SET pro_estado=1 WHERE pro_codigo_plu=69','',2,'2013-09-24'),(69008,'DELETE FROM mae_impuestos_productos WHERE pro_codigo_plu=@@@69@@@','',2,'2013-09-24'),(69009,'UPDATE mae_productos SET pro_codigo_barra=@@@71@@@,pro_tipo=@@@0@@@,pro_nombre_producto=@@@POSTA ROSADA@@@,pro_nombre_corto=@@@POSTA ROSADA@@@,med_id=@@@2@@@,emb_id=@@@1@@@,pro_unidades_embalaje=@@@1@@@,dep_id=@@@10 @@@,lin_id=@@@68@@@,mar_id=@@@2507@@@,pro_precio_compra_neto=@@@0@@@,pro_precio_compra_bruto=@@@0@@@,pro_precio_venta=@@@5790@@@,pro_margen_actual=@@@0@@@,pro_oferta=@@@NO@@@,pro_fecha_inicio_oferta=@@@1900.01.01@@@,pro_fecha_termino_oferta=@@@1900.01.01@@@,pro_precio_oferta=@@@0@@@,pro_stock_minimo=@@@1@@@,pro_stock_critico=@@@1@@@,pro_activo=@@@1@@@,pro_unidad=@@@1@@@,pro_precio_compra_bruto=0,pro_margen_actual=0,pro_capacidad=1,pro_funcion_plu=1,pro_flejes=0,pro_iva=1,pro_plu_asociado=0,pro_envase=@@@NO@@@,pro_duracion=0,pro_numero_etiqueta=1 WHERE pro_codigo_plu=@@@71@@@','',2,'2013-09-24'),(69010,'UPDATE mae_productos SET pro_estado=1 WHERE pro_codigo_plu=71','',2,'2013-09-24'),(69011,'DELETE FROM mae_impuestos_productos WHERE pro_codigo_plu=@@@71@@@','',2,'2013-09-24'),(69012,'UPDATE mae_productos SET pro_codigo_barra=@@@75@@@,pro_tipo=@@@0@@@,pro_nombre_producto=@@@SOBRE COSTILLA@@@,pro_nombre_corto=@@@SOBRE COSTILLA@@@,med_id=@@@2@@@,emb_id=@@@1@@@,pro_unidades_embalaje=@@@1@@@,dep_id=@@@10 @@@,lin_id=@@@68@@@,mar_id=@@@2507@@@,pro_precio_compra_neto=@@@0@@@,pro_precio_compra_bruto=@@@0@@@,pro_precio_venta=@@@5090@@@,pro_margen_actual=@@@0@@@,pro_oferta=@@@NO@@@,pro_fecha_inicio_oferta=@@@1900.01.01@@@,pro_fecha_termino_oferta=@@@1900.01.01@@@,pro_precio_oferta=@@@0@@@,pro_stock_minimo=@@@1@@@,pro_stock_critico=@@@1@@@,pro_activo=@@@1@@@,pro_unidad=@@@1@@@,pro_precio_compra_bruto=0,pro_margen_actual=0,pro_capacidad=1,pro_funcion_plu=1,pro_flejes=0,pro_iva=1,pro_plu_asociado=0,pro_envase=@@@NO@@@,pro_duracion=0,pro_numero_etiqueta=1 WHERE pro_codigo_plu=@@@75@@@','',2,'2013-09-24'),(69013,'UPDATE mae_productos SET pro_estado=1 WHERE pro_codigo_plu=75','',2,'2013-09-24'),(69014,'DELETE FROM mae_impuestos_productos WHERE pro_codigo_plu=@@@75@@@','',2,'2013-09-24'),(69015,'UPDATE mae_productos SET pro_codigo_barra=@@@68@@@,pro_tipo=@@@0@@@,pro_nombre_producto=@@@POLLO GANSO@@@,pro_nombre_corto=@@@POLLO GANSO@@@,med_id=@@@2@@@,emb_id=@@@1@@@,pro_unidades_embalaje=@@@1@@@,dep_id=@@@10 @@@,lin_id=@@@68@@@,mar_id=@@@2507@@@,pro_precio_compra_neto=@@@0@@@,pro_precio_compra_bruto=@@@0@@@,pro_precio_venta=@@@5090@@@,pro_margen_actual=@@@0@@@,pro_oferta=@@@NO@@@,pro_fecha_inicio_oferta=@@@1900.01.01@@@,pro_fecha_termino_oferta=@@@1900.01.01@@@,pro_precio_oferta=@@@0@@@,pro_stock_minimo=@@@1@@@,pro_stock_critico=@@@1@@@,pro_activo=@@@1@@@,pro_unidad=@@@1@@@,pro_precio_compra_bruto=0,pro_margen_actual=0,pro_capacidad=1,pro_funcion_plu=1,pro_flejes=1,pro_iva=1,pro_plu_asociado=0,pro_envase=@@@NO@@@,pro_duracion=0,pro_numero_etiqueta=1 WHERE pro_codigo_plu=@@@68@@@','',2,'2013-09-24'),(69016,'UPDATE mae_productos SET pro_estado=1 WHERE pro_codigo_plu=68','',2,'2013-09-24'),(69017,'DELETE FROM mae_impuestos_productos WHERE pro_codigo_plu=@@@68@@@','',2,'2013-09-24'),(69018,'UPDATE mae_productos SET pro_margen_actual=0,pro_precio_venta=5550 WHERE pro_codigo_plu=75','',2,'2013-09-24'),(69019,'UPDATE mae_productos SET pro_margen_actual=0,pro_precio_venta=5390 WHERE pro_codigo_plu=68','',2,'2013-09-24'),(69020,'UPDATE mae_productos SET pro_margen_actual=0,pro_precio_venta=5990 WHERE pro_codigo_plu=69','',2,'2013-09-24'),(69021,'UPDATE mae_productos SET pro_margen_actual=0,pro_precio_venta=5990 WHERE pro_codigo_plu=71','',2,'2013-09-24'),(69022,'UPDATE mae_productos SET pro_precio_fiscal=pro_precio_venta WHERE pro_codigo_plu=68','',2,'2013-09-24'),(69023,'UPDATE mae_productos SET pro_precio_fiscal=pro_precio_venta WHERE pro_codigo_plu=69','',2,'2013-09-24'),(69024,'UPDATE mae_productos SET pro_precio_fiscal=pro_precio_venta WHERE pro_codigo_plu=71','',2,'2013-09-24'),(69025,'UPDATE mae_productos SET pro_precio_fiscal=pro_precio_venta WHERE pro_codigo_plu=75','',2,'2013-09-24'),(69026,'UPDATE mae_productos SET pro_margen_actual=0,pro_precio_venta=5990 WHERE pro_codigo_plu=33','',2,'2013-09-24'),(69027,'UPDATE mae_productos SET pro_margen_actual=0,pro_precio_venta=5990 WHERE pro_codigo_plu=35','',2,'2013-09-24'),(69028,'UPDATE mae_productos SET pro_margen_actual=0,pro_precio_venta=5550 WHERE pro_codigo_plu=39','',2,'2013-09-24'),(69029,'UPDATE mae_productos SET pro_margen_actual=0,pro_precio_venta=5390 WHERE pro_codigo_plu=32','',2,'2013-09-24'),(69030,'UPDATE mae_productos SET pro_precio_fiscal=pro_precio_venta WHERE pro_codigo_plu=32','',2,'2013-09-24'),(69031,'UPDATE mae_productos SET pro_precio_fiscal=pro_precio_venta WHERE pro_codigo_plu=33','',2,'2013-09-24'),(69032,'UPDATE mae_productos SET pro_precio_fiscal=pro_precio_venta WHERE pro_codigo_plu=35','',2,'2013-09-24'),(69033,'UPDATE mae_productos SET pro_precio_fiscal=pro_precio_venta WHERE pro_codigo_plu=39','',2,'2013-09-24'),(69034,'INSERT INTO mae_productos (pro_codigo_plu,pro_codigo_barra,pro_tipo,pro_nombre_producto,pro_nombre_corto,med_id,emb_id,pro_unidades_embalaje,dep_id,lin_id,mar_id,pro_precio_compra_neto,pro_precio_compra_bruto,pro_precio_venta,pro_margen_actual,pro_oferta,pro_fecha_inicio_oferta,pro_fecha_termino_oferta,pro_precio_oferta,pro_stock_minimo,pro_stock_critico,pro_entradas_bodega,pro_salidas_bodega,pro_mermas_bodega,pro_ajustes_bodega,pro_entradas_sv,pro_salidas_sv,pro_mermas_sv,pro_ajustes_sv,pro_activo,rec_numero,pro_unidad,pro_capacidad,pro_consumo_bodega,pro_consumo_sv,pro_estado,pro_funcion_plu,pro_flejes,pro_iva,pro_plu_asociado,pro_envase,pro_duracion,pro_numero_etiqueta) VALUES (780721868,@@@7802215516412@@@,@@@0@@@,@@@ MINI CHIPS CHOC COSTA@@@,@@@ MINI CHIPS CHOC@@@,@@@5 @@@,@@@4 @@@,@@@1@@@,@@@32 @@@,@@@18@@@,@@@1694@@@,@@@0@@@,@@@92.89@@@,@@@1@@@,@@@-98.92@@@,@@@@@@,@@@2006.09.07@@@,@@@2006.09.07@@@,@@@0@@@,@@@30@@@,@@@100@@@,@@@0@@@,@@@0@@@,@@@0@@@,@@@0@@@,@@@0@@@,@@@0@@@,@@@0@@@,@@@0@@@,@@@1@@@,@@@0@@@,0,35,0,0,2,0,1,1,0,@@@NO@@@,0,0)','',2,'2013-09-24'),(69035,'DELETE FROM mae_impuestos_productos WHERE pro_codigo_plu=@@@780721868@@@','',2,'2013-09-24'),(69036,'INSERT INTO gne_vale_ferreteria (vfe_id,vfe_fecha,vfe_total,vfe_estado,vfe_entregado,usu_nusuario) VALUES (11924,@@@2013.09.24@@@,1550,1,0,@@@G_DIAZ@@@)','',2,'2013-09-24'),(69037,'INSERT INTO gne_vale_ferreteria_mov (vfe_id,pro_codigo_plu,vfm_cantidad,vfm_unitario,vfm_total,vfm_entregado) VALUES (11924,763672,1,1550,1550,@@@NO@@@)','',2,'2013-09-24'),(69038,'INSERT INTO gne_vale_ferreteria (vfe_id,vfe_fecha,vfe_total,vfe_estado,vfe_entregado,usu_nusuario) VALUES (11925,@@@2013.09.24@@@,700,1,0,@@@G_DIAZ@@@)','',2,'2013-09-24'),(69039,'INSERT INTO gne_vale_ferreteria_mov (vfe_id,pro_codigo_plu,vfm_cantidad,vfm_unitario,vfm_total,vfm_entregado) VALUES (11925,12719,2,350,700,@@@NO@@@)','',2,'2013-09-24'),(69040,'INSERT INTO gne_vale_ferreteria (vfe_id,vfe_fecha,vfe_total,vfe_estado,vfe_entregado,usu_nusuario) VALUES (11926,@@@2013.09.24@@@,450,1,0,@@@G_DIAZ@@@)','',2,'2013-09-24'),(69041,'INSERT INTO gne_vale_ferreteria_mov (vfe_id,pro_codigo_plu,vfm_cantidad,vfm_unitario,vfm_total,vfm_entregado) VALUES (11926,764539,1,450,450,@@@NO@@@)','',2,'2013-09-24'),(69042,'INSERT INTO gne_vale_ferreteria (vfe_id,vfe_fecha,vfe_total,vfe_estado,vfe_entregado,usu_nusuario) VALUES (11927,@@@2013.09.24@@@,1390,1,0,@@@G_DIAZ@@@)','',2,'2013-09-24'),(69043,'INSERT INTO gne_vale_ferreteria_mov (vfe_id,pro_codigo_plu,vfm_cantidad,vfm_unitario,vfm_total,vfm_entregado) VALUES (11927,780721672,1,1390,1390,@@@NO@@@)','',2,'2013-09-24'),(69044,'INSERT INTO gne_vale_ferreteria (vfe_id,vfe_fecha,vfe_total,vfe_estado,vfe_entregado,usu_nusuario) VALUES (11928,@@@2013.09.24@@@,1990,1,0,@@@G_DIAZ@@@)','',2,'2013-09-24'),(69045,'INSERT INTO gne_vale_ferreteria_mov (vfe_id,pro_codigo_plu,vfm_cantidad,vfm_unitario,vfm_total,vfm_entregado) VALUES (11928,1505,1,1990,1990,@@@NO@@@)','',2,'2013-09-24'),(69046,'INSERT INTO gne_vale_ferreteria (vfe_id,vfe_fecha,vfe_total,vfe_estado,vfe_entregado,usu_nusuario) VALUES (11929,@@@2013.09.24@@@,260,1,0,@@@G_DIAZ@@@)','',2,'2013-09-24'),(69047,'INSERT INTO gne_vale_ferreteria_mov (vfe_id,pro_codigo_plu,vfm_cantidad,vfm_unitario,vfm_total,vfm_entregado) VALUES (11929,764134,1,260,260,@@@NO@@@)','',2,'2013-09-24'),(69048,'INSERT INTO gne_vale_ferreteria (vfe_id,vfe_fecha,vfe_total,vfe_estado,vfe_entregado,usu_nusuario) VALUES (11930,@@@2013.09.24@@@,190,1,0,@@@G_DIAZ@@@)','',2,'2013-09-24'),(69049,'INSERT INTO gne_vale_ferreteria_mov (vfe_id,pro_codigo_plu,vfm_cantidad,vfm_unitario,vfm_total,vfm_entregado) VALUES (11930,78017026,1,90,90,@@@NO@@@)','',2,'2013-09-24'),(69050,'INSERT INTO gne_vale_ferreteria_mov (vfe_id,pro_codigo_plu,vfm_cantidad,vfm_unitario,vfm_total,vfm_entregado) VALUES (11930,764833,10,10,100,@@@NO@@@)','',2,'2013-09-24'),(69051,'INSERT INTO gne_vale_ferreteria (vfe_id,vfe_fecha,vfe_total,vfe_estado,vfe_entregado,usu_nusuario) VALUES (11931,@@@2013.09.24@@@,120,1,0,@@@G_DIAZ@@@)','',2,'2013-09-24'),(69052,'INSERT INTO gne_vale_ferreteria_mov (vfe_id,pro_codigo_plu,vfm_cantidad,vfm_unitario,vfm_total,vfm_entregado) VALUES (11931,8022,1,120,120,@@@NO@@@)','',2,'2013-09-24'),(69053,'INSERT INTO gne_vale_ferreteria (vfe_id,vfe_fecha,vfe_total,vfe_estado,vfe_entregado,usu_nusuario) VALUES (11932,@@@2013.09.24@@@,120,1,0,@@@G_DIAZ@@@)','',2,'2013-09-24'),(69054,'INSERT INTO gne_vale_ferreteria_mov (vfe_id,pro_codigo_plu,vfm_cantidad,vfm_unitario,vfm_total,vfm_entregado) VALUES (11932,78017004,1,120,120,@@@NO@@@)','',2,'2013-09-24'),(69055,'INSERT INTO gne_vale_ferreteria (vfe_id,vfe_fecha,vfe_total,vfe_estado,vfe_entregado,usu_nusuario) VALUES (11933,@@@2013.09.24@@@,1100,1,0,@@@G_DIAZ@@@)','',2,'2013-09-24'),(69056,'INSERT INTO gne_vale_ferreteria_mov (vfe_id,pro_codigo_plu,vfm_cantidad,vfm_unitario,vfm_total,vfm_entregado) VALUES (11933,13498,1,1100,1100,@@@NO@@@)','',2,'2013-09-24'),(69057,'INSERT INTO gne_vale_ferreteria (vfe_id,vfe_fecha,vfe_total,vfe_estado,vfe_entregado,usu_nusuario) VALUES (11934,@@@2013.09.24@@@,1690,1,0,@@@G_DIAZ@@@)','',2,'2013-09-24'),(69058,'INSERT INTO gne_vale_ferreteria_mov (vfe_id,pro_codigo_plu,vfm_cantidad,vfm_unitario,vfm_total,vfm_entregado) VALUES (11934,770021,1,200,200,@@@NO@@@)','',2,'2013-09-24'),(69059,'INSERT INTO gne_vale_ferreteria_mov (vfe_id,pro_codigo_plu,vfm_cantidad,vfm_unitario,vfm_total,vfm_entregado) VALUES (11934,7500878,1,1490,1490,@@@NO@@@)','',2,'2013-09-24'),(69060,'INSERT INTO gne_vale_ferreteria (vfe_id,vfe_fecha,vfe_total,vfe_estado,vfe_entregado,usu_nusuario) VALUES (11935,@@@2013.09.24@@@,180,1,0,@@@G_DIAZ@@@)','',2,'2013-09-24'),(69061,'INSERT INTO gne_vale_ferreteria_mov (vfe_id,pro_codigo_plu,vfm_cantidad,vfm_unitario,vfm_total,vfm_entregado) VALUES (11935,78017026,2,90,180,@@@NO@@@)','',2,'2013-09-24'),(69062,'INSERT INTO gne_vale_ferreteria (vfe_id,vfe_fecha,vfe_total,vfe_estado,vfe_entregado,usu_nusuario) VALUES (11936,@@@2013.09.24@@@,600,1,0,@@@G_DIAZ@@@)','',2,'2013-09-24'),(69063,'INSERT INTO gne_vale_ferreteria_mov (vfe_id,pro_codigo_plu,vfm_cantidad,vfm_unitario,vfm_total,vfm_entregado) VALUES (11936,761966,1,450,450,@@@NO@@@)','',2,'2013-09-24'),(69064,'INSERT INTO gne_vale_ferreteria_mov (vfe_id,pro_codigo_plu,vfm_cantidad,vfm_unitario,vfm_total,vfm_entregado) VALUES (11936,78017015,1,150,150,@@@NO@@@)','',2,'2013-09-24'),(69065,'INSERT INTO gne_vale_ferreteria (vfe_id,vfe_fecha,vfe_total,vfe_estado,vfe_entregado,usu_nusuario) VALUES (11937,@@@2013.09.24@@@,160,1,0,@@@G_DIAZ@@@)','',2,'2013-09-24'),(69066,'INSERT INTO gne_vale_ferreteria_mov (vfe_id,pro_codigo_plu,vfm_cantidad,vfm_unitario,vfm_total,vfm_entregado) VALUES (11937,16430,1,160,160,@@@NO@@@)','',2,'2013-09-24'),(69067,'INSERT INTO gne_vale_ferreteria (vfe_id,vfe_fecha,vfe_total,vfe_estado,vfe_entregado,usu_nusuario) VALUES (11938,@@@2013.09.24@@@,200,1,0,@@@G_DIAZ@@@)','',2,'2013-09-24'),(69068,'INSERT INTO gne_vale_ferreteria_mov (vfe_id,pro_codigo_plu,vfm_cantidad,vfm_unitario,vfm_total,vfm_entregado) VALUES (11938,770063,2,100,200,@@@NO@@@)','',2,'2013-09-24'),(69069,'INSERT INTO gne_vale_ferreteria (vfe_id,vfe_fecha,vfe_total,vfe_estado,vfe_entregado,usu_nusuario) VALUES (11939,@@@2013.09.24@@@,390,1,0,@@@G_DIAZ@@@)','',2,'2013-09-24'),(69070,'INSERT INTO gne_vale_ferreteria_mov (vfe_id,pro_codigo_plu,vfm_cantidad,vfm_unitario,vfm_total,vfm_entregado) VALUES (11939,8023,1,390,390,@@@NO@@@)','',2,'2013-09-24'),(69071,'INSERT INTO gne_vale_ferreteria (vfe_id,vfe_fecha,vfe_total,vfe_estado,vfe_entregado,usu_nusuario) VALUES (11940,@@@2013.09.24@@@,2490,1,0,@@@G_DIAZ@@@)','',2,'2013-09-24'),(69072,'INSERT INTO gne_vale_ferreteria_mov (vfe_id,pro_codigo_plu,vfm_cantidad,vfm_unitario,vfm_total,vfm_entregado) VALUES (11940,880019,1,2490,2490,@@@NO@@@)','',2,'2013-09-24'),(69073,'INSERT INTO gne_vale_ferreteria (vfe_id,vfe_fecha,vfe_total,vfe_estado,vfe_entregado,usu_nusuario) VALUES (11941,@@@2013.09.24@@@,260,1,0,@@@G_DIAZ@@@)','',2,'2013-09-24'),(69074,'INSERT INTO gne_vale_ferreteria_mov (vfe_id,pro_codigo_plu,vfm_cantidad,vfm_unitario,vfm_total,vfm_entregado) VALUES (11941,15929,2,130,260,@@@NO@@@)','',2,'2013-09-24'),(69075,'INSERT INTO gne_vale_ferreteria (vfe_id,vfe_fecha,vfe_total,vfe_estado,vfe_entregado,usu_nusuario) VALUES (11942,@@@2013.09.24@@@,2620,1,0,@@@G_DIAZ@@@)','',2,'2013-09-24'),(69076,'INSERT INTO gne_vale_ferreteria_mov (vfe_id,pro_codigo_plu,vfm_cantidad,vfm_unitario,vfm_total,vfm_entregado) VALUES (11942,763740,1,1350,1350,@@@NO@@@)','',2,'2013-09-24'),(69077,'INSERT INTO gne_vale_ferreteria_mov (vfe_id,pro_codigo_plu,vfm_cantidad,vfm_unitario,vfm_total,vfm_entregado) VALUES (11942,78016986,1,170,170,@@@NO@@@)','',2,'2013-09-24'),(69078,'INSERT INTO gne_vale_ferreteria_mov (vfe_id,pro_codigo_plu,vfm_cantidad,vfm_unitario,vfm_total,vfm_entregado) VALUES (11942,780220197,1,280,280,@@@NO@@@)','',2,'2013-09-24'),(69079,'INSERT INTO gne_vale_ferreteria_mov (vfe_id,pro_codigo_plu,vfm_cantidad,vfm_unitario,vfm_total,vfm_entregado) VALUES (11942,763629,1,430,430,@@@NO@@@)','',2,'2013-09-24'),(69080,'INSERT INTO gne_vale_ferreteria_mov (vfe_id,pro_codigo_plu,vfm_cantidad,vfm_unitario,vfm_total,vfm_entregado) VALUES (11942,780721278,1,390,390,@@@NO@@@)','',2,'2013-09-24'),(69081,'INSERT INTO gne_vale_ferreteria (vfe_id,vfe_fecha,vfe_total,vfe_estado,vfe_entregado,usu_nusuario) VALUES (11943,@@@2013.09.24@@@,1590,1,0,@@@G_DIAZ@@@)','',2,'2013-09-24'),(69082,'INSERT INTO gne_vale_ferreteria_mov (vfe_id,pro_codigo_plu,vfm_cantidad,vfm_unitario,vfm_total,vfm_entregado) VALUES (11943,780721580,1,1590,1590,@@@NO@@@)','',2,'2013-09-24'),(69083,'INSERT INTO gne_vale_ferreteria (vfe_id,vfe_fecha,vfe_total,vfe_estado,vfe_entregado,usu_nusuario) VALUES (11944,@@@2013.09.24@@@,1520,1,0,@@@G_DIAZ@@@)','',2,'2013-09-24'),(69084,'INSERT INTO gne_vale_ferreteria_mov (vfe_id,pro_codigo_plu,vfm_cantidad,vfm_unitario,vfm_total,vfm_entregado) VALUES (11944,763773,1,1520,1520,@@@NO@@@)','',2,'2013-09-24'),(69085,'INSERT INTO gne_vale_ferreteria (vfe_id,vfe_fecha,vfe_total,vfe_estado,vfe_entregado,usu_nusuario) VALUES (11945,@@@2013.09.24@@@,3640,1,0,@@@G_DIAZ@@@)','',2,'2013-09-24'),(69086,'INSERT INTO gne_vale_ferreteria_mov (vfe_id,pro_codigo_plu,vfm_cantidad,vfm_unitario,vfm_total,vfm_entregado) VALUES (11945,764439,1,1290,1290,@@@NO@@@)','',2,'2013-09-24'),(69087,'INSERT INTO gne_vale_ferreteria_mov (vfe_id,pro_codigo_plu,vfm_cantidad,vfm_unitario,vfm_total,vfm_entregado) VALUES (11945,780721594,1,2350,2350,@@@NO@@@)','',2,'2013-09-24'),(69088,'INSERT INTO gne_vale_ferreteria (vfe_id,vfe_fecha,vfe_total,vfe_estado,vfe_entregado,usu_nusuario) VALUES (11946,@@@2013.09.24@@@,2390,1,0,@@@G_DIAZ@@@)','',2,'2013-09-24'),(69089,'INSERT INTO gne_vale_ferreteria_mov (vfe_id,pro_codigo_plu,vfm_cantidad,vfm_unitario,vfm_total,vfm_entregado) VALUES (11946,262263,1,2390,2390,@@@NO@@@)','',2,'2013-09-24'),(69090,'INSERT INTO gne_vale_ferreteria (vfe_id,vfe_fecha,vfe_total,vfe_estado,vfe_entregado,usu_nusuario) VALUES (11947,@@@2013.09.24@@@,1200,1,0,@@@G_DIAZ@@@)','',2,'2013-09-24'),(69091,'INSERT INTO gne_vale_ferreteria_mov (vfe_id,pro_codigo_plu,vfm_cantidad,vfm_unitario,vfm_total,vfm_entregado) VALUES (11947,12000,4,300,1200,@@@NO@@@)','',2,'2013-09-24'),(69092,'INSERT INTO gne_vale_ferreteria (vfe_id,vfe_fecha,vfe_total,vfe_estado,vfe_entregado,usu_nusuario) VALUES (11948,@@@2013.09.24@@@,610,1,0,@@@G_DIAZ@@@)','',2,'2013-09-24'),(69093,'INSERT INTO gne_vale_ferreteria_mov (vfe_id,pro_codigo_plu,vfm_cantidad,vfm_unitario,vfm_total,vfm_entregado) VALUES (11948,78017004,1,120,120,@@@NO@@@)','',2,'2013-09-24'),(69094,'INSERT INTO gne_vale_ferreteria_mov (vfe_id,pro_codigo_plu,vfm_cantidad,vfm_unitario,vfm_total,vfm_entregado) VALUES (11948,764760,1,490,490,@@@NO@@@)','',2,'2013-09-24'),(69095,'INSERT INTO gne_vale_ferreteria (vfe_id,vfe_fecha,vfe_total,vfe_estado,vfe_entregado,usu_nusuario) VALUES (11949,@@@2013.09.24@@@,730,1,0,@@@G_DIAZ@@@)','',2,'2013-09-24'),(69096,'INSERT INTO gne_vale_ferreteria_mov (vfe_id,pro_codigo_plu,vfm_cantidad,vfm_unitario,vfm_total,vfm_entregado) VALUES (11949,15480,1,730,730,@@@NO@@@)','',2,'2013-09-24'),(69097,'INSERT INTO gne_vale_ferreteria (vfe_id,vfe_fecha,vfe_total,vfe_estado,vfe_entregado,usu_nusuario) VALUES (11950,@@@2013.09.24@@@,290,1,0,@@@G_DIAZ@@@)','',2,'2013-09-24'),(69098,'INSERT INTO gne_vale_ferreteria_mov (vfe_id,pro_codigo_plu,vfm_cantidad,vfm_unitario,vfm_total,vfm_entregado) VALUES (11950,761330,1,290,290,@@@NO@@@)','',2,'2013-09-24'),(69099,'INSERT INTO gne_vale_ferreteria (vfe_id,vfe_fecha,vfe_total,vfe_estado,vfe_entregado,usu_nusuario) VALUES (11951,@@@2013.09.24@@@,890,1,0,@@@G_DIAZ@@@)','',2,'2013-09-24'),(69100,'INSERT INTO gne_vale_ferreteria_mov (vfe_id,pro_codigo_plu,vfm_cantidad,vfm_unitario,vfm_total,vfm_entregado) VALUES (11951,763633,1,890,890,@@@NO@@@)','',2,'2013-09-24'),(69101,'INSERT INTO gne_vale_ferreteria (vfe_id,vfe_fecha,vfe_total,vfe_estado,vfe_entregado,usu_nusuario) VALUES (11952,@@@2013.09.24@@@,100,1,0,@@@G_DIAZ@@@)','',2,'2013-09-24'),(69102,'INSERT INTO gne_vale_ferreteria_mov (vfe_id,pro_codigo_plu,vfm_cantidad,vfm_unitario,vfm_total,vfm_entregado) VALUES (11952,763851,1,100,100,@@@NO@@@)','',2,'2013-09-24'),(69103,'INSERT INTO gne_vale_ferreteria (vfe_id,vfe_fecha,vfe_total,vfe_estado,vfe_entregado,usu_nusuario) VALUES (11953,@@@2013.09.24@@@,150,1,0,@@@G_DIAZ@@@)','',2,'2013-09-24'),(69104,'INSERT INTO gne_vale_ferreteria_mov (vfe_id,pro_codigo_plu,vfm_cantidad,vfm_unitario,vfm_total,vfm_entregado) VALUES (11953,763869,1,150,150,@@@NO@@@)','',2,'2013-09-24'),(69105,'INSERT INTO gne_vale_ferreteria (vfe_id,vfe_fecha,vfe_total,vfe_estado,vfe_entregado,usu_nusuario) VALUES (11954,@@@2013.09.24@@@,999,1,0,@@@G_DIAZ@@@)','',2,'2013-09-24'),(69106,'INSERT INTO gne_vale_ferreteria_mov (vfe_id,pro_codigo_plu,vfm_cantidad,vfm_unitario,vfm_total,vfm_entregado) VALUES (11954,15491,1,999,999,@@@NO@@@)','',2,'2013-09-24'),(69107,'INSERT INTO gne_vale_ferreteria (vfe_id,vfe_fecha,vfe_total,vfe_estado,vfe_entregado,usu_nusuario) VALUES (11955,@@@2013.09.24@@@,770,1,0,@@@G_DIAZ@@@)','',2,'2013-09-24'),(69108,'INSERT INTO gne_vale_ferreteria_mov (vfe_id,pro_codigo_plu,vfm_cantidad,vfm_unitario,vfm_total,vfm_entregado) VALUES (11955,21116,1,770,770,@@@NO@@@)','',2,'2013-09-24'),(69109,'INSERT INTO gne_vale_ferreteria (vfe_id,vfe_fecha,vfe_total,vfe_estado,vfe_entregado,usu_nusuario) VALUES (11956,@@@2013.09.24@@@,2380,1,0,@@@G_DIAZ@@@)','',2,'2013-09-24'),(69110,'INSERT INTO gne_vale_ferreteria_mov (vfe_id,pro_codigo_plu,vfm_cantidad,vfm_unitario,vfm_total,vfm_entregado) VALUES (11956,8689,2,1190,2380,@@@NO@@@)','',2,'2013-09-24'),(69111,'INSERT INTO gne_vale_ferreteria (vfe_id,vfe_fecha,vfe_total,vfe_estado,vfe_entregado,usu_nusuario) VALUES (11957,@@@2013.09.24@@@,240,1,0,@@@G_DIAZ@@@)','',2,'2013-09-24'),(69112,'INSERT INTO gne_vale_ferreteria_mov (vfe_id,pro_codigo_plu,vfm_cantidad,vfm_unitario,vfm_total,vfm_entregado) VALUES (11957,1064,1,120,120,@@@NO@@@)','',2,'2013-09-24'),(69113,'INSERT INTO gne_vale_ferreteria_mov (vfe_id,pro_codigo_plu,vfm_cantidad,vfm_unitario,vfm_total,vfm_entregado) VALUES (11957,78017204,1,120,120,@@@NO@@@)','',2,'2013-09-24'),(69114,'INSERT INTO gne_vale_ferreteria (vfe_id,vfe_fecha,vfe_total,vfe_estado,vfe_entregado,usu_nusuario) VALUES (11958,@@@2013.09.25@@@,300,1,0,@@@m_martinez@@@)','',2,'2013-09-25'),(69115,'INSERT INTO gne_vale_ferreteria_mov (vfe_id,pro_codigo_plu,vfm_cantidad,vfm_unitario,vfm_total,vfm_entregado) VALUES (11958,2004,1,300,300,@@@NO@@@)','',2,'2013-09-25'),(69116,'INSERT INTO gne_vale_ferreteria (vfe_id,vfe_fecha,vfe_total,vfe_estado,vfe_entregado,usu_nusuario) VALUES (11959,@@@2013.09.25@@@,680,1,0,@@@m_martinez@@@)','',2,'2013-09-25'),(69117,'INSERT INTO gne_vale_ferreteria_mov (vfe_id,pro_codigo_plu,vfm_cantidad,vfm_unitario,vfm_total,vfm_entregado) VALUES (11959,102408,1,370,370,@@@NO@@@)','',2,'2013-09-25'),(69118,'INSERT INTO gne_vale_ferreteria_mov (vfe_id,pro_codigo_plu,vfm_cantidad,vfm_unitario,vfm_total,vfm_entregado) VALUES (11959,18799,1,310,310,@@@NO@@@)','',2,'2013-09-25'),(69119,'INSERT INTO gne_vale_ferreteria (vfe_id,vfe_fecha,vfe_total,vfe_estado,vfe_entregado,usu_nusuario) VALUES (11960,@@@2013.09.25@@@,490,1,0,@@@m_martinez@@@)','',2,'2013-09-25'),(69120,'INSERT INTO gne_vale_ferreteria_mov (vfe_id,pro_codigo_plu,vfm_cantidad,vfm_unitario,vfm_total,vfm_entregado) VALUES (11960,20756,1,490,490,@@@NO@@@)','',2,'2013-09-25'),(69121,'INSERT INTO gne_vale_ferreteria (vfe_id,vfe_fecha,vfe_total,vfe_estado,vfe_entregado,usu_nusuario) VALUES (11961,@@@2013.09.25@@@,150,1,0,@@@m_martinez@@@)','',2,'2013-09-25'),(69122,'INSERT INTO gne_vale_ferreteria_mov (vfe_id,pro_codigo_plu,vfm_cantidad,vfm_unitario,vfm_total,vfm_entregado) VALUES (11961,4088,1,150,150,@@@NO@@@)','',2,'2013-09-25'),(69123,'INSERT INTO gne_vale_ferreteria (vfe_id,vfe_fecha,vfe_total,vfe_estado,vfe_entregado,usu_nusuario) VALUES (11962,@@@2013.09.25@@@,890,1,0,@@@m_martinez@@@)','',2,'2013-09-25'),(69124,'INSERT INTO gne_vale_ferreteria_mov (vfe_id,pro_codigo_plu,vfm_cantidad,vfm_unitario,vfm_total,vfm_entregado) VALUES (11962,11670,1,890,890,@@@NO@@@)','',2,'2013-09-25'),(69125,'INSERT INTO gne_vale_ferreteria (vfe_id,vfe_fecha,vfe_total,vfe_estado,vfe_entregado,usu_nusuario) VALUES (11963,@@@2013.09.25@@@,2390,1,0,@@@m_martinez@@@)','',2,'2013-09-25'),(69126,'INSERT INTO gne_vale_ferreteria_mov (vfe_id,pro_codigo_plu,vfm_cantidad,vfm_unitario,vfm_total,vfm_entregado) VALUES (11963,262263,1,2390,2390,@@@NO@@@)','',2,'2013-09-25'),(69127,'INSERT INTO gne_vale_ferreteria (vfe_id,vfe_fecha,vfe_total,vfe_estado,vfe_entregado,usu_nusuario) VALUES (11964,@@@2013.09.25@@@,2350,1,0,@@@m_martinez@@@)','',2,'2013-09-25'),(69128,'INSERT INTO gne_vale_ferreteria_mov (vfe_id,pro_codigo_plu,vfm_cantidad,vfm_unitario,vfm_total,vfm_entregado) VALUES (11964,20917,1,2350,2350,@@@NO@@@)','',2,'2013-09-25'),(69129,'INSERT INTO gne_vale_ferreteria (vfe_id,vfe_fecha,vfe_total,vfe_estado,vfe_entregado,usu_nusuario) VALUES (11965,@@@2013.09.25@@@,1240,1,0,@@@m_martinez@@@)','',2,'2013-09-25'),(69130,'INSERT INTO gne_vale_ferreteria_mov (vfe_id,pro_codigo_plu,vfm_cantidad,vfm_unitario,vfm_total,vfm_entregado) VALUES (11965,780721306,1,490,490,@@@NO@@@)','',2,'2013-09-25'),(69131,'INSERT INTO gne_vale_ferreteria_mov (vfe_id,pro_codigo_plu,vfm_cantidad,vfm_unitario,vfm_total,vfm_entregado) VALUES (11965,78017105,3,250,750,@@@NO@@@)','',2,'2013-09-25'),(69132,'INSERT INTO gne_vale_ferreteria (vfe_id,vfe_fecha,vfe_total,vfe_estado,vfe_entregado,usu_nusuario) VALUES (11966,@@@2013.09.25@@@,640,1,0,@@@m_martinez@@@)','',2,'2013-09-25'),(69133,'INSERT INTO gne_vale_ferreteria_mov (vfe_id,pro_codigo_plu,vfm_cantidad,vfm_unitario,vfm_total,vfm_entregado) VALUES (11966,19865,1,640,640,@@@NO@@@)','',2,'2013-09-25'),(69134,'INSERT INTO com_ventas_grupo (vgr_fecha,vgr_grupo,vgr_cantidad,vgr_total) VALUES (@@@2013.09.24@@@,1,201.775,168551)','',2,'2013-09-25'),(69135,'INSERT INTO com_ventas_grupo (vgr_fecha,vgr_grupo,vgr_cantidad,vgr_total) VALUES (@@@2013.09.24@@@,2,177,97180)','',2,'2013-09-25'),(69136,'INSERT INTO com_ventas_grupo (vgr_fecha,vgr_grupo,vgr_cantidad,vgr_total) VALUES (@@@2013.09.24@@@,3,262,58790)','',2,'2013-09-25'),(69137,'INSERT INTO com_ventas_grupo (vgr_fecha,vgr_grupo,vgr_cantidad,vgr_total) VALUES (@@@2013.09.24@@@,4,94,83550)','',2,'2013-09-25'),(69138,'INSERT INTO com_ventas_grupo (vgr_fecha,vgr_grupo,vgr_cantidad,vgr_total) VALUES (@@@2013.09.24@@@,5,2,10680)','',2,'2013-09-25'),(69139,'INSERT INTO com_ventas_grupo (vgr_fecha,vgr_grupo,vgr_cantidad,vgr_total) VALUES (@@@2013.09.24@@@,6,7,9049)','',2,'2013-09-25'),(69140,'INSERT INTO com_ventas_grupo (vgr_fecha,vgr_grupo,vgr_cantidad,vgr_total) VALUES (@@@2013.09.24@@@,7,34,64211)','',2,'2013-09-25'),(69141,'INSERT INTO com_ventas_grupo (vgr_fecha,vgr_grupo,vgr_cantidad,vgr_total) VALUES (@@@2013.09.24@@@,8,200,56960)','',2,'2013-09-25'),(69142,'INSERT INTO com_ventas_grupo (vgr_fecha,vgr_grupo,vgr_cantidad,vgr_total) VALUES (@@@2013.09.24@@@,9,48.605,96284)','',2,'2013-09-25'),(69143,'INSERT INTO com_ventas_grupo (vgr_fecha,vgr_grupo,vgr_cantidad,vgr_total) VALUES (@@@2013.09.24@@@,10,46.005,77749)','',2,'2013-09-25'),(69144,'INSERT INTO com_ventas_grupo (vgr_fecha,vgr_grupo,vgr_cantidad,vgr_total) VALUES (@@@2013.09.24@@@,11,16.695,41723)','',2,'2013-09-25'),(69145,'INSERT INTO com_ventas_grupo (vgr_fecha,vgr_grupo,vgr_cantidad,vgr_total) VALUES (@@@2013.09.24@@@,12,33.065,63522)','',2,'2013-09-25'),(69146,'INSERT INTO com_ventas_grupo (vgr_fecha,vgr_grupo,vgr_cantidad,vgr_total) VALUES (@@@2013.09.24@@@,13,10.325,33069)','',2,'2013-09-25'),(69147,'INSERT INTO com_ventas_grupo (vgr_fecha,vgr_grupo,vgr_cantidad,vgr_total) VALUES (@@@2013.09.24@@@,14,88.575,80060)','',2,'2013-09-25'),(69148,'INSERT INTO com_ventas_grupo (vgr_fecha,vgr_grupo,vgr_cantidad,vgr_total) VALUES (@@@2013.09.24@@@,16,1,170)','',2,'2013-09-25'),(69149,'INSERT INTO com_ventas_grupo (vgr_fecha,vgr_grupo,vgr_cantidad,vgr_total) VALUES (@@@2013.09.24@@@,18,177.2,104990)','',2,'2013-09-25'),(69150,'INSERT INTO com_ventas_grupo (vgr_fecha,vgr_grupo,vgr_cantidad,vgr_total) VALUES (@@@2013.09.24@@@,19,6,11950)','',2,'2013-09-25'),(69151,'INSERT INTO com_ventas_grupo (vgr_fecha,vgr_grupo,vgr_cantidad,vgr_total) VALUES (@@@2013.09.24@@@,20,112.465,57168)','',2,'2013-09-25'),(69152,'INSERT INTO com_ventas_grupo (vgr_fecha,vgr_grupo,vgr_cantidad,vgr_total) VALUES (@@@2013.09.24@@@,21,48,45028)','',2,'2013-09-25'),(69153,'INSERT INTO com_ventas_grupo (vgr_fecha,vgr_grupo,vgr_cantidad,vgr_total) VALUES (@@@2013.09.24@@@,23,7,10590)','',2,'2013-09-25'),(69154,'INSERT INTO com_ventas_grupo (vgr_fecha,vgr_grupo,vgr_cantidad,vgr_total) VALUES (@@@2013.09.24@@@,24,138,35160)','',2,'2013-09-25'),(69155,'INSERT INTO com_ventas_grupo (vgr_fecha,vgr_grupo,vgr_cantidad,vgr_total) VALUES (@@@2013.09.24@@@,25,85,123500)','',2,'2013-09-25'),(69156,'INSERT INTO com_ventas_grupo (vgr_fecha,vgr_grupo,vgr_cantidad,vgr_total) VALUES (@@@2013.09.24@@@,28,1,150)','',2,'2013-09-25'),(69157,'INSERT INTO com_ventas_grupo (vgr_fecha,vgr_grupo,vgr_cantidad,vgr_total) VALUES (@@@2013.09.24@@@,31,9,7039)','',2,'2013-09-25'),(69158,'INSERT INTO com_ventas_grupo (vgr_fecha,vgr_grupo,vgr_cantidad,vgr_total) VALUES (@@@2013.09.24@@@,32,429,166509)','',2,'2013-09-25'),(69159,'INSERT INTO com_ventas_grupo (vgr_fecha,vgr_grupo,vgr_cantidad,vgr_total) VALUES (@@@2013.09.24@@@,33,1,3499)','',2,'2013-09-25'),(69160,'INSERT INTO com_ventas_grupo (vgr_fecha,vgr_grupo,vgr_cantidad,vgr_total) VALUES (@@@2013.09.24@@@,34,1,1250)','',2,'2013-09-25'),(69161,'INSERT INTO com_ventas_grupo (vgr_fecha,vgr_grupo,vgr_cantidad,vgr_total) VALUES (@@@2013.09.24@@@,35,25,37119)','',2,'2013-09-25'),(69162,'INSERT INTO com_ventas_grupo (vgr_fecha,vgr_grupo,vgr_cantidad,vgr_total) VALUES (@@@2013.09.24@@@,36,2,970)','',2,'2013-09-25'),(69163,'INSERT INTO com_ventas_grupo (vgr_fecha,vgr_grupo,vgr_cantidad,vgr_total) VALUES (@@@2013.09.24@@@,37,1,6990)','',2,'2013-09-25'),(69164,'INSERT INTO com_ventas_grupo (vgr_fecha,vgr_grupo,vgr_cantidad,vgr_total) VALUES (@@@2013.09.24@@@,38,2,4980)','',2,'2013-09-25'),(69165,'INSERT INTO com_ventas_grupo (vgr_fecha,vgr_grupo,vgr_cantidad,vgr_total) VALUES (@@@2013.09.24@@@,39,7,9100)','',2,'2013-09-25'),(69166,'INSERT INTO com_ventas_grupo (vgr_fecha,vgr_grupo,vgr_cantidad,vgr_total) VALUES (@@@2013.09.24@@@,41,11,990)','',2,'2013-09-25'),(69167,'INSERT INTO com_ventas_grupo (vgr_fecha,vgr_grupo,vgr_cantidad,vgr_total) VALUES (@@@2013.09.24@@@,42,13.855,11155)','',2,'2013-09-25'),(69168,'INSERT INTO com_ventas_grupo (vgr_fecha,vgr_grupo,vgr_cantidad,vgr_total) VALUES (@@@2013.09.24@@@,44,1,1550)','',2,'2013-09-25'),(69169,'UPDATE mae_datos_empresa SET emp_oferta=@@@NO@@@','',2,'2013-09-25'),(69170,'INSERT INTO com_ventas_grupo (vgr_fecha,vgr_grupo,vgr_cantidad,vgr_total) VALUES (@@@2013.09.23@@@,1,204.675,162401)','',2,'2013-09-25'),(69171,'INSERT INTO com_ventas_grupo (vgr_fecha,vgr_grupo,vgr_cantidad,vgr_total) VALUES (@@@2013.09.23@@@,2,362.15,160019)','',2,'2013-09-25'),(69172,'INSERT INTO com_ventas_grupo (vgr_fecha,vgr_grupo,vgr_cantidad,vgr_total) VALUES (@@@2013.09.23@@@,3,424,91937)','',2,'2013-09-25'),(69173,'INSERT INTO com_ventas_grupo (vgr_fecha,vgr_grupo,vgr_cantidad,vgr_total) VALUES (@@@2013.09.23@@@,4,74,69260)','',2,'2013-09-25'),(69174,'INSERT INTO com_ventas_grupo (vgr_fecha,vgr_grupo,vgr_cantidad,vgr_total) VALUES (@@@2013.09.23@@@,6,7,10654)','',2,'2013-09-25'),(69175,'INSERT INTO com_ventas_grupo (vgr_fecha,vgr_grupo,vgr_cantidad,vgr_total) VALUES (@@@2013.09.23@@@,7,43,65902)','',2,'2013-09-25'),(69176,'INSERT INTO com_ventas_grupo (vgr_fecha,vgr_grupo,vgr_cantidad,vgr_total) VALUES (@@@2013.09.23@@@,8,46,27310)','',2,'2013-09-25'),(69177,'INSERT INTO com_ventas_grupo (vgr_fecha,vgr_grupo,vgr_cantidad,vgr_total) VALUES (@@@2013.09.23@@@,9,35.67,66908)','',2,'2013-09-25'),(69178,'INSERT INTO com_ventas_grupo (vgr_fecha,vgr_grupo,vgr_cantidad,vgr_total) VALUES (@@@2013.09.23@@@,10,27.495,55032)','',2,'2013-09-25'),(69179,'INSERT INTO com_ventas_grupo (vgr_fecha,vgr_grupo,vgr_cantidad,vgr_total) VALUES (@@@2013.09.23@@@,11,24.16,60859)','',2,'2013-09-25'),(69180,'INSERT INTO com_ventas_grupo (vgr_fecha,vgr_grupo,vgr_cantidad,vgr_total) VALUES (@@@2013.09.23@@@,12,37.31,56906)','',2,'2013-09-25'),(69181,'INSERT INTO com_ventas_grupo (vgr_fecha,vgr_grupo,vgr_cantidad,vgr_total) VALUES (@@@2013.09.23@@@,13,13.85,34704)','',2,'2013-09-25'),(69182,'INSERT INTO com_ventas_grupo (vgr_fecha,vgr_grupo,vgr_cantidad,vgr_total) VALUES (@@@2013.09.23@@@,14,84.64,76600)','',2,'2013-09-25'),(69183,'INSERT INTO com_ventas_grupo (vgr_fecha,vgr_grupo,vgr_cantidad,vgr_total) VALUES (@@@2013.09.23@@@,16,3,1450)','',2,'2013-09-25'),(69184,'INSERT INTO com_ventas_grupo (vgr_fecha,vgr_grupo,vgr_cantidad,vgr_total) VALUES (@@@2013.09.23@@@,18,214.7,118280)','',2,'2013-09-25'),(69185,'INSERT INTO com_ventas_grupo (vgr_fecha,vgr_grupo,vgr_cantidad,vgr_total) VALUES (@@@2013.09.23@@@,19,5,6080)','',2,'2013-09-25'),(69186,'INSERT INTO com_ventas_grupo (vgr_fecha,vgr_grupo,vgr_cantidad,vgr_total) VALUES (@@@2013.09.23@@@,20,117.22,39355)','',2,'2013-09-25'),(69187,'INSERT INTO com_ventas_grupo (vgr_fecha,vgr_grupo,vgr_cantidad,vgr_total) VALUES (@@@2013.09.23@@@,21,36,32170)','',2,'2013-09-25'),(69188,'INSERT INTO com_ventas_grupo (vgr_fecha,vgr_grupo,vgr_cantidad,vgr_total) VALUES (@@@2013.09.23@@@,23,3,3970)','',2,'2013-09-25'),(69189,'INSERT INTO com_ventas_grupo (vgr_fecha,vgr_grupo,vgr_cantidad,vgr_total) VALUES (@@@2013.09.23@@@,24,138,31019)','',2,'2013-09-25'),(69190,'INSERT INTO com_ventas_grupo (vgr_fecha,vgr_grupo,vgr_cantidad,vgr_total) VALUES (@@@2013.09.23@@@,25,70,101500)','',2,'2013-09-25'),(69191,'INSERT INTO com_ventas_grupo (vgr_fecha,vgr_grupo,vgr_cantidad,vgr_total) VALUES (@@@2013.09.23@@@,27,1,890)','',2,'2013-09-25'),(69192,'INSERT INTO com_ventas_grupo (vgr_fecha,vgr_grupo,vgr_cantidad,vgr_total) VALUES (@@@2013.09.23@@@,31,11,13250)','',2,'2013-09-25'),(69193,'INSERT INTO com_ventas_grupo (vgr_fecha,vgr_grupo,vgr_cantidad,vgr_total) VALUES (@@@2013.09.23@@@,32,350,104242)','',2,'2013-09-25'),(69194,'INSERT INTO com_ventas_grupo (vgr_fecha,vgr_grupo,vgr_cantidad,vgr_total) VALUES (@@@2013.09.23@@@,35,30,36864)','',2,'2013-09-25'),(69195,'INSERT INTO com_ventas_grupo (vgr_fecha,vgr_grupo,vgr_cantidad,vgr_total) VALUES (@@@2013.09.23@@@,36,3,840)','',2,'2013-09-25'),(69196,'INSERT INTO com_ventas_grupo (vgr_fecha,vgr_grupo,vgr_cantidad,vgr_total) VALUES (@@@2013.09.23@@@,37,1,2390)','',2,'2013-09-25'),(69197,'INSERT INTO com_ventas_grupo (vgr_fecha,vgr_grupo,vgr_cantidad,vgr_total) VALUES (@@@2013.09.23@@@,38,8,6920)','',2,'2013-09-25'),(69198,'INSERT INTO com_ventas_grupo (vgr_fecha,vgr_grupo,vgr_cantidad,vgr_total) VALUES (@@@2013.09.23@@@,39,2,3680)','',2,'2013-09-25'),(69199,'INSERT INTO com_ventas_grupo (vgr_fecha,vgr_grupo,vgr_cantidad,vgr_total) VALUES (@@@2013.09.23@@@,40,200,200)','',2,'2013-09-25'),(69200,'INSERT INTO com_ventas_grupo (vgr_fecha,vgr_grupo,vgr_cantidad,vgr_total) VALUES (@@@2013.09.23@@@,41,5,1500)','',2,'2013-09-25'),(69201,'INSERT INTO com_ventas_grupo (vgr_fecha,vgr_grupo,vgr_cantidad,vgr_total) VALUES (@@@2013.09.23@@@,42,19.505,21612)','',2,'2013-09-25'),(69202,'UPDATE mae_datos_empresa SET emp_oferta=@@@NO@@@','',2,'2013-09-25'),(69203,'INSERT INTO com_ventas_grupo (vgr_fecha,vgr_grupo,vgr_cantidad,vgr_total) VALUES (@@@2013.09.22@@@,1,166.445,95626)','',2,'2013-09-25'),(69204,'INSERT INTO com_ventas_grupo (vgr_fecha,vgr_grupo,vgr_cantidad,vgr_total) VALUES (@@@2013.09.22@@@,2,241,147636)','',2,'2013-09-25'),(69205,'INSERT INTO com_ventas_grupo (vgr_fecha,vgr_grupo,vgr_cantidad,vgr_total) VALUES (@@@2013.09.22@@@,3,445,102142)','',2,'2013-09-25'),(69206,'INSERT INTO com_ventas_grupo (vgr_fecha,vgr_grupo,vgr_cantidad,vgr_total) VALUES (@@@2013.09.22@@@,4,115,102079)','',2,'2013-09-25'),(69207,'INSERT INTO com_ventas_grupo (vgr_fecha,vgr_grupo,vgr_cantidad,vgr_total) VALUES (@@@2013.09.22@@@,5,5,4910)','',2,'2013-09-25'),(69208,'INSERT INTO com_ventas_grupo (vgr_fecha,vgr_grupo,vgr_cantidad,vgr_total) VALUES (@@@2013.09.22@@@,6,19,34871)','',2,'2013-09-25'),(69209,'INSERT INTO com_ventas_grupo (vgr_fecha,vgr_grupo,vgr_cantidad,vgr_total) VALUES (@@@2013.09.22@@@,7,75,114596)','',2,'2013-09-25'),(69210,'INSERT INTO com_ventas_grupo (vgr_fecha,vgr_grupo,vgr_cantidad,vgr_total) VALUES (@@@2013.09.22@@@,8,63,30100)','',2,'2013-09-25'),(69211,'INSERT INTO com_ventas_grupo (vgr_fecha,vgr_grupo,vgr_cantidad,vgr_total) VALUES (@@@2013.09.22@@@,9,92.955,162057)','',2,'2013-09-25'),(69212,'INSERT INTO com_ventas_grupo (vgr_fecha,vgr_grupo,vgr_cantidad,vgr_total) VALUES (@@@2013.09.22@@@,10,22.365,39589)','',2,'2013-09-25'),(69213,'INSERT INTO com_ventas_grupo (vgr_fecha,vgr_grupo,vgr_cantidad,vgr_total) VALUES (@@@2013.09.22@@@,11,34.9,113037)','',2,'2013-09-25'),(69214,'INSERT INTO com_ventas_grupo (vgr_fecha,vgr_grupo,vgr_cantidad,vgr_total) VALUES (@@@2013.09.22@@@,12,41.97,87288)','',2,'2013-09-25'),(69215,'INSERT INTO com_ventas_grupo (vgr_fecha,vgr_grupo,vgr_cantidad,vgr_total) VALUES (@@@2013.09.22@@@,13,23.515,67780)','',2,'2013-09-25'),(69216,'INSERT INTO com_ventas_grupo (vgr_fecha,vgr_grupo,vgr_cantidad,vgr_total) VALUES (@@@2013.09.22@@@,14,121.81,109505)','',2,'2013-09-25'),(69217,'INSERT INTO com_ventas_grupo (vgr_fecha,vgr_grupo,vgr_cantidad,vgr_total) VALUES (@@@2013.09.22@@@,15,1,290)','',2,'2013-09-25'),(69218,'INSERT INTO com_ventas_grupo (vgr_fecha,vgr_grupo,vgr_cantidad,vgr_total) VALUES (@@@2013.09.22@@@,16,1,170)','',2,'2013-09-25'),(69219,'INSERT INTO com_ventas_grupo (vgr_fecha,vgr_grupo,vgr_cantidad,vgr_total) VALUES (@@@2013.09.22@@@,18,137.89,81780)','',2,'2013-09-25'),(69220,'INSERT INTO com_ventas_grupo (vgr_fecha,vgr_grupo,vgr_cantidad,vgr_total) VALUES (@@@2013.09.22@@@,19,4,9160)','',2,'2013-09-25'),(69221,'INSERT INTO com_ventas_grupo (vgr_fecha,vgr_grupo,vgr_cantidad,vgr_total) VALUES (@@@2013.09.22@@@,20,94.22,61160)','',2,'2013-09-25'),(69222,'INSERT INTO com_ventas_grupo (vgr_fecha,vgr_grupo,vgr_cantidad,vgr_total) VALUES (@@@2013.09.22@@@,21,67,58797)','',2,'2013-09-25'),(69223,'INSERT INTO com_ventas_grupo (vgr_fecha,vgr_grupo,vgr_cantidad,vgr_total) VALUES (@@@2013.09.22@@@,23,18,24740)','',2,'2013-09-25'),(69224,'INSERT INTO com_ventas_grupo (vgr_fecha,vgr_grupo,vgr_cantidad,vgr_total) VALUES (@@@2013.09.22@@@,24,176,37575)','',2,'2013-09-25'),(69225,'INSERT INTO com_ventas_grupo (vgr_fecha,vgr_grupo,vgr_cantidad,vgr_total) VALUES (@@@2013.09.22@@@,25,108,161500)','',2,'2013-09-25'),(69226,'INSERT INTO com_ventas_grupo (vgr_fecha,vgr_grupo,vgr_cantidad,vgr_total) VALUES (@@@2013.09.22@@@,27,1,1190)','',2,'2013-09-25'),(69227,'INSERT INTO com_ventas_grupo (vgr_fecha,vgr_grupo,vgr_cantidad,vgr_total) VALUES (@@@2013.09.22@@@,31,5,6270)','',2,'2013-09-25'),(69228,'INSERT INTO com_ventas_grupo (vgr_fecha,vgr_grupo,vgr_cantidad,vgr_total) VALUES (@@@2013.09.22@@@,32,367,123291)','',2,'2013-09-25'),(69229,'INSERT INTO com_ventas_grupo (vgr_fecha,vgr_grupo,vgr_cantidad,vgr_total) VALUES (@@@2013.09.22@@@,34,3,3750)','',2,'2013-09-25'),(69230,'INSERT INTO com_ventas_grupo (vgr_fecha,vgr_grupo,vgr_cantidad,vgr_total) VALUES (@@@2013.09.22@@@,35,20,30345)','',2,'2013-09-25'),(69231,'INSERT INTO com_ventas_grupo (vgr_fecha,vgr_grupo,vgr_cantidad,vgr_total) VALUES (@@@2013.09.22@@@,36,10,1840)','',2,'2013-09-25'),(69232,'INSERT INTO com_ventas_grupo (vgr_fecha,vgr_grupo,vgr_cantidad,vgr_total) VALUES (@@@2013.09.22@@@,37,2,5280)','',2,'2013-09-25'),(69233,'INSERT INTO com_ventas_grupo (vgr_fecha,vgr_grupo,vgr_cantidad,vgr_total) VALUES (@@@2013.09.22@@@,38,5,5750)','',2,'2013-09-25'),(69234,'INSERT INTO com_ventas_grupo (vgr_fecha,vgr_grupo,vgr_cantidad,vgr_total) VALUES (@@@2013.09.22@@@,39,2,3780)','',2,'2013-09-25'),(69235,'INSERT INTO com_ventas_grupo (vgr_fecha,vgr_grupo,vgr_cantidad,vgr_total) VALUES (@@@2013.09.22@@@,41,1,490)','',2,'2013-09-25'),(69236,'INSERT INTO com_ventas_grupo (vgr_fecha,vgr_grupo,vgr_cantidad,vgr_total) VALUES (@@@2013.09.22@@@,42,22.355,16286)','',2,'2013-09-25'),(69237,'INSERT INTO com_ventas_grupo (vgr_fecha,vgr_grupo,vgr_cantidad,vgr_total) VALUES (@@@2013.09.22@@@,44,2,5300)','',2,'2013-09-25'),(69238,'UPDATE mae_datos_empresa SET emp_oferta=@@@NO@@@','',2,'2013-09-25'),(69239,'INSERT INTO gne_vale_ferreteria (vfe_id,vfe_fecha,vfe_total,vfe_estado,vfe_entregado,usu_nusuario) VALUES (11967,@@@2013.09.25@@@,880,1,0,@@@m_martinez@@@)','',2,'2013-09-25'),(69240,'INSERT INTO gne_vale_ferreteria_mov (vfe_id,pro_codigo_plu,vfm_cantidad,vfm_unitario,vfm_total,vfm_entregado) VALUES (11967,770001,3,80,240,@@@NO@@@)','',2,'2013-09-25'),(69241,'INSERT INTO gne_vale_ferreteria_mov (vfe_id,pro_codigo_plu,vfm_cantidad,vfm_unitario,vfm_total,vfm_entregado) VALUES (11967,770000,3,50,150,@@@NO@@@)','',2,'2013-09-25'),(69242,'INSERT INTO gne_vale_ferreteria_mov (vfe_id,pro_codigo_plu,vfm_cantidad,vfm_unitario,vfm_total,vfm_entregado) VALUES (11967,1019,1,490,490,@@@NO@@@)','',2,'2013-09-25'),(69243,'INSERT INTO gne_vale_ferreteria (vfe_id,vfe_fecha,vfe_total,vfe_estado,vfe_entregado,usu_nusuario) VALUES (11968,@@@2013.09.25@@@,640,1,0,@@@m_martinez@@@)','',2,'2013-09-25'),(69244,'INSERT INTO gne_vale_ferreteria_mov (vfe_id,pro_codigo_plu,vfm_cantidad,vfm_unitario,vfm_total,vfm_entregado) VALUES (11968,19865,1,640,640,@@@NO@@@)','',2,'2013-09-25'),(69245,'INSERT INTO gne_vale_ferreteria (vfe_id,vfe_fecha,vfe_total,vfe_estado,vfe_entregado,usu_nusuario) VALUES (11969,@@@2013.09.25@@@,1590,1,0,@@@m_martinez@@@)','',2,'2013-09-25'),(69246,'INSERT INTO gne_vale_ferreteria_mov (vfe_id,pro_codigo_plu,vfm_cantidad,vfm_unitario,vfm_total,vfm_entregado) VALUES (11969,780721297,1,1590,1590,@@@NO@@@)','',2,'2013-09-25'),(69247,'INSERT INTO gne_vale_ferreteria (vfe_id,vfe_fecha,vfe_total,vfe_estado,vfe_entregado,usu_nusuario) VALUES (11970,@@@2013.09.25@@@,5190,1,0,@@@m_martinez@@@)','',2,'2013-09-25'),(69248,'INSERT INTO gne_vale_ferreteria_mov (vfe_id,pro_codigo_plu,vfm_cantidad,vfm_unitario,vfm_total,vfm_entregado) VALUES (11970,763985,1,2100,2100,@@@NO@@@)','',2,'2013-09-25'),(69249,'INSERT INTO gne_vale_ferreteria_mov (vfe_id,pro_codigo_plu,vfm_cantidad,vfm_unitario,vfm_total,vfm_entregado) VALUES (11970,764003,1,990,990,@@@NO@@@)','',2,'2013-09-25'),(69250,'INSERT INTO gne_vale_ferreteria_mov (vfe_id,pro_codigo_plu,vfm_cantidad,vfm_unitario,vfm_total,vfm_entregado) VALUES (11970,18678,1,2100,2100,@@@NO@@@)','',2,'2013-09-25'),(69251,'UPDATE mae_productos SET pro_margen_actual=80.43,pro_precio_venta=2490 WHERE pro_codigo_plu=562','',2,'2013-09-25'),(69252,'UPDATE mae_productos SET pro_margen_actual=39.95,pro_precio_venta=130 WHERE pro_codigo_plu=780721868','',2,'2013-09-25'),(69253,'UPDATE mae_productos SET pro_precio_fiscal=pro_precio_venta WHERE pro_codigo_plu=562','',2,'2013-09-25'),(69254,'UPDATE mae_productos SET pro_precio_fiscal=pro_precio_venta WHERE pro_codigo_plu=780721857','',2,'2013-09-25'),(69255,'UPDATE mae_productos SET pro_precio_fiscal=pro_precio_venta WHERE pro_codigo_plu=780721868','',2,'2013-09-25'),(69256,'INSERT INTO gne_vale_ferreteria (vfe_id,vfe_fecha,vfe_total,vfe_estado,vfe_entregado,usu_nusuario) VALUES (11971,@@@2013.09.25@@@,2390,1,0,@@@m_martinez@@@)','',2,'2013-09-25'),(69257,'INSERT INTO gne_vale_ferreteria_mov (vfe_id,pro_codigo_plu,vfm_cantidad,vfm_unitario,vfm_total,vfm_entregado) VALUES (11971,3098,1,2390,2390,@@@NO@@@)','',2,'2013-09-25'),(69258,'INSERT INTO gne_vale_ferreteria (vfe_id,vfe_fecha,vfe_total,vfe_estado,vfe_entregado,usu_nusuario) VALUES (11972,@@@2013.09.25@@@,7560,1,0,@@@m_martinez@@@)','',2,'2013-09-25'),(69259,'INSERT INTO gne_vale_ferreteria_mov (vfe_id,pro_codigo_plu,vfm_cantidad,vfm_unitario,vfm_total,vfm_entregado) VALUES (11972,3098,3,2390,7170,@@@NO@@@)','',2,'2013-09-25'),(69260,'INSERT INTO gne_vale_ferreteria_mov (vfe_id,pro_codigo_plu,vfm_cantidad,vfm_unitario,vfm_total,vfm_entregado) VALUES (11972,15967,3,130,390,@@@NO@@@)','',2,'2013-09-25'),(69261,'INSERT INTO gne_vale_ferreteria (vfe_id,vfe_fecha,vfe_total,vfe_estado,vfe_entregado,usu_nusuario) VALUES (11973,@@@2013.09.25@@@,1500,1,0,@@@m_martinez@@@)','',2,'2013-09-25'),(69262,'INSERT INTO gne_vale_ferreteria_mov (vfe_id,pro_codigo_plu,vfm_cantidad,vfm_unitario,vfm_total,vfm_entregado) VALUES (11973,763909,3,500,1500,@@@NO@@@)','',2,'2013-09-25'),(69263,'INSERT INTO gne_vale_ferreteria (vfe_id,vfe_fecha,vfe_total,vfe_estado,vfe_entregado,usu_nusuario) VALUES (11974,@@@2013.09.25@@@,1000,1,0,@@@m_martinez@@@)','',2,'2013-09-25'),(69264,'INSERT INTO gne_vale_ferreteria_mov (vfe_id,pro_codigo_plu,vfm_cantidad,vfm_unitario,vfm_total,vfm_entregado) VALUES (11974,763909,2,500,1000,@@@NO@@@)','',2,'2013-09-25'),(69265,'INSERT INTO gne_vale_ferreteria (vfe_id,vfe_fecha,vfe_total,vfe_estado,vfe_entregado,usu_nusuario) VALUES (11975,@@@2013.09.25@@@,220,1,0,@@@m_martinez@@@)','',2,'2013-09-25'),(69266,'INSERT INTO gne_vale_ferreteria_mov (vfe_id,pro_codigo_plu,vfm_cantidad,vfm_unitario,vfm_total,vfm_entregado) VALUES (11975,780721807,1,220,220,@@@NO@@@)','',2,'2013-09-25'),(69267,'UPDATE mae_productos SET pro_margen_actual=-28.31,pro_precio_venta=390 WHERE pro_codigo_plu=515','',2,'2013-09-25'),(69268,'UPDATE mae_productos SET pro_precio_fiscal=pro_precio_venta WHERE pro_codigo_plu=515','',2,'2013-09-25'),(69269,'INSERT INTO gne_vale_ferreteria (vfe_id,vfe_fecha,vfe_total,vfe_estado,vfe_entregado,usu_nusuario) VALUES (11976,@@@2013.09.25@@@,1150,1,0,@@@m_martinez@@@)','',2,'2013-09-25'),(69270,'INSERT INTO gne_vale_ferreteria_mov (vfe_id,pro_codigo_plu,vfm_cantidad,vfm_unitario,vfm_total,vfm_entregado) VALUES (11976,763891,1,1150,1150,@@@NO@@@)','',2,'2013-09-25'),(69271,'UPDATE mae_productos SET pro_margen_actual=459.7,pro_precio_venta=750 WHERE pro_codigo_plu=589','',2,'2013-09-25'),(69272,'UPDATE mae_productos SET pro_margen_actual=459.7,pro_precio_venta=750 WHERE pro_codigo_plu=590','',2,'2013-09-25'),(69273,'UPDATE mae_productos SET pro_margen_actual=0,pro_precio_venta=390 WHERE pro_codigo_plu=591','',2,'2013-09-25'),(69274,'UPDATE mae_productos SET pro_margen_actual=95.11,pro_precio_venta=599 WHERE pro_codigo_plu=573','',2,'2013-09-25'),(69275,'UPDATE mae_productos SET pro_margen_actual=57.63,pro_precio_venta=599 WHERE pro_codigo_plu=572','',2,'2013-09-25'),(69276,'UPDATE mae_productos SET pro_margen_actual=-21.6,pro_precio_venta=490 WHERE pro_codigo_plu=532','',2,'2013-09-25'),(69277,'UPDATE mae_productos SET pro_margen_actual=38.12,pro_precio_venta=750 WHERE pro_codigo_plu=579','',2,'2013-09-25'),(69278,'UPDATE mae_productos SET pro_margen_actual=40.71,pro_precio_venta=750 WHERE pro_codigo_plu=580','',2,'2013-09-25'),(69279,'UPDATE mae_productos SET pro_precio_fiscal=pro_precio_venta WHERE pro_codigo_plu=532','',2,'2013-09-25'),(69280,'UPDATE mae_productos SET pro_precio_fiscal=pro_precio_venta WHERE pro_codigo_plu=579','',2,'2013-09-25'),(69281,'UPDATE mae_productos SET pro_precio_fiscal=pro_precio_venta WHERE pro_codigo_plu=580','',2,'2013-09-25'),(69282,'UPDATE mae_productos SET pro_precio_fiscal=pro_precio_venta WHERE pro_codigo_plu=589','',2,'2013-09-25'),(69283,'UPDATE mae_productos SET pro_precio_fiscal=pro_precio_venta WHERE pro_codigo_plu=590','',2,'2013-09-25'),(69284,'UPDATE mae_productos SET pro_precio_fiscal=pro_precio_venta WHERE pro_codigo_plu=591','',2,'2013-09-25'),(69285,'UPDATE mae_productos SET pro_margen_actual=-34.78,pro_precio_venta=150 WHERE pro_codigo_plu=597','',2,'2013-09-25'),(69286,'UPDATE mae_productos SET pro_margen_actual=42.5,pro_precio_venta=300 WHERE pro_codigo_plu=610','',2,'2013-09-25'),(69287,'UPDATE mae_productos SET pro_precio_fiscal=pro_precio_venta WHERE pro_codigo_plu=597','',2,'2013-09-25'),(69288,'UPDATE mae_productos SET pro_precio_fiscal=pro_precio_venta WHERE pro_codigo_plu=610','',2,'2013-09-25'),(69289,'INSERT INTO gne_vale_ferreteria (vfe_id,vfe_fecha,vfe_total,vfe_estado,vfe_entregado,usu_nusuario) VALUES (11977,@@@2013.09.25@@@,680,1,0,@@@m_martinez@@@)','',2,'2013-09-25'),(69290,'INSERT INTO gne_vale_ferreteria_mov (vfe_id,pro_codigo_plu,vfm_cantidad,vfm_unitario,vfm_total,vfm_entregado) VALUES (11977,1559,1,290,290,@@@NO@@@)','',2,'2013-09-25'),(69291,'INSERT INTO gne_vale_ferreteria_mov (vfe_id,pro_codigo_plu,vfm_cantidad,vfm_unitario,vfm_total,vfm_entregado) VALUES (11977,780721420,1,390,390,@@@NO@@@)','',2,'2013-09-25'),(69292,'INSERT INTO gne_vale_ferreteria (vfe_id,vfe_fecha,vfe_total,vfe_estado,vfe_entregado,usu_nusuario) VALUES (11978,@@@2013.09.25@@@,2250,1,0,@@@m_martinez@@@)','',2,'2013-09-25'),(69293,'INSERT INTO gne_vale_ferreteria_mov (vfe_id,pro_codigo_plu,vfm_cantidad,vfm_unitario,vfm_total,vfm_entregado) VALUES (11978,763898,1,2250,2250,@@@NO@@@)','',2,'2013-09-25'),(69294,'INSERT INTO gne_vale_ferreteria (vfe_id,vfe_fecha,vfe_total,vfe_estado,vfe_entregado,usu_nusuario) VALUES (11979,@@@2013.09.25@@@,400,1,0,@@@m_martinez@@@)','',2,'2013-09-25'),(69295,'INSERT INTO gne_vale_ferreteria_mov (vfe_id,pro_codigo_plu,vfm_cantidad,vfm_unitario,vfm_total,vfm_entregado) VALUES (11979,763851,4,100,400,@@@NO@@@)','',2,'2013-09-25'),(69296,'INSERT INTO gne_vale_ferreteria (vfe_id,vfe_fecha,vfe_total,vfe_estado,vfe_entregado,usu_nusuario) VALUES (11980,@@@2013.09.25@@@,850,1,0,@@@m_martinez@@@)','',2,'2013-09-25'),(69297,'INSERT INTO gne_vale_ferreteria_mov (vfe_id,pro_codigo_plu,vfm_cantidad,vfm_unitario,vfm_total,vfm_entregado) VALUES (11980,763626,1,850,850,@@@NO@@@)','',2,'2013-09-25'),(69298,'INSERT INTO gne_vale_ferreteria (vfe_id,vfe_fecha,vfe_total,vfe_estado,vfe_entregado,usu_nusuario) VALUES (11981,@@@2013.09.25@@@,370,1,0,@@@m_martinez@@@)','',2,'2013-09-25'),(69299,'INSERT INTO gne_vale_ferreteria_mov (vfe_id,pro_codigo_plu,vfm_cantidad,vfm_unitario,vfm_total,vfm_entregado) VALUES (11981,780220193,1,370,370,@@@NO@@@)','',2,'2013-09-25'),(69300,'INSERT INTO gne_vale_ferreteria (vfe_id,vfe_fecha,vfe_total,vfe_estado,vfe_entregado,usu_nusuario) VALUES (11982,@@@2013.09.25@@@,350,1,0,@@@m_martinez@@@)','',2,'2013-09-25'),(69301,'INSERT INTO gne_vale_ferreteria_mov (vfe_id,pro_codigo_plu,vfm_cantidad,vfm_unitario,vfm_total,vfm_entregado) VALUES (11982,1017,1,350,350,@@@NO@@@)','',2,'2013-09-25'),(69302,'INSERT INTO gne_vale_ferreteria (vfe_id,vfe_fecha,vfe_total,vfe_estado,vfe_entregado,usu_nusuario) VALUES (11983,@@@2013.09.25@@@,1490,1,0,@@@m_martinez@@@)','',2,'2013-09-25'),(69303,'INSERT INTO gne_vale_ferreteria_mov (vfe_id,pro_codigo_plu,vfm_cantidad,vfm_unitario,vfm_total,vfm_entregado) VALUES (11983,764564,1,1490,1490,@@@NO@@@)','',2,'2013-09-25'),(69304,'INSERT INTO gne_vale_ferreteria (vfe_id,vfe_fecha,vfe_total,vfe_estado,vfe_entregado,usu_nusuario) VALUES (11984,@@@2013.09.25@@@,550,1,0,@@@m_martinez@@@)','',2,'2013-09-25'),(69305,'INSERT INTO gne_vale_ferreteria_mov (vfe_id,pro_codigo_plu,vfm_cantidad,vfm_unitario,vfm_total,vfm_entregado) VALUES (11984,15949,1,550,550,@@@NO@@@)','',2,'2013-09-25'),(69306,'INSERT INTO gne_vale_ferreteria (vfe_id,vfe_fecha,vfe_total,vfe_estado,vfe_entregado,usu_nusuario) VALUES (11985,@@@2013.09.25@@@,530,1,0,@@@m_martinez@@@)','',2,'2013-09-25'),(69307,'INSERT INTO gne_vale_ferreteria_mov (vfe_id,pro_codigo_plu,vfm_cantidad,vfm_unitario,vfm_total,vfm_entregado) VALUES (11985,101677,1,530,530,@@@NO@@@)','',2,'2013-09-25'),(69308,'INSERT INTO gne_vale_ferreteria (vfe_id,vfe_fecha,vfe_total,vfe_estado,vfe_entregado,usu_nusuario) VALUES (11986,@@@2013.09.25@@@,720,1,0,@@@m_martinez@@@)','',2,'2013-09-25'),(69309,'INSERT INTO gne_vale_ferreteria_mov (vfe_id,pro_codigo_plu,vfm_cantidad,vfm_unitario,vfm_total,vfm_entregado) VALUES (11986,764160,1,120,120,@@@NO@@@)','',2,'2013-09-25'),(69310,'INSERT INTO gne_vale_ferreteria_mov (vfe_id,pro_codigo_plu,vfm_cantidad,vfm_unitario,vfm_total,vfm_entregado) VALUES (11986,78017002,1,120,120,@@@NO@@@)','',2,'2013-09-25'),(69311,'INSERT INTO gne_vale_ferreteria_mov (vfe_id,pro_codigo_plu,vfm_cantidad,vfm_unitario,vfm_total,vfm_entregado) VALUES (11986,764158,1,120,120,@@@NO@@@)','',2,'2013-09-25'),(69312,'INSERT INTO gne_vale_ferreteria_mov (vfe_id,pro_codigo_plu,vfm_cantidad,vfm_unitario,vfm_total,vfm_entregado) VALUES (11986,764157,1,120,120,@@@NO@@@)','',2,'2013-09-25'),(69313,'INSERT INTO gne_vale_ferreteria_mov (vfe_id,pro_codigo_plu,vfm_cantidad,vfm_unitario,vfm_total,vfm_entregado) VALUES (11986,764329,2,120,240,@@@NO@@@)','',2,'2013-09-25'),(69314,'INSERT INTO gne_vale_ferreteria (vfe_id,vfe_fecha,vfe_total,vfe_estado,vfe_entregado,usu_nusuario) VALUES (11987,@@@2013.09.25@@@,180,1,0,@@@m_martinez@@@)','',2,'2013-09-25'),(69315,'INSERT INTO gne_vale_ferreteria_mov (vfe_id,pro_codigo_plu,vfm_cantidad,vfm_unitario,vfm_total,vfm_entregado) VALUES (11987,78017026,2,90,180,@@@NO@@@)','',2,'2013-09-25'),(69316,'INSERT INTO gne_vale_ferreteria (vfe_id,vfe_fecha,vfe_total,vfe_estado,vfe_entregado,usu_nusuario) VALUES (11988,@@@2013.09.25@@@,1599,1,0,@@@m_martinez@@@)','',2,'2013-09-25'),(69317,'INSERT INTO gne_vale_ferreteria_mov (vfe_id,pro_codigo_plu,vfm_cantidad,vfm_unitario,vfm_total,vfm_entregado) VALUES (11988,15668,1,1599,1599,@@@NO@@@)','',2,'2013-09-25'),(69318,'INSERT INTO gne_vale_ferreteria (vfe_id,vfe_fecha,vfe_total,vfe_estado,vfe_entregado,usu_nusuario) VALUES (11989,@@@2013.09.25@@@,2010,1,0,@@@m_martinez@@@)','',2,'2013-09-25'),(69319,'INSERT INTO gne_vale_ferreteria_mov (vfe_id,pro_codigo_plu,vfm_cantidad,vfm_unitario,vfm_total,vfm_entregado) VALUES (11989,102075,1,1890,1890,@@@NO@@@)','',2,'2013-09-25'),(69320,'INSERT INTO gne_vale_ferreteria_mov (vfe_id,pro_codigo_plu,vfm_cantidad,vfm_unitario,vfm_total,vfm_entregado) VALUES (11989,780721265,1,120,120,@@@NO@@@)','',2,'2013-09-25'),(69321,'INSERT INTO mae_productos (pro_codigo_plu,pro_codigo_barra,pro_tipo,pro_nombre_producto,pro_nombre_corto,med_id,emb_id,pro_unidades_embalaje,dep_id,lin_id,mar_id,pro_precio_compra_neto,pro_precio_compra_bruto,pro_precio_venta,pro_margen_actual,pro_oferta,pro_fecha_inicio_oferta,pro_fecha_termino_oferta,pro_precio_oferta,pro_stock_minimo,pro_stock_critico,pro_entradas_bodega,pro_salidas_bodega,pro_mermas_bodega,pro_ajustes_bodega,pro_entradas_sv,pro_salidas_sv,pro_mermas_sv,pro_ajustes_sv,pro_activo,rec_numero,pro_unidad,pro_capacidad,pro_consumo_bodega,pro_consumo_sv,pro_estado,pro_funcion_plu,pro_flejes,pro_iva,pro_plu_asociado,pro_envase,pro_duracion,pro_numero_etiqueta) VALUES (780721869,@@@7802900401122@@@,@@@0@@@,@@@MANJARATE TOFFE SOPROLE125 ML@@@,@@@MANJARATE TOFFE @@@,@@@7 @@@,@@@6 @@@,@@@6@@@,@@@3 @@@,@@@52@@@,@@@1993@@@,@@@0@@@,@@@339.15@@@,@@@1@@@,@@@-99.71@@@,@@@@@@,@@@2006.09.07@@@,@@@2006.09.07@@@,@@@0@@@,@@@6@@@,@@@2@@@,@@@0@@@,@@@0@@@,@@@0@@@,@@@0@@@,@@@0@@@,@@@0@@@,@@@0@@@,@@@0@@@,@@@1@@@,@@@0@@@,0,125,0,0,2,0,1,1,0,@@@NO@@@,0,0)','',2,'2013-09-25'),(69322,'DELETE FROM mae_impuestos_productos WHERE pro_codigo_plu=@@@780721869@@@','',2,'2013-09-25'),(69323,'INSERT INTO gne_vale_ferreteria (vfe_id,vfe_fecha,vfe_total,vfe_estado,vfe_entregado,usu_nusuario) VALUES (11990,@@@2013.09.25@@@,1890,1,0,@@@m_martinez@@@)','',2,'2013-09-25'),(69324,'INSERT INTO gne_vale_ferreteria_mov (vfe_id,pro_codigo_plu,vfm_cantidad,vfm_unitario,vfm_total,vfm_entregado) VALUES (11990,102627,1,1890,1890,@@@NO@@@)','',2,'2013-09-25'),(69325,'INSERT INTO gne_vale_ferreteria (vfe_id,vfe_fecha,vfe_total,vfe_estado,vfe_entregado,usu_nusuario) VALUES (11991,@@@2013.09.25@@@,30,1,0,@@@m_martinez@@@)','',2,'2013-09-25'),(69326,'INSERT INTO gne_vale_ferreteria_mov (vfe_id,pro_codigo_plu,vfm_cantidad,vfm_unitario,vfm_total,vfm_entregado) VALUES (11991,764770,1,30,30,@@@NO@@@)','',2,'2013-09-25'),(69327,'INSERT INTO gne_vale_ferreteria (vfe_id,vfe_fecha,vfe_total,vfe_estado,vfe_entregado,usu_nusuario) VALUES (11992,@@@2013.09.25@@@,1350,1,0,@@@m_martinez@@@)','',2,'2013-09-25'),(69328,'INSERT INTO gne_vale_ferreteria_mov (vfe_id,pro_codigo_plu,vfm_cantidad,vfm_unitario,vfm_total,vfm_entregado) VALUES (11992,78017105,3,250,750,@@@NO@@@)','',2,'2013-09-25'),(69329,'INSERT INTO gne_vale_ferreteria_mov (vfe_id,pro_codigo_plu,vfm_cantidad,vfm_unitario,vfm_total,vfm_entregado) VALUES (11992,78017110,4,150,600,@@@NO@@@)','',2,'2013-09-25'),(69330,'INSERT INTO gne_vale_ferreteria (vfe_id,vfe_fecha,vfe_total,vfe_estado,vfe_entregado,usu_nusuario) VALUES (11993,@@@2013.09.25@@@,390,1,0,@@@m_martinez@@@)','',2,'2013-09-25'),(69331,'INSERT INTO gne_vale_ferreteria_mov (vfe_id,pro_codigo_plu,vfm_cantidad,vfm_unitario,vfm_total,vfm_entregado) VALUES (11993,78017020,1,390,390,@@@NO@@@)','',2,'2013-09-25'),(69332,'INSERT INTO gne_vale_ferreteria (vfe_id,vfe_fecha,vfe_total,vfe_estado,vfe_entregado,usu_nusuario) VALUES (11994,@@@2013.09.25@@@,1890,1,0,@@@m_martinez@@@)','',2,'2013-09-25'),(69333,'INSERT INTO gne_vale_ferreteria_mov (vfe_id,pro_codigo_plu,vfm_cantidad,vfm_unitario,vfm_total,vfm_entregado) VALUES (11994,763599,1,1890,1890,@@@NO@@@)','',2,'2013-09-25'),(69334,'INSERT INTO gne_vale_ferreteria (vfe_id,vfe_fecha,vfe_total,vfe_estado,vfe_entregado,usu_nusuario) VALUES (11995,@@@2013.09.25@@@,200,1,0,@@@G_DIAZ@@@)','',2,'2013-09-25'),(69335,'INSERT INTO gne_vale_ferreteria_mov (vfe_id,pro_codigo_plu,vfm_cantidad,vfm_unitario,vfm_total,vfm_entregado) VALUES (11995,4080,2,40,80,@@@NO@@@)','',2,'2013-09-25'),(69336,'INSERT INTO gne_vale_ferreteria_mov (vfe_id,pro_codigo_plu,vfm_cantidad,vfm_unitario,vfm_total,vfm_entregado) VALUES (11995,1541,4,30,120,@@@NO@@@)','',2,'2013-09-25'),(69337,'INSERT INTO gne_vale_ferreteria (vfe_id,vfe_fecha,vfe_total,vfe_estado,vfe_entregado,usu_nusuario) VALUES (11996,@@@2013.09.25@@@,3198,1,0,@@@G_DIAZ@@@)','',2,'2013-09-25'),(69338,'INSERT INTO gne_vale_ferreteria_mov (vfe_id,pro_codigo_plu,vfm_cantidad,vfm_unitario,vfm_total,vfm_entregado) VALUES (11996,15668,2,1599,3198,@@@NO@@@)','',2,'2013-09-25'),(69339,'INSERT INTO gne_vale_ferreteria (vfe_id,vfe_fecha,vfe_total,vfe_estado,vfe_entregado,usu_nusuario) VALUES (11997,@@@2013.09.25@@@,519,1,0,@@@G_DIAZ@@@)','',2,'2013-09-25'),(69340,'INSERT INTO gne_vale_ferreteria_mov (vfe_id,pro_codigo_plu,vfm_cantidad,vfm_unitario,vfm_total,vfm_entregado) VALUES (11997,8022,1,120,120,@@@NO@@@)','',2,'2013-09-25'),(69341,'INSERT INTO gne_vale_ferreteria_mov (vfe_id,pro_codigo_plu,vfm_cantidad,vfm_unitario,vfm_total,vfm_entregado) VALUES (11997,761990,1,399,399,@@@NO@@@)','',2,'2013-09-25'),(69342,'INSERT INTO gne_vale_ferreteria (vfe_id,vfe_fecha,vfe_total,vfe_estado,vfe_entregado,usu_nusuario) VALUES (11998,@@@2013.09.25@@@,330,1,0,@@@G_DIAZ@@@)','',2,'2013-09-25'),(69343,'INSERT INTO gne_vale_ferreteria_mov (vfe_id,pro_codigo_plu,vfm_cantidad,vfm_unitario,vfm_total,vfm_entregado) VALUES (11998,763585,1,330,330,@@@NO@@@)','',2,'2013-09-25'),(69344,'INSERT INTO gne_vale_ferreteria (vfe_id,vfe_fecha,vfe_total,vfe_estado,vfe_entregado,usu_nusuario) VALUES (11999,@@@2013.09.25@@@,1050,1,0,@@@G_DIAZ@@@)','',2,'2013-09-25'),(69345,'INSERT INTO gne_vale_ferreteria_mov (vfe_id,pro_codigo_plu,vfm_cantidad,vfm_unitario,vfm_total,vfm_entregado) VALUES (11999,780721061,1,1050,1050,@@@NO@@@)','',2,'2013-09-25'),(69346,'UPDATE mae_productos SET pro_margen_actual=35.63,pro_precio_venta=460 WHERE pro_codigo_plu=780721869','',2,'2013-09-25'),(69347,'UPDATE mae_productos SET pro_margen_actual=35.64,pro_precio_venta=1020 WHERE pro_codigo_plu=10438','',2,'2013-09-25'),(69348,'UPDATE mae_productos SET pro_margen_actual=36.71,pro_precio_venta=499 WHERE pro_codigo_plu=10404','',2,'2013-09-25'),(69349,'UPDATE mae_productos SET pro_margen_actual=35.92,pro_precio_venta=560 WHERE pro_codigo_plu=18225','',2,'2013-09-25'),(69350,'UPDATE mae_productos SET pro_margen_actual=35.92,pro_precio_venta=560 WHERE pro_codigo_plu=18224','',2,'2013-09-25'),(69351,'UPDATE mae_productos SET pro_margen_actual=35.92,pro_precio_venta=560 WHERE pro_codigo_plu=18226','',2,'2013-09-25'),(69352,'UPDATE mae_productos SET pro_margen_actual=42.56,pro_precio_venta=380 WHERE pro_codigo_plu=16231','',2,'2013-09-25'),(69353,'UPDATE mae_productos SET pro_margen_actual=42.56,pro_precio_venta=380 WHERE pro_codigo_plu=16230','',2,'2013-09-25'),(69354,'UPDATE mae_productos SET pro_margen_actual=43.9,pro_precio_venta=295 WHERE pro_codigo_plu=101943','',2,'2013-09-25'),(69355,'UPDATE mae_productos SET pro_margen_actual=35.63,pro_precio_venta=460 WHERE pro_codigo_plu=780721671','',2,'2013-09-25'),(69356,'UPDATE mae_productos SET pro_precio_fiscal=pro_precio_venta WHERE pro_codigo_plu=101943','',2,'2013-09-25'),(69357,'UPDATE mae_productos SET pro_precio_fiscal=pro_precio_venta WHERE pro_codigo_plu=780721869','',2,'2013-09-25'),(69358,'UPDATE mae_productos SET pro_precio_fiscal=pro_precio_venta WHERE pro_codigo_plu=10438','',2,'2013-09-25'),(69359,'UPDATE mae_productos SET pro_precio_fiscal=pro_precio_venta WHERE pro_codigo_plu=18225','',2,'2013-09-25'),(69360,'UPDATE mae_productos SET pro_precio_fiscal=pro_precio_venta WHERE pro_codigo_plu=18224','',2,'2013-09-25'),(69361,'UPDATE mae_productos SET pro_precio_fiscal=pro_precio_venta WHERE pro_codigo_plu=10404','',2,'2013-09-25'),(69362,'INSERT INTO gne_vale_ferreteria (vfe_id,vfe_fecha,vfe_total,vfe_estado,vfe_entregado,usu_nusuario) VALUES (12000,@@@2013.09.25@@@,490,1,0,@@@G_DIAZ@@@)','',2,'2013-09-25'),(69363,'INSERT INTO gne_vale_ferreteria_mov (vfe_id,pro_codigo_plu,vfm_cantidad,vfm_unitario,vfm_total,vfm_entregado) VALUES (12000,780721305,1,490,490,@@@NO@@@)','',2,'2013-09-25'),(69364,'INSERT INTO gne_vale_ferreteria (vfe_id,vfe_fecha,vfe_total,vfe_estado,vfe_entregado,usu_nusuario) VALUES (12001,@@@2013.09.25@@@,1290,1,0,@@@G_DIAZ@@@)','',2,'2013-09-25'),(69365,'INSERT INTO gne_vale_ferreteria_mov (vfe_id,pro_codigo_plu,vfm_cantidad,vfm_unitario,vfm_total,vfm_entregado) VALUES (12001,780721627,1,1290,1290,@@@NO@@@)','',2,'2013-09-25'),(69366,'INSERT INTO gne_vale_ferreteria (vfe_id,vfe_fecha,vfe_total,vfe_estado,vfe_entregado,usu_nusuario) VALUES (12002,@@@2013.09.25@@@,1990,1,0,@@@G_DIAZ@@@)','',2,'2013-09-25'),(69367,'INSERT INTO gne_vale_ferreteria_mov (vfe_id,pro_codigo_plu,vfm_cantidad,vfm_unitario,vfm_total,vfm_entregado) VALUES (12002,11367,1,1990,1990,@@@NO@@@)','',2,'2013-09-25'),(69368,'INSERT INTO gne_vale_ferreteria (vfe_id,vfe_fecha,vfe_total,vfe_estado,vfe_entregado,usu_nusuario) VALUES (12003,@@@2013.09.25@@@,1190,1,0,@@@G_DIAZ@@@)','',2,'2013-09-25'),(69369,'INSERT INTO gne_vale_ferreteria_mov (vfe_id,pro_codigo_plu,vfm_cantidad,vfm_unitario,vfm_total,vfm_entregado) VALUES (12003,780220150,1,1190,1190,@@@NO@@@)','',2,'2013-09-25'),(69370,'INSERT INTO gne_vale_ferreteria (vfe_id,vfe_fecha,vfe_total,vfe_estado,vfe_entregado,usu_nusuario) VALUES (12004,@@@2013.09.25@@@,990,1,0,@@@G_DIAZ@@@)','',2,'2013-09-25'),(69371,'INSERT INTO gne_vale_ferreteria_mov (vfe_id,pro_codigo_plu,vfm_cantidad,vfm_unitario,vfm_total,vfm_entregado) VALUES (12004,7705006,1,990,990,@@@NO@@@)','',2,'2013-09-25'),(69372,'INSERT INTO gne_vale_ferreteria (vfe_id,vfe_fecha,vfe_total,vfe_estado,vfe_entregado,usu_nusuario) VALUES (12005,@@@2013.09.25@@@,440,1,0,@@@G_DIAZ@@@)','',2,'2013-09-25'),(69373,'INSERT INTO gne_vale_ferreteria_mov (vfe_id,pro_codigo_plu,vfm_cantidad,vfm_unitario,vfm_total,vfm_entregado) VALUES (12005,8022,2,120,240,@@@NO@@@)','',2,'2013-09-25'),(69374,'INSERT INTO gne_vale_ferreteria_mov (vfe_id,pro_codigo_plu,vfm_cantidad,vfm_unitario,vfm_total,vfm_entregado) VALUES (12005,764833,20,10,200,@@@NO@@@)','',2,'2013-09-25'),(69375,'UPDATE mae_productos SET pro_margen_actual=17900,pro_precio_venta=180 WHERE pro_codigo_plu=4019','',2,'2013-09-25'),(69376,'UPDATE mae_productos SET pro_margen_actual=228900,pro_precio_venta=2290 WHERE pro_codigo_plu=780721795','',2,'2013-09-25'),(69377,'UPDATE mae_productos SET pro_margen_actual=198900,pro_precio_venta=1990 WHERE pro_codigo_plu=780721798','',2,'2013-09-25'),(69378,'UPDATE mae_productos SET pro_margen_actual=38900,pro_precio_venta=390 WHERE pro_codigo_plu=780721859','',2,'2013-09-25'),(69379,'UPDATE mae_productos SET pro_margen_actual=34900,pro_precio_venta=350 WHERE pro_codigo_plu=764176','',2,'2013-09-25'),(69380,'UPDATE mae_productos SET pro_margen_actual=68900,pro_precio_venta=690 WHERE pro_codigo_plu=780721800','',2,'2013-09-25'),(69381,'UPDATE mae_productos SET pro_margen_actual=178900,pro_precio_venta=1790 WHERE pro_codigo_plu=780721801','',2,'2013-09-25'),(69382,'UPDATE mae_productos SET pro_margen_actual=98900,pro_precio_venta=990 WHERE pro_codigo_plu=780721799','',2,'2013-09-25'),(69383,'UPDATE mae_productos SET pro_margen_actual=64900,pro_precio_venta=650 WHERE pro_codigo_plu=764173','',2,'2013-09-25'),(69384,'UPDATE mae_productos SET pro_margen_actual=78900,pro_precio_venta=790 WHERE pro_codigo_plu=780721860','',2,'2013-09-25'),(69385,'UPDATE mae_productos SET pro_margen_actual=48900,pro_precio_venta=490 WHERE pro_codigo_plu=780721861','',2,'2013-09-25'),(69386,'UPDATE mae_productos SET pro_margen_actual=34900,pro_precio_venta=350 WHERE pro_codigo_plu=780721858','',2,'2013-09-25'),(69387,'UPDATE mae_productos SET pro_margen_actual=48900,pro_precio_venta=490 WHERE pro_codigo_plu=780721861','',2,'2013-09-25'),(69388,'UPDATE mae_productos SET pro_margen_actual=0,pro_precio_venta=780 WHERE pro_codigo_plu=780721857','',2,'2013-09-25'),(69389,'UPDATE mae_productos SET pro_margen_actual=58900,pro_precio_venta=590 WHERE pro_codigo_plu=780721','',2,'2013-09-25'),(69390,'UPDATE mae_productos SET pro_precio_fiscal=pro_precio_venta WHERE pro_codigo_plu=4019','',2,'2013-09-25'),(69391,'UPDATE mae_productos SET pro_precio_fiscal=pro_precio_venta WHERE pro_codigo_plu=780721795','',2,'2013-09-25'),(69392,'UPDATE mae_productos SET pro_precio_fiscal=pro_precio_venta WHERE pro_codigo_plu=780721798','',2,'2013-09-25'),(69393,'UPDATE mae_productos SET pro_precio_fiscal=pro_precio_venta WHERE pro_codigo_plu=780721859','',2,'2013-09-25'),(69394,'UPDATE mae_productos SET pro_precio_fiscal=pro_precio_venta WHERE pro_codigo_plu=764176','',2,'2013-09-25'),(69395,'UPDATE mae_productos SET pro_precio_fiscal=pro_precio_venta WHERE pro_codigo_plu=780721800','',2,'2013-09-25'),(69396,'UPDATE mae_productos SET pro_precio_fiscal=pro_precio_venta WHERE pro_codigo_plu=780721801','',2,'2013-09-25'),(69397,'UPDATE mae_productos SET pro_precio_fiscal=pro_precio_venta WHERE pro_codigo_plu=780721799','',2,'2013-09-25'),(69398,'UPDATE mae_productos SET pro_precio_fiscal=pro_precio_venta WHERE pro_codigo_plu=764173','',2,'2013-09-25'),(69399,'UPDATE mae_productos SET pro_precio_fiscal=pro_precio_venta WHERE pro_codigo_plu=780721860','',2,'2013-09-25'),(69400,'UPDATE mae_productos SET pro_precio_fiscal=pro_precio_venta WHERE pro_codigo_plu=780721858','',2,'2013-09-25'),(69401,'UPDATE mae_productos SET pro_precio_fiscal=pro_precio_venta WHERE pro_codigo_plu=780721861','',2,'2013-09-25'),(69402,'UPDATE mae_productos SET pro_precio_fiscal=pro_precio_venta WHERE pro_codigo_plu=780721857','',2,'2013-09-25'),(69403,'UPDATE mae_productos SET pro_precio_fiscal=pro_precio_venta WHERE pro_codigo_plu=780721','',2,'2013-09-25'),(69404,'INSERT INTO gne_vale_ferreteria (vfe_id,vfe_fecha,vfe_total,vfe_estado,vfe_entregado,usu_nusuario) VALUES (12006,@@@2013.09.25@@@,1100,1,0,@@@G_DIAZ@@@)','',2,'2013-09-25'),(69405,'INSERT INTO gne_vale_ferreteria_mov (vfe_id,pro_codigo_plu,vfm_cantidad,vfm_unitario,vfm_total,vfm_entregado) VALUES (12006,780721369,1,1100,1100,@@@NO@@@)','',2,'2013-09-25'),(69406,'INSERT INTO gne_vale_ferreteria (vfe_id,vfe_fecha,vfe_total,vfe_estado,vfe_entregado,usu_nusuario) VALUES (12007,@@@2013.09.25@@@,790,1,0,@@@G_DIAZ@@@)','',2,'2013-09-25'),(69407,'INSERT INTO gne_vale_ferreteria_mov (vfe_id,pro_codigo_plu,vfm_cantidad,vfm_unitario,vfm_total,vfm_entregado) VALUES (12007,763804,1,790,790,@@@NO@@@)','',2,'2013-09-25'),(69408,'INSERT INTO gne_vale_ferreteria (vfe_id,vfe_fecha,vfe_total,vfe_estado,vfe_entregado,usu_nusuario) VALUES (12008,@@@2013.09.25@@@,150,1,0,@@@G_DIAZ@@@)','',2,'2013-09-25'),(69409,'INSERT INTO gne_vale_ferreteria_mov (vfe_id,pro_codigo_plu,vfm_cantidad,vfm_unitario,vfm_total,vfm_entregado) VALUES (12008,764118,1,150,150,@@@NO@@@)','',2,'2013-09-25'),(69410,'UPDATE mae_productos SET pro_margen_actual=0,pro_precio_venta=990 WHERE pro_codigo_plu=764165','',2,'2013-09-25'),(69411,'UPDATE mae_productos SET pro_margen_actual=0,pro_precio_venta=2990 WHERE pro_codigo_plu=764164','',2,'2013-09-25'),(69412,'UPDATE mae_productos SET pro_margen_actual=0,pro_precio_venta=480 WHERE pro_codigo_plu=764171','',2,'2013-09-25'),(69413,'UPDATE mae_productos SET pro_margen_actual=0,pro_precio_venta=180 WHERE pro_codigo_plu=764150','',2,'2013-09-25'),(69414,'UPDATE mae_productos SET pro_margen_actual=0,pro_precio_venta=350 WHERE pro_codigo_plu=764187','',2,'2013-09-25'),(69415,'UPDATE mae_productos SET pro_precio_fiscal=pro_precio_venta WHERE pro_codigo_plu=764171','',2,'2013-09-25'),(69416,'UPDATE mae_productos SET pro_precio_fiscal=pro_precio_venta WHERE pro_codigo_plu=764165','',2,'2013-09-25'),(69417,'UPDATE mae_productos SET pro_precio_fiscal=pro_precio_venta WHERE pro_codigo_plu=764187','',2,'2013-09-25'),(69418,'INSERT INTO gne_vale_ferreteria (vfe_id,vfe_fecha,vfe_total,vfe_estado,vfe_entregado,usu_nusuario) VALUES (12009,@@@2013.09.25@@@,540,1,0,@@@G_DIAZ@@@)','',2,'2013-09-25'),(69419,'INSERT INTO gne_vale_ferreteria_mov (vfe_id,pro_codigo_plu,vfm_cantidad,vfm_unitario,vfm_total,vfm_entregado) VALUES (12009,19916,1,540,540,@@@NO@@@)','',2,'2013-09-25'),(69420,'INSERT INTO gne_vale_ferreteria (vfe_id,vfe_fecha,vfe_total,vfe_estado,vfe_entregado,usu_nusuario) VALUES (12010,@@@2013.09.25@@@,1290,1,0,@@@G_DIAZ@@@)','',2,'2013-09-25'),(69421,'INSERT INTO gne_vale_ferreteria_mov (vfe_id,pro_codigo_plu,vfm_cantidad,vfm_unitario,vfm_total,vfm_entregado) VALUES (12010,4111,1,1290,1290,@@@NO@@@)','',2,'2013-09-25'),(69422,'INSERT INTO gne_vale_ferreteria (vfe_id,vfe_fecha,vfe_total,vfe_estado,vfe_entregado,usu_nusuario) VALUES (12011,@@@2013.09.25@@@,30,1,0,@@@G_DIAZ@@@)','',2,'2013-09-25'),(69423,'INSERT INTO gne_vale_ferreteria_mov (vfe_id,pro_codigo_plu,vfm_cantidad,vfm_unitario,vfm_total,vfm_entregado) VALUES (12011,13229,2,15,30,@@@NO@@@)','',2,'2013-09-25'),(69424,'UPDATE mae_productos SET pro_margen_actual=93.69,pro_precio_venta=1290 WHERE pro_codigo_plu=102249','',2,'2013-09-25'),(69425,'UPDATE mae_productos SET pro_margen_actual=0,pro_precio_venta=1290 WHERE pro_codigo_plu=20755','',2,'2013-09-25'),(69426,'UPDATE mae_productos SET pro_precio_fiscal=pro_precio_venta WHERE pro_codigo_plu=20755','',2,'2013-09-25'),(69427,'INSERT INTO gne_vale_ferreteria (vfe_id,vfe_fecha,vfe_total,vfe_estado,vfe_entregado,usu_nusuario) VALUES (12012,@@@2013.09.25@@@,780,1,0,@@@G_DIAZ@@@)','',2,'2013-09-25'),(69428,'INSERT INTO gne_vale_ferreteria_mov (vfe_id,pro_codigo_plu,vfm_cantidad,vfm_unitario,vfm_total,vfm_entregado) VALUES (12012,1554,2,390,780,@@@NO@@@)','',2,'2013-09-25'),(69429,'INSERT INTO gne_vale_ferreteria (vfe_id,vfe_fecha,vfe_total,vfe_estado,vfe_entregado,usu_nusuario) VALUES (12013,@@@2013.09.25@@@,2990,1,0,@@@G_DIAZ@@@)','',2,'2013-09-25'),(69430,'INSERT INTO gne_vale_ferreteria_mov (vfe_id,pro_codigo_plu,vfm_cantidad,vfm_unitario,vfm_total,vfm_entregado) VALUES (12013,764886,1,2990,2990,@@@NO@@@)','',2,'2013-09-25'),(69431,'INSERT INTO gne_vale_ferreteria (vfe_id,vfe_fecha,vfe_total,vfe_estado,vfe_entregado,usu_nusuario) VALUES (12014,@@@2013.09.25@@@,690,1,0,@@@G_DIAZ@@@)','',2,'2013-09-25'),(69432,'INSERT INTO gne_vale_ferreteria_mov (vfe_id,pro_codigo_plu,vfm_cantidad,vfm_unitario,vfm_total,vfm_entregado) VALUES (12014,7705007,1,690,690,@@@NO@@@)','',2,'2013-09-25'),(69433,'INSERT INTO gne_vale_ferreteria (vfe_id,vfe_fecha,vfe_total,vfe_estado,vfe_entregado,usu_nusuario) VALUES (12015,@@@2013.09.25@@@,660,1,0,@@@G_DIAZ@@@)','',2,'2013-09-25'),(69434,'INSERT INTO gne_vale_ferreteria_mov (vfe_id,pro_codigo_plu,vfm_cantidad,vfm_unitario,vfm_total,vfm_entregado) VALUES (12015,764507,2,330,660,@@@NO@@@)','',2,'2013-09-25'),(69435,'INSERT INTO gne_vale_ferreteria (vfe_id,vfe_fecha,vfe_total,vfe_estado,vfe_entregado,usu_nusuario) VALUES (12016,@@@2013.09.25@@@,3208,1,0,@@@G_DIAZ@@@)','',2,'2013-09-25'),(69436,'INSERT INTO gne_vale_ferreteria_mov (vfe_id,pro_codigo_plu,vfm_cantidad,vfm_unitario,vfm_total,vfm_entregado) VALUES (12016,763622,1,1399,1399,@@@NO@@@)','',2,'2013-09-25'),(69437,'INSERT INTO gne_vale_ferreteria_mov (vfe_id,pro_codigo_plu,vfm_cantidad,vfm_unitario,vfm_total,vfm_entregado) VALUES (12016,780721719,1,430,430,@@@NO@@@)','',2,'2013-09-25'),(69438,'INSERT INTO gne_vale_ferreteria_mov (vfe_id,pro_codigo_plu,vfm_cantidad,vfm_unitario,vfm_total,vfm_entregado) VALUES (12016,78017176,3,200,600,@@@NO@@@)','',2,'2013-09-25'),(69439,'INSERT INTO gne_vale_ferreteria_mov (vfe_id,pro_codigo_plu,vfm_cantidad,vfm_unitario,vfm_total,vfm_entregado) VALUES (12016,12083,1,260,260,@@@NO@@@)','',2,'2013-09-25'),(69440,'INSERT INTO gne_vale_ferreteria_mov (vfe_id,pro_codigo_plu,vfm_cantidad,vfm_unitario,vfm_total,vfm_entregado) VALUES (12016,780721388,1,399,399,@@@NO@@@)','',2,'2013-09-25'),(69441,'INSERT INTO gne_vale_ferreteria_mov (vfe_id,pro_codigo_plu,vfm_cantidad,vfm_unitario,vfm_total,vfm_entregado) VALUES (12016,780721141,1,120,120,@@@NO@@@)','',2,'2013-09-25'),(69442,'INSERT INTO gne_vale_ferreteria (vfe_id,vfe_fecha,vfe_total,vfe_estado,vfe_entregado,usu_nusuario) VALUES (12017,@@@2013.09.25@@@,990,1,0,@@@G_DIAZ@@@)','',2,'2013-09-25'),(69443,'INSERT INTO gne_vale_ferreteria_mov (vfe_id,pro_codigo_plu,vfm_cantidad,vfm_unitario,vfm_total,vfm_entregado) VALUES (12017,7705006,1,990,990,@@@NO@@@)','',2,'2013-09-25'),(69444,'INSERT INTO gne_vale_ferreteria (vfe_id,vfe_fecha,vfe_total,vfe_estado,vfe_entregado,usu_nusuario) VALUES (12018,@@@2013.09.25@@@,330,1,0,@@@G_DIAZ@@@)','',2,'2013-09-25'),(69445,'INSERT INTO gne_vale_ferreteria_mov (vfe_id,pro_codigo_plu,vfm_cantidad,vfm_unitario,vfm_total,vfm_entregado) VALUES (12018,764507,1,330,330,@@@NO@@@)','',2,'2013-09-25'),(69446,'INSERT INTO gne_vale_ferreteria (vfe_id,vfe_fecha,vfe_total,vfe_estado,vfe_entregado,usu_nusuario) VALUES (12019,@@@2013.09.25@@@,280,1,0,@@@G_DIAZ@@@)','',2,'2013-09-25'),(69447,'INSERT INTO gne_vale_ferreteria_mov (vfe_id,pro_codigo_plu,vfm_cantidad,vfm_unitario,vfm_total,vfm_entregado) VALUES (12019,780220197,1,280,280,@@@NO@@@)','',2,'2013-09-25'),(69448,'INSERT INTO gne_vale_ferreteria (vfe_id,vfe_fecha,vfe_total,vfe_estado,vfe_entregado,usu_nusuario) VALUES (12020,@@@2013.09.25@@@,1890,1,0,@@@G_DIAZ@@@)','',2,'2013-09-25'),(69449,'INSERT INTO gne_vale_ferreteria_mov (vfe_id,pro_codigo_plu,vfm_cantidad,vfm_unitario,vfm_total,vfm_entregado) VALUES (12020,763606,1,1890,1890,@@@NO@@@)','',2,'2013-09-25'),(69450,'INSERT INTO gne_vale_ferreteria (vfe_id,vfe_fecha,vfe_total,vfe_estado,vfe_entregado,usu_nusuario) VALUES (12021,@@@2013.09.25@@@,490,1,0,@@@G_DIAZ@@@)','',2,'2013-09-25'),(69451,'INSERT INTO gne_vale_ferreteria_mov (vfe_id,pro_codigo_plu,vfm_cantidad,vfm_unitario,vfm_total,vfm_entregado) VALUES (12021,1552,1,490,490,@@@NO@@@)','',2,'2013-09-25'),(69452,'INSERT INTO gne_vale_ferreteria (vfe_id,vfe_fecha,vfe_total,vfe_estado,vfe_entregado,usu_nusuario) VALUES (12022,@@@2013.09.25@@@,490,1,0,@@@G_DIAZ@@@)','',2,'2013-09-25'),(69453,'INSERT INTO gne_vale_ferreteria_mov (vfe_id,pro_codigo_plu,vfm_cantidad,vfm_unitario,vfm_total,vfm_entregado) VALUES (12022,780220183,1,490,490,@@@NO@@@)','',2,'2013-09-25'),(69454,'INSERT INTO gne_vale_ferreteria (vfe_id,vfe_fecha,vfe_total,vfe_estado,vfe_entregado,usu_nusuario) VALUES (12023,@@@2013.09.25@@@,490,1,0,@@@G_DIAZ@@@)','',2,'2013-09-25'),(69455,'INSERT INTO gne_vale_ferreteria_mov (vfe_id,pro_codigo_plu,vfm_cantidad,vfm_unitario,vfm_total,vfm_entregado) VALUES (12023,780220183,1,490,490,@@@NO@@@)','',2,'2013-09-25'),(69456,'INSERT INTO gne_vale_ferreteria (vfe_id,vfe_fecha,vfe_total,vfe_estado,vfe_entregado,usu_nusuario) VALUES (12024,@@@2013.09.25@@@,990,1,0,@@@G_DIAZ@@@)','',2,'2013-09-25'),(69457,'INSERT INTO gne_vale_ferreteria_mov (vfe_id,pro_codigo_plu,vfm_cantidad,vfm_unitario,vfm_total,vfm_entregado) VALUES (12024,7705006,1,990,990,@@@NO@@@)','',2,'2013-09-25'),(69458,'INSERT INTO gne_vale_ferreteria (vfe_id,vfe_fecha,vfe_total,vfe_estado,vfe_entregado,usu_nusuario) VALUES (12025,@@@2013.09.25@@@,1420,1,0,@@@G_DIAZ@@@)','',2,'2013-09-25'),(69459,'INSERT INTO gne_vale_ferreteria_mov (vfe_id,pro_codigo_plu,vfm_cantidad,vfm_unitario,vfm_total,vfm_entregado) VALUES (12025,780721289,1,250,250,@@@NO@@@)','',2,'2013-09-25'),(69460,'INSERT INTO gne_vale_ferreteria_mov (vfe_id,pro_codigo_plu,vfm_cantidad,vfm_unitario,vfm_total,vfm_entregado) VALUES (12025,1535,3,390,1170,@@@NO@@@)','',2,'2013-09-25'),(69461,'INSERT INTO gne_vale_ferreteria (vfe_id,vfe_fecha,vfe_total,vfe_estado,vfe_entregado,usu_nusuario) VALUES (12026,@@@2013.09.25@@@,1890,1,0,@@@G_DIAZ@@@)','',2,'2013-09-25'),(69462,'INSERT INTO gne_vale_ferreteria_mov (vfe_id,pro_codigo_plu,vfm_cantidad,vfm_unitario,vfm_total,vfm_entregado) VALUES (12026,101625,1,1890,1890,@@@NO@@@)','',2,'2013-09-25'),(69463,'INSERT INTO gne_vale_ferreteria (vfe_id,vfe_fecha,vfe_total,vfe_estado,vfe_entregado,usu_nusuario) VALUES (12027,@@@2013.09.25@@@,3490,1,0,@@@G_DIAZ@@@)','',2,'2013-09-25'),(69464,'INSERT INTO gne_vale_ferreteria_mov (vfe_id,pro_codigo_plu,vfm_cantidad,vfm_unitario,vfm_total,vfm_entregado) VALUES (12027,764791,1,3490,3490,@@@NO@@@)','',2,'2013-09-25'),(69465,'INSERT INTO gne_vale_ferreteria (vfe_id,vfe_fecha,vfe_total,vfe_estado,vfe_entregado,usu_nusuario) VALUES (12028,@@@2013.09.25@@@,690,1,0,@@@G_DIAZ@@@)','',2,'2013-09-25'),(69466,'INSERT INTO gne_vale_ferreteria_mov (vfe_id,pro_codigo_plu,vfm_cantidad,vfm_unitario,vfm_total,vfm_entregado) VALUES (12028,770091,1,690,690,@@@NO@@@)','',2,'2013-09-25'),(69467,'INSERT INTO gne_vale_ferreteria (vfe_id,vfe_fecha,vfe_total,vfe_estado,vfe_entregado,usu_nusuario) VALUES (12029,@@@2013.09.25@@@,790,1,0,@@@G_DIAZ@@@)','',2,'2013-09-25'),(69468,'INSERT INTO gne_vale_ferreteria_mov (vfe_id,pro_codigo_plu,vfm_cantidad,vfm_unitario,vfm_total,vfm_entregado) VALUES (12029,764020,1,790,790,@@@NO@@@)','',2,'2013-09-25'),(69469,'INSERT INTO gne_vale_ferreteria (vfe_id,vfe_fecha,vfe_total,vfe_estado,vfe_entregado,usu_nusuario) VALUES (12030,@@@2013.09.25@@@,290,1,0,@@@G_DIAZ@@@)','',2,'2013-09-25'),(69470,'INSERT INTO gne_vale_ferreteria_mov (vfe_id,pro_codigo_plu,vfm_cantidad,vfm_unitario,vfm_total,vfm_entregado) VALUES (12030,1536,1,290,290,@@@NO@@@)','',2,'2013-09-25'),(69471,'INSERT INTO gne_vale_ferreteria (vfe_id,vfe_fecha,vfe_total,vfe_estado,vfe_entregado,usu_nusuario) VALUES (12031,@@@2013.09.25@@@,280,1,0,@@@G_DIAZ@@@)','',2,'2013-09-25'),(69472,'INSERT INTO gne_vale_ferreteria_mov (vfe_id,pro_codigo_plu,vfm_cantidad,vfm_unitario,vfm_total,vfm_entregado) VALUES (12031,78017027,4,70,280,@@@NO@@@)','',2,'2013-09-25'),(69473,'INSERT INTO gne_vale_ferreteria (vfe_id,vfe_fecha,vfe_total,vfe_estado,vfe_entregado,usu_nusuario) VALUES (12032,@@@2013.09.25@@@,1150,1,0,@@@G_DIAZ@@@)','',2,'2013-09-25'),(69474,'INSERT INTO gne_vale_ferreteria_mov (vfe_id,pro_codigo_plu,vfm_cantidad,vfm_unitario,vfm_total,vfm_entregado) VALUES (12032,4802,1,990,990,@@@NO@@@)','',2,'2013-09-25'),(69475,'INSERT INTO gne_vale_ferreteria_mov (vfe_id,pro_codigo_plu,vfm_cantidad,vfm_unitario,vfm_total,vfm_entregado) VALUES (12032,12807,1,160,160,@@@NO@@@)','',2,'2013-09-25'),(69476,'UPDATE mae_productos SET pro_precio_compra_bruto=718.76,pro_margen_actual=(pro_precio_venta-718.76)/718.76 * 100,pro_ultima_compra=@@@2013.09.25@@@,pro_ultimo_proveedor=@@@84472400-4@@@ WHERE pro_codigo_plu=16114','',2,'2013-09-25'),(69477,'UPDATE mae_productos SET pro_precio_compra_bruto=199.92,pro_margen_actual=(pro_precio_venta-199.92)/199.92 * 100,pro_ultima_compra=@@@2013.09.25@@@,pro_ultimo_proveedor=@@@84472400-4@@@ WHERE pro_codigo_plu=762183','',2,'2013-09-25'),(69478,'UPDATE mae_productos SET pro_precio_compra_bruto=946.05,pro_margen_actual=(pro_precio_venta-946.05)/946.05 * 100,pro_ultima_compra=@@@2013.09.25@@@,pro_ultimo_proveedor=@@@84472400-4@@@ WHERE pro_codigo_plu=16255','',2,'2013-09-25'),(69479,'UPDATE mae_productos SET pro_precio_compra_bruto=229.67,pro_margen_actual=(pro_precio_venta-229.67)/229.67 * 100,pro_ultima_compra=@@@2013.09.25@@@,pro_ultimo_proveedor=@@@84472400-4@@@ WHERE pro_codigo_plu=19243','',2,'2013-09-25'),(69480,'UPDATE mae_productos SET pro_precio_compra_bruto=199.92,pro_margen_actual=(pro_precio_venta-199.92)/199.92 * 100,pro_ultima_compra=@@@2013.09.25@@@,pro_ultimo_proveedor=@@@84472400-4@@@ WHERE pro_codigo_plu=18877','',2,'2013-09-25'),(69481,'UPDATE mae_productos SET pro_precio_compra_bruto=227.29,pro_margen_actual=(pro_precio_venta-227.29)/227.29 * 100,pro_ultima_compra=@@@2013.09.25@@@,pro_ultimo_proveedor=@@@84472400-4@@@ WHERE pro_codigo_plu=16531','',2,'2013-09-25'),(69482,'UPDATE mae_productos SET pro_precio_compra_bruto=227.29,pro_margen_actual=(pro_precio_venta-227.29)/227.29 * 100,pro_ultima_compra=@@@2013.09.25@@@,pro_ultimo_proveedor=@@@84472400-4@@@ WHERE pro_codigo_plu=16529','',2,'2013-09-25'),(69483,'UPDATE mae_productos SET pro_precio_compra_bruto=283.22,pro_margen_actual=(pro_precio_venta-283.22)/283.22 * 100,pro_ultima_compra=@@@2013.09.25@@@,pro_ultimo_proveedor=@@@84472400-4@@@ WHERE pro_codigo_plu=16820','',2,'2013-09-25'),(69484,'UPDATE mae_productos SET pro_precio_compra_bruto=283.22,pro_margen_actual=(pro_precio_venta-283.22)/283.22 * 100,pro_ultima_compra=@@@2013.09.25@@@,pro_ultimo_proveedor=@@@84472400-4@@@ WHERE pro_codigo_plu=16821','',2,'2013-09-25'),(69485,'UPDATE mae_productos SET pro_precio_compra_bruto=854.42,pro_margen_actual=(pro_precio_venta-854.42)/854.42 * 100,pro_ultima_compra=@@@2013.09.25@@@,pro_ultimo_proveedor=@@@84472400-4@@@ WHERE pro_codigo_plu=16477','',2,'2013-09-25'),(69486,'UPDATE mae_productos SET pro_precio_compra_bruto=339.15,pro_margen_actual=(pro_precio_venta-339.15)/339.15 * 100,pro_ultima_compra=@@@2013.09.25@@@,pro_ultimo_proveedor=@@@84472400-4@@@ WHERE pro_codigo_plu=17023','',2,'2013-09-25'),(69487,'UPDATE mae_productos SET pro_precio_compra_bruto=383.18,pro_margen_actual=(pro_precio_venta-383.18)/383.18 * 100,pro_ultima_compra=@@@2013.09.25@@@,pro_ultimo_proveedor=@@@84472400-4@@@ WHERE pro_codigo_plu=10404','',2,'2013-09-25'),(69488,'UPDATE mae_productos SET pro_precio_compra_bruto=785.4,pro_margen_actual=(pro_precio_venta-785.4)/785.4 * 100,pro_ultima_compra=@@@2013.09.25@@@,pro_ultimo_proveedor=@@@84472400-4@@@ WHERE pro_codigo_plu=10438','',2,'2013-09-25'),(69489,'UPDATE mae_productos SET pro_precio_compra_bruto=427.21,pro_margen_actual=(pro_precio_venta-427.21)/427.21 * 100,pro_ultima_compra=@@@2013.09.25@@@,pro_ultimo_proveedor=@@@84472400-4@@@ WHERE pro_codigo_plu=18226','',2,'2013-09-25'),(69490,'UPDATE mae_productos SET pro_precio_compra_bruto=427.21,pro_margen_actual=(pro_precio_venta-427.21)/427.21 * 100,pro_ultima_compra=@@@2013.09.25@@@,pro_ultimo_proveedor=@@@84472400-4@@@ WHERE pro_codigo_plu=18225','',2,'2013-09-25'),(69491,'UPDATE mae_productos SET pro_precio_compra_bruto=427.21,pro_margen_actual=(pro_precio_venta-427.21)/427.21 * 100,pro_ultima_compra=@@@2013.09.25@@@,pro_ultimo_proveedor=@@@84472400-4@@@ WHERE pro_codigo_plu=18224','',2,'2013-09-25'),(69492,'UPDATE mae_productos SET pro_precio_compra_bruto=148.75,pro_margen_actual=(pro_precio_venta-148.75)/148.75 * 100,pro_ultima_compra=@@@2013.09.25@@@,pro_ultimo_proveedor=@@@84472400-4@@@ WHERE pro_codigo_plu=18216','',2,'2013-09-25'),(69493,'UPDATE mae_productos SET pro_precio_compra_bruto=148.75,pro_margen_actual=(pro_precio_venta-148.75)/148.75 * 100,pro_ultima_compra=@@@2013.09.25@@@,pro_ultimo_proveedor=@@@84472400-4@@@ WHERE pro_codigo_plu=18220','',2,'2013-09-25'),(69494,'UPDATE mae_productos SET pro_precio_compra_bruto=148.75,pro_margen_actual=(pro_precio_venta-148.75)/148.75 * 100,pro_ultima_compra=@@@2013.09.25@@@,pro_ultimo_proveedor=@@@84472400-4@@@ WHERE pro_codigo_plu=18217','',2,'2013-09-25'),(69495,'UPDATE mae_productos SET pro_precio_compra_bruto=148.75,pro_margen_actual=(pro_precio_venta-148.75)/148.75 * 100,pro_ultima_compra=@@@2013.09.25@@@,pro_ultimo_proveedor=@@@84472400-4@@@ WHERE pro_codigo_plu=18219','',2,'2013-09-25'),(69496,'UPDATE mae_productos SET pro_precio_compra_bruto=148.75,pro_margen_actual=(pro_precio_venta-148.75)/148.75 * 100,pro_ultima_compra=@@@2013.09.25@@@,pro_ultimo_proveedor=@@@84472400-4@@@ WHERE pro_codigo_plu=18218','',2,'2013-09-25'),(69497,'UPDATE mae_productos SET pro_precio_compra_bruto=1412.05,pro_margen_actual=(pro_precio_venta-1412.05)/1412.05 * 100,pro_ultima_compra=@@@2013.09.25@@@,pro_ultimo_proveedor=@@@84472400-4@@@ WHERE pro_codigo_plu=16385','',2,'2013-09-25'),(69498,'UPDATE mae_productos SET pro_precio_compra_bruto=278.46,pro_margen_actual=(pro_precio_venta-278.46)/278.46 * 100,pro_ultima_compra=@@@2013.09.25@@@,pro_ultimo_proveedor=@@@84472400-4@@@ WHERE pro_codigo_plu=16230','',2,'2013-09-25'),(69499,'UPDATE mae_productos SET pro_precio_compra_bruto=119,pro_margen_actual=(pro_precio_venta-119)/119 * 100,pro_ultima_compra=@@@2013.09.25@@@,pro_ultimo_proveedor=@@@84472400-4@@@ WHERE pro_codigo_plu=16947','',2,'2013-09-25'),(69500,'UPDATE mae_productos SET pro_precio_compra_bruto=119,pro_margen_actual=(pro_precio_venta-119)/119 * 100,pro_ultima_compra=@@@2013.09.25@@@,pro_ultimo_proveedor=@@@84472400-4@@@ WHERE pro_codigo_plu=16951','',2,'2013-09-25'),(69501,'UPDATE mae_productos SET pro_precio_compra_bruto=362.95,pro_margen_actual=(pro_precio_venta-362.95)/362.95 * 100,pro_ultima_compra=@@@2013.09.25@@@,pro_ultimo_proveedor=@@@84472400-4@@@ WHERE pro_codigo_plu=761918','',2,'2013-09-25'),(69502,'UPDATE mae_productos SET pro_precio_compra_bruto=321.3,pro_margen_actual=(pro_precio_venta-321.3)/321.3 * 100,pro_ultima_compra=@@@2013.09.25@@@,pro_ultimo_proveedor=@@@84472400-4@@@ WHERE pro_codigo_plu=780721113','',2,'2013-09-25'),(69503,'UPDATE mae_productos SET pro_precio_compra_bruto=242.76,pro_margen_actual=(pro_precio_venta-242.76)/242.76 * 100,pro_ultima_compra=@@@2013.09.25@@@,pro_ultimo_proveedor=@@@84472400-4@@@ WHERE pro_codigo_plu=763345','',2,'2013-09-25'),(69504,'UPDATE mae_productos SET pro_precio_compra_bruto=283.22,pro_margen_actual=(pro_precio_venta-283.22)/283.22 * 100,pro_ultima_compra=@@@2013.09.25@@@,pro_ultimo_proveedor=@@@84472400-4@@@ WHERE pro_codigo_plu=763335','',2,'2013-09-25'),(69505,'UPDATE mae_productos SET pro_precio_compra_bruto=283.22,pro_margen_actual=(pro_precio_venta-283.22)/283.22 * 100,pro_ultima_compra=@@@2013.09.25@@@,pro_ultimo_proveedor=@@@84472400-4@@@ WHERE pro_codigo_plu=763338','',2,'2013-09-25'),(69506,'UPDATE mae_productos SET pro_precio_compra_bruto=168.18,pro_margen_actual=(pro_precio_venta-168.18)/168.18 * 100,pro_ultima_compra=@@@2013.09.25@@@,pro_ultimo_proveedor=@@@84472400-4@@@ WHERE pro_codigo_plu=78016958','',2,'2013-09-25'),(69507,'UPDATE mae_productos SET pro_precio_compra_bruto=220.15,pro_margen_actual=(pro_precio_venta-220.15)/220.15 * 100,pro_ultima_compra=@@@2013.09.25@@@,pro_ultimo_proveedor=@@@84472400-4@@@ WHERE pro_codigo_plu=101943','',2,'2013-09-25'),(69508,'UPDATE mae_productos SET pro_precio_venta=440,pro_margen_actual= 36.94 WHERE pro_codigo_plu=780721113','',2,'2013-09-25'),(69509,'UPDATE mae_productos SET pro_precio_venta=930,pro_margen_actual= 29.39 WHERE pro_codigo_plu=16114','',2,'2013-09-25'),(69510,'UPDATE mae_productos SET pro_precio_venta=310,pro_margen_actual= 36.39 WHERE pro_codigo_plu=16531','',2,'2013-09-25'),(69511,'UPDATE mae_productos SET pro_precio_venta=310,pro_margen_actual= 36.39 WHERE pro_codigo_plu=16529','',2,'2013-09-25'),(69512,'UPDATE mae_productos SET pro_precio_venta=1050,pro_margen_actual= 33.69 WHERE pro_codigo_plu=10438','',2,'2013-09-25'),(69513,'UPDATE mae_productos SET pro_precio_venta=1850,pro_margen_actual= 31.02 WHERE pro_codigo_plu=16385','',2,'2013-09-25'),(69514,'INSERT INTO gne_vale_ferreteria (vfe_id,vfe_fecha,vfe_total,vfe_estado,vfe_entregado,usu_nusuario) VALUES (12033,@@@2013.09.25@@@,150,1,0,@@@G_DIAZ@@@)','',2,'2013-09-25'),(69515,'INSERT INTO gne_vale_ferreteria_mov (vfe_id,pro_codigo_plu,vfm_cantidad,vfm_unitario,vfm_total,vfm_entregado) VALUES (12033,780721187,1,150,150,@@@NO@@@)','',2,'2013-09-25'),(69516,'UPDATE mae_productos SET pro_precio_fiscal=pro_precio_venta WHERE pro_codigo_plu=780721113','',2,'2013-09-25'),(69517,'UPDATE mae_productos SET pro_precio_fiscal=pro_precio_venta WHERE pro_codigo_plu=16114','',2,'2013-09-25'),(69518,'UPDATE mae_productos SET pro_precio_fiscal=pro_precio_venta WHERE pro_codigo_plu=16531','',2,'2013-09-25'),(69519,'UPDATE mae_productos SET pro_precio_fiscal=pro_precio_venta WHERE pro_codigo_plu=16529','',2,'2013-09-25'),(69520,'UPDATE mae_productos SET pro_precio_fiscal=pro_precio_venta WHERE pro_codigo_plu=10438','',2,'2013-09-25'),(69521,'UPDATE mae_productos SET pro_precio_fiscal=pro_precio_venta WHERE pro_codigo_plu=16385','',2,'2013-09-25'),(69522,'UPDATE mae_productos SET pro_codigo_barra=@@@7802900636012@@@,pro_tipo=@@@0@@@,pro_nombre_producto=@@@MARGARINA NEXT POTE 500 GRS@@@,pro_nombre_corto=@@@MARGARINA NEXT P@@@,med_id=@@@5@@@,emb_id=@@@4@@@,pro_unidades_embalaje=@@@20@@@,dep_id=@@@3 @@@,lin_id=@@@48@@@,mar_id=@@@1710@@@,pro_precio_compra_neto=@@@970.59@@@,pro_precio_compra_bruto=@@@949.03@@@,pro_precio_venta=@@@1250@@@,pro_margen_actual=@@@31.71@@@,pro_oferta=@@@NO@@@,pro_fecha_inicio_oferta=@@@1900.01.01@@@,pro_fecha_termino_oferta=@@@1900.01.01@@@,pro_precio_oferta=@@@0@@@,pro_stock_minimo=@@@20@@@,pro_stock_critico=@@@10@@@,pro_activo=@@@1@@@,pro_unidad=@@@0@@@,pro_precio_compra_bruto=949.03,pro_margen_actual=31.71,pro_capacidad=0.5,pro_funcion_plu=0,pro_flejes=1,pro_iva=1,pro_plu_asociado=0,pro_envase=@@@NO@@@,pro_duracion=0,pro_numero_etiqueta=0 WHERE pro_codigo_plu=@@@16380@@@','',2,'2013-09-25'),(69523,'UPDATE mae_productos SET pro_estado=1 WHERE pro_codigo_plu=16380','',2,'2013-09-25'),(69524,'DELETE FROM mae_impuestos_productos WHERE pro_codigo_plu=@@@16380@@@','',2,'2013-09-25'),(69525,'UPDATE mae_productos SET pro_margen_actual=31.71,pro_precio_venta=1250 WHERE pro_codigo_plu=16380','',2,'2013-09-25'),(69526,'INSERT INTO mae_productos (pro_codigo_plu,pro_codigo_barra,pro_tipo,pro_nombre_producto,pro_nombre_corto,med_id,emb_id,pro_unidades_embalaje,dep_id,lin_id,mar_id,pro_precio_compra_neto,pro_precio_compra_bruto,pro_precio_venta,pro_margen_actual,pro_oferta,pro_fecha_inicio_oferta,pro_fecha_termino_oferta,pro_precio_oferta,pro_stock_minimo,pro_stock_critico,pro_entradas_bodega,pro_salidas_bodega,pro_mermas_bodega,pro_ajustes_bodega,pro_entradas_sv,pro_salidas_sv,pro_mermas_sv,pro_ajustes_sv,pro_activo,rec_numero,pro_unidad,pro_capacidad,pro_consumo_bodega,pro_consumo_sv,pro_estado,pro_funcion_plu,pro_flejes,pro_iva,pro_plu_asociado,pro_envase,pro_duracion,pro_numero_etiqueta) VALUES (780721870,@@@7807265022326@@@,@@@0@@@,@@@DISPENSADOR DE CINTA ADHESIVA ISOFIT@@@,@@@DISPENSADOR DE C@@@,@@@1 @@@,@@@6 @@@,@@@1@@@,@@@24 @@@,@@@137@@@,@@@1253@@@,@@@0@@@,@@@1@@@,@@@1690@@@,@@@168900@@@,@@@@@@,@@@2013.09.25@@@,@@@2013.09.25@@@,@@@0@@@,@@@5@@@,@@@2@@@,@@@0@@@,@@@0@@@,@@@0@@@,@@@0@@@,@@@0@@@,@@@0@@@,@@@0@@@,@@@0@@@,@@@1@@@,@@@0@@@,0,1,0,0,2,0,1,1,0,@@@NO@@@,0,0)','',2,'2013-09-25'),(69527,'DELETE FROM mae_impuestos_productos WHERE pro_codigo_plu=@@@780721870@@@','',2,'2013-09-25'),(69528,'UPDATE mae_productos SET pro_margen_actual=31.71,pro_precio_venta=1250 WHERE pro_codigo_plu=16380','',2,'2013-09-25'),(69529,'UPDATE mae_productos SET pro_precio_fiscal=pro_precio_venta WHERE pro_codigo_plu=780721870','',2,'2013-09-25'),(69530,'INSERT INTO gne_vale_ferreteria (vfe_id,vfe_fecha,vfe_total,vfe_estado,vfe_entregado,usu_nusuario) VALUES (12034,@@@2013.09.25@@@,650,1,0,@@@G_DIAZ@@@)','',2,'2013-09-25'),(69531,'INSERT INTO gne_vale_ferreteria_mov (vfe_id,pro_codigo_plu,vfm_cantidad,vfm_unitario,vfm_total,vfm_entregado) VALUES (12034,770072,1,650,650,@@@NO@@@)','',2,'2013-09-25'),(69532,'INSERT INTO gne_vale_ferreteria (vfe_id,vfe_fecha,vfe_total,vfe_estado,vfe_entregado,usu_nusuario) VALUES (12035,@@@2013.09.25@@@,700,1,0,@@@G_DIAZ@@@)','',2,'2013-09-25'),(69533,'INSERT INTO gne_vale_ferreteria_mov (vfe_id,pro_codigo_plu,vfm_cantidad,vfm_unitario,vfm_total,vfm_entregado) VALUES (12035,78017028,10,70,700,@@@NO@@@)','',2,'2013-09-25'),(69534,'INSERT INTO gne_vale_ferreteria (vfe_id,vfe_fecha,vfe_total,vfe_estado,vfe_entregado,usu_nusuario) VALUES (12036,@@@2013.09.25@@@,640,1,0,@@@G_DIAZ@@@)','',2,'2013-09-25'),(69535,'INSERT INTO gne_vale_ferreteria_mov (vfe_id,pro_codigo_plu,vfm_cantidad,vfm_unitario,vfm_total,vfm_entregado) VALUES (12036,19865,1,640,640,@@@NO@@@)','',2,'2013-09-25'),(69536,'INSERT INTO gne_vale_ferreteria (vfe_id,vfe_fecha,vfe_total,vfe_estado,vfe_entregado,usu_nusuario) VALUES (12037,@@@2013.09.25@@@,390,1,0,@@@G_DIAZ@@@)','',2,'2013-09-25'),(69537,'INSERT INTO gne_vale_ferreteria_mov (vfe_id,pro_codigo_plu,vfm_cantidad,vfm_unitario,vfm_total,vfm_entregado) VALUES (12037,8023,1,390,390,@@@NO@@@)','',2,'2013-09-25'),(69538,'INSERT INTO gne_vale_ferreteria (vfe_id,vfe_fecha,vfe_total,vfe_estado,vfe_entregado,usu_nusuario) VALUES (12038,@@@2013.09.25@@@,2420,1,0,@@@G_DIAZ@@@)','',2,'2013-09-25'),(69539,'INSERT INTO gne_vale_ferreteria_mov (vfe_id,pro_codigo_plu,vfm_cantidad,vfm_unitario,vfm_total,vfm_entregado) VALUES (12038,770001,10,80,800,@@@NO@@@)','',2,'2013-09-25'),(69540,'INSERT INTO gne_vale_ferreteria_mov (vfe_id,pro_codigo_plu,vfm_cantidad,vfm_unitario,vfm_total,vfm_entregado) VALUES (12038,770000,10,50,500,@@@NO@@@)','',2,'2013-09-25'),(69541,'INSERT INTO gne_vale_ferreteria_mov (vfe_id,pro_codigo_plu,vfm_cantidad,vfm_unitario,vfm_total,vfm_entregado) VALUES (12038,78017112,2,120,240,@@@NO@@@)','',2,'2013-09-25'),(69542,'INSERT INTO gne_vale_ferreteria_mov (vfe_id,pro_codigo_plu,vfm_cantidad,vfm_unitario,vfm_total,vfm_entregado) VALUES (12038,770002,2,390,780,@@@NO@@@)','',2,'2013-09-25'),(69543,'INSERT INTO gne_vale_ferreteria_mov (vfe_id,pro_codigo_plu,vfm_cantidad,vfm_unitario,vfm_total,vfm_entregado) VALUES (12038,78017111,1,100,100,@@@NO@@@)','',2,'2013-09-25'),(69544,'INSERT INTO gne_vale_ferreteria (vfe_id,vfe_fecha,vfe_total,vfe_estado,vfe_entregado,usu_nusuario) VALUES (12039,@@@2013.09.25@@@,500,1,0,@@@G_DIAZ@@@)','',2,'2013-09-25'),(69545,'INSERT INTO gne_vale_ferreteria_mov (vfe_id,pro_codigo_plu,vfm_cantidad,vfm_unitario,vfm_total,vfm_entregado) VALUES (12039,78017111,5,100,500,@@@NO@@@)','',2,'2013-09-25'),(69546,'INSERT INTO gne_vale_ferreteria (vfe_id,vfe_fecha,vfe_total,vfe_estado,vfe_entregado,usu_nusuario) VALUES (12040,@@@2013.09.25@@@,1600,1,0,@@@G_DIAZ@@@)','',2,'2013-09-25'),(69547,'INSERT INTO gne_vale_ferreteria_mov (vfe_id,pro_codigo_plu,vfm_cantidad,vfm_unitario,vfm_total,vfm_entregado) VALUES (12040,78017135,1,200,200,@@@NO@@@)','',2,'2013-09-25'),(69548,'INSERT INTO gne_vale_ferreteria_mov (vfe_id,pro_codigo_plu,vfm_cantidad,vfm_unitario,vfm_total,vfm_entregado) VALUES (12040,78017014,1,200,200,@@@NO@@@)','',2,'2013-09-25'),(69549,'INSERT INTO gne_vale_ferreteria_mov (vfe_id,pro_codigo_plu,vfm_cantidad,vfm_unitario,vfm_total,vfm_entregado) VALUES (12040,780220109,1,200,200,@@@NO@@@)','',2,'2013-09-25'),(69550,'INSERT INTO gne_vale_ferreteria_mov (vfe_id,pro_codigo_plu,vfm_cantidad,vfm_unitario,vfm_total,vfm_entregado) VALUES (12040,78017139,1,200,200,@@@NO@@@)','',2,'2013-09-25'),(69551,'INSERT INTO gne_vale_ferreteria_mov (vfe_id,pro_codigo_plu,vfm_cantidad,vfm_unitario,vfm_total,vfm_entregado) VALUES (12040,780721778,2,200,400,@@@NO@@@)','',2,'2013-09-25'),(69552,'INSERT INTO gne_vale_ferreteria_mov (vfe_id,pro_codigo_plu,vfm_cantidad,vfm_unitario,vfm_total,vfm_entregado) VALUES (12040,78017134,1,200,200,@@@NO@@@)','',2,'2013-09-25'),(69553,'INSERT INTO gne_vale_ferreteria_mov (vfe_id,pro_codigo_plu,vfm_cantidad,vfm_unitario,vfm_total,vfm_entregado) VALUES (12040,78017141,1,200,200,@@@NO@@@)','',2,'2013-09-25'),(69554,'INSERT INTO gne_vale_ferreteria (vfe_id,vfe_fecha,vfe_total,vfe_estado,vfe_entregado,usu_nusuario) VALUES (12041,@@@2013.09.25@@@,1490,1,0,@@@G_DIAZ@@@)','',2,'2013-09-25'),(69555,'INSERT INTO gne_vale_ferreteria_mov (vfe_id,pro_codigo_plu,vfm_cantidad,vfm_unitario,vfm_total,vfm_entregado) VALUES (12041,770083,1,1490,1490,@@@NO@@@)','',2,'2013-09-25'),(69556,'INSERT INTO gne_vale_ferreteria (vfe_id,vfe_fecha,vfe_total,vfe_estado,vfe_entregado,usu_nusuario) VALUES (12042,@@@2013.09.25@@@,200,1,0,@@@G_DIAZ@@@)','',2,'2013-09-25'),(69557,'INSERT INTO gne_vale_ferreteria_mov (vfe_id,pro_codigo_plu,vfm_cantidad,vfm_unitario,vfm_total,vfm_entregado) VALUES (12042,770026,2,100,200,@@@NO@@@)','',2,'2013-09-25'),(69558,'INSERT INTO gne_vale_ferreteria (vfe_id,vfe_fecha,vfe_total,vfe_estado,vfe_entregado,usu_nusuario) VALUES (12043,@@@2013.09.25@@@,420,1,0,@@@G_DIAZ@@@)','',2,'2013-09-25'),(69559,'INSERT INTO gne_vale_ferreteria_mov (vfe_id,pro_codigo_plu,vfm_cantidad,vfm_unitario,vfm_total,vfm_entregado) VALUES (12043,78017028,6,70,420,@@@NO@@@)','',2,'2013-09-25'),(69560,'INSERT INTO gne_vale_ferreteria (vfe_id,vfe_fecha,vfe_total,vfe_estado,vfe_entregado,usu_nusuario) VALUES (12044,@@@2013.09.25@@@,490,1,0,@@@G_DIAZ@@@)','',2,'2013-09-25'),(69561,'INSERT INTO gne_vale_ferreteria_mov (vfe_id,pro_codigo_plu,vfm_cantidad,vfm_unitario,vfm_total,vfm_entregado) VALUES (12044,780220183,1,490,490,@@@NO@@@)','',2,'2013-09-25'),(69562,'INSERT INTO gne_vale_ferreteria (vfe_id,vfe_fecha,vfe_total,vfe_estado,vfe_entregado,usu_nusuario) VALUES (12045,@@@2013.09.25@@@,1200,1,0,@@@G_DIAZ@@@)','',2,'2013-09-25'),(69563,'INSERT INTO gne_vale_ferreteria_mov (vfe_id,pro_codigo_plu,vfm_cantidad,vfm_unitario,vfm_total,vfm_entregado) VALUES (12045,78017002,10,120,1200,@@@NO@@@)','',2,'2013-09-25'),(69564,'INSERT INTO gne_vale_ferreteria (vfe_id,vfe_fecha,vfe_total,vfe_estado,vfe_entregado,usu_nusuario) VALUES (12046,@@@2013.09.25@@@,550,1,0,@@@G_DIAZ@@@)','',2,'2013-09-25'),(69565,'INSERT INTO gne_vale_ferreteria_mov (vfe_id,pro_codigo_plu,vfm_cantidad,vfm_unitario,vfm_total,vfm_entregado) VALUES (12046,763851,1,100,100,@@@NO@@@)','',2,'2013-09-25'),(69566,'INSERT INTO gne_vale_ferreteria_mov (vfe_id,pro_codigo_plu,vfm_cantidad,vfm_unitario,vfm_total,vfm_entregado) VALUES (12046,764016,1,450,450,@@@NO@@@)','',2,'2013-09-25'),(69567,'UPDATE mae_productos SET pro_margen_actual=7.89,pro_precio_venta=16990 WHERE pro_codigo_plu=764420','',2,'2013-09-25'),(69568,'UPDATE mae_productos SET pro_margen_actual=21.7,pro_precio_venta=5100 WHERE pro_codigo_plu=764410','',2,'2013-09-25'),(69569,'UPDATE mae_productos SET pro_margen_actual=16.13,pro_precio_venta=2790 WHERE pro_codigo_plu=764409','',2,'2013-09-25'),(69570,'UPDATE mae_productos SET pro_margen_actual=16.22,pro_precio_venta=1690 WHERE pro_codigo_plu=764408','',2,'2013-09-25'),(69571,'UPDATE mae_productos SET pro_margen_actual=44.12,pro_precio_venta=650 WHERE pro_codigo_plu=763287','',2,'2013-09-25'),(69572,'UPDATE mae_productos SET pro_precio_fiscal=pro_precio_venta WHERE pro_codigo_plu=763287','',2,'2013-09-25'),(69573,'UPDATE mae_productos SET pro_precio_fiscal=pro_precio_venta WHERE pro_codigo_plu=764420','',2,'2013-09-25'),(69574,'INSERT INTO gne_vale_ferreteria (vfe_id,vfe_fecha,vfe_total,vfe_estado,vfe_entregado,usu_nusuario) VALUES (12047,@@@2013.09.25@@@,300,1,0,@@@G_DIAZ@@@)','',2,'2013-09-25'),(69575,'INSERT INTO gne_vale_ferreteria_mov (vfe_id,pro_codigo_plu,vfm_cantidad,vfm_unitario,vfm_total,vfm_entregado) VALUES (12047,7500876,1,300,300,@@@NO@@@)','',2,'2013-09-25'),(69576,'INSERT INTO gne_vale_ferreteria (vfe_id,vfe_fecha,vfe_total,vfe_estado,vfe_entregado,usu_nusuario) VALUES (12048,@@@2013.09.25@@@,3080,1,0,@@@G_DIAZ@@@)','',2,'2013-09-25'),(69577,'INSERT INTO gne_vale_ferreteria_mov (vfe_id,pro_codigo_plu,vfm_cantidad,vfm_unitario,vfm_total,vfm_entregado) VALUES (12048,780721152,1,2190,2190,@@@NO@@@)','',2,'2013-09-25'),(69578,'INSERT INTO gne_vale_ferreteria_mov (vfe_id,pro_codigo_plu,vfm_cantidad,vfm_unitario,vfm_total,vfm_entregado) VALUES (12048,4800,1,890,890,@@@NO@@@)','',2,'2013-09-25'),(69579,'INSERT INTO gne_vale_ferreteria (vfe_id,vfe_fecha,vfe_total,vfe_estado,vfe_entregado,usu_nusuario) VALUES (12049,@@@2013.09.25@@@,700,1,0,@@@G_DIAZ@@@)','',2,'2013-09-25'),(69580,'INSERT INTO gne_vale_ferreteria_mov (vfe_id,pro_codigo_plu,vfm_cantidad,vfm_unitario,vfm_total,vfm_entregado) VALUES (12049,7800,10,70,700,@@@NO@@@)','',2,'2013-09-25'),(69581,'INSERT INTO gne_vale_ferreteria (vfe_id,vfe_fecha,vfe_total,vfe_estado,vfe_entregado,usu_nusuario) VALUES (12050,@@@2013.09.25@@@,890,1,0,@@@G_DIAZ@@@)','',2,'2013-09-25'),(69582,'INSERT INTO gne_vale_ferreteria_mov (vfe_id,pro_codigo_plu,vfm_cantidad,vfm_unitario,vfm_total,vfm_entregado) VALUES (12050,11670,1,890,890,@@@NO@@@)','',2,'2013-09-25'),(69583,'INSERT INTO gne_vale_ferreteria (vfe_id,vfe_fecha,vfe_total,vfe_estado,vfe_entregado,usu_nusuario) VALUES (12051,@@@2013.09.25@@@,200,1,0,@@@G_DIAZ@@@)','',2,'2013-09-25'),(69584,'INSERT INTO gne_vale_ferreteria_mov (vfe_id,pro_codigo_plu,vfm_cantidad,vfm_unitario,vfm_total,vfm_entregado) VALUES (12051,1069,1,200,200,@@@NO@@@)','',2,'2013-09-25'),(69585,'INSERT INTO gne_vale_ferreteria (vfe_id,vfe_fecha,vfe_total,vfe_estado,vfe_entregado,usu_nusuario) VALUES (12052,@@@2013.09.25@@@,960,1,0,@@@G_DIAZ@@@)','',2,'2013-09-25'),(69586,'INSERT INTO gne_vale_ferreteria_mov (vfe_id,pro_codigo_plu,vfm_cantidad,vfm_unitario,vfm_total,vfm_entregado) VALUES (12052,15927,2,480,960,@@@NO@@@)','',2,'2013-09-25'),(69587,'INSERT INTO gne_vale_ferreteria (vfe_id,vfe_fecha,vfe_total,vfe_estado,vfe_entregado,usu_nusuario) VALUES (12053,@@@2013.09.25@@@,1750,1,0,@@@G_DIAZ@@@)','',2,'2013-09-25'),(69588,'INSERT INTO gne_vale_ferreteria_mov (vfe_id,pro_codigo_plu,vfm_cantidad,vfm_unitario,vfm_total,vfm_entregado) VALUES (12053,20482,1,1750,1750,@@@NO@@@)','',2,'2013-09-25'),(69589,'INSERT INTO gne_vale_ferreteria (vfe_id,vfe_fecha,vfe_total,vfe_estado,vfe_entregado,usu_nusuario) VALUES (12054,@@@2013.09.25@@@,2730,1,0,@@@G_DIAZ@@@)','',2,'2013-09-25'),(69590,'INSERT INTO gne_vale_ferreteria_mov (vfe_id,pro_codigo_plu,vfm_cantidad,vfm_unitario,vfm_total,vfm_entregado) VALUES (12054,230340,1,540,540,@@@NO@@@)','',2,'2013-09-25'),(69591,'INSERT INTO gne_vale_ferreteria_mov (vfe_id,pro_codigo_plu,vfm_cantidad,vfm_unitario,vfm_total,vfm_entregado) VALUES (12054,763621,1,2190,2190,@@@NO@@@)','',2,'2013-09-25'),(69592,'INSERT INTO gne_vale_ferreteria (vfe_id,vfe_fecha,vfe_total,vfe_estado,vfe_entregado,usu_nusuario) VALUES (12055,@@@2013.09.25@@@,100,1,0,@@@G_DIAZ@@@)','',2,'2013-09-25'),(69593,'INSERT INTO gne_vale_ferreteria_mov (vfe_id,pro_codigo_plu,vfm_cantidad,vfm_unitario,vfm_total,vfm_entregado) VALUES (12055,764833,10,10,100,@@@NO@@@)','',2,'2013-09-25'),(69594,'INSERT INTO gne_vale_ferreteria (vfe_id,vfe_fecha,vfe_total,vfe_estado,vfe_entregado,usu_nusuario) VALUES (12056,@@@2013.09.25@@@,330,1,0,@@@G_DIAZ@@@)','',2,'2013-09-25'),(69595,'INSERT INTO gne_vale_ferreteria_mov (vfe_id,pro_codigo_plu,vfm_cantidad,vfm_unitario,vfm_total,vfm_entregado) VALUES (12056,764507,1,330,330,@@@NO@@@)','',2,'2013-09-25'),(69596,'INSERT INTO gne_vale_ferreteria (vfe_id,vfe_fecha,vfe_total,vfe_estado,vfe_entregado,usu_nusuario) VALUES (12057,@@@2013.09.25@@@,120,1,0,@@@G_DIAZ@@@)','',2,'2013-09-25'),(69597,'INSERT INTO gne_vale_ferreteria_mov (vfe_id,pro_codigo_plu,vfm_cantidad,vfm_unitario,vfm_total,vfm_entregado) VALUES (12057,8022,1,120,120,@@@NO@@@)','',2,'2013-09-25'),(69598,'INSERT INTO gne_vale_ferreteria (vfe_id,vfe_fecha,vfe_total,vfe_estado,vfe_entregado,usu_nusuario) VALUES (12058,@@@2013.09.25@@@,2370,1,0,@@@G_DIAZ@@@)','',2,'2013-09-25'),(69599,'INSERT INTO gne_vale_ferreteria_mov (vfe_id,pro_codigo_plu,vfm_cantidad,vfm_unitario,vfm_total,vfm_entregado) VALUES (12058,16430,6,160,960,@@@NO@@@)','',2,'2013-09-25'),(69600,'INSERT INTO gne_vale_ferreteria_mov (vfe_id,pro_codigo_plu,vfm_cantidad,vfm_unitario,vfm_total,vfm_entregado) VALUES (12058,763800,1,470,470,@@@NO@@@)','',2,'2013-09-25'),(69601,'INSERT INTO gne_vale_ferreteria_mov (vfe_id,pro_codigo_plu,vfm_cantidad,vfm_unitario,vfm_total,vfm_entregado) VALUES (12058,780721719,2,430,860,@@@NO@@@)','',2,'2013-09-25'),(69602,'INSERT INTO gne_vale_ferreteria_mov (vfe_id,pro_codigo_plu,vfm_cantidad,vfm_unitario,vfm_total,vfm_entregado) VALUES (12058,770001,1,80,80,@@@NO@@@)','',2,'2013-09-25'),(69603,'INSERT INTO gne_vale_ferreteria (vfe_id,vfe_fecha,vfe_total,vfe_estado,vfe_entregado,usu_nusuario) VALUES (12059,@@@2013.09.25@@@,2770,1,0,@@@G_DIAZ@@@)','',2,'2013-09-25'),(69604,'INSERT INTO gne_vale_ferreteria_mov (vfe_id,pro_codigo_plu,vfm_cantidad,vfm_unitario,vfm_total,vfm_entregado) VALUES (12059,780721340,1,1390,1390,@@@NO@@@)','',2,'2013-09-25'),(69605,'INSERT INTO gne_vale_ferreteria_mov (vfe_id,pro_codigo_plu,vfm_cantidad,vfm_unitario,vfm_total,vfm_entregado) VALUES (12059,765005,2,690,1380,@@@NO@@@)','',2,'2013-09-25'),(69606,'INSERT INTO gne_vale_ferreteria (vfe_id,vfe_fecha,vfe_total,vfe_estado,vfe_entregado,usu_nusuario) VALUES (12060,@@@2013.09.25@@@,350,1,0,@@@G_DIAZ@@@)','',2,'2013-09-25'),(69607,'INSERT INTO gne_vale_ferreteria_mov (vfe_id,pro_codigo_plu,vfm_cantidad,vfm_unitario,vfm_total,vfm_entregado) VALUES (12060,764780,2,60,120,@@@NO@@@)','',2,'2013-09-25'),(69608,'INSERT INTO gne_vale_ferreteria_mov (vfe_id,pro_codigo_plu,vfm_cantidad,vfm_unitario,vfm_total,vfm_entregado) VALUES (12060,763783,1,230,230,@@@NO@@@)','',2,'2013-09-25'),(69609,'INSERT INTO gne_vale_ferreteria (vfe_id,vfe_fecha,vfe_total,vfe_estado,vfe_entregado,usu_nusuario) VALUES (12061,@@@2013.09.25@@@,1450,1,0,@@@G_DIAZ@@@)','',2,'2013-09-25'),(69610,'INSERT INTO gne_vale_ferreteria_mov (vfe_id,pro_codigo_plu,vfm_cantidad,vfm_unitario,vfm_total,vfm_entregado) VALUES (12061,764436,1,1150,1150,@@@NO@@@)','',2,'2013-09-25'),(69611,'INSERT INTO gne_vale_ferreteria_mov (vfe_id,pro_codigo_plu,vfm_cantidad,vfm_unitario,vfm_total,vfm_entregado) VALUES (12061,102110,1,300,300,@@@NO@@@)','',2,'2013-09-25'),(69612,'INSERT INTO gne_vale_ferreteria (vfe_id,vfe_fecha,vfe_total,vfe_estado,vfe_entregado,usu_nusuario) VALUES (12062,@@@2013.09.25@@@,1690,1,0,@@@G_DIAZ@@@)','',2,'2013-09-25'),(69613,'INSERT INTO gne_vale_ferreteria_mov (vfe_id,pro_codigo_plu,vfm_cantidad,vfm_unitario,vfm_total,vfm_entregado) VALUES (12062,763904,1,1690,1690,@@@NO@@@)','',2,'2013-09-25'),(69614,'INSERT INTO gne_vale_ferreteria (vfe_id,vfe_fecha,vfe_total,vfe_estado,vfe_entregado,usu_nusuario) VALUES (12063,@@@2013.09.25@@@,240,1,0,@@@G_DIAZ@@@)','',2,'2013-09-25'),(69615,'INSERT INTO gne_vale_ferreteria_mov (vfe_id,pro_codigo_plu,vfm_cantidad,vfm_unitario,vfm_total,vfm_entregado) VALUES (12063,1064,1,120,120,@@@NO@@@)','',2,'2013-09-25'),(69616,'INSERT INTO gne_vale_ferreteria_mov (vfe_id,pro_codigo_plu,vfm_cantidad,vfm_unitario,vfm_total,vfm_entregado) VALUES (12063,78017204,1,120,120,@@@NO@@@)','',2,'2013-09-25'),(69617,'INSERT INTO gne_vale_ferreteria (vfe_id,vfe_fecha,vfe_total,vfe_estado,vfe_entregado,usu_nusuario) VALUES (12064,@@@2013.09.25@@@,5519,1,0,@@@G_DIAZ@@@)','',2,'2013-09-25'),(69618,'INSERT INTO gne_vale_ferreteria_mov (vfe_id,pro_codigo_plu,vfm_cantidad,vfm_unitario,vfm_total,vfm_entregado) VALUES (12064,780721781,1,2690,2690,@@@NO@@@)','',2,'2013-09-25'),(69619,'INSERT INTO gne_vale_ferreteria_mov (vfe_id,pro_codigo_plu,vfm_cantidad,vfm_unitario,vfm_total,vfm_entregado) VALUES (12064,763807,1,750,750,@@@NO@@@)','',2,'2013-09-25'),(69620,'INSERT INTO gne_vale_ferreteria_mov (vfe_id,pro_codigo_plu,vfm_cantidad,vfm_unitario,vfm_total,vfm_entregado) VALUES (12064,763593,2,220,440,@@@NO@@@)','',2,'2013-09-25'),(69621,'INSERT INTO gne_vale_ferreteria_mov (vfe_id,pro_codigo_plu,vfm_cantidad,vfm_unitario,vfm_total,vfm_entregado) VALUES (12064,763777,1,1199,1199,@@@NO@@@)','',2,'2013-09-25'),(69622,'INSERT INTO gne_vale_ferreteria_mov (vfe_id,pro_codigo_plu,vfm_cantidad,vfm_unitario,vfm_total,vfm_entregado) VALUES (12064,1065,2,220,440,@@@NO@@@)','',2,'2013-09-25'),(69623,'INSERT INTO gne_vale_ferreteria (vfe_id,vfe_fecha,vfe_total,vfe_estado,vfe_entregado,usu_nusuario) VALUES (12065,@@@2013.09.25@@@,690,1,0,@@@G_DIAZ@@@)','',2,'2013-09-25'),(69624,'INSERT INTO gne_vale_ferreteria_mov (vfe_id,pro_codigo_plu,vfm_cantidad,vfm_unitario,vfm_total,vfm_entregado) VALUES (12065,780721669,1,490,490,@@@NO@@@)','',2,'2013-09-25'),(69625,'INSERT INTO gne_vale_ferreteria_mov (vfe_id,pro_codigo_plu,vfm_cantidad,vfm_unitario,vfm_total,vfm_entregado) VALUES (12065,78017194,1,200,200,@@@NO@@@)','',2,'2013-09-25'),(69626,'INSERT INTO gne_vale_ferreteria (vfe_id,vfe_fecha,vfe_total,vfe_estado,vfe_entregado,usu_nusuario) VALUES (12066,@@@2013.09.25@@@,90,1,0,@@@G_DIAZ@@@)','',2,'2013-09-25'),(69627,'INSERT INTO gne_vale_ferreteria_mov (vfe_id,pro_codigo_plu,vfm_cantidad,vfm_unitario,vfm_total,vfm_entregado) VALUES (12066,124154,3,30,90,@@@NO@@@)','',2,'2013-09-25'),(69628,'INSERT INTO gne_vale_ferreteria (vfe_id,vfe_fecha,vfe_total,vfe_estado,vfe_entregado,usu_nusuario) VALUES (12067,@@@2013.09.25@@@,510,1,0,@@@G_DIAZ@@@)','',2,'2013-09-25'),(69629,'INSERT INTO gne_vale_ferreteria_mov (vfe_id,pro_codigo_plu,vfm_cantidad,vfm_unitario,vfm_total,vfm_entregado) VALUES (12067,78017002,3,120,360,@@@NO@@@)','',2,'2013-09-25'),(69630,'INSERT INTO gne_vale_ferreteria_mov (vfe_id,pro_codigo_plu,vfm_cantidad,vfm_unitario,vfm_total,vfm_entregado) VALUES (12067,8021,1,150,150,@@@NO@@@)','',2,'2013-09-25'),(69631,'INSERT INTO gne_vale_ferreteria (vfe_id,vfe_fecha,vfe_total,vfe_estado,vfe_entregado,usu_nusuario) VALUES (12068,@@@2013.09.25@@@,70,1,0,@@@G_DIAZ@@@)','',2,'2013-09-25'),(69632,'INSERT INTO gne_vale_ferreteria_mov (vfe_id,pro_codigo_plu,vfm_cantidad,vfm_unitario,vfm_total,vfm_entregado) VALUES (12068,770088,1,70,70,@@@NO@@@)','',2,'2013-09-25'),(69633,'INSERT INTO gne_vale_ferreteria (vfe_id,vfe_fecha,vfe_total,vfe_estado,vfe_entregado,usu_nusuario) VALUES (12069,@@@2013.09.25@@@,770,1,0,@@@G_DIAZ@@@)','',2,'2013-09-25'),(69634,'INSERT INTO gne_vale_ferreteria_mov (vfe_id,pro_codigo_plu,vfm_cantidad,vfm_unitario,vfm_total,vfm_entregado) VALUES (12069,770088,11,70,770,@@@NO@@@)','',2,'2013-09-25'),(69635,'INSERT INTO com_ventas_grupo (vgr_fecha,vgr_grupo,vgr_cantidad,vgr_total) VALUES (@@@2013.09.25@@@,1,238.285,168804)','',2,'2013-09-26'),(69636,'INSERT INTO com_ventas_grupo (vgr_fecha,vgr_grupo,vgr_cantidad,vgr_total) VALUES (@@@2013.09.25@@@,2,188,103196)','',2,'2013-09-26'),(69637,'INSERT INTO com_ventas_grupo (vgr_fecha,vgr_grupo,vgr_cantidad,vgr_total) VALUES (@@@2013.09.25@@@,3,339,66277)','',2,'2013-09-26'),(69638,'INSERT INTO com_ventas_grupo (vgr_fecha,vgr_grupo,vgr_cantidad,vgr_total) VALUES (@@@2013.09.25@@@,4,77,67820)','',2,'2013-09-26'),(69639,'INSERT INTO com_ventas_grupo (vgr_fecha,vgr_grupo,vgr_cantidad,vgr_total) VALUES (@@@2013.09.25@@@,5,2,5690)','',2,'2013-09-26'),(69640,'INSERT INTO com_ventas_grupo (vgr_fecha,vgr_grupo,vgr_cantidad,vgr_total) VALUES (@@@2013.09.25@@@,6,6,6654)','',2,'2013-09-26'),(69641,'INSERT INTO com_ventas_grupo (vgr_fecha,vgr_grupo,vgr_cantidad,vgr_total) VALUES (@@@2013.09.25@@@,7,41,87451)','',2,'2013-09-26'),(69642,'INSERT INTO com_ventas_grupo (vgr_fecha,vgr_grupo,vgr_cantidad,vgr_total) VALUES (@@@2013.09.25@@@,8,35,20620)','',2,'2013-09-26'),(69643,'INSERT INTO com_ventas_grupo (vgr_fecha,vgr_grupo,vgr_cantidad,vgr_total) VALUES (@@@2013.09.25@@@,9,61.715,102791)','',2,'2013-09-26'),(69644,'INSERT INTO com_ventas_grupo (vgr_fecha,vgr_grupo,vgr_cantidad,vgr_total) VALUES (@@@2013.09.25@@@,10,52.52,148387)','',2,'2013-09-26'),(69645,'INSERT INTO com_ventas_grupo (vgr_fecha,vgr_grupo,vgr_cantidad,vgr_total) VALUES (@@@2013.09.25@@@,11,19.635,47476)','',2,'2013-09-26'),(69646,'INSERT INTO com_ventas_grupo (vgr_fecha,vgr_grupo,vgr_cantidad,vgr_total) VALUES (@@@2013.09.25@@@,12,27.78,53577)','',2,'2013-09-26'),(69647,'INSERT INTO com_ventas_grupo (vgr_fecha,vgr_grupo,vgr_cantidad,vgr_total) VALUES (@@@2013.09.25@@@,13,11.68,33438)','',2,'2013-09-26'),(69648,'INSERT INTO com_ventas_grupo (vgr_fecha,vgr_grupo,vgr_cantidad,vgr_total) VALUES (@@@2013.09.25@@@,14,86.175,77841)','',2,'2013-09-26'),(69649,'INSERT INTO com_ventas_grupo (vgr_fecha,vgr_grupo,vgr_cantidad,vgr_total) VALUES (@@@2013.09.25@@@,18,160.275,95207)','',2,'2013-09-26'),(69650,'INSERT INTO com_ventas_grupo (vgr_fecha,vgr_grupo,vgr_cantidad,vgr_total) VALUES (@@@2013.09.25@@@,19,1,2290)','',2,'2013-09-26'),(69651,'INSERT INTO com_ventas_grupo (vgr_fecha,vgr_grupo,vgr_cantidad,vgr_total) VALUES (@@@2013.09.25@@@,20,72.405,38708)','',2,'2013-09-26'),(69652,'INSERT INTO com_ventas_grupo (vgr_fecha,vgr_grupo,vgr_cantidad,vgr_total) VALUES (@@@2013.09.25@@@,21,63,45358)','',2,'2013-09-26'),(69653,'INSERT INTO com_ventas_grupo (vgr_fecha,vgr_grupo,vgr_cantidad,vgr_total) VALUES (@@@2013.09.25@@@,22,1,3490)','',2,'2013-09-26'),(69654,'INSERT INTO com_ventas_grupo (vgr_fecha,vgr_grupo,vgr_cantidad,vgr_total) VALUES (@@@2013.09.25@@@,23,7,9040)','',2,'2013-09-26'),(69655,'INSERT INTO com_ventas_grupo (vgr_fecha,vgr_grupo,vgr_cantidad,vgr_total) VALUES (@@@2013.09.25@@@,24,198,44506)','',2,'2013-09-26'),(69656,'INSERT INTO com_ventas_grupo (vgr_fecha,vgr_grupo,vgr_cantidad,vgr_total) VALUES (@@@2013.09.25@@@,25,88,129900)','',2,'2013-09-26'),(69657,'INSERT INTO com_ventas_grupo (vgr_fecha,vgr_grupo,vgr_cantidad,vgr_total) VALUES (@@@2013.09.25@@@,31,11,7576)','',2,'2013-09-26'),(69658,'INSERT INTO com_ventas_grupo (vgr_fecha,vgr_grupo,vgr_cantidad,vgr_total) VALUES (@@@2013.09.25@@@,32,300,88226)','',2,'2013-09-26'),(69659,'INSERT INTO com_ventas_grupo (vgr_fecha,vgr_grupo,vgr_cantidad,vgr_total) VALUES (@@@2013.09.25@@@,35,16,18980)','',2,'2013-09-26'),(69660,'INSERT INTO com_ventas_grupo (vgr_fecha,vgr_grupo,vgr_cantidad,vgr_total) VALUES (@@@2013.09.25@@@,36,7,1120)','',2,'2013-09-26'),(69661,'INSERT INTO com_ventas_grupo (vgr_fecha,vgr_grupo,vgr_cantidad,vgr_total) VALUES (@@@2013.09.25@@@,37,4,8160)','',2,'2013-09-26'),(69662,'INSERT INTO com_ventas_grupo (vgr_fecha,vgr_grupo,vgr_cantidad,vgr_total) VALUES (@@@2013.09.25@@@,38,7,6630)','',2,'2013-09-26'),(69663,'INSERT INTO com_ventas_grupo (vgr_fecha,vgr_grupo,vgr_cantidad,vgr_total) VALUES (@@@2013.09.25@@@,39,3,3810)','',2,'2013-09-26'),(69664,'INSERT INTO com_ventas_grupo (vgr_fecha,vgr_grupo,vgr_cantidad,vgr_total) VALUES (@@@2013.09.25@@@,41,3,840)','',2,'2013-09-26'),(69665,'INSERT INTO com_ventas_grupo (vgr_fecha,vgr_grupo,vgr_cantidad,vgr_total) VALUES (@@@2013.09.25@@@,42,30.72,25667)','',2,'2013-09-26'),(69666,'INSERT INTO com_ventas_grupo (vgr_fecha,vgr_grupo,vgr_cantidad,vgr_total) VALUES (@@@2013.09.25@@@,44,3,4650)','',2,'2013-09-26'),(69667,'UPDATE mae_datos_empresa SET emp_oferta=@@@NO@@@','',2,'2013-09-26'),(69668,'UPDATE mae_productos SET pro_margen_actual=160,pro_precio_venta=390 WHERE pro_codigo_plu=594','',2,'2013-09-26'),(69669,'UPDATE mae_productos SET pro_precio_fiscal=pro_precio_venta WHERE pro_codigo_plu=594','',2,'2013-09-26'),(69670,'UPDATE mae_productos SET pro_margen_actual=48.22,pro_precio_venta=790 WHERE pro_codigo_plu=580','',2,'2013-09-26'),(69671,'UPDATE mae_productos SET pro_precio_fiscal=pro_precio_venta WHERE pro_codigo_plu=580','',2,'2013-09-26'),(69672,'UPDATE mae_productos SET pro_margen_actual=-21.6,pro_precio_venta=490 WHERE pro_codigo_plu=532','',2,'2013-09-26'),(69673,'UPDATE mae_productos SET pro_margen_actual=0,pro_precio_venta=490 WHERE pro_codigo_plu=552','',2,'2013-09-26'),(69674,'UPDATE mae_productos SET pro_precio_fiscal=pro_precio_venta WHERE pro_codigo_plu=552','',2,'2013-09-26'),(69675,'INSERT INTO gne_vale_ferreteria (vfe_id,vfe_fecha,vfe_total,vfe_estado,vfe_entregado,usu_nusuario) VALUES (12070,@@@2013.09.26@@@,290,1,0,@@@c_jara@@@)','',2,'2013-09-26'),(69676,'INSERT INTO gne_vale_ferreteria_mov (vfe_id,pro_codigo_plu,vfm_cantidad,vfm_unitario,vfm_total,vfm_entregado) VALUES (12070,12161,1,290,290,@@@NO@@@)','',2,'2013-09-26'),(69677,'INSERT INTO gne_vale_ferreteria (vfe_id,vfe_fecha,vfe_total,vfe_estado,vfe_entregado,usu_nusuario) VALUES (12071,@@@2013.09.26@@@,200,1,0,@@@c_jara@@@)','',2,'2013-09-26'),(69678,'INSERT INTO gne_vale_ferreteria_mov (vfe_id,pro_codigo_plu,vfm_cantidad,vfm_unitario,vfm_total,vfm_entregado) VALUES (12071,18386,1,200,200,@@@NO@@@)','',2,'2013-09-26'),(69679,'UPDATE mae_productos SET pro_margen_actual=113.76,pro_precio_venta=450 WHERE pro_codigo_plu=610','',2,'2013-09-26'),(69680,'UPDATE mae_productos SET pro_margen_actual=52.17,pro_precio_venta=350 WHERE pro_codigo_plu=597','',2,'2013-09-26'),(69681,'UPDATE mae_productos SET pro_margen_actual=-9.26,pro_precio_venta=490 WHERE pro_codigo_plu=607','',2,'2013-09-26'),(69682,'UPDATE mae_productos SET pro_margen_actual=45.49,pro_precio_venta=790 WHERE pro_codigo_plu=579','',2,'2013-09-26'),(69683,'UPDATE mae_productos SET pro_precio_fiscal=pro_precio_venta WHERE pro_codigo_plu=579','',2,'2013-09-26'),(69684,'UPDATE mae_productos SET pro_precio_fiscal=pro_precio_venta WHERE pro_codigo_plu=597','',2,'2013-09-26'),(69685,'UPDATE mae_productos SET pro_precio_fiscal=pro_precio_venta WHERE pro_codigo_plu=607','',2,'2013-09-26'),(69686,'UPDATE mae_productos SET pro_precio_fiscal=pro_precio_venta WHERE pro_codigo_plu=610','',2,'2013-09-26'),(69687,'UPDATE mae_productos SET pro_margen_actual=0,pro_precio_venta=490 WHERE pro_codigo_plu=554','',2,'2013-09-26'),(69688,'UPDATE mae_productos SET pro_margen_actual=0,pro_precio_venta=490 WHERE pro_codigo_plu=552','',2,'2013-09-26'),(69689,'UPDATE mae_productos SET pro_margen_actual=0,pro_precio_venta=530 WHERE pro_codigo_plu=539','',2,'2013-09-26'),(69690,'UPDATE mae_productos SET pro_margen_actual=134.04,pro_precio_venta=550 WHERE pro_codigo_plu=530','',2,'2013-09-26'),(69691,'UPDATE mae_productos SET pro_margen_actual=0,pro_precio_venta=850 WHERE pro_codigo_plu=568','',2,'2013-09-26'),(69692,'UPDATE mae_productos SET pro_margen_actual=104.33,pro_precio_venta=850 WHERE pro_codigo_plu=566','',2,'2013-09-26'),(69693,'UPDATE mae_productos SET pro_margen_actual=0,pro_precio_venta=599 WHERE pro_codigo_plu=550','',2,'2013-09-26'),(69694,'UPDATE mae_productos SET pro_margen_actual=120,pro_precio_venta=550 WHERE pro_codigo_plu=535','',2,'2013-09-26'),(69695,'UPDATE mae_productos SET pro_precio_fiscal=pro_precio_venta WHERE pro_codigo_plu=530','',2,'2013-09-26'),(69696,'UPDATE mae_productos SET pro_precio_fiscal=pro_precio_venta WHERE pro_codigo_plu=535','',2,'2013-09-26'),(69697,'UPDATE mae_productos SET pro_precio_fiscal=pro_precio_venta WHERE pro_codigo_plu=539','',2,'2013-09-26'),(69698,'UPDATE mae_productos SET pro_precio_fiscal=pro_precio_venta WHERE pro_codigo_plu=550','',2,'2013-09-26'),(69699,'UPDATE mae_productos SET pro_precio_fiscal=pro_precio_venta WHERE pro_codigo_plu=554','',2,'2013-09-26'),(69700,'UPDATE mae_productos SET pro_precio_fiscal=pro_precio_venta WHERE pro_codigo_plu=566','',2,'2013-09-26'),(69701,'UPDATE mae_productos SET pro_precio_fiscal=pro_precio_venta WHERE pro_codigo_plu=568','',2,'2013-09-26'),(69702,'INSERT INTO gne_vale_ferreteria (vfe_id,vfe_fecha,vfe_total,vfe_estado,vfe_entregado,usu_nusuario) VALUES (12072,@@@2013.09.26@@@,2290,1,0,@@@c_jara@@@)','',2,'2013-09-26'),(69703,'INSERT INTO gne_vale_ferreteria_mov (vfe_id,pro_codigo_plu,vfm_cantidad,vfm_unitario,vfm_total,vfm_entregado) VALUES (12072,780721326,2,450,900,@@@NO@@@)','',2,'2013-09-26'),(69704,'INSERT INTO gne_vale_ferreteria_mov (vfe_id,pro_codigo_plu,vfm_cantidad,vfm_unitario,vfm_total,vfm_entregado) VALUES (12072,780220149,1,1390,1390,@@@NO@@@)','',2,'2013-09-26'),(69705,'INSERT INTO gne_vale_ferreteria (vfe_id,vfe_fecha,vfe_total,vfe_estado,vfe_entregado,usu_nusuario) VALUES (12073,@@@2013.09.26@@@,500,1,0,@@@c_jara@@@)','',2,'2013-09-26'),(69706,'INSERT INTO gne_vale_ferreteria_mov (vfe_id,pro_codigo_plu,vfm_cantidad,vfm_unitario,vfm_total,vfm_entregado) VALUES (12073,20141,5,100,500,@@@NO@@@)','',2,'2013-09-26'),(69707,'INSERT INTO gne_vale_ferreteria (vfe_id,vfe_fecha,vfe_total,vfe_estado,vfe_entregado,usu_nusuario) VALUES (12074,@@@2013.09.26@@@,640,1,0,@@@c_jara@@@)','',2,'2013-09-26'),(69708,'INSERT INTO gne_vale_ferreteria_mov (vfe_id,pro_codigo_plu,vfm_cantidad,vfm_unitario,vfm_total,vfm_entregado) VALUES (12074,19865,1,640,640,@@@NO@@@)','',2,'2013-09-26'),(69709,'INSERT INTO gne_vale_ferreteria (vfe_id,vfe_fecha,vfe_total,vfe_estado,vfe_entregado,usu_nusuario) VALUES (12075,@@@2013.09.26@@@,610,1,0,@@@c_jara@@@)','',2,'2013-09-26'),(69710,'INSERT INTO gne_vale_ferreteria_mov (vfe_id,pro_codigo_plu,vfm_cantidad,vfm_unitario,vfm_total,vfm_entregado) VALUES (12075,8022,1,120,120,@@@NO@@@)','',2,'2013-09-26'),(69711,'INSERT INTO gne_vale_ferreteria_mov (vfe_id,pro_codigo_plu,vfm_cantidad,vfm_unitario,vfm_total,vfm_entregado) VALUES (12075,78017126,1,490,490,@@@NO@@@)','',2,'2013-09-26'),(69712,'INSERT INTO gne_vale_ferreteria (vfe_id,vfe_fecha,vfe_total,vfe_estado,vfe_entregado,usu_nusuario) VALUES (12076,@@@2013.09.26@@@,120,1,0,@@@c_jara@@@)','',2,'2013-09-26'),(69713,'INSERT INTO gne_vale_ferreteria_mov (vfe_id,pro_codigo_plu,vfm_cantidad,vfm_unitario,vfm_total,vfm_entregado) VALUES (12076,780721265,1,120,120,@@@NO@@@)','',2,'2013-09-26'),(69714,'INSERT INTO gne_vale_ferreteria (vfe_id,vfe_fecha,vfe_total,vfe_estado,vfe_entregado,usu_nusuario) VALUES (12077,@@@2013.09.26@@@,790,1,0,@@@c_jara@@@)','',2,'2013-09-26'),(69715,'INSERT INTO gne_vale_ferreteria_mov (vfe_id,pro_codigo_plu,vfm_cantidad,vfm_unitario,vfm_total,vfm_entregado) VALUES (12077,764020,1,790,790,@@@NO@@@)','',2,'2013-09-26'),(69716,'INSERT INTO gne_vale_ferreteria (vfe_id,vfe_fecha,vfe_total,vfe_estado,vfe_entregado,usu_nusuario) VALUES (12078,@@@2013.09.26@@@,550,1,0,@@@c_jara@@@)','',2,'2013-09-26'),(69717,'INSERT INTO gne_vale_ferreteria_mov (vfe_id,pro_codigo_plu,vfm_cantidad,vfm_unitario,vfm_total,vfm_entregado) VALUES (12078,780721140,1,550,550,@@@NO@@@)','',2,'2013-09-26'),(69718,'INSERT INTO gne_vale_ferreteria (vfe_id,vfe_fecha,vfe_total,vfe_estado,vfe_entregado,usu_nusuario) VALUES (12079,@@@2013.09.26@@@,3590,1,0,@@@c_jara@@@)','',2,'2013-09-26'),(69719,'INSERT INTO gne_vale_ferreteria_mov (vfe_id,pro_codigo_plu,vfm_cantidad,vfm_unitario,vfm_total,vfm_entregado) VALUES (12079,763884,1,900,900,@@@NO@@@)','',2,'2013-09-26'),(69720,'INSERT INTO gne_vale_ferreteria_mov (vfe_id,pro_codigo_plu,vfm_cantidad,vfm_unitario,vfm_total,vfm_entregado) VALUES (12079,763694,1,2690,2690,@@@NO@@@)','',2,'2013-09-26'),(69721,'INSERT INTO gne_vale_ferreteria (vfe_id,vfe_fecha,vfe_total,vfe_estado,vfe_entregado,usu_nusuario) VALUES (12080,@@@2013.09.26@@@,240,1,0,@@@c_jara@@@)','',2,'2013-09-26'),(69722,'INSERT INTO gne_vale_ferreteria_mov (vfe_id,pro_codigo_plu,vfm_cantidad,vfm_unitario,vfm_total,vfm_entregado) VALUES (12080,8022,2,120,240,@@@NO@@@)','',2,'2013-09-26'),(69723,'INSERT INTO gne_vale_ferreteria (vfe_id,vfe_fecha,vfe_total,vfe_estado,vfe_entregado,usu_nusuario) VALUES (12081,@@@2013.09.26@@@,490,1,0,@@@c_jara@@@)','',2,'2013-09-26'),(69724,'INSERT INTO gne_vale_ferreteria_mov (vfe_id,pro_codigo_plu,vfm_cantidad,vfm_unitario,vfm_total,vfm_entregado) VALUES (12081,3003,1,490,490,@@@NO@@@)','',2,'2013-09-26'),(69725,'INSERT INTO gne_vale_ferreteria (vfe_id,vfe_fecha,vfe_total,vfe_estado,vfe_entregado,usu_nusuario) VALUES (12082,@@@2013.09.26@@@,1380,1,0,@@@c_jara@@@)','',2,'2013-09-26'),(69726,'INSERT INTO gne_vale_ferreteria_mov (vfe_id,pro_codigo_plu,vfm_cantidad,vfm_unitario,vfm_total,vfm_entregado) VALUES (12082,7705007,2,690,1380,@@@NO@@@)','',2,'2013-09-26'),(69727,'INSERT INTO gne_vale_ferreteria (vfe_id,vfe_fecha,vfe_total,vfe_estado,vfe_entregado,usu_nusuario) VALUES (12083,@@@2013.09.26@@@,5500,1,0,@@@c_jara@@@)','',2,'2013-09-26'),(69728,'INSERT INTO gne_vale_ferreteria_mov (vfe_id,pro_codigo_plu,vfm_cantidad,vfm_unitario,vfm_total,vfm_entregado) VALUES (12083,780721730,4,590,2360,@@@NO@@@)','',2,'2013-09-26'),(69729,'INSERT INTO gne_vale_ferreteria_mov (vfe_id,pro_codigo_plu,vfm_cantidad,vfm_unitario,vfm_total,vfm_entregado) VALUES (12083,763004,1,2250,2250,@@@NO@@@)','',2,'2013-09-26'),(69730,'INSERT INTO gne_vale_ferreteria_mov (vfe_id,pro_codigo_plu,vfm_cantidad,vfm_unitario,vfm_total,vfm_entregado) VALUES (12083,20835,1,890,890,@@@NO@@@)','',2,'2013-09-26'),(69731,'INSERT INTO gne_vale_ferreteria (vfe_id,vfe_fecha,vfe_total,vfe_estado,vfe_entregado,usu_nusuario) VALUES (12084,@@@2013.09.26@@@,790,1,0,@@@c_jara@@@)','',2,'2013-09-26'),(69732,'INSERT INTO gne_vale_ferreteria_mov (vfe_id,pro_codigo_plu,vfm_cantidad,vfm_unitario,vfm_total,vfm_entregado) VALUES (12084,764056,1,790,790,@@@NO@@@)','',2,'2013-09-26'),(69733,'INSERT INTO gne_vale_ferreteria (vfe_id,vfe_fecha,vfe_total,vfe_estado,vfe_entregado,usu_nusuario) VALUES (12085,@@@2013.09.26@@@,390,1,0,@@@c_jara@@@)','',2,'2013-09-26'),(69734,'INSERT INTO gne_vale_ferreteria_mov (vfe_id,pro_codigo_plu,vfm_cantidad,vfm_unitario,vfm_total,vfm_entregado) VALUES (12085,4125,1,390,390,@@@NO@@@)','',2,'2013-09-26'),(69735,'INSERT INTO gne_vale_ferreteria (vfe_id,vfe_fecha,vfe_total,vfe_estado,vfe_entregado,usu_nusuario) VALUES (12086,@@@2013.09.26@@@,540,1,0,@@@c_jara@@@)','',2,'2013-09-26'),(69736,'INSERT INTO gne_vale_ferreteria_mov (vfe_id,pro_codigo_plu,vfm_cantidad,vfm_unitario,vfm_total,vfm_entregado) VALUES (12086,19916,1,540,540,@@@NO@@@)','',2,'2013-09-26'),(69737,'UPDATE mae_clientes SET cli_rut=@@@10489557-3@@@,cli_nombre=@@@MARIA DE LOURDES RUIZ VILLEGAS@@@,cli_direccion=@@@SAN MARTIN 1525@@@,cli_sucursal=@@@UNICO@@@,cli_ciudad=@@@NACIMIENTO@@@,cli_nombre_contacto=@@@VIVIANA GIMENEZ@@@,cli_cargo=@@@COMERCIANTE INDEPENDIENTE@@@,cli_comuna=@@@NACIMIENTO@@@,cli_fpago=@@@CONTADO@@@,cli_telefono=@@@534279@@@,cli_fax=@@@@@@,cli_celular=@@@62146972@@@,cli_mail=@@@@@@,tcp_id=@@@3@@@,cli_fecha_nacimiento=@@@1962.07.19@@@,cli_activo=@@@1@@@,cli_limite_credito=@@@130000@@@,cli_giro=@@@SUPERMERCADO@@@,cli_sobrecargo=0,cli_descuento_venta=0,cli_rapel=0 ,cli_credito_ilimitado=0 WHERE cli_id=@@@16@@@','',2,'2013-09-26'),(69738,'INSERT INTO gne_vale_ferreteria (vfe_id,vfe_fecha,vfe_total,vfe_estado,vfe_entregado,usu_nusuario) VALUES (12087,@@@2013.09.26@@@,250,1,0,@@@c_jara@@@)','',2,'2013-09-26'),(69739,'INSERT INTO gne_vale_ferreteria_mov (vfe_id,pro_codigo_plu,vfm_cantidad,vfm_unitario,vfm_total,vfm_entregado) VALUES (12087,764583,1,250,250,@@@NO@@@)','',2,'2013-09-26'),(69740,'INSERT INTO gne_vale_ferreteria (vfe_id,vfe_fecha,vfe_total,vfe_estado,vfe_entregado,usu_nusuario) VALUES (12088,@@@2013.09.26@@@,350,1,0,@@@c_jara@@@)','',2,'2013-09-26'),(69741,'INSERT INTO gne_vale_ferreteria_mov (vfe_id,pro_codigo_plu,vfm_cantidad,vfm_unitario,vfm_total,vfm_entregado) VALUES (12088,4123,1,350,350,@@@NO@@@)','',2,'2013-09-26'),(69742,'INSERT INTO gne_vale_ferreteria (vfe_id,vfe_fecha,vfe_total,vfe_estado,vfe_entregado,usu_nusuario) VALUES (12089,@@@2013.09.26@@@,2180,1,0,@@@c_jara@@@)','',2,'2013-09-26'),(69743,'INSERT INTO gne_vale_ferreteria_mov (vfe_id,pro_codigo_plu,vfm_cantidad,vfm_unitario,vfm_total,vfm_entregado) VALUES (12089,7705008,1,1490,1490,@@@NO@@@)','',2,'2013-09-26'),(69744,'INSERT INTO gne_vale_ferreteria_mov (vfe_id,pro_codigo_plu,vfm_cantidad,vfm_unitario,vfm_total,vfm_entregado) VALUES (12089,7705007,1,690,690,@@@NO@@@)','',2,'2013-09-26'),(69745,'INSERT INTO gne_vale_ferreteria (vfe_id,vfe_fecha,vfe_total,vfe_estado,vfe_entregado,usu_nusuario) VALUES (12090,@@@2013.09.26@@@,240,1,0,@@@c_jara@@@)','',2,'2013-09-26'),(69746,'INSERT INTO gne_vale_ferreteria_mov (vfe_id,pro_codigo_plu,vfm_cantidad,vfm_unitario,vfm_total,vfm_entregado) VALUES (12090,764766,2,120,240,@@@NO@@@)','',2,'2013-09-26'),(69747,'INSERT INTO gne_vale_ferreteria (vfe_id,vfe_fecha,vfe_total,vfe_estado,vfe_entregado,usu_nusuario) VALUES (12091,@@@2013.09.26@@@,250,1,0,@@@c_jara@@@)','',2,'2013-09-26'),(69748,'INSERT INTO gne_vale_ferreteria_mov (vfe_id,pro_codigo_plu,vfm_cantidad,vfm_unitario,vfm_total,vfm_entregado) VALUES (12091,78017208,1,250,250,@@@NO@@@)','',2,'2013-09-26'),(69749,'INSERT INTO gne_vale_ferreteria (vfe_id,vfe_fecha,vfe_total,vfe_estado,vfe_entregado,usu_nusuario) VALUES (12092,@@@2013.09.26@@@,1990,1,0,@@@c_jara@@@)','',2,'2013-09-26'),(69750,'INSERT INTO gne_vale_ferreteria_mov (vfe_id,pro_codigo_plu,vfm_cantidad,vfm_unitario,vfm_total,vfm_entregado) VALUES (12092,101833,1,1990,1990,@@@NO@@@)','',2,'2013-09-26'),(69751,'INSERT INTO gne_vale_ferreteria (vfe_id,vfe_fecha,vfe_total,vfe_estado,vfe_entregado,usu_nusuario) VALUES (12093,@@@2013.09.26@@@,290,1,0,@@@G_DIAZ@@@)','',2,'2013-09-26'),(69752,'INSERT INTO gne_vale_ferreteria_mov (vfe_id,pro_codigo_plu,vfm_cantidad,vfm_unitario,vfm_total,vfm_entregado) VALUES (12093,1559,1,290,290,@@@NO@@@)','',2,'2013-09-26'),(69753,'INSERT INTO gne_vale_ferreteria (vfe_id,vfe_fecha,vfe_total,vfe_estado,vfe_entregado,usu_nusuario) VALUES (12094,@@@2013.09.26@@@,240,1,0,@@@G_DIAZ@@@)','',2,'2013-09-26'),(69754,'INSERT INTO gne_vale_ferreteria_mov (vfe_id,pro_codigo_plu,vfm_cantidad,vfm_unitario,vfm_total,vfm_entregado) VALUES (12094,764159,2,120,240,@@@NO@@@)','',2,'2013-09-26'),(69755,'INSERT INTO gne_vale_ferreteria (vfe_id,vfe_fecha,vfe_total,vfe_estado,vfe_entregado,usu_nusuario) VALUES (12095,@@@2013.09.26@@@,260,1,0,@@@G_DIAZ@@@)','',2,'2013-09-26'),(69756,'INSERT INTO gne_vale_ferreteria_mov (vfe_id,pro_codigo_plu,vfm_cantidad,vfm_unitario,vfm_total,vfm_entregado) VALUES (12095,78017148,2,130,260,@@@NO@@@)','',2,'2013-09-26'),(69757,'INSERT INTO gne_vale_ferreteria (vfe_id,vfe_fecha,vfe_total,vfe_estado,vfe_entregado,usu_nusuario) VALUES (12096,@@@2013.09.26@@@,3990,1,0,@@@G_DIAZ@@@)','',2,'2013-09-26'),(69758,'INSERT INTO gne_vale_ferreteria_mov (vfe_id,pro_codigo_plu,vfm_cantidad,vfm_unitario,vfm_total,vfm_entregado) VALUES (12096,780721753,1,3990,3990,@@@NO@@@)','',2,'2013-09-26'),(69759,'INSERT INTO gne_vale_ferreteria (vfe_id,vfe_fecha,vfe_total,vfe_estado,vfe_entregado,usu_nusuario) VALUES (12097,@@@2013.09.26@@@,1290,1,0,@@@G_DIAZ@@@)','',2,'2013-09-26'),(69760,'INSERT INTO gne_vale_ferreteria_mov (vfe_id,pro_codigo_plu,vfm_cantidad,vfm_unitario,vfm_total,vfm_entregado) VALUES (12097,7009,1,1290,1290,@@@NO@@@)','',2,'2013-09-26'),(69761,'INSERT INTO gne_vale_ferreteria (vfe_id,vfe_fecha,vfe_total,vfe_estado,vfe_entregado,usu_nusuario) VALUES (12098,@@@2013.09.26@@@,940,1,0,@@@G_DIAZ@@@)','',2,'2013-09-26'),(69762,'INSERT INTO gne_vale_ferreteria_mov (vfe_id,pro_codigo_plu,vfm_cantidad,vfm_unitario,vfm_total,vfm_entregado) VALUES (12098,780721253,1,550,550,@@@NO@@@)','',2,'2013-09-26'),(69763,'INSERT INTO gne_vale_ferreteria_mov (vfe_id,pro_codigo_plu,vfm_cantidad,vfm_unitario,vfm_total,vfm_entregado) VALUES (12098,78017124,1,390,390,@@@NO@@@)','',2,'2013-09-26'),(69764,'INSERT INTO gne_vale_ferreteria (vfe_id,vfe_fecha,vfe_total,vfe_estado,vfe_entregado,usu_nusuario) VALUES (12099,@@@2013.09.26@@@,700,1,0,@@@G_DIAZ@@@)','',2,'2013-09-26'),(69765,'INSERT INTO gne_vale_ferreteria_mov (vfe_id,pro_codigo_plu,vfm_cantidad,vfm_unitario,vfm_total,vfm_entregado) VALUES (12099,780220093,2,350,700,@@@NO@@@)','',2,'2013-09-26'),(69766,'INSERT INTO gne_vale_ferreteria (vfe_id,vfe_fecha,vfe_total,vfe_estado,vfe_entregado,usu_nusuario) VALUES (12100,@@@2013.09.26@@@,260,1,0,@@@G_DIAZ@@@)','',2,'2013-09-26'),(69767,'INSERT INTO gne_vale_ferreteria_mov (vfe_id,pro_codigo_plu,vfm_cantidad,vfm_unitario,vfm_total,vfm_entregado) VALUES (12100,15967,2,130,260,@@@NO@@@)','',2,'2013-09-26'),(69768,'INSERT INTO gne_vale_ferreteria (vfe_id,vfe_fecha,vfe_total,vfe_estado,vfe_entregado,usu_nusuario) VALUES (12101,@@@2013.09.26@@@,2148,1,0,@@@G_DIAZ@@@)','',2,'2013-09-26'),(69769,'INSERT INTO gne_vale_ferreteria_mov (vfe_id,pro_codigo_plu,vfm_cantidad,vfm_unitario,vfm_total,vfm_entregado) VALUES (12101,780721231,1,999,999,@@@NO@@@)','',2,'2013-09-26'),(69770,'INSERT INTO gne_vale_ferreteria_mov (vfe_id,pro_codigo_plu,vfm_cantidad,vfm_unitario,vfm_total,vfm_entregado) VALUES (12101,764364,2,140,280,@@@NO@@@)','',2,'2013-09-26'),(69771,'INSERT INTO gne_vale_ferreteria_mov (vfe_id,pro_codigo_plu,vfm_cantidad,vfm_unitario,vfm_total,vfm_entregado) VALUES (12101,780721388,1,399,399,@@@NO@@@)','',2,'2013-09-26'),(69772,'INSERT INTO gne_vale_ferreteria_mov (vfe_id,pro_codigo_plu,vfm_cantidad,vfm_unitario,vfm_total,vfm_entregado) VALUES (12101,763800,1,470,470,@@@NO@@@)','',2,'2013-09-26'),(69773,'INSERT INTO gne_vale_ferreteria (vfe_id,vfe_fecha,vfe_total,vfe_estado,vfe_entregado,usu_nusuario) VALUES (12102,@@@2013.09.26@@@,990,1,0,@@@G_DIAZ@@@)','',2,'2013-09-26'),(69774,'INSERT INTO gne_vale_ferreteria_mov (vfe_id,pro_codigo_plu,vfm_cantidad,vfm_unitario,vfm_total,vfm_entregado) VALUES (12102,780721370,1,990,990,@@@NO@@@)','',2,'2013-09-26'),(69775,'INSERT INTO gne_vale_ferreteria (vfe_id,vfe_fecha,vfe_total,vfe_estado,vfe_entregado,usu_nusuario) VALUES (12103,@@@2013.09.26@@@,150,1,0,@@@G_DIAZ@@@)','',2,'2013-09-26'),(69776,'INSERT INTO gne_vale_ferreteria_mov (vfe_id,pro_codigo_plu,vfm_cantidad,vfm_unitario,vfm_total,vfm_entregado) VALUES (12103,4088,1,150,150,@@@NO@@@)','',2,'2013-09-26'),(69777,'INSERT INTO gne_vale_ferreteria (vfe_id,vfe_fecha,vfe_total,vfe_estado,vfe_entregado,usu_nusuario) VALUES (12104,@@@2013.09.26@@@,1990,1,0,@@@G_DIAZ@@@)','',2,'2013-09-26'),(69778,'INSERT INTO gne_vale_ferreteria_mov (vfe_id,pro_codigo_plu,vfm_cantidad,vfm_unitario,vfm_total,vfm_entregado) VALUES (12104,20998,1,1990,1990,@@@NO@@@)','',2,'2013-09-26'),(69779,'INSERT INTO gne_vale_ferreteria (vfe_id,vfe_fecha,vfe_total,vfe_estado,vfe_entregado,usu_nusuario) VALUES (12105,@@@2013.09.26@@@,910,1,0,@@@G_DIAZ@@@)','',2,'2013-09-26'),(69780,'INSERT INTO gne_vale_ferreteria_mov (vfe_id,pro_codigo_plu,vfm_cantidad,vfm_unitario,vfm_total,vfm_entregado) VALUES (12105,780721785,1,270,270,@@@NO@@@)','',2,'2013-09-26'),(69781,'INSERT INTO gne_vale_ferreteria_mov (vfe_id,pro_codigo_plu,vfm_cantidad,vfm_unitario,vfm_total,vfm_entregado) VALUES (12105,763786,1,250,250,@@@NO@@@)','',2,'2013-09-26'),(69782,'INSERT INTO gne_vale_ferreteria_mov (vfe_id,pro_codigo_plu,vfm_cantidad,vfm_unitario,vfm_total,vfm_entregado) VALUES (12105,15967,3,130,390,@@@NO@@@)','',2,'2013-09-26'),(69783,'INSERT INTO gne_vale_ferreteria (vfe_id,vfe_fecha,vfe_total,vfe_estado,vfe_entregado,usu_nusuario) VALUES (12106,@@@2013.09.26@@@,490,1,0,@@@G_DIAZ@@@)','',2,'2013-09-26'),(69784,'INSERT INTO gne_vale_ferreteria_mov (vfe_id,pro_codigo_plu,vfm_cantidad,vfm_unitario,vfm_total,vfm_entregado) VALUES (12106,3031,1,490,490,@@@NO@@@)','',2,'2013-09-26'),(69785,'INSERT INTO gne_vale_ferreteria (vfe_id,vfe_fecha,vfe_total,vfe_estado,vfe_entregado,usu_nusuario) VALUES (12107,@@@2013.09.26@@@,200,1,0,@@@G_DIAZ@@@)','',2,'2013-09-26'),(69786,'INSERT INTO gne_vale_ferreteria_mov (vfe_id,pro_codigo_plu,vfm_cantidad,vfm_unitario,vfm_total,vfm_entregado) VALUES (12107,4089,1,200,200,@@@NO@@@)','',2,'2013-09-26'),(69787,'INSERT INTO gne_vale_ferreteria (vfe_id,vfe_fecha,vfe_total,vfe_estado,vfe_entregado,usu_nusuario) VALUES (12108,@@@2013.09.26@@@,350,1,0,@@@G_DIAZ@@@)','',2,'2013-09-26'),(69788,'INSERT INTO gne_vale_ferreteria_mov (vfe_id,pro_codigo_plu,vfm_cantidad,vfm_unitario,vfm_total,vfm_entregado) VALUES (12108,8022,1,120,120,@@@NO@@@)','',2,'2013-09-26'),(69789,'INSERT INTO gne_vale_ferreteria_mov (vfe_id,pro_codigo_plu,vfm_cantidad,vfm_unitario,vfm_total,vfm_entregado) VALUES (12108,780721667,1,230,230,@@@NO@@@)','',2,'2013-09-26'),(69790,'INSERT INTO gne_vale_ferreteria (vfe_id,vfe_fecha,vfe_total,vfe_estado,vfe_entregado,usu_nusuario) VALUES (12109,@@@2013.09.26@@@,490,1,0,@@@G_DIAZ@@@)','',2,'2013-09-26'),(69791,'INSERT INTO gne_vale_ferreteria_mov (vfe_id,pro_codigo_plu,vfm_cantidad,vfm_unitario,vfm_total,vfm_entregado) VALUES (12109,1538,1,490,490,@@@NO@@@)','',2,'2013-09-26'),(69792,'INSERT INTO gne_vale_ferreteria (vfe_id,vfe_fecha,vfe_total,vfe_estado,vfe_entregado,usu_nusuario) VALUES (12110,@@@2013.09.26@@@,999,1,0,@@@G_DIAZ@@@)','',2,'2013-09-26'),(69793,'INSERT INTO gne_vale_ferreteria_mov (vfe_id,pro_codigo_plu,vfm_cantidad,vfm_unitario,vfm_total,vfm_entregado) VALUES (12110,780721231,1,999,999,@@@NO@@@)','',2,'2013-09-26'),(69794,'INSERT INTO gne_vale_ferreteria (vfe_id,vfe_fecha,vfe_total,vfe_estado,vfe_entregado,usu_nusuario) VALUES (12111,@@@2013.09.26@@@,400,1,0,@@@G_DIAZ@@@)','',2,'2013-09-26'),(69795,'INSERT INTO gne_vale_ferreteria_mov (vfe_id,pro_codigo_plu,vfm_cantidad,vfm_unitario,vfm_total,vfm_entregado) VALUES (12111,770058,2,200,400,@@@NO@@@)','',2,'2013-09-26'),(69796,'INSERT INTO gne_vale_ferreteria (vfe_id,vfe_fecha,vfe_total,vfe_estado,vfe_entregado,usu_nusuario) VALUES (12112,@@@2013.09.26@@@,450,1,0,@@@G_DIAZ@@@)','',2,'2013-09-26'),(69797,'INSERT INTO gne_vale_ferreteria_mov (vfe_id,pro_codigo_plu,vfm_cantidad,vfm_unitario,vfm_total,vfm_entregado) VALUES (12112,78017171,3,150,450,@@@NO@@@)','',2,'2013-09-26'),(69798,'INSERT INTO gne_vale_ferreteria (vfe_id,vfe_fecha,vfe_total,vfe_estado,vfe_entregado,usu_nusuario) VALUES (12113,@@@2013.09.26@@@,490,1,0,@@@G_DIAZ@@@)','',2,'2013-09-26'),(69799,'INSERT INTO gne_vale_ferreteria_mov (vfe_id,pro_codigo_plu,vfm_cantidad,vfm_unitario,vfm_total,vfm_entregado) VALUES (12113,3031,1,490,490,@@@NO@@@)','',2,'2013-09-26'),(69800,'INSERT INTO gne_vale_ferreteria (vfe_id,vfe_fecha,vfe_total,vfe_estado,vfe_entregado,usu_nusuario) VALUES (12114,@@@2013.09.26@@@,120,1,0,@@@G_DIAZ@@@)','',2,'2013-09-26'),(69801,'INSERT INTO gne_vale_ferreteria_mov (vfe_id,pro_codigo_plu,vfm_cantidad,vfm_unitario,vfm_total,vfm_entregado) VALUES (12114,8022,1,120,120,@@@NO@@@)','',2,'2013-09-26'),(69802,'INSERT INTO gne_vale_ferreteria (vfe_id,vfe_fecha,vfe_total,vfe_estado,vfe_entregado,usu_nusuario) VALUES (12115,@@@2013.09.26@@@,720,1,0,@@@G_DIAZ@@@)','',2,'2013-09-26'),(69803,'INSERT INTO gne_vale_ferreteria_mov (vfe_id,pro_codigo_plu,vfm_cantidad,vfm_unitario,vfm_total,vfm_entregado) VALUES (12115,8022,6,120,720,@@@NO@@@)','',2,'2013-09-26'),(69804,'INSERT INTO gne_vale_ferreteria (vfe_id,vfe_fecha,vfe_total,vfe_estado,vfe_entregado,usu_nusuario) VALUES (12116,@@@2013.09.26@@@,200,1,0,@@@G_DIAZ@@@)','',2,'2013-09-26'),(69805,'INSERT INTO gne_vale_ferreteria_mov (vfe_id,pro_codigo_plu,vfm_cantidad,vfm_unitario,vfm_total,vfm_entregado) VALUES (12116,780220188,2,100,200,@@@NO@@@)','',2,'2013-09-26'),(69806,'INSERT INTO gne_vale_ferreteria (vfe_id,vfe_fecha,vfe_total,vfe_estado,vfe_entregado,usu_nusuario) VALUES (12117,@@@2013.09.26@@@,260,1,0,@@@G_DIAZ@@@)','',2,'2013-09-26'),(69807,'INSERT INTO gne_vale_ferreteria_mov (vfe_id,pro_codigo_plu,vfm_cantidad,vfm_unitario,vfm_total,vfm_entregado) VALUES (12117,15967,2,130,260,@@@NO@@@)','',2,'2013-09-26'),(69808,'INSERT INTO gne_vale_ferreteria (vfe_id,vfe_fecha,vfe_total,vfe_estado,vfe_entregado,usu_nusuario) VALUES (12118,@@@2013.09.26@@@,1220,1,0,@@@G_DIAZ@@@)','',2,'2013-09-26'),(69809,'INSERT INTO gne_vale_ferreteria_mov (vfe_id,pro_codigo_plu,vfm_cantidad,vfm_unitario,vfm_total,vfm_entregado) VALUES (12118,15927,2,480,960,@@@NO@@@)','',2,'2013-09-26'),(69810,'INSERT INTO gne_vale_ferreteria_mov (vfe_id,pro_codigo_plu,vfm_cantidad,vfm_unitario,vfm_total,vfm_entregado) VALUES (12118,15967,2,130,260,@@@NO@@@)','',2,'2013-09-26'),(69811,'INSERT INTO gne_vale_ferreteria (vfe_id,vfe_fecha,vfe_total,vfe_estado,vfe_entregado,usu_nusuario) VALUES (12119,@@@2013.09.26@@@,200,1,0,@@@G_DIAZ@@@)','',2,'2013-09-26'),(69812,'INSERT INTO gne_vale_ferreteria_mov (vfe_id,pro_codigo_plu,vfm_cantidad,vfm_unitario,vfm_total,vfm_entregado) VALUES (12119,98100,2,100,200,@@@NO@@@)','',2,'2013-09-26'),(69813,'INSERT INTO gne_vale_ferreteria (vfe_id,vfe_fecha,vfe_total,vfe_estado,vfe_entregado,usu_nusuario) VALUES (12120,@@@2013.09.26@@@,200,1,0,@@@G_DIAZ@@@)','',2,'2013-09-26'),(69814,'INSERT INTO gne_vale_ferreteria_mov (vfe_id,pro_codigo_plu,vfm_cantidad,vfm_unitario,vfm_total,vfm_entregado) VALUES (12120,780220188,2,100,200,@@@NO@@@)','',2,'2013-09-26'),(69815,'INSERT INTO mae_productos (pro_codigo_plu,pro_codigo_barra,pro_tipo,pro_nombre_producto,pro_nombre_corto,med_id,emb_id,pro_unidades_embalaje,dep_id,lin_id,mar_id,pro_precio_compra_neto,pro_precio_compra_bruto,pro_precio_venta,pro_margen_actual,pro_oferta,pro_fecha_inicio_oferta,pro_fecha_termino_oferta,pro_precio_oferta,pro_stock_minimo,pro_stock_critico,pro_entradas_bodega,pro_salidas_bodega,pro_mermas_bodega,pro_ajustes_bodega,pro_entradas_sv,pro_salidas_sv,pro_mermas_sv,pro_ajustes_sv,pro_activo,rec_numero,pro_unidad,pro_capacidad,pro_consumo_bodega,pro_consumo_sv,pro_estado,pro_funcion_plu,pro_flejes,pro_iva,pro_plu_asociado,pro_envase,pro_duracion,pro_numero_etiqueta) VALUES (780721871,@@@7613034018540@@@,@@@0@@@,@@@CRAZY HELADO COOKIES 85 ML@@@,@@@CRAZY HELADO COO@@@,@@@7 @@@,@@@6 @@@,@@@1@@@,@@@19 @@@,@@@100@@@,@@@22@@@,@@@0@@@,@@@542.64@@@,@@@1@@@,@@@-99.82@@@,@@@@@@,@@@2006.09.07@@@,@@@2006.09.07@@@,@@@0@@@,@@@12@@@,@@@5@@@,@@@0@@@,@@@0@@@,@@@0@@@,@@@0@@@,@@@0@@@,@@@0@@@,@@@0@@@,@@@0@@@,@@@1@@@,@@@0@@@,0,85,0,0,2,0,1,1,0,@@@NO@@@,0,0)','',2,'2013-09-26'),(69816,'DELETE FROM mae_impuestos_productos WHERE pro_codigo_plu=@@@780721871@@@','',2,'2013-09-26'),(69817,'INSERT INTO gne_vale_ferreteria (vfe_id,vfe_fecha,vfe_total,vfe_estado,vfe_entregado,usu_nusuario) VALUES (12121,@@@2013.09.26@@@,1790,1,0,@@@G_DIAZ@@@)','',2,'2013-09-26'),(69818,'INSERT INTO gne_vale_ferreteria_mov (vfe_id,pro_codigo_plu,vfm_cantidad,vfm_unitario,vfm_total,vfm_entregado) VALUES (12121,780721734,1,1790,1790,@@@NO@@@)','',2,'2013-09-26'),(69819,'INSERT INTO gne_vale_ferreteria (vfe_id,vfe_fecha,vfe_total,vfe_estado,vfe_entregado,usu_nusuario) VALUES (12122,@@@2013.09.26@@@,160,1,0,@@@G_DIAZ@@@)','',2,'2013-09-26'),(69820,'INSERT INTO gne_vale_ferreteria_mov (vfe_id,pro_codigo_plu,vfm_cantidad,vfm_unitario,vfm_total,vfm_entregado) VALUES (12122,764833,4,10,40,@@@NO@@@)','',2,'2013-09-26'),(69821,'INSERT INTO gne_vale_ferreteria_mov (vfe_id,pro_codigo_plu,vfm_cantidad,vfm_unitario,vfm_total,vfm_entregado) VALUES (12122,764780,2,60,120,@@@NO@@@)','',2,'2013-09-26'),(69822,'INSERT INTO gne_vale_ferreteria (vfe_id,vfe_fecha,vfe_total,vfe_estado,vfe_entregado,usu_nusuario) VALUES (12123,@@@2013.09.26@@@,130,1,0,@@@G_DIAZ@@@)','',2,'2013-09-26'),(69823,'INSERT INTO gne_vale_ferreteria_mov (vfe_id,pro_codigo_plu,vfm_cantidad,vfm_unitario,vfm_total,vfm_entregado) VALUES (12123,78017148,1,130,130,@@@NO@@@)','',2,'2013-09-26'),(69824,'INSERT INTO gne_vale_ferreteria (vfe_id,vfe_fecha,vfe_total,vfe_estado,vfe_entregado,usu_nusuario) VALUES (12124,@@@2013.09.26@@@,890,1,0,@@@G_DIAZ@@@)','',2,'2013-09-26'),(69825,'INSERT INTO gne_vale_ferreteria_mov (vfe_id,pro_codigo_plu,vfm_cantidad,vfm_unitario,vfm_total,vfm_entregado) VALUES (12124,764072,1,890,890,@@@NO@@@)','',2,'2013-09-26'),(69826,'UPDATE mae_productos SET pro_precio_compra_bruto=1492.26,pro_margen_actual=(pro_precio_venta-1492.26)/1492.26 * 100,pro_ultima_compra=@@@2013.09.26@@@,pro_ultimo_proveedor=@@@90703000-8@@@ WHERE pro_codigo_plu=19390','',2,'2013-09-26'),(69827,'UPDATE mae_productos SET pro_precio_compra_bruto=1492.26,pro_margen_actual=(pro_precio_venta-1492.26)/1492.26 * 100,pro_ultima_compra=@@@2013.09.26@@@,pro_ultimo_proveedor=@@@90703000-8@@@ WHERE pro_codigo_plu=19385','',2,'2013-09-26'),(69828,'UPDATE mae_productos SET pro_precio_compra_bruto=1492.26,pro_margen_actual=(pro_precio_venta-1492.26)/1492.26 * 100,pro_ultima_compra=@@@2013.09.26@@@,pro_ultimo_proveedor=@@@90703000-8@@@ WHERE pro_codigo_plu=19391','',2,'2013-09-26'),(69829,'UPDATE mae_productos SET pro_precio_compra_bruto=276.08,pro_margen_actual=(pro_precio_venta-276.08)/276.08 * 100,pro_ultima_compra=@@@2013.09.26@@@,pro_ultimo_proveedor=@@@90703000-8@@@ WHERE pro_codigo_plu=780721638','',2,'2013-09-26'),(69830,'UPDATE mae_productos SET pro_precio_compra_bruto=1492.26,pro_margen_actual=(pro_precio_venta-1492.26)/1492.26 * 100,pro_ultima_compra=@@@2013.09.26@@@,pro_ultimo_proveedor=@@@90703000-8@@@ WHERE pro_codigo_plu=262545','',2,'2013-09-26'),(69831,'UPDATE mae_productos SET pro_precio_compra_bruto=1717.17,pro_margen_actual=(pro_precio_venta-1717.17)/1717.17 * 100,pro_ultima_compra=@@@2013.09.26@@@,pro_ultimo_proveedor=@@@90703000-8@@@ WHERE pro_codigo_plu=19602','',2,'2013-09-26'),(69832,'UPDATE mae_productos SET pro_precio_compra_bruto=1274.49,pro_margen_actual=(pro_precio_venta-1274.49)/1274.49 * 100,pro_ultima_compra=@@@2013.09.26@@@,pro_ultimo_proveedor=@@@90703000-8@@@ WHERE pro_codigo_plu=15065','',2,'2013-09-26'),(69833,'UPDATE mae_productos SET pro_precio_compra_bruto=542.64,pro_margen_actual=(pro_precio_venta-542.64)/542.64 * 100,pro_ultima_compra=@@@2013.09.26@@@,pro_ultimo_proveedor=@@@90703000-8@@@ WHERE pro_codigo_plu=763939','',2,'2013-09-26'),(69834,'UPDATE mae_productos SET pro_precio_compra_bruto=779.45,pro_margen_actual=(pro_precio_venta-779.45)/779.45 * 100,pro_ultima_compra=@@@2013.09.26@@@,pro_ultimo_proveedor=@@@90703000-8@@@ WHERE pro_codigo_plu=762948','',2,'2013-09-26'),(69835,'UPDATE mae_productos SET pro_precio_compra_bruto=2391.9,pro_margen_actual=(pro_precio_venta-2391.9)/2391.9 * 100,pro_ultima_compra=@@@2013.09.26@@@,pro_ultimo_proveedor=@@@90703000-8@@@ WHERE pro_codigo_plu=763558','',2,'2013-09-26'),(69836,'UPDATE mae_productos SET pro_precio_compra_bruto=2391.9,pro_margen_actual=(pro_precio_venta-2391.9)/2391.9 * 100,pro_ultima_compra=@@@2013.09.26@@@,pro_ultimo_proveedor=@@@90703000-8@@@ WHERE pro_codigo_plu=763568','',2,'2013-09-26'),(69837,'UPDATE mae_productos SET pro_precio_compra_bruto=2391.9,pro_margen_actual=(pro_precio_venta-2391.9)/2391.9 * 100,pro_ultima_compra=@@@2013.09.26@@@,pro_ultimo_proveedor=@@@90703000-8@@@ WHERE pro_codigo_plu=763557','',2,'2013-09-26'),(69838,'UPDATE mae_productos SET pro_precio_compra_bruto=542.64,pro_margen_actual=(pro_precio_venta-542.64)/542.64 * 100,pro_ultima_compra=@@@2013.09.26@@@,pro_ultimo_proveedor=@@@90703000-8@@@ WHERE pro_codigo_plu=780721871','',2,'2013-09-26'),(69839,'UPDATE mae_productos SET pro_precio_compra_bruto=779.45,pro_margen_actual=(pro_precio_venta-779.45)/779.45 * 100,pro_ultima_compra=@@@2013.09.26@@@,pro_ultimo_proveedor=@@@90703000-8@@@ WHERE pro_codigo_plu=780721173','',2,'2013-09-26'),(69840,'UPDATE mae_productos SET pro_precio_compra_bruto=354.62,pro_margen_actual=(pro_precio_venta-354.62)/354.62 * 100,pro_ultima_compra=@@@2013.09.26@@@,pro_ultimo_proveedor=@@@90703000-8@@@ WHERE pro_codigo_plu=763928','',2,'2013-09-26'),(69841,'UPDATE mae_productos SET pro_precio_compra_bruto=779.45,pro_margen_actual=(pro_precio_venta-779.45)/779.45 * 100,pro_ultima_compra=@@@2013.09.26@@@,pro_ultimo_proveedor=@@@90703000-8@@@ WHERE pro_codigo_plu=19784','',2,'2013-09-26'),(69842,'UPDATE mae_productos SET pro_precio_compra_bruto=77.35,pro_margen_actual=(pro_precio_venta-77.35)/77.35 * 100,pro_ultima_compra=@@@2013.09.26@@@,pro_ultimo_proveedor=@@@90703000-8@@@ WHERE pro_codigo_plu=763931','',2,'2013-09-26'),(69843,'UPDATE mae_productos SET pro_precio_compra_bruto=192.78,pro_margen_actual=(pro_precio_venta-192.78)/192.78 * 100,pro_ultima_compra=@@@2013.09.26@@@,pro_ultimo_proveedor=@@@90703000-8@@@ WHERE pro_codigo_plu=763929','',2,'2013-09-26'),(69844,'UPDATE mae_productos SET pro_precio_compra_bruto=1717.17,pro_margen_actual=(pro_precio_venta-1717.17)/1717.17 * 100,pro_ultima_compra=@@@2013.09.26@@@,pro_ultimo_proveedor=@@@90703000-8@@@ WHERE pro_codigo_plu=19603','',2,'2013-09-26'),(69845,'UPDATE mae_productos SET pro_precio_compra_bruto=542.64,pro_margen_actual=(pro_precio_venta-542.64)/542.64 * 100,pro_ultima_compra=@@@2013.09.26@@@,pro_ultimo_proveedor=@@@90703000-8@@@ WHERE pro_codigo_plu=763941','',2,'2013-09-26'),(69846,'UPDATE mae_productos SET pro_precio_compra_bruto=472.43,pro_margen_actual=(pro_precio_venta-472.43)/472.43 * 100,pro_ultima_compra=@@@2013.09.26@@@,pro_ultimo_proveedor=@@@90703000-8@@@ WHERE pro_codigo_plu=763925','',2,'2013-09-26'),(69847,'UPDATE mae_productos SET pro_precio_compra_bruto=960.33,pro_margen_actual=(pro_precio_venta-960.33)/960.33 * 100,pro_ultima_compra=@@@2013.09.26@@@,pro_ultimo_proveedor=@@@82623500-4@@@ WHERE pro_codigo_plu=11339','',2,'2013-09-26'),(69848,'UPDATE mae_productos SET pro_precio_compra_bruto=499.8,pro_margen_actual=(pro_precio_venta-499.8)/499.8 * 100,pro_ultima_compra=@@@2013.09.26@@@,pro_ultimo_proveedor=@@@82623500-4@@@ WHERE pro_codigo_plu=14229','',2,'2013-09-26'),(69849,'UPDATE mae_productos SET pro_precio_compra_bruto=1075.76,pro_margen_actual=(pro_precio_venta-1075.76)/1075.76 * 100,pro_ultima_compra=@@@2013.09.26@@@,pro_ultimo_proveedor=@@@82623500-4@@@ WHERE pro_codigo_plu=763525','',2,'2013-09-26'),(69850,'UPDATE mae_productos SET pro_precio_compra_bruto=1154.3,pro_margen_actual=(pro_precio_venta-1154.3)/1154.3 * 100,pro_ultima_compra=@@@2013.09.26@@@,pro_ultimo_proveedor=@@@82623500-4@@@ WHERE pro_codigo_plu=763530','',2,'2013-09-26'),(69851,'UPDATE mae_productos SET pro_precio_compra_bruto=922.25,pro_margen_actual=(pro_precio_venta-922.25)/922.25 * 100,pro_ultima_compra=@@@2013.09.26@@@,pro_ultimo_proveedor=@@@82623500-4@@@ WHERE pro_codigo_plu=763529','',2,'2013-09-26'),(69852,'INSERT INTO gne_vale_ferreteria (vfe_id,vfe_fecha,vfe_total,vfe_estado,vfe_entregado,usu_nusuario) VALUES (12125,@@@2013.09.26@@@,260,1,0,@@@G_DIAZ@@@)','',2,'2013-09-26'),(69853,'INSERT INTO gne_vale_ferreteria_mov (vfe_id,pro_codigo_plu,vfm_cantidad,vfm_unitario,vfm_total,vfm_entregado) VALUES (12125,78017027,2,70,140,@@@NO@@@)','',2,'2013-09-26'),(69854,'INSERT INTO gne_vale_ferreteria_mov (vfe_id,pro_codigo_plu,vfm_cantidad,vfm_unitario,vfm_total,vfm_entregado) VALUES (12125,764766,1,120,120,@@@NO@@@)','',2,'2013-09-26'),(69855,'UPDATE mae_productos SET pro_precio_compra_bruto=508.41,pro_margen_actual=(pro_precio_venta-508.41)/508.41 * 100,pro_ultima_compra=@@@2013.09.26@@@,pro_ultimo_proveedor=@@@93281000-k@@@ WHERE pro_codigo_plu=12597','',2,'2013-09-26'),(69856,'UPDATE mae_productos SET pro_precio_compra_bruto=677.88,pro_margen_actual=(pro_precio_venta-677.88)/677.88 * 100,pro_ultima_compra=@@@2013.09.26@@@,pro_ultimo_proveedor=@@@93281000-k@@@ WHERE pro_codigo_plu=18466','',2,'2013-09-26'),(69857,'UPDATE mae_productos SET pro_precio_compra_bruto=677.91,pro_margen_actual=(pro_precio_venta-677.91)/677.91 * 100,pro_ultima_compra=@@@2013.09.26@@@,pro_ultimo_proveedor=@@@93281000-k@@@ WHERE pro_codigo_plu=18468','',2,'2013-09-26'),(69858,'UPDATE mae_productos SET pro_precio_compra_bruto=677.91,pro_margen_actual=(pro_precio_venta-677.91)/677.91 * 100,pro_ultima_compra=@@@2013.09.26@@@,pro_ultimo_proveedor=@@@93281000-k@@@ WHERE pro_codigo_plu=763372','',2,'2013-09-26'),(69859,'UPDATE mae_productos SET pro_precio_compra_bruto=635.58,pro_margen_actual=(pro_precio_venta-635.58)/635.58 * 100,pro_ultima_compra=@@@2013.09.26@@@,pro_ultimo_proveedor=@@@93281000-k@@@ WHERE pro_codigo_plu=12596','',2,'2013-09-26'),(69860,'UPDATE mae_productos SET pro_precio_compra_bruto=152.54,pro_margen_actual=(pro_precio_venta-152.54)/152.54 * 100,pro_ultima_compra=@@@2013.09.26@@@,pro_ultimo_proveedor=@@@93281000-k@@@ WHERE pro_codigo_plu=763448','',2,'2013-09-26'),(69861,'UPDATE mae_productos SET pro_precio_compra_bruto=635.58,pro_margen_actual=(pro_precio_venta-635.58)/635.58 * 100,pro_ultima_compra=@@@2013.09.26@@@,pro_ultimo_proveedor=@@@93281000-k@@@ WHERE pro_codigo_plu=12601','',2,'2013-09-26'),(69862,'UPDATE mae_productos SET pro_precio_compra_bruto=152.54,pro_margen_actual=(pro_precio_venta-152.54)/152.54 * 100,pro_ultima_compra=@@@2013.09.26@@@,pro_ultimo_proveedor=@@@93281000-k@@@ WHERE pro_codigo_plu=765075','',2,'2013-09-26'),(69863,'UPDATE mae_productos SET pro_precio_compra_bruto=152.54,pro_margen_actual=(pro_precio_venta-152.54)/152.54 * 100,pro_ultima_compra=@@@2013.09.26@@@,pro_ultimo_proveedor=@@@93281000-k@@@ WHERE pro_codigo_plu=765076','',2,'2013-09-26'),(69864,'UPDATE mae_productos SET pro_precio_compra_bruto=152.54,pro_margen_actual=(pro_precio_venta-152.54)/152.54 * 100,pro_ultima_compra=@@@2013.09.26@@@,pro_ultimo_proveedor=@@@93281000-k@@@ WHERE pro_codigo_plu=780721272','',2,'2013-09-26'),(69865,'UPDATE mae_productos SET pro_precio_compra_bruto=152.54,pro_margen_actual=(pro_precio_venta-152.54)/152.54 * 100,pro_ultima_compra=@@@2013.09.26@@@,pro_ultimo_proveedor=@@@93281000-k@@@ WHERE pro_codigo_plu=763449','',2,'2013-09-26'),(69866,'UPDATE mae_productos SET pro_precio_compra_bruto=389,pro_margen_actual=(pro_precio_venta-389)/389 * 100,pro_ultima_compra=@@@2013.09.26@@@,pro_ultimo_proveedor=@@@93281000-k@@@ WHERE pro_codigo_plu=17345','',2,'2013-09-26'),(69867,'UPDATE mae_productos SET pro_precio_compra_bruto=551,pro_margen_actual=(pro_precio_venta-551)/551 * 100,pro_ultima_compra=@@@2013.09.26@@@,pro_ultimo_proveedor=@@@93281000-k@@@ WHERE pro_codigo_plu=17211','',2,'2013-09-26'),(69868,'UPDATE mae_productos SET pro_precio_compra_bruto=697.08,pro_margen_actual=(pro_precio_venta-697.08)/697.08 * 100,pro_ultima_compra=@@@2013.09.26@@@,pro_ultimo_proveedor=@@@93281000-k@@@ WHERE pro_codigo_plu=17203','',2,'2013-09-26'),(69869,'UPDATE mae_productos SET pro_precio_compra_bruto=697.12,pro_margen_actual=(pro_precio_venta-697.12)/697.12 * 100,pro_ultima_compra=@@@2013.09.26@@@,pro_ultimo_proveedor=@@@93281000-k@@@ WHERE pro_codigo_plu=17332','',2,'2013-09-26'),(69870,'UPDATE mae_productos SET pro_precio_compra_bruto=824.43,pro_margen_actual=(pro_precio_venta-824.43)/824.43 * 100,pro_ultima_compra=@@@2013.09.26@@@,pro_ultimo_proveedor=@@@93281000-k@@@ WHERE pro_codigo_plu=761540','',2,'2013-09-26'),(69871,'UPDATE mae_productos SET pro_precio_compra_bruto=508.41,pro_margen_actual=(pro_precio_venta-508.41)/508.41 * 100,pro_ultima_compra=@@@2013.09.26@@@,pro_ultimo_proveedor=@@@93281000-k@@@ WHERE pro_codigo_plu=12600','',2,'2013-09-26'),(69872,'UPDATE mae_productos SET pro_precio_compra_bruto=508.5,pro_margen_actual=(pro_precio_venta-508.5)/508.5 * 100,pro_ultima_compra=@@@2013.09.26@@@,pro_ultimo_proveedor=@@@93281000-k@@@ WHERE pro_codigo_plu=763381','',2,'2013-09-26'),(69873,'UPDATE mae_productos SET pro_precio_compra_bruto=785,pro_margen_actual=(pro_precio_venta-785)/785 * 100,pro_ultima_compra=@@@2013.09.26@@@,pro_ultimo_proveedor=@@@93281000-k@@@ WHERE pro_codigo_plu=17333','',2,'2013-09-26'),(69874,'UPDATE mae_productos SET pro_precio_compra_bruto=1235.93,pro_margen_actual=(pro_precio_venta-1235.93)/1235.93 * 100,pro_ultima_compra=@@@2013.09.26@@@,pro_ultimo_proveedor=@@@93281000-k@@@ WHERE pro_codigo_plu=262404','',2,'2013-09-26'),(69875,'UPDATE mae_productos SET pro_precio_compra_bruto=275,pro_margen_actual=(pro_precio_venta-275)/275 * 100,pro_ultima_compra=@@@2013.09.26@@@,pro_ultimo_proveedor=@@@93281000-k@@@ WHERE pro_codigo_plu=17456','',2,'2013-09-26'),(69876,'UPDATE mae_productos SET pro_precio_compra_bruto=500,pro_margen_actual=(pro_precio_venta-500)/500 * 100,pro_ultima_compra=@@@2013.09.26@@@,pro_ultimo_proveedor=@@@93281000-k@@@ WHERE pro_codigo_plu=17454','',2,'2013-09-26'),(69877,'UPDATE mae_productos SET pro_precio_compra_bruto=1272.26,pro_margen_actual=(pro_precio_venta-1272.26)/1272.26 * 100,pro_ultima_compra=@@@2013.09.26@@@,pro_ultimo_proveedor=@@@93281000-k@@@ WHERE pro_codigo_plu=763370','',2,'2013-09-26'),(69878,'INSERT INTO gne_vale_ferreteria (vfe_id,vfe_fecha,vfe_total,vfe_estado,vfe_entregado,usu_nusuario) VALUES (12126,@@@2013.09.26@@@,200,1,0,@@@G_DIAZ@@@)','',2,'2013-09-26'),(69879,'INSERT INTO gne_vale_ferreteria_mov (vfe_id,pro_codigo_plu,vfm_cantidad,vfm_unitario,vfm_total,vfm_entregado) VALUES (12126,78017233,2,100,200,@@@NO@@@)','',2,'2013-09-26'),(69880,'INSERT INTO gne_vale_ferreteria (vfe_id,vfe_fecha,vfe_total,vfe_estado,vfe_entregado,usu_nusuario) VALUES (12127,@@@2013.09.26@@@,100,1,0,@@@G_DIAZ@@@)','',2,'2013-09-26'),(69881,'INSERT INTO gne_vale_ferreteria_mov (vfe_id,pro_codigo_plu,vfm_cantidad,vfm_unitario,vfm_total,vfm_entregado) VALUES (12127,764833,10,10,100,@@@NO@@@)','',2,'2013-09-26'),(69882,'UPDATE mae_productos SET pro_precio_compra_bruto=4640.96,pro_margen_actual=(pro_precio_venta-4640.96)/4640.96 * 100,pro_ultima_compra=@@@2013.09.26@@@,pro_ultimo_proveedor=@@@80186300-0@@@ WHERE pro_codigo_plu=332','',2,'2013-09-26'),(69883,'UPDATE mae_productos SET pro_precio_compra_bruto=4771.9,pro_margen_actual=(pro_precio_venta-4771.9)/4771.9 * 100,pro_ultima_compra=@@@2013.09.26@@@,pro_ultimo_proveedor=@@@80186300-0@@@ WHERE pro_codigo_plu=329','',2,'2013-09-26'),(69884,'UPDATE mae_productos SET pro_precio_compra_bruto=3332.07,pro_margen_actual=(pro_precio_venta-3332.07)/3332.07 * 100,pro_ultima_compra=@@@2013.09.26@@@,pro_ultimo_proveedor=@@@80186300-0@@@ WHERE pro_codigo_plu=312','',2,'2013-09-26'),(69885,'UPDATE mae_productos SET pro_precio_compra_bruto=2380,pro_margen_actual=(pro_precio_venta-2380)/2380 * 100,pro_ultima_compra=@@@2013.09.26@@@,pro_ultimo_proveedor=@@@80186300-0@@@ WHERE pro_codigo_plu=335','',2,'2013-09-26'),(69886,'UPDATE mae_productos SET pro_precio_compra_bruto=1190,pro_margen_actual=(pro_precio_venta-1190)/1190 * 100,pro_ultima_compra=@@@2013.09.26@@@,pro_ultimo_proveedor=@@@80186300-0@@@ WHERE pro_codigo_plu=352','',2,'2013-09-26'),(69887,'UPDATE mae_productos SET pro_precio_compra_bruto=1844.62,pro_margen_actual=(pro_precio_venta-1844.62)/1844.62 * 100,pro_ultima_compra=@@@2013.09.26@@@,pro_ultimo_proveedor=@@@80186300-0@@@ WHERE pro_codigo_plu=315','',2,'2013-09-26'),(69888,'UPDATE mae_productos SET pro_precio_compra_bruto=4141.2,pro_margen_actual=(pro_precio_venta-4141.2)/4141.2 * 100,pro_ultima_compra=@@@2013.09.26@@@,pro_ultimo_proveedor=@@@80186300-0@@@ WHERE pro_codigo_plu=401','',2,'2013-09-26'),(69889,'UPDATE mae_productos SET pro_precio_compra_bruto=2308.35,pro_margen_actual=(pro_precio_venta-2308.35)/2308.35 * 100,pro_ultima_compra=@@@2013.09.26@@@,pro_ultimo_proveedor=@@@80186300-0@@@ WHERE pro_codigo_plu=317','',2,'2013-09-26'),(69890,'UPDATE mae_productos SET pro_precio_compra_bruto=97.92,pro_margen_actual=(pro_precio_venta-97.92)/97.92 * 100,pro_ultima_compra=@@@2013.09.26@@@,pro_ultimo_proveedor=@@@80186300-0@@@ WHERE pro_codigo_plu=761480','',2,'2013-09-26'),(69891,'INSERT INTO gne_vale_ferreteria (vfe_id,vfe_fecha,vfe_total,vfe_estado,vfe_entregado,usu_nusuario) VALUES (12128,@@@2013.09.26@@@,400,1,0,@@@G_DIAZ@@@)','',2,'2013-09-26'),(69892,'INSERT INTO gne_vale_ferreteria_mov (vfe_id,pro_codigo_plu,vfm_cantidad,vfm_unitario,vfm_total,vfm_entregado) VALUES (12128,78017164,4,100,400,@@@NO@@@)','',2,'2013-09-26'),(69893,'INSERT INTO gne_vale_ferreteria (vfe_id,vfe_fecha,vfe_total,vfe_estado,vfe_entregado,usu_nusuario) VALUES (12129,@@@2013.09.26@@@,200,1,0,@@@G_DIAZ@@@)','',2,'2013-09-26'),(69894,'INSERT INTO gne_vale_ferreteria_mov (vfe_id,pro_codigo_plu,vfm_cantidad,vfm_unitario,vfm_total,vfm_entregado) VALUES (12129,764572,2,100,200,@@@NO@@@)','',2,'2013-09-26'),(69895,'INSERT INTO gne_vale_ferreteria (vfe_id,vfe_fecha,vfe_total,vfe_estado,vfe_entregado,usu_nusuario) VALUES (12130,@@@2013.09.26@@@,240,1,0,@@@G_DIAZ@@@)','',2,'2013-09-26'),(69896,'INSERT INTO gne_vale_ferreteria_mov (vfe_id,pro_codigo_plu,vfm_cantidad,vfm_unitario,vfm_total,vfm_entregado) VALUES (12130,8022,1,120,120,@@@NO@@@)','',2,'2013-09-26'),(69897,'INSERT INTO gne_vale_ferreteria_mov (vfe_id,pro_codigo_plu,vfm_cantidad,vfm_unitario,vfm_total,vfm_entregado) VALUES (12130,764160,1,120,120,@@@NO@@@)','',2,'2013-09-26'),(69898,'UPDATE mae_productos SET pro_precio_compra_bruto=15748,pro_margen_actual=(pro_precio_venta-15748)/15748 * 100,pro_ultima_compra=@@@2013.09.26@@@,pro_ultimo_proveedor=@@@86379600-8@@@ WHERE pro_codigo_plu=764420','',2,'2013-09-26'),(69899,'UPDATE mae_productos SET pro_precio_compra_bruto=4190.69,pro_margen_actual=(pro_precio_venta-4190.69)/4190.69 * 100,pro_ultima_compra=@@@2013.09.26@@@,pro_ultimo_proveedor=@@@86379600-8@@@ WHERE pro_codigo_plu=764410','',2,'2013-09-26'),(69900,'UPDATE mae_productos SET pro_precio_compra_bruto=2402.54,pro_margen_actual=(pro_precio_venta-2402.54)/2402.54 * 100,pro_ultima_compra=@@@2013.09.26@@@,pro_ultimo_proveedor=@@@86379600-8@@@ WHERE pro_codigo_plu=764409','',2,'2013-09-26'),(69901,'UPDATE mae_productos SET pro_precio_compra_bruto=1454.1,pro_margen_actual=(pro_precio_venta-1454.1)/1454.1 * 100,pro_ultima_compra=@@@2013.09.26@@@,pro_ultimo_proveedor=@@@86379600-8@@@ WHERE pro_codigo_plu=764408','',2,'2013-09-26'),(69902,'UPDATE mae_productos SET pro_precio_compra_bruto=496.49,pro_margen_actual=(pro_precio_venta-496.49)/496.49 * 100,pro_ultima_compra=@@@2013.09.26@@@,pro_ultimo_proveedor=@@@86379600-8@@@ WHERE pro_codigo_plu=763287','',2,'2013-09-26'),(69903,'UPDATE mae_productos SET pro_precio_compra_bruto=3653.3,pro_margen_actual=(pro_precio_venta-3653.3)/3653.3 * 100,pro_ultima_compra=@@@2013.09.26@@@,pro_ultimo_proveedor=@@@76170432-k@@@ WHERE pro_codigo_plu=408','',2,'2013-09-26'),(69904,'UPDATE mae_productos SET pro_precio_compra_bruto=3819.9,pro_margen_actual=(pro_precio_venta-3819.9)/3819.9 * 100,pro_ultima_compra=@@@2013.09.26@@@,pro_ultimo_proveedor=@@@76170432-k@@@ WHERE pro_codigo_plu=409','',2,'2013-09-26'),(69905,'UPDATE mae_productos SET pro_precio_compra_bruto=3522.3,pro_margen_actual=(pro_precio_venta-3522.3)/3522.3 * 100,pro_ultima_compra=@@@2013.09.26@@@,pro_ultimo_proveedor=@@@76170432-k@@@ WHERE pro_codigo_plu=410','',2,'2013-09-26'),(69906,'UPDATE mae_productos SET pro_precio_compra_bruto=379.61,pro_margen_actual=(pro_precio_venta-379.61)/379.61 * 100,pro_ultima_compra=@@@2013.09.26@@@,pro_ultimo_proveedor=@@@76170432-k@@@ WHERE pro_codigo_plu=780721404','',2,'2013-09-26'),(69907,'UPDATE mae_productos SET pro_precio_compra_bruto=102.34,pro_margen_actual=(pro_precio_venta-102.34)/102.34 * 100,pro_ultima_compra=@@@2013.09.26@@@,pro_ultimo_proveedor=@@@76170432-k@@@ WHERE pro_codigo_plu=16901','',2,'2013-09-26'),(69908,'UPDATE mae_productos SET pro_precio_compra_bruto=102.34,pro_margen_actual=(pro_precio_venta-102.34)/102.34 * 100,pro_ultima_compra=@@@2013.09.26@@@,pro_ultimo_proveedor=@@@76170432-k@@@ WHERE pro_codigo_plu=16900','',2,'2013-09-26'),(69909,'UPDATE mae_productos SET pro_precio_compra_bruto=102.34,pro_margen_actual=(pro_precio_venta-102.34)/102.34 * 100,pro_ultima_compra=@@@2013.09.26@@@,pro_ultimo_proveedor=@@@76170432-k@@@ WHERE pro_codigo_plu=16897','',2,'2013-09-26'),(69910,'UPDATE mae_productos SET pro_precio_compra_bruto=102.34,pro_margen_actual=(pro_precio_venta-102.34)/102.34 * 100,pro_ultima_compra=@@@2013.09.26@@@,pro_ultimo_proveedor=@@@76170432-k@@@ WHERE pro_codigo_plu=16899','',2,'2013-09-26'),(69911,'UPDATE mae_productos SET pro_precio_compra_bruto=217.77,pro_margen_actual=(pro_precio_venta-217.77)/217.77 * 100,pro_ultima_compra=@@@2013.09.26@@@,pro_ultimo_proveedor=@@@76170432-k@@@ WHERE pro_codigo_plu=262072','',2,'2013-09-26'),(69912,'UPDATE mae_productos SET pro_precio_compra_bruto=217.77,pro_margen_actual=(pro_precio_venta-217.77)/217.77 * 100,pro_ultima_compra=@@@2013.09.26@@@,pro_ultimo_proveedor=@@@76170432-k@@@ WHERE pro_codigo_plu=101640','',2,'2013-09-26'),(69913,'UPDATE mae_productos SET pro_precio_compra_bruto=217.77,pro_margen_actual=(pro_precio_venta-217.77)/217.77 * 100,pro_ultima_compra=@@@2013.09.26@@@,pro_ultimo_proveedor=@@@76170432-k@@@ WHERE pro_codigo_plu=780721415','',2,'2013-09-26'),(69914,'INSERT INTO gne_vale_ferreteria (vfe_id,vfe_fecha,vfe_total,vfe_estado,vfe_entregado,usu_nusuario) VALUES (12131,@@@2013.09.26@@@,300,1,0,@@@G_DIAZ@@@)','',2,'2013-09-26'),(69915,'INSERT INTO gne_vale_ferreteria_mov (vfe_id,pro_codigo_plu,vfm_cantidad,vfm_unitario,vfm_total,vfm_entregado) VALUES (12131,78017049,1,300,300,@@@NO@@@)','',2,'2013-09-26'),(69916,'INSERT INTO gne_vale_ferreteria (vfe_id,vfe_fecha,vfe_total,vfe_estado,vfe_entregado,usu_nusuario) VALUES (12132,@@@2013.09.26@@@,790,1,0,@@@G_DIAZ@@@)','',2,'2013-09-26'),(69917,'INSERT INTO gne_vale_ferreteria_mov (vfe_id,pro_codigo_plu,vfm_cantidad,vfm_unitario,vfm_total,vfm_entregado) VALUES (12132,101104,1,790,790,@@@NO@@@)','',2,'2013-09-26'),(69918,'INSERT INTO gne_vale_ferreteria (vfe_id,vfe_fecha,vfe_total,vfe_estado,vfe_entregado,usu_nusuario) VALUES (12133,@@@2013.09.26@@@,750,1,0,@@@G_DIAZ@@@)','',2,'2013-09-26'),(69919,'INSERT INTO gne_vale_ferreteria_mov (vfe_id,pro_codigo_plu,vfm_cantidad,vfm_unitario,vfm_total,vfm_entregado) VALUES (12133,2004,1,300,300,@@@NO@@@)','',2,'2013-09-26'),(69920,'INSERT INTO gne_vale_ferreteria_mov (vfe_id,pro_codigo_plu,vfm_cantidad,vfm_unitario,vfm_total,vfm_entregado) VALUES (12133,764016,1,450,450,@@@NO@@@)','',2,'2013-09-26'),(69921,'INSERT INTO gne_vale_ferreteria (vfe_id,vfe_fecha,vfe_total,vfe_estado,vfe_entregado,usu_nusuario) VALUES (12134,@@@2013.09.26@@@,490,1,0,@@@G_DIAZ@@@)','',2,'2013-09-26'),(69922,'INSERT INTO gne_vale_ferreteria_mov (vfe_id,pro_codigo_plu,vfm_cantidad,vfm_unitario,vfm_total,vfm_entregado) VALUES (12134,4127,1,490,490,@@@NO@@@)','',2,'2013-09-26'),(69923,'UPDATE mae_productos SET pro_precio_compra_bruto=376.83,pro_margen_actual=(pro_precio_venta-376.83)/376.83 * 100,pro_ultima_compra=@@@2013.09.26@@@,pro_ultimo_proveedor=@@@79984240-8@@@ WHERE pro_codigo_plu=18588','',2,'2013-09-26'),(69924,'UPDATE mae_productos SET pro_precio_compra_bruto=1189,pro_margen_actual=(pro_precio_venta-1189)/1189 * 100,pro_ultima_compra=@@@2013.09.26@@@,pro_ultimo_proveedor=@@@79984240-8@@@ WHERE pro_codigo_plu=18559','',2,'2013-09-26'),(69925,'UPDATE mae_productos SET pro_precio_compra_bruto=376.83,pro_margen_actual=(pro_precio_venta-376.83)/376.83 * 100,pro_ultima_compra=@@@2013.09.26@@@,pro_ultimo_proveedor=@@@79984240-8@@@ WHERE pro_codigo_plu=18556','',2,'2013-09-26'),(69926,'UPDATE mae_productos SET pro_precio_compra_bruto=1191.58,pro_margen_actual=(pro_precio_venta-1191.58)/1191.58 * 100,pro_ultima_compra=@@@2013.09.26@@@,pro_ultimo_proveedor=@@@79984240-8@@@ WHERE pro_codigo_plu=18557','',2,'2013-09-26'),(69927,'UPDATE mae_productos SET pro_precio_compra_bruto=1711.07,pro_margen_actual=(pro_precio_venta-1711.07)/1711.07 * 100,pro_ultima_compra=@@@2013.09.26@@@,pro_ultimo_proveedor=@@@79984240-8@@@ WHERE pro_codigo_plu=316','',2,'2013-09-26'),(69928,'UPDATE mae_productos SET pro_precio_compra_bruto=2436.48,pro_margen_actual=(pro_precio_venta-2436.48)/2436.48 * 100,pro_ultima_compra=@@@2013.09.26@@@,pro_ultimo_proveedor=@@@79984240-8@@@ WHERE pro_codigo_plu=302','',2,'2013-09-26'),(69929,'UPDATE mae_productos SET pro_precio_compra_bruto=1309,pro_margen_actual=(pro_precio_venta-1309)/1309 * 100,pro_ultima_compra=@@@2013.09.26@@@,pro_ultimo_proveedor=@@@79984240-8@@@ WHERE pro_codigo_plu=360','',2,'2013-09-26'),(69930,'UPDATE mae_productos SET pro_precio_compra_bruto=3034.4,pro_margen_actual=(pro_precio_venta-3034.4)/3034.4 * 100,pro_ultima_compra=@@@2013.09.26@@@,pro_ultimo_proveedor=@@@79984240-8@@@ WHERE pro_codigo_plu=344','',2,'2013-09-26'),(69931,'INSERT INTO gne_vale_ferreteria (vfe_id,vfe_fecha,vfe_total,vfe_estado,vfe_entregado,usu_nusuario) VALUES (12135,@@@2013.09.26@@@,370,1,0,@@@G_DIAZ@@@)','',2,'2013-09-26'),(69932,'INSERT INTO gne_vale_ferreteria_mov (vfe_id,pro_codigo_plu,vfm_cantidad,vfm_unitario,vfm_total,vfm_entregado) VALUES (12135,102408,1,370,370,@@@NO@@@)','',2,'2013-09-26'),(69933,'INSERT INTO gne_vale_ferreteria (vfe_id,vfe_fecha,vfe_total,vfe_estado,vfe_entregado,usu_nusuario) VALUES (12136,@@@2013.09.26@@@,4120,1,0,@@@G_DIAZ@@@)','',2,'2013-09-26'),(69934,'INSERT INTO gne_vale_ferreteria_mov (vfe_id,pro_codigo_plu,vfm_cantidad,vfm_unitario,vfm_total,vfm_entregado) VALUES (12136,19916,2,540,1080,@@@NO@@@)','',2,'2013-09-26'),(69935,'INSERT INTO gne_vale_ferreteria_mov (vfe_id,pro_codigo_plu,vfm_cantidad,vfm_unitario,vfm_total,vfm_entregado) VALUES (12136,763891,1,1150,1150,@@@NO@@@)','',2,'2013-09-26'),(69936,'INSERT INTO gne_vale_ferreteria_mov (vfe_id,pro_codigo_plu,vfm_cantidad,vfm_unitario,vfm_total,vfm_entregado) VALUES (12136,20516,1,1890,1890,@@@NO@@@)','',2,'2013-09-26'),(69937,'UPDATE mae_productos SET pro_precio_compra_bruto=235.62,pro_margen_actual=(pro_precio_venta-235.62)/235.62 * 100,pro_ultima_compra=@@@2013.09.26@@@,pro_ultimo_proveedor=@@@79984240-8@@@ WHERE pro_codigo_plu=19755','',2,'2013-09-26'),(69938,'UPDATE mae_productos SET pro_precio_compra_bruto=247.52,pro_margen_actual=(pro_precio_venta-247.52)/247.52 * 100,pro_ultima_compra=@@@2013.09.26@@@,pro_ultimo_proveedor=@@@79984240-8@@@ WHERE pro_codigo_plu=19768','',2,'2013-09-26'),(69939,'UPDATE mae_productos SET pro_precio_compra_bruto=340.34,pro_margen_actual=(pro_precio_venta-340.34)/340.34 * 100,pro_ultima_compra=@@@2013.09.26@@@,pro_ultimo_proveedor=@@@79984240-8@@@ WHERE pro_codigo_plu=765077','',2,'2013-09-26'),(69940,'UPDATE mae_productos SET pro_precio_compra_bruto=151.13,pro_margen_actual=(pro_precio_venta-151.13)/151.13 * 100,pro_ultima_compra=@@@2013.09.26@@@,pro_ultimo_proveedor=@@@79984240-8@@@ WHERE pro_codigo_plu=763548','',2,'2013-09-26'),(69941,'UPDATE mae_productos SET pro_precio_compra_bruto=247.52,pro_margen_actual=(pro_precio_venta-247.52)/247.52 * 100,pro_ultima_compra=@@@2013.09.26@@@,pro_ultimo_proveedor=@@@79984240-8@@@ WHERE pro_codigo_plu=19695','',2,'2013-09-26'),(69942,'UPDATE mae_productos SET pro_precio_compra_bruto=696.15,pro_margen_actual=(pro_precio_venta-696.15)/696.15 * 100,pro_ultima_compra=@@@2013.09.26@@@,pro_ultimo_proveedor=@@@79984240-8@@@ WHERE pro_codigo_plu=11572','',2,'2013-09-26'),(69943,'UPDATE mae_productos SET pro_precio_compra_bruto=1344.7,pro_margen_actual=(pro_precio_venta-1344.7)/1344.7 * 100,pro_ultima_compra=@@@2013.09.26@@@,pro_ultimo_proveedor=@@@79984240-8@@@ WHERE pro_codigo_plu=763554','',2,'2013-09-26'),(69944,'UPDATE mae_productos SET pro_precio_compra_bruto=1314.95,pro_margen_actual=(pro_precio_venta-1314.95)/1314.95 * 100,pro_ultima_compra=@@@2013.09.26@@@,pro_ultimo_proveedor=@@@79984240-8@@@ WHERE pro_codigo_plu=327','',2,'2013-09-26'),(69945,'UPDATE mae_productos SET pro_precio_compra_bruto=123.76,pro_margen_actual=(pro_precio_venta-123.76)/123.76 * 100,pro_ultima_compra=@@@2013.09.26@@@,pro_ultimo_proveedor=@@@79984240-8@@@ WHERE pro_codigo_plu=19733','',2,'2013-09-26'),(69946,'UPDATE mae_productos SET pro_precio_compra_bruto=247.52,pro_margen_actual=(pro_precio_venta-247.52)/247.52 * 100,pro_ultima_compra=@@@2013.09.26@@@,pro_ultimo_proveedor=@@@79984240-8@@@ WHERE pro_codigo_plu=19681','',2,'2013-09-26'),(69947,'UPDATE mae_productos SET pro_precio_compra_bruto=1858.78,pro_margen_actual=(pro_precio_venta-1858.78)/1858.78 * 100,pro_ultima_compra=@@@2013.09.26@@@,pro_ultimo_proveedor=@@@79984240-8@@@ WHERE pro_codigo_plu=780721255','',2,'2013-09-26'),(69948,'UPDATE mae_productos SET pro_precio_compra_bruto=268.94,pro_margen_actual=(pro_precio_venta-268.94)/268.94 * 100,pro_ultima_compra=@@@2013.09.26@@@,pro_ultimo_proveedor=@@@79984240-8@@@ WHERE pro_codigo_plu=763552','',2,'2013-09-26'),(69949,'UPDATE mae_productos SET pro_precio_compra_bruto=247.52,pro_margen_actual=(pro_precio_venta-247.52)/247.52 * 100,pro_ultima_compra=@@@2013.09.26@@@,pro_ultimo_proveedor=@@@79984240-8@@@ WHERE pro_codigo_plu=19677','',2,'2013-09-26'),(69950,'UPDATE mae_productos SET pro_precio_compra_bruto=249.9,pro_margen_actual=(pro_precio_venta-249.9)/249.9 * 100,pro_ultima_compra=@@@2013.09.26@@@,pro_ultimo_proveedor=@@@79984240-8@@@ WHERE pro_codigo_plu=11116','',2,'2013-09-26'),(69951,'UPDATE mae_productos SET pro_precio_compra_bruto=2558.5,pro_margen_actual=(pro_precio_venta-2558.5)/2558.5 * 100,pro_ultima_compra=@@@2013.09.26@@@,pro_ultimo_proveedor=@@@79984240-8@@@ WHERE pro_codigo_plu=780721731','',2,'2013-09-26'),(69952,'INSERT INTO gne_vale_ferreteria (vfe_id,vfe_fecha,vfe_total,vfe_estado,vfe_entregado,usu_nusuario) VALUES (12137,@@@2013.09.26@@@,160,1,0,@@@G_DIAZ@@@)','',2,'2013-09-26'),(69953,'INSERT INTO gne_vale_ferreteria_mov (vfe_id,pro_codigo_plu,vfm_cantidad,vfm_unitario,vfm_total,vfm_entregado) VALUES (12137,764833,4,10,40,@@@NO@@@)','',2,'2013-09-26'),(69954,'INSERT INTO gne_vale_ferreteria_mov (vfe_id,pro_codigo_plu,vfm_cantidad,vfm_unitario,vfm_total,vfm_entregado) VALUES (12137,78017204,1,120,120,@@@NO@@@)','',2,'2013-09-26'),(69955,'INSERT INTO gne_vale_ferreteria (vfe_id,vfe_fecha,vfe_total,vfe_estado,vfe_entregado,usu_nusuario) VALUES (12138,@@@2013.09.26@@@,120,1,0,@@@G_DIAZ@@@)','',2,'2013-09-26'),(69956,'INSERT INTO gne_vale_ferreteria_mov (vfe_id,pro_codigo_plu,vfm_cantidad,vfm_unitario,vfm_total,vfm_entregado) VALUES (12138,780721141,1,120,120,@@@NO@@@)','',2,'2013-09-26'),(69957,'INSERT INTO gne_vale_ferreteria (vfe_id,vfe_fecha,vfe_total,vfe_estado,vfe_entregado,usu_nusuario) VALUES (12139,@@@2013.09.26@@@,3090,1,0,@@@G_DIAZ@@@)','',2,'2013-09-26'),(69958,'INSERT INTO gne_vale_ferreteria_mov (vfe_id,pro_codigo_plu,vfm_cantidad,vfm_unitario,vfm_total,vfm_entregado) VALUES (12139,764317,1,790,790,@@@NO@@@)','',2,'2013-09-26'),(69959,'INSERT INTO gne_vale_ferreteria_mov (vfe_id,pro_codigo_plu,vfm_cantidad,vfm_unitario,vfm_total,vfm_entregado) VALUES (12139,764318,1,720,720,@@@NO@@@)','',2,'2013-09-26'),(69960,'INSERT INTO gne_vale_ferreteria_mov (vfe_id,pro_codigo_plu,vfm_cantidad,vfm_unitario,vfm_total,vfm_entregado) VALUES (12139,780721674,1,790,790,@@@NO@@@)','',2,'2013-09-26'),(69961,'INSERT INTO gne_vale_ferreteria_mov (vfe_id,pro_codigo_plu,vfm_cantidad,vfm_unitario,vfm_total,vfm_entregado) VALUES (12139,780721675,1,790,790,@@@NO@@@)','',2,'2013-09-26'),(69962,'UPDATE mae_productos SET pro_precio_compra_bruto=3689,pro_margen_actual=(pro_precio_venta-3689)/3689 * 100,pro_ultima_compra=@@@2013.09.26@@@,pro_ultimo_proveedor=@@@79953750-8@@@ WHERE pro_codigo_plu=211','',2,'2013-09-26'),(69963,'UPDATE mae_productos SET pro_precio_compra_bruto=3629.5,pro_margen_actual=(pro_precio_venta-3629.5)/3629.5 * 100,pro_ultima_compra=@@@2013.09.26@@@,pro_ultimo_proveedor=@@@79953750-8@@@ WHERE pro_codigo_plu=367','',2,'2013-09-26'),(69964,'INSERT INTO gne_vale_ferreteria (vfe_id,vfe_fecha,vfe_total,vfe_estado,vfe_entregado,usu_nusuario) VALUES (12140,@@@2013.09.26@@@,1060,1,0,@@@G_DIAZ@@@)','',2,'2013-09-26'),(69965,'INSERT INTO gne_vale_ferreteria_mov (vfe_id,pro_codigo_plu,vfm_cantidad,vfm_unitario,vfm_total,vfm_entregado) VALUES (12140,19804,1,690,690,@@@NO@@@)','',2,'2013-09-26'),(69966,'INSERT INTO gne_vale_ferreteria_mov (vfe_id,pro_codigo_plu,vfm_cantidad,vfm_unitario,vfm_total,vfm_entregado) VALUES (12140,102408,1,370,370,@@@NO@@@)','',2,'2013-09-26'),(69967,'UPDATE mae_productos SET pro_precio_compra_bruto=118.97,pro_margen_actual=(pro_precio_venta-118.97)/118.97 * 100,pro_ultima_compra=@@@2013.09.26@@@,pro_ultimo_proveedor=@@@96591040-9@@@ WHERE pro_codigo_plu=11271','',2,'2013-09-26'),(69968,'UPDATE mae_productos SET pro_precio_compra_bruto=118.97,pro_margen_actual=(pro_precio_venta-118.97)/118.97 * 100,pro_ultima_compra=@@@2013.09.26@@@,pro_ultimo_proveedor=@@@96591040-9@@@ WHERE pro_codigo_plu=11272','',2,'2013-09-26'),(69969,'UPDATE mae_productos SET pro_precio_compra_bruto=118.97,pro_margen_actual=(pro_precio_venta-118.97)/118.97 * 100,pro_ultima_compra=@@@2013.09.26@@@,pro_ultimo_proveedor=@@@96591040-9@@@ WHERE pro_codigo_plu=11390','',2,'2013-09-26'),(69970,'UPDATE mae_productos SET pro_precio_compra_bruto=118.97,pro_margen_actual=(pro_precio_venta-118.97)/118.97 * 100,pro_ultima_compra=@@@2013.09.26@@@,pro_ultimo_proveedor=@@@96591040-9@@@ WHERE pro_codigo_plu=11276','',2,'2013-09-26'),(69971,'UPDATE mae_productos SET pro_precio_compra_bruto=118.97,pro_margen_actual=(pro_precio_venta-118.97)/118.97 * 100,pro_ultima_compra=@@@2013.09.26@@@,pro_ultimo_proveedor=@@@96591040-9@@@ WHERE pro_codigo_plu=11393','',2,'2013-09-26'),(69972,'UPDATE mae_productos SET pro_precio_compra_bruto=118.97,pro_margen_actual=(pro_precio_venta-118.97)/118.97 * 100,pro_ultima_compra=@@@2013.09.26@@@,pro_ultimo_proveedor=@@@96591040-9@@@ WHERE pro_codigo_plu=11280','',2,'2013-09-26'),(69973,'UPDATE mae_productos SET pro_precio_compra_bruto=118.97,pro_margen_actual=(pro_precio_venta-118.97)/118.97 * 100,pro_ultima_compra=@@@2013.09.26@@@,pro_ultimo_proveedor=@@@96591040-9@@@ WHERE pro_codigo_plu=763474','',2,'2013-09-26'),(69974,'UPDATE mae_productos SET pro_precio_compra_bruto=118.97,pro_margen_actual=(pro_precio_venta-118.97)/118.97 * 100,pro_ultima_compra=@@@2013.09.26@@@,pro_ultimo_proveedor=@@@96591040-9@@@ WHERE pro_codigo_plu=11274','',2,'2013-09-26'),(69975,'UPDATE mae_productos SET pro_precio_compra_bruto=118.97,pro_margen_actual=(pro_precio_venta-118.97)/118.97 * 100,pro_ultima_compra=@@@2013.09.26@@@,pro_ultimo_proveedor=@@@96591040-9@@@ WHERE pro_codigo_plu=11273','',2,'2013-09-26'),(69976,'UPDATE mae_productos SET pro_precio_compra_bruto=118.97,pro_margen_actual=(pro_precio_venta-118.97)/118.97 * 100,pro_ultima_compra=@@@2013.09.26@@@,pro_ultimo_proveedor=@@@96591040-9@@@ WHERE pro_codigo_plu=11308','',2,'2013-09-26'),(69977,'UPDATE mae_productos SET pro_precio_compra_bruto=118.97,pro_margen_actual=(pro_precio_venta-118.97)/118.97 * 100,pro_ultima_compra=@@@2013.09.26@@@,pro_ultimo_proveedor=@@@96591040-9@@@ WHERE pro_codigo_plu=11275','',2,'2013-09-26'),(69978,'UPDATE mae_productos SET pro_precio_compra_bruto=118.97,pro_margen_actual=(pro_precio_venta-118.97)/118.97 * 100,pro_ultima_compra=@@@2013.09.26@@@,pro_ultimo_proveedor=@@@96591040-9@@@ WHERE pro_codigo_plu=780721495','',2,'2013-09-26'),(69979,'UPDATE mae_productos SET pro_precio_compra_bruto=118.97,pro_margen_actual=(pro_precio_venta-118.97)/118.97 * 100,pro_ultima_compra=@@@2013.09.26@@@,pro_ultimo_proveedor=@@@96591040-9@@@ WHERE pro_codigo_plu=780721496','',2,'2013-09-26'),(69980,'UPDATE mae_productos SET pro_precio_compra_bruto=118.97,pro_margen_actual=(pro_precio_venta-118.97)/118.97 * 100,pro_ultima_compra=@@@2013.09.26@@@,pro_ultimo_proveedor=@@@96591040-9@@@ WHERE pro_codigo_plu=780721071','',2,'2013-09-26'),(69981,'UPDATE mae_productos SET pro_precio_compra_bruto=118.97,pro_margen_actual=(pro_precio_venta-118.97)/118.97 * 100,pro_ultima_compra=@@@2013.09.26@@@,pro_ultimo_proveedor=@@@96591040-9@@@ WHERE pro_codigo_plu=780721072','',2,'2013-09-26'),(69982,'UPDATE mae_productos SET pro_precio_compra_bruto=118.97,pro_margen_actual=(pro_precio_venta-118.97)/118.97 * 100,pro_ultima_compra=@@@2013.09.26@@@,pro_ultimo_proveedor=@@@96591040-9@@@ WHERE pro_codigo_plu=11277','',2,'2013-09-26'),(69983,'INSERT INTO gne_vale_ferreteria (vfe_id,vfe_fecha,vfe_total,vfe_estado,vfe_entregado,usu_nusuario) VALUES (12141,@@@2013.09.26@@@,560,1,0,@@@G_DIAZ@@@)','',2,'2013-09-26'),(69984,'INSERT INTO gne_vale_ferreteria_mov (vfe_id,pro_codigo_plu,vfm_cantidad,vfm_unitario,vfm_total,vfm_entregado) VALUES (12141,102261,1,300,300,@@@NO@@@)','',2,'2013-09-26'),(69985,'INSERT INTO gne_vale_ferreteria_mov (vfe_id,pro_codigo_plu,vfm_cantidad,vfm_unitario,vfm_total,vfm_entregado) VALUES (12141,15948,2,130,260,@@@NO@@@)','',2,'2013-09-26'),(69986,'INSERT INTO gne_vale_ferreteria (vfe_id,vfe_fecha,vfe_total,vfe_estado,vfe_entregado,usu_nusuario) VALUES (12142,@@@2013.09.26@@@,390,1,0,@@@G_DIAZ@@@)','',2,'2013-09-26'),(69987,'INSERT INTO gne_vale_ferreteria_mov (vfe_id,pro_codigo_plu,vfm_cantidad,vfm_unitario,vfm_total,vfm_entregado) VALUES (12142,764281,1,390,390,@@@NO@@@)','',2,'2013-09-26'),(69988,'INSERT INTO gne_vale_ferreteria (vfe_id,vfe_fecha,vfe_total,vfe_estado,vfe_entregado,usu_nusuario) VALUES (12143,@@@2013.09.26@@@,130,1,0,@@@G_DIAZ@@@)','',2,'2013-09-26'),(69989,'INSERT INTO gne_vale_ferreteria_mov (vfe_id,pro_codigo_plu,vfm_cantidad,vfm_unitario,vfm_total,vfm_entregado) VALUES (12143,764772,1,30,30,@@@NO@@@)','',2,'2013-09-26'),(69990,'INSERT INTO gne_vale_ferreteria_mov (vfe_id,pro_codigo_plu,vfm_cantidad,vfm_unitario,vfm_total,vfm_entregado) VALUES (12143,770063,1,100,100,@@@NO@@@)','',2,'2013-09-26'),(69991,'INSERT INTO gne_vale_ferreteria (vfe_id,vfe_fecha,vfe_total,vfe_estado,vfe_entregado,usu_nusuario) VALUES (12144,@@@2013.09.26@@@,500,1,0,@@@G_DIAZ@@@)','',2,'2013-09-26'),(69992,'INSERT INTO gne_vale_ferreteria_mov (vfe_id,pro_codigo_plu,vfm_cantidad,vfm_unitario,vfm_total,vfm_entregado) VALUES (12144,4083,1,300,300,@@@NO@@@)','',2,'2013-09-26'),(69993,'INSERT INTO gne_vale_ferreteria_mov (vfe_id,pro_codigo_plu,vfm_cantidad,vfm_unitario,vfm_total,vfm_entregado) VALUES (12144,770039,1,200,200,@@@NO@@@)','',2,'2013-09-26'),(69994,'INSERT INTO gne_vale_ferreteria (vfe_id,vfe_fecha,vfe_total,vfe_estado,vfe_entregado,usu_nusuario) VALUES (12145,@@@2013.09.26@@@,300,1,0,@@@G_DIAZ@@@)','',2,'2013-09-26'),(69995,'INSERT INTO gne_vale_ferreteria_mov (vfe_id,pro_codigo_plu,vfm_cantidad,vfm_unitario,vfm_total,vfm_entregado) VALUES (12145,770023,3,100,300,@@@NO@@@)','',2,'2013-09-26'),(69996,'INSERT INTO gne_vale_ferreteria (vfe_id,vfe_fecha,vfe_total,vfe_estado,vfe_entregado,usu_nusuario) VALUES (12146,@@@2013.09.26@@@,730,1,0,@@@G_DIAZ@@@)','',2,'2013-09-26'),(69997,'INSERT INTO gne_vale_ferreteria_mov (vfe_id,pro_codigo_plu,vfm_cantidad,vfm_unitario,vfm_total,vfm_entregado) VALUES (12146,770065,4,120,480,@@@NO@@@)','',2,'2013-09-26'),(69998,'INSERT INTO gne_vale_ferreteria_mov (vfe_id,pro_codigo_plu,vfm_cantidad,vfm_unitario,vfm_total,vfm_entregado) VALUES (12146,763802,1,250,250,@@@NO@@@)','',2,'2013-09-26'),(69999,'INSERT INTO gne_vale_ferreteria (vfe_id,vfe_fecha,vfe_total,vfe_estado,vfe_entregado,usu_nusuario) VALUES (12147,@@@2013.09.26@@@,400,1,0,@@@G_DIAZ@@@)','',2,'2013-09-26'),(70000,'INSERT INTO gne_vale_ferreteria_mov (vfe_id,pro_codigo_plu,vfm_cantidad,vfm_unitario,vfm_total,vfm_entregado) VALUES (12147,98100,4,100,400,@@@NO@@@)','',2,'2013-09-26'),(70001,'INSERT INTO gne_vale_ferreteria (vfe_id,vfe_fecha,vfe_total,vfe_estado,vfe_entregado,usu_nusuario) VALUES (12148,@@@2013.09.26@@@,200,1,0,@@@G_DIAZ@@@)','',2,'2013-09-26'),(70002,'INSERT INTO gne_vale_ferreteria_mov (vfe_id,pro_codigo_plu,vfm_cantidad,vfm_unitario,vfm_total,vfm_entregado) VALUES (12148,98100,2,100,200,@@@NO@@@)','',2,'2013-09-26'),(70003,'INSERT INTO gne_vale_ferreteria (vfe_id,vfe_fecha,vfe_total,vfe_estado,vfe_entregado,usu_nusuario) VALUES (12149,@@@2013.09.26@@@,200,1,0,@@@G_DIAZ@@@)','',2,'2013-09-26'),(70004,'INSERT INTO gne_vale_ferreteria_mov (vfe_id,pro_codigo_plu,vfm_cantidad,vfm_unitario,vfm_total,vfm_entregado) VALUES (12149,764833,20,10,200,@@@NO@@@)','',2,'2013-09-26'),(70005,'INSERT INTO gne_vale_ferreteria (vfe_id,vfe_fecha,vfe_total,vfe_estado,vfe_entregado,usu_nusuario) VALUES (12150,@@@2013.09.26@@@,100,1,0,@@@G_DIAZ@@@)','',2,'2013-09-26'),(70006,'INSERT INTO gne_vale_ferreteria_mov (vfe_id,pro_codigo_plu,vfm_cantidad,vfm_unitario,vfm_total,vfm_entregado) VALUES (12150,770063,1,100,100,@@@NO@@@)','',2,'2013-09-26'),(70007,'INSERT INTO gne_vale_ferreteria (vfe_id,vfe_fecha,vfe_total,vfe_estado,vfe_entregado,usu_nusuario) VALUES (12151,@@@2013.09.26@@@,490,1,0,@@@G_DIAZ@@@)','',2,'2013-09-26'),(70008,'INSERT INTO gne_vale_ferreteria_mov (vfe_id,pro_codigo_plu,vfm_cantidad,vfm_unitario,vfm_total,vfm_entregado) VALUES (12151,1552,1,490,490,@@@NO@@@)','',2,'2013-09-26'),(70009,'INSERT INTO gne_vale_ferreteria (vfe_id,vfe_fecha,vfe_total,vfe_estado,vfe_entregado,usu_nusuario) VALUES (12152,@@@2013.09.26@@@,1000,1,0,@@@G_DIAZ@@@)','',2,'2013-09-26'),(70010,'INSERT INTO gne_vale_ferreteria_mov (vfe_id,pro_codigo_plu,vfm_cantidad,vfm_unitario,vfm_total,vfm_entregado) VALUES (12152,78017010,10,100,1000,@@@NO@@@)','',2,'2013-09-26'),(70011,'INSERT INTO gne_vale_ferreteria (vfe_id,vfe_fecha,vfe_total,vfe_estado,vfe_entregado,usu_nusuario) VALUES (12153,@@@2013.09.26@@@,240,1,0,@@@G_DIAZ@@@)','',2,'2013-09-26'),(70012,'INSERT INTO gne_vale_ferreteria_mov (vfe_id,pro_codigo_plu,vfm_cantidad,vfm_unitario,vfm_total,vfm_entregado) VALUES (12153,78017059,2,120,240,@@@NO@@@)','',2,'2013-09-26'),(70013,'INSERT INTO gne_vale_ferreteria (vfe_id,vfe_fecha,vfe_total,vfe_estado,vfe_entregado,usu_nusuario) VALUES (12154,@@@2013.09.26@@@,1010,1,0,@@@G_DIAZ@@@)','',2,'2013-09-26'),(70014,'INSERT INTO gne_vale_ferreteria_mov (vfe_id,pro_codigo_plu,vfm_cantidad,vfm_unitario,vfm_total,vfm_entregado) VALUES (12154,1072,1,350,350,@@@NO@@@)','',2,'2013-09-26'),(70015,'INSERT INTO gne_vale_ferreteria_mov (vfe_id,pro_codigo_plu,vfm_cantidad,vfm_unitario,vfm_total,vfm_entregado) VALUES (12154,764160,2,120,240,@@@NO@@@)','',2,'2013-09-26'),(70016,'INSERT INTO gne_vale_ferreteria_mov (vfe_id,pro_codigo_plu,vfm_cantidad,vfm_unitario,vfm_total,vfm_entregado) VALUES (12154,770038,3,90,270,@@@NO@@@)','',2,'2013-09-26'),(70017,'INSERT INTO gne_vale_ferreteria_mov (vfe_id,pro_codigo_plu,vfm_cantidad,vfm_unitario,vfm_total,vfm_entregado) VALUES (12154,780721239,1,150,150,@@@NO@@@)','',2,'2013-09-26'),(70018,'INSERT INTO gne_vale_ferreteria (vfe_id,vfe_fecha,vfe_total,vfe_estado,vfe_entregado,usu_nusuario) VALUES (12155,@@@2013.09.26@@@,260,1,0,@@@G_DIAZ@@@)','',2,'2013-09-26'),(70019,'INSERT INTO gne_vale_ferreteria_mov (vfe_id,pro_codigo_plu,vfm_cantidad,vfm_unitario,vfm_total,vfm_entregado) VALUES (12155,15967,2,130,260,@@@NO@@@)','',2,'2013-09-26'),(70020,'INSERT INTO gne_vale_ferreteria (vfe_id,vfe_fecha,vfe_total,vfe_estado,vfe_entregado,usu_nusuario) VALUES (12156,@@@2013.09.26@@@,900,1,0,@@@G_DIAZ@@@)','',2,'2013-09-26'),(70021,'INSERT INTO gne_vale_ferreteria_mov (vfe_id,pro_codigo_plu,vfm_cantidad,vfm_unitario,vfm_total,vfm_entregado) VALUES (12156,102110,3,300,900,@@@NO@@@)','',2,'2013-09-26'),(70022,'INSERT INTO gne_vale_ferreteria (vfe_id,vfe_fecha,vfe_total,vfe_estado,vfe_entregado,usu_nusuario) VALUES (12157,@@@2013.09.26@@@,480,1,0,@@@G_DIAZ@@@)','',2,'2013-09-26'),(70023,'INSERT INTO gne_vale_ferreteria_mov (vfe_id,pro_codigo_plu,vfm_cantidad,vfm_unitario,vfm_total,vfm_entregado) VALUES (12157,15927,1,480,480,@@@NO@@@)','',2,'2013-09-26'),(70024,'INSERT INTO gne_vale_ferreteria (vfe_id,vfe_fecha,vfe_total,vfe_estado,vfe_entregado,usu_nusuario) VALUES (12158,@@@2013.09.26@@@,60,1,0,@@@G_DIAZ@@@)','',2,'2013-09-26'),(70025,'INSERT INTO gne_vale_ferreteria_mov (vfe_id,pro_codigo_plu,vfm_cantidad,vfm_unitario,vfm_total,vfm_entregado) VALUES (12158,764772,2,30,60,@@@NO@@@)','',2,'2013-09-26'),(70026,'INSERT INTO gne_vale_ferreteria (vfe_id,vfe_fecha,vfe_total,vfe_estado,vfe_entregado,usu_nusuario) VALUES (12159,@@@2013.09.26@@@,390,1,0,@@@G_DIAZ@@@)','',2,'2013-09-26'),(70027,'INSERT INTO gne_vale_ferreteria_mov (vfe_id,pro_codigo_plu,vfm_cantidad,vfm_unitario,vfm_total,vfm_entregado) VALUES (12159,764819,1,390,390,@@@NO@@@)','',2,'2013-09-26'),(70028,'INSERT INTO gne_vale_ferreteria (vfe_id,vfe_fecha,vfe_total,vfe_estado,vfe_entregado,usu_nusuario) VALUES (12160,@@@2013.09.26@@@,100,1,0,@@@G_DIAZ@@@)','',2,'2013-09-26'),(70029,'INSERT INTO gne_vale_ferreteria_mov (vfe_id,pro_codigo_plu,vfm_cantidad,vfm_unitario,vfm_total,vfm_entregado) VALUES (12160,98100,1,100,100,@@@NO@@@)','',2,'2013-09-26'),(70030,'INSERT INTO gne_vale_ferreteria (vfe_id,vfe_fecha,vfe_total,vfe_estado,vfe_entregado,usu_nusuario) VALUES (12161,@@@2013.09.26@@@,50,1,0,@@@G_DIAZ@@@)','',2,'2013-09-26'),(70031,'INSERT INTO gne_vale_ferreteria_mov (vfe_id,pro_codigo_plu,vfm_cantidad,vfm_unitario,vfm_total,vfm_entregado) VALUES (12161,764833,5,10,50,@@@NO@@@)','',2,'2013-09-26'),(70032,'INSERT INTO gne_vale_ferreteria (vfe_id,vfe_fecha,vfe_total,vfe_estado,vfe_entregado,usu_nusuario) VALUES (12162,@@@2013.09.27@@@,500,1,0,@@@c_jara@@@)','',2,'2013-09-27'),(70033,'INSERT INTO gne_vale_ferreteria_mov (vfe_id,pro_codigo_plu,vfm_cantidad,vfm_unitario,vfm_total,vfm_entregado) VALUES (12162,78017146,10,50,500,@@@NO@@@)','',2,'2013-09-27'),(70034,'INSERT INTO com_ventas_grupo (vgr_fecha,vgr_grupo,vgr_cantidad,vgr_total) VALUES (@@@2013.09.26@@@,1,214.785,182768)','',2,'2013-09-27'),(70035,'INSERT INTO com_ventas_grupo (vgr_fecha,vgr_grupo,vgr_cantidad,vgr_total) VALUES (@@@2013.09.26@@@,2,195,118621)','',2,'2013-09-27'),(70036,'INSERT INTO com_ventas_grupo (vgr_fecha,vgr_grupo,vgr_cantidad,vgr_total) VALUES (@@@2013.09.26@@@,3,310,65975)','',2,'2013-09-27'),(70037,'INSERT INTO com_ventas_grupo (vgr_fecha,vgr_grupo,vgr_cantidad,vgr_total) VALUES (@@@2013.09.26@@@,4,71,64570)','',2,'2013-09-27'),(70038,'INSERT INTO com_ventas_grupo (vgr_fecha,vgr_grupo,vgr_cantidad,vgr_total) VALUES (@@@2013.09.26@@@,5,3,12488)','',2,'2013-09-27'),(70039,'INSERT INTO com_ventas_grupo (vgr_fecha,vgr_grupo,vgr_cantidad,vgr_total) VALUES (@@@2013.09.26@@@,6,15,27478)','',2,'2013-09-27'),(70040,'INSERT INTO com_ventas_grupo (vgr_fecha,vgr_grupo,vgr_cantidad,vgr_total) VALUES (@@@2013.09.26@@@,7,31,54320)','',2,'2013-09-27'),(70041,'INSERT INTO com_ventas_grupo (vgr_fecha,vgr_grupo,vgr_cantidad,vgr_total) VALUES (@@@2013.09.26@@@,8,34,24480)','',2,'2013-09-27'),(70042,'INSERT INTO com_ventas_grupo (vgr_fecha,vgr_grupo,vgr_cantidad,vgr_total) VALUES (@@@2013.09.26@@@,9,67.1,106781)','',2,'2013-09-27'),(70043,'INSERT INTO com_ventas_grupo (vgr_fecha,vgr_grupo,vgr_cantidad,vgr_total) VALUES (@@@2013.09.26@@@,10,31.125,71786)','',2,'2013-09-27'),(70044,'INSERT INTO com_ventas_grupo (vgr_fecha,vgr_grupo,vgr_cantidad,vgr_total) VALUES (@@@2013.09.26@@@,11,14.81,39254)','',2,'2013-09-27'),(70045,'INSERT INTO com_ventas_grupo (vgr_fecha,vgr_grupo,vgr_cantidad,vgr_total) VALUES (@@@2013.09.26@@@,12,52.845,73240)','',2,'2013-09-27'),(70046,'INSERT INTO com_ventas_grupo (vgr_fecha,vgr_grupo,vgr_cantidad,vgr_total) VALUES (@@@2013.09.26@@@,13,18.365,32392)','',2,'2013-09-27'),(70047,'INSERT INTO com_ventas_grupo (vgr_fecha,vgr_grupo,vgr_cantidad,vgr_total) VALUES (@@@2013.09.26@@@,14,88.685,80278)','',2,'2013-09-27'),(70048,'INSERT INTO com_ventas_grupo (vgr_fecha,vgr_grupo,vgr_cantidad,vgr_total) VALUES (@@@2013.09.26@@@,16,1,170)','',2,'2013-09-27'),(70049,'INSERT INTO com_ventas_grupo (vgr_fecha,vgr_grupo,vgr_cantidad,vgr_total) VALUES (@@@2013.09.26@@@,18,221.79,134507)','',2,'2013-09-27'),(70050,'INSERT INTO com_ventas_grupo (vgr_fecha,vgr_grupo,vgr_cantidad,vgr_total) VALUES (@@@2013.09.26@@@,19,1,500)','',2,'2013-09-27'),(70051,'INSERT INTO com_ventas_grupo (vgr_fecha,vgr_grupo,vgr_cantidad,vgr_total) VALUES (@@@2013.09.26@@@,20,63.145,56670)','',2,'2013-09-27'),(70052,'INSERT INTO com_ventas_grupo (vgr_fecha,vgr_grupo,vgr_cantidad,vgr_total) VALUES (@@@2013.09.26@@@,21,53,43699)','',2,'2013-09-27'),(70053,'INSERT INTO com_ventas_grupo (vgr_fecha,vgr_grupo,vgr_cantidad,vgr_total) VALUES (@@@2013.09.26@@@,23,6,5240)','',2,'2013-09-27'),(70054,'INSERT INTO com_ventas_grupo (vgr_fecha,vgr_grupo,vgr_cantidad,vgr_total) VALUES (@@@2013.09.26@@@,24,202,34097)','',2,'2013-09-27'),(70055,'INSERT INTO com_ventas_grupo (vgr_fecha,vgr_grupo,vgr_cantidad,vgr_total) VALUES (@@@2013.09.26@@@,25,74,109200)','',2,'2013-09-27'),(70056,'INSERT INTO com_ventas_grupo (vgr_fecha,vgr_grupo,vgr_cantidad,vgr_total) VALUES (@@@2013.09.26@@@,28,3,450)','',2,'2013-09-27'),(70057,'INSERT INTO com_ventas_grupo (vgr_fecha,vgr_grupo,vgr_cantidad,vgr_total) VALUES (@@@2013.09.26@@@,31,11,7830)','',2,'2013-09-27'),(70058,'INSERT INTO com_ventas_grupo (vgr_fecha,vgr_grupo,vgr_cantidad,vgr_total) VALUES (@@@2013.09.26@@@,32,294,87142)','',2,'2013-09-27'),(70059,'INSERT INTO com_ventas_grupo (vgr_fecha,vgr_grupo,vgr_cantidad,vgr_total) VALUES (@@@2013.09.26@@@,35,22,31720)','',2,'2013-09-27'),(70060,'INSERT INTO com_ventas_grupo (vgr_fecha,vgr_grupo,vgr_cantidad,vgr_total) VALUES (@@@2013.09.26@@@,36,11,3800)','',2,'2013-09-27'),(70061,'INSERT INTO com_ventas_grupo (vgr_fecha,vgr_grupo,vgr_cantidad,vgr_total) VALUES (@@@2013.09.26@@@,37,1,1290)','',2,'2013-09-27'),(70062,'INSERT INTO com_ventas_grupo (vgr_fecha,vgr_grupo,vgr_cantidad,vgr_total) VALUES (@@@2013.09.26@@@,39,4,3850)','',2,'2013-09-27'),(70063,'INSERT INTO com_ventas_grupo (vgr_fecha,vgr_grupo,vgr_cantidad,vgr_total) VALUES (@@@2013.09.26@@@,41,14,1660)','',2,'2013-09-27'),(70064,'INSERT INTO com_ventas_grupo (vgr_fecha,vgr_grupo,vgr_cantidad,vgr_total) VALUES (@@@2013.09.26@@@,42,39.98,41046)','',2,'2013-09-27'),(70065,'INSERT INTO com_ventas_grupo (vgr_fecha,vgr_grupo,vgr_cantidad,vgr_total) VALUES (@@@2013.09.26@@@,44,1,1550)','',2,'2013-09-27'),(70066,'UPDATE mae_datos_empresa SET emp_oferta=@@@NO@@@','',2,'2013-09-27'),(70067,'INSERT INTO gne_vale_ferreteria (vfe_id,vfe_fecha,vfe_total,vfe_estado,vfe_entregado,usu_nusuario) VALUES (12163,@@@2013.09.27@@@,3080,1,0,@@@c_jara@@@)','',2,'2013-09-27'),(70068,'INSERT INTO gne_vale_ferreteria_mov (vfe_id,pro_codigo_plu,vfm_cantidad,vfm_unitario,vfm_total,vfm_entregado) VALUES (12163,763605,1,1890,1890,@@@NO@@@)','',2,'2013-09-27'),(70069,'INSERT INTO gne_vale_ferreteria_mov (vfe_id,pro_codigo_plu,vfm_cantidad,vfm_unitario,vfm_total,vfm_entregado) VALUES (12163,764992,1,1190,1190,@@@NO@@@)','',2,'2013-09-27'),(70070,'INSERT INTO gne_vale_ferreteria (vfe_id,vfe_fecha,vfe_total,vfe_estado,vfe_entregado,usu_nusuario) VALUES (12164,@@@2013.09.27@@@,990,1,0,@@@c_jara@@@)','',2,'2013-09-27'),(70071,'INSERT INTO gne_vale_ferreteria_mov (vfe_id,pro_codigo_plu,vfm_cantidad,vfm_unitario,vfm_total,vfm_entregado) VALUES (12164,19956,1,990,990,@@@NO@@@)','',2,'2013-09-27'),(70072,'INSERT INTO gne_vale_ferreteria (vfe_id,vfe_fecha,vfe_total,vfe_estado,vfe_entregado,usu_nusuario) VALUES (12165,@@@2013.09.27@@@,1990,1,0,@@@c_jara@@@)','',2,'2013-09-27'),(70073,'INSERT INTO gne_vale_ferreteria_mov (vfe_id,pro_codigo_plu,vfm_cantidad,vfm_unitario,vfm_total,vfm_entregado) VALUES (12165,4078,1,100,100,@@@NO@@@)','',2,'2013-09-27'),(70074,'INSERT INTO gne_vale_ferreteria_mov (vfe_id,pro_codigo_plu,vfm_cantidad,vfm_unitario,vfm_total,vfm_entregado) VALUES (12165,101620,1,1890,1890,@@@NO@@@)','',2,'2013-09-27'),(70075,'INSERT INTO gne_vale_ferreteria (vfe_id,vfe_fecha,vfe_total,vfe_estado,vfe_entregado,usu_nusuario) VALUES (12166,@@@2013.09.27@@@,1790,1,0,@@@c_jara@@@)','',2,'2013-09-27'),(70076,'INSERT INTO gne_vale_ferreteria_mov (vfe_id,pro_codigo_plu,vfm_cantidad,vfm_unitario,vfm_total,vfm_entregado) VALUES (12166,763718,1,1790,1790,@@@NO@@@)','',2,'2013-09-27'),(70077,'INSERT INTO gne_vale_ferreteria (vfe_id,vfe_fecha,vfe_total,vfe_estado,vfe_entregado,usu_nusuario) VALUES (12167,@@@2013.09.27@@@,2380,1,0,@@@c_jara@@@)','',2,'2013-09-27'),(70078,'INSERT INTO gne_vale_ferreteria_mov (vfe_id,pro_codigo_plu,vfm_cantidad,vfm_unitario,vfm_total,vfm_entregado) VALUES (12167,764992,2,1190,2380,@@@NO@@@)','',2,'2013-09-27'),(70079,'UPDATE mae_productos SET pro_margen_actual=73.73,pro_precio_venta=6200 WHERE pro_codigo_plu=402','',2,'2013-09-27'),(70080,'UPDATE mae_productos SET pro_margen_actual=0,pro_precio_venta=720 WHERE pro_codigo_plu=19475','',2,'2013-09-27'),(70081,'UPDATE mae_productos SET pro_margen_actual=54.95,pro_precio_venta=1890 WHERE pro_codigo_plu=106','',2,'2013-09-27'),(70082,'UPDATE mae_productos SET pro_precio_fiscal=pro_precio_venta WHERE pro_codigo_plu=402','',2,'2013-09-27'),(70083,'UPDATE mae_productos SET pro_precio_fiscal=pro_precio_venta WHERE pro_codigo_plu=19475','',2,'2013-09-27'),(70084,'UPDATE mae_productos SET pro_margen_actual=41.26,pro_precio_venta=1950 WHERE pro_codigo_plu=128','',2,'2013-09-27'),(70085,'UPDATE mae_productos SET pro_margen_actual=78.08,pro_precio_venta=2490 WHERE pro_codigo_plu=115','',2,'2013-09-27'),(70086,'UPDATE mae_productos SET pro_precio_fiscal=pro_precio_venta WHERE pro_codigo_plu=115','',2,'2013-09-27'),(70087,'INSERT INTO gne_vale_ferreteria (vfe_id,vfe_fecha,vfe_total,vfe_estado,vfe_entregado,usu_nusuario) VALUES (12168,@@@2013.09.27@@@,950,1,0,@@@c_jara@@@)','',2,'2013-09-27'),(70088,'INSERT INTO gne_vale_ferreteria_mov (vfe_id,pro_codigo_plu,vfm_cantidad,vfm_unitario,vfm_total,vfm_entregado) VALUES (12168,14106,1,950,950,@@@NO@@@)','',2,'2013-09-27'),(70089,'INSERT INTO gne_vale_ferreteria (vfe_id,vfe_fecha,vfe_total,vfe_estado,vfe_entregado,usu_nusuario) VALUES (12169,@@@2013.09.27@@@,120,1,0,@@@c_jara@@@)','',2,'2013-09-27'),(70090,'INSERT INTO gne_vale_ferreteria_mov (vfe_id,pro_codigo_plu,vfm_cantidad,vfm_unitario,vfm_total,vfm_entregado) VALUES (12169,780721265,1,120,120,@@@NO@@@)','',2,'2013-09-27'),(70091,'UPDATE mae_productos SET pro_precio_compra_bruto=1930,pro_margen_actual=(pro_precio_venta-1930)/1930 * 100,pro_ultima_compra=@@@2013.09.27@@@,pro_ultimo_proveedor=@@@96568970-2@@@ WHERE pro_codigo_plu=17998','',2,'2013-09-27'),(70092,'UPDATE mae_productos SET pro_precio_compra_bruto=1930,pro_margen_actual=(pro_precio_venta-1930)/1930 * 100,pro_ultima_compra=@@@2013.09.27@@@,pro_ultimo_proveedor=@@@96568970-2@@@ WHERE pro_codigo_plu=17996','',2,'2013-09-27'),(70093,'UPDATE mae_productos SET pro_precio_compra_bruto=1698,pro_margen_actual=(pro_precio_venta-1698)/1698 * 100,pro_ultima_compra=@@@2013.09.27@@@,pro_ultimo_proveedor=@@@96568970-2@@@ WHERE pro_codigo_plu=17855','',2,'2013-09-27'),(70094,'UPDATE mae_productos SET pro_precio_compra_bruto=1000,pro_margen_actual=(pro_precio_venta-1000)/1000 * 100,pro_ultima_compra=@@@2013.09.27@@@,pro_ultimo_proveedor=@@@96568970-2@@@ WHERE pro_codigo_plu=17146','',2,'2013-09-27'),(70095,'UPDATE mae_productos SET pro_codigo_barra=@@@106@@@,pro_tipo=@@@0@@@,pro_nombre_producto=@@@PICHANGA ARIZTIA@@@,pro_nombre_corto=@@@PICHANGA ARIZTIA@@@,med_id=@@@2@@@,emb_id=@@@1@@@,pro_unidades_embalaje=@@@1@@@,dep_id=@@@9 @@@,lin_id=@@@65@@@,mar_id=@@@2507@@@,pro_precio_compra_neto=@@@0@@@,pro_precio_compra_bruto=@@@1219.75@@@,pro_precio_venta=@@@1890@@@,pro_margen_actual=@@@54.95@@@,pro_oferta=@@@NO@@@,pro_fecha_inicio_oferta=@@@1900.01.01@@@,pro_fecha_termino_oferta=@@@1900.01.01@@@,pro_precio_oferta=@@@0@@@,pro_stock_minimo=@@@1@@@,pro_stock_critico=@@@1@@@,pro_activo=@@@1@@@,pro_unidad=@@@1@@@,pro_precio_compra_bruto=1219.75,pro_margen_actual=54.95,pro_capacidad=1,pro_funcion_plu=1,pro_flejes=0,pro_iva=1,pro_plu_asociado=0,pro_envase=@@@NO@@@,pro_duracion=0,pro_numero_etiqueta=1 WHERE pro_codigo_plu=@@@106@@@','',2,'2013-09-27'),(70096,'UPDATE mae_productos SET pro_estado=1 WHERE pro_codigo_plu=106','',2,'2013-09-27'),(70097,'DELETE FROM mae_impuestos_productos WHERE pro_codigo_plu=@@@106@@@','',2,'2013-09-27'),(70098,'UPDATE mae_productos SET pro_precio_compra_bruto=1338.75,pro_margen_actual=(pro_precio_venta-1338.75)/1338.75 * 100,pro_ultima_compra=@@@2013.09.27@@@,pro_ultimo_proveedor=@@@83614800-2@@@ WHERE pro_codigo_plu=106','',2,'2013-09-27'),(70099,'UPDATE mae_productos SET pro_precio_compra_bruto=1000,pro_margen_actual=(pro_precio_venta-1000)/1000 * 100,pro_ultima_compra=@@@2013.09.27@@@,pro_ultimo_proveedor=@@@76717550-7@@@ WHERE pro_codigo_plu=383','',2,'2013-09-27'),(70100,'INSERT INTO mae_productos (pro_codigo_plu,pro_codigo_barra,pro_tipo,pro_nombre_producto,pro_nombre_corto,med_id,emb_id,pro_unidades_embalaje,dep_id,lin_id,mar_id,pro_precio_compra_neto,pro_precio_compra_bruto,pro_precio_venta,pro_margen_actual,pro_oferta,pro_fecha_inicio_oferta,pro_fecha_termino_oferta,pro_precio_oferta,pro_stock_minimo,pro_stock_critico,pro_entradas_bodega,pro_salidas_bodega,pro_mermas_bodega,pro_ajustes_bodega,pro_entradas_sv,pro_salidas_sv,pro_mermas_sv,pro_ajustes_sv,pro_activo,rec_numero,pro_unidad,pro_capacidad,pro_consumo_bodega,pro_consumo_sv,pro_estado,pro_funcion_plu,pro_flejes,pro_iva,pro_plu_asociado,pro_envase,pro_duracion,pro_numero_etiqueta) VALUES (780721872,@@@7804605820208@@@,@@@0@@@,@@@MANTECA LA CUMBRE CERDO 1KG@@@,@@@MANTECA LA CUMBR@@@,@@@2 @@@,@@@6 @@@,@@@20@@@,@@@1 @@@,@@@20@@@,@@@2507@@@,@@@0@@@,@@@1034.11@@@,@@@1@@@,@@@-99.9@@@,@@@@@@,@@@2006.09.07@@@,@@@2006.09.07@@@,@@@0@@@,@@@20@@@,@@@5@@@,@@@0@@@,@@@0@@@,@@@0@@@,@@@0@@@,@@@0@@@,@@@0@@@,@@@0@@@,@@@0@@@,@@@1@@@,@@@0@@@,0,1,0,0,2,0,1,1,0,@@@NO@@@,0,0)','',2,'2013-09-27'),(70101,'DELETE FROM mae_impuestos_productos WHERE pro_codigo_plu=@@@780721872@@@','',2,'2013-09-27'),(70102,'INSERT INTO mae_productos (pro_codigo_plu,pro_codigo_barra,pro_tipo,pro_nombre_producto,pro_nombre_corto,med_id,emb_id,pro_unidades_embalaje,dep_id,lin_id,mar_id,pro_precio_compra_neto,pro_precio_compra_bruto,pro_precio_venta,pro_margen_actual,pro_oferta,pro_fecha_inicio_oferta,pro_fecha_termino_oferta,pro_precio_oferta,pro_stock_minimo,pro_stock_critico,pro_entradas_bodega,pro_salidas_bodega,pro_mermas_bodega,pro_ajustes_bodega,pro_entradas_sv,pro_salidas_sv,pro_mermas_sv,pro_ajustes_sv,pro_activo,rec_numero,pro_unidad,pro_capacidad,pro_consumo_bodega,pro_consumo_sv,pro_estado,pro_funcion_plu,pro_flejes,pro_iva,pro_plu_asociado,pro_envase,pro_duracion,pro_numero_etiqueta) VALUES (780721873,@@@7804605820260@@@,@@@0@@@,@@@MARGARINA REPOSTERA LA TRIGUEÑA 1KG@@@,@@@MARGARINA REPOST@@@,@@@2 @@@,@@@6 @@@,@@@20@@@,@@@1 @@@,@@@20@@@,@@@2522@@@,@@@0@@@,@@@938.91@@@,@@@1@@@,@@@-99.89@@@,@@@@@@,@@@2006.09.07@@@,@@@2006.09.07@@@,@@@0@@@,@@@20@@@,@@@5@@@,@@@0@@@,@@@0@@@,@@@0@@@,@@@0@@@,@@@0@@@,@@@0@@@,@@@0@@@,@@@0@@@,@@@1@@@,@@@0@@@,0,1,0,0,2,0,1,1,0,@@@NO@@@,0,0)','',2,'2013-09-27'),(70103,'DELETE FROM mae_impuestos_productos WHERE pro_codigo_plu=@@@780721873@@@','',2,'2013-09-27'),(70104,'INSERT INTO gne_vale_ferreteria (vfe_id,vfe_fecha,vfe_total,vfe_estado,vfe_entregado,usu_nusuario) VALUES (12170,@@@2013.09.27@@@,180,1,0,@@@c_jara@@@)','',2,'2013-09-27'),(70105,'INSERT INTO gne_vale_ferreteria_mov (vfe_id,pro_codigo_plu,vfm_cantidad,vfm_unitario,vfm_total,vfm_entregado) VALUES (12170,15745,1,180,180,@@@NO@@@)','',2,'2013-09-27'),(70106,'INSERT INTO gne_vale_ferreteria (vfe_id,vfe_fecha,vfe_total,vfe_estado,vfe_entregado,usu_nusuario) VALUES (12171,@@@2013.09.27@@@,100,1,0,@@@c_jara@@@)','',2,'2013-09-27'),(70107,'INSERT INTO gne_vale_ferreteria_mov (vfe_id,pro_codigo_plu,vfm_cantidad,vfm_unitario,vfm_total,vfm_entregado) VALUES (12171,20366,1,100,100,@@@NO@@@)','',2,'2013-09-27'),(70108,'UPDATE mae_productos SET pro_precio_compra_bruto=92.89,pro_margen_actual=(pro_precio_venta-92.89)/92.89 * 100,pro_ultima_compra=@@@2013.09.27@@@,pro_ultimo_proveedor=@@@96591040-9@@@ WHERE pro_codigo_plu=101894','',2,'2013-09-27'),(70109,'UPDATE mae_productos SET pro_precio_compra_bruto=92.89,pro_margen_actual=(pro_precio_venta-92.89)/92.89 * 100,pro_ultima_compra=@@@2013.09.27@@@,pro_ultimo_proveedor=@@@96591040-9@@@ WHERE pro_codigo_plu=101821','',2,'2013-09-27'),(70110,'UPDATE mae_productos SET pro_precio_compra_bruto=92.89,pro_margen_actual=(pro_precio_venta-92.89)/92.89 * 100,pro_ultima_compra=@@@2013.09.27@@@,pro_ultimo_proveedor=@@@96591040-9@@@ WHERE pro_codigo_plu=101893','',2,'2013-09-27'),(70111,'UPDATE mae_productos SET pro_precio_compra_bruto=1046.24,pro_margen_actual=(pro_precio_venta-1046.24)/1046.24 * 100,pro_ultima_compra=@@@2013.09.27@@@,pro_ultimo_proveedor=@@@96591040-9@@@ WHERE pro_codigo_plu=780721605','',2,'2013-09-27'),(70112,'UPDATE mae_productos SET pro_precio_compra_bruto=85.66,pro_margen_actual=(pro_precio_venta-85.66)/85.66 * 100,pro_ultima_compra=@@@2013.09.27@@@,pro_ultimo_proveedor=@@@96591040-9@@@ WHERE pro_codigo_plu=12869','',2,'2013-09-27'),(70113,'UPDATE mae_productos SET pro_precio_compra_bruto=60.42,pro_margen_actual=(pro_precio_venta-60.42)/60.42 * 100,pro_ultima_compra=@@@2013.09.27@@@,pro_ultimo_proveedor=@@@96591040-9@@@ WHERE pro_codigo_plu=761804','',2,'2013-09-27'),(70114,'UPDATE mae_productos SET pro_precio_compra_bruto=334.78,pro_margen_actual=(pro_precio_venta-334.78)/334.78 * 100,pro_ultima_compra=@@@2013.09.27@@@,pro_ultimo_proveedor=@@@96591040-9@@@ WHERE pro_codigo_plu=11954','',2,'2013-09-27'),(70115,'UPDATE mae_productos SET pro_precio_compra_bruto=219.88,pro_margen_actual=(pro_precio_venta-219.88)/219.88 * 100,pro_ultima_compra=@@@2013.09.27@@@,pro_ultimo_proveedor=@@@96591040-9@@@ WHERE pro_codigo_plu=11963','',2,'2013-09-27'),(70116,'UPDATE mae_productos SET pro_precio_compra_bruto=442.77,pro_margen_actual=(pro_precio_venta-442.77)/442.77 * 100,pro_ultima_compra=@@@2013.09.27@@@,pro_ultimo_proveedor=@@@96591040-9@@@ WHERE pro_codigo_plu=11935','',2,'2013-09-27'),(70117,'UPDATE mae_productos SET pro_precio_compra_bruto=442.77,pro_margen_actual=(pro_precio_venta-442.77)/442.77 * 100,pro_ultima_compra=@@@2013.09.27@@@,pro_ultimo_proveedor=@@@96591040-9@@@ WHERE pro_codigo_plu=11999','',2,'2013-09-27'),(70118,'UPDATE mae_productos SET pro_precio_compra_bruto=259.99,pro_margen_actual=(pro_precio_venta-259.99)/259.99 * 100,pro_ultima_compra=@@@2013.09.27@@@,pro_ultimo_proveedor=@@@96591040-9@@@ WHERE pro_codigo_plu=11942','',2,'2013-09-27'),(70119,'UPDATE mae_productos SET pro_precio_compra_bruto=83.12,pro_margen_actual=(pro_precio_venta-83.12)/83.12 * 100,pro_ultima_compra=@@@2013.09.27@@@,pro_ultimo_proveedor=@@@96591040-9@@@ WHERE pro_codigo_plu=762875','',2,'2013-09-27'),(70120,'UPDATE mae_productos SET pro_precio_compra_bruto=388.78,pro_margen_actual=(pro_precio_venta-388.78)/388.78 * 100,pro_ultima_compra=@@@2013.09.27@@@,pro_ultimo_proveedor=@@@96591040-9@@@ WHERE pro_codigo_plu=12323','',2,'2013-09-27'),(70121,'UPDATE mae_productos SET pro_precio_compra_bruto=118.97,pro_margen_actual=(pro_precio_venta-118.97)/118.97 * 100,pro_ultima_compra=@@@2013.09.27@@@,pro_ultimo_proveedor=@@@96591040-9@@@ WHERE pro_codigo_plu=11274','',2,'2013-09-27'),(70122,'UPDATE mae_productos SET pro_precio_compra_bruto=92.89,pro_margen_actual=(pro_precio_venta-92.89)/92.89 * 100,pro_ultima_compra=@@@2013.09.27@@@,pro_ultimo_proveedor=@@@96591040-9@@@ WHERE pro_codigo_plu=780721868','',2,'2013-09-27'),(70123,'UPDATE mae_productos SET pro_precio_compra_bruto=280.9,pro_margen_actual=(pro_precio_venta-280.9)/280.9 * 100,pro_ultima_compra=@@@2013.09.27@@@,pro_ultimo_proveedor=@@@96591040-9@@@ WHERE pro_codigo_plu=78017199','',2,'2013-09-27'),(70124,'UPDATE mae_productos SET pro_precio_compra_bruto=470.49,pro_margen_actual=(pro_precio_venta-470.49)/470.49 * 100,pro_ultima_compra=@@@2013.09.27@@@,pro_ultimo_proveedor=@@@96591040-9@@@ WHERE pro_codigo_plu=12373','',2,'2013-09-27'),(70125,'UPDATE mae_productos SET pro_precio_compra_bruto=219.88,pro_margen_actual=(pro_precio_venta-219.88)/219.88 * 100,pro_ultima_compra=@@@2013.09.27@@@,pro_ultimo_proveedor=@@@96591040-9@@@ WHERE pro_codigo_plu=11962','',2,'2013-09-27'),(70126,'UPDATE mae_productos SET pro_precio_compra_bruto=313.21,pro_margen_actual=(pro_precio_venta-313.21)/313.21 * 100,pro_ultima_compra=@@@2013.09.27@@@,pro_ultimo_proveedor=@@@96591040-9@@@ WHERE pro_codigo_plu=12249','',2,'2013-09-27'),(70127,'UPDATE mae_productos SET pro_precio_compra_bruto=388.78,pro_margen_actual=(pro_precio_venta-388.78)/388.78 * 100,pro_ultima_compra=@@@2013.09.27@@@,pro_ultimo_proveedor=@@@96591040-9@@@ WHERE pro_codigo_plu=12300','',2,'2013-09-27'),(70128,'UPDATE mae_productos SET pro_precio_compra_bruto=77.76,pro_margen_actual=(pro_precio_venta-77.76)/77.76 * 100,pro_ultima_compra=@@@2013.09.27@@@,pro_ultimo_proveedor=@@@96591040-9@@@ WHERE pro_codigo_plu=100823','',2,'2013-09-27'),(70129,'UPDATE mae_productos SET pro_precio_compra_bruto=53.99,pro_margen_actual=(pro_precio_venta-53.99)/53.99 * 100,pro_ultima_compra=@@@2013.09.27@@@,pro_ultimo_proveedor=@@@96591040-9@@@ WHERE pro_codigo_plu=4105','',2,'2013-09-27'),(70130,'UPDATE mae_productos SET pro_precio_compra_bruto=334.78,pro_margen_actual=(pro_precio_venta-334.78)/334.78 * 100,pro_ultima_compra=@@@2013.09.27@@@,pro_ultimo_proveedor=@@@96591040-9@@@ WHERE pro_codigo_plu=11955','',2,'2013-09-27'),(70131,'UPDATE mae_productos SET pro_precio_compra_bruto=92.89,pro_margen_actual=(pro_precio_venta-92.89)/92.89 * 100,pro_ultima_compra=@@@2013.09.27@@@,pro_ultimo_proveedor=@@@96591040-9@@@ WHERE pro_codigo_plu=12296','',2,'2013-09-27'),(70132,'UPDATE mae_productos SET pro_precio_compra_bruto=4340,pro_margen_actual=(pro_precio_venta-4340)/4340 * 100,pro_ultima_compra=@@@2013.09.27@@@,pro_ultimo_proveedor=@@@96568780-7@@@ WHERE pro_codigo_plu=69','',2,'2013-09-27'),(70133,'UPDATE mae_productos SET pro_precio_compra_bruto=4340,pro_margen_actual=(pro_precio_venta-4340)/4340 * 100,pro_ultima_compra=@@@2013.09.27@@@,pro_ultimo_proveedor=@@@96568780-7@@@ WHERE pro_codigo_plu=71','',2,'2013-09-27'),(70134,'UPDATE mae_productos SET pro_precio_compra_bruto=3968,pro_margen_actual=(pro_precio_venta-3968)/3968 * 100,pro_ultima_compra=@@@2013.09.27@@@,pro_ultimo_proveedor=@@@96568780-7@@@ WHERE pro_codigo_plu=75','',2,'2013-09-27'),(70135,'UPDATE mae_productos SET pro_precio_compra_bruto=3844,pro_margen_actual=(pro_precio_venta-3844)/3844 * 100,pro_ultima_compra=@@@2013.09.27@@@,pro_ultimo_proveedor=@@@96568780-7@@@ WHERE pro_codigo_plu=68','',2,'2013-09-27'),(70136,'UPDATE mae_productos SET pro_precio_compra_bruto=1416.11,pro_margen_actual=(pro_precio_venta-1416.11)/1416.11 * 100,pro_ultima_compra=@@@2013.09.27@@@,pro_ultimo_proveedor=@@@79984240-8@@@ WHERE pro_codigo_plu=118','',2,'2013-09-27'),(70137,'UPDATE mae_productos SET pro_precio_compra_bruto=583.1,pro_margen_actual=(pro_precio_venta-583.1)/583.1 * 100,pro_ultima_compra=@@@2013.09.27@@@,pro_ultimo_proveedor=@@@79984240-8@@@ WHERE pro_codigo_plu=111','',2,'2013-09-27'),(70138,'UPDATE mae_productos SET pro_precio_compra_bruto=1808.8,pro_margen_actual=(pro_precio_venta-1808.8)/1808.8 * 100,pro_ultima_compra=@@@2013.09.27@@@,pro_ultimo_proveedor=@@@79984240-8@@@ WHERE pro_codigo_plu=126','',2,'2013-09-27'),(70139,'UPDATE mae_productos SET pro_precio_compra_bruto=2272.33,pro_margen_actual=(pro_precio_venta-2272.33)/2272.33 * 100,pro_ultima_compra=@@@2013.09.27@@@,pro_ultimo_proveedor=@@@88502900-0@@@ WHERE pro_codigo_plu=764428','',2,'2013-09-27'),(70140,'UPDATE mae_productos SET pro_precio_compra_bruto=1230.74,pro_margen_actual=(pro_precio_venta-1230.74)/1230.74 * 100,pro_ultima_compra=@@@2013.09.27@@@,pro_ultimo_proveedor=@@@88502900-0@@@ WHERE pro_codigo_plu=21194','',2,'2013-09-27'),(70141,'UPDATE mae_productos SET pro_precio_compra_bruto=2082.85,pro_margen_actual=(pro_precio_venta-2082.85)/2082.85 * 100,pro_ultima_compra=@@@2013.09.27@@@,pro_ultimo_proveedor=@@@88502900-0@@@ WHERE pro_codigo_plu=21197','',2,'2013-09-27'),(70142,'UPDATE mae_productos SET pro_precio_compra_bruto=2272.23,pro_margen_actual=(pro_precio_venta-2272.23)/2272.23 * 100,pro_ultima_compra=@@@2013.09.27@@@,pro_ultimo_proveedor=@@@88502900-0@@@ WHERE pro_codigo_plu=21193','',2,'2013-09-27'),(70143,'UPDATE mae_productos SET pro_precio_compra_bruto=1237.06,pro_margen_actual=(pro_precio_venta-1237.06)/1237.06 * 100,pro_ultima_compra=@@@2013.09.27@@@,pro_ultimo_proveedor=@@@88502900-0@@@ WHERE pro_codigo_plu=78017159','',2,'2013-09-27'),(70144,'UPDATE mae_productos SET pro_precio_compra_bruto=1237.06,pro_margen_actual=(pro_precio_venta-1237.06)/1237.06 * 100,pro_ultima_compra=@@@2013.09.27@@@,pro_ultimo_proveedor=@@@88502900-0@@@ WHERE pro_codigo_plu=780721307','',2,'2013-09-27'),(70145,'UPDATE mae_productos SET pro_precio_compra_bruto=1306.89,pro_margen_actual=(pro_precio_venta-1306.89)/1306.89 * 100,pro_ultima_compra=@@@2013.09.27@@@,pro_ultimo_proveedor=@@@88502900-0@@@ WHERE pro_codigo_plu=780721633','',2,'2013-09-27'),(70146,'UPDATE mae_productos SET pro_precio_compra_bruto=2520.49,pro_margen_actual=(pro_precio_venta-2520.49)/2520.49 * 100,pro_ultima_compra=@@@2013.09.27@@@,pro_ultimo_proveedor=@@@88502900-0@@@ WHERE pro_codigo_plu=764103','',2,'2013-09-27'),(70147,'UPDATE mae_productos SET pro_precio_compra_bruto=1509.64,pro_margen_actual=(pro_precio_venta-1509.64)/1509.64 * 100,pro_ultima_compra=@@@2013.09.27@@@,pro_ultimo_proveedor=@@@88502900-0@@@ WHERE pro_codigo_plu=21207','',2,'2013-09-27'),(70148,'UPDATE mae_productos SET pro_precio_compra_bruto=849.152,pro_margen_actual=(pro_precio_venta-849.152)/849.152 * 100,pro_ultima_compra=@@@2013.09.27@@@,pro_ultimo_proveedor=@@@88502900-0@@@ WHERE pro_codigo_plu=780721718','',2,'2013-09-27'),(70149,'UPDATE mae_productos SET pro_precio_compra_bruto=1320.86,pro_margen_actual=(pro_precio_venta-1320.86)/1320.86 * 100,pro_ultima_compra=@@@2013.09.27@@@,pro_ultimo_proveedor=@@@88502900-0@@@ WHERE pro_codigo_plu=780721803','',2,'2013-09-27'),(70150,'UPDATE mae_productos SET pro_precio_compra_bruto=1037.81,pro_margen_actual=(pro_precio_venta-1037.81)/1037.81 * 100,pro_ultima_compra=@@@2013.09.27@@@,pro_ultimo_proveedor=@@@88502900-0@@@ WHERE pro_codigo_plu=764116','',2,'2013-09-27'),(70151,'UPDATE mae_productos SET pro_precio_compra_bruto=1886.96,pro_margen_actual=(pro_precio_venta-1886.96)/1886.96 * 100,pro_ultima_compra=@@@2013.09.27@@@,pro_ultimo_proveedor=@@@88502900-0@@@ WHERE pro_codigo_plu=764111','',2,'2013-09-27'),(70152,'UPDATE mae_productos SET pro_precio_compra_bruto=1037.81,pro_margen_actual=(pro_precio_venta-1037.81)/1037.81 * 100,pro_ultima_compra=@@@2013.09.27@@@,pro_ultimo_proveedor=@@@88502900-0@@@ WHERE pro_codigo_plu=764108','',2,'2013-09-27'),(70153,'UPDATE mae_productos SET pro_precio_compra_bruto=1509,pro_margen_actual=(pro_precio_venta-1509)/1509 * 100,pro_ultima_compra=@@@2013.09.27@@@,pro_ultimo_proveedor=@@@88502900-0@@@ WHERE pro_codigo_plu=764106','',2,'2013-09-27'),(70154,'UPDATE mae_productos SET pro_precio_compra_bruto=849.15,pro_margen_actual=(pro_precio_venta-849.15)/849.15 * 100,pro_ultima_compra=@@@2013.09.27@@@,pro_ultimo_proveedor=@@@88502900-0@@@ WHERE pro_codigo_plu=780721864','',2,'2013-09-27'),(70155,'INSERT INTO gne_vale_ferreteria (vfe_id,vfe_fecha,vfe_total,vfe_estado,vfe_entregado,usu_nusuario) VALUES (12172,@@@2013.09.27@@@,10440,1,0,@@@c_jara@@@)','',2,'2013-09-27'),(70156,'INSERT INTO gne_vale_ferreteria_mov (vfe_id,pro_codigo_plu,vfm_cantidad,vfm_unitario,vfm_total,vfm_entregado) VALUES (12172,764031,1,6990,6990,@@@NO@@@)','',2,'2013-09-27'),(70157,'INSERT INTO gne_vale_ferreteria_mov (vfe_id,pro_codigo_plu,vfm_cantidad,vfm_unitario,vfm_total,vfm_entregado) VALUES (12172,19856,1,920,920,@@@NO@@@)','',2,'2013-09-27'),(70158,'INSERT INTO gne_vale_ferreteria_mov (vfe_id,pro_codigo_plu,vfm_cantidad,vfm_unitario,vfm_total,vfm_entregado) VALUES (12172,763702,1,650,650,@@@NO@@@)','',2,'2013-09-27'),(70159,'INSERT INTO gne_vale_ferreteria_mov (vfe_id,pro_codigo_plu,vfm_cantidad,vfm_unitario,vfm_total,vfm_entregado) VALUES (12172,764411,2,100,200,@@@NO@@@)','',2,'2013-09-27'),(70160,'INSERT INTO gne_vale_ferreteria_mov (vfe_id,pro_codigo_plu,vfm_cantidad,vfm_unitario,vfm_total,vfm_entregado) VALUES (12172,102110,2,300,600,@@@NO@@@)','',2,'2013-09-27'),(70161,'INSERT INTO gne_vale_ferreteria_mov (vfe_id,pro_codigo_plu,vfm_cantidad,vfm_unitario,vfm_total,vfm_entregado) VALUES (12172,770000,2,50,100,@@@NO@@@)','',2,'2013-09-27'),(70162,'INSERT INTO gne_vale_ferreteria_mov (vfe_id,pro_codigo_plu,vfm_cantidad,vfm_unitario,vfm_total,vfm_entregado) VALUES (12172,2003,2,490,980,@@@NO@@@)','',2,'2013-09-27'),(70163,'INSERT INTO gne_vale_ferreteria (vfe_id,vfe_fecha,vfe_total,vfe_estado,vfe_entregado,usu_nusuario) VALUES (12173,@@@2013.09.27@@@,1290,1,0,@@@c_jara@@@)','',2,'2013-09-27'),(70164,'INSERT INTO gne_vale_ferreteria_mov (vfe_id,pro_codigo_plu,vfm_cantidad,vfm_unitario,vfm_total,vfm_entregado) VALUES (12173,1572,1,1290,1290,@@@NO@@@)','',2,'2013-09-27'),(70165,'INSERT INTO gne_vale_ferreteria (vfe_id,vfe_fecha,vfe_total,vfe_estado,vfe_entregado,usu_nusuario) VALUES (12174,@@@2013.09.27@@@,1180,1,0,@@@c_jara@@@)','',2,'2013-09-27'),(70166,'INSERT INTO gne_vale_ferreteria_mov (vfe_id,pro_codigo_plu,vfm_cantidad,vfm_unitario,vfm_total,vfm_entregado) VALUES (12174,780721516,2,590,1180,@@@NO@@@)','',2,'2013-09-27'),(70167,'INSERT INTO gne_vale_ferreteria (vfe_id,vfe_fecha,vfe_total,vfe_estado,vfe_entregado,usu_nusuario) VALUES (12175,@@@2013.09.27@@@,370,1,0,@@@c_jara@@@)','',2,'2013-09-27'),(70168,'INSERT INTO gne_vale_ferreteria_mov (vfe_id,pro_codigo_plu,vfm_cantidad,vfm_unitario,vfm_total,vfm_entregado) VALUES (12175,18387,1,200,200,@@@NO@@@)','',2,'2013-09-27'),(70169,'INSERT INTO gne_vale_ferreteria_mov (vfe_id,pro_codigo_plu,vfm_cantidad,vfm_unitario,vfm_total,vfm_entregado) VALUES (12175,1060,1,170,170,@@@NO@@@)','',2,'2013-09-27'),(70170,'UPDATE mae_productos SET pro_margen_actual=41.18,pro_precio_venta=1890 WHERE pro_codigo_plu=106','',2,'2013-09-27'),(70171,'UPDATE mae_productos SET pro_margen_actual=34.42,pro_precio_venta=1390 WHERE pro_codigo_plu=780721872','',2,'2013-09-27'),(70172,'UPDATE mae_productos SET pro_margen_actual=37.39,pro_precio_venta=1290 WHERE pro_codigo_plu=780721873','',2,'2013-09-27'),(70173,'UPDATE mae_productos SET pro_margen_actual=0,pro_precio_venta=2190 WHERE pro_codigo_plu=18124','',2,'2013-09-27'),(70174,'UPDATE mae_productos SET pro_margen_actual=40.36,pro_precio_venta=2190 WHERE pro_codigo_plu=18076','',2,'2013-09-27'),(70175,'UPDATE mae_productos SET pro_margen_actual=40.36,pro_precio_venta=2190 WHERE pro_codigo_plu=18070','',2,'2013-09-27'),(70176,'UPDATE mae_productos SET pro_precio_fiscal=pro_precio_venta WHERE pro_codigo_plu=18124','',2,'2013-09-27'),(70177,'UPDATE mae_productos SET pro_precio_fiscal=pro_precio_venta WHERE pro_codigo_plu=18076','',2,'2013-09-27'),(70178,'UPDATE mae_productos SET pro_precio_fiscal=pro_precio_venta WHERE pro_codigo_plu=18070','',2,'2013-09-27'),(70179,'UPDATE mae_productos SET pro_precio_fiscal=pro_precio_venta WHERE pro_codigo_plu=780721872','',2,'2013-09-27'),(70180,'UPDATE mae_productos SET pro_precio_fiscal=pro_precio_venta WHERE pro_codigo_plu=780721873','',2,'2013-09-27'),(70181,'INSERT INTO gne_vale_ferreteria (vfe_id,vfe_fecha,vfe_total,vfe_estado,vfe_entregado,usu_nusuario) VALUES (12176,@@@2013.09.27@@@,1100,1,0,@@@c_jara@@@)','',2,'2013-09-27'),(70182,'INSERT INTO gne_vale_ferreteria_mov (vfe_id,pro_codigo_plu,vfm_cantidad,vfm_unitario,vfm_total,vfm_entregado) VALUES (12176,13498,1,1100,1100,@@@NO@@@)','',2,'2013-09-27'),(70183,'UPDATE mae_productos SET pro_margen_actual=0,pro_precio_venta=1190 WHERE pro_codigo_plu=15048','',2,'2013-09-27'),(70184,'UPDATE mae_productos SET pro_precio_fiscal=pro_precio_venta WHERE pro_codigo_plu=15048','',2,'2013-09-27'),(70185,'INSERT INTO gne_vale_ferreteria (vfe_id,vfe_fecha,vfe_total,vfe_estado,vfe_entregado,usu_nusuario) VALUES (12177,@@@2013.09.27@@@,1990,1,0,@@@c_jara@@@)','',2,'2013-09-27'),(70186,'INSERT INTO gne_vale_ferreteria_mov (vfe_id,pro_codigo_plu,vfm_cantidad,vfm_unitario,vfm_total,vfm_entregado) VALUES (12177,780721541,1,1990,1990,@@@NO@@@)','',2,'2013-09-27'),(70187,'INSERT INTO gne_vale_ferreteria (vfe_id,vfe_fecha,vfe_total,vfe_estado,vfe_entregado,usu_nusuario) VALUES (12178,@@@2013.09.27@@@,3990,1,0,@@@c_jara@@@)','',2,'2013-09-27'),(70188,'INSERT INTO gne_vale_ferreteria_mov (vfe_id,pro_codigo_plu,vfm_cantidad,vfm_unitario,vfm_total,vfm_entregado) VALUES (12178,780721754,1,3990,3990,@@@NO@@@)','',2,'2013-09-27'),(70189,'INSERT INTO gne_vale_ferreteria (vfe_id,vfe_fecha,vfe_total,vfe_estado,vfe_entregado,usu_nusuario) VALUES (12179,@@@2013.09.27@@@,4480,1,0,@@@c_jara@@@)','',2,'2013-09-27'),(70190,'INSERT INTO gne_vale_ferreteria_mov (vfe_id,pro_codigo_plu,vfm_cantidad,vfm_unitario,vfm_total,vfm_entregado) VALUES (12179,764629,1,3890,3890,@@@NO@@@)','',2,'2013-09-27'),(70191,'INSERT INTO gne_vale_ferreteria_mov (vfe_id,pro_codigo_plu,vfm_cantidad,vfm_unitario,vfm_total,vfm_entregado) VALUES (12179,780721516,1,590,590,@@@NO@@@)','',2,'2013-09-27'),(70192,'INSERT INTO gne_vale_ferreteria (vfe_id,vfe_fecha,vfe_total,vfe_estado,vfe_entregado,usu_nusuario) VALUES (12180,@@@2013.09.27@@@,1890,1,0,@@@c_jara@@@)','',2,'2013-09-27'),(70193,'INSERT INTO gne_vale_ferreteria_mov (vfe_id,pro_codigo_plu,vfm_cantidad,vfm_unitario,vfm_total,vfm_entregado) VALUES (12180,101625,1,1890,1890,@@@NO@@@)','',2,'2013-09-27'),(70194,'INSERT INTO gne_vale_ferreteria (vfe_id,vfe_fecha,vfe_total,vfe_estado,vfe_entregado,usu_nusuario) VALUES (12181,@@@2013.09.27@@@,150,1,0,@@@c_jara@@@)','',2,'2013-09-27'),(70195,'INSERT INTO gne_vale_ferreteria_mov (vfe_id,pro_codigo_plu,vfm_cantidad,vfm_unitario,vfm_total,vfm_entregado) VALUES (12181,770062,1,150,150,@@@NO@@@)','',2,'2013-09-27'),(70196,'UPDATE mae_productos SET pro_margen_actual=44.2,pro_precio_venta=1990 WHERE pro_codigo_plu=562','',2,'2013-09-27'),(70197,'UPDATE mae_productos SET pro_margen_actual=96,pro_precio_venta=490 WHERE pro_codigo_plu=535','',2,'2013-09-27'),(70198,'UPDATE mae_productos SET pro_margen_actual=248.48,pro_precio_venta=690 WHERE pro_codigo_plu=534','',2,'2013-09-27'),(70199,'UPDATE mae_productos SET pro_precio_fiscal=pro_precio_venta WHERE pro_codigo_plu=534','',2,'2013-09-27'),(70200,'UPDATE mae_productos SET pro_precio_fiscal=pro_precio_venta WHERE pro_codigo_plu=535','',2,'2013-09-27'),(70201,'UPDATE mae_productos SET pro_precio_fiscal=pro_precio_venta WHERE pro_codigo_plu=562','',2,'2013-09-27'),(70202,'UPDATE mae_productos SET pro_margen_actual=0,pro_precio_venta=450 WHERE pro_codigo_plu=18078','',2,'2013-09-27'),(70203,'UPDATE mae_productos SET pro_margen_actual=0,pro_precio_venta=450 WHERE pro_codigo_plu=18071','',2,'2013-09-27'),(70204,'UPDATE mae_productos SET pro_precio_fiscal=pro_precio_venta WHERE pro_codigo_plu=780721871','',2,'2013-09-27'),(70205,'UPDATE mae_productos SET pro_precio_fiscal=pro_precio_venta WHERE pro_codigo_plu=18078','',2,'2013-09-27'),(70206,'UPDATE mae_productos SET pro_precio_fiscal=pro_precio_venta WHERE pro_codigo_plu=18071','',2,'2013-09-27'),(70207,'UPDATE mae_productos SET pro_margen_actual=58.82,pro_precio_venta=5320 WHERE pro_codigo_plu=310','',2,'2013-09-27'),(70208,'UPDATE mae_productos SET pro_margen_actual=0,pro_precio_venta=5320 WHERE pro_codigo_plu=311','',2,'2013-09-27'),(70209,'UPDATE mae_productos SET pro_precio_fiscal=pro_precio_venta WHERE pro_codigo_plu=310','',2,'2013-09-27'),(70210,'UPDATE mae_productos SET pro_precio_fiscal=pro_precio_venta WHERE pro_codigo_plu=311','',2,'2013-09-27'),(70211,'UPDATE mae_productos SET pro_margen_actual=73.73,pro_precio_venta=6200 WHERE pro_codigo_plu=388','',2,'2013-09-27'),(70212,'UPDATE mae_productos SET pro_margen_actual=49.72,pro_precio_venta=6200 WHERE pro_codigo_plu=401','',2,'2013-09-27'),(70213,'UPDATE mae_productos SET pro_precio_fiscal=pro_precio_venta WHERE pro_codigo_plu=388','',2,'2013-09-27'),(70214,'INSERT INTO gne_vale_ferreteria (vfe_id,vfe_fecha,vfe_total,vfe_estado,vfe_entregado,usu_nusuario) VALUES (12182,@@@2013.09.27@@@,450,1,0,@@@G_DIAZ@@@)','',2,'2013-09-27'),(70215,'INSERT INTO gne_vale_ferreteria_mov (vfe_id,pro_codigo_plu,vfm_cantidad,vfm_unitario,vfm_total,vfm_entregado) VALUES (12182,780721818,1,250,250,@@@NO@@@)','',2,'2013-09-27'),(70216,'INSERT INTO gne_vale_ferreteria_mov (vfe_id,pro_codigo_plu,vfm_cantidad,vfm_unitario,vfm_total,vfm_entregado) VALUES (12182,764696,2,100,200,@@@NO@@@)','',2,'2013-09-27'),(70217,'INSERT INTO gne_vale_ferreteria (vfe_id,vfe_fecha,vfe_total,vfe_estado,vfe_entregado,usu_nusuario) VALUES (12183,@@@2013.09.27@@@,350,1,0,@@@G_DIAZ@@@)','',2,'2013-09-27'),(70218,'INSERT INTO gne_vale_ferreteria_mov (vfe_id,pro_codigo_plu,vfm_cantidad,vfm_unitario,vfm_total,vfm_entregado) VALUES (12183,764696,1,100,100,@@@NO@@@)','',2,'2013-09-27'),(70219,'INSERT INTO gne_vale_ferreteria_mov (vfe_id,pro_codigo_plu,vfm_cantidad,vfm_unitario,vfm_total,vfm_entregado) VALUES (12183,780721819,1,250,250,@@@NO@@@)','',2,'2013-09-27'),(70220,'INSERT INTO gne_vale_ferreteria (vfe_id,vfe_fecha,vfe_total,vfe_estado,vfe_entregado,usu_nusuario) VALUES (12184,@@@2013.09.27@@@,3480,1,0,@@@G_DIAZ@@@)','',2,'2013-09-27'),(70221,'INSERT INTO gne_vale_ferreteria_mov (vfe_id,pro_codigo_plu,vfm_cantidad,vfm_unitario,vfm_total,vfm_entregado) VALUES (12184,7500899,1,2490,2490,@@@NO@@@)','',2,'2013-09-27'),(70222,'INSERT INTO gne_vale_ferreteria_mov (vfe_id,pro_codigo_plu,vfm_cantidad,vfm_unitario,vfm_total,vfm_entregado) VALUES (12184,780721370,1,990,990,@@@NO@@@)','',2,'2013-09-27'),(70223,'INSERT INTO gne_vale_ferreteria (vfe_id,vfe_fecha,vfe_total,vfe_estado,vfe_entregado,usu_nusuario) VALUES (12185,@@@2013.09.27@@@,1380,1,0,@@@G_DIAZ@@@)','',2,'2013-09-27'),(70224,'INSERT INTO gne_vale_ferreteria_mov (vfe_id,pro_codigo_plu,vfm_cantidad,vfm_unitario,vfm_total,vfm_entregado) VALUES (12185,7705005,2,690,1380,@@@NO@@@)','',2,'2013-09-27'),(70225,'INSERT INTO gne_vale_ferreteria (vfe_id,vfe_fecha,vfe_total,vfe_estado,vfe_entregado,usu_nusuario) VALUES (12186,@@@2013.09.27@@@,3279,1,0,@@@G_DIAZ@@@)','',2,'2013-09-27'),(70226,'INSERT INTO gne_vale_ferreteria_mov (vfe_id,pro_codigo_plu,vfm_cantidad,vfm_unitario,vfm_total,vfm_entregado) VALUES (12186,763697,1,1790,1790,@@@NO@@@)','',2,'2013-09-27'),(70227,'INSERT INTO gne_vale_ferreteria_mov (vfe_id,pro_codigo_plu,vfm_cantidad,vfm_unitario,vfm_total,vfm_entregado) VALUES (12186,102110,1,300,300,@@@NO@@@)','',2,'2013-09-27'),(70228,'INSERT INTO gne_vale_ferreteria_mov (vfe_id,pro_codigo_plu,vfm_cantidad,vfm_unitario,vfm_total,vfm_entregado) VALUES (12186,763721,1,399,399,@@@NO@@@)','',2,'2013-09-27'),(70229,'INSERT INTO gne_vale_ferreteria_mov (vfe_id,pro_codigo_plu,vfm_cantidad,vfm_unitario,vfm_total,vfm_entregado) VALUES (12186,101104,1,790,790,@@@NO@@@)','',2,'2013-09-27'),(70230,'INSERT INTO gne_vale_ferreteria (vfe_id,vfe_fecha,vfe_total,vfe_estado,vfe_entregado,usu_nusuario) VALUES (12187,@@@2013.09.27@@@,3590,1,0,@@@G_DIAZ@@@)','',2,'2013-09-27'),(70231,'INSERT INTO gne_vale_ferreteria_mov (vfe_id,pro_codigo_plu,vfm_cantidad,vfm_unitario,vfm_total,vfm_entregado) VALUES (12187,7500898,1,3590,3590,@@@NO@@@)','',2,'2013-09-27'),(70232,'INSERT INTO gne_vale_ferreteria (vfe_id,vfe_fecha,vfe_total,vfe_estado,vfe_entregado,usu_nusuario) VALUES (12188,@@@2013.09.27@@@,490,1,0,@@@G_DIAZ@@@)','',2,'2013-09-27'),(70233,'INSERT INTO gne_vale_ferreteria_mov (vfe_id,pro_codigo_plu,vfm_cantidad,vfm_unitario,vfm_total,vfm_entregado) VALUES (12188,78017203,1,490,490,@@@NO@@@)','',2,'2013-09-27'),(70234,'INSERT INTO gne_vale_ferreteria (vfe_id,vfe_fecha,vfe_total,vfe_estado,vfe_entregado,usu_nusuario) VALUES (12189,@@@2013.09.27@@@,150,1,0,@@@G_DIAZ@@@)','',2,'2013-09-27'),(70235,'INSERT INTO gne_vale_ferreteria_mov (vfe_id,pro_codigo_plu,vfm_cantidad,vfm_unitario,vfm_total,vfm_entregado) VALUES (12189,8021,1,150,150,@@@NO@@@)','',2,'2013-09-27'),(70236,'INSERT INTO gne_vale_ferreteria (vfe_id,vfe_fecha,vfe_total,vfe_estado,vfe_entregado,usu_nusuario) VALUES (12190,@@@2013.09.27@@@,150,1,0,@@@G_DIAZ@@@)','',2,'2013-09-27'),(70237,'INSERT INTO gne_vale_ferreteria_mov (vfe_id,pro_codigo_plu,vfm_cantidad,vfm_unitario,vfm_total,vfm_entregado) VALUES (12190,780721187,1,150,150,@@@NO@@@)','',2,'2013-09-27'),(70238,'INSERT INTO gne_vale_ferreteria (vfe_id,vfe_fecha,vfe_total,vfe_estado,vfe_entregado,usu_nusuario) VALUES (12191,@@@2013.09.27@@@,590,1,0,@@@G_DIAZ@@@)','',2,'2013-09-27'),(70239,'INSERT INTO gne_vale_ferreteria_mov (vfe_id,pro_codigo_plu,vfm_cantidad,vfm_unitario,vfm_total,vfm_entregado) VALUES (12191,764017,1,590,590,@@@NO@@@)','',2,'2013-09-27'),(70240,'INSERT INTO gne_vale_ferreteria (vfe_id,vfe_fecha,vfe_total,vfe_estado,vfe_entregado,usu_nusuario) VALUES (12192,@@@2013.09.27@@@,370,1,0,@@@G_DIAZ@@@)','',2,'2013-09-27'),(70241,'INSERT INTO gne_vale_ferreteria_mov (vfe_id,pro_codigo_plu,vfm_cantidad,vfm_unitario,vfm_total,vfm_entregado) VALUES (12192,102408,1,370,370,@@@NO@@@)','',2,'2013-09-27'),(70242,'INSERT INTO gne_vale_ferreteria (vfe_id,vfe_fecha,vfe_total,vfe_estado,vfe_entregado,usu_nusuario) VALUES (12193,@@@2013.09.27@@@,130,1,0,@@@G_DIAZ@@@)','',2,'2013-09-27'),(70243,'INSERT INTO gne_vale_ferreteria_mov (vfe_id,pro_codigo_plu,vfm_cantidad,vfm_unitario,vfm_total,vfm_entregado) VALUES (12193,15967,1,130,130,@@@NO@@@)','',2,'2013-09-27'),(70244,'INSERT INTO gne_vale_ferreteria (vfe_id,vfe_fecha,vfe_total,vfe_estado,vfe_entregado,usu_nusuario) VALUES (12194,@@@2013.09.27@@@,520,1,0,@@@G_DIAZ@@@)','',2,'2013-09-27'),(70245,'INSERT INTO gne_vale_ferreteria_mov (vfe_id,pro_codigo_plu,vfm_cantidad,vfm_unitario,vfm_total,vfm_entregado) VALUES (12194,15967,4,130,520,@@@NO@@@)','',2,'2013-09-27'),(70246,'INSERT INTO gne_vale_ferreteria (vfe_id,vfe_fecha,vfe_total,vfe_estado,vfe_entregado,usu_nusuario) VALUES (12195,@@@2013.09.27@@@,650,1,0,@@@G_DIAZ@@@)','',2,'2013-09-27'),(70247,'INSERT INTO gne_vale_ferreteria_mov (vfe_id,pro_codigo_plu,vfm_cantidad,vfm_unitario,vfm_total,vfm_entregado) VALUES (12195,780721668,1,650,650,@@@NO@@@)','',2,'2013-09-27'),(70248,'INSERT INTO mae_productos (pro_codigo_plu,pro_codigo_barra,pro_tipo,pro_nombre_producto,pro_nombre_corto,med_id,emb_id,pro_unidades_embalaje,dep_id,lin_id,mar_id,pro_precio_compra_neto,pro_precio_compra_bruto,pro_precio_venta,pro_margen_actual,pro_oferta,pro_fecha_inicio_oferta,pro_fecha_termino_oferta,pro_precio_oferta,pro_stock_minimo,pro_stock_critico,pro_entradas_bodega,pro_salidas_bodega,pro_mermas_bodega,pro_ajustes_bodega,pro_entradas_sv,pro_salidas_sv,pro_mermas_sv,pro_ajustes_sv,pro_activo,rec_numero,pro_unidad,pro_capacidad,pro_consumo_bodega,pro_consumo_sv,pro_estado,pro_funcion_plu,pro_flejes,pro_iva,pro_plu_asociado,pro_envase,pro_duracion,pro_numero_etiqueta) VALUES (780721874,@@@7802000009037@@@,@@@0@@@,@@@SNACK MIX II 47 GRS@@@,@@@SNACK MIX II@@@,@@@5 @@@,@@@6 @@@,@@@1@@@,@@@32 @@@,@@@160@@@,@@@1608@@@,@@@0@@@,@@@304.64@@@,@@@1@@@,@@@-99.67@@@,@@@@@@,@@@2013.09.27@@@,@@@2013.09.27@@@,@@@0@@@,@@@5@@@,@@@2@@@,@@@0@@@,@@@0@@@,@@@0@@@,@@@0@@@,@@@0@@@,@@@0@@@,@@@0@@@,@@@0@@@,@@@1@@@,@@@0@@@,0,47,0,0,2,0,1,1,0,@@@NO@@@,0,0)','',2,'2013-09-27'),(70249,'DELETE FROM mae_impuestos_productos WHERE pro_codigo_plu=@@@780721874@@@','',2,'2013-09-27'),(70250,'INSERT INTO gne_vale_ferreteria (vfe_id,vfe_fecha,vfe_total,vfe_estado,vfe_entregado,usu_nusuario) VALUES (12196,@@@2013.09.27@@@,390,1,0,@@@G_DIAZ@@@)','',2,'2013-09-27'),(70251,'INSERT INTO gne_vale_ferreteria_mov (vfe_id,pro_codigo_plu,vfm_cantidad,vfm_unitario,vfm_total,vfm_entregado) VALUES (12196,101102,1,390,390,@@@NO@@@)','',2,'2013-09-27'),(70252,'INSERT INTO gne_vale_ferreteria (vfe_id,vfe_fecha,vfe_total,vfe_estado,vfe_entregado,usu_nusuario) VALUES (12197,@@@2013.09.27@@@,600,1,0,@@@G_DIAZ@@@)','',2,'2013-09-27'),(70253,'INSERT INTO gne_vale_ferreteria_mov (vfe_id,pro_codigo_plu,vfm_cantidad,vfm_unitario,vfm_total,vfm_entregado) VALUES (12197,102110,2,300,600,@@@NO@@@)','',2,'2013-09-27'),(70254,'INSERT INTO gne_vale_ferreteria (vfe_id,vfe_fecha,vfe_total,vfe_estado,vfe_entregado,usu_nusuario) VALUES (12198,@@@2013.09.27@@@,999,1,0,@@@G_DIAZ@@@)','',2,'2013-09-27'),(70255,'INSERT INTO gne_vale_ferreteria_mov (vfe_id,pro_codigo_plu,vfm_cantidad,vfm_unitario,vfm_total,vfm_entregado) VALUES (12198,780721231,1,999,999,@@@NO@@@)','',2,'2013-09-27'),(70256,'INSERT INTO gne_vale_ferreteria (vfe_id,vfe_fecha,vfe_total,vfe_estado,vfe_entregado,usu_nusuario) VALUES (12199,@@@2013.09.27@@@,290,1,0,@@@G_DIAZ@@@)','',2,'2013-09-27'),(70257,'INSERT INTO gne_vale_ferreteria_mov (vfe_id,pro_codigo_plu,vfm_cantidad,vfm_unitario,vfm_total,vfm_entregado) VALUES (12199,12161,1,290,290,@@@NO@@@)','',2,'2013-09-27'),(70258,'INSERT INTO gne_vale_ferreteria (vfe_id,vfe_fecha,vfe_total,vfe_estado,vfe_entregado,usu_nusuario) VALUES (12200,@@@2013.09.27@@@,200,1,0,@@@G_DIAZ@@@)','',2,'2013-09-27'),(70259,'INSERT INTO gne_vale_ferreteria_mov (vfe_id,pro_codigo_plu,vfm_cantidad,vfm_unitario,vfm_total,vfm_entregado) VALUES (12200,1556,1,200,200,@@@NO@@@)','',2,'2013-09-27'),(70260,'INSERT INTO gne_vale_ferreteria (vfe_id,vfe_fecha,vfe_total,vfe_estado,vfe_entregado,usu_nusuario) VALUES (12201,@@@2013.09.27@@@,240,1,0,@@@G_DIAZ@@@)','',2,'2013-09-27'),(70261,'INSERT INTO gne_vale_ferreteria_mov (vfe_id,pro_codigo_plu,vfm_cantidad,vfm_unitario,vfm_total,vfm_entregado) VALUES (12201,764834,12,20,240,@@@NO@@@)','',2,'2013-09-27'),(70262,'INSERT INTO gne_vale_ferreteria (vfe_id,vfe_fecha,vfe_total,vfe_estado,vfe_entregado,usu_nusuario) VALUES (12202,@@@2013.09.27@@@,690,1,0,@@@G_DIAZ@@@)','',2,'2013-09-27'),(70263,'INSERT INTO gne_vale_ferreteria_mov (vfe_id,pro_codigo_plu,vfm_cantidad,vfm_unitario,vfm_total,vfm_entregado) VALUES (12202,78017055,1,690,690,@@@NO@@@)','',2,'2013-09-27'),(70264,'INSERT INTO gne_vale_ferreteria (vfe_id,vfe_fecha,vfe_total,vfe_estado,vfe_entregado,usu_nusuario) VALUES (12203,@@@2013.09.27@@@,330,1,0,@@@G_DIAZ@@@)','',2,'2013-09-27'),(70265,'INSERT INTO gne_vale_ferreteria_mov (vfe_id,pro_codigo_plu,vfm_cantidad,vfm_unitario,vfm_total,vfm_entregado) VALUES (12203,764507,1,330,330,@@@NO@@@)','',2,'2013-09-27'),(70266,'INSERT INTO gne_vale_ferreteria (vfe_id,vfe_fecha,vfe_total,vfe_estado,vfe_entregado,usu_nusuario) VALUES (12204,@@@2013.09.27@@@,499,1,0,@@@G_DIAZ@@@)','',2,'2013-09-27'),(70267,'INSERT INTO gne_vale_ferreteria_mov (vfe_id,pro_codigo_plu,vfm_cantidad,vfm_unitario,vfm_total,vfm_entregado) VALUES (12204,764285,1,499,499,@@@NO@@@)','',2,'2013-09-27'),(70268,'INSERT INTO gne_vale_ferreteria (vfe_id,vfe_fecha,vfe_total,vfe_estado,vfe_entregado,usu_nusuario) VALUES (12205,@@@2013.09.27@@@,400,1,0,@@@G_DIAZ@@@)','',2,'2013-09-27'),(70269,'INSERT INTO gne_vale_ferreteria_mov (vfe_id,pro_codigo_plu,vfm_cantidad,vfm_unitario,vfm_total,vfm_entregado) VALUES (12205,770058,2,200,400,@@@NO@@@)','',2,'2013-09-27'),(70270,'UPDATE mae_productos SET pro_codigo_barra=@@@77@@@,pro_tipo=@@@0@@@,pro_nombre_producto=@@@TAPAPECHO@@@,pro_nombre_corto=@@@TAPAPECHO@@@,med_id=@@@2@@@,emb_id=@@@1@@@,pro_unidades_embalaje=@@@1@@@,dep_id=@@@10 @@@,lin_id=@@@68@@@,mar_id=@@@2507@@@,pro_precio_compra_neto=@@@0@@@,pro_precio_compra_bruto=@@@0@@@,pro_precio_venta=@@@5090@@@,pro_margen_actual=@@@0@@@,pro_oferta=@@@NO@@@,pro_fecha_inicio_oferta=@@@1900.01.01@@@,pro_fecha_termino_oferta=@@@1900.01.01@@@,pro_precio_oferta=@@@0@@@,pro_stock_minimo=@@@1@@@,pro_stock_critico=@@@1@@@,pro_activo=@@@1@@@,pro_unidad=@@@1@@@,pro_precio_compra_bruto=0,pro_margen_actual=0,pro_capacidad=1,pro_funcion_plu=1,pro_flejes=1,pro_iva=1,pro_plu_asociado=0,pro_envase=@@@NO@@@,pro_duracion=0,pro_numero_etiqueta=1 WHERE pro_codigo_plu=@@@77@@@','',2,'2013-09-27'),(70271,'UPDATE mae_productos SET pro_estado=1 WHERE pro_codigo_plu=77','',2,'2013-09-27'),(70272,'DELETE FROM mae_impuestos_productos WHERE pro_codigo_plu=@@@77@@@','',2,'2013-09-27'),(70273,'INSERT INTO gne_vale_ferreteria (vfe_id,vfe_fecha,vfe_total,vfe_estado,vfe_entregado,usu_nusuario) VALUES (12206,@@@2013.09.27@@@,3380,1,0,@@@G_DIAZ@@@)','',2,'2013-09-27'),(70274,'INSERT INTO gne_vale_ferreteria_mov (vfe_id,pro_codigo_plu,vfm_cantidad,vfm_unitario,vfm_total,vfm_entregado) VALUES (12206,780220149,1,1390,1390,@@@NO@@@)','',2,'2013-09-27'),(70275,'INSERT INTO gne_vale_ferreteria_mov (vfe_id,pro_codigo_plu,vfm_cantidad,vfm_unitario,vfm_total,vfm_entregado) VALUES (12206,262018,1,1990,1990,@@@NO@@@)','',2,'2013-09-27'),(70276,'INSERT INTO mae_productos (pro_codigo_plu,pro_codigo_barra,pro_tipo,pro_nombre_producto,pro_nombre_corto,med_id,emb_id,pro_unidades_embalaje,dep_id,lin_id,mar_id,pro_precio_compra_neto,pro_precio_compra_bruto,pro_precio_venta,pro_margen_actual,pro_oferta,pro_fecha_inicio_oferta,pro_fecha_termino_oferta,pro_precio_oferta,pro_stock_minimo,pro_stock_critico,pro_entradas_bodega,pro_salidas_bodega,pro_mermas_bodega,pro_ajustes_bodega,pro_entradas_sv,pro_salidas_sv,pro_mermas_sv,pro_ajustes_sv,pro_activo,rec_numero,pro_unidad,pro_capacidad,pro_consumo_bodega,pro_consumo_sv,pro_estado,pro_funcion_plu,pro_flejes,pro_iva,pro_plu_asociado,pro_envase,pro_duracion,pro_numero_etiqueta) VALUES (780721875,@@@7613034276490@@@,@@@0@@@,@@@TRENCITO CHOCOLATE 24 G@@@,@@@TRENCITO CHOCOLA@@@,@@@5 @@@,@@@6 @@@,@@@30@@@,@@@32 @@@,@@@161@@@,@@@9@@@,@@@0@@@,@@@166.28@@@,@@@1@@@,@@@-99.4@@@,@@@@@@,@@@2006.09.07@@@,@@@2006.09.07@@@,@@@0@@@,@@@30@@@,@@@5@@@,@@@0@@@,@@@0@@@,@@@0@@@,@@@0@@@,@@@0@@@,@@@0@@@,@@@0@@@,@@@0@@@,@@@1@@@,@@@0@@@,0,24,0,0,2,0,1,1,0,@@@NO@@@,0,0)','',2,'2013-09-27'),(70277,'DELETE FROM mae_impuestos_productos WHERE pro_codigo_plu=@@@780721875@@@','',2,'2013-09-27'),(70278,'INSERT INTO gne_vale_ferreteria (vfe_id,vfe_fecha,vfe_total,vfe_estado,vfe_entregado,usu_nusuario) VALUES (12207,@@@2013.09.27@@@,1890,1,0,@@@G_DIAZ@@@)','',2,'2013-09-27'),(70279,'INSERT INTO gne_vale_ferreteria_mov (vfe_id,pro_codigo_plu,vfm_cantidad,vfm_unitario,vfm_total,vfm_entregado) VALUES (12207,101624,1,1890,1890,@@@NO@@@)','',2,'2013-09-27'),(70280,'INSERT INTO gne_vale_ferreteria (vfe_id,vfe_fecha,vfe_total,vfe_estado,vfe_entregado,usu_nusuario) VALUES (12208,@@@2013.09.27@@@,2490,1,0,@@@G_DIAZ@@@)','',2,'2013-09-27'),(70281,'INSERT INTO gne_vale_ferreteria_mov (vfe_id,pro_codigo_plu,vfm_cantidad,vfm_unitario,vfm_total,vfm_entregado) VALUES (12208,764858,1,2490,2490,@@@NO@@@)','',2,'2013-09-27'),(70282,'INSERT INTO gne_vale_ferreteria (vfe_id,vfe_fecha,vfe_total,vfe_estado,vfe_entregado,usu_nusuario) VALUES (12209,@@@2013.09.27@@@,3990,1,0,@@@G_DIAZ@@@)','',2,'2013-09-27'),(70283,'INSERT INTO gne_vale_ferreteria_mov (vfe_id,pro_codigo_plu,vfm_cantidad,vfm_unitario,vfm_total,vfm_entregado) VALUES (12209,764681,1,3990,3990,@@@NO@@@)','',2,'2013-09-27'),(70284,'INSERT INTO gne_vale_ferreteria (vfe_id,vfe_fecha,vfe_total,vfe_estado,vfe_entregado,usu_nusuario) VALUES (12210,@@@2013.09.27@@@,500,1,0,@@@G_DIAZ@@@)','',2,'2013-09-27'),(70285,'INSERT INTO gne_vale_ferreteria_mov (vfe_id,pro_codigo_plu,vfm_cantidad,vfm_unitario,vfm_total,vfm_entregado) VALUES (12210,770000,10,50,500,@@@NO@@@)','',2,'2013-09-27'),(70286,'INSERT INTO gne_vale_ferreteria (vfe_id,vfe_fecha,vfe_total,vfe_estado,vfe_entregado,usu_nusuario) VALUES (12211,@@@2013.09.27@@@,2490,1,0,@@@G_DIAZ@@@)','',2,'2013-09-27'),(70287,'INSERT INTO gne_vale_ferreteria_mov (vfe_id,pro_codigo_plu,vfm_cantidad,vfm_unitario,vfm_total,vfm_entregado) VALUES (12211,764769,1,2490,2490,@@@NO@@@)','',2,'2013-09-27'),(70288,'INSERT INTO gne_vale_ferreteria (vfe_id,vfe_fecha,vfe_total,vfe_estado,vfe_entregado,usu_nusuario) VALUES (12212,@@@2013.09.27@@@,590,1,0,@@@G_DIAZ@@@)','',2,'2013-09-27'),(70289,'INSERT INTO gne_vale_ferreteria_mov (vfe_id,pro_codigo_plu,vfm_cantidad,vfm_unitario,vfm_total,vfm_entregado) VALUES (12212,764700,1,590,590,@@@NO@@@)','',2,'2013-09-27'),(70290,'INSERT INTO gne_vale_ferreteria (vfe_id,vfe_fecha,vfe_total,vfe_estado,vfe_entregado,usu_nusuario) VALUES (12213,@@@2013.09.27@@@,1440,1,0,@@@G_DIAZ@@@)','',2,'2013-09-27'),(70291,'INSERT INTO gne_vale_ferreteria_mov (vfe_id,pro_codigo_plu,vfm_cantidad,vfm_unitario,vfm_total,vfm_entregado) VALUES (12213,770065,12,120,1440,@@@NO@@@)','',2,'2013-09-27'),(70292,'INSERT INTO gne_vale_ferreteria (vfe_id,vfe_fecha,vfe_total,vfe_estado,vfe_entregado,usu_nusuario) VALUES (12214,@@@2013.09.27@@@,950,1,0,@@@G_DIAZ@@@)','',2,'2013-09-27'),(70293,'INSERT INTO gne_vale_ferreteria_mov (vfe_id,pro_codigo_plu,vfm_cantidad,vfm_unitario,vfm_total,vfm_entregado) VALUES (12214,15929,2,130,260,@@@NO@@@)','',2,'2013-09-27'),(70294,'INSERT INTO gne_vale_ferreteria_mov (vfe_id,pro_codigo_plu,vfm_cantidad,vfm_unitario,vfm_total,vfm_entregado) VALUES (12214,770091,1,690,690,@@@NO@@@)','',2,'2013-09-27'),(70295,'INSERT INTO gne_vale_ferreteria (vfe_id,vfe_fecha,vfe_total,vfe_estado,vfe_entregado,usu_nusuario) VALUES (12215,@@@2013.09.27@@@,700,1,0,@@@G_DIAZ@@@)','',2,'2013-09-27'),(70296,'INSERT INTO gne_vale_ferreteria_mov (vfe_id,pro_codigo_plu,vfm_cantidad,vfm_unitario,vfm_total,vfm_entregado) VALUES (12215,764833,30,10,300,@@@NO@@@)','',2,'2013-09-27'),(70297,'INSERT INTO gne_vale_ferreteria_mov (vfe_id,pro_codigo_plu,vfm_cantidad,vfm_unitario,vfm_total,vfm_entregado) VALUES (12215,770034,20,20,400,@@@NO@@@)','',2,'2013-09-27'),(70298,'INSERT INTO gne_vale_ferreteria (vfe_id,vfe_fecha,vfe_total,vfe_estado,vfe_entregado,usu_nusuario) VALUES (12216,@@@2013.09.27@@@,790,1,0,@@@G_DIAZ@@@)','',2,'2013-09-27'),(70299,'INSERT INTO gne_vale_ferreteria_mov (vfe_id,pro_codigo_plu,vfm_cantidad,vfm_unitario,vfm_total,vfm_entregado) VALUES (12216,780721107,1,790,790,@@@NO@@@)','',2,'2013-09-27'),(70300,'INSERT INTO gne_vale_ferreteria (vfe_id,vfe_fecha,vfe_total,vfe_estado,vfe_entregado,usu_nusuario) VALUES (12217,@@@2013.09.27@@@,750,1,0,@@@G_DIAZ@@@)','',2,'2013-09-27'),(70301,'INSERT INTO gne_vale_ferreteria_mov (vfe_id,pro_codigo_plu,vfm_cantidad,vfm_unitario,vfm_total,vfm_entregado) VALUES (12217,78017202,1,450,450,@@@NO@@@)','',2,'2013-09-27'),(70302,'INSERT INTO gne_vale_ferreteria_mov (vfe_id,pro_codigo_plu,vfm_cantidad,vfm_unitario,vfm_total,vfm_entregado) VALUES (12217,12000,1,300,300,@@@NO@@@)','',2,'2013-09-27'),(70303,'INSERT INTO gne_vale_ferreteria (vfe_id,vfe_fecha,vfe_total,vfe_estado,vfe_entregado,usu_nusuario) VALUES (12218,@@@2013.09.28@@@,1190,1,0,@@@b_SAEZ@@@)','',2,'2013-09-28'),(70304,'INSERT INTO gne_vale_ferreteria_mov (vfe_id,pro_codigo_plu,vfm_cantidad,vfm_unitario,vfm_total,vfm_entregado) VALUES (12218,4069,1,1190,1190,@@@NO@@@)','',2,'2013-09-28'),(70305,'UPDATE mae_productos SET pro_precio_compra_bruto=1034.11,pro_margen_actual=(pro_precio_venta-1034.11)/1034.11 * 100,pro_ultima_compra=@@@2013.09.28@@@,pro_ultimo_proveedor=@@@77497340-0@@@ WHERE pro_codigo_plu=780721872','',2,'2013-09-28'),(70306,'UPDATE mae_productos SET pro_precio_compra_bruto=938.91,pro_margen_actual=(pro_precio_venta-938.91)/938.91 * 100,pro_ultima_compra=@@@2013.09.28@@@,pro_ultimo_proveedor=@@@77497340-0@@@ WHERE pro_codigo_plu=780721873','',2,'2013-09-28'),(70307,'UPDATE mae_productos SET pro_precio_compra_bruto=1071,pro_margen_actual=(pro_precio_venta-1071)/1071 * 100,pro_ultima_compra=@@@2013.09.28@@@,pro_ultimo_proveedor=@@@77497340-0@@@ WHERE pro_codigo_plu=763500','',2,'2013-09-28'),(70308,'UPDATE mae_productos SET pro_precio_compra_bruto=1535.1,pro_margen_actual=(pro_precio_venta-1535.1)/1535.1 * 100,pro_ultima_compra=@@@2013.09.28@@@,pro_ultimo_proveedor=@@@76062693-7@@@ WHERE pro_codigo_plu=130','',2,'2013-09-28'),(70309,'UPDATE mae_productos SET pro_precio_compra_bruto=3335.58,pro_margen_actual=(pro_precio_venta-3335.58)/3335.58 * 100,pro_ultima_compra=@@@2013.09.28@@@,pro_ultimo_proveedor=@@@76062693-7@@@ WHERE pro_codigo_plu=77','',2,'2013-09-28'),(70310,'UPDATE mae_productos SET pro_precio_compra_bruto=304.64,pro_margen_actual=(pro_precio_venta-304.64)/304.64 * 100,pro_ultima_compra=@@@2013.09.28@@@,pro_ultimo_proveedor=@@@94528000-K@@@ WHERE pro_codigo_plu=14128','',2,'2013-09-28'),(70311,'UPDATE mae_productos SET pro_precio_compra_bruto=304.64,pro_margen_actual=(pro_precio_venta-304.64)/304.64 * 100,pro_ultima_compra=@@@2013.09.28@@@,pro_ultimo_proveedor=@@@94528000-K@@@ WHERE pro_codigo_plu=763402','',2,'2013-09-28'),(70312,'UPDATE mae_productos SET pro_precio_compra_bruto=304.64,pro_margen_actual=(pro_precio_venta-304.64)/304.64 * 100,pro_ultima_compra=@@@2013.09.28@@@,pro_ultimo_proveedor=@@@94528000-K@@@ WHERE pro_codigo_plu=763393','',2,'2013-09-28'),(70313,'UPDATE mae_productos SET pro_precio_compra_bruto=304.64,pro_margen_actual=(pro_precio_venta-304.64)/304.64 * 100,pro_ultima_compra=@@@2013.09.28@@@,pro_ultimo_proveedor=@@@94528000-K@@@ WHERE pro_codigo_plu=763399','',2,'2013-09-28'),(70314,'UPDATE mae_productos SET pro_precio_compra_bruto=304.64,pro_margen_actual=(pro_precio_venta-304.64)/304.64 * 100,pro_ultima_compra=@@@2013.09.28@@@,pro_ultimo_proveedor=@@@94528000-K@@@ WHERE pro_codigo_plu=763414','',2,'2013-09-28'),(70315,'UPDATE mae_productos SET pro_precio_compra_bruto=385.56,pro_margen_actual=(pro_precio_venta-385.56)/385.56 * 100,pro_ultima_compra=@@@2013.09.28@@@,pro_ultimo_proveedor=@@@94528000-K@@@ WHERE pro_codigo_plu=764356','',2,'2013-09-28'),(70316,'UPDATE mae_productos SET pro_precio_compra_bruto=304.64,pro_margen_actual=(pro_precio_venta-304.64)/304.64 * 100,pro_ultima_compra=@@@2013.09.28@@@,pro_ultimo_proveedor=@@@94528000-K@@@ WHERE pro_codigo_plu=765087','',2,'2013-09-28'),(70317,'UPDATE mae_productos SET pro_precio_compra_bruto=304.64,pro_margen_actual=(pro_precio_venta-304.64)/304.64 * 100,pro_ultima_compra=@@@2013.09.28@@@,pro_ultimo_proveedor=@@@94528000-K@@@ WHERE pro_codigo_plu=765086','',2,'2013-09-28'),(70318,'UPDATE mae_productos SET pro_precio_compra_bruto=209.44,pro_margen_actual=(pro_precio_venta-209.44)/209.44 * 100,pro_ultima_compra=@@@2013.09.28@@@,pro_ultimo_proveedor=@@@94528000-K@@@ WHERE pro_codigo_plu=102689','',2,'2013-09-28'),(70319,'UPDATE mae_productos SET pro_precio_compra_bruto=102.34,pro_margen_actual=(pro_precio_venta-102.34)/102.34 * 100,pro_ultima_compra=@@@2013.09.28@@@,pro_ultimo_proveedor=@@@94528000-K@@@ WHERE pro_codigo_plu=762445','',2,'2013-09-28'),(70320,'UPDATE mae_productos SET pro_precio_compra_bruto=304.64,pro_margen_actual=(pro_precio_venta-304.64)/304.64 * 100,pro_ultima_compra=@@@2013.09.28@@@,pro_ultimo_proveedor=@@@94528000-K@@@ WHERE pro_codigo_plu=763415','',2,'2013-09-28'),(70321,'UPDATE mae_productos SET pro_precio_compra_bruto=304.64,pro_margen_actual=(pro_precio_venta-304.64)/304.64 * 100,pro_ultima_compra=@@@2013.09.28@@@,pro_ultimo_proveedor=@@@94528000-K@@@ WHERE pro_codigo_plu=764430','',2,'2013-09-28'),(70322,'UPDATE mae_productos SET pro_precio_compra_bruto=165.41,pro_margen_actual=(pro_precio_venta-165.41)/165.41 * 100,pro_ultima_compra=@@@2013.09.28@@@,pro_ultimo_proveedor=@@@94528000-K@@@ WHERE pro_codigo_plu=763395','',2,'2013-09-28'),(70323,'UPDATE mae_productos SET pro_precio_compra_bruto=213.01,pro_margen_actual=(pro_precio_venta-213.01)/213.01 * 100,pro_ultima_compra=@@@2013.09.28@@@,pro_ultimo_proveedor=@@@94528000-K@@@ WHERE pro_codigo_plu=762304','',2,'2013-09-28'),(70324,'UPDATE mae_productos SET pro_precio_compra_bruto=213.01,pro_margen_actual=(pro_precio_venta-213.01)/213.01 * 100,pro_ultima_compra=@@@2013.09.28@@@,pro_ultimo_proveedor=@@@94528000-K@@@ WHERE pro_codigo_plu=762808','',2,'2013-09-28'),(70325,'UPDATE mae_productos SET pro_precio_compra_bruto=213.01,pro_margen_actual=(pro_precio_venta-213.01)/213.01 * 100,pro_ultima_compra=@@@2013.09.28@@@,pro_ultimo_proveedor=@@@94528000-K@@@ WHERE pro_codigo_plu=762303','',2,'2013-09-28'),(70326,'UPDATE mae_productos SET pro_precio_compra_bruto=268.94,pro_margen_actual=(pro_precio_venta-268.94)/268.94 * 100,pro_ultima_compra=@@@2013.09.28@@@,pro_ultimo_proveedor=@@@94528000-K@@@ WHERE pro_codigo_plu=13593','',2,'2013-09-28'),(70327,'UPDATE mae_productos SET pro_precio_compra_bruto=268.94,pro_margen_actual=(pro_precio_venta-268.94)/268.94 * 100,pro_ultima_compra=@@@2013.09.28@@@,pro_ultimo_proveedor=@@@94528000-K@@@ WHERE pro_codigo_plu=780721230','',2,'2013-09-28'),(70328,'UPDATE mae_productos SET pro_precio_compra_bruto=268.94,pro_margen_actual=(pro_precio_venta-268.94)/268.94 * 100,pro_ultima_compra=@@@2013.09.28@@@,pro_ultimo_proveedor=@@@94528000-K@@@ WHERE pro_codigo_plu=763401','',2,'2013-09-28'),(70329,'UPDATE mae_productos SET pro_precio_compra_bruto=268.94,pro_margen_actual=(pro_precio_venta-268.94)/268.94 * 100,pro_ultima_compra=@@@2013.09.28@@@,pro_ultimo_proveedor=@@@94528000-K@@@ WHERE pro_codigo_plu=763396','',2,'2013-09-28'),(70330,'UPDATE mae_productos SET pro_precio_compra_bruto=268.94,pro_margen_actual=(pro_precio_venta-268.94)/268.94 * 100,pro_ultima_compra=@@@2013.09.28@@@,pro_ultimo_proveedor=@@@94528000-K@@@ WHERE pro_codigo_plu=14236','',2,'2013-09-28'),(70331,'UPDATE mae_productos SET pro_precio_compra_bruto=110.67,pro_margen_actual=(pro_precio_venta-110.67)/110.67 * 100,pro_ultima_compra=@@@2013.09.28@@@,pro_ultimo_proveedor=@@@94528000-K@@@ WHERE pro_codigo_plu=763487','',2,'2013-09-28'),(70332,'UPDATE mae_productos SET pro_precio_compra_bruto=385.56,pro_margen_actual=(pro_precio_venta-385.56)/385.56 * 100,pro_ultima_compra=@@@2013.09.28@@@,pro_ultimo_proveedor=@@@94528000-K@@@ WHERE pro_codigo_plu=780220144','',2,'2013-09-28'),(70333,'UPDATE mae_productos SET pro_precio_compra_bruto=304.64,pro_margen_actual=(pro_precio_venta-304.64)/304.64 * 100,pro_ultima_compra=@@@2013.09.28@@@,pro_ultimo_proveedor=@@@94528000-K@@@ WHERE pro_codigo_plu=780721874','',2,'2013-09-28'),(70334,'UPDATE mae_productos SET pro_precio_compra_bruto=268.94,pro_margen_actual=(pro_precio_venta-268.94)/268.94 * 100,pro_ultima_compra=@@@2013.09.28@@@,pro_ultimo_proveedor=@@@94528000-K@@@ WHERE pro_codigo_plu=13642','',2,'2013-09-28'),(70335,'UPDATE mae_productos SET pro_precio_compra_bruto=268.94,pro_margen_actual=(pro_precio_venta-268.94)/268.94 * 100,pro_ultima_compra=@@@2013.09.28@@@,pro_ultimo_proveedor=@@@94528000-K@@@ WHERE pro_codigo_plu=763397','',2,'2013-09-28'),(70336,'UPDATE mae_productos SET pro_precio_compra_bruto=728.28,pro_margen_actual=(pro_precio_venta-728.28)/728.28 * 100,pro_ultima_compra=@@@2013.09.28@@@,pro_ultimo_proveedor=@@@94528000-K@@@ WHERE pro_codigo_plu=11001','',2,'2013-09-28'),(70337,'UPDATE mae_productos SET pro_precio_compra_bruto=1155.49,pro_margen_actual=(pro_precio_venta-1155.49)/1155.49 * 100,pro_ultima_compra=@@@2013.09.28@@@,pro_ultimo_proveedor=@@@94528000-K@@@ WHERE pro_codigo_plu=11003','',2,'2013-09-28'),(70338,'UPDATE mae_productos SET pro_precio_compra_bruto=728.28,pro_margen_actual=(pro_precio_venta-728.28)/728.28 * 100,pro_ultima_compra=@@@2013.09.28@@@,pro_ultimo_proveedor=@@@94528000-K@@@ WHERE pro_codigo_plu=11002','',2,'2013-09-28'),(70339,'UPDATE mae_productos SET pro_precio_compra_bruto=1857.59,pro_margen_actual=(pro_precio_venta-1857.59)/1857.59 * 100,pro_ultima_compra=@@@2013.09.28@@@,pro_ultimo_proveedor=@@@94528000-K@@@ WHERE pro_codigo_plu=101141','',2,'2013-09-28'),(70340,'UPDATE mae_productos SET pro_precio_compra_bruto=1511.54,pro_margen_actual=(pro_precio_venta-1511.54)/1511.54 * 100,pro_ultima_compra=@@@2013.09.28@@@,pro_ultimo_proveedor=@@@76218060-K@@@ WHERE pro_codigo_plu=10228','',2,'2013-09-28'),(70341,'UPDATE mae_productos SET pro_precio_compra_bruto=1030.54,pro_margen_actual=(pro_precio_venta-1030.54)/1030.54 * 100,pro_ultima_compra=@@@2013.09.28@@@,pro_ultimo_proveedor=@@@76218060-K@@@ WHERE pro_codigo_plu=10248','',2,'2013-09-28'),(70342,'UPDATE mae_productos SET pro_precio_compra_bruto=407.41,pro_margen_actual=(pro_precio_venta-407.41)/407.41 * 100,pro_ultima_compra=@@@2013.09.28@@@,pro_ultimo_proveedor=@@@76218060-K@@@ WHERE pro_codigo_plu=12257','',2,'2013-09-28'),(70343,'UPDATE mae_productos SET pro_precio_compra_bruto=87.41,pro_margen_actual=(pro_precio_venta-87.41)/87.41 * 100,pro_ultima_compra=@@@2013.09.28@@@,pro_ultimo_proveedor=@@@76218060-K@@@ WHERE pro_codigo_plu=11083','',2,'2013-09-28'),(70344,'UPDATE mae_productos SET pro_precio_compra_bruto=892.5,pro_margen_actual=(pro_precio_venta-892.5)/892.5 * 100,pro_ultima_compra=@@@2013.09.28@@@,pro_ultimo_proveedor=@@@76218060-K@@@ WHERE pro_codigo_plu=10743','',2,'2013-09-28'),(70345,'UPDATE mae_productos SET pro_precio_compra_bruto=790.16,pro_margen_actual=(pro_precio_venta-790.16)/790.16 * 100,pro_ultima_compra=@@@2013.09.28@@@,pro_ultimo_proveedor=@@@76218060-K@@@ WHERE pro_codigo_plu=14035','',2,'2013-09-28'),(70346,'UPDATE mae_productos SET pro_precio_compra_bruto=2028.95,pro_margen_actual=(pro_precio_venta-2028.95)/2028.95 * 100,pro_ultima_compra=@@@2013.09.28@@@,pro_ultimo_proveedor=@@@76218060-K@@@ WHERE pro_codigo_plu=13884','',2,'2013-09-28'),(70347,'UPDATE mae_productos SET pro_precio_compra_bruto=583.9,pro_margen_actual=(pro_precio_venta-583.9)/583.9 * 100,pro_ultima_compra=@@@2013.09.28@@@,pro_ultimo_proveedor=@@@76218060-K@@@ WHERE pro_codigo_plu=761304','',2,'2013-09-28'),(70348,'UPDATE mae_productos SET pro_precio_compra_bruto=3170.1,pro_margen_actual=(pro_precio_venta-3170.1)/3170.1 * 100,pro_ultima_compra=@@@2013.09.28@@@,pro_ultimo_proveedor=@@@76218060-K@@@ WHERE pro_codigo_plu=761305','',2,'2013-09-28'),(70349,'UPDATE mae_productos SET pro_precio_compra_bruto=1644.5,pro_margen_actual=(pro_precio_venta-1644.5)/1644.5 * 100,pro_ultima_compra=@@@2013.09.28@@@,pro_ultimo_proveedor=@@@76218060-K@@@ WHERE pro_codigo_plu=763407','',2,'2013-09-28'),(70350,'UPDATE mae_productos SET pro_precio_compra_bruto=664.02,pro_margen_actual=(pro_precio_venta-664.02)/664.02 * 100,pro_ultima_compra=@@@2013.09.28@@@,pro_ultimo_proveedor=@@@76218060-K@@@ WHERE pro_codigo_plu=13971','',2,'2013-09-28'),(70351,'UPDATE mae_productos SET pro_precio_compra_bruto=664.02,pro_margen_actual=(pro_precio_venta-664.02)/664.02 * 100,pro_ultima_compra=@@@2013.09.28@@@,pro_ultimo_proveedor=@@@76218060-K@@@ WHERE pro_codigo_plu=13976','',2,'2013-09-28'),(70352,'UPDATE mae_productos SET pro_precio_compra_bruto=963.9,pro_margen_actual=(pro_precio_venta-963.9)/963.9 * 100,pro_ultima_compra=@@@2013.09.28@@@,pro_ultimo_proveedor=@@@76218060-K@@@ WHERE pro_codigo_plu=13989','',2,'2013-09-28'),(70353,'UPDATE mae_productos SET pro_precio_compra_bruto=963.9,pro_margen_actual=(pro_precio_venta-963.9)/963.9 * 100,pro_ultima_compra=@@@2013.09.28@@@,pro_ultimo_proveedor=@@@76218060-K@@@ WHERE pro_codigo_plu=13988','',2,'2013-09-28'),(70354,'UPDATE mae_productos SET pro_precio_compra_bruto=273.6,pro_margen_actual=(pro_precio_venta-273.6)/273.6 * 100,pro_ultima_compra=@@@2013.09.28@@@,pro_ultimo_proveedor=@@@76218060-K@@@ WHERE pro_codigo_plu=11074','',2,'2013-09-28'),(70355,'UPDATE mae_productos SET pro_precio_compra_bruto=639.5,pro_margen_actual=(pro_precio_venta-639.5)/639.5 * 100,pro_ultima_compra=@@@2013.09.28@@@,pro_ultimo_proveedor=@@@76218060-K@@@ WHERE pro_codigo_plu=10699','',2,'2013-09-28'),(70356,'UPDATE mae_productos SET pro_precio_compra_bruto=228.59,pro_margen_actual=(pro_precio_venta-228.59)/228.59 * 100,pro_ultima_compra=@@@2013.09.28@@@,pro_ultimo_proveedor=@@@76218060-K@@@ WHERE pro_codigo_plu=763446','',2,'2013-09-28'),(70357,'UPDATE mae_productos SET pro_precio_compra_bruto=385.94,pro_margen_actual=(pro_precio_venta-385.94)/385.94 * 100,pro_ultima_compra=@@@2013.09.28@@@,pro_ultimo_proveedor=@@@76218060-K@@@ WHERE pro_codigo_plu=101132','',2,'2013-09-28'),(70358,'UPDATE mae_productos SET pro_precio_compra_bruto=277.09,pro_margen_actual=(pro_precio_venta-277.09)/277.09 * 100,pro_ultima_compra=@@@2013.09.28@@@,pro_ultimo_proveedor=@@@76218060-K@@@ WHERE pro_codigo_plu=10614','',2,'2013-09-28'),(70359,'UPDATE mae_productos SET pro_precio_compra_bruto=1499.4,pro_margen_actual=(pro_precio_venta-1499.4)/1499.4 * 100,pro_ultima_compra=@@@2013.09.28@@@,pro_ultimo_proveedor=@@@76218060-K@@@ WHERE pro_codigo_plu=763412','',2,'2013-09-28'),(70360,'UPDATE mae_productos SET pro_precio_compra_bruto=1011.5,pro_margen_actual=(pro_precio_venta-1011.5)/1011.5 * 100,pro_ultima_compra=@@@2013.09.28@@@,pro_ultimo_proveedor=@@@76218060-K@@@ WHERE pro_codigo_plu=763420','',2,'2013-09-28'),(70361,'UPDATE mae_productos SET pro_precio_compra_bruto=6783.99,pro_margen_actual=(pro_precio_venta-6783.99)/6783.99 * 100,pro_ultima_compra=@@@2013.09.28@@@,pro_ultimo_proveedor=@@@76218060-K@@@ WHERE pro_codigo_plu=102273','',2,'2013-09-28'),(70362,'UPDATE mae_productos SET pro_precio_compra_bruto=279.5,pro_margen_actual=(pro_precio_venta-279.5)/279.5 * 100,pro_ultima_compra=@@@2013.09.28@@@,pro_ultimo_proveedor=@@@76218060-K@@@ WHERE pro_codigo_plu=14283','',2,'2013-09-28'),(70363,'UPDATE mae_productos SET pro_precio_compra_bruto=744.94,pro_margen_actual=(pro_precio_venta-744.94)/744.94 * 100,pro_ultima_compra=@@@2013.09.28@@@,pro_ultimo_proveedor=@@@76218060-K@@@ WHERE pro_codigo_plu=763318','',2,'2013-09-28'),(70364,'UPDATE mae_productos SET pro_precio_compra_bruto=133.52,pro_margen_actual=(pro_precio_venta-133.52)/133.52 * 100,pro_ultima_compra=@@@2013.09.28@@@,pro_ultimo_proveedor=@@@76218060-K@@@ WHERE pro_codigo_plu=78017088','',2,'2013-09-28'),(70365,'UPDATE mae_productos SET pro_precio_compra_bruto=133.52,pro_margen_actual=(pro_precio_venta-133.52)/133.52 * 100,pro_ultima_compra=@@@2013.09.28@@@,pro_ultimo_proveedor=@@@76218060-K@@@ WHERE pro_codigo_plu=78017076','',2,'2013-09-28'),(70366,'UPDATE mae_productos SET pro_precio_compra_bruto=166.28,pro_margen_actual=(pro_precio_venta-166.28)/166.28 * 100,pro_ultima_compra=@@@2013.09.28@@@,pro_ultimo_proveedor=@@@76218060-K@@@ WHERE pro_codigo_plu=780721875','',2,'2013-09-28'),(70367,'UPDATE mae_productos SET pro_precio_compra_bruto=969.76,pro_margen_actual=(pro_precio_venta-969.76)/969.76 * 100,pro_ultima_compra=@@@2013.09.28@@@,pro_ultimo_proveedor=@@@76218060-K@@@ WHERE pro_codigo_plu=12432','',2,'2013-09-28'),(70368,'UPDATE mae_productos SET pro_precio_compra_bruto=1896.86,pro_margen_actual=(pro_precio_venta-1896.86)/1896.86 * 100,pro_ultima_compra=@@@2013.09.28@@@,pro_ultimo_proveedor=@@@76218060-K@@@ WHERE pro_codigo_plu=12431','',2,'2013-09-28'),(70369,'UPDATE mae_productos SET pro_precio_compra_bruto=314.38,pro_margen_actual=(pro_precio_venta-314.38)/314.38 * 100,pro_ultima_compra=@@@2013.09.28@@@,pro_ultimo_proveedor=@@@76218060-K@@@ WHERE pro_codigo_plu=11997','',2,'2013-09-28'),(70370,'UPDATE mae_productos SET pro_precio_compra_bruto=141.46,pro_margen_actual=(pro_precio_venta-141.46)/141.46 * 100,pro_ultima_compra=@@@2013.09.28@@@,pro_ultimo_proveedor=@@@76218060-K@@@ WHERE pro_codigo_plu=262062','',2,'2013-09-28'),(70371,'UPDATE mae_productos SET pro_precio_compra_bruto=407.44,pro_margen_actual=(pro_precio_venta-407.44)/407.44 * 100,pro_ultima_compra=@@@2013.09.28@@@,pro_ultimo_proveedor=@@@76218060-K@@@ WHERE pro_codigo_plu=10955','',2,'2013-09-28'),(70372,'UPDATE mae_productos SET pro_precio_compra_bruto=245.2,pro_margen_actual=(pro_precio_venta-245.2)/245.2 * 100,pro_ultima_compra=@@@2013.09.28@@@,pro_ultimo_proveedor=@@@76218060-K@@@ WHERE pro_codigo_plu=12581','',2,'2013-09-28'),(70373,'UPDATE mae_productos SET pro_precio_compra_bruto=101.5,pro_margen_actual=(pro_precio_venta-101.5)/101.5 * 100,pro_ultima_compra=@@@2013.09.28@@@,pro_ultimo_proveedor=@@@76218060-K@@@ WHERE pro_codigo_plu=12556','',2,'2013-09-28'),(70374,'UPDATE mae_productos SET pro_precio_compra_bruto=191.73,pro_margen_actual=(pro_precio_venta-191.73)/191.73 * 100,pro_ultima_compra=@@@2013.09.28@@@,pro_ultimo_proveedor=@@@76218060-K@@@ WHERE pro_codigo_plu=12837','',2,'2013-09-28'),(70375,'UPDATE mae_productos SET pro_precio_compra_bruto=437.404,pro_margen_actual=(pro_precio_venta-437.404)/437.404 * 100,pro_ultima_compra=@@@2013.09.28@@@,pro_ultimo_proveedor=@@@76218060-K@@@ WHERE pro_codigo_plu=11951','',2,'2013-09-28'),(70376,'UPDATE mae_productos SET pro_precio_compra_bruto=437.404,pro_margen_actual=(pro_precio_venta-437.404)/437.404 * 100,pro_ultima_compra=@@@2013.09.28@@@,pro_ultimo_proveedor=@@@76218060-K@@@ WHERE pro_codigo_plu=11944','',2,'2013-09-28'),(70377,'UPDATE mae_productos SET pro_precio_compra_bruto=354.5,pro_margen_actual=(pro_precio_venta-354.5)/354.5 * 100,pro_ultima_compra=@@@2013.09.28@@@,pro_ultimo_proveedor=@@@76218060-K@@@ WHERE pro_codigo_plu=12345','',2,'2013-09-28'),(70378,'UPDATE mae_productos SET pro_precio_compra_bruto=407.47,pro_margen_actual=(pro_precio_venta-407.47)/407.47 * 100,pro_ultima_compra=@@@2013.09.28@@@,pro_ultimo_proveedor=@@@76218060-K@@@ WHERE pro_codigo_plu=12061','',2,'2013-09-28'),(70379,'UPDATE mae_productos SET pro_precio_compra_bruto=568.37,pro_margen_actual=(pro_precio_venta-568.37)/568.37 * 100,pro_ultima_compra=@@@2013.09.28@@@,pro_ultimo_proveedor=@@@76218060-K@@@ WHERE pro_codigo_plu=11939','',2,'2013-09-28'),(70380,'UPDATE mae_productos SET pro_precio_compra_bruto=624.89,pro_margen_actual=(pro_precio_venta-624.89)/624.89 * 100,pro_ultima_compra=@@@2013.09.28@@@,pro_ultimo_proveedor=@@@76218060-K@@@ WHERE pro_codigo_plu=11946','',2,'2013-09-28'),(70381,'UPDATE mae_productos SET pro_precio_compra_bruto=551.66,pro_margen_actual=(pro_precio_venta-551.66)/551.66 * 100,pro_ultima_compra=@@@2013.09.28@@@,pro_ultimo_proveedor=@@@76218060-K@@@ WHERE pro_codigo_plu=11945','',2,'2013-09-28'),(70382,'UPDATE mae_productos SET pro_precio_compra_bruto=407.47,pro_margen_actual=(pro_precio_venta-407.47)/407.47 * 100,pro_ultima_compra=@@@2013.09.28@@@,pro_ultimo_proveedor=@@@76218060-K@@@ WHERE pro_codigo_plu=11964','',2,'2013-09-28'),(70383,'UPDATE mae_productos SET pro_precio_compra_bruto=354.5,pro_margen_actual=(pro_precio_venta-354.5)/354.5 * 100,pro_ultima_compra=@@@2013.09.28@@@,pro_ultimo_proveedor=@@@76218060-K@@@ WHERE pro_codigo_plu=11998','',2,'2013-09-28'),(70384,'UPDATE mae_productos SET pro_precio_compra_bruto=101.54,pro_margen_actual=(pro_precio_venta-101.54)/101.54 * 100,pro_ultima_compra=@@@2013.09.28@@@,pro_ultimo_proveedor=@@@76218060-K@@@ WHERE pro_codigo_plu=101426','',2,'2013-09-28'),(70385,'UPDATE mae_productos SET pro_precio_compra_bruto=101.15,pro_margen_actual=(pro_precio_venta-101.15)/101.15 * 100,pro_ultima_compra=@@@2013.09.28@@@,pro_ultimo_proveedor=@@@76218060-K@@@ WHERE pro_codigo_plu=100995','',2,'2013-09-28'),(70386,'UPDATE mae_productos SET pro_precio_compra_bruto=101.15,pro_margen_actual=(pro_precio_venta-101.15)/101.15 * 100,pro_ultima_compra=@@@2013.09.28@@@,pro_ultimo_proveedor=@@@76218060-K@@@ WHERE pro_codigo_plu=100997','',2,'2013-09-28'),(70387,'UPDATE mae_productos SET pro_precio_compra_bruto=142.998,pro_margen_actual=(pro_precio_venta-142.998)/142.998 * 100,pro_ultima_compra=@@@2013.09.28@@@,pro_ultimo_proveedor=@@@76218060-K@@@ WHERE pro_codigo_plu=780721259','',2,'2013-09-28'),(70388,'UPDATE mae_productos SET pro_precio_compra_bruto=101.66,pro_margen_actual=(pro_precio_venta-101.66)/101.66 * 100,pro_ultima_compra=@@@2013.09.28@@@,pro_ultimo_proveedor=@@@76218060-K@@@ WHERE pro_codigo_plu=12231','',2,'2013-09-28'),(70389,'UPDATE mae_productos SET pro_precio_compra_bruto=476,pro_margen_actual=(pro_precio_venta-476)/476 * 100,pro_ultima_compra=@@@2013.09.28@@@,pro_ultimo_proveedor=@@@79984240-8@@@ WHERE pro_codigo_plu=111','',2,'2013-09-28'),(70390,'UPDATE mae_productos SET pro_precio_compra_bruto=1725.5,pro_margen_actual=(pro_precio_venta-1725.5)/1725.5 * 100,pro_ultima_compra=@@@2013.09.28@@@,pro_ultimo_proveedor=@@@79984240-8@@@ WHERE pro_codigo_plu=126','',2,'2013-09-28'),(70391,'UPDATE mae_productos SET pro_precio_compra_bruto=1261.4,pro_margen_actual=(pro_precio_venta-1261.4)/1261.4 * 100,pro_ultima_compra=@@@2013.09.28@@@,pro_ultimo_proveedor=@@@79984240-8@@@ WHERE pro_codigo_plu=128','',2,'2013-09-28'),(70392,'UPDATE mae_productos SET pro_precio_compra_bruto=2380,pro_margen_actual=(pro_precio_venta-2380)/2380 * 100,pro_ultima_compra=@@@2013.09.28@@@,pro_ultimo_proveedor=@@@77847960-5@@@ WHERE pro_codigo_plu=309','',2,'2013-09-28'),(70393,'UPDATE mae_productos SET pro_precio_compra_bruto=2377.4,pro_margen_actual=(pro_precio_venta-2377.4)/2377.4 * 100,pro_ultima_compra=@@@2013.09.28@@@,pro_ultimo_proveedor=@@@77847960-5@@@ WHERE pro_codigo_plu=308','',2,'2013-09-28'),(70394,'UPDATE mae_productos SET pro_precio_compra_bruto=3546.05,pro_margen_actual=(pro_precio_venta-3546.05)/3546.05 * 100,pro_ultima_compra=@@@2013.09.28@@@,pro_ultimo_proveedor=@@@77847960-5@@@ WHERE pro_codigo_plu=310','',2,'2013-09-28'),(70395,'UPDATE mae_productos SET pro_precio_compra_bruto=1544.36,pro_margen_actual=(pro_precio_venta-1544.36)/1544.36 * 100,pro_ultima_compra=@@@2013.09.28@@@,pro_ultimo_proveedor=@@@77847960-5@@@ WHERE pro_codigo_plu=215','',2,'2013-09-28'),(70396,'UPDATE mae_productos SET pro_precio_compra_bruto=3597.2,pro_margen_actual=(pro_precio_venta-3597.2)/3597.2 * 100,pro_ultima_compra=@@@2013.09.28@@@,pro_ultimo_proveedor=@@@77847960-5@@@ WHERE pro_codigo_plu=203','',2,'2013-09-28'),(70397,'INSERT INTO gne_vale_ferreteria (vfe_id,vfe_fecha,vfe_total,vfe_estado,vfe_entregado,usu_nusuario) VALUES (12219,@@@2013.09.28@@@,720,1,0,@@@c_jara@@@)','',2,'2013-09-28'),(70398,'INSERT INTO gne_vale_ferreteria_mov (vfe_id,pro_codigo_plu,vfm_cantidad,vfm_unitario,vfm_total,vfm_entregado) VALUES (12219,763933,1,720,720,@@@NO@@@)','',2,'2013-09-28'),(70399,'INSERT INTO gne_vale_ferreteria (vfe_id,vfe_fecha,vfe_total,vfe_estado,vfe_entregado,usu_nusuario) VALUES (12220,@@@2013.09.28@@@,450,1,0,@@@c_jara@@@)','',2,'2013-09-28'),(70400,'INSERT INTO gne_vale_ferreteria_mov (vfe_id,pro_codigo_plu,vfm_cantidad,vfm_unitario,vfm_total,vfm_entregado) VALUES (12220,763892,1,450,450,@@@NO@@@)','',2,'2013-09-28'),(70401,'INSERT INTO gne_vale_ferreteria (vfe_id,vfe_fecha,vfe_total,vfe_estado,vfe_entregado,usu_nusuario) VALUES (12221,@@@2013.09.28@@@,350,1,0,@@@c_jara@@@)','',2,'2013-09-28'),(70402,'INSERT INTO gne_vale_ferreteria_mov (vfe_id,pro_codigo_plu,vfm_cantidad,vfm_unitario,vfm_total,vfm_entregado) VALUES (12221,4074,1,350,350,@@@NO@@@)','',2,'2013-09-28'),(70403,'UPDATE mae_productos SET pro_codigo_barra=@@@78017467@@@,pro_tipo=@@@0@@@,pro_nombre_producto=@@@MITI MITI  MENTA 16G@@@,pro_nombre_corto=@@@MITI MITI@@@,med_id=@@@5@@@,emb_id=@@@3@@@,pro_unidades_embalaje=@@@0@@@,dep_id=@@@32 @@@,lin_id=@@@162@@@,mar_id=@@@2508@@@,pro_precio_compra_neto=@@@0@@@,pro_precio_compra_bruto=@@@0@@@,pro_precio_venta=@@@60@@@,pro_margen_actual=@@@0@@@,pro_oferta=@@@NO@@@,pro_fecha_inicio_oferta=@@@2013.05.18@@@,pro_fecha_termino_oferta=@@@2013.05.18@@@,pro_precio_oferta=@@@0@@@,pro_stock_minimo=@@@0@@@,pro_stock_critico=@@@0@@@,pro_activo=@@@1@@@,pro_unidad=@@@0@@@,pro_precio_compra_bruto=0,pro_margen_actual=0,pro_capacidad=16,pro_funcion_plu=0,pro_flejes=1,pro_iva=1,pro_plu_asociado=0,pro_envase=@@@NO@@@,pro_duracion=0,pro_numero_etiqueta=0 WHERE pro_codigo_plu=@@@78017100@@@','',2,'2013-09-28'),(70404,'UPDATE mae_productos SET pro_estado=1 WHERE pro_codigo_plu=78017100','',2,'2013-09-28'),(70405,'DELETE FROM mae_impuestos_productos WHERE pro_codigo_plu=@@@78017100@@@','',2,'2013-09-28'),(70406,'UPDATE mae_productos SET pro_codigo_barra=@@@7790580317416@@@,pro_tipo=@@@0@@@,pro_nombre_producto=@@@ALKA ICE  BOLSA 390GR.@@@,pro_nombre_corto=@@@ALKA ICE 390GR@@@,med_id=@@@1@@@,emb_id=@@@4@@@,pro_unidades_embalaje=@@@20@@@,dep_id=@@@32 @@@,lin_id=@@@163@@@,mar_id=@@@1740@@@,pro_precio_compra_neto=@@@0@@@,pro_precio_compra_bruto=@@@1074.57@@@,pro_precio_venta=@@@1@@@,pro_margen_actual=@@@-99.91@@@,pro_oferta=@@@NO@@@,pro_fecha_inicio_oferta=@@@1900.01.01@@@,pro_fecha_termino_oferta=@@@1900.01.01@@@,pro_precio_oferta=@@@0@@@,pro_stock_minimo=@@@10@@@,pro_stock_critico=@@@4@@@,pro_activo=@@@1@@@,pro_unidad=@@@0@@@,pro_precio_compra_bruto=1074.57,pro_margen_actual=-99.91,pro_capacidad=0.01,pro_funcion_plu=0,pro_flejes=0,pro_iva=1,pro_plu_asociado=0,pro_envase=@@@NO@@@,pro_duracion=0,pro_numero_etiqueta=0 WHERE pro_codigo_plu=@@@12121@@@','',2,'2013-09-28'),(70407,'UPDATE mae_productos SET pro_estado=1 WHERE pro_codigo_plu=12121','',2,'2013-09-28'),(70408,'DELETE FROM mae_impuestos_productos WHERE pro_codigo_plu=@@@12121@@@','',2,'2013-09-28'),(70409,'INSERT INTO mae_productos (pro_codigo_plu,pro_codigo_barra,pro_tipo,pro_nombre_producto,pro_nombre_corto,med_id,emb_id,pro_unidades_embalaje,dep_id,lin_id,mar_id,pro_precio_compra_neto,pro_precio_compra_bruto,pro_precio_venta,pro_margen_actual,pro_oferta,pro_fecha_inicio_oferta,pro_fecha_termino_oferta,pro_precio_oferta,pro_stock_minimo,pro_stock_critico,pro_entradas_bodega,pro_salidas_bodega,pro_mermas_bodega,pro_ajustes_bodega,pro_entradas_sv,pro_salidas_sv,pro_mermas_sv,pro_ajustes_sv,pro_activo,rec_numero,pro_unidad,pro_capacidad,pro_consumo_bodega,pro_consumo_sv,pro_estado,pro_funcion_plu,pro_flejes,pro_iva,pro_plu_asociado,pro_envase,pro_duracion,pro_numero_etiqueta) VALUES (780721876,@@@7702011042576@@@,@@@0@@@,@@@BON BON BUM SURTIDO BOLSA 480 GRS@@@,@@@BON BON BUM SURT@@@,@@@5 @@@,@@@4 @@@,@@@24@@@,@@@32 @@@,@@@163@@@,@@@371@@@,@@@0@@@,@@@1406.58@@@,@@@1@@@,@@@-99.93@@@,@@@@@@,@@@2006.09.07@@@,@@@2006.09.07@@@,@@@0@@@,@@@5@@@,@@@2@@@,@@@0@@@,@@@0@@@,@@@0@@@,@@@0@@@,@@@0@@@,@@@0@@@,@@@0@@@,@@@0@@@,@@@1@@@,@@@0@@@,0,480,0,0,2,0,1,1,0,@@@NO@@@,0,0)','',2,'2013-09-28'),(70410,'DELETE FROM mae_impuestos_productos WHERE pro_codigo_plu=@@@780721876@@@','',2,'2013-09-28'),(70411,'INSERT INTO gne_vale_ferreteria (vfe_id,vfe_fecha,vfe_total,vfe_estado,vfe_entregado,usu_nusuario) VALUES (12222,@@@2013.09.28@@@,1020,1,0,@@@c_jara@@@)','',2,'2013-09-28'),(70412,'INSERT INTO gne_vale_ferreteria_mov (vfe_id,pro_codigo_plu,vfm_cantidad,vfm_unitario,vfm_total,vfm_entregado) VALUES (12222,4076,3,300,900,@@@NO@@@)','',2,'2013-09-28'),(70413,'INSERT INTO gne_vale_ferreteria_mov (vfe_id,pro_codigo_plu,vfm_cantidad,vfm_unitario,vfm_total,vfm_entregado) VALUES (12222,764412,1,120,120,@@@NO@@@)','',2,'2013-09-28'),(70414,'INSERT INTO gne_vale_ferreteria (vfe_id,vfe_fecha,vfe_total,vfe_estado,vfe_entregado,usu_nusuario) VALUES (12223,@@@2013.09.28@@@,1790,1,0,@@@c_jara@@@)','',2,'2013-09-28'),(70415,'INSERT INTO gne_vale_ferreteria_mov (vfe_id,pro_codigo_plu,vfm_cantidad,vfm_unitario,vfm_total,vfm_entregado) VALUES (12223,763697,1,1790,1790,@@@NO@@@)','',2,'2013-09-28'),(70416,'INSERT INTO gne_vale_ferreteria (vfe_id,vfe_fecha,vfe_total,vfe_estado,vfe_entregado,usu_nusuario) VALUES (12224,@@@2013.09.28@@@,600,1,0,@@@c_jara@@@)','',2,'2013-09-28'),(70417,'INSERT INTO gne_vale_ferreteria_mov (vfe_id,pro_codigo_plu,vfm_cantidad,vfm_unitario,vfm_total,vfm_entregado) VALUES (12224,4094,3,200,600,@@@NO@@@)','',2,'2013-09-28'),(70418,'INSERT INTO gne_vale_ferreteria (vfe_id,vfe_fecha,vfe_total,vfe_estado,vfe_entregado,usu_nusuario) VALUES (12225,@@@2013.09.28@@@,290,1,0,@@@c_jara@@@)','',2,'2013-09-28'),(70419,'INSERT INTO gne_vale_ferreteria_mov (vfe_id,pro_codigo_plu,vfm_cantidad,vfm_unitario,vfm_total,vfm_entregado) VALUES (12225,12161,1,290,290,@@@NO@@@)','',2,'2013-09-28'),(70420,'INSERT INTO mae_productos (pro_codigo_plu,pro_codigo_barra,pro_tipo,pro_nombre_producto,pro_nombre_corto,med_id,emb_id,pro_unidades_embalaje,dep_id,lin_id,mar_id,pro_precio_compra_neto,pro_precio_compra_bruto,pro_precio_venta,pro_margen_actual,pro_oferta,pro_fecha_inicio_oferta,pro_fecha_termino_oferta,pro_precio_oferta,pro_stock_minimo,pro_stock_critico,pro_entradas_bodega,pro_salidas_bodega,pro_mermas_bodega,pro_ajustes_bodega,pro_entradas_sv,pro_salidas_sv,pro_mermas_sv,pro_ajustes_sv,pro_activo,rec_numero,pro_unidad,pro_capacidad,pro_consumo_bodega,pro_consumo_sv,pro_estado,pro_funcion_plu,pro_flejes,pro_iva,pro_plu_asociado,pro_envase,pro_duracion,pro_numero_etiqueta) VALUES (780721877,@@@7802225230216@@@,@@@0@@@,@@@TAFI CHUPETES DOS EN UNO BOLSA 475 GRS@@@,@@@TAFI CHUPETES DO@@@,@@@5 @@@,@@@4 @@@,@@@50@@@,@@@32 @@@,@@@163@@@,@@@1740@@@,@@@0@@@,@@@1182@@@,@@@1@@@,@@@-99.92@@@,@@@@@@,@@@2006.09.07@@@,@@@2006.09.07@@@,@@@0@@@,@@@5@@@,@@@2@@@,@@@0@@@,@@@0@@@,@@@0@@@,@@@0@@@,@@@0@@@,@@@0@@@,@@@0@@@,@@@0@@@,@@@1@@@,@@@0@@@,0,475,0,0,2,0,1,1,0,@@@NO@@@,0,0)','',2,'2013-09-28'),(70421,'DELETE FROM mae_impuestos_productos WHERE pro_codigo_plu=@@@780721877@@@','',2,'2013-09-28'),(70422,'INSERT INTO gne_vale_ferreteria (vfe_id,vfe_fecha,vfe_total,vfe_estado,vfe_entregado,usu_nusuario) VALUES (12226,@@@2013.09.28@@@,450,1,0,@@@c_jara@@@)','',2,'2013-09-28'),(70423,'INSERT INTO gne_vale_ferreteria_mov (vfe_id,pro_codigo_plu,vfm_cantidad,vfm_unitario,vfm_total,vfm_entregado) VALUES (12226,4088,3,150,450,@@@NO@@@)','',2,'2013-09-28'),(70424,'INSERT INTO mae_productos (pro_codigo_plu,pro_codigo_barra,pro_tipo,pro_nombre_producto,pro_nombre_corto,med_id,emb_id,pro_unidades_embalaje,dep_id,lin_id,mar_id,pro_precio_compra_neto,pro_precio_compra_bruto,pro_precio_venta,pro_margen_actual,pro_oferta,pro_fecha_inicio_oferta,pro_fecha_termino_oferta,pro_precio_oferta,pro_stock_minimo,pro_stock_critico,pro_entradas_bodega,pro_salidas_bodega,pro_mermas_bodega,pro_ajustes_bodega,pro_entradas_sv,pro_salidas_sv,pro_mermas_sv,pro_ajustes_sv,pro_activo,rec_numero,pro_unidad,pro_capacidad,pro_consumo_bodega,pro_consumo_sv,pro_estado,pro_funcion_plu,pro_flejes,pro_iva,pro_plu_asociado,pro_envase,pro_duracion,pro_numero_etiqueta) VALUES (780721878,@@@7802408002128@@@,@@@0@@@,@@@ALMENDRAS  CONFITADAS TERRANO 500 GRS@@@,@@@ALMENDRAS  CONFI@@@,@@@5 @@@,@@@4 @@@,@@@10@@@,@@@32 @@@,@@@163@@@,@@@2507@@@,@@@0@@@,@@@1010@@@,@@@1@@@,@@@-99.9@@@,@@@@@@,@@@2006.09.07@@@,@@@2006.09.07@@@,@@@0@@@,@@@10@@@,@@@5@@@,@@@0@@@,@@@0@@@,@@@0@@@,@@@0@@@,@@@0@@@,@@@0@@@,@@@0@@@,@@@0@@@,@@@1@@@,@@@0@@@,0,500,0,0,2,0,1,1,0,@@@NO@@@,0,0)','',2,'2013-09-28'),(70425,'DELETE FROM mae_impuestos_productos WHERE pro_codigo_plu=@@@780721878@@@','',2,'2013-09-28'),(70426,'INSERT INTO gne_vale_ferreteria (vfe_id,vfe_fecha,vfe_total,vfe_estado,vfe_entregado,usu_nusuario) VALUES (12227,@@@2013.09.28@@@,2590,1,0,@@@c_jara@@@)','',2,'2013-09-28'),(70427,'INSERT INTO gne_vale_ferreteria_mov (vfe_id,pro_codigo_plu,vfm_cantidad,vfm_unitario,vfm_total,vfm_entregado) VALUES (12227,780721567,1,2590,2590,@@@NO@@@)','',2,'2013-09-28'),(70428,'INSERT INTO gne_vale_ferreteria (vfe_id,vfe_fecha,vfe_total,vfe_estado,vfe_entregado,usu_nusuario) VALUES (12228,@@@2013.09.28@@@,1890,1,0,@@@c_jara@@@)','',2,'2013-09-28'),(70429,'INSERT INTO gne_vale_ferreteria_mov (vfe_id,pro_codigo_plu,vfm_cantidad,vfm_unitario,vfm_total,vfm_entregado) VALUES (12228,101625,1,1890,1890,@@@NO@@@)','',2,'2013-09-28'),(70430,'INSERT INTO gne_vale_ferreteria (vfe_id,vfe_fecha,vfe_total,vfe_estado,vfe_entregado,usu_nusuario) VALUES (12229,@@@2013.09.28@@@,490,1,0,@@@c_jara@@@)','',2,'2013-09-28'),(70431,'INSERT INTO gne_vale_ferreteria_mov (vfe_id,pro_codigo_plu,vfm_cantidad,vfm_unitario,vfm_total,vfm_entregado) VALUES (12229,2009,1,490,490,@@@NO@@@)','',2,'2013-09-28'),(70432,'INSERT INTO gne_vale_ferreteria (vfe_id,vfe_fecha,vfe_total,vfe_estado,vfe_entregado,usu_nusuario) VALUES (12230,@@@2013.09.28@@@,1080,1,0,@@@c_jara@@@)','',2,'2013-09-28'),(70433,'INSERT INTO gne_vale_ferreteria_mov (vfe_id,pro_codigo_plu,vfm_cantidad,vfm_unitario,vfm_total,vfm_entregado) VALUES (12230,1538,1,490,490,@@@NO@@@)','',2,'2013-09-28'),(70434,'INSERT INTO gne_vale_ferreteria_mov (vfe_id,pro_codigo_plu,vfm_cantidad,vfm_unitario,vfm_total,vfm_entregado) VALUES (12230,780721516,1,590,590,@@@NO@@@)','',2,'2013-09-28'),(70435,'INSERT INTO gne_vale_ferreteria (vfe_id,vfe_fecha,vfe_total,vfe_estado,vfe_entregado,usu_nusuario) VALUES (12231,@@@2013.09.28@@@,590,1,0,@@@c_jara@@@)','',2,'2013-09-28'),(70436,'INSERT INTO gne_vale_ferreteria_mov (vfe_id,pro_codigo_plu,vfm_cantidad,vfm_unitario,vfm_total,vfm_entregado) VALUES (12231,780721716,1,590,590,@@@NO@@@)','',2,'2013-09-28'),(70437,'INSERT INTO gne_vale_ferreteria (vfe_id,vfe_fecha,vfe_total,vfe_estado,vfe_entregado,usu_nusuario) VALUES (12232,@@@2013.09.28@@@,800,1,0,@@@c_jara@@@)','',2,'2013-09-28'),(70438,'INSERT INTO gne_vale_ferreteria_mov (vfe_id,pro_codigo_plu,vfm_cantidad,vfm_unitario,vfm_total,vfm_entregado) VALUES (12232,102408,1,370,370,@@@NO@@@)','',2,'2013-09-28'),(70439,'INSERT INTO gne_vale_ferreteria_mov (vfe_id,pro_codigo_plu,vfm_cantidad,vfm_unitario,vfm_total,vfm_entregado) VALUES (12232,16664,1,430,430,@@@NO@@@)','',2,'2013-09-28'),(70440,'INSERT INTO gne_vale_ferreteria (vfe_id,vfe_fecha,vfe_total,vfe_estado,vfe_entregado,usu_nusuario) VALUES (12233,@@@2013.09.28@@@,290,1,0,@@@c_jara@@@)','',2,'2013-09-28'),(70441,'INSERT INTO gne_vale_ferreteria_mov (vfe_id,pro_codigo_plu,vfm_cantidad,vfm_unitario,vfm_total,vfm_entregado) VALUES (12233,12608,1,290,290,@@@NO@@@)','',2,'2013-09-28'),(70442,'INSERT INTO gne_vale_ferreteria (vfe_id,vfe_fecha,vfe_total,vfe_estado,vfe_entregado,usu_nusuario) VALUES (12234,@@@2013.09.28@@@,880,1,0,@@@c_jara@@@)','',2,'2013-09-28'),(70443,'INSERT INTO gne_vale_ferreteria_mov (vfe_id,pro_codigo_plu,vfm_cantidad,vfm_unitario,vfm_total,vfm_entregado) VALUES (12234,19865,1,640,640,@@@NO@@@)','',2,'2013-09-28'),(70444,'INSERT INTO gne_vale_ferreteria_mov (vfe_id,pro_codigo_plu,vfm_cantidad,vfm_unitario,vfm_total,vfm_entregado) VALUES (12234,761335,2,120,240,@@@NO@@@)','',2,'2013-09-28'),(70445,'INSERT INTO gne_vale_ferreteria (vfe_id,vfe_fecha,vfe_total,vfe_estado,vfe_entregado,usu_nusuario) VALUES (12235,@@@2013.09.28@@@,1490,1,0,@@@c_jara@@@)','',2,'2013-09-28'),(70446,'INSERT INTO gne_vale_ferreteria_mov (vfe_id,pro_codigo_plu,vfm_cantidad,vfm_unitario,vfm_total,vfm_entregado) VALUES (12235,10426,1,1490,1490,@@@NO@@@)','',2,'2013-09-28'),(70447,'INSERT INTO gne_vale_ferreteria (vfe_id,vfe_fecha,vfe_total,vfe_estado,vfe_entregado,usu_nusuario) VALUES (12236,@@@2013.09.28@@@,1530,1,0,@@@c_jara@@@)','',2,'2013-09-28'),(70448,'INSERT INTO gne_vale_ferreteria_mov (vfe_id,pro_codigo_plu,vfm_cantidad,vfm_unitario,vfm_total,vfm_entregado) VALUES (12236,8022,1,120,120,@@@NO@@@)','',2,'2013-09-28');
