(29956,'INSERT INTO gne_vale_ferreteria_mov (vfe_id,pro_codigo_plu,vfm_cantidad,vfm_unitario,vfm_total,vfm_entregado) VALUES (3346,3101,1,990,990,@@@NO@@@)','',2,'2013-06-23'),(29957,'INSERT INTO gne_vale_ferreteria (vfe_id,vfe_fecha,vfe_total,vfe_estado,vfe_entregado,usu_nusuario) VALUES (3347,@@@2013.06.23@@@,2380,1,0,@@@G_DIAZ@@@)','',2,'2013-06-23'),(29958,'INSERT INTO gne_vale_ferreteria_mov (vfe_id,pro_codigo_plu,vfm_cantidad,vfm_unitario,vfm_total,vfm_entregado) VALUES (3347,8689,2,1190,2380,@@@NO@@@)','',2,'2013-06-23'),(29959,'INSERT INTO gne_vale_ferreteria (vfe_id,vfe_fecha,vfe_total,vfe_estado,vfe_entregado,usu_nusuario) VALUES (3348,@@@2013.06.23@@@,1990,1,0,@@@G_DIAZ@@@)','',2,'2013-06-23'),(29960,'INSERT INTO gne_vale_ferreteria_mov (vfe_id,pro_codigo_plu,vfm_cantidad,vfm_unitario,vfm_total,vfm_entregado) VALUES (3348,764750,1,1990,1990,@@@NO@@@)','',2,'2013-06-23'),(29961,'INSERT INTO gne_vale_ferreteria (vfe_id,vfe_fecha,vfe_total,vfe_estado,vfe_entregado,usu_nusuario) VALUES (3349,@@@2013.06.23@@@,290,1,0,@@@G_DIAZ@@@)','',2,'2013-06-23'),(29962,'INSERT INTO gne_vale_ferreteria_mov (vfe_id,pro_codigo_plu,vfm_cantidad,vfm_unitario,vfm_total,vfm_entregado) VALUES (3349,1559,1,290,290,@@@NO@@@)','',2,'2013-06-23'),(29963,'INSERT INTO gne_vale_ferreteria (vfe_id,vfe_fecha,vfe_total,vfe_estado,vfe_entregado,usu_nusuario) VALUES (3350,@@@2013.06.23@@@,960,1,0,@@@G_DIAZ@@@)','',2,'2013-06-23'),(29964,'INSERT INTO gne_vale_ferreteria_mov (vfe_id,pro_codigo_plu,vfm_cantidad,vfm_unitario,vfm_total,vfm_entregado) VALUES (3350,15927,2,480,960,@@@NO@@@)','',2,'2013-06-23'),(29965,'INSERT INTO gne_vale_ferreteria (vfe_id,vfe_fecha,vfe_total,vfe_estado,vfe_entregado,usu_nusuario) VALUES (3351,@@@2013.06.23@@@,100,1,0,@@@G_DIAZ@@@)','',2,'2013-06-23'),(29966,'INSERT INTO gne_vale_ferreteria_mov (vfe_id,pro_codigo_plu,vfm_cantidad,vfm_unitario,vfm_total,vfm_entregado) VALUES (3351,1542,1,100,100,@@@NO@@@)','',2,'2013-06-23'),(29967,'INSERT INTO gne_vale_ferreteria (vfe_id,vfe_fecha,vfe_total,vfe_estado,vfe_entregado,usu_nusuario) VALUES (3352,@@@2013.06.23@@@,1320,1,0,@@@G_DIAZ@@@)','',2,'2013-06-23'),(29968,'INSERT INTO gne_vale_ferreteria_mov (vfe_id,pro_codigo_plu,vfm_cantidad,vfm_unitario,vfm_total,vfm_entregado) VALUES (3352,78017238,1,200,200,@@@NO@@@)','',2,'2013-06-23'),(29969,'INSERT INTO gne_vale_ferreteria_mov (vfe_id,pro_codigo_plu,vfm_cantidad,vfm_unitario,vfm_total,vfm_entregado) VALUES (3352,4130,2,100,200,@@@NO@@@)','',2,'2013-06-23'),(29970,'INSERT INTO gne_vale_ferreteria_mov (vfe_id,pro_codigo_plu,vfm_cantidad,vfm_unitario,vfm_total,vfm_entregado) VALUES (3352,4095,4,230,920,@@@NO@@@)','',2,'2013-06-23'),(29971,'INSERT INTO gne_vale_ferreteria (vfe_id,vfe_fecha,vfe_total,vfe_estado,vfe_entregado,usu_nusuario) VALUES (3353,@@@2013.06.23@@@,1199,1,0,@@@G_DIAZ@@@)','',2,'2013-06-23'),(29972,'INSERT INTO gne_vale_ferreteria_mov (vfe_id,pro_codigo_plu,vfm_cantidad,vfm_unitario,vfm_total,vfm_entregado) VALUES (3353,763777,1,1199,1199,@@@NO@@@)','',2,'2013-06-23'),(29973,'INSERT INTO gne_vale_ferreteria (vfe_id,vfe_fecha,vfe_total,vfe_estado,vfe_entregado,usu_nusuario) VALUES (3354,@@@2013.06.23@@@,680,1,0,@@@G_DIAZ@@@)','',2,'2013-06-23'),(29974,'INSERT INTO gne_vale_ferreteria_mov (vfe_id,pro_codigo_plu,vfm_cantidad,vfm_unitario,vfm_total,vfm_entregado) VALUES (3354,19866,1,680,680,@@@NO@@@)','',2,'2013-06-23'),(29975,'INSERT INTO gne_vale_ferreteria (vfe_id,vfe_fecha,vfe_total,vfe_estado,vfe_entregado,usu_nusuario) VALUES (3355,@@@2013.06.23@@@,490,1,0,@@@G_DIAZ@@@)','',2,'2013-06-23'),(29976,'INSERT INTO gne_vale_ferreteria_mov (vfe_id,pro_codigo_plu,vfm_cantidad,vfm_unitario,vfm_total,vfm_entregado) VALUES (3355,78017198,1,490,490,@@@NO@@@)','',2,'2013-06-23'),(29977,'INSERT INTO gne_vale_ferreteria (vfe_id,vfe_fecha,vfe_total,vfe_estado,vfe_entregado,usu_nusuario) VALUES (3356,@@@2013.06.23@@@,300,1,0,@@@G_DIAZ@@@)','',2,'2013-06-23'),(29978,'INSERT INTO gne_vale_ferreteria_mov (vfe_id,pro_codigo_plu,vfm_cantidad,vfm_unitario,vfm_total,vfm_entregado) VALUES (3356,764770,10,30,300,@@@NO@@@)','',2,'2013-06-23'),(29979,'INSERT INTO gne_vale_ferreteria (vfe_id,vfe_fecha,vfe_total,vfe_estado,vfe_entregado,usu_nusuario) VALUES (3357,@@@2013.06.23@@@,350,1,0,@@@G_DIAZ@@@)','',2,'2013-06-23'),(29980,'INSERT INTO gne_vale_ferreteria_mov (vfe_id,pro_codigo_plu,vfm_cantidad,vfm_unitario,vfm_total,vfm_entregado) VALUES (3357,761984,1,350,350,@@@NO@@@)','',2,'2013-06-23'),(29981,'INSERT INTO gne_vale_ferreteria (vfe_id,vfe_fecha,vfe_total,vfe_estado,vfe_entregado,usu_nusuario) VALUES (3358,@@@2013.06.23@@@,120,1,0,@@@G_DIAZ@@@)','',2,'2013-06-23'),(29982,'INSERT INTO gne_vale_ferreteria_mov (vfe_id,pro_codigo_plu,vfm_cantidad,vfm_unitario,vfm_total,vfm_entregado) VALUES (3358,8022,1,120,120,@@@NO@@@)','',2,'2013-06-23'),(29983,'INSERT INTO gne_vale_ferreteria (vfe_id,vfe_fecha,vfe_total,vfe_estado,vfe_entregado,usu_nusuario) VALUES (3359,@@@2013.06.23@@@,590,1,0,@@@G_DIAZ@@@)','',2,'2013-06-23'),(29984,'INSERT INTO gne_vale_ferreteria_mov (vfe_id,pro_codigo_plu,vfm_cantidad,vfm_unitario,vfm_total,vfm_entregado) VALUES (3359,4098,1,590,590,@@@NO@@@)','',2,'2013-06-23'),(29985,'INSERT INTO gne_vale_ferreteria (vfe_id,vfe_fecha,vfe_total,vfe_estado,vfe_entregado,usu_nusuario) VALUES (3360,@@@2013.06.23@@@,220,1,0,@@@G_DIAZ@@@)','',2,'2013-06-23'),(29986,'INSERT INTO gne_vale_ferreteria_mov (vfe_id,pro_codigo_plu,vfm_cantidad,vfm_unitario,vfm_total,vfm_entregado) VALUES (3360,763783,1,220,220,@@@NO@@@)','',2,'2013-06-23'),(29987,'INSERT INTO gne_vale_ferreteria (vfe_id,vfe_fecha,vfe_total,vfe_estado,vfe_entregado,usu_nusuario) VALUES (3361,@@@2013.06.23@@@,100,1,0,@@@G_DIAZ@@@)','',2,'2013-06-23'),(29988,'INSERT INTO gne_vale_ferreteria_mov (vfe_id,pro_codigo_plu,vfm_cantidad,vfm_unitario,vfm_total,vfm_entregado) VALUES (3361,764833,10,10,100,@@@NO@@@)','',2,'2013-06-23'),(29989,'INSERT INTO gne_vale_ferreteria (vfe_id,vfe_fecha,vfe_total,vfe_estado,vfe_entregado,usu_nusuario) VALUES (3362,@@@2013.06.23@@@,3790,1,0,@@@G_DIAZ@@@)','',2,'2013-06-23'),(29990,'INSERT INTO gne_vale_ferreteria_mov (vfe_id,pro_codigo_plu,vfm_cantidad,vfm_unitario,vfm_total,vfm_entregado) VALUES (3362,764795,1,3790,3790,@@@NO@@@)','',2,'2013-06-23'),(29991,'INSERT INTO gne_vale_ferreteria (vfe_id,vfe_fecha,vfe_total,vfe_estado,vfe_entregado,usu_nusuario) VALUES (3363,@@@2013.06.23@@@,1690,1,0,@@@G_DIAZ@@@)','',2,'2013-06-23'),(29992,'INSERT INTO gne_vale_ferreteria_mov (vfe_id,pro_codigo_plu,vfm_cantidad,vfm_unitario,vfm_total,vfm_entregado) VALUES (3363,20618,1,1690,1690,@@@NO@@@)','',2,'2013-06-23'),(29993,'INSERT INTO gne_vale_ferreteria (vfe_id,vfe_fecha,vfe_total,vfe_estado,vfe_entregado,usu_nusuario) VALUES (3364,@@@2013.06.23@@@,450,1,0,@@@G_DIAZ@@@)','',2,'2013-06-23'),(29994,'INSERT INTO gne_vale_ferreteria_mov (vfe_id,pro_codigo_plu,vfm_cantidad,vfm_unitario,vfm_total,vfm_entregado) VALUES (3364,8021,1,150,150,@@@NO@@@)','',2,'2013-06-23'),(29995,'INSERT INTO gne_vale_ferreteria_mov (vfe_id,pro_codigo_plu,vfm_cantidad,vfm_unitario,vfm_total,vfm_entregado) VALUES (3364,764383,2,50,100,@@@NO@@@)','',2,'2013-06-23'),(29996,'INSERT INTO gne_vale_ferreteria_mov (vfe_id,pro_codigo_plu,vfm_cantidad,vfm_unitario,vfm_total,vfm_entregado) VALUES (3364,765072,1,200,200,@@@NO@@@)','',2,'2013-06-23'),(29997,'INSERT INTO gne_vale_ferreteria (vfe_id,vfe_fecha,vfe_total,vfe_estado,vfe_entregado,usu_nusuario) VALUES (3365,@@@2013.06.23@@@,790,1,0,@@@G_DIAZ@@@)','',2,'2013-06-23'),(29998,'INSERT INTO gne_vale_ferreteria_mov (vfe_id,pro_codigo_plu,vfm_cantidad,vfm_unitario,vfm_total,vfm_entregado) VALUES (3365,101454,1,790,790,@@@NO@@@)','',2,'2013-06-23'),(29999,'INSERT INTO gne_vale_ferreteria (vfe_id,vfe_fecha,vfe_total,vfe_estado,vfe_entregado,usu_nusuario) VALUES (3366,@@@2013.06.23@@@,240,1,0,@@@G_DIAZ@@@)','',2,'2013-06-23'),(30000,'INSERT INTO gne_vale_ferreteria_mov (vfe_id,pro_codigo_plu,vfm_cantidad,vfm_unitario,vfm_total,vfm_entregado) VALUES (3366,78017059,2,120,240,@@@NO@@@)','',2,'2013-06-23'),(30001,'INSERT INTO gne_vale_ferreteria (vfe_id,vfe_fecha,vfe_total,vfe_estado,vfe_entregado,usu_nusuario) VALUES (3367,@@@2013.06.23@@@,1680,1,0,@@@G_DIAZ@@@)','',2,'2013-06-23'),(30002,'INSERT INTO gne_vale_ferreteria_mov (vfe_id,pro_codigo_plu,vfm_cantidad,vfm_unitario,vfm_total,vfm_entregado) VALUES (3367,11670,2,840,1680,@@@NO@@@)','',2,'2013-06-23'),(30003,'INSERT INTO gne_vale_ferreteria (vfe_id,vfe_fecha,vfe_total,vfe_estado,vfe_entregado,usu_nusuario) VALUES (3368,@@@2013.06.23@@@,490,1,0,@@@G_DIAZ@@@)','',2,'2013-06-23'),(30004,'INSERT INTO gne_vale_ferreteria_mov (vfe_id,pro_codigo_plu,vfm_cantidad,vfm_unitario,vfm_total,vfm_entregado) VALUES (3368,78017198,1,490,490,@@@NO@@@)','',2,'2013-06-23'),(30005,'INSERT INTO gne_vale_ferreteria (vfe_id,vfe_fecha,vfe_total,vfe_estado,vfe_entregado,usu_nusuario) VALUES (3369,@@@2013.06.23@@@,840,1,0,@@@G_DIAZ@@@)','',2,'2013-06-23'),(30006,'INSERT INTO gne_vale_ferreteria_mov (vfe_id,pro_codigo_plu,vfm_cantidad,vfm_unitario,vfm_total,vfm_entregado) VALUES (3369,11670,1,840,840,@@@NO@@@)','',2,'2013-06-23'),(30007,'INSERT INTO gne_vale_ferreteria (vfe_id,vfe_fecha,vfe_total,vfe_estado,vfe_entregado,usu_nusuario) VALUES (3370,@@@2013.06.23@@@,600,1,0,@@@G_DIAZ@@@)','',2,'2013-06-23'),(30008,'INSERT INTO gne_vale_ferreteria_mov (vfe_id,pro_codigo_plu,vfm_cantidad,vfm_unitario,vfm_total,vfm_entregado) VALUES (3370,101433,2,300,600,@@@NO@@@)','',2,'2013-06-23'),(30009,'INSERT INTO gne_vale_ferreteria (vfe_id,vfe_fecha,vfe_total,vfe_estado,vfe_entregado,usu_nusuario) VALUES (3371,@@@2013.06.23@@@,40,1,0,@@@G_DIAZ@@@)','',2,'2013-06-23'),(30010,'INSERT INTO gne_vale_ferreteria_mov (vfe_id,pro_codigo_plu,vfm_cantidad,vfm_unitario,vfm_total,vfm_entregado) VALUES (3371,770034,2,20,40,@@@NO@@@)','',2,'2013-06-23'),(30011,'INSERT INTO gne_vale_ferreteria (vfe_id,vfe_fecha,vfe_total,vfe_estado,vfe_entregado,usu_nusuario) VALUES (3372,@@@2013.06.23@@@,640,1,0,@@@G_DIAZ@@@)','',2,'2013-06-23'),(30012,'INSERT INTO gne_vale_ferreteria_mov (vfe_id,pro_codigo_plu,vfm_cantidad,vfm_unitario,vfm_total,vfm_entregado) VALUES (3372,78017007,3,120,360,@@@NO@@@)','',2,'2013-06-23'),(30013,'INSERT INTO gne_vale_ferreteria_mov (vfe_id,pro_codigo_plu,vfm_cantidad,vfm_unitario,vfm_total,vfm_entregado) VALUES (3372,763783,1,220,220,@@@NO@@@)','',2,'2013-06-23'),(30014,'INSERT INTO gne_vale_ferreteria_mov (vfe_id,pro_codigo_plu,vfm_cantidad,vfm_unitario,vfm_total,vfm_entregado) VALUES (3372,764780,1,60,60,@@@NO@@@)','',2,'2013-06-23'),(30015,'INSERT INTO gne_vale_ferreteria (vfe_id,vfe_fecha,vfe_total,vfe_estado,vfe_entregado,usu_nusuario) VALUES (3373,@@@2013.06.23@@@,290,1,0,@@@G_DIAZ@@@)','',2,'2013-06-23'),(30016,'INSERT INTO gne_vale_ferreteria_mov (vfe_id,pro_codigo_plu,vfm_cantidad,vfm_unitario,vfm_total,vfm_entregado) VALUES (3373,763830,1,290,290,@@@NO@@@)','',2,'2013-06-23'),(30017,'INSERT INTO gne_vale_ferreteria (vfe_id,vfe_fecha,vfe_total,vfe_estado,vfe_entregado,usu_nusuario) VALUES (3374,@@@2013.06.23@@@,420,1,0,@@@G_DIAZ@@@)','',2,'2013-06-23'),(30018,'INSERT INTO gne_vale_ferreteria_mov (vfe_id,pro_codigo_plu,vfm_cantidad,vfm_unitario,vfm_total,vfm_entregado) VALUES (3374,770038,2,90,180,@@@NO@@@)','',2,'2013-06-23'),(30019,'INSERT INTO gne_vale_ferreteria_mov (vfe_id,pro_codigo_plu,vfm_cantidad,vfm_unitario,vfm_total,vfm_entregado) VALUES (3374,764780,4,60,240,@@@NO@@@)','',2,'2013-06-23'),(30020,'INSERT INTO gne_vale_ferreteria (vfe_id,vfe_fecha,vfe_total,vfe_estado,vfe_entregado,usu_nusuario) VALUES (3375,@@@2013.06.23@@@,120,1,0,@@@G_DIAZ@@@)','',2,'2013-06-23'),(30021,'INSERT INTO gne_vale_ferreteria_mov (vfe_id,pro_codigo_plu,vfm_cantidad,vfm_unitario,vfm_total,vfm_entregado) VALUES (3375,764780,2,60,120,@@@NO@@@)','',2,'2013-06-23'),(30022,'INSERT INTO gne_vale_ferreteria (vfe_id,vfe_fecha,vfe_total,vfe_estado,vfe_entregado,usu_nusuario) VALUES (3376,@@@2013.06.23@@@,490,1,0,@@@G_DIAZ@@@)','',2,'2013-06-23'),(30023,'INSERT INTO gne_vale_ferreteria_mov (vfe_id,pro_codigo_plu,vfm_cantidad,vfm_unitario,vfm_total,vfm_entregado) VALUES (3376,78017198,1,490,490,@@@NO@@@)','',2,'2013-06-23'),(30024,'INSERT INTO gne_vale_ferreteria (vfe_id,vfe_fecha,vfe_total,vfe_estado,vfe_entregado,usu_nusuario) VALUES (3377,@@@2013.06.23@@@,40,1,0,@@@G_DIAZ@@@)','',2,'2013-06-23'),(30025,'INSERT INTO gne_vale_ferreteria_mov (vfe_id,pro_codigo_plu,vfm_cantidad,vfm_unitario,vfm_total,vfm_entregado) VALUES (3377,78017191,1,40,40,@@@NO@@@)','',2,'2013-06-23'),(30026,'INSERT INTO gne_vale_ferreteria (vfe_id,vfe_fecha,vfe_total,vfe_estado,vfe_entregado,usu_nusuario) VALUES (3378,@@@2013.06.23@@@,490,1,0,@@@G_DIAZ@@@)','',2,'2013-06-23'),(30027,'INSERT INTO gne_vale_ferreteria_mov (vfe_id,pro_codigo_plu,vfm_cantidad,vfm_unitario,vfm_total,vfm_entregado) VALUES (3378,78017198,1,490,490,@@@NO@@@)','',2,'2013-06-23'),(30028,'INSERT INTO gne_vale_ferreteria (vfe_id,vfe_fecha,vfe_total,vfe_estado,vfe_entregado,usu_nusuario) VALUES (3379,@@@2013.06.23@@@,2270,1,0,@@@G_DIAZ@@@)','',2,'2013-06-23'),(30029,'INSERT INTO gne_vale_ferreteria_mov (vfe_id,pro_codigo_plu,vfm_cantidad,vfm_unitario,vfm_total,vfm_entregado) VALUES (3379,1535,3,390,1170,@@@NO@@@)','',2,'2013-06-23'),(30030,'INSERT INTO gne_vale_ferreteria_mov (vfe_id,pro_codigo_plu,vfm_cantidad,vfm_unitario,vfm_total,vfm_entregado) VALUES (3379,1542,6,100,600,@@@NO@@@)','',2,'2013-06-23'),(30031,'INSERT INTO gne_vale_ferreteria_mov (vfe_id,pro_codigo_plu,vfm_cantidad,vfm_unitario,vfm_total,vfm_entregado) VALUES (3379,6007,1,500,500,@@@NO@@@)','',2,'2013-06-23'),(30032,'INSERT INTO gne_vale_ferreteria (vfe_id,vfe_fecha,vfe_total,vfe_estado,vfe_entregado,usu_nusuario) VALUES (3380,@@@2013.06.23@@@,4780,1,0,@@@G_DIAZ@@@)','',2,'2013-06-23'),(30033,'INSERT INTO gne_vale_ferreteria_mov (vfe_id,pro_codigo_plu,vfm_cantidad,vfm_unitario,vfm_total,vfm_entregado) VALUES (3380,101714,1,2190,2190,@@@NO@@@)','',2,'2013-06-23'),(30034,'INSERT INTO gne_vale_ferreteria_mov (vfe_id,pro_codigo_plu,vfm_cantidad,vfm_unitario,vfm_total,vfm_entregado) VALUES (3380,262019,1,2590,2590,@@@NO@@@)','',2,'2013-06-23'),(30035,'INSERT INTO gne_vale_ferreteria (vfe_id,vfe_fecha,vfe_total,vfe_estado,vfe_entregado,usu_nusuario) VALUES (3381,@@@2013.06.23@@@,810,1,0,@@@G_DIAZ@@@)','',2,'2013-06-23'),(30036,'INSERT INTO gne_vale_ferreteria_mov (vfe_id,pro_codigo_plu,vfm_cantidad,vfm_unitario,vfm_total,vfm_entregado) VALUES (3381,762000,1,690,690,@@@NO@@@)','',2,'2013-06-23'),(30037,'INSERT INTO gne_vale_ferreteria_mov (vfe_id,pro_codigo_plu,vfm_cantidad,vfm_unitario,vfm_total,vfm_entregado) VALUES (3381,1064,1,120,120,@@@NO@@@)','',2,'2013-06-23'),(30038,'INSERT INTO gne_vale_ferreteria (vfe_id,vfe_fecha,vfe_total,vfe_estado,vfe_entregado,usu_nusuario) VALUES (3382,@@@2013.06.23@@@,1420,1,0,@@@G_DIAZ@@@)','',2,'2013-06-23'),(30039,'INSERT INTO gne_vale_ferreteria_mov (vfe_id,pro_codigo_plu,vfm_cantidad,vfm_unitario,vfm_total,vfm_entregado) VALUES (3382,764778,1,330,330,@@@NO@@@)','',2,'2013-06-23'),(30040,'INSERT INTO gne_vale_ferreteria_mov (vfe_id,pro_codigo_plu,vfm_cantidad,vfm_unitario,vfm_total,vfm_entregado) VALUES (3382,764761,1,490,490,@@@NO@@@)','',2,'2013-06-23'),(30041,'INSERT INTO gne_vale_ferreteria_mov (vfe_id,pro_codigo_plu,vfm_cantidad,vfm_unitario,vfm_total,vfm_entregado) VALUES (3382,78017165,2,100,200,@@@NO@@@)','',2,'2013-06-23'),(30042,'INSERT INTO gne_vale_ferreteria_mov (vfe_id,pro_codigo_plu,vfm_cantidad,vfm_unitario,vfm_total,vfm_entregado) VALUES (3382,78017160,4,100,400,@@@NO@@@)','',2,'2013-06-23'),(30043,'INSERT INTO gne_vale_ferreteria (vfe_id,vfe_fecha,vfe_total,vfe_estado,vfe_entregado,usu_nusuario) VALUES (3383,@@@2013.06.23@@@,200,1,0,@@@G_DIAZ@@@)','',2,'2013-06-23'),(30044,'INSERT INTO gne_vale_ferreteria_mov (vfe_id,pro_codigo_plu,vfm_cantidad,vfm_unitario,vfm_total,vfm_entregado) VALUES (3383,78017158,2,100,200,@@@NO@@@)','',2,'2013-06-23'),(30045,'INSERT INTO gne_vale_ferreteria (vfe_id,vfe_fecha,vfe_total,vfe_estado,vfe_entregado,usu_nusuario) VALUES (3384,@@@2013.06.23@@@,1330,1,0,@@@G_DIAZ@@@)','',2,'2013-06-23'),(30046,'INSERT INTO gne_vale_ferreteria_mov (vfe_id,pro_codigo_plu,vfm_cantidad,vfm_unitario,vfm_total,vfm_entregado) VALUES (3384,770002,3,390,1170,@@@NO@@@)','',2,'2013-06-23'),(30047,'INSERT INTO gne_vale_ferreteria_mov (vfe_id,pro_codigo_plu,vfm_cantidad,vfm_unitario,vfm_total,vfm_entregado) VALUES (3384,770001,2,80,160,@@@NO@@@)','',2,'2013-06-23'),(30048,'INSERT INTO gne_vale_ferreteria (vfe_id,vfe_fecha,vfe_total,vfe_estado,vfe_entregado,usu_nusuario) VALUES (3385,@@@2013.06.23@@@,1220,1,0,@@@G_DIAZ@@@)','',2,'2013-06-23'),(30049,'INSERT INTO gne_vale_ferreteria_mov (vfe_id,pro_codigo_plu,vfm_cantidad,vfm_unitario,vfm_total,vfm_entregado) VALUES (3385,78017152,2,490,980,@@@NO@@@)','',2,'2013-06-23'),(30050,'INSERT INTO gne_vale_ferreteria_mov (vfe_id,pro_codigo_plu,vfm_cantidad,vfm_unitario,vfm_total,vfm_entregado) VALUES (3385,8022,2,120,240,@@@NO@@@)','',2,'2013-06-23'),(30051,'INSERT INTO gne_vale_ferreteria (vfe_id,vfe_fecha,vfe_total,vfe_estado,vfe_entregado,usu_nusuario) VALUES (3386,@@@2013.06.23@@@,390,1,0,@@@G_DIAZ@@@)','',2,'2013-06-23'),(30052,'INSERT INTO gne_vale_ferreteria_mov (vfe_id,pro_codigo_plu,vfm_cantidad,vfm_unitario,vfm_total,vfm_entregado) VALUES (3386,78016969,1,390,390,@@@NO@@@)','',2,'2013-06-23'),(30053,'INSERT INTO gne_vale_ferreteria (vfe_id,vfe_fecha,vfe_total,vfe_estado,vfe_entregado,usu_nusuario) VALUES (3387,@@@2013.06.23@@@,3890,1,0,@@@G_DIAZ@@@)','',2,'2013-06-23'),(30054,'INSERT INTO gne_vale_ferreteria_mov (vfe_id,pro_codigo_plu,vfm_cantidad,vfm_unitario,vfm_total,vfm_entregado) VALUES (3387,880016,1,3890,3890,@@@NO@@@)','',2,'2013-06-23'),(30055,'INSERT INTO gne_vale_ferreteria (vfe_id,vfe_fecha,vfe_total,vfe_estado,vfe_entregado,usu_nusuario) VALUES (3388,@@@2013.06.23@@@,490,1,0,@@@G_DIAZ@@@)','',2,'2013-06-23'),(30056,'INSERT INTO gne_vale_ferreteria_mov (vfe_id,pro_codigo_plu,vfm_cantidad,vfm_unitario,vfm_total,vfm_entregado) VALUES (3388,78017198,1,490,490,@@@NO@@@)','',2,'2013-06-23'),(30057,'INSERT INTO gne_vale_ferreteria (vfe_id,vfe_fecha,vfe_total,vfe_estado,vfe_entregado,usu_nusuario) VALUES (3389,@@@2013.06.23@@@,490,1,0,@@@G_DIAZ@@@)','',2,'2013-06-23'),(30058,'INSERT INTO gne_vale_ferreteria_mov (vfe_id,pro_codigo_plu,vfm_cantidad,vfm_unitario,vfm_total,vfm_entregado) VALUES (3389,78017198,1,490,490,@@@NO@@@)','',2,'2013-06-23'),(30059,'INSERT INTO gne_vale_ferreteria (vfe_id,vfe_fecha,vfe_total,vfe_estado,vfe_entregado,usu_nusuario) VALUES (3390,@@@2013.06.23@@@,260,1,0,@@@G_DIAZ@@@)','',2,'2013-06-23'),(30060,'INSERT INTO gne_vale_ferreteria_mov (vfe_id,pro_codigo_plu,vfm_cantidad,vfm_unitario,vfm_total,vfm_entregado) VALUES (3390,15967,2,130,260,@@@NO@@@)','',2,'2013-06-23'),(30061,'INSERT INTO gne_vale_ferreteria (vfe_id,vfe_fecha,vfe_total,vfe_estado,vfe_entregado,usu_nusuario) VALUES (3391,@@@2013.06.23@@@,770,1,0,@@@G_DIAZ@@@)','',2,'2013-06-23'),(30062,'INSERT INTO gne_vale_ferreteria_mov (vfe_id,pro_codigo_plu,vfm_cantidad,vfm_unitario,vfm_total,vfm_entregado) VALUES (3391,78017157,1,770,770,@@@NO@@@)','',2,'2013-06-23'),(30063,'INSERT INTO gne_vale_ferreteria (vfe_id,vfe_fecha,vfe_total,vfe_estado,vfe_entregado,usu_nusuario) VALUES (3392,@@@2013.06.23@@@,1100,1,0,@@@G_DIAZ@@@)','',2,'2013-06-23'),(30064,'INSERT INTO gne_vale_ferreteria_mov (vfe_id,pro_codigo_plu,vfm_cantidad,vfm_unitario,vfm_total,vfm_entregado) VALUES (3392,3102,2,550,1100,@@@NO@@@)','',2,'2013-06-23'),(30065,'INSERT INTO gne_vale_ferreteria (vfe_id,vfe_fecha,vfe_total,vfe_estado,vfe_entregado,usu_nusuario) VALUES (3393,@@@2013.06.23@@@,100,1,0,@@@G_DIAZ@@@)','',2,'2013-06-23'),(30066,'INSERT INTO gne_vale_ferreteria_mov (vfe_id,pro_codigo_plu,vfm_cantidad,vfm_unitario,vfm_total,vfm_entregado) VALUES (3393,770063,1,100,100,@@@NO@@@)','',2,'2013-06-23'),(30067,'INSERT INTO gne_vale_ferreteria (vfe_id,vfe_fecha,vfe_total,vfe_estado,vfe_entregado,usu_nusuario) VALUES (3394,@@@2013.06.23@@@,120,1,0,@@@G_DIAZ@@@)','',2,'2013-06-23'),(30068,'INSERT INTO gne_vale_ferreteria_mov (vfe_id,pro_codigo_plu,vfm_cantidad,vfm_unitario,vfm_total,vfm_entregado) VALUES (3394,8022,1,120,120,@@@NO@@@)','',2,'2013-06-23'),(30069,'INSERT INTO gne_vale_ferreteria (vfe_id,vfe_fecha,vfe_total,vfe_estado,vfe_entregado,usu_nusuario) VALUES (3395,@@@2013.06.23@@@,840,1,0,@@@G_DIAZ@@@)','',2,'2013-06-23'),(30070,'INSERT INTO gne_vale_ferreteria_mov (vfe_id,pro_codigo_plu,vfm_cantidad,vfm_unitario,vfm_total,vfm_entregado) VALUES (3395,11670,1,840,840,@@@NO@@@)','',2,'2013-06-23'),(30071,'INSERT INTO gne_vale_ferreteria (vfe_id,vfe_fecha,vfe_total,vfe_estado,vfe_entregado,usu_nusuario) VALUES (3396,@@@2013.06.23@@@,200,1,0,@@@G_DIAZ@@@)','',2,'2013-06-23'),(30072,'INSERT INTO gne_vale_ferreteria_mov (vfe_id,pro_codigo_plu,vfm_cantidad,vfm_unitario,vfm_total,vfm_entregado) VALUES (3396,764702,1,200,200,@@@NO@@@)','',2,'2013-06-23'),(30073,'INSERT INTO gne_vale_ferreteria (vfe_id,vfe_fecha,vfe_total,vfe_estado,vfe_entregado,usu_nusuario) VALUES (3397,@@@2013.06.23@@@,400,1,0,@@@G_DIAZ@@@)','',2,'2013-06-23'),(30074,'INSERT INTO gne_vale_ferreteria_mov (vfe_id,pro_codigo_plu,vfm_cantidad,vfm_unitario,vfm_total,vfm_entregado) VALUES (3397,13662,1,400,400,@@@NO@@@)','',2,'2013-06-23'),(30075,'INSERT INTO gne_vale_ferreteria (vfe_id,vfe_fecha,vfe_total,vfe_estado,vfe_entregado,usu_nusuario) VALUES (3398,@@@2013.06.23@@@,680,1,0,@@@G_DIAZ@@@)','',2,'2013-06-23'),(30076,'INSERT INTO gne_vale_ferreteria_mov (vfe_id,pro_codigo_plu,vfm_cantidad,vfm_unitario,vfm_total,vfm_entregado) VALUES (3398,19866,1,680,680,@@@NO@@@)','',2,'2013-06-23'),(30077,'INSERT INTO gne_vale_ferreteria (vfe_id,vfe_fecha,vfe_total,vfe_estado,vfe_entregado,usu_nusuario) VALUES (3399,@@@2013.06.23@@@,330,1,0,@@@G_DIAZ@@@)','',2,'2013-06-23'),(30078,'INSERT INTO gne_vale_ferreteria_mov (vfe_id,pro_codigo_plu,vfm_cantidad,vfm_unitario,vfm_total,vfm_entregado) VALUES (3399,19918,1,330,330,@@@NO@@@)','',2,'2013-06-23'),(30079,'INSERT INTO gne_vale_ferreteria (vfe_id,vfe_fecha,vfe_total,vfe_estado,vfe_entregado,usu_nusuario) VALUES (3400,@@@2013.06.23@@@,915,1,0,@@@G_DIAZ@@@)','',2,'2013-06-23'),(30080,'INSERT INTO gne_vale_ferreteria_mov (vfe_id,pro_codigo_plu,vfm_cantidad,vfm_unitario,vfm_total,vfm_entregado) VALUES (3400,761979,1,915,915,@@@NO@@@)','',2,'2013-06-23'),(30081,'INSERT INTO gne_vale_ferreteria (vfe_id,vfe_fecha,vfe_total,vfe_estado,vfe_entregado,usu_nusuario) VALUES (3401,@@@2013.06.23@@@,1990,1,0,@@@G_DIAZ@@@)','',2,'2013-06-23'),(30082,'INSERT INTO gne_vale_ferreteria_mov (vfe_id,pro_codigo_plu,vfm_cantidad,vfm_unitario,vfm_total,vfm_entregado) VALUES (3401,102628,1,1990,1990,@@@NO@@@)','',2,'2013-06-23'),(30083,'INSERT INTO gne_vale_ferreteria (vfe_id,vfe_fecha,vfe_total,vfe_estado,vfe_entregado,usu_nusuario) VALUES (3402,@@@2013.06.23@@@,780,1,0,@@@G_DIAZ@@@)','',2,'2013-06-23'),(30084,'INSERT INTO gne_vale_ferreteria_mov (vfe_id,pro_codigo_plu,vfm_cantidad,vfm_unitario,vfm_total,vfm_entregado) VALUES (3402,1535,2,390,780,@@@NO@@@)','',2,'2013-06-23'),(30085,'INSERT INTO gne_vale_ferreteria (vfe_id,vfe_fecha,vfe_total,vfe_estado,vfe_entregado,usu_nusuario) VALUES (3403,@@@2013.06.23@@@,1540,1,0,@@@G_DIAZ@@@)','',2,'2013-06-23'),(30086,'INSERT INTO gne_vale_ferreteria_mov (vfe_id,pro_codigo_plu,vfm_cantidad,vfm_unitario,vfm_total,vfm_entregado) VALUES (3403,763804,1,790,790,@@@NO@@@)','',2,'2013-06-23'),(30087,'INSERT INTO gne_vale_ferreteria_mov (vfe_id,pro_codigo_plu,vfm_cantidad,vfm_unitario,vfm_total,vfm_entregado) VALUES (3403,78016976,1,300,300,@@@NO@@@)','',2,'2013-06-23'),(30088,'INSERT INTO gne_vale_ferreteria_mov (vfe_id,pro_codigo_plu,vfm_cantidad,vfm_unitario,vfm_total,vfm_entregado) VALUES (3403,1542,2,100,200,@@@NO@@@)','',2,'2013-06-23'),(30089,'INSERT INTO gne_vale_ferreteria_mov (vfe_id,pro_codigo_plu,vfm_cantidad,vfm_unitario,vfm_total,vfm_entregado) VALUES (3403,764125,1,250,250,@@@NO@@@)','',2,'2013-06-23'),(30090,'INSERT INTO gne_vale_ferreteria (vfe_id,vfe_fecha,vfe_total,vfe_estado,vfe_entregado,usu_nusuario) VALUES (3404,@@@2013.06.23@@@,690,1,0,@@@G_DIAZ@@@)','',2,'2013-06-23'),(30091,'INSERT INTO gne_vale_ferreteria_mov (vfe_id,pro_codigo_plu,vfm_cantidad,vfm_unitario,vfm_total,vfm_entregado) VALUES (3404,762000,1,690,690,@@@NO@@@)','',2,'2013-06-23'),(30092,'INSERT INTO gne_vale_ferreteria (vfe_id,vfe_fecha,vfe_total,vfe_estado,vfe_entregado,usu_nusuario) VALUES (3405,@@@2013.06.23@@@,1120,1,0,@@@G_DIAZ@@@)','',2,'2013-06-23'),(30093,'INSERT INTO gne_vale_ferreteria_mov (vfe_id,pro_codigo_plu,vfm_cantidad,vfm_unitario,vfm_total,vfm_entregado) VALUES (3405,21117,2,495,990,@@@NO@@@)','',2,'2013-06-23'),(30094,'INSERT INTO gne_vale_ferreteria_mov (vfe_id,pro_codigo_plu,vfm_cantidad,vfm_unitario,vfm_total,vfm_entregado) VALUES (3405,1066,1,130,130,@@@NO@@@)','',2,'2013-06-23'),(30095,'INSERT INTO gne_vale_ferreteria (vfe_id,vfe_fecha,vfe_total,vfe_estado,vfe_entregado,usu_nusuario) VALUES (3406,@@@2013.06.23@@@,300,1,0,@@@G_DIAZ@@@)','',2,'2013-06-23'),(30096,'INSERT INTO gne_vale_ferreteria_mov (vfe_id,pro_codigo_plu,vfm_cantidad,vfm_unitario,vfm_total,vfm_entregado) VALUES (3406,2004,1,300,300,@@@NO@@@)','',2,'2013-06-23'),(30097,'INSERT INTO gne_vale_ferreteria (vfe_id,vfe_fecha,vfe_total,vfe_estado,vfe_entregado,usu_nusuario) VALUES (3407,@@@2013.06.23@@@,200,1,0,@@@G_DIAZ@@@)','',2,'2013-06-23'),(30098,'INSERT INTO gne_vale_ferreteria_mov (vfe_id,pro_codigo_plu,vfm_cantidad,vfm_unitario,vfm_total,vfm_entregado) VALUES (3407,1542,2,100,200,@@@NO@@@)','',2,'2013-06-23'),(30099,'INSERT INTO gne_vale_ferreteria (vfe_id,vfe_fecha,vfe_total,vfe_estado,vfe_entregado,usu_nusuario) VALUES (3408,@@@2013.06.23@@@,8370,1,0,@@@G_DIAZ@@@)','',2,'2013-06-23'),(30100,'INSERT INTO gne_vale_ferreteria_mov (vfe_id,pro_codigo_plu,vfm_cantidad,vfm_unitario,vfm_total,vfm_entregado) VALUES (3408,18677,1,2590,2590,@@@NO@@@)','',2,'2013-06-23'),(30101,'INSERT INTO gne_vale_ferreteria_mov (vfe_id,pro_codigo_plu,vfm_cantidad,vfm_unitario,vfm_total,vfm_entregado) VALUES (3408,764446,1,3790,3790,@@@NO@@@)','',2,'2013-06-23'),(30102,'INSERT INTO gne_vale_ferreteria_mov (vfe_id,pro_codigo_plu,vfm_cantidad,vfm_unitario,vfm_total,vfm_entregado) VALUES (3408,764752,1,1990,1990,@@@NO@@@)','',2,'2013-06-23'),(30103,'INSERT INTO gne_vale_ferreteria (vfe_id,vfe_fecha,vfe_total,vfe_estado,vfe_entregado,usu_nusuario) VALUES (3409,@@@2013.06.23@@@,2990,1,0,@@@G_DIAZ@@@)','',2,'2013-06-23'),(30104,'INSERT INTO gne_vale_ferreteria_mov (vfe_id,pro_codigo_plu,vfm_cantidad,vfm_unitario,vfm_total,vfm_entregado) VALUES (3409,764595,1,2990,2990,@@@NO@@@)','',2,'2013-06-23'),(30105,'INSERT INTO gne_vale_ferreteria (vfe_id,vfe_fecha,vfe_total,vfe_estado,vfe_entregado,usu_nusuario) VALUES (3410,@@@2013.06.23@@@,400,1,0,@@@G_DIAZ@@@)','',2,'2013-06-23'),(30106,'INSERT INTO gne_vale_ferreteria_mov (vfe_id,pro_codigo_plu,vfm_cantidad,vfm_unitario,vfm_total,vfm_entregado) VALUES (3410,1542,4,100,400,@@@NO@@@)','',2,'2013-06-23'),(30107,'INSERT INTO gne_vale_ferreteria (vfe_id,vfe_fecha,vfe_total,vfe_estado,vfe_entregado,usu_nusuario) VALUES (3411,@@@2013.06.23@@@,130,1,0,@@@G_DIAZ@@@)','',2,'2013-06-23'),(30108,'INSERT INTO gne_vale_ferreteria_mov (vfe_id,pro_codigo_plu,vfm_cantidad,vfm_unitario,vfm_total,vfm_entregado) VALUES (3411,78017148,1,130,130,@@@NO@@@)','',2,'2013-06-23'),(30109,'INSERT INTO gne_vale_ferreteria (vfe_id,vfe_fecha,vfe_total,vfe_estado,vfe_entregado,usu_nusuario) VALUES (3412,@@@2013.06.23@@@,410,1,0,@@@G_DIAZ@@@)','',2,'2013-06-23'),(30110,'INSERT INTO gne_vale_ferreteria_mov (vfe_id,pro_codigo_plu,vfm_cantidad,vfm_unitario,vfm_total,vfm_entregado) VALUES (3412,763772,1,290,290,@@@NO@@@)','',2,'2013-06-23'),(30111,'INSERT INTO gne_vale_ferreteria_mov (vfe_id,pro_codigo_plu,vfm_cantidad,vfm_unitario,vfm_total,vfm_entregado) VALUES (3412,78017016,1,120,120,@@@NO@@@)','',2,'2013-06-23'),(30112,'INSERT INTO gne_vale_ferreteria (vfe_id,vfe_fecha,vfe_total,vfe_estado,vfe_entregado,usu_nusuario) VALUES (3413,@@@2013.06.23@@@,300,1,0,@@@G_DIAZ@@@)','',2,'2013-06-23'),(30113,'INSERT INTO gne_vale_ferreteria_mov (vfe_id,pro_codigo_plu,vfm_cantidad,vfm_unitario,vfm_total,vfm_entregado) VALUES (3413,4088,2,150,300,@@@NO@@@)','',2,'2013-06-23'),(30114,'INSERT INTO gne_vale_ferreteria (vfe_id,vfe_fecha,vfe_total,vfe_estado,vfe_entregado,usu_nusuario) VALUES (3414,@@@2013.06.23@@@,400,1,0,@@@G_DIAZ@@@)','',2,'2013-06-23'),(30115,'INSERT INTO gne_vale_ferreteria_mov (vfe_id,pro_codigo_plu,vfm_cantidad,vfm_unitario,vfm_total,vfm_entregado) VALUES (3414,770021,2,200,400,@@@NO@@@)','',2,'2013-06-23'),(30116,'INSERT INTO gne_vale_ferreteria (vfe_id,vfe_fecha,vfe_total,vfe_estado,vfe_entregado,usu_nusuario) VALUES (3415,@@@2013.06.23@@@,1930,1,0,@@@G_DIAZ@@@)','',2,'2013-06-23'),(30117,'INSERT INTO gne_vale_ferreteria_mov (vfe_id,pro_codigo_plu,vfm_cantidad,vfm_unitario,vfm_total,vfm_entregado) VALUES (3415,78017191,1,40,40,@@@NO@@@)','',2,'2013-06-23'),(30118,'INSERT INTO gne_vale_ferreteria_mov (vfe_id,pro_codigo_plu,vfm_cantidad,vfm_unitario,vfm_total,vfm_entregado) VALUES (3415,764001,1,1890,1890,@@@NO@@@)','',2,'2013-06-23'),(30119,'INSERT INTO gne_vale_ferreteria (vfe_id,vfe_fecha,vfe_total,vfe_estado,vfe_entregado,usu_nusuario) VALUES (3416,@@@2013.06.23@@@,260,1,0,@@@G_DIAZ@@@)','',2,'2013-06-23'),(30120,'INSERT INTO gne_vale_ferreteria_mov (vfe_id,pro_codigo_plu,vfm_cantidad,vfm_unitario,vfm_total,vfm_entregado) VALUES (3416,15929,2,130,260,@@@NO@@@)','',2,'2013-06-23'),(30121,'INSERT INTO gne_vale_ferreteria (vfe_id,vfe_fecha,vfe_total,vfe_estado,vfe_entregado,usu_nusuario) VALUES (3417,@@@2013.06.23@@@,3280,1,0,@@@G_DIAZ@@@)','',2,'2013-06-23'),(30122,'INSERT INTO gne_vale_ferreteria_mov (vfe_id,pro_codigo_plu,vfm_cantidad,vfm_unitario,vfm_total,vfm_entregado) VALUES (3417,764510,1,1990,1990,@@@NO@@@)','',2,'2013-06-23'),(30123,'INSERT INTO gne_vale_ferreteria_mov (vfe_id,pro_codigo_plu,vfm_cantidad,vfm_unitario,vfm_total,vfm_entregado) VALUES (3417,764749,1,1290,1290,@@@NO@@@)','',2,'2013-06-23'),(30124,'INSERT INTO gne_vale_ferreteria (vfe_id,vfe_fecha,vfe_total,vfe_estado,vfe_entregado,usu_nusuario) VALUES (3418,@@@2013.06.23@@@,680,1,0,@@@G_DIAZ@@@)','',2,'2013-06-23'),(30125,'INSERT INTO gne_vale_ferreteria_mov (vfe_id,pro_codigo_plu,vfm_cantidad,vfm_unitario,vfm_total,vfm_entregado) VALUES (3418,19866,1,680,680,@@@NO@@@)','',2,'2013-06-23'),(30126,'INSERT INTO gne_vale_ferreteria (vfe_id,vfe_fecha,vfe_total,vfe_estado,vfe_entregado,usu_nusuario) VALUES (3419,@@@2013.06.23@@@,3980,1,0,@@@G_DIAZ@@@)','',2,'2013-06-23'),(30127,'INSERT INTO gne_vale_ferreteria_mov (vfe_id,pro_codigo_plu,vfm_cantidad,vfm_unitario,vfm_total,vfm_entregado) VALUES (3419,764510,1,1990,1990,@@@NO@@@)','',2,'2013-06-23'),(30128,'INSERT INTO gne_vale_ferreteria_mov (vfe_id,pro_codigo_plu,vfm_cantidad,vfm_unitario,vfm_total,vfm_entregado) VALUES (3419,764909,1,1990,1990,@@@NO@@@)','',2,'2013-06-23'),(30129,'INSERT INTO gne_vale_ferreteria (vfe_id,vfe_fecha,vfe_total,vfe_estado,vfe_entregado,usu_nusuario) VALUES (3420,@@@2013.06.23@@@,250,1,0,@@@G_DIAZ@@@)','',2,'2013-06-23'),(30130,'INSERT INTO gne_vale_ferreteria_mov (vfe_id,pro_codigo_plu,vfm_cantidad,vfm_unitario,vfm_total,vfm_entregado) VALUES (3420,4091,1,250,250,@@@NO@@@)','',2,'2013-06-23'),(30131,'INSERT INTO gne_vale_ferreteria (vfe_id,vfe_fecha,vfe_total,vfe_estado,vfe_entregado,usu_nusuario) VALUES (3421,@@@2013.06.23@@@,200,1,0,@@@G_DIAZ@@@)','',2,'2013-06-23'),(30132,'INSERT INTO gne_vale_ferreteria_mov (vfe_id,pro_codigo_plu,vfm_cantidad,vfm_unitario,vfm_total,vfm_entregado) VALUES (3421,78017140,1,200,200,@@@NO@@@)','',2,'2013-06-23'),(30133,'INSERT INTO gne_vale_ferreteria (vfe_id,vfe_fecha,vfe_total,vfe_estado,vfe_entregado,usu_nusuario) VALUES (3422,@@@2013.06.23@@@,400,1,0,@@@G_DIAZ@@@)','',2,'2013-06-23'),(30134,'INSERT INTO gne_vale_ferreteria_mov (vfe_id,pro_codigo_plu,vfm_cantidad,vfm_unitario,vfm_total,vfm_entregado) VALUES (3422,78017105,1,250,250,@@@NO@@@)','',2,'2013-06-23'),(30135,'INSERT INTO gne_vale_ferreteria_mov (vfe_id,pro_codigo_plu,vfm_cantidad,vfm_unitario,vfm_total,vfm_entregado) VALUES (3422,78017110,1,150,150,@@@NO@@@)','',2,'2013-06-23'),(30136,'INSERT INTO gne_vale_ferreteria (vfe_id,vfe_fecha,vfe_total,vfe_estado,vfe_entregado,usu_nusuario) VALUES (3423,@@@2013.06.23@@@,1190,1,0,@@@G_DIAZ@@@)','',2,'2013-06-23'),(30137,'INSERT INTO gne_vale_ferreteria_mov (vfe_id,pro_codigo_plu,vfm_cantidad,vfm_unitario,vfm_total,vfm_entregado) VALUES (3423,4069,1,1190,1190,@@@NO@@@)','',2,'2013-06-23'),(30138,'INSERT INTO gne_vale_ferreteria (vfe_id,vfe_fecha,vfe_total,vfe_estado,vfe_entregado,usu_nusuario) VALUES (3424,@@@2013.06.23@@@,3570,1,0,@@@G_DIAZ@@@)','',2,'2013-06-23'),(30139,'INSERT INTO gne_vale_ferreteria_mov (vfe_id,pro_codigo_plu,vfm_cantidad,vfm_unitario,vfm_total,vfm_entregado) VALUES (3424,4069,3,1190,3570,@@@NO@@@)','',2,'2013-06-23'),(30140,'UPDATE mae_productos SET pro_margen_actual=46.3,pro_precio_venta=370 WHERE pro_codigo_plu=78017199','',2,'2013-06-24'),(30141,'UPDATE mae_productos SET pro_margen_actual=0,pro_precio_venta=380 WHERE pro_codigo_plu=538','',2,'2013-06-24'),(30142,'UPDATE mae_productos SET pro_margen_actual=0,pro_precio_venta=380 WHERE pro_codigo_plu=541','',2,'2013-06-24'),(30143,'UPDATE mae_productos SET pro_margen_actual=0,pro_precio_venta=890 WHERE pro_codigo_plu=586','',2,'2013-06-24'),(30144,'UPDATE mae_productos SET pro_margen_actual=0,pro_precio_venta=790 WHERE pro_codigo_plu=570','',2,'2013-06-24'),(30145,'UPDATE mae_productos SET pro_margen_actual=0,pro_precio_venta=390 WHERE pro_codigo_plu=592','',2,'2013-06-24'),(30146,'UPDATE mae_productos SET pro_margen_actual=0,pro_precio_venta=330 WHERE pro_codigo_plu=597','',2,'2013-06-24'),(30147,'UPDATE mae_productos SET pro_precio_fiscal=pro_precio_venta WHERE pro_codigo_plu=538','',2,'2013-06-24'),(30148,'UPDATE mae_productos SET pro_precio_fiscal=pro_precio_venta WHERE pro_codigo_plu=541','',2,'2013-06-24'),(30149,'UPDATE mae_productos SET pro_precio_fiscal=pro_precio_venta WHERE pro_codigo_plu=570','',2,'2013-06-24'),(30150,'UPDATE mae_productos SET pro_precio_fiscal=pro_precio_venta WHERE pro_codigo_plu=586','',2,'2013-06-24'),(30151,'UPDATE mae_productos SET pro_precio_fiscal=pro_precio_venta WHERE pro_codigo_plu=592','',2,'2013-06-24'),(30152,'UPDATE mae_productos SET pro_precio_fiscal=pro_precio_venta WHERE pro_codigo_plu=597','',2,'2013-06-24'),(30153,'UPDATE mae_productos SET pro_precio_fiscal=pro_precio_venta WHERE pro_codigo_plu=78017199','',2,'2013-06-24'),(30154,'INSERT INTO com_ventas_grupo (vgr_fecha,vgr_grupo,vgr_cantidad,vgr_total) VALUES (@@@2013.06.22@@@,1,188.72,187129)','',2,'2013-06-24'),(30155,'INSERT INTO com_ventas_grupo (vgr_fecha,vgr_grupo,vgr_cantidad,vgr_total) VALUES (@@@2013.06.22@@@,2,172.535,98490)','',2,'2013-06-24'),(30156,'INSERT INTO com_ventas_grupo (vgr_fecha,vgr_grupo,vgr_cantidad,vgr_total) VALUES (@@@2013.06.22@@@,3,347,72945)','',2,'2013-06-24'),(30157,'INSERT INTO com_ventas_grupo (vgr_fecha,vgr_grupo,vgr_cantidad,vgr_total) VALUES (@@@2013.06.22@@@,4,90,93440)','',2,'2013-06-24'),(30158,'INSERT INTO com_ventas_grupo (vgr_fecha,vgr_grupo,vgr_cantidad,vgr_total) VALUES (@@@2013.06.22@@@,5,13,36950)','',2,'2013-06-24'),(30159,'INSERT INTO com_ventas_grupo (vgr_fecha,vgr_grupo,vgr_cantidad,vgr_total) VALUES (@@@2013.06.22@@@,6,30,55460)','',2,'2013-06-24'),(30160,'INSERT INTO com_ventas_grupo (vgr_fecha,vgr_grupo,vgr_cantidad,vgr_total) VALUES (@@@2013.06.22@@@,7,76,122781)','',2,'2013-06-24'),(30161,'INSERT INTO com_ventas_grupo (vgr_fecha,vgr_grupo,vgr_cantidad,vgr_total) VALUES (@@@2013.06.22@@@,8,16,13370)','',2,'2013-06-24'),(30162,'INSERT INTO com_ventas_grupo (vgr_fecha,vgr_grupo,vgr_cantidad,vgr_total) VALUES (@@@2013.06.22@@@,9,80.4,141645)','',2,'2013-06-24'),(30163,'INSERT INTO com_ventas_grupo (vgr_fecha,vgr_grupo,vgr_cantidad,vgr_total) VALUES (@@@2013.06.22@@@,10,62.705,171748)','',2,'2013-06-24'),(30164,'INSERT INTO com_ventas_grupo (vgr_fecha,vgr_grupo,vgr_cantidad,vgr_total) VALUES (@@@2013.06.22@@@,11,49.25,105572)','',2,'2013-06-24'),(30165,'INSERT INTO com_ventas_grupo (vgr_fecha,vgr_grupo,vgr_cantidad,vgr_total) VALUES (@@@2013.06.22@@@,12,42.955,81595)','',2,'2013-06-24'),(30166,'INSERT INTO com_ventas_grupo (vgr_fecha,vgr_grupo,vgr_cantidad,vgr_total) VALUES (@@@2013.06.22@@@,13,12.425,42404)','',2,'2013-06-24'),(30167,'INSERT INTO com_ventas_grupo (vgr_fecha,vgr_grupo,vgr_cantidad,vgr_total) VALUES (@@@2013.06.22@@@,14,121.18,110449)','',2,'2013-06-24'),(30168,'INSERT INTO com_ventas_grupo (vgr_fecha,vgr_grupo,vgr_cantidad,vgr_total) VALUES (@@@2013.06.22@@@,15,2,3980)','',2,'2013-06-24'),(30169,'INSERT INTO com_ventas_grupo (vgr_fecha,vgr_grupo,vgr_cantidad,vgr_total) VALUES (@@@2013.06.22@@@,16,4,680)','',2,'2013-06-24'),(30170,'INSERT INTO com_ventas_grupo (vgr_fecha,vgr_grupo,vgr_cantidad,vgr_total) VALUES (@@@2013.06.22@@@,18,275.4,156761)','',2,'2013-06-24'),(30171,'INSERT INTO com_ventas_grupo (vgr_fecha,vgr_grupo,vgr_cantidad,vgr_total) VALUES (@@@2013.06.22@@@,20,47.535,24618)','',2,'2013-06-24'),(30172,'INSERT INTO com_ventas_grupo (vgr_fecha,vgr_grupo,vgr_cantidad,vgr_total) VALUES (@@@2013.06.22@@@,21,40,40530)','',2,'2013-06-24'),(30173,'INSERT INTO com_ventas_grupo (vgr_fecha,vgr_grupo,vgr_cantidad,vgr_total) VALUES (@@@2013.06.22@@@,22,1,1290)','',2,'2013-06-24'),(30174,'INSERT INTO com_ventas_grupo (vgr_fecha,vgr_grupo,vgr_cantidad,vgr_total) VALUES (@@@2013.06.22@@@,23,5,13350)','',2,'2013-06-24'),(30175,'INSERT INTO com_ventas_grupo (vgr_fecha,vgr_grupo,vgr_cantidad,vgr_total) VALUES (@@@2013.06.22@@@,24,93,24740)','',2,'2013-06-24'),(30176,'INSERT INTO com_ventas_grupo (vgr_fecha,vgr_grupo,vgr_cantidad,vgr_total) VALUES (@@@2013.06.22@@@,25,91,144500)','',2,'2013-06-24'),(30177,'INSERT INTO com_ventas_grupo (vgr_fecha,vgr_grupo,vgr_cantidad,vgr_total) VALUES (@@@2013.06.22@@@,31,11,7810)','',2,'2013-06-24'),(30178,'INSERT INTO com_ventas_grupo (vgr_fecha,vgr_grupo,vgr_cantidad,vgr_total) VALUES (@@@2013.06.22@@@,32,333,109589)','',2,'2013-06-24'),(30179,'INSERT INTO com_ventas_grupo (vgr_fecha,vgr_grupo,vgr_cantidad,vgr_total) VALUES (@@@2013.06.22@@@,34,2,2400)','',2,'2013-06-24'),(30180,'INSERT INTO com_ventas_grupo (vgr_fecha,vgr_grupo,vgr_cantidad,vgr_total) VALUES (@@@2013.06.22@@@,35,13,16775)','',2,'2013-06-24'),(30181,'INSERT INTO com_ventas_grupo (vgr_fecha,vgr_grupo,vgr_cantidad,vgr_total) VALUES (@@@2013.06.22@@@,36,13,1830)','',2,'2013-06-24'),(30182,'INSERT INTO com_ventas_grupo (vgr_fecha,vgr_grupo,vgr_cantidad,vgr_total) VALUES (@@@2013.06.22@@@,37,4,6080)','',2,'2013-06-24'),(30183,'INSERT INTO com_ventas_grupo (vgr_fecha,vgr_grupo,vgr_cantidad,vgr_total) VALUES (@@@2013.06.22@@@,38,6,14140)','',2,'2013-06-24'),(30184,'INSERT INTO com_ventas_grupo (vgr_fecha,vgr_grupo,vgr_cantidad,vgr_total) VALUES (@@@2013.06.22@@@,39,3,6580)','',2,'2013-06-24'),(30185,'INSERT INTO com_ventas_grupo (vgr_fecha,vgr_grupo,vgr_cantidad,vgr_total) VALUES (@@@2013.06.22@@@,40,63551,63551)','',2,'2013-06-24'),(30186,'INSERT INTO com_ventas_grupo (vgr_fecha,vgr_grupo,vgr_cantidad,vgr_total) VALUES (@@@2013.06.22@@@,41,4,720)','',2,'2013-06-24'),(30187,'INSERT INTO com_ventas_grupo (vgr_fecha,vgr_grupo,vgr_cantidad,vgr_total) VALUES (@@@2013.06.22@@@,42,36.4,20983)','',2,'2013-06-24'),(30188,'UPDATE mae_datos_empresa SET emp_oferta=@@@NO@@@','',2,'2013-06-24'),(30189,'INSERT INTO com_ventas_grupo (vgr_fecha,vgr_grupo,vgr_cantidad,vgr_total) VALUES (@@@2013.06.23@@@,1,165.915,160353)','',2,'2013-06-24'),(30190,'INSERT INTO com_ventas_grupo (vgr_fecha,vgr_grupo,vgr_cantidad,vgr_total) VALUES (@@@2013.06.23@@@,2,151.215,85977)','',2,'2013-06-24'),(30191,'INSERT INTO com_ventas_grupo (vgr_fecha,vgr_grupo,vgr_cantidad,vgr_total) VALUES (@@@2013.06.23@@@,3,389,80241)','',2,'2013-06-24'),(30192,'INSERT INTO com_ventas_grupo (vgr_fecha,vgr_grupo,vgr_cantidad,vgr_total) VALUES (@@@2013.06.23@@@,4,108,93959)','',2,'2013-06-24'),(30193,'INSERT INTO com_ventas_grupo (vgr_fecha,vgr_grupo,vgr_cantidad,vgr_total) VALUES (@@@2013.06.23@@@,5,5,16350)','',2,'2013-06-24'),(30194,'INSERT INTO com_ventas_grupo (vgr_fecha,vgr_grupo,vgr_cantidad,vgr_total) VALUES (@@@2013.06.23@@@,6,39,68690)','',2,'2013-06-24'),(30195,'INSERT INTO com_ventas_grupo (vgr_fecha,vgr_grupo,vgr_cantidad,vgr_total) VALUES (@@@2013.06.23@@@,7,81,116204)','',2,'2013-06-24'),(30196,'INSERT INTO com_ventas_grupo (vgr_fecha,vgr_grupo,vgr_cantidad,vgr_total) VALUES (@@@2013.06.23@@@,8,44,25260)','',2,'2013-06-24'),(30197,'INSERT INTO com_ventas_grupo (vgr_fecha,vgr_grupo,vgr_cantidad,vgr_total) VALUES (@@@2013.06.23@@@,9,146.855,250118)','',2,'2013-06-24'),(30198,'INSERT INTO com_ventas_grupo (vgr_fecha,vgr_grupo,vgr_cantidad,vgr_total) VALUES (@@@2013.06.23@@@,10,48.431,158404)','',2,'2013-06-24'),(30199,'INSERT INTO com_ventas_grupo (vgr_fecha,vgr_grupo,vgr_cantidad,vgr_total) VALUES (@@@2013.06.23@@@,11,45.47,127570)','',2,'2013-06-24'),(30200,'INSERT INTO com_ventas_grupo (vgr_fecha,vgr_grupo,vgr_cantidad,vgr_total) VALUES (@@@2013.06.23@@@,12,35.235,56306)','',2,'2013-06-24'),(30201,'INSERT INTO com_ventas_grupo (vgr_fecha,vgr_grupo,vgr_cantidad,vgr_total) VALUES (@@@2013.06.23@@@,13,10.34,29596)','',2,'2013-06-24'),(30202,'INSERT INTO com_ventas_grupo (vgr_fecha,vgr_grupo,vgr_cantidad,vgr_total) VALUES (@@@2013.06.23@@@,14,115.335,104161)','',2,'2013-06-24'),(30203,'INSERT INTO com_ventas_grupo (vgr_fecha,vgr_grupo,vgr_cantidad,vgr_total) VALUES (@@@2013.06.23@@@,15,1,1990)','',2,'2013-06-24'),(30204,'INSERT INTO com_ventas_grupo (vgr_fecha,vgr_grupo,vgr_cantidad,vgr_total) VALUES (@@@2013.06.23@@@,16,1,170)','',2,'2013-06-24'),(30205,'INSERT INTO com_ventas_grupo (vgr_fecha,vgr_grupo,vgr_cantidad,vgr_total) VALUES (@@@2013.06.23@@@,18,162.649,98099)','',2,'2013-06-24'),(30206,'INSERT INTO com_ventas_grupo (vgr_fecha,vgr_grupo,vgr_cantidad,vgr_total) VALUES (@@@2013.06.23@@@,20,67.655,26003)','',2,'2013-06-24'),(30207,'INSERT INTO com_ventas_grupo (vgr_fecha,vgr_grupo,vgr_cantidad,vgr_total) VALUES (@@@2013.06.23@@@,21,55,32410)','',2,'2013-06-24'),(30208,'INSERT INTO com_ventas_grupo (vgr_fecha,vgr_grupo,vgr_cantidad,vgr_total) VALUES (@@@2013.06.23@@@,23,2,5980)','',2,'2013-06-24'),(30209,'INSERT INTO com_ventas_grupo (vgr_fecha,vgr_grupo,vgr_cantidad,vgr_total) VALUES (@@@2013.06.23@@@,24,143,31684)','',2,'2013-06-24'),(30210,'INSERT INTO com_ventas_grupo (vgr_fecha,vgr_grupo,vgr_cantidad,vgr_total) VALUES (@@@2013.06.23@@@,25,69,104900)','',2,'2013-06-24'),(30211,'INSERT INTO com_ventas_grupo (vgr_fecha,vgr_grupo,vgr_cantidad,vgr_total) VALUES (@@@2013.06.23@@@,31,7,8220)','',2,'2013-06-24'),(30212,'INSERT INTO com_ventas_grupo (vgr_fecha,vgr_grupo,vgr_cantidad,vgr_total) VALUES (@@@2013.06.23@@@,32,319,94809)','',2,'2013-06-24'),(30213,'INSERT INTO com_ventas_grupo (vgr_fecha,vgr_grupo,vgr_cantidad,vgr_total) VALUES (@@@2013.06.23@@@,34,2,2400)','',2,'2013-06-24'),(30214,'INSERT INTO com_ventas_grupo (vgr_fecha,vgr_grupo,vgr_cantidad,vgr_total) VALUES (@@@2013.06.23@@@,35,12,19280)','',2,'2013-06-24'),(30215,'INSERT INTO com_ventas_grupo (vgr_fecha,vgr_grupo,vgr_cantidad,vgr_total) VALUES (@@@2013.06.23@@@,36,15,2820)','',2,'2013-06-24'),(30216,'INSERT INTO com_ventas_grupo (vgr_fecha,vgr_grupo,vgr_cantidad,vgr_total) VALUES (@@@2013.06.23@@@,38,5,8850)','',2,'2013-06-24'),(30217,'INSERT INTO com_ventas_grupo (vgr_fecha,vgr_grupo,vgr_cantidad,vgr_total) VALUES (@@@2013.06.23@@@,39,8,11150)','',2,'2013-06-24'),(30218,'INSERT INTO com_ventas_grupo (vgr_fecha,vgr_grupo,vgr_cantidad,vgr_total) VALUES (@@@2013.06.23@@@,40,50434,50434)','',2,'2013-06-24'),(30219,'INSERT INTO com_ventas_grupo (vgr_fecha,vgr_grupo,vgr_cantidad,vgr_total) VALUES (@@@2013.06.23@@@,41,3,740)','',2,'2013-06-24'),(30220,'INSERT INTO com_ventas_grupo (vgr_fecha,vgr_grupo,vgr_cantidad,vgr_total) VALUES (@@@2013.06.23@@@,42,13.23,13119)','',2,'2013-06-24'),(30221,'UPDATE mae_datos_empresa SET emp_oferta=@@@NO@@@','',2,'2013-06-24'),(30222,'INSERT INTO mae_productos (pro_codigo_plu,pro_codigo_barra,pro_tipo,pro_nombre_producto,pro_nombre_corto,med_id,emb_id,pro_unidades_embalaje,dep_id,lin_id,mar_id,pro_precio_compra_neto,pro_precio_compra_bruto,pro_precio_venta,pro_margen_actual,pro_oferta,pro_fecha_inicio_oferta,pro_fecha_termino_oferta,pro_precio_oferta,pro_stock_minimo,pro_stock_critico,pro_entradas_bodega,pro_salidas_bodega,pro_mermas_bodega,pro_ajustes_bodega,pro_entradas_sv,pro_salidas_sv,pro_mermas_sv,pro_ajustes_sv,pro_activo,rec_numero,pro_unidad,pro_capacidad,pro_consumo_bodega,pro_consumo_sv,pro_estado,pro_funcion_plu,pro_flejes,pro_iva,pro_plu_asociado,pro_envase,pro_duracion,pro_numero_etiqueta) VALUES (780721236,@@@47@@@,@@@0@@@,@@@CAZUELA COSTILLA OFERTA@@@,@@@CAZUELA COSTILLA@@@,@@@2 @@@,@@@3 @@@,@@@0@@@,@@@10 @@@,@@@68@@@,@@@2433@@@,@@@0@@@,@@@0@@@,@@@1990@@@,@@@0@@@,@@@@@@,@@@2013.06.24@@@,@@@2013.06.24@@@,@@@0@@@,@@@0@@@,@@@0@@@,@@@0@@@,@@@0@@@,@@@0@@@,@@@0@@@,@@@0@@@,@@@0@@@,@@@0@@@,@@@0@@@,@@@1@@@,@@@0@@@,0,1,0,0,2,0,1,1,0,@@@NO@@@,0,0)','',2,'2013-06-24'),(30223,'DELETE FROM mae_impuestos_productos WHERE pro_codigo_plu=@@@780721236@@@','',2,'2013-06-24'),(30224,'UPDATE mae_productos SET pro_margen_actual=0,pro_precio_venta=1990 WHERE pro_codigo_plu=780721236','',2,'2013-06-24'),(30225,'UPDATE mae_productos SET pro_precio_fiscal=pro_precio_venta WHERE pro_codigo_plu=780721236','',2,'2013-06-24'),(30226,'INSERT INTO mae_productos (pro_codigo_plu,pro_codigo_barra,pro_tipo,pro_nombre_producto,pro_nombre_corto,med_id,emb_id,pro_unidades_embalaje,dep_id,lin_id,mar_id,pro_precio_compra_neto,pro_precio_compra_bruto,pro_precio_venta,pro_margen_actual,pro_oferta,pro_fecha_inicio_oferta,pro_fecha_termino_oferta,pro_precio_oferta,pro_stock_minimo,pro_stock_critico,pro_entradas_bodega,pro_salidas_bodega,pro_mermas_bodega,pro_ajustes_bodega,pro_entradas_sv,pro_salidas_sv,pro_mermas_sv,pro_ajustes_sv,pro_activo,rec_numero,pro_unidad,pro_capacidad,pro_consumo_bodega,pro_consumo_sv,pro_estado,pro_funcion_plu,pro_flejes,pro_iva,pro_plu_asociado,pro_envase,pro_duracion,pro_numero_etiqueta) VALUES (780721237,@@@7802225640770@@@,@@@0@@@,@@@GALLETA BON BON 95G@@@,@@@GALLETA BON BON @@@,@@@5 @@@,@@@3 @@@,@@@0@@@,@@@32 @@@,@@@161@@@,@@@2105@@@,@@@0@@@,@@@0@@@,@@@640@@@,@@@0@@@,@@@@@@,@@@2013.06.24@@@,@@@2013.06.24@@@,@@@0@@@,@@@0@@@,@@@0@@@,@@@0@@@,@@@0@@@,@@@0@@@,@@@0@@@,@@@0@@@,@@@0@@@,@@@0@@@,@@@0@@@,@@@1@@@,@@@0@@@,0,95,0,0,2,0,1,1,0,@@@NO@@@,0,0)','',2,'2013-06-24'),(30227,'DELETE FROM mae_impuestos_productos WHERE pro_codigo_plu=@@@780721237@@@','',2,'2013-06-24'),(30228,'UPDATE mae_productos SET pro_precio_fiscal=pro_precio_venta WHERE pro_codigo_plu=780721237','',2,'2013-06-24'),(30229,'UPDATE mae_productos SET pro_margen_actual=0,pro_precio_venta=1990 WHERE pro_codigo_plu=780721236','',2,'2013-06-24'),(30230,'INSERT INTO gne_vale_ferreteria (vfe_id,vfe_fecha,vfe_total,vfe_estado,vfe_entregado,usu_nusuario) VALUES (3425,@@@2013.06.24@@@,1890,1,0,@@@S_BIZAMA@@@)','',2,'2013-06-24'),(30231,'INSERT INTO gne_vale_ferreteria_mov (vfe_id,pro_codigo_plu,vfm_cantidad,vfm_unitario,vfm_total,vfm_entregado) VALUES (3425,101844,1,1890,1890,@@@NO@@@)','',2,'2013-06-24'),(30232,'INSERT INTO gne_vale_ferreteria (vfe_id,vfe_fecha,vfe_total,vfe_estado,vfe_entregado,usu_nusuario) VALUES (3426,@@@2013.06.24@@@,1890,1,0,@@@S_BIZAMA@@@)','',2,'2013-06-24'),(30233,'INSERT INTO gne_vale_ferreteria_mov (vfe_id,pro_codigo_plu,vfm_cantidad,vfm_unitario,vfm_total,vfm_entregado) VALUES (3426,101844,1,1890,1890,@@@NO@@@)','',2,'2013-06-24'),(30234,'INSERT INTO gne_vale_ferreteria (vfe_id,vfe_fecha,vfe_total,vfe_estado,vfe_entregado,usu_nusuario) VALUES (3427,@@@2013.06.24@@@,3290,1,0,@@@S_BIZAMA@@@)','',2,'2013-06-24'),(30235,'INSERT INTO gne_vale_ferreteria_mov (vfe_id,pro_codigo_plu,vfm_cantidad,vfm_unitario,vfm_total,vfm_entregado) VALUES (3427,4067,1,3290,3290,@@@NO@@@)','',2,'2013-06-24'),(30236,'UPDATE mae_productos SET pro_precio_compra_bruto=1215,pro_margen_actual=(pro_precio_venta-1215)/1215 * 100,pro_ultima_compra=@@@2013.06.24@@@,pro_ultimo_proveedor=@@@88502900-0@@@ WHERE pro_codigo_plu=764102','',2,'2013-06-24'),(30237,'UPDATE mae_productos SET pro_precio_compra_bruto=2244,pro_margen_actual=(pro_precio_venta-2244)/2244 * 100,pro_ultima_compra=@@@2013.06.24@@@,pro_ultimo_proveedor=@@@88502900-0@@@ WHERE pro_codigo_plu=21175','',2,'2013-06-24'),(30238,'UPDATE mae_productos SET pro_precio_compra_bruto=2431,pro_margen_actual=(pro_precio_venta-2431)/2431 * 100,pro_ultima_compra=@@@2013.06.24@@@,pro_ultimo_proveedor=@@@88502900-0@@@ WHERE pro_codigo_plu=764429','',2,'2013-06-24'),(30239,'UPDATE mae_productos SET pro_precio_compra_bruto=2431,pro_margen_actual=(pro_precio_venta-2431)/2431 * 100,pro_ultima_compra=@@@2013.06.24@@@,pro_ultimo_proveedor=@@@88502900-0@@@ WHERE pro_codigo_plu=78017052','',2,'2013-06-24'),(30240,'UPDATE mae_productos SET pro_precio_compra_bruto=1215,pro_margen_actual=(pro_precio_venta-1215)/1215 * 100,pro_ultima_compra=@@@2013.06.24@@@,pro_ultimo_proveedor=@@@88502900-0@@@ WHERE pro_codigo_plu=764107','',2,'2013-06-24'),(30241,'UPDATE mae_productos SET pro_precio_compra_bruto=1235,pro_margen_actual=(pro_precio_venta-1235)/1235 * 100,pro_ultima_compra=@@@2013.06.24@@@,pro_ultimo_proveedor=@@@88502900-0@@@ WHERE pro_codigo_plu=78017159','',2,'2013-06-24'),(30242,'UPDATE mae_productos SET pro_precio_compra_bruto=2270,pro_margen_actual=(pro_precio_venta-2270)/2270 * 100,pro_ultima_compra=@@@2013.06.24@@@,pro_ultimo_proveedor=@@@88502900-0@@@ WHERE pro_codigo_plu=21193','',2,'2013-06-24'),(30243,'UPDATE mae_productos SET pro_precio_compra_bruto=2081,pro_margen_actual=(pro_precio_venta-2081)/2081 * 100,pro_ultima_compra=@@@2013.06.24@@@,pro_ultimo_proveedor=@@@88502900-0@@@ WHERE pro_codigo_plu=21197','',2,'2013-06-24'),(30244,'UPDATE mae_productos SET pro_precio_compra_bruto=1136,pro_margen_actual=(pro_precio_venta-1136)/1136 * 100,pro_ultima_compra=@@@2013.06.02@@@,pro_ultimo_proveedor=@@@88502900-0@@@ WHERE pro_codigo_plu=21194','',2,'2013-06-24'),(30245,'UPDATE mae_productos SET pro_precio_compra_bruto=2272,pro_margen_actual=(pro_precio_venta-2272)/2272 * 100,pro_ultima_compra=@@@2013.06.02@@@,pro_ultimo_proveedor=@@@88502900-0@@@ WHERE pro_codigo_plu=764428','',2,'2013-06-24'),(30246,'UPDATE mae_productos SET pro_precio_compra_bruto=2083,pro_margen_actual=(pro_precio_venta-2083)/2083 * 100,pro_ultima_compra=@@@2013.06.02@@@,pro_ultimo_proveedor=@@@88502900-0@@@ WHERE pro_codigo_plu=21202','',2,'2013-06-24'),(30247,'UPDATE mae_productos SET pro_precio_compra_bruto=2083,pro_margen_actual=(pro_precio_venta-2083)/2083 * 100,pro_ultima_compra=@@@2013.06.02@@@,pro_ultimo_proveedor=@@@88502900-0@@@ WHERE pro_codigo_plu=21198','',2,'2013-06-24'),(30248,'UPDATE mae_productos SET pro_precio_compra_bruto=2427,pro_margen_actual=(pro_precio_venta-2427)/2427 * 100,pro_ultima_compra=@@@2013.06.02@@@,pro_ultimo_proveedor=@@@88502900-0@@@ WHERE pro_codigo_plu=763451','',2,'2013-06-24'),(30249,'UPDATE mae_productos SET pro_precio_compra_bruto=1214,pro_margen_actual=(pro_precio_venta-1214)/1214 * 100,pro_ultima_compra=@@@2013.06.02@@@,pro_ultimo_proveedor=@@@88502900-0@@@ WHERE pro_codigo_plu=764112','',2,'2013-06-24'),(30250,'UPDATE mae_productos SET pro_precio_compra_bruto=2427,pro_margen_actual=(pro_precio_venta-2427)/2427 * 100,pro_ultima_compra=@@@2013.06.02@@@,pro_ultimo_proveedor=@@@88502900-0@@@ WHERE pro_codigo_plu=21186','',2,'2013-06-24'),(30251,'UPDATE mae_productos SET pro_precio_compra_bruto=2334,pro_margen_actual=(pro_precio_venta-2334)/2334 * 100,pro_ultima_compra=@@@2013.06.02@@@,pro_ultimo_proveedor=@@@88502900-0@@@ WHERE pro_codigo_plu=764103','',2,'2013-06-24'),(30252,'UPDATE mae_productos SET pro_precio_compra_bruto=2241,pro_margen_actual=(pro_precio_venta-2241)/2241 * 100,pro_ultima_compra=@@@2013.06.02@@@,pro_ultimo_proveedor=@@@88502900-0@@@ WHERE pro_codigo_plu=21176','',2,'2013-06-24'),(30253,'UPDATE mae_productos SET pro_precio_compra_bruto=849,pro_margen_actual=(pro_precio_venta-849)/849 * 100,pro_ultima_compra=@@@2013.06.02@@@,pro_ultimo_proveedor=@@@88502900-0@@@ WHERE pro_codigo_plu=78017087','',2,'2013-06-24'),(30254,'UPDATE mae_productos SET pro_precio_compra_bruto=944,pro_margen_actual=(pro_precio_venta-944)/944 * 100,pro_ultima_compra=@@@2013.06.02@@@,pro_ultimo_proveedor=@@@88502900-0@@@ WHERE pro_codigo_plu=764108','',2,'2013-06-24'),(30255,'UPDATE mae_productos SET pro_precio_compra_bruto=944,pro_margen_actual=(pro_precio_venta-944)/944 * 100,pro_ultima_compra=@@@2013.06.02@@@,pro_ultimo_proveedor=@@@88502900-0@@@ WHERE pro_codigo_plu=764116','',2,'2013-06-24'),(30256,'UPDATE mae_productos SET pro_precio_compra_bruto=1698,pro_margen_actual=(pro_precio_venta-1698)/1698 * 100,pro_ultima_compra=@@@2013.06.02@@@,pro_ultimo_proveedor=@@@88502900-0@@@ WHERE pro_codigo_plu=764111','',2,'2013-06-24'),(30257,'UPDATE mae_productos SET pro_precio_compra_bruto=1415,pro_margen_actual=(pro_precio_venta-1415)/1415 * 100,pro_ultima_compra=@@@2013.06.02@@@,pro_ultimo_proveedor=@@@88502900-0@@@ WHERE pro_codigo_plu=764106','',2,'2013-06-24'),(30258,'UPDATE mae_productos SET pro_precio_compra_bruto=1415,pro_margen_actual=(pro_precio_venta-1415)/1415 * 100,pro_ultima_compra=@@@2013.06.02@@@,pro_ultimo_proveedor=@@@88502900-0@@@ WHERE pro_codigo_plu=21207','',2,'2013-06-24'),(30259,'UPDATE mae_productos SET pro_precio_compra_bruto=849,pro_margen_actual=(pro_precio_venta-849)/849 * 100,pro_ultima_compra=@@@2013.06.02@@@,pro_ultimo_proveedor=@@@88502900-0@@@ WHERE pro_codigo_plu=764104','',2,'2013-06-24'),(30260,'UPDATE mae_productos SET pro_precio_compra_bruto=1215,pro_margen_actual=(pro_precio_venta-1215)/1215 * 100,pro_ultima_compra=@@@2013.06.02@@@,pro_ultimo_proveedor=@@@88502900-0@@@ WHERE pro_codigo_plu=763450','',2,'2013-06-24'),(30261,'UPDATE mae_productos SET pro_margen_actual=0,pro_precio_venta=450 WHERE pro_codigo_plu=18479','',2,'2013-06-24'),(30262,'UPDATE mae_productos SET pro_margen_actual=0,pro_precio_venta=1350 WHERE pro_codigo_plu=101582','',2,'2013-06-24'),(30263,'UPDATE mae_productos SET pro_precio_fiscal=pro_precio_venta WHERE pro_codigo_plu=18479','',2,'2013-06-24'),(30264,'UPDATE mae_productos SET pro_precio_fiscal=pro_precio_venta WHERE pro_codigo_plu=101582','',2,'2013-06-24'),(30265,'UPDATE mae_productos SET pro_margen_actual=0,pro_precio_venta=1290 WHERE pro_codigo_plu=761917','',2,'2013-06-24'),(30266,'UPDATE mae_productos SET pro_precio_fiscal=pro_precio_venta WHERE pro_codigo_plu=761917','',2,'2013-06-24'),(30267,'INSERT INTO gne_vale_ferreteria (vfe_id,vfe_fecha,vfe_total,vfe_estado,vfe_entregado,usu_nusuario) VALUES (3428,@@@2013.06.24@@@,350,1,0,@@@S_BIZAMA@@@)','',2,'2013-06-24'),(30268,'INSERT INTO gne_vale_ferreteria_mov (vfe_id,pro_codigo_plu,vfm_cantidad,vfm_unitario,vfm_total,vfm_entregado) VALUES (3428,770080,1,350,350,@@@NO@@@)','',2,'2013-06-24'),(30269,'INSERT INTO gne_vale_ferreteria (vfe_id,vfe_fecha,vfe_total,vfe_estado,vfe_entregado,usu_nusuario) VALUES (3429,@@@2013.06.24@@@,490,1,0,@@@S_BIZAMA@@@)','',2,'2013-06-24'),(30270,'INSERT INTO gne_vale_ferreteria_mov (vfe_id,pro_codigo_plu,vfm_cantidad,vfm_unitario,vfm_total,vfm_entregado) VALUES (3429,1538,1,490,490,@@@NO@@@)','',2,'2013-06-24'),(30271,'UPDATE mae_productos SET pro_codigo_barra=@@@78000001@@@,pro_tipo=@@@0@@@,pro_nombre_producto=@@@BARCLAY BOX  20@@@,pro_nombre_corto=@@@BARCLAY BOX  20@@@,med_id=@@@1@@@,emb_id=@@@4@@@,pro_unidades_embalaje=@@@10@@@,dep_id=@@@25 @@@,lin_id=@@@141@@@,mar_id=@@@1820@@@,pro_precio_compra_neto=@@@0@@@,pro_precio_compra_bruto=@@@0@@@,pro_precio_venta=@@@1@@@,pro_margen_actual=@@@0@@@,pro_oferta=@@@NO@@@,pro_fecha_inicio_oferta=@@@1900.01.01@@@,pro_fecha_termino_oferta=@@@1900.01.01@@@,pro_precio_oferta=@@@0@@@,pro_stock_minimo=@@@0@@@,pro_stock_critico=@@@0@@@,pro_activo=@@@0@@@,pro_unidad=@@@0@@@,pro_precio_compra_bruto=0,pro_margen_actual=0,pro_capacidad=1,pro_funcion_plu=0,pro_flejes=1,pro_iva=0,pro_plu_asociado=0,pro_envase=@@@NO@@@,pro_duracion=0,pro_numero_etiqueta=0 WHERE pro_codigo_plu=@@@21203@@@','',2,'2013-06-24'),(30272,'UPDATE mae_productos SET pro_estado=1 WHERE pro_codigo_plu=21203','',2,'2013-06-24'),(30273,'DELETE FROM mae_impuestos_productos WHERE pro_codigo_plu=@@@21203@@@','',2,'2013-06-24'),(30274,'INSERT INTO gne_vale_ferreteria (vfe_id,vfe_fecha,vfe_total,vfe_estado,vfe_entregado,usu_nusuario) VALUES (3430,@@@2013.06.24@@@,2770,1,0,@@@S_BIZAMA@@@)','',2,'2013-06-24'),(30275,'INSERT INTO gne_vale_ferreteria_mov (vfe_id,pro_codigo_plu,vfm_cantidad,vfm_unitario,vfm_total,vfm_entregado) VALUES (3430,764779,1,990,990,@@@NO@@@)','',2,'2013-06-24'),(30276,'INSERT INTO gne_vale_ferreteria_mov (vfe_id,pro_codigo_plu,vfm_cantidad,vfm_unitario,vfm_total,vfm_entregado) VALUES (3430,764748,1,1290,1290,@@@NO@@@)','',2,'2013-06-24'),(30277,'INSERT INTO gne_vale_ferreteria_mov (vfe_id,pro_codigo_plu,vfm_cantidad,vfm_unitario,vfm_total,vfm_entregado) VALUES (3430,764529,1,490,490,@@@NO@@@)','',2,'2013-06-24'),(30278,'INSERT INTO mae_productos (pro_codigo_plu,pro_codigo_barra,pro_tipo,pro_nombre_producto,pro_nombre_corto,med_id,emb_id,pro_unidades_embalaje,dep_id,lin_id,mar_id,pro_precio_compra_neto,pro_precio_compra_bruto,pro_precio_venta,pro_margen_actual,pro_oferta,pro_fecha_inicio_oferta,pro_fecha_termino_oferta,pro_precio_oferta,pro_stock_minimo,pro_stock_critico,pro_entradas_bodega,pro_salidas_bodega,pro_mermas_bodega,pro_ajustes_bodega,pro_entradas_sv,pro_salidas_sv,pro_mermas_sv,pro_ajustes_sv,pro_activo,rec_numero,pro_unidad,pro_capacidad,pro_consumo_bodega,pro_consumo_sv,pro_estado,pro_funcion_plu,pro_flejes,pro_iva,pro_plu_asociado,pro_envase,pro_duracion,pro_numero_etiqueta) VALUES (780721238,@@@7790040613706@@@,@@@0@@@,@@@ALFAJOR BON BON 40G@@@,@@@ALFAJOR BON BON @@@,@@@5 @@@,@@@3 @@@,@@@0@@@,@@@32 @@@,@@@161@@@,@@@2105@@@,@@@0@@@,@@@188@@@,@@@299@@@,@@@59.04@@@,@@@@@@,@@@2006.09.07@@@,@@@2006.09.07@@@,@@@0@@@,@@@15@@@,@@@5@@@,@@@0@@@,@@@0@@@,@@@0@@@,@@@0@@@,@@@0@@@,@@@0@@@,@@@0@@@,@@@0@@@,@@@1@@@,@@@0@@@,0,40,0,0,2,0,1,1,0,@@@NO@@@,0,0)','',2,'2013-06-24'),(30279,'DELETE FROM mae_impuestos_productos WHERE pro_codigo_plu=@@@780721238@@@','',2,'2013-06-24'),(30280,'UPDATE mae_productos SET pro_precio_venta=280,pro_margen_actual=48.94, pro_precio_compra_bruto=188, pro_precio_compra_neto=157.983193277311 WHERE pro_codigo_plu=780721238','',2,'2013-06-24'),(30281,'UPDATE mae_productos SET pro_precio_venta=649,pro_margen_actual=62.25, pro_precio_compra_bruto=400, pro_precio_compra_neto=336.134453781513 WHERE pro_codigo_plu=780721237','',2,'2013-06-24'),(30282,'UPDATE mae_productos SET pro_precio_fiscal=pro_precio_venta WHERE pro_codigo_plu=780721238','',2,'2013-06-24'),(30283,'UPDATE mae_productos SET pro_precio_fiscal=pro_precio_venta WHERE pro_codigo_plu=21203','',2,'2013-06-24'),(30284,'UPDATE mae_productos SET pro_precio_fiscal=pro_precio_venta WHERE pro_codigo_plu=780721237','',2,'2013-06-24'),(30285,'UPDATE mae_productos SET pro_margen_actual=0,pro_precio_venta=1190 WHERE pro_codigo_plu=13871','',2,'2013-06-24'),(30286,'UPDATE mae_productos SET pro_precio_fiscal=pro_precio_venta WHERE pro_codigo_plu=13871','',2,'2013-06-24'),(30287,'INSERT INTO gne_vale_ferreteria (vfe_id,vfe_fecha,vfe_total,vfe_estado,vfe_entregado,usu_nusuario) VALUES (3431,@@@2013.06.24@@@,1190,1,0,@@@admin@@@)','',2,'2013-06-24'),(30288,'INSERT INTO gne_vale_ferreteria_mov (vfe_id,pro_codigo_plu,vfm_cantidad,vfm_unitario,vfm_total,vfm_entregado) VALUES (3431,13871,1,1190,1190,@@@NO@@@)','',2,'2013-06-24'),(30289,'INSERT INTO gne_vale_ferreteria (vfe_id,vfe_fecha,vfe_total,vfe_estado,vfe_entregado,usu_nusuario) VALUES (3432,@@@2013.06.24@@@,120,1,0,@@@admin@@@)','',2,'2013-06-24'),(30290,'INSERT INTO gne_vale_ferreteria_mov (vfe_id,pro_codigo_plu,vfm_cantidad,vfm_unitario,vfm_total,vfm_entregado) VALUES (3432,8022,1,120,120,@@@NO@@@)','',2,'2013-06-24'),(30291,'INSERT INTO gne_vale_ferreteria (vfe_id,vfe_fecha,vfe_total,vfe_estado,vfe_entregado,usu_nusuario) VALUES (3433,@@@2013.06.24@@@,1790,1,0,@@@admin@@@)','',2,'2013-06-24'),(30292,'INSERT INTO gne_vale_ferreteria_mov (vfe_id,pro_codigo_plu,vfm_cantidad,vfm_unitario,vfm_total,vfm_entregado) VALUES (3433,780220151,1,1790,1790,@@@NO@@@)','',2,'2013-06-24'),(30293,'UPDATE mae_productos SET pro_precio_compra_bruto=188,pro_margen_actual=(pro_precio_venta-188)/188 * 100,pro_ultima_compra=@@@2013.06.24@@@,pro_ultimo_proveedor=@@@76005373-2@@@ WHERE pro_codigo_plu=780721238','',2,'2013-06-24'),(30294,'UPDATE mae_productos SET pro_precio_compra_bruto=400,pro_margen_actual=(pro_precio_venta-400)/400 * 100,pro_ultima_compra=@@@2013.06.24@@@,pro_ultimo_proveedor=@@@76005373-2@@@ WHERE pro_codigo_plu=780721237','',2,'2013-06-24'),(30295,'INSERT INTO gne_vale_ferreteria (vfe_id,vfe_fecha,vfe_total,vfe_estado,vfe_entregado,usu_nusuario) VALUES (3434,@@@2013.06.24@@@,890,1,0,@@@admin@@@)','',2,'2013-06-24'),(30296,'INSERT INTO gne_vale_ferreteria_mov (vfe_id,pro_codigo_plu,vfm_cantidad,vfm_unitario,vfm_total,vfm_entregado) VALUES (3434,764575,1,890,890,@@@NO@@@)','',2,'2013-06-24'),(30297,'INSERT INTO gne_vale_ferreteria (vfe_id,vfe_fecha,vfe_total,vfe_estado,vfe_entregado,usu_nusuario) VALUES (3435,@@@2013.06.24@@@,120,1,0,@@@admin@@@)','',2,'2013-06-24'),(30298,'INSERT INTO gne_vale_ferreteria_mov (vfe_id,pro_codigo_plu,vfm_cantidad,vfm_unitario,vfm_total,vfm_entregado) VALUES (3435,8022,1,120,120,@@@NO@@@)','',2,'2013-06-24'),(30299,'UPDATE mae_productos SET pro_precio_compra_bruto=738,pro_margen_actual=(pro_precio_venta-738)/738 * 100,pro_ultima_compra=@@@2013.06.24@@@,pro_ultimo_proveedor=@@@96565260-4@@@ WHERE pro_codigo_plu=763275','',2,'2013-06-24'),(30300,'UPDATE mae_productos SET pro_precio_compra_bruto=449,pro_margen_actual=(pro_precio_venta-449)/449 * 100,pro_ultima_compra=@@@2013.06.24@@@,pro_ultimo_proveedor=@@@96565260-4@@@ WHERE pro_codigo_plu=10775','',2,'2013-06-24'),(30301,'UPDATE mae_productos SET pro_precio_compra_bruto=449,pro_margen_actual=(pro_precio_venta-449)/449 * 100,pro_ultima_compra=@@@2013.06.24@@@,pro_ultimo_proveedor=@@@96565260-4@@@ WHERE pro_codigo_plu=10773','',2,'2013-06-24'),(30302,'UPDATE mae_productos SET pro_precio_compra_bruto=495,pro_margen_actual=(pro_precio_venta-495)/495 * 100,pro_ultima_compra=@@@2013.06.24@@@,pro_ultimo_proveedor=@@@96565260-4@@@ WHERE pro_codigo_plu=13658','',2,'2013-06-24'),(30303,'UPDATE mae_productos SET pro_precio_compra_bruto=307,pro_margen_actual=(pro_precio_venta-307)/307 * 100,pro_ultima_compra=@@@2013.06.24@@@,pro_ultimo_proveedor=@@@96565260-4@@@ WHERE pro_codigo_plu=13627','',2,'2013-06-24'),(30304,'UPDATE mae_productos SET pro_precio_compra_bruto=1680,pro_margen_actual=(pro_precio_venta-1680)/1680 * 100,pro_ultima_compra=@@@2013.06.24@@@,pro_ultimo_proveedor=@@@96565260-4@@@ WHERE pro_codigo_plu=12286','',2,'2013-06-24'),(30305,'UPDATE mae_productos SET pro_precio_compra_bruto=920,pro_margen_actual=(pro_precio_venta-920)/920 * 100,pro_ultima_compra=@@@2013.06.24@@@,pro_ultimo_proveedor=@@@96565260-4@@@ WHERE pro_codigo_plu=102653','',2,'2013-06-24'),(30306,'UPDATE mae_productos SET pro_codigo_barra=@@@7802640000142@@@,pro_tipo=@@@0@@@,pro_nombre_producto=@@@AJI J.B. CREMA SACHET 100 CC@@@,pro_nombre_corto=@@@AJI J.B. CREMA S@@@,med_id=@@@2@@@,emb_id=@@@2@@@,pro_unidades_embalaje=@@@18@@@,dep_id=@@@1 @@@,lin_id=@@@16@@@,mar_id=@@@1638@@@,pro_precio_compra_neto=@@@0@@@,pro_precio_compra_bruto=@@@0@@@,pro_precio_venta=@@@240@@@,pro_margen_actual=@@@0@@@,pro_oferta=@@@NO@@@,pro_fecha_inicio_oferta=@@@1900.01.01@@@,pro_fecha_termino_oferta=@@@1900.01.01@@@,pro_precio_oferta=@@@0@@@,pro_stock_minimo=@@@18@@@,pro_stock_critico=@@@9@@@,pro_activo=@@@1@@@,pro_unidad=@@@0@@@,pro_precio_compra_bruto=0,pro_margen_actual=0,pro_capacidad=1,pro_funcion_plu=0,pro_flejes=1,pro_iva=1,pro_plu_asociado=0,pro_envase=@@@NO@@@,pro_duracion=0,pro_numero_etiqueta=0 WHERE pro_codigo_plu=@@@11566@@@','',2,'2013-06-24'),(30307,'UPDATE mae_productos SET pro_estado=1 WHERE pro_codigo_plu=11566','',2,'2013-06-24'),(30308,'DELETE FROM mae_impuestos_productos WHERE pro_codigo_plu=@@@11566@@@','',2,'2013-06-24'),(30309,'UPDATE mae_productos SET pro_codigo_barra=@@@7802810045034@@@,pro_tipo=@@@0@@@,pro_nombre_producto=@@@KETCHUP WATTS SACHET 100 GRS@@@,pro_nombre_corto=@@@KETCHUP WATTS SA@@@,med_id=@@@5@@@,emb_id=@@@4@@@,pro_unidades_embalaje=@@@96@@@,dep_id=@@@1 @@@,lin_id=@@@16@@@,mar_id=@@@2070@@@,pro_precio_compra_neto=@@@0@@@,pro_precio_compra_bruto=@@@0@@@,pro_precio_venta=@@@240@@@,pro_margen_actual=@@@0@@@,pro_oferta=@@@NO@@@,pro_fecha_inicio_oferta=@@@1900.01.01@@@,pro_fecha_termino_oferta=@@@1900.01.01@@@,pro_precio_oferta=@@@0@@@,pro_stock_minimo=@@@96@@@,pro_stock_critico=@@@48@@@,pro_activo=@@@1@@@,pro_unidad=@@@0@@@,pro_precio_compra_bruto=0,pro_margen_actual=0,pro_capacidad=0.1,pro_funcion_plu=0,pro_flejes=1,pro_iva=1,pro_plu_asociado=0,pro_envase=@@@NO@@@,pro_duracion=0,pro_numero_etiqueta=0 WHERE pro_codigo_plu=@@@11554@@@','',2,'2013-06-24'),(30310,'UPDATE mae_productos SET pro_estado=1 WHERE pro_codigo_plu=11554','',2,'2013-06-24'),(30311,'DELETE FROM mae_impuestos_productos WHERE pro_codigo_plu=@@@11554@@@','',2,'2013-06-24'),(30312,'UPDATE mae_productos SET pro_codigo_barra=@@@7802640793471@@@,pro_tipo=@@@0@@@,pro_nombre_producto=@@@KETCHUP HELLMANNS 100 GRS.@@@,pro_nombre_corto=@@@KETCHUP HELLMANN@@@,med_id=@@@5@@@,emb_id=@@@4@@@,pro_unidades_embalaje=@@@18@@@,dep_id=@@@1 @@@,lin_id=@@@16@@@,mar_id=@@@570@@@,pro_precio_compra_neto=@@@0@@@,pro_precio_compra_bruto=@@@0@@@,pro_precio_venta=@@@330@@@,pro_margen_actual=@@@0@@@,pro_oferta=@@@NO@@@,pro_fecha_inicio_oferta=@@@1900.01.01@@@,pro_fecha_termino_oferta=@@@1900.01.01@@@,pro_precio_oferta=@@@0@@@,pro_stock_minimo=@@@18@@@,pro_stock_critico=@@@9@@@,pro_activo=@@@1@@@,pro_unidad=@@@0@@@,pro_precio_compra_bruto=0,pro_margen_actual=0,pro_capacidad=0.1,pro_funcion_plu=0,pro_flejes=1,pro_iva=1,pro_plu_asociado=0,pro_envase=@@@NO@@@,pro_duracion=0,pro_numero_etiqueta=0 WHERE pro_codigo_plu=@@@11587@@@','',2,'2013-06-24'),(30313,'UPDATE mae_productos SET pro_estado=1 WHERE pro_codigo_plu=11587','',2,'2013-06-24'),(30314,'DELETE FROM mae_impuestos_productos WHERE pro_codigo_plu=@@@11587@@@','',2,'2013-06-24'),(30315,'UPDATE mae_productos SET pro_codigo_barra=@@@7802640793471@@@,pro_tipo=@@@0@@@,pro_nombre_producto=@@@KETCHUP HELLMANNS 100 GRS.@@@,pro_nombre_corto=@@@KETCHUP HELLMANN@@@,med_id=@@@5@@@,emb_id=@@@4@@@,pro_unidades_embalaje=@@@18@@@,dep_id=@@@1 @@@,lin_id=@@@16@@@,mar_id=@@@570@@@,pro_precio_compra_neto=@@@0@@@,pro_precio_compra_bruto=@@@0@@@,pro_precio_venta=@@@320@@@,pro_margen_actual=@@@0@@@,pro_oferta=@@@NO@@@,pro_fecha_inicio_oferta=@@@1900.01.01@@@,pro_fecha_termino_oferta=@@@1900.01.01@@@,pro_precio_oferta=@@@0@@@,pro_stock_minimo=@@@18@@@,pro_stock_critico=@@@9@@@,pro_activo=@@@1@@@,pro_unidad=@@@0@@@,pro_precio_compra_bruto=0,pro_margen_actual=0,pro_capacidad=0.1,pro_funcion_plu=0,pro_flejes=1,pro_iva=1,pro_plu_asociado=0,pro_envase=@@@NO@@@,pro_duracion=0,pro_numero_etiqueta=0 WHERE pro_codigo_plu=@@@11587@@@','',2,'2013-06-24'),(30316,'UPDATE mae_productos SET pro_estado=1 WHERE pro_codigo_plu=11587','',2,'2013-06-24'),(30317,'DELETE FROM mae_impuestos_productos WHERE pro_codigo_plu=@@@11587@@@','',2,'2013-06-24'),(30318,'UPDATE mae_productos SET pro_precio_compra_bruto=230,pro_margen_actual=(pro_precio_venta-230)/230 * 100,pro_ultima_compra=@@@2013.06.24@@@,pro_ultimo_proveedor=@@@81788500-4@@@ WHERE pro_codigo_plu=11307','',2,'2013-06-24'),(30319,'UPDATE mae_productos SET pro_precio_compra_bruto=207,pro_margen_actual=(pro_precio_venta-207)/207 * 100,pro_ultima_compra=@@@2013.06.24@@@,pro_ultimo_proveedor=@@@81788500-4@@@ WHERE pro_codigo_plu=11543','',2,'2013-06-24'),(30320,'UPDATE mae_productos SET pro_precio_compra_bruto=181,pro_margen_actual=(pro_precio_venta-181)/181 * 100,pro_ultima_compra=@@@2013.06.24@@@,pro_ultimo_proveedor=@@@81788500-4@@@ WHERE pro_codigo_plu=11566','',2,'2013-06-24'),(30321,'UPDATE mae_productos SET pro_precio_compra_bruto=181,pro_margen_actual=(pro_precio_venta-181)/181 * 100,pro_ultima_compra=@@@2013.06.24@@@,pro_ultimo_proveedor=@@@81788500-4@@@ WHERE pro_codigo_plu=11554','',2,'2013-06-24'),(30322,'UPDATE mae_productos SET pro_precio_compra_bruto=194,pro_margen_actual=(pro_precio_venta-194)/194 * 100,pro_ultima_compra=@@@2013.06.24@@@,pro_ultimo_proveedor=@@@81788500-4@@@ WHERE pro_codigo_plu=11548','',2,'2013-06-24'),(30323,'UPDATE mae_productos SET pro_precio_compra_bruto=246,pro_margen_actual=(pro_precio_venta-246)/246 * 100,pro_ultima_compra=@@@2013.06.24@@@,pro_ultimo_proveedor=@@@81788500-4@@@ WHERE pro_codigo_plu=11587','',2,'2013-06-24'),(30324,'UPDATE mae_productos SET pro_precio_compra_bruto=496,pro_margen_actual=(pro_precio_venta-496)/496 * 100,pro_ultima_compra=@@@2013.06.24@@@,pro_ultimo_proveedor=@@@81788500-4@@@ WHERE pro_codigo_plu=14830','',2,'2013-06-24'),(30325,'UPDATE mae_productos SET pro_precio_compra_bruto=991,pro_margen_actual=(pro_precio_venta-991)/991 * 100,pro_ultima_compra=@@@2013.06.24@@@,pro_ultimo_proveedor=@@@81788500-4@@@ WHERE pro_codigo_plu=14813','',2,'2013-06-24'),(30326,'UPDATE mae_productos SET pro_precio_compra_bruto=757,pro_margen_actual=(pro_precio_venta-757)/757 * 100,pro_ultima_compra=@@@2013.06.24@@@,pro_ultimo_proveedor=@@@81788500-4@@@ WHERE pro_codigo_plu=20539','',2,'2013-06-24'),(30327,'UPDATE mae_productos SET pro_precio_compra_bruto=1162,pro_margen_actual=(pro_precio_venta-1162)/1162 * 100,pro_ultima_compra=@@@2013.06.24@@@,pro_ultimo_proveedor=@@@81788500-4@@@ WHERE pro_codigo_plu=12033','',2,'2013-06-24'),(30328,'UPDATE mae_productos SET pro_precio_compra_bruto=632,pro_margen_actual=(pro_precio_venta-632)/632 * 100,pro_ultima_compra=@@@2013.06.24@@@,pro_ultimo_proveedor=@@@81788500-4@@@ WHERE pro_codigo_plu=14276','',2,'2013-06-24'),(30329,'UPDATE mae_productos SET pro_precio_compra_bruto=1174,pro_margen_actual=(pro_precio_venta-1174)/1174 * 100,pro_ultima_compra=@@@2013.06.24@@@,pro_ultimo_proveedor=@@@81788500-4@@@ WHERE pro_codigo_plu=11642','',2,'2013-06-24'),(30330,'UPDATE mae_productos SET pro_precio_compra_bruto=573,pro_margen_actual=(pro_precio_venta-573)/573 * 100,pro_ultima_compra=@@@2013.06.24@@@,pro_ultimo_proveedor=@@@81788500-4@@@ WHERE pro_codigo_plu=763349','',2,'2013-06-24'),(30331,'UPDATE mae_productos SET pro_precio_compra_bruto=182,pro_margen_actual=(pro_precio_venta-182)/182 * 100,pro_ultima_compra=@@@2013.06.24@@@,pro_ultimo_proveedor=@@@81788500-4@@@ WHERE pro_codigo_plu=16346','',2,'2013-06-24'),(30332,'UPDATE mae_productos SET pro_precio_compra_bruto=751,pro_margen_actual=(pro_precio_venta-751)/751 * 100,pro_ultima_compra=@@@2013.06.24@@@,pro_ultimo_proveedor=@@@81788500-4@@@ WHERE pro_codigo_plu=101564','',2,'2013-06-24'),(30333,'UPDATE mae_productos SET pro_precio_fiscal=pro_precio_venta WHERE pro_codigo_plu=11566','',2,'2013-06-24'),(30334,'UPDATE mae_productos SET pro_precio_fiscal=pro_precio_venta WHERE pro_codigo_plu=11587','',2,'2013-06-24'),(30335,'UPDATE mae_productos SET pro_precio_fiscal=pro_precio_venta WHERE pro_codigo_plu=11554','',2,'2013-06-24'),(30336,'INSERT INTO gne_vale_ferreteria (vfe_id,vfe_fecha,vfe_total,vfe_estado,vfe_entregado,usu_nusuario) VALUES (3436,@@@2013.06.24@@@,880,1,0,@@@G_DIAZ@@@)','',2,'2013-06-24'),(30337,'INSERT INTO gne_vale_ferreteria_mov (vfe_id,pro_codigo_plu,vfm_cantidad,vfm_unitario,vfm_total,vfm_entregado) VALUES (3436,78017191,16,40,640,@@@NO@@@)','',2,'2013-06-24'),(30338,'INSERT INTO gne_vale_ferreteria_mov (vfe_id,pro_codigo_plu,vfm_cantidad,vfm_unitario,vfm_total,vfm_entregado) VALUES (3436,8022,2,120,240,@@@NO@@@)','',2,'2013-06-24'),(30339,'UPDATE mae_productos SET pro_codigo_barra=@@@78028159@@@,pro_tipo=@@@0@@@,pro_nombre_producto=@@@DERBY AZUL SC1@@@,pro_nombre_corto=@@@DERBY AZUL SC1@@@,med_id=@@@1@@@,emb_id=@@@4@@@,pro_unidades_embalaje=@@@20@@@,dep_id=@@@25 @@@,lin_id=@@@141@@@,mar_id=@@@971@@@,pro_precio_compra_neto=@@@0@@@,pro_precio_compra_bruto=@@@0@@@,pro_precio_venta=@@@1@@@,pro_margen_actual=@@@0@@@,pro_oferta=@@@NO@@@,pro_fecha_inicio_oferta=@@@1900.01.01@@@,pro_fecha_termino_oferta=@@@1900.01.01@@@,pro_precio_oferta=@@@0@@@,pro_stock_minimo=@@@0@@@,pro_stock_critico=@@@0@@@,pro_activo=@@@1@@@,pro_unidad=@@@0@@@,pro_precio_compra_bruto=0,pro_margen_actual=0,pro_capacidad=1,pro_funcion_plu=0,pro_flejes=1,pro_iva=0,pro_plu_asociado=0,pro_envase=@@@NO@@@,pro_duracion=0,pro_numero_etiqueta=0 WHERE pro_codigo_plu=@@@21188@@@','',2,'2013-06-24'),(30340,'UPDATE mae_productos SET pro_estado=1 WHERE pro_codigo_plu=21188','',2,'2013-06-24'),(30341,'DELETE FROM mae_impuestos_productos WHERE pro_codigo_plu=@@@21188@@@','',2,'2013-06-24'),(30342,'UPDATE mae_productos SET pro_codigo_barra=@@@78007659@@@,pro_tipo=@@@0@@@,pro_nombre_producto=@@@BELMONT ULTRA LIGHT X20@@@,pro_nombre_corto=@@@BELMONT ULTRA LI@@@,med_id=@@@1@@@,emb_id=@@@4@@@,pro_unidades_embalaje=@@@20@@@,dep_id=@@@25 @@@,lin_id=@@@141@@@,mar_id=@@@1918@@@,pro_precio_compra_neto=@@@0@@@,pro_precio_compra_bruto=@@@0@@@,pro_precio_venta=@@@1@@@,pro_margen_actual=@@@0@@@,pro_oferta=@@@NO@@@,pro_fecha_inicio_oferta=@@@1900.01.01@@@,pro_fecha_termino_oferta=@@@1900.01.01@@@,pro_precio_oferta=@@@0@@@,pro_stock_minimo=@@@0@@@,pro_stock_critico=@@@0@@@,pro_activo=@@@1@@@,pro_unidad=@@@0@@@,pro_precio_compra_bruto=0,pro_margen_actual=0,pro_capacidad=1,pro_funcion_plu=0,pro_flejes=1,pro_iva=0,pro_plu_asociado=0,pro_envase=@@@NO@@@,pro_duracion=0,pro_numero_etiqueta=0 WHERE pro_codigo_plu=@@@21208@@@','',2,'2013-06-24'),(30343,'UPDATE mae_productos SET pro_estado=1 WHERE pro_codigo_plu=21208','',2,'2013-06-24'),(30344,'DELETE FROM mae_impuestos_productos WHERE pro_codigo_plu=@@@21208@@@','',2,'2013-06-24'),(30345,'UPDATE mae_productos SET pro_codigo_barra=@@@78028159@@@,pro_tipo=@@@0@@@,pro_nombre_producto=@@@DERBY AZUL SC1@@@,pro_nombre_corto=@@@DERBY AZUL SC1@@@,med_id=@@@1@@@,emb_id=@@@4@@@,pro_unidades_embalaje=@@@20@@@,dep_id=@@@25 @@@,lin_id=@@@141@@@,mar_id=@@@971@@@,pro_precio_compra_neto=@@@0@@@,pro_precio_compra_bruto=@@@0@@@,pro_precio_venta=@@@1@@@,pro_margen_actual=@@@0@@@,pro_oferta=@@@NO@@@,pro_fecha_inicio_oferta=@@@1900.01.01@@@,pro_fecha_termino_oferta=@@@1900.01.01@@@,pro_precio_oferta=@@@0@@@,pro_stock_minimo=@@@0@@@,pro_stock_critico=@@@0@@@,pro_activo=@@@0@@@,pro_unidad=@@@0@@@,pro_precio_compra_bruto=0,pro_margen_actual=0,pro_capacidad=1,pro_funcion_plu=0,pro_flejes=1,pro_iva=0,pro_plu_asociado=0,pro_envase=@@@NO@@@,pro_duracion=0,pro_numero_etiqueta=0 WHERE pro_codigo_plu=@@@21188@@@','',2,'2013-06-24'),(30346,'UPDATE mae_productos SET pro_estado=1 WHERE pro_codigo_plu=21188','',2,'2013-06-24'),(30347,'DELETE FROM mae_impuestos_productos WHERE pro_codigo_plu=@@@21188@@@','',2,'2013-06-24'),(30348,'UPDATE mae_productos SET pro_codigo_barra=@@@78028135@@@,pro_tipo=@@@0@@@,pro_nombre_producto=@@@DERBY AZUL SC2@@@,pro_nombre_corto=@@@DERBY AZUL SC2@@@,med_id=@@@1@@@,emb_id=@@@4@@@,pro_unidades_embalaje=@@@10@@@,dep_id=@@@25 @@@,lin_id=@@@141@@@,mar_id=@@@971@@@,pro_precio_compra_neto=@@@0@@@,pro_precio_compra_bruto=@@@0@@@,pro_precio_venta=@@@1@@@,pro_margen_actual=@@@0@@@,pro_oferta=@@@NO@@@,pro_fecha_inicio_oferta=@@@1900.01.01@@@,pro_fecha_termino_oferta=@@@1900.01.01@@@,pro_precio_oferta=@@@0@@@,pro_stock_minimo=@@@0@@@,pro_stock_critico=@@@0@@@,pro_activo=@@@0@@@,pro_unidad=@@@0@@@,pro_precio_compra_bruto=0,pro_margen_actual=0,pro_capacidad=1,pro_funcion_plu=0,pro_flejes=1,pro_iva=0,pro_plu_asociado=0,pro_envase=@@@NO@@@,pro_duracion=0,pro_numero_etiqueta=0 WHERE pro_codigo_plu=@@@21189@@@','',2,'2013-06-24'),(30349,'UPDATE mae_productos SET pro_estado=1 WHERE pro_codigo_plu=21189','',2,'2013-06-24'),(30350,'DELETE FROM mae_impuestos_productos WHERE pro_codigo_plu=@@@21189@@@','',2,'2013-06-24'),(30351,'UPDATE mae_productos SET pro_codigo_barra=@@@78004931@@@,pro_tipo=@@@0@@@,pro_nombre_producto=@@@DERBY BOX AZUL 20@@@,pro_nombre_corto=@@@DERBY BOX AZUL 2@@@,med_id=@@@1@@@,emb_id=@@@4@@@,pro_unidades_embalaje=@@@1@@@,dep_id=@@@25 @@@,lin_id=@@@141@@@,mar_id=@@@133@@@,pro_precio_compra_neto=@@@0@@@,pro_precio_compra_bruto=@@@0@@@,pro_precio_venta=@@@10@@@,pro_margen_actual=@@@0@@@,pro_oferta=@@@NO@@@,pro_fecha_inicio_oferta=@@@1900.01.01@@@,pro_fecha_termino_oferta=@@@1900.01.01@@@,pro_precio_oferta=@@@0@@@,pro_stock_minimo=@@@0@@@,pro_stock_critico=@@@0@@@,pro_activo=@@@0@@@,pro_unidad=@@@0@@@,pro_precio_compra_bruto=0,pro_margen_actual=0,pro_capacidad=1,pro_funcion_plu=0,pro_flejes=1,pro_iva=0,pro_plu_asociado=0,pro_envase=@@@NO@@@,pro_duracion=0,pro_numero_etiqueta=0 WHERE pro_codigo_plu=@@@21192@@@','',2,'2013-06-24'),(30352,'UPDATE mae_productos SET pro_estado=1 WHERE pro_codigo_plu=21192','',2,'2013-06-24'),(30353,'DELETE FROM mae_impuestos_productos WHERE pro_codigo_plu=@@@21192@@@','',2,'2013-06-24'),(30354,'UPDATE mae_productos SET pro_codigo_barra=@@@78004924@@@,pro_tipo=@@@0@@@,pro_nombre_producto=@@@DERBY BOX ROJO 20@@@,pro_nombre_corto=@@@DERBY BOX ROJO 2@@@,med_id=@@@1@@@,emb_id=@@@4@@@,pro_unidades_embalaje=@@@10@@@,dep_id=@@@25 @@@,lin_id=@@@141@@@,mar_id=@@@971@@@,pro_precio_compra_neto=@@@0@@@,pro_precio_compra_bruto=@@@0@@@,pro_precio_venta=@@@1@@@,pro_margen_actual=@@@0@@@,pro_oferta=@@@NO@@@,pro_fecha_inicio_oferta=@@@1900.01.01@@@,pro_fecha_termino_oferta=@@@1900.01.01@@@,pro_precio_oferta=@@@0@@@,pro_stock_minimo=@@@0@@@,pro_stock_critico=@@@0@@@,pro_activo=@@@0@@@,pro_unidad=@@@0@@@,pro_precio_compra_bruto=0,pro_margen_actual=0,pro_capacidad=1,pro_funcion_plu=0,pro_flejes=1,pro_iva=0,pro_plu_asociado=0,pro_envase=@@@NO@@@,pro_duracion=0,pro_numero_etiqueta=0 WHERE pro_codigo_plu=@@@21191@@@','',2,'2013-06-24'),(30355,'UPDATE mae_productos SET pro_estado=1 WHERE pro_codigo_plu=21191','',2,'2013-06-24'),(30356,'DELETE FROM mae_impuestos_productos WHERE pro_codigo_plu=@@@21191@@@','',2,'2013-06-24'),(30357,'UPDATE mae_productos SET pro_codigo_barra=@@@78028142@@@,pro_tipo=@@@0@@@,pro_nombre_producto=@@@DERBY ROJO SC1@@@,pro_nombre_corto=@@@DERBY ROJO SC1@@@,med_id=@@@1@@@,emb_id=@@@4@@@,pro_unidades_embalaje=@@@1@@@,dep_id=@@@25 @@@,lin_id=@@@141@@@,mar_id=@@@133@@@,pro_precio_compra_neto=@@@0@@@,pro_precio_compra_bruto=@@@0@@@,pro_precio_venta=@@@1@@@,pro_margen_actual=@@@0@@@,pro_oferta=@@@NO@@@,pro_fecha_inicio_oferta=@@@1900.01.01@@@,pro_fecha_termino_oferta=@@@1900.01.01@@@,pro_precio_oferta=@@@0@@@,pro_stock_minimo=@@@0@@@,pro_stock_critico=@@@0@@@,pro_activo=@@@0@@@,pro_unidad=@@@0@@@,pro_precio_compra_bruto=0,pro_margen_actual=0,pro_capacidad=1,pro_funcion_plu=0,pro_flejes=1,pro_iva=0,pro_plu_asociado=0,pro_envase=@@@NO@@@,pro_duracion=0,pro_numero_etiqueta=0 WHERE pro_codigo_plu=@@@21187@@@','',2,'2013-06-24'),(30358,'UPDATE mae_productos SET pro_estado=1 WHERE pro_codigo_plu=21187','',2,'2013-06-24'),(30359,'DELETE FROM mae_impuestos_productos WHERE pro_codigo_plu=@@@21187@@@','',2,'2013-06-24'),(30360,'UPDATE mae_productos SET pro_codigo_barra=@@@78028128@@@,pro_tipo=@@@0@@@,pro_nombre_producto=@@@DERBY ROJO SC2@@@,pro_nombre_corto=@@@DERBY ROJO SC2@@@,med_id=@@@1@@@,emb_id=@@@4@@@,pro_unidades_embalaje=@@@1@@@,dep_id=@@@25 @@@,lin_id=@@@141@@@,mar_id=@@@971@@@,pro_precio_compra_neto=@@@0@@@,pro_precio_compra_bruto=@@@0@@@,pro_precio_venta=@@@1@@@,pro_margen_actual=@@@0@@@,pro_oferta=@@@NO@@@,pro_fecha_inicio_oferta=@@@1900.01.01@@@,pro_fecha_termino_oferta=@@@1900.01.01@@@,pro_precio_oferta=@@@0@@@,pro_stock_minimo=@@@0@@@,pro_stock_critico=@@@0@@@,pro_activo=@@@0@@@,pro_unidad=@@@0@@@,pro_precio_compra_bruto=0,pro_margen_actual=0,pro_capacidad=1,pro_funcion_plu=0,pro_flejes=1,pro_iva=0,pro_plu_asociado=0,pro_envase=@@@NO@@@,pro_duracion=0,pro_numero_etiqueta=0 WHERE pro_codigo_plu=@@@21190@@@','',2,'2013-06-24'),(30361,'UPDATE mae_productos SET pro_estado=1 WHERE pro_codigo_plu=21190','',2,'2013-06-24'),(30362,'DELETE FROM mae_impuestos_productos WHERE pro_codigo_plu=@@@21190@@@','',2,'2013-06-24'),(30363,'UPDATE mae_productos SET pro_codigo_barra=@@@78000629@@@,pro_tipo=@@@0@@@,pro_nombre_producto=@@@KENT SUPER LIGHT 20@@@,pro_nombre_corto=@@@KENT SUPER LIGHT@@@,med_id=@@@1@@@,emb_id=@@@4@@@,pro_unidades_embalaje=@@@10@@@,dep_id=@@@25 @@@,lin_id=@@@141@@@,mar_id=@@@1395@@@,pro_precio_compra_neto=@@@0@@@,pro_precio_compra_bruto=@@@0@@@,pro_precio_venta=@@@10@@@,pro_margen_actual=@@@0@@@,pro_oferta=@@@NO@@@,pro_fecha_inicio_oferta=@@@1900.01.01@@@,pro_fecha_termino_oferta=@@@1900.01.01@@@,pro_precio_oferta=@@@0@@@,pro_stock_minimo=@@@0@@@,pro_stock_critico=@@@0@@@,pro_activo=@@@0@@@,pro_unidad=@@@0@@@,pro_precio_compra_bruto=0,pro_margen_actual=0,pro_capacidad=1,pro_funcion_plu=0,pro_flejes=1,pro_iva=0,pro_plu_asociado=0,pro_envase=@@@NO@@@,pro_duracion=0,pro_numero_etiqueta=0 WHERE pro_codigo_plu=@@@21184@@@','',2,'2013-06-24'),(30364,'UPDATE mae_productos SET pro_estado=1 WHERE pro_codigo_plu=21184','',2,'2013-06-24'),(30365,'DELETE FROM mae_impuestos_productos WHERE pro_codigo_plu=@@@21184@@@','',2,'2013-06-24'),(30366,'UPDATE mae_productos SET pro_codigo_barra=@@@78005495@@@,pro_tipo=@@@0@@@,pro_nombre_producto=@@@L&M LIGHTS 10@@@,pro_nombre_corto=@@@L&M LIGHTS 10@@@,med_id=@@@1@@@,emb_id=@@@4@@@,pro_unidades_embalaje=@@@10@@@,dep_id=@@@25 @@@,lin_id=@@@141@@@,mar_id=@@@700@@@,pro_precio_compra_neto=@@@0@@@,pro_precio_compra_bruto=@@@0@@@,pro_precio_venta=@@@1@@@,pro_margen_actual=@@@0@@@,pro_oferta=@@@NO@@@,pro_fecha_inicio_oferta=@@@1900.01.01@@@,pro_fecha_termino_oferta=@@@1900.01.01@@@,pro_precio_oferta=@@@0@@@,pro_stock_minimo=@@@0@@@,pro_stock_critico=@@@0@@@,pro_activo=@@@0@@@,pro_unidad=@@@0@@@,pro_precio_compra_bruto=0,pro_margen_actual=0,pro_capacidad=1,pro_funcion_plu=0,pro_flejes=1,pro_iva=0,pro_plu_asociado=0,pro_envase=@@@NO@@@,pro_duracion=0,pro_numero_etiqueta=0 WHERE pro_codigo_plu=@@@21182@@@','',2,'2013-06-24'),(30367,'UPDATE mae_productos SET pro_estado=1 WHERE pro_codigo_plu=21182','',2,'2013-06-24'),(30368,'DELETE FROM mae_impuestos_productos WHERE pro_codigo_plu=@@@21182@@@','',2,'2013-06-24'),(30369,'UPDATE mae_productos SET pro_codigo_barra=@@@78029583@@@,pro_tipo=@@@0@@@,pro_nombre_producto=@@@L&M LIGHTS 20@@@,pro_nombre_corto=@@@L&M LIGHTS 20@@@,med_id=@@@1@@@,emb_id=@@@4@@@,pro_unidades_embalaje=@@@10@@@,dep_id=@@@25 @@@,lin_id=@@@141@@@,mar_id=@@@700@@@,pro_precio_compra_neto=@@@0@@@,pro_precio_compra_bruto=@@@0@@@,pro_precio_venta=@@@1@@@,pro_margen_actual=@@@0@@@,pro_oferta=@@@NO@@@,pro_fecha_inicio_oferta=@@@1900.01.01@@@,pro_fecha_termino_oferta=@@@1900.01.01@@@,pro_precio_oferta=@@@0@@@,pro_stock_minimo=@@@0@@@,pro_stock_critico=@@@0@@@,pro_activo=@@@0@@@,pro_unidad=@@@0@@@,pro_precio_compra_bruto=0,pro_margen_actual=0,pro_capacidad=1,pro_funcion_plu=0,pro_flejes=1,pro_iva=0,pro_plu_asociado=0,pro_envase=@@@NO@@@,pro_duracion=0,pro_numero_etiqueta=0 WHERE pro_codigo_plu=@@@21181@@@','',2,'2013-06-24'),(30370,'UPDATE mae_productos SET pro_estado=1 WHERE pro_codigo_plu=21181','',2,'2013-06-24'),(30371,'DELETE FROM mae_impuestos_productos WHERE pro_codigo_plu=@@@21181@@@','',2,'2013-06-24'),(30372,'UPDATE mae_productos SET pro_codigo_barra=@@@78005488@@@,pro_tipo=@@@0@@@,pro_nombre_producto=@@@L&M ROJO 10@@@,pro_nombre_corto=@@@L&M ROJO 10@@@,med_id=@@@1@@@,emb_id=@@@4@@@,pro_unidades_embalaje=@@@10@@@,dep_id=@@@25 @@@,lin_id=@@@141@@@,mar_id=@@@700@@@,pro_precio_compra_neto=@@@0@@@,pro_precio_compra_bruto=@@@0@@@,pro_precio_venta=@@@1@@@,pro_margen_actual=@@@0@@@,pro_oferta=@@@NO@@@,pro_fecha_inicio_oferta=@@@1900.01.01@@@,pro_fecha_termino_oferta=@@@1900.01.01@@@,pro_precio_oferta=@@@0@@@,pro_stock_minimo=@@@0@@@,pro_stock_critico=@@@0@@@,pro_activo=@@@0@@@,pro_unidad=@@@0@@@,pro_precio_compra_bruto=0,pro_margen_actual=0,pro_capacidad=1,pro_funcion_plu=0,pro_flejes=1,pro_iva=0,pro_plu_asociado=0,pro_envase=@@@NO@@@,pro_duracion=0,pro_numero_etiqueta=0 WHERE pro_codigo_plu=@@@21180@@@','',2,'2013-06-24'),(30373,'UPDATE mae_productos SET pro_estado=1 WHERE pro_codigo_plu=21180','',2,'2013-06-24'),(30374,'DELETE FROM mae_impuestos_productos WHERE pro_codigo_plu=@@@21180@@@','',2,'2013-06-24'),(30375,'UPDATE mae_productos SET pro_codigo_barra=@@@78029576@@@,pro_tipo=@@@0@@@,pro_nombre_producto=@@@L&M ROJO 20@@@,pro_nombre_corto=@@@L&M ROJO 20@@@,med_id=@@@1@@@,emb_id=@@@4@@@,pro_unidades_embalaje=@@@10@@@,dep_id=@@@25 @@@,lin_id=@@@141@@@,mar_id=@@@700@@@,pro_precio_compra_neto=@@@0@@@,pro_precio_compra_bruto=@@@0@@@,pro_precio_venta=@@@1@@@,pro_margen_actual=@@@0@@@,pro_oferta=@@@NO@@@,pro_fecha_inicio_oferta=@@@1900.01.01@@@,pro_fecha_termino_oferta=@@@1900.01.01@@@,pro_precio_oferta=@@@0@@@,pro_stock_minimo=@@@0@@@,pro_stock_critico=@@@0@@@,pro_activo=@@@0@@@,pro_unidad=@@@0@@@,pro_precio_compra_bruto=0,pro_margen_actual=0,pro_capacidad=1,pro_funcion_plu=0,pro_flejes=1,pro_iva=0,pro_plu_asociado=0,pro_envase=@@@NO@@@,pro_duracion=0,pro_numero_etiqueta=0 WHERE pro_codigo_plu=@@@21179@@@','',2,'2013-06-24'),(30376,'UPDATE mae_productos SET pro_estado=1 WHERE pro_codigo_plu=21179','',2,'2013-06-24'),(30377,'DELETE FROM mae_impuestos_productos WHERE pro_codigo_plu=@@@21179@@@','',2,'2013-06-24'),(30378,'UPDATE mae_productos SET pro_codigo_barra=@@@78007222@@@,pro_tipo=@@@0@@@,pro_nombre_producto=@@@L&M ULTRA LIGHTS 10@@@,pro_nombre_corto=@@@L&M ULTRA LIGHTS@@@,med_id=@@@1@@@,emb_id=@@@4@@@,pro_unidades_embalaje=@@@10@@@,dep_id=@@@25 @@@,lin_id=@@@141@@@,mar_id=@@@700@@@,pro_precio_compra_neto=@@@0@@@,pro_precio_compra_bruto=@@@0@@@,pro_precio_venta=@@@1@@@,pro_margen_actual=@@@0@@@,pro_oferta=@@@NO@@@,pro_fecha_inicio_oferta=@@@1900.01.01@@@,pro_fecha_termino_oferta=@@@1900.01.01@@@,pro_precio_oferta=@@@0@@@,pro_stock_minimo=@@@0@@@,pro_stock_critico=@@@0@@@,pro_activo=@@@0@@@,pro_unidad=@@@0@@@,pro_precio_compra_bruto=0,pro_margen_actual=0,pro_capacidad=1,pro_funcion_plu=0,pro_flejes=1,pro_iva=0,pro_plu_asociado=0,pro_envase=@@@NO@@@,pro_duracion=0,pro_numero_etiqueta=0 WHERE pro_codigo_plu=@@@21178@@@','',2,'2013-06-24'),(30379,'UPDATE mae_productos SET pro_estado=1 WHERE pro_codigo_plu=21178','',2,'2013-06-24'),(30380,'DELETE FROM mae_impuestos_productos WHERE pro_codigo_plu=@@@21178@@@','',2,'2013-06-24'),(30381,'INSERT INTO gne_vale_ferreteria (vfe_id,vfe_fecha,vfe_total,vfe_estado,vfe_entregado,usu_nusuario) VALUES (3437,@@@2013.06.24@@@,540,1,0,@@@G_DIAZ@@@)','',2,'2013-06-24'),(30382,'INSERT INTO gne_vale_ferreteria_mov (vfe_id,pro_codigo_plu,vfm_cantidad,vfm_unitario,vfm_total,vfm_entregado) VALUES (3437,764364,2,140,280,@@@NO@@@)','',2,'2013-06-24'),(30383,'INSERT INTO gne_vale_ferreteria_mov (vfe_id,pro_codigo_plu,vfm_cantidad,vfm_unitario,vfm_total,vfm_entregado) VALUES (3437,12083,1,260,260,@@@NO@@@)','',2,'2013-06-24'),(30384,'UPDATE mae_productos SET pro_codigo_barra=@@@78007208@@@,pro_tipo=@@@0@@@,pro_nombre_producto=@@@L&M ULTRA LIGHTS 20@@@,pro_nombre_corto=@@@L&M ULTRA LIGHTS@@@,med_id=@@@1@@@,emb_id=@@@4@@@,pro_unidades_embalaje=@@@10@@@,dep_id=@@@25 @@@,lin_id=@@@141@@@,mar_id=@@@700@@@,pro_precio_compra_neto=@@@0@@@,pro_precio_compra_bruto=@@@0@@@,pro_precio_venta=@@@1@@@,pro_margen_actual=@@@0@@@,pro_oferta=@@@NO@@@,pro_fecha_inicio_oferta=@@@1900.01.01@@@,pro_fecha_termino_oferta=@@@1900.01.01@@@,pro_precio_oferta=@@@0@@@,pro_stock_minimo=@@@0@@@,pro_stock_critico=@@@0@@@,pro_activo=@@@0@@@,pro_unidad=@@@0@@@,pro_precio_compra_bruto=0,pro_margen_actual=0,pro_capacidad=1,pro_funcion_plu=0,pro_flejes=1,pro_iva=0,pro_plu_asociado=0,pro_envase=@@@NO@@@,pro_duracion=0,pro_numero_etiqueta=0 WHERE pro_codigo_plu=@@@21177@@@','',2,'2013-06-24'),(30385,'UPDATE mae_productos SET pro_estado=1 WHERE pro_codigo_plu=21177','',2,'2013-06-24'),(30386,'DELETE FROM mae_impuestos_productos WHERE pro_codigo_plu=@@@21177@@@','',2,'2013-06-24'),(30387,'UPDATE mae_productos SET pro_codigo_barra=@@@78029606@@@,pro_tipo=@@@0@@@,pro_nombre_producto=@@@MARLBORO LIGHTS 20@@@,pro_nombre_corto=@@@MARLBORO LIGHTS @@@,med_id=@@@1@@@,emb_id=@@@4@@@,pro_unidades_embalaje=@@@10@@@,dep_id=@@@25 @@@,lin_id=@@@141@@@,mar_id=@@@1520@@@,pro_precio_compra_neto=@@@0@@@,pro_precio_compra_bruto=@@@0@@@,pro_precio_venta=@@@1@@@,pro_margen_actual=@@@0@@@,pro_oferta=@@@NO@@@,pro_fecha_inicio_oferta=@@@1900.01.01@@@,pro_fecha_termino_oferta=@@@1900.01.01@@@,pro_precio_oferta=@@@0@@@,pro_stock_minimo=@@@0@@@,pro_stock_critico=@@@0@@@,pro_activo=@@@0@@@,pro_unidad=@@@0@@@,pro_precio_compra_bruto=0,pro_margen_actual=0,pro_capacidad=1,pro_funcion_plu=0,pro_flejes=1,pro_iva=0,pro_plu_asociado=0,pro_envase=@@@NO@@@,pro_duracion=0,pro_numero_etiqueta=0 WHERE pro_codigo_plu=@@@21174@@@','',2,'2013-06-24'),(30388,'UPDATE mae_productos SET pro_estado=1 WHERE pro_codigo_plu=21174','',2,'2013-06-24'),(30389,'DELETE FROM mae_impuestos_productos WHERE pro_codigo_plu=@@@21174@@@','',2,'2013-06-24'),(30390,'UPDATE mae_productos SET pro_codigo_barra=@@@78029590@@@,pro_tipo=@@@0@@@,pro_nombre_producto=@@@MARLBORO ROJO 20@@@,pro_nombre_corto=@@@MARLBORO ROJO 20@@@,med_id=@@@1@@@,emb_id=@@@4@@@,pro_unidades_embalaje=@@@20@@@,dep_id=@@@25 @@@,lin_id=@@@141@@@,mar_id=@@@1480@@@,pro_precio_compra_neto=@@@0@@@,pro_precio_compra_bruto=@@@0@@@,pro_precio_venta=@@@1@@@,pro_margen_actual=@@@0@@@,pro_oferta=@@@NO@@@,pro_fecha_inicio_oferta=@@@1900.01.01@@@,pro_fecha_termino_oferta=@@@1900.01.01@@@,pro_precio_oferta=@@@0@@@,pro_stock_minimo=@@@0@@@,pro_stock_critico=@@@0@@@,pro_activo=@@@0@@@,pro_unidad=@@@0@@@,pro_precio_compra_bruto=0,pro_margen_actual=0,pro_capacidad=1,pro_funcion_plu=0,pro_flejes=1,pro_iva=0,pro_plu_asociado=0,pro_envase=@@@NO@@@,pro_duracion=0,pro_numero_etiqueta=0 WHERE pro_codigo_plu=@@@21173@@@','',2,'2013-06-24'),(30391,'UPDATE mae_productos SET pro_estado=1 WHERE pro_codigo_plu=21173','',2,'2013-06-24'),(30392,'DELETE FROM mae_impuestos_productos WHERE pro_codigo_plu=@@@21173@@@','',2,'2013-06-24'),(30393,'UPDATE mae_productos SET pro_codigo_barra=@@@78007239@@@,pro_tipo=@@@0@@@,pro_nombre_producto=@@@MARLBORO ULTRA LIGHTS 20@@@,pro_nombre_corto=@@@MARLBORO ULTRA L@@@,med_id=@@@1@@@,emb_id=@@@4@@@,pro_unidades_embalaje=@@@10@@@,dep_id=@@@25 @@@,lin_id=@@@141@@@,mar_id=@@@1520@@@,pro_precio_compra_neto=@@@0@@@,pro_precio_compra_bruto=@@@0@@@,pro_precio_venta=@@@1@@@,pro_margen_actual=@@@0@@@,pro_oferta=@@@NO@@@,pro_fecha_inicio_oferta=@@@1900.01.01@@@,pro_fecha_termino_oferta=@@@1900.01.01@@@,pro_precio_oferta=@@@0@@@,pro_stock_minimo=@@@0@@@,pro_stock_critico=@@@0@@@,pro_activo=@@@0@@@,pro_unidad=@@@0@@@,pro_precio_compra_bruto=0,pro_margen_actual=0,pro_capacidad=1,pro_funcion_plu=0,pro_flejes=1,pro_iva=0,pro_plu_asociado=0,pro_envase=@@@NO@@@,pro_duracion=0,pro_numero_etiqueta=0 WHERE pro_codigo_plu=@@@21172@@@','',2,'2013-06-24'),(30394,'UPDATE mae_productos SET pro_estado=1 WHERE pro_codigo_plu=21172','',2,'2013-06-24'),(30395,'DELETE FROM mae_impuestos_productos WHERE pro_codigo_plu=@@@21172@@@','',2,'2013-06-24'),(30396,'UPDATE mae_productos SET pro_codigo_barra=@@@78007239@@@,pro_tipo=@@@0@@@,pro_nombre_producto=@@@MARLBORO ULTRA LIGHTS 20@@@,pro_nombre_corto=@@@MARLBORO ULTRA L@@@,med_id=@@@1@@@,emb_id=@@@4@@@,pro_unidades_embalaje=@@@10@@@,dep_id=@@@25 @@@,lin_id=@@@141@@@,mar_id=@@@1520@@@,pro_precio_compra_neto=@@@0@@@,pro_precio_compra_bruto=@@@0@@@,pro_precio_venta=@@@1@@@,pro_margen_actual=@@@0@@@,pro_oferta=@@@NO@@@,pro_fecha_inicio_oferta=@@@1900.01.01@@@,pro_fecha_termino_oferta=@@@1900.01.01@@@,pro_precio_oferta=@@@0@@@,pro_stock_minimo=@@@0@@@,pro_stock_critico=@@@0@@@,pro_activo=@@@0@@@,pro_unidad=@@@0@@@,pro_precio_compra_bruto=0,pro_margen_actual=0,pro_capacidad=1,pro_funcion_plu=0,pro_flejes=1,pro_iva=0,pro_plu_asociado=0,pro_envase=@@@NO@@@,pro_duracion=0,pro_numero_etiqueta=0 WHERE pro_codigo_plu=@@@21172@@@','',2,'2013-06-24'),(30397,'UPDATE mae_productos SET pro_estado=1 WHERE pro_codigo_plu=21172','',2,'2013-06-24'),(30398,'DELETE FROM mae_impuestos_productos WHERE pro_codigo_plu=@@@21172@@@','',2,'2013-06-24'),(30399,'UPDATE mae_productos SET pro_codigo_barra=@@@78004191@@@,pro_tipo=@@@0@@@,pro_nombre_producto=@@@VIC C AZ SC2@@@,pro_nombre_corto=@@@VIC C AZ SC2@@@,med_id=@@@1@@@,emb_id=@@@4@@@,pro_unidades_embalaje=@@@1@@@,dep_id=@@@25 @@@,lin_id=@@@141@@@,mar_id=@@@974@@@,pro_precio_compra_neto=@@@0@@@,pro_precio_compra_bruto=@@@0@@@,pro_precio_venta=@@@1@@@,pro_margen_actual=@@@0@@@,pro_oferta=@@@NO@@@,pro_fecha_inicio_oferta=@@@1900.01.01@@@,pro_fecha_termino_oferta=@@@1900.01.01@@@,pro_precio_oferta=@@@0@@@,pro_stock_minimo=@@@0@@@,pro_stock_critico=@@@0@@@,pro_activo=@@@0@@@,pro_unidad=@@@0@@@,pro_precio_compra_bruto=0,pro_margen_actual=0,pro_capacidad=1,pro_funcion_plu=0,pro_flejes=1,pro_iva=0,pro_plu_asociado=0,pro_envase=@@@NO@@@,pro_duracion=0,pro_numero_etiqueta=0 WHERE pro_codigo_plu=@@@21167@@@','',2,'2013-06-24'),(30400,'UPDATE mae_productos SET pro_estado=1 WHERE pro_codigo_plu=21167','',2,'2013-06-24'),(30401,'DELETE FROM mae_impuestos_productos WHERE pro_codigo_plu=@@@21167@@@','',2,'2013-06-24'),(30402,'UPDATE mae_productos SET pro_codigo_barra=@@@78000049@@@,pro_tipo=@@@0@@@,pro_nombre_producto=@@@VIC C RJ HL2@@@,pro_nombre_corto=@@@VIC C RJ HL2@@@,med_id=@@@1@@@,emb_id=@@@4@@@,pro_unidades_embalaje=@@@10@@@,dep_id=@@@25 @@@,lin_id=@@@141@@@,mar_id=@@@974@@@,pro_precio_compra_neto=@@@0@@@,pro_precio_compra_bruto=@@@0@@@,pro_precio_venta=@@@1@@@,pro_margen_actual=@@@0@@@,pro_oferta=@@@NO@@@,pro_fecha_inicio_oferta=@@@1900.01.01@@@,pro_fecha_termino_oferta=@@@1900.01.01@@@,pro_precio_oferta=@@@0@@@,pro_stock_minimo=@@@0@@@,pro_stock_critico=@@@0@@@,pro_activo=@@@0@@@,pro_unidad=@@@0@@@,pro_precio_compra_bruto=0,pro_margen_actual=0,pro_capacidad=1,pro_funcion_plu=0,pro_flejes=1,pro_iva=0,pro_plu_asociado=0,pro_envase=@@@NO@@@,pro_duracion=0,pro_numero_etiqueta=0 WHERE pro_codigo_plu=@@@21169@@@','',2,'2013-06-24'),(30403,'UPDATE mae_productos SET pro_estado=1 WHERE pro_codigo_plu=21169','',2,'2013-06-24'),(30404,'DELETE FROM mae_impuestos_productos WHERE pro_codigo_plu=@@@21169@@@','',2,'2013-06-24'),(30405,'UPDATE mae_productos SET pro_codigo_barra=@@@78000056@@@,pro_tipo=@@@0@@@,pro_nombre_producto=@@@VICEROY K.S@@@,pro_nombre_corto=@@@VICEROY K.S@@@,med_id=@@@1@@@,emb_id=@@@4@@@,pro_unidades_embalaje=@@@10@@@,dep_id=@@@25 @@@,lin_id=@@@141@@@,mar_id=@@@974@@@,pro_precio_compra_neto=@@@0@@@,pro_precio_compra_bruto=@@@0@@@,pro_precio_venta=@@@1@@@,pro_margen_actual=@@@0@@@,pro_oferta=@@@NO@@@,pro_fecha_inicio_oferta=@@@1900.01.01@@@,pro_fecha_termino_oferta=@@@1900.01.01@@@,pro_precio_oferta=@@@0@@@,pro_stock_minimo=@@@0@@@,pro_stock_critico=@@@0@@@,pro_activo=@@@0@@@,pro_unidad=@@@0@@@,pro_precio_compra_bruto=0,pro_margen_actual=0,pro_capacidad=1,pro_funcion_plu=0,pro_flejes=1,pro_iva=0,pro_plu_asociado=0,pro_envase=@@@NO@@@,pro_duracion=0,pro_numero_etiqueta=0 WHERE pro_codigo_plu=@@@21168@@@','',2,'2013-06-24'),(30406,'UPDATE mae_productos SET pro_estado=1 WHERE pro_codigo_plu=21168','',2,'2013-06-24'),(30407,'DELETE FROM mae_impuestos_productos WHERE pro_codigo_plu=@@@21168@@@','',2,'2013-06-24'),(30408,'UPDATE mae_productos SET pro_codigo_barra=@@@78002920@@@,pro_tipo=@@@0@@@,pro_nombre_producto=@@@VICEROY ULTRA 20@@@,pro_nombre_corto=@@@VICEROY ULTRA 20@@@,med_id=@@@1@@@,emb_id=@@@4@@@,pro_unidades_embalaje=@@@10@@@,dep_id=@@@25 @@@,lin_id=@@@141@@@,mar_id=@@@974@@@,pro_precio_compra_neto=@@@0@@@,pro_precio_compra_bruto=@@@0@@@,pro_precio_venta=@@@1@@@,pro_margen_actual=@@@0@@@,pro_oferta=@@@NO@@@,pro_fecha_inicio_oferta=@@@1900.01.01@@@,pro_fecha_termino_oferta=@@@1900.01.01@@@,pro_precio_oferta=@@@0@@@,pro_stock_minimo=@@@0@@@,pro_stock_critico=@@@0@@@,pro_activo=@@@0@@@,pro_unidad=@@@0@@@,pro_precio_compra_bruto=0,pro_margen_actual=0,pro_capacidad=1,pro_funcion_plu=0,pro_flejes=1,pro_iva=0,pro_plu_asociado=0,pro_envase=@@@NO@@@,pro_duracion=0,pro_numero_etiqueta=0 WHERE pro_codigo_plu=@@@21166@@@','',2,'2013-06-24'),(30409,'UPDATE mae_productos SET pro_estado=1 WHERE pro_codigo_plu=21166','',2,'2013-06-24'),(30410,'DELETE FROM mae_impuestos_productos WHERE pro_codigo_plu=@@@21166@@@','',2,'2013-06-24'),(30411,'INSERT INTO gne_vale_ferreteria (vfe_id,vfe_fecha,vfe_total,vfe_estado,vfe_entregado,usu_nusuario) VALUES (3438,@@@2013.06.24@@@,430,1,0,@@@G_DIAZ@@@)','',2,'2013-06-24'),(30412,'INSERT INTO gne_vale_ferreteria_mov (vfe_id,pro_codigo_plu,vfm_cantidad,vfm_unitario,vfm_total,vfm_entregado) VALUES (3438,764268,1,430,430,@@@NO@@@)','',2,'2013-06-24'),(30413,'INSERT INTO gne_vale_ferreteria (vfe_id,vfe_fecha,vfe_total,vfe_estado,vfe_entregado,usu_nusuario) VALUES (3439,@@@2013.06.24@@@,120,1,0,@@@G_DIAZ@@@)','',2,'2013-06-24'),(30414,'INSERT INTO gne_vale_ferreteria_mov (vfe_id,pro_codigo_plu,vfm_cantidad,vfm_unitario,vfm_total,vfm_entregado) VALUES (3439,8022,1,120,120,@@@NO@@@)','',2,'2013-06-24'),(30415,'INSERT INTO gne_vale_ferreteria (vfe_id,vfe_fecha,vfe_total,vfe_estado,vfe_entregado,usu_nusuario) VALUES (3440,@@@2013.06.24@@@,790,1,0,@@@G_DIAZ@@@)','',2,'2013-06-24'),(30416,'INSERT INTO gne_vale_ferreteria_mov (vfe_id,pro_codigo_plu,vfm_cantidad,vfm_unitario,vfm_total,vfm_entregado) VALUES (3440,764082,1,790,790,@@@NO@@@)','',2,'2013-06-24'),(30417,'INSERT INTO gne_vale_ferreteria (vfe_id,vfe_fecha,vfe_total,vfe_estado,vfe_entregado,usu_nusuario) VALUES (3441,@@@2013.06.24@@@,130,1,0,@@@G_DIAZ@@@)','',2,'2013-06-24'),(30418,'INSERT INTO gne_vale_ferreteria_mov (vfe_id,pro_codigo_plu,vfm_cantidad,vfm_unitario,vfm_total,vfm_entregado) VALUES (3441,78017148,1,130,130,@@@NO@@@)','',2,'2013-06-24'),(30419,'INSERT INTO gne_vale_ferreteria (vfe_id,vfe_fecha,vfe_total,vfe_estado,vfe_entregado,usu_nusuario) VALUES (3442,@@@2013.06.24@@@,430,1,0,@@@G_DIAZ@@@)','',2,'2013-06-24'),(30420,'INSERT INTO gne_vale_ferreteria_mov (vfe_id,pro_codigo_plu,vfm_cantidad,vfm_unitario,vfm_total,vfm_entregado) VALUES (3442,16664,1,430,430,@@@NO@@@)','',2,'2013-06-24'),(30421,'INSERT INTO gne_vale_ferreteria (vfe_id,vfe_fecha,vfe_total,vfe_estado,vfe_entregado,usu_nusuario) VALUES (3443,@@@2013.06.24@@@,550,1,0,@@@G_DIAZ@@@)','',2,'2013-06-24'),(30422,'INSERT INTO gne_vale_ferreteria_mov (vfe_id,pro_codigo_plu,vfm_cantidad,vfm_unitario,vfm_total,vfm_entregado) VALUES (3443,3102,1,550,550,@@@NO@@@)','',2,'2013-06-24'),(30423,'INSERT INTO gne_vale_ferreteria (vfe_id,vfe_fecha,vfe_total,vfe_estado,vfe_entregado,usu_nusuario) VALUES (3444,@@@2013.06.24@@@,150,1,0,@@@G_DIAZ@@@)','',2,'2013-06-24'),(30424,'INSERT INTO gne_vale_ferreteria_mov (vfe_id,pro_codigo_plu,vfm_cantidad,vfm_unitario,vfm_total,vfm_entregado) VALUES (3444,770035,1,150,150,@@@NO@@@)','',2,'2013-06-24'),(30425,'UPDATE mae_productos SET pro_precio_fiscal=pro_precio_venta WHERE pro_codigo_plu=21169','',2,'2013-06-24'),(30426,'UPDATE mae_productos SET pro_precio_fiscal=pro_precio_venta WHERE pro_codigo_plu=21168','',2,'2013-06-24'),(30427,'UPDATE mae_productos SET pro_precio_fiscal=pro_precio_venta WHERE pro_codigo_plu=21184','',2,'2013-06-24'),(30428,'UPDATE mae_productos SET pro_precio_fiscal=pro_precio_venta WHERE pro_codigo_plu=21166','',2,'2013-06-24'),(30429,'UPDATE mae_productos SET pro_precio_fiscal=pro_precio_venta WHERE pro_codigo_plu=21167','',2,'2013-06-24'),(30430,'UPDATE mae_productos SET pro_precio_fiscal=pro_precio_venta WHERE pro_codigo_plu=21191','',2,'2013-06-24'),(30431,'UPDATE mae_productos SET pro_precio_fiscal=pro_precio_venta WHERE pro_codigo_plu=21192','',2,'2013-06-24'),(30432,'UPDATE mae_productos SET pro_precio_fiscal=pro_precio_venta WHERE pro_codigo_plu=21180','',2,'2013-06-24'),(30433,'UPDATE mae_productos SET pro_precio_fiscal=pro_precio_venta WHERE pro_codigo_plu=21182','',2,'2013-06-24'),(30434,'UPDATE mae_productos SET pro_precio_fiscal=pro_precio_venta WHERE pro_codigo_plu=21177','',2,'2013-06-24'),(30435,'UPDATE mae_productos SET pro_precio_fiscal=pro_precio_venta WHERE pro_codigo_plu=21178','',2,'2013-06-24'),(30436,'UPDATE mae_productos SET pro_precio_fiscal=pro_precio_venta WHERE pro_codigo_plu=21172','',2,'2013-06-24'),(30437,'UPDATE mae_productos SET pro_precio_fiscal=pro_precio_venta WHERE pro_codigo_plu=21208','',2,'2013-06-24'),(30438,'UPDATE mae_productos SET pro_precio_fiscal=pro_precio_venta WHERE pro_codigo_plu=21190','',2,'2013-06-24'),(30439,'UPDATE mae_productos SET pro_precio_fiscal=pro_precio_venta WHERE pro_codigo_plu=21189','',2,'2013-06-24'),(30440,'UPDATE mae_productos SET pro_precio_fiscal=pro_precio_venta WHERE pro_codigo_plu=21187','',2,'2013-06-24'),(30441,'UPDATE mae_productos SET pro_precio_fiscal=pro_precio_venta WHERE pro_codigo_plu=21188','',2,'2013-06-24'),(30442,'UPDATE mae_productos SET pro_precio_fiscal=pro_precio_venta WHERE pro_codigo_plu=21179','',2,'2013-06-24'),(30443,'UPDATE mae_productos SET pro_precio_fiscal=pro_precio_venta WHERE pro_codigo_plu=21181','',2,'2013-06-24'),(30444,'UPDATE mae_productos SET pro_precio_fiscal=pro_precio_venta WHERE pro_codigo_plu=21173','',2,'2013-06-24'),(30445,'UPDATE mae_productos SET pro_precio_fiscal=pro_precio_venta WHERE pro_codigo_plu=21174','',2,'2013-06-24'),(30446,'UPDATE mae_productos SET pro_margen_actual=33.39,pro_precio_venta=1550 WHERE pro_codigo_plu=12033','',2,'2013-06-24'),(30447,'UPDATE mae_productos SET pro_precio_fiscal=pro_precio_venta WHERE pro_codigo_plu=12033','',2,'2013-06-24'),(30448,'INSERT INTO gne_vale_ferreteria (vfe_id,vfe_fecha,vfe_total,vfe_estado,vfe_entregado,usu_nusuario) VALUES (3445,@@@2013.06.24@@@,50,1,0,@@@G_DIAZ@@@)','',2,'2013-06-24'),(30449,'INSERT INTO gne_vale_ferreteria_mov (vfe_id,pro_codigo_plu,vfm_cantidad,vfm_unitario,vfm_total,vfm_entregado) VALUES (3445,78017146,1,50,50,@@@NO@@@)','',2,'2013-06-24'),(30450,'INSERT INTO gne_vale_ferreteria (vfe_id,vfe_fecha,vfe_total,vfe_estado,vfe_entregado,usu_nusuario) VALUES (3446,@@@2013.06.24@@@,270,1,0,@@@G_DIAZ@@@)','',2,'2013-06-24'),(30451,'INSERT INTO gne_vale_ferreteria_mov (vfe_id,pro_codigo_plu,vfm_cantidad,vfm_unitario,vfm_total,vfm_entregado) VALUES (3446,8022,1,120,120,@@@NO@@@)','',2,'2013-06-24'),(30452,'INSERT INTO gne_vale_ferreteria_mov (vfe_id,pro_codigo_plu,vfm_cantidad,vfm_unitario,vfm_total,vfm_entregado) VALUES (3446,764572,1,100,100,@@@NO@@@)','',2,'2013-06-24'),(30453,'INSERT INTO gne_vale_ferreteria_mov (vfe_id,pro_codigo_plu,vfm_cantidad,vfm_unitario,vfm_total,vfm_entregado) VALUES (3446,1545,1,50,50,@@@NO@@@)','',2,'2013-06-24'),(30454,'INSERT INTO gne_vale_ferreteria (vfe_id,vfe_fecha,vfe_total,vfe_estado,vfe_entregado,usu_nusuario) VALUES (3447,@@@2013.06.24@@@,660,1,0,@@@G_DIAZ@@@)','',2,'2013-06-24'),(30455,'INSERT INTO gne_vale_ferreteria_mov (vfe_id,pro_codigo_plu,vfm_cantidad,vfm_unitario,vfm_total,vfm_entregado) VALUES (3447,8022,3,120,360,@@@NO@@@)','',2,'2013-06-24'),(30456,'INSERT INTO gne_vale_ferreteria_mov (vfe_id,pro_codigo_plu,vfm_cantidad,vfm_unitario,vfm_total,vfm_entregado) VALUES (3447,1042,1,300,300,@@@NO@@@)','',2,'2013-06-24'),(30457,'INSERT INTO gne_vale_ferreteria (vfe_id,vfe_fecha,vfe_total,vfe_estado,vfe_entregado,usu_nusuario) VALUES (3448,@@@2013.06.24@@@,250,1,0,@@@G_DIAZ@@@)','',2,'2013-06-24'),(30458,'INSERT INTO gne_vale_ferreteria_mov (vfe_id,pro_codigo_plu,vfm_cantidad,vfm_unitario,vfm_total,vfm_entregado) VALUES (3448,4091,1,250,250,@@@NO@@@)','',2,'2013-06-24'),(30459,'INSERT INTO mae_productos (pro_codigo_plu,pro_codigo_barra,pro_tipo,pro_nombre_producto,pro_nombre_corto,med_id,emb_id,pro_unidades_embalaje,dep_id,lin_id,mar_id,pro_precio_compra_neto,pro_precio_compra_bruto,pro_precio_venta,pro_margen_actual,pro_oferta,pro_fecha_inicio_oferta,pro_fecha_termino_oferta,pro_precio_oferta,pro_stock_minimo,pro_stock_critico,pro_entradas_bodega,pro_salidas_bodega,pro_mermas_bodega,pro_ajustes_bodega,pro_entradas_sv,pro_salidas_sv,pro_mermas_sv,pro_ajustes_sv,pro_activo,rec_numero,pro_unidad,pro_capacidad,pro_consumo_bodega,pro_consumo_sv,pro_estado,pro_funcion_plu,pro_flejes,pro_iva,pro_plu_asociado,pro_envase,pro_duracion,pro_numero_etiqueta) VALUES (780721239,@@@77706@@@,@@@0@@@,@@@GLITER DE COLOR@@@,@@@GLITER DE COLOR@@@,@@@1 @@@,@@@3 @@@,@@@0@@@,@@@24 @@@,@@@137@@@,@@@2507@@@,@@@0@@@,@@@0@@@,@@@150@@@,@@@0@@@,@@@@@@,@@@2013.06.24@@@,@@@2013.06.24@@@,@@@0@@@,@@@5@@@,@@@2@@@,@@@0@@@,@@@0@@@,@@@0@@@,@@@0@@@,@@@0@@@,@@@0@@@,@@@0@@@,@@@0@@@,@@@1@@@,@@@0@@@,0,1,0,0,2,0,1,1,0,@@@NO@@@,0,0)','',2,'2013-06-24'),(30460,'DELETE FROM mae_impuestos_productos WHERE pro_codigo_plu=@@@780721239@@@','',2,'2013-06-24'),(30461,'INSERT INTO gne_vale_ferreteria (vfe_id,vfe_fecha,vfe_total,vfe_estado,vfe_entregado,usu_nusuario) VALUES (3449,@@@2013.06.24@@@,2990,1,0,@@@G_DIAZ@@@)','',2,'2013-06-24'),(30462,'INSERT INTO gne_vale_ferreteria_mov (vfe_id,pro_codigo_plu,vfm_cantidad,vfm_unitario,vfm_total,vfm_entregado) VALUES (3449,764951,1,2990,2990,@@@NO@@@)','',2,'2013-06-24'),(30463,'INSERT INTO gne_vale_ferreteria (vfe_id,vfe_fecha,vfe_total,vfe_estado,vfe_entregado,usu_nusuario) VALUES (3450,@@@2013.06.24@@@,880,1,0,@@@G_DIAZ@@@)','',2,'2013-06-24'),(30464,'INSERT INTO gne_vale_ferreteria_mov (vfe_id,pro_codigo_plu,vfm_cantidad,vfm_unitario,vfm_total,vfm_entregado) VALUES (3450,764778,1,330,330,@@@NO@@@)','',2,'2013-06-24'),(30465,'INSERT INTO gne_vale_ferreteria_mov (vfe_id,pro_codigo_plu,vfm_cantidad,vfm_unitario,vfm_total,vfm_entregado) VALUES (3450,763582,1,550,550,@@@NO@@@)','',2,'2013-06-24'),(30466,'INSERT INTO gne_vale_ferreteria (vfe_id,vfe_fecha,vfe_total,vfe_estado,vfe_entregado,usu_nusuario) VALUES (3451,@@@2013.06.24@@@,240,1,0,@@@G_DIAZ@@@)','',2,'2013-06-24'),(30467,'INSERT INTO gne_vale_ferreteria_mov (vfe_id,pro_codigo_plu,vfm_cantidad,vfm_unitario,vfm_total,vfm_entregado) VALUES (3451,8022,2,120,240,@@@NO@@@)','',2,'2013-06-24'),(30468,'INSERT INTO gne_vale_ferreteria (vfe_id,vfe_fecha,vfe_total,vfe_estado,vfe_entregado,usu_nusuario) VALUES (3452,@@@2013.06.24@@@,240,1,0,@@@G_DIAZ@@@)','',2,'2013-06-24'),(30469,'INSERT INTO gne_vale_ferreteria_mov (vfe_id,pro_codigo_plu,vfm_cantidad,vfm_unitario,vfm_total,vfm_entregado) VALUES (3452,770001,3,80,240,@@@NO@@@)','',2,'2013-06-24'),(30470,'INSERT INTO gne_vale_ferreteria (vfe_id,vfe_fecha,vfe_total,vfe_estado,vfe_entregado,usu_nusuario) VALUES (3453,@@@2013.06.24@@@,300,1,0,@@@G_DIAZ@@@)','',2,'2013-06-24'),(30471,'INSERT INTO gne_vale_ferreteria_mov (vfe_id,pro_codigo_plu,vfm_cantidad,vfm_unitario,vfm_total,vfm_entregado) VALUES (3453,780721221,1,300,300,@@@NO@@@)','',2,'2013-06-24'),(30472,'INSERT INTO gne_vale_ferreteria (vfe_id,vfe_fecha,vfe_total,vfe_estado,vfe_entregado,usu_nusuario) VALUES (3454,@@@2013.06.24@@@,40,1,0,@@@G_DIAZ@@@)','',2,'2013-06-24'),(30473,'INSERT INTO gne_vale_ferreteria_mov (vfe_id,pro_codigo_plu,vfm_cantidad,vfm_unitario,vfm_total,vfm_entregado) VALUES (3454,78017191,1,40,40,@@@NO@@@)','',2,'2013-06-24'),(30474,'INSERT INTO gne_vale_ferreteria (vfe_id,vfe_fecha,vfe_total,vfe_estado,vfe_entregado,usu_nusuario) VALUES (3455,@@@2013.06.24@@@,120,1,0,@@@G_DIAZ@@@)','',2,'2013-06-24'),(30475,'INSERT INTO gne_vale_ferreteria_mov (vfe_id,pro_codigo_plu,vfm_cantidad,vfm_unitario,vfm_total,vfm_entregado) VALUES (3455,8022,1,120,120,@@@NO@@@)','',2,'2013-06-24'),(30476,'INSERT INTO gne_vale_ferreteria (vfe_id,vfe_fecha,vfe_total,vfe_estado,vfe_entregado,usu_nusuario) VALUES (3456,@@@2013.06.24@@@,200,1,0,@@@G_DIAZ@@@)','',2,'2013-06-24'),(30477,'INSERT INTO gne_vale_ferreteria_mov (vfe_id,pro_codigo_plu,vfm_cantidad,vfm_unitario,vfm_total,vfm_entregado) VALUES (3456,78017194,1,200,200,@@@NO@@@)','',2,'2013-06-24'),(30478,'INSERT INTO gne_vale_ferreteria (vfe_id,vfe_fecha,vfe_total,vfe_estado,vfe_entregado,usu_nusuario) VALUES (3457,@@@2013.06.24@@@,1420,1,0,@@@G_DIAZ@@@)','',2,'2013-06-24'),(30479,'INSERT INTO gne_vale_ferreteria_mov (vfe_id,pro_codigo_plu,vfm_cantidad,vfm_unitario,vfm_total,vfm_entregado) VALUES (3457,78017176,2,200,400,@@@NO@@@)','',2,'2013-06-24'),(30480,'INSERT INTO gne_vale_ferreteria_mov (vfe_id,pro_codigo_plu,vfm_cantidad,vfm_unitario,vfm_total,vfm_entregado) VALUES (3457,1042,1,300,300,@@@NO@@@)','',2,'2013-06-24'),(30481,'INSERT INTO gne_vale_ferreteria_mov (vfe_id,pro_codigo_plu,vfm_cantidad,vfm_unitario,vfm_total,vfm_entregado) VALUES (3457,1535,1,390,390,@@@NO@@@)','',2,'2013-06-24'),(30482,'INSERT INTO gne_vale_ferreteria_mov (vfe_id,pro_codigo_plu,vfm_cantidad,vfm_unitario,vfm_total,vfm_entregado) VALUES (3457,19918,1,330,330,@@@NO@@@)','',2,'2013-06-24'),(30483,'INSERT INTO gne_vale_ferreteria (vfe_id,vfe_fecha,vfe_total,vfe_estado,vfe_entregado,usu_nusuario) VALUES (3458,@@@2013.06.24@@@,250,1,0,@@@G_DIAZ@@@)','',2,'2013-06-24'),(30484,'INSERT INTO gne_vale_ferreteria_mov (vfe_id,pro_codigo_plu,vfm_cantidad,vfm_unitario,vfm_total,vfm_entregado) VALUES (3458,764125,1,250,250,@@@NO@@@)','',2,'2013-06-24'),(30485,'INSERT INTO gne_vale_ferreteria (vfe_id,vfe_fecha,vfe_total,vfe_estado,vfe_entregado,usu_nusuario) VALUES (3459,@@@2013.06.24@@@,890,1,0,@@@G_DIAZ@@@)','',2,'2013-06-24'),(30486,'INSERT INTO gne_vale_ferreteria_mov (vfe_id,pro_codigo_plu,vfm_cantidad,vfm_unitario,vfm_total,vfm_entregado) VALUES (3459,764607,1,890,890,@@@NO@@@)','',2,'2013-06-24'),(30487,'INSERT INTO gne_vale_ferreteria (vfe_id,vfe_fecha,vfe_total,vfe_estado,vfe_entregado,usu_nusuario) VALUES (3460,@@@2013.06.24@@@,80,1,0,@@@G_DIAZ@@@)','',2,'2013-06-24'),(30488,'INSERT INTO gne_vale_ferreteria_mov (vfe_id,pro_codigo_plu,vfm_cantidad,vfm_unitario,vfm_total,vfm_entregado) VALUES (3460,78017191,2,40,80,@@@NO@@@)','',2,'2013-06-24'),(30489,'INSERT INTO gne_vale_ferreteria (vfe_id,vfe_fecha,vfe_total,vfe_estado,vfe_entregado,usu_nusuario) VALUES (3461,@@@2013.06.24@@@,740,1,0,@@@G_DIAZ@@@)','',2,'2013-06-24'),(30490,'INSERT INTO gne_vale_ferreteria_mov (vfe_id,pro_codigo_plu,vfm_cantidad,vfm_unitario,vfm_total,vfm_entregado) VALUES (3461,761997,1,740,740,@@@NO@@@)','',2,'2013-06-24'),(30491,'INSERT INTO gne_vale_ferreteria (vfe_id,vfe_fecha,vfe_total,vfe_estado,vfe_entregado,usu_nusuario) VALUES (3462,@@@2013.06.24@@@,120,1,0,@@@G_DIAZ@@@)','',2,'2013-06-24'),(30492,'INSERT INTO gne_vale_ferreteria_mov (vfe_id,pro_codigo_plu,vfm_cantidad,vfm_unitario,vfm_total,vfm_entregado) VALUES (3462,8022,1,120,120,@@@NO@@@)','',2,'2013-06-24'),(30493,'INSERT INTO gne_vale_ferreteria (vfe_id,vfe_fecha,vfe_total,vfe_estado,vfe_entregado,usu_nusuario) VALUES (3463,@@@2013.06.24@@@,780,1,0,@@@G_DIAZ@@@)','',2,'2013-06-24'),(30494,'INSERT INTO gne_vale_ferreteria_mov (vfe_id,pro_codigo_plu,vfm_cantidad,vfm_unitario,vfm_total,vfm_entregado) VALUES (3463,763801,1,580,580,@@@NO@@@)','',2,'2013-06-24'),(30495,'INSERT INTO gne_vale_ferreteria_mov (vfe_id,pro_codigo_plu,vfm_cantidad,vfm_unitario,vfm_total,vfm_entregado) VALUES (3463,78017131,1,200,200,@@@NO@@@)','',2,'2013-06-24'),(30496,'INSERT INTO gne_vale_ferreteria (vfe_id,vfe_fecha,vfe_total,vfe_estado,vfe_entregado,usu_nusuario) VALUES (3464,@@@2013.06.24@@@,200,1,0,@@@G_DIAZ@@@)','',2,'2013-06-24'),(30497,'INSERT INTO gne_vale_ferreteria_mov (vfe_id,pro_codigo_plu,vfm_cantidad,vfm_unitario,vfm_total,vfm_entregado) VALUES (3464,763592,1,200,200,@@@NO@@@)','',2,'2013-06-24'),(30498,'INSERT INTO gne_vale_ferreteria (vfe_id,vfe_fecha,vfe_total,vfe_estado,vfe_entregado,usu_nusuario) VALUES (3465,@@@2013.06.24@@@,90,1,0,@@@G_DIAZ@@@)','',2,'2013-06-24'),(30499,'INSERT INTO gne_vale_ferreteria_mov (vfe_id,pro_codigo_plu,vfm_cantidad,vfm_unitario,vfm_total,vfm_entregado) VALUES (3465,763596,1,90,90,@@@NO@@@)','',2,'2013-06-24'),(30500,'INSERT INTO gne_vale_ferreteria (vfe_id,vfe_fecha,vfe_total,vfe_estado,vfe_entregado,usu_nusuario) VALUES (3466,@@@2013.06.24@@@,490,1,0,@@@G_DIAZ@@@)','',2,'2013-06-24'),(30501,'INSERT INTO gne_vale_ferreteria_mov (vfe_id,pro_codigo_plu,vfm_cantidad,vfm_unitario,vfm_total,vfm_entregado) VALUES (3466,764529,1,490,490,@@@NO@@@)','',2,'2013-06-24'),(30502,'INSERT INTO gne_vale_ferreteria (vfe_id,vfe_fecha,vfe_total,vfe_estado,vfe_entregado,usu_nusuario) VALUES (3467,@@@2013.06.24@@@,1000,1,0,@@@G_DIAZ@@@)','',2,'2013-06-24'),(30503,'INSERT INTO gne_vale_ferreteria_mov (vfe_id,pro_codigo_plu,vfm_cantidad,vfm_unitario,vfm_total,vfm_entregado) VALUES (3467,780721135,1,1000,1000,@@@NO@@@)','',2,'2013-06-24'),(30504,'INSERT INTO gne_vale_ferreteria (vfe_id,vfe_fecha,vfe_total,vfe_estado,vfe_entregado,usu_nusuario) VALUES (3468,@@@2013.06.24@@@,260,1,0,@@@G_DIAZ@@@)','',2,'2013-06-24'),(30505,'INSERT INTO gne_vale_ferreteria_mov (vfe_id,pro_codigo_plu,vfm_cantidad,vfm_unitario,vfm_total,vfm_entregado) VALUES (3468,15929,2,130,260,@@@NO@@@)','',2,'2013-06-24'),(30506,'INSERT INTO gne_vale_ferreteria (vfe_id,vfe_fecha,vfe_total,vfe_estado,vfe_entregado,usu_nusuario) VALUES (3469,@@@2013.06.24@@@,700,1,0,@@@G_DIAZ@@@)','',2,'2013-06-24'),(30507,'INSERT INTO gne_vale_ferreteria_mov (vfe_id,pro_codigo_plu,vfm_cantidad,vfm_unitario,vfm_total,vfm_entregado) VALUES (3469,764778,1,330,330,@@@NO@@@)','',2,'2013-06-24'),(30508,'INSERT INTO gne_vale_ferreteria_mov (vfe_id,pro_codigo_plu,vfm_cantidad,vfm_unitario,vfm_total,vfm_entregado) VALUES (3469,780220193,1,370,370,@@@NO@@@)','',2,'2013-06-24'),(30509,'INSERT INTO gne_vale_ferreteria (vfe_id,vfe_fecha,vfe_total,vfe_estado,vfe_entregado,usu_nusuario) VALUES (3470,@@@2013.06.24@@@,990,1,0,@@@G_DIAZ@@@)','',2,'2013-06-24'),(30510,'INSERT INTO gne_vale_ferreteria_mov (vfe_id,pro_codigo_plu,vfm_cantidad,vfm_unitario,vfm_total,vfm_entregado) VALUES (3470,3101,1,990,990,@@@NO@@@)','',2,'2013-06-24'),(30511,'INSERT INTO gne_vale_ferreteria (vfe_id,vfe_fecha,vfe_total,vfe_estado,vfe_entregado,usu_nusuario) VALUES (3471,@@@2013.06.24@@@,140,1,0,@@@G_DIAZ@@@)','',2,'2013-06-24'),(30512,'INSERT INTO gne_vale_ferreteria_mov (vfe_id,pro_codigo_plu,vfm_cantidad,vfm_unitario,vfm_total,vfm_entregado) VALUES (3471,764364,1,140,140,@@@NO@@@)','',2,'2013-06-24'),(30513,'INSERT INTO gne_vale_ferreteria (vfe_id,vfe_fecha,vfe_total,vfe_estado,vfe_entregado,usu_nusuario) VALUES (3472,@@@2013.06.24@@@,220,1,0,@@@G_DIAZ@@@)','',2,'2013-06-24'),(30514,'INSERT INTO gne_vale_ferreteria_mov (vfe_id,pro_codigo_plu,vfm_cantidad,vfm_unitario,vfm_total,vfm_entregado) VALUES (3472,764768,1,220,220,@@@NO@@@)','',2,'2013-06-24'),(30515,'INSERT INTO gne_vale_ferreteria (vfe_id,vfe_fecha,vfe_total,vfe_estado,vfe_entregado,usu_nusuario) VALUES (3473,@@@2013.06.24@@@,490,1,0,@@@G_DIAZ@@@)','',2,'2013-06-24'),(30516,'INSERT INTO gne_vale_ferreteria_mov (vfe_id,pro_codigo_plu,vfm_cantidad,vfm_unitario,vfm_total,vfm_entregado) VALUES (3473,78017198,1,490,490,@@@NO@@@)','',2,'2013-06-24'),(30517,'INSERT INTO gne_vale_ferreteria (vfe_id,vfe_fecha,vfe_total,vfe_estado,vfe_entregado,usu_nusuario) VALUES (3474,@@@2013.06.24@@@,2030,1,0,@@@G_DIAZ@@@)','',2,'2013-06-24'),(30518,'INSERT INTO gne_vale_ferreteria_mov (vfe_id,pro_codigo_plu,vfm_cantidad,vfm_unitario,vfm_total,vfm_entregado) VALUES (3474,19916,1,540,540,@@@NO@@@)','',2,'2013-06-24'),(30519,'INSERT INTO gne_vale_ferreteria_mov (vfe_id,pro_codigo_plu,vfm_cantidad,vfm_unitario,vfm_total,vfm_entregado) VALUES (3474,763090,1,1490,1490,@@@NO@@@)','',2,'2013-06-24'),(30520,'INSERT INTO gne_vale_ferreteria (vfe_id,vfe_fecha,vfe_total,vfe_estado,vfe_entregado,usu_nusuario) VALUES (3475,@@@2013.06.24@@@,140,1,0,@@@G_DIAZ@@@)','',2,'2013-06-24'),(30521,'INSERT INTO gne_vale_ferreteria_mov (vfe_id,pro_codigo_plu,vfm_cantidad,vfm_unitario,vfm_total,vfm_entregado) VALUES (3475,764364,1,140,140,@@@NO@@@)','',2,'2013-06-24'),(30522,'INSERT INTO gne_vale_ferreteria (vfe_id,vfe_fecha,vfe_total,vfe_estado,vfe_entregado,usu_nusuario) VALUES (3476,@@@2013.06.24@@@,300,1,0,@@@G_DIAZ@@@)','',2,'2013-06-24'),(30523,'INSERT INTO gne_vale_ferreteria_mov (vfe_id,pro_codigo_plu,vfm_cantidad,vfm_unitario,vfm_total,vfm_entregado) VALUES (3476,800001,1,300,300,@@@NO@@@)','',2,'2013-06-24'),(30524,'INSERT INTO gne_vale_ferreteria (vfe_id,vfe_fecha,vfe_total,vfe_estado,vfe_entregado,usu_nusuario) VALUES (3477,@@@2013.06.24@@@,390,1,0,@@@G_DIAZ@@@)','',2,'2013-06-24'),(30525,'INSERT INTO gne_vale_ferreteria_mov (vfe_id,pro_codigo_plu,vfm_cantidad,vfm_unitario,vfm_total,vfm_entregado) VALUES (3477,764206,1,390,390,@@@NO@@@)','',2,'2013-06-24'),(30526,'INSERT INTO gne_vale_ferreteria (vfe_id,vfe_fecha,vfe_total,vfe_estado,vfe_entregado,usu_nusuario) VALUES (3478,@@@2013.06.24@@@,460,1,0,@@@G_DIAZ@@@)','',2,'2013-06-24'),(30527,'INSERT INTO gne_vale_ferreteria_mov (vfe_id,pro_codigo_plu,vfm_cantidad,vfm_unitario,vfm_total,vfm_entregado) VALUES (3478,4801,2,30,60,@@@NO@@@)','',2,'2013-06-24'),(30528,'INSERT INTO gne_vale_ferreteria_mov (vfe_id,pro_codigo_plu,vfm_cantidad,vfm_unitario,vfm_total,vfm_entregado) VALUES (3478,1542,4,100,400,@@@NO@@@)','',2,'2013-06-24'),(30529,'INSERT INTO gne_vale_ferreteria (vfe_id,vfe_fecha,vfe_total,vfe_estado,vfe_entregado,usu_nusuario) VALUES (3479,@@@2013.06.24@@@,1990,1,0,@@@G_DIAZ@@@)','',2,'2013-06-24'),(30530,'INSERT INTO gne_vale_ferreteria_mov (vfe_id,pro_codigo_plu,vfm_cantidad,vfm_unitario,vfm_total,vfm_entregado) VALUES (3479,780721135,1,1000,1000,@@@NO@@@)','',2,'2013-06-24'),(30531,'INSERT INTO gne_vale_ferreteria_mov (vfe_id,pro_codigo_plu,vfm_cantidad,vfm_unitario,vfm_total,vfm_entregado) VALUES (3479,780721136,1,990,990,@@@NO@@@)','',2,'2013-06-24'),(30532,'INSERT INTO gne_vale_ferreteria (vfe_id,vfe_fecha,vfe_total,vfe_estado,vfe_entregado,usu_nusuario) VALUES (3480,@@@2013.06.24@@@,450,1,0,@@@G_DIAZ@@@)','',2,'2013-06-24'),(30533,'INSERT INTO gne_vale_ferreteria_mov (vfe_id,pro_codigo_plu,vfm_cantidad,vfm_unitario,vfm_total,vfm_entregado) VALUES (3480,8022,1,120,120,@@@NO@@@)','',2,'2013-06-24'),(30534,'INSERT INTO gne_vale_ferreteria_mov (vfe_id,pro_codigo_plu,vfm_cantidad,vfm_unitario,vfm_total,vfm_entregado) VALUES (3480,763588,1,330,330,@@@NO@@@)','',2,'2013-06-24'),(30535,'INSERT INTO gne_vale_ferreteria (vfe_id,vfe_fecha,vfe_total,vfe_estado,vfe_entregado,usu_nusuario) VALUES (3481,@@@2013.06.24@@@,710,1,0,@@@G_DIAZ@@@)','',2,'2013-06-24'),(30536,'INSERT INTO gne_vale_ferreteria_mov (vfe_id,pro_codigo_plu,vfm_cantidad,vfm_unitario,vfm_total,vfm_entregado) VALUES (3481,763834,1,450,450,@@@NO@@@)','',2,'2013-06-24'),(30537,'INSERT INTO gne_vale_ferreteria_mov (vfe_id,pro_codigo_plu,vfm_cantidad,vfm_unitario,vfm_total,vfm_entregado) VALUES (3481,12083,1,260,260,@@@NO@@@)','',2,'2013-06-24'),(30538,'INSERT INTO gne_vale_ferreteria (vfe_id,vfe_fecha,vfe_total,vfe_estado,vfe_entregado,usu_nusuario) VALUES (3482,@@@2013.06.24@@@,330,1,0,@@@G_DIAZ@@@)','',2,'2013-06-24'),(30539,'INSERT INTO gne_vale_ferreteria_mov (vfe_id,pro_codigo_plu,vfm_cantidad,vfm_unitario,vfm_total,vfm_entregado) VALUES (3482,19918,1,330,330,@@@NO@@@)','',2,'2013-06-24'),(30540,'INSERT INTO gne_vale_ferreteria (vfe_id,vfe_fecha,vfe_total,vfe_estado,vfe_entregado,usu_nusuario) VALUES (3483,@@@2013.06.24@@@,900,1,0,@@@G_DIAZ@@@)','',2,'2013-06-24'),(30541,'INSERT INTO gne_vale_ferreteria_mov (vfe_id,pro_codigo_plu,vfm_cantidad,vfm_unitario,vfm_total,vfm_entregado) VALUES (3483,763883,1,900,900,@@@NO@@@)','',2,'2013-06-24'),(30542,'INSERT INTO gne_vale_ferreteria (vfe_id,vfe_fecha,vfe_total,vfe_estado,vfe_entregado,usu_nusuario) VALUES (3484,@@@2013.06.24@@@,980,1,0,@@@G_DIAZ@@@)','',2,'2013-06-24'),(30543,'INSERT INTO gne_vale_ferreteria_mov (vfe_id,pro_codigo_plu,vfm_cantidad,vfm_unitario,vfm_total,vfm_entregado) VALUES (3484,78017127,2,490,980,@@@NO@@@)','',2,'2013-06-24'),(30544,'INSERT INTO gne_vale_ferreteria (vfe_id,vfe_fecha,vfe_total,vfe_estado,vfe_entregado,usu_nusuario) VALUES (3485,@@@2013.06.24@@@,430,1,0,@@@G_DIAZ@@@)','',2,'2013-06-24'),(30545,'INSERT INTO gne_vale_ferreteria_mov (vfe_id,pro_codigo_plu,vfm_cantidad,vfm_unitario,vfm_total,vfm_entregado) VALUES (3485,16664,1,430,430,@@@NO@@@)','',2,'2013-06-24'),(30546,'INSERT INTO gne_vale_ferreteria (vfe_id,vfe_fecha,vfe_total,vfe_estado,vfe_entregado,usu_nusuario) VALUES (3486,@@@2013.06.24@@@,360,1,0,@@@G_DIAZ@@@)','',2,'2013-06-24'),(30547,'INSERT INTO gne_vale_ferreteria_mov (vfe_id,pro_codigo_plu,vfm_cantidad,vfm_unitario,vfm_total,vfm_entregado) VALUES (3486,8022,1,120,120,@@@NO@@@)','',2,'2013-06-24'),(30548,'INSERT INTO gne_vale_ferreteria_mov (vfe_id,pro_codigo_plu,vfm_cantidad,vfm_unitario,vfm_total,vfm_entregado) VALUES (3486,78017006,2,120,240,@@@NO@@@)','',2,'2013-06-24'),(30549,'INSERT INTO gne_vale_ferreteria (vfe_id,vfe_fecha,vfe_total,vfe_estado,vfe_entregado,usu_nusuario) VALUES (3487,@@@2013.06.24@@@,200,1,0,@@@G_DIAZ@@@)','',2,'2013-06-24'),(30550,'INSERT INTO gne_vale_ferreteria_mov (vfe_id,pro_codigo_plu,vfm_cantidad,vfm_unitario,vfm_total,vfm_entregado) VALUES (3487,1542,2,100,200,@@@NO@@@)','',2,'2013-06-24'),(30551,'INSERT INTO gne_vale_ferreteria (vfe_id,vfe_fecha,vfe_total,vfe_estado,vfe_entregado,usu_nusuario) VALUES (3488,@@@2013.06.24@@@,290,1,0,@@@G_DIAZ@@@)','',2,'2013-06-24'),(30552,'INSERT INTO gne_vale_ferreteria_mov (vfe_id,pro_codigo_plu,vfm_cantidad,vfm_unitario,vfm_total,vfm_entregado) VALUES (3488,1536,1,290,290,@@@NO@@@)','',2,'2013-06-24'),(30553,'INSERT INTO gne_vale_ferreteria (vfe_id,vfe_fecha,vfe_total,vfe_estado,vfe_entregado,usu_nusuario) VALUES (3489,@@@2013.06.24@@@,890,1,0,@@@G_DIAZ@@@)','',2,'2013-06-24'),(30554,'INSERT INTO gne_vale_ferreteria_mov (vfe_id,pro_codigo_plu,vfm_cantidad,vfm_unitario,vfm_total,vfm_entregado) VALUES (3489,20882,1,890,890,@@@NO@@@)','',2,'2013-06-24'),(30555,'INSERT INTO gne_vale_ferreteria (vfe_id,vfe_fecha,vfe_total,vfe_estado,vfe_entregado,usu_nusuario) VALUES (3490,@@@2013.06.24@@@,450,1,0,@@@G_DIAZ@@@)','',2,'2013-06-24'),(30556,'INSERT INTO gne_vale_ferreteria_mov (vfe_id,pro_codigo_plu,vfm_cantidad,vfm_unitario,vfm_total,vfm_entregado) VALUES (3490,780721103,1,450,450,@@@NO@@@)','',2,'2013-06-24'),(30557,'INSERT INTO gne_vale_ferreteria (vfe_id,vfe_fecha,vfe_total,vfe_estado,vfe_entregado,usu_nusuario) VALUES (3491,@@@2013.06.24@@@,1900,1,0,@@@G_DIAZ@@@)','',2,'2013-06-24'),(30558,'INSERT INTO gne_vale_ferreteria_mov (vfe_id,pro_codigo_plu,vfm_cantidad,vfm_unitario,vfm_total,vfm_entregado) VALUES (3491,764509,1,490,490,@@@NO@@@)','',2,'2013-06-24'),(30559,'INSERT INTO gne_vale_ferreteria_mov (vfe_id,pro_codigo_plu,vfm_cantidad,vfm_unitario,vfm_total,vfm_entregado) VALUES (3491,763588,1,330,330,@@@NO@@@)','',2,'2013-06-24'),(30560,'INSERT INTO gne_vale_ferreteria_mov (vfe_id,pro_codigo_plu,vfm_cantidad,vfm_unitario,vfm_total,vfm_entregado) VALUES (3491,764157,9,120,1080,@@@NO@@@)','',2,'2013-06-24'),(30561,'INSERT INTO gne_vale_ferreteria (vfe_id,vfe_fecha,vfe_total,vfe_estado,vfe_entregado,usu_nusuario) VALUES (3492,@@@2013.06.24@@@,650,1,0,@@@G_DIAZ@@@)','',2,'2013-06-24'),(30562,'INSERT INTO gne_vale_ferreteria_mov (vfe_id,pro_codigo_plu,vfm_cantidad,vfm_unitario,vfm_total,vfm_entregado) VALUES (3492,780220188,2,100,200,@@@NO@@@)','',2,'2013-06-24'),(30563,'INSERT INTO gne_vale_ferreteria_mov (vfe_id,pro_codigo_plu,vfm_cantidad,vfm_unitario,vfm_total,vfm_entregado) VALUES (3492,764016,1,450,450,@@@NO@@@)','',2,'2013-06-24'),(30564,'INSERT INTO mae_productos (pro_codigo_plu,pro_codigo_barra,pro_tipo,pro_nombre_producto,pro_nombre_corto,med_id,emb_id,pro_unidades_embalaje,dep_id,lin_id,mar_id,pro_precio_compra_neto,pro_precio_compra_bruto,pro_precio_venta,pro_margen_actual,pro_oferta,pro_fecha_inicio_oferta,pro_fecha_termino_oferta,pro_precio_oferta,pro_stock_minimo,pro_stock_critico,pro_entradas_bodega,pro_salidas_bodega,pro_mermas_bodega,pro_ajustes_bodega,pro_entradas_sv,pro_salidas_sv,pro_mermas_sv,pro_ajustes_sv,pro_activo,rec_numero,pro_unidad,pro_capacidad,pro_consumo_bodega,pro_consumo_sv,pro_estado,pro_funcion_plu,pro_flejes,pro_iva,pro_plu_asociado,pro_envase,pro_duracion,pro_numero_etiqueta) VALUES (780721240,@@@7806515010052@@@,@@@0@@@,@@@AUTOADHESIVO PARA ARCHIVADOR@@@,@@@AUTOADHESIVO PAR@@@,@@@1 @@@,@@@3 @@@,@@@0@@@,@@@24 @@@,@@@138@@@,@@@2507@@@,@@@0@@@,@@@0@@@,@@@490@@@,@@@0@@@,@@@@@@,@@@2013.06.24@@@,@@@2013.06.24@@@,@@@0@@@,@@@0@@@,@@@0@@@,@@@0@@@,@@@0@@@,@@@0@@@,@@@0@@@,@@@0@@@,@@@0@@@,@@@0@@@,@@@0@@@,@@@1@@@,@@@0@@@,0,1,0,0,2,0,1,1,0,@@@NO@@@,0,0)','',2,'2013-06-24'),(30565,'DELETE FROM mae_impuestos_productos WHERE pro_codigo_plu=@@@780721240@@@','',2,'2013-06-24'),(30566,'UPDATE mae_productos SET pro_precio_compra_bruto=958,pro_margen_actual=(pro_precio_venta-958)/958 * 100,pro_ultima_compra=@@@2013.06.24@@@,pro_ultimo_proveedor=@@@93281000-k@@@ WHERE pro_codigo_plu=761540','',2,'2013-06-24'),(30567,'UPDATE mae_productos SET pro_precio_compra_bruto=958,pro_margen_actual=(pro_precio_venta-958)/958 * 100,pro_ultima_compra=@@@2013.06.24@@@,pro_ultimo_proveedor=@@@93281000-k@@@ WHERE pro_codigo_plu=761542','',2,'2013-06-24'),(30568,'UPDATE mae_productos SET pro_precio_compra_bruto=958,pro_margen_actual=(pro_precio_venta-958)/958 * 100,pro_ultima_compra=@@@2013.06.24@@@,pro_ultimo_proveedor=@@@93281000-k@@@ WHERE pro_codigo_plu=761541','',2,'2013-06-24'),(30569,'UPDATE mae_productos SET pro_precio_compra_bruto=1237,pro_margen_actual=(pro_precio_venta-1237)/1237 * 100,pro_ultima_compra=@@@2013.06.24@@@,pro_ultimo_proveedor=@@@93281000-k@@@ WHERE pro_codigo_plu=262404','',2,'2013-06-24'),(30570,'UPDATE mae_productos SET pro_precio_compra_bruto=1237,pro_margen_actual=(pro_precio_venta-1237)/1237 * 100,pro_ultima_compra=@@@2013.06.24@@@,pro_ultimo_proveedor=@@@93281000-k@@@ WHERE pro_codigo_plu=763370','',2,'2013-06-24'),(30571,'UPDATE mae_productos SET pro_precio_compra_bruto=1237,pro_margen_actual=(pro_precio_venta-1237)/1237 * 100,pro_ultima_compra=@@@2013.06.24@@@,pro_ultimo_proveedor=@@@93281000-k@@@ WHERE pro_codigo_plu=17162','',2,'2013-06-24'),(30572,'UPDATE mae_productos SET pro_precio_compra_bruto=1237,pro_margen_actual=(pro_precio_venta-1237)/1237 * 100,pro_ultima_compra=@@@2013.06.24@@@,pro_ultimo_proveedor=@@@93281000-k@@@ WHERE pro_codigo_plu=17219','',2,'2013-06-24'),(30573,'INSERT INTO gne_vale_ferreteria (vfe_id,vfe_fecha,vfe_total,vfe_estado,vfe_entregado,usu_nusuario) VALUES (3493,@@@2013.06.24@@@,500,1,0,@@@admin@@@)','',2,'2013-06-24'),(30574,'INSERT INTO gne_vale_ferreteria_mov (vfe_id,pro_codigo_plu,vfm_cantidad,vfm_unitario,vfm_total,vfm_entregado) VALUES (3493,78017191,4,40,160,@@@NO@@@)','',2,'2013-06-24'),(30575,'INSERT INTO gne_vale_ferreteria_mov (vfe_id,pro_codigo_plu,vfm_cantidad,vfm_unitario,vfm_total,vfm_entregado) VALUES (3493,764833,10,10,100,@@@NO@@@)','',2,'2013-06-24'),(30576,'INSERT INTO gne_vale_ferreteria_mov (vfe_id,pro_codigo_plu,vfm_cantidad,vfm_unitario,vfm_total,vfm_entregado) VALUES (3493,763778,1,240,240,@@@NO@@@)','',2,'2013-06-24'),(30577,'INSERT INTO gne_vale_ferreteria (vfe_id,vfe_fecha,vfe_total,vfe_estado,vfe_entregado,usu_nusuario) VALUES (3494,@@@2013.06.24@@@,460,1,0,@@@admin@@@)','',2,'2013-06-24'),(30578,'INSERT INTO gne_vale_ferreteria_mov (vfe_id,pro_codigo_plu,vfm_cantidad,vfm_unitario,vfm_total,vfm_entregado) VALUES (3494,78017007,2,120,240,@@@NO@@@)','',2,'2013-06-24'),(30579,'INSERT INTO gne_vale_ferreteria_mov (vfe_id,pro_codigo_plu,vfm_cantidad,vfm_unitario,vfm_total,vfm_entregado) VALUES (3494,8022,1,120,120,@@@NO@@@)','',2,'2013-06-24'),(30580,'INSERT INTO gne_vale_ferreteria_mov (vfe_id,pro_codigo_plu,vfm_cantidad,vfm_unitario,vfm_total,vfm_entregado) VALUES (3494,78017235,1,100,100,@@@NO@@@)','',2,'2013-06-24'),(30581,'INSERT INTO gne_vale_ferreteria (vfe_id,vfe_fecha,vfe_total,vfe_estado,vfe_entregado,usu_nusuario) VALUES (3495,@@@2013.06.24@@@,150,1,0,@@@admin@@@)','',2,'2013-06-24'),(30582,'INSERT INTO gne_vale_ferreteria_mov (vfe_id,pro_codigo_plu,vfm_cantidad,vfm_unitario,vfm_total,vfm_entregado) VALUES (3495,8021,1,150,150,@@@NO@@@)','',2,'2013-06-24'),(30583,'INSERT INTO gne_vale_ferreteria (vfe_id,vfe_fecha,vfe_total,vfe_estado,vfe_entregado,usu_nusuario) VALUES (3496,@@@2013.06.24@@@,120,1,0,@@@admin@@@)','',2,'2013-06-24'),(30584,'INSERT INTO gne_vale_ferreteria_mov (vfe_id,pro_codigo_plu,vfm_cantidad,vfm_unitario,vfm_total,vfm_entregado) VALUES (3496,8022,1,120,120,@@@NO@@@)','',2,'2013-06-24'),(30585,'INSERT INTO gne_vale_ferreteria (vfe_id,vfe_fecha,vfe_total,vfe_estado,vfe_entregado,usu_nusuario) VALUES (3497,@@@2013.06.24@@@,900,1,0,@@@admin@@@)','',2,'2013-06-24'),(30586,'INSERT INTO gne_vale_ferreteria_mov (vfe_id,pro_codigo_plu,vfm_cantidad,vfm_unitario,vfm_total,vfm_entregado) VALUES (3497,763883,1,900,900,@@@NO@@@)','',2,'2013-06-24'),(30587,'INSERT INTO gne_vale_ferreteria (vfe_id,vfe_fecha,vfe_total,vfe_estado,vfe_entregado,usu_nusuario) VALUES (3498,@@@2013.06.24@@@,3490,1,0,@@@admin@@@)','',2,'2013-06-24'),(30588,'INSERT INTO gne_vale_ferreteria_mov (vfe_id,pro_codigo_plu,vfm_cantidad,vfm_unitario,vfm_total,vfm_entregado) VALUES (3498,101047,1,2590,2590,@@@NO@@@)','',2,'2013-06-24'),(30589,'INSERT INTO gne_vale_ferreteria_mov (vfe_id,pro_codigo_plu,vfm_cantidad,vfm_unitario,vfm_total,vfm_entregado) VALUES (3498,763883,1,900,900,@@@NO@@@)','',2,'2013-06-24'),(30590,'INSERT INTO gne_vale_ferreteria (vfe_id,vfe_fecha,vfe_total,vfe_estado,vfe_entregado,usu_nusuario) VALUES (3499,@@@2013.06.24@@@,100,1,0,@@@admin@@@)','',2,'2013-06-24'),(30591,'INSERT INTO gne_vale_ferreteria_mov (vfe_id,pro_codigo_plu,vfm_cantidad,vfm_unitario,vfm_total,vfm_entregado) VALUES (3499,78017235,1,100,100,@@@NO@@@)','',2,'2013-06-24'),(30592,'INSERT INTO gne_vale_ferreteria (vfe_id,vfe_fecha,vfe_total,vfe_estado,vfe_entregado,usu_nusuario) VALUES (3500,@@@2013.06.24@@@,790,1,0,@@@admin@@@)','',2,'2013-06-24'),(30593,'INSERT INTO gne_vale_ferreteria_mov (vfe_id,pro_codigo_plu,vfm_cantidad,vfm_unitario,vfm_total,vfm_entregado) VALUES (3500,1071,1,790,790,@@@NO@@@)','',2,'2013-06-24'),(30594,'INSERT INTO gne_vale_ferreteria (vfe_id,vfe_fecha,vfe_total,vfe_estado,vfe_entregado,usu_nusuario) VALUES (3501,@@@2013.06.24@@@,40,1,0,@@@admin@@@)','',2,'2013-06-24'),(30595,'INSERT INTO gne_vale_ferreteria_mov (vfe_id,pro_codigo_plu,vfm_cantidad,vfm_unitario,vfm_total,vfm_entregado) VALUES (3501,764833,4,10,40,@@@NO@@@)','',2,'2013-06-24'),(30596,'INSERT INTO gne_vale_ferreteria (vfe_id,vfe_fecha,vfe_total,vfe_estado,vfe_entregado,usu_nusuario) VALUES (3502,@@@2013.06.24@@@,240,1,0,@@@admin@@@)','',2,'2013-06-24'),(30597,'INSERT INTO gne_vale_ferreteria_mov (vfe_id,pro_codigo_plu,vfm_cantidad,vfm_unitario,vfm_total,vfm_entregado) VALUES (3502,78017204,2,120,240,@@@NO@@@)','',2,'2013-06-24'),(30598,'INSERT INTO gne_vale_ferreteria (vfe_id,vfe_fecha,vfe_total,vfe_estado,vfe_entregado,usu_nusuario) VALUES (3503,@@@2013.06.24@@@,2310,1,0,@@@admin@@@)','',2,'2013-06-24'),(30599,'INSERT INTO gne_vale_ferreteria_mov (vfe_id,pro_codigo_plu,vfm_cantidad,vfm_unitario,vfm_total,vfm_entregado) VALUES (3503,764780,2,60,120,@@@NO@@@)','',2,'2013-06-24'),(30600,'INSERT INTO gne_vale_ferreteria_mov (vfe_id,pro_codigo_plu,vfm_cantidad,vfm_unitario,vfm_total,vfm_entregado) VALUES (3503,763621,1,2190,2190,@@@NO@@@)','',2,'2013-06-24'),(30601,'INSERT INTO gne_vale_ferreteria (vfe_id,vfe_fecha,vfe_total,vfe_estado,vfe_entregado,usu_nusuario) VALUES (3504,@@@2013.06.24@@@,1380,1,0,@@@admin@@@)','',2,'2013-06-24'),(30602,'INSERT INTO gne_vale_ferreteria_mov (vfe_id,pro_codigo_plu,vfm_cantidad,vfm_unitario,vfm_total,vfm_entregado) VALUES (3504,764288,1,990,990,@@@NO@@@)','',2,'2013-06-24'),(30603,'INSERT INTO gne_vale_ferreteria_mov (vfe_id,pro_codigo_plu,vfm_cantidad,vfm_unitario,vfm_total,vfm_entregado) VALUES (3504,15967,3,130,390,@@@NO@@@)','',2,'2013-06-24'),(30604,'INSERT INTO gne_vale_ferreteria (vfe_id,vfe_fecha,vfe_total,vfe_estado,vfe_entregado,usu_nusuario) VALUES (3505,@@@2013.06.24@@@,120,1,0,@@@admin@@@)','',2,'2013-06-24'),(30605,'INSERT INTO gne_vale_ferreteria_mov (vfe_id,pro_codigo_plu,vfm_cantidad,vfm_unitario,vfm_total,vfm_entregado) VALUES (3505,764329,1,120,120,@@@NO@@@)','',2,'2013-06-24'),(30606,'INSERT INTO gne_vale_ferreteria (vfe_id,vfe_fecha,vfe_total,vfe_estado,vfe_entregado,usu_nusuario) VALUES (3506,@@@2013.06.24@@@,30,1,0,@@@admin@@@)','',2,'2013-06-24'),(30607,'INSERT INTO gne_vale_ferreteria_mov (vfe_id,pro_codigo_plu,vfm_cantidad,vfm_unitario,vfm_total,vfm_entregado) VALUES (3506,4801,1,30,30,@@@NO@@@)','',2,'2013-06-24'),(30608,'INSERT INTO gne_vale_ferreteria (vfe_id,vfe_fecha,vfe_total,vfe_estado,vfe_entregado,usu_nusuario) VALUES (3507,@@@2013.06.24@@@,120,1,0,@@@admin@@@)','',2,'2013-06-24'),(30609,'INSERT INTO gne_vale_ferreteria_mov (vfe_id,pro_codigo_plu,vfm_cantidad,vfm_unitario,vfm_total,vfm_entregado) VALUES (3507,8022,1,120,120,@@@NO@@@)','',2,'2013-06-24'),(30610,'UPDATE mae_productos SET pro_codigo_barra=@@@7801610022122@@@,pro_tipo=@@@0@@@,pro_nombre_producto=@@@COCA COLA LIGHT LATA 350 CC@@@,pro_nombre_corto=@@@COCA COLA LIGHT@@@,med_id=@@@6@@@,emb_id=@@@5@@@,pro_unidades_embalaje=@@@6@@@,dep_id=@@@4 @@@,lin_id=@@@220@@@,mar_id=@@@1790@@@,pro_precio_compra_neto=@@@0@@@,pro_precio_compra_bruto=@@@400@@@,pro_precio_venta=@@@500@@@,pro_margen_actual=@@@25@@@,pro_oferta=@@@NO@@@,pro_fecha_inicio_oferta=@@@1900.01.01@@@,pro_fecha_termino_oferta=@@@1900.01.01@@@,pro_precio_oferta=@@@0@@@,pro_stock_minimo=@@@6@@@,pro_stock_critico=@@@3@@@,pro_activo=@@@1@@@,pro_unidad=@@@0@@@,pro_precio_compra_bruto=400,pro_margen_actual=25,pro_capacidad=0.35,pro_funcion_plu=0,pro_flejes=1,pro_iva=1,pro_plu_asociado=0,pro_envase=@@@NO@@@,pro_duracion=0,pro_numero_etiqueta=0 WHERE pro_codigo_plu=@@@17205@@@','',2,'2013-06-24'),(30611,'UPDATE mae_productos SET pro_estado=1 WHERE pro_codigo_plu=17205','',2,'2013-06-24'),(30612,'DELETE FROM mae_impuestos_productos WHERE pro_codigo_plu=@@@17205@@@','',2,'2013-06-24'),(30613,'UPDATE mae_productos SET pro_codigo_barra=@@@7801610610008@@@,pro_tipo=@@@0@@@,pro_nombre_producto=@@@COCA COLA LATA 250 CC@@@,pro_nombre_corto=@@@COCA COLA LATA 2@@@,med_id=@@@6@@@,emb_id=@@@5@@@,pro_unidades_embalaje=@@@6@@@,dep_id=@@@4 @@@,lin_id=@@@220@@@,mar_id=@@@1790@@@,pro_precio_compra_neto=@@@0@@@,pro_precio_compra_bruto=@@@280@@@,pro_precio_venta=@@@350@@@,pro_margen_actual=@@@25@@@,pro_oferta=@@@NO@@@,pro_fecha_inicio_oferta=@@@1900.01.01@@@,pro_fecha_termino_oferta=@@@1900.01.01@@@,pro_precio_oferta=@@@0@@@,pro_stock_minimo=@@@6@@@,pro_stock_critico=@@@3@@@,pro_activo=@@@1@@@,pro_unidad=@@@0@@@,pro_precio_compra_bruto=280,pro_margen_actual=25,pro_capacidad=0.25,pro_funcion_plu=0,pro_flejes=1,pro_iva=1,pro_plu_asociado=0,pro_envase=@@@NO@@@,pro_duracion=0,pro_numero_etiqueta=0 WHERE pro_codigo_plu=@@@17200@@@','',2,'2013-06-24'),(30614,'UPDATE mae_productos SET pro_estado=1 WHERE pro_codigo_plu=17200','',2,'2013-06-24'),(30615,'DELETE FROM mae_impuestos_productos WHERE pro_codigo_plu=@@@17200@@@','',2,'2013-06-24'),(30616,'UPDATE mae_productos SET pro_codigo_barra=@@@7801610000571@@@,pro_tipo=@@@0@@@,pro_nombre_producto=@@@COCA COLA 591ML@@@,pro_nombre_corto=@@@COCA COLA 591ML@@@,med_id=@@@7@@@,emb_id=@@@3@@@,pro_unidades_embalaje=@@@0@@@,dep_id=@@@4 @@@,lin_id=@@@220@@@,mar_id=@@@1790@@@,pro_precio_compra_neto=@@@0@@@,pro_precio_compra_bruto=@@@520@@@,pro_precio_venta=@@@650@@@,pro_margen_actual=@@@25@@@,pro_oferta=@@@NO@@@,pro_fecha_inicio_oferta=@@@2013.05.20@@@,pro_fecha_termino_oferta=@@@2013.05.20@@@,pro_precio_oferta=@@@0@@@,pro_stock_minimo=@@@10@@@,pro_stock_critico=@@@5@@@,pro_activo=@@@1@@@,pro_unidad=@@@0@@@,pro_precio_compra_bruto=520,pro_margen_actual=25,pro_capacidad=591,pro_funcion_plu=0,pro_flejes=1,pro_iva=1,pro_plu_asociado=0,pro_envase=@@@NO@@@,pro_duracion=0,pro_numero_etiqueta=0 WHERE pro_codigo_plu=@@@78017106@@@','',2,'2013-06-24'),(30617,'UPDATE mae_productos SET pro_estado=1 WHERE pro_codigo_plu=78017106','',2,'2013-06-24'),(30618,'DELETE FROM mae_impuestos_productos WHERE pro_codigo_plu=@@@78017106@@@','',2,'2013-06-24'),(30619,'UPDATE mae_productos SET pro_codigo_barra=@@@7801610002933@@@,pro_tipo=@@@0@@@,pro_nombre_producto=@@@FANTA DESECHABLE 250 CC@@@,pro_nombre_corto=@@@FANTA DESECHABLE@@@,med_id=@@@6@@@,emb_id=@@@5@@@,pro_unidades_embalaje=@@@6@@@,dep_id=@@@4 @@@,lin_id=@@@220@@@,mar_id=@@@1809@@@,pro_precio_compra_neto=@@@0@@@,pro_precio_compra_bruto=@@@280@@@,pro_precio_venta=@@@350@@@,pro_margen_actual=@@@25@@@,pro_oferta=@@@NO@@@,pro_fecha_inicio_oferta=@@@1900.01.01@@@,pro_fecha_termino_oferta=@@@1900.01.01@@@,pro_precio_oferta=@@@0@@@,pro_stock_minimo=@@@6@@@,pro_stock_critico=@@@3@@@,pro_activo=@@@1@@@,pro_unidad=@@@0@@@,pro_precio_compra_bruto=280,pro_margen_actual=25,pro_capacidad=0.25,pro_funcion_plu=0,pro_flejes=1,pro_iva=1,pro_plu_asociado=0,pro_envase=@@@NO@@@,pro_duracion=0,pro_numero_etiqueta=0 WHERE pro_codigo_plu=@@@17221@@@','',2,'2013-06-24'),(30620,'UPDATE mae_productos SET pro_estado=1 WHERE pro_codigo_plu=17221','',2,'2013-06-24'),(30621,'DELETE FROM mae_impuestos_productos WHERE pro_codigo_plu=@@@17221@@@','',2,'2013-06-24'),(30622,'UPDATE mae_productos SET pro_codigo_barra=@@@7801610002261@@@,pro_tipo=@@@0@@@,pro_nombre_producto=@@@FANTA DESECHABLE 1500 CC@@@,pro_nombre_corto=@@@FANTA DESECHABLE@@@,med_id=@@@8@@@,emb_id=@@@5@@@,pro_unidades_embalaje=@@@6@@@,dep_id=@@@4 @@@,lin_id=@@@220@@@,mar_id=@@@1809@@@,pro_precio_compra_neto=@@@0@@@,pro_precio_compra_bruto=@@@800@@@,pro_precio_venta=@@@1000@@@,pro_margen_actual=@@@25@@@,pro_oferta=@@@NO@@@,pro_fecha_inicio_oferta=@@@1900.01.01@@@,pro_fecha_termino_oferta=@@@1900.01.01@@@,pro_precio_oferta=@@@0@@@,pro_stock_minimo=@@@6@@@,pro_stock_critico=@@@3@@@,pro_activo=@@@1@@@,pro_unidad=@@@0@@@,pro_precio_compra_bruto=800,pro_margen_actual=25,pro_capacidad=1.5,pro_funcion_plu=0,pro_flejes=1,pro_iva=1,pro_plu_asociado=0,pro_envase=@@@NO@@@,pro_duracion=0,pro_numero_etiqueta=0 WHERE pro_codigo_plu=@@@17224@@@','',2,'2013-06-24'),(30623,'UPDATE mae_productos SET pro_estado=1 WHERE pro_codigo_plu=17224','',2,'2013-06-24'),(30624,'DELETE FROM mae_impuestos_productos WHERE pro_codigo_plu=@@@17224@@@','',2,'2013-06-24'),(30625,'UPDATE mae_productos SET pro_precio_venta=500,pro_margen_actual=25, pro_precio_compra_bruto=400, pro_precio_compra_neto=336.134453781513 WHERE pro_codigo_plu=17329','',2,'2013-06-24'),(30626,'UPDATE mae_productos SET pro_precio_venta=350,pro_margen_actual=25, pro_precio_compra_bruto=280, pro_precio_compra_neto=235.294117647059 WHERE pro_codigo_plu=13594','',2,'2013-06-24'),(30627,'UPDATE mae_productos SET pro_precio_compra_bruto=400,pro_margen_actual=(pro_precio_venta-400)/400 * 100,pro_ultima_compra=@@@2013.06.24@@@,pro_ultimo_proveedor=@@@93281000-K@@@ WHERE pro_codigo_plu=17205','',2,'2013-06-24'),(30628,'UPDATE mae_productos SET pro_precio_compra_bruto=400,pro_margen_actual=(pro_precio_venta-400)/400 * 100,pro_ultima_compra=@@@2013.06.24@@@,pro_ultimo_proveedor=@@@93281000-K@@@ WHERE pro_codigo_plu=17329','',2,'2013-06-24'),(30629,'UPDATE mae_productos SET pro_precio_compra_bruto=280,pro_margen_actual=(pro_precio_venta-280)/280 * 100,pro_ultima_compra=@@@2013.06.24@@@,pro_ultimo_proveedor=@@@93281000-K@@@ WHERE pro_codigo_plu=17200','',2,'2013-06-24'),(30630,'UPDATE mae_productos SET pro_precio_compra_bruto=280,pro_margen_actual=(pro_precio_venta-280)/280 * 100,pro_ultima_compra=@@@2013.06.24@@@,pro_ultimo_proveedor=@@@93281000-K@@@ WHERE pro_codigo_plu=13594','',2,'2013-06-24'),(30631,'UPDATE mae_productos SET pro_precio_compra_bruto=280,pro_margen_actual=(pro_precio_venta-280)/280 * 100,pro_ultima_compra=@@@2013.06.24@@@,pro_ultimo_proveedor=@@@93281000-K@@@ WHERE pro_codigo_plu=17342','',2,'2013-06-24'),(30632,'UPDATE mae_productos SET pro_precio_compra_bruto=280,pro_margen_actual=(pro_precio_venta-280)/280 * 100,pro_ultima_compra=@@@2013.06.24@@@,pro_ultimo_proveedor=@@@93281000-K@@@ WHERE pro_codigo_plu=17340','',2,'2013-06-24'),(30633,'UPDATE mae_productos SET pro_precio_compra_bruto=280,pro_margen_actual=(pro_precio_venta-280)/280 * 100,pro_ultima_compra=@@@2013.06.24@@@,pro_ultimo_proveedor=@@@93281000-K@@@ WHERE pro_codigo_plu=763391','',2,'2013-06-24'),(30634,'UPDATE mae_productos SET pro_precio_compra_bruto=400,pro_margen_actual=(pro_precio_venta-400)/400 * 100,pro_ultima_compra=@@@2013.06.24@@@,pro_ultimo_proveedor=@@@93281000-K@@@ WHERE pro_codigo_plu=17337','',2,'2013-06-24'),(30635,'UPDATE mae_productos SET pro_precio_compra_bruto=400,pro_margen_actual=(pro_precio_venta-400)/400 * 100,pro_ultima_compra=@@@2013.06.24@@@,pro_ultimo_proveedor=@@@93281000-K@@@ WHERE pro_codigo_plu=17415','',2,'2013-06-24'),(30636,'UPDATE mae_productos SET pro_precio_compra_bruto=400,pro_margen_actual=(pro_precio_venta-400)/400 * 100,pro_ultima_compra=@@@2013.06.24@@@,pro_ultimo_proveedor=@@@93281000-K@@@ WHERE pro_codigo_plu=17216','',2,'2013-06-24'),(30637,'UPDATE mae_productos SET pro_precio_compra_bruto=400,pro_margen_actual=(pro_precio_venta-400)/400 * 100,pro_ultima_compra=@@@2013.06.24@@@,pro_ultimo_proveedor=@@@93281000-K@@@ WHERE pro_codigo_plu=17206','',2,'2013-06-24'),(30638,'UPDATE mae_productos SET pro_precio_compra_bruto=520,pro_margen_actual=(pro_precio_venta-520)/520 * 100,pro_ultima_compra=@@@2013.06.24@@@,pro_ultimo_proveedor=@@@93281000-K@@@ WHERE pro_codigo_plu=78017106','',2,'2013-06-24'),(30639,'UPDATE mae_productos SET pro_precio_compra_bruto=520,pro_margen_actual=(pro_precio_venta-520)/520 * 100,pro_ultima_compra=@@@2013.06.24@@@,pro_ultimo_proveedor=@@@93281000-K@@@ WHERE pro_codigo_plu=17190','',2,'2013-06-24'),(30640,'UPDATE mae_productos SET pro_precio_compra_bruto=280,pro_margen_actual=(pro_precio_venta-280)/280 * 100,pro_ultima_compra=@@@2013.06.24@@@,pro_ultimo_proveedor=@@@93281000-K@@@ WHERE pro_codigo_plu=17221','',2,'2013-06-24'),(30641,'UPDATE mae_productos SET pro_precio_compra_bruto=280,pro_margen_actual=(pro_precio_venta-280)/280 * 100,pro_ultima_compra=@@@2013.06.24@@@,pro_ultimo_proveedor=@@@93281000-K@@@ WHERE pro_codigo_plu=17163','',2,'2013-06-24'),(30642,'UPDATE mae_productos SET pro_precio_compra_bruto=520,pro_margen_actual=(pro_precio_venta-520)/520 * 100,pro_ultima_compra=@@@2013.06.24@@@,pro_ultimo_proveedor=@@@93281000-K@@@ WHERE pro_codigo_plu=17218','',2,'2013-06-24'),(30643,'UPDATE mae_productos SET pro_precio_compra_bruto=520,pro_margen_actual=(pro_precio_venta-520)/520 * 100,pro_ultima_compra=@@@2013.06.24@@@,pro_ultimo_proveedor=@@@93281000-K@@@ WHERE pro_codigo_plu=763374','',2,'2013-06-24'),(30644,'UPDATE mae_productos SET pro_precio_compra_bruto=560,pro_margen_actual=(pro_precio_venta-560)/560 * 100,pro_ultima_compra=@@@2013.06.24@@@,pro_ultimo_proveedor=@@@93281000-K@@@ WHERE pro_codigo_plu=17225','',2,'2013-06-24'),(30645,'UPDATE mae_productos SET pro_precio_compra_bruto=800,pro_margen_actual=(pro_precio_venta-800)/800 * 100,pro_ultima_compra=@@@2013.06.24@@@,pro_ultimo_proveedor=@@@93281000-K@@@ WHERE pro_codigo_plu=17224','',2,'2013-06-24'),(30646,'UPDATE mae_productos SET pro_precio_compra_bruto=560,pro_margen_actual=(pro_precio_venta-560)/560 * 100,pro_ultima_compra=@@@2013.06.24@@@,pro_ultimo_proveedor=@@@93281000-K@@@ WHERE pro_codigo_plu=17313','',2,'2013-06-24'),(30647,'UPDATE mae_productos SET pro_precio_compra_bruto=800,pro_margen_actual=(pro_precio_venta-800)/800 * 100,pro_ultima_compra=@@@2013.06.24@@@,pro_ultimo_proveedor=@@@93281000-K@@@ WHERE pro_codigo_plu=17414','',2,'2013-06-24'),(30648,'UPDATE mae_productos SET pro_precio_compra_bruto=560,pro_margen_actual=(pro_precio_venta-560)/560 * 100,pro_ultima_compra=@@@2013.06.24@@@,pro_ultimo_proveedor=@@@93281000-K@@@ WHERE pro_codigo_plu=17208','',2,'2013-06-24'),(30649,'UPDATE mae_productos SET pro_precio_compra_bruto=800,pro_margen_actual=(pro_precio_venta-800)/800 * 100,pro_ultima_compra=@@@2013.06.24@@@,pro_ultimo_proveedor=@@@93281000-K@@@ WHERE pro_codigo_plu=17167','',2,'2013-06-24'),(30650,'UPDATE mae_productos SET pro_precio_compra_bruto=800,pro_margen_actual=(pro_precio_venta-800)/800 * 100,pro_ultima_compra=@@@2013.06.24@@@,pro_ultimo_proveedor=@@@93281000-K@@@ WHERE pro_codigo_plu=17166','',2,'2013-06-24'),(30651,'INSERT INTO gne_vale_ferreteria (vfe_id,vfe_fecha,vfe_total,vfe_estado,vfe_entregado,usu_nusuario) VALUES (3508,@@@2013.06.24@@@,100,1,0,@@@admin@@@)','',2,'2013-06-24'),(30652,'INSERT INTO gne_vale_ferreteria_mov (vfe_id,pro_codigo_plu,vfm_cantidad,vfm_unitario,vfm_total,vfm_entregado) VALUES (3508,770023,1,100,100,@@@NO@@@)','',2,'2013-06-24'),(30653,'INSERT INTO gne_vale_ferreteria (vfe_id,vfe_fecha,vfe_total,vfe_estado,vfe_entregado,usu_nusuario) VALUES (3509,@@@2013.06.24@@@,1360,1,0,@@@admin@@@)','',2,'2013-06-24'),(30654,'INSERT INTO gne_vale_ferreteria_mov (vfe_id,pro_codigo_plu,vfm_cantidad,vfm_unitario,vfm_total,vfm_entregado) VALUES (3509,19866,2,680,1360,@@@NO@@@)','',2,'2013-06-24'),(30655,'INSERT INTO gne_vale_ferreteria (vfe_id,vfe_fecha,vfe_total,vfe_estado,vfe_entregado,usu_nusuario) VALUES (3510,@@@2013.06.24@@@,120,1,0,@@@admin@@@)','',2,'2013-06-24'),(30656,'INSERT INTO gne_vale_ferreteria_mov (vfe_id,pro_codigo_plu,vfm_cantidad,vfm_unitario,vfm_total,vfm_entregado) VALUES (3510,8022,1,120,120,@@@NO@@@)','',2,'2013-06-24'),(30657,'INSERT INTO gne_vale_ferreteria (vfe_id,vfe_fecha,vfe_total,vfe_estado,vfe_entregado,usu_nusuario) VALUES (3511,@@@2013.06.24@@@,1540,1,0,@@@admin@@@)','',2,'2013-06-24'),(30658,'INSERT INTO gne_vale_ferreteria_mov (vfe_id,pro_codigo_plu,vfm_cantidad,vfm_unitario,vfm_total,vfm_entregado) VALUES (3511,765062,1,990,990,@@@NO@@@)','',2,'2013-06-24'),(30659,'INSERT INTO gne_vale_ferreteria_mov (vfe_id,pro_codigo_plu,vfm_cantidad,vfm_unitario,vfm_total,vfm_entregado) VALUES (3511,763582,1,550,550,@@@NO@@@)','',2,'2013-06-24'),(30660,'INSERT INTO gne_vale_ferreteria (vfe_id,vfe_fecha,vfe_total,vfe_estado,vfe_entregado,usu_nusuario) VALUES (3512,@@@2013.06.24@@@,490,1,0,@@@admin@@@)','',2,'2013-06-24'),(30661,'INSERT INTO gne_vale_ferreteria_mov (vfe_id,pro_codigo_plu,vfm_cantidad,vfm_unitario,vfm_total,vfm_entregado) VALUES (3512,764701,1,490,490,@@@NO@@@)','',2,'2013-06-24'),(30662,'INSERT INTO gne_vale_ferreteria (vfe_id,vfe_fecha,vfe_total,vfe_estado,vfe_entregado,usu_nusuario) VALUES (3513,@@@2013.06.25@@@,400,1,0,@@@S_BIZAMA@@@)','',2,'2013-06-25'),(30663,'INSERT INTO gne_vale_ferreteria_mov (vfe_id,pro_codigo_plu,vfm_cantidad,vfm_unitario,vfm_total,vfm_entregado) VALUES (3513,78017176,2,200,400,@@@NO@@@)','',2,'2013-06-25'),(30664,'INSERT INTO gne_vale_ferreteria (vfe_id,vfe_fecha,vfe_total,vfe_estado,vfe_entregado,usu_nusuario) VALUES (3514,@@@2013.06.25@@@,1200,1,0,@@@S_BIZAMA@@@)','',2,'2013-06-25'),(30665,'INSERT INTO gne_vale_ferreteria_mov (vfe_id,pro_codigo_plu,vfm_cantidad,vfm_unitario,vfm_total,vfm_entregado) VALUES (3514,78017005,8,120,960,@@@NO@@@)','',2,'2013-06-25'),(30666,'INSERT INTO gne_vale_ferreteria_mov (vfe_id,pro_codigo_plu,vfm_cantidad,vfm_unitario,vfm_total,vfm_entregado) VALUES (3514,8022,1,120,120,@@@NO@@@)','',2,'2013-06-25'),(30667,'INSERT INTO gne_vale_ferreteria_mov (vfe_id,pro_codigo_plu,vfm_cantidad,vfm_unitario,vfm_total,vfm_entregado) VALUES (3514,764780,2,60,120,@@@NO@@@)','',2,'2013-06-25'),(30668,'INSERT INTO gne_vale_ferreteria (vfe_id,vfe_fecha,vfe_total,vfe_estado,vfe_entregado,usu_nusuario) VALUES (3515,@@@2013.06.25@@@,240,1,0,@@@S_BIZAMA@@@)','',2,'2013-06-25'),(30669,'INSERT INTO gne_vale_ferreteria_mov (vfe_id,pro_codigo_plu,vfm_cantidad,vfm_unitario,vfm_total,vfm_entregado) VALUES (3515,764766,2,120,240,@@@NO@@@)','',2,'2013-06-25'),(30670,'INSERT INTO gne_vale_ferreteria (vfe_id,vfe_fecha,vfe_total,vfe_estado,vfe_entregado,usu_nusuario) VALUES (3516,@@@2013.06.25@@@,300,1,0,@@@S_BIZAMA@@@)','',2,'2013-06-25'),(30671,'INSERT INTO gne_vale_ferreteria_mov (vfe_id,pro_codigo_plu,vfm_cantidad,vfm_unitario,vfm_total,vfm_entregado) VALUES (3516,4083,1,300,300,@@@NO@@@)','',2,'2013-06-25'),(30672,'INSERT INTO gne_vale_ferreteria (vfe_id,vfe_fecha,vfe_total,vfe_estado,vfe_entregado,usu_nusuario) VALUES (3517,@@@2013.06.25@@@,240,1,0,@@@S_BIZAMA@@@)','',2,'2013-06-25'),(30673,'INSERT INTO gne_vale_ferreteria_mov (vfe_id,pro_codigo_plu,vfm_cantidad,vfm_unitario,vfm_total,vfm_entregado) VALUES (3517,8022,2,120,240,@@@NO@@@)','',2,'2013-06-25'),(30674,'INSERT INTO gne_vale_ferreteria (vfe_id,vfe_fecha,vfe_total,vfe_estado,vfe_entregado,usu_nusuario) VALUES (3518,@@@2013.06.25@@@,950,1,0,@@@S_BIZAMA@@@)','',2,'2013-06-25'),(30675,'INSERT INTO gne_vale_ferreteria_mov (vfe_id,pro_codigo_plu,vfm_cantidad,vfm_unitario,vfm_total,vfm_entregado) VALUES (3518,14106,1,950,950,@@@NO@@@)','',2,'2013-06-25'),(30676,'INSERT INTO gne_vale_ferreteria (vfe_id,vfe_fecha,vfe_total,vfe_estado,vfe_entregado,usu_nusuario) VALUES (3519,@@@2013.06.25@@@,120,1,0,@@@S_BIZAMA@@@)','',2,'2013-06-25'),(30677,'INSERT INTO gne_vale_ferreteria_mov (vfe_id,pro_codigo_plu,vfm_cantidad,vfm_unitario,vfm_total,vfm_entregado) VALUES (3519,78017059,1,120,120,@@@NO@@@)','',2,'2013-06-25'),(30678,'INSERT INTO gne_vale_ferreteria (vfe_id,vfe_fecha,vfe_total,vfe_estado,vfe_entregado,usu_nusuario) VALUES (3520,@@@2013.06.25@@@,330,1,0,@@@S_BIZAMA@@@)','',2,'2013-06-25'),(30679,'INSERT INTO gne_vale_ferreteria_mov (vfe_id,pro_codigo_plu,vfm_cantidad,vfm_unitario,vfm_total,vfm_entregado) VALUES (3520,764507,1,330,330,@@@NO@@@)','',2,'2013-06-25'),(30680,'UPDATE mae_productos SET pro_margen_actual=0,pro_precio_venta=490 WHERE pro_codigo_plu=780721240','',2,'2013-06-25'),(30681,'UPDATE mae_productos SET pro_margen_actual=25,pro_precio_venta=650 WHERE pro_codigo_plu=78017106','',2,'2013-06-25'),(30682,'UPDATE mae_productos SET pro_margen_actual=25,pro_precio_venta=350 WHERE pro_codigo_plu=17200','',2,'2013-06-25'),(30683,'UPDATE mae_productos SET pro_margen_actual=25,pro_precio_venta=500 WHERE pro_codigo_plu=17205','',2,'2013-06-25'),(30684,'UPDATE mae_productos SET pro_margen_actual=25,pro_precio_venta=1000 WHERE pro_codigo_plu=17224','',2,'2013-06-25'),(30685,'UPDATE mae_productos SET pro_margen_actual=25,pro_precio_venta=350 WHERE pro_codigo_plu=17221','',2,'2013-06-25'),(30686,'UPDATE mae_productos SET pro_margen_actual=0,pro_precio_venta=150 WHERE pro_codigo_plu=780721239','',2,'2013-06-25'),(30687,'UPDATE mae_productos SET pro_margen_actual=0,pro_precio_venta=2100 WHERE pro_codigo_plu=17803','',2,'2013-06-25'),(30688,'UPDATE mae_productos SET pro_precio_fiscal=pro_precio_venta WHERE pro_codigo_plu=780721239','',2,'2013-06-25'),(30689,'UPDATE mae_productos SET pro_precio_fiscal=pro_precio_venta WHERE pro_codigo_plu=17329','',2,'2013-06-25'),(30690,'UPDATE mae_productos SET pro_precio_fiscal=pro_precio_venta WHERE pro_codigo_plu=13594','',2,'2013-06-25'),(30691,'UPDATE mae_productos SET pro_precio_fiscal=pro_precio_venta WHERE pro_codigo_plu=17803','',2,'2013-06-25'),(30692,'UPDATE mae_productos SET pro_precio_fiscal=pro_precio_venta WHERE pro_codigo_plu=780721240','',2,'2013-06-25'),(30693,'UPDATE mae_productos SET pro_precio_venta=650,pro_margen_actual=30.03, pro_precio_compra_bruto=499.9, pro_precio_compra_neto=420.084033613445 WHERE pro_codigo_plu=12373','',2,'2013-06-25'),(30694,'UPDATE mae_productos SET pro_precio_venta=330,pro_margen_actual=30.43, pro_precio_compra_bruto=253, pro_precio_compra_neto=212.605042016807 WHERE pro_codigo_plu=763289','',2,'2013-06-25'),(30695,'UPDATE mae_productos SET pro_precio_venta=330,pro_margen_actual=30.49, pro_precio_compra_bruto=252.9, pro_precio_compra_neto=212.521008403361 WHERE pro_codigo_plu=763297','',2,'2013-06-25'),(30696,'UPDATE mae_productos SET pro_precio_venta=330,pro_margen_actual=30.43, pro_precio_compra_bruto=253, pro_precio_compra_neto=212.605042016807 WHERE pro_codigo_plu=763290','',2,'2013-06-25'),(30697,'UPDATE mae_productos SET pro_precio_venta=330,pro_margen_actual=30.43, pro_precio_compra_bruto=253, pro_precio_compra_neto=212.605042016807 WHERE pro_codigo_plu=764862','',2,'2013-06-25'),(30698,'UPDATE mae_productos SET pro_precio_venta=330,pro_margen_actual=30.43, pro_precio_compra_bruto=253, pro_precio_compra_neto=212.605042016807 WHERE pro_codigo_plu=78017199','',2,'2013-06-25'),(30699,'UPDATE mae_productos SET pro_precio_venta=1170,pro_margen_actual=30.43, pro_precio_compra_bruto=897, pro_precio_compra_neto=753.781512605042 WHERE pro_codigo_plu=10975','',2,'2013-06-25'),(30700,'UPDATE mae_productos SET pro_precio_compra_bruto=98,pro_margen_actual=(pro_precio_venta-98)/98 * 100,pro_ultima_compra=@@@2013.06.25@@@,pro_ultimo_proveedor=@@@96591040-9@@@ WHERE pro_codigo_plu=761492','',2,'2013-06-25'),(30701,'UPDATE mae_productos SET pro_precio_compra_bruto=42,pro_margen_actual=(pro_precio_venta-42)/42 * 100,pro_ultima_compra=@@@2013.06.25@@@,pro_ultimo_proveedor=@@@96591040-9@@@ WHERE pro_codigo_plu=4072','',2,'2013-06-25'),(30702,'UPDATE mae_productos SET pro_precio_compra_bruto=445,pro_margen_actual=(pro_precio_venta-445)/445 * 100,pro_ultima_compra=@@@2013.06.25@@@,pro_ultimo_proveedor=@@@96591040-9@@@ WHERE pro_codigo_plu=11040','',2,'2013-06-25'),(30703,'UPDATE mae_productos SET pro_precio_compra_bruto=445,pro_margen_actual=(pro_precio_venta-445)/445 * 100,pro_ultima_compra=@@@2013.06.25@@@,pro_ultimo_proveedor=@@@96591040-9@@@ WHERE pro_codigo_plu=11045','',2,'2013-06-25'),(30704,'UPDATE mae_productos SET pro_precio_compra_bruto=338,pro_margen_actual=(pro_precio_venta-338)/338 * 100,pro_ultima_compra=@@@2013.06.25@@@,pro_ultimo_proveedor=@@@96591040-9@@@ WHERE pro_codigo_plu=11954','',2,'2013-06-25'),(30705,'UPDATE mae_productos SET pro_precio_compra_bruto=323,pro_margen_actual=(pro_precio_venta-323)/323 * 100,pro_ultima_compra=@@@2013.06.25@@@,pro_ultimo_proveedor=@@@96591040-9@@@ WHERE pro_codigo_plu=12249','',2,'2013-06-25'),(30706,'UPDATE mae_productos SET pro_precio_compra_bruto=338,pro_margen_actual=(pro_precio_venta-338)/338 * 100,pro_ultima_compra=@@@2013.06.25@@@,pro_ultimo_proveedor=@@@96591040-9@@@ WHERE pro_codigo_plu=12157','',2,'2013-06-25'),(30707,'UPDATE mae_productos SET pro_precio_compra_bruto=499.9,pro_margen_actual=(pro_precio_venta-499.9)/499.9 * 100,pro_ultima_compra=@@@2013.06.25@@@,pro_ultimo_proveedor=@@@96591040-9@@@ WHERE pro_codigo_plu=12373','',2,'2013-06-25'),(30708,'UPDATE mae_productos SET pro_precio_compra_bruto=244,pro_margen_actual=(pro_precio_venta-244)/244 * 100,pro_ultima_compra=@@@2013.06.25@@@,pro_ultimo_proveedor=@@@96591040-9@@@ WHERE pro_codigo_plu=11963','',2,'2013-06-25'),(30709,'UPDATE mae_productos SET pro_precio_compra_bruto=244.3,pro_margen_actual=(pro_precio_venta-244.3)/244.3 * 100,pro_ultima_compra=@@@2013.06.25@@@,pro_ultimo_proveedor=@@@96591040-9@@@ WHERE pro_codigo_plu=11962','',2,'2013-06-25'),(30710,'UPDATE mae_productos SET pro_precio_compra_bruto=1680,pro_margen_actual=(pro_precio_venta-1680)/1680 * 100,pro_ultima_compra=@@@2013.06.25@@@,pro_ultimo_proveedor=@@@96591040-9@@@ WHERE pro_codigo_plu=12286','',2,'2013-06-25'),(30711,'UPDATE mae_productos SET pro_precio_compra_bruto=546,pro_margen_actual=(pro_precio_venta-546)/546 * 100,pro_ultima_compra=@@@2013.06.25@@@,pro_ultimo_proveedor=@@@96591040-9@@@ WHERE pro_codigo_plu=770217408','',2,'2013-06-25'),(30712,'UPDATE mae_productos SET pro_precio_compra_bruto=452,pro_margen_actual=(pro_precio_venta-452)/452 * 100,pro_ultima_compra=@@@2013.06.25@@@,pro_ultimo_proveedor=@@@96591040-9@@@ WHERE pro_codigo_plu=11935','',2,'2013-06-25'),(30713,'UPDATE mae_productos SET pro_precio_compra_bruto=253,pro_margen_actual=(pro_precio_venta-253)/253 * 100,pro_ultima_compra=@@@2013.06.25@@@,pro_ultimo_proveedor=@@@96591040-9@@@ WHERE pro_codigo_plu=763289','',2,'2013-06-25'),(30714,'UPDATE mae_productos SET pro_precio_compra_bruto=252.9,pro_margen_actual=(pro_precio_venta-252.9)/252.9 * 100,pro_ultima_compra=@@@2013.06.25@@@,pro_ultimo_proveedor=@@@96591040-9@@@ WHERE pro_codigo_plu=763297','',2,'2013-06-25'),(30715,'UPDATE mae_productos SET pro_precio_compra_bruto=253,pro_margen_actual=(pro_precio_venta-253)/253 * 100,pro_ultima_compra=@@@2013.06.25@@@,pro_ultimo_proveedor=@@@96591040-9@@@ WHERE pro_codigo_plu=763290','',2,'2013-06-25'),(30716,'UPDATE mae_productos SET pro_precio_compra_bruto=253,pro_margen_actual=(pro_precio_venta-253)/253 * 100,pro_ultima_compra=@@@2013.06.25@@@,pro_ultimo_proveedor=@@@96591040-9@@@ WHERE pro_codigo_plu=764862','',2,'2013-06-25'),(30717,'UPDATE mae_productos SET pro_precio_compra_bruto=253,pro_margen_actual=(pro_precio_venta-253)/253 * 100,pro_ultima_compra=@@@2013.06.25@@@,pro_ultimo_proveedor=@@@96591040-9@@@ WHERE pro_codigo_plu=78017199','',2,'2013-06-25'),(30718,'UPDATE mae_productos SET pro_precio_compra_bruto=804,pro_margen_actual=(pro_precio_venta-804)/804 * 100,pro_ultima_compra=@@@2013.06.25@@@,pro_ultimo_proveedor=@@@96591040-9@@@ WHERE pro_codigo_plu=12320','',2,'2013-06-25'),(30719,'UPDATE mae_productos SET pro_precio_compra_bruto=897,pro_margen_actual=(pro_precio_venta-897)/897 * 100,pro_ultima_compra=@@@2013.06.25@@@,pro_ultimo_proveedor=@@@96591040-9@@@ WHERE pro_codigo_plu=10975','',2,'2013-06-25'),(30720,'UPDATE mae_productos SET pro_precio_compra_bruto=78,pro_margen_actual=(pro_precio_venta-78)/78 * 100,pro_ultima_compra=@@@2013.06.25@@@,pro_ultimo_proveedor=@@@96591040-9@@@ WHERE pro_codigo_plu=12869','',2,'2013-06-25'),(30721,'UPDATE mae_productos SET pro_precio_compra_bruto=85,pro_margen_actual=(pro_precio_venta-85)/85 * 100,pro_ultima_compra=@@@2013.06.25@@@,pro_ultimo_proveedor=@@@96591040-9@@@ WHERE pro_codigo_plu=762885','',2,'2013-06-25'),(30722,'UPDATE mae_productos SET pro_precio_compra_bruto=85,pro_margen_actual=(pro_precio_venta-85)/85 * 100,pro_ultima_compra=@@@2013.06.25@@@,pro_ultimo_proveedor=@@@96591040-9@@@ WHERE pro_codigo_plu=762873','',2,'2013-06-25'),(30723,'UPDATE mae_productos SET pro_precio_compra_bruto=85,pro_margen_actual=(pro_precio_venta-85)/85 * 100,pro_ultima_compra=@@@2013.06.25@@@,pro_ultimo_proveedor=@@@96591040-9@@@ WHERE pro_codigo_plu=762876','',2,'2013-06-25'),(30724,'UPDATE mae_productos SET pro_precio_compra_bruto=85,pro_margen_actual=(pro_precio_venta-85)/85 * 100,pro_ultima_compra=@@@2013.06.25@@@,pro_ultimo_proveedor=@@@96591040-9@@@ WHERE pro_codigo_plu=763423','',2,'2013-06-25'),(30725,'UPDATE mae_productos SET pro_precio_compra_bruto=61,pro_margen_actual=(pro_precio_venta-61)/61 * 100,pro_ultima_compra=@@@2013.06.25@@@,pro_ultimo_proveedor=@@@96591040-9@@@ WHERE pro_codigo_plu=761804','',2,'2013-06-25'),(30726,'INSERT INTO com_ventas_grupo (vgr_fecha,vgr_grupo,vgr_cantidad,vgr_total) VALUES (@@@2013.06.24@@@,1,99.29,71270)','',2,'2013-06-25'),(30727,'INSERT INTO com_ventas_grupo (vgr_fecha,vgr_grupo,vgr_cantidad,vgr_total) VALUES (@@@2013.06.24@@@,2,160,80213)','',2,'2013-06-25'),(30728,'INSERT INTO com_ventas_grupo (vgr_fecha,vgr_grupo,vgr_cantidad,vgr_total) VALUES (@@@2013.06.24@@@,3,304,69925)','',2,'2013-06-25'),(30729,'INSERT INTO com_ventas_grupo (vgr_fecha,vgr_grupo,vgr_cantidad,vgr_total) VALUES (@@@2013.06.24@@@,4,54,49990)','',2,'2013-06-25'),(30730,'INSERT INTO com_ventas_grupo (vgr_fecha,vgr_grupo,vgr_cantidad,vgr_total) VALUES (@@@2013.06.24@@@,5,1,1290)','',2,'2013-06-25'),(30731,'INSERT INTO com_ventas_grupo (vgr_fecha,vgr_grupo,vgr_cantidad,vgr_total) VALUES (@@@2013.06.24@@@,6,15,25130)','',2,'2013-06-25'),(30732,'INSERT INTO com_ventas_grupo (vgr_fecha,vgr_grupo,vgr_cantidad,vgr_total) VALUES (@@@2013.06.24@@@,7,31,42765)','',2,'2013-06-25'),(30733,'INSERT INTO com_ventas_grupo (vgr_fecha,vgr_grupo,vgr_cantidad,vgr_total) VALUES (@@@2013.06.24@@@,8,34,18140)','',2,'2013-06-25'),(30734,'INSERT INTO com_ventas_grupo (vgr_fecha,vgr_grupo,vgr_cantidad,vgr_total) VALUES (@@@2013.06.24@@@,9,58.28,95087)','',2,'2013-06-25'),(30735,'INSERT INTO com_ventas_grupo (vgr_fecha,vgr_grupo,vgr_cantidad,vgr_total) VALUES (@@@2013.06.24@@@,10,30.056,104364)','',2,'2013-06-25'),(30736,'INSERT INTO com_ventas_grupo (vgr_fecha,vgr_grupo,vgr_cantidad,vgr_total) VALUES (@@@2013.06.24@@@,11,19.755,59677)','',2,'2013-06-25'),(30737,'INSERT INTO com_ventas_grupo (vgr_fecha,vgr_grupo,vgr_cantidad,vgr_total) VALUES (@@@2013.06.24@@@,12,23.765,56959)','',2,'2013-06-25'),(30738,'INSERT INTO com_ventas_grupo (vgr_fecha,vgr_grupo,vgr_cantidad,vgr_total) VALUES (@@@2013.06.24@@@,13,10.345,27070)','',2,'2013-06-25'),(30739,'INSERT INTO com_ventas_grupo (vgr_fecha,vgr_grupo,vgr_cantidad,vgr_total) VALUES (@@@2013.06.24@@@,14,112.285,102297)','',2,'2013-06-25'),(30740,'INSERT INTO com_ventas_grupo (vgr_fecha,vgr_grupo,vgr_cantidad,vgr_total) VALUES (@@@2013.06.24@@@,16,1,170)','',2,'2013-06-25'),(30741,'INSERT INTO com_ventas_grupo (vgr_fecha,vgr_grupo,vgr_cantidad,vgr_total) VALUES (@@@2013.06.24@@@,18,204.86,117948)','',2,'2013-06-25'),(30742,'INSERT INTO com_ventas_grupo (vgr_fecha,vgr_grupo,vgr_cantidad,vgr_total) VALUES (@@@2013.06.24@@@,20,44,20850)','',2,'2013-06-25'),(30743,'INSERT INTO com_ventas_grupo (vgr_fecha,vgr_grupo,vgr_cantidad,vgr_total) VALUES (@@@2013.06.24@@@,21,38,35235)','',2,'2013-06-25'),(30744,'INSERT INTO com_ventas_grupo (vgr_fecha,vgr_grupo,vgr_cantidad,vgr_total) VALUES (@@@2013.06.24@@@,22,1,1190)','',2,'2013-06-25'),(30745,'INSERT INTO com_ventas_grupo (vgr_fecha,vgr_grupo,vgr_cantidad,vgr_total) VALUES (@@@2013.06.24@@@,23,2,1880)','',2,'2013-06-25'),(30746,'INSERT INTO com_ventas_grupo (vgr_fecha,vgr_grupo,vgr_cantidad,vgr_total) VALUES (@@@2013.06.24@@@,24,183,38509)','',2,'2013-06-25'),(30747,'INSERT INTO com_ventas_grupo (vgr_fecha,vgr_grupo,vgr_cantidad,vgr_total) VALUES (@@@2013.06.24@@@,25,67,99500)','',2,'2013-06-25'),(30748,'INSERT INTO com_ventas_grupo (vgr_fecha,vgr_grupo,vgr_cantidad,vgr_total) VALUES (@@@2013.06.24@@@,31,13,10340)','',2,'2013-06-25'),(30749,'INSERT INTO com_ventas_grupo (vgr_fecha,vgr_grupo,vgr_cantidad,vgr_total) VALUES (@@@2013.06.24@@@,32,270,77348)','',2,'2013-06-25'),(30750,'INSERT INTO com_ventas_grupo (vgr_fecha,vgr_grupo,vgr_cantidad,vgr_total) VALUES (@@@2013.06.24@@@,34,1,1200)','',2,'2013-06-25'),(30751,'INSERT INTO com_ventas_grupo (vgr_fecha,vgr_grupo,vgr_cantidad,vgr_total) VALUES (@@@2013.06.24@@@,35,11,19690)','',2,'2013-06-25'),(30752,'INSERT INTO com_ventas_grupo (vgr_fecha,vgr_grupo,vgr_cantidad,vgr_total) VALUES (@@@2013.06.24@@@,36,1,250)','',2,'2013-06-25'),(30753,'INSERT INTO com_ventas_grupo (vgr_fecha,vgr_grupo,vgr_cantidad,vgr_total) VALUES (@@@2013.06.24@@@,38,1,2590)','',2,'2013-06-25'),(30754,'INSERT INTO com_ventas_grupo (vgr_fecha,vgr_grupo,vgr_cantidad,vgr_total) VALUES (@@@2013.06.24@@@,39,3,5470)','',2,'2013-06-25'),(30755,'INSERT INTO com_ventas_grupo (vgr_fecha,vgr_grupo,vgr_cantidad,vgr_total) VALUES (@@@2013.06.24@@@,40,15798,15798)','',2,'2013-06-25'),(30756,'INSERT INTO com_ventas_grupo (vgr_fecha,vgr_grupo,vgr_cantidad,vgr_total) VALUES (@@@2013.06.24@@@,41,2,360)','',2,'2013-06-25'),(30757,'INSERT INTO com_ventas_grupo (vgr_fecha,vgr_grupo,vgr_cantidad,vgr_total) VALUES (@@@2013.06.24@@@,42,24.37,20297)','',2,'2013-06-25'),(30758,'UPDATE mae_datos_empresa SET emp_oferta=@@@NO@@@','',2,'2013-06-25'),(30759,'UPDATE mae_productos SET pro_codigo_barra=@@@7802215124280@@@,pro_tipo=@@@0@@@,pro_nombre_producto=@@@BOM BOM VIZZIO COSTA 9 GRS.UN.@@@,pro_nombre_corto=@@@BOM BOM VIZZIO@@@,med_id=@@@5@@@,emb_id=@@@5@@@,pro_unidades_embalaje=@@@45@@@,dep_id=@@@32 @@@,lin_id=@@@161@@@,mar_id=@@@1694@@@,pro_precio_compra_neto=@@@0@@@,pro_precio_compra_bruto=@@@0@@@,pro_precio_venta=@@@70@@@,pro_margen_actual=@@@0@@@,pro_oferta=@@@NO@@@,pro_fecha_inicio_oferta=@@@1900.01.01@@@,pro_fecha_termino_oferta=@@@1900.01.01@@@,pro_precio_oferta=@@@0@@@,pro_stock_minimo=@@@45@@@,pro_stock_critico=@@@25@@@,pro_activo=@@@1@@@,pro_unidad=@@@0@@@,pro_precio_compra_bruto=0,pro_margen_actual=0,pro_capacidad=0.009,pro_funcion_plu=0,pro_flejes=1,pro_iva=1,pro_plu_asociado=0,pro_envase=@@@NO@@@,pro_duracion=0,pro_numero_etiqueta=0 WHERE pro_codigo_plu=@@@12967@@@','',2,'2013-06-25'),(30760,'UPDATE mae_productos SET pro_estado=1 WHERE pro_codigo_plu=12967','',2,'2013-06-25'),(30761,'DELETE FROM mae_impuestos_productos WHERE pro_codigo_plu=@@@12967@@@','',2,'2013-06-25'),(30762,'UPDATE mae_productos SET pro_precio_compra_bruto=37,pro_margen_actual=(pro_precio_venta-37)/37 * 100,pro_ultima_compra=@@@2013.06.25@@@,pro_ultimo_proveedor=@@@96591040-9@@@ WHERE pro_codigo_plu=764477','',2,'2013-06-25'),(30763,'UPDATE mae_productos SET pro_precio_compra_bruto=47,pro_margen_actual=(pro_precio_venta-47)/47 * 100,pro_ultima_compra=@@@2013.06.25@@@,pro_ultimo_proveedor=@@@96591040-9@@@ WHERE pro_codigo_plu=3502','',2,'2013-06-25'),(30764,'UPDATE mae_productos SET pro_precio_compra_bruto=47,pro_margen_actual=(pro_precio_venta-47)/47 * 100,pro_ultima_compra=@@@2013.06.25@@@,pro_ultimo_proveedor=@@@96591040-9@@@ WHERE pro_codigo_plu=3505','',2,'2013-06-25'),(30765,'UPDATE mae_productos SET pro_precio_compra_bruto=37,pro_margen_actual=(pro_precio_venta-37)/37 * 100,pro_ultima_compra=@@@2013.06.25@@@,pro_ultimo_proveedor=@@@96591040-9@@@ WHERE pro_codigo_plu=764479','',2,'2013-06-25'),(30766,'UPDATE mae_productos SET pro_precio_compra_bruto=37,pro_margen_actual=(pro_precio_venta-37)/37 * 100,pro_ultima_compra=@@@2013.06.25@@@,pro_ultimo_proveedor=@@@96591040-9@@@ WHERE pro_codigo_plu=764478','',2,'2013-06-25'),(30767,'UPDATE mae_productos SET pro_precio_compra_bruto=46,pro_margen_actual=(pro_precio_venta-46)/46 * 100,pro_ultima_compra=@@@2013.06.25@@@,pro_ultimo_proveedor=@@@96591040-9@@@ WHERE pro_codigo_plu=12967','',2,'2013-06-25'),(30768,'INSERT INTO gne_vale_ferreteria (vfe_id,vfe_fecha,vfe_total,vfe_estado,vfe_entregado,usu_nusuario) VALUES (3521,@@@2013.06.25@@@,500,1,0,@@@S_BIZAMA@@@)','',2,'2013-06-25'),(30769,'INSERT INTO gne_vale_ferreteria_mov (vfe_id,pro_codigo_plu,vfm_cantidad,vfm_unitario,vfm_total,vfm_entregado) VALUES (3521,763909,1,500,500,@@@NO@@@)','',2,'2013-06-25'),(30770,'INSERT INTO gne_vale_ferreteria (vfe_id,vfe_fecha,vfe_total,vfe_estado,vfe_entregado,usu_nusuario) VALUES (3522,@@@2013.06.25@@@,500,1,0,@@@S_BIZAMA@@@)','',2,'2013-06-25'),(30771,'INSERT INTO gne_vale_ferreteria_mov (vfe_id,pro_codigo_plu,vfm_cantidad,vfm_unitario,vfm_total,vfm_entregado) VALUES (3522,763909,1,500,500,@@@NO@@@)','',2,'2013-06-25'),(30772,'UPDATE mae_productos SET pro_margen_actual=52.17,pro_precio_venta=70 WHERE pro_codigo_plu=12967','',2,'2013-06-25'),(30773,'UPDATE mae_productos SET pro_margen_actual=0,pro_precio_venta=330 WHERE pro_codigo_plu=597','',2,'2013-06-25'),(30774,'UPDATE mae_productos SET pro_margen_actual=0,pro_precio_venta=499 WHERE pro_codigo_plu=517','',2,'2013-06-25'),(30775,'UPDATE mae_productos SET pro_margen_actual=0,pro_precio_venta=390 WHERE pro_codigo_plu=608','',2,'2013-06-25'),(30776,'UPDATE mae_productos SET pro_margen_actual=0,pro_precio_venta=390 WHERE pro_codigo_plu=609','',2,'2013-06-25'),(30777,'UPDATE mae_productos SET pro_margen_actual=0,pro_precio_venta=790 WHERE pro_codigo_plu=535','',2,'2013-06-25'),(30778,'UPDATE mae_productos SET pro_precio_fiscal=pro_precio_venta WHERE pro_codigo_plu=517','',2,'2013-06-25'),(30779,'UPDATE mae_productos SET pro_precio_fiscal=pro_precio_venta WHERE pro_codigo_plu=535','',2,'2013-06-25'),(30780,'UPDATE mae_productos SET pro_precio_fiscal=pro_precio_venta WHERE pro_codigo_plu=608','',2,'2013-06-25'),(30781,'UPDATE mae_productos SET pro_precio_fiscal=pro_precio_venta WHERE pro_codigo_plu=12967','',2,'2013-06-25'),(30782,'UPDATE mae_productos SET pro_precio_fiscal=pro_precio_venta WHERE pro_codigo_plu=78017199','',2,'2013-06-25'),(30783,'UPDATE mae_productos SET pro_precio_fiscal=pro_precio_venta WHERE pro_codigo_plu=763290','',2,'2013-06-25'),(30784,'UPDATE mae_productos SET pro_precio_fiscal=pro_precio_venta WHERE pro_codigo_plu=764862','',2,'2013-06-25'),(30785,'UPDATE mae_productos SET pro_precio_fiscal=pro_precio_venta WHERE pro_codigo_plu=763289','',2,'2013-06-25'),(30786,'UPDATE mae_productos SET pro_precio_fiscal=pro_precio_venta WHERE pro_codigo_plu=763297','',2,'2013-06-25'),(30787,'UPDATE mae_productos SET pro_precio_fiscal=pro_precio_venta WHERE pro_codigo_plu=12373','',2,'2013-06-25'),(30788,'UPDATE mae_productos SET pro_precio_fiscal=pro_precio_venta WHERE pro_codigo_plu=10975','',2,'2013-06-25'),(30789,'INSERT INTO gne_vale_ferreteria (vfe_id,vfe_fecha,vfe_total,vfe_estado,vfe_entregado,usu_nusuario) VALUES (3523,@@@2013.06.25@@@,90,1,0,@@@S_BIZAMA@@@)','',2,'2013-06-25'),(30790,'INSERT INTO gne_vale_ferreteria_mov (vfe_id,pro_codigo_plu,vfm_cantidad,vfm_unitario,vfm_total,vfm_entregado) VALUES (3523,4801,3,30,90,@@@NO@@@)','',2,'2013-06-25'),(30791,'INSERT INTO gne_vale_ferreteria (vfe_id,vfe_fecha,vfe_total,vfe_estado,vfe_entregado,usu_nusuario) VALUES (3524,@@@2013.06.25@@@,680,1,0,@@@S_BIZAMA@@@)','',2,'2013-06-25'),(30792,'INSERT INTO gne_vale_ferreteria_mov (vfe_id,pro_codigo_plu,vfm_cantidad,vfm_unitario,vfm_total,vfm_entregado) VALUES (3524,19866,1,680,680,@@@NO@@@)','',2,'2013-06-25'),(30793,'INSERT INTO gne_vale_ferreteria (vfe_id,vfe_fecha,vfe_total,vfe_estado,vfe_entregado,usu_nusuario) VALUES (3525,@@@2013.06.25@@@,120,1,0,@@@S_BIZAMA@@@)','',2,'2013-06-25'),(30794,'INSERT INTO gne_vale_ferreteria_mov (vfe_id,pro_codigo_plu,vfm_cantidad,vfm_unitario,vfm_total,vfm_entregado) VALUES (3525,8022,1,120,120,@@@NO@@@)','',2,'2013-06-25'),(30795,'INSERT INTO gne_vale_ferreteria (vfe_id,vfe_fecha,vfe_total,vfe_estado,vfe_entregado,usu_nusuario) VALUES (3526,@@@2013.06.25@@@,1890,1,0,@@@S_BIZAMA@@@)','',2,'2013-06-25'),(30796,'INSERT INTO gne_vale_ferreteria_mov (vfe_id,pro_codigo_plu,vfm_cantidad,vfm_unitario,vfm_total,vfm_entregado) VALUES (3526,101841,1,1890,1890,@@@NO@@@)','',2,'2013-06-25'),(30797,'INSERT INTO gne_vale_ferreteria (vfe_id,vfe_fecha,vfe_total,vfe_estado,vfe_entregado,usu_nusuario) VALUES (3527,@@@2013.06.25@@@,330,1,0,@@@S_BIZAMA@@@)','',2,'2013-06-25'),(30798,'INSERT INTO gne_vale_ferreteria_mov (vfe_id,pro_codigo_plu,vfm_cantidad,vfm_unitario,vfm_total,vfm_entregado) VALUES (3527,763588,1,330,330,@@@NO@@@)','',2,'2013-06-25'),(30799,'INSERT INTO gne_vale_ferreteria (vfe_id,vfe_fecha,vfe_total,vfe_estado,vfe_entregado,usu_nusuario) VALUES (3528,@@@2013.06.25@@@,1000,1,0,@@@S_BIZAMA@@@)','',2,'2013-06-25'),(30800,'INSERT INTO gne_vale_ferreteria_mov (vfe_id,pro_codigo_plu,vfm_cantidad,vfm_unitario,vfm_total,vfm_entregado) VALUES (3528,764136,2,500,1000,@@@NO@@@)','',2,'2013-06-25'),(30801,'INSERT INTO gne_vale_ferreteria (vfe_id,vfe_fecha,vfe_total,vfe_estado,vfe_entregado,usu_nusuario) VALUES (3529,@@@2013.06.25@@@,2000,1,0,@@@S_BIZAMA@@@)','',2,'2013-06-25'),(30802,'INSERT INTO gne_vale_ferreteria_mov (vfe_id,pro_codigo_plu,vfm_cantidad,vfm_unitario,vfm_total,vfm_entregado) VALUES (3529,18799,1,310,310,@@@NO@@@)','',2,'2013-06-25'),(30803,'INSERT INTO gne_vale_ferreteria_mov (vfe_id,pro_codigo_plu,vfm_cantidad,vfm_unitario,vfm_total,vfm_entregado) VALUES (3529,20477,1,1690,1690,@@@NO@@@)','',2,'2013-06-25'),(30804,'INSERT INTO gne_vale_ferreteria (vfe_id,vfe_fecha,vfe_total,vfe_estado,vfe_entregado,usu_nusuario) VALUES (3530,@@@2013.06.25@@@,780,1,0,@@@S_BIZAMA@@@)','',2,'2013-06-25'),(30805,'INSERT INTO gne_vale_ferreteria_mov (vfe_id,pro_codigo_plu,vfm_cantidad,vfm_unitario,vfm_total,vfm_entregado) VALUES (3530,78017190,1,100,100,@@@NO@@@)','',2,'2013-06-25'),(30806,'INSERT INTO gne_vale_ferreteria_mov (vfe_id,pro_codigo_plu,vfm_cantidad,vfm_unitario,vfm_total,vfm_entregado) VALUES (3530,1548,1,390,390,@@@NO@@@)','',2,'2013-06-25'),(30807,'INSERT INTO gne_vale_ferreteria_mov (vfe_id,pro_codigo_plu,vfm_cantidad,vfm_unitario,vfm_total,vfm_entregado) VALUES (3530,1536,1,290,290,@@@NO@@@)','',2,'2013-06-25'),(30808,'INSERT INTO gne_vale_ferreteria (vfe_id,vfe_fecha,vfe_total,vfe_estado,vfe_entregado,usu_nusuario) VALUES (3531,@@@2013.06.25@@@,790,1,0,@@@S_BIZAMA@@@)','',2,'2013-06-25'),(30809,'INSERT INTO gne_vale_ferreteria_mov (vfe_id,pro_codigo_plu,vfm_cantidad,vfm_unitario,vfm_total,vfm_entregado) VALUES (3531,780721142,1,650,650,@@@NO@@@)','',2,'2013-06-25'),(30810,'INSERT INTO gne_vale_ferreteria_mov (vfe_id,pro_codigo_plu,vfm_cantidad,vfm_unitario,vfm_total,vfm_entregado) VALUES (3531,764364,1,140,140,@@@NO@@@)','',2,'2013-06-25'),(30811,'UPDATE mae_productos SET pro_codigo_barra=@@@383@@@,pro_tipo=@@@0@@@,pro_nombre_producto=@@@QUESILLO@@@,pro_nombre_corto=@@@QUESILLO@@@,med_id=@@@1@@@,emb_id=@@@1@@@,pro_unidades_embalaje=@@@1@@@,dep_id=@@@13 @@@,lin_id=@@@80@@@,mar_id=@@@2507@@@,pro_precio_compra_neto=@@@0@@@,pro_precio_compra_bruto=@@@1000@@@,pro_precio_venta=@@@1300@@@,pro_margen_actual=@@@30@@@,pro_oferta=@@@NO@@@,pro_fecha_inicio_oferta=@@@1900.01.01@@@,pro_fecha_termino_oferta=@@@1900.01.01@@@,pro_precio_oferta=@@@0@@@,pro_stock_minimo=@@@5@@@,pro_stock_critico=@@@4@@@,pro_activo=@@@1@@@,pro_unidad=@@@0@@@,pro_precio_compra_bruto=1000,pro_margen_actual=30,pro_capacidad=1,pro_funcion_plu=0,pro_flejes=0,pro_iva=1,pro_plu_asociado=0,pro_envase=@@@NO@@@,pro_duracion=0,pro_numero_etiqueta=0 WHERE pro_codigo_plu=@@@383@@@','',2,'2013-06-25'),(30812,'UPDATE mae_productos SET pro_estado=1 WHERE pro_codigo_plu=383','',2,'2013-06-25'),(30813,'DELETE FROM mae_impuestos_productos WHERE pro_codigo_plu=@@@383@@@','',2,'2013-06-25'),(30814,'UPDATE mae_productos SET pro_precio_compra_bruto=1000,pro_margen_actual=(pro_precio_venta-1000)/1000 * 100,pro_ultima_compra=@@@2013.06.25@@@,pro_ultimo_proveedor=@@@76717550-7@@@ WHERE pro_codigo_plu=383','',2,'2013-06-25'),(30815,'INSERT INTO gne_vale_ferreteria (vfe_id,vfe_fecha,vfe_total,vfe_estado,vfe_entregado,usu_nusuario) VALUES (3532,@@@2013.06.25@@@,1990,1,0,@@@admin@@@)','',2,'2013-06-25'),(30816,'INSERT INTO gne_vale_ferreteria_mov (vfe_id,pro_codigo_plu,vfm_cantidad,vfm_unitario,vfm_total,vfm_entregado) VALUES (3532,102414,1,1990,1990,@@@NO@@@)','',2,'2013-06-25'),(30817,'INSERT INTO gne_vale_ferreteria (vfe_id,vfe_fecha,vfe_total,vfe_estado,vfe_entregado,usu_nusuario) VALUES (3533,@@@2013.06.25@@@,150,1,0,@@@admin@@@)','',2,'2013-06-25'),(30818,'INSERT INTO gne_vale_ferreteria_mov (vfe_id,pro_codigo_plu,vfm_cantidad,vfm_unitario,vfm_total,vfm_entregado) VALUES (3533,2016,1,150,150,@@@NO@@@)','',2,'2013-06-25'),(30819,'INSERT INTO gne_vale_ferreteria (vfe_id,vfe_fecha,vfe_total,vfe_estado,vfe_entregado,usu_nusuario) VALUES (3534,@@@2013.06.25@@@,2035,1,0,@@@admin@@@)','',2,'2013-06-25'),(30820,'INSERT INTO gne_vale_ferreteria_mov (vfe_id,pro_codigo_plu,vfm_cantidad,vfm_unitario,vfm_total,vfm_entregado) VALUES (3534,763817,1,1495,1495,@@@NO@@@)','',2,'2013-06-25'),(30821,'INSERT INTO gne_vale_ferreteria_mov (vfe_id,pro_codigo_plu,vfm_cantidad,vfm_unitario,vfm_total,vfm_entregado) VALUES (3534,19916,1,540,540,@@@NO@@@)','',2,'2013-06-25'),(30822,'INSERT INTO gne_vale_ferreteria (vfe_id,vfe_fecha,vfe_total,vfe_estado,vfe_entregado,usu_nusuario) VALUES (3535,@@@2013.06.25@@@,2975,1,0,@@@admin@@@)','',2,'2013-06-25'),(30823,'INSERT INTO gne_vale_ferreteria_mov (vfe_id,pro_codigo_plu,vfm_cantidad,vfm_unitario,vfm_total,vfm_entregado) VALUES (3535,764304,5,595,2975,@@@NO@@@)','',2,'2013-06-25'),(30824,'INSERT INTO gne_vale_ferreteria (vfe_id,vfe_fecha,vfe_total,vfe_estado,vfe_entregado,usu_nusuario) VALUES (3536,@@@2013.06.25@@@,360,1,0,@@@admin@@@)','',2,'2013-06-25'),(30825,'INSERT INTO gne_vale_ferreteria_mov (vfe_id,pro_codigo_plu,vfm_cantidad,vfm_unitario,vfm_total,vfm_entregado) VALUES (3536,764366,1,360,360,@@@NO@@@)','',2,'2013-06-25'),(30826,'INSERT INTO gne_vale_ferreteria (vfe_id,vfe_fecha,vfe_total,vfe_estado,vfe_entregado,usu_nusuario) VALUES (3537,@@@2013.06.25@@@,700,1,0,@@@admin@@@)','',2,'2013-06-25'),(30827,'INSERT INTO gne_vale_ferreteria_mov (vfe_id,pro_codigo_plu,vfm_cantidad,vfm_unitario,vfm_total,vfm_entregado) VALUES (3537,1070,2,250,500,@@@NO@@@)','',2,'2013-06-25'),(30828,'INSERT INTO gne_vale_ferreteria_mov (vfe_id,pro_codigo_plu,vfm_cantidad,vfm_unitario,vfm_total,vfm_entregado) VALUES (3537,1067,1,200,200,@@@NO@@@)','',2,'2013-06-25'),(30829,'INSERT INTO gne_vale_ferreteria (vfe_id,vfe_fecha,vfe_total,vfe_estado,vfe_entregado,usu_nusuario) VALUES (3538,@@@2013.06.25@@@,1320,1,0,@@@admin@@@)','',2,'2013-06-25'),(30830,'INSERT INTO gne_vale_ferreteria_mov (vfe_id,pro_codigo_plu,vfm_cantidad,vfm_unitario,vfm_total,vfm_entregado) VALUES (3538,764324,1,630,630,@@@NO@@@)','',2,'2013-06-25'),(30831,'INSERT INTO gne_vale_ferreteria_mov (vfe_id,pro_codigo_plu,vfm_cantidad,vfm_unitario,vfm_total,vfm_entregado) VALUES (3538,764316,1,690,690,@@@NO@@@)','',2,'2013-06-25'),(30832,'INSERT INTO gne_vale_ferreteria (vfe_id,vfe_fecha,vfe_total,vfe_estado,vfe_entregado,usu_nusuario) VALUES (3539,@@@2013.06.25@@@,230,1,0,@@@admin@@@)','',2,'2013-06-25'),(30833,'INSERT INTO gne_vale_ferreteria_mov (vfe_id,pro_codigo_plu,vfm_cantidad,vfm_unitario,vfm_total,vfm_entregado) VALUES (3539,78016993,1,230,230,@@@NO@@@)','',2,'2013-06-25'),(30834,'INSERT INTO gne_vale_ferreteria (vfe_id,vfe_fecha,vfe_total,vfe_estado,vfe_entregado,usu_nusuario) VALUES (3540,@@@2013.06.25@@@,120,1,0,@@@admin@@@)','',2,'2013-06-25'),(30835,'INSERT INTO gne_vale_ferreteria_mov (vfe_id,pro_codigo_plu,vfm_cantidad,vfm_unitario,vfm_total,vfm_entregado) VALUES (3540,8022,1,120,120,@@@NO@@@)','',2,'2013-06-25'),(30836,'INSERT INTO gne_vale_ferreteria (vfe_id,vfe_fecha,vfe_total,vfe_estado,vfe_entregado,usu_nusuario) VALUES (3541,@@@2013.06.25@@@,200,1,0,@@@admin@@@)','',2,'2013-06-25'),(30837,'INSERT INTO gne_vale_ferreteria_mov (vfe_id,pro_codigo_plu,vfm_cantidad,vfm_unitario,vfm_total,vfm_entregado) VALUES (3541,764833,20,10,200,@@@NO@@@)','',2,'2013-06-25'),(30838,'INSERT INTO gne_vale_ferreteria (vfe_id,vfe_fecha,vfe_total,vfe_estado,vfe_entregado,usu_nusuario) VALUES (3542,@@@2013.06.25@@@,200,1,0,@@@admin@@@)','',2,'2013-06-25'),(30839,'INSERT INTO gne_vale_ferreteria_mov (vfe_id,pro_codigo_plu,vfm_cantidad,vfm_unitario,vfm_total,vfm_entregado) VALUES (3542,78017201,1,200,200,@@@NO@@@)','',2,'2013-06-25'),(30840,'INSERT INTO gne_vale_ferreteria (vfe_id,vfe_fecha,vfe_total,vfe_estado,vfe_entregado,usu_nusuario) VALUES (3543,@@@2013.06.25@@@,2470,1,0,@@@admin@@@)','',2,'2013-06-25'),(30841,'INSERT INTO gne_vale_ferreteria_mov (vfe_id,pro_codigo_plu,vfm_cantidad,vfm_unitario,vfm_total,vfm_entregado) VALUES (3543,764316,2,690,1380,@@@NO@@@)','',2,'2013-06-25'),(30842,'INSERT INTO gne_vale_ferreteria_mov (vfe_id,pro_codigo_plu,vfm_cantidad,vfm_unitario,vfm_total,vfm_entregado) VALUES (3543,780220199,1,150,150,@@@NO@@@)','',2,'2013-06-25'),(30843,'INSERT INTO gne_vale_ferreteria_mov (vfe_id,pro_codigo_plu,vfm_cantidad,vfm_unitario,vfm_total,vfm_entregado) VALUES (3543,763804,1,790,790,@@@NO@@@)','',2,'2013-06-25'),(30844,'INSERT INTO gne_vale_ferreteria_mov (vfe_id,pro_codigo_plu,vfm_cantidad,vfm_unitario,vfm_total,vfm_entregado) VALUES (3543,4061,1,150,150,@@@NO@@@)','',2,'2013-06-25'),(30845,'INSERT INTO gne_vale_ferreteria (vfe_id,vfe_fecha,vfe_total,vfe_estado,vfe_entregado,usu_nusuario) VALUES (3544,@@@2013.06.25@@@,1650,1,0,@@@admin@@@)','',2,'2013-06-25'),(30846,'INSERT INTO gne_vale_ferreteria_mov (vfe_id,pro_codigo_plu,vfm_cantidad,vfm_unitario,vfm_total,vfm_entregado) VALUES (3544,78017090,1,300,300,@@@NO@@@)','',2,'2013-06-25'),(30847,'INSERT INTO gne_vale_ferreteria_mov (vfe_id,pro_codigo_plu,vfm_cantidad,vfm_unitario,vfm_total,vfm_entregado) VALUES (3544,763479,1,1350,1350,@@@NO@@@)','',2,'2013-06-25'),(30848,'INSERT INTO gne_vale_ferreteria (vfe_id,vfe_fecha,vfe_total,vfe_estado,vfe_entregado,usu_nusuario) VALUES (3545,@@@2013.06.25@@@,1700,1,0,@@@admin@@@)','',2,'2013-06-25'),(30849,'INSERT INTO gne_vale_ferreteria_mov (vfe_id,pro_codigo_plu,vfm_cantidad,vfm_unitario,vfm_total,vfm_entregado) VALUES (3545,764325,1,630,630,@@@NO@@@)','',2,'2013-06-25'),(30850,'INSERT INTO gne_vale_ferreteria_mov (vfe_id,pro_codigo_plu,vfm_cantidad,vfm_unitario,vfm_total,vfm_entregado) VALUES (3545,764317,1,720,720,@@@NO@@@)','',2,'2013-06-25'),(30851,'INSERT INTO gne_vale_ferreteria_mov (vfe_id,pro_codigo_plu,vfm_cantidad,vfm_unitario,vfm_total,vfm_entregado) VALUES (3545,780220198,1,350,350,@@@NO@@@)','',2,'2013-06-25'),(30852,'INSERT INTO gne_vale_ferreteria (vfe_id,vfe_fecha,vfe_total,vfe_estado,vfe_entregado,usu_nusuario) VALUES (3546,@@@2013.06.25@@@,490,1,0,@@@admin@@@)','',2,'2013-06-25'),(30853,'INSERT INTO gne_vale_ferreteria_mov (vfe_id,pro_codigo_plu,vfm_cantidad,vfm_unitario,vfm_total,vfm_entregado) VALUES (3546,764207,1,390,390,@@@NO@@@)','',2,'2013-06-25'),(30854,'INSERT INTO gne_vale_ferreteria_mov (vfe_id,pro_codigo_plu,vfm_cantidad,vfm_unitario,vfm_total,vfm_entregado) VALUES (3546,780220188,1,100,100,@@@NO@@@)','',2,'2013-06-25'),(30855,'INSERT INTO gne_vale_ferreteria (vfe_id,vfe_fecha,vfe_total,vfe_estado,vfe_entregado,usu_nusuario) VALUES (3547,@@@2013.06.25@@@,4570,1,0,@@@admin@@@)','',2,'2013-06-25'),(30856,'INSERT INTO gne_vale_ferreteria_mov (vfe_id,pro_codigo_plu,vfm_cantidad,vfm_unitario,vfm_total,vfm_entregado) VALUES (3547,764441,1,1590,1590,@@@NO@@@)','',2,'2013-06-25'),(30857,'INSERT INTO gne_vale_ferreteria_mov (vfe_id,pro_codigo_plu,vfm_cantidad,vfm_unitario,vfm_total,vfm_entregado) VALUES (3547,2004,1,300,300,@@@NO@@@)','',2,'2013-06-25'),(30858,'INSERT INTO gne_vale_ferreteria_mov (vfe_id,pro_codigo_plu,vfm_cantidad,vfm_unitario,vfm_total,vfm_entregado) VALUES (3547,764981,1,1100,1100,@@@NO@@@)','',2,'2013-06-25'),(30859,'INSERT INTO gne_vale_ferreteria_mov (vfe_id,pro_codigo_plu,vfm_cantidad,vfm_unitario,vfm_total,vfm_entregado) VALUES (3547,762114,1,890,890,@@@NO@@@)','',2,'2013-06-25'),(30860,'INSERT INTO gne_vale_ferreteria_mov (vfe_id,pro_codigo_plu,vfm_cantidad,vfm_unitario,vfm_total,vfm_entregado) VALUES (3547,764074,1,490,490,@@@NO@@@)','',2,'2013-06-25'),(30861,'INSERT INTO gne_vale_ferreteria_mov (vfe_id,pro_codigo_plu,vfm_cantidad,vfm_unitario,vfm_total,vfm_entregado) VALUES (3547,1545,4,50,200,@@@NO@@@)','',2,'2013-06-25'),(30862,'INSERT INTO gne_vale_ferreteria (vfe_id,vfe_fecha,vfe_total,vfe_estado,vfe_entregado,usu_nusuario) VALUES (3548,@@@2013.06.25@@@,490,1,0,@@@admin@@@)','',2,'2013-06-25'),(30863,'INSERT INTO gne_vale_ferreteria_mov (vfe_id,pro_codigo_plu,vfm_cantidad,vfm_unitario,vfm_total,vfm_entregado) VALUES (3548,764074,1,490,490,@@@NO@@@)','',2,'2013-06-25'),(30864,'INSERT INTO gne_vale_ferreteria (vfe_id,vfe_fecha,vfe_total,vfe_estado,vfe_entregado,usu_nusuario) VALUES (3549,@@@2013.06.25@@@,490,1,0,@@@admin@@@)','',2,'2013-06-25'),(30865,'INSERT INTO gne_vale_ferreteria_mov (vfe_id,pro_codigo_plu,vfm_cantidad,vfm_unitario,vfm_total,vfm_entregado) VALUES (3549,78017198,1,490,490,@@@NO@@@)','',2,'2013-06-25'),(30866,'INSERT INTO gne_vale_ferreteria (vfe_id,vfe_fecha,vfe_total,vfe_estado,vfe_entregado,usu_nusuario) VALUES (3550,@@@2013.06.25@@@,60,1,0,@@@admin@@@)','',2,'2013-06-25'),(30867,'INSERT INTO gne_vale_ferreteria_mov (vfe_id,pro_codigo_plu,vfm_cantidad,vfm_unitario,vfm_total,vfm_entregado) VALUES (3550,78017236,2,30,60,@@@NO@@@)','',2,'2013-06-25'),(30868,'INSERT INTO gne_vale_ferreteria (vfe_id,vfe_fecha,vfe_total,vfe_estado,vfe_entregado,usu_nusuario) VALUES (3551,@@@2013.06.25@@@,1040,1,0,@@@admin@@@)','',2,'2013-06-25'),(30869,'INSERT INTO gne_vale_ferreteria_mov (vfe_id,pro_codigo_plu,vfm_cantidad,vfm_unitario,vfm_total,vfm_entregado) VALUES (3551,764160,7,120,840,@@@NO@@@)','',2,'2013-06-25'),(30870,'INSERT INTO gne_vale_ferreteria_mov (vfe_id,pro_codigo_plu,vfm_cantidad,vfm_unitario,vfm_total,vfm_entregado) VALUES (3551,763592,1,200,200,@@@NO@@@)','',2,'2013-06-25'),(30871,'INSERT INTO gne_vale_ferreteria (vfe_id,vfe_fecha,vfe_total,vfe_estado,vfe_entregado,usu_nusuario) VALUES (3552,@@@2013.06.25@@@,120,1,0,@@@admin@@@)','',2,'2013-06-25'),(30872,'INSERT INTO gne_vale_ferreteria_mov (vfe_id,pro_codigo_plu,vfm_cantidad,vfm_unitario,vfm_total,vfm_entregado) VALUES (3552,8022,1,120,120,@@@NO@@@)','',2,'2013-06-25'),(30873,'INSERT INTO gne_vale_ferreteria (vfe_id,vfe_fecha,vfe_total,vfe_estado,vfe_entregado,usu_nusuario) VALUES (3553,@@@2013.06.25@@@,120,1,0,@@@admin@@@)','',2,'2013-06-25'),(30874,'INSERT INTO gne_vale_ferreteria_mov (vfe_id,pro_codigo_plu,vfm_cantidad,vfm_unitario,vfm_total,vfm_entregado) VALUES (3553,8022,1,120,120,@@@NO@@@)','',2,'2013-06-25'),(30875,'INSERT INTO gne_vale_ferreteria (vfe_id,vfe_fecha,vfe_total,vfe_estado,vfe_entregado,usu_nusuario) VALUES (3554,@@@2013.06.25@@@,440,1,0,@@@admin@@@)','',2,'2013-06-25'),(30876,'INSERT INTO gne_vale_ferreteria_mov (vfe_id,pro_codigo_plu,vfm_cantidad,vfm_unitario,vfm_total,vfm_entregado) VALUES (3554,8022,1,120,120,@@@NO@@@)','',2,'2013-06-25'),(30877,'INSERT INTO gne_vale_ferreteria_mov (vfe_id,pro_codigo_plu,vfm_cantidad,vfm_unitario,vfm_total,vfm_entregado) VALUES (3554,16430,2,160,320,@@@NO@@@)','',2,'2013-06-25'),(30878,'INSERT INTO gne_vale_ferreteria (vfe_id,vfe_fecha,vfe_total,vfe_estado,vfe_entregado,usu_nusuario) VALUES (3555,@@@2013.06.25@@@,720,1,0,@@@admin@@@)','',2,'2013-06-25'),(30879,'INSERT INTO gne_vale_ferreteria_mov (vfe_id,pro_codigo_plu,vfm_cantidad,vfm_unitario,vfm_total,vfm_entregado) VALUES (3555,764507,1,330,330,@@@NO@@@)','',2,'2013-06-25'),(30880,'INSERT INTO gne_vale_ferreteria_mov (vfe_id,pro_codigo_plu,vfm_cantidad,vfm_unitario,vfm_total,vfm_entregado) VALUES (3555,78016969,1,390,390,@@@NO@@@)','',2,'2013-06-25'),(30881,'INSERT INTO gne_vale_ferreteria (vfe_id,vfe_fecha,vfe_total,vfe_estado,vfe_entregado,usu_nusuario) VALUES (3556,@@@2013.06.25@@@,480,1,0,@@@admin@@@)','',2,'2013-06-25'),(30882,'INSERT INTO gne_vale_ferreteria_mov (vfe_id,pro_codigo_plu,vfm_cantidad,vfm_unitario,vfm_total,vfm_entregado) VALUES (3556,764766,4,120,480,@@@NO@@@)','',2,'2013-06-25'),(30883,'INSERT INTO gne_vale_ferreteria (vfe_id,vfe_fecha,vfe_total,vfe_estado,vfe_entregado,usu_nusuario) VALUES (3557,@@@2013.06.25@@@,35,1,0,@@@admin@@@)','',2,'2013-06-25'),(30884,'INSERT INTO gne_vale_ferreteria_mov (vfe_id,pro_codigo_plu,vfm_cantidad,vfm_unitario,vfm_total,vfm_entregado) VALUES (3557,13229,1,15,15,@@@NO@@@)','',2,'2013-06-25'),(30885,'INSERT INTO gne_vale_ferreteria_mov (vfe_id,pro_codigo_plu,vfm_cantidad,vfm_unitario,vfm_total,vfm_entregado) VALUES (3557,1539,2,10,20,@@@NO@@@)','',2,'2013-06-25'),(30886,'INSERT INTO gne_vale_ferreteria (vfe_id,vfe_fecha,vfe_total,vfe_estado,vfe_entregado,usu_nusuario) VALUES (3558,@@@2013.06.25@@@,790,1,0,@@@admin@@@)','',2,'2013-06-25'),(30887,'INSERT INTO gne_vale_ferreteria_mov (vfe_id,pro_codigo_plu,vfm_cantidad,vfm_unitario,vfm_total,vfm_entregado) VALUES (3558,763623,1,790,790,@@@NO@@@)','',2,'2013-06-25'),(30888,'INSERT INTO gne_vale_ferreteria (vfe_id,vfe_fecha,vfe_total,vfe_estado,vfe_entregado,usu_nusuario) VALUES (3559,@@@2013.06.25@@@,1990,1,0,@@@admin@@@)','',2,'2013-06-25'),(30889,'INSERT INTO gne_vale_ferreteria_mov (vfe_id,pro_codigo_plu,vfm_cantidad,vfm_unitario,vfm_total,vfm_entregado) VALUES (3559,764510,1,1990,1990,@@@NO@@@)','',2,'2013-06-25'),(30890,'INSERT INTO gne_vale_ferreteria (vfe_id,vfe_fecha,vfe_total,vfe_estado,vfe_entregado,usu_nusuario) VALUES (3560,@@@2013.06.25@@@,390,1,0,@@@admin@@@)','',2,'2013-06-25'),(30891,'INSERT INTO gne_vale_ferreteria_mov (vfe_id,pro_codigo_plu,vfm_cantidad,vfm_unitario,vfm_total,vfm_entregado) VALUES (3560,78017130,1,390,390,@@@NO@@@)','',2,'2013-06-25'),(30892,'INSERT INTO gne_vale_ferreteria (vfe_id,vfe_fecha,vfe_total,vfe_estado,vfe_entregado,usu_nusuario) VALUES (3561,@@@2013.06.25@@@,510,1,0,@@@admin@@@)','',2,'2013-06-25'),(30893,'INSERT INTO gne_vale_ferreteria_mov (vfe_id,pro_codigo_plu,vfm_cantidad,vfm_unitario,vfm_total,vfm_entregado) VALUES (3561,8022,1,120,120,@@@NO@@@)','',2,'2013-06-25'),(30894,'INSERT INTO gne_vale_ferreteria_mov (vfe_id,pro_codigo_plu,vfm_cantidad,vfm_unitario,vfm_total,vfm_entregado) VALUES (3561,78017130,1,390,390,@@@NO@@@)','',2,'2013-06-25'),(30895,'INSERT INTO gne_vale_ferreteria (vfe_id,vfe_fecha,vfe_total,vfe_estado,vfe_entregado,usu_nusuario) VALUES (3562,@@@2013.06.25@@@,510,1,0,@@@admin@@@)','',2,'2013-06-25'),(30896,'INSERT INTO gne_vale_ferreteria_mov (vfe_id,pro_codigo_plu,vfm_cantidad,vfm_unitario,vfm_total,vfm_entregado) VALUES (3562,764123,1,390,390,@@@NO@@@)','',2,'2013-06-25'),(30897,'INSERT INTO gne_vale_ferreteria_mov (vfe_id,pro_codigo_plu,vfm_cantidad,vfm_unitario,vfm_total,vfm_entregado) VALUES (3562,8022,1,120,120,@@@NO@@@)','',2,'2013-06-25'),(30898,'INSERT INTO gne_vale_ferreteria (vfe_id,vfe_fecha,vfe_total,vfe_estado,vfe_entregado,usu_nusuario) VALUES (3563,@@@2013.06.25@@@,450,1,0,@@@admin@@@)','',2,'2013-06-25'),(30899,'INSERT INTO gne_vale_ferreteria_mov (vfe_id,pro_codigo_plu,vfm_cantidad,vfm_unitario,vfm_total,vfm_entregado) VALUES (3563,770001,1,80,80,@@@NO@@@)','',2,'2013-06-25'),(30900,'INSERT INTO gne_vale_ferreteria_mov (vfe_id,pro_codigo_plu,vfm_cantidad,vfm_unitario,vfm_total,vfm_entregado) VALUES (3563,780220193,1,370,370,@@@NO@@@)','',2,'2013-06-25'),(30901,'INSERT INTO gne_vale_ferreteria (vfe_id,vfe_fecha,vfe_total,vfe_estado,vfe_entregado,usu_nusuario) VALUES (3564,@@@2013.06.25@@@,840,1,0,@@@admin@@@)','',2,'2013-06-25'),(30902,'INSERT INTO gne_vale_ferreteria_mov (vfe_id,pro_codigo_plu,vfm_cantidad,vfm_unitario,vfm_total,vfm_entregado) VALUES (3564,11670,1,840,840,@@@NO@@@)','',2,'2013-06-25'),(30903,'INSERT INTO gne_vale_ferreteria (vfe_id,vfe_fecha,vfe_total,vfe_estado,vfe_entregado,usu_nusuario) VALUES (3565,@@@2013.06.25@@@,1030,1,0,@@@admin@@@)','',2,'2013-06-25'),(30904,'INSERT INTO gne_vale_ferreteria_mov (vfe_id,pro_codigo_plu,vfm_cantidad,vfm_unitario,vfm_total,vfm_entregado) VALUES (3565,770035,1,150,150,@@@NO@@@)','',2,'2013-06-25'),(30905,'INSERT INTO gne_vale_ferreteria_mov (vfe_id,pro_codigo_plu,vfm_cantidad,vfm_unitario,vfm_total,vfm_entregado) VALUES (3565,11670,1,840,840,@@@NO@@@)','',2,'2013-06-25'),(30906,'INSERT INTO gne_vale_ferreteria_mov (vfe_id,pro_codigo_plu,vfm_cantidad,vfm_unitario,vfm_total,vfm_entregado) VALUES (3565,78017191,1,40,40,@@@NO@@@)','',2,'2013-06-25'),(30907,'INSERT INTO gne_vale_ferreteria (vfe_id,vfe_fecha,vfe_total,vfe_estado,vfe_entregado,usu_nusuario) VALUES (3566,@@@2013.06.25@@@,350,1,0,@@@admin@@@)','',2,'2013-06-25'),(30908,'INSERT INTO gne_vale_ferreteria_mov (vfe_id,pro_codigo_plu,vfm_cantidad,vfm_unitario,vfm_total,vfm_entregado) VALUES (3566,763722,1,350,350,@@@NO@@@)','',2,'2013-06-25'),(30909,'INSERT INTO gne_vale_ferreteria (vfe_id,vfe_fecha,vfe_total,vfe_estado,vfe_entregado,usu_nusuario) VALUES (3567,@@@2013.06.25@@@,3990,1,0,@@@admin@@@)','',2,'2013-06-25'),(30910,'INSERT INTO gne_vale_ferreteria_mov (vfe_id,pro_codigo_plu,vfm_cantidad,vfm_unitario,vfm_total,vfm_entregado) VALUES (3567,764895,1,3990,3990,@@@NO@@@)','',2,'2013-06-25'),(30911,'UPDATE mae_productos SET pro_margen_actual=30,pro_precio_venta=1300 WHERE pro_codigo_plu=383','',2,'2013-06-25'),(30912,'UPDATE mae_productos SET pro_margen_actual=0,pro_precio_venta=790 WHERE pro_codigo_plu=17482','',2,'2013-06-25'),(30913,'UPDATE mae_productos SET pro_precio_fiscal=pro_precio_venta WHERE pro_codigo_plu=17482','',2,'2013-06-25'),(30914,'UPDATE mae_productos SET pro_margen_actual=30,pro_precio_venta=1300 WHERE pro_codigo_plu=383','',2,'2013-06-25'),(30915,'UPDATE mae_productos SET pro_margen_actual=0,pro_precio_venta=350 WHERE pro_codigo_plu=533','',2,'2013-06-25'),(30916,'UPDATE mae_productos SET pro_margen_actual=0,pro_precio_venta=350 WHERE pro_codigo_plu=534','',2,'2013-06-25'),(30917,'UPDATE mae_productos SET pro_margen_actual=0,pro_precio_venta=1490 WHERE pro_codigo_plu=561','',2,'2013-06-25'),(30918,'UPDATE mae_productos SET pro_margen_actual=0,pro_precio_venta=390 WHERE pro_codigo_plu=608','',2,'2013-06-25'),(30919,'UPDATE mae_productos SET pro_margen_actual=0,pro_precio_venta=990 WHERE pro_codigo_plu=579','',2,'2013-06-25'),(30920,'UPDATE mae_productos SET pro_margen_actual=0,pro_precio_venta=1990 WHERE pro_codigo_plu=578','',2,'2013-06-25'),(30921,'UPDATE mae_productos SET pro_margen_actual=0,pro_precio_venta=890 WHERE pro_codigo_plu=586','',2,'2013-06-25'),(30922,'UPDATE mae_productos SET pro_margen_actual=0,pro_precio_venta=890 WHERE pro_codigo_plu=585','',2,'2013-06-25'),(30923,'UPDATE mae_productos SET pro_precio_fiscal=pro_precio_venta WHERE pro_codigo_plu=533','',2,'2013-06-25'),(30924,'UPDATE mae_productos SET pro_precio_fiscal=pro_precio_venta WHERE pro_codigo_plu=534','',2,'2013-06-25'),(30925,'UPDATE mae_productos SET pro_precio_fiscal=pro_precio_venta WHERE pro_codigo_plu=561','',2,'2013-06-25'),(30926,'UPDATE mae_productos SET pro_precio_fiscal=pro_precio_venta WHERE pro_codigo_plu=578','',2,'2013-06-25'),(30927,'UPDATE mae_productos SET pro_precio_fiscal=pro_precio_venta WHERE pro_codigo_plu=579','',2,'2013-06-25'),(30928,'UPDATE mae_productos SET pro_precio_fiscal=pro_precio_venta WHERE pro_codigo_plu=585','',2,'2013-06-25'),(30929,'INSERT INTO gne_vale_ferreteria (vfe_id,vfe_fecha,vfe_total,vfe_estado,vfe_entregado,usu_nusuario) VALUES (3568,@@@2013.06.25@@@,340,1,0,@@@admin@@@)','',2,'2013-06-25'),(30930,'INSERT INTO gne_vale_ferreteria_mov (vfe_id,pro_codigo_plu,vfm_cantidad,vfm_unitario,vfm_total,vfm_entregado) VALUES (3568,764780,2,60,120,@@@NO@@@)','',2,'2013-06-25'),(30931,'INSERT INTO gne_vale_ferreteria_mov (vfe_id,pro_codigo_plu,vfm_cantidad,vfm_unitario,vfm_total,vfm_entregado) VALUES (3568,763783,1,220,220,@@@NO@@@)','',2,'2013-06-25'),(30932,'INSERT INTO gne_vale_ferreteria (vfe_id,vfe_fecha,vfe_total,vfe_estado,vfe_entregado,usu_nusuario) VALUES (3569,@@@2013.06.25@@@,350,1,0,@@@admin@@@)','',2,'2013-06-25'),(30933,'INSERT INTO gne_vale_ferreteria_mov (vfe_id,pro_codigo_plu,vfm_cantidad,vfm_unitario,vfm_total,vfm_entregado) VALUES (3569,763721,1,350,350,@@@NO@@@)','',2,'2013-06-25'),(30934,'INSERT INTO gne_vale_ferreteria (vfe_id,vfe_fecha,vfe_total,vfe_estado,vfe_entregado,usu_nusuario) VALUES (3570,@@@2013.06.25@@@,5090,1,0,@@@admin@@@)','',2,'2013-06-25'),(30935,'INSERT INTO gne_vale_ferreteria_mov (vfe_id,pro_codigo_plu,vfm_cantidad,vfm_unitario,vfm_total,vfm_entregado) VALUES (3570,780721235,1,2990,2990,@@@NO@@@)','',2,'2013-06-25'),(30936,'INSERT INTO gne_vale_ferreteria_mov (vfe_id,pro_codigo_plu,vfm_cantidad,vfm_unitario,vfm_total,vfm_entregado) VALUES (3570,780721138,1,1100,1100,@@@NO@@@)','',2,'2013-06-25'),(30937,'INSERT INTO gne_vale_ferreteria_mov (vfe_id,pro_codigo_plu,vfm_cantidad,vfm_unitario,vfm_total,vfm_entregado) VALUES (3570,780721135,1,1000,1000,@@@NO@@@)','',2,'2013-06-25'),(30938,'INSERT INTO gne_vale_ferreteria (vfe_id,vfe_fecha,vfe_total,vfe_estado,vfe_entregado,usu_nusuario) VALUES (3571,@@@2013.06.25@@@,200,1,0,@@@admin@@@)','',2,'2013-06-25'),(30939,'INSERT INTO gne_vale_ferreteria_mov (vfe_id,pro_codigo_plu,vfm_cantidad,vfm_unitario,vfm_total,vfm_entregado) VALUES (3571,770039,1,200,200,@@@NO@@@)','',2,'2013-06-25'),(30940,'INSERT INTO gne_vale_ferreteria (vfe_id,vfe_fecha,vfe_total,vfe_estado,vfe_entregado,usu_nusuario) VALUES (3572,@@@2013.06.25@@@,120,1,0,@@@admin@@@)','',2,'2013-06-25'),(30941,'INSERT INTO gne_vale_ferreteria_mov (vfe_id,pro_codigo_plu,vfm_cantidad,vfm_unitario,vfm_total,vfm_entregado) VALUES (3572,8022,1,120,120,@@@NO@@@)','',2,'2013-06-25'),(30942,'INSERT INTO gne_vale_ferreteria (vfe_id,vfe_fecha,vfe_total,vfe_estado,vfe_entregado,usu_nusuario) VALUES (3573,@@@2013.06.25@@@,1390,1,0,@@@admin@@@)','',2,'2013-06-25'),(30943,'INSERT INTO gne_vale_ferreteria_mov (vfe_id,pro_codigo_plu,vfm_cantidad,vfm_unitario,vfm_total,vfm_entregado) VALUES (3573,1089,1,1390,1390,@@@NO@@@)','',2,'2013-06-25'),(30944,'INSERT INTO gne_vale_ferreteria (vfe_id,vfe_fecha,vfe_total,vfe_estado,vfe_entregado,usu_nusuario) VALUES (3574,@@@2013.06.25@@@,240,1,0,@@@admin@@@)','',2,'2013-06-25'),(30945,'INSERT INTO gne_vale_ferreteria_mov (vfe_id,pro_codigo_plu,vfm_cantidad,vfm_unitario,vfm_total,vfm_entregado) VALUES (3574,764834,12,20,240,@@@NO@@@)','',2,'2013-06-25');
insert  into `sys_comunicacion_caja`(`coc_id`,`coc_sql`,`coc_cajas`,`coc_prioridad`,`coc_fecha`) values (30946,'INSERT INTO gne_vale_ferreteria (vfe_id,vfe_fecha,vfe_total,vfe_estado,vfe_entregado,usu_nusuario) VALUES (3575,@@@2013.06.25@@@,330,1,0,@@@admin@@@)','',2,'2013-06-25'),(30947,'INSERT INTO gne_vale_ferreteria_mov (vfe_id,pro_codigo_plu,vfm_cantidad,vfm_unitario,vfm_total,vfm_entregado) VALUES (3575,764778,1,330,330,@@@NO@@@)','',2,'2013-06-25'),(30948,'INSERT INTO gne_vale_ferreteria (vfe_id,vfe_fecha,vfe_total,vfe_estado,vfe_entregado,usu_nusuario) VALUES (3576,@@@2013.06.25@@@,2250,1,0,@@@admin@@@)','',2,'2013-06-25'),(30949,'INSERT INTO gne_vale_ferreteria_mov (vfe_id,pro_codigo_plu,vfm_cantidad,vfm_unitario,vfm_total,vfm_entregado) VALUES (3576,1089,1,1390,1390,@@@NO@@@)','',2,'2013-06-25'),(30950,'INSERT INTO gne_vale_ferreteria_mov (vfe_id,pro_codigo_plu,vfm_cantidad,vfm_unitario,vfm_total,vfm_entregado) VALUES (3576,12083,1,260,260,@@@NO@@@)','',2,'2013-06-25'),(30951,'INSERT INTO gne_vale_ferreteria_mov (vfe_id,pro_codigo_plu,vfm_cantidad,vfm_unitario,vfm_total,vfm_entregado) VALUES (3576,1069,3,200,600,@@@NO@@@)','',2,'2013-06-25'),(30952,'INSERT INTO gne_vale_ferreteria (vfe_id,vfe_fecha,vfe_total,vfe_estado,vfe_entregado,usu_nusuario) VALUES (3577,@@@2013.06.25@@@,330,1,0,@@@admin@@@)','',2,'2013-06-25'),(30953,'INSERT INTO gne_vale_ferreteria_mov (vfe_id,pro_codigo_plu,vfm_cantidad,vfm_unitario,vfm_total,vfm_entregado) VALUES (3577,764507,1,330,330,@@@NO@@@)','',2,'2013-06-25'),(30954,'INSERT INTO gne_vale_ferreteria (vfe_id,vfe_fecha,vfe_total,vfe_estado,vfe_entregado,usu_nusuario) VALUES (3578,@@@2013.06.25@@@,130,1,0,@@@admin@@@)','',2,'2013-06-25'),(30955,'INSERT INTO gne_vale_ferreteria_mov (vfe_id,pro_codigo_plu,vfm_cantidad,vfm_unitario,vfm_total,vfm_entregado) VALUES (3578,15967,1,130,130,@@@NO@@@)','',2,'2013-06-25'),(30956,'UPDATE mae_productos SET pro_codigo_barra=@@@7807265984099@@@,pro_tipo=@@@0@@@,pro_nombre_producto=@@@MESCLADOR DE 4 COLORES@@@,pro_nombre_corto=@@@MESCLADOR DE 4 C@@@,med_id=@@@1@@@,emb_id=@@@3@@@,pro_unidades_embalaje=@@@0@@@,dep_id=@@@24 @@@,lin_id=@@@137@@@,mar_id=@@@2507@@@,pro_precio_compra_neto=@@@0@@@,pro_precio_compra_bruto=@@@0@@@,pro_precio_venta=@@@150@@@,pro_margen_actual=@@@0@@@,pro_oferta=@@@NO@@@,pro_fecha_inicio_oferta=@@@2013.04.30@@@,pro_fecha_termino_oferta=@@@2013.04.30@@@,pro_precio_oferta=@@@0@@@,pro_stock_minimo=@@@5@@@,pro_stock_critico=@@@2@@@,pro_activo=@@@1@@@,pro_unidad=@@@0@@@,pro_precio_compra_bruto=0,pro_margen_actual=0,pro_capacidad=4,pro_funcion_plu=0,pro_flejes=1,pro_iva=1,pro_plu_asociado=0,pro_envase=@@@NO@@@,pro_duracion=0,pro_numero_etiqueta=0 WHERE pro_codigo_plu=@@@4061@@@','',2,'2013-06-25'),(30957,'UPDATE mae_productos SET pro_estado=1 WHERE pro_codigo_plu=4061','',2,'2013-06-25'),(30958,'DELETE FROM mae_impuestos_productos WHERE pro_codigo_plu=@@@4061@@@','',2,'2013-06-25'),(30959,'INSERT INTO mae_productos (pro_codigo_plu,pro_codigo_barra,pro_tipo,pro_nombre_producto,pro_nombre_corto,med_id,emb_id,pro_unidades_embalaje,dep_id,lin_id,mar_id,pro_precio_compra_neto,pro_precio_compra_bruto,pro_precio_venta,pro_margen_actual,pro_oferta,pro_fecha_inicio_oferta,pro_fecha_termino_oferta,pro_precio_oferta,pro_stock_minimo,pro_stock_critico,pro_entradas_bodega,pro_salidas_bodega,pro_mermas_bodega,pro_ajustes_bodega,pro_entradas_sv,pro_salidas_sv,pro_mermas_sv,pro_ajustes_sv,pro_activo,rec_numero,pro_unidad,pro_capacidad,pro_consumo_bodega,pro_consumo_sv,pro_estado,pro_funcion_plu,pro_flejes,pro_iva,pro_plu_asociado,pro_envase,pro_duracion,pro_numero_etiqueta) VALUES (780721241,@@@77808@@@,@@@0@@@,@@@SATOS  PRECIOS VARIEDAD DE COLOR@@@,@@@SATOS  PRECIOS V@@@,@@@1 @@@,@@@3 @@@,@@@0@@@,@@@24 @@@,@@@138@@@,@@@2507@@@,@@@0@@@,@@@0@@@,@@@350@@@,@@@0@@@,@@@@@@,@@@2013.06.25@@@,@@@2013.06.25@@@,@@@0@@@,@@@0@@@,@@@0@@@,@@@0@@@,@@@0@@@,@@@0@@@,@@@0@@@,@@@0@@@,@@@0@@@,@@@0@@@,@@@0@@@,@@@1@@@,@@@0@@@,0,1,0,0,2,0,1,1,0,@@@NO@@@,0,0)','',2,'2013-06-25'),(30960,'DELETE FROM mae_impuestos_productos WHERE pro_codigo_plu=@@@780721241@@@','',2,'2013-06-25'),(30961,'INSERT INTO gne_vale_ferreteria (vfe_id,vfe_fecha,vfe_total,vfe_estado,vfe_entregado,usu_nusuario) VALUES (3579,@@@2013.06.25@@@,120,1,0,@@@admin@@@)','',2,'2013-06-25'),(30962,'INSERT INTO gne_vale_ferreteria_mov (vfe_id,pro_codigo_plu,vfm_cantidad,vfm_unitario,vfm_total,vfm_entregado) VALUES (3579,78017154,1,120,120,@@@NO@@@)','',2,'2013-06-25'),(30963,'INSERT INTO gne_vale_ferreteria (vfe_id,vfe_fecha,vfe_total,vfe_estado,vfe_entregado,usu_nusuario) VALUES (3580,@@@2013.06.25@@@,1399,1,0,@@@admin@@@)','',2,'2013-06-25'),(30964,'INSERT INTO gne_vale_ferreteria_mov (vfe_id,pro_codigo_plu,vfm_cantidad,vfm_unitario,vfm_total,vfm_entregado) VALUES (3580,763622,1,1399,1399,@@@NO@@@)','',2,'2013-06-25'),(30965,'INSERT INTO gne_vale_ferreteria (vfe_id,vfe_fecha,vfe_total,vfe_estado,vfe_entregado,usu_nusuario) VALUES (3581,@@@2013.06.25@@@,130,1,0,@@@admin@@@)','',2,'2013-06-25'),(30966,'INSERT INTO gne_vale_ferreteria_mov (vfe_id,pro_codigo_plu,vfm_cantidad,vfm_unitario,vfm_total,vfm_entregado) VALUES (3581,15967,1,130,130,@@@NO@@@)','',2,'2013-06-25'),(30967,'INSERT INTO gne_vale_ferreteria (vfe_id,vfe_fecha,vfe_total,vfe_estado,vfe_entregado,usu_nusuario) VALUES (3582,@@@2013.06.25@@@,300,1,0,@@@admin@@@)','',2,'2013-06-25'),(30968,'INSERT INTO gne_vale_ferreteria_mov (vfe_id,pro_codigo_plu,vfm_cantidad,vfm_unitario,vfm_total,vfm_entregado) VALUES (3582,763851,3,100,300,@@@NO@@@)','',2,'2013-06-25'),(30969,'INSERT INTO mae_productos (pro_codigo_plu,pro_codigo_barra,pro_tipo,pro_nombre_producto,pro_nombre_corto,med_id,emb_id,pro_unidades_embalaje,dep_id,lin_id,mar_id,pro_precio_compra_neto,pro_precio_compra_bruto,pro_precio_venta,pro_margen_actual,pro_oferta,pro_fecha_inicio_oferta,pro_fecha_termino_oferta,pro_precio_oferta,pro_stock_minimo,pro_stock_critico,pro_entradas_bodega,pro_salidas_bodega,pro_mermas_bodega,pro_ajustes_bodega,pro_entradas_sv,pro_salidas_sv,pro_mermas_sv,pro_ajustes_sv,pro_activo,rec_numero,pro_unidad,pro_capacidad,pro_consumo_bodega,pro_consumo_sv,pro_estado,pro_funcion_plu,pro_flejes,pro_iva,pro_plu_asociado,pro_envase,pro_duracion,pro_numero_etiqueta) VALUES (780721242,@@@09006638@@@,@@@0@@@,@@@PASTILLERO PILL BOXES@@@,@@@PASTILLERO PILL @@@,@@@1 @@@,@@@9 @@@,@@@1@@@,@@@21 @@@,@@@125@@@,@@@2507@@@,@@@0@@@,@@@590@@@,@@@1290@@@,@@@118.64@@@,@@@@@@,@@@2013.06.25@@@,@@@2013.06.25@@@,@@@0@@@,@@@1@@@,@@@1@@@,@@@0@@@,@@@0@@@,@@@0@@@,@@@0@@@,@@@0@@@,@@@0@@@,@@@0@@@,@@@0@@@,@@@1@@@,@@@0@@@,0,1,0,0,2,0,1,1,0,@@@NO@@@,0,0)','',2,'2013-06-25'),(30970,'DELETE FROM mae_impuestos_productos WHERE pro_codigo_plu=@@@780721242@@@','',2,'2013-06-25'),(30971,'INSERT INTO gne_vale_ferreteria (vfe_id,vfe_fecha,vfe_total,vfe_estado,vfe_entregado,usu_nusuario) VALUES (3583,@@@2013.06.25@@@,200,1,0,@@@admin@@@)','',2,'2013-06-25'),(30972,'INSERT INTO gne_vale_ferreteria_mov (vfe_id,pro_codigo_plu,vfm_cantidad,vfm_unitario,vfm_total,vfm_entregado) VALUES (3583,1556,1,200,200,@@@NO@@@)','',2,'2013-06-25'),(30973,'INSERT INTO gne_vale_ferreteria (vfe_id,vfe_fecha,vfe_total,vfe_estado,vfe_entregado,usu_nusuario) VALUES (3584,@@@2013.06.25@@@,390,1,0,@@@admin@@@)','',2,'2013-06-25'),(30974,'INSERT INTO gne_vale_ferreteria_mov (vfe_id,pro_codigo_plu,vfm_cantidad,vfm_unitario,vfm_total,vfm_entregado) VALUES (3584,1535,1,390,390,@@@NO@@@)','',2,'2013-06-25'),(30975,'INSERT INTO mae_productos (pro_codigo_plu,pro_codigo_barra,pro_tipo,pro_nombre_producto,pro_nombre_corto,med_id,emb_id,pro_unidades_embalaje,dep_id,lin_id,mar_id,pro_precio_compra_neto,pro_precio_compra_bruto,pro_precio_venta,pro_margen_actual,pro_oferta,pro_fecha_inicio_oferta,pro_fecha_termino_oferta,pro_precio_oferta,pro_stock_minimo,pro_stock_critico,pro_entradas_bodega,pro_salidas_bodega,pro_mermas_bodega,pro_ajustes_bodega,pro_entradas_sv,pro_salidas_sv,pro_mermas_sv,pro_ajustes_sv,pro_activo,rec_numero,pro_unidad,pro_capacidad,pro_consumo_bodega,pro_consumo_sv,pro_estado,pro_funcion_plu,pro_flejes,pro_iva,pro_plu_asociado,pro_envase,pro_duracion,pro_numero_etiqueta) VALUES (780721243,@@@7555@@@,@@@0@@@,@@@CALUGAS MAGGI 1UND VARIEDAD DE SABOR@@@,@@@CALUGAS MAGGI VA@@@,@@@1 @@@,@@@9 @@@,@@@0@@@,@@@1 @@@,@@@155@@@,@@@31@@@,@@@0@@@,@@@0@@@,@@@80@@@,@@@0@@@,@@@@@@,@@@2013.06.25@@@,@@@2013.06.25@@@,@@@0@@@,@@@5@@@,@@@2@@@,@@@0@@@,@@@0@@@,@@@0@@@,@@@0@@@,@@@0@@@,@@@0@@@,@@@0@@@,@@@0@@@,@@@1@@@,@@@0@@@,0,1,0,0,2,0,1,1,0,@@@NO@@@,0,0)','',2,'2013-06-25'),(30976,'DELETE FROM mae_impuestos_productos WHERE pro_codigo_plu=@@@780721243@@@','',2,'2013-06-25'),(30977,'INSERT INTO gne_vale_ferreteria (vfe_id,vfe_fecha,vfe_total,vfe_estado,vfe_entregado,usu_nusuario) VALUES (3585,@@@2013.06.25@@@,610,1,0,@@@admin@@@)','',2,'2013-06-25'),(30978,'INSERT INTO gne_vale_ferreteria_mov (vfe_id,pro_codigo_plu,vfm_cantidad,vfm_unitario,vfm_total,vfm_entregado) VALUES (3585,78017152,1,490,490,@@@NO@@@)','',2,'2013-06-25'),(30979,'INSERT INTO gne_vale_ferreteria_mov (vfe_id,pro_codigo_plu,vfm_cantidad,vfm_unitario,vfm_total,vfm_entregado) VALUES (3585,764160,1,120,120,@@@NO@@@)','',2,'2013-06-25'),(30980,'INSERT INTO gne_vale_ferreteria (vfe_id,vfe_fecha,vfe_total,vfe_estado,vfe_entregado,usu_nusuario) VALUES (3586,@@@2013.06.25@@@,680,1,0,@@@admin@@@)','',2,'2013-06-25'),(30981,'INSERT INTO gne_vale_ferreteria_mov (vfe_id,pro_codigo_plu,vfm_cantidad,vfm_unitario,vfm_total,vfm_entregado) VALUES (3586,101814,1,680,680,@@@NO@@@)','',2,'2013-06-25'),(30982,'INSERT INTO mae_productos (pro_codigo_plu,pro_codigo_barra,pro_tipo,pro_nombre_producto,pro_nombre_corto,med_id,emb_id,pro_unidades_embalaje,dep_id,lin_id,mar_id,pro_precio_compra_neto,pro_precio_compra_bruto,pro_precio_venta,pro_margen_actual,pro_oferta,pro_fecha_inicio_oferta,pro_fecha_termino_oferta,pro_precio_oferta,pro_stock_minimo,pro_stock_critico,pro_entradas_bodega,pro_salidas_bodega,pro_mermas_bodega,pro_ajustes_bodega,pro_entradas_sv,pro_salidas_sv,pro_mermas_sv,pro_ajustes_sv,pro_activo,rec_numero,pro_unidad,pro_capacidad,pro_consumo_bodega,pro_consumo_sv,pro_estado,pro_funcion_plu,pro_flejes,pro_iva,pro_plu_asociado,pro_envase,pro_duracion,pro_numero_etiqueta) VALUES (780721244,@@@6991203484978@@@,@@@0@@@,@@@DINOSAURIO JUGUETE@@@,@@@DINOSAURIO JUGUE@@@,@@@1 @@@,@@@3 @@@,@@@0@@@,@@@23 @@@,@@@135@@@,@@@2507@@@,@@@0@@@,@@@0@@@,@@@3190@@@,@@@0@@@,@@@@@@,@@@2013.06.25@@@,@@@2013.06.25@@@,@@@0@@@,@@@0@@@,@@@0@@@,@@@0@@@,@@@0@@@,@@@0@@@,@@@0@@@,@@@0@@@,@@@0@@@,@@@0@@@,@@@0@@@,@@@1@@@,@@@0@@@,0,1,0,0,2,0,1,1,0,@@@NO@@@,0,0)','',2,'2013-06-25'),(30983,'DELETE FROM mae_impuestos_productos WHERE pro_codigo_plu=@@@780721244@@@','',2,'2013-06-25'),(30984,'INSERT INTO gne_vale_ferreteria (vfe_id,vfe_fecha,vfe_total,vfe_estado,vfe_entregado,usu_nusuario) VALUES (3587,@@@2013.06.25@@@,150,1,0,@@@admin@@@)','',2,'2013-06-25'),(30985,'INSERT INTO gne_vale_ferreteria_mov (vfe_id,pro_codigo_plu,vfm_cantidad,vfm_unitario,vfm_total,vfm_entregado) VALUES (3587,78017015,1,150,150,@@@NO@@@)','',2,'2013-06-25'),(30986,'INSERT INTO mae_productos (pro_codigo_plu,pro_codigo_barra,pro_tipo,pro_nombre_producto,pro_nombre_corto,med_id,emb_id,pro_unidades_embalaje,dep_id,lin_id,mar_id,pro_precio_compra_neto,pro_precio_compra_bruto,pro_precio_venta,pro_margen_actual,pro_oferta,pro_fecha_inicio_oferta,pro_fecha_termino_oferta,pro_precio_oferta,pro_stock_minimo,pro_stock_critico,pro_entradas_bodega,pro_salidas_bodega,pro_mermas_bodega,pro_ajustes_bodega,pro_entradas_sv,pro_salidas_sv,pro_mermas_sv,pro_ajustes_sv,pro_activo,rec_numero,pro_unidad,pro_capacidad,pro_consumo_bodega,pro_consumo_sv,pro_estado,pro_funcion_plu,pro_flejes,pro_iva,pro_plu_asociado,pro_envase,pro_duracion,pro_numero_etiqueta) VALUES (780721245,@@@5839610986122@@@,@@@0@@@,@@@BARBY CON ACCESORIOS@@@,@@@BARBY CON ACCESO@@@,@@@1 @@@,@@@3 @@@,@@@0@@@,@@@23 @@@,@@@135@@@,@@@2507@@@,@@@0@@@,@@@0@@@,@@@2290@@@,@@@0@@@,@@@@@@,@@@2013.06.25@@@,@@@2013.06.25@@@,@@@0@@@,@@@0@@@,@@@0@@@,@@@0@@@,@@@0@@@,@@@0@@@,@@@0@@@,@@@0@@@,@@@0@@@,@@@0@@@,@@@0@@@,@@@1@@@,@@@0@@@,0,1,0,0,2,0,1,1,0,@@@NO@@@,0,0)','',2,'2013-06-25'),(30987,'DELETE FROM mae_impuestos_productos WHERE pro_codigo_plu=@@@780721245@@@','',2,'2013-06-25'),(30988,'INSERT INTO mae_productos (pro_codigo_plu,pro_codigo_barra,pro_tipo,pro_nombre_producto,pro_nombre_corto,med_id,emb_id,pro_unidades_embalaje,dep_id,lin_id,mar_id,pro_precio_compra_neto,pro_precio_compra_bruto,pro_precio_venta,pro_margen_actual,pro_oferta,pro_fecha_inicio_oferta,pro_fecha_termino_oferta,pro_precio_oferta,pro_stock_minimo,pro_stock_critico,pro_entradas_bodega,pro_salidas_bodega,pro_mermas_bodega,pro_ajustes_bodega,pro_entradas_sv,pro_salidas_sv,pro_mermas_sv,pro_ajustes_sv,pro_activo,rec_numero,pro_unidad,pro_capacidad,pro_consumo_bodega,pro_consumo_sv,pro_estado,pro_funcion_plu,pro_flejes,pro_iva,pro_plu_asociado,pro_envase,pro_duracion,pro_numero_etiqueta) VALUES (780721246,@@@6991293304712@@@,@@@0@@@,@@@MUÑECA CON CARRO GRANJA@@@,@@@MUÑECA CON CARRO@@@,@@@1 @@@,@@@3 @@@,@@@0@@@,@@@23 @@@,@@@135@@@,@@@2507@@@,@@@0@@@,@@@0@@@,@@@2590@@@,@@@0@@@,@@@@@@,@@@2013.06.25@@@,@@@2013.06.25@@@,@@@0@@@,@@@0@@@,@@@0@@@,@@@0@@@,@@@0@@@,@@@0@@@,@@@0@@@,@@@0@@@,@@@0@@@,@@@0@@@,@@@0@@@,@@@1@@@,@@@0@@@,0,1,0,0,2,0,1,1,0,@@@NO@@@,0,0)','',2,'2013-06-25'),(30989,'DELETE FROM mae_impuestos_productos WHERE pro_codigo_plu=@@@780721246@@@','',2,'2013-06-25'),(30990,'UPDATE mae_productos SET pro_codigo_barra=@@@77880@@@,pro_tipo=@@@0@@@,pro_nombre_producto=@@@BOLSA CAMISETA CHICA ROLLO@@@,pro_nombre_corto=@@@BOLSA CAMISETA@@@,med_id=@@@1@@@,emb_id=@@@4@@@,pro_unidades_embalaje=@@@1@@@,dep_id=@@@27 @@@,lin_id=@@@143@@@,mar_id=@@@894@@@,pro_precio_compra_neto=@@@0@@@,pro_precio_compra_bruto=@@@0@@@,pro_precio_venta=@@@890@@@,pro_margen_actual=@@@0@@@,pro_oferta=@@@NO@@@,pro_fecha_inicio_oferta=@@@1900.01.01@@@,pro_fecha_termino_oferta=@@@1900.01.01@@@,pro_precio_oferta=@@@0@@@,pro_stock_minimo=@@@0@@@,pro_stock_critico=@@@0@@@,pro_activo=@@@1@@@,pro_unidad=@@@0@@@,pro_precio_compra_bruto=0,pro_margen_actual=0,pro_capacidad=1,pro_funcion_plu=0,pro_flejes=1,pro_iva=1,pro_plu_asociado=0,pro_envase=@@@NO@@@,pro_duracion=0,pro_numero_etiqueta=0 WHERE pro_codigo_plu=@@@21358@@@','',2,'2013-06-25'),(30991,'UPDATE mae_productos SET pro_estado=1 WHERE pro_codigo_plu=21358','',2,'2013-06-25'),(30992,'DELETE FROM mae_impuestos_productos WHERE pro_codigo_plu=@@@21358@@@','',2,'2013-06-25'),(30993,'UPDATE mae_productos SET pro_codigo_barra=@@@77881@@@,pro_tipo=@@@0@@@,pro_nombre_producto=@@@BOLSA CAMISETA GRANDE ROLLO@@@,pro_nombre_corto=@@@BOLSA CAMISETA 3@@@,med_id=@@@1@@@,emb_id=@@@4@@@,pro_unidades_embalaje=@@@1@@@,dep_id=@@@27 @@@,lin_id=@@@143@@@,mar_id=@@@894@@@,pro_precio_compra_neto=@@@0@@@,pro_precio_compra_bruto=@@@0@@@,pro_precio_venta=@@@1190@@@,pro_margen_actual=@@@0@@@,pro_oferta=@@@NO@@@,pro_fecha_inicio_oferta=@@@1900.01.01@@@,pro_fecha_termino_oferta=@@@1900.01.01@@@,pro_precio_oferta=@@@0@@@,pro_stock_minimo=@@@0@@@,pro_stock_critico=@@@0@@@,pro_activo=@@@1@@@,pro_unidad=@@@0@@@,pro_precio_compra_bruto=0,pro_margen_actual=0,pro_capacidad=1,pro_funcion_plu=0,pro_flejes=1,pro_iva=1,pro_plu_asociado=0,pro_envase=@@@NO@@@,pro_duracion=0,pro_numero_etiqueta=0 WHERE pro_codigo_plu=@@@21356@@@','',2,'2013-06-25'),(30994,'UPDATE mae_productos SET pro_estado=1 WHERE pro_codigo_plu=21356','',2,'2013-06-25'),(30995,'DELETE FROM mae_impuestos_productos WHERE pro_codigo_plu=@@@21356@@@','',2,'2013-06-25'),(30996,'INSERT INTO mae_productos (pro_codigo_plu,pro_codigo_barra,pro_tipo,pro_nombre_producto,pro_nombre_corto,med_id,emb_id,pro_unidades_embalaje,dep_id,lin_id,mar_id,pro_precio_compra_neto,pro_precio_compra_bruto,pro_precio_venta,pro_margen_actual,pro_oferta,pro_fecha_inicio_oferta,pro_fecha_termino_oferta,pro_precio_oferta,pro_stock_minimo,pro_stock_critico,pro_entradas_bodega,pro_salidas_bodega,pro_mermas_bodega,pro_ajustes_bodega,pro_entradas_sv,pro_salidas_sv,pro_mermas_sv,pro_ajustes_sv,pro_activo,rec_numero,pro_unidad,pro_capacidad,pro_consumo_bodega,pro_consumo_sv,pro_estado,pro_funcion_plu,pro_flejes,pro_iva,pro_plu_asociado,pro_envase,pro_duracion,pro_numero_etiqueta) VALUES (780721247,@@@778882@@@,@@@0@@@,@@@AUTO FRICCION RUEDAS CON LUCES@@@,@@@AUTO FRICCION RU@@@,@@@1 @@@,@@@3 @@@,@@@0@@@,@@@23 @@@,@@@135@@@,@@@2507@@@,@@@0@@@,@@@0@@@,@@@3490@@@,@@@0@@@,@@@@@@,@@@2013.06.25@@@,@@@2013.06.25@@@,@@@0@@@,@@@0@@@,@@@0@@@,@@@0@@@,@@@0@@@,@@@0@@@,@@@0@@@,@@@0@@@,@@@0@@@,@@@0@@@,@@@0@@@,@@@1@@@,@@@0@@@,0,1,0,0,2,0,1,1,0,@@@NO@@@,0,0)','',2,'2013-06-25'),(30997,'DELETE FROM mae_impuestos_productos WHERE pro_codigo_plu=@@@780721247@@@','',2,'2013-06-25'),(30998,'UPDATE mae_productos SET pro_precio_fiscal=pro_precio_venta WHERE pro_codigo_plu=780721242','',2,'2013-06-25'),(30999,'UPDATE mae_productos SET pro_precio_fiscal=pro_precio_venta WHERE pro_codigo_plu=780721245','',2,'2013-06-25'),(31000,'UPDATE mae_productos SET pro_precio_fiscal=pro_precio_venta WHERE pro_codigo_plu=780721244','',2,'2013-06-25'),(31001,'UPDATE mae_productos SET pro_precio_fiscal=pro_precio_venta WHERE pro_codigo_plu=780721246','',2,'2013-06-25'),(31002,'UPDATE mae_productos SET pro_precio_fiscal=pro_precio_venta WHERE pro_codigo_plu=780721243','',2,'2013-06-25'),(31003,'UPDATE mae_productos SET pro_precio_fiscal=pro_precio_venta WHERE pro_codigo_plu=780721241','',2,'2013-06-25'),(31004,'UPDATE mae_productos SET pro_precio_fiscal=pro_precio_venta WHERE pro_codigo_plu=21358','',2,'2013-06-25'),(31005,'UPDATE mae_productos SET pro_precio_fiscal=pro_precio_venta WHERE pro_codigo_plu=21356','',2,'2013-06-25'),(31006,'UPDATE mae_productos SET pro_precio_fiscal=pro_precio_venta WHERE pro_codigo_plu=780721247','',2,'2013-06-25'),(31007,'INSERT INTO mae_productos (pro_codigo_plu,pro_codigo_barra,pro_tipo,pro_nombre_producto,pro_nombre_corto,med_id,emb_id,pro_unidades_embalaje,dep_id,lin_id,mar_id,pro_precio_compra_neto,pro_precio_compra_bruto,pro_precio_venta,pro_margen_actual,pro_oferta,pro_fecha_inicio_oferta,pro_fecha_termino_oferta,pro_precio_oferta,pro_stock_minimo,pro_stock_critico,pro_entradas_bodega,pro_salidas_bodega,pro_mermas_bodega,pro_ajustes_bodega,pro_entradas_sv,pro_salidas_sv,pro_mermas_sv,pro_ajustes_sv,pro_activo,rec_numero,pro_unidad,pro_capacidad,pro_consumo_bodega,pro_consumo_sv,pro_estado,pro_funcion_plu,pro_flejes,pro_iva,pro_plu_asociado,pro_envase,pro_duracion,pro_numero_etiqueta) VALUES (780721248,@@@780721248@@@,@@@0@@@,@@@ESPANTA PAJARO GRANDE@@@,@@@ESPANTA PAJARO G@@@,@@@1 @@@,@@@3 @@@,@@@0@@@,@@@1 @@@,@@@6@@@,@@@2507@@@,@@@0@@@,@@@0@@@,@@@1990@@@,@@@0@@@,@@@@@@,@@@2013.06.25@@@,@@@2013.06.25@@@,@@@0@@@,@@@0@@@,@@@0@@@,@@@0@@@,@@@0@@@,@@@0@@@,@@@0@@@,@@@0@@@,@@@0@@@,@@@0@@@,@@@0@@@,@@@1@@@,@@@0@@@,0,0,0,0,2,0,1,1,0,@@@NO@@@,0,0)','',2,'2013-06-25'),(31008,'DELETE FROM mae_impuestos_productos WHERE pro_codigo_plu=@@@780721248@@@','',2,'2013-06-25'),(31009,'INSERT INTO gne_vale_ferreteria (vfe_id,vfe_fecha,vfe_total,vfe_estado,vfe_entregado,usu_nusuario) VALUES (3588,@@@2013.06.25@@@,3980,1,0,@@@admin@@@)','',2,'2013-06-25'),(31010,'INSERT INTO gne_vale_ferreteria_mov (vfe_id,pro_codigo_plu,vfm_cantidad,vfm_unitario,vfm_total,vfm_entregado) VALUES (3588,780721248,2,1990,3980,@@@NO@@@)','',2,'2013-06-25'),(31011,'INSERT INTO gne_vale_ferreteria (vfe_id,vfe_fecha,vfe_total,vfe_estado,vfe_entregado,usu_nusuario) VALUES (3589,@@@2013.06.25@@@,590,1,0,@@@admin@@@)','',2,'2013-06-25'),(31012,'INSERT INTO gne_vale_ferreteria_mov (vfe_id,pro_codigo_plu,vfm_cantidad,vfm_unitario,vfm_total,vfm_entregado) VALUES (3589,15485,1,590,590,@@@NO@@@)','',2,'2013-06-25'),(31013,'INSERT INTO mae_productos (pro_codigo_plu,pro_codigo_barra,pro_tipo,pro_nombre_producto,pro_nombre_corto,med_id,emb_id,pro_unidades_embalaje,dep_id,lin_id,mar_id,pro_precio_compra_neto,pro_precio_compra_bruto,pro_precio_venta,pro_margen_actual,pro_oferta,pro_fecha_inicio_oferta,pro_fecha_termino_oferta,pro_precio_oferta,pro_stock_minimo,pro_stock_critico,pro_entradas_bodega,pro_salidas_bodega,pro_mermas_bodega,pro_ajustes_bodega,pro_entradas_sv,pro_salidas_sv,pro_mermas_sv,pro_ajustes_sv,pro_activo,rec_numero,pro_unidad,pro_capacidad,pro_consumo_bodega,pro_consumo_sv,pro_estado,pro_funcion_plu,pro_flejes,pro_iva,pro_plu_asociado,pro_envase,pro_duracion,pro_numero_etiqueta) VALUES (780721249,@@@780721249@@@,@@@0@@@,@@@ESPANTA PAJARO MEDIANO @@@,@@@ESPANTA PAJARO M@@@,@@@1 @@@,@@@3 @@@,@@@0@@@,@@@38 @@@,@@@179@@@,@@@2507@@@,@@@0@@@,@@@0@@@,@@@1690@@@,@@@0@@@,@@@@@@,@@@2013.06.25@@@,@@@2013.06.25@@@,@@@0@@@,@@@0@@@,@@@0@@@,@@@0@@@,@@@0@@@,@@@0@@@,@@@0@@@,@@@0@@@,@@@0@@@,@@@0@@@,@@@0@@@,@@@1@@@,@@@0@@@,0,1,0,0,2,0,1,1,0,@@@NO@@@,0,0)','',2,'2013-06-25'),(31014,'DELETE FROM mae_impuestos_productos WHERE pro_codigo_plu=@@@780721249@@@','',2,'2013-06-25'),(31015,'UPDATE mae_productos SET pro_codigo_barra=@@@780721248@@@,pro_tipo=@@@0@@@,pro_nombre_producto=@@@ESPANTA PAJARO GRANDE@@@,pro_nombre_corto=@@@ESPANTA PAJARO G@@@,med_id=@@@1@@@,emb_id=@@@3@@@,pro_unidades_embalaje=@@@0@@@,dep_id=@@@38 @@@,lin_id=@@@179@@@,mar_id=@@@2507@@@,pro_precio_compra_neto=@@@0@@@,pro_precio_compra_bruto=@@@0@@@,pro_precio_venta=@@@1990@@@,pro_margen_actual=@@@0@@@,pro_oferta=@@@NO@@@,pro_fecha_inicio_oferta=@@@2013.06.25@@@,pro_fecha_termino_oferta=@@@2013.06.25@@@,pro_precio_oferta=@@@0@@@,pro_stock_minimo=@@@0@@@,pro_stock_critico=@@@0@@@,pro_activo=@@@1@@@,pro_unidad=@@@0@@@,pro_precio_compra_bruto=0,pro_margen_actual=0,pro_capacidad=0,pro_funcion_plu=0,pro_flejes=1,pro_iva=1,pro_plu_asociado=0,pro_envase=@@@NO@@@,pro_duracion=0,pro_numero_etiqueta=0 WHERE pro_codigo_plu=@@@780721248@@@','',2,'2013-06-25'),(31016,'UPDATE mae_productos SET pro_estado=1 WHERE pro_codigo_plu=780721248','',2,'2013-06-25'),(31017,'DELETE FROM mae_impuestos_productos WHERE pro_codigo_plu=@@@780721248@@@','',2,'2013-06-25'),(31018,'INSERT INTO mae_productos (pro_codigo_plu,pro_codigo_barra,pro_tipo,pro_nombre_producto,pro_nombre_corto,med_id,emb_id,pro_unidades_embalaje,dep_id,lin_id,mar_id,pro_precio_compra_neto,pro_precio_compra_bruto,pro_precio_venta,pro_margen_actual,pro_oferta,pro_fecha_inicio_oferta,pro_fecha_termino_oferta,pro_precio_oferta,pro_stock_minimo,pro_stock_critico,pro_entradas_bodega,pro_salidas_bodega,pro_mermas_bodega,pro_ajustes_bodega,pro_entradas_sv,pro_salidas_sv,pro_mermas_sv,pro_ajustes_sv,pro_activo,rec_numero,pro_unidad,pro_capacidad,pro_consumo_bodega,pro_consumo_sv,pro_estado,pro_funcion_plu,pro_flejes,pro_iva,pro_plu_asociado,pro_envase,pro_duracion,pro_numero_etiqueta) VALUES (780721250,@@@7805414004582@@@,@@@0@@@,@@@LEGOS DIDACTICO LOCOMOTORA@@@,@@@LEGOS DIDACTICO @@@,@@@1 @@@,@@@3 @@@,@@@0@@@,@@@23 @@@,@@@135@@@,@@@2507@@@,@@@0@@@,@@@0@@@,@@@2790@@@,@@@0@@@,@@@@@@,@@@2013.06.25@@@,@@@2013.06.25@@@,@@@0@@@,@@@0@@@,@@@0@@@,@@@0@@@,@@@0@@@,@@@0@@@,@@@0@@@,@@@0@@@,@@@0@@@,@@@0@@@,@@@0@@@,@@@1@@@,@@@0@@@,0,1,0,0,2,0,1,1,0,@@@NO@@@,0,0)','',2,'2013-06-25'),(31019,'DELETE FROM mae_impuestos_productos WHERE pro_codigo_plu=@@@780721250@@@','',2,'2013-06-25'),(31020,'INSERT INTO mae_productos (pro_codigo_plu,pro_codigo_barra,pro_tipo,pro_nombre_producto,pro_nombre_corto,med_id,emb_id,pro_unidades_embalaje,dep_id,lin_id,mar_id,pro_precio_compra_neto,pro_precio_compra_bruto,pro_precio_venta,pro_margen_actual,pro_oferta,pro_fecha_inicio_oferta,pro_fecha_termino_oferta,pro_precio_oferta,pro_stock_minimo,pro_stock_critico,pro_entradas_bodega,pro_salidas_bodega,pro_mermas_bodega,pro_ajustes_bodega,pro_entradas_sv,pro_salidas_sv,pro_mermas_sv,pro_ajustes_sv,pro_activo,rec_numero,pro_unidad,pro_capacidad,pro_consumo_bodega,pro_consumo_sv,pro_estado,pro_funcion_plu,pro_flejes,pro_iva,pro_plu_asociado,pro_envase,pro_duracion,pro_numero_etiqueta) VALUES (780721251,@@@8588@@@,@@@0@@@,@@@BABY LOVELY NIÑA@@@,@@@BABY LOVELY NIÑA@@@,@@@1 @@@,@@@3 @@@,@@@0@@@,@@@23 @@@,@@@135@@@,@@@2507@@@,@@@0@@@,@@@0@@@,@@@1690@@@,@@@0@@@,@@@@@@,@@@2013.06.25@@@,@@@2013.06.25@@@,@@@0@@@,@@@0@@@,@@@0@@@,@@@0@@@,@@@0@@@,@@@0@@@,@@@0@@@,@@@0@@@,@@@0@@@,@@@0@@@,@@@0@@@,@@@1@@@,@@@0@@@,0,1,0,0,2,0,1,1,0,@@@NO@@@,0,0)','',2,'2013-06-25'),(31021,'DELETE FROM mae_impuestos_productos WHERE pro_codigo_plu=@@@780721251@@@','',2,'2013-06-25'),(31022,'INSERT INTO gne_vale_ferreteria (vfe_id,vfe_fecha,vfe_total,vfe_estado,vfe_entregado,usu_nusuario) VALUES (3590,@@@2013.06.25@@@,120,1,0,@@@admin@@@)','',2,'2013-06-25'),(31023,'INSERT INTO gne_vale_ferreteria_mov (vfe_id,pro_codigo_plu,vfm_cantidad,vfm_unitario,vfm_total,vfm_entregado) VALUES (3590,8022,1,120,120,@@@NO@@@)','',2,'2013-06-25'),(31024,'INSERT INTO gne_vale_ferreteria (vfe_id,vfe_fecha,vfe_total,vfe_estado,vfe_entregado,usu_nusuario) VALUES (3591,@@@2013.06.25@@@,500,1,0,@@@admin@@@)','',2,'2013-06-25'),(31025,'INSERT INTO gne_vale_ferreteria_mov (vfe_id,pro_codigo_plu,vfm_cantidad,vfm_unitario,vfm_total,vfm_entregado) VALUES (3591,1069,1,200,200,@@@NO@@@)','',2,'2013-06-25'),(31026,'INSERT INTO gne_vale_ferreteria_mov (vfe_id,pro_codigo_plu,vfm_cantidad,vfm_unitario,vfm_total,vfm_entregado) VALUES (3591,1042,1,300,300,@@@NO@@@)','',2,'2013-06-25'),(31027,'INSERT INTO gne_vale_ferreteria (vfe_id,vfe_fecha,vfe_total,vfe_estado,vfe_entregado,usu_nusuario) VALUES (3592,@@@2013.06.26@@@,620,1,0,@@@S_BIZAMA@@@)','',2,'2013-06-26'),(31028,'INSERT INTO gne_vale_ferreteria_mov (vfe_id,pro_codigo_plu,vfm_cantidad,vfm_unitario,vfm_total,vfm_entregado) VALUES (3592,21116,1,620,620,@@@NO@@@)','',2,'2013-06-26'),(31029,'INSERT INTO gne_vale_ferreteria (vfe_id,vfe_fecha,vfe_total,vfe_estado,vfe_entregado,usu_nusuario) VALUES (3593,@@@2013.06.26@@@,330,1,0,@@@S_BIZAMA@@@)','',2,'2013-06-26'),(31030,'INSERT INTO gne_vale_ferreteria_mov (vfe_id,pro_codigo_plu,vfm_cantidad,vfm_unitario,vfm_total,vfm_entregado) VALUES (3593,19918,1,330,330,@@@NO@@@)','',2,'2013-06-26'),(31031,'UPDATE mae_productos SET pro_codigo_barra=@@@7802900050023@@@,pro_tipo=@@@0@@@,pro_nombre_producto=@@@LECHE FRUTILLA UHT LITRO@@@,pro_nombre_corto=@@@LECHE FRUTILLA@@@,med_id=@@@3@@@,emb_id=@@@4@@@,pro_unidades_embalaje=@@@12@@@,dep_id=@@@3 @@@,lin_id=@@@46@@@,mar_id=@@@1993@@@,pro_precio_compra_neto=@@@581.51@@@,pro_precio_compra_bruto=@@@692@@@,pro_precio_venta=@@@920@@@,pro_margen_actual=@@@32.95@@@,pro_oferta=@@@NO@@@,pro_fecha_inicio_oferta=@@@1900.01.01@@@,pro_fecha_termino_oferta=@@@1900.01.01@@@,pro_precio_oferta=@@@0@@@,pro_stock_minimo=@@@12@@@,pro_stock_critico=@@@6@@@,pro_activo=@@@1@@@,pro_unidad=@@@0@@@,pro_precio_compra_bruto=692,pro_margen_actual=32.95,pro_capacidad=1,pro_funcion_plu=0,pro_flejes=1,pro_iva=1,pro_plu_asociado=0,pro_envase=@@@NO@@@,pro_duracion=0,pro_numero_etiqueta=0 WHERE pro_codigo_plu=@@@16111@@@','',2,'2013-06-26'),(31032,'UPDATE mae_productos SET pro_estado=1 WHERE pro_codigo_plu=16111','',2,'2013-06-26'),(31033,'DELETE FROM mae_impuestos_productos WHERE pro_codigo_plu=@@@16111@@@','',2,'2013-06-26'),(31034,'INSERT INTO gne_vale_ferreteria (vfe_id,vfe_fecha,vfe_total,vfe_estado,vfe_entregado,usu_nusuario) VALUES (3594,@@@2013.06.26@@@,3780,1,0,@@@S_BIZAMA@@@)','',2,'2013-06-26'),(31035,'INSERT INTO gne_vale_ferreteria_mov (vfe_id,pro_codigo_plu,vfm_cantidad,vfm_unitario,vfm_total,vfm_entregado) VALUES (3594,764951,1,2990,2990,@@@NO@@@)','',2,'2013-06-26'),(31036,'INSERT INTO gne_vale_ferreteria_mov (vfe_id,pro_codigo_plu,vfm_cantidad,vfm_unitario,vfm_total,vfm_entregado) VALUES (3594,764052,1,790,790,@@@NO@@@)','',2,'2013-06-26'),(31037,'INSERT INTO gne_vale_ferreteria (vfe_id,vfe_fecha,vfe_total,vfe_estado,vfe_entregado,usu_nusuario) VALUES (3595,@@@2013.06.26@@@,1690,1,0,@@@S_BIZAMA@@@)','',2,'2013-06-26'),(31038,'INSERT INTO gne_vale_ferreteria_mov (vfe_id,pro_codigo_plu,vfm_cantidad,vfm_unitario,vfm_total,vfm_entregado) VALUES (3595,7003,1,1690,1690,@@@NO@@@)','',2,'2013-06-26'),(31039,'INSERT INTO gne_vale_ferreteria (vfe_id,vfe_fecha,vfe_total,vfe_estado,vfe_entregado,usu_nusuario) VALUES (3596,@@@2013.06.26@@@,2990,1,0,@@@S_BIZAMA@@@)','',2,'2013-06-26'),(31040,'INSERT INTO gne_vale_ferreteria_mov (vfe_id,pro_codigo_plu,vfm_cantidad,vfm_unitario,vfm_total,vfm_entregado) VALUES (3596,764951,1,2990,2990,@@@NO@@@)','',2,'2013-06-26'),(31041,'UPDATE mae_productos SET pro_codigo_barra=@@@7802900005078@@@,pro_tipo=@@@0@@@,pro_nombre_producto=@@@LECHE SOPROLE CHOCOLATE BOLSA 500 CC@@@,pro_nombre_corto=@@@LECHE SOPROLE CH@@@,med_id=@@@1@@@,emb_id=@@@4@@@,pro_unidades_embalaje=@@@24@@@,dep_id=@@@3 @@@,lin_id=@@@46@@@,mar_id=@@@1993@@@,pro_precio_compra_neto=@@@0@@@,pro_precio_compra_bruto=@@@303@@@,pro_precio_venta=@@@420@@@,pro_margen_actual=@@@38.61@@@,pro_oferta=@@@NO@@@,pro_fecha_inicio_oferta=@@@1900.01.01@@@,pro_fecha_termino_oferta=@@@1900.01.01@@@,pro_precio_oferta=@@@0@@@,pro_stock_minimo=@@@24@@@,pro_stock_critico=@@@12@@@,pro_activo=@@@1@@@,pro_unidad=@@@0@@@,pro_precio_compra_bruto=303,pro_margen_actual=38.61,pro_capacidad=0.5,pro_funcion_plu=0,pro_flejes=1,pro_iva=1,pro_plu_asociado=0,pro_envase=@@@NO@@@,pro_duracion=0,pro_numero_etiqueta=0 WHERE pro_codigo_plu=@@@16118@@@','',2,'2013-06-26'),(31042,'UPDATE mae_productos SET pro_estado=1 WHERE pro_codigo_plu=16118','',2,'2013-06-26'),(31043,'DELETE FROM mae_impuestos_productos WHERE pro_codigo_plu=@@@16118@@@','',2,'2013-06-26'),(31044,'UPDATE mae_productos SET pro_codigo_barra=@@@7802900005078@@@,pro_tipo=@@@0@@@,pro_nombre_producto=@@@LECHE SOPROLE CHOCOLATE BOLSA 500 CC@@@,pro_nombre_corto=@@@LECHE SOPROLE CH@@@,med_id=@@@1@@@,emb_id=@@@4@@@,pro_unidades_embalaje=@@@24@@@,dep_id=@@@3 @@@,lin_id=@@@46@@@,mar_id=@@@1993@@@,pro_precio_compra_neto=@@@0@@@,pro_precio_compra_bruto=@@@303@@@,pro_precio_venta=@@@430@@@,pro_margen_actual=@@@41.91@@@,pro_oferta=@@@NO@@@,pro_fecha_inicio_oferta=@@@1900.01.01@@@,pro_fecha_termino_oferta=@@@1900.01.01@@@,pro_precio_oferta=@@@0@@@,pro_stock_minimo=@@@24@@@,pro_stock_critico=@@@12@@@,pro_activo=@@@1@@@,pro_unidad=@@@0@@@,pro_precio_compra_bruto=303,pro_margen_actual=41.91,pro_capacidad=0.5,pro_funcion_plu=0,pro_flejes=1,pro_iva=1,pro_plu_asociado=0,pro_envase=@@@NO@@@,pro_duracion=0,pro_numero_etiqueta=0 WHERE pro_codigo_plu=@@@16118@@@','',2,'2013-06-26'),(31045,'UPDATE mae_productos SET pro_estado=1 WHERE pro_codigo_plu=16118','',2,'2013-06-26'),(31046,'DELETE FROM mae_impuestos_productos WHERE pro_codigo_plu=@@@16118@@@','',2,'2013-06-26'),(31047,'UPDATE mae_productos SET pro_codigo_barra=@@@7802900029012@@@,pro_tipo=@@@0@@@,pro_nombre_producto=@@@LECHE SEMIDESCREMADA UHT LITRO@@@,pro_nombre_corto=@@@LECHE SEMIDESCRE@@@,med_id=@@@3@@@,emb_id=@@@4@@@,pro_unidades_embalaje=@@@12@@@,dep_id=@@@3 @@@,lin_id=@@@46@@@,mar_id=@@@1993@@@,pro_precio_compra_neto=@@@0@@@,pro_precio_compra_bruto=@@@569@@@,pro_precio_venta=@@@750@@@,pro_margen_actual=@@@31.81@@@,pro_oferta=@@@NO@@@,pro_fecha_inicio_oferta=@@@1900.01.01@@@,pro_fecha_termino_oferta=@@@1900.01.01@@@,pro_precio_oferta=@@@0@@@,pro_stock_minimo=@@@12@@@,pro_stock_critico=@@@6@@@,pro_activo=@@@1@@@,pro_unidad=@@@0@@@,pro_precio_compra_bruto=569,pro_margen_actual=31.81,pro_capacidad=1,pro_funcion_plu=0,pro_flejes=1,pro_iva=1,pro_plu_asociado=0,pro_envase=@@@NO@@@,pro_duracion=0,pro_numero_etiqueta=0 WHERE pro_codigo_plu=@@@16004@@@','',2,'2013-06-26'),(31048,'UPDATE mae_productos SET pro_estado=1 WHERE pro_codigo_plu=16004','',2,'2013-06-26'),(31049,'DELETE FROM mae_impuestos_productos WHERE pro_codigo_plu=@@@16004@@@','',2,'2013-06-26'),(31050,'UPDATE mae_productos SET pro_codigo_barra=@@@7802900234621@@@,pro_tipo=@@@0@@@,pro_nombre_producto=@@@YOGHURT NEXT TROZOS FRUTILLA 125 GRS.@@@,pro_nombre_corto=@@@YOGHURT NEXT TRO@@@,med_id=@@@5@@@,emb_id=@@@4@@@,pro_unidades_embalaje=@@@36@@@,dep_id=@@@3 @@@,lin_id=@@@50@@@,mar_id=@@@1710@@@,pro_precio_compra_neto=@@@0@@@,pro_precio_compra_bruto=@@@0@@@,pro_precio_venta=@@@310@@@,pro_margen_actual=@@@0@@@,pro_oferta=@@@NO@@@,pro_fecha_inicio_oferta=@@@2006.09.07@@@,pro_fecha_termino_oferta=@@@2006.09.07@@@,pro_precio_oferta=@@@0@@@,pro_stock_minimo=@@@36@@@,pro_stock_critico=@@@18@@@,pro_activo=@@@1@@@,pro_unidad=@@@0@@@,pro_precio_compra_bruto=0,pro_margen_actual=0,pro_capacidad=0.125,pro_funcion_plu=0,pro_flejes=1,pro_iva=1,pro_plu_asociado=0,pro_envase=@@@NO@@@,pro_duracion=0,pro_numero_etiqueta=0 WHERE pro_codigo_plu=@@@101943@@@','',2,'2013-06-26'),(31051,'UPDATE mae_productos SET pro_estado=1 WHERE pro_codigo_plu=101943','',2,'2013-06-26'),(31052,'DELETE FROM mae_impuestos_productos WHERE pro_codigo_plu=@@@101943@@@','',2,'2013-06-26'),(31053,'UPDATE mae_productos SET pro_codigo_barra=@@@7790520987457@@@,pro_tipo=@@@0@@@,pro_nombre_producto=@@@LYSOFORM   LIMPIADOR LIQUIDO DESINFECTANTE 450 CM@@@,pro_nombre_corto=@@@LYSOFORM   LIMPI@@@,med_id=@@@6@@@,emb_id=@@@4@@@,pro_unidades_embalaje=@@@12@@@,dep_id=@@@2 @@@,lin_id=@@@36@@@,mar_id=@@@941@@@,pro_precio_compra_neto=@@@0@@@,pro_precio_compra_bruto=@@@0@@@,pro_precio_venta=@@@890@@@,pro_margen_actual=@@@0@@@,pro_oferta=@@@NO@@@,pro_fecha_inicio_oferta=@@@1900.01.01@@@,pro_fecha_termino_oferta=@@@1900.01.01@@@,pro_precio_oferta=@@@0@@@,pro_stock_minimo=@@@0@@@,pro_stock_critico=@@@0@@@,pro_activo=@@@1@@@,pro_unidad=@@@0@@@,pro_precio_compra_bruto=0,pro_margen_actual=0,pro_capacidad=0.45,pro_funcion_plu=0,pro_flejes=1,pro_iva=1,pro_plu_asociado=0,pro_envase=@@@NO@@@,pro_duracion=0,pro_numero_etiqueta=0 WHERE pro_codigo_plu=@@@12612@@@','',2,'2013-06-26'),(31054,'UPDATE mae_productos SET pro_estado=1 WHERE pro_codigo_plu=12612','',2,'2013-06-26'),(31055,'DELETE FROM mae_impuestos_productos WHERE pro_codigo_plu=@@@12612@@@','',2,'2013-06-26'),(31056,'UPDATE mae_productos SET pro_codigo_barra=@@@7790520986504@@@,pro_tipo=@@@0@@@,pro_nombre_producto=@@@LYSOFORM BEBE DP 450 ML@@@,pro_nombre_corto=@@@LYSOFORM BEBE DP@@@,med_id=@@@1@@@,emb_id=@@@4@@@,pro_unidades_embalaje=@@@1@@@,dep_id=@@@2 @@@,lin_id=@@@36@@@,mar_id=@@@941@@@,pro_precio_compra_neto=@@@0@@@,pro_precio_compra_bruto=@@@0@@@,pro_precio_venta=@@@890@@@,pro_margen_actual=@@@0@@@,pro_oferta=@@@NO@@@,pro_fecha_inicio_oferta=@@@1900.01.01@@@,pro_fecha_termino_oferta=@@@1900.01.01@@@,pro_precio_oferta=@@@0@@@,pro_stock_minimo=@@@0@@@,pro_stock_critico=@@@0@@@,pro_activo=@@@1@@@,pro_unidad=@@@0@@@,pro_precio_compra_bruto=0,pro_margen_actual=0,pro_capacidad=1,pro_funcion_plu=0,pro_flejes=1,pro_iva=1,pro_plu_asociado=0,pro_envase=@@@NO@@@,pro_duracion=0,pro_numero_etiqueta=0 WHERE pro_codigo_plu=@@@15271@@@','',2,'2013-06-26'),(31057,'UPDATE mae_productos SET pro_estado=1 WHERE pro_codigo_plu=15271','',2,'2013-06-26'),(31058,'DELETE FROM mae_impuestos_productos WHERE pro_codigo_plu=@@@15271@@@','',2,'2013-06-26'),(31059,'INSERT INTO gne_vale_ferreteria (vfe_id,vfe_fecha,vfe_total,vfe_estado,vfe_entregado,usu_nusuario) VALUES (3597,@@@2013.06.26@@@,250,1,0,@@@G_DIAZ@@@)','',2,'2013-06-26'),(31060,'INSERT INTO gne_vale_ferreteria_mov (vfe_id,pro_codigo_plu,vfm_cantidad,vfm_unitario,vfm_total,vfm_entregado) VALUES (3597,780721186,1,250,250,@@@NO@@@)','',2,'2013-06-26'),(31061,'UPDATE mae_productos SET pro_precio_fiscal=pro_precio_venta WHERE pro_codigo_plu=15271','',2,'2013-06-26'),(31062,'UPDATE mae_productos SET pro_precio_fiscal=pro_precio_venta WHERE pro_codigo_plu=16118','',2,'2013-06-26'),(31063,'UPDATE mae_productos SET pro_precio_fiscal=pro_precio_venta WHERE pro_codigo_plu=16004','',2,'2013-06-26'),(31064,'UPDATE mae_productos SET pro_precio_fiscal=pro_precio_venta WHERE pro_codigo_plu=16111','',2,'2013-06-26'),(31065,'UPDATE mae_productos SET pro_precio_fiscal=pro_precio_venta WHERE pro_codigo_plu=101943','',2,'2013-06-26'),(31066,'UPDATE mae_productos SET pro_precio_fiscal=pro_precio_venta WHERE pro_codigo_plu=780721250','',2,'2013-06-26'),(31067,'UPDATE mae_productos SET pro_precio_fiscal=pro_precio_venta WHERE pro_codigo_plu=780721248','',2,'2013-06-26'),(31068,'UPDATE mae_productos SET pro_precio_fiscal=pro_precio_venta WHERE pro_codigo_plu=780721249','',2,'2013-06-26'),(31069,'UPDATE mae_productos SET pro_precio_fiscal=pro_precio_venta WHERE pro_codigo_plu=780721251','',2,'2013-06-26'),(31070,'INSERT INTO gne_vale_ferreteria (vfe_id,vfe_fecha,vfe_total,vfe_estado,vfe_entregado,usu_nusuario) VALUES (3598,@@@2013.06.26@@@,200,1,0,@@@G_DIAZ@@@)','',2,'2013-06-26'),(31071,'INSERT INTO gne_vale_ferreteria_mov (vfe_id,pro_codigo_plu,vfm_cantidad,vfm_unitario,vfm_total,vfm_entregado) VALUES (3598,764702,1,200,200,@@@NO@@@)','',2,'2013-06-26'),(31072,'UPDATE mae_productos SET pro_precio_compra_bruto=227,pro_margen_actual=(pro_precio_venta-227)/227 * 100,pro_ultima_compra=@@@2013.06.26@@@,pro_ultimo_proveedor=@@@84472400-4@@@ WHERE pro_codigo_plu=19243','',2,'2013-06-26'),(31073,'UPDATE mae_productos SET pro_precio_compra_bruto=318,pro_margen_actual=(pro_precio_venta-318)/318 * 100,pro_ultima_compra=@@@2013.06.26@@@,pro_ultimo_proveedor=@@@84472400-4@@@ WHERE pro_codigo_plu=763334','',2,'2013-06-26'),(31074,'UPDATE mae_productos SET pro_precio_compra_bruto=243,pro_margen_actual=(pro_precio_venta-243)/243 * 100,pro_ultima_compra=@@@2013.06.26@@@,pro_ultimo_proveedor=@@@84472400-4@@@ WHERE pro_codigo_plu=763339','',2,'2013-06-26'),(31075,'UPDATE mae_productos SET pro_precio_compra_bruto=243,pro_margen_actual=(pro_precio_venta-243)/243 * 100,pro_ultima_compra=@@@2013.06.26@@@,pro_ultimo_proveedor=@@@84472400-4@@@ WHERE pro_codigo_plu=763345','',2,'2013-06-26'),(31076,'UPDATE mae_productos SET pro_precio_compra_bruto=198,pro_margen_actual=(pro_precio_venta-198)/198 * 100,pro_ultima_compra=@@@2013.06.26@@@,pro_ultimo_proveedor=@@@84472400-4@@@ WHERE pro_codigo_plu=18877','',2,'2013-06-26'),(31077,'UPDATE mae_productos SET pro_precio_compra_bruto=227,pro_margen_actual=(pro_precio_venta-227)/227 * 100,pro_ultima_compra=@@@2013.06.26@@@,pro_ultimo_proveedor=@@@84472400-4@@@ WHERE pro_codigo_plu=17056','',2,'2013-06-26'),(31078,'UPDATE mae_productos SET pro_precio_compra_bruto=198,pro_margen_actual=(pro_precio_venta-198)/198 * 100,pro_ultima_compra=@@@2013.06.26@@@,pro_ultimo_proveedor=@@@84472400-4@@@ WHERE pro_codigo_plu=19238','',2,'2013-06-26'),(31079,'UPDATE mae_productos SET pro_precio_compra_bruto=198,pro_margen_actual=(pro_precio_venta-198)/198 * 100,pro_ultima_compra=@@@2013.06.26@@@,pro_ultimo_proveedor=@@@84472400-4@@@ WHERE pro_codigo_plu=17030','',2,'2013-06-26'),(31080,'UPDATE mae_productos SET pro_precio_compra_bruto=708,pro_margen_actual=(pro_precio_venta-708)/708 * 100,pro_ultima_compra=@@@2013.06.26@@@,pro_ultimo_proveedor=@@@84472400-4@@@ WHERE pro_codigo_plu=16111','',2,'2013-06-26'),(31081,'UPDATE mae_productos SET pro_precio_compra_bruto=200,pro_margen_actual=(pro_precio_venta-200)/200 * 100,pro_ultima_compra=@@@2013.06.26@@@,pro_ultimo_proveedor=@@@84472400-4@@@ WHERE pro_codigo_plu=762183','',2,'2013-06-26'),(31082,'UPDATE mae_productos SET pro_precio_compra_bruto=909,pro_margen_actual=(pro_precio_venta-909)/909 * 100,pro_ultima_compra=@@@2013.06.26@@@,pro_ultimo_proveedor=@@@84472400-4@@@ WHERE pro_codigo_plu=16255','',2,'2013-06-26'),(31083,'UPDATE mae_productos SET pro_precio_compra_bruto=336,pro_margen_actual=(pro_precio_venta-336)/336 * 100,pro_ultima_compra=@@@2013.06.26@@@,pro_ultimo_proveedor=@@@84472400-4@@@ WHERE pro_codigo_plu=17023','',2,'2013-06-26'),(31084,'UPDATE mae_productos SET pro_precio_compra_bruto=200,pro_margen_actual=(pro_precio_venta-200)/200 * 100,pro_ultima_compra=@@@2013.06.26@@@,pro_ultimo_proveedor=@@@84472400-4@@@ WHERE pro_codigo_plu=16110','',2,'2013-06-26'),(31085,'UPDATE mae_productos SET pro_precio_compra_bruto=324,pro_margen_actual=(pro_precio_venta-324)/324 * 100,pro_ultima_compra=@@@2013.06.26@@@,pro_ultimo_proveedor=@@@84472400-4@@@ WHERE pro_codigo_plu=16118','',2,'2013-06-26'),(31086,'UPDATE mae_productos SET pro_precio_compra_bruto=280,pro_margen_actual=(pro_precio_venta-280)/280 * 100,pro_ultima_compra=@@@2013.06.26@@@,pro_ultimo_proveedor=@@@84472400-4@@@ WHERE pro_codigo_plu=16820','',2,'2013-06-26'),(31087,'UPDATE mae_productos SET pro_precio_compra_bruto=280,pro_margen_actual=(pro_precio_venta-280)/280 * 100,pro_ultima_compra=@@@2013.06.26@@@,pro_ultimo_proveedor=@@@84472400-4@@@ WHERE pro_codigo_plu=16821','',2,'2013-06-26'),(31088,'UPDATE mae_productos SET pro_precio_compra_bruto=576,pro_margen_actual=(pro_precio_venta-576)/576 * 100,pro_ultima_compra=@@@2013.06.26@@@,pro_ultimo_proveedor=@@@84472400-4@@@ WHERE pro_codigo_plu=16004','',2,'2013-06-26'),(31089,'UPDATE mae_productos SET pro_precio_compra_bruto=899,pro_margen_actual=(pro_precio_venta-899)/899 * 100,pro_ultima_compra=@@@2013.06.26@@@,pro_ultimo_proveedor=@@@84472400-4@@@ WHERE pro_codigo_plu=16378','',2,'2013-06-26'),(31090,'UPDATE mae_productos SET pro_precio_compra_bruto=560,pro_margen_actual=(pro_precio_venta-560)/560 * 100,pro_ultima_compra=@@@2013.06.26@@@,pro_ultimo_proveedor=@@@84472400-4@@@ WHERE pro_codigo_plu=16313','',2,'2013-06-26'),(31091,'UPDATE mae_productos SET pro_precio_compra_bruto=356,pro_margen_actual=(pro_precio_venta-356)/356 * 100,pro_ultima_compra=@@@2013.06.26@@@,pro_ultimo_proveedor=@@@84472400-4@@@ WHERE pro_codigo_plu=16372','',2,'2013-06-26'),(31092,'UPDATE mae_productos SET pro_precio_compra_bruto=660,pro_margen_actual=(pro_precio_venta-660)/660 * 100,pro_ultima_compra=@@@2013.06.26@@@,pro_ultimo_proveedor=@@@84472400-4@@@ WHERE pro_codigo_plu=16324','',2,'2013-06-26'),(31093,'UPDATE mae_productos SET pro_precio_compra_bruto=286,pro_margen_actual=(pro_precio_venta-286)/286 * 100,pro_ultima_compra=@@@2013.06.26@@@,pro_ultimo_proveedor=@@@84472400-4@@@ WHERE pro_codigo_plu=16999','',2,'2013-06-26'),(31094,'UPDATE mae_productos SET pro_precio_compra_bruto=286,pro_margen_actual=(pro_precio_venta-286)/286 * 100,pro_ultima_compra=@@@2013.06.26@@@,pro_ultimo_proveedor=@@@84472400-4@@@ WHERE pro_codigo_plu=19211','',2,'2013-06-26'),(31095,'UPDATE mae_productos SET pro_precio_compra_bruto=365,pro_margen_actual=(pro_precio_venta-365)/365 * 100,pro_ultima_compra=@@@2013.06.26@@@,pro_ultimo_proveedor=@@@84472400-4@@@ WHERE pro_codigo_plu=761918','',2,'2013-06-26'),(31096,'UPDATE mae_productos SET pro_precio_compra_bruto=365,pro_margen_actual=(pro_precio_venta-365)/365 * 100,pro_ultima_compra=@@@2013.06.26@@@,pro_ultimo_proveedor=@@@84472400-4@@@ WHERE pro_codigo_plu=761919','',2,'2013-06-26'),(31097,'UPDATE mae_productos SET pro_precio_compra_bruto=226,pro_margen_actual=(pro_precio_venta-226)/226 * 100,pro_ultima_compra=@@@2013.06.26@@@,pro_ultimo_proveedor=@@@84472400-4@@@ WHERE pro_codigo_plu=101943','',2,'2013-06-26'),(31098,'UPDATE mae_productos SET pro_precio_compra_bruto=96,pro_margen_actual=(pro_precio_venta-96)/96 * 100,pro_ultima_compra=@@@2013.06.26@@@,pro_ultimo_proveedor=@@@84472400-4@@@ WHERE pro_codigo_plu=17016','',2,'2013-06-26'),(31099,'UPDATE mae_productos SET pro_precio_compra_bruto=96,pro_margen_actual=(pro_precio_venta-96)/96 * 100,pro_ultima_compra=@@@2013.06.26@@@,pro_ultimo_proveedor=@@@84472400-4@@@ WHERE pro_codigo_plu=17018','',2,'2013-06-26'),(31100,'UPDATE mae_productos SET pro_precio_compra_bruto=279,pro_margen_actual=(pro_precio_venta-279)/279 * 100,pro_ultima_compra=@@@2013.06.26@@@,pro_ultimo_proveedor=@@@84472400-4@@@ WHERE pro_codigo_plu=16231','',2,'2013-06-26'),(31101,'UPDATE mae_productos SET pro_precio_compra_bruto=3606,pro_margen_actual=(pro_precio_venta-3606)/3606 * 100,pro_ultima_compra=@@@2013.06.26@@@,pro_ultimo_proveedor=@@@84472400-4@@@ WHERE pro_codigo_plu=385','',2,'2013-06-26'),(31102,'INSERT INTO gne_vale_ferreteria (vfe_id,vfe_fecha,vfe_total,vfe_estado,vfe_entregado,usu_nusuario) VALUES (3599,@@@2013.06.26@@@,3480,1,0,@@@G_DIAZ@@@)','',2,'2013-06-26'),(31103,'INSERT INTO gne_vale_ferreteria_mov (vfe_id,pro_codigo_plu,vfm_cantidad,vfm_unitario,vfm_total,vfm_entregado) VALUES (3599,762053,1,1890,1890,@@@NO@@@)','',2,'2013-06-26'),(31104,'INSERT INTO gne_vale_ferreteria_mov (vfe_id,pro_codigo_plu,vfm_cantidad,vfm_unitario,vfm_total,vfm_entregado) VALUES (3599,764441,1,1590,1590,@@@NO@@@)','',2,'2013-06-26'),(31105,'INSERT INTO gne_vale_ferreteria (vfe_id,vfe_fecha,vfe_total,vfe_estado,vfe_entregado,usu_nusuario) VALUES (3600,@@@2013.06.26@@@,120,1,0,@@@G_DIAZ@@@)','',2,'2013-06-26'),(31106,'INSERT INTO gne_vale_ferreteria_mov (vfe_id,pro_codigo_plu,vfm_cantidad,vfm_unitario,vfm_total,vfm_entregado) VALUES (3600,8022,1,120,120,@@@NO@@@)','',2,'2013-06-26'),(31107,'INSERT INTO gne_vale_ferreteria (vfe_id,vfe_fecha,vfe_total,vfe_estado,vfe_entregado,usu_nusuario) VALUES (3601,@@@2013.06.26@@@,400,1,0,@@@G_DIAZ@@@)','',2,'2013-06-26'),(31108,'INSERT INTO gne_vale_ferreteria_mov (vfe_id,pro_codigo_plu,vfm_cantidad,vfm_unitario,vfm_total,vfm_entregado) VALUES (3601,770058,2,200,400,@@@NO@@@)','',2,'2013-06-26'),(31109,'INSERT INTO gne_vale_ferreteria (vfe_id,vfe_fecha,vfe_total,vfe_estado,vfe_entregado,usu_nusuario) VALUES (3602,@@@2013.06.26@@@,290,1,0,@@@G_DIAZ@@@)','',2,'2013-06-26'),(31110,'INSERT INTO gne_vale_ferreteria_mov (vfe_id,pro_codigo_plu,vfm_cantidad,vfm_unitario,vfm_total,vfm_entregado) VALUES (3602,1536,1,290,290,@@@NO@@@)','',2,'2013-06-26'),(31111,'UPDATE mae_productos SET pro_codigo_barra=@@@7802575002853@@@,pro_tipo=@@@0@@@,pro_nombre_producto=@@@PASTINA CAROZZI OJOS DE DIUCA 250 GRS.@@@,pro_nombre_corto=@@@PASTINA CAROZZI@@@,med_id=@@@5@@@,emb_id=@@@3@@@,pro_unidades_embalaje=@@@48@@@,dep_id=@@@1 @@@,lin_id=@@@8@@@,mar_id=@@@1279@@@,pro_precio_compra_neto=@@@0@@@,pro_precio_compra_bruto=@@@0@@@,pro_precio_venta=@@@440@@@,pro_margen_actual=@@@0@@@,pro_oferta=@@@NO@@@,pro_fecha_inicio_oferta=@@@1900.01.01@@@,pro_fecha_termino_oferta=@@@1900.01.01@@@,pro_precio_oferta=@@@0@@@,pro_stock_minimo=@@@48@@@,pro_stock_critico=@@@24@@@,pro_activo=@@@1@@@,pro_unidad=@@@0@@@,pro_precio_compra_bruto=0,pro_margen_actual=0,pro_capacidad=0.25,pro_funcion_plu=0,pro_flejes=1,pro_iva=1,pro_plu_asociado=0,pro_envase=@@@NO@@@,pro_duracion=0,pro_numero_etiqueta=0 WHERE pro_codigo_plu=@@@10800@@@','',2,'2013-06-26'),(31112,'UPDATE mae_productos SET pro_estado=1 WHERE pro_codigo_plu=10800','',2,'2013-06-26'),(31113,'DELETE FROM mae_impuestos_productos WHERE pro_codigo_plu=@@@10800@@@','',2,'2013-06-26'),(31114,'INSERT INTO gne_vale_ferreteria (vfe_id,vfe_fecha,vfe_total,vfe_estado,vfe_entregado,usu_nusuario) VALUES (3603,@@@2013.06.26@@@,710,1,0,@@@G_DIAZ@@@)','',2,'2013-06-26'),(31115,'INSERT INTO gne_vale_ferreteria_mov (vfe_id,pro_codigo_plu,vfm_cantidad,vfm_unitario,vfm_total,vfm_entregado) VALUES (3603,763588,1,330,330,@@@NO@@@)','',2,'2013-06-26'),(31116,'INSERT INTO gne_vale_ferreteria_mov (vfe_id,pro_codigo_plu,vfm_cantidad,vfm_unitario,vfm_total,vfm_entregado) VALUES (3603,763825,1,380,380,@@@NO@@@)','',2,'2013-06-26'),(31117,'INSERT INTO gne_vale_ferreteria (vfe_id,vfe_fecha,vfe_total,vfe_estado,vfe_entregado,usu_nusuario) VALUES (3604,@@@2013.06.26@@@,690,1,0,@@@G_DIAZ@@@)','',2,'2013-06-26'),(31118,'INSERT INTO gne_vale_ferreteria_mov (vfe_id,pro_codigo_plu,vfm_cantidad,vfm_unitario,vfm_total,vfm_entregado) VALUES (3604,15479,1,690,690,@@@NO@@@)','',2,'2013-06-26'),(31119,'INSERT INTO gne_vale_ferreteria (vfe_id,vfe_fecha,vfe_total,vfe_estado,vfe_entregado,usu_nusuario) VALUES (3605,@@@2013.06.26@@@,1800,1,0,@@@G_DIAZ@@@)','',2,'2013-06-26'),(31120,'INSERT INTO gne_vale_ferreteria_mov (vfe_id,pro_codigo_plu,vfm_cantidad,vfm_unitario,vfm_total,vfm_entregado) VALUES (3605,764506,1,490,490,@@@NO@@@)','',2,'2013-06-26'),(31121,'INSERT INTO gne_vale_ferreteria_mov (vfe_id,pro_codigo_plu,vfm_cantidad,vfm_unitario,vfm_total,vfm_entregado) VALUES (3605,8022,1,120,120,@@@NO@@@)','',2,'2013-06-26'),(31122,'INSERT INTO gne_vale_ferreteria_mov (vfe_id,pro_codigo_plu,vfm_cantidad,vfm_unitario,vfm_total,vfm_entregado) VALUES (3605,764592,1,1190,1190,@@@NO@@@)','',2,'2013-06-26'),(31123,'INSERT INTO gne_vale_ferreteria (vfe_id,vfe_fecha,vfe_total,vfe_estado,vfe_entregado,usu_nusuario) VALUES (3606,@@@2013.06.26@@@,820,1,0,@@@G_DIAZ@@@)','',2,'2013-06-26'),(31124,'INSERT INTO gne_vale_ferreteria_mov (vfe_id,pro_codigo_plu,vfm_cantidad,vfm_unitario,vfm_total,vfm_entregado) VALUES (3606,764778,1,330,330,@@@NO@@@)','',2,'2013-06-26'),(31125,'INSERT INTO gne_vale_ferreteria_mov (vfe_id,pro_codigo_plu,vfm_cantidad,vfm_unitario,vfm_total,vfm_entregado) VALUES (3606,78017198,1,490,490,@@@NO@@@)','',2,'2013-06-26'),(31126,'INSERT INTO gne_vale_ferreteria (vfe_id,vfe_fecha,vfe_total,vfe_estado,vfe_entregado,usu_nusuario) VALUES (3607,@@@2013.06.26@@@,1020,1,0,@@@G_DIAZ@@@)','',2,'2013-06-26'),(31127,'INSERT INTO gne_vale_ferreteria_mov (vfe_id,pro_codigo_plu,vfm_cantidad,vfm_unitario,vfm_total,vfm_entregado) VALUES (3607,78017007,3,120,360,@@@NO@@@)','',2,'2013-06-26'),(31128,'INSERT INTO gne_vale_ferreteria_mov (vfe_id,pro_codigo_plu,vfm_cantidad,vfm_unitario,vfm_total,vfm_entregado) VALUES (3607,763588,1,330,330,@@@NO@@@)','',2,'2013-06-26'),(31129,'INSERT INTO gne_vale_ferreteria_mov (vfe_id,pro_codigo_plu,vfm_cantidad,vfm_unitario,vfm_total,vfm_entregado) VALUES (3607,764507,1,330,330,@@@NO@@@)','',2,'2013-06-26'),(31130,'INSERT INTO gne_vale_ferreteria (vfe_id,vfe_fecha,vfe_total,vfe_estado,vfe_entregado,usu_nusuario) VALUES (3608,@@@2013.06.26@@@,2665,1,0,@@@G_DIAZ@@@)','',2,'2013-06-26'),(31131,'INSERT INTO gne_vale_ferreteria_mov (vfe_id,pro_codigo_plu,vfm_cantidad,vfm_unitario,vfm_total,vfm_entregado) VALUES (3608,764539,2,450,900,@@@NO@@@)','',2,'2013-06-26'),(31132,'INSERT INTO gne_vale_ferreteria_mov (vfe_id,pro_codigo_plu,vfm_cantidad,vfm_unitario,vfm_total,vfm_entregado) VALUES (3608,763826,1,590,590,@@@NO@@@)','',2,'2013-06-26'),(31133,'INSERT INTO gne_vale_ferreteria_mov (vfe_id,pro_codigo_plu,vfm_cantidad,vfm_unitario,vfm_total,vfm_entregado) VALUES (3608,761979,1,915,915,@@@NO@@@)','',2,'2013-06-26'),(31134,'INSERT INTO gne_vale_ferreteria_mov (vfe_id,pro_codigo_plu,vfm_cantidad,vfm_unitario,vfm_total,vfm_entregado) VALUES (3608,1064,1,120,120,@@@NO@@@)','',2,'2013-06-26'),(31135,'INSERT INTO gne_vale_ferreteria_mov (vfe_id,pro_codigo_plu,vfm_cantidad,vfm_unitario,vfm_total,vfm_entregado) VALUES (3608,764364,1,140,140,@@@NO@@@)','',2,'2013-06-26'),(31136,'INSERT INTO gne_vale_ferreteria (vfe_id,vfe_fecha,vfe_total,vfe_estado,vfe_entregado,usu_nusuario) VALUES (3609,@@@2013.06.26@@@,120,1,0,@@@G_DIAZ@@@)','',2,'2013-06-26'),(31137,'INSERT INTO gne_vale_ferreteria_mov (vfe_id,pro_codigo_plu,vfm_cantidad,vfm_unitario,vfm_total,vfm_entregado) VALUES (3609,8022,1,120,120,@@@NO@@@)','',2,'2013-06-26'),(31138,'INSERT INTO gne_vale_ferreteria (vfe_id,vfe_fecha,vfe_total,vfe_estado,vfe_entregado,usu_nusuario) VALUES (3610,@@@2013.06.26@@@,780,1,0,@@@G_DIAZ@@@)','',2,'2013-06-26'),(31139,'INSERT INTO gne_vale_ferreteria_mov (vfe_id,pro_codigo_plu,vfm_cantidad,vfm_unitario,vfm_total,vfm_entregado) VALUES (3610,8022,1,120,120,@@@NO@@@)','',2,'2013-06-26'),(31140,'INSERT INTO gne_vale_ferreteria_mov (vfe_id,pro_codigo_plu,vfm_cantidad,vfm_unitario,vfm_total,vfm_entregado) VALUES (3610,763624,1,660,660,@@@NO@@@)','',2,'2013-06-26'),(31141,'INSERT INTO gne_vale_ferreteria (vfe_id,vfe_fecha,vfe_total,vfe_estado,vfe_entregado,usu_nusuario) VALUES (3611,@@@2013.06.26@@@,600,1,0,@@@G_DIAZ@@@)','',2,'2013-06-26'),(31142,'INSERT INTO gne_vale_ferreteria_mov (vfe_id,pro_codigo_plu,vfm_cantidad,vfm_unitario,vfm_total,vfm_entregado) VALUES (3611,770058,3,200,600,@@@NO@@@)','',2,'2013-06-26'),(31143,'INSERT INTO gne_vale_ferreteria (vfe_id,vfe_fecha,vfe_total,vfe_estado,vfe_entregado,usu_nusuario) VALUES (3612,@@@2013.06.26@@@,200,1,0,@@@G_DIAZ@@@)','',2,'2013-06-26'),(31144,'INSERT INTO gne_vale_ferreteria_mov (vfe_id,pro_codigo_plu,vfm_cantidad,vfm_unitario,vfm_total,vfm_entregado) VALUES (3612,7052,1,200,200,@@@NO@@@)','',2,'2013-06-26'),(31145,'INSERT INTO gne_vale_ferreteria (vfe_id,vfe_fecha,vfe_total,vfe_estado,vfe_entregado,usu_nusuario) VALUES (3613,@@@2013.06.26@@@,120,1,0,@@@G_DIAZ@@@)','',2,'2013-06-26'),(31146,'INSERT INTO gne_vale_ferreteria_mov (vfe_id,pro_codigo_plu,vfm_cantidad,vfm_unitario,vfm_total,vfm_entregado) VALUES (3613,8022,1,120,120,@@@NO@@@)','',2,'2013-06-26'),(31147,'INSERT INTO gne_vale_ferreteria (vfe_id,vfe_fecha,vfe_total,vfe_estado,vfe_entregado,usu_nusuario) VALUES (3614,@@@2013.06.26@@@,600,1,0,@@@G_DIAZ@@@)','',2,'2013-06-26'),(31148,'INSERT INTO gne_vale_ferreteria_mov (vfe_id,pro_codigo_plu,vfm_cantidad,vfm_unitario,vfm_total,vfm_entregado) VALUES (3614,761335,5,120,600,@@@NO@@@)','',2,'2013-06-26'),(31149,'INSERT INTO gne_vale_ferreteria (vfe_id,vfe_fecha,vfe_total,vfe_estado,vfe_entregado,usu_nusuario) VALUES (3615,@@@2013.06.26@@@,600,1,0,@@@G_DIAZ@@@)','',2,'2013-06-26'),(31150,'INSERT INTO gne_vale_ferreteria_mov (vfe_id,pro_codigo_plu,vfm_cantidad,vfm_unitario,vfm_total,vfm_entregado) VALUES (3615,780721221,2,300,600,@@@NO@@@)','',2,'2013-06-26'),(31151,'INSERT INTO gne_vale_ferreteria (vfe_id,vfe_fecha,vfe_total,vfe_estado,vfe_entregado,usu_nusuario) VALUES (3616,@@@2013.06.26@@@,690,1,0,@@@G_DIAZ@@@)','',2,'2013-06-26'),(31152,'INSERT INTO gne_vale_ferreteria_mov (vfe_id,pro_codigo_plu,vfm_cantidad,vfm_unitario,vfm_total,vfm_entregado) VALUES (3616,4082,1,690,690,@@@NO@@@)','',2,'2013-06-26'),(31153,'INSERT INTO gne_vale_ferreteria (vfe_id,vfe_fecha,vfe_total,vfe_estado,vfe_entregado,usu_nusuario) VALUES (3617,@@@2013.06.26@@@,1280,1,0,@@@G_DIAZ@@@)','',2,'2013-06-26'),(31154,'INSERT INTO gne_vale_ferreteria_mov (vfe_id,pro_codigo_plu,vfm_cantidad,vfm_unitario,vfm_total,vfm_entregado) VALUES (3617,2008,1,990,990,@@@NO@@@)','',2,'2013-06-26'),(31155,'INSERT INTO gne_vale_ferreteria_mov (vfe_id,pro_codigo_plu,vfm_cantidad,vfm_unitario,vfm_total,vfm_entregado) VALUES (3617,1536,1,290,290,@@@NO@@@)','',2,'2013-06-26'),(31156,'INSERT INTO gne_vale_ferreteria (vfe_id,vfe_fecha,vfe_total,vfe_estado,vfe_entregado,usu_nusuario) VALUES (3618,@@@2013.06.26@@@,500,1,0,@@@G_DIAZ@@@)','',2,'2013-06-26'),(31157,'INSERT INTO gne_vale_ferreteria_mov (vfe_id,pro_codigo_plu,vfm_cantidad,vfm_unitario,vfm_total,vfm_entregado) VALUES (3618,764583,2,250,500,@@@NO@@@)','',2,'2013-06-26'),(31158,'INSERT INTO gne_vale_ferreteria (vfe_id,vfe_fecha,vfe_total,vfe_estado,vfe_entregado,usu_nusuario) VALUES (3619,@@@2013.06.26@@@,1190,1,0,@@@G_DIAZ@@@)','',2,'2013-06-26'),(31159,'INSERT INTO gne_vale_ferreteria_mov (vfe_id,pro_codigo_plu,vfm_cantidad,vfm_unitario,vfm_total,vfm_entregado) VALUES (3619,12083,1,260,260,@@@NO@@@)','',2,'2013-06-26'),(31160,'INSERT INTO gne_vale_ferreteria_mov (vfe_id,pro_codigo_plu,vfm_cantidad,vfm_unitario,vfm_total,vfm_entregado) VALUES (3619,762002,1,490,490,@@@NO@@@)','',2,'2013-06-26'),(31161,'INSERT INTO gne_vale_ferreteria_mov (vfe_id,pro_codigo_plu,vfm_cantidad,vfm_unitario,vfm_total,vfm_entregado) VALUES (3619,16430,2,160,320,@@@NO@@@)','',2,'2013-06-26'),(31162,'INSERT INTO gne_vale_ferreteria_mov (vfe_id,pro_codigo_plu,vfm_cantidad,vfm_unitario,vfm_total,vfm_entregado) VALUES (3619,1064,1,120,120,@@@NO@@@)','',2,'2013-06-26'),(31163,'INSERT INTO gne_vale_ferreteria (vfe_id,vfe_fecha,vfe_total,vfe_estado,vfe_entregado,usu_nusuario) VALUES (3620,@@@2013.06.26@@@,1190,1,0,@@@G_DIAZ@@@)','',2,'2013-06-26'),(31164,'INSERT INTO gne_vale_ferreteria_mov (vfe_id,pro_codigo_plu,vfm_cantidad,vfm_unitario,vfm_total,vfm_entregado) VALUES (3620,4069,1,1190,1190,@@@NO@@@)','',2,'2013-06-26'),(31165,'INSERT INTO gne_vale_ferreteria (vfe_id,vfe_fecha,vfe_total,vfe_estado,vfe_entregado,usu_nusuario) VALUES (3621,@@@2013.06.26@@@,850,1,0,@@@G_DIAZ@@@)','',2,'2013-06-26'),(31166,'INSERT INTO gne_vale_ferreteria_mov (vfe_id,pro_codigo_plu,vfm_cantidad,vfm_unitario,vfm_total,vfm_entregado) VALUES (3621,763626,1,850,850,@@@NO@@@)','',2,'2013-06-26'),(31167,'INSERT INTO gne_vale_ferreteria (vfe_id,vfe_fecha,vfe_total,vfe_estado,vfe_entregado,usu_nusuario) VALUES (3622,@@@2013.06.26@@@,750,1,0,@@@G_DIAZ@@@)','',2,'2013-06-26'),(31168,'INSERT INTO gne_vale_ferreteria_mov (vfe_id,pro_codigo_plu,vfm_cantidad,vfm_unitario,vfm_total,vfm_entregado) VALUES (3622,78017013,1,650,650,@@@NO@@@)','',2,'2013-06-26'),(31169,'INSERT INTO gne_vale_ferreteria_mov (vfe_id,pro_codigo_plu,vfm_cantidad,vfm_unitario,vfm_total,vfm_entregado) VALUES (3622,764572,1,100,100,@@@NO@@@)','',2,'2013-06-26'),(31170,'INSERT INTO gne_vale_ferreteria (vfe_id,vfe_fecha,vfe_total,vfe_estado,vfe_entregado,usu_nusuario) VALUES (3623,@@@2013.06.26@@@,320,1,0,@@@G_DIAZ@@@)','',2,'2013-06-26'),(31171,'INSERT INTO gne_vale_ferreteria_mov (vfe_id,pro_codigo_plu,vfm_cantidad,vfm_unitario,vfm_total,vfm_entregado) VALUES (3623,14836,1,320,320,@@@NO@@@)','',2,'2013-06-26'),(31172,'INSERT INTO gne_vale_ferreteria (vfe_id,vfe_fecha,vfe_total,vfe_estado,vfe_entregado,usu_nusuario) VALUES (3624,@@@2013.06.26@@@,1040,1,0,@@@G_DIAZ@@@)','',2,'2013-06-26'),(31173,'INSERT INTO gne_vale_ferreteria_mov (vfe_id,pro_codigo_plu,vfm_cantidad,vfm_unitario,vfm_total,vfm_entregado) VALUES (3624,15967,8,130,1040,@@@NO@@@)','',2,'2013-06-26'),(31174,'INSERT INTO gne_vale_ferreteria (vfe_id,vfe_fecha,vfe_total,vfe_estado,vfe_entregado,usu_nusuario) VALUES (3625,@@@2013.06.26@@@,240,1,0,@@@G_DIAZ@@@)','',2,'2013-06-26'),(31175,'INSERT INTO gne_vale_ferreteria_mov (vfe_id,pro_codigo_plu,vfm_cantidad,vfm_unitario,vfm_total,vfm_entregado) VALUES (3625,8022,2,120,240,@@@NO@@@)','',2,'2013-06-26'),(31176,'INSERT INTO gne_vale_ferreteria (vfe_id,vfe_fecha,vfe_total,vfe_estado,vfe_entregado,usu_nusuario) VALUES (3626,@@@2013.06.26@@@,1299,1,0,@@@G_DIAZ@@@)','',2,'2013-06-26'),(31177,'INSERT INTO gne_vale_ferreteria_mov (vfe_id,pro_codigo_plu,vfm_cantidad,vfm_unitario,vfm_total,vfm_entregado) VALUES (3626,780721233,1,1299,1299,@@@NO@@@)','',2,'2013-06-26'),(31178,'INSERT INTO gne_vale_ferreteria (vfe_id,vfe_fecha,vfe_total,vfe_estado,vfe_entregado,usu_nusuario) VALUES (3627,@@@2013.06.26@@@,500,1,0,@@@G_DIAZ@@@)','',2,'2013-06-26'),(31179,'INSERT INTO gne_vale_ferreteria_mov (vfe_id,pro_codigo_plu,vfm_cantidad,vfm_unitario,vfm_total,vfm_entregado) VALUES (3627,6015,1,500,500,@@@NO@@@)','',2,'2013-06-26'),(31180,'INSERT INTO gne_vale_ferreteria (vfe_id,vfe_fecha,vfe_total,vfe_estado,vfe_entregado,usu_nusuario) VALUES (3628,@@@2013.06.26@@@,3160,1,0,@@@G_DIAZ@@@)','',2,'2013-06-26'),(31181,'INSERT INTO gne_vale_ferreteria_mov (vfe_id,pro_codigo_plu,vfm_cantidad,vfm_unitario,vfm_total,vfm_entregado) VALUES (3628,763845,1,890,890,@@@NO@@@)','',2,'2013-06-26'),(31182,'INSERT INTO gne_vale_ferreteria_mov (vfe_id,pro_codigo_plu,vfm_cantidad,vfm_unitario,vfm_total,vfm_entregado) VALUES (3628,763697,1,1690,1690,@@@NO@@@)','',2,'2013-06-26'),(31183,'INSERT INTO gne_vale_ferreteria_mov (vfe_id,pro_codigo_plu,vfm_cantidad,vfm_unitario,vfm_total,vfm_entregado) VALUES (3628,1536,2,290,580,@@@NO@@@)','',2,'2013-06-26'),(31184,'INSERT INTO gne_vale_ferreteria (vfe_id,vfe_fecha,vfe_total,vfe_estado,vfe_entregado,usu_nusuario) VALUES (3629,@@@2013.06.26@@@,690,1,0,@@@G_DIAZ@@@)','',2,'2013-06-26'),(31185,'INSERT INTO gne_vale_ferreteria_mov (vfe_id,pro_codigo_plu,vfm_cantidad,vfm_unitario,vfm_total,vfm_entregado) VALUES (3629,3100,1,450,450,@@@NO@@@)','',2,'2013-06-26'),(31186,'INSERT INTO gne_vale_ferreteria_mov (vfe_id,pro_codigo_plu,vfm_cantidad,vfm_unitario,vfm_total,vfm_entregado) VALUES (3629,8022,2,120,240,@@@NO@@@)','',2,'2013-06-26'),(31187,'INSERT INTO gne_vale_ferreteria (vfe_id,vfe_fecha,vfe_total,vfe_estado,vfe_entregado,usu_nusuario) VALUES (3630,@@@2013.06.26@@@,2990,1,0,@@@G_DIAZ@@@)','',2,'2013-06-26'),(31188,'INSERT INTO gne_vale_ferreteria_mov (vfe_id,pro_codigo_plu,vfm_cantidad,vfm_unitario,vfm_total,vfm_entregado) VALUES (3630,764635,1,2990,2990,@@@NO@@@)','',2,'2013-06-26'),(31189,'INSERT INTO gne_vale_ferreteria (vfe_id,vfe_fecha,vfe_total,vfe_estado,vfe_entregado,usu_nusuario) VALUES (3631,@@@2013.06.26@@@,5180,1,0,@@@G_DIAZ@@@)','',2,'2013-06-26'),(31190,'INSERT INTO gne_vale_ferreteria_mov (vfe_id,pro_codigo_plu,vfm_cantidad,vfm_unitario,vfm_total,vfm_entregado) VALUES (3631,780220170,1,2590,2590,@@@NO@@@)','',2,'2013-06-26'),(31191,'INSERT INTO gne_vale_ferreteria_mov (vfe_id,pro_codigo_plu,vfm_cantidad,vfm_unitario,vfm_total,vfm_entregado) VALUES (3631,262021,1,2590,2590,@@@NO@@@)','',2,'2013-06-26'),(31192,'INSERT INTO gne_vale_ferreteria (vfe_id,vfe_fecha,vfe_total,vfe_estado,vfe_entregado,usu_nusuario) VALUES (3632,@@@2013.06.26@@@,300,1,0,@@@G_DIAZ@@@)','',2,'2013-06-26'),(31193,'INSERT INTO gne_vale_ferreteria_mov (vfe_id,pro_codigo_plu,vfm_cantidad,vfm_unitario,vfm_total,vfm_entregado) VALUES (3632,78017090,1,300,300,@@@NO@@@)','',2,'2013-06-26'),(31194,'INSERT INTO gne_vale_ferreteria (vfe_id,vfe_fecha,vfe_total,vfe_estado,vfe_entregado,usu_nusuario) VALUES (3633,@@@2013.06.26@@@,160,1,0,@@@G_DIAZ@@@)','',2,'2013-06-26'),(31195,'INSERT INTO gne_vale_ferreteria_mov (vfe_id,pro_codigo_plu,vfm_cantidad,vfm_unitario,vfm_total,vfm_entregado) VALUES (3633,764834,8,20,160,@@@NO@@@)','',2,'2013-06-26'),(31196,'INSERT INTO gne_vale_ferreteria (vfe_id,vfe_fecha,vfe_total,vfe_estado,vfe_entregado,usu_nusuario) VALUES (3634,@@@2013.06.26@@@,200,1,0,@@@G_DIAZ@@@)','',2,'2013-06-26'),(31197,'INSERT INTO gne_vale_ferreteria_mov (vfe_id,pro_codigo_plu,vfm_cantidad,vfm_unitario,vfm_total,vfm_entregado) VALUES (3634,764833,20,10,200,@@@NO@@@)','',2,'2013-06-26'),(31198,'INSERT INTO gne_vale_ferreteria (vfe_id,vfe_fecha,vfe_total,vfe_estado,vfe_entregado,usu_nusuario) VALUES (3635,@@@2013.06.26@@@,320,1,0,@@@G_DIAZ@@@)','',2,'2013-06-26'),(31199,'INSERT INTO gne_vale_ferreteria_mov (vfe_id,pro_codigo_plu,vfm_cantidad,vfm_unitario,vfm_total,vfm_entregado) VALUES (3635,8022,1,120,120,@@@NO@@@)','',2,'2013-06-26'),(31200,'INSERT INTO gne_vale_ferreteria_mov (vfe_id,pro_codigo_plu,vfm_cantidad,vfm_unitario,vfm_total,vfm_entregado) VALUES (3635,1040,1,200,200,@@@NO@@@)','',2,'2013-06-26'),(31201,'INSERT INTO gne_vale_ferreteria (vfe_id,vfe_fecha,vfe_total,vfe_estado,vfe_entregado,usu_nusuario) VALUES (3636,@@@2013.06.26@@@,2615,1,0,@@@G_DIAZ@@@)','',2,'2013-06-26'),(31202,'INSERT INTO gne_vale_ferreteria_mov (vfe_id,pro_codigo_plu,vfm_cantidad,vfm_unitario,vfm_total,vfm_entregado) VALUES (3636,763817,1,1495,1495,@@@NO@@@)','',2,'2013-06-26'),(31203,'INSERT INTO gne_vale_ferreteria_mov (vfe_id,pro_codigo_plu,vfm_cantidad,vfm_unitario,vfm_total,vfm_entregado) VALUES (3636,78017055,1,790,790,@@@NO@@@)','',2,'2013-06-26'),(31204,'INSERT INTO gne_vale_ferreteria_mov (vfe_id,pro_codigo_plu,vfm_cantidad,vfm_unitario,vfm_total,vfm_entregado) VALUES (3636,764507,1,330,330,@@@NO@@@)','',2,'2013-06-26'),(31205,'INSERT INTO gne_vale_ferreteria (vfe_id,vfe_fecha,vfe_total,vfe_estado,vfe_entregado,usu_nusuario) VALUES (3637,@@@2013.06.26@@@,300,1,0,@@@G_DIAZ@@@)','',2,'2013-06-26'),(31206,'INSERT INTO gne_vale_ferreteria_mov (vfe_id,pro_codigo_plu,vfm_cantidad,vfm_unitario,vfm_total,vfm_entregado) VALUES (3637,780721221,1,300,300,@@@NO@@@)','',2,'2013-06-26'),(31207,'INSERT INTO gne_vale_ferreteria (vfe_id,vfe_fecha,vfe_total,vfe_estado,vfe_entregado,usu_nusuario) VALUES (3638,@@@2013.06.26@@@,190,1,0,@@@G_DIAZ@@@)','',2,'2013-06-26'),(31208,'INSERT INTO gne_vale_ferreteria_mov (vfe_id,pro_codigo_plu,vfm_cantidad,vfm_unitario,vfm_total,vfm_entregado) VALUES (3638,780721057,1,190,190,@@@NO@@@)','',2,'2013-06-26'),(31209,'INSERT INTO gne_vale_ferreteria (vfe_id,vfe_fecha,vfe_total,vfe_estado,vfe_entregado,usu_nusuario) VALUES (3639,@@@2013.06.26@@@,890,1,0,@@@G_DIAZ@@@)','',2,'2013-06-26'),(31210,'INSERT INTO gne_vale_ferreteria_mov (vfe_id,pro_codigo_plu,vfm_cantidad,vfm_unitario,vfm_total,vfm_entregado) VALUES (3639,21358,1,890,890,@@@NO@@@)','',2,'2013-06-26'),(31211,'INSERT INTO gne_vale_ferreteria (vfe_id,vfe_fecha,vfe_total,vfe_estado,vfe_entregado,usu_nusuario) VALUES (3640,@@@2013.06.26@@@,550,1,0,@@@G_DIAZ@@@)','',2,'2013-06-26'),(31212,'INSERT INTO gne_vale_ferreteria_mov (vfe_id,pro_codigo_plu,vfm_cantidad,vfm_unitario,vfm_total,vfm_entregado) VALUES (3640,763582,1,550,550,@@@NO@@@)','',2,'2013-06-26'),(31213,'INSERT INTO gne_vale_ferreteria (vfe_id,vfe_fecha,vfe_total,vfe_estado,vfe_entregado,usu_nusuario) VALUES (3641,@@@2013.06.26@@@,790,1,0,@@@G_DIAZ@@@)','',2,'2013-06-26'),(31214,'INSERT INTO gne_vale_ferreteria_mov (vfe_id,pro_codigo_plu,vfm_cantidad,vfm_unitario,vfm_total,vfm_entregado) VALUES (3641,763804,1,790,790,@@@NO@@@)','',2,'2013-06-26'),(31215,'INSERT INTO gne_vale_ferreteria (vfe_id,vfe_fecha,vfe_total,vfe_estado,vfe_entregado,usu_nusuario) VALUES (3642,@@@2013.06.26@@@,220,1,0,@@@G_DIAZ@@@)','',2,'2013-06-26'),(31216,'INSERT INTO gne_vale_ferreteria_mov (vfe_id,pro_codigo_plu,vfm_cantidad,vfm_unitario,vfm_total,vfm_entregado) VALUES (3642,761335,1,120,120,@@@NO@@@)','',2,'2013-06-26'),(31217,'INSERT INTO gne_vale_ferreteria_mov (vfe_id,pro_codigo_plu,vfm_cantidad,vfm_unitario,vfm_total,vfm_entregado) VALUES (3642,20368,1,100,100,@@@NO@@@)','',2,'2013-06-26'),(31218,'INSERT INTO gne_vale_ferreteria (vfe_id,vfe_fecha,vfe_total,vfe_estado,vfe_entregado,usu_nusuario) VALUES (3643,@@@2013.06.26@@@,330,1,0,@@@G_DIAZ@@@)','',2,'2013-06-26'),(31219,'INSERT INTO gne_vale_ferreteria_mov (vfe_id,pro_codigo_plu,vfm_cantidad,vfm_unitario,vfm_total,vfm_entregado) VALUES (3643,19918,1,330,330,@@@NO@@@)','',2,'2013-06-26'),(31220,'INSERT INTO gne_vale_ferreteria (vfe_id,vfe_fecha,vfe_total,vfe_estado,vfe_entregado,usu_nusuario) VALUES (3644,@@@2013.06.26@@@,840,1,0,@@@G_DIAZ@@@)','',2,'2013-06-26'),(31221,'INSERT INTO gne_vale_ferreteria_mov (vfe_id,pro_codigo_plu,vfm_cantidad,vfm_unitario,vfm_total,vfm_entregado) VALUES (3644,11670,1,840,840,@@@NO@@@)','',2,'2013-06-26'),(31222,'INSERT INTO gne_vale_ferreteria (vfe_id,vfe_fecha,vfe_total,vfe_estado,vfe_entregado,usu_nusuario) VALUES (3645,@@@2013.06.26@@@,680,1,0,@@@G_DIAZ@@@)','',2,'2013-06-26'),(31223,'INSERT INTO gne_vale_ferreteria_mov (vfe_id,pro_codigo_plu,vfm_cantidad,vfm_unitario,vfm_total,vfm_entregado) VALUES (3645,19866,1,680,680,@@@NO@@@)','',2,'2013-06-26'),(31224,'INSERT INTO gne_vale_ferreteria (vfe_id,vfe_fecha,vfe_total,vfe_estado,vfe_entregado,usu_nusuario) VALUES (3646,@@@2013.06.26@@@,330,1,0,@@@G_DIAZ@@@)','',2,'2013-06-26'),(31225,'INSERT INTO gne_vale_ferreteria_mov (vfe_id,pro_codigo_plu,vfm_cantidad,vfm_unitario,vfm_total,vfm_entregado) VALUES (3646,764778,1,330,330,@@@NO@@@)','',2,'2013-06-26'),(31226,'INSERT INTO gne_vale_ferreteria (vfe_id,vfe_fecha,vfe_total,vfe_estado,vfe_entregado,usu_nusuario) VALUES (3647,@@@2013.06.26@@@,1360,1,0,@@@G_DIAZ@@@)','',2,'2013-06-26'),(31227,'INSERT INTO gne_vale_ferreteria_mov (vfe_id,pro_codigo_plu,vfm_cantidad,vfm_unitario,vfm_total,vfm_entregado) VALUES (3647,780721231,1,990,990,@@@NO@@@)','',2,'2013-06-26'),(31228,'INSERT INTO gne_vale_ferreteria_mov (vfe_id,pro_codigo_plu,vfm_cantidad,vfm_unitario,vfm_total,vfm_entregado) VALUES (3647,780220193,1,370,370,@@@NO@@@)','',2,'2013-06-26'),(31229,'INSERT INTO gne_vale_ferreteria (vfe_id,vfe_fecha,vfe_total,vfe_estado,vfe_entregado,usu_nusuario) VALUES (3648,@@@2013.06.26@@@,120,1,0,@@@G_DIAZ@@@)','',2,'2013-06-26'),(31230,'INSERT INTO gne_vale_ferreteria_mov (vfe_id,pro_codigo_plu,vfm_cantidad,vfm_unitario,vfm_total,vfm_entregado) VALUES (3648,8022,1,120,120,@@@NO@@@)','',2,'2013-06-26'),(31231,'INSERT INTO mae_productos (pro_codigo_plu,pro_codigo_barra,pro_tipo,pro_nombre_producto,pro_nombre_corto,med_id,emb_id,pro_unidades_embalaje,dep_id,lin_id,mar_id,pro_precio_compra_neto,pro_precio_compra_bruto,pro_precio_venta,pro_margen_actual,pro_oferta,pro_fecha_inicio_oferta,pro_fecha_termino_oferta,pro_precio_oferta,pro_stock_minimo,pro_stock_critico,pro_entradas_bodega,pro_salidas_bodega,pro_mermas_bodega,pro_ajustes_bodega,pro_entradas_sv,pro_salidas_sv,pro_mermas_sv,pro_ajustes_sv,pro_activo,rec_numero,pro_unidad,pro_capacidad,pro_consumo_bodega,pro_consumo_sv,pro_estado,pro_funcion_plu,pro_flejes,pro_iva,pro_plu_asociado,pro_envase,pro_duracion,pro_numero_etiqueta) VALUES (780721252,@@@7807210010255@@@,@@@0@@@,@@@BLOCK ARTEL CHICO@@@,@@@BLOCK ARTEL CHIC@@@,@@@1 @@@,@@@3 @@@,@@@0@@@,@@@24 @@@,@@@137@@@,@@@2407@@@,@@@0@@@,@@@0@@@,@@@370@@@,@@@0@@@,@@@@@@,@@@2013.06.26@@@,@@@2013.06.26@@@,@@@0@@@,@@@0@@@,@@@0@@@,@@@0@@@,@@@0@@@,@@@0@@@,@@@0@@@,@@@0@@@,@@@0@@@,@@@0@@@,@@@0@@@,@@@1@@@,@@@0@@@,0,1,0,0,2,0,1,1,0,@@@NO@@@,0,0)','',2,'2013-06-26'),(31232,'DELETE FROM mae_impuestos_productos WHERE pro_codigo_plu=@@@780721252@@@','',2,'2013-06-26'),(31233,'INSERT INTO gne_vale_ferreteria (vfe_id,vfe_fecha,vfe_total,vfe_estado,vfe_entregado,usu_nusuario) VALUES (3649,@@@2013.06.26@@@,360,1,0,@@@G_DIAZ@@@)','',2,'2013-06-26'),(31234,'INSERT INTO gne_vale_ferreteria_mov (vfe_id,pro_codigo_plu,vfm_cantidad,vfm_unitario,vfm_total,vfm_entregado) VALUES (3649,78017059,3,120,360,@@@NO@@@)','',2,'2013-06-26'),(31235,'INSERT INTO gne_vale_ferreteria (vfe_id,vfe_fecha,vfe_total,vfe_estado,vfe_entregado,usu_nusuario) VALUES (3650,@@@2013.06.26@@@,5480,1,0,@@@G_DIAZ@@@)','',2,'2013-06-26'),(31236,'INSERT INTO gne_vale_ferreteria_mov (vfe_id,pro_codigo_plu,vfm_cantidad,vfm_unitario,vfm_total,vfm_entregado) VALUES (3650,764636,1,1990,1990,@@@NO@@@)','',2,'2013-06-26'),(31237,'INSERT INTO gne_vale_ferreteria_mov (vfe_id,pro_codigo_plu,vfm_cantidad,vfm_unitario,vfm_total,vfm_entregado) VALUES (3650,764957,1,1490,1490,@@@NO@@@)','',2,'2013-06-26'),(31238,'INSERT INTO gne_vale_ferreteria_mov (vfe_id,pro_codigo_plu,vfm_cantidad,vfm_unitario,vfm_total,vfm_entregado) VALUES (3650,780220122,1,1000,1000,@@@NO@@@)','',2,'2013-06-26'),(31239,'INSERT INTO gne_vale_ferreteria_mov (vfe_id,pro_codigo_plu,vfm_cantidad,vfm_unitario,vfm_total,vfm_entregado) VALUES (3650,780721135,1,1000,1000,@@@NO@@@)','',2,'2013-06-26'),(31240,'INSERT INTO gne_vale_ferreteria (vfe_id,vfe_fecha,vfe_total,vfe_estado,vfe_entregado,usu_nusuario) VALUES (3651,@@@2013.06.26@@@,140,1,0,@@@G_DIAZ@@@)','',2,'2013-06-26'),(31241,'INSERT INTO gne_vale_ferreteria_mov (vfe_id,pro_codigo_plu,vfm_cantidad,vfm_unitario,vfm_total,vfm_entregado) VALUES (3651,764251,1,140,140,@@@NO@@@)','',2,'2013-06-26'),(31242,'INSERT INTO mae_productos (pro_codigo_plu,pro_codigo_barra,pro_tipo,pro_nombre_producto,pro_nombre_corto,med_id,emb_id,pro_unidades_embalaje,dep_id,lin_id,mar_id,pro_precio_compra_neto,pro_precio_compra_bruto,pro_precio_venta,pro_margen_actual,pro_oferta,pro_fecha_inicio_oferta,pro_fecha_termino_oferta,pro_precio_oferta,pro_stock_minimo,pro_stock_critico,pro_entradas_bodega,pro_salidas_bodega,pro_mermas_bodega,pro_ajustes_bodega,pro_entradas_sv,pro_salidas_sv,pro_mermas_sv,pro_ajustes_sv,pro_activo,rec_numero,pro_unidad,pro_capacidad,pro_consumo_bodega,pro_consumo_sv,pro_estado,pro_funcion_plu,pro_flejes,pro_iva,pro_plu_asociado,pro_envase,pro_duracion,pro_numero_etiqueta) VALUES (780721253,@@@7072@@@,@@@0@@@,@@@PEGOTE DELGADO@@@,@@@PEGOTE DELGADO@@@,@@@1 @@@,@@@3 @@@,@@@0@@@,@@@24 @@@,@@@137@@@,@@@2507@@@,@@@0@@@,@@@0@@@,@@@550@@@,@@@0@@@,@@@@@@,@@@2013.06.26@@@,@@@2013.06.26@@@,@@@0@@@,@@@5@@@,@@@2@@@,@@@0@@@,@@@0@@@,@@@0@@@,@@@0@@@,@@@0@@@,@@@0@@@,@@@0@@@,@@@0@@@,@@@1@@@,@@@0@@@,0,10,0,0,2,0,1,1,0,@@@NO@@@,0,0)','',2,'2013-06-26'),(31243,'DELETE FROM mae_impuestos_productos WHERE pro_codigo_plu=@@@780721253@@@','',2,'2013-06-26'),(31244,'INSERT INTO gne_vale_ferreteria (vfe_id,vfe_fecha,vfe_total,vfe_estado,vfe_entregado,usu_nusuario) VALUES (3652,@@@2013.06.26@@@,370,1,0,@@@G_DIAZ@@@)','',2,'2013-06-26'),(31245,'INSERT INTO gne_vale_ferreteria_mov (vfe_id,pro_codigo_plu,vfm_cantidad,vfm_unitario,vfm_total,vfm_entregado) VALUES (3652,8022,1,120,120,@@@NO@@@)','',2,'2013-06-26'),(31246,'INSERT INTO gne_vale_ferreteria_mov (vfe_id,pro_codigo_plu,vfm_cantidad,vfm_unitario,vfm_total,vfm_entregado) VALUES (3652,78017146,5,50,250,@@@NO@@@)','',2,'2013-06-26'),(31247,'INSERT INTO gne_vale_ferreteria (vfe_id,vfe_fecha,vfe_total,vfe_estado,vfe_entregado,usu_nusuario) VALUES (3653,@@@2013.06.26@@@,7790,1,0,@@@G_DIAZ@@@)','',2,'2013-06-26'),(31248,'INSERT INTO gne_vale_ferreteria_mov (vfe_id,pro_codigo_plu,vfm_cantidad,vfm_unitario,vfm_total,vfm_entregado) VALUES (3653,764474,1,7790,7790,@@@NO@@@)','',2,'2013-06-26'),(31249,'INSERT INTO gne_vale_ferreteria (vfe_id,vfe_fecha,vfe_total,vfe_estado,vfe_entregado,usu_nusuario) VALUES (3654,@@@2013.06.26@@@,90,1,0,@@@G_DIAZ@@@)','',2,'2013-06-26'),(31250,'INSERT INTO gne_vale_ferreteria_mov (vfe_id,pro_codigo_plu,vfm_cantidad,vfm_unitario,vfm_total,vfm_entregado) VALUES (3654,78017147,1,90,90,@@@NO@@@)','',2,'2013-06-26'),(31251,'INSERT INTO gne_vale_ferreteria (vfe_id,vfe_fecha,vfe_total,vfe_estado,vfe_entregado,usu_nusuario) VALUES (3655,@@@2013.06.26@@@,1060,1,0,@@@G_DIAZ@@@)','',2,'2013-06-26'),(31252,'INSERT INTO gne_vale_ferreteria_mov (vfe_id,pro_codigo_plu,vfm_cantidad,vfm_unitario,vfm_total,vfm_entregado) VALUES (3655,15955,2,530,1060,@@@NO@@@)','',2,'2013-06-26'),(31253,'INSERT INTO gne_vale_ferreteria (vfe_id,vfe_fecha,vfe_total,vfe_estado,vfe_entregado,usu_nusuario) VALUES (3656,@@@2013.06.26@@@,840,1,0,@@@G_DIAZ@@@)','',2,'2013-06-26'),(31254,'INSERT INTO gne_vale_ferreteria_mov (vfe_id,pro_codigo_plu,vfm_cantidad,vfm_unitario,vfm_total,vfm_entregado) VALUES (3656,78017203,1,390,390,@@@NO@@@)','',2,'2013-06-26'),(31255,'INSERT INTO gne_vale_ferreteria_mov (vfe_id,pro_codigo_plu,vfm_cantidad,vfm_unitario,vfm_total,vfm_entregado) VALUES (3656,761971,1,450,450,@@@NO@@@)','',2,'2013-06-26'),(31256,'INSERT INTO mae_productos (pro_codigo_plu,pro_codigo_barra,pro_tipo,pro_nombre_producto,pro_nombre_corto,med_id,emb_id,pro_unidades_embalaje,dep_id,lin_id,mar_id,pro_precio_compra_neto,pro_precio_compra_bruto,pro_precio_venta,pro_margen_actual,pro_oferta,pro_fecha_inicio_oferta,pro_fecha_termino_oferta,pro_precio_oferta,pro_stock_minimo,pro_stock_critico,pro_entradas_bodega,pro_salidas_bodega,pro_mermas_bodega,pro_ajustes_bodega,pro_entradas_sv,pro_salidas_sv,pro_mermas_sv,pro_ajustes_sv,pro_activo,rec_numero,pro_unidad,pro_capacidad,pro_consumo_bodega,pro_consumo_sv,pro_estado,pro_funcion_plu,pro_flejes,pro_iva,pro_plu_asociado,pro_envase,pro_duracion,pro_numero_etiqueta) VALUES (780721254,@@@7073@@@,@@@0@@@,@@@CUPULA DE TORTA REDONDA O CUADRADA@@@,@@@CUPULA DE TORTA @@@,@@@1 @@@,@@@3 @@@,@@@0@@@,@@@15 @@@,@@@91@@@,@@@2507@@@,@@@0@@@,@@@0@@@,@@@450@@@,@@@0@@@,@@@@@@,@@@2013.06.26@@@,@@@2013.06.26@@@,@@@0@@@,@@@0@@@,@@@0@@@,@@@0@@@,@@@0@@@,@@@0@@@,@@@0@@@,@@@0@@@,@@@0@@@,@@@0@@@,@@@0@@@,@@@1@@@,@@@0@@@,0,1,0,0,2,0,1,1,0,@@@NO@@@,0,0)','',2,'2013-06-26'),(31257,'DELETE FROM mae_impuestos_productos WHERE pro_codigo_plu=@@@780721254@@@','',2,'2013-06-26'),(31258,'INSERT INTO gne_vale_ferreteria (vfe_id,vfe_fecha,vfe_total,vfe_estado,vfe_entregado,usu_nusuario) VALUES (3657,@@@2013.06.26@@@,300,1,0,@@@G_DIAZ@@@)','',2,'2013-06-26'),(31259,'INSERT INTO gne_vale_ferreteria_mov (vfe_id,pro_codigo_plu,vfm_cantidad,vfm_unitario,vfm_total,vfm_entregado) VALUES (3657,764833,30,10,300,@@@NO@@@)','',2,'2013-06-26'),(31260,'INSERT INTO gne_vale_ferreteria (vfe_id,vfe_fecha,vfe_total,vfe_estado,vfe_entregado,usu_nusuario) VALUES (3658,@@@2013.06.26@@@,250,1,0,@@@G_DIAZ@@@)','',2,'2013-06-26'),(31261,'INSERT INTO gne_vale_ferreteria_mov (vfe_id,pro_codigo_plu,vfm_cantidad,vfm_unitario,vfm_total,vfm_entregado) VALUES (3658,8021,1,150,150,@@@NO@@@)','',2,'2013-06-26'),(31262,'INSERT INTO gne_vale_ferreteria_mov (vfe_id,pro_codigo_plu,vfm_cantidad,vfm_unitario,vfm_total,vfm_entregado) VALUES (3658,764383,2,50,100,@@@NO@@@)','',2,'2013-06-26'),(31263,'UPDATE mae_productos SET pro_precio_fiscal=pro_precio_venta WHERE pro_codigo_plu=780721253','',2,'2013-06-27'),(31264,'UPDATE mae_productos SET pro_precio_fiscal=pro_precio_venta WHERE pro_codigo_plu=780721254','',2,'2013-06-27'),(31265,'UPDATE mae_productos SET pro_precio_fiscal=pro_precio_venta WHERE pro_codigo_plu=10800','',2,'2013-06-27'),(31266,'UPDATE mae_productos SET pro_precio_fiscal=pro_precio_venta WHERE pro_codigo_plu=780721252','',2,'2013-06-27'),(31267,'INSERT INTO gne_vale_ferreteria (vfe_id,vfe_fecha,vfe_total,vfe_estado,vfe_entregado,usu_nusuario) VALUES (3659,@@@2013.06.27@@@,920,1,0,@@@S_BIZAMA@@@)','',2,'2013-06-27'),(31268,'INSERT INTO gne_vale_ferreteria_mov (vfe_id,pro_codigo_plu,vfm_cantidad,vfm_unitario,vfm_total,vfm_entregado) VALUES (3659,764778,1,330,330,@@@NO@@@)','',2,'2013-06-27'),(31269,'INSERT INTO gne_vale_ferreteria_mov (vfe_id,pro_codigo_plu,vfm_cantidad,vfm_unitario,vfm_total,vfm_entregado) VALUES (3659,780721180,1,590,590,@@@NO@@@)','',2,'2013-06-27'),(31270,'INSERT INTO gne_vale_ferreteria (vfe_id,vfe_fecha,vfe_total,vfe_estado,vfe_entregado,usu_nusuario) VALUES (3660,@@@2013.06.27@@@,2140,1,0,@@@S_BIZAMA@@@)','',2,'2013-06-27'),(31271,'INSERT INTO gne_vale_ferreteria_mov (vfe_id,pro_codigo_plu,vfm_cantidad,vfm_unitario,vfm_total,vfm_entregado) VALUES (3660,764564,1,1490,1490,@@@NO@@@)','',2,'2013-06-27'),(31272,'INSERT INTO gne_vale_ferreteria_mov (vfe_id,pro_codigo_plu,vfm_cantidad,vfm_unitario,vfm_total,vfm_entregado) VALUES (3660,763877,1,650,650,@@@NO@@@)','',2,'2013-06-27'),(31273,'INSERT INTO gne_vale_ferreteria (vfe_id,vfe_fecha,vfe_total,vfe_estado,vfe_entregado,usu_nusuario) VALUES (3661,@@@2013.06.27@@@,450,1,0,@@@S_BIZAMA@@@)','',2,'2013-06-27'),(31274,'INSERT INTO gne_vale_ferreteria_mov (vfe_id,pro_codigo_plu,vfm_cantidad,vfm_unitario,vfm_total,vfm_entregado) VALUES (3661,761962,1,450,450,@@@NO@@@)','',2,'2013-06-27'),(31275,'INSERT INTO gne_vale_ferreteria (vfe_id,vfe_fecha,vfe_total,vfe_estado,vfe_entregado,usu_nusuario) VALUES (3662,@@@2013.06.27@@@,990,1,0,@@@S_BIZAMA@@@)','',2,'2013-06-27'),(31276,'INSERT INTO gne_vale_ferreteria_mov (vfe_id,pro_codigo_plu,vfm_cantidad,vfm_unitario,vfm_total,vfm_entregado) VALUES (3662,780721162,1,990,990,@@@NO@@@)','',2,'2013-06-27'),(31277,'INSERT INTO gne_vale_ferreteria (vfe_id,vfe_fecha,vfe_total,vfe_estado,vfe_entregado,usu_nusuario) VALUES (3663,@@@2013.06.27@@@,600,1,0,@@@S_BIZAMA@@@)','',2,'2013-06-27'),(31278,'INSERT INTO gne_vale_ferreteria_mov (vfe_id,pro_codigo_plu,vfm_cantidad,vfm_unitario,vfm_total,vfm_entregado) VALUES (3663,78017002,5,120,600,@@@NO@@@)','',2,'2013-06-27'),(31279,'INSERT INTO gne_vale_ferreteria (vfe_id,vfe_fecha,vfe_total,vfe_estado,vfe_entregado,usu_nusuario) VALUES (3664,@@@2013.06.27@@@,320,1,0,@@@S_BIZAMA@@@)','',2,'2013-06-27'),(31280,'INSERT INTO gne_vale_ferreteria_mov (vfe_id,pro_codigo_plu,vfm_cantidad,vfm_unitario,vfm_total,vfm_entregado) VALUES (3664,101101,1,200,200,@@@NO@@@)','',2,'2013-06-27'),(31281,'INSERT INTO gne_vale_ferreteria_mov (vfe_id,pro_codigo_plu,vfm_cantidad,vfm_unitario,vfm_total,vfm_entregado) VALUES (3664,12085,1,120,120,@@@NO@@@)','',2,'2013-06-27'),(31282,'INSERT INTO gne_vale_ferreteria (vfe_id,vfe_fecha,vfe_total,vfe_estado,vfe_entregado,usu_nusuario) VALUES (3665,@@@2013.06.27@@@,4990,1,0,@@@S_BIZAMA@@@)','',2,'2013-06-27'),(31283,'INSERT INTO gne_vale_ferreteria_mov (vfe_id,pro_codigo_plu,vfm_cantidad,vfm_unitario,vfm_total,vfm_entregado) VALUES (3665,13662,1,400,400,@@@NO@@@)','',2,'2013-06-27'),(31284,'INSERT INTO gne_vale_ferreteria_mov (vfe_id,pro_codigo_plu,vfm_cantidad,vfm_unitario,vfm_total,vfm_entregado) VALUES (3665,1,1,4590,4590,@@@NO@@@)','',2,'2013-06-27'),(31285,'INSERT INTO gne_vale_ferreteria (vfe_id,vfe_fecha,vfe_total,vfe_estado,vfe_entregado,usu_nusuario) VALUES (3666,@@@2013.06.27@@@,800,1,0,@@@S_BIZAMA@@@)','',2,'2013-06-27'),(31286,'INSERT INTO gne_vale_ferreteria_mov (vfe_id,pro_codigo_plu,vfm_cantidad,vfm_unitario,vfm_total,vfm_entregado) VALUES (3666,13662,2,400,800,@@@NO@@@)','',2,'2013-06-27'),(31287,'INSERT INTO gne_vale_ferreteria (vfe_id,vfe_fecha,vfe_total,vfe_estado,vfe_entregado,usu_nusuario) VALUES (3667,@@@2013.06.27@@@,300,1,0,@@@S_BIZAMA@@@)','',2,'2013-06-27'),(31288,'INSERT INTO gne_vale_ferreteria_mov (vfe_id,pro_codigo_plu,vfm_cantidad,vfm_unitario,vfm_total,vfm_entregado) VALUES (3667,764278,1,300,300,@@@NO@@@)','',2,'2013-06-27'),(31289,'INSERT INTO gne_vale_ferreteria (vfe_id,vfe_fecha,vfe_total,vfe_estado,vfe_entregado,usu_nusuario) VALUES (3668,@@@2013.06.27@@@,1240,1,0,@@@S_BIZAMA@@@)','',2,'2013-06-27'),(31290,'INSERT INTO gne_vale_ferreteria_mov (vfe_id,pro_codigo_plu,vfm_cantidad,vfm_unitario,vfm_total,vfm_entregado) VALUES (3668,14107,1,400,400,@@@NO@@@)','',2,'2013-06-27'),(31291,'INSERT INTO gne_vale_ferreteria_mov (vfe_id,pro_codigo_plu,vfm_cantidad,vfm_unitario,vfm_total,vfm_entregado) VALUES (3668,780721103,1,450,450,@@@NO@@@)','',2,'2013-06-27'),(31292,'INSERT INTO gne_vale_ferreteria_mov (vfe_id,pro_codigo_plu,vfm_cantidad,vfm_unitario,vfm_total,vfm_entregado) VALUES (3668,15454,1,390,390,@@@NO@@@)','',2,'2013-06-27'),(31293,'UPDATE mae_productos SET pro_margen_actual=0,pro_precio_venta=890 WHERE pro_codigo_plu=12612','',2,'2013-06-27'),(31294,'UPDATE mae_productos SET pro_margen_actual=0,pro_precio_venta=150 WHERE pro_codigo_plu=4061','',2,'2013-06-27'),(31295,'UPDATE mae_productos SET pro_margen_actual=0,pro_precio_venta=990 WHERE pro_codigo_plu=580','',2,'2013-06-27'),(31296,'UPDATE mae_productos SET pro_precio_fiscal=pro_precio_venta WHERE pro_codigo_plu=580','',2,'2013-06-27'),(31297,'INSERT INTO gne_vale_ferreteria (vfe_id,vfe_fecha,vfe_total,vfe_estado,vfe_entregado,usu_nusuario) VALUES (3669,@@@2013.06.27@@@,410,1,0,@@@S_BIZAMA@@@)','',2,'2013-06-27'),(31298,'INSERT INTO gne_vale_ferreteria_mov (vfe_id,pro_codigo_plu,vfm_cantidad,vfm_unitario,vfm_total,vfm_entregado) VALUES (3669,763772,1,290,290,@@@NO@@@)','',2,'2013-06-27'),(31299,'INSERT INTO gne_vale_ferreteria_mov (vfe_id,pro_codigo_plu,vfm_cantidad,vfm_unitario,vfm_total,vfm_entregado) VALUES (3669,78017016,1,120,120,@@@NO@@@)','',2,'2013-06-27'),(31300,'UPDATE mae_productos SET pro_margen_actual=0,pro_precio_venta=550 WHERE pro_codigo_plu=549','',2,'2013-06-27'),(31301,'UPDATE mae_productos SET pro_margen_actual=0,pro_precio_venta=380 WHERE pro_codigo_plu=597','',2,'2013-06-27'),(31302,'UPDATE mae_productos SET pro_precio_fiscal=pro_precio_venta WHERE pro_codigo_plu=549','',2,'2013-06-27'),(31303,'UPDATE mae_productos SET pro_precio_fiscal=pro_precio_venta WHERE pro_codigo_plu=597','',2,'2013-06-27'),(31304,'UPDATE mae_productos SET pro_margen_actual=0,pro_precio_venta=499 WHERE pro_codigo_plu=608','',2,'2013-06-27'),(31305,'UPDATE mae_productos SET pro_precio_fiscal=pro_precio_venta WHERE pro_codigo_plu=608','',2,'2013-06-27'),(31306,'INSERT INTO gne_vale_ferreteria (vfe_id,vfe_fecha,vfe_total,vfe_estado,vfe_entregado,usu_nusuario) VALUES (3670,@@@2013.06.27@@@,1280,1,0,@@@S_BIZAMA@@@)','',2,'2013-06-27'),(31307,'INSERT INTO gne_vale_ferreteria_mov (vfe_id,pro_codigo_plu,vfm_cantidad,vfm_unitario,vfm_total,vfm_entregado) VALUES (3670,764509,2,490,980,@@@NO@@@)','',2,'2013-06-27'),(31308,'INSERT INTO gne_vale_ferreteria_mov (vfe_id,pro_codigo_plu,vfm_cantidad,vfm_unitario,vfm_total,vfm_entregado) VALUES (3670,800001,1,300,300,@@@NO@@@)','',2,'2013-06-27'),(31309,'INSERT INTO gne_vale_ferreteria (vfe_id,vfe_fecha,vfe_total,vfe_estado,vfe_entregado,usu_nusuario) VALUES (3671,@@@2013.06.27@@@,720,1,0,@@@S_BIZAMA@@@)','',2,'2013-06-27'),(31310,'INSERT INTO gne_vale_ferreteria_mov (vfe_id,pro_codigo_plu,vfm_cantidad,vfm_unitario,vfm_total,vfm_entregado) VALUES (3671,8021,4,150,600,@@@NO@@@)','',2,'2013-06-27'),(31311,'INSERT INTO gne_vale_ferreteria_mov (vfe_id,pro_codigo_plu,vfm_cantidad,vfm_unitario,vfm_total,vfm_entregado) VALUES (3671,8022,1,120,120,@@@NO@@@)','',2,'2013-06-27'),(31312,'INSERT INTO gne_vale_ferreteria (vfe_id,vfe_fecha,vfe_total,vfe_estado,vfe_entregado,usu_nusuario) VALUES (3672,@@@2013.06.27@@@,570,1,0,@@@S_BIZAMA@@@)','',2,'2013-06-27'),(31313,'INSERT INTO gne_vale_ferreteria_mov (vfe_id,pro_codigo_plu,vfm_cantidad,vfm_unitario,vfm_total,vfm_entregado) VALUES (3672,780220200,1,180,180,@@@NO@@@)','',2,'2013-06-27'),(31314,'INSERT INTO gne_vale_ferreteria_mov (vfe_id,pro_codigo_plu,vfm_cantidad,vfm_unitario,vfm_total,vfm_entregado) VALUES (3672,78016969,1,390,390,@@@NO@@@)','',2,'2013-06-27'),(31315,'INSERT INTO gne_vale_ferreteria (vfe_id,vfe_fecha,vfe_total,vfe_estado,vfe_entregado,usu_nusuario) VALUES (3673,@@@2013.06.27@@@,240,1,0,@@@S_BIZAMA@@@)','',2,'2013-06-27'),(31316,'INSERT INTO gne_vale_ferreteria_mov (vfe_id,pro_codigo_plu,vfm_cantidad,vfm_unitario,vfm_total,vfm_entregado) VALUES (3673,780721125,2,120,240,@@@NO@@@)','',2,'2013-06-27'),(31317,'UPDATE mae_productos SET pro_margen_actual=44.44,pro_precio_venta=130 WHERE pro_codigo_plu=1011','',2,'2013-06-27'),(31318,'UPDATE mae_productos SET pro_margen_actual=44.44,pro_precio_venta=130 WHERE pro_codigo_plu=1012','',2,'2013-06-27'),(31319,'UPDATE mae_productos SET pro_precio_fiscal=pro_precio_venta WHERE pro_codigo_plu=1011','',2,'2013-06-27'),(31320,'UPDATE mae_productos SET pro_precio_fiscal=pro_precio_venta WHERE pro_codigo_plu=1012','',2,'2013-06-27'),(31321,'INSERT INTO gne_vale_ferreteria (vfe_id,vfe_fecha,vfe_total,vfe_estado,vfe_entregado,usu_nusuario) VALUES (3674,@@@2013.06.27@@@,960,1,0,@@@S_BIZAMA@@@)','',2,'2013-06-27'),(31322,'INSERT INTO gne_vale_ferreteria_mov (vfe_id,pro_codigo_plu,vfm_cantidad,vfm_unitario,vfm_total,vfm_entregado) VALUES (3674,15949,2,480,960,@@@NO@@@)','',2,'2013-06-27'),(31323,'INSERT INTO gne_vale_ferreteria (vfe_id,vfe_fecha,vfe_total,vfe_estado,vfe_entregado,usu_nusuario) VALUES (3675,@@@2013.06.27@@@,1190,1,0,@@@S_BIZAMA@@@)','',2,'2013-06-27'),(31324,'INSERT INTO gne_vale_ferreteria_mov (vfe_id,pro_codigo_plu,vfm_cantidad,vfm_unitario,vfm_total,vfm_entregado) VALUES (3675,765027,1,1190,1190,@@@NO@@@)','',2,'2013-06-27'),(31325,'UPDATE mae_productos SET pro_margen_actual=0,pro_precio_venta=790 WHERE pro_codigo_plu=535','',2,'2013-06-27'),(31326,'UPDATE mae_productos SET pro_margen_actual=0,pro_precio_venta=380 WHERE pro_codigo_plu=541','',2,'2013-06-27'),(31327,'UPDATE mae_productos SET pro_margen_actual=0,pro_precio_venta=535 WHERE pro_codigo_plu=572','',2,'2013-06-27'),(31328,'UPDATE mae_productos SET pro_margen_actual=0,pro_precio_venta=990 WHERE pro_codigo_plu=580','',2,'2013-06-27'),(31329,'UPDATE mae_productos SET pro_margen_actual=0,pro_precio_venta=990 WHERE pro_codigo_plu=579','',2,'2013-06-27'),(31330,'UPDATE mae_productos SET pro_margen_actual=0,pro_precio_venta=499 WHERE pro_codigo_plu=608','',2,'2013-06-27'),(31331,'UPDATE mae_productos SET pro_precio_fiscal=pro_precio_venta WHERE pro_codigo_plu=572','',2,'2013-06-27'),(31332,'INSERT INTO gne_vale_ferreteria (vfe_id,vfe_fecha,vfe_total,vfe_estado,vfe_entregado,usu_nusuario) VALUES (3676,@@@2013.06.27@@@,1690,1,0,@@@S_BIZAMA@@@)','',2,'2013-06-27'),(31333,'INSERT INTO gne_vale_ferreteria_mov (vfe_id,pro_codigo_plu,vfm_cantidad,vfm_unitario,vfm_total,vfm_entregado) VALUES (3676,78017115,1,1690,1690,@@@NO@@@)','',2,'2013-06-27'),(31334,'INSERT INTO gne_vale_ferreteria (vfe_id,vfe_fecha,vfe_total,vfe_estado,vfe_entregado,usu_nusuario) VALUES (3677,@@@2013.06.27@@@,1890,1,0,@@@S_BIZAMA@@@)','',2,'2013-06-27'),(31335,'INSERT INTO gne_vale_ferreteria_mov (vfe_id,pro_codigo_plu,vfm_cantidad,vfm_unitario,vfm_total,vfm_entregado) VALUES (3677,101622,1,1890,1890,@@@NO@@@)','',2,'2013-06-27'),(31336,'INSERT INTO gne_vale_ferreteria (vfe_id,vfe_fecha,vfe_total,vfe_estado,vfe_entregado,usu_nusuario) VALUES (3678,@@@2013.06.27@@@,390,1,0,@@@S_BIZAMA@@@)','',2,'2013-06-27'),(31337,'INSERT INTO gne_vale_ferreteria_mov (vfe_id,pro_codigo_plu,vfm_cantidad,vfm_unitario,vfm_total,vfm_entregado) VALUES (3678,761990,1,390,390,@@@NO@@@)','',2,'2013-06-27'),(31338,'UPDATE mae_productos SET pro_codigo_barra=@@@7802950502541@@@,pro_tipo=@@@0@@@,pro_nombre_producto=@@@YOGHURT NESTLE BATIDO PIÑA 125 GRS@@@,pro_nombre_corto=@@@YOGHURT NESTLE B@@@,med_id=@@@5@@@,emb_id=@@@4@@@,pro_unidades_embalaje=@@@48@@@,dep_id=@@@3 @@@,lin_id=@@@50@@@,mar_id=@@@9@@@,pro_precio_compra_neto=@@@0@@@,pro_precio_compra_bruto=@@@0@@@,pro_precio_venta=@@@150@@@,pro_margen_actual=@@@0@@@,pro_oferta=@@@NO@@@,pro_fecha_inicio_oferta=@@@1900.01.01@@@,pro_fecha_termino_oferta=@@@1900.01.01@@@,pro_precio_oferta=@@@0@@@,pro_stock_minimo=@@@48@@@,pro_stock_critico=@@@24@@@,pro_activo=@@@1@@@,pro_unidad=@@@0@@@,pro_precio_compra_bruto=0,pro_margen_actual=0,pro_capacidad=0.125,pro_funcion_plu=0,pro_flejes=1,pro_iva=1,pro_plu_asociado=0,pro_envase=@@@NO@@@,pro_duracion=0,pro_numero_etiqueta=0 WHERE pro_codigo_plu=@@@16593@@@','',2,'2013-06-27'),(31339,'UPDATE mae_productos SET pro_estado=1 WHERE pro_codigo_plu=16593','',2,'2013-06-27'),(31340,'DELETE FROM mae_impuestos_productos WHERE pro_codigo_plu=@@@16593@@@','',2,'2013-06-27'),(31341,'UPDATE mae_productos SET pro_codigo_barra=@@@7613031370320@@@,pro_tipo=@@@0@@@,pro_nombre_producto=@@@PACK CHAMYTO FRUTILLA 6 UNID@@@,pro_nombre_corto=@@@PACK CHAMYTO FRU@@@,med_id=@@@1@@@,emb_id=@@@3@@@,pro_unidades_embalaje=@@@16@@@,dep_id=@@@3 @@@,lin_id=@@@46@@@,mar_id=@@@9@@@,pro_precio_compra_neto=@@@0@@@,pro_precio_compra_bruto=@@@0@@@,pro_precio_venta=@@@240@@@,pro_margen_actual=@@@0@@@,pro_oferta=@@@NO@@@,pro_fecha_inicio_oferta=@@@1900.01.01@@@,pro_fecha_termino_oferta=@@@1900.01.01@@@,pro_precio_oferta=@@@0@@@,pro_stock_minimo=@@@16@@@,pro_stock_critico=@@@8@@@,pro_activo=@@@1@@@,pro_unidad=@@@0@@@,pro_precio_compra_bruto=0,pro_margen_actual=0,pro_capacidad=1,pro_funcion_plu=0,pro_flejes=1,pro_iva=1,pro_plu_asociado=0,pro_envase=@@@NO@@@,pro_duracion=0,pro_numero_etiqueta=0 WHERE pro_codigo_plu=@@@16842@@@','',2,'2013-06-27'),(31342,'UPDATE mae_productos SET pro_estado=1 WHERE pro_codigo_plu=16842','',2,'2013-06-27'),(31343,'DELETE FROM mae_impuestos_productos WHERE pro_codigo_plu=@@@16842@@@','',2,'2013-06-27'),(31344,'INSERT INTO gne_vale_ferreteria (vfe_id,vfe_fecha,vfe_total,vfe_estado,vfe_entregado,usu_nusuario) VALUES (3679,@@@2013.06.27@@@,5490,1,0,@@@S_BIZAMA@@@)','',2,'2013-06-27'),(31345,'INSERT INTO gne_vale_ferreteria_mov (vfe_id,pro_codigo_plu,vfm_cantidad,vfm_unitario,vfm_total,vfm_entregado) VALUES (3679,780721093,1,5490,5490,@@@NO@@@)','',2,'2013-06-27'),(31346,'UPDATE mae_productos SET pro_codigo_barra=@@@7613032395063@@@,pro_tipo=@@@0@@@,pro_nombre_producto=@@@YOGHURT NIDO PLATANO 120 GRS.@@@,pro_nombre_corto=@@@YOGHURT NIDO PLA@@@,med_id=@@@5@@@,emb_id=@@@4@@@,pro_unidades_embalaje=@@@48@@@,dep_id=@@@3 @@@,lin_id=@@@50@@@,mar_id=@@@9@@@,pro_precio_compra_neto=@@@0@@@,pro_precio_compra_bruto=@@@204@@@,pro_precio_venta=@@@200@@@,pro_margen_actual=@@@-1.96@@@,pro_oferta=@@@NO@@@,pro_fecha_inicio_oferta=@@@1900.01.01@@@,pro_fecha_termino_oferta=@@@1900.01.01@@@,pro_precio_oferta=@@@0@@@,pro_stock_minimo=@@@48@@@,pro_stock_critico=@@@24@@@,pro_activo=@@@1@@@,pro_unidad=@@@0@@@,pro_precio_compra_bruto=204,pro_margen_actual=-1.96,pro_capacidad=0.12,pro_funcion_plu=0,pro_flejes=1,pro_iva=1,pro_plu_asociado=0,pro_envase=@@@NO@@@,pro_duracion=0,pro_numero_etiqueta=0 WHERE pro_codigo_plu=@@@16923@@@','',2,'2013-06-27'),(31347,'UPDATE mae_productos SET pro_estado=1 WHERE pro_codigo_plu=16923','',2,'2013-06-27'),(31348,'DELETE FROM mae_impuestos_productos WHERE pro_codigo_plu=@@@16923@@@','',2,'2013-06-27'),(31349,'UPDATE mae_productos SET pro_codigo_barra=@@@7613032395032@@@,pro_tipo=@@@0@@@,pro_nombre_producto=@@@YOGHURT NIDO DURAZNO 120 GRS@@@,pro_nombre_corto=@@@YOGHURT NIDO DUR@@@,med_id=@@@5@@@,emb_id=@@@4@@@,pro_unidades_embalaje=@@@48@@@,dep_id=@@@3 @@@,lin_id=@@@50@@@,mar_id=@@@9@@@,pro_precio_compra_neto=@@@0@@@,pro_precio_compra_bruto=@@@0@@@,pro_precio_venta=@@@200@@@,pro_margen_actual=@@@0@@@,pro_oferta=@@@NO@@@,pro_fecha_inicio_oferta=@@@1900.01.01@@@,pro_fecha_termino_oferta=@@@1900.01.01@@@,pro_precio_oferta=@@@0@@@,pro_stock_minimo=@@@48@@@,pro_stock_critico=@@@24@@@,pro_activo=@@@1@@@,pro_unidad=@@@0@@@,pro_precio_compra_bruto=0,pro_margen_actual=0,pro_capacidad=0.12,pro_funcion_plu=0,pro_flejes=1,pro_iva=1,pro_plu_asociado=0,pro_envase=@@@NO@@@,pro_duracion=0,pro_numero_etiqueta=0 WHERE pro_codigo_plu=@@@16919@@@','',2,'2013-06-27'),(31350,'UPDATE mae_productos SET pro_estado=1 WHERE pro_codigo_plu=16919','',2,'2013-06-27'),(31351,'DELETE FROM mae_impuestos_productos WHERE pro_codigo_plu=@@@16919@@@','',2,'2013-06-27'),(31352,'UPDATE mae_productos SET pro_codigo_barra=@@@7613032754198@@@,pro_tipo=@@@0@@@,pro_nombre_producto=@@@YOGHURT SVELTY BATIDO FRUTILLA  125 GR.@@@,pro_nombre_corto=@@@YOGHURT SVELTY B@@@,med_id=@@@5@@@,emb_id=@@@4@@@,pro_unidades_embalaje=@@@48@@@,dep_id=@@@3 @@@,lin_id=@@@50@@@,mar_id=@@@395@@@,pro_precio_compra_neto=@@@0@@@,pro_precio_compra_bruto=@@@0@@@,pro_precio_venta=@@@200@@@,pro_margen_actual=@@@0@@@,pro_oferta=@@@NO@@@,pro_fecha_inicio_oferta=@@@1900.01.01@@@,pro_fecha_termino_oferta=@@@1900.01.01@@@,pro_precio_oferta=@@@0@@@,pro_stock_minimo=@@@48@@@,pro_stock_critico=@@@24@@@,pro_activo=@@@1@@@,pro_unidad=@@@0@@@,pro_precio_compra_bruto=0,pro_margen_actual=0,pro_capacidad=0.125,pro_funcion_plu=0,pro_flejes=1,pro_iva=1,pro_plu_asociado=0,pro_envase=@@@NO@@@,pro_duracion=0,pro_numero_etiqueta=0 WHERE pro_codigo_plu=@@@12140@@@','',2,'2013-06-27'),(31353,'UPDATE mae_productos SET pro_estado=1 WHERE pro_codigo_plu=12140','',2,'2013-06-27'),(31354,'DELETE FROM mae_impuestos_productos WHERE pro_codigo_plu=@@@12140@@@','',2,'2013-06-27'),(31355,'UPDATE mae_productos SET pro_codigo_barra=@@@7613032754280@@@,pro_tipo=@@@0@@@,pro_nombre_producto=@@@YOGHURT  SVELTY DIGESTION DURAZNO 125 GR.@@@,pro_nombre_corto=@@@YOGHURT  SVELTY@@@,med_id=@@@1@@@,emb_id=@@@4@@@,pro_unidades_embalaje=@@@48@@@,dep_id=@@@3 @@@,lin_id=@@@50@@@,mar_id=@@@395@@@,pro_precio_compra_neto=@@@0@@@,pro_precio_compra_bruto=@@@0@@@,pro_precio_venta=@@@200@@@,pro_margen_actual=@@@0@@@,pro_oferta=@@@NO@@@,pro_fecha_inicio_oferta=@@@1900.01.01@@@,pro_fecha_termino_oferta=@@@1900.01.01@@@,pro_precio_oferta=@@@0@@@,pro_stock_minimo=@@@48@@@,pro_stock_critico=@@@24@@@,pro_activo=@@@1@@@,pro_unidad=@@@0@@@,pro_precio_compra_bruto=0,pro_margen_actual=0,pro_capacidad=1,pro_funcion_plu=0,pro_flejes=1,pro_iva=1,pro_plu_asociado=0,pro_envase=@@@NO@@@,pro_duracion=0,pro_numero_etiqueta=0 WHERE pro_codigo_plu=@@@12135@@@','',2,'2013-06-27'),(31356,'UPDATE mae_productos SET pro_estado=1 WHERE pro_codigo_plu=12135','',2,'2013-06-27'),(31357,'DELETE FROM mae_impuestos_productos WHERE pro_codigo_plu=@@@12135@@@','',2,'2013-06-27'),(31358,'UPDATE mae_productos SET pro_codigo_barra=@@@7613033813597@@@,pro_tipo=@@@0@@@,pro_nombre_producto=@@@YOGHURT NESTLE CHOCAPIC TRADICIONAL@@@,pro_nombre_corto=@@@YOGHURT NESTLE C@@@,med_id=@@@5@@@,emb_id=@@@3@@@,pro_unidades_embalaje=@@@0@@@,dep_id=@@@3 @@@,lin_id=@@@50@@@,mar_id=@@@9@@@,pro_precio_compra_neto=@@@0@@@,pro_precio_compra_bruto=@@@234@@@,pro_precio_venta=@@@320@@@,pro_margen_actual=@@@36.75@@@,pro_oferta=@@@NO@@@,pro_fecha_inicio_oferta=@@@2013.06.14@@@,pro_fecha_termino_oferta=@@@2013.06.14@@@,pro_precio_oferta=@@@0@@@,pro_stock_minimo=@@@0@@@,pro_stock_critico=@@@0@@@,pro_activo=@@@1@@@,pro_unidad=@@@0@@@,pro_precio_compra_bruto=234,pro_margen_actual=36.75,pro_capacidad=120,pro_funcion_plu=0,pro_flejes=1,pro_iva=1,pro_plu_asociado=0,pro_envase=@@@NO@@@,pro_duracion=0,pro_numero_etiqueta=0 WHERE pro_codigo_plu=@@@780721183@@@','',2,'2013-06-27'),(31359,'UPDATE mae_productos SET pro_estado=1 WHERE pro_codigo_plu=780721183','',2,'2013-06-27'),(31360,'DELETE FROM mae_impuestos_productos WHERE pro_codigo_plu=@@@780721183@@@','',2,'2013-06-27'),(31361,'UPDATE mae_productos SET pro_codigo_barra=@@@7613034276452@@@,pro_tipo=@@@0@@@,pro_nombre_producto=@@@YOGHURT + ZOCOSOS TRADICIONAL NESTLE@@@,pro_nombre_corto=@@@YOGHURT + ZOCOSO@@@,med_id=@@@5@@@,emb_id=@@@3@@@,pro_unidades_embalaje=@@@0@@@,dep_id=@@@3 @@@,lin_id=@@@50@@@,mar_id=@@@9@@@,pro_precio_compra_neto=@@@0@@@,pro_precio_compra_bruto=@@@234@@@,pro_precio_venta=@@@320@@@,pro_margen_actual=@@@36.75@@@,pro_oferta=@@@NO@@@,pro_fecha_inicio_oferta=@@@2013.04.27@@@,pro_fecha_termino_oferta=@@@2013.04.27@@@,pro_precio_oferta=@@@0@@@,pro_stock_minimo=@@@0@@@,pro_stock_critico=@@@0@@@,pro_activo=@@@1@@@,pro_unidad=@@@0@@@,pro_precio_compra_bruto=234,pro_margen_actual=36.75,pro_capacidad=120,pro_funcion_plu=0,pro_flejes=1,pro_iva=1,pro_plu_asociado=0,pro_envase=@@@NO@@@,pro_duracion=0,pro_numero_etiqueta=0 WHERE pro_codigo_plu=@@@763580@@@','',2,'2013-06-27'),(31362,'UPDATE mae_productos SET pro_estado=1 WHERE pro_codigo_plu=763580','',2,'2013-06-27'),(31363,'DELETE FROM mae_impuestos_productos WHERE pro_codigo_plu=@@@763580@@@','',2,'2013-06-27'),(31364,'UPDATE mae_productos SET pro_codigo_barra=@@@78093119@@@,pro_tipo=@@@0@@@,pro_nombre_producto=@@@FLAN NESTLE CARAMELO 130 GRS@@@,pro_nombre_corto=@@@FLAN NESTLE CARA@@@,med_id=@@@1@@@,emb_id=@@@4@@@,pro_unidades_embalaje=@@@48@@@,dep_id=@@@3 @@@,lin_id=@@@52@@@,mar_id=@@@95@@@,pro_precio_compra_neto=@@@0@@@,pro_precio_compra_bruto=@@@0@@@,pro_precio_venta=@@@330@@@,pro_margen_actual=@@@0@@@,pro_oferta=@@@NO@@@,pro_fecha_inicio_oferta=@@@1900.01.01@@@,pro_fecha_termino_oferta=@@@1900.01.01@@@,pro_precio_oferta=@@@0@@@,pro_stock_minimo=@@@0@@@,pro_stock_critico=@@@0@@@,pro_activo=@@@1@@@,pro_unidad=@@@0@@@,pro_precio_compra_bruto=0,pro_margen_actual=0,pro_capacidad=0.13,pro_funcion_plu=0,pro_flejes=1,pro_iva=1,pro_plu_asociado=0,pro_envase=@@@NO@@@,pro_duracion=0,pro_numero_etiqueta=0 WHERE pro_codigo_plu=@@@17060@@@','',2,'2013-06-27'),(31365,'UPDATE mae_productos SET pro_estado=1 WHERE pro_codigo_plu=17060','',2,'2013-06-27'),(31366,'DELETE FROM mae_impuestos_productos WHERE pro_codigo_plu=@@@17060@@@','',2,'2013-06-27'),(31367,'UPDATE mae_productos SET pro_codigo_barra=@@@7613033966668@@@,pro_tipo=@@@0@@@,pro_nombre_producto=@@@FLAN CARAMELO NESTLE@@@,pro_nombre_corto=@@@FLAN CARAMELO NE@@@,med_id=@@@5@@@,emb_id=@@@3@@@,pro_unidades_embalaje=@@@0@@@,dep_id=@@@3 @@@,lin_id=@@@50@@@,mar_id=@@@9@@@,pro_precio_compra_neto=@@@0@@@,pro_precio_compra_bruto=@@@247@@@,pro_precio_venta=@@@330@@@,pro_margen_actual=@@@33.6@@@,pro_oferta=@@@NO@@@,pro_fecha_inicio_oferta=@@@2013.05.16@@@,pro_fecha_termino_oferta=@@@2013.05.16@@@,pro_precio_oferta=@@@0@@@,pro_stock_minimo=@@@0@@@,pro_stock_critico=@@@0@@@,pro_activo=@@@1@@@,pro_unidad=@@@0@@@,pro_precio_compra_bruto=247,pro_margen_actual=33.6,pro_capacidad=120,pro_funcion_plu=0,pro_flejes=1,pro_iva=1,pro_plu_asociado=0,pro_envase=@@@NO@@@,pro_duracion=0,pro_numero_etiqueta=0 WHERE pro_codigo_plu=@@@78017065@@@','',2,'2013-06-27'),(31368,'UPDATE mae_productos SET pro_estado=1 WHERE pro_codigo_plu=78017065','',2,'2013-06-27'),(31369,'DELETE FROM mae_impuestos_productos WHERE pro_codigo_plu=@@@78017065@@@','',2,'2013-06-27'),(31370,'UPDATE mae_productos SET pro_codigo_barra=@@@78032217@@@,pro_tipo=@@@0@@@,pro_nombre_producto=@@@POSTRE LECHE ASADA NESTLE 120 GRS@@@,pro_nombre_corto=@@@POSTRE LECHE ASA@@@,med_id=@@@1@@@,emb_id=@@@3@@@,pro_unidades_embalaje=@@@20@@@,dep_id=@@@3 @@@,lin_id=@@@52@@@,mar_id=@@@95@@@,pro_precio_compra_neto=@@@0@@@,pro_precio_compra_bruto=@@@0@@@,pro_precio_venta=@@@410@@@,pro_margen_actual=@@@0@@@,pro_oferta=@@@NO@@@,pro_fecha_inicio_oferta=@@@1900.01.01@@@,pro_fecha_termino_oferta=@@@1900.01.01@@@,pro_precio_oferta=@@@0@@@,pro_stock_minimo=@@@0@@@,pro_stock_critico=@@@0@@@,pro_activo=@@@1@@@,pro_unidad=@@@0@@@,pro_precio_compra_bruto=0,pro_margen_actual=0,pro_capacidad=0.12,pro_funcion_plu=0,pro_flejes=1,pro_iva=1,pro_plu_asociado=0,pro_envase=@@@NO@@@,pro_duracion=0,pro_numero_etiqueta=0 WHERE pro_codigo_plu=@@@17011@@@','',2,'2013-06-27'),(31371,'UPDATE mae_productos SET pro_estado=1 WHERE pro_codigo_plu=17011','',2,'2013-06-27'),(31372,'DELETE FROM mae_impuestos_productos WHERE pro_codigo_plu=@@@17011@@@','',2,'2013-06-27'),(31373,'UPDATE mae_productos SET pro_codigo_barra=@@@78057395@@@,pro_tipo=@@@0@@@,pro_nombre_producto=@@@COMPOTA NESTLE MANZANA 120 GRS@@@,pro_nombre_corto=@@@COMPOTA NESTLE M@@@,med_id=@@@1@@@,emb_id=@@@3@@@,pro_unidades_embalaje=@@@20@@@,dep_id=@@@3 @@@,lin_id=@@@52@@@,mar_id=@@@95@@@,pro_precio_compra_neto=@@@0@@@,pro_precio_compra_bruto=@@@0@@@,pro_precio_venta=@@@330@@@,pro_margen_actual=@@@0@@@,pro_oferta=@@@NO@@@,pro_fecha_inicio_oferta=@@@1900.01.01@@@,pro_fecha_termino_oferta=@@@1900.01.01@@@,pro_precio_oferta=@@@0@@@,pro_stock_minimo=@@@0@@@,pro_stock_critico=@@@0@@@,pro_activo=@@@1@@@,pro_unidad=@@@0@@@,pro_precio_compra_bruto=0,pro_margen_actual=0,pro_capacidad=0.12,pro_funcion_plu=0,pro_flejes=1,pro_iva=1,pro_plu_asociado=0,pro_envase=@@@NO@@@,pro_duracion=0,pro_numero_etiqueta=0 WHERE pro_codigo_plu=@@@17066@@@','',2,'2013-06-27'),(31374,'UPDATE mae_productos SET pro_estado=1 WHERE pro_codigo_plu=17066','',2,'2013-06-27'),(31375,'DELETE FROM mae_impuestos_productos WHERE pro_codigo_plu=@@@17066@@@','',2,'2013-06-27'),(31376,'UPDATE mae_productos SET pro_codigo_barra=@@@78073937@@@,pro_tipo=@@@0@@@,pro_nombre_producto=@@@COMPOTA NESTLE DURAZNO 120 GRS@@@,pro_nombre_corto=@@@COMPOTA NESTLE D@@@,med_id=@@@1@@@,emb_id=@@@3@@@,pro_unidades_embalaje=@@@20@@@,dep_id=@@@3 @@@,lin_id=@@@52@@@,mar_id=@@@95@@@,pro_precio_compra_neto=@@@0@@@,pro_precio_compra_bruto=@@@0@@@,pro_precio_venta=@@@330@@@,pro_margen_actual=@@@0@@@,pro_oferta=@@@NO@@@,pro_fecha_inicio_oferta=@@@1900.01.01@@@,pro_fecha_termino_oferta=@@@1900.01.01@@@,pro_precio_oferta=@@@0@@@,pro_stock_minimo=@@@0@@@,pro_stock_critico=@@@0@@@,pro_activo=@@@1@@@,pro_unidad=@@@0@@@,pro_precio_compra_bruto=0,pro_margen_actual=0,pro_capacidad=0.12,pro_funcion_plu=0,pro_flejes=1,pro_iva=1,pro_plu_asociado=0,pro_envase=@@@NO@@@,pro_duracion=0,pro_numero_etiqueta=0 WHERE pro_codigo_plu=@@@17067@@@','',2,'2013-06-27'),(31377,'UPDATE mae_productos SET pro_estado=1 WHERE pro_codigo_plu=17067','',2,'2013-06-27'),(31378,'DELETE FROM mae_impuestos_productos WHERE pro_codigo_plu=@@@17067@@@','',2,'2013-06-27'),(31379,'UPDATE mae_productos SET pro_codigo_barra=@@@7802950006339@@@,pro_tipo=@@@0@@@,pro_nombre_producto=@@@LECHE NESTLE TRENCITO TETRA 200 CC@@@,pro_nombre_corto=@@@LECHE NESTLE TRE@@@,med_id=@@@1@@@,emb_id=@@@4@@@,pro_unidades_embalaje=@@@6@@@,dep_id=@@@3 @@@,lin_id=@@@46@@@,mar_id=@@@9@@@,pro_precio_compra_neto=@@@0@@@,pro_precio_compra_bruto=@@@0@@@,pro_precio_venta=@@@310@@@,pro_margen_actual=@@@0@@@,pro_oferta=@@@NO@@@,pro_fecha_inicio_oferta=@@@1900.01.01@@@,pro_fecha_termino_oferta=@@@1900.01.01@@@,pro_precio_oferta=@@@0@@@,pro_stock_minimo=@@@0@@@,pro_stock_critico=@@@0@@@,pro_activo=@@@1@@@,pro_unidad=@@@0@@@,pro_precio_compra_bruto=0,pro_margen_actual=0,pro_capacidad=0.2,pro_funcion_plu=0,pro_flejes=1,pro_iva=1,pro_plu_asociado=0,pro_envase=@@@NO@@@,pro_duracion=0,pro_numero_etiqueta=0 WHERE pro_codigo_plu=@@@16066@@@','',2,'2013-06-27'),(31380,'UPDATE mae_productos SET pro_estado=1 WHERE pro_codigo_plu=16066','',2,'2013-06-27'),(31381,'DELETE FROM mae_impuestos_productos WHERE pro_codigo_plu=@@@16066@@@','',2,'2013-06-27'),(31382,'UPDATE mae_productos SET pro_codigo_barra=@@@78093041@@@,pro_tipo=@@@0@@@,pro_nombre_producto=@@@JALEA NESTLE GUINDA 120 GRS@@@,pro_nombre_corto=@@@JALEA NESTLE GUI@@@,med_id=@@@1@@@,emb_id=@@@3@@@,pro_unidades_embalaje=@@@48@@@,dep_id=@@@3 @@@,lin_id=@@@52@@@,mar_id=@@@95@@@,pro_precio_compra_neto=@@@0@@@,pro_precio_compra_bruto=@@@0@@@,pro_precio_venta=@@@320@@@,pro_margen_actual=@@@0@@@,pro_oferta=@@@NO@@@,pro_fecha_inicio_oferta=@@@1900.01.01@@@,pro_fecha_termino_oferta=@@@1900.01.01@@@,pro_precio_oferta=@@@0@@@,pro_stock_minimo=@@@0@@@,pro_stock_critico=@@@0@@@,pro_activo=@@@1@@@,pro_unidad=@@@0@@@,pro_precio_compra_bruto=0,pro_margen_actual=0,pro_capacidad=0.12,pro_funcion_plu=0,pro_flejes=1,pro_iva=1,pro_plu_asociado=0,pro_envase=@@@NO@@@,pro_duracion=0,pro_numero_etiqueta=0 WHERE pro_codigo_plu=@@@17039@@@','',2,'2013-06-27'),(31383,'UPDATE mae_productos SET pro_estado=1 WHERE pro_codigo_plu=17039','',2,'2013-06-27'),(31384,'DELETE FROM mae_impuestos_productos WHERE pro_codigo_plu=@@@17039@@@','',2,'2013-06-27'),(31385,'UPDATE mae_productos SET pro_codigo_barra=@@@78093010@@@,pro_tipo=@@@0@@@,pro_nombre_producto=@@@JALEA NESTLE FRAMBUESA 120 GRS@@@,pro_nombre_corto=@@@JALEA NESTLE FRA@@@,med_id=@@@1@@@,emb_id=@@@3@@@,pro_unidades_embalaje=@@@48@@@,dep_id=@@@3 @@@,lin_id=@@@52@@@,mar_id=@@@95@@@,pro_precio_compra_neto=@@@0@@@,pro_precio_compra_bruto=@@@230@@@,pro_precio_venta=@@@320@@@,pro_margen_actual=@@@39.13@@@,pro_oferta=@@@NO@@@,pro_fecha_inicio_oferta=@@@1900.01.01@@@,pro_fecha_termino_oferta=@@@1900.01.01@@@,pro_precio_oferta=@@@0@@@,pro_stock_minimo=@@@0@@@,pro_stock_critico=@@@0@@@,pro_activo=@@@1@@@,pro_unidad=@@@0@@@,pro_precio_compra_bruto=230,pro_margen_actual=39.13,pro_capacidad=0.12,pro_funcion_plu=0,pro_flejes=1,pro_iva=1,pro_plu_asociado=0,pro_envase=@@@NO@@@,pro_duracion=0,pro_numero_etiqueta=0 WHERE pro_codigo_plu=@@@17040@@@','',2,'2013-06-27'),(31386,'UPDATE mae_productos SET pro_estado=1 WHERE pro_codigo_plu=17040','',2,'2013-06-27'),(31387,'DELETE FROM mae_impuestos_productos WHERE pro_codigo_plu=@@@17040@@@','',2,'2013-06-27'),(31388,'UPDATE mae_productos SET pro_precio_compra_bruto=177,pro_margen_actual=(pro_precio_venta-177)/177 * 100,pro_ultima_compra=@@@2013.06.27@@@,pro_ultimo_proveedor=@@@90703000-8@@@ WHERE pro_codigo_plu=780721225','',2,'2013-06-27'),(31389,'UPDATE mae_productos SET pro_precio_compra_bruto=177,pro_margen_actual=(pro_precio_venta-177)/177 * 100,pro_ultima_compra=@@@2013.06.27@@@,pro_ultimo_proveedor=@@@90703000-8@@@ WHERE pro_codigo_plu=78017066','',2,'2013-06-27'),(31390,'UPDATE mae_productos SET pro_precio_compra_bruto=347,pro_margen_actual=(pro_precio_venta-347)/347 * 100,pro_ultima_compra=@@@2013.06.27@@@,pro_ultimo_proveedor=@@@90703000-8@@@ WHERE pro_codigo_plu=16691','',2,'2013-06-27'),(31391,'UPDATE mae_productos SET pro_precio_compra_bruto=151,pro_margen_actual=(pro_precio_venta-151)/151 * 100,pro_ultima_compra=@@@2013.06.27@@@,pro_ultimo_proveedor=@@@90703000-8@@@ WHERE pro_codigo_plu=16923','',2,'2013-06-27'),(31392,'UPDATE mae_productos SET pro_precio_compra_bruto=151,pro_margen_actual=(pro_precio_venta-151)/151 * 100,pro_ultima_compra=@@@2013.06.27@@@,pro_ultimo_proveedor=@@@90703000-8@@@ WHERE pro_codigo_plu=16919','',2,'2013-06-27'),(31393,'UPDATE mae_productos SET pro_precio_compra_bruto=151,pro_margen_actual=(pro_precio_venta-151)/151 * 100,pro_ultima_compra=@@@2013.06.27@@@,pro_ultimo_proveedor=@@@90703000-8@@@ WHERE pro_codigo_plu=12140','',2,'2013-06-27'),(31394,'UPDATE mae_productos SET pro_precio_compra_bruto=151,pro_margen_actual=(pro_precio_venta-151)/151 * 100,pro_ultima_compra=@@@2013.06.27@@@,pro_ultimo_proveedor=@@@90703000-8@@@ WHERE pro_codigo_plu=12135','',2,'2013-06-27'),(31395,'UPDATE mae_productos SET pro_precio_compra_bruto=234,pro_margen_actual=(pro_precio_venta-234)/234 * 100,pro_ultima_compra=@@@2013.06.27@@@,pro_ultimo_proveedor=@@@90703000-8@@@ WHERE pro_codigo_plu=780721183','',2,'2013-06-27'),(31396,'UPDATE mae_productos SET pro_precio_compra_bruto=234,pro_margen_actual=(pro_precio_venta-234)/234 * 100,pro_ultima_compra=@@@2013.06.27@@@,pro_ultimo_proveedor=@@@90703000-8@@@ WHERE pro_codigo_plu=763580','',2,'2013-06-27'),(31397,'UPDATE mae_productos SET pro_precio_compra_bruto=283,pro_margen_actual=(pro_precio_venta-283)/283 * 100,pro_ultima_compra=@@@2013.06.27@@@,pro_ultimo_proveedor=@@@90703000-8@@@ WHERE pro_codigo_plu=764337','',2,'2013-06-27'),(31398,'UPDATE mae_productos SET pro_precio_compra_bruto=247,pro_margen_actual=(pro_precio_venta-247)/247 * 100,pro_ultima_compra=@@@2013.06.27@@@,pro_ultimo_proveedor=@@@90703000-8@@@ WHERE pro_codigo_plu=78017065','',2,'2013-06-27'),(31399,'UPDATE mae_productos SET pro_precio_compra_bruto=307,pro_margen_actual=(pro_precio_venta-307)/307 * 100,pro_ultima_compra=@@@2013.06.27@@@,pro_ultimo_proveedor=@@@90703000-8@@@ WHERE pro_codigo_plu=17011','',2,'2013-06-27'),(31400,'UPDATE mae_productos SET pro_precio_compra_bruto=246,pro_margen_actual=(pro_precio_venta-246)/246 * 100,pro_ultima_compra=@@@2013.06.27@@@,pro_ultimo_proveedor=@@@90703000-8@@@ WHERE pro_codigo_plu=17066','',2,'2013-06-27'),(31401,'UPDATE mae_productos SET pro_precio_compra_bruto=246,pro_margen_actual=(pro_precio_venta-246)/246 * 100,pro_ultima_compra=@@@2013.06.27@@@,pro_ultimo_proveedor=@@@90703000-8@@@ WHERE pro_codigo_plu=17067','',2,'2013-06-27'),(31402,'UPDATE mae_productos SET pro_precio_compra_bruto=239,pro_margen_actual=(pro_precio_venta-239)/239 * 100,pro_ultima_compra=@@@2013.06.27@@@,pro_ultimo_proveedor=@@@90703000-8@@@ WHERE pro_codigo_plu=16066','',2,'2013-06-27'),(31403,'UPDATE mae_productos SET pro_precio_compra_bruto=99,pro_margen_actual=(pro_precio_venta-99)/99 * 100,pro_ultima_compra=@@@2013.06.27@@@,pro_ultimo_proveedor=@@@90703000-8@@@ WHERE pro_codigo_plu=16593','',2,'2013-06-27'),(31404,'UPDATE mae_productos SET pro_precio_compra_bruto=230,pro_margen_actual=(pro_precio_venta-230)/230 * 100,pro_ultima_compra=@@@2013.06.27@@@,pro_ultimo_proveedor=@@@90703000-8@@@ WHERE pro_codigo_plu=17039','',2,'2013-06-27'),(31405,'UPDATE mae_productos SET pro_precio_compra_bruto=230,pro_margen_actual=(pro_precio_venta-230)/230 * 100,pro_ultima_compra=@@@2013.06.27@@@,pro_ultimo_proveedor=@@@90703000-8@@@ WHERE pro_codigo_plu=17040','',2,'2013-06-27'),(31406,'UPDATE mae_productos SET pro_precio_compra_bruto=750,pro_margen_actual=(pro_precio_venta-750)/750 * 100,pro_ultima_compra=@@@2013.06.27@@@,pro_ultimo_proveedor=@@@90703000-8@@@ WHERE pro_codigo_plu=16185','',2,'2013-06-27'),(31407,'INSERT INTO gne_vale_ferreteria (vfe_id,vfe_fecha,vfe_total,vfe_estado,vfe_entregado,usu_nusuario) VALUES (3680,@@@2013.06.27@@@,120,1,0,@@@S_BIZAMA@@@)','',2,'2013-06-27'),(31408,'INSERT INTO gne_vale_ferreteria_mov (vfe_id,pro_codigo_plu,vfm_cantidad,vfm_unitario,vfm_total,vfm_entregado) VALUES (3680,8022,1,120,120,@@@NO@@@)','',2,'2013-06-27'),(31409,'UPDATE mae_productos SET pro_margen_actual=34.15,pro_precio_venta=330 WHERE pro_codigo_plu=17067','',2,'2013-06-27'),(31410,'UPDATE mae_productos SET pro_margen_actual=34.15,pro_precio_venta=330 WHERE pro_codigo_plu=17066','',2,'2013-06-27'),(31411,'UPDATE mae_productos SET pro_margen_actual=33.6,pro_precio_venta=330 WHERE pro_codigo_plu=78017065','',2,'2013-06-27'),(31412,'UPDATE mae_productos SET pro_margen_actual=0,pro_precio_venta=330 WHERE pro_codigo_plu=17060','',2,'2013-06-27'),(31413,'UPDATE mae_productos SET pro_margen_actual=39.13,pro_precio_venta=320 WHERE pro_codigo_plu=17040','',2,'2013-06-27'),(31414,'UPDATE mae_productos SET pro_margen_actual=39.13,pro_precio_venta=320 WHERE pro_codigo_plu=17039','',2,'2013-06-27'),(31415,'UPDATE mae_productos SET pro_margen_actual=29.71,pro_precio_venta=310 WHERE pro_codigo_plu=16066','',2,'2013-06-27'),(31416,'UPDATE mae_productos SET pro_margen_actual=0,pro_precio_venta=240 WHERE pro_codigo_plu=16842','',2,'2013-06-27'),(31417,'UPDATE mae_productos SET pro_margen_actual=33.55,pro_precio_venta=410 WHERE pro_codigo_plu=17011','',2,'2013-06-27'),(31418,'UPDATE mae_productos SET pro_margen_actual=32.45,pro_precio_venta=200 WHERE pro_codigo_plu=12135','',2,'2013-06-27'),(31419,'UPDATE mae_productos SET pro_margen_actual=36.75,pro_precio_venta=320 WHERE pro_codigo_plu=763580','',2,'2013-06-27'),(31420,'UPDATE mae_productos SET pro_margen_actual=51.52,pro_precio_venta=150 WHERE pro_codigo_plu=16593','',2,'2013-06-27'),(31421,'UPDATE mae_productos SET pro_margen_actual=36.75,pro_precio_venta=320 WHERE pro_codigo_plu=780721183','',2,'2013-06-27'),(31422,'UPDATE mae_productos SET pro_margen_actual=32.45,pro_precio_venta=200 WHERE pro_codigo_plu=16919','',2,'2013-06-27'),(31423,'UPDATE mae_productos SET pro_margen_actual=32.45,pro_precio_venta=200 WHERE pro_codigo_plu=16923','',2,'2013-06-27'),(31424,'UPDATE mae_productos SET pro_margen_actual=32.45,pro_precio_venta=200 WHERE pro_codigo_plu=12140','',2,'2013-06-27'),(31425,'UPDATE mae_productos SET pro_margen_actual=46.89,pro_precio_venta=260 WHERE pro_codigo_plu=780721225','',2,'2013-06-27'),(31426,'UPDATE mae_productos SET pro_margen_actual=46.89,pro_precio_venta=260 WHERE pro_codigo_plu=78017066','',2,'2013-06-27'),(31427,'UPDATE mae_productos SET pro_precio_fiscal=pro_precio_venta WHERE pro_codigo_plu=16842','',2,'2013-06-27'),(31428,'UPDATE mae_productos SET pro_precio_fiscal=pro_precio_venta WHERE pro_codigo_plu=16919','',2,'2013-06-27'),(31429,'UPDATE mae_productos SET pro_precio_fiscal=pro_precio_venta WHERE pro_codigo_plu=16923','',2,'2013-06-27'),(31430,'UPDATE mae_productos SET pro_precio_fiscal=pro_precio_venta WHERE pro_codigo_plu=12140','',2,'2013-06-27'),(31431,'UPDATE mae_productos SET pro_precio_fiscal=pro_precio_venta WHERE pro_codigo_plu=12135','',2,'2013-06-27'),(31432,'UPDATE mae_productos SET pro_precio_fiscal=pro_precio_venta WHERE pro_codigo_plu=780721183','',2,'2013-06-27'),(31433,'UPDATE mae_productos SET pro_precio_fiscal=pro_precio_venta WHERE pro_codigo_plu=78017065','',2,'2013-06-27'),(31434,'UPDATE mae_productos SET pro_precio_fiscal=pro_precio_venta WHERE pro_codigo_plu=763580','',2,'2013-06-27'),(31435,'UPDATE mae_productos SET pro_precio_fiscal=pro_precio_venta WHERE pro_codigo_plu=16066','',2,'2013-06-27'),(31436,'UPDATE mae_productos SET pro_precio_fiscal=pro_precio_venta WHERE pro_codigo_plu=16593','',2,'2013-06-27'),(31437,'UPDATE mae_productos SET pro_precio_fiscal=pro_precio_venta WHERE pro_codigo_plu=17011','',2,'2013-06-27'),(31438,'UPDATE mae_productos SET pro_precio_fiscal=pro_precio_venta WHERE pro_codigo_plu=17066','',2,'2013-06-27'),(31439,'UPDATE mae_productos SET pro_precio_fiscal=pro_precio_venta WHERE pro_codigo_plu=17067','',2,'2013-06-27'),(31440,'UPDATE mae_productos SET pro_precio_fiscal=pro_precio_venta WHERE pro_codigo_plu=17040','',2,'2013-06-27'),(31441,'UPDATE mae_productos SET pro_precio_fiscal=pro_precio_venta WHERE pro_codigo_plu=17039','',2,'2013-06-27'),(31442,'UPDATE mae_productos SET pro_precio_fiscal=pro_precio_venta WHERE pro_codigo_plu=17060','',2,'2013-06-27'),(31443,'INSERT INTO gne_vale_ferreteria (vfe_id,vfe_fecha,vfe_total,vfe_estado,vfe_entregado,usu_nusuario) VALUES (3681,@@@2013.06.27@@@,390,1,0,@@@G_DIAZ@@@)','',2,'2013-06-27'),(31444,'INSERT INTO gne_vale_ferreteria_mov (vfe_id,pro_codigo_plu,vfm_cantidad,vfm_unitario,vfm_total,vfm_entregado) VALUES (3681,78017203,1,390,390,@@@NO@@@)','',2,'2013-06-27'),(31445,'INSERT INTO gne_vale_ferreteria (vfe_id,vfe_fecha,vfe_total,vfe_estado,vfe_entregado,usu_nusuario) VALUES (3682,@@@2013.06.27@@@,40,1,0,@@@G_DIAZ@@@)','',2,'2013-06-27'),(31446,'INSERT INTO gne_vale_ferreteria_mov (vfe_id,pro_codigo_plu,vfm_cantidad,vfm_unitario,vfm_total,vfm_entregado) VALUES (3682,770033,1,40,40,@@@NO@@@)','',2,'2013-06-27'),(31447,'INSERT INTO gne_vale_ferreteria (vfe_id,vfe_fecha,vfe_total,vfe_estado,vfe_entregado,usu_nusuario) VALUES (3683,@@@2013.06.27@@@,100,1,0,@@@G_DIAZ@@@)','',2,'2013-06-27'),(31448,'INSERT INTO gne_vale_ferreteria_mov (vfe_id,pro_codigo_plu,vfm_cantidad,vfm_unitario,vfm_total,vfm_entregado) VALUES (3683,770063,1,100,100,@@@NO@@@)','',2,'2013-06-27'),(31449,'INSERT INTO gne_vale_ferreteria (vfe_id,vfe_fecha,vfe_total,vfe_estado,vfe_entregado,usu_nusuario) VALUES (3684,@@@2013.06.27@@@,330,1,0,@@@G_DIAZ@@@)','',2,'2013-06-27'),(31450,'INSERT INTO gne_vale_ferreteria_mov (vfe_id,pro_codigo_plu,vfm_cantidad,vfm_unitario,vfm_total,vfm_entregado) VALUES (3684,19918,1,330,330,@@@NO@@@)','',2,'2013-06-27'),(31451,'INSERT INTO gne_vale_ferreteria (vfe_id,vfe_fecha,vfe_total,vfe_estado,vfe_entregado,usu_nusuario) VALUES (3685,@@@2013.06.27@@@,520,1,0,@@@G_DIAZ@@@)','',2,'2013-06-27'),(31452,'INSERT INTO gne_vale_ferreteria_mov (vfe_id,pro_codigo_plu,vfm_cantidad,vfm_unitario,vfm_total,vfm_entregado) VALUES (3685,15967,4,130,520,@@@NO@@@)','',2,'2013-06-27'),(31453,'INSERT INTO gne_vale_ferreteria (vfe_id,vfe_fecha,vfe_total,vfe_estado,vfe_entregado,usu_nusuario) VALUES (3686,@@@2013.06.27@@@,620,1,0,@@@G_DIAZ@@@)','',2,'2013-06-27'),(31454,'INSERT INTO gne_vale_ferreteria_mov (vfe_id,pro_codigo_plu,vfm_cantidad,vfm_unitario,vfm_total,vfm_entregado) VALUES (3686,21116,1,620,620,@@@NO@@@)','',2,'2013-06-27'),(31455,'INSERT INTO gne_vale_ferreteria (vfe_id,vfe_fecha,vfe_total,vfe_estado,vfe_entregado,usu_nusuario) VALUES (3687,@@@2013.06.27@@@,390,1,0,@@@G_DIAZ@@@)','',2,'2013-06-27'),(31456,'INSERT INTO gne_vale_ferreteria_mov (vfe_id,pro_codigo_plu,vfm_cantidad,vfm_unitario,vfm_total,vfm_entregado) VALUES (3687,800001,1,300,300,@@@NO@@@)','',2,'2013-06-27'),(31457,'INSERT INTO gne_vale_ferreteria_mov (vfe_id,pro_codigo_plu,vfm_cantidad,vfm_unitario,vfm_total,vfm_entregado) VALUES (3687,764770,3,30,90,@@@NO@@@)','',2,'2013-06-27'),(31458,'INSERT INTO gne_vale_ferreteria (vfe_id,vfe_fecha,vfe_total,vfe_estado,vfe_entregado,usu_nusuario) VALUES (3688,@@@2013.06.27@@@,500,1,0,@@@G_DIAZ@@@)','',2,'2013-06-27'),(31459,'INSERT INTO gne_vale_ferreteria_mov (vfe_id,pro_codigo_plu,vfm_cantidad,vfm_unitario,vfm_total,vfm_entregado) VALUES (3688,78017105,2,250,500,@@@NO@@@)','',2,'2013-06-27'),(31460,'INSERT INTO gne_vale_ferreteria (vfe_id,vfe_fecha,vfe_total,vfe_estado,vfe_entregado,usu_nusuario) VALUES (3689,@@@2013.06.27@@@,1890,1,0,@@@G_DIAZ@@@)','',2,'2013-06-27'),(31461,'INSERT INTO gne_vale_ferreteria_mov (vfe_id,pro_codigo_plu,vfm_cantidad,vfm_unitario,vfm_total,vfm_entregado) VALUES (3689,763604,1,1890,1890,@@@NO@@@)','',2,'2013-06-27'),(31462,'INSERT INTO gne_vale_ferreteria (vfe_id,vfe_fecha,vfe_total,vfe_estado,vfe_entregado,usu_nusuario) VALUES (3690,@@@2013.06.27@@@,450,1,0,@@@G_DIAZ@@@)','',2,'2013-06-27'),(31463,'INSERT INTO gne_vale_ferreteria_mov (vfe_id,pro_codigo_plu,vfm_cantidad,vfm_unitario,vfm_total,vfm_entregado) VALUES (3690,78017202,1,450,450,@@@NO@@@)','',2,'2013-06-27'),(31464,'INSERT INTO gne_vale_ferreteria (vfe_id,vfe_fecha,vfe_total,vfe_estado,vfe_entregado,usu_nusuario) VALUES (3691,@@@2013.06.27@@@,130,1,0,@@@G_DIAZ@@@)','',2,'2013-06-27'),(31465,'INSERT INTO gne_vale_ferreteria_mov (vfe_id,pro_codigo_plu,vfm_cantidad,vfm_unitario,vfm_total,vfm_entregado) VALUES (3691,764833,13,10,130,@@@NO@@@)','',2,'2013-06-27'),(31466,'INSERT INTO gne_vale_ferreteria (vfe_id,vfe_fecha,vfe_total,vfe_estado,vfe_entregado,usu_nusuario) VALUES (3692,@@@2013.06.27@@@,320,1,0,@@@G_DIAZ@@@)','',2,'2013-06-27'),(31467,'INSERT INTO gne_vale_ferreteria_mov (vfe_id,pro_codigo_plu,vfm_cantidad,vfm_unitario,vfm_total,vfm_entregado) VALUES (3692,770001,4,80,320,@@@NO@@@)','',2,'2013-06-27'),(31468,'INSERT INTO gne_vale_ferreteria (vfe_id,vfe_fecha,vfe_total,vfe_estado,vfe_entregado,usu_nusuario) VALUES (3693,@@@2013.06.27@@@,1990,1,0,@@@G_DIAZ@@@)','',2,'2013-06-27'),(31469,'INSERT INTO gne_vale_ferreteria_mov (vfe_id,pro_codigo_plu,vfm_cantidad,vfm_unitario,vfm_total,vfm_entregado) VALUES (3693,780721202,1,1990,1990,@@@NO@@@)','',2,'2013-06-27'),(31470,'INSERT INTO gne_vale_ferreteria (vfe_id,vfe_fecha,vfe_total,vfe_estado,vfe_entregado,usu_nusuario) VALUES (3694,@@@2013.06.27@@@,320,1,0,@@@G_DIAZ@@@)','',2,'2013-06-27'),(31471,'INSERT INTO gne_vale_ferreteria_mov (vfe_id,pro_codigo_plu,vfm_cantidad,vfm_unitario,vfm_total,vfm_entregado) VALUES (3694,8022,1,120,120,@@@NO@@@)','',2,'2013-06-27'),(31472,'INSERT INTO gne_vale_ferreteria_mov (vfe_id,pro_codigo_plu,vfm_cantidad,vfm_unitario,vfm_total,vfm_entregado) VALUES (3694,78017166,2,100,200,@@@NO@@@)','',2,'2013-06-27'),(31473,'INSERT INTO gne_vale_ferreteria (vfe_id,vfe_fecha,vfe_total,vfe_estado,vfe_entregado,usu_nusuario) VALUES (3695,@@@2013.06.27@@@,240,1,0,@@@G_DIAZ@@@)','',2,'2013-06-27'),(31474,'INSERT INTO gne_vale_ferreteria_mov (vfe_id,pro_codigo_plu,vfm_cantidad,vfm_unitario,vfm_total,vfm_entregado) VALUES (3695,8022,2,120,240,@@@NO@@@)','',2,'2013-06-27'),(31475,'INSERT INTO gne_vale_ferreteria (vfe_id,vfe_fecha,vfe_total,vfe_estado,vfe_entregado,usu_nusuario) VALUES (3696,@@@2013.06.27@@@,120,1,0,@@@G_DIAZ@@@)','',2,'2013-06-27'),(31476,'INSERT INTO gne_vale_ferreteria_mov (vfe_id,pro_codigo_plu,vfm_cantidad,vfm_unitario,vfm_total,vfm_entregado) VALUES (3696,8022,1,120,120,@@@NO@@@)','',2,'2013-06-27'),(31477,'INSERT INTO gne_vale_ferreteria (vfe_id,vfe_fecha,vfe_total,vfe_estado,vfe_entregado,usu_nusuario) VALUES (3697,@@@2013.06.27@@@,300,1,0,@@@G_DIAZ@@@)','',2,'2013-06-27'),(31478,'INSERT INTO gne_vale_ferreteria_mov (vfe_id,pro_codigo_plu,vfm_cantidad,vfm_unitario,vfm_total,vfm_entregado) VALUES (3697,780721221,1,300,300,@@@NO@@@)','',2,'2013-06-27'),(31479,'INSERT INTO gne_vale_ferreteria (vfe_id,vfe_fecha,vfe_total,vfe_estado,vfe_entregado,usu_nusuario) VALUES (3698,@@@2013.06.27@@@,720,1,0,@@@G_DIAZ@@@)','',2,'2013-06-27'),(31480,'INSERT INTO gne_vale_ferreteria_mov (vfe_id,pro_codigo_plu,vfm_cantidad,vfm_unitario,vfm_total,vfm_entregado) VALUES (3698,763935,1,720,720,@@@NO@@@)','',2,'2013-06-27'),(31481,'INSERT INTO gne_vale_ferreteria (vfe_id,vfe_fecha,vfe_total,vfe_estado,vfe_entregado,usu_nusuario) VALUES (3699,@@@2013.06.27@@@,720,1,0,@@@G_DIAZ@@@)','',2,'2013-06-27'),(31482,'INSERT INTO gne_vale_ferreteria_mov (vfe_id,pro_codigo_plu,vfm_cantidad,vfm_unitario,vfm_total,vfm_entregado) VALUES (3699,764778,1,330,330,@@@NO@@@)','',2,'2013-06-27'),(31483,'INSERT INTO gne_vale_ferreteria_mov (vfe_id,pro_codigo_plu,vfm_cantidad,vfm_unitario,vfm_total,vfm_entregado) VALUES (3699,763818,1,390,390,@@@NO@@@)','',2,'2013-06-27'),(31484,'INSERT INTO gne_vale_ferreteria (vfe_id,vfe_fecha,vfe_total,vfe_estado,vfe_entregado,usu_nusuario) VALUES (3700,@@@2013.06.27@@@,100,1,0,@@@G_DIAZ@@@)','',2,'2013-06-27'),(31485,'INSERT INTO gne_vale_ferreteria_mov (vfe_id,pro_codigo_plu,vfm_cantidad,vfm_unitario,vfm_total,vfm_entregado) VALUES (3700,4130,1,100,100,@@@NO@@@)','',2,'2013-06-27'),(31486,'INSERT INTO gne_vale_ferreteria (vfe_id,vfe_fecha,vfe_total,vfe_estado,vfe_entregado,usu_nusuario) VALUES (3701,@@@2013.06.27@@@,790,1,0,@@@G_DIAZ@@@)','',2,'2013-06-27'),(31487,'INSERT INTO gne_vale_ferreteria_mov (vfe_id,pro_codigo_plu,vfm_cantidad,vfm_unitario,vfm_total,vfm_entregado) VALUES (3701,763623,1,790,790,@@@NO@@@)','',2,'2013-06-27'),(31488,'INSERT INTO gne_vale_ferreteria (vfe_id,vfe_fecha,vfe_total,vfe_estado,vfe_entregado,usu_nusuario) VALUES (3702,@@@2013.06.27@@@,1990,1,0,@@@G_DIAZ@@@)','',2,'2013-06-27'),(31489,'INSERT INTO gne_vale_ferreteria_mov (vfe_id,pro_codigo_plu,vfm_cantidad,vfm_unitario,vfm_total,vfm_entregado) VALUES (3702,78017045,1,1990,1990,@@@NO@@@)','',2,'2013-06-27'),(31490,'UPDATE mae_productos SET pro_margen_actual=44.44,pro_precio_venta=130 WHERE pro_codigo_plu=1011','',2,'2013-06-27'),(31491,'UPDATE mae_productos SET pro_margen_actual=44.44,pro_precio_venta=130 WHERE pro_codigo_plu=1012','',2,'2013-06-27'),(31492,'UPDATE mae_productos SET pro_margen_actual=0,pro_precio_venta=1290 WHERE pro_codigo_plu=201','',2,'2013-06-27'),(31493,'UPDATE mae_productos SET pro_precio_fiscal=pro_precio_venta WHERE pro_codigo_plu=201','',2,'2013-06-27'),(31494,'INSERT INTO gne_vale_ferreteria (vfe_id,vfe_fecha,vfe_total,vfe_estado,vfe_entregado,usu_nusuario) VALUES (3703,@@@2013.06.27@@@,540,1,0,@@@G_DIAZ@@@)','',2,'2013-06-27'),(31495,'INSERT INTO gne_vale_ferreteria_mov (vfe_id,pro_codigo_plu,vfm_cantidad,vfm_unitario,vfm_total,vfm_entregado) VALUES (3703,19916,1,540,540,@@@NO@@@)','',2,'2013-06-27'),(31496,'INSERT INTO gne_vale_ferreteria (vfe_id,vfe_fecha,vfe_total,vfe_estado,vfe_entregado,usu_nusuario) VALUES (3704,@@@2013.06.27@@@,1500,1,0,@@@G_DIAZ@@@)','',2,'2013-06-27'),(31497,'INSERT INTO gne_vale_ferreteria_mov (vfe_id,pro_codigo_plu,vfm_cantidad,vfm_unitario,vfm_total,vfm_entregado) VALUES (3704,764485,1,1500,1500,@@@NO@@@)','',2,'2013-06-27'),(31498,'INSERT INTO gne_vale_ferreteria (vfe_id,vfe_fecha,vfe_total,vfe_estado,vfe_entregado,usu_nusuario) VALUES (3705,@@@2013.06.27@@@,100,1,0,@@@G_DIAZ@@@)','',2,'2013-06-27'),(31499,'INSERT INTO gne_vale_ferreteria_mov (vfe_id,pro_codigo_plu,vfm_cantidad,vfm_unitario,vfm_total,vfm_entregado) VALUES (3705,78016966,5,20,100,@@@NO@@@)','',2,'2013-06-27'),(31500,'INSERT INTO gne_vale_ferreteria (vfe_id,vfe_fecha,vfe_total,vfe_estado,vfe_entregado,usu_nusuario) VALUES (3706,@@@2013.06.27@@@,990,1,0,@@@G_DIAZ@@@)','',2,'2013-06-27'),(31501,'INSERT INTO gne_vale_ferreteria_mov (vfe_id,pro_codigo_plu,vfm_cantidad,vfm_unitario,vfm_total,vfm_entregado) VALUES (3706,2008,1,990,990,@@@NO@@@)','',2,'2013-06-27'),(31502,'INSERT INTO gne_vale_ferreteria (vfe_id,vfe_fecha,vfe_total,vfe_estado,vfe_entregado,usu_nusuario) VALUES (3707,@@@2013.06.27@@@,590,1,0,@@@G_DIAZ@@@)','',2,'2013-06-27'),(31503,'INSERT INTO gne_vale_ferreteria_mov (vfe_id,pro_codigo_plu,vfm_cantidad,vfm_unitario,vfm_total,vfm_entregado) VALUES (3707,19865,1,590,590,@@@NO@@@)','',2,'2013-06-27'),(31504,'INSERT INTO gne_vale_ferreteria (vfe_id,vfe_fecha,vfe_total,vfe_estado,vfe_entregado,usu_nusuario) VALUES (3708,@@@2013.06.27@@@,790,1,0,@@@G_DIAZ@@@)','',2,'2013-06-27'),(31505,'INSERT INTO gne_vale_ferreteria_mov (vfe_id,pro_codigo_plu,vfm_cantidad,vfm_unitario,vfm_total,vfm_entregado) VALUES (3708,101454,1,790,790,@@@NO@@@)','',2,'2013-06-27'),(31506,'INSERT INTO gne_vale_ferreteria (vfe_id,vfe_fecha,vfe_total,vfe_estado,vfe_entregado,usu_nusuario) VALUES (3709,@@@2013.06.27@@@,1890,1,0,@@@G_DIAZ@@@)','',2,'2013-06-27'),(31507,'INSERT INTO gne_vale_ferreteria_mov (vfe_id,pro_codigo_plu,vfm_cantidad,vfm_unitario,vfm_total,vfm_entregado) VALUES (3709,78016984,1,1890,1890,@@@NO@@@)','',2,'2013-06-27'),(31508,'INSERT INTO gne_vale_ferreteria (vfe_id,vfe_fecha,vfe_total,vfe_estado,vfe_entregado,usu_nusuario) VALUES (3710,@@@2013.06.27@@@,820,1,0,@@@G_DIAZ@@@)','',2,'2013-06-27'),(31509,'INSERT INTO gne_vale_ferreteria_mov (vfe_id,pro_codigo_plu,vfm_cantidad,vfm_unitario,vfm_total,vfm_entregado) VALUES (3710,764506,1,490,490,@@@NO@@@)','',2,'2013-06-27'),(31510,'INSERT INTO gne_vale_ferreteria_mov (vfe_id,pro_codigo_plu,vfm_cantidad,vfm_unitario,vfm_total,vfm_entregado) VALUES (3710,763588,1,330,330,@@@NO@@@)','',2,'2013-06-27'),(31511,'INSERT INTO gne_vale_ferreteria (vfe_id,vfe_fecha,vfe_total,vfe_estado,vfe_entregado,usu_nusuario) VALUES (3711,@@@2013.06.27@@@,120,1,0,@@@G_DIAZ@@@)','',2,'2013-06-27'),(31512,'INSERT INTO gne_vale_ferreteria_mov (vfe_id,pro_codigo_plu,vfm_cantidad,vfm_unitario,vfm_total,vfm_entregado) VALUES (3711,78017204,1,120,120,@@@NO@@@)','',2,'2013-06-27'),(31513,'INSERT INTO gne_vale_ferreteria (vfe_id,vfe_fecha,vfe_total,vfe_estado,vfe_entregado,usu_nusuario) VALUES (3712,@@@2013.06.27@@@,180,1,0,@@@G_DIAZ@@@)','',2,'2013-06-27'),(31514,'INSERT INTO gne_vale_ferreteria_mov (vfe_id,pro_codigo_plu,vfm_cantidad,vfm_unitario,vfm_total,vfm_entregado) VALUES (3712,15745,1,180,180,@@@NO@@@)','',2,'2013-06-27'),(31515,'INSERT INTO gne_vale_ferreteria (vfe_id,vfe_fecha,vfe_total,vfe_estado,vfe_entregado,usu_nusuario) VALUES (3713,@@@2013.06.27@@@,300,1,0,@@@G_DIAZ@@@)','',2,'2013-06-27'),(31516,'INSERT INTO gne_vale_ferreteria_mov (vfe_id,pro_codigo_plu,vfm_cantidad,vfm_unitario,vfm_total,vfm_entregado) VALUES (3713,800001,1,300,300,@@@NO@@@)','',2,'2013-06-27'),(31517,'INSERT INTO gne_vale_ferreteria (vfe_id,vfe_fecha,vfe_total,vfe_estado,vfe_entregado,usu_nusuario) VALUES (3714,@@@2013.06.27@@@,580,1,0,@@@G_DIAZ@@@)','',2,'2013-06-27'),(31518,'INSERT INTO gne_vale_ferreteria_mov (vfe_id,pro_codigo_plu,vfm_cantidad,vfm_unitario,vfm_total,vfm_entregado) VALUES (3714,764506,1,490,490,@@@NO@@@)','',2,'2013-06-27'),(31519,'INSERT INTO gne_vale_ferreteria_mov (vfe_id,pro_codigo_plu,vfm_cantidad,vfm_unitario,vfm_total,vfm_entregado) VALUES (3714,770038,1,90,90,@@@NO@@@)','',2,'2013-06-27'),(31520,'INSERT INTO gne_vale_ferreteria (vfe_id,vfe_fecha,vfe_total,vfe_estado,vfe_entregado,usu_nusuario) VALUES (3715,@@@2013.06.27@@@,450,1,0,@@@G_DIAZ@@@)','',2,'2013-06-27'),(31521,'INSERT INTO gne_vale_ferreteria_mov (vfe_id,pro_codigo_plu,vfm_cantidad,vfm_unitario,vfm_total,vfm_entregado) VALUES (3715,764016,1,450,450,@@@NO@@@)','',2,'2013-06-27'),(31522,'INSERT INTO gne_vale_ferreteria (vfe_id,vfe_fecha,vfe_total,vfe_estado,vfe_entregado,usu_nusuario) VALUES (3716,@@@2013.06.27@@@,420,1,0,@@@G_DIAZ@@@)','',2,'2013-06-27'),(31523,'INSERT INTO gne_vale_ferreteria_mov (vfe_id,pro_codigo_plu,vfm_cantidad,vfm_unitario,vfm_total,vfm_entregado) VALUES (3716,763591,1,420,420,@@@NO@@@)','',2,'2013-06-27'),(31524,'INSERT INTO gne_vale_ferreteria (vfe_id,vfe_fecha,vfe_total,vfe_estado,vfe_entregado,usu_nusuario) VALUES (3717,@@@2013.06.27@@@,390,1,0,@@@G_DIAZ@@@)','',2,'2013-06-27'),(31525,'INSERT INTO gne_vale_ferreteria_mov (vfe_id,pro_codigo_plu,vfm_cantidad,vfm_unitario,vfm_total,vfm_entregado) VALUES (3717,102455,3,130,390,@@@NO@@@)','',2,'2013-06-27'),(31526,'INSERT INTO gne_vale_ferreteria (vfe_id,vfe_fecha,vfe_total,vfe_estado,vfe_entregado,usu_nusuario) VALUES (3718,@@@2013.06.27@@@,490,1,0,@@@G_DIAZ@@@)','',2,'2013-06-27'),(31527,'INSERT INTO gne_vale_ferreteria_mov (vfe_id,pro_codigo_plu,vfm_cantidad,vfm_unitario,vfm_total,vfm_entregado) VALUES (3718,764701,1,490,490,@@@NO@@@)','',2,'2013-06-27'),(31528,'INSERT INTO gne_vale_ferreteria (vfe_id,vfe_fecha,vfe_total,vfe_estado,vfe_entregado,usu_nusuario) VALUES (3719,@@@2013.06.27@@@,850,1,0,@@@G_DIAZ@@@)','',2,'2013-06-27'),(31529,'INSERT INTO gne_vale_ferreteria_mov (vfe_id,pro_codigo_plu,vfm_cantidad,vfm_unitario,vfm_total,vfm_entregado) VALUES (3719,780721142,1,650,650,@@@NO@@@)','',2,'2013-06-27'),(31530,'INSERT INTO gne_vale_ferreteria_mov (vfe_id,pro_codigo_plu,vfm_cantidad,vfm_unitario,vfm_total,vfm_entregado) VALUES (3719,1040,1,200,200,@@@NO@@@)','',2,'2013-06-27'),(31531,'INSERT INTO gne_vale_ferreteria (vfe_id,vfe_fecha,vfe_total,vfe_estado,vfe_entregado,usu_nusuario) VALUES (3720,@@@2013.06.27@@@,300,1,0,@@@G_DIAZ@@@)','',2,'2013-06-27'),(31532,'INSERT INTO gne_vale_ferreteria_mov (vfe_id,pro_codigo_plu,vfm_cantidad,vfm_unitario,vfm_total,vfm_entregado) VALUES (3720,78017049,1,300,300,@@@NO@@@)','',2,'2013-06-27'),(31533,'INSERT INTO gne_vale_ferreteria (vfe_id,vfe_fecha,vfe_total,vfe_estado,vfe_entregado,usu_nusuario) VALUES (3721,@@@2013.06.27@@@,500,1,0,@@@G_DIAZ@@@)','',2,'2013-06-27'),(31534,'INSERT INTO gne_vale_ferreteria_mov (vfe_id,pro_codigo_plu,vfm_cantidad,vfm_unitario,vfm_total,vfm_entregado) VALUES (3721,763842,1,500,500,@@@NO@@@)','',2,'2013-06-27'),(31535,'INSERT INTO gne_vale_ferreteria (vfe_id,vfe_fecha,vfe_total,vfe_estado,vfe_entregado,usu_nusuario) VALUES (3722,@@@2013.06.27@@@,1240,1,0,@@@G_DIAZ@@@)','',2,'2013-06-27'),(31536,'INSERT INTO gne_vale_ferreteria_mov (vfe_id,pro_codigo_plu,vfm_cantidad,vfm_unitario,vfm_total,vfm_entregado) VALUES (3722,763772,1,290,290,@@@NO@@@)','',2,'2013-06-27'),(31537,'INSERT INTO gne_vale_ferreteria_mov (vfe_id,pro_codigo_plu,vfm_cantidad,vfm_unitario,vfm_total,vfm_entregado) VALUES (3722,1069,2,200,400,@@@NO@@@)','',2,'2013-06-27'),(31538,'INSERT INTO gne_vale_ferreteria_mov (vfe_id,pro_codigo_plu,vfm_cantidad,vfm_unitario,vfm_total,vfm_entregado) VALUES (3722,3102,1,550,550,@@@NO@@@)','',2,'2013-06-27'),(31539,'INSERT INTO gne_vale_ferreteria (vfe_id,vfe_fecha,vfe_total,vfe_estado,vfe_entregado,usu_nusuario) VALUES (3723,@@@2013.06.27@@@,720,1,0,@@@G_DIAZ@@@)','',2,'2013-06-27'),(31540,'INSERT INTO gne_vale_ferreteria_mov (vfe_id,pro_codigo_plu,vfm_cantidad,vfm_unitario,vfm_total,vfm_entregado) VALUES (3723,78017002,6,120,720,@@@NO@@@)','',2,'2013-06-27'),(31541,'INSERT INTO gne_vale_ferreteria (vfe_id,vfe_fecha,vfe_total,vfe_estado,vfe_entregado,usu_nusuario) VALUES (3724,@@@2013.06.27@@@,980,1,0,@@@G_DIAZ@@@)','',2,'2013-06-27'),(31542,'INSERT INTO gne_vale_ferreteria_mov (vfe_id,pro_codigo_plu,vfm_cantidad,vfm_unitario,vfm_total,vfm_entregado) VALUES (3724,78017126,2,490,980,@@@NO@@@)','',2,'2013-06-27'),(31543,'INSERT INTO gne_vale_ferreteria (vfe_id,vfe_fecha,vfe_total,vfe_estado,vfe_entregado,usu_nusuario) VALUES (3725,@@@2013.06.28@@@,2590,1,0,@@@S_BIZAMA@@@)','',2,'2013-06-28'),(31544,'INSERT INTO gne_vale_ferreteria_mov (vfe_id,pro_codigo_plu,vfm_cantidad,vfm_unitario,vfm_total,vfm_entregado) VALUES (3725,765029,1,2590,2590,@@@NO@@@)','',2,'2013-06-28'),(31545,'INSERT INTO gne_vale_ferreteria (vfe_id,vfe_fecha,vfe_total,vfe_estado,vfe_entregado,usu_nusuario) VALUES (3726,@@@2013.06.28@@@,490,1,0,@@@S_BIZAMA@@@)','',2,'2013-06-28'),(31546,'INSERT INTO gne_vale_ferreteria_mov (vfe_id,pro_codigo_plu,vfm_cantidad,vfm_unitario,vfm_total,vfm_entregado) VALUES (3726,1538,1,490,490,@@@NO@@@)','',2,'2013-06-28'),(31547,'INSERT INTO gne_vale_ferreteria (vfe_id,vfe_fecha,vfe_total,vfe_estado,vfe_entregado,usu_nusuario) VALUES (3727,@@@2013.06.28@@@,880,1,0,@@@S_BIZAMA@@@)','',2,'2013-06-28'),(31548,'INSERT INTO gne_vale_ferreteria_mov (vfe_id,pro_codigo_plu,vfm_cantidad,vfm_unitario,vfm_total,vfm_entregado) VALUES (3727,1535,1,390,390,@@@NO@@@)','',2,'2013-06-28'),(31549,'INSERT INTO gne_vale_ferreteria_mov (vfe_id,pro_codigo_plu,vfm_cantidad,vfm_unitario,vfm_total,vfm_entregado) VALUES (3727,1538,1,490,490,@@@NO@@@)','',2,'2013-06-28'),(31550,'INSERT INTO gne_vale_ferreteria (vfe_id,vfe_fecha,vfe_total,vfe_estado,vfe_entregado,usu_nusuario) VALUES (3728,@@@2013.06.28@@@,300,1,0,@@@S_BIZAMA@@@)','',2,'2013-06-28'),(31551,'INSERT INTO gne_vale_ferreteria_mov (vfe_id,pro_codigo_plu,vfm_cantidad,vfm_unitario,vfm_total,vfm_entregado) VALUES (3728,78017090,1,300,300,@@@NO@@@)','',2,'2013-06-28'),(31552,'INSERT INTO gne_vale_ferreteria (vfe_id,vfe_fecha,vfe_total,vfe_estado,vfe_entregado,usu_nusuario) VALUES (3729,@@@2013.06.28@@@,1590,1,0,@@@S_BIZAMA@@@)','',2,'2013-06-28'),(31553,'INSERT INTO gne_vale_ferreteria_mov (vfe_id,pro_codigo_plu,vfm_cantidad,vfm_unitario,vfm_total,vfm_entregado) VALUES (3729,78017200,1,1590,1590,@@@NO@@@)','',2,'2013-06-28'),(31554,'INSERT INTO gne_vale_ferreteria (vfe_id,vfe_fecha,vfe_total,vfe_estado,vfe_entregado,usu_nusuario) VALUES (3730,@@@2013.06.28@@@,100,1,0,@@@S_BIZAMA@@@)','',2,'2013-06-28'),(31555,'INSERT INTO gne_vale_ferreteria_mov (vfe_id,pro_codigo_plu,vfm_cantidad,vfm_unitario,vfm_total,vfm_entregado) VALUES (3730,78017190,1,100,100,@@@NO@@@)','',2,'2013-06-28'),(31556,'UPDATE mae_productos SET pro_margen_actual=0,pro_precio_venta=390 WHERE pro_codigo_plu=10844','',2,'2013-06-28'),(31557,'UPDATE mae_productos SET pro_precio_fiscal=pro_precio_venta WHERE pro_codigo_plu=10844','',2,'2013-06-28'),(31558,'INSERT INTO gne_vale_ferreteria (vfe_id,vfe_fecha,vfe_total,vfe_estado,vfe_entregado,usu_nusuario) VALUES (3731,@@@2013.06.28@@@,400,1,0,@@@S_BIZAMA@@@)','',2,'2013-06-28'),(31559,'INSERT INTO gne_vale_ferreteria_mov (vfe_id,pro_codigo_plu,vfm_cantidad,vfm_unitario,vfm_total,vfm_entregado) VALUES (3731,21135,2,200,400,@@@NO@@@)','',2,'2013-06-28'),(31560,'INSERT INTO gne_vale_ferreteria (vfe_id,vfe_fecha,vfe_total,vfe_estado,vfe_entregado,usu_nusuario) VALUES (3732,@@@2013.06.28@@@,2790,1,0,@@@S_BIZAMA@@@)','',2,'2013-06-28'),(31561,'INSERT INTO gne_vale_ferreteria_mov (vfe_id,pro_codigo_plu,vfm_cantidad,vfm_unitario,vfm_total,vfm_entregado) VALUES (3732,780721064,1,2790,2790,@@@NO@@@)','',2,'2013-06-28'),(31562,'INSERT INTO gne_vale_ferreteria (vfe_id,vfe_fecha,vfe_total,vfe_estado,vfe_entregado,usu_nusuario) VALUES (3733,@@@2013.06.28@@@,2990,1,0,@@@S_BIZAMA@@@)','',2,'2013-06-28'),(31563,'INSERT INTO gne_vale_ferreteria_mov (vfe_id,pro_codigo_plu,vfm_cantidad,vfm_unitario,vfm_total,vfm_entregado) VALUES (3733,764635,1,2990,2990,@@@NO@@@)','',2,'2013-06-28'),(31564,'INSERT INTO gne_vale_ferreteria (vfe_id,vfe_fecha,vfe_total,vfe_estado,vfe_entregado,usu_nusuario) VALUES (3734,@@@2013.06.28@@@,990,1,0,@@@S_BIZAMA@@@)','',2,'2013-06-28'),(31565,'INSERT INTO gne_vale_ferreteria_mov (vfe_id,pro_codigo_plu,vfm_cantidad,vfm_unitario,vfm_total,vfm_entregado) VALUES (3734,2008,1,990,990,@@@NO@@@)','',2,'2013-06-28'),(31566,'INSERT INTO gne_vale_ferreteria (vfe_id,vfe_fecha,vfe_total,vfe_estado,vfe_entregado,usu_nusuario) VALUES (3735,@@@2013.06.28@@@,290,1,0,@@@S_BIZAMA@@@)','',2,'2013-06-28'),(31567,'INSERT INTO gne_vale_ferreteria_mov (vfe_id,pro_codigo_plu,vfm_cantidad,vfm_unitario,vfm_total,vfm_entregado) VALUES (3735,2005,1,290,290,@@@NO@@@)','',2,'2013-06-28'),(31568,'INSERT INTO gne_vale_ferreteria (vfe_id,vfe_fecha,vfe_total,vfe_estado,vfe_entregado,usu_nusuario) VALUES (3736,@@@2013.06.28@@@,690,1,0,@@@S_BIZAMA@@@)','',2,'2013-06-28'),(31569,'INSERT INTO gne_vale_ferreteria_mov (vfe_id,pro_codigo_plu,vfm_cantidad,vfm_unitario,vfm_total,vfm_entregado) VALUES (3736,770091,1,690,690,@@@NO@@@)','',2,'2013-06-28'),(31570,'INSERT INTO gne_vale_ferreteria (vfe_id,vfe_fecha,vfe_total,vfe_estado,vfe_entregado,usu_nusuario) VALUES (3737,@@@2013.06.28@@@,1230,1,0,@@@S_BIZAMA@@@)','',2,'2013-06-28'),(31571,'INSERT INTO gne_vale_ferreteria_mov (vfe_id,pro_codigo_plu,vfm_cantidad,vfm_unitario,vfm_total,vfm_entregado) VALUES (3737,770091,1,690,690,@@@NO@@@)','',2,'2013-06-28'),(31572,'INSERT INTO gne_vale_ferreteria_mov (vfe_id,pro_codigo_plu,vfm_cantidad,vfm_unitario,vfm_total,vfm_entregado) VALUES (3737,19916,1,540,540,@@@NO@@@)','',2,'2013-06-28'),(31573,'INSERT INTO gne_vale_ferreteria (vfe_id,vfe_fecha,vfe_total,vfe_estado,vfe_entregado,usu_nusuario) VALUES (3738,@@@2013.06.28@@@,200,1,0,@@@S_BIZAMA@@@)','',2,'2013-06-28'),(31574,'INSERT INTO gne_vale_ferreteria_mov (vfe_id,pro_codigo_plu,vfm_cantidad,vfm_unitario,vfm_total,vfm_entregado) VALUES (3738,20141,2,100,200,@@@NO@@@)','',2,'2013-06-28'),(31575,'INSERT INTO gne_vale_ferreteria (vfe_id,vfe_fecha,vfe_total,vfe_estado,vfe_entregado,usu_nusuario) VALUES (3739,@@@2013.06.28@@@,890,1,0,@@@S_BIZAMA@@@)','',2,'2013-06-28'),(31576,'INSERT INTO gne_vale_ferreteria_mov (vfe_id,pro_codigo_plu,vfm_cantidad,vfm_unitario,vfm_total,vfm_entregado) VALUES (3739,762114,1,890,890,@@@NO@@@)','',2,'2013-06-28'),(31577,'INSERT INTO gne_vale_ferreteria (vfe_id,vfe_fecha,vfe_total,vfe_estado,vfe_entregado,usu_nusuario) VALUES (3740,@@@2013.06.28@@@,2490,1,0,@@@S_BIZAMA@@@)','',2,'2013-06-28'),(31578,'INSERT INTO gne_vale_ferreteria_mov (vfe_id,pro_codigo_plu,vfm_cantidad,vfm_unitario,vfm_total,vfm_entregado) VALUES (3740,20583,1,2490,2490,@@@NO@@@)','',2,'2013-06-28'),(31579,'INSERT INTO gne_vale_ferreteria (vfe_id,vfe_fecha,vfe_total,vfe_estado,vfe_entregado,usu_nusuario) VALUES (3741,@@@2013.06.28@@@,900,1,0,@@@S_BIZAMA@@@)','',2,'2013-06-28'),(31580,'INSERT INTO gne_vale_ferreteria_mov (vfe_id,pro_codigo_plu,vfm_cantidad,vfm_unitario,vfm_total,vfm_entregado) VALUES (3741,763883,1,900,900,@@@NO@@@)','',2,'2013-06-28'),(31581,'INSERT INTO gne_vale_ferreteria (vfe_id,vfe_fecha,vfe_total,vfe_estado,vfe_entregado,usu_nusuario) VALUES (3742,@@@2013.06.28@@@,1000,1,0,@@@S_BIZAMA@@@)','',2,'2013-06-28'),(31582,'INSERT INTO gne_vale_ferreteria_mov (vfe_id,pro_codigo_plu,vfm_cantidad,vfm_unitario,vfm_total,vfm_entregado) VALUES (3742,764842,1,1000,1000,@@@NO@@@)','',2,'2013-06-28'),(31583,'INSERT INTO gne_vale_ferreteria (vfe_id,vfe_fecha,vfe_total,vfe_estado,vfe_entregado,usu_nusuario) VALUES (3743,@@@2013.06.28@@@,840,1,0,@@@S_BIZAMA@@@)','',2,'2013-06-28'),(31584,'INSERT INTO gne_vale_ferreteria_mov (vfe_id,pro_codigo_plu,vfm_cantidad,vfm_unitario,vfm_total,vfm_entregado) VALUES (3743,11670,1,840,840,@@@NO@@@)','',2,'2013-06-28'),(31585,'INSERT INTO mae_productos (pro_codigo_plu,pro_codigo_barra,pro_tipo,pro_nombre_producto,pro_nombre_corto,med_id,emb_id,pro_unidades_embalaje,dep_id,lin_id,mar_id,pro_precio_compra_neto,pro_precio_compra_bruto,pro_precio_venta,pro_margen_actual,pro_oferta,pro_fecha_inicio_oferta,pro_fecha_termino_oferta,pro_precio_oferta,pro_stock_minimo,pro_stock_critico,pro_entradas_bodega,pro_salidas_bodega,pro_mermas_bodega,pro_ajustes_bodega,pro_entradas_sv,pro_salidas_sv,pro_mermas_sv,pro_ajustes_sv,pro_activo,rec_numero,pro_unidad,pro_capacidad,pro_consumo_bodega,pro_consumo_sv,pro_estado,pro_funcion_plu,pro_flejes,pro_iva,pro_plu_asociado,pro_envase,pro_duracion,pro_numero_etiqueta) VALUES (780721255,@@@7809611706096@@@,@@@0@@@,@@@PIZZA NAPOLITANA@@@,@@@PIZZA NAPOLITANA@@@,@@@5 @@@,@@@3 @@@,@@@0@@@,@@@20 @@@,@@@108@@@,@@@2433@@@,@@@0@@@,@@@0@@@,@@@2790@@@,@@@0@@@,@@@@@@,@@@2013.06.28@@@,@@@2013.06.28@@@,@@@0@@@,@@@0@@@,@@@0@@@,@@@0@@@,@@@0@@@,@@@0@@@,@@@0@@@,@@@0@@@,@@@0@@@,@@@0@@@,@@@0@@@,@@@1@@@,@@@0@@@,0,500,0,0,2,0,1,1,0,@@@NO@@@,0,0)','',2,'2013-06-28'),(31586,'DELETE FROM mae_impuestos_productos WHERE pro_codigo_plu=@@@780721255@@@','',2,'2013-06-28'),(31587,'INSERT INTO mae_productos (pro_codigo_plu,pro_codigo_barra,pro_tipo,pro_nombre_producto,pro_nombre_corto,med_id,emb_id,pro_unidades_embalaje,dep_id,lin_id,mar_id,pro_precio_compra_neto,pro_precio_compra_bruto,pro_precio_venta,pro_margen_actual,pro_oferta,pro_fecha_inicio_oferta,pro_fecha_termino_oferta,pro_precio_oferta,pro_stock_minimo,pro_stock_critico,pro_entradas_bodega,pro_salidas_bodega,pro_mermas_bodega,pro_ajustes_bodega,pro_entradas_sv,pro_salidas_sv,pro_mermas_sv,pro_ajustes_sv,pro_activo,rec_numero,pro_unidad,pro_capacidad,pro_consumo_bodega,pro_consumo_sv,pro_estado,pro_funcion_plu,pro_flejes,pro_iva,pro_plu_asociado,pro_envase,pro_duracion,pro_numero_etiqueta) VALUES (780721256,@@@7809611702937@@@,@@@0@@@,@@@PIZZA VEGETARIANA@@@,@@@PIZZA VEGETARIAN@@@,@@@5 @@@,@@@3 @@@,@@@0@@@,@@@20 @@@,@@@108@@@,@@@2433@@@,@@@0@@@,@@@0@@@,@@@2890@@@,@@@0@@@,@@@@@@,@@@2013.06.28@@@,@@@2013.06.28@@@,@@@0@@@,@@@0@@@,@@@0@@@,@@@0@@@,@@@0@@@,@@@0@@@,@@@0@@@,@@@0@@@,@@@0@@@,@@@0@@@,@@@0@@@,@@@1@@@,@@@0@@@,0,500,0,0,2,0,1,1,0,@@@NO@@@,0,0)','',2,'2013-06-28'),(31588,'DELETE FROM mae_impuestos_productos WHERE pro_codigo_plu=@@@780721256@@@','',2,'2013-06-28'),(31589,'INSERT INTO mae_productos (pro_codigo_plu,pro_codigo_barra,pro_tipo,pro_nombre_producto,pro_nombre_corto,med_id,emb_id,pro_unidades_embalaje,dep_id,lin_id,mar_id,pro_precio_compra_neto,pro_precio_compra_bruto,pro_precio_venta,pro_margen_actual,pro_oferta,pro_fecha_inicio_oferta,pro_fecha_termino_oferta,pro_precio_oferta,pro_stock_minimo,pro_stock_critico,pro_entradas_bodega,pro_salidas_bodega,pro_mermas_bodega,pro_ajustes_bodega,pro_entradas_sv,pro_salidas_sv,pro_mermas_sv,pro_ajustes_sv,pro_activo,rec_numero,pro_unidad,pro_capacidad,pro_consumo_bodega,pro_consumo_sv,pro_estado,pro_funcion_plu,pro_flejes,pro_iva,pro_plu_asociado,pro_envase,pro_duracion,pro_numero_etiqueta) VALUES (780721257,@@@7809611702920@@@,@@@0@@@,@@@PIZZA MEDITERRANEA@@@,@@@PIZZA MEDITERRAN@@@,@@@5 @@@,@@@3 @@@,@@@0@@@,@@@20 @@@,@@@108@@@,@@@2433@@@,@@@0@@@,@@@0@@@,@@@2990@@@,@@@0@@@,@@@@@@,@@@2013.06.28@@@,@@@2013.06.28@@@,@@@0@@@,@@@0@@@,@@@0@@@,@@@0@@@,@@@0@@@,@@@0@@@,@@@0@@@,@@@0@@@,@@@0@@@,@@@0@@@,@@@0@@@,@@@1@@@,@@@0@@@,0,500,0,0,2,0,1,1,0,@@@NO@@@,0,0)','',2,'2013-06-28'),(31590,'DELETE FROM mae_impuestos_productos WHERE pro_codigo_plu=@@@780721257@@@','',2,'2013-06-28'),(31591,'UPDATE mae_productos SET pro_precio_fiscal=pro_precio_venta WHERE pro_codigo_plu=780721257','',2,'2013-06-28'),(31592,'UPDATE mae_productos SET pro_precio_fiscal=pro_precio_venta WHERE pro_codigo_plu=780721256','',2,'2013-06-28'),(31593,'UPDATE mae_productos SET pro_precio_fiscal=pro_precio_venta WHERE pro_codigo_plu=780721255','',2,'2013-06-28'),(31594,'INSERT INTO mae_productos (pro_codigo_plu,pro_codigo_barra,pro_tipo,pro_nombre_producto,pro_nombre_corto,med_id,emb_id,pro_unidades_embalaje,dep_id,lin_id,mar_id,pro_precio_compra_neto,pro_precio_compra_bruto,pro_precio_venta,pro_margen_actual,pro_oferta,pro_fecha_inicio_oferta,pro_fecha_termino_oferta,pro_precio_oferta,pro_stock_minimo,pro_stock_critico,pro_entradas_bodega,pro_salidas_bodega,pro_mermas_bodega,pro_ajustes_bodega,pro_entradas_sv,pro_salidas_sv,pro_mermas_sv,pro_ajustes_sv,pro_activo,rec_numero,pro_unidad,pro_capacidad,pro_consumo_bodega,pro_consumo_sv,pro_estado,pro_funcion_plu,pro_flejes,pro_iva,pro_plu_asociado,pro_envase,pro_duracion,pro_numero_etiqueta) VALUES (780721258,@@@7809611703682@@@,@@@0@@@,@@@HAMBURGUEZA DE CERDO @@@,@@@HAMBURGUEZA DE C@@@,@@@5 @@@,@@@3 @@@,@@@0@@@,@@@20 @@@,@@@107@@@,@@@2433@@@,@@@0@@@,@@@0@@@,@@@150@@@,@@@0@@@,@@@@@@,@@@2013.06.28@@@,@@@2013.06.28@@@,@@@0@@@,@@@0@@@,@@@0@@@,@@@0@@@,@@@0@@@,@@@0@@@,@@@0@@@,@@@0@@@,@@@0@@@,@@@0@@@,@@@0@@@,@@@1@@@,@@@0@@@,0,50,0,0,2,0,1,1,0,@@@NO@@@,0,0)','',2,'2013-06-28'),(31595,'DELETE FROM mae_impuestos_productos WHERE pro_codigo_plu=@@@780721258@@@','',2,'2013-06-28'),(31596,'UPDATE mae_productos SET pro_precio_fiscal=pro_precio_venta WHERE pro_codigo_plu=780721258','',2,'2013-06-28'),(31597,'UPDATE mae_productos SET pro_margen_actual=0,pro_precio_venta=490 WHERE pro_codigo_plu=46','',2,'2013-06-28'),(31598,'UPDATE mae_productos SET pro_precio_fiscal=pro_precio_venta WHERE pro_codigo_plu=46','',2,'2013-06-28'),(31599,'INSERT INTO gne_vale_ferreteria (vfe_id,vfe_fecha,vfe_total,vfe_estado,vfe_entregado,usu_nusuario) VALUES (3744,@@@2013.06.28@@@,3970,1,0,@@@S_BIZAMA@@@)','',2,'2013-06-28'),(31600,'INSERT INTO gne_vale_ferreteria_mov (vfe_id,pro_codigo_plu,vfm_cantidad,vfm_unitario,vfm_total,vfm_entregado) VALUES (3744,764777,1,990,990,@@@NO@@@)','',2,'2013-06-28'),(31601,'INSERT INTO gne_vale_ferreteria_mov (vfe_id,pro_codigo_plu,vfm_cantidad,vfm_unitario,vfm_total,vfm_entregado) VALUES (3744,764788,1,990,990,@@@NO@@@)','',2,'2013-06-28'),(31602,'INSERT INTO gne_vale_ferreteria_mov (vfe_id,pro_codigo_plu,vfm_cantidad,vfm_unitario,vfm_total,vfm_entregado) VALUES (3744,764914,1,1990,1990,@@@NO@@@)','',2,'2013-06-28'),(31603,'INSERT INTO gne_vale_ferreteria (vfe_id,vfe_fecha,vfe_total,vfe_estado,vfe_entregado,usu_nusuario) VALUES (3745,@@@2013.06.28@@@,290,1,0,@@@S_BIZAMA@@@)','',2,'2013-06-28'),(31604,'INSERT INTO gne_vale_ferreteria_mov (vfe_id,pro_codigo_plu,vfm_cantidad,vfm_unitario,vfm_total,vfm_entregado) VALUES (3745,78017150,1,290,290,@@@NO@@@)','',2,'2013-06-28'),(31605,'INSERT INTO gne_vale_ferreteria (vfe_id,vfe_fecha,vfe_total,vfe_estado,vfe_entregado,usu_nusuario) VALUES (3746,@@@2013.06.28@@@,1990,1,0,@@@G_DIAZ@@@)','',2,'2013-06-28'),(31606,'INSERT INTO gne_vale_ferreteria_mov (vfe_id,pro_codigo_plu,vfm_cantidad,vfm_unitario,vfm_total,vfm_entregado) VALUES (3746,780721136,1,990,990,@@@NO@@@)','',2,'2013-06-28'),(31607,'INSERT INTO gne_vale_ferreteria_mov (vfe_id,pro_codigo_plu,vfm_cantidad,vfm_unitario,vfm_total,vfm_entregado) VALUES (3746,764536,1,1000,1000,@@@NO@@@)','',2,'2013-06-28'),(31608,'INSERT INTO gne_vale_ferreteria (vfe_id,vfe_fecha,vfe_total,vfe_estado,vfe_entregado,usu_nusuario) VALUES (3747,@@@2013.06.28@@@,200,1,0,@@@G_DIAZ@@@)','',2,'2013-06-28'),(31609,'INSERT INTO gne_vale_ferreteria_mov (vfe_id,pro_codigo_plu,vfm_cantidad,vfm_unitario,vfm_total,vfm_entregado) VALUES (3747,1069,1,200,200,@@@NO@@@)','',2,'2013-06-28'),(31610,'INSERT INTO gne_vale_ferreteria (vfe_id,vfe_fecha,vfe_total,vfe_estado,vfe_entregado,usu_nusuario) VALUES (3748,@@@2013.06.28@@@,430,1,0,@@@G_DIAZ@@@)','',2,'2013-06-28'),(31611,'INSERT INTO gne_vale_ferreteria_mov (vfe_id,pro_codigo_plu,vfm_cantidad,vfm_unitario,vfm_total,vfm_entregado) VALUES (3748,16664,1,430,430,@@@NO@@@)','',2,'2013-06-28'),(31612,'INSERT INTO gne_vale_ferreteria (vfe_id,vfe_fecha,vfe_total,vfe_estado,vfe_entregado,usu_nusuario) VALUES (3749,@@@2013.06.28@@@,1890,1,0,@@@G_DIAZ@@@)','',2,'2013-06-28'),(31613,'INSERT INTO gne_vale_ferreteria_mov (vfe_id,pro_codigo_plu,vfm_cantidad,vfm_unitario,vfm_total,vfm_entregado) VALUES (3749,763607,1,1890,1890,@@@NO@@@)','',2,'2013-06-28'),(31614,'INSERT INTO gne_vale_ferreteria (vfe_id,vfe_fecha,vfe_total,vfe_estado,vfe_entregado,usu_nusuario) VALUES (3750,@@@2013.06.28@@@,930,1,0,@@@G_DIAZ@@@)','',2,'2013-06-28'),(31615,'INSERT INTO gne_vale_ferreteria_mov (vfe_id,pro_codigo_plu,vfm_cantidad,vfm_unitario,vfm_total,vfm_entregado) VALUES (3750,764778,1,330,330,@@@NO@@@)','',2,'2013-06-28'),(31616,'INSERT INTO gne_vale_ferreteria_mov (vfe_id,pro_codigo_plu,vfm_cantidad,vfm_unitario,vfm_total,vfm_entregado) VALUES (3750,78017008,5,120,600,@@@NO@@@)','',2,'2013-06-28'),(31617,'INSERT INTO gne_vale_ferreteria (vfe_id,vfe_fecha,vfe_total,vfe_estado,vfe_entregado,usu_nusuario) VALUES (3751,@@@2013.06.28@@@,7080,1,0,@@@G_DIAZ@@@)','',2,'2013-06-28'),(31618,'INSERT INTO gne_vale_ferreteria_mov (vfe_id,pro_codigo_plu,vfm_cantidad,vfm_unitario,vfm_total,vfm_entregado) VALUES (3751,763674,1,2590,2590,@@@NO@@@)','',2,'2013-06-28'),(31619,'INSERT INTO gne_vale_ferreteria_mov (vfe_id,pro_codigo_plu,vfm_cantidad,vfm_unitario,vfm_total,vfm_entregado) VALUES (3751,2633,1,4490,4490,@@@NO@@@)','',2,'2013-06-28'),(31620,'INSERT INTO gne_vale_ferreteria (vfe_id,vfe_fecha,vfe_total,vfe_estado,vfe_entregado,usu_nusuario) VALUES (3752,@@@2013.06.28@@@,1780,1,0,@@@G_DIAZ@@@)','',2,'2013-06-28'),(31621,'INSERT INTO gne_vale_ferreteria_mov (vfe_id,pro_codigo_plu,vfm_cantidad,vfm_unitario,vfm_total,vfm_entregado) VALUES (3752,780721196,2,890,1780,@@@NO@@@)','',2,'2013-06-28'),(31622,'INSERT INTO gne_vale_ferreteria (vfe_id,vfe_fecha,vfe_total,vfe_estado,vfe_entregado,usu_nusuario) VALUES (3753,@@@2013.06.28@@@,270,1,0,@@@G_DIAZ@@@)','',2,'2013-06-28'),(31623,'INSERT INTO gne_vale_ferreteria_mov (vfe_id,pro_codigo_plu,vfm_cantidad,vfm_unitario,vfm_total,vfm_entregado) VALUES (3753,78017147,3,90,270,@@@NO@@@)','',2,'2013-06-28'),(31624,'UPDATE mae_productos SET pro_margen_actual=24.66,pro_precio_venta=3190 WHERE pro_codigo_plu=761836','',2,'2013-06-28'),(31625,'UPDATE mae_productos SET pro_precio_fiscal=pro_precio_venta WHERE pro_codigo_plu=761836','',2,'2013-06-28'),(31626,'INSERT INTO gne_vale_ferreteria (vfe_id,vfe_fecha,vfe_total,vfe_estado,vfe_entregado,usu_nusuario) VALUES (3754,@@@2013.06.28@@@,200,1,0,@@@G_DIAZ@@@)','',2,'2013-06-28'),(31627,'INSERT INTO gne_vale_ferreteria_mov (vfe_id,pro_codigo_plu,vfm_cantidad,vfm_unitario,vfm_total,vfm_entregado) VALUES (3754,78017136,1,200,200,@@@NO@@@)','',2,'2013-06-28'),(31628,'INSERT INTO gne_vale_ferreteria (vfe_id,vfe_fecha,vfe_total,vfe_estado,vfe_entregado,usu_nusuario) VALUES (3755,@@@2013.06.28@@@,300,1,0,@@@G_DIAZ@@@)','',2,'2013-06-28'),(31629,'INSERT INTO gne_vale_ferreteria_mov (vfe_id,pro_codigo_plu,vfm_cantidad,vfm_unitario,vfm_total,vfm_entregado) VALUES (3755,2004,1,300,300,@@@NO@@@)','',2,'2013-06-28'),(31630,'INSERT INTO gne_vale_ferreteria (vfe_id,vfe_fecha,vfe_total,vfe_estado,vfe_entregado,usu_nusuario) VALUES (3756,@@@2013.06.28@@@,1190,1,0,@@@G_DIAZ@@@)','',2,'2013-06-28'),(31631,'INSERT INTO gne_vale_ferreteria_mov (vfe_id,pro_codigo_plu,vfm_cantidad,vfm_unitario,vfm_total,vfm_entregado) VALUES (3756,4069,1,1190,1190,@@@NO@@@)','',2,'2013-06-28'),(31632,'INSERT INTO gne_vale_ferreteria (vfe_id,vfe_fecha,vfe_total,vfe_estado,vfe_entregado,usu_nusuario) VALUES (3757,@@@2013.06.28@@@,1290,1,0,@@@G_DIAZ@@@)','',2,'2013-06-28'),(31633,'INSERT INTO gne_vale_ferreteria_mov (vfe_id,pro_codigo_plu,vfm_cantidad,vfm_unitario,vfm_total,vfm_entregado) VALUES (3757,765038,1,990,990,@@@NO@@@)','',2,'2013-06-28'),(31634,'INSERT INTO gne_vale_ferreteria_mov (vfe_id,pro_codigo_plu,vfm_cantidad,vfm_unitario,vfm_total,vfm_entregado) VALUES (3757,764279,1,300,300,@@@NO@@@)','',2,'2013-06-28'),(31635,'INSERT INTO gne_vale_ferreteria (vfe_id,vfe_fecha,vfe_total,vfe_estado,vfe_entregado,usu_nusuario) VALUES (3758,@@@2013.06.28@@@,400,1,0,@@@G_DIAZ@@@)','',2,'2013-06-28'),(31636,'INSERT INTO gne_vale_ferreteria_mov (vfe_id,pro_codigo_plu,vfm_cantidad,vfm_unitario,vfm_total,vfm_entregado) VALUES (3758,764834,20,20,400,@@@NO@@@)','',2,'2013-06-28'),(31637,'INSERT INTO gne_vale_ferreteria (vfe_id,vfe_fecha,vfe_total,vfe_estado,vfe_entregado,usu_nusuario) VALUES (3759,@@@2013.06.28@@@,650,1,0,@@@G_DIAZ@@@)','',2,'2013-06-28'),(31638,'INSERT INTO gne_vale_ferreteria_mov (vfe_id,pro_codigo_plu,vfm_cantidad,vfm_unitario,vfm_total,vfm_entregado) VALUES (3759,78017013,1,650,650,@@@NO@@@)','',2,'2013-06-28'),(31639,'INSERT INTO gne_vale_ferreteria (vfe_id,vfe_fecha,vfe_total,vfe_estado,vfe_entregado,usu_nusuario) VALUES (3760,@@@2013.06.28@@@,200,1,0,@@@G_DIAZ@@@)','',2,'2013-06-28'),(31640,'INSERT INTO gne_vale_ferreteria_mov (vfe_id,pro_codigo_plu,vfm_cantidad,vfm_unitario,vfm_total,vfm_entregado) VALUES (3760,78017233,2,100,200,@@@NO@@@)','',2,'2013-06-28'),(31641,'INSERT INTO gne_vale_ferreteria (vfe_id,vfe_fecha,vfe_total,vfe_estado,vfe_entregado,usu_nusuario) VALUES (3761,@@@2013.06.28@@@,500,1,0,@@@G_DIAZ@@@)','',2,'2013-06-28'),(31642,'INSERT INTO gne_vale_ferreteria_mov (vfe_id,pro_codigo_plu,vfm_cantidad,vfm_unitario,vfm_total,vfm_entregado) VALUES (3761,780220102,2,250,500,@@@NO@@@)','',2,'2013-06-28'),(31643,'INSERT INTO gne_vale_ferreteria (vfe_id,vfe_fecha,vfe_total,vfe_estado,vfe_entregado,usu_nusuario) VALUES (3762,@@@2013.06.28@@@,360,1,0,@@@G_DIAZ@@@)','',2,'2013-06-28'),(31644,'INSERT INTO gne_vale_ferreteria_mov (vfe_id,pro_codigo_plu,vfm_cantidad,vfm_unitario,vfm_total,vfm_entregado) VALUES (3762,764366,1,360,360,@@@NO@@@)','',2,'2013-06-28'),(31645,'INSERT INTO gne_vale_ferreteria (vfe_id,vfe_fecha,vfe_total,vfe_estado,vfe_entregado,usu_nusuario) VALUES (3763,@@@2013.06.28@@@,760,1,0,@@@G_DIAZ@@@)','',2,'2013-06-28'),(31646,'INSERT INTO gne_vale_ferreteria_mov (vfe_id,pro_codigo_plu,vfm_cantidad,vfm_unitario,vfm_total,vfm_entregado) VALUES (3763,1535,1,390,390,@@@NO@@@)','',2,'2013-06-28'),(31647,'INSERT INTO gne_vale_ferreteria_mov (vfe_id,pro_codigo_plu,vfm_cantidad,vfm_unitario,vfm_total,vfm_entregado) VALUES (3763,780220192,1,370,370,@@@NO@@@)','',2,'2013-06-28'),(31648,'INSERT INTO gne_vale_ferreteria (vfe_id,vfe_fecha,vfe_total,vfe_estado,vfe_entregado,usu_nusuario) VALUES (3764,@@@2013.06.28@@@,990,1,0,@@@G_DIAZ@@@)','',2,'2013-06-28'),(31649,'INSERT INTO gne_vale_ferreteria_mov (vfe_id,pro_codigo_plu,vfm_cantidad,vfm_unitario,vfm_total,vfm_entregado) VALUES (3764,4115,1,990,990,@@@NO@@@)','',2,'2013-06-28'),(31650,'INSERT INTO gne_vale_ferreteria (vfe_id,vfe_fecha,vfe_total,vfe_estado,vfe_entregado,usu_nusuario) VALUES (3765,@@@2013.06.28@@@,4990,1,0,@@@G_DIAZ@@@)','',2,'2013-06-28'),(31651,'INSERT INTO gne_vale_ferreteria_mov (vfe_id,pro_codigo_plu,vfm_cantidad,vfm_unitario,vfm_total,vfm_entregado) VALUES (3765,764915,1,4990,4990,@@@NO@@@)','',2,'2013-06-28'),(31652,'INSERT INTO gne_vale_ferreteria (vfe_id,vfe_fecha,vfe_total,vfe_estado,vfe_entregado,usu_nusuario) VALUES (3766,@@@2013.06.28@@@,200,1,0,@@@G_DIAZ@@@)','',2,'2013-06-28'),(31653,'INSERT INTO gne_vale_ferreteria_mov (vfe_id,pro_codigo_plu,vfm_cantidad,vfm_unitario,vfm_total,vfm_entregado) VALUES (3766,1556,1,200,200,@@@NO@@@)','',2,'2013-06-28'),(31654,'INSERT INTO gne_vale_ferreteria (vfe_id,vfe_fecha,vfe_total,vfe_estado,vfe_entregado,usu_nusuario) VALUES (3767,@@@2013.06.28@@@,960,1,0,@@@G_DIAZ@@@)','',2,'2013-06-28'),(31655,'INSERT INTO gne_vale_ferreteria_mov (vfe_id,pro_codigo_plu,vfm_cantidad,vfm_unitario,vfm_total,vfm_entregado) VALUES (3767,770096,2,480,960,@@@NO@@@)','',2,'2013-06-28'),(31656,'INSERT INTO gne_vale_ferreteria (vfe_id,vfe_fecha,vfe_total,vfe_estado,vfe_entregado,usu_nusuario) VALUES (3768,@@@2013.06.28@@@,980,1,0,@@@G_DIAZ@@@)','',2,'2013-06-28'),(31657,'INSERT INTO gne_vale_ferreteria_mov (vfe_id,pro_codigo_plu,vfm_cantidad,vfm_unitario,vfm_total,vfm_entregado) VALUES (3768,8022,4,120,480,@@@NO@@@)','',2,'2013-06-28'),(31658,'INSERT INTO gne_vale_ferreteria_mov (vfe_id,pro_codigo_plu,vfm_cantidad,vfm_unitario,vfm_total,vfm_entregado) VALUES (3768,764572,5,100,500,@@@NO@@@)','',2,'2013-06-28'),(31659,'INSERT INTO gne_vale_ferreteria (vfe_id,vfe_fecha,vfe_total,vfe_estado,vfe_entregado,usu_nusuario) VALUES (3769,@@@2013.06.28@@@,120,1,0,@@@G_DIAZ@@@)','',2,'2013-06-28'),(31660,'INSERT INTO gne_vale_ferreteria_mov (vfe_id,pro_codigo_plu,vfm_cantidad,vfm_unitario,vfm_total,vfm_entregado) VALUES (3769,78017154,1,120,120,@@@NO@@@)','',2,'2013-06-28'),(31661,'INSERT INTO gne_vale_ferreteria (vfe_id,vfe_fecha,vfe_total,vfe_estado,vfe_entregado,usu_nusuario) VALUES (3770,@@@2013.06.28@@@,990,1,0,@@@G_DIAZ@@@)','',2,'2013-06-28'),(31662,'INSERT INTO gne_vale_ferreteria_mov (vfe_id,pro_codigo_plu,vfm_cantidad,vfm_unitario,vfm_total,vfm_entregado) VALUES (3770,764779,1,990,990,@@@NO@@@)','',2,'2013-06-28'),(31663,'INSERT INTO gne_vale_ferreteria (vfe_id,vfe_fecha,vfe_total,vfe_estado,vfe_entregado,usu_nusuario) VALUES (3771,@@@2013.06.28@@@,270,1,0,@@@G_DIAZ@@@)','',2,'2013-06-28'),(31664,'INSERT INTO gne_vale_ferreteria_mov (vfe_id,pro_codigo_plu,vfm_cantidad,vfm_unitario,vfm_total,vfm_entregado) VALUES (3771,20847,1,270,270,@@@NO@@@)','',2,'2013-06-28'),(31665,'INSERT INTO gne_vale_ferreteria (vfe_id,vfe_fecha,vfe_total,vfe_estado,vfe_entregado,usu_nusuario) VALUES (3772,@@@2013.06.28@@@,3780,1,0,@@@G_DIAZ@@@)','',2,'2013-06-28'),(31666,'INSERT INTO gne_vale_ferreteria_mov (vfe_id,pro_codigo_plu,vfm_cantidad,vfm_unitario,vfm_total,vfm_entregado) VALUES (3772,20482,1,1890,1890,@@@NO@@@)','',2,'2013-06-28'),(31667,'INSERT INTO gne_vale_ferreteria_mov (vfe_id,pro_codigo_plu,vfm_cantidad,vfm_unitario,vfm_total,vfm_entregado) VALUES (3772,780721080,1,1890,1890,@@@NO@@@)','',2,'2013-06-28'),(31668,'INSERT INTO gne_vale_ferreteria (vfe_id,vfe_fecha,vfe_total,vfe_estado,vfe_entregado,usu_nusuario) VALUES (3773,@@@2013.06.28@@@,50,1,0,@@@G_DIAZ@@@)','',2,'2013-06-28'),(31669,'INSERT INTO gne_vale_ferreteria_mov (vfe_id,pro_codigo_plu,vfm_cantidad,vfm_unitario,vfm_total,vfm_entregado) VALUES (3773,770000,1,50,50,@@@NO@@@)','',2,'2013-06-28'),(31670,'INSERT INTO gne_vale_ferreteria (vfe_id,vfe_fecha,vfe_total,vfe_estado,vfe_entregado,usu_nusuario) VALUES (3774,@@@2013.06.28@@@,500,1,0,@@@G_DIAZ@@@)','',2,'2013-06-28'),(31671,'INSERT INTO gne_vale_ferreteria_mov (vfe_id,pro_codigo_plu,vfm_cantidad,vfm_unitario,vfm_total,vfm_entregado) VALUES (3774,770026,3,100,300,@@@NO@@@)','',2,'2013-06-28'),(31672,'INSERT INTO gne_vale_ferreteria_mov (vfe_id,pro_codigo_plu,vfm_cantidad,vfm_unitario,vfm_total,vfm_entregado) VALUES (3774,20365,2,100,200,@@@NO@@@)','',2,'2013-06-28'),(31673,'INSERT INTO gne_vale_ferreteria (vfe_id,vfe_fecha,vfe_total,vfe_estado,vfe_entregado,usu_nusuario) VALUES (3775,@@@2013.06.28@@@,520,1,0,@@@G_DIAZ@@@)','',2,'2013-06-28'),(31674,'INSERT INTO gne_vale_ferreteria_mov (vfe_id,pro_codigo_plu,vfm_cantidad,vfm_unitario,vfm_total,vfm_entregado) VALUES (3775,15967,4,130,520,@@@NO@@@)','',2,'2013-06-28'),(31675,'UPDATE mae_productos SET pro_margen_actual=0,pro_precio_venta=890 WHERE pro_codigo_plu=579','',2,'2013-06-28'),(31676,'UPDATE mae_productos SET pro_margen_actual=0,pro_precio_venta=990 WHERE pro_codigo_plu=585','',2,'2013-06-28'),(31677,'UPDATE mae_productos SET pro_margen_actual=0,pro_precio_venta=990 WHERE pro_codigo_plu=586','',2,'2013-06-28'),(31678,'UPDATE mae_productos SET pro_margen_actual=0,pro_precio_venta=690 WHERE pro_codigo_plu=570','',2,'2013-06-28'),(31679,'UPDATE mae_productos SET pro_margen_actual=0,pro_precio_venta=290 WHERE pro_codigo_plu=533','',2,'2013-06-28'),(31680,'UPDATE mae_productos SET pro_margen_actual=0,pro_precio_venta=290 WHERE pro_codigo_plu=534','',2,'2013-06-28'),(31681,'UPDATE mae_productos SET pro_precio_fiscal=pro_precio_venta WHERE pro_codigo_plu=533','',2,'2013-06-28'),(31682,'UPDATE mae_productos SET pro_precio_fiscal=pro_precio_venta WHERE pro_codigo_plu=534','',2,'2013-06-28'),(31683,'UPDATE mae_productos SET pro_precio_fiscal=pro_precio_venta WHERE pro_codigo_plu=570','',2,'2013-06-28'),(31684,'UPDATE mae_productos SET pro_precio_fiscal=pro_precio_venta WHERE pro_codigo_plu=579','',2,'2013-06-28'),(31685,'UPDATE mae_productos SET pro_precio_fiscal=pro_precio_venta WHERE pro_codigo_plu=585','',2,'2013-06-28'),(31686,'UPDATE mae_productos SET pro_precio_fiscal=pro_precio_venta WHERE pro_codigo_plu=586','',2,'2013-06-28'),(31687,'INSERT INTO gne_vale_ferreteria (vfe_id,vfe_fecha,vfe_total,vfe_estado,vfe_entregado,usu_nusuario) VALUES (3776,@@@2013.06.28@@@,390,1,0,@@@G_DIAZ@@@)','',2,'2013-06-28'),(31688,'INSERT INTO gne_vale_ferreteria_mov (vfe_id,pro_codigo_plu,vfm_cantidad,vfm_unitario,vfm_total,vfm_entregado) VALUES (3776,8023,1,390,390,@@@NO@@@)','',2,'2013-06-28'),(31689,'INSERT INTO gne_vale_ferreteria (vfe_id,vfe_fecha,vfe_total,vfe_estado,vfe_entregado,usu_nusuario) VALUES (3777,@@@2013.06.28@@@,1120,1,0,@@@G_DIAZ@@@)','',2,'2013-06-28'),(31690,'INSERT INTO gne_vale_ferreteria_mov (vfe_id,pro_codigo_plu,vfm_cantidad,vfm_unitario,vfm_total,vfm_entregado) VALUES (3777,15967,4,130,520,@@@NO@@@)','',2,'2013-06-28'),(31691,'INSERT INTO gne_vale_ferreteria_mov (vfe_id,pro_codigo_plu,vfm_cantidad,vfm_unitario,vfm_total,vfm_entregado) VALUES (3777,780721128,4,150,600,@@@NO@@@)','',2,'2013-06-28'),(31692,'INSERT INTO gne_vale_ferreteria (vfe_id,vfe_fecha,vfe_total,vfe_estado,vfe_entregado,usu_nusuario) VALUES (3778,@@@2013.06.28@@@,200,1,0,@@@G_DIAZ@@@)','',2,'2013-06-28'),(31693,'INSERT INTO gne_vale_ferreteria_mov (vfe_id,pro_codigo_plu,vfm_cantidad,vfm_unitario,vfm_total,vfm_entregado) VALUES (3778,78017233,2,100,200,@@@NO@@@)','',2,'2013-06-28'),(31694,'INSERT INTO gne_vale_ferreteria (vfe_id,vfe_fecha,vfe_total,vfe_estado,vfe_entregado,usu_nusuario) VALUES (3779,@@@2013.06.28@@@,840,1,0,@@@G_DIAZ@@@)','',2,'2013-06-28'),(31695,'INSERT INTO gne_vale_ferreteria_mov (vfe_id,pro_codigo_plu,vfm_cantidad,vfm_unitario,vfm_total,vfm_entregado) VALUES (3779,102408,1,350,350,@@@NO@@@)','',2,'2013-06-28'),(31696,'INSERT INTO gne_vale_ferreteria_mov (vfe_id,pro_codigo_plu,vfm_cantidad,vfm_unitario,vfm_total,vfm_entregado) VALUES (3779,1538,1,490,490,@@@NO@@@)','',2,'2013-06-28'),(31697,'INSERT INTO gne_vale_ferreteria (vfe_id,vfe_fecha,vfe_total,vfe_estado,vfe_entregado,usu_nusuario) VALUES (3780,@@@2013.06.28@@@,720,1,0,@@@G_DIAZ@@@)','',2,'2013-06-28'),(31698,'INSERT INTO gne_vale_ferreteria_mov (vfe_id,pro_codigo_plu,vfm_cantidad,vfm_unitario,vfm_total,vfm_entregado) VALUES (3780,10989,1,720,720,@@@NO@@@)','',2,'2013-06-28'),(31699,'INSERT INTO gne_vale_ferreteria (vfe_id,vfe_fecha,vfe_total,vfe_estado,vfe_entregado,usu_nusuario) VALUES (3781,@@@2013.06.28@@@,990,1,0,@@@G_DIAZ@@@)','',2,'2013-06-28'),(31700,'INSERT INTO gne_vale_ferreteria_mov (vfe_id,pro_codigo_plu,vfm_cantidad,vfm_unitario,vfm_total,vfm_entregado) VALUES (3781,2008,1,990,990,@@@NO@@@)','',2,'2013-06-28'),(31701,'UPDATE mae_productos SET pro_margen_actual=0,pro_precio_venta=3790 WHERE pro_codigo_plu=216','',2,'2013-06-28'),(31702,'UPDATE mae_productos SET pro_margen_actual=0,pro_precio_venta=1290 WHERE pro_codigo_plu=202','',2,'2013-06-28'),(31703,'UPDATE mae_productos SET pro_margen_actual=0,pro_precio_venta=1790 WHERE pro_codigo_plu=115','',2,'2013-06-28'),(31704,'UPDATE mae_productos SET pro_margen_actual=0,pro_precio_venta=1790 WHERE pro_codigo_plu=126','',2,'2013-06-28'),(31705,'UPDATE mae_productos SET pro_precio_fiscal=pro_precio_venta WHERE pro_codigo_plu=115','',2,'2013-06-28'),(31706,'UPDATE mae_productos SET pro_precio_fiscal=pro_precio_venta WHERE pro_codigo_plu=126','',2,'2013-06-28'),(31707,'UPDATE mae_productos SET pro_precio_fiscal=pro_precio_venta WHERE pro_codigo_plu=202','',2,'2013-06-28'),(31708,'UPDATE mae_productos SET pro_precio_fiscal=pro_precio_venta WHERE pro_codigo_plu=216','',2,'2013-06-28'),(31709,'INSERT INTO gne_vale_ferreteria (vfe_id,vfe_fecha,vfe_total,vfe_estado,vfe_entregado,usu_nusuario) VALUES (3782,@@@2013.06.28@@@,250,1,0,@@@G_DIAZ@@@)','',2,'2013-06-28'),(31710,'INSERT INTO gne_vale_ferreteria_mov (vfe_id,pro_codigo_plu,vfm_cantidad,vfm_unitario,vfm_total,vfm_entregado) VALUES (3782,4091,1,250,250,@@@NO@@@)','',2,'2013-06-28'),(31711,'INSERT INTO gne_vale_ferreteria (vfe_id,vfe_fecha,vfe_total,vfe_estado,vfe_entregado,usu_nusuario) VALUES (3783,@@@2013.06.28@@@,3650,1,0,@@@G_DIAZ@@@)','',2,'2013-06-28'),(31712,'INSERT INTO gne_vale_ferreteria_mov (vfe_id,pro_codigo_plu,vfm_cantidad,vfm_unitario,vfm_total,vfm_entregado) VALUES (3783,764592,1,1190,1190,@@@NO@@@)','',2,'2013-06-28'),(31713,'INSERT INTO gne_vale_ferreteria_mov (vfe_id,pro_codigo_plu,vfm_cantidad,vfm_unitario,vfm_total,vfm_entregado) VALUES (3783,764611,1,990,990,@@@NO@@@)','',2,'2013-06-28'),(31714,'INSERT INTO gne_vale_ferreteria_mov (vfe_id,pro_codigo_plu,vfm_cantidad,vfm_unitario,vfm_total,vfm_entregado) VALUES (3783,11519,1,750,750,@@@NO@@@)','',2,'2013-06-28'),(31715,'INSERT INTO gne_vale_ferreteria_mov (vfe_id,pro_codigo_plu,vfm_cantidad,vfm_unitario,vfm_total,vfm_entregado) VALUES (3783,10989,1,720,720,@@@NO@@@)','',2,'2013-06-28'),(31716,'INSERT INTO gne_vale_ferreteria (vfe_id,vfe_fecha,vfe_total,vfe_estado,vfe_entregado,usu_nusuario) VALUES (3784,@@@2013.06.28@@@,1980,1,0,@@@G_DIAZ@@@)','',2,'2013-06-28'),(31717,'INSERT INTO gne_vale_ferreteria_mov (vfe_id,pro_codigo_plu,vfm_cantidad,vfm_unitario,vfm_total,vfm_entregado) VALUES (3784,780721136,2,990,1980,@@@NO@@@)','',2,'2013-06-28'),(31718,'INSERT INTO gne_vale_ferreteria (vfe_id,vfe_fecha,vfe_total,vfe_estado,vfe_entregado,usu_nusuario) VALUES (3785,@@@2013.06.28@@@,590,1,0,@@@G_DIAZ@@@)','',2,'2013-06-28'),(31719,'INSERT INTO gne_vale_ferreteria_mov (vfe_id,pro_codigo_plu,vfm_cantidad,vfm_unitario,vfm_total,vfm_entregado) VALUES (3785,19865,1,590,590,@@@NO@@@)','',2,'2013-06-28'),(31720,'INSERT INTO gne_vale_ferreteria (vfe_id,vfe_fecha,vfe_total,vfe_estado,vfe_entregado,usu_nusuario) VALUES (3786,@@@2013.06.28@@@,300,1,0,@@@G_DIAZ@@@)','',2,'2013-06-28'),(31721,'INSERT INTO gne_vale_ferreteria_mov (vfe_id,pro_codigo_plu,vfm_cantidad,vfm_unitario,vfm_total,vfm_entregado) VALUES (3786,780721221,1,300,300,@@@NO@@@)','',2,'2013-06-28'),(31722,'INSERT INTO gne_vale_ferreteria (vfe_id,vfe_fecha,vfe_total,vfe_estado,vfe_entregado,usu_nusuario) VALUES (3787,@@@2013.06.28@@@,490,1,0,@@@G_DIAZ@@@)','',2,'2013-06-28'),(31723,'INSERT INTO gne_vale_ferreteria_mov (vfe_id,pro_codigo_plu,vfm_cantidad,vfm_unitario,vfm_total,vfm_entregado) VALUES (3787,764074,1,490,490,@@@NO@@@)','',2,'2013-06-28'),(31724,'INSERT INTO gne_vale_ferreteria (vfe_id,vfe_fecha,vfe_total,vfe_estado,vfe_entregado,usu_nusuario) VALUES (3788,@@@2013.06.28@@@,5180,1,0,@@@G_DIAZ@@@)','',2,'2013-06-28'),(31725,'INSERT INTO gne_vale_ferreteria_mov (vfe_id,pro_codigo_plu,vfm_cantidad,vfm_unitario,vfm_total,vfm_entregado) VALUES (3788,763694,1,2590,2590,@@@NO@@@)','',2,'2013-06-28'),(31726,'INSERT INTO gne_vale_ferreteria_mov (vfe_id,pro_codigo_plu,vfm_cantidad,vfm_unitario,vfm_total,vfm_entregado) VALUES (3788,102723,1,2590,2590,@@@NO@@@)','',2,'2013-06-28'),(31727,'UPDATE mae_productos SET pro_margen_actual=0,pro_precio_venta=5100 WHERE pro_codigo_plu=310','',2,'2013-06-28'),(31728,'UPDATE mae_productos SET pro_margen_actual=0,pro_precio_venta=5100 WHERE pro_codigo_plu=311','',2,'2013-06-28'),(31729,'UPDATE mae_productos SET pro_precio_fiscal=pro_precio_venta WHERE pro_codigo_plu=310','',2,'2013-06-28'),(31730,'UPDATE mae_productos SET pro_precio_fiscal=pro_precio_venta WHERE pro_codigo_plu=311','',2,'2013-06-28'),(31731,'UPDATE mae_productos SET pro_codigo_barra=@@@210@@@,pro_tipo=@@@0@@@,pro_nombre_producto=@@@CHULETON AHUMADO@@@,pro_nombre_corto=@@@CHULETON AHUMADO@@@,med_id=@@@2@@@,emb_id=@@@1@@@,pro_unidades_embalaje=@@@1@@@,dep_id=@@@11 @@@,lin_id=@@@70@@@,mar_id=@@@2507@@@,pro_precio_compra_neto=@@@0@@@,pro_precio_compra_bruto=@@@0@@@,pro_precio_venta=@@@4190@@@,pro_margen_actual=@@@1@@@,pro_oferta=@@@NO@@@,pro_fecha_inicio_oferta=@@@1900.01.01@@@,pro_fecha_termino_oferta=@@@1900.01.01@@@,pro_precio_oferta=@@@0@@@,pro_stock_minimo=@@@1@@@,pro_stock_critico=@@@1@@@,pro_activo=@@@1@@@,pro_unidad=@@@0@@@,pro_precio_compra_bruto=0,pro_margen_actual=1,pro_capacidad=1,pro_funcion_plu=0,pro_flejes=0,pro_iva=1,pro_plu_asociado=0,pro_envase=@@@NO@@@,pro_duracion=0,pro_numero_etiqueta=0 WHERE pro_codigo_plu=@@@210@@@','',2,'2013-06-28'),(31732,'UPDATE mae_productos SET pro_estado=1 WHERE pro_codigo_plu=210','',2,'2013-06-28'),(31733,'DELETE FROM mae_impuestos_productos WHERE pro_codigo_plu=@@@210@@@','',2,'2013-06-28'),(31734,'UPDATE mae_productos SET pro_codigo_barra=@@@210@@@,pro_tipo=@@@0@@@,pro_nombre_producto=@@@CHULETON AHUMADO@@@,pro_nombre_corto=@@@CHULETON AHUMADO@@@,med_id=@@@2@@@,emb_id=@@@1@@@,pro_unidades_embalaje=@@@1@@@,dep_id=@@@11 @@@,lin_id=@@@70@@@,mar_id=@@@2507@@@,pro_precio_compra_neto=@@@0@@@,pro_precio_compra_bruto=@@@0@@@,pro_precio_venta=@@@4190@@@,pro_margen_actual=@@@1@@@,pro_oferta=@@@NO@@@,pro_fecha_inicio_oferta=@@@1900.01.01@@@,pro_fecha_termino_oferta=@@@1900.01.01@@@,pro_precio_oferta=@@@0@@@,pro_stock_minimo=@@@1@@@,pro_stock_critico=@@@1@@@,pro_activo=@@@1@@@,pro_unidad=@@@0@@@,pro_precio_compra_bruto=0,pro_margen_actual=1,pro_capacidad=1,pro_funcion_plu=0,pro_flejes=0,pro_iva=1,pro_plu_asociado=0,pro_envase=@@@NO@@@,pro_duracion=0,pro_numero_etiqueta=0 WHERE pro_codigo_plu=@@@210@@@','',2,'2013-06-28'),(31735,'UPDATE mae_productos SET pro_estado=1 WHERE pro_codigo_plu=210','',2,'2013-06-28'),(31736,'DELETE FROM mae_impuestos_productos WHERE pro_codigo_plu=@@@210@@@','',2,'2013-06-28'),(31737,'UPDATE mae_productos SET pro_margen_actual=0,pro_precio_venta=4190 WHERE pro_codigo_plu=210','',2,'2013-06-28'),(31738,'UPDATE mae_productos SET pro_precio_fiscal=pro_precio_venta WHERE pro_codigo_plu=210','',2,'2013-06-28'),(31739,'INSERT INTO gne_vale_ferreteria (vfe_id,vfe_fecha,vfe_total,vfe_estado,vfe_entregado,usu_nusuario) VALUES (3789,@@@2013.06.28@@@,150,1,0,@@@G_DIAZ@@@)','',2,'2013-06-28'),(31740,'INSERT INTO gne_vale_ferreteria_mov (vfe_id,pro_codigo_plu,vfm_cantidad,vfm_unitario,vfm_total,vfm_entregado) VALUES (3789,764833,15,10,150,@@@NO@@@)','',2,'2013-06-28'),(31741,'INSERT INTO gne_vale_ferreteria (vfe_id,vfe_fecha,vfe_total,vfe_estado,vfe_entregado,usu_nusuario) VALUES (3790,@@@2013.06.28@@@,310,1,0,@@@G_DIAZ@@@)','',2,'2013-06-28'),(31742,'INSERT INTO gne_vale_ferreteria_mov (vfe_id,pro_codigo_plu,vfm_cantidad,vfm_unitario,vfm_total,vfm_entregado) VALUES (3790,18799,1,310,310,@@@NO@@@)','',2,'2013-06-28'),(31743,'INSERT INTO gne_vale_ferreteria (vfe_id,vfe_fecha,vfe_total,vfe_estado,vfe_entregado,usu_nusuario) VALUES (3791,@@@2013.06.28@@@,2390,1,0,@@@G_DIAZ@@@)','',2,'2013-06-28'),(31744,'INSERT INTO gne_vale_ferreteria_mov (vfe_id,pro_codigo_plu,vfm_cantidad,vfm_unitario,vfm_total,vfm_entregado) VALUES (3791,764690,1,2390,2390,@@@NO@@@)','',2,'2013-06-28'),(31745,'INSERT INTO gne_vale_ferreteria (vfe_id,vfe_fecha,vfe_total,vfe_estado,vfe_entregado,usu_nusuario) VALUES (3792,@@@2013.06.28@@@,200,1,0,@@@G_DIAZ@@@)','',2,'2013-06-28'),(31746,'INSERT INTO gne_vale_ferreteria_mov (vfe_id,pro_codigo_plu,vfm_cantidad,vfm_unitario,vfm_total,vfm_entregado) VALUES (3792,3104,1,200,200,@@@NO@@@)','',2,'2013-06-28'),(31747,'INSERT INTO gne_vale_ferreteria (vfe_id,vfe_fecha,vfe_total,vfe_estado,vfe_entregado,usu_nusuario) VALUES (3793,@@@2013.06.28@@@,640,1,0,@@@G_DIAZ@@@)','',2,'2013-06-28'),(31748,'INSERT INTO gne_vale_ferreteria_mov (vfe_id,pro_codigo_plu,vfm_cantidad,vfm_unitario,vfm_total,vfm_entregado) VALUES (3793,78017152,1,490,490,@@@NO@@@)','',2,'2013-06-28'),(31749,'INSERT INTO gne_vale_ferreteria_mov (vfe_id,pro_codigo_plu,vfm_cantidad,vfm_unitario,vfm_total,vfm_entregado) VALUES (3793,4088,1,150,150,@@@NO@@@)','',2,'2013-06-28'),(31750,'INSERT INTO gne_vale_ferreteria (vfe_id,vfe_fecha,vfe_total,vfe_estado,vfe_entregado,usu_nusuario) VALUES (3794,@@@2013.06.28@@@,330,1,0,@@@G_DIAZ@@@)','',2,'2013-06-28'),(31751,'INSERT INTO gne_vale_ferreteria_mov (vfe_id,pro_codigo_plu,vfm_cantidad,vfm_unitario,vfm_total,vfm_entregado) VALUES (3794,78017026,1,90,90,@@@NO@@@)','',2,'2013-06-28'),(31752,'INSERT INTO gne_vale_ferreteria_mov (vfe_id,pro_codigo_plu,vfm_cantidad,vfm_unitario,vfm_total,vfm_entregado) VALUES (3794,764157,2,120,240,@@@NO@@@)','',2,'2013-06-28'),(31753,'INSERT INTO gne_vale_ferreteria (vfe_id,vfe_fecha,vfe_total,vfe_estado,vfe_entregado,usu_nusuario) VALUES (3795,@@@2013.06.28@@@,480,1,0,@@@G_DIAZ@@@)','',2,'2013-06-28'),(31754,'INSERT INTO gne_vale_ferreteria_mov (vfe_id,pro_codigo_plu,vfm_cantidad,vfm_unitario,vfm_total,vfm_entregado) VALUES (3795,78017146,4,50,200,@@@NO@@@)','',2,'2013-06-28'),(31755,'INSERT INTO gne_vale_ferreteria_mov (vfe_id,pro_codigo_plu,vfm_cantidad,vfm_unitario,vfm_total,vfm_entregado) VALUES (3795,765064,1,280,280,@@@NO@@@)','',2,'2013-06-28'),(31756,'INSERT INTO gne_vale_ferreteria (vfe_id,vfe_fecha,vfe_total,vfe_estado,vfe_entregado,usu_nusuario) VALUES (3796,@@@2013.06.28@@@,1260,1,0,@@@G_DIAZ@@@)','',2,'2013-06-28'),(31757,'INSERT INTO gne_vale_ferreteria_mov (vfe_id,pro_codigo_plu,vfm_cantidad,vfm_unitario,vfm_total,vfm_entregado) VALUES (3796,780220163,1,990,990,@@@NO@@@)','',2,'2013-06-28'),(31758,'INSERT INTO gne_vale_ferreteria_mov (vfe_id,pro_codigo_plu,vfm_cantidad,vfm_unitario,vfm_total,vfm_entregado) VALUES (3796,20847,1,270,270,@@@NO@@@)','',2,'2013-06-28'),(31759,'INSERT INTO gne_vale_ferreteria (vfe_id,vfe_fecha,vfe_total,vfe_estado,vfe_entregado,usu_nusuario) VALUES (3797,@@@2013.06.28@@@,580,1,0,@@@G_DIAZ@@@)','',2,'2013-06-28'),(31760,'INSERT INTO gne_vale_ferreteria_mov (vfe_id,pro_codigo_plu,vfm_cantidad,vfm_unitario,vfm_total,vfm_entregado) VALUES (3797,78017202,1,450,450,@@@NO@@@)','',2,'2013-06-28'),(31761,'INSERT INTO gne_vale_ferreteria_mov (vfe_id,pro_codigo_plu,vfm_cantidad,vfm_unitario,vfm_total,vfm_entregado) VALUES (3797,78017148,1,130,130,@@@NO@@@)','',2,'2013-06-28'),(31762,'INSERT INTO gne_vale_ferreteria (vfe_id,vfe_fecha,vfe_total,vfe_estado,vfe_entregado,usu_nusuario) VALUES (3798,@@@2013.06.28@@@,910,1,0,@@@G_DIAZ@@@)','',2,'2013-06-28'),(31763,'INSERT INTO gne_vale_ferreteria_mov (vfe_id,pro_codigo_plu,vfm_cantidad,vfm_unitario,vfm_total,vfm_entregado) VALUES (3798,101454,1,790,790,@@@NO@@@)','',2,'2013-06-28'),(31764,'INSERT INTO gne_vale_ferreteria_mov (vfe_id,pro_codigo_plu,vfm_cantidad,vfm_unitario,vfm_total,vfm_entregado) VALUES (3798,8022,1,120,120,@@@NO@@@)','',2,'2013-06-28'),(31765,'INSERT INTO gne_vale_ferreteria (vfe_id,vfe_fecha,vfe_total,vfe_estado,vfe_entregado,usu_nusuario) VALUES (3799,@@@2013.06.28@@@,450,1,0,@@@G_DIAZ@@@)','',2,'2013-06-28'),(31766,'INSERT INTO gne_vale_ferreteria_mov (vfe_id,pro_codigo_plu,vfm_cantidad,vfm_unitario,vfm_total,vfm_entregado) VALUES (3799,764016,1,450,450,@@@NO@@@)','',2,'2013-06-28'),(31767,'INSERT INTO gne_vale_ferreteria (vfe_id,vfe_fecha,vfe_total,vfe_estado,vfe_entregado,usu_nusuario) VALUES (3800,@@@2013.06.28@@@,2990,1,0,@@@G_DIAZ@@@)','',2,'2013-06-28'),(31768,'INSERT INTO gne_vale_ferreteria_mov (vfe_id,pro_codigo_plu,vfm_cantidad,vfm_unitario,vfm_total,vfm_entregado) VALUES (3800,15491,1,1100,1100,@@@NO@@@)','',2,'2013-06-28'),(31769,'INSERT INTO gne_vale_ferreteria_mov (vfe_id,pro_codigo_plu,vfm_cantidad,vfm_unitario,vfm_total,vfm_entregado) VALUES (3800,101624,1,1890,1890,@@@NO@@@)','',2,'2013-06-28'),(31770,'UPDATE mae_productos SET pro_codigo_barra=@@@7613031651412@@@,pro_tipo=@@@0@@@,pro_nombre_producto=@@@GALLETA MCKAY MINI MANTEQUILLA 40 GRS.@@@,pro_nombre_corto=@@@GALLETA MCKAY MI@@@,med_id=@@@5@@@,emb_id=@@@4@@@,pro_unidades_embalaje=@@@42@@@,dep_id=@@@32 @@@,lin_id=@@@18@@@,mar_id=@@@1889@@@,pro_precio_compra_neto=@@@0@@@,pro_precio_compra_bruto=@@@0@@@,pro_precio_venta=@@@140@@@,pro_margen_actual=@@@0@@@,pro_oferta=@@@NO@@@,pro_fecha_inicio_oferta=@@@2006.09.07@@@,pro_fecha_termino_oferta=@@@2006.09.07@@@,pro_precio_oferta=@@@0@@@,pro_stock_minimo=@@@42@@@,pro_stock_critico=@@@20@@@,pro_activo=@@@1@@@,pro_unidad=@@@0@@@,pro_precio_compra_bruto=0,pro_margen_actual=0,pro_capacidad=0.04,pro_funcion_plu=0,pro_flejes=1,pro_iva=1,pro_plu_asociado=0,pro_envase=@@@NO@@@,pro_duracion=0,pro_numero_etiqueta=0 WHERE pro_codigo_plu=@@@100997@@@','',2,'2013-06-28'),(31771,'UPDATE mae_productos SET pro_estado=1 WHERE pro_codigo_plu=100997','',2,'2013-06-28'),(31772,'DELETE FROM mae_impuestos_productos WHERE pro_codigo_plu=@@@100997@@@','',2,'2013-06-28'),(31773,'INSERT INTO mae_productos (pro_codigo_plu,pro_codigo_barra,pro_tipo,pro_nombre_producto,pro_nombre_corto,med_id,emb_id,pro_unidades_embalaje,dep_id,lin_id,mar_id,pro_precio_compra_neto,pro_precio_compra_bruto,pro_precio_venta,pro_margen_actual,pro_oferta,pro_fecha_inicio_oferta,pro_fecha_termino_oferta,pro_precio_oferta,pro_stock_minimo,pro_stock_critico,pro_entradas_bodega,pro_salidas_bodega,pro_mermas_bodega,pro_ajustes_bodega,pro_entradas_sv,pro_salidas_sv,pro_mermas_sv,pro_ajustes_sv,pro_activo,rec_numero,pro_unidad,pro_capacidad,pro_consumo_bodega,pro_consumo_sv,pro_estado,pro_funcion_plu,pro_flejes,pro_iva,pro_plu_asociado,pro_envase,pro_duracion,pro_numero_etiqueta) VALUES (780721259,@@@7613032464042@@@,@@@0@@@,@@@MINI TRITON VAINILLA 40G@@@,@@@MINI TRITON VAIN@@@,@@@1 @@@,@@@3 @@@,@@@0@@@,@@@32 @@@,@@@18@@@,@@@1889@@@,@@@0@@@,@@@0@@@,@@@200@@@,@@@0@@@,@@@@@@,@@@2013.06.28@@@,@@@2013.06.28@@@,@@@0@@@,@@@5@@@,@@@2@@@,@@@0@@@,@@@0@@@,@@@0@@@,@@@0@@@,@@@0@@@,@@@0@@@,@@@0@@@,@@@0@@@,@@@1@@@,@@@0@@@,0,1,0,0,2,0,1,1,0,@@@NO@@@,0,0)','',2,'2013-06-28'),(31774,'DELETE FROM mae_impuestos_productos WHERE pro_codigo_plu=@@@780721259@@@','',2,'2013-06-28'),(31775,'UPDATE mae_productos SET pro_codigo_barra=@@@7790580327415@@@,pro_tipo=@@@0@@@,pro_nombre_producto=@@@ROCKLETS ARCOR CHOCOLATE CONFITADO 40 GRS.@@@,pro_nombre_corto=@@@ROCKLETS ARCOR C@@@,med_id=@@@5@@@,emb_id=@@@5@@@,pro_unidades_embalaje=@@@18@@@,dep_id=@@@32 @@@,lin_id=@@@161@@@,mar_id=@@@2105@@@,pro_precio_compra_neto=@@@0@@@,pro_precio_compra_bruto=@@@0@@@,pro_precio_venta=@@@300@@@,pro_margen_actual=@@@0@@@,pro_oferta=@@@NO@@@,pro_fecha_inicio_oferta=@@@1900.01.01@@@,pro_fecha_termino_oferta=@@@1900.01.01@@@,pro_precio_oferta=@@@0@@@,pro_stock_minimo=@@@18@@@,pro_stock_critico=@@@9@@@,pro_activo=@@@1@@@,pro_unidad=@@@0@@@,pro_precio_compra_bruto=0,pro_margen_actual=0,pro_capacidad=0.04,pro_funcion_plu=0,pro_flejes=1,pro_iva=1,pro_plu_asociado=0,pro_envase=@@@NO@@@,pro_duracion=0,pro_numero_etiqueta=0 WHERE pro_codigo_plu=@@@12836@@@','',2,'2013-06-28'),(31776,'UPDATE mae_productos SET pro_estado=1 WHERE pro_codigo_plu=12836','',2,'2013-06-28'),(31777,'DELETE FROM mae_impuestos_productos WHERE pro_codigo_plu=@@@12836@@@','',2,'2013-06-28'),(31778,'UPDATE mae_productos SET pro_codigo_barra=@@@7790580327613@@@,pro_tipo=@@@0@@@,pro_nombre_producto=@@@ROCKLETS ARCOR MANI CON CHOCOLATE CONFITADO 40 GRS.@@@,pro_nombre_corto=@@@ROCKLETS ARCOR M@@@,med_id=@@@5@@@,emb_id=@@@5@@@,pro_unidades_embalaje=@@@18@@@,dep_id=@@@32 @@@,lin_id=@@@161@@@,mar_id=@@@2105@@@,pro_precio_compra_neto=@@@0@@@,pro_precio_compra_bruto=@@@0@@@,pro_precio_venta=@@@300@@@,pro_margen_actual=@@@0@@@,pro_oferta=@@@NO@@@,pro_fecha_inicio_oferta=@@@1900.01.01@@@,pro_fecha_termino_oferta=@@@1900.01.01@@@,pro_precio_oferta=@@@0@@@,pro_stock_minimo=@@@18@@@,pro_stock_critico=@@@9@@@,pro_activo=@@@1@@@,pro_unidad=@@@0@@@,pro_precio_compra_bruto=0,pro_margen_actual=0,pro_capacidad=0.04,pro_funcion_plu=0,pro_flejes=1,pro_iva=1,pro_plu_asociado=0,pro_envase=@@@NO@@@,pro_duracion=0,pro_numero_etiqueta=0 WHERE pro_codigo_plu=@@@12835@@@','',2,'2013-06-28'),(31779,'UPDATE mae_productos SET pro_estado=1 WHERE pro_codigo_plu=12835','',2,'2013-06-28'),(31780,'DELETE FROM mae_impuestos_productos WHERE pro_codigo_plu=@@@12835@@@','',2,'2013-06-28'),(31781,'UPDATE mae_productos SET pro_codigo_barra=@@@7802950004472@@@,pro_tipo=@@@0@@@,pro_nombre_producto=@@@COLADO NESTUM CARNE VERDURAS 132 GRS@@@,pro_nombre_corto=@@@COLADO NESTUM CA@@@,med_id=@@@5@@@,emb_id=@@@4@@@,pro_unidades_embalaje=@@@48@@@,dep_id=@@@1 @@@,lin_id=@@@153@@@,mar_id=@@@2075@@@,pro_precio_compra_neto=@@@0@@@,pro_precio_compra_bruto=@@@0@@@,pro_precio_venta=@@@870@@@,pro_margen_actual=@@@0@@@,pro_oferta=@@@NO@@@,pro_fecha_inicio_oferta=@@@1900.01.01@@@,pro_fecha_termino_oferta=@@@1900.01.01@@@,pro_precio_oferta=@@@0@@@,pro_stock_minimo=@@@48@@@,pro_stock_critico=@@@24@@@,pro_activo=@@@1@@@,pro_unidad=@@@0@@@,pro_precio_compra_bruto=0,pro_margen_actual=0,pro_capacidad=0.132,pro_funcion_plu=0,pro_flejes=1,pro_iva=1,pro_plu_asociado=0,pro_envase=@@@NO@@@,pro_duracion=0,pro_numero_etiqueta=0 WHERE pro_codigo_plu=@@@13971@@@','',2,'2013-06-28'),(31782,'UPDATE mae_productos SET pro_estado=1 WHERE pro_codigo_plu=13971','',2,'2013-06-28'),(31783,'DELETE FROM mae_impuestos_productos WHERE pro_codigo_plu=@@@13971@@@','',2,'2013-06-28'),(31784,'INSERT INTO mae_productos (pro_codigo_plu,pro_codigo_barra,pro_tipo,pro_nombre_producto,pro_nombre_corto,med_id,emb_id,pro_unidades_embalaje,dep_id,lin_id,mar_id,pro_precio_compra_neto,pro_precio_compra_bruto,pro_precio_venta,pro_margen_actual,pro_oferta,pro_fecha_inicio_oferta,pro_fecha_termino_oferta,pro_precio_oferta,pro_stock_minimo,pro_stock_critico,pro_entradas_bodega,pro_salidas_bodega,pro_mermas_bodega,pro_ajustes_bodega,pro_entradas_sv,pro_salidas_sv,pro_mermas_sv,pro_ajustes_sv,pro_activo,rec_numero,pro_unidad,pro_capacidad,pro_consumo_bodega,pro_consumo_sv,pro_estado,pro_funcion_plu,pro_flejes,pro_iva,pro_plu_asociado,pro_envase,pro_duracion,pro_numero_etiqueta) VALUES (780721260,@@@7802408002401@@@,@@@0@@@,@@@TORTAZO ALFAJOR 70G@@@,@@@TORTAZO ALFAJOR @@@,@@@1 @@@,@@@3 @@@,@@@0@@@,@@@32 @@@,@@@219@@@,@@@2508@@@,@@@0@@@,@@@0@@@,@@@200@@@,@@@0@@@,@@@@@@,@@@2013.06.28@@@,@@@2013.06.28@@@,@@@0@@@,@@@5@@@,@@@2@@@,@@@0@@@,@@@0@@@,@@@0@@@,@@@0@@@,@@@0@@@,@@@0@@@,@@@0@@@,@@@0@@@,@@@1@@@,@@@0@@@,0,70,0,0,2,0,1,1,0,@@@NO@@@,0,0)','',2,'2013-06-28'),(31785,'DELETE FROM mae_impuestos_productos WHERE pro_codigo_plu=@@@780721260@@@','',2,'2013-06-28'),(31786,'UPDATE mae_productos SET pro_codigo_barra=@@@7802408002401@@@,pro_tipo=@@@0@@@,pro_nombre_producto=@@@TORTAZO ALFAJOR 70G@@@,pro_nombre_corto=@@@TORTAZO ALFAJOR@@@,med_id=@@@1@@@,emb_id=@@@3@@@,pro_unidades_embalaje=@@@0@@@,dep_id=@@@32 @@@,lin_id=@@@219@@@,mar_id=@@@2508@@@,pro_precio_compra_neto=@@@0@@@,pro_precio_compra_bruto=@@@0@@@,pro_precio_venta=@@@200@@@,pro_margen_actual=@@@0@@@,pro_oferta=@@@NO@@@,pro_fecha_inicio_oferta=@@@2013.06.28@@@,pro_fecha_termino_oferta=@@@2013.06.28@@@,pro_precio_oferta=@@@0@@@,pro_stock_minimo=@@@5@@@,pro_stock_critico=@@@2@@@,pro_activo=@@@1@@@,pro_unidad=@@@0@@@,pro_precio_compra_bruto=0,pro_margen_actual=0,pro_capacidad=70,pro_funcion_plu=0,pro_flejes=1,pro_iva=1,pro_plu_asociado=0,pro_envase=@@@NO@@@,pro_duracion=0,pro_numero_etiqueta=0 WHERE pro_codigo_plu=@@@780721260@@@','',2,'2013-06-28'),(31787,'UPDATE mae_productos SET pro_estado=1 WHERE pro_codigo_plu=780721260','',2,'2013-06-28'),(31788,'DELETE FROM mae_impuestos_productos WHERE pro_codigo_plu=@@@780721260@@@','',2,'2013-06-28'),(31789,'UPDATE mae_productos SET pro_codigo_barra=@@@7802000000515@@@,pro_tipo=@@@0@@@,pro_nombre_producto=@@@MANI SALADO EVERCRISP 200 GRS@@@,pro_nombre_corto=@@@MANI SALADO EVER@@@,med_id=@@@5@@@,emb_id=@@@2@@@,pro_unidades_embalaje=@@@1@@@,dep_id=@@@32 @@@,lin_id=@@@160@@@,mar_id=@@@1625@@@,pro_precio_compra_neto=@@@0@@@,pro_precio_compra_bruto=@@@0@@@,pro_precio_venta=@@@990@@@,pro_margen_actual=@@@0@@@,pro_oferta=@@@NO@@@,pro_fecha_inicio_oferta=@@@1900.01.01@@@,pro_fecha_termino_oferta=@@@1900.01.01@@@,pro_precio_oferta=@@@0@@@,pro_stock_minimo=@@@5@@@,pro_stock_critico=@@@2@@@,pro_activo=@@@1@@@,pro_unidad=@@@0@@@,pro_precio_compra_bruto=0,pro_margen_actual=0,pro_capacidad=0.2,pro_funcion_plu=0,pro_flejes=1,pro_iva=1,pro_plu_asociado=0,pro_envase=@@@NO@@@,pro_duracion=0,pro_numero_etiqueta=0 WHERE pro_codigo_plu=@@@13726@@@','',2,'2013-06-28'),(31790,'UPDATE mae_productos SET pro_estado=1 WHERE pro_codigo_plu=13726','',2,'2013-06-28'),(31791,'DELETE FROM mae_impuestos_productos WHERE pro_codigo_plu=@@@13726@@@','',2,'2013-06-28'),(31792,'INSERT INTO gne_vale_ferreteria (vfe_id,vfe_fecha,vfe_total,vfe_estado,vfe_entregado,usu_nusuario) VALUES (3801,@@@2013.06.28@@@,6990,1,0,@@@G_DIAZ@@@)','',2,'2013-06-28'),(31793,'INSERT INTO gne_vale_ferreteria_mov (vfe_id,pro_codigo_plu,vfm_cantidad,vfm_unitario,vfm_total,vfm_entregado) VALUES (3801,880011,1,6990,6990,@@@NO@@@)','',2,'2013-06-28'),(31794,'INSERT INTO gne_vale_ferreteria (vfe_id,vfe_fecha,vfe_total,vfe_estado,vfe_entregado,usu_nusuario) VALUES (3802,@@@2013.06.28@@@,1590,1,0,@@@G_DIAZ@@@)','',2,'2013-06-28'),(31795,'INSERT INTO gne_vale_ferreteria_mov (vfe_id,pro_codigo_plu,vfm_cantidad,vfm_unitario,vfm_total,vfm_entregado) VALUES (3802,780721123,1,1590,1590,@@@NO@@@)','',2,'2013-06-28'),(31796,'INSERT INTO gne_vale_ferreteria (vfe_id,vfe_fecha,vfe_total,vfe_estado,vfe_entregado,usu_nusuario) VALUES (3803,@@@2013.06.28@@@,450,1,0,@@@G_DIAZ@@@)','',2,'2013-06-28'),(31797,'INSERT INTO gne_vale_ferreteria_mov (vfe_id,pro_codigo_plu,vfm_cantidad,vfm_unitario,vfm_total,vfm_entregado) VALUES (3803,102629,1,450,450,@@@NO@@@)','',2,'2013-06-28'),(31798,'INSERT INTO mae_productos (pro_codigo_plu,pro_codigo_barra,pro_tipo,pro_nombre_producto,pro_nombre_corto,med_id,emb_id,pro_unidades_embalaje,dep_id,lin_id,mar_id,pro_precio_compra_neto,pro_precio_compra_bruto,pro_precio_venta,pro_margen_actual,pro_oferta,pro_fecha_inicio_oferta,pro_fecha_termino_oferta,pro_precio_oferta,pro_stock_minimo,pro_stock_critico,pro_entradas_bodega,pro_salidas_bodega,pro_mermas_bodega,pro_ajustes_bodega,pro_entradas_sv,pro_salidas_sv,pro_mermas_sv,pro_ajustes_sv,pro_activo,rec_numero,pro_unidad,pro_capacidad,pro_consumo_bodega,pro_consumo_sv,pro_estado,pro_funcion_plu,pro_flejes,pro_iva,pro_plu_asociado,pro_envase,pro_duracion,pro_numero_etiqueta) VALUES (780721261,@@@7801810801961@@@,@@@0@@@,@@@TE LIPTON ROYAL CEYLON 150UND@@@,@@@TE LIPTON ROYAL @@@,@@@1 @@@,@@@3 @@@,@@@0@@@,@@@1 @@@,@@@3@@@,@@@1833@@@,@@@0@@@,@@@0@@@,@@@4990@@@,@@@0@@@,@@@@@@,@@@2013.06.28@@@,@@@2013.06.28@@@,@@@0@@@,@@@3@@@,@@@2@@@,@@@0@@@,@@@0@@@,@@@0@@@,@@@0@@@,@@@0@@@,@@@0@@@,@@@0@@@,@@@0@@@,@@@1@@@,@@@0@@@,0,150,0,0,2,0,1,1,0,@@@NO@@@,0,0)','',2,'2013-06-28'),(31799,'DELETE FROM mae_impuestos_productos WHERE pro_codigo_plu=@@@780721261@@@','',2,'2013-06-28'),(31800,'UPDATE mae_productos SET pro_margen_actual=0,pro_precio_venta=870 WHERE pro_codigo_plu=13971','',2,'2013-06-28'),(31801,'UPDATE mae_productos SET pro_margen_actual=0,pro_precio_venta=140 WHERE pro_codigo_plu=100997','',2,'2013-06-28'),(31802,'UPDATE mae_productos SET pro_margen_actual=0,pro_precio_venta=990 WHERE pro_codigo_plu=13726','',2,'2013-06-28'),(31803,'UPDATE mae_productos SET pro_margen_actual=0,pro_precio_venta=200 WHERE pro_codigo_plu=780721259','',2,'2013-06-28'),(31804,'UPDATE mae_productos SET pro_margen_actual=0,pro_precio_venta=300 WHERE pro_codigo_plu=12836','',2,'2013-06-28'),(31805,'UPDATE mae_productos SET pro_margen_actual=0,pro_precio_venta=300 WHERE pro_codigo_plu=12835','',2,'2013-06-28'),(31806,'UPDATE mae_productos SET pro_margen_actual=0,pro_precio_venta=4990 WHERE pro_codigo_plu=780721261','',2,'2013-06-28'),(31807,'UPDATE mae_productos SET pro_margen_actual=0,pro_precio_venta=200 WHERE pro_codigo_plu=780721260','',2,'2013-06-28'),(31808,'UPDATE mae_productos SET pro_precio_fiscal=pro_precio_venta WHERE pro_codigo_plu=100997','',2,'2013-06-28'),(31809,'UPDATE mae_productos SET pro_precio_fiscal=pro_precio_venta WHERE pro_codigo_plu=780721259','',2,'2013-06-28'),(31810,'UPDATE mae_productos SET pro_precio_fiscal=pro_precio_venta WHERE pro_codigo_plu=12836','',2,'2013-06-28'),(31811,'UPDATE mae_productos SET pro_precio_fiscal=pro_precio_venta WHERE pro_codigo_plu=12835','',2,'2013-06-28'),(31812,'UPDATE mae_productos SET pro_precio_fiscal=pro_precio_venta WHERE pro_codigo_plu=780721261','',2,'2013-06-28'),(31813,'UPDATE mae_productos SET pro_precio_fiscal=pro_precio_venta WHERE pro_codigo_plu=13726','',2,'2013-06-28'),(31814,'UPDATE mae_productos SET pro_precio_fiscal=pro_precio_venta WHERE pro_codigo_plu=780721260','',2,'2013-06-28'),(31815,'UPDATE mae_productos SET pro_precio_fiscal=pro_precio_venta WHERE pro_codigo_plu=13971','',2,'2013-06-28'),(31816,'INSERT INTO gne_vale_ferreteria (vfe_id,vfe_fecha,vfe_total,vfe_estado,vfe_entregado,usu_nusuario) VALUES (3804,@@@2013.06.28@@@,540,1,0,@@@G_DIAZ@@@)','',2,'2013-06-28'),(31817,'INSERT INTO gne_vale_ferreteria_mov (vfe_id,pro_codigo_plu,vfm_cantidad,vfm_unitario,vfm_total,vfm_entregado) VALUES (3804,19916,1,540,540,@@@NO@@@)','',2,'2013-06-28'),(31818,'INSERT INTO gne_vale_ferreteria (vfe_id,vfe_fecha,vfe_total,vfe_estado,vfe_entregado,usu_nusuario) VALUES (3805,@@@2013.06.28@@@,990,1,0,@@@G_DIAZ@@@)','',2,'2013-06-28'),(31819,'INSERT INTO gne_vale_ferreteria_mov (vfe_id,pro_codigo_plu,vfm_cantidad,vfm_unitario,vfm_total,vfm_entregado) VALUES (3805,763588,1,330,330,@@@NO@@@)','',2,'2013-06-28'),(31820,'INSERT INTO gne_vale_ferreteria_mov (vfe_id,pro_codigo_plu,vfm_cantidad,vfm_unitario,vfm_total,vfm_entregado) VALUES (3805,763587,1,420,420,@@@NO@@@)','',2,'2013-06-28'),(31821,'INSERT INTO gne_vale_ferreteria_mov (vfe_id,pro_codigo_plu,vfm_cantidad,vfm_unitario,vfm_total,vfm_entregado) VALUES (3805,8022,2,120,240,@@@NO@@@)','',2,'2013-06-28'),(31822,'INSERT INTO gne_vale_ferreteria (vfe_id,vfe_fecha,vfe_total,vfe_estado,vfe_entregado,usu_nusuario) VALUES (3806,@@@2013.06.28@@@,780,1,0,@@@G_DIAZ@@@)','',2,'2013-06-28'),(31823,'INSERT INTO gne_vale_ferreteria_mov (vfe_id,pro_codigo_plu,vfm_cantidad,vfm_unitario,vfm_total,vfm_entregado) VALUES (3806,78017203,1,390,390,@@@NO@@@)','',2,'2013-06-28'),(31824,'INSERT INTO gne_vale_ferreteria_mov (vfe_id,pro_codigo_plu,vfm_cantidad,vfm_unitario,vfm_total,vfm_entregado) VALUES (3806,770075,1,390,390,@@@NO@@@)','',2,'2013-06-28'),(31825,'INSERT INTO gne_vale_ferreteria (vfe_id,vfe_fecha,vfe_total,vfe_estado,vfe_entregado,usu_nusuario) VALUES (3807,@@@2013.06.28@@@,4990,1,0,@@@G_DIAZ@@@)','',2,'2013-06-28'),(31826,'INSERT INTO gne_vale_ferreteria_mov (vfe_id,pro_codigo_plu,vfm_cantidad,vfm_unitario,vfm_total,vfm_entregado) VALUES (3807,780721149,1,4990,4990,@@@NO@@@)','',2,'2013-06-28'),(31827,'INSERT INTO gne_vale_ferreteria (vfe_id,vfe_fecha,vfe_total,vfe_estado,vfe_entregado,usu_nusuario) VALUES (3808,@@@2013.06.28@@@,260,1,0,@@@G_DIAZ@@@)','',2,'2013-06-28'),(31828,'INSERT INTO gne_vale_ferreteria_mov (vfe_id,pro_codigo_plu,vfm_cantidad,vfm_unitario,vfm_total,vfm_entregado) VALUES (3808,15929,2,130,260,@@@NO@@@)','',2,'2013-06-28'),(31829,'INSERT INTO gne_vale_ferreteria (vfe_id,vfe_fecha,vfe_total,vfe_estado,vfe_entregado,usu_nusuario) VALUES (3809,@@@2013.06.28@@@,5700,1,0,@@@G_DIAZ@@@)','',2,'2013-06-28'),(31830,'INSERT INTO gne_vale_ferreteria_mov (vfe_id,pro_codigo_plu,vfm_cantidad,vfm_unitario,vfm_total,vfm_entregado) VALUES (3809,763671,1,2850,2850,@@@NO@@@)','',2,'2013-06-28'),(31831,'INSERT INTO gne_vale_ferreteria_mov (vfe_id,pro_codigo_plu,vfm_cantidad,vfm_unitario,vfm_total,vfm_entregado) VALUES (3809,764444,1,2850,2850,@@@NO@@@)','',2,'2013-06-28'),(31832,'INSERT INTO gne_vale_ferreteria (vfe_id,vfe_fecha,vfe_total,vfe_estado,vfe_entregado,usu_nusuario) VALUES (3810,@@@2013.06.28@@@,690,1,0,@@@G_DIAZ@@@)','',2,'2013-06-28'),(31833,'INSERT INTO gne_vale_ferreteria_mov (vfe_id,pro_codigo_plu,vfm_cantidad,vfm_unitario,vfm_total,vfm_entregado) VALUES (3810,764830,1,690,690,@@@NO@@@)','',2,'2013-06-28'),(31834,'INSERT INTO gne_vale_ferreteria (vfe_id,vfe_fecha,vfe_total,vfe_estado,vfe_entregado,usu_nusuario) VALUES (3811,@@@2013.06.28@@@,3090,1,0,@@@G_DIAZ@@@)','',2,'2013-06-28'),(31835,'INSERT INTO gne_vale_ferreteria_mov (vfe_id,pro_codigo_plu,vfm_cantidad,vfm_unitario,vfm_total,vfm_entregado) VALUES (3811,101101,2,200,400,@@@NO@@@)','',2,'2013-06-28'),(31836,'INSERT INTO gne_vale_ferreteria_mov (vfe_id,pro_codigo_plu,vfm_cantidad,vfm_unitario,vfm_total,vfm_entregado) VALUES (3811,78017023,1,2690,2690,@@@NO@@@)','',2,'2013-06-28'),(31837,'INSERT INTO gne_vale_ferreteria (vfe_id,vfe_fecha,vfe_total,vfe_estado,vfe_entregado,usu_nusuario) VALUES (3812,@@@2013.06.28@@@,1950,1,0,@@@G_DIAZ@@@)','',2,'2013-06-28'),(31838,'INSERT INTO gne_vale_ferreteria_mov (vfe_id,pro_codigo_plu,vfm_cantidad,vfm_unitario,vfm_total,vfm_entregado) VALUES (3812,780721061,1,1950,1950,@@@NO@@@)','',2,'2013-06-28'),(31839,'INSERT INTO gne_vale_ferreteria (vfe_id,vfe_fecha,vfe_total,vfe_estado,vfe_entregado,usu_nusuario) VALUES (3813,@@@2013.06.28@@@,4880,1,0,@@@G_DIAZ@@@)','',2,'2013-06-28'),(31840,'INSERT INTO gne_vale_ferreteria_mov (vfe_id,pro_codigo_plu,vfm_cantidad,vfm_unitario,vfm_total,vfm_entregado) VALUES (3813,764974,1,3990,3990,@@@NO@@@)','',2,'2013-06-28'),(31841,'INSERT INTO gne_vale_ferreteria_mov (vfe_id,pro_codigo_plu,vfm_cantidad,vfm_unitario,vfm_total,vfm_entregado) VALUES (3813,764286,1,890,890,@@@NO@@@)','',2,'2013-06-28'),(31842,'INSERT INTO gne_vale_ferreteria (vfe_id,vfe_fecha,vfe_total,vfe_estado,vfe_entregado,usu_nusuario) VALUES (3814,@@@2013.06.28@@@,520,1,0,@@@G_DIAZ@@@)','',2,'2013-06-28'),(31843,'INSERT INTO gne_vale_ferreteria_mov (vfe_id,pro_codigo_plu,vfm_cantidad,vfm_unitario,vfm_total,vfm_entregado) VALUES (3814,15967,4,130,520,@@@NO@@@)','',2,'2013-06-28'),(31844,'INSERT INTO gne_vale_ferreteria (vfe_id,vfe_fecha,vfe_total,vfe_estado,vfe_entregado,usu_nusuario) VALUES (3815,@@@2013.06.28@@@,190,1,0,@@@G_DIAZ@@@)','',2,'2013-06-28'),(31845,'INSERT INTO gne_vale_ferreteria_mov (vfe_id,pro_codigo_plu,vfm_cantidad,vfm_unitario,vfm_total,vfm_entregado) VALUES (3815,1537,1,190,190,@@@NO@@@)','',2,'2013-06-28'),(31846,'INSERT INTO gne_vale_ferreteria (vfe_id,vfe_fecha,vfe_total,vfe_estado,vfe_entregado,usu_nusuario) VALUES (3816,@@@2013.06.29@@@,6980,1,0,@@@G_DIAZ@@@)','',2,'2013-06-29'),(31847,'INSERT INTO gne_vale_ferreteria_mov (vfe_id,pro_codigo_plu,vfm_cantidad,vfm_unitario,vfm_total,vfm_entregado) VALUES (3816,764528,1,2990,2990,@@@NO@@@)','',2,'2013-06-29'),(31848,'INSERT INTO gne_vale_ferreteria_mov (vfe_id,pro_codigo_plu,vfm_cantidad,vfm_unitario,vfm_total,vfm_entregado) VALUES (3816,764828,1,3990,3990,@@@NO@@@)','',2,'2013-06-29'),(31849,'INSERT INTO gne_vale_ferreteria (vfe_id,vfe_fecha,vfe_total,vfe_estado,vfe_entregado,usu_nusuario) VALUES (3817,@@@2013.06.29@@@,200,1,0,@@@G_DIAZ@@@)','',2,'2013-06-29'),(31850,'INSERT INTO gne_vale_ferreteria_mov (vfe_id,pro_codigo_plu,vfm_cantidad,vfm_unitario,vfm_total,vfm_entregado) VALUES (3817,1542,2,100,200,@@@NO@@@)','',2,'2013-06-29'),(31851,'INSERT INTO gne_vale_ferreteria (vfe_id,vfe_fecha,vfe_total,vfe_estado,vfe_entregado,usu_nusuario) VALUES (3818,@@@2013.06.29@@@,980,1,0,@@@G_DIAZ@@@)','',2,'2013-06-29'),(31852,'INSERT INTO gne_vale_ferreteria_mov (vfe_id,pro_codigo_plu,vfm_cantidad,vfm_unitario,vfm_total,vfm_entregado) VALUES (3818,19876,1,980,980,@@@NO@@@)','',2,'2013-06-29'),(31853,'UPDATE mae_productos SET pro_codigo_barra=@@@7804315000259@@@,pro_tipo=@@@0@@@,pro_nombre_producto=@@@CHAMP. UNDURRAGA BARON LACROIX  750 CC PIÑA@@@,pro_nombre_corto=@@@CHAMP UNDURRAGA@@@,med_id=@@@3@@@,emb_id=@@@3@@@,pro_unidades_embalaje=@@@12@@@,dep_id=@@@6 @@@,lin_id=@@@61@@@,mar_id=@@@1765@@@,pro_precio_compra_neto=@@@0@@@,pro_precio_compra_bruto=@@@0@@@,pro_precio_venta=@@@2490@@@,pro_margen_actual=@@@0@@@,pro_oferta=@@@NO@@@,pro_fecha_inicio_oferta=@@@1900.01.01@@@,pro_fecha_termino_oferta=@@@1900.01.01@@@,pro_precio_oferta=@@@0@@@,pro_stock_minimo=@@@5@@@,pro_stock_critico=@@@2@@@,pro_activo=@@@1@@@,pro_unidad=@@@0@@@,pro_precio_compra_bruto=0,pro_margen_actual=0,pro_capacidad=0.75,pro_funcion_plu=0,pro_flejes=1,pro_iva=1,pro_plu_asociado=0,pro_envase=@@@NO@@@,pro_duracion=0,pro_numero_etiqueta=0 WHERE pro_codigo_plu=@@@17996@@@','',2,'2013-06-29'),(31854,'UPDATE mae_productos SET pro_estado=1 WHERE pro_codigo_plu=17996','',2,'2013-06-29'),(31855,'DELETE FROM mae_impuestos_productos WHERE pro_codigo_plu=@@@17996@@@','',2,'2013-06-29'),(31856,'INSERT INTO gne_vale_ferreteria (vfe_id,vfe_fecha,vfe_total,vfe_estado,vfe_entregado,usu_nusuario) VALUES (3819,@@@2013.06.29@@@,450,1,0,@@@G_DIAZ@@@)','',2,'2013-06-29'),(31857,'INSERT INTO gne_vale_ferreteria_mov (vfe_id,pro_codigo_plu,vfm_cantidad,vfm_unitario,vfm_total,vfm_entregado) VALUES (3819,780220103,1,450,450,@@@NO@@@)','',2,'2013-06-29'),(31858,'INSERT INTO gne_vale_ferreteria (vfe_id,vfe_fecha,vfe_total,vfe_estado,vfe_entregado,usu_nusuario) VALUES (3820,@@@2013.06.29@@@,1190,1,0,@@@G_DIAZ@@@)','',2,'2013-06-29'),(31859,'INSERT INTO gne_vale_ferreteria_mov (vfe_id,pro_codigo_plu,vfm_cantidad,vfm_unitario,vfm_total,vfm_entregado) VALUES (3820,764592,1,1190,1190,@@@NO@@@)','',2,'2013-06-29'),(31860,'INSERT INTO gne_vale_ferreteria (vfe_id,vfe_fecha,vfe_total,vfe_estado,vfe_entregado,usu_nusuario) VALUES (3821,@@@2013.06.29@@@,1690,1,0,@@@G_DIAZ@@@)','',2,'2013-06-29'),(31861,'INSERT INTO gne_vale_ferreteria_mov (vfe_id,pro_codigo_plu,vfm_cantidad,vfm_unitario,vfm_total,vfm_entregado) VALUES (3821,20476,1,1690,1690,@@@NO@@@)','',2,'2013-06-29'),(31862,'INSERT INTO gne_vale_ferreteria (vfe_id,vfe_fecha,vfe_total,vfe_estado,vfe_entregado,usu_nusuario) VALUES (3822,@@@2013.06.29@@@,1990,1,0,@@@G_DIAZ@@@)','',2,'2013-06-29'),(31863,'INSERT INTO gne_vale_ferreteria_mov (vfe_id,pro_codigo_plu,vfm_cantidad,vfm_unitario,vfm_total,vfm_entregado) VALUES (3822,102731,1,1990,1990,@@@NO@@@)','',2,'2013-06-29'),(31864,'INSERT INTO gne_vale_ferreteria (vfe_id,vfe_fecha,vfe_total,vfe_estado,vfe_entregado,usu_nusuario) VALUES (3823,@@@2013.06.29@@@,790,1,0,@@@G_DIAZ@@@)','',2,'2013-06-29'),(31865,'INSERT INTO gne_vale_ferreteria_mov (vfe_id,pro_codigo_plu,vfm_cantidad,vfm_unitario,vfm_total,vfm_entregado) VALUES (3823,763772,1,290,290,@@@NO@@@)','',2,'2013-06-29'),(31866,'INSERT INTO gne_vale_ferreteria_mov (vfe_id,pro_codigo_plu,vfm_cantidad,vfm_unitario,vfm_total,vfm_entregado) VALUES (3823,763909,1,500,500,@@@NO@@@)','',2,'2013-06-29'),(31867,'INSERT INTO gne_vale_ferreteria (vfe_id,vfe_fecha,vfe_total,vfe_estado,vfe_entregado,usu_nusuario) VALUES (3824,@@@2013.06.29@@@,1390,1,0,@@@G_DIAZ@@@)','',2,'2013-06-29'),(31868,'INSERT INTO gne_vale_ferreteria_mov (vfe_id,pro_codigo_plu,vfm_cantidad,vfm_unitario,vfm_total,vfm_entregado) VALUES (3824,764584,1,1390,1390,@@@NO@@@)','',2,'2013-06-29'),(31869,'INSERT INTO gne_vale_ferreteria (vfe_id,vfe_fecha,vfe_total,vfe_estado,vfe_entregado,usu_nusuario) VALUES (3825,@@@2013.06.29@@@,3780,1,0,@@@G_DIAZ@@@)','',2,'2013-06-29'),(31870,'INSERT INTO gne_vale_ferreteria_mov (vfe_id,pro_codigo_plu,vfm_cantidad,vfm_unitario,vfm_total,vfm_entregado) VALUES (3825,780721077,1,1890,1890,@@@NO@@@)','',2,'2013-06-29'),(31871,'INSERT INTO gne_vale_ferreteria_mov (vfe_id,pro_codigo_plu,vfm_cantidad,vfm_unitario,vfm_total,vfm_entregado) VALUES (3825,780721076,1,1890,1890,@@@NO@@@)','',2,'2013-06-29'),(31872,'INSERT INTO gne_vale_ferreteria (vfe_id,vfe_fecha,vfe_total,vfe_estado,vfe_entregado,usu_nusuario) VALUES (3826,@@@2013.06.29@@@,1890,1,0,@@@G_DIAZ@@@)','',2,'2013-06-29'),(31873,'INSERT INTO gne_vale_ferreteria_mov (vfe_id,pro_codigo_plu,vfm_cantidad,vfm_unitario,vfm_total,vfm_entregado) VALUES (3826,100473,1,1890,1890,@@@NO@@@)','',2,'2013-06-29'),(31874,'INSERT INTO gne_vale_ferreteria (vfe_id,vfe_fecha,vfe_total,vfe_estado,vfe_entregado,usu_nusuario) VALUES (3827,@@@2013.06.29@@@,210,1,0,@@@G_DIAZ@@@)','',2,'2013-06-29'),(31875,'INSERT INTO gne_vale_ferreteria_mov (vfe_id,pro_codigo_plu,vfm_cantidad,vfm_unitario,vfm_total,vfm_entregado) VALUES (3827,8022,1,120,120,@@@NO@@@)','',2,'2013-06-29'),(31876,'INSERT INTO gne_vale_ferreteria_mov (vfe_id,pro_codigo_plu,vfm_cantidad,vfm_unitario,vfm_total,vfm_entregado) VALUES (3827,78017026,1,90,90,@@@NO@@@)','',2,'2013-06-29'),(31877,'INSERT INTO gne_vale_ferreteria (vfe_id,vfe_fecha,vfe_total,vfe_estado,vfe_entregado,usu_nusuario) VALUES (3828,@@@2013.06.29@@@,2590,1,0,@@@G_DIAZ@@@)','',2,'2013-06-29'),(31878,'INSERT INTO gne_vale_ferreteria_mov (vfe_id,pro_codigo_plu,vfm_cantidad,vfm_unitario,vfm_total,vfm_entregado) VALUES (3828,780721065,1,2590,2590,@@@NO@@@)','',2,'2013-06-29'),(31879,'INSERT INTO gne_vale_ferreteria (vfe_id,vfe_fecha,vfe_total,vfe_estado,vfe_entregado,usu_nusuario) VALUES (3829,@@@2013.06.29@@@,150,1,0,@@@G_DIAZ@@@)','',2,'2013-06-29'),(31880,'INSERT INTO gne_vale_ferreteria_mov (vfe_id,pro_codigo_plu,vfm_cantidad,vfm_unitario,vfm_total,vfm_entregado) VALUES (3829,78017171,1,150,150,@@@NO@@@)','',2,'2013-06-29'),(31881,'INSERT INTO gne_vale_ferreteria (vfe_id,vfe_fecha,vfe_total,vfe_estado,vfe_entregado,usu_nusuario) VALUES (3830,@@@2013.06.29@@@,450,1,0,@@@G_DIAZ@@@)','',2,'2013-06-29'),(31882,'INSERT INTO gne_vale_ferreteria_mov (vfe_id,pro_codigo_plu,vfm_cantidad,vfm_unitario,vfm_total,vfm_entregado) VALUES (3830,3100,1,450,450,@@@NO@@@)','',2,'2013-06-29'),(31883,'INSERT INTO gne_vale_ferreteria (vfe_id,vfe_fecha,vfe_total,vfe_estado,vfe_entregado,usu_nusuario) VALUES (3831,@@@2013.06.29@@@,150,1,0,@@@G_DIAZ@@@)','',2,'2013-06-29'),(31884,'INSERT INTO gne_vale_ferreteria_mov (vfe_id,pro_codigo_plu,vfm_cantidad,vfm_unitario,vfm_total,vfm_entregado) VALUES (3831,780220123,3,50,150,@@@NO@@@)','',2,'2013-06-29'),(31885,'INSERT INTO gne_vale_ferreteria (vfe_id,vfe_fecha,vfe_total,vfe_estado,vfe_entregado,usu_nusuario) VALUES (3832,@@@2013.06.29@@@,850,1,0,@@@G_DIAZ@@@)','',2,'2013-06-29'),(31886,'INSERT INTO gne_vale_ferreteria_mov (vfe_id,pro_codigo_plu,vfm_cantidad,vfm_unitario,vfm_total,vfm_entregado) VALUES (3832,763978,1,850,850,@@@NO@@@)','',2,'2013-06-29'),(31887,'INSERT INTO gne_vale_ferreteria (vfe_id,vfe_fecha,vfe_total,vfe_estado,vfe_entregado,usu_nusuario) VALUES (3833,@@@2013.06.29@@@,3990,1,0,@@@G_DIAZ@@@)','',2,'2013-06-29'),(31888,'INSERT INTO gne_vale_ferreteria_mov (vfe_id,pro_codigo_plu,vfm_cantidad,vfm_unitario,vfm_total,vfm_entregado) VALUES (3833,763685,1,3990,3990,@@@NO@@@)','',2,'2013-06-29'),(31889,'INSERT INTO gne_vale_ferreteria (vfe_id,vfe_fecha,vfe_total,vfe_estado,vfe_entregado,usu_nusuario) VALUES (3834,@@@2013.06.29@@@,520,1,0,@@@G_DIAZ@@@)','',2,'2013-06-29'),(31890,'INSERT INTO gne_vale_ferreteria_mov (vfe_id,pro_codigo_plu,vfm_cantidad,vfm_unitario,vfm_total,vfm_entregado) VALUES (3834,15967,4,130,520,@@@NO@@@)','',2,'2013-06-29'),(31891,'INSERT INTO gne_vale_ferreteria (vfe_id,vfe_fecha,vfe_total,vfe_estado,vfe_entregado,usu_nusuario) VALUES (3835,@@@2013.06.29@@@,2070,1,0,@@@G_DIAZ@@@)','',2,'2013-06-29'),(31892,'INSERT INTO gne_vale_ferreteria_mov (vfe_id,pro_codigo_plu,vfm_cantidad,vfm_unitario,vfm_total,vfm_entregado) VALUES (3835,15485,1,590,590,@@@NO@@@)','',2,'2013-06-29'),(31893,'INSERT INTO gne_vale_ferreteria_mov (vfe_id,pro_codigo_plu,vfm_cantidad,vfm_unitario,vfm_total,vfm_entregado) VALUES (3835,101881,1,590,590,@@@NO@@@)','',2,'2013-06-29'),(31894,'INSERT INTO gne_vale_ferreteria_mov (vfe_id,pro_codigo_plu,vfm_cantidad,vfm_unitario,vfm_total,vfm_entregado) VALUES (3835,764575,1,890,890,@@@NO@@@)','',2,'2013-06-29'),(31895,'INSERT INTO gne_vale_ferreteria (vfe_id,vfe_fecha,vfe_total,vfe_estado,vfe_entregado,usu_nusuario) VALUES (3836,@@@2013.06.29@@@,2990,1,0,@@@G_DIAZ@@@)','',2,'2013-06-29'),(31896,'INSERT INTO gne_vale_ferreteria_mov (vfe_id,pro_codigo_plu,vfm_cantidad,vfm_unitario,vfm_total,vfm_entregado) VALUES (3836,780721165,1,2990,2990,@@@NO@@@)','',2,'2013-06-29'),(31897,'INSERT INTO gne_vale_ferreteria (vfe_id,vfe_fecha,vfe_total,vfe_estado,vfe_entregado,usu_nusuario) VALUES (3837,@@@2013.06.29@@@,3150,1,0,@@@G_DIAZ@@@)','',2,'2013-06-29'),(31898,'INSERT INTO gne_vale_ferreteria_mov (vfe_id,pro_codigo_plu,vfm_cantidad,vfm_unitario,vfm_total,vfm_entregado) VALUES (3837,101100,1,940,940,@@@NO@@@)','',2,'2013-06-29'),(31899,'INSERT INTO gne_vale_ferreteria_mov (vfe_id,pro_codigo_plu,vfm_cantidad,vfm_unitario,vfm_total,vfm_entregado) VALUES (3837,19956,1,990,990,@@@NO@@@)','',2,'2013-06-29'),(31900,'INSERT INTO gne_vale_ferreteria_mov (vfe_id,pro_codigo_plu,vfm_cantidad,vfm_unitario,vfm_total,vfm_entregado) VALUES (3837,1536,1,290,290,@@@NO@@@)','',2,'2013-06-29'),(31901,'INSERT INTO gne_vale_ferreteria_mov (vfe_id,pro_codigo_plu,vfm_cantidad,vfm_unitario,vfm_total,vfm_entregado) VALUES (3837,763644,1,930,930,@@@NO@@@)','',2,'2013-06-29'),(31902,'INSERT INTO gne_vale_ferreteria (vfe_id,vfe_fecha,vfe_total,vfe_estado,vfe_entregado,usu_nusuario) VALUES (3838,@@@2013.06.29@@@,480,1,0,@@@G_DIAZ@@@)','',2,'2013-06-29'),(31903,'INSERT INTO gne_vale_ferreteria_mov (vfe_id,pro_codigo_plu,vfm_cantidad,vfm_unitario,vfm_total,vfm_entregado) VALUES (3838,1064,2,120,240,@@@NO@@@)','',2,'2013-06-29'),(31904,'INSERT INTO gne_vale_ferreteria_mov (vfe_id,pro_codigo_plu,vfm_cantidad,vfm_unitario,vfm_total,vfm_entregado) VALUES (3838,78017204,2,120,240,@@@NO@@@)','',2,'2013-06-29'),(31905,'INSERT INTO gne_vale_ferreteria (vfe_id,vfe_fecha,vfe_total,vfe_estado,vfe_entregado,usu_nusuario) VALUES (3839,@@@2013.06.29@@@,1780,1,0,@@@G_DIAZ@@@)','',2,'2013-06-29'),(31906,'INSERT INTO gne_vale_ferreteria_mov (vfe_id,pro_codigo_plu,vfm_cantidad,vfm_unitario,vfm_total,vfm_entregado) VALUES (3839,780721231,1,990,990,@@@NO@@@)','',2,'2013-06-29'),(31907,'INSERT INTO gne_vale_ferreteria_mov (vfe_id,pro_codigo_plu,vfm_cantidad,vfm_unitario,vfm_total,vfm_entregado) VALUES (3839,763804,1,790,790,@@@NO@@@)','',2,'2013-06-29'),(31908,'INSERT INTO gne_vale_ferreteria (vfe_id,vfe_fecha,vfe_total,vfe_estado,vfe_entregado,usu_nusuario) VALUES (3840,@@@2013.06.29@@@,540,1,0,@@@G_DIAZ@@@)','',2,'2013-06-29'),(31909,'INSERT INTO gne_vale_ferreteria_mov (vfe_id,pro_codigo_plu,vfm_cantidad,vfm_unitario,vfm_total,vfm_entregado) VALUES (3840,19916,1,540,540,@@@NO@@@)','',2,'2013-06-29'),(31910,'INSERT INTO gne_vale_ferreteria (vfe_id,vfe_fecha,vfe_total,vfe_estado,vfe_entregado,usu_nusuario) VALUES (3841,@@@2013.06.29@@@,1290,1,0,@@@G_DIAZ@@@)','',2,'2013-06-29'),(31911,'INSERT INTO gne_vale_ferreteria_mov (vfe_id,pro_codigo_plu,vfm_cantidad,vfm_unitario,vfm_total,vfm_entregado) VALUES (3841,764845,1,1290,1290,@@@NO@@@)','',2,'2013-06-29'),(31912,'INSERT INTO gne_vale_ferreteria (vfe_id,vfe_fecha,vfe_total,vfe_estado,vfe_entregado,usu_nusuario) VALUES (3842,@@@2013.06.29@@@,1490,1,0,@@@G_DIAZ@@@)','',2,'2013-06-29'),(31913,'INSERT INTO gne_vale_ferreteria_mov (vfe_id,pro_codigo_plu,vfm_cantidad,vfm_unitario,vfm_total,vfm_entregado) VALUES (3842,102602,1,1490,1490,@@@NO@@@)','',2,'2013-06-29'),(31914,'INSERT INTO gne_vale_ferreteria (vfe_id,vfe_fecha,vfe_total,vfe_estado,vfe_entregado,usu_nusuario) VALUES (3843,@@@2013.06.29@@@,3990,1,0,@@@G_DIAZ@@@)','',2,'2013-06-29'),(31915,'INSERT INTO gne_vale_ferreteria_mov (vfe_id,pro_codigo_plu,vfm_cantidad,vfm_unitario,vfm_total,vfm_entregado) VALUES (3843,880015,1,3990,3990,@@@NO@@@)','',2,'2013-06-29'),(31916,'INSERT INTO gne_vale_ferreteria (vfe_id,vfe_fecha,vfe_total,vfe_estado,vfe_entregado,usu_nusuario) VALUES (3844,@@@2013.06.29@@@,1690,1,0,@@@G_DIAZ@@@)','',2,'2013-06-29'),(31917,'INSERT INTO gne_vale_ferreteria_mov (vfe_id,pro_codigo_plu,vfm_cantidad,vfm_unitario,vfm_total,vfm_entregado) VALUES (3844,20477,1,1690,1690,@@@NO@@@)','',2,'2013-06-29'),(31918,'INSERT INTO gne_vale_ferreteria (vfe_id,vfe_fecha,vfe_total,vfe_estado,vfe_entregado,usu_nusuario) VALUES (3845,@@@2013.06.29@@@,1910,1,0,@@@G_DIAZ@@@)','',2,'2013-06-29'),(31919,'INSERT INTO gne_vale_ferreteria_mov (vfe_id,pro_codigo_plu,vfm_cantidad,vfm_unitario,vfm_total,vfm_entregado) VALUES (3845,15485,1,590,590,@@@NO@@@)','',2,'2013-06-29'),(31920,'INSERT INTO gne_vale_ferreteria_mov (vfe_id,pro_codigo_plu,vfm_cantidad,vfm_unitario,vfm_total,vfm_entregado) VALUES (3845,1064,11,120,1320,@@@NO@@@)','',2,'2013-06-29'),(31921,'INSERT INTO gne_vale_ferreteria (vfe_id,vfe_fecha,vfe_total,vfe_estado,vfe_entregado,usu_nusuario) VALUES (3846,@@@2013.06.29@@@,3290,1,0,@@@G_DIAZ@@@)','',2,'2013-06-29'),(31922,'INSERT INTO gne_vale_ferreteria_mov (vfe_id,pro_codigo_plu,vfm_cantidad,vfm_unitario,vfm_total,vfm_entregado) VALUES (3846,764453,1,3290,3290,@@@NO@@@)','',2,'2013-06-29'),(31923,'INSERT INTO gne_vale_ferreteria (vfe_id,vfe_fecha,vfe_total,vfe_estado,vfe_entregado,usu_nusuario) VALUES (3847,@@@2013.06.29@@@,1000,1,0,@@@G_DIAZ@@@)','',2,'2013-06-29'),(31924,'INSERT INTO gne_vale_ferreteria_mov (vfe_id,pro_codigo_plu,vfm_cantidad,vfm_unitario,vfm_total,vfm_entregado) VALUES (3847,6007,2,500,1000,@@@NO@@@)','',2,'2013-06-29'),(31925,'INSERT INTO gne_vale_ferreteria (vfe_id,vfe_fecha,vfe_total,vfe_estado,vfe_entregado,usu_nusuario) VALUES (3848,@@@2013.06.29@@@,200,1,0,@@@G_DIAZ@@@)','',2,'2013-06-29'),(31926,'INSERT INTO gne_vale_ferreteria_mov (vfe_id,pro_codigo_plu,vfm_cantidad,vfm_unitario,vfm_total,vfm_entregado) VALUES (3848,1542,2,100,200,@@@NO@@@)','',2,'2013-06-29'),(31927,'INSERT INTO gne_vale_ferreteria (vfe_id,vfe_fecha,vfe_total,vfe_estado,vfe_entregado,usu_nusuario) VALUES (3849,@@@2013.06.29@@@,400,1,0,@@@G_DIAZ@@@)','',2,'2013-06-29'),(31928,'INSERT INTO gne_vale_ferreteria_mov (vfe_id,pro_codigo_plu,vfm_cantidad,vfm_unitario,vfm_total,vfm_entregado) VALUES (3849,880006,2,200,400,@@@NO@@@)','',2,'2013-06-29'),(31929,'INSERT INTO gne_vale_ferreteria (vfe_id,vfe_fecha,vfe_total,vfe_estado,vfe_entregado,usu_nusuario) VALUES (3850,@@@2013.06.29@@@,300,1,0,@@@G_DIAZ@@@)','',2,'2013-06-29'),(31930,'INSERT INTO gne_vale_ferreteria_mov (vfe_id,pro_codigo_plu,vfm_cantidad,vfm_unitario,vfm_total,vfm_entregado) VALUES (3850,4083,1,300,300,@@@NO@@@)','',2,'2013-06-29'),(31931,'INSERT INTO gne_vale_ferreteria (vfe_id,vfe_fecha,vfe_total,vfe_estado,vfe_entregado,usu_nusuario) VALUES (3851,@@@2013.06.29@@@,2990,1,0,@@@G_DIAZ@@@)','',2,'2013-06-29'),(31932,'INSERT INTO gne_vale_ferreteria_mov (vfe_id,pro_codigo_plu,vfm_cantidad,vfm_unitario,vfm_total,vfm_entregado) VALUES (3851,764635,1,2990,2990,@@@NO@@@)','',2,'2013-06-29'),(31933,'INSERT INTO gne_vale_ferreteria (vfe_id,vfe_fecha,vfe_total,vfe_estado,vfe_entregado,usu_nusuario) VALUES (3852,@@@2013.06.29@@@,1050,1,0,@@@G_DIAZ@@@)','',2,'2013-06-29'),(31934,'INSERT INTO gne_vale_ferreteria_mov (vfe_id,pro_codigo_plu,vfm_cantidad,vfm_unitario,vfm_total,vfm_entregado) VALUES (3852,78017206,1,1050,1050,@@@NO@@@)','',2,'2013-06-29'),(31935,'INSERT INTO gne_vale_ferreteria (vfe_id,vfe_fecha,vfe_total,vfe_estado,vfe_entregado,usu_nusuario) VALUES (3853,@@@2013.06.29@@@,840,1,0,@@@G_DIAZ@@@)','',2,'2013-06-29'),(31936,'INSERT INTO gne_vale_ferreteria_mov (vfe_id,pro_codigo_plu,vfm_cantidad,vfm_unitario,vfm_total,vfm_entregado) VALUES (3853,11670,1,840,840,@@@NO@@@)','',2,'2013-06-29'),(31937,'INSERT INTO gne_vale_ferreteria (vfe_id,vfe_fecha,vfe_total,vfe_estado,vfe_entregado,usu_nusuario) VALUES (3854,@@@2013.06.29@@@,510,1,0,@@@G_DIAZ@@@)','',2,'2013-06-29'),(31938,'INSERT INTO gne_vale_ferreteria_mov (vfe_id,pro_codigo_plu,vfm_cantidad,vfm_unitario,vfm_total,vfm_entregado) VALUES (3854,78017112,1,120,120,@@@NO@@@)','',2,'2013-06-29'),(31939,'INSERT INTO gne_vale_ferreteria_mov (vfe_id,pro_codigo_plu,vfm_cantidad,vfm_unitario,vfm_total,vfm_entregado) VALUES (3854,770002,1,390,390,@@@NO@@@)','',2,'2013-06-29'),(31940,'INSERT INTO gne_vale_ferreteria (vfe_id,vfe_fecha,vfe_total,vfe_estado,vfe_entregado,usu_nusuario) VALUES (3855,@@@2013.06.29@@@,1390,1,0,@@@G_DIAZ@@@)','',2,'2013-06-29'),(31941,'INSERT INTO gne_vale_ferreteria_mov (vfe_id,pro_codigo_plu,vfm_cantidad,vfm_unitario,vfm_total,vfm_entregado) VALUES (3855,100979,1,1390,1390,@@@NO@@@)','',2,'2013-06-29'),(31942,'INSERT INTO gne_vale_ferreteria (vfe_id,vfe_fecha,vfe_total,vfe_estado,vfe_entregado,usu_nusuario) VALUES (3856,@@@2013.06.29@@@,950,1,0,@@@G_DIAZ@@@)','',2,'2013-06-29'),(31943,'INSERT INTO gne_vale_ferreteria_mov (vfe_id,pro_codigo_plu,vfm_cantidad,vfm_unitario,vfm_total,vfm_entregado) VALUES (3856,21116,1,620,620,@@@NO@@@)','',2,'2013-06-29'),(31944,'INSERT INTO gne_vale_ferreteria_mov (vfe_id,pro_codigo_plu,vfm_cantidad,vfm_unitario,vfm_total,vfm_entregado) VALUES (3856,764507,1,330,330,@@@NO@@@)','',2,'2013-06-29'),(31945,'INSERT INTO gne_vale_ferreteria (vfe_id,vfe_fecha,vfe_total,vfe_estado,vfe_entregado,usu_nusuario) VALUES (3857,@@@2013.06.29@@@,2990,1,0,@@@G_DIAZ@@@)','',2,'2013-06-29'),(31946,'INSERT INTO gne_vale_ferreteria_mov (vfe_id,pro_codigo_plu,vfm_cantidad,vfm_unitario,vfm_total,vfm_entregado) VALUES (3857,764635,1,2990,2990,@@@NO@@@)','',2,'2013-06-29'),(31947,'INSERT INTO gne_vale_ferreteria (vfe_id,vfe_fecha,vfe_total,vfe_estado,vfe_entregado,usu_nusuario) VALUES (3858,@@@2013.06.29@@@,1550,1,0,@@@G_DIAZ@@@)','',2,'2013-06-29'),(31948,'INSERT INTO gne_vale_ferreteria_mov (vfe_id,pro_codigo_plu,vfm_cantidad,vfm_unitario,vfm_total,vfm_entregado) VALUES (3858,763672,1,1550,1550,@@@NO@@@)','',2,'2013-06-29'),(31949,'INSERT INTO gne_vale_ferreteria (vfe_id,vfe_fecha,vfe_total,vfe_estado,vfe_entregado,usu_nusuario) VALUES (3859,@@@2013.06.29@@@,3780,1,0,@@@G_DIAZ@@@)','',2,'2013-06-29'),(31950,'INSERT INTO gne_vale_ferreteria_mov (vfe_id,pro_codigo_plu,vfm_cantidad,vfm_unitario,vfm_total,vfm_entregado) VALUES (3859,763741,1,1790,1790,@@@NO@@@)','',2,'2013-06-29'),(31951,'INSERT INTO gne_vale_ferreteria_mov (vfe_id,pro_codigo_plu,vfm_cantidad,vfm_unitario,vfm_total,vfm_entregado) VALUES (3859,780721201,1,1990,1990,@@@NO@@@)','',2,'2013-06-29'),(31952,'INSERT INTO gne_vale_ferreteria (vfe_id,vfe_fecha,vfe_total,vfe_estado,vfe_entregado,usu_nusuario) VALUES (3860,@@@2013.06.29@@@,200,1,0,@@@G_DIAZ@@@)','',2,'2013-06-29'),(31953,'INSERT INTO gne_vale_ferreteria_mov (vfe_id,pro_codigo_plu,vfm_cantidad,vfm_unitario,vfm_total,vfm_entregado) VALUES (3860,18387,1,200,200,@@@NO@@@)','',2,'2013-06-29'),(31954,'INSERT INTO gne_vale_ferreteria (vfe_id,vfe_fecha,vfe_total,vfe_estado,vfe_entregado,usu_nusuario) VALUES (3861,@@@2013.06.29@@@,350,1,0,@@@G_DIAZ@@@)','',2,'2013-06-29'),(31955,'INSERT INTO gne_vale_ferreteria_mov (vfe_id,pro_codigo_plu,vfm_cantidad,vfm_unitario,vfm_total,vfm_entregado) VALUES (3861,102408,1,350,350,@@@NO@@@)','',2,'2013-06-29'),(31956,'INSERT INTO gne_vale_ferreteria (vfe_id,vfe_fecha,vfe_total,vfe_estado,vfe_entregado,usu_nusuario) VALUES (3862,@@@2013.06.29@@@,890,1,0,@@@G_DIAZ@@@)','',2,'2013-06-29'),(31957,'INSERT INTO gne_vale_ferreteria_mov (vfe_id,pro_codigo_plu,vfm_cantidad,vfm_unitario,vfm_total,vfm_entregado) VALUES (3862,764602,1,890,890,@@@NO@@@)','',2,'2013-06-29'),(31958,'INSERT INTO gne_vale_ferreteria (vfe_id,vfe_fecha,vfe_total,vfe_estado,vfe_entregado,usu_nusuario) VALUES (3863,@@@2013.06.29@@@,300,1,0,@@@G_DIAZ@@@)','',2,'2013-06-29'),(31959,'INSERT INTO gne_vale_ferreteria_mov (vfe_id,pro_codigo_plu,vfm_cantidad,vfm_unitario,vfm_total,vfm_entregado) VALUES (3863,764834,15,20,300,@@@NO@@@)','',2,'2013-06-29'),(31960,'INSERT INTO gne_vale_ferreteria (vfe_id,vfe_fecha,vfe_total,vfe_estado,vfe_entregado,usu_nusuario) VALUES (3864,@@@2013.06.29@@@,270,1,0,@@@G_DIAZ@@@)','',2,'2013-06-29'),(31961,'INSERT INTO gne_vale_ferreteria_mov (vfe_id,pro_codigo_plu,vfm_cantidad,vfm_unitario,vfm_total,vfm_entregado) VALUES (3864,20847,1,270,270,@@@NO@@@)','',2,'2013-06-29'),(31962,'UPDATE mae_productos SET pro_codigo_barra=@@@7804945027107@@@,pro_tipo=@@@0@@@,pro_nombre_producto=@@@CHUPETE BABYLAND CLASICO C-10@@@,pro_nombre_corto=@@@CHUPETE BABYLAND@@@,med_id=@@@1@@@,emb_id=@@@3@@@,pro_unidades_embalaje=@@@1@@@,dep_id=@@@21 @@@,lin_id=@@@120@@@,mar_id=@@@155@@@,pro_precio_compra_neto=@@@0@@@,pro_precio_compra_bruto=@@@0@@@,pro_precio_venta=@@@1670@@@,pro_margen_actual=@@@0@@@,pro_oferta=@@@NO@@@,pro_fecha_inicio_oferta=@@@2006.09.07@@@,pro_fecha_termino_oferta=@@@2006.09.07@@@,pro_precio_oferta=@@@0@@@,pro_stock_minimo=@@@12@@@,pro_stock_critico=@@@6@@@,pro_activo=@@@1@@@,pro_unidad=@@@0@@@,pro_precio_compra_bruto=0,pro_margen_actual=0,pro_capacidad=1,pro_funcion_plu=0,pro_flejes=1,pro_iva=1,pro_plu_asociado=0,pro_envase=@@@NO@@@,pro_duracion=0,pro_numero_etiqueta=0 WHERE pro_codigo_plu=@@@101835@@@','',2,'2013-06-29'),(31963,'UPDATE mae_productos SET pro_estado=1 WHERE pro_codigo_plu=101835','',2,'2013-06-29'),(31964,'DELETE FROM mae_impuestos_productos WHERE pro_codigo_plu=@@@101835@@@','',2,'2013-06-29'),(31965,'INSERT INTO gne_vale_ferreteria (vfe_id,vfe_fecha,vfe_total,vfe_estado,vfe_entregado,usu_nusuario) VALUES (3865,@@@2013.06.29@@@,5660,1,0,@@@G_DIAZ@@@)','',2,'2013-06-29'),(31966,'INSERT INTO gne_vale_ferreteria_mov (vfe_id,pro_codigo_plu,vfm_cantidad,vfm_unitario,vfm_total,vfm_entregado) VALUES (3865,101835,1,1670,1670,@@@NO@@@)','',2,'2013-06-29'),(31967,'INSERT INTO gne_vale_ferreteria_mov (vfe_id,pro_codigo_plu,vfm_cantidad,vfm_unitario,vfm_total,vfm_entregado) VALUES (3865,780721117,1,3990,3990,@@@NO@@@)','',2,'2013-06-29'),(31968,'INSERT INTO gne_vale_ferreteria (vfe_id,vfe_fecha,vfe_total,vfe_estado,vfe_entregado,usu_nusuario) VALUES (3866,@@@2013.06.29@@@,2230,1,0,@@@G_DIAZ@@@)','',2,'2013-06-29'),(31969,'INSERT INTO gne_vale_ferreteria_mov (vfe_id,pro_codigo_plu,vfm_cantidad,vfm_unitario,vfm_total,vfm_entregado) VALUES (3866,770097,5,350,1750,@@@NO@@@)','',2,'2013-06-29'),(31970,'INSERT INTO gne_vale_ferreteria_mov (vfe_id,pro_codigo_plu,vfm_cantidad,vfm_unitario,vfm_total,vfm_entregado) VALUES (3866,770096,1,480,480,@@@NO@@@)','',2,'2013-06-29'),(31971,'INSERT INTO gne_vale_ferreteria (vfe_id,vfe_fecha,vfe_total,vfe_estado,vfe_entregado,usu_nusuario) VALUES (3867,@@@2013.06.29@@@,3590,1,0,@@@G_DIAZ@@@)','',2,'2013-06-29'),(31972,'INSERT INTO gne_vale_ferreteria_mov (vfe_id,pro_codigo_plu,vfm_cantidad,vfm_unitario,vfm_total,vfm_entregado) VALUES (3867,763054,1,3590,3590,@@@NO@@@)','',2,'2013-06-29'),(31973,'INSERT INTO gne_vale_ferreteria (vfe_id,vfe_fecha,vfe_total,vfe_estado,vfe_entregado,usu_nusuario) VALUES (3868,@@@2013.06.29@@@,1290,1,0,@@@G_DIAZ@@@)','',2,'2013-06-29'),(31974,'INSERT INTO gne_vale_ferreteria_mov (vfe_id,pro_codigo_plu,vfm_cantidad,vfm_unitario,vfm_total,vfm_entregado) VALUES (3868,780721118,1,1290,1290,@@@NO@@@)','',2,'2013-06-29'),(31975,'INSERT INTO gne_vale_ferreteria (vfe_id,vfe_fecha,vfe_total,vfe_estado,vfe_entregado,usu_nusuario) VALUES (3869,@@@2013.06.29@@@,290,1,0,@@@G_DIAZ@@@)','',2,'2013-06-29'),(31976,'INSERT INTO gne_vale_ferreteria_mov (vfe_id,pro_codigo_plu,vfm_cantidad,vfm_unitario,vfm_total,vfm_entregado) VALUES (3869,12161,1,290,290,@@@NO@@@)','',2,'2013-06-29'),(31977,'INSERT INTO gne_vale_ferreteria (vfe_id,vfe_fecha,vfe_total,vfe_estado,vfe_entregado,usu_nusuario) VALUES (3870,@@@2013.06.29@@@,660,1,0,@@@G_DIAZ@@@)','',2,'2013-06-29'),(31978,'INSERT INTO gne_vale_ferreteria_mov (vfe_id,pro_codigo_plu,vfm_cantidad,vfm_unitario,vfm_total,vfm_entregado) VALUES (3870,763624,1,660,660,@@@NO@@@)','',2,'2013-06-29'),(31979,'INSERT INTO gne_vale_ferreteria (vfe_id,vfe_fecha,vfe_total,vfe_estado,vfe_entregado,usu_nusuario) VALUES (3871,@@@2013.06.29@@@,2280,1,0,@@@G_DIAZ@@@)','',2,'2013-06-29'),(31980,'INSERT INTO gne_vale_ferreteria_mov (vfe_id,pro_codigo_plu,vfm_cantidad,vfm_unitario,vfm_total,vfm_entregado) VALUES (3871,764514,1,1890,1890,@@@NO@@@)','',2,'2013-06-29'),(31981,'INSERT INTO gne_vale_ferreteria_mov (vfe_id,pro_codigo_plu,vfm_cantidad,vfm_unitario,vfm_total,vfm_entregado) VALUES (3871,1535,1,390,390,@@@NO@@@)','',2,'2013-06-29'),(31982,'INSERT INTO gne_vale_ferreteria (vfe_id,vfe_fecha,vfe_total,vfe_estado,vfe_entregado,usu_nusuario) VALUES (3872,@@@2013.06.29@@@,650,1,0,@@@G_DIAZ@@@)','',2,'2013-06-29'),(31983,'INSERT INTO gne_vale_ferreteria_mov (vfe_id,pro_codigo_plu,vfm_cantidad,vfm_unitario,vfm_total,vfm_entregado) VALUES (3872,20836,1,650,650,@@@NO@@@)','',2,'2013-06-29'),(31984,'INSERT INTO gne_vale_ferreteria (vfe_id,vfe_fecha,vfe_total,vfe_estado,vfe_entregado,usu_nusuario) VALUES (3873,@@@2013.06.29@@@,960,1,0,@@@G_DIAZ@@@)','',2,'2013-06-29'),(31985,'INSERT INTO gne_vale_ferreteria_mov (vfe_id,pro_codigo_plu,vfm_cantidad,vfm_unitario,vfm_total,vfm_entregado) VALUES (3873,15935,2,480,960,@@@NO@@@)','',2,'2013-06-29'),(31986,'INSERT INTO gne_vale_ferreteria (vfe_id,vfe_fecha,vfe_total,vfe_estado,vfe_entregado,usu_nusuario) VALUES (3874,@@@2013.06.29@@@,590,1,0,@@@G_DIAZ@@@)','',2,'2013-06-29'),(31987,'INSERT INTO gne_vale_ferreteria_mov (vfe_id,pro_codigo_plu,vfm_cantidad,vfm_unitario,vfm_total,vfm_entregado) VALUES (3874,764287,1,590,590,@@@NO@@@)','',2,'2013-06-29'),(31988,'INSERT INTO gne_vale_ferreteria (vfe_id,vfe_fecha,vfe_total,vfe_estado,vfe_entregado,usu_nusuario) VALUES (3875,@@@2013.06.29@@@,1890,1,0,@@@G_DIAZ@@@)','',2,'2013-06-29'),(31989,'INSERT INTO gne_vale_ferreteria_mov (vfe_id,pro_codigo_plu,vfm_cantidad,vfm_unitario,vfm_total,vfm_entregado) VALUES (3875,101680,1,1890,1890,@@@NO@@@)','',2,'2013-06-29'),(31990,'INSERT INTO gne_vale_ferreteria (vfe_id,vfe_fecha,vfe_total,vfe_estado,vfe_entregado,usu_nusuario) VALUES (3876,@@@2013.06.29@@@,230,1,0,@@@G_DIAZ@@@)','',2,'2013-06-29'),(31991,'INSERT INTO gne_vale_ferreteria_mov (vfe_id,pro_codigo_plu,vfm_cantidad,vfm_unitario,vfm_total,vfm_entregado) VALUES (3876,763811,1,230,230,@@@NO@@@)','',2,'2013-06-29'),(31992,'UPDATE mae_productos SET pro_codigo_barra=@@@7441005019117@@@,pro_tipo=@@@0@@@,pro_nombre_producto=@@@BATERIA PANASONIC 9V UND@@@,pro_nombre_corto=@@@BATERIA PANASONI@@@,med_id=@@@1@@@,emb_id=@@@3@@@,pro_unidades_embalaje=@@@0@@@,dep_id=@@@2 @@@,lin_id=@@@43@@@,mar_id=@@@1484@@@,pro_precio_compra_neto=@@@0@@@,pro_precio_compra_bruto=@@@0@@@,pro_precio_venta=@@@890@@@,pro_margen_actual=@@@0@@@,pro_oferta=@@@NO@@@,pro_fecha_inicio_oferta=@@@2013.04.29@@@,pro_fecha_termino_oferta=@@@2013.04.29@@@,pro_precio_oferta=@@@0@@@,pro_stock_minimo=@@@0@@@,pro_stock_critico=@@@0@@@,pro_activo=@@@1@@@,pro_unidad=@@@0@@@,pro_precio_compra_bruto=0,pro_margen_actual=0,pro_capacidad=1,pro_funcion_plu=0,pro_flejes=1,pro_iva=1,pro_plu_asociado=0,pro_envase=@@@NO@@@,pro_duracion=0,pro_numero_etiqueta=0 WHERE pro_codigo_plu=@@@763980@@@','',2,'2013-06-29'),(31993,'UPDATE mae_productos SET pro_estado=1 WHERE pro_codigo_plu=763980','',2,'2013-06-29'),(31994,'DELETE FROM mae_impuestos_productos WHERE pro_codigo_plu=@@@763980@@@','',2,'2013-06-29'),(31995,'INSERT INTO mae_productos (pro_codigo_plu,pro_codigo_barra,pro_tipo,pro_nombre_producto,pro_nombre_corto,med_id,emb_id,pro_unidades_embalaje,dep_id,lin_id,mar_id,pro_precio_compra_neto,pro_precio_compra_bruto,pro_precio_venta,pro_margen_actual,pro_oferta,pro_fecha_inicio_oferta,pro_fecha_termino_oferta,pro_precio_oferta,pro_stock_minimo,pro_stock_critico,pro_entradas_bodega,pro_salidas_bodega,pro_mermas_bodega,pro_ajustes_bodega,pro_entradas_sv,pro_salidas_sv,pro_mermas_sv,pro_ajustes_sv,pro_activo,rec_numero,pro_unidad,pro_capacidad,pro_consumo_bodega,pro_consumo_sv,pro_estado,pro_funcion_plu,pro_flejes,pro_iva,pro_plu_asociado,pro_envase,pro_duracion,pro_numero_etiqueta) VALUES (780721262,@@@77854@@@,@@@0@@@,@@@JUGUETE TALADRO VERDE@@@,@@@JUGUETE TALADRO @@@,@@@1 @@@,@@@3 @@@,@@@0@@@,@@@23 @@@,@@@135@@@,@@@2507@@@,@@@0@@@,@@@0@@@,@@@4990@@@,@@@0@@@,@@@@@@,@@@2013.06.29@@@,@@@2013.06.29@@@,@@@0@@@,@@@0@@@,@@@0@@@,@@@0@@@,@@@0@@@,@@@0@@@,@@@0@@@,@@@0@@@,@@@0@@@,@@@0@@@,@@@0@@@,@@@1@@@,@@@0@@@,0,1,0,0,2,0,1,1,0,@@@NO@@@,0,0)','',2,'2013-06-29'),(31996,'DELETE FROM mae_impuestos_productos WHERE pro_codigo_plu=@@@780721262@@@','',2,'2013-06-29'),(31997,'INSERT INTO gne_vale_ferreteria (vfe_id,vfe_fecha,vfe_total,vfe_estado,vfe_entregado,usu_nusuario) VALUES (3877,@@@2013.06.29@@@,600,1,0,@@@G_DIAZ@@@)','',2,'2013-06-29'),(31998,'INSERT INTO gne_vale_ferreteria_mov (vfe_id,pro_codigo_plu,vfm_cantidad,vfm_unitario,vfm_total,vfm_entregado) VALUES (3877,764834,20,20,400,@@@NO@@@)','',2,'2013-06-29'),(31999,'INSERT INTO gne_vale_ferreteria_mov (vfe_id,pro_codigo_plu,vfm_cantidad,vfm_unitario,vfm_total,vfm_entregado) VALUES (3877,1069,1,200,200,@@@NO@@@)','',2,'2013-06-29'),(32000,'UPDATE mae_productos SET pro_margen_actual=0,pro_precio_venta=890 WHERE pro_codigo_plu=763980','',2,'2013-06-29'),(32001,'UPDATE mae_productos SET pro_margen_actual=0,pro_precio_venta=2490 WHERE pro_codigo_plu=17996','',2,'2013-06-29'),(32002,'UPDATE mae_productos SET pro_margen_actual=0,pro_precio_venta=1670 WHERE pro_codigo_plu=101835','',2,'2013-06-29'),(32003,'UPDATE mae_productos SET pro_margen_actual=0,pro_precio_venta=4990 WHERE pro_codigo_plu=780721262','',2,'2013-06-29'),(32004,'UPDATE mae_productos SET pro_margen_actual=0,pro_precio_venta=350 WHERE pro_codigo_plu=804','',2,'2013-06-29'),(32005,'INSERT INTO gne_vale_ferreteria (vfe_id,vfe_fecha,vfe_total,vfe_estado,vfe_entregado,usu_nusuario) VALUES (3878,@@@2013.06.29@@@,1450,1,0,@@@G_DIAZ@@@)','',2,'2013-06-29'),(32006,'INSERT INTO gne_vale_ferreteria_mov (vfe_id,pro_codigo_plu,vfm_cantidad,vfm_unitario,vfm_total,vfm_entregado) VALUES (3878,15668,1,1450,1450,@@@NO@@@)','',2,'2013-06-29'),(32007,'UPDATE mae_productos SET pro_precio_fiscal=pro_precio_venta WHERE pro_codigo_plu=763980','',2,'2013-06-29'),(32008,'UPDATE mae_productos SET pro_precio_fiscal=pro_precio_venta WHERE pro_codigo_plu=780721262','',2,'2013-06-29'),(32009,'UPDATE mae_productos SET pro_precio_fiscal=pro_precio_venta WHERE pro_codigo_plu=17996','',2,'2013-06-29'),(32010,'UPDATE mae_productos SET pro_precio_fiscal=pro_precio_venta WHERE pro_codigo_plu=101835','',2,'2013-06-29'),(32011,'UPDATE mae_productos SET pro_precio_fiscal=pro_precio_venta WHERE pro_codigo_plu=804','',2,'2013-06-29'),(32012,'INSERT INTO gne_vale_ferreteria (vfe_id,vfe_fecha,vfe_total,vfe_estado,vfe_entregado,usu_nusuario) VALUES (3879,@@@2013.06.29@@@,390,1,0,@@@G_DIAZ@@@)','',2,'2013-06-29'),(32013,'INSERT INTO gne_vale_ferreteria_mov (vfe_id,pro_codigo_plu,vfm_cantidad,vfm_unitario,vfm_total,vfm_entregado) VALUES (3879,8023,1,390,390,@@@NO@@@)','',2,'2013-06-29'),(32014,'INSERT INTO gne_vale_ferreteria (vfe_id,vfe_fecha,vfe_total,vfe_estado,vfe_entregado,usu_nusuario) VALUES (3880,@@@2013.06.29@@@,2690,1,0,@@@G_DIAZ@@@)','',2,'2013-06-29'),(32015,'INSERT INTO gne_vale_ferreteria_mov (vfe_id,pro_codigo_plu,vfm_cantidad,vfm_unitario,vfm_total,vfm_entregado) VALUES (3880,100900,1,2690,2690,@@@NO@@@)','',2,'2013-06-29'),(32016,'INSERT INTO gne_vale_ferreteria (vfe_id,vfe_fecha,vfe_total,vfe_estado,vfe_entregado,usu_nusuario) VALUES (3881,@@@2013.06.29@@@,220,1,0,@@@G_DIAZ@@@)','',2,'2013-06-29'),(32017,'INSERT INTO gne_vale_ferreteria_mov (vfe_id,pro_codigo_plu,vfm_cantidad,vfm_unitario,vfm_total,vfm_entregado) VALUES (3881,763783,1,220,220,@@@NO@@@)','',2,'2013-06-29'),(32018,'INSERT INTO gne_vale_ferreteria (vfe_id,vfe_fecha,vfe_total,vfe_estado,vfe_entregado,usu_nusuario) VALUES (3882,@@@2013.06.29@@@,600,1,0,@@@G_DIAZ@@@)','',2,'2013-06-29'),(32019,'INSERT INTO gne_vale_ferreteria_mov (vfe_id,pro_codigo_plu,vfm_cantidad,vfm_unitario,vfm_total,vfm_entregado) VALUES (3882,780721222,2,300,600,@@@NO@@@)','',2,'2013-06-29'),(32020,'INSERT INTO gne_vale_ferreteria (vfe_id,vfe_fecha,vfe_total,vfe_estado,vfe_entregado,usu_nusuario) VALUES (3883,@@@2013.06.29@@@,790,1,0,@@@G_DIAZ@@@)','',2,'2013-06-29'),(32021,'INSERT INTO gne_vale_ferreteria_mov (vfe_id,pro_codigo_plu,vfm_cantidad,vfm_unitario,vfm_total,vfm_entregado) VALUES (3883,101454,1,790,790,@@@NO@@@)','',2,'2013-06-29'),(32022,'INSERT INTO gne_vale_ferreteria (vfe_id,vfe_fecha,vfe_total,vfe_estado,vfe_entregado,usu_nusuario) VALUES (3884,@@@2013.06.29@@@,980,1,0,@@@G_DIAZ@@@)','',2,'2013-06-29'),(32023,'INSERT INTO gne_vale_ferreteria_mov (vfe_id,pro_codigo_plu,vfm_cantidad,vfm_unitario,vfm_total,vfm_entregado) VALUES (3884,1021,2,490,980,@@@NO@@@)','',2,'2013-06-29'),(32024,'INSERT INTO gne_vale_ferreteria (vfe_id,vfe_fecha,vfe_total,vfe_estado,vfe_entregado,usu_nusuario) VALUES (3885,@@@2013.06.29@@@,790,1,0,@@@G_DIAZ@@@)','',2,'2013-06-29'),(32025,'INSERT INTO gne_vale_ferreteria_mov (vfe_id,pro_codigo_plu,vfm_cantidad,vfm_unitario,vfm_total,vfm_entregado) VALUES (3885,101454,1,790,790,@@@NO@@@)','',2,'2013-06-29'),(32026,'INSERT INTO gne_vale_ferreteria (vfe_id,vfe_fecha,vfe_total,vfe_estado,vfe_entregado,usu_nusuario) VALUES (3886,@@@2013.06.29@@@,130,1,0,@@@G_DIAZ@@@)','',2,'2013-06-29'),(32027,'INSERT INTO gne_vale_ferreteria_mov (vfe_id,pro_codigo_plu,vfm_cantidad,vfm_unitario,vfm_total,vfm_entregado) VALUES (3886,15967,1,130,130,@@@NO@@@)','',2,'2013-06-29'),(32028,'INSERT INTO gne_vale_ferreteria (vfe_id,vfe_fecha,vfe_total,vfe_estado,vfe_entregado,usu_nusuario) VALUES (3887,@@@2013.06.29@@@,1190,1,0,@@@G_DIAZ@@@)','',2,'2013-06-29'),(32029,'INSERT INTO gne_vale_ferreteria_mov (vfe_id,pro_codigo_plu,vfm_cantidad,vfm_unitario,vfm_total,vfm_entregado) VALUES (3887,763787,1,450,450,@@@NO@@@)','',2,'2013-06-29'),(32030,'INSERT INTO gne_vale_ferreteria_mov (vfe_id,pro_codigo_plu,vfm_cantidad,vfm_unitario,vfm_total,vfm_entregado) VALUES (3887,2026,1,390,390,@@@NO@@@)','',2,'2013-06-29'),(32031,'INSERT INTO gne_vale_ferreteria_mov (vfe_id,pro_codigo_plu,vfm_cantidad,vfm_unitario,vfm_total,vfm_entregado) VALUES (3887,763721,1,350,350,@@@NO@@@)','',2,'2013-06-29'),(32032,'UPDATE mae_productos SET pro_codigo_barra=@@@710@@@,pro_tipo=@@@0@@@,pro_nombre_producto=@@@DOKO CACHORRO CARNE ASADA@@@,pro_nombre_corto=@@@DOKO CACHORRO CA@@@,med_id=@@@1@@@,emb_id=@@@1@@@,pro_unidades_embalaje=@@@1@@@,dep_id=@@@42 @@@,lin_id=@@@211@@@,mar_id=@@@2507@@@,pro_precio_compra_neto=@@@0@@@,pro_precio_compra_bruto=@@@0@@@,pro_precio_venta=@@@1350@@@,pro_margen_actual=@@@1@@@,pro_oferta=@@@NO@@@,pro_fecha_inicio_oferta=@@@1900.01.01@@@,pro_fecha_termino_oferta=@@@1900.01.01@@@,pro_precio_oferta=@@@0@@@,pro_stock_minimo=@@@1@@@,pro_stock_critico=@@@1@@@,pro_activo=@@@1@@@,pro_unidad=@@@0@@@,pro_precio_compra_bruto=0,pro_margen_actual=1,pro_capacidad=1,pro_funcion_plu=0,pro_flejes=0,pro_iva=1,pro_plu_asociado=0,pro_envase=@@@NO@@@,pro_duracion=0,pro_numero_etiqueta=0 WHERE pro_codigo_plu=@@@710@@@','',2,'2013-06-29'),(32033,'UPDATE mae_productos SET pro_estado=1 WHERE pro_codigo_plu=710','',2,'2013-06-29'),(32034,'DELETE FROM mae_impuestos_productos WHERE pro_codigo_plu=@@@710@@@','',2,'2013-06-29'),(32035,'UPDATE mae_productos SET pro_margen_actual=0,pro_precio_venta=1350 WHERE pro_codigo_plu=710','',2,'2013-06-29'),(32036,'UPDATE mae_productos SET pro_precio_fiscal=pro_precio_venta WHERE pro_codigo_plu=710','',2,'2013-06-29'),(32037,'INSERT INTO gne_vale_ferreteria (vfe_id,vfe_fecha,vfe_total,vfe_estado,vfe_entregado,usu_nusuario) VALUES (3888,@@@2013.06.29@@@,960,1,0,@@@G_DIAZ@@@)','',2,'2013-06-29'),(32038,'INSERT INTO gne_vale_ferreteria_mov (vfe_id,pro_codigo_plu,vfm_cantidad,vfm_unitario,vfm_total,vfm_entregado) VALUES (3888,15935,2,480,960,@@@NO@@@)','',2,'2013-06-29'),(32039,'INSERT INTO gne_vale_ferreteria (vfe_id,vfe_fecha,vfe_total,vfe_estado,vfe_entregado,usu_nusuario) VALUES (3889,@@@2013.06.29@@@,580,1,0,@@@G_DIAZ@@@)','',2,'2013-06-29'),(32040,'INSERT INTO gne_vale_ferreteria_mov (vfe_id,pro_codigo_plu,vfm_cantidad,vfm_unitario,vfm_total,vfm_entregado) VALUES (3889,3103,2,290,580,@@@NO@@@)','',2,'2013-06-29'),(32041,'INSERT INTO gne_vale_ferreteria (vfe_id,vfe_fecha,vfe_total,vfe_estado,vfe_entregado,usu_nusuario) VALUES (3890,@@@2013.06.29@@@,120,1,0,@@@G_DIAZ@@@)','',2,'2013-06-29'),(32042,'INSERT INTO gne_vale_ferreteria_mov (vfe_id,pro_codigo_plu,vfm_cantidad,vfm_unitario,vfm_total,vfm_entregado) VALUES (3890,761334,1,120,120,@@@NO@@@)','',2,'2013-06-29'),(32043,'INSERT INTO gne_vale_ferreteria (vfe_id,vfe_fecha,vfe_total,vfe_estado,vfe_entregado,usu_nusuario) VALUES (3891,@@@2013.06.29@@@,600,1,0,@@@G_DIAZ@@@)','',2,'2013-06-29'),(32044,'INSERT INTO gne_vale_ferreteria_mov (vfe_id,pro_codigo_plu,vfm_cantidad,vfm_unitario,vfm_total,vfm_entregado) VALUES (3891,78017007,5,120,600,@@@NO@@@)','',2,'2013-06-29'),(32045,'INSERT INTO gne_vale_ferreteria (vfe_id,vfe_fecha,vfe_total,vfe_estado,vfe_entregado,usu_nusuario) VALUES (3892,@@@2013.06.29@@@,1490,1,0,@@@G_DIAZ@@@)','',2,'2013-06-29'),(32046,'INSERT INTO gne_vale_ferreteria_mov (vfe_id,pro_codigo_plu,vfm_cantidad,vfm_unitario,vfm_total,vfm_entregado) VALUES (3892,11161,1,1490,1490,@@@NO@@@)','',2,'2013-06-29'),(32047,'UPDATE mae_productos SET pro_codigo_barra=@@@4133300098@@@,pro_tipo=@@@0@@@,pro_nombre_producto=@@@PILA DURACELL C ALCALINA X 2 UND@@@,pro_nombre_corto=@@@PILA DURACELL D@@@,med_id=@@@1@@@,emb_id=@@@4@@@,pro_unidades_embalaje=@@@1@@@,dep_id=@@@2 @@@,lin_id=@@@41@@@,mar_id=@@@2004@@@,pro_precio_compra_neto=@@@0@@@,pro_precio_compra_bruto=@@@0@@@,pro_precio_venta=@@@820@@@,pro_margen_actual=@@@0@@@,pro_oferta=@@@NO@@@,pro_fecha_inicio_oferta=@@@1900.01.01@@@,pro_fecha_termino_oferta=@@@1900.01.01@@@,pro_precio_oferta=@@@0@@@,pro_stock_minimo=@@@0@@@,pro_stock_critico=@@@0@@@,pro_activo=@@@1@@@,pro_unidad=@@@0@@@,pro_precio_compra_bruto=0,pro_margen_actual=0,pro_capacidad=2,pro_funcion_plu=0,pro_flejes=1,pro_iva=1,pro_plu_asociado=0,pro_envase=@@@NO@@@,pro_duracion=0,pro_numero_etiqueta=0 WHERE pro_codigo_plu=@@@15921@@@','',2,'2013-06-29'),(32048,'UPDATE mae_productos SET pro_estado=1 WHERE pro_codigo_plu=15921','',2,'2013-06-29'),(32049,'DELETE FROM mae_impuestos_productos WHERE pro_codigo_plu=@@@15921@@@','',2,'2013-06-29'),(32050,'INSERT INTO gne_vale_ferreteria (vfe_id,vfe_fecha,vfe_total,vfe_estado,vfe_entregado,usu_nusuario) VALUES (3893,@@@2013.06.29@@@,3760,1,0,@@@G_DIAZ@@@)','',2,'2013-06-29'),(32051,'INSERT INTO gne_vale_ferreteria_mov (vfe_id,pro_codigo_plu,vfm_cantidad,vfm_unitario,vfm_total,vfm_entregado) VALUES (3893,15921,4,820,3280,@@@NO@@@)','',2,'2013-06-29'),(32052,'INSERT INTO gne_vale_ferreteria_mov (vfe_id,pro_codigo_plu,vfm_cantidad,vfm_unitario,vfm_total,vfm_entregado) VALUES (3893,15935,1,480,480,@@@NO@@@)','',2,'2013-06-29'),(32053,'INSERT INTO gne_vale_ferreteria (vfe_id,vfe_fecha,vfe_total,vfe_estado,vfe_entregado,usu_nusuario) VALUES (3894,@@@2013.06.29@@@,680,1,0,@@@G_DIAZ@@@)','',2,'2013-06-29'),(32054,'INSERT INTO gne_vale_ferreteria_mov (vfe_id,pro_codigo_plu,vfm_cantidad,vfm_unitario,vfm_total,vfm_entregado) VALUES (3894,19866,1,680,680,@@@NO@@@)','',2,'2013-06-29'),(32055,'INSERT INTO gne_vale_ferreteria (vfe_id,vfe_fecha,vfe_total,vfe_estado,vfe_entregado,usu_nusuario) VALUES (3895,@@@2013.06.29@@@,150,1,0,@@@G_DIAZ@@@)','',2,'2013-06-29'),(32056,'INSERT INTO gne_vale_ferreteria_mov (vfe_id,pro_codigo_plu,vfm_cantidad,vfm_unitario,vfm_total,vfm_entregado) VALUES (3895,78017012,1,150,150,@@@NO@@@)','',2,'2013-06-29'),(32057,'INSERT INTO gne_vale_ferreteria (vfe_id,vfe_fecha,vfe_total,vfe_estado,vfe_entregado,usu_nusuario) VALUES (3896,@@@2013.06.29@@@,4990,1,0,@@@G_DIAZ@@@)','',2,'2013-06-29'),(32058,'INSERT INTO gne_vale_ferreteria_mov (vfe_id,pro_codigo_plu,vfm_cantidad,vfm_unitario,vfm_total,vfm_entregado) VALUES (3896,78017044,1,4990,4990,@@@NO@@@)','',2,'2013-06-29'),(32059,'INSERT INTO gne_vale_ferreteria (vfe_id,vfe_fecha,vfe_total,vfe_estado,vfe_entregado,usu_nusuario) VALUES (3897,@@@2013.06.29@@@,2380,1,0,@@@G_DIAZ@@@)','',2,'2013-06-29'),(32060,'INSERT INTO gne_vale_ferreteria_mov (vfe_id,pro_codigo_plu,vfm_cantidad,vfm_unitario,vfm_total,vfm_entregado) VALUES (3897,8689,2,1190,2380,@@@NO@@@)','',2,'2013-06-29'),(32061,'INSERT INTO gne_vale_ferreteria (vfe_id,vfe_fecha,vfe_total,vfe_estado,vfe_entregado,usu_nusuario) VALUES (3898,@@@2013.06.29@@@,330,1,0,@@@G_DIAZ@@@)','',2,'2013-06-29'),(32062,'INSERT INTO gne_vale_ferreteria_mov (vfe_id,pro_codigo_plu,vfm_cantidad,vfm_unitario,vfm_total,vfm_entregado) VALUES (3898,19918,1,330,330,@@@NO@@@)','',2,'2013-06-29'),(32063,'INSERT INTO gne_vale_ferreteria (vfe_id,vfe_fecha,vfe_total,vfe_estado,vfe_entregado,usu_nusuario) VALUES (3899,@@@2013.06.29@@@,390,1,0,@@@G_DIAZ@@@)','',2,'2013-06-29'),(32064,'INSERT INTO gne_vale_ferreteria_mov (vfe_id,pro_codigo_plu,vfm_cantidad,vfm_unitario,vfm_total,vfm_entregado) VALUES (3899,1554,1,390,390,@@@NO@@@)','',2,'2013-06-29'),(32065,'INSERT INTO gne_vale_ferreteria (vfe_id,vfe_fecha,vfe_total,vfe_estado,vfe_entregado,usu_nusuario) VALUES (3900,@@@2013.06.29@@@,2380,1,0,@@@G_DIAZ@@@)','',2,'2013-06-29'),(32066,'INSERT INTO gne_vale_ferreteria_mov (vfe_id,pro_codigo_plu,vfm_cantidad,vfm_unitario,vfm_total,vfm_entregado) VALUES (3900,8689,2,1190,2380,@@@NO@@@)','',2,'2013-06-29'),(32067,'INSERT INTO gne_vale_ferreteria (vfe_id,vfe_fecha,vfe_total,vfe_estado,vfe_entregado,usu_nusuario) VALUES (3901,@@@2013.06.29@@@,990,1,0,@@@G_DIAZ@@@)','',2,'2013-06-29'),(32068,'INSERT INTO gne_vale_ferreteria_mov (vfe_id,pro_codigo_plu,vfm_cantidad,vfm_unitario,vfm_total,vfm_entregado) VALUES (3901,765038,1,990,990,@@@NO@@@)','',2,'2013-06-29'),(32069,'INSERT INTO gne_vale_ferreteria (vfe_id,vfe_fecha,vfe_total,vfe_estado,vfe_entregado,usu_nusuario) VALUES (3902,@@@2013.06.29@@@,4220,1,0,@@@G_DIAZ@@@)','',2,'2013-06-29'),(32070,'INSERT INTO gne_vale_ferreteria_mov (vfe_id,pro_codigo_plu,vfm_cantidad,vfm_unitario,vfm_total,vfm_entregado) VALUES (3902,1535,1,390,390,@@@NO@@@)','',2,'2013-06-29'),(32071,'INSERT INTO gne_vale_ferreteria_mov (vfe_id,pro_codigo_plu,vfm_cantidad,vfm_unitario,vfm_total,vfm_entregado) VALUES (3902,765066,1,2990,2990,@@@NO@@@)','',2,'2013-06-29'),(32072,'INSERT INTO gne_vale_ferreteria_mov (vfe_id,pro_codigo_plu,vfm_cantidad,vfm_unitario,vfm_total,vfm_entregado) VALUES (3902,764766,2,120,240,@@@NO@@@)','',2,'2013-06-29'),(32073,'INSERT INTO gne_vale_ferreteria_mov (vfe_id,pro_codigo_plu,vfm_cantidad,vfm_unitario,vfm_total,vfm_entregado) VALUES (3902,78017007,5,120,600,@@@NO@@@)','',2,'2013-06-29'),(32074,'INSERT INTO gne_vale_ferreteria (vfe_id,vfe_fecha,vfe_total,vfe_estado,vfe_entregado,usu_nusuario) VALUES (3903,@@@2013.06.29@@@,1990,1,0,@@@G_DIAZ@@@)','',2,'2013-06-29'),(32075,'INSERT INTO gne_vale_ferreteria_mov (vfe_id,pro_codigo_plu,vfm_cantidad,vfm_unitario,vfm_total,vfm_entregado) VALUES (3903,262253,1,1990,1990,@@@NO@@@)','',2,'2013-06-29'),(32076,'INSERT INTO gne_vale_ferreteria (vfe_id,vfe_fecha,vfe_total,vfe_estado,vfe_entregado,usu_nusuario) VALUES (3904,@@@2013.06.29@@@,290,1,0,@@@G_DIAZ@@@)','',2,'2013-06-29'),(32077,'INSERT INTO gne_vale_ferreteria_mov (vfe_id,pro_codigo_plu,vfm_cantidad,vfm_unitario,vfm_total,vfm_entregado) VALUES (3904,1536,1,290,290,@@@NO@@@)','',2,'2013-06-29'),(32078,'INSERT INTO gne_vale_ferreteria (vfe_id,vfe_fecha,vfe_total,vfe_estado,vfe_entregado,usu_nusuario) VALUES (3905,@@@2013.06.29@@@,1300,1,0,@@@G_DIAZ@@@)','',2,'2013-06-29'),(32079,'INSERT INTO gne_vale_ferreteria_mov (vfe_id,pro_codigo_plu,vfm_cantidad,vfm_unitario,vfm_total,vfm_entregado) VALUES (3905,78017013,2,650,1300,@@@NO@@@)','',2,'2013-06-29'),(32080,'INSERT INTO gne_vale_ferreteria (vfe_id,vfe_fecha,vfe_total,vfe_estado,vfe_entregado,usu_nusuario) VALUES (3906,@@@2013.06.29@@@,1490,1,0,@@@G_DIAZ@@@)','',2,'2013-06-29'),(32081,'INSERT INTO gne_vale_ferreteria_mov (vfe_id,pro_codigo_plu,vfm_cantidad,vfm_unitario,vfm_total,vfm_entregado) VALUES (3906,764957,1,1490,1490,@@@NO@@@)','',2,'2013-06-29'),(32082,'INSERT INTO gne_vale_ferreteria (vfe_id,vfe_fecha,vfe_total,vfe_estado,vfe_entregado,usu_nusuario) VALUES (3907,@@@2013.06.29@@@,430,1,0,@@@G_DIAZ@@@)','',2,'2013-06-29'),(32083,'INSERT INTO gne_vale_ferreteria_mov (vfe_id,pro_codigo_plu,vfm_cantidad,vfm_unitario,vfm_total,vfm_entregado) VALUES (3907,16664,1,430,430,@@@NO@@@)','',2,'2013-06-29'),(32084,'INSERT INTO gne_vale_ferreteria (vfe_id,vfe_fecha,vfe_total,vfe_estado,vfe_entregado,usu_nusuario) VALUES (3908,@@@2013.06.29@@@,900,1,0,@@@G_DIAZ@@@)','',2,'2013-06-29'),(32085,'INSERT INTO gne_vale_ferreteria_mov (vfe_id,pro_codigo_plu,vfm_cantidad,vfm_unitario,vfm_total,vfm_entregado) VALUES (3908,3100,2,450,900,@@@NO@@@)','',2,'2013-06-29'),(32086,'INSERT INTO gne_vale_ferreteria (vfe_id,vfe_fecha,vfe_total,vfe_estado,vfe_entregado,usu_nusuario) VALUES (3909,@@@2013.06.29@@@,1690,1,0,@@@G_DIAZ@@@)','',2,'2013-06-29'),(32087,'INSERT INTO gne_vale_ferreteria_mov (vfe_id,pro_codigo_plu,vfm_cantidad,vfm_unitario,vfm_total,vfm_entregado) VALUES (3909,763981,1,1690,1690,@@@NO@@@)','',2,'2013-06-29'),(32088,'INSERT INTO gne_vale_ferreteria (vfe_id,vfe_fecha,vfe_total,vfe_estado,vfe_entregado,usu_nusuario) VALUES (3910,@@@2013.06.29@@@,650,1,0,@@@G_DIAZ@@@)','',2,'2013-06-29'),(32089,'INSERT INTO gne_vale_ferreteria_mov (vfe_id,pro_codigo_plu,vfm_cantidad,vfm_unitario,vfm_total,vfm_entregado) VALUES (3910,78017013,1,650,650,@@@NO@@@)','',2,'2013-06-29'),(32090,'INSERT INTO gne_vale_ferreteria (vfe_id,vfe_fecha,vfe_total,vfe_estado,vfe_entregado,usu_nusuario) VALUES (3911,@@@2013.06.29@@@,780,1,0,@@@G_DIAZ@@@)','',2,'2013-06-29'),(32091,'INSERT INTO gne_vale_ferreteria_mov (vfe_id,pro_codigo_plu,vfm_cantidad,vfm_unitario,vfm_total,vfm_entregado) VALUES (3911,1535,2,390,780,@@@NO@@@)','',2,'2013-06-29'),(32092,'INSERT INTO gne_vale_ferreteria (vfe_id,vfe_fecha,vfe_total,vfe_estado,vfe_entregado,usu_nusuario) VALUES (3912,@@@2013.06.29@@@,450,1,0,@@@G_DIAZ@@@)','',2,'2013-06-29'),(32093,'INSERT INTO gne_vale_ferreteria_mov (vfe_id,pro_codigo_plu,vfm_cantidad,vfm_unitario,vfm_total,vfm_entregado) VALUES (3912,7053,1,450,450,@@@NO@@@)','',2,'2013-06-29'),(32094,'INSERT INTO gne_vale_ferreteria (vfe_id,vfe_fecha,vfe_total,vfe_estado,vfe_entregado,usu_nusuario) VALUES (3913,@@@2013.06.29@@@,590,1,0,@@@G_DIAZ@@@)','',2,'2013-06-29'),(32095,'INSERT INTO gne_vale_ferreteria_mov (vfe_id,pro_codigo_plu,vfm_cantidad,vfm_unitario,vfm_total,vfm_entregado) VALUES (3913,764747,1,590,590,@@@NO@@@)','',2,'2013-06-29'),(32096,'INSERT INTO gne_vale_ferreteria (vfe_id,vfe_fecha,vfe_total,vfe_estado,vfe_entregado,usu_nusuario) VALUES (3914,@@@2013.06.29@@@,590,1,0,@@@G_DIAZ@@@)','',2,'2013-06-29'),(32097,'INSERT INTO gne_vale_ferreteria_mov (vfe_id,pro_codigo_plu,vfm_cantidad,vfm_unitario,vfm_total,vfm_entregado) VALUES (3914,763826,1,590,590,@@@NO@@@)','',2,'2013-06-29'),(32098,'INSERT INTO gne_vale_ferreteria (vfe_id,vfe_fecha,vfe_total,vfe_estado,vfe_entregado,usu_nusuario) VALUES (3915,@@@2013.06.29@@@,990,1,0,@@@G_DIAZ@@@)','',2,'2013-06-29'),(32099,'INSERT INTO gne_vale_ferreteria_mov (vfe_id,pro_codigo_plu,vfm_cantidad,vfm_unitario,vfm_total,vfm_entregado) VALUES (3915,763963,1,990,990,@@@NO@@@)','',2,'2013-06-29'),(32100,'INSERT INTO gne_vale_ferreteria (vfe_id,vfe_fecha,vfe_total,vfe_estado,vfe_entregado,usu_nusuario) VALUES (3916,@@@2013.06.29@@@,400,1,0,@@@G_DIAZ@@@)','',2,'2013-06-29'),(32101,'INSERT INTO gne_vale_ferreteria_mov (vfe_id,pro_codigo_plu,vfm_cantidad,vfm_unitario,vfm_total,vfm_entregado) VALUES (3916,1067,2,200,400,@@@NO@@@)','',2,'2013-06-29'),(32102,'INSERT INTO gne_vale_ferreteria (vfe_id,vfe_fecha,vfe_total,vfe_estado,vfe_entregado,usu_nusuario) VALUES (3917,@@@2013.06.29@@@,1489,1,0,@@@G_DIAZ@@@)','',2,'2013-06-29'),(32103,'INSERT INTO gne_vale_ferreteria_mov (vfe_id,pro_codigo_plu,vfm_cantidad,vfm_unitario,vfm_total,vfm_entregado) VALUES (3917,78017153,3,30,90,@@@NO@@@)','',2,'2013-06-29'),(32104,'INSERT INTO gne_vale_ferreteria_mov (vfe_id,pro_codigo_plu,vfm_cantidad,vfm_unitario,vfm_total,vfm_entregado) VALUES (3917,763622,1,1399,1399,@@@NO@@@)','',2,'2013-06-29'),(32105,'INSERT INTO gne_vale_ferreteria (vfe_id,vfe_fecha,vfe_total,vfe_estado,vfe_entregado,usu_nusuario) VALUES (3918,@@@2013.06.29@@@,2590,1,0,@@@G_DIAZ@@@)','',2,'2013-06-29'),(32106,'INSERT INTO gne_vale_ferreteria_mov (vfe_id,pro_codigo_plu,vfm_cantidad,vfm_unitario,vfm_total,vfm_entregado) VALUES (3918,780721197,1,2590,2590,@@@NO@@@)','',2,'2013-06-29'),(32107,'INSERT INTO gne_vale_ferreteria (vfe_id,vfe_fecha,vfe_total,vfe_estado,vfe_entregado,usu_nusuario) VALUES (3919,@@@2013.06.29@@@,540,1,0,@@@G_DIAZ@@@)','',2,'2013-06-29'),(32108,'INSERT INTO gne_vale_ferreteria_mov (vfe_id,pro_codigo_plu,vfm_cantidad,vfm_unitario,vfm_total,vfm_entregado) VALUES (3919,78017154,1,120,120,@@@NO@@@)','',2,'2013-06-29'),(32109,'INSERT INTO gne_vale_ferreteria_mov (vfe_id,pro_codigo_plu,vfm_cantidad,vfm_unitario,vfm_total,vfm_entregado) VALUES (3919,780220185,1,420,420,@@@NO@@@)','',2,'2013-06-29'),(32110,'INSERT INTO gne_vale_ferreteria (vfe_id,vfe_fecha,vfe_total,vfe_estado,vfe_entregado,usu_nusuario) VALUES (3920,@@@2013.06.29@@@,2490,1,0,@@@G_DIAZ@@@)','',2,'2013-06-29'),(32111,'INSERT INTO gne_vale_ferreteria_mov (vfe_id,pro_codigo_plu,vfm_cantidad,vfm_unitario,vfm_total,vfm_entregado) VALUES (3920,764753,1,2490,2490,@@@NO@@@)','',2,'2013-06-29'),(32112,'INSERT INTO gne_vale_ferreteria (vfe_id,vfe_fecha,vfe_total,vfe_estado,vfe_entregado,usu_nusuario) VALUES (3921,@@@2013.06.29@@@,200,1,0,@@@G_DIAZ@@@)','',2,'2013-06-29'),(32113,'INSERT INTO gne_vale_ferreteria_mov (vfe_id,pro_codigo_plu,vfm_cantidad,vfm_unitario,vfm_total,vfm_entregado) VALUES (3921,78017194,1,200,200,@@@NO@@@)','',2,'2013-06-29'),(32114,'INSERT INTO gne_vale_ferreteria (vfe_id,vfe_fecha,vfe_total,vfe_estado,vfe_entregado,usu_nusuario) VALUES (3922,@@@2013.06.29@@@,450,1,0,@@@G_DIAZ@@@)','',2,'2013-06-29'),(32115,'INSERT INTO gne_vale_ferreteria_mov (vfe_id,pro_codigo_plu,vfm_cantidad,vfm_unitario,vfm_total,vfm_entregado) VALUES (3922,764539,1,450,450,@@@NO@@@)','',2,'2013-06-29'),(32116,'INSERT INTO gne_vale_ferreteria (vfe_id,vfe_fecha,vfe_total,vfe_estado,vfe_entregado,usu_nusuario) VALUES (3923,@@@2013.06.29@@@,900,1,0,@@@G_DIAZ@@@)','',2,'2013-06-29'),(32117,'INSERT INTO gne_vale_ferreteria_mov (vfe_id,pro_codigo_plu,vfm_cantidad,vfm_unitario,vfm_total,vfm_entregado) VALUES (3923,78017147,10,90,900,@@@NO@@@)','',2,'2013-06-29'),(32118,'INSERT INTO gne_vale_ferreteria (vfe_id,vfe_fecha,vfe_total,vfe_estado,vfe_entregado,usu_nusuario) VALUES (3924,@@@2013.06.29@@@,9680,1,0,@@@G_DIAZ@@@)','',2,'2013-06-29'),(32119,'INSERT INTO gne_vale_ferreteria_mov (vfe_id,pro_codigo_plu,vfm_cantidad,vfm_unitario,vfm_total,vfm_entregado) VALUES (3924,101104,1,690,690,@@@NO@@@)','',2,'2013-06-29'),(32120,'INSERT INTO gne_vale_ferreteria_mov (vfe_id,pro_codigo_plu,vfm_cantidad,vfm_unitario,vfm_total,vfm_entregado) VALUES (3924,14178,1,8990,8990,@@@NO@@@)','',2,'2013-06-29'),(32121,'INSERT INTO gne_vale_ferreteria (vfe_id,vfe_fecha,vfe_total,vfe_estado,vfe_entregado,usu_nusuario) VALUES (3925,@@@2013.06.29@@@,1100,1,0,@@@G_DIAZ@@@)','',2,'2013-06-29'),(32122,'INSERT INTO gne_vale_ferreteria_mov (vfe_id,pro_codigo_plu,vfm_cantidad,vfm_unitario,vfm_total,vfm_entregado) VALUES (3925,3100,1,450,450,@@@NO@@@)','',2,'2013-06-29'),(32123,'INSERT INTO gne_vale_ferreteria_mov (vfe_id,pro_codigo_plu,vfm_cantidad,vfm_unitario,vfm_total,vfm_entregado) VALUES (3925,763614,1,650,650,@@@NO@@@)','',2,'2013-06-29'),(32124,'INSERT INTO gne_vale_ferreteria (vfe_id,vfe_fecha,vfe_total,vfe_estado,vfe_entregado,usu_nusuario) VALUES (3926,@@@2013.06.29@@@,1490,1,0,@@@G_DIAZ@@@)','',2,'2013-06-29'),(32125,'INSERT INTO gne_vale_ferreteria_mov (vfe_id,pro_codigo_plu,vfm_cantidad,vfm_unitario,vfm_total,vfm_entregado) VALUES (3926,763293,1,1490,1490,@@@NO@@@)','',2,'2013-06-29'),(32126,'INSERT INTO gne_vale_ferreteria (vfe_id,vfe_fecha,vfe_total,vfe_estado,vfe_entregado,usu_nusuario) VALUES (3927,@@@2013.06.29@@@,1395,1,0,@@@G_DIAZ@@@)','',2,'2013-06-29'),(32127,'INSERT INTO gne_vale_ferreteria_mov (vfe_id,pro_codigo_plu,vfm_cantidad,vfm_unitario,vfm_total,vfm_entregado) VALUES (3927,262360,1,1395,1395,@@@NO@@@)','',2,'2013-06-29'),(32128,'INSERT INTO gne_vale_ferreteria (vfe_id,vfe_fecha,vfe_total,vfe_estado,vfe_entregado,usu_nusuario) VALUES (3928,@@@2013.06.29@@@,2490,1,0,@@@G_DIAZ@@@)','',2,'2013-06-29'),(32129,'INSERT INTO gne_vale_ferreteria_mov (vfe_id,pro_codigo_plu,vfm_cantidad,vfm_unitario,vfm_total,vfm_entregado) VALUES (3928,764808,1,2490,2490,@@@NO@@@)','',2,'2013-06-29'),(32130,'INSERT INTO gne_vale_ferreteria (vfe_id,vfe_fecha,vfe_total,vfe_estado,vfe_entregado,usu_nusuario) VALUES (3929,@@@2013.06.29@@@,1890,1,0,@@@G_DIAZ@@@)','',2,'2013-06-29'),(32131,'INSERT INTO gne_vale_ferreteria_mov (vfe_id,pro_codigo_plu,vfm_cantidad,vfm_unitario,vfm_total,vfm_entregado) VALUES (3929,20504,1,1890,1890,@@@NO@@@)','',2,'2013-06-29'),(32132,'UPDATE mae_productos SET pro_margen_actual=0,pro_precio_venta=820 WHERE pro_codigo_plu=15921','',2,'2013-06-30'),(32133,'INSERT INTO gne_vale_ferreteria (vfe_id,vfe_fecha,vfe_total,vfe_estado,vfe_entregado,usu_nusuario) VALUES (3930,@@@2013.06.30@@@,3580,1,0,@@@S_BIZAMA@@@)','',2,'2013-06-30'),(32134,'INSERT INTO gne_vale_ferreteria_mov (vfe_id,pro_codigo_plu,vfm_cantidad,vfm_unitario,vfm_total,vfm_entregado) VALUES (3930,780220127,1,690,690,@@@NO@@@)','',2,'2013-06-30'),(32135,'INSERT INTO gne_vale_ferreteria_mov (vfe_id,pro_codigo_plu,vfm_cantidad,vfm_unitario,vfm_total,vfm_entregado) VALUES (3930,262556,1,1940,1940,@@@NO@@@)','',2,'2013-06-30'),(32136,'INSERT INTO gne_vale_ferreteria_mov (vfe_id,pro_codigo_plu,vfm_cantidad,vfm_unitario,vfm_total,vfm_entregado) VALUES (3930,20836,1,650,650,@@@NO@@@)','',2,'2013-06-30'),(32137,'INSERT INTO gne_vale_ferreteria_mov (vfe_id,pro_codigo_plu,vfm_cantidad,vfm_unitario,vfm_total,vfm_entregado) VALUES (3930,20366,3,100,300,@@@NO@@@)','',2,'2013-06-30'),(32138,'INSERT INTO gne_vale_ferreteria (vfe_id,vfe_fecha,vfe_total,vfe_estado,vfe_entregado,usu_nusuario) VALUES (3931,@@@2013.06.30@@@,620,1,0,@@@S_BIZAMA@@@)','',2,'2013-06-30'),(32139,'INSERT INTO gne_vale_ferreteria_mov (vfe_id,pro_codigo_plu,vfm_cantidad,vfm_unitario,vfm_total,vfm_entregado) VALUES (3931,780220180,1,620,620,@@@NO@@@)','',2,'2013-06-30'),(32140,'INSERT INTO gne_vale_ferreteria (vfe_id,vfe_fecha,vfe_total,vfe_estado,vfe_entregado,usu_nusuario) VALUES (3932,@@@2013.06.30@@@,450,1,0,@@@S_BIZAMA@@@)','',2,'2013-06-30'),(32141,'INSERT INTO gne_vale_ferreteria_mov (vfe_id,pro_codigo_plu,vfm_cantidad,vfm_unitario,vfm_total,vfm_entregado) VALUES (3932,3100,1,450,450,@@@NO@@@)','',2,'2013-06-30'),(32142,'INSERT INTO gne_vale_ferreteria (vfe_id,vfe_fecha,vfe_total,vfe_estado,vfe_entregado,usu_nusuario) VALUES (3933,@@@2013.06.30@@@,2590,1,0,@@@S_BIZAMA@@@)','',2,'2013-06-30'),(32143,'INSERT INTO gne_vale_ferreteria_mov (vfe_id,pro_codigo_plu,vfm_cantidad,vfm_unitario,vfm_total,vfm_entregado) VALUES (3933,9018,1,2590,2590,@@@NO@@@)','',2,'2013-06-30'),(32144,'INSERT INTO gne_vale_ferreteria (vfe_id,vfe_fecha,vfe_total,vfe_estado,vfe_entregado,usu_nusuario) VALUES (3934,@@@2013.06.30@@@,1690,1,0,@@@S_BIZAMA@@@)','',2,'2013-06-30'),(32145,'INSERT INTO gne_vale_ferreteria_mov (vfe_id,pro_codigo_plu,vfm_cantidad,vfm_unitario,vfm_total,vfm_entregado) VALUES (3934,763697,1,1690,1690,@@@NO@@@)','',2,'2013-06-30'),(32146,'INSERT INTO gne_vale_ferreteria (vfe_id,vfe_fecha,vfe_total,vfe_estado,vfe_entregado,usu_nusuario) VALUES (3935,@@@2013.06.30@@@,1590,1,0,@@@S_BIZAMA@@@)','',2,'2013-06-30'),(32147,'INSERT INTO gne_vale_ferreteria_mov (vfe_id,pro_codigo_plu,vfm_cantidad,vfm_unitario,vfm_total,vfm_entregado) VALUES (3935,780721123,1,1590,1590,@@@NO@@@)','',2,'2013-06-30'),(32148,'INSERT INTO gne_vale_ferreteria (vfe_id,vfe_fecha,vfe_total,vfe_estado,vfe_entregado,usu_nusuario) VALUES (3936,@@@2013.06.30@@@,520,1,0,@@@S_BIZAMA@@@)','',2,'2013-06-30'),(32149,'INSERT INTO gne_vale_ferreteria_mov (vfe_id,pro_codigo_plu,vfm_cantidad,vfm_unitario,vfm_total,vfm_entregado) VALUES (3936,78017148,4,130,520,@@@NO@@@)','',2,'2013-06-30'),(32150,'UPDATE mae_productos SET pro_margen_actual=0,pro_precio_venta=690 WHERE pro_codigo_plu=611','',2,'2013-06-30'),(32151,'UPDATE mae_productos SET pro_precio_fiscal=pro_precio_venta WHERE pro_codigo_plu=15921','',2,'2013-06-30'),(32152,'UPDATE mae_productos SET pro_precio_fiscal=pro_precio_venta WHERE pro_codigo_plu=611','',2,'2013-06-30'),(32153,'INSERT INTO gne_vale_ferreteria (vfe_id,vfe_fecha,vfe_total,vfe_estado,vfe_entregado,usu_nusuario) VALUES (3937,@@@2013.06.30@@@,300,1,0,@@@S_BIZAMA@@@)','',2,'2013-06-30'),(32154,'INSERT INTO gne_vale_ferreteria_mov (vfe_id,pro_codigo_plu,vfm_cantidad,vfm_unitario,vfm_total,vfm_entregado) VALUES (3937,78017049,1,300,300,@@@NO@@@)','',2,'2013-06-30'),(32155,'INSERT INTO gne_vale_ferreteria (vfe_id,vfe_fecha,vfe_total,vfe_estado,vfe_entregado,usu_nusuario) VALUES (3938,@@@2013.06.30@@@,120,1,0,@@@S_BIZAMA@@@)','',2,'2013-06-30'),(32156,'INSERT INTO gne_vale_ferreteria_mov (vfe_id,pro_codigo_plu,vfm_cantidad,vfm_unitario,vfm_total,vfm_entregado) VALUES (3938,8022,1,120,120,@@@NO@@@)','',2,'2013-06-30'),(32157,'INSERT INTO gne_vale_ferreteria (vfe_id,vfe_fecha,vfe_total,vfe_estado,vfe_entregado,usu_nusuario) VALUES (3939,@@@2013.06.30@@@,300,1,0,@@@S_BIZAMA@@@)','',2,'2013-06-30'),(32158,'INSERT INTO gne_vale_ferreteria_mov (vfe_id,pro_codigo_plu,vfm_cantidad,vfm_unitario,vfm_total,vfm_entregado) VALUES (3939,78017049,1,300,300,@@@NO@@@)','',2,'2013-06-30'),(32159,'INSERT INTO gne_vale_ferreteria (vfe_id,vfe_fecha,vfe_total,vfe_estado,vfe_entregado,usu_nusuario) VALUES (3940,@@@2013.06.30@@@,580,1,0,@@@S_BIZAMA@@@)','',2,'2013-06-30'),(32160,'INSERT INTO gne_vale_ferreteria_mov (vfe_id,pro_codigo_plu,vfm_cantidad,vfm_unitario,vfm_total,vfm_entregado) VALUES (3940,1542,1,100,100,@@@NO@@@)','',2,'2013-06-30'),(32161,'INSERT INTO gne_vale_ferreteria_mov (vfe_id,pro_codigo_plu,vfm_cantidad,vfm_unitario,vfm_total,vfm_entregado) VALUES (3940,764823,6,80,480,@@@NO@@@)','',2,'2013-06-30'),(32162,'INSERT INTO gne_vale_ferreteria (vfe_id,vfe_fecha,vfe_total,vfe_estado,vfe_entregado,usu_nusuario) VALUES (3941,@@@2013.06.30@@@,260,1,0,@@@S_BIZAMA@@@)','',2,'2013-06-30'),(32163,'INSERT INTO gne_vale_ferreteria_mov (vfe_id,pro_codigo_plu,vfm_cantidad,vfm_unitario,vfm_total,vfm_entregado) VALUES (3941,764834,13,20,260,@@@NO@@@)','',2,'2013-06-30'),(32164,'INSERT INTO gne_vale_ferreteria (vfe_id,vfe_fecha,vfe_total,vfe_estado,vfe_entregado,usu_nusuario) VALUES (3942,@@@2013.06.30@@@,150,1,0,@@@S_BIZAMA@@@)','',2,'2013-06-30'),(32165,'INSERT INTO gne_vale_ferreteria_mov (vfe_id,pro_codigo_plu,vfm_cantidad,vfm_unitario,vfm_total,vfm_entregado) VALUES (3942,8021,1,150,150,@@@NO@@@)','',2,'2013-06-30'),(32166,'INSERT INTO gne_vale_ferreteria (vfe_id,vfe_fecha,vfe_total,vfe_estado,vfe_entregado,usu_nusuario) VALUES (3943,@@@2013.06.30@@@,200,1,0,@@@S_BIZAMA@@@)','',2,'2013-06-30'),(32167,'INSERT INTO gne_vale_ferreteria_mov (vfe_id,pro_codigo_plu,vfm_cantidad,vfm_unitario,vfm_total,vfm_entregado) VALUES (3943,3104,1,200,200,@@@NO@@@)','',2,'2013-06-30'),(32168,'INSERT INTO gne_vale_ferreteria (vfe_id,vfe_fecha,vfe_total,vfe_estado,vfe_entregado,usu_nusuario) VALUES (3944,@@@2013.06.30@@@,790,1,0,@@@S_BIZAMA@@@)','',2,'2013-06-30'),(32169,'INSERT INTO gne_vale_ferreteria_mov (vfe_id,pro_codigo_plu,vfm_cantidad,vfm_unitario,vfm_total,vfm_entregado) VALUES (3944,101454,1,790,790,@@@NO@@@)','',2,'2013-06-30'),(32170,'INSERT INTO gne_vale_ferreteria (vfe_id,vfe_fecha,vfe_total,vfe_estado,vfe_entregado,usu_nusuario) VALUES (3945,@@@2013.06.30@@@,1030,1,0,@@@S_BIZAMA@@@)','',2,'2013-06-30'),(32171,'INSERT INTO gne_vale_ferreteria_mov (vfe_id,pro_codigo_plu,vfm_cantidad,vfm_unitario,vfm_total,vfm_entregado) VALUES (3945,780220193,1,370,370,@@@NO@@@)','',2,'2013-06-30'),(32172,'INSERT INTO gne_vale_ferreteria_mov (vfe_id,pro_codigo_plu,vfm_cantidad,vfm_unitario,vfm_total,vfm_entregado) VALUES (3945,763624,1,660,660,@@@NO@@@)','',2,'2013-06-30'),(32173,'INSERT INTO gne_vale_ferreteria (vfe_id,vfe_fecha,vfe_total,vfe_estado,vfe_entregado,usu_nusuario) VALUES (3946,@@@2013.06.30@@@,590,1,0,@@@S_BIZAMA@@@)','',2,'2013-06-30'),(32174,'INSERT INTO gne_vale_ferreteria_mov (vfe_id,pro_codigo_plu,vfm_cantidad,vfm_unitario,vfm_total,vfm_entregado) VALUES (3946,53044,1,590,590,@@@NO@@@)','',2,'2013-06-30'),(32175,'INSERT INTO gne_vale_ferreteria (vfe_id,vfe_fecha,vfe_total,vfe_estado,vfe_entregado,usu_nusuario) VALUES (3947,@@@2013.06.30@@@,4140,1,0,@@@S_BIZAMA@@@)','',2,'2013-06-30'),(32176,'INSERT INTO gne_vale_ferreteria_mov (vfe_id,pro_codigo_plu,vfm_cantidad,vfm_unitario,vfm_total,vfm_entregado) VALUES (3947,764850,1,3990,3990,@@@NO@@@)','',2,'2013-06-30'),(32177,'INSERT INTO gne_vale_ferreteria_mov (vfe_id,pro_codigo_plu,vfm_cantidad,vfm_unitario,vfm_total,vfm_entregado) VALUES (3947,8021,1,150,150,@@@NO@@@)','',2,'2013-06-30'),(32178,'INSERT INTO gne_vale_ferreteria (vfe_id,vfe_fecha,vfe_total,vfe_estado,vfe_entregado,usu_nusuario) VALUES (3948,@@@2013.06.30@@@,30,1,0,@@@S_BIZAMA@@@)','',2,'2013-06-30'),(32179,'INSERT INTO gne_vale_ferreteria_mov (vfe_id,pro_codigo_plu,vfm_cantidad,vfm_unitario,vfm_total,vfm_entregado) VALUES (3948,764770,1,30,30,@@@NO@@@)','',2,'2013-06-30'),(32180,'INSERT INTO gne_vale_ferreteria (vfe_id,vfe_fecha,vfe_total,vfe_estado,vfe_entregado,usu_nusuario) VALUES (3949,@@@2013.06.30@@@,250,1,0,@@@S_BIZAMA@@@)','',2,'2013-06-30'),(32181,'INSERT INTO gne_vale_ferreteria_mov (vfe_id,pro_codigo_plu,vfm_cantidad,vfm_unitario,vfm_total,vfm_entregado) VALUES (3949,2021,1,250,250,@@@NO@@@)','',2,'2013-06-30'),(32182,'INSERT INTO gne_vale_ferreteria (vfe_id,vfe_fecha,vfe_total,vfe_estado,vfe_entregado,usu_nusuario) VALUES (3950,@@@2013.06.30@@@,650,1,0,@@@S_BIZAMA@@@)','',2,'2013-06-30'),(32183,'INSERT INTO gne_vale_ferreteria_mov (vfe_id,pro_codigo_plu,vfm_cantidad,vfm_unitario,vfm_total,vfm_entregado) VALUES (3950,763614,1,650,650,@@@NO@@@)','',2,'2013-06-30'),(32184,'INSERT INTO gne_vale_ferreteria (vfe_id,vfe_fecha,vfe_total,vfe_estado,vfe_entregado,usu_nusuario) VALUES (3951,@@@2013.06.30@@@,200,1,0,@@@S_BIZAMA@@@)','',2,'2013-06-30'),(32185,'INSERT INTO gne_vale_ferreteria_mov (vfe_id,pro_codigo_plu,vfm_cantidad,vfm_unitario,vfm_total,vfm_entregado) VALUES (3951,770021,1,200,200,@@@NO@@@)','',2,'2013-06-30'),(32186,'INSERT INTO gne_vale_ferreteria (vfe_id,vfe_fecha,vfe_total,vfe_estado,vfe_entregado,usu_nusuario) VALUES (3952,@@@2013.06.30@@@,590,1,0,@@@S_BIZAMA@@@)','',2,'2013-06-30'),(32187,'INSERT INTO gne_vale_ferreteria_mov (vfe_id,pro_codigo_plu,vfm_cantidad,vfm_unitario,vfm_total,vfm_entregado) VALUES (3952,101881,1,590,590,@@@NO@@@)','',2,'2013-06-30'),(32188,'INSERT INTO gne_vale_ferreteria (vfe_id,vfe_fecha,vfe_total,vfe_estado,vfe_entregado,usu_nusuario) VALUES (3953,@@@2013.06.30@@@,1690,1,0,@@@S_BIZAMA@@@)','',2,'2013-06-30'),(32189,'INSERT INTO gne_vale_ferreteria_mov (vfe_id,pro_codigo_plu,vfm_cantidad,vfm_unitario,vfm_total,vfm_entregado) VALUES (3953,764190,1,1690,1690,@@@NO@@@)','',2,'2013-06-30'),(32190,'INSERT INTO gne_vale_ferreteria (vfe_id,vfe_fecha,vfe_total,vfe_estado,vfe_entregado,usu_nusuario) VALUES (3954,@@@2013.06.30@@@,80,1,0,@@@S_BIZAMA@@@)','',2,'2013-06-30'),(32191,'INSERT INTO gne_vale_ferreteria_mov (vfe_id,pro_codigo_plu,vfm_cantidad,vfm_unitario,vfm_total,vfm_entregado) VALUES (3954,764834,4,20,80,@@@NO@@@)','',2,'2013-06-30'),(32192,'INSERT INTO gne_vale_ferreteria (vfe_id,vfe_fecha,vfe_total,vfe_estado,vfe_entregado,usu_nusuario) VALUES (3955,@@@2013.06.30@@@,1450,1,0,@@@S_BIZAMA@@@)','',2,'2013-06-30'),(32193,'INSERT INTO gne_vale_ferreteria_mov (vfe_id,pro_codigo_plu,vfm_cantidad,vfm_unitario,vfm_total,vfm_entregado) VALUES (3955,780220153,1,1450,1450,@@@NO@@@)','',2,'2013-06-30'),(32194,'INSERT INTO gne_vale_ferreteria (vfe_id,vfe_fecha,vfe_total,vfe_estado,vfe_entregado,usu_nusuario) VALUES (3956,@@@2013.06.30@@@,600,1,0,@@@S_BIZAMA@@@)','',2,'2013-06-30'),(32195,'INSERT INTO gne_vale_ferreteria_mov (vfe_id,pro_codigo_plu,vfm_cantidad,vfm_unitario,vfm_total,vfm_entregado) VALUES (3956,780721222,2,300,600,@@@NO@@@)','',2,'2013-06-30'),(32196,'INSERT INTO gne_vale_ferreteria (vfe_id,vfe_fecha,vfe_total,vfe_estado,vfe_entregado,usu_nusuario) VALUES (3957,@@@2013.06.30@@@,6530,1,0,@@@S_BIZAMA@@@)','',2,'2013-06-30'),(32197,'INSERT INTO gne_vale_ferreteria_mov (vfe_id,pro_codigo_plu,vfm_cantidad,vfm_unitario,vfm_total,vfm_entregado) VALUES (3957,780220156,1,2290,2290,@@@NO@@@)','',2,'2013-06-30'),(32198,'INSERT INTO gne_vale_ferreteria_mov (vfe_id,pro_codigo_plu,vfm_cantidad,vfm_unitario,vfm_total,vfm_entregado) VALUES (3957,13647,1,2190,2190,@@@NO@@@)','',2,'2013-06-30'),(32199,'INSERT INTO gne_vale_ferreteria_mov (vfe_id,pro_codigo_plu,vfm_cantidad,vfm_unitario,vfm_total,vfm_entregado) VALUES (3957,763605,1,1890,1890,@@@NO@@@)','',2,'2013-06-30'),(32200,'INSERT INTO gne_vale_ferreteria_mov (vfe_id,pro_codigo_plu,vfm_cantidad,vfm_unitario,vfm_total,vfm_entregado) VALUES (3957,764823,2,80,160,@@@NO@@@)','',2,'2013-06-30'),(32201,'INSERT INTO gne_vale_ferreteria (vfe_id,vfe_fecha,vfe_total,vfe_estado,vfe_entregado,usu_nusuario) VALUES (3958,@@@2013.06.30@@@,790,1,0,@@@S_BIZAMA@@@)','',2,'2013-06-30'),(32202,'INSERT INTO gne_vale_ferreteria_mov (vfe_id,pro_codigo_plu,vfm_cantidad,vfm_unitario,vfm_total,vfm_entregado) VALUES (3958,761991,1,790,790,@@@NO@@@)','',2,'2013-06-30'),(32203,'INSERT INTO gne_vale_ferreteria (vfe_id,vfe_fecha,vfe_total,vfe_estado,vfe_entregado,usu_nusuario) VALUES (3959,@@@2013.06.30@@@,6740,1,0,@@@S_BIZAMA@@@)','',2,'2013-06-30'),(32204,'INSERT INTO gne_vale_ferreteria_mov (vfe_id,pro_codigo_plu,vfm_cantidad,vfm_unitario,vfm_total,vfm_entregado) VALUES (3959,15668,2,1450,2900,@@@NO@@@)','',2,'2013-06-30'),(32205,'INSERT INTO gne_vale_ferreteria_mov (vfe_id,pro_codigo_plu,vfm_cantidad,vfm_unitario,vfm_total,vfm_entregado) VALUES (3959,15647,1,1680,1680,@@@NO@@@)','',2,'2013-06-30'),(32206,'INSERT INTO gne_vale_ferreteria_mov (vfe_id,pro_codigo_plu,vfm_cantidad,vfm_unitario,vfm_total,vfm_entregado) VALUES (3959,19916,4,540,2160,@@@NO@@@)','',2,'2013-06-30'),(32207,'INSERT INTO gne_vale_ferreteria (vfe_id,vfe_fecha,vfe_total,vfe_estado,vfe_entregado,usu_nusuario) VALUES (3960,@@@2013.06.30@@@,2380,1,0,@@@S_BIZAMA@@@)','',2,'2013-06-30'),(32208,'INSERT INTO gne_vale_ferreteria_mov (vfe_id,pro_codigo_plu,vfm_cantidad,vfm_unitario,vfm_total,vfm_entregado) VALUES (3960,8689,2,1190,2380,@@@NO@@@)','',2,'2013-06-30'),(32209,'INSERT INTO gne_vale_ferreteria (vfe_id,vfe_fecha,vfe_total,vfe_estado,vfe_entregado,usu_nusuario) VALUES (3961,@@@2013.06.30@@@,2790,1,0,@@@S_BIZAMA@@@)','',2,'2013-06-30'),(32210,'INSERT INTO gne_vale_ferreteria_mov (vfe_id,pro_codigo_plu,vfm_cantidad,vfm_unitario,vfm_total,vfm_entregado) VALUES (3961,780721064,1,2790,2790,@@@NO@@@)','',2,'2013-06-30'),(32211,'INSERT INTO gne_vale_ferreteria (vfe_id,vfe_fecha,vfe_total,vfe_estado,vfe_entregado,usu_nusuario) VALUES (3962,@@@2013.06.30@@@,1990,1,0,@@@S_BIZAMA@@@)','',2,'2013-06-30'),(32212,'INSERT INTO gne_vale_ferreteria_mov (vfe_id,pro_codigo_plu,vfm_cantidad,vfm_unitario,vfm_total,vfm_entregado) VALUES (3962,101855,1,1990,1990,@@@NO@@@)','',2,'2013-06-30'),(32213,'INSERT INTO gne_vale_ferreteria (vfe_id,vfe_fecha,vfe_total,vfe_estado,vfe_entregado,usu_nusuario) VALUES (3963,@@@2013.06.30@@@,300,1,0,@@@S_BIZAMA@@@)','',2,'2013-06-30'),(32214,'INSERT INTO gne_vale_ferreteria_mov (vfe_id,pro_codigo_plu,vfm_cantidad,vfm_unitario,vfm_total,vfm_entregado) VALUES (3963,4083,1,300,300,@@@NO@@@)','',2,'2013-06-30'),(32215,'INSERT INTO gne_vale_ferreteria (vfe_id,vfe_fecha,vfe_total,vfe_estado,vfe_entregado,usu_nusuario) VALUES (3964,@@@2013.06.30@@@,900,1,0,@@@S_BIZAMA@@@)','',2,'2013-06-30'),(32216,'INSERT INTO gne_vale_ferreteria_mov (vfe_id,pro_codigo_plu,vfm_cantidad,vfm_unitario,vfm_total,vfm_entregado) VALUES (3964,3100,2,450,900,@@@NO@@@)','',2,'2013-06-30'),(32217,'INSERT INTO gne_vale_ferreteria (vfe_id,vfe_fecha,vfe_total,vfe_estado,vfe_entregado,usu_nusuario) VALUES (3965,@@@2013.06.30@@@,3290,1,0,@@@S_BIZAMA@@@)','',2,'2013-06-30'),(32218,'INSERT INTO gne_vale_ferreteria_mov (vfe_id,pro_codigo_plu,vfm_cantidad,vfm_unitario,vfm_total,vfm_entregado) VALUES (3965,101620,1,1890,1890,@@@NO@@@)','',2,'2013-06-30'),(32219,'INSERT INTO gne_vale_ferreteria_mov (vfe_id,pro_codigo_plu,vfm_cantidad,vfm_unitario,vfm_total,vfm_entregado) VALUES (3965,101434,1,1100,1100,@@@NO@@@)','',2,'2013-06-30'),(32220,'INSERT INTO gne_vale_ferreteria_mov (vfe_id,pro_codigo_plu,vfm_cantidad,vfm_unitario,vfm_total,vfm_entregado) VALUES (3965,764013,1,300,300,@@@NO@@@)','',2,'2013-06-30'),(32221,'INSERT INTO gne_vale_ferreteria (vfe_id,vfe_fecha,vfe_total,vfe_estado,vfe_entregado,usu_nusuario) VALUES (3966,@@@2013.06.30@@@,130,1,0,@@@S_BIZAMA@@@)','',2,'2013-06-30'),(32222,'INSERT INTO gne_vale_ferreteria_mov (vfe_id,pro_codigo_plu,vfm_cantidad,vfm_unitario,vfm_total,vfm_entregado) VALUES (3966,78017148,1,130,130,@@@NO@@@)','',2,'2013-06-30'),(32223,'INSERT INTO gne_vale_ferreteria (vfe_id,vfe_fecha,vfe_total,vfe_estado,vfe_entregado,usu_nusuario) VALUES (3967,@@@2013.06.30@@@,330,1,0,@@@S_BIZAMA@@@)','',2,'2013-06-30'),(32224,'INSERT INTO gne_vale_ferreteria_mov (vfe_id,pro_codigo_plu,vfm_cantidad,vfm_unitario,vfm_total,vfm_entregado) VALUES (3967,764778,1,330,330,@@@NO@@@)','',2,'2013-06-30'),(32225,'INSERT INTO gne_vale_ferreteria (vfe_id,vfe_fecha,vfe_total,vfe_estado,vfe_entregado,usu_nusuario) VALUES (3968,@@@2013.06.30@@@,600,1,0,@@@S_BIZAMA@@@)','',2,'2013-06-30'),(32226,'INSERT INTO gne_vale_ferreteria_mov (vfe_id,pro_codigo_plu,vfm_cantidad,vfm_unitario,vfm_total,vfm_entregado) VALUES (3968,780721220,2,300,600,@@@NO@@@)','',2,'2013-06-30'),(32227,'INSERT INTO gne_vale_ferreteria (vfe_id,vfe_fecha,vfe_total,vfe_estado,vfe_entregado,usu_nusuario) VALUES (3969,@@@2013.06.30@@@,1190,1,0,@@@S_BIZAMA@@@)','',2,'2013-06-30'),(32228,'INSERT INTO gne_vale_ferreteria_mov (vfe_id,pro_codigo_plu,vfm_cantidad,vfm_unitario,vfm_total,vfm_entregado) VALUES (3969,5000,1,1190,1190,@@@NO@@@)','',2,'2013-06-30'),(32229,'INSERT INTO gne_vale_ferreteria (vfe_id,vfe_fecha,vfe_total,vfe_estado,vfe_entregado,usu_nusuario) VALUES (3970,@@@2013.06.30@@@,2380,1,0,@@@S_BIZAMA@@@)','',2,'2013-06-30'),(32230,'INSERT INTO gne_vale_ferreteria_mov (vfe_id,pro_codigo_plu,vfm_cantidad,vfm_unitario,vfm_total,vfm_entregado) VALUES (3970,5000,2,1190,2380,@@@NO@@@)','',2,'2013-06-30'),(32231,'INSERT INTO gne_vale_ferreteria (vfe_id,vfe_fecha,vfe_total,vfe_estado,vfe_entregado,usu_nusuario) VALUES (3971,@@@2013.06.30@@@,5030,1,0,@@@S_BIZAMA@@@)','',2,'2013-06-30'),(32232,'INSERT INTO gne_vale_ferreteria_mov (vfe_id,pro_codigo_plu,vfm_cantidad,vfm_unitario,vfm_total,vfm_entregado) VALUES (3971,763829,1,690,690,@@@NO@@@)','',2,'2013-06-30'),(32233,'INSERT INTO gne_vale_ferreteria_mov (vfe_id,pro_codigo_plu,vfm_cantidad,vfm_unitario,vfm_total,vfm_entregado) VALUES (3971,763862,1,2100,2100,@@@NO@@@)','',2,'2013-06-30'),(32234,'INSERT INTO gne_vale_ferreteria_mov (vfe_id,pro_codigo_plu,vfm_cantidad,vfm_unitario,vfm_total,vfm_entregado) VALUES (3971,20611,1,1890,1890,@@@NO@@@)','',2,'2013-06-30'),(32235,'INSERT INTO gne_vale_ferreteria_mov (vfe_id,pro_codigo_plu,vfm_cantidad,vfm_unitario,vfm_total,vfm_entregado) VALUES (3971,763723,1,350,350,@@@NO@@@)','',2,'2013-06-30'),(32236,'INSERT INTO gne_vale_ferreteria (vfe_id,vfe_fecha,vfe_total,vfe_estado,vfe_entregado,usu_nusuario) VALUES (3972,@@@2013.06.30@@@,3190,1,0,@@@S_BIZAMA@@@)','',2,'2013-06-30'),(32237,'INSERT INTO gne_vale_ferreteria_mov (vfe_id,pro_codigo_plu,vfm_cantidad,vfm_unitario,vfm_total,vfm_entregado) VALUES (3972,262179,1,3190,3190,@@@NO@@@)','',2,'2013-06-30'),(32238,'INSERT INTO gne_vale_ferreteria (vfe_id,vfe_fecha,vfe_total,vfe_estado,vfe_entregado,usu_nusuario) VALUES (3973,@@@2013.06.30@@@,300,1,0,@@@S_BIZAMA@@@)','',2,'2013-06-30'),(32239,'INSERT INTO gne_vale_ferreteria_mov (vfe_id,pro_codigo_plu,vfm_cantidad,vfm_unitario,vfm_total,vfm_entregado) VALUES (3973,780721221,1,300,300,@@@NO@@@)','',2,'2013-06-30'),(32240,'INSERT INTO gne_vale_ferreteria (vfe_id,vfe_fecha,vfe_total,vfe_estado,vfe_entregado,usu_nusuario) VALUES (3974,@@@2013.06.30@@@,1490,1,0,@@@S_BIZAMA@@@)','',2,'2013-06-30'),(32241,'INSERT INTO gne_vale_ferreteria_mov (vfe_id,pro_codigo_plu,vfm_cantidad,vfm_unitario,vfm_total,vfm_entregado) VALUES (3974,764564,1,1490,1490,@@@NO@@@)','',2,'2013-06-30'),(32242,'INSERT INTO gne_vale_ferreteria (vfe_id,vfe_fecha,vfe_total,vfe_estado,vfe_entregado,usu_nusuario) VALUES (3975,@@@2013.06.30@@@,2400,1,0,@@@S_BIZAMA@@@)','',2,'2013-06-30'),(32243,'INSERT INTO gne_vale_ferreteria_mov (vfe_id,pro_codigo_plu,vfm_cantidad,vfm_unitario,vfm_total,vfm_entregado) VALUES (3975,763945,1,2100,2100,@@@NO@@@)','',2,'2013-06-30'),(32244,'INSERT INTO gne_vale_ferreteria_mov (vfe_id,pro_codigo_plu,vfm_cantidad,vfm_unitario,vfm_total,vfm_entregado) VALUES (3975,78017049,1,300,300,@@@NO@@@)','',2,'2013-06-30'),(32245,'INSERT INTO gne_vale_ferreteria (vfe_id,vfe_fecha,vfe_total,vfe_estado,vfe_entregado,usu_nusuario) VALUES (3976,@@@2013.06.30@@@,260,1,0,@@@S_BIZAMA@@@)','',2,'2013-06-30'),(32246,'INSERT INTO gne_vale_ferreteria_mov (vfe_id,pro_codigo_plu,vfm_cantidad,vfm_unitario,vfm_total,vfm_entregado) VALUES (3976,12083,1,260,260,@@@NO@@@)','',2,'2013-06-30'),(32247,'INSERT INTO gne_vale_ferreteria (vfe_id,vfe_fecha,vfe_total,vfe_estado,vfe_entregado,usu_nusuario) VALUES (3977,@@@2013.06.30@@@,1550,1,0,@@@S_BIZAMA@@@)','',2,'2013-06-30'),(32248,'INSERT INTO gne_vale_ferreteria_mov (vfe_id,pro_codigo_plu,vfm_cantidad,vfm_unitario,vfm_total,vfm_entregado) VALUES (3977,763672,1,1550,1550,@@@NO@@@)','',2,'2013-06-30'),(32249,'INSERT INTO gne_vale_ferreteria (vfe_id,vfe_fecha,vfe_total,vfe_estado,vfe_entregado,usu_nusuario) VALUES (3978,@@@2013.06.30@@@,3540,1,0,@@@S_BIZAMA@@@)','',2,'2013-06-30'),(32250,'INSERT INTO gne_vale_ferreteria_mov (vfe_id,pro_codigo_plu,vfm_cantidad,vfm_unitario,vfm_total,vfm_entregado) VALUES (3978,763817,2,1495,2990,@@@NO@@@)','',2,'2013-06-30'),(32251,'INSERT INTO gne_vale_ferreteria_mov (vfe_id,pro_codigo_plu,vfm_cantidad,vfm_unitario,vfm_total,vfm_entregado) VALUES (3978,78017017,1,150,150,@@@NO@@@)','',2,'2013-06-30'),(32252,'INSERT INTO gne_vale_ferreteria_mov (vfe_id,pro_codigo_plu,vfm_cantidad,vfm_unitario,vfm_total,vfm_entregado) VALUES (3978,12083,1,260,260,@@@NO@@@)','',2,'2013-06-30'),(32253,'INSERT INTO gne_vale_ferreteria_mov (vfe_id,pro_codigo_plu,vfm_cantidad,vfm_unitario,vfm_total,vfm_entregado) VALUES (3978,764364,1,140,140,@@@NO@@@)','',2,'2013-06-30'),(32254,'INSERT INTO gne_vale_ferreteria (vfe_id,vfe_fecha,vfe_total,vfe_estado,vfe_entregado,usu_nusuario) VALUES (3979,@@@2013.06.30@@@,490,1,0,@@@S_BIZAMA@@@)','',2,'2013-06-30'),(32255,'INSERT INTO gne_vale_ferreteria_mov (vfe_id,pro_codigo_plu,vfm_cantidad,vfm_unitario,vfm_total,vfm_entregado) VALUES (3979,2015,1,490,490,@@@NO@@@)','',2,'2013-06-30'),(32256,'INSERT INTO gne_vale_ferreteria (vfe_id,vfe_fecha,vfe_total,vfe_estado,vfe_entregado,usu_nusuario) VALUES (3980,@@@2013.06.30@@@,980,1,0,@@@S_BIZAMA@@@)','',2,'2013-06-30'),(32257,'INSERT INTO gne_vale_ferreteria_mov (vfe_id,pro_codigo_plu,vfm_cantidad,vfm_unitario,vfm_total,vfm_entregado) VALUES (3980,8022,1,120,120,@@@NO@@@)','',2,'2013-06-30'),(32258,'INSERT INTO gne_vale_ferreteria_mov (vfe_id,pro_codigo_plu,vfm_cantidad,vfm_unitario,vfm_total,vfm_entregado) VALUES (3980,763783,2,220,440,@@@NO@@@)','',2,'2013-06-30'),(32259,'INSERT INTO gne_vale_ferreteria_mov (vfe_id,pro_codigo_plu,vfm_cantidad,vfm_unitario,vfm_total,vfm_entregado) VALUES (3980,763596,1,90,90,@@@NO@@@)','',2,'2013-06-30'),(32260,'INSERT INTO gne_vale_ferreteria_mov (vfe_id,pro_codigo_plu,vfm_cantidad,vfm_unitario,vfm_total,vfm_entregado) VALUES (3980,780220186,1,330,330,@@@NO@@@)','',2,'2013-06-30'),(32261,'INSERT INTO gne_vale_ferreteria (vfe_id,vfe_fecha,vfe_total,vfe_estado,vfe_entregado,usu_nusuario) VALUES (3981,@@@2013.06.30@@@,740,1,0,@@@S_BIZAMA@@@)','',2,'2013-06-30'),(32262,'INSERT INTO gne_vale_ferreteria_mov (vfe_id,pro_codigo_plu,vfm_cantidad,vfm_unitario,vfm_total,vfm_entregado) VALUES (3981,763823,1,740,740,@@@NO@@@)','',2,'2013-06-30'),(32263,'INSERT INTO gne_vale_ferreteria (vfe_id,vfe_fecha,vfe_total,vfe_estado,vfe_entregado,usu_nusuario) VALUES (3982,@@@2013.06.30@@@,240,1,0,@@@S_BIZAMA@@@)','',2,'2013-06-30'),(32264,'INSERT INTO gne_vale_ferreteria_mov (vfe_id,pro_codigo_plu,vfm_cantidad,vfm_unitario,vfm_total,vfm_entregado) VALUES (3982,780721125,2,120,240,@@@NO@@@)','',2,'2013-06-30'),(32265,'INSERT INTO gne_vale_ferreteria (vfe_id,vfe_fecha,vfe_total,vfe_estado,vfe_entregado,usu_nusuario) VALUES (3983,@@@2013.06.30@@@,650,1,0,@@@S_BIZAMA@@@)','',2,'2013-06-30'),(32266,'INSERT INTO gne_vale_ferreteria_mov (vfe_id,pro_codigo_plu,vfm_cantidad,vfm_unitario,vfm_total,vfm_entregado) VALUES (3983,763614,1,650,650,@@@NO@@@)','',2,'2013-06-30'),(32267,'INSERT INTO gne_vale_ferreteria (vfe_id,vfe_fecha,vfe_total,vfe_estado,vfe_entregado,usu_nusuario) VALUES (3984,@@@2013.06.30@@@,1570,1,0,@@@S_BIZAMA@@@)','',2,'2013-06-30'),(32268,'INSERT INTO gne_vale_ferreteria_mov (vfe_id,pro_codigo_plu,vfm_cantidad,vfm_unitario,vfm_total,vfm_entregado) VALUES (3984,763614,1,650,650,@@@NO@@@)','',2,'2013-06-30'),(32269,'INSERT INTO gne_vale_ferreteria_mov (vfe_id,pro_codigo_plu,vfm_cantidad,vfm_unitario,vfm_total,vfm_entregado) VALUES (3984,763823,1,740,740,@@@NO@@@)','',2,'2013-06-30'),(32270,'INSERT INTO gne_vale_ferreteria_mov (vfe_id,pro_codigo_plu,vfm_cantidad,vfm_unitario,vfm_total,vfm_entregado) VALUES (3984,764120,1,180,180,@@@NO@@@)','',2,'2013-06-30'),(32271,'INSERT INTO gne_vale_ferreteria (vfe_id,vfe_fecha,vfe_total,vfe_estado,vfe_entregado,usu_nusuario) VALUES (3985,@@@2013.06.30@@@,240,1,0,@@@S_BIZAMA@@@)','',2,'2013-06-30'),(32272,'INSERT INTO gne_vale_ferreteria_mov (vfe_id,pro_codigo_plu,vfm_cantidad,vfm_unitario,vfm_total,vfm_entregado) VALUES (3985,763778,1,240,240,@@@NO@@@)','',2,'2013-06-30'),(32273,'INSERT INTO gne_vale_ferreteria (vfe_id,vfe_fecha,vfe_total,vfe_estado,vfe_entregado,usu_nusuario) VALUES (3986,@@@2013.06.30@@@,200,1,0,@@@S_BIZAMA@@@)','',2,'2013-06-30'),(32274,'INSERT INTO gne_vale_ferreteria_mov (vfe_id,pro_codigo_plu,vfm_cantidad,vfm_unitario,vfm_total,vfm_entregado) VALUES (3986,2011,1,200,200,@@@NO@@@)','',2,'2013-06-30'),(32275,'INSERT INTO gne_vale_ferreteria (vfe_id,vfe_fecha,vfe_total,vfe_estado,vfe_entregado,usu_nusuario) VALUES (3987,@@@2013.06.30@@@,650,1,0,@@@S_BIZAMA@@@)','',2,'2013-06-30'),(32276,'INSERT INTO gne_vale_ferreteria_mov (vfe_id,pro_codigo_plu,vfm_cantidad,vfm_unitario,vfm_total,vfm_entregado) VALUES (3987,763614,1,650,650,@@@NO@@@)','',2,'2013-06-30'),(32277,'INSERT INTO gne_vale_ferreteria (vfe_id,vfe_fecha,vfe_total,vfe_estado,vfe_entregado,usu_nusuario) VALUES (3988,@@@2013.06.30@@@,840,1,0,@@@S_BIZAMA@@@)','',2,'2013-06-30'),(32278,'INSERT INTO gne_vale_ferreteria_mov (vfe_id,pro_codigo_plu,vfm_cantidad,vfm_unitario,vfm_total,vfm_entregado) VALUES (3988,11670,1,840,840,@@@NO@@@)','',2,'2013-06-30'),(32279,'INSERT INTO gne_vale_ferreteria (vfe_id,vfe_fecha,vfe_total,vfe_estado,vfe_entregado,usu_nusuario) VALUES (3989,@@@2013.06.30@@@,3120,1,0,@@@S_BIZAMA@@@)','',2,'2013-06-30'),(32280,'INSERT INTO gne_vale_ferreteria_mov (vfe_id,pro_codigo_plu,vfm_cantidad,vfm_unitario,vfm_total,vfm_entregado) VALUES (3989,764528,1,2990,2990,@@@NO@@@)','',2,'2013-06-30'),(32281,'INSERT INTO gne_vale_ferreteria_mov (vfe_id,pro_codigo_plu,vfm_cantidad,vfm_unitario,vfm_total,vfm_entregado) VALUES (3989,15967,1,130,130,@@@NO@@@)','',2,'2013-06-30'),(32282,'INSERT INTO gne_vale_ferreteria (vfe_id,vfe_fecha,vfe_total,vfe_estado,vfe_entregado,usu_nusuario) VALUES (3990,@@@2013.06.30@@@,200,1,0,@@@S_BIZAMA@@@)','',2,'2013-06-30'),(32283,'INSERT INTO gne_vale_ferreteria_mov (vfe_id,pro_codigo_plu,vfm_cantidad,vfm_unitario,vfm_total,vfm_entregado) VALUES (3990,7052,1,200,200,@@@NO@@@)','',2,'2013-06-30'),(32284,'INSERT INTO gne_vale_ferreteria (vfe_id,vfe_fecha,vfe_total,vfe_estado,vfe_entregado,usu_nusuario) VALUES (3991,@@@2013.06.30@@@,950,1,0,@@@S_BIZAMA@@@)','',2,'2013-06-30'),(32285,'INSERT INTO gne_vale_ferreteria_mov (vfe_id,pro_codigo_plu,vfm_cantidad,vfm_unitario,vfm_total,vfm_entregado) VALUES (3991,20825,1,950,950,@@@NO@@@)','',2,'2013-06-30'),(32286,'INSERT INTO gne_vale_ferreteria (vfe_id,vfe_fecha,vfe_total,vfe_estado,vfe_entregado,usu_nusuario) VALUES (3992,@@@2013.06.30@@@,520,1,0,@@@S_BIZAMA@@@)','',2,'2013-06-30'),(32287,'INSERT INTO gne_vale_ferreteria_mov (vfe_id,pro_codigo_plu,vfm_cantidad,vfm_unitario,vfm_total,vfm_entregado) VALUES (3992,4094,2,200,400,@@@NO@@@)','',2,'2013-06-30'),(32288,'INSERT INTO gne_vale_ferreteria_mov (vfe_id,pro_codigo_plu,vfm_cantidad,vfm_unitario,vfm_total,vfm_entregado) VALUES (3992,4080,3,40,120,@@@NO@@@)','',2,'2013-06-30'),(32289,'INSERT INTO gne_vale_ferreteria (vfe_id,vfe_fecha,vfe_total,vfe_estado,vfe_entregado,usu_nusuario) VALUES (3993,@@@2013.06.30@@@,300,1,0,@@@S_BIZAMA@@@)','',2,'2013-06-30'),(32290,'INSERT INTO gne_vale_ferreteria_mov (vfe_id,pro_codigo_plu,vfm_cantidad,vfm_unitario,vfm_total,vfm_entregado) VALUES (3993,7051,3,100,300,@@@NO@@@)','',2,'2013-06-30'),(32291,'INSERT INTO gne_vale_ferreteria (vfe_id,vfe_fecha,vfe_total,vfe_estado,vfe_entregado,usu_nusuario) VALUES (3994,@@@2013.06.30@@@,1390,1,0,@@@S_BIZAMA@@@)','',2,'2013-06-30'),(32292,'INSERT INTO gne_vale_ferreteria_mov (vfe_id,pro_codigo_plu,vfm_cantidad,vfm_unitario,vfm_total,vfm_entregado) VALUES (3994,20440,1,1390,1390,@@@NO@@@)','',2,'2013-06-30'),(32293,'INSERT INTO gne_vale_ferreteria (vfe_id,vfe_fecha,vfe_total,vfe_estado,vfe_entregado,usu_nusuario) VALUES (3995,@@@2013.06.30@@@,2900,1,0,@@@S_BIZAMA@@@)','',2,'2013-06-30'),(32294,'INSERT INTO gne_vale_ferreteria_mov (vfe_id,pro_codigo_plu,vfm_cantidad,vfm_unitario,vfm_total,vfm_entregado) VALUES (3995,762119,2,1450,2900,@@@NO@@@)','',2,'2013-06-30'),(32295,'INSERT INTO gne_vale_ferreteria (vfe_id,vfe_fecha,vfe_total,vfe_estado,vfe_entregado,usu_nusuario) VALUES (3996,@@@2013.06.30@@@,2380,1,0,@@@S_BIZAMA@@@)','',2,'2013-06-30'),(32296,'INSERT INTO gne_vale_ferreteria_mov (vfe_id,pro_codigo_plu,vfm_cantidad,vfm_unitario,vfm_total,vfm_entregado) VALUES (3996,764623,1,990,990,@@@NO@@@)','',2,'2013-06-30'),(32297,'INSERT INTO gne_vale_ferreteria_mov (vfe_id,pro_codigo_plu,vfm_cantidad,vfm_unitario,vfm_total,vfm_entregado) VALUES (3996,780721178,1,1390,1390,@@@NO@@@)','',2,'2013-06-30'),(32298,'INSERT INTO gne_vale_ferreteria (vfe_id,vfe_fecha,vfe_total,vfe_estado,vfe_entregado,usu_nusuario) VALUES (3997,@@@2013.06.30@@@,400,1,0,@@@S_BIZAMA@@@)','',2,'2013-06-30'),(32299,'INSERT INTO gne_vale_ferreteria_mov (vfe_id,pro_codigo_plu,vfm_cantidad,vfm_unitario,vfm_total,vfm_entregado) VALUES (3997,20365,2,100,200,@@@NO@@@)','',2,'2013-06-30'),(32300,'INSERT INTO gne_vale_ferreteria_mov (vfe_id,pro_codigo_plu,vfm_cantidad,vfm_unitario,vfm_total,vfm_entregado) VALUES (3997,770026,2,100,200,@@@NO@@@)','',2,'2013-06-30'),(32301,'INSERT INTO gne_vale_ferreteria (vfe_id,vfe_fecha,vfe_total,vfe_estado,vfe_entregado,usu_nusuario) VALUES (3998,@@@2013.06.30@@@,600,1,0,@@@S_BIZAMA@@@)','',2,'2013-06-30'),(32302,'INSERT INTO gne_vale_ferreteria_mov (vfe_id,pro_codigo_plu,vfm_cantidad,vfm_unitario,vfm_total,vfm_entregado) VALUES (3998,764157,5,120,600,@@@NO@@@)','',2,'2013-06-30'),(32303,'INSERT INTO gne_vale_ferreteria (vfe_id,vfe_fecha,vfe_total,vfe_estado,vfe_entregado,usu_nusuario) VALUES (3999,@@@2013.06.30@@@,1150,1,0,@@@S_BIZAMA@@@)','',2,'2013-06-30'),(32304,'INSERT INTO gne_vale_ferreteria_mov (vfe_id,pro_codigo_plu,vfm_cantidad,vfm_unitario,vfm_total,vfm_entregado) VALUES (3999,763935,1,720,720,@@@NO@@@)','',2,'2013-06-30'),(32305,'INSERT INTO gne_vale_ferreteria_mov (vfe_id,pro_codigo_plu,vfm_cantidad,vfm_unitario,vfm_total,vfm_entregado) VALUES (3999,12719,1,350,350,@@@NO@@@)','',2,'2013-06-30'),(32306,'INSERT INTO gne_vale_ferreteria_mov (vfe_id,pro_codigo_plu,vfm_cantidad,vfm_unitario,vfm_total,vfm_entregado) VALUES (3999,764823,1,80,80,@@@NO@@@)','',2,'2013-06-30'),(32307,'INSERT INTO gne_vale_ferreteria (vfe_id,vfe_fecha,vfe_total,vfe_estado,vfe_entregado,usu_nusuario) VALUES (4000,@@@2013.06.30@@@,800,1,0,@@@S_BIZAMA@@@)','',2,'2013-06-30'),(32308,'INSERT INTO gne_vale_ferreteria_mov (vfe_id,pro_codigo_plu,vfm_cantidad,vfm_unitario,vfm_total,vfm_entregado) VALUES (4000,78017193,40,20,800,@@@NO@@@)','',2,'2013-06-30'),(32309,'INSERT INTO gne_vale_ferreteria (vfe_id,vfe_fecha,vfe_total,vfe_estado,vfe_entregado,usu_nusuario) VALUES (4001,@@@2013.06.30@@@,200,1,0,@@@S_BIZAMA@@@)','',2,'2013-06-30'),(32310,'INSERT INTO gne_vale_ferreteria_mov (vfe_id,pro_codigo_plu,vfm_cantidad,vfm_unitario,vfm_total,vfm_entregado) VALUES (4001,770065,2,100,200,@@@NO@@@)','',2,'2013-06-30'),(32311,'INSERT INTO gne_vale_ferreteria (vfe_id,vfe_fecha,vfe_total,vfe_estado,vfe_entregado,usu_nusuario) VALUES (4002,@@@2013.06.30@@@,1299,1,0,@@@S_BIZAMA@@@)','',2,'2013-06-30'),(32312,'INSERT INTO gne_vale_ferreteria_mov (vfe_id,pro_codigo_plu,vfm_cantidad,vfm_unitario,vfm_total,vfm_entregado) VALUES (4002,780721233,1,1299,1299,@@@NO@@@)','',2,'2013-06-30'),(32313,'INSERT INTO gne_vale_ferreteria (vfe_id,vfe_fecha,vfe_total,vfe_estado,vfe_entregado,usu_nusuario) VALUES (4003,@@@2013.06.30@@@,490,1,0,@@@S_BIZAMA@@@)','',2,'2013-06-30'),(32314,'INSERT INTO gne_vale_ferreteria_mov (vfe_id,pro_codigo_plu,vfm_cantidad,vfm_unitario,vfm_total,vfm_entregado) VALUES (4003,764506,1,490,490,@@@NO@@@)','',2,'2013-06-30'),(32315,'INSERT INTO gne_vale_ferreteria (vfe_id,vfe_fecha,vfe_total,vfe_estado,vfe_entregado,usu_nusuario) VALUES (4004,@@@2013.06.30@@@,1350,1,0,@@@S_BIZAMA@@@)','',2,'2013-06-30'),(32316,'INSERT INTO gne_vale_ferreteria_mov (vfe_id,pro_codigo_plu,vfm_cantidad,vfm_unitario,vfm_total,vfm_entregado) VALUES (4004,763479,1,1350,1350,@@@NO@@@)','',2,'2013-06-30'),(32317,'INSERT INTO gne_vale_ferreteria (vfe_id,vfe_fecha,vfe_total,vfe_estado,vfe_entregado,usu_nusuario) VALUES (4005,@@@2013.06.30@@@,980,1,0,@@@S_BIZAMA@@@)','',2,'2013-06-30'),(32318,'INSERT INTO gne_vale_ferreteria_mov (vfe_id,pro_codigo_plu,vfm_cantidad,vfm_unitario,vfm_total,vfm_entregado) VALUES (4005,1538,2,490,980,@@@NO@@@)','',2,'2013-06-30'),(32319,'INSERT INTO gne_vale_ferreteria (vfe_id,vfe_fecha,vfe_total,vfe_estado,vfe_entregado,usu_nusuario) VALUES (4006,@@@2013.06.30@@@,260,1,0,@@@S_BIZAMA@@@)','',2,'2013-06-30'),(32320,'INSERT INTO gne_vale_ferreteria_mov (vfe_id,pro_codigo_plu,vfm_cantidad,vfm_unitario,vfm_total,vfm_entregado) VALUES (4006,764134,1,260,260,@@@NO@@@)','',2,'2013-06-30'),(32321,'INSERT INTO gne_vale_ferreteria (vfe_id,vfe_fecha,vfe_total,vfe_estado,vfe_entregado,usu_nusuario) VALUES (4007,@@@2013.06.30@@@,980,1,0,@@@S_BIZAMA@@@)','',2,'2013-06-30'),(32322,'INSERT INTO gne_vale_ferreteria_mov (vfe_id,pro_codigo_plu,vfm_cantidad,vfm_unitario,vfm_total,vfm_entregado) VALUES (4007,19876,1,980,980,@@@NO@@@)','',2,'2013-06-30'),(32323,'INSERT INTO gne_vale_ferreteria (vfe_id,vfe_fecha,vfe_total,vfe_estado,vfe_entregado,usu_nusuario) VALUES (4008,@@@2013.06.30@@@,790,1,0,@@@S_BIZAMA@@@)','',2,'2013-06-30'),(32324,'INSERT INTO gne_vale_ferreteria_mov (vfe_id,pro_codigo_plu,vfm_cantidad,vfm_unitario,vfm_total,vfm_entregado) VALUES (4008,761991,1,790,790,@@@NO@@@)','',2,'2013-06-30'),(32325,'INSERT INTO gne_vale_ferreteria (vfe_id,vfe_fecha,vfe_total,vfe_estado,vfe_entregado,usu_nusuario) VALUES (4009,@@@2013.06.30@@@,450,1,0,@@@S_BIZAMA@@@)','',2,'2013-06-30'),(32326,'INSERT INTO gne_vale_ferreteria_mov (vfe_id,pro_codigo_plu,vfm_cantidad,vfm_unitario,vfm_total,vfm_entregado) VALUES (4009,764539,1,450,450,@@@NO@@@)','',2,'2013-06-30'),(32327,'INSERT INTO gne_vale_ferreteria (vfe_id,vfe_fecha,vfe_total,vfe_estado,vfe_entregado,usu_nusuario) VALUES (4010,@@@2013.06.30@@@,480,1,0,@@@S_BIZAMA@@@)','',2,'2013-06-30'),(32328,'INSERT INTO gne_vale_ferreteria_mov (vfe_id,pro_codigo_plu,vfm_cantidad,vfm_unitario,vfm_total,vfm_entregado) VALUES (4010,8022,4,120,480,@@@NO@@@)','',2,'2013-06-30'),(32329,'INSERT INTO gne_vale_ferreteria (vfe_id,vfe_fecha,vfe_total,vfe_estado,vfe_entregado,usu_nusuario) VALUES (4011,@@@2013.06.30@@@,1900,1,0,@@@S_BIZAMA@@@)','',2,'2013-06-30'),(32330,'INSERT INTO gne_vale_ferreteria_mov (vfe_id,pro_codigo_plu,vfm_cantidad,vfm_unitario,vfm_total,vfm_entregado) VALUES (4011,4128,2,550,1100,@@@NO@@@)','',2,'2013-06-30'),(32331,'INSERT INTO gne_vale_ferreteria_mov (vfe_id,pro_codigo_plu,vfm_cantidad,vfm_unitario,vfm_total,vfm_entregado) VALUES (4011,1542,8,100,800,@@@NO@@@)','',2,'2013-06-30'),(32332,'INSERT INTO gne_vale_ferreteria (vfe_id,vfe_fecha,vfe_total,vfe_estado,vfe_entregado,usu_nusuario) VALUES (4012,@@@2013.06.30@@@,990,1,0,@@@S_BIZAMA@@@)','',2,'2013-06-30'),(32333,'INSERT INTO gne_vale_ferreteria_mov (vfe_id,pro_codigo_plu,vfm_cantidad,vfm_unitario,vfm_total,vfm_entregado) VALUES (4012,761546,1,990,990,@@@NO@@@)','',2,'2013-06-30'),(32334,'INSERT INTO gne_vale_ferreteria (vfe_id,vfe_fecha,vfe_total,vfe_estado,vfe_entregado,usu_nusuario) VALUES (4013,@@@2013.06.30@@@,1990,1,0,@@@S_BIZAMA@@@)','',2,'2013-06-30'),(32335,'INSERT INTO gne_vale_ferreteria_mov (vfe_id,pro_codigo_plu,vfm_cantidad,vfm_unitario,vfm_total,vfm_entregado) VALUES (4013,7653,1,1990,1990,@@@NO@@@)','',2,'2013-06-30'),(32336,'INSERT INTO gne_vale_ferreteria (vfe_id,vfe_fecha,vfe_total,vfe_estado,vfe_entregado,usu_nusuario) VALUES (4014,@@@2013.06.30@@@,490,1,0,@@@S_BIZAMA@@@)','',2,'2013-06-30'),(32337,'INSERT INTO gne_vale_ferreteria_mov (vfe_id,pro_codigo_plu,vfm_cantidad,vfm_unitario,vfm_total,vfm_entregado) VALUES (4014,780220183,1,490,490,@@@NO@@@)','',2,'2013-06-30'),(32338,'INSERT INTO gne_vale_ferreteria (vfe_id,vfe_fecha,vfe_total,vfe_estado,vfe_entregado,usu_nusuario) VALUES (4015,@@@2013.06.30@@@,490,1,0,@@@S_BIZAMA@@@)','',2,'2013-06-30'),(32339,'INSERT INTO gne_vale_ferreteria_mov (vfe_id,pro_codigo_plu,vfm_cantidad,vfm_unitario,vfm_total,vfm_entregado) VALUES (4015,780220183,1,490,490,@@@NO@@@)','',2,'2013-06-30'),(32340,'INSERT INTO gne_vale_ferreteria (vfe_id,vfe_fecha,vfe_total,vfe_estado,vfe_entregado,usu_nusuario) VALUES (4016,@@@2013.06.30@@@,1490,1,0,@@@S_BIZAMA@@@)','',2,'2013-06-30'),(32341,'INSERT INTO gne_vale_ferreteria_mov (vfe_id,pro_codigo_plu,vfm_cantidad,vfm_unitario,vfm_total,vfm_entregado) VALUES (4016,770083,1,1490,1490,@@@NO@@@)','',2,'2013-06-30'),(32342,'INSERT INTO gne_vale_ferreteria (vfe_id,vfe_fecha,vfe_total,vfe_estado,vfe_entregado,usu_nusuario) VALUES (4017,@@@2013.06.30@@@,330,1,0,@@@S_BIZAMA@@@)','',2,'2013-06-30'),(32343,'INSERT INTO gne_vale_ferreteria_mov (vfe_id,pro_codigo_plu,vfm_cantidad,vfm_unitario,vfm_total,vfm_entregado) VALUES (4017,764778,1,330,330,@@@NO@@@)','',2,'2013-06-30'),(32344,'INSERT INTO gne_vale_ferreteria (vfe_id,vfe_fecha,vfe_total,vfe_estado,vfe_entregado,usu_nusuario) VALUES (4018,@@@2013.06.30@@@,1390,1,0,@@@S_BIZAMA@@@)','',2,'2013-06-30'),(32345,'INSERT INTO gne_vale_ferreteria_mov (vfe_id,pro_codigo_plu,vfm_cantidad,vfm_unitario,vfm_total,vfm_entregado) VALUES (4018,100979,1,1390,1390,@@@NO@@@)','',2,'2013-06-30'),(32346,'INSERT INTO gne_vale_ferreteria (vfe_id,vfe_fecha,vfe_total,vfe_estado,vfe_entregado,usu_nusuario) VALUES (4019,@@@2013.06.30@@@,2480,1,0,@@@S_BIZAMA@@@)','',2,'2013-06-30'),(32347,'INSERT INTO gne_vale_ferreteria_mov (vfe_id,pro_codigo_plu,vfm_cantidad,vfm_unitario,vfm_total,vfm_entregado) VALUES (4019,780220160,1,2480,2480,@@@NO@@@)','',2,'2013-06-30'),(32348,'INSERT INTO gne_vale_ferreteria (vfe_id,vfe_fecha,vfe_total,vfe_estado,vfe_entregado,usu_nusuario) VALUES (4020,@@@2013.06.30@@@,120,1,0,@@@S_BIZAMA@@@)','',2,'2013-06-30'),(32349,'INSERT INTO gne_vale_ferreteria_mov (vfe_id,pro_codigo_plu,vfm_cantidad,vfm_unitario,vfm_total,vfm_entregado) VALUES (4020,8022,1,120,120,@@@NO@@@)','',2,'2013-06-30'),(32350,'INSERT INTO gne_vale_ferreteria (vfe_id,vfe_fecha,vfe_total,vfe_estado,vfe_entregado,usu_nusuario) VALUES (4021,@@@2013.06.30@@@,390,1,0,@@@S_BIZAMA@@@)','',2,'2013-06-30'),(32351,'INSERT INTO gne_vale_ferreteria_mov (vfe_id,pro_codigo_plu,vfm_cantidad,vfm_unitario,vfm_total,vfm_entregado) VALUES (4021,764123,1,390,390,@@@NO@@@)','',2,'2013-06-30'),(32352,'INSERT INTO gne_vale_ferreteria (vfe_id,vfe_fecha,vfe_total,vfe_estado,vfe_entregado,usu_nusuario) VALUES (4022,@@@2013.06.30@@@,1550,1,0,@@@S_BIZAMA@@@)','',2,'2013-06-30'),(32353,'INSERT INTO gne_vale_ferreteria_mov (vfe_id,pro_codigo_plu,vfm_cantidad,vfm_unitario,vfm_total,vfm_entregado) VALUES (4022,12033,1,1550,1550,@@@NO@@@)','',2,'2013-06-30'),(32354,'INSERT INTO gne_vale_ferreteria (vfe_id,vfe_fecha,vfe_total,vfe_estado,vfe_entregado,usu_nusuario) VALUES (4023,@@@2013.06.30@@@,120,1,0,@@@S_BIZAMA@@@)','',2,'2013-06-30'),(32355,'INSERT INTO gne_vale_ferreteria_mov (vfe_id,pro_codigo_plu,vfm_cantidad,vfm_unitario,vfm_total,vfm_entregado) VALUES (4023,8022,1,120,120,@@@NO@@@)','',2,'2013-06-30'),(32356,'INSERT INTO gne_vale_ferreteria (vfe_id,vfe_fecha,vfe_total,vfe_estado,vfe_entregado,usu_nusuario) VALUES (4024,@@@2013.06.30@@@,120,1,0,@@@S_BIZAMA@@@)','',2,'2013-06-30'),(32357,'INSERT INTO gne_vale_ferreteria_mov (vfe_id,pro_codigo_plu,vfm_cantidad,vfm_unitario,vfm_total,vfm_entregado) VALUES (4024,8022,1,120,120,@@@NO@@@)','',2,'2013-06-30'),(32358,'INSERT INTO gne_vale_ferreteria (vfe_id,vfe_fecha,vfe_total,vfe_estado,vfe_entregado,usu_nusuario) VALUES (4025,@@@2013.06.30@@@,1890,1,0,@@@S_BIZAMA@@@)','',2,'2013-06-30'),(32359,'INSERT INTO gne_vale_ferreteria_mov (vfe_id,pro_codigo_plu,vfm_cantidad,vfm_unitario,vfm_total,vfm_entregado) VALUES (4025,761649,1,1890,1890,@@@NO@@@)','',2,'2013-06-30'),(32360,'INSERT INTO gne_vale_ferreteria (vfe_id,vfe_fecha,vfe_total,vfe_estado,vfe_entregado,usu_nusuario) VALUES (4026,@@@2013.06.30@@@,3590,1,0,@@@S_BIZAMA@@@)','',2,'2013-06-30'),(32361,'INSERT INTO gne_vale_ferreteria_mov (vfe_id,pro_codigo_plu,vfm_cantidad,vfm_unitario,vfm_total,vfm_entregado) VALUES (4026,763909,2,500,1000,@@@NO@@@)','',2,'2013-06-30'),(32362,'INSERT INTO gne_vale_ferreteria_mov (vfe_id,pro_codigo_plu,vfm_cantidad,vfm_unitario,vfm_total,vfm_entregado) VALUES (4026,763760,1,2590,2590,@@@NO@@@)','',2,'2013-06-30'),(32363,'INSERT INTO gne_vale_ferreteria (vfe_id,vfe_fecha,vfe_total,vfe_estado,vfe_entregado,usu_nusuario) VALUES (4027,@@@2013.06.30@@@,1130,1,0,@@@S_BIZAMA@@@)','',2,'2013-06-30'),(32364,'INSERT INTO gne_vale_ferreteria_mov (vfe_id,pro_codigo_plu,vfm_cantidad,vfm_unitario,vfm_total,vfm_entregado) VALUES (4027,761997,1,740,740,@@@NO@@@)','',2,'2013-06-30'),(32365,'INSERT INTO gne_vale_ferreteria_mov (vfe_id,pro_codigo_plu,vfm_cantidad,vfm_unitario,vfm_total,vfm_entregado) VALUES (4027,78017020,1,390,390,@@@NO@@@)','',2,'2013-06-30'),(32366,'INSERT INTO gne_vale_ferreteria (vfe_id,vfe_fecha,vfe_total,vfe_estado,vfe_entregado,usu_nusuario) VALUES (4028,@@@2013.06.30@@@,470,1,0,@@@S_BIZAMA@@@)','',2,'2013-06-30'),(32367,'INSERT INTO gne_vale_ferreteria_mov (vfe_id,pro_codigo_plu,vfm_cantidad,vfm_unitario,vfm_total,vfm_entregado) VALUES (4028,763800,1,470,470,@@@NO@@@)','',2,'2013-06-30'),(32368,'INSERT INTO gne_vale_ferreteria (vfe_id,vfe_fecha,vfe_total,vfe_estado,vfe_entregado,usu_nusuario) VALUES (4029,@@@2013.06.30@@@,980,1,0,@@@S_BIZAMA@@@)','',2,'2013-06-30'),(32369,'INSERT INTO gne_vale_ferreteria_mov (vfe_id,pro_codigo_plu,vfm_cantidad,vfm_unitario,vfm_total,vfm_entregado) VALUES (4029,770020,2,390,780,@@@NO@@@)','',2,'2013-06-30'),(32370,'INSERT INTO gne_vale_ferreteria_mov (vfe_id,pro_codigo_plu,vfm_cantidad,vfm_unitario,vfm_total,vfm_entregado) VALUES (4029,770021,1,200,200,@@@NO@@@)','',2,'2013-06-30'),(32371,'INSERT INTO gne_vale_ferreteria (vfe_id,vfe_fecha,vfe_total,vfe_estado,vfe_entregado,usu_nusuario) VALUES (4030,@@@2013.06.30@@@,770,1,0,@@@S_BIZAMA@@@)','',2,'2013-06-30'),(32372,'INSERT INTO gne_vale_ferreteria_mov (vfe_id,pro_codigo_plu,vfm_cantidad,vfm_unitario,vfm_total,vfm_entregado) VALUES (4030,763614,1,650,650,@@@NO@@@)','',2,'2013-06-30'),(32373,'INSERT INTO gne_vale_ferreteria_mov (vfe_id,pro_codigo_plu,vfm_cantidad,vfm_unitario,vfm_total,vfm_entregado) VALUES (4030,12085,1,120,120,@@@NO@@@)','',2,'2013-06-30'),(32374,'INSERT INTO gne_vale_ferreteria (vfe_id,vfe_fecha,vfe_total,vfe_estado,vfe_entregado,usu_nusuario) VALUES (4031,@@@2013.06.30@@@,3599,1,0,@@@S_BIZAMA@@@)','',2,'2013-06-30'),(32375,'INSERT INTO gne_vale_ferreteria_mov (vfe_id,pro_codigo_plu,vfm_cantidad,vfm_unitario,vfm_total,vfm_entregado) VALUES (4031,15657,1,3599,3599,@@@NO@@@)','',2,'2013-06-30'),(32376,'INSERT INTO gne_vale_ferreteria (vfe_id,vfe_fecha,vfe_total,vfe_estado,vfe_entregado,usu_nusuario) VALUES (4032,@@@2013.06.30@@@,790,1,0,@@@S_BIZAMA@@@)','',2,'2013-06-30'),(32377,'INSERT INTO gne_vale_ferreteria_mov (vfe_id,pro_codigo_plu,vfm_cantidad,vfm_unitario,vfm_total,vfm_entregado) VALUES (4032,101454,1,790,790,@@@NO@@@)','',2,'2013-06-30'),(32378,'UPDATE mae_productos SET pro_margen_actual=0,pro_precio_venta=990 WHERE pro_codigo_plu=561','',2,'2013-06-30'),(32379,'UPDATE mae_productos SET pro_precio_fiscal=pro_precio_venta WHERE pro_codigo_plu=561','',2,'2013-06-30'),(32380,'INSERT INTO gne_vale_ferreteria (vfe_id,vfe_fecha,vfe_total,vfe_estado,vfe_entregado,usu_nusuario) VALUES (4033,@@@2013.06.30@@@,1850,1,0,@@@S_BIZAMA@@@)','',2,'2013-06-30'),(32381,'INSERT INTO gne_vale_ferreteria_mov (vfe_id,pro_codigo_plu,vfm_cantidad,vfm_unitario,vfm_total,vfm_entregado) VALUES (4033,764782,1,1850,1850,@@@NO@@@)','',2,'2013-06-30'),(32382,'INSERT INTO gne_vale_ferreteria (vfe_id,vfe_fecha,vfe_total,vfe_estado,vfe_entregado,usu_nusuario) VALUES (4034,@@@2013.07.01@@@,310,1,0,@@@S_BIZAMA@@@)','',2,'2013-07-01'),(32383,'INSERT INTO gne_vale_ferreteria_mov (vfe_id,pro_codigo_plu,vfm_cantidad,vfm_unitario,vfm_total,vfm_entregado) VALUES (4034,18799,1,310,310,@@@NO@@@)','',2,'2013-07-01'),(32384,'INSERT INTO gne_vale_ferreteria (vfe_id,vfe_fecha,vfe_total,vfe_estado,vfe_entregado,usu_nusuario) VALUES (4035,@@@2013.07.01@@@,1490,1,0,@@@S_BIZAMA@@@)','',2,'2013-07-01'),(32385,'INSERT INTO gne_vale_ferreteria_mov (vfe_id,pro_codigo_plu,vfm_cantidad,vfm_unitario,vfm_total,vfm_entregado) VALUES (4035,770083,1,1490,1490,@@@NO@@@)','',2,'2013-07-01'),(32386,'INSERT INTO gne_vale_ferreteria (vfe_id,vfe_fecha,vfe_total,vfe_estado,vfe_entregado,usu_nusuario) VALUES (4036,@@@2013.07.01@@@,390,1,0,@@@S_BIZAMA@@@)','',2,'2013-07-01'),(32387,'INSERT INTO gne_vale_ferreteria_mov (vfe_id,pro_codigo_plu,vfm_cantidad,vfm_unitario,vfm_total,vfm_entregado) VALUES (4036,78017020,1,390,390,@@@NO@@@)','',2,'2013-07-01'),(32388,'INSERT INTO gne_vale_ferreteria (vfe_id,vfe_fecha,vfe_total,vfe_estado,vfe_entregado,usu_nusuario) VALUES (4037,@@@2013.07.01@@@,120,1,0,@@@S_BIZAMA@@@)','',2,'2013-07-01'),(32389,'INSERT INTO gne_vale_ferreteria_mov (vfe_id,pro_codigo_plu,vfm_cantidad,vfm_unitario,vfm_total,vfm_entregado) VALUES (4037,8022,1,120,120,@@@NO@@@)','',2,'2013-07-01'),(32390,'UPDATE mae_productos SET pro_codigo_barra=@@@4118@@@,pro_tipo=@@@0@@@,pro_nombre_producto=@@@TOMATE PRIMERA GRANEL@@@,pro_nombre_corto=@@@TOMATE GRANEL@@@,med_id=@@@2@@@,emb_id=@@@3@@@,pro_unidades_embalaje=@@@0@@@,dep_id=@@@18 @@@,lin_id=@@@97@@@,mar_id=@@@2507@@@,pro_precio_compra_neto=@@@0@@@,pro_precio_compra_bruto=@@@0@@@,pro_precio_venta=@@@599@@@,pro_margen_actual=@@@0@@@,pro_oferta=@@@NO@@@,pro_fecha_inicio_oferta=@@@2013.04.24@@@,pro_fecha_termino_oferta=@@@2013.04.24@@@,pro_precio_oferta=@@@0@@@,pro_stock_minimo=@@@0@@@,pro_stock_critico=@@@0@@@,pro_activo=@@@0@@@,pro_unidad=@@@1@@@,pro_precio_compra_bruto=0,pro_margen_actual=0,pro_capacidad=1,pro_funcion_plu=1,pro_flejes=1,pro_iva=1,pro_plu_asociado=0,pro_envase=@@@NO@@@,pro_duracion=0,pro_numero_etiqueta=1 WHERE pro_codigo_plu=@@@4118@@@','',2,'2013-07-01'),(32391,'UPDATE mae_productos SET pro_estado=1 WHERE pro_codigo_plu=4118','',2,'2013-07-01'),(32392,'DELETE FROM mae_impuestos_productos WHERE pro_codigo_plu=@@@4118@@@','',2,'2013-07-01'),(32393,'INSERT INTO gne_vale_ferreteria (vfe_id,vfe_fecha,vfe_total,vfe_estado,vfe_entregado,usu_nusuario) VALUES (4038,@@@2013.07.01@@@,1550,1,0,@@@S_BIZAMA@@@)','',2,'2013-07-01'),(32394,'INSERT INTO gne_vale_ferreteria_mov (vfe_id,pro_codigo_plu,vfm_cantidad,vfm_unitario,vfm_total,vfm_entregado) VALUES (4038,763672,1,1550,1550,@@@NO@@@)','',2,'2013-07-01'),(32395,'UPDATE mae_productos SET pro_margen_actual=0,pro_precio_venta=799 WHERE pro_codigo_plu=580','',2,'2013-07-01'),(32396,'UPDATE mae_productos SET pro_margen_actual=0,pro_precio_venta=299 WHERE pro_codigo_plu=534','',2,'2013-07-01'),(32397,'UPDATE mae_productos SET pro_margen_actual=0,pro_precio_venta=750 WHERE pro_codigo_plu=612','',2,'2013-07-01'),(32398,'UPDATE mae_productos SET pro_margen_actual=0,pro_precio_venta=2250 WHERE pro_codigo_plu=578','',2,'2013-07-01'),(32399,'UPDATE mae_productos SET pro_margen_actual=0,pro_precio_venta=250 WHERE pro_codigo_plu=589','',2,'2013-07-01'),(32400,'UPDATE mae_productos SET pro_margen_actual=0,pro_precio_venta=375 WHERE pro_codigo_plu=594','',2,'2013-07-01'),(32401,'UPDATE mae_productos SET pro_margen_actual=0,pro_precio_venta=330 WHERE pro_codigo_plu=597','',2,'2013-07-01'),(32402,'UPDATE mae_productos SET pro_margen_actual=0,pro_precio_venta=450 WHERE pro_codigo_plu=610','',2,'2013-07-01'),(32403,'UPDATE mae_productos SET pro_margen_actual=0,pro_precio_venta=750 WHERE pro_codigo_plu=566','',2,'2013-07-01'),(32404,'UPDATE mae_productos SET pro_margen_actual=0,pro_precio_venta=799 WHERE pro_codigo_plu=579','',2,'2013-07-01'),(32405,'UPDATE mae_productos SET pro_precio_fiscal=pro_precio_venta WHERE pro_codigo_plu=534','',2,'2013-07-01'),(32406,'UPDATE mae_productos SET pro_precio_fiscal=pro_precio_venta WHERE pro_codigo_plu=566','',2,'2013-07-01'),(32407,'UPDATE mae_productos SET pro_precio_fiscal=pro_precio_venta WHERE pro_codigo_plu=578','',2,'2013-07-01'),(32408,'UPDATE mae_productos SET pro_precio_fiscal=pro_precio_venta WHERE pro_codigo_plu=579','',2,'2013-07-01'),(32409,'UPDATE mae_productos SET pro_precio_fiscal=pro_precio_venta WHERE pro_codigo_plu=580','',2,'2013-07-01'),(32410,'UPDATE mae_productos SET pro_precio_fiscal=pro_precio_venta WHERE pro_codigo_plu=594','',2,'2013-07-01'),(32411,'UPDATE mae_productos SET pro_precio_fiscal=pro_precio_venta WHERE pro_codigo_plu=597','',2,'2013-07-01'),(32412,'UPDATE mae_productos SET pro_precio_fiscal=pro_precio_venta WHERE pro_codigo_plu=612','',2,'2013-07-01'),(32413,'INSERT INTO gne_vale_ferreteria (vfe_id,vfe_fecha,vfe_total,vfe_estado,vfe_entregado,usu_nusuario) VALUES (4039,@@@2013.07.01@@@,220,1,0,@@@S_BIZAMA@@@)','',2,'2013-07-01'),(32414,'INSERT INTO gne_vale_ferreteria_mov (vfe_id,pro_codigo_plu,vfm_cantidad,vfm_unitario,vfm_total,vfm_entregado) VALUES (4039,780721141,1,120,120,@@@NO@@@)','',2,'2013-07-01'),(32415,'INSERT INTO gne_vale_ferreteria_mov (vfe_id,pro_codigo_plu,vfm_cantidad,vfm_unitario,vfm_total,vfm_entregado) VALUES (4039,78017010,1,100,100,@@@NO@@@)','',2,'2013-07-01'),(32416,'INSERT INTO com_ventas_grupo (vgr_fecha,vgr_grupo,vgr_cantidad,vgr_total) VALUES (@@@2013.06.25@@@,1,153.485,152078)','',2,'2013-07-01'),(32417,'INSERT INTO com_ventas_grupo (vgr_fecha,vgr_grupo,vgr_cantidad,vgr_total) VALUES (@@@2013.06.25@@@,2,143.18,81871)','',2,'2013-07-01'),(32418,'INSERT INTO com_ventas_grupo (vgr_fecha,vgr_grupo,vgr_cantidad,vgr_total) VALUES (@@@2013.06.25@@@,3,280,53326)','',2,'2013-07-01'),(32419,'INSERT INTO com_ventas_grupo (vgr_fecha,vgr_grupo,vgr_cantidad,vgr_total) VALUES (@@@2013.06.25@@@,4,52,44428)','',2,'2013-07-01'),(32420,'INSERT INTO com_ventas_grupo (vgr_fecha,vgr_grupo,vgr_cantidad,vgr_total) VALUES (@@@2013.06.25@@@,5,3,12970)','',2,'2013-07-01'),(32421,'INSERT INTO com_ventas_grupo (vgr_fecha,vgr_grupo,vgr_cantidad,vgr_total) VALUES (@@@2013.06.25@@@,6,12,19080)','',2,'2013-07-01'),(32422,'INSERT INTO com_ventas_grupo (vgr_fecha,vgr_grupo,vgr_cantidad,vgr_total) VALUES (@@@2013.06.25@@@,7,15,19798)','',2,'2013-07-01'),(32423,'INSERT INTO com_ventas_grupo (vgr_fecha,vgr_grupo,vgr_cantidad,vgr_total) VALUES (@@@2013.06.25@@@,8,37,16560)','',2,'2013-07-01'),(32424,'INSERT INTO com_ventas_grupo (vgr_fecha,vgr_grupo,vgr_cantidad,vgr_total) VALUES (@@@2013.06.25@@@,9,67.195,115497)','',2,'2013-07-01'),(32425,'INSERT INTO com_ventas_grupo (vgr_fecha,vgr_grupo,vgr_cantidad,vgr_total) VALUES (@@@2013.06.25@@@,10,43.425,95608)','',2,'2013-07-01'),(32426,'INSERT INTO com_ventas_grupo (vgr_fecha,vgr_grupo,vgr_cantidad,vgr_total) VALUES (@@@2013.06.25@@@,11,8.35,23925)','',2,'2013-07-01'),(32427,'INSERT INTO com_ventas_grupo (vgr_fecha,vgr_grupo,vgr_cantidad,vgr_total) VALUES (@@@2013.06.25@@@,12,39.275,67624)','',2,'2013-07-01'),(32428,'INSERT INTO com_ventas_grupo (vgr_fecha,vgr_grupo,vgr_cantidad,vgr_total) VALUES (@@@2013.06.25@@@,13,8.735,33531)','',2,'2013-07-01'),(32429,'INSERT INTO com_ventas_grupo (vgr_fecha,vgr_grupo,vgr_cantidad,vgr_total) VALUES (@@@2013.06.25@@@,14,109.505,101622)','',2,'2013-07-01'),(32430,'INSERT INTO com_ventas_grupo (vgr_fecha,vgr_grupo,vgr_cantidad,vgr_total) VALUES (@@@2013.06.25@@@,15,1,1990)','',2,'2013-07-01'),(32431,'INSERT INTO com_ventas_grupo (vgr_fecha,vgr_grupo,vgr_cantidad,vgr_total) VALUES (@@@2013.06.25@@@,16,1,170)','',2,'2013-07-01'),(32432,'INSERT INTO com_ventas_grupo (vgr_fecha,vgr_grupo,vgr_cantidad,vgr_total) VALUES (@@@2013.06.25@@@,18,193.885,93628)','',2,'2013-07-01'),(32433,'INSERT INTO com_ventas_grupo (vgr_fecha,vgr_grupo,vgr_cantidad,vgr_total) VALUES (@@@2013.06.25@@@,20,61.43,17451)','',2,'2013-07-01'),(32434,'INSERT INTO com_ventas_grupo (vgr_fecha,vgr_grupo,vgr_cantidad,vgr_total) VALUES (@@@2013.06.25@@@,21,38,20760)','',2,'2013-07-01'),(32435,'INSERT INTO com_ventas_grupo (vgr_fecha,vgr_grupo,vgr_cantidad,vgr_total) VALUES (@@@2013.06.25@@@,23,2,6980)','',2,'2013-07-01'),(32436,'INSERT INTO com_ventas_grupo (vgr_fecha,vgr_grupo,vgr_cantidad,vgr_total) VALUES (@@@2013.06.25@@@,24,198,33600)','',2,'2013-07-01'),(32437,'INSERT INTO com_ventas_grupo (vgr_fecha,vgr_grupo,vgr_cantidad,vgr_total) VALUES (@@@2013.06.25@@@,25,93,138800)','',2,'2013-07-01'),(32438,'INSERT INTO com_ventas_grupo (vgr_fecha,vgr_grupo,vgr_cantidad,vgr_total) VALUES (@@@2013.06.25@@@,31,11,7680)','',2,'2013-07-01'),(32439,'INSERT INTO com_ventas_grupo (vgr_fecha,vgr_grupo,vgr_cantidad,vgr_total) VALUES (@@@2013.06.25@@@,32,266,94388)','',2,'2013-07-01'),(32440,'INSERT INTO com_ventas_grupo (vgr_fecha,vgr_grupo,vgr_cantidad,vgr_total) VALUES (@@@2013.06.25@@@,35,9,12710)','',2,'2013-07-01'),(32441,'INSERT INTO com_ventas_grupo (vgr_fecha,vgr_grupo,vgr_cantidad,vgr_total) VALUES (@@@2013.06.25@@@,36,3,650)','',2,'2013-07-01'),(32442,'INSERT INTO com_ventas_grupo (vgr_fecha,vgr_grupo,vgr_cantidad,vgr_total) VALUES (@@@2013.06.25@@@,37,1,300)','',2,'2013-07-01'),(32443,'INSERT INTO com_ventas_grupo (vgr_fecha,vgr_grupo,vgr_cantidad,vgr_total) VALUES (@@@2013.06.25@@@,38,2,5680)','',2,'2013-07-01'),(32444,'INSERT INTO com_ventas_grupo (vgr_fecha,vgr_grupo,vgr_cantidad,vgr_total) VALUES (@@@2013.06.25@@@,39,2,3090)','',2,'2013-07-01'),(32445,'INSERT INTO com_ventas_grupo (vgr_fecha,vgr_grupo,vgr_cantidad,vgr_total) VALUES (@@@2013.06.25@@@,40,90282,90282)','',2,'2013-07-01'),(32446,'INSERT INTO com_ventas_grupo (vgr_fecha,vgr_grupo,vgr_cantidad,vgr_total) VALUES (@@@2013.06.25@@@,42,38.54,31891)','',2,'2013-07-01'),(32447,'UPDATE mae_datos_empresa SET emp_oferta=@@@NO@@@','',2,'2013-07-01'),(32448,'INSERT INTO com_ventas_grupo (vgr_fecha,vgr_grupo,vgr_cantidad,vgr_total) VALUES (@@@2013.06.26@@@,1,174.21,112136)','',2,'2013-07-01'),(32449,'INSERT INTO com_ventas_grupo (vgr_fecha,vgr_grupo,vgr_cantidad,vgr_total) VALUES (@@@2013.06.26@@@,2,188,96788)','',2,'2013-07-01'),(32450,'INSERT INTO com_ventas_grupo (vgr_fecha,vgr_grupo,vgr_cantidad,vgr_total) VALUES (@@@2013.06.26@@@,3,300,67303)','',2,'2013-07-01'),(32451,'INSERT INTO com_ventas_grupo (vgr_fecha,vgr_grupo,vgr_cantidad,vgr_total) VALUES (@@@2013.06.26@@@,4,71,52819)','',2,'2013-07-01'),(32452,'INSERT INTO com_ventas_grupo (vgr_fecha,vgr_grupo,vgr_cantidad,vgr_total) VALUES (@@@2013.06.26@@@,5,4,15030)','',2,'2013-07-01'),(32453,'INSERT INTO com_ventas_grupo (vgr_fecha,vgr_grupo,vgr_cantidad,vgr_total) VALUES (@@@2013.06.26@@@,6,26,44390)','',2,'2013-07-01'),(32454,'INSERT INTO com_ventas_grupo (vgr_fecha,vgr_grupo,vgr_cantidad,vgr_total) VALUES (@@@2013.06.26@@@,7,22,29715)','',2,'2013-07-01'),(32455,'INSERT INTO com_ventas_grupo (vgr_fecha,vgr_grupo,vgr_cantidad,vgr_total) VALUES (@@@2013.06.26@@@,8,46,20220)','',2,'2013-07-01'),(32456,'INSERT INTO com_ventas_grupo (vgr_fecha,vgr_grupo,vgr_cantidad,vgr_total) VALUES (@@@2013.06.26@@@,9,67.05,117406)','',2,'2013-07-01'),(32457,'INSERT INTO com_ventas_grupo (vgr_fecha,vgr_grupo,vgr_cantidad,vgr_total) VALUES (@@@2013.06.26@@@,10,29.215,86092)','',2,'2013-07-01'),(32458,'INSERT INTO com_ventas_grupo (vgr_fecha,vgr_grupo,vgr_cantidad,vgr_total) VALUES (@@@2013.06.26@@@,11,27.655,58379)','',2,'2013-07-01'),(32459,'INSERT INTO com_ventas_grupo (vgr_fecha,vgr_grupo,vgr_cantidad,vgr_total) VALUES (@@@2013.06.26@@@,12,29.225,55552)','',2,'2013-07-01'),(32460,'INSERT INTO com_ventas_grupo (vgr_fecha,vgr_grupo,vgr_cantidad,vgr_total) VALUES (@@@2013.06.26@@@,13,10.62,31864)','',2,'2013-07-01'),(32461,'INSERT INTO com_ventas_grupo (vgr_fecha,vgr_grupo,vgr_cantidad,vgr_total) VALUES (@@@2013.06.26@@@,14,111.4,102236)','',2,'2013-07-01'),(32462,'INSERT INTO com_ventas_grupo (vgr_fecha,vgr_grupo,vgr_cantidad,vgr_total) VALUES (@@@2013.06.26@@@,18,186.975,93506)','',2,'2013-07-01'),(32463,'INSERT INTO com_ventas_grupo (vgr_fecha,vgr_grupo,vgr_cantidad,vgr_total) VALUES (@@@2013.06.26@@@,20,47.995,21728)','',2,'2013-07-01'),(32464,'INSERT INTO com_ventas_grupo (vgr_fecha,vgr_grupo,vgr_cantidad,vgr_total) VALUES (@@@2013.06.26@@@,21,33,30970)','',2,'2013-07-01'),(32465,'INSERT INTO com_ventas_grupo (vgr_fecha,vgr_grupo,vgr_cantidad,vgr_total) VALUES (@@@2013.06.26@@@,23,1,1190)','',2,'2013-07-01'),(32466,'INSERT INTO com_ventas_grupo (vgr_fecha,vgr_grupo,vgr_cantidad,vgr_total) VALUES (@@@2013.06.26@@@,24,213,35419)','',2,'2013-07-01'),(32467,'INSERT INTO com_ventas_grupo (vgr_fecha,vgr_grupo,vgr_cantidad,vgr_total) VALUES (@@@2013.06.26@@@,25,85,118500)','',2,'2013-07-01'),(32468,'INSERT INTO com_ventas_grupo (vgr_fecha,vgr_grupo,vgr_cantidad,vgr_total) VALUES (@@@2013.06.26@@@,27,1,890)','',2,'2013-07-01'),(32469,'INSERT INTO com_ventas_grupo (vgr_fecha,vgr_grupo,vgr_cantidad,vgr_total) VALUES (@@@2013.06.26@@@,31,16,14360)','',2,'2013-07-01'),(32470,'INSERT INTO com_ventas_grupo (vgr_fecha,vgr_grupo,vgr_cantidad,vgr_total) VALUES (@@@2013.06.26@@@,32,311,95209)','',2,'2013-07-01'),(32471,'INSERT INTO com_ventas_grupo (vgr_fecha,vgr_grupo,vgr_cantidad,vgr_total) VALUES (@@@2013.06.26@@@,34,4,4800)','',2,'2013-07-01'),(32472,'INSERT INTO com_ventas_grupo (vgr_fecha,vgr_grupo,vgr_cantidad,vgr_total) VALUES (@@@2013.06.26@@@,35,10,9045)','',2,'2013-07-01'),(32473,'INSERT INTO com_ventas_grupo (vgr_fecha,vgr_grupo,vgr_cantidad,vgr_total) VALUES (@@@2013.06.26@@@,36,11,2090)','',2,'2013-07-01'),(32474,'INSERT INTO com_ventas_grupo (vgr_fecha,vgr_grupo,vgr_cantidad,vgr_total) VALUES (@@@2013.06.26@@@,37,2,600)','',2,'2013-07-01'),(32475,'INSERT INTO com_ventas_grupo (vgr_fecha,vgr_grupo,vgr_cantidad,vgr_total) VALUES (@@@2013.06.26@@@,38,1,1190)','',2,'2013-07-01'),(32476,'INSERT INTO com_ventas_grupo (vgr_fecha,vgr_grupo,vgr_cantidad,vgr_total) VALUES (@@@2013.06.26@@@,39,7,11380)','',2,'2013-07-01'),(32477,'INSERT INTO com_ventas_grupo (vgr_fecha,vgr_grupo,vgr_cantidad,vgr_total) VALUES (@@@2013.06.26@@@,40,10290,10290)','',2,'2013-07-01'),(32478,'INSERT INTO com_ventas_grupo (vgr_fecha,vgr_grupo,vgr_cantidad,vgr_total) VALUES (@@@2013.06.26@@@,41,2,1170)','',2,'2013-07-01'),(32479,'INSERT INTO com_ventas_grupo (vgr_fecha,vgr_grupo,vgr_cantidad,vgr_total) VALUES (@@@2013.06.26@@@,42,20.445,18288)','',2,'2013-07-01'),(32480,'UPDATE mae_datos_empresa SET emp_oferta=@@@NO@@@','',2,'2013-07-01'),(32481,'INSERT INTO com_ventas_grupo (vgr_fecha,vgr_grupo,vgr_cantidad,vgr_total) VALUES (@@@2013.06.27@@@,1,147.215,101907)','',2,'2013-07-01'),(32482,'INSERT INTO com_ventas_grupo (vgr_fecha,vgr_grupo,vgr_cantidad,vgr_total) VALUES (@@@2013.06.27@@@,2,158.79,79899)','',2,'2013-07-01'),(32483,'INSERT INTO com_ventas_grupo (vgr_fecha,vgr_grupo,vgr_cantidad,vgr_total) VALUES (@@@2013.06.27@@@,3,330.0231,65169)','',2,'2013-07-01'),(32484,'INSERT INTO com_ventas_grupo (vgr_fecha,vgr_grupo,vgr_cantidad,vgr_total) VALUES (@@@2013.06.27@@@,4,72,53170)','',2,'2013-07-01'),(32485,'INSERT INTO com_ventas_grupo (vgr_fecha,vgr_grupo,vgr_cantidad,vgr_total) VALUES (@@@2013.06.27@@@,5,2,8250)','',2,'2013-07-01'),(32486,'INSERT INTO com_ventas_grupo (vgr_fecha,vgr_grupo,vgr_cantidad,vgr_total) VALUES (@@@2013.06.27@@@,6,26,44605)','',2,'2013-07-01'),(32487,'INSERT INTO com_ventas_grupo (vgr_fecha,vgr_grupo,vgr_cantidad,vgr_total) VALUES (@@@2013.06.27@@@,7,22,47757)','',2,'2013-07-01'),(32488,'INSERT INTO com_ventas_grupo (vgr_fecha,vgr_grupo,vgr_cantidad,vgr_total) VALUES (@@@2013.06.27@@@,8,28,17170)','',2,'2013-07-01'),(32489,'INSERT INTO com_ventas_grupo (vgr_fecha,vgr_grupo,vgr_cantidad,vgr_total) VALUES (@@@2013.06.27@@@,9,59.24,103903)','',2,'2013-07-01'),(32490,'INSERT INTO com_ventas_grupo (vgr_fecha,vgr_grupo,vgr_cantidad,vgr_total) VALUES (@@@2013.06.27@@@,10,45.63,115123)','',2,'2013-07-01'),(32491,'INSERT INTO com_ventas_grupo (vgr_fecha,vgr_grupo,vgr_cantidad,vgr_total) VALUES (@@@2013.06.27@@@,11,30.84,63603)','',2,'2013-07-01'),(32492,'INSERT INTO com_ventas_grupo (vgr_fecha,vgr_grupo,vgr_cantidad,vgr_total) VALUES (@@@2013.06.27@@@,12,43.38,58584)','',2,'2013-07-01'),(32493,'INSERT INTO com_ventas_grupo (vgr_fecha,vgr_grupo,vgr_cantidad,vgr_total) VALUES (@@@2013.06.27@@@,13,8.31,26012)','',2,'2013-07-01'),(32494,'INSERT INTO com_ventas_grupo (vgr_fecha,vgr_grupo,vgr_cantidad,vgr_total) VALUES (@@@2013.06.27@@@,14,104.825,94751)','',2,'2013-07-01'),(32495,'INSERT INTO com_ventas_grupo (vgr_fecha,vgr_grupo,vgr_cantidad,vgr_total) VALUES (@@@2013.06.27@@@,16,6,1020)','',2,'2013-07-01'),(32496,'INSERT INTO com_ventas_grupo (vgr_fecha,vgr_grupo,vgr_cantidad,vgr_total) VALUES (@@@2013.06.27@@@,18,205.65,111724)','',2,'2013-07-01'),(32497,'INSERT INTO com_ventas_grupo (vgr_fecha,vgr_grupo,vgr_cantidad,vgr_total) VALUES (@@@2013.06.27@@@,20,35.47,13116)','',2,'2013-07-01'),(32498,'INSERT INTO com_ventas_grupo (vgr_fecha,vgr_grupo,vgr_cantidad,vgr_total) VALUES (@@@2013.06.27@@@,21,20,15950)','',2,'2013-07-01'),(32499,'INSERT INTO com_ventas_grupo (vgr_fecha,vgr_grupo,vgr_cantidad,vgr_total) VALUES (@@@2013.06.27@@@,22,1,1990)','',2,'2013-07-01'),(32500,'INSERT INTO com_ventas_grupo (vgr_fecha,vgr_grupo,vgr_cantidad,vgr_total) VALUES (@@@2013.06.27@@@,24,91,20680)','',2,'2013-07-01'),(32501,'INSERT INTO com_ventas_grupo (vgr_fecha,vgr_grupo,vgr_cantidad,vgr_total) VALUES (@@@2013.06.27@@@,25,85,127400)','',2,'2013-07-01'),(32502,'INSERT INTO com_ventas_grupo (vgr_fecha,vgr_grupo,vgr_cantidad,vgr_total) VALUES (@@@2013.06.27@@@,31,9,8980)','',2,'2013-07-01'),(32503,'INSERT INTO com_ventas_grupo (vgr_fecha,vgr_grupo,vgr_cantidad,vgr_total) VALUES (@@@2013.06.27@@@,32,293,93959)','',2,'2013-07-01'),(32504,'INSERT INTO com_ventas_grupo (vgr_fecha,vgr_grupo,vgr_cantidad,vgr_total) VALUES (@@@2013.06.27@@@,35,5,8900)','',2,'2013-07-01'),(32505,'INSERT INTO com_ventas_grupo (vgr_fecha,vgr_grupo,vgr_cantidad,vgr_total) VALUES (@@@2013.06.27@@@,36,9,440)','',2,'2013-07-01'),(32506,'INSERT INTO com_ventas_grupo (vgr_fecha,vgr_grupo,vgr_cantidad,vgr_total) VALUES (@@@2013.06.27@@@,37,2,240)','',2,'2013-07-01'),(32507,'INSERT INTO com_ventas_grupo (vgr_fecha,vgr_grupo,vgr_cantidad,vgr_total) VALUES (@@@2013.06.27@@@,38,2,3180)','',2,'2013-07-01'),(32508,'INSERT INTO com_ventas_grupo (vgr_fecha,vgr_grupo,vgr_cantidad,vgr_total) VALUES (@@@2013.06.27@@@,39,4,5700)','',2,'2013-07-01'),(32509,'INSERT INTO com_ventas_grupo (vgr_fecha,vgr_grupo,vgr_cantidad,vgr_total) VALUES (@@@2013.06.27@@@,40,18909,18909)','',2,'2013-07-01'),(32510,'INSERT INTO com_ventas_grupo (vgr_fecha,vgr_grupo,vgr_cantidad,vgr_total) VALUES (@@@2013.06.27@@@,41,1,990)','',2,'2013-07-01'),(32511,'INSERT INTO com_ventas_grupo (vgr_fecha,vgr_grupo,vgr_cantidad,vgr_total) VALUES (@@@2013.06.27@@@,42,10.525,10569)','',2,'2013-07-01'),(32512,'UPDATE mae_datos_empresa SET emp_oferta=@@@NO@@@','',2,'2013-07-01'),(32513,'INSERT INTO com_ventas_grupo (vgr_fecha,vgr_grupo,vgr_cantidad,vgr_total) VALUES (@@@2013.06.28@@@,1,171.32,142001)','',2,'2013-07-01'),(32514,'INSERT INTO com_ventas_grupo (vgr_fecha,vgr_grupo,vgr_cantidad,vgr_total) VALUES (@@@2013.06.28@@@,2,212,130991)','',2,'2013-07-01'),(32515,'INSERT INTO com_ventas_grupo (vgr_fecha,vgr_grupo,vgr_cantidad,vgr_total) VALUES (@@@2013.06.28@@@,3,380,96703)','',2,'2013-07-01'),(32516,'INSERT INTO com_ventas_grupo (vgr_fecha,vgr_grupo,vgr_cantidad,vgr_total) VALUES (@@@2013.06.28@@@,4,84,82630)','',2,'2013-07-01'),(32517,'INSERT INTO com_ventas_grupo (vgr_fecha,vgr_grupo,vgr_cantidad,vgr_total) VALUES (@@@2013.06.28@@@,5,17,54335)','',2,'2013-07-01'),(32518,'INSERT INTO com_ventas_grupo (vgr_fecha,vgr_grupo,vgr_cantidad,vgr_total) VALUES (@@@2013.06.28@@@,6,32,57885)','',2,'2013-07-01'),(32519,'INSERT INTO com_ventas_grupo (vgr_fecha,vgr_grupo,vgr_cantidad,vgr_total) VALUES (@@@2013.06.28@@@,7,36,53165)','',2,'2013-07-01'),(32520,'INSERT INTO com_ventas_grupo (vgr_fecha,vgr_grupo,vgr_cantidad,vgr_total) VALUES (@@@2013.06.28@@@,8,26,15390)','',2,'2013-07-01'),(32521,'INSERT INTO com_ventas_grupo (vgr_fecha,vgr_grupo,vgr_cantidad,vgr_total) VALUES (@@@2013.06.28@@@,9,107.675,160236)','',2,'2013-07-01'),(32522,'INSERT INTO com_ventas_grupo (vgr_fecha,vgr_grupo,vgr_cantidad,vgr_total) VALUES (@@@2013.06.28@@@,10,73.765,186383)','',2,'2013-07-01'),(32523,'INSERT INTO com_ventas_grupo (vgr_fecha,vgr_grupo,vgr_cantidad,vgr_total) VALUES (@@@2013.06.28@@@,11,43.165,103145)','',2,'2013-07-01'),(32524,'INSERT INTO com_ventas_grupo (vgr_fecha,vgr_grupo,vgr_cantidad,vgr_total) VALUES (@@@2013.06.28@@@,12,55.895,82402)','',2,'2013-07-01'),(32525,'INSERT INTO com_ventas_grupo (vgr_fecha,vgr_grupo,vgr_cantidad,vgr_total) VALUES (@@@2013.06.28@@@,13,11.47,48109)','',2,'2013-07-01'),(32526,'INSERT INTO com_ventas_grupo (vgr_fecha,vgr_grupo,vgr_cantidad,vgr_total) VALUES (@@@2013.06.28@@@,14,113.16,103804)','',2,'2013-07-01'),(32527,'INSERT INTO com_ventas_grupo (vgr_fecha,vgr_grupo,vgr_cantidad,vgr_total) VALUES (@@@2013.06.28@@@,16,3,470)','',2,'2013-07-01'),(32528,'INSERT INTO com_ventas_grupo (vgr_fecha,vgr_grupo,vgr_cantidad,vgr_total) VALUES (@@@2013.06.28@@@,18,202.87,111843)','',2,'2013-07-01'),(32529,'INSERT INTO com_ventas_grupo (vgr_fecha,vgr_grupo,vgr_cantidad,vgr_total) VALUES (@@@2013.06.28@@@,20,144.28,37467)','',2,'2013-07-01'),(32530,'INSERT INTO com_ventas_grupo (vgr_fecha,vgr_grupo,vgr_cantidad,vgr_total) VALUES (@@@2013.06.28@@@,21,59,62270)','',2,'2013-07-01'),(32531,'INSERT INTO com_ventas_grupo (vgr_fecha,vgr_grupo,vgr_cantidad,vgr_total) VALUES (@@@2013.06.28@@@,23,6,11440)','',2,'2013-07-01'),(32532,'INSERT INTO com_ventas_grupo (vgr_fecha,vgr_grupo,vgr_cantidad,vgr_total) VALUES (@@@2013.06.28@@@,24,138,20440)','',2,'2013-07-01'),(32533,'INSERT INTO com_ventas_grupo (vgr_fecha,vgr_grupo,vgr_cantidad,vgr_total) VALUES (@@@2013.06.28@@@,25,94,146400)','',2,'2013-07-01'),(32534,'INSERT INTO com_ventas_grupo (vgr_fecha,vgr_grupo,vgr_cantidad,vgr_total) VALUES (@@@2013.06.28@@@,31,11,7600)','',2,'2013-07-01'),(32535,'INSERT INTO com_ventas_grupo (vgr_fecha,vgr_grupo,vgr_cantidad,vgr_total) VALUES (@@@2013.06.28@@@,32,377,145199)','',2,'2013-07-01'),(32536,'INSERT INTO com_ventas_grupo (vgr_fecha,vgr_grupo,vgr_cantidad,vgr_total) VALUES (@@@2013.06.28@@@,34,1,1200)','',2,'2013-07-01'),(32537,'INSERT INTO com_ventas_grupo (vgr_fecha,vgr_grupo,vgr_cantidad,vgr_total) VALUES (@@@2013.06.28@@@,35,10,17500)','',2,'2013-07-01'),(32538,'INSERT INTO com_ventas_grupo (vgr_fecha,vgr_grupo,vgr_cantidad,vgr_total) VALUES (@@@2013.06.28@@@,36,2,400)','',2,'2013-07-01'),(32539,'INSERT INTO com_ventas_grupo (vgr_fecha,vgr_grupo,vgr_cantidad,vgr_total) VALUES (@@@2013.06.28@@@,37,10,4030)','',2,'2013-07-01'),(32540,'INSERT INTO com_ventas_grupo (vgr_fecha,vgr_grupo,vgr_cantidad,vgr_total) VALUES (@@@2013.06.28@@@,38,9,24810)','',2,'2013-07-01'),(32541,'INSERT INTO com_ventas_grupo (vgr_fecha,vgr_grupo,vgr_cantidad,vgr_total) VALUES (@@@2013.06.28@@@,39,4,4690)','',2,'2013-07-01'),(32542,'INSERT INTO com_ventas_grupo (vgr_fecha,vgr_grupo,vgr_cantidad,vgr_total) VALUES (@@@2013.06.28@@@,40,18660,18660)','',2,'2013-07-01'),(32543,'INSERT INTO com_ventas_grupo (vgr_fecha,vgr_grupo,vgr_cantidad,vgr_total) VALUES (@@@2013.06.28@@@,42,33.215,35913)','',2,'2013-07-01'),(32544,'UPDATE mae_datos_empresa SET emp_oferta=@@@NO@@@','',2,'2013-07-01'),(32545,'INSERT INTO com_ventas_grupo (vgr_fecha,vgr_grupo,vgr_cantidad,vgr_total) VALUES (@@@2013.06.29@@@,1,173.8,181028)','',2,'2013-07-01'),(32546,'INSERT INTO com_ventas_grupo (vgr_fecha,vgr_grupo,vgr_cantidad,vgr_total) VALUES (@@@2013.06.29@@@,2,235.505,152538)','',2,'2013-07-01'),(32547,'INSERT INTO com_ventas_grupo (vgr_fecha,vgr_grupo,vgr_cantidad,vgr_total) VALUES (@@@2013.06.29@@@,3,247,54996)','',2,'2013-07-01'),(32548,'INSERT INTO com_ventas_grupo (vgr_fecha,vgr_grupo,vgr_cantidad,vgr_total) VALUES (@@@2013.06.29@@@,4,102,102849)','',2,'2013-07-01'),(32549,'INSERT INTO com_ventas_grupo (vgr_fecha,vgr_grupo,vgr_cantidad,vgr_total) VALUES (@@@2013.06.29@@@,5,11,33060)','',2,'2013-07-01'),(32550,'INSERT INTO com_ventas_grupo (vgr_fecha,vgr_grupo,vgr_cantidad,vgr_total) VALUES (@@@2013.06.29@@@,6,46,81950)','',2,'2013-07-01'),(32551,'INSERT INTO com_ventas_grupo (vgr_fecha,vgr_grupo,vgr_cantidad,vgr_total) VALUES (@@@2013.06.29@@@,7,69,132673)','',2,'2013-07-01'),(32552,'INSERT INTO com_ventas_grupo (vgr_fecha,vgr_grupo,vgr_cantidad,vgr_total) VALUES (@@@2013.06.29@@@,8,36,21450)','',2,'2013-07-01'),(32553,'INSERT INTO com_ventas_grupo (vgr_fecha,vgr_grupo,vgr_cantidad,vgr_total) VALUES (@@@2013.06.29@@@,9,137.695,225322)','',2,'2013-07-01'),(32554,'INSERT INTO com_ventas_grupo (vgr_fecha,vgr_grupo,vgr_cantidad,vgr_total) VALUES (@@@2013.06.29@@@,10,69.5,185248)','',2,'2013-07-01'),(32555,'INSERT INTO com_ventas_grupo (vgr_fecha,vgr_grupo,vgr_cantidad,vgr_total) VALUES (@@@2013.06.29@@@,11,82.14,189525)','',2,'2013-07-01'),(32556,'INSERT INTO com_ventas_grupo (vgr_fecha,vgr_grupo,vgr_cantidad,vgr_total) VALUES (@@@2013.06.29@@@,12,39.315,75652)','',2,'2013-07-01'),(32557,'INSERT INTO com_ventas_grupo (vgr_fecha,vgr_grupo,vgr_cantidad,vgr_total) VALUES (@@@2013.06.29@@@,13,14.54,43113)','',2,'2013-07-01'),(32558,'INSERT INTO com_ventas_grupo (vgr_fecha,vgr_grupo,vgr_cantidad,vgr_total) VALUES (@@@2013.06.29@@@,14,106.505,96309)','',2,'2013-07-01'),(32559,'INSERT INTO com_ventas_grupo (vgr_fecha,vgr_grupo,vgr_cantidad,vgr_total) VALUES (@@@2013.06.29@@@,16,4,680)','',2,'2013-07-01'),(32560,'INSERT INTO com_ventas_grupo (vgr_fecha,vgr_grupo,vgr_cantidad,vgr_total) VALUES (@@@2013.06.29@@@,18,240.895,117142)','',2,'2013-07-01'),(32561,'INSERT INTO com_ventas_grupo (vgr_fecha,vgr_grupo,vgr_cantidad,vgr_total) VALUES (@@@2013.06.29@@@,20,52.255,19418)','',2,'2013-07-01'),(32562,'INSERT INTO com_ventas_grupo (vgr_fecha,vgr_grupo,vgr_cantidad,vgr_total) VALUES (@@@2013.06.29@@@,21,59,55925)','',2,'2013-07-01'),(32563,'INSERT INTO com_ventas_grupo (vgr_fecha,vgr_grupo,vgr_cantidad,vgr_total) VALUES (@@@2013.06.29@@@,22,2,6980)','',2,'2013-07-01'),(32564,'INSERT INTO com_ventas_grupo (vgr_fecha,vgr_grupo,vgr_cantidad,vgr_total) VALUES (@@@2013.06.29@@@,23,7,18130)','',2,'2013-07-01'),(32565,'INSERT INTO com_ventas_grupo (vgr_fecha,vgr_grupo,vgr_cantidad,vgr_total) VALUES (@@@2013.06.29@@@,24,126,29894)','',2,'2013-07-01'),(32566,'INSERT INTO com_ventas_grupo (vgr_fecha,vgr_grupo,vgr_cantidad,vgr_total) VALUES (@@@2013.06.29@@@,25,74,101800)','',2,'2013-07-01'),(32567,'INSERT INTO com_ventas_grupo (vgr_fecha,vgr_grupo,vgr_cantidad,vgr_total) VALUES (@@@2013.06.29@@@,28,1,150)','',2,'2013-07-01'),(32568,'INSERT INTO com_ventas_grupo (vgr_fecha,vgr_grupo,vgr_cantidad,vgr_total) VALUES (@@@2013.06.29@@@,31,11,13130)','',2,'2013-07-01'),(32569,'INSERT INTO com_ventas_grupo (vgr_fecha,vgr_grupo,vgr_cantidad,vgr_total) VALUES (@@@2013.06.29@@@,32,314,116806)','',2,'2013-07-01'),(32570,'INSERT INTO com_ventas_grupo (vgr_fecha,vgr_grupo,vgr_cantidad,vgr_total) VALUES (@@@2013.06.29@@@,34,3,3600)','',2,'2013-07-01'),(32571,'INSERT INTO com_ventas_grupo (vgr_fecha,vgr_grupo,vgr_cantidad,vgr_total) VALUES (@@@2013.06.29@@@,35,8,7750)','',2,'2013-07-01'),(32572,'INSERT INTO com_ventas_grupo (vgr_fecha,vgr_grupo,vgr_cantidad,vgr_total) VALUES (@@@2013.06.29@@@,36,1,300)','',2,'2013-07-01'),(32573,'INSERT INTO com_ventas_grupo (vgr_fecha,vgr_grupo,vgr_cantidad,vgr_total) VALUES (@@@2013.06.29@@@,37,10,9670)','',2,'2013-07-01'),(32574,'INSERT INTO com_ventas_grupo (vgr_fecha,vgr_grupo,vgr_cantidad,vgr_total) VALUES (@@@2013.06.29@@@,38,6,16540)','',2,'2013-07-01'),(32575,'INSERT INTO com_ventas_grupo (vgr_fecha,vgr_grupo,vgr_cantidad,vgr_total) VALUES (@@@2013.06.29@@@,39,9,11370)','',2,'2013-07-01'),(32576,'INSERT INTO com_ventas_grupo (vgr_fecha,vgr_grupo,vgr_cantidad,vgr_total) VALUES (@@@2013.06.29@@@,40,13121,13121)','',2,'2013-07-01'),(32577,'INSERT INTO com_ventas_grupo (vgr_fecha,vgr_grupo,vgr_cantidad,vgr_total) VALUES (@@@2013.06.29@@@,41,5,1710)','',2,'2013-07-01'),(32578,'INSERT INTO com_ventas_grupo (vgr_fecha,vgr_grupo,vgr_cantidad,vgr_total) VALUES (@@@2013.06.29@@@,42,36.34,34840)','',2,'2013-07-01'),(32579,'UPDATE mae_datos_empresa SET emp_oferta=@@@NO@@@','',2,'2013-07-01'),(32580,'INSERT INTO com_ventas_grupo (vgr_fecha,vgr_grupo,vgr_cantidad,vgr_total) VALUES (@@@2013.06.30@@@,1,153.055,126540)','',2,'2013-07-01'),(32581,'INSERT INTO com_ventas_grupo (vgr_fecha,vgr_grupo,vgr_cantidad,vgr_total) VALUES (@@@2013.06.30@@@,2,195.525,122115)','',2,'2013-07-01'),(32582,'INSERT INTO com_ventas_grupo (vgr_fecha,vgr_grupo,vgr_cantidad,vgr_total) VALUES (@@@2013.06.30@@@,3,393,95795)','',2,'2013-07-01'),(32583,'INSERT INTO com_ventas_grupo (vgr_fecha,vgr_grupo,vgr_cantidad,vgr_total) VALUES (@@@2013.06.30@@@,4,85,78610)','',2,'2013-07-01'),(32584,'INSERT INTO com_ventas_grupo (vgr_fecha,vgr_grupo,vgr_cantidad,vgr_total) VALUES (@@@2013.06.30@@@,6,2,3210)','',2,'2013-07-01'),(32585,'INSERT INTO com_ventas_grupo (vgr_fecha,vgr_grupo,vgr_cantidad,vgr_total) VALUES (@@@2013.06.30@@@,7,5,9068)','',2,'2013-07-01'),(32586,'INSERT INTO com_ventas_grupo (vgr_fecha,vgr_grupo,vgr_cantidad,vgr_total) VALUES (@@@2013.06.30@@@,8,29,16950)','',2,'2013-07-01'),(32587,'INSERT INTO com_ventas_grupo (vgr_fecha,vgr_grupo,vgr_cantidad,vgr_total) VALUES (@@@2013.06.30@@@,9,104.02,170381)','',2,'2013-07-01'),(32588,'INSERT INTO com_ventas_grupo (vgr_fecha,vgr_grupo,vgr_cantidad,vgr_total) VALUES (@@@2013.06.30@@@,10,37.255,142534)','',2,'2013-07-01'),(32589,'INSERT INTO com_ventas_grupo (vgr_fecha,vgr_grupo,vgr_cantidad,vgr_total) VALUES (@@@2013.06.30@@@,11,51.595,144419)','',2,'2013-07-01'),(32590,'INSERT INTO com_ventas_grupo (vgr_fecha,vgr_grupo,vgr_cantidad,vgr_total) VALUES (@@@2013.06.30@@@,12,22.8,48408)','',2,'2013-07-01'),(32591,'INSERT INTO com_ventas_grupo (vgr_fecha,vgr_grupo,vgr_cantidad,vgr_total) VALUES (@@@2013.06.30@@@,13,10.2,43727)','',2,'2013-07-01'),(32592,'INSERT INTO com_ventas_grupo (vgr_fecha,vgr_grupo,vgr_cantidad,vgr_total) VALUES (@@@2013.06.30@@@,14,120.695,109917)','',2,'2013-07-01'),(32593,'INSERT INTO com_ventas_grupo (vgr_fecha,vgr_grupo,vgr_cantidad,vgr_total) VALUES (@@@2013.06.30@@@,16,1,170)','',2,'2013-07-01'),(32594,'INSERT INTO com_ventas_grupo (vgr_fecha,vgr_grupo,vgr_cantidad,vgr_total) VALUES (@@@2013.06.30@@@,18,151.895,95329)','',2,'2013-07-01'),(32595,'INSERT INTO com_ventas_grupo (vgr_fecha,vgr_grupo,vgr_cantidad,vgr_total) VALUES (@@@2013.06.30@@@,20,72.29,38455)','',2,'2013-07-01'),(32596,'INSERT INTO com_ventas_grupo (vgr_fecha,vgr_grupo,vgr_cantidad,vgr_total) VALUES (@@@2013.06.30@@@,21,50,48530)','',2,'2013-07-01'),(32597,'INSERT INTO com_ventas_grupo (vgr_fecha,vgr_grupo,vgr_cantidad,vgr_total) VALUES (@@@2013.06.30@@@,23,2,3780)','',2,'2013-07-01'),(32598,'INSERT INTO com_ventas_grupo (vgr_fecha,vgr_grupo,vgr_cantidad,vgr_total) VALUES (@@@2013.06.30@@@,24,154,39349)','',2,'2013-07-01'),(32599,'INSERT INTO com_ventas_grupo (vgr_fecha,vgr_grupo,vgr_cantidad,vgr_total) VALUES (@@@2013.06.30@@@,25,83,122800)','',2,'2013-07-01'),(32600,'INSERT INTO com_ventas_grupo (vgr_fecha,vgr_grupo,vgr_cantidad,vgr_total) VALUES (@@@2013.06.30@@@,31,2,4030)','',2,'2013-07-01'),(32601,'INSERT INTO com_ventas_grupo (vgr_fecha,vgr_grupo,vgr_cantidad,vgr_total) VALUES (@@@2013.06.30@@@,32,305,96266)','',2,'2013-07-01'),(32602,'INSERT INTO com_ventas_grupo (vgr_fecha,vgr_grupo,vgr_cantidad,vgr_total) VALUES (@@@2013.06.30@@@,34,4,4800)','',2,'2013-07-01'),(32603,'INSERT INTO com_ventas_grupo (vgr_fecha,vgr_grupo,vgr_cantidad,vgr_total) VALUES (@@@2013.06.30@@@,35,11,12890)','',2,'2013-07-01'),(32604,'INSERT INTO com_ventas_grupo (vgr_fecha,vgr_grupo,vgr_cantidad,vgr_total) VALUES (@@@2013.06.30@@@,36,9,2410)','',2,'2013-07-01'),(32605,'INSERT INTO com_ventas_grupo (vgr_fecha,vgr_grupo,vgr_cantidad,vgr_total) VALUES (@@@2013.06.30@@@,37,4,4820)','',2,'2013-07-01'),(32606,'INSERT INTO com_ventas_grupo (vgr_fecha,vgr_grupo,vgr_cantidad,vgr_total) VALUES (@@@2013.06.30@@@,38,3,3770)','',2,'2013-07-01'),(32607,'INSERT INTO com_ventas_grupo (vgr_fecha,vgr_grupo,vgr_cantidad,vgr_total) VALUES (@@@2013.06.30@@@,39,3,4810)','',2,'2013-07-01'),(32608,'INSERT INTO com_ventas_grupo (vgr_fecha,vgr_grupo,vgr_cantidad,vgr_total) VALUES (@@@2013.06.30@@@,40,44724,44724)','',2,'2013-07-01'),(32609,'INSERT INTO com_ventas_grupo (vgr_fecha,vgr_grupo,vgr_cantidad,vgr_total) VALUES (@@@2013.06.30@@@,41,1,490)','',2,'2013-07-01'),(32610,'INSERT INTO com_ventas_grupo (vgr_fecha,vgr_grupo,vgr_cantidad,vgr_total) VALUES (@@@2013.06.30@@@,42,40.535,30241)','',2,'2013-07-01'),(32611,'UPDATE mae_datos_empresa SET emp_oferta=@@@NO@@@','',2,'2013-07-01'),(32612,'UPDATE mae_productos SET pro_margen_actual=0,pro_precio_venta=499 WHERE pro_codigo_plu=608','',2,'2013-07-01'),(32613,'UPDATE mae_productos SET pro_margen_actual=0,pro_precio_venta=499 WHERE pro_codigo_plu=609','',2,'2013-07-01'),(32614,'UPDATE mae_productos SET pro_precio_fiscal=pro_precio_venta WHERE pro_codigo_plu=609','',2,'2013-07-01'),(32615,'UPDATE mae_clientes SET cli_rut=@@@10162956-2@@@,cli_nombre=@@@CASA@@@,cli_direccion=@@@SAN GREGORIO 15@@@,cli_sucursal=@@@@@@,cli_ciudad=@@@NACIMIENTO@@@,cli_nombre_contacto=@@@@@@,cli_cargo=@@@@@@,cli_comuna=@@@nacimiento@@@,cli_fpago=@@@CONTADO@@@,cli_telefono=@@@511706@@@,cli_fax=@@@511706@@@,cli_celular=@@@94944326@@@,cli_mail=@@@AIMUNOZ2@UC.CL@@@,tcp_id=@@@4@@@,cli_fecha_nacimiento=@@@1987.08.18@@@,cli_activo=@@@1@@@,cli_limite_credito=@@@500000@@@,cli_giro=@@@SUPERMERCADO@@@,cli_sobrecargo=0,cli_descuento_venta=0,cli_rapel=0 ,cli_credito_ilimitado=1 WHERE cli_id=@@@1@@@','',2,'2013-07-01'),(32616,'UPDATE mae_clientes SET cli_rut=@@@10162956-2@@@,cli_nombre=@@@CASA@@@,cli_direccion=@@@SAN GREGORIO 15@@@,cli_sucursal=@@@@@@,cli_ciudad=@@@NACIMIENTO@@@,cli_nombre_contacto=@@@@@@,cli_cargo=@@@@@@,cli_comuna=@@@nacimiento@@@,cli_fpago=@@@CONTADO@@@,cli_telefono=@@@511706@@@,cli_fax=@@@511706@@@,cli_celular=@@@94944326@@@,cli_mail=@@@AIMUNOZ2@UC.CL@@@,tcp_id=@@@1@@@,cli_fecha_nacimiento=@@@1987.08.18@@@,cli_activo=@@@1@@@,cli_limite_credito=@@@500000@@@,cli_giro=@@@SUPERMERCADO@@@,cli_sobrecargo=0,cli_descuento_venta=0,cli_rapel=0 ,cli_credito_ilimitado=1 WHERE cli_id=@@@1@@@','',2,'2013-07-01'),(32617,'INSERT INTO mae_clientes (cli_id,cli_rut,cli_nombre,cli_direccion,cli_sucursal,cli_ciudad,cli_nombre_contacto,cli_cargo,cli_telefono,cli_fax,cli_celular,cli_mail,tcp_id,cli_fecha_nacimiento,cli_activo,cli_limite_credito,cli_giro,cli_sobrecargo,cli_credito_ilimitado,cli_descuento_venta,cli_comuna) VALUES (@@@6@@@,@@@16823328-0@@@,@@@VALESKA IVETTE ALARCON GONZALEZ@@@,@@@AV ALONSO DE RIVERA 1516@@@,@@@SAN GREGORIO@@@,@@@NACIMIENTO@@@,@@@@@@,@@@CAJERA@@@,@@@79848863@@@,@@@@@@,@@@79848863@@@,@@@VALESKITA_VALE@HOTMAIL.COM@@@,@@@3@@@,@@@1988.03.30@@@,@@@1@@@,@@@0@@@,@@@SUPERMERCADO@@@,0,0,0,@@@NACIMIENTO@@@)','',2,'2013-07-01'),(32618,'UPDATE mae_clientes SET cli_rut=@@@16823328-0@@@,cli_nombre=@@@VALESKA IVETTE ALARCON GONZALEZ@@@,cli_direccion=@@@AV ALONSO DE RIVERA 1516@@@,cli_sucursal=@@@SAN GREGORIO@@@,cli_ciudad=@@@NACIMIENTO@@@,cli_nombre_contacto=@@@@@@,cli_cargo=@@@CAJERA@@@,cli_comuna=@@@NACIMIENTO@@@,cli_fpago=@@@CONTADO@@@,cli_telefono=@@@79848863@@@,cli_fax=@@@@@@,cli_celular=@@@79848863@@@,cli_mail=@@@VALESKITA_VALE@HOTMAIL.COM@@@,tcp_id=@@@3@@@,cli_fecha_nacimiento=@@@1988.03.30@@@,cli_activo=@@@1@@@,cli_limite_credito=@@@30000@@@,cli_giro=@@@SUPERMERCADO@@@,cli_sobrecargo=0,cli_descuento_venta=0,cli_rapel=0 ,cli_credito_ilimitado=0 WHERE cli_id=@@@6@@@','',2,'2013-07-01'),(32619,'UPDATE mae_clientes SET cli_rut=@@@12983025-5@@@,cli_nombre=@@@AIDA YOLANDA MEDINA SUAZO@@@,cli_direccion=@@@GENERAL PRIETO 164@@@,cli_sucursal=@@@SAN GREGORIO@@@,cli_ciudad=@@@NACIMIENTO@@@,cli_nombre_contacto=@@@0432-511706@@@,cli_cargo=@@@CARNICERA@@@,cli_comuna=@@@NACIMIENTO@@@,cli_fpago=@@@CONTADO@@@,cli_telefono=@@@82451695@@@,cli_fax=@@@@@@,cli_celular=@@@82451695@@@,cli_mail=@@@@@@,tcp_id=@@@2@@@,cli_fecha_nacimiento=@@@1976.09.28@@@,cli_activo=@@@1@@@,cli_limite_credito=@@@100000@@@,cli_giro=@@@SUPERMERCADO@@@,cli_sobrecargo=0,cli_descuento_venta=0,cli_rapel=0 ,cli_credito_ilimitado=0 WHERE cli_id=@@@4@@@','',2,'2013-07-01'),(32620,'UPDATE mae_clientes SET cli_rut=@@@15622345-K@@@,cli_nombre=@@@CARMEN GLORIA SOTO VARGAS@@@,cli_direccion=@@@DIEGO PORTALES 1530 VILLA LOS PRESIDENTES@@@,cli_sucursal=@@@SAN GREGORIO@@@,cli_ciudad=@@@NACIMIENTO@@@,cli_nombre_contacto=@@@043-5111706@@@,cli_cargo=@@@ROTISERA@@@,cli_comuna=@@@NACIMIENTO@@@,cli_fpago=@@@CONTADO@@@,cli_telefono=@@@88282906@@@,cli_fax=@@@@@@,cli_celular=@@@88282906@@@,cli_mail=@@@@@@,tcp_id=@@@2@@@,cli_fecha_nacimiento=@@@1984.03.25@@@,cli_activo=@@@1@@@,cli_limite_credito=@@@50000@@@,cli_giro=@@@SUPERMERCADO@@@,cli_sobrecargo=0,cli_descuento_venta=0,cli_rapel=0 ,cli_credito_ilimitado=0 WHERE cli_id=@@@3@@@','',2,'2013-07-01'),(32621,'UPDATE mae_clientes SET cli_rut=@@@16823500-3@@@,cli_nombre=@@@GLORIA NATALY DIAZ FIGUEROA@@@,cli_direccion=@@@VILLA ALEGRE 1098 INTERIOR@@@,cli_sucursal=@@@SAN GREGORIO@@@,cli_ciudad=@@@NACIMIENTO@@@,cli_nombre_contacto=@@@0432511706@@@,cli_cargo=@@@VENDEDORA@@@,cli_comuna=@@@@@@,cli_fpago=@@@CONTADO@@@,cli_telefono=@@@84600370@@@,cli_fax=@@@@@@,cli_celular=@@@84600370@@@,cli_mail=@@@@@@,tcp_id=@@@3@@@,cli_fecha_nacimiento=@@@1988.07.19@@@,cli_activo=@@@1@@@,cli_limite_credito=@@@20000@@@,cli_giro=@@@SUPERMERCADO@@@,cli_sobrecargo=0,cli_descuento_venta=0,cli_rapel=0 ,cli_credito_ilimitado=1 WHERE cli_id=@@@2@@@','',2,'2013-07-01'),(32622,'UPDATE mae_clientes SET cli_rut=@@@17461018-5@@@,cli_nombre=@@@SOLANGE ALICIA BIZAMA VARELA@@@,cli_direccion=@@@AV. VILLA ALEGRE 1086@@@,cli_sucursal=@@@SAN GREGORIO@@@,cli_ciudad=@@@NACIMIENTO@@@,cli_nombre_contacto=@@@043-2-511706@@@,cli_cargo=@@@Administracion@@@,cli_comuna=@@@NACIMIENTO@@@,cli_fpago=@@@CONTADO@@@,cli_telefono=@@@84421055@@@,cli_fax=@@@@@@,cli_celular=@@@84421055@@@,cli_mail=@@@ZOLECITA_ALI@HOTMAIL.COM@@@,tcp_id=@@@3@@@,cli_fecha_nacimiento=@@@1989.11.20@@@,cli_activo=@@@1@@@,cli_limite_credito=@@@50000@@@,cli_giro=@@@SUPERMERCADO@@@,cli_sobrecargo=0,cli_descuento_venta=0,cli_rapel=0 ,cli_credito_ilimitado=0 WHERE cli_id=@@@5@@@','',2,'2013-07-01'),(32623,'INSERT INTO mae_clientes (cli_id,cli_rut,cli_nombre,cli_direccion,cli_sucursal,cli_ciudad,cli_nombre_contacto,cli_cargo,cli_telefono,cli_fax,cli_celular,cli_mail,tcp_id,cli_fecha_nacimiento,cli_activo,cli_limite_credito,cli_giro,cli_sobrecargo,cli_credito_ilimitado,cli_descuento_venta,cli_comuna) VALUES (@@@7@@@,@@@12671284-7@@@,@@@VERONICA MAGDALENA HERRERA MARTINEZ@@@,@@@LOS LAGOS 51 POBLACION LAUTARO@@@,@@@SAN GREGORIO@@@,@@@NACIMIENTO@@@,@@@@@@,@@@CARNICERA@@@,@@@94725795@@@,@@@@@@,@@@94725795@@@,@@@@@@,@@@3@@@,@@@1974.11.02@@@,@@@1@@@,@@@30000@@@,@@@SUPERMERCADO@@@,0,0,0,@@@NACIMIENTO@@@)','',2,'2013-07-01'),(32624,'INSERT INTO mae_clientes (cli_id,cli_rut,cli_nombre,cli_direccion,cli_sucursal,cli_ciudad,cli_nombre_contacto,cli_cargo,cli_telefono,cli_fax,cli_celular,cli_mail,tcp_id,cli_fecha_nacimiento,cli_activo,cli_limite_credito,cli_giro,cli_sobrecargo,cli_credito_ilimitado,cli_descuento_venta,cli_comuna) VALUES (@@@8@@@,@@@96532330-9@@@,@@@CMPC CELULOSA S.A.@@@,@@@AV JULIO HEMMELMAN 670@@@,@@@NACIMIENTO@@@,@@@NACIMIENTO@@@,@@@FLOR CENTENO@@@,@@@@@@,@@@@@@,@@@@@@,@@@511706@@@,@@@@@@,@@@2@@@,@@@2013.07.01@@@,@@@1@@@,@@@200000@@@,@@@FABRICACION Y VENTA DE CELULOSA Y PAPEL@@@,0,0,0,@@@NACIMIENTO@@@)','',2,'2013-07-01'),(32625,'INSERT INTO gne_vale_ferreteria (vfe_id,vfe_fecha,vfe_total,vfe_estado,vfe_entregado,usu_nusuario) VALUES (4040,@@@2013.07.01@@@,590,1,0,@@@S_BIZAMA@@@)','',2,'2013-07-01'),(32626,'INSERT INTO gne_vale_ferreteria_mov (vfe_id,pro_codigo_plu,vfm_cantidad,vfm_unitario,vfm_total,vfm_entregado) VALUES (4040,764700,1,590,590,@@@NO@@@)','',2,'2013-07-01'),