(78576,'INSERT INTO gne_vale_ferreteria_mov (vfe_id,pro_codigo_plu,vfm_cantidad,vfm_unitario,vfm_total,vfm_entregado) VALUES (13999,4127,1,490,490,@@@NO@@@)','',2,'2013-10-16'),(78577,'INSERT INTO mae_productos (pro_codigo_plu,pro_codigo_barra,pro_tipo,pro_nombre_producto,pro_nombre_corto,med_id,emb_id,pro_unidades_embalaje,dep_id,lin_id,mar_id,pro_precio_compra_neto,pro_precio_compra_bruto,pro_precio_venta,pro_margen_actual,pro_oferta,pro_fecha_inicio_oferta,pro_fecha_termino_oferta,pro_precio_oferta,pro_stock_minimo,pro_stock_critico,pro_entradas_bodega,pro_salidas_bodega,pro_mermas_bodega,pro_ajustes_bodega,pro_entradas_sv,pro_salidas_sv,pro_mermas_sv,pro_ajustes_sv,pro_activo,rec_numero,pro_unidad,pro_capacidad,pro_consumo_bodega,pro_consumo_sv,pro_estado,pro_funcion_plu,pro_flejes,pro_iva,pro_plu_asociado,pro_envase,pro_duracion,pro_numero_etiqueta) VALUES (780721994,@@@7807265981388@@@,@@@0@@@,@@@PAPEL CREPE MAGENTA N° 23@@@,@@@PAPEL CREPE MAGE@@@,@@@6 @@@,@@@4 @@@,@@@10@@@,@@@24 @@@,@@@137@@@,@@@1254@@@,@@@0@@@,@@@126.9@@@,@@@1@@@,@@@-99.21@@@,@@@@@@,@@@2006.09.07@@@,@@@2006.09.07@@@,@@@0@@@,@@@10@@@,@@@5@@@,@@@0@@@,@@@0@@@,@@@0@@@,@@@0@@@,@@@0@@@,@@@0@@@,@@@0@@@,@@@0@@@,@@@1@@@,@@@0@@@,0,50,0,0,2,0,1,1,0,@@@NO@@@,0,0)','',2,'2013-10-16'),(78578,'DELETE FROM mae_impuestos_productos WHERE pro_codigo_plu=@@@780721994@@@','',2,'2013-10-16'),(78579,'INSERT INTO gne_vale_ferreteria (vfe_id,vfe_fecha,vfe_total,vfe_estado,vfe_entregado,usu_nusuario) VALUES (14000,@@@2013.10.16@@@,1890,1,0,@@@G_DIAZ@@@)','',2,'2013-10-16'),(78580,'INSERT INTO gne_vale_ferreteria_mov (vfe_id,pro_codigo_plu,vfm_cantidad,vfm_unitario,vfm_total,vfm_entregado) VALUES (14000,764523,1,1890,1890,@@@NO@@@)','',2,'2013-10-16'),(78581,'INSERT INTO mae_productos (pro_codigo_plu,pro_codigo_barra,pro_tipo,pro_nombre_producto,pro_nombre_corto,med_id,emb_id,pro_unidades_embalaje,dep_id,lin_id,mar_id,pro_precio_compra_neto,pro_precio_compra_bruto,pro_precio_venta,pro_margen_actual,pro_oferta,pro_fecha_inicio_oferta,pro_fecha_termino_oferta,pro_precio_oferta,pro_stock_minimo,pro_stock_critico,pro_entradas_bodega,pro_salidas_bodega,pro_mermas_bodega,pro_ajustes_bodega,pro_entradas_sv,pro_salidas_sv,pro_mermas_sv,pro_ajustes_sv,pro_activo,rec_numero,pro_unidad,pro_capacidad,pro_consumo_bodega,pro_consumo_sv,pro_estado,pro_funcion_plu,pro_flejes,pro_iva,pro_plu_asociado,pro_envase,pro_duracion,pro_numero_etiqueta) VALUES (780721995,@@@7807265982415@@@,@@@0@@@,@@@PAPEL CREPE VERDE LIMON PROARTE N° 24@@@,@@@PAPEL CREPE VERD@@@,@@@6 @@@,@@@4 @@@,@@@10@@@,@@@24 @@@,@@@137@@@,@@@1254@@@,@@@0@@@,@@@126.9@@@,@@@1@@@,@@@-99.21@@@,@@@@@@,@@@2006.09.07@@@,@@@2006.09.07@@@,@@@0@@@,@@@10@@@,@@@5@@@,@@@0@@@,@@@0@@@,@@@0@@@,@@@0@@@,@@@0@@@,@@@0@@@,@@@0@@@,@@@0@@@,@@@1@@@,@@@0@@@,0,50,0,0,2,0,1,1,0,@@@NO@@@,0,0)','',2,'2013-10-16'),(78582,'DELETE FROM mae_impuestos_productos WHERE pro_codigo_plu=@@@780721995@@@','',2,'2013-10-16'),(78583,'INSERT INTO gne_vale_ferreteria (vfe_id,vfe_fecha,vfe_total,vfe_estado,vfe_entregado,usu_nusuario) VALUES (14001,@@@2013.10.16@@@,590,1,0,@@@G_DIAZ@@@)','',2,'2013-10-16'),(78584,'INSERT INTO gne_vale_ferreteria_mov (vfe_id,pro_codigo_plu,vfm_cantidad,vfm_unitario,vfm_total,vfm_entregado) VALUES (14001,780721516,1,590,590,@@@NO@@@)','',2,'2013-10-16'),(78585,'INSERT INTO gne_vale_ferreteria (vfe_id,vfe_fecha,vfe_total,vfe_estado,vfe_entregado,usu_nusuario) VALUES (14002,@@@2013.10.16@@@,2080,1,0,@@@G_DIAZ@@@)','',2,'2013-10-16'),(78586,'INSERT INTO gne_vale_ferreteria_mov (vfe_id,pro_codigo_plu,vfm_cantidad,vfm_unitario,vfm_total,vfm_entregado) VALUES (14002,780220121,1,390,390,@@@NO@@@)','',2,'2013-10-16'),(78587,'INSERT INTO gne_vale_ferreteria_mov (vfe_id,pro_codigo_plu,vfm_cantidad,vfm_unitario,vfm_total,vfm_entregado) VALUES (14002,780721184,1,1690,1690,@@@NO@@@)','',2,'2013-10-16'),(78588,'UPDATE mae_productos SET pro_codigo_barra=@@@000030400184@@@,pro_tipo=@@@0@@@,pro_nombre_producto=@@@GOMA EVA ROSADA X 1@@@,pro_nombre_corto=@@@GOMA EVA  X1@@@,med_id=@@@1@@@,emb_id=@@@3@@@,pro_unidades_embalaje=@@@0@@@,dep_id=@@@24 @@@,lin_id=@@@137@@@,mar_id=@@@2507@@@,pro_precio_compra_neto=@@@0@@@,pro_precio_compra_bruto=@@@0@@@,pro_precio_venta=@@@120@@@,pro_margen_actual=@@@0@@@,pro_oferta=@@@NO@@@,pro_fecha_inicio_oferta=@@@2013.05.08@@@,pro_fecha_termino_oferta=@@@2013.05.08@@@,pro_precio_oferta=@@@0@@@,pro_stock_minimo=@@@0@@@,pro_stock_critico=@@@0@@@,pro_activo=@@@1@@@,pro_unidad=@@@0@@@,pro_precio_compra_bruto=0,pro_margen_actual=0,pro_capacidad=1,pro_funcion_plu=0,pro_flejes=1,pro_iva=1,pro_plu_asociado=0,pro_envase=@@@NO@@@,pro_duracion=0,pro_numero_etiqueta=0 WHERE pro_codigo_plu=@@@78017008@@@','',2,'2013-10-16'),(78589,'UPDATE mae_productos SET pro_estado=1 WHERE pro_codigo_plu=78017008','',2,'2013-10-16'),(78590,'DELETE FROM mae_impuestos_productos WHERE pro_codigo_plu=@@@78017008@@@','',2,'2013-10-16'),(78591,'INSERT INTO mae_productos (pro_codigo_plu,pro_codigo_barra,pro_tipo,pro_nombre_producto,pro_nombre_corto,med_id,emb_id,pro_unidades_embalaje,dep_id,lin_id,mar_id,pro_precio_compra_neto,pro_precio_compra_bruto,pro_precio_venta,pro_margen_actual,pro_oferta,pro_fecha_inicio_oferta,pro_fecha_termino_oferta,pro_precio_oferta,pro_stock_minimo,pro_stock_critico,pro_entradas_bodega,pro_salidas_bodega,pro_mermas_bodega,pro_ajustes_bodega,pro_entradas_sv,pro_salidas_sv,pro_mermas_sv,pro_ajustes_sv,pro_activo,rec_numero,pro_unidad,pro_capacidad,pro_consumo_bodega,pro_consumo_sv,pro_estado,pro_funcion_plu,pro_flejes,pro_iva,pro_plu_asociado,pro_envase,pro_duracion,pro_numero_etiqueta) VALUES (780721996,@@@8802010315912@@@,@@@0@@@,@@@VELAS CUMPLEAÑOS FUNNY  N° 8@@@,@@@VELAS CUMPLEAÑOS@@@,@@@1 @@@,@@@6 @@@,@@@48@@@,@@@24 @@@,@@@177@@@,@@@2507@@@,@@@0@@@,@@@320@@@,@@@1@@@,@@@-99.69@@@,@@@@@@,@@@2006.09.07@@@,@@@2006.09.07@@@,@@@0@@@,@@@48@@@,@@@24@@@,@@@0@@@,@@@0@@@,@@@0@@@,@@@0@@@,@@@0@@@,@@@0@@@,@@@0@@@,@@@0@@@,@@@1@@@,@@@0@@@,0,1,0,0,2,0,1,1,0,@@@NO@@@,0,0)','',2,'2013-10-16'),(78592,'DELETE FROM mae_impuestos_productos WHERE pro_codigo_plu=@@@780721996@@@','',2,'2013-10-16'),(78593,'INSERT INTO mae_productos (pro_codigo_plu,pro_codigo_barra,pro_tipo,pro_nombre_producto,pro_nombre_corto,med_id,emb_id,pro_unidades_embalaje,dep_id,lin_id,mar_id,pro_precio_compra_neto,pro_precio_compra_bruto,pro_precio_venta,pro_margen_actual,pro_oferta,pro_fecha_inicio_oferta,pro_fecha_termino_oferta,pro_precio_oferta,pro_stock_minimo,pro_stock_critico,pro_entradas_bodega,pro_salidas_bodega,pro_mermas_bodega,pro_ajustes_bodega,pro_entradas_sv,pro_salidas_sv,pro_mermas_sv,pro_ajustes_sv,pro_activo,rec_numero,pro_unidad,pro_capacidad,pro_consumo_bodega,pro_consumo_sv,pro_estado,pro_funcion_plu,pro_flejes,pro_iva,pro_plu_asociado,pro_envase,pro_duracion,pro_numero_etiqueta) VALUES (780721997,@@@8802010315899@@@,@@@0@@@,@@@VELA CUMPLEAÑO FUNNY N° 6@@@,@@@VELA CUMPLEAÑO F@@@,@@@1 @@@,@@@6 @@@,@@@12@@@,@@@24 @@@,@@@177@@@,@@@2507@@@,@@@0@@@,@@@320@@@,@@@1@@@,@@@-99.69@@@,@@@@@@,@@@2006.09.07@@@,@@@2006.09.07@@@,@@@0@@@,@@@12@@@,@@@6@@@,@@@0@@@,@@@0@@@,@@@0@@@,@@@0@@@,@@@0@@@,@@@0@@@,@@@0@@@,@@@0@@@,@@@1@@@,@@@0@@@,0,1,0,0,2,0,1,1,0,@@@NO@@@,0,0)','',2,'2013-10-16'),(78594,'DELETE FROM mae_impuestos_productos WHERE pro_codigo_plu=@@@780721997@@@','',2,'2013-10-16'),(78595,'INSERT INTO mae_productos (pro_codigo_plu,pro_codigo_barra,pro_tipo,pro_nombre_producto,pro_nombre_corto,med_id,emb_id,pro_unidades_embalaje,dep_id,lin_id,mar_id,pro_precio_compra_neto,pro_precio_compra_bruto,pro_precio_venta,pro_margen_actual,pro_oferta,pro_fecha_inicio_oferta,pro_fecha_termino_oferta,pro_precio_oferta,pro_stock_minimo,pro_stock_critico,pro_entradas_bodega,pro_salidas_bodega,pro_mermas_bodega,pro_ajustes_bodega,pro_entradas_sv,pro_salidas_sv,pro_mermas_sv,pro_ajustes_sv,pro_activo,rec_numero,pro_unidad,pro_capacidad,pro_consumo_bodega,pro_consumo_sv,pro_estado,pro_funcion_plu,pro_flejes,pro_iva,pro_plu_asociado,pro_envase,pro_duracion,pro_numero_etiqueta) VALUES (780721998,@@@8802010315929@@@,@@@0@@@,@@@VELA CUMPLEAÑOS FUNNY N°9@@@,@@@VELA CUMPLEAÑOS @@@,@@@1 @@@,@@@6 @@@,@@@12@@@,@@@24 @@@,@@@177@@@,@@@2507@@@,@@@0@@@,@@@320@@@,@@@1@@@,@@@-99.69@@@,@@@@@@,@@@2006.09.07@@@,@@@2006.09.07@@@,@@@0@@@,@@@12@@@,@@@6@@@,@@@0@@@,@@@0@@@,@@@0@@@,@@@0@@@,@@@0@@@,@@@0@@@,@@@0@@@,@@@0@@@,@@@1@@@,@@@0@@@,0,1,0,0,2,0,1,1,0,@@@NO@@@,0,0)','',2,'2013-10-16'),(78596,'DELETE FROM mae_impuestos_productos WHERE pro_codigo_plu=@@@780721998@@@','',2,'2013-10-16'),(78597,'INSERT INTO gne_vale_ferreteria (vfe_id,vfe_fecha,vfe_total,vfe_estado,vfe_entregado,usu_nusuario) VALUES (14003,@@@2013.10.16@@@,1990,1,0,@@@G_DIAZ@@@)','',2,'2013-10-16'),(78598,'INSERT INTO gne_vale_ferreteria_mov (vfe_id,pro_codigo_plu,vfm_cantidad,vfm_unitario,vfm_total,vfm_entregado) VALUES (14003,262018,1,1990,1990,@@@NO@@@)','',2,'2013-10-16'),(78599,'INSERT INTO mae_productos (pro_codigo_plu,pro_codigo_barra,pro_tipo,pro_nombre_producto,pro_nombre_corto,med_id,emb_id,pro_unidades_embalaje,dep_id,lin_id,mar_id,pro_precio_compra_neto,pro_precio_compra_bruto,pro_precio_venta,pro_margen_actual,pro_oferta,pro_fecha_inicio_oferta,pro_fecha_termino_oferta,pro_precio_oferta,pro_stock_minimo,pro_stock_critico,pro_entradas_bodega,pro_salidas_bodega,pro_mermas_bodega,pro_ajustes_bodega,pro_entradas_sv,pro_salidas_sv,pro_mermas_sv,pro_ajustes_sv,pro_activo,rec_numero,pro_unidad,pro_capacidad,pro_consumo_bodega,pro_consumo_sv,pro_estado,pro_funcion_plu,pro_flejes,pro_iva,pro_plu_asociado,pro_envase,pro_duracion,pro_numero_etiqueta) VALUES (780721999,@@@8802010315868@@@,@@@0@@@,@@@VELA CUMPLEAÑOS FUNNY N°3@@@,@@@VELA CUMPLEAÑOS @@@,@@@1 @@@,@@@6 @@@,@@@12@@@,@@@24 @@@,@@@177@@@,@@@2507@@@,@@@0@@@,@@@320@@@,@@@1@@@,@@@-99.69@@@,@@@@@@,@@@2006.09.07@@@,@@@2006.09.07@@@,@@@0@@@,@@@12@@@,@@@6@@@,@@@0@@@,@@@0@@@,@@@0@@@,@@@0@@@,@@@0@@@,@@@0@@@,@@@0@@@,@@@0@@@,@@@1@@@,@@@0@@@,0,1,0,0,2,0,1,1,0,@@@NO@@@,0,0)','',2,'2013-10-16'),(78600,'DELETE FROM mae_impuestos_productos WHERE pro_codigo_plu=@@@780721999@@@','',2,'2013-10-16'),(78601,'INSERT INTO gne_vale_ferreteria (vfe_id,vfe_fecha,vfe_total,vfe_estado,vfe_entregado,usu_nusuario) VALUES (14004,@@@2013.10.16@@@,590,1,0,@@@G_DIAZ@@@)','',2,'2013-10-16'),(78602,'INSERT INTO gne_vale_ferreteria_mov (vfe_id,pro_codigo_plu,vfm_cantidad,vfm_unitario,vfm_total,vfm_entregado) VALUES (14004,764700,1,590,590,@@@NO@@@)','',2,'2013-10-16'),(78603,'INSERT INTO mae_productos (pro_codigo_plu,pro_codigo_barra,pro_tipo,pro_nombre_producto,pro_nombre_corto,med_id,emb_id,pro_unidades_embalaje,dep_id,lin_id,mar_id,pro_precio_compra_neto,pro_precio_compra_bruto,pro_precio_venta,pro_margen_actual,pro_oferta,pro_fecha_inicio_oferta,pro_fecha_termino_oferta,pro_precio_oferta,pro_stock_minimo,pro_stock_critico,pro_entradas_bodega,pro_salidas_bodega,pro_mermas_bodega,pro_ajustes_bodega,pro_entradas_sv,pro_salidas_sv,pro_mermas_sv,pro_ajustes_sv,pro_activo,rec_numero,pro_unidad,pro_capacidad,pro_consumo_bodega,pro_consumo_sv,pro_estado,pro_funcion_plu,pro_flejes,pro_iva,pro_plu_asociado,pro_envase,pro_duracion,pro_numero_etiqueta) VALUES (780722000,@@@7807210008214@@@,@@@0@@@,@@@TEMPERA ARTEL POTE CELESTE N° 48 100 ML@@@,@@@TEMPERA ARTEL PO@@@,@@@7 @@@,@@@5 @@@,@@@5@@@,@@@24 @@@,@@@137@@@,@@@2407@@@,@@@0@@@,@@@554@@@,@@@1@@@,@@@-99.82@@@,@@@@@@,@@@2006.09.07@@@,@@@2006.09.07@@@,@@@0@@@,@@@5@@@,@@@3@@@,@@@0@@@,@@@0@@@,@@@0@@@,@@@0@@@,@@@0@@@,@@@0@@@,@@@0@@@,@@@0@@@,@@@1@@@,@@@0@@@,0,100,0,0,2,0,1,1,0,@@@NO@@@,0,0)','',2,'2013-10-16'),(78604,'DELETE FROM mae_impuestos_productos WHERE pro_codigo_plu=@@@780722000@@@','',2,'2013-10-16'),(78605,'INSERT INTO mae_productos (pro_codigo_plu,pro_codigo_barra,pro_tipo,pro_nombre_producto,pro_nombre_corto,med_id,emb_id,pro_unidades_embalaje,dep_id,lin_id,mar_id,pro_precio_compra_neto,pro_precio_compra_bruto,pro_precio_venta,pro_margen_actual,pro_oferta,pro_fecha_inicio_oferta,pro_fecha_termino_oferta,pro_precio_oferta,pro_stock_minimo,pro_stock_critico,pro_entradas_bodega,pro_salidas_bodega,pro_mermas_bodega,pro_ajustes_bodega,pro_entradas_sv,pro_salidas_sv,pro_mermas_sv,pro_ajustes_sv,pro_activo,rec_numero,pro_unidad,pro_capacidad,pro_consumo_bodega,pro_consumo_sv,pro_estado,pro_funcion_plu,pro_flejes,pro_iva,pro_plu_asociado,pro_envase,pro_duracion,pro_numero_etiqueta) VALUES (780722001,@@@7807210008221@@@,@@@0@@@,@@@TEMPERA ARTEL POTE  VERDE CLARO N° 51@@@,@@@TEMPERA ARTEL PO@@@,@@@1 @@@,@@@6 @@@,@@@5@@@,@@@24 @@@,@@@137@@@,@@@2407@@@,@@@0@@@,@@@554@@@,@@@1@@@,@@@-99.82@@@,@@@@@@,@@@2006.09.07@@@,@@@2006.09.07@@@,@@@0@@@,@@@5@@@,@@@2@@@,@@@0@@@,@@@0@@@,@@@0@@@,@@@0@@@,@@@0@@@,@@@0@@@,@@@0@@@,@@@0@@@,@@@1@@@,@@@0@@@,0,1,0,0,2,0,1,1,0,@@@NO@@@,0,0)','',2,'2013-10-16'),(78606,'DELETE FROM mae_impuestos_productos WHERE pro_codigo_plu=@@@780722001@@@','',2,'2013-10-16'),(78607,'INSERT INTO mae_productos (pro_codigo_plu,pro_codigo_barra,pro_tipo,pro_nombre_producto,pro_nombre_corto,med_id,emb_id,pro_unidades_embalaje,dep_id,lin_id,mar_id,pro_precio_compra_neto,pro_precio_compra_bruto,pro_precio_venta,pro_margen_actual,pro_oferta,pro_fecha_inicio_oferta,pro_fecha_termino_oferta,pro_precio_oferta,pro_stock_minimo,pro_stock_critico,pro_entradas_bodega,pro_salidas_bodega,pro_mermas_bodega,pro_ajustes_bodega,pro_entradas_sv,pro_salidas_sv,pro_mermas_sv,pro_ajustes_sv,pro_activo,rec_numero,pro_unidad,pro_capacidad,pro_consumo_bodega,pro_consumo_sv,pro_estado,pro_funcion_plu,pro_flejes,pro_iva,pro_plu_asociado,pro_envase,pro_duracion,pro_numero_etiqueta) VALUES (780722002,@@@7807210008306@@@,@@@0@@@,@@@TEMPERA ARTEL POTE ROSA CARNE  N° 81 100 ML@@@,@@@TEMPERA ARTEL PO@@@,@@@7 @@@,@@@6 @@@,@@@5@@@,@@@24 @@@,@@@137@@@,@@@2407@@@,@@@0@@@,@@@554@@@,@@@1@@@,@@@-99.82@@@,@@@@@@,@@@2006.09.07@@@,@@@2006.09.07@@@,@@@0@@@,@@@5@@@,@@@2@@@,@@@0@@@,@@@0@@@,@@@0@@@,@@@0@@@,@@@0@@@,@@@0@@@,@@@0@@@,@@@0@@@,@@@1@@@,@@@0@@@,0,100,0,0,2,0,1,1,0,@@@NO@@@,0,0)','',2,'2013-10-16'),(78608,'DELETE FROM mae_impuestos_productos WHERE pro_codigo_plu=@@@780722002@@@','',2,'2013-10-16'),(78609,'INSERT INTO mae_productos (pro_codigo_plu,pro_codigo_barra,pro_tipo,pro_nombre_producto,pro_nombre_corto,med_id,emb_id,pro_unidades_embalaje,dep_id,lin_id,mar_id,pro_precio_compra_neto,pro_precio_compra_bruto,pro_precio_venta,pro_margen_actual,pro_oferta,pro_fecha_inicio_oferta,pro_fecha_termino_oferta,pro_precio_oferta,pro_stock_minimo,pro_stock_critico,pro_entradas_bodega,pro_salidas_bodega,pro_mermas_bodega,pro_ajustes_bodega,pro_entradas_sv,pro_salidas_sv,pro_mermas_sv,pro_ajustes_sv,pro_activo,rec_numero,pro_unidad,pro_capacidad,pro_consumo_bodega,pro_consumo_sv,pro_estado,pro_funcion_plu,pro_flejes,pro_iva,pro_plu_asociado,pro_envase,pro_duracion,pro_numero_etiqueta) VALUES (780722003,@@@7804902021537@@@,@@@0@@@,@@@COLONIA CORAL TU ENCANTO 50 ML@@@,@@@COLONIA CORAL TU@@@,@@@7 @@@,@@@6 @@@,@@@1@@@,@@@21 @@@,@@@116@@@,@@@347@@@,@@@0@@@,@@@3890@@@,@@@1@@@,@@@-99.97@@@,@@@@@@,@@@2006.09.07@@@,@@@2006.09.07@@@,@@@0@@@,@@@2@@@,@@@1@@@,@@@0@@@,@@@0@@@,@@@0@@@,@@@0@@@,@@@0@@@,@@@0@@@,@@@0@@@,@@@0@@@,@@@1@@@,@@@0@@@,0,50,0,0,2,0,1,1,0,@@@NO@@@,0,0)','',2,'2013-10-16'),(78610,'DELETE FROM mae_impuestos_productos WHERE pro_codigo_plu=@@@780722003@@@','',2,'2013-10-16'),(78611,'INSERT INTO gne_vale_ferreteria (vfe_id,vfe_fecha,vfe_total,vfe_estado,vfe_entregado,usu_nusuario) VALUES (14005,@@@2013.10.16@@@,1890,1,0,@@@G_DIAZ@@@)','',2,'2013-10-16'),(78612,'INSERT INTO gne_vale_ferreteria_mov (vfe_id,pro_codigo_plu,vfm_cantidad,vfm_unitario,vfm_total,vfm_entregado) VALUES (14005,763609,1,1890,1890,@@@NO@@@)','',2,'2013-10-16'),(78613,'INSERT INTO gne_vale_ferreteria (vfe_id,vfe_fecha,vfe_total,vfe_estado,vfe_entregado,usu_nusuario) VALUES (14006,@@@2013.10.16@@@,100,1,0,@@@G_DIAZ@@@)','',2,'2013-10-16'),(78614,'INSERT INTO gne_vale_ferreteria_mov (vfe_id,pro_codigo_plu,vfm_cantidad,vfm_unitario,vfm_total,vfm_entregado) VALUES (14006,78017233,1,100,100,@@@NO@@@)','',2,'2013-10-16'),(78615,'INSERT INTO mae_productos (pro_codigo_plu,pro_codigo_barra,pro_tipo,pro_nombre_producto,pro_nombre_corto,med_id,emb_id,pro_unidades_embalaje,dep_id,lin_id,mar_id,pro_precio_compra_neto,pro_precio_compra_bruto,pro_precio_venta,pro_margen_actual,pro_oferta,pro_fecha_inicio_oferta,pro_fecha_termino_oferta,pro_precio_oferta,pro_stock_minimo,pro_stock_critico,pro_entradas_bodega,pro_salidas_bodega,pro_mermas_bodega,pro_ajustes_bodega,pro_entradas_sv,pro_salidas_sv,pro_mermas_sv,pro_ajustes_sv,pro_activo,rec_numero,pro_unidad,pro_capacidad,pro_consumo_bodega,pro_consumo_sv,pro_estado,pro_funcion_plu,pro_flejes,pro_iva,pro_plu_asociado,pro_envase,pro_duracion,pro_numero_etiqueta) VALUES (780722004,@@@7804902020769@@@,@@@0@@@,@@@COLONIA CORAL TU BELLEZA 50 ML@@@,@@@COLONIA CORAL TU@@@,@@@7 @@@,@@@6 @@@,@@@1@@@,@@@21 @@@,@@@116@@@,@@@347@@@,@@@0@@@,@@@3890@@@,@@@1@@@,@@@-99.97@@@,@@@@@@,@@@2006.09.07@@@,@@@2006.09.07@@@,@@@0@@@,@@@2@@@,@@@1@@@,@@@0@@@,@@@0@@@,@@@0@@@,@@@0@@@,@@@0@@@,@@@0@@@,@@@0@@@,@@@0@@@,@@@1@@@,@@@0@@@,0,50,0,0,2,0,1,1,0,@@@NO@@@,0,0)','',2,'2013-10-16'),(78616,'DELETE FROM mae_impuestos_productos WHERE pro_codigo_plu=@@@780722004@@@','',2,'2013-10-16'),(78617,'INSERT INTO gne_vale_ferreteria (vfe_id,vfe_fecha,vfe_total,vfe_estado,vfe_entregado,usu_nusuario) VALUES (14007,@@@2013.10.16@@@,120,1,0,@@@G_DIAZ@@@)','',2,'2013-10-16'),(78618,'INSERT INTO gne_vale_ferreteria_mov (vfe_id,pro_codigo_plu,vfm_cantidad,vfm_unitario,vfm_total,vfm_entregado) VALUES (14007,78017006,1,120,120,@@@NO@@@)','',2,'2013-10-16'),(78619,'INSERT INTO mae_productos (pro_codigo_plu,pro_codigo_barra,pro_tipo,pro_nombre_producto,pro_nombre_corto,med_id,emb_id,pro_unidades_embalaje,dep_id,lin_id,mar_id,pro_precio_compra_neto,pro_precio_compra_bruto,pro_precio_venta,pro_margen_actual,pro_oferta,pro_fecha_inicio_oferta,pro_fecha_termino_oferta,pro_precio_oferta,pro_stock_minimo,pro_stock_critico,pro_entradas_bodega,pro_salidas_bodega,pro_mermas_bodega,pro_ajustes_bodega,pro_entradas_sv,pro_salidas_sv,pro_mermas_sv,pro_ajustes_sv,pro_activo,rec_numero,pro_unidad,pro_capacidad,pro_consumo_bodega,pro_consumo_sv,pro_estado,pro_funcion_plu,pro_flejes,pro_iva,pro_plu_asociado,pro_envase,pro_duracion,pro_numero_etiqueta) VALUES (780722005,@@@7807265980343@@@,@@@0@@@,@@@FORRO AUTOADHESIVO PROARTE ROLLO 33CMS X 1,5 MTS@@@,@@@FORRO AUTOADHESI@@@,@@@7 @@@,@@@6 @@@,@@@30@@@,@@@24 @@@,@@@137@@@,@@@1254@@@,@@@0@@@,@@@549@@@,@@@1@@@,@@@-99.82@@@,@@@@@@,@@@2006.09.07@@@,@@@2006.09.07@@@,@@@0@@@,@@@30@@@,@@@10@@@,@@@0@@@,@@@0@@@,@@@0@@@,@@@0@@@,@@@0@@@,@@@0@@@,@@@0@@@,@@@0@@@,@@@1@@@,@@@0@@@,0,1.5,0,0,2,0,1,1,0,@@@NO@@@,0,0)','',2,'2013-10-16'),(78620,'DELETE FROM mae_impuestos_productos WHERE pro_codigo_plu=@@@780722005@@@','',2,'2013-10-16'),(78621,'INSERT INTO gne_vale_ferreteria (vfe_id,vfe_fecha,vfe_total,vfe_estado,vfe_entregado,usu_nusuario) VALUES (14008,@@@2013.10.16@@@,5450,1,0,@@@G_DIAZ@@@)','',2,'2013-10-16'),(78622,'INSERT INTO gne_vale_ferreteria_mov (vfe_id,pro_codigo_plu,vfm_cantidad,vfm_unitario,vfm_total,vfm_entregado) VALUES (14008,19949,1,1590,1590,@@@NO@@@)','',2,'2013-10-16'),(78623,'INSERT INTO gne_vale_ferreteria_mov (vfe_id,pro_codigo_plu,vfm_cantidad,vfm_unitario,vfm_total,vfm_entregado) VALUES (14008,763627,1,1550,1550,@@@NO@@@)','',2,'2013-10-16'),(78624,'INSERT INTO gne_vale_ferreteria_mov (vfe_id,pro_codigo_plu,vfm_cantidad,vfm_unitario,vfm_total,vfm_entregado) VALUES (14008,8022,1,120,120,@@@NO@@@)','',2,'2013-10-16'),(78625,'INSERT INTO gne_vale_ferreteria_mov (vfe_id,pro_codigo_plu,vfm_cantidad,vfm_unitario,vfm_total,vfm_entregado) VALUES (14008,20521,1,2190,2190,@@@NO@@@)','',2,'2013-10-16'),(78626,'INSERT INTO gne_vale_ferreteria (vfe_id,vfe_fecha,vfe_total,vfe_estado,vfe_entregado,usu_nusuario) VALUES (14009,@@@2013.10.16@@@,1890,1,0,@@@G_DIAZ@@@)','',2,'2013-10-16'),(78627,'INSERT INTO gne_vale_ferreteria_mov (vfe_id,pro_codigo_plu,vfm_cantidad,vfm_unitario,vfm_total,vfm_entregado) VALUES (14009,780721331,1,1890,1890,@@@NO@@@)','',2,'2013-10-16'),(78628,'INSERT INTO mae_productos (pro_codigo_plu,pro_codigo_barra,pro_tipo,pro_nombre_producto,pro_nombre_corto,med_id,emb_id,pro_unidades_embalaje,dep_id,lin_id,mar_id,pro_precio_compra_neto,pro_precio_compra_bruto,pro_precio_venta,pro_margen_actual,pro_oferta,pro_fecha_inicio_oferta,pro_fecha_termino_oferta,pro_precio_oferta,pro_stock_minimo,pro_stock_critico,pro_entradas_bodega,pro_salidas_bodega,pro_mermas_bodega,pro_ajustes_bodega,pro_entradas_sv,pro_salidas_sv,pro_mermas_sv,pro_ajustes_sv,pro_activo,rec_numero,pro_unidad,pro_capacidad,pro_consumo_bodega,pro_consumo_sv,pro_estado,pro_funcion_plu,pro_flejes,pro_iva,pro_plu_asociado,pro_envase,pro_duracion,pro_numero_etiqueta) VALUES (780722006,@@@7804902025542@@@,@@@0@@@,@@@PERFUME NATALY BUTTERFLY 90 ML@@@,@@@PERFUME NATALY B@@@,@@@7 @@@,@@@6 @@@,@@@1@@@,@@@21 @@@,@@@116@@@,@@@2507@@@,@@@0@@@,@@@4290@@@,@@@1@@@,@@@-99.98@@@,@@@@@@,@@@2006.09.07@@@,@@@2006.09.07@@@,@@@0@@@,@@@2@@@,@@@1@@@,@@@0@@@,@@@0@@@,@@@0@@@,@@@0@@@,@@@0@@@,@@@0@@@,@@@0@@@,@@@0@@@,@@@1@@@,@@@0@@@,0,90,0,0,2,0,1,1,0,@@@NO@@@,0,0)','',2,'2013-10-16'),(78629,'DELETE FROM mae_impuestos_productos WHERE pro_codigo_plu=@@@780722006@@@','',2,'2013-10-16'),(78630,'INSERT INTO mae_productos (pro_codigo_plu,pro_codigo_barra,pro_tipo,pro_nombre_producto,pro_nombre_corto,med_id,emb_id,pro_unidades_embalaje,dep_id,lin_id,mar_id,pro_precio_compra_neto,pro_precio_compra_bruto,pro_precio_venta,pro_margen_actual,pro_oferta,pro_fecha_inicio_oferta,pro_fecha_termino_oferta,pro_precio_oferta,pro_stock_minimo,pro_stock_critico,pro_entradas_bodega,pro_salidas_bodega,pro_mermas_bodega,pro_ajustes_bodega,pro_entradas_sv,pro_salidas_sv,pro_mermas_sv,pro_ajustes_sv,pro_activo,rec_numero,pro_unidad,pro_capacidad,pro_consumo_bodega,pro_consumo_sv,pro_estado,pro_funcion_plu,pro_flejes,pro_iva,pro_plu_asociado,pro_envase,pro_duracion,pro_numero_etiqueta) VALUES (780722007,@@@7795646145415@@@,@@@0@@@,@@@DESODORANTE ADIDAS EXTREME POWER 150 ML@@@,@@@DESODORANTE ADID@@@,@@@7 @@@,@@@6 @@@,@@@2@@@,@@@21 @@@,@@@118@@@,@@@2137@@@,@@@0@@@,@@@1190@@@,@@@1@@@,@@@-99.92@@@,@@@@@@,@@@2006.09.07@@@,@@@2006.09.07@@@,@@@0@@@,@@@2@@@,@@@1@@@,@@@0@@@,@@@0@@@,@@@0@@@,@@@0@@@,@@@0@@@,@@@0@@@,@@@0@@@,@@@0@@@,@@@1@@@,@@@0@@@,0,150,0,0,2,0,1,1,0,@@@NO@@@,0,0)','',2,'2013-10-16'),(78631,'DELETE FROM mae_impuestos_productos WHERE pro_codigo_plu=@@@780722007@@@','',2,'2013-10-16'),(78632,'INSERT INTO gne_vale_ferreteria (vfe_id,vfe_fecha,vfe_total,vfe_estado,vfe_entregado,usu_nusuario) VALUES (14010,@@@2013.10.16@@@,1680,1,0,@@@G_DIAZ@@@)','',2,'2013-10-16'),(78633,'INSERT INTO gne_vale_ferreteria_mov (vfe_id,pro_codigo_plu,vfm_cantidad,vfm_unitario,vfm_total,vfm_entregado) VALUES (14010,764529,1,490,490,@@@NO@@@)','',2,'2013-10-16'),(78634,'INSERT INTO gne_vale_ferreteria_mov (vfe_id,pro_codigo_plu,vfm_cantidad,vfm_unitario,vfm_total,vfm_entregado) VALUES (14010,1575,1,1190,1190,@@@NO@@@)','',2,'2013-10-16'),(78635,'INSERT INTO mae_productos (pro_codigo_plu,pro_codigo_barra,pro_tipo,pro_nombre_producto,pro_nombre_corto,med_id,emb_id,pro_unidades_embalaje,dep_id,lin_id,mar_id,pro_precio_compra_neto,pro_precio_compra_bruto,pro_precio_venta,pro_margen_actual,pro_oferta,pro_fecha_inicio_oferta,pro_fecha_termino_oferta,pro_precio_oferta,pro_stock_minimo,pro_stock_critico,pro_entradas_bodega,pro_salidas_bodega,pro_mermas_bodega,pro_ajustes_bodega,pro_entradas_sv,pro_salidas_sv,pro_mermas_sv,pro_ajustes_sv,pro_activo,rec_numero,pro_unidad,pro_capacidad,pro_consumo_bodega,pro_consumo_sv,pro_estado,pro_funcion_plu,pro_flejes,pro_iva,pro_plu_asociado,pro_envase,pro_duracion,pro_numero_etiqueta) VALUES (780722008,@@@7804960066310@@@,@@@0@@@,@@@TINTURA GARNIER 1.0 NEGRO INTENSO@@@,@@@TINTURA GARNIER @@@,@@@1 @@@,@@@6 @@@,@@@1@@@,@@@21 @@@,@@@232@@@,@@@1172@@@,@@@0@@@,@@@1390@@@,@@@1@@@,@@@-99.93@@@,@@@@@@,@@@2006.09.07@@@,@@@2006.09.07@@@,@@@0@@@,@@@8@@@,@@@4@@@,@@@0@@@,@@@0@@@,@@@0@@@,@@@0@@@,@@@0@@@,@@@0@@@,@@@0@@@,@@@0@@@,@@@1@@@,@@@0@@@,0,1,0,0,2,0,1,1,0,@@@NO@@@,0,0)','',2,'2013-10-16'),(78636,'DELETE FROM mae_impuestos_productos WHERE pro_codigo_plu=@@@780722008@@@','',2,'2013-10-16'),(78637,'INSERT INTO gne_vale_ferreteria (vfe_id,vfe_fecha,vfe_total,vfe_estado,vfe_entregado,usu_nusuario) VALUES (14011,@@@2013.10.16@@@,50,1,0,@@@G_DIAZ@@@)','',2,'2013-10-16'),(78638,'INSERT INTO gne_vale_ferreteria_mov (vfe_id,pro_codigo_plu,vfm_cantidad,vfm_unitario,vfm_total,vfm_entregado) VALUES (14011,780220123,1,50,50,@@@NO@@@)','',2,'2013-10-16'),(78639,'INSERT INTO mae_productos (pro_codigo_plu,pro_codigo_barra,pro_tipo,pro_nombre_producto,pro_nombre_corto,med_id,emb_id,pro_unidades_embalaje,dep_id,lin_id,mar_id,pro_precio_compra_neto,pro_precio_compra_bruto,pro_precio_venta,pro_margen_actual,pro_oferta,pro_fecha_inicio_oferta,pro_fecha_termino_oferta,pro_precio_oferta,pro_stock_minimo,pro_stock_critico,pro_entradas_bodega,pro_salidas_bodega,pro_mermas_bodega,pro_ajustes_bodega,pro_entradas_sv,pro_salidas_sv,pro_mermas_sv,pro_ajustes_sv,pro_activo,rec_numero,pro_unidad,pro_capacidad,pro_consumo_bodega,pro_consumo_sv,pro_estado,pro_funcion_plu,pro_flejes,pro_iva,pro_plu_asociado,pro_envase,pro_duracion,pro_numero_etiqueta) VALUES (780722009,@@@7804960066389@@@,@@@0@@@,@@@TINTURA GARNIER NUTRISE 5.0 CASTAÑO CLARO@@@,@@@TINTURA GARNIER @@@,@@@1 @@@,@@@6 @@@,@@@1@@@,@@@21 @@@,@@@232@@@,@@@1172@@@,@@@0@@@,@@@1390@@@,@@@1@@@,@@@-99.93@@@,@@@@@@,@@@2006.09.07@@@,@@@2006.09.07@@@,@@@0@@@,@@@12@@@,@@@6@@@,@@@0@@@,@@@0@@@,@@@0@@@,@@@0@@@,@@@0@@@,@@@0@@@,@@@0@@@,@@@0@@@,@@@1@@@,@@@0@@@,0,1,0,0,2,0,1,1,0,@@@NO@@@,0,0)','',2,'2013-10-16'),(78640,'DELETE FROM mae_impuestos_productos WHERE pro_codigo_plu=@@@780722009@@@','',2,'2013-10-16'),(78641,'INSERT INTO gne_vale_ferreteria (vfe_id,vfe_fecha,vfe_total,vfe_estado,vfe_entregado,usu_nusuario) VALUES (14012,@@@2013.10.16@@@,2380,1,0,@@@G_DIAZ@@@)','',2,'2013-10-16'),(78642,'INSERT INTO gne_vale_ferreteria_mov (vfe_id,pro_codigo_plu,vfm_cantidad,vfm_unitario,vfm_total,vfm_entregado) VALUES (14012,102168,2,650,1300,@@@NO@@@)','',2,'2013-10-16'),(78643,'INSERT INTO gne_vale_ferreteria_mov (vfe_id,pro_codigo_plu,vfm_cantidad,vfm_unitario,vfm_total,vfm_entregado) VALUES (14012,4801,36,30,1080,@@@NO@@@)','',2,'2013-10-16'),(78644,'INSERT INTO gne_vale_ferreteria (vfe_id,vfe_fecha,vfe_total,vfe_estado,vfe_entregado,usu_nusuario) VALUES (14013,@@@2013.10.16@@@,590,1,0,@@@G_DIAZ@@@)','',2,'2013-10-16'),(78645,'INSERT INTO gne_vale_ferreteria_mov (vfe_id,pro_codigo_plu,vfm_cantidad,vfm_unitario,vfm_total,vfm_entregado) VALUES (14013,780220195,1,590,590,@@@NO@@@)','',2,'2013-10-16'),(78646,'INSERT INTO gne_vale_ferreteria (vfe_id,vfe_fecha,vfe_total,vfe_estado,vfe_entregado,usu_nusuario) VALUES (14014,@@@2013.10.16@@@,1280,1,0,@@@G_DIAZ@@@)','',2,'2013-10-16'),(78647,'INSERT INTO gne_vale_ferreteria_mov (vfe_id,pro_codigo_plu,vfm_cantidad,vfm_unitario,vfm_total,vfm_entregado) VALUES (14014,4139,1,790,790,@@@NO@@@)','',2,'2013-10-16'),(78648,'INSERT INTO gne_vale_ferreteria_mov (vfe_id,pro_codigo_plu,vfm_cantidad,vfm_unitario,vfm_total,vfm_entregado) VALUES (14014,764581,1,490,490,@@@NO@@@)','',2,'2013-10-16'),(78649,'INSERT INTO gne_vale_ferreteria (vfe_id,vfe_fecha,vfe_total,vfe_estado,vfe_entregado,usu_nusuario) VALUES (14015,@@@2013.10.16@@@,2500,1,0,@@@G_DIAZ@@@)','',2,'2013-10-16'),(78650,'INSERT INTO gne_vale_ferreteria_mov (vfe_id,pro_codigo_plu,vfm_cantidad,vfm_unitario,vfm_total,vfm_entregado) VALUES (14015,780220123,5,50,250,@@@NO@@@)','',2,'2013-10-16'),(78651,'INSERT INTO gne_vale_ferreteria_mov (vfe_id,pro_codigo_plu,vfm_cantidad,vfm_unitario,vfm_total,vfm_entregado) VALUES (14015,765000,4,390,1560,@@@NO@@@)','',2,'2013-10-16'),(78652,'INSERT INTO gne_vale_ferreteria_mov (vfe_id,pro_codigo_plu,vfm_cantidad,vfm_unitario,vfm_total,vfm_entregado) VALUES (14015,764830,1,690,690,@@@NO@@@)','',2,'2013-10-16'),(78653,'INSERT INTO gne_vale_ferreteria (vfe_id,vfe_fecha,vfe_total,vfe_estado,vfe_entregado,usu_nusuario) VALUES (14016,@@@2013.10.16@@@,60,1,0,@@@G_DIAZ@@@)','',2,'2013-10-16'),(78654,'INSERT INTO gne_vale_ferreteria_mov (vfe_id,pro_codigo_plu,vfm_cantidad,vfm_unitario,vfm_total,vfm_entregado) VALUES (14016,764780,1,60,60,@@@NO@@@)','',2,'2013-10-16'),(78655,'UPDATE mae_productos SET pro_precio_compra_bruto=3653.3,pro_margen_actual=(pro_precio_venta-3653.3)/3653.3 * 100,pro_ultima_compra=@@@2013.10.16@@@,pro_ultimo_proveedor=@@@76170432-k@@@ WHERE pro_codigo_plu=408','',2,'2013-10-16'),(78656,'INSERT INTO gne_vale_ferreteria (vfe_id,vfe_fecha,vfe_total,vfe_estado,vfe_entregado,usu_nusuario) VALUES (14017,@@@2013.10.16@@@,150,1,0,@@@G_DIAZ@@@)','',2,'2013-10-16'),(78657,'INSERT INTO gne_vale_ferreteria_mov (vfe_id,pro_codigo_plu,vfm_cantidad,vfm_unitario,vfm_total,vfm_entregado) VALUES (14017,21136,1,150,150,@@@NO@@@)','',2,'2013-10-16'),(78658,'UPDATE mae_productos SET pro_precio_compra_bruto=386.75,pro_margen_actual=(pro_precio_venta-386.75)/386.75 * 100,pro_ultima_compra=@@@2013.10.16@@@,pro_ultimo_proveedor=@@@80186300-0@@@ WHERE pro_codigo_plu=262524','',2,'2013-10-16'),(78659,'UPDATE mae_productos SET pro_precio_compra_bruto=2260.96,pro_margen_actual=(pro_precio_venta-2260.96)/2260.96 * 100,pro_ultima_compra=@@@2013.10.16@@@,pro_ultimo_proveedor=@@@80186300-0@@@ WHERE pro_codigo_plu=357','',2,'2013-10-16'),(78660,'UPDATE mae_productos SET pro_precio_compra_bruto=2213.4,pro_margen_actual=(pro_precio_venta-2213.4)/2213.4 * 100,pro_ultima_compra=@@@2013.10.16@@@,pro_ultimo_proveedor=@@@80186300-0@@@ WHERE pro_codigo_plu=2625','',2,'2013-10-16'),(78661,'UPDATE mae_productos SET pro_precio_compra_bruto=595,pro_margen_actual=(pro_precio_venta-595)/595 * 100,pro_ultima_compra=@@@2013.10.16@@@,pro_ultimo_proveedor=@@@80186300-0@@@ WHERE pro_codigo_plu=763456','',2,'2013-10-16'),(78662,'UPDATE mae_productos SET pro_precio_compra_bruto=3332.15,pro_margen_actual=(pro_precio_venta-3332.15)/3332.15 * 100,pro_ultima_compra=@@@2013.10.16@@@,pro_ultimo_proveedor=@@@80186300-0@@@ WHERE pro_codigo_plu=312','',2,'2013-10-16'),(78663,'UPDATE mae_productos SET pro_precio_compra_bruto=4141.2,pro_margen_actual=(pro_precio_venta-4141.2)/4141.2 * 100,pro_ultima_compra=@@@2013.10.16@@@,pro_ultimo_proveedor=@@@80186300-0@@@ WHERE pro_codigo_plu=401','',2,'2013-10-16'),(78664,'UPDATE mae_productos SET pro_precio_compra_bruto=104.72,pro_margen_actual=(pro_precio_venta-104.72)/104.72 * 100,pro_ultima_compra=@@@2013.10.16@@@,pro_ultimo_proveedor=@@@80186300-0@@@ WHERE pro_codigo_plu=761480','',2,'2013-10-16'),(78665,'UPDATE mae_productos SET pro_precio_compra_bruto=104.72,pro_margen_actual=(pro_precio_venta-104.72)/104.72 * 100,pro_ultima_compra=@@@2013.10.16@@@,pro_ultimo_proveedor=@@@80186300-0@@@ WHERE pro_codigo_plu=763550','',2,'2013-10-16'),(78666,'UPDATE mae_productos SET pro_precio_compra_bruto=297.5,pro_margen_actual=(pro_precio_venta-297.5)/297.5 * 100,pro_ultima_compra=@@@2013.10.16@@@,pro_ultimo_proveedor=@@@80186300-0@@@ WHERE pro_codigo_plu=262528','',2,'2013-10-16'),(78667,'UPDATE mae_productos SET pro_precio_compra_bruto=386.75,pro_margen_actual=(pro_precio_venta-386.75)/386.75 * 100,pro_ultima_compra=@@@2013.10.16@@@,pro_ultimo_proveedor=@@@80186300-0@@@ WHERE pro_codigo_plu=262521','',2,'2013-10-16'),(78668,'INSERT INTO gne_vale_ferreteria (vfe_id,vfe_fecha,vfe_total,vfe_estado,vfe_entregado,usu_nusuario) VALUES (14018,@@@2013.10.16@@@,410,1,0,@@@G_DIAZ@@@)','',2,'2013-10-16'),(78669,'INSERT INTO gne_vale_ferreteria_mov (vfe_id,pro_codigo_plu,vfm_cantidad,vfm_unitario,vfm_total,vfm_entregado) VALUES (14018,763772,1,290,290,@@@NO@@@)','',2,'2013-10-16'),(78670,'INSERT INTO gne_vale_ferreteria_mov (vfe_id,pro_codigo_plu,vfm_cantidad,vfm_unitario,vfm_total,vfm_entregado) VALUES (14018,1064,1,120,120,@@@NO@@@)','',2,'2013-10-16'),(78671,'UPDATE mae_productos SET pro_precio_compra_bruto=126.9,pro_margen_actual=(pro_precio_venta-126.9)/126.9 * 100,pro_ultima_compra=@@@2013.10.16@@@,pro_ultimo_proveedor=@@@76193222-5@@@ WHERE pro_codigo_plu=78017136','',2,'2013-10-16'),(78672,'UPDATE mae_productos SET pro_precio_compra_bruto=126.9,pro_margen_actual=(pro_precio_venta-126.9)/126.9 * 100,pro_ultima_compra=@@@2013.10.16@@@,pro_ultimo_proveedor=@@@76193222-5@@@ WHERE pro_codigo_plu=78017133','',2,'2013-10-16'),(78673,'UPDATE mae_productos SET pro_precio_compra_bruto=126.9,pro_margen_actual=(pro_precio_venta-126.9)/126.9 * 100,pro_ultima_compra=@@@2013.10.16@@@,pro_ultimo_proveedor=@@@76193222-5@@@ WHERE pro_codigo_plu=780721994','',2,'2013-10-16'),(78674,'UPDATE mae_productos SET pro_precio_compra_bruto=126.9,pro_margen_actual=(pro_precio_venta-126.9)/126.9 * 100,pro_ultima_compra=@@@2013.10.16@@@,pro_ultimo_proveedor=@@@76193222-5@@@ WHERE pro_codigo_plu=780721995','',2,'2013-10-16'),(78675,'UPDATE mae_productos SET pro_precio_compra_bruto=62,pro_margen_actual=(pro_precio_venta-62)/62 * 100,pro_ultima_compra=@@@2013.10.16@@@,pro_ultimo_proveedor=@@@76193222-5@@@ WHERE pro_codigo_plu=78017008','',2,'2013-10-16'),(78676,'UPDATE mae_productos SET pro_precio_compra_bruto=320,pro_margen_actual=(pro_precio_venta-320)/320 * 100,pro_ultima_compra=@@@2013.10.16@@@,pro_ultimo_proveedor=@@@76193222-5@@@ WHERE pro_codigo_plu=780721996','',2,'2013-10-16'),(78677,'UPDATE mae_productos SET pro_precio_compra_bruto=320,pro_margen_actual=(pro_precio_venta-320)/320 * 100,pro_ultima_compra=@@@2013.10.16@@@,pro_ultimo_proveedor=@@@76193222-5@@@ WHERE pro_codigo_plu=780721997','',2,'2013-10-16'),(78678,'UPDATE mae_productos SET pro_precio_compra_bruto=320,pro_margen_actual=(pro_precio_venta-320)/320 * 100,pro_ultima_compra=@@@2013.10.16@@@,pro_ultimo_proveedor=@@@76193222-5@@@ WHERE pro_codigo_plu=780721998','',2,'2013-10-16'),(78679,'UPDATE mae_productos SET pro_precio_compra_bruto=320,pro_margen_actual=(pro_precio_venta-320)/320 * 100,pro_ultima_compra=@@@2013.10.16@@@,pro_ultimo_proveedor=@@@76193222-5@@@ WHERE pro_codigo_plu=780721999','',2,'2013-10-16'),(78680,'UPDATE mae_productos SET pro_precio_compra_bruto=554,pro_margen_actual=(pro_precio_venta-554)/554 * 100,pro_ultima_compra=@@@2013.10.16@@@,pro_ultimo_proveedor=@@@76193222-5@@@ WHERE pro_codigo_plu=780722000','',2,'2013-10-16'),(78681,'UPDATE mae_productos SET pro_precio_compra_bruto=554,pro_margen_actual=(pro_precio_venta-554)/554 * 100,pro_ultima_compra=@@@2013.10.16@@@,pro_ultimo_proveedor=@@@76193222-5@@@ WHERE pro_codigo_plu=780722001','',2,'2013-10-16'),(78682,'UPDATE mae_productos SET pro_precio_compra_bruto=554,pro_margen_actual=(pro_precio_venta-554)/554 * 100,pro_ultima_compra=@@@2013.10.16@@@,pro_ultimo_proveedor=@@@76193222-5@@@ WHERE pro_codigo_plu=780722002','',2,'2013-10-16'),(78683,'UPDATE mae_productos SET pro_precio_compra_bruto=389,pro_margen_actual=(pro_precio_venta-389)/389 * 100,pro_ultima_compra=@@@2013.10.16@@@,pro_ultimo_proveedor=@@@76193222-5@@@ WHERE pro_codigo_plu=78017055','',2,'2013-10-16'),(78684,'UPDATE mae_productos SET pro_precio_compra_bruto=3890,pro_margen_actual=(pro_precio_venta-3890)/3890 * 100,pro_ultima_compra=@@@2013.10.16@@@,pro_ultimo_proveedor=@@@76193222-5@@@ WHERE pro_codigo_plu=780722003','',2,'2013-10-16'),(78685,'UPDATE mae_productos SET pro_precio_compra_bruto=3890,pro_margen_actual=(pro_precio_venta-3890)/3890 * 100,pro_ultima_compra=@@@2013.10.16@@@,pro_ultimo_proveedor=@@@76193222-5@@@ WHERE pro_codigo_plu=780722004','',2,'2013-10-16'),(78686,'UPDATE mae_productos SET pro_precio_compra_bruto=3890,pro_margen_actual=(pro_precio_venta-3890)/3890 * 100,pro_ultima_compra=@@@2013.10.16@@@,pro_ultimo_proveedor=@@@76193222-5@@@ WHERE pro_codigo_plu=78016968','',2,'2013-10-16'),(78687,'UPDATE mae_productos SET pro_precio_compra_bruto=549,pro_margen_actual=(pro_precio_venta-549)/549 * 100,pro_ultima_compra=@@@2013.10.16@@@,pro_ultimo_proveedor=@@@76193222-5@@@ WHERE pro_codigo_plu=780722005','',2,'2013-10-16'),(78688,'UPDATE mae_productos SET pro_precio_compra_bruto=829,pro_margen_actual=(pro_precio_venta-829)/829 * 100,pro_ultima_compra=@@@2013.10.16@@@,pro_ultimo_proveedor=@@@76193222-5@@@ WHERE pro_codigo_plu=763820','',2,'2013-10-16'),(78689,'UPDATE mae_productos SET pro_precio_compra_bruto=390,pro_margen_actual=(pro_precio_venta-390)/390 * 100,pro_ultima_compra=@@@2013.10.16@@@,pro_ultimo_proveedor=@@@76193222-5@@@ WHERE pro_codigo_plu=19804','',2,'2013-10-16'),(78690,'UPDATE mae_productos SET pro_precio_compra_bruto=4290,pro_margen_actual=(pro_precio_venta-4290)/4290 * 100,pro_ultima_compra=@@@2013.10.16@@@,pro_ultimo_proveedor=@@@76193222-5@@@ WHERE pro_codigo_plu=764474','',2,'2013-10-16'),(78691,'UPDATE mae_productos SET pro_precio_compra_bruto=4290,pro_margen_actual=(pro_precio_venta-4290)/4290 * 100,pro_ultima_compra=@@@2013.10.16@@@,pro_ultimo_proveedor=@@@76193222-5@@@ WHERE pro_codigo_plu=780722006','',2,'2013-10-16'),(78692,'UPDATE mae_productos SET pro_precio_compra_bruto=109,pro_margen_actual=(pro_precio_venta-109)/109 * 100,pro_ultima_compra=@@@2013.10.16@@@,pro_ultimo_proveedor=@@@76193222-5@@@ WHERE pro_codigo_plu=1060','',2,'2013-10-16'),(78693,'UPDATE mae_productos SET pro_precio_compra_bruto=1790,pro_margen_actual=(pro_precio_venta-1790)/1790 * 100,pro_ultima_compra=@@@2013.10.16@@@,pro_ultimo_proveedor=@@@76193222-5@@@ WHERE pro_codigo_plu=764437','',2,'2013-10-16'),(78694,'UPDATE mae_productos SET pro_precio_compra_bruto=1790,pro_margen_actual=(pro_precio_venta-1790)/1790 * 100,pro_ultima_compra=@@@2013.10.16@@@,pro_ultimo_proveedor=@@@76193222-5@@@ WHERE pro_codigo_plu=764438','',2,'2013-10-16'),(78695,'UPDATE mae_productos SET pro_precio_compra_bruto=1190,pro_margen_actual=(pro_precio_venta-1190)/1190 * 100,pro_ultima_compra=@@@2013.10.16@@@,pro_ultimo_proveedor=@@@76193222-5@@@ WHERE pro_codigo_plu=780722007','',2,'2013-10-16'),(78696,'UPDATE mae_productos SET pro_precio_compra_bruto=1190,pro_margen_actual=(pro_precio_venta-1190)/1190 * 100,pro_ultima_compra=@@@2013.10.16@@@,pro_ultimo_proveedor=@@@76193222-5@@@ WHERE pro_codigo_plu=763741','',2,'2013-10-16'),(78697,'UPDATE mae_productos SET pro_precio_compra_bruto=1390,pro_margen_actual=(pro_precio_venta-1390)/1390 * 100,pro_ultima_compra=@@@2013.10.16@@@,pro_ultimo_proveedor=@@@76193222-5@@@ WHERE pro_codigo_plu=763601','',2,'2013-10-16'),(78698,'UPDATE mae_productos SET pro_precio_compra_bruto=1390,pro_margen_actual=(pro_precio_venta-1390)/1390 * 100,pro_ultima_compra=@@@2013.10.16@@@,pro_ultimo_proveedor=@@@76193222-5@@@ WHERE pro_codigo_plu=780722008','',2,'2013-10-16'),(78699,'UPDATE mae_productos SET pro_precio_compra_bruto=1390,pro_margen_actual=(pro_precio_venta-1390)/1390 * 100,pro_ultima_compra=@@@2013.10.16@@@,pro_ultimo_proveedor=@@@76193222-5@@@ WHERE pro_codigo_plu=780721333','',2,'2013-10-16'),(78700,'UPDATE mae_productos SET pro_precio_compra_bruto=1390,pro_margen_actual=(pro_precio_venta-1390)/1390 * 100,pro_ultima_compra=@@@2013.10.16@@@,pro_ultimo_proveedor=@@@76193222-5@@@ WHERE pro_codigo_plu=78017188','',2,'2013-10-16'),(78701,'UPDATE mae_productos SET pro_precio_compra_bruto=1390,pro_margen_actual=(pro_precio_venta-1390)/1390 * 100,pro_ultima_compra=@@@2013.10.16@@@,pro_ultimo_proveedor=@@@76193222-5@@@ WHERE pro_codigo_plu=780722009','',2,'2013-10-16'),(78702,'UPDATE mae_productos SET pro_precio_compra_bruto=1390,pro_margen_actual=(pro_precio_venta-1390)/1390 * 100,pro_ultima_compra=@@@2013.10.16@@@,pro_ultimo_proveedor=@@@76193222-5@@@ WHERE pro_codigo_plu=763602','',2,'2013-10-16'),(78703,'UPDATE mae_productos SET pro_precio_compra_bruto=1390,pro_margen_actual=(pro_precio_venta-1390)/1390 * 100,pro_ultima_compra=@@@2013.10.16@@@,pro_ultimo_proveedor=@@@76193222-5@@@ WHERE pro_codigo_plu=763609','',2,'2013-10-16'),(78704,'UPDATE mae_productos SET pro_precio_compra_bruto=1390,pro_margen_actual=(pro_precio_venta-1390)/1390 * 100,pro_ultima_compra=@@@2013.10.16@@@,pro_ultimo_proveedor=@@@76193222-5@@@ WHERE pro_codigo_plu=763607','',2,'2013-10-16'),(78705,'INSERT INTO gne_vale_ferreteria (vfe_id,vfe_fecha,vfe_total,vfe_estado,vfe_entregado,usu_nusuario) VALUES (14019,@@@2013.10.16@@@,790,1,0,@@@G_DIAZ@@@)','',2,'2013-10-16'),(78706,'INSERT INTO gne_vale_ferreteria_mov (vfe_id,pro_codigo_plu,vfm_cantidad,vfm_unitario,vfm_total,vfm_entregado) VALUES (14019,78017139,2,200,400,@@@NO@@@)','',2,'2013-10-16'),(78707,'INSERT INTO gne_vale_ferreteria_mov (vfe_id,pro_codigo_plu,vfm_cantidad,vfm_unitario,vfm_total,vfm_entregado) VALUES (14019,4090,1,390,390,@@@NO@@@)','',2,'2013-10-16'),(78708,'INSERT INTO gne_vale_ferreteria (vfe_id,vfe_fecha,vfe_total,vfe_estado,vfe_entregado,usu_nusuario) VALUES (14020,@@@2013.10.16@@@,120,1,0,@@@G_DIAZ@@@)','',2,'2013-10-16'),(78709,'INSERT INTO gne_vale_ferreteria_mov (vfe_id,pro_codigo_plu,vfm_cantidad,vfm_unitario,vfm_total,vfm_entregado) VALUES (14020,764780,2,60,120,@@@NO@@@)','',2,'2013-10-16'),(78710,'INSERT INTO gne_vale_ferreteria (vfe_id,vfe_fecha,vfe_total,vfe_estado,vfe_entregado,usu_nusuario) VALUES (14021,@@@2013.10.16@@@,1990,1,0,@@@G_DIAZ@@@)','',2,'2013-10-16'),(78711,'INSERT INTO gne_vale_ferreteria_mov (vfe_id,pro_codigo_plu,vfm_cantidad,vfm_unitario,vfm_total,vfm_entregado) VALUES (14021,780220125,1,1990,1990,@@@NO@@@)','',2,'2013-10-16'),(78712,'INSERT INTO mae_productos (pro_codigo_plu,pro_codigo_barra,pro_tipo,pro_nombre_producto,pro_nombre_corto,med_id,emb_id,pro_unidades_embalaje,dep_id,lin_id,mar_id,pro_precio_compra_neto,pro_precio_compra_bruto,pro_precio_venta,pro_margen_actual,pro_oferta,pro_fecha_inicio_oferta,pro_fecha_termino_oferta,pro_precio_oferta,pro_stock_minimo,pro_stock_critico,pro_entradas_bodega,pro_salidas_bodega,pro_mermas_bodega,pro_ajustes_bodega,pro_entradas_sv,pro_salidas_sv,pro_mermas_sv,pro_ajustes_sv,pro_activo,rec_numero,pro_unidad,pro_capacidad,pro_consumo_bodega,pro_consumo_sv,pro_estado,pro_funcion_plu,pro_flejes,pro_iva,pro_plu_asociado,pro_envase,pro_duracion,pro_numero_etiqueta) VALUES (780722010,@@@7802900661014@@@,@@@0@@@,@@@MANTEQUILLA MIX SOPROLE 250 G@@@,@@@MANTEQUILLA MIX @@@,@@@5 @@@,@@@6 @@@,@@@12@@@,@@@1 @@@,@@@20@@@,@@@1993@@@,@@@0@@@,@@@454.38@@@,@@@1@@@,@@@-99.78@@@,@@@@@@,@@@2006.09.07@@@,@@@2006.09.07@@@,@@@0@@@,@@@12@@@,@@@6@@@,@@@0@@@,@@@0@@@,@@@0@@@,@@@0@@@,@@@0@@@,@@@0@@@,@@@0@@@,@@@0@@@,@@@1@@@,@@@0@@@,0,250,0,0,2,0,1,1,0,@@@NO@@@,0,0)','',2,'2013-10-16'),(78713,'DELETE FROM mae_impuestos_productos WHERE pro_codigo_plu=@@@780722010@@@','',2,'2013-10-16'),(78714,'INSERT INTO mae_productos (pro_codigo_plu,pro_codigo_barra,pro_tipo,pro_nombre_producto,pro_nombre_corto,med_id,emb_id,pro_unidades_embalaje,dep_id,lin_id,mar_id,pro_precio_compra_neto,pro_precio_compra_bruto,pro_precio_venta,pro_margen_actual,pro_oferta,pro_fecha_inicio_oferta,pro_fecha_termino_oferta,pro_precio_oferta,pro_stock_minimo,pro_stock_critico,pro_entradas_bodega,pro_salidas_bodega,pro_mermas_bodega,pro_ajustes_bodega,pro_entradas_sv,pro_salidas_sv,pro_mermas_sv,pro_ajustes_sv,pro_activo,rec_numero,pro_unidad,pro_capacidad,pro_consumo_bodega,pro_consumo_sv,pro_estado,pro_funcion_plu,pro_flejes,pro_iva,pro_plu_asociado,pro_envase,pro_duracion,pro_numero_etiqueta) VALUES (780722011,@@@7802900660017@@@,@@@0@@@,@@@MANTEQUILLA MIX SOPROLE 125 G@@@,@@@MANTEQUILLA MIX @@@,@@@5 @@@,@@@6 @@@,@@@24@@@,@@@1 @@@,@@@20@@@,@@@1993@@@,@@@0@@@,@@@220.79@@@,@@@1@@@,@@@-99.55@@@,@@@@@@,@@@2006.09.07@@@,@@@2006.09.07@@@,@@@0@@@,@@@24@@@,@@@12@@@,@@@0@@@,@@@0@@@,@@@0@@@,@@@0@@@,@@@0@@@,@@@0@@@,@@@0@@@,@@@0@@@,@@@1@@@,@@@0@@@,0,125,0,0,2,0,1,1,0,@@@NO@@@,0,0)','',2,'2013-10-16'),(78715,'DELETE FROM mae_impuestos_productos WHERE pro_codigo_plu=@@@780722011@@@','',2,'2013-10-16'),(78716,'INSERT INTO gne_vale_ferreteria (vfe_id,vfe_fecha,vfe_total,vfe_estado,vfe_entregado,usu_nusuario) VALUES (14022,@@@2013.10.16@@@,200,1,0,@@@G_DIAZ@@@)','',2,'2013-10-16'),(78717,'INSERT INTO gne_vale_ferreteria_mov (vfe_id,pro_codigo_plu,vfm_cantidad,vfm_unitario,vfm_total,vfm_entregado) VALUES (14022,1542,2,100,200,@@@NO@@@)','',2,'2013-10-16'),(78718,'INSERT INTO mae_productos (pro_codigo_plu,pro_codigo_barra,pro_tipo,pro_nombre_producto,pro_nombre_corto,med_id,emb_id,pro_unidades_embalaje,dep_id,lin_id,mar_id,pro_precio_compra_neto,pro_precio_compra_bruto,pro_precio_venta,pro_margen_actual,pro_oferta,pro_fecha_inicio_oferta,pro_fecha_termino_oferta,pro_precio_oferta,pro_stock_minimo,pro_stock_critico,pro_entradas_bodega,pro_salidas_bodega,pro_mermas_bodega,pro_ajustes_bodega,pro_entradas_sv,pro_salidas_sv,pro_mermas_sv,pro_ajustes_sv,pro_activo,rec_numero,pro_unidad,pro_capacidad,pro_consumo_bodega,pro_consumo_sv,pro_estado,pro_funcion_plu,pro_flejes,pro_iva,pro_plu_asociado,pro_envase,pro_duracion,pro_numero_etiqueta) VALUES (780722012,@@@7802900230753@@@,@@@0@@@,@@@YOGHURT SOPROLE CORAZON VAINILLA 120G@@@,@@@YOGHURT SOPROLE @@@,@@@5 @@@,@@@6 @@@,@@@12@@@,@@@3 @@@,@@@50@@@,@@@1993@@@,@@@0@@@,@@@181.37@@@,@@@1@@@,@@@-99.45@@@,@@@@@@,@@@2006.09.07@@@,@@@2006.09.07@@@,@@@0@@@,@@@12@@@,@@@6@@@,@@@0@@@,@@@0@@@,@@@0@@@,@@@0@@@,@@@0@@@,@@@0@@@,@@@0@@@,@@@0@@@,@@@1@@@,@@@0@@@,0,120,0,0,2,0,1,1,0,@@@NO@@@,0,0)','',2,'2013-10-16'),(78719,'DELETE FROM mae_impuestos_productos WHERE pro_codigo_plu=@@@780722012@@@','',2,'2013-10-16'),(78720,'INSERT INTO gne_vale_ferreteria (vfe_id,vfe_fecha,vfe_total,vfe_estado,vfe_entregado,usu_nusuario) VALUES (14023,@@@2013.10.16@@@,970,1,0,@@@G_DIAZ@@@)','',2,'2013-10-16'),(78721,'INSERT INTO gne_vale_ferreteria_mov (vfe_id,pro_codigo_plu,vfm_cantidad,vfm_unitario,vfm_total,vfm_entregado) VALUES (14023,78017026,4,90,360,@@@NO@@@)','',2,'2013-10-16'),(78722,'INSERT INTO gne_vale_ferreteria_mov (vfe_id,pro_codigo_plu,vfm_cantidad,vfm_unitario,vfm_total,vfm_entregado) VALUES (14023,1552,1,490,490,@@@NO@@@)','',2,'2013-10-16'),(78723,'INSERT INTO gne_vale_ferreteria_mov (vfe_id,pro_codigo_plu,vfm_cantidad,vfm_unitario,vfm_total,vfm_entregado) VALUES (14023,78017006,1,120,120,@@@NO@@@)','',2,'2013-10-16'),(78724,'INSERT INTO mae_productos (pro_codigo_plu,pro_codigo_barra,pro_tipo,pro_nombre_producto,pro_nombre_corto,med_id,emb_id,pro_unidades_embalaje,dep_id,lin_id,mar_id,pro_precio_compra_neto,pro_precio_compra_bruto,pro_precio_venta,pro_margen_actual,pro_oferta,pro_fecha_inicio_oferta,pro_fecha_termino_oferta,pro_precio_oferta,pro_stock_minimo,pro_stock_critico,pro_entradas_bodega,pro_salidas_bodega,pro_mermas_bodega,pro_ajustes_bodega,pro_entradas_sv,pro_salidas_sv,pro_mermas_sv,pro_ajustes_sv,pro_activo,rec_numero,pro_unidad,pro_capacidad,pro_consumo_bodega,pro_consumo_sv,pro_estado,pro_funcion_plu,pro_flejes,pro_iva,pro_plu_asociado,pro_envase,pro_duracion,pro_numero_etiqueta) VALUES (780722013,@@@7802900237240@@@,@@@0@@@,@@@YOGHURT SOPROLE CORAZON MULTIFRUTA 120 G @@@,@@@YOGHURT SOPROLE @@@,@@@5 @@@,@@@6 @@@,@@@12@@@,@@@3 @@@,@@@50@@@,@@@1993@@@,@@@0@@@,@@@181.37@@@,@@@1@@@,@@@-99.45@@@,@@@@@@,@@@2006.09.07@@@,@@@2006.09.07@@@,@@@0@@@,@@@12@@@,@@@6@@@,@@@0@@@,@@@0@@@,@@@0@@@,@@@0@@@,@@@0@@@,@@@0@@@,@@@0@@@,@@@0@@@,@@@1@@@,@@@0@@@,0,120,0,0,2,0,1,1,0,@@@NO@@@,0,0)','',2,'2013-10-16'),(78725,'DELETE FROM mae_impuestos_productos WHERE pro_codigo_plu=@@@780722013@@@','',2,'2013-10-16'),(78726,'UPDATE mae_productos SET pro_precio_venta=1790,pro_margen_actual= 50.42 WHERE pro_codigo_plu=780722007','',2,'2013-10-16'),(78727,'UPDATE mae_productos SET pro_precio_venta=2490,pro_margen_actual= 39.11 WHERE pro_codigo_plu=764438','',2,'2013-10-16'),(78728,'UPDATE mae_productos SET pro_precio_venta=2490,pro_margen_actual= 39.11 WHERE pro_codigo_plu=764437','',2,'2013-10-16'),(78729,'UPDATE mae_productos SET pro_precio_venta=5890,pro_margen_actual= 51.41 WHERE pro_codigo_plu=780722004','',2,'2013-10-16'),(78730,'UPDATE mae_productos SET pro_precio_venta=5890,pro_margen_actual= 51.41 WHERE pro_codigo_plu=780722003','',2,'2013-10-16'),(78731,'UPDATE mae_productos SET pro_precio_venta=6990,pro_margen_actual= 62.94 WHERE pro_codigo_plu=764474','',2,'2013-10-16'),(78732,'UPDATE mae_productos SET pro_precio_venta=6990,pro_margen_actual= 62.94 WHERE pro_codigo_plu=780722006','',2,'2013-10-16'),(78733,'UPDATE mae_productos SET pro_precio_venta=1890,pro_margen_actual= 35.97 WHERE pro_codigo_plu=780722008','',2,'2013-10-16'),(78734,'UPDATE mae_productos SET pro_precio_venta=1890,pro_margen_actual= 35.97 WHERE pro_codigo_plu=780722009','',2,'2013-10-16'),(78735,'UPDATE mae_productos SET pro_precio_venta=830,pro_margen_actual= 49.82 WHERE pro_codigo_plu=780722000','',2,'2013-10-16'),(78736,'UPDATE mae_productos SET pro_precio_venta=830,pro_margen_actual= 49.82 WHERE pro_codigo_plu=780722001','',2,'2013-10-16'),(78737,'UPDATE mae_productos SET pro_precio_venta=830,pro_margen_actual= 49.82 WHERE pro_codigo_plu=780722002','',2,'2013-10-16'),(78738,'UPDATE mae_productos SET pro_precio_venta=890,pro_margen_actual= 62.11 WHERE pro_codigo_plu=780722005','',2,'2013-10-16'),(78739,'UPDATE mae_productos SET pro_precio_venta=200,pro_margen_actual= 57.6 WHERE pro_codigo_plu=780721994','',2,'2013-10-16'),(78740,'UPDATE mae_productos SET pro_precio_venta=200,pro_margen_actual= 57.6 WHERE pro_codigo_plu=780721995','',2,'2013-10-16'),(78741,'UPDATE mae_productos SET pro_precio_venta=490,pro_margen_actual= 53.13 WHERE pro_codigo_plu=780721999','',2,'2013-10-16'),(78742,'UPDATE mae_productos SET pro_precio_venta=490,pro_margen_actual= 53.13 WHERE pro_codigo_plu=780721997','',2,'2013-10-16'),(78743,'UPDATE mae_productos SET pro_precio_venta=490,pro_margen_actual= 53.13 WHERE pro_codigo_plu=780721996','',2,'2013-10-16'),(78744,'UPDATE mae_productos SET pro_precio_venta=490,pro_margen_actual= 53.13 WHERE pro_codigo_plu=780721998','',2,'2013-10-16'),(78745,'UPDATE mae_productos SET pro_precio_venta=890,pro_margen_actual= 97.18 WHERE pro_codigo_plu=2330102','',2,'2013-10-16'),(78746,'UPDATE mae_productos SET pro_precio_venta=50,pro_margen_actual= 151.64 WHERE pro_codigo_plu=78017028','',2,'2013-10-16'),(78747,'UPDATE mae_productos SET pro_precio_venta=25,pro_margen_actual= 174.12 WHERE pro_codigo_plu=78017153','',2,'2013-10-16'),(78748,'UPDATE mae_productos SET pro_precio_venta=990,pro_margen_actual= 50.91 WHERE pro_codigo_plu=762542','',2,'2013-10-16'),(78749,'UPDATE mae_productos SET pro_precio_venta=490,pro_margen_actual= 59.6 WHERE pro_codigo_plu=808181','',2,'2013-10-16'),(78750,'INSERT INTO gne_vale_ferreteria (vfe_id,vfe_fecha,vfe_total,vfe_estado,vfe_entregado,usu_nusuario) VALUES (14024,@@@2013.10.16@@@,680,1,0,@@@G_DIAZ@@@)','',2,'2013-10-16'),(78751,'INSERT INTO gne_vale_ferreteria_mov (vfe_id,pro_codigo_plu,vfm_cantidad,vfm_unitario,vfm_total,vfm_entregado) VALUES (14024,1548,1,390,390,@@@NO@@@)','',2,'2013-10-16'),(78752,'INSERT INTO gne_vale_ferreteria_mov (vfe_id,pro_codigo_plu,vfm_cantidad,vfm_unitario,vfm_total,vfm_entregado) VALUES (14024,1559,1,290,290,@@@NO@@@)','',2,'2013-10-16'),(78753,'UPDATE mae_productos SET pro_precio_venta=890,pro_margen_actual= 71.48 WHERE pro_codigo_plu=780721991','',2,'2013-10-16'),(78754,'UPDATE mae_productos SET pro_precio_compra_bruto=354.62,pro_margen_actual=(pro_precio_venta-354.62)/354.62 * 100,pro_ultima_compra=@@@2013.10.16@@@,pro_ultimo_proveedor=@@@84472400-4@@@ WHERE pro_codigo_plu=16118','',2,'2013-10-16'),(78755,'UPDATE mae_productos SET pro_precio_compra_bruto=199.92,pro_margen_actual=(pro_precio_venta-199.92)/199.92 * 100,pro_ultima_compra=@@@2013.10.16@@@,pro_ultimo_proveedor=@@@84472400-4@@@ WHERE pro_codigo_plu=762183','',2,'2013-10-16'),(78756,'UPDATE mae_productos SET pro_precio_compra_bruto=981.75,pro_margen_actual=(pro_precio_venta-981.75)/981.75 * 100,pro_ultima_compra=@@@2013.10.16@@@,pro_ultimo_proveedor=@@@84472400-4@@@ WHERE pro_codigo_plu=16255','',2,'2013-10-16'),(78757,'UPDATE mae_productos SET pro_precio_compra_bruto=321.3,pro_margen_actual=(pro_precio_venta-321.3)/321.3 * 100,pro_ultima_compra=@@@2013.10.16@@@,pro_ultimo_proveedor=@@@84472400-4@@@ WHERE pro_codigo_plu=780721863','',2,'2013-10-16'),(78758,'UPDATE mae_productos SET pro_precio_compra_bruto=96.39,pro_margen_actual=(pro_precio_venta-96.39)/96.39 * 100,pro_ultima_compra=@@@2013.10.16@@@,pro_ultimo_proveedor=@@@84472400-4@@@ WHERE pro_codigo_plu=17016','',2,'2013-10-16'),(78759,'UPDATE mae_productos SET pro_precio_compra_bruto=96.39,pro_margen_actual=(pro_precio_venta-96.39)/96.39 * 100,pro_ultima_compra=@@@2013.10.16@@@,pro_ultimo_proveedor=@@@84472400-4@@@ WHERE pro_codigo_plu=17018','',2,'2013-10-16'),(78760,'UPDATE mae_productos SET pro_precio_compra_bruto=199.92,pro_margen_actual=(pro_precio_venta-199.92)/199.92 * 100,pro_ultima_compra=@@@2013.10.16@@@,pro_ultimo_proveedor=@@@84472400-4@@@ WHERE pro_codigo_plu=18877','',2,'2013-10-16'),(78761,'UPDATE mae_productos SET pro_precio_compra_bruto=199.92,pro_margen_actual=(pro_precio_venta-199.92)/199.92 * 100,pro_ultima_compra=@@@2013.10.16@@@,pro_ultimo_proveedor=@@@84472400-4@@@ WHERE pro_codigo_plu=17030','',2,'2013-10-16'),(78762,'UPDATE mae_productos SET pro_precio_compra_bruto=199.92,pro_margen_actual=(pro_precio_venta-199.92)/199.92 * 100,pro_ultima_compra=@@@2013.10.16@@@,pro_ultimo_proveedor=@@@84472400-4@@@ WHERE pro_codigo_plu=19238','',2,'2013-10-16'),(78763,'UPDATE mae_productos SET pro_precio_compra_bruto=283.22,pro_margen_actual=(pro_precio_venta-283.22)/283.22 * 100,pro_ultima_compra=@@@2013.10.16@@@,pro_ultimo_proveedor=@@@84472400-4@@@ WHERE pro_codigo_plu=16821','',2,'2013-10-16'),(78764,'UPDATE mae_productos SET pro_precio_compra_bruto=339.15,pro_margen_actual=(pro_precio_venta-339.15)/339.15 * 100,pro_ultima_compra=@@@2013.10.16@@@,pro_ultimo_proveedor=@@@84472400-4@@@ WHERE pro_codigo_plu=780721671','',2,'2013-10-16'),(78765,'UPDATE mae_productos SET pro_precio_compra_bruto=1633.87,pro_margen_actual=(pro_precio_venta-1633.87)/1633.87 * 100,pro_ultima_compra=@@@2013.10.16@@@,pro_ultimo_proveedor=@@@84472400-4@@@ WHERE pro_codigo_plu=10408','',2,'2013-10-16'),(78766,'UPDATE mae_productos SET pro_precio_compra_bruto=333.81,pro_margen_actual=(pro_precio_venta-333.81)/333.81 * 100,pro_ultima_compra=@@@2013.10.16@@@,pro_ultimo_proveedor=@@@84472400-4@@@ WHERE pro_codigo_plu=16314','',2,'2013-10-16'),(78767,'UPDATE mae_productos SET pro_precio_compra_bruto=454.38,pro_margen_actual=(pro_precio_venta-454.38)/454.38 * 100,pro_ultima_compra=@@@2013.10.16@@@,pro_ultimo_proveedor=@@@84472400-4@@@ WHERE pro_codigo_plu=780722010','',2,'2013-10-16'),(78768,'UPDATE mae_productos SET pro_precio_compra_bruto=220.79,pro_margen_actual=(pro_precio_venta-220.79)/220.79 * 100,pro_ultima_compra=@@@2013.10.16@@@,pro_ultimo_proveedor=@@@84472400-4@@@ WHERE pro_codigo_plu=780722011','',2,'2013-10-16'),(78769,'UPDATE mae_productos SET pro_precio_compra_bruto=297.5,pro_margen_actual=(pro_precio_venta-297.5)/297.5 * 100,pro_ultima_compra=@@@2013.10.16@@@,pro_ultimo_proveedor=@@@84472400-4@@@ WHERE pro_codigo_plu=16999','',2,'2013-10-16'),(78770,'UPDATE mae_productos SET pro_precio_compra_bruto=297.5,pro_margen_actual=(pro_precio_venta-297.5)/297.5 * 100,pro_ultima_compra=@@@2013.10.16@@@,pro_ultimo_proveedor=@@@84472400-4@@@ WHERE pro_codigo_plu=19211','',2,'2013-10-16'),(78771,'UPDATE mae_productos SET pro_precio_compra_bruto=470.05,pro_margen_actual=(pro_precio_venta-470.05)/470.05 * 100,pro_ultima_compra=@@@2013.10.16@@@,pro_ultimo_proveedor=@@@84472400-4@@@ WHERE pro_codigo_plu=16426','',2,'2013-10-16'),(78772,'UPDATE mae_productos SET pro_precio_compra_bruto=245.66,pro_margen_actual=(pro_precio_venta-245.66)/245.66 * 100,pro_ultima_compra=@@@2013.10.16@@@,pro_ultimo_proveedor=@@@84472400-4@@@ WHERE pro_codigo_plu=16513','',2,'2013-10-16'),(78773,'UPDATE mae_productos SET pro_precio_compra_bruto=245.66,pro_margen_actual=(pro_precio_venta-245.66)/245.66 * 100,pro_ultima_compra=@@@2013.10.16@@@,pro_ultimo_proveedor=@@@84472400-4@@@ WHERE pro_codigo_plu=16514','',2,'2013-10-16'),(78774,'UPDATE mae_productos SET pro_precio_compra_bruto=119,pro_margen_actual=(pro_precio_venta-119)/119 * 100,pro_ultima_compra=@@@2013.10.16@@@,pro_ultimo_proveedor=@@@84472400-4@@@ WHERE pro_codigo_plu=16672','',2,'2013-10-16'),(78775,'UPDATE mae_productos SET pro_precio_compra_bruto=119,pro_margen_actual=(pro_precio_venta-119)/119 * 100,pro_ultima_compra=@@@2013.10.16@@@,pro_ultimo_proveedor=@@@84472400-4@@@ WHERE pro_codigo_plu=16952','',2,'2013-10-16'),(78776,'UPDATE mae_productos SET pro_precio_compra_bruto=181.37,pro_margen_actual=(pro_precio_venta-181.37)/181.37 * 100,pro_ultima_compra=@@@2013.10.16@@@,pro_ultimo_proveedor=@@@84472400-4@@@ WHERE pro_codigo_plu=780722012','',2,'2013-10-16'),(78777,'UPDATE mae_productos SET pro_precio_compra_bruto=181.37,pro_margen_actual=(pro_precio_venta-181.37)/181.37 * 100,pro_ultima_compra=@@@2013.10.16@@@,pro_ultimo_proveedor=@@@84472400-4@@@ WHERE pro_codigo_plu=780722013','',2,'2013-10-16'),(78778,'UPDATE mae_productos SET pro_precio_compra_bruto=242.76,pro_margen_actual=(pro_precio_venta-242.76)/242.76 * 100,pro_ultima_compra=@@@2013.10.16@@@,pro_ultimo_proveedor=@@@84472400-4@@@ WHERE pro_codigo_plu=763339','',2,'2013-10-16'),(78779,'UPDATE mae_productos SET pro_precio_compra_bruto=336.77,pro_margen_actual=(pro_precio_venta-336.77)/336.77 * 100,pro_ultima_compra=@@@2013.10.16@@@,pro_ultimo_proveedor=@@@84472400-4@@@ WHERE pro_codigo_plu=780721634','',2,'2013-10-16'),(78780,'UPDATE mae_productos SET pro_precio_compra_bruto=283.22,pro_margen_actual=(pro_precio_venta-283.22)/283.22 * 100,pro_ultima_compra=@@@2013.10.16@@@,pro_ultimo_proveedor=@@@84472400-4@@@ WHERE pro_codigo_plu=763338','',2,'2013-10-16'),(78781,'UPDATE mae_productos SET pro_precio_compra_bruto=210.63,pro_margen_actual=(pro_precio_venta-210.63)/210.63 * 100,pro_ultima_compra=@@@2013.10.16@@@,pro_ultimo_proveedor=@@@84472400-4@@@ WHERE pro_codigo_plu=763346','',2,'2013-10-16'),(78782,'UPDATE mae_productos SET pro_precio_compra_bruto=210.63,pro_margen_actual=(pro_precio_venta-210.63)/210.63 * 100,pro_ultima_compra=@@@2013.10.16@@@,pro_ultimo_proveedor=@@@84472400-4@@@ WHERE pro_codigo_plu=780721402','',2,'2013-10-16'),(78783,'UPDATE mae_productos SET pro_precio_compra_bruto=255.85,pro_margen_actual=(pro_precio_venta-255.85)/255.85 * 100,pro_ultima_compra=@@@2013.10.16@@@,pro_ultimo_proveedor=@@@84472400-4@@@ WHERE pro_codigo_plu=16994','',2,'2013-10-16'),(78784,'UPDATE mae_productos SET pro_precio_compra_bruto=490.23,pro_margen_actual=(pro_precio_venta-490.23)/490.23 * 100,pro_ultima_compra=@@@2013.10.16@@@,pro_ultimo_proveedor=@@@84472400-4@@@ WHERE pro_codigo_plu=761596','',2,'2013-10-16'),(78785,'INSERT INTO gne_vale_ferreteria (vfe_id,vfe_fecha,vfe_total,vfe_estado,vfe_entregado,usu_nusuario) VALUES (14025,@@@2013.10.16@@@,720,1,0,@@@G_DIAZ@@@)','',2,'2013-10-16'),(78786,'INSERT INTO gne_vale_ferreteria_mov (vfe_id,pro_codigo_plu,vfm_cantidad,vfm_unitario,vfm_total,vfm_entregado) VALUES (14025,19866,1,720,720,@@@NO@@@)','',2,'2013-10-16'),(78787,'UPDATE mae_productos SET pro_precio_fiscal=pro_precio_venta WHERE pro_codigo_plu=2330102','',2,'2013-10-16'),(78788,'UPDATE mae_productos SET pro_precio_fiscal=pro_precio_venta WHERE pro_codigo_plu=78017028','',2,'2013-10-16'),(78789,'UPDATE mae_productos SET pro_precio_fiscal=pro_precio_venta WHERE pro_codigo_plu=78017153','',2,'2013-10-16'),(78790,'UPDATE mae_productos SET pro_precio_fiscal=pro_precio_venta WHERE pro_codigo_plu=762542','',2,'2013-10-16'),(78791,'UPDATE mae_productos SET pro_precio_fiscal=pro_precio_venta WHERE pro_codigo_plu=780721991','',2,'2013-10-16'),(78792,'UPDATE mae_productos SET pro_precio_fiscal=pro_precio_venta WHERE pro_codigo_plu=764438','',2,'2013-10-16'),(78793,'UPDATE mae_productos SET pro_precio_fiscal=pro_precio_venta WHERE pro_codigo_plu=764437','',2,'2013-10-16'),(78794,'UPDATE mae_productos SET pro_precio_fiscal=pro_precio_venta WHERE pro_codigo_plu=780722004','',2,'2013-10-16'),(78795,'UPDATE mae_productos SET pro_precio_fiscal=pro_precio_venta WHERE pro_codigo_plu=780722003','',2,'2013-10-16'),(78796,'UPDATE mae_productos SET pro_precio_fiscal=pro_precio_venta WHERE pro_codigo_plu=764474','',2,'2013-10-16'),(78797,'UPDATE mae_productos SET pro_precio_fiscal=pro_precio_venta WHERE pro_codigo_plu=780722006','',2,'2013-10-16'),(78798,'UPDATE mae_productos SET pro_precio_fiscal=pro_precio_venta WHERE pro_codigo_plu=780722008','',2,'2013-10-16'),(78799,'UPDATE mae_productos SET pro_precio_fiscal=pro_precio_venta WHERE pro_codigo_plu=780722009','',2,'2013-10-16'),(78800,'UPDATE mae_productos SET pro_precio_fiscal=pro_precio_venta WHERE pro_codigo_plu=780722000','',2,'2013-10-16'),(78801,'UPDATE mae_productos SET pro_precio_fiscal=pro_precio_venta WHERE pro_codigo_plu=780722001','',2,'2013-10-16'),(78802,'UPDATE mae_productos SET pro_precio_fiscal=pro_precio_venta WHERE pro_codigo_plu=780722002','',2,'2013-10-16'),(78803,'UPDATE mae_productos SET pro_precio_fiscal=pro_precio_venta WHERE pro_codigo_plu=780722005','',2,'2013-10-16'),(78804,'UPDATE mae_productos SET pro_precio_fiscal=pro_precio_venta WHERE pro_codigo_plu=780721994','',2,'2013-10-16'),(78805,'UPDATE mae_productos SET pro_precio_fiscal=pro_precio_venta WHERE pro_codigo_plu=780721995','',2,'2013-10-16'),(78806,'UPDATE mae_productos SET pro_precio_fiscal=pro_precio_venta WHERE pro_codigo_plu=808181','',2,'2013-10-16'),(78807,'UPDATE mae_productos SET pro_precio_fiscal=pro_precio_venta WHERE pro_codigo_plu=780721999','',2,'2013-10-16'),(78808,'UPDATE mae_productos SET pro_precio_fiscal=pro_precio_venta WHERE pro_codigo_plu=780721997','',2,'2013-10-16'),(78809,'UPDATE mae_productos SET pro_precio_fiscal=pro_precio_venta WHERE pro_codigo_plu=780721996','',2,'2013-10-16'),(78810,'UPDATE mae_productos SET pro_precio_fiscal=pro_precio_venta WHERE pro_codigo_plu=780721998','',2,'2013-10-16'),(78811,'INSERT INTO gne_vale_ferreteria (vfe_id,vfe_fecha,vfe_total,vfe_estado,vfe_entregado,usu_nusuario) VALUES (14026,@@@2013.10.16@@@,2639,1,0,@@@G_DIAZ@@@)','',2,'2013-10-16'),(78812,'INSERT INTO gne_vale_ferreteria_mov (vfe_id,pro_codigo_plu,vfm_cantidad,vfm_unitario,vfm_total,vfm_entregado) VALUES (14026,780220125,1,1990,1990,@@@NO@@@)','',2,'2013-10-16'),(78813,'INSERT INTO gne_vale_ferreteria_mov (vfe_id,pro_codigo_plu,vfm_cantidad,vfm_unitario,vfm_total,vfm_entregado) VALUES (14026,780721670,1,499,499,@@@NO@@@)','',2,'2013-10-16'),(78814,'INSERT INTO gne_vale_ferreteria_mov (vfe_id,pro_codigo_plu,vfm_cantidad,vfm_unitario,vfm_total,vfm_entregado) VALUES (14026,770035,1,150,150,@@@NO@@@)','',2,'2013-10-16'),(78815,'INSERT INTO gne_vale_ferreteria (vfe_id,vfe_fecha,vfe_total,vfe_estado,vfe_entregado,usu_nusuario) VALUES (14027,@@@2013.10.16@@@,120,1,0,@@@G_DIAZ@@@)','',2,'2013-10-16'),(78816,'INSERT INTO gne_vale_ferreteria_mov (vfe_id,pro_codigo_plu,vfm_cantidad,vfm_unitario,vfm_total,vfm_entregado) VALUES (14027,78017059,1,120,120,@@@NO@@@)','',2,'2013-10-16'),(78817,'INSERT INTO gne_vale_ferreteria (vfe_id,vfe_fecha,vfe_total,vfe_estado,vfe_entregado,usu_nusuario) VALUES (14028,@@@2013.10.16@@@,1190,1,0,@@@G_DIAZ@@@)','',2,'2013-10-16'),(78818,'INSERT INTO gne_vale_ferreteria_mov (vfe_id,pro_codigo_plu,vfm_cantidad,vfm_unitario,vfm_total,vfm_entregado) VALUES (14028,764468,1,1190,1190,@@@NO@@@)','',2,'2013-10-16'),(78819,'INSERT INTO gne_vale_ferreteria (vfe_id,vfe_fecha,vfe_total,vfe_estado,vfe_entregado,usu_nusuario) VALUES (14029,@@@2013.10.16@@@,2990,1,0,@@@G_DIAZ@@@)','',2,'2013-10-16'),(78820,'INSERT INTO gne_vale_ferreteria_mov (vfe_id,pro_codigo_plu,vfm_cantidad,vfm_unitario,vfm_total,vfm_entregado) VALUES (14029,765066,1,2990,2990,@@@NO@@@)','',2,'2013-10-16'),(78821,'INSERT INTO gne_vale_ferreteria (vfe_id,vfe_fecha,vfe_total,vfe_estado,vfe_entregado,usu_nusuario) VALUES (14030,@@@2013.10.16@@@,2590,1,0,@@@G_DIAZ@@@)','',2,'2013-10-16'),(78822,'INSERT INTO gne_vale_ferreteria_mov (vfe_id,pro_codigo_plu,vfm_cantidad,vfm_unitario,vfm_total,vfm_entregado) VALUES (14030,761995,1,2590,2590,@@@NO@@@)','',2,'2013-10-16'),(78823,'INSERT INTO gne_vale_ferreteria (vfe_id,vfe_fecha,vfe_total,vfe_estado,vfe_entregado,usu_nusuario) VALUES (14031,@@@2013.10.16@@@,480,1,0,@@@G_DIAZ@@@)','',2,'2013-10-16'),(78824,'INSERT INTO gne_vale_ferreteria_mov (vfe_id,pro_codigo_plu,vfm_cantidad,vfm_unitario,vfm_total,vfm_entregado) VALUES (14031,78017002,4,120,480,@@@NO@@@)','',2,'2013-10-16'),(78825,'INSERT INTO gne_vale_ferreteria (vfe_id,vfe_fecha,vfe_total,vfe_estado,vfe_entregado,usu_nusuario) VALUES (14032,@@@2013.10.16@@@,1990,1,0,@@@G_DIAZ@@@)','',2,'2013-10-16'),(78826,'INSERT INTO gne_vale_ferreteria_mov (vfe_id,pro_codigo_plu,vfm_cantidad,vfm_unitario,vfm_total,vfm_entregado) VALUES (14032,780721919,1,1990,1990,@@@NO@@@)','',2,'2013-10-16'),(78827,'INSERT INTO gne_vale_ferreteria (vfe_id,vfe_fecha,vfe_total,vfe_estado,vfe_entregado,usu_nusuario) VALUES (14033,@@@2013.10.16@@@,90,1,0,@@@G_DIAZ@@@)','',2,'2013-10-16'),(78828,'INSERT INTO gne_vale_ferreteria_mov (vfe_id,pro_codigo_plu,vfm_cantidad,vfm_unitario,vfm_total,vfm_entregado) VALUES (14033,78017147,1,90,90,@@@NO@@@)','',2,'2013-10-16'),(78829,'UPDATE mae_productos SET pro_precio_compra_bruto=8538.58,pro_margen_actual=(pro_precio_venta-8538.58)/8538.58 * 100,pro_ultima_compra=@@@2013.10.16@@@,pro_ultimo_proveedor=@@@86379600-8@@@ WHERE pro_codigo_plu=764416','',2,'2013-10-16'),(78830,'UPDATE mae_productos SET pro_precio_compra_bruto=1454.1,pro_margen_actual=(pro_precio_venta-1454.1)/1454.1 * 100,pro_ultima_compra=@@@2013.10.16@@@,pro_ultimo_proveedor=@@@86379600-8@@@ WHERE pro_codigo_plu=764408','',2,'2013-10-16'),(78831,'UPDATE mae_productos SET pro_precio_compra_bruto=8144.27,pro_margen_actual=(pro_precio_venta-8144.27)/8144.27 * 100,pro_ultima_compra=@@@2013.10.16@@@,pro_ultimo_proveedor=@@@86379600-8@@@ WHERE pro_codigo_plu=764417','',2,'2013-10-16'),(78832,'UPDATE mae_productos SET pro_precio_compra_bruto=5359.9,pro_margen_actual=(pro_precio_venta-5359.9)/5359.9 * 100,pro_ultima_compra=@@@2013.10.16@@@,pro_ultimo_proveedor=@@@86379600-8@@@ WHERE pro_codigo_plu=10000','',2,'2013-10-16'),(78833,'INSERT INTO gne_vale_ferreteria (vfe_id,vfe_fecha,vfe_total,vfe_estado,vfe_entregado,usu_nusuario) VALUES (14034,@@@2013.10.16@@@,660,1,0,@@@G_DIAZ@@@)','',2,'2013-10-16'),(78834,'INSERT INTO gne_vale_ferreteria_mov (vfe_id,pro_codigo_plu,vfm_cantidad,vfm_unitario,vfm_total,vfm_entregado) VALUES (14034,19918,2,330,660,@@@NO@@@)','',2,'2013-10-16'),(78835,'INSERT INTO gne_vale_ferreteria (vfe_id,vfe_fecha,vfe_total,vfe_estado,vfe_entregado,usu_nusuario) VALUES (14035,@@@2013.10.16@@@,200,1,0,@@@G_DIAZ@@@)','',2,'2013-10-16'),(78836,'INSERT INTO gne_vale_ferreteria_mov (vfe_id,pro_codigo_plu,vfm_cantidad,vfm_unitario,vfm_total,vfm_entregado) VALUES (14035,20148,2,100,200,@@@NO@@@)','',2,'2013-10-16'),(78837,'UPDATE mae_productos SET pro_precio_venta=620,pro_margen_actual= 31.9 WHERE pro_codigo_plu=16426','',2,'2013-10-16'),(78838,'UPDATE mae_productos SET pro_precio_venta=460,pro_margen_actual= 36.59 WHERE pro_codigo_plu=780721634','',2,'2013-10-16'),(78839,'UPDATE mae_productos SET pro_precio_venta=480,pro_margen_actual= 35.36 WHERE pro_codigo_plu=16118','',2,'2013-10-16'),(78840,'UPDATE mae_productos SET pro_precio_venta=1290,pro_margen_actual= 31.4 WHERE pro_codigo_plu=16255','',2,'2013-10-16'),(78841,'UPDATE mae_productos SET pro_precio_venta=250,pro_margen_actual= 37.84 WHERE pro_codigo_plu=780722012','',2,'2013-10-16'),(78842,'UPDATE mae_productos SET pro_precio_venta=250,pro_margen_actual= 37.84 WHERE pro_codigo_plu=780722013','',2,'2013-10-16'),(78843,'UPDATE mae_productos SET pro_precio_venta=2130,pro_margen_actual= 30.37 WHERE pro_codigo_plu=10408','',2,'2013-10-16'),(78844,'UPDATE mae_productos SET pro_precio_venta=300,pro_margen_actual= 35.88 WHERE pro_codigo_plu=780722011','',2,'2013-10-16'),(78845,'UPDATE mae_productos SET pro_precio_venta=599,pro_margen_actual= 31.83 WHERE pro_codigo_plu=780722010','',2,'2013-10-16'),(78846,'INSERT INTO gne_vale_ferreteria (vfe_id,vfe_fecha,vfe_total,vfe_estado,vfe_entregado,usu_nusuario) VALUES (14036,@@@2013.10.16@@@,1490,1,0,@@@G_DIAZ@@@)','',2,'2013-10-16'),(78847,'INSERT INTO gne_vale_ferreteria_mov (vfe_id,pro_codigo_plu,vfm_cantidad,vfm_unitario,vfm_total,vfm_entregado) VALUES (14036,10426,1,1490,1490,@@@NO@@@)','',2,'2013-10-16'),(78848,'UPDATE mae_productos SET pro_precio_fiscal=pro_precio_venta WHERE pro_codigo_plu=16426','',2,'2013-10-16'),(78849,'UPDATE mae_productos SET pro_precio_fiscal=pro_precio_venta WHERE pro_codigo_plu=780721634','',2,'2013-10-16'),(78850,'UPDATE mae_productos SET pro_precio_fiscal=pro_precio_venta WHERE pro_codigo_plu=16118','',2,'2013-10-16'),(78851,'UPDATE mae_productos SET pro_precio_fiscal=pro_precio_venta WHERE pro_codigo_plu=16255','',2,'2013-10-16'),(78852,'UPDATE mae_productos SET pro_precio_fiscal=pro_precio_venta WHERE pro_codigo_plu=780722012','',2,'2013-10-16'),(78853,'UPDATE mae_productos SET pro_precio_fiscal=pro_precio_venta WHERE pro_codigo_plu=780722013','',2,'2013-10-16'),(78854,'UPDATE mae_productos SET pro_precio_fiscal=pro_precio_venta WHERE pro_codigo_plu=10408','',2,'2013-10-16'),(78855,'UPDATE mae_productos SET pro_precio_fiscal=pro_precio_venta WHERE pro_codigo_plu=780722011','',2,'2013-10-16'),(78856,'UPDATE mae_productos SET pro_precio_fiscal=pro_precio_venta WHERE pro_codigo_plu=780722010','',2,'2013-10-16'),(78857,'UPDATE mae_productos SET pro_margen_actual=50.42,pro_precio_venta=1790 WHERE pro_codigo_plu=780722007','',2,'2013-10-16'),(78858,'UPDATE mae_productos SET pro_margen_actual=93.55,pro_precio_venta=120 WHERE pro_codigo_plu=78017008','',2,'2013-10-16'),(78859,'UPDATE mae_productos SET pro_margen_actual=30.39,pro_precio_venta=1360 WHERE pro_codigo_plu=10253','',2,'2013-10-16'),(78860,'UPDATE mae_productos SET pro_precio_fiscal=pro_precio_venta WHERE pro_codigo_plu=780722007','',2,'2013-10-16'),(78861,'INSERT INTO gne_vale_ferreteria (vfe_id,vfe_fecha,vfe_total,vfe_estado,vfe_entregado,usu_nusuario) VALUES (14037,@@@2013.10.16@@@,840,1,0,@@@G_DIAZ@@@)','',2,'2013-10-16'),(78862,'INSERT INTO gne_vale_ferreteria_mov (vfe_id,pro_codigo_plu,vfm_cantidad,vfm_unitario,vfm_total,vfm_entregado) VALUES (14037,780721808,1,450,450,@@@NO@@@)','',2,'2013-10-16'),(78863,'INSERT INTO gne_vale_ferreteria_mov (vfe_id,pro_codigo_plu,vfm_cantidad,vfm_unitario,vfm_total,vfm_entregado) VALUES (14037,780220121,1,390,390,@@@NO@@@)','',2,'2013-10-16'),(78864,'INSERT INTO gne_vale_ferreteria (vfe_id,vfe_fecha,vfe_total,vfe_estado,vfe_entregado,usu_nusuario) VALUES (14038,@@@2013.10.16@@@,330,1,0,@@@G_DIAZ@@@)','',2,'2013-10-16'),(78865,'INSERT INTO gne_vale_ferreteria_mov (vfe_id,pro_codigo_plu,vfm_cantidad,vfm_unitario,vfm_total,vfm_entregado) VALUES (14038,763585,1,330,330,@@@NO@@@)','',2,'2013-10-16'),(78866,'INSERT INTO gne_vale_ferreteria (vfe_id,vfe_fecha,vfe_total,vfe_estado,vfe_entregado,usu_nusuario) VALUES (14039,@@@2013.10.16@@@,300,1,0,@@@G_DIAZ@@@)','',2,'2013-10-16'),(78867,'INSERT INTO gne_vale_ferreteria_mov (vfe_id,pro_codigo_plu,vfm_cantidad,vfm_unitario,vfm_total,vfm_entregado) VALUES (14039,7051,3,100,300,@@@NO@@@)','',2,'2013-10-16'),(78868,'INSERT INTO gne_vale_ferreteria (vfe_id,vfe_fecha,vfe_total,vfe_estado,vfe_entregado,usu_nusuario) VALUES (14040,@@@2013.10.16@@@,60,1,0,@@@G_DIAZ@@@)','',2,'2013-10-16'),(78869,'INSERT INTO gne_vale_ferreteria_mov (vfe_id,pro_codigo_plu,vfm_cantidad,vfm_unitario,vfm_total,vfm_entregado) VALUES (14040,1541,2,30,60,@@@NO@@@)','',2,'2013-10-16'),(78870,'INSERT INTO gne_vale_ferreteria (vfe_id,vfe_fecha,vfe_total,vfe_estado,vfe_entregado,usu_nusuario) VALUES (14041,@@@2013.10.16@@@,490,1,0,@@@G_DIAZ@@@)','',2,'2013-10-16'),(78871,'INSERT INTO gne_vale_ferreteria_mov (vfe_id,pro_codigo_plu,vfm_cantidad,vfm_unitario,vfm_total,vfm_entregado) VALUES (14041,764506,1,490,490,@@@NO@@@)','',2,'2013-10-16'),(78872,'INSERT INTO gne_vale_ferreteria (vfe_id,vfe_fecha,vfe_total,vfe_estado,vfe_entregado,usu_nusuario) VALUES (14042,@@@2013.10.16@@@,3190,1,0,@@@G_DIAZ@@@)','',2,'2013-10-16'),(78873,'INSERT INTO gne_vale_ferreteria_mov (vfe_id,pro_codigo_plu,vfm_cantidad,vfm_unitario,vfm_total,vfm_entregado) VALUES (14042,763683,1,3190,3190,@@@NO@@@)','',2,'2013-10-16'),(78874,'INSERT INTO gne_vale_ferreteria (vfe_id,vfe_fecha,vfe_total,vfe_estado,vfe_entregado,usu_nusuario) VALUES (14043,@@@2013.10.16@@@,790,1,0,@@@G_DIAZ@@@)','',2,'2013-10-16'),(78875,'INSERT INTO gne_vale_ferreteria_mov (vfe_id,pro_codigo_plu,vfm_cantidad,vfm_unitario,vfm_total,vfm_entregado) VALUES (14043,763804,1,790,790,@@@NO@@@)','',2,'2013-10-16'),(78876,'INSERT INTO gne_vale_ferreteria (vfe_id,vfe_fecha,vfe_total,vfe_estado,vfe_entregado,usu_nusuario) VALUES (14044,@@@2013.10.16@@@,690,1,0,@@@G_DIAZ@@@)','',2,'2013-10-16'),(78877,'INSERT INTO gne_vale_ferreteria_mov (vfe_id,pro_codigo_plu,vfm_cantidad,vfm_unitario,vfm_total,vfm_entregado) VALUES (14044,78017055,1,690,690,@@@NO@@@)','',2,'2013-10-16'),(78878,'INSERT INTO gne_vale_ferreteria (vfe_id,vfe_fecha,vfe_total,vfe_estado,vfe_entregado,usu_nusuario) VALUES (14045,@@@2013.10.16@@@,1500,1,0,@@@G_DIAZ@@@)','',2,'2013-10-16'),(78879,'INSERT INTO gne_vale_ferreteria_mov (vfe_id,pro_codigo_plu,vfm_cantidad,vfm_unitario,vfm_total,vfm_entregado) VALUES (14045,763479,1,1350,1350,@@@NO@@@)','',2,'2013-10-16'),(78880,'INSERT INTO gne_vale_ferreteria_mov (vfe_id,pro_codigo_plu,vfm_cantidad,vfm_unitario,vfm_total,vfm_entregado) VALUES (14045,4088,1,150,150,@@@NO@@@)','',2,'2013-10-16'),(78881,'INSERT INTO gne_vale_ferreteria (vfe_id,vfe_fecha,vfe_total,vfe_estado,vfe_entregado,usu_nusuario) VALUES (14046,@@@2013.10.16@@@,310,1,0,@@@G_DIAZ@@@)','',2,'2013-10-16'),(78882,'INSERT INTO gne_vale_ferreteria_mov (vfe_id,pro_codigo_plu,vfm_cantidad,vfm_unitario,vfm_total,vfm_entregado) VALUES (14046,8022,2,120,240,@@@NO@@@)','',2,'2013-10-16'),(78883,'INSERT INTO gne_vale_ferreteria_mov (vfe_id,pro_codigo_plu,vfm_cantidad,vfm_unitario,vfm_total,vfm_entregado) VALUES (14046,78017027,1,70,70,@@@NO@@@)','',2,'2013-10-16'),(78884,'INSERT INTO gne_vale_ferreteria (vfe_id,vfe_fecha,vfe_total,vfe_estado,vfe_entregado,usu_nusuario) VALUES (14047,@@@2013.10.16@@@,1049,1,0,@@@G_DIAZ@@@)','',2,'2013-10-16'),(78885,'INSERT INTO gne_vale_ferreteria_mov (vfe_id,pro_codigo_plu,vfm_cantidad,vfm_unitario,vfm_total,vfm_entregado) VALUES (14047,20059,1,650,650,@@@NO@@@)','',2,'2013-10-16'),(78886,'INSERT INTO gne_vale_ferreteria_mov (vfe_id,pro_codigo_plu,vfm_cantidad,vfm_unitario,vfm_total,vfm_entregado) VALUES (14047,780721327,1,399,399,@@@NO@@@)','',2,'2013-10-16'),(78887,'INSERT INTO gne_vale_ferreteria (vfe_id,vfe_fecha,vfe_total,vfe_estado,vfe_entregado,usu_nusuario) VALUES (14048,@@@2013.10.16@@@,1290,1,0,@@@G_DIAZ@@@)','',2,'2013-10-16'),(78888,'INSERT INTO gne_vale_ferreteria_mov (vfe_id,pro_codigo_plu,vfm_cantidad,vfm_unitario,vfm_total,vfm_entregado) VALUES (14048,764439,1,1290,1290,@@@NO@@@)','',2,'2013-10-16'),(78889,'INSERT INTO gne_vale_ferreteria (vfe_id,vfe_fecha,vfe_total,vfe_estado,vfe_entregado,usu_nusuario) VALUES (14049,@@@2013.10.16@@@,900,1,0,@@@G_DIAZ@@@)','',2,'2013-10-16'),(78890,'INSERT INTO gne_vale_ferreteria_mov (vfe_id,pro_codigo_plu,vfm_cantidad,vfm_unitario,vfm_total,vfm_entregado) VALUES (14049,763884,1,900,900,@@@NO@@@)','',2,'2013-10-16'),(78891,'INSERT INTO gne_vale_ferreteria (vfe_id,vfe_fecha,vfe_total,vfe_estado,vfe_entregado,usu_nusuario) VALUES (14050,@@@2013.10.16@@@,800,1,0,@@@G_DIAZ@@@)','',2,'2013-10-16'),(78892,'INSERT INTO gne_vale_ferreteria_mov (vfe_id,pro_codigo_plu,vfm_cantidad,vfm_unitario,vfm_total,vfm_entregado) VALUES (14050,12819,4,200,800,@@@NO@@@)','',2,'2013-10-16'),(78893,'INSERT INTO gne_vale_ferreteria (vfe_id,vfe_fecha,vfe_total,vfe_estado,vfe_entregado,usu_nusuario) VALUES (14051,@@@2013.10.16@@@,260,1,0,@@@G_DIAZ@@@)','',2,'2013-10-16'),(78894,'INSERT INTO gne_vale_ferreteria_mov (vfe_id,pro_codigo_plu,vfm_cantidad,vfm_unitario,vfm_total,vfm_entregado) VALUES (14051,12083,1,260,260,@@@NO@@@)','',2,'2013-10-16'),(78895,'INSERT INTO gne_vale_ferreteria (vfe_id,vfe_fecha,vfe_total,vfe_estado,vfe_entregado,usu_nusuario) VALUES (14052,@@@2013.10.16@@@,2740,1,0,@@@G_DIAZ@@@)','',2,'2013-10-16'),(78896,'INSERT INTO gne_vale_ferreteria_mov (vfe_id,pro_codigo_plu,vfm_cantidad,vfm_unitario,vfm_total,vfm_entregado) VALUES (14052,780721714,1,850,850,@@@NO@@@)','',2,'2013-10-16'),(78897,'INSERT INTO gne_vale_ferreteria_mov (vfe_id,pro_codigo_plu,vfm_cantidad,vfm_unitario,vfm_total,vfm_entregado) VALUES (14052,101620,1,1890,1890,@@@NO@@@)','',2,'2013-10-16'),(78898,'INSERT INTO gne_vale_ferreteria (vfe_id,vfe_fecha,vfe_total,vfe_estado,vfe_entregado,usu_nusuario) VALUES (14053,@@@2013.10.16@@@,330,1,0,@@@G_DIAZ@@@)','',2,'2013-10-16'),(78899,'INSERT INTO gne_vale_ferreteria_mov (vfe_id,pro_codigo_plu,vfm_cantidad,vfm_unitario,vfm_total,vfm_entregado) VALUES (14053,19918,1,330,330,@@@NO@@@)','',2,'2013-10-16'),(78900,'INSERT INTO gne_vale_ferreteria (vfe_id,vfe_fecha,vfe_total,vfe_estado,vfe_entregado,usu_nusuario) VALUES (14054,@@@2013.10.16@@@,130,1,0,@@@G_DIAZ@@@)','',2,'2013-10-16'),(78901,'INSERT INTO gne_vale_ferreteria_mov (vfe_id,pro_codigo_plu,vfm_cantidad,vfm_unitario,vfm_total,vfm_entregado) VALUES (14054,764128,1,130,130,@@@NO@@@)','',2,'2013-10-16'),(78902,'INSERT INTO gne_vale_ferreteria (vfe_id,vfe_fecha,vfe_total,vfe_estado,vfe_entregado,usu_nusuario) VALUES (14055,@@@2013.10.16@@@,300,1,0,@@@G_DIAZ@@@)','',2,'2013-10-16'),(78903,'INSERT INTO gne_vale_ferreteria_mov (vfe_id,pro_codigo_plu,vfm_cantidad,vfm_unitario,vfm_total,vfm_entregado) VALUES (14055,764276,1,300,300,@@@NO@@@)','',2,'2013-10-16'),(78904,'INSERT INTO gne_vale_ferreteria (vfe_id,vfe_fecha,vfe_total,vfe_estado,vfe_entregado,usu_nusuario) VALUES (14056,@@@2013.10.16@@@,450,1,0,@@@G_DIAZ@@@)','',2,'2013-10-16'),(78905,'INSERT INTO gne_vale_ferreteria_mov (vfe_id,pro_codigo_plu,vfm_cantidad,vfm_unitario,vfm_total,vfm_entregado) VALUES (14056,4079,15,30,450,@@@NO@@@)','',2,'2013-10-16'),(78906,'INSERT INTO gne_vale_ferreteria (vfe_id,vfe_fecha,vfe_total,vfe_estado,vfe_entregado,usu_nusuario) VALUES (14057,@@@2013.10.16@@@,750,1,0,@@@G_DIAZ@@@)','',2,'2013-10-16'),(78907,'INSERT INTO gne_vale_ferreteria_mov (vfe_id,pro_codigo_plu,vfm_cantidad,vfm_unitario,vfm_total,vfm_entregado) VALUES (14057,780220139,3,250,750,@@@NO@@@)','',2,'2013-10-16'),(78908,'INSERT INTO gne_vale_ferreteria (vfe_id,vfe_fecha,vfe_total,vfe_estado,vfe_entregado,usu_nusuario) VALUES (14058,@@@2013.10.16@@@,100,1,0,@@@G_DIAZ@@@)','',2,'2013-10-16'),(78909,'INSERT INTO gne_vale_ferreteria_mov (vfe_id,pro_codigo_plu,vfm_cantidad,vfm_unitario,vfm_total,vfm_entregado) VALUES (14058,770000,2,50,100,@@@NO@@@)','',2,'2013-10-16'),(78910,'INSERT INTO gne_vale_ferreteria (vfe_id,vfe_fecha,vfe_total,vfe_estado,vfe_entregado,usu_nusuario) VALUES (14059,@@@2013.10.16@@@,370,1,0,@@@G_DIAZ@@@)','',2,'2013-10-16'),(78911,'INSERT INTO gne_vale_ferreteria_mov (vfe_id,pro_codigo_plu,vfm_cantidad,vfm_unitario,vfm_total,vfm_entregado) VALUES (14059,102408,1,370,370,@@@NO@@@)','',2,'2013-10-16'),(78912,'INSERT INTO gne_vale_ferreteria (vfe_id,vfe_fecha,vfe_total,vfe_estado,vfe_entregado,usu_nusuario) VALUES (14060,@@@2013.10.16@@@,690,1,0,@@@G_DIAZ@@@)','',2,'2013-10-16'),(78913,'INSERT INTO gne_vale_ferreteria_mov (vfe_id,pro_codigo_plu,vfm_cantidad,vfm_unitario,vfm_total,vfm_entregado) VALUES (14060,763767,1,690,690,@@@NO@@@)','',2,'2013-10-16'),(78914,'INSERT INTO gne_vale_ferreteria (vfe_id,vfe_fecha,vfe_total,vfe_estado,vfe_entregado,usu_nusuario) VALUES (14061,@@@2013.10.16@@@,30,1,0,@@@G_DIAZ@@@)','',2,'2013-10-16'),(78915,'INSERT INTO gne_vale_ferreteria_mov (vfe_id,pro_codigo_plu,vfm_cantidad,vfm_unitario,vfm_total,vfm_entregado) VALUES (14061,1541,1,30,30,@@@NO@@@)','',2,'2013-10-16'),(78916,'INSERT INTO gne_vale_ferreteria (vfe_id,vfe_fecha,vfe_total,vfe_estado,vfe_entregado,usu_nusuario) VALUES (14062,@@@2013.10.16@@@,80,1,0,@@@G_DIAZ@@@)','',2,'2013-10-16'),(78917,'INSERT INTO gne_vale_ferreteria_mov (vfe_id,pro_codigo_plu,vfm_cantidad,vfm_unitario,vfm_total,vfm_entregado) VALUES (14062,4080,2,40,80,@@@NO@@@)','',2,'2013-10-16'),(78918,'INSERT INTO gne_vale_ferreteria (vfe_id,vfe_fecha,vfe_total,vfe_estado,vfe_entregado,usu_nusuario) VALUES (14063,@@@2013.10.16@@@,60,1,0,@@@G_DIAZ@@@)','',2,'2013-10-16'),(78919,'INSERT INTO gne_vale_ferreteria_mov (vfe_id,pro_codigo_plu,vfm_cantidad,vfm_unitario,vfm_total,vfm_entregado) VALUES (14063,764780,1,60,60,@@@NO@@@)','',2,'2013-10-16'),(78920,'INSERT INTO gne_vale_ferreteria (vfe_id,vfe_fecha,vfe_total,vfe_estado,vfe_entregado,usu_nusuario) VALUES (14064,@@@2013.10.16@@@,750,1,0,@@@G_DIAZ@@@)','',2,'2013-10-16'),(78921,'INSERT INTO gne_vale_ferreteria_mov (vfe_id,pro_codigo_plu,vfm_cantidad,vfm_unitario,vfm_total,vfm_entregado) VALUES (14064,10159,1,750,750,@@@NO@@@)','',2,'2013-10-16'),(78922,'INSERT INTO gne_vale_ferreteria (vfe_id,vfe_fecha,vfe_total,vfe_estado,vfe_entregado,usu_nusuario) VALUES (14065,@@@2013.10.16@@@,3550,1,0,@@@G_DIAZ@@@)','',2,'2013-10-16'),(78923,'INSERT INTO gne_vale_ferreteria_mov (vfe_id,pro_codigo_plu,vfm_cantidad,vfm_unitario,vfm_total,vfm_entregado) VALUES (14065,761995,1,2590,2590,@@@NO@@@)','',2,'2013-10-16'),(78924,'INSERT INTO gne_vale_ferreteria_mov (vfe_id,pro_codigo_plu,vfm_cantidad,vfm_unitario,vfm_total,vfm_entregado) VALUES (14065,764264,1,960,960,@@@NO@@@)','',2,'2013-10-16'),(78925,'INSERT INTO gne_vale_ferreteria (vfe_id,vfe_fecha,vfe_total,vfe_estado,vfe_entregado,usu_nusuario) VALUES (14066,@@@2013.10.16@@@,30,1,0,@@@G_DIAZ@@@)','',2,'2013-10-16'),(78926,'INSERT INTO gne_vale_ferreteria_mov (vfe_id,pro_codigo_plu,vfm_cantidad,vfm_unitario,vfm_total,vfm_entregado) VALUES (14066,764772,1,30,30,@@@NO@@@)','',2,'2013-10-16'),(78927,'INSERT INTO gne_vale_ferreteria (vfe_id,vfe_fecha,vfe_total,vfe_estado,vfe_entregado,usu_nusuario) VALUES (14067,@@@2013.10.16@@@,1500,1,0,@@@G_DIAZ@@@)','',2,'2013-10-16'),(78928,'INSERT INTO gne_vale_ferreteria_mov (vfe_id,pro_codigo_plu,vfm_cantidad,vfm_unitario,vfm_total,vfm_entregado) VALUES (14067,763740,1,1350,1350,@@@NO@@@)','',2,'2013-10-16'),(78929,'INSERT INTO gne_vale_ferreteria_mov (vfe_id,pro_codigo_plu,vfm_cantidad,vfm_unitario,vfm_total,vfm_entregado) VALUES (14067,770035,1,150,150,@@@NO@@@)','',2,'2013-10-16'),(78930,'INSERT INTO gne_vale_ferreteria (vfe_id,vfe_fecha,vfe_total,vfe_estado,vfe_entregado,usu_nusuario) VALUES (14068,@@@2013.10.16@@@,950,1,0,@@@G_DIAZ@@@)','',2,'2013-10-16'),(78931,'INSERT INTO gne_vale_ferreteria_mov (vfe_id,pro_codigo_plu,vfm_cantidad,vfm_unitario,vfm_total,vfm_entregado) VALUES (14068,1069,1,200,200,@@@NO@@@)','',2,'2013-10-16'),(78932,'INSERT INTO gne_vale_ferreteria_mov (vfe_id,pro_codigo_plu,vfm_cantidad,vfm_unitario,vfm_total,vfm_entregado) VALUES (14068,763807,1,750,750,@@@NO@@@)','',2,'2013-10-16'),(78933,'INSERT INTO gne_vale_ferreteria (vfe_id,vfe_fecha,vfe_total,vfe_estado,vfe_entregado,usu_nusuario) VALUES (14069,@@@2013.10.16@@@,240,1,0,@@@G_DIAZ@@@)','',2,'2013-10-16'),(78934,'INSERT INTO gne_vale_ferreteria_mov (vfe_id,pro_codigo_plu,vfm_cantidad,vfm_unitario,vfm_total,vfm_entregado) VALUES (14069,764159,2,120,240,@@@NO@@@)','',2,'2013-10-16'),(78935,'INSERT INTO gne_vale_ferreteria (vfe_id,vfe_fecha,vfe_total,vfe_estado,vfe_entregado,usu_nusuario) VALUES (14070,@@@2013.10.16@@@,2110,1,0,@@@G_DIAZ@@@)','',2,'2013-10-16'),(78936,'INSERT INTO gne_vale_ferreteria_mov (vfe_id,pro_codigo_plu,vfm_cantidad,vfm_unitario,vfm_total,vfm_entregado) VALUES (14070,8022,2,120,240,@@@NO@@@)','',2,'2013-10-16'),(78937,'INSERT INTO gne_vale_ferreteria_mov (vfe_id,pro_codigo_plu,vfm_cantidad,vfm_unitario,vfm_total,vfm_entregado) VALUES (14070,763585,1,330,330,@@@NO@@@)','',2,'2013-10-16'),(78938,'INSERT INTO gne_vale_ferreteria_mov (vfe_id,pro_codigo_plu,vfm_cantidad,vfm_unitario,vfm_total,vfm_entregado) VALUES (14070,78017055,1,690,690,@@@NO@@@)','',2,'2013-10-16'),(78939,'INSERT INTO gne_vale_ferreteria_mov (vfe_id,pro_codigo_plu,vfm_cantidad,vfm_unitario,vfm_total,vfm_entregado) VALUES (14070,764159,3,120,360,@@@NO@@@)','',2,'2013-10-16'),(78940,'INSERT INTO gne_vale_ferreteria_mov (vfe_id,pro_codigo_plu,vfm_cantidad,vfm_unitario,vfm_total,vfm_entregado) VALUES (14070,780721305,1,490,490,@@@NO@@@)','',2,'2013-10-16'),(78941,'INSERT INTO gne_vale_ferreteria (vfe_id,vfe_fecha,vfe_total,vfe_estado,vfe_entregado,usu_nusuario) VALUES (14071,@@@2013.10.16@@@,300,1,0,@@@G_DIAZ@@@)','',2,'2013-10-16'),(78942,'INSERT INTO gne_vale_ferreteria_mov (vfe_id,pro_codigo_plu,vfm_cantidad,vfm_unitario,vfm_total,vfm_entregado) VALUES (14071,78017233,3,100,300,@@@NO@@@)','',2,'2013-10-16'),(78943,'INSERT INTO gne_vale_ferreteria (vfe_id,vfe_fecha,vfe_total,vfe_estado,vfe_entregado,usu_nusuario) VALUES (14072,@@@2013.10.16@@@,2230,1,0,@@@G_DIAZ@@@)','',2,'2013-10-16'),(78944,'INSERT INTO gne_vale_ferreteria_mov (vfe_id,pro_codigo_plu,vfm_cantidad,vfm_unitario,vfm_total,vfm_entregado) VALUES (14072,780721913,1,1990,1990,@@@NO@@@)','',2,'2013-10-16'),(78945,'INSERT INTO gne_vale_ferreteria_mov (vfe_id,pro_codigo_plu,vfm_cantidad,vfm_unitario,vfm_total,vfm_entregado) VALUES (14072,764766,2,120,240,@@@NO@@@)','',2,'2013-10-16'),(78946,'INSERT INTO gne_vale_ferreteria (vfe_id,vfe_fecha,vfe_total,vfe_estado,vfe_entregado,usu_nusuario) VALUES (14073,@@@2013.10.16@@@,200,1,0,@@@G_DIAZ@@@)','',2,'2013-10-16'),(78947,'INSERT INTO gne_vale_ferreteria_mov (vfe_id,pro_codigo_plu,vfm_cantidad,vfm_unitario,vfm_total,vfm_entregado) VALUES (14073,1556,1,200,200,@@@NO@@@)','',2,'2013-10-16'),(78948,'INSERT INTO gne_vale_ferreteria (vfe_id,vfe_fecha,vfe_total,vfe_estado,vfe_entregado,usu_nusuario) VALUES (14074,@@@2013.10.16@@@,270,1,0,@@@G_DIAZ@@@)','',2,'2013-10-16'),(78949,'INSERT INTO gne_vale_ferreteria_mov (vfe_id,pro_codigo_plu,vfm_cantidad,vfm_unitario,vfm_total,vfm_entregado) VALUES (14074,78017026,3,90,270,@@@NO@@@)','',2,'2013-10-16'),(78950,'INSERT INTO gne_vale_ferreteria (vfe_id,vfe_fecha,vfe_total,vfe_estado,vfe_entregado,usu_nusuario) VALUES (14075,@@@2013.10.17@@@,3080,1,0,@@@b_SAEZ@@@)','',2,'2013-10-17'),(78951,'INSERT INTO gne_vale_ferreteria_mov (vfe_id,pro_codigo_plu,vfm_cantidad,vfm_unitario,vfm_total,vfm_entregado) VALUES (14075,764787,1,1100,1100,@@@NO@@@)','',2,'2013-10-17'),(78952,'INSERT INTO gne_vale_ferreteria_mov (vfe_id,pro_codigo_plu,vfm_cantidad,vfm_unitario,vfm_total,vfm_entregado) VALUES (14075,764688,2,990,1980,@@@NO@@@)','',2,'2013-10-17'),(78953,'INSERT INTO gne_vale_ferreteria (vfe_id,vfe_fecha,vfe_total,vfe_estado,vfe_entregado,usu_nusuario) VALUES (14076,@@@2013.10.17@@@,150,1,0,@@@b_SAEZ@@@)','',2,'2013-10-17'),(78954,'INSERT INTO gne_vale_ferreteria_mov (vfe_id,pro_codigo_plu,vfm_cantidad,vfm_unitario,vfm_total,vfm_entregado) VALUES (14076,780220123,3,50,150,@@@NO@@@)','',2,'2013-10-17'),(78955,'INSERT INTO gne_vale_ferreteria (vfe_id,vfe_fecha,vfe_total,vfe_estado,vfe_entregado,usu_nusuario) VALUES (14077,@@@2013.10.17@@@,2590,1,0,@@@b_SAEZ@@@)','',2,'2013-10-17'),(78956,'INSERT INTO gne_vale_ferreteria_mov (vfe_id,pro_codigo_plu,vfm_cantidad,vfm_unitario,vfm_total,vfm_entregado) VALUES (14077,78017042,1,2590,2590,@@@NO@@@)','',2,'2013-10-17'),(78957,'INSERT INTO gne_vale_ferreteria (vfe_id,vfe_fecha,vfe_total,vfe_estado,vfe_entregado,usu_nusuario) VALUES (14078,@@@2013.10.17@@@,2550,1,0,@@@b_SAEZ@@@)','',2,'2013-10-17'),(78958,'INSERT INTO gne_vale_ferreteria_mov (vfe_id,pro_codigo_plu,vfm_cantidad,vfm_unitario,vfm_total,vfm_entregado) VALUES (14078,780721805,1,2390,2390,@@@NO@@@)','',2,'2013-10-17'),(78959,'INSERT INTO gne_vale_ferreteria_mov (vfe_id,pro_codigo_plu,vfm_cantidad,vfm_unitario,vfm_total,vfm_entregado) VALUES (14078,16430,1,160,160,@@@NO@@@)','',2,'2013-10-17'),(78960,'INSERT INTO gne_vale_ferreteria (vfe_id,vfe_fecha,vfe_total,vfe_estado,vfe_entregado,usu_nusuario) VALUES (14079,@@@2013.10.17@@@,1190,1,0,@@@b_SAEZ@@@)','',2,'2013-10-17'),(78961,'INSERT INTO gne_vale_ferreteria_mov (vfe_id,pro_codigo_plu,vfm_cantidad,vfm_unitario,vfm_total,vfm_entregado) VALUES (14079,765043,1,1190,1190,@@@NO@@@)','',2,'2013-10-17'),(78962,'INSERT INTO gne_vale_ferreteria (vfe_id,vfe_fecha,vfe_total,vfe_estado,vfe_entregado,usu_nusuario) VALUES (14080,@@@2013.10.17@@@,990,1,0,@@@b_SAEZ@@@)','',2,'2013-10-17'),(78963,'INSERT INTO gne_vale_ferreteria_mov (vfe_id,pro_codigo_plu,vfm_cantidad,vfm_unitario,vfm_total,vfm_entregado) VALUES (14080,764688,1,990,990,@@@NO@@@)','',2,'2013-10-17'),(78964,'INSERT INTO com_ventas_grupo (vgr_fecha,vgr_grupo,vgr_cantidad,vgr_total) VALUES (@@@2013.10.16@@@,1,132.96,93907)','',2,'2013-10-17'),(78965,'INSERT INTO com_ventas_grupo (vgr_fecha,vgr_grupo,vgr_cantidad,vgr_total) VALUES (@@@2013.10.16@@@,2,150.55,113106)','',2,'2013-10-17'),(78966,'INSERT INTO com_ventas_grupo (vgr_fecha,vgr_grupo,vgr_cantidad,vgr_total) VALUES (@@@2013.10.16@@@,3,308,68553)','',2,'2013-10-17'),(78967,'INSERT INTO com_ventas_grupo (vgr_fecha,vgr_grupo,vgr_cantidad,vgr_total) VALUES (@@@2013.10.16@@@,4,114,78819)','',2,'2013-10-17'),(78968,'INSERT INTO com_ventas_grupo (vgr_fecha,vgr_grupo,vgr_cantidad,vgr_total) VALUES (@@@2013.10.16@@@,5,1,1790)','',2,'2013-10-17'),(78969,'INSERT INTO com_ventas_grupo (vgr_fecha,vgr_grupo,vgr_cantidad,vgr_total) VALUES (@@@2013.10.16@@@,6,4,3895)','',2,'2013-10-17'),(78970,'INSERT INTO com_ventas_grupo (vgr_fecha,vgr_grupo,vgr_cantidad,vgr_total) VALUES (@@@2013.10.16@@@,7,31,47019)','',2,'2013-10-17'),(78971,'INSERT INTO com_ventas_grupo (vgr_fecha,vgr_grupo,vgr_cantidad,vgr_total) VALUES (@@@2013.10.16@@@,8,50,19140)','',2,'2013-10-17'),(78972,'INSERT INTO com_ventas_grupo (vgr_fecha,vgr_grupo,vgr_cantidad,vgr_total) VALUES (@@@2013.10.16@@@,9,67.17,106836)','',2,'2013-10-17'),(78973,'INSERT INTO com_ventas_grupo (vgr_fecha,vgr_grupo,vgr_cantidad,vgr_total) VALUES (@@@2013.10.16@@@,10,24.61,82810)','',2,'2013-10-17'),(78974,'INSERT INTO com_ventas_grupo (vgr_fecha,vgr_grupo,vgr_cantidad,vgr_total) VALUES (@@@2013.10.16@@@,11,4.245,15087)','',2,'2013-10-17'),(78975,'INSERT INTO com_ventas_grupo (vgr_fecha,vgr_grupo,vgr_cantidad,vgr_total) VALUES (@@@2013.10.16@@@,12,35.235,63039)','',2,'2013-10-17'),(78976,'INSERT INTO com_ventas_grupo (vgr_fecha,vgr_grupo,vgr_cantidad,vgr_total) VALUES (@@@2013.10.16@@@,13,8.96,24581)','',2,'2013-10-17'),(78977,'INSERT INTO com_ventas_grupo (vgr_fecha,vgr_grupo,vgr_cantidad,vgr_total) VALUES (@@@2013.10.16@@@,14,84.42,77402)','',2,'2013-10-17'),(78978,'INSERT INTO com_ventas_grupo (vgr_fecha,vgr_grupo,vgr_cantidad,vgr_total) VALUES (@@@2013.10.16@@@,16,5,790)','',2,'2013-10-17'),(78979,'INSERT INTO com_ventas_grupo (vgr_fecha,vgr_grupo,vgr_cantidad,vgr_total) VALUES (@@@2013.10.16@@@,18,144.7,101829)','',2,'2013-10-17'),(78980,'INSERT INTO com_ventas_grupo (vgr_fecha,vgr_grupo,vgr_cantidad,vgr_total) VALUES (@@@2013.10.16@@@,19,2,4580)','',2,'2013-10-17'),(78981,'INSERT INTO com_ventas_grupo (vgr_fecha,vgr_grupo,vgr_cantidad,vgr_total) VALUES (@@@2013.10.16@@@,20,247.13,108273)','',2,'2013-10-17'),(78982,'INSERT INTO com_ventas_grupo (vgr_fecha,vgr_grupo,vgr_cantidad,vgr_total) VALUES (@@@2013.10.16@@@,21,50,45989)','',2,'2013-10-17'),(78983,'INSERT INTO com_ventas_grupo (vgr_fecha,vgr_grupo,vgr_cantidad,vgr_total) VALUES (@@@2013.10.16@@@,22,1,890)','',2,'2013-10-17'),(78984,'INSERT INTO com_ventas_grupo (vgr_fecha,vgr_grupo,vgr_cantidad,vgr_total) VALUES (@@@2013.10.16@@@,24,160,45900)','',2,'2013-10-17'),(78985,'INSERT INTO com_ventas_grupo (vgr_fecha,vgr_grupo,vgr_cantidad,vgr_total) VALUES (@@@2013.10.16@@@,25,59,84300)','',2,'2013-10-17'),(78986,'INSERT INTO com_ventas_grupo (vgr_fecha,vgr_grupo,vgr_cantidad,vgr_total) VALUES (@@@2013.10.16@@@,31,3,2060)','',2,'2013-10-17'),(78987,'INSERT INTO com_ventas_grupo (vgr_fecha,vgr_grupo,vgr_cantidad,vgr_total) VALUES (@@@2013.10.16@@@,32,306,97830)','',2,'2013-10-17'),(78988,'INSERT INTO com_ventas_grupo (vgr_fecha,vgr_grupo,vgr_cantidad,vgr_total) VALUES (@@@2013.10.16@@@,33,1,2350)','',2,'2013-10-17'),(78989,'INSERT INTO com_ventas_grupo (vgr_fecha,vgr_grupo,vgr_cantidad,vgr_total) VALUES (@@@2013.10.16@@@,35,32,41875)','',2,'2013-10-17'),(78990,'INSERT INTO com_ventas_grupo (vgr_fecha,vgr_grupo,vgr_cantidad,vgr_total) VALUES (@@@2013.10.16@@@,36,22,2440)','',2,'2013-10-17'),(78991,'INSERT INTO com_ventas_grupo (vgr_fecha,vgr_grupo,vgr_cantidad,vgr_total) VALUES (@@@2013.10.16@@@,38,10,10920)','',2,'2013-10-17'),(78992,'INSERT INTO com_ventas_grupo (vgr_fecha,vgr_grupo,vgr_cantidad,vgr_total) VALUES (@@@2013.10.16@@@,39,4,6130)','',2,'2013-10-17'),(78993,'INSERT INTO com_ventas_grupo (vgr_fecha,vgr_grupo,vgr_cantidad,vgr_total) VALUES (@@@2013.10.16@@@,42,32.305,26964)','',2,'2013-10-17'),(78994,'INSERT INTO com_ventas_grupo (vgr_fecha,vgr_grupo,vgr_cantidad,vgr_total) VALUES (@@@2013.10.16@@@,44,1,1000)','',2,'2013-10-17'),(78995,'UPDATE mae_datos_empresa SET emp_oferta=@@@NO@@@','',2,'2013-10-17'),(78996,'INSERT INTO gne_vale_ferreteria (vfe_id,vfe_fecha,vfe_total,vfe_estado,vfe_entregado,usu_nusuario) VALUES (14081,@@@2013.10.17@@@,5580,1,0,@@@b_SAEZ@@@)','',2,'2013-10-17'),(78997,'INSERT INTO gne_vale_ferreteria_mov (vfe_id,pro_codigo_plu,vfm_cantidad,vfm_unitario,vfm_total,vfm_entregado) VALUES (14081,764789,1,4990,4990,@@@NO@@@)','',2,'2013-10-17'),(78998,'INSERT INTO gne_vale_ferreteria_mov (vfe_id,pro_codigo_plu,vfm_cantidad,vfm_unitario,vfm_total,vfm_entregado) VALUES (14081,780721716,1,590,590,@@@NO@@@)','',2,'2013-10-17'),(78999,'INSERT INTO gne_vale_ferreteria (vfe_id,vfe_fecha,vfe_total,vfe_estado,vfe_entregado,usu_nusuario) VALUES (14082,@@@2013.10.17@@@,1380,1,0,@@@b_SAEZ@@@)','',2,'2013-10-17'),(79000,'INSERT INTO gne_vale_ferreteria_mov (vfe_id,pro_codigo_plu,vfm_cantidad,vfm_unitario,vfm_total,vfm_entregado) VALUES (14082,764830,1,690,690,@@@NO@@@)','',2,'2013-10-17'),(79001,'INSERT INTO gne_vale_ferreteria_mov (vfe_id,pro_codigo_plu,vfm_cantidad,vfm_unitario,vfm_total,vfm_entregado) VALUES (14082,15479,1,690,690,@@@NO@@@)','',2,'2013-10-17'),(79002,'INSERT INTO gne_vale_ferreteria (vfe_id,vfe_fecha,vfe_total,vfe_estado,vfe_entregado,usu_nusuario) VALUES (14083,@@@2013.10.17@@@,200,1,0,@@@b_SAEZ@@@)','',2,'2013-10-17'),(79003,'INSERT INTO gne_vale_ferreteria_mov (vfe_id,pro_codigo_plu,vfm_cantidad,vfm_unitario,vfm_total,vfm_entregado) VALUES (14083,4089,1,200,200,@@@NO@@@)','',2,'2013-10-17'),(79004,'INSERT INTO gne_vale_ferreteria (vfe_id,vfe_fecha,vfe_total,vfe_estado,vfe_entregado,usu_nusuario) VALUES (14084,@@@2013.10.17@@@,290,1,0,@@@b_SAEZ@@@)','',2,'2013-10-17'),(79005,'INSERT INTO gne_vale_ferreteria_mov (vfe_id,pro_codigo_plu,vfm_cantidad,vfm_unitario,vfm_total,vfm_entregado) VALUES (14084,1536,1,290,290,@@@NO@@@)','',2,'2013-10-17'),(79006,'INSERT INTO gne_vale_ferreteria (vfe_id,vfe_fecha,vfe_total,vfe_estado,vfe_entregado,usu_nusuario) VALUES (14085,@@@2013.10.17@@@,400,1,0,@@@b_SAEZ@@@)','',2,'2013-10-17'),(79007,'INSERT INTO gne_vale_ferreteria_mov (vfe_id,pro_codigo_plu,vfm_cantidad,vfm_unitario,vfm_total,vfm_entregado) VALUES (14085,770001,5,80,400,@@@NO@@@)','',2,'2013-10-17'),(79008,'UPDATE mae_productos SET pro_codigo_barra=@@@7804520010364@@@,pro_tipo=@@@0@@@,pro_nombre_producto=@@@LIMPIADOR PISOS OSO MARINA  900ML@@@,pro_nombre_corto=@@@LIMPIADOR PISOS@@@,med_id=@@@7@@@,emb_id=@@@4@@@,pro_unidades_embalaje=@@@6@@@,dep_id=@@@2 @@@,lin_id=@@@36@@@,mar_id=@@@1910@@@,pro_precio_compra_neto=@@@0@@@,pro_precio_compra_bruto=@@@397.06@@@,pro_precio_venta=@@@1@@@,pro_margen_actual=@@@-99.75@@@,pro_oferta=@@@NO@@@,pro_fecha_inicio_oferta=@@@1900.01.01@@@,pro_fecha_termino_oferta=@@@1900.01.01@@@,pro_precio_oferta=@@@0@@@,pro_stock_minimo=@@@6@@@,pro_stock_critico=@@@3@@@,pro_activo=@@@1@@@,pro_unidad=@@@0@@@,pro_precio_compra_bruto=397.06,pro_margen_actual=-99.75,pro_capacidad=0.9,pro_funcion_plu=0,pro_flejes=1,pro_iva=1,pro_plu_asociado=0,pro_envase=@@@NO@@@,pro_duracion=0,pro_numero_etiqueta=0 WHERE pro_codigo_plu=@@@12585@@@','',2,'2013-10-17'),(79009,'UPDATE mae_productos SET pro_estado=1 WHERE pro_codigo_plu=12585','',2,'2013-10-17'),(79010,'DELETE FROM mae_impuestos_productos WHERE pro_codigo_plu=@@@12585@@@','',2,'2013-10-17'),(79011,'INSERT INTO gne_vale_ferreteria (vfe_id,vfe_fecha,vfe_total,vfe_estado,vfe_entregado,usu_nusuario) VALUES (14086,@@@2013.10.17@@@,500,1,0,@@@b_SAEZ@@@)','',2,'2013-10-17'),(79012,'INSERT INTO gne_vale_ferreteria_mov (vfe_id,pro_codigo_plu,vfm_cantidad,vfm_unitario,vfm_total,vfm_entregado) VALUES (14086,763909,1,500,500,@@@NO@@@)','',2,'2013-10-17'),(79013,'INSERT INTO mae_productos (pro_codigo_plu,pro_codigo_barra,pro_tipo,pro_nombre_producto,pro_nombre_corto,med_id,emb_id,pro_unidades_embalaje,dep_id,lin_id,mar_id,pro_precio_compra_neto,pro_precio_compra_bruto,pro_precio_venta,pro_margen_actual,pro_oferta,pro_fecha_inicio_oferta,pro_fecha_termino_oferta,pro_precio_oferta,pro_stock_minimo,pro_stock_critico,pro_entradas_bodega,pro_salidas_bodega,pro_mermas_bodega,pro_ajustes_bodega,pro_entradas_sv,pro_salidas_sv,pro_mermas_sv,pro_ajustes_sv,pro_activo,rec_numero,pro_unidad,pro_capacidad,pro_consumo_bodega,pro_consumo_sv,pro_estado,pro_funcion_plu,pro_flejes,pro_iva,pro_plu_asociado,pro_envase,pro_duracion,pro_numero_etiqueta) VALUES (780722014,@@@7804520010401@@@,@@@0@@@,@@@LIMPIADOR DE PISOS AROMA LAVANDA 5 LT@@@,@@@LIMPIADOR DE PIS@@@,@@@3 @@@,@@@6 @@@,@@@4@@@,@@@2 @@@,@@@36@@@,@@@1910@@@,@@@0@@@,@@@1718.36@@@,@@@1@@@,@@@-99.94@@@,@@@@@@,@@@2006.09.07@@@,@@@2006.09.07@@@,@@@0@@@,@@@4@@@,@@@2@@@,@@@0@@@,@@@0@@@,@@@0@@@,@@@0@@@,@@@0@@@,@@@0@@@,@@@0@@@,@@@0@@@,@@@1@@@,@@@0@@@,0,5,0,0,2,0,1,1,0,@@@NO@@@,0,0)','',2,'2013-10-17'),(79014,'DELETE FROM mae_impuestos_productos WHERE pro_codigo_plu=@@@780722014@@@','',2,'2013-10-17'),(79015,'INSERT INTO mae_productos (pro_codigo_plu,pro_codigo_barra,pro_tipo,pro_nombre_producto,pro_nombre_corto,med_id,emb_id,pro_unidades_embalaje,dep_id,lin_id,mar_id,pro_precio_compra_neto,pro_precio_compra_bruto,pro_precio_venta,pro_margen_actual,pro_oferta,pro_fecha_inicio_oferta,pro_fecha_termino_oferta,pro_precio_oferta,pro_stock_minimo,pro_stock_critico,pro_entradas_bodega,pro_salidas_bodega,pro_mermas_bodega,pro_ajustes_bodega,pro_entradas_sv,pro_salidas_sv,pro_mermas_sv,pro_ajustes_sv,pro_activo,rec_numero,pro_unidad,pro_capacidad,pro_consumo_bodega,pro_consumo_sv,pro_estado,pro_funcion_plu,pro_flejes,pro_iva,pro_plu_asociado,pro_envase,pro_duracion,pro_numero_etiqueta) VALUES (780722015,@@@7804520015680@@@,@@@0@@@,@@@LIMPIADOR PISO OSO PRIMAVERA 900 CC@@@,@@@LIMPIADOR PISO O@@@,@@@6 @@@,@@@6 @@@,@@@6@@@,@@@2 @@@,@@@36@@@,@@@1910@@@,@@@0@@@,@@@397.06@@@,@@@1@@@,@@@-99.75@@@,@@@@@@,@@@2006.09.07@@@,@@@2006.09.07@@@,@@@0@@@,@@@20@@@,@@@10@@@,@@@0@@@,@@@0@@@,@@@0@@@,@@@0@@@,@@@0@@@,@@@0@@@,@@@0@@@,@@@0@@@,@@@1@@@,@@@0@@@,0,900,0,0,2,0,1,1,0,@@@NO@@@,0,0)','',2,'2013-10-17'),(79016,'DELETE FROM mae_impuestos_productos WHERE pro_codigo_plu=@@@780722015@@@','',2,'2013-10-17'),(79017,'INSERT INTO mae_productos (pro_codigo_plu,pro_codigo_barra,pro_tipo,pro_nombre_producto,pro_nombre_corto,med_id,emb_id,pro_unidades_embalaje,dep_id,lin_id,mar_id,pro_precio_compra_neto,pro_precio_compra_bruto,pro_precio_venta,pro_margen_actual,pro_oferta,pro_fecha_inicio_oferta,pro_fecha_termino_oferta,pro_precio_oferta,pro_stock_minimo,pro_stock_critico,pro_entradas_bodega,pro_salidas_bodega,pro_mermas_bodega,pro_ajustes_bodega,pro_entradas_sv,pro_salidas_sv,pro_mermas_sv,pro_ajustes_sv,pro_activo,rec_numero,pro_unidad,pro_capacidad,pro_consumo_bodega,pro_consumo_sv,pro_estado,pro_funcion_plu,pro_flejes,pro_iva,pro_plu_asociado,pro_envase,pro_duracion,pro_numero_etiqueta) VALUES (499,@@@499@@@,@@@0@@@,@@@ARVEJAS NUEVAS@@@,@@@ARVEJAS NUEVAS@@@,@@@2 @@@,@@@4 @@@,@@@1@@@,@@@18 @@@,@@@98@@@,@@@2507@@@,@@@0@@@,@@@1@@@,@@@1490@@@,@@@148900@@@,@@@@@@,@@@2013.10.17@@@,@@@2013.10.17@@@,@@@0@@@,@@@5@@@,@@@2@@@,@@@0@@@,@@@0@@@,@@@0@@@,@@@0@@@,@@@0@@@,@@@0@@@,@@@0@@@,@@@0@@@,@@@1@@@,@@@0@@@,0,1,0,0,2,0,1,1,0,@@@NO@@@,0,0)','',2,'2013-10-17'),(79018,'DELETE FROM mae_impuestos_productos WHERE pro_codigo_plu=@@@499@@@','',2,'2013-10-17'),(79019,'INSERT INTO mae_productos (pro_codigo_plu,pro_codigo_barra,pro_tipo,pro_nombre_producto,pro_nombre_corto,med_id,emb_id,pro_unidades_embalaje,dep_id,lin_id,mar_id,pro_precio_compra_neto,pro_precio_compra_bruto,pro_precio_venta,pro_margen_actual,pro_oferta,pro_fecha_inicio_oferta,pro_fecha_termino_oferta,pro_precio_oferta,pro_stock_minimo,pro_stock_critico,pro_entradas_bodega,pro_salidas_bodega,pro_mermas_bodega,pro_ajustes_bodega,pro_entradas_sv,pro_salidas_sv,pro_mermas_sv,pro_ajustes_sv,pro_activo,rec_numero,pro_unidad,pro_capacidad,pro_consumo_bodega,pro_consumo_sv,pro_estado,pro_funcion_plu,pro_flejes,pro_iva,pro_plu_asociado,pro_envase,pro_duracion,pro_numero_etiqueta) VALUES (500,@@@500@@@,@@@0@@@,@@@RABANITOS@@@,@@@RABANITOS@@@,@@@2 @@@,@@@4 @@@,@@@1@@@,@@@18 @@@,@@@98@@@,@@@2507@@@,@@@0@@@,@@@1@@@,@@@450@@@,@@@44900@@@,@@@@@@,@@@2013.10.17@@@,@@@2013.10.17@@@,@@@0@@@,@@@5@@@,@@@1@@@,@@@0@@@,@@@0@@@,@@@0@@@,@@@0@@@,@@@0@@@,@@@0@@@,@@@0@@@,@@@0@@@,@@@1@@@,@@@0@@@,0,1,0,0,2,0,1,1,0,@@@NO@@@,0,0)','',2,'2013-10-17'),(79020,'DELETE FROM mae_impuestos_productos WHERE pro_codigo_plu=@@@500@@@','',2,'2013-10-17'),(79021,'UPDATE mae_productos SET pro_margen_actual=148900,pro_precio_venta=1490 WHERE pro_codigo_plu=499','',2,'2013-10-17'),(79022,'UPDATE mae_productos SET pro_margen_actual=-99.94,pro_precio_venta=1 WHERE pro_codigo_plu=780722014','',2,'2013-10-17'),(79023,'UPDATE mae_productos SET pro_margen_actual=-99.75,pro_precio_venta=1 WHERE pro_codigo_plu=780722015','',2,'2013-10-17'),(79024,'UPDATE mae_productos SET pro_margen_actual=-99.75,pro_precio_venta=1 WHERE pro_codigo_plu=12585','',2,'2013-10-17'),(79025,'UPDATE mae_productos SET pro_margen_actual=44900,pro_precio_venta=450 WHERE pro_codigo_plu=500','',2,'2013-10-17'),(79026,'UPDATE mae_productos SET pro_margen_actual=0,pro_precio_venta=1890 WHERE pro_codigo_plu=578','',2,'2013-10-17'),(79027,'UPDATE mae_productos SET pro_margen_actual=236.17,pro_precio_venta=790 WHERE pro_codigo_plu=530','',2,'2013-10-17'),(79028,'UPDATE mae_productos SET pro_margen_actual=0,pro_precio_venta=350 WHERE pro_codigo_plu=596','',2,'2013-10-17'),(79029,'UPDATE mae_productos SET pro_margen_actual=200,pro_precio_venta=450 WHERE pro_codigo_plu=594','',2,'2013-10-17'),(79030,'UPDATE mae_productos SET pro_margen_actual=80.12,pro_precio_venta=299 WHERE pro_codigo_plu=597','',2,'2013-10-17'),(79031,'UPDATE mae_productos SET pro_precio_fiscal=pro_precio_venta WHERE pro_codigo_plu=499','',2,'2013-10-17'),(79032,'UPDATE mae_productos SET pro_precio_fiscal=pro_precio_venta WHERE pro_codigo_plu=500','',2,'2013-10-17'),(79033,'UPDATE mae_productos SET pro_precio_fiscal=pro_precio_venta WHERE pro_codigo_plu=530','',2,'2013-10-17'),(79034,'UPDATE mae_productos SET pro_precio_fiscal=pro_precio_venta WHERE pro_codigo_plu=578','',2,'2013-10-17'),(79035,'UPDATE mae_productos SET pro_precio_fiscal=pro_precio_venta WHERE pro_codigo_plu=594','',2,'2013-10-17'),(79036,'UPDATE mae_productos SET pro_precio_fiscal=pro_precio_venta WHERE pro_codigo_plu=596','',2,'2013-10-17'),(79037,'UPDATE mae_productos SET pro_precio_fiscal=pro_precio_venta WHERE pro_codigo_plu=597','',2,'2013-10-17'),(79038,'INSERT INTO gne_vale_ferreteria (vfe_id,vfe_fecha,vfe_total,vfe_estado,vfe_entregado,usu_nusuario) VALUES (14087,@@@2013.10.17@@@,1490,1,0,@@@b_SAEZ@@@)','',2,'2013-10-17'),(79039,'INSERT INTO gne_vale_ferreteria_mov (vfe_id,pro_codigo_plu,vfm_cantidad,vfm_unitario,vfm_total,vfm_entregado) VALUES (14087,763293,1,1490,1490,@@@NO@@@)','',2,'2013-10-17'),(79040,'INSERT INTO gne_vale_ferreteria (vfe_id,vfe_fecha,vfe_total,vfe_estado,vfe_entregado,usu_nusuario) VALUES (14088,@@@2013.10.17@@@,150,1,0,@@@b_SAEZ@@@)','',2,'2013-10-17'),(79041,'INSERT INTO gne_vale_ferreteria_mov (vfe_id,pro_codigo_plu,vfm_cantidad,vfm_unitario,vfm_total,vfm_entregado) VALUES (14088,770062,1,150,150,@@@NO@@@)','',2,'2013-10-17'),(79042,'INSERT INTO gne_vale_ferreteria (vfe_id,vfe_fecha,vfe_total,vfe_estado,vfe_entregado,usu_nusuario) VALUES (14089,@@@2013.10.17@@@,290,1,0,@@@b_SAEZ@@@)','',2,'2013-10-17'),(79043,'INSERT INTO gne_vale_ferreteria_mov (vfe_id,pro_codigo_plu,vfm_cantidad,vfm_unitario,vfm_total,vfm_entregado) VALUES (14089,4077,1,200,200,@@@NO@@@)','',2,'2013-10-17'),(79044,'INSERT INTO gne_vale_ferreteria_mov (vfe_id,pro_codigo_plu,vfm_cantidad,vfm_unitario,vfm_total,vfm_entregado) VALUES (14089,1541,3,30,90,@@@NO@@@)','',2,'2013-10-17'),(79045,'INSERT INTO gne_vale_ferreteria (vfe_id,vfe_fecha,vfe_total,vfe_estado,vfe_entregado,usu_nusuario) VALUES (14090,@@@2013.10.17@@@,50,1,0,@@@b_SAEZ@@@)','',2,'2013-10-17'),(79046,'INSERT INTO gne_vale_ferreteria_mov (vfe_id,pro_codigo_plu,vfm_cantidad,vfm_unitario,vfm_total,vfm_entregado) VALUES (14090,4092,1,50,50,@@@NO@@@)','',2,'2013-10-17'),(79047,'INSERT INTO gne_vale_ferreteria (vfe_id,vfe_fecha,vfe_total,vfe_estado,vfe_entregado,usu_nusuario) VALUES (14091,@@@2013.10.17@@@,930,1,0,@@@b_SAEZ@@@)','',2,'2013-10-17'),(79048,'INSERT INTO gne_vale_ferreteria_mov (vfe_id,pro_codigo_plu,vfm_cantidad,vfm_unitario,vfm_total,vfm_entregado) VALUES (14091,11670,1,930,930,@@@NO@@@)','',2,'2013-10-17'),(79049,'INSERT INTO gne_vale_ferreteria (vfe_id,vfe_fecha,vfe_total,vfe_estado,vfe_entregado,usu_nusuario) VALUES (14092,@@@2013.10.17@@@,930,1,0,@@@b_SAEZ@@@)','',2,'2013-10-17'),(79050,'INSERT INTO gne_vale_ferreteria_mov (vfe_id,pro_codigo_plu,vfm_cantidad,vfm_unitario,vfm_total,vfm_entregado) VALUES (14092,11670,1,930,930,@@@NO@@@)','',2,'2013-10-17'),(79051,'INSERT INTO gne_vale_ferreteria (vfe_id,vfe_fecha,vfe_total,vfe_estado,vfe_entregado,usu_nusuario) VALUES (14093,@@@2013.10.17@@@,1590,1,0,@@@b_SAEZ@@@)','',2,'2013-10-17'),(79052,'INSERT INTO gne_vale_ferreteria_mov (vfe_id,pro_codigo_plu,vfm_cantidad,vfm_unitario,vfm_total,vfm_entregado) VALUES (14093,780721697,1,1590,1590,@@@NO@@@)','',2,'2013-10-17'),(79053,'INSERT INTO gne_vale_ferreteria (vfe_id,vfe_fecha,vfe_total,vfe_estado,vfe_entregado,usu_nusuario) VALUES (14094,@@@2013.10.17@@@,350,1,0,@@@b_SAEZ@@@)','',2,'2013-10-17'),(79054,'INSERT INTO gne_vale_ferreteria_mov (vfe_id,pro_codigo_plu,vfm_cantidad,vfm_unitario,vfm_total,vfm_entregado) VALUES (14094,4123,1,350,350,@@@NO@@@)','',2,'2013-10-17'),(79055,'INSERT INTO gne_vale_ferreteria (vfe_id,vfe_fecha,vfe_total,vfe_estado,vfe_entregado,usu_nusuario) VALUES (14095,@@@2013.10.17@@@,740,1,0,@@@b_SAEZ@@@)','',2,'2013-10-17'),(79056,'INSERT INTO gne_vale_ferreteria_mov (vfe_id,pro_codigo_plu,vfm_cantidad,vfm_unitario,vfm_total,vfm_entregado) VALUES (14095,4124,2,370,740,@@@NO@@@)','',2,'2013-10-17'),(79057,'INSERT INTO gne_vale_ferreteria (vfe_id,vfe_fecha,vfe_total,vfe_estado,vfe_entregado,usu_nusuario) VALUES (14096,@@@2013.10.17@@@,1470,1,0,@@@b_SAEZ@@@)','',2,'2013-10-17'),(79058,'INSERT INTO gne_vale_ferreteria_mov (vfe_id,pro_codigo_plu,vfm_cantidad,vfm_unitario,vfm_total,vfm_entregado) VALUES (14096,780721752,1,1100,1100,@@@NO@@@)','',2,'2013-10-17'),(79059,'INSERT INTO gne_vale_ferreteria_mov (vfe_id,pro_codigo_plu,vfm_cantidad,vfm_unitario,vfm_total,vfm_entregado) VALUES (14096,102408,1,370,370,@@@NO@@@)','',2,'2013-10-17'),(79060,'UPDATE mae_productos SET pro_margen_actual=114.29,pro_precio_venta=150 WHERE pro_codigo_plu=906','',2,'2013-10-17'),(79061,'UPDATE mae_productos SET pro_precio_fiscal=pro_precio_venta WHERE pro_codigo_plu=906','',2,'2013-10-17'),(79062,'INSERT INTO gne_vale_ferreteria (vfe_id,vfe_fecha,vfe_total,vfe_estado,vfe_entregado,usu_nusuario) VALUES (14097,@@@2013.10.17@@@,500,1,0,@@@c_jara@@@)','',2,'2013-10-17'),(79063,'INSERT INTO gne_vale_ferreteria_mov (vfe_id,pro_codigo_plu,vfm_cantidad,vfm_unitario,vfm_total,vfm_entregado) VALUES (14097,4091,2,250,500,@@@NO@@@)','',2,'2013-10-17'),(79064,'INSERT INTO gne_vale_ferreteria (vfe_id,vfe_fecha,vfe_total,vfe_estado,vfe_entregado,usu_nusuario) VALUES (14098,@@@2013.10.17@@@,1490,1,0,@@@c_jara@@@)','',2,'2013-10-17'),(79065,'INSERT INTO gne_vale_ferreteria_mov (vfe_id,pro_codigo_plu,vfm_cantidad,vfm_unitario,vfm_total,vfm_entregado) VALUES (14098,6021,1,1490,1490,@@@NO@@@)','',2,'2013-10-17'),(79066,'INSERT INTO gne_vale_ferreteria (vfe_id,vfe_fecha,vfe_total,vfe_estado,vfe_entregado,usu_nusuario) VALUES (14099,@@@2013.10.17@@@,5770,1,0,@@@c_jara@@@)','',2,'2013-10-17'),(79067,'INSERT INTO gne_vale_ferreteria_mov (vfe_id,pro_codigo_plu,vfm_cantidad,vfm_unitario,vfm_total,vfm_entregado) VALUES (14099,764437,1,2490,2490,@@@NO@@@)','',2,'2013-10-17'),(79068,'INSERT INTO gne_vale_ferreteria_mov (vfe_id,pro_codigo_plu,vfm_cantidad,vfm_unitario,vfm_total,vfm_entregado) VALUES (14099,1560,1,1490,1490,@@@NO@@@)','',2,'2013-10-17'),(79069,'INSERT INTO gne_vale_ferreteria_mov (vfe_id,pro_codigo_plu,vfm_cantidad,vfm_unitario,vfm_total,vfm_entregado) VALUES (14099,763741,1,1790,1790,@@@NO@@@)','',2,'2013-10-17'),(79070,'INSERT INTO gne_vale_ferreteria (vfe_id,vfe_fecha,vfe_total,vfe_estado,vfe_entregado,usu_nusuario) VALUES (14100,@@@2013.10.17@@@,2200,1,0,@@@c_jara@@@)','',2,'2013-10-17'),(79071,'INSERT INTO gne_vale_ferreteria_mov (vfe_id,pro_codigo_plu,vfm_cantidad,vfm_unitario,vfm_total,vfm_entregado) VALUES (14100,780721985,4,550,2200,@@@NO@@@)','',2,'2013-10-17'),(79072,'INSERT INTO gne_vale_ferreteria (vfe_id,vfe_fecha,vfe_total,vfe_estado,vfe_entregado,usu_nusuario) VALUES (14101,@@@2013.10.17@@@,750,1,0,@@@c_jara@@@)','',2,'2013-10-17'),(79073,'INSERT INTO gne_vale_ferreteria_mov (vfe_id,pro_codigo_plu,vfm_cantidad,vfm_unitario,vfm_total,vfm_entregado) VALUES (14101,100365,1,750,750,@@@NO@@@)','',2,'2013-10-17'),(79074,'UPDATE mae_productos SET pro_margen_actual=18.13,pro_precio_venta=1890 WHERE pro_codigo_plu=562','',2,'2013-10-17'),(79075,'UPDATE mae_productos SET pro_precio_fiscal=pro_precio_venta WHERE pro_codigo_plu=562','',2,'2013-10-17'),(79076,'INSERT INTO mae_productos (pro_codigo_plu,pro_codigo_barra,pro_tipo,pro_nombre_producto,pro_nombre_corto,med_id,emb_id,pro_unidades_embalaje,dep_id,lin_id,mar_id,pro_precio_compra_neto,pro_precio_compra_bruto,pro_precio_venta,pro_margen_actual,pro_oferta,pro_fecha_inicio_oferta,pro_fecha_termino_oferta,pro_precio_oferta,pro_stock_minimo,pro_stock_critico,pro_entradas_bodega,pro_salidas_bodega,pro_mermas_bodega,pro_ajustes_bodega,pro_entradas_sv,pro_salidas_sv,pro_mermas_sv,pro_ajustes_sv,pro_activo,rec_numero,pro_unidad,pro_capacidad,pro_consumo_bodega,pro_consumo_sv,pro_estado,pro_funcion_plu,pro_flejes,pro_iva,pro_plu_asociado,pro_envase,pro_duracion,pro_numero_etiqueta) VALUES (780722016,@@@78013865@@@,@@@0@@@,@@@CHAMYTO FRAMBUESA BOTELLA 80 ML@@@,@@@CHAMYTO FRAMBUES@@@,@@@7 @@@,@@@6 @@@,@@@12@@@,@@@3 @@@,@@@50@@@,@@@9@@@,@@@0@@@,@@@182.26@@@,@@@1@@@,@@@-99.45@@@,@@@@@@,@@@2006.09.07@@@,@@@2006.09.07@@@,@@@0@@@,@@@12@@@,@@@6@@@,@@@0@@@,@@@0@@@,@@@0@@@,@@@0@@@,@@@0@@@,@@@0@@@,@@@0@@@,@@@0@@@,@@@1@@@,@@@0@@@,0,80,0,0,2,0,1,1,0,@@@NO@@@,0,0)','',2,'2013-10-17'),(79077,'DELETE FROM mae_impuestos_productos WHERE pro_codigo_plu=@@@780722016@@@','',2,'2013-10-17'),(79078,'INSERT INTO mae_productos (pro_codigo_plu,pro_codigo_barra,pro_tipo,pro_nombre_producto,pro_nombre_corto,med_id,emb_id,pro_unidades_embalaje,dep_id,lin_id,mar_id,pro_precio_compra_neto,pro_precio_compra_bruto,pro_precio_venta,pro_margen_actual,pro_oferta,pro_fecha_inicio_oferta,pro_fecha_termino_oferta,pro_precio_oferta,pro_stock_minimo,pro_stock_critico,pro_entradas_bodega,pro_salidas_bodega,pro_mermas_bodega,pro_ajustes_bodega,pro_entradas_sv,pro_salidas_sv,pro_mermas_sv,pro_ajustes_sv,pro_activo,rec_numero,pro_unidad,pro_capacidad,pro_consumo_bodega,pro_consumo_sv,pro_estado,pro_funcion_plu,pro_flejes,pro_iva,pro_plu_asociado,pro_envase,pro_duracion,pro_numero_etiqueta) VALUES (780722017,@@@7613032722883@@@,@@@0@@@,@@@NESTLE JALEA PIÑA 120 G@@@,@@@NESTLE JALEA PIÑ@@@,@@@5 @@@,@@@6 @@@,@@@8@@@,@@@3 @@@,@@@52@@@,@@@2507@@@,@@@0@@@,@@@229.96@@@,@@@1@@@,@@@-99.57@@@,@@@@@@,@@@2006.09.07@@@,@@@2006.09.07@@@,@@@0@@@,@@@8@@@,@@@4@@@,@@@0@@@,@@@0@@@,@@@0@@@,@@@0@@@,@@@0@@@,@@@0@@@,@@@0@@@,@@@0@@@,@@@1@@@,@@@0@@@,0,120,0,0,2,0,1,1,0,@@@NO@@@,0,0)','',2,'2013-10-17'),(79079,'DELETE FROM mae_impuestos_productos WHERE pro_codigo_plu=@@@780722017@@@','',2,'2013-10-17'),(79080,'INSERT INTO gne_vale_ferreteria (vfe_id,vfe_fecha,vfe_total,vfe_estado,vfe_entregado,usu_nusuario) VALUES (14102,@@@2013.10.17@@@,490,1,0,@@@c_jara@@@)','',2,'2013-10-17'),(79081,'INSERT INTO gne_vale_ferreteria_mov (vfe_id,pro_codigo_plu,vfm_cantidad,vfm_unitario,vfm_total,vfm_entregado) VALUES (14102,764509,1,490,490,@@@NO@@@)','',2,'2013-10-17'),(79082,'UPDATE mae_productos SET pro_precio_compra_bruto=352.53,pro_margen_actual=(pro_precio_venta-352.53)/352.53 * 100,pro_ultima_compra=@@@2013.10.17@@@,pro_ultimo_proveedor=@@@84348700-9@@@ WHERE pro_codigo_plu=101953','',2,'2013-10-17'),(79083,'UPDATE mae_productos SET pro_precio_compra_bruto=352.53,pro_margen_actual=(pro_precio_venta-352.53)/352.53 * 100,pro_ultima_compra=@@@2013.10.17@@@,pro_ultimo_proveedor=@@@84348700-9@@@ WHERE pro_codigo_plu=14850','',2,'2013-10-17'),(79084,'UPDATE mae_productos SET pro_precio_compra_bruto=352.53,pro_margen_actual=(pro_precio_venta-352.53)/352.53 * 100,pro_ultima_compra=@@@2013.10.17@@@,pro_ultimo_proveedor=@@@84348700-9@@@ WHERE pro_codigo_plu=14851','',2,'2013-10-17'),(79085,'UPDATE mae_productos SET pro_precio_compra_bruto=274.49,pro_margen_actual=(pro_precio_venta-274.49)/274.49 * 100,pro_ultima_compra=@@@2013.10.17@@@,pro_ultimo_proveedor=@@@84348700-9@@@ WHERE pro_codigo_plu=780721386','',2,'2013-10-17'),(79086,'UPDATE mae_productos SET pro_precio_compra_bruto=586.9,pro_margen_actual=(pro_precio_venta-586.9)/586.9 * 100,pro_ultima_compra=@@@2013.10.17@@@,pro_ultimo_proveedor=@@@84348700-9@@@ WHERE pro_codigo_plu=14859','',2,'2013-10-17'),(79087,'UPDATE mae_productos SET pro_precio_compra_bruto=661.77,pro_margen_actual=(pro_precio_venta-661.77)/661.77 * 100,pro_ultima_compra=@@@2013.10.17@@@,pro_ultimo_proveedor=@@@84348700-9@@@ WHERE pro_codigo_plu=761865','',2,'2013-10-17'),(79088,'UPDATE mae_productos SET pro_precio_compra_bruto=346.88,pro_margen_actual=(pro_precio_venta-346.88)/346.88 * 100,pro_ultima_compra=@@@2013.10.17@@@,pro_ultimo_proveedor=@@@84348700-9@@@ WHERE pro_codigo_plu=101937','',2,'2013-10-17'),(79089,'UPDATE mae_productos SET pro_precio_compra_bruto=417.88,pro_margen_actual=(pro_precio_venta-417.88)/417.88 * 100,pro_ultima_compra=@@@2013.10.17@@@,pro_ultimo_proveedor=@@@84348700-9@@@ WHERE pro_codigo_plu=12586','',2,'2013-10-17'),(79090,'UPDATE mae_productos SET pro_precio_compra_bruto=397.06,pro_margen_actual=(pro_precio_venta-397.06)/397.06 * 100,pro_ultima_compra=@@@2013.10.17@@@,pro_ultimo_proveedor=@@@84348700-9@@@ WHERE pro_codigo_plu=12585','',2,'2013-10-17'),(79091,'UPDATE mae_productos SET pro_precio_compra_bruto=1718.36,pro_margen_actual=(pro_precio_venta-1718.36)/1718.36 * 100,pro_ultima_compra=@@@2013.10.17@@@,pro_ultimo_proveedor=@@@84348700-9@@@ WHERE pro_codigo_plu=780722014','',2,'2013-10-17'),(79092,'UPDATE mae_productos SET pro_precio_compra_bruto=397.06,pro_margen_actual=(pro_precio_venta-397.06)/397.06 * 100,pro_ultima_compra=@@@2013.10.17@@@,pro_ultimo_proveedor=@@@84348700-9@@@ WHERE pro_codigo_plu=780722015','',2,'2013-10-17'),(79093,'UPDATE mae_productos SET pro_precio_compra_bruto=1449.42,pro_margen_actual=(pro_precio_venta-1449.42)/1449.42 * 100,pro_ultima_compra=@@@2013.10.17@@@,pro_ultimo_proveedor=@@@84348700-9@@@ WHERE pro_codigo_plu=101841','',2,'2013-10-17'),(79094,'UPDATE mae_productos SET pro_precio_compra_bruto=1449.42,pro_margen_actual=(pro_precio_venta-1449.42)/1449.42 * 100,pro_ultima_compra=@@@2013.10.17@@@,pro_ultimo_proveedor=@@@84348700-9@@@ WHERE pro_codigo_plu=101845','',2,'2013-10-17'),(79095,'UPDATE mae_productos SET pro_precio_compra_bruto=1449.42,pro_margen_actual=(pro_precio_venta-1449.42)/1449.42 * 100,pro_ultima_compra=@@@2013.10.17@@@,pro_ultimo_proveedor=@@@84348700-9@@@ WHERE pro_codigo_plu=101624','',2,'2013-10-17'),(79096,'UPDATE mae_productos SET pro_precio_compra_bruto=1449.42,pro_margen_actual=(pro_precio_venta-1449.42)/1449.42 * 100,pro_ultima_compra=@@@2013.10.17@@@,pro_ultimo_proveedor=@@@84348700-9@@@ WHERE pro_codigo_plu=101625','',2,'2013-10-17'),(79097,'UPDATE mae_productos SET pro_precio_compra_bruto=1449.42,pro_margen_actual=(pro_precio_venta-1449.42)/1449.42 * 100,pro_ultima_compra=@@@2013.10.17@@@,pro_ultimo_proveedor=@@@84348700-9@@@ WHERE pro_codigo_plu=101852','',2,'2013-10-17'),(79098,'UPDATE mae_productos SET pro_precio_compra_bruto=1449.42,pro_margen_actual=(pro_precio_venta-1449.42)/1449.42 * 100,pro_ultima_compra=@@@2013.10.17@@@,pro_ultimo_proveedor=@@@84348700-9@@@ WHERE pro_codigo_plu=102627','',2,'2013-10-17'),(79099,'UPDATE mae_productos SET pro_precio_compra_bruto=1449.42,pro_margen_actual=(pro_precio_venta-1449.42)/1449.42 * 100,pro_ultima_compra=@@@2013.10.17@@@,pro_ultimo_proveedor=@@@84348700-9@@@ WHERE pro_codigo_plu=101843','',2,'2013-10-17'),(79100,'UPDATE mae_productos SET pro_precio_compra_bruto=1449.42,pro_margen_actual=(pro_precio_venta-1449.42)/1449.42 * 100,pro_ultima_compra=@@@2013.10.17@@@,pro_ultimo_proveedor=@@@84348700-9@@@ WHERE pro_codigo_plu=102072','',2,'2013-10-17'),(79101,'UPDATE mae_productos SET pro_precio_compra_bruto=761.99,pro_margen_actual=(pro_precio_venta-761.99)/761.99 * 100,pro_ultima_compra=@@@2013.10.17@@@,pro_ultimo_proveedor=@@@84348700-9@@@ WHERE pro_codigo_plu=763317','',2,'2013-10-17'),(79102,'UPDATE mae_productos SET pro_precio_compra_bruto=990,pro_margen_actual=(pro_precio_venta-990)/990 * 100,pro_ultima_compra=@@@2013.10.17@@@,pro_ultimo_proveedor=@@@84348700-9@@@ WHERE pro_codigo_plu=14860','',2,'2013-10-17'),(79103,'UPDATE mae_productos SET pro_precio_compra_bruto=2650,pro_margen_actual=(pro_precio_venta-2650)/2650 * 100,pro_ultima_compra=@@@2013.10.17@@@,pro_ultimo_proveedor=@@@84348700-9@@@ WHERE pro_codigo_plu=762880','',2,'2013-10-17'),(79104,'INSERT INTO mae_productos (pro_codigo_plu,pro_codigo_barra,pro_tipo,pro_nombre_producto,pro_nombre_corto,med_id,emb_id,pro_unidades_embalaje,dep_id,lin_id,mar_id,pro_precio_compra_neto,pro_precio_compra_bruto,pro_precio_venta,pro_margen_actual,pro_oferta,pro_fecha_inicio_oferta,pro_fecha_termino_oferta,pro_precio_oferta,pro_stock_minimo,pro_stock_critico,pro_entradas_bodega,pro_salidas_bodega,pro_mermas_bodega,pro_ajustes_bodega,pro_entradas_sv,pro_salidas_sv,pro_mermas_sv,pro_ajustes_sv,pro_activo,rec_numero,pro_unidad,pro_capacidad,pro_consumo_bodega,pro_consumo_sv,pro_estado,pro_funcion_plu,pro_flejes,pro_iva,pro_plu_asociado,pro_envase,pro_duracion,pro_numero_etiqueta) VALUES (780722018,@@@7613033893636@@@,@@@0@@@,@@@CHANDELLE TOURBILLON NESTLE  90 G@@@,@@@CHANDELLE TOURBI@@@,@@@5 @@@,@@@6 @@@,@@@8@@@,@@@3 @@@,@@@52@@@,@@@9@@@,@@@0@@@,@@@404.6@@@,@@@1@@@,@@@-99.75@@@,@@@@@@,@@@2006.09.07@@@,@@@2006.09.07@@@,@@@0@@@,@@@8@@@,@@@4@@@,@@@0@@@,@@@0@@@,@@@0@@@,@@@0@@@,@@@0@@@,@@@0@@@,@@@0@@@,@@@0@@@,@@@1@@@,@@@0@@@,0,90,0,0,2,0,1,1,0,@@@NO@@@,0,0)','',2,'2013-10-17'),(79105,'DELETE FROM mae_impuestos_productos WHERE pro_codigo_plu=@@@780722018@@@','',2,'2013-10-17'),(79106,'INSERT INTO mae_productos (pro_codigo_plu,pro_codigo_barra,pro_tipo,pro_nombre_producto,pro_nombre_corto,med_id,emb_id,pro_unidades_embalaje,dep_id,lin_id,mar_id,pro_precio_compra_neto,pro_precio_compra_bruto,pro_precio_venta,pro_margen_actual,pro_oferta,pro_fecha_inicio_oferta,pro_fecha_termino_oferta,pro_precio_oferta,pro_stock_minimo,pro_stock_critico,pro_entradas_bodega,pro_salidas_bodega,pro_mermas_bodega,pro_ajustes_bodega,pro_entradas_sv,pro_salidas_sv,pro_mermas_sv,pro_ajustes_sv,pro_activo,rec_numero,pro_unidad,pro_capacidad,pro_consumo_bodega,pro_consumo_sv,pro_estado,pro_funcion_plu,pro_flejes,pro_iva,pro_plu_asociado,pro_envase,pro_duracion,pro_numero_etiqueta) VALUES (780722019,@@@7613033893926@@@,@@@0@@@,@@@CHANDELLE TOURBILLON NESTLE MANJAR LUCUMA 90 G@@@,@@@CHANDELLE TOURBI@@@,@@@5 @@@,@@@6 @@@,@@@8@@@,@@@3 @@@,@@@52@@@,@@@9@@@,@@@0@@@,@@@404.6@@@,@@@1@@@,@@@-99.75@@@,@@@@@@,@@@2006.09.07@@@,@@@2006.09.07@@@,@@@0@@@,@@@8@@@,@@@4@@@,@@@0@@@,@@@0@@@,@@@0@@@,@@@0@@@,@@@0@@@,@@@0@@@,@@@0@@@,@@@0@@@,@@@1@@@,@@@0@@@,0,90,0,0,2,0,1,1,0,@@@NO@@@,0,0)','',2,'2013-10-17'),(79107,'DELETE FROM mae_impuestos_productos WHERE pro_codigo_plu=@@@780722019@@@','',2,'2013-10-17'),(79108,'UPDATE mae_productos SET pro_precio_compra_bruto=376.23,pro_margen_actual=(pro_precio_venta-376.23)/376.23 * 100,pro_ultima_compra=@@@2013.10.17@@@,pro_ultimo_proveedor=@@@90703000-8@@@ WHERE pro_codigo_plu=16691','',2,'2013-10-17'),(79109,'UPDATE mae_productos SET pro_precio_compra_bruto=330.82,pro_margen_actual=(pro_precio_venta-330.82)/330.82 * 100,pro_ultima_compra=@@@2013.10.17@@@,pro_ultimo_proveedor=@@@90703000-8@@@ WHERE pro_codigo_plu=17011','',2,'2013-10-17'),(79110,'UPDATE mae_productos SET pro_precio_compra_bruto=229.96,pro_margen_actual=(pro_precio_venta-229.96)/229.96 * 100,pro_ultima_compra=@@@2013.10.17@@@,pro_ultimo_proveedor=@@@90703000-8@@@ WHERE pro_codigo_plu=17040','',2,'2013-10-17'),(79111,'UPDATE mae_productos SET pro_precio_compra_bruto=121.08,pro_margen_actual=(pro_precio_venta-121.08)/121.08 * 100,pro_ultima_compra=@@@2013.10.17@@@,pro_ultimo_proveedor=@@@90703000-8@@@ WHERE pro_codigo_plu=16697','',2,'2013-10-17'),(79112,'UPDATE mae_productos SET pro_precio_compra_bruto=386.75,pro_margen_actual=(pro_precio_venta-386.75)/386.75 * 100,pro_ultima_compra=@@@2013.10.17@@@,pro_ultimo_proveedor=@@@90703000-8@@@ WHERE pro_codigo_plu=17072','',2,'2013-10-17'),(79113,'UPDATE mae_productos SET pro_precio_compra_bruto=386.75,pro_margen_actual=(pro_precio_venta-386.75)/386.75 * 100,pro_ultima_compra=@@@2013.10.17@@@,pro_ultimo_proveedor=@@@90703000-8@@@ WHERE pro_codigo_plu=17069','',2,'2013-10-17'),(79114,'UPDATE mae_productos SET pro_precio_compra_bruto=386.75,pro_margen_actual=(pro_precio_venta-386.75)/386.75 * 100,pro_ultima_compra=@@@2013.10.17@@@,pro_ultimo_proveedor=@@@90703000-8@@@ WHERE pro_codigo_plu=17068','',2,'2013-10-17'),(79115,'UPDATE mae_productos SET pro_precio_compra_bruto=246.33,pro_margen_actual=(pro_precio_venta-246.33)/246.33 * 100,pro_ultima_compra=@@@2013.10.17@@@,pro_ultimo_proveedor=@@@90703000-8@@@ WHERE pro_codigo_plu=17066','',2,'2013-10-17'),(79116,'UPDATE mae_productos SET pro_precio_compra_bruto=246.33,pro_margen_actual=(pro_precio_venta-246.33)/246.33 * 100,pro_ultima_compra=@@@2013.10.17@@@,pro_ultimo_proveedor=@@@90703000-8@@@ WHERE pro_codigo_plu=17067','',2,'2013-10-17'),(79117,'UPDATE mae_productos SET pro_precio_compra_bruto=377.42,pro_margen_actual=(pro_precio_venta-377.42)/377.42 * 100,pro_ultima_compra=@@@2013.10.17@@@,pro_ultimo_proveedor=@@@90703000-8@@@ WHERE pro_codigo_plu=10413','',2,'2013-10-17'),(79118,'UPDATE mae_productos SET pro_precio_compra_bruto=182.26,pro_margen_actual=(pro_precio_venta-182.26)/182.26 * 100,pro_ultima_compra=@@@2013.10.17@@@,pro_ultimo_proveedor=@@@90703000-8@@@ WHERE pro_codigo_plu=78017066','',2,'2013-10-17'),(79119,'UPDATE mae_productos SET pro_precio_compra_bruto=160.94,pro_margen_actual=(pro_precio_venta-160.94)/160.94 * 100,pro_ultima_compra=@@@2013.10.17@@@,pro_ultimo_proveedor=@@@90703000-8@@@ WHERE pro_codigo_plu=16919','',2,'2013-10-17'),(79120,'UPDATE mae_productos SET pro_precio_compra_bruto=160.94,pro_margen_actual=(pro_precio_venta-160.94)/160.94 * 100,pro_ultima_compra=@@@2013.10.17@@@,pro_ultimo_proveedor=@@@90703000-8@@@ WHERE pro_codigo_plu=16923','',2,'2013-10-17'),(79121,'UPDATE mae_productos SET pro_precio_compra_bruto=182.26,pro_margen_actual=(pro_precio_venta-182.26)/182.26 * 100,pro_ultima_compra=@@@2013.10.17@@@,pro_ultimo_proveedor=@@@90703000-8@@@ WHERE pro_codigo_plu=780722016','',2,'2013-10-17'),(79122,'UPDATE mae_productos SET pro_precio_compra_bruto=229.96,pro_margen_actual=(pro_precio_venta-229.96)/229.96 * 100,pro_ultima_compra=@@@2013.10.17@@@,pro_ultimo_proveedor=@@@90703000-8@@@ WHERE pro_codigo_plu=780722017','',2,'2013-10-17'),(79123,'UPDATE mae_productos SET pro_precio_compra_bruto=150.89,pro_margen_actual=(pro_precio_venta-150.89)/150.89 * 100,pro_ultima_compra=@@@2013.10.17@@@,pro_ultimo_proveedor=@@@90703000-8@@@ WHERE pro_codigo_plu=12141','',2,'2013-10-17'),(79124,'UPDATE mae_productos SET pro_precio_compra_bruto=295.12,pro_margen_actual=(pro_precio_venta-295.12)/295.12 * 100,pro_ultima_compra=@@@2013.10.17@@@,pro_ultimo_proveedor=@@@90703000-8@@@ WHERE pro_codigo_plu=762719','',2,'2013-10-17'),(79125,'UPDATE mae_productos SET pro_precio_compra_bruto=295.12,pro_margen_actual=(pro_precio_venta-295.12)/295.12 * 100,pro_ultima_compra=@@@2013.10.17@@@,pro_ultimo_proveedor=@@@90703000-8@@@ WHERE pro_codigo_plu=762720','',2,'2013-10-17'),(79126,'UPDATE mae_productos SET pro_precio_compra_bruto=404.6,pro_margen_actual=(pro_precio_venta-404.6)/404.6 * 100,pro_ultima_compra=@@@2013.10.17@@@,pro_ultimo_proveedor=@@@90703000-8@@@ WHERE pro_codigo_plu=780722018','',2,'2013-10-17'),(79127,'UPDATE mae_productos SET pro_precio_compra_bruto=404.6,pro_margen_actual=(pro_precio_venta-404.6)/404.6 * 100,pro_ultima_compra=@@@2013.10.17@@@,pro_ultimo_proveedor=@@@90703000-8@@@ WHERE pro_codigo_plu=780722019','',2,'2013-10-17'),(79128,'UPDATE mae_productos SET pro_precio_compra_bruto=247.37,pro_margen_actual=(pro_precio_venta-247.37)/247.37 * 100,pro_ultima_compra=@@@2013.10.17@@@,pro_ultimo_proveedor=@@@90703000-8@@@ WHERE pro_codigo_plu=780721533','',2,'2013-10-17'),(79129,'UPDATE mae_productos SET pro_precio_compra_bruto=247.37,pro_margen_actual=(pro_precio_venta-247.37)/247.37 * 100,pro_ultima_compra=@@@2013.10.17@@@,pro_ultimo_proveedor=@@@90703000-8@@@ WHERE pro_codigo_plu=78017065','',2,'2013-10-17'),(79130,'INSERT INTO gne_vale_ferreteria (vfe_id,vfe_fecha,vfe_total,vfe_estado,vfe_entregado,usu_nusuario) VALUES (14103,@@@2013.10.17@@@,1100,1,0,@@@G_DIAZ@@@)','',2,'2013-10-17'),(79131,'INSERT INTO gne_vale_ferreteria_mov (vfe_id,pro_codigo_plu,vfm_cantidad,vfm_unitario,vfm_total,vfm_entregado) VALUES (14103,2008,1,1100,1100,@@@NO@@@)','',2,'2013-10-17'),(79132,'INSERT INTO gne_vale_ferreteria (vfe_id,vfe_fecha,vfe_total,vfe_estado,vfe_entregado,usu_nusuario) VALUES (14104,@@@2013.10.17@@@,250,1,0,@@@G_DIAZ@@@)','',2,'2013-10-17'),(79133,'INSERT INTO gne_vale_ferreteria_mov (vfe_id,pro_codigo_plu,vfm_cantidad,vfm_unitario,vfm_total,vfm_entregado) VALUES (14104,764583,1,250,250,@@@NO@@@)','',2,'2013-10-17'),(79134,'INSERT INTO gne_vale_ferreteria (vfe_id,vfe_fecha,vfe_total,vfe_estado,vfe_entregado,usu_nusuario) VALUES (14105,@@@2013.10.17@@@,1050,1,0,@@@G_DIAZ@@@)','',2,'2013-10-17'),(79135,'INSERT INTO gne_vale_ferreteria_mov (vfe_id,pro_codigo_plu,vfm_cantidad,vfm_unitario,vfm_total,vfm_entregado) VALUES (14105,78017205,1,1050,1050,@@@NO@@@)','',2,'2013-10-17'),(79136,'INSERT INTO gne_vale_ferreteria (vfe_id,vfe_fecha,vfe_total,vfe_estado,vfe_entregado,usu_nusuario) VALUES (14106,@@@2013.10.17@@@,200,1,0,@@@G_DIAZ@@@)','',2,'2013-10-17'),(79137,'INSERT INTO gne_vale_ferreteria_mov (vfe_id,pro_codigo_plu,vfm_cantidad,vfm_unitario,vfm_total,vfm_entregado) VALUES (14106,880006,1,200,200,@@@NO@@@)','',2,'2013-10-17'),(79138,'INSERT INTO gne_vale_ferreteria (vfe_id,vfe_fecha,vfe_total,vfe_estado,vfe_entregado,usu_nusuario) VALUES (14107,@@@2013.10.17@@@,1990,1,0,@@@G_DIAZ@@@)','',2,'2013-10-17'),(79139,'INSERT INTO gne_vale_ferreteria_mov (vfe_id,pro_codigo_plu,vfm_cantidad,vfm_unitario,vfm_total,vfm_entregado) VALUES (14107,764482,1,1990,1990,@@@NO@@@)','',2,'2013-10-17'),(79140,'UPDATE mae_productos SET pro_margen_actual=-99.45,pro_precio_venta=1 WHERE pro_codigo_plu=780722016','',2,'2013-10-17'),(79141,'UPDATE mae_productos SET pro_margen_actual=-99.75,pro_precio_venta=1 WHERE pro_codigo_plu=780722018','',2,'2013-10-17'),(79142,'UPDATE mae_productos SET pro_margen_actual=-99.75,pro_precio_venta=1 WHERE pro_codigo_plu=780722019','',2,'2013-10-17'),(79143,'UPDATE mae_productos SET pro_margen_actual=-99.57,pro_precio_venta=1 WHERE pro_codigo_plu=780722017','',2,'2013-10-17'),(79144,'UPDATE mae_productos SET pro_margen_actual=8.49,pro_precio_venta=1290 WHERE pro_codigo_plu=18559','',2,'2013-10-17'),(79145,'UPDATE mae_productos SET pro_margen_actual=8.26,pro_precio_venta=1290 WHERE pro_codigo_plu=18557','',2,'2013-10-17'),(79146,'UPDATE mae_productos SET pro_precio_fiscal=pro_precio_venta WHERE pro_codigo_plu=18559','',2,'2013-10-17'),(79147,'UPDATE gpr_pack_virtual SET pav_activo=@@@NO@@@ WHERE pav_id=22','',2,'2013-10-17'),(79148,'UPDATE mae_productos SET pro_precio_fiscal=pro_precio_venta WHERE pro_codigo_plu=18557','',2,'2013-10-17'),(79149,'INSERT INTO gne_vale_ferreteria (vfe_id,vfe_fecha,vfe_total,vfe_estado,vfe_entregado,usu_nusuario) VALUES (14108,@@@2013.10.17@@@,780,1,0,@@@G_DIAZ@@@)','',2,'2013-10-17'),(79150,'INSERT INTO gne_vale_ferreteria_mov (vfe_id,pro_codigo_plu,vfm_cantidad,vfm_unitario,vfm_total,vfm_entregado) VALUES (14108,1552,1,490,490,@@@NO@@@)','',2,'2013-10-17'),(79151,'INSERT INTO gne_vale_ferreteria_mov (vfe_id,pro_codigo_plu,vfm_cantidad,vfm_unitario,vfm_total,vfm_entregado) VALUES (14108,3103,1,290,290,@@@NO@@@)','',2,'2013-10-17'),(79152,'UPDATE mae_productos SET pro_precio_venta=320,pro_margen_actual= 39.15 WHERE pro_codigo_plu=780722017','',2,'2013-10-17'),(79153,'UPDATE mae_productos SET pro_precio_venta=399,pro_margen_actual= 35.2 WHERE pro_codigo_plu=762719','',2,'2013-10-17'),(79154,'UPDATE mae_productos SET pro_precio_venta=540,pro_margen_actual= 33.47 WHERE pro_codigo_plu=780722018','',2,'2013-10-17'),(79155,'UPDATE mae_productos SET pro_precio_venta=540,pro_margen_actual= 33.47 WHERE pro_codigo_plu=780722019','',2,'2013-10-17'),(79156,'UPDATE mae_productos SET pro_precio_venta=260,pro_margen_actual= 42.65 WHERE pro_codigo_plu=780722016','',2,'2013-10-17'),(79157,'UPDATE mae_productos SET pro_precio_venta=490,pro_margen_actual= 26.7 WHERE pro_codigo_plu=17069','',2,'2013-10-17'),(79158,'UPDATE mae_productos SET pro_precio_venta=540,pro_margen_actual= 39.63 WHERE pro_codigo_plu=17072','',2,'2013-10-17'),(79159,'UPDATE mae_productos SET pro_precio_venta=480,pro_margen_actual= 36.16 WHERE pro_codigo_plu=14850','',2,'2013-10-17'),(79160,'UPDATE mae_productos SET pro_precio_venta=590,pro_margen_actual= 41.19 WHERE pro_codigo_plu=12586','',2,'2013-10-17'),(79161,'UPDATE mae_productos SET pro_precio_venta=590,pro_margen_actual= 48.59 WHERE pro_codigo_plu=12585','',2,'2013-10-17'),(79162,'UPDATE mae_productos SET pro_precio_venta=2490,pro_margen_actual= 44.91 WHERE pro_codigo_plu=780722014','',2,'2013-10-17'),(79163,'UPDATE mae_productos SET pro_precio_venta=590,pro_margen_actual= 48.59 WHERE pro_codigo_plu=780722015','',2,'2013-10-17'),(79164,'UPDATE mae_productos SET pro_margen_actual=42.65,pro_precio_venta=260 WHERE pro_codigo_plu=780722016','',2,'2013-10-17'),(79165,'UPDATE mae_productos SET pro_margen_actual=39.63,pro_precio_venta=540 WHERE pro_codigo_plu=17072','',2,'2013-10-17'),(79166,'UPDATE mae_productos SET pro_margen_actual=33.47,pro_precio_venta=540 WHERE pro_codigo_plu=780722018','',2,'2013-10-17'),(79167,'UPDATE mae_productos SET pro_margen_actual=33.47,pro_precio_venta=540 WHERE pro_codigo_plu=780722019','',2,'2013-10-17'),(79168,'UPDATE mae_productos SET pro_margen_actual=36.16,pro_precio_venta=480 WHERE pro_codigo_plu=14850','',2,'2013-10-17'),(79169,'UPDATE mae_productos SET pro_margen_actual=44.91,pro_precio_venta=2490 WHERE pro_codigo_plu=780722014','',2,'2013-10-17'),(79170,'UPDATE mae_productos SET pro_margen_actual=41.19,pro_precio_venta=590 WHERE pro_codigo_plu=12586','',2,'2013-10-17'),(79171,'UPDATE mae_productos SET pro_margen_actual=48.59,pro_precio_venta=590 WHERE pro_codigo_plu=780722015','',2,'2013-10-17'),(79172,'UPDATE mae_productos SET pro_margen_actual=48.59,pro_precio_venta=590 WHERE pro_codigo_plu=12585','',2,'2013-10-17'),(79173,'UPDATE mae_productos SET pro_margen_actual=35.2,pro_precio_venta=399 WHERE pro_codigo_plu=762719','',2,'2013-10-17'),(79174,'UPDATE mae_productos SET pro_margen_actual=39.15,pro_precio_venta=320 WHERE pro_codigo_plu=780722017','',2,'2013-10-17'),(79175,'UPDATE mae_productos SET pro_margen_actual=39.63,pro_precio_venta=540 WHERE pro_codigo_plu=17069','',2,'2013-10-17'),(79176,'UPDATE mae_productos SET pro_precio_fiscal=pro_precio_venta WHERE pro_codigo_plu=780722017','',2,'2013-10-17'),(79177,'UPDATE mae_productos SET pro_precio_fiscal=pro_precio_venta WHERE pro_codigo_plu=762719','',2,'2013-10-17'),(79178,'UPDATE mae_productos SET pro_precio_fiscal=pro_precio_venta WHERE pro_codigo_plu=780722018','',2,'2013-10-17'),(79179,'UPDATE mae_productos SET pro_precio_fiscal=pro_precio_venta WHERE pro_codigo_plu=780722019','',2,'2013-10-17'),(79180,'UPDATE mae_productos SET pro_precio_fiscal=pro_precio_venta WHERE pro_codigo_plu=780722016','',2,'2013-10-17'),(79181,'UPDATE mae_productos SET pro_precio_fiscal=pro_precio_venta WHERE pro_codigo_plu=14850','',2,'2013-10-17'),(79182,'UPDATE mae_productos SET pro_precio_fiscal=pro_precio_venta WHERE pro_codigo_plu=12586','',2,'2013-10-17'),(79183,'UPDATE mae_productos SET pro_precio_fiscal=pro_precio_venta WHERE pro_codigo_plu=12585','',2,'2013-10-17'),(79184,'UPDATE mae_productos SET pro_precio_fiscal=pro_precio_venta WHERE pro_codigo_plu=780722014','',2,'2013-10-17'),(79185,'UPDATE mae_productos SET pro_precio_fiscal=pro_precio_venta WHERE pro_codigo_plu=780722015','',2,'2013-10-17'),(79186,'UPDATE mae_productos SET pro_precio_fiscal=pro_precio_venta WHERE pro_codigo_plu=17069','',2,'2013-10-17'),(79187,'UPDATE mae_productos SET pro_precio_fiscal=pro_precio_venta WHERE pro_codigo_plu=17072','',2,'2013-10-17'),(79188,'INSERT INTO gne_vale_ferreteria (vfe_id,vfe_fecha,vfe_total,vfe_estado,vfe_entregado,usu_nusuario) VALUES (14109,@@@2013.10.17@@@,100,1,0,@@@G_DIAZ@@@)','',2,'2013-10-17'),(79189,'INSERT INTO gne_vale_ferreteria_mov (vfe_id,pro_codigo_plu,vfm_cantidad,vfm_unitario,vfm_total,vfm_entregado) VALUES (14109,764833,10,10,100,@@@NO@@@)','',2,'2013-10-17'),(79190,'INSERT INTO gne_vale_ferreteria (vfe_id,vfe_fecha,vfe_total,vfe_estado,vfe_entregado,usu_nusuario) VALUES (14110,@@@2013.10.17@@@,1590,1,0,@@@G_DIAZ@@@)','',2,'2013-10-17'),(79191,'INSERT INTO gne_vale_ferreteria_mov (vfe_id,pro_codigo_plu,vfm_cantidad,vfm_unitario,vfm_total,vfm_entregado) VALUES (14110,19964,1,1590,1590,@@@NO@@@)','',2,'2013-10-17'),(79192,'INSERT INTO gne_vale_ferreteria (vfe_id,vfe_fecha,vfe_total,vfe_estado,vfe_entregado,usu_nusuario) VALUES (14111,@@@2013.10.17@@@,100,1,0,@@@G_DIAZ@@@)','',2,'2013-10-17'),(79193,'INSERT INTO gne_vale_ferreteria_mov (vfe_id,pro_codigo_plu,vfm_cantidad,vfm_unitario,vfm_total,vfm_entregado) VALUES (14111,1542,1,100,100,@@@NO@@@)','',2,'2013-10-17'),(79194,'INSERT INTO gne_vale_ferreteria (vfe_id,vfe_fecha,vfe_total,vfe_estado,vfe_entregado,usu_nusuario) VALUES (14112,@@@2013.10.17@@@,300,1,0,@@@G_DIAZ@@@)','',2,'2013-10-17'),(79195,'INSERT INTO gne_vale_ferreteria_mov (vfe_id,pro_codigo_plu,vfm_cantidad,vfm_unitario,vfm_total,vfm_entregado) VALUES (14112,8021,2,150,300,@@@NO@@@)','',2,'2013-10-17'),(79196,'INSERT INTO gne_vale_ferreteria (vfe_id,vfe_fecha,vfe_total,vfe_estado,vfe_entregado,usu_nusuario) VALUES (14113,@@@2013.10.17@@@,450,1,0,@@@G_DIAZ@@@)','',2,'2013-10-17'),(79197,'INSERT INTO gne_vale_ferreteria_mov (vfe_id,pro_codigo_plu,vfm_cantidad,vfm_unitario,vfm_total,vfm_entregado) VALUES (14113,780721808,1,450,450,@@@NO@@@)','',2,'2013-10-17'),(79198,'INSERT INTO gne_vale_ferreteria (vfe_id,vfe_fecha,vfe_total,vfe_estado,vfe_entregado,usu_nusuario) VALUES (14114,@@@2013.10.17@@@,150,1,0,@@@G_DIAZ@@@)','',2,'2013-10-17'),(79199,'INSERT INTO gne_vale_ferreteria_mov (vfe_id,pro_codigo_plu,vfm_cantidad,vfm_unitario,vfm_total,vfm_entregado) VALUES (14114,4088,1,150,150,@@@NO@@@)','',2,'2013-10-17'),(79200,'INSERT INTO gne_vale_ferreteria (vfe_id,vfe_fecha,vfe_total,vfe_estado,vfe_entregado,usu_nusuario) VALUES (14115,@@@2013.10.17@@@,100,1,0,@@@G_DIAZ@@@)','',2,'2013-10-17'),(79201,'INSERT INTO gne_vale_ferreteria_mov (vfe_id,pro_codigo_plu,vfm_cantidad,vfm_unitario,vfm_total,vfm_entregado) VALUES (14115,20394,1,100,100,@@@NO@@@)','',2,'2013-10-17'),(79202,'INSERT INTO gne_vale_ferreteria (vfe_id,vfe_fecha,vfe_total,vfe_estado,vfe_entregado,usu_nusuario) VALUES (14116,@@@2013.10.17@@@,1990,1,0,@@@G_DIAZ@@@)','',2,'2013-10-17'),(79203,'INSERT INTO gne_vale_ferreteria_mov (vfe_id,pro_codigo_plu,vfm_cantidad,vfm_unitario,vfm_total,vfm_entregado) VALUES (14116,764482,1,1990,1990,@@@NO@@@)','',2,'2013-10-17'),(79204,'INSERT INTO gne_vale_ferreteria (vfe_id,vfe_fecha,vfe_total,vfe_estado,vfe_entregado,usu_nusuario) VALUES (14117,@@@2013.10.17@@@,790,1,0,@@@G_DIAZ@@@)','',2,'2013-10-17'),(79205,'INSERT INTO gne_vale_ferreteria_mov (vfe_id,pro_codigo_plu,vfm_cantidad,vfm_unitario,vfm_total,vfm_entregado) VALUES (14117,101454,1,790,790,@@@NO@@@)','',2,'2013-10-17'),(79206,'INSERT INTO gne_vale_ferreteria (vfe_id,vfe_fecha,vfe_total,vfe_estado,vfe_entregado,usu_nusuario) VALUES (14118,@@@2013.10.17@@@,700,1,0,@@@G_DIAZ@@@)','',2,'2013-10-17'),(79207,'INSERT INTO gne_vale_ferreteria_mov (vfe_id,pro_codigo_plu,vfm_cantidad,vfm_unitario,vfm_total,vfm_entregado) VALUES (14118,19150,1,350,350,@@@NO@@@)','',2,'2013-10-17'),(79208,'INSERT INTO gne_vale_ferreteria_mov (vfe_id,pro_codigo_plu,vfm_cantidad,vfm_unitario,vfm_total,vfm_entregado) VALUES (14118,12719,1,350,350,@@@NO@@@)','',2,'2013-10-17'),(79209,'INSERT INTO mae_productos (pro_codigo_plu,pro_codigo_barra,pro_tipo,pro_nombre_producto,pro_nombre_corto,med_id,emb_id,pro_unidades_embalaje,dep_id,lin_id,mar_id,pro_precio_compra_neto,pro_precio_compra_bruto,pro_precio_venta,pro_margen_actual,pro_oferta,pro_fecha_inicio_oferta,pro_fecha_termino_oferta,pro_precio_oferta,pro_stock_minimo,pro_stock_critico,pro_entradas_bodega,pro_salidas_bodega,pro_mermas_bodega,pro_ajustes_bodega,pro_entradas_sv,pro_salidas_sv,pro_mermas_sv,pro_ajustes_sv,pro_activo,rec_numero,pro_unidad,pro_capacidad,pro_consumo_bodega,pro_consumo_sv,pro_estado,pro_funcion_plu,pro_flejes,pro_iva,pro_plu_asociado,pro_envase,pro_duracion,pro_numero_etiqueta) VALUES (780722020,@@@7802820701012@@@,@@@0@@@,@@@POWER ROJO  600 ML@@@,@@@POWER ROJO  600 @@@,@@@7 @@@,@@@6 @@@,@@@6@@@,@@@4 @@@,@@@223@@@,@@@2514@@@,@@@0@@@,@@@677.91@@@,@@@1@@@,@@@-99.85@@@,@@@@@@,@@@2006.09.07@@@,@@@2006.09.07@@@,@@@0@@@,@@@12@@@,@@@6@@@,@@@0@@@,@@@0@@@,@@@0@@@,@@@0@@@,@@@0@@@,@@@0@@@,@@@0@@@,@@@0@@@,@@@1@@@,@@@0@@@,0,600,0,0,2,0,1,1,0,@@@NO@@@,0,0)','',2,'2013-10-17'),(79210,'DELETE FROM mae_impuestos_productos WHERE pro_codigo_plu=@@@780722020@@@','',2,'2013-10-17'),(79211,'INSERT INTO mae_productos (pro_codigo_plu,pro_codigo_barra,pro_tipo,pro_nombre_producto,pro_nombre_corto,med_id,emb_id,pro_unidades_embalaje,dep_id,lin_id,mar_id,pro_precio_compra_neto,pro_precio_compra_bruto,pro_precio_venta,pro_margen_actual,pro_oferta,pro_fecha_inicio_oferta,pro_fecha_termino_oferta,pro_precio_oferta,pro_stock_minimo,pro_stock_critico,pro_entradas_bodega,pro_salidas_bodega,pro_mermas_bodega,pro_ajustes_bodega,pro_entradas_sv,pro_salidas_sv,pro_mermas_sv,pro_ajustes_sv,pro_activo,rec_numero,pro_unidad,pro_capacidad,pro_consumo_bodega,pro_consumo_sv,pro_estado,pro_funcion_plu,pro_flejes,pro_iva,pro_plu_asociado,pro_envase,pro_duracion,pro_numero_etiqueta) VALUES (780722021,@@@7802820700305@@@,@@@0@@@,@@@ANDINA PIÑA LATA 335 CC@@@,@@@ANDINA PIÑA LATA@@@,@@@6 @@@,@@@6 @@@,@@@6@@@,@@@4 @@@,@@@224@@@,@@@480@@@,@@@0@@@,@@@254.25@@@,@@@1@@@,@@@-99.61@@@,@@@@@@,@@@2006.09.07@@@,@@@2006.09.07@@@,@@@0@@@,@@@12@@@,@@@6@@@,@@@0@@@,@@@0@@@,@@@0@@@,@@@0@@@,@@@0@@@,@@@0@@@,@@@0@@@,@@@0@@@,@@@1@@@,@@@0@@@,0,335,0,0,2,0,1,1,0,@@@NO@@@,0,0)','',2,'2013-10-17'),(79212,'DELETE FROM mae_impuestos_productos WHERE pro_codigo_plu=@@@780722021@@@','',2,'2013-10-17'),(79213,'INSERT INTO mae_productos (pro_codigo_plu,pro_codigo_barra,pro_tipo,pro_nombre_producto,pro_nombre_corto,med_id,emb_id,pro_unidades_embalaje,dep_id,lin_id,mar_id,pro_precio_compra_neto,pro_precio_compra_bruto,pro_precio_venta,pro_margen_actual,pro_oferta,pro_fecha_inicio_oferta,pro_fecha_termino_oferta,pro_precio_oferta,pro_stock_minimo,pro_stock_critico,pro_entradas_bodega,pro_salidas_bodega,pro_mermas_bodega,pro_ajustes_bodega,pro_entradas_sv,pro_salidas_sv,pro_mermas_sv,pro_ajustes_sv,pro_activo,rec_numero,pro_unidad,pro_capacidad,pro_consumo_bodega,pro_consumo_sv,pro_estado,pro_funcion_plu,pro_flejes,pro_iva,pro_plu_asociado,pro_envase,pro_duracion,pro_numero_etiqueta) VALUES (780722022,@@@7802820700114@@@,@@@0@@@,@@@ANDINA NARANJA LATA 335 CC@@@,@@@ANDINA NARANJA L@@@,@@@6 @@@,@@@6 @@@,@@@12@@@,@@@4 @@@,@@@224@@@,@@@480@@@,@@@0@@@,@@@254.25@@@,@@@1@@@,@@@-99.61@@@,@@@@@@,@@@2006.09.07@@@,@@@2006.09.07@@@,@@@0@@@,@@@12@@@,@@@6@@@,@@@0@@@,@@@0@@@,@@@0@@@,@@@0@@@,@@@0@@@,@@@0@@@,@@@0@@@,@@@0@@@,@@@1@@@,@@@0@@@,0,335,0,0,2,0,1,1,0,@@@NO@@@,0,0)','',2,'2013-10-17'),(79214,'DELETE FROM mae_impuestos_productos WHERE pro_codigo_plu=@@@780722022@@@','',2,'2013-10-17'),(79215,'UPDATE mae_productos SET pro_precio_compra_bruto=1800,pro_margen_actual=(pro_precio_venta-1800)/1800 * 100,pro_ultima_compra=@@@2013.10.17@@@,pro_ultimo_proveedor=@@@14094193-k@@@ WHERE pro_codigo_plu=209','',2,'2013-10-17'),(79216,'UPDATE mae_productos SET pro_precio_compra_bruto=1600,pro_margen_actual=(pro_precio_venta-1600)/1600 * 100,pro_ultima_compra=@@@2013.10.17@@@,pro_ultimo_proveedor=@@@14094193-k@@@ WHERE pro_codigo_plu=306','',2,'2013-10-17'),(79217,'INSERT INTO gne_vale_ferreteria (vfe_id,vfe_fecha,vfe_total,vfe_estado,vfe_entregado,usu_nusuario) VALUES (14119,@@@2013.10.17@@@,720,1,0,@@@G_DIAZ@@@)','',2,'2013-10-17'),(79218,'INSERT INTO gne_vale_ferreteria_mov (vfe_id,pro_codigo_plu,vfm_cantidad,vfm_unitario,vfm_total,vfm_entregado) VALUES (14119,763934,1,720,720,@@@NO@@@)','',2,'2013-10-17'),(79219,'UPDATE mae_productos SET pro_precio_compra_bruto=507.91,pro_margen_actual=(pro_precio_venta-507.91)/507.91 * 100,pro_ultima_compra=@@@2013.10.17@@@,pro_ultimo_proveedor=@@@93281000-k@@@ WHERE pro_codigo_plu=78017106','',2,'2013-10-17'),(79220,'UPDATE mae_productos SET pro_precio_compra_bruto=566,pro_margen_actual=(pro_precio_venta-566)/566 * 100,pro_ultima_compra=@@@2013.10.17@@@,pro_ultimo_proveedor=@@@93281000-k@@@ WHERE pro_codigo_plu=17225','',2,'2013-10-17'),(79221,'UPDATE mae_productos SET pro_precio_compra_bruto=566,pro_margen_actual=(pro_precio_venta-566)/566 * 100,pro_ultima_compra=@@@2013.10.17@@@,pro_ultimo_proveedor=@@@93281000-k@@@ WHERE pro_codigo_plu=17313','',2,'2013-10-17'),(79222,'UPDATE mae_productos SET pro_precio_compra_bruto=785,pro_margen_actual=(pro_precio_venta-785)/785 * 100,pro_ultima_compra=@@@2013.10.17@@@,pro_ultimo_proveedor=@@@93281000-k@@@ WHERE pro_codigo_plu=17224','',2,'2013-10-17'),(79223,'UPDATE mae_productos SET pro_precio_compra_bruto=785,pro_margen_actual=(pro_precio_venta-785)/785 * 100,pro_ultima_compra=@@@2013.10.17@@@,pro_ultimo_proveedor=@@@93281000-k@@@ WHERE pro_codigo_plu=17319','',2,'2013-10-17'),(79224,'UPDATE mae_productos SET pro_precio_compra_bruto=1235.94,pro_margen_actual=(pro_precio_venta-1235.94)/1235.94 * 100,pro_ultima_compra=@@@2013.10.17@@@,pro_ultimo_proveedor=@@@93281000-k@@@ WHERE pro_codigo_plu=17162','',2,'2013-10-17'),(79225,'UPDATE mae_productos SET pro_precio_compra_bruto=1272.26,pro_margen_actual=(pro_precio_venta-1272.26)/1272.26 * 100,pro_ultima_compra=@@@2013.10.17@@@,pro_ultimo_proveedor=@@@93281000-k@@@ WHERE pro_codigo_plu=763370','',2,'2013-10-17'),(79226,'UPDATE mae_productos SET pro_precio_compra_bruto=1235.93,pro_margen_actual=(pro_precio_venta-1235.93)/1235.93 * 100,pro_ultima_compra=@@@2013.10.17@@@,pro_ultimo_proveedor=@@@93281000-k@@@ WHERE pro_codigo_plu=262404','',2,'2013-10-17'),(79227,'UPDATE mae_productos SET pro_precio_compra_bruto=1235.95,pro_margen_actual=(pro_precio_venta-1235.95)/1235.95 * 100,pro_ultima_compra=@@@2013.10.17@@@,pro_ultimo_proveedor=@@@93281000-k@@@ WHERE pro_codigo_plu=17219','',2,'2013-10-17'),(79228,'UPDATE mae_productos SET pro_precio_compra_bruto=1235.95,pro_margen_actual=(pro_precio_venta-1235.95)/1235.95 * 100,pro_ultima_compra=@@@2013.10.17@@@,pro_ultimo_proveedor=@@@93281000-k@@@ WHERE pro_codigo_plu=17334','',2,'2013-10-17'),(79229,'UPDATE mae_productos SET pro_precio_compra_bruto=900,pro_margen_actual=(pro_precio_venta-900)/900 * 100,pro_ultima_compra=@@@2013.10.17@@@,pro_ultimo_proveedor=@@@93281000-K@@@ WHERE pro_codigo_plu=102249','',2,'2013-10-17'),(79230,'UPDATE mae_productos SET pro_precio_compra_bruto=677.91,pro_margen_actual=(pro_precio_venta-677.91)/677.91 * 100,pro_ultima_compra=@@@2013.10.17@@@,pro_ultimo_proveedor=@@@93281000-K@@@ WHERE pro_codigo_plu=18466','',2,'2013-10-17'),(79231,'UPDATE mae_productos SET pro_precio_compra_bruto=677.91,pro_margen_actual=(pro_precio_venta-677.91)/677.91 * 100,pro_ultima_compra=@@@2013.10.17@@@,pro_ultimo_proveedor=@@@93281000-K@@@ WHERE pro_codigo_plu=18468','',2,'2013-10-17'),(79232,'UPDATE mae_productos SET pro_precio_compra_bruto=677.91,pro_margen_actual=(pro_precio_venta-677.91)/677.91 * 100,pro_ultima_compra=@@@2013.10.17@@@,pro_ultimo_proveedor=@@@93281000-K@@@ WHERE pro_codigo_plu=763372','',2,'2013-10-17'),(79233,'UPDATE mae_productos SET pro_precio_compra_bruto=677.91,pro_margen_actual=(pro_precio_venta-677.91)/677.91 * 100,pro_ultima_compra=@@@2013.10.17@@@,pro_ultimo_proveedor=@@@93281000-K@@@ WHERE pro_codigo_plu=780722020','',2,'2013-10-17'),(79234,'UPDATE mae_productos SET pro_precio_compra_bruto=254.25,pro_margen_actual=(pro_precio_venta-254.25)/254.25 * 100,pro_ultima_compra=@@@2013.10.17@@@,pro_ultimo_proveedor=@@@93281000-K@@@ WHERE pro_codigo_plu=780722021','',2,'2013-10-17'),(79235,'UPDATE mae_productos SET pro_precio_compra_bruto=254.25,pro_margen_actual=(pro_precio_venta-254.25)/254.25 * 100,pro_ultima_compra=@@@2013.10.17@@@,pro_ultimo_proveedor=@@@93281000-K@@@ WHERE pro_codigo_plu=780722022','',2,'2013-10-17'),(79236,'INSERT INTO gne_vale_ferreteria (vfe_id,vfe_fecha,vfe_total,vfe_estado,vfe_entregado,usu_nusuario) VALUES (14120,@@@2013.10.17@@@,1160,1,0,@@@G_DIAZ@@@)','',2,'2013-10-17'),(79237,'INSERT INTO gne_vale_ferreteria_mov (vfe_id,pro_codigo_plu,vfm_cantidad,vfm_unitario,vfm_total,vfm_entregado) VALUES (14120,764264,1,960,960,@@@NO@@@)','',2,'2013-10-17'),(79238,'INSERT INTO gne_vale_ferreteria_mov (vfe_id,pro_codigo_plu,vfm_cantidad,vfm_unitario,vfm_total,vfm_entregado) VALUES (14120,78017194,1,200,200,@@@NO@@@)','',2,'2013-10-17'),(79239,'INSERT INTO gne_vale_ferreteria (vfe_id,vfe_fecha,vfe_total,vfe_estado,vfe_entregado,usu_nusuario) VALUES (14121,@@@2013.10.17@@@,390,1,0,@@@G_DIAZ@@@)','',2,'2013-10-17'),(79240,'INSERT INTO gne_vale_ferreteria_mov (vfe_id,pro_codigo_plu,vfm_cantidad,vfm_unitario,vfm_total,vfm_entregado) VALUES (14121,780721420,1,390,390,@@@NO@@@)','',2,'2013-10-17'),(79241,'INSERT INTO gne_vale_ferreteria (vfe_id,vfe_fecha,vfe_total,vfe_estado,vfe_entregado,usu_nusuario) VALUES (14122,@@@2013.10.17@@@,1890,1,0,@@@G_DIAZ@@@)','',2,'2013-10-17'),(79242,'INSERT INTO gne_vale_ferreteria_mov (vfe_id,pro_codigo_plu,vfm_cantidad,vfm_unitario,vfm_total,vfm_entregado) VALUES (14122,780722009,1,1890,1890,@@@NO@@@)','',2,'2013-10-17'),(79243,'INSERT INTO gne_vale_ferreteria (vfe_id,vfe_fecha,vfe_total,vfe_estado,vfe_entregado,usu_nusuario) VALUES (14123,@@@2013.10.17@@@,470,1,0,@@@G_DIAZ@@@)','',2,'2013-10-17'),(79244,'INSERT INTO gne_vale_ferreteria_mov (vfe_id,pro_codigo_plu,vfm_cantidad,vfm_unitario,vfm_total,vfm_entregado) VALUES (14123,8022,1,120,120,@@@NO@@@)','',2,'2013-10-17'),(79245,'INSERT INTO gne_vale_ferreteria_mov (vfe_id,pro_codigo_plu,vfm_cantidad,vfm_unitario,vfm_total,vfm_entregado) VALUES (14123,780721986,1,350,350,@@@NO@@@)','',2,'2013-10-17'),(79246,'INSERT INTO gne_vale_ferreteria (vfe_id,vfe_fecha,vfe_total,vfe_estado,vfe_entregado,usu_nusuario) VALUES (14124,@@@2013.10.17@@@,1300,1,0,@@@G_DIAZ@@@)','',2,'2013-10-17'),(79247,'INSERT INTO gne_vale_ferreteria_mov (vfe_id,pro_codigo_plu,vfm_cantidad,vfm_unitario,vfm_total,vfm_entregado) VALUES (14124,11670,1,930,930,@@@NO@@@)','',2,'2013-10-17'),(79248,'INSERT INTO gne_vale_ferreteria_mov (vfe_id,pro_codigo_plu,vfm_cantidad,vfm_unitario,vfm_total,vfm_entregado) VALUES (14124,102408,1,370,370,@@@NO@@@)','',2,'2013-10-17'),(79249,'UPDATE mae_productos SET pro_precio_compra_bruto=1492.26,pro_margen_actual=(pro_precio_venta-1492.26)/1492.26 * 100,pro_ultima_compra=@@@2013.10.17@@@,pro_ultimo_proveedor=@@@90703000-8@@@ WHERE pro_codigo_plu=19384','',2,'2013-10-17'),(79250,'UPDATE mae_productos SET pro_precio_compra_bruto=1492.26,pro_margen_actual=(pro_precio_venta-1492.26)/1492.26 * 100,pro_ultima_compra=@@@2013.10.17@@@,pro_ultimo_proveedor=@@@90703000-8@@@ WHERE pro_codigo_plu=19385','',2,'2013-10-17'),(79251,'UPDATE mae_productos SET pro_precio_compra_bruto=1492.26,pro_margen_actual=(pro_precio_venta-1492.26)/1492.26 * 100,pro_ultima_compra=@@@2013.10.17@@@,pro_ultimo_proveedor=@@@90703000-8@@@ WHERE pro_codigo_plu=19391','',2,'2013-10-17'),(79252,'UPDATE mae_productos SET pro_precio_compra_bruto=354.62,pro_margen_actual=(pro_precio_venta-354.62)/354.62 * 100,pro_ultima_compra=@@@2013.10.17@@@,pro_ultimo_proveedor=@@@90703000-8@@@ WHERE pro_codigo_plu=763928','',2,'2013-10-17'),(79253,'UPDATE mae_productos SET pro_precio_compra_bruto=354.62,pro_margen_actual=(pro_precio_venta-354.62)/354.62 * 100,pro_ultima_compra=@@@2013.10.17@@@,pro_ultimo_proveedor=@@@90703000-8@@@ WHERE pro_codigo_plu=763926','',2,'2013-10-17'),(79254,'UPDATE mae_productos SET pro_precio_compra_bruto=77.35,pro_margen_actual=(pro_precio_venta-77.35)/77.35 * 100,pro_ultima_compra=@@@2013.10.17@@@,pro_ultimo_proveedor=@@@90703000-8@@@ WHERE pro_codigo_plu=763931','',2,'2013-10-17'),(79255,'UPDATE mae_productos SET pro_precio_compra_bruto=192.78,pro_margen_actual=(pro_precio_venta-192.78)/192.78 * 100,pro_ultima_compra=@@@2013.10.17@@@,pro_ultimo_proveedor=@@@90703000-8@@@ WHERE pro_codigo_plu=763929','',2,'2013-10-17'),(79256,'UPDATE mae_productos SET pro_precio_compra_bruto=276.08,pro_margen_actual=(pro_precio_venta-276.08)/276.08 * 100,pro_ultima_compra=@@@2013.10.17@@@,pro_ultimo_proveedor=@@@90703000-8@@@ WHERE pro_codigo_plu=780721638','',2,'2013-10-17'),(79257,'UPDATE mae_productos SET pro_precio_compra_bruto=1717.17,pro_margen_actual=(pro_precio_venta-1717.17)/1717.17 * 100,pro_ultima_compra=@@@2013.10.17@@@,pro_ultimo_proveedor=@@@90703000-8@@@ WHERE pro_codigo_plu=19602','',2,'2013-10-17'),(79258,'UPDATE mae_productos SET pro_precio_compra_bruto=1717.17,pro_margen_actual=(pro_precio_venta-1717.17)/1717.17 * 100,pro_ultima_compra=@@@2013.10.17@@@,pro_ultimo_proveedor=@@@90703000-8@@@ WHERE pro_codigo_plu=19595','',2,'2013-10-17'),(79259,'UPDATE mae_productos SET pro_precio_compra_bruto=542.64,pro_margen_actual=(pro_precio_venta-542.64)/542.64 * 100,pro_ultima_compra=@@@2013.10.17@@@,pro_ultimo_proveedor=@@@90703000-8@@@ WHERE pro_codigo_plu=763939','',2,'2013-10-17'),(79260,'UPDATE mae_productos SET pro_precio_compra_bruto=542.64,pro_margen_actual=(pro_precio_venta-542.64)/542.64 * 100,pro_ultima_compra=@@@2013.10.17@@@,pro_ultimo_proveedor=@@@90703000-8@@@ WHERE pro_codigo_plu=763941','',2,'2013-10-17'),(79261,'UPDATE mae_productos SET pro_precio_compra_bruto=1492.26,pro_margen_actual=(pro_precio_venta-1492.26)/1492.26 * 100,pro_ultima_compra=@@@2013.10.17@@@,pro_ultimo_proveedor=@@@90703000-8@@@ WHERE pro_codigo_plu=763559','',2,'2013-10-17'),(79262,'UPDATE mae_productos SET pro_precio_venta=470,pro_margen_actual= 32.54 WHERE pro_codigo_plu=763926','',2,'2013-10-17'),(79263,'UPDATE mae_productos SET pro_precio_venta=1650,pro_margen_actual= 29.69 WHERE pro_codigo_plu=763370','',2,'2013-10-17'),(79264,'UPDATE mae_productos SET pro_precio_venta=350,pro_margen_actual= 37.66 WHERE pro_codigo_plu=780722022','',2,'2013-10-17'),(79265,'UPDATE mae_productos SET pro_precio_venta=350,pro_margen_actual= 37.66 WHERE pro_codigo_plu=780722021','',2,'2013-10-17'),(79266,'UPDATE mae_productos SET pro_precio_venta=890,pro_margen_actual= 31.29 WHERE pro_codigo_plu=780722020','',2,'2013-10-17'),(79267,'UPDATE mae_productos SET pro_margen_actual=37.66,pro_precio_venta=350 WHERE pro_codigo_plu=780722022','',2,'2013-10-17'),(79268,'UPDATE mae_productos SET pro_margen_actual=37.66,pro_precio_venta=350 WHERE pro_codigo_plu=780722021','',2,'2013-10-17'),(79269,'UPDATE mae_productos SET pro_margen_actual=32.54,pro_precio_venta=470 WHERE pro_codigo_plu=763926','',2,'2013-10-17'),(79270,'UPDATE mae_productos SET pro_margen_actual=29.69,pro_precio_venta=1650 WHERE pro_codigo_plu=763370','',2,'2013-10-17'),(79271,'UPDATE mae_productos SET pro_margen_actual=31.29,pro_precio_venta=890 WHERE pro_codigo_plu=780722020','',2,'2013-10-17'),(79272,'UPDATE mae_productos SET pro_precio_fiscal=pro_precio_venta WHERE pro_codigo_plu=763926','',2,'2013-10-17'),(79273,'UPDATE mae_productos SET pro_precio_fiscal=pro_precio_venta WHERE pro_codigo_plu=763370','',2,'2013-10-17'),(79274,'UPDATE mae_productos SET pro_precio_fiscal=pro_precio_venta WHERE pro_codigo_plu=780722022','',2,'2013-10-17'),(79275,'UPDATE mae_productos SET pro_precio_fiscal=pro_precio_venta WHERE pro_codigo_plu=780722021','',2,'2013-10-17'),(79276,'UPDATE mae_productos SET pro_precio_fiscal=pro_precio_venta WHERE pro_codigo_plu=780722020','',2,'2013-10-17'),(79277,'INSERT INTO gne_vale_ferreteria (vfe_id,vfe_fecha,vfe_total,vfe_estado,vfe_entregado,usu_nusuario) VALUES (14125,@@@2013.10.17@@@,1870,1,0,@@@G_DIAZ@@@)','',2,'2013-10-17'),(79278,'INSERT INTO gne_vale_ferreteria_mov (vfe_id,pro_codigo_plu,vfm_cantidad,vfm_unitario,vfm_total,vfm_entregado) VALUES (14125,780721927,1,1690,1690,@@@NO@@@)','',2,'2013-10-17'),(79279,'INSERT INTO gne_vale_ferreteria_mov (vfe_id,pro_codigo_plu,vfm_cantidad,vfm_unitario,vfm_total,vfm_entregado) VALUES (14125,770003,10,10,100,@@@NO@@@)','',2,'2013-10-17'),(79280,'INSERT INTO gne_vale_ferreteria_mov (vfe_id,pro_codigo_plu,vfm_cantidad,vfm_unitario,vfm_total,vfm_entregado) VALUES (14125,770001,1,80,80,@@@NO@@@)','',2,'2013-10-17'),(79281,'INSERT INTO gne_vale_ferreteria (vfe_id,vfe_fecha,vfe_total,vfe_estado,vfe_entregado,usu_nusuario) VALUES (14126,@@@2013.10.17@@@,300,1,0,@@@G_DIAZ@@@)','',2,'2013-10-17'),(79282,'INSERT INTO gne_vale_ferreteria_mov (vfe_id,pro_codigo_plu,vfm_cantidad,vfm_unitario,vfm_total,vfm_entregado) VALUES (14126,102110,1,300,300,@@@NO@@@)','',2,'2013-10-17'),(79283,'INSERT INTO gne_vale_ferreteria (vfe_id,vfe_fecha,vfe_total,vfe_estado,vfe_entregado,usu_nusuario) VALUES (14127,@@@2013.10.17@@@,2480,1,0,@@@G_DIAZ@@@)','',2,'2013-10-17'),(79284,'INSERT INTO gne_vale_ferreteria_mov (vfe_id,pro_codigo_plu,vfm_cantidad,vfm_unitario,vfm_total,vfm_entregado) VALUES (14127,764482,1,1990,1990,@@@NO@@@)','',2,'2013-10-17'),(79285,'INSERT INTO gne_vale_ferreteria_mov (vfe_id,pro_codigo_plu,vfm_cantidad,vfm_unitario,vfm_total,vfm_entregado) VALUES (14127,764508,1,490,490,@@@NO@@@)','',2,'2013-10-17'),(79286,'INSERT INTO gne_vale_ferreteria (vfe_id,vfe_fecha,vfe_total,vfe_estado,vfe_entregado,usu_nusuario) VALUES (14128,@@@2013.10.17@@@,390,1,0,@@@G_DIAZ@@@)','',2,'2013-10-17'),(79287,'INSERT INTO gne_vale_ferreteria_mov (vfe_id,pro_codigo_plu,vfm_cantidad,vfm_unitario,vfm_total,vfm_entregado) VALUES (14128,780220121,1,390,390,@@@NO@@@)','',2,'2013-10-17'),(79288,'INSERT INTO gne_vale_ferreteria (vfe_id,vfe_fecha,vfe_total,vfe_estado,vfe_entregado,usu_nusuario) VALUES (14129,@@@2013.10.17@@@,1740,1,0,@@@G_DIAZ@@@)','',2,'2013-10-17'),(79289,'INSERT INTO gne_vale_ferreteria_mov (vfe_id,pro_codigo_plu,vfm_cantidad,vfm_unitario,vfm_total,vfm_entregado) VALUES (14129,770083,1,1490,1490,@@@NO@@@)','',2,'2013-10-17'),(79290,'INSERT INTO gne_vale_ferreteria_mov (vfe_id,pro_codigo_plu,vfm_cantidad,vfm_unitario,vfm_total,vfm_entregado) VALUES (14129,78017105,1,250,250,@@@NO@@@)','',2,'2013-10-17'),(79291,'INSERT INTO gne_vale_ferreteria (vfe_id,vfe_fecha,vfe_total,vfe_estado,vfe_entregado,usu_nusuario) VALUES (14130,@@@2013.10.17@@@,490,1,0,@@@G_DIAZ@@@)','',2,'2013-10-17'),(79292,'INSERT INTO gne_vale_ferreteria_mov (vfe_id,pro_codigo_plu,vfm_cantidad,vfm_unitario,vfm_total,vfm_entregado) VALUES (14130,764506,1,490,490,@@@NO@@@)','',2,'2013-10-17'),(79293,'INSERT INTO gne_vale_ferreteria (vfe_id,vfe_fecha,vfe_total,vfe_estado,vfe_entregado,usu_nusuario) VALUES (14131,@@@2013.10.17@@@,200,1,0,@@@G_DIAZ@@@)','',2,'2013-10-17'),(79294,'INSERT INTO gne_vale_ferreteria_mov (vfe_id,pro_codigo_plu,vfm_cantidad,vfm_unitario,vfm_total,vfm_entregado) VALUES (14131,764702,1,200,200,@@@NO@@@)','',2,'2013-10-17'),(79295,'INSERT INTO gne_vale_ferreteria (vfe_id,vfe_fecha,vfe_total,vfe_estado,vfe_entregado,usu_nusuario) VALUES (14132,@@@2013.10.17@@@,100,1,0,@@@G_DIAZ@@@)','',2,'2013-10-17'),(79296,'INSERT INTO gne_vale_ferreteria_mov (vfe_id,pro_codigo_plu,vfm_cantidad,vfm_unitario,vfm_total,vfm_entregado) VALUES (14132,1542,1,100,100,@@@NO@@@)','',2,'2013-10-17'),(79297,'INSERT INTO gne_vale_ferreteria (vfe_id,vfe_fecha,vfe_total,vfe_estado,vfe_entregado,usu_nusuario) VALUES (14133,@@@2013.10.17@@@,3839,1,0,@@@G_DIAZ@@@)','',2,'2013-10-17'),(79298,'INSERT INTO gne_vale_ferreteria_mov (vfe_id,pro_codigo_plu,vfm_cantidad,vfm_unitario,vfm_total,vfm_entregado) VALUES (14133,780721957,1,1890,1890,@@@NO@@@)','',2,'2013-10-17'),(79299,'INSERT INTO gne_vale_ferreteria_mov (vfe_id,pro_codigo_plu,vfm_cantidad,vfm_unitario,vfm_total,vfm_entregado) VALUES (14133,20836,1,690,690,@@@NO@@@)','',2,'2013-10-17'),(79300,'INSERT INTO gne_vale_ferreteria_mov (vfe_id,pro_codigo_plu,vfm_cantidad,vfm_unitario,vfm_total,vfm_entregado) VALUES (14133,19918,2,330,660,@@@NO@@@)','',2,'2013-10-17'),(79301,'INSERT INTO gne_vale_ferreteria_mov (vfe_id,pro_codigo_plu,vfm_cantidad,vfm_unitario,vfm_total,vfm_entregado) VALUES (14133,19916,1,599,599,@@@NO@@@)','',2,'2013-10-17'),(79302,'INSERT INTO gne_vale_ferreteria (vfe_id,vfe_fecha,vfe_total,vfe_estado,vfe_entregado,usu_nusuario) VALUES (14134,@@@2013.10.17@@@,1890,1,0,@@@G_DIAZ@@@)','',2,'2013-10-17'),(79303,'INSERT INTO gne_vale_ferreteria_mov (vfe_id,pro_codigo_plu,vfm_cantidad,vfm_unitario,vfm_total,vfm_entregado) VALUES (14134,101622,1,1890,1890,@@@NO@@@)','',2,'2013-10-17'),(79304,'INSERT INTO gne_vale_ferreteria (vfe_id,vfe_fecha,vfe_total,vfe_estado,vfe_entregado,usu_nusuario) VALUES (14135,@@@2013.10.17@@@,2590,1,0,@@@G_DIAZ@@@)','',2,'2013-10-17'),(79305,'INSERT INTO gne_vale_ferreteria_mov (vfe_id,pro_codigo_plu,vfm_cantidad,vfm_unitario,vfm_total,vfm_entregado) VALUES (14135,780721246,1,2590,2590,@@@NO@@@)','',2,'2013-10-17'),(79306,'INSERT INTO gne_vale_ferreteria (vfe_id,vfe_fecha,vfe_total,vfe_estado,vfe_entregado,usu_nusuario) VALUES (14136,@@@2013.10.17@@@,990,1,0,@@@G_DIAZ@@@)','',2,'2013-10-17'),(79307,'INSERT INTO gne_vale_ferreteria_mov (vfe_id,pro_codigo_plu,vfm_cantidad,vfm_unitario,vfm_total,vfm_entregado) VALUES (14136,780220140,1,990,990,@@@NO@@@)','',2,'2013-10-17'),(79308,'INSERT INTO gne_vale_ferreteria (vfe_id,vfe_fecha,vfe_total,vfe_estado,vfe_entregado,usu_nusuario) VALUES (14137,@@@2013.10.17@@@,1790,1,0,@@@G_DIAZ@@@)','',2,'2013-10-17'),(79309,'INSERT INTO gne_vale_ferreteria_mov (vfe_id,pro_codigo_plu,vfm_cantidad,vfm_unitario,vfm_total,vfm_entregado) VALUES (14137,763951,1,1100,1100,@@@NO@@@)','',2,'2013-10-17'),(79310,'INSERT INTO gne_vale_ferreteria_mov (vfe_id,pro_codigo_plu,vfm_cantidad,vfm_unitario,vfm_total,vfm_entregado) VALUES (14137,19804,1,690,690,@@@NO@@@)','',2,'2013-10-17'),(79311,'INSERT INTO gne_vale_ferreteria (vfe_id,vfe_fecha,vfe_total,vfe_estado,vfe_entregado,usu_nusuario) VALUES (14138,@@@2013.10.17@@@,3380,1,0,@@@G_DIAZ@@@)','',2,'2013-10-17'),(79312,'INSERT INTO gne_vale_ferreteria_mov (vfe_id,pro_codigo_plu,vfm_cantidad,vfm_unitario,vfm_total,vfm_entregado) VALUES (14138,764646,2,1690,3380,@@@NO@@@)','',2,'2013-10-17'),(79313,'INSERT INTO gne_vale_ferreteria (vfe_id,vfe_fecha,vfe_total,vfe_estado,vfe_entregado,usu_nusuario) VALUES (14139,@@@2013.10.17@@@,390,1,0,@@@G_DIAZ@@@)','',2,'2013-10-17'),(79314,'INSERT INTO gne_vale_ferreteria_mov (vfe_id,pro_codigo_plu,vfm_cantidad,vfm_unitario,vfm_total,vfm_entregado) VALUES (14139,780721420,1,390,390,@@@NO@@@)','',2,'2013-10-17'),(79315,'INSERT INTO gne_vale_ferreteria (vfe_id,vfe_fecha,vfe_total,vfe_estado,vfe_entregado,usu_nusuario) VALUES (14140,@@@2013.10.17@@@,720,1,0,@@@G_DIAZ@@@)','',2,'2013-10-17'),(79316,'INSERT INTO gne_vale_ferreteria_mov (vfe_id,pro_codigo_plu,vfm_cantidad,vfm_unitario,vfm_total,vfm_entregado) VALUES (14140,19866,1,720,720,@@@NO@@@)','',2,'2013-10-17'),(79317,'INSERT INTO gne_vale_ferreteria (vfe_id,vfe_fecha,vfe_total,vfe_estado,vfe_entregado,usu_nusuario) VALUES (14141,@@@2013.10.17@@@,880,1,0,@@@G_DIAZ@@@)','',2,'2013-10-17'),(79318,'INSERT INTO gne_vale_ferreteria_mov (vfe_id,pro_codigo_plu,vfm_cantidad,vfm_unitario,vfm_total,vfm_entregado) VALUES (14141,1538,1,490,490,@@@NO@@@)','',2,'2013-10-17'),(79319,'INSERT INTO gne_vale_ferreteria_mov (vfe_id,pro_codigo_plu,vfm_cantidad,vfm_unitario,vfm_total,vfm_entregado) VALUES (14141,1535,1,390,390,@@@NO@@@)','',2,'2013-10-17'),(79320,'INSERT INTO gne_vale_ferreteria (vfe_id,vfe_fecha,vfe_total,vfe_estado,vfe_entregado,usu_nusuario) VALUES (14142,@@@2013.10.17@@@,120,1,0,@@@G_DIAZ@@@)','',2,'2013-10-17'),(79321,'INSERT INTO gne_vale_ferreteria_mov (vfe_id,pro_codigo_plu,vfm_cantidad,vfm_unitario,vfm_total,vfm_entregado) VALUES (14142,8022,1,120,120,@@@NO@@@)','',2,'2013-10-17'),(79322,'INSERT INTO gne_vale_ferreteria (vfe_id,vfe_fecha,vfe_total,vfe_estado,vfe_entregado,usu_nusuario) VALUES (14143,@@@2013.10.17@@@,590,1,0,@@@G_DIAZ@@@)','',2,'2013-10-17'),(79323,'INSERT INTO gne_vale_ferreteria_mov (vfe_id,pro_codigo_plu,vfm_cantidad,vfm_unitario,vfm_total,vfm_entregado) VALUES (14143,8022,1,120,120,@@@NO@@@)','',2,'2013-10-17'),(79324,'INSERT INTO gne_vale_ferreteria_mov (vfe_id,pro_codigo_plu,vfm_cantidad,vfm_unitario,vfm_total,vfm_entregado) VALUES (14143,78017006,1,120,120,@@@NO@@@)','',2,'2013-10-17'),(79325,'INSERT INTO gne_vale_ferreteria_mov (vfe_id,pro_codigo_plu,vfm_cantidad,vfm_unitario,vfm_total,vfm_entregado) VALUES (14143,780721986,1,350,350,@@@NO@@@)','',2,'2013-10-17'),(79326,'INSERT INTO gne_vale_ferreteria (vfe_id,vfe_fecha,vfe_total,vfe_estado,vfe_entregado,usu_nusuario) VALUES (14144,@@@2013.10.17@@@,3190,1,0,@@@G_DIAZ@@@)','',2,'2013-10-17'),(79327,'INSERT INTO gne_vale_ferreteria_mov (vfe_id,pro_codigo_plu,vfm_cantidad,vfm_unitario,vfm_total,vfm_entregado) VALUES (14144,262179,1,3190,3190,@@@NO@@@)','',2,'2013-10-17'),(79328,'INSERT INTO gne_vale_ferreteria (vfe_id,vfe_fecha,vfe_total,vfe_estado,vfe_entregado,usu_nusuario) VALUES (14145,@@@2013.10.17@@@,100,1,0,@@@G_DIAZ@@@)','',2,'2013-10-17'),(79329,'INSERT INTO gne_vale_ferreteria_mov (vfe_id,pro_codigo_plu,vfm_cantidad,vfm_unitario,vfm_total,vfm_entregado) VALUES (14145,763851,1,100,100,@@@NO@@@)','',2,'2013-10-17'),(79330,'INSERT INTO gne_vale_ferreteria (vfe_id,vfe_fecha,vfe_total,vfe_estado,vfe_entregado,usu_nusuario) VALUES (14146,@@@2013.10.17@@@,690,1,0,@@@G_DIAZ@@@)','',2,'2013-10-17'),(79331,'INSERT INTO gne_vale_ferreteria_mov (vfe_id,pro_codigo_plu,vfm_cantidad,vfm_unitario,vfm_total,vfm_entregado) VALUES (14146,780721935,1,690,690,@@@NO@@@)','',2,'2013-10-17'),(79332,'INSERT INTO gne_vale_ferreteria (vfe_id,vfe_fecha,vfe_total,vfe_estado,vfe_entregado,usu_nusuario) VALUES (14147,@@@2013.10.17@@@,2490,1,0,@@@G_DIAZ@@@)','',2,'2013-10-17'),(79333,'INSERT INTO gne_vale_ferreteria_mov (vfe_id,pro_codigo_plu,vfm_cantidad,vfm_unitario,vfm_total,vfm_entregado) VALUES (14147,6022,1,2490,2490,@@@NO@@@)','',2,'2013-10-17'),(79334,'INSERT INTO gne_vale_ferreteria (vfe_id,vfe_fecha,vfe_total,vfe_estado,vfe_entregado,usu_nusuario) VALUES (14148,@@@2013.10.17@@@,850,1,0,@@@G_DIAZ@@@)','',2,'2013-10-17'),(79335,'INSERT INTO gne_vale_ferreteria_mov (vfe_id,pro_codigo_plu,vfm_cantidad,vfm_unitario,vfm_total,vfm_entregado) VALUES (14148,770095,1,850,850,@@@NO@@@)','',2,'2013-10-17'),(79336,'INSERT INTO gne_vale_ferreteria (vfe_id,vfe_fecha,vfe_total,vfe_estado,vfe_entregado,usu_nusuario) VALUES (14149,@@@2013.10.17@@@,6760,1,0,@@@G_DIAZ@@@)','',2,'2013-10-17'),(79337,'INSERT INTO gne_vale_ferreteria_mov (vfe_id,pro_codigo_plu,vfm_cantidad,vfm_unitario,vfm_total,vfm_entregado) VALUES (14149,10426,1,1490,1490,@@@NO@@@)','',2,'2013-10-17'),(79338,'INSERT INTO gne_vale_ferreteria_mov (vfe_id,pro_codigo_plu,vfm_cantidad,vfm_unitario,vfm_total,vfm_entregado) VALUES (14149,764941,1,1290,1290,@@@NO@@@)','',2,'2013-10-17'),(79339,'INSERT INTO gne_vale_ferreteria_mov (vfe_id,pro_codigo_plu,vfm_cantidad,vfm_unitario,vfm_total,vfm_entregado) VALUES (14149,764916,1,1990,1990,@@@NO@@@)','',2,'2013-10-17'),(79340,'INSERT INTO gne_vale_ferreteria_mov (vfe_id,pro_codigo_plu,vfm_cantidad,vfm_unitario,vfm_total,vfm_entregado) VALUES (14149,764804,1,1990,1990,@@@NO@@@)','',2,'2013-10-17'),(79341,'INSERT INTO gne_vale_ferreteria (vfe_id,vfe_fecha,vfe_total,vfe_estado,vfe_entregado,usu_nusuario) VALUES (14150,@@@2013.10.17@@@,240,1,0,@@@G_DIAZ@@@)','',2,'2013-10-17'),(79342,'INSERT INTO gne_vale_ferreteria_mov (vfe_id,pro_codigo_plu,vfm_cantidad,vfm_unitario,vfm_total,vfm_entregado) VALUES (14150,8022,1,120,120,@@@NO@@@)','',2,'2013-10-17'),(79343,'INSERT INTO gne_vale_ferreteria_mov (vfe_id,pro_codigo_plu,vfm_cantidad,vfm_unitario,vfm_total,vfm_entregado) VALUES (14150,78017059,1,120,120,@@@NO@@@)','',2,'2013-10-17'),(79344,'INSERT INTO gne_vale_ferreteria (vfe_id,vfe_fecha,vfe_total,vfe_estado,vfe_entregado,usu_nusuario) VALUES (14151,@@@2013.10.17@@@,780,1,0,@@@G_DIAZ@@@)','',2,'2013-10-17'),(79345,'INSERT INTO gne_vale_ferreteria_mov (vfe_id,pro_codigo_plu,vfm_cantidad,vfm_unitario,vfm_total,vfm_entregado) VALUES (14151,1535,2,390,780,@@@NO@@@)','',2,'2013-10-17'),(79346,'INSERT INTO gne_vale_ferreteria (vfe_id,vfe_fecha,vfe_total,vfe_estado,vfe_entregado,usu_nusuario) VALUES (14152,@@@2013.10.17@@@,870,1,0,@@@G_DIAZ@@@)','',2,'2013-10-17'),(79347,'INSERT INTO gne_vale_ferreteria_mov (vfe_id,pro_codigo_plu,vfm_cantidad,vfm_unitario,vfm_total,vfm_entregado) VALUES (14152,780721986,1,350,350,@@@NO@@@)','',2,'2013-10-17'),(79348,'INSERT INTO gne_vale_ferreteria_mov (vfe_id,pro_codigo_plu,vfm_cantidad,vfm_unitario,vfm_total,vfm_entregado) VALUES (14152,15929,4,130,520,@@@NO@@@)','',2,'2013-10-17'),(79349,'INSERT INTO gne_vale_ferreteria (vfe_id,vfe_fecha,vfe_total,vfe_estado,vfe_entregado,usu_nusuario) VALUES (14153,@@@2013.10.17@@@,4370,1,0,@@@G_DIAZ@@@)','',2,'2013-10-17'),(79350,'INSERT INTO gne_vale_ferreteria_mov (vfe_id,pro_codigo_plu,vfm_cantidad,vfm_unitario,vfm_total,vfm_entregado) VALUES (14153,765027,1,1190,1190,@@@NO@@@)','',2,'2013-10-17'),(79351,'INSERT INTO gne_vale_ferreteria_mov (vfe_id,pro_codigo_plu,vfm_cantidad,vfm_unitario,vfm_total,vfm_entregado) VALUES (14153,1569,1,1190,1190,@@@NO@@@)','',2,'2013-10-17'),(79352,'INSERT INTO gne_vale_ferreteria_mov (vfe_id,pro_codigo_plu,vfm_cantidad,vfm_unitario,vfm_total,vfm_entregado) VALUES (14153,764916,1,1990,1990,@@@NO@@@)','',2,'2013-10-17'),(79353,'INSERT INTO gne_vale_ferreteria (vfe_id,vfe_fecha,vfe_total,vfe_estado,vfe_entregado,usu_nusuario) VALUES (14154,@@@2013.10.17@@@,1490,1,0,@@@G_DIAZ@@@)','',2,'2013-10-17'),(79354,'INSERT INTO gne_vale_ferreteria_mov (vfe_id,pro_codigo_plu,vfm_cantidad,vfm_unitario,vfm_total,vfm_entregado) VALUES (14154,10426,1,1490,1490,@@@NO@@@)','',2,'2013-10-17'),(79355,'INSERT INTO gne_vale_ferreteria (vfe_id,vfe_fecha,vfe_total,vfe_estado,vfe_entregado,usu_nusuario) VALUES (14155,@@@2013.10.18@@@,2920,1,0,@@@b_SAEZ@@@)','',2,'2013-10-18'),(79356,'INSERT INTO gne_vale_ferreteria_mov (vfe_id,pro_codigo_plu,vfm_cantidad,vfm_unitario,vfm_total,vfm_entregado) VALUES (14155,88581,1,2790,2790,@@@NO@@@)','',2,'2013-10-18'),(79357,'INSERT INTO gne_vale_ferreteria_mov (vfe_id,pro_codigo_plu,vfm_cantidad,vfm_unitario,vfm_total,vfm_entregado) VALUES (14155,15967,1,130,130,@@@NO@@@)','',2,'2013-10-18'),(79358,'INSERT INTO gne_vale_ferreteria (vfe_id,vfe_fecha,vfe_total,vfe_estado,vfe_entregado,usu_nusuario) VALUES (14156,@@@2013.10.18@@@,2920,1,0,@@@b_SAEZ@@@)','',2,'2013-10-18'),(79359,'INSERT INTO gne_vale_ferreteria_mov (vfe_id,pro_codigo_plu,vfm_cantidad,vfm_unitario,vfm_total,vfm_entregado) VALUES (14156,88581,1,2790,2790,@@@NO@@@)','',2,'2013-10-18'),(79360,'INSERT INTO gne_vale_ferreteria_mov (vfe_id,pro_codigo_plu,vfm_cantidad,vfm_unitario,vfm_total,vfm_entregado) VALUES (14156,15967,1,130,130,@@@NO@@@)','',2,'2013-10-18'),(79361,'INSERT INTO gne_vale_ferreteria (vfe_id,vfe_fecha,vfe_total,vfe_estado,vfe_entregado,usu_nusuario) VALUES (14157,@@@2013.10.18@@@,3270,1,0,@@@b_SAEZ@@@)','',2,'2013-10-18'),(79362,'INSERT INTO gne_vale_ferreteria_mov (vfe_id,pro_codigo_plu,vfm_cantidad,vfm_unitario,vfm_total,vfm_entregado) VALUES (14157,88581,1,2790,2790,@@@NO@@@)','',2,'2013-10-18'),(79363,'INSERT INTO gne_vale_ferreteria_mov (vfe_id,pro_codigo_plu,vfm_cantidad,vfm_unitario,vfm_total,vfm_entregado) VALUES (14157,15935,1,480,480,@@@NO@@@)','',2,'2013-10-18'),(79364,'INSERT INTO gne_vale_ferreteria (vfe_id,vfe_fecha,vfe_total,vfe_estado,vfe_entregado,usu_nusuario) VALUES (14158,@@@2013.10.18@@@,1100,1,0,@@@b_SAEZ@@@)','',2,'2013-10-18'),(79365,'INSERT INTO gne_vale_ferreteria_mov (vfe_id,pro_codigo_plu,vfm_cantidad,vfm_unitario,vfm_total,vfm_entregado) VALUES (14158,770001,10,80,800,@@@NO@@@)','',2,'2013-10-18'),(79366,'INSERT INTO gne_vale_ferreteria_mov (vfe_id,pro_codigo_plu,vfm_cantidad,vfm_unitario,vfm_total,vfm_entregado) VALUES (14158,770000,6,50,300,@@@NO@@@)','',2,'2013-10-18'),(79367,'INSERT INTO gne_vale_ferreteria (vfe_id,vfe_fecha,vfe_total,vfe_estado,vfe_entregado,usu_nusuario) VALUES (14159,@@@2013.10.18@@@,1100,1,0,@@@b_SAEZ@@@)','',2,'2013-10-18'),(79368,'INSERT INTO gne_vale_ferreteria_mov (vfe_id,pro_codigo_plu,vfm_cantidad,vfm_unitario,vfm_total,vfm_entregado) VALUES (14159,770001,10,80,800,@@@NO@@@)','',2,'2013-10-18'),(79369,'INSERT INTO gne_vale_ferreteria_mov (vfe_id,pro_codigo_plu,vfm_cantidad,vfm_unitario,vfm_total,vfm_entregado) VALUES (14159,770000,6,50,300,@@@NO@@@)','',2,'2013-10-18'),(79370,'INSERT INTO gne_vale_ferreteria (vfe_id,vfe_fecha,vfe_total,vfe_estado,vfe_entregado,usu_nusuario) VALUES (14160,@@@2013.10.18@@@,780,1,0,@@@b_SAEZ@@@)','',2,'2013-10-18'),(79371,'INSERT INTO gne_vale_ferreteria_mov (vfe_id,pro_codigo_plu,vfm_cantidad,vfm_unitario,vfm_total,vfm_entregado) VALUES (14160,780220121,2,390,780,@@@NO@@@)','',2,'2013-10-18'),(79372,'INSERT INTO gne_vale_ferreteria (vfe_id,vfe_fecha,vfe_total,vfe_estado,vfe_entregado,usu_nusuario) VALUES (14161,@@@2013.10.18@@@,190,1,0,@@@b_SAEZ@@@)','',2,'2013-10-18'),(79373,'INSERT INTO gne_vale_ferreteria_mov (vfe_id,pro_codigo_plu,vfm_cantidad,vfm_unitario,vfm_total,vfm_entregado) VALUES (14161,1537,1,190,190,@@@NO@@@)','',2,'2013-10-18'),(79374,'INSERT INTO gne_vale_ferreteria (vfe_id,vfe_fecha,vfe_total,vfe_estado,vfe_entregado,usu_nusuario) VALUES (14162,@@@2013.10.18@@@,450,1,0,@@@b_SAEZ@@@)','',2,'2013-10-18'),(79375,'INSERT INTO gne_vale_ferreteria_mov (vfe_id,pro_codigo_plu,vfm_cantidad,vfm_unitario,vfm_total,vfm_entregado) VALUES (14162,770057,3,150,450,@@@NO@@@)','',2,'2013-10-18'),(79376,'UPDATE mae_productos SET pro_margen_actual=0,pro_precio_venta=2790 WHERE pro_codigo_plu=27','',2,'2013-10-18'),(79377,'UPDATE mae_productos SET pro_precio_fiscal=pro_precio_venta WHERE pro_codigo_plu=27','',2,'2013-10-18'),(79378,'INSERT INTO gne_vale_ferreteria (vfe_id,vfe_fecha,vfe_total,vfe_estado,vfe_entregado,usu_nusuario) VALUES (14163,@@@2013.10.18@@@,890,1,0,@@@b_SAEZ@@@)','',2,'2013-10-18'),(79379,'INSERT INTO gne_vale_ferreteria_mov (vfe_id,pro_codigo_plu,vfm_cantidad,vfm_unitario,vfm_total,vfm_entregado) VALUES (14163,764582,1,690,690,@@@NO@@@)','',2,'2013-10-18'),(79380,'INSERT INTO gne_vale_ferreteria_mov (vfe_id,pro_codigo_plu,vfm_cantidad,vfm_unitario,vfm_total,vfm_entregado) VALUES (14163,7051,2,100,200,@@@NO@@@)','',2,'2013-10-18'),(79381,'INSERT INTO gne_vale_ferreteria (vfe_id,vfe_fecha,vfe_total,vfe_estado,vfe_entregado,usu_nusuario) VALUES (14164,@@@2013.10.18@@@,650,1,0,@@@b_SAEZ@@@)','',2,'2013-10-18'),(79382,'INSERT INTO gne_vale_ferreteria_mov (vfe_id,pro_codigo_plu,vfm_cantidad,vfm_unitario,vfm_total,vfm_entregado) VALUES (14164,763582,1,650,650,@@@NO@@@)','',2,'2013-10-18'),(79383,'INSERT INTO com_ventas_grupo (vgr_fecha,vgr_grupo,vgr_cantidad,vgr_total) VALUES (@@@2013.10.17@@@,1,159.89,111023)','',2,'2013-10-18'),(79384,'INSERT INTO com_ventas_grupo (vgr_fecha,vgr_grupo,vgr_cantidad,vgr_total) VALUES (@@@2013.10.17@@@,2,154.035,105274)','',2,'2013-10-18'),(79385,'INSERT INTO com_ventas_grupo (vgr_fecha,vgr_grupo,vgr_cantidad,vgr_total) VALUES (@@@2013.10.17@@@,3,261,54106)','',2,'2013-10-18'),(79386,'INSERT INTO com_ventas_grupo (vgr_fecha,vgr_grupo,vgr_cantidad,vgr_total) VALUES (@@@2013.10.17@@@,4,142,107627)','',2,'2013-10-18'),(79387,'INSERT INTO com_ventas_grupo (vgr_fecha,vgr_grupo,vgr_cantidad,vgr_total) VALUES (@@@2013.10.17@@@,5,1,1790)','',2,'2013-10-18'),(79388,'INSERT INTO com_ventas_grupo (vgr_fecha,vgr_grupo,vgr_cantidad,vgr_total) VALUES (@@@2013.10.17@@@,6,7,8644)','',2,'2013-10-18'),(79389,'INSERT INTO com_ventas_grupo (vgr_fecha,vgr_grupo,vgr_cantidad,vgr_total) VALUES (@@@2013.10.17@@@,7,52,83780)','',2,'2013-10-18'),(79390,'INSERT INTO com_ventas_grupo (vgr_fecha,vgr_grupo,vgr_cantidad,vgr_total) VALUES (@@@2013.10.17@@@,8,66,42000)','',2,'2013-10-18'),(79391,'INSERT INTO com_ventas_grupo (vgr_fecha,vgr_grupo,vgr_cantidad,vgr_total) VALUES (@@@2013.10.17@@@,9,77.655,129034)','',2,'2013-10-18'),(79392,'INSERT INTO com_ventas_grupo (vgr_fecha,vgr_grupo,vgr_cantidad,vgr_total) VALUES (@@@2013.10.17@@@,10,33.28,92053)','',2,'2013-10-18'),(79393,'INSERT INTO com_ventas_grupo (vgr_fecha,vgr_grupo,vgr_cantidad,vgr_total) VALUES (@@@2013.10.17@@@,11,10.76,36560)','',2,'2013-10-18'),(79394,'INSERT INTO com_ventas_grupo (vgr_fecha,vgr_grupo,vgr_cantidad,vgr_total) VALUES (@@@2013.10.17@@@,12,37.375,53134)','',2,'2013-10-18'),(79395,'INSERT INTO com_ventas_grupo (vgr_fecha,vgr_grupo,vgr_cantidad,vgr_total) VALUES (@@@2013.10.17@@@,13,10.475,27348)','',2,'2013-10-18'),(79396,'INSERT INTO com_ventas_grupo (vgr_fecha,vgr_grupo,vgr_cantidad,vgr_total) VALUES (@@@2013.10.17@@@,14,82.815,75372)','',2,'2013-10-18'),(79397,'INSERT INTO com_ventas_grupo (vgr_fecha,vgr_grupo,vgr_cantidad,vgr_total) VALUES (@@@2013.10.17@@@,15,300,45000)','',2,'2013-10-18'),(79398,'INSERT INTO com_ventas_grupo (vgr_fecha,vgr_grupo,vgr_cantidad,vgr_total) VALUES (@@@2013.10.17@@@,18,240.835,150507)','',2,'2013-10-18'),(79399,'INSERT INTO com_ventas_grupo (vgr_fecha,vgr_grupo,vgr_cantidad,vgr_total) VALUES (@@@2013.10.17@@@,19,2,4580)','',2,'2013-10-18'),(79400,'INSERT INTO com_ventas_grupo (vgr_fecha,vgr_grupo,vgr_cantidad,vgr_total) VALUES (@@@2013.10.17@@@,20,341.66,146187)','',2,'2013-10-18'),(79401,'INSERT INTO com_ventas_grupo (vgr_fecha,vgr_grupo,vgr_cantidad,vgr_total) VALUES (@@@2013.10.17@@@,21,43,39829)','',2,'2013-10-18'),(79402,'INSERT INTO com_ventas_grupo (vgr_fecha,vgr_grupo,vgr_cantidad,vgr_total) VALUES (@@@2013.10.17@@@,23,3,8870)','',2,'2013-10-18'),(79403,'INSERT INTO com_ventas_grupo (vgr_fecha,vgr_grupo,vgr_cantidad,vgr_total) VALUES (@@@2013.10.17@@@,24,78,22130)','',2,'2013-10-18'),(79404,'INSERT INTO com_ventas_grupo (vgr_fecha,vgr_grupo,vgr_cantidad,vgr_total) VALUES (@@@2013.10.17@@@,25,61,85600)','',2,'2013-10-18'),(79405,'INSERT INTO com_ventas_grupo (vgr_fecha,vgr_grupo,vgr_cantidad,vgr_total) VALUES (@@@2013.10.17@@@,31,9,9290)','',2,'2013-10-18'),(79406,'INSERT INTO com_ventas_grupo (vgr_fecha,vgr_grupo,vgr_cantidad,vgr_total) VALUES (@@@2013.10.17@@@,32,261,105116)','',2,'2013-10-18'),(79407,'INSERT INTO com_ventas_grupo (vgr_fecha,vgr_grupo,vgr_cantidad,vgr_total) VALUES (@@@2013.10.17@@@,35,23,27710)','',2,'2013-10-18'),(79408,'INSERT INTO com_ventas_grupo (vgr_fecha,vgr_grupo,vgr_cantidad,vgr_total) VALUES (@@@2013.10.17@@@,36,8,1940)','',2,'2013-10-18'),(79409,'INSERT INTO com_ventas_grupo (vgr_fecha,vgr_grupo,vgr_cantidad,vgr_total) VALUES (@@@2013.10.17@@@,38,16,22050)','',2,'2013-10-18'),(79410,'INSERT INTO com_ventas_grupo (vgr_fecha,vgr_grupo,vgr_cantidad,vgr_total) VALUES (@@@2013.10.17@@@,39,5,6550)','',2,'2013-10-18'),(79411,'INSERT INTO com_ventas_grupo (vgr_fecha,vgr_grupo,vgr_cantidad,vgr_total) VALUES (@@@2013.10.17@@@,42,17.12,16101)','',2,'2013-10-18'),(79412,'INSERT INTO com_ventas_grupo (vgr_fecha,vgr_grupo,vgr_cantidad,vgr_total) VALUES (@@@2013.10.17@@@,44,2,2000)','',2,'2013-10-18'),(79413,'UPDATE mae_datos_empresa SET emp_oferta=@@@NO@@@','',2,'2013-10-18'),(79414,'INSERT INTO gne_vale_ferreteria (vfe_id,vfe_fecha,vfe_total,vfe_estado,vfe_entregado,usu_nusuario) VALUES (14165,@@@2013.10.18@@@,200,1,0,@@@b_SAEZ@@@)','',2,'2013-10-18'),(79415,'INSERT INTO gne_vale_ferreteria_mov (vfe_id,pro_codigo_plu,vfm_cantidad,vfm_unitario,vfm_total,vfm_entregado) VALUES (14165,101101,1,200,200,@@@NO@@@)','',2,'2013-10-18'),(79416,'INSERT INTO gne_vale_ferreteria (vfe_id,vfe_fecha,vfe_total,vfe_estado,vfe_entregado,usu_nusuario) VALUES (14166,@@@2013.10.18@@@,290,1,0,@@@b_SAEZ@@@)','',2,'2013-10-18'),(79417,'INSERT INTO gne_vale_ferreteria_mov (vfe_id,pro_codigo_plu,vfm_cantidad,vfm_unitario,vfm_total,vfm_entregado) VALUES (14166,780721290,1,290,290,@@@NO@@@)','',2,'2013-10-18'),(79418,'INSERT INTO mae_productos (pro_codigo_plu,pro_codigo_barra,pro_tipo,pro_nombre_producto,pro_nombre_corto,med_id,emb_id,pro_unidades_embalaje,dep_id,lin_id,mar_id,pro_precio_compra_neto,pro_precio_compra_bruto,pro_precio_venta,pro_margen_actual,pro_oferta,pro_fecha_inicio_oferta,pro_fecha_termino_oferta,pro_precio_oferta,pro_stock_minimo,pro_stock_critico,pro_entradas_bodega,pro_salidas_bodega,pro_mermas_bodega,pro_ajustes_bodega,pro_entradas_sv,pro_salidas_sv,pro_mermas_sv,pro_ajustes_sv,pro_activo,rec_numero,pro_unidad,pro_capacidad,pro_consumo_bodega,pro_consumo_sv,pro_estado,pro_funcion_plu,pro_flejes,pro_iva,pro_plu_asociado,pro_envase,pro_duracion,pro_numero_etiqueta) VALUES (780722023,@@@7802215303586@@@,@@@0@@@,@@@GALLETA GRAN CEREAL AVENA CACAO 185G@@@,@@@GALLETA GRAN CER@@@,@@@5 @@@,@@@6 @@@,@@@20@@@,@@@32 @@@,@@@18@@@,@@@1694@@@,@@@0@@@,@@@575.42@@@,@@@1@@@,@@@-99.83@@@,@@@@@@,@@@2006.09.07@@@,@@@2006.09.07@@@,@@@0@@@,@@@20@@@,@@@10@@@,@@@0@@@,@@@0@@@,@@@0@@@,@@@0@@@,@@@0@@@,@@@0@@@,@@@0@@@,@@@0@@@,@@@1@@@,@@@0@@@,0,185,0,0,2,0,1,1,0,@@@NO@@@,0,0)','',2,'2013-10-18'),(79419,'DELETE FROM mae_impuestos_productos WHERE pro_codigo_plu=@@@780722023@@@','',2,'2013-10-18'),(79420,'UPDATE mae_productos SET pro_precio_compra_bruto=471.43,pro_margen_actual=(pro_precio_venta-471.43)/471.43 * 100,pro_ultima_compra=@@@2013.10.18@@@,pro_ultimo_proveedor=@@@76358020-2@@@ WHERE pro_codigo_plu=11999','',2,'2013-10-18'),(79421,'UPDATE mae_productos SET pro_precio_compra_bruto=471.43,pro_margen_actual=(pro_precio_venta-471.43)/471.43 * 100,pro_ultima_compra=@@@2013.10.18@@@,pro_ultimo_proveedor=@@@76358020-2@@@ WHERE pro_codigo_plu=12156','',2,'2013-10-18'),(79422,'UPDATE mae_productos SET pro_precio_compra_bruto=57.51,pro_margen_actual=(pro_precio_venta-57.51)/57.51 * 100,pro_ultima_compra=@@@2013.10.18@@@,pro_ultimo_proveedor=@@@76358020-2@@@ WHERE pro_codigo_plu=4105','',2,'2013-10-18'),(79423,'UPDATE mae_productos SET pro_precio_compra_bruto=57.51,pro_margen_actual=(pro_precio_venta-57.51)/57.51 * 100,pro_ultima_compra=@@@2013.10.18@@@,pro_ultimo_proveedor=@@@76358020-2@@@ WHERE pro_codigo_plu=763497','',2,'2013-10-18'),(79424,'UPDATE mae_productos SET pro_precio_compra_bruto=82.8,pro_margen_actual=(pro_precio_venta-82.8)/82.8 * 100,pro_ultima_compra=@@@2013.10.18@@@,pro_ultimo_proveedor=@@@76358020-2@@@ WHERE pro_codigo_plu=100823','',2,'2013-10-18'),(79425,'INSERT INTO gne_vale_ferreteria (vfe_id,vfe_fecha,vfe_total,vfe_estado,vfe_entregado,usu_nusuario) VALUES (14167,@@@2013.10.18@@@,490,1,0,@@@b_SAEZ@@@)','',2,'2013-10-18'),(79426,'INSERT INTO gne_vale_ferreteria_mov (vfe_id,pro_codigo_plu,vfm_cantidad,vfm_unitario,vfm_total,vfm_entregado) VALUES (14167,1538,1,490,490,@@@NO@@@)','',2,'2013-10-18'),(79427,'INSERT INTO gne_vale_ferreteria (vfe_id,vfe_fecha,vfe_total,vfe_estado,vfe_entregado,usu_nusuario) VALUES (14168,@@@2013.10.18@@@,1170,1,0,@@@b_SAEZ@@@)','',2,'2013-10-18'),(79428,'INSERT INTO gne_vale_ferreteria_mov (vfe_id,pro_codigo_plu,vfm_cantidad,vfm_unitario,vfm_total,vfm_entregado) VALUES (14168,1562,3,390,1170,@@@NO@@@)','',2,'2013-10-18'),(79429,'INSERT INTO gne_vale_ferreteria (vfe_id,vfe_fecha,vfe_total,vfe_estado,vfe_entregado,usu_nusuario) VALUES (14169,@@@2013.10.18@@@,490,1,0,@@@b_SAEZ@@@)','',2,'2013-10-18'),(79430,'INSERT INTO gne_vale_ferreteria_mov (vfe_id,pro_codigo_plu,vfm_cantidad,vfm_unitario,vfm_total,vfm_entregado) VALUES (14169,1538,1,490,490,@@@NO@@@)','',2,'2013-10-18'),(79431,'INSERT INTO mae_productos (pro_codigo_plu,pro_codigo_barra,pro_tipo,pro_nombre_producto,pro_nombre_corto,med_id,emb_id,pro_unidades_embalaje,dep_id,lin_id,mar_id,pro_precio_compra_neto,pro_precio_compra_bruto,pro_precio_venta,pro_margen_actual,pro_oferta,pro_fecha_inicio_oferta,pro_fecha_termino_oferta,pro_precio_oferta,pro_stock_minimo,pro_stock_critico,pro_entradas_bodega,pro_salidas_bodega,pro_mermas_bodega,pro_ajustes_bodega,pro_entradas_sv,pro_salidas_sv,pro_mermas_sv,pro_ajustes_sv,pro_activo,rec_numero,pro_unidad,pro_capacidad,pro_consumo_bodega,pro_consumo_sv,pro_estado,pro_funcion_plu,pro_flejes,pro_iva,pro_plu_asociado,pro_envase,pro_duracion,pro_numero_etiqueta) VALUES (780722024,@@@7613034565884@@@,@@@0@@@,@@@GALLETA TRITON FRUTILLA STYLE 34 G@@@,@@@GALLETA TRITON F@@@,@@@5 @@@,@@@6 @@@,@@@30@@@,@@@32 @@@,@@@18@@@,@@@1889@@@,@@@0@@@,@@@354.5@@@,@@@1@@@,@@@-99.72@@@,@@@@@@,@@@2006.09.07@@@,@@@2006.09.07@@@,@@@0@@@,@@@60@@@,@@@30@@@,@@@0@@@,@@@0@@@,@@@0@@@,@@@0@@@,@@@0@@@,@@@0@@@,@@@0@@@,@@@0@@@,@@@1@@@,@@@0@@@,0,34,0,0,2,0,1,1,0,@@@NO@@@,0,0)','',2,'2013-10-18'),(79432,'DELETE FROM mae_impuestos_productos WHERE pro_codigo_plu=@@@780722024@@@','',2,'2013-10-18'),(79433,'INSERT INTO mae_productos (pro_codigo_plu,pro_codigo_barra,pro_tipo,pro_nombre_producto,pro_nombre_corto,med_id,emb_id,pro_unidades_embalaje,dep_id,lin_id,mar_id,pro_precio_compra_neto,pro_precio_compra_bruto,pro_precio_venta,pro_margen_actual,pro_oferta,pro_fecha_inicio_oferta,pro_fecha_termino_oferta,pro_precio_oferta,pro_stock_minimo,pro_stock_critico,pro_entradas_bodega,pro_salidas_bodega,pro_mermas_bodega,pro_ajustes_bodega,pro_entradas_sv,pro_salidas_sv,pro_mermas_sv,pro_ajustes_sv,pro_activo,rec_numero,pro_unidad,pro_capacidad,pro_consumo_bodega,pro_consumo_sv,pro_estado,pro_funcion_plu,pro_flejes,pro_iva,pro_plu_asociado,pro_envase,pro_duracion,pro_numero_etiqueta) VALUES (780722025,@@@7613034419163@@@,@@@0@@@,@@@NESCAFE SACHET 3 EN 1 20G@@@,@@@NESCAFE SACHET 3@@@,@@@5 @@@,@@@4 @@@,@@@8@@@,@@@1 @@@,@@@3@@@,@@@1895@@@,@@@0@@@,@@@180.08@@@,@@@1@@@,@@@-99.44@@@,@@@@@@,@@@2006.09.07@@@,@@@2006.09.07@@@,@@@0@@@,@@@10@@@,@@@5@@@,@@@0@@@,@@@0@@@,@@@0@@@,@@@0@@@,@@@0@@@,@@@0@@@,@@@0@@@,@@@0@@@,@@@1@@@,@@@0@@@,0,20,0,0,2,0,1,1,0,@@@NO@@@,0,0)','',2,'2013-10-18'),(79434,'DELETE FROM mae_impuestos_productos WHERE pro_codigo_plu=@@@780722025@@@','',2,'2013-10-18'),(79435,'UPDATE mae_productos SET pro_precio_compra_bruto=354.5,pro_margen_actual=(pro_precio_venta-354.5)/354.5 * 100,pro_ultima_compra=@@@2013.10.18@@@,pro_ultimo_proveedor=@@@76218060-k@@@ WHERE pro_codigo_plu=780722024','',2,'2013-10-18'),(79436,'UPDATE mae_productos SET pro_precio_compra_bruto=180.08,pro_margen_actual=(pro_precio_venta-180.08)/180.08 * 100,pro_ultima_compra=@@@2013.10.18@@@,pro_ultimo_proveedor=@@@76218060-k@@@ WHERE pro_codigo_plu=780722025','',2,'2013-10-18'),(79437,'UPDATE mae_productos SET pro_precio_compra_bruto=1917.09,pro_margen_actual=(pro_precio_venta-1917.09)/1917.09 * 100,pro_ultima_compra=@@@2013.10.18@@@,pro_ultimo_proveedor=@@@76218060-k@@@ WHERE pro_codigo_plu=12431','',2,'2013-10-18'),(79438,'UPDATE mae_productos SET pro_precio_compra_bruto=141.46,pro_margen_actual=(pro_precio_venta-141.46)/141.46 * 100,pro_ultima_compra=@@@2013.10.18@@@,pro_ultimo_proveedor=@@@76218060-k@@@ WHERE pro_codigo_plu=262062','',2,'2013-10-18'),(79439,'UPDATE mae_productos SET pro_precio_compra_bruto=437.4,pro_margen_actual=(pro_precio_venta-437.4)/437.4 * 100,pro_ultima_compra=@@@2013.10.18@@@,pro_ultimo_proveedor=@@@76218060-k@@@ WHERE pro_codigo_plu=11944','',2,'2013-10-18'),(79440,'UPDATE mae_productos SET pro_precio_compra_bruto=407.47,pro_margen_actual=(pro_precio_venta-407.47)/407.47 * 100,pro_ultima_compra=@@@2013.10.18@@@,pro_ultimo_proveedor=@@@76218060-k@@@ WHERE pro_codigo_plu=12003','',2,'2013-10-18'),(79441,'UPDATE mae_productos SET pro_precio_compra_bruto=1551.76,pro_margen_actual=(pro_precio_venta-1551.76)/1551.76 * 100,pro_ultima_compra=@@@2013.10.18@@@,pro_ultimo_proveedor=@@@76218060-k@@@ WHERE pro_codigo_plu=19222','',2,'2013-10-18'),(79442,'UPDATE mae_productos SET pro_precio_compra_bruto=585.18,pro_margen_actual=(pro_precio_venta-585.18)/585.18 * 100,pro_ultima_compra=@@@2013.10.18@@@,pro_ultimo_proveedor=@@@76218060-k@@@ WHERE pro_codigo_plu=11937','',2,'2013-10-18'),(79443,'UPDATE mae_productos SET pro_precio_compra_bruto=585.18,pro_margen_actual=(pro_precio_venta-585.18)/585.18 * 100,pro_ultima_compra=@@@2013.10.18@@@,pro_ultimo_proveedor=@@@76218060-k@@@ WHERE pro_codigo_plu=11938','',2,'2013-10-18'),(79444,'UPDATE mae_productos SET pro_precio_compra_bruto=772.66,pro_margen_actual=(pro_precio_venta-772.66)/772.66 * 100,pro_ultima_compra=@@@2013.10.18@@@,pro_ultimo_proveedor=@@@76218060-k@@@ WHERE pro_codigo_plu=11946','',2,'2013-10-18'),(79445,'UPDATE mae_productos SET pro_precio_compra_bruto=517.94,pro_margen_actual=(pro_precio_venta-517.94)/517.94 * 100,pro_ultima_compra=@@@2013.10.18@@@,pro_ultimo_proveedor=@@@76218060-k@@@ WHERE pro_codigo_plu=12344','',2,'2013-10-18'),(79446,'UPDATE mae_productos SET pro_precio_compra_bruto=507.08,pro_margen_actual=(pro_precio_venta-507.08)/507.08 * 100,pro_ultima_compra=@@@2013.10.18@@@,pro_ultimo_proveedor=@@@76218060-k@@@ WHERE pro_codigo_plu=11994','',2,'2013-10-18'),(79447,'UPDATE mae_productos SET pro_precio_compra_bruto=437.4,pro_margen_actual=(pro_precio_venta-437.4)/437.4 * 100,pro_ultima_compra=@@@2013.10.18@@@,pro_ultimo_proveedor=@@@76218060-k@@@ WHERE pro_codigo_plu=11951','',2,'2013-10-18'),(79448,'UPDATE mae_productos SET pro_precio_compra_bruto=395.32,pro_margen_actual=(pro_precio_venta-395.32)/395.32 * 100,pro_ultima_compra=@@@2013.10.18@@@,pro_ultimo_proveedor=@@@76218060-k@@@ WHERE pro_codigo_plu=11995','',2,'2013-10-18'),(79449,'INSERT INTO gne_vale_ferreteria (vfe_id,vfe_fecha,vfe_total,vfe_estado,vfe_entregado,usu_nusuario) VALUES (14170,@@@2013.10.18@@@,5000,1,0,@@@b_SAEZ@@@)','',2,'2013-10-18'),(79450,'INSERT INTO gne_vale_ferreteria_mov (vfe_id,pro_codigo_plu,vfm_cantidad,vfm_unitario,vfm_total,vfm_entregado) VALUES (14170,78017135,25,200,5000,@@@NO@@@)','',2,'2013-10-18'),(79451,'UPDATE mae_productos SET pro_precio_compra_bruto=490.08,pro_margen_actual=(pro_precio_venta-490.08)/490.08 * 100,pro_ultima_compra=@@@2013.10.18@@@,pro_ultimo_proveedor=@@@76218060-k@@@ WHERE pro_codigo_plu=19153','',2,'2013-10-18'),(79452,'UPDATE mae_productos SET pro_precio_compra_bruto=672.44,pro_margen_actual=(pro_precio_venta-672.44)/672.44 * 100,pro_ultima_compra=@@@2013.10.18@@@,pro_ultimo_proveedor=@@@76218060-k@@@ WHERE pro_codigo_plu=14422','',2,'2013-10-18'),(79453,'UPDATE mae_productos SET pro_precio_compra_bruto=1883.67,pro_margen_actual=(pro_precio_venta-1883.67)/1883.67 * 100,pro_ultima_compra=@@@2013.10.18@@@,pro_ultimo_proveedor=@@@76218060-k@@@ WHERE pro_codigo_plu=10226','',2,'2013-10-18'),(79454,'UPDATE mae_productos SET pro_precio_compra_bruto=407.41,pro_margen_actual=(pro_precio_venta-407.41)/407.41 * 100,pro_ultima_compra=@@@2013.10.18@@@,pro_ultimo_proveedor=@@@76218060-k@@@ WHERE pro_codigo_plu=12257','',2,'2013-10-18'),(79455,'UPDATE mae_productos SET pro_precio_compra_bruto=892,pro_margen_actual=(pro_precio_venta-892)/892 * 100,pro_ultima_compra=@@@2013.10.18@@@,pro_ultimo_proveedor=@@@76218060-k@@@ WHERE pro_codigo_plu=10743','',2,'2013-10-18'),(79456,'UPDATE mae_productos SET pro_precio_compra_bruto=408.17,pro_margen_actual=(pro_precio_venta-408.17)/408.17 * 100,pro_ultima_compra=@@@2013.10.18@@@,pro_ultimo_proveedor=@@@76218060-k@@@ WHERE pro_codigo_plu=11075','',2,'2013-10-18'),(79457,'UPDATE mae_productos SET pro_precio_compra_bruto=281.63,pro_margen_actual=(pro_precio_venta-281.63)/281.63 * 100,pro_ultima_compra=@@@2013.10.18@@@,pro_ultimo_proveedor=@@@76218060-k@@@ WHERE pro_codigo_plu=11074','',2,'2013-10-18'),(79458,'UPDATE mae_productos SET pro_precio_compra_bruto=1890.91,pro_margen_actual=(pro_precio_venta-1890.91)/1890.91 * 100,pro_ultima_compra=@@@2013.10.18@@@,pro_ultimo_proveedor=@@@76218060-k@@@ WHERE pro_codigo_plu=13889','',2,'2013-10-18'),(79459,'UPDATE mae_productos SET pro_precio_compra_bruto=998.59,pro_margen_actual=(pro_precio_venta-998.59)/998.59 * 100,pro_ultima_compra=@@@2013.10.18@@@,pro_ultimo_proveedor=@@@76218060-k@@@ WHERE pro_codigo_plu=10217','',2,'2013-10-18'),(79460,'UPDATE mae_productos SET pro_precio_compra_bruto=868.7,pro_margen_actual=(pro_precio_venta-868.7)/868.7 * 100,pro_ultima_compra=@@@2013.10.18@@@,pro_ultimo_proveedor=@@@76218060-k@@@ WHERE pro_codigo_plu=78017079','',2,'2013-10-18'),(79461,'UPDATE mae_productos SET pro_precio_compra_bruto=830.02,pro_margen_actual=(pro_precio_venta-830.02)/830.02 * 100,pro_ultima_compra=@@@2013.10.18@@@,pro_ultimo_proveedor=@@@76218060-k@@@ WHERE pro_codigo_plu=14036','',2,'2013-10-18'),(79462,'UPDATE mae_productos SET pro_precio_compra_bruto=963.9,pro_margen_actual=(pro_precio_venta-963.9)/963.9 * 100,pro_ultima_compra=@@@2013.10.18@@@,pro_ultimo_proveedor=@@@76218060-k@@@ WHERE pro_codigo_plu=13989','',2,'2013-10-18'),(79463,'UPDATE mae_productos SET pro_precio_compra_bruto=354.5,pro_margen_actual=(pro_precio_venta-354.5)/354.5 * 100,pro_ultima_compra=@@@2013.10.18@@@,pro_ultimo_proveedor=@@@76218060-k@@@ WHERE pro_codigo_plu=763300','',2,'2013-10-18'),(79464,'UPDATE mae_productos SET pro_precio_compra_bruto=133.52,pro_margen_actual=(pro_precio_venta-133.52)/133.52 * 100,pro_ultima_compra=@@@2013.10.18@@@,pro_ultimo_proveedor=@@@76218060-k@@@ WHERE pro_codigo_plu=78017076','',2,'2013-10-18'),(79465,'UPDATE mae_productos SET pro_precio_compra_bruto=1472.03,pro_margen_actual=(pro_precio_venta-1472.03)/1472.03 * 100,pro_ultima_compra=@@@2013.10.18@@@,pro_ultimo_proveedor=@@@76218060-k@@@ WHERE pro_codigo_plu=78017209','',2,'2013-10-18'),(79466,'UPDATE mae_productos SET med_id=5,pro_capacidad=400 WHERE pro_codigo_plu=763298','',2,'2013-10-18'),(79467,'UPDATE mae_productos SET med_id=2,pro_capacidad=1 WHERE pro_codigo_plu=11207','',2,'2013-10-18'),(79468,'UPDATE mae_productos SET med_id=5,pro_capacidad=0.25 WHERE pro_codigo_plu=12202','',2,'2013-10-18'),(79469,'UPDATE mae_productos SET med_id=1,pro_capacidad=1 WHERE pro_codigo_plu=825','',2,'2013-10-18'),(79470,'UPDATE mae_productos SET med_id=2,pro_capacidad=3 WHERE pro_codigo_plu=780721909','',2,'2013-10-18'),(79471,'UPDATE mae_productos SET med_id=5,pro_capacidad=3100 WHERE pro_codigo_plu=780721850','',2,'2013-10-18'),(79472,'UPDATE mae_productos SET med_id=7,pro_capacidad=250 WHERE pro_codigo_plu=780721386','',2,'2013-10-18'),(79473,'UPDATE mae_productos SET med_id=5,pro_capacidad=400 WHERE pro_codigo_plu=780721424','',2,'2013-10-18'),(79474,'UPDATE mae_productos SET med_id=2,pro_capacidad=3 WHERE pro_codigo_plu=780721909','',2,'2013-10-18'),(79475,'UPDATE mae_productos SET med_id=5,pro_capacidad=3100 WHERE pro_codigo_plu=780721850','',2,'2013-10-18'),(79476,'UPDATE mae_productos SET med_id=7,pro_capacidad=250 WHERE pro_codigo_plu=780721386','',2,'2013-10-18'),(79477,'UPDATE mae_productos SET med_id=5,pro_capacidad=400 WHERE pro_codigo_plu=780721424','',2,'2013-10-18'),(79478,'UPDATE mae_productos SET med_id=5,pro_capacidad=0.25 WHERE pro_codigo_plu=761835','',2,'2013-10-18'),(79479,'UPDATE mae_productos SET med_id=3,pro_capacidad=1 WHERE pro_codigo_plu=10033','',2,'2013-10-18'),(79480,'UPDATE mae_productos SET med_id=5,pro_capacidad=0.5 WHERE pro_codigo_plu=14084','',2,'2013-10-18'),(79481,'UPDATE mae_productos SET med_id=5,pro_capacidad=0.4 WHERE pro_codigo_plu=101978','',2,'2013-10-18'),(79482,'UPDATE mae_productos SET med_id=5,pro_capacidad=400 WHERE pro_codigo_plu=780721423','',2,'2013-10-18'),(79483,'UPDATE mae_productos SET med_id=1,pro_capacidad=1 WHERE pro_codigo_plu=10287','',2,'2013-10-18'),(79484,'UPDATE mae_productos SET med_id=5,pro_capacidad=1000 WHERE pro_codigo_plu=762017','',2,'2013-10-18'),(79485,'UPDATE mae_productos SET med_id=1,pro_capacidad=0 WHERE pro_codigo_plu=762012','',2,'2013-10-18'),(79486,'UPDATE mae_productos SET med_id=6,pro_capacidad=0.4 WHERE pro_codigo_plu=101564','',2,'2013-10-18'),(79487,'UPDATE mae_productos SET med_id=5,pro_capacidad=0.4 WHERE pro_codigo_plu=13339','',2,'2013-10-18'),(79488,'UPDATE mae_productos SET med_id=1,pro_capacidad=1 WHERE pro_codigo_plu=10353','',2,'2013-10-18'),(79489,'UPDATE mae_productos SET med_id=5,pro_capacidad=0.4 WHERE pro_codigo_plu=13348','',2,'2013-10-18'),(79490,'UPDATE mae_productos SET med_id=6,pro_capacidad=500 WHERE pro_codigo_plu=780721833','',2,'2013-10-18'),(79491,'UPDATE mae_productos SET med_id=5,pro_capacidad=0.19 WHERE pro_codigo_plu=13164','',2,'2013-10-18'),(79492,'UPDATE mae_productos SET med_id=7,pro_capacidad=0.27 WHERE pro_codigo_plu=10240','',2,'2013-10-18'),(79493,'UPDATE mae_productos SET med_id=5,pro_capacidad=0.5 WHERE pro_codigo_plu=11025','',2,'2013-10-18'),(79494,'UPDATE mae_productos SET med_id=3,pro_capacidad=0.5 WHERE pro_codigo_plu=11833','',2,'2013-10-18'),(79495,'UPDATE mae_productos SET med_id=5,pro_capacidad=0.5 WHERE pro_codigo_plu=14082','',2,'2013-10-18'),(79496,'UPDATE mae_productos SET med_id=1,pro_capacidad=1 WHERE pro_codigo_plu=13296','',2,'2013-10-18'),(79497,'UPDATE mae_productos SET med_id=7,pro_capacidad=500 WHERE pro_codigo_plu=780721385','',2,'2013-10-18'),(79498,'UPDATE mae_productos SET med_id=5,pro_capacidad=0.425 WHERE pro_codigo_plu=13158','',2,'2013-10-18'),(79499,'UPDATE mae_productos SET med_id=2,pro_capacidad=1 WHERE pro_codigo_plu=11128','',2,'2013-10-18'),(79500,'UPDATE mae_productos SET med_id=7,pro_capacidad=0.27 WHERE pro_codigo_plu=20392','',2,'2013-10-18'),(79501,'UPDATE mae_productos SET med_id=5,pro_capacidad=0.5 WHERE pro_codigo_plu=11024','',2,'2013-10-18'),(79502,'UPDATE mae_productos SET med_id=7,pro_capacidad=0.4 WHERE pro_codigo_plu=12311','',2,'2013-10-18'),(79503,'UPDATE mae_productos SET med_id=2,pro_capacidad=1 WHERE pro_codigo_plu=10126','',2,'2013-10-18'),(79504,'UPDATE mae_productos SET med_id=5,pro_capacidad=0.25 WHERE pro_codigo_plu=14081','',2,'2013-10-18'),(79505,'UPDATE mae_productos SET med_id=5,pro_capacidad=0.425 WHERE pro_codigo_plu=13161','',2,'2013-10-18'),(79506,'UPDATE mae_productos SET med_id=1,pro_capacidad=0.17 WHERE pro_codigo_plu=13319','',2,'2013-10-18'),(79507,'UPDATE mae_productos SET med_id=5,pro_capacidad=170 WHERE pro_codigo_plu=780721832','',2,'2013-10-18'),(79508,'UPDATE mae_productos SET med_id=1,pro_capacidad=1 WHERE pro_codigo_plu=824','',2,'2013-10-18'),(79509,'UPDATE mae_productos SET med_id=5,pro_capacidad=0.17 WHERE pro_codigo_plu=13332','',2,'2013-10-18'),(79510,'UPDATE mae_productos SET med_id=5,pro_capacidad=0.425 WHERE pro_codigo_plu=13162','',2,'2013-10-18'),(79511,'UPDATE mae_productos SET med_id=6,pro_capacidad=200 WHERE pro_codigo_plu=100827','',2,'2013-10-18'),(79512,'UPDATE mae_productos SET med_id=2,pro_capacidad=1 WHERE pro_codigo_plu=14080','',2,'2013-10-18'),(79513,'UPDATE mae_productos SET med_id=5,pro_capacidad=0.19 WHERE pro_codigo_plu=13163','',2,'2013-10-18'),(79514,'UPDATE mae_productos SET med_id=1,pro_capacidad=0.17 WHERE pro_codigo_plu=10253','',2,'2013-10-18'),(79515,'UPDATE mae_productos SET med_id=5,pro_capacidad=0.425 WHERE pro_codigo_plu=13265','',2,'2013-10-18'),(79516,'UPDATE mae_productos SET med_id=2,pro_capacidad=1 WHERE pro_codigo_plu=10125','',2,'2013-10-18'),(79517,'UPDATE mae_productos SET med_id=5,pro_capacidad=0.425 WHERE pro_codigo_plu=13167','',2,'2013-10-18'),(79518,'UPDATE mae_productos SET med_id=1,pro_capacidad=0.5 WHERE pro_codigo_plu=261995','',2,'2013-10-18'),(79519,'UPDATE mae_productos SET med_id=5,pro_capacidad=0.565 WHERE pro_codigo_plu=13115','',2,'2013-10-18'),(79520,'UPDATE mae_productos SET med_id=5,pro_capacidad=500 WHERE pro_codigo_plu=764537','',2,'2013-10-18'),(79521,'UPDATE mae_productos SET med_id=2,pro_capacidad=1 WHERE pro_codigo_plu=1522','',2,'2013-10-18'),(79522,'UPDATE mae_productos SET med_id=2,pro_capacidad=1 WHERE pro_codigo_plu=1522','',2,'2013-10-18'),(79523,'UPDATE mae_productos SET med_id=2,pro_capacidad=1 WHERE pro_codigo_plu=11129','',2,'2013-10-18'),(79524,'UPDATE mae_productos SET med_id=5,pro_capacidad=0.19 WHERE pro_codigo_plu=13165','',2,'2013-10-18'),(79525,'UPDATE mae_productos SET med_id=1,pro_capacidad=1 WHERE pro_codigo_plu=10283','',2,'2013-10-18'),(79526,'UPDATE mae_productos SET med_id=5,pro_capacidad=0.59 WHERE pro_codigo_plu=13093','',2,'2013-10-18'),(79527,'UPDATE mae_productos SET med_id=2,pro_capacidad=1 WHERE pro_codigo_plu=100328','',2,'2013-10-18'),(79528,'UPDATE mae_productos SET med_id=5,pro_capacidad=0.59 WHERE pro_codigo_plu=13092','',2,'2013-10-18'),(79529,'UPDATE mae_productos SET med_id=1,pro_capacidad=1 WHERE pro_codigo_plu=10286','',2,'2013-10-18'),(79530,'UPDATE mae_productos SET med_id=2,pro_capacidad=1 WHERE pro_codigo_plu=780721948','',2,'2013-10-18'),(79531,'UPDATE mae_productos SET med_id=1,pro_capacidad=0.2 WHERE pro_codigo_plu=16406','',2,'2013-10-18'),(79532,'UPDATE mae_productos SET med_id=1,pro_capacidad=0.14 WHERE pro_codigo_plu=16633','',2,'2013-10-18'),(79533,'UPDATE mae_productos SET med_id=7,pro_capacidad=100 WHERE pro_codigo_plu=780721269','',2,'2013-10-18'),(79534,'UPDATE mae_productos SET med_id=5,pro_capacidad=125 WHERE pro_codigo_plu=763635','',2,'2013-10-18'),(79535,'UPDATE mae_productos SET med_id=3,pro_capacidad=1 WHERE pro_codigo_plu=16084','',2,'2013-10-18'),(79536,'UPDATE mae_productos SET med_id=7,pro_capacidad=100 WHERE pro_codigo_plu=780721602','',2,'2013-10-18'),(79537,'UPDATE mae_productos SET med_id=1,pro_capacidad=1 WHERE pro_codigo_plu=16640','',2,'2013-10-18'),(79538,'UPDATE mae_productos SET med_id=1,pro_capacidad=1 WHERE pro_codigo_plu=16636','',2,'2013-10-18'),(79539,'UPDATE mae_productos SET med_id=5,pro_capacidad=0.14 WHERE pro_codigo_plu=16806','',2,'2013-10-18'),(79540,'UPDATE mae_productos SET med_id=5,pro_capacidad=100 WHERE pro_codigo_plu=780721360','',2,'2013-10-18'),(79541,'UPDATE mae_productos SET med_id=5,pro_capacidad=0.125 WHERE pro_codigo_plu=16870','',2,'2013-10-18'),(79542,'UPDATE mae_productos SET med_id=1,pro_capacidad=1 WHERE pro_codigo_plu=16635','',2,'2013-10-18'),(79543,'UPDATE mae_productos SET med_id=1,pro_capacidad=0.14 WHERE pro_codigo_plu=16632','',2,'2013-10-18'),(79544,'UPDATE mae_productos SET med_id=5,pro_capacidad=0.125 WHERE pro_codigo_plu=16815','',2,'2013-10-18'),(79545,'UPDATE mae_productos SET med_id=1,pro_capacidad=5 WHERE pro_codigo_plu=764561','',2,'2013-10-18'),(79546,'UPDATE mae_productos SET med_id=5,pro_capacidad=0.125 WHERE pro_codigo_plu=16807','',2,'2013-10-18'),(79547,'UPDATE mae_productos SET med_id=1,pro_capacidad=1 WHERE pro_codigo_plu=16641','',2,'2013-10-18'),(79548,'UPDATE mae_productos SET med_id=1,pro_capacidad=1 WHERE pro_codigo_plu=16639','',2,'2013-10-18'),(79549,'UPDATE mae_productos SET med_id=5,pro_capacidad=0.125 WHERE pro_codigo_plu=16790','',2,'2013-10-18'),(79550,'UPDATE mae_productos SET med_id=5,pro_capacidad=125 WHERE pro_codigo_plu=780721978','',2,'2013-10-18'),(79551,'UPDATE mae_productos SET med_id=1,pro_capacidad=1 WHERE pro_codigo_plu=16092','',2,'2013-10-18'),(79552,'UPDATE mae_productos SET med_id=1,pro_capacidad=1 WHERE pro_codigo_plu=16081','',2,'2013-10-18'),(79553,'UPDATE mae_productos SET med_id=5,pro_capacidad=100 WHERE pro_codigo_plu=780721361','',2,'2013-10-18'),(79554,'UPDATE mae_productos SET med_id=5,pro_capacidad=0.4 WHERE pro_codigo_plu=101681','',2,'2013-10-18'),(79555,'UPDATE mae_productos SET med_id=2,pro_capacidad=1 WHERE pro_codigo_plu=10423','',2,'2013-10-18'),(79556,'UPDATE mae_productos SET med_id=5,pro_capacidad=0.5 WHERE pro_codigo_plu=10421','',2,'2013-10-18'),(79557,'UPDATE mae_productos SET med_id=5,pro_capacidad=0.4 WHERE pro_codigo_plu=10418','',2,'2013-10-18'),(79558,'UPDATE mae_productos SET med_id=5,pro_capacidad=0.4 WHERE pro_codigo_plu=101702','',2,'2013-10-18'),(79559,'UPDATE mae_productos SET med_id=5,pro_capacidad=0.2 WHERE pro_codigo_plu=10419','',2,'2013-10-18'),(79560,'UPDATE mae_productos SET med_id=3,pro_capacidad=1 WHERE pro_codigo_plu=16085','',2,'2013-10-18'),(79561,'UPDATE mae_productos SET med_id=1,pro_capacidad=0.125 WHERE pro_codigo_plu=16792','',2,'2013-10-18'),(79562,'UPDATE mae_productos SET med_id=1,pro_capacidad=0.2 WHERE pro_codigo_plu=18266','',2,'2013-10-18'),(79563,'UPDATE mae_productos SET med_id=3,pro_capacidad=1 WHERE pro_codigo_plu=16011','',2,'2013-10-18'),(79564,'UPDATE mae_productos SET med_id=5,pro_capacidad=0.12 WHERE pro_codigo_plu=12493','',2,'2013-10-18'),(79565,'UPDATE mae_productos SET med_id=5,pro_capacidad=0.25 WHERE pro_codigo_plu=16273','',2,'2013-10-18'),(79566,'UPDATE mae_productos SET med_id=2,pro_capacidad=1 WHERE pro_codigo_plu=10434','',2,'2013-10-18'),(79567,'UPDATE mae_productos SET med_id=5,pro_capacidad=125 WHERE pro_codigo_plu=764563','',2,'2013-10-18'),(79568,'UPDATE mae_productos SET med_id=1,pro_capacidad=1 WHERE pro_codigo_plu=16080','',2,'2013-10-18'),(79569,'UPDATE mae_productos SET med_id=6,pro_capacidad=0.2 WHERE pro_codigo_plu=16062','',2,'2013-10-18'),(79570,'UPDATE mae_productos SET med_id=3,pro_capacidad=1 WHERE pro_codigo_plu=16002','',2,'2013-10-18'),(79571,'UPDATE mae_productos SET med_id=6,pro_capacidad=0.2 WHERE pro_codigo_plu=16086','',2,'2013-10-18'),(79572,'UPDATE mae_productos SET med_id=5,pro_capacidad=0.125 WHERE pro_codigo_plu=16272','',2,'2013-10-18'),(79573,'UPDATE mae_productos SET med_id=1,pro_capacidad=0.2 WHERE pro_codigo_plu=18679','',2,'2013-10-18'),(79574,'UPDATE mae_productos SET med_id=5,pro_capacidad=125 WHERE pro_codigo_plu=763634','',2,'2013-10-18'),(79575,'UPDATE mae_productos SET med_id=5,pro_capacidad=0.125 WHERE pro_codigo_plu=13096','',2,'2013-10-18'),(79576,'UPDATE mae_productos SET med_id=3,pro_capacidad=1 WHERE pro_codigo_plu=15977','',2,'2013-10-18'),(79577,'UPDATE mae_productos SET med_id=5,pro_capacidad=0.1 WHERE pro_codigo_plu=102536','',2,'2013-10-18'),(79578,'UPDATE mae_productos SET med_id=1,pro_capacidad=1 WHERE pro_codigo_plu=16073','',2,'2013-10-18'),(79579,'UPDATE mae_productos SET med_id=5,pro_capacidad=0.1 WHERE pro_codigo_plu=102537','',2,'2013-10-18'),(79580,'UPDATE mae_productos SET med_id=5,pro_capacidad=0.1 WHERE pro_codigo_plu=12454','',2,'2013-10-18'),(79581,'UPDATE mae_productos SET med_id=5,pro_capacidad=100 WHERE pro_codigo_plu=763625','',2,'2013-10-18'),(79582,'UPDATE mae_productos SET med_id=5,pro_capacidad=0.14 WHERE pro_codigo_plu=101338','',2,'2013-10-18'),(79583,'UPDATE mae_productos SET med_id=5,pro_capacidad=0.1 WHERE pro_codigo_plu=12453','',2,'2013-10-18'),(79584,'UPDATE mae_productos SET med_id=5,pro_capacidad=0.125 WHERE pro_codigo_plu=16817','',2,'2013-10-18'),(79585,'UPDATE mae_productos SET med_id=5,pro_capacidad=0.125 WHERE pro_codigo_plu=12475','',2,'2013-10-18'),(79586,'UPDATE mae_productos SET med_id=5,pro_capacidad=100 WHERE pro_codigo_plu=764562','',2,'2013-10-18'),(79587,'UPDATE mae_productos SET med_id=5,pro_capacidad=0.125 WHERE pro_codigo_plu=16819','',2,'2013-10-18'),(79588,'UPDATE mae_productos SET med_id=5,pro_capacidad=0.125 WHERE pro_codigo_plu=16816','',2,'2013-10-18'),(79589,'UPDATE mae_productos SET med_id=5,pro_capacidad=0.125 WHERE pro_codigo_plu=16818','',2,'2013-10-18'),(79590,'UPDATE mae_productos SET pro_precio_compra_bruto=452.2,pro_margen_actual=(pro_precio_venta-452.2)/452.2 * 100,pro_ultima_compra=@@@2013.10.18@@@,pro_ultimo_proveedor=@@@79984240-8@@@ WHERE pro_codigo_plu=111','',2,'2013-10-18'),(79591,'UPDATE mae_productos SET pro_precio_compra_bruto=1380.4,pro_margen_actual=(pro_precio_venta-1380.4)/1380.4 * 100,pro_ultima_compra=@@@2013.10.18@@@,pro_ultimo_proveedor=@@@79984240-8@@@ WHERE pro_codigo_plu=128','',2,'2013-10-18'),(79592,'UPDATE mae_productos SET pro_precio_compra_bruto=2715.58,pro_margen_actual=(pro_precio_venta-2715.58)/2715.58 * 100,pro_ultima_compra=@@@2013.10.18@@@,pro_ultimo_proveedor=@@@79984240-8@@@ WHERE pro_codigo_plu=205','',2,'2013-10-18'),(79593,'UPDATE mae_productos SET pro_precio_compra_bruto=2951.19,pro_margen_actual=(pro_precio_venta-2951.19)/2951.19 * 100,pro_ultima_compra=@@@2013.10.18@@@,pro_ultimo_proveedor=@@@79984240-8@@@ WHERE pro_codigo_plu=216','',2,'2013-10-18'),(79594,'UPDATE mae_productos SET pro_precio_compra_bruto=74.97,pro_margen_actual=(pro_precio_venta-74.97)/74.97 * 100,pro_ultima_compra=@@@2013.10.18@@@,pro_ultimo_proveedor=@@@79984240-8@@@ WHERE pro_codigo_plu=19749','',2,'2013-10-18'),(79595,'UPDATE mae_productos SET pro_precio_compra_bruto=123.76,pro_margen_actual=(pro_precio_venta-123.76)/123.76 * 100,pro_ultima_compra=@@@2013.10.18@@@,pro_ultimo_proveedor=@@@79984240-8@@@ WHERE pro_codigo_plu=19733','',2,'2013-10-18'),(79596,'UPDATE mae_productos SET pro_precio_compra_bruto=702.1,pro_margen_actual=(pro_precio_venta-702.1)/702.1 * 100,pro_ultima_compra=@@@2013.10.18@@@,pro_ultimo_proveedor=@@@79984240-8@@@ WHERE pro_codigo_plu=19667','',2,'2013-10-18'),(79597,'UPDATE mae_productos SET pro_precio_compra_bruto=678.3,pro_margen_actual=(pro_precio_venta-678.3)/678.3 * 100,pro_ultima_compra=@@@2013.10.18@@@,pro_ultimo_proveedor=@@@79984240-8@@@ WHERE pro_codigo_plu=19672','',2,'2013-10-18'),(79598,'UPDATE mae_productos SET pro_precio_compra_bruto=702.1,pro_margen_actual=(pro_precio_venta-702.1)/702.1 * 100,pro_ultima_compra=@@@2013.10.18@@@,pro_ultimo_proveedor=@@@79984240-8@@@ WHERE pro_codigo_plu=11573','',2,'2013-10-18'),(79599,'UPDATE mae_productos SET pro_precio_compra_bruto=247.52,pro_margen_actual=(pro_precio_venta-247.52)/247.52 * 100,pro_ultima_compra=@@@2013.10.18@@@,pro_ultimo_proveedor=@@@79984240-8@@@ WHERE pro_codigo_plu=19695','',2,'2013-10-18'),(79600,'UPDATE mae_productos SET pro_precio_compra_bruto=1356.6,pro_margen_actual=(pro_precio_venta-1356.6)/1356.6 * 100,pro_ultima_compra=@@@2013.10.18@@@,pro_ultimo_proveedor=@@@79984240-8@@@ WHERE pro_codigo_plu=763554','',2,'2013-10-18'),(79601,'UPDATE mae_productos SET pro_precio_compra_bruto=1011.5,pro_margen_actual=(pro_precio_venta-1011.5)/1011.5 * 100,pro_ultima_compra=@@@2013.10.18@@@,pro_ultimo_proveedor=@@@79984240-8@@@ WHERE pro_codigo_plu=780721630','',2,'2013-10-18'),(79602,'INSERT INTO gne_vale_ferreteria (vfe_id,vfe_fecha,vfe_total,vfe_estado,vfe_entregado,usu_nusuario) VALUES (14171,@@@2013.10.18@@@,580,1,0,@@@b_SAEZ@@@)','',2,'2013-10-18'),(79603,'INSERT INTO gne_vale_ferreteria_mov (vfe_id,pro_codigo_plu,vfm_cantidad,vfm_unitario,vfm_total,vfm_entregado) VALUES (14171,12161,2,290,580,@@@NO@@@)','',2,'2013-10-18'),(79604,'INSERT INTO gne_vale_ferreteria (vfe_id,vfe_fecha,vfe_total,vfe_estado,vfe_entregado,usu_nusuario) VALUES (14172,@@@2013.10.18@@@,600,1,0,@@@b_SAEZ@@@)','',2,'2013-10-18'),(79605,'INSERT INTO gne_vale_ferreteria_mov (vfe_id,pro_codigo_plu,vfm_cantidad,vfm_unitario,vfm_total,vfm_entregado) VALUES (14172,78017090,2,300,600,@@@NO@@@)','',2,'2013-10-18'),(79606,'INSERT INTO gne_vale_ferreteria (vfe_id,vfe_fecha,vfe_total,vfe_estado,vfe_entregado,usu_nusuario) VALUES (14173,@@@2013.10.18@@@,2280,1,0,@@@b_SAEZ@@@)','',2,'2013-10-18'),(79607,'INSERT INTO gne_vale_ferreteria_mov (vfe_id,pro_codigo_plu,vfm_cantidad,vfm_unitario,vfm_total,vfm_entregado) VALUES (14173,764396,2,790,1580,@@@NO@@@)','',2,'2013-10-18'),(79608,'INSERT INTO gne_vale_ferreteria_mov (vfe_id,pro_codigo_plu,vfm_cantidad,vfm_unitario,vfm_total,vfm_entregado) VALUES (14173,780721241,2,350,700,@@@NO@@@)','',2,'2013-10-18'),(79609,'INSERT INTO gne_vale_ferreteria (vfe_id,vfe_fecha,vfe_total,vfe_estado,vfe_entregado,usu_nusuario) VALUES (14174,@@@2013.10.18@@@,4440,1,0,@@@G_DIAZ@@@)','',2,'2013-10-18'),(79610,'INSERT INTO gne_vale_ferreteria_mov (vfe_id,pro_codigo_plu,vfm_cantidad,vfm_unitario,vfm_total,vfm_entregado) VALUES (14174,3100,5,450,2250,@@@NO@@@)','',2,'2013-10-18'),(79611,'INSERT INTO gne_vale_ferreteria_mov (vfe_id,pro_codigo_plu,vfm_cantidad,vfm_unitario,vfm_total,vfm_entregado) VALUES (14174,763621,1,2190,2190,@@@NO@@@)','',2,'2013-10-18'),(79612,'INSERT INTO gne_vale_ferreteria (vfe_id,vfe_fecha,vfe_total,vfe_estado,vfe_entregado,usu_nusuario) VALUES (14175,@@@2013.10.18@@@,1490,1,0,@@@G_DIAZ@@@)','',2,'2013-10-18'),(79613,'INSERT INTO gne_vale_ferreteria_mov (vfe_id,pro_codigo_plu,vfm_cantidad,vfm_unitario,vfm_total,vfm_entregado) VALUES (14175,770083,1,1490,1490,@@@NO@@@)','',2,'2013-10-18'),(79614,'INSERT INTO gne_vale_ferreteria (vfe_id,vfe_fecha,vfe_total,vfe_estado,vfe_entregado,usu_nusuario) VALUES (14176,@@@2013.10.18@@@,720,1,0,@@@G_DIAZ@@@)','',2,'2013-10-18'),(79615,'INSERT INTO gne_vale_ferreteria_mov (vfe_id,pro_codigo_plu,vfm_cantidad,vfm_unitario,vfm_total,vfm_entregado) VALUES (14176,19866,1,720,720,@@@NO@@@)','',2,'2013-10-18'),(79616,'INSERT INTO gne_vale_ferreteria (vfe_id,vfe_fecha,vfe_total,vfe_estado,vfe_entregado,usu_nusuario) VALUES (14177,@@@2013.10.18@@@,3280,1,0,@@@G_DIAZ@@@)','',2,'2013-10-18'),(79617,'INSERT INTO gne_vale_ferreteria_mov (vfe_id,pro_codigo_plu,vfm_cantidad,vfm_unitario,vfm_total,vfm_entregado) VALUES (14177,780721512,1,1290,1290,@@@NO@@@)','',2,'2013-10-18'),(79618,'INSERT INTO gne_vale_ferreteria_mov (vfe_id,pro_codigo_plu,vfm_cantidad,vfm_unitario,vfm_total,vfm_entregado) VALUES (14177,780721536,1,1990,1990,@@@NO@@@)','',2,'2013-10-18'),(79619,'INSERT INTO gne_vale_ferreteria (vfe_id,vfe_fecha,vfe_total,vfe_estado,vfe_entregado,usu_nusuario) VALUES (14178,@@@2013.10.18@@@,890,1,0,@@@G_DIAZ@@@)','',2,'2013-10-18'),(79620,'INSERT INTO gne_vale_ferreteria_mov (vfe_id,pro_codigo_plu,vfm_cantidad,vfm_unitario,vfm_total,vfm_entregado) VALUES (14178,2014,1,890,890,@@@NO@@@)','',2,'2013-10-18'),(79621,'INSERT INTO gne_vale_ferreteria (vfe_id,vfe_fecha,vfe_total,vfe_estado,vfe_entregado,usu_nusuario) VALUES (14179,@@@2013.10.18@@@,1290,1,0,@@@G_DIAZ@@@)','',2,'2013-10-18'),(79622,'INSERT INTO gne_vale_ferreteria_mov (vfe_id,pro_codigo_plu,vfm_cantidad,vfm_unitario,vfm_total,vfm_entregado) VALUES (14179,102594,1,1290,1290,@@@NO@@@)','',2,'2013-10-18'),(79623,'INSERT INTO gne_vale_ferreteria (vfe_id,vfe_fecha,vfe_total,vfe_estado,vfe_entregado,usu_nusuario) VALUES (14180,@@@2013.10.18@@@,1890,1,0,@@@G_DIAZ@@@)','',2,'2013-10-18'),(79624,'INSERT INTO gne_vale_ferreteria_mov (vfe_id,pro_codigo_plu,vfm_cantidad,vfm_unitario,vfm_total,vfm_entregado) VALUES (14180,101842,1,1890,1890,@@@NO@@@)','',2,'2013-10-18'),(79625,'INSERT INTO gne_vale_ferreteria (vfe_id,vfe_fecha,vfe_total,vfe_estado,vfe_entregado,usu_nusuario) VALUES (14181,@@@2013.10.18@@@,490,1,0,@@@G_DIAZ@@@)','',2,'2013-10-18'),(79626,'INSERT INTO gne_vale_ferreteria_mov (vfe_id,pro_codigo_plu,vfm_cantidad,vfm_unitario,vfm_total,vfm_entregado) VALUES (14181,1538,1,490,490,@@@NO@@@)','',2,'2013-10-18'),(79627,'INSERT INTO gne_vale_ferreteria (vfe_id,vfe_fecha,vfe_total,vfe_estado,vfe_entregado,usu_nusuario) VALUES (14182,@@@2013.10.18@@@,2400,1,0,@@@G_DIAZ@@@)','',2,'2013-10-18'),(79628,'INSERT INTO gne_vale_ferreteria_mov (vfe_id,pro_codigo_plu,vfm_cantidad,vfm_unitario,vfm_total,vfm_entregado) VALUES (14182,780721994,2,200,400,@@@NO@@@)','',2,'2013-10-18'),(79629,'INSERT INTO gne_vale_ferreteria_mov (vfe_id,pro_codigo_plu,vfm_cantidad,vfm_unitario,vfm_total,vfm_entregado) VALUES (14182,78017133,2,200,400,@@@NO@@@)','',2,'2013-10-18'),(79630,'INSERT INTO gne_vale_ferreteria_mov (vfe_id,pro_codigo_plu,vfm_cantidad,vfm_unitario,vfm_total,vfm_entregado) VALUES (14182,780721351,2,200,400,@@@NO@@@)','',2,'2013-10-18'),(79631,'INSERT INTO gne_vale_ferreteria_mov (vfe_id,pro_codigo_plu,vfm_cantidad,vfm_unitario,vfm_total,vfm_entregado) VALUES (14182,78017131,2,200,400,@@@NO@@@)','',2,'2013-10-18'),(79632,'INSERT INTO gne_vale_ferreteria_mov (vfe_id,pro_codigo_plu,vfm_cantidad,vfm_unitario,vfm_total,vfm_entregado) VALUES (14182,78017014,4,200,800,@@@NO@@@)','',2,'2013-10-18'),(79633,'INSERT INTO gne_vale_ferreteria (vfe_id,vfe_fecha,vfe_total,vfe_estado,vfe_entregado,usu_nusuario) VALUES (14183,@@@2013.10.18@@@,3490,1,0,@@@G_DIAZ@@@)','',2,'2013-10-18'),(79634,'INSERT INTO gne_vale_ferreteria_mov (vfe_id,pro_codigo_plu,vfm_cantidad,vfm_unitario,vfm_total,vfm_entregado) VALUES (14183,880021,1,3490,3490,@@@NO@@@)','',2,'2013-10-18'),(79635,'INSERT INTO gne_vale_ferreteria (vfe_id,vfe_fecha,vfe_total,vfe_estado,vfe_entregado,usu_nusuario) VALUES (14184,@@@2013.10.18@@@,3690,1,0,@@@G_DIAZ@@@)','',2,'2013-10-18'),(79636,'INSERT INTO gne_vale_ferreteria_mov (vfe_id,pro_codigo_plu,vfm_cantidad,vfm_unitario,vfm_total,vfm_entregado) VALUES (14184,4104,1,3690,3690,@@@NO@@@)','',2,'2013-10-18'),(79637,'INSERT INTO gne_vale_ferreteria (vfe_id,vfe_fecha,vfe_total,vfe_estado,vfe_entregado,usu_nusuario) VALUES (14185,@@@2013.10.18@@@,590,1,0,@@@G_DIAZ@@@)','',2,'2013-10-18'),(79638,'INSERT INTO gne_vale_ferreteria_mov (vfe_id,pro_codigo_plu,vfm_cantidad,vfm_unitario,vfm_total,vfm_entregado) VALUES (14185,2004,1,300,300,@@@NO@@@)','',2,'2013-10-18'),(79639,'INSERT INTO gne_vale_ferreteria_mov (vfe_id,pro_codigo_plu,vfm_cantidad,vfm_unitario,vfm_total,vfm_entregado) VALUES (14185,3103,1,290,290,@@@NO@@@)','',2,'2013-10-18'),(79640,'INSERT INTO gne_vale_ferreteria (vfe_id,vfe_fecha,vfe_total,vfe_estado,vfe_entregado,usu_nusuario) VALUES (14186,@@@2013.10.18@@@,850,1,0,@@@G_DIAZ@@@)','',2,'2013-10-18'),(79641,'INSERT INTO gne_vale_ferreteria_mov (vfe_id,pro_codigo_plu,vfm_cantidad,vfm_unitario,vfm_total,vfm_entregado) VALUES (14186,880006,2,200,400,@@@NO@@@)','',2,'2013-10-18'),(79642,'INSERT INTO gne_vale_ferreteria_mov (vfe_id,pro_codigo_plu,vfm_cantidad,vfm_unitario,vfm_total,vfm_entregado) VALUES (14186,7053,1,450,450,@@@NO@@@)','',2,'2013-10-18'),(79643,'INSERT INTO gne_vale_ferreteria (vfe_id,vfe_fecha,vfe_total,vfe_estado,vfe_entregado,usu_nusuario) VALUES (14187,@@@2013.10.18@@@,1690,1,0,@@@G_DIAZ@@@)','',2,'2013-10-18'),(79644,'INSERT INTO gne_vale_ferreteria_mov (vfe_id,pro_codigo_plu,vfm_cantidad,vfm_unitario,vfm_total,vfm_entregado) VALUES (14187,762757,1,1690,1690,@@@NO@@@)','',2,'2013-10-18'),(79645,'INSERT INTO gne_vale_ferreteria (vfe_id,vfe_fecha,vfe_total,vfe_estado,vfe_entregado,usu_nusuario) VALUES (14188,@@@2013.10.18@@@,290,1,0,@@@G_DIAZ@@@)','',2,'2013-10-18'),(79646,'INSERT INTO gne_vale_ferreteria_mov (vfe_id,pro_codigo_plu,vfm_cantidad,vfm_unitario,vfm_total,vfm_entregado) VALUES (14188,1536,1,290,290,@@@NO@@@)','',2,'2013-10-18'),(79647,'INSERT INTO gne_vale_ferreteria (vfe_id,vfe_fecha,vfe_total,vfe_estado,vfe_entregado,usu_nusuario) VALUES (14189,@@@2013.10.18@@@,150,1,0,@@@G_DIAZ@@@)','',2,'2013-10-18'),(79648,'INSERT INTO gne_vale_ferreteria_mov (vfe_id,pro_codigo_plu,vfm_cantidad,vfm_unitario,vfm_total,vfm_entregado) VALUES (14189,780721187,1,150,150,@@@NO@@@)','',2,'2013-10-18'),(79649,'INSERT INTO gne_vale_ferreteria (vfe_id,vfe_fecha,vfe_total,vfe_estado,vfe_entregado,usu_nusuario) VALUES (14190,@@@2013.10.18@@@,490,1,0,@@@G_DIAZ@@@)','',2,'2013-10-18'),(79650,'INSERT INTO gne_vale_ferreteria_mov (vfe_id,pro_codigo_plu,vfm_cantidad,vfm_unitario,vfm_total,vfm_entregado) VALUES (14190,764506,1,490,490,@@@NO@@@)','',2,'2013-10-18'),(79651,'INSERT INTO gne_vale_ferreteria (vfe_id,vfe_fecha,vfe_total,vfe_estado,vfe_entregado,usu_nusuario) VALUES (14191,@@@2013.10.18@@@,690,1,0,@@@G_DIAZ@@@)','',2,'2013-10-18'),(79652,'INSERT INTO gne_vale_ferreteria_mov (vfe_id,pro_codigo_plu,vfm_cantidad,vfm_unitario,vfm_total,vfm_entregado) VALUES (14191,19804,1,690,690,@@@NO@@@)','',2,'2013-10-18'),(79653,'INSERT INTO gne_vale_ferreteria (vfe_id,vfe_fecha,vfe_total,vfe_estado,vfe_entregado,usu_nusuario) VALUES (14192,@@@2013.10.18@@@,3080,1,0,@@@G_DIAZ@@@)','',2,'2013-10-18'),(79654,'INSERT INTO gne_vale_ferreteria_mov (vfe_id,pro_codigo_plu,vfm_cantidad,vfm_unitario,vfm_total,vfm_entregado) VALUES (14192,765042,1,1190,1190,@@@NO@@@)','',2,'2013-10-18'),(79655,'INSERT INTO gne_vale_ferreteria_mov (vfe_id,pro_codigo_plu,vfm_cantidad,vfm_unitario,vfm_total,vfm_entregado) VALUES (14192,20571,1,1890,1890,@@@NO@@@)','',2,'2013-10-18'),(79656,'INSERT INTO gne_vale_ferreteria (vfe_id,vfe_fecha,vfe_total,vfe_estado,vfe_entregado,usu_nusuario) VALUES (14193,@@@2013.10.18@@@,600,1,0,@@@G_DIAZ@@@)','',2,'2013-10-18'),(79657,'INSERT INTO gne_vale_ferreteria_mov (vfe_id,pro_codigo_plu,vfm_cantidad,vfm_unitario,vfm_total,vfm_entregado) VALUES (14193,8021,3,150,450,@@@NO@@@)','',2,'2013-10-18'),(79658,'INSERT INTO gne_vale_ferreteria_mov (vfe_id,pro_codigo_plu,vfm_cantidad,vfm_unitario,vfm_total,vfm_entregado) VALUES (14193,4129,3,50,150,@@@NO@@@)','',2,'2013-10-18'),(79659,'INSERT INTO gne_vale_ferreteria (vfe_id,vfe_fecha,vfe_total,vfe_estado,vfe_entregado,usu_nusuario) VALUES (14194,@@@2013.10.18@@@,200,1,0,@@@G_DIAZ@@@)','',2,'2013-10-18'),(79660,'INSERT INTO gne_vale_ferreteria_mov (vfe_id,pro_codigo_plu,vfm_cantidad,vfm_unitario,vfm_total,vfm_entregado) VALUES (14194,78017201,1,200,200,@@@NO@@@)','',2,'2013-10-18'),(79661,'INSERT INTO gne_vale_ferreteria (vfe_id,vfe_fecha,vfe_total,vfe_estado,vfe_entregado,usu_nusuario) VALUES (14195,@@@2013.10.18@@@,450,1,0,@@@G_DIAZ@@@)','',2,'2013-10-18'),(79662,'INSERT INTO gne_vale_ferreteria_mov (vfe_id,pro_codigo_plu,vfm_cantidad,vfm_unitario,vfm_total,vfm_entregado) VALUES (14195,909190,3,150,450,@@@NO@@@)','',2,'2013-10-18'),(79663,'INSERT INTO gne_vale_ferreteria (vfe_id,vfe_fecha,vfe_total,vfe_estado,vfe_entregado,usu_nusuario) VALUES (14196,@@@2013.10.18@@@,60,1,0,@@@G_DIAZ@@@)','',2,'2013-10-18'),(79664,'INSERT INTO gne_vale_ferreteria_mov (vfe_id,pro_codigo_plu,vfm_cantidad,vfm_unitario,vfm_total,vfm_entregado) VALUES (14196,13229,4,15,60,@@@NO@@@)','',2,'2013-10-18'),(79665,'INSERT INTO gne_vale_ferreteria (vfe_id,vfe_fecha,vfe_total,vfe_estado,vfe_entregado,usu_nusuario) VALUES (14197,@@@2013.10.18@@@,290,1,0,@@@G_DIAZ@@@)','',2,'2013-10-18'),(79666,'INSERT INTO gne_vale_ferreteria_mov (vfe_id,pro_codigo_plu,vfm_cantidad,vfm_unitario,vfm_total,vfm_entregado) VALUES (14197,3103,1,290,290,@@@NO@@@)','',2,'2013-10-18'),(79667,'INSERT INTO gne_vale_ferreteria (vfe_id,vfe_fecha,vfe_total,vfe_estado,vfe_entregado,usu_nusuario) VALUES (14198,@@@2013.10.18@@@,2530,1,0,@@@G_DIAZ@@@)','',2,'2013-10-18'),(79668,'INSERT INTO gne_vale_ferreteria_mov (vfe_id,pro_codigo_plu,vfm_cantidad,vfm_unitario,vfm_total,vfm_entregado) VALUES (14198,4005,2,1190,2380,@@@NO@@@)','',2,'2013-10-18'),(79669,'INSERT INTO gne_vale_ferreteria_mov (vfe_id,pro_codigo_plu,vfm_cantidad,vfm_unitario,vfm_total,vfm_entregado) VALUES (14198,15819,3,50,150,@@@NO@@@)','',2,'2013-10-18'),(79670,'INSERT INTO gne_vale_ferreteria (vfe_id,vfe_fecha,vfe_total,vfe_estado,vfe_entregado,usu_nusuario) VALUES (14199,@@@2013.10.18@@@,540,1,0,@@@G_DIAZ@@@)','',2,'2013-10-18'),(79671,'INSERT INTO gne_vale_ferreteria_mov (vfe_id,pro_codigo_plu,vfm_cantidad,vfm_unitario,vfm_total,vfm_entregado) VALUES (14199,15819,3,50,150,@@@NO@@@)','',2,'2013-10-18'),(79672,'INSERT INTO gne_vale_ferreteria_mov (vfe_id,pro_codigo_plu,vfm_cantidad,vfm_unitario,vfm_total,vfm_entregado) VALUES (14199,780721451,1,390,390,@@@NO@@@)','',2,'2013-10-18'),(79673,'INSERT INTO gne_vale_ferreteria (vfe_id,vfe_fecha,vfe_total,vfe_estado,vfe_entregado,usu_nusuario) VALUES (14200,@@@2013.10.18@@@,930,1,0,@@@G_DIAZ@@@)','',2,'2013-10-18'),(79674,'INSERT INTO gne_vale_ferreteria_mov (vfe_id,pro_codigo_plu,vfm_cantidad,vfm_unitario,vfm_total,vfm_entregado) VALUES (14200,15819,3,50,150,@@@NO@@@)','',2,'2013-10-18'),(79675,'INSERT INTO gne_vale_ferreteria_mov (vfe_id,pro_codigo_plu,vfm_cantidad,vfm_unitario,vfm_total,vfm_entregado) VALUES (14200,15454,2,390,780,@@@NO@@@)','',2,'2013-10-18'),(79676,'INSERT INTO gne_vale_ferreteria (vfe_id,vfe_fecha,vfe_total,vfe_estado,vfe_entregado,usu_nusuario) VALUES (14201,@@@2013.10.18@@@,5290,1,0,@@@G_DIAZ@@@)','',2,'2013-10-18'),(79677,'INSERT INTO gne_vale_ferreteria_mov (vfe_id,pro_codigo_plu,vfm_cantidad,vfm_unitario,vfm_total,vfm_entregado) VALUES (14201,764885,1,5290,5290,@@@NO@@@)','',2,'2013-10-18'),(79678,'INSERT INTO gne_vale_ferreteria (vfe_id,vfe_fecha,vfe_total,vfe_estado,vfe_entregado,usu_nusuario) VALUES (14202,@@@2013.10.18@@@,300,1,0,@@@G_DIAZ@@@)','',2,'2013-10-18'),(79679,'INSERT INTO gne_vale_ferreteria_mov (vfe_id,pro_codigo_plu,vfm_cantidad,vfm_unitario,vfm_total,vfm_entregado) VALUES (14202,2004,1,300,300,@@@NO@@@)','',2,'2013-10-18'),(79680,'UPDATE mae_productos SET pro_precio_venta=680,pro_margen_actual= 31.29 WHERE pro_codigo_plu=12344','',2,'2013-10-18'),(79681,'UPDATE mae_productos SET pro_precio_venta=1990,pro_margen_actual= 28.24 WHERE pro_codigo_plu=19222','',2,'2013-10-18'),(79682,'UPDATE mae_productos SET pro_precio_venta=250,pro_margen_actual= 38.83 WHERE pro_codigo_plu=780722025','',2,'2013-10-18'),(79683,'UPDATE mae_productos SET pro_precio_venta=460,pro_margen_actual= 29.76 WHERE pro_codigo_plu=780722024','',2,'2013-10-18'),(79684,'UPDATE mae_productos SET pro_precio_venta=770,pro_margen_actual= 31.58 WHERE pro_codigo_plu=11937','',2,'2013-10-18'),(79685,'UPDATE mae_productos SET pro_precio_venta=770,pro_margen_actual= 31.58 WHERE pro_codigo_plu=11938','',2,'2013-10-18'),(79686,'UPDATE mae_productos SET pro_precio_venta=999,pro_margen_actual= 29.29 WHERE pro_codigo_plu=11946','',2,'2013-10-18'),(79687,'UPDATE mae_productos SET pro_precio_venta=660,pro_margen_actual= 30.16 WHERE pro_codigo_plu=11994','',2,'2013-10-18'),(79688,'INSERT INTO gne_vale_ferreteria (vfe_id,vfe_fecha,vfe_total,vfe_estado,vfe_entregado,usu_nusuario) VALUES (14203,@@@2013.10.18@@@,750,1,0,@@@G_DIAZ@@@)','',2,'2013-10-18'),(79689,'INSERT INTO gne_vale_ferreteria_mov (vfe_id,pro_codigo_plu,vfm_cantidad,vfm_unitario,vfm_total,vfm_entregado) VALUES (14203,762251,1,750,750,@@@NO@@@)','',2,'2013-10-18'),(79690,'UPDATE mae_productos SET pro_precio_venta=1080,pro_margen_actual= 30.12 WHERE pro_codigo_plu=14036','',2,'2013-10-18'),(79691,'UPDATE mae_productos SET pro_precio_venta=640,pro_margen_actual= 30.59 WHERE pro_codigo_plu=19153','',2,'2013-10-18'),(79692,'UPDATE mae_productos SET pro_precio_venta=880,pro_margen_actual= 30.87 WHERE pro_codigo_plu=14422','',2,'2013-10-18'),(79693,'UPDATE mae_productos SET pro_precio_venta=1150,pro_margen_actual= 32.38 WHERE pro_codigo_plu=78017079','',2,'2013-10-18'),(79694,'UPDATE mae_productos SET pro_precio_venta=530,pro_margen_actual= 29.85 WHERE pro_codigo_plu=11075','',2,'2013-10-18'),(79695,'INSERT INTO gne_vale_ferreteria (vfe_id,vfe_fecha,vfe_total,vfe_estado,vfe_entregado,usu_nusuario) VALUES (14204,@@@2013.10.18@@@,1910,1,0,@@@G_DIAZ@@@)','',2,'2013-10-18'),(79696,'INSERT INTO gne_vale_ferreteria_mov (vfe_id,pro_codigo_plu,vfm_cantidad,vfm_unitario,vfm_total,vfm_entregado) VALUES (14204,763804,1,790,790,@@@NO@@@)','',2,'2013-10-18'),(79697,'INSERT INTO gne_vale_ferreteria_mov (vfe_id,pro_codigo_plu,vfm_cantidad,vfm_unitario,vfm_total,vfm_entregado) VALUES (14204,763775,1,690,690,@@@NO@@@)','',2,'2013-10-18'),(79698,'INSERT INTO gne_vale_ferreteria_mov (vfe_id,pro_codigo_plu,vfm_cantidad,vfm_unitario,vfm_total,vfm_entregado) VALUES (14204,780721719,1,430,430,@@@NO@@@)','',2,'2013-10-18'),(79699,'INSERT INTO mae_productos (pro_codigo_plu,pro_codigo_barra,pro_tipo,pro_nombre_producto,pro_nombre_corto,med_id,emb_id,pro_unidades_embalaje,dep_id,lin_id,mar_id,pro_precio_compra_neto,pro_precio_compra_bruto,pro_precio_venta,pro_margen_actual,pro_oferta,pro_fecha_inicio_oferta,pro_fecha_termino_oferta,pro_precio_oferta,pro_stock_minimo,pro_stock_critico,pro_entradas_bodega,pro_salidas_bodega,pro_mermas_bodega,pro_ajustes_bodega,pro_entradas_sv,pro_salidas_sv,pro_mermas_sv,pro_ajustes_sv,pro_activo,rec_numero,pro_unidad,pro_capacidad,pro_consumo_bodega,pro_consumo_sv,pro_estado,pro_funcion_plu,pro_flejes,pro_iva,pro_plu_asociado,pro_envase,pro_duracion,pro_numero_etiqueta) VALUES (780722026,@@@7802225317313@@@,@@@0@@@,@@@GALLETA BAGLEY SALVADO TRI-PACK  642G@@@,@@@GALLETA BAGLEY S@@@,@@@5 @@@,@@@6 @@@,@@@6@@@,@@@32 @@@,@@@18@@@,@@@2507@@@,@@@0@@@,@@@978.18@@@,@@@1@@@,@@@-99.9@@@,@@@@@@,@@@2006.09.07@@@,@@@2006.09.07@@@,@@@0@@@,@@@6@@@,@@@3@@@,@@@0@@@,@@@0@@@,@@@0@@@,@@@0@@@,@@@0@@@,@@@0@@@,@@@0@@@,@@@0@@@,@@@1@@@,@@@0@@@,0,642,0,0,2,0,1,1,0,@@@NO@@@,0,0)','',2,'2013-10-18'),(79700,'DELETE FROM mae_impuestos_productos WHERE pro_codigo_plu=@@@780722026@@@','',2,'2013-10-18'),(79701,'UPDATE mae_productos SET pro_margen_actual=30.87,pro_precio_venta=880 WHERE pro_codigo_plu=14422','',2,'2013-10-18'),(79702,'UPDATE mae_productos SET pro_margen_actual=30.59,pro_precio_venta=640 WHERE pro_codigo_plu=19153','',2,'2013-10-18'),(79703,'UPDATE mae_productos SET pro_margen_actual=31.58,pro_precio_venta=770 WHERE pro_codigo_plu=11937','',2,'2013-10-18'),(79704,'UPDATE mae_productos SET pro_margen_actual=31.58,pro_precio_venta=770 WHERE pro_codigo_plu=11938','',2,'2013-10-18'),(79705,'UPDATE mae_productos SET pro_margen_actual=29.29,pro_precio_venta=999 WHERE pro_codigo_plu=11946','',2,'2013-10-18'),(79706,'UPDATE mae_productos SET pro_margen_actual=31.29,pro_precio_venta=680 WHERE pro_codigo_plu=12344','',2,'2013-10-18'),(79707,'UPDATE mae_productos SET pro_margen_actual=30.16,pro_precio_venta=660 WHERE pro_codigo_plu=11994','',2,'2013-10-18'),(79708,'UPDATE mae_productos SET pro_margen_actual=29.76,pro_precio_venta=460 WHERE pro_codigo_plu=780722024','',2,'2013-10-18'),(79709,'UPDATE mae_productos SET pro_margen_actual=30.12,pro_precio_venta=1080 WHERE pro_codigo_plu=14036','',2,'2013-10-18'),(79710,'UPDATE mae_productos SET pro_margen_actual=38.83,pro_precio_venta=250 WHERE pro_codigo_plu=780722025','',2,'2013-10-18'),(79711,'UPDATE mae_productos SET pro_margen_actual=29.85,pro_precio_venta=530 WHERE pro_codigo_plu=11075','',2,'2013-10-18'),(79712,'UPDATE mae_productos SET pro_margen_actual=28.24,pro_precio_venta=1990 WHERE pro_codigo_plu=19222','',2,'2013-10-18'),(79713,'UPDATE mae_productos SET pro_margen_actual=32.38,pro_precio_venta=1150 WHERE pro_codigo_plu=78017079','',2,'2013-10-18'),(79714,'UPDATE mae_productos SET pro_margen_actual=30.34,pro_precio_venta=750 WHERE pro_codigo_plu=780722023','',2,'2013-10-18'),(79715,'INSERT INTO gne_vale_ferreteria (vfe_id,vfe_fecha,vfe_total,vfe_estado,vfe_entregado,usu_nusuario) VALUES (14205,@@@2013.10.18@@@,490,1,0,@@@G_DIAZ@@@)','',2,'2013-10-18'),(79716,'INSERT INTO gne_vale_ferreteria_mov (vfe_id,pro_codigo_plu,vfm_cantidad,vfm_unitario,vfm_total,vfm_entregado) VALUES (14205,764223,1,490,490,@@@NO@@@)','',2,'2013-10-18'),(79717,'INSERT INTO mae_productos (pro_codigo_plu,pro_codigo_barra,pro_tipo,pro_nombre_producto,pro_nombre_corto,med_id,emb_id,pro_unidades_embalaje,dep_id,lin_id,mar_id,pro_precio_compra_neto,pro_precio_compra_bruto,pro_precio_venta,pro_margen_actual,pro_oferta,pro_fecha_inicio_oferta,pro_fecha_termino_oferta,pro_precio_oferta,pro_stock_minimo,pro_stock_critico,pro_entradas_bodega,pro_salidas_bodega,pro_mermas_bodega,pro_ajustes_bodega,pro_entradas_sv,pro_salidas_sv,pro_mermas_sv,pro_ajustes_sv,pro_activo,rec_numero,pro_unidad,pro_capacidad,pro_consumo_bodega,pro_consumo_sv,pro_estado,pro_funcion_plu,pro_flejes,pro_iva,pro_plu_asociado,pro_envase,pro_duracion,pro_numero_etiqueta) VALUES (780722027,@@@7613032776756@@@,@@@0@@@,@@@SALSA MAGGI ALFREDO 23G@@@,@@@SALSA MAGGI ALFR@@@,@@@5 @@@,@@@6 @@@,@@@3@@@,@@@1 @@@,@@@16@@@,@@@31@@@,@@@0@@@,@@@428.4@@@,@@@1@@@,@@@-99.77@@@,@@@@@@,@@@2006.09.07@@@,@@@2006.09.07@@@,@@@0@@@,@@@3@@@,@@@2@@@,@@@0@@@,@@@0@@@,@@@0@@@,@@@0@@@,@@@0@@@,@@@0@@@,@@@0@@@,@@@0@@@,@@@1@@@,@@@0@@@,0,23,0,0,2,0,1,1,0,@@@NO@@@,0,0)','',2,'2013-10-18'),(79718,'DELETE FROM mae_impuestos_productos WHERE pro_codigo_plu=@@@780722027@@@','',2,'2013-10-18'),(79719,'UPDATE mae_productos SET pro_precio_fiscal=pro_precio_venta WHERE pro_codigo_plu=14036','',2,'2013-10-18'),(79720,'UPDATE mae_productos SET pro_precio_fiscal=pro_precio_venta WHERE pro_codigo_plu=12344','',2,'2013-10-18'),(79721,'UPDATE mae_productos SET pro_precio_fiscal=pro_precio_venta WHERE pro_codigo_plu=19222','',2,'2013-10-18'),(79722,'UPDATE mae_productos SET pro_precio_fiscal=pro_precio_venta WHERE pro_codigo_plu=19153','',2,'2013-10-18'),(79723,'UPDATE mae_productos SET pro_precio_fiscal=pro_precio_venta WHERE pro_codigo_plu=14422','',2,'2013-10-18'),(79724,'UPDATE mae_productos SET pro_precio_fiscal=pro_precio_venta WHERE pro_codigo_plu=78017079','',2,'2013-10-18'),(79725,'UPDATE mae_productos SET pro_precio_fiscal=pro_precio_venta WHERE pro_codigo_plu=780722025','',2,'2013-10-18'),(79726,'UPDATE mae_productos SET pro_precio_fiscal=pro_precio_venta WHERE pro_codigo_plu=780722024','',2,'2013-10-18'),(79727,'UPDATE mae_productos SET pro_precio_fiscal=pro_precio_venta WHERE pro_codigo_plu=780722023','',2,'2013-10-18'),(79728,'UPDATE mae_productos SET pro_precio_fiscal=pro_precio_venta WHERE pro_codigo_plu=11937','',2,'2013-10-18'),(79729,'UPDATE mae_productos SET pro_precio_fiscal=pro_precio_venta WHERE pro_codigo_plu=11938','',2,'2013-10-18'),(79730,'UPDATE mae_productos SET pro_precio_fiscal=pro_precio_venta WHERE pro_codigo_plu=11946','',2,'2013-10-18'),(79731,'UPDATE mae_productos SET pro_precio_fiscal=pro_precio_venta WHERE pro_codigo_plu=11994','',2,'2013-10-18'),(79732,'UPDATE mae_productos SET pro_precio_fiscal=pro_precio_venta WHERE pro_codigo_plu=11075','',2,'2013-10-18'),(79733,'INSERT INTO gne_vale_ferreteria (vfe_id,vfe_fecha,vfe_total,vfe_estado,vfe_entregado,usu_nusuario) VALUES (14206,@@@2013.10.18@@@,800,1,0,@@@G_DIAZ@@@)','',2,'2013-10-18'),(79734,'INSERT INTO gne_vale_ferreteria_mov (vfe_id,pro_codigo_plu,vfm_cantidad,vfm_unitario,vfm_total,vfm_entregado) VALUES (14206,770001,10,80,800,@@@NO@@@)','',2,'2013-10-18'),(79735,'UPDATE mae_productos SET pro_precio_venta=620,pro_margen_actual= 31.51 WHERE pro_codigo_plu=12156','',2,'2013-10-18'),(79736,'UPDATE mae_productos SET pro_precio_venta=620,pro_margen_actual= 31.51 WHERE pro_codigo_plu=11999','',2,'2013-10-18'),(79737,'UPDATE mae_productos SET pro_precio_venta=1950,pro_margen_actual= 41.26 WHERE pro_codigo_plu=128','',2,'2013-10-18'),(79738,'INSERT INTO mae_productos (pro_codigo_plu,pro_codigo_barra,pro_tipo,pro_nombre_producto,pro_nombre_corto,med_id,emb_id,pro_unidades_embalaje,dep_id,lin_id,mar_id,pro_precio_compra_neto,pro_precio_compra_bruto,pro_precio_venta,pro_margen_actual,pro_oferta,pro_fecha_inicio_oferta,pro_fecha_termino_oferta,pro_precio_oferta,pro_stock_minimo,pro_stock_critico,pro_entradas_bodega,pro_salidas_bodega,pro_mermas_bodega,pro_ajustes_bodega,pro_entradas_sv,pro_salidas_sv,pro_mermas_sv,pro_ajustes_sv,pro_activo,rec_numero,pro_unidad,pro_capacidad,pro_consumo_bodega,pro_consumo_sv,pro_estado,pro_funcion_plu,pro_flejes,pro_iva,pro_plu_asociado,pro_envase,pro_duracion,pro_numero_etiqueta) VALUES (780722028,@@@7802225688802@@@,@@@0@@@,@@@CEREAL MIX MANZANA ARCOR 115 G @@@,@@@CEREAL MIX MANZA@@@,@@@5 @@@,@@@6 @@@,@@@9@@@,@@@32 @@@,@@@18@@@,@@@2105@@@,@@@0@@@,@@@279.65@@@,@@@1@@@,@@@-99.64@@@,@@@@@@,@@@2006.09.07@@@,@@@2006.09.07@@@,@@@0@@@,@@@9@@@,@@@3@@@,@@@0@@@,@@@0@@@,@@@0@@@,@@@0@@@,@@@0@@@,@@@0@@@,@@@0@@@,@@@0@@@,@@@1@@@,@@@0@@@,0,115,0,0,2,0,1,1,0,@@@NO@@@,0,0)','',2,'2013-10-18'),(79739,'DELETE FROM mae_impuestos_productos WHERE pro_codigo_plu=@@@780722028@@@','',2,'2013-10-18'),(79740,'INSERT INTO mae_productos (pro_codigo_plu,pro_codigo_barra,pro_tipo,pro_nombre_producto,pro_nombre_corto,med_id,emb_id,pro_unidades_embalaje,dep_id,lin_id,mar_id,pro_precio_compra_neto,pro_precio_compra_bruto,pro_precio_venta,pro_margen_actual,pro_oferta,pro_fecha_inicio_oferta,pro_fecha_termino_oferta,pro_precio_oferta,pro_stock_minimo,pro_stock_critico,pro_entradas_bodega,pro_salidas_bodega,pro_mermas_bodega,pro_ajustes_bodega,pro_entradas_sv,pro_salidas_sv,pro_mermas_sv,pro_ajustes_sv,pro_activo,rec_numero,pro_unidad,pro_capacidad,pro_consumo_bodega,pro_consumo_sv,pro_estado,pro_funcion_plu,pro_flejes,pro_iva,pro_plu_asociado,pro_envase,pro_duracion,pro_numero_etiqueta) VALUES (780722029,@@@7802225688796@@@,@@@0@@@,@@@CEREAL M IX BERRIES ARCOR 115 G @@@,@@@CEREAL M IX BERR@@@,@@@5 @@@,@@@6 @@@,@@@9@@@,@@@32 @@@,@@@18@@@,@@@2105@@@,@@@0@@@,@@@279.65@@@,@@@1@@@,@@@-99.64@@@,@@@@@@,@@@2006.09.07@@@,@@@2006.09.07@@@,@@@0@@@,@@@9@@@,@@@3@@@,@@@0@@@,@@@0@@@,@@@0@@@,@@@0@@@,@@@0@@@,@@@0@@@,@@@0@@@,@@@0@@@,@@@1@@@,@@@0@@@,0,115,0,0,2,0,1,1,0,@@@NO@@@,0,0)','',2,'2013-10-18'),(79741,'DELETE FROM mae_impuestos_productos WHERE pro_codigo_plu=@@@780722029@@@','',2,'2013-10-18'),(79742,'UPDATE mae_productos SET pro_precio_fiscal=pro_precio_venta WHERE pro_codigo_plu=128','',2,'2013-10-18'),(79743,'UPDATE mae_productos SET pro_precio_fiscal=pro_precio_venta WHERE pro_codigo_plu=12156','',2,'2013-10-18'),(79744,'UPDATE mae_productos SET pro_precio_fiscal=pro_precio_venta WHERE pro_codigo_plu=11999','',2,'2013-10-18'),(79745,'INSERT INTO mae_productos (pro_codigo_plu,pro_codigo_barra,pro_tipo,pro_nombre_producto,pro_nombre_corto,med_id,emb_id,pro_unidades_embalaje,dep_id,lin_id,mar_id,pro_precio_compra_neto,pro_precio_compra_bruto,pro_precio_venta,pro_margen_actual,pro_oferta,pro_fecha_inicio_oferta,pro_fecha_termino_oferta,pro_precio_oferta,pro_stock_minimo,pro_stock_critico,pro_entradas_bodega,pro_salidas_bodega,pro_mermas_bodega,pro_ajustes_bodega,pro_entradas_sv,pro_salidas_sv,pro_mermas_sv,pro_ajustes_sv,pro_activo,rec_numero,pro_unidad,pro_capacidad,pro_consumo_bodega,pro_consumo_sv,pro_estado,pro_funcion_plu,pro_flejes,pro_iva,pro_plu_asociado,pro_envase,pro_duracion,pro_numero_etiqueta) VALUES (780722030,@@@7802225309257@@@,@@@0@@@,@@@GALLETA SALVADO SELZ LIGHT TRI-PACK 690 G@@@,@@@GALLETA SALVADO @@@,@@@5 @@@,@@@6 @@@,@@@8@@@,@@@32 @@@,@@@18@@@,@@@1873@@@,@@@0@@@,@@@1118.6@@@,@@@1@@@,@@@-99.91@@@,@@@@@@,@@@2006.09.07@@@,@@@2006.09.07@@@,@@@0@@@,@@@6@@@,@@@3@@@,@@@0@@@,@@@0@@@,@@@0@@@,@@@0@@@,@@@0@@@,@@@0@@@,@@@0@@@,@@@0@@@,@@@1@@@,@@@0@@@,0,690,0,0,2,0,1,1,0,@@@NO@@@,0,0)','',2,'2013-10-18'),(79746,'DELETE FROM mae_impuestos_productos WHERE pro_codigo_plu=@@@780722030@@@','',2,'2013-10-18'),(79747,'INSERT INTO gne_vale_ferreteria (vfe_id,vfe_fecha,vfe_total,vfe_estado,vfe_entregado,usu_nusuario) VALUES (14207,@@@2013.10.18@@@,100,1,0,@@@G_DIAZ@@@)','',2,'2013-10-18'),(79748,'INSERT INTO gne_vale_ferreteria_mov (vfe_id,pro_codigo_plu,vfm_cantidad,vfm_unitario,vfm_total,vfm_entregado) VALUES (14207,4092,2,50,100,@@@NO@@@)','',2,'2013-10-18'),(79749,'INSERT INTO mae_productos (pro_codigo_plu,pro_codigo_barra,pro_tipo,pro_nombre_producto,pro_nombre_corto,med_id,emb_id,pro_unidades_embalaje,dep_id,lin_id,mar_id,pro_precio_compra_neto,pro_precio_compra_bruto,pro_precio_venta,pro_margen_actual,pro_oferta,pro_fecha_inicio_oferta,pro_fecha_termino_oferta,pro_precio_oferta,pro_stock_minimo,pro_stock_critico,pro_entradas_bodega,pro_salidas_bodega,pro_mermas_bodega,pro_ajustes_bodega,pro_entradas_sv,pro_salidas_sv,pro_mermas_sv,pro_ajustes_sv,pro_activo,rec_numero,pro_unidad,pro_capacidad,pro_consumo_bodega,pro_consumo_sv,pro_estado,pro_funcion_plu,pro_flejes,pro_iva,pro_plu_asociado,pro_envase,pro_duracion,pro_numero_etiqueta) VALUES (780722031,@@@7802225689052@@@,@@@0@@@,@@@CEREAL MIX AVELLANAS ARCOR 115 G@@@,@@@CEREAL MIX AVELL@@@,@@@5 @@@,@@@6 @@@,@@@6@@@,@@@32 @@@,@@@18@@@,@@@2105@@@,@@@0@@@,@@@279.65@@@,@@@1@@@,@@@-99.64@@@,@@@@@@,@@@2006.09.07@@@,@@@2006.09.07@@@,@@@0@@@,@@@6@@@,@@@3@@@,@@@0@@@,@@@0@@@,@@@0@@@,@@@0@@@,@@@0@@@,@@@0@@@,@@@0@@@,@@@0@@@,@@@1@@@,@@@0@@@,0,115,0,0,2,0,1,1,0,@@@NO@@@,0,0)','',2,'2013-10-18'),(79750,'DELETE FROM mae_impuestos_productos WHERE pro_codigo_plu=@@@780722031@@@','',2,'2013-10-18'),(79751,'INSERT INTO gne_vale_ferreteria (vfe_id,vfe_fecha,vfe_total,vfe_estado,vfe_entregado,usu_nusuario) VALUES (14208,@@@2013.10.18@@@,350,1,0,@@@G_DIAZ@@@)','',2,'2013-10-18'),(79752,'INSERT INTO gne_vale_ferreteria_mov (vfe_id,pro_codigo_plu,vfm_cantidad,vfm_unitario,vfm_total,vfm_entregado) VALUES (14208,770000,3,50,150,@@@NO@@@)','',2,'2013-10-18'),(79753,'INSERT INTO gne_vale_ferreteria_mov (vfe_id,pro_codigo_plu,vfm_cantidad,vfm_unitario,vfm_total,vfm_entregado) VALUES (14208,1542,2,100,200,@@@NO@@@)','',2,'2013-10-18'),(79754,'INSERT INTO mae_productos (pro_codigo_plu,pro_codigo_barra,pro_tipo,pro_nombre_producto,pro_nombre_corto,med_id,emb_id,pro_unidades_embalaje,dep_id,lin_id,mar_id,pro_precio_compra_neto,pro_precio_compra_bruto,pro_precio_venta,pro_margen_actual,pro_oferta,pro_fecha_inicio_oferta,pro_fecha_termino_oferta,pro_precio_oferta,pro_stock_minimo,pro_stock_critico,pro_entradas_bodega,pro_salidas_bodega,pro_mermas_bodega,pro_ajustes_bodega,pro_entradas_sv,pro_salidas_sv,pro_mermas_sv,pro_ajustes_sv,pro_activo,rec_numero,pro_unidad,pro_capacidad,pro_consumo_bodega,pro_consumo_sv,pro_estado,pro_funcion_plu,pro_flejes,pro_iva,pro_plu_asociado,pro_envase,pro_duracion,pro_numero_etiqueta) VALUES (780722032,@@@7802225689076@@@,@@@0@@@,@@@CEREAL MIX MIEL ALMENDRAS 115 G@@@,@@@CEREAL MIX MIEL @@@,@@@5 @@@,@@@6 @@@,@@@6@@@,@@@32 @@@,@@@18@@@,@@@2105@@@,@@@0@@@,@@@279.65@@@,@@@1@@@,@@@-99.64@@@,@@@@@@,@@@2006.09.07@@@,@@@2006.09.07@@@,@@@0@@@,@@@6@@@,@@@3@@@,@@@0@@@,@@@0@@@,@@@0@@@,@@@0@@@,@@@0@@@,@@@0@@@,@@@0@@@,@@@0@@@,@@@1@@@,@@@0@@@,0,115,0,0,2,0,1,1,0,@@@NO@@@,0,0)','',2,'2013-10-18'),(79755,'DELETE FROM mae_impuestos_productos WHERE pro_codigo_plu=@@@780722032@@@','',2,'2013-10-18'),(79756,'INSERT INTO gne_vale_ferreteria (vfe_id,vfe_fecha,vfe_total,vfe_estado,vfe_entregado,usu_nusuario) VALUES (14209,@@@2013.10.18@@@,300,1,0,@@@G_DIAZ@@@)','',2,'2013-10-18'),(79757,'INSERT INTO gne_vale_ferreteria_mov (vfe_id,pro_codigo_plu,vfm_cantidad,vfm_unitario,vfm_total,vfm_entregado) VALUES (14209,78017110,2,150,300,@@@NO@@@)','',2,'2013-10-18'),(79758,'UPDATE mae_productos SET pro_precio_compra_bruto=998.41,pro_margen_actual=(pro_precio_venta-998.41)/998.41 * 100,pro_ultima_compra=@@@2013.10.18@@@,pro_ultimo_proveedor=@@@96618540-6@@@ WHERE pro_codigo_plu=13780','',2,'2013-10-18'),(79759,'UPDATE mae_productos SET pro_precio_compra_bruto=568.82,pro_margen_actual=(pro_precio_venta-568.82)/568.82 * 100,pro_ultima_compra=@@@2013.10.18@@@,pro_ultimo_proveedor=@@@96618540-6@@@ WHERE pro_codigo_plu=11200','',2,'2013-10-18'),(79760,'UPDATE mae_productos SET pro_precio_compra_bruto=568.82,pro_margen_actual=(pro_precio_venta-568.82)/568.82 * 100,pro_ultima_compra=@@@2013.10.18@@@,pro_ultimo_proveedor=@@@96618540-6@@@ WHERE pro_codigo_plu=11199','',2,'2013-10-18'),(79761,'UPDATE mae_productos SET pro_precio_compra_bruto=698.53,pro_margen_actual=(pro_precio_venta-698.53)/698.53 * 100,pro_ultima_compra=@@@2013.10.18@@@,pro_ultimo_proveedor=@@@96618540-6@@@ WHERE pro_codigo_plu=11198','',2,'2013-10-18'),(79762,'UPDATE mae_productos SET pro_precio_compra_bruto=487.9,pro_margen_actual=(pro_precio_venta-487.9)/487.9 * 100,pro_ultima_compra=@@@2013.10.18@@@,pro_ultimo_proveedor=@@@96618540-6@@@ WHERE pro_codigo_plu=11195','',2,'2013-10-18'),(79763,'UPDATE mae_productos SET pro_precio_compra_bruto=978.18,pro_margen_actual=(pro_precio_venta-978.18)/978.18 * 100,pro_ultima_compra=@@@2013.10.18@@@,pro_ultimo_proveedor=@@@96618540-6@@@ WHERE pro_codigo_plu=780722026','',2,'2013-10-18'),(79764,'UPDATE mae_productos SET pro_precio_compra_bruto=428.4,pro_margen_actual=(pro_precio_venta-428.4)/428.4 * 100,pro_ultima_compra=@@@2013.10.18@@@,pro_ultimo_proveedor=@@@96618540-6@@@ WHERE pro_codigo_plu=780722027','',2,'2013-10-18'),(79765,'UPDATE mae_productos SET pro_precio_compra_bruto=72.59,pro_margen_actual=(pro_precio_venta-72.59)/72.59 * 100,pro_ultima_compra=@@@2013.10.18@@@,pro_ultimo_proveedor=@@@96618540-6@@@ WHERE pro_codigo_plu=102011','',2,'2013-10-18'),(79766,'UPDATE mae_productos SET pro_precio_compra_bruto=593.81,pro_margen_actual=(pro_precio_venta-593.81)/593.81 * 100,pro_ultima_compra=@@@2013.10.18@@@,pro_ultimo_proveedor=@@@96618540-6@@@ WHERE pro_codigo_plu=102649','',2,'2013-10-18'),(79767,'UPDATE mae_productos SET pro_precio_compra_bruto=678.3,pro_margen_actual=(pro_precio_venta-678.3)/678.3 * 100,pro_ultima_compra=@@@2013.10.18@@@,pro_ultimo_proveedor=@@@96618540-6@@@ WHERE pro_codigo_plu=12216','',2,'2013-10-18'),(79768,'UPDATE mae_productos SET pro_precio_compra_bruto=279.65,pro_margen_actual=(pro_precio_venta-279.65)/279.65 * 100,pro_ultima_compra=@@@2013.10.18@@@,pro_ultimo_proveedor=@@@96618540-6@@@ WHERE pro_codigo_plu=780722028','',2,'2013-10-18'),(79769,'UPDATE mae_productos SET pro_precio_compra_bruto=279.65,pro_margen_actual=(pro_precio_venta-279.65)/279.65 * 100,pro_ultima_compra=@@@2013.10.18@@@,pro_ultimo_proveedor=@@@96618540-6@@@ WHERE pro_codigo_plu=780722029','',2,'2013-10-18'),(79770,'UPDATE mae_productos SET pro_precio_compra_bruto=287.98,pro_margen_actual=(pro_precio_venta-287.98)/287.98 * 100,pro_ultima_compra=@@@2013.10.18@@@,pro_ultimo_proveedor=@@@96618540-6@@@ WHERE pro_codigo_plu=11516','',2,'2013-10-18'),(79771,'UPDATE mae_productos SET pro_precio_compra_bruto=1118.6,pro_margen_actual=(pro_precio_venta-1118.6)/1118.6 * 100,pro_ultima_compra=@@@2013.10.18@@@,pro_ultimo_proveedor=@@@96618540-6@@@ WHERE pro_codigo_plu=780722030','',2,'2013-10-18'),(79772,'UPDATE mae_productos SET pro_precio_compra_bruto=287.98,pro_margen_actual=(pro_precio_venta-287.98)/287.98 * 100,pro_ultima_compra=@@@2013.10.18@@@,pro_ultimo_proveedor=@@@96618540-6@@@ WHERE pro_codigo_plu=11438','',2,'2013-10-18'),(79773,'UPDATE mae_productos SET pro_precio_compra_bruto=287.98,pro_margen_actual=(pro_precio_venta-287.98)/287.98 * 100,pro_ultima_compra=@@@2013.10.18@@@,pro_ultimo_proveedor=@@@96618540-6@@@ WHERE pro_codigo_plu=11436','',2,'2013-10-18'),(79774,'UPDATE mae_productos SET pro_precio_compra_bruto=287.98,pro_margen_actual=(pro_precio_venta-287.98)/287.98 * 100,pro_ultima_compra=@@@2013.10.18@@@,pro_ultimo_proveedor=@@@96618540-6@@@ WHERE pro_codigo_plu=11518','',2,'2013-10-18'),(79775,'UPDATE mae_productos SET pro_precio_compra_bruto=279.65,pro_margen_actual=(pro_precio_venta-279.65)/279.65 * 100,pro_ultima_compra=@@@2013.10.18@@@,pro_ultimo_proveedor=@@@96618540-6@@@ WHERE pro_codigo_plu=780722031','',2,'2013-10-18'),(79776,'UPDATE mae_productos SET pro_precio_compra_bruto=279.65,pro_margen_actual=(pro_precio_venta-279.65)/279.65 * 100,pro_ultima_compra=@@@2013.10.18@@@,pro_ultimo_proveedor=@@@96618540-6@@@ WHERE pro_codigo_plu=780722032','',2,'2013-10-18'),(79777,'UPDATE mae_productos SET pro_precio_compra_bruto=429.59,pro_margen_actual=(pro_precio_venta-429.59)/429.59 * 100,pro_ultima_compra=@@@2013.10.18@@@,pro_ultimo_proveedor=@@@96618540-6@@@ WHERE pro_codigo_plu=262353','',2,'2013-10-18'),(79778,'INSERT INTO gne_vale_ferreteria (vfe_id,vfe_fecha,vfe_total,vfe_estado,vfe_entregado,usu_nusuario) VALUES (14210,@@@2013.10.18@@@,1390,1,0,@@@G_DIAZ@@@)','',2,'2013-10-18'),(79779,'INSERT INTO gne_vale_ferreteria_mov (vfe_id,pro_codigo_plu,vfm_cantidad,vfm_unitario,vfm_total,vfm_entregado) VALUES (14210,764374,1,1390,1390,@@@NO@@@)','',2,'2013-10-18'),(79780,'INSERT INTO gne_vale_ferreteria (vfe_id,vfe_fecha,vfe_total,vfe_estado,vfe_entregado,usu_nusuario) VALUES (14211,@@@2013.10.18@@@,20,1,0,@@@G_DIAZ@@@)','',2,'2013-10-18'),(79781,'INSERT INTO gne_vale_ferreteria_mov (vfe_id,pro_codigo_plu,vfm_cantidad,vfm_unitario,vfm_total,vfm_entregado) VALUES (14211,1539,2,10,20,@@@NO@@@)','',2,'2013-10-18'),(79782,'INSERT INTO gne_vale_ferreteria (vfe_id,vfe_fecha,vfe_total,vfe_estado,vfe_entregado,usu_nusuario) VALUES (14212,@@@2013.10.18@@@,490,1,0,@@@G_DIAZ@@@)','',2,'2013-10-18'),(79783,'INSERT INTO gne_vale_ferreteria_mov (vfe_id,pro_codigo_plu,vfm_cantidad,vfm_unitario,vfm_total,vfm_entregado) VALUES (14212,764506,1,490,490,@@@NO@@@)','',2,'2013-10-18'),(79784,'UPDATE mae_productos SET pro_precio_compra_bruto=990,pro_margen_actual=(pro_precio_venta-990)/990 * 100,pro_ultima_compra=@@@2013.10.18@@@,pro_ultimo_proveedor=@@@76005085-7@@@ WHERE pro_codigo_plu=13638','',2,'2013-10-18'),(79785,'UPDATE mae_productos SET pro_precio_compra_bruto=770,pro_margen_actual=(pro_precio_venta-770)/770 * 100,pro_ultima_compra=@@@2013.10.18@@@,pro_ultimo_proveedor=@@@76005085-7@@@ WHERE pro_codigo_plu=762922','',2,'2013-10-18'),(79786,'UPDATE mae_productos SET pro_precio_compra_bruto=410,pro_margen_actual=(pro_precio_venta-410)/410 * 100,pro_ultima_compra=@@@2013.10.18@@@,pro_ultimo_proveedor=@@@76005085-7@@@ WHERE pro_codigo_plu=11935','',2,'2013-10-18'),(79787,'UPDATE mae_productos SET pro_precio_compra_bruto=199,pro_margen_actual=(pro_precio_venta-199)/199 * 100,pro_ultima_compra=@@@2013.10.18@@@,pro_ultimo_proveedor=@@@76005085-7@@@ WHERE pro_codigo_plu=11962','',2,'2013-10-18'),(79788,'UPDATE mae_productos SET pro_precio_compra_bruto=365,pro_margen_actual=(pro_precio_venta-365)/365 * 100,pro_ultima_compra=@@@2013.10.18@@@,pro_ultimo_proveedor=@@@76005085-7@@@ WHERE pro_codigo_plu=12323','',2,'2013-10-18'),(79789,'UPDATE mae_productos SET pro_precio_compra_bruto=355,pro_margen_actual=(pro_precio_venta-355)/355 * 100,pro_ultima_compra=@@@2013.10.18@@@,pro_ultimo_proveedor=@@@76005085-7@@@ WHERE pro_codigo_plu=12157','',2,'2013-10-18'),(79790,'UPDATE mae_productos SET pro_precio_compra_bruto=355,pro_margen_actual=(pro_precio_venta-355)/355 * 100,pro_ultima_compra=@@@2013.10.18@@@,pro_ultimo_proveedor=@@@76005085-7@@@ WHERE pro_codigo_plu=11955','',2,'2013-10-18'),(79791,'UPDATE mae_productos SET pro_precio_compra_bruto=265,pro_margen_actual=(pro_precio_venta-265)/265 * 100,pro_ultima_compra=@@@2013.10.18@@@,pro_ultimo_proveedor=@@@76005085-7@@@ WHERE pro_codigo_plu=78017199','',2,'2013-10-18'),(79792,'UPDATE mae_productos SET pro_precio_compra_bruto=730,pro_margen_actual=(pro_precio_venta-730)/730 * 100,pro_ultima_compra=@@@2013.10.18@@@,pro_ultimo_proveedor=@@@76005085-7@@@ WHERE pro_codigo_plu=12320','',2,'2013-10-18'),(79793,'UPDATE mae_productos SET pro_precio_compra_bruto=450,pro_margen_actual=(pro_precio_venta-450)/450 * 100,pro_ultima_compra=@@@2013.10.18@@@,pro_ultimo_proveedor=@@@76005085-7@@@ WHERE pro_codigo_plu=12373','',2,'2013-10-18'),(79794,'UPDATE mae_productos SET pro_precio_compra_bruto=355,pro_margen_actual=(pro_precio_venta-355)/355 * 100,pro_ultima_compra=@@@2013.10.18@@@,pro_ultimo_proveedor=@@@76005085-7@@@ WHERE pro_codigo_plu=11956','',2,'2013-10-18'),(79795,'INSERT INTO gne_vale_ferreteria (vfe_id,vfe_fecha,vfe_total,vfe_estado,vfe_entregado,usu_nusuario) VALUES (14213,@@@2013.10.18@@@,1390,1,0,@@@G_DIAZ@@@)','',2,'2013-10-18'),(79796,'INSERT INTO gne_vale_ferreteria_mov (vfe_id,pro_codigo_plu,vfm_cantidad,vfm_unitario,vfm_total,vfm_entregado) VALUES (14213,4102,1,1390,1390,@@@NO@@@)','',2,'2013-10-18'),(79797,'INSERT INTO gne_vale_ferreteria (vfe_id,vfe_fecha,vfe_total,vfe_estado,vfe_entregado,usu_nusuario) VALUES (14214,@@@2013.10.18@@@,2190,1,0,@@@G_DIAZ@@@)','',2,'2013-10-18'),(79798,'INSERT INTO gne_vale_ferreteria_mov (vfe_id,pro_codigo_plu,vfm_cantidad,vfm_unitario,vfm_total,vfm_entregado) VALUES (14214,11378,3,730,2190,@@@NO@@@)','',2,'2013-10-18'),(79799,'INSERT INTO mae_productos (pro_codigo_plu,pro_codigo_barra,pro_tipo,pro_nombre_producto,pro_nombre_corto,med_id,emb_id,pro_unidades_embalaje,dep_id,lin_id,mar_id,pro_precio_compra_neto,pro_precio_compra_bruto,pro_precio_venta,pro_margen_actual,pro_oferta,pro_fecha_inicio_oferta,pro_fecha_termino_oferta,pro_precio_oferta,pro_stock_minimo,pro_stock_critico,pro_entradas_bodega,pro_salidas_bodega,pro_mermas_bodega,pro_ajustes_bodega,pro_entradas_sv,pro_salidas_sv,pro_mermas_sv,pro_ajustes_sv,pro_activo,rec_numero,pro_unidad,pro_capacidad,pro_consumo_bodega,pro_consumo_sv,pro_estado,pro_funcion_plu,pro_flejes,pro_iva,pro_plu_asociado,pro_envase,pro_duracion,pro_numero_etiqueta) VALUES (780722033,@@@7802000009242@@@,@@@0@@@,@@@MANI SIN SAL EVERCRISP 180 G@@@,@@@MANI SIN SAL EVE@@@,@@@5 @@@,@@@6 @@@,@@@9@@@,@@@32 @@@,@@@160@@@,@@@1608@@@,@@@0@@@,@@@781.83@@@,@@@1@@@,@@@-99.87@@@,@@@@@@,@@@2006.09.07@@@,@@@2006.09.07@@@,@@@0@@@,@@@9@@@,@@@4@@@,@@@0@@@,@@@0@@@,@@@0@@@,@@@0@@@,@@@0@@@,@@@0@@@,@@@0@@@,@@@0@@@,@@@1@@@,@@@0@@@,0,180,0,0,2,0,1,1,0,@@@NO@@@,0,0)','',2,'2013-10-18'),(79800,'DELETE FROM mae_impuestos_productos WHERE pro_codigo_plu=@@@780722033@@@','',2,'2013-10-18'),(79801,'INSERT INTO gne_vale_ferreteria (vfe_id,vfe_fecha,vfe_total,vfe_estado,vfe_entregado,usu_nusuario) VALUES (14215,@@@2013.10.18@@@,690,1,0,@@@G_DIAZ@@@)','',2,'2013-10-18'),(79802,'INSERT INTO gne_vale_ferreteria_mov (vfe_id,pro_codigo_plu,vfm_cantidad,vfm_unitario,vfm_total,vfm_entregado) VALUES (14215,78017055,1,690,690,@@@NO@@@)','',2,'2013-10-18'),(79803,'INSERT INTO gne_vale_ferreteria (vfe_id,vfe_fecha,vfe_total,vfe_estado,vfe_entregado,usu_nusuario) VALUES (14216,@@@2013.10.18@@@,3380,1,0,@@@G_DIAZ@@@)','',2,'2013-10-18'),(79804,'INSERT INTO gne_vale_ferreteria_mov (vfe_id,pro_codigo_plu,vfm_cantidad,vfm_unitario,vfm_total,vfm_entregado) VALUES (14216,262355,1,2690,2690,@@@NO@@@)','',2,'2013-10-18'),(79805,'INSERT INTO gne_vale_ferreteria_mov (vfe_id,pro_codigo_plu,vfm_cantidad,vfm_unitario,vfm_total,vfm_entregado) VALUES (14216,770091,1,690,690,@@@NO@@@)','',2,'2013-10-18'),(79806,'INSERT INTO gne_vale_ferreteria (vfe_id,vfe_fecha,vfe_total,vfe_estado,vfe_entregado,usu_nusuario) VALUES (14217,@@@2013.10.18@@@,1990,1,0,@@@G_DIAZ@@@)','',2,'2013-10-18'),(79807,'INSERT INTO gne_vale_ferreteria_mov (vfe_id,pro_codigo_plu,vfm_cantidad,vfm_unitario,vfm_total,vfm_entregado) VALUES (14217,101854,1,1990,1990,@@@NO@@@)','',2,'2013-10-18'),(79808,'INSERT INTO gne_vale_ferreteria (vfe_id,vfe_fecha,vfe_total,vfe_estado,vfe_entregado,usu_nusuario) VALUES (14218,@@@2013.10.18@@@,290,1,0,@@@G_DIAZ@@@)','',2,'2013-10-18'),(79809,'INSERT INTO gne_vale_ferreteria_mov (vfe_id,pro_codigo_plu,vfm_cantidad,vfm_unitario,vfm_total,vfm_entregado) VALUES (14218,763772,1,290,290,@@@NO@@@)','',2,'2013-10-18'),(79810,'INSERT INTO mae_productos (pro_codigo_plu,pro_codigo_barra,pro_tipo,pro_nombre_producto,pro_nombre_corto,med_id,emb_id,pro_unidades_embalaje,dep_id,lin_id,mar_id,pro_precio_compra_neto,pro_precio_compra_bruto,pro_precio_venta,pro_margen_actual,pro_oferta,pro_fecha_inicio_oferta,pro_fecha_termino_oferta,pro_precio_oferta,pro_stock_minimo,pro_stock_critico,pro_entradas_bodega,pro_salidas_bodega,pro_mermas_bodega,pro_ajustes_bodega,pro_entradas_sv,pro_salidas_sv,pro_mermas_sv,pro_ajustes_sv,pro_activo,rec_numero,pro_unidad,pro_capacidad,pro_consumo_bodega,pro_consumo_sv,pro_estado,pro_funcion_plu,pro_flejes,pro_iva,pro_plu_asociado,pro_envase,pro_duracion,pro_numero_etiqueta) VALUES (780722034,@@@6515802568848@@@,@@@0@@@,@@@TIJERA MUNDIAL  NEGRO- ROJO@@@,@@@TIJERA MUNDIAL  @@@,@@@1 @@@,@@@6 @@@,@@@4@@@,@@@24 @@@,@@@207@@@,@@@2507@@@,@@@0@@@,@@@490@@@,@@@1@@@,@@@-99.8@@@,@@@@@@,@@@2013.10.18@@@,@@@2013.10.18@@@,@@@0@@@,@@@4@@@,@@@2@@@,@@@0@@@,@@@0@@@,@@@0@@@,@@@0@@@,@@@0@@@,@@@0@@@,@@@0@@@,@@@0@@@,@@@1@@@,@@@0@@@,0,1,0,0,2,0,1,1,0,@@@NO@@@,0,0)','',2,'2013-10-18'),(79811,'DELETE FROM mae_impuestos_productos WHERE pro_codigo_plu=@@@780722034@@@','',2,'2013-10-18'),(79812,'UPDATE mae_productos SET pro_codigo_barra=@@@770021@@@,pro_tipo=@@@0@@@,pro_nombre_producto=@@@STICKER MEDIANOS@@@,pro_nombre_corto=@@@STICKER MEDIANOS@@@,med_id=@@@1@@@,emb_id=@@@3@@@,pro_unidades_embalaje=@@@0@@@,dep_id=@@@24 @@@,lin_id=@@@137@@@,mar_id=@@@2507@@@,pro_precio_compra_neto=@@@0@@@,pro_precio_compra_bruto=@@@120@@@,pro_precio_venta=@@@1@@@,pro_margen_actual=@@@-99.17@@@,pro_oferta=@@@NO@@@,pro_fecha_inicio_oferta=@@@2013.05.23@@@,pro_fecha_termino_oferta=@@@2013.05.23@@@,pro_precio_oferta=@@@0@@@,pro_stock_minimo=@@@0@@@,pro_stock_critico=@@@0@@@,pro_activo=@@@1@@@,pro_unidad=@@@0@@@,pro_precio_compra_bruto=120,pro_margen_actual=-99.17,pro_capacidad=1,pro_funcion_plu=0,pro_flejes=1,pro_iva=1,pro_plu_asociado=0,pro_envase=@@@NO@@@,pro_duracion=0,pro_numero_etiqueta=0 WHERE pro_codigo_plu=@@@770021@@@','',2,'2013-10-18'),(79813,'UPDATE mae_productos SET pro_estado=1 WHERE pro_codigo_plu=770021','',2,'2013-10-18'),(79814,'DELETE FROM mae_impuestos_productos WHERE pro_codigo_plu=@@@770021@@@','',2,'2013-10-18'),(79815,'UPDATE mae_productos SET pro_codigo_barra=@@@770021@@@,pro_tipo=@@@0@@@,pro_nombre_producto=@@@STICKER MEDIANOS@@@,pro_nombre_corto=@@@STICKER MEDIANOS@@@,med_id=@@@1@@@,emb_id=@@@3@@@,pro_unidades_embalaje=@@@0@@@,dep_id=@@@24 @@@,lin_id=@@@137@@@,mar_id=@@@2507@@@,pro_precio_compra_neto=@@@0@@@,pro_precio_compra_bruto=@@@57.6@@@,pro_precio_venta=@@@1@@@,pro_margen_actual=@@@-98.26@@@,pro_oferta=@@@NO@@@,pro_fecha_inicio_oferta=@@@2013.05.23@@@,pro_fecha_termino_oferta=@@@2013.05.23@@@,pro_precio_oferta=@@@0@@@,pro_stock_minimo=@@@0@@@,pro_stock_critico=@@@0@@@,pro_activo=@@@1@@@,pro_unidad=@@@0@@@,pro_precio_compra_bruto=57.6,pro_margen_actual=-98.26,pro_capacidad=1,pro_funcion_plu=0,pro_flejes=1,pro_iva=1,pro_plu_asociado=0,pro_envase=@@@NO@@@,pro_duracion=0,pro_numero_etiqueta=0 WHERE pro_codigo_plu=@@@770021@@@','',2,'2013-10-18'),(79816,'UPDATE mae_productos SET pro_estado=1 WHERE pro_codigo_plu=770021','',2,'2013-10-18'),(79817,'DELETE FROM mae_impuestos_productos WHERE pro_codigo_plu=@@@770021@@@','',2,'2013-10-18'),(79818,'UPDATE mae_productos SET pro_codigo_barra=@@@770020@@@,pro_tipo=@@@0@@@,pro_nombre_producto=@@@STICKER GRANDES@@@,pro_nombre_corto=@@@STICKER GRANDES@@@,med_id=@@@1@@@,emb_id=@@@3@@@,pro_unidades_embalaje=@@@0@@@,dep_id=@@@24 @@@,lin_id=@@@137@@@,mar_id=@@@2507@@@,pro_precio_compra_neto=@@@0@@@,pro_precio_compra_bruto=@@@140@@@,pro_precio_venta=@@@1@@@,pro_margen_actual=@@@-99.29@@@,pro_oferta=@@@NO@@@,pro_fecha_inicio_oferta=@@@2013.05.23@@@,pro_fecha_termino_oferta=@@@2013.05.23@@@,pro_precio_oferta=@@@0@@@,pro_stock_minimo=@@@0@@@,pro_stock_critico=@@@0@@@,pro_activo=@@@1@@@,pro_unidad=@@@0@@@,pro_precio_compra_bruto=140,pro_margen_actual=-99.29,pro_capacidad=1,pro_funcion_plu=0,pro_flejes=1,pro_iva=1,pro_plu_asociado=0,pro_envase=@@@NO@@@,pro_duracion=0,pro_numero_etiqueta=0 WHERE pro_codigo_plu=@@@770020@@@','',2,'2013-10-18'),(79819,'UPDATE mae_productos SET pro_estado=1 WHERE pro_codigo_plu=770020','',2,'2013-10-18'),(79820,'DELETE FROM mae_impuestos_productos WHERE pro_codigo_plu=@@@770020@@@','',2,'2013-10-18'),(79821,'INSERT INTO mae_productos (pro_codigo_plu,pro_codigo_barra,pro_tipo,pro_nombre_producto,pro_nombre_corto,med_id,emb_id,pro_unidades_embalaje,dep_id,lin_id,mar_id,pro_precio_compra_neto,pro_precio_compra_bruto,pro_precio_venta,pro_margen_actual,pro_oferta,pro_fecha_inicio_oferta,pro_fecha_termino_oferta,pro_precio_oferta,pro_stock_minimo,pro_stock_critico,pro_entradas_bodega,pro_salidas_bodega,pro_mermas_bodega,pro_ajustes_bodega,pro_entradas_sv,pro_salidas_sv,pro_mermas_sv,pro_ajustes_sv,pro_activo,rec_numero,pro_unidad,pro_capacidad,pro_consumo_bodega,pro_consumo_sv,pro_estado,pro_funcion_plu,pro_flejes,pro_iva,pro_plu_asociado,pro_envase,pro_duracion,pro_numero_etiqueta) VALUES (121012,@@@121012@@@,@@@0@@@,@@@ESMALTE DE UÑAS YU XUAN 18 ML VARIEDAD COLORES@@@,@@@ESMALTE DE UÑAS @@@,@@@1 @@@,@@@6 @@@,@@@24@@@,@@@21 @@@,@@@125@@@,@@@2507@@@,@@@0@@@,@@@280@@@,@@@1@@@,@@@-99.64@@@,@@@@@@,@@@2013.10.18@@@,@@@2013.10.18@@@,@@@0@@@,@@@24@@@,@@@12@@@,@@@0@@@,@@@0@@@,@@@0@@@,@@@0@@@,@@@0@@@,@@@0@@@,@@@0@@@,@@@0@@@,@@@1@@@,@@@0@@@,0,1,0,0,2,0,1,1,0,@@@NO@@@,0,0)','',2,'2013-10-18'),(79822,'DELETE FROM mae_impuestos_productos WHERE pro_codigo_plu=@@@121012@@@','',2,'2013-10-18'),(79823,'INSERT INTO mae_productos (pro_codigo_plu,pro_codigo_barra,pro_tipo,pro_nombre_producto,pro_nombre_corto,med_id,emb_id,pro_unidades_embalaje,dep_id,lin_id,mar_id,pro_precio_compra_neto,pro_precio_compra_bruto,pro_precio_venta,pro_margen_actual,pro_oferta,pro_fecha_inicio_oferta,pro_fecha_termino_oferta,pro_precio_oferta,pro_stock_minimo,pro_stock_critico,pro_entradas_bodega,pro_salidas_bodega,pro_mermas_bodega,pro_ajustes_bodega,pro_entradas_sv,pro_salidas_sv,pro_mermas_sv,pro_ajustes_sv,pro_activo,rec_numero,pro_unidad,pro_capacidad,pro_consumo_bodega,pro_consumo_sv,pro_estado,pro_funcion_plu,pro_flejes,pro_iva,pro_plu_asociado,pro_envase,pro_duracion,pro_numero_etiqueta) VALUES (203939,@@@203939@@@,@@@0@@@,@@@LABIAL LINDAXIU VARIEDAD DE COLORES@@@,@@@LABIAL LINDAXIU @@@,@@@1 @@@,@@@6 @@@,@@@12@@@,@@@21 @@@,@@@125@@@,@@@2507@@@,@@@0@@@,@@@150@@@,@@@1@@@,@@@-99.33@@@,@@@@@@,@@@2013.10.18@@@,@@@2013.10.18@@@,@@@0@@@,@@@12@@@,@@@6@@@,@@@0@@@,@@@0@@@,@@@0@@@,@@@0@@@,@@@0@@@,@@@0@@@,@@@0@@@,@@@0@@@,@@@1@@@,@@@0@@@,0,1,0,0,2,0,1,1,0,@@@NO@@@,0,0)','',2,'2013-10-18'),(79824,'DELETE FROM mae_impuestos_productos WHERE pro_codigo_plu=@@@203939@@@','',2,'2013-10-18'),(79825,'INSERT INTO gne_vale_ferreteria (vfe_id,vfe_fecha,vfe_total,vfe_estado,vfe_entregado,usu_nusuario) VALUES (14219,@@@2013.10.18@@@,1599,1,0,@@@G_DIAZ@@@)','',2,'2013-10-18'),(79826,'INSERT INTO gne_vale_ferreteria_mov (vfe_id,pro_codigo_plu,vfm_cantidad,vfm_unitario,vfm_total,vfm_entregado) VALUES (14219,15668,1,1599,1599,@@@NO@@@)','',2,'2013-10-18'),(79827,'INSERT INTO mae_productos (pro_codigo_plu,pro_codigo_barra,pro_tipo,pro_nombre_producto,pro_nombre_corto,med_id,emb_id,pro_unidades_embalaje,dep_id,lin_id,mar_id,pro_precio_compra_neto,pro_precio_compra_bruto,pro_precio_venta,pro_margen_actual,pro_oferta,pro_fecha_inicio_oferta,pro_fecha_termino_oferta,pro_precio_oferta,pro_stock_minimo,pro_stock_critico,pro_entradas_bodega,pro_salidas_bodega,pro_mermas_bodega,pro_ajustes_bodega,pro_entradas_sv,pro_salidas_sv,pro_mermas_sv,pro_ajustes_sv,pro_activo,rec_numero,pro_unidad,pro_capacidad,pro_consumo_bodega,pro_consumo_sv,pro_estado,pro_funcion_plu,pro_flejes,pro_iva,pro_plu_asociado,pro_envase,pro_duracion,pro_numero_etiqueta) VALUES (681868,@@@681868@@@,@@@0@@@,@@@CORTA UÑAS SUNTANDY MEDIANO@@@,@@@CORTA UÑAS SUNTA@@@,@@@1 @@@,@@@6 @@@,@@@12@@@,@@@21 @@@,@@@125@@@,@@@2507@@@,@@@0@@@,@@@300@@@,@@@1@@@,@@@-99.67@@@,@@@@@@,@@@2013.10.18@@@,@@@2013.10.18@@@,@@@0@@@,@@@12@@@,@@@6@@@,@@@0@@@,@@@0@@@,@@@0@@@,@@@0@@@,@@@0@@@,@@@0@@@,@@@0@@@,@@@0@@@,@@@1@@@,@@@0@@@,0,1,0,0,2,0,1,1,0,@@@NO@@@,0,0)','',2,'2013-10-18'),(79828,'DELETE FROM mae_impuestos_productos WHERE pro_codigo_plu=@@@681868@@@','',2,'2013-10-18'),(79829,'INSERT INTO mae_productos (pro_codigo_plu,pro_codigo_barra,pro_tipo,pro_nombre_producto,pro_nombre_corto,med_id,emb_id,pro_unidades_embalaje,dep_id,lin_id,mar_id,pro_precio_compra_neto,pro_precio_compra_bruto,pro_precio_venta,pro_margen_actual,pro_oferta,pro_fecha_inicio_oferta,pro_fecha_termino_oferta,pro_precio_oferta,pro_stock_minimo,pro_stock_critico,pro_entradas_bodega,pro_salidas_bodega,pro_mermas_bodega,pro_ajustes_bodega,pro_entradas_sv,pro_salidas_sv,pro_mermas_sv,pro_ajustes_sv,pro_activo,rec_numero,pro_unidad,pro_capacidad,pro_consumo_bodega,pro_consumo_sv,pro_estado,pro_funcion_plu,pro_flejes,pro_iva,pro_plu_asociado,pro_envase,pro_duracion,pro_numero_etiqueta) VALUES (720720,@@@720720@@@,@@@0@@@,@@@CEPILLO REDONDO COLORES@@@,@@@CEPILLO REDONDO @@@,@@@1 @@@,@@@6 @@@,@@@3@@@,@@@21 @@@,@@@125@@@,@@@2507@@@,@@@0@@@,@@@490@@@,@@@1@@@,@@@-99.8@@@,@@@@@@,@@@2013.10.18@@@,@@@2013.10.18@@@,@@@0@@@,@@@3@@@,@@@2@@@,@@@0@@@,@@@0@@@,@@@0@@@,@@@0@@@,@@@0@@@,@@@0@@@,@@@0@@@,@@@0@@@,@@@1@@@,@@@0@@@,0,1,0,0,2,0,1,1,0,@@@NO@@@,0,0)','',2,'2013-10-18'),(79830,'DELETE FROM mae_impuestos_productos WHERE pro_codigo_plu=@@@720720@@@','',2,'2013-10-18'),(79831,'INSERT INTO gne_vale_ferreteria (vfe_id,vfe_fecha,vfe_total,vfe_estado,vfe_entregado,usu_nusuario) VALUES (14220,@@@2013.10.18@@@,300,1,0,@@@G_DIAZ@@@)','',2,'2013-10-18'),(79832,'INSERT INTO gne_vale_ferreteria_mov (vfe_id,pro_codigo_plu,vfm_cantidad,vfm_unitario,vfm_total,vfm_entregado) VALUES (14220,78017190,3,100,300,@@@NO@@@)','',2,'2013-10-18'),(79833,'INSERT INTO gne_vale_ferreteria (vfe_id,vfe_fecha,vfe_total,vfe_estado,vfe_entregado,usu_nusuario) VALUES (14221,@@@2013.10.18@@@,280,1,0,@@@G_DIAZ@@@)','',2,'2013-10-18'),(79834,'INSERT INTO gne_vale_ferreteria_mov (vfe_id,pro_codigo_plu,vfm_cantidad,vfm_unitario,vfm_total,vfm_entregado) VALUES (14221,7800,4,70,280,@@@NO@@@)','',2,'2013-10-18'),(79835,'INSERT INTO gne_vale_ferreteria (vfe_id,vfe_fecha,vfe_total,vfe_estado,vfe_entregado,usu_nusuario) VALUES (14222,@@@2013.10.18@@@,250,1,0,@@@G_DIAZ@@@)','',2,'2013-10-18'),(79836,'INSERT INTO gne_vale_ferreteria_mov (vfe_id,pro_codigo_plu,vfm_cantidad,vfm_unitario,vfm_total,vfm_entregado) VALUES (14222,770000,5,50,250,@@@NO@@@)','',2,'2013-10-18'),(79837,'INSERT INTO mae_productos (pro_codigo_plu,pro_codigo_barra,pro_tipo,pro_nombre_producto,pro_nombre_corto,med_id,emb_id,pro_unidades_embalaje,dep_id,lin_id,mar_id,pro_precio_compra_neto,pro_precio_compra_bruto,pro_precio_venta,pro_margen_actual,pro_oferta,pro_fecha_inicio_oferta,pro_fecha_termino_oferta,pro_precio_oferta,pro_stock_minimo,pro_stock_critico,pro_entradas_bodega,pro_salidas_bodega,pro_mermas_bodega,pro_ajustes_bodega,pro_entradas_sv,pro_salidas_sv,pro_mermas_sv,pro_ajustes_sv,pro_activo,rec_numero,pro_unidad,pro_capacidad,pro_consumo_bodega,pro_consumo_sv,pro_estado,pro_funcion_plu,pro_flejes,pro_iva,pro_plu_asociado,pro_envase,pro_duracion,pro_numero_etiqueta) VALUES (780722035,@@@6952938392204@@@,@@@0@@@,@@@BUFANDA T/CHAL LEOPARDO BRILLO@@@,@@@BUFANDA T/CHAL L@@@,@@@1 @@@,@@@4 @@@,@@@1@@@,@@@21 @@@,@@@125@@@,@@@2507@@@,@@@0@@@,@@@919.99@@@,@@@1@@@,@@@-99.89@@@,@@@@@@,@@@2006.09.07@@@,@@@2006.09.07@@@,@@@0@@@,@@@5@@@,@@@3@@@,@@@0@@@,@@@0@@@,@@@0@@@,@@@0@@@,@@@0@@@,@@@0@@@,@@@0@@@,@@@0@@@,@@@1@@@,@@@0@@@,0,1,0,0,2,0,1,1,0,@@@NO@@@,0,0)','',2,'2013-10-18'),(79838,'DELETE FROM mae_impuestos_productos WHERE pro_codigo_plu=@@@780722035@@@','',2,'2013-10-18'),(79839,'INSERT INTO mae_productos (pro_codigo_plu,pro_codigo_barra,pro_tipo,pro_nombre_producto,pro_nombre_corto,med_id,emb_id,pro_unidades_embalaje,dep_id,lin_id,mar_id,pro_precio_compra_neto,pro_precio_compra_bruto,pro_precio_venta,pro_margen_actual,pro_oferta,pro_fecha_inicio_oferta,pro_fecha_termino_oferta,pro_precio_oferta,pro_stock_minimo,pro_stock_critico,pro_entradas_bodega,pro_salidas_bodega,pro_mermas_bodega,pro_ajustes_bodega,pro_entradas_sv,pro_salidas_sv,pro_mermas_sv,pro_ajustes_sv,pro_activo,rec_numero,pro_unidad,pro_capacidad,pro_consumo_bodega,pro_consumo_sv,pro_estado,pro_funcion_plu,pro_flejes,pro_iva,pro_plu_asociado,pro_envase,pro_duracion,pro_numero_etiqueta) VALUES (196262,@@@196262@@@,@@@0@@@,@@@BUFANDA REPOLLO VERDE@@@,@@@BUFANDA REPOLLO @@@,@@@1 @@@,@@@4 @@@,@@@1@@@,@@@21 @@@,@@@125@@@,@@@2507@@@,@@@0@@@,@@@589.99@@@,@@@1@@@,@@@-99.83@@@,@@@@@@,@@@2006.09.07@@@,@@@2006.09.07@@@,@@@0@@@,@@@4@@@,@@@2@@@,@@@0@@@,@@@0@@@,@@@0@@@,@@@0@@@,@@@0@@@,@@@0@@@,@@@0@@@,@@@0@@@,@@@1@@@,@@@0@@@,0,1,0,0,2,0,1,1,0,@@@NO@@@,0,0)','',2,'2013-10-18'),(79840,'DELETE FROM mae_impuestos_productos WHERE pro_codigo_plu=@@@196262@@@','',2,'2013-10-18'),(79841,'INSERT INTO gne_vale_ferreteria (vfe_id,vfe_fecha,vfe_total,vfe_estado,vfe_entregado,usu_nusuario) VALUES (14223,@@@2013.10.18@@@,100,1,0,@@@G_DIAZ@@@)','',2,'2013-10-18'),(79842,'INSERT INTO gne_vale_ferreteria_mov (vfe_id,pro_codigo_plu,vfm_cantidad,vfm_unitario,vfm_total,vfm_entregado) VALUES (14223,78017233,1,100,100,@@@NO@@@)','',2,'2013-10-18'),(79843,'INSERT INTO mae_productos (pro_codigo_plu,pro_codigo_barra,pro_tipo,pro_nombre_producto,pro_nombre_corto,med_id,emb_id,pro_unidades_embalaje,dep_id,lin_id,mar_id,pro_precio_compra_neto,pro_precio_compra_bruto,pro_precio_venta,pro_margen_actual,pro_oferta,pro_fecha_inicio_oferta,pro_fecha_termino_oferta,pro_precio_oferta,pro_stock_minimo,pro_stock_critico,pro_entradas_bodega,pro_salidas_bodega,pro_mermas_bodega,pro_ajustes_bodega,pro_entradas_sv,pro_salidas_sv,pro_mermas_sv,pro_ajustes_sv,pro_activo,rec_numero,pro_unidad,pro_capacidad,pro_consumo_bodega,pro_consumo_sv,pro_estado,pro_funcion_plu,pro_flejes,pro_iva,pro_plu_asociado,pro_envase,pro_duracion,pro_numero_etiqueta) VALUES (426868,@@@426868@@@,@@@0@@@,@@@LENTE BLANCO - NEGRO- VERDE SP-4268@@@,@@@LENTE BLANCO - N@@@,@@@1 @@@,@@@4 @@@,@@@1@@@,@@@21 @@@,@@@125@@@,@@@2507@@@,@@@0@@@,@@@789.99@@@,@@@1@@@,@@@-99.87@@@,@@@@@@,@@@2006.09.07@@@,@@@2006.09.07@@@,@@@0@@@,@@@6@@@,@@@3@@@,@@@0@@@,@@@0@@@,@@@0@@@,@@@0@@@,@@@0@@@,@@@0@@@,@@@0@@@,@@@0@@@,@@@1@@@,@@@0@@@,0,1,0,0,2,0,1,1,0,@@@NO@@@,0,0)','',2,'2013-10-18'),(79844,'DELETE FROM mae_impuestos_productos WHERE pro_codigo_plu=@@@426868@@@','',2,'2013-10-18'),(79845,'INSERT INTO mae_productos (pro_codigo_plu,pro_codigo_barra,pro_tipo,pro_nombre_producto,pro_nombre_corto,med_id,emb_id,pro_unidades_embalaje,dep_id,lin_id,mar_id,pro_precio_compra_neto,pro_precio_compra_bruto,pro_precio_venta,pro_margen_actual,pro_oferta,pro_fecha_inicio_oferta,pro_fecha_termino_oferta,pro_precio_oferta,pro_stock_minimo,pro_stock_critico,pro_entradas_bodega,pro_salidas_bodega,pro_mermas_bodega,pro_ajustes_bodega,pro_entradas_sv,pro_salidas_sv,pro_mermas_sv,pro_ajustes_sv,pro_activo,rec_numero,pro_unidad,pro_capacidad,pro_consumo_bodega,pro_consumo_sv,pro_estado,pro_funcion_plu,pro_flejes,pro_iva,pro_plu_asociado,pro_envase,pro_duracion,pro_numero_etiqueta) VALUES (426969,@@@426969@@@,@@@0@@@,@@@LENTE DAMA BRILLO 8026@@@,@@@LENTE DAMA BRILL@@@,@@@1 @@@,@@@6 @@@,@@@6@@@,@@@21 @@@,@@@125@@@,@@@2507@@@,@@@0@@@,@@@649.99@@@,@@@1@@@,@@@-99.85@@@,@@@@@@,@@@2006.09.07@@@,@@@2006.09.07@@@,@@@0@@@,@@@6@@@,@@@3@@@,@@@0@@@,@@@0@@@,@@@0@@@,@@@0@@@,@@@0@@@,@@@0@@@,@@@0@@@,@@@0@@@,@@@1@@@,@@@0@@@,0,1,0,0,2,0,1,1,0,@@@NO@@@,0,0)','',2,'2013-10-18'),(79846,'DELETE FROM mae_impuestos_productos WHERE pro_codigo_plu=@@@426969@@@','',2,'2013-10-18'),(79847,'INSERT INTO mae_productos (pro_codigo_plu,pro_codigo_barra,pro_tipo,pro_nombre_producto,pro_nombre_corto,med_id,emb_id,pro_unidades_embalaje,dep_id,lin_id,mar_id,pro_precio_compra_neto,pro_precio_compra_bruto,pro_precio_venta,pro_margen_actual,pro_oferta,pro_fecha_inicio_oferta,pro_fecha_termino_oferta,pro_precio_oferta,pro_stock_minimo,pro_stock_critico,pro_entradas_bodega,pro_salidas_bodega,pro_mermas_bodega,pro_ajustes_bodega,pro_entradas_sv,pro_salidas_sv,pro_mermas_sv,pro_ajustes_sv,pro_activo,rec_numero,pro_unidad,pro_capacidad,pro_consumo_bodega,pro_consumo_sv,pro_estado,pro_funcion_plu,pro_flejes,pro_iva,pro_plu_asociado,pro_envase,pro_duracion,pro_numero_etiqueta) VALUES (427070,@@@427070@@@,@@@0@@@,@@@LENTE DAMA 3008@@@,@@@LENTE DAMA 3008@@@,@@@1 @@@,@@@4 @@@,@@@1@@@,@@@21 @@@,@@@125@@@,@@@2507@@@,@@@0@@@,@@@749.99@@@,@@@1@@@,@@@-99.87@@@,@@@@@@,@@@2006.09.07@@@,@@@2006.09.07@@@,@@@0@@@,@@@6@@@,@@@3@@@,@@@0@@@,@@@0@@@,@@@0@@@,@@@0@@@,@@@0@@@,@@@0@@@,@@@0@@@,@@@0@@@,@@@1@@@,@@@0@@@,0,1,0,0,2,0,1,1,0,@@@NO@@@,0,0)','',2,'2013-10-18'),(79848,'DELETE FROM mae_impuestos_productos WHERE pro_codigo_plu=@@@427070@@@','',2,'2013-10-18'),(79849,'INSERT INTO mae_productos (pro_codigo_plu,pro_codigo_barra,pro_tipo,pro_nombre_producto,pro_nombre_corto,med_id,emb_id,pro_unidades_embalaje,dep_id,lin_id,mar_id,pro_precio_compra_neto,pro_precio_compra_bruto,pro_precio_venta,pro_margen_actual,pro_oferta,pro_fecha_inicio_oferta,pro_fecha_termino_oferta,pro_precio_oferta,pro_stock_minimo,pro_stock_critico,pro_entradas_bodega,pro_salidas_bodega,pro_mermas_bodega,pro_ajustes_bodega,pro_entradas_sv,pro_salidas_sv,pro_mermas_sv,pro_ajustes_sv,pro_activo,rec_numero,pro_unidad,pro_capacidad,pro_consumo_bodega,pro_consumo_sv,pro_estado,pro_funcion_plu,pro_flejes,pro_iva,pro_plu_asociado,pro_envase,pro_duracion,pro_numero_etiqueta) VALUES (427171,@@@427171@@@,@@@0@@@,@@@LENTE LINEAS  2613@@@,@@@LENTE LINEAS  26@@@,@@@1 @@@,@@@4 @@@,@@@1@@@,@@@21 @@@,@@@125@@@,@@@2507@@@,@@@0@@@,@@@550@@@,@@@1@@@,@@@-99.82@@@,@@@@@@,@@@2006.09.07@@@,@@@2006.09.07@@@,@@@0@@@,@@@8@@@,@@@4@@@,@@@0@@@,@@@0@@@,@@@0@@@,@@@0@@@,@@@0@@@,@@@0@@@,@@@0@@@,@@@0@@@,@@@1@@@,@@@0@@@,0,1,0,0,2,0,1,1,0,@@@NO@@@,0,0)','',2,'2013-10-18'),(79850,'DELETE FROM mae_impuestos_productos WHERE pro_codigo_plu=@@@427171@@@','',2,'2013-10-18'),(79851,'INSERT INTO gne_vale_ferreteria (vfe_id,vfe_fecha,vfe_total,vfe_estado,vfe_entregado,usu_nusuario) VALUES (14224,@@@2013.10.18@@@,1790,1,0,@@@G_DIAZ@@@)','',2,'2013-10-18'),(79852,'INSERT INTO gne_vale_ferreteria_mov (vfe_id,pro_codigo_plu,vfm_cantidad,vfm_unitario,vfm_total,vfm_entregado) VALUES (14224,763741,1,1790,1790,@@@NO@@@)','',2,'2013-10-18'),(79853,'INSERT INTO mae_productos (pro_codigo_plu,pro_codigo_barra,pro_tipo,pro_nombre_producto,pro_nombre_corto,med_id,emb_id,pro_unidades_embalaje,dep_id,lin_id,mar_id,pro_precio_compra_neto,pro_precio_compra_bruto,pro_precio_venta,pro_margen_actual,pro_oferta,pro_fecha_inicio_oferta,pro_fecha_termino_oferta,pro_precio_oferta,pro_stock_minimo,pro_stock_critico,pro_entradas_bodega,pro_salidas_bodega,pro_mermas_bodega,pro_ajustes_bodega,pro_entradas_sv,pro_salidas_sv,pro_mermas_sv,pro_ajustes_sv,pro_activo,rec_numero,pro_unidad,pro_capacidad,pro_consumo_bodega,pro_consumo_sv,pro_estado,pro_funcion_plu,pro_flejes,pro_iva,pro_plu_asociado,pro_envase,pro_duracion,pro_numero_etiqueta) VALUES (427272,@@@427272@@@,@@@0@@@,@@@LENTE UNISEX  8803@@@,@@@LENTE UNISEX  88@@@,@@@1 @@@,@@@4 @@@,@@@1@@@,@@@21 @@@,@@@125@@@,@@@2507@@@,@@@0@@@,@@@599.99@@@,@@@1@@@,@@@-99.83@@@,@@@@@@,@@@2006.09.07@@@,@@@2006.09.07@@@,@@@0@@@,@@@6@@@,@@@3@@@,@@@0@@@,@@@0@@@,@@@0@@@,@@@0@@@,@@@0@@@,@@@0@@@,@@@0@@@,@@@0@@@,@@@1@@@,@@@0@@@,0,1,0,0,2,0,1,1,0,@@@NO@@@,0,0)','',2,'2013-10-18'),(79854,'DELETE FROM mae_impuestos_productos WHERE pro_codigo_plu=@@@427272@@@','',2,'2013-10-18'),(79855,'INSERT INTO gne_vale_ferreteria (vfe_id,vfe_fecha,vfe_total,vfe_estado,vfe_entregado,usu_nusuario) VALUES (14225,@@@2013.10.18@@@,2850,1,0,@@@G_DIAZ@@@)','',2,'2013-10-18'),(79856,'INSERT INTO gne_vale_ferreteria_mov (vfe_id,pro_codigo_plu,vfm_cantidad,vfm_unitario,vfm_total,vfm_entregado) VALUES (14225,764444,1,2850,2850,@@@NO@@@)','',2,'2013-10-18'),(79857,'INSERT INTO mae_productos (pro_codigo_plu,pro_codigo_barra,pro_tipo,pro_nombre_producto,pro_nombre_corto,med_id,emb_id,pro_unidades_embalaje,dep_id,lin_id,mar_id,pro_precio_compra_neto,pro_precio_compra_bruto,pro_precio_venta,pro_margen_actual,pro_oferta,pro_fecha_inicio_oferta,pro_fecha_termino_oferta,pro_precio_oferta,pro_stock_minimo,pro_stock_critico,pro_entradas_bodega,pro_salidas_bodega,pro_mermas_bodega,pro_ajustes_bodega,pro_entradas_sv,pro_salidas_sv,pro_mermas_sv,pro_ajustes_sv,pro_activo,rec_numero,pro_unidad,pro_capacidad,pro_consumo_bodega,pro_consumo_sv,pro_estado,pro_funcion_plu,pro_flejes,pro_iva,pro_plu_asociado,pro_envase,pro_duracion,pro_numero_etiqueta) VALUES (427373,@@@427373@@@,@@@0@@@,@@@LENTE COLOR 1028 A@@@,@@@LENTE@@@,@@@1 @@@,@@@4 @@@,@@@1@@@,@@@21 @@@,@@@125@@@,@@@2507@@@,@@@0@@@,@@@849.99@@@,@@@1@@@,@@@-99.88@@@,@@@@@@,@@@2006.09.07@@@,@@@2006.09.07@@@,@@@0@@@,@@@4@@@,@@@3@@@,@@@0@@@,@@@0@@@,@@@0@@@,@@@0@@@,@@@0@@@,@@@0@@@,@@@0@@@,@@@0@@@,@@@1@@@,@@@0@@@,0,1,0,0,2,0,1,1,0,@@@NO@@@,0,0)','',2,'2013-10-18'),(79858,'DELETE FROM mae_impuestos_productos WHERE pro_codigo_plu=@@@427373@@@','',2,'2013-10-18'),(79859,'INSERT INTO gne_vale_ferreteria (vfe_id,vfe_fecha,vfe_total,vfe_estado,vfe_entregado,usu_nusuario) VALUES (14226,@@@2013.10.18@@@,50,1,0,@@@G_DIAZ@@@)','',2,'2013-10-18'),(79860,'INSERT INTO gne_vale_ferreteria_mov (vfe_id,pro_codigo_plu,vfm_cantidad,vfm_unitario,vfm_total,vfm_entregado) VALUES (14226,770000,1,50,50,@@@NO@@@)','',2,'2013-10-18'),(79861,'INSERT INTO gne_vale_ferreteria (vfe_id,vfe_fecha,vfe_total,vfe_estado,vfe_entregado,usu_nusuario) VALUES (14227,@@@2013.10.18@@@,150,1,0,@@@G_DIAZ@@@)','',2,'2013-10-18'),(79862,'INSERT INTO gne_vale_ferreteria_mov (vfe_id,pro_codigo_plu,vfm_cantidad,vfm_unitario,vfm_total,vfm_entregado) VALUES (14227,780721187,1,150,150,@@@NO@@@)','',2,'2013-10-18'),(79863,'INSERT INTO gne_vale_ferreteria (vfe_id,vfe_fecha,vfe_total,vfe_estado,vfe_entregado,usu_nusuario) VALUES (14228,@@@2013.10.18@@@,1980,1,0,@@@G_DIAZ@@@)','',2,'2013-10-18'),(79864,'INSERT INTO gne_vale_ferreteria_mov (vfe_id,pro_codigo_plu,vfm_cantidad,vfm_unitario,vfm_total,vfm_entregado) VALUES (14228,763868,2,990,1980,@@@NO@@@)','',2,'2013-10-18'),(79865,'UPDATE mae_productos SET pro_precio_venta=560,pro_margen_actual= 30.36 WHERE pro_codigo_plu=262353','',2,'2013-10-18'),(79866,'UPDATE mae_productos SET pro_precio_venta=560,pro_margen_actual= 30.72 WHERE pro_codigo_plu=780722027','',2,'2013-10-18'),(79867,'UPDATE mae_productos SET pro_precio_venta=380,pro_margen_actual= 31.95 WHERE pro_codigo_plu=11518','',2,'2013-10-18'),(79868,'UPDATE mae_productos SET pro_precio_venta=380,pro_margen_actual= 31.95 WHERE pro_codigo_plu=11516','',2,'2013-10-18'),(79869,'UPDATE mae_productos SET pro_precio_venta=380,pro_margen_actual= 31.95 WHERE pro_codigo_plu=11438','',2,'2013-10-18'),(79870,'UPDATE mae_productos SET pro_precio_venta=380,pro_margen_actual= 31.95 WHERE pro_codigo_plu=11436','',2,'2013-10-18'),(79871,'UPDATE mae_productos SET pro_precio_venta=890,pro_margen_actual= 31.21 WHERE pro_codigo_plu=12216','',2,'2013-10-18'),(79872,'UPDATE mae_productos SET pro_precio_venta=1490,pro_margen_actual= 33.2 WHERE pro_codigo_plu=780722030','',2,'2013-10-18'),(79873,'UPDATE mae_productos SET pro_precio_venta=1290,pro_margen_actual= 31.88 WHERE pro_codigo_plu=780722026','',2,'2013-10-18'),(79874,'UPDATE mae_productos SET pro_precio_venta=790,pro_margen_actual= 33.04 WHERE pro_codigo_plu=102649','',2,'2013-10-18'),(79875,'UPDATE mae_productos SET pro_precio_venta=390,pro_margen_actual= 39.46 WHERE pro_codigo_plu=780722029','',2,'2013-10-18'),(79876,'UPDATE mae_productos SET pro_precio_venta=390,pro_margen_actual= 39.46 WHERE pro_codigo_plu=780722028','',2,'2013-10-18'),(79877,'UPDATE mae_productos SET pro_precio_venta=390,pro_margen_actual= 39.46 WHERE pro_codigo_plu=780722031','',2,'2013-10-18'),(79878,'UPDATE mae_productos SET pro_precio_venta=390,pro_margen_actual= 39.46 WHERE pro_codigo_plu=780722032','',2,'2013-10-18'),(79879,'UPDATE mae_productos SET pro_precio_venta=750,pro_margen_actual= 31.85 WHERE pro_codigo_plu=11200','',2,'2013-10-18'),(79880,'UPDATE mae_productos SET pro_precio_venta=750,pro_margen_actual= 31.85 WHERE pro_codigo_plu=11199','',2,'2013-10-18'),(79881,'UPDATE mae_productos SET pro_precio_venta=899,pro_margen_actual= 28.7 WHERE pro_codigo_plu=11198','',2,'2013-10-18'),(79882,'UPDATE mae_productos SET pro_precio_venta=650,pro_margen_actual= 33.22 WHERE pro_codigo_plu=11195','',2,'2013-10-18'),(79883,'UPDATE mae_productos SET pro_precio_venta=1350,pro_margen_actual= 36.36 WHERE pro_codigo_plu=13638','',2,'2013-10-18'),(79884,'UPDATE mae_productos SET pro_precio_venta=1250,pro_margen_actual= 62.34 WHERE pro_codigo_plu=762922','',2,'2013-10-18'),(79885,'UPDATE mae_productos SET pro_precio_venta=470,pro_margen_actual= 32.39 WHERE pro_codigo_plu=12157','',2,'2013-10-18'),(79886,'UPDATE mae_productos SET pro_precio_venta=470,pro_margen_actual= 32.39 WHERE pro_codigo_plu=11955','',2,'2013-10-18'),(79887,'UPDATE mae_productos SET pro_precio_venta=470,pro_margen_actual= 32.39 WHERE pro_codigo_plu=11956','',2,'2013-10-18'),(79888,'UPDATE mae_productos SET pro_precio_venta=990,pro_margen_actual= 35.62 WHERE pro_codigo_plu=12320','',2,'2013-10-18'),(79889,'INSERT INTO gne_vale_ferreteria (vfe_id,vfe_fecha,vfe_total,vfe_estado,vfe_entregado,usu_nusuario) VALUES (14229,@@@2013.10.18@@@,960,1,0,@@@G_DIAZ@@@)','',2,'2013-10-18'),(79890,'INSERT INTO gne_vale_ferreteria_mov (vfe_id,pro_codigo_plu,vfm_cantidad,vfm_unitario,vfm_total,vfm_entregado) VALUES (14229,78017179,1,960,960,@@@NO@@@)','',2,'2013-10-18'),(79891,'UPDATE mae_productos SET pro_margen_actual=39.46,pro_precio_venta=390 WHERE pro_codigo_plu=780722029','',2,'2013-10-18'),(79892,'UPDATE mae_productos SET pro_margen_actual=39.46,pro_precio_venta=390 WHERE pro_codigo_plu=780722031','',2,'2013-10-18'),(79893,'UPDATE mae_productos SET pro_margen_actual=39.46,pro_precio_venta=390 WHERE pro_codigo_plu=780722028','',2,'2013-10-18'),(79894,'UPDATE mae_productos SET pro_margen_actual=39.46,pro_precio_venta=390 WHERE pro_codigo_plu=780722032','',2,'2013-10-18'),(79895,'UPDATE mae_productos SET pro_margen_actual=36.36,pro_precio_venta=1350 WHERE pro_codigo_plu=13638','',2,'2013-10-18'),(79896,'UPDATE mae_productos SET pro_margen_actual=62.34,pro_precio_venta=1250 WHERE pro_codigo_plu=762922','',2,'2013-10-18'),(79897,'UPDATE mae_productos SET pro_margen_actual=31.95,pro_precio_venta=380 WHERE pro_codigo_plu=11436','',2,'2013-10-18'),(79898,'UPDATE mae_productos SET pro_margen_actual=31.95,pro_precio_venta=380 WHERE pro_codigo_plu=11438','',2,'2013-10-18'),(79899,'UPDATE mae_productos SET pro_margen_actual=31.88,pro_precio_venta=1290 WHERE pro_codigo_plu=780722026','',2,'2013-10-18'),(79900,'UPDATE mae_productos SET pro_margen_actual=35.62,pro_precio_venta=990 WHERE pro_codigo_plu=12320','',2,'2013-10-18'),(79901,'UPDATE mae_productos SET pro_margen_actual=32.39,pro_precio_venta=470 WHERE pro_codigo_plu=12157','',2,'2013-10-18'),(79902,'UPDATE mae_productos SET pro_margen_actual=32.39,pro_precio_venta=470 WHERE pro_codigo_plu=11955','',2,'2013-10-18'),(79903,'UPDATE mae_productos SET pro_margen_actual=32.39,pro_precio_venta=470 WHERE pro_codigo_plu=11956','',2,'2013-10-18'),(79904,'UPDATE mae_productos SET pro_margen_actual=31.21,pro_precio_venta=890 WHERE pro_codigo_plu=12216','',2,'2013-10-18'),(79905,'UPDATE mae_productos SET pro_margen_actual=33.2,pro_precio_venta=1490 WHERE pro_codigo_plu=780722030','',2,'2013-10-18'),(79906,'UPDATE mae_productos SET pro_margen_actual=33.04,pro_precio_venta=790 WHERE pro_codigo_plu=102649','',2,'2013-10-18'),(79907,'UPDATE mae_productos SET pro_margen_actual=31.95,pro_precio_venta=380 WHERE pro_codigo_plu=11518','',2,'2013-10-18'),(79908,'UPDATE mae_productos SET pro_margen_actual=31.95,pro_precio_venta=380 WHERE pro_codigo_plu=11516','',2,'2013-10-18'),(79909,'UPDATE mae_productos SET pro_margen_actual=33.22,pro_precio_venta=650 WHERE pro_codigo_plu=11195','',2,'2013-10-18'),(79910,'UPDATE mae_productos SET pro_margen_actual=28.7,pro_precio_venta=899 WHERE pro_codigo_plu=11198','',2,'2013-10-18'),(79911,'UPDATE mae_productos SET pro_margen_actual=31.85,pro_precio_venta=750 WHERE pro_codigo_plu=11199','',2,'2013-10-18'),(79912,'UPDATE mae_productos SET pro_margen_actual=31.85,pro_precio_venta=750 WHERE pro_codigo_plu=11200','',2,'2013-10-18'),(79913,'UPDATE mae_productos SET pro_margen_actual=30.36,pro_precio_venta=560 WHERE pro_codigo_plu=262353','',2,'2013-10-18'),(79914,'UPDATE mae_productos SET pro_margen_actual=30.72,pro_precio_venta=560 WHERE pro_codigo_plu=780722027','',2,'2013-10-18'),(79915,'UPDATE mae_productos SET pro_margen_actual=-99.29,pro_precio_venta=1 WHERE pro_codigo_plu=770020','',2,'2013-10-18'),(79916,'UPDATE mae_productos SET pro_margen_actual=-98.26,pro_precio_venta=1 WHERE pro_codigo_plu=770021','',2,'2013-10-18'),(79917,'UPDATE mae_productos SET pro_margen_actual=-99.8,pro_precio_venta=1 WHERE pro_codigo_plu=780722034','',2,'2013-10-18'),(79918,'UPDATE mae_productos SET pro_margen_actual=118.65,pro_precio_venta=1290 WHERE pro_codigo_plu=196262','',2,'2013-10-18'),(79919,'UPDATE mae_productos SET pro_margen_actual=105.44,pro_precio_venta=1890 WHERE pro_codigo_plu=780722035','',2,'2013-10-18'),(79920,'UPDATE mae_productos SET pro_margen_actual=102.04,pro_precio_venta=990 WHERE pro_codigo_plu=720720','',2,'2013-10-18'),(79921,'UPDATE mae_productos SET pro_margen_actual=130,pro_precio_venta=690 WHERE pro_codigo_plu=681868','',2,'2013-10-18'),(79922,'UPDATE mae_productos SET pro_margen_actual=110.71,pro_precio_venta=590 WHERE pro_codigo_plu=121012','',2,'2013-10-18'),(79923,'UPDATE mae_productos SET pro_margen_actual=160,pro_precio_venta=390 WHERE pro_codigo_plu=203939','',2,'2013-10-18'),(79924,'UPDATE mae_productos SET pro_margen_actual=113.93,pro_precio_venta=1690 WHERE pro_codigo_plu=426868','',2,'2013-10-18'),(79925,'UPDATE mae_productos SET pro_margen_actual=98.83,pro_precio_venta=1690 WHERE pro_codigo_plu=427373','',2,'2013-10-18'),(79926,'UPDATE mae_productos SET pro_margen_actual=125.34,pro_precio_venta=1690 WHERE pro_codigo_plu=427070','',2,'2013-10-18'),(79927,'UPDATE mae_productos SET pro_margen_actual=160,pro_precio_venta=1690 WHERE pro_codigo_plu=426969','',2,'2013-10-18'),(79928,'UPDATE mae_productos SET pro_margen_actual=134.55,pro_precio_venta=1290 WHERE pro_codigo_plu=427171','',2,'2013-10-18'),(79929,'UPDATE mae_productos SET pro_margen_actual=115,pro_precio_venta=1290 WHERE pro_codigo_plu=427272','',2,'2013-10-18'),(79930,'UPDATE mae_productos SET pro_margen_actual=34.3,pro_precio_venta=1050 WHERE pro_codigo_plu=780722033','',2,'2013-10-18'),(79931,'UPDATE mae_productos SET pro_precio_fiscal=pro_precio_venta WHERE pro_codigo_plu=121012','',2,'2013-10-18'),(79932,'UPDATE mae_productos SET pro_precio_fiscal=pro_precio_venta WHERE pro_codigo_plu=196262','',2,'2013-10-18'),(79933,'UPDATE mae_productos SET pro_precio_fiscal=pro_precio_venta WHERE pro_codigo_plu=203939','',2,'2013-10-18'),(79934,'UPDATE mae_productos SET pro_precio_fiscal=pro_precio_venta WHERE pro_codigo_plu=426868','',2,'2013-10-18'),(79935,'UPDATE mae_productos SET pro_precio_fiscal=pro_precio_venta WHERE pro_codigo_plu=426969','',2,'2013-10-18'),(79936,'UPDATE mae_productos SET pro_precio_fiscal=pro_precio_venta WHERE pro_codigo_plu=427070','',2,'2013-10-18'),(79937,'UPDATE mae_productos SET pro_precio_fiscal=pro_precio_venta WHERE pro_codigo_plu=427171','',2,'2013-10-18'),(79938,'UPDATE mae_productos SET pro_precio_fiscal=pro_precio_venta WHERE pro_codigo_plu=427272','',2,'2013-10-18'),(79939,'UPDATE mae_productos SET pro_precio_fiscal=pro_precio_venta WHERE pro_codigo_plu=427373','',2,'2013-10-18'),(79940,'UPDATE mae_productos SET pro_precio_fiscal=pro_precio_venta WHERE pro_codigo_plu=681868','',2,'2013-10-18'),(79941,'UPDATE mae_productos SET pro_precio_fiscal=pro_precio_venta WHERE pro_codigo_plu=780722035','',2,'2013-10-18'),(79942,'UPDATE mae_productos SET pro_precio_fiscal=pro_precio_venta WHERE pro_codigo_plu=720720','',2,'2013-10-18'),(79943,'UPDATE mae_productos SET pro_precio_fiscal=pro_precio_venta WHERE pro_codigo_plu=262353','',2,'2013-10-18'),(79944,'UPDATE mae_productos SET pro_precio_fiscal=pro_precio_venta WHERE pro_codigo_plu=780722027','',2,'2013-10-18'),(79945,'UPDATE mae_productos SET pro_precio_fiscal=pro_precio_venta WHERE pro_codigo_plu=11518','',2,'2013-10-18'),(79946,'UPDATE mae_productos SET pro_precio_fiscal=pro_precio_venta WHERE pro_codigo_plu=11516','',2,'2013-10-18'),(79947,'UPDATE mae_productos SET pro_precio_fiscal=pro_precio_venta WHERE pro_codigo_plu=11438','',2,'2013-10-18'),(79948,'UPDATE mae_productos SET pro_precio_fiscal=pro_precio_venta WHERE pro_codigo_plu=11436','',2,'2013-10-18'),(79949,'UPDATE mae_productos SET pro_precio_fiscal=pro_precio_venta WHERE pro_codigo_plu=780722033','',2,'2013-10-18'),(79950,'UPDATE mae_productos SET pro_precio_fiscal=pro_precio_venta WHERE pro_codigo_plu=13638','',2,'2013-10-18'),(79951,'UPDATE mae_productos SET pro_precio_fiscal=pro_precio_venta WHERE pro_codigo_plu=762922','',2,'2013-10-18'),(79952,'UPDATE mae_productos SET pro_precio_fiscal=pro_precio_venta WHERE pro_codigo_plu=12157','',2,'2013-10-18'),(79953,'UPDATE mae_productos SET pro_precio_fiscal=pro_precio_venta WHERE pro_codigo_plu=11955','',2,'2013-10-18'),(79954,'UPDATE mae_productos SET pro_precio_fiscal=pro_precio_venta WHERE pro_codigo_plu=11956','',2,'2013-10-18'),(79955,'UPDATE mae_productos SET pro_precio_fiscal=pro_precio_venta WHERE pro_codigo_plu=12320','',2,'2013-10-18'),(79956,'UPDATE mae_productos SET pro_precio_fiscal=pro_precio_venta WHERE pro_codigo_plu=12216','',2,'2013-10-18'),(79957,'UPDATE mae_productos SET pro_precio_fiscal=pro_precio_venta WHERE pro_codigo_plu=780722030','',2,'2013-10-18'),(79958,'UPDATE mae_productos SET pro_precio_fiscal=pro_precio_venta WHERE pro_codigo_plu=780722026','',2,'2013-10-18'),(79959,'UPDATE mae_productos SET pro_precio_fiscal=pro_precio_venta WHERE pro_codigo_plu=102649','',2,'2013-10-18'),(79960,'UPDATE mae_productos SET pro_precio_fiscal=pro_precio_venta WHERE pro_codigo_plu=780722029','',2,'2013-10-18'),(79961,'UPDATE mae_productos SET pro_precio_fiscal=pro_precio_venta WHERE pro_codigo_plu=780722028','',2,'2013-10-18'),(79962,'UPDATE mae_productos SET pro_precio_fiscal=pro_precio_venta WHERE pro_codigo_plu=780722031','',2,'2013-10-18'),(79963,'UPDATE mae_productos SET pro_precio_fiscal=pro_precio_venta WHERE pro_codigo_plu=780722032','',2,'2013-10-18'),(79964,'UPDATE mae_productos SET pro_precio_fiscal=pro_precio_venta WHERE pro_codigo_plu=11200','',2,'2013-10-18'),(79965,'UPDATE mae_productos SET pro_precio_fiscal=pro_precio_venta WHERE pro_codigo_plu=11199','',2,'2013-10-18'),(79966,'UPDATE mae_productos SET pro_precio_fiscal=pro_precio_venta WHERE pro_codigo_plu=11198','',2,'2013-10-18'),(79967,'UPDATE mae_productos SET pro_precio_fiscal=pro_precio_venta WHERE pro_codigo_plu=11195','',2,'2013-10-18'),(79968,'INSERT INTO gne_vale_ferreteria (vfe_id,vfe_fecha,vfe_total,vfe_estado,vfe_entregado,usu_nusuario) VALUES (14230,@@@2013.10.18@@@,200,1,0,@@@G_DIAZ@@@)','',2,'2013-10-18'),(79969,'INSERT INTO gne_vale_ferreteria_mov (vfe_id,pro_codigo_plu,vfm_cantidad,vfm_unitario,vfm_total,vfm_entregado) VALUES (14230,780721924,1,200,200,@@@NO@@@)','',2,'2013-10-18'),(79970,'INSERT INTO gne_vale_ferreteria (vfe_id,vfe_fecha,vfe_total,vfe_estado,vfe_entregado,usu_nusuario) VALUES (14231,@@@2013.10.18@@@,490,1,0,@@@G_DIAZ@@@)','',2,'2013-10-18'),(79971,'INSERT INTO gne_vale_ferreteria_mov (vfe_id,pro_codigo_plu,vfm_cantidad,vfm_unitario,vfm_total,vfm_entregado) VALUES (14231,764497,1,490,490,@@@NO@@@)','',2,'2013-10-18'),(79972,'INSERT INTO gne_vale_ferreteria (vfe_id,vfe_fecha,vfe_total,vfe_estado,vfe_entregado,usu_nusuario) VALUES (14232,@@@2013.10.18@@@,300,1,0,@@@G_DIAZ@@@)','',2,'2013-10-18'),(79973,'INSERT INTO gne_vale_ferreteria_mov (vfe_id,pro_codigo_plu,vfm_cantidad,vfm_unitario,vfm_total,vfm_entregado) VALUES (14232,763433,1,300,300,@@@NO@@@)','',2,'2013-10-18'),(79974,'INSERT INTO gne_vale_ferreteria (vfe_id,vfe_fecha,vfe_total,vfe_estado,vfe_entregado,usu_nusuario) VALUES (14233,@@@2013.10.18@@@,120,1,0,@@@G_DIAZ@@@)','',2,'2013-10-18'),(79975,'INSERT INTO gne_vale_ferreteria_mov (vfe_id,pro_codigo_plu,vfm_cantidad,vfm_unitario,vfm_total,vfm_entregado) VALUES (14233,8022,1,120,120,@@@NO@@@)','',2,'2013-10-18'),(79976,'INSERT INTO gne_vale_ferreteria (vfe_id,vfe_fecha,vfe_total,vfe_estado,vfe_entregado,usu_nusuario) VALUES (14234,@@@2013.10.19@@@,290,1,0,@@@G_DIAZ@@@)','',2,'2013-10-19'),(79977,'INSERT INTO gne_vale_ferreteria_mov (vfe_id,pro_codigo_plu,vfm_cantidad,vfm_unitario,vfm_total,vfm_entregado) VALUES (14234,1559,1,290,290,@@@NO@@@)','',2,'2013-10-19'),(79978,'INSERT INTO gne_vale_ferreteria (vfe_id,vfe_fecha,vfe_total,vfe_estado,vfe_entregado,usu_nusuario) VALUES (14235,@@@2013.10.19@@@,700,1,0,@@@G_DIAZ@@@)','',2,'2013-10-19'),(79979,'INSERT INTO gne_vale_ferreteria_mov (vfe_id,pro_codigo_plu,vfm_cantidad,vfm_unitario,vfm_total,vfm_entregado) VALUES (14235,770000,10,50,500,@@@NO@@@)','',2,'2013-10-19'),(79980,'INSERT INTO gne_vale_ferreteria_mov (vfe_id,pro_codigo_plu,vfm_cantidad,vfm_unitario,vfm_total,vfm_entregado) VALUES (14235,78017111,2,100,200,@@@NO@@@)','',2,'2013-10-19'),(79981,'INSERT INTO com_ventas_grupo (vgr_fecha,vgr_grupo,vgr_cantidad,vgr_total) VALUES (@@@2013.10.18@@@,1,159.82,131955)','',2,'2013-10-19'),(79982,'INSERT INTO com_ventas_grupo (vgr_fecha,vgr_grupo,vgr_cantidad,vgr_total) VALUES (@@@2013.10.18@@@,2,151.225,111216)','',2,'2013-10-19'),(79983,'INSERT INTO com_ventas_grupo (vgr_fecha,vgr_grupo,vgr_cantidad,vgr_total) VALUES (@@@2013.10.18@@@,3,328,71660)','',2,'2013-10-19'),(79984,'INSERT INTO com_ventas_grupo (vgr_fecha,vgr_grupo,vgr_cantidad,vgr_total) VALUES (@@@2013.10.18@@@,4,85,75670)','',2,'2013-10-19'),(79985,'INSERT INTO com_ventas_grupo (vgr_fecha,vgr_grupo,vgr_cantidad,vgr_total) VALUES (@@@2013.10.18@@@,5,9,35888)','',2,'2013-10-19'),(79986,'INSERT INTO com_ventas_grupo (vgr_fecha,vgr_grupo,vgr_cantidad,vgr_total) VALUES (@@@2013.10.18@@@,6,13,22681)','',2,'2013-10-19'),(79987,'INSERT INTO com_ventas_grupo (vgr_fecha,vgr_grupo,vgr_cantidad,vgr_total) VALUES (@@@2013.10.18@@@,7,50,100125)','',2,'2013-10-19'),(79988,'INSERT INTO com_ventas_grupo (vgr_fecha,vgr_grupo,vgr_cantidad,vgr_total) VALUES (@@@2013.10.18@@@,8,22,14710)','',2,'2013-10-19'),(79989,'INSERT INTO com_ventas_grupo (vgr_fecha,vgr_grupo,vgr_cantidad,vgr_total) VALUES (@@@2013.10.18@@@,9,78.52,136983)','',2,'2013-10-19'),(79990,'INSERT INTO com_ventas_grupo (vgr_fecha,vgr_grupo,vgr_cantidad,vgr_total) VALUES (@@@2013.10.18@@@,10,40.665,111839)','',2,'2013-10-19'),(79991,'INSERT INTO com_ventas_grupo (vgr_fecha,vgr_grupo,vgr_cantidad,vgr_total) VALUES (@@@2013.10.18@@@,11,18.97,62717)','',2,'2013-10-19'),(79992,'INSERT INTO com_ventas_grupo (vgr_fecha,vgr_grupo,vgr_cantidad,vgr_total) VALUES (@@@2013.10.18@@@,12,30.97,61486)','',2,'2013-10-19'),(79993,'INSERT INTO com_ventas_grupo (vgr_fecha,vgr_grupo,vgr_cantidad,vgr_total) VALUES (@@@2013.10.18@@@,13,18.455,32314)','',2,'2013-10-19'),(79994,'INSERT INTO com_ventas_grupo (vgr_fecha,vgr_grupo,vgr_cantidad,vgr_total) VALUES (@@@2013.10.18@@@,14,80.02,72449)','',2,'2013-10-19'),(79995,'INSERT INTO com_ventas_grupo (vgr_fecha,vgr_grupo,vgr_cantidad,vgr_total) VALUES (@@@2013.10.18@@@,15,1,290)','',2,'2013-10-19'),(79996,'INSERT INTO com_ventas_grupo (vgr_fecha,vgr_grupo,vgr_cantidad,vgr_total) VALUES (@@@2013.10.18@@@,16,3,450)','',2,'2013-10-19'),(79997,'INSERT INTO com_ventas_grupo (vgr_fecha,vgr_grupo,vgr_cantidad,vgr_total) VALUES (@@@2013.10.18@@@,18,219.18,138494)','',2,'2013-10-19'),(79998,'INSERT INTO com_ventas_grupo (vgr_fecha,vgr_grupo,vgr_cantidad,vgr_total) VALUES (@@@2013.10.18@@@,20,101.66,47003)','',2,'2013-10-19'),(79999,'INSERT INTO com_ventas_grupo (vgr_fecha,vgr_grupo,vgr_cantidad,vgr_total) VALUES (@@@2013.10.18@@@,21,36,33299)','',2,'2013-10-19'),(80000,'INSERT INTO com_ventas_grupo (vgr_fecha,vgr_grupo,vgr_cantidad,vgr_total) VALUES (@@@2013.10.18@@@,23,6,9020)','',2,'2013-10-19'),(80001,'INSERT INTO com_ventas_grupo (vgr_fecha,vgr_grupo,vgr_cantidad,vgr_total) VALUES (@@@2013.10.18@@@,24,108,27090)','',2,'2013-10-19'),(80002,'INSERT INTO com_ventas_grupo (vgr_fecha,vgr_grupo,vgr_cantidad,vgr_total) VALUES (@@@2013.10.18@@@,25,87,121700)','',2,'2013-10-19'),(80003,'INSERT INTO com_ventas_grupo (vgr_fecha,vgr_grupo,vgr_cantidad,vgr_total) VALUES (@@@2013.10.18@@@,27,1,890)','',2,'2013-10-19'),(80004,'INSERT INTO com_ventas_grupo (vgr_fecha,vgr_grupo,vgr_cantidad,vgr_total) VALUES (@@@2013.10.18@@@,31,6,7070)','',2,'2013-10-19'),(80005,'INSERT INTO com_ventas_grupo (vgr_fecha,vgr_grupo,vgr_cantidad,vgr_total) VALUES (@@@2013.10.18@@@,32,369,139251)','',2,'2013-10-19'),(80006,'INSERT INTO com_ventas_grupo (vgr_fecha,vgr_grupo,vgr_cantidad,vgr_total) VALUES (@@@2013.10.18@@@,35,22,27750)','',2,'2013-10-19'),(80007,'INSERT INTO com_ventas_grupo (vgr_fecha,vgr_grupo,vgr_cantidad,vgr_total) VALUES (@@@2013.10.18@@@,36,7,790)','',2,'2013-10-19'),(80008,'INSERT INTO com_ventas_grupo (vgr_fecha,vgr_grupo,vgr_cantidad,vgr_total) VALUES (@@@2013.10.18@@@,37,3,3390)','',2,'2013-10-19'),(80009,'INSERT INTO com_ventas_grupo (vgr_fecha,vgr_grupo,vgr_cantidad,vgr_total) VALUES (@@@2013.10.18@@@,38,3,5870)','',2,'2013-10-19'),(80010,'INSERT INTO com_ventas_grupo (vgr_fecha,vgr_grupo,vgr_cantidad,vgr_total) VALUES (@@@2013.10.18@@@,39,3,1170)','',2,'2013-10-19'),(80011,'INSERT INTO com_ventas_grupo (vgr_fecha,vgr_grupo,vgr_cantidad,vgr_total) VALUES (@@@2013.10.18@@@,41,4,280)','',2,'2013-10-19'),(80012,'INSERT INTO com_ventas_grupo (vgr_fecha,vgr_grupo,vgr_cantidad,vgr_total) VALUES (@@@2013.10.18@@@,42,19.36,14249)','',2,'2013-10-19'),(80013,'INSERT INTO com_ventas_grupo (vgr_fecha,vgr_grupo,vgr_cantidad,vgr_total) VALUES (@@@2013.10.18@@@,44,1,1000)','',2,'2013-10-19'),(80014,'UPDATE mae_datos_empresa SET emp_oferta=@@@NO@@@','',2,'2013-10-19'),(80015,'INSERT INTO gne_vale_ferreteria (vfe_id,vfe_fecha,vfe_total,vfe_estado,vfe_entregado,usu_nusuario) VALUES (14236,@@@2013.10.19@@@,599,1,0,@@@G_DIAZ@@@)','',2,'2013-10-19'),(80016,'INSERT INTO gne_vale_ferreteria_mov (vfe_id,pro_codigo_plu,vfm_cantidad,vfm_unitario,vfm_total,vfm_entregado) VALUES (14236,19916,1,599,599,@@@NO@@@)','',2,'2013-10-19'),(80017,'INSERT INTO gne_vale_ferreteria (vfe_id,vfe_fecha,vfe_total,vfe_estado,vfe_entregado,usu_nusuario) VALUES (14237,@@@2013.10.19@@@,390,1,0,@@@G_DIAZ@@@)','',2,'2013-10-19'),(80018,'INSERT INTO gne_vale_ferreteria_mov (vfe_id,pro_codigo_plu,vfm_cantidad,vfm_unitario,vfm_total,vfm_entregado) VALUES (14237,1535,1,390,390,@@@NO@@@)','',2,'2013-10-19'),(80019,'INSERT INTO mae_productos (pro_codigo_plu,pro_codigo_barra,pro_tipo,pro_nombre_producto,pro_nombre_corto,med_id,emb_id,pro_unidades_embalaje,dep_id,lin_id,mar_id,pro_precio_compra_neto,pro_precio_compra_bruto,pro_precio_venta,pro_margen_actual,pro_oferta,pro_fecha_inicio_oferta,pro_fecha_termino_oferta,pro_precio_oferta,pro_stock_minimo,pro_stock_critico,pro_entradas_bodega,pro_salidas_bodega,pro_mermas_bodega,pro_ajustes_bodega,pro_entradas_sv,pro_salidas_sv,pro_mermas_sv,pro_ajustes_sv,pro_activo,rec_numero,pro_unidad,pro_capacidad,pro_consumo_bodega,pro_consumo_sv,pro_estado,pro_funcion_plu,pro_flejes,pro_iva,pro_plu_asociado,pro_envase,pro_duracion,pro_numero_etiqueta) VALUES (780722036,@@@6952938319706@@@,@@@0@@@,@@@FLOR CLAVEL VARIEDAD COLORES@@@,@@@FLOR CLAVEL VARI@@@,@@@1 @@@,@@@4 @@@,@@@1@@@,@@@24 @@@,@@@207@@@,@@@2507@@@,@@@0@@@,@@@249.99@@@,@@@1@@@,@@@-99.6@@@,@@@@@@,@@@2006.09.07@@@,@@@2006.09.07@@@,@@@0@@@,@@@24@@@,@@@12@@@,@@@0@@@,@@@0@@@,@@@0@@@,@@@0@@@,@@@0@@@,@@@0@@@,@@@0@@@,@@@0@@@,@@@1@@@,@@@0@@@,0,1,0,0,2,0,1,1,0,@@@NO@@@,0,0)','',2,'2013-10-19'),(80020,'DELETE FROM mae_impuestos_productos WHERE pro_codigo_plu=@@@780722036@@@','',2,'2013-10-19'),(80021,'INSERT INTO mae_productos (pro_codigo_plu,pro_codigo_barra,pro_tipo,pro_nombre_producto,pro_nombre_corto,med_id,emb_id,pro_unidades_embalaje,dep_id,lin_id,mar_id,pro_precio_compra_neto,pro_precio_compra_bruto,pro_precio_venta,pro_margen_actual,pro_oferta,pro_fecha_inicio_oferta,pro_fecha_termino_oferta,pro_precio_oferta,pro_stock_minimo,pro_stock_critico,pro_entradas_bodega,pro_salidas_bodega,pro_mermas_bodega,pro_ajustes_bodega,pro_entradas_sv,pro_salidas_sv,pro_mermas_sv,pro_ajustes_sv,pro_activo,rec_numero,pro_unidad,pro_capacidad,pro_consumo_bodega,pro_consumo_sv,pro_estado,pro_funcion_plu,pro_flejes,pro_iva,pro_plu_asociado,pro_envase,pro_duracion,pro_numero_etiqueta) VALUES (923939,@@@923939@@@,@@@0@@@,@@@FLOR ABIERTA CHICA VARIEDAD COLOR@@@,@@@FLOR ABIERTA CHI@@@,@@@1 @@@,@@@4 @@@,@@@24@@@,@@@24 @@@,@@@207@@@,@@@2507@@@,@@@0@@@,@@@249.99@@@,@@@1@@@,@@@-99.6@@@,@@@@@@,@@@2006.09.07@@@,@@@2006.09.07@@@,@@@0@@@,@@@24@@@,@@@12@@@,@@@0@@@,@@@0@@@,@@@0@@@,@@@0@@@,@@@0@@@,@@@0@@@,@@@0@@@,@@@0@@@,@@@1@@@,@@@0@@@,0,1,0,0,2,0,1,1,0,@@@NO@@@,0,0)','',2,'2013-10-19'),(80022,'DELETE FROM mae_impuestos_productos WHERE pro_codigo_plu=@@@923939@@@','',2,'2013-10-19'),(80023,'INSERT INTO mae_productos (pro_codigo_plu,pro_codigo_barra,pro_tipo,pro_nombre_producto,pro_nombre_corto,med_id,emb_id,pro_unidades_embalaje,dep_id,lin_id,mar_id,pro_precio_compra_neto,pro_precio_compra_bruto,pro_precio_venta,pro_margen_actual,pro_oferta,pro_fecha_inicio_oferta,pro_fecha_termino_oferta,pro_precio_oferta,pro_stock_minimo,pro_stock_critico,pro_entradas_bodega,pro_salidas_bodega,pro_mermas_bodega,pro_ajustes_bodega,pro_entradas_sv,pro_salidas_sv,pro_mermas_sv,pro_ajustes_sv,pro_activo,rec_numero,pro_unidad,pro_capacidad,pro_consumo_bodega,pro_consumo_sv,pro_estado,pro_funcion_plu,pro_flejes,pro_iva,pro_plu_asociado,pro_envase,pro_duracion,pro_numero_etiqueta) VALUES (780722037,@@@6952938319676@@@,@@@0@@@,@@@RAMO MALVAS  VARIEDAD COLORES@@@,@@@RAMO MALVAS  VAR@@@,@@@1 @@@,@@@4 @@@,@@@24@@@,@@@24 @@@,@@@207@@@,@@@2507@@@,@@@0@@@,@@@249.99@@@,@@@1@@@,@@@-99.6@@@,@@@@@@,@@@2006.09.07@@@,@@@2006.09.07@@@,@@@0@@@,@@@24@@@,@@@12@@@,@@@0@@@,@@@0@@@,@@@0@@@,@@@0@@@,@@@0@@@,@@@0@@@,@@@0@@@,@@@0@@@,@@@1@@@,@@@0@@@,0,1,0,0,2,0,1,1,0,@@@NO@@@,0,0)','',2,'2013-10-19'),(80024,'DELETE FROM mae_impuestos_productos WHERE pro_codigo_plu=@@@780722037@@@','',2,'2013-10-19'),(80025,'INSERT INTO gne_vale_ferreteria (vfe_id,vfe_fecha,vfe_total,vfe_estado,vfe_entregado,usu_nusuario) VALUES (14238,@@@2013.10.19@@@,1990,1,0,@@@G_DIAZ@@@)','',2,'2013-10-19'),(80026,'INSERT INTO gne_vale_ferreteria_mov (vfe_id,pro_codigo_plu,vfm_cantidad,vfm_unitario,vfm_total,vfm_entregado) VALUES (14238,20477,1,1990,1990,@@@NO@@@)','',2,'2013-10-19'),(80027,'INSERT INTO mae_productos (pro_codigo_plu,pro_codigo_barra,pro_tipo,pro_nombre_producto,pro_nombre_corto,med_id,emb_id,pro_unidades_embalaje,dep_id,lin_id,mar_id,pro_precio_compra_neto,pro_precio_compra_bruto,pro_precio_venta,pro_margen_actual,pro_oferta,pro_fecha_inicio_oferta,pro_fecha_termino_oferta,pro_precio_oferta,pro_stock_minimo,pro_stock_critico,pro_entradas_bodega,pro_salidas_bodega,pro_mermas_bodega,pro_ajustes_bodega,pro_entradas_sv,pro_salidas_sv,pro_mermas_sv,pro_ajustes_sv,pro_activo,rec_numero,pro_unidad,pro_capacidad,pro_consumo_bodega,pro_consumo_sv,pro_estado,pro_funcion_plu,pro_flejes,pro_iva,pro_plu_asociado,pro_envase,pro_duracion,pro_numero_etiqueta) VALUES (925050,@@@925050@@@,@@@0@@@,@@@ ROSAS ROJAS FELPA X 1@@@,@@@RAMO ROSAS FELPA@@@,@@@1 @@@,@@@4 @@@,@@@1@@@,@@@24 @@@,@@@207@@@,@@@2507@@@,@@@0@@@,@@@99.99@@@,@@@1@@@,@@@-99@@@,@@@@@@,@@@2006.09.07@@@,@@@2006.09.07@@@,@@@0@@@,@@@24@@@,@@@12@@@,@@@0@@@,@@@0@@@,@@@0@@@,@@@0@@@,@@@0@@@,@@@0@@@,@@@0@@@,@@@0@@@,@@@1@@@,@@@0@@@,0,1,0,0,2,0,1,1,0,@@@NO@@@,0,0)','',2,'2013-10-19'),(80028,'DELETE FROM mae_impuestos_productos WHERE pro_codigo_plu=@@@925050@@@','',2,'2013-10-19'),(80029,'INSERT INTO mae_productos (pro_codigo_plu,pro_codigo_barra,pro_tipo,pro_nombre_producto,pro_nombre_corto,med_id,emb_id,pro_unidades_embalaje,dep_id,lin_id,mar_id,pro_precio_compra_neto,pro_precio_compra_bruto,pro_precio_venta,pro_margen_actual,pro_oferta,pro_fecha_inicio_oferta,pro_fecha_termino_oferta,pro_precio_oferta,pro_stock_minimo,pro_stock_critico,pro_entradas_bodega,pro_salidas_bodega,pro_mermas_bodega,pro_ajustes_bodega,pro_entradas_sv,pro_salidas_sv,pro_mermas_sv,pro_ajustes_sv,pro_activo,rec_numero,pro_unidad,pro_capacidad,pro_consumo_bodega,pro_consumo_sv,pro_estado,pro_funcion_plu,pro_flejes,pro_iva,pro_plu_asociado,pro_envase,pro_duracion,pro_numero_etiqueta) VALUES (780722038,@@@6952938319775@@@,@@@0@@@,@@@RAMO ROSAS FELPA - FL9246@@@,@@@RAMO ROSAS FELPA@@@,@@@1 @@@,@@@4 @@@,@@@1@@@,@@@24 @@@,@@@207@@@,@@@2507@@@,@@@0@@@,@@@899.99@@@,@@@1@@@,@@@-99.89@@@,@@@@@@,@@@2006.09.07@@@,@@@2006.09.07@@@,@@@0@@@,@@@6@@@,@@@3@@@,@@@0@@@,@@@0@@@,@@@0@@@,@@@0@@@,@@@0@@@,@@@0@@@,@@@0@@@,@@@0@@@,@@@1@@@,@@@0@@@,0,1,0,0,2,0,1,1,0,@@@NO@@@,0,0)','',2,'2013-10-19'),(80030,'DELETE FROM mae_impuestos_productos WHERE pro_codigo_plu=@@@780722038@@@','',2,'2013-10-19'),(80031,'INSERT INTO gne_vale_ferreteria (vfe_id,vfe_fecha,vfe_total,vfe_estado,vfe_entregado,usu_nusuario) VALUES (14239,@@@2013.10.19@@@,390,1,0,@@@G_DIAZ@@@)','',2,'2013-10-19'),(80032,'INSERT INTO gne_vale_ferreteria_mov (vfe_id,pro_codigo_plu,vfm_cantidad,vfm_unitario,vfm_total,vfm_entregado) VALUES (14239,78016969,1,390,390,@@@NO@@@)','',2,'2013-10-19'),(80033,'INSERT INTO mae_productos (pro_codigo_plu,pro_codigo_barra,pro_tipo,pro_nombre_producto,pro_nombre_corto,med_id,emb_id,pro_unidades_embalaje,dep_id,lin_id,mar_id,pro_precio_compra_neto,pro_precio_compra_bruto,pro_precio_venta,pro_margen_actual,pro_oferta,pro_fecha_inicio_oferta,pro_fecha_termino_oferta,pro_precio_oferta,pro_stock_minimo,pro_stock_critico,pro_entradas_bodega,pro_salidas_bodega,pro_mermas_bodega,pro_ajustes_bodega,pro_entradas_sv,pro_salidas_sv,pro_mermas_sv,pro_ajustes_sv,pro_activo,rec_numero,pro_unidad,pro_capacidad,pro_consumo_bodega,pro_consumo_sv,pro_estado,pro_funcion_plu,pro_flejes,pro_iva,pro_plu_asociado,pro_envase,pro_duracion,pro_numero_etiqueta) VALUES (780722039,@@@6952938319768@@@,@@@0@@@,@@@RAMO BOTON ROSA VARIEDAD DE COLORES -  FL 9245@@@,@@@RAMO BOTON ROSA @@@,@@@1 @@@,@@@4 @@@,@@@1@@@,@@@24 @@@,@@@207@@@,@@@2507@@@,@@@0@@@,@@@189.99@@@,@@@1@@@,@@@-99.47@@@,@@@@@@,@@@2006.09.07@@@,@@@2006.09.07@@@,@@@0@@@,@@@24@@@,@@@12@@@,@@@0@@@,@@@0@@@,@@@0@@@,@@@0@@@,@@@0@@@,@@@0@@@,@@@0@@@,@@@0@@@,@@@1@@@,@@@0@@@,0,1,0,0,2,0,1,1,0,@@@NO@@@,0,0)','',2,'2013-10-19'),(80034,'DELETE FROM mae_impuestos_productos WHERE pro_codigo_plu=@@@780722039@@@','',2,'2013-10-19'),(80035,'INSERT INTO gne_vale_ferreteria (vfe_id,vfe_fecha,vfe_total,vfe_estado,vfe_entregado,usu_nusuario) VALUES (14240,@@@2013.10.19@@@,1599,1,0,@@@G_DIAZ@@@)','',2,'2013-10-19'),(80036,'INSERT INTO gne_vale_ferreteria_mov (vfe_id,pro_codigo_plu,vfm_cantidad,vfm_unitario,vfm_total,vfm_entregado) VALUES (14240,15668,1,1599,1599,@@@NO@@@)','',2,'2013-10-19'),(80037,'INSERT INTO mae_productos (pro_codigo_plu,pro_codigo_barra,pro_tipo,pro_nombre_producto,pro_nombre_corto,med_id,emb_id,pro_unidades_embalaje,dep_id,lin_id,mar_id,pro_precio_compra_neto,pro_precio_compra_bruto,pro_precio_venta,pro_margen_actual,pro_oferta,pro_fecha_inicio_oferta,pro_fecha_termino_oferta,pro_precio_oferta,pro_stock_minimo,pro_stock_critico,pro_entradas_bodega,pro_salidas_bodega,pro_mermas_bodega,pro_ajustes_bodega,pro_entradas_sv,pro_salidas_sv,pro_mermas_sv,pro_ajustes_sv,pro_activo,rec_numero,pro_unidad,pro_capacidad,pro_consumo_bodega,pro_consumo_sv,pro_estado,pro_funcion_plu,pro_flejes,pro_iva,pro_plu_asociado,pro_envase,pro_duracion,pro_numero_etiqueta) VALUES (780722040,@@@6923480921488@@@,@@@0@@@,@@@COTTON SWABS ENVASE REDONDO@@@,@@@COTTON SWABS ENV@@@,@@@1 @@@,@@@6 @@@,@@@20@@@,@@@21 @@@,@@@120@@@,@@@2507@@@,@@@0@@@,@@@199.9@@@,@@@1@@@,@@@-99.5@@@,@@@@@@,@@@2006.09.07@@@,@@@2006.09.07@@@,@@@0@@@,@@@12@@@,@@@6@@@,@@@0@@@,@@@0@@@,@@@0@@@,@@@0@@@,@@@0@@@,@@@0@@@,@@@0@@@,@@@0@@@,@@@1@@@,@@@0@@@,0,1,0,0,2,0,1,1,0,@@@NO@@@,0,0)','',2,'2013-10-19'),(80038,'DELETE FROM mae_impuestos_productos WHERE pro_codigo_plu=@@@780722040@@@','',2,'2013-10-19'),(80039,'INSERT INTO mae_productos (pro_codigo_plu,pro_codigo_barra,pro_tipo,pro_nombre_producto,pro_nombre_corto,med_id,emb_id,pro_unidades_embalaje,dep_id,lin_id,mar_id,pro_precio_compra_neto,pro_precio_compra_bruto,pro_precio_venta,pro_margen_actual,pro_oferta,pro_fecha_inicio_oferta,pro_fecha_termino_oferta,pro_precio_oferta,pro_stock_minimo,pro_stock_critico,pro_entradas_bodega,pro_salidas_bodega,pro_mermas_bodega,pro_ajustes_bodega,pro_entradas_sv,pro_salidas_sv,pro_mermas_sv,pro_ajustes_sv,pro_activo,rec_numero,pro_unidad,pro_capacidad,pro_consumo_bodega,pro_consumo_sv,pro_estado,pro_funcion_plu,pro_flejes,pro_iva,pro_plu_asociado,pro_envase,pro_duracion,pro_numero_etiqueta) VALUES (23534,@@@23534@@@,@@@0@@@,@@@ESCARCHILLA TUBO VARIEDAD DE COLORES@@@,@@@ESCARCHILLA TUBO@@@,@@@1 @@@,@@@4 @@@,@@@12@@@,@@@24 @@@,@@@137@@@,@@@2507@@@,@@@0@@@,@@@83.33@@@,@@@1@@@,@@@-98.8@@@,@@@@@@,@@@2006.09.07@@@,@@@2006.09.07@@@,@@@0@@@,@@@12@@@,@@@6@@@,@@@0@@@,@@@0@@@,@@@0@@@,@@@0@@@,@@@0@@@,@@@0@@@,@@@0@@@,@@@0@@@,@@@1@@@,@@@0@@@,0,1,0,0,2,0,1,1,0,@@@NO@@@,0,0)','',2,'2013-10-19'),(80040,'DELETE FROM mae_impuestos_productos WHERE pro_codigo_plu=@@@23534@@@','',2,'2013-10-19'),(80041,'INSERT INTO mae_productos (pro_codigo_plu,pro_codigo_barra,pro_tipo,pro_nombre_producto,pro_nombre_corto,med_id,emb_id,pro_unidades_embalaje,dep_id,lin_id,mar_id,pro_precio_compra_neto,pro_precio_compra_bruto,pro_precio_venta,pro_margen_actual,pro_oferta,pro_fecha_inicio_oferta,pro_fecha_termino_oferta,pro_precio_oferta,pro_stock_minimo,pro_stock_critico,pro_entradas_bodega,pro_salidas_bodega,pro_mermas_bodega,pro_ajustes_bodega,pro_entradas_sv,pro_salidas_sv,pro_mermas_sv,pro_ajustes_sv,pro_activo,rec_numero,pro_unidad,pro_capacidad,pro_consumo_bodega,pro_consumo_sv,pro_estado,pro_funcion_plu,pro_flejes,pro_iva,pro_plu_asociado,pro_envase,pro_duracion,pro_numero_etiqueta) VALUES (24545,@@@24545@@@,@@@0@@@,@@@ PINZA FLORES GRANDES GOMA VARIEDAD DE COLORES@@@,@@@PINZA@@@,@@@1 @@@,@@@4 @@@,@@@6@@@,@@@21 @@@,@@@125@@@,@@@2507@@@,@@@0@@@,@@@299.99@@@,@@@1@@@,@@@-99.67@@@,@@@@@@,@@@2006.09.07@@@,@@@2006.09.07@@@,@@@0@@@,@@@6@@@,@@@3@@@,@@@0@@@,@@@0@@@,@@@0@@@,@@@0@@@,@@@0@@@,@@@0@@@,@@@0@@@,@@@0@@@,@@@1@@@,@@@0@@@,0,1,0,0,2,0,1,1,0,@@@NO@@@,0,0)','',2,'2013-10-19'),(80042,'DELETE FROM mae_impuestos_productos WHERE pro_codigo_plu=@@@24545@@@','',2,'2013-10-19'),(80043,'INSERT INTO mae_productos (pro_codigo_plu,pro_codigo_barra,pro_tipo,pro_nombre_producto,pro_nombre_corto,med_id,emb_id,pro_unidades_embalaje,dep_id,lin_id,mar_id,pro_precio_compra_neto,pro_precio_compra_bruto,pro_precio_venta,pro_margen_actual,pro_oferta,pro_fecha_inicio_oferta,pro_fecha_termino_oferta,pro_precio_oferta,pro_stock_minimo,pro_stock_critico,pro_entradas_bodega,pro_salidas_bodega,pro_mermas_bodega,pro_ajustes_bodega,pro_entradas_sv,pro_salidas_sv,pro_mermas_sv,pro_ajustes_sv,pro_activo,rec_numero,pro_unidad,pro_capacidad,pro_consumo_bodega,pro_consumo_sv,pro_estado,pro_funcion_plu,pro_flejes,pro_iva,pro_plu_asociado,pro_envase,pro_duracion,pro_numero_etiqueta) VALUES (32699,@@@32699@@@,@@@0@@@,@@@LAPIZ DE OJOS NEGRO PLAY BOY@@@,@@@LAPIZ DE OJOS NE@@@,@@@1 @@@,@@@4 @@@,@@@12@@@,@@@21 @@@,@@@125@@@,@@@2507@@@,@@@0@@@,@@@189.99@@@,@@@1@@@,@@@-99.47@@@,@@@@@@,@@@2006.09.07@@@,@@@2006.09.07@@@,@@@0@@@,@@@12@@@,@@@6@@@,@@@0@@@,@@@0@@@,@@@0@@@,@@@0@@@,@@@0@@@,@@@0@@@,@@@0@@@,@@@0@@@,@@@1@@@,@@@0@@@,0,1,0,0,2,0,1,1,0,@@@NO@@@,0,0)','',2,'2013-10-19'),(80044,'DELETE FROM mae_impuestos_productos WHERE pro_codigo_plu=@@@32699@@@','',2,'2013-10-19'),(80045,'INSERT INTO mae_productos (pro_codigo_plu,pro_codigo_barra,pro_tipo,pro_nombre_producto,pro_nombre_corto,med_id,emb_id,pro_unidades_embalaje,dep_id,lin_id,mar_id,pro_precio_compra_neto,pro_precio_compra_bruto,pro_precio_venta,pro_margen_actual,pro_oferta,pro_fecha_inicio_oferta,pro_fecha_termino_oferta,pro_precio_oferta,pro_stock_minimo,pro_stock_critico,pro_entradas_bodega,pro_salidas_bodega,pro_mermas_bodega,pro_ajustes_bodega,pro_entradas_sv,pro_salidas_sv,pro_mermas_sv,pro_ajustes_sv,pro_activo,rec_numero,pro_unidad,pro_capacidad,pro_consumo_bodega,pro_consumo_sv,pro_estado,pro_funcion_plu,pro_flejes,pro_iva,pro_plu_asociado,pro_envase,pro_duracion,pro_numero_etiqueta) VALUES (32700,@@@32700@@@,@@@0@@@,@@@LAPIZ DE OJOS CON PEINETA NEGRO- CAFE@@@,@@@LAPIZ DE OJOS CO@@@,@@@1 @@@,@@@4 @@@,@@@12@@@,@@@21 @@@,@@@125@@@,@@@2507@@@,@@@0@@@,@@@149.99@@@,@@@1@@@,@@@-99.33@@@,@@@@@@,@@@2006.09.07@@@,@@@2006.09.07@@@,@@@0@@@,@@@12@@@,@@@6@@@,@@@0@@@,@@@0@@@,@@@0@@@,@@@0@@@,@@@0@@@,@@@0@@@,@@@0@@@,@@@0@@@,@@@1@@@,@@@0@@@,0,1,0,0,2,0,1,1,0,@@@NO@@@,0,0)','',2,'2013-10-19'),(80046,'DELETE FROM mae_impuestos_productos WHERE pro_codigo_plu=@@@32700@@@','',2,'2013-10-19'),(80047,'UPDATE mae_productos SET pro_margen_actual=-99,pro_precio_venta=1 WHERE pro_codigo_plu=925050','',2,'2013-10-19'),(80048,'UPDATE mae_productos SET pro_margen_actual=-99.5,pro_precio_venta=1 WHERE pro_codigo_plu=780722040','',2,'2013-10-19'),(80049,'UPDATE mae_productos SET pro_margen_actual=-98.8,pro_precio_venta=1 WHERE pro_codigo_plu=23534','',2,'2013-10-19'),(80050,'UPDATE mae_productos SET pro_margen_actual=-99.6,pro_precio_venta=1 WHERE pro_codigo_plu=923939','',2,'2013-10-19'),(80051,'UPDATE mae_productos SET pro_margen_actual=-99.6,pro_precio_venta=1 WHERE pro_codigo_plu=780722036','',2,'2013-10-19'),(80052,'UPDATE mae_productos SET pro_margen_actual=-99.33,pro_precio_venta=1 WHERE pro_codigo_plu=32700','',2,'2013-10-19'),(80053,'UPDATE mae_productos SET pro_margen_actual=-99.47,pro_precio_venta=1 WHERE pro_codigo_plu=32699','',2,'2013-10-19'),(80054,'UPDATE mae_productos SET pro_margen_actual=-99.47,pro_precio_venta=1 WHERE pro_codigo_plu=780722039','',2,'2013-10-19'),(80055,'UPDATE mae_productos SET pro_margen_actual=-99.6,pro_precio_venta=1 WHERE pro_codigo_plu=780722037','',2,'2013-10-19'),(80056,'UPDATE mae_productos SET pro_margen_actual=-99.89,pro_precio_venta=1 WHERE pro_codigo_plu=780722038','',2,'2013-10-19'),(80057,'UPDATE mae_productos SET pro_margen_actual=106.35,pro_precio_venta=650 WHERE pro_codigo_plu=541','',2,'2013-10-19'),(80058,'UPDATE mae_productos SET pro_margen_actual=95.2,pro_precio_venta=650 WHERE pro_codigo_plu=542','',2,'2013-10-19'),(80059,'UPDATE mae_productos SET pro_margen_actual=50.85,pro_precio_venta=890 WHERE pro_codigo_plu=593','',2,'2013-10-19'),(80060,'UPDATE mae_productos SET pro_margen_actual=140.38,pro_precio_venta=250 WHERE pro_codigo_plu=575','',2,'2013-10-19'),(80061,'UPDATE mae_productos SET pro_precio_fiscal=pro_precio_venta WHERE pro_codigo_plu=541','',2,'2013-10-19'),(80062,'UPDATE mae_productos SET pro_precio_fiscal=pro_precio_venta WHERE pro_codigo_plu=542','',2,'2013-10-19'),(80063,'UPDATE mae_productos SET pro_precio_fiscal=pro_precio_venta WHERE pro_codigo_plu=575','',2,'2013-10-19'),(80064,'INSERT INTO mae_productos (pro_codigo_plu,pro_codigo_barra,pro_tipo,pro_nombre_producto,pro_nombre_corto,med_id,emb_id,pro_unidades_embalaje,dep_id,lin_id,mar_id,pro_precio_compra_neto,pro_precio_compra_bruto,pro_precio_venta,pro_margen_actual,pro_oferta,pro_fecha_inicio_oferta,pro_fecha_termino_oferta,pro_precio_oferta,pro_stock_minimo,pro_stock_critico,pro_entradas_bodega,pro_salidas_bodega,pro_mermas_bodega,pro_ajustes_bodega,pro_entradas_sv,pro_salidas_sv,pro_mermas_sv,pro_ajustes_sv,pro_activo,rec_numero,pro_unidad,pro_capacidad,pro_consumo_bodega,pro_consumo_sv,pro_estado,pro_funcion_plu,pro_flejes,pro_iva,pro_plu_asociado,pro_envase,pro_duracion,pro_numero_etiqueta) VALUES (780722041,@@@6940350809882@@@,@@@0@@@,@@@SOMBRA DE OJOS PLAY BOY 12 COLORES@@@,@@@SOMBRA DE OJOS P@@@,@@@1 @@@,@@@6 @@@,@@@12@@@,@@@21 @@@,@@@125@@@,@@@2507@@@,@@@0@@@,@@@749.99@@@,@@@1@@@,@@@-99.87@@@,@@@@@@,@@@2006.09.07@@@,@@@2006.09.07@@@,@@@0@@@,@@@3@@@,@@@2@@@,@@@0@@@,@@@0@@@,@@@0@@@,@@@0@@@,@@@0@@@,@@@0@@@,@@@0@@@,@@@0@@@,@@@1@@@,@@@0@@@,0,1,0,0,2,0,1,1,0,@@@NO@@@,0,0)','',2,'2013-10-19'),(80065,'DELETE FROM mae_impuestos_productos WHERE pro_codigo_plu=@@@780722041@@@','',2,'2013-10-19'),(80066,'INSERT INTO gne_vale_ferreteria (vfe_id,vfe_fecha,vfe_total,vfe_estado,vfe_entregado,usu_nusuario) VALUES (14241,@@@2013.10.19@@@,750,1,0,@@@G_DIAZ@@@)','',2,'2013-10-19'),(80067,'INSERT INTO gne_vale_ferreteria_mov (vfe_id,pro_codigo_plu,vfm_cantidad,vfm_unitario,vfm_total,vfm_entregado) VALUES (14241,78017050,1,750,750,@@@NO@@@)','',2,'2013-10-19'),(80068,'INSERT INTO gne_vale_ferreteria (vfe_id,vfe_fecha,vfe_total,vfe_estado,vfe_entregado,usu_nusuario) VALUES (14242,@@@2013.10.19@@@,500,1,0,@@@G_DIAZ@@@)','',2,'2013-10-19'),(80069,'INSERT INTO gne_vale_ferreteria_mov (vfe_id,pro_codigo_plu,vfm_cantidad,vfm_unitario,vfm_total,vfm_entregado) VALUES (14242,770000,10,50,500,@@@NO@@@)','',2,'2013-10-19'),(80070,'INSERT INTO gne_vale_ferreteria (vfe_id,vfe_fecha,vfe_total,vfe_estado,vfe_entregado,usu_nusuario) VALUES (14243,@@@2013.10.19@@@,1100,1,0,@@@G_DIAZ@@@)','',2,'2013-10-19'),(80071,'INSERT INTO gne_vale_ferreteria_mov (vfe_id,pro_codigo_plu,vfm_cantidad,vfm_unitario,vfm_total,vfm_entregado) VALUES (14243,764985,1,1100,1100,@@@NO@@@)','',2,'2013-10-19'),(80072,'INSERT INTO mae_productos (pro_codigo_plu,pro_codigo_barra,pro_tipo,pro_nombre_producto,pro_nombre_corto,med_id,emb_id,pro_unidades_embalaje,dep_id,lin_id,mar_id,pro_precio_compra_neto,pro_precio_compra_bruto,pro_precio_venta,pro_margen_actual,pro_oferta,pro_fecha_inicio_oferta,pro_fecha_termino_oferta,pro_precio_oferta,pro_stock_minimo,pro_stock_critico,pro_entradas_bodega,pro_salidas_bodega,pro_mermas_bodega,pro_ajustes_bodega,pro_entradas_sv,pro_salidas_sv,pro_mermas_sv,pro_ajustes_sv,pro_activo,rec_numero,pro_unidad,pro_capacidad,pro_consumo_bodega,pro_consumo_sv,pro_estado,pro_funcion_plu,pro_flejes,pro_iva,pro_plu_asociado,pro_envase,pro_duracion,pro_numero_etiqueta) VALUES (780722042,@@@9988181013@@@,@@@0@@@,@@@BRILLO LABIAL CIENA X 12 COLORES@@@,@@@BRILLO LABIAL CI@@@,@@@1 @@@,@@@6 @@@,@@@12@@@,@@@21 @@@,@@@125@@@,@@@2507@@@,@@@0@@@,@@@589.99@@@,@@@1@@@,@@@-99.83@@@,@@@@@@,@@@2006.09.07@@@,@@@2006.09.07@@@,@@@0@@@,@@@6@@@,@@@3@@@,@@@0@@@,@@@0@@@,@@@0@@@,@@@0@@@,@@@0@@@,@@@0@@@,@@@0@@@,@@@0@@@,@@@1@@@,@@@0@@@,0,12,0,0,2,0,1,1,0,@@@NO@@@,0,0)','',2,'2013-10-19'),(80073,'DELETE FROM mae_impuestos_productos WHERE pro_codigo_plu=@@@780722042@@@','',2,'2013-10-19'),(80074,'INSERT INTO mae_productos (pro_codigo_plu,pro_codigo_barra,pro_tipo,pro_nombre_producto,pro_nombre_corto,med_id,emb_id,pro_unidades_embalaje,dep_id,lin_id,mar_id,pro_precio_compra_neto,pro_precio_compra_bruto,pro_precio_venta,pro_margen_actual,pro_oferta,pro_fecha_inicio_oferta,pro_fecha_termino_oferta,pro_precio_oferta,pro_stock_minimo,pro_stock_critico,pro_entradas_bodega,pro_salidas_bodega,pro_mermas_bodega,pro_ajustes_bodega,pro_entradas_sv,pro_salidas_sv,pro_mermas_sv,pro_ajustes_sv,pro_activo,rec_numero,pro_unidad,pro_capacidad,pro_consumo_bodega,pro_consumo_sv,pro_estado,pro_funcion_plu,pro_flejes,pro_iva,pro_plu_asociado,pro_envase,pro_duracion,pro_numero_etiqueta) VALUES (90027,@@@90027@@@,@@@0@@@,@@@ESMALTE UÑAS CHERIMOYA +/ - MAGENTICO VARIEDAD DE COLORES@@@,@@@ESMALTE UÑAS CHE@@@,@@@1 @@@,@@@6 @@@,@@@6@@@,@@@21 @@@,@@@125@@@,@@@2507@@@,@@@0@@@,@@@989.99@@@,@@@1@@@,@@@-99.9@@@,@@@@@@,@@@2006.09.07@@@,@@@2006.09.07@@@,@@@0@@@,@@@6@@@,@@@3@@@,@@@0@@@,@@@0@@@,@@@0@@@,@@@0@@@,@@@0@@@,@@@0@@@,@@@0@@@,@@@0@@@,@@@1@@@,@@@0@@@,0,1,0,0,2,0,1,1,0,@@@NO@@@,0,0)','',2,'2013-10-19'),(80075,'DELETE FROM mae_impuestos_productos WHERE pro_codigo_plu=@@@90027@@@','',2,'2013-10-19'),(80076,'INSERT INTO gne_vale_ferreteria (vfe_id,vfe_fecha,vfe_total,vfe_estado,vfe_entregado,usu_nusuario) VALUES (14244,@@@2013.10.19@@@,440,1,0,@@@G_DIAZ@@@)','',2,'2013-10-19'),(80077,'INSERT INTO gne_vale_ferreteria_mov (vfe_id,pro_codigo_plu,vfm_cantidad,vfm_unitario,vfm_total,vfm_entregado) VALUES (14244,8022,1,120,120,@@@NO@@@)','',2,'2013-10-19'),(80078,'INSERT INTO gne_vale_ferreteria_mov (vfe_id,pro_codigo_plu,vfm_cantidad,vfm_unitario,vfm_total,vfm_entregado) VALUES (14244,78017194,1,200,200,@@@NO@@@)','',2,'2013-10-19'),(80079,'INSERT INTO gne_vale_ferreteria_mov (vfe_id,pro_codigo_plu,vfm_cantidad,vfm_unitario,vfm_total,vfm_entregado) VALUES (14244,78017204,1,120,120,@@@NO@@@)','',2,'2013-10-19'),(80080,'INSERT INTO gne_vale_ferreteria (vfe_id,vfe_fecha,vfe_total,vfe_estado,vfe_entregado,usu_nusuario) VALUES (14245,@@@2013.10.19@@@,590,1,0,@@@G_DIAZ@@@)','',2,'2013-10-19'),(80081,'INSERT INTO gne_vale_ferreteria_mov (vfe_id,pro_codigo_plu,vfm_cantidad,vfm_unitario,vfm_total,vfm_entregado) VALUES (14245,4098,1,590,590,@@@NO@@@)','',2,'2013-10-19'),(80082,'INSERT INTO mae_productos (pro_codigo_plu,pro_codigo_barra,pro_tipo,pro_nombre_producto,pro_nombre_corto,med_id,emb_id,pro_unidades_embalaje,dep_id,lin_id,mar_id,pro_precio_compra_neto,pro_precio_compra_bruto,pro_precio_venta,pro_margen_actual,pro_oferta,pro_fecha_inicio_oferta,pro_fecha_termino_oferta,pro_precio_oferta,pro_stock_minimo,pro_stock_critico,pro_entradas_bodega,pro_salidas_bodega,pro_mermas_bodega,pro_ajustes_bodega,pro_entradas_sv,pro_salidas_sv,pro_mermas_sv,pro_ajustes_sv,pro_activo,rec_numero,pro_unidad,pro_capacidad,pro_consumo_bodega,pro_consumo_sv,pro_estado,pro_funcion_plu,pro_flejes,pro_iva,pro_plu_asociado,pro_envase,pro_duracion,pro_numero_etiqueta) VALUES (90028,@@@90028@@@,@@@0@@@,@@@ESMALTE FLUOR CRAQUELADO  VARIEDAD COLORES@@@,@@@ESMALTE FLUOR CR@@@,@@@1 @@@,@@@6 @@@,@@@6@@@,@@@21 @@@,@@@125@@@,@@@2507@@@,@@@0@@@,@@@549.99@@@,@@@1@@@,@@@-99.82@@@,@@@@@@,@@@2006.09.07@@@,@@@2006.09.07@@@,@@@0@@@,@@@6@@@,@@@3@@@,@@@0@@@,@@@0@@@,@@@0@@@,@@@0@@@,@@@0@@@,@@@0@@@,@@@0@@@,@@@0@@@,@@@1@@@,@@@0@@@,0,1,0,0,2,0,1,1,0,@@@NO@@@,0,0)','',2,'2013-10-19'),(80083,'DELETE FROM mae_impuestos_productos WHERE pro_codigo_plu=@@@90028@@@','',2,'2013-10-19'),(80084,'INSERT INTO gne_vale_ferreteria (vfe_id,vfe_fecha,vfe_total,vfe_estado,vfe_entregado,usu_nusuario) VALUES (14246,@@@2013.10.19@@@,3570,1,0,@@@G_DIAZ@@@)','',2,'2013-10-19'),(80085,'INSERT INTO gne_vale_ferreteria_mov (vfe_id,pro_codigo_plu,vfm_cantidad,vfm_unitario,vfm_total,vfm_entregado) VALUES (14246,101563,1,1990,1990,@@@NO@@@)','',2,'2013-10-19'),(80086,'INSERT INTO gne_vale_ferreteria_mov (vfe_id,pro_codigo_plu,vfm_cantidad,vfm_unitario,vfm_total,vfm_entregado) VALUES (14246,780721136,1,990,990,@@@NO@@@)','',2,'2013-10-19'),(80087,'INSERT INTO gne_vale_ferreteria_mov (vfe_id,pro_codigo_plu,vfm_cantidad,vfm_unitario,vfm_total,vfm_entregado) VALUES (14246,780721716,1,590,590,@@@NO@@@)','',2,'2013-10-19'),(80088,'INSERT INTO mae_productos (pro_codigo_plu,pro_codigo_barra,pro_tipo,pro_nombre_producto,pro_nombre_corto,med_id,emb_id,pro_unidades_embalaje,dep_id,lin_id,mar_id,pro_precio_compra_neto,pro_precio_compra_bruto,pro_precio_venta,pro_margen_actual,pro_oferta,pro_fecha_inicio_oferta,pro_fecha_termino_oferta,pro_precio_oferta,pro_stock_minimo,pro_stock_critico,pro_entradas_bodega,pro_salidas_bodega,pro_mermas_bodega,pro_ajustes_bodega,pro_entradas_sv,pro_salidas_sv,pro_mermas_sv,pro_ajustes_sv,pro_activo,rec_numero,pro_unidad,pro_capacidad,pro_consumo_bodega,pro_consumo_sv,pro_estado,pro_funcion_plu,pro_flejes,pro_iva,pro_plu_asociado,pro_envase,pro_duracion,pro_numero_etiqueta) VALUES (32398,@@@32398@@@,@@@0@@@,@@@BRILLO LABIAL PLAY BOY@@@,@@@BRILLO LABIAL PL@@@,@@@1 @@@,@@@6 @@@,@@@12@@@,@@@21 @@@,@@@125@@@,@@@2507@@@,@@@0@@@,@@@499.99@@@,@@@1@@@,@@@-99.8@@@,@@@@@@,@@@2006.09.07@@@,@@@2006.09.07@@@,@@@0@@@,@@@12@@@,@@@6@@@,@@@0@@@,@@@0@@@,@@@0@@@,@@@0@@@,@@@0@@@,@@@0@@@,@@@0@@@,@@@0@@@,@@@1@@@,@@@0@@@,0,1,0,0,2,0,1,1,0,@@@NO@@@,0,0)','',2,'2013-10-19'),(80089,'DELETE FROM mae_impuestos_productos WHERE pro_codigo_plu=@@@32398@@@','',2,'2013-10-19'),(80090,'INSERT INTO gne_vale_ferreteria (vfe_id,vfe_fecha,vfe_total,vfe_estado,vfe_entregado,usu_nusuario) VALUES (14247,@@@2013.10.19@@@,120,1,0,@@@G_DIAZ@@@)','',2,'2013-10-19'),(80091,'INSERT INTO gne_vale_ferreteria_mov (vfe_id,pro_codigo_plu,vfm_cantidad,vfm_unitario,vfm_total,vfm_entregado) VALUES (14247,764766,1,120,120,@@@NO@@@)','',2,'2013-10-19'),(80092,'INSERT INTO gne_vale_ferreteria (vfe_id,vfe_fecha,vfe_total,vfe_estado,vfe_entregado,usu_nusuario) VALUES (14248,@@@2013.10.19@@@,290,1,0,@@@G_DIAZ@@@)','',2,'2013-10-19'),(80093,'INSERT INTO gne_vale_ferreteria_mov (vfe_id,pro_codigo_plu,vfm_cantidad,vfm_unitario,vfm_total,vfm_entregado) VALUES (14248,763772,1,290,290,@@@NO@@@)','',2,'2013-10-19'),(80094,'INSERT INTO gne_vale_ferreteria (vfe_id,vfe_fecha,vfe_total,vfe_estado,vfe_entregado,usu_nusuario) VALUES (14249,@@@2013.10.19@@@,980,1,0,@@@G_DIAZ@@@)','',2,'2013-10-19'),(80095,'INSERT INTO gne_vale_ferreteria_mov (vfe_id,pro_codigo_plu,vfm_cantidad,vfm_unitario,vfm_total,vfm_entregado) VALUES (14249,19876,1,980,980,@@@NO@@@)','',2,'2013-10-19'),(80096,'INSERT INTO mae_productos (pro_codigo_plu,pro_codigo_barra,pro_tipo,pro_nombre_producto,pro_nombre_corto,med_id,emb_id,pro_unidades_embalaje,dep_id,lin_id,mar_id,pro_precio_compra_neto,pro_precio_compra_bruto,pro_precio_venta,pro_margen_actual,pro_oferta,pro_fecha_inicio_oferta,pro_fecha_termino_oferta,pro_precio_oferta,pro_stock_minimo,pro_stock_critico,pro_entradas_bodega,pro_salidas_bodega,pro_mermas_bodega,pro_ajustes_bodega,pro_entradas_sv,pro_salidas_sv,pro_mermas_sv,pro_ajustes_sv,pro_activo,rec_numero,pro_unidad,pro_capacidad,pro_consumo_bodega,pro_consumo_sv,pro_estado,pro_funcion_plu,pro_flejes,pro_iva,pro_plu_asociado,pro_envase,pro_duracion,pro_numero_etiqueta) VALUES (567567,@@@567567@@@,@@@0@@@,@@@JOCKEY DE NIÑO INFANTIL VARIEDAD COLORES@@@,@@@JOCKEY DE NIÑO I@@@,@@@1 @@@,@@@4 @@@,@@@12@@@,@@@24 @@@,@@@207@@@,@@@2507@@@,@@@0@@@,@@@519.99@@@,@@@1@@@,@@@-99.81@@@,@@@@@@,@@@2006.09.07@@@,@@@2006.09.07@@@,@@@0@@@,@@@12@@@,@@@6@@@,@@@0@@@,@@@0@@@,@@@0@@@,@@@0@@@,@@@0@@@,@@@0@@@,@@@0@@@,@@@0@@@,@@@1@@@,@@@0@@@,0,1,0,0,2,0,1,1,0,@@@NO@@@,0,0)','',2,'2013-10-19'),(80097,'DELETE FROM mae_impuestos_productos WHERE pro_codigo_plu=@@@567567@@@','',2,'2013-10-19'),(80098,'INSERT INTO mae_productos (pro_codigo_plu,pro_codigo_barra,pro_tipo,pro_nombre_producto,pro_nombre_corto,med_id,emb_id,pro_unidades_embalaje,dep_id,lin_id,mar_id,pro_precio_compra_neto,pro_precio_compra_bruto,pro_precio_venta,pro_margen_actual,pro_oferta,pro_fecha_inicio_oferta,pro_fecha_termino_oferta,pro_precio_oferta,pro_stock_minimo,pro_stock_critico,pro_entradas_bodega,pro_salidas_bodega,pro_mermas_bodega,pro_ajustes_bodega,pro_entradas_sv,pro_salidas_sv,pro_mermas_sv,pro_ajustes_sv,pro_activo,rec_numero,pro_unidad,pro_capacidad,pro_consumo_bodega,pro_consumo_sv,pro_estado,pro_funcion_plu,pro_flejes,pro_iva,pro_plu_asociado,pro_envase,pro_duracion,pro_numero_etiqueta) VALUES (780722043,@@@755695685529@@@,@@@0@@@,@@@JOCKEY NIÑA PRINCESA SOFIA@@@,@@@JOCKEY NIÑA PRIN@@@,@@@1 @@@,@@@4 @@@,@@@6@@@,@@@24 @@@,@@@207@@@,@@@2507@@@,@@@0@@@,@@@649.98@@@,@@@1@@@,@@@-99.85@@@,@@@@@@,@@@2006.09.07@@@,@@@2006.09.07@@@,@@@0@@@,@@@6@@@,@@@3@@@,@@@0@@@,@@@0@@@,@@@0@@@,@@@0@@@,@@@0@@@,@@@0@@@,@@@0@@@,@@@0@@@,@@@1@@@,@@@0@@@,0,1,0,0,2,0,1,1,0,@@@NO@@@,0,0)','',2,'2013-10-19'),(80099,'DELETE FROM mae_impuestos_productos WHERE pro_codigo_plu=@@@780722043@@@','',2,'2013-10-19'),(80100,'INSERT INTO mae_productos (pro_codigo_plu,pro_codigo_barra,pro_tipo,pro_nombre_producto,pro_nombre_corto,med_id,emb_id,pro_unidades_embalaje,dep_id,lin_id,mar_id,pro_precio_compra_neto,pro_precio_compra_bruto,pro_precio_venta,pro_margen_actual,pro_oferta,pro_fecha_inicio_oferta,pro_fecha_termino_oferta,pro_precio_oferta,pro_stock_minimo,pro_stock_critico,pro_entradas_bodega,pro_salidas_bodega,pro_mermas_bodega,pro_ajustes_bodega,pro_entradas_sv,pro_salidas_sv,pro_mermas_sv,pro_ajustes_sv,pro_activo,rec_numero,pro_unidad,pro_capacidad,pro_consumo_bodega,pro_consumo_sv,pro_estado,pro_funcion_plu,pro_flejes,pro_iva,pro_plu_asociado,pro_envase,pro_duracion,pro_numero_etiqueta) VALUES (685555,@@@685555@@@,@@@0@@@,@@@SOMBRERO LISTADO DAMA TELA VARIEDAD COLORES@@@,@@@SOMBRERO LISTADO@@@,@@@1 @@@,@@@4 @@@,@@@3@@@,@@@24 @@@,@@@207@@@,@@@2507@@@,@@@0@@@,@@@599.99@@@,@@@1@@@,@@@-99.83@@@,@@@@@@,@@@2006.09.07@@@,@@@2006.09.07@@@,@@@0@@@,@@@6@@@,@@@3@@@,@@@0@@@,@@@0@@@,@@@0@@@,@@@0@@@,@@@0@@@,@@@0@@@,@@@0@@@,@@@0@@@,@@@1@@@,@@@0@@@,0,1,0,0,2,0,1,1,0,@@@NO@@@,0,0)','',2,'2013-10-19'),(80101,'DELETE FROM mae_impuestos_productos WHERE pro_codigo_plu=@@@685555@@@','',2,'2013-10-19'),(80102,'INSERT INTO gne_vale_ferreteria (vfe_id,vfe_fecha,vfe_total,vfe_estado,vfe_entregado,usu_nusuario) VALUES (14250,@@@2013.10.19@@@,250,1,0,@@@G_DIAZ@@@)','',2,'2013-10-19'),(80103,'INSERT INTO gne_vale_ferreteria_mov (vfe_id,pro_codigo_plu,vfm_cantidad,vfm_unitario,vfm_total,vfm_entregado) VALUES (14250,780220102,1,250,250,@@@NO@@@)','',2,'2013-10-19'),(80104,'INSERT INTO gne_vale_ferreteria (vfe_id,vfe_fecha,vfe_total,vfe_estado,vfe_entregado,usu_nusuario) VALUES (14251,@@@2013.10.19@@@,490,1,0,@@@G_DIAZ@@@)','',2,'2013-10-19'),(80105,'INSERT INTO gne_vale_ferreteria_mov (vfe_id,pro_codigo_plu,vfm_cantidad,vfm_unitario,vfm_total,vfm_entregado) VALUES (14251,780721955,1,490,490,@@@NO@@@)','',2,'2013-10-19'),(80106,'INSERT INTO gne_vale_ferreteria (vfe_id,vfe_fecha,vfe_total,vfe_estado,vfe_entregado,usu_nusuario) VALUES (14252,@@@2013.10.19@@@,1000,1,0,@@@G_DIAZ@@@)','',2,'2013-10-19'),(80107,'INSERT INTO gne_vale_ferreteria_mov (vfe_id,pro_codigo_plu,vfm_cantidad,vfm_unitario,vfm_total,vfm_entregado) VALUES (14252,770034,50,20,1000,@@@NO@@@)','',2,'2013-10-19'),(80108,'INSERT INTO gne_vale_ferreteria (vfe_id,vfe_fecha,vfe_total,vfe_estado,vfe_entregado,usu_nusuario) VALUES (14253,@@@2013.10.19@@@,1198,1,0,@@@G_DIAZ@@@)','',2,'2013-10-19'),(80109,'INSERT INTO gne_vale_ferreteria_mov (vfe_id,pro_codigo_plu,vfm_cantidad,vfm_unitario,vfm_total,vfm_entregado) VALUES (14253,19916,2,599,1198,@@@NO@@@)','',2,'2013-10-19'),(80110,'INSERT INTO gne_vale_ferreteria (vfe_id,vfe_fecha,vfe_total,vfe_estado,vfe_entregado,usu_nusuario) VALUES (14254,@@@2013.10.19@@@,190,1,0,@@@G_DIAZ@@@)','',2,'2013-10-19'),(80111,'INSERT INTO gne_vale_ferreteria_mov (vfe_id,pro_codigo_plu,vfm_cantidad,vfm_unitario,vfm_total,vfm_entregado) VALUES (14254,1537,1,190,190,@@@NO@@@)','',2,'2013-10-19'),(80112,'UPDATE mae_productos SET pro_precio_compra_bruto=249.99,pro_margen_actual=(pro_precio_venta-249.99)/249.99 * 100,pro_ultima_compra=@@@2013.10.19@@@,pro_ultimo_proveedor=@@@76845830-8@@@ WHERE pro_codigo_plu=780722036','',2,'2013-10-19'),(80113,'UPDATE mae_productos SET pro_precio_compra_bruto=249.99,pro_margen_actual=(pro_precio_venta-249.99)/249.99 * 100,pro_ultima_compra=@@@2013.10.19@@@,pro_ultimo_proveedor=@@@76845830-8@@@ WHERE pro_codigo_plu=923939','',2,'2013-10-19'),(80114,'UPDATE mae_productos SET pro_precio_compra_bruto=249.99,pro_margen_actual=(pro_precio_venta-249.99)/249.99 * 100,pro_ultima_compra=@@@2013.10.19@@@,pro_ultimo_proveedor=@@@76845830-8@@@ WHERE pro_codigo_plu=780722037','',2,'2013-10-19'),(80115,'UPDATE mae_productos SET pro_precio_compra_bruto=99.99,pro_margen_actual=(pro_precio_venta-99.99)/99.99 * 100,pro_ultima_compra=@@@2013.10.19@@@,pro_ultimo_proveedor=@@@76845830-8@@@ WHERE pro_codigo_plu=925050','',2,'2013-10-19'),(80116,'UPDATE mae_productos SET pro_precio_compra_bruto=899.99,pro_margen_actual=(pro_precio_venta-899.99)/899.99 * 100,pro_ultima_compra=@@@2013.10.19@@@,pro_ultimo_proveedor=@@@76845830-8@@@ WHERE pro_codigo_plu=780722038','',2,'2013-10-19'),(80117,'UPDATE mae_productos SET pro_precio_compra_bruto=189.99,pro_margen_actual=(pro_precio_venta-189.99)/189.99 * 100,pro_ultima_compra=@@@2013.10.19@@@,pro_ultimo_proveedor=@@@76845830-8@@@ WHERE pro_codigo_plu=780722039','',2,'2013-10-19'),(80118,'UPDATE mae_productos SET pro_precio_compra_bruto=199.9,pro_margen_actual=(pro_precio_venta-199.9)/199.9 * 100,pro_ultima_compra=@@@2013.10.19@@@,pro_ultimo_proveedor=@@@76845830-8@@@ WHERE pro_codigo_plu=780722040','',2,'2013-10-19'),(80119,'UPDATE mae_productos SET pro_precio_compra_bruto=299.99,pro_margen_actual=(pro_precio_venta-299.99)/299.99 * 100,pro_ultima_compra=@@@2013.10.19@@@,pro_ultimo_proveedor=@@@76845830-8@@@ WHERE pro_codigo_plu=24545','',2,'2013-10-19'),(80120,'UPDATE mae_productos SET pro_precio_compra_bruto=189.99,pro_margen_actual=(pro_precio_venta-189.99)/189.99 * 100,pro_ultima_compra=@@@2013.10.19@@@,pro_ultimo_proveedor=@@@76845830-8@@@ WHERE pro_codigo_plu=32699','',2,'2013-10-19'),(80121,'UPDATE mae_productos SET pro_precio_compra_bruto=149.99,pro_margen_actual=(pro_precio_venta-149.99)/149.99 * 100,pro_ultima_compra=@@@2013.10.19@@@,pro_ultimo_proveedor=@@@76845830-8@@@ WHERE pro_codigo_plu=32700','',2,'2013-10-19'),(80122,'UPDATE mae_productos SET pro_precio_compra_bruto=749.99,pro_margen_actual=(pro_precio_venta-749.99)/749.99 * 100,pro_ultima_compra=@@@2013.10.19@@@,pro_ultimo_proveedor=@@@76845830-8@@@ WHERE pro_codigo_plu=780722041','',2,'2013-10-19'),(80123,'UPDATE mae_productos SET pro_precio_compra_bruto=589.99,pro_margen_actual=(pro_precio_venta-589.99)/589.99 * 100,pro_ultima_compra=@@@2013.10.19@@@,pro_ultimo_proveedor=@@@76845830-8@@@ WHERE pro_codigo_plu=780722042','',2,'2013-10-19'),(80124,'UPDATE mae_productos SET pro_precio_compra_bruto=989.99,pro_margen_actual=(pro_precio_venta-989.99)/989.99 * 100,pro_ultima_compra=@@@2013.10.19@@@,pro_ultimo_proveedor=@@@76845830-8@@@ WHERE pro_codigo_plu=90027','',2,'2013-10-19'),(80125,'UPDATE mae_productos SET pro_precio_compra_bruto=549.99,pro_margen_actual=(pro_precio_venta-549.99)/549.99 * 100,pro_ultima_compra=@@@2013.10.19@@@,pro_ultimo_proveedor=@@@76845830-8@@@ WHERE pro_codigo_plu=90028','',2,'2013-10-19'),(80126,'UPDATE mae_productos SET pro_precio_compra_bruto=499.99,pro_margen_actual=(pro_precio_venta-499.99)/499.99 * 100,pro_ultima_compra=@@@2013.10.19@@@,pro_ultimo_proveedor=@@@76845830-8@@@ WHERE pro_codigo_plu=32398','',2,'2013-10-19'),(80127,'UPDATE mae_productos SET pro_precio_compra_bruto=519.99,pro_margen_actual=(pro_precio_venta-519.99)/519.99 * 100,pro_ultima_compra=@@@2013.10.19@@@,pro_ultimo_proveedor=@@@76845830-8@@@ WHERE pro_codigo_plu=567567','',2,'2013-10-19'),(80128,'UPDATE mae_productos SET pro_precio_compra_bruto=649.98,pro_margen_actual=(pro_precio_venta-649.98)/649.98 * 100,pro_ultima_compra=@@@2013.10.19@@@,pro_ultimo_proveedor=@@@76845830-8@@@ WHERE pro_codigo_plu=780722043','',2,'2013-10-19'),(80129,'UPDATE mae_productos SET pro_precio_compra_bruto=599.99,pro_margen_actual=(pro_precio_venta-599.99)/599.99 * 100,pro_ultima_compra=@@@2013.10.19@@@,pro_ultimo_proveedor=@@@76845830-8@@@ WHERE pro_codigo_plu=685555','',2,'2013-10-19'),(80130,'UPDATE mae_productos SET pro_precio_compra_bruto=41.66,pro_margen_actual=(pro_precio_venta-41.66)/41.66 * 100,pro_ultima_compra=@@@2013.10.19@@@,pro_ultimo_proveedor=@@@76845830-8@@@ WHERE pro_codigo_plu=23534','',2,'2013-10-19'),(80131,'INSERT INTO gne_vale_ferreteria (vfe_id,vfe_fecha,vfe_total,vfe_estado,vfe_entregado,usu_nusuario) VALUES (14255,@@@2013.10.19@@@,1050,1,0,@@@G_DIAZ@@@)','',2,'2013-10-19'),(80132,'INSERT INTO gne_vale_ferreteria_mov (vfe_id,pro_codigo_plu,vfm_cantidad,vfm_unitario,vfm_total,vfm_entregado) VALUES (14255,780721061,1,1050,1050,@@@NO@@@)','',2,'2013-10-19'),(80133,'INSERT INTO gne_vale_ferreteria (vfe_id,vfe_fecha,vfe_total,vfe_estado,vfe_entregado,usu_nusuario) VALUES (14256,@@@2013.10.19@@@,260,1,0,@@@G_DIAZ@@@)','',2,'2013-10-19'),(80134,'INSERT INTO gne_vale_ferreteria_mov (vfe_id,pro_codigo_plu,vfm_cantidad,vfm_unitario,vfm_total,vfm_entregado) VALUES (14256,15967,2,130,260,@@@NO@@@)','',2,'2013-10-19'),(80135,'INSERT INTO gne_vale_ferreteria (vfe_id,vfe_fecha,vfe_total,vfe_estado,vfe_entregado,usu_nusuario) VALUES (14257,@@@2013.10.19@@@,2190,1,0,@@@G_DIAZ@@@)','',2,'2013-10-19'),(80136,'INSERT INTO gne_vale_ferreteria_mov (vfe_id,pro_codigo_plu,vfm_cantidad,vfm_unitario,vfm_total,vfm_entregado) VALUES (14257,262000,1,2190,2190,@@@NO@@@)','',2,'2013-10-19'),(80137,'INSERT INTO gne_vale_ferreteria (vfe_id,vfe_fecha,vfe_total,vfe_estado,vfe_entregado,usu_nusuario) VALUES (14258,@@@2013.10.19@@@,1740,1,0,@@@G_DIAZ@@@)','',2,'2013-10-19'),(80138,'INSERT INTO gne_vale_ferreteria_mov (vfe_id,pro_codigo_plu,vfm_cantidad,vfm_unitario,vfm_total,vfm_entregado) VALUES (14258,12608,6,290,1740,@@@NO@@@)','',2,'2013-10-19'),(80139,'INSERT INTO gne_vale_ferreteria (vfe_id,vfe_fecha,vfe_total,vfe_estado,vfe_entregado,usu_nusuario) VALUES (14259,@@@2013.10.19@@@,300,1,0,@@@G_DIAZ@@@)','',2,'2013-10-19'),(80140,'INSERT INTO gne_vale_ferreteria_mov (vfe_id,pro_codigo_plu,vfm_cantidad,vfm_unitario,vfm_total,vfm_entregado) VALUES (14259,4088,2,150,300,@@@NO@@@)','',2,'2013-10-19'),(80141,'INSERT INTO gne_vale_ferreteria (vfe_id,vfe_fecha,vfe_total,vfe_estado,vfe_entregado,usu_nusuario) VALUES (14260,@@@2013.10.19@@@,390,1,0,@@@G_DIAZ@@@)','',2,'2013-10-19'),(80142,'INSERT INTO gne_vale_ferreteria_mov (vfe_id,pro_codigo_plu,vfm_cantidad,vfm_unitario,vfm_total,vfm_entregado) VALUES (14260,780721420,1,390,390,@@@NO@@@)','',2,'2013-10-19'),(80143,'INSERT INTO gne_vale_ferreteria (vfe_id,vfe_fecha,vfe_total,vfe_estado,vfe_entregado,usu_nusuario) VALUES (14261,@@@2013.10.19@@@,300,1,0,@@@G_DIAZ@@@)','',2,'2013-10-19'),(80144,'INSERT INTO gne_vale_ferreteria_mov (vfe_id,pro_codigo_plu,vfm_cantidad,vfm_unitario,vfm_total,vfm_entregado) VALUES (14261,13229,20,15,300,@@@NO@@@)','',2,'2013-10-19'),(80145,'INSERT INTO gne_vale_ferreteria (vfe_id,vfe_fecha,vfe_total,vfe_estado,vfe_entregado,usu_nusuario) VALUES (14262,@@@2013.10.19@@@,150,1,0,@@@G_DIAZ@@@)','',2,'2013-10-19'),(80146,'INSERT INTO gne_vale_ferreteria_mov (vfe_id,pro_codigo_plu,vfm_cantidad,vfm_unitario,vfm_total,vfm_entregado) VALUES (14262,78017171,1,150,150,@@@NO@@@)','',2,'2013-10-19'),(80147,'INSERT INTO gne_vale_ferreteria (vfe_id,vfe_fecha,vfe_total,vfe_estado,vfe_entregado,usu_nusuario) VALUES (14263,@@@2013.10.19@@@,2520,1,0,@@@G_DIAZ@@@)','',2,'2013-10-19'),(80148,'INSERT INTO gne_vale_ferreteria_mov (vfe_id,pro_codigo_plu,vfm_cantidad,vfm_unitario,vfm_total,vfm_entregado) VALUES (14263,3098,1,2390,2390,@@@NO@@@)','',2,'2013-10-19'),(80149,'INSERT INTO gne_vale_ferreteria_mov (vfe_id,pro_codigo_plu,vfm_cantidad,vfm_unitario,vfm_total,vfm_entregado) VALUES (14263,15967,1,130,130,@@@NO@@@)','',2,'2013-10-19'),(80150,'UPDATE mae_productos SET pro_precio_compra_bruto=153.51,pro_margen_actual=(pro_precio_venta-153.51)/153.51 * 100,pro_ultima_compra=@@@2013.10.19@@@,pro_ultimo_proveedor=@@@82623500-4@@@ WHERE pro_codigo_plu=12029','',2,'2013-10-19'),(80151,'UPDATE mae_productos SET pro_precio_compra_bruto=268.94,pro_margen_actual=(pro_precio_venta-268.94)/268.94 * 100,pro_ultima_compra=@@@2013.10.19@@@,pro_ultimo_proveedor=@@@82623500-4@@@ WHERE pro_codigo_plu=78017083','',2,'2013-10-19'),(80152,'UPDATE mae_productos SET pro_precio_compra_bruto=268.94,pro_margen_actual=(pro_precio_venta-268.94)/268.94 * 100,pro_ultima_compra=@@@2013.10.19@@@,pro_ultimo_proveedor=@@@82623500-4@@@ WHERE pro_codigo_plu=13551','',2,'2013-10-19'),(80153,'UPDATE mae_productos SET pro_precio_compra_bruto=230.86,pro_margen_actual=(pro_precio_venta-230.86)/230.86 * 100,pro_ultima_compra=@@@2013.10.19@@@,pro_ultimo_proveedor=@@@82623500-4@@@ WHERE pro_codigo_plu=780721632','',2,'2013-10-19'),(80154,'UPDATE mae_productos SET pro_precio_compra_bruto=178.5,pro_margen_actual=(pro_precio_venta-178.5)/178.5 * 100,pro_ultima_compra=@@@2013.10.19@@@,pro_ultimo_proveedor=@@@82623500-4@@@ WHERE pro_codigo_plu=764142','',2,'2013-10-19'),(80155,'UPDATE mae_productos SET pro_precio_compra_bruto=191.59,pro_margen_actual=(pro_precio_venta-191.59)/191.59 * 100,pro_ultima_compra=@@@2013.10.19@@@,pro_ultimo_proveedor=@@@82623500-4@@@ WHERE pro_codigo_plu=763488','',2,'2013-10-19'),(80156,'UPDATE mae_productos SET pro_precio_compra_bruto=1075.76,pro_margen_actual=(pro_precio_venta-1075.76)/1075.76 * 100,pro_ultima_compra=@@@2013.10.19@@@,pro_ultimo_proveedor=@@@82623500-4@@@ WHERE pro_codigo_plu=763525','',2,'2013-10-19'),(80157,'UPDATE mae_productos SET pro_precio_compra_bruto=191.59,pro_margen_actual=(pro_precio_venta-191.59)/191.59 * 100,pro_ultima_compra=@@@2013.10.19@@@,pro_ultimo_proveedor=@@@82623500-4@@@ WHERE pro_codigo_plu=13054','',2,'2013-10-19'),(80158,'UPDATE mae_productos SET pro_precio_compra_bruto=192.78,pro_margen_actual=(pro_precio_venta-192.78)/192.78 * 100,pro_ultima_compra=@@@2013.10.19@@@,pro_ultimo_proveedor=@@@82623500-4@@@ WHERE pro_codigo_plu=763475','',2,'2013-10-19'),(80159,'UPDATE mae_productos SET pro_precio_compra_bruto=1154.3,pro_margen_actual=(pro_precio_venta-1154.3)/1154.3 * 100,pro_ultima_compra=@@@2013.10.19@@@,pro_ultimo_proveedor=@@@82623500-4@@@ WHERE pro_codigo_plu=763530','',2,'2013-10-19'),(80160,'UPDATE mae_productos SET pro_precio_compra_bruto=1154.3,pro_margen_actual=(pro_precio_venta-1154.3)/1154.3 * 100,pro_ultima_compra=@@@2013.10.19@@@,pro_ultimo_proveedor=@@@82623500-4@@@ WHERE pro_codigo_plu=780721787','',2,'2013-10-19'),(80161,'UPDATE mae_productos SET pro_precio_compra_bruto=768.74,pro_margen_actual=(pro_precio_venta-768.74)/768.74 * 100,pro_ultima_compra=@@@2013.10.19@@@,pro_ultimo_proveedor=@@@82623500-4@@@ WHERE pro_codigo_plu=780721908','',2,'2013-10-19'),(80162,'UPDATE mae_productos SET pro_precio_compra_bruto=1154.3,pro_margen_actual=(pro_precio_venta-1154.3)/1154.3 * 100,pro_ultima_compra=@@@2013.10.19@@@,pro_ultimo_proveedor=@@@82623500-4@@@ WHERE pro_codigo_plu=10855','',2,'2013-10-19'),(80163,'INSERT INTO gne_vale_ferreteria (vfe_id,vfe_fecha,vfe_total,vfe_estado,vfe_entregado,usu_nusuario) VALUES (14264,@@@2013.10.19@@@,3390,1,0,@@@G_DIAZ@@@)','',2,'2013-10-19'),(80164,'INSERT INTO gne_vale_ferreteria_mov (vfe_id,pro_codigo_plu,vfm_cantidad,vfm_unitario,vfm_total,vfm_entregado) VALUES (14264,780721379,5,390,1950,@@@NO@@@)','',2,'2013-10-19'),(80165,'INSERT INTO gne_vale_ferreteria_mov (vfe_id,pro_codigo_plu,vfm_cantidad,vfm_unitario,vfm_total,vfm_entregado) VALUES (14264,19866,2,720,1440,@@@NO@@@)','',2,'2013-10-19'),(80166,'INSERT INTO gne_vale_ferreteria (vfe_id,vfe_fecha,vfe_total,vfe_estado,vfe_entregado,usu_nusuario) VALUES (14265,@@@2013.10.19@@@,250,1,0,@@@G_DIAZ@@@)','',2,'2013-10-19'),(80167,'INSERT INTO gne_vale_ferreteria_mov (vfe_id,pro_codigo_plu,vfm_cantidad,vfm_unitario,vfm_total,vfm_entregado) VALUES (14265,78017105,1,250,250,@@@NO@@@)','',2,'2013-10-19'),(80168,'INSERT INTO gne_vale_ferreteria (vfe_id,vfe_fecha,vfe_total,vfe_estado,vfe_entregado,usu_nusuario) VALUES (14266,@@@2013.10.19@@@,320,1,0,@@@G_DIAZ@@@)','',2,'2013-10-19'),(80169,'INSERT INTO gne_vale_ferreteria_mov (vfe_id,pro_codigo_plu,vfm_cantidad,vfm_unitario,vfm_total,vfm_entregado) VALUES (14266,4130,2,100,200,@@@NO@@@)','',2,'2013-10-19'),(80170,'INSERT INTO gne_vale_ferreteria_mov (vfe_id,pro_codigo_plu,vfm_cantidad,vfm_unitario,vfm_total,vfm_entregado) VALUES (14266,764766,1,120,120,@@@NO@@@)','',2,'2013-10-19'),(80171,'UPDATE mae_productos SET pro_precio_venta=100,pro_margen_actual= 140.04 WHERE pro_codigo_plu=23534','',2,'2013-10-19'),(80172,'UPDATE mae_productos SET pro_precio_venta=490,pro_margen_actual= 63.34 WHERE pro_codigo_plu=24545','',2,'2013-10-19'),(80173,'UPDATE mae_productos SET pro_precio_venta=790,pro_margen_actual= 58 WHERE pro_codigo_plu=32398','',2,'2013-10-19'),(80174,'UPDATE mae_productos SET pro_precio_venta=350,pro_margen_actual= 84.22 WHERE pro_codigo_plu=32699','',2,'2013-10-19'),(80175,'UPDATE mae_productos SET pro_precio_venta=300,pro_margen_actual= 100.01 WHERE pro_codigo_plu=32700','',2,'2013-10-19'),(80176,'UPDATE mae_productos SET pro_precio_venta=890,pro_margen_actual= 71.16 WHERE pro_codigo_plu=567567','',2,'2013-10-19'),(80177,'UPDATE mae_productos SET pro_precio_venta=990,pro_margen_actual= 65 WHERE pro_codigo_plu=685555','',2,'2013-10-19'),(80178,'UPDATE mae_productos SET pro_precio_venta=350,pro_margen_actual= 75.09 WHERE pro_codigo_plu=780722040','',2,'2013-10-19'),(80179,'UPDATE mae_productos SET pro_precio_venta=1290,pro_margen_actual= 72 WHERE pro_codigo_plu=780722041','',2,'2013-10-19'),(80180,'UPDATE mae_productos SET pro_precio_venta=490,pro_margen_actual= 96.01 WHERE pro_codigo_plu=780722037','',2,'2013-10-19'),(80181,'UPDATE mae_productos SET pro_precio_venta=590,pro_margen_actual= 136.01 WHERE pro_codigo_plu=780722036','',2,'2013-10-19'),(80182,'UPDATE mae_productos SET pro_precio_venta=590,pro_margen_actual= 210.54 WHERE pro_codigo_plu=780722039','',2,'2013-10-19'),(80183,'UPDATE mae_productos SET pro_precio_venta=1490,pro_margen_actual= 65.56 WHERE pro_codigo_plu=780722038','',2,'2013-10-19'),(80184,'UPDATE mae_productos SET pro_precio_venta=1290,pro_margen_actual= 98.47 WHERE pro_codigo_plu=780722043','',2,'2013-10-19'),(80185,'UPDATE mae_productos SET pro_precio_venta=1490,pro_margen_actual= 50.51 WHERE pro_codigo_plu=90027','',2,'2013-10-19'),(80186,'UPDATE mae_productos SET pro_precio_venta=890,pro_margen_actual= 61.82 WHERE pro_codigo_plu=90028','',2,'2013-10-19'),(80187,'UPDATE mae_productos SET pro_precio_venta=490,pro_margen_actual= 96.01 WHERE pro_codigo_plu=923939','',2,'2013-10-19'),(80188,'UPDATE mae_productos SET pro_precio_venta=200,pro_margen_actual= 100.02 WHERE pro_codigo_plu=925050','',2,'2013-10-19'),(80189,'UPDATE mae_productos SET pro_precio_venta=890,pro_margen_actual= 50.85 WHERE pro_codigo_plu=780722042','',2,'2013-10-19'),(80190,'INSERT INTO gne_vale_ferreteria (vfe_id,vfe_fecha,vfe_total,vfe_estado,vfe_entregado,usu_nusuario) VALUES (14267,@@@2013.10.19@@@,600,1,0,@@@G_DIAZ@@@)','',2,'2013-10-19'),(80191,'INSERT INTO gne_vale_ferreteria_mov (vfe_id,pro_codigo_plu,vfm_cantidad,vfm_unitario,vfm_total,vfm_entregado) VALUES (14267,780721222,2,300,600,@@@NO@@@)','',2,'2013-10-19'),(80192,'UPDATE mae_productos SET pro_precio_venta=1549,pro_margen_actual= 34.28 WHERE pro_codigo_plu=780721787','',2,'2013-10-19'),(80193,'UPDATE mae_productos SET pro_precio_venta=1550,pro_margen_actual= 34.28 WHERE pro_codigo_plu=10855','',2,'2013-10-19'),(80194,'UPDATE mae_productos SET pro_margen_actual=63.34,pro_precio_venta=490 WHERE pro_codigo_plu=24545','',2,'2013-10-19'),(80195,'UPDATE mae_productos SET pro_margen_actual=100.02,pro_precio_venta=200 WHERE pro_codigo_plu=925050','',2,'2013-10-19'),(80196,'UPDATE mae_productos SET pro_margen_actual=50.85,pro_precio_venta=890 WHERE pro_codigo_plu=780722042','',2,'2013-10-19'),(80197,'UPDATE mae_productos SET pro_margen_actual=58,pro_precio_venta=790 WHERE pro_codigo_plu=32398','',2,'2013-10-19'),(80198,'UPDATE mae_productos SET pro_margen_actual=75.09,pro_precio_venta=350 WHERE pro_codigo_plu=780722040','',2,'2013-10-19'),(80199,'UPDATE mae_productos SET pro_margen_actual=140.04,pro_precio_venta=100 WHERE pro_codigo_plu=23534','',2,'2013-10-19'),(80200,'UPDATE mae_productos SET pro_margen_actual=61.82,pro_precio_venta=890 WHERE pro_codigo_plu=90028','',2,'2013-10-19'),(80201,'UPDATE mae_productos SET pro_margen_actual=50.51,pro_precio_venta=1490 WHERE pro_codigo_plu=90027','',2,'2013-10-19'),(80202,'UPDATE mae_productos SET pro_margen_actual=96.01,pro_precio_venta=490 WHERE pro_codigo_plu=923939','',2,'2013-10-19'),(80203,'UPDATE mae_productos SET pro_margen_actual=136.01,pro_precio_venta=590 WHERE pro_codigo_plu=780722036','',2,'2013-10-19'),(80204,'UPDATE mae_productos SET pro_margen_actual=71.16,pro_precio_venta=890 WHERE pro_codigo_plu=567567','',2,'2013-10-19'),(80205,'UPDATE mae_productos SET pro_margen_actual=98.47,pro_precio_venta=1290 WHERE pro_codigo_plu=780722043','',2,'2013-10-19'),(80206,'UPDATE mae_productos SET pro_margen_actual=100.01,pro_precio_venta=300 WHERE pro_codigo_plu=32700','',2,'2013-10-19'),(80207,'UPDATE mae_productos SET pro_margen_actual=84.22,pro_precio_venta=350 WHERE pro_codigo_plu=32699','',2,'2013-10-19'),(80208,'UPDATE mae_productos SET pro_margen_actual=34.19,pro_precio_venta=1549 WHERE pro_codigo_plu=780721787','',2,'2013-10-19'),(80209,'UPDATE mae_productos SET pro_margen_actual=34.28,pro_precio_venta=1550 WHERE pro_codigo_plu=10855','',2,'2013-10-19'),(80210,'UPDATE mae_productos SET pro_margen_actual=210.54,pro_precio_venta=590 WHERE pro_codigo_plu=780722039','',2,'2013-10-19'),(80211,'UPDATE mae_productos SET pro_margen_actual=96.01,pro_precio_venta=490 WHERE pro_codigo_plu=780722037','',2,'2013-10-19'),(80212,'UPDATE mae_productos SET pro_margen_actual=65.56,pro_precio_venta=1490 WHERE pro_codigo_plu=780722038','',2,'2013-10-19'),(80213,'UPDATE mae_productos SET pro_margen_actual=72,pro_precio_venta=1290 WHERE pro_codigo_plu=780722041','',2,'2013-10-19'),(80214,'UPDATE mae_productos SET pro_margen_actual=65,pro_precio_venta=990 WHERE pro_codigo_plu=685555','',2,'2013-10-19'),(80215,'UPDATE mae_productos SET pro_precio_fiscal=pro_precio_venta WHERE pro_codigo_plu=23534','',2,'2013-10-19'),(80216,'UPDATE mae_productos SET pro_precio_fiscal=pro_precio_venta WHERE pro_codigo_plu=24545','',2,'2013-10-19'),(80217,'UPDATE mae_productos SET pro_precio_fiscal=pro_precio_venta WHERE pro_codigo_plu=32398','',2,'2013-10-19'),(80218,'UPDATE mae_productos SET pro_precio_fiscal=pro_precio_venta WHERE pro_codigo_plu=32699','',2,'2013-10-19'),(80219,'UPDATE mae_productos SET pro_precio_fiscal=pro_precio_venta WHERE pro_codigo_plu=32700','',2,'2013-10-19'),(80220,'UPDATE mae_productos SET pro_precio_fiscal=pro_precio_venta WHERE pro_codigo_plu=567567','',2,'2013-10-19'),(80221,'UPDATE mae_productos SET pro_precio_fiscal=pro_precio_venta WHERE pro_codigo_plu=685555','',2,'2013-10-19'),(80222,'UPDATE mae_productos SET pro_precio_fiscal=pro_precio_venta WHERE pro_codigo_plu=780722040','',2,'2013-10-19'),(80223,'UPDATE mae_productos SET pro_precio_fiscal=pro_precio_venta WHERE pro_codigo_plu=780722041','',2,'2013-10-19'),(80224,'UPDATE mae_productos SET pro_precio_fiscal=pro_precio_venta WHERE pro_codigo_plu=780722037','',2,'2013-10-19'),(80225,'UPDATE mae_productos SET pro_precio_fiscal=pro_precio_venta WHERE pro_codigo_plu=780722036','',2,'2013-10-19'),(80226,'UPDATE mae_productos SET pro_precio_fiscal=pro_precio_venta WHERE pro_codigo_plu=780722039','',2,'2013-10-19'),(80227,'UPDATE mae_productos SET pro_precio_fiscal=pro_precio_venta WHERE pro_codigo_plu=780722038','',2,'2013-10-19'),(80228,'UPDATE mae_productos SET pro_precio_fiscal=pro_precio_venta WHERE pro_codigo_plu=780722043','',2,'2013-10-19'),(80229,'UPDATE mae_productos SET pro_precio_fiscal=pro_precio_venta WHERE pro_codigo_plu=780721787','',2,'2013-10-19'),(80230,'UPDATE mae_productos SET pro_precio_fiscal=pro_precio_venta WHERE pro_codigo_plu=10855','',2,'2013-10-19'),(80231,'UPDATE mae_productos SET pro_precio_fiscal=pro_precio_venta WHERE pro_codigo_plu=90027','',2,'2013-10-19'),(80232,'UPDATE mae_productos SET pro_precio_fiscal=pro_precio_venta WHERE pro_codigo_plu=90028','',2,'2013-10-19'),(80233,'UPDATE mae_productos SET pro_precio_fiscal=pro_precio_venta WHERE pro_codigo_plu=923939','',2,'2013-10-19'),(80234,'UPDATE mae_productos SET pro_precio_fiscal=pro_precio_venta WHERE pro_codigo_plu=925050','',2,'2013-10-19'),(80235,'UPDATE mae_productos SET pro_precio_fiscal=pro_precio_venta WHERE pro_codigo_plu=780722042','',2,'2013-10-19'),(80236,'UPDATE mae_productos SET pro_margen_actual=247.22,pro_precio_venta=200 WHERE pro_codigo_plu=770021','',2,'2013-10-19'),(80237,'UPDATE mae_productos SET pro_margen_actual=150,pro_precio_venta=350 WHERE pro_codigo_plu=770020','',2,'2013-10-19'),(80238,'UPDATE mae_productos SET pro_precio_fiscal=pro_precio_venta WHERE pro_codigo_plu=770020','',2,'2013-10-19'),(80239,'UPDATE mae_productos SET pro_margen_actual=387.76,pro_precio_venta=2390 WHERE pro_codigo_plu=780722034','',2,'2013-10-19'),(80240,'UPDATE mae_productos SET pro_margen_actual=68.07,pro_precio_venta=1390 WHERE pro_codigo_plu=104','',2,'2013-10-19'),(80241,'UPDATE mae_productos SET pro_precio_fiscal=pro_precio_venta WHERE pro_codigo_plu=104','',2,'2013-10-19'),(80242,'UPDATE mae_productos SET pro_precio_fiscal=pro_precio_venta WHERE pro_codigo_plu=780722034','',2,'2013-10-19'),(80243,'INSERT INTO gne_vale_ferreteria (vfe_id,vfe_fecha,vfe_total,vfe_estado,vfe_entregado,usu_nusuario) VALUES (14268,@@@2013.10.19@@@,1460,1,0,@@@G_DIAZ@@@)','',2,'2013-10-19'),(80244,'INSERT INTO gne_vale_ferreteria_mov (vfe_id,pro_codigo_plu,vfm_cantidad,vfm_unitario,vfm_total,vfm_entregado) VALUES (14268,764506,2,490,980,@@@NO@@@)','',2,'2013-10-19'),(80245,'INSERT INTO gne_vale_ferreteria_mov (vfe_id,pro_codigo_plu,vfm_cantidad,vfm_unitario,vfm_total,vfm_entregado) VALUES (14268,8022,2,120,240,@@@NO@@@)','',2,'2013-10-19'),(80246,'INSERT INTO gne_vale_ferreteria_mov (vfe_id,pro_codigo_plu,vfm_cantidad,vfm_unitario,vfm_total,vfm_entregado) VALUES (14268,764766,2,120,240,@@@NO@@@)','',2,'2013-10-19'),(80247,'UPDATE mae_productos SET pro_precio_compra_bruto=743.75,pro_margen_actual=(pro_precio_venta-743.75)/743.75 * 100,pro_ultima_compra=@@@2013.10.19@@@,pro_ultimo_proveedor=@@@79662080-3@@@ WHERE pro_codigo_plu=202','',2,'2013-10-19'),(80248,'UPDATE mae_productos SET pro_precio_compra_bruto=505.75,pro_margen_actual=(pro_precio_venta-505.75)/505.75 * 100,pro_ultima_compra=@@@2013.10.19@@@,pro_ultimo_proveedor=@@@79662080-3@@@ WHERE pro_codigo_plu=112','',2,'2013-10-19'),(80249,'UPDATE mae_productos SET pro_precio_compra_bruto=1493.45,pro_margen_actual=(pro_precio_venta-1493.45)/1493.45 * 100,pro_ultima_compra=@@@2013.10.19@@@,pro_ultimo_proveedor=@@@79662080-3@@@ WHERE pro_codigo_plu=126','',2,'2013-10-19'),(80250,'UPDATE mae_productos SET pro_precio_compra_bruto=1576.75,pro_margen_actual=(pro_precio_venta-1576.75)/1576.75 * 100,pro_ultima_compra=@@@2013.10.19@@@,pro_ultimo_proveedor=@@@79662080-3@@@ WHERE pro_codigo_plu=115','',2,'2013-10-19'),(80251,'UPDATE mae_productos SET pro_precio_compra_bruto=981.75,pro_margen_actual=(pro_precio_venta-981.75)/981.75 * 100,pro_ultima_compra=@@@2013.10.19@@@,pro_ultimo_proveedor=@@@79662080-3@@@ WHERE pro_codigo_plu=104','',2,'2013-10-19'),(80252,'UPDATE mae_productos SET pro_codigo_barra=@@@338@@@,pro_tipo=@@@0@@@,pro_nombre_producto=@@@JAMON SANDWICH MOD@@@,pro_nombre_corto=@@@JAMON SANDWICH M@@@,med_id=@@@1@@@,emb_id=@@@1@@@,pro_unidades_embalaje=@@@1@@@,dep_id=@@@12 @@@,lin_id=@@@71@@@,mar_id=@@@2507@@@,pro_precio_compra_neto=@@@0@@@,pro_precio_compra_bruto=@@@0@@@,pro_precio_venta=@@@1@@@,pro_margen_actual=@@@1@@@,pro_oferta=@@@NO@@@,pro_fecha_inicio_oferta=@@@1900.01.01@@@,pro_fecha_termino_oferta=@@@1900.01.01@@@,pro_precio_oferta=@@@0@@@,pro_stock_minimo=@@@1@@@,pro_stock_critico=@@@1@@@,pro_activo=@@@1@@@,pro_unidad=@@@1@@@,pro_precio_compra_bruto=0,pro_margen_actual=1,pro_capacidad=1,pro_funcion_plu=1,pro_flejes=0,pro_iva=1,pro_plu_asociado=0,pro_envase=@@@NO@@@,pro_duracion=0,pro_numero_etiqueta=1 WHERE pro_codigo_plu=@@@338@@@','',2,'2013-10-19'),(80253,'UPDATE mae_productos SET pro_estado=1 WHERE pro_codigo_plu=338','',2,'2013-10-19'),(80254,'DELETE FROM mae_impuestos_productos WHERE pro_codigo_plu=@@@338@@@','',2,'2013-10-19'),(80255,'UPDATE mae_productos SET pro_precio_compra_bruto=2142.13,pro_margen_actual=(pro_precio_venta-2142.13)/2142.13 * 100,pro_ultima_compra=@@@2013.10.19@@@,pro_ultimo_proveedor=@@@80186300-0@@@ WHERE pro_codigo_plu=323','',2,'2013-10-19'),(80256,'UPDATE mae_productos SET pro_precio_compra_bruto=2380,pro_margen_actual=(pro_precio_venta-2380)/2380 * 100,pro_ultima_compra=@@@2013.10.19@@@,pro_ultimo_proveedor=@@@80186300-0@@@ WHERE pro_codigo_plu=335','',2,'2013-10-19'),(80257,'UPDATE mae_productos SET pro_precio_compra_bruto=3451,pro_margen_actual=(pro_precio_venta-3451)/3451 * 100,pro_ultima_compra=@@@2013.10.19@@@,pro_ultimo_proveedor=@@@80186300-0@@@ WHERE pro_codigo_plu=313','',2,'2013-10-19'),(80258,'UPDATE mae_productos SET pro_precio_compra_bruto=191.88,pro_margen_actual=(pro_precio_venta-191.88)/191.88 * 100,pro_ultima_compra=@@@2013.10.19@@@,pro_ultimo_proveedor=@@@80186300-0@@@ WHERE pro_codigo_plu=262530','',2,'2013-10-19'),(80259,'UPDATE mae_productos SET pro_precio_compra_bruto=191.88,pro_margen_actual=(pro_precio_venta-191.88)/191.88 * 100,pro_ultima_compra=@@@2013.10.19@@@,pro_ultimo_proveedor=@@@80186300-0@@@ WHERE pro_codigo_plu=262531','',2,'2013-10-19'),(80260,'UPDATE mae_productos SET pro_precio_compra_bruto=191.88,pro_margen_actual=(pro_precio_venta-191.88)/191.88 * 100,pro_ultima_compra=@@@2013.10.19@@@,pro_ultimo_proveedor=@@@80186300-0@@@ WHERE pro_codigo_plu=762638','',2,'2013-10-19'),(80261,'UPDATE mae_productos SET pro_precio_compra_bruto=4641.18,pro_margen_actual=(pro_precio_venta-4641.18)/4641.18 * 100,pro_ultima_compra=@@@2013.10.19@@@,pro_ultimo_proveedor=@@@80186300-0@@@ WHERE pro_codigo_plu=338','',2,'2013-10-19'),(80262,'UPDATE mae_productos SET pro_precio_compra_bruto=919.99,pro_margen_actual=(pro_precio_venta-919.99)/919.99 * 100,pro_ultima_compra=@@@2013.10.19@@@,pro_ultimo_proveedor=@@@76845830-8@@@ WHERE pro_codigo_plu=780722035','',2,'2013-10-19'),(80263,'UPDATE mae_productos SET pro_precio_compra_bruto=589.99,pro_margen_actual=(pro_precio_venta-589.99)/589.99 * 100,pro_ultima_compra=@@@2013.10.19@@@,pro_ultimo_proveedor=@@@76845830-8@@@ WHERE pro_codigo_plu=196262','',2,'2013-10-19'),(80264,'UPDATE mae_productos SET pro_precio_compra_bruto=789.99,pro_margen_actual=(pro_precio_venta-789.99)/789.99 * 100,pro_ultima_compra=@@@2013.10.19@@@,pro_ultimo_proveedor=@@@76845830-8@@@ WHERE pro_codigo_plu=426868','',2,'2013-10-19'),(80265,'UPDATE mae_productos SET pro_precio_compra_bruto=649.99,pro_margen_actual=(pro_precio_venta-649.99)/649.99 * 100,pro_ultima_compra=@@@2013.10.19@@@,pro_ultimo_proveedor=@@@76845830-8@@@ WHERE pro_codigo_plu=426969','',2,'2013-10-19'),(80266,'UPDATE mae_productos SET pro_precio_compra_bruto=749.99,pro_margen_actual=(pro_precio_venta-749.99)/749.99 * 100,pro_ultima_compra=@@@2013.10.19@@@,pro_ultimo_proveedor=@@@76845830-8@@@ WHERE pro_codigo_plu=427070','',2,'2013-10-19'),(80267,'UPDATE mae_productos SET pro_precio_compra_bruto=550,pro_margen_actual=(pro_precio_venta-550)/550 * 100,pro_ultima_compra=@@@2013.10.19@@@,pro_ultimo_proveedor=@@@76845830-8@@@ WHERE pro_codigo_plu=427171','',2,'2013-10-19'),(80268,'UPDATE mae_productos SET pro_precio_compra_bruto=599.99,pro_margen_actual=(pro_precio_venta-599.99)/599.99 * 100,pro_ultima_compra=@@@2013.10.19@@@,pro_ultimo_proveedor=@@@76845830-8@@@ WHERE pro_codigo_plu=427272','',2,'2013-10-19'),(80269,'UPDATE mae_productos SET pro_precio_compra_bruto=849.99,pro_margen_actual=(pro_precio_venta-849.99)/849.99 * 100,pro_ultima_compra=@@@2013.10.19@@@,pro_ultimo_proveedor=@@@76845830-8@@@ WHERE pro_codigo_plu=427373','',2,'2013-10-19'),(80270,'INSERT INTO gne_vale_ferreteria (vfe_id,vfe_fecha,vfe_total,vfe_estado,vfe_entregado,usu_nusuario) VALUES (14269,@@@2013.10.19@@@,690,1,0,@@@G_DIAZ@@@)','',2,'2013-10-19'),(80271,'INSERT INTO gne_vale_ferreteria_mov (vfe_id,pro_codigo_plu,vfm_cantidad,vfm_unitario,vfm_total,vfm_entregado) VALUES (14269,780721936,1,690,690,@@@NO@@@)','',2,'2013-10-19'),(80272,'INSERT INTO mae_productos (pro_codigo_plu,pro_codigo_barra,pro_tipo,pro_nombre_producto,pro_nombre_corto,med_id,emb_id,pro_unidades_embalaje,dep_id,lin_id,mar_id,pro_precio_compra_neto,pro_precio_compra_bruto,pro_precio_venta,pro_margen_actual,pro_oferta,pro_fecha_inicio_oferta,pro_fecha_termino_oferta,pro_precio_oferta,pro_stock_minimo,pro_stock_critico,pro_entradas_bodega,pro_salidas_bodega,pro_mermas_bodega,pro_ajustes_bodega,pro_entradas_sv,pro_salidas_sv,pro_mermas_sv,pro_ajustes_sv,pro_activo,rec_numero,pro_unidad,pro_capacidad,pro_consumo_bodega,pro_consumo_sv,pro_estado,pro_funcion_plu,pro_flejes,pro_iva,pro_plu_asociado,pro_envase,pro_duracion,pro_numero_etiqueta) VALUES (780722044,@@@7802920005546@@@,@@@0@@@,@@@VILIB DEFENSAS TUTTI FRUTTI 100 ML@@@,@@@VILIB DEFENSAS T@@@,@@@7 @@@,@@@6 @@@,@@@4@@@,@@@3 @@@,@@@50@@@,@@@2507@@@,@@@0@@@,@@@166.6@@@,@@@1@@@,@@@-99.4@@@,@@@@@@,@@@2006.09.07@@@,@@@2006.09.07@@@,@@@0@@@,@@@4@@@,@@@2@@@,@@@0@@@,@@@0@@@,@@@0@@@,@@@0@@@,@@@0@@@,@@@0@@@,@@@0@@@,@@@0@@@,@@@1@@@,@@@0@@@,0,100,0,0,2,0,1,1,0,@@@NO@@@,0,0)','',2,'2013-10-19'),(80273,'DELETE FROM mae_impuestos_productos WHERE pro_codigo_plu=@@@780722044@@@','',2,'2013-10-19'),(80274,'INSERT INTO gne_vale_ferreteria (vfe_id,vfe_fecha,vfe_total,vfe_estado,vfe_entregado,usu_nusuario) VALUES (14270,@@@2013.10.19@@@,2990,1,0,@@@G_DIAZ@@@)','',2,'2013-10-19'),(80275,'INSERT INTO gne_vale_ferreteria_mov (vfe_id,pro_codigo_plu,vfm_cantidad,vfm_unitario,vfm_total,vfm_entregado) VALUES (14270,780721207,1,2990,2990,@@@NO@@@)','',2,'2013-10-19'),(80276,'INSERT INTO gne_vale_ferreteria (vfe_id,vfe_fecha,vfe_total,vfe_estado,vfe_entregado,usu_nusuario) VALUES (14271,@@@2013.10.19@@@,750,1,0,@@@G_DIAZ@@@)','',2,'2013-10-19'),(80277,'INSERT INTO gne_vale_ferreteria_mov (vfe_id,pro_codigo_plu,vfm_cantidad,vfm_unitario,vfm_total,vfm_entregado) VALUES (14271,100397,1,750,750,@@@NO@@@)','',2,'2013-10-19'),(80278,'INSERT INTO gne_vale_ferreteria (vfe_id,vfe_fecha,vfe_total,vfe_estado,vfe_entregado,usu_nusuario) VALUES (14272,@@@2013.10.19@@@,490,1,0,@@@G_DIAZ@@@)','',2,'2013-10-19'),(80279,'INSERT INTO gne_vale_ferreteria_mov (vfe_id,pro_codigo_plu,vfm_cantidad,vfm_unitario,vfm_total,vfm_entregado) VALUES (14272,3103,1,290,290,@@@NO@@@)','',2,'2013-10-19'),(80280,'INSERT INTO gne_vale_ferreteria_mov (vfe_id,pro_codigo_plu,vfm_cantidad,vfm_unitario,vfm_total,vfm_entregado) VALUES (14272,78017176,1,200,200,@@@NO@@@)','',2,'2013-10-19'),(80281,'INSERT INTO gne_vale_ferreteria (vfe_id,vfe_fecha,vfe_total,vfe_estado,vfe_entregado,usu_nusuario) VALUES (14273,@@@2013.10.19@@@,290,1,0,@@@G_DIAZ@@@)','',2,'2013-10-19'),(80282,'INSERT INTO gne_vale_ferreteria_mov (vfe_id,pro_codigo_plu,vfm_cantidad,vfm_unitario,vfm_total,vfm_entregado) VALUES (14273,3103,1,290,290,@@@NO@@@)','',2,'2013-10-19'),(80283,'INSERT INTO gne_vale_ferreteria (vfe_id,vfe_fecha,vfe_total,vfe_estado,vfe_entregado,usu_nusuario) VALUES (14274,@@@2013.10.19@@@,490,1,0,@@@G_DIAZ@@@)','',2,'2013-10-19'),(80284,'INSERT INTO gne_vale_ferreteria_mov (vfe_id,pro_codigo_plu,vfm_cantidad,vfm_unitario,vfm_total,vfm_entregado) VALUES (14274,780220183,1,490,490,@@@NO@@@)','',2,'2013-10-19'),(80285,'INSERT INTO gne_vale_ferreteria (vfe_id,vfe_fecha,vfe_total,vfe_estado,vfe_entregado,usu_nusuario) VALUES (14275,@@@2013.10.19@@@,3980,1,0,@@@G_DIAZ@@@)','',2,'2013-10-19'),(80286,'INSERT INTO gne_vale_ferreteria_mov (vfe_id,pro_codigo_plu,vfm_cantidad,vfm_unitario,vfm_total,vfm_entregado) VALUES (14275,20960,2,1990,3980,@@@NO@@@)','',2,'2013-10-19'),(80287,'INSERT INTO gne_vale_ferreteria (vfe_id,vfe_fecha,vfe_total,vfe_estado,vfe_entregado,usu_nusuario) VALUES (14276,@@@2013.10.19@@@,2090,1,0,@@@G_DIAZ@@@)','',2,'2013-10-19'),(80288,'INSERT INTO gne_vale_ferreteria_mov (vfe_id,pro_codigo_plu,vfm_cantidad,vfm_unitario,vfm_total,vfm_entregado) VALUES (14276,780721994,1,200,200,@@@NO@@@)','',2,'2013-10-19'),(80289,'INSERT INTO gne_vale_ferreteria_mov (vfe_id,pro_codigo_plu,vfm_cantidad,vfm_unitario,vfm_total,vfm_entregado) VALUES (14276,78017131,1,200,200,@@@NO@@@)','',2,'2013-10-19'),(80290,'INSERT INTO gne_vale_ferreteria_mov (vfe_id,pro_codigo_plu,vfm_cantidad,vfm_unitario,vfm_total,vfm_entregado) VALUES (14276,780721104,1,1690,1690,@@@NO@@@)','',2,'2013-10-19'),(80291,'UPDATE mae_productos SET pro_precio_compra_bruto=515.86,pro_margen_actual=(pro_precio_venta-515.86)/515.86 * 100,pro_ultima_compra=@@@2013.10.19@@@,pro_ultimo_proveedor=@@@81094100-6@@@ WHERE pro_codigo_plu=16002','',2,'2013-10-19'),(80292,'UPDATE mae_productos SET pro_precio_compra_bruto=518.37,pro_margen_actual=(pro_precio_venta-518.37)/518.37 * 100,pro_ultima_compra=@@@2013.10.19@@@,pro_ultimo_proveedor=@@@81094100-6@@@ WHERE pro_codigo_plu=16011','',2,'2013-10-19'),(80293,'INSERT INTO gne_vale_ferreteria (vfe_id,vfe_fecha,vfe_total,vfe_estado,vfe_entregado,usu_nusuario) VALUES (14277,@@@2013.10.19@@@,4590,1,0,@@@G_DIAZ@@@)','',2,'2013-10-19'),(80294,'INSERT INTO gne_vale_ferreteria_mov (vfe_id,pro_codigo_plu,vfm_cantidad,vfm_unitario,vfm_total,vfm_entregado) VALUES (14277,764199,1,3490,3490,@@@NO@@@)','',2,'2013-10-19'),(80295,'INSERT INTO gne_vale_ferreteria_mov (vfe_id,pro_codigo_plu,vfm_cantidad,vfm_unitario,vfm_total,vfm_entregado) VALUES (14277,101657,1,1100,1100,@@@NO@@@)','',2,'2013-10-19'),(80296,'UPDATE mae_productos SET pro_precio_compra_bruto=134.96,pro_margen_actual=(pro_precio_venta-134.96)/134.96 * 100,pro_ultima_compra=@@@2013.10.19@@@,pro_ultimo_proveedor=@@@81094100-6@@@ WHERE pro_codigo_plu=762649','',2,'2013-10-19'),(80297,'UPDATE mae_productos SET pro_precio_compra_bruto=1463.9,pro_margen_actual=(pro_precio_venta-1463.9)/1463.9 * 100,pro_ultima_compra=@@@2013.10.19@@@,pro_ultimo_proveedor=@@@81094100-6@@@ WHERE pro_codigo_plu=16405','',2,'2013-10-19'),(80298,'UPDATE mae_productos SET pro_precio_compra_bruto=153.9,pro_margen_actual=(pro_precio_venta-153.9)/153.9 * 100,pro_ultima_compra=@@@2013.10.19@@@,pro_ultimo_proveedor=@@@81094100-6@@@ WHERE pro_codigo_plu=763635','',2,'2013-10-19'),(80299,'UPDATE mae_productos SET pro_precio_compra_bruto=166.6,pro_margen_actual=(pro_precio_venta-166.6)/166.6 * 100,pro_ultima_compra=@@@2013.10.19@@@,pro_ultimo_proveedor=@@@81094100-6@@@ WHERE pro_codigo_plu=780721602','',2,'2013-10-19'),(80300,'UPDATE mae_productos SET pro_precio_compra_bruto=166.6,pro_margen_actual=(pro_precio_venta-166.6)/166.6 * 100,pro_ultima_compra=@@@2013.10.19@@@,pro_ultimo_proveedor=@@@81094100-6@@@ WHERE pro_codigo_plu=780722044','',2,'2013-10-19'),(80301,'UPDATE mae_productos SET pro_precio_compra_bruto=113.69,pro_margen_actual=(pro_precio_venta-113.69)/113.69 * 100,pro_ultima_compra=@@@2013.10.19@@@,pro_ultimo_proveedor=@@@81094100-6@@@ WHERE pro_codigo_plu=16807','',2,'2013-10-19'),(80302,'UPDATE mae_productos SET pro_precio_compra_bruto=113.69,pro_margen_actual=(pro_precio_venta-113.69)/113.69 * 100,pro_ultima_compra=@@@2013.10.19@@@,pro_ultimo_proveedor=@@@81094100-6@@@ WHERE pro_codigo_plu=16813','',2,'2013-10-19'),(80303,'UPDATE mae_productos SET pro_precio_compra_bruto=809.2,pro_margen_actual=(pro_precio_venta-809.2)/809.2 * 100,pro_ultima_compra=@@@2013.10.19@@@,pro_ultimo_proveedor=@@@81094100-6@@@ WHERE pro_codigo_plu=16640','',2,'2013-10-19'),(80304,'UPDATE mae_productos SET pro_precio_compra_bruto=809.2,pro_margen_actual=(pro_precio_venta-809.2)/809.2 * 100,pro_ultima_compra=@@@2013.10.19@@@,pro_ultimo_proveedor=@@@81094100-6@@@ WHERE pro_codigo_plu=16636','',2,'2013-10-19'),(80305,'UPDATE mae_productos SET pro_precio_compra_bruto=539.46,pro_margen_actual=(pro_precio_venta-539.46)/539.46 * 100,pro_ultima_compra=@@@2013.10.19@@@,pro_ultimo_proveedor=@@@81094100-6@@@ WHERE pro_codigo_plu=16635','',2,'2013-10-19'),(80306,'UPDATE mae_productos SET pro_precio_compra_bruto=153.9,pro_margen_actual=(pro_precio_venta-153.9)/153.9 * 100,pro_ultima_compra=@@@2013.10.19@@@,pro_ultimo_proveedor=@@@81094100-6@@@ WHERE pro_codigo_plu=16633','',2,'2013-10-19'),(80307,'UPDATE mae_productos SET pro_precio_compra_bruto=153.9,pro_margen_actual=(pro_precio_venta-153.9)/153.9 * 100,pro_ultima_compra=@@@2013.10.19@@@,pro_ultimo_proveedor=@@@81094100-6@@@ WHERE pro_codigo_plu=16806','',2,'2013-10-19'),(80308,'UPDATE mae_productos SET pro_precio_compra_bruto=220.94,pro_margen_actual=(pro_precio_venta-220.94)/220.94 * 100,pro_ultima_compra=@@@2013.10.19@@@,pro_ultimo_proveedor=@@@81094100-6@@@ WHERE pro_codigo_plu=780721978','',2,'2013-10-19'),(80309,'UPDATE mae_productos SET pro_precio_compra_bruto=519.79,pro_margen_actual=(pro_precio_venta-519.79)/519.79 * 100,pro_ultima_compra=@@@2013.10.19@@@,pro_ultimo_proveedor=@@@81094100-6@@@ WHERE pro_codigo_plu=15977','',2,'2013-10-19'),(80310,'UPDATE mae_productos SET pro_precio_compra_bruto=382.33,pro_margen_actual=(pro_precio_venta-382.33)/382.33 * 100,pro_ultima_compra=@@@2013.10.19@@@,pro_ultimo_proveedor=@@@81094100-6@@@ WHERE pro_codigo_plu=16406','',2,'2013-10-19'),(80311,'INSERT INTO gne_vale_ferreteria (vfe_id,vfe_fecha,vfe_total,vfe_estado,vfe_entregado,usu_nusuario) VALUES (14278,@@@2013.10.19@@@,3780,1,0,@@@G_DIAZ@@@)','',2,'2013-10-19'),(80312,'INSERT INTO gne_vale_ferreteria_mov (vfe_id,pro_codigo_plu,vfm_cantidad,vfm_unitario,vfm_total,vfm_entregado) VALUES (14278,101626,2,1890,3780,@@@NO@@@)','',2,'2013-10-19'),(80313,'INSERT INTO gne_vale_ferreteria (vfe_id,vfe_fecha,vfe_total,vfe_estado,vfe_entregado,usu_nusuario) VALUES (14279,@@@2013.10.19@@@,390,1,0,@@@G_DIAZ@@@)','',2,'2013-10-19'),(80314,'INSERT INTO gne_vale_ferreteria_mov (vfe_id,pro_codigo_plu,vfm_cantidad,vfm_unitario,vfm_total,vfm_entregado) VALUES (14279,1535,1,390,390,@@@NO@@@)','',2,'2013-10-19'),(80315,'UPDATE mae_productos SET pro_margen_actual=-99.98,pro_precio_venta=1 WHERE pro_codigo_plu=338','',2,'2013-10-19'),(80316,'UPDATE mae_productos SET pro_margen_actual=-99.4,pro_precio_venta=1 WHERE pro_codigo_plu=780722044','',2,'2013-10-19'),(80317,'UPDATE mae_productos SET pro_margen_actual=44.74,pro_precio_venta=550 WHERE pro_codigo_plu=572','',2,'2013-10-19'),(80318,'UPDATE mae_productos SET pro_margen_actual=79.15,pro_precio_venta=550 WHERE pro_codigo_plu=573','',2,'2013-10-19'),(80319,'UPDATE mae_productos SET pro_precio_fiscal=pro_precio_venta WHERE pro_codigo_plu=572','',2,'2013-10-19'),(80320,'UPDATE mae_productos SET pro_precio_fiscal=pro_precio_venta WHERE pro_codigo_plu=573','',2,'2013-10-19'),(80321,'UPDATE mae_productos SET pro_precio_venta=890,pro_margen_actual= 75.98 WHERE pro_codigo_plu=112','',2,'2013-10-19'),(80322,'UPDATE mae_productos SET pro_precio_fiscal=pro_precio_venta WHERE pro_codigo_plu=112','',2,'2013-10-19'),(80323,'INSERT INTO gne_vale_ferreteria (vfe_id,vfe_fecha,vfe_total,vfe_estado,vfe_entregado,usu_nusuario) VALUES (14280,@@@2013.10.19@@@,660,1,0,@@@G_DIAZ@@@)','',2,'2013-10-19'),(80324,'INSERT INTO gne_vale_ferreteria_mov (vfe_id,pro_codigo_plu,vfm_cantidad,vfm_unitario,vfm_total,vfm_entregado) VALUES (14280,764778,2,330,660,@@@NO@@@)','',2,'2013-10-19'),(80325,'UPDATE mae_productos SET pro_precio_compra_bruto=1516.06,pro_margen_actual=(pro_precio_venta-1516.06)/1516.06 * 100,pro_ultima_compra=@@@2013.10.19@@@,pro_ultimo_proveedor=@@@94528000-K@@@ WHERE pro_codigo_plu=102535','',2,'2013-10-19'),(80326,'UPDATE mae_productos SET pro_precio_compra_bruto=385.56,pro_margen_actual=(pro_precio_venta-385.56)/385.56 * 100,pro_ultima_compra=@@@2013.10.19@@@,pro_ultimo_proveedor=@@@94528000-K@@@ WHERE pro_codigo_plu=764356','',2,'2013-10-19'),(80327,'UPDATE mae_productos SET pro_precio_compra_bruto=304.64,pro_margen_actual=(pro_precio_venta-304.64)/304.64 * 100,pro_ultima_compra=@@@2013.10.19@@@,pro_ultimo_proveedor=@@@94528000-K@@@ WHERE pro_codigo_plu=765086','',2,'2013-10-19'),(80328,'UPDATE mae_productos SET pro_precio_compra_bruto=102.34,pro_margen_actual=(pro_precio_venta-102.34)/102.34 * 100,pro_ultima_compra=@@@2013.10.19@@@,pro_ultimo_proveedor=@@@94528000-K@@@ WHERE pro_codigo_plu=762445','',2,'2013-10-19'),(80329,'UPDATE mae_productos SET pro_precio_compra_bruto=412.93,pro_margen_actual=(pro_precio_venta-412.93)/412.93 * 100,pro_ultima_compra=@@@2013.10.19@@@,pro_ultimo_proveedor=@@@94528000-K@@@ WHERE pro_codigo_plu=780721685','',2,'2013-10-19'),(80330,'UPDATE mae_productos SET pro_precio_compra_bruto=165.41,pro_margen_actual=(pro_precio_venta-165.41)/165.41 * 100,pro_ultima_compra=@@@2013.10.19@@@,pro_ultimo_proveedor=@@@94528000-K@@@ WHERE pro_codigo_plu=763395','',2,'2013-10-19'),(80331,'UPDATE mae_productos SET pro_precio_compra_bruto=165.41,pro_margen_actual=(pro_precio_venta-165.41)/165.41 * 100,pro_ultima_compra=@@@2013.10.19@@@,pro_ultimo_proveedor=@@@94528000-K@@@ WHERE pro_codigo_plu=78017217','',2,'2013-10-19'),(80332,'UPDATE mae_productos SET pro_precio_compra_bruto=268.94,pro_margen_actual=(pro_precio_venta-268.94)/268.94 * 100,pro_ultima_compra=@@@2013.10.19@@@,pro_ultimo_proveedor=@@@94528000-K@@@ WHERE pro_codigo_plu=763394','',2,'2013-10-19'),(80333,'UPDATE mae_productos SET pro_precio_compra_bruto=412.93,pro_margen_actual=(pro_precio_venta-412.93)/412.93 * 100,pro_ultima_compra=@@@2013.10.19@@@,pro_ultimo_proveedor=@@@94528000-K@@@ WHERE pro_codigo_plu=780721772','',2,'2013-10-19'),(80334,'UPDATE mae_productos SET pro_precio_compra_bruto=268.94,pro_margen_actual=(pro_precio_venta-268.94)/268.94 * 100,pro_ultima_compra=@@@2013.10.19@@@,pro_ultimo_proveedor=@@@94528000-K@@@ WHERE pro_codigo_plu=14236','',2,'2013-10-19'),(80335,'UPDATE mae_productos SET pro_precio_compra_bruto=268.94,pro_margen_actual=(pro_precio_venta-268.94)/268.94 * 100,pro_ultima_compra=@@@2013.10.19@@@,pro_ultimo_proveedor=@@@94528000-K@@@ WHERE pro_codigo_plu=13772','',2,'2013-10-19'),(80336,'UPDATE mae_productos SET pro_precio_compra_bruto=412.93,pro_margen_actual=(pro_precio_venta-412.93)/412.93 * 100,pro_ultima_compra=@@@2013.10.19@@@,pro_ultimo_proveedor=@@@94528000-K@@@ WHERE pro_codigo_plu=780200000','',2,'2013-10-19'),(80337,'UPDATE mae_productos SET pro_precio_compra_bruto=110.67,pro_margen_actual=(pro_precio_venta-110.67)/110.67 * 100,pro_ultima_compra=@@@2013.10.19@@@,pro_ultimo_proveedor=@@@94528000-K@@@ WHERE pro_codigo_plu=763487','',2,'2013-10-19'),(80338,'UPDATE mae_productos SET pro_precio_compra_bruto=385.56,pro_margen_actual=(pro_precio_venta-385.56)/385.56 * 100,pro_ultima_compra=@@@2013.10.19@@@,pro_ultimo_proveedor=@@@94528000-K@@@ WHERE pro_codigo_plu=763398','',2,'2013-10-19'),(80339,'UPDATE mae_productos SET pro_precio_compra_bruto=268.94,pro_margen_actual=(pro_precio_venta-268.94)/268.94 * 100,pro_ultima_compra=@@@2013.10.19@@@,pro_ultimo_proveedor=@@@94528000-K@@@ WHERE pro_codigo_plu=763397','',2,'2013-10-19'),(80340,'UPDATE mae_productos SET pro_precio_compra_bruto=781.83,pro_margen_actual=(pro_precio_venta-781.83)/781.83 * 100,pro_ultima_compra=@@@2013.10.19@@@,pro_ultimo_proveedor=@@@94528000-K@@@ WHERE pro_codigo_plu=780722033','',2,'2013-10-19'),(80341,'UPDATE mae_productos SET pro_precio_compra_bruto=403.41,pro_margen_actual=(pro_precio_venta-403.41)/403.41 * 100,pro_ultima_compra=@@@2013.10.19@@@,pro_ultimo_proveedor=@@@94528000-K@@@ WHERE pro_codigo_plu=13593','',2,'2013-10-19'),(80342,'INSERT INTO gne_vale_ferreteria (vfe_id,vfe_fecha,vfe_total,vfe_estado,vfe_entregado,usu_nusuario) VALUES (14281,@@@2013.10.19@@@,330,1,0,@@@G_DIAZ@@@)','',2,'2013-10-19'),(80343,'INSERT INTO gne_vale_ferreteria_mov (vfe_id,pro_codigo_plu,vfm_cantidad,vfm_unitario,vfm_total,vfm_entregado) VALUES (14281,764778,1,330,330,@@@NO@@@)','',2,'2013-10-19'),(80344,'INSERT INTO gne_vale_ferreteria (vfe_id,vfe_fecha,vfe_total,vfe_estado,vfe_entregado,usu_nusuario) VALUES (14282,@@@2013.10.19@@@,690,1,0,@@@G_DIAZ@@@)','',2,'2013-10-19'),(80345,'INSERT INTO gne_vale_ferreteria_mov (vfe_id,pro_codigo_plu,vfm_cantidad,vfm_unitario,vfm_total,vfm_entregado) VALUES (14282,1069,1,200,200,@@@NO@@@)','',2,'2013-10-19'),(80346,'INSERT INTO gne_vale_ferreteria_mov (vfe_id,pro_codigo_plu,vfm_cantidad,vfm_unitario,vfm_total,vfm_entregado) VALUES (14282,780721660,1,490,490,@@@NO@@@)','',2,'2013-10-19'),(80347,'UPDATE mae_productos SET pro_precio_venta=699,pro_margen_actual= 35.5 WHERE pro_codigo_plu=16002','',2,'2013-10-19'),(80348,'UPDATE mae_productos SET pro_precio_venta=699,pro_margen_actual= 34.85 WHERE pro_codigo_plu=16011','',2,'2013-10-19'),(80349,'INSERT INTO gne_vale_ferreteria (vfe_id,vfe_fecha,vfe_total,vfe_estado,vfe_entregado,usu_nusuario) VALUES (14283,@@@2013.10.19@@@,600,1,0,@@@G_DIAZ@@@)','',2,'2013-10-19'),(80350,'INSERT INTO gne_vale_ferreteria_mov (vfe_id,pro_codigo_plu,vfm_cantidad,vfm_unitario,vfm_total,vfm_entregado) VALUES (14283,2021,2,250,500,@@@NO@@@)','',2,'2013-10-19'),(80351,'INSERT INTO gne_vale_ferreteria_mov (vfe_id,pro_codigo_plu,vfm_cantidad,vfm_unitario,vfm_total,vfm_entregado) VALUES (14283,1539,10,10,100,@@@NO@@@)','',2,'2013-10-19'),(80352,'UPDATE mae_productos SET pro_precio_venta=3690,pro_margen_actual= 55.04 WHERE pro_codigo_plu=335','',2,'2013-10-19'),(80353,'UPDATE mae_productos SET pro_precio_venta=6990,pro_margen_actual= 50.61 WHERE pro_codigo_plu=338','',2,'2013-10-19'),(80354,'UPDATE mae_productos SET pro_precio_venta=160,pro_margen_actual= 40.73 WHERE pro_codigo_plu=16807','',2,'2013-10-19'),(80355,'UPDATE mae_productos SET pro_precio_venta=160,pro_margen_actual= 40.73 WHERE pro_codigo_plu=16813','',2,'2013-10-19'),(80356,'UPDATE mae_productos SET pro_precio_venta=230,pro_margen_actual= 38.06 WHERE pro_codigo_plu=780722044','',2,'2013-10-19'),(80357,'UPDATE mae_productos SET pro_precio_venta=530,pro_margen_actual= 38.62 WHERE pro_codigo_plu=16406','',2,'2013-10-19'),(80358,'INSERT INTO gne_vale_ferreteria (vfe_id,vfe_fecha,vfe_total,vfe_estado,vfe_entregado,usu_nusuario) VALUES (14284,@@@2013.10.19@@@,730,1,0,@@@G_DIAZ@@@)','',2,'2013-10-19'),(80359,'INSERT INTO gne_vale_ferreteria_mov (vfe_id,pro_codigo_plu,vfm_cantidad,vfm_unitario,vfm_total,vfm_entregado) VALUES (14284,11378,1,730,730,@@@NO@@@)','',2,'2013-10-19'),(80360,'INSERT INTO gne_vale_ferreteria (vfe_id,vfe_fecha,vfe_total,vfe_estado,vfe_entregado,usu_nusuario) VALUES (14285,@@@2013.10.19@@@,720,1,0,@@@G_DIAZ@@@)','',2,'2013-10-19'),(80361,'INSERT INTO gne_vale_ferreteria_mov (vfe_id,pro_codigo_plu,vfm_cantidad,vfm_unitario,vfm_total,vfm_entregado) VALUES (14285,762252,1,720,720,@@@NO@@@)','',2,'2013-10-19'),(80362,'UPDATE mae_productos SET pro_precio_compra_bruto=1516.06,pro_margen_actual=(pro_precio_venta-1516.06)/1516.06 * 100,pro_ultima_compra=@@@2013.10.19@@@,pro_ultimo_proveedor=@@@94528000-K@@@ WHERE pro_codigo_plu=102535','',2,'2013-10-19'),(80363,'UPDATE mae_productos SET pro_precio_compra_bruto=385.56,pro_margen_actual=(pro_precio_venta-385.56)/385.56 * 100,pro_ultima_compra=@@@2013.10.19@@@,pro_ultimo_proveedor=@@@94528000-K@@@ WHERE pro_codigo_plu=764356','',2,'2013-10-19'),(80364,'UPDATE mae_productos SET pro_precio_compra_bruto=165.41,pro_margen_actual=(pro_precio_venta-165.41)/165.41 * 100,pro_ultima_compra=@@@2013.10.19@@@,pro_ultimo_proveedor=@@@94528000-K@@@ WHERE pro_codigo_plu=763395','',2,'2013-10-19'),(80365,'UPDATE mae_productos SET pro_precio_compra_bruto=165.41,pro_margen_actual=(pro_precio_venta-165.41)/165.41 * 100,pro_ultima_compra=@@@2013.10.19@@@,pro_ultimo_proveedor=@@@94528000-K@@@ WHERE pro_codigo_plu=78017217','',2,'2013-10-19'),(80366,'UPDATE mae_productos SET pro_precio_compra_bruto=268.94,pro_margen_actual=(pro_precio_venta-268.94)/268.94 * 100,pro_ultima_compra=@@@2013.10.19@@@,pro_ultimo_proveedor=@@@94528000-K@@@ WHERE pro_codigo_plu=763394','',2,'2013-10-19'),(80367,'UPDATE mae_productos SET pro_precio_compra_bruto=412.93,pro_margen_actual=(pro_precio_venta-412.93)/412.93 * 100,pro_ultima_compra=@@@2013.10.19@@@,pro_ultimo_proveedor=@@@94528000-K@@@ WHERE pro_codigo_plu=780721772','',2,'2013-10-19'),(80368,'UPDATE mae_productos SET pro_precio_compra_bruto=268.94,pro_margen_actual=(pro_precio_venta-268.94)/268.94 * 100,pro_ultima_compra=@@@2013.10.19@@@,pro_ultimo_proveedor=@@@94528000-K@@@ WHERE pro_codigo_plu=14236','',2,'2013-10-19'),(80369,'UPDATE mae_productos SET pro_precio_compra_bruto=268.94,pro_margen_actual=(pro_precio_venta-268.94)/268.94 * 100,pro_ultima_compra=@@@2013.10.19@@@,pro_ultimo_proveedor=@@@94528000-K@@@ WHERE pro_codigo_plu=13772','',2,'2013-10-19'),(80370,'UPDATE mae_productos SET pro_precio_compra_bruto=412.93,pro_margen_actual=(pro_precio_venta-412.93)/412.93 * 100,pro_ultima_compra=@@@2013.10.19@@@,pro_ultimo_proveedor=@@@94528000-K@@@ WHERE pro_codigo_plu=780200000','',2,'2013-10-19'),(80371,'UPDATE mae_productos SET pro_precio_compra_bruto=110.67,pro_margen_actual=(pro_precio_venta-110.67)/110.67 * 100,pro_ultima_compra=@@@2013.10.19@@@,pro_ultimo_proveedor=@@@94528000-K@@@ WHERE pro_codigo_plu=763487','',2,'2013-10-19'),(80372,'UPDATE mae_productos SET pro_precio_compra_bruto=385.56,pro_margen_actual=(pro_precio_venta-385.56)/385.56 * 100,pro_ultima_compra=@@@2013.10.19@@@,pro_ultimo_proveedor=@@@94528000-K@@@ WHERE pro_codigo_plu=763398','',2,'2013-10-19'),(80373,'UPDATE mae_productos SET pro_precio_compra_bruto=268.94,pro_margen_actual=(pro_precio_venta-268.94)/268.94 * 100,pro_ultima_compra=@@@2013.10.19@@@,pro_ultimo_proveedor=@@@94528000-K@@@ WHERE pro_codigo_plu=763397','',2,'2013-10-19'),(80374,'UPDATE mae_productos SET pro_precio_compra_bruto=781.83,pro_margen_actual=(pro_precio_venta-781.83)/781.83 * 100,pro_ultima_compra=@@@2013.10.19@@@,pro_ultimo_proveedor=@@@94528000-K@@@ WHERE pro_codigo_plu=780722033','',2,'2013-10-19'),(80375,'UPDATE mae_productos SET pro_precio_compra_bruto=304.64,pro_margen_actual=(pro_precio_venta-304.64)/304.64 * 100,pro_ultima_compra=@@@2013.10.19@@@,pro_ultimo_proveedor=@@@94528000-K@@@ WHERE pro_codigo_plu=765086','',2,'2013-10-19'),(80376,'UPDATE mae_productos SET pro_precio_compra_bruto=102.34,pro_margen_actual=(pro_precio_venta-102.34)/102.34 * 100,pro_ultima_compra=@@@2013.10.19@@@,pro_ultimo_proveedor=@@@94528000-K@@@ WHERE pro_codigo_plu=762445','',2,'2013-10-19'),(80377,'UPDATE mae_productos SET pro_precio_compra_bruto=412.93,pro_margen_actual=(pro_precio_venta-412.93)/412.93 * 100,pro_ultima_compra=@@@2013.10.19@@@,pro_ultimo_proveedor=@@@94528000-K@@@ WHERE pro_codigo_plu=780721685','',2,'2013-10-19'),(80378,'UPDATE mae_productos SET pro_precio_compra_bruto=268.94,pro_margen_actual=(pro_precio_venta-268.94)/268.94 * 100,pro_ultima_compra=@@@2013.10.19@@@,pro_ultimo_proveedor=@@@94528000-K@@@ WHERE pro_codigo_plu=13593','',2,'2013-10-19'),(80379,'INSERT INTO gne_vale_ferreteria (vfe_id,vfe_fecha,vfe_total,vfe_estado,vfe_entregado,usu_nusuario) VALUES (14286,@@@2013.10.19@@@,720,1,0,@@@G_DIAZ@@@)','',2,'2013-10-19'),(80380,'INSERT INTO gne_vale_ferreteria_mov (vfe_id,pro_codigo_plu,vfm_cantidad,vfm_unitario,vfm_total,vfm_entregado) VALUES (14286,19866,1,720,720,@@@NO@@@)','',2,'2013-10-19'),(80381,'INSERT INTO gne_vale_ferreteria (vfe_id,vfe_fecha,vfe_total,vfe_estado,vfe_entregado,usu_nusuario) VALUES (14287,@@@2013.10.19@@@,1290,1,0,@@@G_DIAZ@@@)','',2,'2013-10-19'),(80382,'INSERT INTO gne_vale_ferreteria_mov (vfe_id,pro_codigo_plu,vfm_cantidad,vfm_unitario,vfm_total,vfm_entregado) VALUES (14287,780220109,1,200,200,@@@NO@@@)','',2,'2013-10-19'),(80383,'INSERT INTO gne_vale_ferreteria_mov (vfe_id,pro_codigo_plu,vfm_cantidad,vfm_unitario,vfm_total,vfm_entregado) VALUES (14287,78017014,1,200,200,@@@NO@@@)','',2,'2013-10-19'),(80384,'INSERT INTO gne_vale_ferreteria_mov (vfe_id,pro_codigo_plu,vfm_cantidad,vfm_unitario,vfm_total,vfm_entregado) VALUES (14287,78017140,1,200,200,@@@NO@@@)','',2,'2013-10-19'),(80385,'INSERT INTO gne_vale_ferreteria_mov (vfe_id,pro_codigo_plu,vfm_cantidad,vfm_unitario,vfm_total,vfm_entregado) VALUES (14287,20836,1,690,690,@@@NO@@@)','',2,'2013-10-19'),(80386,'INSERT INTO gne_vale_ferreteria (vfe_id,vfe_fecha,vfe_total,vfe_estado,vfe_entregado,usu_nusuario) VALUES (14288,@@@2013.10.19@@@,1390,1,0,@@@G_DIAZ@@@)','',2,'2013-10-19'),(80387,'INSERT INTO gne_vale_ferreteria_mov (vfe_id,pro_codigo_plu,vfm_cantidad,vfm_unitario,vfm_total,vfm_entregado) VALUES (14288,780721339,1,1390,1390,@@@NO@@@)','',2,'2013-10-19'),(80388,'INSERT INTO mae_productos (pro_codigo_plu,pro_codigo_barra,pro_tipo,pro_nombre_producto,pro_nombre_corto,med_id,emb_id,pro_unidades_embalaje,dep_id,lin_id,mar_id,pro_precio_compra_neto,pro_precio_compra_bruto,pro_precio_venta,pro_margen_actual,pro_oferta,pro_fecha_inicio_oferta,pro_fecha_termino_oferta,pro_precio_oferta,pro_stock_minimo,pro_stock_critico,pro_entradas_bodega,pro_salidas_bodega,pro_mermas_bodega,pro_ajustes_bodega,pro_entradas_sv,pro_salidas_sv,pro_mermas_sv,pro_ajustes_sv,pro_activo,rec_numero,pro_unidad,pro_capacidad,pro_consumo_bodega,pro_consumo_sv,pro_estado,pro_funcion_plu,pro_flejes,pro_iva,pro_plu_asociado,pro_envase,pro_duracion,pro_numero_etiqueta) VALUES (780722045,@@@7801620004903@@@,@@@0@@@,@@@BEBIDA PAP ZERO 2,5 LT@@@,@@@BEBIDA PAP ZERO @@@,@@@3 @@@,@@@6 @@@,@@@6@@@,@@@4 @@@,@@@55@@@,@@@1753@@@,@@@0@@@,@@@831.33@@@,@@@1@@@,@@@-99.88@@@,@@@@@@,@@@2006.09.07@@@,@@@2006.09.07@@@,@@@0@@@,@@@12@@@,@@@6@@@,@@@0@@@,@@@0@@@,@@@0@@@,@@@0@@@,@@@0@@@,@@@0@@@,@@@0@@@,@@@0@@@,@@@1@@@,@@@0@@@,0,2.5,0,0,2,0,1,1,0,@@@NO@@@,0,0)','',2,'2013-10-19'),(80389,'DELETE FROM mae_impuestos_productos WHERE pro_codigo_plu=@@@780722045@@@','',2,'2013-10-19'),(80390,'INSERT INTO gne_vale_ferreteria (vfe_id,vfe_fecha,vfe_total,vfe_estado,vfe_entregado,usu_nusuario) VALUES (14289,@@@2013.10.19@@@,1050,1,0,@@@G_DIAZ@@@)','',2,'2013-10-19'),(80391,'INSERT INTO gne_vale_ferreteria_mov (vfe_id,pro_codigo_plu,vfm_cantidad,vfm_unitario,vfm_total,vfm_entregado) VALUES (14289,780721061,1,1050,1050,@@@NO@@@)','',2,'2013-10-19'),(80392,'INSERT INTO gne_vale_ferreteria (vfe_id,vfe_fecha,vfe_total,vfe_estado,vfe_entregado,usu_nusuario) VALUES (14290,@@@2013.10.19@@@,1490,1,0,@@@G_DIAZ@@@)','',2,'2013-10-19'),(80393,'INSERT INTO gne_vale_ferreteria_mov (vfe_id,pro_codigo_plu,vfm_cantidad,vfm_unitario,vfm_total,vfm_entregado) VALUES (14290,762121,1,1490,1490,@@@NO@@@)','',2,'2013-10-19'),(80394,'INSERT INTO gne_vale_ferreteria (vfe_id,vfe_fecha,vfe_total,vfe_estado,vfe_entregado,usu_nusuario) VALUES (14291,@@@2013.10.19@@@,410,1,0,@@@G_DIAZ@@@)','',2,'2013-10-19'),(80395,'INSERT INTO gne_vale_ferreteria_mov (vfe_id,pro_codigo_plu,vfm_cantidad,vfm_unitario,vfm_total,vfm_entregado) VALUES (14291,763772,1,290,290,@@@NO@@@)','',2,'2013-10-19'),(80396,'INSERT INTO gne_vale_ferreteria_mov (vfe_id,pro_codigo_plu,vfm_cantidad,vfm_unitario,vfm_total,vfm_entregado) VALUES (14291,78017016,1,120,120,@@@NO@@@)','',2,'2013-10-19'),(80397,'INSERT INTO gne_vale_ferreteria (vfe_id,vfe_fecha,vfe_total,vfe_estado,vfe_entregado,usu_nusuario) VALUES (14292,@@@2013.10.19@@@,180,1,0,@@@G_DIAZ@@@)','',2,'2013-10-19'),(80398,'INSERT INTO gne_vale_ferreteria_mov (vfe_id,pro_codigo_plu,vfm_cantidad,vfm_unitario,vfm_total,vfm_entregado) VALUES (14292,15745,1,180,180,@@@NO@@@)','',2,'2013-10-19'),(80399,'INSERT INTO gne_vale_ferreteria (vfe_id,vfe_fecha,vfe_total,vfe_estado,vfe_entregado,usu_nusuario) VALUES (14293,@@@2013.10.19@@@,2200,1,0,@@@G_DIAZ@@@)','',2,'2013-10-19'),(80400,'INSERT INTO gne_vale_ferreteria_mov (vfe_id,pro_codigo_plu,vfm_cantidad,vfm_unitario,vfm_total,vfm_entregado) VALUES (14293,780220125,1,1990,1990,@@@NO@@@)','',2,'2013-10-19'),(80401,'INSERT INTO gne_vale_ferreteria_mov (vfe_id,pro_codigo_plu,vfm_cantidad,vfm_unitario,vfm_total,vfm_entregado) VALUES (14293,764122,1,210,210,@@@NO@@@)','',2,'2013-10-19'),(80402,'INSERT INTO gne_vale_ferreteria (vfe_id,vfe_fecha,vfe_total,vfe_estado,vfe_entregado,usu_nusuario) VALUES (14294,@@@2013.10.19@@@,1490,1,0,@@@G_DIAZ@@@)','',2,'2013-10-19'),(80403,'INSERT INTO gne_vale_ferreteria_mov (vfe_id,pro_codigo_plu,vfm_cantidad,vfm_unitario,vfm_total,vfm_entregado) VALUES (14294,764439,1,1290,1290,@@@NO@@@)','',2,'2013-10-19'),(80404,'INSERT INTO gne_vale_ferreteria_mov (vfe_id,pro_codigo_plu,vfm_cantidad,vfm_unitario,vfm_total,vfm_entregado) VALUES (14294,1539,20,10,200,@@@NO@@@)','',2,'2013-10-19'),(80405,'INSERT INTO gne_vale_ferreteria (vfe_id,vfe_fecha,vfe_total,vfe_estado,vfe_entregado,usu_nusuario) VALUES (14295,@@@2013.10.19@@@,900,1,0,@@@G_DIAZ@@@)','',2,'2013-10-19'),(80406,'INSERT INTO gne_vale_ferreteria_mov (vfe_id,pro_codigo_plu,vfm_cantidad,vfm_unitario,vfm_total,vfm_entregado) VALUES (14295,780721808,2,450,900,@@@NO@@@)','',2,'2013-10-19'),(80407,'UPDATE mae_productos SET pro_precio_compra_bruto=412.66,pro_margen_actual=(pro_precio_venta-412.66)/412.66 * 100,pro_ultima_compra=@@@2013.10.19@@@,pro_ultimo_proveedor=@@@99554560-8@@@ WHERE pro_codigo_plu=102671','',2,'2013-10-19'),(80408,'UPDATE mae_productos SET pro_precio_compra_bruto=412.66,pro_margen_actual=(pro_precio_venta-412.66)/412.66 * 100,pro_ultima_compra=@@@2013.10.19@@@,pro_ultimo_proveedor=@@@99554560-8@@@ WHERE pro_codigo_plu=17434','',2,'2013-10-19'),(80409,'UPDATE mae_productos SET pro_precio_compra_bruto=412.66,pro_margen_actual=(pro_precio_venta-412.66)/412.66 * 100,pro_ultima_compra=@@@2013.10.19@@@,pro_ultimo_proveedor=@@@99554560-8@@@ WHERE pro_codigo_plu=763364','',2,'2013-10-19'),(80410,'UPDATE mae_productos SET pro_precio_compra_bruto=412.66,pro_margen_actual=(pro_precio_venta-412.66)/412.66 * 100,pro_ultima_compra=@@@2013.10.19@@@,pro_ultimo_proveedor=@@@99554560-8@@@ WHERE pro_codigo_plu=763376','',2,'2013-10-19'),(80411,'UPDATE mae_productos SET pro_precio_compra_bruto=412.66,pro_margen_actual=(pro_precio_venta-412.66)/412.66 * 100,pro_ultima_compra=@@@2013.10.19@@@,pro_ultimo_proveedor=@@@99554560-8@@@ WHERE pro_codigo_plu=763382','',2,'2013-10-19'),(80412,'UPDATE mae_productos SET pro_precio_compra_bruto=530.3,pro_margen_actual=(pro_precio_venta-530.3)/530.3 * 100,pro_ultima_compra=@@@2013.10.19@@@,pro_ultimo_proveedor=@@@99554560-8@@@ WHERE pro_codigo_plu=17433','',2,'2013-10-19'),(80413,'UPDATE mae_productos SET pro_precio_compra_bruto=530.3,pro_margen_actual=(pro_precio_venta-530.3)/530.3 * 100,pro_ultima_compra=@@@2013.10.19@@@,pro_ultimo_proveedor=@@@99554560-8@@@ WHERE pro_codigo_plu=17486','',2,'2013-10-19'),(80414,'UPDATE mae_productos SET pro_precio_compra_bruto=530.3,pro_margen_actual=(pro_precio_venta-530.3)/530.3 * 100,pro_ultima_compra=@@@2013.10.19@@@,pro_ultimo_proveedor=@@@99554560-8@@@ WHERE pro_codigo_plu=10152','',2,'2013-10-19'),(80415,'UPDATE mae_productos SET pro_precio_compra_bruto=530.3,pro_margen_actual=(pro_precio_venta-530.3)/530.3 * 100,pro_ultima_compra=@@@2013.10.19@@@,pro_ultimo_proveedor=@@@99554560-8@@@ WHERE pro_codigo_plu=763360','',2,'2013-10-19'),(80416,'UPDATE mae_productos SET pro_precio_compra_bruto=530.3,pro_margen_actual=(pro_precio_venta-530.3)/530.3 * 100,pro_ultima_compra=@@@2013.10.19@@@,pro_ultimo_proveedor=@@@99554560-8@@@ WHERE pro_codigo_plu=763383','',2,'2013-10-19'),(80417,'UPDATE mae_productos SET pro_precio_compra_bruto=230.53,pro_margen_actual=(pro_precio_venta-230.53)/230.53 * 100,pro_ultima_compra=@@@2013.10.19@@@,pro_ultimo_proveedor=@@@99554560-8@@@ WHERE pro_codigo_plu=17238','',2,'2013-10-19'),(80418,'UPDATE mae_productos SET pro_precio_compra_bruto=460.41,pro_margen_actual=(pro_precio_venta-460.41)/460.41 * 100,pro_ultima_compra=@@@2013.10.19@@@,pro_ultimo_proveedor=@@@99554560-8@@@ WHERE pro_codigo_plu=17274','',2,'2013-10-19'),(80419,'UPDATE mae_productos SET pro_precio_compra_bruto=460.41,pro_margen_actual=(pro_precio_venta-460.41)/460.41 * 100,pro_ultima_compra=@@@2013.10.19@@@,pro_ultimo_proveedor=@@@99554560-8@@@ WHERE pro_codigo_plu=17229','',2,'2013-10-19'),(80420,'UPDATE mae_productos SET pro_precio_compra_bruto=230.53,pro_margen_actual=(pro_precio_venta-230.53)/230.53 * 100,pro_ultima_compra=@@@2013.10.19@@@,pro_ultimo_proveedor=@@@99554560-8@@@ WHERE pro_codigo_plu=17175','',2,'2013-10-19'),(80421,'UPDATE mae_productos SET pro_precio_compra_bruto=1231.45,pro_margen_actual=(pro_precio_venta-1231.45)/1231.45 * 100,pro_ultima_compra=@@@2013.10.19@@@,pro_ultimo_proveedor=@@@99554560-8@@@ WHERE pro_codigo_plu=17180','',2,'2013-10-19'),(80422,'UPDATE mae_productos SET pro_precio_compra_bruto=1231.45,pro_margen_actual=(pro_precio_venta-1231.45)/1231.45 * 100,pro_ultima_compra=@@@2013.10.19@@@,pro_ultimo_proveedor=@@@99554560-8@@@ WHERE pro_codigo_plu=17275','',2,'2013-10-19'),(80423,'UPDATE mae_productos SET pro_precio_compra_bruto=1231.45,pro_margen_actual=(pro_precio_venta-1231.45)/1231.45 * 100,pro_ultima_compra=@@@2013.10.19@@@,pro_ultimo_proveedor=@@@99554560-8@@@ WHERE pro_codigo_plu=17230','',2,'2013-10-19'),(80424,'UPDATE mae_productos SET pro_precio_compra_bruto=1209.42,pro_margen_actual=(pro_precio_venta-1209.42)/1209.42 * 100,pro_ultima_compra=@@@2013.10.19@@@,pro_ultimo_proveedor=@@@99554560-8@@@ WHERE pro_codigo_plu=17295','',2,'2013-10-19'),(80425,'UPDATE mae_productos SET pro_precio_compra_bruto=1231.45,pro_margen_actual=(pro_precio_venta-1231.45)/1231.45 * 100,pro_ultima_compra=@@@2013.10.19@@@,pro_ultimo_proveedor=@@@99554560-8@@@ WHERE pro_codigo_plu=17266','',2,'2013-10-19'),(80426,'UPDATE mae_productos SET pro_precio_compra_bruto=831.33,pro_margen_actual=(pro_precio_venta-831.33)/831.33 * 100,pro_ultima_compra=@@@2013.10.19@@@,pro_ultimo_proveedor=@@@99554560-8@@@ WHERE pro_codigo_plu=780722045','',2,'2013-10-19'),(80427,'UPDATE mae_productos SET pro_precio_compra_bruto=831.33,pro_margen_actual=(pro_precio_venta-831.33)/831.33 * 100,pro_ultima_compra=@@@2013.10.19@@@,pro_ultimo_proveedor=@@@99554560-8@@@ WHERE pro_codigo_plu=17181','',2,'2013-10-19'),(80428,'UPDATE mae_productos SET pro_precio_compra_bruto=831.33,pro_margen_actual=(pro_precio_venta-831.33)/831.33 * 100,pro_ultima_compra=@@@2013.10.19@@@,pro_ultimo_proveedor=@@@99554560-8@@@ WHERE pro_codigo_plu=17231','',2,'2013-10-19'),(80429,'INSERT INTO gne_vale_ferreteria (vfe_id,vfe_fecha,vfe_total,vfe_estado,vfe_entregado,usu_nusuario) VALUES (14296,@@@2013.10.19@@@,1890,1,0,@@@G_DIAZ@@@)','',2,'2013-10-19'),(80430,'INSERT INTO gne_vale_ferreteria_mov (vfe_id,pro_codigo_plu,vfm_cantidad,vfm_unitario,vfm_total,vfm_entregado) VALUES (14296,763603,1,1890,1890,@@@NO@@@)','',2,'2013-10-19'),(80431,'UPDATE mae_productos SET pro_precio_compra_bruto=1243.5,pro_margen_actual=(pro_precio_venta-1243.5)/1243.5 * 100,pro_ultima_compra=@@@2013.10.19@@@,pro_ultimo_proveedor=@@@99554560-8@@@ WHERE pro_codigo_plu=763675','',2,'2013-10-19'),(80432,'UPDATE mae_productos SET pro_precio_compra_bruto=2743.15,pro_margen_actual=(pro_precio_venta-2743.15)/2743.15 * 100,pro_ultima_compra=@@@2013.10.19@@@,pro_ultimo_proveedor=@@@96547710-1@@@ WHERE pro_codigo_plu=78017226','',2,'2013-10-19'),(80433,'INSERT INTO gne_vale_ferreteria (vfe_id,vfe_fecha,vfe_total,vfe_estado,vfe_entregado,usu_nusuario) VALUES (14297,@@@2013.10.19@@@,1890,1,0,@@@G_DIAZ@@@)','',2,'2013-10-19'),(80434,'INSERT INTO gne_vale_ferreteria_mov (vfe_id,pro_codigo_plu,vfm_cantidad,vfm_unitario,vfm_total,vfm_entregado) VALUES (14297,764313,1,1890,1890,@@@NO@@@)','',2,'2013-10-19'),(80435,'INSERT INTO gne_vale_ferreteria (vfe_id,vfe_fecha,vfe_total,vfe_estado,vfe_entregado,usu_nusuario) VALUES (14298,@@@2013.10.19@@@,890,1,0,@@@G_DIAZ@@@)','',2,'2013-10-19'),(80436,'INSERT INTO gne_vale_ferreteria_mov (vfe_id,pro_codigo_plu,vfm_cantidad,vfm_unitario,vfm_total,vfm_entregado) VALUES (14298,19855,1,890,890,@@@NO@@@)','',2,'2013-10-19'),(80437,'INSERT INTO gne_vale_ferreteria (vfe_id,vfe_fecha,vfe_total,vfe_estado,vfe_entregado,usu_nusuario) VALUES (14299,@@@2013.10.19@@@,1260,1,0,@@@G_DIAZ@@@)','',2,'2013-10-19'),(80438,'INSERT INTO gne_vale_ferreteria_mov (vfe_id,pro_codigo_plu,vfm_cantidad,vfm_unitario,vfm_total,vfm_entregado) VALUES (14299,18799,1,310,310,@@@NO@@@)','',2,'2013-10-19'),(80439,'INSERT INTO gne_vale_ferreteria_mov (vfe_id,pro_codigo_plu,vfm_cantidad,vfm_unitario,vfm_total,vfm_entregado) VALUES (14299,20825,1,950,950,@@@NO@@@)','',2,'2013-10-19'),(80440,'INSERT INTO gne_vale_ferreteria (vfe_id,vfe_fecha,vfe_total,vfe_estado,vfe_entregado,usu_nusuario) VALUES (14300,@@@2013.10.19@@@,1990,1,0,@@@G_DIAZ@@@)','',2,'2013-10-19'),(80441,'INSERT INTO gne_vale_ferreteria_mov (vfe_id,pro_codigo_plu,vfm_cantidad,vfm_unitario,vfm_total,vfm_entregado) VALUES (14300,102414,1,1990,1990,@@@NO@@@)','',2,'2013-10-19'),(80442,'INSERT INTO gne_vale_ferreteria (vfe_id,vfe_fecha,vfe_total,vfe_estado,vfe_entregado,usu_nusuario) VALUES (14301,@@@2013.10.19@@@,590,1,0,@@@G_DIAZ@@@)','',2,'2013-10-19'),(80443,'INSERT INTO gne_vale_ferreteria_mov (vfe_id,pro_codigo_plu,vfm_cantidad,vfm_unitario,vfm_total,vfm_entregado) VALUES (14301,780721716,1,590,590,@@@NO@@@)','',2,'2013-10-19'),(80444,'UPDATE mae_productos SET pro_precio_compra_bruto=1018.54,pro_margen_actual=(pro_precio_venta-1018.54)/1018.54 * 100,pro_ultima_compra=@@@2013.10.19@@@,pro_ultimo_proveedor=@@@76358020-2@@@ WHERE pro_codigo_plu=12652','',2,'2013-10-19'),(80445,'UPDATE mae_productos SET pro_precio_compra_bruto=261.46,pro_margen_actual=(pro_precio_venta-261.46)/261.46 * 100,pro_ultima_compra=@@@2013.10.19@@@,pro_ultimo_proveedor=@@@76358020-2@@@ WHERE pro_codigo_plu=764862','',2,'2013-10-19'),(80446,'UPDATE mae_productos SET pro_precio_compra_bruto=261.46,pro_margen_actual=(pro_precio_venta-261.46)/261.46 * 100,pro_ultima_compra=@@@2013.10.19@@@,pro_ultimo_proveedor=@@@76358020-2@@@ WHERE pro_codigo_plu=763289','',2,'2013-10-19'),(80447,'UPDATE mae_productos SET pro_precio_compra_bruto=421.65,pro_margen_actual=(pro_precio_venta-421.65)/421.65 * 100,pro_ultima_compra=@@@2013.10.19@@@,pro_ultimo_proveedor=@@@76358020-2@@@ WHERE pro_codigo_plu=12323','',2,'2013-10-19'),(80448,'UPDATE mae_productos SET pro_precio_compra_bruto=421.65,pro_margen_actual=(pro_precio_venta-421.65)/421.65 * 100,pro_ultima_compra=@@@2013.10.19@@@,pro_ultimo_proveedor=@@@76358020-2@@@ WHERE pro_codigo_plu=762003','',2,'2013-10-19'),(80449,'UPDATE mae_productos SET pro_precio_compra_bruto=421.65,pro_margen_actual=(pro_precio_venta-421.65)/421.65 * 100,pro_ultima_compra=@@@2013.10.19@@@,pro_ultimo_proveedor=@@@76358020-2@@@ WHERE pro_codigo_plu=12319','',2,'2013-10-19'),(80450,'UPDATE mae_productos SET pro_precio_compra_bruto=257.76,pro_margen_actual=(pro_precio_venta-257.76)/257.76 * 100,pro_ultima_compra=@@@2013.10.19@@@,pro_ultimo_proveedor=@@@76358020-2@@@ WHERE pro_codigo_plu=11961','',2,'2013-10-19'),(80451,'UPDATE mae_productos SET pro_precio_compra_bruto=257.76,pro_margen_actual=(pro_precio_venta-257.76)/257.76 * 100,pro_ultima_compra=@@@2013.10.19@@@,pro_ultimo_proveedor=@@@76358020-2@@@ WHERE pro_codigo_plu=11963','',2,'2013-10-19'),(80452,'UPDATE mae_productos SET pro_precio_compra_bruto=356.1,pro_margen_actual=(pro_precio_venta-356.1)/356.1 * 100,pro_ultima_compra=@@@2013.10.19@@@,pro_ultimo_proveedor=@@@76358020-2@@@ WHERE pro_codigo_plu=11953','',2,'2013-10-19'),(80453,'UPDATE mae_productos SET pro_precio_compra_bruto=356.1,pro_margen_actual=(pro_precio_venta-356.1)/356.1 * 100,pro_ultima_compra=@@@2013.10.19@@@,pro_ultimo_proveedor=@@@76358020-2@@@ WHERE pro_codigo_plu=12035','',2,'2013-10-19'),(80454,'UPDATE mae_productos SET pro_precio_compra_bruto=575.42,pro_margen_actual=(pro_precio_venta-575.42)/575.42 * 100,pro_ultima_compra=@@@2013.10.19@@@,pro_ultimo_proveedor=@@@76358020-2@@@ WHERE pro_codigo_plu=780722023','',2,'2013-10-19'),(80455,'UPDATE mae_productos SET pro_precio_compra_bruto=575.42,pro_margen_actual=(pro_precio_venta-575.42)/575.42 * 100,pro_ultima_compra=@@@2013.10.19@@@,pro_ultimo_proveedor=@@@76358020-2@@@ WHERE pro_codigo_plu=770217408','',2,'2013-10-19'),(80456,'UPDATE mae_productos SET pro_precio_compra_bruto=103.95,pro_margen_actual=(pro_precio_venta-103.95)/103.95 * 100,pro_ultima_compra=@@@2013.10.19@@@,pro_ultimo_proveedor=@@@76358020-2@@@ WHERE pro_codigo_plu=761574','',2,'2013-10-19'),(80457,'UPDATE mae_productos SET pro_precio_compra_bruto=103.95,pro_margen_actual=(pro_precio_venta-103.95)/103.95 * 100,pro_ultima_compra=@@@2013.10.19@@@,pro_ultimo_proveedor=@@@76358020-2@@@ WHERE pro_codigo_plu=761573','',2,'2013-10-19'),(80458,'UPDATE mae_productos SET pro_precio_compra_bruto=103.95,pro_margen_actual=(pro_precio_venta-103.95)/103.95 * 100,pro_ultima_compra=@@@2013.10.19@@@,pro_ultimo_proveedor=@@@76358020-2@@@ WHERE pro_codigo_plu=761575','',2,'2013-10-19'),(80459,'UPDATE mae_productos SET pro_precio_compra_bruto=516.46,pro_margen_actual=(pro_precio_venta-516.46)/516.46 * 100,pro_ultima_compra=@@@2013.10.19@@@,pro_ultimo_proveedor=@@@76358020-2@@@ WHERE pro_codigo_plu=11045','',2,'2013-10-19'),(80460,'UPDATE mae_productos SET pro_precio_compra_bruto=516.46,pro_margen_actual=(pro_precio_venta-516.46)/516.46 * 100,pro_ultima_compra=@@@2013.10.19@@@,pro_ultimo_proveedor=@@@76358020-2@@@ WHERE pro_codigo_plu=11040','',2,'2013-10-19'),(80461,'INSERT INTO gne_vale_ferreteria (vfe_id,vfe_fecha,vfe_total,vfe_estado,vfe_entregado,usu_nusuario) VALUES (14302,@@@2013.10.19@@@,1200,1,0,@@@G_DIAZ@@@)','',2,'2013-10-19'),(80462,'INSERT INTO gne_vale_ferreteria_mov (vfe_id,pro_codigo_plu,vfm_cantidad,vfm_unitario,vfm_total,vfm_entregado) VALUES (14302,764364,3,140,420,@@@NO@@@)','',2,'2013-10-19'),(80463,'INSERT INTO gne_vale_ferreteria_mov (vfe_id,pro_codigo_plu,vfm_cantidad,vfm_unitario,vfm_total,vfm_entregado) VALUES (14302,12083,3,260,780,@@@NO@@@)','',2,'2013-10-19'),(80464,'INSERT INTO gne_vale_ferreteria (vfe_id,vfe_fecha,vfe_total,vfe_estado,vfe_entregado,usu_nusuario) VALUES (14303,@@@2013.10.19@@@,100,1,0,@@@G_DIAZ@@@)','',2,'2013-10-19'),(80465,'INSERT INTO gne_vale_ferreteria_mov (vfe_id,pro_codigo_plu,vfm_cantidad,vfm_unitario,vfm_total,vfm_entregado) VALUES (14303,1539,10,10,100,@@@NO@@@)','',2,'2013-10-19'),(80466,'UPDATE mae_productos SET pro_precio_venta=549,pro_margen_actual= 33.04 WHERE pro_codigo_plu=763364','',2,'2013-10-19'),(80467,'UPDATE mae_productos SET pro_precio_venta=1050,pro_margen_actual= 26.3 WHERE pro_codigo_plu=780722045','',2,'2013-10-19'),(80468,'UPDATE mae_productos SET pro_precio_venta=1050,pro_margen_actual= 26.3 WHERE pro_codigo_plu=17181','',2,'2013-10-19'),(80469,'UPDATE mae_productos SET pro_precio_venta=1050,pro_margen_actual= 26.3 WHERE pro_codigo_plu=17231','',2,'2013-10-19'),(80470,'UPDATE mae_productos SET pro_precio_venta=600,pro_margen_actual= 30.32 WHERE pro_codigo_plu=17274','',2,'2013-10-19'),(80471,'UPDATE mae_productos SET pro_precio_venta=600,pro_margen_actual= 30.32 WHERE pro_codigo_plu=17229','',2,'2013-10-19'),(80472,'UPDATE mae_productos SET pro_precio_venta=700,pro_margen_actual= 32 WHERE pro_codigo_plu=17486','',2,'2013-10-19'),(80473,'INSERT INTO gne_vale_ferreteria (vfe_id,vfe_fecha,vfe_total,vfe_estado,vfe_entregado,usu_nusuario) VALUES (14304,@@@2013.10.19@@@,1990,1,0,@@@G_DIAZ@@@)','',2,'2013-10-19'),(80474,'INSERT INTO gne_vale_ferreteria_mov (vfe_id,pro_codigo_plu,vfm_cantidad,vfm_unitario,vfm_total,vfm_entregado) VALUES (14304,1505,1,1990,1990,@@@NO@@@)','',2,'2013-10-19'),(80475,'INSERT INTO gne_vale_ferreteria (vfe_id,vfe_fecha,vfe_total,vfe_estado,vfe_entregado,usu_nusuario) VALUES (14305,@@@2013.10.19@@@,2130,1,0,@@@G_DIAZ@@@)','',2,'2013-10-19'),(80476,'INSERT INTO gne_vale_ferreteria_mov (vfe_id,pro_codigo_plu,vfm_cantidad,vfm_unitario,vfm_total,vfm_entregado) VALUES (14305,764159,12,120,1440,@@@NO@@@)','',2,'2013-10-19'),(80477,'INSERT INTO gne_vale_ferreteria_mov (vfe_id,pro_codigo_plu,vfm_cantidad,vfm_unitario,vfm_total,vfm_entregado) VALUES (14305,78017055,1,690,690,@@@NO@@@)','',2,'2013-10-19'),(80478,'UPDATE mae_productos SET pro_precio_venta=2190,pro_margen_actual= 44.45 WHERE pro_codigo_plu=102535','',2,'2013-10-19'),(80479,'INSERT INTO gne_vale_ferreteria (vfe_id,vfe_fecha,vfe_total,vfe_estado,vfe_entregado,usu_nusuario) VALUES (14306,@@@2013.10.19@@@,2390,1,0,@@@G_DIAZ@@@)','',2,'2013-10-19'),(80480,'INSERT INTO gne_vale_ferreteria_mov (vfe_id,pro_codigo_plu,vfm_cantidad,vfm_unitario,vfm_total,vfm_entregado) VALUES (14306,780721489,1,2390,2390,@@@NO@@@)','',2,'2013-10-19'),(80481,'UPDATE mae_productos SET pro_precio_venta=1350,pro_margen_actual= 32.54 WHERE pro_codigo_plu=12652','',2,'2013-10-19'),(80482,'UPDATE mae_productos SET pro_precio_venta=750,pro_margen_actual= 30.34 WHERE pro_codigo_plu=770217408','',2,'2013-10-19'),(80483,'UPDATE mae_productos SET pro_precio_venta=340,pro_margen_actual= 31.91 WHERE pro_codigo_plu=11961','',2,'2013-10-19'),(80484,'UPDATE mae_productos SET pro_precio_venta=340,pro_margen_actual= 31.91 WHERE pro_codigo_plu=11963','',2,'2013-10-19'),(80485,'UPDATE mae_productos SET pro_precio_venta=470,pro_margen_actual= 31.99 WHERE pro_codigo_plu=11953','',2,'2013-10-19'),(80486,'UPDATE mae_productos SET pro_precio_venta=470,pro_margen_actual= 31.99 WHERE pro_codigo_plu=12035','',2,'2013-10-19'),(80487,'UPDATE mae_productos SET pro_precio_venta=550,pro_margen_actual= 30.44 WHERE pro_codigo_plu=762003','',2,'2013-10-19'),(80488,'UPDATE mae_productos SET pro_precio_venta=550,pro_margen_actual= 30.44 WHERE pro_codigo_plu=12323','',2,'2013-10-19'),(80489,'UPDATE mae_productos SET pro_precio_venta=550,pro_margen_actual= 30.44 WHERE pro_codigo_plu=12319','',2,'2013-10-19'),(80490,'UPDATE mae_productos SET pro_precio_fiscal=pro_precio_venta WHERE pro_codigo_plu=335','',2,'2013-10-19'),(80491,'UPDATE mae_productos SET pro_precio_fiscal=pro_precio_venta WHERE pro_codigo_plu=338','',2,'2013-10-19'),(80492,'UPDATE mae_productos SET pro_precio_fiscal=pro_precio_venta WHERE pro_codigo_plu=763364','',2,'2013-10-19'),(80493,'UPDATE mae_productos SET pro_precio_fiscal=pro_precio_venta WHERE pro_codigo_plu=780722045','',2,'2013-10-19'),(80494,'UPDATE mae_productos SET pro_precio_fiscal=pro_precio_venta WHERE pro_codigo_plu=17274','',2,'2013-10-19'),(80495,'UPDATE mae_productos SET pro_precio_fiscal=pro_precio_venta WHERE pro_codigo_plu=17229','',2,'2013-10-19'),(80496,'UPDATE mae_productos SET pro_precio_fiscal=pro_precio_venta WHERE pro_codigo_plu=17486','',2,'2013-10-19'),(80497,'UPDATE mae_productos SET pro_precio_fiscal=pro_precio_venta WHERE pro_codigo_plu=17181','',2,'2013-10-19'),(80498,'UPDATE mae_productos SET pro_precio_fiscal=pro_precio_venta WHERE pro_codigo_plu=17231','',2,'2013-10-19'),(80499,'UPDATE mae_productos SET pro_precio_fiscal=pro_precio_venta WHERE pro_codigo_plu=102535','',2,'2013-10-19'),(80500,'UPDATE mae_productos SET pro_precio_fiscal=pro_precio_venta WHERE pro_codigo_plu=12652','',2,'2013-10-19'),(80501,'UPDATE mae_productos SET pro_precio_fiscal=pro_precio_venta WHERE pro_codigo_plu=770217408','',2,'2013-10-19'),(80502,'UPDATE mae_productos SET pro_precio_fiscal=pro_precio_venta WHERE pro_codigo_plu=11961','',2,'2013-10-19'),(80503,'UPDATE mae_productos SET pro_precio_fiscal=pro_precio_venta WHERE pro_codigo_plu=11963','',2,'2013-10-19'),(80504,'UPDATE mae_productos SET pro_precio_fiscal=pro_precio_venta WHERE pro_codigo_plu=11953','',2,'2013-10-19'),(80505,'UPDATE mae_productos SET pro_precio_fiscal=pro_precio_venta WHERE pro_codigo_plu=12035','',2,'2013-10-19'),(80506,'UPDATE mae_productos SET pro_precio_fiscal=pro_precio_venta WHERE pro_codigo_plu=762003','',2,'2013-10-19'),(80507,'UPDATE mae_productos SET pro_precio_fiscal=pro_precio_venta WHERE pro_codigo_plu=12323','',2,'2013-10-19'),(80508,'UPDATE mae_productos SET pro_precio_fiscal=pro_precio_venta WHERE pro_codigo_plu=12319','',2,'2013-10-19'),(80509,'UPDATE mae_productos SET pro_precio_fiscal=pro_precio_venta WHERE pro_codigo_plu=16002','',2,'2013-10-19'),(80510,'UPDATE mae_productos SET pro_precio_fiscal=pro_precio_venta WHERE pro_codigo_plu=16011','',2,'2013-10-19'),(80511,'UPDATE mae_productos SET pro_precio_fiscal=pro_precio_venta WHERE pro_codigo_plu=16807','',2,'2013-10-19'),(80512,'UPDATE mae_productos SET pro_precio_fiscal=pro_precio_venta WHERE pro_codigo_plu=16813','',2,'2013-10-19'),(80513,'UPDATE mae_productos SET pro_precio_fiscal=pro_precio_venta WHERE pro_codigo_plu=780722044','',2,'2013-10-19'),(80514,'UPDATE mae_productos SET pro_precio_fiscal=pro_precio_venta WHERE pro_codigo_plu=16406','',2,'2013-10-19'),(80515,'INSERT INTO gne_vale_ferreteria (vfe_id,vfe_fecha,vfe_total,vfe_estado,vfe_entregado,usu_nusuario) VALUES (14307,@@@2013.10.19@@@,8180,1,0,@@@G_DIAZ@@@)','',2,'2013-10-19'),(80516,'INSERT INTO gne_vale_ferreteria_mov (vfe_id,pro_codigo_plu,vfm_cantidad,vfm_unitario,vfm_total,vfm_entregado) VALUES (14307,770089,1,5990,5990,@@@NO@@@)','',2,'2013-10-19'),(80517,'INSERT INTO gne_vale_ferreteria_mov (vfe_id,pro_codigo_plu,vfm_cantidad,vfm_unitario,vfm_total,vfm_entregado) VALUES (14307,780721865,1,2190,2190,@@@NO@@@)','',2,'2013-10-19'),(80518,'INSERT INTO gne_vale_ferreteria (vfe_id,vfe_fecha,vfe_total,vfe_estado,vfe_entregado,usu_nusuario) VALUES (14308,@@@2013.10.19@@@,300,1,0,@@@G_DIAZ@@@)','',2,'2013-10-19'),(80519,'INSERT INTO gne_vale_ferreteria_mov (vfe_id,pro_codigo_plu,vfm_cantidad,vfm_unitario,vfm_total,vfm_entregado) VALUES (14308,780721220,1,300,300,@@@NO@@@)','',2,'2013-10-19'),(80520,'INSERT INTO gne_vale_ferreteria (vfe_id,vfe_fecha,vfe_total,vfe_estado,vfe_entregado,usu_nusuario) VALUES (14309,@@@2013.10.19@@@,300,1,0,@@@G_DIAZ@@@)','',2,'2013-10-19'),(80521,'INSERT INTO gne_vale_ferreteria_mov (vfe_id,pro_codigo_plu,vfm_cantidad,vfm_unitario,vfm_total,vfm_entregado) VALUES (14309,780220196,1,300,300,@@@NO@@@)','',2,'2013-10-19'),(80522,'INSERT INTO gne_vale_ferreteria (vfe_id,vfe_fecha,vfe_total,vfe_estado,vfe_entregado,usu_nusuario) VALUES (14310,@@@2013.10.19@@@,1380,1,0,@@@G_DIAZ@@@)','',2,'2013-10-19'),(80523,'INSERT INTO gne_vale_ferreteria_mov (vfe_id,pro_codigo_plu,vfm_cantidad,vfm_unitario,vfm_total,vfm_entregado) VALUES (14310,764055,2,690,1380,@@@NO@@@)','',2,'2013-10-19'),(80524,'INSERT INTO gne_vale_ferreteria (vfe_id,vfe_fecha,vfe_total,vfe_estado,vfe_entregado,usu_nusuario) VALUES (14311,@@@2013.10.19@@@,490,1,0,@@@G_DIAZ@@@)','',2,'2013-10-19'),(80525,'INSERT INTO gne_vale_ferreteria_mov (vfe_id,pro_codigo_plu,vfm_cantidad,vfm_unitario,vfm_total,vfm_entregado) VALUES (14311,770007,1,490,490,@@@NO@@@)','',2,'2013-10-19'),(80526,'INSERT INTO gne_vale_ferreteria (vfe_id,vfe_fecha,vfe_total,vfe_estado,vfe_entregado,usu_nusuario) VALUES (14312,@@@2013.10.19@@@,980,1,0,@@@G_DIAZ@@@)','',2,'2013-10-19'),(80527,'INSERT INTO gne_vale_ferreteria_mov (vfe_id,pro_codigo_plu,vfm_cantidad,vfm_unitario,vfm_total,vfm_entregado) VALUES (14312,19876,1,980,980,@@@NO@@@)','',2,'2013-10-19'),(80528,'UPDATE mae_productos SET pro_margen_actual=13.56,pro_precio_venta=1500 WHERE pro_codigo_plu=780721804','',2,'2013-10-19'),(80529,'UPDATE mae_productos SET pro_margen_actual=5.99,pro_precio_venta=1600 WHERE pro_codigo_plu=764106','',2,'2013-10-19'),(80530,'UPDATE mae_productos SET pro_margen_actual=13.56,pro_precio_venta=1500 WHERE pro_codigo_plu=780721803','',2,'2013-10-19'),(80531,'UPDATE mae_productos SET pro_precio_fiscal=pro_precio_venta WHERE pro_codigo_plu=780721803','',2,'2013-10-19'),(80532,'UPDATE mae_productos SET pro_precio_fiscal=pro_precio_venta WHERE pro_codigo_plu=780721804','',2,'2013-10-19'),(80533,'INSERT INTO gne_vale_ferreteria (vfe_id,vfe_fecha,vfe_total,vfe_estado,vfe_entregado,usu_nusuario) VALUES (14313,@@@2013.10.19@@@,790,1,0,@@@G_DIAZ@@@)','',2,'2013-10-19'),(80534,'INSERT INTO gne_vale_ferreteria_mov (vfe_id,pro_codigo_plu,vfm_cantidad,vfm_unitario,vfm_total,vfm_entregado) VALUES (14313,1553,1,790,790,@@@NO@@@)','',2,'2013-10-19'),(80535,'INSERT INTO gne_vale_ferreteria (vfe_id,vfe_fecha,vfe_total,vfe_estado,vfe_entregado,usu_nusuario) VALUES (14314,@@@2013.10.19@@@,1990,1,0,@@@G_DIAZ@@@)','',2,'2013-10-19'),(80536,'INSERT INTO gne_vale_ferreteria_mov (vfe_id,pro_codigo_plu,vfm_cantidad,vfm_unitario,vfm_total,vfm_entregado) VALUES (14314,101563,1,1990,1990,@@@NO@@@)','',2,'2013-10-19'),(80537,'INSERT INTO gne_vale_ferreteria (vfe_id,vfe_fecha,vfe_total,vfe_estado,vfe_entregado,usu_nusuario) VALUES (14315,@@@2013.10.19@@@,4370,1,0,@@@G_DIAZ@@@)','',2,'2013-10-19'),(80538,'INSERT INTO gne_vale_ferreteria_mov (vfe_id,pro_codigo_plu,vfm_cantidad,vfm_unitario,vfm_total,vfm_entregado) VALUES (14315,101563,1,1990,1990,@@@NO@@@)','',2,'2013-10-19'),(80539,'INSERT INTO gne_vale_ferreteria_mov (vfe_id,pro_codigo_plu,vfm_cantidad,vfm_unitario,vfm_total,vfm_entregado) VALUES (14315,20880,1,890,890,@@@NO@@@)','',2,'2013-10-19'),(80540,'INSERT INTO gne_vale_ferreteria_mov (vfe_id,pro_codigo_plu,vfm_cantidad,vfm_unitario,vfm_total,vfm_entregado) VALUES (14315,10426,1,1490,1490,@@@NO@@@)','',2,'2013-10-19'),(80541,'INSERT INTO gne_vale_ferreteria (vfe_id,vfe_fecha,vfe_total,vfe_estado,vfe_entregado,usu_nusuario) VALUES (14316,@@@2013.10.19@@@,6687,1,0,@@@G_DIAZ@@@)','',2,'2013-10-19'),(80542,'INSERT INTO gne_vale_ferreteria_mov (vfe_id,pro_codigo_plu,vfm_cantidad,vfm_unitario,vfm_total,vfm_entregado) VALUES (14316,763770,1,4890,4890,@@@NO@@@)','',2,'2013-10-19'),(80543,'INSERT INTO gne_vale_ferreteria_mov (vfe_id,pro_codigo_plu,vfm_cantidad,vfm_unitario,vfm_total,vfm_entregado) VALUES (14316,19916,3,599,1797,@@@NO@@@)','',2,'2013-10-19'),(80544,'INSERT INTO gne_vale_ferreteria (vfe_id,vfe_fecha,vfe_total,vfe_estado,vfe_entregado,usu_nusuario) VALUES (14317,@@@2013.10.19@@@,390,1,0,@@@G_DIAZ@@@)','',2,'2013-10-19'),(80545,'INSERT INTO gne_vale_ferreteria_mov (vfe_id,pro_codigo_plu,vfm_cantidad,vfm_unitario,vfm_total,vfm_entregado) VALUES (14317,1535,1,390,390,@@@NO@@@)','',2,'2013-10-19'),(80546,'INSERT INTO gne_vale_ferreteria (vfe_id,vfe_fecha,vfe_total,vfe_estado,vfe_entregado,usu_nusuario) VALUES (14318,@@@2013.10.19@@@,1490,1,0,@@@G_DIAZ@@@)','',2,'2013-10-19'),(80547,'INSERT INTO gne_vale_ferreteria_mov (vfe_id,pro_codigo_plu,vfm_cantidad,vfm_unitario,vfm_total,vfm_entregado) VALUES (14318,780722038,1,1490,1490,@@@NO@@@)','',2,'2013-10-19'),(80548,'INSERT INTO gne_vale_ferreteria (vfe_id,vfe_fecha,vfe_total,vfe_estado,vfe_entregado,usu_nusuario) VALUES (14319,@@@2013.10.19@@@,2100,1,0,@@@G_DIAZ@@@)','',2,'2013-10-19'),(80549,'INSERT INTO gne_vale_ferreteria_mov (vfe_id,pro_codigo_plu,vfm_cantidad,vfm_unitario,vfm_total,vfm_entregado) VALUES (14319,763946,1,2100,2100,@@@NO@@@)','',2,'2013-10-19'),(80550,'INSERT INTO gne_vale_ferreteria (vfe_id,vfe_fecha,vfe_total,vfe_estado,vfe_entregado,usu_nusuario) VALUES (14320,@@@2013.10.19@@@,1690,1,0,@@@G_DIAZ@@@)','',2,'2013-10-19'),(80551,'INSERT INTO gne_vale_ferreteria_mov (vfe_id,pro_codigo_plu,vfm_cantidad,vfm_unitario,vfm_total,vfm_entregado) VALUES (14320,1083,1,1690,1690,@@@NO@@@)','',2,'2013-10-19'),(80552,'INSERT INTO gne_vale_ferreteria (vfe_id,vfe_fecha,vfe_total,vfe_estado,vfe_entregado,usu_nusuario) VALUES (14321,@@@2013.10.20@@@,3980,1,0,@@@M_GUERRERO@@@)','',2,'2013-10-20'),(80553,'INSERT INTO gne_vale_ferreteria_mov (vfe_id,pro_codigo_plu,vfm_cantidad,vfm_unitario,vfm_total,vfm_entregado) VALUES (14321,20476,2,1990,3980,@@@NO@@@)','',2,'2013-10-20'),(80554,'INSERT INTO gne_vale_ferreteria (vfe_id,vfe_fecha,vfe_total,vfe_estado,vfe_entregado,usu_nusuario) VALUES (14322,@@@2013.10.20@@@,590,1,0,@@@M_GUERRERO@@@)','',2,'2013-10-20'),(80555,'INSERT INTO gne_vale_ferreteria_mov (vfe_id,pro_codigo_plu,vfm_cantidad,vfm_unitario,vfm_total,vfm_entregado) VALUES (14322,4098,1,590,590,@@@NO@@@)','',2,'2013-10-20'),(80556,'INSERT INTO gne_vale_ferreteria (vfe_id,vfe_fecha,vfe_total,vfe_estado,vfe_entregado,usu_nusuario) VALUES (14323,@@@2013.10.20@@@,300,1,0,@@@M_GUERRERO@@@)','',2,'2013-10-20'),(80557,'INSERT INTO gne_vale_ferreteria_mov (vfe_id,pro_codigo_plu,vfm_cantidad,vfm_unitario,vfm_total,vfm_entregado) VALUES (14323,12000,1,300,300,@@@NO@@@)','',2,'2013-10-20'),(80558,'INSERT INTO gne_vale_ferreteria (vfe_id,vfe_fecha,vfe_total,vfe_estado,vfe_entregado,usu_nusuario) VALUES (14324,@@@2013.10.20@@@,330,1,0,@@@M_GUERRERO@@@)','',2,'2013-10-20'),(80559,'INSERT INTO gne_vale_ferreteria_mov (vfe_id,pro_codigo_plu,vfm_cantidad,vfm_unitario,vfm_total,vfm_entregado) VALUES (14324,764507,1,330,330,@@@NO@@@)','',2,'2013-10-20'),(80560,'INSERT INTO gne_vale_ferreteria (vfe_id,vfe_fecha,vfe_total,vfe_estado,vfe_entregado,usu_nusuario) VALUES (14325,@@@2013.10.20@@@,410,1,0,@@@M_GUERRERO@@@)','',2,'2013-10-20'),(80561,'INSERT INTO gne_vale_ferreteria_mov (vfe_id,pro_codigo_plu,vfm_cantidad,vfm_unitario,vfm_total,vfm_entregado) VALUES (14325,770000,4,50,200,@@@NO@@@)','',2,'2013-10-20'),(80562,'INSERT INTO gne_vale_ferreteria_mov (vfe_id,pro_codigo_plu,vfm_cantidad,vfm_unitario,vfm_total,vfm_entregado) VALUES (14325,770001,2,80,160,@@@NO@@@)','',2,'2013-10-20'),(80563,'INSERT INTO gne_vale_ferreteria_mov (vfe_id,pro_codigo_plu,vfm_cantidad,vfm_unitario,vfm_total,vfm_entregado) VALUES (14325,770003,5,10,50,@@@NO@@@)','',2,'2013-10-20'),(80564,'INSERT INTO gne_vale_ferreteria (vfe_id,vfe_fecha,vfe_total,vfe_estado,vfe_entregado,usu_nusuario) VALUES (14326,@@@2013.10.20@@@,950,1,0,@@@M_GUERRERO@@@)','',2,'2013-10-20'),(80565,'INSERT INTO gne_vale_ferreteria_mov (vfe_id,pro_codigo_plu,vfm_cantidad,vfm_unitario,vfm_total,vfm_entregado) VALUES (14326,10159,1,750,750,@@@NO@@@)','',2,'2013-10-20'),(80566,'INSERT INTO gne_vale_ferreteria_mov (vfe_id,pro_codigo_plu,vfm_cantidad,vfm_unitario,vfm_total,vfm_entregado) VALUES (14326,4078,2,100,200,@@@NO@@@)','',2,'2013-10-20'),(80567,'INSERT INTO gne_vale_ferreteria (vfe_id,vfe_fecha,vfe_total,vfe_estado,vfe_entregado,usu_nusuario) VALUES (14327,@@@2013.10.20@@@,150,1,0,@@@M_GUERRERO@@@)','',2,'2013-10-20'),(80568,'INSERT INTO gne_vale_ferreteria_mov (vfe_id,pro_codigo_plu,vfm_cantidad,vfm_unitario,vfm_total,vfm_entregado) VALUES (14327,7501,3,50,150,@@@NO@@@)','',2,'2013-10-20'),(80569,'INSERT INTO gne_vale_ferreteria (vfe_id,vfe_fecha,vfe_total,vfe_estado,vfe_entregado,usu_nusuario) VALUES (14328,@@@2013.10.20@@@,100,1,0,@@@M_GUERRERO@@@)','',2,'2013-10-20'),(80570,'INSERT INTO gne_vale_ferreteria_mov (vfe_id,pro_codigo_plu,vfm_cantidad,vfm_unitario,vfm_total,vfm_entregado) VALUES (14328,7501,2,50,100,@@@NO@@@)','',2,'2013-10-20'),(80571,'INSERT INTO gne_vale_ferreteria (vfe_id,vfe_fecha,vfe_total,vfe_estado,vfe_entregado,usu_nusuario) VALUES (14329,@@@2013.10.20@@@,1390,1,0,@@@M_GUERRERO@@@)','',2,'2013-10-20'),(80572,'INSERT INTO gne_vale_ferreteria_mov (vfe_id,pro_codigo_plu,vfm_cantidad,vfm_unitario,vfm_total,vfm_entregado) VALUES (14329,11581,1,1390,1390,@@@NO@@@)','',2,'2013-10-20'),(80573,'INSERT INTO gne_vale_ferreteria (vfe_id,vfe_fecha,vfe_total,vfe_estado,vfe_entregado,usu_nusuario) VALUES (14330,@@@2013.10.20@@@,1590,1,0,@@@M_GUERRERO@@@)','',2,'2013-10-20'),(80574,'INSERT INTO gne_vale_ferreteria_mov (vfe_id,pro_codigo_plu,vfm_cantidad,vfm_unitario,vfm_total,vfm_entregado) VALUES (14330,780721596,1,1590,1590,@@@NO@@@)','',2,'2013-10-20'),(80575,'INSERT INTO gne_vale_ferreteria (vfe_id,vfe_fecha,vfe_total,vfe_estado,vfe_entregado,usu_nusuario) VALUES (14331,@@@2013.10.20@@@,330,1,0,@@@M_GUERRERO@@@)','',2,'2013-10-20'),(80576,'INSERT INTO gne_vale_ferreteria_mov (vfe_id,pro_codigo_plu,vfm_cantidad,vfm_unitario,vfm_total,vfm_entregado) VALUES (14331,764507,1,330,330,@@@NO@@@)','',2,'2013-10-20'),(80577,'INSERT INTO gne_vale_ferreteria (vfe_id,vfe_fecha,vfe_total,vfe_estado,vfe_entregado,usu_nusuario) VALUES (14332,@@@2013.10.20@@@,720,1,0,@@@M_GUERRERO@@@)','',2,'2013-10-20'),(80578,'INSERT INTO gne_vale_ferreteria_mov (vfe_id,pro_codigo_plu,vfm_cantidad,vfm_unitario,vfm_total,vfm_entregado) VALUES (14332,19866,1,720,720,@@@NO@@@)','',2,'2013-10-20'),(80579,'INSERT INTO gne_vale_ferreteria (vfe_id,vfe_fecha,vfe_total,vfe_estado,vfe_entregado,usu_nusuario) VALUES (14333,@@@2013.10.20@@@,2790,1,0,@@@M_GUERRERO@@@)','',2,'2013-10-20'),(80580,'INSERT INTO gne_vale_ferreteria_mov (vfe_id,pro_codigo_plu,vfm_cantidad,vfm_unitario,vfm_total,vfm_entregado) VALUES (14333,780721923,2,1395,2790,@@@NO@@@)','',2,'2013-10-20'),(80581,'INSERT INTO gne_vale_ferreteria (vfe_id,vfe_fecha,vfe_total,vfe_estado,vfe_entregado,usu_nusuario) VALUES (14334,@@@2013.10.20@@@,790,1,0,@@@M_GUERRERO@@@)','',2,'2013-10-20'),(80582,'INSERT INTO gne_vale_ferreteria_mov (vfe_id,pro_codigo_plu,vfm_cantidad,vfm_unitario,vfm_total,vfm_entregado) VALUES (14334,763804,1,790,790,@@@NO@@@)','',2,'2013-10-20'),(80583,'INSERT INTO gne_vale_ferreteria (vfe_id,vfe_fecha,vfe_total,vfe_estado,vfe_entregado,usu_nusuario) VALUES (14335,@@@2013.10.20@@@,390,1,0,@@@M_GUERRERO@@@)','',2,'2013-10-20'),(80584,'INSERT INTO gne_vale_ferreteria_mov (vfe_id,pro_codigo_plu,vfm_cantidad,vfm_unitario,vfm_total,vfm_entregado) VALUES (14335,4090,1,390,390,@@@NO@@@)','',2,'2013-10-20'),(80585,'INSERT INTO gne_vale_ferreteria (vfe_id,vfe_fecha,vfe_total,vfe_estado,vfe_entregado,usu_nusuario) VALUES (14336,@@@2013.10.20@@@,1890,1,0,@@@M_GUERRERO@@@)','',2,'2013-10-20'),(80586,'INSERT INTO gne_vale_ferreteria_mov (vfe_id,pro_codigo_plu,vfm_cantidad,vfm_unitario,vfm_total,vfm_entregado) VALUES (14336,101623,1,1890,1890,@@@NO@@@)','',2,'2013-10-20'),(80587,'INSERT INTO gne_vale_ferreteria (vfe_id,vfe_fecha,vfe_total,vfe_estado,vfe_entregado,usu_nusuario) VALUES (14337,@@@2013.10.20@@@,550,1,0,@@@M_GUERRERO@@@)','',2,'2013-10-20'),(80588,'INSERT INTO gne_vale_ferreteria_mov (vfe_id,pro_codigo_plu,vfm_cantidad,vfm_unitario,vfm_total,vfm_entregado) VALUES (14337,780220198,1,360,360,@@@NO@@@)','',2,'2013-10-20'),(80589,'INSERT INTO gne_vale_ferreteria_mov (vfe_id,pro_codigo_plu,vfm_cantidad,vfm_unitario,vfm_total,vfm_entregado) VALUES (14337,780721057,1,190,190,@@@NO@@@)','',2,'2013-10-20'),(80590,'INSERT INTO gne_vale_ferreteria (vfe_id,vfe_fecha,vfe_total,vfe_estado,vfe_entregado,usu_nusuario) VALUES (14338,@@@2013.10.20@@@,1050,1,0,@@@M_GUERRERO@@@)','',2,'2013-10-20'),(80591,'INSERT INTO gne_vale_ferreteria_mov (vfe_id,pro_codigo_plu,vfm_cantidad,vfm_unitario,vfm_total,vfm_entregado) VALUES (14338,780721061,1,1050,1050,@@@NO@@@)','',2,'2013-10-20'),(80592,'INSERT INTO gne_vale_ferreteria (vfe_id,vfe_fecha,vfe_total,vfe_estado,vfe_entregado,usu_nusuario) VALUES (14339,@@@2013.10.20@@@,1340,1,0,@@@M_GUERRERO@@@)','',2,'2013-10-20'),(80593,'INSERT INTO gne_vale_ferreteria_mov (vfe_id,pro_codigo_plu,vfm_cantidad,vfm_unitario,vfm_total,vfm_entregado) VALUES (14339,780721061,1,1050,1050,@@@NO@@@)','',2,'2013-10-20'),(80594,'INSERT INTO gne_vale_ferreteria_mov (vfe_id,pro_codigo_plu,vfm_cantidad,vfm_unitario,vfm_total,vfm_entregado) VALUES (14339,780721468,1,290,290,@@@NO@@@)','',2,'2013-10-20'),(80595,'INSERT INTO gne_vale_ferreteria (vfe_id,vfe_fecha,vfe_total,vfe_estado,vfe_entregado,usu_nusuario) VALUES (14340,@@@2013.10.20@@@,850,1,0,@@@M_GUERRERO@@@)','',2,'2013-10-20'),(80596,'INSERT INTO gne_vale_ferreteria_mov (vfe_id,pro_codigo_plu,vfm_cantidad,vfm_unitario,vfm_total,vfm_entregado) VALUES (14340,780721425,1,850,850,@@@NO@@@)','',2,'2013-10-20'),(80597,'INSERT INTO gne_vale_ferreteria (vfe_id,vfe_fecha,vfe_total,vfe_estado,vfe_entregado,usu_nusuario) VALUES (14341,@@@2013.10.20@@@,2490,1,0,@@@M_GUERRERO@@@)','',2,'2013-10-20'),(80598,'INSERT INTO gne_vale_ferreteria_mov (vfe_id,pro_codigo_plu,vfm_cantidad,vfm_unitario,vfm_total,vfm_entregado) VALUES (14341,764808,1,2490,2490,@@@NO@@@)','',2,'2013-10-20'),(80599,'INSERT INTO gne_vale_ferreteria (vfe_id,vfe_fecha,vfe_total,vfe_estado,vfe_entregado,usu_nusuario) VALUES (14342,@@@2013.10.20@@@,1620,1,0,@@@M_GUERRERO@@@)','',2,'2013-10-20'),(80600,'INSERT INTO gne_vale_ferreteria_mov (vfe_id,pro_codigo_plu,vfm_cantidad,vfm_unitario,vfm_total,vfm_entregado) VALUES (14342,780721674,1,790,790,@@@NO@@@)','',2,'2013-10-20'),(80601,'INSERT INTO gne_vale_ferreteria_mov (vfe_id,pro_codigo_plu,vfm_cantidad,vfm_unitario,vfm_total,vfm_entregado) VALUES (14342,780722000,1,830,830,@@@NO@@@)','',2,'2013-10-20'),(80602,'INSERT INTO gne_vale_ferreteria (vfe_id,vfe_fecha,vfe_total,vfe_estado,vfe_entregado,usu_nusuario) VALUES (14343,@@@2013.10.20@@@,750,1,0,@@@M_GUERRERO@@@)','',2,'2013-10-20'),(80603,'INSERT INTO gne_vale_ferreteria_mov (vfe_id,pro_codigo_plu,vfm_cantidad,vfm_unitario,vfm_total,vfm_entregado) VALUES (14343,10159,1,750,750,@@@NO@@@)','',2,'2013-10-20'),(80604,'INSERT INTO gne_vale_ferreteria (vfe_id,vfe_fecha,vfe_total,vfe_estado,vfe_entregado,usu_nusuario) VALUES (14344,@@@2013.10.20@@@,300,1,0,@@@M_GUERRERO@@@)','',2,'2013-10-20'),(80605,'INSERT INTO gne_vale_ferreteria_mov (vfe_id,pro_codigo_plu,vfm_cantidad,vfm_unitario,vfm_total,vfm_entregado) VALUES (14344,77009,1,300,300,@@@NO@@@)','',2,'2013-10-20'),(80606,'INSERT INTO gne_vale_ferreteria (vfe_id,vfe_fecha,vfe_total,vfe_estado,vfe_entregado,usu_nusuario) VALUES (14345,@@@2013.10.20@@@,1890,1,0,@@@M_GUERRERO@@@)','',2,'2013-10-20'),(80607,'INSERT INTO gne_vale_ferreteria_mov (vfe_id,pro_codigo_plu,vfm_cantidad,vfm_unitario,vfm_total,vfm_entregado) VALUES (14345,763649,1,1890,1890,@@@NO@@@)','',2,'2013-10-20'),(80608,'INSERT INTO gne_vale_ferreteria (vfe_id,vfe_fecha,vfe_total,vfe_estado,vfe_entregado,usu_nusuario) VALUES (14346,@@@2013.10.20@@@,690,1,0,@@@M_GUERRERO@@@)','',2,'2013-10-20'),(80609,'INSERT INTO gne_vale_ferreteria_mov (vfe_id,pro_codigo_plu,vfm_cantidad,vfm_unitario,vfm_total,vfm_entregado) VALUES (14346,19804,1,690,690,@@@NO@@@)','',2,'2013-10-20'),(80610,'INSERT INTO gne_vale_ferreteria (vfe_id,vfe_fecha,vfe_total,vfe_estado,vfe_entregado,usu_nusuario) VALUES (14347,@@@2013.10.20@@@,300,1,0,@@@M_GUERRERO@@@)','',2,'2013-10-20'),(80611,'INSERT INTO gne_vale_ferreteria_mov (vfe_id,pro_codigo_plu,vfm_cantidad,vfm_unitario,vfm_total,vfm_entregado) VALUES (14347,764278,1,300,300,@@@NO@@@)','',2,'2013-10-20'),(80612,'INSERT INTO gne_vale_ferreteria (vfe_id,vfe_fecha,vfe_total,vfe_estado,vfe_entregado,usu_nusuario) VALUES (14348,@@@2013.10.20@@@,510,1,0,@@@M_GUERRERO@@@)','',2,'2013-10-20'),(80613,'INSERT INTO gne_vale_ferreteria_mov (vfe_id,pro_codigo_plu,vfm_cantidad,vfm_unitario,vfm_total,vfm_entregado) VALUES (14348,1541,12,30,360,@@@NO@@@)','',2,'2013-10-20'),(80614,'INSERT INTO gne_vale_ferreteria_mov (vfe_id,pro_codigo_plu,vfm_cantidad,vfm_unitario,vfm_total,vfm_entregado) VALUES (14348,4088,1,150,150,@@@NO@@@)','',2,'2013-10-20'),(80615,'INSERT INTO gne_vale_ferreteria (vfe_id,vfe_fecha,vfe_total,vfe_estado,vfe_entregado,usu_nusuario) VALUES (14349,@@@2013.10.20@@@,200,1,0,@@@M_GUERRERO@@@)','',2,'2013-10-20'),(80616,'INSERT INTO gne_vale_ferreteria_mov (vfe_id,pro_codigo_plu,vfm_cantidad,vfm_unitario,vfm_total,vfm_entregado) VALUES (14349,2011,1,200,200,@@@NO@@@)','',2,'2013-10-20'),(80617,'INSERT INTO gne_vale_ferreteria (vfe_id,vfe_fecha,vfe_total,vfe_estado,vfe_entregado,usu_nusuario) VALUES (14350,@@@2013.10.20@@@,900,1,0,@@@M_GUERRERO@@@)','',2,'2013-10-20'),(80618,'INSERT INTO gne_vale_ferreteria_mov (vfe_id,pro_codigo_plu,vfm_cantidad,vfm_unitario,vfm_total,vfm_entregado) VALUES (14350,763884,1,900,900,@@@NO@@@)','',2,'2013-10-20'),(80619,'INSERT INTO gne_vale_ferreteria (vfe_id,vfe_fecha,vfe_total,vfe_estado,vfe_entregado,usu_nusuario) VALUES (14351,@@@2013.10.20@@@,500,1,0,@@@M_GUERRERO@@@)','',2,'2013-10-20'),(80620,'INSERT INTO gne_vale_ferreteria_mov (vfe_id,pro_codigo_plu,vfm_cantidad,vfm_unitario,vfm_total,vfm_entregado) VALUES (14351,78017105,2,250,500,@@@NO@@@)','',2,'2013-10-20'),(80621,'INSERT INTO gne_vale_ferreteria (vfe_id,vfe_fecha,vfe_total,vfe_estado,vfe_entregado,usu_nusuario) VALUES (14352,@@@2013.10.20@@@,8580,1,0,@@@M_GUERRERO@@@)','',2,'2013-10-20'),(80622,'INSERT INTO gne_vale_ferreteria_mov (vfe_id,pro_codigo_plu,vfm_cantidad,vfm_unitario,vfm_total,vfm_entregado) VALUES (14352,3100,6,450,2700,@@@NO@@@)','',2,'2013-10-20'),(80623,'INSERT INTO gne_vale_ferreteria_mov (vfe_id,pro_codigo_plu,vfm_cantidad,vfm_unitario,vfm_total,vfm_entregado) VALUES (14352,780721440,1,3990,3990,@@@NO@@@)','',2,'2013-10-20'),(80624,'INSERT INTO gne_vale_ferreteria_mov (vfe_id,pro_codigo_plu,vfm_cantidad,vfm_unitario,vfm_total,vfm_entregado) VALUES (14352,780721333,1,1890,1890,@@@NO@@@)','',2,'2013-10-20'),(80625,'INSERT INTO gne_vale_ferreteria (vfe_id,vfe_fecha,vfe_total,vfe_estado,vfe_entregado,usu_nusuario) VALUES (14353,@@@2013.10.20@@@,1270,1,0,@@@M_GUERRERO@@@)','',2,'2013-10-20'),(80626,'INSERT INTO gne_vale_ferreteria_mov (vfe_id,pro_codigo_plu,vfm_cantidad,vfm_unitario,vfm_total,vfm_entregado) VALUES (14353,763624,1,750,750,@@@NO@@@)','',2,'2013-10-20'),(80627,'INSERT INTO gne_vale_ferreteria_mov (vfe_id,pro_codigo_plu,vfm_cantidad,vfm_unitario,vfm_total,vfm_entregado) VALUES (14353,780721058,1,520,520,@@@NO@@@)','',2,'2013-10-20'),(80628,'INSERT INTO gne_vale_ferreteria (vfe_id,vfe_fecha,vfe_total,vfe_estado,vfe_entregado,usu_nusuario) VALUES (14354,@@@2013.10.20@@@,2300,1,0,@@@M_GUERRERO@@@)','',2,'2013-10-20'),(80629,'INSERT INTO gne_vale_ferreteria_mov (vfe_id,pro_codigo_plu,vfm_cantidad,vfm_unitario,vfm_total,vfm_entregado) VALUES (14354,763996,1,2100,2100,@@@NO@@@)','',2,'2013-10-20'),(80630,'INSERT INTO gne_vale_ferreteria_mov (vfe_id,pro_codigo_plu,vfm_cantidad,vfm_unitario,vfm_total,vfm_entregado) VALUES (14354,764702,1,200,200,@@@NO@@@)','',2,'2013-10-20'),(80631,'INSERT INTO gne_vale_ferreteria (vfe_id,vfe_fecha,vfe_total,vfe_estado,vfe_entregado,usu_nusuario) VALUES (14355,@@@2013.10.20@@@,400,1,0,@@@M_GUERRERO@@@)','',2,'2013-10-20'),(80632,'INSERT INTO gne_vale_ferreteria_mov (vfe_id,pro_codigo_plu,vfm_cantidad,vfm_unitario,vfm_total,vfm_entregado) VALUES (14355,4089,2,200,400,@@@NO@@@)','',2,'2013-10-20'),(80633,'INSERT INTO gne_vale_ferreteria (vfe_id,vfe_fecha,vfe_total,vfe_estado,vfe_entregado,usu_nusuario) VALUES (14356,@@@2013.10.20@@@,990,1,0,@@@M_GUERRERO@@@)','',2,'2013-10-20'),(80634,'INSERT INTO gne_vale_ferreteria_mov (vfe_id,pro_codigo_plu,vfm_cantidad,vfm_unitario,vfm_total,vfm_entregado) VALUES (14356,764838,1,990,990,@@@NO@@@)','',2,'2013-10-20'),(80635,'INSERT INTO gne_vale_ferreteria (vfe_id,vfe_fecha,vfe_total,vfe_estado,vfe_entregado,usu_nusuario) VALUES (14357,@@@2013.10.20@@@,2770,1,0,@@@M_GUERRERO@@@)','',2,'2013-10-20'),(80636,'INSERT INTO gne_vale_ferreteria_mov (vfe_id,pro_codigo_plu,vfm_cantidad,vfm_unitario,vfm_total,vfm_entregado) VALUES (14357,7020,1,1490,1490,@@@NO@@@)','',2,'2013-10-20'),(80637,'INSERT INTO gne_vale_ferreteria_mov (vfe_id,pro_codigo_plu,vfm_cantidad,vfm_unitario,vfm_total,vfm_entregado) VALUES (14357,764756,1,890,890,@@@NO@@@)','',2,'2013-10-20'),(80638,'INSERT INTO gne_vale_ferreteria_mov (vfe_id,pro_codigo_plu,vfm_cantidad,vfm_unitario,vfm_total,vfm_entregado) VALUES (14357,1535,1,390,390,@@@NO@@@)','',2,'2013-10-20'),(80639,'INSERT INTO gne_vale_ferreteria (vfe_id,vfe_fecha,vfe_total,vfe_estado,vfe_entregado,usu_nusuario) VALUES (14358,@@@2013.10.20@@@,620,1,0,@@@M_GUERRERO@@@)','',2,'2013-10-20'),(80640,'INSERT INTO gne_vale_ferreteria_mov (vfe_id,pro_codigo_plu,vfm_cantidad,vfm_unitario,vfm_total,vfm_entregado) VALUES (14358,780220180,1,620,620,@@@NO@@@)','',2,'2013-10-20'),(80641,'INSERT INTO gne_vale_ferreteria (vfe_id,vfe_fecha,vfe_total,vfe_estado,vfe_entregado,usu_nusuario) VALUES (14359,@@@2013.10.20@@@,450,1,0,@@@M_GUERRERO@@@)','',2,'2013-10-20'),(80642,'INSERT INTO gne_vale_ferreteria_mov (vfe_id,pro_codigo_plu,vfm_cantidad,vfm_unitario,vfm_total,vfm_entregado) VALUES (14359,3100,1,450,450,@@@NO@@@)','',2,'2013-10-20'),(80643,'INSERT INTO gne_vale_ferreteria (vfe_id,vfe_fecha,vfe_total,vfe_estado,vfe_entregado,usu_nusuario) VALUES (14360,@@@2013.10.20@@@,890,1,0,@@@M_GUERRERO@@@)','',2,'2013-10-20'),(80644,'INSERT INTO gne_vale_ferreteria_mov (vfe_id,pro_codigo_plu,vfm_cantidad,vfm_unitario,vfm_total,vfm_entregado) VALUES (14360,20881,1,890,890,@@@NO@@@)','',2,'2013-10-20'),(80645,'INSERT INTO gne_vale_ferreteria (vfe_id,vfe_fecha,vfe_total,vfe_estado,vfe_entregado,usu_nusuario) VALUES (14361,@@@2013.10.20@@@,1990,1,0,@@@M_GUERRERO@@@)','',2,'2013-10-20'),(80646,'INSERT INTO gne_vale_ferreteria_mov (vfe_id,pro_codigo_plu,vfm_cantidad,vfm_unitario,vfm_total,vfm_entregado) VALUES (14361,20476,1,1990,1990,@@@NO@@@)','',2,'2013-10-20'),(80647,'INSERT INTO gne_vale_ferreteria (vfe_id,vfe_fecha,vfe_total,vfe_estado,vfe_entregado,usu_nusuario) VALUES (14362,@@@2013.10.20@@@,120,1,0,@@@M_GUERRERO@@@)','',2,'2013-10-20'),(80648,'INSERT INTO gne_vale_ferreteria_mov (vfe_id,pro_codigo_plu,vfm_cantidad,vfm_unitario,vfm_total,vfm_entregado) VALUES (14362,8022,1,120,120,@@@NO@@@)','',2,'2013-10-20'),(80649,'INSERT INTO gne_vale_ferreteria (vfe_id,vfe_fecha,vfe_total,vfe_estado,vfe_entregado,usu_nusuario) VALUES (14363,@@@2013.10.20@@@,7980,1,0,@@@M_GUERRERO@@@)','',2,'2013-10-20'),(80650,'INSERT INTO gne_vale_ferreteria_mov (vfe_id,pro_codigo_plu,vfm_cantidad,vfm_unitario,vfm_total,vfm_entregado) VALUES (14363,12227,1,2990,2990,@@@NO@@@)','',2,'2013-10-20'),(80651,'INSERT INTO gne_vale_ferreteria_mov (vfe_id,pro_codigo_plu,vfm_cantidad,vfm_unitario,vfm_total,vfm_entregado) VALUES (14363,764545,1,4990,4990,@@@NO@@@)','',2,'2013-10-20'),(80652,'INSERT INTO gne_vale_ferreteria (vfe_id,vfe_fecha,vfe_total,vfe_estado,vfe_entregado,usu_nusuario) VALUES (14364,@@@2013.10.20@@@,1490,1,0,@@@M_GUERRERO@@@)','',2,'2013-10-20'),(80653,'INSERT INTO gne_vale_ferreteria_mov (vfe_id,pro_codigo_plu,vfm_cantidad,vfm_unitario,vfm_total,vfm_entregado) VALUES (14364,7020,1,1490,1490,@@@NO@@@)','',2,'2013-10-20'),(80654,'INSERT INTO gne_vale_ferreteria (vfe_id,vfe_fecha,vfe_total,vfe_estado,vfe_entregado,usu_nusuario) VALUES (14365,@@@2013.10.20@@@,470,1,0,@@@M_GUERRERO@@@)','',2,'2013-10-20'),(80655,'INSERT INTO gne_vale_ferreteria_mov (vfe_id,pro_codigo_plu,vfm_cantidad,vfm_unitario,vfm_total,vfm_entregado) VALUES (14365,8022,1,120,120,@@@NO@@@)','',2,'2013-10-20'),(80656,'INSERT INTO gne_vale_ferreteria_mov (vfe_id,pro_codigo_plu,vfm_cantidad,vfm_unitario,vfm_total,vfm_entregado) VALUES (14365,780220093,1,350,350,@@@NO@@@)','',2,'2013-10-20'),(80657,'INSERT INTO gne_vale_ferreteria (vfe_id,vfe_fecha,vfe_total,vfe_estado,vfe_entregado,usu_nusuario) VALUES (14366,@@@2013.10.20@@@,1890,1,0,@@@M_GUERRERO@@@)','',2,'2013-10-20'),(80658,'INSERT INTO gne_vale_ferreteria_mov (vfe_id,pro_codigo_plu,vfm_cantidad,vfm_unitario,vfm_total,vfm_entregado) VALUES (14366,763609,1,1890,1890,@@@NO@@@)','',2,'2013-10-20'),(80659,'INSERT INTO gne_vale_ferreteria (vfe_id,vfe_fecha,vfe_total,vfe_estado,vfe_entregado,usu_nusuario) VALUES (14367,@@@2013.10.20@@@,380,1,0,@@@M_GUERRERO@@@)','',2,'2013-10-20'),(80660,'INSERT INTO gne_vale_ferreteria_mov (vfe_id,pro_codigo_plu,vfm_cantidad,vfm_unitario,vfm_total,vfm_entregado) VALUES (14367,12083,1,260,260,@@@NO@@@)','',2,'2013-10-20'),(80661,'INSERT INTO gne_vale_ferreteria_mov (vfe_id,pro_codigo_plu,vfm_cantidad,vfm_unitario,vfm_total,vfm_entregado) VALUES (14367,8022,1,120,120,@@@NO@@@)','',2,'2013-10-20'),(80662,'INSERT INTO gne_vale_ferreteria (vfe_id,vfe_fecha,vfe_total,vfe_estado,vfe_entregado,usu_nusuario) VALUES (14368,@@@2013.10.20@@@,490,1,0,@@@M_GUERRERO@@@)','',2,'2013-10-20'),(80663,'INSERT INTO gne_vale_ferreteria_mov (vfe_id,pro_codigo_plu,vfm_cantidad,vfm_unitario,vfm_total,vfm_entregado) VALUES (14368,764497,1,490,490,@@@NO@@@)','',2,'2013-10-20'),(80664,'INSERT INTO gne_vale_ferreteria (vfe_id,vfe_fecha,vfe_total,vfe_estado,vfe_entregado,usu_nusuario) VALUES (14369,@@@2013.10.20@@@,300,1,0,@@@M_GUERRERO@@@)','',2,'2013-10-20'),(80665,'INSERT INTO gne_vale_ferreteria_mov (vfe_id,pro_codigo_plu,vfm_cantidad,vfm_unitario,vfm_total,vfm_entregado) VALUES (14369,78017110,2,150,300,@@@NO@@@)','',2,'2013-10-20'),(80666,'UPDATE mae_productos SET pro_margen_actual=33.73,pro_precio_venta=1590 WHERE pro_codigo_plu=18559','',2,'2013-10-20'),(80667,'UPDATE mae_productos SET pro_precio_fiscal=pro_precio_venta WHERE pro_codigo_plu=18559','',2,'2013-10-20'),(80668,'INSERT INTO gne_vale_ferreteria (vfe_id,vfe_fecha,vfe_total,vfe_estado,vfe_entregado,usu_nusuario) VALUES (14370,@@@2013.10.20@@@,610,1,0,@@@M_GUERRERO@@@)','',2,'2013-10-20'),(80669,'INSERT INTO gne_vale_ferreteria_mov (vfe_id,pro_codigo_plu,vfm_cantidad,vfm_unitario,vfm_total,vfm_entregado) VALUES (14370,764506,1,490,490,@@@NO@@@)','',2,'2013-10-20'),(80670,'INSERT INTO gne_vale_ferreteria_mov (vfe_id,pro_codigo_plu,vfm_cantidad,vfm_unitario,vfm_total,vfm_entregado) VALUES (14370,8022,1,120,120,@@@NO@@@)','',2,'2013-10-20'),(80671,'INSERT INTO gne_vale_ferreteria (vfe_id,vfe_fecha,vfe_total,vfe_estado,vfe_entregado,usu_nusuario) VALUES (14371,@@@2013.10.20@@@,3190,1,0,@@@M_GUERRERO@@@)','',2,'2013-10-20'),(80672,'INSERT INTO gne_vale_ferreteria_mov (vfe_id,pro_codigo_plu,vfm_cantidad,vfm_unitario,vfm_total,vfm_entregado) VALUES (14371,780721665,1,2690,2690,@@@NO@@@)','',2,'2013-10-20'),(80673,'INSERT INTO gne_vale_ferreteria_mov (vfe_id,pro_codigo_plu,vfm_cantidad,vfm_unitario,vfm_total,vfm_entregado) VALUES (14371,12083,1,260,260,@@@NO@@@)','',2,'2013-10-20'),(80674,'INSERT INTO gne_vale_ferreteria_mov (vfe_id,pro_codigo_plu,vfm_cantidad,vfm_unitario,vfm_total,vfm_entregado) VALUES (14371,1064,2,120,240,@@@NO@@@)','',2,'2013-10-20'),(80675,'INSERT INTO gne_vale_ferreteria (vfe_id,vfe_fecha,vfe_total,vfe_estado,vfe_entregado,usu_nusuario) VALUES (14372,@@@2013.10.20@@@,4180,1,0,@@@M_GUERRERO@@@)','',2,'2013-10-20'),(80676,'INSERT INTO gne_vale_ferreteria_mov (vfe_id,pro_codigo_plu,vfm_cantidad,vfm_unitario,vfm_total,vfm_entregado) VALUES (14372,780721665,1,2690,2690,@@@NO@@@)','',2,'2013-10-20'),(80677,'INSERT INTO gne_vale_ferreteria_mov (vfe_id,pro_codigo_plu,vfm_cantidad,vfm_unitario,vfm_total,vfm_entregado) VALUES (14372,12083,1,260,260,@@@NO@@@)','',2,'2013-10-20'),(80678,'INSERT INTO gne_vale_ferreteria_mov (vfe_id,pro_codigo_plu,vfm_cantidad,vfm_unitario,vfm_total,vfm_entregado) VALUES (14372,1064,2,120,240,@@@NO@@@)','',2,'2013-10-20'),(80679,'INSERT INTO gne_vale_ferreteria_mov (vfe_id,pro_codigo_plu,vfm_cantidad,vfm_unitario,vfm_total,vfm_entregado) VALUES (14372,761546,1,990,990,@@@NO@@@)','',2,'2013-10-20'),(80680,'INSERT INTO gne_vale_ferreteria (vfe_id,vfe_fecha,vfe_total,vfe_estado,vfe_entregado,usu_nusuario) VALUES (14373,@@@2013.10.20@@@,300,1,0,@@@M_GUERRERO@@@)','',2,'2013-10-20'),(80681,'INSERT INTO gne_vale_ferreteria_mov (vfe_id,pro_codigo_plu,vfm_cantidad,vfm_unitario,vfm_total,vfm_entregado) VALUES (14373,78017012,2,150,300,@@@NO@@@)','',2,'2013-10-20'),(80682,'INSERT INTO gne_vale_ferreteria (vfe_id,vfe_fecha,vfe_total,vfe_estado,vfe_entregado,usu_nusuario) VALUES (14374,@@@2013.10.20@@@,300,1,0,@@@M_GUERRERO@@@)','',2,'2013-10-20'),(80683,'INSERT INTO gne_vale_ferreteria_mov (vfe_id,pro_codigo_plu,vfm_cantidad,vfm_unitario,vfm_total,vfm_entregado) VALUES (14374,764015,1,300,300,@@@NO@@@)','',2,'2013-10-20'),(80684,'INSERT INTO gne_vale_ferreteria (vfe_id,vfe_fecha,vfe_total,vfe_estado,vfe_entregado,usu_nusuario) VALUES (14375,@@@2013.10.20@@@,350,1,0,@@@M_GUERRERO@@@)','',2,'2013-10-20'),(80685,'INSERT INTO gne_vale_ferreteria_mov (vfe_id,pro_codigo_plu,vfm_cantidad,vfm_unitario,vfm_total,vfm_entregado) VALUES (14375,78017017,1,150,150,@@@NO@@@)','',2,'2013-10-20'),(80686,'INSERT INTO gne_vale_ferreteria_mov (vfe_id,pro_codigo_plu,vfm_cantidad,vfm_unitario,vfm_total,vfm_entregado) VALUES (14375,770021,1,200,200,@@@NO@@@)','',2,'2013-10-20'),(80687,'INSERT INTO gne_vale_ferreteria (vfe_id,vfe_fecha,vfe_total,vfe_estado,vfe_entregado,usu_nusuario) VALUES (14376,@@@2013.10.20@@@,370,1,0,@@@M_GUERRERO@@@)','',2,'2013-10-20'),(80688,'INSERT INTO gne_vale_ferreteria_mov (vfe_id,pro_codigo_plu,vfm_cantidad,vfm_unitario,vfm_total,vfm_entregado) VALUES (14376,102408,1,370,370,@@@NO@@@)','',2,'2013-10-20'),(80689,'INSERT INTO gne_vale_ferreteria (vfe_id,vfe_fecha,vfe_total,vfe_estado,vfe_entregado,usu_nusuario) VALUES (14377,@@@2013.10.20@@@,2780,1,0,@@@M_GUERRERO@@@)','',2,'2013-10-20'),(80690,'INSERT INTO gne_vale_ferreteria_mov (vfe_id,pro_codigo_plu,vfm_cantidad,vfm_unitario,vfm_total,vfm_entregado) VALUES (14377,1539,5,10,50,@@@NO@@@)','',2,'2013-10-20'),(80691,'INSERT INTO gne_vale_ferreteria_mov (vfe_id,pro_codigo_plu,vfm_cantidad,vfm_unitario,vfm_total,vfm_entregado) VALUES (14377,1535,7,390,2730,@@@NO@@@)','',2,'2013-10-20'),(80692,'INSERT INTO gne_vale_ferreteria (vfe_id,vfe_fecha,vfe_total,vfe_estado,vfe_entregado,usu_nusuario) VALUES (14378,@@@2013.10.20@@@,2980,1,0,@@@M_GUERRERO@@@)','',2,'2013-10-20'),(80693,'INSERT INTO gne_vale_ferreteria_mov (vfe_id,pro_codigo_plu,vfm_cantidad,vfm_unitario,vfm_total,vfm_entregado) VALUES (14378,1535,7,390,2730,@@@NO@@@)','',2,'2013-10-20'),(80694,'INSERT INTO gne_vale_ferreteria_mov (vfe_id,pro_codigo_plu,vfm_cantidad,vfm_unitario,vfm_total,vfm_entregado) VALUES (14378,1539,5,10,50,@@@NO@@@)','',2,'2013-10-20'),(80695,'INSERT INTO gne_vale_ferreteria_mov (vfe_id,pro_codigo_plu,vfm_cantidad,vfm_unitario,vfm_total,vfm_entregado) VALUES (14378,1556,1,200,200,@@@NO@@@)','',2,'2013-10-20'),(80696,'INSERT INTO gne_vale_ferreteria (vfe_id,vfe_fecha,vfe_total,vfe_estado,vfe_entregado,usu_nusuario) VALUES (14379,@@@2013.10.20@@@,390,1,0,@@@M_GUERRERO@@@)','',2,'2013-10-20'),(80697,'INSERT INTO gne_vale_ferreteria_mov (vfe_id,pro_codigo_plu,vfm_cantidad,vfm_unitario,vfm_total,vfm_entregado) VALUES (14379,1535,1,390,390,@@@NO@@@)','',2,'2013-10-20'),(80698,'INSERT INTO gne_vale_ferreteria (vfe_id,vfe_fecha,vfe_total,vfe_estado,vfe_entregado,usu_nusuario) VALUES (14380,@@@2013.10.20@@@,2030,1,0,@@@M_GUERRERO@@@)','',2,'2013-10-20'),(80699,'INSERT INTO gne_vale_ferreteria_mov (vfe_id,pro_codigo_plu,vfm_cantidad,vfm_unitario,vfm_total,vfm_entregado) VALUES (14380,19866,2,720,1440,@@@NO@@@)','',2,'2013-10-20'),(80700,'INSERT INTO gne_vale_ferreteria_mov (vfe_id,pro_codigo_plu,vfm_cantidad,vfm_unitario,vfm_total,vfm_entregado) VALUES (14380,20598,1,590,590,@@@NO@@@)','',2,'2013-10-20'),(80701,'INSERT INTO gne_vale_ferreteria (vfe_id,vfe_fecha,vfe_total,vfe_estado,vfe_entregado,usu_nusuario) VALUES (14381,@@@2013.10.20@@@,450,1,0,@@@M_GUERRERO@@@)','',2,'2013-10-20'),(80702,'INSERT INTO gne_vale_ferreteria_mov (vfe_id,pro_codigo_plu,vfm_cantidad,vfm_unitario,vfm_total,vfm_entregado) VALUES (14381,3100,1,450,450,@@@NO@@@)','',2,'2013-10-20'),(80703,'INSERT INTO gne_vale_ferreteria (vfe_id,vfe_fecha,vfe_total,vfe_estado,vfe_entregado,usu_nusuario) VALUES (14382,@@@2013.10.20@@@,290,1,0,@@@M_GUERRERO@@@)','',2,'2013-10-20'),(80704,'INSERT INTO gne_vale_ferreteria_mov (vfe_id,pro_codigo_plu,vfm_cantidad,vfm_unitario,vfm_total,vfm_entregado) VALUES (14382,764256,1,290,290,@@@NO@@@)','',2,'2013-10-20'),(80705,'INSERT INTO gne_vale_ferreteria (vfe_id,vfe_fecha,vfe_total,vfe_estado,vfe_entregado,usu_nusuario) VALUES (14383,@@@2013.10.20@@@,580,1,0,@@@M_GUERRERO@@@)','',2,'2013-10-20'),(80706,'INSERT INTO gne_vale_ferreteria_mov (vfe_id,pro_codigo_plu,vfm_cantidad,vfm_unitario,vfm_total,vfm_entregado) VALUES (14383,780721468,1,290,290,@@@NO@@@)','',2,'2013-10-20'),(80707,'INSERT INTO gne_vale_ferreteria_mov (vfe_id,pro_codigo_plu,vfm_cantidad,vfm_unitario,vfm_total,vfm_entregado) VALUES (14383,764256,1,290,290,@@@NO@@@)','',2,'2013-10-20'),(80708,'INSERT INTO gne_vale_ferreteria (vfe_id,vfe_fecha,vfe_total,vfe_estado,vfe_entregado,usu_nusuario) VALUES (14384,@@@2013.10.20@@@,900,1,0,@@@M_GUERRERO@@@)','',2,'2013-10-20'),(80709,'INSERT INTO gne_vale_ferreteria_mov (vfe_id,pro_codigo_plu,vfm_cantidad,vfm_unitario,vfm_total,vfm_entregado) VALUES (14384,3100,2,450,900,@@@NO@@@)','',2,'2013-10-20'),(80710,'INSERT INTO gne_vale_ferreteria (vfe_id,vfe_fecha,vfe_total,vfe_estado,vfe_entregado,usu_nusuario) VALUES (14385,@@@2013.10.20@@@,480,1,0,@@@M_GUERRERO@@@)','',2,'2013-10-20'),(80711,'INSERT INTO gne_vale_ferreteria_mov (vfe_id,pro_codigo_plu,vfm_cantidad,vfm_unitario,vfm_total,vfm_entregado) VALUES (14385,764507,1,330,330,@@@NO@@@)','',2,'2013-10-20'),(80712,'INSERT INTO gne_vale_ferreteria_mov (vfe_id,pro_codigo_plu,vfm_cantidad,vfm_unitario,vfm_total,vfm_entregado) VALUES (14385,780721387,1,150,150,@@@NO@@@)','',2,'2013-10-20'),(80713,'INSERT INTO gne_vale_ferreteria (vfe_id,vfe_fecha,vfe_total,vfe_estado,vfe_entregado,usu_nusuario) VALUES (14386,@@@2013.10.20@@@,320,1,0,@@@M_GUERRERO@@@)','',2,'2013-10-20'),(80714,'INSERT INTO gne_vale_ferreteria_mov (vfe_id,pro_codigo_plu,vfm_cantidad,vfm_unitario,vfm_total,vfm_entregado) VALUES (14386,78017241,3,40,120,@@@NO@@@)','',2,'2013-10-20'),(80715,'INSERT INTO gne_vale_ferreteria_mov (vfe_id,pro_codigo_plu,vfm_cantidad,vfm_unitario,vfm_total,vfm_entregado) VALUES (14386,780721784,1,200,200,@@@NO@@@)','',2,'2013-10-20'),(80716,'INSERT INTO gne_vale_ferreteria (vfe_id,vfe_fecha,vfe_total,vfe_estado,vfe_entregado,usu_nusuario) VALUES (14387,@@@2013.10.20@@@,4390,1,0,@@@M_GUERRERO@@@)','',2,'2013-10-20'),(80717,'INSERT INTO gne_vale_ferreteria_mov (vfe_id,pro_codigo_plu,vfm_cantidad,vfm_unitario,vfm_total,vfm_entregado) VALUES (14387,764892,1,4390,4390,@@@NO@@@)','',2,'2013-10-20'),(80718,'INSERT INTO gne_vale_ferreteria (vfe_id,vfe_fecha,vfe_total,vfe_estado,vfe_entregado,usu_nusuario) VALUES (14388,@@@2013.10.20@@@,300,1,0,@@@M_GUERRERO@@@)','',2,'2013-10-20'),(80719,'INSERT INTO gne_vale_ferreteria_mov (vfe_id,pro_codigo_plu,vfm_cantidad,vfm_unitario,vfm_total,vfm_entregado) VALUES (14388,2004,1,300,300,@@@NO@@@)','',2,'2013-10-20'),(80720,'INSERT INTO gne_vale_ferreteria (vfe_id,vfe_fecha,vfe_total,vfe_estado,vfe_entregado,usu_nusuario) VALUES (14389,@@@2013.10.20@@@,850,1,0,@@@M_GUERRERO@@@)','',2,'2013-10-20'),(80721,'INSERT INTO gne_vale_ferreteria_mov (vfe_id,pro_codigo_plu,vfm_cantidad,vfm_unitario,vfm_total,vfm_entregado) VALUES (14389,764506,1,490,490,@@@NO@@@)','',2,'2013-10-20'),(80722,'INSERT INTO gne_vale_ferreteria_mov (vfe_id,pro_codigo_plu,vfm_cantidad,vfm_unitario,vfm_total,vfm_entregado) VALUES (14389,8022,3,120,360,@@@NO@@@)','',2,'2013-10-20'),(80723,'INSERT INTO gne_vale_ferreteria (vfe_id,vfe_fecha,vfe_total,vfe_estado,vfe_entregado,usu_nusuario) VALUES (14390,@@@2013.10.20@@@,1040,1,0,@@@M_GUERRERO@@@)','',2,'2013-10-20'),(80724,'INSERT INTO gne_vale_ferreteria_mov (vfe_id,pro_codigo_plu,vfm_cantidad,vfm_unitario,vfm_total,vfm_entregado) VALUES (14390,12608,1,290,290,@@@NO@@@)','',2,'2013-10-20'),(80725,'INSERT INTO gne_vale_ferreteria_mov (vfe_id,pro_codigo_plu,vfm_cantidad,vfm_unitario,vfm_total,vfm_entregado) VALUES (14390,763935,1,750,750,@@@NO@@@)','',2,'2013-10-20'),(80726,'INSERT INTO gne_vale_ferreteria (vfe_id,vfe_fecha,vfe_total,vfe_estado,vfe_entregado,usu_nusuario) VALUES (14391,@@@2013.10.20@@@,3680,1,0,@@@M_GUERRERO@@@)','',2,'2013-10-20'),(80727,'INSERT INTO gne_vale_ferreteria_mov (vfe_id,pro_codigo_plu,vfm_cantidad,vfm_unitario,vfm_total,vfm_entregado) VALUES (14391,1467,1,2490,2490,@@@NO@@@)','',2,'2013-10-20'),(80728,'INSERT INTO gne_vale_ferreteria_mov (vfe_id,pro_codigo_plu,vfm_cantidad,vfm_unitario,vfm_total,vfm_entregado) VALUES (14391,20310,1,1190,1190,@@@NO@@@)','',2,'2013-10-20'),(80729,'INSERT INTO gne_vale_ferreteria (vfe_id,vfe_fecha,vfe_total,vfe_estado,vfe_entregado,usu_nusuario) VALUES (14392,@@@2013.10.20@@@,490,1,0,@@@M_GUERRERO@@@)','',2,'2013-10-20'),(80730,'INSERT INTO gne_vale_ferreteria_mov (vfe_id,pro_codigo_plu,vfm_cantidad,vfm_unitario,vfm_total,vfm_entregado) VALUES (14392,764074,1,490,490,@@@NO@@@)','',2,'2013-10-20'),(80731,'INSERT INTO gne_vale_ferreteria (vfe_id,vfe_fecha,vfe_total,vfe_estado,vfe_entregado,usu_nusuario) VALUES (14393,@@@2013.10.20@@@,2130,1,0,@@@M_GUERRERO@@@)','',2,'2013-10-20'),(80732,'INSERT INTO gne_vale_ferreteria_mov (vfe_id,pro_codigo_plu,vfm_cantidad,vfm_unitario,vfm_total,vfm_entregado) VALUES (14393,780721925,1,750,750,@@@NO@@@)','',2,'2013-10-20'),(80733,'INSERT INTO gne_vale_ferreteria_mov (vfe_id,pro_codigo_plu,vfm_cantidad,vfm_unitario,vfm_total,vfm_entregado) VALUES (14393,780721686,1,990,990,@@@NO@@@)','',2,'2013-10-20'),(80734,'INSERT INTO gne_vale_ferreteria_mov (vfe_id,pro_codigo_plu,vfm_cantidad,vfm_unitario,vfm_total,vfm_entregado) VALUES (14393,780721420,1,390,390,@@@NO@@@)','',2,'2013-10-20'),(80735,'INSERT INTO gne_vale_ferreteria (vfe_id,vfe_fecha,vfe_total,vfe_estado,vfe_entregado,usu_nusuario) VALUES (14394,@@@2013.10.20@@@,740,1,0,@@@M_GUERRERO@@@)','',2,'2013-10-20'),(80736,'INSERT INTO gne_vale_ferreteria_mov (vfe_id,pro_codigo_plu,vfm_cantidad,vfm_unitario,vfm_total,vfm_entregado) VALUES (14394,763823,1,740,740,@@@NO@@@)','',2,'2013-10-20'),(80737,'INSERT INTO gne_vale_ferreteria (vfe_id,vfe_fecha,vfe_total,vfe_estado,vfe_entregado,usu_nusuario) VALUES (14395,@@@2013.10.20@@@,2330,1,0,@@@M_GUERRERO@@@)','',2,'2013-10-20'),(80738,'INSERT INTO gne_vale_ferreteria_mov (vfe_id,pro_codigo_plu,vfm_cantidad,vfm_unitario,vfm_total,vfm_entregado) VALUES (14395,763823,1,740,740,@@@NO@@@)','',2,'2013-10-20'),(80739,'INSERT INTO gne_vale_ferreteria_mov (vfe_id,pro_codigo_plu,vfm_cantidad,vfm_unitario,vfm_total,vfm_entregado) VALUES (14395,780721123,1,1590,1590,@@@NO@@@)','',2,'2013-10-20'),(80740,'INSERT INTO gne_vale_ferreteria (vfe_id,vfe_fecha,vfe_total,vfe_estado,vfe_entregado,usu_nusuario) VALUES (14396,@@@2013.10.20@@@,30,1,0,@@@M_GUERRERO@@@)','',2,'2013-10-20'),(80741,'INSERT INTO gne_vale_ferreteria_mov (vfe_id,pro_codigo_plu,vfm_cantidad,vfm_unitario,vfm_total,vfm_entregado) VALUES (14396,764772,1,30,30,@@@NO@@@)','',2,'2013-10-20'),(80742,'INSERT INTO gne_vale_ferreteria (vfe_id,vfe_fecha,vfe_total,vfe_estado,vfe_entregado,usu_nusuario) VALUES (14397,@@@2013.10.20@@@,370,1,0,@@@M_GUERRERO@@@)','',2,'2013-10-20'),(80743,'INSERT INTO gne_vale_ferreteria_mov (vfe_id,pro_codigo_plu,vfm_cantidad,vfm_unitario,vfm_total,vfm_entregado) VALUES (14397,102408,1,370,370,@@@NO@@@)','',2,'2013-10-20'),(80744,'INSERT INTO gne_vale_ferreteria (vfe_id,vfe_fecha,vfe_total,vfe_estado,vfe_entregado,usu_nusuario) VALUES (14398,@@@2013.10.20@@@,510,1,0,@@@M_GUERRERO@@@)','',2,'2013-10-20'),(80745,'INSERT INTO gne_vale_ferreteria_mov (vfe_id,pro_codigo_plu,vfm_cantidad,vfm_unitario,vfm_total,vfm_entregado) VALUES (14398,78017020,1,390,390,@@@NO@@@)','',2,'2013-10-20'),(80746,'INSERT INTO gne_vale_ferreteria_mov (vfe_id,pro_codigo_plu,vfm_cantidad,vfm_unitario,vfm_total,vfm_entregado) VALUES (14398,8022,1,120,120,@@@NO@@@)','',2,'2013-10-20'),(80747,'INSERT INTO gne_vale_ferreteria (vfe_id,vfe_fecha,vfe_total,vfe_estado,vfe_entregado,usu_nusuario) VALUES (14399,@@@2013.10.20@@@,2190,1,0,@@@M_GUERRERO@@@)','',2,'2013-10-20'),(80748,'INSERT INTO gne_vale_ferreteria_mov (vfe_id,pro_codigo_plu,vfm_cantidad,vfm_unitario,vfm_total,vfm_entregado) VALUES (14399,780721865,1,2190,2190,@@@NO@@@)','',2,'2013-10-20'),(80749,'INSERT INTO gne_vale_ferreteria (vfe_id,vfe_fecha,vfe_total,vfe_estado,vfe_entregado,usu_nusuario) VALUES (14400,@@@2013.10.20@@@,150,1,0,@@@M_GUERRERO@@@)','',2,'2013-10-20'),(80750,'INSERT INTO gne_vale_ferreteria_mov (vfe_id,pro_codigo_plu,vfm_cantidad,vfm_unitario,vfm_total,vfm_entregado) VALUES (14400,78017012,1,150,150,@@@NO@@@)','',2,'2013-10-20'),(80751,'INSERT INTO gne_vale_ferreteria (vfe_id,vfe_fecha,vfe_total,vfe_estado,vfe_entregado,usu_nusuario) VALUES (14401,@@@2013.10.20@@@,360,1,0,@@@M_GUERRERO@@@)','',2,'2013-10-20'),(80752,'INSERT INTO gne_vale_ferreteria_mov (vfe_id,pro_codigo_plu,vfm_cantidad,vfm_unitario,vfm_total,vfm_entregado) VALUES (14401,15745,2,180,360,@@@NO@@@)','',2,'2013-10-20'),(80753,'INSERT INTO gne_vale_ferreteria (vfe_id,vfe_fecha,vfe_total,vfe_estado,vfe_entregado,usu_nusuario) VALUES (14402,@@@2013.10.20@@@,2270,1,0,@@@M_GUERRERO@@@)','',2,'2013-10-20'),(80754,'INSERT INTO gne_vale_ferreteria_mov (vfe_id,pro_codigo_plu,vfm_cantidad,vfm_unitario,vfm_total,vfm_entregado) VALUES (14402,780721239,3,150,450,@@@NO@@@)','',2,'2013-10-20'),(80755,'INSERT INTO gne_vale_ferreteria_mov (vfe_id,pro_codigo_plu,vfm_cantidad,vfm_unitario,vfm_total,vfm_entregado) VALUES (14402,4130,2,100,200,@@@NO@@@)','',2,'2013-10-20'),(80756,'INSERT INTO gne_vale_ferreteria_mov (vfe_id,pro_codigo_plu,vfm_cantidad,vfm_unitario,vfm_total,vfm_entregado) VALUES (14402,4131,1,150,150,@@@NO@@@)','',2,'2013-10-20'),(80757,'INSERT INTO gne_vale_ferreteria_mov (vfe_id,pro_codigo_plu,vfm_cantidad,vfm_unitario,vfm_total,vfm_entregado) VALUES (14402,780721681,3,490,1470,@@@NO@@@)','',2,'2013-10-20'),(80758,'INSERT INTO gne_vale_ferreteria (vfe_id,vfe_fecha,vfe_total,vfe_estado,vfe_entregado,usu_nusuario) VALUES (14403,@@@2013.10.20@@@,450,1,0,@@@M_GUERRERO@@@)','',2,'2013-10-20'),(80759,'INSERT INTO gne_vale_ferreteria_mov (vfe_id,pro_codigo_plu,vfm_cantidad,vfm_unitario,vfm_total,vfm_entregado) VALUES (14403,764016,1,450,450,@@@NO@@@)','',2,'2013-10-20'),(80760,'INSERT INTO gne_vale_ferreteria (vfe_id,vfe_fecha,vfe_total,vfe_estado,vfe_entregado,usu_nusuario) VALUES (14404,@@@2013.10.20@@@,3770,1,0,@@@M_GUERRERO@@@)','',2,'2013-10-20'),(80761,'INSERT INTO gne_vale_ferreteria_mov (vfe_id,pro_codigo_plu,vfm_cantidad,vfm_unitario,vfm_total,vfm_entregado) VALUES (14404,780721468,1,290,290,@@@NO@@@)','',2,'2013-10-20'),(80762,'INSERT INTO gne_vale_ferreteria_mov (vfe_id,pro_codigo_plu,vfm_cantidad,vfm_unitario,vfm_total,vfm_entregado) VALUES (14404,761890,1,690,690,@@@NO@@@)','',2,'2013-10-20'),(80763,'INSERT INTO gne_vale_ferreteria_mov (vfe_id,pro_codigo_plu,vfm_cantidad,vfm_unitario,vfm_total,vfm_entregado) VALUES (14404,2004,1,300,300,@@@NO@@@)','',2,'2013-10-20'),(80764,'INSERT INTO gne_vale_ferreteria_mov (vfe_id,pro_codigo_plu,vfm_cantidad,vfm_unitario,vfm_total,vfm_entregado) VALUES (14404,101861,2,300,600,@@@NO@@@)','',2,'2013-10-20'),(80765,'INSERT INTO gne_vale_ferreteria_mov (vfe_id,pro_codigo_plu,vfm_cantidad,vfm_unitario,vfm_total,vfm_entregado) VALUES (14404,101842,1,1890,1890,@@@NO@@@)','',2,'2013-10-20'),(80766,'INSERT INTO gne_vale_ferreteria (vfe_id,vfe_fecha,vfe_total,vfe_estado,vfe_entregado,usu_nusuario) VALUES (14405,@@@2013.10.20@@@,895,1,0,@@@M_GUERRERO@@@)','',2,'2013-10-20'),(80767,'INSERT INTO gne_vale_ferreteria_mov (vfe_id,pro_codigo_plu,vfm_cantidad,vfm_unitario,vfm_total,vfm_entregado) VALUES (14405,4089,1,200,200,@@@NO@@@)','',2,'2013-10-20'),(80768,'INSERT INTO gne_vale_ferreteria_mov (vfe_id,pro_codigo_plu,vfm_cantidad,vfm_unitario,vfm_total,vfm_entregado) VALUES (14405,7050,1,695,695,@@@NO@@@)','',2,'2013-10-20'),(80769,'INSERT INTO gne_vale_ferreteria (vfe_id,vfe_fecha,vfe_total,vfe_estado,vfe_entregado,usu_nusuario) VALUES (14406,@@@2013.10.20@@@,1220,1,0,@@@M_GUERRERO@@@)','',2,'2013-10-20'),(80770,'INSERT INTO gne_vale_ferreteria_mov (vfe_id,pro_codigo_plu,vfm_cantidad,vfm_unitario,vfm_total,vfm_entregado) VALUES (14406,763868,1,990,990,@@@NO@@@)','',2,'2013-10-20'),(80771,'INSERT INTO gne_vale_ferreteria_mov (vfe_id,pro_codigo_plu,vfm_cantidad,vfm_unitario,vfm_total,vfm_entregado) VALUES (14406,780721786,1,230,230,@@@NO@@@)','',2,'2013-10-20'),(80772,'INSERT INTO gne_vale_ferreteria (vfe_id,vfe_fecha,vfe_total,vfe_estado,vfe_entregado,usu_nusuario) VALUES (14407,@@@2013.10.20@@@,390,1,0,@@@M_GUERRERO@@@)','',2,'2013-10-20'),(80773,'INSERT INTO gne_vale_ferreteria_mov (vfe_id,pro_codigo_plu,vfm_cantidad,vfm_unitario,vfm_total,vfm_entregado) VALUES (14407,780721282,1,390,390,@@@NO@@@)','',2,'2013-10-20'),(80774,'INSERT INTO gne_vale_ferreteria (vfe_id,vfe_fecha,vfe_total,vfe_estado,vfe_entregado,usu_nusuario) VALUES (14408,@@@2013.10.20@@@,390,1,0,@@@M_GUERRERO@@@)','',2,'2013-10-20'),(80775,'INSERT INTO gne_vale_ferreteria_mov (vfe_id,pro_codigo_plu,vfm_cantidad,vfm_unitario,vfm_total,vfm_entregado) VALUES (14408,780721420,1,390,390,@@@NO@@@)','',2,'2013-10-20'),(80776,'INSERT INTO gne_vale_ferreteria (vfe_id,vfe_fecha,vfe_total,vfe_estado,vfe_entregado,usu_nusuario) VALUES (14409,@@@2013.10.20@@@,330,1,0,@@@M_GUERRERO@@@)','',2,'2013-10-20'),(80777,'INSERT INTO gne_vale_ferreteria_mov (vfe_id,pro_codigo_plu,vfm_cantidad,vfm_unitario,vfm_total,vfm_entregado) VALUES (14409,19918,1,330,330,@@@NO@@@)','',2,'2013-10-20'),(80778,'INSERT INTO gne_vale_ferreteria (vfe_id,vfe_fecha,vfe_total,vfe_estado,vfe_entregado,usu_nusuario) VALUES (14410,@@@2013.10.20@@@,890,1,0,@@@M_GUERRERO@@@)','',2,'2013-10-20'),(80779,'INSERT INTO gne_vale_ferreteria_mov (vfe_id,pro_codigo_plu,vfm_cantidad,vfm_unitario,vfm_total,vfm_entregado) VALUES (14410,780220188,3,100,300,@@@NO@@@)','',2,'2013-10-20'),(80780,'INSERT INTO gne_vale_ferreteria_mov (vfe_id,pro_codigo_plu,vfm_cantidad,vfm_unitario,vfm_total,vfm_entregado) VALUES (14410,763800,1,470,470,@@@NO@@@)','',2,'2013-10-20'),(80781,'INSERT INTO gne_vale_ferreteria_mov (vfe_id,pro_codigo_plu,vfm_cantidad,vfm_unitario,vfm_total,vfm_entregado) VALUES (14410,8022,1,120,120,@@@NO@@@)','',2,'2013-10-20'),(80782,'INSERT INTO gne_vale_ferreteria (vfe_id,vfe_fecha,vfe_total,vfe_estado,vfe_entregado,usu_nusuario) VALUES (14411,@@@2013.10.20@@@,160,1,0,@@@M_GUERRERO@@@)','',2,'2013-10-20'),(80783,'INSERT INTO gne_vale_ferreteria_mov (vfe_id,pro_codigo_plu,vfm_cantidad,vfm_unitario,vfm_total,vfm_entregado) VALUES (14411,770001,2,80,160,@@@NO@@@)','',2,'2013-10-20'),(80784,'INSERT INTO gne_vale_ferreteria (vfe_id,vfe_fecha,vfe_total,vfe_estado,vfe_entregado,usu_nusuario) VALUES (14412,@@@2013.10.20@@@,830,1,0,@@@M_GUERRERO@@@)','',2,'2013-10-20'),(80785,'INSERT INTO gne_vale_ferreteria_mov (vfe_id,pro_codigo_plu,vfm_cantidad,vfm_unitario,vfm_total,vfm_entregado) VALUES (14412,780722001,1,830,830,@@@NO@@@)','',2,'2013-10-20'),(80786,'INSERT INTO gne_vale_ferreteria (vfe_id,vfe_fecha,vfe_total,vfe_estado,vfe_entregado,usu_nusuario) VALUES (14413,@@@2013.10.20@@@,399,1,0,@@@M_GUERRERO@@@)','',2,'2013-10-20'),(80787,'INSERT INTO gne_vale_ferreteria_mov (vfe_id,pro_codigo_plu,vfm_cantidad,vfm_unitario,vfm_total,vfm_entregado) VALUES (14413,761990,1,399,399,@@@NO@@@)','',2,'2013-10-20'),(80788,'INSERT INTO gne_vale_ferreteria (vfe_id,vfe_fecha,vfe_total,vfe_estado,vfe_entregado,usu_nusuario) VALUES (14414,@@@2013.10.20@@@,1020,1,0,@@@M_GUERRERO@@@)','',2,'2013-10-20'),(80789,'INSERT INTO gne_vale_ferreteria_mov (vfe_id,pro_codigo_plu,vfm_cantidad,vfm_unitario,vfm_total,vfm_entregado) VALUES (14414,2330102,1,890,890,@@@NO@@@)','',2,'2013-10-20'),(80790,'INSERT INTO gne_vale_ferreteria_mov (vfe_id,pro_codigo_plu,vfm_cantidad,vfm_unitario,vfm_total,vfm_entregado) VALUES (14414,770000,1,50,50,@@@NO@@@)','',2,'2013-10-20'),(80791,'INSERT INTO gne_vale_ferreteria_mov (vfe_id,pro_codigo_plu,vfm_cantidad,vfm_unitario,vfm_total,vfm_entregado) VALUES (14414,770001,1,80,80,@@@NO@@@)','',2,'2013-10-20'),(80792,'INSERT INTO gne_vale_ferreteria (vfe_id,vfe_fecha,vfe_total,vfe_estado,vfe_entregado,usu_nusuario) VALUES (14415,@@@2013.10.20@@@,1990,1,0,@@@M_GUERRERO@@@)','',2,'2013-10-20'),(80793,'INSERT INTO gne_vale_ferreteria_mov (vfe_id,pro_codigo_plu,vfm_cantidad,vfm_unitario,vfm_total,vfm_entregado) VALUES (14415,780721921,1,1990,1990,@@@NO@@@)','',2,'2013-10-20'),(80794,'INSERT INTO gne_vale_ferreteria (vfe_id,vfe_fecha,vfe_total,vfe_estado,vfe_entregado,usu_nusuario) VALUES (14416,@@@2013.10.20@@@,300,1,0,@@@M_GUERRERO@@@)','',2,'2013-10-20'),(80795,'INSERT INTO gne_vale_ferreteria_mov (vfe_id,pro_codigo_plu,vfm_cantidad,vfm_unitario,vfm_total,vfm_entregado) VALUES (14416,780721222,1,300,300,@@@NO@@@)','',2,'2013-10-20'),(80796,'INSERT INTO gne_vale_ferreteria (vfe_id,vfe_fecha,vfe_total,vfe_estado,vfe_entregado,usu_nusuario) VALUES (14417,@@@2013.10.20@@@,50,1,0,@@@M_GUERRERO@@@)','',2,'2013-10-20'),(80797,'INSERT INTO gne_vale_ferreteria_mov (vfe_id,pro_codigo_plu,vfm_cantidad,vfm_unitario,vfm_total,vfm_entregado) VALUES (14417,770000,1,50,50,@@@NO@@@)','',2,'2013-10-20'),(80798,'INSERT INTO gne_vale_ferreteria (vfe_id,vfe_fecha,vfe_total,vfe_estado,vfe_entregado,usu_nusuario) VALUES (14418,@@@2013.10.20@@@,850,1,0,@@@M_GUERRERO@@@)','',2,'2013-10-20'),(80799,'INSERT INTO gne_vale_ferreteria_mov (vfe_id,pro_codigo_plu,vfm_cantidad,vfm_unitario,vfm_total,vfm_entregado) VALUES (14418,2004,1,300,300,@@@NO@@@)','',2,'2013-10-20'),(80800,'INSERT INTO gne_vale_ferreteria_mov (vfe_id,pro_codigo_plu,vfm_cantidad,vfm_unitario,vfm_total,vfm_entregado) VALUES (14418,15745,1,180,180,@@@NO@@@)','',2,'2013-10-20'),(80801,'INSERT INTO gne_vale_ferreteria_mov (vfe_id,pro_codigo_plu,vfm_cantidad,vfm_unitario,vfm_total,vfm_entregado) VALUES (14418,102408,1,370,370,@@@NO@@@)','',2,'2013-10-20'),(80802,'INSERT INTO gne_vale_ferreteria (vfe_id,vfe_fecha,vfe_total,vfe_estado,vfe_entregado,usu_nusuario) VALUES (14419,@@@2013.10.20@@@,500,1,0,@@@M_GUERRERO@@@)','',2,'2013-10-20'),(80803,'INSERT INTO gne_vale_ferreteria_mov (vfe_id,pro_codigo_plu,vfm_cantidad,vfm_unitario,vfm_total,vfm_entregado) VALUES (14419,78017146,10,50,500,@@@NO@@@)','',2,'2013-10-20'),(80804,'INSERT INTO gne_vale_ferreteria (vfe_id,vfe_fecha,vfe_total,vfe_estado,vfe_entregado,usu_nusuario) VALUES (14420,@@@2013.10.20@@@,300,1,0,@@@M_GUERRERO@@@)','',2,'2013-10-20'),(80805,'INSERT INTO gne_vale_ferreteria_mov (vfe_id,pro_codigo_plu,vfm_cantidad,vfm_unitario,vfm_total,vfm_entregado) VALUES (14420,12000,1,300,300,@@@NO@@@)','',2,'2013-10-20'),(80806,'INSERT INTO gne_vale_ferreteria (vfe_id,vfe_fecha,vfe_total,vfe_estado,vfe_entregado,usu_nusuario) VALUES (14421,@@@2013.10.20@@@,510,1,0,@@@M_GUERRERO@@@)','',2,'2013-10-20'),(80807,'INSERT INTO gne_vale_ferreteria_mov (vfe_id,pro_codigo_plu,vfm_cantidad,vfm_unitario,vfm_total,vfm_entregado) VALUES (14421,8022,1,120,120,@@@NO@@@)','',2,'2013-10-20'),(80808,'INSERT INTO gne_vale_ferreteria_mov (vfe_id,pro_codigo_plu,vfm_cantidad,vfm_unitario,vfm_total,vfm_entregado) VALUES (14421,78016969,1,390,390,@@@NO@@@)','',2,'2013-10-20'),(80809,'INSERT INTO gne_vale_ferreteria (vfe_id,vfe_fecha,vfe_total,vfe_estado,vfe_entregado,usu_nusuario) VALUES (14422,@@@2013.10.20@@@,1260,1,0,@@@M_GUERRERO@@@)','',2,'2013-10-20'),(80810,'INSERT INTO gne_vale_ferreteria_mov (vfe_id,pro_codigo_plu,vfm_cantidad,vfm_unitario,vfm_total,vfm_entregado) VALUES (14422,770001,5,80,400,@@@NO@@@)','',2,'2013-10-20'),(80811,'INSERT INTO gne_vale_ferreteria_mov (vfe_id,pro_codigo_plu,vfm_cantidad,vfm_unitario,vfm_total,vfm_entregado) VALUES (14422,78017133,1,200,200,@@@NO@@@)','',2,'2013-10-20'),(80812,'INSERT INTO gne_vale_ferreteria_mov (vfe_id,pro_codigo_plu,vfm_cantidad,vfm_unitario,vfm_total,vfm_entregado) VALUES (14422,78017002,1,120,120,@@@NO@@@)','',2,'2013-10-20'),(80813,'INSERT INTO gne_vale_ferreteria_mov (vfe_id,pro_codigo_plu,vfm_cantidad,vfm_unitario,vfm_total,vfm_entregado) VALUES (14422,78017026,6,90,540,@@@NO@@@)','',2,'2013-10-20'),(80814,'INSERT INTO gne_vale_ferreteria (vfe_id,vfe_fecha,vfe_total,vfe_estado,vfe_entregado,usu_nusuario) VALUES (14423,@@@2013.10.20@@@,2245,1,0,@@@M_GUERRERO@@@)','',2,'2013-10-20'),(80815,'INSERT INTO gne_vale_ferreteria_mov (vfe_id,pro_codigo_plu,vfm_cantidad,vfm_unitario,vfm_total,vfm_entregado) VALUES (14423,763817,1,1495,1495,@@@NO@@@)','',2,'2013-10-20'),(80816,'INSERT INTO gne_vale_ferreteria_mov (vfe_id,pro_codigo_plu,vfm_cantidad,vfm_unitario,vfm_total,vfm_entregado) VALUES (14423,763624,1,750,750,@@@NO@@@)','',2,'2013-10-20'),(80817,'INSERT INTO gne_vale_ferreteria (vfe_id,vfe_fecha,vfe_total,vfe_estado,vfe_entregado,usu_nusuario) VALUES (14424,@@@2013.10.20@@@,300,1,0,@@@M_GUERRERO@@@)','',2,'2013-10-20'),(80818,'INSERT INTO gne_vale_ferreteria_mov (vfe_id,pro_codigo_plu,vfm_cantidad,vfm_unitario,vfm_total,vfm_entregado) VALUES (14424,780721220,1,300,300,@@@NO@@@)','',2,'2013-10-20'),(80819,'INSERT INTO gne_vale_ferreteria (vfe_id,vfe_fecha,vfe_total,vfe_estado,vfe_entregado,usu_nusuario) VALUES (14425,@@@2013.10.20@@@,530,1,0,@@@M_GUERRERO@@@)','',2,'2013-10-20'),(80820,'INSERT INTO gne_vale_ferreteria_mov (vfe_id,pro_codigo_plu,vfm_cantidad,vfm_unitario,vfm_total,vfm_entregado) VALUES (14425,101677,1,530,530,@@@NO@@@)','',2,'2013-10-20'),(80821,'INSERT INTO gne_vale_ferreteria (vfe_id,vfe_fecha,vfe_total,vfe_estado,vfe_entregado,usu_nusuario) VALUES (14426,@@@2013.10.20@@@,330,1,0,@@@M_GUERRERO@@@)','',2,'2013-10-20'),(80822,'INSERT INTO gne_vale_ferreteria_mov (vfe_id,pro_codigo_plu,vfm_cantidad,vfm_unitario,vfm_total,vfm_entregado) VALUES (14426,764507,1,330,330,@@@NO@@@)','',2,'2013-10-20'),(80823,'INSERT INTO gne_vale_ferreteria (vfe_id,vfe_fecha,vfe_total,vfe_estado,vfe_entregado,usu_nusuario) VALUES (14427,@@@2013.10.20@@@,300,1,0,@@@M_GUERRERO@@@)','',2,'2013-10-20'),(80824,'INSERT INTO gne_vale_ferreteria_mov (vfe_id,pro_codigo_plu,vfm_cantidad,vfm_unitario,vfm_total,vfm_entregado) VALUES (14427,12000,1,300,300,@@@NO@@@)','',2,'2013-10-20'),(80825,'INSERT INTO gne_vale_ferreteria (vfe_id,vfe_fecha,vfe_total,vfe_estado,vfe_entregado,usu_nusuario) VALUES (14428,@@@2013.10.20@@@,399,1,0,@@@M_GUERRERO@@@)','',2,'2013-10-20'),(80826,'INSERT INTO gne_vale_ferreteria_mov (vfe_id,pro_codigo_plu,vfm_cantidad,vfm_unitario,vfm_total,vfm_entregado) VALUES (14428,761990,1,399,399,@@@NO@@@)','',2,'2013-10-20'),(80827,'INSERT INTO gne_vale_ferreteria (vfe_id,vfe_fecha,vfe_total,vfe_estado,vfe_entregado,usu_nusuario) VALUES (14429,@@@2013.10.20@@@,290,1,0,@@@M_GUERRERO@@@)','',2,'2013-10-20'),(80828,'INSERT INTO gne_vale_ferreteria_mov (vfe_id,pro_codigo_plu,vfm_cantidad,vfm_unitario,vfm_total,vfm_entregado) VALUES (14429,12608,1,290,290,@@@NO@@@)','',2,'2013-10-20'),(80829,'INSERT INTO gne_vale_ferreteria (vfe_id,vfe_fecha,vfe_total,vfe_estado,vfe_entregado,usu_nusuario) VALUES (14430,@@@2013.10.20@@@,990,1,0,@@@M_GUERRERO@@@)','',2,'2013-10-20'),(80830,'INSERT INTO gne_vale_ferreteria_mov (vfe_id,pro_codigo_plu,vfm_cantidad,vfm_unitario,vfm_total,vfm_entregado) VALUES (14430,761546,1,990,990,@@@NO@@@)','',2,'2013-10-20'),(80831,'INSERT INTO gne_vale_ferreteria (vfe_id,vfe_fecha,vfe_total,vfe_estado,vfe_entregado,usu_nusuario) VALUES (14431,@@@2013.10.20@@@,700,1,0,@@@M_GUERRERO@@@)','',2,'2013-10-20'),(80832,'INSERT INTO gne_vale_ferreteria_mov (vfe_id,pro_codigo_plu,vfm_cantidad,vfm_unitario,vfm_total,vfm_entregado) VALUES (14431,4074,2,350,700,@@@NO@@@)','',2,'2013-10-20'),(80833,'INSERT INTO gne_vale_ferreteria (vfe_id,vfe_fecha,vfe_total,vfe_estado,vfe_entregado,usu_nusuario) VALUES (14432,@@@2013.10.20@@@,2580,1,0,@@@M_GUERRERO@@@)','',2,'2013-10-20'),(80834,'INSERT INTO gne_vale_ferreteria_mov (vfe_id,pro_codigo_plu,vfm_cantidad,vfm_unitario,vfm_total,vfm_entregado) VALUES (14432,1050,1,690,690,@@@NO@@@)','',2,'2013-10-20'),(80835,'INSERT INTO gne_vale_ferreteria_mov (vfe_id,pro_codigo_plu,vfm_cantidad,vfm_unitario,vfm_total,vfm_entregado) VALUES (14432,763296,1,1890,1890,@@@NO@@@)','',2,'2013-10-20'),(80836,'INSERT INTO gne_vale_ferreteria (vfe_id,vfe_fecha,vfe_total,vfe_estado,vfe_entregado,usu_nusuario) VALUES (14433,@@@2013.10.20@@@,250,1,0,@@@M_GUERRERO@@@)','',2,'2013-10-20'),(80837,'INSERT INTO gne_vale_ferreteria_mov (vfe_id,pro_codigo_plu,vfm_cantidad,vfm_unitario,vfm_total,vfm_entregado) VALUES (14433,2021,1,250,250,@@@NO@@@)','',2,'2013-10-20'),(80838,'INSERT INTO gne_vale_ferreteria (vfe_id,vfe_fecha,vfe_total,vfe_estado,vfe_entregado,usu_nusuario) VALUES (14434,@@@2013.10.20@@@,320,1,0,@@@M_GUERRERO@@@)','',2,'2013-10-20'),(80839,'INSERT INTO gne_vale_ferreteria_mov (vfe_id,pro_codigo_plu,vfm_cantidad,vfm_unitario,vfm_total,vfm_entregado) VALUES (14434,1067,1,200,200,@@@NO@@@)','',2,'2013-10-20'),(80840,'INSERT INTO gne_vale_ferreteria_mov (vfe_id,pro_codigo_plu,vfm_cantidad,vfm_unitario,vfm_total,vfm_entregado) VALUES (14434,78017059,1,120,120,@@@NO@@@)','',2,'2013-10-20'),(80841,'INSERT INTO gne_vale_ferreteria (vfe_id,vfe_fecha,vfe_total,vfe_estado,vfe_entregado,usu_nusuario) VALUES (14435,@@@2013.10.21@@@,4490,1,0,@@@M_GUERRERO@@@)','',2,'2013-10-21'),(80842,'INSERT INTO gne_vale_ferreteria_mov (vfe_id,pro_codigo_plu,vfm_cantidad,vfm_unitario,vfm_total,vfm_entregado) VALUES (14435,204,1,4490,4490,@@@NO@@@)','',2,'2013-10-21'),(80843,'INSERT INTO gne_vale_ferreteria (vfe_id,vfe_fecha,vfe_total,vfe_estado,vfe_entregado,usu_nusuario) VALUES (14436,@@@2013.10.21@@@,400,1,0,@@@M_GUERRERO@@@)','',2,'2013-10-21'),(80844,'INSERT INTO gne_vale_ferreteria_mov (vfe_id,pro_codigo_plu,vfm_cantidad,vfm_unitario,vfm_total,vfm_entregado) VALUES (14436,4089,2,200,400,@@@NO@@@)','',2,'2013-10-21'),(80845,'INSERT INTO gne_vale_ferreteria (vfe_id,vfe_fecha,vfe_total,vfe_estado,vfe_entregado,usu_nusuario) VALUES (14437,@@@2013.10.21@@@,990,1,0,@@@M_GUERRERO@@@)','',2,'2013-10-21'),(80846,'INSERT INTO gne_vale_ferreteria_mov (vfe_id,pro_codigo_plu,vfm_cantidad,vfm_unitario,vfm_total,vfm_entregado) VALUES (14437,761546,1,990,990,@@@NO@@@)','',2,'2013-10-21'),(80847,'INSERT INTO com_ventas_grupo (vgr_fecha,vgr_grupo,vgr_cantidad,vgr_total) VALUES (@@@2013.10.19@@@,1,171.355,146919)','',2,'2013-10-21'),(80848,'INSERT INTO com_ventas_grupo (vgr_fecha,vgr_grupo,vgr_cantidad,vgr_total) VALUES (@@@2013.10.19@@@,2,126,65385)','',2,'2013-10-21'),(80849,'INSERT INTO com_ventas_grupo (vgr_fecha,vgr_grupo,vgr_cantidad,vgr_total) VALUES (@@@2013.10.19@@@,3,176,50673)','',2,'2013-10-21'),(80850,'INSERT INTO com_ventas_grupo (vgr_fecha,vgr_grupo,vgr_cantidad,vgr_total) VALUES (@@@2013.10.19@@@,4,104,93459)','',2,'2013-10-21'),(80851,'INSERT INTO com_ventas_grupo (vgr_fecha,vgr_grupo,vgr_cantidad,vgr_total) VALUES (@@@2013.10.19@@@,5,3,17680)','',2,'2013-10-21'),(80852,'INSERT INTO com_ventas_grupo (vgr_fecha,vgr_grupo,vgr_cantidad,vgr_total) VALUES (@@@2013.10.19@@@,6,33,63493)','',2,'2013-10-21'),(80853,'INSERT INTO com_ventas_grupo (vgr_fecha,vgr_grupo,vgr_cantidad,vgr_total) VALUES (@@@2013.10.19@@@,7,60,135070)','',2,'2013-10-21'),(80854,'INSERT INTO com_ventas_grupo (vgr_fecha,vgr_grupo,vgr_cantidad,vgr_total) VALUES (@@@2013.10.19@@@,8,16,14740)','',2,'2013-10-21'),(80855,'INSERT INTO com_ventas_grupo (vgr_fecha,vgr_grupo,vgr_cantidad,vgr_total) VALUES (@@@2013.10.19@@@,9,102.915,179399)','',2,'2013-10-21'),(80856,'INSERT INTO com_ventas_grupo (vgr_fecha,vgr_grupo,vgr_cantidad,vgr_total) VALUES (@@@2013.10.19@@@,10,61.1,162800)','',2,'2013-10-21'),(80857,'INSERT INTO com_ventas_grupo (vgr_fecha,vgr_grupo,vgr_cantidad,vgr_total) VALUES (@@@2013.10.19@@@,11,46.255,161557)','',2,'2013-10-21'),(80858,'INSERT INTO com_ventas_grupo (vgr_fecha,vgr_grupo,vgr_cantidad,vgr_total) VALUES (@@@2013.10.19@@@,12,50.335,95656)','',2,'2013-10-21'),(80859,'INSERT INTO com_ventas_grupo (vgr_fecha,vgr_grupo,vgr_cantidad,vgr_total) VALUES (@@@2013.10.19@@@,13,8.575,21169)','',2,'2013-10-21'),(80860,'INSERT INTO com_ventas_grupo (vgr_fecha,vgr_grupo,vgr_cantidad,vgr_total) VALUES (@@@2013.10.19@@@,14,84.72,77317)','',2,'2013-10-21'),(80861,'INSERT INTO com_ventas_grupo (vgr_fecha,vgr_grupo,vgr_cantidad,vgr_total) VALUES (@@@2013.10.19@@@,18,187.43,108699)','',2,'2013-10-21'),(80862,'INSERT INTO com_ventas_grupo (vgr_fecha,vgr_grupo,vgr_cantidad,vgr_total) VALUES (@@@2013.10.19@@@,19,1,2290)','',2,'2013-10-21'),(80863,'INSERT INTO com_ventas_grupo (vgr_fecha,vgr_grupo,vgr_cantidad,vgr_total) VALUES (@@@2013.10.19@@@,20,126.12,66875)','',2,'2013-10-21'),(80864,'INSERT INTO com_ventas_grupo (vgr_fecha,vgr_grupo,vgr_cantidad,vgr_total) VALUES (@@@2013.10.19@@@,21,81,48840)','',2,'2013-10-21'),(80865,'INSERT INTO com_ventas_grupo (vgr_fecha,vgr_grupo,vgr_cantidad,vgr_total) VALUES (@@@2013.10.19@@@,22,1,1100)','',2,'2013-10-21'),(80866,'INSERT INTO com_ventas_grupo (vgr_fecha,vgr_grupo,vgr_cantidad,vgr_total) VALUES (@@@2013.10.19@@@,23,1,2390)','',2,'2013-10-21'),(80867,'INSERT INTO com_ventas_grupo (vgr_fecha,vgr_grupo,vgr_cantidad,vgr_total) VALUES (@@@2013.10.19@@@,24,175,36820)','',2,'2013-10-21'),(80868,'INSERT INTO com_ventas_grupo (vgr_fecha,vgr_grupo,vgr_cantidad,vgr_total) VALUES (@@@2013.10.19@@@,25,80,121400)','',2,'2013-10-21'),(80869,'INSERT INTO com_ventas_grupo (vgr_fecha,vgr_grupo,vgr_cantidad,vgr_total) VALUES (@@@2013.10.19@@@,28,1,150)','',2,'2013-10-21'),(80870,'INSERT INTO com_ventas_grupo (vgr_fecha,vgr_grupo,vgr_cantidad,vgr_total) VALUES (@@@2013.10.19@@@,31,10,10069)','',2,'2013-10-21'),(80871,'INSERT INTO com_ventas_grupo (vgr_fecha,vgr_grupo,vgr_cantidad,vgr_total) VALUES (@@@2013.10.19@@@,32,296,95120)','',2,'2013-10-21'),(80872,'INSERT INTO com_ventas_grupo (vgr_fecha,vgr_grupo,vgr_cantidad,vgr_total) VALUES (@@@2013.10.19@@@,33,1,2350)','',2,'2013-10-21'),(80873,'INSERT INTO com_ventas_grupo (vgr_fecha,vgr_grupo,vgr_cantidad,vgr_total) VALUES (@@@2013.10.19@@@,34,1,1550)','',2,'2013-10-21'),(80874,'INSERT INTO com_ventas_grupo (vgr_fecha,vgr_grupo,vgr_cantidad,vgr_total) VALUES (@@@2013.10.19@@@,35,34,42944)','',2,'2013-10-21'),(80875,'INSERT INTO com_ventas_grupo (vgr_fecha,vgr_grupo,vgr_cantidad,vgr_total) VALUES (@@@2013.10.19@@@,36,10,2840)','',2,'2013-10-21'),(80876,'INSERT INTO com_ventas_grupo (vgr_fecha,vgr_grupo,vgr_cantidad,vgr_total) VALUES (@@@2013.10.19@@@,37,2,5380)','',2,'2013-10-21'),(80877,'INSERT INTO com_ventas_grupo (vgr_fecha,vgr_grupo,vgr_cantidad,vgr_total) VALUES (@@@2013.10.19@@@,38,3,9570)','',2,'2013-10-21'),(80878,'INSERT INTO com_ventas_grupo (vgr_fecha,vgr_grupo,vgr_cantidad,vgr_total) VALUES (@@@2013.10.19@@@,39,3,3840)','',2,'2013-10-21'),(80879,'INSERT INTO com_ventas_grupo (vgr_fecha,vgr_grupo,vgr_cantidad,vgr_total) VALUES (@@@2013.10.19@@@,41,3,210)','',2,'2013-10-21'),(80880,'INSERT INTO com_ventas_grupo (vgr_fecha,vgr_grupo,vgr_cantidad,vgr_total) VALUES (@@@2013.10.19@@@,42,15.42,14758)','',2,'2013-10-21'),(80881,'INSERT INTO com_ventas_grupo (vgr_fecha,vgr_grupo,vgr_cantidad,vgr_total) VALUES (@@@2013.10.19@@@,44,2,4199)','',2,'2013-10-21'),(80882,'UPDATE mae_datos_empresa SET emp_oferta=@@@NO@@@','',2,'2013-10-21'),(80883,'INSERT INTO com_ventas_grupo (vgr_fecha,vgr_grupo,vgr_cantidad,vgr_total) VALUES (@@@2013.10.20@@@,1,219.895,163202)','',2,'2013-10-21'),(80884,'INSERT INTO com_ventas_grupo (vgr_fecha,vgr_grupo,vgr_cantidad,vgr_total) VALUES (@@@2013.10.20@@@,2,137,94239)','',2,'2013-10-21'),(80885,'INSERT INTO com_ventas_grupo (vgr_fecha,vgr_grupo,vgr_cantidad,vgr_total) VALUES (@@@2013.10.20@@@,3,258,65719)','',2,'2013-10-21'),(80886,'INSERT INTO com_ventas_grupo (vgr_fecha,vgr_grupo,vgr_cantidad,vgr_total) VALUES (@@@2013.10.20@@@,4,117,91089)','',2,'2013-10-21'),(80887,'INSERT INTO com_ventas_grupo (vgr_fecha,vgr_grupo,vgr_cantidad,vgr_total) VALUES (@@@2013.10.20@@@,5,5,17079)','',2,'2013-10-21'),(80888,'INSERT INTO com_ventas_grupo (vgr_fecha,vgr_grupo,vgr_cantidad,vgr_total) VALUES (@@@2013.10.20@@@,6,20,36633)','',2,'2013-10-21'),(80889,'INSERT INTO com_ventas_grupo (vgr_fecha,vgr_grupo,vgr_cantidad,vgr_total) VALUES (@@@2013.10.20@@@,7,53,105880)','',2,'2013-10-21'),(80890,'INSERT INTO com_ventas_grupo (vgr_fecha,vgr_grupo,vgr_cantidad,vgr_total) VALUES (@@@2013.10.20@@@,8,41,18570)','',2,'2013-10-21'),(80891,'INSERT INTO com_ventas_grupo (vgr_fecha,vgr_grupo,vgr_cantidad,vgr_total) VALUES (@@@2013.10.20@@@,9,99.6550000000001,177292)','',2,'2013-10-21'),(80892,'INSERT INTO com_ventas_grupo (vgr_fecha,vgr_grupo,vgr_cantidad,vgr_total) VALUES (@@@2013.10.20@@@,10,42.835,151198)','',2,'2013-10-21'),(80893,'INSERT INTO com_ventas_grupo (vgr_fecha,vgr_grupo,vgr_cantidad,vgr_total) VALUES (@@@2013.10.20@@@,11,34.04,99375)','',2,'2013-10-21'),(80894,'INSERT INTO com_ventas_grupo (vgr_fecha,vgr_grupo,vgr_cantidad,vgr_total) VALUES (@@@2013.10.20@@@,12,40.55,75275)','',2,'2013-10-21'),(80895,'INSERT INTO com_ventas_grupo (vgr_fecha,vgr_grupo,vgr_cantidad,vgr_total) VALUES (@@@2013.10.20@@@,13,9.56,31537)','',2,'2013-10-21'),(80896,'INSERT INTO com_ventas_grupo (vgr_fecha,vgr_grupo,vgr_cantidad,vgr_total) VALUES (@@@2013.10.20@@@,14,98.515,88563)','',2,'2013-10-21'),(80897,'INSERT INTO com_ventas_grupo (vgr_fecha,vgr_grupo,vgr_cantidad,vgr_total) VALUES (@@@2013.10.20@@@,16,4,600)','',2,'2013-10-21'),(80898,'INSERT INTO com_ventas_grupo (vgr_fecha,vgr_grupo,vgr_cantidad,vgr_total) VALUES (@@@2013.10.20@@@,18,137.77,80426)','',2,'2013-10-21'),(80899,'INSERT INTO com_ventas_grupo (vgr_fecha,vgr_grupo,vgr_cantidad,vgr_total) VALUES (@@@2013.10.20@@@,19,2,4580)','',2,'2013-10-21'),(80900,'INSERT INTO com_ventas_grupo (vgr_fecha,vgr_grupo,vgr_cantidad,vgr_total) VALUES (@@@2013.10.20@@@,20,121.225,68451)','',2,'2013-10-21'),(80901,'INSERT INTO com_ventas_grupo (vgr_fecha,vgr_grupo,vgr_cantidad,vgr_total) VALUES (@@@2013.10.20@@@,21,75,52099)','',2,'2013-10-21'),(80902,'INSERT INTO com_ventas_grupo (vgr_fecha,vgr_grupo,vgr_cantidad,vgr_total) VALUES (@@@2013.10.20@@@,23,7,11990)','',2,'2013-10-21'),(80903,'INSERT INTO com_ventas_grupo (vgr_fecha,vgr_grupo,vgr_cantidad,vgr_total) VALUES (@@@2013.10.20@@@,24,156,40833)','',2,'2013-10-21'),(80904,'INSERT INTO com_ventas_grupo (vgr_fecha,vgr_grupo,vgr_cantidad,vgr_total) VALUES (@@@2013.10.20@@@,25,72,105800)','',2,'2013-10-21'),(80905,'INSERT INTO com_ventas_grupo (vgr_fecha,vgr_grupo,vgr_cantidad,vgr_total) VALUES (@@@2013.10.20@@@,27,2,1780)','',2,'2013-10-21'),(80906,'INSERT INTO com_ventas_grupo (vgr_fecha,vgr_grupo,vgr_cantidad,vgr_total) VALUES (@@@2013.10.20@@@,31,11,7599)','',2,'2013-10-21'),(80907,'INSERT INTO com_ventas_grupo (vgr_fecha,vgr_grupo,vgr_cantidad,vgr_total) VALUES (@@@2013.10.20@@@,32,339,120878)','',2,'2013-10-21'),(80908,'INSERT INTO com_ventas_grupo (vgr_fecha,vgr_grupo,vgr_cantidad,vgr_total) VALUES (@@@2013.10.20@@@,33,1,2350)','',2,'2013-10-21'),(80909,'INSERT INTO com_ventas_grupo (vgr_fecha,vgr_grupo,vgr_cantidad,vgr_total) VALUES (@@@2013.10.20@@@,35,23,26509)','',2,'2013-10-21'),(80910,'INSERT INTO com_ventas_grupo (vgr_fecha,vgr_grupo,vgr_cantidad,vgr_total) VALUES (@@@2013.10.20@@@,36,13,2880)','',2,'2013-10-21'),(80911,'INSERT INTO com_ventas_grupo (vgr_fecha,vgr_grupo,vgr_cantidad,vgr_total) VALUES (@@@2013.10.20@@@,37,2,6580)','',2,'2013-10-21'),(80912,'INSERT INTO com_ventas_grupo (vgr_fecha,vgr_grupo,vgr_cantidad,vgr_total) VALUES (@@@2013.10.20@@@,38,1,2190)','',2,'2013-10-21'),(80913,'INSERT INTO com_ventas_grupo (vgr_fecha,vgr_grupo,vgr_cantidad,vgr_total) VALUES (@@@2013.10.20@@@,39,8,11310)','',2,'2013-10-21'),(80914,'INSERT INTO com_ventas_grupo (vgr_fecha,vgr_grupo,vgr_cantidad,vgr_total) VALUES (@@@2013.10.20@@@,42,42.19,32964)','',2,'2013-10-21'),(80915,'INSERT INTO com_ventas_grupo (vgr_fecha,vgr_grupo,vgr_cantidad,vgr_total) VALUES (@@@2013.10.20@@@,43,1,600)','',2,'2013-10-21'),(80916,'UPDATE mae_datos_empresa SET emp_oferta=@@@NO@@@','',2,'2013-10-21'),(80917,'INSERT INTO gne_vale_ferreteria (vfe_id,vfe_fecha,vfe_total,vfe_estado,vfe_entregado,usu_nusuario) VALUES (14438,@@@2013.10.21@@@,590,1,0,@@@M_GUERRERO@@@)','',2,'2013-10-21'),(80918,'INSERT INTO gne_vale_ferreteria_mov (vfe_id,pro_codigo_plu,vfm_cantidad,vfm_unitario,vfm_total,vfm_entregado) VALUES (14438,101881,1,590,590,@@@NO@@@)','',2,'2013-10-21'),(80919,'INSERT INTO gne_vale_ferreteria (vfe_id,vfe_fecha,vfe_total,vfe_estado,vfe_entregado,usu_nusuario) VALUES (14439,@@@2013.10.21@@@,40,1,0,@@@M_GUERRERO@@@)','',2,'2013-10-21'),(80920,'INSERT INTO gne_vale_ferreteria_mov (vfe_id,pro_codigo_plu,vfm_cantidad,vfm_unitario,vfm_total,vfm_entregado) VALUES (14439,1539,4,10,40,@@@NO@@@)','',2,'2013-10-21'),(80921,'INSERT INTO gne_vale_ferreteria (vfe_id,vfe_fecha,vfe_total,vfe_estado,vfe_entregado,usu_nusuario) VALUES (14440,@@@2013.10.21@@@,999,1,0,@@@M_GUERRERO@@@)','',2,'2013-10-21'),(80922,'INSERT INTO gne_vale_ferreteria_mov (vfe_id,pro_codigo_plu,vfm_cantidad,vfm_unitario,vfm_total,vfm_entregado) VALUES (14440,15491,1,999,999,@@@NO@@@)','',2,'2013-10-21'),(80923,'INSERT INTO gne_vale_ferreteria (vfe_id,vfe_fecha,vfe_total,vfe_estado,vfe_entregado,usu_nusuario) VALUES (14441,@@@2013.10.21@@@,390,1,0,@@@M_GUERRERO@@@)','',2,'2013-10-21'),(80924,'INSERT INTO gne_vale_ferreteria_mov (vfe_id,pro_codigo_plu,vfm_cantidad,vfm_unitario,vfm_total,vfm_entregado) VALUES (14441,78017177,1,390,390,@@@NO@@@)','',2,'2013-10-21'),(80925,'INSERT INTO gne_vale_ferreteria (vfe_id,vfe_fecha,vfe_total,vfe_estado,vfe_entregado,usu_nusuario) VALUES (14442,@@@2013.10.21@@@,120,1,0,@@@M_GUERRERO@@@)','',2,'2013-10-21'),(80926,'INSERT INTO gne_vale_ferreteria_mov (vfe_id,pro_codigo_plu,vfm_cantidad,vfm_unitario,vfm_total,vfm_entregado) VALUES (14442,8022,1,120,120,@@@NO@@@)','',2,'2013-10-21'),(80927,'INSERT INTO gne_vale_ferreteria (vfe_id,vfe_fecha,vfe_total,vfe_estado,vfe_entregado,usu_nusuario) VALUES (14443,@@@2013.10.21@@@,50,1,0,@@@M_GUERRERO@@@)','',2,'2013-10-21'),(80928,'INSERT INTO gne_vale_ferreteria_mov (vfe_id,pro_codigo_plu,vfm_cantidad,vfm_unitario,vfm_total,vfm_entregado) VALUES (14443,7501,1,50,50,@@@NO@@@)','',2,'2013-10-21'),(80929,'UPDATE mae_productos SET pro_margen_actual=0,pro_precio_venta=300 WHERE pro_codigo_plu=602','',2,'2013-10-21'),(80930,'UPDATE mae_productos SET pro_precio_fiscal=pro_precio_venta WHERE pro_codigo_plu=602','',2,'2013-10-21'),(80931,'UPDATE mae_productos SET pro_margen_actual=0,pro_precio_venta=300 WHERE pro_codigo_plu=513','',2,'2013-10-21'),(80932,'UPDATE mae_productos SET pro_margen_actual=63.93,pro_precio_venta=300 WHERE pro_codigo_plu=515','',2,'2013-10-21'),(80933,'UPDATE mae_productos SET pro_margen_actual=232.67,pro_precio_venta=499 WHERE pro_codigo_plu=594','',2,'2013-10-21'),(80934,'UPDATE mae_productos SET pro_margen_actual=0,pro_precio_venta=499 WHERE pro_codigo_plu=603','',2,'2013-10-21'),(80935,'UPDATE mae_productos SET pro_margen_actual=-0.63,pro_precio_venta=1590 WHERE pro_codigo_plu=562','',2,'2013-10-21'),(80936,'UPDATE mae_productos SET pro_margen_actual=245,pro_precio_venta=690 WHERE pro_codigo_plu=551','',2,'2013-10-21'),(80937,'UPDATE mae_productos SET pro_margen_actual=126.97,pro_precio_venta=690 WHERE pro_codigo_plu=552','',2,'2013-10-21'),(80938,'UPDATE mae_productos SET pro_margen_actual=0,pro_precio_venta=690 WHERE pro_codigo_plu=554','',2,'2013-10-21'),(80939,'UPDATE mae_productos SET pro_margen_actual=0,pro_precio_venta=690 WHERE pro_codigo_plu=555','',2,'2013-10-21'),(80940,'UPDATE mae_productos SET pro_margen_actual=11.43,pro_precio_venta=520 WHERE pro_codigo_plu=533','',2,'2013-10-21'),(80941,'UPDATE mae_productos SET pro_margen_actual=37.57,pro_precio_venta=520 WHERE pro_codigo_plu=534','',2,'2013-10-21'),(80942,'INSERT INTO gne_vale_ferreteria (vfe_id,vfe_fecha,vfe_total,vfe_estado,vfe_entregado,usu_nusuario) VALUES (14444,@@@2013.10.21@@@,220,1,0,@@@M_GUERRERO@@@)','',2,'2013-10-21'),(80943,'INSERT INTO gne_vale_ferreteria_mov (vfe_id,pro_codigo_plu,vfm_cantidad,vfm_unitario,vfm_total,vfm_entregado) VALUES (14444,780220106,1,220,220,@@@NO@@@)','',2,'2013-10-21'),(80944,'UPDATE mae_productos SET pro_margen_actual=50.6,pro_precio_venta=250 WHERE pro_codigo_plu=597','',2,'2013-10-21'),(80945,'UPDATE mae_productos SET pro_margen_actual=5.11,pro_precio_venta=350 WHERE pro_codigo_plu=610','',2,'2013-10-21'),(80946,'UPDATE mae_productos SET pro_precio_fiscal=pro_precio_venta WHERE pro_codigo_plu=513','',2,'2013-10-21'),(80947,'UPDATE mae_productos SET pro_precio_fiscal=pro_precio_venta WHERE pro_codigo_plu=515','',2,'2013-10-21'),(80948,'UPDATE mae_productos SET pro_precio_fiscal=pro_precio_venta WHERE pro_codigo_plu=533','',2,'2013-10-21'),(80949,'UPDATE mae_productos SET pro_precio_fiscal=pro_precio_venta WHERE pro_codigo_plu=534','',2,'2013-10-21'),(80950,'UPDATE mae_productos SET pro_precio_fiscal=pro_precio_venta WHERE pro_codigo_plu=551','',2,'2013-10-21'),(80951,'UPDATE mae_productos SET pro_precio_fiscal=pro_precio_venta WHERE pro_codigo_plu=552','',2,'2013-10-21'),(80952,'UPDATE mae_productos SET pro_precio_fiscal=pro_precio_venta WHERE pro_codigo_plu=554','',2,'2013-10-21'),(80953,'UPDATE mae_productos SET pro_precio_fiscal=pro_precio_venta WHERE pro_codigo_plu=555','',2,'2013-10-21'),(80954,'UPDATE mae_productos SET pro_precio_fiscal=pro_precio_venta WHERE pro_codigo_plu=562','',2,'2013-10-21'),(80955,'UPDATE mae_productos SET pro_precio_fiscal=pro_precio_venta WHERE pro_codigo_plu=594','',2,'2013-10-21'),(80956,'UPDATE mae_productos SET pro_precio_fiscal=pro_precio_venta WHERE pro_codigo_plu=597','',2,'2013-10-21'),(80957,'UPDATE mae_productos SET pro_precio_fiscal=pro_precio_venta WHERE pro_codigo_plu=610','',2,'2013-10-21'),(80958,'INSERT INTO mae_productos (pro_codigo_plu,pro_codigo_barra,pro_tipo,pro_nombre_producto,pro_nombre_corto,med_id,emb_id,pro_unidades_embalaje,dep_id,lin_id,mar_id,pro_precio_compra_neto,pro_precio_compra_bruto,pro_precio_venta,pro_margen_actual,pro_oferta,pro_fecha_inicio_oferta,pro_fecha_termino_oferta,pro_precio_oferta,pro_stock_minimo,pro_stock_critico,pro_entradas_bodega,pro_salidas_bodega,pro_mermas_bodega,pro_ajustes_bodega,pro_entradas_sv,pro_salidas_sv,pro_mermas_sv,pro_ajustes_sv,pro_activo,rec_numero,pro_unidad,pro_capacidad,pro_consumo_bodega,pro_consumo_sv,pro_estado,pro_funcion_plu,pro_flejes,pro_iva,pro_plu_asociado,pro_envase,pro_duracion,pro_numero_etiqueta) VALUES (780722046,@@@7805040002860@@@,@@@0@@@,@@@DESODORANTYE AMBIENTAL AROM FRUTILLA 200 G@@@,@@@DESODORANTYE AMB@@@,@@@5 @@@,@@@6 @@@,@@@12@@@,@@@2 @@@,@@@36@@@,@@@970@@@,@@@0@@@,@@@889.2@@@,@@@1@@@,@@@-99.89@@@,@@@@@@,@@@2006.09.07@@@,@@@2006.09.07@@@,@@@0@@@,@@@12@@@,@@@6@@@,@@@0@@@,@@@0@@@,@@@0@@@,@@@0@@@,@@@0@@@,@@@0@@@,@@@0@@@,@@@0@@@,@@@1@@@,@@@0@@@,0,200,0,0,2,0,1,1,0,@@@NO@@@,0,0)','',2,'2013-10-21'),(80959,'DELETE FROM mae_impuestos_productos WHERE pro_codigo_plu=@@@780722046@@@','',2,'2013-10-21'),(80960,'INSERT INTO mae_productos (pro_codigo_plu,pro_codigo_barra,pro_tipo,pro_nombre_producto,pro_nombre_corto,med_id,emb_id,pro_unidades_embalaje,dep_id,lin_id,mar_id,pro_precio_compra_neto,pro_precio_compra_bruto,pro_precio_venta,pro_margen_actual,pro_oferta,pro_fecha_inicio_oferta,pro_fecha_termino_oferta,pro_precio_oferta,pro_stock_minimo,pro_stock_critico,pro_entradas_bodega,pro_salidas_bodega,pro_mermas_bodega,pro_ajustes_bodega,pro_entradas_sv,pro_salidas_sv,pro_mermas_sv,pro_ajustes_sv,pro_activo,rec_numero,pro_unidad,pro_capacidad,pro_consumo_bodega,pro_consumo_sv,pro_estado,pro_funcion_plu,pro_flejes,pro_iva,pro_plu_asociado,pro_envase,pro_duracion,pro_numero_etiqueta) VALUES (780722047,@@@7805040002631@@@,@@@0@@@,@@@DESODORANTE AMBIENTAL LAVANDA 200 G@@@,@@@DESODORANTE AMBI@@@,@@@5 @@@,@@@6 @@@,@@@12@@@,@@@2 @@@,@@@36@@@,@@@970@@@,@@@0@@@,@@@889.2@@@,@@@1@@@,@@@-99.89@@@,@@@@@@,@@@2006.09.07@@@,@@@2006.09.07@@@,@@@0@@@,@@@12@@@,@@@6@@@,@@@0@@@,@@@0@@@,@@@0@@@,@@@0@@@,@@@0@@@,@@@0@@@,@@@0@@@,@@@0@@@,@@@1@@@,@@@0@@@,0,200,0,0,2,0,1,1,0,@@@NO@@@,0,0)','',2,'2013-10-21'),(80961,'DELETE FROM mae_impuestos_productos WHERE pro_codigo_plu=@@@780722047@@@','',2,'2013-10-21'),(80962,'UPDATE mae_productos SET pro_codigo_barra=@@@7805040002860@@@,pro_tipo=@@@0@@@,pro_nombre_producto=@@@DESODORANTE AMBIENTAL AROM FRUTILLA 200 G@@@,pro_nombre_corto=@@@DESODORANTYE AMB@@@,med_id=@@@5@@@,emb_id=@@@6@@@,pro_unidades_embalaje=@@@12@@@,dep_id=@@@2 @@@,lin_id=@@@36@@@,mar_id=@@@970@@@,pro_precio_compra_neto=@@@0@@@,pro_precio_compra_bruto=@@@889.2@@@,pro_precio_venta=@@@1@@@,pro_margen_actual=@@@-99.89@@@,pro_oferta=@@@NO@@@,pro_fecha_inicio_oferta=@@@2006.09.07@@@,pro_fecha_termino_oferta=@@@2006.09.07@@@,pro_precio_oferta=@@@0@@@,pro_stock_minimo=@@@12@@@,pro_stock_critico=@@@6@@@,pro_activo=@@@1@@@,pro_unidad=@@@0@@@,pro_precio_compra_bruto=889.2,pro_margen_actual=-99.89,pro_capacidad=200,pro_funcion_plu=0,pro_flejes=1,pro_iva=1,pro_plu_asociado=0,pro_envase=@@@NO@@@,pro_duracion=0,pro_numero_etiqueta=0 WHERE pro_codigo_plu=@@@780722046@@@','',2,'2013-10-21'),(80963,'UPDATE mae_productos SET pro_estado=1 WHERE pro_codigo_plu=780722046','',2,'2013-10-21'),(80964,'DELETE FROM mae_impuestos_productos WHERE pro_codigo_plu=@@@780722046@@@','',2,'2013-10-21'),(80965,'INSERT INTO mae_productos (pro_codigo_plu,pro_codigo_barra,pro_tipo,pro_nombre_producto,pro_nombre_corto,med_id,emb_id,pro_unidades_embalaje,dep_id,lin_id,mar_id,pro_precio_compra_neto,pro_precio_compra_bruto,pro_precio_venta,pro_margen_actual,pro_oferta,pro_fecha_inicio_oferta,pro_fecha_termino_oferta,pro_precio_oferta,pro_stock_minimo,pro_stock_critico,pro_entradas_bodega,pro_salidas_bodega,pro_mermas_bodega,pro_ajustes_bodega,pro_entradas_sv,pro_salidas_sv,pro_mermas_sv,pro_ajustes_sv,pro_activo,rec_numero,pro_unidad,pro_capacidad,pro_consumo_bodega,pro_consumo_sv,pro_estado,pro_funcion_plu,pro_flejes,pro_iva,pro_plu_asociado,pro_envase,pro_duracion,pro_numero_etiqueta) VALUES (780722048,@@@7805040002648@@@,@@@0@@@,@@@DESODORANTE AMBIENTAL AROM VAINILLA 200 GRS@@@,@@@DESODORANTE AMBI@@@,@@@5 @@@,@@@6 @@@,@@@12@@@,@@@2 @@@,@@@43@@@,@@@970@@@,@@@0@@@,@@@889.2@@@,@@@1@@@,@@@-99.89@@@,@@@@@@,@@@2006.09.07@@@,@@@2006.09.07@@@,@@@0@@@,@@@12@@@,@@@6@@@,@@@0@@@,@@@0@@@,@@@0@@@,@@@0@@@,@@@0@@@,@@@0@@@,@@@0@@@,@@@0@@@,@@@1@@@,@@@0@@@,0,200,0,0,2,0,1,1,0,@@@NO@@@,0,0)','',2,'2013-10-21'),(80966,'DELETE FROM mae_impuestos_productos WHERE pro_codigo_plu=@@@780722048@@@','',2,'2013-10-21'),(80967,'INSERT INTO mae_productos (pro_codigo_plu,pro_codigo_barra,pro_tipo,pro_nombre_producto,pro_nombre_corto,med_id,emb_id,pro_unidades_embalaje,dep_id,lin_id,mar_id,pro_precio_compra_neto,pro_precio_compra_bruto,pro_precio_venta,pro_margen_actual,pro_oferta,pro_fecha_inicio_oferta,pro_fecha_termino_oferta,pro_precio_oferta,pro_stock_minimo,pro_stock_critico,pro_entradas_bodega,pro_salidas_bodega,pro_mermas_bodega,pro_ajustes_bodega,pro_entradas_sv,pro_salidas_sv,pro_mermas_sv,pro_ajustes_sv,pro_activo,rec_numero,pro_unidad,pro_capacidad,pro_consumo_bodega,pro_consumo_sv,pro_estado,pro_funcion_plu,pro_flejes,pro_iva,pro_plu_asociado,pro_envase,pro_duracion,pro_numero_etiqueta) VALUES (780722049,@@@7805080695084@@@,@@@0@@@,@@@CLORINDA CLORO GEL 900 ML@@@,@@@CLORINDA CLORO G@@@,@@@7 @@@,@@@6 @@@,@@@12@@@,@@@2 @@@,@@@43@@@,@@@1398@@@,@@@0@@@,@@@950.8@@@,@@@1@@@,@@@-99.89@@@,@@@@@@,@@@2006.09.07@@@,@@@2006.09.07@@@,@@@0@@@,@@@12@@@,@@@6@@@,@@@0@@@,@@@0@@@,@@@0@@@,@@@0@@@,@@@0@@@,@@@0@@@,@@@0@@@,@@@0@@@,@@@1@@@,@@@0@@@,0,900,0,0,2,0,1,1,0,@@@NO@@@,0,0)','',2,'2013-10-21'),(80968,'DELETE FROM mae_impuestos_productos WHERE pro_codigo_plu=@@@780722049@@@','',2,'2013-10-21'),(80969,'INSERT INTO gne_vale_ferreteria (vfe_id,vfe_fecha,vfe_total,vfe_estado,vfe_entregado,usu_nusuario) VALUES (14445,@@@2013.10.21@@@,790,1,0,@@@M_GUERRERO@@@)','',2,'2013-10-21'),(80970,'INSERT INTO gne_vale_ferreteria_mov (vfe_id,pro_codigo_plu,vfm_cantidad,vfm_unitario,vfm_total,vfm_entregado) VALUES (14445,780721945,1,790,790,@@@NO@@@)','',2,'2013-10-21'),(80971,'INSERT INTO mae_productos (pro_codigo_plu,pro_codigo_barra,pro_tipo,pro_nombre_producto,pro_nombre_corto,med_id,emb_id,pro_unidades_embalaje,dep_id,lin_id,mar_id,pro_precio_compra_neto,pro_precio_compra_bruto,pro_precio_venta,pro_margen_actual,pro_oferta,pro_fecha_inicio_oferta,pro_fecha_termino_oferta,pro_precio_oferta,pro_stock_minimo,pro_stock_critico,pro_entradas_bodega,pro_salidas_bodega,pro_mermas_bodega,pro_ajustes_bodega,pro_entradas_sv,pro_salidas_sv,pro_mermas_sv,pro_ajustes_sv,pro_activo,rec_numero,pro_unidad,pro_capacidad,pro_consumo_bodega,pro_consumo_sv,pro_estado,pro_funcion_plu,pro_flejes,pro_iva,pro_plu_asociado,pro_envase,pro_duracion,pro_numero_etiqueta) VALUES (780722050,@@@7080502569373@@@,@@@0@@@,@@@CLOROX ROPA PODER DUAL 370 GRS@@@,@@@CLOROX ROPA PODE@@@,@@@5 @@@,@@@6 @@@,@@@12@@@,@@@2 @@@,@@@43@@@,@@@1851@@@,@@@0@@@,@@@379.9@@@,@@@1@@@,@@@-99.74@@@,@@@@@@,@@@2006.09.07@@@,@@@2006.09.07@@@,@@@0@@@,@@@12@@@,@@@6@@@,@@@0@@@,@@@0@@@,@@@0@@@,@@@0@@@,@@@0@@@,@@@0@@@,@@@0@@@,@@@0@@@,@@@1@@@,@@@0@@@,0,370,0,0,2,0,1,1,0,@@@NO@@@,0,0)','',2,'2013-10-21'),(80972,'DELETE FROM mae_impuestos_productos WHERE pro_codigo_plu=@@@780722050@@@','',2,'2013-10-21'),(80973,'INSERT INTO gne_vale_ferreteria (vfe_id,vfe_fecha,vfe_total,vfe_estado,vfe_entregado,usu_nusuario) VALUES (14446,@@@2013.10.21@@@,350,1,0,@@@M_GUERRERO@@@)','',2,'2013-10-21'),(80974,'INSERT INTO gne_vale_ferreteria_mov (vfe_id,pro_codigo_plu,vfm_cantidad,vfm_unitario,vfm_total,vfm_entregado) VALUES (14446,20847,1,350,350,@@@NO@@@)','',2,'2013-10-21'),(80975,'INSERT INTO mae_productos (pro_codigo_plu,pro_codigo_barra,pro_tipo,pro_nombre_producto,pro_nombre_corto,med_id,emb_id,pro_unidades_embalaje,dep_id,lin_id,mar_id,pro_precio_compra_neto,pro_precio_compra_bruto,pro_precio_venta,pro_margen_actual,pro_oferta,pro_fecha_inicio_oferta,pro_fecha_termino_oferta,pro_precio_oferta,pro_stock_minimo,pro_stock_critico,pro_entradas_bodega,pro_salidas_bodega,pro_mermas_bodega,pro_ajustes_bodega,pro_entradas_sv,pro_salidas_sv,pro_mermas_sv,pro_ajustes_sv,pro_activo,rec_numero,pro_unidad,pro_capacidad,pro_consumo_bodega,pro_consumo_sv,pro_estado,pro_funcion_plu,pro_flejes,pro_iva,pro_plu_asociado,pro_envase,pro_duracion,pro_numero_etiqueta) VALUES (722722,@@@722722@@@,@@@0@@@,@@@CHORITOS IQF EXPOMAR 100G@@@,@@@CHORITOS IQF EXP@@@,@@@5 @@@,@@@4 @@@,@@@1@@@,@@@20 @@@,@@@108@@@,@@@2696@@@,@@@0@@@,@@@1@@@,@@@1@@@,@@@0@@@,@@@@@@,@@@2013.10.21@@@,@@@2013.10.21@@@,@@@0@@@,@@@12@@@,@@@6@@@,@@@0@@@,@@@0@@@,@@@0@@@,@@@0@@@,@@@0@@@,@@@0@@@,@@@0@@@,@@@0@@@,@@@1@@@,@@@0@@@,0,100,0,0,2,0,1,1,0,@@@NO@@@,0,0)','',2,'2013-10-21'),(80976,'DELETE FROM mae_impuestos_productos WHERE pro_codigo_plu=@@@722722@@@','',2,'2013-10-21'),(80977,'INSERT INTO mae_productos (pro_codigo_plu,pro_codigo_barra,pro_tipo,pro_nombre_producto,pro_nombre_corto,med_id,emb_id,pro_unidades_embalaje,dep_id,lin_id,mar_id,pro_precio_compra_neto,pro_precio_compra_bruto,pro_precio_venta,pro_margen_actual,pro_oferta,pro_fecha_inicio_oferta,pro_fecha_termino_oferta,pro_precio_oferta,pro_stock_minimo,pro_stock_critico,pro_entradas_bodega,pro_salidas_bodega,pro_mermas_bodega,pro_ajustes_bodega,pro_entradas_sv,pro_salidas_sv,pro_mermas_sv,pro_ajustes_sv,pro_activo,rec_numero,pro_unidad,pro_capacidad,pro_consumo_bodega,pro_consumo_sv,pro_estado,pro_funcion_plu,pro_flejes,pro_iva,pro_plu_asociado,pro_envase,pro_duracion,pro_numero_etiqueta) VALUES (723723,@@@723723@@@,@@@0@@@,@@@PAILA MARINA EXPOMAR 500G@@@,@@@PAILA MARINA EXP@@@,@@@5 @@@,@@@4 @@@,@@@1@@@,@@@20 @@@,@@@108@@@,@@@2696@@@,@@@0@@@,@@@1275@@@,@@@1@@@,@@@-99.92@@@,@@@@@@,@@@2006.09.07@@@,@@@2006.09.07@@@,@@@0@@@,@@@12@@@,@@@6@@@,@@@0@@@,@@@0@@@,@@@0@@@,@@@0@@@,@@@0@@@,@@@0@@@,@@@0@@@,@@@0@@@,@@@1@@@,@@@0@@@,0,500,0,0,2,0,1,1,0,@@@NO@@@,0,0)','',2,'2013-10-21'),(80978,'DELETE FROM mae_impuestos_productos WHERE pro_codigo_plu=@@@723723@@@','',2,'2013-10-21'),(80979,'INSERT INTO mae_productos (pro_codigo_plu,pro_codigo_barra,pro_tipo,pro_nombre_producto,pro_nombre_corto,med_id,emb_id,pro_unidades_embalaje,dep_id,lin_id,mar_id,pro_precio_compra_neto,pro_precio_compra_bruto,pro_precio_venta,pro_margen_actual,pro_oferta,pro_fecha_inicio_oferta,pro_fecha_termino_oferta,pro_precio_oferta,pro_stock_minimo,pro_stock_critico,pro_entradas_bodega,pro_salidas_bodega,pro_mermas_bodega,pro_ajustes_bodega,pro_entradas_sv,pro_salidas_sv,pro_mermas_sv,pro_ajustes_sv,pro_activo,rec_numero,pro_unidad,pro_capacidad,pro_consumo_bodega,pro_consumo_sv,pro_estado,pro_funcion_plu,pro_flejes,pro_iva,pro_plu_asociado,pro_envase,pro_duracion,pro_numero_etiqueta) VALUES (724724,@@@724724@@@,@@@0@@@,@@@SURTIDO MARISCOS EXPROMAR 500 GRS@@@,@@@SURTIDO MARISCOS@@@,@@@5 @@@,@@@4 @@@,@@@1@@@,@@@20 @@@,@@@108@@@,@@@2696@@@,@@@0@@@,@@@1275@@@,@@@1@@@,@@@-99.92@@@,@@@@@@,@@@2006.09.07@@@,@@@2006.09.07@@@,@@@0@@@,@@@12@@@,@@@6@@@,@@@0@@@,@@@0@@@,@@@0@@@,@@@0@@@,@@@0@@@,@@@0@@@,@@@0@@@,@@@0@@@,@@@1@@@,@@@0@@@,0,500,0,0,2,0,1,1,0,@@@NO@@@,0,0)','',2,'2013-10-21'),(80980,'DELETE FROM mae_impuestos_productos WHERE pro_codigo_plu=@@@724724@@@','',2,'2013-10-21'),(80981,'UPDATE mae_productos SET pro_codigo_barra=@@@722722@@@,pro_tipo=@@@0@@@,pro_nombre_producto=@@@CHORITOS IQF EXPROMAR 100G@@@,pro_nombre_corto=@@@CHORITOS IQF EXP@@@,med_id=@@@5@@@,emb_id=@@@4@@@,pro_unidades_embalaje=@@@1@@@,dep_id=@@@20 @@@,lin_id=@@@108@@@,mar_id=@@@2696@@@,pro_precio_compra_neto=@@@0@@@,pro_precio_compra_bruto=@@@1225@@@,pro_precio_venta=@@@1@@@,pro_margen_actual=@@@-99.92@@@,pro_oferta=@@@NO@@@,pro_fecha_inicio_oferta=@@@2013.10.21@@@,pro_fecha_termino_oferta=@@@2013.10.21@@@,pro_precio_oferta=@@@0@@@,pro_stock_minimo=@@@12@@@,pro_stock_critico=@@@6@@@,pro_activo=@@@1@@@,pro_unidad=@@@0@@@,pro_precio_compra_bruto=1225,pro_margen_actual=-99.92,pro_capacidad=100,pro_funcion_plu=0,pro_flejes=1,pro_iva=1,pro_plu_asociado=0,pro_envase=@@@NO@@@,pro_duracion=0,pro_numero_etiqueta=0 WHERE pro_codigo_plu=@@@722722@@@','',2,'2013-10-21'),(80982,'UPDATE mae_productos SET pro_estado=1 WHERE pro_codigo_plu=722722','',2,'2013-10-21'),(80983,'DELETE FROM mae_impuestos_productos WHERE pro_codigo_plu=@@@722722@@@','',2,'2013-10-21'),(80984,'UPDATE mae_productos SET pro_codigo_barra=@@@723723@@@,pro_tipo=@@@0@@@,pro_nombre_producto=@@@PAILA MARINA EXPROMAR 500G@@@,pro_nombre_corto=@@@PAILA MARINA EXP@@@,med_id=@@@5@@@,emb_id=@@@4@@@,pro_unidades_embalaje=@@@1@@@,dep_id=@@@20 @@@,lin_id=@@@108@@@,mar_id=@@@2696@@@,pro_precio_compra_neto=@@@0@@@,pro_precio_compra_bruto=@@@1275@@@,pro_precio_venta=@@@1@@@,pro_margen_actual=@@@-99.92@@@,pro_oferta=@@@NO@@@,pro_fecha_inicio_oferta=@@@2006.09.07@@@,pro_fecha_termino_oferta=@@@2006.09.07@@@,pro_precio_oferta=@@@0@@@,pro_stock_minimo=@@@12@@@,pro_stock_critico=@@@6@@@,pro_activo=@@@1@@@,pro_unidad=@@@0@@@,pro_precio_compra_bruto=1275,pro_margen_actual=-99.92,pro_capacidad=500,pro_funcion_plu=0,pro_flejes=1,pro_iva=1,pro_plu_asociado=0,pro_envase=@@@NO@@@,pro_duracion=0,pro_numero_etiqueta=0 WHERE pro_codigo_plu=@@@723723@@@','',2,'2013-10-21'),(80985,'UPDATE mae_productos SET pro_estado=1 WHERE pro_codigo_plu=723723','',2,'2013-10-21'),(80986,'DELETE FROM mae_impuestos_productos WHERE pro_codigo_plu=@@@723723@@@','',2,'2013-10-21'),(80987,'INSERT INTO gne_vale_ferreteria (vfe_id,vfe_fecha,vfe_total,vfe_estado,vfe_entregado,usu_nusuario) VALUES (14447,@@@2013.10.21@@@,1599,1,0,@@@M_GUERRERO@@@)','',2,'2013-10-21'),(80988,'INSERT INTO gne_vale_ferreteria_mov (vfe_id,pro_codigo_plu,vfm_cantidad,vfm_unitario,vfm_total,vfm_entregado) VALUES (14447,15668,1,1599,1599,@@@NO@@@)','',2,'2013-10-21'),(80989,'UPDATE mae_productos SET pro_precio_compra_bruto=1275,pro_margen_actual=(pro_precio_venta-1275)/1275 * 100,pro_ultima_compra=@@@2013.10.21@@@,pro_ultimo_proveedor=@@@13845355-3@@@ WHERE pro_codigo_plu=724724','',2,'2013-10-21'),(80990,'UPDATE mae_productos SET pro_precio_compra_bruto=1225,pro_margen_actual=(pro_precio_venta-1225)/1225 * 100,pro_ultima_compra=@@@2013.10.21@@@,pro_ultimo_proveedor=@@@13845355-3@@@ WHERE pro_codigo_plu=722722','',2,'2013-10-21'),(80991,'UPDATE mae_productos SET pro_precio_compra_bruto=1275,pro_margen_actual=(pro_precio_venta-1275)/1275 * 100,pro_ultima_compra=@@@2013.10.21@@@,pro_ultimo_proveedor=@@@13845355-3@@@ WHERE pro_codigo_plu=723723','',2,'2013-10-21'),(80992,'INSERT INTO gne_vale_ferreteria (vfe_id,vfe_fecha,vfe_total,vfe_estado,vfe_entregado,usu_nusuario) VALUES (14448,@@@2013.10.21@@@,1870,1,0,@@@M_GUERRERO@@@)','',2,'2013-10-21'),(80993,'INSERT INTO gne_vale_ferreteria_mov (vfe_id,pro_codigo_plu,vfm_cantidad,vfm_unitario,vfm_total,vfm_entregado) VALUES (14448,764766,4,120,480,@@@NO@@@)','',2,'2013-10-21'),(80994,'INSERT INTO gne_vale_ferreteria_mov (vfe_id,pro_codigo_plu,vfm_cantidad,vfm_unitario,vfm_total,vfm_entregado) VALUES (14448,78017135,1,200,200,@@@NO@@@)','',2,'2013-10-21'),(80995,'INSERT INTO gne_vale_ferreteria_mov (vfe_id,pro_codigo_plu,vfm_cantidad,vfm_unitario,vfm_total,vfm_entregado) VALUES (14448,765064,1,280,280,@@@NO@@@)','',2,'2013-10-21'),(80996,'INSERT INTO gne_vale_ferreteria_mov (vfe_id,pro_codigo_plu,vfm_cantidad,vfm_unitario,vfm_total,vfm_entregado) VALUES (14448,780721280,1,790,790,@@@NO@@@)','',2,'2013-10-21'),(80997,'INSERT INTO gne_vale_ferreteria_mov (vfe_id,pro_codigo_plu,vfm_cantidad,vfm_unitario,vfm_total,vfm_entregado) VALUES (14448,8022,1,120,120,@@@NO@@@)','',2,'2013-10-21'),(80998,'INSERT INTO gne_vale_ferreteria (vfe_id,vfe_fecha,vfe_total,vfe_estado,vfe_entregado,usu_nusuario) VALUES (14449,@@@2013.10.21@@@,790,1,0,@@@M_GUERRERO@@@)','',2,'2013-10-21'),(80999,'INSERT INTO gne_vale_ferreteria_mov (vfe_id,pro_codigo_plu,vfm_cantidad,vfm_unitario,vfm_total,vfm_entregado) VALUES (14449,763848,1,790,790,@@@NO@@@)','',2,'2013-10-21'),(81000,'INSERT INTO gne_vale_ferreteria (vfe_id,vfe_fecha,vfe_total,vfe_estado,vfe_entregado,usu_nusuario) VALUES (14450,@@@2013.10.21@@@,850,1,0,@@@M_GUERRERO@@@)','',2,'2013-10-21'),(81001,'INSERT INTO gne_vale_ferreteria_mov (vfe_id,pro_codigo_plu,vfm_cantidad,vfm_unitario,vfm_total,vfm_entregado) VALUES (14450,780721425,1,850,850,@@@NO@@@)','',2,'2013-10-21'),(81002,'UPDATE mae_productos SET pro_precio_compra_bruto=130.01,pro_margen_actual=(pro_precio_venta-130.01)/130.01 * 100,pro_ultima_compra=@@@2013.10.21@@@,pro_ultimo_proveedor=@@@78809560-0@@@ WHERE pro_codigo_plu=102711','',2,'2013-10-21'),(81003,'UPDATE mae_productos SET pro_precio_compra_bruto=1119.4,pro_margen_actual=(pro_precio_venta-1119.4)/1119.4 * 100,pro_ultima_compra=@@@2013.10.21@@@,pro_ultimo_proveedor=@@@78809560-0@@@ WHERE pro_codigo_plu=14813','',2,'2013-10-21'),(81004,'INSERT INTO gne_vale_ferreteria (vfe_id,vfe_fecha,vfe_total,vfe_estado,vfe_entregado,usu_nusuario) VALUES (14451,@@@2013.10.21@@@,400,1,0,@@@M_GUERRERO@@@)','',2,'2013-10-21'),(81005,'INSERT INTO gne_vale_ferreteria_mov (vfe_id,pro_codigo_plu,vfm_cantidad,vfm_unitario,vfm_total,vfm_entregado) VALUES (14451,4089,2,200,400,@@@NO@@@)','',2,'2013-10-21'),(81006,'UPDATE mae_productos SET pro_precio_compra_bruto=933.3,pro_margen_actual=(pro_precio_venta-933.3)/933.3 * 100,pro_ultima_compra=@@@2013.10.21@@@,pro_ultimo_proveedor=@@@78809560-0@@@ WHERE pro_codigo_plu=762007','',2,'2013-10-21'),(81007,'UPDATE mae_productos SET pro_precio_compra_bruto=1121.26,pro_margen_actual=(pro_precio_venta-1121.26)/1121.26 * 100,pro_ultima_compra=@@@2013.10.21@@@,pro_ultimo_proveedor=@@@78809560-0@@@ WHERE pro_codigo_plu=762406','',2,'2013-10-21'),(81008,'UPDATE mae_productos SET pro_precio_compra_bruto=427.08,pro_margen_actual=(pro_precio_venta-427.08)/427.08 * 100,pro_ultima_compra=@@@2013.10.21@@@,pro_ultimo_proveedor=@@@78809560-0@@@ WHERE pro_codigo_plu=15479','',2,'2013-10-21'),(81009,'UPDATE mae_productos SET pro_precio_compra_bruto=422.16,pro_margen_actual=(pro_precio_venta-422.16)/422.16 * 100,pro_ultima_compra=@@@2013.10.21@@@,pro_ultimo_proveedor=@@@78809560-0@@@ WHERE pro_codigo_plu=15480','',2,'2013-10-21'),(81010,'UPDATE mae_productos SET pro_precio_compra_bruto=889.2,pro_margen_actual=(pro_precio_venta-889.2)/889.2 * 100,pro_ultima_compra=@@@2013.10.21@@@,pro_ultimo_proveedor=@@@78809560-0@@@ WHERE pro_codigo_plu=780722047','',2,'2013-10-21'),(81011,'UPDATE mae_productos SET pro_precio_compra_bruto=889.2,pro_margen_actual=(pro_precio_venta-889.2)/889.2 * 100,pro_ultima_compra=@@@2013.10.21@@@,pro_ultimo_proveedor=@@@78809560-0@@@ WHERE pro_codigo_plu=780722046','',2,'2013-10-21'),(81012,'UPDATE mae_productos SET pro_precio_compra_bruto=889.2,pro_margen_actual=(pro_precio_venta-889.2)/889.2 * 100,pro_ultima_compra=@@@2013.10.21@@@,pro_ultimo_proveedor=@@@78809560-0@@@ WHERE pro_codigo_plu=780722048','',2,'2013-10-21'),(81013,'UPDATE mae_productos SET pro_precio_compra_bruto=338.9,pro_margen_actual=(pro_precio_venta-338.9)/338.9 * 100,pro_ultima_compra=@@@2013.10.21@@@,pro_ultimo_proveedor=@@@78809560-0@@@ WHERE pro_codigo_plu=15444','',2,'2013-10-21'),(81014,'UPDATE mae_productos SET pro_precio_compra_bruto=338.9,pro_margen_actual=(pro_precio_venta-338.9)/338.9 * 100,pro_ultima_compra=@@@2013.10.21@@@,pro_ultimo_proveedor=@@@78809560-0@@@ WHERE pro_codigo_plu=15442','',2,'2013-10-21'),(81015,'UPDATE mae_productos SET pro_precio_compra_bruto=338.9,pro_margen_actual=(pro_precio_venta-338.9)/338.9 * 100,pro_ultima_compra=@@@2013.10.21@@@,pro_ultimo_proveedor=@@@78809560-0@@@ WHERE pro_codigo_plu=15443','',2,'2013-10-21'),(81016,'UPDATE mae_productos SET pro_precio_compra_bruto=338.9,pro_margen_actual=(pro_precio_venta-338.9)/338.9 * 100,pro_ultima_compra=@@@2013.10.21@@@,pro_ultimo_proveedor=@@@78809560-0@@@ WHERE pro_codigo_plu=15445','',2,'2013-10-21'),(81017,'UPDATE mae_productos SET pro_precio_compra_bruto=950.8,pro_margen_actual=(pro_precio_venta-950.8)/950.8 * 100,pro_ultima_compra=@@@2013.10.21@@@,pro_ultimo_proveedor=@@@78809560-0@@@ WHERE pro_codigo_plu=780722049','',2,'2013-10-21'),(81018,'UPDATE mae_productos SET pro_precio_compra_bruto=524.4,pro_margen_actual=(pro_precio_venta-524.4)/524.4 * 100,pro_ultima_compra=@@@2013.10.21@@@,pro_ultimo_proveedor=@@@78809560-0@@@ WHERE pro_codigo_plu=101033','',2,'2013-10-21'),(81019,'UPDATE mae_productos SET pro_precio_compra_bruto=265,pro_margen_actual=(pro_precio_venta-265)/265 * 100,pro_ultima_compra=@@@2013.10.21@@@,pro_ultimo_proveedor=@@@78809560-0@@@ WHERE pro_codigo_plu=101032','',2,'2013-10-21'),(81020,'UPDATE mae_productos SET pro_precio_compra_bruto=379.9,pro_margen_actual=(pro_precio_venta-379.9)/379.9 * 100,pro_ultima_compra=@@@2013.10.21@@@,pro_ultimo_proveedor=@@@78809560-0@@@ WHERE pro_codigo_plu=780722050','',2,'2013-10-21'),(81021,'UPDATE mae_productos SET pro_precio_compra_bruto=1199.3,pro_margen_actual=(pro_precio_venta-1199.3)/1199.3 * 100,pro_ultima_compra=@@@2013.10.21@@@,pro_ultimo_proveedor=@@@78809560-0@@@ WHERE pro_codigo_plu=763129','',2,'2013-10-21'),(81022,'UPDATE mae_productos SET pro_precio_compra_bruto=1535.11,pro_margen_actual=(pro_precio_venta-1535.11)/1535.11 * 100,pro_ultima_compra=@@@2013.10.21@@@,pro_ultimo_proveedor=@@@79984240-8@@@ WHERE pro_codigo_plu=118','',2,'2013-10-21'),(81023,'UPDATE mae_productos SET pro_precio_compra_bruto=452.2,pro_margen_actual=(pro_precio_venta-452.2)/452.2 * 100,pro_ultima_compra=@@@2013.10.21@@@,pro_ultimo_proveedor=@@@79984240-8@@@ WHERE pro_codigo_plu=111','',2,'2013-10-21'),(81024,'UPDATE mae_productos SET pro_precio_compra_bruto=1190,pro_margen_actual=(pro_precio_venta-1190)/1190 * 100,pro_ultima_compra=@@@2013.10.21@@@,pro_ultimo_proveedor=@@@79984240-8@@@ WHERE pro_codigo_plu=128','',2,'2013-10-21'),(81025,'UPDATE mae_productos SET pro_precio_compra_bruto=1190,pro_margen_actual=(pro_precio_venta-1190)/1190 * 100,pro_ultima_compra=@@@2013.10.21@@@,pro_ultimo_proveedor=@@@79984240-8@@@ WHERE pro_codigo_plu=102','',2,'2013-10-21'),(81026,'UPDATE mae_productos SET pro_precio_compra_bruto=535.5,pro_margen_actual=(pro_precio_venta-535.5)/535.5 * 100,pro_ultima_compra=@@@2013.10.21@@@,pro_ultimo_proveedor=@@@79984240-8@@@ WHERE pro_codigo_plu=107','',2,'2013-10-21'),(81027,'UPDATE mae_productos SET pro_precio_compra_bruto=1130.47,pro_margen_actual=(pro_precio_venta-1130.47)/1130.47 * 100,pro_ultima_compra=@@@2013.10.21@@@,pro_ultimo_proveedor=@@@79984240-8@@@ WHERE pro_codigo_plu=110','',2,'2013-10-21'),(81028,'UPDATE mae_productos SET pro_margen_actual=-99.92,pro_precio_venta=1 WHERE pro_codigo_plu=722722','',2,'2013-10-21'),(81029,'UPDATE mae_productos SET pro_margen_actual=-99.89,pro_precio_venta=1 WHERE pro_codigo_plu=780722049','',2,'2013-10-21'),(81030,'UPDATE mae_productos SET pro_margen_actual=-99.74,pro_precio_venta=1 WHERE pro_codigo_plu=780722050','',2,'2013-10-21'),(81031,'UPDATE mae_productos SET pro_margen_actual=-99.89,pro_precio_venta=1 WHERE pro_codigo_plu=780722046','',2,'2013-10-21'),(81032,'UPDATE mae_productos SET pro_margen_actual=-99.89,pro_precio_venta=1 WHERE pro_codigo_plu=780722048','',2,'2013-10-21'),(81033,'UPDATE mae_productos SET pro_margen_actual=-99.89,pro_precio_venta=1 WHERE pro_codigo_plu=780722047','',2,'2013-10-21'),(81034,'UPDATE mae_productos SET pro_margen_actual=-99.92,pro_precio_venta=1 WHERE pro_codigo_plu=723723','',2,'2013-10-21'),(81035,'UPDATE mae_productos SET pro_margen_actual=-99.92,pro_precio_venta=1 WHERE pro_codigo_plu=724724','',2,'2013-10-21'),(81036,'UPDATE mae_productos SET pro_margen_actual=33.73,pro_precio_venta=1590 WHERE pro_codigo_plu=18559','',2,'2013-10-21'),(81037,'UPDATE mae_productos SET pro_margen_actual=33.44,pro_precio_venta=1590 WHERE pro_codigo_plu=18557','',2,'2013-10-21'),(81038,'UPDATE mae_productos SET pro_precio_venta=1690,pro_margen_actual= 37.96 WHERE pro_codigo_plu=722722','',2,'2013-10-21'),(81039,'UPDATE mae_productos SET pro_precio_venta=1790,pro_margen_actual= 40.39 WHERE pro_codigo_plu=723723','',2,'2013-10-21'),(81040,'UPDATE mae_productos SET pro_precio_venta=1790,pro_margen_actual= 40.39 WHERE pro_codigo_plu=724724','',2,'2013-10-21'),(81041,'UPDATE mae_productos SET pro_precio_venta=1450,pro_margen_actual= 29.53 WHERE pro_codigo_plu=14813','',2,'2013-10-21'),(81042,'UPDATE mae_productos SET pro_precio_venta=499,pro_margen_actual= 31.35 WHERE pro_codigo_plu=780722050','',2,'2013-10-21'),(81043,'UPDATE mae_productos SET pro_precio_venta=1590,pro_margen_actual= 41.8 WHERE pro_codigo_plu=762406','',2,'2013-10-21'),(81044,'UPDATE mae_productos SET pro_precio_venta=1560,pro_margen_actual= 30.08 WHERE pro_codigo_plu=763129','',2,'2013-10-21'),(81045,'UPDATE mae_productos SET pro_precio_venta=1220,pro_margen_actual= 30.72 WHERE pro_codigo_plu=762007','',2,'2013-10-21'),(81046,'UPDATE mae_productos SET pro_precio_venta=1190,pro_margen_actual= 33.83 WHERE pro_codigo_plu=780722047','',2,'2013-10-21'),(81047,'UPDATE mae_productos SET pro_precio_venta=1190,pro_margen_actual= 33.83 WHERE pro_codigo_plu=780722048','',2,'2013-10-21'),(81048,'UPDATE mae_productos SET pro_precio_venta=1190,pro_margen_actual= 33.83 WHERE pro_codigo_plu=780722046','',2,'2013-10-21'),(81049,'UPDATE mae_productos SET pro_precio_venta=450,pro_margen_actual= 32.78 WHERE pro_codigo_plu=15442','',2,'2013-10-21'),(81050,'UPDATE mae_productos SET pro_precio_venta=450,pro_margen_actual= 32.78 WHERE pro_codigo_plu=15443','',2,'2013-10-21'),(81051,'UPDATE mae_productos SET pro_precio_venta=450,pro_margen_actual= 32.78 WHERE pro_codigo_plu=15444','',2,'2013-10-21'),(81052,'UPDATE mae_productos SET pro_precio_venta=450,pro_margen_actual= 32.78 WHERE pro_codigo_plu=15445','',2,'2013-10-21'),(81053,'UPDATE mae_productos SET pro_precio_venta=690,pro_margen_actual= 31.58 WHERE pro_codigo_plu=101033','',2,'2013-10-21'),(81054,'UPDATE mae_productos SET pro_precio_venta=1240,pro_margen_actual= 30.42 WHERE pro_codigo_plu=780722049','',2,'2013-10-21'),(81055,'UPDATE mae_productos SET pro_margen_actual=41.8,pro_precio_venta=1590 WHERE pro_codigo_plu=762406','',2,'2013-10-21'),(81056,'UPDATE mae_productos SET pro_margen_actual=30.72,pro_precio_venta=1220 WHERE pro_codigo_plu=762007','',2,'2013-10-21'),(81057,'UPDATE mae_productos SET pro_margen_actual=37.96,pro_precio_venta=1690 WHERE pro_codigo_plu=722722','',2,'2013-10-21'),(81058,'UPDATE mae_productos SET pro_margen_actual=31.58,pro_precio_venta=690 WHERE pro_codigo_plu=101033','',2,'2013-10-21'),(81059,'UPDATE mae_productos SET pro_margen_actual=30.42,pro_precio_venta=1240 WHERE pro_codigo_plu=780722049','',2,'2013-10-21'),(81060,'UPDATE mae_productos SET pro_margen_actual=30.08,pro_precio_venta=1560 WHERE pro_codigo_plu=763129','',2,'2013-10-21'),(81061,'UPDATE mae_productos SET pro_margen_actual=31.35,pro_precio_venta=499 WHERE pro_codigo_plu=780722050','',2,'2013-10-21'),(81062,'UPDATE mae_productos SET pro_margen_actual=33.83,pro_precio_venta=1190 WHERE pro_codigo_plu=780722046','',2,'2013-10-21'),(81063,'UPDATE mae_productos SET pro_margen_actual=33.83,pro_precio_venta=1190 WHERE pro_codigo_plu=780722048','',2,'2013-10-21'),(81064,'UPDATE mae_productos SET pro_margen_actual=33.83,pro_precio_venta=1190 WHERE pro_codigo_plu=780722047','',2,'2013-10-21'),(81065,'UPDATE mae_productos SET pro_margen_actual=32.78,pro_precio_venta=450 WHERE pro_codigo_plu=15445','',2,'2013-10-21'),(81066,'UPDATE mae_productos SET pro_margen_actual=32.78,pro_precio_venta=450 WHERE pro_codigo_plu=15442','',2,'2013-10-21'),(81067,'UPDATE mae_productos SET pro_margen_actual=32.78,pro_precio_venta=450 WHERE pro_codigo_plu=15443','',2,'2013-10-21'),(81068,'UPDATE mae_productos SET pro_margen_actual=32.78,pro_precio_venta=450 WHERE pro_codigo_plu=15444','',2,'2013-10-21'),(81069,'UPDATE mae_productos SET pro_margen_actual=40.39,pro_precio_venta=1790 WHERE pro_codigo_plu=723723','',2,'2013-10-21'),(81070,'UPDATE mae_productos SET pro_margen_actual=29.53,pro_precio_venta=1450 WHERE pro_codigo_plu=14813','',2,'2013-10-21'),(81071,'UPDATE mae_productos SET pro_margen_actual=40.39,pro_precio_venta=1790 WHERE pro_codigo_plu=724724','',2,'2013-10-21'),(81072,'UPDATE mae_productos SET pro_precio_fiscal=pro_precio_venta WHERE pro_codigo_plu=780722050','',2,'2013-10-21'),(81073,'UPDATE mae_productos SET pro_precio_fiscal=pro_precio_venta WHERE pro_codigo_plu=722722','',2,'2013-10-21'),(81074,'UPDATE mae_productos SET pro_precio_fiscal=pro_precio_venta WHERE pro_codigo_plu=723723','',2,'2013-10-21'),(81075,'UPDATE mae_productos SET pro_precio_fiscal=pro_precio_venta WHERE pro_codigo_plu=724724','',2,'2013-10-21'),(81076,'UPDATE mae_productos SET pro_precio_fiscal=pro_precio_venta WHERE pro_codigo_plu=18557','',2,'2013-10-21'),(81077,'UPDATE mae_productos SET pro_precio_fiscal=pro_precio_venta WHERE pro_codigo_plu=762406','',2,'2013-10-21'),(81078,'UPDATE mae_productos SET pro_precio_fiscal=pro_precio_venta WHERE pro_codigo_plu=14813','',2,'2013-10-21'),(81079,'UPDATE mae_productos SET pro_precio_fiscal=pro_precio_venta WHERE pro_codigo_plu=763129','',2,'2013-10-21'),(81080,'UPDATE mae_productos SET pro_precio_fiscal=pro_precio_venta WHERE pro_codigo_plu=762007','',2,'2013-10-21'),(81081,'UPDATE mae_productos SET pro_precio_fiscal=pro_precio_venta WHERE pro_codigo_plu=780722047','',2,'2013-10-21'),(81082,'UPDATE mae_productos SET pro_precio_fiscal=pro_precio_venta WHERE pro_codigo_plu=780722048','',2,'2013-10-21'),(81083,'UPDATE mae_productos SET pro_precio_fiscal=pro_precio_venta WHERE pro_codigo_plu=780722046','',2,'2013-10-21'),(81084,'UPDATE mae_productos SET pro_precio_fiscal=pro_precio_venta WHERE pro_codigo_plu=15442','',2,'2013-10-21'),(81085,'UPDATE mae_productos SET pro_precio_fiscal=pro_precio_venta WHERE pro_codigo_plu=15443','',2,'2013-10-21'),(81086,'UPDATE mae_productos SET pro_precio_fiscal=pro_precio_venta WHERE pro_codigo_plu=15444','',2,'2013-10-21'),(81087,'UPDATE mae_productos SET pro_precio_fiscal=pro_precio_venta WHERE pro_codigo_plu=15445','',2,'2013-10-21'),(81088,'UPDATE mae_productos SET pro_precio_fiscal=pro_precio_venta WHERE pro_codigo_plu=101033','',2,'2013-10-21'),(81089,'UPDATE mae_productos SET pro_precio_fiscal=pro_precio_venta WHERE pro_codigo_plu=780722049','',2,'2013-10-21'),(81090,'UPDATE mae_productos SET pro_precio_venta=1990,pro_margen_actual= 29.63 WHERE pro_codigo_plu=118','',2,'2013-10-21'),(81091,'INSERT INTO gne_vale_ferreteria (vfe_id,vfe_fecha,vfe_total,vfe_estado,vfe_entregado,usu_nusuario) VALUES (14452,@@@2013.10.21@@@,450,1,0,@@@M_GUERRERO@@@)','',2,'2013-10-21'),(81092,'INSERT INTO gne_vale_ferreteria_mov (vfe_id,pro_codigo_plu,vfm_cantidad,vfm_unitario,vfm_total,vfm_entregado) VALUES (14452,4088,3,150,450,@@@NO@@@)','',2,'2013-10-21'),(81093,'UPDATE mae_productos SET pro_precio_fiscal=pro_precio_venta WHERE pro_codigo_plu=118','',2,'2013-10-21'),(81094,'INSERT INTO gne_vale_ferreteria (vfe_id,vfe_fecha,vfe_total,vfe_estado,vfe_entregado,usu_nusuario) VALUES (14453,@@@2013.10.21@@@,50,1,0,@@@M_GUERRERO@@@)','',2,'2013-10-21'),(81095,'INSERT INTO gne_vale_ferreteria_mov (vfe_id,pro_codigo_plu,vfm_cantidad,vfm_unitario,vfm_total,vfm_entregado) VALUES (14453,770000,1,50,50,@@@NO@@@)','',2,'2013-10-21'),(81096,'INSERT INTO gne_vale_ferreteria (vfe_id,vfe_fecha,vfe_total,vfe_estado,vfe_entregado,usu_nusuario) VALUES (14454,@@@2013.10.21@@@,590,1,0,@@@M_GUERRERO@@@)','',2,'2013-10-21'),(81097,'INSERT INTO gne_vale_ferreteria_mov (vfe_id,pro_codigo_plu,vfm_cantidad,vfm_unitario,vfm_total,vfm_entregado) VALUES (14454,101881,1,590,590,@@@NO@@@)','',2,'2013-10-21'),(81098,'INSERT INTO gne_vale_ferreteria (vfe_id,vfe_fecha,vfe_total,vfe_estado,vfe_entregado,usu_nusuario) VALUES (14455,@@@2013.10.21@@@,280,1,0,@@@M_GUERRERO@@@)','',2,'2013-10-21'),(81099,'INSERT INTO gne_vale_ferreteria_mov (vfe_id,pro_codigo_plu,vfm_cantidad,vfm_unitario,vfm_total,vfm_entregado) VALUES (14455,7502,1,30,30,@@@NO@@@)','',2,'2013-10-21'),(81100,'INSERT INTO gne_vale_ferreteria_mov (vfe_id,pro_codigo_plu,vfm_cantidad,vfm_unitario,vfm_total,vfm_entregado) VALUES (14455,764833,1,10,10,@@@NO@@@)','',2,'2013-10-21'),(81101,'INSERT INTO gne_vale_ferreteria_mov (vfe_id,pro_codigo_plu,vfm_cantidad,vfm_unitario,vfm_total,vfm_entregado) VALUES (14455,8022,2,120,240,@@@NO@@@)','',2,'2013-10-21'),(81102,'INSERT INTO gne_vale_ferreteria (vfe_id,vfe_fecha,vfe_total,vfe_estado,vfe_entregado,usu_nusuario) VALUES (14456,@@@2013.10.21@@@,500,1,0,@@@M_GUERRERO@@@)','',2,'2013-10-21'),(81103,'INSERT INTO gne_vale_ferreteria_mov (vfe_id,pro_codigo_plu,vfm_cantidad,vfm_unitario,vfm_total,vfm_entregado) VALUES (14456,780721728,1,500,500,@@@NO@@@)','',2,'2013-10-21'),(81104,'INSERT INTO gne_vale_ferreteria (vfe_id,vfe_fecha,vfe_total,vfe_estado,vfe_entregado,usu_nusuario) VALUES (14457,@@@2013.10.21@@@,650,1,0,@@@M_GUERRERO@@@)','',2,'2013-10-21'),(81105,'INSERT INTO gne_vale_ferreteria_mov (vfe_id,pro_codigo_plu,vfm_cantidad,vfm_unitario,vfm_total,vfm_entregado) VALUES (14457,20061,1,650,650,@@@NO@@@)','',2,'2013-10-21'),(81106,'INSERT INTO gne_vale_ferreteria (vfe_id,vfe_fecha,vfe_total,vfe_estado,vfe_entregado,usu_nusuario) VALUES (14458,@@@2013.10.21@@@,490,1,0,@@@M_GUERRERO@@@)','',2,'2013-10-21'),(81107,'INSERT INTO gne_vale_ferreteria_mov (vfe_id,pro_codigo_plu,vfm_cantidad,vfm_unitario,vfm_total,vfm_entregado) VALUES (14458,24545,1,490,490,@@@NO@@@)','',2,'2013-10-21'),(81108,'INSERT INTO gne_vale_ferreteria (vfe_id,vfe_fecha,vfe_total,vfe_estado,vfe_entregado,usu_nusuario) VALUES (14459,@@@2013.10.21@@@,150,1,0,@@@M_GUERRERO@@@)','',2,'2013-10-21'),(81109,'INSERT INTO gne_vale_ferreteria_mov (vfe_id,pro_codigo_plu,vfm_cantidad,vfm_unitario,vfm_total,vfm_entregado) VALUES (14459,78017110,1,150,150,@@@NO@@@)','',2,'2013-10-21'),(81110,'INSERT INTO gne_vale_ferreteria (vfe_id,vfe_fecha,vfe_total,vfe_estado,vfe_entregado,usu_nusuario) VALUES (14460,@@@2013.10.21@@@,3800,1,0,@@@M_GUERRERO@@@)','',2,'2013-10-21'),(81111,'INSERT INTO gne_vale_ferreteria_mov (vfe_id,pro_codigo_plu,vfm_cantidad,vfm_unitario,vfm_total,vfm_entregado) VALUES (14460,780220109,9,200,1800,@@@NO@@@)','',2,'2013-10-21'),(81112,'INSERT INTO gne_vale_ferreteria_mov (vfe_id,pro_codigo_plu,vfm_cantidad,vfm_unitario,vfm_total,vfm_entregado) VALUES (14460,765072,1,200,200,@@@NO@@@)','',2,'2013-10-21'),(81113,'INSERT INTO gne_vale_ferreteria_mov (vfe_id,pro_codigo_plu,vfm_cantidad,vfm_unitario,vfm_total,vfm_entregado) VALUES (14460,780721667,1,230,230,@@@NO@@@)','',2,'2013-10-21'),(81114,'INSERT INTO gne_vale_ferreteria_mov (vfe_id,pro_codigo_plu,vfm_cantidad,vfm_unitario,vfm_total,vfm_entregado) VALUES (14460,1538,2,490,980,@@@NO@@@)','',2,'2013-10-21'),(81115,'INSERT INTO gne_vale_ferreteria_mov (vfe_id,pro_codigo_plu,vfm_cantidad,vfm_unitario,vfm_total,vfm_entregado) VALUES (14460,780721516,1,590,590,@@@NO@@@)','',2,'2013-10-21'),(81116,'INSERT INTO gne_vale_ferreteria (vfe_id,vfe_fecha,vfe_total,vfe_estado,vfe_entregado,usu_nusuario) VALUES (14461,@@@2013.10.21@@@,1490,1,0,@@@M_GUERRERO@@@)','',2,'2013-10-21'),(81117,'INSERT INTO gne_vale_ferreteria_mov (vfe_id,pro_codigo_plu,vfm_cantidad,vfm_unitario,vfm_total,vfm_entregado) VALUES (14461,1560,1,1490,1490,@@@NO@@@)','',2,'2013-10-21'),(81118,'INSERT INTO gne_vale_ferreteria (vfe_id,vfe_fecha,vfe_total,vfe_estado,vfe_entregado,usu_nusuario) VALUES (14462,@@@2013.10.21@@@,350,1,0,@@@M_GUERRERO@@@)','',2,'2013-10-21'),(81119,'INSERT INTO gne_vale_ferreteria_mov (vfe_id,pro_codigo_plu,vfm_cantidad,vfm_unitario,vfm_total,vfm_entregado) VALUES (14462,780721241,1,350,350,@@@NO@@@)','',2,'2013-10-21'),(81120,'INSERT INTO gne_vale_ferreteria (vfe_id,vfe_fecha,vfe_total,vfe_estado,vfe_entregado,usu_nusuario) VALUES (14463,@@@2013.10.21@@@,450,1,0,@@@M_GUERRERO@@@)','',2,'2013-10-21'),(81121,'INSERT INTO gne_vale_ferreteria_mov (vfe_id,pro_codigo_plu,vfm_cantidad,vfm_unitario,vfm_total,vfm_entregado) VALUES (14463,15444,1,450,450,@@@NO@@@)','',2,'2013-10-21'),(81122,'INSERT INTO gne_vale_ferreteria (vfe_id,vfe_fecha,vfe_total,vfe_estado,vfe_entregado,usu_nusuario) VALUES (14464,@@@2013.10.21@@@,1890,1,0,@@@M_GUERRERO@@@)','',2,'2013-10-21'),(81123,'INSERT INTO gne_vale_ferreteria_mov (vfe_id,pro_codigo_plu,vfm_cantidad,vfm_unitario,vfm_total,vfm_entregado) VALUES (14464,101842,1,1890,1890,@@@NO@@@)','',2,'2013-10-21'),(81124,'INSERT INTO gne_vale_ferreteria (vfe_id,vfe_fecha,vfe_total,vfe_estado,vfe_entregado,usu_nusuario) VALUES (14465,@@@2013.10.21@@@,490,1,0,@@@M_GUERRERO@@@)','',2,'2013-10-21'),(81125,'INSERT INTO gne_vale_ferreteria_mov (vfe_id,pro_codigo_plu,vfm_cantidad,vfm_unitario,vfm_total,vfm_entregado) VALUES (14465,78017203,1,490,490,@@@NO@@@)','',2,'2013-10-21'),(81126,'INSERT INTO gne_vale_ferreteria (vfe_id,vfe_fecha,vfe_total,vfe_estado,vfe_entregado,usu_nusuario) VALUES (14466,@@@2013.10.21@@@,790,1,0,@@@M_GUERRERO@@@)','',2,'2013-10-21'),(81127,'INSERT INTO gne_vale_ferreteria_mov (vfe_id,pro_codigo_plu,vfm_cantidad,vfm_unitario,vfm_total,vfm_entregado) VALUES (14466,78017132,1,200,200,@@@NO@@@)','',2,'2013-10-21'),(81128,'INSERT INTO gne_vale_ferreteria_mov (vfe_id,pro_codigo_plu,vfm_cantidad,vfm_unitario,vfm_total,vfm_entregado) VALUES (14466,780722039,1,590,590,@@@NO@@@)','',2,'2013-10-21'),(81129,'INSERT INTO gne_vale_ferreteria (vfe_id,vfe_fecha,vfe_total,vfe_estado,vfe_entregado,usu_nusuario) VALUES (14467,@@@2013.10.21@@@,790,1,0,@@@M_GUERRERO@@@)','',2,'2013-10-21'),(81130,'INSERT INTO gne_vale_ferreteria_mov (vfe_id,pro_codigo_plu,vfm_cantidad,vfm_unitario,vfm_total,vfm_entregado) VALUES (14467,780721486,1,790,790,@@@NO@@@)','',2,'2013-10-21'),(81131,'INSERT INTO gne_vale_ferreteria (vfe_id,vfe_fecha,vfe_total,vfe_estado,vfe_entregado,usu_nusuario) VALUES (14468,@@@2013.10.21@@@,150,1,0,@@@M_GUERRERO@@@)','',2,'2013-10-21'),(81132,'INSERT INTO gne_vale_ferreteria_mov (vfe_id,pro_codigo_plu,vfm_cantidad,vfm_unitario,vfm_total,vfm_entregado) VALUES (14468,780721726,1,150,150,@@@NO@@@)','',2,'2013-10-21'),(81133,'INSERT INTO gne_vale_ferreteria (vfe_id,vfe_fecha,vfe_total,vfe_estado,vfe_entregado,usu_nusuario) VALUES (14469,@@@2013.10.21@@@,1750,1,0,@@@M_GUERRERO@@@)','',2,'2013-10-21'),(81134,'INSERT INTO gne_vale_ferreteria_mov (vfe_id,pro_codigo_plu,vfm_cantidad,vfm_unitario,vfm_total,vfm_entregado) VALUES (14469,20482,1,1750,1750,@@@NO@@@)','',2,'2013-10-21'),(81135,'INSERT INTO gne_vale_ferreteria (vfe_id,vfe_fecha,vfe_total,vfe_estado,vfe_entregado,usu_nusuario) VALUES (14470,@@@2013.10.21@@@,350,1,0,@@@M_GUERRERO@@@)','',2,'2013-10-21'),(81136,'INSERT INTO gne_vale_ferreteria_mov (vfe_id,pro_codigo_plu,vfm_cantidad,vfm_unitario,vfm_total,vfm_entregado) VALUES (14470,20847,1,350,350,@@@NO@@@)','',2,'2013-10-21'),(81137,'INSERT INTO gne_vale_ferreteria (vfe_id,vfe_fecha,vfe_total,vfe_estado,vfe_entregado,usu_nusuario) VALUES (14471,@@@2013.10.21@@@,200,1,0,@@@M_GUERRERO@@@)','',2,'2013-10-21'),(81138,'INSERT INTO gne_vale_ferreteria_mov (vfe_id,pro_codigo_plu,vfm_cantidad,vfm_unitario,vfm_total,vfm_entregado) VALUES (14471,1040,1,200,200,@@@NO@@@)','',2,'2013-10-21'),(81139,'INSERT INTO gne_vale_ferreteria (vfe_id,vfe_fecha,vfe_total,vfe_estado,vfe_entregado,usu_nusuario) VALUES (14472,@@@2013.10.21@@@,1380,1,0,@@@M_GUERRERO@@@)','',2,'2013-10-21'),(81140,'INSERT INTO gne_vale_ferreteria_mov (vfe_id,pro_codigo_plu,vfm_cantidad,vfm_unitario,vfm_total,vfm_entregado) VALUES (14472,764020,1,790,790,@@@NO@@@)','',2,'2013-10-21'),(81141,'INSERT INTO gne_vale_ferreteria_mov (vfe_id,pro_codigo_plu,vfm_cantidad,vfm_unitario,vfm_total,vfm_entregado) VALUES (14472,121012,1,590,590,@@@NO@@@)','',2,'2013-10-21'),(81142,'INSERT INTO gne_vale_ferreteria (vfe_id,vfe_fecha,vfe_total,vfe_estado,vfe_entregado,usu_nusuario) VALUES (14473,@@@2013.10.21@@@,550,1,0,@@@M_GUERRERO@@@)','',2,'2013-10-21'),(81143,'INSERT INTO gne_vale_ferreteria_mov (vfe_id,pro_codigo_plu,vfm_cantidad,vfm_unitario,vfm_total,vfm_entregado) VALUES (14473,19150,1,350,350,@@@NO@@@)','',2,'2013-10-21'),(81144,'INSERT INTO gne_vale_ferreteria_mov (vfe_id,pro_codigo_plu,vfm_cantidad,vfm_unitario,vfm_total,vfm_entregado) VALUES (14473,764702,1,200,200,@@@NO@@@)','',2,'2013-10-21'),(81145,'INSERT INTO gne_vale_ferreteria (vfe_id,vfe_fecha,vfe_total,vfe_estado,vfe_entregado,usu_nusuario) VALUES (14474,@@@2013.10.21@@@,560,1,0,@@@G_DIAZ@@@)','',2,'2013-10-21'),(81146,'INSERT INTO gne_vale_ferreteria_mov (vfe_id,pro_codigo_plu,vfm_cantidad,vfm_unitario,vfm_total,vfm_entregado) VALUES (14474,780220197,2,280,560,@@@NO@@@)','',2,'2013-10-21'),(81147,'INSERT INTO gne_vale_ferreteria (vfe_id,vfe_fecha,vfe_total,vfe_estado,vfe_entregado,usu_nusuario) VALUES (14475,@@@2013.10.21@@@,4659,1,0,@@@G_DIAZ@@@)','',2,'2013-10-21'),(81148,'INSERT INTO gne_vale_ferreteria_mov (vfe_id,pro_codigo_plu,vfm_cantidad,vfm_unitario,vfm_total,vfm_entregado) VALUES (14475,780220197,2,280,560,@@@NO@@@)','',2,'2013-10-21'),(81149,'INSERT INTO gne_vale_ferreteria_mov (vfe_id,pro_codigo_plu,vfm_cantidad,vfm_unitario,vfm_total,vfm_entregado) VALUES (14475,15668,1,1599,1599,@@@NO@@@)','',2,'2013-10-21'),(81150,'INSERT INTO gne_vale_ferreteria_mov (vfe_id,pro_codigo_plu,vfm_cantidad,vfm_unitario,vfm_total,vfm_entregado) VALUES (14475,762145,1,2500,2500,@@@NO@@@)','',2,'2013-10-21'),(81151,'INSERT INTO gne_vale_ferreteria (vfe_id,vfe_fecha,vfe_total,vfe_estado,vfe_entregado,usu_nusuario) VALUES (14476,@@@2013.10.21@@@,750,1,0,@@@G_DIAZ@@@)','',2,'2013-10-21'),(81152,'INSERT INTO gne_vale_ferreteria_mov (vfe_id,pro_codigo_plu,vfm_cantidad,vfm_unitario,vfm_total,vfm_entregado) VALUES (14476,10159,1,750,750,@@@NO@@@)','',2,'2013-10-21'),(81153,'INSERT INTO gne_vale_ferreteria (vfe_id,vfe_fecha,vfe_total,vfe_estado,vfe_entregado,usu_nusuario) VALUES (14477,@@@2013.10.21@@@,1190,1,0,@@@G_DIAZ@@@)','',2,'2013-10-21'),(81154,'INSERT INTO gne_vale_ferreteria_mov (vfe_id,pro_codigo_plu,vfm_cantidad,vfm_unitario,vfm_total,vfm_entregado) VALUES (14477,7651,1,1190,1190,@@@NO@@@)','',2,'2013-10-21'),(81155,'INSERT INTO gne_vale_ferreteria (vfe_id,vfe_fecha,vfe_total,vfe_estado,vfe_entregado,usu_nusuario) VALUES (14478,@@@2013.10.21@@@,120,1,0,@@@G_DIAZ@@@)','',2,'2013-10-21'),(81156,'INSERT INTO gne_vale_ferreteria_mov (vfe_id,pro_codigo_plu,vfm_cantidad,vfm_unitario,vfm_total,vfm_entregado) VALUES (14478,764330,1,120,120,@@@NO@@@)','',2,'2013-10-21'),(81157,'INSERT INTO gne_vale_ferreteria (vfe_id,vfe_fecha,vfe_total,vfe_estado,vfe_entregado,usu_nusuario) VALUES (14479,@@@2013.10.21@@@,100,1,0,@@@G_DIAZ@@@)','',2,'2013-10-21'),(81158,'INSERT INTO gne_vale_ferreteria_mov (vfe_id,pro_codigo_plu,vfm_cantidad,vfm_unitario,vfm_total,vfm_entregado) VALUES (14479,770000,2,50,100,@@@NO@@@)','',2,'2013-10-21'),(81159,'INSERT INTO gne_vale_ferreteria (vfe_id,vfe_fecha,vfe_total,vfe_estado,vfe_entregado,usu_nusuario) VALUES (14480,@@@2013.10.21@@@,998,1,0,@@@G_DIAZ@@@)','',2,'2013-10-21'),(81160,'INSERT INTO gne_vale_ferreteria_mov (vfe_id,pro_codigo_plu,vfm_cantidad,vfm_unitario,vfm_total,vfm_entregado) VALUES (14480,780721670,2,499,998,@@@NO@@@)','',2,'2013-10-21'),(81161,'INSERT INTO gne_vale_ferreteria (vfe_id,vfe_fecha,vfe_total,vfe_estado,vfe_entregado,usu_nusuario) VALUES (14481,@@@2013.10.21@@@,2920,1,0,@@@G_DIAZ@@@)','',2,'2013-10-21'),(81162,'INSERT INTO gne_vale_ferreteria_mov (vfe_id,pro_codigo_plu,vfm_cantidad,vfm_unitario,vfm_total,vfm_entregado) VALUES (14481,88581,1,2790,2790,@@@NO@@@)','',2,'2013-10-21'),(81163,'INSERT INTO gne_vale_ferreteria_mov (vfe_id,pro_codigo_plu,vfm_cantidad,vfm_unitario,vfm_total,vfm_entregado) VALUES (14481,15967,1,130,130,@@@NO@@@)','',2,'2013-10-21'),(81164,'INSERT INTO gne_vale_ferreteria (vfe_id,vfe_fecha,vfe_total,vfe_estado,vfe_entregado,usu_nusuario) VALUES (14482,@@@2013.10.21@@@,240,1,0,@@@G_DIAZ@@@)','',2,'2013-10-21'),(81165,'INSERT INTO gne_vale_ferreteria_mov (vfe_id,pro_codigo_plu,vfm_cantidad,vfm_unitario,vfm_total,vfm_entregado) VALUES (14482,770001,3,80,240,@@@NO@@@)','',2,'2013-10-21'),(81166,'INSERT INTO gne_vale_ferreteria (vfe_id,vfe_fecha,vfe_total,vfe_estado,vfe_entregado,usu_nusuario) VALUES (14483,@@@2013.10.21@@@,3780,1,0,@@@G_DIAZ@@@)','',2,'2013-10-21'),(81167,'INSERT INTO gne_vale_ferreteria_mov (vfe_id,pro_codigo_plu,vfm_cantidad,vfm_unitario,vfm_total,vfm_entregado) VALUES (14483,780721827,1,1390,1390,@@@NO@@@)','',2,'2013-10-21'),(81168,'INSERT INTO gne_vale_ferreteria_mov (vfe_id,pro_codigo_plu,vfm_cantidad,vfm_unitario,vfm_total,vfm_entregado) VALUES (14483,765052,1,2390,2390,@@@NO@@@)','',2,'2013-10-21'),(81169,'INSERT INTO gne_vale_ferreteria (vfe_id,vfe_fecha,vfe_total,vfe_estado,vfe_entregado,usu_nusuario) VALUES (14484,@@@2013.10.21@@@,1990,1,0,@@@G_DIAZ@@@)','',2,'2013-10-21'),(81170,'INSERT INTO gne_vale_ferreteria_mov (vfe_id,pro_codigo_plu,vfm_cantidad,vfm_unitario,vfm_total,vfm_entregado) VALUES (14484,780721920,1,1990,1990,@@@NO@@@)','',2,'2013-10-21'),(81171,'INSERT INTO gne_vale_ferreteria (vfe_id,vfe_fecha,vfe_total,vfe_estado,vfe_entregado,usu_nusuario) VALUES (14485,@@@2013.10.21@@@,120,1,0,@@@G_DIAZ@@@)','',2,'2013-10-21'),(81172,'INSERT INTO gne_vale_ferreteria_mov (vfe_id,pro_codigo_plu,vfm_cantidad,vfm_unitario,vfm_total,vfm_entregado) VALUES (14485,764780,2,60,120,@@@NO@@@)','',2,'2013-10-21'),(81173,'INSERT INTO gne_vale_ferreteria (vfe_id,vfe_fecha,vfe_total,vfe_estado,vfe_entregado,usu_nusuario) VALUES (14486,@@@2013.10.21@@@,1430,1,0,@@@G_DIAZ@@@)','',2,'2013-10-21'),(81174,'INSERT INTO gne_vale_ferreteria_mov (vfe_id,pro_codigo_plu,vfm_cantidad,vfm_unitario,vfm_total,vfm_entregado) VALUES (14486,763838,1,450,450,@@@NO@@@)','',2,'2013-10-21'),(81175,'INSERT INTO gne_vale_ferreteria_mov (vfe_id,pro_codigo_plu,vfm_cantidad,vfm_unitario,vfm_total,vfm_entregado) VALUES (14486,780721305,2,490,980,@@@NO@@@)','',2,'2013-10-21'),(81176,'INSERT INTO gne_vale_ferreteria (vfe_id,vfe_fecha,vfe_total,vfe_estado,vfe_entregado,usu_nusuario) VALUES (14487,@@@2013.10.21@@@,290,1,0,@@@G_DIAZ@@@)','',2,'2013-10-21'),(81177,'INSERT INTO gne_vale_ferreteria_mov (vfe_id,pro_codigo_plu,vfm_cantidad,vfm_unitario,vfm_total,vfm_entregado) VALUES (14487,78017150,1,290,290,@@@NO@@@)','',2,'2013-10-21'),(81178,'INSERT INTO gne_vale_ferreteria (vfe_id,vfe_fecha,vfe_total,vfe_estado,vfe_entregado,usu_nusuario) VALUES (14488,@@@2013.10.21@@@,60,1,0,@@@G_DIAZ@@@)','',2,'2013-10-21'),(81179,'INSERT INTO gne_vale_ferreteria_mov (vfe_id,pro_codigo_plu,vfm_cantidad,vfm_unitario,vfm_total,vfm_entregado) VALUES (14488,764780,1,60,60,@@@NO@@@)','',2,'2013-10-21'),(81180,'INSERT INTO gne_vale_ferreteria (vfe_id,vfe_fecha,vfe_total,vfe_estado,vfe_entregado,usu_nusuario) VALUES (14489,@@@2013.10.21@@@,210,1,0,@@@G_DIAZ@@@)','',2,'2013-10-21'),(81181,'INSERT INTO gne_vale_ferreteria_mov (vfe_id,pro_codigo_plu,vfm_cantidad,vfm_unitario,vfm_total,vfm_entregado) VALUES (14489,764122,1,210,210,@@@NO@@@)','',2,'2013-10-21'),(81182,'INSERT INTO gne_vale_ferreteria (vfe_id,vfe_fecha,vfe_total,vfe_estado,vfe_entregado,usu_nusuario) VALUES (14490,@@@2013.10.21@@@,790,1,0,@@@G_DIAZ@@@)','',2,'2013-10-21'),(81183,'INSERT INTO gne_vale_ferreteria_mov (vfe_id,pro_codigo_plu,vfm_cantidad,vfm_unitario,vfm_total,vfm_entregado) VALUES (14490,764020,1,790,790,@@@NO@@@)','',2,'2013-10-21'),(81184,'INSERT INTO gne_vale_ferreteria (vfe_id,vfe_fecha,vfe_total,vfe_estado,vfe_entregado,usu_nusuario) VALUES (14491,@@@2013.10.21@@@,1890,1,0,@@@G_DIAZ@@@)','',2,'2013-10-21'),(81185,'INSERT INTO gne_vale_ferreteria_mov (vfe_id,pro_codigo_plu,vfm_cantidad,vfm_unitario,vfm_total,vfm_entregado) VALUES (14491,101852,1,1890,1890,@@@NO@@@)','',2,'2013-10-21'),(81186,'INSERT INTO gne_vale_ferreteria (vfe_id,vfe_fecha,vfe_total,vfe_estado,vfe_entregado,usu_nusuario) VALUES (14492,@@@2013.10.21@@@,3740,1,0,@@@G_DIAZ@@@)','',2,'2013-10-21'),(81187,'INSERT INTO gne_vale_ferreteria_mov (vfe_id,pro_codigo_plu,vfm_cantidad,vfm_unitario,vfm_total,vfm_entregado) VALUES (14492,20484,1,1750,1750,@@@NO@@@)','',2,'2013-10-21'),(81188,'INSERT INTO gne_vale_ferreteria_mov (vfe_id,pro_codigo_plu,vfm_cantidad,vfm_unitario,vfm_total,vfm_entregado) VALUES (14492,780721920,1,1990,1990,@@@NO@@@)','',2,'2013-10-21'),(81189,'INSERT INTO gne_vale_ferreteria (vfe_id,vfe_fecha,vfe_total,vfe_estado,vfe_entregado,usu_nusuario) VALUES (14493,@@@2013.10.21@@@,2490,1,0,@@@G_DIAZ@@@)','',2,'2013-10-21'),(81190,'INSERT INTO gne_vale_ferreteria_mov (vfe_id,pro_codigo_plu,vfm_cantidad,vfm_unitario,vfm_total,vfm_entregado) VALUES (14493,764314,1,2490,2490,@@@NO@@@)','',2,'2013-10-21'),(81191,'INSERT INTO gne_vale_ferreteria (vfe_id,vfe_fecha,vfe_total,vfe_estado,vfe_entregado,usu_nusuario) VALUES (14494,@@@2013.10.21@@@,1800,1,0,@@@G_DIAZ@@@)','',2,'2013-10-21'),(81192,'INSERT INTO gne_vale_ferreteria_mov (vfe_id,pro_codigo_plu,vfm_cantidad,vfm_unitario,vfm_total,vfm_entregado) VALUES (14494,78017150,3,290,870,@@@NO@@@)','',2,'2013-10-21'),(81193,'INSERT INTO gne_vale_ferreteria_mov (vfe_id,pro_codigo_plu,vfm_cantidad,vfm_unitario,vfm_total,vfm_entregado) VALUES (14494,780220183,1,490,490,@@@NO@@@)','',2,'2013-10-21'),(81194,'INSERT INTO gne_vale_ferreteria_mov (vfe_id,pro_codigo_plu,vfm_cantidad,vfm_unitario,vfm_total,vfm_entregado) VALUES (14494,4080,5,40,200,@@@NO@@@)','',2,'2013-10-21'),(81195,'INSERT INTO gne_vale_ferreteria_mov (vfe_id,pro_codigo_plu,vfm_cantidad,vfm_unitario,vfm_total,vfm_entregado) VALUES (14494,770065,2,120,240,@@@NO@@@)','',2,'2013-10-21'),(81196,'INSERT INTO gne_vale_ferreteria (vfe_id,vfe_fecha,vfe_total,vfe_estado,vfe_entregado,usu_nusuario) VALUES (14495,@@@2013.10.21@@@,900,1,0,@@@G_DIAZ@@@)','',2,'2013-10-21'),(81197,'INSERT INTO gne_vale_ferreteria_mov (vfe_id,pro_codigo_plu,vfm_cantidad,vfm_unitario,vfm_total,vfm_entregado) VALUES (14495,780721439,3,300,900,@@@NO@@@)','',2,'2013-10-21'),(81198,'INSERT INTO gne_vale_ferreteria (vfe_id,vfe_fecha,vfe_total,vfe_estado,vfe_entregado,usu_nusuario) VALUES (14496,@@@2013.10.21@@@,530,1,0,@@@G_DIAZ@@@)','',2,'2013-10-21'),