(22825,'INSERT INTO gne_vale_ferreteria_mov (vfe_id,pro_codigo_plu,vfm_cantidad,vfm_unitario,vfm_total,vfm_entregado) VALUES (1606,78016966,7,20,140,@@@NO@@@)','',2,'2013-06-05'),(22826,'INSERT INTO gne_vale_ferreteria (vfe_id,vfe_fecha,vfe_total,vfe_estado,vfe_entregado,usu_nusuario) VALUES (1607,@@@2013.06.05@@@,330,1,0,@@@G_DIAZ@@@)','',2,'2013-06-05'),(22827,'INSERT INTO gne_vale_ferreteria_mov (vfe_id,pro_codigo_plu,vfm_cantidad,vfm_unitario,vfm_total,vfm_entregado) VALUES (1607,763588,1,330,330,@@@NO@@@)','',2,'2013-06-05'),(22828,'INSERT INTO gne_vale_ferreteria (vfe_id,vfe_fecha,vfe_total,vfe_estado,vfe_entregado,usu_nusuario) VALUES (1608,@@@2013.06.05@@@,330,1,0,@@@G_DIAZ@@@)','',2,'2013-06-05'),(22829,'INSERT INTO gne_vale_ferreteria_mov (vfe_id,pro_codigo_plu,vfm_cantidad,vfm_unitario,vfm_total,vfm_entregado) VALUES (1608,763588,1,330,330,@@@NO@@@)','',2,'2013-06-05'),(22830,'INSERT INTO gne_vale_ferreteria (vfe_id,vfe_fecha,vfe_total,vfe_estado,vfe_entregado,usu_nusuario) VALUES (1609,@@@2013.06.05@@@,1399,1,0,@@@G_DIAZ@@@)','',2,'2013-06-05'),(22831,'INSERT INTO gne_vale_ferreteria_mov (vfe_id,pro_codigo_plu,vfm_cantidad,vfm_unitario,vfm_total,vfm_entregado) VALUES (1609,763622,1,1399,1399,@@@NO@@@)','',2,'2013-06-05'),(22832,'INSERT INTO gne_vale_ferreteria (vfe_id,vfe_fecha,vfe_total,vfe_estado,vfe_entregado,usu_nusuario) VALUES (1610,@@@2013.06.05@@@,1890,1,0,@@@G_DIAZ@@@)','',2,'2013-06-05'),(22833,'INSERT INTO gne_vale_ferreteria_mov (vfe_id,pro_codigo_plu,vfm_cantidad,vfm_unitario,vfm_total,vfm_entregado) VALUES (1610,101848,1,1890,1890,@@@NO@@@)','',2,'2013-06-05'),(22834,'INSERT INTO gne_vale_ferreteria (vfe_id,vfe_fecha,vfe_total,vfe_estado,vfe_entregado,usu_nusuario) VALUES (1611,@@@2013.06.05@@@,920,1,0,@@@G_DIAZ@@@)','',2,'2013-06-05'),(22835,'INSERT INTO gne_vale_ferreteria_mov (vfe_id,pro_codigo_plu,vfm_cantidad,vfm_unitario,vfm_total,vfm_entregado) VALUES (1611,8022,1,120,120,@@@NO@@@)','',2,'2013-06-05'),(22836,'INSERT INTO gne_vale_ferreteria_mov (vfe_id,pro_codigo_plu,vfm_cantidad,vfm_unitario,vfm_total,vfm_entregado) VALUES (1611,764123,1,390,390,@@@NO@@@)','',2,'2013-06-05'),(22837,'INSERT INTO gne_vale_ferreteria_mov (vfe_id,pro_codigo_plu,vfm_cantidad,vfm_unitario,vfm_total,vfm_entregado) VALUES (1611,764118,1,150,150,@@@NO@@@)','',2,'2013-06-05'),(22838,'INSERT INTO gne_vale_ferreteria_mov (vfe_id,pro_codigo_plu,vfm_cantidad,vfm_unitario,vfm_total,vfm_entregado) VALUES (1611,12083,1,260,260,@@@NO@@@)','',2,'2013-06-05'),(22839,'INSERT INTO gne_vale_ferreteria (vfe_id,vfe_fecha,vfe_total,vfe_estado,vfe_entregado,usu_nusuario) VALUES (1612,@@@2013.06.05@@@,800,1,0,@@@G_DIAZ@@@)','',2,'2013-06-05'),(22840,'INSERT INTO gne_vale_ferreteria_mov (vfe_id,pro_codigo_plu,vfm_cantidad,vfm_unitario,vfm_total,vfm_entregado) VALUES (1612,761989,1,800,800,@@@NO@@@)','',2,'2013-06-05'),(22841,'INSERT INTO gne_vale_ferreteria (vfe_id,vfe_fecha,vfe_total,vfe_estado,vfe_entregado,usu_nusuario) VALUES (1613,@@@2013.06.05@@@,240,1,0,@@@G_DIAZ@@@)','',2,'2013-06-05'),(22842,'INSERT INTO gne_vale_ferreteria_mov (vfe_id,pro_codigo_plu,vfm_cantidad,vfm_unitario,vfm_total,vfm_entregado) VALUES (1613,78017191,6,40,240,@@@NO@@@)','',2,'2013-06-05'),(22843,'INSERT INTO gne_vale_ferreteria (vfe_id,vfe_fecha,vfe_total,vfe_estado,vfe_entregado,usu_nusuario) VALUES (1614,@@@2013.06.05@@@,240,1,0,@@@G_DIAZ@@@)','',2,'2013-06-05'),(22844,'INSERT INTO gne_vale_ferreteria_mov (vfe_id,pro_codigo_plu,vfm_cantidad,vfm_unitario,vfm_total,vfm_entregado) VALUES (1614,78017191,6,40,240,@@@NO@@@)','',2,'2013-06-05'),(22845,'INSERT INTO gne_vale_ferreteria (vfe_id,vfe_fecha,vfe_total,vfe_estado,vfe_entregado,usu_nusuario) VALUES (1615,@@@2013.06.05@@@,100,1,0,@@@G_DIAZ@@@)','',2,'2013-06-05'),(22846,'INSERT INTO gne_vale_ferreteria_mov (vfe_id,pro_codigo_plu,vfm_cantidad,vfm_unitario,vfm_total,vfm_entregado) VALUES (1615,78017146,2,50,100,@@@NO@@@)','',2,'2013-06-05'),(22847,'INSERT INTO gne_vale_ferreteria (vfe_id,vfe_fecha,vfe_total,vfe_estado,vfe_entregado,usu_nusuario) VALUES (1616,@@@2013.06.05@@@,520,1,0,@@@G_DIAZ@@@)','',2,'2013-06-05'),(22848,'INSERT INTO gne_vale_ferreteria_mov (vfe_id,pro_codigo_plu,vfm_cantidad,vfm_unitario,vfm_total,vfm_entregado) VALUES (1616,78017148,4,130,520,@@@NO@@@)','',2,'2013-06-05'),(22849,'INSERT INTO gne_vale_ferreteria (vfe_id,vfe_fecha,vfe_total,vfe_estado,vfe_entregado,usu_nusuario) VALUES (1617,@@@2013.06.05@@@,210,1,0,@@@G_DIAZ@@@)','',2,'2013-06-05'),(22850,'INSERT INTO gne_vale_ferreteria_mov (vfe_id,pro_codigo_plu,vfm_cantidad,vfm_unitario,vfm_total,vfm_entregado) VALUES (1617,764122,1,210,210,@@@NO@@@)','',2,'2013-06-05'),(22851,'INSERT INTO gne_vale_ferreteria (vfe_id,vfe_fecha,vfe_total,vfe_estado,vfe_entregado,usu_nusuario) VALUES (1618,@@@2013.06.05@@@,390,1,0,@@@G_DIAZ@@@)','',2,'2013-06-05'),(22852,'INSERT INTO gne_vale_ferreteria_mov (vfe_id,pro_codigo_plu,vfm_cantidad,vfm_unitario,vfm_total,vfm_entregado) VALUES (1618,763818,1,390,390,@@@NO@@@)','',2,'2013-06-05'),(22853,'INSERT INTO gne_vale_ferreteria (vfe_id,vfe_fecha,vfe_total,vfe_estado,vfe_entregado,usu_nusuario) VALUES (1619,@@@2013.06.05@@@,1580,1,0,@@@G_DIAZ@@@)','',2,'2013-06-05'),(22854,'INSERT INTO gne_vale_ferreteria_mov (vfe_id,pro_codigo_plu,vfm_cantidad,vfm_unitario,vfm_total,vfm_entregado) VALUES (1619,101454,2,790,1580,@@@NO@@@)','',2,'2013-06-05'),(22855,'INSERT INTO gne_vale_ferreteria (vfe_id,vfe_fecha,vfe_total,vfe_estado,vfe_entregado,usu_nusuario) VALUES (1620,@@@2013.06.05@@@,1900,1,0,@@@G_DIAZ@@@)','',2,'2013-06-05'),(22856,'INSERT INTO gne_vale_ferreteria_mov (vfe_id,pro_codigo_plu,vfm_cantidad,vfm_unitario,vfm_total,vfm_entregado) VALUES (1620,763614,1,690,690,@@@NO@@@)','',2,'2013-06-05'),(22857,'INSERT INTO gne_vale_ferreteria_mov (vfe_id,pro_codigo_plu,vfm_cantidad,vfm_unitario,vfm_total,vfm_entregado) VALUES (1620,763832,1,620,620,@@@NO@@@)','',2,'2013-06-05'),(22858,'INSERT INTO gne_vale_ferreteria_mov (vfe_id,pro_codigo_plu,vfm_cantidad,vfm_unitario,vfm_total,vfm_entregado) VALUES (1620,763800,1,470,470,@@@NO@@@)','',2,'2013-06-05'),(22859,'INSERT INTO gne_vale_ferreteria_mov (vfe_id,pro_codigo_plu,vfm_cantidad,vfm_unitario,vfm_total,vfm_entregado) VALUES (1620,78017204,1,120,120,@@@NO@@@)','',2,'2013-06-05'),(22860,'INSERT INTO gne_vale_ferreteria (vfe_id,vfe_fecha,vfe_total,vfe_estado,vfe_entregado,usu_nusuario) VALUES (1621,@@@2013.06.05@@@,1130,1,0,@@@G_DIAZ@@@)','',2,'2013-06-05'),(22861,'INSERT INTO gne_vale_ferreteria_mov (vfe_id,pro_codigo_plu,vfm_cantidad,vfm_unitario,vfm_total,vfm_entregado) VALUES (1621,762000,1,690,690,@@@NO@@@)','',2,'2013-06-05'),(22862,'INSERT INTO gne_vale_ferreteria_mov (vfe_id,pro_codigo_plu,vfm_cantidad,vfm_unitario,vfm_total,vfm_entregado) VALUES (1621,78016974,1,180,180,@@@NO@@@)','',2,'2013-06-05'),(22863,'INSERT INTO gne_vale_ferreteria_mov (vfe_id,pro_codigo_plu,vfm_cantidad,vfm_unitario,vfm_total,vfm_entregado) VALUES (1621,21129,1,260,260,@@@NO@@@)','',2,'2013-06-05'),(22864,'INSERT INTO gne_vale_ferreteria (vfe_id,vfe_fecha,vfe_total,vfe_estado,vfe_entregado,usu_nusuario) VALUES (1622,@@@2013.06.05@@@,290,1,0,@@@G_DIAZ@@@)','',2,'2013-06-05'),(22865,'INSERT INTO gne_vale_ferreteria_mov (vfe_id,pro_codigo_plu,vfm_cantidad,vfm_unitario,vfm_total,vfm_entregado) VALUES (1622,763830,1,290,290,@@@NO@@@)','',2,'2013-06-05'),(22866,'INSERT INTO gne_vale_ferreteria (vfe_id,vfe_fecha,vfe_total,vfe_estado,vfe_entregado,usu_nusuario) VALUES (1623,@@@2013.06.05@@@,80,1,0,@@@G_DIAZ@@@)','',2,'2013-06-05'),(22867,'INSERT INTO gne_vale_ferreteria_mov (vfe_id,pro_codigo_plu,vfm_cantidad,vfm_unitario,vfm_total,vfm_entregado) VALUES (1623,78017191,2,40,80,@@@NO@@@)','',2,'2013-06-05'),(22868,'INSERT INTO gne_vale_ferreteria (vfe_id,vfe_fecha,vfe_total,vfe_estado,vfe_entregado,usu_nusuario) VALUES (1624,@@@2013.06.05@@@,4490,1,0,@@@G_DIAZ@@@)','',2,'2013-06-05'),(22869,'INSERT INTO gne_vale_ferreteria_mov (vfe_id,pro_codigo_plu,vfm_cantidad,vfm_unitario,vfm_total,vfm_entregado) VALUES (1624,764964,1,4490,4490,@@@NO@@@)','',2,'2013-06-05'),(22870,'INSERT INTO gne_vale_ferreteria (vfe_id,vfe_fecha,vfe_total,vfe_estado,vfe_entregado,usu_nusuario) VALUES (1625,@@@2013.06.05@@@,3900,1,0,@@@G_DIAZ@@@)','',2,'2013-06-05'),(22871,'INSERT INTO gne_vale_ferreteria_mov (vfe_id,pro_codigo_plu,vfm_cantidad,vfm_unitario,vfm_total,vfm_entregado) VALUES (1625,5501,1,3900,3900,@@@NO@@@)','',2,'2013-06-05'),(22872,'INSERT INTO gne_vale_ferreteria (vfe_id,vfe_fecha,vfe_total,vfe_estado,vfe_entregado,usu_nusuario) VALUES (1626,@@@2013.06.05@@@,200,1,0,@@@G_DIAZ@@@)','',2,'2013-06-05'),(22873,'INSERT INTO gne_vale_ferreteria_mov (vfe_id,pro_codigo_plu,vfm_cantidad,vfm_unitario,vfm_total,vfm_entregado) VALUES (1626,763595,1,150,150,@@@NO@@@)','',2,'2013-06-05'),(22874,'INSERT INTO gne_vale_ferreteria_mov (vfe_id,pro_codigo_plu,vfm_cantidad,vfm_unitario,vfm_total,vfm_entregado) VALUES (1626,770000,1,50,50,@@@NO@@@)','',2,'2013-06-05'),(22875,'INSERT INTO gne_vale_ferreteria (vfe_id,vfe_fecha,vfe_total,vfe_estado,vfe_entregado,usu_nusuario) VALUES (1627,@@@2013.06.05@@@,320,1,0,@@@G_DIAZ@@@)','',2,'2013-06-05'),(22876,'INSERT INTO gne_vale_ferreteria_mov (vfe_id,pro_codigo_plu,vfm_cantidad,vfm_unitario,vfm_total,vfm_entregado) VALUES (1627,16430,2,160,320,@@@NO@@@)','',2,'2013-06-05'),(22877,'INSERT INTO gne_vale_ferreteria (vfe_id,vfe_fecha,vfe_total,vfe_estado,vfe_entregado,usu_nusuario) VALUES (1628,@@@2013.06.05@@@,480,1,0,@@@G_DIAZ@@@)','',2,'2013-06-05'),(22878,'INSERT INTO gne_vale_ferreteria_mov (vfe_id,pro_codigo_plu,vfm_cantidad,vfm_unitario,vfm_total,vfm_entregado) VALUES (1628,16430,3,160,480,@@@NO@@@)','',2,'2013-06-05'),(22879,'INSERT INTO gne_vale_ferreteria (vfe_id,vfe_fecha,vfe_total,vfe_estado,vfe_entregado,usu_nusuario) VALUES (1629,@@@2013.06.05@@@,1180,1,0,@@@G_DIAZ@@@)','',2,'2013-06-05'),(22880,'INSERT INTO gne_vale_ferreteria_mov (vfe_id,pro_codigo_plu,vfm_cantidad,vfm_unitario,vfm_total,vfm_entregado) VALUES (1629,764080,1,790,790,@@@NO@@@)','',2,'2013-06-05'),(22881,'INSERT INTO gne_vale_ferreteria_mov (vfe_id,pro_codigo_plu,vfm_cantidad,vfm_unitario,vfm_total,vfm_entregado) VALUES (1629,1547,1,390,390,@@@NO@@@)','',2,'2013-06-05'),(22882,'INSERT INTO gne_vale_ferreteria (vfe_id,vfe_fecha,vfe_total,vfe_estado,vfe_entregado,usu_nusuario) VALUES (1630,@@@2013.06.05@@@,460,1,0,@@@G_DIAZ@@@)','',2,'2013-06-05'),(22883,'INSERT INTO gne_vale_ferreteria_mov (vfe_id,pro_codigo_plu,vfm_cantidad,vfm_unitario,vfm_total,vfm_entregado) VALUES (1630,16430,2,160,320,@@@NO@@@)','',2,'2013-06-05'),(22884,'INSERT INTO gne_vale_ferreteria_mov (vfe_id,pro_codigo_plu,vfm_cantidad,vfm_unitario,vfm_total,vfm_entregado) VALUES (1630,764364,1,140,140,@@@NO@@@)','',2,'2013-06-05'),(22885,'INSERT INTO gne_vale_ferreteria (vfe_id,vfe_fecha,vfe_total,vfe_estado,vfe_entregado,usu_nusuario) VALUES (1631,@@@2013.06.05@@@,120,1,0,@@@G_DIAZ@@@)','',2,'2013-06-05'),(22886,'INSERT INTO gne_vale_ferreteria_mov (vfe_id,pro_codigo_plu,vfm_cantidad,vfm_unitario,vfm_total,vfm_entregado) VALUES (1631,8022,1,120,120,@@@NO@@@)','',2,'2013-06-05'),(22887,'INSERT INTO gne_vale_ferreteria (vfe_id,vfe_fecha,vfe_total,vfe_estado,vfe_entregado,usu_nusuario) VALUES (1632,@@@2013.06.05@@@,960,1,0,@@@G_DIAZ@@@)','',2,'2013-06-05'),(22888,'INSERT INTO gne_vale_ferreteria_mov (vfe_id,pro_codigo_plu,vfm_cantidad,vfm_unitario,vfm_total,vfm_entregado) VALUES (1632,15935,2,480,960,@@@NO@@@)','',2,'2013-06-05'),(22889,'INSERT INTO gne_vale_ferreteria (vfe_id,vfe_fecha,vfe_total,vfe_estado,vfe_entregado,usu_nusuario) VALUES (1633,@@@2013.06.05@@@,120,1,0,@@@G_DIAZ@@@)','',2,'2013-06-05'),(22890,'INSERT INTO gne_vale_ferreteria_mov (vfe_id,pro_codigo_plu,vfm_cantidad,vfm_unitario,vfm_total,vfm_entregado) VALUES (1633,78017059,1,120,120,@@@NO@@@)','',2,'2013-06-05'),(22891,'INSERT INTO gne_vale_ferreteria (vfe_id,vfe_fecha,vfe_total,vfe_estado,vfe_entregado,usu_nusuario) VALUES (1634,@@@2013.06.05@@@,150,1,0,@@@G_DIAZ@@@)','',2,'2013-06-05'),(22892,'INSERT INTO gne_vale_ferreteria_mov (vfe_id,pro_codigo_plu,vfm_cantidad,vfm_unitario,vfm_total,vfm_entregado) VALUES (1634,770035,1,150,150,@@@NO@@@)','',2,'2013-06-05'),(22893,'INSERT INTO gne_vale_ferreteria (vfe_id,vfe_fecha,vfe_total,vfe_estado,vfe_entregado,usu_nusuario) VALUES (1635,@@@2013.06.05@@@,350,1,0,@@@G_DIAZ@@@)','',2,'2013-06-05'),(22894,'INSERT INTO gne_vale_ferreteria_mov (vfe_id,pro_codigo_plu,vfm_cantidad,vfm_unitario,vfm_total,vfm_entregado) VALUES (1635,78017238,1,200,200,@@@NO@@@)','',2,'2013-06-05'),(22895,'INSERT INTO gne_vale_ferreteria_mov (vfe_id,pro_codigo_plu,vfm_cantidad,vfm_unitario,vfm_total,vfm_entregado) VALUES (1635,78017017,1,150,150,@@@NO@@@)','',2,'2013-06-05'),(22896,'INSERT INTO gne_vale_ferreteria (vfe_id,vfe_fecha,vfe_total,vfe_estado,vfe_entregado,usu_nusuario) VALUES (1636,@@@2013.06.05@@@,140,1,0,@@@G_DIAZ@@@)','',2,'2013-06-05'),(22897,'INSERT INTO gne_vale_ferreteria_mov (vfe_id,pro_codigo_plu,vfm_cantidad,vfm_unitario,vfm_total,vfm_entregado) VALUES (1636,764247,1,140,140,@@@NO@@@)','',2,'2013-06-05'),(22898,'INSERT INTO mae_productos (pro_codigo_plu,pro_codigo_barra,pro_tipo,pro_nombre_producto,pro_nombre_corto,med_id,emb_id,pro_unidades_embalaje,dep_id,lin_id,mar_id,pro_precio_compra_neto,pro_precio_compra_bruto,pro_precio_venta,pro_margen_actual,pro_oferta,pro_fecha_inicio_oferta,pro_fecha_termino_oferta,pro_precio_oferta,pro_stock_minimo,pro_stock_critico,pro_entradas_bodega,pro_salidas_bodega,pro_mermas_bodega,pro_ajustes_bodega,pro_entradas_sv,pro_salidas_sv,pro_mermas_sv,pro_ajustes_sv,pro_activo,rec_numero,pro_unidad,pro_capacidad,pro_consumo_bodega,pro_consumo_sv,pro_estado,pro_funcion_plu,pro_flejes,pro_iva,pro_plu_asociado,pro_envase,pro_duracion,pro_numero_etiqueta) VALUES (780220171,@@@770056@@@,@@@0@@@,@@@BECRO NEGRO 1 METRO@@@,@@@BECRO NEGRO 1 ME@@@,@@@1 @@@,@@@3 @@@,@@@0@@@,@@@1 @@@,@@@6@@@,@@@2507@@@,@@@0@@@,@@@0@@@,@@@390@@@,@@@0@@@,@@@@@@,@@@2013.06.05@@@,@@@2013.06.05@@@,@@@0@@@,@@@0@@@,@@@0@@@,@@@0@@@,@@@0@@@,@@@0@@@,@@@0@@@,@@@0@@@,@@@0@@@,@@@0@@@,@@@0@@@,@@@1@@@,@@@0@@@,0,1,0,0,2,0,1,1,0,@@@NO@@@,0,0)','',2,'2013-06-05'),(22899,'DELETE FROM mae_impuestos_productos WHERE pro_codigo_plu=@@@780220171@@@','',2,'2013-06-05'),(22900,'INSERT INTO gne_vale_ferreteria (vfe_id,vfe_fecha,vfe_total,vfe_estado,vfe_entregado,usu_nusuario) VALUES (1637,@@@2013.06.05@@@,690,1,0,@@@G_DIAZ@@@)','',2,'2013-06-05'),(22901,'INSERT INTO gne_vale_ferreteria_mov (vfe_id,pro_codigo_plu,vfm_cantidad,vfm_unitario,vfm_total,vfm_entregado) VALUES (1637,780220171,1,390,390,@@@NO@@@)','',2,'2013-06-05'),(22902,'INSERT INTO gne_vale_ferreteria_mov (vfe_id,pro_codigo_plu,vfm_cantidad,vfm_unitario,vfm_total,vfm_entregado) VALUES (1637,4076,1,300,300,@@@NO@@@)','',2,'2013-06-05'),(22903,'INSERT INTO gne_vale_ferreteria (vfe_id,vfe_fecha,vfe_total,vfe_estado,vfe_entregado,usu_nusuario) VALUES (1638,@@@2013.06.05@@@,250,1,0,@@@G_DIAZ@@@)','',2,'2013-06-05'),(22904,'INSERT INTO gne_vale_ferreteria_mov (vfe_id,pro_codigo_plu,vfm_cantidad,vfm_unitario,vfm_total,vfm_entregado) VALUES (1638,78017105,1,250,250,@@@NO@@@)','',2,'2013-06-05'),(22905,'INSERT INTO gne_vale_ferreteria (vfe_id,vfe_fecha,vfe_total,vfe_estado,vfe_entregado,usu_nusuario) VALUES (1639,@@@2013.06.05@@@,40,1,0,@@@G_DIAZ@@@)','',2,'2013-06-05'),(22906,'INSERT INTO gne_vale_ferreteria_mov (vfe_id,pro_codigo_plu,vfm_cantidad,vfm_unitario,vfm_total,vfm_entregado) VALUES (1639,78017191,1,40,40,@@@NO@@@)','',2,'2013-06-05'),(22907,'INSERT INTO gne_vale_ferreteria (vfe_id,vfe_fecha,vfe_total,vfe_estado,vfe_entregado,usu_nusuario) VALUES (1640,@@@2013.06.05@@@,3900,1,0,@@@G_DIAZ@@@)','',2,'2013-06-05'),(22908,'INSERT INTO gne_vale_ferreteria_mov (vfe_id,pro_codigo_plu,vfm_cantidad,vfm_unitario,vfm_total,vfm_entregado) VALUES (1640,5501,1,3900,3900,@@@NO@@@)','',2,'2013-06-05'),(22909,'INSERT INTO mae_productos (pro_codigo_plu,pro_codigo_barra,pro_tipo,pro_nombre_producto,pro_nombre_corto,med_id,emb_id,pro_unidades_embalaje,dep_id,lin_id,mar_id,pro_precio_compra_neto,pro_precio_compra_bruto,pro_precio_venta,pro_margen_actual,pro_oferta,pro_fecha_inicio_oferta,pro_fecha_termino_oferta,pro_precio_oferta,pro_stock_minimo,pro_stock_critico,pro_entradas_bodega,pro_salidas_bodega,pro_mermas_bodega,pro_ajustes_bodega,pro_entradas_sv,pro_salidas_sv,pro_mermas_sv,pro_ajustes_sv,pro_activo,rec_numero,pro_unidad,pro_capacidad,pro_consumo_bodega,pro_consumo_sv,pro_estado,pro_funcion_plu,pro_flejes,pro_iva,pro_plu_asociado,pro_envase,pro_duracion,pro_numero_etiqueta) VALUES (780220172,@@@7791200009162@@@,@@@0@@@,@@@PIÑA COLADA BOLS 700ML@@@,@@@PIÑA COLADA BOLS@@@,@@@7 @@@,@@@3 @@@,@@@0@@@,@@@5 @@@,@@@57@@@,@@@2672@@@,@@@0@@@,@@@0@@@,@@@2990@@@,@@@0@@@,@@@@@@,@@@2013.06.05@@@,@@@2013.06.05@@@,@@@0@@@,@@@0@@@,@@@0@@@,@@@0@@@,@@@0@@@,@@@0@@@,@@@0@@@,@@@0@@@,@@@0@@@,@@@0@@@,@@@0@@@,@@@1@@@,@@@0@@@,0,700,0,0,2,0,1,1,0,@@@NO@@@,0,0)','',2,'2013-06-05'),(22910,'DELETE FROM mae_impuestos_productos WHERE pro_codigo_plu=@@@780220172@@@','',2,'2013-06-05'),(22911,'INSERT INTO mae_productos (pro_codigo_plu,pro_codigo_barra,pro_tipo,pro_nombre_producto,pro_nombre_corto,med_id,emb_id,pro_unidades_embalaje,dep_id,lin_id,mar_id,pro_precio_compra_neto,pro_precio_compra_bruto,pro_precio_venta,pro_margen_actual,pro_oferta,pro_fecha_inicio_oferta,pro_fecha_termino_oferta,pro_precio_oferta,pro_stock_minimo,pro_stock_critico,pro_entradas_bodega,pro_salidas_bodega,pro_mermas_bodega,pro_ajustes_bodega,pro_entradas_sv,pro_salidas_sv,pro_mermas_sv,pro_ajustes_sv,pro_activo,rec_numero,pro_unidad,pro_capacidad,pro_consumo_bodega,pro_consumo_sv,pro_estado,pro_funcion_plu,pro_flejes,pro_iva,pro_plu_asociado,pro_envase,pro_duracion,pro_numero_etiqueta) VALUES (780220173,@@@7791200000909@@@,@@@0@@@,@@@CREMA DE MENTA BOLS 700ML@@@,@@@CREMA DE MENTA B@@@,@@@7 @@@,@@@3 @@@,@@@0@@@,@@@5 @@@,@@@57@@@,@@@2672@@@,@@@0@@@,@@@0@@@,@@@2990@@@,@@@0@@@,@@@@@@,@@@2013.06.05@@@,@@@2013.06.05@@@,@@@0@@@,@@@0@@@,@@@0@@@,@@@0@@@,@@@0@@@,@@@0@@@,@@@0@@@,@@@0@@@,@@@0@@@,@@@0@@@,@@@0@@@,@@@1@@@,@@@0@@@,0,700,0,0,2,0,1,1,0,@@@NO@@@,0,0)','',2,'2013-06-05'),(22912,'DELETE FROM mae_impuestos_productos WHERE pro_codigo_plu=@@@780220173@@@','',2,'2013-06-05'),(22913,'INSERT INTO gne_vale_ferreteria (vfe_id,vfe_fecha,vfe_total,vfe_estado,vfe_entregado,usu_nusuario) VALUES (1641,@@@2013.06.05@@@,190,1,0,@@@G_DIAZ@@@)','',2,'2013-06-05'),(22914,'INSERT INTO gne_vale_ferreteria_mov (vfe_id,pro_codigo_plu,vfm_cantidad,vfm_unitario,vfm_total,vfm_entregado) VALUES (1641,1069,1,190,190,@@@NO@@@)','',2,'2013-06-05'),(22915,'INSERT INTO gne_vale_ferreteria (vfe_id,vfe_fecha,vfe_total,vfe_estado,vfe_entregado,usu_nusuario) VALUES (1642,@@@2013.06.05@@@,690,1,0,@@@G_DIAZ@@@)','',2,'2013-06-05'),(22916,'INSERT INTO gne_vale_ferreteria_mov (vfe_id,pro_codigo_plu,vfm_cantidad,vfm_unitario,vfm_total,vfm_entregado) VALUES (1642,780220123,5,50,250,@@@NO@@@)','',2,'2013-06-05'),(22917,'INSERT INTO gne_vale_ferreteria_mov (vfe_id,pro_codigo_plu,vfm_cantidad,vfm_unitario,vfm_total,vfm_entregado) VALUES (1642,1069,1,190,190,@@@NO@@@)','',2,'2013-06-05'),(22918,'INSERT INTO gne_vale_ferreteria_mov (vfe_id,pro_codigo_plu,vfm_cantidad,vfm_unitario,vfm_total,vfm_entregado) VALUES (1642,1070,1,250,250,@@@NO@@@)','',2,'2013-06-05'),(22919,'INSERT INTO gne_vale_ferreteria (vfe_id,vfe_fecha,vfe_total,vfe_estado,vfe_entregado,usu_nusuario) VALUES (1643,@@@2013.06.05@@@,500,1,0,@@@G_DIAZ@@@)','',2,'2013-06-05'),(22920,'INSERT INTO gne_vale_ferreteria_mov (vfe_id,pro_codigo_plu,vfm_cantidad,vfm_unitario,vfm_total,vfm_entregado) VALUES (1643,13229,2,25,50,@@@NO@@@)','',2,'2013-06-05'),(22921,'INSERT INTO gne_vale_ferreteria_mov (vfe_id,pro_codigo_plu,vfm_cantidad,vfm_unitario,vfm_total,vfm_entregado) VALUES (1643,761962,1,450,450,@@@NO@@@)','',2,'2013-06-05'),(22922,'INSERT INTO mae_productos (pro_codigo_plu,pro_codigo_barra,pro_tipo,pro_nombre_producto,pro_nombre_corto,med_id,emb_id,pro_unidades_embalaje,dep_id,lin_id,mar_id,pro_precio_compra_neto,pro_precio_compra_bruto,pro_precio_venta,pro_margen_actual,pro_oferta,pro_fecha_inicio_oferta,pro_fecha_termino_oferta,pro_precio_oferta,pro_stock_minimo,pro_stock_critico,pro_entradas_bodega,pro_salidas_bodega,pro_mermas_bodega,pro_ajustes_bodega,pro_entradas_sv,pro_salidas_sv,pro_mermas_sv,pro_ajustes_sv,pro_activo,rec_numero,pro_unidad,pro_capacidad,pro_consumo_bodega,pro_consumo_sv,pro_estado,pro_funcion_plu,pro_flejes,pro_iva,pro_plu_asociado,pro_envase,pro_duracion,pro_numero_etiqueta) VALUES (780220174,@@@7791200008332@@@,@@@0@@@,@@@DULCE DE LECHE BOLS 700ML@@@,@@@DULCE DE LECHE B@@@,@@@7 @@@,@@@3 @@@,@@@0@@@,@@@5 @@@,@@@57@@@,@@@2672@@@,@@@0@@@,@@@0@@@,@@@2990@@@,@@@0@@@,@@@@@@,@@@2013.06.05@@@,@@@2013.06.05@@@,@@@0@@@,@@@0@@@,@@@0@@@,@@@0@@@,@@@0@@@,@@@0@@@,@@@0@@@,@@@0@@@,@@@0@@@,@@@0@@@,@@@0@@@,@@@1@@@,@@@0@@@,0,700,0,0,2,0,1,1,0,@@@NO@@@,0,0)','',2,'2013-06-05'),(22923,'DELETE FROM mae_impuestos_productos WHERE pro_codigo_plu=@@@780220174@@@','',2,'2013-06-05'),(22924,'INSERT INTO mae_productos (pro_codigo_plu,pro_codigo_barra,pro_tipo,pro_nombre_producto,pro_nombre_corto,med_id,emb_id,pro_unidades_embalaje,dep_id,lin_id,mar_id,pro_precio_compra_neto,pro_precio_compra_bruto,pro_precio_venta,pro_margen_actual,pro_oferta,pro_fecha_inicio_oferta,pro_fecha_termino_oferta,pro_precio_oferta,pro_stock_minimo,pro_stock_critico,pro_entradas_bodega,pro_salidas_bodega,pro_mermas_bodega,pro_ajustes_bodega,pro_entradas_sv,pro_salidas_sv,pro_mermas_sv,pro_ajustes_sv,pro_activo,rec_numero,pro_unidad,pro_capacidad,pro_consumo_bodega,pro_consumo_sv,pro_estado,pro_funcion_plu,pro_flejes,pro_iva,pro_plu_asociado,pro_envase,pro_duracion,pro_numero_etiqueta) VALUES (780220175,@@@7791200005072@@@,@@@0@@@,@@@LICOR MANZANILLA BOLS 700ML @@@,@@@LICOR MANZANILLA@@@,@@@7 @@@,@@@3 @@@,@@@0@@@,@@@5 @@@,@@@57@@@,@@@2672@@@,@@@0@@@,@@@0@@@,@@@2990@@@,@@@0@@@,@@@@@@,@@@2013.06.05@@@,@@@2013.06.05@@@,@@@0@@@,@@@0@@@,@@@0@@@,@@@0@@@,@@@0@@@,@@@0@@@,@@@0@@@,@@@0@@@,@@@0@@@,@@@0@@@,@@@0@@@,@@@1@@@,@@@0@@@,0,700,0,0,2,0,1,1,0,@@@NO@@@,0,0)','',2,'2013-06-05'),(22925,'DELETE FROM mae_impuestos_productos WHERE pro_codigo_plu=@@@780220175@@@','',2,'2013-06-05'),(22926,'INSERT INTO mae_productos (pro_codigo_plu,pro_codigo_barra,pro_tipo,pro_nombre_producto,pro_nombre_corto,med_id,emb_id,pro_unidades_embalaje,dep_id,lin_id,mar_id,pro_precio_compra_neto,pro_precio_compra_bruto,pro_precio_venta,pro_margen_actual,pro_oferta,pro_fecha_inicio_oferta,pro_fecha_termino_oferta,pro_precio_oferta,pro_stock_minimo,pro_stock_critico,pro_entradas_bodega,pro_salidas_bodega,pro_mermas_bodega,pro_ajustes_bodega,pro_entradas_sv,pro_salidas_sv,pro_mermas_sv,pro_ajustes_sv,pro_activo,rec_numero,pro_unidad,pro_capacidad,pro_consumo_bodega,pro_consumo_sv,pro_estado,pro_funcion_plu,pro_flejes,pro_iva,pro_plu_asociado,pro_envase,pro_duracion,pro_numero_etiqueta) VALUES (780220176,@@@7791200004853@@@,@@@0@@@,@@@LICOR CACAO BOLS 700ML@@@,@@@LICOR CACAO BOLS@@@,@@@7 @@@,@@@3 @@@,@@@0@@@,@@@5 @@@,@@@57@@@,@@@2672@@@,@@@0@@@,@@@0@@@,@@@2990@@@,@@@0@@@,@@@@@@,@@@2013.06.05@@@,@@@2013.06.05@@@,@@@0@@@,@@@0@@@,@@@0@@@,@@@0@@@,@@@0@@@,@@@0@@@,@@@0@@@,@@@0@@@,@@@0@@@,@@@0@@@,@@@0@@@,@@@1@@@,@@@0@@@,0,700,0,0,2,0,1,1,0,@@@NO@@@,0,0)','',2,'2013-06-05'),(22927,'DELETE FROM mae_impuestos_productos WHERE pro_codigo_plu=@@@780220176@@@','',2,'2013-06-05'),(22928,'INSERT INTO mae_productos (pro_codigo_plu,pro_codigo_barra,pro_tipo,pro_nombre_producto,pro_nombre_corto,med_id,emb_id,pro_unidades_embalaje,dep_id,lin_id,mar_id,pro_precio_compra_neto,pro_precio_compra_bruto,pro_precio_venta,pro_margen_actual,pro_oferta,pro_fecha_inicio_oferta,pro_fecha_termino_oferta,pro_precio_oferta,pro_stock_minimo,pro_stock_critico,pro_entradas_bodega,pro_salidas_bodega,pro_mermas_bodega,pro_ajustes_bodega,pro_entradas_sv,pro_salidas_sv,pro_mermas_sv,pro_ajustes_sv,pro_activo,rec_numero,pro_unidad,pro_capacidad,pro_consumo_bodega,pro_consumo_sv,pro_estado,pro_funcion_plu,pro_flejes,pro_iva,pro_plu_asociado,pro_envase,pro_duracion,pro_numero_etiqueta) VALUES (780220177,@@@7791200007809@@@,@@@0@@@,@@@LICOR DE AMARETTO BOLS 700ML@@@,@@@LICOR DE AMARETT@@@,@@@7 @@@,@@@3 @@@,@@@0@@@,@@@5 @@@,@@@57@@@,@@@2672@@@,@@@0@@@,@@@0@@@,@@@2990@@@,@@@0@@@,@@@@@@,@@@2013.06.05@@@,@@@2013.06.05@@@,@@@0@@@,@@@0@@@,@@@0@@@,@@@0@@@,@@@0@@@,@@@0@@@,@@@0@@@,@@@0@@@,@@@0@@@,@@@0@@@,@@@0@@@,@@@1@@@,@@@0@@@,0,700,0,0,2,0,1,1,0,@@@NO@@@,0,0)','',2,'2013-06-05'),(22929,'DELETE FROM mae_impuestos_productos WHERE pro_codigo_plu=@@@780220177@@@','',2,'2013-06-05'),(22930,'INSERT INTO gne_vale_ferreteria (vfe_id,vfe_fecha,vfe_total,vfe_estado,vfe_entregado,usu_nusuario) VALUES (1644,@@@2013.06.05@@@,80,1,0,@@@G_DIAZ@@@)','',2,'2013-06-05'),(22931,'INSERT INTO gne_vale_ferreteria_mov (vfe_id,pro_codigo_plu,vfm_cantidad,vfm_unitario,vfm_total,vfm_entregado) VALUES (1644,78017191,2,40,80,@@@NO@@@)','',2,'2013-06-05'),(22932,'INSERT INTO gne_vale_ferreteria (vfe_id,vfe_fecha,vfe_total,vfe_estado,vfe_entregado,usu_nusuario) VALUES (1645,@@@2013.06.05@@@,240,1,0,@@@G_DIAZ@@@)','',2,'2013-06-05'),(22933,'INSERT INTO gne_vale_ferreteria_mov (vfe_id,pro_codigo_plu,vfm_cantidad,vfm_unitario,vfm_total,vfm_entregado) VALUES (1645,8022,2,120,240,@@@NO@@@)','',2,'2013-06-05'),(22934,'INSERT INTO gne_vale_ferreteria (vfe_id,vfe_fecha,vfe_total,vfe_estado,vfe_entregado,usu_nusuario) VALUES (1646,@@@2013.06.05@@@,220,1,0,@@@G_DIAZ@@@)','',2,'2013-06-05'),(22935,'INSERT INTO gne_vale_ferreteria_mov (vfe_id,pro_codigo_plu,vfm_cantidad,vfm_unitario,vfm_total,vfm_entregado) VALUES (1646,764768,1,220,220,@@@NO@@@)','',2,'2013-06-05'),(22936,'INSERT INTO gne_vale_ferreteria (vfe_id,vfe_fecha,vfe_total,vfe_estado,vfe_entregado,usu_nusuario) VALUES (1647,@@@2013.06.05@@@,250,1,0,@@@G_DIAZ@@@)','',2,'2013-06-05'),(22937,'INSERT INTO gne_vale_ferreteria_mov (vfe_id,pro_codigo_plu,vfm_cantidad,vfm_unitario,vfm_total,vfm_entregado) VALUES (1647,101082,1,250,250,@@@NO@@@)','',2,'2013-06-05'),(22938,'INSERT INTO gne_vale_ferreteria (vfe_id,vfe_fecha,vfe_total,vfe_estado,vfe_entregado,usu_nusuario) VALUES (1648,@@@2013.06.05@@@,630,1,0,@@@G_DIAZ@@@)','',2,'2013-06-05'),(22939,'INSERT INTO gne_vale_ferreteria_mov (vfe_id,pro_codigo_plu,vfm_cantidad,vfm_unitario,vfm_total,vfm_entregado) VALUES (1648,763588,1,330,330,@@@NO@@@)','',2,'2013-06-05'),(22940,'INSERT INTO gne_vale_ferreteria_mov (vfe_id,pro_codigo_plu,vfm_cantidad,vfm_unitario,vfm_total,vfm_entregado) VALUES (1648,78016976,1,300,300,@@@NO@@@)','',2,'2013-06-05'),(22941,'INSERT INTO gne_vale_ferreteria (vfe_id,vfe_fecha,vfe_total,vfe_estado,vfe_entregado,usu_nusuario) VALUES (1649,@@@2013.06.06@@@,80,1,0,@@@b_SAEZ@@@)','',2,'2013-06-05'),(22942,'INSERT INTO gne_vale_ferreteria_mov (vfe_id,pro_codigo_plu,vfm_cantidad,vfm_unitario,vfm_total,vfm_entregado) VALUES (1649,78017191,2,40,80,@@@NO@@@)','',2,'2013-06-05'),(22943,'INSERT INTO gne_vale_ferreteria (vfe_id,vfe_fecha,vfe_total,vfe_estado,vfe_entregado,usu_nusuario) VALUES (1650,@@@2013.06.06@@@,500,1,0,@@@b_SAEZ@@@)','',2,'2013-06-05'),(22944,'INSERT INTO gne_vale_ferreteria_mov (vfe_id,pro_codigo_plu,vfm_cantidad,vfm_unitario,vfm_total,vfm_entregado) VALUES (1650,770034,25,20,500,@@@NO@@@)','',2,'2013-06-05'),(22945,'INSERT INTO gne_vale_ferreteria (vfe_id,vfe_fecha,vfe_total,vfe_estado,vfe_entregado,usu_nusuario) VALUES (1651,@@@2013.06.06@@@,100,1,0,@@@b_SAEZ@@@)','',2,'2013-06-05'),(22946,'INSERT INTO gne_vale_ferreteria_mov (vfe_id,pro_codigo_plu,vfm_cantidad,vfm_unitario,vfm_total,vfm_entregado) VALUES (1651,764833,10,10,100,@@@NO@@@)','',2,'2013-06-05'),(22947,'INSERT INTO gne_vale_ferreteria (vfe_id,vfe_fecha,vfe_total,vfe_estado,vfe_entregado,usu_nusuario) VALUES (1652,@@@2013.06.06@@@,1890,1,0,@@@b_SAEZ@@@)','',2,'2013-06-05'),(22948,'INSERT INTO gne_vale_ferreteria_mov (vfe_id,pro_codigo_plu,vfm_cantidad,vfm_unitario,vfm_total,vfm_entregado) VALUES (1652,762051,1,1890,1890,@@@NO@@@)','',2,'2013-06-05'),(22949,'INSERT INTO gne_vale_ferreteria (vfe_id,vfe_fecha,vfe_total,vfe_estado,vfe_entregado,usu_nusuario) VALUES (1653,@@@2013.06.06@@@,100,1,0,@@@b_SAEZ@@@)','',2,'2013-06-05'),(22950,'INSERT INTO gne_vale_ferreteria_mov (vfe_id,pro_codigo_plu,vfm_cantidad,vfm_unitario,vfm_total,vfm_entregado) VALUES (1653,78017233,1,100,100,@@@NO@@@)','',2,'2013-06-05'),(22951,'UPDATE mae_productos SET pro_precio_fiscal=pro_precio_venta WHERE pro_codigo_plu=780220171','',2,'2013-06-05'),(22952,'UPDATE mae_productos SET pro_precio_fiscal=pro_precio_venta WHERE pro_codigo_plu=780220173','',2,'2013-06-05'),(22953,'UPDATE mae_productos SET pro_precio_fiscal=pro_precio_venta WHERE pro_codigo_plu=780220176','',2,'2013-06-05'),(22954,'UPDATE mae_productos SET pro_precio_fiscal=pro_precio_venta WHERE pro_codigo_plu=780220175','',2,'2013-06-05'),(22955,'UPDATE mae_productos SET pro_precio_fiscal=pro_precio_venta WHERE pro_codigo_plu=780220177','',2,'2013-06-05'),(22956,'UPDATE mae_productos SET pro_precio_fiscal=pro_precio_venta WHERE pro_codigo_plu=780220174','',2,'2013-06-05'),(22957,'UPDATE mae_productos SET pro_precio_fiscal=pro_precio_venta WHERE pro_codigo_plu=780220172','',2,'2013-06-05'),(22958,'UPDATE mae_productos SET pro_precio_fiscal=pro_precio_venta WHERE pro_codigo_plu=780220169','',2,'2013-06-05'),(22959,'UPDATE mae_productos SET pro_precio_fiscal=pro_precio_venta WHERE pro_codigo_plu=780220170','',2,'2013-06-05'),(22960,'UPDATE mae_productos SET pro_precio_fiscal=pro_precio_venta WHERE pro_codigo_plu=780220168','',2,'2013-06-05'),(22961,'UPDATE mae_productos SET pro_precio_fiscal=pro_precio_venta WHERE pro_codigo_plu=101101','',2,'2013-06-05'),(22962,'INSERT INTO gne_vale_ferreteria (vfe_id,vfe_fecha,vfe_total,vfe_estado,vfe_entregado,usu_nusuario) VALUES (1654,@@@2013.06.06@@@,400,1,0,@@@b_SAEZ@@@)','',2,'2013-06-05'),(22963,'INSERT INTO gne_vale_ferreteria_mov (vfe_id,pro_codigo_plu,vfm_cantidad,vfm_unitario,vfm_total,vfm_entregado) VALUES (1654,16664,1,400,400,@@@NO@@@)','',2,'2013-06-05'),(22964,'INSERT INTO gne_vale_ferreteria (vfe_id,vfe_fecha,vfe_total,vfe_estado,vfe_entregado,usu_nusuario) VALUES (1655,@@@2013.06.06@@@,200,1,0,@@@b_SAEZ@@@)','',2,'2013-06-05'),(22965,'INSERT INTO gne_vale_ferreteria_mov (vfe_id,pro_codigo_plu,vfm_cantidad,vfm_unitario,vfm_total,vfm_entregado) VALUES (1655,1542,2,100,200,@@@NO@@@)','',2,'2013-06-05'),(22966,'UPDATE mae_productos SET pro_margen_actual=0,pro_precio_venta=499 WHERE pro_codigo_plu=607','',2,'2013-06-05'),(22967,'UPDATE mae_productos SET pro_margen_actual=0,pro_precio_venta=390 WHERE pro_codigo_plu=597','',2,'2013-06-05'),(22968,'UPDATE mae_productos SET pro_margen_actual=0,pro_precio_venta=1199 WHERE pro_codigo_plu=580','',2,'2013-06-05'),(22969,'UPDATE mae_productos SET pro_margen_actual=0,pro_precio_venta=390 WHERE pro_codigo_plu=549','',2,'2013-06-05'),(22970,'UPDATE mae_productos SET pro_precio_fiscal=pro_precio_venta WHERE pro_codigo_plu=549','',2,'2013-06-05'),(22971,'UPDATE mae_productos SET pro_precio_fiscal=pro_precio_venta WHERE pro_codigo_plu=580','',2,'2013-06-05'),(22972,'UPDATE mae_productos SET pro_precio_fiscal=pro_precio_venta WHERE pro_codigo_plu=597','',2,'2013-06-05'),(22973,'UPDATE mae_productos SET pro_precio_fiscal=pro_precio_venta WHERE pro_codigo_plu=607','',2,'2013-06-05'),(22974,'INSERT INTO gne_vale_ferreteria (vfe_id,vfe_fecha,vfe_total,vfe_estado,vfe_entregado,usu_nusuario) VALUES (1656,@@@2013.06.06@@@,230,1,0,@@@b_SAEZ@@@)','',2,'2013-06-05'),(22975,'INSERT INTO gne_vale_ferreteria_mov (vfe_id,pro_codigo_plu,vfm_cantidad,vfm_unitario,vfm_total,vfm_entregado) VALUES (1656,770033,1,40,40,@@@NO@@@)','',2,'2013-06-05'),(22976,'INSERT INTO gne_vale_ferreteria_mov (vfe_id,pro_codigo_plu,vfm_cantidad,vfm_unitario,vfm_total,vfm_entregado) VALUES (1656,1537,1,190,190,@@@NO@@@)','',2,'2013-06-05'),(22977,'UPDATE mae_productos SET pro_margen_actual=0,pro_precio_venta=1150 WHERE pro_codigo_plu=11573','',2,'2013-06-06'),(22978,'UPDATE mae_productos SET pro_margen_actual=0,pro_precio_venta=1590 WHERE pro_codigo_plu=13794','',2,'2013-06-06'),(22979,'UPDATE mae_productos SET pro_precio_fiscal=pro_precio_venta WHERE pro_codigo_plu=11573','',2,'2013-06-06'),(22980,'UPDATE mae_productos SET pro_precio_fiscal=pro_precio_venta WHERE pro_codigo_plu=13794','',2,'2013-06-06'),(22981,'UPDATE mae_productos SET pro_margen_actual=0,pro_precio_venta=2980 WHERE pro_codigo_plu=14083','',2,'2013-06-06'),(22982,'UPDATE mae_productos SET pro_margen_actual=0,pro_precio_venta=1550 WHERE pro_codigo_plu=763672','',2,'2013-06-06'),(22983,'UPDATE mae_productos SET pro_margen_actual=0,pro_precio_venta=1299 WHERE pro_codigo_plu=13105','',2,'2013-06-06'),(22984,'UPDATE mae_productos SET pro_margen_actual=0,pro_precio_venta=1350 WHERE pro_codigo_plu=10253','',2,'2013-06-06'),(22985,'UPDATE mae_productos SET pro_margen_actual=0,pro_precio_venta=1100 WHERE pro_codigo_plu=764540','',2,'2013-06-06'),(22986,'UPDATE mae_productos SET pro_margen_actual=0,pro_precio_venta=330 WHERE pro_codigo_plu=11207','',2,'2013-06-06'),(22987,'UPDATE mae_productos SET pro_margen_actual=0,pro_precio_venta=1355 WHERE pro_codigo_plu=764537','',2,'2013-06-06'),(22988,'UPDATE mae_productos SET pro_margen_actual=0,pro_precio_venta=490 WHERE pro_codigo_plu=18840','',2,'2013-06-06'),(22989,'UPDATE mae_productos SET pro_margen_actual=0,pro_precio_venta=1110 WHERE pro_codigo_plu=14081','',2,'2013-06-06'),(22990,'UPDATE mae_productos SET pro_margen_actual=0,pro_precio_venta=350 WHERE pro_codigo_plu=763324','',2,'2013-06-06'),(22991,'UPDATE mae_productos SET pro_margen_actual=0,pro_precio_venta=350 WHERE pro_codigo_plu=101032','',2,'2013-06-06'),(22992,'UPDATE mae_productos SET pro_margen_actual=0,pro_precio_venta=250 WHERE pro_codigo_plu=12063','',2,'2013-06-06'),(22993,'UPDATE mae_productos SET pro_precio_fiscal=pro_precio_venta WHERE pro_codigo_plu=18840','',2,'2013-06-06'),(22994,'UPDATE mae_productos SET pro_precio_fiscal=pro_precio_venta WHERE pro_codigo_plu=14081','',2,'2013-06-06'),(22995,'UPDATE mae_productos SET pro_precio_fiscal=pro_precio_venta WHERE pro_codigo_plu=14083','',2,'2013-06-06'),(22996,'UPDATE mae_productos SET pro_precio_fiscal=pro_precio_venta WHERE pro_codigo_plu=10253','',2,'2013-06-06'),(22997,'UPDATE mae_productos SET pro_precio_fiscal=pro_precio_venta WHERE pro_codigo_plu=11207','',2,'2013-06-06'),(22998,'UPDATE mae_productos SET pro_precio_fiscal=pro_precio_venta WHERE pro_codigo_plu=13105','',2,'2013-06-06'),(22999,'UPDATE mae_productos SET pro_precio_fiscal=pro_precio_venta WHERE pro_codigo_plu=763672','',2,'2013-06-06'),(23000,'UPDATE mae_productos SET pro_margen_actual=0,pro_precio_venta=7790 WHERE pro_codigo_plu=764474','',2,'2013-06-06'),(23001,'UPDATE mae_productos SET pro_precio_fiscal=pro_precio_venta WHERE pro_codigo_plu=764474','',2,'2013-06-06'),(23002,'UPDATE mae_productos SET pro_margen_actual=0,pro_precio_venta=210 WHERE pro_codigo_plu=12140','',2,'2013-06-06'),(23003,'UPDATE mae_productos SET pro_precio_fiscal=pro_precio_venta WHERE pro_codigo_plu=12140','',2,'2013-06-06'),(23004,'INSERT INTO mae_productos (pro_codigo_plu,pro_codigo_barra,pro_tipo,pro_nombre_producto,pro_nombre_corto,med_id,emb_id,pro_unidades_embalaje,dep_id,lin_id,mar_id,pro_precio_compra_neto,pro_precio_compra_bruto,pro_precio_venta,pro_margen_actual,pro_oferta,pro_fecha_inicio_oferta,pro_fecha_termino_oferta,pro_precio_oferta,pro_stock_minimo,pro_stock_critico,pro_entradas_bodega,pro_salidas_bodega,pro_mermas_bodega,pro_ajustes_bodega,pro_entradas_sv,pro_salidas_sv,pro_mermas_sv,pro_ajustes_sv,pro_activo,rec_numero,pro_unidad,pro_capacidad,pro_consumo_bodega,pro_consumo_sv,pro_estado,pro_funcion_plu,pro_flejes,pro_iva,pro_plu_asociado,pro_envase,pro_duracion,pro_numero_etiqueta) VALUES (780220178,@@@7613033088575@@@,@@@0@@@,@@@CHIQUTIN CEREAL@@@,@@@CHIQUTIN CEREAL@@@,@@@5 @@@,@@@3 @@@,@@@0@@@,@@@3 @@@,@@@50@@@,@@@9@@@,@@@0@@@,@@@0@@@,@@@400@@@,@@@0@@@,@@@@@@,@@@2013.06.06@@@,@@@2013.06.06@@@,@@@0@@@,@@@0@@@,@@@0@@@,@@@0@@@,@@@0@@@,@@@0@@@,@@@0@@@,@@@0@@@,@@@0@@@,@@@0@@@,@@@0@@@,@@@1@@@,@@@0@@@,0,131,0,0,2,0,1,1,0,@@@NO@@@,0,0)','',2,'2013-06-06'),(23005,'DELETE FROM mae_impuestos_productos WHERE pro_codigo_plu=@@@780220178@@@','',2,'2013-06-06'),(23006,'UPDATE mae_productos SET pro_margen_actual=0,pro_precio_venta=400 WHERE pro_codigo_plu=780220178','',2,'2013-06-06'),(23007,'UPDATE mae_productos SET pro_precio_fiscal=pro_precio_venta WHERE pro_codigo_plu=780220178','',2,'2013-06-06'),(23008,'INSERT INTO gne_vale_ferreteria (vfe_id,vfe_fecha,vfe_total,vfe_estado,vfe_entregado,usu_nusuario) VALUES (1657,@@@2013.06.06@@@,260,1,0,@@@b_SAEZ@@@)','',2,'2013-06-06'),(23009,'INSERT INTO gne_vale_ferreteria_mov (vfe_id,pro_codigo_plu,vfm_cantidad,vfm_unitario,vfm_total,vfm_entregado) VALUES (1657,15948,2,130,260,@@@NO@@@)','',2,'2013-06-06'),(23010,'INSERT INTO gne_vale_ferreteria (vfe_id,vfe_fecha,vfe_total,vfe_estado,vfe_entregado,usu_nusuario) VALUES (1658,@@@2013.06.06@@@,2490,1,0,@@@b_SAEZ@@@)','',2,'2013-06-06'),(23011,'INSERT INTO gne_vale_ferreteria_mov (vfe_id,pro_codigo_plu,vfm_cantidad,vfm_unitario,vfm_total,vfm_entregado) VALUES (1658,18652,1,1590,1590,@@@NO@@@)','',2,'2013-06-06'),(23012,'INSERT INTO gne_vale_ferreteria_mov (vfe_id,pro_codigo_plu,vfm_cantidad,vfm_unitario,vfm_total,vfm_entregado) VALUES (1658,763884,1,900,900,@@@NO@@@)','',2,'2013-06-06'),(23013,'INSERT INTO gne_vale_ferreteria (vfe_id,vfe_fecha,vfe_total,vfe_estado,vfe_entregado,usu_nusuario) VALUES (1659,@@@2013.06.06@@@,100,1,0,@@@b_SAEZ@@@)','',2,'2013-06-06'),(23014,'INSERT INTO gne_vale_ferreteria_mov (vfe_id,pro_codigo_plu,vfm_cantidad,vfm_unitario,vfm_total,vfm_entregado) VALUES (1659,78017233,1,100,100,@@@NO@@@)','',2,'2013-06-06'),(23015,'UPDATE mae_productos SET pro_margen_actual=0,pro_precio_venta=599 WHERE pro_codigo_plu=10772','',2,'2013-06-06'),(23016,'UPDATE mae_productos SET pro_margen_actual=0,pro_precio_venta=599 WHERE pro_codigo_plu=10773','',2,'2013-06-06'),(23017,'UPDATE mae_productos SET pro_precio_fiscal=pro_precio_venta WHERE pro_codigo_plu=10773','',2,'2013-06-06'),(23018,'UPDATE mae_productos SET pro_precio_fiscal=pro_precio_venta WHERE pro_codigo_plu=10772','',2,'2013-06-06'),(23019,'UPDATE mae_productos SET pro_margen_actual=0,pro_precio_venta=150 WHERE pro_codigo_plu=764363','',2,'2013-06-06'),(23020,'UPDATE mae_productos SET pro_precio_fiscal=pro_precio_venta WHERE pro_codigo_plu=764363','',2,'2013-06-06'),(23021,'INSERT INTO gne_vale_ferreteria (vfe_id,vfe_fecha,vfe_total,vfe_estado,vfe_entregado,usu_nusuario) VALUES (1660,@@@2013.06.06@@@,2480,1,0,@@@b_SAEZ@@@)','',2,'2013-06-06'),(23022,'INSERT INTO gne_vale_ferreteria_mov (vfe_id,pro_codigo_plu,vfm_cantidad,vfm_unitario,vfm_total,vfm_entregado) VALUES (1660,4801,24,30,720,@@@NO@@@)','',2,'2013-06-06'),(23023,'INSERT INTO gne_vale_ferreteria_mov (vfe_id,pro_codigo_plu,vfm_cantidad,vfm_unitario,vfm_total,vfm_entregado) VALUES (1660,78017028,20,70,1400,@@@NO@@@)','',2,'2013-06-06'),(23024,'INSERT INTO gne_vale_ferreteria_mov (vfe_id,pro_codigo_plu,vfm_cantidad,vfm_unitario,vfm_total,vfm_entregado) VALUES (1660,1016,4,70,280,@@@NO@@@)','',2,'2013-06-06'),(23025,'INSERT INTO gne_vale_ferreteria_mov (vfe_id,pro_codigo_plu,vfm_cantidad,vfm_unitario,vfm_total,vfm_entregado) VALUES (1660,770033,2,40,80,@@@NO@@@)','',2,'2013-06-06'),(23026,'INSERT INTO gne_vale_ferreteria (vfe_id,vfe_fecha,vfe_total,vfe_estado,vfe_entregado,usu_nusuario) VALUES (1661,@@@2013.06.06@@@,200,1,0,@@@b_SAEZ@@@)','',2,'2013-06-06'),(23027,'INSERT INTO gne_vale_ferreteria_mov (vfe_id,pro_codigo_plu,vfm_cantidad,vfm_unitario,vfm_total,vfm_entregado) VALUES (1661,78017111,2,100,200,@@@NO@@@)','',2,'2013-06-06'),(23028,'INSERT INTO gne_vale_ferreteria (vfe_id,vfe_fecha,vfe_total,vfe_estado,vfe_entregado,usu_nusuario) VALUES (1662,@@@2013.06.06@@@,660,1,0,@@@b_SAEZ@@@)','',2,'2013-06-06'),(23029,'INSERT INTO gne_vale_ferreteria_mov (vfe_id,pro_codigo_plu,vfm_cantidad,vfm_unitario,vfm_total,vfm_entregado) VALUES (1662,19918,2,330,660,@@@NO@@@)','',2,'2013-06-06'),(23030,'INSERT INTO gne_vale_ferreteria (vfe_id,vfe_fecha,vfe_total,vfe_estado,vfe_entregado,usu_nusuario) VALUES (1663,@@@2013.06.06@@@,1890,1,0,@@@b_SAEZ@@@)','',2,'2013-06-06'),(23031,'INSERT INTO gne_vale_ferreteria_mov (vfe_id,pro_codigo_plu,vfm_cantidad,vfm_unitario,vfm_total,vfm_entregado) VALUES (1663,101849,1,1890,1890,@@@NO@@@)','',2,'2013-06-06'),(23032,'UPDATE mae_productos SET pro_margen_actual=0,pro_precio_venta=349 WHERE pro_codigo_plu=262528','',2,'2013-06-06'),(23033,'UPDATE mae_productos SET pro_precio_fiscal=pro_precio_venta WHERE pro_codigo_plu=262528','',2,'2013-06-06'),(23034,'INSERT INTO gne_vale_ferreteria (vfe_id,vfe_fecha,vfe_total,vfe_estado,vfe_entregado,usu_nusuario) VALUES (1664,@@@2013.06.06@@@,200,1,0,@@@b_SAEZ@@@)','',2,'2013-06-06'),(23035,'INSERT INTO gne_vale_ferreteria_mov (vfe_id,pro_codigo_plu,vfm_cantidad,vfm_unitario,vfm_total,vfm_entregado) VALUES (1664,7051,2,100,200,@@@NO@@@)','',2,'2013-06-06'),(23036,'INSERT INTO mae_productos (pro_codigo_plu,pro_codigo_barra,pro_tipo,pro_nombre_producto,pro_nombre_corto,med_id,emb_id,pro_unidades_embalaje,dep_id,lin_id,mar_id,pro_precio_compra_neto,pro_precio_compra_bruto,pro_precio_venta,pro_margen_actual,pro_oferta,pro_fecha_inicio_oferta,pro_fecha_termino_oferta,pro_precio_oferta,pro_stock_minimo,pro_stock_critico,pro_entradas_bodega,pro_salidas_bodega,pro_mermas_bodega,pro_ajustes_bodega,pro_entradas_sv,pro_salidas_sv,pro_mermas_sv,pro_ajustes_sv,pro_activo,rec_numero,pro_unidad,pro_capacidad,pro_consumo_bodega,pro_consumo_sv,pro_estado,pro_funcion_plu,pro_flejes,pro_iva,pro_plu_asociado,pro_envase,pro_duracion,pro_numero_etiqueta) VALUES (780220179,@@@7804626890006@@@,@@@0@@@,@@@CREMA PASTELERA 400@@@,@@@CREMA PASTELERA @@@,@@@5 @@@,@@@3 @@@,@@@0@@@,@@@1 @@@,@@@9@@@,@@@1442@@@,@@@0@@@,@@@0@@@,@@@990@@@,@@@0@@@,@@@@@@,@@@2013.06.06@@@,@@@2013.06.06@@@,@@@0@@@,@@@0@@@,@@@0@@@,@@@0@@@,@@@0@@@,@@@0@@@,@@@0@@@,@@@0@@@,@@@0@@@,@@@0@@@,@@@0@@@,@@@1@@@,@@@0@@@,0,400,0,0,2,0,1,1,0,@@@NO@@@,0,0)','',2,'2013-06-06'),(23037,'DELETE FROM mae_impuestos_productos WHERE pro_codigo_plu=@@@780220179@@@','',2,'2013-06-06'),(23038,'INSERT INTO gne_vale_ferreteria (vfe_id,vfe_fecha,vfe_total,vfe_estado,vfe_entregado,usu_nusuario) VALUES (1665,@@@2013.06.06@@@,840,1,0,@@@b_SAEZ@@@)','',2,'2013-06-06'),(23039,'INSERT INTO gne_vale_ferreteria_mov (vfe_id,pro_codigo_plu,vfm_cantidad,vfm_unitario,vfm_total,vfm_entregado) VALUES (1665,78017028,12,70,840,@@@NO@@@)','',2,'2013-06-06'),(23040,'UPDATE mae_productos SET pro_margen_actual=0,pro_precio_venta=990 WHERE pro_codigo_plu=780220179','',2,'2013-06-06'),(23041,'UPDATE mae_productos SET pro_precio_fiscal=pro_precio_venta WHERE pro_codigo_plu=780220179','',2,'2013-06-06'),(23042,'INSERT INTO mae_productos (pro_codigo_plu,pro_codigo_barra,pro_tipo,pro_nombre_producto,pro_nombre_corto,med_id,emb_id,pro_unidades_embalaje,dep_id,lin_id,mar_id,pro_precio_compra_neto,pro_precio_compra_bruto,pro_precio_venta,pro_margen_actual,pro_oferta,pro_fecha_inicio_oferta,pro_fecha_termino_oferta,pro_precio_oferta,pro_stock_minimo,pro_stock_critico,pro_entradas_bodega,pro_salidas_bodega,pro_mermas_bodega,pro_ajustes_bodega,pro_entradas_sv,pro_salidas_sv,pro_mermas_sv,pro_ajustes_sv,pro_activo,rec_numero,pro_unidad,pro_capacidad,pro_consumo_bodega,pro_consumo_sv,pro_estado,pro_funcion_plu,pro_flejes,pro_iva,pro_plu_asociado,pro_envase,pro_duracion,pro_numero_etiqueta) VALUES (780220180,@@@7806505055438@@@,@@@0@@@,@@@COLA FRIA TORRE 225@@@,@@@COLA FRIA TORRE @@@,@@@5 @@@,@@@3 @@@,@@@0@@@,@@@2 @@@,@@@41@@@,@@@1442@@@,@@@0@@@,@@@0@@@,@@@620@@@,@@@0@@@,@@@@@@,@@@2013.06.06@@@,@@@2013.06.06@@@,@@@0@@@,@@@0@@@,@@@0@@@,@@@0@@@,@@@0@@@,@@@0@@@,@@@0@@@,@@@0@@@,@@@0@@@,@@@0@@@,@@@0@@@,@@@1@@@,@@@0@@@,0,225,0,0,2,0,1,1,0,@@@NO@@@,0,0)','',2,'2013-06-06'),(23043,'DELETE FROM mae_impuestos_productos WHERE pro_codigo_plu=@@@780220180@@@','',2,'2013-06-06'),(23044,'UPDATE mae_productos SET pro_margen_actual=0,pro_precio_venta=620 WHERE pro_codigo_plu=780220180','',2,'2013-06-06'),(23045,'UPDATE mae_productos SET pro_precio_fiscal=pro_precio_venta WHERE pro_codigo_plu=780220180','',2,'2013-06-06'),(23046,'INSERT INTO mae_productos (pro_codigo_plu,pro_codigo_barra,pro_tipo,pro_nombre_producto,pro_nombre_corto,med_id,emb_id,pro_unidades_embalaje,dep_id,lin_id,mar_id,pro_precio_compra_neto,pro_precio_compra_bruto,pro_precio_venta,pro_margen_actual,pro_oferta,pro_fecha_inicio_oferta,pro_fecha_termino_oferta,pro_precio_oferta,pro_stock_minimo,pro_stock_critico,pro_entradas_bodega,pro_salidas_bodega,pro_mermas_bodega,pro_ajustes_bodega,pro_entradas_sv,pro_salidas_sv,pro_mermas_sv,pro_ajustes_sv,pro_activo,rec_numero,pro_unidad,pro_capacidad,pro_consumo_bodega,pro_consumo_sv,pro_estado,pro_funcion_plu,pro_flejes,pro_iva,pro_plu_asociado,pro_envase,pro_duracion,pro_numero_etiqueta) VALUES (780220181,@@@7806505010314@@@,@@@0@@@,@@@CARTULINA ESPAÑOLA@@@,@@@CARTULINA ESPAÑO@@@,@@@1 @@@,@@@3 @@@,@@@0@@@,@@@24 @@@,@@@42@@@,@@@1442@@@,@@@0@@@,@@@0@@@,@@@1350@@@,@@@0@@@,@@@@@@,@@@2013.06.06@@@,@@@2013.06.06@@@,@@@0@@@,@@@0@@@,@@@0@@@,@@@0@@@,@@@0@@@,@@@0@@@,@@@0@@@,@@@0@@@,@@@0@@@,@@@0@@@,@@@0@@@,@@@1@@@,@@@0@@@,0,25,0,0,2,0,1,1,0,@@@NO@@@,0,0)','',2,'2013-06-06'),(23047,'DELETE FROM mae_impuestos_productos WHERE pro_codigo_plu=@@@780220181@@@','',2,'2013-06-06'),(23048,'UPDATE mae_productos SET pro_margen_actual=0,pro_precio_venta=1350 WHERE pro_codigo_plu=780220181','',2,'2013-06-06'),(23049,'UPDATE mae_productos SET pro_margen_actual=0,pro_precio_venta=1150 WHERE pro_codigo_plu=763777','',2,'2013-06-06'),(23050,'UPDATE mae_productos SET pro_precio_fiscal=pro_precio_venta WHERE pro_codigo_plu=763777','',2,'2013-06-06'),(23051,'UPDATE mae_productos SET pro_precio_fiscal=pro_precio_venta WHERE pro_codigo_plu=780220181','',2,'2013-06-06'),(23052,'UPDATE mae_productos SET pro_margen_actual=0,pro_precio_venta=390 WHERE pro_codigo_plu=764250','',2,'2013-06-06'),(23053,'UPDATE mae_productos SET pro_margen_actual=0,pro_precio_venta=390 WHERE pro_codigo_plu=78016971','',2,'2013-06-06'),(23054,'UPDATE mae_productos SET pro_margen_actual=0,pro_precio_venta=450 WHERE pro_codigo_plu=764272','',2,'2013-06-06'),(23055,'UPDATE mae_productos SET pro_margen_actual=0,pro_precio_venta=420 WHERE pro_codigo_plu=764269','',2,'2013-06-06'),(23056,'INSERT INTO gne_vale_ferreteria (vfe_id,vfe_fecha,vfe_total,vfe_estado,vfe_entregado,usu_nusuario) VALUES (1666,@@@2013.06.06@@@,1890,1,0,@@@b_SAEZ@@@)','',2,'2013-06-06'),(23057,'INSERT INTO gne_vale_ferreteria_mov (vfe_id,pro_codigo_plu,vfm_cantidad,vfm_unitario,vfm_total,vfm_entregado) VALUES (1666,101623,1,1890,1890,@@@NO@@@)','',2,'2013-06-06'),(23058,'INSERT INTO gne_vale_ferreteria (vfe_id,vfe_fecha,vfe_total,vfe_estado,vfe_entregado,usu_nusuario) VALUES (1667,@@@2013.06.06@@@,100,1,0,@@@b_SAEZ@@@)','',2,'2013-06-06'),(23059,'INSERT INTO gne_vale_ferreteria_mov (vfe_id,pro_codigo_plu,vfm_cantidad,vfm_unitario,vfm_total,vfm_entregado) VALUES (1667,20366,1,100,100,@@@NO@@@)','',2,'2013-06-06'),(23060,'INSERT INTO mae_productos (pro_codigo_plu,pro_codigo_barra,pro_tipo,pro_nombre_producto,pro_nombre_corto,med_id,emb_id,pro_unidades_embalaje,dep_id,lin_id,mar_id,pro_precio_compra_neto,pro_precio_compra_bruto,pro_precio_venta,pro_margen_actual,pro_oferta,pro_fecha_inicio_oferta,pro_fecha_termino_oferta,pro_precio_oferta,pro_stock_minimo,pro_stock_critico,pro_entradas_bodega,pro_salidas_bodega,pro_mermas_bodega,pro_ajustes_bodega,pro_entradas_sv,pro_salidas_sv,pro_mermas_sv,pro_ajustes_sv,pro_activo,rec_numero,pro_unidad,pro_capacidad,pro_consumo_bodega,pro_consumo_sv,pro_estado,pro_funcion_plu,pro_flejes,pro_iva,pro_plu_asociado,pro_envase,pro_duracion,pro_numero_etiqueta) VALUES (780220182,@@@7806505980969@@@,@@@0@@@,@@@NOTAS ADHESIVAS TORRE@@@,@@@NOTAS ADHESIVAS @@@,@@@1 @@@,@@@3 @@@,@@@0@@@,@@@24 @@@,@@@138@@@,@@@2403@@@,@@@0@@@,@@@0@@@,@@@520@@@,@@@0@@@,@@@@@@,@@@2013.06.06@@@,@@@2013.06.06@@@,@@@0@@@,@@@0@@@,@@@0@@@,@@@0@@@,@@@0@@@,@@@0@@@,@@@0@@@,@@@0@@@,@@@0@@@,@@@0@@@,@@@0@@@,@@@1@@@,@@@0@@@,0,1,0,0,2,0,1,1,0,@@@NO@@@,0,0)','',2,'2013-06-06'),(23061,'DELETE FROM mae_impuestos_productos WHERE pro_codigo_plu=@@@780220182@@@','',2,'2013-06-06'),(23062,'INSERT INTO mae_productos (pro_codigo_plu,pro_codigo_barra,pro_tipo,pro_nombre_producto,pro_nombre_corto,med_id,emb_id,pro_unidades_embalaje,dep_id,lin_id,mar_id,pro_precio_compra_neto,pro_precio_compra_bruto,pro_precio_venta,pro_margen_actual,pro_oferta,pro_fecha_inicio_oferta,pro_fecha_termino_oferta,pro_precio_oferta,pro_stock_minimo,pro_stock_critico,pro_entradas_bodega,pro_salidas_bodega,pro_mermas_bodega,pro_ajustes_bodega,pro_entradas_sv,pro_salidas_sv,pro_mermas_sv,pro_ajustes_sv,pro_activo,rec_numero,pro_unidad,pro_capacidad,pro_consumo_bodega,pro_consumo_sv,pro_estado,pro_funcion_plu,pro_flejes,pro_iva,pro_plu_asociado,pro_envase,pro_duracion,pro_numero_etiqueta) VALUES (780220183,@@@6956288663281@@@,@@@0@@@,@@@PALOS BROCHETA @@@,@@@PALOS BROCHETA @@@,@@@1 @@@,@@@3 @@@,@@@0@@@,@@@24 @@@,@@@137@@@,@@@2507@@@,@@@0@@@,@@@0@@@,@@@490@@@,@@@0@@@,@@@@@@,@@@2013.06.06@@@,@@@2013.06.06@@@,@@@0@@@,@@@0@@@,@@@0@@@,@@@0@@@,@@@0@@@,@@@0@@@,@@@0@@@,@@@0@@@,@@@0@@@,@@@0@@@,@@@0@@@,@@@1@@@,@@@0@@@,0,1,0,0,2,0,1,1,0,@@@NO@@@,0,0)','',2,'2013-06-06'),(23063,'DELETE FROM mae_impuestos_productos WHERE pro_codigo_plu=@@@780220183@@@','',2,'2013-06-06'),(23064,'INSERT INTO mae_productos (pro_codigo_plu,pro_codigo_barra,pro_tipo,pro_nombre_producto,pro_nombre_corto,med_id,emb_id,pro_unidades_embalaje,dep_id,lin_id,mar_id,pro_precio_compra_neto,pro_precio_compra_bruto,pro_precio_venta,pro_margen_actual,pro_oferta,pro_fecha_inicio_oferta,pro_fecha_termino_oferta,pro_precio_oferta,pro_stock_minimo,pro_stock_critico,pro_entradas_bodega,pro_salidas_bodega,pro_mermas_bodega,pro_ajustes_bodega,pro_entradas_sv,pro_salidas_sv,pro_mermas_sv,pro_ajustes_sv,pro_activo,rec_numero,pro_unidad,pro_capacidad,pro_consumo_bodega,pro_consumo_sv,pro_estado,pro_funcion_plu,pro_flejes,pro_iva,pro_plu_asociado,pro_envase,pro_duracion,pro_numero_etiqueta) VALUES (780220184,@@@7807265986369@@@,@@@0@@@,@@@DESTACADOR ISOFIT FUCCIA@@@,@@@DESTACADOR ISOFI@@@,@@@1 @@@,@@@3 @@@,@@@0@@@,@@@24 @@@,@@@137@@@,@@@1253@@@,@@@0@@@,@@@0@@@,@@@450@@@,@@@0@@@,@@@@@@,@@@2013.06.06@@@,@@@2013.06.06@@@,@@@0@@@,@@@0@@@,@@@0@@@,@@@0@@@,@@@0@@@,@@@0@@@,@@@0@@@,@@@0@@@,@@@0@@@,@@@0@@@,@@@0@@@,@@@1@@@,@@@0@@@,0,1,0,0,2,0,1,1,0,@@@NO@@@,0,0)','',2,'2013-06-06'),(23065,'DELETE FROM mae_impuestos_productos WHERE pro_codigo_plu=@@@780220184@@@','',2,'2013-06-06'),(23066,'INSERT INTO mae_productos (pro_codigo_plu,pro_codigo_barra,pro_tipo,pro_nombre_producto,pro_nombre_corto,med_id,emb_id,pro_unidades_embalaje,dep_id,lin_id,mar_id,pro_precio_compra_neto,pro_precio_compra_bruto,pro_precio_venta,pro_margen_actual,pro_oferta,pro_fecha_inicio_oferta,pro_fecha_termino_oferta,pro_precio_oferta,pro_stock_minimo,pro_stock_critico,pro_entradas_bodega,pro_salidas_bodega,pro_mermas_bodega,pro_ajustes_bodega,pro_entradas_sv,pro_salidas_sv,pro_mermas_sv,pro_ajustes_sv,pro_activo,rec_numero,pro_unidad,pro_capacidad,pro_consumo_bodega,pro_consumo_sv,pro_estado,pro_funcion_plu,pro_flejes,pro_iva,pro_plu_asociado,pro_envase,pro_duracion,pro_numero_etiqueta) VALUES (780220185,@@@3474377922178@@@,@@@0@@@,@@@PORTAMINA FIESTA @@@,@@@PORTAMINA FIESTA@@@,@@@1 @@@,@@@3 @@@,@@@0@@@,@@@24 @@@,@@@137@@@,@@@2579@@@,@@@0@@@,@@@0@@@,@@@420@@@,@@@0@@@,@@@@@@,@@@2013.06.06@@@,@@@2013.06.06@@@,@@@0@@@,@@@0@@@,@@@0@@@,@@@0@@@,@@@0@@@,@@@0@@@,@@@0@@@,@@@0@@@,@@@0@@@,@@@0@@@,@@@0@@@,@@@1@@@,@@@0@@@,0,1,0,0,2,0,1,1,0,@@@NO@@@,0,0)','',2,'2013-06-06'),(23067,'DELETE FROM mae_impuestos_productos WHERE pro_codigo_plu=@@@780220185@@@','',2,'2013-06-06'),(23068,'INSERT INTO gne_vale_ferreteria (vfe_id,vfe_fecha,vfe_total,vfe_estado,vfe_entregado,usu_nusuario) VALUES (1668,@@@2013.06.06@@@,240,1,0,@@@b_SAEZ@@@)','',2,'2013-06-06'),(23069,'INSERT INTO gne_vale_ferreteria_mov (vfe_id,pro_codigo_plu,vfm_cantidad,vfm_unitario,vfm_total,vfm_entregado) VALUES (1668,764766,2,120,240,@@@NO@@@)','',2,'2013-06-06'),(23070,'INSERT INTO mae_productos (pro_codigo_plu,pro_codigo_barra,pro_tipo,pro_nombre_producto,pro_nombre_corto,med_id,emb_id,pro_unidades_embalaje,dep_id,lin_id,mar_id,pro_precio_compra_neto,pro_precio_compra_bruto,pro_precio_venta,pro_margen_actual,pro_oferta,pro_fecha_inicio_oferta,pro_fecha_termino_oferta,pro_precio_oferta,pro_stock_minimo,pro_stock_critico,pro_entradas_bodega,pro_salidas_bodega,pro_mermas_bodega,pro_ajustes_bodega,pro_entradas_sv,pro_salidas_sv,pro_mermas_sv,pro_ajustes_sv,pro_activo,rec_numero,pro_unidad,pro_capacidad,pro_consumo_bodega,pro_consumo_sv,pro_estado,pro_funcion_plu,pro_flejes,pro_iva,pro_plu_asociado,pro_envase,pro_duracion,pro_numero_etiqueta) VALUES (780220186,@@@7807265980442@@@,@@@0@@@,@@@PAÑOS HELADOS COLORES@@@,@@@PAÑOS HELADOS CO@@@,@@@1 @@@,@@@3 @@@,@@@0@@@,@@@24 @@@,@@@137@@@,@@@1254@@@,@@@0@@@,@@@0@@@,@@@330@@@,@@@0@@@,@@@@@@,@@@2013.06.06@@@,@@@2013.06.06@@@,@@@0@@@,@@@0@@@,@@@0@@@,@@@0@@@,@@@0@@@,@@@0@@@,@@@0@@@,@@@0@@@,@@@0@@@,@@@0@@@,@@@0@@@,@@@1@@@,@@@0@@@,0,50,0,0,2,0,1,1,0,@@@NO@@@,0,0)','',2,'2013-06-06'),(23071,'DELETE FROM mae_impuestos_productos WHERE pro_codigo_plu=@@@780220186@@@','',2,'2013-06-06'),(23072,'INSERT INTO mae_productos (pro_codigo_plu,pro_codigo_barra,pro_tipo,pro_nombre_producto,pro_nombre_corto,med_id,emb_id,pro_unidades_embalaje,dep_id,lin_id,mar_id,pro_precio_compra_neto,pro_precio_compra_bruto,pro_precio_venta,pro_margen_actual,pro_oferta,pro_fecha_inicio_oferta,pro_fecha_termino_oferta,pro_precio_oferta,pro_stock_minimo,pro_stock_critico,pro_entradas_bodega,pro_salidas_bodega,pro_mermas_bodega,pro_ajustes_bodega,pro_entradas_sv,pro_salidas_sv,pro_mermas_sv,pro_ajustes_sv,pro_activo,rec_numero,pro_unidad,pro_capacidad,pro_consumo_bodega,pro_consumo_sv,pro_estado,pro_funcion_plu,pro_flejes,pro_iva,pro_plu_asociado,pro_envase,pro_duracion,pro_numero_etiqueta) VALUES (880004,@@@880004@@@,@@@0@@@,@@@PALOS BROCHETA VANNI@@@,@@@PALOS BROCHETA V@@@,@@@1 @@@,@@@3 @@@,@@@0@@@,@@@24 @@@,@@@137@@@,@@@2056@@@,@@@0@@@,@@@0@@@,@@@650@@@,@@@0@@@,@@@@@@,@@@2013.06.06@@@,@@@2013.06.06@@@,@@@0@@@,@@@0@@@,@@@0@@@,@@@0@@@,@@@0@@@,@@@0@@@,@@@0@@@,@@@0@@@,@@@0@@@,@@@0@@@,@@@0@@@,@@@1@@@,@@@0@@@,0,100,0,0,2,0,1,1,0,@@@NO@@@,0,0)','',2,'2013-06-06'),(23073,'DELETE FROM mae_impuestos_productos WHERE pro_codigo_plu=@@@880004@@@','',2,'2013-06-06'),(23074,'INSERT INTO gne_vale_ferreteria (vfe_id,vfe_fecha,vfe_total,vfe_estado,vfe_entregado,usu_nusuario) VALUES (1669,@@@2013.06.06@@@,690,1,0,@@@b_SAEZ@@@)','',2,'2013-06-06'),(23075,'INSERT INTO gne_vale_ferreteria_mov (vfe_id,pro_codigo_plu,vfm_cantidad,vfm_unitario,vfm_total,vfm_entregado) VALUES (1669,763614,1,690,690,@@@NO@@@)','',2,'2013-06-06'),(23076,'UPDATE mae_productos SET pro_margen_actual=0,pro_precio_venta=450 WHERE pro_codigo_plu=780220184','',2,'2013-06-06'),(23077,'UPDATE mae_productos SET pro_margen_actual=0,pro_precio_venta=520 WHERE pro_codigo_plu=780220182','',2,'2013-06-06'),(23078,'UPDATE mae_productos SET pro_margen_actual=0,pro_precio_venta=490 WHERE pro_codigo_plu=780220183','',2,'2013-06-06'),(23079,'UPDATE mae_productos SET pro_margen_actual=0,pro_precio_venta=650 WHERE pro_codigo_plu=880004','',2,'2013-06-06'),(23080,'UPDATE mae_productos SET pro_margen_actual=0,pro_precio_venta=330 WHERE pro_codigo_plu=780220186','',2,'2013-06-06'),(23081,'UPDATE mae_productos SET pro_margen_actual=0,pro_precio_venta=420 WHERE pro_codigo_plu=780220185','',2,'2013-06-06'),(23082,'UPDATE mae_productos SET pro_margen_actual=0,pro_precio_venta=1650 WHERE pro_codigo_plu=18050','',2,'2013-06-06'),(23083,'UPDATE mae_productos SET pro_precio_fiscal=pro_precio_venta WHERE pro_codigo_plu=764269','',2,'2013-06-06'),(23084,'UPDATE mae_productos SET pro_precio_fiscal=pro_precio_venta WHERE pro_codigo_plu=780220185','',2,'2013-06-06'),(23085,'UPDATE mae_productos SET pro_precio_fiscal=pro_precio_venta WHERE pro_codigo_plu=780220183','',2,'2013-06-06'),(23086,'UPDATE mae_productos SET pro_precio_fiscal=pro_precio_venta WHERE pro_codigo_plu=18050','',2,'2013-06-06'),(23087,'UPDATE mae_productos SET pro_precio_fiscal=pro_precio_venta WHERE pro_codigo_plu=780220182','',2,'2013-06-06'),(23088,'UPDATE mae_productos SET pro_precio_fiscal=pro_precio_venta WHERE pro_codigo_plu=764250','',2,'2013-06-06'),(23089,'UPDATE mae_productos SET pro_precio_fiscal=pro_precio_venta WHERE pro_codigo_plu=780220186','',2,'2013-06-06'),(23090,'UPDATE mae_productos SET pro_precio_fiscal=pro_precio_venta WHERE pro_codigo_plu=764272','',2,'2013-06-06'),(23091,'UPDATE mae_productos SET pro_precio_fiscal=pro_precio_venta WHERE pro_codigo_plu=780220184','',2,'2013-06-06'),(23092,'UPDATE mae_productos SET pro_precio_fiscal=pro_precio_venta WHERE pro_codigo_plu=880004','',2,'2013-06-06'),(23093,'INSERT INTO mae_productos (pro_codigo_plu,pro_codigo_barra,pro_tipo,pro_nombre_producto,pro_nombre_corto,med_id,emb_id,pro_unidades_embalaje,dep_id,lin_id,mar_id,pro_precio_compra_neto,pro_precio_compra_bruto,pro_precio_venta,pro_margen_actual,pro_oferta,pro_fecha_inicio_oferta,pro_fecha_termino_oferta,pro_precio_oferta,pro_stock_minimo,pro_stock_critico,pro_entradas_bodega,pro_salidas_bodega,pro_mermas_bodega,pro_ajustes_bodega,pro_entradas_sv,pro_salidas_sv,pro_mermas_sv,pro_ajustes_sv,pro_activo,rec_numero,pro_unidad,pro_capacidad,pro_consumo_bodega,pro_consumo_sv,pro_estado,pro_funcion_plu,pro_flejes,pro_iva,pro_plu_asociado,pro_envase,pro_duracion,pro_numero_etiqueta) VALUES (780220187,@@@9120016590157@@@,@@@0@@@,@@@SHOT 500@@@,@@@SHOT 500@@@,@@@5 @@@,@@@3 @@@,@@@0@@@,@@@4 @@@,@@@223@@@,@@@912@@@,@@@0@@@,@@@0@@@,@@@1590@@@,@@@0@@@,@@@@@@,@@@2013.06.06@@@,@@@2013.06.06@@@,@@@0@@@,@@@0@@@,@@@0@@@,@@@0@@@,@@@0@@@,@@@0@@@,@@@0@@@,@@@0@@@,@@@0@@@,@@@0@@@,@@@0@@@,@@@1@@@,@@@0@@@,0,500,0,0,2,0,1,1,0,@@@NO@@@,0,0)','',2,'2013-06-06'),(23094,'DELETE FROM mae_impuestos_productos WHERE pro_codigo_plu=@@@780220187@@@','',2,'2013-06-06'),(23095,'UPDATE mae_productos SET pro_margen_actual=0,pro_precio_venta=1590 WHERE pro_codigo_plu=780220187','',2,'2013-06-06'),(23096,'UPDATE mae_productos SET pro_margen_actual=0,pro_precio_venta=990 WHERE pro_codigo_plu=18051','',2,'2013-06-06'),(23097,'UPDATE mae_productos SET pro_precio_fiscal=pro_precio_venta WHERE pro_codigo_plu=18051','',2,'2013-06-06'),(23098,'UPDATE mae_productos SET pro_precio_fiscal=pro_precio_venta WHERE pro_codigo_plu=780220187','',2,'2013-06-06'),(23099,'INSERT INTO gne_vale_ferreteria (vfe_id,vfe_fecha,vfe_total,vfe_estado,vfe_entregado,usu_nusuario) VALUES (1670,@@@2013.06.06@@@,50,1,0,@@@G_DIAZ@@@)','',2,'2013-06-06'),(23100,'INSERT INTO gne_vale_ferreteria_mov (vfe_id,pro_codigo_plu,vfm_cantidad,vfm_unitario,vfm_total,vfm_entregado) VALUES (1670,4129,1,50,50,@@@NO@@@)','',2,'2013-06-06'),(23101,'INSERT INTO mae_productos (pro_codigo_plu,pro_codigo_barra,pro_tipo,pro_nombre_producto,pro_nombre_corto,med_id,emb_id,pro_unidades_embalaje,dep_id,lin_id,mar_id,pro_precio_compra_neto,pro_precio_compra_bruto,pro_precio_venta,pro_margen_actual,pro_oferta,pro_fecha_inicio_oferta,pro_fecha_termino_oferta,pro_precio_oferta,pro_stock_minimo,pro_stock_critico,pro_entradas_bodega,pro_salidas_bodega,pro_mermas_bodega,pro_ajustes_bodega,pro_entradas_sv,pro_salidas_sv,pro_mermas_sv,pro_ajustes_sv,pro_activo,rec_numero,pro_unidad,pro_capacidad,pro_consumo_bodega,pro_consumo_sv,pro_estado,pro_funcion_plu,pro_flejes,pro_iva,pro_plu_asociado,pro_envase,pro_duracion,pro_numero_etiqueta) VALUES (780220188,@@@00800105@@@,@@@0@@@,@@@TRANSPARENCIA CARTA 1 UND@@@,@@@TRANSPARENCIA CA@@@,@@@1 @@@,@@@3 @@@,@@@0@@@,@@@24 @@@,@@@137@@@,@@@2507@@@,@@@0@@@,@@@0@@@,@@@100@@@,@@@0@@@,@@@@@@,@@@2013.06.06@@@,@@@2013.06.06@@@,@@@0@@@,@@@0@@@,@@@0@@@,@@@0@@@,@@@0@@@,@@@0@@@,@@@0@@@,@@@0@@@,@@@0@@@,@@@0@@@,@@@0@@@,@@@1@@@,@@@0@@@,0,1,0,0,2,0,1,1,0,@@@NO@@@,0,0)','',2,'2013-06-06'),(23102,'DELETE FROM mae_impuestos_productos WHERE pro_codigo_plu=@@@780220188@@@','',2,'2013-06-06'),(23103,'INSERT INTO gne_vale_ferreteria (vfe_id,vfe_fecha,vfe_total,vfe_estado,vfe_entregado,usu_nusuario) VALUES (1671,@@@2013.06.06@@@,200,1,0,@@@G_DIAZ@@@)','',2,'2013-06-06'),(23104,'INSERT INTO gne_vale_ferreteria_mov (vfe_id,pro_codigo_plu,vfm_cantidad,vfm_unitario,vfm_total,vfm_entregado) VALUES (1671,764702,1,200,200,@@@NO@@@)','',2,'2013-06-06'),(23105,'INSERT INTO gne_vale_ferreteria (vfe_id,vfe_fecha,vfe_total,vfe_estado,vfe_entregado,usu_nusuario) VALUES (1672,@@@2013.06.06@@@,900,1,0,@@@G_DIAZ@@@)','',2,'2013-06-06'),(23106,'INSERT INTO gne_vale_ferreteria_mov (vfe_id,pro_codigo_plu,vfm_cantidad,vfm_unitario,vfm_total,vfm_entregado) VALUES (1672,78017026,10,90,900,@@@NO@@@)','',2,'2013-06-06'),(23107,'INSERT INTO gne_vale_ferreteria (vfe_id,vfe_fecha,vfe_total,vfe_estado,vfe_entregado,usu_nusuario) VALUES (1673,@@@2013.06.06@@@,200,1,0,@@@G_DIAZ@@@)','',2,'2013-06-06'),(23108,'INSERT INTO gne_vale_ferreteria_mov (vfe_id,pro_codigo_plu,vfm_cantidad,vfm_unitario,vfm_total,vfm_entregado) VALUES (1673,770026,2,100,200,@@@NO@@@)','',2,'2013-06-06'),(23109,'INSERT INTO gne_vale_ferreteria (vfe_id,vfe_fecha,vfe_total,vfe_estado,vfe_entregado,usu_nusuario) VALUES (1674,@@@2013.06.06@@@,2790,1,0,@@@G_DIAZ@@@)','',2,'2013-06-06'),(23110,'INSERT INTO gne_vale_ferreteria_mov (vfe_id,pro_codigo_plu,vfm_cantidad,vfm_unitario,vfm_total,vfm_entregado) VALUES (1674,765041,1,2790,2790,@@@NO@@@)','',2,'2013-06-06'),(23111,'UPDATE mae_productos SET pro_codigo_barra=@@@7750243286138@@@,pro_tipo=@@@0@@@,pro_nombre_producto=@@@TORNILLO DON VITTORIO 400 GRS@@@,pro_nombre_corto=@@@TORNILLO DON VIT@@@,med_id=@@@5@@@,emb_id=@@@2@@@,pro_unidades_embalaje=@@@12@@@,dep_id=@@@1 @@@,lin_id=@@@8@@@,mar_id=@@@1953@@@,pro_precio_compra_neto=@@@0@@@,pro_precio_compra_bruto=@@@0@@@,pro_precio_venta=@@@130@@@,pro_margen_actual=@@@0@@@,pro_oferta=@@@NO@@@,pro_fecha_inicio_oferta=@@@1900.01.01@@@,pro_fecha_termino_oferta=@@@1900.01.01@@@,pro_precio_oferta=@@@0@@@,pro_stock_minimo=@@@12@@@,pro_stock_critico=@@@6@@@,pro_activo=@@@1@@@,pro_unidad=@@@0@@@,pro_precio_compra_bruto=0,pro_margen_actual=0,pro_capacidad=0.4,pro_funcion_plu=0,pro_flejes=1,pro_iva=1,pro_plu_asociado=0,pro_envase=@@@NO@@@,pro_duracion=0,pro_numero_etiqueta=0 WHERE pro_codigo_plu=@@@10817@@@','',2,'2013-06-06'),(23112,'UPDATE mae_productos SET pro_estado=1 WHERE pro_codigo_plu=10817','',2,'2013-06-06'),(23113,'DELETE FROM mae_impuestos_productos WHERE pro_codigo_plu=@@@10817@@@','',2,'2013-06-06'),(23114,'INSERT INTO gne_vale_ferreteria (vfe_id,vfe_fecha,vfe_total,vfe_estado,vfe_entregado,usu_nusuario) VALUES (1675,@@@2013.06.06@@@,520,1,0,@@@G_DIAZ@@@)','',2,'2013-06-06'),(23115,'INSERT INTO gne_vale_ferreteria_mov (vfe_id,pro_codigo_plu,vfm_cantidad,vfm_unitario,vfm_total,vfm_entregado) VALUES (1675,10817,4,130,520,@@@NO@@@)','',2,'2013-06-06'),(23116,'INSERT INTO gne_vale_ferreteria (vfe_id,vfe_fecha,vfe_total,vfe_estado,vfe_entregado,usu_nusuario) VALUES (1676,@@@2013.06.06@@@,520,1,0,@@@G_DIAZ@@@)','',2,'2013-06-06'),(23117,'INSERT INTO gne_vale_ferreteria_mov (vfe_id,pro_codigo_plu,vfm_cantidad,vfm_unitario,vfm_total,vfm_entregado) VALUES (1676,15967,4,130,520,@@@NO@@@)','',2,'2013-06-06'),(23118,'INSERT INTO gne_vale_ferreteria (vfe_id,vfe_fecha,vfe_total,vfe_estado,vfe_entregado,usu_nusuario) VALUES (1677,@@@2013.06.06@@@,1100,1,0,@@@G_DIAZ@@@)','',2,'2013-06-06'),(23119,'INSERT INTO gne_vale_ferreteria_mov (vfe_id,pro_codigo_plu,vfm_cantidad,vfm_unitario,vfm_total,vfm_entregado) VALUES (1677,15489,1,1100,1100,@@@NO@@@)','',2,'2013-06-06'),(23120,'INSERT INTO gne_vale_ferreteria (vfe_id,vfe_fecha,vfe_total,vfe_estado,vfe_entregado,usu_nusuario) VALUES (1678,@@@2013.06.06@@@,1060,1,0,@@@G_DIAZ@@@)','',2,'2013-06-06'),(23121,'INSERT INTO gne_vale_ferreteria_mov (vfe_id,pro_codigo_plu,vfm_cantidad,vfm_unitario,vfm_total,vfm_entregado) VALUES (1678,20062,1,650,650,@@@NO@@@)','',2,'2013-06-06'),(23122,'INSERT INTO gne_vale_ferreteria_mov (vfe_id,pro_codigo_plu,vfm_cantidad,vfm_unitario,vfm_total,vfm_entregado) VALUES (1678,20365,1,100,100,@@@NO@@@)','',2,'2013-06-06'),(23123,'INSERT INTO gne_vale_ferreteria_mov (vfe_id,pro_codigo_plu,vfm_cantidad,vfm_unitario,vfm_total,vfm_entregado) VALUES (1678,18799,1,310,310,@@@NO@@@)','',2,'2013-06-06'),(23124,'INSERT INTO gne_vale_ferreteria (vfe_id,vfe_fecha,vfe_total,vfe_estado,vfe_entregado,usu_nusuario) VALUES (1679,@@@2013.06.06@@@,1390,1,0,@@@G_DIAZ@@@)','',2,'2013-06-06'),(23125,'INSERT INTO gne_vale_ferreteria_mov (vfe_id,pro_codigo_plu,vfm_cantidad,vfm_unitario,vfm_total,vfm_entregado) VALUES (1679,763916,1,1390,1390,@@@NO@@@)','',2,'2013-06-06'),(23126,'INSERT INTO gne_vale_ferreteria (vfe_id,vfe_fecha,vfe_total,vfe_estado,vfe_entregado,usu_nusuario) VALUES (1680,@@@2013.06.06@@@,190,1,0,@@@G_DIAZ@@@)','',2,'2013-06-06'),(23127,'INSERT INTO gne_vale_ferreteria_mov (vfe_id,pro_codigo_plu,vfm_cantidad,vfm_unitario,vfm_total,vfm_entregado) VALUES (1680,1537,1,190,190,@@@NO@@@)','',2,'2013-06-06'),(23128,'INSERT INTO gne_vale_ferreteria (vfe_id,vfe_fecha,vfe_total,vfe_estado,vfe_entregado,usu_nusuario) VALUES (1681,@@@2013.06.06@@@,1990,1,0,@@@G_DIAZ@@@)','',2,'2013-06-06'),(23129,'INSERT INTO gne_vale_ferreteria_mov (vfe_id,pro_codigo_plu,vfm_cantidad,vfm_unitario,vfm_total,vfm_entregado) VALUES (1681,4087,1,1990,1990,@@@NO@@@)','',2,'2013-06-06'),(23130,'INSERT INTO gne_vale_ferreteria (vfe_id,vfe_fecha,vfe_total,vfe_estado,vfe_entregado,usu_nusuario) VALUES (1682,@@@2013.06.06@@@,1450,1,0,@@@G_DIAZ@@@)','',2,'2013-06-06'),(23131,'INSERT INTO gne_vale_ferreteria_mov (vfe_id,pro_codigo_plu,vfm_cantidad,vfm_unitario,vfm_total,vfm_entregado) VALUES (1682,15668,1,1450,1450,@@@NO@@@)','',2,'2013-06-06'),(23132,'INSERT INTO gne_vale_ferreteria (vfe_id,vfe_fecha,vfe_total,vfe_estado,vfe_entregado,usu_nusuario) VALUES (1683,@@@2013.06.06@@@,390,1,0,@@@G_DIAZ@@@)','',2,'2013-06-06'),(23133,'INSERT INTO gne_vale_ferreteria_mov (vfe_id,pro_codigo_plu,vfm_cantidad,vfm_unitario,vfm_total,vfm_entregado) VALUES (1683,8023,1,390,390,@@@NO@@@)','',2,'2013-06-06'),(23134,'INSERT INTO gne_vale_ferreteria (vfe_id,vfe_fecha,vfe_total,vfe_estado,vfe_entregado,usu_nusuario) VALUES (1684,@@@2013.06.06@@@,2470,1,0,@@@G_DIAZ@@@)','',2,'2013-06-06'),(23135,'INSERT INTO gne_vale_ferreteria_mov (vfe_id,pro_codigo_plu,vfm_cantidad,vfm_unitario,vfm_total,vfm_entregado) VALUES (1684,764549,1,990,990,@@@NO@@@)','',2,'2013-06-06'),(23136,'INSERT INTO gne_vale_ferreteria_mov (vfe_id,pro_codigo_plu,vfm_cantidad,vfm_unitario,vfm_total,vfm_entregado) VALUES (1684,764779,1,990,990,@@@NO@@@)','',2,'2013-06-06'),(23137,'INSERT INTO gne_vale_ferreteria_mov (vfe_id,pro_codigo_plu,vfm_cantidad,vfm_unitario,vfm_total,vfm_entregado) VALUES (1684,764581,1,490,490,@@@NO@@@)','',2,'2013-06-06'),(23138,'INSERT INTO gne_vale_ferreteria (vfe_id,vfe_fecha,vfe_total,vfe_estado,vfe_entregado,usu_nusuario) VALUES (1685,@@@2013.06.06@@@,1100,1,0,@@@G_DIAZ@@@)','',2,'2013-06-06'),(23139,'INSERT INTO gne_vale_ferreteria_mov (vfe_id,pro_codigo_plu,vfm_cantidad,vfm_unitario,vfm_total,vfm_entregado) VALUES (1685,780220158,1,1100,1100,@@@NO@@@)','',2,'2013-06-06'),(23140,'INSERT INTO gne_vale_ferreteria (vfe_id,vfe_fecha,vfe_total,vfe_estado,vfe_entregado,usu_nusuario) VALUES (1686,@@@2013.06.06@@@,1890,1,0,@@@G_DIAZ@@@)','',2,'2013-06-06'),(23141,'INSERT INTO gne_vale_ferreteria_mov (vfe_id,pro_codigo_plu,vfm_cantidad,vfm_unitario,vfm_total,vfm_entregado) VALUES (1686,20516,1,1890,1890,@@@NO@@@)','',2,'2013-06-06'),(23142,'INSERT INTO gne_vale_ferreteria (vfe_id,vfe_fecha,vfe_total,vfe_estado,vfe_entregado,usu_nusuario) VALUES (1687,@@@2013.06.06@@@,120,1,0,@@@G_DIAZ@@@)','',2,'2013-06-06'),(23143,'INSERT INTO gne_vale_ferreteria_mov (vfe_id,pro_codigo_plu,vfm_cantidad,vfm_unitario,vfm_total,vfm_entregado) VALUES (1687,8022,1,120,120,@@@NO@@@)','',2,'2013-06-06'),(23144,'INSERT INTO gne_vale_ferreteria (vfe_id,vfe_fecha,vfe_total,vfe_estado,vfe_entregado,usu_nusuario) VALUES (1688,@@@2013.06.06@@@,120,1,0,@@@G_DIAZ@@@)','',2,'2013-06-06'),(23145,'INSERT INTO gne_vale_ferreteria_mov (vfe_id,pro_codigo_plu,vfm_cantidad,vfm_unitario,vfm_total,vfm_entregado) VALUES (1688,8022,1,120,120,@@@NO@@@)','',2,'2013-06-06'),(23146,'INSERT INTO gne_vale_ferreteria (vfe_id,vfe_fecha,vfe_total,vfe_estado,vfe_entregado,usu_nusuario) VALUES (1689,@@@2013.06.06@@@,600,1,0,@@@G_DIAZ@@@)','',2,'2013-06-06'),(23147,'INSERT INTO gne_vale_ferreteria_mov (vfe_id,pro_codigo_plu,vfm_cantidad,vfm_unitario,vfm_total,vfm_entregado) VALUES (1689,8022,1,120,120,@@@NO@@@)','',2,'2013-06-06'),(23148,'INSERT INTO gne_vale_ferreteria_mov (vfe_id,pro_codigo_plu,vfm_cantidad,vfm_unitario,vfm_total,vfm_entregado) VALUES (1689,1064,2,120,240,@@@NO@@@)','',2,'2013-06-06'),(23149,'INSERT INTO gne_vale_ferreteria_mov (vfe_id,pro_codigo_plu,vfm_cantidad,vfm_unitario,vfm_total,vfm_entregado) VALUES (1689,78017204,2,120,240,@@@NO@@@)','',2,'2013-06-06'),(23150,'INSERT INTO gne_vale_ferreteria (vfe_id,vfe_fecha,vfe_total,vfe_estado,vfe_entregado,usu_nusuario) VALUES (1690,@@@2013.06.06@@@,30,1,0,@@@G_DIAZ@@@)','',2,'2013-06-06'),(23151,'INSERT INTO gne_vale_ferreteria_mov (vfe_id,pro_codigo_plu,vfm_cantidad,vfm_unitario,vfm_total,vfm_entregado) VALUES (1690,4801,1,30,30,@@@NO@@@)','',2,'2013-06-06'),(23152,'INSERT INTO gne_vale_ferreteria (vfe_id,vfe_fecha,vfe_total,vfe_estado,vfe_entregado,usu_nusuario) VALUES (1691,@@@2013.06.06@@@,630,1,0,@@@G_DIAZ@@@)','',2,'2013-06-06'),(23153,'INSERT INTO gne_vale_ferreteria_mov (vfe_id,pro_codigo_plu,vfm_cantidad,vfm_unitario,vfm_total,vfm_entregado) VALUES (1691,770058,2,200,400,@@@NO@@@)','',2,'2013-06-06'),(23154,'INSERT INTO gne_vale_ferreteria_mov (vfe_id,pro_codigo_plu,vfm_cantidad,vfm_unitario,vfm_total,vfm_entregado) VALUES (1691,764770,1,30,30,@@@NO@@@)','',2,'2013-06-06'),(23155,'INSERT INTO gne_vale_ferreteria_mov (vfe_id,pro_codigo_plu,vfm_cantidad,vfm_unitario,vfm_total,vfm_entregado) VALUES (1691,770021,1,200,200,@@@NO@@@)','',2,'2013-06-06'),(23156,'INSERT INTO gne_vale_ferreteria (vfe_id,vfe_fecha,vfe_total,vfe_estado,vfe_entregado,usu_nusuario) VALUES (1692,@@@2013.06.06@@@,1690,1,0,@@@G_DIAZ@@@)','',2,'2013-06-06'),(23157,'INSERT INTO gne_vale_ferreteria_mov (vfe_id,pro_codigo_plu,vfm_cantidad,vfm_unitario,vfm_total,vfm_entregado) VALUES (1692,20476,1,1690,1690,@@@NO@@@)','',2,'2013-06-06'),(23158,'INSERT INTO gne_vale_ferreteria (vfe_id,vfe_fecha,vfe_total,vfe_estado,vfe_entregado,usu_nusuario) VALUES (1693,@@@2013.06.06@@@,610,1,0,@@@G_DIAZ@@@)','',2,'2013-06-06'),(23159,'INSERT INTO gne_vale_ferreteria_mov (vfe_id,pro_codigo_plu,vfm_cantidad,vfm_unitario,vfm_total,vfm_entregado) VALUES (1693,8022,1,120,120,@@@NO@@@)','',2,'2013-06-06'),(23160,'INSERT INTO gne_vale_ferreteria_mov (vfe_id,pro_codigo_plu,vfm_cantidad,vfm_unitario,vfm_total,vfm_entregado) VALUES (1693,764210,1,490,490,@@@NO@@@)','',2,'2013-06-06'),(23161,'INSERT INTO gne_vale_ferreteria (vfe_id,vfe_fecha,vfe_total,vfe_estado,vfe_entregado,usu_nusuario) VALUES (1694,@@@2013.06.06@@@,590,1,0,@@@G_DIAZ@@@)','',2,'2013-06-06'),(23162,'INSERT INTO gne_vale_ferreteria_mov (vfe_id,pro_codigo_plu,vfm_cantidad,vfm_unitario,vfm_total,vfm_entregado) VALUES (1694,19864,1,590,590,@@@NO@@@)','',2,'2013-06-06'),(23163,'INSERT INTO gne_vale_ferreteria (vfe_id,vfe_fecha,vfe_total,vfe_estado,vfe_entregado,usu_nusuario) VALUES (1695,@@@2013.06.06@@@,790,1,0,@@@G_DIAZ@@@)','',2,'2013-06-06'),(23164,'INSERT INTO gne_vale_ferreteria_mov (vfe_id,pro_codigo_plu,vfm_cantidad,vfm_unitario,vfm_total,vfm_entregado) VALUES (1695,761991,1,790,790,@@@NO@@@)','',2,'2013-06-06'),(23165,'INSERT INTO gne_vale_ferreteria (vfe_id,vfe_fecha,vfe_total,vfe_estado,vfe_entregado,usu_nusuario) VALUES (1696,@@@2013.06.06@@@,90,1,0,@@@G_DIAZ@@@)','',2,'2013-06-06'),(23166,'INSERT INTO gne_vale_ferreteria_mov (vfe_id,pro_codigo_plu,vfm_cantidad,vfm_unitario,vfm_total,vfm_entregado) VALUES (1696,78017026,1,90,90,@@@NO@@@)','',2,'2013-06-06'),(23167,'INSERT INTO gne_vale_ferreteria (vfe_id,vfe_fecha,vfe_total,vfe_estado,vfe_entregado,usu_nusuario) VALUES (1697,@@@2013.06.06@@@,4990,1,0,@@@G_DIAZ@@@)','',2,'2013-06-06'),(23168,'INSERT INTO gne_vale_ferreteria_mov (vfe_id,pro_codigo_plu,vfm_cantidad,vfm_unitario,vfm_total,vfm_entregado) VALUES (1697,78017044,1,4990,4990,@@@NO@@@)','',2,'2013-06-06'),(23169,'INSERT INTO gne_vale_ferreteria (vfe_id,vfe_fecha,vfe_total,vfe_estado,vfe_entregado,usu_nusuario) VALUES (1698,@@@2013.06.06@@@,180,1,0,@@@G_DIAZ@@@)','',2,'2013-06-06'),(23170,'INSERT INTO gne_vale_ferreteria_mov (vfe_id,pro_codigo_plu,vfm_cantidad,vfm_unitario,vfm_total,vfm_entregado) VALUES (1698,78017153,3,30,90,@@@NO@@@)','',2,'2013-06-06'),(23171,'INSERT INTO gne_vale_ferreteria_mov (vfe_id,pro_codigo_plu,vfm_cantidad,vfm_unitario,vfm_total,vfm_entregado) VALUES (1698,4801,3,30,90,@@@NO@@@)','',2,'2013-06-06'),(23172,'INSERT INTO gne_vale_ferreteria (vfe_id,vfe_fecha,vfe_total,vfe_estado,vfe_entregado,usu_nusuario) VALUES (1699,@@@2013.06.06@@@,240,1,0,@@@G_DIAZ@@@)','',2,'2013-06-06'),(23173,'INSERT INTO gne_vale_ferreteria_mov (vfe_id,pro_codigo_plu,vfm_cantidad,vfm_unitario,vfm_total,vfm_entregado) VALUES (1699,8022,2,120,240,@@@NO@@@)','',2,'2013-06-06'),(23174,'INSERT INTO gne_vale_ferreteria (vfe_id,vfe_fecha,vfe_total,vfe_estado,vfe_entregado,usu_nusuario) VALUES (1700,@@@2013.06.06@@@,1190,1,0,@@@G_DIAZ@@@)','',2,'2013-06-06'),(23175,'INSERT INTO gne_vale_ferreteria_mov (vfe_id,pro_codigo_plu,vfm_cantidad,vfm_unitario,vfm_total,vfm_entregado) VALUES (1700,764592,1,1190,1190,@@@NO@@@)','',2,'2013-06-06'),(23176,'UPDATE mae_productos SET pro_codigo_barra=@@@1688800672932@@@,pro_tipo=@@@0@@@,pro_nombre_producto=@@@CAMION TOLVA AMARILLO@@@,pro_nombre_corto=@@@CAMION TOLVA AMA@@@,med_id=@@@1@@@,emb_id=@@@3@@@,pro_unidades_embalaje=@@@1@@@,dep_id=@@@23 @@@,lin_id=@@@135@@@,mar_id=@@@158@@@,pro_precio_compra_neto=@@@0@@@,pro_precio_compra_bruto=@@@0@@@,pro_precio_venta=@@@8990@@@,pro_margen_actual=@@@0@@@,pro_oferta=@@@NO@@@,pro_fecha_inicio_oferta=@@@1900.01.01@@@,pro_fecha_termino_oferta=@@@1900.01.01@@@,pro_precio_oferta=@@@0@@@,pro_stock_minimo=@@@8@@@,pro_stock_critico=@@@4@@@,pro_activo=@@@1@@@,pro_unidad=@@@0@@@,pro_precio_compra_bruto=0,pro_margen_actual=0,pro_capacidad=1,pro_funcion_plu=0,pro_flejes=1,pro_iva=1,pro_plu_asociado=0,pro_envase=@@@NO@@@,pro_duracion=0,pro_numero_etiqueta=0 WHERE pro_codigo_plu=@@@14178@@@','',2,'2013-06-06'),(23177,'UPDATE mae_productos SET pro_estado=1 WHERE pro_codigo_plu=14178','',2,'2013-06-06'),(23178,'DELETE FROM mae_impuestos_productos WHERE pro_codigo_plu=@@@14178@@@','',2,'2013-06-06'),(23179,'INSERT INTO gne_vale_ferreteria (vfe_id,vfe_fecha,vfe_total,vfe_estado,vfe_entregado,usu_nusuario) VALUES (1701,@@@2013.06.06@@@,8990,1,0,@@@G_DIAZ@@@)','',2,'2013-06-06'),(23180,'INSERT INTO gne_vale_ferreteria_mov (vfe_id,pro_codigo_plu,vfm_cantidad,vfm_unitario,vfm_total,vfm_entregado) VALUES (1701,14178,1,8990,8990,@@@NO@@@)','',2,'2013-06-06'),(23181,'INSERT INTO gne_vale_ferreteria (vfe_id,vfe_fecha,vfe_total,vfe_estado,vfe_entregado,usu_nusuario) VALUES (1702,@@@2013.06.06@@@,390,1,0,@@@G_DIAZ@@@)','',2,'2013-06-06'),(23182,'INSERT INTO gne_vale_ferreteria_mov (vfe_id,pro_codigo_plu,vfm_cantidad,vfm_unitario,vfm_total,vfm_entregado) VALUES (1702,764820,1,390,390,@@@NO@@@)','',2,'2013-06-06'),(23183,'INSERT INTO gne_vale_ferreteria (vfe_id,vfe_fecha,vfe_total,vfe_estado,vfe_entregado,usu_nusuario) VALUES (1703,@@@2013.06.06@@@,680,1,0,@@@G_DIAZ@@@)','',2,'2013-06-06'),(23184,'INSERT INTO gne_vale_ferreteria_mov (vfe_id,pro_codigo_plu,vfm_cantidad,vfm_unitario,vfm_total,vfm_entregado) VALUES (1703,19866,1,680,680,@@@NO@@@)','',2,'2013-06-06'),(23185,'INSERT INTO gne_vale_ferreteria (vfe_id,vfe_fecha,vfe_total,vfe_estado,vfe_entregado,usu_nusuario) VALUES (1704,@@@2013.06.06@@@,250,1,0,@@@G_DIAZ@@@)','',2,'2013-06-06'),(23186,'INSERT INTO gne_vale_ferreteria_mov (vfe_id,pro_codigo_plu,vfm_cantidad,vfm_unitario,vfm_total,vfm_entregado) VALUES (1704,1551,1,250,250,@@@NO@@@)','',2,'2013-06-06'),(23187,'INSERT INTO gne_vale_ferreteria (vfe_id,vfe_fecha,vfe_total,vfe_estado,vfe_entregado,usu_nusuario) VALUES (1705,@@@2013.06.06@@@,980,1,0,@@@G_DIAZ@@@)','',2,'2013-06-06'),(23188,'INSERT INTO gne_vale_ferreteria_mov (vfe_id,pro_codigo_plu,vfm_cantidad,vfm_unitario,vfm_total,vfm_entregado) VALUES (1705,764392,2,490,980,@@@NO@@@)','',2,'2013-06-06'),(23189,'INSERT INTO gne_vale_ferreteria (vfe_id,vfe_fecha,vfe_total,vfe_estado,vfe_entregado,usu_nusuario) VALUES (1706,@@@2013.06.06@@@,3160,1,0,@@@G_DIAZ@@@)','',2,'2013-06-06'),(23190,'INSERT INTO gne_vale_ferreteria_mov (vfe_id,pro_codigo_plu,vfm_cantidad,vfm_unitario,vfm_total,vfm_entregado) VALUES (1706,53044,2,590,1180,@@@NO@@@)','',2,'2013-06-06'),(23191,'INSERT INTO gne_vale_ferreteria_mov (vfe_id,pro_codigo_plu,vfm_cantidad,vfm_unitario,vfm_total,vfm_entregado) VALUES (1706,764779,2,990,1980,@@@NO@@@)','',2,'2013-06-06'),(23192,'INSERT INTO gne_vale_ferreteria (vfe_id,vfe_fecha,vfe_total,vfe_estado,vfe_entregado,usu_nusuario) VALUES (1707,@@@2013.06.06@@@,500,1,0,@@@G_DIAZ@@@)','',2,'2013-06-06'),(23193,'INSERT INTO gne_vale_ferreteria_mov (vfe_id,pro_codigo_plu,vfm_cantidad,vfm_unitario,vfm_total,vfm_entregado) VALUES (1707,763909,1,500,500,@@@NO@@@)','',2,'2013-06-06'),(23194,'INSERT INTO gne_vale_ferreteria (vfe_id,vfe_fecha,vfe_total,vfe_estado,vfe_entregado,usu_nusuario) VALUES (1708,@@@2013.06.06@@@,240,1,0,@@@G_DIAZ@@@)','',2,'2013-06-06'),(23195,'INSERT INTO gne_vale_ferreteria_mov (vfe_id,pro_codigo_plu,vfm_cantidad,vfm_unitario,vfm_total,vfm_entregado) VALUES (1708,78017204,2,120,240,@@@NO@@@)','',2,'2013-06-06'),(23196,'INSERT INTO gne_vale_ferreteria (vfe_id,vfe_fecha,vfe_total,vfe_estado,vfe_entregado,usu_nusuario) VALUES (1709,@@@2013.06.06@@@,100,1,0,@@@G_DIAZ@@@)','',2,'2013-06-06'),(23197,'INSERT INTO gne_vale_ferreteria_mov (vfe_id,pro_codigo_plu,vfm_cantidad,vfm_unitario,vfm_total,vfm_entregado) VALUES (1709,1542,1,100,100,@@@NO@@@)','',2,'2013-06-06'),(23198,'INSERT INTO gne_vale_ferreteria (vfe_id,vfe_fecha,vfe_total,vfe_estado,vfe_entregado,usu_nusuario) VALUES (1710,@@@2013.06.06@@@,350,1,0,@@@G_DIAZ@@@)','',2,'2013-06-06'),(23199,'INSERT INTO gne_vale_ferreteria_mov (vfe_id,pro_codigo_plu,vfm_cantidad,vfm_unitario,vfm_total,vfm_entregado) VALUES (1710,4096,1,250,250,@@@NO@@@)','',2,'2013-06-06'),(23200,'INSERT INTO gne_vale_ferreteria_mov (vfe_id,pro_codigo_plu,vfm_cantidad,vfm_unitario,vfm_total,vfm_entregado) VALUES (1710,764157,1,100,100,@@@NO@@@)','',2,'2013-06-06'),(23201,'INSERT INTO gne_vale_ferreteria (vfe_id,vfe_fecha,vfe_total,vfe_estado,vfe_entregado,usu_nusuario) VALUES (1711,@@@2013.06.06@@@,240,1,0,@@@G_DIAZ@@@)','',2,'2013-06-06'),(23202,'INSERT INTO gne_vale_ferreteria_mov (vfe_id,pro_codigo_plu,vfm_cantidad,vfm_unitario,vfm_total,vfm_entregado) VALUES (1711,78017154,2,120,240,@@@NO@@@)','',2,'2013-06-06'),(23203,'INSERT INTO gne_vale_ferreteria (vfe_id,vfe_fecha,vfe_total,vfe_estado,vfe_entregado,usu_nusuario) VALUES (1712,@@@2013.06.06@@@,200,1,0,@@@G_DIAZ@@@)','',2,'2013-06-06'),(23204,'INSERT INTO gne_vale_ferreteria_mov (vfe_id,pro_codigo_plu,vfm_cantidad,vfm_unitario,vfm_total,vfm_entregado) VALUES (1712,4130,1,100,100,@@@NO@@@)','',2,'2013-06-06'),(23205,'INSERT INTO gne_vale_ferreteria_mov (vfe_id,pro_codigo_plu,vfm_cantidad,vfm_unitario,vfm_total,vfm_entregado) VALUES (1712,78017010,1,100,100,@@@NO@@@)','',2,'2013-06-06'),(23206,'INSERT INTO gne_vale_ferreteria (vfe_id,vfe_fecha,vfe_total,vfe_estado,vfe_entregado,usu_nusuario) VALUES (1713,@@@2013.06.06@@@,1430,1,0,@@@G_DIAZ@@@)','',2,'2013-06-06'),(23207,'INSERT INTO gne_vale_ferreteria_mov (vfe_id,pro_codigo_plu,vfm_cantidad,vfm_unitario,vfm_total,vfm_entregado) VALUES (1713,78017105,2,250,500,@@@NO@@@)','',2,'2013-06-06'),(23208,'INSERT INTO gne_vale_ferreteria_mov (vfe_id,pro_codigo_plu,vfm_cantidad,vfm_unitario,vfm_total,vfm_entregado) VALUES (1713,763644,1,930,930,@@@NO@@@)','',2,'2013-06-06'),(23209,'INSERT INTO gne_vale_ferreteria (vfe_id,vfe_fecha,vfe_total,vfe_estado,vfe_entregado,usu_nusuario) VALUES (1714,@@@2013.06.06@@@,2390,1,0,@@@G_DIAZ@@@)','',2,'2013-06-06'),(23210,'INSERT INTO gne_vale_ferreteria_mov (vfe_id,pro_codigo_plu,vfm_cantidad,vfm_unitario,vfm_total,vfm_entregado) VALUES (1714,764658,1,2390,2390,@@@NO@@@)','',2,'2013-06-06'),(23211,'INSERT INTO gne_vale_ferreteria (vfe_id,vfe_fecha,vfe_total,vfe_estado,vfe_entregado,usu_nusuario) VALUES (1715,@@@2013.06.06@@@,120,1,0,@@@G_DIAZ@@@)','',2,'2013-06-06'),(23212,'INSERT INTO gne_vale_ferreteria_mov (vfe_id,pro_codigo_plu,vfm_cantidad,vfm_unitario,vfm_total,vfm_entregado) VALUES (1715,78017191,3,40,120,@@@NO@@@)','',2,'2013-06-06'),(23213,'INSERT INTO gne_vale_ferreteria (vfe_id,vfe_fecha,vfe_total,vfe_estado,vfe_entregado,usu_nusuario) VALUES (1716,@@@2013.06.06@@@,400,1,0,@@@G_DIAZ@@@)','',2,'2013-06-06'),(23214,'INSERT INTO gne_vale_ferreteria_mov (vfe_id,pro_codigo_plu,vfm_cantidad,vfm_unitario,vfm_total,vfm_entregado) VALUES (1716,770098,4,100,400,@@@NO@@@)','',2,'2013-06-06'),(23215,'INSERT INTO gne_vale_ferreteria (vfe_id,vfe_fecha,vfe_total,vfe_estado,vfe_entregado,usu_nusuario) VALUES (1717,@@@2013.06.06@@@,100,1,0,@@@G_DIAZ@@@)','',2,'2013-06-06'),(23216,'INSERT INTO gne_vale_ferreteria_mov (vfe_id,pro_codigo_plu,vfm_cantidad,vfm_unitario,vfm_total,vfm_entregado) VALUES (1717,78017006,1,100,100,@@@NO@@@)','',2,'2013-06-06'),(23217,'INSERT INTO gne_vale_ferreteria (vfe_id,vfe_fecha,vfe_total,vfe_estado,vfe_entregado,usu_nusuario) VALUES (1718,@@@2013.06.06@@@,2990,1,0,@@@G_DIAZ@@@)','',2,'2013-06-06'),(23218,'INSERT INTO gne_vale_ferreteria_mov (vfe_id,pro_codigo_plu,vfm_cantidad,vfm_unitario,vfm_total,vfm_entregado) VALUES (1718,101044,1,2990,2990,@@@NO@@@)','',2,'2013-06-06'),(23219,'INSERT INTO gne_vale_ferreteria (vfe_id,vfe_fecha,vfe_total,vfe_estado,vfe_entregado,usu_nusuario) VALUES (1719,@@@2013.06.06@@@,2370,1,0,@@@G_DIAZ@@@)','',2,'2013-06-06'),(23220,'INSERT INTO gne_vale_ferreteria_mov (vfe_id,pro_codigo_plu,vfm_cantidad,vfm_unitario,vfm_total,vfm_entregado) VALUES (1719,761989,1,800,800,@@@NO@@@)','',2,'2013-06-06'),(23221,'INSERT INTO gne_vale_ferreteria_mov (vfe_id,pro_codigo_plu,vfm_cantidad,vfm_unitario,vfm_total,vfm_entregado) VALUES (1719,763823,1,740,740,@@@NO@@@)','',2,'2013-06-06'),(23222,'INSERT INTO gne_vale_ferreteria_mov (vfe_id,pro_codigo_plu,vfm_cantidad,vfm_unitario,vfm_total,vfm_entregado) VALUES (1719,770008,1,390,390,@@@NO@@@)','',2,'2013-06-06'),(23223,'INSERT INTO gne_vale_ferreteria_mov (vfe_id,pro_codigo_plu,vfm_cantidad,vfm_unitario,vfm_total,vfm_entregado) VALUES (1719,1064,1,120,120,@@@NO@@@)','',2,'2013-06-06'),(23224,'INSERT INTO gne_vale_ferreteria_mov (vfe_id,pro_codigo_plu,vfm_cantidad,vfm_unitario,vfm_total,vfm_entregado) VALUES (1719,78017204,1,120,120,@@@NO@@@)','',2,'2013-06-06'),(23225,'INSERT INTO gne_vale_ferreteria_mov (vfe_id,pro_codigo_plu,vfm_cantidad,vfm_unitario,vfm_total,vfm_entregado) VALUES (1719,1040,1,200,200,@@@NO@@@)','',2,'2013-06-06'),(23226,'INSERT INTO gne_vale_ferreteria (vfe_id,vfe_fecha,vfe_total,vfe_estado,vfe_entregado,usu_nusuario) VALUES (1720,@@@2013.06.06@@@,40,1,0,@@@G_DIAZ@@@)','',2,'2013-06-06'),(23227,'INSERT INTO gne_vale_ferreteria_mov (vfe_id,pro_codigo_plu,vfm_cantidad,vfm_unitario,vfm_total,vfm_entregado) VALUES (1720,78017191,1,40,40,@@@NO@@@)','',2,'2013-06-06'),(23228,'INSERT INTO gne_vale_ferreteria (vfe_id,vfe_fecha,vfe_total,vfe_estado,vfe_entregado,usu_nusuario) VALUES (1721,@@@2013.06.06@@@,1640,1,0,@@@G_DIAZ@@@)','',2,'2013-06-06'),(23229,'INSERT INTO gne_vale_ferreteria_mov (vfe_id,pro_codigo_plu,vfm_cantidad,vfm_unitario,vfm_total,vfm_entregado) VALUES (1721,16664,2,400,800,@@@NO@@@)','',2,'2013-06-06'),(23230,'INSERT INTO gne_vale_ferreteria_mov (vfe_id,pro_codigo_plu,vfm_cantidad,vfm_unitario,vfm_total,vfm_entregado) VALUES (1721,11670,1,840,840,@@@NO@@@)','',2,'2013-06-06'),(23231,'INSERT INTO gne_vale_ferreteria (vfe_id,vfe_fecha,vfe_total,vfe_estado,vfe_entregado,usu_nusuario) VALUES (1722,@@@2013.06.06@@@,390,1,0,@@@G_DIAZ@@@)','',2,'2013-06-06'),(23232,'INSERT INTO gne_vale_ferreteria_mov (vfe_id,pro_codigo_plu,vfm_cantidad,vfm_unitario,vfm_total,vfm_entregado) VALUES (1722,78016971,1,390,390,@@@NO@@@)','',2,'2013-06-06'),(23233,'INSERT INTO gne_vale_ferreteria (vfe_id,vfe_fecha,vfe_total,vfe_estado,vfe_entregado,usu_nusuario) VALUES (1723,@@@2013.06.06@@@,2990,1,0,@@@G_DIAZ@@@)','',2,'2013-06-06'),(23234,'INSERT INTO gne_vale_ferreteria_mov (vfe_id,pro_codigo_plu,vfm_cantidad,vfm_unitario,vfm_total,vfm_entregado) VALUES (1723,78017030,1,2990,2990,@@@NO@@@)','',2,'2013-06-06'),(23235,'INSERT INTO gne_vale_ferreteria (vfe_id,vfe_fecha,vfe_total,vfe_estado,vfe_entregado,usu_nusuario) VALUES (1724,@@@2013.06.06@@@,540,1,0,@@@G_DIAZ@@@)','',2,'2013-06-06'),(23236,'INSERT INTO gne_vale_ferreteria_mov (vfe_id,pro_codigo_plu,vfm_cantidad,vfm_unitario,vfm_total,vfm_entregado) VALUES (1724,19916,1,540,540,@@@NO@@@)','',2,'2013-06-06'),(23237,'INSERT INTO gne_vale_ferreteria (vfe_id,vfe_fecha,vfe_total,vfe_estado,vfe_entregado,usu_nusuario) VALUES (1725,@@@2013.06.06@@@,590,1,0,@@@G_DIAZ@@@)','',2,'2013-06-06'),(23238,'INSERT INTO gne_vale_ferreteria_mov (vfe_id,pro_codigo_plu,vfm_cantidad,vfm_unitario,vfm_total,vfm_entregado) VALUES (1725,15485,1,590,590,@@@NO@@@)','',2,'2013-06-06'),(23239,'INSERT INTO gne_vale_ferreteria (vfe_id,vfe_fecha,vfe_total,vfe_estado,vfe_entregado,usu_nusuario) VALUES (1726,@@@2013.06.06@@@,450,1,0,@@@G_DIAZ@@@)','',2,'2013-06-06'),(23240,'INSERT INTO gne_vale_ferreteria_mov (vfe_id,pro_codigo_plu,vfm_cantidad,vfm_unitario,vfm_total,vfm_entregado) VALUES (1726,764016,1,450,450,@@@NO@@@)','',2,'2013-06-06'),(23241,'INSERT INTO gne_vale_ferreteria (vfe_id,vfe_fecha,vfe_total,vfe_estado,vfe_entregado,usu_nusuario) VALUES (1727,@@@2013.06.06@@@,350,1,0,@@@G_DIAZ@@@)','',2,'2013-06-06'),(23242,'INSERT INTO gne_vale_ferreteria_mov (vfe_id,pro_codigo_plu,vfm_cantidad,vfm_unitario,vfm_total,vfm_entregado) VALUES (1727,1017,1,350,350,@@@NO@@@)','',2,'2013-06-06'),(23243,'INSERT INTO gne_vale_ferreteria (vfe_id,vfe_fecha,vfe_total,vfe_estado,vfe_entregado,usu_nusuario) VALUES (1728,@@@2013.06.06@@@,390,1,0,@@@G_DIAZ@@@)','',2,'2013-06-06'),(23244,'INSERT INTO gne_vale_ferreteria_mov (vfe_id,pro_codigo_plu,vfm_cantidad,vfm_unitario,vfm_total,vfm_entregado) VALUES (1728,1535,1,390,390,@@@NO@@@)','',2,'2013-06-06'),(23245,'INSERT INTO gne_vale_ferreteria (vfe_id,vfe_fecha,vfe_total,vfe_estado,vfe_entregado,usu_nusuario) VALUES (1729,@@@2013.06.06@@@,450,1,0,@@@G_DIAZ@@@)','',2,'2013-06-06'),(23246,'INSERT INTO gne_vale_ferreteria_mov (vfe_id,pro_codigo_plu,vfm_cantidad,vfm_unitario,vfm_total,vfm_entregado) VALUES (1729,764016,1,450,450,@@@NO@@@)','',2,'2013-06-06'),(23247,'INSERT INTO gne_vale_ferreteria (vfe_id,vfe_fecha,vfe_total,vfe_estado,vfe_entregado,usu_nusuario) VALUES (1730,@@@2013.06.06@@@,1160,1,0,@@@G_DIAZ@@@)','',2,'2013-06-06'),(23248,'INSERT INTO gne_vale_ferreteria_mov (vfe_id,pro_codigo_plu,vfm_cantidad,vfm_unitario,vfm_total,vfm_entregado) VALUES (1730,1559,3,290,870,@@@NO@@@)','',2,'2013-06-06'),(23249,'INSERT INTO gne_vale_ferreteria_mov (vfe_id,pro_codigo_plu,vfm_cantidad,vfm_unitario,vfm_total,vfm_entregado) VALUES (1730,764982,1,290,290,@@@NO@@@)','',2,'2013-06-06'),(23250,'INSERT INTO gne_vale_ferreteria (vfe_id,vfe_fecha,vfe_total,vfe_estado,vfe_entregado,usu_nusuario) VALUES (1731,@@@2013.06.06@@@,200,1,0,@@@G_DIAZ@@@)','',2,'2013-06-06'),(23251,'INSERT INTO gne_vale_ferreteria_mov (vfe_id,pro_codigo_plu,vfm_cantidad,vfm_unitario,vfm_total,vfm_entregado) VALUES (1731,78017191,5,40,200,@@@NO@@@)','',2,'2013-06-06'),(23252,'INSERT INTO gne_vale_ferreteria (vfe_id,vfe_fecha,vfe_total,vfe_estado,vfe_entregado,usu_nusuario) VALUES (1732,@@@2013.06.06@@@,540,1,0,@@@G_DIAZ@@@)','',2,'2013-06-06'),(23253,'INSERT INTO gne_vale_ferreteria_mov (vfe_id,pro_codigo_plu,vfm_cantidad,vfm_unitario,vfm_total,vfm_entregado) VALUES (1732,19916,1,540,540,@@@NO@@@)','',2,'2013-06-06'),(23254,'INSERT INTO gne_vale_ferreteria (vfe_id,vfe_fecha,vfe_total,vfe_estado,vfe_entregado,usu_nusuario) VALUES (1733,@@@2013.06.06@@@,500,1,0,@@@G_DIAZ@@@)','',2,'2013-06-06'),(23255,'INSERT INTO gne_vale_ferreteria_mov (vfe_id,pro_codigo_plu,vfm_cantidad,vfm_unitario,vfm_total,vfm_entregado) VALUES (1733,764826,2,250,500,@@@NO@@@)','',2,'2013-06-06'),(23256,'INSERT INTO gne_vale_ferreteria (vfe_id,vfe_fecha,vfe_total,vfe_estado,vfe_entregado,usu_nusuario) VALUES (1734,@@@2013.06.06@@@,300,1,0,@@@G_DIAZ@@@)','',2,'2013-06-06'),(23257,'INSERT INTO gne_vale_ferreteria_mov (vfe_id,pro_codigo_plu,vfm_cantidad,vfm_unitario,vfm_total,vfm_entregado) VALUES (1734,770065,3,100,300,@@@NO@@@)','',2,'2013-06-06'),(23258,'INSERT INTO gne_vale_ferreteria (vfe_id,vfe_fecha,vfe_total,vfe_estado,vfe_entregado,usu_nusuario) VALUES (1735,@@@2013.06.06@@@,250,1,0,@@@G_DIAZ@@@)','',2,'2013-06-06'),(23259,'INSERT INTO gne_vale_ferreteria_mov (vfe_id,pro_codigo_plu,vfm_cantidad,vfm_unitario,vfm_total,vfm_entregado) VALUES (1735,1070,1,250,250,@@@NO@@@)','',2,'2013-06-06'),(23260,'INSERT INTO gne_vale_ferreteria (vfe_id,vfe_fecha,vfe_total,vfe_estado,vfe_entregado,usu_nusuario) VALUES (1736,@@@2013.06.06@@@,1350,1,0,@@@G_DIAZ@@@)','',2,'2013-06-06'),(23261,'INSERT INTO gne_vale_ferreteria_mov (vfe_id,pro_codigo_plu,vfm_cantidad,vfm_unitario,vfm_total,vfm_entregado) VALUES (1736,763582,1,550,550,@@@NO@@@)','',2,'2013-06-06'),(23262,'INSERT INTO gne_vale_ferreteria_mov (vfe_id,pro_codigo_plu,vfm_cantidad,vfm_unitario,vfm_total,vfm_entregado) VALUES (1736,764768,2,220,440,@@@NO@@@)','',2,'2013-06-06'),(23263,'INSERT INTO gne_vale_ferreteria_mov (vfe_id,pro_codigo_plu,vfm_cantidad,vfm_unitario,vfm_total,vfm_entregado) VALUES (1736,8022,3,120,360,@@@NO@@@)','',2,'2013-06-06'),(23264,'INSERT INTO gne_vale_ferreteria (vfe_id,vfe_fecha,vfe_total,vfe_estado,vfe_entregado,usu_nusuario) VALUES (1737,@@@2013.06.06@@@,80,1,0,@@@G_DIAZ@@@)','',2,'2013-06-06'),(23265,'INSERT INTO gne_vale_ferreteria_mov (vfe_id,pro_codigo_plu,vfm_cantidad,vfm_unitario,vfm_total,vfm_entregado) VALUES (1737,78017191,2,40,80,@@@NO@@@)','',2,'2013-06-06'),(23266,'INSERT INTO gne_vale_ferreteria (vfe_id,vfe_fecha,vfe_total,vfe_estado,vfe_entregado,usu_nusuario) VALUES (1738,@@@2013.06.07@@@,180,1,0,@@@b_SAEZ@@@)','',2,'2013-06-06'),(23267,'INSERT INTO gne_vale_ferreteria_mov (vfe_id,pro_codigo_plu,vfm_cantidad,vfm_unitario,vfm_total,vfm_entregado) VALUES (1738,763596,2,90,180,@@@NO@@@)','',2,'2013-06-06'),(23268,'INSERT INTO gne_vale_ferreteria (vfe_id,vfe_fecha,vfe_total,vfe_estado,vfe_entregado,usu_nusuario) VALUES (1739,@@@2013.06.07@@@,300,1,0,@@@b_SAEZ@@@)','',2,'2013-06-06'),(23269,'INSERT INTO gne_vale_ferreteria_mov (vfe_id,pro_codigo_plu,vfm_cantidad,vfm_unitario,vfm_total,vfm_entregado) VALUES (1739,764275,1,300,300,@@@NO@@@)','',2,'2013-06-06'),(23270,'INSERT INTO gne_vale_ferreteria (vfe_id,vfe_fecha,vfe_total,vfe_estado,vfe_entregado,usu_nusuario) VALUES (1740,@@@2013.06.07@@@,780,1,0,@@@b_SAEZ@@@)','',2,'2013-06-06'),(23271,'INSERT INTO gne_vale_ferreteria_mov (vfe_id,pro_codigo_plu,vfm_cantidad,vfm_unitario,vfm_total,vfm_entregado) VALUES (1740,765000,2,390,780,@@@NO@@@)','',2,'2013-06-06'),(23272,'INSERT INTO gne_vale_ferreteria (vfe_id,vfe_fecha,vfe_total,vfe_estado,vfe_entregado,usu_nusuario) VALUES (1741,@@@2013.06.07@@@,390,1,0,@@@b_SAEZ@@@)','',2,'2013-06-06'),(23273,'INSERT INTO gne_vale_ferreteria_mov (vfe_id,pro_codigo_plu,vfm_cantidad,vfm_unitario,vfm_total,vfm_entregado) VALUES (1741,15948,3,130,390,@@@NO@@@)','',2,'2013-06-06'),(23274,'INSERT INTO gne_vale_ferreteria (vfe_id,vfe_fecha,vfe_total,vfe_estado,vfe_entregado,usu_nusuario) VALUES (1742,@@@2013.06.07@@@,840,1,0,@@@b_SAEZ@@@)','',2,'2013-06-06'),(23275,'INSERT INTO gne_vale_ferreteria_mov (vfe_id,pro_codigo_plu,vfm_cantidad,vfm_unitario,vfm_total,vfm_entregado) VALUES (1742,11670,1,840,840,@@@NO@@@)','',2,'2013-06-06'),(23276,'INSERT INTO gne_vale_ferreteria (vfe_id,vfe_fecha,vfe_total,vfe_estado,vfe_entregado,usu_nusuario) VALUES (1743,@@@2013.06.07@@@,890,1,0,@@@b_SAEZ@@@)','',2,'2013-06-06'),(23277,'INSERT INTO gne_vale_ferreteria_mov (vfe_id,pro_codigo_plu,vfm_cantidad,vfm_unitario,vfm_total,vfm_entregado) VALUES (1743,78017161,3,100,300,@@@NO@@@)','',2,'2013-06-06'),(23278,'INSERT INTO gne_vale_ferreteria_mov (vfe_id,pro_codigo_plu,vfm_cantidad,vfm_unitario,vfm_total,vfm_entregado) VALUES (1743,764506,1,590,590,@@@NO@@@)','',2,'2013-06-06'),(23279,'UPDATE mae_productos SET pro_margen_actual=0,pro_precio_venta=8990 WHERE pro_codigo_plu=14178','',2,'2013-06-06'),(23280,'UPDATE mae_productos SET pro_margen_actual=0,pro_precio_venta=130 WHERE pro_codigo_plu=10817','',2,'2013-06-06'),(23281,'UPDATE mae_productos SET pro_margen_actual=0,pro_precio_venta=100 WHERE pro_codigo_plu=780220188','',2,'2013-06-06'),(23282,'UPDATE mae_productos SET pro_margen_actual=0,pro_precio_venta=2590 WHERE pro_codigo_plu=562','',2,'2013-06-06'),(23283,'UPDATE mae_productos SET pro_precio_fiscal=pro_precio_venta WHERE pro_codigo_plu=780220188','',2,'2013-06-06'),(23284,'UPDATE mae_productos SET pro_precio_fiscal=pro_precio_venta WHERE pro_codigo_plu=14178','',2,'2013-06-06'),(23285,'UPDATE mae_productos SET pro_precio_fiscal=pro_precio_venta WHERE pro_codigo_plu=562','',2,'2013-06-06'),(23286,'UPDATE mae_productos SET pro_precio_fiscal=pro_precio_venta WHERE pro_codigo_plu=10817','',2,'2013-06-06'),(23287,'INSERT INTO gne_vale_ferreteria (vfe_id,vfe_fecha,vfe_total,vfe_estado,vfe_entregado,usu_nusuario) VALUES (1744,@@@2013.06.07@@@,490,1,0,@@@b_SAEZ@@@)','',2,'2013-06-06'),(23288,'INSERT INTO gne_vale_ferreteria_mov (vfe_id,pro_codigo_plu,vfm_cantidad,vfm_unitario,vfm_total,vfm_entregado) VALUES (1744,2009,1,490,490,@@@NO@@@)','',2,'2013-06-06'),(23289,'INSERT INTO gne_vale_ferreteria (vfe_id,vfe_fecha,vfe_total,vfe_estado,vfe_entregado,usu_nusuario) VALUES (1745,@@@2013.06.07@@@,490,1,0,@@@b_SAEZ@@@)','',2,'2013-06-06'),(23290,'INSERT INTO gne_vale_ferreteria_mov (vfe_id,pro_codigo_plu,vfm_cantidad,vfm_unitario,vfm_total,vfm_entregado) VALUES (1745,1538,1,490,490,@@@NO@@@)','',2,'2013-06-06'),(23291,'UPDATE mae_productos SET pro_margen_actual=0,pro_precio_venta=990 WHERE pro_codigo_plu=580','',2,'2013-06-06'),(23292,'UPDATE mae_productos SET pro_margen_actual=0,pro_precio_venta=380 WHERE pro_codigo_plu=597','',2,'2013-06-06'),(23293,'UPDATE mae_productos SET pro_margen_actual=0,pro_precio_venta=690 WHERE pro_codigo_plu=611','',2,'2013-06-06'),(23294,'UPDATE mae_productos SET pro_margen_actual=0,pro_precio_venta=390 WHERE pro_codigo_plu=564','',2,'2013-06-06'),(23295,'UPDATE mae_productos SET pro_precio_fiscal=pro_precio_venta WHERE pro_codigo_plu=564','',2,'2013-06-06'),(23296,'UPDATE mae_productos SET pro_precio_fiscal=pro_precio_venta WHERE pro_codigo_plu=580','',2,'2013-06-06'),(23297,'UPDATE mae_productos SET pro_precio_fiscal=pro_precio_venta WHERE pro_codigo_plu=597','',2,'2013-06-06'),(23298,'UPDATE mae_productos SET pro_precio_fiscal=pro_precio_venta WHERE pro_codigo_plu=611','',2,'2013-06-06'),(23299,'INSERT INTO gne_vale_ferreteria (vfe_id,vfe_fecha,vfe_total,vfe_estado,vfe_entregado,usu_nusuario) VALUES (1746,@@@2013.06.07@@@,160,1,0,@@@b_SAEZ@@@)','',2,'2013-06-06'),(23300,'INSERT INTO gne_vale_ferreteria_mov (vfe_id,pro_codigo_plu,vfm_cantidad,vfm_unitario,vfm_total,vfm_entregado) VALUES (1746,78017191,4,40,160,@@@NO@@@)','',2,'2013-06-06'),(23301,'INSERT INTO gne_vale_ferreteria (vfe_id,vfe_fecha,vfe_total,vfe_estado,vfe_entregado,usu_nusuario) VALUES (1747,@@@2013.06.07@@@,300,1,0,@@@b_SAEZ@@@)','',2,'2013-06-06'),(23302,'INSERT INTO gne_vale_ferreteria_mov (vfe_id,pro_codigo_plu,vfm_cantidad,vfm_unitario,vfm_total,vfm_entregado) VALUES (1747,4083,1,300,300,@@@NO@@@)','',2,'2013-06-06'),(23303,'UPDATE mae_productos SET pro_margen_actual=0,pro_precio_venta=230 WHERE pro_codigo_plu=590','',2,'2013-06-06'),(23304,'UPDATE mae_productos SET pro_precio_fiscal=pro_precio_venta WHERE pro_codigo_plu=590','',2,'2013-06-06'),(23305,'INSERT INTO gne_vale_ferreteria (vfe_id,vfe_fecha,vfe_total,vfe_estado,vfe_entregado,usu_nusuario) VALUES (1748,@@@2013.06.07@@@,1990,1,0,@@@b_SAEZ@@@)','',2,'2013-06-06'),(23306,'INSERT INTO gne_vale_ferreteria_mov (vfe_id,pro_codigo_plu,vfm_cantidad,vfm_unitario,vfm_total,vfm_entregado) VALUES (1748,764652,1,1990,1990,@@@NO@@@)','',2,'2013-06-06'),(23307,'INSERT INTO gne_vale_ferreteria (vfe_id,vfe_fecha,vfe_total,vfe_estado,vfe_entregado,usu_nusuario) VALUES (1749,@@@2013.06.07@@@,4420,1,0,@@@b_SAEZ@@@)','',2,'2013-06-06'),(23308,'INSERT INTO gne_vale_ferreteria_mov (vfe_id,pro_codigo_plu,vfm_cantidad,vfm_unitario,vfm_total,vfm_entregado) VALUES (1749,764218,2,1990,3980,@@@NO@@@)','',2,'2013-06-06'),(23309,'INSERT INTO gne_vale_ferreteria_mov (vfe_id,pro_codigo_plu,vfm_cantidad,vfm_unitario,vfm_total,vfm_entregado) VALUES (1749,764254,1,440,440,@@@NO@@@)','',2,'2013-06-06'),(23310,'INSERT INTO gne_vale_ferreteria (vfe_id,vfe_fecha,vfe_total,vfe_estado,vfe_entregado,usu_nusuario) VALUES (1750,@@@2013.06.07@@@,1890,1,0,@@@b_SAEZ@@@)','',2,'2013-06-07'),(23311,'INSERT INTO gne_vale_ferreteria_mov (vfe_id,pro_codigo_plu,vfm_cantidad,vfm_unitario,vfm_total,vfm_entregado) VALUES (1750,101623,1,1890,1890,@@@NO@@@)','',2,'2013-06-07'),(23312,'INSERT INTO gne_vale_ferreteria (vfe_id,vfe_fecha,vfe_total,vfe_estado,vfe_entregado,usu_nusuario) VALUES (1751,@@@2013.06.07@@@,1890,1,0,@@@b_SAEZ@@@)','',2,'2013-06-07'),(23313,'INSERT INTO gne_vale_ferreteria_mov (vfe_id,pro_codigo_plu,vfm_cantidad,vfm_unitario,vfm_total,vfm_entregado) VALUES (1751,101840,1,1890,1890,@@@NO@@@)','',2,'2013-06-07'),(23314,'INSERT INTO gne_vale_ferreteria (vfe_id,vfe_fecha,vfe_total,vfe_estado,vfe_entregado,usu_nusuario) VALUES (1752,@@@2013.06.07@@@,900,1,0,@@@b_SAEZ@@@)','',2,'2013-06-07'),(23315,'INSERT INTO gne_vale_ferreteria_mov (vfe_id,pro_codigo_plu,vfm_cantidad,vfm_unitario,vfm_total,vfm_entregado) VALUES (1752,763834,1,450,450,@@@NO@@@)','',2,'2013-06-07'),(23316,'INSERT INTO gne_vale_ferreteria_mov (vfe_id,pro_codigo_plu,vfm_cantidad,vfm_unitario,vfm_total,vfm_entregado) VALUES (1752,764539,1,450,450,@@@NO@@@)','',2,'2013-06-07'),(23317,'INSERT INTO gne_vale_ferreteria (vfe_id,vfe_fecha,vfe_total,vfe_estado,vfe_entregado,usu_nusuario) VALUES (1753,@@@2013.06.07@@@,1490,1,0,@@@b_SAEZ@@@)','',2,'2013-06-07'),(23318,'INSERT INTO gne_vale_ferreteria_mov (vfe_id,pro_codigo_plu,vfm_cantidad,vfm_unitario,vfm_total,vfm_entregado) VALUES (1753,763611,1,1490,1490,@@@NO@@@)','',2,'2013-06-07'),(23319,'INSERT INTO gne_vale_ferreteria (vfe_id,vfe_fecha,vfe_total,vfe_estado,vfe_entregado,usu_nusuario) VALUES (1754,@@@2013.06.07@@@,600,1,0,@@@b_SAEZ@@@)','',2,'2013-06-07'),(23320,'INSERT INTO gne_vale_ferreteria_mov (vfe_id,pro_codigo_plu,vfm_cantidad,vfm_unitario,vfm_total,vfm_entregado) VALUES (1754,4083,2,300,600,@@@NO@@@)','',2,'2013-06-07'),(23321,'INSERT INTO gne_vale_ferreteria (vfe_id,vfe_fecha,vfe_total,vfe_estado,vfe_entregado,usu_nusuario) VALUES (1755,@@@2013.06.07@@@,200,1,0,@@@b_SAEZ@@@)','',2,'2013-06-07'),(23322,'INSERT INTO gne_vale_ferreteria_mov (vfe_id,pro_codigo_plu,vfm_cantidad,vfm_unitario,vfm_total,vfm_entregado) VALUES (1755,78017191,5,40,200,@@@NO@@@)','',2,'2013-06-07'),(23323,'INSERT INTO gne_vale_ferreteria (vfe_id,vfe_fecha,vfe_total,vfe_estado,vfe_entregado,usu_nusuario) VALUES (1756,@@@2013.06.07@@@,1940,1,0,@@@b_SAEZ@@@)','',2,'2013-06-07'),(23324,'INSERT INTO gne_vale_ferreteria_mov (vfe_id,pro_codigo_plu,vfm_cantidad,vfm_unitario,vfm_total,vfm_entregado) VALUES (1756,262556,1,1940,1940,@@@NO@@@)','',2,'2013-06-07'),(23325,'INSERT INTO gne_vale_ferreteria (vfe_id,vfe_fecha,vfe_total,vfe_estado,vfe_entregado,usu_nusuario) VALUES (1757,@@@2013.06.07@@@,500,1,0,@@@b_SAEZ@@@)','',2,'2013-06-07'),(23326,'INSERT INTO gne_vale_ferreteria_mov (vfe_id,pro_codigo_plu,vfm_cantidad,vfm_unitario,vfm_total,vfm_entregado) VALUES (1757,78017105,2,250,500,@@@NO@@@)','',2,'2013-06-07'),(23327,'INSERT INTO gne_vale_ferreteria (vfe_id,vfe_fecha,vfe_total,vfe_estado,vfe_entregado,usu_nusuario) VALUES (1758,@@@2013.06.07@@@,240,1,0,@@@b_SAEZ@@@)','',2,'2013-06-07'),(23328,'INSERT INTO gne_vale_ferreteria_mov (vfe_id,pro_codigo_plu,vfm_cantidad,vfm_unitario,vfm_total,vfm_entregado) VALUES (1758,8022,2,120,240,@@@NO@@@)','',2,'2013-06-07'),(23329,'UPDATE mae_productos SET pro_margen_actual=0,pro_precio_venta=599 WHERE pro_codigo_plu=551','',2,'2013-06-07'),(23330,'UPDATE mae_productos SET pro_margen_actual=0,pro_precio_venta=490 WHERE pro_codigo_plu=607','',2,'2013-06-07'),(23331,'UPDATE mae_productos SET pro_margen_actual=0,pro_precio_venta=990 WHERE pro_codigo_plu=535','',2,'2013-06-07'),(23332,'UPDATE mae_productos SET pro_margen_actual=0,pro_precio_venta=490 WHERE pro_codigo_plu=533','',2,'2013-06-07'),(23333,'UPDATE mae_productos SET pro_margen_actual=0,pro_precio_venta=1790 WHERE pro_codigo_plu=506','',2,'2013-06-07'),(23334,'UPDATE mae_productos SET pro_precio_fiscal=pro_precio_venta WHERE pro_codigo_plu=506','',2,'2013-06-07'),(23335,'UPDATE mae_productos SET pro_precio_fiscal=pro_precio_venta WHERE pro_codigo_plu=533','',2,'2013-06-07'),(23336,'UPDATE mae_productos SET pro_precio_fiscal=pro_precio_venta WHERE pro_codigo_plu=535','',2,'2013-06-07'),(23337,'UPDATE mae_productos SET pro_precio_fiscal=pro_precio_venta WHERE pro_codigo_plu=551','',2,'2013-06-07'),(23338,'UPDATE mae_productos SET pro_precio_fiscal=pro_precio_venta WHERE pro_codigo_plu=607','',2,'2013-06-07'),(23339,'INSERT INTO gne_vale_ferreteria (vfe_id,vfe_fecha,vfe_total,vfe_estado,vfe_entregado,usu_nusuario) VALUES (1759,@@@2013.06.07@@@,700,1,0,@@@b_SAEZ@@@)','',2,'2013-06-07'),(23340,'INSERT INTO gne_vale_ferreteria_mov (vfe_id,pro_codigo_plu,vfm_cantidad,vfm_unitario,vfm_total,vfm_entregado) VALUES (1759,763723,2,350,700,@@@NO@@@)','',2,'2013-06-07'),(23341,'INSERT INTO gne_vale_ferreteria (vfe_id,vfe_fecha,vfe_total,vfe_estado,vfe_entregado,usu_nusuario) VALUES (1760,@@@2013.06.07@@@,490,1,0,@@@b_SAEZ@@@)','',2,'2013-06-07'),(23342,'INSERT INTO gne_vale_ferreteria_mov (vfe_id,pro_codigo_plu,vfm_cantidad,vfm_unitario,vfm_total,vfm_entregado) VALUES (1760,764529,1,490,490,@@@NO@@@)','',2,'2013-06-07'),(23343,'INSERT INTO gne_vale_ferreteria (vfe_id,vfe_fecha,vfe_total,vfe_estado,vfe_entregado,usu_nusuario) VALUES (1761,@@@2013.06.07@@@,330,1,0,@@@b_SAEZ@@@)','',2,'2013-06-07'),(23344,'INSERT INTO gne_vale_ferreteria_mov (vfe_id,pro_codigo_plu,vfm_cantidad,vfm_unitario,vfm_total,vfm_entregado) VALUES (1761,19918,1,330,330,@@@NO@@@)','',2,'2013-06-07'),(23345,'INSERT INTO gne_vale_ferreteria (vfe_id,vfe_fecha,vfe_total,vfe_estado,vfe_entregado,usu_nusuario) VALUES (1762,@@@2013.06.07@@@,1950,1,0,@@@b_SAEZ@@@)','',2,'2013-06-07'),(23346,'INSERT INTO gne_vale_ferreteria_mov (vfe_id,pro_codigo_plu,vfm_cantidad,vfm_unitario,vfm_total,vfm_entregado) VALUES (1762,78017114,1,1950,1950,@@@NO@@@)','',2,'2013-06-07'),(23347,'INSERT INTO gne_vale_ferreteria (vfe_id,vfe_fecha,vfe_total,vfe_estado,vfe_entregado,usu_nusuario) VALUES (1763,@@@2013.06.07@@@,500,1,0,@@@b_SAEZ@@@)','',2,'2013-06-07'),(23348,'INSERT INTO gne_vale_ferreteria_mov (vfe_id,pro_codigo_plu,vfm_cantidad,vfm_unitario,vfm_total,vfm_entregado) VALUES (1763,78017111,5,100,500,@@@NO@@@)','',2,'2013-06-07'),(23349,'INSERT INTO gne_vale_ferreteria (vfe_id,vfe_fecha,vfe_total,vfe_estado,vfe_entregado,usu_nusuario) VALUES (1764,@@@2013.06.07@@@,130,1,0,@@@b_SAEZ@@@)','',2,'2013-06-07'),(23350,'INSERT INTO gne_vale_ferreteria_mov (vfe_id,pro_codigo_plu,vfm_cantidad,vfm_unitario,vfm_total,vfm_entregado) VALUES (1764,78017148,1,130,130,@@@NO@@@)','',2,'2013-06-07'),(23351,'INSERT INTO gne_vale_ferreteria (vfe_id,vfe_fecha,vfe_total,vfe_estado,vfe_entregado,usu_nusuario) VALUES (1765,@@@2013.06.07@@@,990,1,0,@@@b_SAEZ@@@)','',2,'2013-06-07'),(23352,'INSERT INTO gne_vale_ferreteria_mov (vfe_id,pro_codigo_plu,vfm_cantidad,vfm_unitario,vfm_total,vfm_entregado) VALUES (1765,764922,1,990,990,@@@NO@@@)','',2,'2013-06-07'),(23353,'INSERT INTO gne_vale_ferreteria (vfe_id,vfe_fecha,vfe_total,vfe_estado,vfe_entregado,usu_nusuario) VALUES (1766,@@@2013.06.07@@@,990,1,0,@@@b_SAEZ@@@)','',2,'2013-06-07'),(23354,'INSERT INTO gne_vale_ferreteria_mov (vfe_id,pro_codigo_plu,vfm_cantidad,vfm_unitario,vfm_total,vfm_entregado) VALUES (1766,764922,1,990,990,@@@NO@@@)','',2,'2013-06-07'),(23355,'INSERT INTO gne_vale_ferreteria (vfe_id,vfe_fecha,vfe_total,vfe_estado,vfe_entregado,usu_nusuario) VALUES (1767,@@@2013.06.07@@@,890,1,0,@@@b_SAEZ@@@)','',2,'2013-06-07'),(23356,'INSERT INTO gne_vale_ferreteria_mov (vfe_id,pro_codigo_plu,vfm_cantidad,vfm_unitario,vfm_total,vfm_entregado) VALUES (1767,1561,1,890,890,@@@NO@@@)','',2,'2013-06-07'),(23357,'UPDATE mae_productos SET pro_margen_actual=0,pro_precio_venta=1999 WHERE pro_codigo_plu=126','',2,'2013-06-07'),(23358,'UPDATE mae_productos SET pro_precio_fiscal=pro_precio_venta WHERE pro_codigo_plu=126','',2,'2013-06-07'),(23359,'INSERT INTO gne_vale_ferreteria (vfe_id,vfe_fecha,vfe_total,vfe_estado,vfe_entregado,usu_nusuario) VALUES (1768,@@@2013.06.07@@@,1300,1,0,@@@b_SAEZ@@@)','',2,'2013-06-07'),(23360,'INSERT INTO gne_vale_ferreteria_mov (vfe_id,pro_codigo_plu,vfm_cantidad,vfm_unitario,vfm_total,vfm_entregado) VALUES (1768,770038,1,90,90,@@@NO@@@)','',2,'2013-06-07'),(23361,'INSERT INTO gne_vale_ferreteria_mov (vfe_id,pro_codigo_plu,vfm_cantidad,vfm_unitario,vfm_total,vfm_entregado) VALUES (1768,8022,1,120,120,@@@NO@@@)','',2,'2013-06-07'),(23362,'INSERT INTO gne_vale_ferreteria_mov (vfe_id,pro_codigo_plu,vfm_cantidad,vfm_unitario,vfm_total,vfm_entregado) VALUES (1768,761989,1,800,800,@@@NO@@@)','',2,'2013-06-07'),(23363,'INSERT INTO gne_vale_ferreteria_mov (vfe_id,pro_codigo_plu,vfm_cantidad,vfm_unitario,vfm_total,vfm_entregado) VALUES (1768,764364,1,140,140,@@@NO@@@)','',2,'2013-06-07'),(23364,'INSERT INTO gne_vale_ferreteria_mov (vfe_id,pro_codigo_plu,vfm_cantidad,vfm_unitario,vfm_total,vfm_entregado) VALUES (1768,763595,1,150,150,@@@NO@@@)','',2,'2013-06-07'),(23365,'UPDATE mae_productos SET pro_margen_actual=0,pro_precio_venta=1300 WHERE pro_codigo_plu=763525','',2,'2013-06-07'),(23366,'UPDATE mae_productos SET pro_margen_actual=0,pro_precio_venta=1699 WHERE pro_codigo_plu=765074','',2,'2013-06-07'),(23367,'UPDATE mae_productos SET pro_margen_actual=0,pro_precio_venta=1400 WHERE pro_codigo_plu=763530','',2,'2013-06-07'),(23368,'UPDATE mae_productos SET pro_margen_actual=0,pro_precio_venta=2199 WHERE pro_codigo_plu=13943','',2,'2013-06-07'),(23369,'UPDATE mae_productos SET pro_margen_actual=0,pro_precio_venta=770 WHERE pro_codigo_plu=761304','',2,'2013-06-07'),(23370,'UPDATE mae_productos SET pro_margen_actual=30.98,pro_precio_venta=1260 WHERE pro_codigo_plu=13988','',2,'2013-06-07'),(23371,'UPDATE mae_productos SET pro_precio_fiscal=pro_precio_venta WHERE pro_codigo_plu=13988','',2,'2013-06-07'),(23372,'UPDATE mae_productos SET pro_precio_fiscal=pro_precio_venta WHERE pro_codigo_plu=13943','',2,'2013-06-07'),(23373,'UPDATE mae_productos SET pro_precio_fiscal=pro_precio_venta WHERE pro_codigo_plu=761304','',2,'2013-06-07'),(23374,'UPDATE mae_productos SET pro_precio_fiscal=pro_precio_venta WHERE pro_codigo_plu=763525','',2,'2013-06-07'),(23375,'UPDATE mae_productos SET pro_precio_fiscal=pro_precio_venta WHERE pro_codigo_plu=765074','',2,'2013-06-07'),(23376,'UPDATE mae_productos SET pro_precio_fiscal=pro_precio_venta WHERE pro_codigo_plu=763530','',2,'2013-06-07'),(23377,'INSERT INTO mae_productos (pro_codigo_plu,pro_codigo_barra,pro_tipo,pro_nombre_producto,pro_nombre_corto,med_id,emb_id,pro_unidades_embalaje,dep_id,lin_id,mar_id,pro_precio_compra_neto,pro_precio_compra_bruto,pro_precio_venta,pro_margen_actual,pro_oferta,pro_fecha_inicio_oferta,pro_fecha_termino_oferta,pro_precio_oferta,pro_stock_minimo,pro_stock_critico,pro_entradas_bodega,pro_salidas_bodega,pro_mermas_bodega,pro_ajustes_bodega,pro_entradas_sv,pro_salidas_sv,pro_mermas_sv,pro_ajustes_sv,pro_activo,rec_numero,pro_unidad,pro_capacidad,pro_consumo_bodega,pro_consumo_sv,pro_estado,pro_funcion_plu,pro_flejes,pro_iva,pro_plu_asociado,pro_envase,pro_duracion,pro_numero_etiqueta) VALUES (780220189,@@@7613033543784@@@,@@@0@@@,@@@NESTUM TROCITOS BANANA MANZANA@@@,@@@NESTUM TROCITOS @@@,@@@5 @@@,@@@3 @@@,@@@0@@@,@@@1 @@@,@@@153@@@,@@@9@@@,@@@0@@@,@@@0@@@,@@@1299@@@,@@@0@@@,@@@@@@,@@@2013.06.07@@@,@@@2013.06.07@@@,@@@0@@@,@@@0@@@,@@@0@@@,@@@0@@@,@@@0@@@,@@@0@@@,@@@0@@@,@@@0@@@,@@@0@@@,@@@0@@@,@@@0@@@,@@@1@@@,@@@0@@@,0,200,0,0,2,0,1,1,0,@@@NO@@@,0,0)','',2,'2013-06-07'),(23378,'DELETE FROM mae_impuestos_productos WHERE pro_codigo_plu=@@@780220189@@@','',2,'2013-06-07'),(23379,'UPDATE mae_productos SET pro_codigo_barra=@@@7891020964129@@@,pro_tipo=@@@0@@@,pro_nombre_producto=@@@ ALFILER DE GANCHO 1UND@@@,pro_nombre_corto=@@@SET ALFILER DE G@@@,med_id=@@@1@@@,emb_id=@@@4@@@,pro_unidades_embalaje=@@@24@@@,dep_id=@@@2 @@@,lin_id=@@@41@@@,mar_id=@@@9@@@,pro_precio_compra_neto=@@@0@@@,pro_precio_compra_bruto=@@@0@@@,pro_precio_venta=@@@1920@@@,pro_margen_actual=@@@0@@@,pro_oferta=@@@NO@@@,pro_fecha_inicio_oferta=@@@1900.01.01@@@,pro_fecha_termino_oferta=@@@1900.01.01@@@,pro_precio_oferta=@@@0@@@,pro_stock_minimo=@@@0@@@,pro_stock_critico=@@@0@@@,pro_activo=@@@1@@@,pro_unidad=@@@0@@@,pro_precio_compra_bruto=0,pro_margen_actual=0,pro_capacidad=1,pro_funcion_plu=0,pro_flejes=0,pro_iva=1,pro_plu_asociado=0,pro_envase=@@@NO@@@,pro_duracion=0,pro_numero_etiqueta=0 WHERE pro_codigo_plu=@@@13229@@@','',2,'2013-06-07'),(23380,'UPDATE mae_productos SET pro_estado=1 WHERE pro_codigo_plu=13229','',2,'2013-06-07'),(23381,'DELETE FROM mae_impuestos_productos WHERE pro_codigo_plu=@@@13229@@@','',2,'2013-06-07'),(23382,'INSERT INTO mae_productos (pro_codigo_plu,pro_codigo_barra,pro_tipo,pro_nombre_producto,pro_nombre_corto,med_id,emb_id,pro_unidades_embalaje,dep_id,lin_id,mar_id,pro_precio_compra_neto,pro_precio_compra_bruto,pro_precio_venta,pro_margen_actual,pro_oferta,pro_fecha_inicio_oferta,pro_fecha_termino_oferta,pro_precio_oferta,pro_stock_minimo,pro_stock_critico,pro_entradas_bodega,pro_salidas_bodega,pro_mermas_bodega,pro_ajustes_bodega,pro_entradas_sv,pro_salidas_sv,pro_mermas_sv,pro_ajustes_sv,pro_activo,rec_numero,pro_unidad,pro_capacidad,pro_consumo_bodega,pro_consumo_sv,pro_estado,pro_funcion_plu,pro_flejes,pro_iva,pro_plu_asociado,pro_envase,pro_duracion,pro_numero_etiqueta) VALUES (780220190,@@@7613034155030@@@,@@@0@@@,@@@TRIX 330G@@@,@@@TRIX 330G@@@,@@@5 @@@,@@@3 @@@,@@@0@@@,@@@1 @@@,@@@153@@@,@@@9@@@,@@@0@@@,@@@0@@@,@@@1920@@@,@@@0@@@,@@@@@@,@@@2013.06.07@@@,@@@2013.06.07@@@,@@@0@@@,@@@0@@@,@@@0@@@,@@@0@@@,@@@0@@@,@@@0@@@,@@@0@@@,@@@0@@@,@@@0@@@,@@@0@@@,@@@0@@@,@@@1@@@,@@@0@@@,0,330,0,0,2,0,1,1,0,@@@NO@@@,0,0)','',2,'2013-06-07'),(23383,'DELETE FROM mae_impuestos_productos WHERE pro_codigo_plu=@@@780220190@@@','',2,'2013-06-07'),(23384,'UPDATE mae_productos SET pro_margen_actual=0,pro_precio_venta=1920 WHERE pro_codigo_plu=13229','',2,'2013-06-07'),(23385,'UPDATE mae_productos SET pro_margen_actual=0,pro_precio_venta=1299 WHERE pro_codigo_plu=780220189','',2,'2013-06-07'),(23386,'UPDATE mae_productos SET pro_margen_actual=0,pro_precio_venta=1920 WHERE pro_codigo_plu=780220190','',2,'2013-06-07'),(23387,'UPDATE mae_productos SET pro_margen_actual=0,pro_precio_venta=1510 WHERE pro_codigo_plu=16392','',2,'2013-06-07'),(23388,'UPDATE mae_productos SET pro_margen_actual=0,pro_precio_venta=1510 WHERE pro_codigo_plu=16389','',2,'2013-06-07'),(23389,'UPDATE mae_productos SET pro_margen_actual=0,pro_precio_venta=1510 WHERE pro_codigo_plu=16387','',2,'2013-06-07'),(23390,'UPDATE mae_productos SET pro_margen_actual=0,pro_precio_venta=1150 WHERE pro_codigo_plu=16274','',2,'2013-06-07'),(23391,'UPDATE mae_productos SET pro_margen_actual=0,pro_precio_venta=230 WHERE pro_codigo_plu=16356','',2,'2013-06-07'),(23392,'UPDATE mae_productos SET pro_margen_actual=0,pro_precio_venta=550 WHERE pro_codigo_plu=10475','',2,'2013-06-07'),(23393,'UPDATE mae_productos SET pro_margen_actual=0,pro_precio_venta=550 WHERE pro_codigo_plu=101691','',2,'2013-06-07'),(23394,'UPDATE mae_productos SET pro_margen_actual=0,pro_precio_venta=280 WHERE pro_codigo_plu=16443','',2,'2013-06-07'),(23395,'UPDATE mae_productos SET pro_margen_actual=0,pro_precio_venta=280 WHERE pro_codigo_plu=16442','',2,'2013-06-07'),(23396,'UPDATE mae_productos SET pro_margen_actual=0,pro_precio_venta=280 WHERE pro_codigo_plu=16438','',2,'2013-06-07'),(23397,'UPDATE mae_productos SET pro_margen_actual=0,pro_precio_venta=280 WHERE pro_codigo_plu=16440','',2,'2013-06-07'),(23398,'UPDATE mae_productos SET pro_margen_actual=0,pro_precio_venta=380 WHERE pro_codigo_plu=13463','',2,'2013-06-07'),(23399,'UPDATE mae_productos SET pro_margen_actual=0,pro_precio_venta=1390 WHERE pro_codigo_plu=102247','',2,'2013-06-07'),(23400,'UPDATE mae_productos SET pro_precio_fiscal=pro_precio_venta WHERE pro_codigo_plu=780220189','',2,'2013-06-07'),(23401,'UPDATE mae_productos SET pro_precio_fiscal=pro_precio_venta WHERE pro_codigo_plu=780220190','',2,'2013-06-07'),(23402,'UPDATE mae_productos SET pro_precio_fiscal=pro_precio_venta WHERE pro_codigo_plu=102247','',2,'2013-06-07'),(23403,'UPDATE mae_productos SET pro_precio_fiscal=pro_precio_venta WHERE pro_codigo_plu=13463','',2,'2013-06-07'),(23404,'UPDATE mae_productos SET pro_precio_fiscal=pro_precio_venta WHERE pro_codigo_plu=10475','',2,'2013-06-07'),(23405,'UPDATE mae_productos SET pro_precio_fiscal=pro_precio_venta WHERE pro_codigo_plu=16387','',2,'2013-06-07'),(23406,'UPDATE mae_productos SET pro_precio_fiscal=pro_precio_venta WHERE pro_codigo_plu=16389','',2,'2013-06-07'),(23407,'UPDATE mae_productos SET pro_precio_fiscal=pro_precio_venta WHERE pro_codigo_plu=16392','',2,'2013-06-07'),(23408,'UPDATE mae_productos SET pro_precio_fiscal=pro_precio_venta WHERE pro_codigo_plu=16274','',2,'2013-06-07'),(23409,'UPDATE mae_productos SET pro_precio_fiscal=pro_precio_venta WHERE pro_codigo_plu=16443','',2,'2013-06-07'),(23410,'UPDATE mae_productos SET pro_precio_fiscal=pro_precio_venta WHERE pro_codigo_plu=16442','',2,'2013-06-07'),(23411,'UPDATE mae_productos SET pro_precio_fiscal=pro_precio_venta WHERE pro_codigo_plu=16440','',2,'2013-06-07'),(23412,'UPDATE mae_productos SET pro_precio_fiscal=pro_precio_venta WHERE pro_codigo_plu=16438','',2,'2013-06-07'),(23413,'UPDATE mae_productos SET pro_precio_fiscal=pro_precio_venta WHERE pro_codigo_plu=101691','',2,'2013-06-07'),(23414,'UPDATE mae_productos SET pro_precio_fiscal=pro_precio_venta WHERE pro_codigo_plu=13229','',2,'2013-06-07'),(23415,'INSERT INTO gne_vale_ferreteria (vfe_id,vfe_fecha,vfe_total,vfe_estado,vfe_entregado,usu_nusuario) VALUES (1769,@@@2013.06.07@@@,340,1,0,@@@b_SAEZ@@@)','',2,'2013-06-07'),(23416,'INSERT INTO gne_vale_ferreteria_mov (vfe_id,pro_codigo_plu,vfm_cantidad,vfm_unitario,vfm_total,vfm_entregado) VALUES (1769,78017146,2,50,100,@@@NO@@@)','',2,'2013-06-07'),(23417,'INSERT INTO gne_vale_ferreteria_mov (vfe_id,pro_codigo_plu,vfm_cantidad,vfm_unitario,vfm_total,vfm_entregado) VALUES (1769,764766,2,120,240,@@@NO@@@)','',2,'2013-06-07'),(23418,'INSERT INTO gne_vale_ferreteria (vfe_id,vfe_fecha,vfe_total,vfe_estado,vfe_entregado,usu_nusuario) VALUES (1770,@@@2013.06.07@@@,5990,1,0,@@@b_SAEZ@@@)','',2,'2013-06-07'),(23419,'INSERT INTO gne_vale_ferreteria_mov (vfe_id,pro_codigo_plu,vfm_cantidad,vfm_unitario,vfm_total,vfm_entregado) VALUES (1770,770089,1,5990,5990,@@@NO@@@)','',2,'2013-06-07'),(23420,'UPDATE mae_productos SET pro_margen_actual=0,pro_precio_venta=1400 WHERE pro_codigo_plu=763525','',2,'2013-06-07'),(23421,'UPDATE mae_productos SET pro_margen_actual=0,pro_precio_venta=1500 WHERE pro_codigo_plu=763530','',2,'2013-06-07'),(23422,'UPDATE mae_productos SET pro_margen_actual=0,pro_precio_venta=1750 WHERE pro_codigo_plu=765074','',2,'2013-06-07'),(23423,'UPDATE mae_productos SET pro_precio_fiscal=pro_precio_venta WHERE pro_codigo_plu=763525','',2,'2013-06-07'),(23424,'UPDATE mae_productos SET pro_precio_fiscal=pro_precio_venta WHERE pro_codigo_plu=765074','',2,'2013-06-07'),(23425,'UPDATE mae_productos SET pro_precio_fiscal=pro_precio_venta WHERE pro_codigo_plu=763530','',2,'2013-06-07'),(23426,'INSERT INTO mae_productos (pro_codigo_plu,pro_codigo_barra,pro_tipo,pro_nombre_producto,pro_nombre_corto,med_id,emb_id,pro_unidades_embalaje,dep_id,lin_id,mar_id,pro_precio_compra_neto,pro_precio_compra_bruto,pro_precio_venta,pro_margen_actual,pro_oferta,pro_fecha_inicio_oferta,pro_fecha_termino_oferta,pro_precio_oferta,pro_stock_minimo,pro_stock_critico,pro_entradas_bodega,pro_salidas_bodega,pro_mermas_bodega,pro_ajustes_bodega,pro_entradas_sv,pro_salidas_sv,pro_mermas_sv,pro_ajustes_sv,pro_activo,rec_numero,pro_unidad,pro_capacidad,pro_consumo_bodega,pro_consumo_sv,pro_estado,pro_funcion_plu,pro_flejes,pro_iva,pro_plu_asociado,pro_envase,pro_duracion,pro_numero_etiqueta) VALUES (780220191,@@@7802800570300@@@,@@@0@@@,@@@ZUKO CITRICOS DULCES@@@,@@@ZUKO CITRICOS DU@@@,@@@5 @@@,@@@3 @@@,@@@0@@@,@@@1 @@@,@@@14@@@,@@@1442@@@,@@@0@@@,@@@0@@@,@@@170@@@,@@@0@@@,@@@@@@,@@@2013.06.07@@@,@@@2013.06.07@@@,@@@0@@@,@@@0@@@,@@@0@@@,@@@0@@@,@@@0@@@,@@@0@@@,@@@0@@@,@@@0@@@,@@@0@@@,@@@0@@@,@@@0@@@,@@@1@@@,@@@0@@@,0,45,0,0,2,0,1,1,0,@@@NO@@@,0,0)','',2,'2013-06-07'),(23427,'DELETE FROM mae_impuestos_productos WHERE pro_codigo_plu=@@@780220191@@@','',2,'2013-06-07'),(23428,'UPDATE mae_productos SET pro_margen_actual=0,pro_precio_venta=170 WHERE pro_codigo_plu=780220191','',2,'2013-06-07'),(23429,'UPDATE mae_productos SET pro_precio_fiscal=pro_precio_venta WHERE pro_codigo_plu=780220191','',2,'2013-06-07'),(23430,'INSERT INTO gne_vale_ferreteria (vfe_id,vfe_fecha,vfe_total,vfe_estado,vfe_entregado,usu_nusuario) VALUES (1771,@@@2013.06.07@@@,1300,1,0,@@@b_SAEZ@@@)','',2,'2013-06-07'),(23431,'INSERT INTO gne_vale_ferreteria_mov (vfe_id,pro_codigo_plu,vfm_cantidad,vfm_unitario,vfm_total,vfm_entregado) VALUES (1771,78017148,10,130,1300,@@@NO@@@)','',2,'2013-06-07'),(23432,'INSERT INTO gne_vale_ferreteria (vfe_id,vfe_fecha,vfe_total,vfe_estado,vfe_entregado,usu_nusuario) VALUES (1772,@@@2013.06.07@@@,690,1,0,@@@b_SAEZ@@@)','',2,'2013-06-07'),(23433,'INSERT INTO gne_vale_ferreteria_mov (vfe_id,pro_codigo_plu,vfm_cantidad,vfm_unitario,vfm_total,vfm_entregado) VALUES (1772,1059,1,360,360,@@@NO@@@)','',2,'2013-06-07'),(23434,'INSERT INTO gne_vale_ferreteria_mov (vfe_id,pro_codigo_plu,vfm_cantidad,vfm_unitario,vfm_total,vfm_entregado) VALUES (1772,19918,1,330,330,@@@NO@@@)','',2,'2013-06-07'),(23435,'INSERT INTO gne_vale_ferreteria (vfe_id,vfe_fecha,vfe_total,vfe_estado,vfe_entregado,usu_nusuario) VALUES (1773,@@@2013.06.07@@@,990,1,0,@@@b_SAEZ@@@)','',2,'2013-06-07'),(23436,'INSERT INTO gne_vale_ferreteria_mov (vfe_id,pro_codigo_plu,vfm_cantidad,vfm_unitario,vfm_total,vfm_entregado) VALUES (1773,780220138,1,990,990,@@@NO@@@)','',2,'2013-06-07'),(23437,'INSERT INTO gne_vale_ferreteria (vfe_id,vfe_fecha,vfe_total,vfe_estado,vfe_entregado,usu_nusuario) VALUES (1774,@@@2013.06.07@@@,300,1,0,@@@G_DIAZ@@@)','',2,'2013-06-07'),(23438,'INSERT INTO gne_vale_ferreteria_mov (vfe_id,pro_codigo_plu,vfm_cantidad,vfm_unitario,vfm_total,vfm_entregado) VALUES (1774,78017233,3,100,300,@@@NO@@@)','',2,'2013-06-07'),(23439,'INSERT INTO gne_vale_ferreteria (vfe_id,vfe_fecha,vfe_total,vfe_estado,vfe_entregado,usu_nusuario) VALUES (1775,@@@2013.06.07@@@,260,1,0,@@@G_DIAZ@@@)','',2,'2013-06-07'),(23440,'INSERT INTO gne_vale_ferreteria_mov (vfe_id,pro_codigo_plu,vfm_cantidad,vfm_unitario,vfm_total,vfm_entregado) VALUES (1775,15967,2,130,260,@@@NO@@@)','',2,'2013-06-07'),(23441,'INSERT INTO gne_vale_ferreteria (vfe_id,vfe_fecha,vfe_total,vfe_estado,vfe_entregado,usu_nusuario) VALUES (1776,@@@2013.06.07@@@,3830,1,0,@@@G_DIAZ@@@)','',2,'2013-06-07'),(23442,'INSERT INTO gne_vale_ferreteria_mov (vfe_id,pro_codigo_plu,vfm_cantidad,vfm_unitario,vfm_total,vfm_entregado) VALUES (1776,762121,1,1450,1450,@@@NO@@@)','',2,'2013-06-07'),(23443,'INSERT INTO gne_vale_ferreteria_mov (vfe_id,pro_codigo_plu,vfm_cantidad,vfm_unitario,vfm_total,vfm_entregado) VALUES (1776,7039,2,1190,2380,@@@NO@@@)','',2,'2013-06-07'),(23444,'INSERT INTO gne_vale_ferreteria (vfe_id,vfe_fecha,vfe_total,vfe_estado,vfe_entregado,usu_nusuario) VALUES (1777,@@@2013.06.07@@@,100,1,0,@@@G_DIAZ@@@)','',2,'2013-06-07'),(23445,'INSERT INTO gne_vale_ferreteria_mov (vfe_id,pro_codigo_plu,vfm_cantidad,vfm_unitario,vfm_total,vfm_entregado) VALUES (1777,7051,1,100,100,@@@NO@@@)','',2,'2013-06-07'),(23446,'INSERT INTO gne_vale_ferreteria (vfe_id,vfe_fecha,vfe_total,vfe_estado,vfe_entregado,usu_nusuario) VALUES (1778,@@@2013.06.07@@@,1890,1,0,@@@G_DIAZ@@@)','',2,'2013-06-07'),(23447,'INSERT INTO gne_vale_ferreteria_mov (vfe_id,pro_codigo_plu,vfm_cantidad,vfm_unitario,vfm_total,vfm_entregado) VALUES (1778,101625,1,1890,1890,@@@NO@@@)','',2,'2013-06-07'),(23448,'INSERT INTO gne_vale_ferreteria (vfe_id,vfe_fecha,vfe_total,vfe_estado,vfe_entregado,usu_nusuario) VALUES (1779,@@@2013.06.07@@@,300,1,0,@@@G_DIAZ@@@)','',2,'2013-06-07'),(23449,'INSERT INTO gne_vale_ferreteria_mov (vfe_id,pro_codigo_plu,vfm_cantidad,vfm_unitario,vfm_total,vfm_entregado) VALUES (1779,4083,1,300,300,@@@NO@@@)','',2,'2013-06-07'),(23450,'INSERT INTO gne_vale_ferreteria (vfe_id,vfe_fecha,vfe_total,vfe_estado,vfe_entregado,usu_nusuario) VALUES (1780,@@@2013.06.07@@@,1830,1,0,@@@G_DIAZ@@@)','',2,'2013-06-07'),(23451,'INSERT INTO gne_vale_ferreteria_mov (vfe_id,pro_codigo_plu,vfm_cantidad,vfm_unitario,vfm_total,vfm_entregado) VALUES (1780,764701,1,490,490,@@@NO@@@)','',2,'2013-06-07'),(23452,'INSERT INTO gne_vale_ferreteria_mov (vfe_id,pro_codigo_plu,vfm_cantidad,vfm_unitario,vfm_total,vfm_entregado) VALUES (1780,2016,1,150,150,@@@NO@@@)','',2,'2013-06-07'),(23453,'INSERT INTO gne_vale_ferreteria_mov (vfe_id,pro_codigo_plu,vfm_cantidad,vfm_unitario,vfm_total,vfm_entregado) VALUES (1780,764838,1,990,990,@@@NO@@@)','',2,'2013-06-07'),(23454,'INSERT INTO gne_vale_ferreteria_mov (vfe_id,pro_codigo_plu,vfm_cantidad,vfm_unitario,vfm_total,vfm_entregado) VALUES (1780,21131,1,200,200,@@@NO@@@)','',2,'2013-06-07'),(23455,'INSERT INTO gne_vale_ferreteria (vfe_id,vfe_fecha,vfe_total,vfe_estado,vfe_entregado,usu_nusuario) VALUES (1781,@@@2013.06.07@@@,990,1,0,@@@G_DIAZ@@@)','',2,'2013-06-07'),(23456,'INSERT INTO gne_vale_ferreteria_mov (vfe_id,pro_codigo_plu,vfm_cantidad,vfm_unitario,vfm_total,vfm_entregado) VALUES (1781,764611,1,990,990,@@@NO@@@)','',2,'2013-06-07'),(23457,'INSERT INTO gne_vale_ferreteria (vfe_id,vfe_fecha,vfe_total,vfe_estado,vfe_entregado,usu_nusuario) VALUES (1782,@@@2013.06.07@@@,800,1,0,@@@G_DIAZ@@@)','',2,'2013-06-07'),(23458,'INSERT INTO gne_vale_ferreteria_mov (vfe_id,pro_codigo_plu,vfm_cantidad,vfm_unitario,vfm_total,vfm_entregado) VALUES (1782,78017002,8,100,800,@@@NO@@@)','',2,'2013-06-07'),(23459,'INSERT INTO gne_vale_ferreteria (vfe_id,vfe_fecha,vfe_total,vfe_estado,vfe_entregado,usu_nusuario) VALUES (1783,@@@2013.06.07@@@,240,1,0,@@@G_DIAZ@@@)','',2,'2013-06-07'),(23460,'INSERT INTO gne_vale_ferreteria_mov (vfe_id,pro_codigo_plu,vfm_cantidad,vfm_unitario,vfm_total,vfm_entregado) VALUES (1783,764766,2,120,240,@@@NO@@@)','',2,'2013-06-07'),(23461,'INSERT INTO gne_vale_ferreteria (vfe_id,vfe_fecha,vfe_total,vfe_estado,vfe_entregado,usu_nusuario) VALUES (1784,@@@2013.06.07@@@,240,1,0,@@@G_DIAZ@@@)','',2,'2013-06-07'),(23462,'INSERT INTO gne_vale_ferreteria_mov (vfe_id,pro_codigo_plu,vfm_cantidad,vfm_unitario,vfm_total,vfm_entregado) VALUES (1784,764766,2,120,240,@@@NO@@@)','',2,'2013-06-07'),(23463,'INSERT INTO gne_vale_ferreteria (vfe_id,vfe_fecha,vfe_total,vfe_estado,vfe_entregado,usu_nusuario) VALUES (1785,@@@2013.06.07@@@,510,1,0,@@@G_DIAZ@@@)','',2,'2013-06-07'),(23464,'INSERT INTO gne_vale_ferreteria_mov (vfe_id,pro_codigo_plu,vfm_cantidad,vfm_unitario,vfm_total,vfm_entregado) VALUES (1785,78017191,3,40,120,@@@NO@@@)','',2,'2013-06-07'),(23465,'INSERT INTO gne_vale_ferreteria_mov (vfe_id,pro_codigo_plu,vfm_cantidad,vfm_unitario,vfm_total,vfm_entregado) VALUES (1785,763629,1,390,390,@@@NO@@@)','',2,'2013-06-07'),(23466,'INSERT INTO gne_vale_ferreteria (vfe_id,vfe_fecha,vfe_total,vfe_estado,vfe_entregado,usu_nusuario) VALUES (1786,@@@2013.06.07@@@,30,1,0,@@@G_DIAZ@@@)','',2,'2013-06-07'),(23467,'INSERT INTO gne_vale_ferreteria_mov (vfe_id,pro_codigo_plu,vfm_cantidad,vfm_unitario,vfm_total,vfm_entregado) VALUES (1786,764770,1,30,30,@@@NO@@@)','',2,'2013-06-07'),(23468,'INSERT INTO gne_vale_ferreteria (vfe_id,vfe_fecha,vfe_total,vfe_estado,vfe_entregado,usu_nusuario) VALUES (1787,@@@2013.06.07@@@,150,1,0,@@@G_DIAZ@@@)','',2,'2013-06-07'),(23469,'INSERT INTO gne_vale_ferreteria_mov (vfe_id,pro_codigo_plu,vfm_cantidad,vfm_unitario,vfm_total,vfm_entregado) VALUES (1787,8021,1,150,150,@@@NO@@@)','',2,'2013-06-07'),(23470,'INSERT INTO gne_vale_ferreteria (vfe_id,vfe_fecha,vfe_total,vfe_estado,vfe_entregado,usu_nusuario) VALUES (1788,@@@2013.06.07@@@,1850,1,0,@@@G_DIAZ@@@)','',2,'2013-06-07'),(23471,'INSERT INTO gne_vale_ferreteria_mov (vfe_id,pro_codigo_plu,vfm_cantidad,vfm_unitario,vfm_total,vfm_entregado) VALUES (1788,764782,1,1850,1850,@@@NO@@@)','',2,'2013-06-07'),(23472,'INSERT INTO gne_vale_ferreteria (vfe_id,vfe_fecha,vfe_total,vfe_estado,vfe_entregado,usu_nusuario) VALUES (1789,@@@2013.06.07@@@,780,1,0,@@@G_DIAZ@@@)','',2,'2013-06-07'),(23473,'INSERT INTO gne_vale_ferreteria_mov (vfe_id,pro_codigo_plu,vfm_cantidad,vfm_unitario,vfm_total,vfm_entregado) VALUES (1789,1535,2,390,780,@@@NO@@@)','',2,'2013-06-07'),(23474,'INSERT INTO gne_vale_ferreteria (vfe_id,vfe_fecha,vfe_total,vfe_estado,vfe_entregado,usu_nusuario) VALUES (1790,@@@2013.06.07@@@,830,1,0,@@@G_DIAZ@@@)','',2,'2013-06-07'),(23475,'INSERT INTO gne_vale_ferreteria_mov (vfe_id,pro_codigo_plu,vfm_cantidad,vfm_unitario,vfm_total,vfm_entregado) VALUES (1790,761962,1,450,450,@@@NO@@@)','',2,'2013-06-07'),(23476,'INSERT INTO gne_vale_ferreteria_mov (vfe_id,pro_codigo_plu,vfm_cantidad,vfm_unitario,vfm_total,vfm_entregado) VALUES (1790,1069,2,190,380,@@@NO@@@)','',2,'2013-06-07'),(23477,'INSERT INTO gne_vale_ferreteria (vfe_id,vfe_fecha,vfe_total,vfe_estado,vfe_entregado,usu_nusuario) VALUES (1791,@@@2013.06.07@@@,390,1,0,@@@G_DIAZ@@@)','',2,'2013-06-07'),(23478,'INSERT INTO gne_vale_ferreteria_mov (vfe_id,pro_codigo_plu,vfm_cantidad,vfm_unitario,vfm_total,vfm_entregado) VALUES (1791,78017011,1,390,390,@@@NO@@@)','',2,'2013-06-07'),(23479,'INSERT INTO gne_vale_ferreteria (vfe_id,vfe_fecha,vfe_total,vfe_estado,vfe_entregado,usu_nusuario) VALUES (1792,@@@2013.06.07@@@,400,1,0,@@@G_DIAZ@@@)','',2,'2013-06-07'),(23480,'INSERT INTO gne_vale_ferreteria_mov (vfe_id,pro_codigo_plu,vfm_cantidad,vfm_unitario,vfm_total,vfm_entregado) VALUES (1792,78017110,1,150,150,@@@NO@@@)','',2,'2013-06-07'),(23481,'INSERT INTO gne_vale_ferreteria_mov (vfe_id,pro_codigo_plu,vfm_cantidad,vfm_unitario,vfm_total,vfm_entregado) VALUES (1792,78017105,1,250,250,@@@NO@@@)','',2,'2013-06-07'),(23482,'INSERT INTO gne_vale_ferreteria (vfe_id,vfe_fecha,vfe_total,vfe_estado,vfe_entregado,usu_nusuario) VALUES (1793,@@@2013.06.07@@@,3300,1,0,@@@G_DIAZ@@@)','',2,'2013-06-07'),(23483,'INSERT INTO gne_vale_ferreteria_mov (vfe_id,pro_codigo_plu,vfm_cantidad,vfm_unitario,vfm_total,vfm_entregado) VALUES (1793,764514,1,1890,1890,@@@NO@@@)','',2,'2013-06-07'),(23484,'INSERT INTO gne_vale_ferreteria_mov (vfe_id,pro_codigo_plu,vfm_cantidad,vfm_unitario,vfm_total,vfm_entregado) VALUES (1793,6016,1,990,990,@@@NO@@@)','',2,'2013-06-07'),(23485,'INSERT INTO gne_vale_ferreteria_mov (vfe_id,pro_codigo_plu,vfm_cantidad,vfm_unitario,vfm_total,vfm_entregado) VALUES (1793,764269,1,420,420,@@@NO@@@)','',2,'2013-06-07'),(23486,'INSERT INTO gne_vale_ferreteria (vfe_id,vfe_fecha,vfe_total,vfe_estado,vfe_entregado,usu_nusuario) VALUES (1794,@@@2013.06.07@@@,890,1,0,@@@G_DIAZ@@@)','',2,'2013-06-07'),(23487,'INSERT INTO gne_vale_ferreteria_mov (vfe_id,pro_codigo_plu,vfm_cantidad,vfm_unitario,vfm_total,vfm_entregado) VALUES (1794,11597,1,890,890,@@@NO@@@)','',2,'2013-06-07'),(23488,'INSERT INTO gne_vale_ferreteria (vfe_id,vfe_fecha,vfe_total,vfe_estado,vfe_entregado,usu_nusuario) VALUES (1795,@@@2013.06.07@@@,2490,1,0,@@@G_DIAZ@@@)','',2,'2013-06-07'),(23489,'INSERT INTO gne_vale_ferreteria_mov (vfe_id,pro_codigo_plu,vfm_cantidad,vfm_unitario,vfm_total,vfm_entregado) VALUES (1795,764759,1,2490,2490,@@@NO@@@)','',2,'2013-06-07'),(23490,'INSERT INTO gne_vale_ferreteria (vfe_id,vfe_fecha,vfe_total,vfe_estado,vfe_entregado,usu_nusuario) VALUES (1796,@@@2013.06.07@@@,2490,1,0,@@@G_DIAZ@@@)','',2,'2013-06-07'),(23491,'INSERT INTO gne_vale_ferreteria_mov (vfe_id,pro_codigo_plu,vfm_cantidad,vfm_unitario,vfm_total,vfm_entregado) VALUES (1796,6004,1,2490,2490,@@@NO@@@)','',2,'2013-06-07'),(23492,'INSERT INTO gne_vale_ferreteria (vfe_id,vfe_fecha,vfe_total,vfe_estado,vfe_entregado,usu_nusuario) VALUES (1797,@@@2013.06.07@@@,50,1,0,@@@G_DIAZ@@@)','',2,'2013-06-07'),(23493,'INSERT INTO gne_vale_ferreteria_mov (vfe_id,pro_codigo_plu,vfm_cantidad,vfm_unitario,vfm_total,vfm_entregado) VALUES (1797,780220123,1,50,50,@@@NO@@@)','',2,'2013-06-07'),(23494,'INSERT INTO gne_vale_ferreteria (vfe_id,vfe_fecha,vfe_total,vfe_estado,vfe_entregado,usu_nusuario) VALUES (1798,@@@2013.06.07@@@,200,1,0,@@@G_DIAZ@@@)','',2,'2013-06-07'),(23495,'INSERT INTO gne_vale_ferreteria_mov (vfe_id,pro_codigo_plu,vfm_cantidad,vfm_unitario,vfm_total,vfm_entregado) VALUES (1798,1040,1,200,200,@@@NO@@@)','',2,'2013-06-07'),(23496,'INSERT INTO gne_vale_ferreteria (vfe_id,vfe_fecha,vfe_total,vfe_estado,vfe_entregado,usu_nusuario) VALUES (1799,@@@2013.06.07@@@,5560,1,0,@@@G_DIAZ@@@)','',2,'2013-06-07'),(23497,'INSERT INTO gne_vale_ferreteria_mov (vfe_id,pro_codigo_plu,vfm_cantidad,vfm_unitario,vfm_total,vfm_entregado) VALUES (1799,4109,1,1990,1990,@@@NO@@@)','',2,'2013-06-07'),(23498,'INSERT INTO gne_vale_ferreteria_mov (vfe_id,pro_codigo_plu,vfm_cantidad,vfm_unitario,vfm_total,vfm_entregado) VALUES (1799,764448,1,2290,2290,@@@NO@@@)','',2,'2013-06-07'),(23499,'INSERT INTO gne_vale_ferreteria_mov (vfe_id,pro_codigo_plu,vfm_cantidad,vfm_unitario,vfm_total,vfm_entregado) VALUES (1799,764848,1,300,300,@@@NO@@@)','',2,'2013-06-07'),(23500,'INSERT INTO gne_vale_ferreteria_mov (vfe_id,pro_codigo_plu,vfm_cantidad,vfm_unitario,vfm_total,vfm_entregado) VALUES (1799,1552,1,490,490,@@@NO@@@)','',2,'2013-06-07'),(23501,'INSERT INTO gne_vale_ferreteria_mov (vfe_id,pro_codigo_plu,vfm_cantidad,vfm_unitario,vfm_total,vfm_entregado) VALUES (1799,1538,1,490,490,@@@NO@@@)','',2,'2013-06-07'),(23502,'INSERT INTO gne_vale_ferreteria (vfe_id,vfe_fecha,vfe_total,vfe_estado,vfe_entregado,usu_nusuario) VALUES (1800,@@@2013.06.07@@@,570,1,0,@@@G_DIAZ@@@)','',2,'2013-06-07'),(23503,'INSERT INTO gne_vale_ferreteria_mov (vfe_id,pro_codigo_plu,vfm_cantidad,vfm_unitario,vfm_total,vfm_entregado) VALUES (1800,764269,1,420,420,@@@NO@@@)','',2,'2013-06-07'),(23504,'INSERT INTO gne_vale_ferreteria_mov (vfe_id,pro_codigo_plu,vfm_cantidad,vfm_unitario,vfm_total,vfm_entregado) VALUES (1800,770035,1,150,150,@@@NO@@@)','',2,'2013-06-07'),(23505,'INSERT INTO gne_vale_ferreteria (vfe_id,vfe_fecha,vfe_total,vfe_estado,vfe_entregado,usu_nusuario) VALUES (1801,@@@2013.06.07@@@,240,1,0,@@@G_DIAZ@@@)','',2,'2013-06-07'),(23506,'INSERT INTO gne_vale_ferreteria_mov (vfe_id,pro_codigo_plu,vfm_cantidad,vfm_unitario,vfm_total,vfm_entregado) VALUES (1801,761335,2,120,240,@@@NO@@@)','',2,'2013-06-07'),(23507,'INSERT INTO gne_vale_ferreteria (vfe_id,vfe_fecha,vfe_total,vfe_estado,vfe_entregado,usu_nusuario) VALUES (1802,@@@2013.06.07@@@,1590,1,0,@@@G_DIAZ@@@)','',2,'2013-06-07'),(23508,'INSERT INTO gne_vale_ferreteria_mov (vfe_id,pro_codigo_plu,vfm_cantidad,vfm_unitario,vfm_total,vfm_entregado) VALUES (1802,78017200,1,1590,1590,@@@NO@@@)','',2,'2013-06-07'),(23509,'INSERT INTO gne_vale_ferreteria (vfe_id,vfe_fecha,vfe_total,vfe_estado,vfe_entregado,usu_nusuario) VALUES (1803,@@@2013.06.07@@@,1890,1,0,@@@G_DIAZ@@@)','',2,'2013-06-07'),(23510,'INSERT INTO gne_vale_ferreteria_mov (vfe_id,pro_codigo_plu,vfm_cantidad,vfm_unitario,vfm_total,vfm_entregado) VALUES (1803,101625,1,1890,1890,@@@NO@@@)','',2,'2013-06-07'),(23511,'INSERT INTO gne_vale_ferreteria (vfe_id,vfe_fecha,vfe_total,vfe_estado,vfe_entregado,usu_nusuario) VALUES (1804,@@@2013.06.07@@@,1450,1,0,@@@G_DIAZ@@@)','',2,'2013-06-07'),(23512,'INSERT INTO gne_vale_ferreteria_mov (vfe_id,pro_codigo_plu,vfm_cantidad,vfm_unitario,vfm_total,vfm_entregado) VALUES (1804,15668,1,1450,1450,@@@NO@@@)','',2,'2013-06-07'),(23513,'INSERT INTO gne_vale_ferreteria (vfe_id,vfe_fecha,vfe_total,vfe_estado,vfe_entregado,usu_nusuario) VALUES (1805,@@@2013.06.07@@@,250,1,0,@@@G_DIAZ@@@)','',2,'2013-06-07'),(23514,'INSERT INTO gne_vale_ferreteria_mov (vfe_id,pro_codigo_plu,vfm_cantidad,vfm_unitario,vfm_total,vfm_entregado) VALUES (1805,764583,1,250,250,@@@NO@@@)','',2,'2013-06-07'),(23515,'INSERT INTO gne_vale_ferreteria (vfe_id,vfe_fecha,vfe_total,vfe_estado,vfe_entregado,usu_nusuario) VALUES (1806,@@@2013.06.07@@@,1490,1,0,@@@G_DIAZ@@@)','',2,'2013-06-07'),(23516,'INSERT INTO gne_vale_ferreteria_mov (vfe_id,pro_codigo_plu,vfm_cantidad,vfm_unitario,vfm_total,vfm_entregado) VALUES (1806,779564601,1,1490,1490,@@@NO@@@)','',2,'2013-06-07'),(23517,'INSERT INTO gne_vale_ferreteria (vfe_id,vfe_fecha,vfe_total,vfe_estado,vfe_entregado,usu_nusuario) VALUES (1807,@@@2013.06.07@@@,490,1,0,@@@G_DIAZ@@@)','',2,'2013-06-07'),(23518,'INSERT INTO gne_vale_ferreteria_mov (vfe_id,pro_codigo_plu,vfm_cantidad,vfm_unitario,vfm_total,vfm_entregado) VALUES (1807,780220183,1,490,490,@@@NO@@@)','',2,'2013-06-07'),(23519,'INSERT INTO gne_vale_ferreteria (vfe_id,vfe_fecha,vfe_total,vfe_estado,vfe_entregado,usu_nusuario) VALUES (1808,@@@2013.06.07@@@,450,1,0,@@@G_DIAZ@@@)','',2,'2013-06-07'),(23520,'INSERT INTO gne_vale_ferreteria_mov (vfe_id,pro_codigo_plu,vfm_cantidad,vfm_unitario,vfm_total,vfm_entregado) VALUES (1808,78017202,1,450,450,@@@NO@@@)','',2,'2013-06-07'),(23521,'INSERT INTO gne_vale_ferreteria (vfe_id,vfe_fecha,vfe_total,vfe_estado,vfe_entregado,usu_nusuario) VALUES (1809,@@@2013.06.07@@@,690,1,0,@@@G_DIAZ@@@)','',2,'2013-06-07'),(23522,'INSERT INTO gne_vale_ferreteria_mov (vfe_id,pro_codigo_plu,vfm_cantidad,vfm_unitario,vfm_total,vfm_entregado) VALUES (1809,763812,1,690,690,@@@NO@@@)','',2,'2013-06-07'),(23523,'INSERT INTO gne_vale_ferreteria (vfe_id,vfe_fecha,vfe_total,vfe_estado,vfe_entregado,usu_nusuario) VALUES (1810,@@@2013.06.07@@@,150,1,0,@@@G_DIAZ@@@)','',2,'2013-06-07'),(23524,'INSERT INTO gne_vale_ferreteria_mov (vfe_id,pro_codigo_plu,vfm_cantidad,vfm_unitario,vfm_total,vfm_entregado) VALUES (1810,763595,1,150,150,@@@NO@@@)','',2,'2013-06-07'),(23525,'INSERT INTO gne_vale_ferreteria (vfe_id,vfe_fecha,vfe_total,vfe_estado,vfe_entregado,usu_nusuario) VALUES (1811,@@@2013.06.07@@@,100,1,0,@@@G_DIAZ@@@)','',2,'2013-06-07'),(23526,'INSERT INTO gne_vale_ferreteria_mov (vfe_id,pro_codigo_plu,vfm_cantidad,vfm_unitario,vfm_total,vfm_entregado) VALUES (1811,764833,10,10,100,@@@NO@@@)','',2,'2013-06-07'),(23527,'INSERT INTO gne_vale_ferreteria (vfe_id,vfe_fecha,vfe_total,vfe_estado,vfe_entregado,usu_nusuario) VALUES (1812,@@@2013.06.07@@@,2685,1,0,@@@G_DIAZ@@@)','',2,'2013-06-07'),(23528,'INSERT INTO gne_vale_ferreteria_mov (vfe_id,pro_codigo_plu,vfm_cantidad,vfm_unitario,vfm_total,vfm_entregado) VALUES (1812,764955,1,1490,1490,@@@NO@@@)','',2,'2013-06-07'),(23529,'INSERT INTO gne_vale_ferreteria_mov (vfe_id,pro_codigo_plu,vfm_cantidad,vfm_unitario,vfm_total,vfm_entregado) VALUES (1812,20600,1,1195,1195,@@@NO@@@)','',2,'2013-06-07'),(23530,'INSERT INTO gne_vale_ferreteria (vfe_id,vfe_fecha,vfe_total,vfe_estado,vfe_entregado,usu_nusuario) VALUES (1813,@@@2013.06.07@@@,6960,1,0,@@@G_DIAZ@@@)','',2,'2013-06-07'),(23531,'INSERT INTO gne_vale_ferreteria_mov (vfe_id,pro_codigo_plu,vfm_cantidad,vfm_unitario,vfm_total,vfm_entregado) VALUES (1813,764957,2,1490,2980,@@@NO@@@)','',2,'2013-06-07'),(23532,'INSERT INTO gne_vale_ferreteria_mov (vfe_id,pro_codigo_plu,vfm_cantidad,vfm_unitario,vfm_total,vfm_entregado) VALUES (1813,764636,2,1990,3980,@@@NO@@@)','',2,'2013-06-07'),(23533,'INSERT INTO gne_vale_ferreteria (vfe_id,vfe_fecha,vfe_total,vfe_estado,vfe_entregado,usu_nusuario) VALUES (1814,@@@2013.06.07@@@,1590,1,0,@@@G_DIAZ@@@)','',2,'2013-06-07'),(23534,'INSERT INTO gne_vale_ferreteria_mov (vfe_id,pro_codigo_plu,vfm_cantidad,vfm_unitario,vfm_total,vfm_entregado) VALUES (1814,6007,2,500,1000,@@@NO@@@)','',2,'2013-06-07'),(23535,'INSERT INTO gne_vale_ferreteria_mov (vfe_id,pro_codigo_plu,vfm_cantidad,vfm_unitario,vfm_total,vfm_entregado) VALUES (1814,780220118,1,590,590,@@@NO@@@)','',2,'2013-06-07'),(23536,'INSERT INTO gne_vale_ferreteria (vfe_id,vfe_fecha,vfe_total,vfe_estado,vfe_entregado,usu_nusuario) VALUES (1815,@@@2013.06.07@@@,850,1,0,@@@G_DIAZ@@@)','',2,'2013-06-07'),(23537,'INSERT INTO gne_vale_ferreteria_mov (vfe_id,pro_codigo_plu,vfm_cantidad,vfm_unitario,vfm_total,vfm_entregado) VALUES (1815,763794,1,850,850,@@@NO@@@)','',2,'2013-06-07'),(23538,'INSERT INTO gne_vale_ferreteria (vfe_id,vfe_fecha,vfe_total,vfe_estado,vfe_entregado,usu_nusuario) VALUES (1816,@@@2013.06.07@@@,2980,1,0,@@@G_DIAZ@@@)','',2,'2013-06-07'),(23539,'INSERT INTO gne_vale_ferreteria_mov (vfe_id,pro_codigo_plu,vfm_cantidad,vfm_unitario,vfm_total,vfm_entregado) VALUES (1816,262020,1,2590,2590,@@@NO@@@)','',2,'2013-06-07'),(23540,'INSERT INTO gne_vale_ferreteria_mov (vfe_id,pro_codigo_plu,vfm_cantidad,vfm_unitario,vfm_total,vfm_entregado) VALUES (1816,1547,1,390,390,@@@NO@@@)','',2,'2013-06-07'),(23541,'INSERT INTO gne_vale_ferreteria (vfe_id,vfe_fecha,vfe_total,vfe_estado,vfe_entregado,usu_nusuario) VALUES (1817,@@@2013.06.07@@@,390,1,0,@@@G_DIAZ@@@)','',2,'2013-06-07'),(23542,'INSERT INTO gne_vale_ferreteria_mov (vfe_id,pro_codigo_plu,vfm_cantidad,vfm_unitario,vfm_total,vfm_entregado) VALUES (1817,15967,3,130,390,@@@NO@@@)','',2,'2013-06-07'),(23543,'INSERT INTO gne_vale_ferreteria (vfe_id,vfe_fecha,vfe_total,vfe_estado,vfe_entregado,usu_nusuario) VALUES (1818,@@@2013.06.07@@@,160,1,0,@@@G_DIAZ@@@)','',2,'2013-06-07'),(23544,'INSERT INTO gne_vale_ferreteria_mov (vfe_id,pro_codigo_plu,vfm_cantidad,vfm_unitario,vfm_total,vfm_entregado) VALUES (1818,770001,2,80,160,@@@NO@@@)','',2,'2013-06-07'),(23545,'INSERT INTO gne_vale_ferreteria (vfe_id,vfe_fecha,vfe_total,vfe_estado,vfe_entregado,usu_nusuario) VALUES (1819,@@@2013.06.07@@@,580,1,0,@@@G_DIAZ@@@)','',2,'2013-06-07'),(23546,'INSERT INTO gne_vale_ferreteria_mov (vfe_id,pro_codigo_plu,vfm_cantidad,vfm_unitario,vfm_total,vfm_entregado) VALUES (1819,763801,1,580,580,@@@NO@@@)','',2,'2013-06-07'),(23547,'INSERT INTO gne_vale_ferreteria (vfe_id,vfe_fecha,vfe_total,vfe_estado,vfe_entregado,usu_nusuario) VALUES (1820,@@@2013.06.07@@@,200,1,0,@@@G_DIAZ@@@)','',2,'2013-06-07'),(23548,'INSERT INTO gne_vale_ferreteria_mov (vfe_id,pro_codigo_plu,vfm_cantidad,vfm_unitario,vfm_total,vfm_entregado) VALUES (1820,7052,1,200,200,@@@NO@@@)','',2,'2013-06-07'),(23549,'INSERT INTO gne_vale_ferreteria (vfe_id,vfe_fecha,vfe_total,vfe_estado,vfe_entregado,usu_nusuario) VALUES (1821,@@@2013.06.07@@@,390,1,0,@@@G_DIAZ@@@)','',2,'2013-06-07'),(23550,'INSERT INTO gne_vale_ferreteria_mov (vfe_id,pro_codigo_plu,vfm_cantidad,vfm_unitario,vfm_total,vfm_entregado) VALUES (1821,764821,1,390,390,@@@NO@@@)','',2,'2013-06-07'),(23551,'INSERT INTO gne_vale_ferreteria (vfe_id,vfe_fecha,vfe_total,vfe_estado,vfe_entregado,usu_nusuario) VALUES (1822,@@@2013.06.07@@@,600,1,0,@@@G_DIAZ@@@)','',2,'2013-06-07'),(23552,'INSERT INTO gne_vale_ferreteria_mov (vfe_id,pro_codigo_plu,vfm_cantidad,vfm_unitario,vfm_total,vfm_entregado) VALUES (1822,764848,2,300,600,@@@NO@@@)','',2,'2013-06-07'),(23553,'INSERT INTO gne_vale_ferreteria (vfe_id,vfe_fecha,vfe_total,vfe_estado,vfe_entregado,usu_nusuario) VALUES (1823,@@@2013.06.08@@@,960,1,0,@@@b_SAEZ@@@)','',2,'2013-06-07'),(23554,'INSERT INTO gne_vale_ferreteria_mov (vfe_id,pro_codigo_plu,vfm_cantidad,vfm_unitario,vfm_total,vfm_entregado) VALUES (1823,770001,12,80,960,@@@NO@@@)','',2,'2013-06-07'),(23555,'INSERT INTO gne_vale_ferreteria (vfe_id,vfe_fecha,vfe_total,vfe_estado,vfe_entregado,usu_nusuario) VALUES (1824,@@@2013.06.08@@@,290,1,0,@@@b_SAEZ@@@)','',2,'2013-06-07'),(23556,'INSERT INTO gne_vale_ferreteria_mov (vfe_id,pro_codigo_plu,vfm_cantidad,vfm_unitario,vfm_total,vfm_entregado) VALUES (1824,1559,1,290,290,@@@NO@@@)','',2,'2013-06-07'),(23557,'INSERT INTO gne_vale_ferreteria (vfe_id,vfe_fecha,vfe_total,vfe_estado,vfe_entregado,usu_nusuario) VALUES (1825,@@@2013.06.08@@@,1890,1,0,@@@b_SAEZ@@@)','',2,'2013-06-07'),(23558,'INSERT INTO gne_vale_ferreteria_mov (vfe_id,pro_codigo_plu,vfm_cantidad,vfm_unitario,vfm_total,vfm_entregado) VALUES (1825,763602,1,1890,1890,@@@NO@@@)','',2,'2013-06-07'),(23559,'UPDATE mae_productos SET pro_margen_actual=0,pro_precio_venta=490 WHERE pro_codigo_plu=764506','',2,'2013-06-07'),(23560,'UPDATE mae_productos SET pro_margen_actual=0,pro_precio_venta=250 WHERE pro_codigo_plu=780220096','',2,'2013-06-07'),(23561,'UPDATE mae_productos SET pro_margen_actual=0,pro_precio_venta=220 WHERE pro_codigo_plu=780220106','',2,'2013-06-07'),(23562,'UPDATE mae_productos SET pro_margen_actual=0,pro_precio_venta=340 WHERE pro_codigo_plu=763789','',2,'2013-06-07'),(23563,'UPDATE mae_productos SET pro_margen_actual=0,pro_precio_venta=2190 WHERE pro_codigo_plu=763621','',2,'2013-06-07'),(23564,'UPDATE mae_productos SET pro_margen_actual=0,pro_precio_venta=100 WHERE pro_codigo_plu=78017006','',2,'2013-06-07'),(23565,'UPDATE mae_productos SET pro_margen_actual=0,pro_precio_venta=100 WHERE pro_codigo_plu=78017007','',2,'2013-06-07'),(23566,'UPDATE mae_productos SET pro_precio_fiscal=pro_precio_venta WHERE pro_codigo_plu=763789','',2,'2013-06-07'),(23567,'UPDATE mae_productos SET pro_precio_fiscal=pro_precio_venta WHERE pro_codigo_plu=763621','',2,'2013-06-07'),(23568,'UPDATE mae_productos SET pro_precio_fiscal=pro_precio_venta WHERE pro_codigo_plu=780220106','',2,'2013-06-07'),(23569,'UPDATE mae_productos SET pro_precio_fiscal=pro_precio_venta WHERE pro_codigo_plu=780220096','',2,'2013-06-07'),(23570,'UPDATE mae_productos SET pro_precio_fiscal=pro_precio_venta WHERE pro_codigo_plu=764506','',2,'2013-06-07'),(23571,'INSERT INTO gne_vale_ferreteria (vfe_id,vfe_fecha,vfe_total,vfe_estado,vfe_entregado,usu_nusuario) VALUES (1826,@@@2013.06.08@@@,150,1,0,@@@b_SAEZ@@@)','',2,'2013-06-07'),(23572,'INSERT INTO gne_vale_ferreteria_mov (vfe_id,pro_codigo_plu,vfm_cantidad,vfm_unitario,vfm_total,vfm_entregado) VALUES (1826,78017110,1,150,150,@@@NO@@@)','',2,'2013-06-07'),(23573,'INSERT INTO gne_vale_ferreteria (vfe_id,vfe_fecha,vfe_total,vfe_estado,vfe_entregado,usu_nusuario) VALUES (1827,@@@2013.06.08@@@,300,1,0,@@@b_SAEZ@@@)','',2,'2013-06-07'),(23574,'INSERT INTO gne_vale_ferreteria_mov (vfe_id,pro_codigo_plu,vfm_cantidad,vfm_unitario,vfm_total,vfm_entregado) VALUES (1827,4079,10,30,300,@@@NO@@@)','',2,'2013-06-07'),(23575,'INSERT INTO gne_vale_ferreteria (vfe_id,vfe_fecha,vfe_total,vfe_estado,vfe_entregado,usu_nusuario) VALUES (1828,@@@2013.06.08@@@,3160,1,0,@@@b_SAEZ@@@)','',2,'2013-06-07'),(23576,'INSERT INTO gne_vale_ferreteria_mov (vfe_id,pro_codigo_plu,vfm_cantidad,vfm_unitario,vfm_total,vfm_entregado) VALUES (1828,764880,1,1690,1690,@@@NO@@@)','',2,'2013-06-07'),(23577,'INSERT INTO gne_vale_ferreteria_mov (vfe_id,pro_codigo_plu,vfm_cantidad,vfm_unitario,vfm_total,vfm_entregado) VALUES (1828,101040,1,1190,1190,@@@NO@@@)','',2,'2013-06-07'),(23578,'INSERT INTO gne_vale_ferreteria_mov (vfe_id,pro_codigo_plu,vfm_cantidad,vfm_unitario,vfm_total,vfm_entregado) VALUES (1828,770000,4,50,200,@@@NO@@@)','',2,'2013-06-07'),(23579,'INSERT INTO gne_vale_ferreteria_mov (vfe_id,pro_codigo_plu,vfm_cantidad,vfm_unitario,vfm_total,vfm_entregado) VALUES (1828,4080,2,40,80,@@@NO@@@)','',2,'2013-06-07'),(23580,'INSERT INTO gne_vale_ferreteria (vfe_id,vfe_fecha,vfe_total,vfe_estado,vfe_entregado,usu_nusuario) VALUES (1829,@@@2013.06.08@@@,400,1,0,@@@b_SAEZ@@@)','',2,'2013-06-07'),(23581,'INSERT INTO gne_vale_ferreteria_mov (vfe_id,pro_codigo_plu,vfm_cantidad,vfm_unitario,vfm_total,vfm_entregado) VALUES (1829,78017238,2,200,400,@@@NO@@@)','',2,'2013-06-07'),(23582,'INSERT INTO gne_vale_ferreteria (vfe_id,vfe_fecha,vfe_total,vfe_estado,vfe_entregado,usu_nusuario) VALUES (1830,@@@2013.06.08@@@,300,1,0,@@@b_SAEZ@@@)','',2,'2013-06-07'),(23583,'INSERT INTO gne_vale_ferreteria_mov (vfe_id,pro_codigo_plu,vfm_cantidad,vfm_unitario,vfm_total,vfm_entregado) VALUES (1830,4076,1,300,300,@@@NO@@@)','',2,'2013-06-07'),(23584,'UPDATE mae_productos SET pro_margen_actual=0,pro_precio_venta=2220 WHERE pro_codigo_plu=761961','',2,'2013-06-07'),(23585,'INSERT INTO gne_vale_ferreteria (vfe_id,vfe_fecha,vfe_total,vfe_estado,vfe_entregado,usu_nusuario) VALUES (1831,@@@2013.06.08@@@,1520,1,0,@@@b_SAEZ@@@)','',2,'2013-06-07'),(23586,'INSERT INTO gne_vale_ferreteria_mov (vfe_id,pro_codigo_plu,vfm_cantidad,vfm_unitario,vfm_total,vfm_entregado) VALUES (1831,763773,1,1520,1520,@@@NO@@@)','',2,'2013-06-07'),(23587,'UPDATE mae_productos SET pro_margen_actual=0,pro_precio_venta=2220 WHERE pro_codigo_plu=761961','',2,'2013-06-07'),(23588,'UPDATE mae_productos SET pro_precio_fiscal=pro_precio_venta WHERE pro_codigo_plu=761961','',2,'2013-06-07'),(23589,'INSERT INTO gne_vale_ferreteria (vfe_id,vfe_fecha,vfe_total,vfe_estado,vfe_entregado,usu_nusuario) VALUES (1832,@@@2013.06.08@@@,780,1,0,@@@b_SAEZ@@@)','',2,'2013-06-07'),(23590,'INSERT INTO gne_vale_ferreteria_mov (vfe_id,pro_codigo_plu,vfm_cantidad,vfm_unitario,vfm_total,vfm_entregado) VALUES (1832,78017203,2,390,780,@@@NO@@@)','',2,'2013-06-07'),(23591,'INSERT INTO mae_productos (pro_codigo_plu,pro_codigo_barra,pro_tipo,pro_nombre_producto,pro_nombre_corto,med_id,emb_id,pro_unidades_embalaje,dep_id,lin_id,mar_id,pro_precio_compra_neto,pro_precio_compra_bruto,pro_precio_venta,pro_margen_actual,pro_oferta,pro_fecha_inicio_oferta,pro_fecha_termino_oferta,pro_precio_oferta,pro_stock_minimo,pro_stock_critico,pro_entradas_bodega,pro_salidas_bodega,pro_mermas_bodega,pro_ajustes_bodega,pro_entradas_sv,pro_salidas_sv,pro_mermas_sv,pro_ajustes_sv,pro_activo,rec_numero,pro_unidad,pro_capacidad,pro_consumo_bodega,pro_consumo_sv,pro_estado,pro_funcion_plu,pro_flejes,pro_iva,pro_plu_asociado,pro_envase,pro_duracion,pro_numero_etiqueta) VALUES (780220192,@@@8000825854019@@@,@@@0@@@,@@@MARCADOR TRATTO MEMO AZUL@@@,@@@MARCADOR TRATTO @@@,@@@1 @@@,@@@3 @@@,@@@0@@@,@@@24 @@@,@@@137@@@,@@@2507@@@,@@@0@@@,@@@0@@@,@@@370@@@,@@@0@@@,@@@@@@,@@@2013.06.08@@@,@@@2013.06.08@@@,@@@0@@@,@@@0@@@,@@@0@@@,@@@0@@@,@@@0@@@,@@@0@@@,@@@0@@@,@@@0@@@,@@@0@@@,@@@0@@@,@@@0@@@,@@@1@@@,@@@0@@@,0,1,0,0,2,0,1,1,0,@@@NO@@@,0,0)','',2,'2013-06-07'),(23592,'DELETE FROM mae_impuestos_productos WHERE pro_codigo_plu=@@@780220192@@@','',2,'2013-06-07'),(23593,'INSERT INTO gne_vale_ferreteria (vfe_id,vfe_fecha,vfe_total,vfe_estado,vfe_entregado,usu_nusuario) VALUES (1833,@@@2013.06.08@@@,450,1,0,@@@b_SAEZ@@@)','',2,'2013-06-07'),(23594,'INSERT INTO gne_vale_ferreteria_mov (vfe_id,pro_codigo_plu,vfm_cantidad,vfm_unitario,vfm_total,vfm_entregado) VALUES (1833,78017110,3,150,450,@@@NO@@@)','',2,'2013-06-07'),(23595,'INSERT INTO mae_productos (pro_codigo_plu,pro_codigo_barra,pro_tipo,pro_nombre_producto,pro_nombre_corto,med_id,emb_id,pro_unidades_embalaje,dep_id,lin_id,mar_id,pro_precio_compra_neto,pro_precio_compra_bruto,pro_precio_venta,pro_margen_actual,pro_oferta,pro_fecha_inicio_oferta,pro_fecha_termino_oferta,pro_precio_oferta,pro_stock_minimo,pro_stock_critico,pro_entradas_bodega,pro_salidas_bodega,pro_mermas_bodega,pro_ajustes_bodega,pro_entradas_sv,pro_salidas_sv,pro_mermas_sv,pro_ajustes_sv,pro_activo,rec_numero,pro_unidad,pro_capacidad,pro_consumo_bodega,pro_consumo_sv,pro_estado,pro_funcion_plu,pro_flejes,pro_iva,pro_plu_asociado,pro_envase,pro_duracion,pro_numero_etiqueta) VALUES (780220193,@@@8000825854033@@@,@@@0@@@,@@@MARCADOR TRATTO MAMO NEGRO@@@,@@@MARCADOR TRATTO @@@,@@@1 @@@,@@@3 @@@,@@@0@@@,@@@24 @@@,@@@137@@@,@@@2507@@@,@@@0@@@,@@@0@@@,@@@370@@@,@@@0@@@,@@@@@@,@@@2013.06.08@@@,@@@2013.06.08@@@,@@@0@@@,@@@0@@@,@@@0@@@,@@@0@@@,@@@0@@@,@@@0@@@,@@@0@@@,@@@0@@@,@@@0@@@,@@@0@@@,@@@0@@@,@@@1@@@,@@@0@@@,0,1,0,0,2,0,1,1,0,@@@NO@@@,0,0)','',2,'2013-06-07'),(23596,'DELETE FROM mae_impuestos_productos WHERE pro_codigo_plu=@@@780220193@@@','',2,'2013-06-07'),(23597,'INSERT INTO mae_productos (pro_codigo_plu,pro_codigo_barra,pro_tipo,pro_nombre_producto,pro_nombre_corto,med_id,emb_id,pro_unidades_embalaje,dep_id,lin_id,mar_id,pro_precio_compra_neto,pro_precio_compra_bruto,pro_precio_venta,pro_margen_actual,pro_oferta,pro_fecha_inicio_oferta,pro_fecha_termino_oferta,pro_precio_oferta,pro_stock_minimo,pro_stock_critico,pro_entradas_bodega,pro_salidas_bodega,pro_mermas_bodega,pro_ajustes_bodega,pro_entradas_sv,pro_salidas_sv,pro_mermas_sv,pro_ajustes_sv,pro_activo,rec_numero,pro_unidad,pro_capacidad,pro_consumo_bodega,pro_consumo_sv,pro_estado,pro_funcion_plu,pro_flejes,pro_iva,pro_plu_asociado,pro_envase,pro_duracion,pro_numero_etiqueta) VALUES (780220194,@@@8000825854026@@@,@@@0@@@,@@@MARCADOR TRATTO MEMO ROJO@@@,@@@MARCADOR TRATTO @@@,@@@1 @@@,@@@3 @@@,@@@0@@@,@@@24 @@@,@@@137@@@,@@@2507@@@,@@@0@@@,@@@0@@@,@@@370@@@,@@@0@@@,@@@@@@,@@@2013.06.08@@@,@@@2013.06.08@@@,@@@0@@@,@@@0@@@,@@@0@@@,@@@0@@@,@@@0@@@,@@@0@@@,@@@0@@@,@@@0@@@,@@@0@@@,@@@0@@@,@@@0@@@,@@@1@@@,@@@0@@@,0,1,0,0,2,0,1,1,0,@@@NO@@@,0,0)','',2,'2013-06-07'),(23598,'DELETE FROM mae_impuestos_productos WHERE pro_codigo_plu=@@@780220194@@@','',2,'2013-06-07'),(23599,'INSERT INTO gne_vale_ferreteria (vfe_id,vfe_fecha,vfe_total,vfe_estado,vfe_entregado,usu_nusuario) VALUES (1834,@@@2013.06.08@@@,1190,1,0,@@@b_SAEZ@@@)','',2,'2013-06-07'),(23600,'INSERT INTO gne_vale_ferreteria_mov (vfe_id,pro_codigo_plu,vfm_cantidad,vfm_unitario,vfm_total,vfm_entregado) VALUES (1834,764675,1,1190,1190,@@@NO@@@)','',2,'2013-06-07'),(23601,'INSERT INTO gne_vale_ferreteria (vfe_id,vfe_fecha,vfe_total,vfe_estado,vfe_entregado,usu_nusuario) VALUES (1835,@@@2013.06.08@@@,890,1,0,@@@b_SAEZ@@@)','',2,'2013-06-08'),(23602,'INSERT INTO gne_vale_ferreteria_mov (vfe_id,pro_codigo_plu,vfm_cantidad,vfm_unitario,vfm_total,vfm_entregado) VALUES (1835,763582,1,550,550,@@@NO@@@)','',2,'2013-06-08'),(23603,'INSERT INTO gne_vale_ferreteria_mov (vfe_id,pro_codigo_plu,vfm_cantidad,vfm_unitario,vfm_total,vfm_entregado) VALUES (1835,764766,2,120,240,@@@NO@@@)','',2,'2013-06-08'),(23604,'INSERT INTO gne_vale_ferreteria_mov (vfe_id,pro_codigo_plu,vfm_cantidad,vfm_unitario,vfm_total,vfm_entregado) VALUES (1835,78017006,1,100,100,@@@NO@@@)','',2,'2013-06-08'),(23605,'INSERT INTO gne_vale_ferreteria (vfe_id,vfe_fecha,vfe_total,vfe_estado,vfe_entregado,usu_nusuario) VALUES (1836,@@@2013.06.08@@@,60,1,0,@@@b_SAEZ@@@)','',2,'2013-06-08'),(23606,'INSERT INTO gne_vale_ferreteria_mov (vfe_id,pro_codigo_plu,vfm_cantidad,vfm_unitario,vfm_total,vfm_entregado) VALUES (1836,764833,6,10,60,@@@NO@@@)','',2,'2013-06-08'),(23607,'INSERT INTO gne_vale_ferreteria (vfe_id,vfe_fecha,vfe_total,vfe_estado,vfe_entregado,usu_nusuario) VALUES (1837,@@@2013.06.08@@@,4840,1,0,@@@b_SAEZ@@@)','',2,'2013-06-08'),(23608,'INSERT INTO gne_vale_ferreteria_mov (vfe_id,pro_codigo_plu,vfm_cantidad,vfm_unitario,vfm_total,vfm_entregado) VALUES (1837,761997,1,740,740,@@@NO@@@)','',2,'2013-06-08'),(23609,'INSERT INTO gne_vale_ferreteria_mov (vfe_id,pro_codigo_plu,vfm_cantidad,vfm_unitario,vfm_total,vfm_entregado) VALUES (1837,2008,1,990,990,@@@NO@@@)','',2,'2013-06-08'),(23610,'INSERT INTO gne_vale_ferreteria_mov (vfe_id,pro_codigo_plu,vfm_cantidad,vfm_unitario,vfm_total,vfm_entregado) VALUES (1837,763621,1,2190,2190,@@@NO@@@)','',2,'2013-06-08'),(23611,'INSERT INTO gne_vale_ferreteria_mov (vfe_id,pro_codigo_plu,vfm_cantidad,vfm_unitario,vfm_total,vfm_entregado) VALUES (1837,761989,1,800,800,@@@NO@@@)','',2,'2013-06-08'),(23612,'INSERT INTO gne_vale_ferreteria_mov (vfe_id,pro_codigo_plu,vfm_cantidad,vfm_unitario,vfm_total,vfm_entregado) VALUES (1837,12085,1,120,120,@@@NO@@@)','',2,'2013-06-08'),(23613,'INSERT INTO gne_vale_ferreteria (vfe_id,vfe_fecha,vfe_total,vfe_estado,vfe_entregado,usu_nusuario) VALUES (1838,@@@2013.06.08@@@,1390,1,0,@@@b_SAEZ@@@)','',2,'2013-06-08'),(23614,'INSERT INTO gne_vale_ferreteria_mov (vfe_id,pro_codigo_plu,vfm_cantidad,vfm_unitario,vfm_total,vfm_entregado) VALUES (1838,4117,1,1390,1390,@@@NO@@@)','',2,'2013-06-08'),(23615,'INSERT INTO gne_vale_ferreteria (vfe_id,vfe_fecha,vfe_total,vfe_estado,vfe_entregado,usu_nusuario) VALUES (1839,@@@2013.06.08@@@,1750,1,0,@@@b_SAEZ@@@)','',2,'2013-06-08'),(23616,'INSERT INTO gne_vale_ferreteria_mov (vfe_id,pro_codigo_plu,vfm_cantidad,vfm_unitario,vfm_total,vfm_entregado) VALUES (1839,764274,1,300,300,@@@NO@@@)','',2,'2013-06-08'),(23617,'INSERT INTO gne_vale_ferreteria_mov (vfe_id,pro_codigo_plu,vfm_cantidad,vfm_unitario,vfm_total,vfm_entregado) VALUES (1839,78017176,2,200,400,@@@NO@@@)','',2,'2013-06-08'),(23618,'INSERT INTO gne_vale_ferreteria_mov (vfe_id,pro_codigo_plu,vfm_cantidad,vfm_unitario,vfm_total,vfm_entregado) VALUES (1839,763804,1,790,790,@@@NO@@@)','',2,'2013-06-08'),(23619,'INSERT INTO gne_vale_ferreteria_mov (vfe_id,pro_codigo_plu,vfm_cantidad,vfm_unitario,vfm_total,vfm_entregado) VALUES (1839,764696,1,100,100,@@@NO@@@)','',2,'2013-06-08'),(23620,'INSERT INTO gne_vale_ferreteria_mov (vfe_id,pro_codigo_plu,vfm_cantidad,vfm_unitario,vfm_total,vfm_entregado) VALUES (1839,770001,2,80,160,@@@NO@@@)','',2,'2013-06-08'),(23621,'INSERT INTO gne_vale_ferreteria (vfe_id,vfe_fecha,vfe_total,vfe_estado,vfe_entregado,usu_nusuario) VALUES (1840,@@@2013.06.08@@@,1990,1,0,@@@b_SAEZ@@@)','',2,'2013-06-08'),(23622,'INSERT INTO gne_vale_ferreteria_mov (vfe_id,pro_codigo_plu,vfm_cantidad,vfm_unitario,vfm_total,vfm_entregado) VALUES (1840,764803,1,1990,1990,@@@NO@@@)','',2,'2013-06-08'),(23623,'INSERT INTO gne_vale_ferreteria (vfe_id,vfe_fecha,vfe_total,vfe_estado,vfe_entregado,usu_nusuario) VALUES (1841,@@@2013.06.08@@@,1990,1,0,@@@b_SAEZ@@@)','',2,'2013-06-08'),(23624,'INSERT INTO gne_vale_ferreteria_mov (vfe_id,pro_codigo_plu,vfm_cantidad,vfm_unitario,vfm_total,vfm_entregado) VALUES (1841,764803,1,1990,1990,@@@NO@@@)','',2,'2013-06-08'),(23625,'INSERT INTO gne_vale_ferreteria (vfe_id,vfe_fecha,vfe_total,vfe_estado,vfe_entregado,usu_nusuario) VALUES (1842,@@@2013.06.08@@@,500,1,0,@@@b_SAEZ@@@)','',2,'2013-06-08'),(23626,'INSERT INTO gne_vale_ferreteria_mov (vfe_id,pro_codigo_plu,vfm_cantidad,vfm_unitario,vfm_total,vfm_entregado) VALUES (1842,6006,1,500,500,@@@NO@@@)','',2,'2013-06-08'),(23627,'INSERT INTO gne_vale_ferreteria (vfe_id,vfe_fecha,vfe_total,vfe_estado,vfe_entregado,usu_nusuario) VALUES (1843,@@@2013.06.08@@@,1150,1,0,@@@b_SAEZ@@@)','',2,'2013-06-08'),(23628,'INSERT INTO gne_vale_ferreteria_mov (vfe_id,pro_codigo_plu,vfm_cantidad,vfm_unitario,vfm_total,vfm_entregado) VALUES (1843,1079,1,720,720,@@@NO@@@)','',2,'2013-06-08'),(23629,'INSERT INTO gne_vale_ferreteria_mov (vfe_id,pro_codigo_plu,vfm_cantidad,vfm_unitario,vfm_total,vfm_entregado) VALUES (1843,1539,4,10,40,@@@NO@@@)','',2,'2013-06-08'),(23630,'INSERT INTO gne_vale_ferreteria_mov (vfe_id,pro_codigo_plu,vfm_cantidad,vfm_unitario,vfm_total,vfm_entregado) VALUES (1843,765000,1,390,390,@@@NO@@@)','',2,'2013-06-08'),(23631,'INSERT INTO gne_vale_ferreteria (vfe_id,vfe_fecha,vfe_total,vfe_estado,vfe_entregado,usu_nusuario) VALUES (1844,@@@2013.06.08@@@,910,1,0,@@@b_SAEZ@@@)','',2,'2013-06-08'),(23632,'INSERT INTO gne_vale_ferreteria_mov (vfe_id,pro_codigo_plu,vfm_cantidad,vfm_unitario,vfm_total,vfm_entregado) VALUES (1844,763831,1,200,200,@@@NO@@@)','',2,'2013-06-08'),(23633,'INSERT INTO gne_vale_ferreteria_mov (vfe_id,pro_codigo_plu,vfm_cantidad,vfm_unitario,vfm_total,vfm_entregado) VALUES (1844,763800,1,470,470,@@@NO@@@)','',2,'2013-06-08'),(23634,'INSERT INTO gne_vale_ferreteria_mov (vfe_id,pro_codigo_plu,vfm_cantidad,vfm_unitario,vfm_total,vfm_entregado) VALUES (1844,8022,2,120,240,@@@NO@@@)','',2,'2013-06-08'),(23635,'INSERT INTO gne_vale_ferreteria (vfe_id,vfe_fecha,vfe_total,vfe_estado,vfe_entregado,usu_nusuario) VALUES (1845,@@@2013.06.08@@@,620,1,0,@@@b_SAEZ@@@)','',2,'2013-06-08'),(23636,'INSERT INTO gne_vale_ferreteria_mov (vfe_id,pro_codigo_plu,vfm_cantidad,vfm_unitario,vfm_total,vfm_entregado) VALUES (1845,11378,1,620,620,@@@NO@@@)','',2,'2013-06-08'),(23637,'INSERT INTO mae_productos (pro_codigo_plu,pro_codigo_barra,pro_tipo,pro_nombre_producto,pro_nombre_corto,med_id,emb_id,pro_unidades_embalaje,dep_id,lin_id,mar_id,pro_precio_compra_neto,pro_precio_compra_bruto,pro_precio_venta,pro_margen_actual,pro_oferta,pro_fecha_inicio_oferta,pro_fecha_termino_oferta,pro_precio_oferta,pro_stock_minimo,pro_stock_critico,pro_entradas_bodega,pro_salidas_bodega,pro_mermas_bodega,pro_ajustes_bodega,pro_entradas_sv,pro_salidas_sv,pro_mermas_sv,pro_ajustes_sv,pro_activo,rec_numero,pro_unidad,pro_capacidad,pro_consumo_bodega,pro_consumo_sv,pro_estado,pro_funcion_plu,pro_flejes,pro_iva,pro_plu_asociado,pro_envase,pro_duracion,pro_numero_etiqueta) VALUES (780220195,@@@7807265982934@@@,@@@0@@@,@@@CARTON PIEDRA GRUESO @@@,@@@CARTON PIEDRA GR@@@,@@@1 @@@,@@@3 @@@,@@@0@@@,@@@24 @@@,@@@137@@@,@@@2507@@@,@@@0@@@,@@@0@@@,@@@590@@@,@@@0@@@,@@@@@@,@@@2013.06.08@@@,@@@2013.06.08@@@,@@@0@@@,@@@0@@@,@@@0@@@,@@@0@@@,@@@0@@@,@@@0@@@,@@@0@@@,@@@0@@@,@@@0@@@,@@@0@@@,@@@0@@@,@@@1@@@,@@@0@@@,0,1,0,0,2,0,1,1,0,@@@NO@@@,0,0)','',2,'2013-06-08'),(23638,'DELETE FROM mae_impuestos_productos WHERE pro_codigo_plu=@@@780220195@@@','',2,'2013-06-08'),(23639,'INSERT INTO gne_vale_ferreteria (vfe_id,vfe_fecha,vfe_total,vfe_estado,vfe_entregado,usu_nusuario) VALUES (1846,@@@2013.06.08@@@,490,1,0,@@@b_SAEZ@@@)','',2,'2013-06-08'),(23640,'INSERT INTO gne_vale_ferreteria_mov (vfe_id,pro_codigo_plu,vfm_cantidad,vfm_unitario,vfm_total,vfm_entregado) VALUES (1846,764253,1,490,490,@@@NO@@@)','',2,'2013-06-08'),(23641,'INSERT INTO gne_vale_ferreteria (vfe_id,vfe_fecha,vfe_total,vfe_estado,vfe_entregado,usu_nusuario) VALUES (1847,@@@2013.06.08@@@,1990,1,0,@@@b_SAEZ@@@)','',2,'2013-06-08'),(23642,'INSERT INTO gne_vale_ferreteria_mov (vfe_id,pro_codigo_plu,vfm_cantidad,vfm_unitario,vfm_total,vfm_entregado) VALUES (1847,764803,1,1990,1990,@@@NO@@@)','',2,'2013-06-08'),(23643,'INSERT INTO gne_vale_ferreteria (vfe_id,vfe_fecha,vfe_total,vfe_estado,vfe_entregado,usu_nusuario) VALUES (1848,@@@2013.06.08@@@,50,1,0,@@@b_SAEZ@@@)','',2,'2013-06-08'),(23644,'INSERT INTO gne_vale_ferreteria_mov (vfe_id,pro_codigo_plu,vfm_cantidad,vfm_unitario,vfm_total,vfm_entregado) VALUES (1848,780220123,1,50,50,@@@NO@@@)','',2,'2013-06-08'),(23645,'INSERT INTO gne_vale_ferreteria (vfe_id,vfe_fecha,vfe_total,vfe_estado,vfe_entregado,usu_nusuario) VALUES (1849,@@@2013.06.08@@@,620,1,0,@@@b_SAEZ@@@)','',2,'2013-06-08'),(23646,'INSERT INTO gne_vale_ferreteria_mov (vfe_id,pro_codigo_plu,vfm_cantidad,vfm_unitario,vfm_total,vfm_entregado) VALUES (1849,763832,1,620,620,@@@NO@@@)','',2,'2013-06-08'),(23647,'INSERT INTO mae_productos (pro_codigo_plu,pro_codigo_barra,pro_tipo,pro_nombre_producto,pro_nombre_corto,med_id,emb_id,pro_unidades_embalaje,dep_id,lin_id,mar_id,pro_precio_compra_neto,pro_precio_compra_bruto,pro_precio_venta,pro_margen_actual,pro_oferta,pro_fecha_inicio_oferta,pro_fecha_termino_oferta,pro_precio_oferta,pro_stock_minimo,pro_stock_critico,pro_entradas_bodega,pro_salidas_bodega,pro_mermas_bodega,pro_ajustes_bodega,pro_entradas_sv,pro_salidas_sv,pro_mermas_sv,pro_ajustes_sv,pro_activo,rec_numero,pro_unidad,pro_capacidad,pro_consumo_bodega,pro_consumo_sv,pro_estado,pro_funcion_plu,pro_flejes,pro_iva,pro_plu_asociado,pro_envase,pro_duracion,pro_numero_etiqueta) VALUES (780220196,@@@7807210577109@@@,@@@0@@@,@@@PINCEL N 10@@@,@@@PINCEL N 10@@@,@@@1 @@@,@@@3 @@@,@@@0@@@,@@@24 @@@,@@@137@@@,@@@2407@@@,@@@0@@@,@@@0@@@,@@@300@@@,@@@0@@@,@@@@@@,@@@2013.06.08@@@,@@@2013.06.08@@@,@@@0@@@,@@@0@@@,@@@0@@@,@@@0@@@,@@@0@@@,@@@0@@@,@@@0@@@,@@@0@@@,@@@0@@@,@@@0@@@,@@@0@@@,@@@1@@@,@@@0@@@,0,1,0,0,2,0,1,1,0,@@@NO@@@,0,0)','',2,'2013-06-08'),(23648,'DELETE FROM mae_impuestos_productos WHERE pro_codigo_plu=@@@780220196@@@','',2,'2013-06-08'),(23649,'INSERT INTO gne_vale_ferreteria (vfe_id,vfe_fecha,vfe_total,vfe_estado,vfe_entregado,usu_nusuario) VALUES (1850,@@@2013.06.08@@@,210,1,0,@@@b_SAEZ@@@)','',2,'2013-06-08'),(23650,'INSERT INTO gne_vale_ferreteria_mov (vfe_id,pro_codigo_plu,vfm_cantidad,vfm_unitario,vfm_total,vfm_entregado) VALUES (1850,770088,3,70,210,@@@NO@@@)','',2,'2013-06-08'),(23651,'INSERT INTO mae_productos (pro_codigo_plu,pro_codigo_barra,pro_tipo,pro_nombre_producto,pro_nombre_corto,med_id,emb_id,pro_unidades_embalaje,dep_id,lin_id,mar_id,pro_precio_compra_neto,pro_precio_compra_bruto,pro_precio_venta,pro_margen_actual,pro_oferta,pro_fecha_inicio_oferta,pro_fecha_termino_oferta,pro_precio_oferta,pro_stock_minimo,pro_stock_critico,pro_entradas_bodega,pro_salidas_bodega,pro_mermas_bodega,pro_ajustes_bodega,pro_entradas_sv,pro_salidas_sv,pro_mermas_sv,pro_ajustes_sv,pro_activo,rec_numero,pro_unidad,pro_capacidad,pro_consumo_bodega,pro_consumo_sv,pro_estado,pro_funcion_plu,pro_flejes,pro_iva,pro_plu_asociado,pro_envase,pro_duracion,pro_numero_etiqueta) VALUES (780220197,@@@7807210577086@@@,@@@0@@@,@@@PINCEL N 8@@@,@@@PINCEL N 8@@@,@@@1 @@@,@@@3 @@@,@@@0@@@,@@@24 @@@,@@@137@@@,@@@2507@@@,@@@0@@@,@@@0@@@,@@@280@@@,@@@0@@@,@@@@@@,@@@2013.06.08@@@,@@@2013.06.08@@@,@@@0@@@,@@@0@@@,@@@0@@@,@@@0@@@,@@@0@@@,@@@0@@@,@@@0@@@,@@@0@@@,@@@0@@@,@@@0@@@,@@@0@@@,@@@1@@@,@@@0@@@,0,1,0,0,2,0,1,1,0,@@@NO@@@,0,0)','',2,'2013-06-08'),(23652,'DELETE FROM mae_impuestos_productos WHERE pro_codigo_plu=@@@780220197@@@','',2,'2013-06-08'),(23653,'INSERT INTO mae_productos (pro_codigo_plu,pro_codigo_barra,pro_tipo,pro_nombre_producto,pro_nombre_corto,med_id,emb_id,pro_unidades_embalaje,dep_id,lin_id,mar_id,pro_precio_compra_neto,pro_precio_compra_bruto,pro_precio_venta,pro_margen_actual,pro_oferta,pro_fecha_inicio_oferta,pro_fecha_termino_oferta,pro_precio_oferta,pro_stock_minimo,pro_stock_critico,pro_entradas_bodega,pro_salidas_bodega,pro_mermas_bodega,pro_ajustes_bodega,pro_entradas_sv,pro_salidas_sv,pro_mermas_sv,pro_ajustes_sv,pro_activo,rec_numero,pro_unidad,pro_capacidad,pro_consumo_bodega,pro_consumo_sv,pro_estado,pro_funcion_plu,pro_flejes,pro_iva,pro_plu_asociado,pro_envase,pro_duracion,pro_numero_etiqueta) VALUES (780220198,@@@7807210577123@@@,@@@0@@@,@@@PINCEL N 12@@@,@@@PINCEL N 12@@@,@@@1 @@@,@@@3 @@@,@@@0@@@,@@@24 @@@,@@@137@@@,@@@2407@@@,@@@0@@@,@@@0@@@,@@@350@@@,@@@0@@@,@@@@@@,@@@2013.06.08@@@,@@@2013.06.08@@@,@@@0@@@,@@@0@@@,@@@0@@@,@@@0@@@,@@@0@@@,@@@0@@@,@@@0@@@,@@@0@@@,@@@0@@@,@@@0@@@,@@@0@@@,@@@1@@@,@@@0@@@,0,1,0,0,2,0,1,1,0,@@@NO@@@,0,0)','',2,'2013-06-08'),(23654,'DELETE FROM mae_impuestos_productos WHERE pro_codigo_plu=@@@780220198@@@','',2,'2013-06-08'),(23655,'INSERT INTO mae_productos (pro_codigo_plu,pro_codigo_barra,pro_tipo,pro_nombre_producto,pro_nombre_corto,med_id,emb_id,pro_unidades_embalaje,dep_id,lin_id,mar_id,pro_precio_compra_neto,pro_precio_compra_bruto,pro_precio_venta,pro_margen_actual,pro_oferta,pro_fecha_inicio_oferta,pro_fecha_termino_oferta,pro_precio_oferta,pro_stock_minimo,pro_stock_critico,pro_entradas_bodega,pro_salidas_bodega,pro_mermas_bodega,pro_ajustes_bodega,pro_entradas_sv,pro_salidas_sv,pro_mermas_sv,pro_ajustes_sv,pro_activo,rec_numero,pro_unidad,pro_capacidad,pro_consumo_bodega,pro_consumo_sv,pro_estado,pro_funcion_plu,pro_flejes,pro_iva,pro_plu_asociado,pro_envase,pro_duracion,pro_numero_etiqueta) VALUES (780220199,@@@7807210577000@@@,@@@0@@@,@@@PINCEL N 0@@@,@@@PINCEL N 0@@@,@@@1 @@@,@@@3 @@@,@@@0@@@,@@@24 @@@,@@@137@@@,@@@2407@@@,@@@0@@@,@@@0@@@,@@@150@@@,@@@0@@@,@@@@@@,@@@2013.06.08@@@,@@@2013.06.08@@@,@@@0@@@,@@@0@@@,@@@0@@@,@@@0@@@,@@@0@@@,@@@0@@@,@@@0@@@,@@@0@@@,@@@0@@@,@@@0@@@,@@@0@@@,@@@1@@@,@@@0@@@,0,1,0,0,2,0,1,1,0,@@@NO@@@,0,0)','',2,'2013-06-08'),(23656,'DELETE FROM mae_impuestos_productos WHERE pro_codigo_plu=@@@780220199@@@','',2,'2013-06-08'),(23657,'INSERT INTO mae_productos (pro_codigo_plu,pro_codigo_barra,pro_tipo,pro_nombre_producto,pro_nombre_corto,med_id,emb_id,pro_unidades_embalaje,dep_id,lin_id,mar_id,pro_precio_compra_neto,pro_precio_compra_bruto,pro_precio_venta,pro_margen_actual,pro_oferta,pro_fecha_inicio_oferta,pro_fecha_termino_oferta,pro_precio_oferta,pro_stock_minimo,pro_stock_critico,pro_entradas_bodega,pro_salidas_bodega,pro_mermas_bodega,pro_ajustes_bodega,pro_entradas_sv,pro_salidas_sv,pro_mermas_sv,pro_ajustes_sv,pro_activo,rec_numero,pro_unidad,pro_capacidad,pro_consumo_bodega,pro_consumo_sv,pro_estado,pro_funcion_plu,pro_flejes,pro_iva,pro_plu_asociado,pro_envase,pro_duracion,pro_numero_etiqueta) VALUES (780220200,@@@7807210577048@@@,@@@0@@@,@@@PINCEL N 4@@@,@@@PINCEL N 4@@@,@@@1 @@@,@@@3 @@@,@@@0@@@,@@@24 @@@,@@@137@@@,@@@2407@@@,@@@0@@@,@@@0@@@,@@@180@@@,@@@0@@@,@@@@@@,@@@2013.06.08@@@,@@@2013.06.08@@@,@@@0@@@,@@@0@@@,@@@0@@@,@@@0@@@,@@@0@@@,@@@0@@@,@@@0@@@,@@@0@@@,@@@0@@@,@@@0@@@,@@@0@@@,@@@1@@@,@@@0@@@,0,1,0,0,2,0,1,1,0,@@@NO@@@,0,0)','',2,'2013-06-08'),(23658,'DELETE FROM mae_impuestos_productos WHERE pro_codigo_plu=@@@780220200@@@','',2,'2013-06-08'),(23659,'INSERT INTO mae_productos (pro_codigo_plu,pro_codigo_barra,pro_tipo,pro_nombre_producto,pro_nombre_corto,med_id,emb_id,pro_unidades_embalaje,dep_id,lin_id,mar_id,pro_precio_compra_neto,pro_precio_compra_bruto,pro_precio_venta,pro_margen_actual,pro_oferta,pro_fecha_inicio_oferta,pro_fecha_termino_oferta,pro_precio_oferta,pro_stock_minimo,pro_stock_critico,pro_entradas_bodega,pro_salidas_bodega,pro_mermas_bodega,pro_ajustes_bodega,pro_entradas_sv,pro_salidas_sv,pro_mermas_sv,pro_ajustes_sv,pro_activo,rec_numero,pro_unidad,pro_capacidad,pro_consumo_bodega,pro_consumo_sv,pro_estado,pro_funcion_plu,pro_flejes,pro_iva,pro_plu_asociado,pro_envase,pro_duracion,pro_numero_etiqueta) VALUES (780721057,@@@7807210577062@@@,@@@0@@@,@@@PINCEL N 6@@@,@@@PINCEL N 6@@@,@@@1 @@@,@@@3 @@@,@@@0@@@,@@@24 @@@,@@@137@@@,@@@2407@@@,@@@0@@@,@@@0@@@,@@@190@@@,@@@0@@@,@@@@@@,@@@2013.06.08@@@,@@@2013.06.08@@@,@@@0@@@,@@@0@@@,@@@0@@@,@@@0@@@,@@@0@@@,@@@0@@@,@@@0@@@,@@@0@@@,@@@0@@@,@@@0@@@,@@@0@@@,@@@1@@@,@@@0@@@,0,1,0,0,2,0,1,1,0,@@@NO@@@,0,0)','',2,'2013-06-08'),(23660,'DELETE FROM mae_impuestos_productos WHERE pro_codigo_plu=@@@780721057@@@','',2,'2013-06-08'),(23661,'INSERT INTO mae_productos (pro_codigo_plu,pro_codigo_barra,pro_tipo,pro_nombre_producto,pro_nombre_corto,med_id,emb_id,pro_unidades_embalaje,dep_id,lin_id,mar_id,pro_precio_compra_neto,pro_precio_compra_bruto,pro_precio_venta,pro_margen_actual,pro_oferta,pro_fecha_inicio_oferta,pro_fecha_termino_oferta,pro_precio_oferta,pro_stock_minimo,pro_stock_critico,pro_entradas_bodega,pro_salidas_bodega,pro_mermas_bodega,pro_ajustes_bodega,pro_entradas_sv,pro_salidas_sv,pro_mermas_sv,pro_ajustes_sv,pro_activo,rec_numero,pro_unidad,pro_capacidad,pro_consumo_bodega,pro_consumo_sv,pro_estado,pro_funcion_plu,pro_flejes,pro_iva,pro_plu_asociado,pro_envase,pro_duracion,pro_numero_etiqueta) VALUES (880005,@@@880005@@@,@@@0@@@,@@@ROLLO TERMICO@@@,@@@ROLLO TERMICO@@@,@@@1 @@@,@@@3 @@@,@@@0@@@,@@@24 @@@,@@@137@@@,@@@2507@@@,@@@0@@@,@@@0@@@,@@@890@@@,@@@0@@@,@@@@@@,@@@2013.06.08@@@,@@@2013.06.08@@@,@@@0@@@,@@@0@@@,@@@0@@@,@@@0@@@,@@@0@@@,@@@0@@@,@@@0@@@,@@@0@@@,@@@0@@@,@@@0@@@,@@@0@@@,@@@1@@@,@@@0@@@,0,1,0,0,2,0,1,1,0,@@@NO@@@,0,0)','',2,'2013-06-08'),(23662,'DELETE FROM mae_impuestos_productos WHERE pro_codigo_plu=@@@880005@@@','',2,'2013-06-08'),(23663,'UPDATE mae_productos SET pro_margen_actual=0,pro_precio_venta=590 WHERE pro_codigo_plu=780220195','',2,'2013-06-08'),(23664,'UPDATE mae_productos SET pro_margen_actual=0,pro_precio_venta=370 WHERE pro_codigo_plu=780220193','',2,'2013-06-08'),(23665,'UPDATE mae_productos SET pro_margen_actual=0,pro_precio_venta=370 WHERE pro_codigo_plu=780220192','',2,'2013-06-08'),(23666,'UPDATE mae_productos SET pro_margen_actual=0,pro_precio_venta=370 WHERE pro_codigo_plu=780220194','',2,'2013-06-08'),(23667,'UPDATE mae_productos SET pro_margen_actual=0,pro_precio_venta=150 WHERE pro_codigo_plu=780220199','',2,'2013-06-08'),(23668,'UPDATE mae_productos SET pro_margen_actual=0,pro_precio_venta=300 WHERE pro_codigo_plu=780220196','',2,'2013-06-08'),(23669,'UPDATE mae_productos SET pro_margen_actual=0,pro_precio_venta=350 WHERE pro_codigo_plu=780220198','',2,'2013-06-08'),(23670,'UPDATE mae_productos SET pro_margen_actual=0,pro_precio_venta=180 WHERE pro_codigo_plu=780220200','',2,'2013-06-08'),(23671,'UPDATE mae_productos SET pro_margen_actual=0,pro_precio_venta=190 WHERE pro_codigo_plu=780721057','',2,'2013-06-08'),(23672,'UPDATE mae_productos SET pro_margen_actual=0,pro_precio_venta=280 WHERE pro_codigo_plu=780220197','',2,'2013-06-08'),(23673,'UPDATE mae_productos SET pro_margen_actual=0,pro_precio_venta=890 WHERE pro_codigo_plu=880005','',2,'2013-06-08'),(23674,'UPDATE mae_productos SET pro_margen_actual=0,pro_precio_venta=100 WHERE pro_codigo_plu=770063','',2,'2013-06-08'),(23675,'UPDATE mae_productos SET pro_margen_actual=0,pro_precio_venta=150 WHERE pro_codigo_plu=770062','',2,'2013-06-08'),(23676,'INSERT INTO gne_vale_ferreteria (vfe_id,vfe_fecha,vfe_total,vfe_estado,vfe_entregado,usu_nusuario) VALUES (1851,@@@2013.06.08@@@,2190,1,0,@@@b_SAEZ@@@)','',2,'2013-06-08'),(23677,'INSERT INTO gne_vale_ferreteria_mov (vfe_id,pro_codigo_plu,vfm_cantidad,vfm_unitario,vfm_total,vfm_entregado) VALUES (1851,764674,1,2190,2190,@@@NO@@@)','',2,'2013-06-08'),(23678,'INSERT INTO gne_vale_ferreteria (vfe_id,vfe_fecha,vfe_total,vfe_estado,vfe_entregado,usu_nusuario) VALUES (1852,@@@2013.06.08@@@,540,1,0,@@@b_SAEZ@@@)','',2,'2013-06-08'),(23679,'INSERT INTO gne_vale_ferreteria_mov (vfe_id,pro_codigo_plu,vfm_cantidad,vfm_unitario,vfm_total,vfm_entregado) VALUES (1852,19916,1,540,540,@@@NO@@@)','',2,'2013-06-08'),(23680,'INSERT INTO mae_productos (pro_codigo_plu,pro_codigo_barra,pro_tipo,pro_nombre_producto,pro_nombre_corto,med_id,emb_id,pro_unidades_embalaje,dep_id,lin_id,mar_id,pro_precio_compra_neto,pro_precio_compra_bruto,pro_precio_venta,pro_margen_actual,pro_oferta,pro_fecha_inicio_oferta,pro_fecha_termino_oferta,pro_precio_oferta,pro_stock_minimo,pro_stock_critico,pro_entradas_bodega,pro_salidas_bodega,pro_mermas_bodega,pro_ajustes_bodega,pro_entradas_sv,pro_salidas_sv,pro_mermas_sv,pro_ajustes_sv,pro_activo,rec_numero,pro_unidad,pro_capacidad,pro_consumo_bodega,pro_consumo_sv,pro_estado,pro_funcion_plu,pro_flejes,pro_iva,pro_plu_asociado,pro_envase,pro_duracion,pro_numero_etiqueta) VALUES (880006,@@@880006@@@,@@@0@@@,@@@TETE MAMADERA ECONOMICO@@@,@@@TETE MAMADERA EC@@@,@@@1 @@@,@@@3 @@@,@@@0@@@,@@@21 @@@,@@@120@@@,@@@2507@@@,@@@0@@@,@@@0@@@,@@@200@@@,@@@0@@@,@@@@@@,@@@2013.06.08@@@,@@@2013.06.08@@@,@@@0@@@,@@@0@@@,@@@0@@@,@@@0@@@,@@@0@@@,@@@0@@@,@@@0@@@,@@@0@@@,@@@0@@@,@@@0@@@,@@@0@@@,@@@1@@@,@@@0@@@,0,1,0,0,2,0,1,1,0,@@@NO@@@,0,0)','',2,'2013-06-08'),(23681,'DELETE FROM mae_impuestos_productos WHERE pro_codigo_plu=@@@880006@@@','',2,'2013-06-08'),(23682,'INSERT INTO mae_productos (pro_codigo_plu,pro_codigo_barra,pro_tipo,pro_nombre_producto,pro_nombre_corto,med_id,emb_id,pro_unidades_embalaje,dep_id,lin_id,mar_id,pro_precio_compra_neto,pro_precio_compra_bruto,pro_precio_venta,pro_margen_actual,pro_oferta,pro_fecha_inicio_oferta,pro_fecha_termino_oferta,pro_precio_oferta,pro_stock_minimo,pro_stock_critico,pro_entradas_bodega,pro_salidas_bodega,pro_mermas_bodega,pro_ajustes_bodega,pro_entradas_sv,pro_salidas_sv,pro_mermas_sv,pro_ajustes_sv,pro_activo,rec_numero,pro_unidad,pro_capacidad,pro_consumo_bodega,pro_consumo_sv,pro_estado,pro_funcion_plu,pro_flejes,pro_iva,pro_plu_asociado,pro_envase,pro_duracion,pro_numero_etiqueta) VALUES (780721058,@@@7807210120206@@@,@@@0@@@,@@@LAPICES DE CERA ARTEL @@@,@@@LAPICES DE CERA @@@,@@@1 @@@,@@@3 @@@,@@@0@@@,@@@24 @@@,@@@137@@@,@@@2407@@@,@@@0@@@,@@@0@@@,@@@520@@@,@@@0@@@,@@@@@@,@@@2013.06.08@@@,@@@2013.06.08@@@,@@@0@@@,@@@0@@@,@@@0@@@,@@@0@@@,@@@0@@@,@@@0@@@,@@@0@@@,@@@0@@@,@@@0@@@,@@@0@@@,@@@0@@@,@@@1@@@,@@@0@@@,0,12,0,0,2,0,1,1,0,@@@NO@@@,0,0)','',2,'2013-06-08'),(23683,'DELETE FROM mae_impuestos_productos WHERE pro_codigo_plu=@@@780721058@@@','',2,'2013-06-08'),(23684,'INSERT INTO gne_vale_ferreteria (vfe_id,vfe_fecha,vfe_total,vfe_estado,vfe_entregado,usu_nusuario) VALUES (1853,@@@2013.06.08@@@,2890,1,0,@@@b_SAEZ@@@)','',2,'2013-06-08'),(23685,'INSERT INTO gne_vale_ferreteria_mov (vfe_id,pro_codigo_plu,vfm_cantidad,vfm_unitario,vfm_total,vfm_entregado) VALUES (1853,4059,1,2590,2590,@@@NO@@@)','',2,'2013-06-08'),(23686,'INSERT INTO gne_vale_ferreteria_mov (vfe_id,pro_codigo_plu,vfm_cantidad,vfm_unitario,vfm_total,vfm_entregado) VALUES (1853,1042,1,300,300,@@@NO@@@)','',2,'2013-06-08'),(23687,'INSERT INTO gne_vale_ferreteria (vfe_id,vfe_fecha,vfe_total,vfe_estado,vfe_entregado,usu_nusuario) VALUES (1854,@@@2013.06.08@@@,390,1,0,@@@b_SAEZ@@@)','',2,'2013-06-08'),(23688,'INSERT INTO gne_vale_ferreteria_mov (vfe_id,pro_codigo_plu,vfm_cantidad,vfm_unitario,vfm_total,vfm_entregado) VALUES (1854,1535,1,390,390,@@@NO@@@)','',2,'2013-06-08'),(23689,'INSERT INTO gne_vale_ferreteria (vfe_id,vfe_fecha,vfe_total,vfe_estado,vfe_entregado,usu_nusuario) VALUES (1855,@@@2013.06.08@@@,200,1,0,@@@b_SAEZ@@@)','',2,'2013-06-08'),(23690,'INSERT INTO gne_vale_ferreteria_mov (vfe_id,pro_codigo_plu,vfm_cantidad,vfm_unitario,vfm_total,vfm_entregado) VALUES (1855,1542,2,100,200,@@@NO@@@)','',2,'2013-06-08'),(23691,'INSERT INTO gne_vale_ferreteria (vfe_id,vfe_fecha,vfe_total,vfe_estado,vfe_entregado,usu_nusuario) VALUES (1856,@@@2013.06.08@@@,100,1,0,@@@b_SAEZ@@@)','',2,'2013-06-08'),(23692,'INSERT INTO gne_vale_ferreteria_mov (vfe_id,pro_codigo_plu,vfm_cantidad,vfm_unitario,vfm_total,vfm_entregado) VALUES (1856,1542,1,100,100,@@@NO@@@)','',2,'2013-06-08'),(23693,'INSERT INTO gne_vale_ferreteria (vfe_id,vfe_fecha,vfe_total,vfe_estado,vfe_entregado,usu_nusuario) VALUES (1857,@@@2013.06.08@@@,980,1,0,@@@b_SAEZ@@@)','',2,'2013-06-08'),(23694,'INSERT INTO gne_vale_ferreteria_mov (vfe_id,pro_codigo_plu,vfm_cantidad,vfm_unitario,vfm_total,vfm_entregado) VALUES (1857,2009,2,490,980,@@@NO@@@)','',2,'2013-06-08'),(23695,'INSERT INTO gne_vale_ferreteria (vfe_id,vfe_fecha,vfe_total,vfe_estado,vfe_entregado,usu_nusuario) VALUES (1858,@@@2013.06.08@@@,900,1,0,@@@b_SAEZ@@@)','',2,'2013-06-08'),(23696,'INSERT INTO gne_vale_ferreteria_mov (vfe_id,pro_codigo_plu,vfm_cantidad,vfm_unitario,vfm_total,vfm_entregado) VALUES (1858,764539,1,450,450,@@@NO@@@)','',2,'2013-06-08'),(23697,'INSERT INTO gne_vale_ferreteria_mov (vfe_id,pro_codigo_plu,vfm_cantidad,vfm_unitario,vfm_total,vfm_entregado) VALUES (1858,763834,1,450,450,@@@NO@@@)','',2,'2013-06-08'),(23698,'INSERT INTO gne_vale_ferreteria (vfe_id,vfe_fecha,vfe_total,vfe_estado,vfe_entregado,usu_nusuario) VALUES (1859,@@@2013.06.08@@@,490,1,0,@@@b_SAEZ@@@)','',2,'2013-06-08'),(23699,'INSERT INTO gne_vale_ferreteria_mov (vfe_id,pro_codigo_plu,vfm_cantidad,vfm_unitario,vfm_total,vfm_entregado) VALUES (1859,8021,1,150,150,@@@NO@@@)','',2,'2013-06-08'),(23700,'INSERT INTO gne_vale_ferreteria_mov (vfe_id,pro_codigo_plu,vfm_cantidad,vfm_unitario,vfm_total,vfm_entregado) VALUES (1859,4129,1,50,50,@@@NO@@@)','',2,'2013-06-08'),(23701,'INSERT INTO gne_vale_ferreteria_mov (vfe_id,pro_codigo_plu,vfm_cantidad,vfm_unitario,vfm_total,vfm_entregado) VALUES (1859,764296,1,290,290,@@@NO@@@)','',2,'2013-06-08'),(23702,'INSERT INTO gne_vale_ferreteria (vfe_id,vfe_fecha,vfe_total,vfe_estado,vfe_entregado,usu_nusuario) VALUES (1860,@@@2013.06.08@@@,50,1,0,@@@b_SAEZ@@@)','',2,'2013-06-08'),(23703,'INSERT INTO gne_vale_ferreteria_mov (vfe_id,pro_codigo_plu,vfm_cantidad,vfm_unitario,vfm_total,vfm_entregado) VALUES (1860,78017146,1,50,50,@@@NO@@@)','',2,'2013-06-08'),(23704,'INSERT INTO gne_vale_ferreteria (vfe_id,vfe_fecha,vfe_total,vfe_estado,vfe_entregado,usu_nusuario) VALUES (1861,@@@2013.06.08@@@,2690,1,0,@@@b_SAEZ@@@)','',2,'2013-06-08'),(23705,'INSERT INTO gne_vale_ferreteria_mov (vfe_id,pro_codigo_plu,vfm_cantidad,vfm_unitario,vfm_total,vfm_entregado) VALUES (1861,1542,1,100,100,@@@NO@@@)','',2,'2013-06-08'),(23706,'INSERT INTO gne_vale_ferreteria_mov (vfe_id,pro_codigo_plu,vfm_cantidad,vfm_unitario,vfm_total,vfm_entregado) VALUES (1861,12719,2,350,700,@@@NO@@@)','',2,'2013-06-08'),(23707,'INSERT INTO gne_vale_ferreteria_mov (vfe_id,pro_codigo_plu,vfm_cantidad,vfm_unitario,vfm_total,vfm_entregado) VALUES (1861,101625,1,1890,1890,@@@NO@@@)','',2,'2013-06-08'),(23708,'INSERT INTO gne_vale_ferreteria (vfe_id,vfe_fecha,vfe_total,vfe_estado,vfe_entregado,usu_nusuario) VALUES (1862,@@@2013.06.08@@@,490,1,0,@@@b_SAEZ@@@)','',2,'2013-06-08'),(23709,'INSERT INTO gne_vale_ferreteria_mov (vfe_id,pro_codigo_plu,vfm_cantidad,vfm_unitario,vfm_total,vfm_entregado) VALUES (1862,763844,1,490,490,@@@NO@@@)','',2,'2013-06-08'),(23710,'INSERT INTO gne_vale_ferreteria (vfe_id,vfe_fecha,vfe_total,vfe_estado,vfe_entregado,usu_nusuario) VALUES (1863,@@@2013.06.08@@@,500,1,0,@@@b_SAEZ@@@)','',2,'2013-06-08'),(23711,'INSERT INTO gne_vale_ferreteria_mov (vfe_id,pro_codigo_plu,vfm_cantidad,vfm_unitario,vfm_total,vfm_entregado) VALUES (1863,780220102,2,250,500,@@@NO@@@)','',2,'2013-06-08'),(23712,'INSERT INTO gne_vale_ferreteria (vfe_id,vfe_fecha,vfe_total,vfe_estado,vfe_entregado,usu_nusuario) VALUES (1864,@@@2013.06.08@@@,2180,1,0,@@@b_SAEZ@@@)','',2,'2013-06-08'),(23713,'INSERT INTO gne_vale_ferreteria_mov (vfe_id,pro_codigo_plu,vfm_cantidad,vfm_unitario,vfm_total,vfm_entregado) VALUES (1864,764880,1,1690,1690,@@@NO@@@)','',2,'2013-06-08'),(23714,'INSERT INTO gne_vale_ferreteria_mov (vfe_id,pro_codigo_plu,vfm_cantidad,vfm_unitario,vfm_total,vfm_entregado) VALUES (1864,764529,1,490,490,@@@NO@@@)','',2,'2013-06-08'),(23715,'INSERT INTO gne_vale_ferreteria (vfe_id,vfe_fecha,vfe_total,vfe_estado,vfe_entregado,usu_nusuario) VALUES (1865,@@@2013.06.08@@@,150,1,0,@@@b_SAEZ@@@)','',2,'2013-06-08'),(23716,'INSERT INTO gne_vale_ferreteria_mov (vfe_id,pro_codigo_plu,vfm_cantidad,vfm_unitario,vfm_total,vfm_entregado) VALUES (1865,78017171,1,150,150,@@@NO@@@)','',2,'2013-06-08'),(23717,'INSERT INTO gne_vale_ferreteria (vfe_id,vfe_fecha,vfe_total,vfe_estado,vfe_entregado,usu_nusuario) VALUES (1866,@@@2013.06.08@@@,1690,1,0,@@@b_SAEZ@@@)','',2,'2013-06-08'),(23718,'INSERT INTO gne_vale_ferreteria_mov (vfe_id,pro_codigo_plu,vfm_cantidad,vfm_unitario,vfm_total,vfm_entregado) VALUES (1866,101563,1,1690,1690,@@@NO@@@)','',2,'2013-06-08'),(23719,'INSERT INTO gne_vale_ferreteria (vfe_id,vfe_fecha,vfe_total,vfe_estado,vfe_entregado,usu_nusuario) VALUES (1867,@@@2013.06.08@@@,880,1,0,@@@b_SAEZ@@@)','',2,'2013-06-08'),(23720,'INSERT INTO gne_vale_ferreteria_mov (vfe_id,pro_codigo_plu,vfm_cantidad,vfm_unitario,vfm_total,vfm_entregado) VALUES (1867,1552,1,490,490,@@@NO@@@)','',2,'2013-06-08'),(23721,'INSERT INTO gne_vale_ferreteria_mov (vfe_id,pro_codigo_plu,vfm_cantidad,vfm_unitario,vfm_total,vfm_entregado) VALUES (1867,1535,1,390,390,@@@NO@@@)','',2,'2013-06-08'),(23722,'INSERT INTO gne_vale_ferreteria (vfe_id,vfe_fecha,vfe_total,vfe_estado,vfe_entregado,usu_nusuario) VALUES (1868,@@@2013.06.08@@@,695,1,0,@@@b_SAEZ@@@)','',2,'2013-06-08'),(23723,'INSERT INTO gne_vale_ferreteria_mov (vfe_id,pro_codigo_plu,vfm_cantidad,vfm_unitario,vfm_total,vfm_entregado) VALUES (1868,7050,1,695,695,@@@NO@@@)','',2,'2013-06-08'),(23724,'INSERT INTO gne_vale_ferreteria (vfe_id,vfe_fecha,vfe_total,vfe_estado,vfe_entregado,usu_nusuario) VALUES (1869,@@@2013.06.08@@@,90,1,0,@@@b_SAEZ@@@)','',2,'2013-06-08'),(23725,'INSERT INTO gne_vale_ferreteria_mov (vfe_id,pro_codigo_plu,vfm_cantidad,vfm_unitario,vfm_total,vfm_entregado) VALUES (1869,78017147,1,90,90,@@@NO@@@)','',2,'2013-06-08'),(23726,'INSERT INTO gne_vale_ferreteria (vfe_id,vfe_fecha,vfe_total,vfe_estado,vfe_entregado,usu_nusuario) VALUES (1870,@@@2013.06.08@@@,520,1,0,@@@b_SAEZ@@@)','',2,'2013-06-08'),(23727,'INSERT INTO gne_vale_ferreteria_mov (vfe_id,pro_codigo_plu,vfm_cantidad,vfm_unitario,vfm_total,vfm_entregado) VALUES (1870,78017173,1,520,520,@@@NO@@@)','',2,'2013-06-08'),(23728,'INSERT INTO gne_vale_ferreteria (vfe_id,vfe_fecha,vfe_total,vfe_estado,vfe_entregado,usu_nusuario) VALUES (1871,@@@2013.06.08@@@,380,1,0,@@@b_SAEZ@@@)','',2,'2013-06-08'),(23729,'INSERT INTO gne_vale_ferreteria_mov (vfe_id,pro_codigo_plu,vfm_cantidad,vfm_unitario,vfm_total,vfm_entregado) VALUES (1871,1537,2,190,380,@@@NO@@@)','',2,'2013-06-08'),(23730,'INSERT INTO gne_vale_ferreteria (vfe_id,vfe_fecha,vfe_total,vfe_estado,vfe_entregado,usu_nusuario) VALUES (1872,@@@2013.06.08@@@,2250,1,0,@@@b_SAEZ@@@)','',2,'2013-06-08'),(23731,'INSERT INTO gne_vale_ferreteria_mov (vfe_id,pro_codigo_plu,vfm_cantidad,vfm_unitario,vfm_total,vfm_entregado) VALUES (1872,8021,15,150,2250,@@@NO@@@)','',2,'2013-06-08'),(23732,'INSERT INTO gne_vale_ferreteria (vfe_id,vfe_fecha,vfe_total,vfe_estado,vfe_entregado,usu_nusuario) VALUES (1873,@@@2013.06.08@@@,680,1,0,@@@b_SAEZ@@@)','',2,'2013-06-08'),(23733,'INSERT INTO gne_vale_ferreteria_mov (vfe_id,pro_codigo_plu,vfm_cantidad,vfm_unitario,vfm_total,vfm_entregado) VALUES (1873,101814,1,680,680,@@@NO@@@)','',2,'2013-06-08'),(23734,'INSERT INTO gne_vale_ferreteria (vfe_id,vfe_fecha,vfe_total,vfe_estado,vfe_entregado,usu_nusuario) VALUES (1874,@@@2013.06.08@@@,980,1,0,@@@b_SAEZ@@@)','',2,'2013-06-08'),(23735,'INSERT INTO gne_vale_ferreteria_mov (vfe_id,pro_codigo_plu,vfm_cantidad,vfm_unitario,vfm_total,vfm_entregado) VALUES (1874,101814,1,680,680,@@@NO@@@)','',2,'2013-06-08'),(23736,'INSERT INTO gne_vale_ferreteria_mov (vfe_id,pro_codigo_plu,vfm_cantidad,vfm_unitario,vfm_total,vfm_entregado) VALUES (1874,78017110,2,150,300,@@@NO@@@)','',2,'2013-06-08'),(23737,'INSERT INTO gne_vale_ferreteria (vfe_id,vfe_fecha,vfe_total,vfe_estado,vfe_entregado,usu_nusuario) VALUES (1875,@@@2013.06.08@@@,1590,1,0,@@@b_SAEZ@@@)','',2,'2013-06-08'),(23738,'INSERT INTO gne_vale_ferreteria_mov (vfe_id,pro_codigo_plu,vfm_cantidad,vfm_unitario,vfm_total,vfm_entregado) VALUES (1875,78017200,1,1590,1590,@@@NO@@@)','',2,'2013-06-08'),(23739,'INSERT INTO gne_vale_ferreteria (vfe_id,vfe_fecha,vfe_total,vfe_estado,vfe_entregado,usu_nusuario) VALUES (1876,@@@2013.06.08@@@,160,1,0,@@@b_SAEZ@@@)','',2,'2013-06-08'),(23740,'INSERT INTO gne_vale_ferreteria_mov (vfe_id,pro_codigo_plu,vfm_cantidad,vfm_unitario,vfm_total,vfm_entregado) VALUES (1876,770001,2,80,160,@@@NO@@@)','',2,'2013-06-08'),(23741,'INSERT INTO gne_vale_ferreteria (vfe_id,vfe_fecha,vfe_total,vfe_estado,vfe_entregado,usu_nusuario) VALUES (1877,@@@2013.06.08@@@,250,1,0,@@@b_SAEZ@@@)','',2,'2013-06-08'),(23742,'INSERT INTO gne_vale_ferreteria_mov (vfe_id,pro_codigo_plu,vfm_cantidad,vfm_unitario,vfm_total,vfm_entregado) VALUES (1877,780220096,1,250,250,@@@NO@@@)','',2,'2013-06-08'),(23743,'UPDATE mae_productos SET pro_margen_actual=0,pro_precio_venta=520 WHERE pro_codigo_plu=780721058','',2,'2013-06-08'),(23744,'UPDATE mae_productos SET pro_margen_actual=0,pro_precio_venta=200 WHERE pro_codigo_plu=880006','',2,'2013-06-08'),(23745,'UPDATE mae_productos SET pro_margen_actual=0,pro_precio_venta=560 WHERE pro_codigo_plu=10419','',2,'2013-06-08'),(23746,'UPDATE mae_productos SET pro_margen_actual=0,pro_precio_venta=1140 WHERE pro_codigo_plu=10421','',2,'2013-06-08'),(23747,'UPDATE mae_productos SET pro_margen_actual=0,pro_precio_venta=560 WHERE pro_codigo_plu=16406','',2,'2013-06-08'),(23748,'UPDATE mae_productos SET pro_margen_actual=0,pro_precio_venta=190 WHERE pro_codigo_plu=102537','',2,'2013-06-08'),(23749,'UPDATE mae_productos SET pro_margen_actual=0,pro_precio_venta=199 WHERE pro_codigo_plu=764562','',2,'2013-06-08'),(23750,'UPDATE mae_productos SET pro_margen_actual=0,pro_precio_venta=230 WHERE pro_codigo_plu=764563','',2,'2013-06-08'),(23751,'UPDATE mae_productos SET pro_margen_actual=0,pro_precio_venta=250 WHERE pro_codigo_plu=16815','',2,'2013-06-08'),(23752,'UPDATE mae_productos SET pro_margen_actual=0,pro_precio_venta=140 WHERE pro_codigo_plu=13322','',2,'2013-06-08'),(23753,'UPDATE mae_productos SET pro_margen_actual=0,pro_precio_venta=1060 WHERE pro_codigo_plu=16640','',2,'2013-06-08'),(23754,'UPDATE mae_productos SET pro_margen_actual=0,pro_precio_venta=230 WHERE pro_codigo_plu=16633','',2,'2013-06-08'),(23755,'UPDATE mae_productos SET pro_margen_actual=0,pro_precio_venta=720 WHERE pro_codigo_plu=16011','',2,'2013-06-08'),(23756,'UPDATE mae_productos SET pro_margen_actual=0,pro_precio_venta=740 WHERE pro_codigo_plu=16002','',2,'2013-06-08'),(23757,'UPDATE mae_productos SET pro_precio_fiscal=pro_precio_venta WHERE pro_codigo_plu=770062','',2,'2013-06-08'),(23758,'UPDATE mae_productos SET pro_precio_fiscal=pro_precio_venta WHERE pro_codigo_plu=16633','',2,'2013-06-08'),(23759,'UPDATE mae_productos SET pro_precio_fiscal=pro_precio_venta WHERE pro_codigo_plu=16002','',2,'2013-06-08'),(23760,'UPDATE mae_productos SET pro_precio_fiscal=pro_precio_venta WHERE pro_codigo_plu=764563','',2,'2013-06-08'),(23761,'UPDATE mae_productos SET pro_precio_fiscal=pro_precio_venta WHERE pro_codigo_plu=10421','',2,'2013-06-08'),(23762,'UPDATE mae_productos SET pro_precio_fiscal=pro_precio_venta WHERE pro_codigo_plu=780721058','',2,'2013-06-08'),(23763,'UPDATE mae_productos SET pro_precio_fiscal=pro_precio_venta WHERE pro_codigo_plu=780220199','',2,'2013-06-08'),(23764,'UPDATE mae_productos SET pro_precio_fiscal=pro_precio_venta WHERE pro_codigo_plu=780220200','',2,'2013-06-08'),(23765,'UPDATE mae_productos SET pro_precio_fiscal=pro_precio_venta WHERE pro_codigo_plu=780721057','',2,'2013-06-08'),(23766,'UPDATE mae_productos SET pro_precio_fiscal=pro_precio_venta WHERE pro_codigo_plu=780220197','',2,'2013-06-08'),(23767,'UPDATE mae_productos SET pro_precio_fiscal=pro_precio_venta WHERE pro_codigo_plu=780220196','',2,'2013-06-08'),(23768,'UPDATE mae_productos SET pro_precio_fiscal=pro_precio_venta WHERE pro_codigo_plu=780220198','',2,'2013-06-08'),(23769,'UPDATE mae_productos SET pro_precio_fiscal=pro_precio_venta WHERE pro_codigo_plu=780220195','',2,'2013-06-08'),(23770,'UPDATE mae_productos SET pro_precio_fiscal=pro_precio_venta WHERE pro_codigo_plu=780220192','',2,'2013-06-08'),(23771,'UPDATE mae_productos SET pro_precio_fiscal=pro_precio_venta WHERE pro_codigo_plu=780220194','',2,'2013-06-08'),(23772,'UPDATE mae_productos SET pro_precio_fiscal=pro_precio_venta WHERE pro_codigo_plu=780220193','',2,'2013-06-08'),(23773,'UPDATE mae_productos SET pro_precio_fiscal=pro_precio_venta WHERE pro_codigo_plu=880005','',2,'2013-06-08'),(23774,'UPDATE mae_productos SET pro_precio_fiscal=pro_precio_venta WHERE pro_codigo_plu=880006','',2,'2013-06-08'),(23775,'INSERT INTO gne_vale_ferreteria (vfe_id,vfe_fecha,vfe_total,vfe_estado,vfe_entregado,usu_nusuario) VALUES (1878,@@@2013.06.08@@@,690,1,0,@@@b_SAEZ@@@)','',2,'2013-06-08'),(23776,'INSERT INTO gne_vale_ferreteria_mov (vfe_id,pro_codigo_plu,vfm_cantidad,vfm_unitario,vfm_total,vfm_entregado) VALUES (1878,770091,1,690,690,@@@NO@@@)','',2,'2013-06-08'),(23777,'INSERT INTO gne_vale_ferreteria (vfe_id,vfe_fecha,vfe_total,vfe_estado,vfe_entregado,usu_nusuario) VALUES (1879,@@@2013.06.08@@@,180,1,0,@@@b_SAEZ@@@)','',2,'2013-06-08'),(23778,'INSERT INTO gne_vale_ferreteria_mov (vfe_id,pro_codigo_plu,vfm_cantidad,vfm_unitario,vfm_total,vfm_entregado) VALUES (1879,8021,1,150,150,@@@NO@@@)','',2,'2013-06-08'),(23779,'INSERT INTO gne_vale_ferreteria_mov (vfe_id,pro_codigo_plu,vfm_cantidad,vfm_unitario,vfm_total,vfm_entregado) VALUES (1879,4079,1,30,30,@@@NO@@@)','',2,'2013-06-08'),(23780,'INSERT INTO gne_vale_ferreteria (vfe_id,vfe_fecha,vfe_total,vfe_estado,vfe_entregado,usu_nusuario) VALUES (1880,@@@2013.06.08@@@,1270,1,0,@@@b_SAEZ@@@)','',2,'2013-06-08'),(23781,'INSERT INTO gne_vale_ferreteria_mov (vfe_id,pro_codigo_plu,vfm_cantidad,vfm_unitario,vfm_total,vfm_entregado) VALUES (1880,761984,1,350,350,@@@NO@@@)','',2,'2013-06-08'),(23782,'INSERT INTO gne_vale_ferreteria_mov (vfe_id,pro_codigo_plu,vfm_cantidad,vfm_unitario,vfm_total,vfm_entregado) VALUES (1880,19856,1,920,920,@@@NO@@@)','',2,'2013-06-08'),(23783,'INSERT INTO gne_vale_ferreteria (vfe_id,vfe_fecha,vfe_total,vfe_estado,vfe_entregado,usu_nusuario) VALUES (1881,@@@2013.06.08@@@,2680,1,0,@@@b_SAEZ@@@)','',2,'2013-06-08'),(23784,'INSERT INTO gne_vale_ferreteria_mov (vfe_id,pro_codigo_plu,vfm_cantidad,vfm_unitario,vfm_total,vfm_entregado) VALUES (1881,20476,1,1690,1690,@@@NO@@@)','',2,'2013-06-08'),(23785,'INSERT INTO gne_vale_ferreteria_mov (vfe_id,pro_codigo_plu,vfm_cantidad,vfm_unitario,vfm_total,vfm_entregado) VALUES (1881,19956,1,990,990,@@@NO@@@)','',2,'2013-06-08'),(23786,'INSERT INTO gne_vale_ferreteria (vfe_id,vfe_fecha,vfe_total,vfe_estado,vfe_entregado,usu_nusuario) VALUES (1882,@@@2013.06.08@@@,3980,1,0,@@@b_SAEZ@@@)','',2,'2013-06-08'),(23787,'INSERT INTO gne_vale_ferreteria_mov (vfe_id,pro_codigo_plu,vfm_cantidad,vfm_unitario,vfm_total,vfm_entregado) VALUES (1882,764914,2,1990,3980,@@@NO@@@)','',2,'2013-06-08'),(23788,'INSERT INTO gne_vale_ferreteria (vfe_id,vfe_fecha,vfe_total,vfe_estado,vfe_entregado,usu_nusuario) VALUES (1883,@@@2013.06.08@@@,1240,1,0,@@@b_SAEZ@@@)','',2,'2013-06-08'),(23789,'INSERT INTO gne_vale_ferreteria_mov (vfe_id,pro_codigo_plu,vfm_cantidad,vfm_unitario,vfm_total,vfm_entregado) VALUES (1883,763804,1,790,790,@@@NO@@@)','',2,'2013-06-08'),(23790,'INSERT INTO gne_vale_ferreteria_mov (vfe_id,pro_codigo_plu,vfm_cantidad,vfm_unitario,vfm_total,vfm_entregado) VALUES (1883,764539,1,450,450,@@@NO@@@)','',2,'2013-06-08'),(23791,'INSERT INTO gne_vale_ferreteria (vfe_id,vfe_fecha,vfe_total,vfe_estado,vfe_entregado,usu_nusuario) VALUES (1884,@@@2013.06.08@@@,1340,1,0,@@@b_SAEZ@@@)','',2,'2013-06-08'),(23792,'INSERT INTO gne_vale_ferreteria_mov (vfe_id,pro_codigo_plu,vfm_cantidad,vfm_unitario,vfm_total,vfm_entregado) VALUES (1884,102408,1,350,350,@@@NO@@@)','',2,'2013-06-08'),(23793,'INSERT INTO gne_vale_ferreteria_mov (vfe_id,pro_codigo_plu,vfm_cantidad,vfm_unitario,vfm_total,vfm_entregado) VALUES (1884,761546,1,990,990,@@@NO@@@)','',2,'2013-06-08'),(23794,'INSERT INTO gne_vale_ferreteria (vfe_id,vfe_fecha,vfe_total,vfe_estado,vfe_entregado,usu_nusuario) VALUES (1885,@@@2013.06.08@@@,990,1,0,@@@b_SAEZ@@@)','',2,'2013-06-08'),(23795,'INSERT INTO gne_vale_ferreteria_mov (vfe_id,pro_codigo_plu,vfm_cantidad,vfm_unitario,vfm_total,vfm_entregado) VALUES (1885,764045,1,990,990,@@@NO@@@)','',2,'2013-06-08'),(23796,'INSERT INTO gne_vale_ferreteria (vfe_id,vfe_fecha,vfe_total,vfe_estado,vfe_entregado,usu_nusuario) VALUES (1886,@@@2013.06.08@@@,3690,1,0,@@@b_SAEZ@@@)','',2,'2013-06-08'),(23797,'INSERT INTO gne_vale_ferreteria_mov (vfe_id,pro_codigo_plu,vfm_cantidad,vfm_unitario,vfm_total,vfm_entregado) VALUES (1886,4104,1,3690,3690,@@@NO@@@)','',2,'2013-06-08'),(23798,'INSERT INTO gne_vale_ferreteria (vfe_id,vfe_fecha,vfe_total,vfe_estado,vfe_entregado,usu_nusuario) VALUES (1887,@@@2013.06.08@@@,2670,1,0,@@@b_SAEZ@@@)','',2,'2013-06-08'),(23799,'INSERT INTO gne_vale_ferreteria_mov (vfe_id,pro_codigo_plu,vfm_cantidad,vfm_unitario,vfm_total,vfm_entregado) VALUES (1887,4091,6,250,1500,@@@NO@@@)','',2,'2013-06-08'),(23800,'INSERT INTO gne_vale_ferreteria_mov (vfe_id,pro_codigo_plu,vfm_cantidad,vfm_unitario,vfm_total,vfm_entregado) VALUES (1887,4090,3,390,1170,@@@NO@@@)','',2,'2013-06-08'),(23801,'INSERT INTO gne_vale_ferreteria (vfe_id,vfe_fecha,vfe_total,vfe_estado,vfe_entregado,usu_nusuario) VALUES (1888,@@@2013.06.08@@@,950,1,0,@@@b_SAEZ@@@)','',2,'2013-06-08'),(23802,'INSERT INTO gne_vale_ferreteria_mov (vfe_id,pro_codigo_plu,vfm_cantidad,vfm_unitario,vfm_total,vfm_entregado) VALUES (1888,14106,1,950,950,@@@NO@@@)','',2,'2013-06-08'),(23803,'INSERT INTO gne_vale_ferreteria (vfe_id,vfe_fecha,vfe_total,vfe_estado,vfe_entregado,usu_nusuario) VALUES (1889,@@@2013.06.08@@@,490,1,0,@@@b_SAEZ@@@)','',2,'2013-06-08'),(23804,'INSERT INTO gne_vale_ferreteria_mov (vfe_id,pro_codigo_plu,vfm_cantidad,vfm_unitario,vfm_total,vfm_entregado) VALUES (1889,764700,1,490,490,@@@NO@@@)','',2,'2013-06-08'),(23805,'INSERT INTO gne_vale_ferreteria (vfe_id,vfe_fecha,vfe_total,vfe_estado,vfe_entregado,usu_nusuario) VALUES (1890,@@@2013.06.08@@@,1290,1,0,@@@b_SAEZ@@@)','',2,'2013-06-08'),(23806,'INSERT INTO gne_vale_ferreteria_mov (vfe_id,pro_codigo_plu,vfm_cantidad,vfm_unitario,vfm_total,vfm_entregado) VALUES (1890,4111,1,1290,1290,@@@NO@@@)','',2,'2013-06-08'),(23807,'INSERT INTO gne_vale_ferreteria (vfe_id,vfe_fecha,vfe_total,vfe_estado,vfe_entregado,usu_nusuario) VALUES (1891,@@@2013.06.08@@@,720,1,0,@@@b_SAEZ@@@)','',2,'2013-06-08'),(23808,'INSERT INTO gne_vale_ferreteria_mov (vfe_id,pro_codigo_plu,vfm_cantidad,vfm_unitario,vfm_total,vfm_entregado) VALUES (1891,10159,1,720,720,@@@NO@@@)','',2,'2013-06-08'),(23809,'INSERT INTO gne_vale_ferreteria (vfe_id,vfe_fecha,vfe_total,vfe_estado,vfe_entregado,usu_nusuario) VALUES (1892,@@@2013.06.08@@@,1610,1,0,@@@b_SAEZ@@@)','',2,'2013-06-08'),(23810,'INSERT INTO gne_vale_ferreteria_mov (vfe_id,pro_codigo_plu,vfm_cantidad,vfm_unitario,vfm_total,vfm_entregado) VALUES (1892,763934,1,720,720,@@@NO@@@)','',2,'2013-06-08'),(23811,'INSERT INTO gne_vale_ferreteria_mov (vfe_id,pro_codigo_plu,vfm_cantidad,vfm_unitario,vfm_total,vfm_entregado) VALUES (1892,4081,2,100,200,@@@NO@@@)','',2,'2013-06-08'),(23812,'INSERT INTO gne_vale_ferreteria_mov (vfe_id,pro_codigo_plu,vfm_cantidad,vfm_unitario,vfm_total,vfm_entregado) VALUES (1892,770084,1,690,690,@@@NO@@@)','',2,'2013-06-08'),(23813,'INSERT INTO gne_vale_ferreteria (vfe_id,vfe_fecha,vfe_total,vfe_estado,vfe_entregado,usu_nusuario) VALUES (1893,@@@2013.06.08@@@,2290,1,0,@@@b_SAEZ@@@)','',2,'2013-06-08'),(23814,'INSERT INTO gne_vale_ferreteria_mov (vfe_id,pro_codigo_plu,vfm_cantidad,vfm_unitario,vfm_total,vfm_entregado) VALUES (1893,102715,1,2290,2290,@@@NO@@@)','',2,'2013-06-08'),(23815,'INSERT INTO gne_vale_ferreteria (vfe_id,vfe_fecha,vfe_total,vfe_estado,vfe_entregado,usu_nusuario) VALUES (1894,@@@2013.06.08@@@,2100,1,0,@@@b_SAEZ@@@)','',2,'2013-06-08'),(23816,'INSERT INTO gne_vale_ferreteria_mov (vfe_id,pro_codigo_plu,vfm_cantidad,vfm_unitario,vfm_total,vfm_entregado) VALUES (1894,763945,1,2100,2100,@@@NO@@@)','',2,'2013-06-08'),(23817,'INSERT INTO gne_vale_ferreteria (vfe_id,vfe_fecha,vfe_total,vfe_estado,vfe_entregado,usu_nusuario) VALUES (1895,@@@2013.06.08@@@,980,1,0,@@@b_SAEZ@@@)','',2,'2013-06-08'),(23818,'INSERT INTO gne_vale_ferreteria_mov (vfe_id,pro_codigo_plu,vfm_cantidad,vfm_unitario,vfm_total,vfm_entregado) VALUES (1895,1552,1,490,490,@@@NO@@@)','',2,'2013-06-08'),(23819,'INSERT INTO gne_vale_ferreteria_mov (vfe_id,pro_codigo_plu,vfm_cantidad,vfm_unitario,vfm_total,vfm_entregado) VALUES (1895,78017127,1,490,490,@@@NO@@@)','',2,'2013-06-08'),(23820,'INSERT INTO gne_vale_ferreteria (vfe_id,vfe_fecha,vfe_total,vfe_estado,vfe_entregado,usu_nusuario) VALUES (1896,@@@2013.06.08@@@,260,1,0,@@@b_SAEZ@@@)','',2,'2013-06-08'),(23821,'INSERT INTO gne_vale_ferreteria_mov (vfe_id,pro_codigo_plu,vfm_cantidad,vfm_unitario,vfm_total,vfm_entregado) VALUES (1896,8022,1,120,120,@@@NO@@@)','',2,'2013-06-08'),(23822,'INSERT INTO gne_vale_ferreteria_mov (vfe_id,pro_codigo_plu,vfm_cantidad,vfm_unitario,vfm_total,vfm_entregado) VALUES (1896,764833,10,10,100,@@@NO@@@)','',2,'2013-06-08'),(23823,'INSERT INTO gne_vale_ferreteria_mov (vfe_id,pro_codigo_plu,vfm_cantidad,vfm_unitario,vfm_total,vfm_entregado) VALUES (1896,78017241,1,40,40,@@@NO@@@)','',2,'2013-06-08'),(23824,'INSERT INTO gne_vale_ferreteria (vfe_id,vfe_fecha,vfe_total,vfe_estado,vfe_entregado,usu_nusuario) VALUES (1897,@@@2013.06.08@@@,990,1,0,@@@b_SAEZ@@@)','',2,'2013-06-08'),(23825,'INSERT INTO gne_vale_ferreteria_mov (vfe_id,pro_codigo_plu,vfm_cantidad,vfm_unitario,vfm_total,vfm_entregado) VALUES (1897,78017238,3,200,600,@@@NO@@@)','',2,'2013-06-08'),(23826,'INSERT INTO gne_vale_ferreteria_mov (vfe_id,pro_codigo_plu,vfm_cantidad,vfm_unitario,vfm_total,vfm_entregado) VALUES (1897,1535,1,390,390,@@@NO@@@)','',2,'2013-06-08'),(23827,'INSERT INTO gne_vale_ferreteria (vfe_id,vfe_fecha,vfe_total,vfe_estado,vfe_entregado,usu_nusuario) VALUES (1898,@@@2013.06.08@@@,390,1,0,@@@b_SAEZ@@@)','',2,'2013-06-08'),(23828,'INSERT INTO gne_vale_ferreteria_mov (vfe_id,pro_codigo_plu,vfm_cantidad,vfm_unitario,vfm_total,vfm_entregado) VALUES (1898,1535,1,390,390,@@@NO@@@)','',2,'2013-06-08'),(23829,'INSERT INTO gne_vale_ferreteria (vfe_id,vfe_fecha,vfe_total,vfe_estado,vfe_entregado,usu_nusuario) VALUES (1899,@@@2013.06.08@@@,600,1,0,@@@b_SAEZ@@@)','',2,'2013-06-08'),(23830,'INSERT INTO gne_vale_ferreteria_mov (vfe_id,pro_codigo_plu,vfm_cantidad,vfm_unitario,vfm_total,vfm_entregado) VALUES (1899,78017147,2,90,180,@@@NO@@@)','',2,'2013-06-08'),(23831,'INSERT INTO gne_vale_ferreteria_mov (vfe_id,pro_codigo_plu,vfm_cantidad,vfm_unitario,vfm_total,vfm_entregado) VALUES (1899,770057,2,150,300,@@@NO@@@)','',2,'2013-06-08');
insert  into `sys_comunicacion_caja`(`coc_id`,`coc_sql`,`coc_cajas`,`coc_prioridad`,`coc_fecha`) values (23832,'INSERT INTO gne_vale_ferreteria_mov (vfe_id,pro_codigo_plu,vfm_cantidad,vfm_unitario,vfm_total,vfm_entregado) VALUES (1899,12085,1,120,120,@@@NO@@@)','',2,'2013-06-08'),(23833,'UPDATE mae_productos SET pro_margen_actual=0,pro_precio_venta=1690 WHERE pro_codigo_plu=11190','',2,'2013-06-08'),(23834,'UPDATE mae_productos SET pro_margen_actual=0,pro_precio_venta=7990 WHERE pro_codigo_plu=17678','',2,'2013-06-08'),(23835,'UPDATE mae_productos SET pro_margen_actual=0,pro_precio_venta=1290 WHERE pro_codigo_plu=17829','',2,'2013-06-08'),(23836,'UPDATE mae_productos SET pro_margen_actual=0,pro_precio_venta=1690 WHERE pro_codigo_plu=17929','',2,'2013-06-08'),(23837,'UPDATE mae_productos SET pro_margen_actual=0,pro_precio_venta=2290 WHERE pro_codigo_plu=17812','',2,'2013-06-08'),(23838,'UPDATE mae_productos SET pro_precio_fiscal=pro_precio_venta WHERE pro_codigo_plu=17812','',2,'2013-06-08'),(23839,'INSERT INTO gne_vale_ferreteria (vfe_id,vfe_fecha,vfe_total,vfe_estado,vfe_entregado,usu_nusuario) VALUES (1900,@@@2013.06.08@@@,4490,1,0,@@@b_SAEZ@@@)','',2,'2013-06-08'),(23840,'INSERT INTO gne_vale_ferreteria_mov (vfe_id,pro_codigo_plu,vfm_cantidad,vfm_unitario,vfm_total,vfm_entregado) VALUES (1900,764958,1,4490,4490,@@@NO@@@)','',2,'2013-06-08'),(23841,'INSERT INTO gne_vale_ferreteria (vfe_id,vfe_fecha,vfe_total,vfe_estado,vfe_entregado,usu_nusuario) VALUES (1901,@@@2013.06.08@@@,2989,1,0,@@@b_SAEZ@@@)','',2,'2013-06-08'),(23842,'INSERT INTO gne_vale_ferreteria_mov (vfe_id,pro_codigo_plu,vfm_cantidad,vfm_unitario,vfm_total,vfm_entregado) VALUES (1901,764696,2,100,200,@@@NO@@@)','',2,'2013-06-08'),(23843,'INSERT INTO gne_vale_ferreteria_mov (vfe_id,pro_codigo_plu,vfm_cantidad,vfm_unitario,vfm_total,vfm_entregado) VALUES (1901,764598,1,1390,1390,@@@NO@@@)','',2,'2013-06-08'),(23844,'INSERT INTO gne_vale_ferreteria_mov (vfe_id,pro_codigo_plu,vfm_cantidad,vfm_unitario,vfm_total,vfm_entregado) VALUES (1901,763622,1,1399,1399,@@@NO@@@)','',2,'2013-06-08'),(23845,'UPDATE mae_productos SET pro_margen_actual=0,pro_precio_venta=2100 WHERE pro_codigo_plu=11315','',2,'2013-06-08'),(23846,'INSERT INTO mae_productos (pro_codigo_plu,pro_codigo_barra,pro_tipo,pro_nombre_producto,pro_nombre_corto,med_id,emb_id,pro_unidades_embalaje,dep_id,lin_id,mar_id,pro_precio_compra_neto,pro_precio_compra_bruto,pro_precio_venta,pro_margen_actual,pro_oferta,pro_fecha_inicio_oferta,pro_fecha_termino_oferta,pro_precio_oferta,pro_stock_minimo,pro_stock_critico,pro_entradas_bodega,pro_salidas_bodega,pro_mermas_bodega,pro_ajustes_bodega,pro_entradas_sv,pro_salidas_sv,pro_mermas_sv,pro_ajustes_sv,pro_activo,rec_numero,pro_unidad,pro_capacidad,pro_consumo_bodega,pro_consumo_sv,pro_estado,pro_funcion_plu,pro_flejes,pro_iva,pro_plu_asociado,pro_envase,pro_duracion,pro_numero_etiqueta) VALUES (780721059,@@@7804300122096@@@,@@@0@@@,@@@VINO BLANCO SANTA HELENA 500 C.C@@@,@@@VINO BLANCO SANT@@@,@@@6 @@@,@@@3 @@@,@@@0@@@,@@@6 @@@,@@@60@@@,@@@1819@@@,@@@0@@@,@@@0@@@,@@@720@@@,@@@0@@@,@@@@@@,@@@2013.06.08@@@,@@@2013.06.08@@@,@@@0@@@,@@@0@@@,@@@0@@@,@@@0@@@,@@@0@@@,@@@0@@@,@@@0@@@,@@@0@@@,@@@0@@@,@@@0@@@,@@@0@@@,@@@1@@@,@@@0@@@,0,500,0,0,2,0,1,1,0,@@@NO@@@,0,0)','',2,'2013-06-08'),(23847,'DELETE FROM mae_impuestos_productos WHERE pro_codigo_plu=@@@780721059@@@','',2,'2013-06-08'),(23848,'INSERT INTO mae_productos (pro_codigo_plu,pro_codigo_barra,pro_tipo,pro_nombre_producto,pro_nombre_corto,med_id,emb_id,pro_unidades_embalaje,dep_id,lin_id,mar_id,pro_precio_compra_neto,pro_precio_compra_bruto,pro_precio_venta,pro_margen_actual,pro_oferta,pro_fecha_inicio_oferta,pro_fecha_termino_oferta,pro_precio_oferta,pro_stock_minimo,pro_stock_critico,pro_entradas_bodega,pro_salidas_bodega,pro_mermas_bodega,pro_ajustes_bodega,pro_entradas_sv,pro_salidas_sv,pro_mermas_sv,pro_ajustes_sv,pro_activo,rec_numero,pro_unidad,pro_capacidad,pro_consumo_bodega,pro_consumo_sv,pro_estado,pro_funcion_plu,pro_flejes,pro_iva,pro_plu_asociado,pro_envase,pro_duracion,pro_numero_etiqueta) VALUES (780721060,@@@7802175689935@@@,@@@0@@@,@@@RON SIERRA MORENA + VASO 750 ML@@@,@@@RON SIERRA MOREN@@@,@@@7 @@@,@@@3 @@@,@@@0@@@,@@@5 @@@,@@@57@@@,@@@1267@@@,@@@0@@@,@@@0@@@,@@@3990@@@,@@@0@@@,@@@@@@,@@@2013.06.08@@@,@@@2013.06.08@@@,@@@0@@@,@@@0@@@,@@@0@@@,@@@0@@@,@@@0@@@,@@@0@@@,@@@0@@@,@@@0@@@,@@@0@@@,@@@0@@@,@@@0@@@,@@@1@@@,@@@0@@@,0,750,0,0,2,0,1,1,0,@@@NO@@@,0,0)','',2,'2013-06-08'),(23849,'DELETE FROM mae_impuestos_productos WHERE pro_codigo_plu=@@@780721060@@@','',2,'2013-06-08'),(23850,'UPDATE mae_productos SET pro_precio_fiscal=pro_precio_venta WHERE pro_codigo_plu=780721060','',2,'2013-06-08'),(23851,'UPDATE mae_productos SET pro_precio_fiscal=pro_precio_venta WHERE pro_codigo_plu=780721059','',2,'2013-06-08'),(23852,'UPDATE mae_productos SET pro_precio_fiscal=pro_precio_venta WHERE pro_codigo_plu=11315','',2,'2013-06-08'),(23853,'INSERT INTO gne_vale_ferreteria (vfe_id,vfe_fecha,vfe_total,vfe_estado,vfe_entregado,usu_nusuario) VALUES (1902,@@@2013.06.08@@@,1740,1,0,@@@b_SAEZ@@@)','',2,'2013-06-08'),(23854,'INSERT INTO gne_vale_ferreteria_mov (vfe_id,pro_codigo_plu,vfm_cantidad,vfm_unitario,vfm_total,vfm_entregado) VALUES (1902,1535,2,390,780,@@@NO@@@)','',2,'2013-06-08'),(23855,'INSERT INTO gne_vale_ferreteria_mov (vfe_id,pro_codigo_plu,vfm_cantidad,vfm_unitario,vfm_total,vfm_entregado) VALUES (1902,12085,1,120,120,@@@NO@@@)','',2,'2013-06-08'),(23856,'INSERT INTO gne_vale_ferreteria_mov (vfe_id,pro_codigo_plu,vfm_cantidad,vfm_unitario,vfm_total,vfm_entregado) VALUES (1902,780721058,1,520,520,@@@NO@@@)','',2,'2013-06-08'),(23857,'INSERT INTO gne_vale_ferreteria_mov (vfe_id,pro_codigo_plu,vfm_cantidad,vfm_unitario,vfm_total,vfm_entregado) VALUES (1902,763771,1,320,320,@@@NO@@@)','',2,'2013-06-08'),(23858,'INSERT INTO gne_vale_ferreteria (vfe_id,vfe_fecha,vfe_total,vfe_estado,vfe_entregado,usu_nusuario) VALUES (1903,@@@2013.06.08@@@,1920,1,0,@@@b_SAEZ@@@)','',2,'2013-06-08'),(23859,'INSERT INTO gne_vale_ferreteria_mov (vfe_id,pro_codigo_plu,vfm_cantidad,vfm_unitario,vfm_total,vfm_entregado) VALUES (1903,15927,4,480,1920,@@@NO@@@)','',2,'2013-06-08'),(23860,'INSERT INTO gne_vale_ferreteria (vfe_id,vfe_fecha,vfe_total,vfe_estado,vfe_entregado,usu_nusuario) VALUES (1904,@@@2013.06.08@@@,3690,1,0,@@@b_SAEZ@@@)','',2,'2013-06-08'),(23861,'INSERT INTO gne_vale_ferreteria_mov (vfe_id,pro_codigo_plu,vfm_cantidad,vfm_unitario,vfm_total,vfm_entregado) VALUES (1904,80302,1,3690,3690,@@@NO@@@)','',2,'2013-06-08'),(23862,'INSERT INTO gne_vale_ferreteria (vfe_id,vfe_fecha,vfe_total,vfe_estado,vfe_entregado,usu_nusuario) VALUES (1905,@@@2013.06.09@@@,260,1,0,@@@G_DIAZ@@@)','',2,'2013-06-08'),(23863,'INSERT INTO gne_vale_ferreteria_mov (vfe_id,pro_codigo_plu,vfm_cantidad,vfm_unitario,vfm_total,vfm_entregado) VALUES (1905,15967,2,130,260,@@@NO@@@)','',2,'2013-06-08'),(23864,'INSERT INTO gne_vale_ferreteria (vfe_id,vfe_fecha,vfe_total,vfe_estado,vfe_entregado,usu_nusuario) VALUES (1906,@@@2013.06.09@@@,999,1,0,@@@G_DIAZ@@@)','',2,'2013-06-08'),(23865,'INSERT INTO gne_vale_ferreteria_mov (vfe_id,pro_codigo_plu,vfm_cantidad,vfm_unitario,vfm_total,vfm_entregado) VALUES (1906,763613,1,999,999,@@@NO@@@)','',2,'2013-06-08'),(23866,'INSERT INTO gne_vale_ferreteria (vfe_id,vfe_fecha,vfe_total,vfe_estado,vfe_entregado,usu_nusuario) VALUES (1907,@@@2013.06.09@@@,1680,1,0,@@@G_DIAZ@@@)','',2,'2013-06-08'),(23867,'INSERT INTO gne_vale_ferreteria_mov (vfe_id,pro_codigo_plu,vfm_cantidad,vfm_unitario,vfm_total,vfm_entregado) VALUES (1907,15647,1,1680,1680,@@@NO@@@)','',2,'2013-06-08'),(23868,'UPDATE mae_productos SET pro_margen_actual=0,pro_precio_venta=300 WHERE pro_codigo_plu=608','',2,'2013-06-08'),(23869,'UPDATE mae_productos SET pro_precio_fiscal=pro_precio_venta WHERE pro_codigo_plu=608','',2,'2013-06-08'),(23870,'UPDATE mae_productos SET pro_margen_actual=0,pro_precio_venta=1999 WHERE pro_codigo_plu=126','',2,'2013-06-08'),(23871,'UPDATE mae_productos SET pro_margen_actual=0,pro_precio_venta=1890 WHERE pro_codigo_plu=128','',2,'2013-06-08'),(23872,'UPDATE mae_productos SET pro_precio_fiscal=pro_precio_venta WHERE pro_codigo_plu=128','',2,'2013-06-08'),(23873,'INSERT INTO gne_vale_ferreteria (vfe_id,vfe_fecha,vfe_total,vfe_estado,vfe_entregado,usu_nusuario) VALUES (1908,@@@2013.06.09@@@,120,1,0,@@@G_DIAZ@@@)','',2,'2013-06-08'),(23874,'INSERT INTO gne_vale_ferreteria_mov (vfe_id,pro_codigo_plu,vfm_cantidad,vfm_unitario,vfm_total,vfm_entregado) VALUES (1908,8022,1,120,120,@@@NO@@@)','',2,'2013-06-08'),(23875,'INSERT INTO gne_vale_ferreteria (vfe_id,vfe_fecha,vfe_total,vfe_estado,vfe_entregado,usu_nusuario) VALUES (1909,@@@2013.06.09@@@,1890,1,0,@@@G_DIAZ@@@)','',2,'2013-06-08'),(23876,'INSERT INTO gne_vale_ferreteria_mov (vfe_id,pro_codigo_plu,vfm_cantidad,vfm_unitario,vfm_total,vfm_entregado) VALUES (1909,101625,1,1890,1890,@@@NO@@@)','',2,'2013-06-08'),(23877,'INSERT INTO gne_vale_ferreteria (vfe_id,vfe_fecha,vfe_total,vfe_estado,vfe_entregado,usu_nusuario) VALUES (1910,@@@2013.06.09@@@,270,1,0,@@@G_DIAZ@@@)','',2,'2013-06-08'),(23878,'INSERT INTO gne_vale_ferreteria_mov (vfe_id,pro_codigo_plu,vfm_cantidad,vfm_unitario,vfm_total,vfm_entregado) VALUES (1910,8022,1,120,120,@@@NO@@@)','',2,'2013-06-08'),(23879,'INSERT INTO gne_vale_ferreteria_mov (vfe_id,pro_codigo_plu,vfm_cantidad,vfm_unitario,vfm_total,vfm_entregado) VALUES (1910,8021,1,150,150,@@@NO@@@)','',2,'2013-06-08'),(23880,'INSERT INTO gne_vale_ferreteria (vfe_id,vfe_fecha,vfe_total,vfe_estado,vfe_entregado,usu_nusuario) VALUES (1911,@@@2013.06.09@@@,120,1,0,@@@G_DIAZ@@@)','',2,'2013-06-08'),(23881,'INSERT INTO gne_vale_ferreteria_mov (vfe_id,pro_codigo_plu,vfm_cantidad,vfm_unitario,vfm_total,vfm_entregado) VALUES (1911,8022,1,120,120,@@@NO@@@)','',2,'2013-06-08'),(23882,'INSERT INTO gne_vale_ferreteria (vfe_id,vfe_fecha,vfe_total,vfe_estado,vfe_entregado,usu_nusuario) VALUES (1912,@@@2013.06.09@@@,890,1,0,@@@G_DIAZ@@@)','',2,'2013-06-08'),(23883,'INSERT INTO gne_vale_ferreteria_mov (vfe_id,pro_codigo_plu,vfm_cantidad,vfm_unitario,vfm_total,vfm_entregado) VALUES (1912,20880,1,890,890,@@@NO@@@)','',2,'2013-06-08'),(23884,'INSERT INTO gne_vale_ferreteria (vfe_id,vfe_fecha,vfe_total,vfe_estado,vfe_entregado,usu_nusuario) VALUES (1913,@@@2013.06.09@@@,300,1,0,@@@G_DIAZ@@@)','',2,'2013-06-08'),(23885,'INSERT INTO gne_vale_ferreteria_mov (vfe_id,pro_codigo_plu,vfm_cantidad,vfm_unitario,vfm_total,vfm_entregado) VALUES (1913,78017110,2,150,300,@@@NO@@@)','',2,'2013-06-08'),(23886,'INSERT INTO gne_vale_ferreteria (vfe_id,vfe_fecha,vfe_total,vfe_estado,vfe_entregado,usu_nusuario) VALUES (1914,@@@2013.06.09@@@,50,1,0,@@@G_DIAZ@@@)','',2,'2013-06-08'),(23887,'INSERT INTO gne_vale_ferreteria_mov (vfe_id,pro_codigo_plu,vfm_cantidad,vfm_unitario,vfm_total,vfm_entregado) VALUES (1914,1545,1,50,50,@@@NO@@@)','',2,'2013-06-08'),(23888,'UPDATE mae_productos SET pro_margen_actual=0,pro_precio_venta=499 WHERE pro_codigo_plu=612','',2,'2013-06-08'),(23889,'UPDATE mae_productos SET pro_precio_fiscal=pro_precio_venta WHERE pro_codigo_plu=612','',2,'2013-06-08'),(23890,'INSERT INTO gne_vale_ferreteria (vfe_id,vfe_fecha,vfe_total,vfe_estado,vfe_entregado,usu_nusuario) VALUES (1915,@@@2013.06.09@@@,330,1,0,@@@G_DIAZ@@@)','',2,'2013-06-08'),(23891,'INSERT INTO gne_vale_ferreteria_mov (vfe_id,pro_codigo_plu,vfm_cantidad,vfm_unitario,vfm_total,vfm_entregado) VALUES (1915,19918,1,330,330,@@@NO@@@)','',2,'2013-06-08'),(23892,'INSERT INTO gne_vale_ferreteria (vfe_id,vfe_fecha,vfe_total,vfe_estado,vfe_entregado,usu_nusuario) VALUES (1916,@@@2013.06.09@@@,440,1,0,@@@G_DIAZ@@@)','',2,'2013-06-08'),(23893,'INSERT INTO gne_vale_ferreteria_mov (vfe_id,pro_codigo_plu,vfm_cantidad,vfm_unitario,vfm_total,vfm_entregado) VALUES (1916,8022,2,120,240,@@@NO@@@)','',2,'2013-06-08'),(23894,'INSERT INTO gne_vale_ferreteria_mov (vfe_id,pro_codigo_plu,vfm_cantidad,vfm_unitario,vfm_total,vfm_entregado) VALUES (1916,78017194,1,200,200,@@@NO@@@)','',2,'2013-06-08'),(23895,'INSERT INTO gne_vale_ferreteria (vfe_id,vfe_fecha,vfe_total,vfe_estado,vfe_entregado,usu_nusuario) VALUES (1917,@@@2013.06.09@@@,150,1,0,@@@G_DIAZ@@@)','',2,'2013-06-08'),(23896,'INSERT INTO gne_vale_ferreteria_mov (vfe_id,pro_codigo_plu,vfm_cantidad,vfm_unitario,vfm_total,vfm_entregado) VALUES (1917,770062,1,150,150,@@@NO@@@)','',2,'2013-06-08'),(23897,'INSERT INTO gne_vale_ferreteria (vfe_id,vfe_fecha,vfe_total,vfe_estado,vfe_entregado,usu_nusuario) VALUES (1918,@@@2013.06.09@@@,50,1,0,@@@G_DIAZ@@@)','',2,'2013-06-08'),(23898,'INSERT INTO gne_vale_ferreteria_mov (vfe_id,pro_codigo_plu,vfm_cantidad,vfm_unitario,vfm_total,vfm_entregado) VALUES (1918,764383,1,50,50,@@@NO@@@)','',2,'2013-06-08'),(23899,'INSERT INTO gne_vale_ferreteria (vfe_id,vfe_fecha,vfe_total,vfe_estado,vfe_entregado,usu_nusuario) VALUES (1919,@@@2013.06.09@@@,1450,1,0,@@@G_DIAZ@@@)','',2,'2013-06-08'),(23900,'INSERT INTO gne_vale_ferreteria_mov (vfe_id,pro_codigo_plu,vfm_cantidad,vfm_unitario,vfm_total,vfm_entregado) VALUES (1919,762121,1,1450,1450,@@@NO@@@)','',2,'2013-06-08'),(23901,'INSERT INTO gne_vale_ferreteria (vfe_id,vfe_fecha,vfe_total,vfe_estado,vfe_entregado,usu_nusuario) VALUES (1920,@@@2013.06.09@@@,350,1,0,@@@G_DIAZ@@@)','',2,'2013-06-08'),(23902,'INSERT INTO gne_vale_ferreteria_mov (vfe_id,pro_codigo_plu,vfm_cantidad,vfm_unitario,vfm_total,vfm_entregado) VALUES (1920,780220198,1,350,350,@@@NO@@@)','',2,'2013-06-08'),(23903,'INSERT INTO gne_vale_ferreteria (vfe_id,vfe_fecha,vfe_total,vfe_estado,vfe_entregado,usu_nusuario) VALUES (1921,@@@2013.06.09@@@,1890,1,0,@@@G_DIAZ@@@)','',2,'2013-06-08'),(23904,'INSERT INTO gne_vale_ferreteria_mov (vfe_id,pro_codigo_plu,vfm_cantidad,vfm_unitario,vfm_total,vfm_entregado) VALUES (1921,101624,1,1890,1890,@@@NO@@@)','',2,'2013-06-08'),(23905,'INSERT INTO gne_vale_ferreteria (vfe_id,vfe_fecha,vfe_total,vfe_estado,vfe_entregado,usu_nusuario) VALUES (1922,@@@2013.06.09@@@,3429,1,0,@@@G_DIAZ@@@)','',2,'2013-06-08'),(23906,'INSERT INTO gne_vale_ferreteria_mov (vfe_id,pro_codigo_plu,vfm_cantidad,vfm_unitario,vfm_total,vfm_entregado) VALUES (1922,1084,1,1890,1890,@@@NO@@@)','',2,'2013-06-08'),(23907,'INSERT INTO gne_vale_ferreteria_mov (vfe_id,pro_codigo_plu,vfm_cantidad,vfm_unitario,vfm_total,vfm_entregado) VALUES (1922,763622,1,1399,1399,@@@NO@@@)','',2,'2013-06-08'),(23908,'INSERT INTO gne_vale_ferreteria_mov (vfe_id,pro_codigo_plu,vfm_cantidad,vfm_unitario,vfm_total,vfm_entregado) VALUES (1922,764364,1,140,140,@@@NO@@@)','',2,'2013-06-08'),(23909,'INSERT INTO gne_vale_ferreteria (vfe_id,vfe_fecha,vfe_total,vfe_estado,vfe_entregado,usu_nusuario) VALUES (1923,@@@2013.06.09@@@,750,1,0,@@@G_DIAZ@@@)','',2,'2013-06-08'),(23910,'INSERT INTO gne_vale_ferreteria_mov (vfe_id,pro_codigo_plu,vfm_cantidad,vfm_unitario,vfm_total,vfm_entregado) VALUES (1923,764266,1,300,300,@@@NO@@@)','',2,'2013-06-08'),(23911,'INSERT INTO gne_vale_ferreteria_mov (vfe_id,pro_codigo_plu,vfm_cantidad,vfm_unitario,vfm_total,vfm_entregado) VALUES (1923,780220184,1,450,450,@@@NO@@@)','',2,'2013-06-08'),(23912,'INSERT INTO gne_vale_ferreteria (vfe_id,vfe_fecha,vfe_total,vfe_estado,vfe_entregado,usu_nusuario) VALUES (1924,@@@2013.06.09@@@,1100,1,0,@@@G_DIAZ@@@)','',2,'2013-06-08'),(23913,'INSERT INTO gne_vale_ferreteria_mov (vfe_id,pro_codigo_plu,vfm_cantidad,vfm_unitario,vfm_total,vfm_entregado) VALUES (1924,1051,1,1100,1100,@@@NO@@@)','',2,'2013-06-08'),(23914,'INSERT INTO gne_vale_ferreteria (vfe_id,vfe_fecha,vfe_total,vfe_estado,vfe_entregado,usu_nusuario) VALUES (1925,@@@2013.06.09@@@,680,1,0,@@@G_DIAZ@@@)','',2,'2013-06-08'),(23915,'INSERT INTO gne_vale_ferreteria_mov (vfe_id,pro_codigo_plu,vfm_cantidad,vfm_unitario,vfm_total,vfm_entregado) VALUES (1925,19866,1,680,680,@@@NO@@@)','',2,'2013-06-08'),(23916,'INSERT INTO gne_vale_ferreteria (vfe_id,vfe_fecha,vfe_total,vfe_estado,vfe_entregado,usu_nusuario) VALUES (1926,@@@2013.06.09@@@,120,1,0,@@@G_DIAZ@@@)','',2,'2013-06-08'),(23917,'INSERT INTO gne_vale_ferreteria_mov (vfe_id,pro_codigo_plu,vfm_cantidad,vfm_unitario,vfm_total,vfm_entregado) VALUES (1926,78017059,1,120,120,@@@NO@@@)','',2,'2013-06-08'),(23918,'INSERT INTO gne_vale_ferreteria (vfe_id,vfe_fecha,vfe_total,vfe_estado,vfe_entregado,usu_nusuario) VALUES (1927,@@@2013.06.09@@@,480,1,0,@@@G_DIAZ@@@)','',2,'2013-06-08'),(23919,'INSERT INTO gne_vale_ferreteria_mov (vfe_id,pro_codigo_plu,vfm_cantidad,vfm_unitario,vfm_total,vfm_entregado) VALUES (1927,764766,4,120,480,@@@NO@@@)','',2,'2013-06-08'),(23920,'INSERT INTO gne_vale_ferreteria (vfe_id,vfe_fecha,vfe_total,vfe_estado,vfe_entregado,usu_nusuario) VALUES (1928,@@@2013.06.09@@@,350,1,0,@@@G_DIAZ@@@)','',2,'2013-06-08'),(23921,'INSERT INTO gne_vale_ferreteria_mov (vfe_id,pro_codigo_plu,vfm_cantidad,vfm_unitario,vfm_total,vfm_entregado) VALUES (1928,1072,1,350,350,@@@NO@@@)','',2,'2013-06-08'),(23922,'INSERT INTO gne_vale_ferreteria (vfe_id,vfe_fecha,vfe_total,vfe_estado,vfe_entregado,usu_nusuario) VALUES (1929,@@@2013.06.09@@@,1070,1,0,@@@G_DIAZ@@@)','',2,'2013-06-08'),(23923,'INSERT INTO gne_vale_ferreteria_mov (vfe_id,pro_codigo_plu,vfm_cantidad,vfm_unitario,vfm_total,vfm_entregado) VALUES (1929,1072,1,350,350,@@@NO@@@)','',2,'2013-06-08'),(23924,'INSERT INTO gne_vale_ferreteria_mov (vfe_id,pro_codigo_plu,vfm_cantidad,vfm_unitario,vfm_total,vfm_entregado) VALUES (1929,762256,1,720,720,@@@NO@@@)','',2,'2013-06-08'),(23925,'INSERT INTO gne_vale_ferreteria (vfe_id,vfe_fecha,vfe_total,vfe_estado,vfe_entregado,usu_nusuario) VALUES (1930,@@@2013.06.09@@@,450,1,0,@@@G_DIAZ@@@)','',2,'2013-06-08'),(23926,'INSERT INTO gne_vale_ferreteria_mov (vfe_id,pro_codigo_plu,vfm_cantidad,vfm_unitario,vfm_total,vfm_entregado) VALUES (1930,4088,2,150,300,@@@NO@@@)','',2,'2013-06-08'),(23927,'INSERT INTO gne_vale_ferreteria_mov (vfe_id,pro_codigo_plu,vfm_cantidad,vfm_unitario,vfm_total,vfm_entregado) VALUES (1930,2016,1,150,150,@@@NO@@@)','',2,'2013-06-08'),(23928,'INSERT INTO gne_vale_ferreteria (vfe_id,vfe_fecha,vfe_total,vfe_estado,vfe_entregado,usu_nusuario) VALUES (1931,@@@2013.06.09@@@,180,1,0,@@@G_DIAZ@@@)','',2,'2013-06-08'),(23929,'INSERT INTO gne_vale_ferreteria_mov (vfe_id,pro_codigo_plu,vfm_cantidad,vfm_unitario,vfm_total,vfm_entregado) VALUES (1931,78017026,2,90,180,@@@NO@@@)','',2,'2013-06-08'),(23930,'INSERT INTO gne_vale_ferreteria (vfe_id,vfe_fecha,vfe_total,vfe_estado,vfe_entregado,usu_nusuario) VALUES (1932,@@@2013.06.09@@@,3310,1,0,@@@G_DIAZ@@@)','',2,'2013-06-08'),(23931,'INSERT INTO gne_vale_ferreteria_mov (vfe_id,pro_codigo_plu,vfm_cantidad,vfm_unitario,vfm_total,vfm_entregado) VALUES (1932,763600,1,1890,1890,@@@NO@@@)','',2,'2013-06-08'),(23932,'INSERT INTO gne_vale_ferreteria_mov (vfe_id,pro_codigo_plu,vfm_cantidad,vfm_unitario,vfm_total,vfm_entregado) VALUES (1932,763819,1,1000,1000,@@@NO@@@)','',2,'2013-06-08'),(23933,'INSERT INTO gne_vale_ferreteria_mov (vfe_id,pro_codigo_plu,vfm_cantidad,vfm_unitario,vfm_total,vfm_entregado) VALUES (1932,764269,1,420,420,@@@NO@@@)','',2,'2013-06-08'),(23934,'INSERT INTO gne_vale_ferreteria (vfe_id,vfe_fecha,vfe_total,vfe_estado,vfe_entregado,usu_nusuario) VALUES (1933,@@@2013.06.09@@@,6990,1,0,@@@G_DIAZ@@@)','',2,'2013-06-09'),(23935,'INSERT INTO gne_vale_ferreteria_mov (vfe_id,pro_codigo_plu,vfm_cantidad,vfm_unitario,vfm_total,vfm_entregado) VALUES (1933,764903,1,6990,6990,@@@NO@@@)','',2,'2013-06-09'),(23936,'INSERT INTO gne_vale_ferreteria (vfe_id,vfe_fecha,vfe_total,vfe_estado,vfe_entregado,usu_nusuario) VALUES (1934,@@@2013.06.09@@@,1980,1,0,@@@G_DIAZ@@@)','',2,'2013-06-09'),(23937,'INSERT INTO gne_vale_ferreteria_mov (vfe_id,pro_codigo_plu,vfm_cantidad,vfm_unitario,vfm_total,vfm_entregado) VALUES (1934,102602,1,1490,1490,@@@NO@@@)','',2,'2013-06-09'),(23938,'INSERT INTO gne_vale_ferreteria_mov (vfe_id,pro_codigo_plu,vfm_cantidad,vfm_unitario,vfm_total,vfm_entregado) VALUES (1934,1549,1,490,490,@@@NO@@@)','',2,'2013-06-09'),(23939,'INSERT INTO gne_vale_ferreteria (vfe_id,vfe_fecha,vfe_total,vfe_estado,vfe_entregado,usu_nusuario) VALUES (1935,@@@2013.06.09@@@,1540,1,0,@@@G_DIAZ@@@)','',2,'2013-06-09'),(23940,'INSERT INTO gne_vale_ferreteria_mov (vfe_id,pro_codigo_plu,vfm_cantidad,vfm_unitario,vfm_total,vfm_entregado) VALUES (1935,764099,1,1290,1290,@@@NO@@@)','',2,'2013-06-09'),(23941,'INSERT INTO gne_vale_ferreteria_mov (vfe_id,pro_codigo_plu,vfm_cantidad,vfm_unitario,vfm_total,vfm_entregado) VALUES (1935,4091,1,250,250,@@@NO@@@)','',2,'2013-06-09'),(23942,'INSERT INTO gne_vale_ferreteria (vfe_id,vfe_fecha,vfe_total,vfe_estado,vfe_entregado,usu_nusuario) VALUES (1936,@@@2013.06.09@@@,70,1,0,@@@G_DIAZ@@@)','',2,'2013-06-09'),(23943,'INSERT INTO gne_vale_ferreteria_mov (vfe_id,pro_codigo_plu,vfm_cantidad,vfm_unitario,vfm_total,vfm_entregado) VALUES (1936,770088,1,70,70,@@@NO@@@)','',2,'2013-06-09'),(23944,'INSERT INTO gne_vale_ferreteria (vfe_id,vfe_fecha,vfe_total,vfe_estado,vfe_entregado,usu_nusuario) VALUES (1937,@@@2013.06.09@@@,1890,1,0,@@@G_DIAZ@@@)','',2,'2013-06-09'),(23945,'INSERT INTO gne_vale_ferreteria_mov (vfe_id,pro_codigo_plu,vfm_cantidad,vfm_unitario,vfm_total,vfm_entregado) VALUES (1937,102075,1,1890,1890,@@@NO@@@)','',2,'2013-06-09'),(23946,'INSERT INTO gne_vale_ferreteria (vfe_id,vfe_fecha,vfe_total,vfe_estado,vfe_entregado,usu_nusuario) VALUES (1938,@@@2013.06.09@@@,390,1,0,@@@G_DIAZ@@@)','',2,'2013-06-09'),(23947,'INSERT INTO gne_vale_ferreteria_mov (vfe_id,pro_codigo_plu,vfm_cantidad,vfm_unitario,vfm_total,vfm_entregado) VALUES (1938,15967,3,130,390,@@@NO@@@)','',2,'2013-06-09'),(23948,'INSERT INTO gne_vale_ferreteria (vfe_id,vfe_fecha,vfe_total,vfe_estado,vfe_entregado,usu_nusuario) VALUES (1939,@@@2013.06.09@@@,300,1,0,@@@G_DIAZ@@@)','',2,'2013-06-09'),(23949,'INSERT INTO gne_vale_ferreteria_mov (vfe_id,pro_codigo_plu,vfm_cantidad,vfm_unitario,vfm_total,vfm_entregado) VALUES (1939,1540,1,300,300,@@@NO@@@)','',2,'2013-06-09'),(23950,'UPDATE mae_productos SET pro_margen_actual=0,pro_precio_venta=390 WHERE pro_codigo_plu=607','',2,'2013-06-09'),(23951,'UPDATE mae_productos SET pro_precio_fiscal=pro_precio_venta WHERE pro_codigo_plu=607','',2,'2013-06-09'),(23952,'INSERT INTO gne_vale_ferreteria (vfe_id,vfe_fecha,vfe_total,vfe_estado,vfe_entregado,usu_nusuario) VALUES (1940,@@@2013.06.09@@@,300,1,0,@@@G_DIAZ@@@)','',2,'2013-06-09'),(23953,'INSERT INTO gne_vale_ferreteria_mov (vfe_id,pro_codigo_plu,vfm_cantidad,vfm_unitario,vfm_total,vfm_entregado) VALUES (1940,2004,1,300,300,@@@NO@@@)','',2,'2013-06-09'),(23954,'INSERT INTO gne_vale_ferreteria (vfe_id,vfe_fecha,vfe_total,vfe_estado,vfe_entregado,usu_nusuario) VALUES (1941,@@@2013.06.09@@@,310,1,0,@@@G_DIAZ@@@)','',2,'2013-06-09'),(23955,'INSERT INTO gne_vale_ferreteria_mov (vfe_id,pro_codigo_plu,vfm_cantidad,vfm_unitario,vfm_total,vfm_entregado) VALUES (1941,18799,1,310,310,@@@NO@@@)','',2,'2013-06-09'),(23956,'INSERT INTO gne_vale_ferreteria (vfe_id,vfe_fecha,vfe_total,vfe_estado,vfe_entregado,usu_nusuario) VALUES (1942,@@@2013.06.09@@@,490,1,0,@@@G_DIAZ@@@)','',2,'2013-06-09'),(23957,'INSERT INTO gne_vale_ferreteria_mov (vfe_id,pro_codigo_plu,vfm_cantidad,vfm_unitario,vfm_total,vfm_entregado) VALUES (1942,1538,1,490,490,@@@NO@@@)','',2,'2013-06-09'),(23958,'INSERT INTO gne_vale_ferreteria (vfe_id,vfe_fecha,vfe_total,vfe_estado,vfe_entregado,usu_nusuario) VALUES (1943,@@@2013.06.09@@@,4519,1,0,@@@G_DIAZ@@@)','',2,'2013-06-09'),(23959,'INSERT INTO gne_vale_ferreteria_mov (vfe_id,pro_codigo_plu,vfm_cantidad,vfm_unitario,vfm_total,vfm_entregado) VALUES (1943,763622,1,1399,1399,@@@NO@@@)','',2,'2013-06-09'),(23960,'INSERT INTO gne_vale_ferreteria_mov (vfe_id,pro_codigo_plu,vfm_cantidad,vfm_unitario,vfm_total,vfm_entregado) VALUES (1943,1093,1,1590,1590,@@@NO@@@)','',2,'2013-06-09'),(23961,'INSERT INTO gne_vale_ferreteria_mov (vfe_id,pro_codigo_plu,vfm_cantidad,vfm_unitario,vfm_total,vfm_entregado) VALUES (1943,770001,1,80,80,@@@NO@@@)','',2,'2013-06-09'),(23962,'INSERT INTO gne_vale_ferreteria_mov (vfe_id,pro_codigo_plu,vfm_cantidad,vfm_unitario,vfm_total,vfm_entregado) VALUES (1943,15668,1,1450,1450,@@@NO@@@)','',2,'2013-06-09'),(23963,'INSERT INTO gne_vale_ferreteria (vfe_id,vfe_fecha,vfe_total,vfe_estado,vfe_entregado,usu_nusuario) VALUES (1944,@@@2013.06.09@@@,1890,1,0,@@@G_DIAZ@@@)','',2,'2013-06-09'),(23964,'INSERT INTO gne_vale_ferreteria_mov (vfe_id,pro_codigo_plu,vfm_cantidad,vfm_unitario,vfm_total,vfm_entregado) VALUES (1944,101844,1,1890,1890,@@@NO@@@)','',2,'2013-06-09'),(23965,'INSERT INTO gne_vale_ferreteria (vfe_id,vfe_fecha,vfe_total,vfe_estado,vfe_entregado,usu_nusuario) VALUES (1945,@@@2013.06.09@@@,400,1,0,@@@G_DIAZ@@@)','',2,'2013-06-09'),(23966,'INSERT INTO gne_vale_ferreteria_mov (vfe_id,pro_codigo_plu,vfm_cantidad,vfm_unitario,vfm_total,vfm_entregado) VALUES (1945,16664,1,400,400,@@@NO@@@)','',2,'2013-06-09'),(23967,'INSERT INTO gne_vale_ferreteria (vfe_id,vfe_fecha,vfe_total,vfe_estado,vfe_entregado,usu_nusuario) VALUES (1946,@@@2013.06.09@@@,990,1,0,@@@G_DIAZ@@@)','',2,'2013-06-09'),(23968,'INSERT INTO gne_vale_ferreteria_mov (vfe_id,pro_codigo_plu,vfm_cantidad,vfm_unitario,vfm_total,vfm_entregado) VALUES (1946,764288,1,990,990,@@@NO@@@)','',2,'2013-06-09'),(23969,'INSERT INTO gne_vale_ferreteria (vfe_id,vfe_fecha,vfe_total,vfe_estado,vfe_entregado,usu_nusuario) VALUES (1947,@@@2013.06.09@@@,980,1,0,@@@G_DIAZ@@@)','',2,'2013-06-09'),(23970,'INSERT INTO gne_vale_ferreteria_mov (vfe_id,pro_codigo_plu,vfm_cantidad,vfm_unitario,vfm_total,vfm_entregado) VALUES (1947,761997,1,740,740,@@@NO@@@)','',2,'2013-06-09'),(23971,'INSERT INTO gne_vale_ferreteria_mov (vfe_id,pro_codigo_plu,vfm_cantidad,vfm_unitario,vfm_total,vfm_entregado) VALUES (1947,12085,2,120,240,@@@NO@@@)','',2,'2013-06-09'),(23972,'INSERT INTO gne_vale_ferreteria (vfe_id,vfe_fecha,vfe_total,vfe_estado,vfe_entregado,usu_nusuario) VALUES (1948,@@@2013.06.09@@@,790,1,0,@@@G_DIAZ@@@)','',2,'2013-06-09'),(23973,'INSERT INTO gne_vale_ferreteria_mov (vfe_id,pro_codigo_plu,vfm_cantidad,vfm_unitario,vfm_total,vfm_entregado) VALUES (1948,763623,1,790,790,@@@NO@@@)','',2,'2013-06-09'),(23974,'INSERT INTO gne_vale_ferreteria (vfe_id,vfe_fecha,vfe_total,vfe_estado,vfe_entregado,usu_nusuario) VALUES (1949,@@@2013.06.09@@@,2310,1,0,@@@G_DIAZ@@@)','',2,'2013-06-09'),(23975,'INSERT INTO gne_vale_ferreteria_mov (vfe_id,pro_codigo_plu,vfm_cantidad,vfm_unitario,vfm_total,vfm_entregado) VALUES (1949,763621,1,2190,2190,@@@NO@@@)','',2,'2013-06-09'),(23976,'INSERT INTO gne_vale_ferreteria_mov (vfe_id,pro_codigo_plu,vfm_cantidad,vfm_unitario,vfm_total,vfm_entregado) VALUES (1949,12085,1,120,120,@@@NO@@@)','',2,'2013-06-09'),(23977,'INSERT INTO gne_vale_ferreteria (vfe_id,vfe_fecha,vfe_total,vfe_estado,vfe_entregado,usu_nusuario) VALUES (1950,@@@2013.06.09@@@,1680,1,0,@@@G_DIAZ@@@)','',2,'2013-06-09'),(23978,'INSERT INTO gne_vale_ferreteria_mov (vfe_id,pro_codigo_plu,vfm_cantidad,vfm_unitario,vfm_total,vfm_entregado) VALUES (1950,11670,2,840,1680,@@@NO@@@)','',2,'2013-06-09'),(23979,'INSERT INTO gne_vale_ferreteria (vfe_id,vfe_fecha,vfe_total,vfe_estado,vfe_entregado,usu_nusuario) VALUES (1951,@@@2013.06.09@@@,1550,1,0,@@@G_DIAZ@@@)','',2,'2013-06-09'),(23980,'INSERT INTO gne_vale_ferreteria_mov (vfe_id,pro_codigo_plu,vfm_cantidad,vfm_unitario,vfm_total,vfm_entregado) VALUES (1951,763672,1,1550,1550,@@@NO@@@)','',2,'2013-06-09'),(23981,'INSERT INTO gne_vale_ferreteria (vfe_id,vfe_fecha,vfe_total,vfe_estado,vfe_entregado,usu_nusuario) VALUES (1952,@@@2013.06.09@@@,5280,1,0,@@@G_DIAZ@@@)','',2,'2013-06-09'),(23982,'INSERT INTO gne_vale_ferreteria_mov (vfe_id,pro_codigo_plu,vfm_cantidad,vfm_unitario,vfm_total,vfm_entregado) VALUES (1952,101044,1,2990,2990,@@@NO@@@)','',2,'2013-06-09'),(23983,'INSERT INTO gne_vale_ferreteria_mov (vfe_id,pro_codigo_plu,vfm_cantidad,vfm_unitario,vfm_total,vfm_entregado) VALUES (1952,780220156,1,2290,2290,@@@NO@@@)','',2,'2013-06-09'),(23984,'INSERT INTO gne_vale_ferreteria (vfe_id,vfe_fecha,vfe_total,vfe_estado,vfe_entregado,usu_nusuario) VALUES (1953,@@@2013.06.09@@@,300,1,0,@@@G_DIAZ@@@)','',2,'2013-06-09'),(23985,'INSERT INTO gne_vale_ferreteria_mov (vfe_id,pro_codigo_plu,vfm_cantidad,vfm_unitario,vfm_total,vfm_entregado) VALUES (1953,78017110,2,150,300,@@@NO@@@)','',2,'2013-06-09'),(23986,'INSERT INTO gne_vale_ferreteria (vfe_id,vfe_fecha,vfe_total,vfe_estado,vfe_entregado,usu_nusuario) VALUES (1954,@@@2013.06.09@@@,100,1,0,@@@G_DIAZ@@@)','',2,'2013-06-09'),(23987,'INSERT INTO gne_vale_ferreteria_mov (vfe_id,pro_codigo_plu,vfm_cantidad,vfm_unitario,vfm_total,vfm_entregado) VALUES (1954,763851,1,100,100,@@@NO@@@)','',2,'2013-06-09'),(23988,'INSERT INTO gne_vale_ferreteria (vfe_id,vfe_fecha,vfe_total,vfe_estado,vfe_entregado,usu_nusuario) VALUES (1955,@@@2013.06.09@@@,5720,1,0,@@@G_DIAZ@@@)','',2,'2013-06-09'),(23989,'INSERT INTO gne_vale_ferreteria_mov (vfe_id,pro_codigo_plu,vfm_cantidad,vfm_unitario,vfm_total,vfm_entregado) VALUES (1955,764948,1,1890,1890,@@@NO@@@)','',2,'2013-06-09'),(23990,'INSERT INTO gne_vale_ferreteria_mov (vfe_id,pro_codigo_plu,vfm_cantidad,vfm_unitario,vfm_total,vfm_entregado) VALUES (1955,101817,1,2990,2990,@@@NO@@@)','',2,'2013-06-09'),(23991,'INSERT INTO gne_vale_ferreteria_mov (vfe_id,pro_codigo_plu,vfm_cantidad,vfm_unitario,vfm_total,vfm_entregado) VALUES (1955,764054,1,790,790,@@@NO@@@)','',2,'2013-06-09'),(23992,'INSERT INTO gne_vale_ferreteria_mov (vfe_id,pro_codigo_plu,vfm_cantidad,vfm_unitario,vfm_total,vfm_entregado) VALUES (1955,780220123,1,50,50,@@@NO@@@)','',2,'2013-06-09'),(23993,'INSERT INTO gne_vale_ferreteria (vfe_id,vfe_fecha,vfe_total,vfe_estado,vfe_entregado,usu_nusuario) VALUES (1956,@@@2013.06.09@@@,120,1,0,@@@G_DIAZ@@@)','',2,'2013-06-09'),(23994,'INSERT INTO gne_vale_ferreteria_mov (vfe_id,pro_codigo_plu,vfm_cantidad,vfm_unitario,vfm_total,vfm_entregado) VALUES (1956,8022,1,120,120,@@@NO@@@)','',2,'2013-06-09'),(23995,'INSERT INTO gne_vale_ferreteria (vfe_id,vfe_fecha,vfe_total,vfe_estado,vfe_entregado,usu_nusuario) VALUES (1957,@@@2013.06.09@@@,200,1,0,@@@G_DIAZ@@@)','',2,'2013-06-09'),(23996,'INSERT INTO gne_vale_ferreteria_mov (vfe_id,pro_codigo_plu,vfm_cantidad,vfm_unitario,vfm_total,vfm_entregado) VALUES (1957,78017140,1,200,200,@@@NO@@@)','',2,'2013-06-09'),(23997,'INSERT INTO gne_vale_ferreteria (vfe_id,vfe_fecha,vfe_total,vfe_estado,vfe_entregado,usu_nusuario) VALUES (1958,@@@2013.06.09@@@,130,1,0,@@@G_DIAZ@@@)','',2,'2013-06-09'),(23998,'INSERT INTO gne_vale_ferreteria_mov (vfe_id,pro_codigo_plu,vfm_cantidad,vfm_unitario,vfm_total,vfm_entregado) VALUES (1958,78017148,1,130,130,@@@NO@@@)','',2,'2013-06-09'),(23999,'INSERT INTO gne_vale_ferreteria (vfe_id,vfe_fecha,vfe_total,vfe_estado,vfe_entregado,usu_nusuario) VALUES (1959,@@@2013.06.09@@@,650,1,0,@@@G_DIAZ@@@)','',2,'2013-06-09'),(24000,'INSERT INTO gne_vale_ferreteria_mov (vfe_id,pro_codigo_plu,vfm_cantidad,vfm_unitario,vfm_total,vfm_entregado) VALUES (1959,20836,1,650,650,@@@NO@@@)','',2,'2013-06-09'),(24001,'UPDATE mae_productos SET pro_margen_actual=0,pro_precio_venta=590 WHERE pro_codigo_plu=11852','',2,'2013-06-09'),(24002,'UPDATE mae_productos SET pro_precio_fiscal=pro_precio_venta WHERE pro_codigo_plu=11852','',2,'2013-06-09'),(24003,'INSERT INTO gne_vale_ferreteria (vfe_id,vfe_fecha,vfe_total,vfe_estado,vfe_entregado,usu_nusuario) VALUES (1960,@@@2013.06.09@@@,990,1,0,@@@G_DIAZ@@@)','',2,'2013-06-09'),(24004,'INSERT INTO gne_vale_ferreteria_mov (vfe_id,pro_codigo_plu,vfm_cantidad,vfm_unitario,vfm_total,vfm_entregado) VALUES (1960,780220138,1,990,990,@@@NO@@@)','',2,'2013-06-09'),(24005,'INSERT INTO gne_vale_ferreteria (vfe_id,vfe_fecha,vfe_total,vfe_estado,vfe_entregado,usu_nusuario) VALUES (1961,@@@2013.06.09@@@,70,1,0,@@@G_DIAZ@@@)','',2,'2013-06-09'),(24006,'INSERT INTO gne_vale_ferreteria_mov (vfe_id,pro_codigo_plu,vfm_cantidad,vfm_unitario,vfm_total,vfm_entregado) VALUES (1961,770088,1,70,70,@@@NO@@@)','',2,'2013-06-09'),(24007,'INSERT INTO gne_vale_ferreteria (vfe_id,vfe_fecha,vfe_total,vfe_estado,vfe_entregado,usu_nusuario) VALUES (1962,@@@2013.06.09@@@,3780,1,0,@@@G_DIAZ@@@)','',2,'2013-06-09'),(24008,'INSERT INTO gne_vale_ferreteria_mov (vfe_id,pro_codigo_plu,vfm_cantidad,vfm_unitario,vfm_total,vfm_entregado) VALUES (1962,770082,2,1890,3780,@@@NO@@@)','',2,'2013-06-09'),(24009,'INSERT INTO gne_vale_ferreteria (vfe_id,vfe_fecha,vfe_total,vfe_estado,vfe_entregado,usu_nusuario) VALUES (1963,@@@2013.06.09@@@,520,1,0,@@@G_DIAZ@@@)','',2,'2013-06-09'),(24010,'INSERT INTO gne_vale_ferreteria_mov (vfe_id,pro_codigo_plu,vfm_cantidad,vfm_unitario,vfm_total,vfm_entregado) VALUES (1963,780721058,1,520,520,@@@NO@@@)','',2,'2013-06-09'),(24011,'INSERT INTO gne_vale_ferreteria (vfe_id,vfe_fecha,vfe_total,vfe_estado,vfe_entregado,usu_nusuario) VALUES (1964,@@@2013.06.09@@@,500,1,0,@@@G_DIAZ@@@)','',2,'2013-06-09'),(24012,'INSERT INTO gne_vale_ferreteria_mov (vfe_id,pro_codigo_plu,vfm_cantidad,vfm_unitario,vfm_total,vfm_entregado) VALUES (1964,78017233,5,100,500,@@@NO@@@)','',2,'2013-06-09'),(24013,'INSERT INTO gne_vale_ferreteria (vfe_id,vfe_fecha,vfe_total,vfe_estado,vfe_entregado,usu_nusuario) VALUES (1965,@@@2013.06.09@@@,890,1,0,@@@G_DIAZ@@@)','',2,'2013-06-09'),(24014,'INSERT INTO gne_vale_ferreteria_mov (vfe_id,pro_codigo_plu,vfm_cantidad,vfm_unitario,vfm_total,vfm_entregado) VALUES (1965,11597,1,890,890,@@@NO@@@)','',2,'2013-06-09'),(24015,'INSERT INTO gne_vale_ferreteria (vfe_id,vfe_fecha,vfe_total,vfe_estado,vfe_entregado,usu_nusuario) VALUES (1966,@@@2013.06.09@@@,1440,1,0,@@@G_DIAZ@@@)','',2,'2013-06-09'),(24016,'INSERT INTO gne_vale_ferreteria_mov (vfe_id,pro_codigo_plu,vfm_cantidad,vfm_unitario,vfm_total,vfm_entregado) VALUES (1966,15936,3,480,1440,@@@NO@@@)','',2,'2013-06-09'),(24017,'INSERT INTO gne_vale_ferreteria (vfe_id,vfe_fecha,vfe_total,vfe_estado,vfe_entregado,usu_nusuario) VALUES (1967,@@@2013.06.09@@@,1690,1,0,@@@G_DIAZ@@@)','',2,'2013-06-09'),(24018,'INSERT INTO gne_vale_ferreteria_mov (vfe_id,pro_codigo_plu,vfm_cantidad,vfm_unitario,vfm_total,vfm_entregado) VALUES (1967,101563,1,1690,1690,@@@NO@@@)','',2,'2013-06-09'),(24019,'INSERT INTO gne_vale_ferreteria (vfe_id,vfe_fecha,vfe_total,vfe_estado,vfe_entregado,usu_nusuario) VALUES (1968,@@@2013.06.09@@@,740,1,0,@@@G_DIAZ@@@)','',2,'2013-06-09'),(24020,'INSERT INTO gne_vale_ferreteria_mov (vfe_id,pro_codigo_plu,vfm_cantidad,vfm_unitario,vfm_total,vfm_entregado) VALUES (1968,763823,1,740,740,@@@NO@@@)','',2,'2013-06-09'),(24021,'INSERT INTO gne_vale_ferreteria (vfe_id,vfe_fecha,vfe_total,vfe_estado,vfe_entregado,usu_nusuario) VALUES (1969,@@@2013.06.09@@@,490,1,0,@@@G_DIAZ@@@)','',2,'2013-06-09'),(24022,'INSERT INTO gne_vale_ferreteria_mov (vfe_id,pro_codigo_plu,vfm_cantidad,vfm_unitario,vfm_total,vfm_entregado) VALUES (1969,762002,1,490,490,@@@NO@@@)','',2,'2013-06-09'),(24023,'INSERT INTO gne_vale_ferreteria (vfe_id,vfe_fecha,vfe_total,vfe_estado,vfe_entregado,usu_nusuario) VALUES (1970,@@@2013.06.09@@@,790,1,0,@@@G_DIAZ@@@)','',2,'2013-06-09'),(24024,'INSERT INTO gne_vale_ferreteria_mov (vfe_id,pro_codigo_plu,vfm_cantidad,vfm_unitario,vfm_total,vfm_entregado) VALUES (1970,8022,2,120,240,@@@NO@@@)','',2,'2013-06-09'),(24025,'INSERT INTO gne_vale_ferreteria_mov (vfe_id,pro_codigo_plu,vfm_cantidad,vfm_unitario,vfm_total,vfm_entregado) VALUES (1970,763582,1,550,550,@@@NO@@@)','',2,'2013-06-09'),(24026,'INSERT INTO gne_vale_ferreteria (vfe_id,vfe_fecha,vfe_total,vfe_estado,vfe_entregado,usu_nusuario) VALUES (1971,@@@2013.06.09@@@,1590,1,0,@@@G_DIAZ@@@)','',2,'2013-06-09'),(24027,'INSERT INTO gne_vale_ferreteria_mov (vfe_id,pro_codigo_plu,vfm_cantidad,vfm_unitario,vfm_total,vfm_entregado) VALUES (1971,78017174,1,1590,1590,@@@NO@@@)','',2,'2013-06-09'),(24028,'INSERT INTO gne_vale_ferreteria (vfe_id,vfe_fecha,vfe_total,vfe_estado,vfe_entregado,usu_nusuario) VALUES (1972,@@@2013.06.09@@@,880,1,0,@@@G_DIAZ@@@)','',2,'2013-06-09'),(24029,'INSERT INTO gne_vale_ferreteria_mov (vfe_id,pro_codigo_plu,vfm_cantidad,vfm_unitario,vfm_total,vfm_entregado) VALUES (1972,1069,1,190,190,@@@NO@@@)','',2,'2013-06-09'),(24030,'INSERT INTO gne_vale_ferreteria_mov (vfe_id,pro_codigo_plu,vfm_cantidad,vfm_unitario,vfm_total,vfm_entregado) VALUES (1972,1040,1,200,200,@@@NO@@@)','',2,'2013-06-09'),(24031,'INSERT INTO gne_vale_ferreteria_mov (vfe_id,pro_codigo_plu,vfm_cantidad,vfm_unitario,vfm_total,vfm_entregado) VALUES (1972,762002,1,490,490,@@@NO@@@)','',2,'2013-06-09'),(24032,'INSERT INTO gne_vale_ferreteria (vfe_id,vfe_fecha,vfe_total,vfe_estado,vfe_entregado,usu_nusuario) VALUES (1973,@@@2013.06.09@@@,90,1,0,@@@G_DIAZ@@@)','',2,'2013-06-09'),(24033,'INSERT INTO gne_vale_ferreteria_mov (vfe_id,pro_codigo_plu,vfm_cantidad,vfm_unitario,vfm_total,vfm_entregado) VALUES (1973,770038,1,90,90,@@@NO@@@)','',2,'2013-06-09'),(24034,'INSERT INTO gne_vale_ferreteria (vfe_id,vfe_fecha,vfe_total,vfe_estado,vfe_entregado,usu_nusuario) VALUES (1974,@@@2013.06.09@@@,540,1,0,@@@G_DIAZ@@@)','',2,'2013-06-09'),(24035,'INSERT INTO gne_vale_ferreteria_mov (vfe_id,pro_codigo_plu,vfm_cantidad,vfm_unitario,vfm_total,vfm_entregado) VALUES (1974,19916,1,540,540,@@@NO@@@)','',2,'2013-06-09'),(24036,'INSERT INTO gne_vale_ferreteria (vfe_id,vfe_fecha,vfe_total,vfe_estado,vfe_entregado,usu_nusuario) VALUES (1975,@@@2013.06.09@@@,900,1,0,@@@G_DIAZ@@@)','',2,'2013-06-09'),(24037,'INSERT INTO gne_vale_ferreteria_mov (vfe_id,pro_codigo_plu,vfm_cantidad,vfm_unitario,vfm_total,vfm_entregado) VALUES (1975,78017153,30,30,900,@@@NO@@@)','',2,'2013-06-09'),(24038,'INSERT INTO gne_vale_ferreteria (vfe_id,vfe_fecha,vfe_total,vfe_estado,vfe_entregado,usu_nusuario) VALUES (1976,@@@2013.06.09@@@,1770,1,0,@@@G_DIAZ@@@)','',2,'2013-06-09'),(24039,'INSERT INTO gne_vale_ferreteria_mov (vfe_id,pro_codigo_plu,vfm_cantidad,vfm_unitario,vfm_total,vfm_entregado) VALUES (1976,4098,3,590,1770,@@@NO@@@)','',2,'2013-06-09'),(24040,'INSERT INTO gne_vale_ferreteria (vfe_id,vfe_fecha,vfe_total,vfe_estado,vfe_entregado,usu_nusuario) VALUES (1977,@@@2013.06.09@@@,590,1,0,@@@G_DIAZ@@@)','',2,'2013-06-09'),(24041,'INSERT INTO gne_vale_ferreteria_mov (vfe_id,pro_codigo_plu,vfm_cantidad,vfm_unitario,vfm_total,vfm_entregado) VALUES (1977,15485,1,590,590,@@@NO@@@)','',2,'2013-06-09'),(24042,'INSERT INTO gne_vale_ferreteria (vfe_id,vfe_fecha,vfe_total,vfe_estado,vfe_entregado,usu_nusuario) VALUES (1978,@@@2013.06.09@@@,3030,1,0,@@@G_DIAZ@@@)','',2,'2013-06-09'),(24043,'INSERT INTO gne_vale_ferreteria_mov (vfe_id,pro_codigo_plu,vfm_cantidad,vfm_unitario,vfm_total,vfm_entregado) VALUES (1978,14979,1,300,300,@@@NO@@@)','',2,'2013-06-09'),(24044,'INSERT INTO gne_vale_ferreteria_mov (vfe_id,pro_codigo_plu,vfm_cantidad,vfm_unitario,vfm_total,vfm_entregado) VALUES (1978,12083,1,260,260,@@@NO@@@)','',2,'2013-06-09'),(24045,'INSERT INTO gne_vale_ferreteria_mov (vfe_id,pro_codigo_plu,vfm_cantidad,vfm_unitario,vfm_total,vfm_entregado) VALUES (1978,763621,1,2190,2190,@@@NO@@@)','',2,'2013-06-09'),(24046,'INSERT INTO gne_vale_ferreteria_mov (vfe_id,pro_codigo_plu,vfm_cantidad,vfm_unitario,vfm_total,vfm_entregado) VALUES (1978,764364,2,140,280,@@@NO@@@)','',2,'2013-06-09'),(24047,'INSERT INTO gne_vale_ferreteria (vfe_id,vfe_fecha,vfe_total,vfe_estado,vfe_entregado,usu_nusuario) VALUES (1979,@@@2013.06.09@@@,1890,1,0,@@@G_DIAZ@@@)','',2,'2013-06-09'),(24048,'INSERT INTO gne_vale_ferreteria_mov (vfe_id,pro_codigo_plu,vfm_cantidad,vfm_unitario,vfm_total,vfm_entregado) VALUES (1979,101624,1,1890,1890,@@@NO@@@)','',2,'2013-06-09'),(24049,'INSERT INTO gne_vale_ferreteria (vfe_id,vfe_fecha,vfe_total,vfe_estado,vfe_entregado,usu_nusuario) VALUES (1980,@@@2013.06.09@@@,7990,1,0,@@@G_DIAZ@@@)','',2,'2013-06-09'),(24050,'INSERT INTO gne_vale_ferreteria_mov (vfe_id,pro_codigo_plu,vfm_cantidad,vfm_unitario,vfm_total,vfm_entregado) VALUES (1980,764952,1,7990,7990,@@@NO@@@)','',2,'2013-06-09'),(24051,'INSERT INTO gne_vale_ferreteria (vfe_id,vfe_fecha,vfe_total,vfe_estado,vfe_entregado,usu_nusuario) VALUES (1981,@@@2013.06.09@@@,3980,1,0,@@@G_DIAZ@@@)','',2,'2013-06-09'),(24052,'INSERT INTO gne_vale_ferreteria_mov (vfe_id,pro_codigo_plu,vfm_cantidad,vfm_unitario,vfm_total,vfm_entregado) VALUES (1981,770081,2,1990,3980,@@@NO@@@)','',2,'2013-06-09'),(24053,'INSERT INTO gne_vale_ferreteria (vfe_id,vfe_fecha,vfe_total,vfe_estado,vfe_entregado,usu_nusuario) VALUES (1982,@@@2013.06.09@@@,400,1,0,@@@G_DIAZ@@@)','',2,'2013-06-09'),(24054,'INSERT INTO gne_vale_ferreteria_mov (vfe_id,pro_codigo_plu,vfm_cantidad,vfm_unitario,vfm_total,vfm_entregado) VALUES (1982,4089,2,200,400,@@@NO@@@)','',2,'2013-06-09'),(24055,'INSERT INTO gne_vale_ferreteria (vfe_id,vfe_fecha,vfe_total,vfe_estado,vfe_entregado,usu_nusuario) VALUES (1983,@@@2013.06.09@@@,300,1,0,@@@G_DIAZ@@@)','',2,'2013-06-09'),(24056,'INSERT INTO gne_vale_ferreteria_mov (vfe_id,pro_codigo_plu,vfm_cantidad,vfm_unitario,vfm_total,vfm_entregado) VALUES (1983,2004,1,300,300,@@@NO@@@)','',2,'2013-06-09'),(24057,'INSERT INTO gne_vale_ferreteria (vfe_id,vfe_fecha,vfe_total,vfe_estado,vfe_entregado,usu_nusuario) VALUES (1984,@@@2013.06.09@@@,40,1,0,@@@G_DIAZ@@@)','',2,'2013-06-09'),(24058,'INSERT INTO gne_vale_ferreteria_mov (vfe_id,pro_codigo_plu,vfm_cantidad,vfm_unitario,vfm_total,vfm_entregado) VALUES (1984,78017191,1,40,40,@@@NO@@@)','',2,'2013-06-09'),(24059,'INSERT INTO gne_vale_ferreteria (vfe_id,vfe_fecha,vfe_total,vfe_estado,vfe_entregado,usu_nusuario) VALUES (1985,@@@2013.06.09@@@,640,1,0,@@@G_DIAZ@@@)','',2,'2013-06-09'),(24060,'INSERT INTO gne_vale_ferreteria_mov (vfe_id,pro_codigo_plu,vfm_cantidad,vfm_unitario,vfm_total,vfm_entregado) VALUES (1985,764700,1,490,490,@@@NO@@@)','',2,'2013-06-09'),(24061,'INSERT INTO gne_vale_ferreteria_mov (vfe_id,pro_codigo_plu,vfm_cantidad,vfm_unitario,vfm_total,vfm_entregado) VALUES (1985,2016,1,150,150,@@@NO@@@)','',2,'2013-06-09'),(24062,'INSERT INTO gne_vale_ferreteria (vfe_id,vfe_fecha,vfe_total,vfe_estado,vfe_entregado,usu_nusuario) VALUES (1986,@@@2013.06.09@@@,680,1,0,@@@G_DIAZ@@@)','',2,'2013-06-09'),(24063,'INSERT INTO gne_vale_ferreteria_mov (vfe_id,pro_codigo_plu,vfm_cantidad,vfm_unitario,vfm_total,vfm_entregado) VALUES (1986,19866,1,680,680,@@@NO@@@)','',2,'2013-06-09'),(24064,'INSERT INTO gne_vale_ferreteria (vfe_id,vfe_fecha,vfe_total,vfe_estado,vfe_entregado,usu_nusuario) VALUES (1987,@@@2013.06.09@@@,60,1,0,@@@G_DIAZ@@@)','',2,'2013-06-09'),(24065,'INSERT INTO gne_vale_ferreteria_mov (vfe_id,pro_codigo_plu,vfm_cantidad,vfm_unitario,vfm_total,vfm_entregado) VALUES (1987,4801,2,30,60,@@@NO@@@)','',2,'2013-06-09'),(24066,'INSERT INTO gne_vale_ferreteria (vfe_id,vfe_fecha,vfe_total,vfe_estado,vfe_entregado,usu_nusuario) VALUES (1988,@@@2013.06.09@@@,640,1,0,@@@G_DIAZ@@@)','',2,'2013-06-09'),(24067,'INSERT INTO gne_vale_ferreteria_mov (vfe_id,pro_codigo_plu,vfm_cantidad,vfm_unitario,vfm_total,vfm_entregado) VALUES (1988,1069,2,190,380,@@@NO@@@)','',2,'2013-06-09'),(24068,'INSERT INTO gne_vale_ferreteria_mov (vfe_id,pro_codigo_plu,vfm_cantidad,vfm_unitario,vfm_total,vfm_entregado) VALUES (1988,12083,1,260,260,@@@NO@@@)','',2,'2013-06-09'),(24069,'INSERT INTO gne_vale_ferreteria (vfe_id,vfe_fecha,vfe_total,vfe_estado,vfe_entregado,usu_nusuario) VALUES (1989,@@@2013.06.09@@@,480,1,0,@@@G_DIAZ@@@)','',2,'2013-06-09'),(24070,'INSERT INTO gne_vale_ferreteria_mov (vfe_id,pro_codigo_plu,vfm_cantidad,vfm_unitario,vfm_total,vfm_entregado) VALUES (1989,15936,1,480,480,@@@NO@@@)','',2,'2013-06-09'),(24071,'INSERT INTO gne_vale_ferreteria (vfe_id,vfe_fecha,vfe_total,vfe_estado,vfe_entregado,usu_nusuario) VALUES (1990,@@@2013.06.09@@@,2100,1,0,@@@G_DIAZ@@@)','',2,'2013-06-09'),(24072,'INSERT INTO gne_vale_ferreteria_mov (vfe_id,pro_codigo_plu,vfm_cantidad,vfm_unitario,vfm_total,vfm_entregado) VALUES (1990,763740,1,1350,1350,@@@NO@@@)','',2,'2013-06-09'),(24073,'INSERT INTO gne_vale_ferreteria_mov (vfe_id,pro_codigo_plu,vfm_cantidad,vfm_unitario,vfm_total,vfm_entregado) VALUES (1990,78016995,1,360,360,@@@NO@@@)','',2,'2013-06-09'),(24074,'INSERT INTO gne_vale_ferreteria_mov (vfe_id,pro_codigo_plu,vfm_cantidad,vfm_unitario,vfm_total,vfm_entregado) VALUES (1990,78016977,1,350,350,@@@NO@@@)','',2,'2013-06-09'),(24075,'INSERT INTO gne_vale_ferreteria_mov (vfe_id,pro_codigo_plu,vfm_cantidad,vfm_unitario,vfm_total,vfm_entregado) VALUES (1990,78017191,1,40,40,@@@NO@@@)','',2,'2013-06-09'),(24076,'INSERT INTO gne_vale_ferreteria (vfe_id,vfe_fecha,vfe_total,vfe_estado,vfe_entregado,usu_nusuario) VALUES (1991,@@@2013.06.09@@@,5990,1,0,@@@G_DIAZ@@@)','',2,'2013-06-09'),(24077,'INSERT INTO gne_vale_ferreteria_mov (vfe_id,pro_codigo_plu,vfm_cantidad,vfm_unitario,vfm_total,vfm_entregado) VALUES (1991,764899,1,5990,5990,@@@NO@@@)','',2,'2013-06-09'),(24078,'INSERT INTO gne_vale_ferreteria (vfe_id,vfe_fecha,vfe_total,vfe_estado,vfe_entregado,usu_nusuario) VALUES (1992,@@@2013.06.09@@@,1000,1,0,@@@G_DIAZ@@@)','',2,'2013-06-09'),(24079,'INSERT INTO gne_vale_ferreteria_mov (vfe_id,pro_codigo_plu,vfm_cantidad,vfm_unitario,vfm_total,vfm_entregado) VALUES (1992,6006,2,500,1000,@@@NO@@@)','',2,'2013-06-09'),(24080,'INSERT INTO gne_vale_ferreteria (vfe_id,vfe_fecha,vfe_total,vfe_estado,vfe_entregado,usu_nusuario) VALUES (1993,@@@2013.06.09@@@,1100,1,0,@@@G_DIAZ@@@)','',2,'2013-06-09'),(24081,'INSERT INTO gne_vale_ferreteria_mov (vfe_id,pro_codigo_plu,vfm_cantidad,vfm_unitario,vfm_total,vfm_entregado) VALUES (1993,1085,1,1100,1100,@@@NO@@@)','',2,'2013-06-09'),(24082,'INSERT INTO gne_vale_ferreteria (vfe_id,vfe_fecha,vfe_total,vfe_estado,vfe_entregado,usu_nusuario) VALUES (1994,@@@2013.06.09@@@,120,1,0,@@@G_DIAZ@@@)','',2,'2013-06-09'),(24083,'INSERT INTO gne_vale_ferreteria_mov (vfe_id,pro_codigo_plu,vfm_cantidad,vfm_unitario,vfm_total,vfm_entregado) VALUES (1994,78017191,3,40,120,@@@NO@@@)','',2,'2013-06-09'),(24084,'INSERT INTO gne_vale_ferreteria (vfe_id,vfe_fecha,vfe_total,vfe_estado,vfe_entregado,usu_nusuario) VALUES (1995,@@@2013.06.09@@@,1000,1,0,@@@G_DIAZ@@@)','',2,'2013-06-09'),(24085,'INSERT INTO gne_vale_ferreteria_mov (vfe_id,pro_codigo_plu,vfm_cantidad,vfm_unitario,vfm_total,vfm_entregado) VALUES (1995,6006,2,500,1000,@@@NO@@@)','',2,'2013-06-09'),(24086,'INSERT INTO gne_vale_ferreteria (vfe_id,vfe_fecha,vfe_total,vfe_estado,vfe_entregado,usu_nusuario) VALUES (1996,@@@2013.06.09@@@,120,1,0,@@@G_DIAZ@@@)','',2,'2013-06-09'),(24087,'INSERT INTO gne_vale_ferreteria_mov (vfe_id,pro_codigo_plu,vfm_cantidad,vfm_unitario,vfm_total,vfm_entregado) VALUES (1996,8022,1,120,120,@@@NO@@@)','',2,'2013-06-09'),(24088,'INSERT INTO gne_vale_ferreteria (vfe_id,vfe_fecha,vfe_total,vfe_estado,vfe_entregado,usu_nusuario) VALUES (1997,@@@2013.06.09@@@,320,1,0,@@@G_DIAZ@@@)','',2,'2013-06-09'),(24089,'INSERT INTO gne_vale_ferreteria_mov (vfe_id,pro_codigo_plu,vfm_cantidad,vfm_unitario,vfm_total,vfm_entregado) VALUES (1997,764780,2,60,120,@@@NO@@@)','',2,'2013-06-09'),(24090,'INSERT INTO gne_vale_ferreteria_mov (vfe_id,pro_codigo_plu,vfm_cantidad,vfm_unitario,vfm_total,vfm_entregado) VALUES (1997,763592,1,200,200,@@@NO@@@)','',2,'2013-06-09'),(24091,'INSERT INTO gne_vale_ferreteria (vfe_id,vfe_fecha,vfe_total,vfe_estado,vfe_entregado,usu_nusuario) VALUES (1998,@@@2013.06.09@@@,370,1,0,@@@G_DIAZ@@@)','',2,'2013-06-09'),(24092,'INSERT INTO gne_vale_ferreteria_mov (vfe_id,pro_codigo_plu,vfm_cantidad,vfm_unitario,vfm_total,vfm_entregado) VALUES (1998,780721057,1,190,190,@@@NO@@@)','',2,'2013-06-09'),(24093,'INSERT INTO gne_vale_ferreteria_mov (vfe_id,pro_codigo_plu,vfm_cantidad,vfm_unitario,vfm_total,vfm_entregado) VALUES (1998,780220200,1,180,180,@@@NO@@@)','',2,'2013-06-09'),(24094,'INSERT INTO gne_vale_ferreteria (vfe_id,vfe_fecha,vfe_total,vfe_estado,vfe_entregado,usu_nusuario) VALUES (1999,@@@2013.06.09@@@,80,1,0,@@@G_DIAZ@@@)','',2,'2013-06-09'),(24095,'INSERT INTO gne_vale_ferreteria_mov (vfe_id,pro_codigo_plu,vfm_cantidad,vfm_unitario,vfm_total,vfm_entregado) VALUES (1999,78017191,2,40,80,@@@NO@@@)','',2,'2013-06-09'),(24096,'INSERT INTO com_ventas_grupo (vgr_fecha,vgr_grupo,vgr_cantidad,vgr_total) VALUES (@@@2013.06.04@@@,1,209.03,147407)','',2,'2013-06-09'),(24097,'INSERT INTO com_ventas_grupo (vgr_fecha,vgr_grupo,vgr_cantidad,vgr_total) VALUES (@@@2013.06.04@@@,2,187.445,123220)','',2,'2013-06-09'),(24098,'INSERT INTO com_ventas_grupo (vgr_fecha,vgr_grupo,vgr_cantidad,vgr_total) VALUES (@@@2013.06.04@@@,3,385,76428)','',2,'2013-06-09'),(24099,'INSERT INTO com_ventas_grupo (vgr_fecha,vgr_grupo,vgr_cantidad,vgr_total) VALUES (@@@2013.06.04@@@,4,83,69689)','',2,'2013-06-09'),(24100,'INSERT INTO com_ventas_grupo (vgr_fecha,vgr_grupo,vgr_cantidad,vgr_total) VALUES (@@@2013.06.04@@@,5,6,13750)','',2,'2013-06-09'),(24101,'INSERT INTO com_ventas_grupo (vgr_fecha,vgr_grupo,vgr_cantidad,vgr_total) VALUES (@@@2013.06.04@@@,6,14,21700)','',2,'2013-06-09'),(24102,'INSERT INTO com_ventas_grupo (vgr_fecha,vgr_grupo,vgr_cantidad,vgr_total) VALUES (@@@2013.06.04@@@,7,32,46631)','',2,'2013-06-09'),(24103,'INSERT INTO com_ventas_grupo (vgr_fecha,vgr_grupo,vgr_cantidad,vgr_total) VALUES (@@@2013.06.04@@@,8,47,25300)','',2,'2013-06-09'),(24104,'INSERT INTO com_ventas_grupo (vgr_fecha,vgr_grupo,vgr_cantidad,vgr_total) VALUES (@@@2013.06.04@@@,9,64.695,106024)','',2,'2013-06-09'),(24105,'INSERT INTO com_ventas_grupo (vgr_fecha,vgr_grupo,vgr_cantidad,vgr_total) VALUES (@@@2013.06.04@@@,10,42.66,112434)','',2,'2013-06-09'),(24106,'INSERT INTO com_ventas_grupo (vgr_fecha,vgr_grupo,vgr_cantidad,vgr_total) VALUES (@@@2013.06.04@@@,11,16.655,38265)','',2,'2013-06-09'),(24107,'INSERT INTO com_ventas_grupo (vgr_fecha,vgr_grupo,vgr_cantidad,vgr_total) VALUES (@@@2013.06.04@@@,12,47.99,80437)','',2,'2013-06-09'),(24108,'INSERT INTO com_ventas_grupo (vgr_fecha,vgr_grupo,vgr_cantidad,vgr_total) VALUES (@@@2013.06.04@@@,13,11.765,31299)','',2,'2013-06-09'),(24109,'INSERT INTO com_ventas_grupo (vgr_fecha,vgr_grupo,vgr_cantidad,vgr_total) VALUES (@@@2013.06.04@@@,14,125.205,115211)','',2,'2013-06-09'),(24110,'INSERT INTO com_ventas_grupo (vgr_fecha,vgr_grupo,vgr_cantidad,vgr_total) VALUES (@@@2013.06.04@@@,15,1,1990)','',2,'2013-06-09'),(24111,'INSERT INTO com_ventas_grupo (vgr_fecha,vgr_grupo,vgr_cantidad,vgr_total) VALUES (@@@2013.06.04@@@,16,1,150)','',2,'2013-06-09'),(24112,'INSERT INTO com_ventas_grupo (vgr_fecha,vgr_grupo,vgr_cantidad,vgr_total) VALUES (@@@2013.06.04@@@,18,274.075,133960)','',2,'2013-06-09'),(24113,'INSERT INTO com_ventas_grupo (vgr_fecha,vgr_grupo,vgr_cantidad,vgr_total) VALUES (@@@2013.06.04@@@,20,134.23,32941)','',2,'2013-06-09'),(24114,'INSERT INTO com_ventas_grupo (vgr_fecha,vgr_grupo,vgr_cantidad,vgr_total) VALUES (@@@2013.06.04@@@,21,45,47610)','',2,'2013-06-09'),(24115,'INSERT INTO com_ventas_grupo (vgr_fecha,vgr_grupo,vgr_cantidad,vgr_total) VALUES (@@@2013.06.04@@@,23,1,1190)','',2,'2013-06-09'),(24116,'INSERT INTO com_ventas_grupo (vgr_fecha,vgr_grupo,vgr_cantidad,vgr_total) VALUES (@@@2013.06.04@@@,24,150,35740)','',2,'2013-06-09'),(24117,'INSERT INTO com_ventas_grupo (vgr_fecha,vgr_grupo,vgr_cantidad,vgr_total) VALUES (@@@2013.06.04@@@,25,92,138800)','',2,'2013-06-09'),(24118,'INSERT INTO com_ventas_grupo (vgr_fecha,vgr_grupo,vgr_cantidad,vgr_total) VALUES (@@@2013.06.04@@@,28,1,150)','',2,'2013-06-09'),(24119,'INSERT INTO com_ventas_grupo (vgr_fecha,vgr_grupo,vgr_cantidad,vgr_total) VALUES (@@@2013.06.04@@@,31,9,8870)','',2,'2013-06-09'),(24120,'INSERT INTO com_ventas_grupo (vgr_fecha,vgr_grupo,vgr_cantidad,vgr_total) VALUES (@@@2013.06.04@@@,32,333,95358)','',2,'2013-06-09'),(24121,'INSERT INTO com_ventas_grupo (vgr_fecha,vgr_grupo,vgr_cantidad,vgr_total) VALUES (@@@2013.06.04@@@,35,11,8840)','',2,'2013-06-09'),(24122,'INSERT INTO com_ventas_grupo (vgr_fecha,vgr_grupo,vgr_cantidad,vgr_total) VALUES (@@@2013.06.04@@@,36,13,1290)','',2,'2013-06-09'),(24123,'INSERT INTO com_ventas_grupo (vgr_fecha,vgr_grupo,vgr_cantidad,vgr_total) VALUES (@@@2013.06.04@@@,38,3,2170)','',2,'2013-06-09'),(24124,'INSERT INTO com_ventas_grupo (vgr_fecha,vgr_grupo,vgr_cantidad,vgr_total) VALUES (@@@2013.06.04@@@,39,2,3880)','',2,'2013-06-09'),(24125,'INSERT INTO com_ventas_grupo (vgr_fecha,vgr_grupo,vgr_cantidad,vgr_total) VALUES (@@@2013.06.04@@@,40,13238,13238)','',2,'2013-06-09'),(24126,'INSERT INTO com_ventas_grupo (vgr_fecha,vgr_grupo,vgr_cantidad,vgr_total) VALUES (@@@2013.06.04@@@,42,20.63,13844)','',2,'2013-06-09'),(24127,'UPDATE mae_datos_empresa SET emp_oferta=@@@NO@@@','',2,'2013-06-09'),(24128,'INSERT INTO com_ventas_grupo (vgr_fecha,vgr_grupo,vgr_cantidad,vgr_total) VALUES (@@@2013.06.05@@@,1,205.63,135101)','',2,'2013-06-09'),(24129,'INSERT INTO com_ventas_grupo (vgr_fecha,vgr_grupo,vgr_cantidad,vgr_total) VALUES (@@@2013.06.05@@@,2,199,101269)','',2,'2013-06-09'),(24130,'INSERT INTO com_ventas_grupo (vgr_fecha,vgr_grupo,vgr_cantidad,vgr_total) VALUES (@@@2013.06.05@@@,3,357,70751)','',2,'2013-06-09'),(24131,'INSERT INTO com_ventas_grupo (vgr_fecha,vgr_grupo,vgr_cantidad,vgr_total) VALUES (@@@2013.06.05@@@,4,78,64828)','',2,'2013-06-09'),(24132,'INSERT INTO com_ventas_grupo (vgr_fecha,vgr_grupo,vgr_cantidad,vgr_total) VALUES (@@@2013.06.05@@@,5,4,18660)','',2,'2013-06-09'),(24133,'INSERT INTO com_ventas_grupo (vgr_fecha,vgr_grupo,vgr_cantidad,vgr_total) VALUES (@@@2013.06.05@@@,6,16,22520)','',2,'2013-06-09'),(24134,'INSERT INTO com_ventas_grupo (vgr_fecha,vgr_grupo,vgr_cantidad,vgr_total) VALUES (@@@2013.06.05@@@,7,51,74622)','',2,'2013-06-09'),(24135,'INSERT INTO com_ventas_grupo (vgr_fecha,vgr_grupo,vgr_cantidad,vgr_total) VALUES (@@@2013.06.05@@@,8,26,16250)','',2,'2013-06-09'),(24136,'INSERT INTO com_ventas_grupo (vgr_fecha,vgr_grupo,vgr_cantidad,vgr_total) VALUES (@@@2013.06.05@@@,9,67.38,118782)','',2,'2013-06-09'),(24137,'INSERT INTO com_ventas_grupo (vgr_fecha,vgr_grupo,vgr_cantidad,vgr_total) VALUES (@@@2013.06.05@@@,10,37.755,99021)','',2,'2013-06-09'),(24138,'INSERT INTO com_ventas_grupo (vgr_fecha,vgr_grupo,vgr_cantidad,vgr_total) VALUES (@@@2013.06.05@@@,11,13.995,37582)','',2,'2013-06-09'),(24139,'INSERT INTO com_ventas_grupo (vgr_fecha,vgr_grupo,vgr_cantidad,vgr_total) VALUES (@@@2013.06.05@@@,12,40.935,67076)','',2,'2013-06-09'),(24140,'INSERT INTO com_ventas_grupo (vgr_fecha,vgr_grupo,vgr_cantidad,vgr_total) VALUES (@@@2013.06.05@@@,13,13.18,33692)','',2,'2013-06-09'),(24141,'INSERT INTO com_ventas_grupo (vgr_fecha,vgr_grupo,vgr_cantidad,vgr_total) VALUES (@@@2013.06.05@@@,14,118.28,108190)','',2,'2013-06-09'),(24142,'INSERT INTO com_ventas_grupo (vgr_fecha,vgr_grupo,vgr_cantidad,vgr_total) VALUES (@@@2013.06.05@@@,16,7,1050)','',2,'2013-06-09'),(24143,'INSERT INTO com_ventas_grupo (vgr_fecha,vgr_grupo,vgr_cantidad,vgr_total) VALUES (@@@2013.06.05@@@,18,238.005,115360)','',2,'2013-06-09'),(24144,'INSERT INTO com_ventas_grupo (vgr_fecha,vgr_grupo,vgr_cantidad,vgr_total) VALUES (@@@2013.06.05@@@,20,125.095,36834)','',2,'2013-06-09'),(24145,'INSERT INTO com_ventas_grupo (vgr_fecha,vgr_grupo,vgr_cantidad,vgr_total) VALUES (@@@2013.06.05@@@,21,38,32880)','',2,'2013-06-09'),(24146,'INSERT INTO com_ventas_grupo (vgr_fecha,vgr_grupo,vgr_cantidad,vgr_total) VALUES (@@@2013.06.05@@@,23,2,2380)','',2,'2013-06-09'),(24147,'INSERT INTO com_ventas_grupo (vgr_fecha,vgr_grupo,vgr_cantidad,vgr_total) VALUES (@@@2013.06.05@@@,24,186,25499)','',2,'2013-06-09'),(24148,'INSERT INTO com_ventas_grupo (vgr_fecha,vgr_grupo,vgr_cantidad,vgr_total) VALUES (@@@2013.06.05@@@,25,110,154800)','',2,'2013-06-09'),(24149,'INSERT INTO com_ventas_grupo (vgr_fecha,vgr_grupo,vgr_cantidad,vgr_total) VALUES (@@@2013.06.05@@@,31,10,7600)','',2,'2013-06-09'),(24150,'INSERT INTO com_ventas_grupo (vgr_fecha,vgr_grupo,vgr_cantidad,vgr_total) VALUES (@@@2013.06.05@@@,32,348,93319)','',2,'2013-06-09'),(24151,'INSERT INTO com_ventas_grupo (vgr_fecha,vgr_grupo,vgr_cantidad,vgr_total) VALUES (@@@2013.06.05@@@,35,9,18850)','',2,'2013-06-09'),(24152,'INSERT INTO com_ventas_grupo (vgr_fecha,vgr_grupo,vgr_cantidad,vgr_total) VALUES (@@@2013.06.05@@@,36,25,3370)','',2,'2013-06-09'),(24153,'INSERT INTO com_ventas_grupo (vgr_fecha,vgr_grupo,vgr_cantidad,vgr_total) VALUES (@@@2013.06.05@@@,37,7,2790)','',2,'2013-06-09'),(24154,'INSERT INTO com_ventas_grupo (vgr_fecha,vgr_grupo,vgr_cantidad,vgr_total) VALUES (@@@2013.06.05@@@,38,2,2380)','',2,'2013-06-09'),(24155,'INSERT INTO com_ventas_grupo (vgr_fecha,vgr_grupo,vgr_cantidad,vgr_total) VALUES (@@@2013.06.05@@@,39,4,9780)','',2,'2013-06-09'),(24156,'INSERT INTO com_ventas_grupo (vgr_fecha,vgr_grupo,vgr_cantidad,vgr_total) VALUES (@@@2013.06.05@@@,40,14209,14209)','',2,'2013-06-09'),(24157,'INSERT INTO com_ventas_grupo (vgr_fecha,vgr_grupo,vgr_cantidad,vgr_total) VALUES (@@@2013.06.05@@@,41,1,180)','',2,'2013-06-09'),(24158,'INSERT INTO com_ventas_grupo (vgr_fecha,vgr_grupo,vgr_cantidad,vgr_total) VALUES (@@@2013.06.05@@@,42,22.455,20643)','',2,'2013-06-09'),(24159,'UPDATE mae_datos_empresa SET emp_oferta=@@@NO@@@','',2,'2013-06-09'),(24160,'INSERT INTO com_ventas_grupo (vgr_fecha,vgr_grupo,vgr_cantidad,vgr_total) VALUES (@@@2013.06.06@@@,1,185.615,109390)','',2,'2013-06-09'),(24161,'INSERT INTO com_ventas_grupo (vgr_fecha,vgr_grupo,vgr_cantidad,vgr_total) VALUES (@@@2013.06.06@@@,2,222.375,99738)','',2,'2013-06-09'),(24162,'INSERT INTO com_ventas_grupo (vgr_fecha,vgr_grupo,vgr_cantidad,vgr_total) VALUES (@@@2013.06.06@@@,3,309,63837)','',2,'2013-06-09'),(24163,'INSERT INTO com_ventas_grupo (vgr_fecha,vgr_grupo,vgr_cantidad,vgr_total) VALUES (@@@2013.06.06@@@,4,75,64487)','',2,'2013-06-09'),(24164,'INSERT INTO com_ventas_grupo (vgr_fecha,vgr_grupo,vgr_cantidad,vgr_total) VALUES (@@@2013.06.06@@@,5,8,19780)','',2,'2013-06-09'),(24165,'INSERT INTO com_ventas_grupo (vgr_fecha,vgr_grupo,vgr_cantidad,vgr_total) VALUES (@@@2013.06.06@@@,6,14,21530)','',2,'2013-06-09'),(24166,'INSERT INTO com_ventas_grupo (vgr_fecha,vgr_grupo,vgr_cantidad,vgr_total) VALUES (@@@2013.06.06@@@,7,31,51868)','',2,'2013-06-09'),(24167,'INSERT INTO com_ventas_grupo (vgr_fecha,vgr_grupo,vgr_cantidad,vgr_total) VALUES (@@@2013.06.06@@@,8,32,19430)','',2,'2013-06-09'),(24168,'INSERT INTO com_ventas_grupo (vgr_fecha,vgr_grupo,vgr_cantidad,vgr_total) VALUES (@@@2013.06.06@@@,9,64.175,115933)','',2,'2013-06-09'),(24169,'INSERT INTO com_ventas_grupo (vgr_fecha,vgr_grupo,vgr_cantidad,vgr_total) VALUES (@@@2013.06.06@@@,10,40.95,113469)','',2,'2013-06-09'),(24170,'INSERT INTO com_ventas_grupo (vgr_fecha,vgr_grupo,vgr_cantidad,vgr_total) VALUES (@@@2013.06.06@@@,11,25.71,58548)','',2,'2013-06-09'),(24171,'INSERT INTO com_ventas_grupo (vgr_fecha,vgr_grupo,vgr_cantidad,vgr_total) VALUES (@@@2013.06.06@@@,12,51.965,62286)','',2,'2013-06-09'),(24172,'INSERT INTO com_ventas_grupo (vgr_fecha,vgr_grupo,vgr_cantidad,vgr_total) VALUES (@@@2013.06.06@@@,13,11.035,32593)','',2,'2013-06-09'),(24173,'INSERT INTO com_ventas_grupo (vgr_fecha,vgr_grupo,vgr_cantidad,vgr_total) VALUES (@@@2013.06.06@@@,14,115.44,105674)','',2,'2013-06-09'),(24174,'INSERT INTO com_ventas_grupo (vgr_fecha,vgr_grupo,vgr_cantidad,vgr_total) VALUES (@@@2013.06.06@@@,16,8,1260)','',2,'2013-06-09'),(24175,'INSERT INTO com_ventas_grupo (vgr_fecha,vgr_grupo,vgr_cantidad,vgr_total) VALUES (@@@2013.06.06@@@,18,238.99,132836)','',2,'2013-06-09'),(24176,'INSERT INTO com_ventas_grupo (vgr_fecha,vgr_grupo,vgr_cantidad,vgr_total) VALUES (@@@2013.06.06@@@,20,82.235,27098)','',2,'2013-06-09'),(24177,'INSERT INTO com_ventas_grupo (vgr_fecha,vgr_grupo,vgr_cantidad,vgr_total) VALUES (@@@2013.06.06@@@,21,50,37990)','',2,'2013-06-09'),(24178,'INSERT INTO com_ventas_grupo (vgr_fecha,vgr_grupo,vgr_cantidad,vgr_total) VALUES (@@@2013.06.06@@@,22,2,7780)','',2,'2013-06-09'),(24179,'INSERT INTO com_ventas_grupo (vgr_fecha,vgr_grupo,vgr_cantidad,vgr_total) VALUES (@@@2013.06.06@@@,23,3,11470)','',2,'2013-06-09'),(24180,'INSERT INTO com_ventas_grupo (vgr_fecha,vgr_grupo,vgr_cantidad,vgr_total) VALUES (@@@2013.06.06@@@,24,136,22210)','',2,'2013-06-09'),(24181,'INSERT INTO com_ventas_grupo (vgr_fecha,vgr_grupo,vgr_cantidad,vgr_total) VALUES (@@@2013.06.06@@@,25,89,131100)','',2,'2013-06-09'),(24182,'INSERT INTO com_ventas_grupo (vgr_fecha,vgr_grupo,vgr_cantidad,vgr_total) VALUES (@@@2013.06.06@@@,31,15,17300)','',2,'2013-06-09'),(24183,'INSERT INTO com_ventas_grupo (vgr_fecha,vgr_grupo,vgr_cantidad,vgr_total) VALUES (@@@2013.06.06@@@,32,322,96619)','',2,'2013-06-09'),(24184,'INSERT INTO com_ventas_grupo (vgr_fecha,vgr_grupo,vgr_cantidad,vgr_total) VALUES (@@@2013.06.06@@@,34,1,1200)','',2,'2013-06-09'),(24185,'INSERT INTO com_ventas_grupo (vgr_fecha,vgr_grupo,vgr_cantidad,vgr_total) VALUES (@@@2013.06.06@@@,35,9,10910)','',2,'2013-06-09'),(24186,'INSERT INTO com_ventas_grupo (vgr_fecha,vgr_grupo,vgr_cantidad,vgr_total) VALUES (@@@2013.06.06@@@,36,4,700)','',2,'2013-06-09'),(24187,'INSERT INTO com_ventas_grupo (vgr_fecha,vgr_grupo,vgr_cantidad,vgr_total) VALUES (@@@2013.06.06@@@,37,6,2390)','',2,'2013-06-09'),(24188,'INSERT INTO com_ventas_grupo (vgr_fecha,vgr_grupo,vgr_cantidad,vgr_total) VALUES (@@@2013.06.06@@@,38,6,5800)','',2,'2013-06-09'),(24189,'INSERT INTO com_ventas_grupo (vgr_fecha,vgr_grupo,vgr_cantidad,vgr_total) VALUES (@@@2013.06.06@@@,39,3,2370)','',2,'2013-06-09'),(24190,'INSERT INTO com_ventas_grupo (vgr_fecha,vgr_grupo,vgr_cantidad,vgr_total) VALUES (@@@2013.06.06@@@,40,17170,17170)','',2,'2013-06-09'),(24191,'INSERT INTO com_ventas_grupo (vgr_fecha,vgr_grupo,vgr_cantidad,vgr_total) VALUES (@@@2013.06.06@@@,41,2,140)','',2,'2013-06-09'),(24192,'INSERT INTO com_ventas_grupo (vgr_fecha,vgr_grupo,vgr_cantidad,vgr_total) VALUES (@@@2013.06.06@@@,42,15.065,11669)','',2,'2013-06-09'),(24193,'UPDATE mae_datos_empresa SET emp_oferta=@@@NO@@@','',2,'2013-06-09'),(24194,'INSERT INTO com_ventas_grupo (vgr_fecha,vgr_grupo,vgr_cantidad,vgr_total) VALUES (@@@2013.06.07@@@,1,153.395,119346)','',2,'2013-06-09'),(24195,'INSERT INTO com_ventas_grupo (vgr_fecha,vgr_grupo,vgr_cantidad,vgr_total) VALUES (@@@2013.06.07@@@,2,216,131439)','',2,'2013-06-09'),(24196,'INSERT INTO com_ventas_grupo (vgr_fecha,vgr_grupo,vgr_cantidad,vgr_total) VALUES (@@@2013.06.07@@@,3,312,67350)','',2,'2013-06-09'),(24197,'INSERT INTO com_ventas_grupo (vgr_fecha,vgr_grupo,vgr_cantidad,vgr_total) VALUES (@@@2013.06.07@@@,4,95,99237)','',2,'2013-06-09'),(24198,'INSERT INTO com_ventas_grupo (vgr_fecha,vgr_grupo,vgr_cantidad,vgr_total) VALUES (@@@2013.06.07@@@,5,14,31940)','',2,'2013-06-09'),(24199,'INSERT INTO com_ventas_grupo (vgr_fecha,vgr_grupo,vgr_cantidad,vgr_total) VALUES (@@@2013.06.07@@@,6,22,47080)','',2,'2013-06-09'),(24200,'INSERT INTO com_ventas_grupo (vgr_fecha,vgr_grupo,vgr_cantidad,vgr_total) VALUES (@@@2013.06.07@@@,7,107,190528)','',2,'2013-06-09'),(24201,'INSERT INTO com_ventas_grupo (vgr_fecha,vgr_grupo,vgr_cantidad,vgr_total) VALUES (@@@2013.06.07@@@,8,14,9480)','',2,'2013-06-09'),(24202,'INSERT INTO com_ventas_grupo (vgr_fecha,vgr_grupo,vgr_cantidad,vgr_total) VALUES (@@@2013.06.07@@@,9,77.195,135318)','',2,'2013-06-09'),(24203,'INSERT INTO com_ventas_grupo (vgr_fecha,vgr_grupo,vgr_cantidad,vgr_total) VALUES (@@@2013.06.07@@@,10,50.49,177962)','',2,'2013-06-09'),(24204,'INSERT INTO com_ventas_grupo (vgr_fecha,vgr_grupo,vgr_cantidad,vgr_total) VALUES (@@@2013.06.07@@@,11,43.725,107874)','',2,'2013-06-09'),(24205,'INSERT INTO com_ventas_grupo (vgr_fecha,vgr_grupo,vgr_cantidad,vgr_total) VALUES (@@@2013.06.07@@@,12,40.97,60675)','',2,'2013-06-09'),(24206,'INSERT INTO com_ventas_grupo (vgr_fecha,vgr_grupo,vgr_cantidad,vgr_total) VALUES (@@@2013.06.07@@@,13,17.29,41059)','',2,'2013-06-09'),(24207,'INSERT INTO com_ventas_grupo (vgr_fecha,vgr_grupo,vgr_cantidad,vgr_total) VALUES (@@@2013.06.07@@@,14,129.965,118356)','',2,'2013-06-09'),(24208,'INSERT INTO com_ventas_grupo (vgr_fecha,vgr_grupo,vgr_cantidad,vgr_total) VALUES (@@@2013.06.07@@@,16,7,1110)','',2,'2013-06-09'),(24209,'INSERT INTO com_ventas_grupo (vgr_fecha,vgr_grupo,vgr_cantidad,vgr_total) VALUES (@@@2013.06.07@@@,18,287.64,157620)','',2,'2013-06-09'),(24210,'INSERT INTO com_ventas_grupo (vgr_fecha,vgr_grupo,vgr_cantidad,vgr_total) VALUES (@@@2013.06.07@@@,19,1,500)','',2,'2013-06-09'),(24211,'INSERT INTO com_ventas_grupo (vgr_fecha,vgr_grupo,vgr_cantidad,vgr_total) VALUES (@@@2013.06.07@@@,20,76.455,19718)','',2,'2013-06-09'),(24212,'INSERT INTO com_ventas_grupo (vgr_fecha,vgr_grupo,vgr_cantidad,vgr_total) VALUES (@@@2013.06.07@@@,21,39,37315)','',2,'2013-06-09'),(24213,'INSERT INTO com_ventas_grupo (vgr_fecha,vgr_grupo,vgr_cantidad,vgr_total) VALUES (@@@2013.06.07@@@,22,1,1300)','',2,'2013-06-09'),(24214,'INSERT INTO com_ventas_grupo (vgr_fecha,vgr_grupo,vgr_cantidad,vgr_total) VALUES (@@@2013.06.07@@@,23,2,2580)','',2,'2013-06-09'),(24215,'INSERT INTO com_ventas_grupo (vgr_fecha,vgr_grupo,vgr_cantidad,vgr_total) VALUES (@@@2013.06.07@@@,24,121,24160)','',2,'2013-06-09'),(24216,'INSERT INTO com_ventas_grupo (vgr_fecha,vgr_grupo,vgr_cantidad,vgr_total) VALUES (@@@2013.06.07@@@,25,106,154400)','',2,'2013-06-09'),(24217,'INSERT INTO com_ventas_grupo (vgr_fecha,vgr_grupo,vgr_cantidad,vgr_total) VALUES (@@@2013.06.07@@@,31,19,14470)','',2,'2013-06-09'),(24218,'INSERT INTO com_ventas_grupo (vgr_fecha,vgr_grupo,vgr_cantidad,vgr_total) VALUES (@@@2013.06.07@@@,32,381,121140)','',2,'2013-06-09'),(24219,'INSERT INTO com_ventas_grupo (vgr_fecha,vgr_grupo,vgr_cantidad,vgr_total) VALUES (@@@2013.06.07@@@,34,1,1200)','',2,'2013-06-09'),(24220,'INSERT INTO com_ventas_grupo (vgr_fecha,vgr_grupo,vgr_cantidad,vgr_total) VALUES (@@@2013.06.07@@@,35,7,15310)','',2,'2013-06-09'),(24221,'INSERT INTO com_ventas_grupo (vgr_fecha,vgr_grupo,vgr_cantidad,vgr_total) VALUES (@@@2013.06.07@@@,36,17,1830)','',2,'2013-06-09'),(24222,'INSERT INTO com_ventas_grupo (vgr_fecha,vgr_grupo,vgr_cantidad,vgr_total) VALUES (@@@2013.06.07@@@,37,7,7170)','',2,'2013-06-09'),(24223,'INSERT INTO com_ventas_grupo (vgr_fecha,vgr_grupo,vgr_cantidad,vgr_total) VALUES (@@@2013.06.07@@@,38,4,9860)','',2,'2013-06-09'),(24224,'INSERT INTO com_ventas_grupo (vgr_fecha,vgr_grupo,vgr_cantidad,vgr_total) VALUES (@@@2013.06.07@@@,39,8,10840)','',2,'2013-06-09'),(24225,'INSERT INTO com_ventas_grupo (vgr_fecha,vgr_grupo,vgr_cantidad,vgr_total) VALUES (@@@2013.06.07@@@,40,162313,162313)','',2,'2013-06-09'),(24226,'INSERT INTO com_ventas_grupo (vgr_fecha,vgr_grupo,vgr_cantidad,vgr_total) VALUES (@@@2013.06.07@@@,41,2,1680)','',2,'2013-06-09'),(24227,'INSERT INTO com_ventas_grupo (vgr_fecha,vgr_grupo,vgr_cantidad,vgr_total) VALUES (@@@2013.06.07@@@,42,23.325,21891)','',2,'2013-06-09'),(24228,'UPDATE mae_datos_empresa SET emp_oferta=@@@NO@@@','',2,'2013-06-09'),(24229,'INSERT INTO com_ventas_grupo (vgr_fecha,vgr_grupo,vgr_cantidad,vgr_total) VALUES (@@@2013.06.08@@@,1,141.905,125761)','',2,'2013-06-09'),(24230,'INSERT INTO com_ventas_grupo (vgr_fecha,vgr_grupo,vgr_cantidad,vgr_total) VALUES (@@@2013.06.08@@@,2,197,116717)','',2,'2013-06-09'),(24231,'INSERT INTO com_ventas_grupo (vgr_fecha,vgr_grupo,vgr_cantidad,vgr_total) VALUES (@@@2013.06.08@@@,3,376,72680)','',2,'2013-06-09'),(24232,'INSERT INTO com_ventas_grupo (vgr_fecha,vgr_grupo,vgr_cantidad,vgr_total) VALUES (@@@2013.06.08@@@,4,124,119489)','',2,'2013-06-09'),(24233,'INSERT INTO com_ventas_grupo (vgr_fecha,vgr_grupo,vgr_cantidad,vgr_total) VALUES (@@@2013.06.08@@@,5,8,24990)','',2,'2013-06-09'),(24234,'INSERT INTO com_ventas_grupo (vgr_fecha,vgr_grupo,vgr_cantidad,vgr_total) VALUES (@@@2013.06.08@@@,6,29,49425)','',2,'2013-06-09'),(24235,'INSERT INTO com_ventas_grupo (vgr_fecha,vgr_grupo,vgr_cantidad,vgr_total) VALUES (@@@2013.06.08@@@,7,98,152602)','',2,'2013-06-09'),(24236,'INSERT INTO com_ventas_grupo (vgr_fecha,vgr_grupo,vgr_cantidad,vgr_total) VALUES (@@@2013.06.08@@@,8,25,18190)','',2,'2013-06-09'),(24237,'INSERT INTO com_ventas_grupo (vgr_fecha,vgr_grupo,vgr_cantidad,vgr_total) VALUES (@@@2013.06.08@@@,9,144.535,248615)','',2,'2013-06-09'),(24238,'INSERT INTO com_ventas_grupo (vgr_fecha,vgr_grupo,vgr_cantidad,vgr_total) VALUES (@@@2013.06.08@@@,10,67.155,215905)','',2,'2013-06-09'),(24239,'INSERT INTO com_ventas_grupo (vgr_fecha,vgr_grupo,vgr_cantidad,vgr_total) VALUES (@@@2013.06.08@@@,11,45.62,121292)','',2,'2013-06-09'),(24240,'INSERT INTO com_ventas_grupo (vgr_fecha,vgr_grupo,vgr_cantidad,vgr_total) VALUES (@@@2013.06.08@@@,12,44.11,77310)','',2,'2013-06-09'),(24241,'INSERT INTO com_ventas_grupo (vgr_fecha,vgr_grupo,vgr_cantidad,vgr_total) VALUES (@@@2013.06.08@@@,13,11.49,37425)','',2,'2013-06-09'),(24242,'INSERT INTO com_ventas_grupo (vgr_fecha,vgr_grupo,vgr_cantidad,vgr_total) VALUES (@@@2013.06.08@@@,14,122.755,111976)','',2,'2013-06-09'),(24243,'INSERT INTO com_ventas_grupo (vgr_fecha,vgr_grupo,vgr_cantidad,vgr_total) VALUES (@@@2013.06.08@@@,16,6,960)','',2,'2013-06-09'),(24244,'INSERT INTO com_ventas_grupo (vgr_fecha,vgr_grupo,vgr_cantidad,vgr_total) VALUES (@@@2013.06.08@@@,18,286.76,147632)','',2,'2013-06-09'),(24245,'INSERT INTO com_ventas_grupo (vgr_fecha,vgr_grupo,vgr_cantidad,vgr_total) VALUES (@@@2013.06.08@@@,20,25,16150)','',2,'2013-06-09'),(24246,'INSERT INTO com_ventas_grupo (vgr_fecha,vgr_grupo,vgr_cantidad,vgr_total) VALUES (@@@2013.06.08@@@,21,53,49260)','',2,'2013-06-09'),(24247,'INSERT INTO com_ventas_grupo (vgr_fecha,vgr_grupo,vgr_cantidad,vgr_total) VALUES (@@@2013.06.08@@@,22,1,1300)','',2,'2013-06-09'),(24248,'INSERT INTO com_ventas_grupo (vgr_fecha,vgr_grupo,vgr_cantidad,vgr_total) VALUES (@@@2013.06.08@@@,23,3,7470)','',2,'2013-06-09'),(24249,'INSERT INTO com_ventas_grupo (vgr_fecha,vgr_grupo,vgr_cantidad,vgr_total) VALUES (@@@2013.06.08@@@,24,116,33248)','',2,'2013-06-09'),(24250,'INSERT INTO com_ventas_grupo (vgr_fecha,vgr_grupo,vgr_cantidad,vgr_total) VALUES (@@@2013.06.08@@@,25,109,153200)','',2,'2013-06-09'),(24251,'INSERT INTO com_ventas_grupo (vgr_fecha,vgr_grupo,vgr_cantidad,vgr_total) VALUES (@@@2013.06.08@@@,28,1,150)','',2,'2013-06-09'),(24252,'INSERT INTO com_ventas_grupo (vgr_fecha,vgr_grupo,vgr_cantidad,vgr_total) VALUES (@@@2013.06.08@@@,31,10,9710)','',2,'2013-06-09'),(24253,'INSERT INTO com_ventas_grupo (vgr_fecha,vgr_grupo,vgr_cantidad,vgr_total) VALUES (@@@2013.06.08@@@,32,340,133789)','',2,'2013-06-09'),(24254,'INSERT INTO com_ventas_grupo (vgr_fecha,vgr_grupo,vgr_cantidad,vgr_total) VALUES (@@@2013.06.08@@@,34,2,2400)','',2,'2013-06-09'),(24255,'INSERT INTO com_ventas_grupo (vgr_fecha,vgr_grupo,vgr_cantidad,vgr_total) VALUES (@@@2013.06.08@@@,35,12,16280)','',2,'2013-06-09'),(24256,'INSERT INTO com_ventas_grupo (vgr_fecha,vgr_grupo,vgr_cantidad,vgr_total) VALUES (@@@2013.06.08@@@,36,15,3250)','',2,'2013-06-09'),(24257,'INSERT INTO com_ventas_grupo (vgr_fecha,vgr_grupo,vgr_cantidad,vgr_total) VALUES (@@@2013.06.08@@@,37,3,4290)','',2,'2013-06-09'),(24258,'INSERT INTO com_ventas_grupo (vgr_fecha,vgr_grupo,vgr_cantidad,vgr_total) VALUES (@@@2013.06.08@@@,38,2,2580)','',2,'2013-06-09'),(24259,'INSERT INTO com_ventas_grupo (vgr_fecha,vgr_grupo,vgr_cantidad,vgr_total) VALUES (@@@2013.06.08@@@,39,5,4760)','',2,'2013-06-09'),(24260,'INSERT INTO com_ventas_grupo (vgr_fecha,vgr_grupo,vgr_cantidad,vgr_total) VALUES (@@@2013.06.08@@@,40,36018,36018)','',2,'2013-06-09'),(24261,'INSERT INTO com_ventas_grupo (vgr_fecha,vgr_grupo,vgr_cantidad,vgr_total) VALUES (@@@2013.06.08@@@,41,2,140)','',2,'2013-06-09'),(24262,'INSERT INTO com_ventas_grupo (vgr_fecha,vgr_grupo,vgr_cantidad,vgr_total) VALUES (@@@2013.06.08@@@,42,28.3,31437)','',2,'2013-06-09'),(24263,'UPDATE mae_datos_empresa SET emp_oferta=@@@NO@@@','',2,'2013-06-09'),(24264,'INSERT INTO gne_vale_ferreteria (vfe_id,vfe_fecha,vfe_total,vfe_estado,vfe_entregado,usu_nusuario) VALUES (2000,@@@2013.06.09@@@,840,1,0,@@@G_DIAZ@@@)','',2,'2013-06-09'),(24265,'INSERT INTO gne_vale_ferreteria_mov (vfe_id,pro_codigo_plu,vfm_cantidad,vfm_unitario,vfm_total,vfm_entregado) VALUES (2000,11670,1,840,840,@@@NO@@@)','',2,'2013-06-09'),(24266,'INSERT INTO gne_vale_ferreteria (vfe_id,vfe_fecha,vfe_total,vfe_estado,vfe_entregado,usu_nusuario) VALUES (2001,@@@2013.06.09@@@,120,1,0,@@@G_DIAZ@@@)','',2,'2013-06-09'),(24267,'INSERT INTO gne_vale_ferreteria_mov (vfe_id,pro_codigo_plu,vfm_cantidad,vfm_unitario,vfm_total,vfm_entregado) VALUES (2001,8022,1,120,120,@@@NO@@@)','',2,'2013-06-09'),(24268,'INSERT INTO gne_vale_ferreteria (vfe_id,vfe_fecha,vfe_total,vfe_estado,vfe_entregado,usu_nusuario) VALUES (2002,@@@2013.06.09@@@,1290,1,0,@@@G_DIAZ@@@)','',2,'2013-06-09'),(24269,'INSERT INTO gne_vale_ferreteria_mov (vfe_id,pro_codigo_plu,vfm_cantidad,vfm_unitario,vfm_total,vfm_entregado) VALUES (2002,19925,1,1290,1290,@@@NO@@@)','',2,'2013-06-09'),(24270,'INSERT INTO mae_productos (pro_codigo_plu,pro_codigo_barra,pro_tipo,pro_nombre_producto,pro_nombre_corto,med_id,emb_id,pro_unidades_embalaje,dep_id,lin_id,mar_id,pro_precio_compra_neto,pro_precio_compra_bruto,pro_precio_venta,pro_margen_actual,pro_oferta,pro_fecha_inicio_oferta,pro_fecha_termino_oferta,pro_precio_oferta,pro_stock_minimo,pro_stock_critico,pro_entradas_bodega,pro_salidas_bodega,pro_mermas_bodega,pro_ajustes_bodega,pro_entradas_sv,pro_salidas_sv,pro_mermas_sv,pro_ajustes_sv,pro_activo,rec_numero,pro_unidad,pro_capacidad,pro_consumo_bodega,pro_consumo_sv,pro_estado,pro_funcion_plu,pro_flejes,pro_iva,pro_plu_asociado,pro_envase,pro_duracion,pro_numero_etiqueta) VALUES (780721061,@@@7700555@@@,@@@0@@@,@@@PEGOTE ANCHO GRANDE@@@,@@@PEGOTE ANCHO GRA@@@,@@@1 @@@,@@@3 @@@,@@@0@@@,@@@24 @@@,@@@137@@@,@@@2507@@@,@@@0@@@,@@@0@@@,@@@1950@@@,@@@0@@@,@@@@@@,@@@2013.06.09@@@,@@@2013.06.09@@@,@@@0@@@,@@@0@@@,@@@0@@@,@@@0@@@,@@@0@@@,@@@0@@@,@@@0@@@,@@@0@@@,@@@0@@@,@@@0@@@,@@@0@@@,@@@1@@@,@@@0@@@,0,1,0,0,2,0,1,1,0,@@@NO@@@,0,0)','',2,'2013-06-09'),(24271,'DELETE FROM mae_impuestos_productos WHERE pro_codigo_plu=@@@780721061@@@','',2,'2013-06-09'),(24272,'INSERT INTO gne_vale_ferreteria (vfe_id,vfe_fecha,vfe_total,vfe_estado,vfe_entregado,usu_nusuario) VALUES (2003,@@@2013.06.09@@@,790,1,0,@@@G_DIAZ@@@)','',2,'2013-06-09'),(24273,'INSERT INTO gne_vale_ferreteria_mov (vfe_id,pro_codigo_plu,vfm_cantidad,vfm_unitario,vfm_total,vfm_entregado) VALUES (2003,763804,1,790,790,@@@NO@@@)','',2,'2013-06-09'),(24274,'INSERT INTO gne_vale_ferreteria (vfe_id,vfe_fecha,vfe_total,vfe_estado,vfe_entregado,usu_nusuario) VALUES (2004,@@@2013.06.09@@@,190,1,0,@@@G_DIAZ@@@)','',2,'2013-06-09'),(24275,'INSERT INTO gne_vale_ferreteria_mov (vfe_id,pro_codigo_plu,vfm_cantidad,vfm_unitario,vfm_total,vfm_entregado) VALUES (2004,1537,1,190,190,@@@NO@@@)','',2,'2013-06-09'),(24276,'INSERT INTO gne_vale_ferreteria (vfe_id,vfe_fecha,vfe_total,vfe_estado,vfe_entregado,usu_nusuario) VALUES (2005,@@@2013.06.09@@@,330,1,0,@@@G_DIAZ@@@)','',2,'2013-06-09'),(24277,'INSERT INTO gne_vale_ferreteria_mov (vfe_id,pro_codigo_plu,vfm_cantidad,vfm_unitario,vfm_total,vfm_entregado) VALUES (2005,764507,1,330,330,@@@NO@@@)','',2,'2013-06-09'),(24278,'INSERT INTO gne_vale_ferreteria (vfe_id,vfe_fecha,vfe_total,vfe_estado,vfe_entregado,usu_nusuario) VALUES (2006,@@@2013.06.09@@@,140,1,0,@@@G_DIAZ@@@)','',2,'2013-06-09'),(24279,'INSERT INTO gne_vale_ferreteria_mov (vfe_id,pro_codigo_plu,vfm_cantidad,vfm_unitario,vfm_total,vfm_entregado) VALUES (2006,764364,1,140,140,@@@NO@@@)','',2,'2013-06-09'),(24280,'INSERT INTO gne_vale_ferreteria (vfe_id,vfe_fecha,vfe_total,vfe_estado,vfe_entregado,usu_nusuario) VALUES (2007,@@@2013.06.09@@@,30,1,0,@@@G_DIAZ@@@)','',2,'2013-06-09'),(24281,'INSERT INTO gne_vale_ferreteria_mov (vfe_id,pro_codigo_plu,vfm_cantidad,vfm_unitario,vfm_total,vfm_entregado) VALUES (2007,4801,1,30,30,@@@NO@@@)','',2,'2013-06-09'),(24282,'INSERT INTO gne_vale_ferreteria (vfe_id,vfe_fecha,vfe_total,vfe_estado,vfe_entregado,usu_nusuario) VALUES (2008,@@@2013.06.09@@@,990,1,0,@@@G_DIAZ@@@)','',2,'2013-06-09'),(24283,'INSERT INTO gne_vale_ferreteria_mov (vfe_id,pro_codigo_plu,vfm_cantidad,vfm_unitario,vfm_total,vfm_entregado) VALUES (2008,8000,1,990,990,@@@NO@@@)','',2,'2013-06-09'),(24284,'INSERT INTO gne_vale_ferreteria (vfe_id,vfe_fecha,vfe_total,vfe_estado,vfe_entregado,usu_nusuario) VALUES (2009,@@@2013.06.09@@@,1990,1,0,@@@G_DIAZ@@@)','',2,'2013-06-09'),(24285,'INSERT INTO gne_vale_ferreteria_mov (vfe_id,pro_codigo_plu,vfm_cantidad,vfm_unitario,vfm_total,vfm_entregado) VALUES (2009,6009,1,1990,1990,@@@NO@@@)','',2,'2013-06-09'),(24286,'INSERT INTO gne_vale_ferreteria (vfe_id,vfe_fecha,vfe_total,vfe_estado,vfe_entregado,usu_nusuario) VALUES (2010,@@@2013.06.09@@@,590,1,0,@@@G_DIAZ@@@)','',2,'2013-06-09'),(24287,'INSERT INTO gne_vale_ferreteria_mov (vfe_id,pro_codigo_plu,vfm_cantidad,vfm_unitario,vfm_total,vfm_entregado) VALUES (2010,19865,1,590,590,@@@NO@@@)','',2,'2013-06-09'),(24288,'INSERT INTO gne_vale_ferreteria (vfe_id,vfe_fecha,vfe_total,vfe_estado,vfe_entregado,usu_nusuario) VALUES (2011,@@@2013.06.09@@@,450,1,0,@@@G_DIAZ@@@)','',2,'2013-06-09'),(24289,'INSERT INTO gne_vale_ferreteria_mov (vfe_id,pro_codigo_plu,vfm_cantidad,vfm_unitario,vfm_total,vfm_entregado) VALUES (2011,20756,1,450,450,@@@NO@@@)','',2,'2013-06-09'),(24290,'INSERT INTO gne_vale_ferreteria (vfe_id,vfe_fecha,vfe_total,vfe_estado,vfe_entregado,usu_nusuario) VALUES (2012,@@@2013.06.09@@@,1030,1,0,@@@G_DIAZ@@@)','',2,'2013-06-09'),(24291,'INSERT INTO gne_vale_ferreteria_mov (vfe_id,pro_codigo_plu,vfm_cantidad,vfm_unitario,vfm_total,vfm_entregado) VALUES (2012,102408,1,350,350,@@@NO@@@)','',2,'2013-06-09'),(24292,'INSERT INTO gne_vale_ferreteria_mov (vfe_id,pro_codigo_plu,vfm_cantidad,vfm_unitario,vfm_total,vfm_entregado) VALUES (2012,19866,1,680,680,@@@NO@@@)','',2,'2013-06-09'),(24293,'INSERT INTO gne_vale_ferreteria (vfe_id,vfe_fecha,vfe_total,vfe_estado,vfe_entregado,usu_nusuario) VALUES (2013,@@@2013.06.09@@@,300,1,0,@@@G_DIAZ@@@)','',2,'2013-06-09'),(24294,'INSERT INTO gne_vale_ferreteria_mov (vfe_id,pro_codigo_plu,vfm_cantidad,vfm_unitario,vfm_total,vfm_entregado) VALUES (2013,4088,2,150,300,@@@NO@@@)','',2,'2013-06-09'),(24295,'INSERT INTO gne_vale_ferreteria (vfe_id,vfe_fecha,vfe_total,vfe_estado,vfe_entregado,usu_nusuario) VALUES (2014,@@@2013.06.09@@@,200,1,0,@@@G_DIAZ@@@)','',2,'2013-06-09'),(24296,'INSERT INTO gne_vale_ferreteria_mov (vfe_id,pro_codigo_plu,vfm_cantidad,vfm_unitario,vfm_total,vfm_entregado) VALUES (2014,78017194,1,200,200,@@@NO@@@)','',2,'2013-06-09'),(24297,'INSERT INTO gne_vale_ferreteria (vfe_id,vfe_fecha,vfe_total,vfe_estado,vfe_entregado,usu_nusuario) VALUES (2015,@@@2013.06.09@@@,2190,1,0,@@@G_DIAZ@@@)','',2,'2013-06-09'),(24298,'INSERT INTO gne_vale_ferreteria_mov (vfe_id,pro_codigo_plu,vfm_cantidad,vfm_unitario,vfm_total,vfm_entregado) VALUES (2015,763621,1,2190,2190,@@@NO@@@)','',2,'2013-06-09'),(24299,'INSERT INTO gne_vale_ferreteria (vfe_id,vfe_fecha,vfe_total,vfe_estado,vfe_entregado,usu_nusuario) VALUES (2016,@@@2013.06.09@@@,200,1,0,@@@G_DIAZ@@@)','',2,'2013-06-09'),(24300,'INSERT INTO gne_vale_ferreteria_mov (vfe_id,pro_codigo_plu,vfm_cantidad,vfm_unitario,vfm_total,vfm_entregado) VALUES (2016,78017238,1,200,200,@@@NO@@@)','',2,'2013-06-09'),(24301,'INSERT INTO gne_vale_ferreteria (vfe_id,vfe_fecha,vfe_total,vfe_estado,vfe_entregado,usu_nusuario) VALUES (2017,@@@2013.06.09@@@,120,1,0,@@@G_DIAZ@@@)','',2,'2013-06-09'),(24302,'INSERT INTO gne_vale_ferreteria_mov (vfe_id,pro_codigo_plu,vfm_cantidad,vfm_unitario,vfm_total,vfm_entregado) VALUES (2017,78017191,3,40,120,@@@NO@@@)','',2,'2013-06-09'),(24303,'INSERT INTO gne_vale_ferreteria (vfe_id,vfe_fecha,vfe_total,vfe_estado,vfe_entregado,usu_nusuario) VALUES (2018,@@@2013.06.09@@@,1380,1,0,@@@G_DIAZ@@@)','',2,'2013-06-09'),(24304,'INSERT INTO gne_vale_ferreteria_mov (vfe_id,pro_codigo_plu,vfm_cantidad,vfm_unitario,vfm_total,vfm_entregado) VALUES (2018,764819,1,390,390,@@@NO@@@)','',2,'2013-06-09'),(24305,'INSERT INTO gne_vale_ferreteria_mov (vfe_id,pro_codigo_plu,vfm_cantidad,vfm_unitario,vfm_total,vfm_entregado) VALUES (2018,764045,1,990,990,@@@NO@@@)','',2,'2013-06-09'),(24306,'INSERT INTO gne_vale_ferreteria (vfe_id,vfe_fecha,vfe_total,vfe_estado,vfe_entregado,usu_nusuario) VALUES (2019,@@@2013.06.09@@@,500,1,0,@@@G_DIAZ@@@)','',2,'2013-06-09'),(24307,'INSERT INTO gne_vale_ferreteria_mov (vfe_id,pro_codigo_plu,vfm_cantidad,vfm_unitario,vfm_total,vfm_entregado) VALUES (2019,78017105,2,250,500,@@@NO@@@)','',2,'2013-06-09'),(24308,'INSERT INTO gne_vale_ferreteria (vfe_id,vfe_fecha,vfe_total,vfe_estado,vfe_entregado,usu_nusuario) VALUES (2020,@@@2013.06.09@@@,1890,1,0,@@@G_DIAZ@@@)','',2,'2013-06-09'),(24309,'INSERT INTO gne_vale_ferreteria_mov (vfe_id,pro_codigo_plu,vfm_cantidad,vfm_unitario,vfm_total,vfm_entregado) VALUES (2020,20482,1,1890,1890,@@@NO@@@)','',2,'2013-06-09'),(24310,'INSERT INTO gne_vale_ferreteria (vfe_id,vfe_fecha,vfe_total,vfe_estado,vfe_entregado,usu_nusuario) VALUES (2021,@@@2013.06.09@@@,390,1,0,@@@G_DIAZ@@@)','',2,'2013-06-09'),(24311,'INSERT INTO gne_vale_ferreteria_mov (vfe_id,pro_codigo_plu,vfm_cantidad,vfm_unitario,vfm_total,vfm_entregado) VALUES (2021,8023,1,390,390,@@@NO@@@)','',2,'2013-06-09'),(24312,'INSERT INTO gne_vale_ferreteria (vfe_id,vfe_fecha,vfe_total,vfe_estado,vfe_entregado,usu_nusuario) VALUES (2022,@@@2013.06.10@@@,1180,1,0,@@@b_SAEZ@@@)','',2,'2013-06-09'),(24313,'INSERT INTO gne_vale_ferreteria_mov (vfe_id,pro_codigo_plu,vfm_cantidad,vfm_unitario,vfm_total,vfm_entregado) VALUES (2022,765028,2,590,1180,@@@NO@@@)','',2,'2013-06-09'),(24314,'INSERT INTO gne_vale_ferreteria (vfe_id,vfe_fecha,vfe_total,vfe_estado,vfe_entregado,usu_nusuario) VALUES (2023,@@@2013.06.10@@@,1290,1,0,@@@b_SAEZ@@@)','',2,'2013-06-09'),(24315,'INSERT INTO gne_vale_ferreteria_mov (vfe_id,pro_codigo_plu,vfm_cantidad,vfm_unitario,vfm_total,vfm_entregado) VALUES (2023,764647,1,1290,1290,@@@NO@@@)','',2,'2013-06-09'),(24316,'INSERT INTO gne_vale_ferreteria (vfe_id,vfe_fecha,vfe_total,vfe_estado,vfe_entregado,usu_nusuario) VALUES (2024,@@@2013.06.10@@@,30,1,0,@@@b_SAEZ@@@)','',2,'2013-06-09'),(24317,'INSERT INTO gne_vale_ferreteria_mov (vfe_id,pro_codigo_plu,vfm_cantidad,vfm_unitario,vfm_total,vfm_entregado) VALUES (2024,4801,1,30,30,@@@NO@@@)','',2,'2013-06-09'),(24318,'INSERT INTO gne_vale_ferreteria (vfe_id,vfe_fecha,vfe_total,vfe_estado,vfe_entregado,usu_nusuario) VALUES (2025,@@@2013.06.10@@@,390,1,0,@@@b_SAEZ@@@)','',2,'2013-06-09'),(24319,'INSERT INTO gne_vale_ferreteria_mov (vfe_id,pro_codigo_plu,vfm_cantidad,vfm_unitario,vfm_total,vfm_entregado) VALUES (2025,764994,1,390,390,@@@NO@@@)','',2,'2013-06-09'),(24320,'INSERT INTO gne_vale_ferreteria (vfe_id,vfe_fecha,vfe_total,vfe_estado,vfe_entregado,usu_nusuario) VALUES (2026,@@@2013.06.10@@@,390,1,0,@@@b_SAEZ@@@)','',2,'2013-06-09'),(24321,'INSERT INTO gne_vale_ferreteria_mov (vfe_id,pro_codigo_plu,vfm_cantidad,vfm_unitario,vfm_total,vfm_entregado) VALUES (2026,764994,1,390,390,@@@NO@@@)','',2,'2013-06-09'),(24322,'INSERT INTO gne_vale_ferreteria (vfe_id,vfe_fecha,vfe_total,vfe_estado,vfe_entregado,usu_nusuario) VALUES (2027,@@@2013.06.10@@@,590,1,0,@@@b_SAEZ@@@)','',2,'2013-06-09'),(24323,'INSERT INTO gne_vale_ferreteria_mov (vfe_id,pro_codigo_plu,vfm_cantidad,vfm_unitario,vfm_total,vfm_entregado) VALUES (2027,762252,1,590,590,@@@NO@@@)','',2,'2013-06-09'),(24324,'INSERT INTO gne_vale_ferreteria (vfe_id,vfe_fecha,vfe_total,vfe_estado,vfe_entregado,usu_nusuario) VALUES (2028,@@@2013.06.10@@@,250,1,0,@@@b_SAEZ@@@)','',2,'2013-06-09'),(24325,'INSERT INTO gne_vale_ferreteria_mov (vfe_id,pro_codigo_plu,vfm_cantidad,vfm_unitario,vfm_total,vfm_entregado) VALUES (2028,770060,1,250,250,@@@NO@@@)','',2,'2013-06-09'),(24326,'INSERT INTO gne_vale_ferreteria (vfe_id,vfe_fecha,vfe_total,vfe_estado,vfe_entregado,usu_nusuario) VALUES (2029,@@@2013.06.10@@@,350,1,0,@@@b_SAEZ@@@)','',2,'2013-06-09'),(24327,'INSERT INTO gne_vale_ferreteria_mov (vfe_id,pro_codigo_plu,vfm_cantidad,vfm_unitario,vfm_total,vfm_entregado) VALUES (2029,102408,1,350,350,@@@NO@@@)','',2,'2013-06-09'),(24328,'INSERT INTO gne_vale_ferreteria (vfe_id,vfe_fecha,vfe_total,vfe_estado,vfe_entregado,usu_nusuario) VALUES (2030,@@@2013.06.10@@@,120,1,0,@@@b_SAEZ@@@)','',2,'2013-06-09'),(24329,'INSERT INTO gne_vale_ferreteria_mov (vfe_id,pro_codigo_plu,vfm_cantidad,vfm_unitario,vfm_total,vfm_entregado) VALUES (2030,8022,1,120,120,@@@NO@@@)','',2,'2013-06-09'),(24330,'INSERT INTO gne_vale_ferreteria (vfe_id,vfe_fecha,vfe_total,vfe_estado,vfe_entregado,usu_nusuario) VALUES (2031,@@@2013.06.10@@@,1470,1,0,@@@b_SAEZ@@@)','',2,'2013-06-09'),(24331,'INSERT INTO gne_vale_ferreteria_mov (vfe_id,pro_codigo_plu,vfm_cantidad,vfm_unitario,vfm_total,vfm_entregado) VALUES (2031,764074,1,490,490,@@@NO@@@)','',2,'2013-06-09'),(24332,'INSERT INTO gne_vale_ferreteria_mov (vfe_id,pro_codigo_plu,vfm_cantidad,vfm_unitario,vfm_total,vfm_entregado) VALUES (2031,764266,1,300,300,@@@NO@@@)','',2,'2013-06-09'),(24333,'INSERT INTO gne_vale_ferreteria_mov (vfe_id,pro_codigo_plu,vfm_cantidad,vfm_unitario,vfm_total,vfm_entregado) VALUES (2031,764361,1,190,190,@@@NO@@@)','',2,'2013-06-09'),(24334,'INSERT INTO gne_vale_ferreteria_mov (vfe_id,pro_codigo_plu,vfm_cantidad,vfm_unitario,vfm_total,vfm_entregado) VALUES (2031,2006,1,490,490,@@@NO@@@)','',2,'2013-06-09'),(24335,'INSERT INTO gne_vale_ferreteria (vfe_id,vfe_fecha,vfe_total,vfe_estado,vfe_entregado,usu_nusuario) VALUES (2032,@@@2013.06.10@@@,120,1,0,@@@b_SAEZ@@@)','',2,'2013-06-09'),(24336,'INSERT INTO gne_vale_ferreteria_mov (vfe_id,pro_codigo_plu,vfm_cantidad,vfm_unitario,vfm_total,vfm_entregado) VALUES (2032,8022,1,120,120,@@@NO@@@)','',2,'2013-06-09'),(24337,'INSERT INTO gne_vale_ferreteria (vfe_id,vfe_fecha,vfe_total,vfe_estado,vfe_entregado,usu_nusuario) VALUES (2033,@@@2013.06.10@@@,3980,1,0,@@@b_SAEZ@@@)','',2,'2013-06-09'),(24338,'INSERT INTO gne_vale_ferreteria_mov (vfe_id,pro_codigo_plu,vfm_cantidad,vfm_unitario,vfm_total,vfm_entregado) VALUES (2033,764218,2,1990,3980,@@@NO@@@)','',2,'2013-06-09'),(24339,'INSERT INTO gne_vale_ferreteria (vfe_id,vfe_fecha,vfe_total,vfe_estado,vfe_entregado,usu_nusuario) VALUES (2034,@@@2013.06.10@@@,200,1,0,@@@b_SAEZ@@@)','',2,'2013-06-09'),(24340,'INSERT INTO gne_vale_ferreteria_mov (vfe_id,pro_codigo_plu,vfm_cantidad,vfm_unitario,vfm_total,vfm_entregado) VALUES (2034,101101,1,200,200,@@@NO@@@)','',2,'2013-06-09'),(24341,'INSERT INTO gne_vale_ferreteria (vfe_id,vfe_fecha,vfe_total,vfe_estado,vfe_entregado,usu_nusuario) VALUES (2035,@@@2013.06.10@@@,100,1,0,@@@b_SAEZ@@@)','',2,'2013-06-09'),(24342,'INSERT INTO gne_vale_ferreteria_mov (vfe_id,pro_codigo_plu,vfm_cantidad,vfm_unitario,vfm_total,vfm_entregado) VALUES (2035,770063,1,100,100,@@@NO@@@)','',2,'2013-06-09'),(24343,'INSERT INTO gne_vale_ferreteria (vfe_id,vfe_fecha,vfe_total,vfe_estado,vfe_entregado,usu_nusuario) VALUES (2036,@@@2013.06.10@@@,980,1,0,@@@b_SAEZ@@@)','',2,'2013-06-09'),(24344,'INSERT INTO gne_vale_ferreteria_mov (vfe_id,pro_codigo_plu,vfm_cantidad,vfm_unitario,vfm_total,vfm_entregado) VALUES (2036,764760,1,490,490,@@@NO@@@)','',2,'2013-06-09'),(24345,'INSERT INTO gne_vale_ferreteria_mov (vfe_id,pro_codigo_plu,vfm_cantidad,vfm_unitario,vfm_total,vfm_entregado) VALUES (2036,764761,1,490,490,@@@NO@@@)','',2,'2013-06-09'),(24346,'INSERT INTO gne_vale_ferreteria (vfe_id,vfe_fecha,vfe_total,vfe_estado,vfe_entregado,usu_nusuario) VALUES (2037,@@@2013.06.10@@@,990,1,0,@@@b_SAEZ@@@)','',2,'2013-06-09'),(24347,'INSERT INTO gne_vale_ferreteria_mov (vfe_id,pro_codigo_plu,vfm_cantidad,vfm_unitario,vfm_total,vfm_entregado) VALUES (2037,2008,1,990,990,@@@NO@@@)','',2,'2013-06-09'),(24348,'UPDATE mae_productos SET pro_margen_actual=0,pro_precio_venta=1950 WHERE pro_codigo_plu=780721061','',2,'2013-06-09'),(24349,'UPDATE mae_productos SET pro_margen_actual=0,pro_precio_venta=599 WHERE pro_codigo_plu=607','',2,'2013-06-09'),(24350,'UPDATE mae_productos SET pro_margen_actual=0,pro_precio_venta=390 WHERE pro_codigo_plu=608','',2,'2013-06-09'),(24351,'UPDATE mae_productos SET pro_margen_actual=0,pro_precio_venta=320 WHERE pro_codigo_plu=597','',2,'2013-06-09'),(24352,'UPDATE mae_productos SET pro_margen_actual=0,pro_precio_venta=499 WHERE pro_codigo_plu=594','',2,'2013-06-09'),(24353,'UPDATE mae_productos SET pro_margen_actual=0,pro_precio_venta=390 WHERE pro_codigo_plu=575','',2,'2013-06-09'),(24354,'UPDATE mae_productos SET pro_precio_fiscal=pro_precio_venta WHERE pro_codigo_plu=575','',2,'2013-06-09'),(24355,'UPDATE mae_productos SET pro_precio_fiscal=pro_precio_venta WHERE pro_codigo_plu=594','',2,'2013-06-09'),(24356,'UPDATE mae_productos SET pro_precio_fiscal=pro_precio_venta WHERE pro_codigo_plu=597','',2,'2013-06-09'),(24357,'UPDATE mae_productos SET pro_precio_fiscal=pro_precio_venta WHERE pro_codigo_plu=607','',2,'2013-06-09'),(24358,'UPDATE mae_productos SET pro_precio_fiscal=pro_precio_venta WHERE pro_codigo_plu=608','',2,'2013-06-09'),(24359,'UPDATE mae_productos SET pro_precio_fiscal=pro_precio_venta WHERE pro_codigo_plu=780721061','',2,'2013-06-09'),(24360,'UPDATE mae_productos SET pro_margen_actual=0,pro_precio_venta=1999 WHERE pro_codigo_plu=562','',2,'2013-06-09'),(24361,'UPDATE mae_productos SET pro_precio_fiscal=pro_precio_venta WHERE pro_codigo_plu=562','',2,'2013-06-09'),(24362,'INSERT INTO gne_vale_ferreteria (vfe_id,vfe_fecha,vfe_total,vfe_estado,vfe_entregado,usu_nusuario) VALUES (2038,@@@2013.06.10@@@,2190,1,0,@@@b_SAEZ@@@)','',2,'2013-06-09'),(24363,'INSERT INTO gne_vale_ferreteria_mov (vfe_id,pro_codigo_plu,vfm_cantidad,vfm_unitario,vfm_total,vfm_entregado) VALUES (2038,763621,1,2190,2190,@@@NO@@@)','',2,'2013-06-09'),(24364,'INSERT INTO gne_vale_ferreteria (vfe_id,vfe_fecha,vfe_total,vfe_estado,vfe_entregado,usu_nusuario) VALUES (2039,@@@2013.06.10@@@,2400,1,0,@@@b_SAEZ@@@)','',2,'2013-06-09'),(24365,'INSERT INTO gne_vale_ferreteria_mov (vfe_id,pro_codigo_plu,vfm_cantidad,vfm_unitario,vfm_total,vfm_entregado) VALUES (2039,15935,5,480,2400,@@@NO@@@)','',2,'2013-06-09'),(24366,'INSERT INTO gne_vale_ferreteria (vfe_id,vfe_fecha,vfe_total,vfe_estado,vfe_entregado,usu_nusuario) VALUES (2040,@@@2013.06.10@@@,540,1,0,@@@b_SAEZ@@@)','',2,'2013-06-09'),(24367,'INSERT INTO gne_vale_ferreteria_mov (vfe_id,pro_codigo_plu,vfm_cantidad,vfm_unitario,vfm_total,vfm_entregado) VALUES (2040,78017059,2,120,240,@@@NO@@@)','',2,'2013-06-09'),(24368,'INSERT INTO gne_vale_ferreteria_mov (vfe_id,pro_codigo_plu,vfm_cantidad,vfm_unitario,vfm_total,vfm_entregado) VALUES (2040,764267,1,300,300,@@@NO@@@)','',2,'2013-06-09'),(24369,'INSERT INTO gne_vale_ferreteria (vfe_id,vfe_fecha,vfe_total,vfe_estado,vfe_entregado,usu_nusuario) VALUES (2041,@@@2013.06.10@@@,150,1,0,@@@b_SAEZ@@@)','',2,'2013-06-09'),(24370,'INSERT INTO gne_vale_ferreteria_mov (vfe_id,pro_codigo_plu,vfm_cantidad,vfm_unitario,vfm_total,vfm_entregado) VALUES (2041,78017015,1,150,150,@@@NO@@@)','',2,'2013-06-09'),(24371,'INSERT INTO gne_vale_ferreteria (vfe_id,vfe_fecha,vfe_total,vfe_estado,vfe_entregado,usu_nusuario) VALUES (2042,@@@2013.06.10@@@,330,1,0,@@@b_SAEZ@@@)','',2,'2013-06-09'),(24372,'INSERT INTO gne_vale_ferreteria_mov (vfe_id,pro_codigo_plu,vfm_cantidad,vfm_unitario,vfm_total,vfm_entregado) VALUES (2042,19918,1,330,330,@@@NO@@@)','',2,'2013-06-09'),(24373,'INSERT INTO gne_vale_ferreteria (vfe_id,vfe_fecha,vfe_total,vfe_estado,vfe_entregado,usu_nusuario) VALUES (2043,@@@2013.06.10@@@,300,1,0,@@@b_SAEZ@@@)','',2,'2013-06-09'),(24374,'INSERT INTO gne_vale_ferreteria_mov (vfe_id,pro_codigo_plu,vfm_cantidad,vfm_unitario,vfm_total,vfm_entregado) VALUES (2043,4074,1,300,300,@@@NO@@@)','',2,'2013-06-09'),(24375,'INSERT INTO gne_vale_ferreteria (vfe_id,vfe_fecha,vfe_total,vfe_estado,vfe_entregado,usu_nusuario) VALUES (2044,@@@2013.06.10@@@,30,1,0,@@@b_SAEZ@@@)','',2,'2013-06-09'),(24376,'INSERT INTO gne_vale_ferreteria_mov (vfe_id,pro_codigo_plu,vfm_cantidad,vfm_unitario,vfm_total,vfm_entregado) VALUES (2044,78017236,1,30,30,@@@NO@@@)','',2,'2013-06-09'),(24377,'INSERT INTO gne_vale_ferreteria (vfe_id,vfe_fecha,vfe_total,vfe_estado,vfe_entregado,usu_nusuario) VALUES (2045,@@@2013.06.10@@@,930,1,0,@@@b_SAEZ@@@)','',2,'2013-06-09'),(24378,'INSERT INTO gne_vale_ferreteria_mov (vfe_id,pro_codigo_plu,vfm_cantidad,vfm_unitario,vfm_total,vfm_entregado) VALUES (2045,78017002,4,100,400,@@@NO@@@)','',2,'2013-06-09'),(24379,'INSERT INTO gne_vale_ferreteria_mov (vfe_id,pro_codigo_plu,vfm_cantidad,vfm_unitario,vfm_total,vfm_entregado) VALUES (2045,763588,1,330,330,@@@NO@@@)','',2,'2013-06-09'),(24380,'INSERT INTO gne_vale_ferreteria_mov (vfe_id,pro_codigo_plu,vfm_cantidad,vfm_unitario,vfm_total,vfm_entregado) VALUES (2045,770065,2,100,200,@@@NO@@@)','',2,'2013-06-09'),(24381,'INSERT INTO gne_vale_ferreteria (vfe_id,vfe_fecha,vfe_total,vfe_estado,vfe_entregado,usu_nusuario) VALUES (2046,@@@2013.06.10@@@,390,1,0,@@@b_SAEZ@@@)','',2,'2013-06-09'),(24382,'INSERT INTO gne_vale_ferreteria_mov (vfe_id,pro_codigo_plu,vfm_cantidad,vfm_unitario,vfm_total,vfm_entregado) VALUES (2046,1535,1,390,390,@@@NO@@@)','',2,'2013-06-09'),(24383,'INSERT INTO gne_vale_ferreteria (vfe_id,vfe_fecha,vfe_total,vfe_estado,vfe_entregado,usu_nusuario) VALUES (2047,@@@2013.06.10@@@,680,1,0,@@@b_SAEZ@@@)','',2,'2013-06-09'),(24384,'INSERT INTO gne_vale_ferreteria_mov (vfe_id,pro_codigo_plu,vfm_cantidad,vfm_unitario,vfm_total,vfm_entregado) VALUES (2047,764697,1,290,290,@@@NO@@@)','',2,'2013-06-09'),(24385,'INSERT INTO gne_vale_ferreteria_mov (vfe_id,pro_codigo_plu,vfm_cantidad,vfm_unitario,vfm_total,vfm_entregado) VALUES (2047,763629,1,390,390,@@@NO@@@)','',2,'2013-06-09'),(24386,'INSERT INTO gne_vale_ferreteria (vfe_id,vfe_fecha,vfe_total,vfe_estado,vfe_entregado,usu_nusuario) VALUES (2048,@@@2013.06.10@@@,1490,1,0,@@@b_SAEZ@@@)','',2,'2013-06-09'),(24387,'INSERT INTO gne_vale_ferreteria_mov (vfe_id,pro_codigo_plu,vfm_cantidad,vfm_unitario,vfm_total,vfm_entregado) VALUES (2048,763867,1,1490,1490,@@@NO@@@)','',2,'2013-06-09'),(24388,'UPDATE mae_productos SET pro_margen_actual=0,pro_precio_venta=2490 WHERE pro_codigo_plu=17591','',2,'2013-06-09'),(24389,'UPDATE mae_productos SET pro_margen_actual=0,pro_precio_venta=2490 WHERE pro_codigo_plu=17592','',2,'2013-06-09'),(24390,'UPDATE mae_productos SET pro_precio_fiscal=pro_precio_venta WHERE pro_codigo_plu=17592','',2,'2013-06-09'),(24391,'UPDATE mae_productos SET pro_precio_fiscal=pro_precio_venta WHERE pro_codigo_plu=17591','',2,'2013-06-09'),(24392,'INSERT INTO mae_productos (pro_codigo_plu,pro_codigo_barra,pro_tipo,pro_nombre_producto,pro_nombre_corto,med_id,emb_id,pro_unidades_embalaje,dep_id,lin_id,mar_id,pro_precio_compra_neto,pro_precio_compra_bruto,pro_precio_venta,pro_margen_actual,pro_oferta,pro_fecha_inicio_oferta,pro_fecha_termino_oferta,pro_precio_oferta,pro_stock_minimo,pro_stock_critico,pro_entradas_bodega,pro_salidas_bodega,pro_mermas_bodega,pro_ajustes_bodega,pro_entradas_sv,pro_salidas_sv,pro_mermas_sv,pro_ajustes_sv,pro_activo,rec_numero,pro_unidad,pro_capacidad,pro_consumo_bodega,pro_consumo_sv,pro_estado,pro_funcion_plu,pro_flejes,pro_iva,pro_plu_asociado,pro_envase,pro_duracion,pro_numero_etiqueta) VALUES (780721062,@@@7802105087220@@@,@@@0@@@,@@@MENTA GLACIAL DUVAL@@@,@@@MENTA GLACIAL DU@@@,@@@5 @@@,@@@3 @@@,@@@0@@@,@@@5 @@@,@@@57@@@,@@@1442@@@,@@@0@@@,@@@0@@@,@@@2490@@@,@@@0@@@,@@@@@@,@@@2013.06.10@@@,@@@2013.06.10@@@,@@@0@@@,@@@0@@@,@@@0@@@,@@@0@@@,@@@0@@@,@@@0@@@,@@@0@@@,@@@0@@@,@@@0@@@,@@@0@@@,@@@0@@@,@@@1@@@,@@@0@@@,0,750,0,0,2,0,1,1,0,@@@NO@@@,0,0)','',2,'2013-06-09'),(24393,'DELETE FROM mae_impuestos_productos WHERE pro_codigo_plu=@@@780721062@@@','',2,'2013-06-09'),(24394,'UPDATE mae_productos SET pro_margen_actual=0,pro_precio_venta=2490 WHERE pro_codigo_plu=780721062','',2,'2013-06-09'),(24395,'UPDATE mae_productos SET pro_margen_actual=0,pro_precio_venta=760 WHERE pro_codigo_plu=762530','',2,'2013-06-09'),(24396,'UPDATE mae_productos SET pro_margen_actual=0,pro_precio_venta=930 WHERE pro_codigo_plu=15121','',2,'2013-06-09'),(24397,'UPDATE mae_productos SET pro_margen_actual=0,pro_precio_venta=690 WHERE pro_codigo_plu=11832','',2,'2013-06-09'),(24398,'UPDATE mae_productos SET pro_margen_actual=0,pro_precio_venta=795 WHERE pro_codigo_plu=761872','',2,'2013-06-09'),(24399,'UPDATE mae_productos SET pro_precio_fiscal=pro_precio_venta WHERE pro_codigo_plu=780721062','',2,'2013-06-09'),(24400,'UPDATE mae_productos SET pro_precio_fiscal=pro_precio_venta WHERE pro_codigo_plu=11832','',2,'2013-06-09'),(24401,'UPDATE mae_productos SET pro_precio_fiscal=pro_precio_venta WHERE pro_codigo_plu=15121','',2,'2013-06-09'),(24402,'UPDATE mae_productos SET pro_precio_fiscal=pro_precio_venta WHERE pro_codigo_plu=761872','',2,'2013-06-09'),(24403,'UPDATE mae_productos SET pro_precio_fiscal=pro_precio_venta WHERE pro_codigo_plu=762530','',2,'2013-06-09'),(24404,'INSERT INTO mae_productos (pro_codigo_plu,pro_codigo_barra,pro_tipo,pro_nombre_producto,pro_nombre_corto,med_id,emb_id,pro_unidades_embalaje,dep_id,lin_id,mar_id,pro_precio_compra_neto,pro_precio_compra_bruto,pro_precio_venta,pro_margen_actual,pro_oferta,pro_fecha_inicio_oferta,pro_fecha_termino_oferta,pro_precio_oferta,pro_stock_minimo,pro_stock_critico,pro_entradas_bodega,pro_salidas_bodega,pro_mermas_bodega,pro_ajustes_bodega,pro_entradas_sv,pro_salidas_sv,pro_mermas_sv,pro_ajustes_sv,pro_activo,rec_numero,pro_unidad,pro_capacidad,pro_consumo_bodega,pro_consumo_sv,pro_estado,pro_funcion_plu,pro_flejes,pro_iva,pro_plu_asociado,pro_envase,pro_duracion,pro_numero_etiqueta) VALUES (780721063,@@@7801380168600@@@,@@@0@@@,@@@COCKTAIL DE FRUTAS DOS CABALLOS 3000G@@@,@@@COCKTAIL DE FRUT@@@,@@@5 @@@,@@@3 @@@,@@@0@@@,@@@1 @@@,@@@151@@@,@@@1442@@@,@@@0@@@,@@@0@@@,@@@4990@@@,@@@0@@@,@@@@@@,@@@2013.06.10@@@,@@@2013.06.10@@@,@@@0@@@,@@@0@@@,@@@0@@@,@@@0@@@,@@@0@@@,@@@0@@@,@@@0@@@,@@@0@@@,@@@0@@@,@@@0@@@,@@@0@@@,@@@1@@@,@@@0@@@,0,3000,0,0,2,0,1,1,0,@@@NO@@@,0,0)','',2,'2013-06-09'),(24405,'DELETE FROM mae_impuestos_productos WHERE pro_codigo_plu=@@@780721063@@@','',2,'2013-06-09'),(24406,'UPDATE mae_productos SET pro_margen_actual=0,pro_precio_venta=4990 WHERE pro_codigo_plu=780721063','',2,'2013-06-09'),(24407,'UPDATE mae_productos SET pro_precio_fiscal=pro_precio_venta WHERE pro_codigo_plu=780721063','',2,'2013-06-09'),(24408,'INSERT INTO gne_vale_ferreteria (vfe_id,vfe_fecha,vfe_total,vfe_estado,vfe_entregado,usu_nusuario) VALUES (2049,@@@2013.06.10@@@,300,1,0,@@@b_SAEZ@@@)','',2,'2013-06-09'),(24409,'INSERT INTO gne_vale_ferreteria_mov (vfe_id,pro_codigo_plu,vfm_cantidad,vfm_unitario,vfm_total,vfm_entregado) VALUES (2049,78017049,1,300,300,@@@NO@@@)','',2,'2013-06-09'),(24410,'INSERT INTO gne_vale_ferreteria (vfe_id,vfe_fecha,vfe_total,vfe_estado,vfe_entregado,usu_nusuario) VALUES (2050,@@@2013.06.10@@@,1890,1,0,@@@b_SAEZ@@@)','',2,'2013-06-09'),(24411,'INSERT INTO gne_vale_ferreteria_mov (vfe_id,pro_codigo_plu,vfm_cantidad,vfm_unitario,vfm_total,vfm_entregado) VALUES (2050,762322,1,1890,1890,@@@NO@@@)','',2,'2013-06-09'),(24412,'INSERT INTO gne_vale_ferreteria (vfe_id,vfe_fecha,vfe_total,vfe_estado,vfe_entregado,usu_nusuario) VALUES (2051,@@@2013.06.10@@@,3990,1,0,@@@b_SAEZ@@@)','',2,'2013-06-09'),(24413,'INSERT INTO gne_vale_ferreteria_mov (vfe_id,pro_codigo_plu,vfm_cantidad,vfm_unitario,vfm_total,vfm_entregado) VALUES (2051,20484,1,1890,1890,@@@NO@@@)','',2,'2013-06-09'),(24414,'INSERT INTO gne_vale_ferreteria_mov (vfe_id,pro_codigo_plu,vfm_cantidad,vfm_unitario,vfm_total,vfm_entregado) VALUES (2051,763900,1,2100,2100,@@@NO@@@)','',2,'2013-06-09'),(24415,'INSERT INTO gne_vale_ferreteria (vfe_id,vfe_fecha,vfe_total,vfe_estado,vfe_entregado,usu_nusuario) VALUES (2052,@@@2013.06.10@@@,790,1,0,@@@b_SAEZ@@@)','',2,'2013-06-09'),(24416,'INSERT INTO gne_vale_ferreteria_mov (vfe_id,pro_codigo_plu,vfm_cantidad,vfm_unitario,vfm_total,vfm_entregado) VALUES (2052,101454,1,790,790,@@@NO@@@)','',2,'2013-06-09'),(24417,'INSERT INTO gne_vale_ferreteria (vfe_id,vfe_fecha,vfe_total,vfe_estado,vfe_entregado,usu_nusuario) VALUES (2053,@@@2013.06.10@@@,3280,1,0,@@@b_SAEZ@@@)','',2,'2013-06-09'),(24418,'INSERT INTO gne_vale_ferreteria_mov (vfe_id,pro_codigo_plu,vfm_cantidad,vfm_unitario,vfm_total,vfm_entregado) VALUES (2053,101625,1,1890,1890,@@@NO@@@)','',2,'2013-06-09'),(24419,'INSERT INTO gne_vale_ferreteria_mov (vfe_id,pro_codigo_plu,vfm_cantidad,vfm_unitario,vfm_total,vfm_entregado) VALUES (2053,4102,1,1390,1390,@@@NO@@@)','',2,'2013-06-09'),(24420,'INSERT INTO gne_vale_ferreteria (vfe_id,vfe_fecha,vfe_total,vfe_estado,vfe_entregado,usu_nusuario) VALUES (2054,@@@2013.06.10@@@,100,1,0,@@@b_SAEZ@@@)','',2,'2013-06-09'),(24421,'INSERT INTO gne_vale_ferreteria_mov (vfe_id,pro_codigo_plu,vfm_cantidad,vfm_unitario,vfm_total,vfm_entregado) VALUES (2054,78017190,1,100,100,@@@NO@@@)','',2,'2013-06-09'),(24422,'INSERT INTO gne_vale_ferreteria (vfe_id,vfe_fecha,vfe_total,vfe_estado,vfe_entregado,usu_nusuario) VALUES (2055,@@@2013.06.10@@@,1490,1,0,@@@b_SAEZ@@@)','',2,'2013-06-09'),(24423,'INSERT INTO gne_vale_ferreteria_mov (vfe_id,pro_codigo_plu,vfm_cantidad,vfm_unitario,vfm_total,vfm_entregado) VALUES (2055,764564,1,1490,1490,@@@NO@@@)','',2,'2013-06-09'),(24424,'INSERT INTO gne_vale_ferreteria (vfe_id,vfe_fecha,vfe_total,vfe_estado,vfe_entregado,usu_nusuario) VALUES (2056,@@@2013.06.10@@@,390,1,0,@@@b_SAEZ@@@)','',2,'2013-06-09'),(24425,'INSERT INTO gne_vale_ferreteria_mov (vfe_id,pro_codigo_plu,vfm_cantidad,vfm_unitario,vfm_total,vfm_entregado) VALUES (2056,78016969,1,390,390,@@@NO@@@)','',2,'2013-06-09'),(24426,'INSERT INTO gne_vale_ferreteria (vfe_id,vfe_fecha,vfe_total,vfe_estado,vfe_entregado,usu_nusuario) VALUES (2057,@@@2013.06.10@@@,1990,1,0,@@@b_SAEZ@@@)','',2,'2013-06-09'),(24427,'INSERT INTO gne_vale_ferreteria_mov (vfe_id,pro_codigo_plu,vfm_cantidad,vfm_unitario,vfm_total,vfm_entregado) VALUES (2057,764916,1,1990,1990,@@@NO@@@)','',2,'2013-06-09'),(24428,'INSERT INTO gne_vale_ferreteria (vfe_id,vfe_fecha,vfe_total,vfe_estado,vfe_entregado,usu_nusuario) VALUES (2058,@@@2013.06.10@@@,180,1,0,@@@b_SAEZ@@@)','',2,'2013-06-09'),(24429,'INSERT INTO gne_vale_ferreteria_mov (vfe_id,pro_codigo_plu,vfm_cantidad,vfm_unitario,vfm_total,vfm_entregado) VALUES (2058,15745,1,180,180,@@@NO@@@)','',2,'2013-06-09'),(24430,'INSERT INTO gne_vale_ferreteria (vfe_id,vfe_fecha,vfe_total,vfe_estado,vfe_entregado,usu_nusuario) VALUES (2059,@@@2013.06.10@@@,240,1,0,@@@b_SAEZ@@@)','',2,'2013-06-09'),(24431,'INSERT INTO gne_vale_ferreteria_mov (vfe_id,pro_codigo_plu,vfm_cantidad,vfm_unitario,vfm_total,vfm_entregado) VALUES (2059,8022,2,120,240,@@@NO@@@)','',2,'2013-06-09'),(24432,'INSERT INTO gne_vale_ferreteria (vfe_id,vfe_fecha,vfe_total,vfe_estado,vfe_entregado,usu_nusuario) VALUES (2060,@@@2013.06.10@@@,1540,1,0,@@@b_SAEZ@@@)','',2,'2013-06-09'),(24433,'INSERT INTO gne_vale_ferreteria_mov (vfe_id,pro_codigo_plu,vfm_cantidad,vfm_unitario,vfm_total,vfm_entregado) VALUES (2060,15955,2,530,1060,@@@NO@@@)','',2,'2013-06-09'),(24434,'INSERT INTO gne_vale_ferreteria_mov (vfe_id,pro_codigo_plu,vfm_cantidad,vfm_unitario,vfm_total,vfm_entregado) VALUES (2060,15936,1,480,480,@@@NO@@@)','',2,'2013-06-09'),(24435,'INSERT INTO gne_vale_ferreteria (vfe_id,vfe_fecha,vfe_total,vfe_estado,vfe_entregado,usu_nusuario) VALUES (2061,@@@2013.06.10@@@,660,1,0,@@@b_SAEZ@@@)','',2,'2013-06-09'),(24436,'INSERT INTO gne_vale_ferreteria_mov (vfe_id,pro_codigo_plu,vfm_cantidad,vfm_unitario,vfm_total,vfm_entregado) VALUES (2061,8021,2,150,300,@@@NO@@@)','',2,'2013-06-09'),(24437,'INSERT INTO gne_vale_ferreteria_mov (vfe_id,pro_codigo_plu,vfm_cantidad,vfm_unitario,vfm_total,vfm_entregado) VALUES (2061,78017026,4,90,360,@@@NO@@@)','',2,'2013-06-09'),(24438,'INSERT INTO gne_vale_ferreteria (vfe_id,vfe_fecha,vfe_total,vfe_estado,vfe_entregado,usu_nusuario) VALUES (2062,@@@2013.06.10@@@,720,1,0,@@@b_SAEZ@@@)','',2,'2013-06-09'),(24439,'INSERT INTO gne_vale_ferreteria_mov (vfe_id,pro_codigo_plu,vfm_cantidad,vfm_unitario,vfm_total,vfm_entregado) VALUES (2062,10159,1,720,720,@@@NO@@@)','',2,'2013-06-09'),(24440,'INSERT INTO gne_vale_ferreteria (vfe_id,vfe_fecha,vfe_total,vfe_estado,vfe_entregado,usu_nusuario) VALUES (2063,@@@2013.06.10@@@,2860,1,0,@@@b_SAEZ@@@)','',2,'2013-06-09'),(24441,'INSERT INTO gne_vale_ferreteria_mov (vfe_id,pro_codigo_plu,vfm_cantidad,vfm_unitario,vfm_total,vfm_entregado) VALUES (2063,764641,3,790,2370,@@@NO@@@)','',2,'2013-06-09'),(24442,'INSERT INTO gne_vale_ferreteria_mov (vfe_id,pro_codigo_plu,vfm_cantidad,vfm_unitario,vfm_total,vfm_entregado) VALUES (2063,764253,1,490,490,@@@NO@@@)','',2,'2013-06-09'),(24443,'INSERT INTO gne_vale_ferreteria (vfe_id,vfe_fecha,vfe_total,vfe_estado,vfe_entregado,usu_nusuario) VALUES (2064,@@@2013.06.10@@@,380,1,0,@@@b_SAEZ@@@)','',2,'2013-06-09'),(24444,'INSERT INTO gne_vale_ferreteria_mov (vfe_id,pro_codigo_plu,vfm_cantidad,vfm_unitario,vfm_total,vfm_entregado) VALUES (2064,78017233,2,100,200,@@@NO@@@)','',2,'2013-06-09'),(24445,'INSERT INTO gne_vale_ferreteria_mov (vfe_id,pro_codigo_plu,vfm_cantidad,vfm_unitario,vfm_total,vfm_entregado) VALUES (2064,764120,1,180,180,@@@NO@@@)','',2,'2013-06-09'),(24446,'INSERT INTO gne_vale_ferreteria (vfe_id,vfe_fecha,vfe_total,vfe_estado,vfe_entregado,usu_nusuario) VALUES (2065,@@@2013.06.10@@@,120,1,0,@@@b_SAEZ@@@)','',2,'2013-06-09'),(24447,'INSERT INTO gne_vale_ferreteria_mov (vfe_id,pro_codigo_plu,vfm_cantidad,vfm_unitario,vfm_total,vfm_entregado) VALUES (2065,764834,4,20,80,@@@NO@@@)','',2,'2013-06-09'),(24448,'INSERT INTO gne_vale_ferreteria_mov (vfe_id,pro_codigo_plu,vfm_cantidad,vfm_unitario,vfm_total,vfm_entregado) VALUES (2065,4080,1,40,40,@@@NO@@@)','',2,'2013-06-09'),(24449,'INSERT INTO gne_vale_ferreteria (vfe_id,vfe_fecha,vfe_total,vfe_estado,vfe_entregado,usu_nusuario) VALUES (2066,@@@2013.06.10@@@,690,1,0,@@@b_SAEZ@@@)','',2,'2013-06-09'),(24450,'INSERT INTO gne_vale_ferreteria_mov (vfe_id,pro_codigo_plu,vfm_cantidad,vfm_unitario,vfm_total,vfm_entregado) VALUES (2066,763812,1,690,690,@@@NO@@@)','',2,'2013-06-09'),(24451,'INSERT INTO gne_vale_ferreteria (vfe_id,vfe_fecha,vfe_total,vfe_estado,vfe_entregado,usu_nusuario) VALUES (2067,@@@2013.06.10@@@,1680,1,0,@@@b_SAEZ@@@)','',2,'2013-06-09'),(24452,'INSERT INTO gne_vale_ferreteria_mov (vfe_id,pro_codigo_plu,vfm_cantidad,vfm_unitario,vfm_total,vfm_entregado) VALUES (2067,11670,2,840,1680,@@@NO@@@)','',2,'2013-06-09'),(24453,'INSERT INTO gne_vale_ferreteria (vfe_id,vfe_fecha,vfe_total,vfe_estado,vfe_entregado,usu_nusuario) VALUES (2068,@@@2013.06.10@@@,960,1,0,@@@b_SAEZ@@@)','',2,'2013-06-09'),(24454,'INSERT INTO gne_vale_ferreteria_mov (vfe_id,pro_codigo_plu,vfm_cantidad,vfm_unitario,vfm_total,vfm_entregado) VALUES (2068,15935,2,480,960,@@@NO@@@)','',2,'2013-06-09'),(24455,'UPDATE mae_productos SET pro_margen_actual=0,pro_precio_venta=180 WHERE pro_codigo_plu=11183','',2,'2013-06-09'),(24456,'UPDATE mae_productos SET pro_margen_actual=0,pro_precio_venta=180 WHERE pro_codigo_plu=11410','',2,'2013-06-09'),(24457,'UPDATE mae_productos SET pro_margen_actual=0,pro_precio_venta=180 WHERE pro_codigo_plu=11409','',2,'2013-06-09'),(24458,'UPDATE mae_productos SET pro_margen_actual=0,pro_precio_venta=180 WHERE pro_codigo_plu=11184','',2,'2013-06-09'),(24459,'UPDATE mae_productos SET pro_margen_actual=0,pro_precio_venta=180 WHERE pro_codigo_plu=11182','',2,'2013-06-09'),(24460,'UPDATE mae_productos SET pro_margen_actual=0,pro_precio_venta=180 WHERE pro_codigo_plu=11180','',2,'2013-06-09'),(24461,'UPDATE mae_productos SET pro_margen_actual=0,pro_precio_venta=430 WHERE pro_codigo_plu=14403','',2,'2013-06-09'),(24462,'UPDATE mae_productos SET pro_margen_actual=0,pro_precio_venta=480 WHERE pro_codigo_plu=14402','',2,'2013-06-09'),(24463,'UPDATE mae_productos SET pro_margen_actual=0,pro_precio_venta=180 WHERE pro_codigo_plu=11407','',2,'2013-06-09'),(24464,'UPDATE mae_productos SET pro_margen_actual=0,pro_precio_venta=480 WHERE pro_codigo_plu=14402','',2,'2013-06-09'),(24465,'UPDATE mae_productos SET pro_margen_actual=0,pro_precio_venta=430 WHERE pro_codigo_plu=14403','',2,'2013-06-09'),(24466,'UPDATE mae_productos SET pro_margen_actual=0,pro_precio_venta=180 WHERE pro_codigo_plu=11180','',2,'2013-06-09'),(24467,'UPDATE mae_productos SET pro_margen_actual=0,pro_precio_venta=180 WHERE pro_codigo_plu=11182','',2,'2013-06-09'),(24468,'UPDATE mae_productos SET pro_margen_actual=0,pro_precio_venta=180 WHERE pro_codigo_plu=11184','',2,'2013-06-09'),(24469,'UPDATE mae_productos SET pro_margen_actual=0,pro_precio_venta=180 WHERE pro_codigo_plu=11409','',2,'2013-06-09'),(24470,'UPDATE mae_productos SET pro_margen_actual=0,pro_precio_venta=180 WHERE pro_codigo_plu=11410','',2,'2013-06-09'),(24471,'UPDATE mae_productos SET pro_margen_actual=0,pro_precio_venta=180 WHERE pro_codigo_plu=11183','',2,'2013-06-09'),(24472,'UPDATE mae_productos SET pro_codigo_barra=@@@7891020915862@@@,pro_tipo=@@@0@@@,pro_nombre_producto=@@@SET AGUJAS DE COSER, AGUJAS LANA, ENEBRADOR, DEDAL, 2 HILOS@@@,pro_nombre_corto=@@@SET AGUJAS DE CO@@@,med_id=@@@1@@@,emb_id=@@@4@@@,pro_unidades_embalaje=@@@24@@@,dep_id=@@@2 @@@,lin_id=@@@41@@@,mar_id=@@@2424@@@,pro_precio_compra_neto=@@@0@@@,pro_precio_compra_bruto=@@@0@@@,pro_precio_venta=@@@30@@@,pro_margen_actual=@@@0@@@,pro_oferta=@@@NO@@@,pro_fecha_inicio_oferta=@@@1900.01.01@@@,pro_fecha_termino_oferta=@@@1900.01.01@@@,pro_precio_oferta=@@@0@@@,pro_stock_minimo=@@@0@@@,pro_stock_critico=@@@0@@@,pro_activo=@@@1@@@,pro_unidad=@@@0@@@,pro_precio_compra_bruto=0,pro_margen_actual=0,pro_capacidad=1,pro_funcion_plu=0,pro_flejes=1,pro_iva=1,pro_plu_asociado=0,pro_envase=@@@NO@@@,pro_duracion=0,pro_numero_etiqueta=0 WHERE pro_codigo_plu=@@@10178@@@','',2,'2013-06-09'),(24473,'UPDATE mae_productos SET pro_estado=1 WHERE pro_codigo_plu=10178','',2,'2013-06-09'),(24474,'DELETE FROM mae_impuestos_productos WHERE pro_codigo_plu=@@@10178@@@','',2,'2013-06-09'),(24475,'INSERT INTO gne_vale_ferreteria (vfe_id,vfe_fecha,vfe_total,vfe_estado,vfe_entregado,usu_nusuario) VALUES (2069,@@@2013.06.10@@@,30,1,0,@@@G_DIAZ@@@)','',2,'2013-06-09'),(24476,'INSERT INTO gne_vale_ferreteria_mov (vfe_id,pro_codigo_plu,vfm_cantidad,vfm_unitario,vfm_total,vfm_entregado) VALUES (2069,10178,1,30,30,@@@NO@@@)','',2,'2013-06-09'),(24477,'INSERT INTO gne_vale_ferreteria (vfe_id,vfe_fecha,vfe_total,vfe_estado,vfe_entregado,usu_nusuario) VALUES (2070,@@@2013.06.10@@@,300,1,0,@@@G_DIAZ@@@)','',2,'2013-06-09'),(24478,'INSERT INTO gne_vale_ferreteria_mov (vfe_id,pro_codigo_plu,vfm_cantidad,vfm_unitario,vfm_total,vfm_entregado) VALUES (2070,800001,1,300,300,@@@NO@@@)','',2,'2013-06-09'),(24479,'INSERT INTO gne_vale_ferreteria (vfe_id,vfe_fecha,vfe_total,vfe_estado,vfe_entregado,usu_nusuario) VALUES (2071,@@@2013.06.10@@@,2230,1,0,@@@G_DIAZ@@@)','',2,'2013-06-09'),(24480,'INSERT INTO gne_vale_ferreteria_mov (vfe_id,pro_codigo_plu,vfm_cantidad,vfm_unitario,vfm_total,vfm_entregado) VALUES (2071,764770,1,30,30,@@@NO@@@)','',2,'2013-06-09'),(24481,'INSERT INTO gne_vale_ferreteria_mov (vfe_id,pro_codigo_plu,vfm_cantidad,vfm_unitario,vfm_total,vfm_entregado) VALUES (2071,1069,1,190,190,@@@NO@@@)','',2,'2013-06-09'),(24482,'INSERT INTO gne_vale_ferreteria_mov (vfe_id,pro_codigo_plu,vfm_cantidad,vfm_unitario,vfm_total,vfm_entregado) VALUES (2071,764264,1,960,960,@@@NO@@@)','',2,'2013-06-09'),(24483,'INSERT INTO gne_vale_ferreteria_mov (vfe_id,pro_codigo_plu,vfm_cantidad,vfm_unitario,vfm_total,vfm_entregado) VALUES (2071,764539,1,450,450,@@@NO@@@)','',2,'2013-06-09'),(24484,'INSERT INTO gne_vale_ferreteria_mov (vfe_id,pro_codigo_plu,vfm_cantidad,vfm_unitario,vfm_total,vfm_entregado) VALUES (2071,764279,2,300,600,@@@NO@@@)','',2,'2013-06-09'),(24485,'INSERT INTO gne_vale_ferreteria (vfe_id,vfe_fecha,vfe_total,vfe_estado,vfe_entregado,usu_nusuario) VALUES (2072,@@@2013.06.10@@@,400,1,0,@@@G_DIAZ@@@)','',2,'2013-06-09'),(24486,'INSERT INTO gne_vale_ferreteria_mov (vfe_id,pro_codigo_plu,vfm_cantidad,vfm_unitario,vfm_total,vfm_entregado) VALUES (2072,78017233,4,100,400,@@@NO@@@)','',2,'2013-06-09'),(24487,'INSERT INTO gne_vale_ferreteria (vfe_id,vfe_fecha,vfe_total,vfe_estado,vfe_entregado,usu_nusuario) VALUES (2073,@@@2013.06.10@@@,150,1,0,@@@G_DIAZ@@@)','',2,'2013-06-09'),(24488,'INSERT INTO gne_vale_ferreteria_mov (vfe_id,pro_codigo_plu,vfm_cantidad,vfm_unitario,vfm_total,vfm_entregado) VALUES (2073,78017110,1,150,150,@@@NO@@@)','',2,'2013-06-09'),(24489,'INSERT INTO gne_vale_ferreteria (vfe_id,vfe_fecha,vfe_total,vfe_estado,vfe_entregado,usu_nusuario) VALUES (2074,@@@2013.06.10@@@,1350,1,0,@@@G_DIAZ@@@)','',2,'2013-06-09'),(24490,'INSERT INTO gne_vale_ferreteria_mov (vfe_id,pro_codigo_plu,vfm_cantidad,vfm_unitario,vfm_total,vfm_entregado) VALUES (2074,763740,1,1350,1350,@@@NO@@@)','',2,'2013-06-09'),(24491,'INSERT INTO gne_vale_ferreteria (vfe_id,vfe_fecha,vfe_total,vfe_estado,vfe_entregado,usu_nusuario) VALUES (2075,@@@2013.06.10@@@,4490,1,0,@@@G_DIAZ@@@)','',2,'2013-06-09'),(24492,'INSERT INTO gne_vale_ferreteria_mov (vfe_id,pro_codigo_plu,vfm_cantidad,vfm_unitario,vfm_total,vfm_entregado) VALUES (2075,764964,1,4490,4490,@@@NO@@@)','',2,'2013-06-09'),(24493,'INSERT INTO gne_vale_ferreteria (vfe_id,vfe_fecha,vfe_total,vfe_estado,vfe_entregado,usu_nusuario) VALUES (2076,@@@2013.06.10@@@,1020,1,0,@@@G_DIAZ@@@)','',2,'2013-06-09'),(24494,'INSERT INTO gne_vale_ferreteria_mov (vfe_id,pro_codigo_plu,vfm_cantidad,vfm_unitario,vfm_total,vfm_entregado) VALUES (2076,1600,1,180,180,@@@NO@@@)','',2,'2013-06-09'),(24495,'INSERT INTO gne_vale_ferreteria_mov (vfe_id,pro_codigo_plu,vfm_cantidad,vfm_unitario,vfm_total,vfm_entregado) VALUES (2076,78017203,1,390,390,@@@NO@@@)','',2,'2013-06-09'),(24496,'INSERT INTO gne_vale_ferreteria_mov (vfe_id,pro_codigo_plu,vfm_cantidad,vfm_unitario,vfm_total,vfm_entregado) VALUES (2076,78017202,1,450,450,@@@NO@@@)','',2,'2013-06-09'),(24497,'INSERT INTO gne_vale_ferreteria (vfe_id,vfe_fecha,vfe_total,vfe_estado,vfe_entregado,usu_nusuario) VALUES (2077,@@@2013.06.10@@@,300,1,0,@@@G_DIAZ@@@)','',2,'2013-06-09'),(24498,'INSERT INTO gne_vale_ferreteria_mov (vfe_id,pro_codigo_plu,vfm_cantidad,vfm_unitario,vfm_total,vfm_entregado) VALUES (2077,14979,1,300,300,@@@NO@@@)','',2,'2013-06-09'),(24499,'INSERT INTO gne_vale_ferreteria (vfe_id,vfe_fecha,vfe_total,vfe_estado,vfe_entregado,usu_nusuario) VALUES (2078,@@@2013.06.10@@@,2380,1,0,@@@G_DIAZ@@@)','',2,'2013-06-09'),(24500,'INSERT INTO gne_vale_ferreteria_mov (vfe_id,pro_codigo_plu,vfm_cantidad,vfm_unitario,vfm_total,vfm_entregado) VALUES (2078,101454,1,790,790,@@@NO@@@)','',2,'2013-06-09'),(24501,'INSERT INTO gne_vale_ferreteria_mov (vfe_id,pro_codigo_plu,vfm_cantidad,vfm_unitario,vfm_total,vfm_entregado) VALUES (2078,15955,3,530,1590,@@@NO@@@)','',2,'2013-06-09'),(24502,'INSERT INTO gne_vale_ferreteria (vfe_id,vfe_fecha,vfe_total,vfe_estado,vfe_entregado,usu_nusuario) VALUES (2079,@@@2013.06.10@@@,690,1,0,@@@G_DIAZ@@@)','',2,'2013-06-09'),(24503,'INSERT INTO gne_vale_ferreteria_mov (vfe_id,pro_codigo_plu,vfm_cantidad,vfm_unitario,vfm_total,vfm_entregado) VALUES (2079,770091,1,690,690,@@@NO@@@)','',2,'2013-06-09'),(24504,'INSERT INTO gne_vale_ferreteria (vfe_id,vfe_fecha,vfe_total,vfe_estado,vfe_entregado,usu_nusuario) VALUES (2080,@@@2013.06.10@@@,1000,1,0,@@@G_DIAZ@@@)','',2,'2013-06-09'),(24505,'INSERT INTO gne_vale_ferreteria_mov (vfe_id,pro_codigo_plu,vfm_cantidad,vfm_unitario,vfm_total,vfm_entregado) VALUES (2080,763819,1,1000,1000,@@@NO@@@)','',2,'2013-06-09'),(24506,'INSERT INTO gne_vale_ferreteria (vfe_id,vfe_fecha,vfe_total,vfe_estado,vfe_entregado,usu_nusuario) VALUES (2081,@@@2013.06.10@@@,300,1,0,@@@G_DIAZ@@@)','',2,'2013-06-09'),(24507,'INSERT INTO gne_vale_ferreteria_mov (vfe_id,pro_codigo_plu,vfm_cantidad,vfm_unitario,vfm_total,vfm_entregado) VALUES (2081,4076,1,300,300,@@@NO@@@)','',2,'2013-06-09'),(24508,'INSERT INTO gne_vale_ferreteria (vfe_id,vfe_fecha,vfe_total,vfe_estado,vfe_entregado,usu_nusuario) VALUES (2082,@@@2013.06.10@@@,1590,1,0,@@@G_DIAZ@@@)','',2,'2013-06-09'),(24509,'INSERT INTO gne_vale_ferreteria_mov (vfe_id,pro_codigo_plu,vfm_cantidad,vfm_unitario,vfm_total,vfm_entregado) VALUES (2082,78017174,1,1590,1590,@@@NO@@@)','',2,'2013-06-09'),(24510,'INSERT INTO gne_vale_ferreteria (vfe_id,vfe_fecha,vfe_total,vfe_estado,vfe_entregado,usu_nusuario) VALUES (2083,@@@2013.06.10@@@,80,1,0,@@@G_DIAZ@@@)','',2,'2013-06-09'),(24511,'INSERT INTO gne_vale_ferreteria_mov (vfe_id,pro_codigo_plu,vfm_cantidad,vfm_unitario,vfm_total,vfm_entregado) VALUES (2083,78017191,2,40,80,@@@NO@@@)','',2,'2013-06-09'),(24512,'INSERT INTO gne_vale_ferreteria (vfe_id,vfe_fecha,vfe_total,vfe_estado,vfe_entregado,usu_nusuario) VALUES (2084,@@@2013.06.10@@@,250,1,0,@@@G_DIAZ@@@)','',2,'2013-06-09'),(24513,'INSERT INTO gne_vale_ferreteria_mov (vfe_id,pro_codigo_plu,vfm_cantidad,vfm_unitario,vfm_total,vfm_entregado) VALUES (2084,764159,2,100,200,@@@NO@@@)','',2,'2013-06-09'),(24514,'INSERT INTO gne_vale_ferreteria_mov (vfe_id,pro_codigo_plu,vfm_cantidad,vfm_unitario,vfm_total,vfm_entregado) VALUES (2084,4092,1,50,50,@@@NO@@@)','',2,'2013-06-09'),(24515,'INSERT INTO gne_vale_ferreteria (vfe_id,vfe_fecha,vfe_total,vfe_estado,vfe_entregado,usu_nusuario) VALUES (2085,@@@2013.06.10@@@,900,1,0,@@@G_DIAZ@@@)','',2,'2013-06-09'),(24516,'INSERT INTO gne_vale_ferreteria_mov (vfe_id,pro_codigo_plu,vfm_cantidad,vfm_unitario,vfm_total,vfm_entregado) VALUES (2085,764539,2,450,900,@@@NO@@@)','',2,'2013-06-09'),(24517,'INSERT INTO gne_vale_ferreteria (vfe_id,vfe_fecha,vfe_total,vfe_estado,vfe_entregado,usu_nusuario) VALUES (2086,@@@2013.06.10@@@,1100,1,0,@@@G_DIAZ@@@)','',2,'2013-06-09'),(24518,'INSERT INTO gne_vale_ferreteria_mov (vfe_id,pro_codigo_plu,vfm_cantidad,vfm_unitario,vfm_total,vfm_entregado) VALUES (2086,4081,11,100,1100,@@@NO@@@)','',2,'2013-06-09'),(24519,'INSERT INTO gne_vale_ferreteria (vfe_id,vfe_fecha,vfe_total,vfe_estado,vfe_entregado,usu_nusuario) VALUES (2087,@@@2013.06.10@@@,540,1,0,@@@G_DIAZ@@@)','',2,'2013-06-09'),(24520,'INSERT INTO gne_vale_ferreteria_mov (vfe_id,pro_codigo_plu,vfm_cantidad,vfm_unitario,vfm_total,vfm_entregado) VALUES (2087,8022,2,120,240,@@@NO@@@)','',2,'2013-06-09'),(24521,'INSERT INTO gne_vale_ferreteria_mov (vfe_id,pro_codigo_plu,vfm_cantidad,vfm_unitario,vfm_total,vfm_entregado) VALUES (2087,800001,1,300,300,@@@NO@@@)','',2,'2013-06-09'),(24522,'INSERT INTO gne_vale_ferreteria (vfe_id,vfe_fecha,vfe_total,vfe_estado,vfe_entregado,usu_nusuario) VALUES (2088,@@@2013.06.10@@@,200,1,0,@@@G_DIAZ@@@)','',2,'2013-06-09'),(24523,'INSERT INTO gne_vale_ferreteria_mov (vfe_id,pro_codigo_plu,vfm_cantidad,vfm_unitario,vfm_total,vfm_entregado) VALUES (2088,78017191,5,40,200,@@@NO@@@)','',2,'2013-06-09'),(24524,'INSERT INTO gne_vale_ferreteria (vfe_id,vfe_fecha,vfe_total,vfe_estado,vfe_entregado,usu_nusuario) VALUES (2089,@@@2013.06.10@@@,450,1,0,@@@G_DIAZ@@@)','',2,'2013-06-09'),(24525,'INSERT INTO gne_vale_ferreteria_mov (vfe_id,pro_codigo_plu,vfm_cantidad,vfm_unitario,vfm_total,vfm_entregado) VALUES (2089,78017202,1,450,450,@@@NO@@@)','',2,'2013-06-09'),(24526,'INSERT INTO gne_vale_ferreteria (vfe_id,vfe_fecha,vfe_total,vfe_estado,vfe_entregado,usu_nusuario) VALUES (2090,@@@2013.06.10@@@,790,1,0,@@@G_DIAZ@@@)','',2,'2013-06-09'),(24527,'INSERT INTO gne_vale_ferreteria_mov (vfe_id,pro_codigo_plu,vfm_cantidad,vfm_unitario,vfm_total,vfm_entregado) VALUES (2090,78017202,1,450,450,@@@NO@@@)','',2,'2013-06-09'),(24528,'INSERT INTO gne_vale_ferreteria_mov (vfe_id,pro_codigo_plu,vfm_cantidad,vfm_unitario,vfm_total,vfm_entregado) VALUES (2090,1060,2,170,340,@@@NO@@@)','',2,'2013-06-09'),(24529,'INSERT INTO gne_vale_ferreteria (vfe_id,vfe_fecha,vfe_total,vfe_estado,vfe_entregado,usu_nusuario) VALUES (2091,@@@2013.06.10@@@,1595,1,0,@@@G_DIAZ@@@)','',2,'2013-06-09'),(24530,'INSERT INTO gne_vale_ferreteria_mov (vfe_id,pro_codigo_plu,vfm_cantidad,vfm_unitario,vfm_total,vfm_entregado) VALUES (2091,8022,1,120,120,@@@NO@@@)','',2,'2013-06-09'),(24531,'INSERT INTO gne_vale_ferreteria_mov (vfe_id,pro_codigo_plu,vfm_cantidad,vfm_unitario,vfm_total,vfm_entregado) VALUES (2091,764571,3,100,300,@@@NO@@@)','',2,'2013-06-09'),(24532,'INSERT INTO gne_vale_ferreteria_mov (vfe_id,pro_codigo_plu,vfm_cantidad,vfm_unitario,vfm_total,vfm_entregado) VALUES (2091,764826,1,250,250,@@@NO@@@)','',2,'2013-06-09'),(24533,'INSERT INTO gne_vale_ferreteria_mov (vfe_id,pro_codigo_plu,vfm_cantidad,vfm_unitario,vfm_total,vfm_entregado) VALUES (2091,4078,1,100,100,@@@NO@@@)','',2,'2013-06-09'),(24534,'INSERT INTO gne_vale_ferreteria_mov (vfe_id,pro_codigo_plu,vfm_cantidad,vfm_unitario,vfm_total,vfm_entregado) VALUES (2091,21117,1,495,495,@@@NO@@@)','',2,'2013-06-09'),(24535,'INSERT INTO gne_vale_ferreteria_mov (vfe_id,pro_codigo_plu,vfm_cantidad,vfm_unitario,vfm_total,vfm_entregado) VALUES (2091,763588,1,330,330,@@@NO@@@)','',2,'2013-06-09'),(24536,'INSERT INTO gne_vale_ferreteria (vfe_id,vfe_fecha,vfe_total,vfe_estado,vfe_entregado,usu_nusuario) VALUES (2092,@@@2013.06.10@@@,130,1,0,@@@G_DIAZ@@@)','',2,'2013-06-09'),(24537,'INSERT INTO gne_vale_ferreteria_mov (vfe_id,pro_codigo_plu,vfm_cantidad,vfm_unitario,vfm_total,vfm_entregado) VALUES (2092,78017148,1,130,130,@@@NO@@@)','',2,'2013-06-09'),(24538,'INSERT INTO gne_vale_ferreteria (vfe_id,vfe_fecha,vfe_total,vfe_estado,vfe_entregado,usu_nusuario) VALUES (2093,@@@2013.06.10@@@,1170,1,0,@@@G_DIAZ@@@)','',2,'2013-06-09'),(24539,'INSERT INTO gne_vale_ferreteria_mov (vfe_id,pro_codigo_plu,vfm_cantidad,vfm_unitario,vfm_total,vfm_entregado) VALUES (2093,78017148,9,130,1170,@@@NO@@@)','',2,'2013-06-09'),(24540,'UPDATE mae_productos SET pro_precio_compra_bruto=2500,pro_margen_actual=(pro_precio_venta-2500)/2500 * 100,pro_ultima_compra=@@@2013.06.09@@@,pro_ultimo_proveedor=@@@84348700-9@@@ WHERE pro_codigo_plu=17840','',2,'2013-06-09'),(24541,'INSERT INTO gne_vale_ferreteria (vfe_id,vfe_fecha,vfe_total,vfe_estado,vfe_entregado,usu_nusuario) VALUES (2094,@@@2013.06.10@@@,260,1,0,@@@G_DIAZ@@@)','',2,'2013-06-09'),(24542,'INSERT INTO gne_vale_ferreteria_mov (vfe_id,pro_codigo_plu,vfm_cantidad,vfm_unitario,vfm_total,vfm_entregado) VALUES (2094,15967,2,130,260,@@@NO@@@)','',2,'2013-06-09'),(24543,'UPDATE mae_datos_empresa SET emp_rut=@@@10162956-2@@@,emp_razon_social=@@@SOFIA DE LA CRUZ DIAZ FERNANDEZ@@@,emp_sucursal=@@@MATRIZ@@@,emp_giro=@@@SUPERMERCADOS@@@,emp_direccion=@@@AV. SAN GREGORIO 15@@@,emp_ciudad=@@@NACIMIENTO@@@,emp_telefono=@@@511706@@@,emp_mail=@@@UNICONACIMIENTO@GMAIL.COM@@@,emp_mail_gerencia_comercial=@@@@@@,emp_mail_gerencia_operaciones=@@@@@@,emp_mail_gerencia_sistemas=@@@@@@,emp_nombre_administrador=@@@SUPERMERCADO UNICO@@@,emp_direccion_sala=@@@AV. SAN GREGORIO 15@@@,emp_ciudad_sala=@@@NACIMIENTO@@@,emp_utm=40005,emp_telefono_sala=@@@511706@@@,emp_fax_sala=@@@511706@@@,emp_mail_sala=@@@UNICONACIMIENTO@GMAIL.COM@@@,emp_cta_efectivo=@@@0@@@,emp_cta_cheque=@@@0@@@,emp_cta_ventas=@@@0@@@,emp_cta_t_credito=@@@0@@@,emp_cta_t_debito=@@@0@@@,emp_cta_p_acumulados=@@@0@@@,emp_cta_descuento=@@@0@@@,emp_cta_cliente=@@@0@@@,emp_cta_funcionario=@@@0@@@,emp_cta_apoyo=@@@0@@@','',2,'2013-06-09'),(24544,'UPDATE mae_datos_empresa SET emp_entradas_compras=@@@0@@@,emp_entradas_pack=@@@0@@@,emp_entradas_preparados=@@@0@@@,emp_salidas_pi_pack=@@@0@@@,emp_salidas_pi_preparados=@@@0@@@,emp_iva=19,emp_lineas_facturas=18,emp_lineas_guias=18,emp_lineas_nc=@@@12@@@,emp_minimo_nc=@@@500@@@,emp_codigo_ferreteria=0,emp_codigo_cigarrillos=25,emp_path_flejes=@@@C:/Users/Administracion/Documents/flejes@@@,emp_path_balanzas=@@@C:/@@@,emp_path_precios=@@@//secretaria/C/UX60/CORREO@@@,emp_path_ventas=@@@//secretaria/C/UX60@@@,emp_cta_mercaderias=0,emp_cta_iva=0,emp_cta_excento=0,emp_cta_harina=0,emp_cta_especifico=0,emp_cta_carne=0,emp_cta_ila=0,emp_cta_proveedor=0,emp_registradora=3,emp_funcionamiento=0,emp_codigo_queseria=0,emp_codigo_roticeria=3,emp_com=@@@COM1@@@,emp_baudios=@@@9600@@@,emp_total_cajas=3','',2,'2013-06-09'),(24545,'INSERT INTO gne_vale_ferreteria (vfe_id,vfe_fecha,vfe_total,vfe_estado,vfe_entregado,usu_nusuario) VALUES (2095,@@@2013.06.10@@@,100,1,0,@@@G_DIAZ@@@)','',2,'2013-06-09'),(24546,'INSERT INTO gne_vale_ferreteria_mov (vfe_id,pro_codigo_plu,vfm_cantidad,vfm_unitario,vfm_total,vfm_entregado) VALUES (2095,770000,2,50,100,@@@NO@@@)','',2,'2013-06-09'),(24547,'INSERT INTO gne_vale_ferreteria (vfe_id,vfe_fecha,vfe_total,vfe_estado,vfe_entregado,usu_nusuario) VALUES (2096,@@@2013.06.10@@@,130,1,0,@@@G_DIAZ@@@)','',2,'2013-06-09'),(24548,'INSERT INTO gne_vale_ferreteria_mov (vfe_id,pro_codigo_plu,vfm_cantidad,vfm_unitario,vfm_total,vfm_entregado) VALUES (2096,78017028,1,70,70,@@@NO@@@)','',2,'2013-06-09'),(24549,'INSERT INTO gne_vale_ferreteria_mov (vfe_id,pro_codigo_plu,vfm_cantidad,vfm_unitario,vfm_total,vfm_entregado) VALUES (2096,4801,2,30,60,@@@NO@@@)','',2,'2013-06-09'),(24550,'INSERT INTO gne_vale_ferreteria (vfe_id,vfe_fecha,vfe_total,vfe_estado,vfe_entregado,usu_nusuario) VALUES (2097,@@@2013.06.10@@@,70,1,0,@@@G_DIAZ@@@)','',2,'2013-06-09'),(24551,'INSERT INTO gne_vale_ferreteria_mov (vfe_id,pro_codigo_plu,vfm_cantidad,vfm_unitario,vfm_total,vfm_entregado) VALUES (2097,78017191,1,40,40,@@@NO@@@)','',2,'2013-06-09'),(24552,'INSERT INTO gne_vale_ferreteria_mov (vfe_id,pro_codigo_plu,vfm_cantidad,vfm_unitario,vfm_total,vfm_entregado) VALUES (2097,764770,1,30,30,@@@NO@@@)','',2,'2013-06-09'),(24553,'INSERT INTO gne_vale_ferreteria (vfe_id,vfe_fecha,vfe_total,vfe_estado,vfe_entregado,usu_nusuario) VALUES (2098,@@@2013.06.10@@@,790,1,0,@@@G_DIAZ@@@)','',2,'2013-06-10'),(24554,'INSERT INTO gne_vale_ferreteria_mov (vfe_id,pro_codigo_plu,vfm_cantidad,vfm_unitario,vfm_total,vfm_entregado) VALUES (2098,101454,1,790,790,@@@NO@@@)','',2,'2013-06-10'),(24555,'INSERT INTO gne_vale_ferreteria (vfe_id,vfe_fecha,vfe_total,vfe_estado,vfe_entregado,usu_nusuario) VALUES (2099,@@@2013.06.10@@@,890,1,0,@@@G_DIAZ@@@)','',2,'2013-06-10'),(24556,'INSERT INTO gne_vale_ferreteria_mov (vfe_id,pro_codigo_plu,vfm_cantidad,vfm_unitario,vfm_total,vfm_entregado) VALUES (2099,20880,1,890,890,@@@NO@@@)','',2,'2013-06-10'),(24557,'INSERT INTO com_ventas_grupo (vgr_fecha,vgr_grupo,vgr_cantidad,vgr_total) VALUES (@@@2013.06.09@@@,1,270.665,193783)','',2,'2013-06-10'),(24558,'INSERT INTO com_ventas_grupo (vgr_fecha,vgr_grupo,vgr_cantidad,vgr_total) VALUES (@@@2013.06.09@@@,2,330.605,174587)','',2,'2013-06-10'),(24559,'INSERT INTO com_ventas_grupo (vgr_fecha,vgr_grupo,vgr_cantidad,vgr_total) VALUES (@@@2013.06.09@@@,3,518,97528)','',2,'2013-06-10'),(24560,'INSERT INTO com_ventas_grupo (vgr_fecha,vgr_grupo,vgr_cantidad,vgr_total) VALUES (@@@2013.06.09@@@,4,128,105039)','',2,'2013-06-10'),(24561,'INSERT INTO com_ventas_grupo (vgr_fecha,vgr_grupo,vgr_cantidad,vgr_total) VALUES (@@@2013.06.09@@@,5,6,28440)','',2,'2013-06-10'),(24562,'INSERT INTO com_ventas_grupo (vgr_fecha,vgr_grupo,vgr_cantidad,vgr_total) VALUES (@@@2013.06.09@@@,6,20,30120)','',2,'2013-06-10'),(24563,'INSERT INTO com_ventas_grupo (vgr_fecha,vgr_grupo,vgr_cantidad,vgr_total) VALUES (@@@2013.06.09@@@,7,60,88542)','',2,'2013-06-10'),(24564,'INSERT INTO com_ventas_grupo (vgr_fecha,vgr_grupo,vgr_cantidad,vgr_total) VALUES (@@@2013.06.09@@@,8,43,25220)','',2,'2013-06-10'),(24565,'INSERT INTO com_ventas_grupo (vgr_fecha,vgr_grupo,vgr_cantidad,vgr_total) VALUES (@@@2013.06.09@@@,9,144.965,238576)','',2,'2013-06-10'),(24566,'INSERT INTO com_ventas_grupo (vgr_fecha,vgr_grupo,vgr_cantidad,vgr_total) VALUES (@@@2013.06.09@@@,10,64.5,196661)','',2,'2013-06-10'),(24567,'INSERT INTO com_ventas_grupo (vgr_fecha,vgr_grupo,vgr_cantidad,vgr_total) VALUES (@@@2013.06.09@@@,11,34.295,97266)','',2,'2013-06-10'),(24568,'INSERT INTO com_ventas_grupo (vgr_fecha,vgr_grupo,vgr_cantidad,vgr_total) VALUES (@@@2013.06.09@@@,12,45.365,79716)','',2,'2013-06-10'),(24569,'INSERT INTO com_ventas_grupo (vgr_fecha,vgr_grupo,vgr_cantidad,vgr_total) VALUES (@@@2013.06.09@@@,13,13.56,41685)','',2,'2013-06-10'),(24570,'INSERT INTO com_ventas_grupo (vgr_fecha,vgr_grupo,vgr_cantidad,vgr_total) VALUES (@@@2013.06.09@@@,14,177.955,163744)','',2,'2013-06-10'),(24571,'INSERT INTO com_ventas_grupo (vgr_fecha,vgr_grupo,vgr_cantidad,vgr_total) VALUES (@@@2013.06.09@@@,16,5,810)','',2,'2013-06-10'),(24572,'INSERT INTO com_ventas_grupo (vgr_fecha,vgr_grupo,vgr_cantidad,vgr_total) VALUES (@@@2013.06.09@@@,18,345.865,171661)','',2,'2013-06-10'),(24573,'INSERT INTO com_ventas_grupo (vgr_fecha,vgr_grupo,vgr_cantidad,vgr_total) VALUES (@@@2013.06.09@@@,20,101.195,44748)','',2,'2013-06-10'),(24574,'INSERT INTO com_ventas_grupo (vgr_fecha,vgr_grupo,vgr_cantidad,vgr_total) VALUES (@@@2013.06.09@@@,21,62,62280)','',2,'2013-06-10'),(24575,'INSERT INTO com_ventas_grupo (vgr_fecha,vgr_grupo,vgr_cantidad,vgr_total) VALUES (@@@2013.06.09@@@,23,5,19650)','',2,'2013-06-10'),(24576,'INSERT INTO com_ventas_grupo (vgr_fecha,vgr_grupo,vgr_cantidad,vgr_total) VALUES (@@@2013.06.09@@@,24,197,55553)','',2,'2013-06-10'),(24577,'INSERT INTO com_ventas_grupo (vgr_fecha,vgr_grupo,vgr_cantidad,vgr_total) VALUES (@@@2013.06.09@@@,25,128,168900)','',2,'2013-06-10'),(24578,'INSERT INTO com_ventas_grupo (vgr_fecha,vgr_grupo,vgr_cantidad,vgr_total) VALUES (@@@2013.06.09@@@,31,9,12000)','',2,'2013-06-10'),(24579,'INSERT INTO com_ventas_grupo (vgr_fecha,vgr_grupo,vgr_cantidad,vgr_total) VALUES (@@@2013.06.09@@@,32,410,116676)','',2,'2013-06-10'),(24580,'INSERT INTO com_ventas_grupo (vgr_fecha,vgr_grupo,vgr_cantidad,vgr_total) VALUES (@@@2013.06.09@@@,35,15,15570)','',2,'2013-06-10'),(24581,'INSERT INTO com_ventas_grupo (vgr_fecha,vgr_grupo,vgr_cantidad,vgr_total) VALUES (@@@2013.06.09@@@,36,21,2840)','',2,'2013-06-10'),(24582,'INSERT INTO com_ventas_grupo (vgr_fecha,vgr_grupo,vgr_cantidad,vgr_total) VALUES (@@@2013.06.09@@@,37,3,4280)','',2,'2013-06-10'),(24583,'INSERT INTO com_ventas_grupo (vgr_fecha,vgr_grupo,vgr_cantidad,vgr_total) VALUES (@@@2013.06.09@@@,38,7,5830)','',2,'2013-06-10'),(24584,'INSERT INTO com_ventas_grupo (vgr_fecha,vgr_grupo,vgr_cantidad,vgr_total) VALUES (@@@2013.06.09@@@,39,8,14590)','',2,'2013-06-10'),(24585,'INSERT INTO com_ventas_grupo (vgr_fecha,vgr_grupo,vgr_cantidad,vgr_total) VALUES (@@@2013.06.09@@@,40,68616,68616)','',2,'2013-06-10'),(24586,'INSERT INTO com_ventas_grupo (vgr_fecha,vgr_grupo,vgr_cantidad,vgr_total) VALUES (@@@2013.06.09@@@,42,46.02,41624)','',2,'2013-06-10'),(24587,'UPDATE mae_datos_empresa SET emp_oferta=@@@NO@@@','',2,'2013-06-10'),(24588,'INSERT INTO gne_vale_ferreteria (vfe_id,vfe_fecha,vfe_total,vfe_estado,vfe_entregado,usu_nusuario) VALUES (2100,@@@2013.06.10@@@,1320,1,0,@@@G_DIAZ@@@)','',2,'2013-06-10'),(24589,'INSERT INTO gne_vale_ferreteria_mov (vfe_id,pro_codigo_plu,vfm_cantidad,vfm_unitario,vfm_total,vfm_entregado) VALUES (2100,15955,2,530,1060,@@@NO@@@)','',2,'2013-06-10'),(24590,'INSERT INTO gne_vale_ferreteria_mov (vfe_id,pro_codigo_plu,vfm_cantidad,vfm_unitario,vfm_total,vfm_entregado) VALUES (2100,15967,2,130,260,@@@NO@@@)','',2,'2013-06-10'),(24591,'INSERT INTO gne_vale_ferreteria (vfe_id,vfe_fecha,vfe_total,vfe_estado,vfe_entregado,usu_nusuario) VALUES (2101,@@@2013.06.10@@@,1960,1,0,@@@G_DIAZ@@@)','',2,'2013-06-10'),(24592,'INSERT INTO gne_vale_ferreteria_mov (vfe_id,pro_codigo_plu,vfm_cantidad,vfm_unitario,vfm_total,vfm_entregado) VALUES (2101,78017152,4,490,1960,@@@NO@@@)','',2,'2013-06-10'),(24593,'INSERT INTO gne_vale_ferreteria (vfe_id,vfe_fecha,vfe_total,vfe_estado,vfe_entregado,usu_nusuario) VALUES (2102,@@@2013.06.10@@@,880,1,0,@@@G_DIAZ@@@)','',2,'2013-06-10'),(24594,'INSERT INTO gne_vale_ferreteria_mov (vfe_id,pro_codigo_plu,vfm_cantidad,vfm_unitario,vfm_total,vfm_entregado) VALUES (2102,78016972,1,160,160,@@@NO@@@)','',2,'2013-06-10'),(24595,'INSERT INTO gne_vale_ferreteria_mov (vfe_id,pro_codigo_plu,vfm_cantidad,vfm_unitario,vfm_total,vfm_entregado) VALUES (2102,21130,1,220,220,@@@NO@@@)','',2,'2013-06-10'),(24596,'INSERT INTO gne_vale_ferreteria_mov (vfe_id,pro_codigo_plu,vfm_cantidad,vfm_unitario,vfm_total,vfm_entregado) VALUES (2102,764826,2,250,500,@@@NO@@@)','',2,'2013-06-10'),(24597,'INSERT INTO gne_vale_ferreteria (vfe_id,vfe_fecha,vfe_total,vfe_estado,vfe_entregado,usu_nusuario) VALUES (2103,@@@2013.06.10@@@,710,1,0,@@@G_DIAZ@@@)','',2,'2013-06-10'),(24598,'INSERT INTO gne_vale_ferreteria_mov (vfe_id,pro_codigo_plu,vfm_cantidad,vfm_unitario,vfm_total,vfm_entregado) VALUES (2103,1063,1,450,450,@@@NO@@@)','',2,'2013-06-10'),(24599,'INSERT INTO gne_vale_ferreteria_mov (vfe_id,pro_codigo_plu,vfm_cantidad,vfm_unitario,vfm_total,vfm_entregado) VALUES (2103,12083,1,260,260,@@@NO@@@)','',2,'2013-06-10'),(24600,'INSERT INTO gne_vale_ferreteria (vfe_id,vfe_fecha,vfe_total,vfe_estado,vfe_entregado,usu_nusuario) VALUES (2104,@@@2013.06.10@@@,780,1,0,@@@G_DIAZ@@@)','',2,'2013-06-10'),(24601,'INSERT INTO gne_vale_ferreteria_mov (vfe_id,pro_codigo_plu,vfm_cantidad,vfm_unitario,vfm_total,vfm_entregado) VALUES (2104,78017124,2,390,780,@@@NO@@@)','',2,'2013-06-10'),(24602,'INSERT INTO gne_vale_ferreteria (vfe_id,vfe_fecha,vfe_total,vfe_estado,vfe_entregado,usu_nusuario) VALUES (2105,@@@2013.06.10@@@,1000,1,0,@@@G_DIAZ@@@)','',2,'2013-06-10'),(24603,'INSERT INTO gne_vale_ferreteria_mov (vfe_id,pro_codigo_plu,vfm_cantidad,vfm_unitario,vfm_total,vfm_entregado) VALUES (2105,763819,1,1000,1000,@@@NO@@@)','',2,'2013-06-10'),(24604,'INSERT INTO gne_vale_ferreteria (vfe_id,vfe_fecha,vfe_total,vfe_estado,vfe_entregado,usu_nusuario) VALUES (2106,@@@2013.06.10@@@,120,1,0,@@@G_DIAZ@@@)','',2,'2013-06-10'),(24605,'INSERT INTO gne_vale_ferreteria_mov (vfe_id,pro_codigo_plu,vfm_cantidad,vfm_unitario,vfm_total,vfm_entregado) VALUES (2106,8022,1,120,120,@@@NO@@@)','',2,'2013-06-10'),(24606,'INSERT INTO gne_vale_ferreteria (vfe_id,vfe_fecha,vfe_total,vfe_estado,vfe_entregado,usu_nusuario) VALUES (2107,@@@2013.06.10@@@,120,1,0,@@@G_DIAZ@@@)','',2,'2013-06-10'),(24607,'INSERT INTO gne_vale_ferreteria_mov (vfe_id,pro_codigo_plu,vfm_cantidad,vfm_unitario,vfm_total,vfm_entregado) VALUES (2107,8022,1,120,120,@@@NO@@@)','',2,'2013-06-10'),(24608,'INSERT INTO gne_vale_ferreteria (vfe_id,vfe_fecha,vfe_total,vfe_estado,vfe_entregado,usu_nusuario) VALUES (2108,@@@2013.06.10@@@,620,1,0,@@@G_DIAZ@@@)','',2,'2013-06-10'),(24609,'INSERT INTO gne_vale_ferreteria_mov (vfe_id,pro_codigo_plu,vfm_cantidad,vfm_unitario,vfm_total,vfm_entregado) VALUES (2108,763832,1,620,620,@@@NO@@@)','',2,'2013-06-10'),(24610,'INSERT INTO gne_vale_ferreteria (vfe_id,vfe_fecha,vfe_total,vfe_estado,vfe_entregado,usu_nusuario) VALUES (2109,@@@2013.06.10@@@,1990,1,0,@@@G_DIAZ@@@)','',2,'2013-06-10'),(24611,'INSERT INTO gne_vale_ferreteria_mov (vfe_id,pro_codigo_plu,vfm_cantidad,vfm_unitario,vfm_total,vfm_entregado) VALUES (2109,764510,1,1990,1990,@@@NO@@@)','',2,'2013-06-10'),(24612,'INSERT INTO gne_vale_ferreteria (vfe_id,vfe_fecha,vfe_total,vfe_estado,vfe_entregado,usu_nusuario) VALUES (2110,@@@2013.06.10@@@,790,1,0,@@@G_DIAZ@@@)','',2,'2013-06-10'),(24613,'INSERT INTO gne_vale_ferreteria_mov (vfe_id,pro_codigo_plu,vfm_cantidad,vfm_unitario,vfm_total,vfm_entregado) VALUES (2110,101454,1,790,790,@@@NO@@@)','',2,'2013-06-10'),(24614,'INSERT INTO gne_vale_ferreteria (vfe_id,vfe_fecha,vfe_total,vfe_estado,vfe_entregado,usu_nusuario) VALUES (2111,@@@2013.06.10@@@,1360,1,0,@@@G_DIAZ@@@)','',2,'2013-06-10'),(24615,'INSERT INTO gne_vale_ferreteria_mov (vfe_id,pro_codigo_plu,vfm_cantidad,vfm_unitario,vfm_total,vfm_entregado) VALUES (2111,19866,2,680,1360,@@@NO@@@)','',2,'2013-06-10'),(24616,'INSERT INTO gne_vale_ferreteria (vfe_id,vfe_fecha,vfe_total,vfe_estado,vfe_entregado,usu_nusuario) VALUES (2112,@@@2013.06.10@@@,1220,1,0,@@@G_DIAZ@@@)','',2,'2013-06-10'),(24617,'INSERT INTO gne_vale_ferreteria_mov (vfe_id,pro_codigo_plu,vfm_cantidad,vfm_unitario,vfm_total,vfm_entregado) VALUES (2112,78017128,2,490,980,@@@NO@@@)','',2,'2013-06-10'),(24618,'INSERT INTO gne_vale_ferreteria_mov (vfe_id,pro_codigo_plu,vfm_cantidad,vfm_unitario,vfm_total,vfm_entregado) VALUES (2112,1064,2,120,240,@@@NO@@@)','',2,'2013-06-10'),(24619,'INSERT INTO gne_vale_ferreteria (vfe_id,vfe_fecha,vfe_total,vfe_estado,vfe_entregado,usu_nusuario) VALUES (2113,@@@2013.06.10@@@,300,1,0,@@@G_DIAZ@@@)','',2,'2013-06-10'),(24620,'INSERT INTO gne_vale_ferreteria_mov (vfe_id,pro_codigo_plu,vfm_cantidad,vfm_unitario,vfm_total,vfm_entregado) VALUES (2113,78017233,3,100,300,@@@NO@@@)','',2,'2013-06-10'),(24621,'INSERT INTO gne_vale_ferreteria (vfe_id,vfe_fecha,vfe_total,vfe_estado,vfe_entregado,usu_nusuario) VALUES (2114,@@@2013.06.10@@@,490,1,0,@@@G_DIAZ@@@)','',2,'2013-06-10'),(24622,'INSERT INTO gne_vale_ferreteria_mov (vfe_id,pro_codigo_plu,vfm_cantidad,vfm_unitario,vfm_total,vfm_entregado) VALUES (2114,764253,1,490,490,@@@NO@@@)','',2,'2013-06-10'),(24623,'INSERT INTO gne_vale_ferreteria (vfe_id,vfe_fecha,vfe_total,vfe_estado,vfe_entregado,usu_nusuario) VALUES (2115,@@@2013.06.10@@@,755,1,0,@@@G_DIAZ@@@)','',2,'2013-06-10'),(24624,'INSERT INTO gne_vale_ferreteria_mov (vfe_id,pro_codigo_plu,vfm_cantidad,vfm_unitario,vfm_total,vfm_entregado) VALUES (2115,21117,1,495,495,@@@NO@@@)','',2,'2013-06-10'),(24625,'INSERT INTO gne_vale_ferreteria_mov (vfe_id,pro_codigo_plu,vfm_cantidad,vfm_unitario,vfm_total,vfm_entregado) VALUES (2115,12083,1,260,260,@@@NO@@@)','',2,'2013-06-10'),(24626,'UPDATE mae_productos SET pro_codigo_barra=@@@7802175453529@@@,pro_tipo=@@@0@@@,pro_nombre_producto=@@@RON DORADO SIERRA MORENA 750 ML@@@,pro_nombre_corto=@@@RON DORADO SIERR@@@,med_id=@@@1@@@,emb_id=@@@4@@@,pro_unidades_embalaje=@@@12@@@,dep_id=@@@5 @@@,lin_id=@@@57@@@,mar_id=@@@1267@@@,pro_precio_compra_neto=@@@0@@@,pro_precio_compra_bruto=@@@0@@@,pro_precio_venta=@@@3290@@@,pro_margen_actual=@@@0@@@,pro_oferta=@@@NO@@@,pro_fecha_inicio_oferta=@@@1900.01.01@@@,pro_fecha_termino_oferta=@@@1900.01.01@@@,pro_precio_oferta=@@@0@@@,pro_stock_minimo=@@@12@@@,pro_stock_critico=@@@6@@@,pro_activo=@@@1@@@,pro_unidad=@@@0@@@,pro_precio_compra_bruto=0,pro_margen_actual=0,pro_capacidad=1,pro_funcion_plu=0,pro_flejes=1,pro_iva=1,pro_plu_asociado=0,pro_envase=@@@NO@@@,pro_duracion=0,pro_numero_etiqueta=0 WHERE pro_codigo_plu=@@@17613@@@','',2,'2013-06-10'),(24627,'UPDATE mae_productos SET pro_estado=1 WHERE pro_codigo_plu=17613','',2,'2013-06-10'),(24628,'DELETE FROM mae_impuestos_productos WHERE pro_codigo_plu=@@@17613@@@','',2,'2013-06-10'),(24629,'INSERT INTO gne_vale_ferreteria (vfe_id,vfe_fecha,vfe_total,vfe_estado,vfe_entregado,usu_nusuario) VALUES (2116,@@@2013.06.10@@@,1270,1,0,@@@G_DIAZ@@@)','',2,'2013-06-10'),(24630,'INSERT INTO gne_vale_ferreteria_mov (vfe_id,pro_codigo_plu,vfm_cantidad,vfm_unitario,vfm_total,vfm_entregado) VALUES (2116,1064,1,120,120,@@@NO@@@)','',2,'2013-06-10'),(24631,'INSERT INTO gne_vale_ferreteria_mov (vfe_id,pro_codigo_plu,vfm_cantidad,vfm_unitario,vfm_total,vfm_entregado) VALUES (2116,763777,1,1150,1150,@@@NO@@@)','',2,'2013-06-10'),(24632,'INSERT INTO mae_productos (pro_codigo_plu,pro_codigo_barra,pro_tipo,pro_nombre_producto,pro_nombre_corto,med_id,emb_id,pro_unidades_embalaje,dep_id,lin_id,mar_id,pro_precio_compra_neto,pro_precio_compra_bruto,pro_precio_venta,pro_margen_actual,pro_oferta,pro_fecha_inicio_oferta,pro_fecha_termino_oferta,pro_precio_oferta,pro_stock_minimo,pro_stock_critico,pro_entradas_bodega,pro_salidas_bodega,pro_mermas_bodega,pro_ajustes_bodega,pro_entradas_sv,pro_salidas_sv,pro_mermas_sv,pro_ajustes_sv,pro_activo,rec_numero,pro_unidad,pro_capacidad,pro_consumo_bodega,pro_consumo_sv,pro_estado,pro_funcion_plu,pro_flejes,pro_iva,pro_plu_asociado,pro_envase,pro_duracion,pro_numero_etiqueta) VALUES (780721064,@@@6991296963398@@@,@@@0@@@,@@@AUTO CHIP RUEDAS GRANDE@@@,@@@AUTO CHIP RUEDAS@@@,@@@1 @@@,@@@3 @@@,@@@0@@@,@@@23 @@@,@@@135@@@,@@@2507@@@,@@@0@@@,@@@0@@@,@@@2790@@@,@@@0@@@,@@@@@@,@@@2013.06.10@@@,@@@2013.06.10@@@,@@@0@@@,@@@0@@@,@@@0@@@,@@@0@@@,@@@0@@@,@@@0@@@,@@@0@@@,@@@0@@@,@@@0@@@,@@@0@@@,@@@0@@@,@@@1@@@,@@@0@@@,0,1,0,0,2,0,1,1,0,@@@NO@@@,0,0)','',2,'2013-06-10'),(24633,'DELETE FROM mae_impuestos_productos WHERE pro_codigo_plu=@@@780721064@@@','',2,'2013-06-10'),(24634,'INSERT INTO mae_productos (pro_codigo_plu,pro_codigo_barra,pro_tipo,pro_nombre_producto,pro_nombre_corto,med_id,emb_id,pro_unidades_embalaje,dep_id,lin_id,mar_id,pro_precio_compra_neto,pro_precio_compra_bruto,pro_precio_venta,pro_margen_actual,pro_oferta,pro_fecha_inicio_oferta,pro_fecha_termino_oferta,pro_precio_oferta,pro_stock_minimo,pro_stock_critico,pro_entradas_bodega,pro_salidas_bodega,pro_mermas_bodega,pro_ajustes_bodega,pro_entradas_sv,pro_salidas_sv,pro_mermas_sv,pro_ajustes_sv,pro_activo,rec_numero,pro_unidad,pro_capacidad,pro_consumo_bodega,pro_consumo_sv,pro_estado,pro_funcion_plu,pro_flejes,pro_iva,pro_plu_asociado,pro_envase,pro_duracion,pro_numero_etiqueta) VALUES (780721065,@@@6991201774781@@@,@@@0@@@,@@@AUTO POLICIA @@@,@@@AUTO POLICIA @@@,@@@1 @@@,@@@3 @@@,@@@0@@@,@@@23 @@@,@@@135@@@,@@@2507@@@,@@@0@@@,@@@0@@@,@@@2590@@@,@@@0@@@,@@@@@@,@@@2013.06.10@@@,@@@2013.06.10@@@,@@@0@@@,@@@0@@@,@@@0@@@,@@@0@@@,@@@0@@@,@@@0@@@,@@@0@@@,@@@0@@@,@@@0@@@,@@@0@@@,@@@0@@@,@@@1@@@,@@@0@@@,0,1,0,0,2,0,1,1,0,@@@NO@@@,0,0)','',2,'2013-06-10'),(24635,'DELETE FROM mae_impuestos_productos WHERE pro_codigo_plu=@@@780721065@@@','',2,'2013-06-10'),(24636,'INSERT INTO gne_vale_ferreteria (vfe_id,vfe_fecha,vfe_total,vfe_estado,vfe_entregado,usu_nusuario) VALUES (2117,@@@2013.06.10@@@,5380,1,0,@@@G_DIAZ@@@)','',2,'2013-06-10'),(24637,'INSERT INTO gne_vale_ferreteria_mov (vfe_id,pro_codigo_plu,vfm_cantidad,vfm_unitario,vfm_total,vfm_entregado) VALUES (2117,780721065,1,2590,2590,@@@NO@@@)','',2,'2013-06-10'),(24638,'INSERT INTO gne_vale_ferreteria_mov (vfe_id,pro_codigo_plu,vfm_cantidad,vfm_unitario,vfm_total,vfm_entregado) VALUES (2117,780721064,1,2790,2790,@@@NO@@@)','',2,'2013-06-10'),(24639,'INSERT INTO gne_vale_ferreteria (vfe_id,vfe_fecha,vfe_total,vfe_estado,vfe_entregado,usu_nusuario) VALUES (2118,@@@2013.06.10@@@,80,1,0,@@@G_DIAZ@@@)','',2,'2013-06-10'),(24640,'INSERT INTO gne_vale_ferreteria_mov (vfe_id,pro_codigo_plu,vfm_cantidad,vfm_unitario,vfm_total,vfm_entregado) VALUES (2118,78017241,2,40,80,@@@NO@@@)','',2,'2013-06-10'),(24641,'INSERT INTO gne_vale_ferreteria (vfe_id,vfe_fecha,vfe_total,vfe_estado,vfe_entregado,usu_nusuario) VALUES (2119,@@@2013.06.10@@@,480,1,0,@@@G_DIAZ@@@)','',2,'2013-06-10'),(24642,'INSERT INTO gne_vale_ferreteria_mov (vfe_id,pro_codigo_plu,vfm_cantidad,vfm_unitario,vfm_total,vfm_entregado) VALUES (2119,78017154,4,120,480,@@@NO@@@)','',2,'2013-06-10'),(24643,'INSERT INTO gne_vale_ferreteria (vfe_id,vfe_fecha,vfe_total,vfe_estado,vfe_entregado,usu_nusuario) VALUES (2120,@@@2013.06.10@@@,240,1,0,@@@G_DIAZ@@@)','',2,'2013-06-10'),(24644,'INSERT INTO gne_vale_ferreteria_mov (vfe_id,pro_codigo_plu,vfm_cantidad,vfm_unitario,vfm_total,vfm_entregado) VALUES (2120,764766,1,120,120,@@@NO@@@)','',2,'2013-06-10'),(24645,'INSERT INTO gne_vale_ferreteria_mov (vfe_id,pro_codigo_plu,vfm_cantidad,vfm_unitario,vfm_total,vfm_entregado) VALUES (2120,78017016,1,120,120,@@@NO@@@)','',2,'2013-06-10'),(24646,'INSERT INTO gne_vale_ferreteria (vfe_id,vfe_fecha,vfe_total,vfe_estado,vfe_entregado,usu_nusuario) VALUES (2121,@@@2013.06.10@@@,1590,1,0,@@@G_DIAZ@@@)','',2,'2013-06-10'),(24647,'INSERT INTO gne_vale_ferreteria_mov (vfe_id,pro_codigo_plu,vfm_cantidad,vfm_unitario,vfm_total,vfm_entregado) VALUES (2121,15955,3,530,1590,@@@NO@@@)','',2,'2013-06-10'),(24648,'INSERT INTO gne_vale_ferreteria (vfe_id,vfe_fecha,vfe_total,vfe_estado,vfe_entregado,usu_nusuario) VALUES (2122,@@@2013.06.10@@@,750,1,0,@@@G_DIAZ@@@)','',2,'2013-06-10'),(24649,'INSERT INTO gne_vale_ferreteria_mov (vfe_id,pro_codigo_plu,vfm_cantidad,vfm_unitario,vfm_total,vfm_entregado) VALUES (2122,15967,2,130,260,@@@NO@@@)','',2,'2013-06-10'),(24650,'INSERT INTO gne_vale_ferreteria_mov (vfe_id,pro_codigo_plu,vfm_cantidad,vfm_unitario,vfm_total,vfm_entregado) VALUES (2122,1538,1,490,490,@@@NO@@@)','',2,'2013-06-10'),(24651,'INSERT INTO gne_vale_ferreteria (vfe_id,vfe_fecha,vfe_total,vfe_estado,vfe_entregado,usu_nusuario) VALUES (2123,@@@2013.06.10@@@,150,1,0,@@@G_DIAZ@@@)','',2,'2013-06-10'),(24652,'INSERT INTO gne_vale_ferreteria_mov (vfe_id,pro_codigo_plu,vfm_cantidad,vfm_unitario,vfm_total,vfm_entregado) VALUES (2123,770059,1,150,150,@@@NO@@@)','',2,'2013-06-10'),(24653,'INSERT INTO gne_vale_ferreteria (vfe_id,vfe_fecha,vfe_total,vfe_estado,vfe_entregado,usu_nusuario) VALUES (2124,@@@2013.06.10@@@,1490,1,0,@@@G_DIAZ@@@)','',2,'2013-06-10'),(24654,'INSERT INTO gne_vale_ferreteria_mov (vfe_id,pro_codigo_plu,vfm_cantidad,vfm_unitario,vfm_total,vfm_entregado) VALUES (2124,5900,1,1490,1490,@@@NO@@@)','',2,'2013-06-10'),(24655,'INSERT INTO mae_productos (pro_codigo_plu,pro_codigo_barra,pro_tipo,pro_nombre_producto,pro_nombre_corto,med_id,emb_id,pro_unidades_embalaje,dep_id,lin_id,mar_id,pro_precio_compra_neto,pro_precio_compra_bruto,pro_precio_venta,pro_margen_actual,pro_oferta,pro_fecha_inicio_oferta,pro_fecha_termino_oferta,pro_precio_oferta,pro_stock_minimo,pro_stock_critico,pro_entradas_bodega,pro_salidas_bodega,pro_mermas_bodega,pro_ajustes_bodega,pro_entradas_sv,pro_salidas_sv,pro_mermas_sv,pro_ajustes_sv,pro_activo,rec_numero,pro_unidad,pro_capacidad,pro_consumo_bodega,pro_consumo_sv,pro_estado,pro_funcion_plu,pro_flejes,pro_iva,pro_plu_asociado,pro_envase,pro_duracion,pro_numero_etiqueta) VALUES (780721066,@@@77555@@@,@@@0@@@,@@@IBUPROFENO X 1 SOBRE@@@,@@@IBUPROFENO X 1 S@@@,@@@1 @@@,@@@3 @@@,@@@0@@@,@@@41 @@@,@@@209@@@,@@@2507@@@,@@@0@@@,@@@0@@@,@@@490@@@,@@@0@@@,@@@@@@,@@@2013.06.10@@@,@@@2013.06.10@@@,@@@0@@@,@@@0@@@,@@@0@@@,@@@0@@@,@@@0@@@,@@@0@@@,@@@0@@@,@@@0@@@,@@@0@@@,@@@0@@@,@@@0@@@,@@@1@@@,@@@0@@@,0,1,0,0,2,0,1,1,0,@@@NO@@@,0,0)','',2,'2013-06-10'),(24656,'DELETE FROM mae_impuestos_productos WHERE pro_codigo_plu=@@@780721066@@@','',2,'2013-06-10'),(24657,'INSERT INTO gne_vale_ferreteria (vfe_id,vfe_fecha,vfe_total,vfe_estado,vfe_entregado,usu_nusuario) VALUES (2125,@@@2013.06.10@@@,120,1,0,@@@G_DIAZ@@@)','',2,'2013-06-10'),(24658,'INSERT INTO gne_vale_ferreteria_mov (vfe_id,pro_codigo_plu,vfm_cantidad,vfm_unitario,vfm_total,vfm_entregado) VALUES (2125,8022,1,120,120,@@@NO@@@)','',2,'2013-06-10'),(24659,'UPDATE mae_productos SET pro_margen_actual=0,pro_precio_venta=2790 WHERE pro_codigo_plu=780721064','',2,'2013-06-10'),(24660,'UPDATE mae_productos SET pro_margen_actual=0,pro_precio_venta=2590 WHERE pro_codigo_plu=780721065','',2,'2013-06-10'),(24661,'UPDATE mae_productos SET pro_margen_actual=0,pro_precio_venta=490 WHERE pro_codigo_plu=780721066','',2,'2013-06-10'),(24662,'UPDATE mae_productos SET pro_margen_actual=0,pro_precio_venta=3290 WHERE pro_codigo_plu=17613','',2,'2013-06-10'),(24663,'UPDATE mae_productos SET pro_margen_actual=0,pro_precio_venta=1090 WHERE pro_codigo_plu=13080','',2,'2013-06-10'),(24664,'UPDATE mae_productos SET pro_margen_actual=0,pro_precio_venta=590 WHERE pro_codigo_plu=10178','',2,'2013-06-10'),(24665,'UPDATE mae_productos SET pro_margen_actual=0,pro_precio_venta=270 WHERE pro_codigo_plu=19768','',2,'2013-06-10'),(24666,'UPDATE mae_productos SET pro_margen_actual=0,pro_precio_venta=1190 WHERE pro_codigo_plu=765027','',2,'2013-06-10'),(24667,'UPDATE mae_productos SET pro_precio_fiscal=pro_precio_venta WHERE pro_codigo_plu=780721065','',2,'2013-06-10'),(24668,'UPDATE mae_productos SET pro_precio_fiscal=pro_precio_venta WHERE pro_codigo_plu=780721064','',2,'2013-06-10'),(24669,'UPDATE mae_productos SET pro_precio_fiscal=pro_precio_venta WHERE pro_codigo_plu=765027','',2,'2013-06-10'),(24670,'UPDATE mae_productos SET pro_precio_fiscal=pro_precio_venta WHERE pro_codigo_plu=780721066','',2,'2013-06-10'),(24671,'UPDATE mae_productos SET pro_precio_fiscal=pro_precio_venta WHERE pro_codigo_plu=13080','',2,'2013-06-10'),(24672,'UPDATE mae_productos SET pro_precio_fiscal=pro_precio_venta WHERE pro_codigo_plu=17613','',2,'2013-06-10'),(24673,'UPDATE mae_productos SET pro_precio_fiscal=pro_precio_venta WHERE pro_codigo_plu=14403','',2,'2013-06-10'),(24674,'UPDATE mae_productos SET pro_precio_fiscal=pro_precio_venta WHERE pro_codigo_plu=14402','',2,'2013-06-10'),(24675,'UPDATE mae_productos SET pro_precio_fiscal=pro_precio_venta WHERE pro_codigo_plu=11180','',2,'2013-06-10'),(24676,'UPDATE mae_productos SET pro_precio_fiscal=pro_precio_venta WHERE pro_codigo_plu=11182','',2,'2013-06-10'),(24677,'UPDATE mae_productos SET pro_precio_fiscal=pro_precio_venta WHERE pro_codigo_plu=11183','',2,'2013-06-10'),(24678,'UPDATE mae_productos SET pro_precio_fiscal=pro_precio_venta WHERE pro_codigo_plu=11184','',2,'2013-06-10'),(24679,'UPDATE mae_productos SET pro_precio_fiscal=pro_precio_venta WHERE pro_codigo_plu=11410','',2,'2013-06-10'),(24680,'UPDATE mae_productos SET pro_precio_fiscal=pro_precio_venta WHERE pro_codigo_plu=11409','',2,'2013-06-10'),(24681,'UPDATE mae_productos SET pro_precio_fiscal=pro_precio_venta WHERE pro_codigo_plu=11407','',2,'2013-06-10'),(24682,'UPDATE mae_productos SET pro_precio_fiscal=pro_precio_venta WHERE pro_codigo_plu=19768','',2,'2013-06-10'),(24683,'UPDATE mae_productos SET pro_precio_fiscal=pro_precio_venta WHERE pro_codigo_plu=10178','',2,'2013-06-10'),(24684,'INSERT INTO gne_vale_ferreteria (vfe_id,vfe_fecha,vfe_total,vfe_estado,vfe_entregado,usu_nusuario) VALUES (2126,@@@2013.06.10@@@,1190,1,0,@@@G_DIAZ@@@)','',2,'2013-06-10'),(24685,'INSERT INTO gne_vale_ferreteria_mov (vfe_id,pro_codigo_plu,vfm_cantidad,vfm_unitario,vfm_total,vfm_entregado) VALUES (2126,765027,1,1190,1190,@@@NO@@@)','',2,'2013-06-10'),(24686,'INSERT INTO mae_productos (pro_codigo_plu,pro_codigo_barra,pro_tipo,pro_nombre_producto,pro_nombre_corto,med_id,emb_id,pro_unidades_embalaje,dep_id,lin_id,mar_id,pro_precio_compra_neto,pro_precio_compra_bruto,pro_precio_venta,pro_margen_actual,pro_oferta,pro_fecha_inicio_oferta,pro_fecha_termino_oferta,pro_precio_oferta,pro_stock_minimo,pro_stock_critico,pro_entradas_bodega,pro_salidas_bodega,pro_mermas_bodega,pro_ajustes_bodega,pro_entradas_sv,pro_salidas_sv,pro_mermas_sv,pro_ajustes_sv,pro_activo,rec_numero,pro_unidad,pro_capacidad,pro_consumo_bodega,pro_consumo_sv,pro_estado,pro_funcion_plu,pro_flejes,pro_iva,pro_plu_asociado,pro_envase,pro_duracion,pro_numero_etiqueta) VALUES (780721067,@@@7803403000577@@@,@@@0@@@,@@@MINIX DUO IDEAL@@@,@@@MINIX DUO IDEAL@@@,@@@1 @@@,@@@3 @@@,@@@0@@@,@@@32 @@@,@@@215@@@,@@@552@@@,@@@0@@@,@@@0@@@,@@@250@@@,@@@0@@@,@@@@@@,@@@2013.06.10@@@,@@@2013.06.10@@@,@@@0@@@,@@@0@@@,@@@0@@@,@@@0@@@,@@@0@@@,@@@0@@@,@@@0@@@,@@@0@@@,@@@0@@@,@@@0@@@,@@@0@@@,@@@1@@@,@@@0@@@,0,1,0,0,2,0,1,1,0,@@@NO@@@,0,0)','',2,'2013-06-10'),(24687,'DELETE FROM mae_impuestos_productos WHERE pro_codigo_plu=@@@780721067@@@','',2,'2013-06-10'),(24688,'INSERT INTO gne_vale_ferreteria (vfe_id,vfe_fecha,vfe_total,vfe_estado,vfe_entregado,usu_nusuario) VALUES (2127,@@@2013.06.11@@@,250,1,0,@@@b_SAEZ@@@)','',2,'2013-06-11'),(24689,'INSERT INTO gne_vale_ferreteria_mov (vfe_id,pro_codigo_plu,vfm_cantidad,vfm_unitario,vfm_total,vfm_entregado) VALUES (2127,764270,1,250,250,@@@NO@@@)','',2,'2013-06-11'),(24690,'INSERT INTO gne_vale_ferreteria (vfe_id,vfe_fecha,vfe_total,vfe_estado,vfe_entregado,usu_nusuario) VALUES (2128,@@@2013.06.11@@@,1000,1,0,@@@b_SAEZ@@@)','',2,'2013-06-11'),(24691,'INSERT INTO gne_vale_ferreteria_mov (vfe_id,pro_codigo_plu,vfm_cantidad,vfm_unitario,vfm_total,vfm_entregado) VALUES (2128,763890,1,550,550,@@@NO@@@)','',2,'2013-06-11'),(24692,'INSERT INTO gne_vale_ferreteria_mov (vfe_id,pro_codigo_plu,vfm_cantidad,vfm_unitario,vfm_total,vfm_entregado) VALUES (2128,20756,1,450,450,@@@NO@@@)','',2,'2013-06-11'),(24693,'INSERT INTO gne_vale_ferreteria (vfe_id,vfe_fecha,vfe_total,vfe_estado,vfe_entregado,usu_nusuario) VALUES (2129,@@@2013.06.11@@@,980,1,0,@@@b_SAEZ@@@)','',2,'2013-06-11'),(24694,'INSERT INTO gne_vale_ferreteria_mov (vfe_id,pro_codigo_plu,vfm_cantidad,vfm_unitario,vfm_total,vfm_entregado) VALUES (2129,19876,1,980,980,@@@NO@@@)','',2,'2013-06-11'),(24695,'INSERT INTO gne_vale_ferreteria (vfe_id,vfe_fecha,vfe_total,vfe_estado,vfe_entregado,usu_nusuario) VALUES (2130,@@@2013.06.11@@@,720,1,0,@@@b_SAEZ@@@)','',2,'2013-06-11'),(24696,'INSERT INTO gne_vale_ferreteria_mov (vfe_id,pro_codigo_plu,vfm_cantidad,vfm_unitario,vfm_total,vfm_entregado) VALUES (2130,763934,1,720,720,@@@NO@@@)','',2,'2013-06-11'),(24697,'INSERT INTO gne_vale_ferreteria (vfe_id,vfe_fecha,vfe_total,vfe_estado,vfe_entregado,usu_nusuario) VALUES (2131,@@@2013.06.11@@@,390,1,0,@@@b_SAEZ@@@)','',2,'2013-06-11'),(24698,'INSERT INTO gne_vale_ferreteria_mov (vfe_id,pro_codigo_plu,vfm_cantidad,vfm_unitario,vfm_total,vfm_entregado) VALUES (2131,4125,1,390,390,@@@NO@@@)','',2,'2013-06-11'),(24699,'UPDATE mae_productos SET pro_margen_actual=0,pro_precio_venta=150 WHERE pro_codigo_plu=780721067','',2,'2013-06-11'),(24700,'UPDATE mae_productos SET pro_precio_fiscal=pro_precio_venta WHERE pro_codigo_plu=780721067','',2,'2013-06-11'),(24701,'UPDATE mae_productos SET pro_margen_actual=0,pro_precio_venta=200 WHERE pro_codigo_plu=780721067','',2,'2013-06-11'),(24702,'UPDATE mae_productos SET pro_precio_fiscal=pro_precio_venta WHERE pro_codigo_plu=780721067','',2,'2013-06-11'),(24703,'INSERT INTO gne_vale_ferreteria (vfe_id,vfe_fecha,vfe_total,vfe_estado,vfe_entregado,usu_nusuario) VALUES (2132,@@@2013.06.11@@@,190,1,0,@@@b_SAEZ@@@)','',2,'2013-06-11'),(24704,'INSERT INTO gne_vale_ferreteria_mov (vfe_id,pro_codigo_plu,vfm_cantidad,vfm_unitario,vfm_total,vfm_entregado) VALUES (2132,1537,1,190,190,@@@NO@@@)','',2,'2013-06-11'),(24705,'INSERT INTO gne_vale_ferreteria (vfe_id,vfe_fecha,vfe_total,vfe_estado,vfe_entregado,usu_nusuario) VALUES (2133,@@@2013.06.11@@@,2580,1,0,@@@b_SAEZ@@@)','',2,'2013-06-11'),(24706,'INSERT INTO gne_vale_ferreteria_mov (vfe_id,pro_codigo_plu,vfm_cantidad,vfm_unitario,vfm_total,vfm_entregado) VALUES (2133,764909,1,1990,1990,@@@NO@@@)','',2,'2013-06-11'),(24707,'INSERT INTO gne_vale_ferreteria_mov (vfe_id,pro_codigo_plu,vfm_cantidad,vfm_unitario,vfm_total,vfm_entregado) VALUES (2133,2012,1,590,590,@@@NO@@@)','',2,'2013-06-11'),(24708,'INSERT INTO gne_vale_ferreteria (vfe_id,vfe_fecha,vfe_total,vfe_estado,vfe_entregado,usu_nusuario) VALUES (2134,@@@2013.06.11@@@,260,1,0,@@@b_SAEZ@@@)','',2,'2013-06-11'),(24709,'INSERT INTO gne_vale_ferreteria_mov (vfe_id,pro_codigo_plu,vfm_cantidad,vfm_unitario,vfm_total,vfm_entregado) VALUES (2134,15967,2,130,260,@@@NO@@@)','',2,'2013-06-11'),(24710,'UPDATE mae_productos SET pro_margen_actual=0,pro_precio_venta=790 WHERE pro_codigo_plu=612','',2,'2013-06-11'),(24711,'UPDATE mae_productos SET pro_margen_actual=0,pro_precio_venta=690 WHERE pro_codigo_plu=611','',2,'2013-06-11'),(24712,'UPDATE mae_productos SET pro_margen_actual=0,pro_precio_venta=280 WHERE pro_codigo_plu=597','',2,'2013-06-11'),(24713,'UPDATE mae_productos SET pro_margen_actual=0,pro_precio_venta=899 WHERE pro_codigo_plu=580','',2,'2013-06-11'),(24714,'UPDATE mae_productos SET pro_precio_fiscal=pro_precio_venta WHERE pro_codigo_plu=580','',2,'2013-06-11'),(24715,'UPDATE mae_productos SET pro_precio_fiscal=pro_precio_venta WHERE pro_codigo_plu=597','',2,'2013-06-11'),(24716,'UPDATE mae_productos SET pro_precio_fiscal=pro_precio_venta WHERE pro_codigo_plu=612','',2,'2013-06-11'),(24717,'INSERT INTO gne_vale_ferreteria (vfe_id,vfe_fecha,vfe_total,vfe_estado,vfe_entregado,usu_nusuario) VALUES (2135,@@@2013.06.11@@@,350,1,0,@@@b_SAEZ@@@)','',2,'2013-06-11'),(24718,'INSERT INTO gne_vale_ferreteria_mov (vfe_id,pro_codigo_plu,vfm_cantidad,vfm_unitario,vfm_total,vfm_entregado) VALUES (2135,78017006,3,100,300,@@@NO@@@)','',2,'2013-06-11'),(24719,'INSERT INTO gne_vale_ferreteria_mov (vfe_id,pro_codigo_plu,vfm_cantidad,vfm_unitario,vfm_total,vfm_entregado) VALUES (2135,4092,1,50,50,@@@NO@@@)','',2,'2013-06-11'),(24720,'INSERT INTO gne_vale_ferreteria (vfe_id,vfe_fecha,vfe_total,vfe_estado,vfe_entregado,usu_nusuario) VALUES (2136,@@@2013.06.11@@@,1490,1,0,@@@b_SAEZ@@@)','',2,'2013-06-11'),(24721,'INSERT INTO gne_vale_ferreteria_mov (vfe_id,pro_codigo_plu,vfm_cantidad,vfm_unitario,vfm_total,vfm_entregado) VALUES (2136,770083,1,1490,1490,@@@NO@@@)','',2,'2013-06-11'),(24722,'INSERT INTO gne_vale_ferreteria (vfe_id,vfe_fecha,vfe_total,vfe_estado,vfe_entregado,usu_nusuario) VALUES (2137,@@@2013.06.11@@@,590,1,0,@@@b_SAEZ@@@)','',2,'2013-06-11'),(24723,'INSERT INTO gne_vale_ferreteria_mov (vfe_id,pro_codigo_plu,vfm_cantidad,vfm_unitario,vfm_total,vfm_entregado) VALUES (2137,764579,1,590,590,@@@NO@@@)','',2,'2013-06-11'),(24724,'INSERT INTO gne_vale_ferreteria (vfe_id,vfe_fecha,vfe_total,vfe_estado,vfe_entregado,usu_nusuario) VALUES (2138,@@@2013.06.11@@@,490,1,0,@@@b_SAEZ@@@)','',2,'2013-06-11'),(24725,'INSERT INTO gne_vale_ferreteria_mov (vfe_id,pro_codigo_plu,vfm_cantidad,vfm_unitario,vfm_total,vfm_entregado) VALUES (2138,7026,1,490,490,@@@NO@@@)','',2,'2013-06-11'),(24726,'INSERT INTO gne_vale_ferreteria (vfe_id,vfe_fecha,vfe_total,vfe_estado,vfe_entregado,usu_nusuario) VALUES (2139,@@@2013.06.11@@@,690,1,0,@@@b_SAEZ@@@)','',2,'2013-06-11'),(24727,'INSERT INTO gne_vale_ferreteria_mov (vfe_id,pro_codigo_plu,vfm_cantidad,vfm_unitario,vfm_total,vfm_entregado) VALUES (2139,770091,1,690,690,@@@NO@@@)','',2,'2013-06-11'),(24728,'INSERT INTO gne_vale_ferreteria (vfe_id,vfe_fecha,vfe_total,vfe_estado,vfe_entregado,usu_nusuario) VALUES (2140,@@@2013.06.11@@@,960,1,0,@@@b_SAEZ@@@)','',2,'2013-06-11'),(24729,'INSERT INTO gne_vale_ferreteria_mov (vfe_id,pro_codigo_plu,vfm_cantidad,vfm_unitario,vfm_total,vfm_entregado) VALUES (2140,15936,2,480,960,@@@NO@@@)','',2,'2013-06-11'),(24730,'INSERT INTO gne_vale_ferreteria (vfe_id,vfe_fecha,vfe_total,vfe_estado,vfe_entregado,usu_nusuario) VALUES (2141,@@@2013.06.11@@@,120,1,0,@@@b_SAEZ@@@)','',2,'2013-06-11'),(24731,'INSERT INTO gne_vale_ferreteria_mov (vfe_id,pro_codigo_plu,vfm_cantidad,vfm_unitario,vfm_total,vfm_entregado) VALUES (2141,8022,1,120,120,@@@NO@@@)','',2,'2013-06-11'),(24732,'UPDATE mae_productos SET pro_margen_actual=0,pro_precio_venta=2490 WHERE pro_codigo_plu=17590','',2,'2013-06-11'),(24733,'UPDATE mae_productos SET pro_margen_actual=0,pro_precio_venta=120 WHERE pro_codigo_plu=1011','',2,'2013-06-11'),(24734,'UPDATE mae_productos SET pro_margen_actual=0,pro_precio_venta=120 WHERE pro_codigo_plu=1012','',2,'2013-06-11'),(24735,'UPDATE mae_productos SET pro_precio_fiscal=pro_precio_venta WHERE pro_codigo_plu=1011','',2,'2013-06-11'),(24736,'UPDATE mae_productos SET pro_precio_fiscal=pro_precio_venta WHERE pro_codigo_plu=1012','',2,'2013-06-11'),(24737,'UPDATE mae_productos SET pro_precio_fiscal=pro_precio_venta WHERE pro_codigo_plu=17590','',2,'2013-06-11'),(24738,'INSERT INTO gne_vale_ferreteria (vfe_id,vfe_fecha,vfe_total,vfe_estado,vfe_entregado,usu_nusuario) VALUES (2142,@@@2013.06.11@@@,920,1,0,@@@b_SAEZ@@@)','',2,'2013-06-11'),(24739,'INSERT INTO gne_vale_ferreteria_mov (vfe_id,pro_codigo_plu,vfm_cantidad,vfm_unitario,vfm_total,vfm_entregado) VALUES (2142,780220195,1,590,590,@@@NO@@@)','',2,'2013-06-11'),(24740,'INSERT INTO gne_vale_ferreteria_mov (vfe_id,pro_codigo_plu,vfm_cantidad,vfm_unitario,vfm_total,vfm_entregado) VALUES (2142,763588,1,330,330,@@@NO@@@)','',2,'2013-06-11'),(24741,'INSERT INTO gne_vale_ferreteria (vfe_id,vfe_fecha,vfe_total,vfe_estado,vfe_entregado,usu_nusuario) VALUES (2143,@@@2013.06.11@@@,4490,1,0,@@@b_SAEZ@@@)','',2,'2013-06-11'),(24742,'INSERT INTO gne_vale_ferreteria_mov (vfe_id,pro_codigo_plu,vfm_cantidad,vfm_unitario,vfm_total,vfm_entregado) VALUES (2143,764815,1,4490,4490,@@@NO@@@)','',2,'2013-06-11'),(24743,'INSERT INTO gne_vale_ferreteria (vfe_id,vfe_fecha,vfe_total,vfe_estado,vfe_entregado,usu_nusuario) VALUES (2144,@@@2013.06.11@@@,600,1,0,@@@b_SAEZ@@@)','',2,'2013-06-11'),(24744,'INSERT INTO gne_vale_ferreteria_mov (vfe_id,pro_codigo_plu,vfm_cantidad,vfm_unitario,vfm_total,vfm_entregado) VALUES (2144,8021,4,150,600,@@@NO@@@)','',2,'2013-06-11'),(24745,'UPDATE mae_productos SET pro_codigo_barra=@@@5000265001007@@@,pro_tipo=@@@0@@@,pro_nombre_producto=@@@WHISKY WHITE HORSE 750 CC@@@,pro_nombre_corto=@@@WHISKY WHITE HOR@@@,med_id=@@@3@@@,emb_id=@@@4@@@,pro_unidades_embalaje=@@@12@@@,dep_id=@@@5 @@@,lin_id=@@@59@@@,mar_id=@@@2095@@@,pro_precio_compra_neto=@@@0@@@,pro_precio_compra_bruto=@@@0@@@,pro_precio_venta=@@@6990@@@,pro_margen_actual=@@@0@@@,pro_oferta=@@@NO@@@,pro_fecha_inicio_oferta=@@@1900.01.01@@@,pro_fecha_termino_oferta=@@@1900.01.01@@@,pro_precio_oferta=@@@0@@@,pro_stock_minimo=@@@0@@@,pro_stock_critico=@@@0@@@,pro_activo=@@@1@@@,pro_unidad=@@@0@@@,pro_precio_compra_bruto=0,pro_margen_actual=0,pro_capacidad=0.75,pro_funcion_plu=0,pro_flejes=1,pro_iva=1,pro_plu_asociado=0,pro_envase=@@@NO@@@,pro_duracion=0,pro_numero_etiqueta=0 WHERE pro_codigo_plu=@@@17664@@@','',2,'2013-06-11'),(24746,'UPDATE mae_productos SET pro_estado=1 WHERE pro_codigo_plu=17664','',2,'2013-06-11'),(24747,'DELETE FROM mae_impuestos_productos WHERE pro_codigo_plu=@@@17664@@@','',2,'2013-06-11'),(24748,'INSERT INTO gne_vale_ferreteria (vfe_id,vfe_fecha,vfe_total,vfe_estado,vfe_entregado,usu_nusuario) VALUES (2145,@@@2013.06.11@@@,150,1,0,@@@b_SAEZ@@@)','',2,'2013-06-11'),(24749,'INSERT INTO gne_vale_ferreteria_mov (vfe_id,pro_codigo_plu,vfm_cantidad,vfm_unitario,vfm_total,vfm_entregado) VALUES (2145,764234,1,150,150,@@@NO@@@)','',2,'2013-06-11'),(24750,'INSERT INTO gne_vale_ferreteria (vfe_id,vfe_fecha,vfe_total,vfe_estado,vfe_entregado,usu_nusuario) VALUES (2146,@@@2013.06.11@@@,640,1,0,@@@b_SAEZ@@@)','',2,'2013-06-11'),(24751,'INSERT INTO gne_vale_ferreteria_mov (vfe_id,pro_codigo_plu,vfm_cantidad,vfm_unitario,vfm_total,vfm_entregado) VALUES (2146,764778,1,290,290,@@@NO@@@)','',2,'2013-06-11'),(24752,'INSERT INTO gne_vale_ferreteria_mov (vfe_id,pro_codigo_plu,vfm_cantidad,vfm_unitario,vfm_total,vfm_entregado) VALUES (2146,8021,1,150,150,@@@NO@@@)','',2,'2013-06-11'),(24753,'INSERT INTO gne_vale_ferreteria_mov (vfe_id,pro_codigo_plu,vfm_cantidad,vfm_unitario,vfm_total,vfm_entregado) VALUES (2146,1542,2,100,200,@@@NO@@@)','',2,'2013-06-11'),(24754,'UPDATE mae_productos SET pro_precio_compra_bruto=90,pro_margen_actual=(pro_precio_venta-90)/90 * 100,pro_ultima_compra=@@@2013.06.11@@@,pro_ultimo_proveedor=@@@76027786-K@@@ WHERE pro_codigo_plu=1011','',2,'2013-06-11'),(24755,'UPDATE mae_productos SET pro_precio_compra_bruto=90,pro_margen_actual=(pro_precio_venta-90)/90 * 100,pro_ultima_compra=@@@2013.06.11@@@,pro_ultimo_proveedor=@@@76027786-K@@@ WHERE pro_codigo_plu=1012','',2,'2013-06-11'),(24756,'INSERT INTO gne_vale_ferreteria (vfe_id,vfe_fecha,vfe_total,vfe_estado,vfe_entregado,usu_nusuario) VALUES (2147,@@@2013.06.11@@@,2840,1,0,@@@b_SAEZ@@@)','',2,'2013-06-11'),(24757,'INSERT INTO gne_vale_ferreteria_mov (vfe_id,pro_codigo_plu,vfm_cantidad,vfm_unitario,vfm_total,vfm_entregado) VALUES (2147,262227,1,450,450,@@@NO@@@)','',2,'2013-06-11'),(24758,'INSERT INTO gne_vale_ferreteria_mov (vfe_id,pro_codigo_plu,vfm_cantidad,vfm_unitario,vfm_total,vfm_entregado) VALUES (2147,20400,1,2390,2390,@@@NO@@@)','',2,'2013-06-11'),(24759,'INSERT INTO gne_vale_ferreteria (vfe_id,vfe_fecha,vfe_total,vfe_estado,vfe_entregado,usu_nusuario) VALUES (2148,@@@2013.06.11@@@,1190,1,0,@@@b_SAEZ@@@)','',2,'2013-06-11'),(24760,'INSERT INTO gne_vale_ferreteria_mov (vfe_id,pro_codigo_plu,vfm_cantidad,vfm_unitario,vfm_total,vfm_entregado) VALUES (2148,765027,1,1190,1190,@@@NO@@@)','',2,'2013-06-11'),(24761,'INSERT INTO gne_vale_ferreteria (vfe_id,vfe_fecha,vfe_total,vfe_estado,vfe_entregado,usu_nusuario) VALUES (2149,@@@2013.06.11@@@,200,1,0,@@@b_SAEZ@@@)','',2,'2013-06-11'),(24762,'INSERT INTO gne_vale_ferreteria_mov (vfe_id,pro_codigo_plu,vfm_cantidad,vfm_unitario,vfm_total,vfm_entregado) VALUES (2149,7052,1,200,200,@@@NO@@@)','',2,'2013-06-11'),(24763,'UPDATE mae_productos SET pro_codigo_barra=@@@7802134000504@@@,pro_tipo=@@@0@@@,pro_nombre_producto=@@@AGUARDIENTE PIRQUE 920CC@@@,pro_nombre_corto=@@@AGUARDIENTE PIRQ@@@,med_id=@@@3@@@,emb_id=@@@4@@@,pro_unidades_embalaje=@@@1@@@,dep_id=@@@5 @@@,lin_id=@@@57@@@,mar_id=@@@631@@@,pro_precio_compra_neto=@@@0@@@,pro_precio_compra_bruto=@@@0@@@,pro_precio_venta=@@@1@@@,pro_margen_actual=@@@0@@@,pro_oferta=@@@NO@@@,pro_fecha_inicio_oferta=@@@1900.01.01@@@,pro_fecha_termino_oferta=@@@1900.01.01@@@,pro_precio_oferta=@@@0@@@,pro_stock_minimo=@@@0@@@,pro_stock_critico=@@@0@@@,pro_activo=@@@0@@@,pro_unidad=@@@0@@@,pro_precio_compra_bruto=0,pro_margen_actual=0,pro_capacidad=0.92,pro_funcion_plu=0,pro_flejes=1,pro_iva=1,pro_plu_asociado=0,pro_envase=@@@NO@@@,pro_duracion=0,pro_numero_etiqueta=0 WHERE pro_codigo_plu=@@@17577@@@','',2,'2013-06-11'),(24764,'UPDATE mae_productos SET pro_estado=1 WHERE pro_codigo_plu=17577','',2,'2013-06-11'),(24765,'DELETE FROM mae_impuestos_productos WHERE pro_codigo_plu=@@@17577@@@','',2,'2013-06-11'),(24766,'UPDATE mae_productos SET pro_codigo_barra=@@@7804327000018@@@,pro_tipo=@@@0@@@,pro_nombre_producto=@@@AGUARDIENTE RIO NALON 50 GRS@@@,pro_nombre_corto=@@@AGUARDIENTE RIO@@@,med_id=@@@6@@@,emb_id=@@@4@@@,pro_unidades_embalaje=@@@12@@@,dep_id=@@@5 @@@,lin_id=@@@57@@@,mar_id=@@@2206@@@,pro_precio_compra_neto=@@@0@@@,pro_precio_compra_bruto=@@@0@@@,pro_precio_venta=@@@1@@@,pro_margen_actual=@@@0@@@,pro_oferta=@@@NO@@@,pro_fecha_inicio_oferta=@@@2006.09.07@@@,pro_fecha_termino_oferta=@@@2006.09.07@@@,pro_precio_oferta=@@@0@@@,pro_stock_minimo=@@@1@@@,pro_stock_critico=@@@1@@@,pro_activo=@@@0@@@,pro_unidad=@@@0@@@,pro_precio_compra_bruto=0,pro_margen_actual=0,pro_capacidad=645,pro_funcion_plu=0,pro_flejes=1,pro_iva=1,pro_plu_asociado=0,pro_envase=@@@NO@@@,pro_duracion=0,pro_numero_etiqueta=0 WHERE pro_codigo_plu=@@@763168@@@','',2,'2013-06-11'),(24767,'UPDATE mae_productos SET pro_estado=1 WHERE pro_codigo_plu=763168','',2,'2013-06-11'),(24768,'DELETE FROM mae_impuestos_productos WHERE pro_codigo_plu=@@@763168@@@','',2,'2013-06-11'),(24769,'INSERT INTO mae_productos (pro_codigo_plu,pro_codigo_barra,pro_tipo,pro_nombre_producto,pro_nombre_corto,med_id,emb_id,pro_unidades_embalaje,dep_id,lin_id,mar_id,pro_precio_compra_neto,pro_precio_compra_bruto,pro_precio_venta,pro_margen_actual,pro_oferta,pro_fecha_inicio_oferta,pro_fecha_termino_oferta,pro_precio_oferta,pro_stock_minimo,pro_stock_critico,pro_entradas_bodega,pro_salidas_bodega,pro_mermas_bodega,pro_ajustes_bodega,pro_entradas_sv,pro_salidas_sv,pro_mermas_sv,pro_ajustes_sv,pro_activo,rec_numero,pro_unidad,pro_capacidad,pro_consumo_bodega,pro_consumo_sv,pro_estado,pro_funcion_plu,pro_flejes,pro_iva,pro_plu_asociado,pro_envase,pro_duracion,pro_numero_etiqueta) VALUES (780721068,@@@7804308000044@@@,@@@0@@@,@@@LOMAS DE CAUQUENES 1.5 L@@@,@@@LOMAS DE CAUQUEN@@@,@@@3 @@@,@@@9 @@@,@@@6@@@,@@@6 @@@,@@@60@@@,@@@2532@@@,@@@0@@@,@@@0@@@,@@@1790@@@,@@@0@@@,@@@@@@,@@@2013.06.11@@@,@@@2013.06.11@@@,@@@0@@@,@@@0@@@,@@@0@@@,@@@0@@@,@@@0@@@,@@@0@@@,@@@0@@@,@@@0@@@,@@@0@@@,@@@0@@@,@@@0@@@,@@@1@@@,@@@0@@@,0,1.5,0,0,2,0,1,1,0,@@@NO@@@,0,0)','',2,'2013-06-11'),(24770,'DELETE FROM mae_impuestos_productos WHERE pro_codigo_plu=@@@780721068@@@','',2,'2013-06-11'),(24771,'UPDATE mae_productos SET pro_precio_fiscal=pro_precio_venta WHERE pro_codigo_plu=17664','',2,'2013-06-11'),(24772,'UPDATE mae_productos SET pro_precio_fiscal=pro_precio_venta WHERE pro_codigo_plu=17577','',2,'2013-06-11'),(24773,'UPDATE mae_productos SET pro_precio_fiscal=pro_precio_venta WHERE pro_codigo_plu=780721068','',2,'2013-06-11'),(24774,'UPDATE mae_productos SET pro_precio_fiscal=pro_precio_venta WHERE pro_codigo_plu=763168','',2,'2013-06-11'),(24775,'INSERT INTO mae_productos (pro_codigo_plu,pro_codigo_barra,pro_tipo,pro_nombre_producto,pro_nombre_corto,med_id,emb_id,pro_unidades_embalaje,dep_id,lin_id,mar_id,pro_precio_compra_neto,pro_precio_compra_bruto,pro_precio_venta,pro_margen_actual,pro_oferta,pro_fecha_inicio_oferta,pro_fecha_termino_oferta,pro_precio_oferta,pro_stock_minimo,pro_stock_critico,pro_entradas_bodega,pro_salidas_bodega,pro_mermas_bodega,pro_ajustes_bodega,pro_entradas_sv,pro_salidas_sv,pro_mermas_sv,pro_ajustes_sv,pro_activo,rec_numero,pro_unidad,pro_capacidad,pro_consumo_bodega,pro_consumo_sv,pro_estado,pro_funcion_plu,pro_flejes,pro_iva,pro_plu_asociado,pro_envase,pro_duracion,pro_numero_etiqueta) VALUES (780721069,@@@7802200009028@@@,@@@0@@@,@@@TRES NEGRITOS AMBROSOLI@@@,@@@TRES NEGRITOS AM@@@,@@@1 @@@,@@@3 @@@,@@@0@@@,@@@32 @@@,@@@161@@@,@@@917@@@,@@@0@@@,@@@0@@@,@@@100@@@,@@@0@@@,@@@@@@,@@@2006.09.07@@@,@@@2006.09.07@@@,@@@0@@@,@@@0@@@,@@@0@@@,@@@0@@@,@@@0@@@,@@@0@@@,@@@0@@@,@@@0@@@,@@@0@@@,@@@0@@@,@@@0@@@,@@@1@@@,@@@0@@@,0,3,0,0,2,0,1,1,0,@@@NO@@@,0,0)','',2,'2013-06-11'),(24776,'DELETE FROM mae_impuestos_productos WHERE pro_codigo_plu=@@@780721069@@@','',2,'2013-06-11'),(24777,'UPDATE mae_productos SET pro_codigo_barra=@@@7804308000044@@@,pro_tipo=@@@0@@@,pro_nombre_producto=@@@LOMAS DE CAUQUENES TINTO 1.5 L@@@,pro_nombre_corto=@@@LOMAS DE CAUQUEN@@@,med_id=@@@3@@@,emb_id=@@@9@@@,pro_unidades_embalaje=@@@6@@@,dep_id=@@@6 @@@,lin_id=@@@60@@@,mar_id=@@@2532@@@,pro_precio_compra_neto=@@@0@@@,pro_precio_compra_bruto=@@@0@@@,pro_precio_venta=@@@1790@@@,pro_margen_actual=@@@0@@@,pro_oferta=@@@NO@@@,pro_fecha_inicio_oferta=@@@2013.06.11@@@,pro_fecha_termino_oferta=@@@2013.06.11@@@,pro_precio_oferta=@@@0@@@,pro_stock_minimo=@@@0@@@,pro_stock_critico=@@@0@@@,pro_activo=@@@1@@@,pro_unidad=@@@0@@@,pro_precio_compra_bruto=0,pro_margen_actual=0,pro_capacidad=1.5,pro_funcion_plu=0,pro_flejes=1,pro_iva=1,pro_plu_asociado=0,pro_envase=@@@NO@@@,pro_duracion=0,pro_numero_etiqueta=0 WHERE pro_codigo_plu=@@@780721068@@@','',2,'2013-06-11'),(24778,'UPDATE mae_productos SET pro_estado=1 WHERE pro_codigo_plu=780721068','',2,'2013-06-11'),(24779,'DELETE FROM mae_impuestos_productos WHERE pro_codigo_plu=@@@780721068@@@','',2,'2013-06-11'),(24780,'INSERT INTO mae_productos (pro_codigo_plu,pro_codigo_barra,pro_tipo,pro_nombre_producto,pro_nombre_corto,med_id,emb_id,pro_unidades_embalaje,dep_id,lin_id,mar_id,pro_precio_compra_neto,pro_precio_compra_bruto,pro_precio_venta,pro_margen_actual,pro_oferta,pro_fecha_inicio_oferta,pro_fecha_termino_oferta,pro_precio_oferta,pro_stock_minimo,pro_stock_critico,pro_entradas_bodega,pro_salidas_bodega,pro_mermas_bodega,pro_ajustes_bodega,pro_entradas_sv,pro_salidas_sv,pro_mermas_sv,pro_ajustes_sv,pro_activo,rec_numero,pro_unidad,pro_capacidad,pro_consumo_bodega,pro_consumo_sv,pro_estado,pro_funcion_plu,pro_flejes,pro_iva,pro_plu_asociado,pro_envase,pro_duracion,pro_numero_etiqueta) VALUES (780721070,@@@7804308225300@@@,@@@0@@@,@@@LOMAS DE CAUQUENES CABERNET 750 ML@@@,@@@LOMAS DE CAUQUEN@@@,@@@7 @@@,@@@9 @@@,@@@6@@@,@@@6 @@@,@@@60@@@,@@@2532@@@,@@@0@@@,@@@0@@@,@@@1890@@@,@@@0@@@,@@@@@@,@@@2013.06.11@@@,@@@2013.06.11@@@,@@@0@@@,@@@0@@@,@@@0@@@,@@@0@@@,@@@0@@@,@@@0@@@,@@@0@@@,@@@0@@@,@@@0@@@,@@@0@@@,@@@0@@@,@@@1@@@,@@@0@@@,0,750,0,0,2,0,1,1,0,@@@NO@@@,0,0)','',2,'2013-06-11'),(24781,'DELETE FROM mae_impuestos_productos WHERE pro_codigo_plu=@@@780721070@@@','',2,'2013-06-11'),(24782,'UPDATE mae_productos SET pro_precio_fiscal=pro_precio_venta WHERE pro_codigo_plu=780721069','',2,'2013-06-11'),(24783,'UPDATE mae_productos SET pro_precio_fiscal=pro_precio_venta WHERE pro_codigo_plu=780721070','',2,'2013-06-11'),(24784,'UPDATE mae_productos SET pro_margen_actual=0,pro_precio_venta=1790 WHERE pro_codigo_plu=780721068','',2,'2013-06-11'),(24785,'UPDATE mae_productos SET pro_margen_actual=0,pro_precio_venta=449 WHERE pro_codigo_plu=572','',2,'2013-06-11'),(24786,'UPDATE mae_productos SET pro_precio_fiscal=pro_precio_venta WHERE pro_codigo_plu=572','',2,'2013-06-11'),(24787,'UPDATE mae_productos SET pro_precio_compra_bruto=4192,pro_margen_actual=(pro_precio_venta-4192)/4192 * 100,pro_ultima_compra=@@@2013.06.11@@@,pro_ultimo_proveedor=@@@76100253-8@@@ WHERE pro_codigo_plu=764413','',2,'2013-06-11'),(24788,'UPDATE mae_productos SET pro_precio_compra_bruto=7860,pro_margen_actual=(pro_precio_venta-7860)/7860 * 100,pro_ultima_compra=@@@2013.06.11@@@,pro_ultimo_proveedor=@@@76100253-8@@@ WHERE pro_codigo_plu=764415','',2,'2013-06-11'),(24789,'UPDATE mae_productos SET pro_precio_compra_bruto=1441,pro_margen_actual=(pro_precio_venta-1441)/1441 * 100,pro_ultima_compra=@@@2013.06.11@@@,pro_ultimo_proveedor=@@@76100253-8@@@ WHERE pro_codigo_plu=764419','',2,'2013-06-11'),(24790,'UPDATE mae_productos SET pro_precio_compra_bruto=2162,pro_margen_actual=(pro_precio_venta-2162)/2162 * 100,pro_ultima_compra=@@@2013.06.11@@@,pro_ultimo_proveedor=@@@76100253-8@@@ WHERE pro_codigo_plu=764418','',2,'2013-06-11'),(24791,'UPDATE mae_productos SET pro_precio_compra_bruto=1050,pro_margen_actual=(pro_precio_venta-1050)/1050 * 100,pro_ultima_compra=@@@2013.05.24@@@,pro_ultimo_proveedor=@@@81788500-4@@@ WHERE pro_codigo_plu=11557','',2,'2013-06-11'),(24792,'UPDATE mae_productos SET pro_precio_compra_bruto=661,pro_margen_actual=(pro_precio_venta-661)/661 * 100,pro_ultima_compra=@@@2013.05.24@@@,pro_ultimo_proveedor=@@@81788500-4@@@ WHERE pro_codigo_plu=11555','',2,'2013-06-11'),(24793,'UPDATE mae_productos SET pro_precio_compra_bruto=1181,pro_margen_actual=(pro_precio_venta-1181)/1181 * 100,pro_ultima_compra=@@@2013.05.24@@@,pro_ultimo_proveedor=@@@81788500-4@@@ WHERE pro_codigo_plu=16322','',2,'2013-06-11'),(24794,'UPDATE mae_productos SET pro_precio_compra_bruto=499,pro_margen_actual=(pro_precio_venta-499)/499 * 100,pro_ultima_compra=@@@2013.05.24@@@,pro_ultimo_proveedor=@@@81788500-4@@@ WHERE pro_codigo_plu=18182','',2,'2013-06-11'),(24795,'UPDATE mae_productos SET pro_precio_compra_bruto=499,pro_margen_actual=(pro_precio_venta-499)/499 * 100,pro_ultima_compra=@@@2013.05.24@@@,pro_ultimo_proveedor=@@@81788500-4@@@ WHERE pro_codigo_plu=18211','',2,'2013-06-11'),(24796,'UPDATE mae_productos SET pro_precio_compra_bruto=499,pro_margen_actual=(pro_precio_venta-499)/499 * 100,pro_ultima_compra=@@@2013.05.24@@@,pro_ultimo_proveedor=@@@81788500-4@@@ WHERE pro_codigo_plu=18205','',2,'2013-06-11'),(24797,'UPDATE mae_productos SET pro_precio_compra_bruto=499,pro_margen_actual=(pro_precio_venta-499)/499 * 100,pro_ultima_compra=@@@2013.05.24@@@,pro_ultimo_proveedor=@@@81788500-4@@@ WHERE pro_codigo_plu=18192','',2,'2013-06-11'),(24798,'UPDATE mae_productos SET pro_precio_compra_bruto=959,pro_margen_actual=(pro_precio_venta-959)/959 * 100,pro_ultima_compra=@@@2013.05.24@@@,pro_ultimo_proveedor=@@@81788500-4@@@ WHERE pro_codigo_plu=10013','',2,'2013-06-11'),(24799,'UPDATE mae_productos SET pro_precio_compra_bruto=730,pro_margen_actual=(pro_precio_venta-730)/730 * 100,pro_ultima_compra=@@@2013.05.24@@@,pro_ultimo_proveedor=@@@81788500-4@@@ WHERE pro_codigo_plu=16168','',2,'2013-06-11'),(24800,'UPDATE mae_productos SET pro_precio_compra_bruto=1214,pro_margen_actual=(pro_precio_venta-1214)/1214 * 100,pro_ultima_compra=@@@2013.05.24@@@,pro_ultimo_proveedor=@@@81788500-4@@@ WHERE pro_codigo_plu=10047','',2,'2013-06-11'),(24801,'UPDATE mae_productos SET pro_precio_compra_bruto=710,pro_margen_actual=(pro_precio_venta-710)/710 * 100,pro_ultima_compra=@@@2013.05.24@@@,pro_ultimo_proveedor=@@@81788500-4@@@ WHERE pro_codigo_plu=10046','',2,'2013-06-11'),(24802,'UPDATE mae_productos SET pro_precio_compra_bruto=599,pro_margen_actual=(pro_precio_venta-599)/599 * 100,pro_ultima_compra=@@@2013.05.24@@@,pro_ultimo_proveedor=@@@81788500-4@@@ WHERE pro_codigo_plu=16205','',2,'2013-06-11'),(24803,'UPDATE mae_productos SET pro_precio_compra_bruto=567,pro_margen_actual=(pro_precio_venta-567)/567 * 100,pro_ultima_compra=@@@2013.05.24@@@,pro_ultimo_proveedor=@@@81788500-4@@@ WHERE pro_codigo_plu=78017211','',2,'2013-06-11'),(24804,'UPDATE mae_productos SET pro_precio_compra_bruto=176,pro_margen_actual=(pro_precio_venta-176)/176 * 100,pro_ultima_compra=@@@2013.05.24@@@,pro_ultimo_proveedor=@@@81788500-4@@@ WHERE pro_codigo_plu=16342','',2,'2013-06-11'),(24805,'UPDATE mae_productos SET pro_precio_compra_bruto=1079,pro_margen_actual=(pro_precio_venta-1079)/1079 * 100,pro_ultima_compra=@@@2013.05.24@@@,pro_ultimo_proveedor=@@@81788500-4@@@ WHERE pro_codigo_plu=16305','',2,'2013-06-11'),(24806,'UPDATE mae_productos SET pro_precio_compra_bruto=209,pro_margen_actual=(pro_precio_venta-209)/209 * 100,pro_ultima_compra=@@@2013.05.24@@@,pro_ultimo_proveedor=@@@81788500-4@@@ WHERE pro_codigo_plu=16304','',2,'2013-06-11'),(24807,'UPDATE mae_productos SET pro_precio_compra_bruto=416,pro_margen_actual=(pro_precio_venta-416)/416 * 100,pro_ultima_compra=@@@2013.05.24@@@,pro_ultimo_proveedor=@@@81788500-4@@@ WHERE pro_codigo_plu=18539','',2,'2013-06-11'),(24808,'UPDATE mae_productos SET pro_precio_compra_bruto=209,pro_margen_actual=(pro_precio_venta-209)/209 * 100,pro_ultima_compra=@@@2013.05.24@@@,pro_ultimo_proveedor=@@@81788500-4@@@ WHERE pro_codigo_plu=16441','',2,'2013-06-11'),(24809,'UPDATE mae_productos SET pro_precio_compra_bruto=661,pro_margen_actual=(pro_precio_venta-661)/661 * 100,pro_ultima_compra=@@@2013.05.24@@@,pro_ultimo_proveedor=@@@81788500-4@@@ WHERE pro_codigo_plu=12442','',2,'2013-06-11'),(24810,'UPDATE mae_productos SET pro_precio_compra_bruto=661,pro_margen_actual=(pro_precio_venta-661)/661 * 100,pro_ultima_compra=@@@2013.05.24@@@,pro_ultimo_proveedor=@@@81788500-4@@@ WHERE pro_codigo_plu=12442','',2,'2013-06-11'),(24811,'UPDATE mae_productos SET pro_precio_compra_bruto=977,pro_margen_actual=(pro_precio_venta-977)/977 * 100,pro_ultima_compra=@@@2013.05.24@@@,pro_ultimo_proveedor=@@@81788500-4@@@ WHERE pro_codigo_plu=12443','',2,'2013-06-11'),(24812,'UPDATE mae_productos SET pro_precio_compra_bruto=1070,pro_margen_actual=(pro_precio_venta-1070)/1070 * 100,pro_ultima_compra=@@@2013.05.24@@@,pro_ultimo_proveedor=@@@81788500-4@@@ WHERE pro_codigo_plu=18605','',2,'2013-06-11'),(24813,'UPDATE mae_productos SET pro_precio_compra_bruto=674,pro_margen_actual=(pro_precio_venta-674)/674 * 100,pro_ultima_compra=@@@2013.05.24@@@,pro_ultimo_proveedor=@@@81788500-4@@@ WHERE pro_codigo_plu=10742','',2,'2013-06-11'),(24814,'UPDATE mae_productos SET pro_precio_compra_bruto=506,pro_margen_actual=(pro_precio_venta-506)/506 * 100,pro_ultima_compra=@@@2013.05.24@@@,pro_ultimo_proveedor=@@@81788500-4@@@ WHERE pro_codigo_plu=11216','',2,'2013-06-11'),(24815,'UPDATE mae_productos SET pro_precio_compra_bruto=674,pro_margen_actual=(pro_precio_venta-674)/674 * 100,pro_ultima_compra=@@@2013.05.24@@@,pro_ultimo_proveedor=@@@81788500-4@@@ WHERE pro_codigo_plu=10742','',2,'2013-06-11'),(24816,'UPDATE mae_productos SET pro_precio_compra_bruto=827,pro_margen_actual=(pro_precio_venta-827)/827 * 100,pro_ultima_compra=@@@2013.05.24@@@,pro_ultimo_proveedor=@@@81788500-4@@@ WHERE pro_codigo_plu=10290','',2,'2013-06-11'),(24817,'UPDATE mae_productos SET pro_precio_compra_bruto=463,pro_margen_actual=(pro_precio_venta-463)/463 * 100,pro_ultima_compra=@@@2013.05.24@@@,pro_ultimo_proveedor=@@@81788500-4@@@ WHERE pro_codigo_plu=10344','',2,'2013-06-11'),(24818,'UPDATE mae_productos SET pro_precio_compra_bruto=463,pro_margen_actual=(pro_precio_venta-463)/463 * 100,pro_ultima_compra=@@@2013.05.24@@@,pro_ultimo_proveedor=@@@81788500-4@@@ WHERE pro_codigo_plu=10377','',2,'2013-06-11'),(24819,'UPDATE mae_productos SET pro_precio_compra_bruto=463,pro_margen_actual=(pro_precio_venta-463)/463 * 100,pro_ultima_compra=@@@2013.05.24@@@,pro_ultimo_proveedor=@@@81788500-4@@@ WHERE pro_codigo_plu=10346','',2,'2013-06-11'),(24820,'INSERT INTO mae_productos (pro_codigo_plu,pro_codigo_barra,pro_tipo,pro_nombre_producto,pro_nombre_corto,med_id,emb_id,pro_unidades_embalaje,dep_id,lin_id,mar_id,pro_precio_compra_neto,pro_precio_compra_bruto,pro_precio_venta,pro_margen_actual,pro_oferta,pro_fecha_inicio_oferta,pro_fecha_termino_oferta,pro_precio_oferta,pro_stock_minimo,pro_stock_critico,pro_entradas_bodega,pro_salidas_bodega,pro_mermas_bodega,pro_ajustes_bodega,pro_entradas_sv,pro_salidas_sv,pro_mermas_sv,pro_ajustes_sv,pro_activo,rec_numero,pro_unidad,pro_capacidad,pro_consumo_bodega,pro_consumo_sv,pro_estado,pro_funcion_plu,pro_flejes,pro_iva,pro_plu_asociado,pro_envase,pro_duracion,pro_numero_etiqueta) VALUES (780721071,@@@7802575222350@@@,@@@0@@@,@@@SPRIM NARANJAS DEL MUNDO@@@,@@@SPRIM NARANJAS D@@@,@@@5 @@@,@@@3 @@@,@@@0@@@,@@@8 @@@,@@@64@@@,@@@1997@@@,@@@0@@@,@@@0@@@,@@@150@@@,@@@0@@@,@@@@@@,@@@2006.09.07@@@,@@@2006.09.07@@@,@@@0@@@,@@@0@@@,@@@0@@@,@@@0@@@,@@@0@@@,@@@0@@@,@@@0@@@,@@@0@@@,@@@0@@@,@@@0@@@,@@@0@@@,@@@1@@@,@@@0@@@,0,45,0,0,2,0,1,1,0,@@@NO@@@,0,0)','',2,'2013-06-11'),(24821,'DELETE FROM mae_impuestos_productos WHERE pro_codigo_plu=@@@780721071@@@','',2,'2013-06-11'),(24822,'INSERT INTO mae_productos (pro_codigo_plu,pro_codigo_barra,pro_tipo,pro_nombre_producto,pro_nombre_corto,med_id,emb_id,pro_unidades_embalaje,dep_id,lin_id,mar_id,pro_precio_compra_neto,pro_precio_compra_bruto,pro_precio_venta,pro_margen_actual,pro_oferta,pro_fecha_inicio_oferta,pro_fecha_termino_oferta,pro_precio_oferta,pro_stock_minimo,pro_stock_critico,pro_entradas_bodega,pro_salidas_bodega,pro_mermas_bodega,pro_ajustes_bodega,pro_entradas_sv,pro_salidas_sv,pro_mermas_sv,pro_ajustes_sv,pro_activo,rec_numero,pro_unidad,pro_capacidad,pro_consumo_bodega,pro_consumo_sv,pro_estado,pro_funcion_plu,pro_flejes,pro_iva,pro_plu_asociado,pro_envase,pro_duracion,pro_numero_etiqueta) VALUES (780721072,@@@7802575222343@@@,@@@0@@@,@@@SPRIM NARANJAS DEL MUNDO  NARANJA SILICONA@@@,@@@SPRIM NARANJADEL@@@,@@@5 @@@,@@@3 @@@,@@@0@@@,@@@8 @@@,@@@64@@@,@@@1997@@@,@@@0@@@,@@@0@@@,@@@150@@@,@@@0@@@,@@@@@@,@@@2006.09.07@@@,@@@2006.09.07@@@,@@@0@@@,@@@0@@@,@@@0@@@,@@@0@@@,@@@0@@@,@@@0@@@,@@@0@@@,@@@0@@@,@@@0@@@,@@@0@@@,@@@0@@@,@@@1@@@,@@@0@@@,0,45,0,0,2,0,1,1,0,@@@NO@@@,0,0)','',2,'2013-06-11'),(24823,'DELETE FROM mae_impuestos_productos WHERE pro_codigo_plu=@@@780721072@@@','',2,'2013-06-11'),(24824,'INSERT INTO mae_productos (pro_codigo_plu,pro_codigo_barra,pro_tipo,pro_nombre_producto,pro_nombre_corto,med_id,emb_id,pro_unidades_embalaje,dep_id,lin_id,mar_id,pro_precio_compra_neto,pro_precio_compra_bruto,pro_precio_venta,pro_margen_actual,pro_oferta,pro_fecha_inicio_oferta,pro_fecha_termino_oferta,pro_precio_oferta,pro_stock_minimo,pro_stock_critico,pro_entradas_bodega,pro_salidas_bodega,pro_mermas_bodega,pro_ajustes_bodega,pro_entradas_sv,pro_salidas_sv,pro_mermas_sv,pro_ajustes_sv,pro_activo,rec_numero,pro_unidad,pro_capacidad,pro_consumo_bodega,pro_consumo_sv,pro_estado,pro_funcion_plu,pro_flejes,pro_iva,pro_plu_asociado,pro_envase,pro_duracion,pro_numero_etiqueta) VALUES (3505,@@@3505@@@,@@@0@@@,@@@CAREZZA BOMBOM CHOCOLATE@@@,@@@CAREZZA BOMBOM C@@@,@@@1 @@@,@@@3 @@@,@@@0@@@,@@@32 @@@,@@@161@@@,@@@1694@@@,@@@0@@@,@@@0@@@,@@@70@@@,@@@0@@@,@@@@@@,@@@2006.09.07@@@,@@@2006.09.07@@@,@@@0@@@,@@@0@@@,@@@0@@@,@@@0@@@,@@@0@@@,@@@0@@@,@@@0@@@,@@@0@@@,@@@0@@@,@@@0@@@,@@@0@@@,@@@1@@@,@@@0@@@,0,1,0,0,2,0,1,1,0,@@@NO@@@,0,0)','',2,'2013-06-11'),(24825,'DELETE FROM mae_impuestos_productos WHERE pro_codigo_plu=@@@3505@@@','',2,'2013-06-11'),(24826,'UPDATE mae_productos SET pro_precio_venta=1290,pro_margen_actual=33.26, pro_precio_compra_bruto=968, pro_precio_compra_neto=813.445378151261 WHERE pro_codigo_plu=12652','',2,'2013-06-11'),(24827,'UPDATE mae_productos SET pro_precio_venta=2100,pro_margen_actual=32.08, pro_precio_compra_bruto=1590, pro_precio_compra_neto=1336.13445378151 WHERE pro_codigo_plu=12557','',2,'2013-06-11'),(24828,'UPDATE mae_productos SET pro_precio_venta=340,pro_margen_actual=33.12, pro_precio_compra_bruto=255.4, pro_precio_compra_neto=214.621848739496 WHERE pro_codigo_plu=10980','',2,'2013-06-11'),(24829,'UPDATE mae_productos SET pro_precio_venta=1290,pro_margen_actual=69.74, pro_precio_compra_bruto=760, pro_precio_compra_neto=638.655462184874 WHERE pro_codigo_plu=13638','',2,'2013-06-11'),(24830,'UPDATE mae_productos SET pro_precio_venta=520,pro_margen_actual=29.84, pro_precio_compra_bruto=400.5, pro_precio_compra_neto=336.554621848739 WHERE pro_codigo_plu=12300','',2,'2013-06-11'),(24831,'UPDATE mae_productos SET pro_precio_venta=650,pro_margen_actual=30.03, pro_precio_compra_bruto=499.9, pro_precio_compra_neto=420.084033613445 WHERE pro_codigo_plu=12373','',2,'2013-06-11'),(24832,'UPDATE mae_productos SET pro_precio_venta=330,pro_margen_actual=30.49, pro_precio_compra_bruto=252.9, pro_precio_compra_neto=212.521008403361 WHERE pro_codigo_plu=763297','',2,'2013-06-11'),(24833,'UPDATE mae_productos SET pro_precio_venta=330,pro_margen_actual=30.49, pro_precio_compra_bruto=252.9, pro_precio_compra_neto=212.521008403361 WHERE pro_codigo_plu=78017199','',2,'2013-06-11'),(24834,'UPDATE mae_productos SET pro_precio_venta=620,pro_margen_actual=32.79, pro_precio_compra_bruto=466.9, pro_precio_compra_neto=392.352941176471 WHERE pro_codigo_plu=763427','',2,'2013-06-11'),(24835,'UPDATE mae_productos SET pro_precio_venta=620,pro_margen_actual=32.79, pro_precio_compra_bruto=466.9, pro_precio_compra_neto=392.352941176471 WHERE pro_codigo_plu=780220089','',2,'2013-06-11'),(24836,'UPDATE mae_productos SET pro_precio_venta=1150,pro_margen_actual=31.79, pro_precio_compra_bruto=872.6, pro_precio_compra_neto=733.27731092437 WHERE pro_codigo_plu=764873','',2,'2013-06-11'),(24837,'UPDATE mae_productos SET pro_precio_venta=1250,pro_margen_actual=31.86, pro_precio_compra_bruto=948, pro_precio_compra_neto=796.638655462185 WHERE pro_codigo_plu=102270','',2,'2013-06-11'),(24838,'UPDATE mae_productos SET pro_precio_venta=1100,pro_margen_actual=34.15, pro_precio_compra_bruto=820, pro_precio_compra_neto=689.075630252101 WHERE pro_codigo_plu=10099','',2,'2013-06-11'),(24839,'UPDATE mae_productos SET pro_precio_venta=650,pro_margen_actual=30.26, pro_precio_compra_bruto=499, pro_precio_compra_neto=419.327731092437 WHERE pro_codigo_plu=10979','',2,'2013-06-11'),(24840,'UPDATE mae_productos SET pro_margen_actual=0,pro_precio_venta=70 WHERE pro_codigo_plu=3505','',2,'2013-06-11'),(24841,'UPDATE mae_productos SET pro_margen_actual=0,pro_precio_venta=150 WHERE pro_codigo_plu=780721071','',2,'2013-06-11'),(24842,'UPDATE mae_productos SET pro_margen_actual=0,pro_precio_venta=150 WHERE pro_codigo_plu=780721072','',2,'2013-06-11'),(24843,'UPDATE mae_productos SET pro_margen_actual=0,pro_precio_venta=320 WHERE pro_codigo_plu=11962','',2,'2013-06-11'),(24844,'UPDATE mae_productos SET pro_margen_actual=29.84,pro_precio_venta=520 WHERE pro_codigo_plu=12300','',2,'2013-06-11'),(24845,'UPDATE mae_productos SET pro_margen_actual=30.26,pro_precio_venta=650 WHERE pro_codigo_plu=10979','',2,'2013-06-11'),(24846,'UPDATE mae_productos SET pro_margen_actual=33.12,pro_precio_venta=340 WHERE pro_codigo_plu=10980','',2,'2013-06-11'),(24847,'UPDATE mae_productos SET pro_margen_actual=0,pro_precio_venta=450 WHERE pro_codigo_plu=11956','',2,'2013-06-11'),(24848,'UPDATE mae_productos SET pro_margen_actual=36.03,pro_precio_venta=680 WHERE pro_codigo_plu=12373','',2,'2013-06-11'),(24849,'UPDATE mae_productos SET pro_margen_actual=69.74,pro_precio_venta=1290 WHERE pro_codigo_plu=13638','',2,'2013-06-11'),(24850,'UPDATE mae_productos SET pro_margen_actual=0,pro_precio_venta=1250 WHERE pro_codigo_plu=762922','',2,'2013-06-11'),(24851,'UPDATE mae_productos SET pro_margen_actual=0,pro_precio_venta=150 WHERE pro_codigo_plu=780721071','',2,'2013-06-11'),(24852,'UPDATE mae_productos SET pro_margen_actual=0,pro_precio_venta=150 WHERE pro_codigo_plu=11272','',2,'2013-06-11'),(24853,'UPDATE mae_productos SET pro_margen_actual=0,pro_precio_venta=150 WHERE pro_codigo_plu=11275','',2,'2013-06-11'),(24854,'UPDATE mae_productos SET pro_margen_actual=0,pro_precio_venta=150 WHERE pro_codigo_plu=780721072','',2,'2013-06-11'),(24855,'UPDATE mae_productos SET pro_margen_actual=0,pro_precio_venta=150 WHERE pro_codigo_plu=11277','',2,'2013-06-11'),(24856,'UPDATE mae_productos SET pro_margen_actual=0,pro_precio_venta=150 WHERE pro_codigo_plu=763473','',2,'2013-06-11'),(24857,'UPDATE mae_productos SET pro_margen_actual=0,pro_precio_venta=450 WHERE pro_codigo_plu=9130','',2,'2013-06-11'),(24858,'UPDATE mae_productos SET pro_margen_actual=33.26,pro_precio_venta=1290 WHERE pro_codigo_plu=12652','',2,'2013-06-11'),(24859,'UPDATE mae_productos SET pro_margen_actual=32.08,pro_precio_venta=2100 WHERE pro_codigo_plu=12557','',2,'2013-06-11'),(24860,'UPDATE mae_productos SET pro_margen_actual=0,pro_precio_venta=120 WHERE pro_codigo_plu=762875','',2,'2013-06-11'),(24861,'UPDATE mae_productos SET pro_margen_actual=0,pro_precio_venta=120 WHERE pro_codigo_plu=763423','',2,'2013-06-11'),(24862,'UPDATE mae_productos SET pro_margen_actual=0,pro_precio_venta=120 WHERE pro_codigo_plu=762873','',2,'2013-06-11'),(24863,'UPDATE mae_productos SET pro_margen_actual=0,pro_precio_venta=150 WHERE pro_codigo_plu=11390','',2,'2013-06-11'),(24864,'UPDATE mae_productos SET pro_margen_actual=0,pro_precio_venta=150 WHERE pro_codigo_plu=11273','',2,'2013-06-11'),(24865,'UPDATE mae_productos SET pro_margen_actual=0,pro_precio_venta=150 WHERE pro_codigo_plu=761516','',2,'2013-06-11'),(24866,'UPDATE mae_productos SET pro_margen_actual=0,pro_precio_venta=150 WHERE pro_codigo_plu=11274','',2,'2013-06-11'),(24867,'UPDATE mae_productos SET pro_margen_actual=32.79,pro_precio_venta=620 WHERE pro_codigo_plu=780220089','',2,'2013-06-11'),(24868,'UPDATE mae_productos SET pro_margen_actual=30.49,pro_precio_venta=330 WHERE pro_codigo_plu=763297','',2,'2013-06-11'),(24869,'UPDATE mae_productos SET pro_margen_actual=30.49,pro_precio_venta=330 WHERE pro_codigo_plu=78017199','',2,'2013-06-11'),(24870,'UPDATE mae_productos SET pro_margen_actual=0,pro_precio_venta=120 WHERE pro_codigo_plu=762876','',2,'2013-06-11'),(24871,'UPDATE mae_productos SET pro_margen_actual=31.79,pro_precio_venta=1150 WHERE pro_codigo_plu=764873','',2,'2013-06-11'),(24872,'UPDATE mae_productos SET pro_margen_actual=0,pro_precio_venta=100 WHERE pro_codigo_plu=102011','',2,'2013-06-11'),(24873,'UPDATE mae_productos SET pro_margen_actual=32.79,pro_precio_venta=620 WHERE pro_codigo_plu=763427','',2,'2013-06-11'),(24874,'UPDATE mae_productos SET pro_margen_actual=0,pro_precio_venta=120 WHERE pro_codigo_plu=100327','',2,'2013-06-11'),(24875,'UPDATE mae_productos SET pro_margen_actual=0,pro_precio_venta=60 WHERE pro_codigo_plu=12778','',2,'2013-06-11'),(24876,'UPDATE mae_productos SET pro_margen_actual=0,pro_precio_venta=120 WHERE pro_codigo_plu=763497','',2,'2013-06-11'),(24877,'UPDATE mae_productos SET pro_margen_actual=34.15,pro_precio_venta=1100 WHERE pro_codigo_plu=10099','',2,'2013-06-11'),(24878,'UPDATE mae_productos SET pro_margen_actual=31.86,pro_precio_venta=1250 WHERE pro_codigo_plu=102270','',2,'2013-06-11'),(24879,'UPDATE mae_productos SET pro_margen_actual=0,pro_precio_venta=70 WHERE pro_codigo_plu=3502','',2,'2013-06-11'),(24880,'UPDATE mae_productos SET pro_margen_actual=0,pro_precio_venta=350 WHERE pro_codigo_plu=11942','',2,'2013-06-11'),(24881,'UPDATE mae_productos SET pro_precio_fiscal=pro_precio_venta WHERE pro_codigo_plu=3505','',2,'2013-06-11'),(24882,'UPDATE mae_productos SET pro_precio_fiscal=pro_precio_venta WHERE pro_codigo_plu=12652','',2,'2013-06-11'),(24883,'UPDATE mae_productos SET pro_precio_fiscal=pro_precio_venta WHERE pro_codigo_plu=102270','',2,'2013-06-11'),(24884,'UPDATE mae_productos SET pro_precio_fiscal=pro_precio_venta WHERE pro_codigo_plu=764873','',2,'2013-06-11'),(24885,'UPDATE mae_productos SET pro_precio_fiscal=pro_precio_venta WHERE pro_codigo_plu=763427','',2,'2013-06-11'),(24886,'UPDATE mae_productos SET pro_precio_fiscal=pro_precio_venta WHERE pro_codigo_plu=780220089','',2,'2013-06-11'),(24887,'UPDATE mae_productos SET pro_precio_fiscal=pro_precio_venta WHERE pro_codigo_plu=13638','',2,'2013-06-11'),(24888,'UPDATE mae_productos SET pro_precio_fiscal=pro_precio_venta WHERE pro_codigo_plu=12557','',2,'2013-06-11'),(24889,'UPDATE mae_productos SET pro_precio_fiscal=pro_precio_venta WHERE pro_codigo_plu=12300','',2,'2013-06-11'),(24890,'UPDATE mae_productos SET pro_precio_fiscal=pro_precio_venta WHERE pro_codigo_plu=78017199','',2,'2013-06-11'),(24891,'UPDATE mae_productos SET pro_precio_fiscal=pro_precio_venta WHERE pro_codigo_plu=763297','',2,'2013-06-11'),(24892,'UPDATE mae_productos SET pro_precio_fiscal=pro_precio_venta WHERE pro_codigo_plu=10979','',2,'2013-06-11'),(24893,'UPDATE mae_productos SET pro_precio_fiscal=pro_precio_venta WHERE pro_codigo_plu=10980','',2,'2013-06-11'),(24894,'UPDATE mae_productos SET pro_precio_fiscal=pro_precio_venta WHERE pro_codigo_plu=780721072','',2,'2013-06-11'),(24895,'UPDATE mae_productos SET pro_precio_fiscal=pro_precio_venta WHERE pro_codigo_plu=780721071','',2,'2013-06-11'),(24896,'UPDATE mae_productos SET pro_precio_fiscal=pro_precio_venta WHERE pro_codigo_plu=10099','',2,'2013-06-11'),(24897,'INSERT INTO gne_vale_ferreteria (vfe_id,vfe_fecha,vfe_total,vfe_estado,vfe_entregado,usu_nusuario) VALUES (2150,@@@2013.06.11@@@,980,1,0,@@@b_SAEZ@@@)','',2,'2013-06-11'),(24898,'INSERT INTO gne_vale_ferreteria_mov (vfe_id,pro_codigo_plu,vfm_cantidad,vfm_unitario,vfm_total,vfm_entregado) VALUES (2150,780220183,2,490,980,@@@NO@@@)','',2,'2013-06-11'),(24899,'INSERT INTO gne_vale_ferreteria (vfe_id,vfe_fecha,vfe_total,vfe_estado,vfe_entregado,usu_nusuario) VALUES (2151,@@@2013.06.11@@@,890,1,0,@@@b_SAEZ@@@)','',2,'2013-06-11'),(24900,'INSERT INTO gne_vale_ferreteria_mov (vfe_id,pro_codigo_plu,vfm_cantidad,vfm_unitario,vfm_total,vfm_entregado) VALUES (2151,20882,1,890,890,@@@NO@@@)','',2,'2013-06-11'),(24901,'INSERT INTO gne_vale_ferreteria (vfe_id,vfe_fecha,vfe_total,vfe_estado,vfe_entregado,usu_nusuario) VALUES (2152,@@@2013.06.11@@@,840,1,0,@@@b_SAEZ@@@)','',2,'2013-06-11'),(24902,'INSERT INTO gne_vale_ferreteria_mov (vfe_id,pro_codigo_plu,vfm_cantidad,vfm_unitario,vfm_total,vfm_entregado) VALUES (2152,11670,1,840,840,@@@NO@@@)','',2,'2013-06-11'),(24903,'INSERT INTO gne_vale_ferreteria (vfe_id,vfe_fecha,vfe_total,vfe_estado,vfe_entregado,usu_nusuario) VALUES (2153,@@@2013.06.11@@@,980,1,0,@@@b_SAEZ@@@)','',2,'2013-06-11'),(24904,'INSERT INTO gne_vale_ferreteria_mov (vfe_id,pro_codigo_plu,vfm_cantidad,vfm_unitario,vfm_total,vfm_entregado) VALUES (2153,19876,1,980,980,@@@NO@@@)','',2,'2013-06-11'),(24905,'UPDATE mae_productos SET pro_precio_compra_bruto=1858.8,pro_margen_actual=(pro_precio_venta-1858.8)/1858.8 * 100,pro_ultima_compra=@@@2013.06.11@@@,pro_ultimo_proveedor=@@@78809560-0@@@ WHERE pro_codigo_plu=780721062','',2,'2013-06-11'),(24906,'UPDATE mae_productos SET pro_precio_compra_bruto=1858.8,pro_margen_actual=(pro_precio_venta-1858.8)/1858.8 * 100,pro_ultima_compra=@@@2013.06.11@@@,pro_ultimo_proveedor=@@@78809560-0@@@ WHERE pro_codigo_plu=17592','',2,'2013-06-11'),(24907,'UPDATE mae_productos SET pro_precio_compra_bruto=604.9,pro_margen_actual=(pro_precio_venta-604.9)/604.9 * 100,pro_ultima_compra=@@@2013.06.11@@@,pro_ultimo_proveedor=@@@78809560-0@@@ WHERE pro_codigo_plu=761872','',2,'2013-06-11'),(24908,'UPDATE mae_productos SET pro_precio_compra_bruto=1250.2,pro_margen_actual=(pro_precio_venta-1250.2)/1250.2 * 100,pro_ultima_compra=@@@2013.06.11@@@,pro_ultimo_proveedor=@@@78809560-0@@@ WHERE pro_codigo_plu=14615','',2,'2013-06-11'),(24909,'UPDATE mae_productos SET pro_precio_compra_bruto=3905,pro_margen_actual=(pro_precio_venta-3905)/3905 * 100,pro_ultima_compra=@@@2013.06.11@@@,pro_ultimo_proveedor=@@@78809560-0@@@ WHERE pro_codigo_plu=780721063','',2,'2013-06-11'),(24910,'UPDATE mae_productos SET pro_precio_compra_bruto=574.2,pro_margen_actual=(pro_precio_venta-574.2)/574.2 * 100,pro_ultima_compra=@@@2013.06.11@@@,pro_ultimo_proveedor=@@@78809560-0@@@ WHERE pro_codigo_plu=762530','',2,'2013-06-11'),(24911,'UPDATE mae_productos SET pro_precio_compra_bruto=529.3,pro_margen_actual=(pro_precio_venta-529.3)/529.3 * 100,pro_ultima_compra=@@@2013.06.11@@@,pro_ultimo_proveedor=@@@78809560-0@@@ WHERE pro_codigo_plu=11832','',2,'2013-06-11'),(24912,'UPDATE mae_productos SET pro_precio_compra_bruto=929.2,pro_margen_actual=(pro_precio_venta-929.2)/929.2 * 100,pro_ultima_compra=@@@2013.06.11@@@,pro_ultimo_proveedor=@@@78809560-0@@@ WHERE pro_codigo_plu=11846','',2,'2013-06-11'),(24913,'UPDATE mae_productos SET pro_precio_compra_bruto=714.8,pro_margen_actual=(pro_precio_venta-714.8)/714.8 * 100,pro_ultima_compra=@@@2013.06.11@@@,pro_ultimo_proveedor=@@@78809560-0@@@ WHERE pro_codigo_plu=15121','',2,'2013-06-11'),(24914,'UPDATE mae_productos SET pro_precio_compra_bruto=968,pro_margen_actual=(pro_precio_venta-968)/968 * 100,pro_ultima_compra=@@@2013.06.11@@@,pro_ultimo_proveedor=@@@96591040-9@@@ WHERE pro_codigo_plu=12652','',2,'2013-06-11'),(24915,'UPDATE mae_productos SET pro_precio_compra_bruto=1590,pro_margen_actual=(pro_precio_venta-1590)/1590 * 100,pro_ultima_compra=@@@2013.06.11@@@,pro_ultimo_proveedor=@@@96591040-9@@@ WHERE pro_codigo_plu=12557','',2,'2013-06-11'),(24916,'UPDATE mae_productos SET pro_precio_compra_bruto=71.2,pro_margen_actual=(pro_precio_venta-71.2)/71.2 * 100,pro_ultima_compra=@@@2013.06.11@@@,pro_ultimo_proveedor=@@@96591040-9@@@ WHERE pro_codigo_plu=780721069','',2,'2013-06-11'),(24917,'UPDATE mae_productos SET pro_precio_compra_bruto=43.8,pro_margen_actual=(pro_precio_venta-43.8)/43.8 * 100,pro_ultima_compra=@@@2013.06.11@@@,pro_ultimo_proveedor=@@@96591040-9@@@ WHERE pro_codigo_plu=12778','',2,'2013-06-11'),(24918,'UPDATE mae_productos SET pro_precio_compra_bruto=255.4,pro_margen_actual=(pro_precio_venta-255.4)/255.4 * 100,pro_ultima_compra=@@@2013.06.11@@@,pro_ultimo_proveedor=@@@96591040-9@@@ WHERE pro_codigo_plu=10980','',2,'2013-06-11'),(24919,'UPDATE mae_productos SET pro_precio_compra_bruto=840,pro_margen_actual=(pro_precio_venta-840)/840 * 100,pro_ultima_compra=@@@2013.06.11@@@,pro_ultimo_proveedor=@@@96591040-9@@@ WHERE pro_codigo_plu=10935','',2,'2013-06-11'),(24920,'UPDATE mae_productos SET pro_precio_compra_bruto=340,pro_margen_actual=(pro_precio_venta-340)/340 * 100,pro_ultima_compra=@@@2013.06.11@@@,pro_ultimo_proveedor=@@@96591040-9@@@ WHERE pro_codigo_plu=9130','',2,'2013-06-11'),(24921,'UPDATE mae_productos SET pro_precio_compra_bruto=760,pro_margen_actual=(pro_precio_venta-760)/760 * 100,pro_ultima_compra=@@@2013.06.11@@@,pro_ultimo_proveedor=@@@96591040-9@@@ WHERE pro_codigo_plu=762922','',2,'2013-06-11'),(24922,'UPDATE mae_productos SET pro_precio_compra_bruto=760,pro_margen_actual=(pro_precio_venta-760)/760 * 100,pro_ultima_compra=@@@2013.06.11@@@,pro_ultimo_proveedor=@@@96591040-9@@@ WHERE pro_codigo_plu=13638','',2,'2013-06-11'),(24923,'UPDATE mae_productos SET pro_precio_compra_bruto=400.5,pro_margen_actual=(pro_precio_venta-400.5)/400.5 * 100,pro_ultima_compra=@@@2013.06.11@@@,pro_ultimo_proveedor=@@@96591040-9@@@ WHERE pro_codigo_plu=12300','',2,'2013-06-11'),(24924,'UPDATE mae_productos SET pro_precio_compra_bruto=499.9,pro_margen_actual=(pro_precio_venta-499.9)/499.9 * 100,pro_ultima_compra=@@@2013.06.11@@@,pro_ultimo_proveedor=@@@96591040-9@@@ WHERE pro_codigo_plu=12373','',2,'2013-06-11'),(24925,'UPDATE mae_productos SET pro_precio_compra_bruto=338,pro_margen_actual=(pro_precio_venta-338)/338 * 100,pro_ultima_compra=@@@2013.06.11@@@,pro_ultimo_proveedor=@@@96591040-9@@@ WHERE pro_codigo_plu=11956','',2,'2013-06-11'),(24926,'UPDATE mae_productos SET pro_precio_compra_bruto=262.6,pro_margen_actual=(pro_precio_venta-262.6)/262.6 * 100,pro_ultima_compra=@@@2013.06.11@@@,pro_ultimo_proveedor=@@@96591040-9@@@ WHERE pro_codigo_plu=11942','',2,'2013-06-11'),(24927,'UPDATE mae_productos SET pro_precio_compra_bruto=244.3,pro_margen_actual=(pro_precio_venta-244.3)/244.3 * 100,pro_ultima_compra=@@@2013.06.11@@@,pro_ultimo_proveedor=@@@96591040-9@@@ WHERE pro_codigo_plu=11962','',2,'2013-06-11'),(24928,'UPDATE mae_productos SET pro_precio_compra_bruto=252.9,pro_margen_actual=(pro_precio_venta-252.9)/252.9 * 100,pro_ultima_compra=@@@2013.06.11@@@,pro_ultimo_proveedor=@@@96591040-9@@@ WHERE pro_codigo_plu=763297','',2,'2013-06-11'),(24929,'UPDATE mae_productos SET pro_precio_compra_bruto=252.9,pro_margen_actual=(pro_precio_venta-252.9)/252.9 * 100,pro_ultima_compra=@@@2013.06.11@@@,pro_ultimo_proveedor=@@@96591040-9@@@ WHERE pro_codigo_plu=78017199','',2,'2013-06-11'),(24930,'UPDATE mae_productos SET pro_precio_compra_bruto=466.9,pro_margen_actual=(pro_precio_venta-466.9)/466.9 * 100,pro_ultima_compra=@@@2013.06.11@@@,pro_ultimo_proveedor=@@@96591040-9@@@ WHERE pro_codigo_plu=763427','',2,'2013-06-11'),(24931,'UPDATE mae_productos SET pro_precio_compra_bruto=466.9,pro_margen_actual=(pro_precio_venta-466.9)/466.9 * 100,pro_ultima_compra=@@@2013.06.11@@@,pro_ultimo_proveedor=@@@96591040-9@@@ WHERE pro_codigo_plu=780220089','',2,'2013-06-11'),(24932,'UPDATE mae_productos SET pro_precio_compra_bruto=872.6,pro_margen_actual=(pro_precio_venta-872.6)/872.6 * 100,pro_ultima_compra=@@@2013.06.11@@@,pro_ultimo_proveedor=@@@96591040-9@@@ WHERE pro_codigo_plu=764873','',2,'2013-06-11'),(24933,'UPDATE mae_productos SET pro_precio_compra_bruto=74.1,pro_margen_actual=(pro_precio_venta-74.1)/74.1 * 100,pro_ultima_compra=@@@2013.06.11@@@,pro_ultimo_proveedor=@@@96591040-9@@@ WHERE pro_codigo_plu=102011','',2,'2013-06-11'),(24934,'UPDATE mae_productos SET pro_precio_compra_bruto=55.6,pro_margen_actual=(pro_precio_venta-55.6)/55.6 * 100,pro_ultima_compra=@@@2013.06.11@@@,pro_ultimo_proveedor=@@@96591040-9@@@ WHERE pro_codigo_plu=763497','',2,'2013-06-11'),(24935,'UPDATE mae_productos SET pro_precio_compra_bruto=55.6,pro_margen_actual=(pro_precio_venta-55.6)/55.6 * 100,pro_ultima_compra=@@@2013.06.11@@@,pro_ultimo_proveedor=@@@96591040-9@@@ WHERE pro_codigo_plu=4105','',2,'2013-06-11'),(24936,'UPDATE mae_productos SET pro_precio_compra_bruto=948,pro_margen_actual=(pro_precio_venta-948)/948 * 100,pro_ultima_compra=@@@2013.06.11@@@,pro_ultimo_proveedor=@@@96591040-9@@@ WHERE pro_codigo_plu=102270','',2,'2013-06-11'),(24937,'UPDATE mae_productos SET pro_precio_compra_bruto=820,pro_margen_actual=(pro_precio_venta-820)/820 * 100,pro_ultima_compra=@@@2013.06.11@@@,pro_ultimo_proveedor=@@@96591040-9@@@ WHERE pro_codigo_plu=10099','',2,'2013-06-11'),(24938,'UPDATE mae_productos SET pro_precio_compra_bruto=77.9,pro_margen_actual=(pro_precio_venta-77.9)/77.9 * 100,pro_ultima_compra=@@@2013.06.11@@@,pro_ultimo_proveedor=@@@96591040-9@@@ WHERE pro_codigo_plu=100327','',2,'2013-06-11'),(24939,'UPDATE mae_productos SET pro_precio_compra_bruto=85,pro_margen_actual=(pro_precio_venta-85)/85 * 100,pro_ultima_compra=@@@2013.06.11@@@,pro_ultimo_proveedor=@@@96591040-9@@@ WHERE pro_codigo_plu=763423','',2,'2013-06-11'),(24940,'UPDATE mae_productos SET pro_precio_compra_bruto=85,pro_margen_actual=(pro_precio_venta-85)/85 * 100,pro_ultima_compra=@@@2013.06.11@@@,pro_ultimo_proveedor=@@@96591040-9@@@ WHERE pro_codigo_plu=762875','',2,'2013-06-11'),(24941,'UPDATE mae_productos SET pro_precio_compra_bruto=85,pro_margen_actual=(pro_precio_venta-85)/85 * 100,pro_ultima_compra=@@@2013.06.11@@@,pro_ultimo_proveedor=@@@96591040-9@@@ WHERE pro_codigo_plu=762876','',2,'2013-06-11'),(24942,'UPDATE mae_productos SET pro_precio_compra_bruto=85,pro_margen_actual=(pro_precio_venta-85)/85 * 100,pro_ultima_compra=@@@2013.06.11@@@,pro_ultimo_proveedor=@@@96591040-9@@@ WHERE pro_codigo_plu=762873','',2,'2013-06-11'),(24943,'UPDATE mae_productos SET pro_precio_compra_bruto=116,pro_margen_actual=(pro_precio_venta-116)/116 * 100,pro_ultima_compra=@@@2013.06.11@@@,pro_ultimo_proveedor=@@@96591040-9@@@ WHERE pro_codigo_plu=11273','',2,'2013-06-11'),(24944,'UPDATE mae_productos SET pro_precio_compra_bruto=116,pro_margen_actual=(pro_precio_venta-116)/116 * 100,pro_ultima_compra=@@@2013.06.11@@@,pro_ultimo_proveedor=@@@96591040-9@@@ WHERE pro_codigo_plu=11390','',2,'2013-06-11'),(24945,'UPDATE mae_productos SET pro_precio_compra_bruto=116,pro_margen_actual=(pro_precio_venta-116)/116 * 100,pro_ultima_compra=@@@2013.06.11@@@,pro_ultimo_proveedor=@@@96591040-9@@@ WHERE pro_codigo_plu=11274','',2,'2013-06-11'),(24946,'UPDATE mae_productos SET pro_precio_compra_bruto=116,pro_margen_actual=(pro_precio_venta-116)/116 * 100,pro_ultima_compra=@@@2013.06.11@@@,pro_ultimo_proveedor=@@@96591040-9@@@ WHERE pro_codigo_plu=761516','',2,'2013-06-11'),(24947,'UPDATE mae_productos SET pro_precio_compra_bruto=116,pro_margen_actual=(pro_precio_venta-116)/116 * 100,pro_ultima_compra=@@@2013.06.11@@@,pro_ultimo_proveedor=@@@96591040-9@@@ WHERE pro_codigo_plu=780721071','',2,'2013-06-11'),(24948,'UPDATE mae_productos SET pro_precio_compra_bruto=116,pro_margen_actual=(pro_precio_venta-116)/116 * 100,pro_ultima_compra=@@@2013.06.11@@@,pro_ultimo_proveedor=@@@96591040-9@@@ WHERE pro_codigo_plu=11277','',2,'2013-06-11'),(24949,'UPDATE mae_productos SET pro_precio_compra_bruto=116,pro_margen_actual=(pro_precio_venta-116)/116 * 100,pro_ultima_compra=@@@2013.06.11@@@,pro_ultimo_proveedor=@@@96591040-9@@@ WHERE pro_codigo_plu=763473','',2,'2013-06-11'),(24950,'UPDATE mae_productos SET pro_precio_compra_bruto=116,pro_margen_actual=(pro_precio_venta-116)/116 * 100,pro_ultima_compra=@@@2013.06.11@@@,pro_ultimo_proveedor=@@@96591040-9@@@ WHERE pro_codigo_plu=780721072','',2,'2013-06-11'),(24951,'UPDATE mae_productos SET pro_precio_compra_bruto=116,pro_margen_actual=(pro_precio_venta-116)/116 * 100,pro_ultima_compra=@@@2013.06.11@@@,pro_ultimo_proveedor=@@@96591040-9@@@ WHERE pro_codigo_plu=11275','',2,'2013-06-11'),(24952,'UPDATE mae_productos SET pro_precio_compra_bruto=116,pro_margen_actual=(pro_precio_venta-116)/116 * 100,pro_ultima_compra=@@@2013.06.11@@@,pro_ultimo_proveedor=@@@96591040-9@@@ WHERE pro_codigo_plu=11272','',2,'2013-06-11'),(24953,'UPDATE mae_productos SET pro_precio_compra_bruto=48.5,pro_margen_actual=(pro_precio_venta-48.5)/48.5 * 100,pro_ultima_compra=@@@2013.06.11@@@,pro_ultimo_proveedor=@@@96591040-9@@@ WHERE pro_codigo_plu=3502','',2,'2013-06-11'),(24954,'UPDATE mae_productos SET pro_precio_compra_bruto=46.5,pro_margen_actual=(pro_precio_venta-46.5)/46.5 * 100,pro_ultima_compra=@@@2013.06.11@@@,pro_ultimo_proveedor=@@@96591040-9@@@ WHERE pro_codigo_plu=3505','',2,'2013-06-11'),(24955,'UPDATE mae_productos SET pro_precio_compra_bruto=499,pro_margen_actual=(pro_precio_venta-499)/499 * 100,pro_ultima_compra=@@@2013.06.11@@@,pro_ultimo_proveedor=@@@96591040-9@@@ WHERE pro_codigo_plu=10979','',2,'2013-06-11'),(24956,'INSERT INTO gne_vale_ferreteria (vfe_id,vfe_fecha,vfe_total,vfe_estado,vfe_entregado,usu_nusuario) VALUES (2154,@@@2013.06.11@@@,500,1,0,@@@G_DIAZ@@@)','',2,'2013-06-11'),(24957,'INSERT INTO gne_vale_ferreteria_mov (vfe_id,pro_codigo_plu,vfm_cantidad,vfm_unitario,vfm_total,vfm_entregado) VALUES (2154,4091,2,250,500,@@@NO@@@)','',2,'2013-06-11'),(24958,'INSERT INTO gne_vale_ferreteria (vfe_id,vfe_fecha,vfe_total,vfe_estado,vfe_entregado,usu_nusuario) VALUES (2155,@@@2013.06.11@@@,120,1,0,@@@G_DIAZ@@@)','',2,'2013-06-11'),(24959,'INSERT INTO gne_vale_ferreteria_mov (vfe_id,pro_codigo_plu,vfm_cantidad,vfm_unitario,vfm_total,vfm_entregado) VALUES (2155,78017191,3,40,120,@@@NO@@@)','',2,'2013-06-11'),(24960,'INSERT INTO gne_vale_ferreteria (vfe_id,vfe_fecha,vfe_total,vfe_estado,vfe_entregado,usu_nusuario) VALUES (2156,@@@2013.06.11@@@,240,1,0,@@@G_DIAZ@@@)','',2,'2013-06-11'),(24961,'INSERT INTO gne_vale_ferreteria_mov (vfe_id,pro_codigo_plu,vfm_cantidad,vfm_unitario,vfm_total,vfm_entregado) VALUES (2156,761334,2,120,240,@@@NO@@@)','',2,'2013-06-11'),(24962,'INSERT INTO gne_vale_ferreteria (vfe_id,vfe_fecha,vfe_total,vfe_estado,vfe_entregado,usu_nusuario) VALUES (2157,@@@2013.06.11@@@,650,1,0,@@@G_DIAZ@@@)','',2,'2013-06-11'),(24963,'INSERT INTO gne_vale_ferreteria_mov (vfe_id,pro_codigo_plu,vfm_cantidad,vfm_unitario,vfm_total,vfm_entregado) VALUES (2157,763837,1,650,650,@@@NO@@@)','',2,'2013-06-11'),(24964,'INSERT INTO gne_vale_ferreteria (vfe_id,vfe_fecha,vfe_total,vfe_estado,vfe_entregado,usu_nusuario) VALUES (2158,@@@2013.06.11@@@,1980,1,0,@@@G_DIAZ@@@)','',2,'2013-06-11'),(24965,'INSERT INTO gne_vale_ferreteria_mov (vfe_id,pro_codigo_plu,vfm_cantidad,vfm_unitario,vfm_total,vfm_entregado) VALUES (2158,764260,6,330,1980,@@@NO@@@)','',2,'2013-06-11'),(24966,'INSERT INTO gne_vale_ferreteria (vfe_id,vfe_fecha,vfe_total,vfe_estado,vfe_entregado,usu_nusuario) VALUES (2159,@@@2013.06.11@@@,690,1,0,@@@G_DIAZ@@@)','',2,'2013-06-11'),(24967,'INSERT INTO gne_vale_ferreteria_mov (vfe_id,pro_codigo_plu,vfm_cantidad,vfm_unitario,vfm_total,vfm_entregado) VALUES (2159,762002,1,490,490,@@@NO@@@)','',2,'2013-06-11'),(24968,'INSERT INTO gne_vale_ferreteria_mov (vfe_id,pro_codigo_plu,vfm_cantidad,vfm_unitario,vfm_total,vfm_entregado) VALUES (2159,764702,1,200,200,@@@NO@@@)','',2,'2013-06-11'),(24969,'UPDATE mae_productos SET pro_codigo_barra=@@@7891020964129@@@,pro_tipo=@@@0@@@,pro_nombre_producto=@@@ ALFILER DE GANCHO 1UND@@@,pro_nombre_corto=@@@SET ALFILER DE G@@@,med_id=@@@1@@@,emb_id=@@@4@@@,pro_unidades_embalaje=@@@24@@@,dep_id=@@@2 @@@,lin_id=@@@41@@@,mar_id=@@@9@@@,pro_precio_compra_neto=@@@0@@@,pro_precio_compra_bruto=@@@0@@@,pro_precio_venta=@@@15@@@,pro_margen_actual=@@@0@@@,pro_oferta=@@@NO@@@,pro_fecha_inicio_oferta=@@@1900.01.01@@@,pro_fecha_termino_oferta=@@@1900.01.01@@@,pro_precio_oferta=@@@0@@@,pro_stock_minimo=@@@0@@@,pro_stock_critico=@@@0@@@,pro_activo=@@@1@@@,pro_unidad=@@@0@@@,pro_precio_compra_bruto=0,pro_margen_actual=0,pro_capacidad=1,pro_funcion_plu=0,pro_flejes=0,pro_iva=1,pro_plu_asociado=0,pro_envase=@@@NO@@@,pro_duracion=0,pro_numero_etiqueta=0 WHERE pro_codigo_plu=@@@13229@@@','',2,'2013-06-11'),(24970,'UPDATE mae_productos SET pro_estado=1 WHERE pro_codigo_plu=13229','',2,'2013-06-11'),(24971,'DELETE FROM mae_impuestos_productos WHERE pro_codigo_plu=@@@13229@@@','',2,'2013-06-11'),(24972,'INSERT INTO gne_vale_ferreteria (vfe_id,vfe_fecha,vfe_total,vfe_estado,vfe_entregado,usu_nusuario) VALUES (2160,@@@2013.06.11@@@,225,1,0,@@@G_DIAZ@@@)','',2,'2013-06-11'),(24973,'INSERT INTO gne_vale_ferreteria_mov (vfe_id,pro_codigo_plu,vfm_cantidad,vfm_unitario,vfm_total,vfm_entregado) VALUES (2160,13229,15,15,225,@@@NO@@@)','',2,'2013-06-11'),(24974,'INSERT INTO gne_vale_ferreteria (vfe_id,vfe_fecha,vfe_total,vfe_estado,vfe_entregado,usu_nusuario) VALUES (2161,@@@2013.06.11@@@,200,1,0,@@@G_DIAZ@@@)','',2,'2013-06-11'),(24975,'INSERT INTO gne_vale_ferreteria_mov (vfe_id,pro_codigo_plu,vfm_cantidad,vfm_unitario,vfm_total,vfm_entregado) VALUES (2161,1040,1,200,200,@@@NO@@@)','',2,'2013-06-11'),(24976,'INSERT INTO gne_vale_ferreteria (vfe_id,vfe_fecha,vfe_total,vfe_estado,vfe_entregado,usu_nusuario) VALUES (2162,@@@2013.06.11@@@,930,1,0,@@@G_DIAZ@@@)','',2,'2013-06-11'),(24977,'INSERT INTO gne_vale_ferreteria_mov (vfe_id,pro_codigo_plu,vfm_cantidad,vfm_unitario,vfm_total,vfm_entregado) VALUES (2162,762002,1,490,490,@@@NO@@@)','',2,'2013-06-11'),(24978,'INSERT INTO gne_vale_ferreteria_mov (vfe_id,pro_codigo_plu,vfm_cantidad,vfm_unitario,vfm_total,vfm_entregado) VALUES (2162,764254,1,440,440,@@@NO@@@)','',2,'2013-06-11'),(24979,'INSERT INTO gne_vale_ferreteria (vfe_id,vfe_fecha,vfe_total,vfe_estado,vfe_entregado,usu_nusuario) VALUES (2163,@@@2013.06.11@@@,450,1,0,@@@G_DIAZ@@@)','',2,'2013-06-11'),(24980,'INSERT INTO gne_vale_ferreteria_mov (vfe_id,pro_codigo_plu,vfm_cantidad,vfm_unitario,vfm_total,vfm_entregado) VALUES (2163,2016,1,150,150,@@@NO@@@)','',2,'2013-06-11'),(24981,'INSERT INTO gne_vale_ferreteria_mov (vfe_id,pro_codigo_plu,vfm_cantidad,vfm_unitario,vfm_total,vfm_entregado) VALUES (2163,2004,1,300,300,@@@NO@@@)','',2,'2013-06-11'),(24982,'INSERT INTO gne_vale_ferreteria (vfe_id,vfe_fecha,vfe_total,vfe_estado,vfe_entregado,usu_nusuario) VALUES (2164,@@@2013.06.11@@@,890,1,0,@@@G_DIAZ@@@)','',2,'2013-06-11'),(24983,'INSERT INTO gne_vale_ferreteria_mov (vfe_id,pro_codigo_plu,vfm_cantidad,vfm_unitario,vfm_total,vfm_entregado) VALUES (2164,763633,1,890,890,@@@NO@@@)','',2,'2013-06-11'),(24984,'INSERT INTO gne_vale_ferreteria (vfe_id,vfe_fecha,vfe_total,vfe_estado,vfe_entregado,usu_nusuario) VALUES (2165,@@@2013.06.11@@@,1000,1,0,@@@G_DIAZ@@@)','',2,'2013-06-11'),(24985,'INSERT INTO gne_vale_ferreteria_mov (vfe_id,pro_codigo_plu,vfm_cantidad,vfm_unitario,vfm_total,vfm_entregado) VALUES (2165,780220122,1,1000,1000,@@@NO@@@)','',2,'2013-06-11'),(24986,'INSERT INTO gne_vale_ferreteria (vfe_id,vfe_fecha,vfe_total,vfe_estado,vfe_entregado,usu_nusuario) VALUES (2166,@@@2013.06.11@@@,520,1,0,@@@s_diaz@@@)','',2,'2013-06-11'),(24987,'INSERT INTO gne_vale_ferreteria_mov (vfe_id,pro_codigo_plu,vfm_cantidad,vfm_unitario,vfm_total,vfm_entregado) VALUES (2166,15967,4,130,520,@@@NO@@@)','',2,'2013-06-11'),(24988,'INSERT INTO gne_vale_ferreteria (vfe_id,vfe_fecha,vfe_total,vfe_estado,vfe_entregado,usu_nusuario) VALUES (2167,@@@2013.06.11@@@,250,1,0,@@@s_diaz@@@)','',2,'2013-06-11'),(24989,'INSERT INTO gne_vale_ferreteria_mov (vfe_id,pro_codigo_plu,vfm_cantidad,vfm_unitario,vfm_total,vfm_entregado) VALUES (2167,780220139,1,250,250,@@@NO@@@)','',2,'2013-06-11'),(24990,'UPDATE mae_productos SET pro_margen_actual=0,pro_precio_venta=15 WHERE pro_codigo_plu=13229','',2,'2013-06-11'),(24991,'UPDATE mae_productos SET pro_precio_fiscal=pro_precio_venta WHERE pro_codigo_plu=13229','',2,'2013-06-11'),(24992,'UPDATE mae_productos SET pro_codigo_barra=@@@041333000985@@@,pro_tipo=@@@0@@@,pro_nombre_producto=@@@PILAS DURACELL D 1 UN@@@,pro_nombre_corto=@@@PILAS DURACELL D@@@,med_id=@@@1@@@,emb_id=@@@3@@@,pro_unidades_embalaje=@@@1@@@,dep_id=@@@2 @@@,lin_id=@@@43@@@,mar_id=@@@2004@@@,pro_precio_compra_neto=@@@0@@@,pro_precio_compra_bruto=@@@0@@@,pro_precio_venta=@@@1190@@@,pro_margen_actual=@@@0@@@,pro_oferta=@@@NO@@@,pro_fecha_inicio_oferta=@@@2006.09.07@@@,pro_fecha_termino_oferta=@@@2006.09.07@@@,pro_precio_oferta=@@@0@@@,pro_stock_minimo=@@@12@@@,pro_stock_critico=@@@6@@@,pro_activo=@@@1@@@,pro_unidad=@@@0@@@,pro_precio_compra_bruto=0,pro_margen_actual=0,pro_capacidad=1,pro_funcion_plu=0,pro_flejes=1,pro_iva=1,pro_plu_asociado=0,pro_envase=@@@NO@@@,pro_duracion=0,pro_numero_etiqueta=0 WHERE pro_codigo_plu=@@@8689@@@','',2,'2013-06-11'),(24993,'UPDATE mae_productos SET pro_estado=1 WHERE pro_codigo_plu=8689','',2,'2013-06-11'),(24994,'DELETE FROM mae_impuestos_productos WHERE pro_codigo_plu=@@@8689@@@','',2,'2013-06-11'),(24995,'INSERT INTO gne_vale_ferreteria (vfe_id,vfe_fecha,vfe_total,vfe_estado,vfe_entregado,usu_nusuario) VALUES (2168,@@@2013.06.11@@@,2380,1,0,@@@s_diaz@@@)','',2,'2013-06-11'),(24996,'INSERT INTO gne_vale_ferreteria_mov (vfe_id,pro_codigo_plu,vfm_cantidad,vfm_unitario,vfm_total,vfm_entregado) VALUES (2168,8689,2,1190,2380,@@@NO@@@)','',2,'2013-06-11'),(24997,'INSERT INTO gne_vale_ferreteria (vfe_id,vfe_fecha,vfe_total,vfe_estado,vfe_entregado,usu_nusuario) VALUES (2169,@@@2013.06.11@@@,180,1,0,@@@s_diaz@@@)','',2,'2013-06-11'),(24998,'INSERT INTO gne_vale_ferreteria_mov (vfe_id,pro_codigo_plu,vfm_cantidad,vfm_unitario,vfm_total,vfm_entregado) VALUES (2169,763851,1,100,100,@@@NO@@@)','',2,'2013-06-11'),(24999,'INSERT INTO gne_vale_ferreteria_mov (vfe_id,pro_codigo_plu,vfm_cantidad,vfm_unitario,vfm_total,vfm_entregado) VALUES (2169,770001,1,80,80,@@@NO@@@)','',2,'2013-06-11'),(25000,'INSERT INTO gne_vale_ferreteria (vfe_id,vfe_fecha,vfe_total,vfe_estado,vfe_entregado,usu_nusuario) VALUES (2170,@@@2013.06.11@@@,120,1,0,@@@s_diaz@@@)','',2,'2013-06-11'),(25001,'INSERT INTO gne_vale_ferreteria_mov (vfe_id,pro_codigo_plu,vfm_cantidad,vfm_unitario,vfm_total,vfm_entregado) VALUES (2170,8022,1,120,120,@@@NO@@@)','',2,'2013-06-11'),(25002,'INSERT INTO gne_vale_ferreteria (vfe_id,vfe_fecha,vfe_total,vfe_estado,vfe_entregado,usu_nusuario) VALUES (2171,@@@2013.06.11@@@,390,1,0,@@@s_diaz@@@)','',2,'2013-06-11'),(25003,'INSERT INTO gne_vale_ferreteria_mov (vfe_id,pro_codigo_plu,vfm_cantidad,vfm_unitario,vfm_total,vfm_entregado) VALUES (2171,763629,1,390,390,@@@NO@@@)','',2,'2013-06-11'),(25004,'INSERT INTO gne_vale_ferreteria (vfe_id,vfe_fecha,vfe_total,vfe_estado,vfe_entregado,usu_nusuario) VALUES (2172,@@@2013.06.11@@@,790,1,0,@@@s_diaz@@@)','',2,'2013-06-11'),(25005,'INSERT INTO gne_vale_ferreteria_mov (vfe_id,pro_codigo_plu,vfm_cantidad,vfm_unitario,vfm_total,vfm_entregado) VALUES (2172,101454,1,790,790,@@@NO@@@)','',2,'2013-06-11'),(25006,'INSERT INTO gne_vale_ferreteria (vfe_id,vfe_fecha,vfe_total,vfe_estado,vfe_entregado,usu_nusuario) VALUES (2173,@@@2013.06.11@@@,140,1,0,@@@s_diaz@@@)','',2,'2013-06-11'),(25007,'INSERT INTO gne_vale_ferreteria_mov (vfe_id,pro_codigo_plu,vfm_cantidad,vfm_unitario,vfm_total,vfm_entregado) VALUES (2173,764364,1,140,140,@@@NO@@@)','',2,'2013-06-11'),(25008,'INSERT INTO gne_vale_ferreteria (vfe_id,vfe_fecha,vfe_total,vfe_estado,vfe_entregado,usu_nusuario) VALUES (2174,@@@2013.06.11@@@,520,1,0,@@@s_diaz@@@)','',2,'2013-06-11'),(25009,'INSERT INTO gne_vale_ferreteria_mov (vfe_id,pro_codigo_plu,vfm_cantidad,vfm_unitario,vfm_total,vfm_entregado) VALUES (2174,780721058,1,520,520,@@@NO@@@)','',2,'2013-06-11'),(25010,'INSERT INTO mae_productos (pro_codigo_plu,pro_codigo_barra,pro_tipo,pro_nombre_producto,pro_nombre_corto,med_id,emb_id,pro_unidades_embalaje,dep_id,lin_id,mar_id,pro_precio_compra_neto,pro_precio_compra_bruto,pro_precio_venta,pro_margen_actual,pro_oferta,pro_fecha_inicio_oferta,pro_fecha_termino_oferta,pro_precio_oferta,pro_stock_minimo,pro_stock_critico,pro_entradas_bodega,pro_salidas_bodega,pro_mermas_bodega,pro_ajustes_bodega,pro_entradas_sv,pro_salidas_sv,pro_mermas_sv,pro_ajustes_sv,pro_activo,rec_numero,pro_unidad,pro_capacidad,pro_consumo_bodega,pro_consumo_sv,pro_estado,pro_funcion_plu,pro_flejes,pro_iva,pro_plu_asociado,pro_envase,pro_duracion,pro_numero_etiqueta) VALUES (780721073,@@@7506309840642@@@,@@@0@@@,@@@GILLETTE MACH3 SENSITIVE@@@,@@@GILLETTE MACH3@@@,@@@1 @@@,@@@3 @@@,@@@0@@@,@@@21 @@@,@@@111@@@,@@@2110@@@,@@@0@@@,@@@0@@@,@@@1@@@,@@@0@@@,@@@@@@,@@@2013.06.11@@@,@@@2013.06.11@@@,@@@0@@@,@@@0@@@,@@@0@@@,@@@0@@@,@@@0@@@,@@@0@@@,@@@0@@@,@@@0@@@,@@@0@@@,@@@0@@@,@@@0@@@,@@@1@@@,@@@0@@@,0,1,0,0,2,0,1,1,0,@@@NO@@@,0,0)','',2,'2013-06-11'),(25011,'DELETE FROM mae_impuestos_productos WHERE pro_codigo_plu=@@@780721073@@@','',2,'2013-06-11'),(25012,'INSERT INTO gne_vale_ferreteria (vfe_id,vfe_fecha,vfe_total,vfe_estado,vfe_entregado,usu_nusuario) VALUES (2175,@@@2013.06.11@@@,4050,1,0,@@@s_diaz@@@)','',2,'2013-06-11'),(25013,'INSERT INTO gne_vale_ferreteria_mov (vfe_id,pro_codigo_plu,vfm_cantidad,vfm_unitario,vfm_total,vfm_entregado) VALUES (2175,764833,15,10,150,@@@NO@@@)','',2,'2013-06-11'),(25014,'INSERT INTO gne_vale_ferreteria_mov (vfe_id,pro_codigo_plu,vfm_cantidad,vfm_unitario,vfm_total,vfm_entregado) VALUES (2175,78017241,1,40,40,@@@NO@@@)','',2,'2013-06-11'),(25015,'INSERT INTO gne_vale_ferreteria_mov (vfe_id,pro_codigo_plu,vfm_cantidad,vfm_unitario,vfm_total,vfm_entregado) VALUES (2175,764275,1,300,300,@@@NO@@@)','',2,'2013-06-11'),(25016,'INSERT INTO gne_vale_ferreteria_mov (vfe_id,pro_codigo_plu,vfm_cantidad,vfm_unitario,vfm_total,vfm_entregado) VALUES (2175,763893,1,1390,1390,@@@NO@@@)','',2,'2013-06-11'),(25017,'INSERT INTO gne_vale_ferreteria_mov (vfe_id,pro_codigo_plu,vfm_cantidad,vfm_unitario,vfm_total,vfm_entregado) VALUES (2175,1535,3,390,1170,@@@NO@@@)','',2,'2013-06-11'),(25018,'INSERT INTO gne_vale_ferreteria_mov (vfe_id,pro_codigo_plu,vfm_cantidad,vfm_unitario,vfm_total,vfm_entregado) VALUES (2175,1540,1,300,300,@@@NO@@@)','',2,'2013-06-11'),(25019,'INSERT INTO gne_vale_ferreteria_mov (vfe_id,pro_codigo_plu,vfm_cantidad,vfm_unitario,vfm_total,vfm_entregado) VALUES (2175,1543,1,200,200,@@@NO@@@)','',2,'2013-06-11'),(25020,'INSERT INTO gne_vale_ferreteria_mov (vfe_id,pro_codigo_plu,vfm_cantidad,vfm_unitario,vfm_total,vfm_entregado) VALUES (2175,6001,1,500,500,@@@NO@@@)','',2,'2013-06-11'),(25021,'INSERT INTO gne_vale_ferreteria (vfe_id,vfe_fecha,vfe_total,vfe_estado,vfe_entregado,usu_nusuario) VALUES (2176,@@@2013.06.11@@@,150,1,0,@@@s_diaz@@@)','',2,'2013-06-11'),(25022,'INSERT INTO gne_vale_ferreteria_mov (vfe_id,pro_codigo_plu,vfm_cantidad,vfm_unitario,vfm_total,vfm_entregado) VALUES (2176,763869,1,150,150,@@@NO@@@)','',2,'2013-06-11'),(25023,'INSERT INTO gne_vale_ferreteria (vfe_id,vfe_fecha,vfe_total,vfe_estado,vfe_entregado,usu_nusuario) VALUES (2177,@@@2013.06.11@@@,1980,1,0,@@@s_diaz@@@)','',2,'2013-06-11'),(25024,'INSERT INTO gne_vale_ferreteria_mov (vfe_id,pro_codigo_plu,vfm_cantidad,vfm_unitario,vfm_total,vfm_entregado) VALUES (2177,11378,1,620,620,@@@NO@@@)','',2,'2013-06-11'),(25025,'INSERT INTO gne_vale_ferreteria_mov (vfe_id,pro_codigo_plu,vfm_cantidad,vfm_unitario,vfm_total,vfm_entregado) VALUES (2177,19866,2,680,1360,@@@NO@@@)','',2,'2013-06-11'),(25026,'INSERT INTO gne_vale_ferreteria (vfe_id,vfe_fecha,vfe_total,vfe_estado,vfe_entregado,usu_nusuario) VALUES (2178,@@@2013.06.11@@@,350,1,0,@@@s_diaz@@@)','',2,'2013-06-11'),(25027,'INSERT INTO gne_vale_ferreteria_mov (vfe_id,pro_codigo_plu,vfm_cantidad,vfm_unitario,vfm_total,vfm_entregado) VALUES (2178,763721,1,350,350,@@@NO@@@)','',2,'2013-06-11'),(25028,'INSERT INTO gne_vale_ferreteria (vfe_id,vfe_fecha,vfe_total,vfe_estado,vfe_entregado,usu_nusuario) VALUES (2179,@@@2013.06.11@@@,2380,1,0,@@@s_diaz@@@)','',2,'2013-06-11'),(25029,'INSERT INTO gne_vale_ferreteria_mov (vfe_id,pro_codigo_plu,vfm_cantidad,vfm_unitario,vfm_total,vfm_entregado) VALUES (2179,764948,1,1890,1890,@@@NO@@@)','',2,'2013-06-11'),(25030,'INSERT INTO gne_vale_ferreteria_mov (vfe_id,pro_codigo_plu,vfm_cantidad,vfm_unitario,vfm_total,vfm_entregado) VALUES (2179,1538,1,490,490,@@@NO@@@)','',2,'2013-06-11'),(25031,'INSERT INTO gne_vale_ferreteria (vfe_id,vfe_fecha,vfe_total,vfe_estado,vfe_entregado,usu_nusuario) VALUES (2180,@@@2013.06.11@@@,530,1,0,@@@s_diaz@@@)','',2,'2013-06-11'),(25032,'INSERT INTO gne_vale_ferreteria_mov (vfe_id,pro_codigo_plu,vfm_cantidad,vfm_unitario,vfm_total,vfm_entregado) VALUES (2180,15955,1,530,530,@@@NO@@@)','',2,'2013-06-11'),(25033,'INSERT INTO mae_productos (pro_codigo_plu,pro_codigo_barra,pro_tipo,pro_nombre_producto,pro_nombre_corto,med_id,emb_id,pro_unidades_embalaje,dep_id,lin_id,mar_id,pro_precio_compra_neto,pro_precio_compra_bruto,pro_precio_venta,pro_margen_actual,pro_oferta,pro_fecha_inicio_oferta,pro_fecha_termino_oferta,pro_precio_oferta,pro_stock_minimo,pro_stock_critico,pro_entradas_bodega,pro_salidas_bodega,pro_mermas_bodega,pro_ajustes_bodega,pro_entradas_sv,pro_salidas_sv,pro_mermas_sv,pro_ajustes_sv,pro_activo,rec_numero,pro_unidad,pro_capacidad,pro_consumo_bodega,pro_consumo_sv,pro_estado,pro_funcion_plu,pro_flejes,pro_iva,pro_plu_asociado,pro_envase,pro_duracion,pro_numero_etiqueta) VALUES (780721074,@@@780721074@@@,@@@0@@@,@@@COLONIA ECONOMICA FERRERA HOMBRE@@@,@@@COLONIA ECONOMIC@@@,@@@1 @@@,@@@3 @@@,@@@0@@@,@@@21 @@@,@@@116@@@,@@@2274@@@,@@@0@@@,@@@0@@@,@@@1890@@@,@@@0@@@,@@@@@@,@@@2013.06.11@@@,@@@2013.06.11@@@,@@@0@@@,@@@0@@@,@@@0@@@,@@@0@@@,@@@0@@@,@@@0@@@,@@@0@@@,@@@0@@@,@@@0@@@,@@@0@@@,@@@0@@@,@@@1@@@,@@@0@@@,0,1.9,0,0,2,0,1,1,0,@@@NO@@@,0,0)','',2,'2013-06-11'),(25034,'DELETE FROM mae_impuestos_productos WHERE pro_codigo_plu=@@@780721074@@@','',2,'2013-06-11'),(25035,'INSERT INTO gne_vale_ferreteria (vfe_id,vfe_fecha,vfe_total,vfe_estado,vfe_entregado,usu_nusuario) VALUES (2181,@@@2013.06.11@@@,1890,1,0,@@@s_diaz@@@)','',2,'2013-06-11'),(25036,'INSERT INTO gne_vale_ferreteria_mov (vfe_id,pro_codigo_plu,vfm_cantidad,vfm_unitario,vfm_total,vfm_entregado) VALUES (2181,19148,1,1890,1890,@@@NO@@@)','',2,'2013-06-11'),(25037,'INSERT INTO mae_productos (pro_codigo_plu,pro_codigo_barra,pro_tipo,pro_nombre_producto,pro_nombre_corto,med_id,emb_id,pro_unidades_embalaje,dep_id,lin_id,mar_id,pro_precio_compra_neto,pro_precio_compra_bruto,pro_precio_venta,pro_margen_actual,pro_oferta,pro_fecha_inicio_oferta,pro_fecha_termino_oferta,pro_precio_oferta,pro_stock_minimo,pro_stock_critico,pro_entradas_bodega,pro_salidas_bodega,pro_mermas_bodega,pro_ajustes_bodega,pro_entradas_sv,pro_salidas_sv,pro_mermas_sv,pro_ajustes_sv,pro_activo,rec_numero,pro_unidad,pro_capacidad,pro_consumo_bodega,pro_consumo_sv,pro_estado,pro_funcion_plu,pro_flejes,pro_iva,pro_plu_asociado,pro_envase,pro_duracion,pro_numero_etiqueta) VALUES (780721075,@@@7806802959989@@@,@@@0@@@,@@@COLONIA ECONOMICA QUOTEM HOMBRE@@@,@@@COLONIA ECONOMIC@@@,@@@1 @@@,@@@3 @@@,@@@0@@@,@@@21 @@@,@@@116@@@,@@@2274@@@,@@@0@@@,@@@0@@@,@@@1890@@@,@@@0@@@,@@@@@@,@@@2013.06.11@@@,@@@2013.06.11@@@,@@@0@@@,@@@0@@@,@@@0@@@,@@@0@@@,@@@0@@@,@@@0@@@,@@@0@@@,@@@0@@@,@@@0@@@,@@@0@@@,@@@0@@@,@@@1@@@,@@@0@@@,0,1.9,0,0,2,0,1,1,0,@@@NO@@@,0,0)','',2,'2013-06-11'),(25038,'DELETE FROM mae_impuestos_productos WHERE pro_codigo_plu=@@@780721075@@@','',2,'2013-06-11'),(25039,'INSERT INTO mae_productos (pro_codigo_plu,pro_codigo_barra,pro_tipo,pro_nombre_producto,pro_nombre_corto,med_id,emb_id,pro_unidades_embalaje,dep_id,lin_id,mar_id,pro_precio_compra_neto,pro_precio_compra_bruto,pro_precio_venta,pro_margen_actual,pro_oferta,pro_fecha_inicio_oferta,pro_fecha_termino_oferta,pro_precio_oferta,pro_stock_minimo,pro_stock_critico,pro_entradas_bodega,pro_salidas_bodega,pro_mermas_bodega,pro_ajustes_bodega,pro_entradas_sv,pro_salidas_sv,pro_mermas_sv,pro_ajustes_sv,pro_activo,rec_numero,pro_unidad,pro_capacidad,pro_consumo_bodega,pro_consumo_sv,pro_estado,pro_funcion_plu,pro_flejes,pro_iva,pro_plu_asociado,pro_envase,pro_duracion,pro_numero_etiqueta) VALUES (780721076,@@@7806802054486@@@,@@@0@@@,@@@COLONIA ECONOMICA DRAGON HOMBRE@@@,@@@COLONIA ECONOMIC@@@,@@@1 @@@,@@@3 @@@,@@@0@@@,@@@21 @@@,@@@116@@@,@@@2274@@@,@@@0@@@,@@@0@@@,@@@1890@@@,@@@0@@@,@@@@@@,@@@2013.06.11@@@,@@@2013.06.11@@@,@@@0@@@,@@@0@@@,@@@0@@@,@@@0@@@,@@@0@@@,@@@0@@@,@@@0@@@,@@@0@@@,@@@0@@@,@@@0@@@,@@@0@@@,@@@1@@@,@@@0@@@,0,1.9,0,0,2,0,1,1,0,@@@NO@@@,0,0)','',2,'2013-06-11'),(25040,'DELETE FROM mae_impuestos_productos WHERE pro_codigo_plu=@@@780721076@@@','',2,'2013-06-11'),(25041,'INSERT INTO gne_vale_ferreteria (vfe_id,vfe_fecha,vfe_total,vfe_estado,vfe_entregado,usu_nusuario) VALUES (2182,@@@2013.06.11@@@,750,1,0,@@@s_diaz@@@)','',2,'2013-06-11'),(25042,'INSERT INTO gne_vale_ferreteria_mov (vfe_id,pro_codigo_plu,vfm_cantidad,vfm_unitario,vfm_total,vfm_entregado) VALUES (2182,763800,1,470,470,@@@NO@@@)','',2,'2013-06-11'),(25043,'INSERT INTO gne_vale_ferreteria_mov (vfe_id,pro_codigo_plu,vfm_cantidad,vfm_unitario,vfm_total,vfm_entregado) VALUES (2182,764364,2,140,280,@@@NO@@@)','',2,'2013-06-11'),(25044,'INSERT INTO gne_vale_ferreteria (vfe_id,vfe_fecha,vfe_total,vfe_estado,vfe_entregado,usu_nusuario) VALUES (2183,@@@2013.06.11@@@,120,1,0,@@@s_diaz@@@)','',2,'2013-06-11'),(25045,'INSERT INTO gne_vale_ferreteria_mov (vfe_id,pro_codigo_plu,vfm_cantidad,vfm_unitario,vfm_total,vfm_entregado) VALUES (2183,8022,1,120,120,@@@NO@@@)','',2,'2013-06-11'),(25046,'INSERT INTO mae_productos (pro_codigo_plu,pro_codigo_barra,pro_tipo,pro_nombre_producto,pro_nombre_corto,med_id,emb_id,pro_unidades_embalaje,dep_id,lin_id,mar_id,pro_precio_compra_neto,pro_precio_compra_bruto,pro_precio_venta,pro_margen_actual,pro_oferta,pro_fecha_inicio_oferta,pro_fecha_termino_oferta,pro_precio_oferta,pro_stock_minimo,pro_stock_critico,pro_entradas_bodega,pro_salidas_bodega,pro_mermas_bodega,pro_ajustes_bodega,pro_entradas_sv,pro_salidas_sv,pro_mermas_sv,pro_ajustes_sv,pro_activo,rec_numero,pro_unidad,pro_capacidad,pro_consumo_bodega,pro_consumo_sv,pro_estado,pro_funcion_plu,pro_flejes,pro_iva,pro_plu_asociado,pro_envase,pro_duracion,pro_numero_etiqueta) VALUES (780721077,@@@7803564000508@@@,@@@0@@@,@@@COLONIA ECONOMICA INSIGNE@@@,@@@COLONIA ECONOMIC@@@,@@@1 @@@,@@@3 @@@,@@@0@@@,@@@21 @@@,@@@116@@@,@@@2274@@@,@@@0@@@,@@@0@@@,@@@1890@@@,@@@0@@@,@@@@@@,@@@2013.06.11@@@,@@@2013.06.11@@@,@@@0@@@,@@@0@@@,@@@0@@@,@@@0@@@,@@@0@@@,@@@0@@@,@@@0@@@,@@@0@@@,@@@0@@@,@@@0@@@,@@@0@@@,@@@1@@@,@@@0@@@,0,1.9,0,0,2,0,1,1,0,@@@NO@@@,0,0)','',2,'2013-06-11'),(25047,'DELETE FROM mae_impuestos_productos WHERE pro_codigo_plu=@@@780721077@@@','',2,'2013-06-11'),(25048,'INSERT INTO mae_productos (pro_codigo_plu,pro_codigo_barra,pro_tipo,pro_nombre_producto,pro_nombre_corto,med_id,emb_id,pro_unidades_embalaje,dep_id,lin_id,mar_id,pro_precio_compra_neto,pro_precio_compra_bruto,pro_precio_venta,pro_margen_actual,pro_oferta,pro_fecha_inicio_oferta,pro_fecha_termino_oferta,pro_precio_oferta,pro_stock_minimo,pro_stock_critico,pro_entradas_bodega,pro_salidas_bodega,pro_mermas_bodega,pro_ajustes_bodega,pro_entradas_sv,pro_salidas_sv,pro_mermas_sv,pro_ajustes_sv,pro_activo,rec_numero,pro_unidad,pro_capacidad,pro_consumo_bodega,pro_consumo_sv,pro_estado,pro_funcion_plu,pro_flejes,pro_iva,pro_plu_asociado,pro_envase,pro_duracion,pro_numero_etiqueta) VALUES (780721078,@@@7806802089754@@@,@@@0@@@,@@@COLONIA ECONOMICA PARAMOUNT@@@,@@@COLONIA ECONOMIC@@@,@@@1 @@@,@@@3 @@@,@@@0@@@,@@@21 @@@,@@@116@@@,@@@2274@@@,@@@0@@@,@@@0@@@,@@@1890@@@,@@@0@@@,@@@@@@,@@@2013.06.11@@@,@@@2013.06.11@@@,@@@0@@@,@@@0@@@,@@@0@@@,@@@0@@@,@@@0@@@,@@@0@@@,@@@0@@@,@@@0@@@,@@@0@@@,@@@0@@@,@@@0@@@,@@@1@@@,@@@0@@@,0,1.9,0,0,2,0,1,1,0,@@@NO@@@,0,0)','',2,'2013-06-11'),(25049,'DELETE FROM mae_impuestos_productos WHERE pro_codigo_plu=@@@780721078@@@','',2,'2013-06-11'),(25050,'INSERT INTO gne_vale_ferreteria (vfe_id,vfe_fecha,vfe_total,vfe_estado,vfe_entregado,usu_nusuario) VALUES (2184,@@@2013.06.11@@@,120,1,0,@@@s_diaz@@@)','',2,'2013-06-11'),(25051,'INSERT INTO gne_vale_ferreteria_mov (vfe_id,pro_codigo_plu,vfm_cantidad,vfm_unitario,vfm_total,vfm_entregado) VALUES (2184,78017016,1,120,120,@@@NO@@@)','',2,'2013-06-11'),(25052,'INSERT INTO gne_vale_ferreteria (vfe_id,vfe_fecha,vfe_total,vfe_estado,vfe_entregado,usu_nusuario) VALUES (2185,@@@2013.06.11@@@,790,1,0,@@@s_diaz@@@)','',2,'2013-06-11'),(25053,'INSERT INTO gne_vale_ferreteria_mov (vfe_id,pro_codigo_plu,vfm_cantidad,vfm_unitario,vfm_total,vfm_entregado) VALUES (2185,1553,1,790,790,@@@NO@@@)','',2,'2013-06-11'),(25054,'INSERT INTO gne_vale_ferreteria (vfe_id,vfe_fecha,vfe_total,vfe_estado,vfe_entregado,usu_nusuario) VALUES (2186,@@@2013.06.11@@@,995,1,0,@@@s_diaz@@@)','',2,'2013-06-11'),(25055,'INSERT INTO gne_vale_ferreteria_mov (vfe_id,pro_codigo_plu,vfm_cantidad,vfm_unitario,vfm_total,vfm_entregado) VALUES (2186,6007,1,500,500,@@@NO@@@)','',2,'2013-06-11'),(25056,'INSERT INTO gne_vale_ferreteria_mov (vfe_id,pro_codigo_plu,vfm_cantidad,vfm_unitario,vfm_total,vfm_entregado) VALUES (2186,11218,1,495,495,@@@NO@@@)','',2,'2013-06-11'),(25057,'INSERT INTO gne_vale_ferreteria (vfe_id,vfe_fecha,vfe_total,vfe_estado,vfe_entregado,usu_nusuario) VALUES (2187,@@@2013.06.11@@@,4260,1,0,@@@s_diaz@@@)','',2,'2013-06-11'),(25058,'INSERT INTO gne_vale_ferreteria_mov (vfe_id,pro_codigo_plu,vfm_cantidad,vfm_unitario,vfm_total,vfm_entregado) VALUES (2187,101454,3,790,2370,@@@NO@@@)','',2,'2013-06-11'),(25059,'INSERT INTO gne_vale_ferreteria_mov (vfe_id,pro_codigo_plu,vfm_cantidad,vfm_unitario,vfm_total,vfm_entregado) VALUES (2187,780721078,1,1890,1890,@@@NO@@@)','',2,'2013-06-11'),(25060,'INSERT INTO mae_productos (pro_codigo_plu,pro_codigo_barra,pro_tipo,pro_nombre_producto,pro_nombre_corto,med_id,emb_id,pro_unidades_embalaje,dep_id,lin_id,mar_id,pro_precio_compra_neto,pro_precio_compra_bruto,pro_precio_venta,pro_margen_actual,pro_oferta,pro_fecha_inicio_oferta,pro_fecha_termino_oferta,pro_precio_oferta,pro_stock_minimo,pro_stock_critico,pro_entradas_bodega,pro_salidas_bodega,pro_mermas_bodega,pro_ajustes_bodega,pro_entradas_sv,pro_salidas_sv,pro_mermas_sv,pro_ajustes_sv,pro_activo,rec_numero,pro_unidad,pro_capacidad,pro_consumo_bodega,pro_consumo_sv,pro_estado,pro_funcion_plu,pro_flejes,pro_iva,pro_plu_asociado,pro_envase,pro_duracion,pro_numero_etiqueta) VALUES (780721079,@@@7806802899711@@@,@@@0@@@,@@@COLONIA ECONOMICA PAOLO@@@,@@@COLONIA ECONOMIC@@@,@@@1 @@@,@@@3 @@@,@@@0@@@,@@@21 @@@,@@@116@@@,@@@2274@@@,@@@0@@@,@@@0@@@,@@@1890@@@,@@@0@@@,@@@@@@,@@@2013.06.11@@@,@@@2013.06.11@@@,@@@0@@@,@@@0@@@,@@@0@@@,@@@0@@@,@@@0@@@,@@@0@@@,@@@0@@@,@@@0@@@,@@@0@@@,@@@0@@@,@@@0@@@,@@@1@@@,@@@0@@@,0,1.9,0,0,2,0,1,1,0,@@@NO@@@,0,0)','',2,'2013-06-11'),(25061,'DELETE FROM mae_impuestos_productos WHERE pro_codigo_plu=@@@780721079@@@','',2,'2013-06-11'),(25062,'INSERT INTO mae_productos (pro_codigo_plu,pro_codigo_barra,pro_tipo,pro_nombre_producto,pro_nombre_corto,med_id,emb_id,pro_unidades_embalaje,dep_id,lin_id,mar_id,pro_precio_compra_neto,pro_precio_compra_bruto,pro_precio_venta,pro_margen_actual,pro_oferta,pro_fecha_inicio_oferta,pro_fecha_termino_oferta,pro_precio_oferta,pro_stock_minimo,pro_stock_critico,pro_entradas_bodega,pro_salidas_bodega,pro_mermas_bodega,pro_ajustes_bodega,pro_entradas_sv,pro_salidas_sv,pro_mermas_sv,pro_ajustes_sv,pro_activo,rec_numero,pro_unidad,pro_capacidad,pro_consumo_bodega,pro_consumo_sv,pro_estado,pro_funcion_plu,pro_flejes,pro_iva,pro_plu_asociado,pro_envase,pro_duracion,pro_numero_etiqueta) VALUES (780721080,@@@7806802211100@@@,@@@0@@@,@@@COLONIA ECONOMICA AZZURE@@@,@@@COLONIA ECONOMIC@@@,@@@1 @@@,@@@3 @@@,@@@0@@@,@@@21 @@@,@@@116@@@,@@@2274@@@,@@@0@@@,@@@0@@@,@@@1890@@@,@@@0@@@,@@@@@@,@@@2013.06.11@@@,@@@2013.06.11@@@,@@@0@@@,@@@0@@@,@@@0@@@,@@@0@@@,@@@0@@@,@@@0@@@,@@@0@@@,@@@0@@@,@@@0@@@,@@@0@@@,@@@0@@@,@@@1@@@,@@@0@@@,0,1.9,0,0,2,0,1,1,0,@@@NO@@@,0,0)','',2,'2013-06-11'),(25063,'DELETE FROM mae_impuestos_productos WHERE pro_codigo_plu=@@@780721080@@@','',2,'2013-06-11'),(25064,'INSERT INTO mae_productos (pro_codigo_plu,pro_codigo_barra,pro_tipo,pro_nombre_producto,pro_nombre_corto,med_id,emb_id,pro_unidades_embalaje,dep_id,lin_id,mar_id,pro_precio_compra_neto,pro_precio_compra_bruto,pro_precio_venta,pro_margen_actual,pro_oferta,pro_fecha_inicio_oferta,pro_fecha_termino_oferta,pro_precio_oferta,pro_stock_minimo,pro_stock_critico,pro_entradas_bodega,pro_salidas_bodega,pro_mermas_bodega,pro_ajustes_bodega,pro_entradas_sv,pro_salidas_sv,pro_mermas_sv,pro_ajustes_sv,pro_activo,rec_numero,pro_unidad,pro_capacidad,pro_consumo_bodega,pro_consumo_sv,pro_estado,pro_funcion_plu,pro_flejes,pro_iva,pro_plu_asociado,pro_envase,pro_duracion,pro_numero_etiqueta) VALUES (780721081,@@@7803564120602@@@,@@@0@@@,@@@COLONIA ECONOMICA MUSK@@@,@@@COLONIA ECONOMIC@@@,@@@1 @@@,@@@3 @@@,@@@0@@@,@@@21 @@@,@@@116@@@,@@@2274@@@,@@@0@@@,@@@0@@@,@@@1890@@@,@@@0@@@,@@@@@@,@@@2013.06.11@@@,@@@2013.06.11@@@,@@@0@@@,@@@0@@@,@@@0@@@,@@@0@@@,@@@0@@@,@@@0@@@,@@@0@@@,@@@0@@@,@@@0@@@,@@@0@@@,@@@0@@@,@@@1@@@,@@@0@@@,0,1.9,0,0,2,0,1,1,0,@@@NO@@@,0,0)','',2,'2013-06-11'),(25065,'DELETE FROM mae_impuestos_productos WHERE pro_codigo_plu=@@@780721081@@@','',2,'2013-06-11'),(25066,'INSERT INTO mae_productos (pro_codigo_plu,pro_codigo_barra,pro_tipo,pro_nombre_producto,pro_nombre_corto,med_id,emb_id,pro_unidades_embalaje,dep_id,lin_id,mar_id,pro_precio_compra_neto,pro_precio_compra_bruto,pro_precio_venta,pro_margen_actual,pro_oferta,pro_fecha_inicio_oferta,pro_fecha_termino_oferta,pro_precio_oferta,pro_stock_minimo,pro_stock_critico,pro_entradas_bodega,pro_salidas_bodega,pro_mermas_bodega,pro_ajustes_bodega,pro_entradas_sv,pro_salidas_sv,pro_mermas_sv,pro_ajustes_sv,pro_activo,rec_numero,pro_unidad,pro_capacidad,pro_consumo_bodega,pro_consumo_sv,pro_estado,pro_funcion_plu,pro_flejes,pro_iva,pro_plu_asociado,pro_envase,pro_duracion,pro_numero_etiqueta) VALUES (780721082,@@@7804614180812@@@,@@@0@@@,@@@ESPUMA DE AFEITAR SLIDE 170ML@@@,@@@ESPUMA DE AFEITA@@@,@@@7 @@@,@@@3 @@@,@@@0@@@,@@@21 @@@,@@@111@@@,@@@2507@@@,@@@0@@@,@@@0@@@,@@@1@@@,@@@0@@@,@@@@@@,@@@2013.06.11@@@,@@@2013.06.11@@@,@@@0@@@,@@@0@@@,@@@0@@@,@@@0@@@,@@@0@@@,@@@0@@@,@@@0@@@,@@@0@@@,@@@0@@@,@@@0@@@,@@@0@@@,@@@1@@@,@@@0@@@,0,170,0,0,2,0,1,1,0,@@@NO@@@,0,0)','',2,'2013-06-11'),(25067,'DELETE FROM mae_impuestos_productos WHERE pro_codigo_plu=@@@780721082@@@','',2,'2013-06-11'),(25068,'INSERT INTO mae_productos (pro_codigo_plu,pro_codigo_barra,pro_tipo,pro_nombre_producto,pro_nombre_corto,med_id,emb_id,pro_unidades_embalaje,dep_id,lin_id,mar_id,pro_precio_compra_neto,pro_precio_compra_bruto,pro_precio_venta,pro_margen_actual,pro_oferta,pro_fecha_inicio_oferta,pro_fecha_termino_oferta,pro_precio_oferta,pro_stock_minimo,pro_stock_critico,pro_entradas_bodega,pro_salidas_bodega,pro_mermas_bodega,pro_ajustes_bodega,pro_entradas_sv,pro_salidas_sv,pro_mermas_sv,pro_ajustes_sv,pro_activo,rec_numero,pro_unidad,pro_capacidad,pro_consumo_bodega,pro_consumo_sv,pro_estado,pro_funcion_plu,pro_flejes,pro_iva,pro_plu_asociado,pro_envase,pro_duracion,pro_numero_etiqueta) VALUES (780721083,@@@7804614181222@@@,@@@0@@@,@@@ESPUMA DE AFEITAR MENTOLADA 170ML@@@,@@@ESPUMA DE AFEITA@@@,@@@7 @@@,@@@3 @@@,@@@0@@@,@@@21 @@@,@@@111@@@,@@@2507@@@,@@@0@@@,@@@0@@@,@@@1@@@,@@@0@@@,@@@@@@,@@@2013.06.11@@@,@@@2013.06.11@@@,@@@0@@@,@@@0@@@,@@@0@@@,@@@0@@@,@@@0@@@,@@@0@@@,@@@0@@@,@@@0@@@,@@@0@@@,@@@0@@@,@@@0@@@,@@@1@@@,@@@0@@@,0,170,0,0,2,0,1,1,0,@@@NO@@@,0,0)','',2,'2013-06-11'),(25069,'DELETE FROM mae_impuestos_productos WHERE pro_codigo_plu=@@@780721083@@@','',2,'2013-06-11'),(25070,'INSERT INTO mae_productos (pro_codigo_plu,pro_codigo_barra,pro_tipo,pro_nombre_producto,pro_nombre_corto,med_id,emb_id,pro_unidades_embalaje,dep_id,lin_id,mar_id,pro_precio_compra_neto,pro_precio_compra_bruto,pro_precio_venta,pro_margen_actual,pro_oferta,pro_fecha_inicio_oferta,pro_fecha_termino_oferta,pro_precio_oferta,pro_stock_minimo,pro_stock_critico,pro_entradas_bodega,pro_salidas_bodega,pro_mermas_bodega,pro_ajustes_bodega,pro_entradas_sv,pro_salidas_sv,pro_mermas_sv,pro_ajustes_sv,pro_activo,rec_numero,pro_unidad,pro_capacidad,pro_consumo_bodega,pro_consumo_sv,pro_estado,pro_funcion_plu,pro_flejes,pro_iva,pro_plu_asociado,pro_envase,pro_duracion,pro_numero_etiqueta) VALUES (780721084,@@@7506295304340@@@,@@@0@@@,@@@DESODORANTE OLD SPICE SHOWTIME@@@,@@@DESODORANTE OLD @@@,@@@7 @@@,@@@3 @@@,@@@0@@@,@@@21 @@@,@@@118@@@,@@@1419@@@,@@@0@@@,@@@0@@@,@@@2290@@@,@@@0@@@,@@@@@@,@@@2013.06.11@@@,@@@2013.06.11@@@,@@@0@@@,@@@0@@@,@@@0@@@,@@@0@@@,@@@0@@@,@@@0@@@,@@@0@@@,@@@0@@@,@@@0@@@,@@@0@@@,@@@0@@@,@@@1@@@,@@@0@@@,0,107,0,0,2,0,1,1,0,@@@NO@@@,0,0)','',2,'2013-06-11'),(25071,'DELETE FROM mae_impuestos_productos WHERE pro_codigo_plu=@@@780721084@@@','',2,'2013-06-11'),(25072,'INSERT INTO gne_vale_ferreteria (vfe_id,vfe_fecha,vfe_total,vfe_estado,vfe_entregado,usu_nusuario) VALUES (2188,@@@2013.06.11@@@,3319,1,0,@@@s_diaz@@@)','',2,'2013-06-11'),(25073,'INSERT INTO gne_vale_ferreteria_mov (vfe_id,pro_codigo_plu,vfm_cantidad,vfm_unitario,vfm_total,vfm_entregado) VALUES (2188,763622,1,1399,1399,@@@NO@@@)','',2,'2013-06-11'),(25074,'INSERT INTO gne_vale_ferreteria_mov (vfe_id,pro_codigo_plu,vfm_cantidad,vfm_unitario,vfm_total,vfm_entregado) VALUES (2188,763777,1,1150,1150,@@@NO@@@)','',2,'2013-06-11'),(25075,'INSERT INTO gne_vale_ferreteria_mov (vfe_id,pro_codigo_plu,vfm_cantidad,vfm_unitario,vfm_total,vfm_entregado) VALUES (2188,1040,1,200,200,@@@NO@@@)','',2,'2013-06-11'),(25076,'INSERT INTO gne_vale_ferreteria_mov (vfe_id,pro_codigo_plu,vfm_cantidad,vfm_unitario,vfm_total,vfm_entregado) VALUES (2188,763592,1,200,200,@@@NO@@@)','',2,'2013-06-11'),(25077,'INSERT INTO gne_vale_ferreteria_mov (vfe_id,pro_codigo_plu,vfm_cantidad,vfm_unitario,vfm_total,vfm_entregado) VALUES (2188,780220193,1,370,370,@@@NO@@@)','',2,'2013-06-11'),(25078,'INSERT INTO gne_vale_ferreteria (vfe_id,vfe_fecha,vfe_total,vfe_estado,vfe_entregado,usu_nusuario) VALUES (2189,@@@2013.06.11@@@,890,1,0,@@@s_diaz@@@)','',2,'2013-06-11'),(25079,'INSERT INTO gne_vale_ferreteria_mov (vfe_id,pro_codigo_plu,vfm_cantidad,vfm_unitario,vfm_total,vfm_entregado) VALUES (2189,2014,1,890,890,@@@NO@@@)','',2,'2013-06-11'),(25080,'INSERT INTO gne_vale_ferreteria (vfe_id,vfe_fecha,vfe_total,vfe_estado,vfe_entregado,usu_nusuario) VALUES (2190,@@@2013.06.11@@@,180,1,0,@@@s_diaz@@@)','',2,'2013-06-11'),(25081,'INSERT INTO gne_vale_ferreteria_mov (vfe_id,pro_codigo_plu,vfm_cantidad,vfm_unitario,vfm_total,vfm_entregado) VALUES (2190,15745,1,180,180,@@@NO@@@)','',2,'2013-06-11'),(25082,'INSERT INTO gne_vale_ferreteria (vfe_id,vfe_fecha,vfe_total,vfe_estado,vfe_entregado,usu_nusuario) VALUES (2191,@@@2013.06.11@@@,900,1,0,@@@s_diaz@@@)','',2,'2013-06-11'),(25083,'INSERT INTO gne_vale_ferreteria_mov (vfe_id,pro_codigo_plu,vfm_cantidad,vfm_unitario,vfm_total,vfm_entregado) VALUES (2191,764539,1,450,450,@@@NO@@@)','',2,'2013-06-11'),(25084,'INSERT INTO gne_vale_ferreteria_mov (vfe_id,pro_codigo_plu,vfm_cantidad,vfm_unitario,vfm_total,vfm_entregado) VALUES (2191,763834,1,450,450,@@@NO@@@)','',2,'2013-06-11'),(25085,'INSERT INTO gne_vale_ferreteria (vfe_id,vfe_fecha,vfe_total,vfe_estado,vfe_entregado,usu_nusuario) VALUES (2192,@@@2013.06.11@@@,900,1,0,@@@s_diaz@@@)','',2,'2013-06-11'),(25086,'INSERT INTO gne_vale_ferreteria_mov (vfe_id,pro_codigo_plu,vfm_cantidad,vfm_unitario,vfm_total,vfm_entregado) VALUES (2192,763834,2,450,900,@@@NO@@@)','',2,'2013-06-11'),(25087,'UPDATE mae_productos SET pro_codigo_barra=@@@7804614181383@@@,pro_tipo=@@@0@@@,pro_nombre_producto=@@@ESTUCHE JEAN PIERRE UETIUER POUR HOMME PARIS@@@,pro_nombre_corto=@@@ESTUCHE JEAN PIE@@@,med_id=@@@1@@@,emb_id=@@@3@@@,pro_unidades_embalaje=@@@0@@@,dep_id=@@@21 @@@,lin_id=@@@116@@@,mar_id=@@@2594@@@,pro_precio_compra_neto=@@@0@@@,pro_precio_compra_bruto=@@@0@@@,pro_precio_venta=@@@3990@@@,pro_margen_actual=@@@0@@@,pro_oferta=@@@NO@@@,pro_fecha_inicio_oferta=@@@2013.04.29@@@,pro_fecha_termino_oferta=@@@2013.04.29@@@,pro_precio_oferta=@@@0@@@,pro_stock_minimo=@@@0@@@,pro_stock_critico=@@@0@@@,pro_activo=@@@1@@@,pro_unidad=@@@0@@@,pro_precio_compra_bruto=0,pro_margen_actual=0,pro_capacidad=2,pro_funcion_plu=0,pro_flejes=1,pro_iva=1,pro_plu_asociado=0,pro_envase=@@@NO@@@,pro_duracion=0,pro_numero_etiqueta=0 WHERE pro_codigo_plu=@@@764044@@@','',2,'2013-06-11'),(25088,'UPDATE mae_productos SET pro_estado=1 WHERE pro_codigo_plu=764044','',2,'2013-06-11'),(25089,'DELETE FROM mae_impuestos_productos WHERE pro_codigo_plu=@@@764044@@@','',2,'2013-06-11'),(25090,'UPDATE mae_productos SET pro_codigo_barra=@@@7804614181116@@@,pro_tipo=@@@0@@@,pro_nombre_producto=@@@ESTUCHE ORIGINAL CLASSIC ELEGANZA RICCIARDI@@@,pro_nombre_corto=@@@ESTUCHE ORIGINAL@@@,med_id=@@@1@@@,emb_id=@@@3@@@,pro_unidades_embalaje=@@@0@@@,dep_id=@@@21 @@@,lin_id=@@@116@@@,mar_id=@@@2318@@@,pro_precio_compra_neto=@@@0@@@,pro_precio_compra_bruto=@@@0@@@,pro_precio_venta=@@@3890@@@,pro_margen_actual=@@@0@@@,pro_oferta=@@@NO@@@,pro_fecha_inicio_oferta=@@@2013.04.29@@@,pro_fecha_termino_oferta=@@@2013.04.29@@@,pro_precio_oferta=@@@0@@@,pro_stock_minimo=@@@0@@@,pro_stock_critico=@@@0@@@,pro_activo=@@@1@@@,pro_unidad=@@@0@@@,pro_precio_compra_bruto=0,pro_margen_actual=0,pro_capacidad=2,pro_funcion_plu=0,pro_flejes=1,pro_iva=1,pro_plu_asociado=0,pro_envase=@@@NO@@@,pro_duracion=0,pro_numero_etiqueta=0 WHERE pro_codigo_plu=@@@764038@@@','',2,'2013-06-11'),(25091,'UPDATE mae_productos SET pro_estado=1 WHERE pro_codigo_plu=764038','',2,'2013-06-11'),(25092,'DELETE FROM mae_impuestos_productos WHERE pro_codigo_plu=@@@764038@@@','',2,'2013-06-11'),(25093,'INSERT INTO mae_productos (pro_codigo_plu,pro_codigo_barra,pro_tipo,pro_nombre_producto,pro_nombre_corto,med_id,emb_id,pro_unidades_embalaje,dep_id,lin_id,mar_id,pro_precio_compra_neto,pro_precio_compra_bruto,pro_precio_venta,pro_margen_actual,pro_oferta,pro_fecha_inicio_oferta,pro_fecha_termino_oferta,pro_precio_oferta,pro_stock_minimo,pro_stock_critico,pro_entradas_bodega,pro_salidas_bodega,pro_mermas_bodega,pro_ajustes_bodega,pro_entradas_sv,pro_salidas_sv,pro_mermas_sv,pro_ajustes_sv,pro_activo,rec_numero,pro_unidad,pro_capacidad,pro_consumo_bodega,pro_consumo_sv,pro_estado,pro_funcion_plu,pro_flejes,pro_iva,pro_plu_asociado,pro_envase,pro_duracion,pro_numero_etiqueta) VALUES (780721085,@@@7804614181390@@@,@@@0@@@,@@@ESTUCHE JEAN PIERRE CLASSIQUE@@@,@@@ESTUCHE JEAN PIE@@@,@@@7 @@@,@@@3 @@@,@@@0@@@,@@@21 @@@,@@@116@@@,@@@2594@@@,@@@0@@@,@@@0@@@,@@@3990@@@,@@@0@@@,@@@@@@,@@@2013.06.11@@@,@@@2013.06.11@@@,@@@0@@@,@@@0@@@,@@@0@@@,@@@0@@@,@@@0@@@,@@@0@@@,@@@0@@@,@@@0@@@,@@@0@@@,@@@0@@@,@@@0@@@,@@@1@@@,@@@0@@@,0,1,0,0,2,0,1,1,0,@@@NO@@@,0,0)','',2,'2013-06-11'),(25094,'DELETE FROM mae_impuestos_productos WHERE pro_codigo_plu=@@@780721085@@@','',2,'2013-06-11'),(25095,'INSERT INTO mae_productos (pro_codigo_plu,pro_codigo_barra,pro_tipo,pro_nombre_producto,pro_nombre_corto,med_id,emb_id,pro_unidades_embalaje,dep_id,lin_id,mar_id,pro_precio_compra_neto,pro_precio_compra_bruto,pro_precio_venta,pro_margen_actual,pro_oferta,pro_fecha_inicio_oferta,pro_fecha_termino_oferta,pro_precio_oferta,pro_stock_minimo,pro_stock_critico,pro_entradas_bodega,pro_salidas_bodega,pro_mermas_bodega,pro_ajustes_bodega,pro_entradas_sv,pro_salidas_sv,pro_mermas_sv,pro_ajustes_sv,pro_activo,rec_numero,pro_unidad,pro_capacidad,pro_consumo_bodega,pro_consumo_sv,pro_estado,pro_funcion_plu,pro_flejes,pro_iva,pro_plu_asociado,pro_envase,pro_duracion,pro_numero_etiqueta) VALUES (780721086,@@@7804614181093@@@,@@@0@@@,@@@ESTUCHE RICARDI INTENSE@@@,@@@ESTUCHE RICARDI @@@,@@@7 @@@,@@@3 @@@,@@@0@@@,@@@21 @@@,@@@116@@@,@@@2318@@@,@@@0@@@,@@@0@@@,@@@3890@@@,@@@0@@@,@@@@@@,@@@2013.06.11@@@,@@@2013.06.11@@@,@@@0@@@,@@@0@@@,@@@0@@@,@@@0@@@,@@@0@@@,@@@0@@@,@@@0@@@,@@@0@@@,@@@0@@@,@@@0@@@,@@@0@@@,@@@1@@@,@@@0@@@,0,55,0,0,2,0,1,1,0,@@@NO@@@,0,0)','',2,'2013-06-11'),(25096,'DELETE FROM mae_impuestos_productos WHERE pro_codigo_plu=@@@780721086@@@','',2,'2013-06-11'),(25097,'INSERT INTO mae_productos (pro_codigo_plu,pro_codigo_barra,pro_tipo,pro_nombre_producto,pro_nombre_corto,med_id,emb_id,pro_unidades_embalaje,dep_id,lin_id,mar_id,pro_precio_compra_neto,pro_precio_compra_bruto,pro_precio_venta,pro_margen_actual,pro_oferta,pro_fecha_inicio_oferta,pro_fecha_termino_oferta,pro_precio_oferta,pro_stock_minimo,pro_stock_critico,pro_entradas_bodega,pro_salidas_bodega,pro_mermas_bodega,pro_ajustes_bodega,pro_entradas_sv,pro_salidas_sv,pro_mermas_sv,pro_ajustes_sv,pro_activo,rec_numero,pro_unidad,pro_capacidad,pro_consumo_bodega,pro_consumo_sv,pro_estado,pro_funcion_plu,pro_flejes,pro_iva,pro_plu_asociado,pro_envase,pro_duracion,pro_numero_etiqueta) VALUES (780721087,@@@7506309836324@@@,@@@0@@@,@@@GILLETTE GEL AFEITAR+CARTUCHO MACH3@@@,@@@GILLETTE GEL AFE@@@,@@@1 @@@,@@@3 @@@,@@@0@@@,@@@21 @@@,@@@111@@@,@@@2110@@@,@@@0@@@,@@@0@@@,@@@6790@@@,@@@0@@@,@@@@@@,@@@2013.06.11@@@,@@@2013.06.11@@@,@@@0@@@,@@@0@@@,@@@0@@@,@@@0@@@,@@@0@@@,@@@0@@@,@@@0@@@,@@@0@@@,@@@0@@@,@@@0@@@,@@@0@@@,@@@1@@@,@@@0@@@,0,1,0,0,2,0,1,1,0,@@@NO@@@,0,0)','',2,'2013-06-11'),(25098,'DELETE FROM mae_impuestos_productos WHERE pro_codigo_plu=@@@780721087@@@','',2,'2013-06-11'),(25099,'INSERT INTO gne_vale_ferreteria (vfe_id,vfe_fecha,vfe_total,vfe_estado,vfe_entregado,usu_nusuario) VALUES (2193,@@@2013.06.11@@@,220,1,0,@@@s_diaz@@@)','',2,'2013-06-11'),(25100,'INSERT INTO gne_vale_ferreteria_mov (vfe_id,pro_codigo_plu,vfm_cantidad,vfm_unitario,vfm_total,vfm_entregado) VALUES (2193,764768,1,220,220,@@@NO@@@)','',2,'2013-06-11'),(25101,'UPDATE mae_productos SET pro_codigo_barra=@@@7506309840642@@@,pro_tipo=@@@0@@@,pro_nombre_producto=@@@GILLETTE MACH3 SENSITIVE@@@,pro_nombre_corto=@@@GILLETTE MACH3@@@,med_id=@@@1@@@,emb_id=@@@3@@@,pro_unidades_embalaje=@@@0@@@,dep_id=@@@21 @@@,lin_id=@@@111@@@,mar_id=@@@2110@@@,pro_precio_compra_neto=@@@0@@@,pro_precio_compra_bruto=@@@0@@@,pro_precio_venta=@@@5690@@@,pro_margen_actual=@@@0@@@,pro_oferta=@@@NO@@@,pro_fecha_inicio_oferta=@@@2013.06.11@@@,pro_fecha_termino_oferta=@@@2013.06.11@@@,pro_precio_oferta=@@@0@@@,pro_stock_minimo=@@@0@@@,pro_stock_critico=@@@0@@@,pro_activo=@@@1@@@,pro_unidad=@@@0@@@,pro_precio_compra_bruto=0,pro_margen_actual=0,pro_capacidad=1,pro_funcion_plu=0,pro_flejes=1,pro_iva=1,pro_plu_asociado=0,pro_envase=@@@NO@@@,pro_duracion=0,pro_numero_etiqueta=0 WHERE pro_codigo_plu=@@@780721073@@@','',2,'2013-06-11'),(25102,'UPDATE mae_productos SET pro_estado=1 WHERE pro_codigo_plu=780721073','',2,'2013-06-11'),(25103,'DELETE FROM mae_impuestos_productos WHERE pro_codigo_plu=@@@780721073@@@','',2,'2013-06-11'),(25104,'INSERT INTO mae_productos (pro_codigo_plu,pro_codigo_barra,pro_tipo,pro_nombre_producto,pro_nombre_corto,med_id,emb_id,pro_unidades_embalaje,dep_id,lin_id,mar_id,pro_precio_compra_neto,pro_precio_compra_bruto,pro_precio_venta,pro_margen_actual,pro_oferta,pro_fecha_inicio_oferta,pro_fecha_termino_oferta,pro_precio_oferta,pro_stock_minimo,pro_stock_critico,pro_entradas_bodega,pro_salidas_bodega,pro_mermas_bodega,pro_ajustes_bodega,pro_entradas_sv,pro_salidas_sv,pro_mermas_sv,pro_ajustes_sv,pro_activo,rec_numero,pro_unidad,pro_capacidad,pro_consumo_bodega,pro_consumo_sv,pro_estado,pro_funcion_plu,pro_flejes,pro_iva,pro_plu_asociado,pro_envase,pro_duracion,pro_numero_etiqueta) VALUES (780721088,@@@7506309840956@@@,@@@0@@@,@@@ESTUCHE MAQUINA+ANTITRASPIRANTE+GEL AFEITAR@@@,@@@ESTUCHE MAQUINA+@@@,@@@1 @@@,@@@3 @@@,@@@0@@@,@@@21 @@@,@@@111@@@,@@@2110@@@,@@@0@@@,@@@0@@@,@@@5890@@@,@@@0@@@,@@@@@@,@@@2013.06.11@@@,@@@2013.06.11@@@,@@@0@@@,@@@0@@@,@@@0@@@,@@@0@@@,@@@0@@@,@@@0@@@,@@@0@@@,@@@0@@@,@@@0@@@,@@@0@@@,@@@0@@@,@@@1@@@,@@@0@@@,0,1,0,0,2,0,1,1,0,@@@NO@@@,0,0)','',2,'2013-06-11'),(25105,'DELETE FROM mae_impuestos_productos WHERE pro_codigo_plu=@@@780721088@@@','',2,'2013-06-11'),(25106,'INSERT INTO mae_productos (pro_codigo_plu,pro_codigo_barra,pro_tipo,pro_nombre_producto,pro_nombre_corto,med_id,emb_id,pro_unidades_embalaje,dep_id,lin_id,mar_id,pro_precio_compra_neto,pro_precio_compra_bruto,pro_precio_venta,pro_margen_actual,pro_oferta,pro_fecha_inicio_oferta,pro_fecha_termino_oferta,pro_precio_oferta,pro_stock_minimo,pro_stock_critico,pro_entradas_bodega,pro_salidas_bodega,pro_mermas_bodega,pro_ajustes_bodega,pro_entradas_sv,pro_salidas_sv,pro_mermas_sv,pro_ajustes_sv,pro_activo,rec_numero,pro_unidad,pro_capacidad,pro_consumo_bodega,pro_consumo_sv,pro_estado,pro_funcion_plu,pro_flejes,pro_iva,pro_plu_asociado,pro_envase,pro_duracion,pro_numero_etiqueta) VALUES (780721089,@@@7506309840659@@@,@@@0@@@,@@@ESTUCHE MAQUINA AFEITAR+CARTUCHO+GEL@@@,@@@ESTUCHE MAQUINA @@@,@@@1 @@@,@@@3 @@@,@@@0@@@,@@@21 @@@,@@@111@@@,@@@2110@@@,@@@0@@@,@@@0@@@,@@@6590@@@,@@@0@@@,@@@@@@,@@@2013.06.11@@@,@@@2013.06.11@@@,@@@0@@@,@@@0@@@,@@@0@@@,@@@0@@@,@@@0@@@,@@@0@@@,@@@0@@@,@@@0@@@,@@@0@@@,@@@0@@@,@@@0@@@,@@@1@@@,@@@0@@@,0,1,0,0,2,0,1,1,0,@@@NO@@@,0,0)','',2,'2013-06-11'),(25107,'DELETE FROM mae_impuestos_productos WHERE pro_codigo_plu=@@@780721089@@@','',2,'2013-06-11'),(25108,'UPDATE mae_productos SET pro_codigo_barra=@@@7506309836324@@@,pro_tipo=@@@0@@@,pro_nombre_producto=@@@GILLETTE GEL AFEITAR+CARTUCHO MACH3@@@,pro_nombre_corto=@@@GILLETTE GEL AFE@@@,med_id=@@@1@@@,emb_id=@@@3@@@,pro_unidades_embalaje=@@@0@@@,dep_id=@@@21 @@@,lin_id=@@@111@@@,mar_id=@@@2110@@@,pro_precio_compra_neto=@@@0@@@,pro_precio_compra_bruto=@@@0@@@,pro_precio_venta=@@@6790@@@,pro_margen_actual=@@@0@@@,pro_oferta=@@@NO@@@,pro_fecha_inicio_oferta=@@@2013.06.11@@@,pro_fecha_termino_oferta=@@@2013.06.11@@@,pro_precio_oferta=@@@0@@@,pro_stock_minimo=@@@0@@@,pro_stock_critico=@@@0@@@,pro_activo=@@@1@@@,pro_unidad=@@@0@@@,pro_precio_compra_bruto=0,pro_margen_actual=0,pro_capacidad=1,pro_funcion_plu=0,pro_flejes=1,pro_iva=1,pro_plu_asociado=0,pro_envase=@@@NO@@@,pro_duracion=0,pro_numero_etiqueta=0 WHERE pro_codigo_plu=@@@780721087@@@','',2,'2013-06-11'),(25109,'UPDATE mae_productos SET pro_estado=1 WHERE pro_codigo_plu=780721087','',2,'2013-06-11'),(25110,'DELETE FROM mae_impuestos_productos WHERE pro_codigo_plu=@@@780721087@@@','',2,'2013-06-11'),(25111,'UPDATE mae_productos SET pro_codigo_barra=@@@7804614181222@@@,pro_tipo=@@@0@@@,pro_nombre_producto=@@@ESPUMA DE AFEITAR MENTOLADA 170ML@@@,pro_nombre_corto=@@@ESPUMA DE AFEITA@@@,med_id=@@@7@@@,emb_id=@@@3@@@,pro_unidades_embalaje=@@@0@@@,dep_id=@@@21 @@@,lin_id=@@@111@@@,mar_id=@@@2507@@@,pro_precio_compra_neto=@@@0@@@,pro_precio_compra_bruto=@@@0@@@,pro_precio_venta=@@@2290@@@,pro_margen_actual=@@@0@@@,pro_oferta=@@@NO@@@,pro_fecha_inicio_oferta=@@@2013.06.11@@@,pro_fecha_termino_oferta=@@@2013.06.11@@@,pro_precio_oferta=@@@0@@@,pro_stock_minimo=@@@0@@@,pro_stock_critico=@@@0@@@,pro_activo=@@@1@@@,pro_unidad=@@@0@@@,pro_precio_compra_bruto=0,pro_margen_actual=0,pro_capacidad=170,pro_funcion_plu=0,pro_flejes=1,pro_iva=1,pro_plu_asociado=0,pro_envase=@@@NO@@@,pro_duracion=0,pro_numero_etiqueta=0 WHERE pro_codigo_plu=@@@780721083@@@','',2,'2013-06-11'),(25112,'UPDATE mae_productos SET pro_estado=1 WHERE pro_codigo_plu=780721083','',2,'2013-06-11'),(25113,'DELETE FROM mae_impuestos_productos WHERE pro_codigo_plu=@@@780721083@@@','',2,'2013-06-11'),(25114,'UPDATE mae_productos SET pro_codigo_barra=@@@7804614180812@@@,pro_tipo=@@@0@@@,pro_nombre_producto=@@@ESPUMA DE AFEITAR SLIDE 170ML@@@,pro_nombre_corto=@@@ESPUMA DE AFEITA@@@,med_id=@@@7@@@,emb_id=@@@3@@@,pro_unidades_embalaje=@@@0@@@,dep_id=@@@21 @@@,lin_id=@@@111@@@,mar_id=@@@2507@@@,pro_precio_compra_neto=@@@0@@@,pro_precio_compra_bruto=@@@0@@@,pro_precio_venta=@@@2290@@@,pro_margen_actual=@@@0@@@,pro_oferta=@@@NO@@@,pro_fecha_inicio_oferta=@@@2013.06.11@@@,pro_fecha_termino_oferta=@@@2013.06.11@@@,pro_precio_oferta=@@@0@@@,pro_stock_minimo=@@@0@@@,pro_stock_critico=@@@0@@@,pro_activo=@@@1@@@,pro_unidad=@@@0@@@,pro_precio_compra_bruto=0,pro_margen_actual=0,pro_capacidad=170,pro_funcion_plu=0,pro_flejes=1,pro_iva=1,pro_plu_asociado=0,pro_envase=@@@NO@@@,pro_duracion=0,pro_numero_etiqueta=0 WHERE pro_codigo_plu=@@@780721082@@@','',2,'2013-06-11'),(25115,'UPDATE mae_productos SET pro_estado=1 WHERE pro_codigo_plu=780721082','',2,'2013-06-11'),(25116,'DELETE FROM mae_impuestos_productos WHERE pro_codigo_plu=@@@780721082@@@','',2,'2013-06-11'),(25117,'INSERT INTO gne_vale_ferreteria (vfe_id,vfe_fecha,vfe_total,vfe_estado,vfe_entregado,usu_nusuario) VALUES (2194,@@@2013.06.11@@@,480,1,0,@@@s_diaz@@@)','',2,'2013-06-11'),(25118,'INSERT INTO gne_vale_ferreteria_mov (vfe_id,pro_codigo_plu,vfm_cantidad,vfm_unitario,vfm_total,vfm_entregado) VALUES (2194,4080,12,40,480,@@@NO@@@)','',2,'2013-06-11'),(25119,'INSERT INTO mae_productos (pro_codigo_plu,pro_codigo_barra,pro_tipo,pro_nombre_producto,pro_nombre_corto,med_id,emb_id,pro_unidades_embalaje,dep_id,lin_id,mar_id,pro_precio_compra_neto,pro_precio_compra_bruto,pro_precio_venta,pro_margen_actual,pro_oferta,pro_fecha_inicio_oferta,pro_fecha_termino_oferta,pro_precio_oferta,pro_stock_minimo,pro_stock_critico,pro_entradas_bodega,pro_salidas_bodega,pro_mermas_bodega,pro_ajustes_bodega,pro_entradas_sv,pro_salidas_sv,pro_mermas_sv,pro_ajustes_sv,pro_activo,rec_numero,pro_unidad,pro_capacidad,pro_consumo_bodega,pro_consumo_sv,pro_estado,pro_funcion_plu,pro_flejes,pro_iva,pro_plu_asociado,pro_envase,pro_duracion,pro_numero_etiqueta) VALUES (780721090,@@@780721090@@@,@@@0@@@,@@@ESTUCHE MILLIONAIRE GOLD COLONIA SPRAIT+DESODORANTE 150ML@@@,@@@ESTUCHE MILLIONA@@@,@@@1 @@@,@@@3 @@@,@@@0@@@,@@@21 @@@,@@@116@@@,@@@1987@@@,@@@0@@@,@@@0@@@,@@@7390@@@,@@@0@@@,@@@@@@,@@@2013.06.11@@@,@@@2013.06.11@@@,@@@0@@@,@@@0@@@,@@@0@@@,@@@0@@@,@@@0@@@,@@@0@@@,@@@0@@@,@@@0@@@,@@@0@@@,@@@0@@@,@@@0@@@,@@@1@@@,@@@0@@@,0,1,0,0,2,0,1,1,0,@@@NO@@@,0,0)','',2,'2013-06-11'),(25120,'DELETE FROM mae_impuestos_productos WHERE pro_codigo_plu=@@@780721090@@@','',2,'2013-06-11'),(25121,'UPDATE mae_productos SET pro_codigo_barra=@@@7804614181109@@@,pro_tipo=@@@0@@@,pro_nombre_producto=@@@ESTUCHE PINO FRESH@@@,pro_nombre_corto=@@@ESTUCHE PINO FRE@@@,med_id=@@@1@@@,emb_id=@@@3@@@,pro_unidades_embalaje=@@@0@@@,dep_id=@@@21 @@@,lin_id=@@@116@@@,mar_id=@@@731@@@,pro_precio_compra_neto=@@@0@@@,pro_precio_compra_bruto=@@@0@@@,pro_precio_venta=@@@3990@@@,pro_margen_actual=@@@0@@@,pro_oferta=@@@NO@@@,pro_fecha_inicio_oferta=@@@2013.04.29@@@,pro_fecha_termino_oferta=@@@2013.04.29@@@,pro_precio_oferta=@@@0@@@,pro_stock_minimo=@@@0@@@,pro_stock_critico=@@@0@@@,pro_activo=@@@1@@@,pro_unidad=@@@0@@@,pro_precio_compra_bruto=0,pro_margen_actual=0,pro_capacidad=1,pro_funcion_plu=0,pro_flejes=1,pro_iva=1,pro_plu_asociado=0,pro_envase=@@@NO@@@,pro_duracion=0,pro_numero_etiqueta=0 WHERE pro_codigo_plu=@@@764004@@@','',2,'2013-06-11'),(25122,'UPDATE mae_productos SET pro_estado=1 WHERE pro_codigo_plu=764004','',2,'2013-06-11'),(25123,'DELETE FROM mae_impuestos_productos WHERE pro_codigo_plu=@@@764004@@@','',2,'2013-06-11'),(25124,'INSERT INTO gne_vale_ferreteria (vfe_id,vfe_fecha,vfe_total,vfe_estado,vfe_entregado,usu_nusuario) VALUES (2195,@@@2013.06.11@@@,260,1,0,@@@s_diaz@@@)','',2,'2013-06-11'),(25125,'INSERT INTO gne_vale_ferreteria_mov (vfe_id,pro_codigo_plu,vfm_cantidad,vfm_unitario,vfm_total,vfm_entregado) VALUES (2195,764134,1,260,260,@@@NO@@@)','',2,'2013-06-11'),(25126,'INSERT INTO gne_vale_ferreteria (vfe_id,vfe_fecha,vfe_total,vfe_estado,vfe_entregado,usu_nusuario) VALUES (2196,@@@2013.06.11@@@,150,1,0,@@@s_diaz@@@)','',2,'2013-06-11'),(25127,'INSERT INTO gne_vale_ferreteria_mov (vfe_id,pro_codigo_plu,vfm_cantidad,vfm_unitario,vfm_total,vfm_entregado) VALUES (2196,78017110,1,150,150,@@@NO@@@)','',2,'2013-06-11'),(25128,'INSERT INTO gne_vale_ferreteria (vfe_id,vfe_fecha,vfe_total,vfe_estado,vfe_entregado,usu_nusuario) VALUES (2197,@@@2013.06.11@@@,1390,1,0,@@@s_diaz@@@)','',2,'2013-06-11'),(25129,'INSERT INTO gne_vale_ferreteria_mov (vfe_id,pro_codigo_plu,vfm_cantidad,vfm_unitario,vfm_total,vfm_entregado) VALUES (2197,100979,1,1390,1390,@@@NO@@@)','',2,'2013-06-11'),(25130,'INSERT INTO gne_vale_ferreteria (vfe_id,vfe_fecha,vfe_total,vfe_estado,vfe_entregado,usu_nusuario) VALUES (2198,@@@2013.06.11@@@,2960,1,0,@@@s_diaz@@@)','',2,'2013-06-11'),(25131,'INSERT INTO gne_vale_ferreteria_mov (vfe_id,pro_codigo_plu,vfm_cantidad,vfm_unitario,vfm_total,vfm_entregado) VALUES (2198,761997,1,740,740,@@@NO@@@)','',2,'2013-06-11'),(25132,'INSERT INTO gne_vale_ferreteria_mov (vfe_id,pro_codigo_plu,vfm_cantidad,vfm_unitario,vfm_total,vfm_entregado) VALUES (2198,78017056,1,890,890,@@@NO@@@)','',2,'2013-06-11'),(25133,'INSERT INTO gne_vale_ferreteria_mov (vfe_id,pro_codigo_plu,vfm_cantidad,vfm_unitario,vfm_total,vfm_entregado) VALUES (2198,764844,1,490,490,@@@NO@@@)','',2,'2013-06-11'),(25134,'INSERT INTO gne_vale_ferreteria_mov (vfe_id,pro_codigo_plu,vfm_cantidad,vfm_unitario,vfm_total,vfm_entregado) VALUES (2198,761996,1,840,840,@@@NO@@@)','',2,'2013-06-11'),(25135,'INSERT INTO gne_vale_ferreteria (vfe_id,vfe_fecha,vfe_total,vfe_estado,vfe_entregado,usu_nusuario) VALUES (2199,@@@2013.06.12@@@,1719,1,0,@@@b_SAEZ@@@)','',2,'2013-06-12'),(25136,'INSERT INTO gne_vale_ferreteria_mov (vfe_id,pro_codigo_plu,vfm_cantidad,vfm_unitario,vfm_total,vfm_entregado) VALUES (2199,764134,1,260,260,@@@NO@@@)','',2,'2013-06-12'),(25137,'INSERT INTO gne_vale_ferreteria_mov (vfe_id,pro_codigo_plu,vfm_cantidad,vfm_unitario,vfm_total,vfm_entregado) VALUES (2199,763622,1,1399,1399,@@@NO@@@)','',2,'2013-06-12'),(25138,'INSERT INTO gne_vale_ferreteria_mov (vfe_id,pro_codigo_plu,vfm_cantidad,vfm_unitario,vfm_total,vfm_entregado) VALUES (2199,764780,1,60,60,@@@NO@@@)','',2,'2013-06-12'),(25139,'INSERT INTO gne_vale_ferreteria (vfe_id,vfe_fecha,vfe_total,vfe_estado,vfe_entregado,usu_nusuario) VALUES (2200,@@@2013.06.12@@@,150,1,0,@@@b_SAEZ@@@)','',2,'2013-06-12'),(25140,'INSERT INTO gne_vale_ferreteria_mov (vfe_id,pro_codigo_plu,vfm_cantidad,vfm_unitario,vfm_total,vfm_entregado) VALUES (2200,763869,1,150,150,@@@NO@@@)','',2,'2013-06-12'),(25141,'INSERT INTO gne_vale_ferreteria (vfe_id,vfe_fecha,vfe_total,vfe_estado,vfe_entregado,usu_nusuario) VALUES (2201,@@@2013.06.12@@@,150,1,0,@@@b_SAEZ@@@)','',2,'2013-06-12'),(25142,'INSERT INTO gne_vale_ferreteria_mov (vfe_id,pro_codigo_plu,vfm_cantidad,vfm_unitario,vfm_total,vfm_entregado) VALUES (2201,763869,1,150,150,@@@NO@@@)','',2,'2013-06-12'),(25143,'INSERT INTO gne_vale_ferreteria (vfe_id,vfe_fecha,vfe_total,vfe_estado,vfe_entregado,usu_nusuario) VALUES (2202,@@@2013.06.12@@@,300,1,0,@@@b_SAEZ@@@)','',2,'2013-06-12'),(25144,'INSERT INTO gne_vale_ferreteria_mov (vfe_id,pro_codigo_plu,vfm_cantidad,vfm_unitario,vfm_total,vfm_entregado) VALUES (2202,763869,2,150,300,@@@NO@@@)','',2,'2013-06-12'),(25145,'INSERT INTO gne_vale_ferreteria (vfe_id,vfe_fecha,vfe_total,vfe_estado,vfe_entregado,usu_nusuario) VALUES (2203,@@@2013.06.12@@@,1290,1,0,@@@b_SAEZ@@@)','',2,'2013-06-12'),(25146,'INSERT INTO gne_vale_ferreteria_mov (vfe_id,pro_codigo_plu,vfm_cantidad,vfm_unitario,vfm_total,vfm_entregado) VALUES (2203,2002,1,1290,1290,@@@NO@@@)','',2,'2013-06-12'),(25147,'INSERT INTO gne_vale_ferreteria (vfe_id,vfe_fecha,vfe_total,vfe_estado,vfe_entregado,usu_nusuario) VALUES (2204,@@@2013.06.12@@@,360,1,0,@@@b_SAEZ@@@)','',2,'2013-06-12'),(25148,'INSERT INTO gne_vale_ferreteria_mov (vfe_id,pro_codigo_plu,vfm_cantidad,vfm_unitario,vfm_total,vfm_entregado) VALUES (2204,15745,2,180,360,@@@NO@@@)','',2,'2013-06-12'),(25149,'UPDATE mae_productos SET pro_margen_actual=0,pro_precio_venta=1890 WHERE pro_codigo_plu=780721080','',2,'2013-06-12'),(25150,'UPDATE mae_productos SET pro_margen_actual=0,pro_precio_venta=1890 WHERE pro_codigo_plu=780721076','',2,'2013-06-12'),(25151,'UPDATE mae_productos SET pro_margen_actual=0,pro_precio_venta=1890 WHERE pro_codigo_plu=780721074','',2,'2013-06-12'),(25152,'UPDATE mae_productos SET pro_margen_actual=0,pro_precio_venta=1890 WHERE pro_codigo_plu=780721077','',2,'2013-06-12'),(25153,'UPDATE mae_productos SET pro_margen_actual=0,pro_precio_venta=1890 WHERE pro_codigo_plu=780721081','',2,'2013-06-12'),(25154,'UPDATE mae_productos SET pro_margen_actual=0,pro_precio_venta=1890 WHERE pro_codigo_plu=780721079','',2,'2013-06-12'),(25155,'UPDATE mae_productos SET pro_margen_actual=0,pro_precio_venta=1890 WHERE pro_codigo_plu=780721078','',2,'2013-06-12'),(25156,'UPDATE mae_productos SET pro_margen_actual=0,pro_precio_venta=1890 WHERE pro_codigo_plu=780721075','',2,'2013-06-12'),(25157,'UPDATE mae_productos SET pro_margen_actual=0,pro_precio_venta=2290 WHERE pro_codigo_plu=780721084','',2,'2013-06-12'),(25158,'UPDATE mae_productos SET pro_margen_actual=0,pro_precio_venta=2290 WHERE pro_codigo_plu=780721083','',2,'2013-06-12'),(25159,'UPDATE mae_productos SET pro_margen_actual=0,pro_precio_venta=2290 WHERE pro_codigo_plu=780721082','',2,'2013-06-12'),(25160,'UPDATE mae_productos SET pro_margen_actual=0,pro_precio_venta=3990 WHERE pro_codigo_plu=780721085','',2,'2013-06-12'),(25161,'UPDATE mae_productos SET pro_margen_actual=0,pro_precio_venta=3990 WHERE pro_codigo_plu=764044','',2,'2013-06-12'),(25162,'UPDATE mae_productos SET pro_margen_actual=0,pro_precio_venta=6590 WHERE pro_codigo_plu=780721089','',2,'2013-06-12'),(25163,'UPDATE mae_productos SET pro_margen_actual=0,pro_precio_venta=5890 WHERE pro_codigo_plu=780721088','',2,'2013-06-12'),(25164,'UPDATE mae_productos SET pro_margen_actual=0,pro_precio_venta=7390 WHERE pro_codigo_plu=780721090','',2,'2013-06-12'),(25165,'UPDATE mae_productos SET pro_margen_actual=0,pro_precio_venta=3890 WHERE pro_codigo_plu=764038','',2,'2013-06-12'),(25166,'UPDATE mae_productos SET pro_margen_actual=0,pro_precio_venta=3990 WHERE pro_codigo_plu=764004','',2,'2013-06-12'),(25167,'UPDATE mae_productos SET pro_margen_actual=0,pro_precio_venta=3890 WHERE pro_codigo_plu=780721086','',2,'2013-06-12'),(25168,'UPDATE mae_productos SET pro_margen_actual=0,pro_precio_venta=6790 WHERE pro_codigo_plu=780721087','',2,'2013-06-12'),(25169,'UPDATE mae_productos SET pro_margen_actual=0,pro_precio_venta=5690 WHERE pro_codigo_plu=780721073','',2,'2013-06-12'),(25170,'UPDATE mae_productos SET pro_margen_actual=0,pro_precio_venta=1190 WHERE pro_codigo_plu=8689','',2,'2013-06-12'),(25171,'UPDATE mae_productos SET pro_precio_fiscal=pro_precio_venta WHERE pro_codigo_plu=8689','',2,'2013-06-12'),(25172,'UPDATE mae_productos SET pro_precio_fiscal=pro_precio_venta WHERE pro_codigo_plu=780721084','',2,'2013-06-12'),(25173,'UPDATE mae_productos SET pro_precio_fiscal=pro_precio_venta WHERE pro_codigo_plu=780721087','',2,'2013-06-12'),(25174,'UPDATE mae_productos SET pro_precio_fiscal=pro_precio_venta WHERE pro_codigo_plu=780721073','',2,'2013-06-12'),(25175,'UPDATE mae_productos SET pro_precio_fiscal=pro_precio_venta WHERE pro_codigo_plu=780721089','',2,'2013-06-12'),(25176,'UPDATE mae_productos SET pro_precio_fiscal=pro_precio_venta WHERE pro_codigo_plu=780721088','',2,'2013-06-12'),(25177,'UPDATE mae_productos SET pro_precio_fiscal=pro_precio_venta WHERE pro_codigo_plu=780721077','',2,'2013-06-12'),(25178,'UPDATE mae_productos SET pro_precio_fiscal=pro_precio_venta WHERE pro_codigo_plu=780721081','',2,'2013-06-12'),(25179,'UPDATE mae_productos SET pro_precio_fiscal=pro_precio_venta WHERE pro_codigo_plu=780721082','',2,'2013-06-12'),(25180,'UPDATE mae_productos SET pro_precio_fiscal=pro_precio_venta WHERE pro_codigo_plu=780721086','',2,'2013-06-12'),(25181,'UPDATE mae_productos SET pro_precio_fiscal=pro_precio_venta WHERE pro_codigo_plu=764004','',2,'2013-06-12'),(25182,'UPDATE mae_productos SET pro_precio_fiscal=pro_precio_venta WHERE pro_codigo_plu=764038','',2,'2013-06-12'),(25183,'UPDATE mae_productos SET pro_precio_fiscal=pro_precio_venta WHERE pro_codigo_plu=780721083','',2,'2013-06-12'),(25184,'UPDATE mae_productos SET pro_precio_fiscal=pro_precio_venta WHERE pro_codigo_plu=764044','',2,'2013-06-12'),(25185,'UPDATE mae_productos SET pro_precio_fiscal=pro_precio_venta WHERE pro_codigo_plu=780721085','',2,'2013-06-12'),(25186,'UPDATE mae_productos SET pro_precio_fiscal=pro_precio_venta WHERE pro_codigo_plu=780721076','',2,'2013-06-12'),(25187,'UPDATE mae_productos SET pro_precio_fiscal=pro_precio_venta WHERE pro_codigo_plu=780721078','',2,'2013-06-12'),(25188,'UPDATE mae_productos SET pro_precio_fiscal=pro_precio_venta WHERE pro_codigo_plu=780721080','',2,'2013-06-12'),(25189,'UPDATE mae_productos SET pro_precio_fiscal=pro_precio_venta WHERE pro_codigo_plu=780721079','',2,'2013-06-12'),(25190,'UPDATE mae_productos SET pro_precio_fiscal=pro_precio_venta WHERE pro_codigo_plu=780721075','',2,'2013-06-12'),(25191,'UPDATE mae_productos SET pro_precio_fiscal=pro_precio_venta WHERE pro_codigo_plu=780721074','',2,'2013-06-12'),(25192,'UPDATE mae_productos SET pro_precio_fiscal=pro_precio_venta WHERE pro_codigo_plu=780721090','',2,'2013-06-12'),(25193,'INSERT INTO mae_productos (pro_codigo_plu,pro_codigo_barra,pro_tipo,pro_nombre_producto,pro_nombre_corto,med_id,emb_id,pro_unidades_embalaje,dep_id,lin_id,mar_id,pro_precio_compra_neto,pro_precio_compra_bruto,pro_precio_venta,pro_margen_actual,pro_oferta,pro_fecha_inicio_oferta,pro_fecha_termino_oferta,pro_precio_oferta,pro_stock_minimo,pro_stock_critico,pro_entradas_bodega,pro_salidas_bodega,pro_mermas_bodega,pro_ajustes_bodega,pro_entradas_sv,pro_salidas_sv,pro_mermas_sv,pro_ajustes_sv,pro_activo,rec_numero,pro_unidad,pro_capacidad,pro_consumo_bodega,pro_consumo_sv,pro_estado,pro_funcion_plu,pro_flejes,pro_iva,pro_plu_asociado,pro_envase,pro_duracion,pro_numero_etiqueta) VALUES (780721091,@@@7804902028598@@@,@@@0@@@,@@@PACK MILLIONAIRE GOLD COLOGNE + DESODORANT 150 ML@@@,@@@PACK MILLIONAIRE@@@,@@@7 @@@,@@@3 @@@,@@@0@@@,@@@21 @@@,@@@116@@@,@@@2507@@@,@@@0@@@,@@@0@@@,@@@7390@@@,@@@0@@@,@@@@@@,@@@2013.06.12@@@,@@@2013.06.12@@@,@@@0@@@,@@@0@@@,@@@0@@@,@@@0@@@,@@@0@@@,@@@0@@@,@@@0@@@,@@@0@@@,@@@0@@@,@@@0@@@,@@@0@@@,@@@1@@@,@@@0@@@,0,150,0,0,2,0,1,1,0,@@@NO@@@,0,0)','',2,'2013-06-12'),(25194,'DELETE FROM mae_impuestos_productos WHERE pro_codigo_plu=@@@780721091@@@','',2,'2013-06-12'),(25195,'INSERT INTO mae_productos (pro_codigo_plu,pro_codigo_barra,pro_tipo,pro_nombre_producto,pro_nombre_corto,med_id,emb_id,pro_unidades_embalaje,dep_id,lin_id,mar_id,pro_precio_compra_neto,pro_precio_compra_bruto,pro_precio_venta,pro_margen_actual,pro_oferta,pro_fecha_inicio_oferta,pro_fecha_termino_oferta,pro_precio_oferta,pro_stock_minimo,pro_stock_critico,pro_entradas_bodega,pro_salidas_bodega,pro_mermas_bodega,pro_ajustes_bodega,pro_entradas_sv,pro_salidas_sv,pro_mermas_sv,pro_ajustes_sv,pro_activo,rec_numero,pro_unidad,pro_capacidad,pro_consumo_bodega,pro_consumo_sv,pro_estado,pro_funcion_plu,pro_flejes,pro_iva,pro_plu_asociado,pro_envase,pro_duracion,pro_numero_etiqueta) VALUES (780721092,@@@7804902028666@@@,@@@0@@@,@@@PACK EGO COLONIA + GEL @@@,@@@PACK EGO COLONIA@@@,@@@7 @@@,@@@3 @@@,@@@0@@@,@@@21 @@@,@@@116@@@,@@@2507@@@,@@@0@@@,@@@0@@@,@@@3490@@@,@@@0@@@,@@@@@@,@@@2013.06.12@@@,@@@2013.06.12@@@,@@@0@@@,@@@0@@@,@@@0@@@,@@@0@@@,@@@0@@@,@@@0@@@,@@@0@@@,@@@0@@@,@@@0@@@,@@@0@@@,@@@0@@@,@@@1@@@,@@@0@@@,0,150,0,0,2,0,1,1,0,@@@NO@@@,0,0)','',2,'2013-06-12'),(25196,'DELETE FROM mae_impuestos_productos WHERE pro_codigo_plu=@@@780721092@@@','',2,'2013-06-12'),(25197,'INSERT INTO mae_productos (pro_codigo_plu,pro_codigo_barra,pro_tipo,pro_nombre_producto,pro_nombre_corto,med_id,emb_id,pro_unidades_embalaje,dep_id,lin_id,mar_id,pro_precio_compra_neto,pro_precio_compra_bruto,pro_precio_venta,pro_margen_actual,pro_oferta,pro_fecha_inicio_oferta,pro_fecha_termino_oferta,pro_precio_oferta,pro_stock_minimo,pro_stock_critico,pro_entradas_bodega,pro_salidas_bodega,pro_mermas_bodega,pro_ajustes_bodega,pro_entradas_sv,pro_salidas_sv,pro_mermas_sv,pro_ajustes_sv,pro_activo,rec_numero,pro_unidad,pro_capacidad,pro_consumo_bodega,pro_consumo_sv,pro_estado,pro_funcion_plu,pro_flejes,pro_iva,pro_plu_asociado,pro_envase,pro_duracion,pro_numero_etiqueta) VALUES (780721093,@@@7804902028697@@@,@@@0@@@,@@@PACK COLOGNE + GEL AFTER SHAVE@@@,@@@PACK COLOGNE + G@@@,@@@7 @@@,@@@3 @@@,@@@0@@@,@@@21 @@@,@@@116@@@,@@@2507@@@,@@@0@@@,@@@0@@@,@@@3890@@@,@@@0@@@,@@@@@@,@@@2013.06.12@@@,@@@2013.06.12@@@,@@@0@@@,@@@0@@@,@@@0@@@,@@@0@@@,@@@0@@@,@@@0@@@,@@@0@@@,@@@0@@@,@@@0@@@,@@@0@@@,@@@0@@@,@@@1@@@,@@@0@@@,0,150,0,0,2,0,1,1,0,@@@NO@@@,0,0)','',2,'2013-06-12'),(25198,'DELETE FROM mae_impuestos_productos WHERE pro_codigo_plu=@@@780721093@@@','',2,'2013-06-12'),(25199,'INSERT INTO mae_productos (pro_codigo_plu,pro_codigo_barra,pro_tipo,pro_nombre_producto,pro_nombre_corto,med_id,emb_id,pro_unidades_embalaje,dep_id,lin_id,mar_id,pro_precio_compra_neto,pro_precio_compra_bruto,pro_precio_venta,pro_margen_actual,pro_oferta,pro_fecha_inicio_oferta,pro_fecha_termino_oferta,pro_precio_oferta,pro_stock_minimo,pro_stock_critico,pro_entradas_bodega,pro_salidas_bodega,pro_mermas_bodega,pro_ajustes_bodega,pro_entradas_sv,pro_salidas_sv,pro_mermas_sv,pro_ajustes_sv,pro_activo,rec_numero,pro_unidad,pro_capacidad,pro_consumo_bodega,pro_consumo_sv,pro_estado,pro_funcion_plu,pro_flejes,pro_iva,pro_plu_asociado,pro_envase,pro_duracion,pro_numero_etiqueta) VALUES (780721094,@@@7804986003078@@@,@@@0@@@,@@@ESMALTE LENOX BRILLO@@@,@@@ESMALTE LENOX BR@@@,@@@5 @@@,@@@3 @@@,@@@0@@@,@@@21 @@@,@@@115@@@,@@@2548@@@,@@@0@@@,@@@0@@@,@@@790@@@,@@@0@@@,@@@@@@,@@@2013.06.12@@@,@@@2013.06.12@@@,@@@0@@@,@@@0@@@,@@@0@@@,@@@0@@@,@@@0@@@,@@@0@@@,@@@0@@@,@@@0@@@,@@@0@@@,@@@0@@@,@@@0@@@,@@@1@@@,@@@0@@@,0,9,0,0,2,0,1,1,0,@@@NO@@@,0,0)','',2,'2013-06-12'),(25200,'DELETE FROM mae_impuestos_productos WHERE pro_codigo_plu=@@@780721094@@@','',2,'2013-06-12'),(25201,'UPDATE mae_productos SET pro_margen_actual=0,pro_precio_venta=790 WHERE pro_codigo_plu=780721094','',2,'2013-06-12'),(25202,'UPDATE mae_productos SET pro_margen_actual=0,pro_precio_venta=3890 WHERE pro_codigo_plu=780721093','',2,'2013-06-12'),(25203,'UPDATE mae_productos SET pro_margen_actual=0,pro_precio_venta=3490 WHERE pro_codigo_plu=780721092','',2,'2013-06-12'),(25204,'UPDATE mae_productos SET pro_margen_actual=0,pro_precio_venta=7390 WHERE pro_codigo_plu=780721091','',2,'2013-06-12'),(25205,'UPDATE mae_productos SET pro_margen_actual=0,pro_precio_venta=450 WHERE pro_codigo_plu=564','',2,'2013-06-12'),(25206,'UPDATE mae_productos SET pro_precio_fiscal=pro_precio_venta WHERE pro_codigo_plu=564','',2,'2013-06-12'),(25207,'UPDATE mae_productos SET pro_precio_fiscal=pro_precio_venta WHERE pro_codigo_plu=780721091','',2,'2013-06-12'),(25208,'UPDATE mae_productos SET pro_precio_fiscal=pro_precio_venta WHERE pro_codigo_plu=780721092','',2,'2013-06-12'),(25209,'UPDATE mae_productos SET pro_precio_fiscal=pro_precio_venta WHERE pro_codigo_plu=780721093','',2,'2013-06-12'),(25210,'UPDATE mae_productos SET pro_precio_fiscal=pro_precio_venta WHERE pro_codigo_plu=780721094','',2,'2013-06-12'),(25211,'INSERT INTO mae_productos (pro_codigo_plu,pro_codigo_barra,pro_tipo,pro_nombre_producto,pro_nombre_corto,med_id,emb_id,pro_unidades_embalaje,dep_id,lin_id,mar_id,pro_precio_compra_neto,pro_precio_compra_bruto,pro_precio_venta,pro_margen_actual,pro_oferta,pro_fecha_inicio_oferta,pro_fecha_termino_oferta,pro_precio_oferta,pro_stock_minimo,pro_stock_critico,pro_entradas_bodega,pro_salidas_bodega,pro_mermas_bodega,pro_ajustes_bodega,pro_entradas_sv,pro_salidas_sv,pro_mermas_sv,pro_ajustes_sv,pro_activo,rec_numero,pro_unidad,pro_capacidad,pro_consumo_bodega,pro_consumo_sv,pro_estado,pro_funcion_plu,pro_flejes,pro_iva,pro_plu_asociado,pro_envase,pro_duracion,pro_numero_etiqueta) VALUES (780721095,@@@7804986003115@@@,@@@0@@@,@@@ESMALTE LENOX NATURAL @@@,@@@ESMALTE LENOX NA@@@,@@@5 @@@,@@@3 @@@,@@@0@@@,@@@21 @@@,@@@115@@@,@@@2548@@@,@@@0@@@,@@@0@@@,@@@790@@@,@@@0@@@,@@@@@@,@@@2013.06.12@@@,@@@2013.06.12@@@,@@@0@@@,@@@0@@@,@@@0@@@,@@@0@@@,@@@0@@@,@@@0@@@,@@@0@@@,@@@0@@@,@@@0@@@,@@@0@@@,@@@0@@@,@@@1@@@,@@@0@@@,0,9,0,0,2,0,1,1,0,@@@NO@@@,0,0)','',2,'2013-06-12'),(25212,'DELETE FROM mae_impuestos_productos WHERE pro_codigo_plu=@@@780721095@@@','',2,'2013-06-12'),(25213,'INSERT INTO mae_productos (pro_codigo_plu,pro_codigo_barra,pro_tipo,pro_nombre_producto,pro_nombre_corto,med_id,emb_id,pro_unidades_embalaje,dep_id,lin_id,mar_id,pro_precio_compra_neto,pro_precio_compra_bruto,pro_precio_venta,pro_margen_actual,pro_oferta,pro_fecha_inicio_oferta,pro_fecha_termino_oferta,pro_precio_oferta,pro_stock_minimo,pro_stock_critico,pro_entradas_bodega,pro_salidas_bodega,pro_mermas_bodega,pro_ajustes_bodega,pro_entradas_sv,pro_salidas_sv,pro_mermas_sv,pro_ajustes_sv,pro_activo,rec_numero,pro_unidad,pro_capacidad,pro_consumo_bodega,pro_consumo_sv,pro_estado,pro_funcion_plu,pro_flejes,pro_iva,pro_plu_asociado,pro_envase,pro_duracion,pro_numero_etiqueta) VALUES (780721096,@@@7804986002804@@@,@@@0@@@,@@@ESMALTE LENOX 80@@@,@@@ESMALTE LENOX 80@@@,@@@5 @@@,@@@3 @@@,@@@0@@@,@@@21 @@@,@@@115@@@,@@@2548@@@,@@@0@@@,@@@0@@@,@@@790@@@,@@@0@@@,@@@@@@,@@@2013.06.12@@@,@@@2013.06.12@@@,@@@0@@@,@@@0@@@,@@@0@@@,@@@0@@@,@@@0@@@,@@@0@@@,@@@0@@@,@@@0@@@,@@@0@@@,@@@0@@@,@@@0@@@,@@@1@@@,@@@0@@@,0,9,0,0,2,0,1,1,0,@@@NO@@@,0,0)','',2,'2013-06-12'),(25214,'DELETE FROM mae_impuestos_productos WHERE pro_codigo_plu=@@@780721096@@@','',2,'2013-06-12'),(25215,'INSERT INTO mae_productos (pro_codigo_plu,pro_codigo_barra,pro_tipo,pro_nombre_producto,pro_nombre_corto,med_id,emb_id,pro_unidades_embalaje,dep_id,lin_id,mar_id,pro_precio_compra_neto,pro_precio_compra_bruto,pro_precio_venta,pro_margen_actual,pro_oferta,pro_fecha_inicio_oferta,pro_fecha_termino_oferta,pro_precio_oferta,pro_stock_minimo,pro_stock_critico,pro_entradas_bodega,pro_salidas_bodega,pro_mermas_bodega,pro_ajustes_bodega,pro_entradas_sv,pro_salidas_sv,pro_mermas_sv,pro_ajustes_sv,pro_activo,rec_numero,pro_unidad,pro_capacidad,pro_consumo_bodega,pro_consumo_sv,pro_estado,pro_funcion_plu,pro_flejes,pro_iva,pro_plu_asociado,pro_envase,pro_duracion,pro_numero_etiqueta) VALUES (780721097,@@@7702018013326@@@,@@@0@@@,@@@ESPUMA GILLETTE PIEL SENSIBLE @@@,@@@ESPUMA GILLETTE @@@,@@@5 @@@,@@@3 @@@,@@@0@@@,@@@21 @@@,@@@112@@@,@@@2110@@@,@@@0@@@,@@@0@@@,@@@1990@@@,@@@0@@@,@@@@@@,@@@2013.06.12@@@,@@@2013.06.12@@@,@@@0@@@,@@@0@@@,@@@0@@@,@@@0@@@,@@@0@@@,@@@0@@@,@@@0@@@,@@@0@@@,@@@0@@@,@@@0@@@,@@@0@@@,@@@1@@@,@@@0@@@,0,175,0,0,2,0,1,1,0,@@@NO@@@,0,0)','',2,'2013-06-12'),(25216,'DELETE FROM mae_impuestos_productos WHERE pro_codigo_plu=@@@780721097@@@','',2,'2013-06-12'),(25217,'INSERT INTO gne_vale_ferreteria (vfe_id,vfe_fecha,vfe_total,vfe_estado,vfe_entregado,usu_nusuario) VALUES (2205,@@@2013.06.12@@@,2490,1,0,@@@b_SAEZ@@@)','',2,'2013-06-12'),(25218,'INSERT INTO gne_vale_ferreteria_mov (vfe_id,pro_codigo_plu,vfm_cantidad,vfm_unitario,vfm_total,vfm_entregado) VALUES (2205,764858,1,2490,2490,@@@NO@@@)','',2,'2013-06-12'),(25219,'INSERT INTO mae_productos (pro_codigo_plu,pro_codigo_barra,pro_tipo,pro_nombre_producto,pro_nombre_corto,med_id,emb_id,pro_unidades_embalaje,dep_id,lin_id,mar_id,pro_precio_compra_neto,pro_precio_compra_bruto,pro_precio_venta,pro_margen_actual,pro_oferta,pro_fecha_inicio_oferta,pro_fecha_termino_oferta,pro_precio_oferta,pro_stock_minimo,pro_stock_critico,pro_entradas_bodega,pro_salidas_bodega,pro_mermas_bodega,pro_ajustes_bodega,pro_entradas_sv,pro_salidas_sv,pro_mermas_sv,pro_ajustes_sv,pro_activo,rec_numero,pro_unidad,pro_capacidad,pro_consumo_bodega,pro_consumo_sv,pro_estado,pro_funcion_plu,pro_flejes,pro_iva,pro_plu_asociado,pro_envase,pro_duracion,pro_numero_etiqueta) VALUES (780721098,@@@7804986100722@@@,@@@0@@@,@@@COLONIA RAYBON FOR MEN BLACK@@@,@@@COLONIA RAYBON F@@@,@@@6 @@@,@@@3 @@@,@@@0@@@,@@@21 @@@,@@@116@@@,@@@2507@@@,@@@0@@@,@@@0@@@,@@@3990@@@,@@@0@@@,@@@@@@,@@@2013.06.12@@@,@@@2013.06.12@@@,@@@0@@@,@@@0@@@,@@@0@@@,@@@0@@@,@@@0@@@,@@@0@@@,@@@0@@@,@@@0@@@,@@@0@@@,@@@0@@@,@@@0@@@,@@@1@@@,@@@0@@@,0,60,0,0,2,0,1,1,0,@@@NO@@@,0,0)','',2,'2013-06-12'),(25220,'DELETE FROM mae_impuestos_productos WHERE pro_codigo_plu=@@@780721098@@@','',2,'2013-06-12'),(25221,'INSERT INTO mae_productos (pro_codigo_plu,pro_codigo_barra,pro_tipo,pro_nombre_producto,pro_nombre_corto,med_id,emb_id,pro_unidades_embalaje,dep_id,lin_id,mar_id,pro_precio_compra_neto,pro_precio_compra_bruto,pro_precio_venta,pro_margen_actual,pro_oferta,pro_fecha_inicio_oferta,pro_fecha_termino_oferta,pro_precio_oferta,pro_stock_minimo,pro_stock_critico,pro_entradas_bodega,pro_salidas_bodega,pro_mermas_bodega,pro_ajustes_bodega,pro_entradas_sv,pro_salidas_sv,pro_mermas_sv,pro_ajustes_sv,pro_activo,rec_numero,pro_unidad,pro_capacidad,pro_consumo_bodega,pro_consumo_sv,pro_estado,pro_funcion_plu,pro_flejes,pro_iva,pro_plu_asociado,pro_envase,pro_duracion,pro_numero_etiqueta) VALUES (780721099,@@@7804986100739@@@,@@@0@@@,@@@COLONIA RAYBON FOR MEN SPORT@@@,@@@COLONIA RAYBON F@@@,@@@6 @@@,@@@3 @@@,@@@0@@@,@@@21 @@@,@@@116@@@,@@@2507@@@,@@@0@@@,@@@0@@@,@@@3990@@@,@@@0@@@,@@@@@@,@@@2013.06.12@@@,@@@2013.06.12@@@,@@@0@@@,@@@0@@@,@@@0@@@,@@@0@@@,@@@0@@@,@@@0@@@,@@@0@@@,@@@0@@@,@@@0@@@,@@@0@@@,@@@0@@@,@@@1@@@,@@@0@@@,0,60,0,0,2,0,1,1,0,@@@NO@@@,0,0)','',2,'2013-06-12'),(25222,'DELETE FROM mae_impuestos_productos WHERE pro_codigo_plu=@@@780721099@@@','',2,'2013-06-12'),(25223,'INSERT INTO mae_productos (pro_codigo_plu,pro_codigo_barra,pro_tipo,pro_nombre_producto,pro_nombre_corto,med_id,emb_id,pro_unidades_embalaje,dep_id,lin_id,mar_id,pro_precio_compra_neto,pro_precio_compra_bruto,pro_precio_venta,pro_margen_actual,pro_oferta,pro_fecha_inicio_oferta,pro_fecha_termino_oferta,pro_precio_oferta,pro_stock_minimo,pro_stock_critico,pro_entradas_bodega,pro_salidas_bodega,pro_mermas_bodega,pro_ajustes_bodega,pro_entradas_sv,pro_salidas_sv,pro_mermas_sv,pro_ajustes_sv,pro_activo,rec_numero,pro_unidad,pro_capacidad,pro_consumo_bodega,pro_consumo_sv,pro_estado,pro_funcion_plu,pro_flejes,pro_iva,pro_plu_asociado,pro_envase,pro_duracion,pro_numero_etiqueta) VALUES (780721100,@@@7804986002705@@@,@@@0@@@,@@@ESMALTE LENOX 44@@@,@@@ESMALTE LENOX 44@@@,@@@5 @@@,@@@3 @@@,@@@0@@@,@@@21 @@@,@@@115@@@,@@@2548@@@,@@@0@@@,@@@0@@@,@@@790@@@,@@@0@@@,@@@@@@,@@@2013.06.12@@@,@@@2013.06.12@@@,@@@0@@@,@@@0@@@,@@@0@@@,@@@0@@@,@@@0@@@,@@@0@@@,@@@0@@@,@@@0@@@,@@@0@@@,@@@0@@@,@@@0@@@,@@@1@@@,@@@0@@@,0,9,0,0,2,0,1,1,0,@@@NO@@@,0,0)','',2,'2013-06-12'),(25224,'DELETE FROM mae_impuestos_productos WHERE pro_codigo_plu=@@@780721100@@@','',2,'2013-06-12'),(25225,'INSERT INTO mae_productos (pro_codigo_plu,pro_codigo_barra,pro_tipo,pro_nombre_producto,pro_nombre_corto,med_id,emb_id,pro_unidades_embalaje,dep_id,lin_id,mar_id,pro_precio_compra_neto,pro_precio_compra_bruto,pro_precio_venta,pro_margen_actual,pro_oferta,pro_fecha_inicio_oferta,pro_fecha_termino_oferta,pro_precio_oferta,pro_stock_minimo,pro_stock_critico,pro_entradas_bodega,pro_salidas_bodega,pro_mermas_bodega,pro_ajustes_bodega,pro_entradas_sv,pro_salidas_sv,pro_mermas_sv,pro_ajustes_sv,pro_activo,rec_numero,pro_unidad,pro_capacidad,pro_consumo_bodega,pro_consumo_sv,pro_estado,pro_funcion_plu,pro_flejes,pro_iva,pro_plu_asociado,pro_envase,pro_duracion,pro_numero_etiqueta) VALUES (780721101,@@@7702018053476@@@,@@@0@@@,@@@ESPUMA GILLETTE MENTOL@@@,@@@ESPUMA GILLETTE @@@,@@@5 @@@,@@@3 @@@,@@@0@@@,@@@21 @@@,@@@112@@@,@@@2110@@@,@@@0@@@,@@@0@@@,@@@1990@@@,@@@0@@@,@@@@@@,@@@2013.06.12@@@,@@@2013.06.12@@@,@@@0@@@,@@@0@@@,@@@0@@@,@@@0@@@,@@@0@@@,@@@0@@@,@@@0@@@,@@@0@@@,@@@0@@@,@@@0@@@,@@@0@@@,@@@1@@@,@@@0@@@,0,150,0,0,2,0,1,1,0,@@@NO@@@,0,0)','',2,'2013-06-12'),(25226,'DELETE FROM mae_impuestos_productos WHERE pro_codigo_plu=@@@780721101@@@','',2,'2013-06-12'),(25227,'INSERT INTO mae_productos (pro_codigo_plu,pro_codigo_barra,pro_tipo,pro_nombre_producto,pro_nombre_corto,med_id,emb_id,pro_unidades_embalaje,dep_id,lin_id,mar_id,pro_precio_compra_neto,pro_precio_compra_bruto,pro_precio_venta,pro_margen_actual,pro_oferta,pro_fecha_inicio_oferta,pro_fecha_termino_oferta,pro_precio_oferta,pro_stock_minimo,pro_stock_critico,pro_entradas_bodega,pro_salidas_bodega,pro_mermas_bodega,pro_ajustes_bodega,pro_entradas_sv,pro_salidas_sv,pro_mermas_sv,pro_ajustes_sv,pro_activo,rec_numero,pro_unidad,pro_capacidad,pro_consumo_bodega,pro_consumo_sv,pro_estado,pro_funcion_plu,pro_flejes,pro_iva,pro_plu_asociado,pro_envase,pro_duracion,pro_numero_etiqueta) VALUES (780721102,@@@7804902019541@@@,@@@0@@@,@@@NATALIE BOTANICALS I LOVE CHERRY@@@,@@@NATALIE BOTANICA@@@,@@@7 @@@,@@@3 @@@,@@@0@@@,@@@21 @@@,@@@116@@@,@@@1800@@@,@@@0@@@,@@@0@@@,@@@2590@@@,@@@0@@@,@@@@@@,@@@2013.06.12@@@,@@@2013.06.12@@@,@@@0@@@,@@@0@@@,@@@0@@@,@@@0@@@,@@@0@@@,@@@0@@@,@@@0@@@,@@@0@@@,@@@0@@@,@@@0@@@,@@@0@@@,@@@1@@@,@@@0@@@,0,205,0,0,2,0,1,1,0,@@@NO@@@,0,0)','',2,'2013-06-12'),(25228,'DELETE FROM mae_impuestos_productos WHERE pro_codigo_plu=@@@780721102@@@','',2,'2013-06-12'),(25229,'INSERT INTO mae_productos (pro_codigo_plu,pro_codigo_barra,pro_tipo,pro_nombre_producto,pro_nombre_corto,med_id,emb_id,pro_unidades_embalaje,dep_id,lin_id,mar_id,pro_precio_compra_neto,pro_precio_compra_bruto,pro_precio_venta,pro_margen_actual,pro_oferta,pro_fecha_inicio_oferta,pro_fecha_termino_oferta,pro_precio_oferta,pro_stock_minimo,pro_stock_critico,pro_entradas_bodega,pro_salidas_bodega,pro_mermas_bodega,pro_ajustes_bodega,pro_entradas_sv,pro_salidas_sv,pro_mermas_sv,pro_ajustes_sv,pro_activo,rec_numero,pro_unidad,pro_capacidad,pro_consumo_bodega,pro_consumo_sv,pro_estado,pro_funcion_plu,pro_flejes,pro_iva,pro_plu_asociado,pro_envase,pro_duracion,pro_numero_etiqueta) VALUES (780721103,@@@6920180301633@@@,@@@0@@@,@@@COTTON BUDS 100% PURE@@@,@@@COTTON BUDS 100%@@@,@@@1 @@@,@@@3 @@@,@@@0@@@,@@@21 @@@,@@@125@@@,@@@2507@@@,@@@0@@@,@@@0@@@,@@@390@@@,@@@0@@@,@@@@@@,@@@2013.06.12@@@,@@@2013.06.12@@@,@@@0@@@,@@@0@@@,@@@0@@@,@@@0@@@,@@@0@@@,@@@0@@@,@@@0@@@,@@@0@@@,@@@0@@@,@@@0@@@,@@@0@@@,@@@1@@@,@@@0@@@,0,100,0,0,2,0,1,1,0,@@@NO@@@,0,0)','',2,'2013-06-12'),(25230,'DELETE FROM mae_impuestos_productos WHERE pro_codigo_plu=@@@780721103@@@','',2,'2013-06-12'),(25231,'INSERT INTO mae_productos (pro_codigo_plu,pro_codigo_barra,pro_tipo,pro_nombre_producto,pro_nombre_corto,med_id,emb_id,pro_unidades_embalaje,dep_id,lin_id,mar_id,pro_precio_compra_neto,pro_precio_compra_bruto,pro_precio_venta,pro_margen_actual,pro_oferta,pro_fecha_inicio_oferta,pro_fecha_termino_oferta,pro_precio_oferta,pro_stock_minimo,pro_stock_critico,pro_entradas_bodega,pro_salidas_bodega,pro_mermas_bodega,pro_ajustes_bodega,pro_entradas_sv,pro_salidas_sv,pro_mermas_sv,pro_ajustes_sv,pro_activo,rec_numero,pro_unidad,pro_capacidad,pro_consumo_bodega,pro_consumo_sv,pro_estado,pro_funcion_plu,pro_flejes,pro_iva,pro_plu_asociado,pro_envase,pro_duracion,pro_numero_etiqueta) VALUES (780721104,@@@7806130000391@@@,@@@0@@@,@@@BOLSA DE GLOBO 50@@@,@@@BOLSA DE GLOBO 5@@@,@@@1 @@@,@@@3 @@@,@@@0@@@,@@@24 @@@,@@@177@@@,@@@2507@@@,@@@0@@@,@@@0@@@,@@@1990@@@,@@@0@@@,@@@@@@,@@@2013.06.12@@@,@@@2013.06.12@@@,@@@0@@@,@@@0@@@,@@@0@@@,@@@0@@@,@@@0@@@,@@@0@@@,@@@0@@@,@@@0@@@,@@@0@@@,@@@0@@@,@@@0@@@,@@@1@@@,@@@0@@@,0,50,0,0,2,0,1,1,0,@@@NO@@@,0,0)','',2,'2013-06-12'),(25232,'DELETE FROM mae_impuestos_productos WHERE pro_codigo_plu=@@@780721104@@@','',2,'2013-06-12'),(25233,'INSERT INTO mae_productos (pro_codigo_plu,pro_codigo_barra,pro_tipo,pro_nombre_producto,pro_nombre_corto,med_id,emb_id,pro_unidades_embalaje,dep_id,lin_id,mar_id,pro_precio_compra_neto,pro_precio_compra_bruto,pro_precio_venta,pro_margen_actual,pro_oferta,pro_fecha_inicio_oferta,pro_fecha_termino_oferta,pro_precio_oferta,pro_stock_minimo,pro_stock_critico,pro_entradas_bodega,pro_salidas_bodega,pro_mermas_bodega,pro_ajustes_bodega,pro_entradas_sv,pro_salidas_sv,pro_mermas_sv,pro_ajustes_sv,pro_activo,rec_numero,pro_unidad,pro_capacidad,pro_consumo_bodega,pro_consumo_sv,pro_estado,pro_funcion_plu,pro_flejes,pro_iva,pro_plu_asociado,pro_envase,pro_duracion,pro_numero_etiqueta) VALUES (880009,@@@880009@@@,@@@0@@@,@@@ALCOHOL DESNATURALIZADO@@@,@@@ALCOHOL DESNATUR@@@,@@@7 @@@,@@@3 @@@,@@@0@@@,@@@21 @@@,@@@128@@@,@@@2507@@@,@@@0@@@,@@@0@@@,@@@290@@@,@@@0@@@,@@@@@@,@@@2013.06.12@@@,@@@2013.06.12@@@,@@@0@@@,@@@0@@@,@@@0@@@,@@@0@@@,@@@0@@@,@@@0@@@,@@@0@@@,@@@0@@@,@@@0@@@,@@@0@@@,@@@0@@@,@@@1@@@,@@@0@@@,0,60,0,0,2,0,1,1,0,@@@NO@@@,0,0)','',2,'2013-06-12'),(25234,'DELETE FROM mae_impuestos_productos WHERE pro_codigo_plu=@@@880009@@@','',2,'2013-06-12'),(25235,'INSERT INTO mae_productos (pro_codigo_plu,pro_codigo_barra,pro_tipo,pro_nombre_producto,pro_nombre_corto,med_id,emb_id,pro_unidades_embalaje,dep_id,lin_id,mar_id,pro_precio_compra_neto,pro_precio_compra_bruto,pro_precio_venta,pro_margen_actual,pro_oferta,pro_fecha_inicio_oferta,pro_fecha_termino_oferta,pro_precio_oferta,pro_stock_minimo,pro_stock_critico,pro_entradas_bodega,pro_salidas_bodega,pro_mermas_bodega,pro_ajustes_bodega,pro_entradas_sv,pro_salidas_sv,pro_mermas_sv,pro_ajustes_sv,pro_activo,rec_numero,pro_unidad,pro_capacidad,pro_consumo_bodega,pro_consumo_sv,pro_estado,pro_funcion_plu,pro_flejes,pro_iva,pro_plu_asociado,pro_envase,pro_duracion,pro_numero_etiqueta) VALUES (780721105,@@@7806802282339@@@,@@@0@@@,@@@COLONIA ALTERNATIVA FERRERA@@@,@@@COLONIA ALTERNAT@@@,@@@7 @@@,@@@3 @@@,@@@0@@@,@@@21 @@@,@@@116@@@,@@@2507@@@,@@@0@@@,@@@0@@@,@@@1890@@@,@@@0@@@,@@@@@@,@@@2013.06.12@@@,@@@2013.06.12@@@,@@@0@@@,@@@0@@@,@@@0@@@,@@@0@@@,@@@0@@@,@@@0@@@,@@@0@@@,@@@0@@@,@@@0@@@,@@@0@@@,@@@0@@@,@@@1@@@,@@@0@@@,0,55,0,0,2,0,1,1,0,@@@NO@@@,0,0)','',2,'2013-06-12'),(25236,'DELETE FROM mae_impuestos_productos WHERE pro_codigo_plu=@@@780721105@@@','',2,'2013-06-12'),(25237,'INSERT INTO mae_productos (pro_codigo_plu,pro_codigo_barra,pro_tipo,pro_nombre_producto,pro_nombre_corto,med_id,emb_id,pro_unidades_embalaje,dep_id,lin_id,mar_id,pro_precio_compra_neto,pro_precio_compra_bruto,pro_precio_venta,pro_margen_actual,pro_oferta,pro_fecha_inicio_oferta,pro_fecha_termino_oferta,pro_precio_oferta,pro_stock_minimo,pro_stock_critico,pro_entradas_bodega,pro_salidas_bodega,pro_mermas_bodega,pro_ajustes_bodega,pro_entradas_sv,pro_salidas_sv,pro_mermas_sv,pro_ajustes_sv,pro_activo,rec_numero,pro_unidad,pro_capacidad,pro_consumo_bodega,pro_consumo_sv,pro_estado,pro_funcion_plu,pro_flejes,pro_iva,pro_plu_asociado,pro_envase,pro_duracion,pro_numero_etiqueta) VALUES (780721106,@@@309979117857@@@,@@@0@@@,@@@COLONIA CHARLIE @@@,@@@COLONIA CHARLIE @@@,@@@7 @@@,@@@3 @@@,@@@0@@@,@@@21 @@@,@@@116@@@,@@@2507@@@,@@@0@@@,@@@0@@@,@@@6990@@@,@@@0@@@,@@@@@@,@@@2013.06.12@@@,@@@2013.06.12@@@,@@@0@@@,@@@0@@@,@@@0@@@,@@@0@@@,@@@0@@@,@@@0@@@,@@@0@@@,@@@0@@@,@@@0@@@,@@@0@@@,@@@0@@@,@@@1@@@,@@@0@@@,0,103.5,0,0,2,0,1,1,0,@@@NO@@@,0,0)','',2,'2013-06-12'),(25238,'DELETE FROM mae_impuestos_productos WHERE pro_codigo_plu=@@@780721106@@@','',2,'2013-06-12'),(25239,'UPDATE mae_productos SET pro_margen_actual=0,pro_precio_venta=290 WHERE pro_codigo_plu=880009','',2,'2013-06-12'),(25240,'UPDATE mae_productos SET pro_margen_actual=0,pro_precio_venta=1990 WHERE pro_codigo_plu=780721104','',2,'2013-06-12'),(25241,'UPDATE mae_productos SET pro_margen_actual=0,pro_precio_venta=1890 WHERE pro_codigo_plu=780721105','',2,'2013-06-12'),(25242,'UPDATE mae_productos SET pro_margen_actual=0,pro_precio_venta=6990 WHERE pro_codigo_plu=780721106','',2,'2013-06-12'),(25243,'UPDATE mae_productos SET pro_margen_actual=0,pro_precio_venta=3990 WHERE pro_codigo_plu=780721098','',2,'2013-06-12'),(25244,'UPDATE mae_productos SET pro_margen_actual=0,pro_precio_venta=3990 WHERE pro_codigo_plu=780721099','',2,'2013-06-12'),(25245,'UPDATE mae_productos SET pro_margen_actual=0,pro_precio_venta=390 WHERE pro_codigo_plu=780721103','',2,'2013-06-12'),(25246,'UPDATE mae_productos SET pro_margen_actual=0,pro_precio_venta=790 WHERE pro_codigo_plu=780721100','',2,'2013-06-12'),(25247,'UPDATE mae_productos SET pro_margen_actual=0,pro_precio_venta=790 WHERE pro_codigo_plu=780721096','',2,'2013-06-12'),(25248,'UPDATE mae_productos SET pro_margen_actual=0,pro_precio_venta=790 WHERE pro_codigo_plu=780721095','',2,'2013-06-12'),(25249,'UPDATE mae_productos SET pro_margen_actual=0,pro_precio_venta=1990 WHERE pro_codigo_plu=780721101','',2,'2013-06-12'),(25250,'UPDATE mae_productos SET pro_margen_actual=0,pro_precio_venta=1990 WHERE pro_codigo_plu=780721097','',2,'2013-06-12'),(25251,'UPDATE mae_productos SET pro_margen_actual=0,pro_precio_venta=2590 WHERE pro_codigo_plu=780721102','',2,'2013-06-12'),(25252,'UPDATE mae_productos SET pro_margen_actual=0,pro_precio_venta=1890 WHERE pro_codigo_plu=123','',2,'2013-06-12'),(25253,'UPDATE mae_productos SET pro_margen_actual=0,pro_precio_venta=1890 WHERE pro_codigo_plu=124','',2,'2013-06-12'),(25254,'UPDATE mae_productos SET pro_margen_actual=0,pro_precio_venta=4490 WHERE pro_codigo_plu=340','',2,'2013-06-12'),(25255,'UPDATE mae_productos SET pro_margen_actual=0,pro_precio_venta=1599 WHERE pro_codigo_plu=352','',2,'2013-06-12'),(25256,'UPDATE mae_productos SET pro_margen_actual=0,pro_precio_venta=1599 WHERE pro_codigo_plu=353','',2,'2013-06-12'),(25257,'UPDATE mae_productos SET pro_margen_actual=0,pro_precio_venta=6100 WHERE pro_codigo_plu=388','',2,'2013-06-12'),(25258,'UPDATE mae_productos SET pro_margen_actual=0,pro_precio_venta=1590 WHERE pro_codigo_plu=118','',2,'2013-06-12'),(25259,'UPDATE mae_productos SET pro_margen_actual=0,pro_precio_venta=1 WHERE pro_codigo_plu=113','',2,'2013-06-12'),(25260,'UPDATE mae_productos SET pro_precio_fiscal=pro_precio_venta WHERE pro_codigo_plu=118','',2,'2013-06-12'),(25261,'UPDATE mae_productos SET pro_precio_fiscal=pro_precio_venta WHERE pro_codigo_plu=123','',2,'2013-06-12'),(25262,'UPDATE mae_productos SET pro_precio_fiscal=pro_precio_venta WHERE pro_codigo_plu=124','',2,'2013-06-12'),(25263,'UPDATE mae_productos SET pro_precio_fiscal=pro_precio_venta WHERE pro_codigo_plu=780721106','',2,'2013-06-12'),(25264,'UPDATE mae_productos SET pro_precio_fiscal=pro_precio_venta WHERE pro_codigo_plu=340','',2,'2013-06-12'),(25265,'UPDATE mae_productos SET pro_precio_fiscal=pro_precio_venta WHERE pro_codigo_plu=352','',2,'2013-06-12'),(25266,'UPDATE mae_productos SET pro_precio_fiscal=pro_precio_venta WHERE pro_codigo_plu=353','',2,'2013-06-12'),(25267,'UPDATE mae_productos SET pro_precio_fiscal=pro_precio_venta WHERE pro_codigo_plu=388','',2,'2013-06-12'),(25268,'UPDATE mae_productos SET pro_precio_fiscal=pro_precio_venta WHERE pro_codigo_plu=780721103','',2,'2013-06-12'),(25269,'UPDATE mae_productos SET pro_precio_fiscal=pro_precio_venta WHERE pro_codigo_plu=780721097','',2,'2013-06-12'),(25270,'UPDATE mae_productos SET pro_precio_fiscal=pro_precio_venta WHERE pro_codigo_plu=780721101','',2,'2013-06-12'),(25271,'UPDATE mae_productos SET pro_precio_fiscal=pro_precio_venta WHERE pro_codigo_plu=780721102','',2,'2013-06-12'),(25272,'UPDATE mae_productos SET pro_precio_fiscal=pro_precio_venta WHERE pro_codigo_plu=780721100','',2,'2013-06-12'),(25273,'UPDATE mae_productos SET pro_precio_fiscal=pro_precio_venta WHERE pro_codigo_plu=780721096','',2,'2013-06-12'),(25274,'UPDATE mae_productos SET pro_precio_fiscal=pro_precio_venta WHERE pro_codigo_plu=780721095','',2,'2013-06-12'),(25275,'UPDATE mae_productos SET pro_precio_fiscal=pro_precio_venta WHERE pro_codigo_plu=780721098','',2,'2013-06-12'),(25276,'UPDATE mae_productos SET pro_precio_fiscal=pro_precio_venta WHERE pro_codigo_plu=780721099','',2,'2013-06-12'),(25277,'UPDATE mae_productos SET pro_precio_fiscal=pro_precio_venta WHERE pro_codigo_plu=780721104','',2,'2013-06-12'),(25278,'UPDATE mae_productos SET pro_precio_fiscal=pro_precio_venta WHERE pro_codigo_plu=780721105','',2,'2013-06-12'),(25279,'UPDATE mae_productos SET pro_precio_fiscal=pro_precio_venta WHERE pro_codigo_plu=880009','',2,'2013-06-12'),(25280,'INSERT INTO mae_productos (pro_codigo_plu,pro_codigo_barra,pro_tipo,pro_nombre_producto,pro_nombre_corto,med_id,emb_id,pro_unidades_embalaje,dep_id,lin_id,mar_id,pro_precio_compra_neto,pro_precio_compra_bruto,pro_precio_venta,pro_margen_actual,pro_oferta,pro_fecha_inicio_oferta,pro_fecha_termino_oferta,pro_precio_oferta,pro_stock_minimo,pro_stock_critico,pro_entradas_bodega,pro_salidas_bodega,pro_mermas_bodega,pro_ajustes_bodega,pro_entradas_sv,pro_salidas_sv,pro_mermas_sv,pro_ajustes_sv,pro_activo,rec_numero,pro_unidad,pro_capacidad,pro_consumo_bodega,pro_consumo_sv,pro_estado,pro_funcion_plu,pro_flejes,pro_iva,pro_plu_asociado,pro_envase,pro_duracion,pro_numero_etiqueta) VALUES (780721107,@@@6920180301640@@@,@@@0@@@,@@@COTTON BUDS 200@@@,@@@COTTON BUDS 200@@@,@@@1 @@@,@@@3 @@@,@@@0@@@,@@@21 @@@,@@@125@@@,@@@2507@@@,@@@0@@@,@@@0@@@,@@@790@@@,@@@0@@@,@@@@@@,@@@2013.06.12@@@,@@@2013.06.12@@@,@@@0@@@,@@@0@@@,@@@0@@@,@@@0@@@,@@@0@@@,@@@0@@@,@@@0@@@,@@@0@@@,@@@0@@@,@@@0@@@,@@@0@@@,@@@1@@@,@@@0@@@,0,200,0,0,2,0,1,1,0,@@@NO@@@,0,0)','',2,'2013-06-12'),(25281,'DELETE FROM mae_impuestos_productos WHERE pro_codigo_plu=@@@780721107@@@','',2,'2013-06-12'),(25282,'INSERT INTO mae_productos (pro_codigo_plu,pro_codigo_barra,pro_tipo,pro_nombre_producto,pro_nombre_corto,med_id,emb_id,pro_unidades_embalaje,dep_id,lin_id,mar_id,pro_precio_compra_neto,pro_precio_compra_bruto,pro_precio_venta,pro_margen_actual,pro_oferta,pro_fecha_inicio_oferta,pro_fecha_termino_oferta,pro_precio_oferta,pro_stock_minimo,pro_stock_critico,pro_entradas_bodega,pro_salidas_bodega,pro_mermas_bodega,pro_ajustes_bodega,pro_entradas_sv,pro_salidas_sv,pro_mermas_sv,pro_ajustes_sv,pro_activo,rec_numero,pro_unidad,pro_capacidad,pro_consumo_bodega,pro_consumo_sv,pro_estado,pro_funcion_plu,pro_flejes,pro_iva,pro_plu_asociado,pro_envase,pro_duracion,pro_numero_etiqueta) VALUES (880010,@@@880010@@@,@@@0@@@,@@@TETE BOCA ANCHA @@@,@@@TETE BOCA ANCHA @@@,@@@1 @@@,@@@3 @@@,@@@0@@@,@@@21 @@@,@@@120@@@,@@@2507@@@,@@@0@@@,@@@0@@@,@@@390@@@,@@@0@@@,@@@@@@,@@@2013.06.12@@@,@@@2013.06.12@@@,@@@0@@@,@@@0@@@,@@@0@@@,@@@0@@@,@@@0@@@,@@@0@@@,@@@0@@@,@@@0@@@,@@@0@@@,@@@0@@@,@@@0@@@,@@@1@@@,@@@0@@@,0,1,0,0,2,0,1,1,0,@@@NO@@@,0,0)','',2,'2013-06-12'),(25283,'DELETE FROM mae_impuestos_productos WHERE pro_codigo_plu=@@@880010@@@','',2,'2013-06-12'),(25284,'INSERT INTO gne_vale_ferreteria (vfe_id,vfe_fecha,vfe_total,vfe_estado,vfe_entregado,usu_nusuario) VALUES (2206,@@@2013.06.12@@@,720,1,0,@@@b_SAEZ@@@)','',2,'2013-06-12'),(25285,'INSERT INTO gne_vale_ferreteria_mov (vfe_id,pro_codigo_plu,vfm_cantidad,vfm_unitario,vfm_total,vfm_entregado) VALUES (2206,764766,5,120,600,@@@NO@@@)','',2,'2013-06-12'),(25286,'INSERT INTO gne_vale_ferreteria_mov (vfe_id,pro_codigo_plu,vfm_cantidad,vfm_unitario,vfm_total,vfm_entregado) VALUES (2206,78017059,1,120,120,@@@NO@@@)','',2,'2013-06-12'),(25287,'INSERT INTO gne_vale_ferreteria (vfe_id,vfe_fecha,vfe_total,vfe_estado,vfe_entregado,usu_nusuario) VALUES (2207,@@@2013.06.12@@@,400,1,0,@@@b_SAEZ@@@)','',2,'2013-06-12'),(25288,'INSERT INTO gne_vale_ferreteria_mov (vfe_id,pro_codigo_plu,vfm_cantidad,vfm_unitario,vfm_total,vfm_entregado) VALUES (2207,18386,2,200,400,@@@NO@@@)','',2,'2013-06-12'),(25289,'UPDATE mae_productos SET pro_margen_actual=0,pro_precio_venta=790 WHERE pro_codigo_plu=780721107','',2,'2013-06-12'),(25290,'UPDATE mae_productos SET pro_margen_actual=0,pro_precio_venta=390 WHERE pro_codigo_plu=880010','',2,'2013-06-12'),(25291,'UPDATE mae_productos SET pro_precio_fiscal=pro_precio_venta WHERE pro_codigo_plu=780721107','',2,'2013-06-12'),(25292,'UPDATE mae_productos SET pro_precio_fiscal=pro_precio_venta WHERE pro_codigo_plu=880010','',2,'2013-06-12'),(25293,'INSERT INTO mae_productos (pro_codigo_plu,pro_codigo_barra,pro_tipo,pro_nombre_producto,pro_nombre_corto,med_id,emb_id,pro_unidades_embalaje,dep_id,lin_id,mar_id,pro_precio_compra_neto,pro_precio_compra_bruto,pro_precio_venta,pro_margen_actual,pro_oferta,pro_fecha_inicio_oferta,pro_fecha_termino_oferta,pro_precio_oferta,pro_stock_minimo,pro_stock_critico,pro_entradas_bodega,pro_salidas_bodega,pro_mermas_bodega,pro_ajustes_bodega,pro_entradas_sv,pro_salidas_sv,pro_mermas_sv,pro_ajustes_sv,pro_activo,rec_numero,pro_unidad,pro_capacidad,pro_consumo_bodega,pro_consumo_sv,pro_estado,pro_funcion_plu,pro_flejes,pro_iva,pro_plu_asociado,pro_envase,pro_duracion,pro_numero_etiqueta) VALUES (780721108,@@@7804902028673@@@,@@@0@@@,@@@PACK EGO@@@,@@@PACK EGO@@@,@@@1 @@@,@@@3 @@@,@@@0@@@,@@@21 @@@,@@@116@@@,@@@2268@@@,@@@0@@@,@@@0@@@,@@@4790@@@,@@@0@@@,@@@@@@,@@@2013.06.12@@@,@@@2013.06.12@@@,@@@0@@@,@@@0@@@,@@@0@@@,@@@0@@@,@@@0@@@,@@@0@@@,@@@0@@@,@@@0@@@,@@@0@@@,@@@0@@@,@@@0@@@,@@@1@@@,@@@0@@@,0,1,0,0,2,0,1,1,0,@@@NO@@@,0,0)','',2,'2013-06-12'),(25294,'DELETE FROM mae_impuestos_productos WHERE pro_codigo_plu=@@@780721108@@@','',2,'2013-06-12'),(25295,'UPDATE mae_productos SET pro_margen_actual=0,pro_precio_venta=4790 WHERE pro_codigo_plu=780721108','',2,'2013-06-12'),(25296,'UPDATE mae_productos SET pro_precio_fiscal=pro_precio_venta WHERE pro_codigo_plu=780721108','',2,'2013-06-12'),(25297,'INSERT INTO gne_vale_ferreteria (vfe_id,vfe_fecha,vfe_total,vfe_estado,vfe_entregado,usu_nusuario) VALUES (2208,@@@2013.06.12@@@,470,1,0,@@@b_SAEZ@@@)','',2,'2013-06-12'),(25298,'INSERT INTO gne_vale_ferreteria_mov (vfe_id,pro_codigo_plu,vfm_cantidad,vfm_unitario,vfm_total,vfm_entregado) VALUES (2208,770057,1,150,150,@@@NO@@@)','',2,'2013-06-12'),(25299,'INSERT INTO gne_vale_ferreteria_mov (vfe_id,pro_codigo_plu,vfm_cantidad,vfm_unitario,vfm_total,vfm_entregado) VALUES (2208,78017145,1,290,290,@@@NO@@@)','',2,'2013-06-12'),(25300,'INSERT INTO gne_vale_ferreteria_mov (vfe_id,pro_codigo_plu,vfm_cantidad,vfm_unitario,vfm_total,vfm_entregado) VALUES (2208,770070,1,30,30,@@@NO@@@)','',2,'2013-06-12'),(25301,'INSERT INTO gne_vale_ferreteria (vfe_id,vfe_fecha,vfe_total,vfe_estado,vfe_entregado,usu_nusuario) VALUES (2209,@@@2013.06.12@@@,150,1,0,@@@b_SAEZ@@@)','',2,'2013-06-12'),(25302,'INSERT INTO gne_vale_ferreteria_mov (vfe_id,pro_codigo_plu,vfm_cantidad,vfm_unitario,vfm_total,vfm_entregado) VALUES (2209,763595,1,150,150,@@@NO@@@)','',2,'2013-06-12'),(25303,'UPDATE mae_productos SET pro_margen_actual=0,pro_precio_venta=450 WHERE pro_codigo_plu=564','',2,'2013-06-12'),(25304,'UPDATE mae_productos SET pro_margen_actual=0,pro_precio_venta=450 WHERE pro_codigo_plu=564','',2,'2013-06-12'),(25305,'UPDATE mae_productos SET pro_margen_actual=0,pro_precio_venta=450 WHERE pro_codigo_plu=564','',2,'2013-06-12'),(25306,'UPDATE mae_productos SET pro_margen_actual=0,pro_precio_venta=450 WHERE pro_codigo_plu=564','',2,'2013-06-12'),(25307,'INSERT INTO gne_vale_ferreteria (vfe_id,vfe_fecha,vfe_total,vfe_estado,vfe_entregado,usu_nusuario) VALUES (2210,@@@2013.06.12@@@,1240,1,0,@@@G_DIAZ@@@)','',2,'2013-06-12'),(25308,'INSERT INTO gne_vale_ferreteria_mov (vfe_id,pro_codigo_plu,vfm_cantidad,vfm_unitario,vfm_total,vfm_entregado) VALUES (2210,780220096,1,250,250,@@@NO@@@)','',2,'2013-06-12'),(25309,'INSERT INTO gne_vale_ferreteria_mov (vfe_id,pro_codigo_plu,vfm_cantidad,vfm_unitario,vfm_total,vfm_entregado) VALUES (2210,780220163,1,990,990,@@@NO@@@)','',2,'2013-06-12'),(25310,'INSERT INTO gne_vale_ferreteria (vfe_id,vfe_fecha,vfe_total,vfe_estado,vfe_entregado,usu_nusuario) VALUES (2211,@@@2013.06.12@@@,480,1,0,@@@G_DIAZ@@@)','',2,'2013-06-12'),(25311,'INSERT INTO gne_vale_ferreteria_mov (vfe_id,pro_codigo_plu,vfm_cantidad,vfm_unitario,vfm_total,vfm_entregado) VALUES (2211,764770,16,30,480,@@@NO@@@)','',2,'2013-06-12'),(25312,'INSERT INTO gne_vale_ferreteria (vfe_id,vfe_fecha,vfe_total,vfe_estado,vfe_entregado,usu_nusuario) VALUES (2212,@@@2013.06.12@@@,320,1,0,@@@G_DIAZ@@@)','',2,'2013-06-12'),(25313,'INSERT INTO gne_vale_ferreteria_mov (vfe_id,pro_codigo_plu,vfm_cantidad,vfm_unitario,vfm_total,vfm_entregado) VALUES (2212,16430,2,160,320,@@@NO@@@)','',2,'2013-06-12'),(25314,'INSERT INTO gne_vale_ferreteria (vfe_id,vfe_fecha,vfe_total,vfe_estado,vfe_entregado,usu_nusuario) VALUES (2213,@@@2013.06.12@@@,2840,1,0,@@@G_DIAZ@@@)','',2,'2013-06-12'),(25315,'INSERT INTO gne_vale_ferreteria_mov (vfe_id,pro_codigo_plu,vfm_cantidad,vfm_unitario,vfm_total,vfm_entregado) VALUES (2213,10189,1,2190,2190,@@@NO@@@)','',2,'2013-06-12'),(25316,'INSERT INTO gne_vale_ferreteria_mov (vfe_id,pro_codigo_plu,vfm_cantidad,vfm_unitario,vfm_total,vfm_entregado) VALUES (2213,20836,1,650,650,@@@NO@@@)','',2,'2013-06-12'),(25317,'INSERT INTO gne_vale_ferreteria (vfe_id,vfe_fecha,vfe_total,vfe_estado,vfe_entregado,usu_nusuario) VALUES (2214,@@@2013.06.12@@@,40,1,0,@@@G_DIAZ@@@)','',2,'2013-06-12'),(25318,'INSERT INTO gne_vale_ferreteria_mov (vfe_id,pro_codigo_plu,vfm_cantidad,vfm_unitario,vfm_total,vfm_entregado) VALUES (2214,78017191,1,40,40,@@@NO@@@)','',2,'2013-06-12'),(25319,'INSERT INTO mae_productos (pro_codigo_plu,pro_codigo_barra,pro_tipo,pro_nombre_producto,pro_nombre_corto,med_id,emb_id,pro_unidades_embalaje,dep_id,lin_id,mar_id,pro_precio_compra_neto,pro_precio_compra_bruto,pro_precio_venta,pro_margen_actual,pro_oferta,pro_fecha_inicio_oferta,pro_fecha_termino_oferta,pro_precio_oferta,pro_stock_minimo,pro_stock_critico,pro_entradas_bodega,pro_salidas_bodega,pro_mermas_bodega,pro_ajustes_bodega,pro_entradas_sv,pro_salidas_sv,pro_mermas_sv,pro_ajustes_sv,pro_activo,rec_numero,pro_unidad,pro_capacidad,pro_consumo_bodega,pro_consumo_sv,pro_estado,pro_funcion_plu,pro_flejes,pro_iva,pro_plu_asociado,pro_envase,pro_duracion,pro_numero_etiqueta) VALUES (780721109,@@@6932888282510@@@,@@@0@@@,@@@AUDIFONO TARGET 1.2@@@,@@@AUDIFONO TARGET @@@,@@@1 @@@,@@@3 @@@,@@@0@@@,@@@37 @@@,@@@176@@@,@@@1442@@@,@@@0@@@,@@@0@@@,@@@3990@@@,@@@0@@@,@@@@@@,@@@2013.06.12@@@,@@@2013.06.12@@@,@@@0@@@,@@@0@@@,@@@0@@@,@@@0@@@,@@@0@@@,@@@0@@@,@@@0@@@,@@@0@@@,@@@0@@@,@@@0@@@,@@@0@@@,@@@1@@@,@@@0@@@,0,1,0,0,2,0,1,1,0,@@@NO@@@,0,0)','',2,'2013-06-12'),(25320,'DELETE FROM mae_impuestos_productos WHERE pro_codigo_plu=@@@780721109@@@','',2,'2013-06-12'),(25321,'UPDATE mae_productos SET pro_precio_fiscal=pro_precio_venta WHERE pro_codigo_plu=780721109','',2,'2013-06-12'),(25322,'INSERT INTO mae_productos (pro_codigo_plu,pro_codigo_barra,pro_tipo,pro_nombre_producto,pro_nombre_corto,med_id,emb_id,pro_unidades_embalaje,dep_id,lin_id,mar_id,pro_precio_compra_neto,pro_precio_compra_bruto,pro_precio_venta,pro_margen_actual,pro_oferta,pro_fecha_inicio_oferta,pro_fecha_termino_oferta,pro_precio_oferta,pro_stock_minimo,pro_stock_critico,pro_entradas_bodega,pro_salidas_bodega,pro_mermas_bodega,pro_ajustes_bodega,pro_entradas_sv,pro_salidas_sv,pro_mermas_sv,pro_ajustes_sv,pro_activo,rec_numero,pro_unidad,pro_capacidad,pro_consumo_bodega,pro_consumo_sv,pro_estado,pro_funcion_plu,pro_flejes,pro_iva,pro_plu_asociado,pro_envase,pro_duracion,pro_numero_etiqueta) VALUES (780721110,@@@7833589264326@@@,@@@0@@@,@@@AUDIFONO PROFESIONAL @@@,@@@AUDIFONO PROFESI@@@,@@@1 @@@,@@@3 @@@,@@@0@@@,@@@37 @@@,@@@176@@@,@@@1442@@@,@@@0@@@,@@@0@@@,@@@3990@@@,@@@0@@@,@@@@@@,@@@2013.06.12@@@,@@@2013.06.12@@@,@@@0@@@,@@@0@@@,@@@0@@@,@@@0@@@,@@@0@@@,@@@0@@@,@@@0@@@,@@@0@@@,@@@0@@@,@@@0@@@,@@@0@@@,@@@1@@@,@@@0@@@,0,1,0,0,2,0,1,1,0,@@@NO@@@,0,0)','',2,'2013-06-12'),(25323,'DELETE FROM mae_impuestos_productos WHERE pro_codigo_plu=@@@780721110@@@','',2,'2013-06-12'),(25324,'UPDATE mae_productos SET pro_margen_actual=0,pro_precio_venta=3990 WHERE pro_codigo_plu=780721110','',2,'2013-06-12'),(25325,'UPDATE mae_productos SET pro_margen_actual=0,pro_precio_venta=750 WHERE pro_codigo_plu=15986','',2,'2013-06-12'),(25326,'UPDATE mae_productos SET pro_precio_fiscal=pro_precio_venta WHERE pro_codigo_plu=15986','',2,'2013-06-12'),(25327,'UPDATE mae_productos SET pro_precio_fiscal=pro_precio_venta WHERE pro_codigo_plu=780721110','',2,'2013-06-12'),(25328,'INSERT INTO mae_productos (pro_codigo_plu,pro_codigo_barra,pro_tipo,pro_nombre_producto,pro_nombre_corto,med_id,emb_id,pro_unidades_embalaje,dep_id,lin_id,mar_id,pro_precio_compra_neto,pro_precio_compra_bruto,pro_precio_venta,pro_margen_actual,pro_oferta,pro_fecha_inicio_oferta,pro_fecha_termino_oferta,pro_precio_oferta,pro_stock_minimo,pro_stock_critico,pro_entradas_bodega,pro_salidas_bodega,pro_mermas_bodega,pro_ajustes_bodega,pro_entradas_sv,pro_salidas_sv,pro_mermas_sv,pro_ajustes_sv,pro_activo,rec_numero,pro_unidad,pro_capacidad,pro_consumo_bodega,pro_consumo_sv,pro_estado,pro_funcion_plu,pro_flejes,pro_iva,pro_plu_asociado,pro_envase,pro_duracion,pro_numero_etiqueta) VALUES (780721111,@@@025215490316@@@,@@@0@@@,@@@AUDIFONO BIG/SILVER MAXELL GRIS@@@,@@@AUDIFONO BIG/SIL@@@,@@@1 @@@,@@@3 @@@,@@@0@@@,@@@37 @@@,@@@176@@@,@@@2657@@@,@@@0@@@,@@@0@@@,@@@9990@@@,@@@0@@@,@@@@@@,@@@2013.06.12@@@,@@@2013.06.12@@@,@@@0@@@,@@@0@@@,@@@0@@@,@@@0@@@,@@@0@@@,@@@0@@@,@@@0@@@,@@@0@@@,@@@0@@@,@@@0@@@,@@@0@@@,@@@1@@@,@@@0@@@,0,1,0,0,2,0,1,1,0,@@@NO@@@,0,0)','',2,'2013-06-12'),(25329,'DELETE FROM mae_impuestos_productos WHERE pro_codigo_plu=@@@780721111@@@','',2,'2013-06-12'),(25330,'INSERT INTO mae_productos (pro_codigo_plu,pro_codigo_barra,pro_tipo,pro_nombre_producto,pro_nombre_corto,med_id,emb_id,pro_unidades_embalaje,dep_id,lin_id,mar_id,pro_precio_compra_neto,pro_precio_compra_bruto,pro_precio_venta,pro_margen_actual,pro_oferta,pro_fecha_inicio_oferta,pro_fecha_termino_oferta,pro_precio_oferta,pro_stock_minimo,pro_stock_critico,pro_entradas_bodega,pro_salidas_bodega,pro_mermas_bodega,pro_ajustes_bodega,pro_entradas_sv,pro_salidas_sv,pro_mermas_sv,pro_ajustes_sv,pro_activo,rec_numero,pro_unidad,pro_capacidad,pro_consumo_bodega,pro_consumo_sv,pro_estado,pro_funcion_plu,pro_flejes,pro_iva,pro_plu_asociado,pro_envase,pro_duracion,pro_numero_etiqueta) VALUES (780721112,@@@8712581531041@@@,@@@0@@@,@@@AUDIFONO HS390 PHILIPS@@@,@@@AUDIFONO HS390 P@@@,@@@1 @@@,@@@3 @@@,@@@0@@@,@@@37 @@@,@@@176@@@,@@@1614@@@,@@@0@@@,@@@0@@@,@@@6990@@@,@@@0@@@,@@@@@@,@@@2013.06.12@@@,@@@2013.06.12@@@,@@@0@@@,@@@0@@@,@@@0@@@,@@@0@@@,@@@0@@@,@@@0@@@,@@@0@@@,@@@0@@@,@@@0@@@,@@@0@@@,@@@0@@@,@@@1@@@,@@@0@@@,0,1,0,0,2,0,1,1,0,@@@NO@@@,0,0)','',2,'2013-06-12'),(25331,'DELETE FROM mae_impuestos_productos WHERE pro_codigo_plu=@@@780721112@@@','',2,'2013-06-12'),(25332,'INSERT INTO mae_productos (pro_codigo_plu,pro_codigo_barra,pro_tipo,pro_nombre_producto,pro_nombre_corto,med_id,emb_id,pro_unidades_embalaje,dep_id,lin_id,mar_id,pro_precio_compra_neto,pro_precio_compra_bruto,pro_precio_venta,pro_margen_actual,pro_oferta,pro_fecha_inicio_oferta,pro_fecha_termino_oferta,pro_precio_oferta,pro_stock_minimo,pro_stock_critico,pro_entradas_bodega,pro_salidas_bodega,pro_mermas_bodega,pro_ajustes_bodega,pro_entradas_sv,pro_salidas_sv,pro_mermas_sv,pro_ajustes_sv,pro_activo,rec_numero,pro_unidad,pro_capacidad,pro_consumo_bodega,pro_consumo_sv,pro_estado,pro_funcion_plu,pro_flejes,pro_iva,pro_plu_asociado,pro_envase,pro_duracion,pro_numero_etiqueta) VALUES (780721113,@@@7802900000332@@@,@@@0@@@,@@@BTF 165G DURAZNO@@@,@@@BTF 165G@@@,@@@5 @@@,@@@3 @@@,@@@0@@@,@@@3 @@@,@@@50@@@,@@@1993@@@,@@@0@@@,@@@0@@@,@@@440@@@,@@@0@@@,@@@@@@,@@@2013.06.12@@@,@@@2013.06.12@@@,@@@0@@@,@@@0@@@,@@@0@@@,@@@0@@@,@@@0@@@,@@@0@@@,@@@0@@@,@@@0@@@,@@@0@@@,@@@0@@@,@@@0@@@,@@@1@@@,@@@0@@@,0,165,0,0,2,0,1,1,0,@@@NO@@@,0,0)','',2,'2013-06-12'),(25333,'DELETE FROM mae_impuestos_productos WHERE pro_codigo_plu=@@@780721113@@@','',2,'2013-06-12'),(25334,'UPDATE mae_productos SET pro_margen_actual=0,pro_precio_venta=9990 WHERE pro_codigo_plu=780721111','',2,'2013-06-12'),(25335,'UPDATE mae_productos SET pro_margen_actual=0,pro_precio_venta=6990 WHERE pro_codigo_plu=780721112','',2,'2013-06-12'),(25336,'UPDATE mae_productos SET pro_margen_actual=0,pro_precio_venta=440 WHERE pro_codigo_plu=780721113','',2,'2013-06-12'),(25337,'UPDATE mae_productos SET pro_precio_fiscal=pro_precio_venta WHERE pro_codigo_plu=780721111','',2,'2013-06-12'),(25338,'UPDATE mae_productos SET pro_precio_fiscal=pro_precio_venta WHERE pro_codigo_plu=780721113','',2,'2013-06-12'),(25339,'UPDATE mae_productos SET pro_precio_fiscal=pro_precio_venta WHERE pro_codigo_plu=780721112','',2,'2013-06-12'),(25340,'INSERT INTO mae_productos (pro_codigo_plu,pro_codigo_barra,pro_tipo,pro_nombre_producto,pro_nombre_corto,med_id,emb_id,pro_unidades_embalaje,dep_id,lin_id,mar_id,pro_precio_compra_neto,pro_precio_compra_bruto,pro_precio_venta,pro_margen_actual,pro_oferta,pro_fecha_inicio_oferta,pro_fecha_termino_oferta,pro_precio_oferta,pro_stock_minimo,pro_stock_critico,pro_entradas_bodega,pro_salidas_bodega,pro_mermas_bodega,pro_ajustes_bodega,pro_entradas_sv,pro_salidas_sv,pro_mermas_sv,pro_ajustes_sv,pro_activo,rec_numero,pro_unidad,pro_capacidad,pro_consumo_bodega,pro_consumo_sv,pro_estado,pro_funcion_plu,pro_flejes,pro_iva,pro_plu_asociado,pro_envase,pro_duracion,pro_numero_etiqueta) VALUES (780721114,@@@7502011090252@@@,@@@0@@@,@@@AUDIFONO TARGET TT1025 SQUARE@@@,@@@AUDIFONO TARGET @@@,@@@1 @@@,@@@3 @@@,@@@0@@@,@@@37 @@@,@@@176@@@,@@@2673@@@,@@@0@@@,@@@0@@@,@@@3990@@@,@@@0@@@,@@@@@@,@@@2013.06.12@@@,@@@2013.06.12@@@,@@@0@@@,@@@0@@@,@@@0@@@,@@@0@@@,@@@0@@@,@@@0@@@,@@@0@@@,@@@0@@@,@@@0@@@,@@@0@@@,@@@0@@@,@@@1@@@,@@@0@@@,0,1,0,0,2,0,1,1,0,@@@NO@@@,0,0)','',2,'2013-06-12'),(25341,'DELETE FROM mae_impuestos_productos WHERE pro_codigo_plu=@@@780721114@@@','',2,'2013-06-12'),(25342,'INSERT INTO mae_productos (pro_codigo_plu,pro_codigo_barra,pro_tipo,pro_nombre_producto,pro_nombre_corto,med_id,emb_id,pro_unidades_embalaje,dep_id,lin_id,mar_id,pro_precio_compra_neto,pro_precio_compra_bruto,pro_precio_venta,pro_margen_actual,pro_oferta,pro_fecha_inicio_oferta,pro_fecha_termino_oferta,pro_precio_oferta,pro_stock_minimo,pro_stock_critico,pro_entradas_bodega,pro_salidas_bodega,pro_mermas_bodega,pro_ajustes_bodega,pro_entradas_sv,pro_salidas_sv,pro_mermas_sv,pro_ajustes_sv,pro_activo,rec_numero,pro_unidad,pro_capacidad,pro_consumo_bodega,pro_consumo_sv,pro_estado,pro_funcion_plu,pro_flejes,pro_iva,pro_plu_asociado,pro_envase,pro_duracion,pro_numero_etiqueta) VALUES (780721115,@@@027242815124@@@,@@@0@@@,@@@AUDIFONO FASHION ROSADO EARBUDS SONY@@@,@@@AUDIFONO FASHION@@@,@@@1 @@@,@@@3 @@@,@@@0@@@,@@@37 @@@,@@@176@@@,@@@1757@@@,@@@0@@@,@@@0@@@,@@@5990@@@,@@@0@@@,@@@@@@,@@@2013.06.12@@@,@@@2013.06.12@@@,@@@0@@@,@@@0@@@,@@@0@@@,@@@0@@@,@@@0@@@,@@@0@@@,@@@0@@@,@@@0@@@,@@@0@@@,@@@0@@@,@@@0@@@,@@@1@@@,@@@0@@@,0,1,0,0,2,0,1,1,0,@@@NO@@@,0,0)','',2,'2013-06-12'),(25343,'DELETE FROM mae_impuestos_productos WHERE pro_codigo_plu=@@@780721115@@@','',2,'2013-06-12'),(25344,'UPDATE mae_productos SET pro_codigo_barra=@@@027242815162@@@,pro_tipo=@@@0@@@,pro_nombre_producto=@@@AUDIFONO FASHION NARANJO EARBUDS SONY@@@,pro_nombre_corto=@@@AUDIFONO FASHION@@@,med_id=@@@1@@@,emb_id=@@@3@@@,pro_unidades_embalaje=@@@0@@@,dep_id=@@@37 @@@,lin_id=@@@176@@@,mar_id=@@@1757@@@,pro_precio_compra_neto=@@@0@@@,pro_precio_compra_bruto=@@@0@@@,pro_precio_venta=@@@5990@@@,pro_margen_actual=@@@0@@@,pro_oferta=@@@NO@@@,pro_fecha_inicio_oferta=@@@2013.06.12@@@,pro_fecha_termino_oferta=@@@2013.06.12@@@,pro_precio_oferta=@@@0@@@,pro_stock_minimo=@@@0@@@,pro_stock_critico=@@@0@@@,pro_activo=@@@1@@@,pro_unidad=@@@0@@@,pro_precio_compra_bruto=0,pro_margen_actual=0,pro_capacidad=1,pro_funcion_plu=0,pro_flejes=1,pro_iva=1,pro_plu_asociado=0,pro_envase=@@@NO@@@,pro_duracion=0,pro_numero_etiqueta=0 WHERE pro_codigo_plu=@@@780721115@@@','',2,'2013-06-12'),(25345,'UPDATE mae_productos SET pro_estado=1 WHERE pro_codigo_plu=780721115','',2,'2013-06-12'),(25346,'DELETE FROM mae_impuestos_productos WHERE pro_codigo_plu=@@@780721115@@@','',2,'2013-06-12'),(25347,'UPDATE mae_productos SET pro_codigo_barra=@@@027242815179@@@,pro_tipo=@@@0@@@,pro_nombre_producto=@@@AUDIFONO FASHION ROJO EARBUDS SONY@@@,pro_nombre_corto=@@@AUDIFONO FASHION@@@,med_id=@@@1@@@,emb_id=@@@3@@@,pro_unidades_embalaje=@@@0@@@,dep_id=@@@37 @@@,lin_id=@@@176@@@,mar_id=@@@1757@@@,pro_precio_compra_neto=@@@0@@@,pro_precio_compra_bruto=@@@0@@@,pro_precio_venta=@@@5990@@@,pro_margen_actual=@@@0@@@,pro_oferta=@@@NO@@@,pro_fecha_inicio_oferta=@@@2013.06.12@@@,pro_fecha_termino_oferta=@@@2013.06.12@@@,pro_precio_oferta=@@@0@@@,pro_stock_minimo=@@@0@@@,pro_stock_critico=@@@0@@@,pro_activo=@@@1@@@,pro_unidad=@@@0@@@,pro_precio_compra_bruto=0,pro_margen_actual=0,pro_capacidad=1,pro_funcion_plu=0,pro_flejes=1,pro_iva=1,pro_plu_asociado=0,pro_envase=@@@NO@@@,pro_duracion=0,pro_numero_etiqueta=0 WHERE pro_codigo_plu=@@@780721115@@@','',2,'2013-06-12'),(25348,'UPDATE mae_productos SET pro_estado=1 WHERE pro_codigo_plu=780721115','',2,'2013-06-12'),(25349,'DELETE FROM mae_impuestos_productos WHERE pro_codigo_plu=@@@780721115@@@','',2,'2013-06-12'),(25350,'UPDATE mae_productos SET pro_codigo_barra=@@@027242815148@@@,pro_tipo=@@@0@@@,pro_nombre_producto=@@@AUDIFONO FASHION LILA EARBUDS SONY@@@,pro_nombre_corto=@@@AUDIFONO FASHION@@@,med_id=@@@1@@@,emb_id=@@@3@@@,pro_unidades_embalaje=@@@0@@@,dep_id=@@@37 @@@,lin_id=@@@176@@@,mar_id=@@@1757@@@,pro_precio_compra_neto=@@@0@@@,pro_precio_compra_bruto=@@@0@@@,pro_precio_venta=@@@5990@@@,pro_margen_actual=@@@0@@@,pro_oferta=@@@NO@@@,pro_fecha_inicio_oferta=@@@2013.06.12@@@,pro_fecha_termino_oferta=@@@2013.06.12@@@,pro_precio_oferta=@@@0@@@,pro_stock_minimo=@@@0@@@,pro_stock_critico=@@@0@@@,pro_activo=@@@1@@@,pro_unidad=@@@0@@@,pro_precio_compra_bruto=0,pro_margen_actual=0,pro_capacidad=1,pro_funcion_plu=0,pro_flejes=1,pro_iva=1,pro_plu_asociado=0,pro_envase=@@@NO@@@,pro_duracion=0,pro_numero_etiqueta=0 WHERE pro_codigo_plu=@@@780721115@@@','',2,'2013-06-12'),(25351,'UPDATE mae_productos SET pro_estado=1 WHERE pro_codigo_plu=780721115','',2,'2013-06-12'),(25352,'DELETE FROM mae_impuestos_productos WHERE pro_codigo_plu=@@@780721115@@@','',2,'2013-06-12'),(25353,'INSERT INTO mae_productos (pro_codigo_plu,pro_codigo_barra,pro_tipo,pro_nombre_producto,pro_nombre_corto,med_id,emb_id,pro_unidades_embalaje,dep_id,lin_id,mar_id,pro_precio_compra_neto,pro_precio_compra_bruto,pro_precio_venta,pro_margen_actual,pro_oferta,pro_fecha_inicio_oferta,pro_fecha_termino_oferta,pro_precio_oferta,pro_stock_minimo,pro_stock_critico,pro_entradas_bodega,pro_salidas_bodega,pro_mermas_bodega,pro_ajustes_bodega,pro_entradas_sv,pro_salidas_sv,pro_mermas_sv,pro_ajustes_sv,pro_activo,rec_numero,pro_unidad,pro_capacidad,pro_consumo_bodega,pro_consumo_sv,pro_estado,pro_funcion_plu,pro_flejes,pro_iva,pro_plu_asociado,pro_envase,pro_duracion,pro_numero_etiqueta) VALUES (780721116,@@@027242801585@@@,@@@0@@@,@@@AUDIFONO SONY ZX100@@@,@@@AUDIFONO SONY ZX@@@,@@@1 @@@,@@@3 @@@,@@@0@@@,@@@37 @@@,@@@176@@@,@@@1757@@@,@@@0@@@,@@@0@@@,@@@12990@@@,@@@0@@@,@@@@@@,@@@2013.06.12@@@,@@@2013.06.12@@@,@@@0@@@,@@@0@@@,@@@0@@@,@@@0@@@,@@@0@@@,@@@0@@@,@@@0@@@,@@@0@@@,@@@0@@@,@@@0@@@,@@@0@@@,@@@1@@@,@@@0@@@,0,1,0,0,2,0,1,1,0,@@@NO@@@,0,0)','',2,'2013-06-12'),(25354,'DELETE FROM mae_impuestos_productos WHERE pro_codigo_plu=@@@780721116@@@','',2,'2013-06-12'),(25355,'INSERT INTO mae_productos (pro_codigo_plu,pro_codigo_barra,pro_tipo,pro_nombre_producto,pro_nombre_corto,med_id,emb_id,pro_unidades_embalaje,dep_id,lin_id,mar_id,pro_precio_compra_neto,pro_precio_compra_bruto,pro_precio_venta,pro_margen_actual,pro_oferta,pro_fecha_inicio_oferta,pro_fecha_termino_oferta,pro_precio_oferta,pro_stock_minimo,pro_stock_critico,pro_entradas_bodega,pro_salidas_bodega,pro_mermas_bodega,pro_ajustes_bodega,pro_entradas_sv,pro_salidas_sv,pro_mermas_sv,pro_ajustes_sv,pro_activo,rec_numero,pro_unidad,pro_capacidad,pro_consumo_bodega,pro_consumo_sv,pro_estado,pro_funcion_plu,pro_flejes,pro_iva,pro_plu_asociado,pro_envase,pro_duracion,pro_numero_etiqueta) VALUES (780721117,@@@037988259052@@@,@@@0@@@,@@@AUDIFONO NEGRO RP-HT21@@@,@@@AUDIFONO PANASON@@@,@@@1 @@@,@@@3 @@@,@@@0@@@,@@@37 @@@,@@@176@@@,@@@1484@@@,@@@0@@@,@@@0@@@,@@@3990@@@,@@@0@@@,@@@@@@,@@@2013.06.12@@@,@@@2013.06.12@@@,@@@0@@@,@@@0@@@,@@@0@@@,@@@0@@@,@@@0@@@,@@@0@@@,@@@0@@@,@@@0@@@,@@@0@@@,@@@0@@@,@@@0@@@,@@@1@@@,@@@0@@@,0,1,0,0,2,0,1,1,0,@@@NO@@@,0,0)','',2,'2013-06-12'),(25356,'DELETE FROM mae_impuestos_productos WHERE pro_codigo_plu=@@@780721117@@@','',2,'2013-06-12'),(25357,'INSERT INTO mae_productos (pro_codigo_plu,pro_codigo_barra,pro_tipo,pro_nombre_producto,pro_nombre_corto,med_id,emb_id,pro_unidades_embalaje,dep_id,lin_id,mar_id,pro_precio_compra_neto,pro_precio_compra_bruto,pro_precio_venta,pro_margen_actual,pro_oferta,pro_fecha_inicio_oferta,pro_fecha_termino_oferta,pro_precio_oferta,pro_stock_minimo,pro_stock_critico,pro_entradas_bodega,pro_salidas_bodega,pro_mermas_bodega,pro_ajustes_bodega,pro_entradas_sv,pro_salidas_sv,pro_mermas_sv,pro_ajustes_sv,pro_activo,rec_numero,pro_unidad,pro_capacidad,pro_consumo_bodega,pro_consumo_sv,pro_estado,pro_funcion_plu,pro_flejes,pro_iva,pro_plu_asociado,pro_envase,pro_duracion,pro_numero_etiqueta) VALUES (780721118,@@@025215190247@@@,@@@0@@@,@@@AUDIFONO MAXELL NEGRO EB95@@@,@@@AUDIFONO MAXELL @@@,@@@1 @@@,@@@3 @@@,@@@0@@@,@@@37 @@@,@@@176@@@,@@@2657@@@,@@@0@@@,@@@0@@@,@@@1290@@@,@@@0@@@,@@@@@@,@@@2013.06.12@@@,@@@2013.06.12@@@,@@@0@@@,@@@0@@@,@@@0@@@,@@@0@@@,@@@0@@@,@@@0@@@,@@@0@@@,@@@0@@@,@@@0@@@,@@@0@@@,@@@0@@@,@@@1@@@,@@@0@@@,0,1,0,0,2,0,1,1,0,@@@NO@@@,0,0)','',2,'2013-06-12'),(25358,'DELETE FROM mae_impuestos_productos WHERE pro_codigo_plu=@@@780721118@@@','',2,'2013-06-12'),(25359,'INSERT INTO mae_productos (pro_codigo_plu,pro_codigo_barra,pro_tipo,pro_nombre_producto,pro_nombre_corto,med_id,emb_id,pro_unidades_embalaje,dep_id,lin_id,mar_id,pro_precio_compra_neto,pro_precio_compra_bruto,pro_precio_venta,pro_margen_actual,pro_oferta,pro_fecha_inicio_oferta,pro_fecha_termino_oferta,pro_precio_oferta,pro_stock_minimo,pro_stock_critico,pro_entradas_bodega,pro_salidas_bodega,pro_mermas_bodega,pro_ajustes_bodega,pro_entradas_sv,pro_salidas_sv,pro_mermas_sv,pro_ajustes_sv,pro_activo,rec_numero,pro_unidad,pro_capacidad,pro_consumo_bodega,pro_consumo_sv,pro_estado,pro_funcion_plu,pro_flejes,pro_iva,pro_plu_asociado,pro_envase,pro_duracion,pro_numero_etiqueta) VALUES (780721119,@@@025215491207@@@,@@@0@@@,@@@AUDIFONO MAXELL PLUGS BLANCO@@@,@@@AUDIFONO MAXELL @@@,@@@1 @@@,@@@3 @@@,@@@0@@@,@@@37 @@@,@@@176@@@,@@@2657@@@,@@@0@@@,@@@0@@@,@@@2790@@@,@@@0@@@,@@@@@@,@@@2013.06.12@@@,@@@2013.06.12@@@,@@@0@@@,@@@0@@@,@@@0@@@,@@@0@@@,@@@0@@@,@@@0@@@,@@@0@@@,@@@0@@@,@@@0@@@,@@@0@@@,@@@0@@@,@@@1@@@,@@@0@@@,0,1,0,0,2,0,1,1,0,@@@NO@@@,0,0)','',2,'2013-06-12'),(25360,'DELETE FROM mae_impuestos_productos WHERE pro_codigo_plu=@@@780721119@@@','',2,'2013-06-12'),(25361,'UPDATE mae_productos SET pro_codigo_barra=@@@025215491221@@@,pro_tipo=@@@0@@@,pro_nombre_producto=@@@AUDIFONO MAXELL PLUGS CELESTE@@@,pro_nombre_corto=@@@AUDIFONO MAXELL@@@,med_id=@@@1@@@,emb_id=@@@3@@@,pro_unidades_embalaje=@@@0@@@,dep_id=@@@37 @@@,lin_id=@@@176@@@,mar_id=@@@2657@@@,pro_precio_compra_neto=@@@0@@@,pro_precio_compra_bruto=@@@0@@@,pro_precio_venta=@@@2790@@@,pro_margen_actual=@@@0@@@,pro_oferta=@@@NO@@@,pro_fecha_inicio_oferta=@@@2013.06.12@@@,pro_fecha_termino_oferta=@@@2013.06.12@@@,pro_precio_oferta=@@@0@@@,pro_stock_minimo=@@@0@@@,pro_stock_critico=@@@0@@@,pro_activo=@@@1@@@,pro_unidad=@@@0@@@,pro_precio_compra_bruto=0,pro_margen_actual=0,pro_capacidad=1,pro_funcion_plu=0,pro_flejes=1,pro_iva=1,pro_plu_asociado=0,pro_envase=@@@NO@@@,pro_duracion=0,pro_numero_etiqueta=0 WHERE pro_codigo_plu=@@@780721119@@@','',2,'2013-06-12'),(25362,'UPDATE mae_productos SET pro_estado=1 WHERE pro_codigo_plu=780721119','',2,'2013-06-12'),(25363,'DELETE FROM mae_impuestos_productos WHERE pro_codigo_plu=@@@780721119@@@','',2,'2013-06-12'),(25364,'UPDATE mae_productos SET pro_codigo_barra=@@@025215491214@@@,pro_tipo=@@@0@@@,pro_nombre_producto=@@@AUDIFONO MAXELL PLUGS NEGRO@@@,pro_nombre_corto=@@@AUDIFONO MAXELL@@@,med_id=@@@1@@@,emb_id=@@@3@@@,pro_unidades_embalaje=@@@0@@@,dep_id=@@@37 @@@,lin_id=@@@176@@@,mar_id=@@@2657@@@,pro_precio_compra_neto=@@@0@@@,pro_precio_compra_bruto=@@@0@@@,pro_precio_venta=@@@2790@@@,pro_margen_actual=@@@0@@@,pro_oferta=@@@NO@@@,pro_fecha_inicio_oferta=@@@2013.06.12@@@,pro_fecha_termino_oferta=@@@2013.06.12@@@,pro_precio_oferta=@@@0@@@,pro_stock_minimo=@@@0@@@,pro_stock_critico=@@@0@@@,pro_activo=@@@1@@@,pro_unidad=@@@0@@@,pro_precio_compra_bruto=0,pro_margen_actual=0,pro_capacidad=1,pro_funcion_plu=0,pro_flejes=1,pro_iva=1,pro_plu_asociado=0,pro_envase=@@@NO@@@,pro_duracion=0,pro_numero_etiqueta=0 WHERE pro_codigo_plu=@@@780721119@@@','',2,'2013-06-12'),(25365,'UPDATE mae_productos SET pro_estado=1 WHERE pro_codigo_plu=780721119','',2,'2013-06-12'),(25366,'DELETE FROM mae_impuestos_productos WHERE pro_codigo_plu=@@@780721119@@@','',2,'2013-06-12'),(25367,'UPDATE mae_productos SET pro_codigo_barra=@@@025215491238@@@,pro_tipo=@@@0@@@,pro_nombre_producto=@@@AUDIFONO MAXELL PLUGS ROSADO@@@,pro_nombre_corto=@@@AUDIFONO MAXELL@@@,med_id=@@@1@@@,emb_id=@@@3@@@,pro_unidades_embalaje=@@@0@@@,dep_id=@@@37 @@@,lin_id=@@@176@@@,mar_id=@@@2657@@@,pro_precio_compra_neto=@@@0@@@,pro_precio_compra_bruto=@@@0@@@,pro_precio_venta=@@@2790@@@,pro_margen_actual=@@@0@@@,pro_oferta=@@@NO@@@,pro_fecha_inicio_oferta=@@@2013.06.12@@@,pro_fecha_termino_oferta=@@@2013.06.12@@@,pro_precio_oferta=@@@0@@@,pro_stock_minimo=@@@0@@@,pro_stock_critico=@@@0@@@,pro_activo=@@@1@@@,pro_unidad=@@@0@@@,pro_precio_compra_bruto=0,pro_margen_actual=0,pro_capacidad=1,pro_funcion_plu=0,pro_flejes=1,pro_iva=1,pro_plu_asociado=0,pro_envase=@@@NO@@@,pro_duracion=0,pro_numero_etiqueta=0 WHERE pro_codigo_plu=@@@780721119@@@','',2,'2013-06-12'),(25368,'UPDATE mae_productos SET pro_estado=1 WHERE pro_codigo_plu=780721119','',2,'2013-06-12'),(25369,'DELETE FROM mae_impuestos_productos WHERE pro_codigo_plu=@@@780721119@@@','',2,'2013-06-12'),(25370,'INSERT INTO mae_productos (pro_codigo_plu,pro_codigo_barra,pro_tipo,pro_nombre_producto,pro_nombre_corto,med_id,emb_id,pro_unidades_embalaje,dep_id,lin_id,mar_id,pro_precio_compra_neto,pro_precio_compra_bruto,pro_precio_venta,pro_margen_actual,pro_oferta,pro_fecha_inicio_oferta,pro_fecha_termino_oferta,pro_precio_oferta,pro_stock_minimo,pro_stock_critico,pro_entradas_bodega,pro_salidas_bodega,pro_mermas_bodega,pro_ajustes_bodega,pro_entradas_sv,pro_salidas_sv,pro_mermas_sv,pro_ajustes_sv,pro_activo,rec_numero,pro_unidad,pro_capacidad,pro_consumo_bodega,pro_consumo_sv,pro_estado,pro_funcion_plu,pro_flejes,pro_iva,pro_plu_asociado,pro_envase,pro_duracion,pro_numero_etiqueta) VALUES (780721120,@@@6932888272580@@@,@@@0@@@,@@@AUDIFONO TARGET TT-6431@@@,@@@AUDIFONO TARGET @@@,@@@1 @@@,@@@3 @@@,@@@0@@@,@@@37 @@@,@@@176@@@,@@@2673@@@,@@@0@@@,@@@0@@@,@@@3990@@@,@@@0@@@,@@@@@@,@@@2013.06.12@@@,@@@2013.06.12@@@,@@@0@@@,@@@0@@@,@@@0@@@,@@@0@@@,@@@0@@@,@@@0@@@,@@@0@@@,@@@0@@@,@@@0@@@,@@@0@@@,@@@0@@@,@@@1@@@,@@@0@@@,0,1,0,0,2,0,1,1,0,@@@NO@@@,0,0)','',2,'2013-06-12'),(25371,'DELETE FROM mae_impuestos_productos WHERE pro_codigo_plu=@@@780721120@@@','',2,'2013-06-12'),(25372,'INSERT INTO mae_productos (pro_codigo_plu,pro_codigo_barra,pro_tipo,pro_nombre_producto,pro_nombre_corto,med_id,emb_id,pro_unidades_embalaje,dep_id,lin_id,mar_id,pro_precio_compra_neto,pro_precio_compra_bruto,pro_precio_venta,pro_margen_actual,pro_oferta,pro_fecha_inicio_oferta,pro_fecha_termino_oferta,pro_precio_oferta,pro_stock_minimo,pro_stock_critico,pro_entradas_bodega,pro_salidas_bodega,pro_mermas_bodega,pro_ajustes_bodega,pro_entradas_sv,pro_salidas_sv,pro_mermas_sv,pro_ajustes_sv,pro_activo,rec_numero,pro_unidad,pro_capacidad,pro_consumo_bodega,pro_consumo_sv,pro_estado,pro_funcion_plu,pro_flejes,pro_iva,pro_plu_asociado,pro_envase,pro_duracion,pro_numero_etiqueta) VALUES (780721121,@@@7506086621601@@@,@@@0@@@,@@@MP3 TARGET TT-6590@@@,@@@MP3 TARGET TT-65@@@,@@@1 @@@,@@@3 @@@,@@@0@@@,@@@37 @@@,@@@176@@@,@@@2673@@@,@@@0@@@,@@@0@@@,@@@5990@@@,@@@0@@@,@@@@@@,@@@2013.06.12@@@,@@@2013.06.12@@@,@@@0@@@,@@@0@@@,@@@0@@@,@@@0@@@,@@@0@@@,@@@0@@@,@@@0@@@,@@@0@@@,@@@0@@@,@@@0@@@,@@@0@@@,@@@1@@@,@@@0@@@,0,1,0,0,2,0,1,1,0,@@@NO@@@,0,0)','',2,'2013-06-12'),(25373,'DELETE FROM mae_impuestos_productos WHERE pro_codigo_plu=@@@780721121@@@','',2,'2013-06-12'),(25374,'INSERT INTO mae_productos (pro_codigo_plu,pro_codigo_barra,pro_tipo,pro_nombre_producto,pro_nombre_corto,med_id,emb_id,pro_unidades_embalaje,dep_id,lin_id,mar_id,pro_precio_compra_neto,pro_precio_compra_bruto,pro_precio_venta,pro_margen_actual,pro_oferta,pro_fecha_inicio_oferta,pro_fecha_termino_oferta,pro_precio_oferta,pro_stock_minimo,pro_stock_critico,pro_entradas_bodega,pro_salidas_bodega,pro_mermas_bodega,pro_ajustes_bodega,pro_entradas_sv,pro_salidas_sv,pro_mermas_sv,pro_ajustes_sv,pro_activo,rec_numero,pro_unidad,pro_capacidad,pro_consumo_bodega,pro_consumo_sv,pro_estado,pro_funcion_plu,pro_flejes,pro_iva,pro_plu_asociado,pro_envase,pro_duracion,pro_numero_etiqueta) VALUES (780721122,@@@639247134942@@@,@@@0@@@,@@@AUDIFONO POLAROID NEGRO@@@,@@@AUDIFONO POLAROI@@@,@@@1 @@@,@@@3 @@@,@@@0@@@,@@@37 @@@,@@@176@@@,@@@2674@@@,@@@0@@@,@@@0@@@,@@@3490@@@,@@@0@@@,@@@@@@,@@@2013.06.12@@@,@@@2013.06.12@@@,@@@0@@@,@@@0@@@,@@@0@@@,@@@0@@@,@@@0@@@,@@@0@@@,@@@0@@@,@@@0@@@,@@@0@@@,@@@0@@@,@@@0@@@,@@@1@@@,@@@0@@@,0,1,0,0,2,0,1,1,0,@@@NO@@@,0,0)','',2,'2013-06-12'),(25375,'DELETE FROM mae_impuestos_productos WHERE pro_codigo_plu=@@@780721122@@@','',2,'2013-06-12'),(25376,'INSERT INTO mae_productos (pro_codigo_plu,pro_codigo_barra,pro_tipo,pro_nombre_producto,pro_nombre_corto,med_id,emb_id,pro_unidades_embalaje,dep_id,lin_id,mar_id,pro_precio_compra_neto,pro_precio_compra_bruto,pro_precio_venta,pro_margen_actual,pro_oferta,pro_fecha_inicio_oferta,pro_fecha_termino_oferta,pro_precio_oferta,pro_stock_minimo,pro_stock_critico,pro_entradas_bodega,pro_salidas_bodega,pro_mermas_bodega,pro_ajustes_bodega,pro_entradas_sv,pro_salidas_sv,pro_mermas_sv,pro_ajustes_sv,pro_activo,rec_numero,pro_unidad,pro_capacidad,pro_consumo_bodega,pro_consumo_sv,pro_estado,pro_funcion_plu,pro_flejes,pro_iva,pro_plu_asociado,pro_envase,pro_duracion,pro_numero_etiqueta) VALUES (780721123,@@@8712581336028@@@,@@@0@@@,@@@AUDIFONO SHE1350@@@,@@@AUDIFONO SHE1350@@@,@@@1 @@@,@@@3 @@@,@@@0@@@,@@@37 @@@,@@@176@@@,@@@997@@@,@@@0@@@,@@@0@@@,@@@1590@@@,@@@0@@@,@@@@@@,@@@2013.06.12@@@,@@@2013.06.12@@@,@@@0@@@,@@@0@@@,@@@0@@@,@@@0@@@,@@@0@@@,@@@0@@@,@@@0@@@,@@@0@@@,@@@0@@@,@@@0@@@,@@@0@@@,@@@1@@@,@@@0@@@,0,1,0,0,2,0,1,1,0,@@@NO@@@,0,0)','',2,'2013-06-12'),(25377,'DELETE FROM mae_impuestos_productos WHERE pro_codigo_plu=@@@780721123@@@','',2,'2013-06-12'),(25378,'INSERT INTO mae_productos (pro_codigo_plu,pro_codigo_barra,pro_tipo,pro_nombre_producto,pro_nombre_corto,med_id,emb_id,pro_unidades_embalaje,dep_id,lin_id,mar_id,pro_precio_compra_neto,pro_precio_compra_bruto,pro_precio_venta,pro_margen_actual,pro_oferta,pro_fecha_inicio_oferta,pro_fecha_termino_oferta,pro_precio_oferta,pro_stock_minimo,pro_stock_critico,pro_entradas_bodega,pro_salidas_bodega,pro_mermas_bodega,pro_ajustes_bodega,pro_entradas_sv,pro_salidas_sv,pro_mermas_sv,pro_ajustes_sv,pro_activo,rec_numero,pro_unidad,pro_capacidad,pro_consumo_bodega,pro_consumo_sv,pro_estado,pro_funcion_plu,pro_flejes,pro_iva,pro_plu_asociado,pro_envase,pro_duracion,pro_numero_etiqueta) VALUES (780721124,@@@7833589264333@@@,@@@0@@@,@@@AUDIFONO TARGET TT-6433@@@,@@@AUDIFONO TARGET @@@,@@@1 @@@,@@@3 @@@,@@@0@@@,@@@37 @@@,@@@176@@@,@@@2673@@@,@@@0@@@,@@@0@@@,@@@3990@@@,@@@0@@@,@@@@@@,@@@2013.06.12@@@,@@@2013.06.12@@@,@@@0@@@,@@@0@@@,@@@0@@@,@@@0@@@,@@@0@@@,@@@0@@@,@@@0@@@,@@@0@@@,@@@0@@@,@@@0@@@,@@@0@@@,@@@1@@@,@@@0@@@,0,1,0,0,2,0,1,1,0,@@@NO@@@,0,0)','',2,'2013-06-12'),(25379,'DELETE FROM mae_impuestos_productos WHERE pro_codigo_plu=@@@780721124@@@','',2,'2013-06-12'),(25380,'INSERT INTO gne_vale_ferreteria (vfe_id,vfe_fecha,vfe_total,vfe_estado,vfe_entregado,usu_nusuario) VALUES (2215,@@@2013.06.12@@@,940,1,0,@@@G_DIAZ@@@)','',2,'2013-06-12'),(25381,'INSERT INTO gne_vale_ferreteria_mov (vfe_id,pro_codigo_plu,vfm_cantidad,vfm_unitario,vfm_total,vfm_entregado) VALUES (2215,78017173,1,520,520,@@@NO@@@)','',2,'2013-06-12'),(25382,'INSERT INTO gne_vale_ferreteria_mov (vfe_id,pro_codigo_plu,vfm_cantidad,vfm_unitario,vfm_total,vfm_entregado) VALUES (2215,8022,1,120,120,@@@NO@@@)','',2,'2013-06-12'),(25383,'INSERT INTO gne_vale_ferreteria_mov (vfe_id,pro_codigo_plu,vfm_cantidad,vfm_unitario,vfm_total,vfm_entregado) VALUES (2215,800001,1,300,300,@@@NO@@@)','',2,'2013-06-12'),(25384,'INSERT INTO gne_vale_ferreteria (vfe_id,vfe_fecha,vfe_total,vfe_estado,vfe_entregado,usu_nusuario) VALUES (2216,@@@2013.06.12@@@,160,1,0,@@@G_DIAZ@@@)','',2,'2013-06-12'),(25385,'INSERT INTO gne_vale_ferreteria_mov (vfe_id,pro_codigo_plu,vfm_cantidad,vfm_unitario,vfm_total,vfm_entregado) VALUES (2216,78017191,4,40,160,@@@NO@@@)','',2,'2013-06-12'),(25386,'INSERT INTO gne_vale_ferreteria (vfe_id,vfe_fecha,vfe_total,vfe_estado,vfe_entregado,usu_nusuario) VALUES (2217,@@@2013.06.12@@@,150,1,0,@@@G_DIAZ@@@)','',2,'2013-06-12'),(25387,'INSERT INTO gne_vale_ferreteria_mov (vfe_id,pro_codigo_plu,vfm_cantidad,vfm_unitario,vfm_total,vfm_entregado) VALUES (2217,4088,1,150,150,@@@NO@@@)','',2,'2013-06-12'),