(75907,'UPDATE mae_productos SET pro_precio_compra_bruto=388.98,pro_margen_actual=(pro_precio_venta-388.98)/388.98 * 100,pro_ultima_compra=@@@2013.10.10@@@,pro_ultimo_proveedor=@@@93281000-K@@@ WHERE pro_codigo_plu=17346','',2,'2013-10-10'),(75908,'UPDATE mae_productos SET pro_precio_compra_bruto=302,pro_margen_actual=(pro_precio_venta-302)/302 * 100,pro_ultima_compra=@@@2013.10.10@@@,pro_ultimo_proveedor=@@@93281000-K@@@ WHERE pro_codigo_plu=763379','',2,'2013-10-10'),(75909,'UPDATE mae_productos SET pro_precio_compra_bruto=302,pro_margen_actual=(pro_precio_venta-302)/302 * 100,pro_ultima_compra=@@@2013.10.10@@@,pro_ultimo_proveedor=@@@93281000-K@@@ WHERE pro_codigo_plu=18479','',2,'2013-10-10'),(75910,'UPDATE mae_productos SET pro_precio_compra_bruto=262.08,pro_margen_actual=(pro_precio_venta-262.08)/262.08 * 100,pro_ultima_compra=@@@2013.10.10@@@,pro_ultimo_proveedor=@@@93281000-K@@@ WHERE pro_codigo_plu=17163','',2,'2013-10-10'),(75911,'UPDATE mae_productos SET pro_precio_compra_bruto=262.08,pro_margen_actual=(pro_precio_venta-262.08)/262.08 * 100,pro_ultima_compra=@@@2013.10.10@@@,pro_ultimo_proveedor=@@@93281000-K@@@ WHERE pro_codigo_plu=17221','',2,'2013-10-10'),(75912,'UPDATE mae_productos SET pro_precio_compra_bruto=275,pro_margen_actual=(pro_precio_venta-275)/275 * 100,pro_ultima_compra=@@@2013.10.10@@@,pro_ultimo_proveedor=@@@93281000-K@@@ WHERE pro_codigo_plu=17462','',2,'2013-10-10'),(75913,'UPDATE mae_productos SET pro_precio_compra_bruto=275,pro_margen_actual=(pro_precio_venta-275)/275 * 100,pro_ultima_compra=@@@2013.10.10@@@,pro_ultimo_proveedor=@@@93281000-K@@@ WHERE pro_codigo_plu=17456','',2,'2013-10-10'),(75914,'UPDATE mae_productos SET pro_precio_compra_bruto=508.5,pro_margen_actual=(pro_precio_venta-508.5)/508.5 * 100,pro_ultima_compra=@@@2013.10.10@@@,pro_ultimo_proveedor=@@@93281000-K@@@ WHERE pro_codigo_plu=763381','',2,'2013-10-10'),(75915,'UPDATE mae_productos SET pro_precio_compra_bruto=785,pro_margen_actual=(pro_precio_venta-785)/785 * 100,pro_ultima_compra=@@@2013.10.10@@@,pro_ultimo_proveedor=@@@93281000-K@@@ WHERE pro_codigo_plu=17224','',2,'2013-10-10'),(75916,'UPDATE mae_productos SET pro_precio_compra_bruto=785,pro_margen_actual=(pro_precio_venta-785)/785 * 100,pro_ultima_compra=@@@2013.10.10@@@,pro_ultimo_proveedor=@@@93281000-K@@@ WHERE pro_codigo_plu=17319','',2,'2013-10-10'),(75917,'UPDATE mae_productos SET pro_precio_compra_bruto=785,pro_margen_actual=(pro_precio_venta-785)/785 * 100,pro_ultima_compra=@@@2013.10.10@@@,pro_ultimo_proveedor=@@@93281000-K@@@ WHERE pro_codigo_plu=17330','',2,'2013-10-10'),(75918,'UPDATE mae_productos SET pro_precio_compra_bruto=881.33,pro_margen_actual=(pro_precio_venta-881.33)/881.33 * 100,pro_ultima_compra=@@@2013.10.10@@@,pro_ultimo_proveedor=@@@93281000-K@@@ WHERE pro_codigo_plu=17463','',2,'2013-10-10'),(75919,'UPDATE mae_productos SET pro_precio_compra_bruto=508.41,pro_margen_actual=(pro_precio_venta-508.41)/508.41 * 100,pro_ultima_compra=@@@2013.10.10@@@,pro_ultimo_proveedor=@@@93281000-K@@@ WHERE pro_codigo_plu=12596','',2,'2013-10-10'),(75920,'UPDATE mae_productos SET pro_precio_compra_bruto=302,pro_margen_actual=(pro_precio_venta-302)/302 * 100,pro_ultima_compra=@@@2013.10.10@@@,pro_ultimo_proveedor=@@@93281000-K@@@ WHERE pro_codigo_plu=18278','',2,'2013-10-10'),(75921,'UPDATE mae_productos SET pro_precio_compra_bruto=508.41,pro_margen_actual=(pro_precio_venta-508.41)/508.41 * 100,pro_ultima_compra=@@@2013.10.10@@@,pro_ultimo_proveedor=@@@93281000-K@@@ WHERE pro_codigo_plu=12880','',2,'2013-10-10'),(75922,'UPDATE mae_productos SET pro_precio_compra_bruto=508.41,pro_margen_actual=(pro_precio_venta-508.41)/508.41 * 100,pro_ultima_compra=@@@2013.10.10@@@,pro_ultimo_proveedor=@@@93281000-K@@@ WHERE pro_codigo_plu=780721769','',2,'2013-10-10'),(75923,'UPDATE mae_productos SET pro_precio_compra_bruto=677.88,pro_margen_actual=(pro_precio_venta-677.88)/677.88 * 100,pro_ultima_compra=@@@2013.10.10@@@,pro_ultimo_proveedor=@@@93281000-K@@@ WHERE pro_codigo_plu=18466','',2,'2013-10-10'),(75924,'UPDATE mae_productos SET pro_precio_compra_bruto=677.88,pro_margen_actual=(pro_precio_venta-677.88)/677.88 * 100,pro_ultima_compra=@@@2013.10.10@@@,pro_ultimo_proveedor=@@@93281000-K@@@ WHERE pro_codigo_plu=18468','',2,'2013-10-10'),(75925,'UPDATE mae_productos SET pro_precio_compra_bruto=677.88,pro_margen_actual=(pro_precio_venta-677.88)/677.88 * 100,pro_ultima_compra=@@@2013.10.10@@@,pro_ultimo_proveedor=@@@93281000-K@@@ WHERE pro_codigo_plu=763372','',2,'2013-10-10'),(75926,'UPDATE mae_productos SET pro_precio_compra_bruto=275,pro_margen_actual=(pro_precio_venta-275)/275 * 100,pro_ultima_compra=@@@2013.10.10@@@,pro_ultimo_proveedor=@@@93281000-K@@@ WHERE pro_codigo_plu=17461','',2,'2013-10-10'),(75927,'UPDATE mae_productos SET pro_precio_compra_bruto=635.58,pro_margen_actual=(pro_precio_venta-635.58)/635.58 * 100,pro_ultima_compra=@@@2013.10.10@@@,pro_ultimo_proveedor=@@@93281000-K@@@ WHERE pro_codigo_plu=763361','',2,'2013-10-10'),(75928,'UPDATE mae_productos SET pro_precio_compra_bruto=635.58,pro_margen_actual=(pro_precio_venta-635.58)/635.58 * 100,pro_ultima_compra=@@@2013.10.10@@@,pro_ultimo_proveedor=@@@93281000-K@@@ WHERE pro_codigo_plu=12600','',2,'2013-10-10'),(75929,'UPDATE mae_productos SET pro_precio_compra_bruto=635.58,pro_margen_actual=(pro_precio_venta-635.58)/635.58 * 100,pro_ultima_compra=@@@2013.10.10@@@,pro_ultimo_proveedor=@@@93281000-K@@@ WHERE pro_codigo_plu=12601','',2,'2013-10-10'),(75930,'UPDATE mae_productos SET pro_precio_compra_bruto=1102,pro_margen_actual=(pro_precio_venta-1102)/1102 * 100,pro_ultima_compra=@@@2013.10.10@@@,pro_ultimo_proveedor=@@@93281000-K@@@ WHERE pro_codigo_plu=780721842','',2,'2013-10-10'),(75931,'UPDATE mae_productos SET pro_precio_compra_bruto=523.36,pro_margen_actual=(pro_precio_venta-523.36)/523.36 * 100,pro_ultima_compra=@@@2013.10.10@@@,pro_ultimo_proveedor=@@@84348700-9@@@ WHERE pro_codigo_plu=780721948','',2,'2013-10-10'),(75932,'UPDATE mae_productos SET pro_precio_compra_bruto=539.96,pro_margen_actual=(pro_precio_venta-539.96)/539.96 * 100,pro_ultima_compra=@@@2013.10.10@@@,pro_ultimo_proveedor=@@@84348700-9@@@ WHERE pro_codigo_plu=780721601','',2,'2013-10-10'),(75933,'UPDATE mae_productos SET pro_precio_compra_bruto=134.99,pro_margen_actual=(pro_precio_venta-134.99)/134.99 * 100,pro_ultima_compra=@@@2013.10.10@@@,pro_ultimo_proveedor=@@@84348700-9@@@ WHERE pro_codigo_plu=780721949','',2,'2013-10-10'),(75934,'UPDATE mae_productos SET pro_precio_compra_bruto=288.97,pro_margen_actual=(pro_precio_venta-288.97)/288.97 * 100,pro_ultima_compra=@@@2013.10.10@@@,pro_ultimo_proveedor=@@@84348700-9@@@ WHERE pro_codigo_plu=763298','',2,'2013-10-10'),(75935,'UPDATE mae_productos SET pro_precio_compra_bruto=2990.47,pro_margen_actual=(pro_precio_venta-2990.47)/2990.47 * 100,pro_ultima_compra=@@@2013.10.10@@@,pro_ultimo_proveedor=@@@84348700-9@@@ WHERE pro_codigo_plu=102356','',2,'2013-10-10'),(75936,'UPDATE mae_productos SET pro_precio_compra_bruto=40.17,pro_margen_actual=(pro_precio_venta-40.17)/40.17 * 100,pro_ultima_compra=@@@2013.10.10@@@,pro_ultimo_proveedor=@@@99554560-8@@@ WHERE pro_codigo_plu=763509','',2,'2013-10-10'),(75937,'UPDATE mae_productos SET pro_precio_compra_bruto=40.17,pro_margen_actual=(pro_precio_venta-40.17)/40.17 * 100,pro_ultima_compra=@@@2013.10.10@@@,pro_ultimo_proveedor=@@@99554560-8@@@ WHERE pro_codigo_plu=763508','',2,'2013-10-10'),(75938,'UPDATE mae_productos SET pro_precio_compra_bruto=40.17,pro_margen_actual=(pro_precio_venta-40.17)/40.17 * 100,pro_ultima_compra=@@@2013.10.10@@@,pro_ultimo_proveedor=@@@99554560-8@@@ WHERE pro_codigo_plu=763510','',2,'2013-10-10'),(75939,'UPDATE mae_productos SET pro_precio_compra_bruto=40.17,pro_margen_actual=(pro_precio_venta-40.17)/40.17 * 100,pro_ultima_compra=@@@2013.10.10@@@,pro_ultimo_proveedor=@@@99554560-8@@@ WHERE pro_codigo_plu=763498','',2,'2013-10-10'),(75940,'INSERT INTO gne_vale_ferreteria (vfe_id,vfe_fecha,vfe_total,vfe_estado,vfe_entregado,usu_nusuario) VALUES (13384,@@@2013.10.10@@@,2480,1,0,@@@b_SAEZ@@@)','',2,'2013-10-10'),(75941,'INSERT INTO gne_vale_ferreteria_mov (vfe_id,pro_codigo_plu,vfm_cantidad,vfm_unitario,vfm_total,vfm_entregado) VALUES (13384,764849,1,1990,1990,@@@NO@@@)','',2,'2013-10-10'),(75942,'INSERT INTO gne_vale_ferreteria_mov (vfe_id,pro_codigo_plu,vfm_cantidad,vfm_unitario,vfm_total,vfm_entregado) VALUES (13384,1538,1,490,490,@@@NO@@@)','',2,'2013-10-10'),(75943,'INSERT INTO gne_vale_ferreteria (vfe_id,vfe_fecha,vfe_total,vfe_estado,vfe_entregado,usu_nusuario) VALUES (13385,@@@2013.10.10@@@,150,1,0,@@@b_SAEZ@@@)','',2,'2013-10-10'),(75944,'INSERT INTO gne_vale_ferreteria_mov (vfe_id,pro_codigo_plu,vfm_cantidad,vfm_unitario,vfm_total,vfm_entregado) VALUES (13385,764772,1,30,30,@@@NO@@@)','',2,'2013-10-10'),(75945,'INSERT INTO gne_vale_ferreteria_mov (vfe_id,pro_codigo_plu,vfm_cantidad,vfm_unitario,vfm_total,vfm_entregado) VALUES (13385,78017059,1,120,120,@@@NO@@@)','',2,'2013-10-10'),(75946,'INSERT INTO gne_vale_ferreteria (vfe_id,vfe_fecha,vfe_total,vfe_estado,vfe_entregado,usu_nusuario) VALUES (13386,@@@2013.10.10@@@,100,1,0,@@@admin@@@)','',2,'2013-10-10'),(75947,'INSERT INTO gne_vale_ferreteria_mov (vfe_id,pro_codigo_plu,vfm_cantidad,vfm_unitario,vfm_total,vfm_entregado) VALUES (13386,78017190,1,100,100,@@@NO@@@)','',2,'2013-10-10'),(75948,'INSERT INTO gne_vale_ferreteria (vfe_id,vfe_fecha,vfe_total,vfe_estado,vfe_entregado,usu_nusuario) VALUES (13387,@@@2013.10.10@@@,200,1,0,@@@G_DIAZ@@@)','',2,'2013-10-10'),(75949,'INSERT INTO gne_vale_ferreteria_mov (vfe_id,pro_codigo_plu,vfm_cantidad,vfm_unitario,vfm_total,vfm_entregado) VALUES (13387,78017014,1,200,200,@@@NO@@@)','',2,'2013-10-10'),(75950,'INSERT INTO gne_vale_ferreteria (vfe_id,vfe_fecha,vfe_total,vfe_estado,vfe_entregado,usu_nusuario) VALUES (13388,@@@2013.10.10@@@,1890,1,0,@@@G_DIAZ@@@)','',2,'2013-10-10'),(75951,'INSERT INTO gne_vale_ferreteria_mov (vfe_id,pro_codigo_plu,vfm_cantidad,vfm_unitario,vfm_total,vfm_entregado) VALUES (13388,763599,1,1890,1890,@@@NO@@@)','',2,'2013-10-10'),(75952,'INSERT INTO gne_vale_ferreteria (vfe_id,vfe_fecha,vfe_total,vfe_estado,vfe_entregado,usu_nusuario) VALUES (13389,@@@2013.10.10@@@,240,1,0,@@@G_DIAZ@@@)','',2,'2013-10-10'),(75953,'INSERT INTO gne_vale_ferreteria_mov (vfe_id,pro_codigo_plu,vfm_cantidad,vfm_unitario,vfm_total,vfm_entregado) VALUES (13389,764159,2,120,240,@@@NO@@@)','',2,'2013-10-10'),(75954,'INSERT INTO gne_vale_ferreteria (vfe_id,vfe_fecha,vfe_total,vfe_estado,vfe_entregado,usu_nusuario) VALUES (13390,@@@2013.10.10@@@,60,1,0,@@@G_DIAZ@@@)','',2,'2013-10-10'),(75955,'INSERT INTO gne_vale_ferreteria_mov (vfe_id,pro_codigo_plu,vfm_cantidad,vfm_unitario,vfm_total,vfm_entregado) VALUES (13390,764772,2,30,60,@@@NO@@@)','',2,'2013-10-10'),(75956,'INSERT INTO gne_vale_ferreteria (vfe_id,vfe_fecha,vfe_total,vfe_estado,vfe_entregado,usu_nusuario) VALUES (13391,@@@2013.10.10@@@,1890,1,0,@@@G_DIAZ@@@)','',2,'2013-10-10'),(75957,'INSERT INTO gne_vale_ferreteria_mov (vfe_id,pro_codigo_plu,vfm_cantidad,vfm_unitario,vfm_total,vfm_entregado) VALUES (13391,101624,1,1890,1890,@@@NO@@@)','',2,'2013-10-10'),(75958,'INSERT INTO gne_vale_ferreteria (vfe_id,vfe_fecha,vfe_total,vfe_estado,vfe_entregado,usu_nusuario) VALUES (13392,@@@2013.10.10@@@,120,1,0,@@@G_DIAZ@@@)','',2,'2013-10-10'),(75959,'INSERT INTO gne_vale_ferreteria_mov (vfe_id,pro_codigo_plu,vfm_cantidad,vfm_unitario,vfm_total,vfm_entregado) VALUES (13392,8022,1,120,120,@@@NO@@@)','',2,'2013-10-10'),(75960,'INSERT INTO gne_vale_ferreteria (vfe_id,vfe_fecha,vfe_total,vfe_estado,vfe_entregado,usu_nusuario) VALUES (13393,@@@2013.10.10@@@,2890,1,0,@@@G_DIAZ@@@)','',2,'2013-10-10'),(75961,'INSERT INTO gne_vale_ferreteria_mov (vfe_id,pro_codigo_plu,vfm_cantidad,vfm_unitario,vfm_total,vfm_entregado) VALUES (13393,14217,1,2890,2890,@@@NO@@@)','',2,'2013-10-10'),(75962,'INSERT INTO gne_vale_ferreteria (vfe_id,vfe_fecha,vfe_total,vfe_estado,vfe_entregado,usu_nusuario) VALUES (13394,@@@2013.10.10@@@,400,1,0,@@@G_DIAZ@@@)','',2,'2013-10-10'),(75963,'INSERT INTO gne_vale_ferreteria_mov (vfe_id,pro_codigo_plu,vfm_cantidad,vfm_unitario,vfm_total,vfm_entregado) VALUES (13394,78017146,4,50,200,@@@NO@@@)','',2,'2013-10-10'),(75964,'INSERT INTO gne_vale_ferreteria_mov (vfe_id,pro_codigo_plu,vfm_cantidad,vfm_unitario,vfm_total,vfm_entregado) VALUES (13394,7051,2,100,200,@@@NO@@@)','',2,'2013-10-10'),(75965,'INSERT INTO gne_vale_ferreteria (vfe_id,vfe_fecha,vfe_total,vfe_estado,vfe_entregado,usu_nusuario) VALUES (13395,@@@2013.10.10@@@,690,1,0,@@@G_DIAZ@@@)','',2,'2013-10-10'),(75966,'INSERT INTO gne_vale_ferreteria_mov (vfe_id,pro_codigo_plu,vfm_cantidad,vfm_unitario,vfm_total,vfm_entregado) VALUES (13395,20836,1,690,690,@@@NO@@@)','',2,'2013-10-10'),(75967,'INSERT INTO gne_vale_ferreteria (vfe_id,vfe_fecha,vfe_total,vfe_estado,vfe_entregado,usu_nusuario) VALUES (13396,@@@2013.10.10@@@,100,1,0,@@@G_DIAZ@@@)','',2,'2013-10-10'),(75968,'INSERT INTO gne_vale_ferreteria_mov (vfe_id,pro_codigo_plu,vfm_cantidad,vfm_unitario,vfm_total,vfm_entregado) VALUES (13396,78016966,5,20,100,@@@NO@@@)','',2,'2013-10-10'),(75969,'INSERT INTO gne_vale_ferreteria (vfe_id,vfe_fecha,vfe_total,vfe_estado,vfe_entregado,usu_nusuario) VALUES (13397,@@@2013.10.10@@@,1340,1,0,@@@G_DIAZ@@@)','',2,'2013-10-10'),(75970,'INSERT INTO gne_vale_ferreteria_mov (vfe_id,pro_codigo_plu,vfm_cantidad,vfm_unitario,vfm_total,vfm_entregado) VALUES (13397,762000,1,690,690,@@@NO@@@)','',2,'2013-10-10'),(75971,'INSERT INTO gne_vale_ferreteria_mov (vfe_id,pro_codigo_plu,vfm_cantidad,vfm_unitario,vfm_total,vfm_entregado) VALUES (13397,78017198,1,650,650,@@@NO@@@)','',2,'2013-10-10'),(75972,'INSERT INTO gne_vale_ferreteria (vfe_id,vfe_fecha,vfe_total,vfe_estado,vfe_entregado,usu_nusuario) VALUES (13398,@@@2013.10.10@@@,1140,1,0,@@@G_DIAZ@@@)','',2,'2013-10-10'),(75973,'INSERT INTO gne_vale_ferreteria_mov (vfe_id,pro_codigo_plu,vfm_cantidad,vfm_unitario,vfm_total,vfm_entregado) VALUES (13398,770057,1,150,150,@@@NO@@@)','',2,'2013-10-10'),(75974,'INSERT INTO gne_vale_ferreteria_mov (vfe_id,pro_codigo_plu,vfm_cantidad,vfm_unitario,vfm_total,vfm_entregado) VALUES (13398,1558,1,990,990,@@@NO@@@)','',2,'2013-10-10'),(75975,'INSERT INTO gne_vale_ferreteria (vfe_id,vfe_fecha,vfe_total,vfe_estado,vfe_entregado,usu_nusuario) VALUES (13399,@@@2013.10.10@@@,250,1,0,@@@G_DIAZ@@@)','',2,'2013-10-10'),(75976,'INSERT INTO gne_vale_ferreteria_mov (vfe_id,pro_codigo_plu,vfm_cantidad,vfm_unitario,vfm_total,vfm_entregado) VALUES (13399,780721186,1,250,250,@@@NO@@@)','',2,'2013-10-10'),(75977,'INSERT INTO gne_vale_ferreteria (vfe_id,vfe_fecha,vfe_total,vfe_estado,vfe_entregado,usu_nusuario) VALUES (13400,@@@2013.10.10@@@,480,1,0,@@@G_DIAZ@@@)','',2,'2013-10-10'),(75978,'INSERT INTO gne_vale_ferreteria_mov (vfe_id,pro_codigo_plu,vfm_cantidad,vfm_unitario,vfm_total,vfm_entregado) VALUES (13400,764159,4,120,480,@@@NO@@@)','',2,'2013-10-10'),(75979,'INSERT INTO gne_vale_ferreteria (vfe_id,vfe_fecha,vfe_total,vfe_estado,vfe_entregado,usu_nusuario) VALUES (13401,@@@2013.10.10@@@,2790,1,0,@@@G_DIAZ@@@)','',2,'2013-10-10'),(75980,'INSERT INTO gne_vale_ferreteria_mov (vfe_id,pro_codigo_plu,vfm_cantidad,vfm_unitario,vfm_total,vfm_entregado) VALUES (13401,20599,1,1100,1100,@@@NO@@@)','',2,'2013-10-10'),(75981,'INSERT INTO gne_vale_ferreteria_mov (vfe_id,pro_codigo_plu,vfm_cantidad,vfm_unitario,vfm_total,vfm_entregado) VALUES (13401,20618,1,1690,1690,@@@NO@@@)','',2,'2013-10-10'),(75982,'UPDATE mae_productos SET pro_precio_compra_bruto=1001.04,pro_margen_actual=(pro_precio_venta-1001.04)/1001.04 * 100,pro_ultima_compra=@@@2013.10.10@@@,pro_ultimo_proveedor=@@@99554560-8@@@ WHERE pro_codigo_plu=763532','',2,'2013-10-10'),(75983,'INSERT INTO gne_vale_ferreteria (vfe_id,vfe_fecha,vfe_total,vfe_estado,vfe_entregado,usu_nusuario) VALUES (13402,@@@2013.10.10@@@,3490,1,0,@@@G_DIAZ@@@)','',2,'2013-10-10'),(75984,'INSERT INTO gne_vale_ferreteria_mov (vfe_id,pro_codigo_plu,vfm_cantidad,vfm_unitario,vfm_total,vfm_entregado) VALUES (13402,20400,1,2590,2590,@@@NO@@@)','',2,'2013-10-10'),(75985,'INSERT INTO gne_vale_ferreteria_mov (vfe_id,pro_codigo_plu,vfm_cantidad,vfm_unitario,vfm_total,vfm_entregado) VALUES (13402,763884,1,900,900,@@@NO@@@)','',2,'2013-10-10'),(75986,'UPDATE mae_productos SET pro_precio_compra_bruto=835,pro_margen_actual=(pro_precio_venta-835)/835 * 100,pro_ultima_compra=@@@2013.10.10@@@,pro_ultimo_proveedor=@@@99554560-8@@@ WHERE pro_codigo_plu=763377','',2,'2013-10-10'),(75987,'UPDATE mae_productos SET pro_precio_compra_bruto=780.74,pro_margen_actual=(pro_precio_venta-780.74)/780.74 * 100,pro_ultima_compra=@@@2013.10.10@@@,pro_ultimo_proveedor=@@@99554560-8@@@ WHERE pro_codigo_plu=763367','',2,'2013-10-10'),(75988,'UPDATE mae_productos SET pro_precio_compra_bruto=835,pro_margen_actual=(pro_precio_venta-835)/835 * 100,pro_ultima_compra=@@@2013.10.10@@@,pro_ultimo_proveedor=@@@99554560-8@@@ WHERE pro_codigo_plu=763366','',2,'2013-10-10'),(75989,'UPDATE mae_productos SET pro_precio_compra_bruto=551.86,pro_margen_actual=(pro_precio_venta-551.86)/551.86 * 100,pro_ultima_compra=@@@2013.10.10@@@,pro_ultimo_proveedor=@@@99554560-8@@@ WHERE pro_codigo_plu=763502','',2,'2013-10-10'),(75990,'UPDATE mae_productos SET pro_precio_compra_bruto=3097.38,pro_margen_actual=(pro_precio_venta-3097.38)/3097.38 * 100,pro_ultima_compra=@@@2013.10.10@@@,pro_ultimo_proveedor=@@@99554560-8@@@ WHERE pro_codigo_plu=780721600','',2,'2013-10-10'),(75991,'UPDATE mae_productos SET pro_precio_compra_bruto=1600.32,pro_margen_actual=(pro_precio_venta-1600.32)/1600.32 * 100,pro_ultima_compra=@@@2013.10.10@@@,pro_ultimo_proveedor=@@@99554560-8@@@ WHERE pro_codigo_plu=17970','',2,'2013-10-10'),(75992,'UPDATE mae_productos SET pro_precio_compra_bruto=819.4,pro_margen_actual=(pro_precio_venta-819.4)/819.4 * 100,pro_ultima_compra=@@@2013.10.10@@@,pro_ultimo_proveedor=@@@99554560-8@@@ WHERE pro_codigo_plu=763390','',2,'2013-10-10'),(75993,'UPDATE mae_productos SET pro_precio_compra_bruto=819.4,pro_margen_actual=(pro_precio_venta-819.4)/819.4 * 100,pro_ultima_compra=@@@2013.10.10@@@,pro_ultimo_proveedor=@@@99554560-8@@@ WHERE pro_codigo_plu=780721831','',2,'2013-10-10'),(75994,'INSERT INTO gne_vale_ferreteria (vfe_id,vfe_fecha,vfe_total,vfe_estado,vfe_entregado,usu_nusuario) VALUES (13403,@@@2013.10.10@@@,60,1,0,@@@G_DIAZ@@@)','',2,'2013-10-10'),(75995,'INSERT INTO gne_vale_ferreteria_mov (vfe_id,pro_codigo_plu,vfm_cantidad,vfm_unitario,vfm_total,vfm_entregado) VALUES (13403,13229,4,15,60,@@@NO@@@)','',2,'2013-10-10'),(75996,'UPDATE mae_productos SET pro_precio_compra_bruto=2787.7,pro_margen_actual=(pro_precio_venta-2787.7)/2787.7 * 100,pro_ultima_compra=@@@2013.10.10@@@,pro_ultimo_proveedor=@@@99554560-8@@@ WHERE pro_codigo_plu=18039','',2,'2013-10-10'),(75997,'INSERT INTO gne_vale_ferreteria (vfe_id,vfe_fecha,vfe_total,vfe_estado,vfe_entregado,usu_nusuario) VALUES (13404,@@@2013.10.10@@@,2420,1,0,@@@G_DIAZ@@@)','',2,'2013-10-10'),(75998,'INSERT INTO gne_vale_ferreteria_mov (vfe_id,pro_codigo_plu,vfm_cantidad,vfm_unitario,vfm_total,vfm_entregado) VALUES (13404,78017111,3,100,300,@@@NO@@@)','',2,'2013-10-10'),(75999,'INSERT INTO gne_vale_ferreteria_mov (vfe_id,pro_codigo_plu,vfm_cantidad,vfm_unitario,vfm_total,vfm_entregado) VALUES (13404,770000,10,50,500,@@@NO@@@)','',2,'2013-10-10'),(76000,'INSERT INTO gne_vale_ferreteria_mov (vfe_id,pro_codigo_plu,vfm_cantidad,vfm_unitario,vfm_total,vfm_entregado) VALUES (13404,780721808,1,450,450,@@@NO@@@)','',2,'2013-10-10'),(76001,'INSERT INTO gne_vale_ferreteria_mov (vfe_id,pro_codigo_plu,vfm_cantidad,vfm_unitario,vfm_total,vfm_entregado) VALUES (13404,1535,3,390,1170,@@@NO@@@)','',2,'2013-10-10'),(76002,'INSERT INTO gne_vale_ferreteria (vfe_id,vfe_fecha,vfe_total,vfe_estado,vfe_entregado,usu_nusuario) VALUES (13405,@@@2013.10.10@@@,1470,1,0,@@@G_DIAZ@@@)','',2,'2013-10-10'),(76003,'INSERT INTO gne_vale_ferreteria_mov (vfe_id,pro_codigo_plu,vfm_cantidad,vfm_unitario,vfm_total,vfm_entregado) VALUES (13405,780721925,1,750,750,@@@NO@@@)','',2,'2013-10-10'),(76004,'INSERT INTO gne_vale_ferreteria_mov (vfe_id,pro_codigo_plu,vfm_cantidad,vfm_unitario,vfm_total,vfm_entregado) VALUES (13405,763934,1,720,720,@@@NO@@@)','',2,'2013-10-10'),(76005,'INSERT INTO gne_vale_ferreteria (vfe_id,vfe_fecha,vfe_total,vfe_estado,vfe_entregado,usu_nusuario) VALUES (13406,@@@2013.10.10@@@,1890,1,0,@@@G_DIAZ@@@)','',2,'2013-10-10'),(76006,'INSERT INTO gne_vale_ferreteria_mov (vfe_id,pro_codigo_plu,vfm_cantidad,vfm_unitario,vfm_total,vfm_entregado) VALUES (13406,101624,1,1890,1890,@@@NO@@@)','',2,'2013-10-10'),(76007,'INSERT INTO gne_vale_ferreteria (vfe_id,vfe_fecha,vfe_total,vfe_estado,vfe_entregado,usu_nusuario) VALUES (13407,@@@2013.10.10@@@,300,1,0,@@@G_DIAZ@@@)','',2,'2013-10-10'),(76008,'INSERT INTO gne_vale_ferreteria_mov (vfe_id,pro_codigo_plu,vfm_cantidad,vfm_unitario,vfm_total,vfm_entregado) VALUES (13407,2004,1,300,300,@@@NO@@@)','',2,'2013-10-10'),(76009,'UPDATE mae_productos SET pro_precio_compra_bruto=229.67,pro_margen_actual=(pro_precio_venta-229.67)/229.67 * 100,pro_ultima_compra=@@@2013.10.10@@@,pro_ultimo_proveedor=@@@84472400-4@@@ WHERE pro_codigo_plu=19243','',2,'2013-10-10'),(76010,'UPDATE mae_productos SET pro_precio_compra_bruto=229.67,pro_margen_actual=(pro_precio_venta-229.67)/229.67 * 100,pro_ultima_compra=@@@2013.10.10@@@,pro_ultimo_proveedor=@@@84472400-4@@@ WHERE pro_codigo_plu=17056','',2,'2013-10-10'),(76011,'UPDATE mae_productos SET pro_precio_compra_bruto=96.39,pro_margen_actual=(pro_precio_venta-96.39)/96.39 * 100,pro_ultima_compra=@@@2013.10.10@@@,pro_ultimo_proveedor=@@@84472400-4@@@ WHERE pro_codigo_plu=17016','',2,'2013-10-10'),(76012,'UPDATE mae_productos SET pro_precio_compra_bruto=96.39,pro_margen_actual=(pro_precio_venta-96.39)/96.39 * 100,pro_ultima_compra=@@@2013.10.10@@@,pro_ultimo_proveedor=@@@84472400-4@@@ WHERE pro_codigo_plu=17018','',2,'2013-10-10'),(76013,'UPDATE mae_productos SET pro_precio_compra_bruto=199.92,pro_margen_actual=(pro_precio_venta-199.92)/199.92 * 100,pro_ultima_compra=@@@2013.10.10@@@,pro_ultimo_proveedor=@@@84472400-4@@@ WHERE pro_codigo_plu=17030','',2,'2013-10-10'),(76014,'UPDATE mae_productos SET pro_precio_compra_bruto=199.92,pro_margen_actual=(pro_precio_venta-199.92)/199.92 * 100,pro_ultima_compra=@@@2013.10.10@@@,pro_ultimo_proveedor=@@@84472400-4@@@ WHERE pro_codigo_plu=19238','',2,'2013-10-10'),(76015,'UPDATE mae_productos SET pro_precio_compra_bruto=307.02,pro_margen_actual=(pro_precio_venta-307.02)/307.02 * 100,pro_ultima_compra=@@@2013.10.10@@@,pro_ultimo_proveedor=@@@84472400-4@@@ WHERE pro_codigo_plu=16495','',2,'2013-10-10'),(76016,'UPDATE mae_productos SET pro_precio_compra_bruto=307.02,pro_margen_actual=(pro_precio_venta-307.02)/307.02 * 100,pro_ultima_compra=@@@2013.10.10@@@,pro_ultimo_proveedor=@@@84472400-4@@@ WHERE pro_codigo_plu=16494','',2,'2013-10-10'),(76017,'UPDATE mae_productos SET pro_precio_compra_bruto=859.18,pro_margen_actual=(pro_precio_venta-859.18)/859.18 * 100,pro_ultima_compra=@@@2013.10.10@@@,pro_ultimo_proveedor=@@@84472400-4@@@ WHERE pro_codigo_plu=16477','',2,'2013-10-10'),(76018,'UPDATE mae_productos SET pro_precio_compra_bruto=859.18,pro_margen_actual=(pro_precio_venta-859.18)/859.18 * 100,pro_ultima_compra=@@@2013.10.10@@@,pro_ultimo_proveedor=@@@84472400-4@@@ WHERE pro_codigo_plu=16937','',2,'2013-10-10'),(76019,'UPDATE mae_productos SET pro_precio_compra_bruto=339.15,pro_margen_actual=(pro_precio_venta-339.15)/339.15 * 100,pro_ultima_compra=@@@2013.10.10@@@,pro_ultimo_proveedor=@@@84472400-4@@@ WHERE pro_codigo_plu=17023','',2,'2013-10-10'),(76020,'UPDATE mae_productos SET pro_precio_compra_bruto=152.32,pro_margen_actual=(pro_precio_venta-152.32)/152.32 * 100,pro_ultima_compra=@@@2013.10.10@@@,pro_ultimo_proveedor=@@@84472400-4@@@ WHERE pro_codigo_plu=18217','',2,'2013-10-10'),(76021,'UPDATE mae_productos SET pro_precio_compra_bruto=152.32,pro_margen_actual=(pro_precio_venta-152.32)/152.32 * 100,pro_ultima_compra=@@@2013.10.10@@@,pro_ultimo_proveedor=@@@84472400-4@@@ WHERE pro_codigo_plu=18218','',2,'2013-10-10'),(76022,'UPDATE mae_productos SET pro_precio_compra_bruto=152.32,pro_margen_actual=(pro_precio_venta-152.32)/152.32 * 100,pro_ultima_compra=@@@2013.10.10@@@,pro_ultimo_proveedor=@@@84472400-4@@@ WHERE pro_codigo_plu=18216','',2,'2013-10-10'),(76023,'UPDATE mae_productos SET pro_precio_compra_bruto=355.51,pro_margen_actual=(pro_precio_venta-355.51)/355.51 * 100,pro_ultima_compra=@@@2013.10.10@@@,pro_ultimo_proveedor=@@@84472400-4@@@ WHERE pro_codigo_plu=16372','',2,'2013-10-10'),(76024,'UPDATE mae_productos SET pro_precio_compra_bruto=485.52,pro_margen_actual=(pro_precio_venta-485.52)/485.52 * 100,pro_ultima_compra=@@@2013.10.10@@@,pro_ultimo_proveedor=@@@84472400-4@@@ WHERE pro_codigo_plu=19141','',2,'2013-10-10'),(76025,'UPDATE mae_productos SET pro_precio_compra_bruto=266.56,pro_margen_actual=(pro_precio_venta-266.56)/266.56 * 100,pro_ultima_compra=@@@2013.10.10@@@,pro_ultimo_proveedor=@@@84472400-4@@@ WHERE pro_codigo_plu=78017057','',2,'2013-10-10'),(76026,'UPDATE mae_productos SET pro_precio_compra_bruto=266.56,pro_margen_actual=(pro_precio_venta-266.56)/266.56 * 100,pro_ultima_compra=@@@2013.10.10@@@,pro_ultimo_proveedor=@@@84472400-4@@@ WHERE pro_codigo_plu=78017067','',2,'2013-10-10'),(76027,'UPDATE mae_productos SET pro_precio_compra_bruto=292.5,pro_margen_actual=(pro_precio_venta-292.5)/292.5 * 100,pro_ultima_compra=@@@2013.10.10@@@,pro_ultimo_proveedor=@@@84472400-4@@@ WHERE pro_codigo_plu=780721211','',2,'2013-10-10'),(76028,'UPDATE mae_productos SET pro_precio_compra_bruto=292.5,pro_margen_actual=(pro_precio_venta-292.5)/292.5 * 100,pro_ultima_compra=@@@2013.10.10@@@,pro_ultimo_proveedor=@@@84472400-4@@@ WHERE pro_codigo_plu=780721212','',2,'2013-10-10'),(76029,'UPDATE mae_productos SET pro_precio_compra_bruto=362.95,pro_margen_actual=(pro_precio_venta-362.95)/362.95 * 100,pro_ultima_compra=@@@2013.10.10@@@,pro_ultimo_proveedor=@@@84472400-4@@@ WHERE pro_codigo_plu=761918','',2,'2013-10-10'),(76030,'UPDATE mae_productos SET pro_precio_compra_bruto=362.95,pro_margen_actual=(pro_precio_venta-362.95)/362.95 * 100,pro_ultima_compra=@@@2013.10.10@@@,pro_ultimo_proveedor=@@@84472400-4@@@ WHERE pro_codigo_plu=16534','',2,'2013-10-10'),(76031,'UPDATE mae_productos SET pro_precio_compra_bruto=336.77,pro_margen_actual=(pro_precio_venta-336.77)/336.77 * 100,pro_ultima_compra=@@@2013.10.10@@@,pro_ultimo_proveedor=@@@84472400-4@@@ WHERE pro_codigo_plu=763343','',2,'2013-10-10'),(76032,'UPDATE mae_productos SET pro_precio_compra_bruto=336.77,pro_margen_actual=(pro_precio_venta-336.77)/336.77 * 100,pro_ultima_compra=@@@2013.10.10@@@,pro_ultimo_proveedor=@@@84472400-4@@@ WHERE pro_codigo_plu=763334','',2,'2013-10-10'),(76033,'UPDATE mae_productos SET pro_precio_compra_bruto=283.22,pro_margen_actual=(pro_precio_venta-283.22)/283.22 * 100,pro_ultima_compra=@@@2013.10.10@@@,pro_ultimo_proveedor=@@@84472400-4@@@ WHERE pro_codigo_plu=763335','',2,'2013-10-10'),(76034,'UPDATE mae_productos SET pro_precio_compra_bruto=283.22,pro_margen_actual=(pro_precio_venta-283.22)/283.22 * 100,pro_ultima_compra=@@@2013.10.10@@@,pro_ultimo_proveedor=@@@84472400-4@@@ WHERE pro_codigo_plu=763338','',2,'2013-10-10'),(76035,'UPDATE mae_productos SET pro_precio_compra_bruto=210.63,pro_margen_actual=(pro_precio_venta-210.63)/210.63 * 100,pro_ultima_compra=@@@2013.10.10@@@,pro_ultimo_proveedor=@@@84472400-4@@@ WHERE pro_codigo_plu=763346','',2,'2013-10-10'),(76036,'UPDATE mae_productos SET pro_precio_compra_bruto=207.06,pro_margen_actual=(pro_precio_venta-207.06)/207.06 * 100,pro_ultima_compra=@@@2013.10.10@@@,pro_ultimo_proveedor=@@@84472400-4@@@ WHERE pro_codigo_plu=101943','',2,'2013-10-10'),(76037,'UPDATE mae_productos SET pro_precio_compra_bruto=207.06,pro_margen_actual=(pro_precio_venta-207.06)/207.06 * 100,pro_ultima_compra=@@@2013.10.10@@@,pro_ultimo_proveedor=@@@84472400-4@@@ WHERE pro_codigo_plu=101942','',2,'2013-10-10'),(76038,'UPDATE mae_productos SET pro_precio_compra_bruto=210.63,pro_margen_actual=(pro_precio_venta-210.63)/210.63 * 100,pro_ultima_compra=@@@2013.10.10@@@,pro_ultimo_proveedor=@@@84472400-4@@@ WHERE pro_codigo_plu=763340','',2,'2013-10-10'),(76039,'UPDATE mae_productos SET pro_precio_compra_bruto=168.18,pro_margen_actual=(pro_precio_venta-168.18)/168.18 * 100,pro_ultima_compra=@@@2013.10.10@@@,pro_ultimo_proveedor=@@@84472400-4@@@ WHERE pro_codigo_plu=763459','',2,'2013-10-10'),(76040,'UPDATE mae_productos SET pro_precio_compra_bruto=168.18,pro_margen_actual=(pro_precio_venta-168.18)/168.18 * 100,pro_ultima_compra=@@@2013.10.10@@@,pro_ultimo_proveedor=@@@84472400-4@@@ WHERE pro_codigo_plu=78016965','',2,'2013-10-10'),(76041,'INSERT INTO gne_vale_ferreteria (vfe_id,vfe_fecha,vfe_total,vfe_estado,vfe_entregado,usu_nusuario) VALUES (13408,@@@2013.10.10@@@,350,1,0,@@@G_DIAZ@@@)','',2,'2013-10-10'),(76042,'INSERT INTO gne_vale_ferreteria_mov (vfe_id,pro_codigo_plu,vfm_cantidad,vfm_unitario,vfm_total,vfm_entregado) VALUES (13408,761984,1,350,350,@@@NO@@@)','',2,'2013-10-10'),(76043,'UPDATE mae_productos SET pro_precio_compra_bruto=238,pro_margen_actual=(pro_precio_venta-238)/238 * 100,pro_ultima_compra=@@@2013.10.10@@@,pro_ultimo_proveedor=@@@84472400-4@@@ WHERE pro_codigo_plu=16526','',2,'2013-10-10'),(76044,'UPDATE mae_productos SET pro_precio_compra_bruto=238,pro_margen_actual=(pro_precio_venta-238)/238 * 100,pro_ultima_compra=@@@2013.10.10@@@,pro_ultimo_proveedor=@@@84472400-4@@@ WHERE pro_codigo_plu=16531','',2,'2013-10-10'),(76045,'UPDATE mae_productos SET pro_precio_compra_bruto=238,pro_margen_actual=(pro_precio_venta-238)/238 * 100,pro_ultima_compra=@@@2013.10.10@@@,pro_ultimo_proveedor=@@@84472400-4@@@ WHERE pro_codigo_plu=16524','',2,'2013-10-10'),(76046,'UPDATE mae_productos SET pro_precio_compra_bruto=245.14,pro_margen_actual=(pro_precio_venta-245.14)/245.14 * 100,pro_ultima_compra=@@@2013.10.10@@@,pro_ultimo_proveedor=@@@84472400-4@@@ WHERE pro_codigo_plu=16513','',2,'2013-10-10'),(76047,'UPDATE mae_productos SET pro_precio_compra_bruto=245.14,pro_margen_actual=(pro_precio_venta-245.14)/245.14 * 100,pro_ultima_compra=@@@2013.10.10@@@,pro_ultimo_proveedor=@@@84472400-4@@@ WHERE pro_codigo_plu=16510','',2,'2013-10-10'),(76048,'UPDATE mae_productos SET pro_precio_compra_bruto=245.14,pro_margen_actual=(pro_precio_venta-245.14)/245.14 * 100,pro_ultima_compra=@@@2013.10.10@@@,pro_ultimo_proveedor=@@@84472400-4@@@ WHERE pro_codigo_plu=16514','',2,'2013-10-10'),(76049,'UPDATE mae_productos SET pro_precio_compra_bruto=4046.14,pro_margen_actual=(pro_precio_venta-4046.14)/4046.14 * 100,pro_ultima_compra=@@@2013.10.10@@@,pro_ultimo_proveedor=@@@84472400-4@@@ WHERE pro_codigo_plu=403','',2,'2013-10-10'),(76050,'UPDATE mae_productos SET pro_precio_compra_bruto=119,pro_margen_actual=(pro_precio_venta-119)/119 * 100,pro_ultima_compra=@@@2013.10.10@@@,pro_ultimo_proveedor=@@@84472400-4@@@ WHERE pro_codigo_plu=16672','',2,'2013-10-10'),(76051,'UPDATE mae_productos SET pro_precio_compra_bruto=119,pro_margen_actual=(pro_precio_venta-119)/119 * 100,pro_ultima_compra=@@@2013.10.10@@@,pro_ultimo_proveedor=@@@84472400-4@@@ WHERE pro_codigo_plu=16947','',2,'2013-10-10'),(76052,'UPDATE mae_productos SET pro_precio_compra_bruto=119,pro_margen_actual=(pro_precio_venta-119)/119 * 100,pro_ultima_compra=@@@2013.10.10@@@,pro_ultimo_proveedor=@@@84472400-4@@@ WHERE pro_codigo_plu=16951','',2,'2013-10-10'),(76053,'UPDATE mae_productos SET pro_precio_compra_bruto=119,pro_margen_actual=(pro_precio_venta-119)/119 * 100,pro_ultima_compra=@@@2013.10.10@@@,pro_ultimo_proveedor=@@@84472400-4@@@ WHERE pro_codigo_plu=780721918','',2,'2013-10-10'),(76054,'UPDATE mae_productos SET pro_precio_compra_bruto=159.4,pro_margen_actual=(pro_precio_venta-159.4)/159.4 * 100,pro_ultima_compra=@@@2013.10.10@@@,pro_ultimo_proveedor=@@@84472400-4@@@ WHERE pro_codigo_plu=780721612','',2,'2013-10-10'),(76055,'INSERT INTO gne_vale_ferreteria (vfe_id,vfe_fecha,vfe_total,vfe_estado,vfe_entregado,usu_nusuario) VALUES (13409,@@@2013.10.10@@@,3490,1,0,@@@G_DIAZ@@@)','',2,'2013-10-10'),(76056,'INSERT INTO gne_vale_ferreteria_mov (vfe_id,pro_codigo_plu,vfm_cantidad,vfm_unitario,vfm_total,vfm_entregado) VALUES (13409,780721208,1,3490,3490,@@@NO@@@)','',2,'2013-10-10'),(76057,'INSERT INTO gne_vale_ferreteria (vfe_id,vfe_fecha,vfe_total,vfe_estado,vfe_entregado,usu_nusuario) VALUES (13410,@@@2013.10.10@@@,580,1,0,@@@G_DIAZ@@@)','',2,'2013-10-10'),(76058,'INSERT INTO gne_vale_ferreteria_mov (vfe_id,pro_codigo_plu,vfm_cantidad,vfm_unitario,vfm_total,vfm_entregado) VALUES (13410,764119,1,580,580,@@@NO@@@)','',2,'2013-10-10'),(76059,'INSERT INTO gne_vale_ferreteria (vfe_id,vfe_fecha,vfe_total,vfe_estado,vfe_entregado,usu_nusuario) VALUES (13411,@@@2013.10.10@@@,730,1,0,@@@G_DIAZ@@@)','',2,'2013-10-10'),(76060,'INSERT INTO gne_vale_ferreteria_mov (vfe_id,pro_codigo_plu,vfm_cantidad,vfm_unitario,vfm_total,vfm_entregado) VALUES (13411,11378,1,730,730,@@@NO@@@)','',2,'2013-10-10'),(76061,'UPDATE mae_productos SET pro_precio_compra_bruto=1122.4,pro_margen_actual=(pro_precio_venta-1122.4)/1122.4 * 100,pro_ultima_compra=@@@2013.10.10@@@,pro_ultimo_proveedor=@@@78998410-7@@@ WHERE pro_codigo_plu=764101','',2,'2013-10-10'),(76062,'INSERT INTO gne_vale_ferreteria (vfe_id,vfe_fecha,vfe_total,vfe_estado,vfe_entregado,usu_nusuario) VALUES (13412,@@@2013.10.10@@@,390,1,0,@@@G_DIAZ@@@)','',2,'2013-10-10'),(76063,'INSERT INTO gne_vale_ferreteria_mov (vfe_id,pro_codigo_plu,vfm_cantidad,vfm_unitario,vfm_total,vfm_entregado) VALUES (13412,78017124,1,390,390,@@@NO@@@)','',2,'2013-10-10'),(76064,'INSERT INTO gne_vale_ferreteria (vfe_id,vfe_fecha,vfe_total,vfe_estado,vfe_entregado,usu_nusuario) VALUES (13413,@@@2013.10.10@@@,6490,1,0,@@@G_DIAZ@@@)','',2,'2013-10-10'),(76065,'INSERT INTO gne_vale_ferreteria_mov (vfe_id,pro_codigo_plu,vfm_cantidad,vfm_unitario,vfm_total,vfm_entregado) VALUES (13413,780721366,1,6490,6490,@@@NO@@@)','',2,'2013-10-10'),(76066,'INSERT INTO gne_vale_ferreteria (vfe_id,vfe_fecha,vfe_total,vfe_estado,vfe_entregado,usu_nusuario) VALUES (13414,@@@2013.10.10@@@,2990,1,0,@@@G_DIAZ@@@)','',2,'2013-10-10'),(76067,'INSERT INTO gne_vale_ferreteria_mov (vfe_id,pro_codigo_plu,vfm_cantidad,vfm_unitario,vfm_total,vfm_entregado) VALUES (13414,780721867,1,2990,2990,@@@NO@@@)','',2,'2013-10-10'),(76068,'INSERT INTO gne_vale_ferreteria (vfe_id,vfe_fecha,vfe_total,vfe_estado,vfe_entregado,usu_nusuario) VALUES (13415,@@@2013.10.10@@@,1340,1,0,@@@G_DIAZ@@@)','',2,'2013-10-10'),(76069,'INSERT INTO gne_vale_ferreteria_mov (vfe_id,pro_codigo_plu,vfm_cantidad,vfm_unitario,vfm_total,vfm_entregado) VALUES (13415,762000,1,690,690,@@@NO@@@)','',2,'2013-10-10'),(76070,'INSERT INTO gne_vale_ferreteria_mov (vfe_id,pro_codigo_plu,vfm_cantidad,vfm_unitario,vfm_total,vfm_entregado) VALUES (13415,78017198,1,650,650,@@@NO@@@)','',2,'2013-10-10'),(76071,'INSERT INTO gne_vale_ferreteria (vfe_id,vfe_fecha,vfe_total,vfe_estado,vfe_entregado,usu_nusuario) VALUES (13416,@@@2013.10.10@@@,1789,1,0,@@@G_DIAZ@@@)','',2,'2013-10-10'),(76072,'INSERT INTO gne_vale_ferreteria_mov (vfe_id,pro_codigo_plu,vfm_cantidad,vfm_unitario,vfm_total,vfm_entregado) VALUES (13416,19916,1,599,599,@@@NO@@@)','',2,'2013-10-10'),(76073,'INSERT INTO gne_vale_ferreteria_mov (vfe_id,pro_codigo_plu,vfm_cantidad,vfm_unitario,vfm_total,vfm_entregado) VALUES (13416,78017021,1,1190,1190,@@@NO@@@)','',2,'2013-10-10'),(76074,'INSERT INTO gne_vale_ferreteria (vfe_id,vfe_fecha,vfe_total,vfe_estado,vfe_entregado,usu_nusuario) VALUES (13417,@@@2013.10.10@@@,100,1,0,@@@G_DIAZ@@@)','',2,'2013-10-10'),(76075,'INSERT INTO gne_vale_ferreteria_mov (vfe_id,pro_codigo_plu,vfm_cantidad,vfm_unitario,vfm_total,vfm_entregado) VALUES (13417,4130,1,100,100,@@@NO@@@)','',2,'2013-10-10'),(76076,'INSERT INTO gne_vale_ferreteria (vfe_id,vfe_fecha,vfe_total,vfe_estado,vfe_entregado,usu_nusuario) VALUES (13418,@@@2013.10.10@@@,2480,1,0,@@@G_DIAZ@@@)','',2,'2013-10-10'),(76077,'INSERT INTO gne_vale_ferreteria_mov (vfe_id,pro_codigo_plu,vfm_cantidad,vfm_unitario,vfm_total,vfm_entregado) VALUES (13418,780721137,1,990,990,@@@NO@@@)','',2,'2013-10-10'),(76078,'INSERT INTO gne_vale_ferreteria_mov (vfe_id,pro_codigo_plu,vfm_cantidad,vfm_unitario,vfm_total,vfm_entregado) VALUES (13418,11161,1,1490,1490,@@@NO@@@)','',2,'2013-10-10'),(76079,'INSERT INTO gne_vale_ferreteria (vfe_id,vfe_fecha,vfe_total,vfe_estado,vfe_entregado,usu_nusuario) VALUES (13419,@@@2013.10.10@@@,300,1,0,@@@G_DIAZ@@@)','',2,'2013-10-10'),(76080,'INSERT INTO gne_vale_ferreteria_mov (vfe_id,pro_codigo_plu,vfm_cantidad,vfm_unitario,vfm_total,vfm_entregado) VALUES (13419,764848,1,300,300,@@@NO@@@)','',2,'2013-10-10'),(76081,'UPDATE mae_productos SET pro_margen_actual=-99.81,pro_precio_venta=1 WHERE pro_codigo_plu=780721948','',2,'2013-10-10'),(76082,'UPDATE mae_productos SET pro_margen_actual=-99.26,pro_precio_venta=1 WHERE pro_codigo_plu=780721949','',2,'2013-10-10'),(76083,'UPDATE mae_productos SET pro_margen_actual=0,pro_precio_venta=1990 WHERE pro_codigo_plu=763363','',2,'2013-10-10'),(76084,'INSERT INTO gne_vale_ferreteria (vfe_id,vfe_fecha,vfe_total,vfe_estado,vfe_entregado,usu_nusuario) VALUES (13420,@@@2013.10.10@@@,1780,1,0,@@@G_DIAZ@@@)','',2,'2013-10-10'),(76085,'INSERT INTO gne_vale_ferreteria_mov (vfe_id,pro_codigo_plu,vfm_cantidad,vfm_unitario,vfm_total,vfm_entregado) VALUES (13420,78017126,1,490,490,@@@NO@@@)','',2,'2013-10-10'),(76086,'INSERT INTO gne_vale_ferreteria_mov (vfe_id,pro_codigo_plu,vfm_cantidad,vfm_unitario,vfm_total,vfm_entregado) VALUES (13420,780721512,1,1290,1290,@@@NO@@@)','',2,'2013-10-10'),(76087,'UPDATE mae_productos SET pro_precio_fiscal=pro_precio_venta WHERE pro_codigo_plu=763363','',2,'2013-10-10'),(76088,'INSERT INTO gne_vale_ferreteria (vfe_id,vfe_fecha,vfe_total,vfe_estado,vfe_entregado,usu_nusuario) VALUES (13421,@@@2013.10.10@@@,650,1,0,@@@G_DIAZ@@@)','',2,'2013-10-10'),(76089,'INSERT INTO gne_vale_ferreteria_mov (vfe_id,pro_codigo_plu,vfm_cantidad,vfm_unitario,vfm_total,vfm_entregado) VALUES (13421,78017198,1,650,650,@@@NO@@@)','',2,'2013-10-10'),(76090,'INSERT INTO gne_vale_ferreteria (vfe_id,vfe_fecha,vfe_total,vfe_estado,vfe_entregado,usu_nusuario) VALUES (13422,@@@2013.10.10@@@,590,1,0,@@@G_DIAZ@@@)','',2,'2013-10-10'),(76091,'INSERT INTO gne_vale_ferreteria_mov (vfe_id,pro_codigo_plu,vfm_cantidad,vfm_unitario,vfm_total,vfm_entregado) VALUES (13422,764700,1,590,590,@@@NO@@@)','',2,'2013-10-10'),(76092,'UPDATE mae_productos SET pro_margen_actual=0,pro_precio_venta=1990 WHERE pro_codigo_plu=19987','',2,'2013-10-10'),(76093,'UPDATE mae_productos SET pro_margen_actual=0,pro_precio_venta=1990 WHERE pro_codigo_plu=20017','',2,'2013-10-10'),(76094,'UPDATE mae_productos SET pro_margen_actual=0,pro_precio_venta=1690 WHERE pro_codigo_plu=101376','',2,'2013-10-10'),(76095,'UPDATE mae_productos SET pro_margen_actual=0,pro_precio_venta=1990 WHERE pro_codigo_plu=100916','',2,'2013-10-10'),(76096,'UPDATE mae_productos SET pro_precio_fiscal=pro_precio_venta WHERE pro_codigo_plu=19987','',2,'2013-10-10'),(76097,'UPDATE mae_productos SET pro_precio_fiscal=pro_precio_venta WHERE pro_codigo_plu=101376','',2,'2013-10-10'),(76098,'UPDATE mae_productos SET pro_precio_fiscal=pro_precio_venta WHERE pro_codigo_plu=20017','',2,'2013-10-10'),(76099,'UPDATE mae_productos SET pro_precio_fiscal=pro_precio_venta WHERE pro_codigo_plu=100916','',2,'2013-10-10'),(76100,'UPDATE mae_productos SET pro_precio_venta=2290,pro_margen_actual= 53.95 WHERE pro_codigo_plu=126','',2,'2013-10-10'),(76101,'UPDATE mae_productos SET pro_precio_venta=1890,pro_margen_actual= 58.82 WHERE pro_codigo_plu=102','',2,'2013-10-10'),(76102,'INSERT INTO gne_vale_ferreteria (vfe_id,vfe_fecha,vfe_total,vfe_estado,vfe_entregado,usu_nusuario) VALUES (13423,@@@2013.10.10@@@,1220,1,0,@@@G_DIAZ@@@)','',2,'2013-10-10'),(76103,'INSERT INTO gne_vale_ferreteria_mov (vfe_id,pro_codigo_plu,vfm_cantidad,vfm_unitario,vfm_total,vfm_entregado) VALUES (13423,15967,5,130,650,@@@NO@@@)','',2,'2013-10-10'),(76104,'INSERT INTO gne_vale_ferreteria_mov (vfe_id,pro_codigo_plu,vfm_cantidad,vfm_unitario,vfm_total,vfm_entregado) VALUES (13423,102408,1,370,370,@@@NO@@@)','',2,'2013-10-10'),(76105,'INSERT INTO gne_vale_ferreteria_mov (vfe_id,pro_codigo_plu,vfm_cantidad,vfm_unitario,vfm_total,vfm_entregado) VALUES (13423,770021,1,200,200,@@@NO@@@)','',2,'2013-10-10'),(76106,'UPDATE mae_productos SET pro_precio_venta=650,pro_margen_actual= 24.2 WHERE pro_codigo_plu=780721948','',2,'2013-10-10'),(76107,'UPDATE mae_productos SET pro_precio_venta=790,pro_margen_actual= 46.31 WHERE pro_codigo_plu=780721601','',2,'2013-10-10'),(76108,'UPDATE mae_productos SET pro_precio_venta=220,pro_margen_actual= 62.98 WHERE pro_codigo_plu=780721949','',2,'2013-10-10'),(76109,'INSERT INTO gne_vale_ferreteria (vfe_id,vfe_fecha,vfe_total,vfe_estado,vfe_entregado,usu_nusuario) VALUES (13424,@@@2013.10.10@@@,6480,1,0,@@@G_DIAZ@@@)','',2,'2013-10-10'),(76110,'INSERT INTO gne_vale_ferreteria_mov (vfe_id,pro_codigo_plu,vfm_cantidad,vfm_unitario,vfm_total,vfm_entregado) VALUES (13424,764971,1,3990,3990,@@@NO@@@)','',2,'2013-10-10'),(76111,'INSERT INTO gne_vale_ferreteria_mov (vfe_id,pro_codigo_plu,vfm_cantidad,vfm_unitario,vfm_total,vfm_entregado) VALUES (13424,780721452,1,2490,2490,@@@NO@@@)','',2,'2013-10-10'),(76112,'UPDATE mae_productos SET pro_precio_venta=660,pro_margen_actual= 35.94 WHERE pro_codigo_plu=19141','',2,'2013-10-10'),(76113,'UPDATE mae_productos SET pro_precio_venta=450,pro_margen_actual= 33.62 WHERE pro_codigo_plu=763343','',2,'2013-10-10'),(76114,'UPDATE mae_productos SET pro_precio_venta=380,pro_margen_actual= 42.56 WHERE pro_codigo_plu=78017057','',2,'2013-10-10'),(76115,'UPDATE mae_productos SET pro_precio_venta=380,pro_margen_actual= 42.56 WHERE pro_codigo_plu=78017067','',2,'2013-10-10'),(76116,'UPDATE mae_productos SET pro_precio_venta=495,pro_margen_actual= 36.38 WHERE pro_codigo_plu=16534','',2,'2013-10-10'),(76117,'UPDATE mae_productos SET pro_precio_venta=160,pro_margen_actual= 34.45 WHERE pro_codigo_plu=16672','',2,'2013-10-10'),(76118,'UPDATE mae_productos SET pro_precio_venta=160,pro_margen_actual= 34.45 WHERE pro_codigo_plu=16947','',2,'2013-10-10'),(76119,'UPDATE mae_productos SET pro_precio_venta=160,pro_margen_actual= 34.45 WHERE pro_codigo_plu=16951','',2,'2013-10-10'),(76120,'UPDATE mae_productos SET pro_precio_venta=160,pro_margen_actual= 34.45 WHERE pro_codigo_plu=780721918','',2,'2013-10-10'),(76121,'UPDATE mae_productos SET pro_precio_venta=320,pro_margen_actual= 34.45 WHERE pro_codigo_plu=16526','',2,'2013-10-10'),(76122,'UPDATE mae_productos SET pro_precio_venta=320,pro_margen_actual= 34.45 WHERE pro_codigo_plu=16524','',2,'2013-10-10'),(76123,'UPDATE mae_productos SET pro_precio_fiscal=pro_precio_venta WHERE pro_codigo_plu=102','',2,'2013-10-10'),(76124,'UPDATE mae_productos SET pro_precio_fiscal=pro_precio_venta WHERE pro_codigo_plu=126','',2,'2013-10-10'),(76125,'UPDATE mae_productos SET pro_precio_fiscal=pro_precio_venta WHERE pro_codigo_plu=19141','',2,'2013-10-10'),(76126,'UPDATE mae_productos SET pro_precio_fiscal=pro_precio_venta WHERE pro_codigo_plu=763343','',2,'2013-10-10'),(76127,'UPDATE mae_productos SET pro_precio_fiscal=pro_precio_venta WHERE pro_codigo_plu=78017057','',2,'2013-10-10'),(76128,'UPDATE mae_productos SET pro_precio_fiscal=pro_precio_venta WHERE pro_codigo_plu=78017067','',2,'2013-10-10'),(76129,'UPDATE mae_productos SET pro_precio_fiscal=pro_precio_venta WHERE pro_codigo_plu=16672','',2,'2013-10-10'),(76130,'UPDATE mae_productos SET pro_precio_fiscal=pro_precio_venta WHERE pro_codigo_plu=16947','',2,'2013-10-10'),(76131,'UPDATE mae_productos SET pro_precio_fiscal=pro_precio_venta WHERE pro_codigo_plu=16951','',2,'2013-10-10'),(76132,'UPDATE mae_productos SET pro_precio_fiscal=pro_precio_venta WHERE pro_codigo_plu=780721918','',2,'2013-10-10'),(76133,'UPDATE mae_productos SET pro_precio_fiscal=pro_precio_venta WHERE pro_codigo_plu=16526','',2,'2013-10-10'),(76134,'UPDATE mae_productos SET pro_precio_fiscal=pro_precio_venta WHERE pro_codigo_plu=16524','',2,'2013-10-10'),(76135,'UPDATE mae_productos SET pro_precio_fiscal=pro_precio_venta WHERE pro_codigo_plu=16534','',2,'2013-10-10'),(76136,'UPDATE mae_productos SET pro_precio_fiscal=pro_precio_venta WHERE pro_codigo_plu=780721948','',2,'2013-10-10'),(76137,'UPDATE mae_productos SET pro_precio_fiscal=pro_precio_venta WHERE pro_codigo_plu=780721601','',2,'2013-10-10'),(76138,'UPDATE mae_productos SET pro_precio_fiscal=pro_precio_venta WHERE pro_codigo_plu=780721949','',2,'2013-10-10'),(76139,'INSERT INTO gne_vale_ferreteria (vfe_id,vfe_fecha,vfe_total,vfe_estado,vfe_entregado,usu_nusuario) VALUES (13425,@@@2013.10.10@@@,5970,1,0,@@@G_DIAZ@@@)','',2,'2013-10-10'),(76140,'INSERT INTO gne_vale_ferreteria_mov (vfe_id,pro_codigo_plu,vfm_cantidad,vfm_unitario,vfm_total,vfm_entregado) VALUES (13425,780721555,1,2490,2490,@@@NO@@@)','',2,'2013-10-10'),(76141,'INSERT INTO gne_vale_ferreteria_mov (vfe_id,pro_codigo_plu,vfm_cantidad,vfm_unitario,vfm_total,vfm_entregado) VALUES (13425,764601,1,2490,2490,@@@NO@@@)','',2,'2013-10-10'),(76142,'INSERT INTO gne_vale_ferreteria_mov (vfe_id,pro_codigo_plu,vfm_cantidad,vfm_unitario,vfm_total,vfm_entregado) VALUES (13425,780721573,1,990,990,@@@NO@@@)','',2,'2013-10-10'),(76143,'INSERT INTO gne_vale_ferreteria (vfe_id,vfe_fecha,vfe_total,vfe_estado,vfe_entregado,usu_nusuario) VALUES (13426,@@@2013.10.10@@@,1200,1,0,@@@G_DIAZ@@@)','',2,'2013-10-10'),(76144,'INSERT INTO gne_vale_ferreteria_mov (vfe_id,pro_codigo_plu,vfm_cantidad,vfm_unitario,vfm_total,vfm_entregado) VALUES (13426,7500887,1,1200,1200,@@@NO@@@)','',2,'2013-10-10'),(76145,'INSERT INTO gne_vale_ferreteria (vfe_id,vfe_fecha,vfe_total,vfe_estado,vfe_entregado,usu_nusuario) VALUES (13427,@@@2013.10.10@@@,500,1,0,@@@G_DIAZ@@@)','',2,'2013-10-10'),(76146,'INSERT INTO gne_vale_ferreteria_mov (vfe_id,pro_codigo_plu,vfm_cantidad,vfm_unitario,vfm_total,vfm_entregado) VALUES (13427,763909,1,500,500,@@@NO@@@)','',2,'2013-10-10'),(76147,'UPDATE mae_productos SET pro_precio_venta=70,pro_margen_actual= 74.26 WHERE pro_codigo_plu=763509','',2,'2013-10-10'),(76148,'UPDATE mae_productos SET pro_precio_venta=70,pro_margen_actual= 74.26 WHERE pro_codigo_plu=763510','',2,'2013-10-10'),(76149,'UPDATE mae_productos SET pro_precio_venta=850,pro_margen_actual= 33.74 WHERE pro_codigo_plu=12600','',2,'2013-10-10'),(76150,'UPDATE mae_productos SET pro_precio_venta=850,pro_margen_actual= 33.74 WHERE pro_codigo_plu=763361','',2,'2013-10-10'),(76151,'UPDATE mae_productos SET pro_precio_fiscal=pro_precio_venta WHERE pro_codigo_plu=12600','',2,'2013-10-10'),(76152,'UPDATE mae_productos SET pro_precio_fiscal=pro_precio_venta WHERE pro_codigo_plu=763361','',2,'2013-10-10'),(76153,'UPDATE mae_productos SET pro_precio_fiscal=pro_precio_venta WHERE pro_codigo_plu=763509','',2,'2013-10-10'),(76154,'UPDATE mae_productos SET pro_precio_fiscal=pro_precio_venta WHERE pro_codigo_plu=763510','',2,'2013-10-10'),(76155,'INSERT INTO gne_vale_ferreteria (vfe_id,vfe_fecha,vfe_total,vfe_estado,vfe_entregado,usu_nusuario) VALUES (13428,@@@2013.10.10@@@,400,1,0,@@@G_DIAZ@@@)','',2,'2013-10-10'),(76156,'INSERT INTO gne_vale_ferreteria_mov (vfe_id,pro_codigo_plu,vfm_cantidad,vfm_unitario,vfm_total,vfm_entregado) VALUES (13428,98100,4,100,400,@@@NO@@@)','',2,'2013-10-10'),(76157,'INSERT INTO gne_vale_ferreteria (vfe_id,vfe_fecha,vfe_total,vfe_estado,vfe_entregado,usu_nusuario) VALUES (13429,@@@2013.10.10@@@,2780,1,0,@@@G_DIAZ@@@)','',2,'2013-10-10'),(76158,'INSERT INTO gne_vale_ferreteria_mov (vfe_id,pro_codigo_plu,vfm_cantidad,vfm_unitario,vfm_total,vfm_entregado) VALUES (13429,101563,1,1990,1990,@@@NO@@@)','',2,'2013-10-10'),(76159,'INSERT INTO gne_vale_ferreteria_mov (vfe_id,pro_codigo_plu,vfm_cantidad,vfm_unitario,vfm_total,vfm_entregado) VALUES (13429,101104,1,790,790,@@@NO@@@)','',2,'2013-10-10'),(76160,'INSERT INTO gne_vale_ferreteria (vfe_id,vfe_fecha,vfe_total,vfe_estado,vfe_entregado,usu_nusuario) VALUES (13430,@@@2013.10.10@@@,250,1,0,@@@G_DIAZ@@@)','',2,'2013-10-10'),(76161,'INSERT INTO gne_vale_ferreteria_mov (vfe_id,pro_codigo_plu,vfm_cantidad,vfm_unitario,vfm_total,vfm_entregado) VALUES (13430,78017105,1,250,250,@@@NO@@@)','',2,'2013-10-10'),(76162,'INSERT INTO gne_vale_ferreteria (vfe_id,vfe_fecha,vfe_total,vfe_estado,vfe_entregado,usu_nusuario) VALUES (13431,@@@2013.10.10@@@,2590,1,0,@@@G_DIAZ@@@)','',2,'2013-10-10'),(76163,'INSERT INTO gne_vale_ferreteria_mov (vfe_id,pro_codigo_plu,vfm_cantidad,vfm_unitario,vfm_total,vfm_entregado) VALUES (13431,20400,1,2590,2590,@@@NO@@@)','',2,'2013-10-10'),(76164,'INSERT INTO gne_vale_ferreteria (vfe_id,vfe_fecha,vfe_total,vfe_estado,vfe_entregado,usu_nusuario) VALUES (13432,@@@2013.10.10@@@,300,1,0,@@@G_DIAZ@@@)','',2,'2013-10-10'),(76165,'INSERT INTO gne_vale_ferreteria_mov (vfe_id,pro_codigo_plu,vfm_cantidad,vfm_unitario,vfm_total,vfm_entregado) VALUES (13432,780721222,1,300,300,@@@NO@@@)','',2,'2013-10-10'),(76166,'INSERT INTO gne_vale_ferreteria (vfe_id,vfe_fecha,vfe_total,vfe_estado,vfe_entregado,usu_nusuario) VALUES (13433,@@@2013.10.10@@@,1890,1,0,@@@G_DIAZ@@@)','',2,'2013-10-10'),(76167,'INSERT INTO gne_vale_ferreteria_mov (vfe_id,pro_codigo_plu,vfm_cantidad,vfm_unitario,vfm_total,vfm_entregado) VALUES (13433,20516,1,1890,1890,@@@NO@@@)','',2,'2013-10-10'),(76168,'INSERT INTO gne_vale_ferreteria (vfe_id,vfe_fecha,vfe_total,vfe_estado,vfe_entregado,usu_nusuario) VALUES (13434,@@@2013.10.10@@@,450,1,0,@@@G_DIAZ@@@)','',2,'2013-10-10'),(76169,'INSERT INTO gne_vale_ferreteria_mov (vfe_id,pro_codigo_plu,vfm_cantidad,vfm_unitario,vfm_total,vfm_entregado) VALUES (13434,764016,1,450,450,@@@NO@@@)','',2,'2013-10-10'),(76170,'INSERT INTO gne_vale_ferreteria (vfe_id,vfe_fecha,vfe_total,vfe_estado,vfe_entregado,usu_nusuario) VALUES (13435,@@@2013.10.10@@@,850,1,0,@@@G_DIAZ@@@)','',2,'2013-10-10'),(76171,'INSERT INTO gne_vale_ferreteria_mov (vfe_id,pro_codigo_plu,vfm_cantidad,vfm_unitario,vfm_total,vfm_entregado) VALUES (13435,763582,1,650,650,@@@NO@@@)','',2,'2013-10-10'),(76172,'INSERT INTO gne_vale_ferreteria_mov (vfe_id,pro_codigo_plu,vfm_cantidad,vfm_unitario,vfm_total,vfm_entregado) VALUES (13435,764702,1,200,200,@@@NO@@@)','',2,'2013-10-10'),(76173,'INSERT INTO gne_vale_ferreteria (vfe_id,vfe_fecha,vfe_total,vfe_estado,vfe_entregado,usu_nusuario) VALUES (13436,@@@2013.10.10@@@,1190,1,0,@@@G_DIAZ@@@)','',2,'2013-10-10'),(76174,'INSERT INTO gne_vale_ferreteria_mov (vfe_id,pro_codigo_plu,vfm_cantidad,vfm_unitario,vfm_total,vfm_entregado) VALUES (13436,780220168,1,1190,1190,@@@NO@@@)','',2,'2013-10-10'),(76175,'INSERT INTO gne_vale_ferreteria (vfe_id,vfe_fecha,vfe_total,vfe_estado,vfe_entregado,usu_nusuario) VALUES (13437,@@@2013.10.10@@@,390,1,0,@@@G_DIAZ@@@)','',2,'2013-10-10'),(76176,'INSERT INTO gne_vale_ferreteria_mov (vfe_id,pro_codigo_plu,vfm_cantidad,vfm_unitario,vfm_total,vfm_entregado) VALUES (13437,78017124,1,390,390,@@@NO@@@)','',2,'2013-10-10'),(76177,'INSERT INTO gne_vale_ferreteria (vfe_id,vfe_fecha,vfe_total,vfe_estado,vfe_entregado,usu_nusuario) VALUES (13438,@@@2013.10.10@@@,1990,1,0,@@@G_DIAZ@@@)','',2,'2013-10-10'),(76178,'INSERT INTO gne_vale_ferreteria_mov (vfe_id,pro_codigo_plu,vfm_cantidad,vfm_unitario,vfm_total,vfm_entregado) VALUES (13438,19975,1,1990,1990,@@@NO@@@)','',2,'2013-10-10'),(76179,'INSERT INTO gne_vale_ferreteria (vfe_id,vfe_fecha,vfe_total,vfe_estado,vfe_entregado,usu_nusuario) VALUES (13439,@@@2013.10.10@@@,600,1,0,@@@G_DIAZ@@@)','',2,'2013-10-10'),(76180,'INSERT INTO gne_vale_ferreteria_mov (vfe_id,pro_codigo_plu,vfm_cantidad,vfm_unitario,vfm_total,vfm_entregado) VALUES (13439,780721126,2,300,600,@@@NO@@@)','',2,'2013-10-10'),(76181,'INSERT INTO gne_vale_ferreteria (vfe_id,vfe_fecha,vfe_total,vfe_estado,vfe_entregado,usu_nusuario) VALUES (13440,@@@2013.10.10@@@,100,1,0,@@@G_DIAZ@@@)','',2,'2013-10-10'),(76182,'INSERT INTO gne_vale_ferreteria_mov (vfe_id,pro_codigo_plu,vfm_cantidad,vfm_unitario,vfm_total,vfm_entregado) VALUES (13440,4129,2,50,100,@@@NO@@@)','',2,'2013-10-10'),(76183,'INSERT INTO gne_vale_ferreteria (vfe_id,vfe_fecha,vfe_total,vfe_estado,vfe_entregado,usu_nusuario) VALUES (13441,@@@2013.10.10@@@,520,1,0,@@@G_DIAZ@@@)','',2,'2013-10-10'),(76184,'INSERT INTO gne_vale_ferreteria_mov (vfe_id,pro_codigo_plu,vfm_cantidad,vfm_unitario,vfm_total,vfm_entregado) VALUES (13441,15967,4,130,520,@@@NO@@@)','',2,'2013-10-10'),(76185,'INSERT INTO gne_vale_ferreteria (vfe_id,vfe_fecha,vfe_total,vfe_estado,vfe_entregado,usu_nusuario) VALUES (13442,@@@2013.10.11@@@,980,1,0,@@@b_SAEZ@@@)','',2,'2013-10-11'),(76186,'INSERT INTO gne_vale_ferreteria_mov (vfe_id,pro_codigo_plu,vfm_cantidad,vfm_unitario,vfm_total,vfm_entregado) VALUES (13442,1538,2,490,980,@@@NO@@@)','',2,'2013-10-11'),(76187,'INSERT INTO gne_vale_ferreteria (vfe_id,vfe_fecha,vfe_total,vfe_estado,vfe_entregado,usu_nusuario) VALUES (13443,@@@2013.10.11@@@,990,1,0,@@@b_SAEZ@@@)','',2,'2013-10-11'),(76188,'INSERT INTO gne_vale_ferreteria_mov (vfe_id,pro_codigo_plu,vfm_cantidad,vfm_unitario,vfm_total,vfm_entregado) VALUES (13443,764043,1,990,990,@@@NO@@@)','',2,'2013-10-11'),(76189,'INSERT INTO com_ventas_grupo (vgr_fecha,vgr_grupo,vgr_cantidad,vgr_total) VALUES (@@@2013.10.10@@@,1,184.43,118309)','',2,'2013-10-11'),(76190,'INSERT INTO com_ventas_grupo (vgr_fecha,vgr_grupo,vgr_cantidad,vgr_total) VALUES (@@@2013.10.10@@@,2,164,70883)','',2,'2013-10-11'),(76191,'INSERT INTO com_ventas_grupo (vgr_fecha,vgr_grupo,vgr_cantidad,vgr_total) VALUES (@@@2013.10.10@@@,3,288,61309)','',2,'2013-10-11'),(76192,'INSERT INTO com_ventas_grupo (vgr_fecha,vgr_grupo,vgr_cantidad,vgr_total) VALUES (@@@2013.10.10@@@,4,79,67660)','',2,'2013-10-11'),(76193,'INSERT INTO com_ventas_grupo (vgr_fecha,vgr_grupo,vgr_cantidad,vgr_total) VALUES (@@@2013.10.10@@@,6,15,24592)','',2,'2013-10-11'),(76194,'INSERT INTO com_ventas_grupo (vgr_fecha,vgr_grupo,vgr_cantidad,vgr_total) VALUES (@@@2013.10.10@@@,7,63,124710)','',2,'2013-10-11'),(76195,'INSERT INTO com_ventas_grupo (vgr_fecha,vgr_grupo,vgr_cantidad,vgr_total) VALUES (@@@2013.10.10@@@,8,43,25610)','',2,'2013-10-11'),(76196,'INSERT INTO com_ventas_grupo (vgr_fecha,vgr_grupo,vgr_cantidad,vgr_total) VALUES (@@@2013.10.10@@@,9,77.63,133900)','',2,'2013-10-11'),(76197,'INSERT INTO com_ventas_grupo (vgr_fecha,vgr_grupo,vgr_cantidad,vgr_total) VALUES (@@@2013.10.10@@@,10,34.445,124760)','',2,'2013-10-11'),(76198,'INSERT INTO com_ventas_grupo (vgr_fecha,vgr_grupo,vgr_cantidad,vgr_total) VALUES (@@@2013.10.10@@@,11,27.74,75854)','',2,'2013-10-11'),(76199,'INSERT INTO com_ventas_grupo (vgr_fecha,vgr_grupo,vgr_cantidad,vgr_total) VALUES (@@@2013.10.10@@@,12,31.12,55693)','',2,'2013-10-11'),(76200,'INSERT INTO com_ventas_grupo (vgr_fecha,vgr_grupo,vgr_cantidad,vgr_total) VALUES (@@@2013.10.10@@@,13,8.91,21916)','',2,'2013-10-11'),(76201,'INSERT INTO com_ventas_grupo (vgr_fecha,vgr_grupo,vgr_cantidad,vgr_total) VALUES (@@@2013.10.10@@@,14,91.75,83622)','',2,'2013-10-11'),(76202,'INSERT INTO com_ventas_grupo (vgr_fecha,vgr_grupo,vgr_cantidad,vgr_total) VALUES (@@@2013.10.10@@@,15,1,290)','',2,'2013-10-11'),(76203,'INSERT INTO com_ventas_grupo (vgr_fecha,vgr_grupo,vgr_cantidad,vgr_total) VALUES (@@@2013.10.10@@@,16,7,2130)','',2,'2013-10-11'),(76204,'INSERT INTO com_ventas_grupo (vgr_fecha,vgr_grupo,vgr_cantidad,vgr_total) VALUES (@@@2013.10.10@@@,18,246.945,137233)','',2,'2013-10-11'),(76205,'INSERT INTO com_ventas_grupo (vgr_fecha,vgr_grupo,vgr_cantidad,vgr_total) VALUES (@@@2013.10.10@@@,19,4,7500)','',2,'2013-10-11'),(76206,'INSERT INTO com_ventas_grupo (vgr_fecha,vgr_grupo,vgr_cantidad,vgr_total) VALUES (@@@2013.10.10@@@,20,170.45,67620)','',2,'2013-10-11'),(76207,'INSERT INTO com_ventas_grupo (vgr_fecha,vgr_grupo,vgr_cantidad,vgr_total) VALUES (@@@2013.10.10@@@,21,52,54248)','',2,'2013-10-11'),(76208,'INSERT INTO com_ventas_grupo (vgr_fecha,vgr_grupo,vgr_cantidad,vgr_total) VALUES (@@@2013.10.10@@@,23,9,23420)','',2,'2013-10-11'),(76209,'INSERT INTO com_ventas_grupo (vgr_fecha,vgr_grupo,vgr_cantidad,vgr_total) VALUES (@@@2013.10.10@@@,24,61,13260)','',2,'2013-10-11'),(76210,'INSERT INTO com_ventas_grupo (vgr_fecha,vgr_grupo,vgr_cantidad,vgr_total) VALUES (@@@2013.10.10@@@,25,91,136300)','',2,'2013-10-11'),(76211,'INSERT INTO com_ventas_grupo (vgr_fecha,vgr_grupo,vgr_cantidad,vgr_total) VALUES (@@@2013.10.10@@@,31,1,740)','',2,'2013-10-11'),(76212,'INSERT INTO com_ventas_grupo (vgr_fecha,vgr_grupo,vgr_cantidad,vgr_total) VALUES (@@@2013.10.10@@@,32,299,97766)','',2,'2013-10-11'),(76213,'INSERT INTO com_ventas_grupo (vgr_fecha,vgr_grupo,vgr_cantidad,vgr_total) VALUES (@@@2013.10.10@@@,34,1,1250)','',2,'2013-10-11'),(76214,'INSERT INTO com_ventas_grupo (vgr_fecha,vgr_grupo,vgr_cantidad,vgr_total) VALUES (@@@2013.10.10@@@,35,14,21310)','',2,'2013-10-11'),(76215,'INSERT INTO com_ventas_grupo (vgr_fecha,vgr_grupo,vgr_cantidad,vgr_total) VALUES (@@@2013.10.10@@@,36,8,300)','',2,'2013-10-11'),(76216,'INSERT INTO com_ventas_grupo (vgr_fecha,vgr_grupo,vgr_cantidad,vgr_total) VALUES (@@@2013.10.10@@@,37,4,4290)','',2,'2013-10-11'),(76217,'INSERT INTO com_ventas_grupo (vgr_fecha,vgr_grupo,vgr_cantidad,vgr_total) VALUES (@@@2013.10.10@@@,38,2,4180)','',2,'2013-10-11'),(76218,'INSERT INTO com_ventas_grupo (vgr_fecha,vgr_grupo,vgr_cantidad,vgr_total) VALUES (@@@2013.10.10@@@,39,2,1710)','',2,'2013-10-11'),(76219,'INSERT INTO com_ventas_grupo (vgr_fecha,vgr_grupo,vgr_cantidad,vgr_total) VALUES (@@@2013.10.10@@@,41,16,990)','',2,'2013-10-11'),(76220,'INSERT INTO com_ventas_grupo (vgr_fecha,vgr_grupo,vgr_cantidad,vgr_total) VALUES (@@@2013.10.10@@@,42,23.615,20034)','',2,'2013-10-11'),(76221,'UPDATE mae_datos_empresa SET emp_oferta=@@@NO@@@','',2,'2013-10-11'),(76222,'INSERT INTO gne_vale_ferreteria (vfe_id,vfe_fecha,vfe_total,vfe_estado,vfe_entregado,usu_nusuario) VALUES (13444,@@@2013.10.11@@@,740,1,0,@@@b_SAEZ@@@)','',2,'2013-10-11'),(76223,'INSERT INTO gne_vale_ferreteria_mov (vfe_id,pro_codigo_plu,vfm_cantidad,vfm_unitario,vfm_total,vfm_entregado) VALUES (13444,8021,1,150,150,@@@NO@@@)','',2,'2013-10-11'),(76224,'INSERT INTO gne_vale_ferreteria_mov (vfe_id,pro_codigo_plu,vfm_cantidad,vfm_unitario,vfm_total,vfm_entregado) VALUES (13444,780721516,1,590,590,@@@NO@@@)','',2,'2013-10-11'),(76225,'INSERT INTO gne_vale_ferreteria (vfe_id,vfe_fecha,vfe_total,vfe_estado,vfe_entregado,usu_nusuario) VALUES (13445,@@@2013.10.11@@@,200,1,0,@@@b_SAEZ@@@)','',2,'2013-10-11'),(76226,'INSERT INTO gne_vale_ferreteria_mov (vfe_id,pro_codigo_plu,vfm_cantidad,vfm_unitario,vfm_total,vfm_entregado) VALUES (13445,3104,1,200,200,@@@NO@@@)','',2,'2013-10-11'),(76227,'INSERT INTO mae_productos (pro_codigo_plu,pro_codigo_barra,pro_tipo,pro_nombre_producto,pro_nombre_corto,med_id,emb_id,pro_unidades_embalaje,dep_id,lin_id,mar_id,pro_precio_compra_neto,pro_precio_compra_bruto,pro_precio_venta,pro_margen_actual,pro_oferta,pro_fecha_inicio_oferta,pro_fecha_termino_oferta,pro_precio_oferta,pro_stock_minimo,pro_stock_critico,pro_entradas_bodega,pro_salidas_bodega,pro_mermas_bodega,pro_ajustes_bodega,pro_entradas_sv,pro_salidas_sv,pro_mermas_sv,pro_ajustes_sv,pro_activo,rec_numero,pro_unidad,pro_capacidad,pro_consumo_bodega,pro_consumo_sv,pro_estado,pro_funcion_plu,pro_flejes,pro_iva,pro_plu_asociado,pro_envase,pro_duracion,pro_numero_etiqueta) VALUES (780721950,@@@7802408061019@@@,@@@0@@@,@@@CASSSATA VAINILLA FRUNA 1LT@@@,@@@CASSSATA VAINILL@@@,@@@3 @@@,@@@6 @@@,@@@4@@@,@@@20 @@@,@@@109@@@,@@@2508@@@,@@@0@@@,@@@627@@@,@@@1@@@,@@@-99.84@@@,@@@@@@,@@@2006.09.07@@@,@@@2006.09.07@@@,@@@0@@@,@@@20@@@,@@@10@@@,@@@0@@@,@@@0@@@,@@@0@@@,@@@0@@@,@@@0@@@,@@@0@@@,@@@0@@@,@@@0@@@,@@@1@@@,@@@0@@@,0,1,0,0,2,0,1,1,0,@@@NO@@@,0,0)','',2,'2013-10-11'),(76228,'DELETE FROM mae_impuestos_productos WHERE pro_codigo_plu=@@@780721950@@@','',2,'2013-10-11'),(76229,'INSERT INTO mae_productos (pro_codigo_plu,pro_codigo_barra,pro_tipo,pro_nombre_producto,pro_nombre_corto,med_id,emb_id,pro_unidades_embalaje,dep_id,lin_id,mar_id,pro_precio_compra_neto,pro_precio_compra_bruto,pro_precio_venta,pro_margen_actual,pro_oferta,pro_fecha_inicio_oferta,pro_fecha_termino_oferta,pro_precio_oferta,pro_stock_minimo,pro_stock_critico,pro_entradas_bodega,pro_salidas_bodega,pro_mermas_bodega,pro_ajustes_bodega,pro_entradas_sv,pro_salidas_sv,pro_mermas_sv,pro_ajustes_sv,pro_activo,rec_numero,pro_unidad,pro_capacidad,pro_consumo_bodega,pro_consumo_sv,pro_estado,pro_funcion_plu,pro_flejes,pro_iva,pro_plu_asociado,pro_envase,pro_duracion,pro_numero_etiqueta) VALUES (780721951,@@@7802408001404@@@,@@@0@@@,@@@CASSATA MORA CREMA FRUNA 2,5 LT@@@,@@@CASSATA MORA CRE@@@,@@@3 @@@,@@@6 @@@,@@@4@@@,@@@20 @@@,@@@109@@@,@@@2508@@@,@@@0@@@,@@@1566@@@,@@@1@@@,@@@-99.94@@@,@@@@@@,@@@2006.09.07@@@,@@@2006.09.07@@@,@@@0@@@,@@@20@@@,@@@10@@@,@@@0@@@,@@@0@@@,@@@0@@@,@@@0@@@,@@@0@@@,@@@0@@@,@@@0@@@,@@@0@@@,@@@1@@@,@@@0@@@,0,2.5,0,0,2,0,1,1,0,@@@NO@@@,0,0)','',2,'2013-10-11'),(76230,'DELETE FROM mae_impuestos_productos WHERE pro_codigo_plu=@@@780721951@@@','',2,'2013-10-11'),(76231,'INSERT INTO mae_productos (pro_codigo_plu,pro_codigo_barra,pro_tipo,pro_nombre_producto,pro_nombre_corto,med_id,emb_id,pro_unidades_embalaje,dep_id,lin_id,mar_id,pro_precio_compra_neto,pro_precio_compra_bruto,pro_precio_venta,pro_margen_actual,pro_oferta,pro_fecha_inicio_oferta,pro_fecha_termino_oferta,pro_precio_oferta,pro_stock_minimo,pro_stock_critico,pro_entradas_bodega,pro_salidas_bodega,pro_mermas_bodega,pro_ajustes_bodega,pro_entradas_sv,pro_salidas_sv,pro_mermas_sv,pro_ajustes_sv,pro_activo,rec_numero,pro_unidad,pro_capacidad,pro_consumo_bodega,pro_consumo_sv,pro_estado,pro_funcion_plu,pro_flejes,pro_iva,pro_plu_asociado,pro_envase,pro_duracion,pro_numero_etiqueta) VALUES (780721952,@@@7802408003170@@@,@@@0@@@,@@@CASSATA LUCUMA FRUNA 2,5 LT@@@,@@@CASSATA LUCUMA F@@@,@@@3 @@@,@@@6 @@@,@@@4@@@,@@@20 @@@,@@@109@@@,@@@2508@@@,@@@0@@@,@@@1566@@@,@@@1@@@,@@@-99.94@@@,@@@@@@,@@@2006.09.07@@@,@@@2006.09.07@@@,@@@0@@@,@@@20@@@,@@@10@@@,@@@0@@@,@@@0@@@,@@@0@@@,@@@0@@@,@@@0@@@,@@@0@@@,@@@0@@@,@@@0@@@,@@@1@@@,@@@0@@@,0,2.5,0,0,2,0,1,1,0,@@@NO@@@,0,0)','',2,'2013-10-11'),(76232,'DELETE FROM mae_impuestos_productos WHERE pro_codigo_plu=@@@780721952@@@','',2,'2013-10-11'),(76233,'INSERT INTO gne_vale_ferreteria (vfe_id,vfe_fecha,vfe_total,vfe_estado,vfe_entregado,usu_nusuario) VALUES (13446,@@@2013.10.11@@@,450,1,0,@@@b_SAEZ@@@)','',2,'2013-10-11'),(76234,'INSERT INTO gne_vale_ferreteria_mov (vfe_id,pro_codigo_plu,vfm_cantidad,vfm_unitario,vfm_total,vfm_entregado) VALUES (13446,761962,1,450,450,@@@NO@@@)','',2,'2013-10-11'),(76235,'UPDATE mae_productos SET pro_precio_compra_bruto=627,pro_margen_actual=(pro_precio_venta-627)/627 * 100,pro_ultima_compra=@@@2013.10.11@@@,pro_ultimo_proveedor=@@@84156500-2@@@ WHERE pro_codigo_plu=763564','',2,'2013-10-11'),(76236,'UPDATE mae_productos SET pro_precio_compra_bruto=627,pro_margen_actual=(pro_precio_venta-627)/627 * 100,pro_ultima_compra=@@@2013.10.11@@@,pro_ultimo_proveedor=@@@84156500-2@@@ WHERE pro_codigo_plu=780721950','',2,'2013-10-11'),(76237,'UPDATE mae_productos SET pro_precio_compra_bruto=627,pro_margen_actual=(pro_precio_venta-627)/627 * 100,pro_ultima_compra=@@@2013.10.11@@@,pro_ultimo_proveedor=@@@84156500-2@@@ WHERE pro_codigo_plu=780721907','',2,'2013-10-11'),(76238,'UPDATE mae_productos SET pro_precio_compra_bruto=1566,pro_margen_actual=(pro_precio_venta-1566)/1566 * 100,pro_ultima_compra=@@@2013.10.11@@@,pro_ultimo_proveedor=@@@84156500-2@@@ WHERE pro_codigo_plu=780721951','',2,'2013-10-11'),(76239,'UPDATE mae_productos SET pro_precio_compra_bruto=1566,pro_margen_actual=(pro_precio_venta-1566)/1566 * 100,pro_ultima_compra=@@@2013.10.11@@@,pro_ultimo_proveedor=@@@84156500-2@@@ WHERE pro_codigo_plu=763561','',2,'2013-10-11'),(76240,'UPDATE mae_productos SET pro_precio_compra_bruto=1566,pro_margen_actual=(pro_precio_venta-1566)/1566 * 100,pro_ultima_compra=@@@2013.10.11@@@,pro_ultimo_proveedor=@@@84156500-2@@@ WHERE pro_codigo_plu=763560','',2,'2013-10-11'),(76241,'UPDATE mae_productos SET pro_precio_compra_bruto=1566,pro_margen_actual=(pro_precio_venta-1566)/1566 * 100,pro_ultima_compra=@@@2013.10.11@@@,pro_ultimo_proveedor=@@@84156500-2@@@ WHERE pro_codigo_plu=780721952','',2,'2013-10-11'),(76242,'UPDATE mae_productos SET pro_margen_actual=47.23,pro_precio_venta=2190 WHERE pro_codigo_plu=126','',2,'2013-10-11'),(76243,'UPDATE mae_productos SET pro_margen_actual=59,pro_precio_venta=2490 WHERE pro_codigo_plu=763561','',2,'2013-10-11'),(76244,'UPDATE mae_productos SET pro_margen_actual=59,pro_precio_venta=2490 WHERE pro_codigo_plu=780721951','',2,'2013-10-11'),(76245,'UPDATE mae_productos SET pro_margen_actual=297.13,pro_precio_venta=2490 WHERE pro_codigo_plu=780721950','',2,'2013-10-11'),(76246,'UPDATE mae_productos SET pro_precio_fiscal=pro_precio_venta WHERE pro_codigo_plu=126','',2,'2013-10-11'),(76247,'UPDATE mae_productos SET pro_precio_fiscal=pro_precio_venta WHERE pro_codigo_plu=780721951','',2,'2013-10-11'),(76248,'UPDATE mae_productos SET pro_precio_fiscal=pro_precio_venta WHERE pro_codigo_plu=780721952','',2,'2013-10-11'),(76249,'UPDATE mae_productos SET pro_precio_fiscal=pro_precio_venta WHERE pro_codigo_plu=780721950','',2,'2013-10-11'),(76250,'INSERT INTO gne_vale_ferreteria (vfe_id,vfe_fecha,vfe_total,vfe_estado,vfe_entregado,usu_nusuario) VALUES (13447,@@@2013.10.11@@@,390,1,0,@@@b_SAEZ@@@)','',2,'2013-10-11'),(76251,'INSERT INTO gne_vale_ferreteria_mov (vfe_id,pro_codigo_plu,vfm_cantidad,vfm_unitario,vfm_total,vfm_entregado) VALUES (13447,780721379,1,390,390,@@@NO@@@)','',2,'2013-10-11'),(76252,'INSERT INTO gne_vale_ferreteria (vfe_id,vfe_fecha,vfe_total,vfe_estado,vfe_entregado,usu_nusuario) VALUES (13448,@@@2013.10.11@@@,4170,1,0,@@@b_SAEZ@@@)','',2,'2013-10-11'),(76253,'INSERT INTO gne_vale_ferreteria_mov (vfe_id,pro_codigo_plu,vfm_cantidad,vfm_unitario,vfm_total,vfm_entregado) VALUES (13448,15967,1,130,130,@@@NO@@@)','',2,'2013-10-11'),(76254,'INSERT INTO gne_vale_ferreteria_mov (vfe_id,pro_codigo_plu,vfm_cantidad,vfm_unitario,vfm_total,vfm_entregado) VALUES (13448,764946,1,3990,3990,@@@NO@@@)','',2,'2013-10-11'),(76255,'INSERT INTO gne_vale_ferreteria_mov (vfe_id,pro_codigo_plu,vfm_cantidad,vfm_unitario,vfm_total,vfm_entregado) VALUES (13448,780220123,1,50,50,@@@NO@@@)','',2,'2013-10-11'),(76256,'INSERT INTO gne_vale_ferreteria (vfe_id,vfe_fecha,vfe_total,vfe_estado,vfe_entregado,usu_nusuario) VALUES (13449,@@@2013.10.11@@@,120,1,0,@@@b_SAEZ@@@)','',2,'2013-10-11'),(76257,'INSERT INTO gne_vale_ferreteria_mov (vfe_id,pro_codigo_plu,vfm_cantidad,vfm_unitario,vfm_total,vfm_entregado) VALUES (13449,8022,1,120,120,@@@NO@@@)','',2,'2013-10-11'),(76258,'INSERT INTO gne_vale_ferreteria (vfe_id,vfe_fecha,vfe_total,vfe_estado,vfe_entregado,usu_nusuario) VALUES (13450,@@@2013.10.11@@@,200,1,0,@@@b_SAEZ@@@)','',2,'2013-10-11'),(76259,'INSERT INTO gne_vale_ferreteria_mov (vfe_id,pro_codigo_plu,vfm_cantidad,vfm_unitario,vfm_total,vfm_entregado) VALUES (13450,770058,1,200,200,@@@NO@@@)','',2,'2013-10-11'),(76260,'INSERT INTO gne_vale_ferreteria (vfe_id,vfe_fecha,vfe_total,vfe_estado,vfe_entregado,usu_nusuario) VALUES (13451,@@@2013.10.11@@@,150,1,0,@@@b_SAEZ@@@)','',2,'2013-10-11'),(76261,'INSERT INTO gne_vale_ferreteria_mov (vfe_id,pro_codigo_plu,vfm_cantidad,vfm_unitario,vfm_total,vfm_entregado) VALUES (13451,78017017,1,150,150,@@@NO@@@)','',2,'2013-10-11'),(76262,'INSERT INTO gne_vale_ferreteria (vfe_id,vfe_fecha,vfe_total,vfe_estado,vfe_entregado,usu_nusuario) VALUES (13452,@@@2013.10.11@@@,620,1,0,@@@b_SAEZ@@@)','',2,'2013-10-11'),(76263,'INSERT INTO gne_vale_ferreteria_mov (vfe_id,pro_codigo_plu,vfm_cantidad,vfm_unitario,vfm_total,vfm_entregado) VALUES (13452,764780,1,60,60,@@@NO@@@)','',2,'2013-10-11'),(76264,'INSERT INTO gne_vale_ferreteria_mov (vfe_id,pro_codigo_plu,vfm_cantidad,vfm_unitario,vfm_total,vfm_entregado) VALUES (13452,770038,1,160,160,@@@NO@@@)','',2,'2013-10-11'),(76265,'INSERT INTO gne_vale_ferreteria_mov (vfe_id,pro_codigo_plu,vfm_cantidad,vfm_unitario,vfm_total,vfm_entregado) VALUES (13452,780721352,1,200,200,@@@NO@@@)','',2,'2013-10-11'),(76266,'INSERT INTO gne_vale_ferreteria_mov (vfe_id,pro_codigo_plu,vfm_cantidad,vfm_unitario,vfm_total,vfm_entregado) VALUES (13452,78017134,1,200,200,@@@NO@@@)','',2,'2013-10-11'),(76267,'INSERT INTO gne_vale_ferreteria (vfe_id,vfe_fecha,vfe_total,vfe_estado,vfe_entregado,usu_nusuario) VALUES (13453,@@@2013.10.11@@@,990,1,0,@@@b_SAEZ@@@)','',2,'2013-10-11'),(76268,'INSERT INTO gne_vale_ferreteria_mov (vfe_id,pro_codigo_plu,vfm_cantidad,vfm_unitario,vfm_total,vfm_entregado) VALUES (13453,761546,1,990,990,@@@NO@@@)','',2,'2013-10-11'),(76269,'INSERT INTO gne_vale_ferreteria (vfe_id,vfe_fecha,vfe_total,vfe_estado,vfe_entregado,usu_nusuario) VALUES (13454,@@@2013.10.11@@@,990,1,0,@@@b_SAEZ@@@)','',2,'2013-10-11'),(76270,'INSERT INTO gne_vale_ferreteria_mov (vfe_id,pro_codigo_plu,vfm_cantidad,vfm_unitario,vfm_total,vfm_entregado) VALUES (13454,761546,1,990,990,@@@NO@@@)','',2,'2013-10-11'),(76271,'INSERT INTO gne_vale_ferreteria (vfe_id,vfe_fecha,vfe_total,vfe_estado,vfe_entregado,usu_nusuario) VALUES (13455,@@@2013.10.11@@@,200,1,0,@@@b_SAEZ@@@)','',2,'2013-10-11'),(76272,'INSERT INTO gne_vale_ferreteria_mov (vfe_id,pro_codigo_plu,vfm_cantidad,vfm_unitario,vfm_total,vfm_entregado) VALUES (13455,20368,2,100,200,@@@NO@@@)','',2,'2013-10-11'),(76273,'INSERT INTO gne_vale_ferreteria (vfe_id,vfe_fecha,vfe_total,vfe_estado,vfe_entregado,usu_nusuario) VALUES (13456,@@@2013.10.11@@@,1980,1,0,@@@b_SAEZ@@@)','',2,'2013-10-11'),(76274,'INSERT INTO gne_vale_ferreteria_mov (vfe_id,pro_codigo_plu,vfm_cantidad,vfm_unitario,vfm_total,vfm_entregado) VALUES (13456,1081,1,990,990,@@@NO@@@)','',2,'2013-10-11'),(76275,'INSERT INTO gne_vale_ferreteria_mov (vfe_id,pro_codigo_plu,vfm_cantidad,vfm_unitario,vfm_total,vfm_entregado) VALUES (13456,780721442,1,990,990,@@@NO@@@)','',2,'2013-10-11'),(76276,'INSERT INTO gne_vale_ferreteria (vfe_id,vfe_fecha,vfe_total,vfe_estado,vfe_entregado,usu_nusuario) VALUES (13457,@@@2013.10.11@@@,570,1,0,@@@b_SAEZ@@@)','',2,'2013-10-11'),(76277,'INSERT INTO gne_vale_ferreteria_mov (vfe_id,pro_codigo_plu,vfm_cantidad,vfm_unitario,vfm_total,vfm_entregado) VALUES (13457,780721681,1,490,490,@@@NO@@@)','',2,'2013-10-11'),(76278,'INSERT INTO gne_vale_ferreteria_mov (vfe_id,pro_codigo_plu,vfm_cantidad,vfm_unitario,vfm_total,vfm_entregado) VALUES (13457,764833,8,10,80,@@@NO@@@)','',2,'2013-10-11'),(76279,'INSERT INTO gne_vale_ferreteria (vfe_id,vfe_fecha,vfe_total,vfe_estado,vfe_entregado,usu_nusuario) VALUES (13458,@@@2013.10.11@@@,930,1,0,@@@b_SAEZ@@@)','',2,'2013-10-11'),(76280,'INSERT INTO gne_vale_ferreteria_mov (vfe_id,pro_codigo_plu,vfm_cantidad,vfm_unitario,vfm_total,vfm_entregado) VALUES (13458,11670,1,930,930,@@@NO@@@)','',2,'2013-10-11'),(76281,'INSERT INTO gne_vale_ferreteria (vfe_id,vfe_fecha,vfe_total,vfe_estado,vfe_entregado,usu_nusuario) VALUES (13459,@@@2013.10.11@@@,790,1,0,@@@b_SAEZ@@@)','',2,'2013-10-11'),(76282,'INSERT INTO gne_vale_ferreteria_mov (vfe_id,pro_codigo_plu,vfm_cantidad,vfm_unitario,vfm_total,vfm_entregado) VALUES (13459,1539,10,10,100,@@@NO@@@)','',2,'2013-10-11'),(76283,'INSERT INTO gne_vale_ferreteria_mov (vfe_id,pro_codigo_plu,vfm_cantidad,vfm_unitario,vfm_total,vfm_entregado) VALUES (13459,78017238,1,200,200,@@@NO@@@)','',2,'2013-10-11'),(76284,'INSERT INTO gne_vale_ferreteria_mov (vfe_id,pro_codigo_plu,vfm_cantidad,vfm_unitario,vfm_total,vfm_entregado) VALUES (13459,2009,1,490,490,@@@NO@@@)','',2,'2013-10-11'),(76285,'INSERT INTO gne_vale_ferreteria (vfe_id,vfe_fecha,vfe_total,vfe_estado,vfe_entregado,usu_nusuario) VALUES (13460,@@@2013.10.11@@@,700,1,0,@@@b_SAEZ@@@)','',2,'2013-10-11'),(76286,'INSERT INTO gne_vale_ferreteria_mov (vfe_id,pro_codigo_plu,vfm_cantidad,vfm_unitario,vfm_total,vfm_entregado) VALUES (13460,780220093,2,350,700,@@@NO@@@)','',2,'2013-10-11'),(76287,'INSERT INTO gne_vale_ferreteria (vfe_id,vfe_fecha,vfe_total,vfe_estado,vfe_entregado,usu_nusuario) VALUES (13461,@@@2013.10.11@@@,650,1,0,@@@b_SAEZ@@@)','',2,'2013-10-11'),(76288,'INSERT INTO gne_vale_ferreteria_mov (vfe_id,pro_codigo_plu,vfm_cantidad,vfm_unitario,vfm_total,vfm_entregado) VALUES (13461,780721281,2,180,360,@@@NO@@@)','',2,'2013-10-11'),(76289,'INSERT INTO gne_vale_ferreteria_mov (vfe_id,pro_codigo_plu,vfm_cantidad,vfm_unitario,vfm_total,vfm_entregado) VALUES (13461,78017145,1,290,290,@@@NO@@@)','',2,'2013-10-11'),(76290,'INSERT INTO gne_vale_ferreteria (vfe_id,vfe_fecha,vfe_total,vfe_estado,vfe_entregado,usu_nusuario) VALUES (13462,@@@2013.10.11@@@,1190,1,0,@@@b_SAEZ@@@)','',2,'2013-10-11'),(76291,'INSERT INTO gne_vale_ferreteria_mov (vfe_id,pro_codigo_plu,vfm_cantidad,vfm_unitario,vfm_total,vfm_entregado) VALUES (13462,765012,1,1190,1190,@@@NO@@@)','',2,'2013-10-11'),(76292,'INSERT INTO gne_vale_ferreteria (vfe_id,vfe_fecha,vfe_total,vfe_estado,vfe_entregado,usu_nusuario) VALUES (13463,@@@2013.10.11@@@,3580,1,0,@@@b_SAEZ@@@)','',2,'2013-10-11'),(76293,'INSERT INTO gne_vale_ferreteria_mov (vfe_id,pro_codigo_plu,vfm_cantidad,vfm_unitario,vfm_total,vfm_entregado) VALUES (13463,101624,1,1890,1890,@@@NO@@@)','',2,'2013-10-11'),(76294,'INSERT INTO gne_vale_ferreteria_mov (vfe_id,pro_codigo_plu,vfm_cantidad,vfm_unitario,vfm_total,vfm_entregado) VALUES (13463,20618,1,1690,1690,@@@NO@@@)','',2,'2013-10-11'),(76295,'INSERT INTO gne_vale_ferreteria (vfe_id,vfe_fecha,vfe_total,vfe_estado,vfe_entregado,usu_nusuario) VALUES (13464,@@@2013.10.11@@@,1190,1,0,@@@G_DIAZ@@@)','',2,'2013-10-11'),(76296,'INSERT INTO gne_vale_ferreteria_mov (vfe_id,pro_codigo_plu,vfm_cantidad,vfm_unitario,vfm_total,vfm_entregado) VALUES (13464,780721498,1,1190,1190,@@@NO@@@)','',2,'2013-10-11'),(76297,'INSERT INTO gne_vale_ferreteria (vfe_id,vfe_fecha,vfe_total,vfe_estado,vfe_entregado,usu_nusuario) VALUES (13465,@@@2013.10.11@@@,450,1,0,@@@G_DIAZ@@@)','',2,'2013-10-11'),(76298,'INSERT INTO gne_vale_ferreteria_mov (vfe_id,pro_codigo_plu,vfm_cantidad,vfm_unitario,vfm_total,vfm_entregado) VALUES (13465,780721808,1,450,450,@@@NO@@@)','',2,'2013-10-11'),(76299,'INSERT INTO gne_vale_ferreteria (vfe_id,vfe_fecha,vfe_total,vfe_estado,vfe_entregado,usu_nusuario) VALUES (13466,@@@2013.10.11@@@,240,1,0,@@@G_DIAZ@@@)','',2,'2013-10-11'),(76300,'INSERT INTO gne_vale_ferreteria_mov (vfe_id,pro_codigo_plu,vfm_cantidad,vfm_unitario,vfm_total,vfm_entregado) VALUES (13466,8022,2,120,240,@@@NO@@@)','',2,'2013-10-11'),(76301,'INSERT INTO gne_vale_ferreteria (vfe_id,vfe_fecha,vfe_total,vfe_estado,vfe_entregado,usu_nusuario) VALUES (13467,@@@2013.10.11@@@,600,1,0,@@@G_DIAZ@@@)','',2,'2013-10-11'),(76302,'INSERT INTO gne_vale_ferreteria_mov (vfe_id,pro_codigo_plu,vfm_cantidad,vfm_unitario,vfm_total,vfm_entregado) VALUES (13467,4130,6,100,600,@@@NO@@@)','',2,'2013-10-11'),(76303,'UPDATE mae_productos SET pro_precio_venta=720,pro_margen_actual= 30.47 WHERE pro_codigo_plu=763502','',2,'2013-10-11'),(76304,'UPDATE mae_productos SET pro_precio_venta=4100,pro_margen_actual= 32.37 WHERE pro_codigo_plu=780721600','',2,'2013-10-11'),(76305,'INSERT INTO gne_vale_ferreteria (vfe_id,vfe_fecha,vfe_total,vfe_estado,vfe_entregado,usu_nusuario) VALUES (13468,@@@2013.10.11@@@,290,1,0,@@@G_DIAZ@@@)','',2,'2013-10-11'),(76306,'INSERT INTO gne_vale_ferreteria_mov (vfe_id,pro_codigo_plu,vfm_cantidad,vfm_unitario,vfm_total,vfm_entregado) VALUES (13468,12608,1,290,290,@@@NO@@@)','',2,'2013-10-11'),(76307,'INSERT INTO gne_vale_ferreteria (vfe_id,vfe_fecha,vfe_total,vfe_estado,vfe_entregado,usu_nusuario) VALUES (13469,@@@2013.10.11@@@,750,1,0,@@@G_DIAZ@@@)','',2,'2013-10-11'),(76308,'INSERT INTO gne_vale_ferreteria_mov (vfe_id,pro_codigo_plu,vfm_cantidad,vfm_unitario,vfm_total,vfm_entregado) VALUES (13469,100397,1,750,750,@@@NO@@@)','',2,'2013-10-11'),(76309,'INSERT INTO gne_vale_ferreteria (vfe_id,vfe_fecha,vfe_total,vfe_estado,vfe_entregado,usu_nusuario) VALUES (13470,@@@2013.10.11@@@,999,1,0,@@@G_DIAZ@@@)','',2,'2013-10-11'),(76310,'INSERT INTO gne_vale_ferreteria_mov (vfe_id,pro_codigo_plu,vfm_cantidad,vfm_unitario,vfm_total,vfm_entregado) VALUES (13470,15028,1,999,999,@@@NO@@@)','',2,'2013-10-11'),(76311,'INSERT INTO gne_vale_ferreteria (vfe_id,vfe_fecha,vfe_total,vfe_estado,vfe_entregado,usu_nusuario) VALUES (13471,@@@2013.10.11@@@,1500,1,0,@@@G_DIAZ@@@)','',2,'2013-10-11'),(76312,'INSERT INTO gne_vale_ferreteria_mov (vfe_id,pro_codigo_plu,vfm_cantidad,vfm_unitario,vfm_total,vfm_entregado) VALUES (13471,8021,10,150,1500,@@@NO@@@)','',2,'2013-10-11'),(76313,'INSERT INTO gne_vale_ferreteria (vfe_id,vfe_fecha,vfe_total,vfe_estado,vfe_entregado,usu_nusuario) VALUES (13472,@@@2013.10.11@@@,300,1,0,@@@G_DIAZ@@@)','',2,'2013-10-11'),(76314,'INSERT INTO gne_vale_ferreteria_mov (vfe_id,pro_codigo_plu,vfm_cantidad,vfm_unitario,vfm_total,vfm_entregado) VALUES (13472,8021,2,150,300,@@@NO@@@)','',2,'2013-10-11'),(76315,'INSERT INTO gne_vale_ferreteria (vfe_id,vfe_fecha,vfe_total,vfe_estado,vfe_entregado,usu_nusuario) VALUES (13473,@@@2013.10.11@@@,490,1,0,@@@G_DIAZ@@@)','',2,'2013-10-11'),(76316,'INSERT INTO gne_vale_ferreteria_mov (vfe_id,pro_codigo_plu,vfm_cantidad,vfm_unitario,vfm_total,vfm_entregado) VALUES (13473,770066,1,490,490,@@@NO@@@)','',2,'2013-10-11'),(76317,'INSERT INTO gne_vale_ferreteria (vfe_id,vfe_fecha,vfe_total,vfe_estado,vfe_entregado,usu_nusuario) VALUES (13474,@@@2013.10.11@@@,490,1,0,@@@G_DIAZ@@@)','',2,'2013-10-11'),(76318,'INSERT INTO gne_vale_ferreteria_mov (vfe_id,pro_codigo_plu,vfm_cantidad,vfm_unitario,vfm_total,vfm_entregado) VALUES (13474,764581,1,490,490,@@@NO@@@)','',2,'2013-10-11'),(76319,'INSERT INTO gne_vale_ferreteria (vfe_id,vfe_fecha,vfe_total,vfe_estado,vfe_entregado,usu_nusuario) VALUES (13475,@@@2013.10.11@@@,450,1,0,@@@G_DIAZ@@@)','',2,'2013-10-11'),(76320,'INSERT INTO gne_vale_ferreteria_mov (vfe_id,pro_codigo_plu,vfm_cantidad,vfm_unitario,vfm_total,vfm_entregado) VALUES (13475,761962,1,450,450,@@@NO@@@)','',2,'2013-10-11'),(76321,'INSERT INTO gne_vale_ferreteria (vfe_id,vfe_fecha,vfe_total,vfe_estado,vfe_entregado,usu_nusuario) VALUES (13476,@@@2013.10.11@@@,500,1,0,@@@G_DIAZ@@@)','',2,'2013-10-11'),(76322,'INSERT INTO gne_vale_ferreteria_mov (vfe_id,pro_codigo_plu,vfm_cantidad,vfm_unitario,vfm_total,vfm_entregado) VALUES (13476,78017233,5,100,500,@@@NO@@@)','',2,'2013-10-11'),(76323,'INSERT INTO gne_vale_ferreteria (vfe_id,vfe_fecha,vfe_total,vfe_estado,vfe_entregado,usu_nusuario) VALUES (13477,@@@2013.10.11@@@,100,1,0,@@@G_DIAZ@@@)','',2,'2013-10-11'),(76324,'INSERT INTO gne_vale_ferreteria_mov (vfe_id,pro_codigo_plu,vfm_cantidad,vfm_unitario,vfm_total,vfm_entregado) VALUES (13477,770003,10,10,100,@@@NO@@@)','',2,'2013-10-11'),(76325,'INSERT INTO gne_vale_ferreteria (vfe_id,vfe_fecha,vfe_total,vfe_estado,vfe_entregado,usu_nusuario) VALUES (13478,@@@2013.10.11@@@,750,1,0,@@@G_DIAZ@@@)','',2,'2013-10-11'),(76326,'INSERT INTO gne_vale_ferreteria_mov (vfe_id,pro_codigo_plu,vfm_cantidad,vfm_unitario,vfm_total,vfm_entregado) VALUES (13478,780721428,1,750,750,@@@NO@@@)','',2,'2013-10-11'),(76327,'UPDATE mae_productos SET pro_precio_compra_bruto=1511.3,pro_margen_actual=(pro_precio_venta-1511.3)/1511.3 * 100,pro_ultima_compra=@@@2013.10.11@@@,pro_ultimo_proveedor=@@@76218060-k@@@ WHERE pro_codigo_plu=10228','',2,'2013-10-11'),(76328,'UPDATE mae_productos SET pro_precio_compra_bruto=287.2,pro_margen_actual=(pro_precio_venta-287.2)/287.2 * 100,pro_ultima_compra=@@@2013.10.11@@@,pro_ultimo_proveedor=@@@76218060-k@@@ WHERE pro_codigo_plu=11074','',2,'2013-10-11'),(76329,'UPDATE mae_productos SET pro_precio_compra_bruto=1313.76,pro_margen_actual=(pro_precio_venta-1313.76)/1313.76 * 100,pro_ultima_compra=@@@2013.10.11@@@,pro_ultimo_proveedor=@@@76218060-k@@@ WHERE pro_codigo_plu=262349','',2,'2013-10-11'),(76330,'UPDATE mae_productos SET pro_precio_compra_bruto=1313.76,pro_margen_actual=(pro_precio_venta-1313.76)/1313.76 * 100,pro_ultima_compra=@@@2013.10.11@@@,pro_ultimo_proveedor=@@@76218060-k@@@ WHERE pro_codigo_plu=262351','',2,'2013-10-11'),(76331,'UPDATE mae_productos SET pro_precio_compra_bruto=3066.6,pro_margen_actual=(pro_precio_venta-3066.6)/3066.6 * 100,pro_ultima_compra=@@@2013.10.11@@@,pro_ultimo_proveedor=@@@76218060-k@@@ WHERE pro_codigo_plu=761307','',2,'2013-10-11'),(76332,'UPDATE mae_productos SET pro_precio_compra_bruto=3170.1,pro_margen_actual=(pro_precio_venta-3170.1)/3170.1 * 100,pro_ultima_compra=@@@2013.10.11@@@,pro_ultimo_proveedor=@@@76218060-k@@@ WHERE pro_codigo_plu=761305','',2,'2013-10-11'),(76333,'UPDATE mae_productos SET pro_precio_compra_bruto=385.94,pro_margen_actual=(pro_precio_venta-385.94)/385.94 * 100,pro_ultima_compra=@@@2013.10.11@@@,pro_ultimo_proveedor=@@@76218060-k@@@ WHERE pro_codigo_plu=101132','',2,'2013-10-11'),(76334,'UPDATE mae_productos SET pro_precio_compra_bruto=1499.4,pro_margen_actual=(pro_precio_venta-1499.4)/1499.4 * 100,pro_ultima_compra=@@@2013.10.11@@@,pro_ultimo_proveedor=@@@76218060-k@@@ WHERE pro_codigo_plu=763412','',2,'2013-10-11'),(76335,'UPDATE mae_productos SET pro_precio_compra_bruto=133.52,pro_margen_actual=(pro_precio_venta-133.52)/133.52 * 100,pro_ultima_compra=@@@2013.10.11@@@,pro_ultimo_proveedor=@@@76218060-k@@@ WHERE pro_codigo_plu=78017077','',2,'2013-10-11'),(76336,'INSERT INTO gne_vale_ferreteria (vfe_id,vfe_fecha,vfe_total,vfe_estado,vfe_entregado,usu_nusuario) VALUES (13479,@@@2013.10.11@@@,300,1,0,@@@G_DIAZ@@@)','',2,'2013-10-11'),(76337,'INSERT INTO gne_vale_ferreteria_mov (vfe_id,pro_codigo_plu,vfm_cantidad,vfm_unitario,vfm_total,vfm_entregado) VALUES (13479,4130,2,100,200,@@@NO@@@)','',2,'2013-10-11'),(76338,'INSERT INTO gne_vale_ferreteria_mov (vfe_id,pro_codigo_plu,vfm_cantidad,vfm_unitario,vfm_total,vfm_entregado) VALUES (13479,764411,1,100,100,@@@NO@@@)','',2,'2013-10-11'),(76339,'INSERT INTO gne_vale_ferreteria (vfe_id,vfe_fecha,vfe_total,vfe_estado,vfe_entregado,usu_nusuario) VALUES (13480,@@@2013.10.11@@@,1990,1,0,@@@G_DIAZ@@@)','',2,'2013-10-11'),(76340,'INSERT INTO gne_vale_ferreteria_mov (vfe_id,pro_codigo_plu,vfm_cantidad,vfm_unitario,vfm_total,vfm_entregado) VALUES (13480,20960,1,1990,1990,@@@NO@@@)','',2,'2013-10-11'),(76341,'INSERT INTO mae_productos (pro_codigo_plu,pro_codigo_barra,pro_tipo,pro_nombre_producto,pro_nombre_corto,med_id,emb_id,pro_unidades_embalaje,dep_id,lin_id,mar_id,pro_precio_compra_neto,pro_precio_compra_bruto,pro_precio_venta,pro_margen_actual,pro_oferta,pro_fecha_inicio_oferta,pro_fecha_termino_oferta,pro_precio_oferta,pro_stock_minimo,pro_stock_critico,pro_entradas_bodega,pro_salidas_bodega,pro_mermas_bodega,pro_ajustes_bodega,pro_entradas_sv,pro_salidas_sv,pro_mermas_sv,pro_ajustes_sv,pro_activo,rec_numero,pro_unidad,pro_capacidad,pro_consumo_bodega,pro_consumo_sv,pro_estado,pro_funcion_plu,pro_flejes,pro_iva,pro_plu_asociado,pro_envase,pro_duracion,pro_numero_etiqueta) VALUES (780721953,@@@7801230003471@@@,@@@0@@@,@@@TOALLITAS SANITIZANTES IMPEKE AROMA LAVANDA  35 UNID@@@,@@@TOALLITAS SANITI@@@,@@@1 @@@,@@@6 @@@,@@@12@@@,@@@2 @@@,@@@36@@@,@@@1297@@@,@@@0@@@,@@@916.1@@@,@@@1@@@,@@@-99.89@@@,@@@@@@,@@@2006.09.07@@@,@@@2006.09.07@@@,@@@0@@@,@@@12@@@,@@@6@@@,@@@0@@@,@@@0@@@,@@@0@@@,@@@0@@@,@@@0@@@,@@@0@@@,@@@0@@@,@@@0@@@,@@@1@@@,@@@0@@@,0,35,0,0,2,0,1,1,0,@@@NO@@@,0,0)','',2,'2013-10-11'),(76342,'DELETE FROM mae_impuestos_productos WHERE pro_codigo_plu=@@@780721953@@@','',2,'2013-10-11'),(76343,'INSERT INTO gne_vale_ferreteria (vfe_id,vfe_fecha,vfe_total,vfe_estado,vfe_entregado,usu_nusuario) VALUES (13481,@@@2013.10.11@@@,120,1,0,@@@G_DIAZ@@@)','',2,'2013-10-11'),(76344,'INSERT INTO gne_vale_ferreteria_mov (vfe_id,pro_codigo_plu,vfm_cantidad,vfm_unitario,vfm_total,vfm_entregado) VALUES (13481,8022,1,120,120,@@@NO@@@)','',2,'2013-10-11'),(76345,'INSERT INTO mae_productos (pro_codigo_plu,pro_codigo_barra,pro_tipo,pro_nombre_producto,pro_nombre_corto,med_id,emb_id,pro_unidades_embalaje,dep_id,lin_id,mar_id,pro_precio_compra_neto,pro_precio_compra_bruto,pro_precio_venta,pro_margen_actual,pro_oferta,pro_fecha_inicio_oferta,pro_fecha_termino_oferta,pro_precio_oferta,pro_stock_minimo,pro_stock_critico,pro_entradas_bodega,pro_salidas_bodega,pro_mermas_bodega,pro_ajustes_bodega,pro_entradas_sv,pro_salidas_sv,pro_mermas_sv,pro_ajustes_sv,pro_activo,rec_numero,pro_unidad,pro_capacidad,pro_consumo_bodega,pro_consumo_sv,pro_estado,pro_funcion_plu,pro_flejes,pro_iva,pro_plu_asociado,pro_envase,pro_duracion,pro_numero_etiqueta) VALUES (780721954,@@@7801230003488@@@,@@@0@@@,@@@TOALLITAS SANITIZANTES IMPEKE LIMON 35 UNID.@@@,@@@TOALLITAS SANITI@@@,@@@1 @@@,@@@6 @@@,@@@12@@@,@@@2 @@@,@@@36@@@,@@@1297@@@,@@@0@@@,@@@916.1@@@,@@@1@@@,@@@-99.89@@@,@@@@@@,@@@2006.09.07@@@,@@@2006.09.07@@@,@@@0@@@,@@@12@@@,@@@6@@@,@@@0@@@,@@@0@@@,@@@0@@@,@@@0@@@,@@@0@@@,@@@0@@@,@@@0@@@,@@@0@@@,@@@1@@@,@@@0@@@,0,35,0,0,2,0,1,1,0,@@@NO@@@,0,0)','',2,'2013-10-11'),(76346,'DELETE FROM mae_impuestos_productos WHERE pro_codigo_plu=@@@780721954@@@','',2,'2013-10-11'),(76347,'INSERT INTO gne_vale_ferreteria (vfe_id,vfe_fecha,vfe_total,vfe_estado,vfe_entregado,usu_nusuario) VALUES (13482,@@@2013.10.11@@@,780,1,0,@@@G_DIAZ@@@)','',2,'2013-10-11'),(76348,'INSERT INTO gne_vale_ferreteria_mov (vfe_id,pro_codigo_plu,vfm_cantidad,vfm_unitario,vfm_total,vfm_entregado) VALUES (13482,780721291,2,390,780,@@@NO@@@)','',2,'2013-10-11'),(76349,'INSERT INTO mae_productos (pro_codigo_plu,pro_codigo_barra,pro_tipo,pro_nombre_producto,pro_nombre_corto,med_id,emb_id,pro_unidades_embalaje,dep_id,lin_id,mar_id,pro_precio_compra_neto,pro_precio_compra_bruto,pro_precio_venta,pro_margen_actual,pro_oferta,pro_fecha_inicio_oferta,pro_fecha_termino_oferta,pro_precio_oferta,pro_stock_minimo,pro_stock_critico,pro_entradas_bodega,pro_salidas_bodega,pro_mermas_bodega,pro_ajustes_bodega,pro_entradas_sv,pro_salidas_sv,pro_mermas_sv,pro_ajustes_sv,pro_activo,rec_numero,pro_unidad,pro_capacidad,pro_consumo_bodega,pro_consumo_sv,pro_estado,pro_funcion_plu,pro_flejes,pro_iva,pro_plu_asociado,pro_envase,pro_duracion,pro_numero_etiqueta) VALUES (780721955,@@@7801230005208@@@,@@@0@@@,@@@PAÑO MULTIUSO ABSORBENTE IMPEKE 38 X 38 CM@@@,@@@PAÑO MULTIUSO AB@@@,@@@6 @@@,@@@4 @@@,@@@60@@@,@@@2 @@@,@@@36@@@,@@@1297@@@,@@@0@@@,@@@262.31@@@,@@@1@@@,@@@-99.62@@@,@@@@@@,@@@2006.09.07@@@,@@@2006.09.07@@@,@@@0@@@,@@@60@@@,@@@40@@@,@@@0@@@,@@@0@@@,@@@0@@@,@@@0@@@,@@@0@@@,@@@0@@@,@@@0@@@,@@@0@@@,@@@1@@@,@@@0@@@,0,38,0,0,2,0,1,1,0,@@@NO@@@,0,0)','',2,'2013-10-11'),(76350,'DELETE FROM mae_impuestos_productos WHERE pro_codigo_plu=@@@780721955@@@','',2,'2013-10-11'),(76351,'INSERT INTO gne_vale_ferreteria (vfe_id,vfe_fecha,vfe_total,vfe_estado,vfe_entregado,usu_nusuario) VALUES (13483,@@@2013.10.11@@@,590,1,0,@@@G_DIAZ@@@)','',2,'2013-10-11'),(76352,'INSERT INTO gne_vale_ferreteria_mov (vfe_id,pro_codigo_plu,vfm_cantidad,vfm_unitario,vfm_total,vfm_entregado) VALUES (13483,15662,1,590,590,@@@NO@@@)','',2,'2013-10-11'),(76353,'INSERT INTO gne_vale_ferreteria (vfe_id,vfe_fecha,vfe_total,vfe_estado,vfe_entregado,usu_nusuario) VALUES (13484,@@@2013.10.11@@@,360,1,0,@@@G_DIAZ@@@)','',2,'2013-10-11'),(76354,'INSERT INTO gne_vale_ferreteria_mov (vfe_id,pro_codigo_plu,vfm_cantidad,vfm_unitario,vfm_total,vfm_entregado) VALUES (13484,764766,3,120,360,@@@NO@@@)','',2,'2013-10-11'),(76355,'INSERT INTO gne_vale_ferreteria (vfe_id,vfe_fecha,vfe_total,vfe_estado,vfe_entregado,usu_nusuario) VALUES (13485,@@@2013.10.11@@@,1680,1,0,@@@G_DIAZ@@@)','',2,'2013-10-11'),(76356,'INSERT INTO gne_vale_ferreteria_mov (vfe_id,pro_codigo_plu,vfm_cantidad,vfm_unitario,vfm_total,vfm_entregado) VALUES (13485,780721487,1,590,590,@@@NO@@@)','',2,'2013-10-11'),(76357,'INSERT INTO gne_vale_ferreteria_mov (vfe_id,pro_codigo_plu,vfm_cantidad,vfm_unitario,vfm_total,vfm_entregado) VALUES (13485,764065,1,790,790,@@@NO@@@)','',2,'2013-10-11'),(76358,'INSERT INTO gne_vale_ferreteria_mov (vfe_id,pro_codigo_plu,vfm_cantidad,vfm_unitario,vfm_total,vfm_entregado) VALUES (13485,2004,1,300,300,@@@NO@@@)','',2,'2013-10-11'),(76359,'INSERT INTO gne_vale_ferreteria (vfe_id,vfe_fecha,vfe_total,vfe_estado,vfe_entregado,usu_nusuario) VALUES (13486,@@@2013.10.11@@@,1520,1,0,@@@G_DIAZ@@@)','',2,'2013-10-11'),(76360,'INSERT INTO gne_vale_ferreteria_mov (vfe_id,pro_codigo_plu,vfm_cantidad,vfm_unitario,vfm_total,vfm_entregado) VALUES (13486,763773,1,1520,1520,@@@NO@@@)','',2,'2013-10-11'),(76361,'INSERT INTO gne_vale_ferreteria (vfe_id,vfe_fecha,vfe_total,vfe_estado,vfe_entregado,usu_nusuario) VALUES (13487,@@@2013.10.11@@@,2690,1,0,@@@G_DIAZ@@@)','',2,'2013-10-11'),(76362,'INSERT INTO gne_vale_ferreteria_mov (vfe_id,pro_codigo_plu,vfm_cantidad,vfm_unitario,vfm_total,vfm_entregado) VALUES (13487,78017023,1,2690,2690,@@@NO@@@)','',2,'2013-10-11'),(76363,'INSERT INTO mae_productos (pro_codigo_plu,pro_codigo_barra,pro_tipo,pro_nombre_producto,pro_nombre_corto,med_id,emb_id,pro_unidades_embalaje,dep_id,lin_id,mar_id,pro_precio_compra_neto,pro_precio_compra_bruto,pro_precio_venta,pro_margen_actual,pro_oferta,pro_fecha_inicio_oferta,pro_fecha_termino_oferta,pro_precio_oferta,pro_stock_minimo,pro_stock_critico,pro_entradas_bodega,pro_salidas_bodega,pro_mermas_bodega,pro_ajustes_bodega,pro_entradas_sv,pro_salidas_sv,pro_mermas_sv,pro_ajustes_sv,pro_activo,rec_numero,pro_unidad,pro_capacidad,pro_consumo_bodega,pro_consumo_sv,pro_estado,pro_funcion_plu,pro_flejes,pro_iva,pro_plu_asociado,pro_envase,pro_duracion,pro_numero_etiqueta) VALUES (780721956,@@@7509546052564@@@,@@@0@@@,@@@DESODORANTE SPRAY SPEED STICK X 5 100 G @@@,@@@DESODORANTE SPRA@@@,@@@5 @@@,@@@6 @@@,@@@6@@@,@@@21 @@@,@@@118@@@,@@@1803@@@,@@@0@@@,@@@1106.3@@@,@@@1@@@,@@@-99.91@@@,@@@@@@,@@@2006.09.07@@@,@@@2006.09.07@@@,@@@0@@@,@@@6@@@,@@@3@@@,@@@0@@@,@@@0@@@,@@@0@@@,@@@0@@@,@@@0@@@,@@@0@@@,@@@0@@@,@@@0@@@,@@@1@@@,@@@0@@@,0,100,0,0,2,0,1,1,0,@@@NO@@@,0,0)','',2,'2013-10-11'),(76364,'DELETE FROM mae_impuestos_productos WHERE pro_codigo_plu=@@@780721956@@@','',2,'2013-10-11'),(76365,'INSERT INTO gne_vale_ferreteria (vfe_id,vfe_fecha,vfe_total,vfe_estado,vfe_entregado,usu_nusuario) VALUES (13488,@@@2013.10.11@@@,1860,1,0,@@@G_DIAZ@@@)','',2,'2013-10-11'),(76366,'INSERT INTO gne_vale_ferreteria_mov (vfe_id,pro_codigo_plu,vfm_cantidad,vfm_unitario,vfm_total,vfm_entregado) VALUES (13488,11670,2,930,1860,@@@NO@@@)','',2,'2013-10-11'),(76367,'UPDATE mae_productos SET pro_margen_actual=32.37,pro_precio_venta=4100 WHERE pro_codigo_plu=780721600','',2,'2013-10-11'),(76368,'UPDATE mae_productos SET pro_margen_actual=30.47,pro_precio_venta=720 WHERE pro_codigo_plu=763502','',2,'2013-10-11'),(76369,'UPDATE mae_productos SET pro_margen_actual=86.8,pro_precio_venta=490 WHERE pro_codigo_plu=780721955','',2,'2013-10-11'),(76370,'UPDATE mae_productos SET pro_margen_actual=62.65,pro_precio_venta=1490 WHERE pro_codigo_plu=780721953','',2,'2013-10-11'),(76371,'UPDATE mae_productos SET pro_margen_actual=62.65,pro_precio_venta=1490 WHERE pro_codigo_plu=780721954','',2,'2013-10-11'),(76372,'INSERT INTO gne_vale_ferreteria (vfe_id,vfe_fecha,vfe_total,vfe_estado,vfe_entregado,usu_nusuario) VALUES (13489,@@@2013.10.11@@@,750,1,0,@@@G_DIAZ@@@)','',2,'2013-10-11'),(76373,'INSERT INTO gne_vale_ferreteria_mov (vfe_id,pro_codigo_plu,vfm_cantidad,vfm_unitario,vfm_total,vfm_entregado) VALUES (13489,780721925,1,750,750,@@@NO@@@)','',2,'2013-10-11'),(76374,'UPDATE mae_productos SET pro_precio_fiscal=pro_precio_venta WHERE pro_codigo_plu=780721953','',2,'2013-10-11'),(76375,'UPDATE mae_productos SET pro_precio_fiscal=pro_precio_venta WHERE pro_codigo_plu=780721954','',2,'2013-10-11'),(76376,'UPDATE mae_productos SET pro_precio_fiscal=pro_precio_venta WHERE pro_codigo_plu=780721955','',2,'2013-10-11'),(76377,'UPDATE mae_productos SET pro_precio_fiscal=pro_precio_venta WHERE pro_codigo_plu=763502','',2,'2013-10-11'),(76378,'UPDATE mae_productos SET pro_precio_fiscal=pro_precio_venta WHERE pro_codigo_plu=780721600','',2,'2013-10-11'),(76379,'INSERT INTO mae_productos (pro_codigo_plu,pro_codigo_barra,pro_tipo,pro_nombre_producto,pro_nombre_corto,med_id,emb_id,pro_unidades_embalaje,dep_id,lin_id,mar_id,pro_precio_compra_neto,pro_precio_compra_bruto,pro_precio_venta,pro_margen_actual,pro_oferta,pro_fecha_inicio_oferta,pro_fecha_termino_oferta,pro_precio_oferta,pro_stock_minimo,pro_stock_critico,pro_entradas_bodega,pro_salidas_bodega,pro_mermas_bodega,pro_ajustes_bodega,pro_entradas_sv,pro_salidas_sv,pro_mermas_sv,pro_ajustes_sv,pro_activo,rec_numero,pro_unidad,pro_capacidad,pro_consumo_bodega,pro_consumo_sv,pro_estado,pro_funcion_plu,pro_flejes,pro_iva,pro_plu_asociado,pro_envase,pro_duracion,pro_numero_etiqueta) VALUES (780721957,@@@7804925543177@@@,@@@0@@@,@@@PACK DESODORANTE SPEED STICK  ADN SPRAY  100 GRS@@@,@@@PACK DESODORANTE@@@,@@@5 @@@,@@@6 @@@,@@@1@@@,@@@21 @@@,@@@118@@@,@@@1803@@@,@@@0@@@,@@@2531.13@@@,@@@1@@@,@@@-99.96@@@,@@@@@@,@@@2006.09.07@@@,@@@2006.09.07@@@,@@@0@@@,@@@12@@@,@@@6@@@,@@@0@@@,@@@0@@@,@@@0@@@,@@@0@@@,@@@0@@@,@@@0@@@,@@@0@@@,@@@0@@@,@@@1@@@,@@@0@@@,0,100,0,0,2,0,1,1,0,@@@NO@@@,0,0)','',2,'2013-10-11'),(76380,'DELETE FROM mae_impuestos_productos WHERE pro_codigo_plu=@@@780721957@@@','',2,'2013-10-11'),(76381,'INSERT INTO gpr_pack_virtual (pav_id,pav_nombre,pav_total_pack,pav_total_descuento,pav_desde,pav_hasta,pav_tipo,pav_precio,pav_lleva,pav_paga,pav_descuento,pav_porcentaje,pav_oferta_exclusiva,pav_agotar_stock,pav_stock,pav_costo,pav_margen) VALUES (65,@@@PACK GALLETAS TRITON VAINILLA 126 G 3 X $990@@@,990,360,@@@2013-10-11@@@,@@@2013-11-30@@@,@@@PA@@@,450,3,2.197,0.803,1,@@@NO@@@,@@@SI@@@,300,943.14,4.97)','',2,'2013-10-11'),(76382,'INSERT INTO gpr_pack_virtual_mov (pav_id,pro_codigo_plu,pvm_precio,pvm_total,pvm_lleva,pvm_paga,pvm_descuento,pvm_porcentaje,pvm_total_normal,pvm_descuento_linea,pvm_costo,pvm_margen) VALUES (65,11997,450,0,1,1,0,0,450,120,314.38,4.97)','',2,'2013-10-11'),(76383,'INSERT INTO gpr_pack_virtual_horario (pav_id,pvh_dia,pvh_hora_desde,pvh_hora_hasta) VALUES (65,99,@@@00:00@@@,@@@23:59@@@)','',2,'2013-10-11'),(76384,'INSERT INTO mae_productos (pro_codigo_plu,pro_codigo_barra,pro_tipo,pro_nombre_producto,pro_nombre_corto,med_id,emb_id,pro_unidades_embalaje,dep_id,lin_id,mar_id,pro_precio_compra_neto,pro_precio_compra_bruto,pro_precio_venta,pro_margen_actual,pro_oferta,pro_fecha_inicio_oferta,pro_fecha_termino_oferta,pro_precio_oferta,pro_stock_minimo,pro_stock_critico,pro_entradas_bodega,pro_salidas_bodega,pro_mermas_bodega,pro_ajustes_bodega,pro_entradas_sv,pro_salidas_sv,pro_mermas_sv,pro_ajustes_sv,pro_activo,rec_numero,pro_unidad,pro_capacidad,pro_consumo_bodega,pro_consumo_sv,pro_estado,pro_funcion_plu,pro_flejes,pro_iva,pro_plu_asociado,pro_envase,pro_duracion,pro_numero_etiqueta) VALUES (780721958,@@@7804925543184@@@,@@@0@@@,@@@PACK SPEED STICK ADN BARRA 50G@@@,@@@PACK SPEED STICK@@@,@@@5 @@@,@@@6 @@@,@@@2@@@,@@@21 @@@,@@@118@@@,@@@1803@@@,@@@0@@@,@@@2468.06@@@,@@@1@@@,@@@-99.96@@@,@@@@@@,@@@2006.09.07@@@,@@@2006.09.07@@@,@@@0@@@,@@@12@@@,@@@6@@@,@@@0@@@,@@@0@@@,@@@0@@@,@@@0@@@,@@@0@@@,@@@0@@@,@@@0@@@,@@@0@@@,@@@1@@@,@@@0@@@,0,50,0,0,2,0,1,1,0,@@@NO@@@,0,0)','',2,'2013-10-11'),(76385,'DELETE FROM mae_impuestos_productos WHERE pro_codigo_plu=@@@780721958@@@','',2,'2013-10-11'),(76386,'INSERT INTO gne_vale_ferreteria (vfe_id,vfe_fecha,vfe_total,vfe_estado,vfe_entregado,usu_nusuario) VALUES (13490,@@@2013.10.11@@@,240,1,0,@@@G_DIAZ@@@)','',2,'2013-10-11'),(76387,'INSERT INTO gne_vale_ferreteria_mov (vfe_id,pro_codigo_plu,vfm_cantidad,vfm_unitario,vfm_total,vfm_entregado) VALUES (13490,78017059,2,120,240,@@@NO@@@)','',2,'2013-10-11'),(76388,'INSERT INTO gne_vale_ferreteria (vfe_id,vfe_fecha,vfe_total,vfe_estado,vfe_entregado,usu_nusuario) VALUES (13491,@@@2013.10.11@@@,780,1,0,@@@G_DIAZ@@@)','',2,'2013-10-11'),(76389,'INSERT INTO gne_vale_ferreteria_mov (vfe_id,pro_codigo_plu,vfm_cantidad,vfm_unitario,vfm_total,vfm_entregado) VALUES (13491,1562,2,390,780,@@@NO@@@)','',2,'2013-10-11'),(76390,'INSERT INTO mae_productos (pro_codigo_plu,pro_codigo_barra,pro_tipo,pro_nombre_producto,pro_nombre_corto,med_id,emb_id,pro_unidades_embalaje,dep_id,lin_id,mar_id,pro_precio_compra_neto,pro_precio_compra_bruto,pro_precio_venta,pro_margen_actual,pro_oferta,pro_fecha_inicio_oferta,pro_fecha_termino_oferta,pro_precio_oferta,pro_stock_minimo,pro_stock_critico,pro_entradas_bodega,pro_salidas_bodega,pro_mermas_bodega,pro_ajustes_bodega,pro_entradas_sv,pro_salidas_sv,pro_mermas_sv,pro_ajustes_sv,pro_activo,rec_numero,pro_unidad,pro_capacidad,pro_consumo_bodega,pro_consumo_sv,pro_estado,pro_funcion_plu,pro_flejes,pro_iva,pro_plu_asociado,pro_envase,pro_duracion,pro_numero_etiqueta) VALUES (780721959,@@@7804925542866@@@,@@@0@@@,@@@PACK LADY SPEED STICK  PH ACTIVE BARRA 45 G@@@,@@@PACK LADY SPEED @@@,@@@5 @@@,@@@6 @@@,@@@2@@@,@@@21 @@@,@@@118@@@,@@@1041@@@,@@@0@@@,@@@2558.5@@@,@@@1@@@,@@@-99.96@@@,@@@@@@,@@@2006.09.07@@@,@@@2006.09.07@@@,@@@0@@@,@@@12@@@,@@@6@@@,@@@0@@@,@@@0@@@,@@@0@@@,@@@0@@@,@@@0@@@,@@@0@@@,@@@0@@@,@@@0@@@,@@@1@@@,@@@0@@@,0,45,0,0,2,0,1,1,0,@@@NO@@@,0,0)','',2,'2013-10-11'),(76391,'DELETE FROM mae_impuestos_productos WHERE pro_codigo_plu=@@@780721959@@@','',2,'2013-10-11'),(76392,'INSERT INTO mae_clientes (cli_id,cli_rut,cli_nombre,cli_direccion,cli_sucursal,cli_ciudad,cli_nombre_contacto,cli_cargo,cli_telefono,cli_fax,cli_celular,cli_mail,tcp_id,cli_fecha_nacimiento,cli_activo,cli_limite_credito,cli_giro,cli_sobrecargo,cli_credito_ilimitado,cli_descuento_venta,cli_comuna) VALUES (@@@22@@@,@@@6454872-7@@@,@@@MARIA ACUÑA VALENCIA@@@,@@@PASAJE 11 SEPT 103 PBL LAUTARO@@@,@@@@@@,@@@NACIMIENTO@@@,@@@@@@,@@@@@@,@@@@@@,@@@@@@,@@@98758945@@@,@@@@@@,@@@4@@@,@@@1949.11.12@@@,@@@1@@@,@@@200000@@@,@@@@@@,0,0,0,@@@NACIMIENTO@@@)','',2,'2013-10-11'),(76393,'INSERT INTO mae_productos (pro_codigo_plu,pro_codigo_barra,pro_tipo,pro_nombre_producto,pro_nombre_corto,med_id,emb_id,pro_unidades_embalaje,dep_id,lin_id,mar_id,pro_precio_compra_neto,pro_precio_compra_bruto,pro_precio_venta,pro_margen_actual,pro_oferta,pro_fecha_inicio_oferta,pro_fecha_termino_oferta,pro_precio_oferta,pro_stock_minimo,pro_stock_critico,pro_entradas_bodega,pro_salidas_bodega,pro_mermas_bodega,pro_ajustes_bodega,pro_entradas_sv,pro_salidas_sv,pro_mermas_sv,pro_ajustes_sv,pro_activo,rec_numero,pro_unidad,pro_capacidad,pro_consumo_bodega,pro_consumo_sv,pro_estado,pro_funcion_plu,pro_flejes,pro_iva,pro_plu_asociado,pro_envase,pro_duracion,pro_numero_etiqueta) VALUES (780721960,@@@7804925542989@@@,@@@0@@@,@@@PACK LADY SPEED STICK NATURALS PROTECT 45 G@@@,@@@PACK LADY SPEED @@@,@@@5 @@@,@@@6 @@@,@@@2@@@,@@@21 @@@,@@@118@@@,@@@1041@@@,@@@0@@@,@@@2561.87@@@,@@@1@@@,@@@-99.96@@@,@@@@@@,@@@2006.09.07@@@,@@@2006.09.07@@@,@@@0@@@,@@@12@@@,@@@6@@@,@@@0@@@,@@@0@@@,@@@0@@@,@@@0@@@,@@@0@@@,@@@0@@@,@@@0@@@,@@@0@@@,@@@1@@@,@@@0@@@,0,45,0,0,2,0,1,1,0,@@@NO@@@,0,0)','',2,'2013-10-11'),(76394,'DELETE FROM mae_impuestos_productos WHERE pro_codigo_plu=@@@780721960@@@','',2,'2013-10-11'),(76395,'INSERT INTO gne_vale_ferreteria (vfe_id,vfe_fecha,vfe_total,vfe_estado,vfe_entregado,usu_nusuario) VALUES (13492,@@@2013.10.11@@@,2380,1,0,@@@G_DIAZ@@@)','',2,'2013-10-11'),(76396,'INSERT INTO gne_vale_ferreteria_mov (vfe_id,pro_codigo_plu,vfm_cantidad,vfm_unitario,vfm_total,vfm_entregado) VALUES (13492,20958,1,1990,1990,@@@NO@@@)','',2,'2013-10-11'),(76397,'INSERT INTO gne_vale_ferreteria_mov (vfe_id,pro_codigo_plu,vfm_cantidad,vfm_unitario,vfm_total,vfm_entregado) VALUES (13492,780721420,1,390,390,@@@NO@@@)','',2,'2013-10-11'),(76398,'INSERT INTO gne_vale_ferreteria (vfe_id,vfe_fecha,vfe_total,vfe_estado,vfe_entregado,usu_nusuario) VALUES (13493,@@@2013.10.11@@@,480,1,0,@@@G_DIAZ@@@)','',2,'2013-10-11'),(76399,'INSERT INTO gne_vale_ferreteria_mov (vfe_id,pro_codigo_plu,vfm_cantidad,vfm_unitario,vfm_total,vfm_entregado) VALUES (13493,764766,4,120,480,@@@NO@@@)','',2,'2013-10-11'),(76400,'INSERT INTO gne_vale_ferreteria (vfe_id,vfe_fecha,vfe_total,vfe_estado,vfe_entregado,usu_nusuario) VALUES (13494,@@@2013.10.11@@@,310,1,0,@@@G_DIAZ@@@)','',2,'2013-10-11'),(76401,'INSERT INTO gne_vale_ferreteria_mov (vfe_id,pro_codigo_plu,vfm_cantidad,vfm_unitario,vfm_total,vfm_entregado) VALUES (13494,18799,1,310,310,@@@NO@@@)','',2,'2013-10-11'),(76402,'INSERT INTO mae_productos (pro_codigo_plu,pro_codigo_barra,pro_tipo,pro_nombre_producto,pro_nombre_corto,med_id,emb_id,pro_unidades_embalaje,dep_id,lin_id,mar_id,pro_precio_compra_neto,pro_precio_compra_bruto,pro_precio_venta,pro_margen_actual,pro_oferta,pro_fecha_inicio_oferta,pro_fecha_termino_oferta,pro_precio_oferta,pro_stock_minimo,pro_stock_critico,pro_entradas_bodega,pro_salidas_bodega,pro_mermas_bodega,pro_ajustes_bodega,pro_entradas_sv,pro_salidas_sv,pro_mermas_sv,pro_ajustes_sv,pro_activo,rec_numero,pro_unidad,pro_capacidad,pro_consumo_bodega,pro_consumo_sv,pro_estado,pro_funcion_plu,pro_flejes,pro_iva,pro_plu_asociado,pro_envase,pro_duracion,pro_numero_etiqueta) VALUES (780721961,@@@7509546052540@@@,@@@0@@@,@@@LADY SPEED STICK  PH ACTIVE ROLL -ON 50 ML@@@,@@@LADY SPEED STICK@@@,@@@7 @@@,@@@6 @@@,@@@6@@@,@@@21 @@@,@@@118@@@,@@@1041@@@,@@@0@@@,@@@1161.44@@@,@@@1@@@,@@@-99.91@@@,@@@@@@,@@@2006.09.07@@@,@@@2006.09.07@@@,@@@0@@@,@@@6@@@,@@@3@@@,@@@0@@@,@@@0@@@,@@@0@@@,@@@0@@@,@@@0@@@,@@@0@@@,@@@0@@@,@@@0@@@,@@@1@@@,@@@0@@@,0,50,0,0,2,0,1,1,0,@@@NO@@@,0,0)','',2,'2013-10-11'),(76403,'DELETE FROM mae_impuestos_productos WHERE pro_codigo_plu=@@@780721961@@@','',2,'2013-10-11'),(76404,'INSERT INTO gne_vale_ferreteria (vfe_id,vfe_fecha,vfe_total,vfe_estado,vfe_entregado,usu_nusuario) VALUES (13495,@@@2013.10.11@@@,1490,1,0,@@@G_DIAZ@@@)','',2,'2013-10-11'),(76405,'INSERT INTO gne_vale_ferreteria_mov (vfe_id,pro_codigo_plu,vfm_cantidad,vfm_unitario,vfm_total,vfm_entregado) VALUES (13495,762308,1,1490,1490,@@@NO@@@)','',2,'2013-10-11'),(76406,'INSERT INTO mae_productos (pro_codigo_plu,pro_codigo_barra,pro_tipo,pro_nombre_producto,pro_nombre_corto,med_id,emb_id,pro_unidades_embalaje,dep_id,lin_id,mar_id,pro_precio_compra_neto,pro_precio_compra_bruto,pro_precio_venta,pro_margen_actual,pro_oferta,pro_fecha_inicio_oferta,pro_fecha_termino_oferta,pro_precio_oferta,pro_stock_minimo,pro_stock_critico,pro_entradas_bodega,pro_salidas_bodega,pro_mermas_bodega,pro_ajustes_bodega,pro_entradas_sv,pro_salidas_sv,pro_mermas_sv,pro_ajustes_sv,pro_activo,rec_numero,pro_unidad,pro_capacidad,pro_consumo_bodega,pro_consumo_sv,pro_estado,pro_funcion_plu,pro_flejes,pro_iva,pro_plu_asociado,pro_envase,pro_duracion,pro_numero_etiqueta) VALUES (780721962,@@@7509546050904@@@,@@@0@@@,@@@LADY SPEED STICK STAINGUARD ROLL-ON 50 ML@@@,@@@LADY SPEED STICK@@@,@@@7 @@@,@@@6 @@@,@@@6@@@,@@@21 @@@,@@@118@@@,@@@1041@@@,@@@0@@@,@@@1161.44@@@,@@@1@@@,@@@-99.91@@@,@@@@@@,@@@2006.09.07@@@,@@@2006.09.07@@@,@@@0@@@,@@@6@@@,@@@3@@@,@@@0@@@,@@@0@@@,@@@0@@@,@@@0@@@,@@@0@@@,@@@0@@@,@@@0@@@,@@@0@@@,@@@1@@@,@@@0@@@,0,50,0,0,2,0,1,1,0,@@@NO@@@,0,0)','',2,'2013-10-11'),(76407,'DELETE FROM mae_impuestos_productos WHERE pro_codigo_plu=@@@780721962@@@','',2,'2013-10-11'),(76408,'INSERT INTO mae_productos (pro_codigo_plu,pro_codigo_barra,pro_tipo,pro_nombre_producto,pro_nombre_corto,med_id,emb_id,pro_unidades_embalaje,dep_id,lin_id,mar_id,pro_precio_compra_neto,pro_precio_compra_bruto,pro_precio_venta,pro_margen_actual,pro_oferta,pro_fecha_inicio_oferta,pro_fecha_termino_oferta,pro_precio_oferta,pro_stock_minimo,pro_stock_critico,pro_entradas_bodega,pro_salidas_bodega,pro_mermas_bodega,pro_ajustes_bodega,pro_entradas_sv,pro_salidas_sv,pro_mermas_sv,pro_ajustes_sv,pro_activo,rec_numero,pro_unidad,pro_capacidad,pro_consumo_bodega,pro_consumo_sv,pro_estado,pro_funcion_plu,pro_flejes,pro_iva,pro_plu_asociado,pro_envase,pro_duracion,pro_numero_etiqueta) VALUES (780721963,@@@7804925543030@@@,@@@0@@@,@@@PACK CEPILLO DENTO 2X1 EXTRA SUAVE@@@,@@@PACK CEPILLO DEN@@@,@@@1 @@@,@@@6 @@@,@@@2@@@,@@@21 @@@,@@@123@@@,@@@1618@@@,@@@0@@@,@@@1018.64@@@,@@@1@@@,@@@-99.9@@@,@@@@@@,@@@2006.09.07@@@,@@@2006.09.07@@@,@@@0@@@,@@@12@@@,@@@6@@@,@@@0@@@,@@@0@@@,@@@0@@@,@@@0@@@,@@@0@@@,@@@0@@@,@@@0@@@,@@@0@@@,@@@1@@@,@@@0@@@,0,1,0,0,2,0,1,1,0,@@@NO@@@,0,0)','',2,'2013-10-11'),(76409,'DELETE FROM mae_impuestos_productos WHERE pro_codigo_plu=@@@780721963@@@','',2,'2013-10-11'),(76410,'INSERT INTO gne_vale_ferreteria (vfe_id,vfe_fecha,vfe_total,vfe_estado,vfe_entregado,usu_nusuario) VALUES (13496,@@@2013.10.11@@@,150,1,0,@@@G_DIAZ@@@)','',2,'2013-10-11'),(76411,'INSERT INTO gne_vale_ferreteria_mov (vfe_id,pro_codigo_plu,vfm_cantidad,vfm_unitario,vfm_total,vfm_entregado) VALUES (13496,764118,1,150,150,@@@NO@@@)','',2,'2013-10-11'),(76412,'UPDATE mae_productos SET pro_codigo_barra=@@@7804925543030@@@,pro_tipo=@@@0@@@,pro_nombre_producto=@@@PACK CEPILLO DENTO 2X1 TWEENS SUAVE@@@,pro_nombre_corto=@@@PACK CEPILLO DEN@@@,med_id=@@@1@@@,emb_id=@@@6@@@,pro_unidades_embalaje=@@@2@@@,dep_id=@@@21 @@@,lin_id=@@@123@@@,mar_id=@@@1618@@@,pro_precio_compra_neto=@@@0@@@,pro_precio_compra_bruto=@@@1018.64@@@,pro_precio_venta=@@@1@@@,pro_margen_actual=@@@-99.9@@@,pro_oferta=@@@NO@@@,pro_fecha_inicio_oferta=@@@2006.09.07@@@,pro_fecha_termino_oferta=@@@2006.09.07@@@,pro_precio_oferta=@@@0@@@,pro_stock_minimo=@@@12@@@,pro_stock_critico=@@@6@@@,pro_activo=@@@1@@@,pro_unidad=@@@0@@@,pro_precio_compra_bruto=1018.64,pro_margen_actual=-99.9,pro_capacidad=1,pro_funcion_plu=0,pro_flejes=1,pro_iva=1,pro_plu_asociado=0,pro_envase=@@@NO@@@,pro_duracion=0,pro_numero_etiqueta=0 WHERE pro_codigo_plu=@@@780721963@@@','',2,'2013-10-11'),(76413,'UPDATE mae_productos SET pro_estado=1 WHERE pro_codigo_plu=780721963','',2,'2013-10-11'),(76414,'DELETE FROM mae_impuestos_productos WHERE pro_codigo_plu=@@@780721963@@@','',2,'2013-10-11'),(76415,'INSERT INTO mae_productos (pro_codigo_plu,pro_codigo_barra,pro_tipo,pro_nombre_producto,pro_nombre_corto,med_id,emb_id,pro_unidades_embalaje,dep_id,lin_id,mar_id,pro_precio_compra_neto,pro_precio_compra_bruto,pro_precio_venta,pro_margen_actual,pro_oferta,pro_fecha_inicio_oferta,pro_fecha_termino_oferta,pro_precio_oferta,pro_stock_minimo,pro_stock_critico,pro_entradas_bodega,pro_salidas_bodega,pro_mermas_bodega,pro_ajustes_bodega,pro_entradas_sv,pro_salidas_sv,pro_mermas_sv,pro_ajustes_sv,pro_activo,rec_numero,pro_unidad,pro_capacidad,pro_consumo_bodega,pro_consumo_sv,pro_estado,pro_funcion_plu,pro_flejes,pro_iva,pro_plu_asociado,pro_envase,pro_duracion,pro_numero_etiqueta) VALUES (780721964,@@@7804925543009@@@,@@@0@@@,@@@PACK CEPILLO TONNY DENTO EXTRA SUAVE 2X 1@@@,@@@PACK CEPILLO TON@@@,@@@1 @@@,@@@6 @@@,@@@2@@@,@@@21 @@@,@@@123@@@,@@@1618@@@,@@@0@@@,@@@1018.64@@@,@@@1@@@,@@@-99.9@@@,@@@@@@,@@@2006.09.07@@@,@@@2006.09.07@@@,@@@0@@@,@@@12@@@,@@@6@@@,@@@0@@@,@@@0@@@,@@@0@@@,@@@0@@@,@@@0@@@,@@@0@@@,@@@0@@@,@@@0@@@,@@@1@@@,@@@0@@@,0,1,0,0,2,0,1,1,0,@@@NO@@@,0,0)','',2,'2013-10-11'),(76416,'DELETE FROM mae_impuestos_productos WHERE pro_codigo_plu=@@@780721964@@@','',2,'2013-10-11'),(76417,'INSERT INTO gne_vale_ferreteria (vfe_id,vfe_fecha,vfe_total,vfe_estado,vfe_entregado,usu_nusuario) VALUES (13497,@@@2013.10.11@@@,2100,1,0,@@@G_DIAZ@@@)','',2,'2013-10-11'),(76418,'INSERT INTO gne_vale_ferreteria_mov (vfe_id,pro_codigo_plu,vfm_cantidad,vfm_unitario,vfm_total,vfm_entregado) VALUES (13497,763996,1,2100,2100,@@@NO@@@)','',2,'2013-10-11'),(76419,'UPDATE mae_productos SET pro_precio_compra_bruto=1223.32,pro_margen_actual=(pro_precio_venta-1223.32)/1223.32 * 100,pro_ultima_compra=@@@2013.10.11@@@,pro_ultimo_proveedor=@@@77902260-9@@@ WHERE pro_codigo_plu=761900','',2,'2013-10-11'),(76420,'UPDATE mae_productos SET pro_precio_compra_bruto=1223.32,pro_margen_actual=(pro_precio_venta-1223.32)/1223.32 * 100,pro_ultima_compra=@@@2013.10.11@@@,pro_ultimo_proveedor=@@@77902260-9@@@ WHERE pro_codigo_plu=15151','',2,'2013-10-11'),(76421,'UPDATE mae_productos SET pro_precio_compra_bruto=916.1,pro_margen_actual=(pro_precio_venta-916.1)/916.1 * 100,pro_ultima_compra=@@@2013.10.11@@@,pro_ultimo_proveedor=@@@77902260-9@@@ WHERE pro_codigo_plu=780721953','',2,'2013-10-11'),(76422,'UPDATE mae_productos SET pro_precio_compra_bruto=916.1,pro_margen_actual=(pro_precio_venta-916.1)/916.1 * 100,pro_ultima_compra=@@@2013.10.11@@@,pro_ultimo_proveedor=@@@77902260-9@@@ WHERE pro_codigo_plu=780721954','',2,'2013-10-11'),(76423,'UPDATE mae_productos SET pro_precio_compra_bruto=399.84,pro_margen_actual=(pro_precio_venta-399.84)/399.84 * 100,pro_ultima_compra=@@@2013.10.11@@@,pro_ultimo_proveedor=@@@77902260-9@@@ WHERE pro_codigo_plu=15149','',2,'2013-10-11'),(76424,'UPDATE mae_productos SET pro_precio_compra_bruto=399.84,pro_margen_actual=(pro_precio_venta-399.84)/399.84 * 100,pro_ultima_compra=@@@2013.10.11@@@,pro_ultimo_proveedor=@@@77902260-9@@@ WHERE pro_codigo_plu=15170','',2,'2013-10-11'),(76425,'UPDATE mae_productos SET pro_precio_compra_bruto=262.31,pro_margen_actual=(pro_precio_venta-262.31)/262.31 * 100,pro_ultima_compra=@@@2013.10.11@@@,pro_ultimo_proveedor=@@@77902260-9@@@ WHERE pro_codigo_plu=780721955','',2,'2013-10-11'),(76426,'UPDATE mae_productos SET pro_precio_compra_bruto=1223.32,pro_margen_actual=(pro_precio_venta-1223.32)/1223.32 * 100,pro_ultima_compra=@@@2013.10.11@@@,pro_ultimo_proveedor=@@@77902260-9@@@ WHERE pro_codigo_plu=15144','',2,'2013-10-11'),(76427,'UPDATE mae_productos SET pro_precio_compra_bruto=1056.72,pro_margen_actual=(pro_precio_venta-1056.72)/1056.72 * 100,pro_ultima_compra=@@@2013.10.11@@@,pro_ultimo_proveedor=@@@77902260-9@@@ WHERE pro_codigo_plu=100980','',2,'2013-10-11'),(76428,'UPDATE mae_productos SET pro_precio_compra_bruto=1797.99,pro_margen_actual=(pro_precio_venta-1797.99)/1797.99 * 100,pro_ultima_compra=@@@2013.10.11@@@,pro_ultimo_proveedor=@@@77902260-9@@@ WHERE pro_codigo_plu=262048','',2,'2013-10-11'),(76429,'UPDATE mae_productos SET pro_precio_compra_bruto=1106.3,pro_margen_actual=(pro_precio_venta-1106.3)/1106.3 * 100,pro_ultima_compra=@@@2013.10.11@@@,pro_ultimo_proveedor=@@@77902260-9@@@ WHERE pro_codigo_plu=780721956','',2,'2013-10-11'),(76430,'UPDATE mae_productos SET pro_precio_compra_bruto=2531.13,pro_margen_actual=(pro_precio_venta-2531.13)/2531.13 * 100,pro_ultima_compra=@@@2013.10.11@@@,pro_ultimo_proveedor=@@@77902260-9@@@ WHERE pro_codigo_plu=780721957','',2,'2013-10-11'),(76431,'UPDATE mae_productos SET pro_precio_compra_bruto=2468.06,pro_margen_actual=(pro_precio_venta-2468.06)/2468.06 * 100,pro_ultima_compra=@@@2013.10.11@@@,pro_ultimo_proveedor=@@@77902260-9@@@ WHERE pro_codigo_plu=780721958','',2,'2013-10-11'),(76432,'UPDATE mae_productos SET pro_precio_compra_bruto=2558.5,pro_margen_actual=(pro_precio_venta-2558.5)/2558.5 * 100,pro_ultima_compra=@@@2013.10.11@@@,pro_ultimo_proveedor=@@@77902260-9@@@ WHERE pro_codigo_plu=780721959','',2,'2013-10-11'),(76433,'UPDATE mae_productos SET pro_precio_compra_bruto=2561.87,pro_margen_actual=(pro_precio_venta-2561.87)/2561.87 * 100,pro_ultima_compra=@@@2013.10.11@@@,pro_ultimo_proveedor=@@@77902260-9@@@ WHERE pro_codigo_plu=780721960','',2,'2013-10-11'),(76434,'UPDATE mae_productos SET pro_precio_compra_bruto=1148.9,pro_margen_actual=(pro_precio_venta-1148.9)/1148.9 * 100,pro_ultima_compra=@@@2013.10.11@@@,pro_ultimo_proveedor=@@@77902260-9@@@ WHERE pro_codigo_plu=763646','',2,'2013-10-11'),(76435,'UPDATE mae_productos SET pro_precio_compra_bruto=1148.9,pro_margen_actual=(pro_precio_venta-1148.9)/1148.9 * 100,pro_ultima_compra=@@@2013.10.11@@@,pro_ultimo_proveedor=@@@77902260-9@@@ WHERE pro_codigo_plu=761647','',2,'2013-10-11'),(76436,'UPDATE mae_productos SET pro_precio_compra_bruto=1148.9,pro_margen_actual=(pro_precio_venta-1148.9)/1148.9 * 100,pro_ultima_compra=@@@2013.10.11@@@,pro_ultimo_proveedor=@@@77902260-9@@@ WHERE pro_codigo_plu=762054','',2,'2013-10-11'),(76437,'UPDATE mae_productos SET pro_precio_compra_bruto=1148.74,pro_margen_actual=(pro_precio_venta-1148.74)/1148.74 * 100,pro_ultima_compra=@@@2013.10.11@@@,pro_ultimo_proveedor=@@@77902260-9@@@ WHERE pro_codigo_plu=101452','',2,'2013-10-11'),(76438,'UPDATE mae_productos SET pro_precio_compra_bruto=1148.74,pro_margen_actual=(pro_precio_venta-1148.74)/1148.74 * 100,pro_ultima_compra=@@@2013.10.11@@@,pro_ultimo_proveedor=@@@77902260-9@@@ WHERE pro_codigo_plu=262018','',2,'2013-10-11'),(76439,'UPDATE mae_productos SET pro_precio_compra_bruto=1148.74,pro_margen_actual=(pro_precio_venta-1148.74)/1148.74 * 100,pro_ultima_compra=@@@2013.10.11@@@,pro_ultimo_proveedor=@@@77902260-9@@@ WHERE pro_codigo_plu=101833','',2,'2013-10-11'),(76440,'UPDATE mae_productos SET pro_precio_compra_bruto=1161.44,pro_margen_actual=(pro_precio_venta-1161.44)/1161.44 * 100,pro_ultima_compra=@@@2013.10.11@@@,pro_ultimo_proveedor=@@@77902260-9@@@ WHERE pro_codigo_plu=780721961','',2,'2013-10-11'),(76441,'UPDATE mae_productos SET pro_precio_compra_bruto=1161.44,pro_margen_actual=(pro_precio_venta-1161.44)/1161.44 * 100,pro_ultima_compra=@@@2013.10.11@@@,pro_ultimo_proveedor=@@@77902260-9@@@ WHERE pro_codigo_plu=780721962','',2,'2013-10-11'),(76442,'UPDATE mae_productos SET pro_precio_compra_bruto=1456.16,pro_margen_actual=(pro_precio_venta-1456.16)/1456.16 * 100,pro_ultima_compra=@@@2013.10.11@@@,pro_ultimo_proveedor=@@@77902260-9@@@ WHERE pro_codigo_plu=780721963','',2,'2013-10-11'),(76443,'UPDATE mae_productos SET pro_precio_compra_bruto=1056.72,pro_margen_actual=(pro_precio_venta-1056.72)/1056.72 * 100,pro_ultima_compra=@@@2013.10.11@@@,pro_ultimo_proveedor=@@@77902260-9@@@ WHERE pro_codigo_plu=100979','',2,'2013-10-11'),(76444,'UPDATE mae_productos SET pro_precio_compra_bruto=1018.64,pro_margen_actual=(pro_precio_venta-1018.64)/1018.64 * 100,pro_ultima_compra=@@@2013.10.11@@@,pro_ultimo_proveedor=@@@77902260-9@@@ WHERE pro_codigo_plu=780721964','',2,'2013-10-11'),(76445,'UPDATE mae_productos SET pro_precio_compra_bruto=393.07,pro_margen_actual=(pro_precio_venta-393.07)/393.07 * 100,pro_ultima_compra=@@@2013.10.11@@@,pro_ultimo_proveedor=@@@77902260-9@@@ WHERE pro_codigo_plu=19804','',2,'2013-10-11'),(76446,'UPDATE mae_productos SET pro_precio_compra_bruto=712.78,pro_margen_actual=(pro_precio_venta-712.78)/712.78 * 100,pro_ultima_compra=@@@2013.10.11@@@,pro_ultimo_proveedor=@@@77902260-9@@@ WHERE pro_codigo_plu=19879','',2,'2013-10-11'),(76447,'UPDATE mae_productos SET pro_precio_compra_bruto=1223.32,pro_margen_actual=(pro_precio_venta-1223.32)/1223.32 * 100,pro_ultima_compra=@@@2013.10.11@@@,pro_ultimo_proveedor=@@@77902260-9@@@ WHERE pro_codigo_plu=15140','',2,'2013-10-11'),(76448,'INSERT INTO gne_vale_ferreteria (vfe_id,vfe_fecha,vfe_total,vfe_estado,vfe_entregado,usu_nusuario) VALUES (13498,@@@2013.10.11@@@,2200,1,0,@@@G_DIAZ@@@)','',2,'2013-10-11'),(76449,'INSERT INTO gne_vale_ferreteria_mov (vfe_id,pro_codigo_plu,vfm_cantidad,vfm_unitario,vfm_total,vfm_entregado) VALUES (13498,15949,4,550,2200,@@@NO@@@)','',2,'2013-10-11'),(76450,'INSERT INTO mae_productos (pro_codigo_plu,pro_codigo_barra,pro_tipo,pro_nombre_producto,pro_nombre_corto,med_id,emb_id,pro_unidades_embalaje,dep_id,lin_id,mar_id,pro_precio_compra_neto,pro_precio_compra_bruto,pro_precio_venta,pro_margen_actual,pro_oferta,pro_fecha_inicio_oferta,pro_fecha_termino_oferta,pro_precio_oferta,pro_stock_minimo,pro_stock_critico,pro_entradas_bodega,pro_salidas_bodega,pro_mermas_bodega,pro_ajustes_bodega,pro_entradas_sv,pro_salidas_sv,pro_mermas_sv,pro_ajustes_sv,pro_activo,rec_numero,pro_unidad,pro_capacidad,pro_consumo_bodega,pro_consumo_sv,pro_estado,pro_funcion_plu,pro_flejes,pro_iva,pro_plu_asociado,pro_envase,pro_duracion,pro_numero_etiqueta) VALUES (780721965,@@@4005900005977@@@,@@@0@@@,@@@CREMA NIVEA BODY LOTION ANGEL STAR 125 ML@@@,@@@CREMA ANGEL STAR@@@,@@@7 @@@,@@@6 @@@,@@@6@@@,@@@21 @@@,@@@112@@@,@@@1616@@@,@@@0@@@,@@@853.23@@@,@@@1@@@,@@@-99.88@@@,@@@@@@,@@@2006.09.07@@@,@@@2006.09.07@@@,@@@0@@@,@@@6@@@,@@@3@@@,@@@0@@@,@@@0@@@,@@@0@@@,@@@0@@@,@@@0@@@,@@@0@@@,@@@0@@@,@@@0@@@,@@@1@@@,@@@0@@@,0,125,0,0,2,0,1,1,0,@@@NO@@@,0,0)','',2,'2013-10-11'),(76451,'DELETE FROM mae_impuestos_productos WHERE pro_codigo_plu=@@@780721965@@@','',2,'2013-10-11'),(76452,'INSERT INTO mae_productos (pro_codigo_plu,pro_codigo_barra,pro_tipo,pro_nombre_producto,pro_nombre_corto,med_id,emb_id,pro_unidades_embalaje,dep_id,lin_id,mar_id,pro_precio_compra_neto,pro_precio_compra_bruto,pro_precio_venta,pro_margen_actual,pro_oferta,pro_fecha_inicio_oferta,pro_fecha_termino_oferta,pro_precio_oferta,pro_stock_minimo,pro_stock_critico,pro_entradas_bodega,pro_salidas_bodega,pro_mermas_bodega,pro_ajustes_bodega,pro_entradas_sv,pro_salidas_sv,pro_mermas_sv,pro_ajustes_sv,pro_activo,rec_numero,pro_unidad,pro_capacidad,pro_consumo_bodega,pro_consumo_sv,pro_estado,pro_funcion_plu,pro_flejes,pro_iva,pro_plu_asociado,pro_envase,pro_duracion,pro_numero_etiqueta) VALUES (780721966,@@@7791969029807@@@,@@@0@@@,@@@DESODORANTE NIVEA SENSITIVE PROTEC 150ML@@@,@@@DESODORANTE NIVE@@@,@@@7 @@@,@@@6 @@@,@@@1@@@,@@@21 @@@,@@@118@@@,@@@1616@@@,@@@0@@@,@@@1300.67@@@,@@@1@@@,@@@-99.92@@@,@@@@@@,@@@2006.09.07@@@,@@@2006.09.07@@@,@@@0@@@,@@@6@@@,@@@3@@@,@@@0@@@,@@@0@@@,@@@0@@@,@@@0@@@,@@@0@@@,@@@0@@@,@@@0@@@,@@@0@@@,@@@1@@@,@@@0@@@,0,150,0,0,2,0,1,1,0,@@@NO@@@,0,0)','',2,'2013-10-11'),(76453,'DELETE FROM mae_impuestos_productos WHERE pro_codigo_plu=@@@780721966@@@','',2,'2013-10-11'),(76454,'INSERT INTO gne_vale_ferreteria (vfe_id,vfe_fecha,vfe_total,vfe_estado,vfe_entregado,usu_nusuario) VALUES (13499,@@@2013.10.11@@@,390,1,0,@@@G_DIAZ@@@)','',2,'2013-10-11'),(76455,'INSERT INTO gne_vale_ferreteria_mov (vfe_id,pro_codigo_plu,vfm_cantidad,vfm_unitario,vfm_total,vfm_entregado) VALUES (13499,780721358,1,390,390,@@@NO@@@)','',2,'2013-10-11'),(76456,'INSERT INTO mae_productos (pro_codigo_plu,pro_codigo_barra,pro_tipo,pro_nombre_producto,pro_nombre_corto,med_id,emb_id,pro_unidades_embalaje,dep_id,lin_id,mar_id,pro_precio_compra_neto,pro_precio_compra_bruto,pro_precio_venta,pro_margen_actual,pro_oferta,pro_fecha_inicio_oferta,pro_fecha_termino_oferta,pro_precio_oferta,pro_stock_minimo,pro_stock_critico,pro_entradas_bodega,pro_salidas_bodega,pro_mermas_bodega,pro_ajustes_bodega,pro_entradas_sv,pro_salidas_sv,pro_mermas_sv,pro_ajustes_sv,pro_activo,rec_numero,pro_unidad,pro_capacidad,pro_consumo_bodega,pro_consumo_sv,pro_estado,pro_funcion_plu,pro_flejes,pro_iva,pro_plu_asociado,pro_envase,pro_duracion,pro_numero_etiqueta) VALUES (780721967,@@@4005900036612@@@,@@@0@@@,@@@DESODORANTE NIVEA SPRAY BLACK WHITE PURE 150 ML@@@,@@@DESODORANTE NIVE@@@,@@@7 @@@,@@@6 @@@,@@@12@@@,@@@21 @@@,@@@118@@@,@@@1616@@@,@@@0@@@,@@@1153.11@@@,@@@1@@@,@@@-99.91@@@,@@@@@@,@@@2006.09.07@@@,@@@2006.09.07@@@,@@@0@@@,@@@12@@@,@@@6@@@,@@@0@@@,@@@0@@@,@@@0@@@,@@@0@@@,@@@0@@@,@@@0@@@,@@@0@@@,@@@0@@@,@@@1@@@,@@@0@@@,0,150,0,0,2,0,1,1,0,@@@NO@@@,0,0)','',2,'2013-10-11'),(76457,'DELETE FROM mae_impuestos_productos WHERE pro_codigo_plu=@@@780721967@@@','',2,'2013-10-11'),(76458,'INSERT INTO mae_productos (pro_codigo_plu,pro_codigo_barra,pro_tipo,pro_nombre_producto,pro_nombre_corto,med_id,emb_id,pro_unidades_embalaje,dep_id,lin_id,mar_id,pro_precio_compra_neto,pro_precio_compra_bruto,pro_precio_venta,pro_margen_actual,pro_oferta,pro_fecha_inicio_oferta,pro_fecha_termino_oferta,pro_precio_oferta,pro_stock_minimo,pro_stock_critico,pro_entradas_bodega,pro_salidas_bodega,pro_mermas_bodega,pro_ajustes_bodega,pro_entradas_sv,pro_salidas_sv,pro_mermas_sv,pro_ajustes_sv,pro_activo,rec_numero,pro_unidad,pro_capacidad,pro_consumo_bodega,pro_consumo_sv,pro_estado,pro_funcion_plu,pro_flejes,pro_iva,pro_plu_asociado,pro_envase,pro_duracion,pro_numero_etiqueta) VALUES (780721968,@@@4005900036667@@@,@@@0@@@,@@@DESODORANTE NIVEA  BLACK WHITE CLEAR 150 ML@@@,@@@DESODORANTE NIVE@@@,@@@7 @@@,@@@6 @@@,@@@12@@@,@@@21 @@@,@@@118@@@,@@@1616@@@,@@@0@@@,@@@1153.11@@@,@@@1@@@,@@@-99.91@@@,@@@@@@,@@@2006.09.07@@@,@@@2006.09.07@@@,@@@0@@@,@@@12@@@,@@@6@@@,@@@0@@@,@@@0@@@,@@@0@@@,@@@0@@@,@@@0@@@,@@@0@@@,@@@0@@@,@@@0@@@,@@@1@@@,@@@0@@@,0,150,0,0,2,0,1,1,0,@@@NO@@@,0,0)','',2,'2013-10-11'),(76459,'DELETE FROM mae_impuestos_productos WHERE pro_codigo_plu=@@@780721968@@@','',2,'2013-10-11'),(76460,'INSERT INTO mae_productos (pro_codigo_plu,pro_codigo_barra,pro_tipo,pro_nombre_producto,pro_nombre_corto,med_id,emb_id,pro_unidades_embalaje,dep_id,lin_id,mar_id,pro_precio_compra_neto,pro_precio_compra_bruto,pro_precio_venta,pro_margen_actual,pro_oferta,pro_fecha_inicio_oferta,pro_fecha_termino_oferta,pro_precio_oferta,pro_stock_minimo,pro_stock_critico,pro_entradas_bodega,pro_salidas_bodega,pro_mermas_bodega,pro_ajustes_bodega,pro_entradas_sv,pro_salidas_sv,pro_mermas_sv,pro_ajustes_sv,pro_activo,rec_numero,pro_unidad,pro_capacidad,pro_consumo_bodega,pro_consumo_sv,pro_estado,pro_funcion_plu,pro_flejes,pro_iva,pro_plu_asociado,pro_envase,pro_duracion,pro_numero_etiqueta) VALUES (780721969,@@@7804902013754@@@,@@@0@@@,@@@BROOKS DESODORANTE SPRAY PIES LADY 90ML@@@,@@@BROOKS DESODORAN@@@,@@@7 @@@,@@@6 @@@,@@@4@@@,@@@21 @@@,@@@121@@@,@@@869@@@,@@@0@@@,@@@1170.96@@@,@@@1@@@,@@@-99.91@@@,@@@@@@,@@@2006.09.07@@@,@@@2006.09.07@@@,@@@0@@@,@@@12@@@,@@@6@@@,@@@0@@@,@@@0@@@,@@@0@@@,@@@0@@@,@@@0@@@,@@@0@@@,@@@0@@@,@@@0@@@,@@@1@@@,@@@0@@@,0,90,0,0,2,0,1,1,0,@@@NO@@@,0,0)','',2,'2013-10-11'),(76461,'DELETE FROM mae_impuestos_productos WHERE pro_codigo_plu=@@@780721969@@@','',2,'2013-10-11'),(76462,'UPDATE mae_productos SET pro_codigo_barra=@@@7804902013754@@@,pro_tipo=@@@0@@@,pro_nombre_producto=@@@BROOKS DESODORANTE SPRAY PIES LADY 90ML@@@,pro_nombre_corto=@@@BROOKS DESODORAN@@@,med_id=@@@7@@@,emb_id=@@@6@@@,pro_unidades_embalaje=@@@4@@@,dep_id=@@@21 @@@,lin_id=@@@121@@@,mar_id=@@@869@@@,pro_precio_compra_neto=@@@0@@@,pro_precio_compra_bruto=@@@2226.49@@@,pro_precio_venta=@@@1@@@,pro_margen_actual=@@@-99.96@@@,pro_oferta=@@@NO@@@,pro_fecha_inicio_oferta=@@@2006.09.07@@@,pro_fecha_termino_oferta=@@@2006.09.07@@@,pro_precio_oferta=@@@0@@@,pro_stock_minimo=@@@12@@@,pro_stock_critico=@@@6@@@,pro_activo=@@@1@@@,pro_unidad=@@@0@@@,pro_precio_compra_bruto=2226.49,pro_margen_actual=-99.96,pro_capacidad=90,pro_funcion_plu=0,pro_flejes=1,pro_iva=1,pro_plu_asociado=0,pro_envase=@@@NO@@@,pro_duracion=0,pro_numero_etiqueta=0 WHERE pro_codigo_plu=@@@780721969@@@','',2,'2013-10-11'),(76463,'UPDATE mae_productos SET pro_estado=1 WHERE pro_codigo_plu=780721969','',2,'2013-10-11'),(76464,'DELETE FROM mae_impuestos_productos WHERE pro_codigo_plu=@@@780721969@@@','',2,'2013-10-11'),(76465,'INSERT INTO mae_productos (pro_codigo_plu,pro_codigo_barra,pro_tipo,pro_nombre_producto,pro_nombre_corto,med_id,emb_id,pro_unidades_embalaje,dep_id,lin_id,mar_id,pro_precio_compra_neto,pro_precio_compra_bruto,pro_precio_venta,pro_margen_actual,pro_oferta,pro_fecha_inicio_oferta,pro_fecha_termino_oferta,pro_precio_oferta,pro_stock_minimo,pro_stock_critico,pro_entradas_bodega,pro_salidas_bodega,pro_mermas_bodega,pro_ajustes_bodega,pro_entradas_sv,pro_salidas_sv,pro_mermas_sv,pro_ajustes_sv,pro_activo,rec_numero,pro_unidad,pro_capacidad,pro_consumo_bodega,pro_consumo_sv,pro_estado,pro_funcion_plu,pro_flejes,pro_iva,pro_plu_asociado,pro_envase,pro_duracion,pro_numero_etiqueta) VALUES (780721970,@@@7804902013761@@@,@@@0@@@,@@@BROOKS DESOD. SPRAY PIES LADY 90 ML@@@,@@@BROOKS DESOD. SP@@@,@@@7 @@@,@@@6 @@@,@@@4@@@,@@@21 @@@,@@@121@@@,@@@869@@@,@@@0@@@,@@@2226.49@@@,@@@1@@@,@@@-99.96@@@,@@@@@@,@@@2006.09.07@@@,@@@2006.09.07@@@,@@@0@@@,@@@4@@@,@@@2@@@,@@@0@@@,@@@0@@@,@@@0@@@,@@@0@@@,@@@0@@@,@@@0@@@,@@@0@@@,@@@0@@@,@@@1@@@,@@@0@@@,0,90,0,0,2,0,1,1,0,@@@NO@@@,0,0)','',2,'2013-10-11'),(76466,'DELETE FROM mae_impuestos_productos WHERE pro_codigo_plu=@@@780721970@@@','',2,'2013-10-11'),(76467,'INSERT INTO gne_vale_ferreteria (vfe_id,vfe_fecha,vfe_total,vfe_estado,vfe_entregado,usu_nusuario) VALUES (13500,@@@2013.10.11@@@,300,1,0,@@@G_DIAZ@@@)','',2,'2013-10-11'),(76468,'INSERT INTO gne_vale_ferreteria_mov (vfe_id,pro_codigo_plu,vfm_cantidad,vfm_unitario,vfm_total,vfm_entregado) VALUES (13500,780721220,1,300,300,@@@NO@@@)','',2,'2013-10-11'),(76469,'UPDATE mae_productos SET pro_codigo_barra=@@@7804902013754@@@,pro_tipo=@@@0@@@,pro_nombre_producto=@@@BROOKS DESODORANTE SPRAY PIES  100G@@@,pro_nombre_corto=@@@BROOKS DESODORAN@@@,med_id=@@@7@@@,emb_id=@@@6@@@,pro_unidades_embalaje=@@@4@@@,dep_id=@@@21 @@@,lin_id=@@@121@@@,mar_id=@@@869@@@,pro_precio_compra_neto=@@@0@@@,pro_precio_compra_bruto=@@@2226.49@@@,pro_precio_venta=@@@1@@@,pro_margen_actual=@@@-99.96@@@,pro_oferta=@@@NO@@@,pro_fecha_inicio_oferta=@@@2006.09.07@@@,pro_fecha_termino_oferta=@@@2006.09.07@@@,pro_precio_oferta=@@@0@@@,pro_stock_minimo=@@@6@@@,pro_stock_critico=@@@3@@@,pro_activo=@@@1@@@,pro_unidad=@@@0@@@,pro_precio_compra_bruto=2226.49,pro_margen_actual=-99.96,pro_capacidad=100,pro_funcion_plu=0,pro_flejes=1,pro_iva=1,pro_plu_asociado=0,pro_envase=@@@NO@@@,pro_duracion=0,pro_numero_etiqueta=0 WHERE pro_codigo_plu=@@@780721969@@@','',2,'2013-10-11'),(76470,'UPDATE mae_productos SET pro_estado=1 WHERE pro_codigo_plu=780721969','',2,'2013-10-11'),(76471,'DELETE FROM mae_impuestos_productos WHERE pro_codigo_plu=@@@780721969@@@','',2,'2013-10-11'),(76472,'INSERT INTO gne_vale_ferreteria (vfe_id,vfe_fecha,vfe_total,vfe_estado,vfe_entregado,usu_nusuario) VALUES (13501,@@@2013.10.11@@@,2690,1,0,@@@G_DIAZ@@@)','',2,'2013-10-11'),(76473,'INSERT INTO gne_vale_ferreteria_mov (vfe_id,pro_codigo_plu,vfm_cantidad,vfm_unitario,vfm_total,vfm_entregado) VALUES (13501,762144,1,2690,2690,@@@NO@@@)','',2,'2013-10-11'),(76474,'INSERT INTO gpr_pack_virtual (pav_id,pav_nombre,pav_total_pack,pav_total_descuento,pav_desde,pav_hasta,pav_tipo,pav_precio,pav_lleva,pav_paga,pav_descuento,pav_porcentaje,pav_oferta_exclusiva,pav_agotar_stock,pav_stock,pav_costo,pav_margen) VALUES (66,@@@PACK STAX LAYS  163 G 2 X $2190@@@,2190,190,@@@2013-10-11@@@,@@@2013-11-30@@@,@@@PA@@@,1190,2,1.84,0.16,1,@@@NO@@@,@@@SI@@@,200,1564.64,39.97)','',2,'2013-10-11'),(76475,'INSERT INTO gpr_pack_virtual_mov (pav_id,pro_codigo_plu,pvm_precio,pvm_total,pvm_lleva,pvm_paga,pvm_descuento,pvm_porcentaje,pvm_total_normal,pvm_descuento_linea,pvm_costo,pvm_margen) VALUES (66,101166,1190,0,1,1,0,0,1190,95,782.32,39.97)','',2,'2013-10-11'),(76476,'INSERT INTO gpr_pack_virtual_horario (pav_id,pvh_dia,pvh_hora_desde,pvh_hora_hasta) VALUES (66,99,@@@00:00@@@,@@@23:59@@@)','',2,'2013-10-11'),(76477,'INSERT INTO mae_productos (pro_codigo_plu,pro_codigo_barra,pro_tipo,pro_nombre_producto,pro_nombre_corto,med_id,emb_id,pro_unidades_embalaje,dep_id,lin_id,mar_id,pro_precio_compra_neto,pro_precio_compra_bruto,pro_precio_venta,pro_margen_actual,pro_oferta,pro_fecha_inicio_oferta,pro_fecha_termino_oferta,pro_precio_oferta,pro_stock_minimo,pro_stock_critico,pro_entradas_bodega,pro_salidas_bodega,pro_mermas_bodega,pro_ajustes_bodega,pro_entradas_sv,pro_salidas_sv,pro_mermas_sv,pro_ajustes_sv,pro_activo,rec_numero,pro_unidad,pro_capacidad,pro_consumo_bodega,pro_consumo_sv,pro_estado,pro_funcion_plu,pro_flejes,pro_iva,pro_plu_asociado,pro_envase,pro_duracion,pro_numero_etiqueta) VALUES (780721971,@@@7804920015846@@@,@@@0@@@,@@@ESTUCHE DISNEY WINNIE THE POOH 550ML@@@,@@@ESTUCHE DISNEY W@@@,@@@7 @@@,@@@6 @@@,@@@2@@@,@@@21 @@@,@@@116@@@,@@@1750@@@,@@@0@@@,@@@2723.91@@@,@@@1@@@,@@@-99.96@@@,@@@@@@,@@@2006.09.07@@@,@@@2006.09.07@@@,@@@0@@@,@@@2@@@,@@@1@@@,@@@0@@@,@@@0@@@,@@@0@@@,@@@0@@@,@@@0@@@,@@@0@@@,@@@0@@@,@@@0@@@,@@@1@@@,@@@0@@@,0,550,0,0,2,0,1,1,0,@@@NO@@@,0,0)','',2,'2013-10-11'),(76478,'DELETE FROM mae_impuestos_productos WHERE pro_codigo_plu=@@@780721971@@@','',2,'2013-10-11'),(76479,'INSERT INTO gne_vale_ferreteria (vfe_id,vfe_fecha,vfe_total,vfe_estado,vfe_entregado,usu_nusuario) VALUES (13502,@@@2013.10.11@@@,780,1,0,@@@G_DIAZ@@@)','',2,'2013-10-11'),(76480,'INSERT INTO gne_vale_ferreteria_mov (vfe_id,pro_codigo_plu,vfm_cantidad,vfm_unitario,vfm_total,vfm_entregado) VALUES (13502,780220180,1,620,620,@@@NO@@@)','',2,'2013-10-11'),(76481,'INSERT INTO gne_vale_ferreteria_mov (vfe_id,pro_codigo_plu,vfm_cantidad,vfm_unitario,vfm_total,vfm_entregado) VALUES (13502,770001,2,80,160,@@@NO@@@)','',2,'2013-10-11'),(76482,'INSERT INTO mae_productos (pro_codigo_plu,pro_codigo_barra,pro_tipo,pro_nombre_producto,pro_nombre_corto,med_id,emb_id,pro_unidades_embalaje,dep_id,lin_id,mar_id,pro_precio_compra_neto,pro_precio_compra_bruto,pro_precio_venta,pro_margen_actual,pro_oferta,pro_fecha_inicio_oferta,pro_fecha_termino_oferta,pro_precio_oferta,pro_stock_minimo,pro_stock_critico,pro_entradas_bodega,pro_salidas_bodega,pro_mermas_bodega,pro_ajustes_bodega,pro_entradas_sv,pro_salidas_sv,pro_mermas_sv,pro_ajustes_sv,pro_activo,rec_numero,pro_unidad,pro_capacidad,pro_consumo_bodega,pro_consumo_sv,pro_estado,pro_funcion_plu,pro_flejes,pro_iva,pro_plu_asociado,pro_envase,pro_duracion,pro_numero_etiqueta) VALUES (780721972,@@@7804920015860@@@,@@@0@@@,@@@ESTUCHE DISNEY MICKEY COLONIA + SHAMPOO 500ML@@@,@@@ESTUCHE DISNEY @@@,@@@7 @@@,@@@6 @@@,@@@2@@@,@@@21 @@@,@@@116@@@,@@@1750@@@,@@@0@@@,@@@2723.9@@@,@@@1@@@,@@@-99.96@@@,@@@@@@,@@@2006.09.07@@@,@@@2006.09.07@@@,@@@0@@@,@@@2@@@,@@@1@@@,@@@0@@@,@@@0@@@,@@@0@@@,@@@0@@@,@@@0@@@,@@@0@@@,@@@0@@@,@@@0@@@,@@@1@@@,@@@0@@@,0,500,0,0,2,0,1,1,0,@@@NO@@@,0,0)','',2,'2013-10-11'),(76483,'DELETE FROM mae_impuestos_productos WHERE pro_codigo_plu=@@@780721972@@@','',2,'2013-10-11'),(76484,'INSERT INTO mae_productos (pro_codigo_plu,pro_codigo_barra,pro_tipo,pro_nombre_producto,pro_nombre_corto,med_id,emb_id,pro_unidades_embalaje,dep_id,lin_id,mar_id,pro_precio_compra_neto,pro_precio_compra_bruto,pro_precio_venta,pro_margen_actual,pro_oferta,pro_fecha_inicio_oferta,pro_fecha_termino_oferta,pro_precio_oferta,pro_stock_minimo,pro_stock_critico,pro_entradas_bodega,pro_salidas_bodega,pro_mermas_bodega,pro_ajustes_bodega,pro_entradas_sv,pro_salidas_sv,pro_mermas_sv,pro_ajustes_sv,pro_activo,rec_numero,pro_unidad,pro_capacidad,pro_consumo_bodega,pro_consumo_sv,pro_estado,pro_funcion_plu,pro_flejes,pro_iva,pro_plu_asociado,pro_envase,pro_duracion,pro_numero_etiqueta) VALUES (780721973,@@@7804920015853@@@,@@@0@@@,@@@ESTUCHE DISNEY PRINCESAS COLONIA + SHAMPOO 500ML@@@,@@@ESTUCHE DISNEY P@@@,@@@7 @@@,@@@6 @@@,@@@2@@@,@@@21 @@@,@@@116@@@,@@@1750@@@,@@@0@@@,@@@2723.91@@@,@@@1@@@,@@@-99.96@@@,@@@@@@,@@@2006.09.07@@@,@@@2006.09.07@@@,@@@0@@@,@@@2@@@,@@@1@@@,@@@0@@@,@@@0@@@,@@@0@@@,@@@0@@@,@@@0@@@,@@@0@@@,@@@0@@@,@@@0@@@,@@@1@@@,@@@0@@@,0,500,0,0,2,0,1,1,0,@@@NO@@@,0,0)','',2,'2013-10-11'),(76485,'DELETE FROM mae_impuestos_productos WHERE pro_codigo_plu=@@@780721973@@@','',2,'2013-10-11'),(76486,'INSERT INTO gne_vale_ferreteria (vfe_id,vfe_fecha,vfe_total,vfe_estado,vfe_entregado,usu_nusuario) VALUES (13503,@@@2013.10.11@@@,150,1,0,@@@G_DIAZ@@@)','',2,'2013-10-11'),(76487,'INSERT INTO gne_vale_ferreteria_mov (vfe_id,pro_codigo_plu,vfm_cantidad,vfm_unitario,vfm_total,vfm_entregado) VALUES (13503,78017110,1,150,150,@@@NO@@@)','',2,'2013-10-11'),(76488,'INSERT INTO gne_vale_ferreteria (vfe_id,vfe_fecha,vfe_total,vfe_estado,vfe_entregado,usu_nusuario) VALUES (13504,@@@2013.10.11@@@,1060,1,0,@@@G_DIAZ@@@)','',2,'2013-10-11'),(76489,'INSERT INTO gne_vale_ferreteria_mov (vfe_id,pro_codigo_plu,vfm_cantidad,vfm_unitario,vfm_total,vfm_entregado) VALUES (13504,15955,2,530,1060,@@@NO@@@)','',2,'2013-10-11'),(76490,'INSERT INTO gne_vale_ferreteria (vfe_id,vfe_fecha,vfe_total,vfe_estado,vfe_entregado,usu_nusuario) VALUES (13505,@@@2013.10.11@@@,200,1,0,@@@G_DIAZ@@@)','',2,'2013-10-11'),(76491,'INSERT INTO gne_vale_ferreteria_mov (vfe_id,pro_codigo_plu,vfm_cantidad,vfm_unitario,vfm_total,vfm_entregado) VALUES (13505,770039,1,200,200,@@@NO@@@)','',2,'2013-10-11'),(76492,'INSERT INTO gne_vale_ferreteria (vfe_id,vfe_fecha,vfe_total,vfe_estado,vfe_entregado,usu_nusuario) VALUES (13506,@@@2013.10.11@@@,1890,1,0,@@@G_DIAZ@@@)','',2,'2013-10-11'),(76493,'INSERT INTO gne_vale_ferreteria_mov (vfe_id,pro_codigo_plu,vfm_cantidad,vfm_unitario,vfm_total,vfm_entregado) VALUES (13506,101678,1,1890,1890,@@@NO@@@)','',2,'2013-10-11'),(76494,'INSERT INTO gne_vale_ferreteria (vfe_id,vfe_fecha,vfe_total,vfe_estado,vfe_entregado,usu_nusuario) VALUES (13507,@@@2013.10.11@@@,750,1,0,@@@G_DIAZ@@@)','',2,'2013-10-11'),(76495,'INSERT INTO gne_vale_ferreteria_mov (vfe_id,pro_codigo_plu,vfm_cantidad,vfm_unitario,vfm_total,vfm_entregado) VALUES (13507,762251,1,750,750,@@@NO@@@)','',2,'2013-10-11'),(76496,'UPDATE mae_productos SET pro_codigo_barra=@@@7509546056395@@@,pro_tipo=@@@0@@@,pro_nombre_producto=@@@PACK DESODORANTE SPEED STICK  ADN SPRAY  100 GRS@@@,pro_nombre_corto=@@@PACK DESODORANTE@@@,med_id=@@@5@@@,emb_id=@@@6@@@,pro_unidades_embalaje=@@@1@@@,dep_id=@@@21 @@@,lin_id=@@@118@@@,mar_id=@@@1803@@@,pro_precio_compra_neto=@@@0@@@,pro_precio_compra_bruto=@@@1265.56@@@,pro_precio_venta=@@@1@@@,pro_margen_actual=@@@-99.92@@@,pro_oferta=@@@NO@@@,pro_fecha_inicio_oferta=@@@2006.09.07@@@,pro_fecha_termino_oferta=@@@2006.09.07@@@,pro_precio_oferta=@@@0@@@,pro_stock_minimo=@@@24@@@,pro_stock_critico=@@@12@@@,pro_activo=@@@1@@@,pro_unidad=@@@0@@@,pro_precio_compra_bruto=1265.56,pro_margen_actual=-99.92,pro_capacidad=100,pro_funcion_plu=0,pro_flejes=1,pro_iva=1,pro_plu_asociado=0,pro_envase=@@@NO@@@,pro_duracion=0,pro_numero_etiqueta=0 WHERE pro_codigo_plu=@@@780721957@@@','',2,'2013-10-11'),(76497,'UPDATE mae_productos SET pro_estado=1 WHERE pro_codigo_plu=780721957','',2,'2013-10-11'),(76498,'DELETE FROM mae_impuestos_productos WHERE pro_codigo_plu=@@@780721957@@@','',2,'2013-10-11'),(76499,'UPDATE mae_productos SET pro_codigo_barra=@@@7509546056395@@@,pro_tipo=@@@0@@@,pro_nombre_producto=@@@ DESODORANTE SPEED STICK  ADN SPRAY  100 GRS@@@,pro_nombre_corto=@@@PACK DESODORANTE@@@,med_id=@@@5@@@,emb_id=@@@6@@@,pro_unidades_embalaje=@@@1@@@,dep_id=@@@21 @@@,lin_id=@@@118@@@,mar_id=@@@1803@@@,pro_precio_compra_neto=@@@0@@@,pro_precio_compra_bruto=@@@1265.56@@@,pro_precio_venta=@@@1@@@,pro_margen_actual=@@@-99.92@@@,pro_oferta=@@@NO@@@,pro_fecha_inicio_oferta=@@@2006.09.07@@@,pro_fecha_termino_oferta=@@@2006.09.07@@@,pro_precio_oferta=@@@0@@@,pro_stock_minimo=@@@24@@@,pro_stock_critico=@@@12@@@,pro_activo=@@@1@@@,pro_unidad=@@@0@@@,pro_precio_compra_bruto=1265.56,pro_margen_actual=-99.92,pro_capacidad=100,pro_funcion_plu=0,pro_flejes=1,pro_iva=1,pro_plu_asociado=0,pro_envase=@@@NO@@@,pro_duracion=0,pro_numero_etiqueta=0 WHERE pro_codigo_plu=@@@780721957@@@','',2,'2013-10-11'),(76500,'UPDATE mae_productos SET pro_estado=1 WHERE pro_codigo_plu=780721957','',2,'2013-10-11'),(76501,'DELETE FROM mae_impuestos_productos WHERE pro_codigo_plu=@@@780721957@@@','',2,'2013-10-11'),(76502,'UPDATE mae_productos SET pro_codigo_barra=@@@7509546056425@@@,pro_tipo=@@@0@@@,pro_nombre_producto=@@@ SPEED STICK ADN BARRA 50G@@@,pro_nombre_corto=@@@PACK SPEED STICK@@@,med_id=@@@5@@@,emb_id=@@@6@@@,pro_unidades_embalaje=@@@2@@@,dep_id=@@@21 @@@,lin_id=@@@118@@@,mar_id=@@@1803@@@,pro_precio_compra_neto=@@@0@@@,pro_precio_compra_bruto=@@@1234.03@@@,pro_precio_venta=@@@1@@@,pro_margen_actual=@@@-99.92@@@,pro_oferta=@@@NO@@@,pro_fecha_inicio_oferta=@@@2006.09.07@@@,pro_fecha_termino_oferta=@@@2006.09.07@@@,pro_precio_oferta=@@@0@@@,pro_stock_minimo=@@@24@@@,pro_stock_critico=@@@12@@@,pro_activo=@@@1@@@,pro_unidad=@@@0@@@,pro_precio_compra_bruto=1234.03,pro_margen_actual=-99.92,pro_capacidad=50,pro_funcion_plu=0,pro_flejes=1,pro_iva=1,pro_plu_asociado=0,pro_envase=@@@NO@@@,pro_duracion=0,pro_numero_etiqueta=0 WHERE pro_codigo_plu=@@@780721958@@@','',2,'2013-10-11'),(76503,'UPDATE mae_productos SET pro_estado=1 WHERE pro_codigo_plu=780721958','',2,'2013-10-11'),(76504,'DELETE FROM mae_impuestos_productos WHERE pro_codigo_plu=@@@780721958@@@','',2,'2013-10-11'),(76505,'UPDATE mae_productos SET pro_codigo_barra=@@@7509546052656@@@,pro_tipo=@@@0@@@,pro_nombre_producto=@@@LADY SPEED STICK  PH ACTIVE BARRA 45 G@@@,pro_nombre_corto=@@@PACK LADY SPEED@@@,med_id=@@@5@@@,emb_id=@@@6@@@,pro_unidades_embalaje=@@@2@@@,dep_id=@@@21 @@@,lin_id=@@@118@@@,mar_id=@@@1041@@@,pro_precio_compra_neto=@@@0@@@,pro_precio_compra_bruto=@@@1279.25@@@,pro_precio_venta=@@@1@@@,pro_margen_actual=@@@-99.92@@@,pro_oferta=@@@NO@@@,pro_fecha_inicio_oferta=@@@2006.09.07@@@,pro_fecha_termino_oferta=@@@2006.09.07@@@,pro_precio_oferta=@@@0@@@,pro_stock_minimo=@@@24@@@,pro_stock_critico=@@@12@@@,pro_activo=@@@1@@@,pro_unidad=@@@0@@@,pro_precio_compra_bruto=1279.25,pro_margen_actual=-99.92,pro_capacidad=45,pro_funcion_plu=0,pro_flejes=1,pro_iva=1,pro_plu_asociado=0,pro_envase=@@@NO@@@,pro_duracion=0,pro_numero_etiqueta=0 WHERE pro_codigo_plu=@@@780721959@@@','',2,'2013-10-11'),(76506,'UPDATE mae_productos SET pro_estado=1 WHERE pro_codigo_plu=780721959','',2,'2013-10-11'),(76507,'DELETE FROM mae_impuestos_productos WHERE pro_codigo_plu=@@@780721959@@@','',2,'2013-10-11'),(76508,'UPDATE mae_productos SET pro_codigo_barra=@@@7509546055312@@@,pro_tipo=@@@0@@@,pro_nombre_producto=@@@LADY SPEED STICK NATURALS PROTECT 45 G@@@,pro_nombre_corto=@@@PACK LADY SPEED@@@,med_id=@@@5@@@,emb_id=@@@6@@@,pro_unidades_embalaje=@@@2@@@,dep_id=@@@21 @@@,lin_id=@@@118@@@,mar_id=@@@1041@@@,pro_precio_compra_neto=@@@0@@@,pro_precio_compra_bruto=@@@1280.93@@@,pro_precio_venta=@@@1@@@,pro_margen_actual=@@@-99.92@@@,pro_oferta=@@@NO@@@,pro_fecha_inicio_oferta=@@@2006.09.07@@@,pro_fecha_termino_oferta=@@@2006.09.07@@@,pro_precio_oferta=@@@0@@@,pro_stock_minimo=@@@24@@@,pro_stock_critico=@@@12@@@,pro_activo=@@@1@@@,pro_unidad=@@@0@@@,pro_precio_compra_bruto=1280.93,pro_margen_actual=-99.92,pro_capacidad=45,pro_funcion_plu=0,pro_flejes=1,pro_iva=1,pro_plu_asociado=0,pro_envase=@@@NO@@@,pro_duracion=0,pro_numero_etiqueta=0 WHERE pro_codigo_plu=@@@780721960@@@','',2,'2013-10-11'),(76509,'UPDATE mae_productos SET pro_estado=1 WHERE pro_codigo_plu=780721960','',2,'2013-10-11'),(76510,'DELETE FROM mae_impuestos_productos WHERE pro_codigo_plu=@@@780721960@@@','',2,'2013-10-11'),(76511,'INSERT INTO gne_vale_ferreteria (vfe_id,vfe_fecha,vfe_total,vfe_estado,vfe_entregado,usu_nusuario) VALUES (13508,@@@2013.10.11@@@,3980,1,0,@@@G_DIAZ@@@)','',2,'2013-10-11'),(76512,'INSERT INTO gne_vale_ferreteria_mov (vfe_id,pro_codigo_plu,vfm_cantidad,vfm_unitario,vfm_total,vfm_entregado) VALUES (13508,780721913,2,1990,3980,@@@NO@@@)','',2,'2013-10-11'),(76513,'INSERT INTO gne_vale_ferreteria (vfe_id,vfe_fecha,vfe_total,vfe_estado,vfe_entregado,usu_nusuario) VALUES (13509,@@@2013.10.11@@@,100,1,0,@@@G_DIAZ@@@)','',2,'2013-10-11'),(76514,'INSERT INTO gne_vale_ferreteria_mov (vfe_id,pro_codigo_plu,vfm_cantidad,vfm_unitario,vfm_total,vfm_entregado) VALUES (13509,770000,2,50,100,@@@NO@@@)','',2,'2013-10-11'),(76515,'INSERT INTO gne_vale_ferreteria (vfe_id,vfe_fecha,vfe_total,vfe_estado,vfe_entregado,usu_nusuario) VALUES (13510,@@@2013.10.11@@@,250,1,0,@@@G_DIAZ@@@)','',2,'2013-10-11'),(76516,'INSERT INTO gne_vale_ferreteria_mov (vfe_id,pro_codigo_plu,vfm_cantidad,vfm_unitario,vfm_total,vfm_entregado) VALUES (13510,770076,1,250,250,@@@NO@@@)','',2,'2013-10-11'),(76517,'UPDATE mae_productos SET pro_precio_compra_bruto=712.78,pro_margen_actual=(pro_precio_venta-712.78)/712.78 * 100,pro_ultima_compra=@@@2013.10.11@@@,pro_ultimo_proveedor=@@@77902260-9@@@ WHERE pro_codigo_plu=19879','',2,'2013-10-11'),(76518,'UPDATE mae_productos SET pro_precio_compra_bruto=583.62,pro_margen_actual=(pro_precio_venta-583.62)/583.62 * 100,pro_ultima_compra=@@@2013.10.11@@@,pro_ultimo_proveedor=@@@77902260-9@@@ WHERE pro_codigo_plu=19856','',2,'2013-10-11'),(76519,'UPDATE mae_productos SET pro_precio_compra_bruto=677.65,pro_margen_actual=(pro_precio_venta-677.65)/677.65 * 100,pro_ultima_compra=@@@2013.10.11@@@,pro_ultimo_proveedor=@@@77902260-9@@@ WHERE pro_codigo_plu=102469','',2,'2013-10-11'),(76520,'UPDATE mae_productos SET pro_precio_compra_bruto=361.76,pro_margen_actual=(pro_precio_venta-361.76)/361.76 * 100,pro_ultima_compra=@@@2013.10.11@@@,pro_ultimo_proveedor=@@@77902260-9@@@ WHERE pro_codigo_plu=101104','',2,'2013-10-11'),(76521,'UPDATE mae_productos SET pro_precio_compra_bruto=1080.52,pro_margen_actual=(pro_precio_venta-1080.52)/1080.52 * 100,pro_ultima_compra=@@@2013.10.11@@@,pro_ultimo_proveedor=@@@77902260-9@@@ WHERE pro_codigo_plu=762308','',2,'2013-10-11'),(76522,'UPDATE mae_productos SET pro_precio_compra_bruto=853.23,pro_margen_actual=(pro_precio_venta-853.23)/853.23 * 100,pro_ultima_compra=@@@2013.10.11@@@,pro_ultimo_proveedor=@@@77902260-9@@@ WHERE pro_codigo_plu=764434','',2,'2013-10-11'),(76523,'UPDATE mae_productos SET pro_precio_compra_bruto=1300.67,pro_margen_actual=(pro_precio_venta-1300.67)/1300.67 * 100,pro_ultima_compra=@@@2013.10.11@@@,pro_ultimo_proveedor=@@@77902260-9@@@ WHERE pro_codigo_plu=762322','',2,'2013-10-11'),(76524,'UPDATE mae_productos SET pro_precio_compra_bruto=1300.67,pro_margen_actual=(pro_precio_venta-1300.67)/1300.67 * 100,pro_ultima_compra=@@@2013.10.11@@@,pro_ultimo_proveedor=@@@77902260-9@@@ WHERE pro_codigo_plu=780721966','',2,'2013-10-11'),(76525,'UPDATE mae_productos SET pro_precio_compra_bruto=1300.67,pro_margen_actual=(pro_precio_venta-1300.67)/1300.67 * 100,pro_ultima_compra=@@@2013.10.11@@@,pro_ultimo_proveedor=@@@77902260-9@@@ WHERE pro_codigo_plu=11142','',2,'2013-10-11'),(76526,'UPDATE mae_productos SET pro_precio_compra_bruto=1300.67,pro_margen_actual=(pro_precio_venta-1300.67)/1300.67 * 100,pro_ultima_compra=@@@2013.10.11@@@,pro_ultimo_proveedor=@@@77902260-9@@@ WHERE pro_codigo_plu=20571','',2,'2013-10-11'),(76527,'UPDATE mae_productos SET pro_precio_compra_bruto=1300.67,pro_margen_actual=(pro_precio_venta-1300.67)/1300.67 * 100,pro_ultima_compra=@@@2013.10.11@@@,pro_ultimo_proveedor=@@@77902260-9@@@ WHERE pro_codigo_plu=20573','',2,'2013-10-11'),(76528,'UPDATE mae_productos SET pro_precio_compra_bruto=853.23,pro_margen_actual=(pro_precio_venta-853.23)/853.23 * 100,pro_ultima_compra=@@@2013.10.11@@@,pro_ultimo_proveedor=@@@77902260-9@@@ WHERE pro_codigo_plu=780721965','',2,'2013-10-11'),(76529,'UPDATE mae_productos SET pro_precio_compra_bruto=1153.11,pro_margen_actual=(pro_precio_venta-1153.11)/1153.11 * 100,pro_ultima_compra=@@@2013.10.11@@@,pro_ultimo_proveedor=@@@77902260-9@@@ WHERE pro_codigo_plu=780721967','',2,'2013-10-11'),(76530,'UPDATE mae_productos SET pro_precio_compra_bruto=1153.11,pro_margen_actual=(pro_precio_venta-1153.11)/1153.11 * 100,pro_ultima_compra=@@@2013.10.11@@@,pro_ultimo_proveedor=@@@77902260-9@@@ WHERE pro_codigo_plu=780721968','',2,'2013-10-11'),(76531,'UPDATE mae_productos SET pro_precio_compra_bruto=2226.49,pro_margen_actual=(pro_precio_venta-2226.49)/2226.49 * 100,pro_ultima_compra=@@@2013.10.11@@@,pro_ultimo_proveedor=@@@77902260-9@@@ WHERE pro_codigo_plu=780721970','',2,'2013-10-11'),(76532,'UPDATE mae_productos SET pro_precio_compra_bruto=2226.49,pro_margen_actual=(pro_precio_venta-2226.49)/2226.49 * 100,pro_ultima_compra=@@@2013.10.11@@@,pro_ultimo_proveedor=@@@77902260-9@@@ WHERE pro_codigo_plu=780721969','',2,'2013-10-11'),(76533,'UPDATE mae_productos SET pro_precio_compra_bruto=803.36,pro_margen_actual=(pro_precio_venta-803.36)/803.36 * 100,pro_ultima_compra=@@@2013.10.11@@@,pro_ultimo_proveedor=@@@77902260-9@@@ WHERE pro_codigo_plu=101863','',2,'2013-10-11'),(76534,'UPDATE mae_productos SET pro_precio_compra_bruto=803.36,pro_margen_actual=(pro_precio_venta-803.36)/803.36 * 100,pro_ultima_compra=@@@2013.10.11@@@,pro_ultimo_proveedor=@@@77902260-9@@@ WHERE pro_codigo_plu=762168','',2,'2013-10-11'),(76535,'UPDATE mae_productos SET pro_precio_compra_bruto=803.36,pro_margen_actual=(pro_precio_venta-803.36)/803.36 * 100,pro_ultima_compra=@@@2013.10.11@@@,pro_ultimo_proveedor=@@@77902260-9@@@ WHERE pro_codigo_plu=20663','',2,'2013-10-11'),(76536,'UPDATE mae_productos SET pro_precio_compra_bruto=1120.98,pro_margen_actual=(pro_precio_venta-1120.98)/1120.98 * 100,pro_ultima_compra=@@@2013.10.11@@@,pro_ultimo_proveedor=@@@77902260-9@@@ WHERE pro_codigo_plu=762119','',2,'2013-10-11'),(76537,'UPDATE mae_productos SET pro_precio_compra_bruto=1120.98,pro_margen_actual=(pro_precio_venta-1120.98)/1120.98 * 100,pro_ultima_compra=@@@2013.10.11@@@,pro_ultimo_proveedor=@@@77902260-9@@@ WHERE pro_codigo_plu=762120','',2,'2013-10-11'),(76538,'UPDATE mae_productos SET pro_precio_compra_bruto=1120.98,pro_margen_actual=(pro_precio_venta-1120.98)/1120.98 * 100,pro_ultima_compra=@@@2013.10.11@@@,pro_ultimo_proveedor=@@@77902260-9@@@ WHERE pro_codigo_plu=780220153','',2,'2013-10-11'),(76539,'UPDATE mae_productos SET pro_precio_compra_bruto=1120.98,pro_margen_actual=(pro_precio_venta-1120.98)/1120.98 * 100,pro_ultima_compra=@@@2013.10.11@@@,pro_ultimo_proveedor=@@@77902260-9@@@ WHERE pro_codigo_plu=762121','',2,'2013-10-11'),(76540,'UPDATE mae_productos SET pro_precio_compra_bruto=2723.91,pro_margen_actual=(pro_precio_venta-2723.91)/2723.91 * 100,pro_ultima_compra=@@@2013.10.11@@@,pro_ultimo_proveedor=@@@77902260-9@@@ WHERE pro_codigo_plu=780721971','',2,'2013-10-11'),(76541,'UPDATE mae_productos SET pro_precio_compra_bruto=1170.96,pro_margen_actual=(pro_precio_venta-1170.96)/1170.96 * 100,pro_ultima_compra=@@@2013.10.11@@@,pro_ultimo_proveedor=@@@77902260-9@@@ WHERE pro_codigo_plu=20608','',2,'2013-10-11'),(76542,'UPDATE mae_productos SET pro_precio_compra_bruto=2723.91,pro_margen_actual=(pro_precio_venta-2723.91)/2723.91 * 100,pro_ultima_compra=@@@2013.10.11@@@,pro_ultimo_proveedor=@@@77902260-9@@@ WHERE pro_codigo_plu=780721972','',2,'2013-10-11'),(76543,'UPDATE mae_productos SET pro_precio_compra_bruto=2723.91,pro_margen_actual=(pro_precio_venta-2723.91)/2723.91 * 100,pro_ultima_compra=@@@2013.10.11@@@,pro_ultimo_proveedor=@@@77902260-9@@@ WHERE pro_codigo_plu=780721973','',2,'2013-10-11'),(76544,'UPDATE mae_productos SET pro_precio_compra_bruto=652.23,pro_margen_actual=(pro_precio_venta-652.23)/652.23 * 100,pro_ultima_compra=@@@2013.10.11@@@,pro_ultimo_proveedor=@@@77902260-9@@@ WHERE pro_codigo_plu=14824','',2,'2013-10-11'),(76545,'UPDATE mae_productos SET pro_precio_compra_bruto=652.23,pro_margen_actual=(pro_precio_venta-652.23)/652.23 * 100,pro_ultima_compra=@@@2013.10.11@@@,pro_ultimo_proveedor=@@@77902260-9@@@ WHERE pro_codigo_plu=14812','',2,'2013-10-11'),(76546,'UPDATE mae_productos SET pro_precio_compra_bruto=652.23,pro_margen_actual=(pro_precio_venta-652.23)/652.23 * 100,pro_ultima_compra=@@@2013.10.11@@@,pro_ultimo_proveedor=@@@77902260-9@@@ WHERE pro_codigo_plu=14816','',2,'2013-10-11'),(76547,'UPDATE mae_productos SET pro_precio_compra_bruto=1006.74,pro_margen_actual=(pro_precio_venta-1006.74)/1006.74 * 100,pro_ultima_compra=@@@2013.10.11@@@,pro_ultimo_proveedor=@@@77902260-9@@@ WHERE pro_codigo_plu=14900','',2,'2013-10-11'),(76548,'UPDATE mae_productos SET pro_precio_compra_bruto=1006.74,pro_margen_actual=(pro_precio_venta-1006.74)/1006.74 * 100,pro_ultima_compra=@@@2013.10.11@@@,pro_ultimo_proveedor=@@@77902260-9@@@ WHERE pro_codigo_plu=762141','',2,'2013-10-11'),(76549,'UPDATE mae_productos SET pro_precio_compra_bruto=853.23,pro_margen_actual=(pro_precio_venta-853.23)/853.23 * 100,pro_ultima_compra=@@@2013.10.11@@@,pro_ultimo_proveedor=@@@77902260-9@@@ WHERE pro_codigo_plu=764436','',2,'2013-10-11'),(76550,'INSERT INTO gne_vale_ferreteria (vfe_id,vfe_fecha,vfe_total,vfe_estado,vfe_entregado,usu_nusuario) VALUES (13511,@@@2013.10.11@@@,599,1,0,@@@G_DIAZ@@@)','',2,'2013-10-11'),(76551,'INSERT INTO gne_vale_ferreteria_mov (vfe_id,pro_codigo_plu,vfm_cantidad,vfm_unitario,vfm_total,vfm_entregado) VALUES (13511,19916,1,599,599,@@@NO@@@)','',2,'2013-10-11'),(76552,'INSERT INTO gne_vale_ferreteria (vfe_id,vfe_fecha,vfe_total,vfe_estado,vfe_entregado,usu_nusuario) VALUES (13512,@@@2013.10.11@@@,850,1,0,@@@G_DIAZ@@@)','',2,'2013-10-11'),(76553,'INSERT INTO gne_vale_ferreteria_mov (vfe_id,pro_codigo_plu,vfm_cantidad,vfm_unitario,vfm_total,vfm_entregado) VALUES (13512,780721425,1,850,850,@@@NO@@@)','',2,'2013-10-11'),(76554,'UPDATE mae_productos SET pro_precio_compra_bruto=1223.32,pro_margen_actual=(pro_precio_venta-1223.32)/1223.32 * 100,pro_ultima_compra=@@@2013.10.11@@@,pro_ultimo_proveedor=@@@77902260-9@@@ WHERE pro_codigo_plu=761900','',2,'2013-10-11'),(76555,'UPDATE mae_productos SET pro_precio_compra_bruto=1223.32,pro_margen_actual=(pro_precio_venta-1223.32)/1223.32 * 100,pro_ultima_compra=@@@2013.10.11@@@,pro_ultimo_proveedor=@@@77902260-9@@@ WHERE pro_codigo_plu=15151','',2,'2013-10-11'),(76556,'UPDATE mae_productos SET pro_precio_compra_bruto=916.1,pro_margen_actual=(pro_precio_venta-916.1)/916.1 * 100,pro_ultima_compra=@@@2013.10.11@@@,pro_ultimo_proveedor=@@@77902260-9@@@ WHERE pro_codigo_plu=780721953','',2,'2013-10-11'),(76557,'UPDATE mae_productos SET pro_precio_compra_bruto=916.1,pro_margen_actual=(pro_precio_venta-916.1)/916.1 * 100,pro_ultima_compra=@@@2013.10.11@@@,pro_ultimo_proveedor=@@@77902260-9@@@ WHERE pro_codigo_plu=780721954','',2,'2013-10-11'),(76558,'UPDATE mae_productos SET pro_precio_compra_bruto=399.84,pro_margen_actual=(pro_precio_venta-399.84)/399.84 * 100,pro_ultima_compra=@@@2013.10.11@@@,pro_ultimo_proveedor=@@@77902260-9@@@ WHERE pro_codigo_plu=15149','',2,'2013-10-11'),(76559,'UPDATE mae_productos SET pro_precio_compra_bruto=399.84,pro_margen_actual=(pro_precio_venta-399.84)/399.84 * 100,pro_ultima_compra=@@@2013.10.11@@@,pro_ultimo_proveedor=@@@77902260-9@@@ WHERE pro_codigo_plu=15170','',2,'2013-10-11'),(76560,'UPDATE mae_productos SET pro_precio_compra_bruto=262.31,pro_margen_actual=(pro_precio_venta-262.31)/262.31 * 100,pro_ultima_compra=@@@2013.10.11@@@,pro_ultimo_proveedor=@@@77902260-9@@@ WHERE pro_codigo_plu=780721955','',2,'2013-10-11'),(76561,'UPDATE mae_productos SET pro_precio_compra_bruto=1223.32,pro_margen_actual=(pro_precio_venta-1223.32)/1223.32 * 100,pro_ultima_compra=@@@2013.10.11@@@,pro_ultimo_proveedor=@@@77902260-9@@@ WHERE pro_codigo_plu=15144','',2,'2013-10-11'),(76562,'UPDATE mae_productos SET pro_precio_compra_bruto=1056.72,pro_margen_actual=(pro_precio_venta-1056.72)/1056.72 * 100,pro_ultima_compra=@@@2013.10.11@@@,pro_ultimo_proveedor=@@@77902260-9@@@ WHERE pro_codigo_plu=100980','',2,'2013-10-11'),(76563,'UPDATE mae_productos SET pro_precio_compra_bruto=1797.99,pro_margen_actual=(pro_precio_venta-1797.99)/1797.99 * 100,pro_ultima_compra=@@@2013.10.11@@@,pro_ultimo_proveedor=@@@77902260-9@@@ WHERE pro_codigo_plu=262048','',2,'2013-10-11'),(76564,'UPDATE mae_productos SET pro_precio_compra_bruto=1106.3,pro_margen_actual=(pro_precio_venta-1106.3)/1106.3 * 100,pro_ultima_compra=@@@2013.10.11@@@,pro_ultimo_proveedor=@@@77902260-9@@@ WHERE pro_codigo_plu=780721956','',2,'2013-10-11'),(76565,'UPDATE mae_productos SET pro_precio_compra_bruto=1148.9,pro_margen_actual=(pro_precio_venta-1148.9)/1148.9 * 100,pro_ultima_compra=@@@2013.10.11@@@,pro_ultimo_proveedor=@@@77902260-9@@@ WHERE pro_codigo_plu=763646','',2,'2013-10-11'),(76566,'UPDATE mae_productos SET pro_precio_compra_bruto=1148.9,pro_margen_actual=(pro_precio_venta-1148.9)/1148.9 * 100,pro_ultima_compra=@@@2013.10.11@@@,pro_ultimo_proveedor=@@@77902260-9@@@ WHERE pro_codigo_plu=761647','',2,'2013-10-11'),(76567,'UPDATE mae_productos SET pro_precio_compra_bruto=1148.9,pro_margen_actual=(pro_precio_venta-1148.9)/1148.9 * 100,pro_ultima_compra=@@@2013.10.11@@@,pro_ultimo_proveedor=@@@77902260-9@@@ WHERE pro_codigo_plu=762054','',2,'2013-10-11'),(76568,'UPDATE mae_productos SET pro_precio_compra_bruto=1148.74,pro_margen_actual=(pro_precio_venta-1148.74)/1148.74 * 100,pro_ultima_compra=@@@2013.10.11@@@,pro_ultimo_proveedor=@@@77902260-9@@@ WHERE pro_codigo_plu=101452','',2,'2013-10-11'),(76569,'UPDATE mae_productos SET pro_precio_compra_bruto=1148.74,pro_margen_actual=(pro_precio_venta-1148.74)/1148.74 * 100,pro_ultima_compra=@@@2013.10.11@@@,pro_ultimo_proveedor=@@@77902260-9@@@ WHERE pro_codigo_plu=262018','',2,'2013-10-11'),(76570,'UPDATE mae_productos SET pro_precio_compra_bruto=1148.74,pro_margen_actual=(pro_precio_venta-1148.74)/1148.74 * 100,pro_ultima_compra=@@@2013.10.11@@@,pro_ultimo_proveedor=@@@77902260-9@@@ WHERE pro_codigo_plu=101833','',2,'2013-10-11'),(76571,'UPDATE mae_productos SET pro_precio_compra_bruto=1161.44,pro_margen_actual=(pro_precio_venta-1161.44)/1161.44 * 100,pro_ultima_compra=@@@2013.10.11@@@,pro_ultimo_proveedor=@@@77902260-9@@@ WHERE pro_codigo_plu=780721961','',2,'2013-10-11'),(76572,'UPDATE mae_productos SET pro_precio_compra_bruto=1161.44,pro_margen_actual=(pro_precio_venta-1161.44)/1161.44 * 100,pro_ultima_compra=@@@2013.10.11@@@,pro_ultimo_proveedor=@@@77902260-9@@@ WHERE pro_codigo_plu=780721962','',2,'2013-10-11'),(76573,'UPDATE mae_productos SET pro_precio_compra_bruto=1456.16,pro_margen_actual=(pro_precio_venta-1456.16)/1456.16 * 100,pro_ultima_compra=@@@2013.10.11@@@,pro_ultimo_proveedor=@@@77902260-9@@@ WHERE pro_codigo_plu=780721963','',2,'2013-10-11'),(76574,'UPDATE mae_productos SET pro_precio_compra_bruto=1056.72,pro_margen_actual=(pro_precio_venta-1056.72)/1056.72 * 100,pro_ultima_compra=@@@2013.10.11@@@,pro_ultimo_proveedor=@@@77902260-9@@@ WHERE pro_codigo_plu=100979','',2,'2013-10-11'),(76575,'UPDATE mae_productos SET pro_precio_compra_bruto=1018.64,pro_margen_actual=(pro_precio_venta-1018.64)/1018.64 * 100,pro_ultima_compra=@@@2013.10.11@@@,pro_ultimo_proveedor=@@@77902260-9@@@ WHERE pro_codigo_plu=780721964','',2,'2013-10-11'),(76576,'UPDATE mae_productos SET pro_precio_compra_bruto=393.07,pro_margen_actual=(pro_precio_venta-393.07)/393.07 * 100,pro_ultima_compra=@@@2013.10.11@@@,pro_ultimo_proveedor=@@@77902260-9@@@ WHERE pro_codigo_plu=19804','',2,'2013-10-11'),(76577,'UPDATE mae_productos SET pro_precio_compra_bruto=712.78,pro_margen_actual=(pro_precio_venta-712.78)/712.78 * 100,pro_ultima_compra=@@@2013.10.11@@@,pro_ultimo_proveedor=@@@77902260-9@@@ WHERE pro_codigo_plu=19879','',2,'2013-10-11'),(76578,'UPDATE mae_productos SET pro_precio_compra_bruto=1223.32,pro_margen_actual=(pro_precio_venta-1223.32)/1223.32 * 100,pro_ultima_compra=@@@2013.10.11@@@,pro_ultimo_proveedor=@@@77902260-9@@@ WHERE pro_codigo_plu=15140','',2,'2013-10-11'),(76579,'UPDATE mae_productos SET pro_precio_compra_bruto=1265.56,pro_margen_actual=(pro_precio_venta-1265.56)/1265.56 * 100,pro_ultima_compra=@@@2013.10.11@@@,pro_ultimo_proveedor=@@@77902260-9@@@ WHERE pro_codigo_plu=780721957','',2,'2013-10-11'),(76580,'UPDATE mae_productos SET pro_precio_compra_bruto=1234.03,pro_margen_actual=(pro_precio_venta-1234.03)/1234.03 * 100,pro_ultima_compra=@@@2013.10.11@@@,pro_ultimo_proveedor=@@@77902260-9@@@ WHERE pro_codigo_plu=780721958','',2,'2013-10-11'),(76581,'UPDATE mae_productos SET pro_precio_compra_bruto=1279.25,pro_margen_actual=(pro_precio_venta-1279.25)/1279.25 * 100,pro_ultima_compra=@@@2013.10.11@@@,pro_ultimo_proveedor=@@@77902260-9@@@ WHERE pro_codigo_plu=780721959','',2,'2013-10-11'),(76582,'UPDATE mae_productos SET pro_precio_compra_bruto=1280.93,pro_margen_actual=(pro_precio_venta-1280.93)/1280.93 * 100,pro_ultima_compra=@@@2013.10.11@@@,pro_ultimo_proveedor=@@@77902260-9@@@ WHERE pro_codigo_plu=780721960','',2,'2013-10-11'),(76583,'INSERT INTO gne_vale_ferreteria (vfe_id,vfe_fecha,vfe_total,vfe_estado,vfe_entregado,usu_nusuario) VALUES (13513,@@@2013.10.11@@@,2190,1,0,@@@G_DIAZ@@@)','',2,'2013-10-11'),(76584,'INSERT INTO gne_vale_ferreteria_mov (vfe_id,pro_codigo_plu,vfm_cantidad,vfm_unitario,vfm_total,vfm_entregado) VALUES (13513,765049,1,2190,2190,@@@NO@@@)','',2,'2013-10-11'),(76585,'INSERT INTO gne_vale_ferreteria (vfe_id,vfe_fecha,vfe_total,vfe_estado,vfe_entregado,usu_nusuario) VALUES (13514,@@@2013.10.11@@@,2699,1,0,@@@G_DIAZ@@@)','',2,'2013-10-11'),(76586,'INSERT INTO gne_vale_ferreteria_mov (vfe_id,pro_codigo_plu,vfm_cantidad,vfm_unitario,vfm_total,vfm_entregado) VALUES (13514,780721774,1,2699,2699,@@@NO@@@)','',2,'2013-10-11'),(76587,'UPDATE mae_productos SET pro_precio_compra_bruto=2198,pro_margen_actual=(pro_precio_venta-2198)/2198 * 100,pro_ultima_compra=@@@2013.10.11@@@,pro_ultimo_proveedor=@@@78752470-2@@@ WHERE pro_codigo_plu=17548','',2,'2013-10-11'),(76588,'UPDATE mae_productos SET pro_precio_compra_bruto=1045,pro_margen_actual=(pro_precio_venta-1045)/1045 * 100,pro_ultima_compra=@@@2013.10.11@@@,pro_ultimo_proveedor=@@@78752470-2@@@ WHERE pro_codigo_plu=763146','',2,'2013-10-11'),(76589,'UPDATE mae_productos SET pro_precio_compra_bruto=1034.11,pro_margen_actual=(pro_precio_venta-1034.11)/1034.11 * 100,pro_ultima_compra=@@@2013.10.11@@@,pro_ultimo_proveedor=@@@77497340-0@@@ WHERE pro_codigo_plu=780721872','',2,'2013-10-11'),(76590,'UPDATE mae_productos SET pro_precio_compra_bruto=1071,pro_margen_actual=(pro_precio_venta-1071)/1071 * 100,pro_ultima_compra=@@@2013.10.11@@@,pro_ultimo_proveedor=@@@77497340-0@@@ WHERE pro_codigo_plu=763500','',2,'2013-10-11'),(76591,'INSERT INTO gne_vale_ferreteria (vfe_id,vfe_fecha,vfe_total,vfe_estado,vfe_entregado,usu_nusuario) VALUES (13515,@@@2013.10.11@@@,5790,1,0,@@@G_DIAZ@@@)','',2,'2013-10-11'),(76592,'INSERT INTO gne_vale_ferreteria_mov (vfe_id,pro_codigo_plu,vfm_cantidad,vfm_unitario,vfm_total,vfm_entregado) VALUES (13515,780721756,1,3990,3990,@@@NO@@@)','',2,'2013-10-11'),(76593,'INSERT INTO gne_vale_ferreteria_mov (vfe_id,pro_codigo_plu,vfm_cantidad,vfm_unitario,vfm_total,vfm_entregado) VALUES (13515,78017111,3,100,300,@@@NO@@@)','',2,'2013-10-11'),(76594,'INSERT INTO gne_vale_ferreteria_mov (vfe_id,pro_codigo_plu,vfm_cantidad,vfm_unitario,vfm_total,vfm_entregado) VALUES (13515,770002,1,390,390,@@@NO@@@)','',2,'2013-10-11'),(76595,'INSERT INTO gne_vale_ferreteria_mov (vfe_id,pro_codigo_plu,vfm_cantidad,vfm_unitario,vfm_total,vfm_entregado) VALUES (13515,78017112,1,120,120,@@@NO@@@)','',2,'2013-10-11'),(76596,'INSERT INTO gne_vale_ferreteria_mov (vfe_id,pro_codigo_plu,vfm_cantidad,vfm_unitario,vfm_total,vfm_entregado) VALUES (13515,7012,1,990,990,@@@NO@@@)','',2,'2013-10-11'),(76597,'INSERT INTO mae_productos (pro_codigo_plu,pro_codigo_barra,pro_tipo,pro_nombre_producto,pro_nombre_corto,med_id,emb_id,pro_unidades_embalaje,dep_id,lin_id,mar_id,pro_precio_compra_neto,pro_precio_compra_bruto,pro_precio_venta,pro_margen_actual,pro_oferta,pro_fecha_inicio_oferta,pro_fecha_termino_oferta,pro_precio_oferta,pro_stock_minimo,pro_stock_critico,pro_entradas_bodega,pro_salidas_bodega,pro_mermas_bodega,pro_ajustes_bodega,pro_entradas_sv,pro_salidas_sv,pro_mermas_sv,pro_ajustes_sv,pro_activo,rec_numero,pro_unidad,pro_capacidad,pro_consumo_bodega,pro_consumo_sv,pro_estado,pro_funcion_plu,pro_flejes,pro_iva,pro_plu_asociado,pro_envase,pro_duracion,pro_numero_etiqueta) VALUES (780721974,@@@7801610002209@@@,@@@0@@@,@@@PACK BEBIDA FANTA LATA X 6 UNID  350 ML@@@,@@@PACK BEBIDA FANT@@@,@@@7 @@@,@@@6 @@@,@@@6@@@,@@@4 @@@,@@@55@@@,@@@1809@@@,@@@0@@@,@@@1@@@,@@@2390@@@,@@@238900@@@,@@@@@@,@@@2013.10.11@@@,@@@2013.10.11@@@,@@@0@@@,@@@20@@@,@@@10@@@,@@@0@@@,@@@0@@@,@@@0@@@,@@@0@@@,@@@0@@@,@@@0@@@,@@@0@@@,@@@0@@@,@@@1@@@,@@@0@@@,0,350,0,0,2,0,1,1,0,@@@NO@@@,0,0)','',2,'2013-10-11'),(76598,'DELETE FROM mae_impuestos_productos WHERE pro_codigo_plu=@@@780721974@@@','',2,'2013-10-11'),(76599,'INSERT INTO mae_productos (pro_codigo_plu,pro_codigo_barra,pro_tipo,pro_nombre_producto,pro_nombre_corto,med_id,emb_id,pro_unidades_embalaje,dep_id,lin_id,mar_id,pro_precio_compra_neto,pro_precio_compra_bruto,pro_precio_venta,pro_margen_actual,pro_oferta,pro_fecha_inicio_oferta,pro_fecha_termino_oferta,pro_precio_oferta,pro_stock_minimo,pro_stock_critico,pro_entradas_bodega,pro_salidas_bodega,pro_mermas_bodega,pro_ajustes_bodega,pro_entradas_sv,pro_salidas_sv,pro_mermas_sv,pro_ajustes_sv,pro_activo,rec_numero,pro_unidad,pro_capacidad,pro_consumo_bodega,pro_consumo_sv,pro_estado,pro_funcion_plu,pro_flejes,pro_iva,pro_plu_asociado,pro_envase,pro_duracion,pro_numero_etiqueta) VALUES (780721975,@@@7801610022962@@@,@@@0@@@,@@@PACK BEBIDAS COCA-COLA LIGHT X 6 UNID 350ML@@@,@@@PACK BEBIDAS COC@@@,@@@7 @@@,@@@6 @@@,@@@6@@@,@@@4 @@@,@@@55@@@,@@@1790@@@,@@@0@@@,@@@1@@@,@@@2390@@@,@@@238900@@@,@@@@@@,@@@2013.10.11@@@,@@@2013.10.11@@@,@@@0@@@,@@@20@@@,@@@10@@@,@@@0@@@,@@@0@@@,@@@0@@@,@@@0@@@,@@@0@@@,@@@0@@@,@@@0@@@,@@@0@@@,@@@1@@@,@@@0@@@,0,350,0,0,2,0,1,1,0,@@@NO@@@,0,0)','',2,'2013-10-11'),(76600,'DELETE FROM mae_impuestos_productos WHERE pro_codigo_plu=@@@780721975@@@','',2,'2013-10-11'),(76601,'INSERT INTO mae_productos (pro_codigo_plu,pro_codigo_barra,pro_tipo,pro_nombre_producto,pro_nombre_corto,med_id,emb_id,pro_unidades_embalaje,dep_id,lin_id,mar_id,pro_precio_compra_neto,pro_precio_compra_bruto,pro_precio_venta,pro_margen_actual,pro_oferta,pro_fecha_inicio_oferta,pro_fecha_termino_oferta,pro_precio_oferta,pro_stock_minimo,pro_stock_critico,pro_entradas_bodega,pro_salidas_bodega,pro_mermas_bodega,pro_ajustes_bodega,pro_entradas_sv,pro_salidas_sv,pro_mermas_sv,pro_ajustes_sv,pro_activo,rec_numero,pro_unidad,pro_capacidad,pro_consumo_bodega,pro_consumo_sv,pro_estado,pro_funcion_plu,pro_flejes,pro_iva,pro_plu_asociado,pro_envase,pro_duracion,pro_numero_etiqueta) VALUES (780721976,@@@7801610005200@@@,@@@0@@@,@@@PACK BEBIDA SPRITE X 6 UNID 350ML@@@,@@@PACK BEBIDA SPRI@@@,@@@7 @@@,@@@6 @@@,@@@6@@@,@@@4 @@@,@@@55@@@,@@@2031@@@,@@@0@@@,@@@1@@@,@@@2390@@@,@@@238900@@@,@@@@@@,@@@2013.10.11@@@,@@@2013.10.11@@@,@@@0@@@,@@@20@@@,@@@10@@@,@@@0@@@,@@@0@@@,@@@0@@@,@@@0@@@,@@@0@@@,@@@0@@@,@@@0@@@,@@@0@@@,@@@1@@@,@@@0@@@,0,350,0,0,2,0,1,1,0,@@@NO@@@,0,0)','',2,'2013-10-11'),(76602,'DELETE FROM mae_impuestos_productos WHERE pro_codigo_plu=@@@780721976@@@','',2,'2013-10-11'),(76603,'INSERT INTO mae_productos (pro_codigo_plu,pro_codigo_barra,pro_tipo,pro_nombre_producto,pro_nombre_corto,med_id,emb_id,pro_unidades_embalaje,dep_id,lin_id,mar_id,pro_precio_compra_neto,pro_precio_compra_bruto,pro_precio_venta,pro_margen_actual,pro_oferta,pro_fecha_inicio_oferta,pro_fecha_termino_oferta,pro_precio_oferta,pro_stock_minimo,pro_stock_critico,pro_entradas_bodega,pro_salidas_bodega,pro_mermas_bodega,pro_ajustes_bodega,pro_entradas_sv,pro_salidas_sv,pro_mermas_sv,pro_ajustes_sv,pro_activo,rec_numero,pro_unidad,pro_capacidad,pro_consumo_bodega,pro_consumo_sv,pro_estado,pro_funcion_plu,pro_flejes,pro_iva,pro_plu_asociado,pro_envase,pro_duracion,pro_numero_etiqueta) VALUES (780721977,@@@7801610001202@@@,@@@0@@@,@@@PACK BEBIDA COCA-COLA X 6 UNID 350 ML@@@,@@@PACK BEBIDA COCA@@@,@@@7 @@@,@@@6 @@@,@@@6@@@,@@@4 @@@,@@@55@@@,@@@1790@@@,@@@0@@@,@@@2390@@@,@@@1@@@,@@@-99.96@@@,@@@@@@,@@@2013.10.11@@@,@@@2013.10.11@@@,@@@0@@@,@@@20@@@,@@@10@@@,@@@0@@@,@@@0@@@,@@@0@@@,@@@0@@@,@@@0@@@,@@@0@@@,@@@0@@@,@@@0@@@,@@@1@@@,@@@0@@@,0,350,0,0,2,0,1,1,0,@@@NO@@@,0,0)','',2,'2013-10-11'),(76604,'DELETE FROM mae_impuestos_productos WHERE pro_codigo_plu=@@@780721977@@@','',2,'2013-10-11'),(76605,'INSERT INTO gne_vale_ferreteria (vfe_id,vfe_fecha,vfe_total,vfe_estado,vfe_entregado,usu_nusuario) VALUES (13516,@@@2013.10.11@@@,990,1,0,@@@G_DIAZ@@@)','',2,'2013-10-11'),(76606,'INSERT INTO gne_vale_ferreteria_mov (vfe_id,pro_codigo_plu,vfm_cantidad,vfm_unitario,vfm_total,vfm_entregado) VALUES (13516,761546,1,990,990,@@@NO@@@)','',2,'2013-10-11'),(76607,'INSERT INTO gne_vale_ferreteria (vfe_id,vfe_fecha,vfe_total,vfe_estado,vfe_entregado,usu_nusuario) VALUES (13517,@@@2013.10.11@@@,2710,1,0,@@@G_DIAZ@@@)','',2,'2013-10-11'),(76608,'INSERT INTO gne_vale_ferreteria_mov (vfe_id,pro_codigo_plu,vfm_cantidad,vfm_unitario,vfm_total,vfm_entregado) VALUES (13517,1018,14,50,700,@@@NO@@@)','',2,'2013-10-11'),(76609,'INSERT INTO gne_vale_ferreteria_mov (vfe_id,pro_codigo_plu,vfm_cantidad,vfm_unitario,vfm_total,vfm_entregado) VALUES (13517,78017111,4,100,400,@@@NO@@@)','',2,'2013-10-11'),(76610,'INSERT INTO gne_vale_ferreteria_mov (vfe_id,pro_codigo_plu,vfm_cantidad,vfm_unitario,vfm_total,vfm_entregado) VALUES (13517,764224,1,490,490,@@@NO@@@)','',2,'2013-10-11'),(76611,'INSERT INTO gne_vale_ferreteria_mov (vfe_id,pro_codigo_plu,vfm_cantidad,vfm_unitario,vfm_total,vfm_entregado) VALUES (13517,4801,14,30,420,@@@NO@@@)','',2,'2013-10-11'),(76612,'INSERT INTO gne_vale_ferreteria_mov (vfe_id,pro_codigo_plu,vfm_cantidad,vfm_unitario,vfm_total,vfm_entregado) VALUES (13517,15819,14,50,700,@@@NO@@@)','',2,'2013-10-11'),(76613,'INSERT INTO gne_vale_ferreteria (vfe_id,vfe_fecha,vfe_total,vfe_estado,vfe_entregado,usu_nusuario) VALUES (13518,@@@2013.10.11@@@,390,1,0,@@@G_DIAZ@@@)','',2,'2013-10-11'),(76614,'INSERT INTO gne_vale_ferreteria_mov (vfe_id,pro_codigo_plu,vfm_cantidad,vfm_unitario,vfm_total,vfm_entregado) VALUES (13518,780721420,1,390,390,@@@NO@@@)','',2,'2013-10-11'),(76615,'INSERT INTO gne_vale_ferreteria (vfe_id,vfe_fecha,vfe_total,vfe_estado,vfe_entregado,usu_nusuario) VALUES (13519,@@@2013.10.11@@@,1180,1,0,@@@G_DIAZ@@@)','',2,'2013-10-11'),(76616,'INSERT INTO gne_vale_ferreteria_mov (vfe_id,pro_codigo_plu,vfm_cantidad,vfm_unitario,vfm_total,vfm_entregado) VALUES (13519,262241,2,590,1180,@@@NO@@@)','',2,'2013-10-11'),(76617,'INSERT INTO gne_vale_ferreteria (vfe_id,vfe_fecha,vfe_total,vfe_estado,vfe_entregado,usu_nusuario) VALUES (13520,@@@2013.10.11@@@,1180,1,0,@@@G_DIAZ@@@)','',2,'2013-10-11'),(76618,'INSERT INTO gne_vale_ferreteria_mov (vfe_id,pro_codigo_plu,vfm_cantidad,vfm_unitario,vfm_total,vfm_entregado) VALUES (13520,780721519,2,590,1180,@@@NO@@@)','',2,'2013-10-11'),(76619,'INSERT INTO gne_vale_ferreteria (vfe_id,vfe_fecha,vfe_total,vfe_estado,vfe_entregado,usu_nusuario) VALUES (13521,@@@2013.10.11@@@,399,1,0,@@@G_DIAZ@@@)','',2,'2013-10-11'),(76620,'INSERT INTO gne_vale_ferreteria_mov (vfe_id,pro_codigo_plu,vfm_cantidad,vfm_unitario,vfm_total,vfm_entregado) VALUES (13521,780721327,1,399,399,@@@NO@@@)','',2,'2013-10-11'),(76621,'INSERT INTO gne_vale_ferreteria (vfe_id,vfe_fecha,vfe_total,vfe_estado,vfe_entregado,usu_nusuario) VALUES (13522,@@@2013.10.11@@@,300,1,0,@@@G_DIAZ@@@)','',2,'2013-10-11'),(76622,'INSERT INTO gne_vale_ferreteria_mov (vfe_id,pro_codigo_plu,vfm_cantidad,vfm_unitario,vfm_total,vfm_entregado) VALUES (13522,12000,1,300,300,@@@NO@@@)','',2,'2013-10-11'),(76623,'INSERT INTO gne_vale_ferreteria (vfe_id,vfe_fecha,vfe_total,vfe_estado,vfe_entregado,usu_nusuario) VALUES (13523,@@@2013.10.11@@@,450,1,0,@@@G_DIAZ@@@)','',2,'2013-10-11'),(76624,'INSERT INTO gne_vale_ferreteria_mov (vfe_id,pro_codigo_plu,vfm_cantidad,vfm_unitario,vfm_total,vfm_entregado) VALUES (13523,780721808,1,450,450,@@@NO@@@)','',2,'2013-10-11'),(76625,'INSERT INTO gne_vale_ferreteria (vfe_id,vfe_fecha,vfe_total,vfe_estado,vfe_entregado,usu_nusuario) VALUES (13524,@@@2013.10.11@@@,2490,1,0,@@@G_DIAZ@@@)','',2,'2013-10-11'),(76626,'INSERT INTO gne_vale_ferreteria_mov (vfe_id,pro_codigo_plu,vfm_cantidad,vfm_unitario,vfm_total,vfm_entregado) VALUES (13524,1467,1,2490,2490,@@@NO@@@)','',2,'2013-10-11'),(76627,'UPDATE mae_productos SET pro_precio_venta=1699,pro_margen_actual= 29.32 WHERE pro_codigo_plu=262351','',2,'2013-10-11'),(76628,'UPDATE mae_productos SET pro_precio_venta=1699,pro_margen_actual= 29.32 WHERE pro_codigo_plu=262349','',2,'2013-10-11'),(76629,'UPDATE mae_productos SET pro_precio_venta=380,pro_margen_actual= 32.31 WHERE pro_codigo_plu=11074','',2,'2013-10-11'),(76630,'UPDATE mae_productos SET pro_precio_venta=990,pro_margen_actual= 38.89 WHERE pro_codigo_plu=19879','',2,'2013-10-11'),(76631,'UPDATE mae_productos SET pro_precio_venta=990,pro_margen_actual= 46.09 WHERE pro_codigo_plu=102469','',2,'2013-10-11'),(76632,'UPDATE mae_productos SET pro_precio_venta=1890,pro_margen_actual= 45.31 WHERE pro_codigo_plu=11142','',2,'2013-10-11'),(76633,'UPDATE mae_productos SET pro_precio_venta=1150,pro_margen_actual= 34.78 WHERE pro_codigo_plu=780721965','',2,'2013-10-11'),(76634,'UPDATE mae_productos SET pro_precio_venta=1890,pro_margen_actual= 63.9 WHERE pro_codigo_plu=780721967','',2,'2013-10-11'),(76635,'UPDATE mae_productos SET pro_precio_venta=1890,pro_margen_actual= 63.9 WHERE pro_codigo_plu=780721968','',2,'2013-10-11'),(76636,'UPDATE mae_productos SET pro_precio_venta=1890,pro_margen_actual= 45.31 WHERE pro_codigo_plu=20573','',2,'2013-10-11'),(76637,'UPDATE mae_productos SET pro_precio_venta=1890,pro_margen_actual= 45.31 WHERE pro_codigo_plu=780721966','',2,'2013-10-11'),(76638,'UPDATE mae_productos SET pro_precio_venta=3390,pro_margen_actual= 52.26 WHERE pro_codigo_plu=780721969','',2,'2013-10-11'),(76639,'UPDATE mae_productos SET pro_precio_venta=3390,pro_margen_actual= 52.26 WHERE pro_codigo_plu=780721970','',2,'2013-10-11'),(76640,'UPDATE mae_productos SET pro_precio_venta=1790,pro_margen_actual= 52.87 WHERE pro_codigo_plu=20608','',2,'2013-10-11'),(76641,'UPDATE mae_productos SET pro_precio_venta=1490,pro_margen_actual= 32.92 WHERE pro_codigo_plu=762120','',2,'2013-10-11'),(76642,'UPDATE mae_productos SET pro_precio_venta=1490,pro_margen_actual= 32.92 WHERE pro_codigo_plu=762121','',2,'2013-10-11'),(76643,'UPDATE mae_productos SET pro_precio_venta=1490,pro_margen_actual= 32.92 WHERE pro_codigo_plu=780220153','',2,'2013-10-11'),(76644,'UPDATE mae_productos SET pro_precio_venta=1190,pro_margen_actual= 48.13 WHERE pro_codigo_plu=762168','',2,'2013-10-11'),(76645,'UPDATE mae_productos SET pro_precio_venta=1490,pro_margen_actual= 32.92 WHERE pro_codigo_plu=762119','',2,'2013-10-11'),(76646,'UPDATE mae_productos SET pro_precio_venta=3990,pro_margen_actual= 46.48 WHERE pro_codigo_plu=780721971','',2,'2013-10-11'),(76647,'UPDATE mae_productos SET pro_precio_venta=3990,pro_margen_actual= 46.48 WHERE pro_codigo_plu=780721973','',2,'2013-10-11'),(76648,'UPDATE mae_productos SET pro_precio_venta=3990,pro_margen_actual= 46.48 WHERE pro_codigo_plu=780721972','',2,'2013-10-11'),(76649,'UPDATE mae_productos SET pro_precio_venta=990,pro_margen_actual= 51.79 WHERE pro_codigo_plu=14816','',2,'2013-10-11'),(76650,'UPDATE mae_productos SET pro_precio_venta=990,pro_margen_actual= 51.79 WHERE pro_codigo_plu=14812','',2,'2013-10-11'),(76651,'UPDATE mae_productos SET pro_precio_venta=990,pro_margen_actual= 51.79 WHERE pro_codigo_plu=14824','',2,'2013-10-11'),(76652,'UPDATE mae_productos SET pro_precio_venta=1190,pro_margen_actual= 48.13 WHERE pro_codigo_plu=20663','',2,'2013-10-11'),(76653,'UPDATE mae_productos SET pro_precio_venta=1190,pro_margen_actual= 48.13 WHERE pro_codigo_plu=101863','',2,'2013-10-11'),(76654,'UPDATE mae_productos SET pro_precio_venta=1990,pro_margen_actual= 73.23 WHERE pro_codigo_plu=101452','',2,'2013-10-11'),(76655,'UPDATE mae_productos SET pro_precio_venta=1990,pro_margen_actual= 73.21 WHERE pro_codigo_plu=762054','',2,'2013-10-11'),(76656,'UPDATE mae_productos SET pro_precio_venta=2690,pro_margen_actual= 49.61 WHERE pro_codigo_plu=262048','',2,'2013-10-11'),(76657,'UPDATE mae_productos SET pro_precio_venta=1990,pro_margen_actual= 73.21 WHERE pro_codigo_plu=761647','',2,'2013-10-11'),(76658,'UPDATE mae_productos SET pro_precio_venta=1990,pro_margen_actual= 71.34 WHERE pro_codigo_plu=780721962','',2,'2013-10-11'),(76659,'UPDATE mae_productos SET pro_precio_venta=1890,pro_margen_actual= 62.73 WHERE pro_codigo_plu=780721961','',2,'2013-10-11'),(76660,'UPDATE mae_productos SET pro_precio_venta=1890,pro_margen_actual= 70.84 WHERE pro_codigo_plu=780721956','',2,'2013-10-11'),(76661,'UPDATE mae_productos SET pro_precio_venta=1890,pro_margen_actual= 47.74 WHERE pro_codigo_plu=780721959','',2,'2013-10-11'),(76662,'UPDATE mae_productos SET pro_precio_venta=1890,pro_margen_actual= 47.55 WHERE pro_codigo_plu=780721960','',2,'2013-10-11'),(76663,'UPDATE mae_productos SET pro_precio_venta=1890,pro_margen_actual= 49.34 WHERE pro_codigo_plu=780721957','',2,'2013-10-11'),(76664,'UPDATE mae_productos SET pro_precio_venta=1890,pro_margen_actual= 53.16 WHERE pro_codigo_plu=780721958','',2,'2013-10-11'),(76665,'UPDATE mae_productos SET pro_precio_venta=1590,pro_margen_actual= 50.47 WHERE pro_codigo_plu=100980','',2,'2013-10-11'),(76666,'UPDATE mae_productos SET pro_precio_venta=1590,pro_margen_actual= 50.47 WHERE pro_codigo_plu=100979','',2,'2013-10-11'),(76667,'UPDATE mae_productos SET pro_precio_venta=590,pro_margen_actual= 47.56 WHERE pro_codigo_plu=15149','',2,'2013-10-11'),(76668,'UPDATE mae_productos SET pro_precio_venta=590,pro_margen_actual= 47.56 WHERE pro_codigo_plu=15170','',2,'2013-10-11'),(76669,'UPDATE mae_productos SET pro_precio_venta=1590,pro_margen_actual= 56.09 WHERE pro_codigo_plu=780721964','',2,'2013-10-11'),(76670,'UPDATE mae_productos SET pro_precio_venta=2190,pro_margen_actual= 50.4 WHERE pro_codigo_plu=780721963','',2,'2013-10-11'),(76671,'UPDATE mae_productos SET pro_precio_venta=1490,pro_margen_actual= 42.58 WHERE pro_codigo_plu=763146','',2,'2013-10-11'),(76672,'UPDATE mae_productos SET pro_precio_venta=2990,pro_margen_actual= 36.03 WHERE pro_codigo_plu=17548','',2,'2013-10-11'),(76673,'UPDATE mae_productos SET pro_precio_venta=2490,pro_margen_actual= 59 WHERE pro_codigo_plu=763560','',2,'2013-10-11'),(76674,'UPDATE mae_productos SET pro_precio_venta=2490,pro_margen_actual= 59 WHERE pro_codigo_plu=780721952','',2,'2013-10-11'),(76675,'UPDATE mae_productos SET pro_precio_venta=990,pro_margen_actual= 57.89 WHERE pro_codigo_plu=780721950','',2,'2013-10-11'),(76676,'UPDATE mae_productos SET pro_margen_actual=49.34,pro_precio_venta=1890 WHERE pro_codigo_plu=780721957','',2,'2013-10-11'),(76677,'UPDATE mae_productos SET pro_margen_actual=53.16,pro_precio_venta=1890 WHERE pro_codigo_plu=780721958','',2,'2013-10-11'),(76678,'UPDATE mae_productos SET pro_margen_actual=52.26,pro_precio_venta=3390 WHERE pro_codigo_plu=780721970','',2,'2013-10-11'),(76679,'UPDATE mae_productos SET pro_margen_actual=52.26,pro_precio_venta=3390 WHERE pro_codigo_plu=780721969','',2,'2013-10-11'),(76680,'UPDATE mae_productos SET pro_margen_actual=59,pro_precio_venta=2490 WHERE pro_codigo_plu=780721952','',2,'2013-10-11'),(76681,'UPDATE mae_productos SET pro_margen_actual=57.89,pro_precio_venta=990 WHERE pro_codigo_plu=780721950','',2,'2013-10-11'),(76682,'UPDATE mae_productos SET pro_margen_actual=49.61,pro_precio_venta=2690 WHERE pro_codigo_plu=262048','',2,'2013-10-11'),(76683,'UPDATE mae_productos SET pro_margen_actual=50.47,pro_precio_venta=1590 WHERE pro_codigo_plu=100979','',2,'2013-10-11'),(76684,'UPDATE mae_productos SET pro_margen_actual=50.47,pro_precio_venta=1590 WHERE pro_codigo_plu=100980','',2,'2013-10-11'),(76685,'UPDATE mae_productos SET pro_margen_actual=32.92,pro_precio_venta=1490 WHERE pro_codigo_plu=762119','',2,'2013-10-11'),(76686,'UPDATE mae_productos SET pro_margen_actual=32.92,pro_precio_venta=1490 WHERE pro_codigo_plu=780220153','',2,'2013-10-11'),(76687,'UPDATE mae_productos SET pro_margen_actual=32.92,pro_precio_venta=1490 WHERE pro_codigo_plu=762121','',2,'2013-10-11'),(76688,'UPDATE mae_productos SET pro_margen_actual=32.92,pro_precio_venta=1490 WHERE pro_codigo_plu=762120','',2,'2013-10-11'),(76689,'UPDATE mae_productos SET pro_margen_actual=34.78,pro_precio_venta=1150 WHERE pro_codigo_plu=780721965','',2,'2013-10-11'),(76690,'UPDATE mae_productos SET pro_margen_actual=73.21,pro_precio_venta=1990 WHERE pro_codigo_plu=762054','',2,'2013-10-11'),(76691,'UPDATE mae_productos SET pro_margen_actual=63.9,pro_precio_venta=1890 WHERE pro_codigo_plu=780721968','',2,'2013-10-11'),(76692,'UPDATE mae_productos SET pro_margen_actual=45.31,pro_precio_venta=1890 WHERE pro_codigo_plu=780721966','',2,'2013-10-11'),(76693,'UPDATE mae_productos SET pro_margen_actual=63.9,pro_precio_venta=1890 WHERE pro_codigo_plu=780721967','',2,'2013-10-11'),(76694,'UPDATE mae_productos SET pro_margen_actual=70.84,pro_precio_venta=1890 WHERE pro_codigo_plu=780721956','',2,'2013-10-11'),(76695,'UPDATE mae_productos SET pro_margen_actual=46.09,pro_precio_venta=990 WHERE pro_codigo_plu=102469','',2,'2013-10-11'),(76696,'UPDATE mae_productos SET pro_margen_actual=38.89,pro_precio_venta=990 WHERE pro_codigo_plu=19879','',2,'2013-10-11'),(76697,'UPDATE mae_productos SET pro_margen_actual=46.48,pro_precio_venta=3990 WHERE pro_codigo_plu=780721972','',2,'2013-10-11'),(76698,'UPDATE mae_productos SET pro_margen_actual=46.48,pro_precio_venta=3990 WHERE pro_codigo_plu=780721973','',2,'2013-10-11'),(76699,'UPDATE mae_productos SET pro_margen_actual=46.48,pro_precio_venta=3990 WHERE pro_codigo_plu=780721971','',2,'2013-10-11'),(76700,'UPDATE mae_productos SET pro_margen_actual=47.56,pro_precio_venta=590 WHERE pro_codigo_plu=15149','',2,'2013-10-11'),(76701,'UPDATE mae_productos SET pro_margen_actual=47.56,pro_precio_venta=590 WHERE pro_codigo_plu=15170','',2,'2013-10-11'),(76702,'UPDATE mae_productos SET pro_margen_actual=51.79,pro_precio_venta=990 WHERE pro_codigo_plu=14812','',2,'2013-10-11'),(76703,'UPDATE mae_productos SET pro_margen_actual=51.79,pro_precio_venta=990 WHERE pro_codigo_plu=14816','',2,'2013-10-11'),(76704,'UPDATE mae_productos SET pro_margen_actual=51.79,pro_precio_venta=990 WHERE pro_codigo_plu=14824','',2,'2013-10-11'),(76705,'UPDATE mae_productos SET pro_margen_actual=59,pro_precio_venta=2490 WHERE pro_codigo_plu=763560','',2,'2013-10-11'),(76706,'UPDATE mae_productos SET pro_margen_actual=48.13,pro_precio_venta=1190 WHERE pro_codigo_plu=20663','',2,'2013-10-11'),(76707,'UPDATE mae_productos SET pro_margen_actual=48.13,pro_precio_venta=1190 WHERE pro_codigo_plu=101863','',2,'2013-10-11'),(76708,'UPDATE mae_productos SET pro_margen_actual=48.13,pro_precio_venta=1190 WHERE pro_codigo_plu=762168','',2,'2013-10-11'),(76709,'UPDATE mae_productos SET pro_margen_actual=73.23,pro_precio_venta=1990 WHERE pro_codigo_plu=101452','',2,'2013-10-11'),(76710,'UPDATE mae_productos SET pro_margen_actual=73.21,pro_precio_venta=1990 WHERE pro_codigo_plu=761647','',2,'2013-10-11'),(76711,'UPDATE mae_productos SET pro_margen_actual=47.74,pro_precio_venta=1890 WHERE pro_codigo_plu=780721959','',2,'2013-10-11'),(76712,'UPDATE mae_productos SET pro_margen_actual=62.73,pro_precio_venta=1890 WHERE pro_codigo_plu=780721961','',2,'2013-10-11'),(76713,'UPDATE mae_productos SET pro_margen_actual=47.55,pro_precio_venta=1890 WHERE pro_codigo_plu=780721960','',2,'2013-10-11'),(76714,'UPDATE mae_productos SET pro_margen_actual=71.34,pro_precio_venta=1990 WHERE pro_codigo_plu=780721962','',2,'2013-10-11'),(76715,'UPDATE mae_productos SET pro_margen_actual=29.32,pro_precio_venta=1699 WHERE pro_codigo_plu=262351','',2,'2013-10-11'),(76716,'UPDATE mae_productos SET pro_margen_actual=29.32,pro_precio_venta=1699 WHERE pro_codigo_plu=262349','',2,'2013-10-11'),(76717,'UPDATE mae_productos SET pro_margen_actual=45.31,pro_precio_venta=1890 WHERE pro_codigo_plu=20573','',2,'2013-10-11'),(76718,'UPDATE mae_productos SET pro_margen_actual=45.31,pro_precio_venta=1890 WHERE pro_codigo_plu=11142','',2,'2013-10-11'),(76719,'UPDATE mae_productos SET pro_margen_actual=238900,pro_precio_venta=2390 WHERE pro_codigo_plu=780721974','',2,'2013-10-11'),(76720,'UPDATE mae_productos SET pro_margen_actual=238900,pro_precio_venta=2390 WHERE pro_codigo_plu=780721976','',2,'2013-10-11'),(76721,'UPDATE mae_productos SET pro_margen_actual=238900,pro_precio_venta=2390 WHERE pro_codigo_plu=780721975','',2,'2013-10-11'),(76722,'UPDATE mae_productos SET pro_margen_actual=50.4,pro_precio_venta=2190 WHERE pro_codigo_plu=780721963','',2,'2013-10-11'),(76723,'UPDATE mae_productos SET pro_margen_actual=56.09,pro_precio_venta=1590 WHERE pro_codigo_plu=780721964','',2,'2013-10-11'),(76724,'UPDATE mae_productos SET pro_margen_actual=32.31,pro_precio_venta=380 WHERE pro_codigo_plu=11074','',2,'2013-10-11'),(76725,'UPDATE mae_productos SET pro_margen_actual=52.87,pro_precio_venta=1790 WHERE pro_codigo_plu=20608','',2,'2013-10-11'),(76726,'UPDATE mae_productos SET pro_margen_actual=36.03,pro_precio_venta=2990 WHERE pro_codigo_plu=17548','',2,'2013-10-11'),(76727,'UPDATE mae_productos SET pro_margen_actual=42.58,pro_precio_venta=1490 WHERE pro_codigo_plu=763146','',2,'2013-10-11'),(76728,'UPDATE mae_productos SET pro_margen_actual=0,pro_precio_venta=2390 WHERE pro_codigo_plu=780721977','',2,'2013-10-11'),(76729,'UPDATE mae_productos SET pro_precio_fiscal=pro_precio_venta WHERE pro_codigo_plu=11142','',2,'2013-10-11'),(76730,'UPDATE mae_productos SET pro_precio_fiscal=pro_precio_venta WHERE pro_codigo_plu=780721965','',2,'2013-10-11'),(76731,'UPDATE mae_productos SET pro_precio_fiscal=pro_precio_venta WHERE pro_codigo_plu=780721967','',2,'2013-10-11'),(76732,'UPDATE mae_productos SET pro_precio_fiscal=pro_precio_venta WHERE pro_codigo_plu=780721968','',2,'2013-10-11'),(76733,'UPDATE mae_productos SET pro_precio_fiscal=pro_precio_venta WHERE pro_codigo_plu=763146','',2,'2013-10-11'),(76734,'UPDATE mae_productos SET pro_precio_fiscal=pro_precio_venta WHERE pro_codigo_plu=101452','',2,'2013-10-11'),(76735,'UPDATE mae_productos SET pro_precio_fiscal=pro_precio_venta WHERE pro_codigo_plu=762054','',2,'2013-10-11'),(76736,'UPDATE mae_productos SET pro_precio_fiscal=pro_precio_venta WHERE pro_codigo_plu=262048','',2,'2013-10-11'),(76737,'UPDATE mae_productos SET pro_precio_fiscal=pro_precio_venta WHERE pro_codigo_plu=761647','',2,'2013-10-11'),(76738,'UPDATE mae_productos SET pro_precio_fiscal=pro_precio_venta WHERE pro_codigo_plu=780721962','',2,'2013-10-11'),(76739,'UPDATE mae_productos SET pro_precio_fiscal=pro_precio_venta WHERE pro_codigo_plu=780721961','',2,'2013-10-11'),(76740,'UPDATE mae_productos SET pro_precio_fiscal=pro_precio_venta WHERE pro_codigo_plu=780721956','',2,'2013-10-11'),(76741,'UPDATE mae_productos SET pro_precio_fiscal=pro_precio_venta WHERE pro_codigo_plu=780721959','',2,'2013-10-11'),(76742,'UPDATE mae_productos SET pro_precio_fiscal=pro_precio_venta WHERE pro_codigo_plu=780721960','',2,'2013-10-11'),(76743,'UPDATE mae_productos SET pro_precio_fiscal=pro_precio_venta WHERE pro_codigo_plu=780721957','',2,'2013-10-11'),(76744,'UPDATE mae_productos SET pro_precio_fiscal=pro_precio_venta WHERE pro_codigo_plu=780721958','',2,'2013-10-11'),(76745,'UPDATE mae_productos SET pro_precio_fiscal=pro_precio_venta WHERE pro_codigo_plu=262351','',2,'2013-10-11'),(76746,'UPDATE mae_productos SET pro_precio_fiscal=pro_precio_venta WHERE pro_codigo_plu=262349','',2,'2013-10-11'),(76747,'UPDATE mae_productos SET pro_precio_fiscal=pro_precio_venta WHERE pro_codigo_plu=100980','',2,'2013-10-11'),(76748,'UPDATE mae_productos SET pro_precio_fiscal=pro_precio_venta WHERE pro_codigo_plu=20573','',2,'2013-10-11'),(76749,'UPDATE mae_productos SET pro_precio_fiscal=pro_precio_venta WHERE pro_codigo_plu=780721966','',2,'2013-10-11'),(76750,'UPDATE mae_productos SET pro_precio_fiscal=pro_precio_venta WHERE pro_codigo_plu=780721977','',2,'2013-10-11'),(76751,'UPDATE mae_productos SET pro_precio_fiscal=pro_precio_venta WHERE pro_codigo_plu=780721974','',2,'2013-10-11'),(76752,'UPDATE mae_productos SET pro_precio_fiscal=pro_precio_venta WHERE pro_codigo_plu=780721976','',2,'2013-10-11'),(76753,'UPDATE mae_productos SET pro_precio_fiscal=pro_precio_venta WHERE pro_codigo_plu=780721975','',2,'2013-10-11'),(76754,'UPDATE mae_productos SET pro_precio_fiscal=pro_precio_venta WHERE pro_codigo_plu=17548','',2,'2013-10-11'),(76755,'UPDATE mae_productos SET pro_precio_fiscal=pro_precio_venta WHERE pro_codigo_plu=763560','',2,'2013-10-11'),(76756,'UPDATE mae_productos SET pro_precio_fiscal=pro_precio_venta WHERE pro_codigo_plu=780721952','',2,'2013-10-11'),(76757,'UPDATE mae_productos SET pro_precio_fiscal=pro_precio_venta WHERE pro_codigo_plu=780721950','',2,'2013-10-11'),(76758,'UPDATE mae_productos SET pro_precio_fiscal=pro_precio_venta WHERE pro_codigo_plu=11074','',2,'2013-10-11'),(76759,'UPDATE mae_productos SET pro_precio_fiscal=pro_precio_venta WHERE pro_codigo_plu=19879','',2,'2013-10-11'),(76760,'UPDATE mae_productos SET pro_precio_fiscal=pro_precio_venta WHERE pro_codigo_plu=780721969','',2,'2013-10-11'),(76761,'UPDATE mae_productos SET pro_precio_fiscal=pro_precio_venta WHERE pro_codigo_plu=780721970','',2,'2013-10-11'),(76762,'UPDATE mae_productos SET pro_precio_fiscal=pro_precio_venta WHERE pro_codigo_plu=102469','',2,'2013-10-11'),(76763,'UPDATE mae_productos SET pro_precio_fiscal=pro_precio_venta WHERE pro_codigo_plu=20608','',2,'2013-10-11'),(76764,'UPDATE mae_productos SET pro_precio_fiscal=pro_precio_venta WHERE pro_codigo_plu=762120','',2,'2013-10-11'),(76765,'UPDATE mae_productos SET pro_precio_fiscal=pro_precio_venta WHERE pro_codigo_plu=762121','',2,'2013-10-11'),(76766,'UPDATE mae_productos SET pro_precio_fiscal=pro_precio_venta WHERE pro_codigo_plu=780220153','',2,'2013-10-11'),(76767,'UPDATE mae_productos SET pro_precio_fiscal=pro_precio_venta WHERE pro_codigo_plu=762168','',2,'2013-10-11'),(76768,'UPDATE mae_productos SET pro_precio_fiscal=pro_precio_venta WHERE pro_codigo_plu=762119','',2,'2013-10-11'),(76769,'UPDATE mae_productos SET pro_precio_fiscal=pro_precio_venta WHERE pro_codigo_plu=780721971','',2,'2013-10-11'),(76770,'UPDATE mae_productos SET pro_precio_fiscal=pro_precio_venta WHERE pro_codigo_plu=780721973','',2,'2013-10-11'),(76771,'UPDATE mae_productos SET pro_precio_fiscal=pro_precio_venta WHERE pro_codigo_plu=780721972','',2,'2013-10-11'),(76772,'UPDATE mae_productos SET pro_precio_fiscal=pro_precio_venta WHERE pro_codigo_plu=14816','',2,'2013-10-11'),(76773,'UPDATE mae_productos SET pro_precio_fiscal=pro_precio_venta WHERE pro_codigo_plu=14812','',2,'2013-10-11'),(76774,'UPDATE mae_productos SET pro_precio_fiscal=pro_precio_venta WHERE pro_codigo_plu=14824','',2,'2013-10-11'),(76775,'UPDATE mae_productos SET pro_precio_fiscal=pro_precio_venta WHERE pro_codigo_plu=15149','',2,'2013-10-11'),(76776,'UPDATE mae_productos SET pro_precio_fiscal=pro_precio_venta WHERE pro_codigo_plu=15170','',2,'2013-10-11'),(76777,'UPDATE mae_productos SET pro_precio_fiscal=pro_precio_venta WHERE pro_codigo_plu=20663','',2,'2013-10-11'),(76778,'UPDATE mae_productos SET pro_precio_fiscal=pro_precio_venta WHERE pro_codigo_plu=101863','',2,'2013-10-11'),(76779,'UPDATE mae_productos SET pro_precio_fiscal=pro_precio_venta WHERE pro_codigo_plu=780721964','',2,'2013-10-11'),(76780,'UPDATE mae_productos SET pro_precio_fiscal=pro_precio_venta WHERE pro_codigo_plu=780721963','',2,'2013-10-11'),(76781,'INSERT INTO gne_vale_ferreteria (vfe_id,vfe_fecha,vfe_total,vfe_estado,vfe_entregado,usu_nusuario) VALUES (13525,@@@2013.10.11@@@,3890,1,0,@@@G_DIAZ@@@)','',2,'2013-10-11'),(76782,'INSERT INTO gne_vale_ferreteria_mov (vfe_id,pro_codigo_plu,vfm_cantidad,vfm_unitario,vfm_total,vfm_entregado) VALUES (13525,764800,1,3890,3890,@@@NO@@@)','',2,'2013-10-11'),(76783,'INSERT INTO gne_vale_ferreteria (vfe_id,vfe_fecha,vfe_total,vfe_estado,vfe_entregado,usu_nusuario) VALUES (13526,@@@2013.10.11@@@,6090,1,0,@@@G_DIAZ@@@)','',2,'2013-10-11'),(76784,'INSERT INTO gne_vale_ferreteria_mov (vfe_id,pro_codigo_plu,vfm_cantidad,vfm_unitario,vfm_total,vfm_entregado) VALUES (13526,20447,1,4990,4990,@@@NO@@@)','',2,'2013-10-11'),(76785,'INSERT INTO gne_vale_ferreteria_mov (vfe_id,pro_codigo_plu,vfm_cantidad,vfm_unitario,vfm_total,vfm_entregado) VALUES (13526,780220158,1,1100,1100,@@@NO@@@)','',2,'2013-10-11'),(76786,'INSERT INTO gne_vale_ferreteria (vfe_id,vfe_fecha,vfe_total,vfe_estado,vfe_entregado,usu_nusuario) VALUES (13527,@@@2013.10.11@@@,2190,1,0,@@@G_DIAZ@@@)','',2,'2013-10-11'),(76787,'INSERT INTO gne_vale_ferreteria_mov (vfe_id,pro_codigo_plu,vfm_cantidad,vfm_unitario,vfm_total,vfm_entregado) VALUES (13527,10189,1,2190,2190,@@@NO@@@)','',2,'2013-10-11'),(76788,'UPDATE mae_productos SET pro_precio_compra_bruto=304.64,pro_margen_actual=(pro_precio_venta-304.64)/304.64 * 100,pro_ultima_compra=@@@2013.10.11@@@,pro_ultimo_proveedor=@@@94528000-K@@@ WHERE pro_codigo_plu=14128','',2,'2013-10-11'),(76789,'UPDATE mae_productos SET pro_precio_compra_bruto=304.64,pro_margen_actual=(pro_precio_venta-304.64)/304.64 * 100,pro_ultima_compra=@@@2013.10.11@@@,pro_ultimo_proveedor=@@@94528000-K@@@ WHERE pro_codigo_plu=763402','',2,'2013-10-11'),(76790,'UPDATE mae_productos SET pro_precio_compra_bruto=304.64,pro_margen_actual=(pro_precio_venta-304.64)/304.64 * 100,pro_ultima_compra=@@@2013.10.11@@@,pro_ultimo_proveedor=@@@94528000-K@@@ WHERE pro_codigo_plu=763393','',2,'2013-10-11'),(76791,'UPDATE mae_productos SET pro_precio_compra_bruto=304.64,pro_margen_actual=(pro_precio_venta-304.64)/304.64 * 100,pro_ultima_compra=@@@2013.10.11@@@,pro_ultimo_proveedor=@@@94528000-K@@@ WHERE pro_codigo_plu=763399','',2,'2013-10-11'),(76792,'UPDATE mae_productos SET pro_precio_compra_bruto=304.64,pro_margen_actual=(pro_precio_venta-304.64)/304.64 * 100,pro_ultima_compra=@@@2013.10.11@@@,pro_ultimo_proveedor=@@@94528000-K@@@ WHERE pro_codigo_plu=763414','',2,'2013-10-11'),(76793,'UPDATE mae_productos SET pro_precio_compra_bruto=385.56,pro_margen_actual=(pro_precio_venta-385.56)/385.56 * 100,pro_ultima_compra=@@@2013.10.11@@@,pro_ultimo_proveedor=@@@94528000-K@@@ WHERE pro_codigo_plu=764356','',2,'2013-10-11'),(76794,'UPDATE mae_productos SET pro_precio_compra_bruto=209.44,pro_margen_actual=(pro_precio_venta-209.44)/209.44 * 100,pro_ultima_compra=@@@2013.10.11@@@,pro_ultimo_proveedor=@@@94528000-K@@@ WHERE pro_codigo_plu=102689','',2,'2013-10-11'),(76795,'UPDATE mae_productos SET pro_precio_compra_bruto=304.64,pro_margen_actual=(pro_precio_venta-304.64)/304.64 * 100,pro_ultima_compra=@@@2013.10.11@@@,pro_ultimo_proveedor=@@@94528000-K@@@ WHERE pro_codigo_plu=763408','',2,'2013-10-11'),(76796,'UPDATE mae_productos SET pro_precio_compra_bruto=102.34,pro_margen_actual=(pro_precio_venta-102.34)/102.34 * 100,pro_ultima_compra=@@@2013.10.11@@@,pro_ultimo_proveedor=@@@94528000-K@@@ WHERE pro_codigo_plu=762446','',2,'2013-10-11'),(76797,'UPDATE mae_productos SET pro_precio_compra_bruto=102.34,pro_margen_actual=(pro_precio_venta-102.34)/102.34 * 100,pro_ultima_compra=@@@2013.10.11@@@,pro_ultimo_proveedor=@@@94528000-K@@@ WHERE pro_codigo_plu=762447','',2,'2013-10-11'),(76798,'UPDATE mae_productos SET pro_precio_compra_bruto=412.93,pro_margen_actual=(pro_precio_venta-412.93)/412.93 * 100,pro_ultima_compra=@@@2013.10.11@@@,pro_ultimo_proveedor=@@@94528000-K@@@ WHERE pro_codigo_plu=780721685','',2,'2013-10-11'),(76799,'UPDATE mae_productos SET pro_precio_compra_bruto=304.64,pro_margen_actual=(pro_precio_venta-304.64)/304.64 * 100,pro_ultima_compra=@@@2013.10.11@@@,pro_ultimo_proveedor=@@@94528000-K@@@ WHERE pro_codigo_plu=763415','',2,'2013-10-11'),(76800,'UPDATE mae_productos SET pro_precio_compra_bruto=1429.19,pro_margen_actual=(pro_precio_venta-1429.19)/1429.19 * 100,pro_ultima_compra=@@@2013.10.11@@@,pro_ultimo_proveedor=@@@94528000-K@@@ WHERE pro_codigo_plu=780721683','',2,'2013-10-11'),(76801,'UPDATE mae_productos SET pro_precio_compra_bruto=304.64,pro_margen_actual=(pro_precio_venta-304.64)/304.64 * 100,pro_ultima_compra=@@@2013.10.11@@@,pro_ultimo_proveedor=@@@94528000-K@@@ WHERE pro_codigo_plu=764430','',2,'2013-10-11'),(76802,'UPDATE mae_productos SET pro_precio_compra_bruto=165.41,pro_margen_actual=(pro_precio_venta-165.41)/165.41 * 100,pro_ultima_compra=@@@2013.10.11@@@,pro_ultimo_proveedor=@@@94528000-K@@@ WHERE pro_codigo_plu=78017217','',2,'2013-10-11'),(76803,'UPDATE mae_productos SET pro_precio_compra_bruto=268.94,pro_margen_actual=(pro_precio_venta-268.94)/268.94 * 100,pro_ultima_compra=@@@2013.10.11@@@,pro_ultimo_proveedor=@@@94528000-K@@@ WHERE pro_codigo_plu=13593','',2,'2013-10-11'),(76804,'UPDATE mae_productos SET pro_precio_compra_bruto=412.93,pro_margen_actual=(pro_precio_venta-412.93)/412.93 * 100,pro_ultima_compra=@@@2013.10.11@@@,pro_ultimo_proveedor=@@@94528000-K@@@ WHERE pro_codigo_plu=780721772','',2,'2013-10-11'),(76805,'UPDATE mae_productos SET pro_precio_compra_bruto=268.94,pro_margen_actual=(pro_precio_venta-268.94)/268.94 * 100,pro_ultima_compra=@@@2013.10.11@@@,pro_ultimo_proveedor=@@@94528000-K@@@ WHERE pro_codigo_plu=14236','',2,'2013-10-11'),(76806,'UPDATE mae_productos SET pro_precio_compra_bruto=412.93,pro_margen_actual=(pro_precio_venta-412.93)/412.93 * 100,pro_ultima_compra=@@@2013.10.11@@@,pro_ultimo_proveedor=@@@94528000-K@@@ WHERE pro_codigo_plu=780200000','',2,'2013-10-11'),(76807,'UPDATE mae_productos SET pro_precio_compra_bruto=304.64,pro_margen_actual=(pro_precio_venta-304.64)/304.64 * 100,pro_ultima_compra=@@@2013.10.11@@@,pro_ultimo_proveedor=@@@94528000-K@@@ WHERE pro_codigo_plu=780721874','',2,'2013-10-11'),(76808,'UPDATE mae_productos SET pro_precio_compra_bruto=201.11,pro_margen_actual=(pro_precio_venta-201.11)/201.11 * 100,pro_ultima_compra=@@@2013.10.11@@@,pro_ultimo_proveedor=@@@94528000-K@@@ WHERE pro_codigo_plu=780721353','',2,'2013-10-11'),(76809,'UPDATE mae_productos SET pro_precio_compra_bruto=385.56,pro_margen_actual=(pro_precio_venta-385.56)/385.56 * 100,pro_ultima_compra=@@@2013.10.11@@@,pro_ultimo_proveedor=@@@94528000-K@@@ WHERE pro_codigo_plu=763398','',2,'2013-10-11'),(76810,'INSERT INTO gne_vale_ferreteria (vfe_id,vfe_fecha,vfe_total,vfe_estado,vfe_entregado,usu_nusuario) VALUES (13528,@@@2013.10.12@@@,120,1,0,@@@G_DIAZ@@@)','',2,'2013-10-12'),(76811,'INSERT INTO gne_vale_ferreteria_mov (vfe_id,pro_codigo_plu,vfm_cantidad,vfm_unitario,vfm_total,vfm_entregado) VALUES (13528,770034,6,20,120,@@@NO@@@)','',2,'2013-10-12'),(76812,'INSERT INTO gne_vale_ferreteria (vfe_id,vfe_fecha,vfe_total,vfe_estado,vfe_entregado,usu_nusuario) VALUES (13529,@@@2013.10.12@@@,1480,1,0,@@@G_DIAZ@@@)','',2,'2013-10-12'),(76813,'INSERT INTO gne_vale_ferreteria_mov (vfe_id,pro_codigo_plu,vfm_cantidad,vfm_unitario,vfm_total,vfm_entregado) VALUES (13529,765064,1,280,280,@@@NO@@@)','',2,'2013-10-12'),(76814,'INSERT INTO gne_vale_ferreteria_mov (vfe_id,pro_codigo_plu,vfm_cantidad,vfm_unitario,vfm_total,vfm_entregado) VALUES (13529,78017233,5,100,500,@@@NO@@@)','',2,'2013-10-12'),(76815,'INSERT INTO gne_vale_ferreteria_mov (vfe_id,pro_codigo_plu,vfm_cantidad,vfm_unitario,vfm_total,vfm_entregado) VALUES (13529,764331,2,150,300,@@@NO@@@)','',2,'2013-10-12'),(76816,'INSERT INTO gne_vale_ferreteria_mov (vfe_id,pro_codigo_plu,vfm_cantidad,vfm_unitario,vfm_total,vfm_entregado) VALUES (13529,765072,2,200,400,@@@NO@@@)','',2,'2013-10-12'),(76817,'INSERT INTO gne_vale_ferreteria (vfe_id,vfe_fecha,vfe_total,vfe_estado,vfe_entregado,usu_nusuario) VALUES (13530,@@@2013.10.12@@@,990,1,0,@@@G_DIAZ@@@)','',2,'2013-10-12'),(76818,'INSERT INTO gne_vale_ferreteria_mov (vfe_id,pro_codigo_plu,vfm_cantidad,vfm_unitario,vfm_total,vfm_entregado) VALUES (13530,780220140,1,990,990,@@@NO@@@)','',2,'2013-10-12'),(76819,'INSERT INTO gne_vale_ferreteria (vfe_id,vfe_fecha,vfe_total,vfe_estado,vfe_entregado,usu_nusuario) VALUES (13531,@@@2013.10.12@@@,1390,1,0,@@@G_DIAZ@@@)','',2,'2013-10-12'),(76820,'INSERT INTO gne_vale_ferreteria_mov (vfe_id,pro_codigo_plu,vfm_cantidad,vfm_unitario,vfm_total,vfm_entregado) VALUES (13531,262365,1,1390,1390,@@@NO@@@)','',2,'2013-10-12'),(76821,'INSERT INTO gne_vale_ferreteria (vfe_id,vfe_fecha,vfe_total,vfe_estado,vfe_entregado,usu_nusuario) VALUES (13532,@@@2013.10.12@@@,50,1,0,@@@G_DIAZ@@@)','',2,'2013-10-12'),(76822,'INSERT INTO gne_vale_ferreteria_mov (vfe_id,pro_codigo_plu,vfm_cantidad,vfm_unitario,vfm_total,vfm_entregado) VALUES (13532,4092,1,50,50,@@@NO@@@)','',2,'2013-10-12'),(76823,'INSERT INTO gne_vale_ferreteria (vfe_id,vfe_fecha,vfe_total,vfe_estado,vfe_entregado,usu_nusuario) VALUES (13533,@@@2013.10.12@@@,350,1,0,@@@G_DIAZ@@@)','',2,'2013-10-12'),(76824,'INSERT INTO gne_vale_ferreteria_mov (vfe_id,pro_codigo_plu,vfm_cantidad,vfm_unitario,vfm_total,vfm_entregado) VALUES (13533,8021,1,150,150,@@@NO@@@)','',2,'2013-10-12'),(76825,'INSERT INTO gne_vale_ferreteria_mov (vfe_id,pro_codigo_plu,vfm_cantidad,vfm_unitario,vfm_total,vfm_entregado) VALUES (13533,765072,1,200,200,@@@NO@@@)','',2,'2013-10-12'),(76826,'INSERT INTO gne_vale_ferreteria (vfe_id,vfe_fecha,vfe_total,vfe_estado,vfe_entregado,usu_nusuario) VALUES (13534,@@@2013.10.12@@@,150,1,0,@@@G_DIAZ@@@)','',2,'2013-10-12'),(76827,'INSERT INTO gne_vale_ferreteria_mov (vfe_id,pro_codigo_plu,vfm_cantidad,vfm_unitario,vfm_total,vfm_entregado) VALUES (13534,7500886,1,150,150,@@@NO@@@)','',2,'2013-10-12'),(76828,'INSERT INTO gne_vale_ferreteria (vfe_id,vfe_fecha,vfe_total,vfe_estado,vfe_entregado,usu_nusuario) VALUES (13535,@@@2013.10.12@@@,930,1,0,@@@G_DIAZ@@@)','',2,'2013-10-12'),(76829,'INSERT INTO gne_vale_ferreteria_mov (vfe_id,pro_codigo_plu,vfm_cantidad,vfm_unitario,vfm_total,vfm_entregado) VALUES (13535,11670,1,930,930,@@@NO@@@)','',2,'2013-10-12'),(76830,'INSERT INTO gne_vale_ferreteria (vfe_id,vfe_fecha,vfe_total,vfe_estado,vfe_entregado,usu_nusuario) VALUES (13536,@@@2013.10.12@@@,4240,1,0,@@@G_DIAZ@@@)','',2,'2013-10-12'),(76831,'INSERT INTO gne_vale_ferreteria_mov (vfe_id,pro_codigo_plu,vfm_cantidad,vfm_unitario,vfm_total,vfm_entregado) VALUES (13536,780721516,1,590,590,@@@NO@@@)','',2,'2013-10-12'),(76832,'INSERT INTO gne_vale_ferreteria_mov (vfe_id,pro_codigo_plu,vfm_cantidad,vfm_unitario,vfm_total,vfm_entregado) VALUES (13536,78016979,1,3650,3650,@@@NO@@@)','',2,'2013-10-12'),(76833,'INSERT INTO gne_vale_ferreteria (vfe_id,vfe_fecha,vfe_total,vfe_estado,vfe_entregado,usu_nusuario) VALUES (13537,@@@2013.10.12@@@,200,1,0,@@@G_DIAZ@@@)','',2,'2013-10-12'),(76834,'INSERT INTO gne_vale_ferreteria_mov (vfe_id,pro_codigo_plu,vfm_cantidad,vfm_unitario,vfm_total,vfm_entregado) VALUES (13537,20148,1,100,100,@@@NO@@@)','',2,'2013-10-12'),(76835,'INSERT INTO gne_vale_ferreteria_mov (vfe_id,pro_codigo_plu,vfm_cantidad,vfm_unitario,vfm_total,vfm_entregado) VALUES (13537,20366,1,100,100,@@@NO@@@)','',2,'2013-10-12'),(76836,'INSERT INTO gne_vale_ferreteria (vfe_id,vfe_fecha,vfe_total,vfe_estado,vfe_entregado,usu_nusuario) VALUES (13538,@@@2013.10.12@@@,10910,1,0,@@@G_DIAZ@@@)','',2,'2013-10-12'),(76837,'INSERT INTO gne_vale_ferreteria_mov (vfe_id,pro_codigo_plu,vfm_cantidad,vfm_unitario,vfm_total,vfm_entregado) VALUES (13538,780220161,1,4490,4490,@@@NO@@@)','',2,'2013-10-12'),(76838,'INSERT INTO gne_vale_ferreteria_mov (vfe_id,pro_codigo_plu,vfm_cantidad,vfm_unitario,vfm_total,vfm_entregado) VALUES (13538,764042,1,4190,4190,@@@NO@@@)','',2,'2013-10-12'),(76839,'INSERT INTO gne_vale_ferreteria_mov (vfe_id,pro_codigo_plu,vfm_cantidad,vfm_unitario,vfm_total,vfm_entregado) VALUES (13538,764398,2,590,1180,@@@NO@@@)','',2,'2013-10-12'),(76840,'INSERT INTO gne_vale_ferreteria_mov (vfe_id,pro_codigo_plu,vfm_cantidad,vfm_unitario,vfm_total,vfm_entregado) VALUES (13538,780721484,1,1050,1050,@@@NO@@@)','',2,'2013-10-12'),(76841,'INSERT INTO gne_vale_ferreteria (vfe_id,vfe_fecha,vfe_total,vfe_estado,vfe_entregado,usu_nusuario) VALUES (13539,@@@2013.10.12@@@,1990,1,0,@@@G_DIAZ@@@)','',2,'2013-10-12'),(76842,'INSERT INTO gne_vale_ferreteria_mov (vfe_id,pro_codigo_plu,vfm_cantidad,vfm_unitario,vfm_total,vfm_entregado) VALUES (13539,780721536,1,1990,1990,@@@NO@@@)','',2,'2013-10-12'),(76843,'INSERT INTO gne_vale_ferreteria (vfe_id,vfe_fecha,vfe_total,vfe_estado,vfe_entregado,usu_nusuario) VALUES (13540,@@@2013.10.12@@@,50,1,0,@@@G_DIAZ@@@)','',2,'2013-10-12'),(76844,'INSERT INTO gne_vale_ferreteria_mov (vfe_id,pro_codigo_plu,vfm_cantidad,vfm_unitario,vfm_total,vfm_entregado) VALUES (13540,780220123,1,50,50,@@@NO@@@)','',2,'2013-10-12'),(76845,'INSERT INTO gne_vale_ferreteria (vfe_id,vfe_fecha,vfe_total,vfe_estado,vfe_entregado,usu_nusuario) VALUES (13541,@@@2013.10.12@@@,1300,1,0,@@@G_DIAZ@@@)','',2,'2013-10-12'),(76846,'INSERT INTO gne_vale_ferreteria_mov (vfe_id,pro_codigo_plu,vfm_cantidad,vfm_unitario,vfm_total,vfm_entregado) VALUES (13541,763966,1,1100,1100,@@@NO@@@)','',2,'2013-10-12'),(76847,'INSERT INTO gne_vale_ferreteria_mov (vfe_id,pro_codigo_plu,vfm_cantidad,vfm_unitario,vfm_total,vfm_entregado) VALUES (13541,4089,1,200,200,@@@NO@@@)','',2,'2013-10-12'),(76848,'INSERT INTO gne_vale_ferreteria (vfe_id,vfe_fecha,vfe_total,vfe_estado,vfe_entregado,usu_nusuario) VALUES (13542,@@@2013.10.12@@@,1890,1,0,@@@G_DIAZ@@@)','',2,'2013-10-12'),(76849,'INSERT INTO gne_vale_ferreteria_mov (vfe_id,pro_codigo_plu,vfm_cantidad,vfm_unitario,vfm_total,vfm_entregado) VALUES (13542,101620,1,1890,1890,@@@NO@@@)','',2,'2013-10-12'),(76850,'INSERT INTO gne_vale_ferreteria (vfe_id,vfe_fecha,vfe_total,vfe_estado,vfe_entregado,usu_nusuario) VALUES (13543,@@@2013.10.12@@@,200,1,0,@@@G_DIAZ@@@)','',2,'2013-10-12'),(76851,'INSERT INTO gne_vale_ferreteria_mov (vfe_id,pro_codigo_plu,vfm_cantidad,vfm_unitario,vfm_total,vfm_entregado) VALUES (13543,764702,1,200,200,@@@NO@@@)','',2,'2013-10-12'),(76852,'INSERT INTO gne_vale_ferreteria (vfe_id,vfe_fecha,vfe_total,vfe_estado,vfe_entregado,usu_nusuario) VALUES (13544,@@@2013.10.12@@@,1910,1,0,@@@G_DIAZ@@@)','',2,'2013-10-12'),(76853,'INSERT INTO gne_vale_ferreteria_mov (vfe_id,pro_codigo_plu,vfm_cantidad,vfm_unitario,vfm_total,vfm_entregado) VALUES (13544,11670,1,930,930,@@@NO@@@)','',2,'2013-10-12'),(76854,'INSERT INTO gne_vale_ferreteria_mov (vfe_id,pro_codigo_plu,vfm_cantidad,vfm_unitario,vfm_total,vfm_entregado) VALUES (13544,19876,1,980,980,@@@NO@@@)','',2,'2013-10-12'),(76855,'INSERT INTO gne_vale_ferreteria (vfe_id,vfe_fecha,vfe_total,vfe_estado,vfe_entregado,usu_nusuario) VALUES (13545,@@@2013.10.12@@@,360,1,0,@@@G_DIAZ@@@)','',2,'2013-10-12'),(76856,'INSERT INTO gne_vale_ferreteria_mov (vfe_id,pro_codigo_plu,vfm_cantidad,vfm_unitario,vfm_total,vfm_entregado) VALUES (13545,780220198,1,360,360,@@@NO@@@)','',2,'2013-10-12'),(76857,'INSERT INTO gne_vale_ferreteria (vfe_id,vfe_fecha,vfe_total,vfe_estado,vfe_entregado,usu_nusuario) VALUES (13546,@@@2013.10.12@@@,780,1,0,@@@G_DIAZ@@@)','',2,'2013-10-12'),(76858,'INSERT INTO gne_vale_ferreteria_mov (vfe_id,pro_codigo_plu,vfm_cantidad,vfm_unitario,vfm_total,vfm_entregado) VALUES (13546,1535,2,390,780,@@@NO@@@)','',2,'2013-10-12'),(76859,'INSERT INTO gne_vale_ferreteria (vfe_id,vfe_fecha,vfe_total,vfe_estado,vfe_entregado,usu_nusuario) VALUES (13547,@@@2013.10.12@@@,1170,1,0,@@@G_DIAZ@@@)','',2,'2013-10-12'),(76860,'INSERT INTO gne_vale_ferreteria_mov (vfe_id,pro_codigo_plu,vfm_cantidad,vfm_unitario,vfm_total,vfm_entregado) VALUES (13547,1535,3,390,1170,@@@NO@@@)','',2,'2013-10-12'),(76861,'INSERT INTO gne_vale_ferreteria (vfe_id,vfe_fecha,vfe_total,vfe_estado,vfe_entregado,usu_nusuario) VALUES (13548,@@@2013.10.12@@@,2980,1,0,@@@G_DIAZ@@@)','',2,'2013-10-12'),(76862,'INSERT INTO gne_vale_ferreteria_mov (vfe_id,pro_codigo_plu,vfm_cantidad,vfm_unitario,vfm_total,vfm_entregado) VALUES (13548,102628,1,1990,1990,@@@NO@@@)','',2,'2013-10-12'),(76863,'INSERT INTO gne_vale_ferreteria_mov (vfe_id,pro_codigo_plu,vfm_cantidad,vfm_unitario,vfm_total,vfm_entregado) VALUES (13548,54792,1,990,990,@@@NO@@@)','',2,'2013-10-12'),(76864,'INSERT INTO gne_vale_ferreteria (vfe_id,vfe_fecha,vfe_total,vfe_estado,vfe_entregado,usu_nusuario) VALUES (13549,@@@2013.10.12@@@,1800,1,0,@@@G_DIAZ@@@)','',2,'2013-10-12'),(76865,'INSERT INTO gne_vale_ferreteria_mov (vfe_id,pro_codigo_plu,vfm_cantidad,vfm_unitario,vfm_total,vfm_entregado) VALUES (13549,763783,1,230,230,@@@NO@@@)','',2,'2013-10-12'),(76866,'INSERT INTO gne_vale_ferreteria_mov (vfe_id,pro_codigo_plu,vfm_cantidad,vfm_unitario,vfm_total,vfm_entregado) VALUES (13549,19855,1,890,890,@@@NO@@@)','',2,'2013-10-12'),(76867,'INSERT INTO gne_vale_ferreteria_mov (vfe_id,pro_codigo_plu,vfm_cantidad,vfm_unitario,vfm_total,vfm_entregado) VALUES (13549,1535,1,390,390,@@@NO@@@)','',2,'2013-10-12'),(76868,'INSERT INTO gne_vale_ferreteria_mov (vfe_id,pro_codigo_plu,vfm_cantidad,vfm_unitario,vfm_total,vfm_entregado) VALUES (13549,764697,1,290,290,@@@NO@@@)','',2,'2013-10-12'),(76869,'INSERT INTO gne_vale_ferreteria (vfe_id,vfe_fecha,vfe_total,vfe_estado,vfe_entregado,usu_nusuario) VALUES (13550,@@@2013.10.12@@@,490,1,0,@@@G_DIAZ@@@)','',2,'2013-10-12'),(76870,'INSERT INTO gne_vale_ferreteria_mov (vfe_id,pro_codigo_plu,vfm_cantidad,vfm_unitario,vfm_total,vfm_entregado) VALUES (13550,15802,1,490,490,@@@NO@@@)','',2,'2013-10-12'),(76871,'INSERT INTO gne_vale_ferreteria (vfe_id,vfe_fecha,vfe_total,vfe_estado,vfe_entregado,usu_nusuario) VALUES (13551,@@@2013.10.12@@@,300,1,0,@@@G_DIAZ@@@)','',2,'2013-10-12'),(76872,'INSERT INTO gne_vale_ferreteria_mov (vfe_id,pro_codigo_plu,vfm_cantidad,vfm_unitario,vfm_total,vfm_entregado) VALUES (13551,770003,30,10,300,@@@NO@@@)','',2,'2013-10-12'),(76873,'INSERT INTO gne_vale_ferreteria (vfe_id,vfe_fecha,vfe_total,vfe_estado,vfe_entregado,usu_nusuario) VALUES (13552,@@@2013.10.12@@@,330,1,0,@@@G_DIAZ@@@)','',2,'2013-10-12'),(76874,'INSERT INTO gne_vale_ferreteria_mov (vfe_id,pro_codigo_plu,vfm_cantidad,vfm_unitario,vfm_total,vfm_entregado) VALUES (13552,19918,1,330,330,@@@NO@@@)','',2,'2013-10-12'),(76875,'INSERT INTO gne_vale_ferreteria (vfe_id,vfe_fecha,vfe_total,vfe_estado,vfe_entregado,usu_nusuario) VALUES (13553,@@@2013.10.12@@@,2300,1,0,@@@G_DIAZ@@@)','',2,'2013-10-12'),(76876,'INSERT INTO gne_vale_ferreteria_mov (vfe_id,pro_codigo_plu,vfm_cantidad,vfm_unitario,vfm_total,vfm_entregado) VALUES (13553,780721304,1,550,550,@@@NO@@@)','',2,'2013-10-12'),(76877,'INSERT INTO gne_vale_ferreteria_mov (vfe_id,pro_codigo_plu,vfm_cantidad,vfm_unitario,vfm_total,vfm_entregado) VALUES (13553,763820,1,1290,1290,@@@NO@@@)','',2,'2013-10-12'),(76878,'INSERT INTO gne_vale_ferreteria_mov (vfe_id,pro_codigo_plu,vfm_cantidad,vfm_unitario,vfm_total,vfm_entregado) VALUES (13553,4095,2,230,460,@@@NO@@@)','',2,'2013-10-12'),(76879,'INSERT INTO gne_vale_ferreteria (vfe_id,vfe_fecha,vfe_total,vfe_estado,vfe_entregado,usu_nusuario) VALUES (13554,@@@2013.10.12@@@,1290,1,0,@@@G_DIAZ@@@)','',2,'2013-10-12'),(76880,'INSERT INTO gne_vale_ferreteria_mov (vfe_id,pro_codigo_plu,vfm_cantidad,vfm_unitario,vfm_total,vfm_entregado) VALUES (13554,102594,1,1290,1290,@@@NO@@@)','',2,'2013-10-12'),(76881,'INSERT INTO gne_vale_ferreteria (vfe_id,vfe_fecha,vfe_total,vfe_estado,vfe_entregado,usu_nusuario) VALUES (13555,@@@2013.10.12@@@,2350,1,0,@@@G_DIAZ@@@)','',2,'2013-10-12'),(76882,'INSERT INTO gne_vale_ferreteria_mov (vfe_id,pro_codigo_plu,vfm_cantidad,vfm_unitario,vfm_total,vfm_entregado) VALUES (13555,4091,1,250,250,@@@NO@@@)','',2,'2013-10-12'),(76883,'INSERT INTO gne_vale_ferreteria_mov (vfe_id,pro_codigo_plu,vfm_cantidad,vfm_unitario,vfm_total,vfm_entregado) VALUES (13555,1551,1,250,250,@@@NO@@@)','',2,'2013-10-12'),(76884,'INSERT INTO gne_vale_ferreteria_mov (vfe_id,pro_codigo_plu,vfm_cantidad,vfm_unitario,vfm_total,vfm_entregado) VALUES (13555,764572,5,100,500,@@@NO@@@)','',2,'2013-10-12'),(76885,'INSERT INTO gne_vale_ferreteria_mov (vfe_id,pro_codigo_plu,vfm_cantidad,vfm_unitario,vfm_total,vfm_entregado) VALUES (13555,763740,1,1350,1350,@@@NO@@@)','',2,'2013-10-12'),(76886,'INSERT INTO gne_vale_ferreteria (vfe_id,vfe_fecha,vfe_total,vfe_estado,vfe_entregado,usu_nusuario) VALUES (13556,@@@2013.10.12@@@,200,1,0,@@@G_DIAZ@@@)','',2,'2013-10-12'),(76887,'INSERT INTO gne_vale_ferreteria_mov (vfe_id,pro_codigo_plu,vfm_cantidad,vfm_unitario,vfm_total,vfm_entregado) VALUES (13556,78017235,2,100,200,@@@NO@@@)','',2,'2013-10-12'),(76888,'INSERT INTO gne_vale_ferreteria (vfe_id,vfe_fecha,vfe_total,vfe_estado,vfe_entregado,usu_nusuario) VALUES (13557,@@@2013.10.12@@@,3770,1,0,@@@G_DIAZ@@@)','',2,'2013-10-12'),(76889,'INSERT INTO gne_vale_ferreteria_mov (vfe_id,pro_codigo_plu,vfm_cantidad,vfm_unitario,vfm_total,vfm_entregado) VALUES (13557,764195,1,2590,2590,@@@NO@@@)','',2,'2013-10-12'),(76890,'INSERT INTO gne_vale_ferreteria_mov (vfe_id,pro_codigo_plu,vfm_cantidad,vfm_unitario,vfm_total,vfm_entregado) VALUES (13557,780721516,2,590,1180,@@@NO@@@)','',2,'2013-10-12'),(76891,'INSERT INTO gne_vale_ferreteria (vfe_id,vfe_fecha,vfe_total,vfe_estado,vfe_entregado,usu_nusuario) VALUES (13558,@@@2013.10.12@@@,3180,1,0,@@@G_DIAZ@@@)','',2,'2013-10-12'),(76892,'INSERT INTO gne_vale_ferreteria_mov (vfe_id,pro_codigo_plu,vfm_cantidad,vfm_unitario,vfm_total,vfm_entregado) VALUES (13558,763665,1,1590,1590,@@@NO@@@)','',2,'2013-10-12'),(76893,'INSERT INTO gne_vale_ferreteria_mov (vfe_id,pro_codigo_plu,vfm_cantidad,vfm_unitario,vfm_total,vfm_entregado) VALUES (13558,19964,1,1590,1590,@@@NO@@@)','',2,'2013-10-12'),(76894,'INSERT INTO gne_vale_ferreteria (vfe_id,vfe_fecha,vfe_total,vfe_estado,vfe_entregado,usu_nusuario) VALUES (13559,@@@2013.10.12@@@,330,1,0,@@@G_DIAZ@@@)','',2,'2013-10-12'),(76895,'INSERT INTO gne_vale_ferreteria_mov (vfe_id,pro_codigo_plu,vfm_cantidad,vfm_unitario,vfm_total,vfm_entregado) VALUES (13559,764778,1,330,330,@@@NO@@@)','',2,'2013-10-12'),(76896,'INSERT INTO gne_vale_ferreteria (vfe_id,vfe_fecha,vfe_total,vfe_estado,vfe_entregado,usu_nusuario) VALUES (13560,@@@2013.10.12@@@,490,1,0,@@@G_DIAZ@@@)','',2,'2013-10-12'),(76897,'INSERT INTO gne_vale_ferreteria_mov (vfe_id,pro_codigo_plu,vfm_cantidad,vfm_unitario,vfm_total,vfm_entregado) VALUES (13560,3030,1,490,490,@@@NO@@@)','',2,'2013-10-12'),(76898,'INSERT INTO gne_vale_ferreteria (vfe_id,vfe_fecha,vfe_total,vfe_estado,vfe_entregado,usu_nusuario) VALUES (13561,@@@2013.10.12@@@,500,1,0,@@@G_DIAZ@@@)','',2,'2013-10-12'),(76899,'INSERT INTO gne_vale_ferreteria_mov (vfe_id,pro_codigo_plu,vfm_cantidad,vfm_unitario,vfm_total,vfm_entregado) VALUES (13561,764832,1,150,150,@@@NO@@@)','',2,'2013-10-12'),(76900,'INSERT INTO gne_vale_ferreteria_mov (vfe_id,pro_codigo_plu,vfm_cantidad,vfm_unitario,vfm_total,vfm_entregado) VALUES (13561,4129,3,50,150,@@@NO@@@)','',2,'2013-10-12'),(76901,'INSERT INTO gne_vale_ferreteria_mov (vfe_id,pro_codigo_plu,vfm_cantidad,vfm_unitario,vfm_total,vfm_entregado) VALUES (13561,764414,2,100,200,@@@NO@@@)','',2,'2013-10-12'),(76902,'INSERT INTO gne_vale_ferreteria (vfe_id,vfe_fecha,vfe_total,vfe_estado,vfe_entregado,usu_nusuario) VALUES (13562,@@@2013.10.12@@@,200,1,0,@@@G_DIAZ@@@)','',2,'2013-10-12'),(76903,'INSERT INTO gne_vale_ferreteria_mov (vfe_id,pro_codigo_plu,vfm_cantidad,vfm_unitario,vfm_total,vfm_entregado) VALUES (13562,765072,1,200,200,@@@NO@@@)','',2,'2013-10-12'),(76904,'INSERT INTO gne_vale_ferreteria (vfe_id,vfe_fecha,vfe_total,vfe_estado,vfe_entregado,usu_nusuario) VALUES (13563,@@@2013.10.12@@@,590,1,0,@@@G_DIAZ@@@)','',2,'2013-10-12'),(76905,'INSERT INTO gne_vale_ferreteria_mov (vfe_id,pro_codigo_plu,vfm_cantidad,vfm_unitario,vfm_total,vfm_entregado) VALUES (13563,4098,1,590,590,@@@NO@@@)','',2,'2013-10-12'),(76906,'INSERT INTO gne_vale_ferreteria (vfe_id,vfe_fecha,vfe_total,vfe_estado,vfe_entregado,usu_nusuario) VALUES (13564,@@@2013.10.12@@@,2790,1,0,@@@G_DIAZ@@@)','',2,'2013-10-12'),(76907,'INSERT INTO gne_vale_ferreteria_mov (vfe_id,pro_codigo_plu,vfm_cantidad,vfm_unitario,vfm_total,vfm_entregado) VALUES (13564,7500887,1,1200,1200,@@@NO@@@)','',2,'2013-10-12'),(76908,'INSERT INTO gne_vale_ferreteria_mov (vfe_id,pro_codigo_plu,vfm_cantidad,vfm_unitario,vfm_total,vfm_entregado) VALUES (13564,78017200,1,1590,1590,@@@NO@@@)','',2,'2013-10-12'),(76909,'INSERT INTO gne_vale_ferreteria (vfe_id,vfe_fecha,vfe_total,vfe_estado,vfe_entregado,usu_nusuario) VALUES (13565,@@@2013.10.12@@@,30,1,0,@@@G_DIAZ@@@)','',2,'2013-10-12'),(76910,'INSERT INTO gne_vale_ferreteria_mov (vfe_id,pro_codigo_plu,vfm_cantidad,vfm_unitario,vfm_total,vfm_entregado) VALUES (13565,770003,3,10,30,@@@NO@@@)','',2,'2013-10-12'),(76911,'INSERT INTO gne_vale_ferreteria (vfe_id,vfe_fecha,vfe_total,vfe_estado,vfe_entregado,usu_nusuario) VALUES (13566,@@@2013.10.12@@@,1970,1,0,@@@G_DIAZ@@@)','',2,'2013-10-12'),(76912,'INSERT INTO gne_vale_ferreteria_mov (vfe_id,pro_codigo_plu,vfm_cantidad,vfm_unitario,vfm_total,vfm_entregado) VALUES (13566,770001,1,80,80,@@@NO@@@)','',2,'2013-10-12'),(76913,'INSERT INTO gne_vale_ferreteria_mov (vfe_id,pro_codigo_plu,vfm_cantidad,vfm_unitario,vfm_total,vfm_entregado) VALUES (13566,770082,1,1890,1890,@@@NO@@@)','',2,'2013-10-12'),(76914,'INSERT INTO gne_vale_ferreteria (vfe_id,vfe_fecha,vfe_total,vfe_estado,vfe_entregado,usu_nusuario) VALUES (13567,@@@2013.10.12@@@,2070,1,0,@@@G_DIAZ@@@)','',2,'2013-10-12'),(76915,'INSERT INTO gne_vale_ferreteria_mov (vfe_id,pro_codigo_plu,vfm_cantidad,vfm_unitario,vfm_total,vfm_entregado) VALUES (13567,780721516,1,590,590,@@@NO@@@)','',2,'2013-10-12'),(76916,'INSERT INTO gne_vale_ferreteria_mov (vfe_id,pro_codigo_plu,vfm_cantidad,vfm_unitario,vfm_total,vfm_entregado) VALUES (13567,764529,1,490,490,@@@NO@@@)','',2,'2013-10-12'),(76917,'INSERT INTO gne_vale_ferreteria_mov (vfe_id,pro_codigo_plu,vfm_cantidad,vfm_unitario,vfm_total,vfm_entregado) VALUES (13567,4140,1,990,990,@@@NO@@@)','',2,'2013-10-12'),(76918,'INSERT INTO gne_vale_ferreteria (vfe_id,vfe_fecha,vfe_total,vfe_estado,vfe_entregado,usu_nusuario) VALUES (13568,@@@2013.10.12@@@,2810,1,0,@@@G_DIAZ@@@)','',2,'2013-10-12'),(76919,'INSERT INTO gne_vale_ferreteria_mov (vfe_id,pro_codigo_plu,vfm_cantidad,vfm_unitario,vfm_total,vfm_entregado) VALUES (13568,3098,1,2390,2390,@@@NO@@@)','',2,'2013-10-12'),(76920,'INSERT INTO gne_vale_ferreteria_mov (vfe_id,pro_codigo_plu,vfm_cantidad,vfm_unitario,vfm_total,vfm_entregado) VALUES (13568,15967,1,130,130,@@@NO@@@)','',2,'2013-10-12'),(76921,'INSERT INTO gne_vale_ferreteria_mov (vfe_id,pro_codigo_plu,vfm_cantidad,vfm_unitario,vfm_total,vfm_entregado) VALUES (13568,1536,1,290,290,@@@NO@@@)','',2,'2013-10-12'),(76922,'INSERT INTO gne_vale_ferreteria (vfe_id,vfe_fecha,vfe_total,vfe_estado,vfe_entregado,usu_nusuario) VALUES (13569,@@@2013.10.12@@@,290,1,0,@@@G_DIAZ@@@)','',2,'2013-10-12'),(76923,'INSERT INTO gne_vale_ferreteria_mov (vfe_id,pro_codigo_plu,vfm_cantidad,vfm_unitario,vfm_total,vfm_entregado) VALUES (13569,780721468,1,290,290,@@@NO@@@)','',2,'2013-10-12'),(76924,'INSERT INTO gne_vale_ferreteria (vfe_id,vfe_fecha,vfe_total,vfe_estado,vfe_entregado,usu_nusuario) VALUES (13570,@@@2013.10.12@@@,90,1,0,@@@G_DIAZ@@@)','',2,'2013-10-12'),(76925,'INSERT INTO gne_vale_ferreteria_mov (vfe_id,pro_codigo_plu,vfm_cantidad,vfm_unitario,vfm_total,vfm_entregado) VALUES (13570,78017147,1,90,90,@@@NO@@@)','',2,'2013-10-12'),(76926,'INSERT INTO gne_vale_ferreteria (vfe_id,vfe_fecha,vfe_total,vfe_estado,vfe_entregado,usu_nusuario) VALUES (13571,@@@2013.10.12@@@,360,1,0,@@@G_DIAZ@@@)','',2,'2013-10-12'),(76927,'INSERT INTO gne_vale_ferreteria_mov (vfe_id,pro_codigo_plu,vfm_cantidad,vfm_unitario,vfm_total,vfm_entregado) VALUES (13571,764766,3,120,360,@@@NO@@@)','',2,'2013-10-12'),(76928,'INSERT INTO gne_vale_ferreteria (vfe_id,vfe_fecha,vfe_total,vfe_estado,vfe_entregado,usu_nusuario) VALUES (13572,@@@2013.10.12@@@,3139,1,0,@@@G_DIAZ@@@)','',2,'2013-10-12'),(76929,'INSERT INTO gne_vale_ferreteria_mov (vfe_id,pro_codigo_plu,vfm_cantidad,vfm_unitario,vfm_total,vfm_entregado) VALUES (13572,780721774,1,2699,2699,@@@NO@@@)','',2,'2013-10-12'),(76930,'INSERT INTO gne_vale_ferreteria_mov (vfe_id,pro_codigo_plu,vfm_cantidad,vfm_unitario,vfm_total,vfm_entregado) VALUES (13572,764768,2,220,440,@@@NO@@@)','',2,'2013-10-12'),(76931,'INSERT INTO gne_vale_ferreteria (vfe_id,vfe_fecha,vfe_total,vfe_estado,vfe_entregado,usu_nusuario) VALUES (13573,@@@2013.10.12@@@,1890,1,0,@@@G_DIAZ@@@)','',2,'2013-10-12'),(76932,'INSERT INTO gne_vale_ferreteria_mov (vfe_id,pro_codigo_plu,vfm_cantidad,vfm_unitario,vfm_total,vfm_entregado) VALUES (13573,101625,1,1890,1890,@@@NO@@@)','',2,'2013-10-12'),(76933,'INSERT INTO gne_vale_ferreteria (vfe_id,vfe_fecha,vfe_total,vfe_estado,vfe_entregado,usu_nusuario) VALUES (13574,@@@2013.10.12@@@,2560,1,0,@@@G_DIAZ@@@)','',2,'2013-10-12'),(76934,'INSERT INTO gne_vale_ferreteria_mov (vfe_id,pro_codigo_plu,vfm_cantidad,vfm_unitario,vfm_total,vfm_entregado) VALUES (13574,764816,2,690,1380,@@@NO@@@)','',2,'2013-10-12'),(76935,'INSERT INTO gne_vale_ferreteria_mov (vfe_id,pro_codigo_plu,vfm_cantidad,vfm_unitario,vfm_total,vfm_entregado) VALUES (13574,764840,2,590,1180,@@@NO@@@)','',2,'2013-10-12'),(76936,'INSERT INTO gne_vale_ferreteria (vfe_id,vfe_fecha,vfe_total,vfe_estado,vfe_entregado,usu_nusuario) VALUES (13575,@@@2013.10.12@@@,590,1,0,@@@G_DIAZ@@@)','',2,'2013-10-12'),(76937,'INSERT INTO gne_vale_ferreteria_mov (vfe_id,pro_codigo_plu,vfm_cantidad,vfm_unitario,vfm_total,vfm_entregado) VALUES (13575,764070,1,590,590,@@@NO@@@)','',2,'2013-10-12'),(76938,'INSERT INTO gne_vale_ferreteria (vfe_id,vfe_fecha,vfe_total,vfe_estado,vfe_entregado,usu_nusuario) VALUES (13576,@@@2013.10.12@@@,390,1,0,@@@G_DIAZ@@@)','',2,'2013-10-12'),(76939,'INSERT INTO gne_vale_ferreteria_mov (vfe_id,pro_codigo_plu,vfm_cantidad,vfm_unitario,vfm_total,vfm_entregado) VALUES (13576,1535,1,390,390,@@@NO@@@)','',2,'2013-10-12'),(76940,'INSERT INTO mae_productos (pro_codigo_plu,pro_codigo_barra,pro_tipo,pro_nombre_producto,pro_nombre_corto,med_id,emb_id,pro_unidades_embalaje,dep_id,lin_id,mar_id,pro_precio_compra_neto,pro_precio_compra_bruto,pro_precio_venta,pro_margen_actual,pro_oferta,pro_fecha_inicio_oferta,pro_fecha_termino_oferta,pro_precio_oferta,pro_stock_minimo,pro_stock_critico,pro_entradas_bodega,pro_salidas_bodega,pro_mermas_bodega,pro_ajustes_bodega,pro_entradas_sv,pro_salidas_sv,pro_mermas_sv,pro_ajustes_sv,pro_activo,rec_numero,pro_unidad,pro_capacidad,pro_consumo_bodega,pro_consumo_sv,pro_estado,pro_funcion_plu,pro_flejes,pro_iva,pro_plu_asociado,pro_envase,pro_duracion,pro_numero_etiqueta) VALUES (779129397,@@@779129397@@@,@@@0@@@,@@@ACONDICIONADOR SUAVE@@@,@@@ACONDICIONADOR S@@@,@@@1 @@@,@@@5 @@@,@@@6@@@,@@@21 @@@,@@@114@@@,@@@2507@@@,@@@0@@@,@@@0@@@,@@@1599@@@,@@@0@@@,@@@@@@,@@@2013.10.12@@@,@@@2013.10.12@@@,@@@0@@@,@@@0@@@,@@@0@@@,@@@0@@@,@@@0@@@,@@@0@@@,@@@0@@@,@@@0@@@,@@@0@@@,@@@0@@@,@@@0@@@,@@@1@@@,@@@0@@@,0,6,0,0,2,0,1,1,0,@@@NO@@@,0,0)','',2,'2013-10-12'),(76941,'DELETE FROM mae_impuestos_productos WHERE pro_codigo_plu=@@@779129397@@@','',2,'2013-10-12'),(76942,'UPDATE mae_productos SET pro_margen_actual=0,pro_precio_venta=1599 WHERE pro_codigo_plu=779129397','',2,'2013-10-12'),(76943,'UPDATE mae_productos SET pro_precio_fiscal=pro_precio_venta WHERE pro_codigo_plu=779129397','',2,'2013-10-12'),(76944,'INSERT INTO gne_vale_ferreteria (vfe_id,vfe_fecha,vfe_total,vfe_estado,vfe_entregado,usu_nusuario) VALUES (13577,@@@2013.10.12@@@,2590,1,0,@@@G_DIAZ@@@)','',2,'2013-10-12'),(76945,'INSERT INTO gne_vale_ferreteria_mov (vfe_id,pro_codigo_plu,vfm_cantidad,vfm_unitario,vfm_total,vfm_entregado) VALUES (13577,15819,15,50,750,@@@NO@@@)','',2,'2013-10-12'),(76946,'INSERT INTO gne_vale_ferreteria_mov (vfe_id,pro_codigo_plu,vfm_cantidad,vfm_unitario,vfm_total,vfm_entregado) VALUES (13577,1018,15,50,750,@@@NO@@@)','',2,'2013-10-12'),(76947,'INSERT INTO gne_vale_ferreteria_mov (vfe_id,pro_codigo_plu,vfm_cantidad,vfm_unitario,vfm_total,vfm_entregado) VALUES (13577,770003,10,10,100,@@@NO@@@)','',2,'2013-10-12'),(76948,'INSERT INTO gne_vale_ferreteria_mov (vfe_id,pro_codigo_plu,vfm_cantidad,vfm_unitario,vfm_total,vfm_entregado) VALUES (13577,1546,1,200,200,@@@NO@@@)','',2,'2013-10-12'),(76949,'INSERT INTO gne_vale_ferreteria_mov (vfe_id,pro_codigo_plu,vfm_cantidad,vfm_unitario,vfm_total,vfm_entregado) VALUES (13577,764593,1,790,790,@@@NO@@@)','',2,'2013-10-12'),(76950,'INSERT INTO gne_vale_ferreteria (vfe_id,vfe_fecha,vfe_total,vfe_estado,vfe_entregado,usu_nusuario) VALUES (13578,@@@2013.10.12@@@,2350,1,0,@@@G_DIAZ@@@)','',2,'2013-10-12'),(76951,'INSERT INTO gne_vale_ferreteria_mov (vfe_id,pro_codigo_plu,vfm_cantidad,vfm_unitario,vfm_total,vfm_entregado) VALUES (13578,20917,1,2350,2350,@@@NO@@@)','',2,'2013-10-12'),(76952,'INSERT INTO gne_vale_ferreteria (vfe_id,vfe_fecha,vfe_total,vfe_estado,vfe_entregado,usu_nusuario) VALUES (13579,@@@2013.10.12@@@,900,1,0,@@@G_DIAZ@@@)','',2,'2013-10-12'),(76953,'INSERT INTO gne_vale_ferreteria_mov (vfe_id,pro_codigo_plu,vfm_cantidad,vfm_unitario,vfm_total,vfm_entregado) VALUES (13579,780721664,3,250,750,@@@NO@@@)','',2,'2013-10-12'),(76954,'INSERT INTO gne_vale_ferreteria_mov (vfe_id,pro_codigo_plu,vfm_cantidad,vfm_unitario,vfm_total,vfm_entregado) VALUES (13579,770059,1,150,150,@@@NO@@@)','',2,'2013-10-12'),(76955,'INSERT INTO gne_vale_ferreteria (vfe_id,vfe_fecha,vfe_total,vfe_estado,vfe_entregado,usu_nusuario) VALUES (13580,@@@2013.10.12@@@,3080,1,0,@@@G_DIAZ@@@)','',2,'2013-10-12'),(76956,'INSERT INTO gne_vale_ferreteria_mov (vfe_id,pro_codigo_plu,vfm_cantidad,vfm_unitario,vfm_total,vfm_entregado) VALUES (13580,780721931,1,1790,1790,@@@NO@@@)','',2,'2013-10-12'),(76957,'INSERT INTO gne_vale_ferreteria_mov (vfe_id,pro_codigo_plu,vfm_cantidad,vfm_unitario,vfm_total,vfm_entregado) VALUES (13580,764096,1,1290,1290,@@@NO@@@)','',2,'2013-10-12'),(76958,'INSERT INTO gne_vale_ferreteria (vfe_id,vfe_fecha,vfe_total,vfe_estado,vfe_entregado,usu_nusuario) VALUES (13581,@@@2013.10.12@@@,500,1,0,@@@G_DIAZ@@@)','',2,'2013-10-12'),(76959,'INSERT INTO gne_vale_ferreteria_mov (vfe_id,pro_codigo_plu,vfm_cantidad,vfm_unitario,vfm_total,vfm_entregado) VALUES (13581,780220102,2,250,500,@@@NO@@@)','',2,'2013-10-12'),(76960,'INSERT INTO gne_vale_ferreteria (vfe_id,vfe_fecha,vfe_total,vfe_estado,vfe_entregado,usu_nusuario) VALUES (13582,@@@2013.10.12@@@,370,1,0,@@@G_DIAZ@@@)','',2,'2013-10-12'),(76961,'INSERT INTO gne_vale_ferreteria_mov (vfe_id,pro_codigo_plu,vfm_cantidad,vfm_unitario,vfm_total,vfm_entregado) VALUES (13582,13229,10,15,150,@@@NO@@@)','',2,'2013-10-12'),(76962,'INSERT INTO gne_vale_ferreteria_mov (vfe_id,pro_codigo_plu,vfm_cantidad,vfm_unitario,vfm_total,vfm_entregado) VALUES (13582,780721807,1,220,220,@@@NO@@@)','',2,'2013-10-12'),(76963,'INSERT INTO gne_vale_ferreteria (vfe_id,vfe_fecha,vfe_total,vfe_estado,vfe_entregado,usu_nusuario) VALUES (13583,@@@2013.10.12@@@,3490,1,0,@@@G_DIAZ@@@)','',2,'2013-10-12'),(76964,'INSERT INTO gne_vale_ferreteria_mov (vfe_id,pro_codigo_plu,vfm_cantidad,vfm_unitario,vfm_total,vfm_entregado) VALUES (13583,764613,1,3490,3490,@@@NO@@@)','',2,'2013-10-12'),(76965,'INSERT INTO gne_vale_ferreteria (vfe_id,vfe_fecha,vfe_total,vfe_estado,vfe_entregado,usu_nusuario) VALUES (13584,@@@2013.10.12@@@,1050,1,0,@@@G_DIAZ@@@)','',2,'2013-10-12'),(76966,'INSERT INTO gne_vale_ferreteria_mov (vfe_id,pro_codigo_plu,vfm_cantidad,vfm_unitario,vfm_total,vfm_entregado) VALUES (13584,780220093,3,350,1050,@@@NO@@@)','',2,'2013-10-12'),(76967,'INSERT INTO gne_vale_ferreteria (vfe_id,vfe_fecha,vfe_total,vfe_estado,vfe_entregado,usu_nusuario) VALUES (13585,@@@2013.10.12@@@,3070,1,0,@@@G_DIAZ@@@)','',2,'2013-10-12'),(76968,'INSERT INTO gne_vale_ferreteria_mov (vfe_id,pro_codigo_plu,vfm_cantidad,vfm_unitario,vfm_total,vfm_entregado) VALUES (13585,780721577,1,1490,1490,@@@NO@@@)','',2,'2013-10-12'),(76969,'INSERT INTO gne_vale_ferreteria_mov (vfe_id,pro_codigo_plu,vfm_cantidad,vfm_unitario,vfm_total,vfm_entregado) VALUES (13585,780721512,1,1290,1290,@@@NO@@@)','',2,'2013-10-12'),(76970,'INSERT INTO gne_vale_ferreteria_mov (vfe_id,pro_codigo_plu,vfm_cantidad,vfm_unitario,vfm_total,vfm_entregado) VALUES (13585,1536,1,290,290,@@@NO@@@)','',2,'2013-10-12'),(76971,'INSERT INTO gne_vale_ferreteria (vfe_id,vfe_fecha,vfe_total,vfe_estado,vfe_entregado,usu_nusuario) VALUES (13586,@@@2013.10.12@@@,150,1,0,@@@G_DIAZ@@@)','',2,'2013-10-12'),(76972,'INSERT INTO gne_vale_ferreteria_mov (vfe_id,pro_codigo_plu,vfm_cantidad,vfm_unitario,vfm_total,vfm_entregado) VALUES (13586,4088,1,150,150,@@@NO@@@)','',2,'2013-10-12'),(76973,'INSERT INTO gne_vale_ferreteria (vfe_id,vfe_fecha,vfe_total,vfe_estado,vfe_entregado,usu_nusuario) VALUES (13587,@@@2013.10.12@@@,200,1,0,@@@G_DIAZ@@@)','',2,'2013-10-12'),(76974,'INSERT INTO gne_vale_ferreteria_mov (vfe_id,pro_codigo_plu,vfm_cantidad,vfm_unitario,vfm_total,vfm_entregado) VALUES (13587,765072,1,200,200,@@@NO@@@)','',2,'2013-10-12'),(76975,'INSERT INTO gne_vale_ferreteria (vfe_id,vfe_fecha,vfe_total,vfe_estado,vfe_entregado,usu_nusuario) VALUES (13588,@@@2013.10.12@@@,3620,1,0,@@@G_DIAZ@@@)','',2,'2013-10-12'),(76976,'INSERT INTO gne_vale_ferreteria_mov (vfe_id,pro_codigo_plu,vfm_cantidad,vfm_unitario,vfm_total,vfm_entregado) VALUES (13588,780721516,2,590,1180,@@@NO@@@)','',2,'2013-10-12'),(76977,'INSERT INTO gne_vale_ferreteria_mov (vfe_id,pro_codigo_plu,vfm_cantidad,vfm_unitario,vfm_total,vfm_entregado) VALUES (13588,780721626,1,1450,1450,@@@NO@@@)','',2,'2013-10-12'),(76978,'INSERT INTO gne_vale_ferreteria_mov (vfe_id,pro_codigo_plu,vfm_cantidad,vfm_unitario,vfm_total,vfm_entregado) VALUES (13588,780721576,1,990,990,@@@NO@@@)','',2,'2013-10-12'),(76979,'INSERT INTO gne_vale_ferreteria (vfe_id,vfe_fecha,vfe_total,vfe_estado,vfe_entregado,usu_nusuario) VALUES (13589,@@@2013.10.12@@@,40,1,0,@@@G_DIAZ@@@)','',2,'2013-10-12'),(76980,'INSERT INTO gne_vale_ferreteria_mov (vfe_id,pro_codigo_plu,vfm_cantidad,vfm_unitario,vfm_total,vfm_entregado) VALUES (13589,4080,1,40,40,@@@NO@@@)','',2,'2013-10-12'),(76981,'INSERT INTO gne_vale_ferreteria (vfe_id,vfe_fecha,vfe_total,vfe_estado,vfe_entregado,usu_nusuario) VALUES (13590,@@@2013.10.12@@@,2790,1,0,@@@G_DIAZ@@@)','',2,'2013-10-12'),(76982,'INSERT INTO gne_vale_ferreteria_mov (vfe_id,pro_codigo_plu,vfm_cantidad,vfm_unitario,vfm_total,vfm_entregado) VALUES (13590,101119,1,2590,2590,@@@NO@@@)','',2,'2013-10-12'),(76983,'INSERT INTO gne_vale_ferreteria_mov (vfe_id,pro_codigo_plu,vfm_cantidad,vfm_unitario,vfm_total,vfm_entregado) VALUES (13590,1556,1,200,200,@@@NO@@@)','',2,'2013-10-12'),(76984,'INSERT INTO gne_vale_ferreteria (vfe_id,vfe_fecha,vfe_total,vfe_estado,vfe_entregado,usu_nusuario) VALUES (13591,@@@2013.10.12@@@,580,1,0,@@@G_DIAZ@@@)','',2,'2013-10-12'),(76985,'INSERT INTO gne_vale_ferreteria_mov (vfe_id,pro_codigo_plu,vfm_cantidad,vfm_unitario,vfm_total,vfm_entregado) VALUES (13591,1559,2,290,580,@@@NO@@@)','',2,'2013-10-12'),(76986,'INSERT INTO gne_vale_ferreteria (vfe_id,vfe_fecha,vfe_total,vfe_estado,vfe_entregado,usu_nusuario) VALUES (13592,@@@2013.10.12@@@,390,1,0,@@@G_DIAZ@@@)','',2,'2013-10-12'),(76987,'INSERT INTO gne_vale_ferreteria_mov (vfe_id,pro_codigo_plu,vfm_cantidad,vfm_unitario,vfm_total,vfm_entregado) VALUES (13592,765000,1,390,390,@@@NO@@@)','',2,'2013-10-12'),(76988,'INSERT INTO gne_vale_ferreteria (vfe_id,vfe_fecha,vfe_total,vfe_estado,vfe_entregado,usu_nusuario) VALUES (13593,@@@2013.10.12@@@,780,1,0,@@@G_DIAZ@@@)','',2,'2013-10-12'),(76989,'INSERT INTO gne_vale_ferreteria_mov (vfe_id,pro_codigo_plu,vfm_cantidad,vfm_unitario,vfm_total,vfm_entregado) VALUES (13593,765000,2,390,780,@@@NO@@@)','',2,'2013-10-12'),(76990,'INSERT INTO gne_vale_ferreteria (vfe_id,vfe_fecha,vfe_total,vfe_estado,vfe_entregado,usu_nusuario) VALUES (13594,@@@2013.10.12@@@,8880,1,0,@@@G_DIAZ@@@)','',2,'2013-10-12'),(76991,'INSERT INTO gne_vale_ferreteria_mov (vfe_id,pro_codigo_plu,vfm_cantidad,vfm_unitario,vfm_total,vfm_entregado) VALUES (13594,780721192,1,1490,1490,@@@NO@@@)','',2,'2013-10-12'),(76992,'INSERT INTO gne_vale_ferreteria_mov (vfe_id,pro_codigo_plu,vfm_cantidad,vfm_unitario,vfm_total,vfm_entregado) VALUES (13594,780721913,1,1990,1990,@@@NO@@@)','',2,'2013-10-12'),(76993,'INSERT INTO gne_vale_ferreteria_mov (vfe_id,pro_codigo_plu,vfm_cantidad,vfm_unitario,vfm_total,vfm_entregado) VALUES (13594,764931,1,2490,2490,@@@NO@@@)','',2,'2013-10-12'),(76994,'INSERT INTO gne_vale_ferreteria_mov (vfe_id,pro_codigo_plu,vfm_cantidad,vfm_unitario,vfm_total,vfm_entregado) VALUES (13594,770033,8,40,320,@@@NO@@@)','',2,'2013-10-12'),(76995,'INSERT INTO gne_vale_ferreteria_mov (vfe_id,pro_codigo_plu,vfm_cantidad,vfm_unitario,vfm_total,vfm_entregado) VALUES (13594,262020,1,2590,2590,@@@NO@@@)','',2,'2013-10-12'),(76996,'INSERT INTO gne_vale_ferreteria (vfe_id,vfe_fecha,vfe_total,vfe_estado,vfe_entregado,usu_nusuario) VALUES (13595,@@@2013.10.12@@@,1790,1,0,@@@G_DIAZ@@@)','',2,'2013-10-12'),(76997,'INSERT INTO gne_vale_ferreteria_mov (vfe_id,pro_codigo_plu,vfm_cantidad,vfm_unitario,vfm_total,vfm_entregado) VALUES (13595,763957,1,1790,1790,@@@NO@@@)','',2,'2013-10-12'),(76998,'INSERT INTO gne_vale_ferreteria (vfe_id,vfe_fecha,vfe_total,vfe_estado,vfe_entregado,usu_nusuario) VALUES (13596,@@@2013.10.12@@@,50,1,0,@@@G_DIAZ@@@)','',2,'2013-10-12'),(76999,'INSERT INTO gne_vale_ferreteria_mov (vfe_id,pro_codigo_plu,vfm_cantidad,vfm_unitario,vfm_total,vfm_entregado) VALUES (13596,4129,1,50,50,@@@NO@@@)','',2,'2013-10-12'),(77000,'INSERT INTO gne_vale_ferreteria (vfe_id,vfe_fecha,vfe_total,vfe_estado,vfe_entregado,usu_nusuario) VALUES (13597,@@@2013.10.12@@@,1790,1,0,@@@G_DIAZ@@@)','',2,'2013-10-12'),(77001,'INSERT INTO gne_vale_ferreteria_mov (vfe_id,pro_codigo_plu,vfm_cantidad,vfm_unitario,vfm_total,vfm_entregado) VALUES (13597,780721735,1,1790,1790,@@@NO@@@)','',2,'2013-10-12'),(77002,'INSERT INTO gne_vale_ferreteria (vfe_id,vfe_fecha,vfe_total,vfe_estado,vfe_entregado,usu_nusuario) VALUES (13598,@@@2013.10.12@@@,150,1,0,@@@G_DIAZ@@@)','',2,'2013-10-12'),(77003,'INSERT INTO gne_vale_ferreteria_mov (vfe_id,pro_codigo_plu,vfm_cantidad,vfm_unitario,vfm_total,vfm_entregado) VALUES (13598,8021,1,150,150,@@@NO@@@)','',2,'2013-10-12'),(77004,'INSERT INTO gne_vale_ferreteria (vfe_id,vfe_fecha,vfe_total,vfe_estado,vfe_entregado,usu_nusuario) VALUES (13599,@@@2013.10.12@@@,3890,1,0,@@@G_DIAZ@@@)','',2,'2013-10-12'),(77005,'INSERT INTO gne_vale_ferreteria_mov (vfe_id,pro_codigo_plu,vfm_cantidad,vfm_unitario,vfm_total,vfm_entregado) VALUES (13599,780721732,1,3890,3890,@@@NO@@@)','',2,'2013-10-12'),(77006,'INSERT INTO gne_vale_ferreteria (vfe_id,vfe_fecha,vfe_total,vfe_estado,vfe_entregado,usu_nusuario) VALUES (13600,@@@2013.10.12@@@,690,1,0,@@@G_DIAZ@@@)','',2,'2013-10-12'),(77007,'INSERT INTO gne_vale_ferreteria_mov (vfe_id,pro_codigo_plu,vfm_cantidad,vfm_unitario,vfm_total,vfm_entregado) VALUES (13600,770091,1,690,690,@@@NO@@@)','',2,'2013-10-12'),(77008,'INSERT INTO gne_vale_ferreteria (vfe_id,vfe_fecha,vfe_total,vfe_estado,vfe_entregado,usu_nusuario) VALUES (13601,@@@2013.10.12@@@,7440,1,0,@@@G_DIAZ@@@)','',2,'2013-10-12'),(77009,'INSERT INTO gne_vale_ferreteria_mov (vfe_id,pro_codigo_plu,vfm_cantidad,vfm_unitario,vfm_total,vfm_entregado) VALUES (13601,15967,5,130,650,@@@NO@@@)','',2,'2013-10-12'),(77010,'INSERT INTO gne_vale_ferreteria_mov (vfe_id,pro_codigo_plu,vfm_cantidad,vfm_unitario,vfm_total,vfm_entregado) VALUES (13601,780721619,1,6790,6790,@@@NO@@@)','',2,'2013-10-12'),(77011,'INSERT INTO gne_vale_ferreteria (vfe_id,vfe_fecha,vfe_total,vfe_estado,vfe_entregado,usu_nusuario) VALUES (13602,@@@2013.10.12@@@,150,1,0,@@@G_DIAZ@@@)','',2,'2013-10-12'),(77012,'INSERT INTO gne_vale_ferreteria_mov (vfe_id,pro_codigo_plu,vfm_cantidad,vfm_unitario,vfm_total,vfm_entregado) VALUES (13602,8021,1,150,150,@@@NO@@@)','',2,'2013-10-12'),(77013,'INSERT INTO gne_vale_ferreteria (vfe_id,vfe_fecha,vfe_total,vfe_estado,vfe_entregado,usu_nusuario) VALUES (13603,@@@2013.10.12@@@,1800,1,0,@@@G_DIAZ@@@)','',2,'2013-10-12'),(77014,'INSERT INTO gne_vale_ferreteria_mov (vfe_id,pro_codigo_plu,vfm_cantidad,vfm_unitario,vfm_total,vfm_entregado) VALUES (13603,764500,4,450,1800,@@@NO@@@)','',2,'2013-10-12'),(77015,'INSERT INTO gne_vale_ferreteria (vfe_id,vfe_fecha,vfe_total,vfe_estado,vfe_entregado,usu_nusuario) VALUES (13604,@@@2013.10.12@@@,250,1,0,@@@G_DIAZ@@@)','',2,'2013-10-12'),(77016,'INSERT INTO gne_vale_ferreteria_mov (vfe_id,pro_codigo_plu,vfm_cantidad,vfm_unitario,vfm_total,vfm_entregado) VALUES (13604,764583,1,250,250,@@@NO@@@)','',2,'2013-10-12'),(77017,'INSERT INTO gne_vale_ferreteria (vfe_id,vfe_fecha,vfe_total,vfe_estado,vfe_entregado,usu_nusuario) VALUES (13605,@@@2013.10.12@@@,120,1,0,@@@G_DIAZ@@@)','',2,'2013-10-12'),(77018,'INSERT INTO gne_vale_ferreteria_mov (vfe_id,pro_codigo_plu,vfm_cantidad,vfm_unitario,vfm_total,vfm_entregado) VALUES (13605,764766,1,120,120,@@@NO@@@)','',2,'2013-10-12'),(77019,'INSERT INTO gne_vale_ferreteria (vfe_id,vfe_fecha,vfe_total,vfe_estado,vfe_entregado,usu_nusuario) VALUES (13606,@@@2013.10.12@@@,200,1,0,@@@G_DIAZ@@@)','',2,'2013-10-12'),(77020,'INSERT INTO gne_vale_ferreteria_mov (vfe_id,pro_codigo_plu,vfm_cantidad,vfm_unitario,vfm_total,vfm_entregado) VALUES (13606,770003,20,10,200,@@@NO@@@)','',2,'2013-10-12'),(77021,'INSERT INTO gne_vale_ferreteria (vfe_id,vfe_fecha,vfe_total,vfe_estado,vfe_entregado,usu_nusuario) VALUES (13607,@@@2013.10.12@@@,390,1,0,@@@G_DIAZ@@@)','',2,'2013-10-12'),(77022,'INSERT INTO gne_vale_ferreteria_mov (vfe_id,pro_codigo_plu,vfm_cantidad,vfm_unitario,vfm_total,vfm_entregado) VALUES (13607,780220121,1,390,390,@@@NO@@@)','',2,'2013-10-12'),(77023,'INSERT INTO gne_vale_ferreteria (vfe_id,vfe_fecha,vfe_total,vfe_estado,vfe_entregado,usu_nusuario) VALUES (13608,@@@2013.10.12@@@,200,1,0,@@@G_DIAZ@@@)','',2,'2013-10-12'),(77024,'INSERT INTO gne_vale_ferreteria_mov (vfe_id,pro_codigo_plu,vfm_cantidad,vfm_unitario,vfm_total,vfm_entregado) VALUES (13608,1556,1,200,200,@@@NO@@@)','',2,'2013-10-12'),(77025,'INSERT INTO gne_vale_ferreteria (vfe_id,vfe_fecha,vfe_total,vfe_estado,vfe_entregado,usu_nusuario) VALUES (13609,@@@2013.10.12@@@,390,1,0,@@@G_DIAZ@@@)','',2,'2013-10-12'),(77026,'INSERT INTO gne_vale_ferreteria_mov (vfe_id,pro_codigo_plu,vfm_cantidad,vfm_unitario,vfm_total,vfm_entregado) VALUES (13609,8023,1,390,390,@@@NO@@@)','',2,'2013-10-12'),(77027,'INSERT INTO gne_vale_ferreteria (vfe_id,vfe_fecha,vfe_total,vfe_estado,vfe_entregado,usu_nusuario) VALUES (13610,@@@2013.10.12@@@,8980,1,0,@@@G_DIAZ@@@)','',2,'2013-10-12'),(77028,'INSERT INTO gne_vale_ferreteria_mov (vfe_id,pro_codigo_plu,vfm_cantidad,vfm_unitario,vfm_total,vfm_entregado) VALUES (13610,780721736,1,3990,3990,@@@NO@@@)','',2,'2013-10-12'),(77029,'INSERT INTO gne_vale_ferreteria_mov (vfe_id,pro_codigo_plu,vfm_cantidad,vfm_unitario,vfm_total,vfm_entregado) VALUES (13610,780721319,1,4990,4990,@@@NO@@@)','',2,'2013-10-12'),(77030,'INSERT INTO gne_vale_ferreteria (vfe_id,vfe_fecha,vfe_total,vfe_estado,vfe_entregado,usu_nusuario) VALUES (13611,@@@2013.10.12@@@,1340,1,0,@@@G_DIAZ@@@)','',2,'2013-10-12'),(77031,'INSERT INTO gne_vale_ferreteria_mov (vfe_id,pro_codigo_plu,vfm_cantidad,vfm_unitario,vfm_total,vfm_entregado) VALUES (13611,761962,1,450,450,@@@NO@@@)','',2,'2013-10-12'),(77032,'INSERT INTO gne_vale_ferreteria_mov (vfe_id,pro_codigo_plu,vfm_cantidad,vfm_unitario,vfm_total,vfm_entregado) VALUES (13611,780721660,1,490,490,@@@NO@@@)','',2,'2013-10-12'),(77033,'INSERT INTO gne_vale_ferreteria_mov (vfe_id,pro_codigo_plu,vfm_cantidad,vfm_unitario,vfm_total,vfm_entregado) VALUES (13611,1068,1,200,200,@@@NO@@@)','',2,'2013-10-12'),(77034,'INSERT INTO gne_vale_ferreteria_mov (vfe_id,pro_codigo_plu,vfm_cantidad,vfm_unitario,vfm_total,vfm_entregado) VALUES (13611,1069,1,200,200,@@@NO@@@)','',2,'2013-10-12'),(77035,'INSERT INTO gne_vale_ferreteria (vfe_id,vfe_fecha,vfe_total,vfe_estado,vfe_entregado,usu_nusuario) VALUES (13612,@@@2013.10.12@@@,750,1,0,@@@G_DIAZ@@@)','',2,'2013-10-12'),(77036,'INSERT INTO gne_vale_ferreteria_mov (vfe_id,pro_codigo_plu,vfm_cantidad,vfm_unitario,vfm_total,vfm_entregado) VALUES (13612,8829,1,750,750,@@@NO@@@)','',2,'2013-10-12'),(77037,'INSERT INTO gne_vale_ferreteria (vfe_id,vfe_fecha,vfe_total,vfe_estado,vfe_entregado,usu_nusuario) VALUES (13613,@@@2013.10.12@@@,350,1,0,@@@G_DIAZ@@@)','',2,'2013-10-12'),(77038,'INSERT INTO gne_vale_ferreteria_mov (vfe_id,pro_codigo_plu,vfm_cantidad,vfm_unitario,vfm_total,vfm_entregado) VALUES (13613,8021,1,150,150,@@@NO@@@)','',2,'2013-10-12'),(77039,'INSERT INTO gne_vale_ferreteria_mov (vfe_id,pro_codigo_plu,vfm_cantidad,vfm_unitario,vfm_total,vfm_entregado) VALUES (13613,765072,1,200,200,@@@NO@@@)','',2,'2013-10-12'),(77040,'INSERT INTO gne_vale_ferreteria (vfe_id,vfe_fecha,vfe_total,vfe_estado,vfe_entregado,usu_nusuario) VALUES (13614,@@@2013.10.12@@@,50,1,0,@@@G_DIAZ@@@)','',2,'2013-10-12'),(77041,'INSERT INTO gne_vale_ferreteria_mov (vfe_id,pro_codigo_plu,vfm_cantidad,vfm_unitario,vfm_total,vfm_entregado) VALUES (13614,4129,1,50,50,@@@NO@@@)','',2,'2013-10-12'),(77042,'INSERT INTO gne_vale_ferreteria (vfe_id,vfe_fecha,vfe_total,vfe_estado,vfe_entregado,usu_nusuario) VALUES (13615,@@@2013.10.12@@@,2490,1,0,@@@G_DIAZ@@@)','',2,'2013-10-12'),(77043,'INSERT INTO gne_vale_ferreteria_mov (vfe_id,pro_codigo_plu,vfm_cantidad,vfm_unitario,vfm_total,vfm_entregado) VALUES (13615,763642,1,2490,2490,@@@NO@@@)','',2,'2013-10-12'),(77044,'INSERT INTO gne_vale_ferreteria (vfe_id,vfe_fecha,vfe_total,vfe_estado,vfe_entregado,usu_nusuario) VALUES (13616,@@@2013.10.12@@@,750,1,0,@@@G_DIAZ@@@)','',2,'2013-10-12'),(77045,'INSERT INTO gne_vale_ferreteria_mov (vfe_id,pro_codigo_plu,vfm_cantidad,vfm_unitario,vfm_total,vfm_entregado) VALUES (13616,78017050,1,750,750,@@@NO@@@)','',2,'2013-10-12'),(77046,'INSERT INTO gne_vale_ferreteria (vfe_id,vfe_fecha,vfe_total,vfe_estado,vfe_entregado,usu_nusuario) VALUES (13617,@@@2013.10.12@@@,990,1,0,@@@G_DIAZ@@@)','',2,'2013-10-12'),(77047,'INSERT INTO gne_vale_ferreteria_mov (vfe_id,pro_codigo_plu,vfm_cantidad,vfm_unitario,vfm_total,vfm_entregado) VALUES (13617,761546,1,990,990,@@@NO@@@)','',2,'2013-10-12'),(77048,'INSERT INTO gne_vale_ferreteria (vfe_id,vfe_fecha,vfe_total,vfe_estado,vfe_entregado,usu_nusuario) VALUES (13618,@@@2013.10.12@@@,1040,1,0,@@@G_DIAZ@@@)','',2,'2013-10-12'),(77049,'INSERT INTO gne_vale_ferreteria_mov (vfe_id,pro_codigo_plu,vfm_cantidad,vfm_unitario,vfm_total,vfm_entregado) VALUES (13618,1536,1,290,290,@@@NO@@@)','',2,'2013-10-12'),(77050,'INSERT INTO gne_vale_ferreteria_mov (vfe_id,pro_codigo_plu,vfm_cantidad,vfm_unitario,vfm_total,vfm_entregado) VALUES (13618,78017050,1,750,750,@@@NO@@@)','',2,'2013-10-12'),(77051,'INSERT INTO gne_vale_ferreteria (vfe_id,vfe_fecha,vfe_total,vfe_estado,vfe_entregado,usu_nusuario) VALUES (13619,@@@2013.10.12@@@,300,1,0,@@@G_DIAZ@@@)','',2,'2013-10-12'),(77052,'INSERT INTO gne_vale_ferreteria_mov (vfe_id,pro_codigo_plu,vfm_cantidad,vfm_unitario,vfm_total,vfm_entregado) VALUES (13619,78017153,10,30,300,@@@NO@@@)','',2,'2013-10-12'),(77053,'INSERT INTO gne_vale_ferreteria (vfe_id,vfe_fecha,vfe_total,vfe_estado,vfe_entregado,usu_nusuario) VALUES (13620,@@@2013.10.12@@@,300,1,0,@@@G_DIAZ@@@)','',2,'2013-10-12'),(77054,'INSERT INTO gne_vale_ferreteria_mov (vfe_id,pro_codigo_plu,vfm_cantidad,vfm_unitario,vfm_total,vfm_entregado) VALUES (13620,2004,1,300,300,@@@NO@@@)','',2,'2013-10-12'),(77055,'INSERT INTO gne_vale_ferreteria (vfe_id,vfe_fecha,vfe_total,vfe_estado,vfe_entregado,usu_nusuario) VALUES (13621,@@@2013.10.12@@@,520,1,0,@@@G_DIAZ@@@)','',2,'2013-10-12'),(77056,'INSERT INTO gne_vale_ferreteria_mov (vfe_id,pro_codigo_plu,vfm_cantidad,vfm_unitario,vfm_total,vfm_entregado) VALUES (13621,15929,4,130,520,@@@NO@@@)','',2,'2013-10-12'),(77057,'INSERT INTO gne_vale_ferreteria (vfe_id,vfe_fecha,vfe_total,vfe_estado,vfe_entregado,usu_nusuario) VALUES (13622,@@@2013.10.12@@@,1840,1,0,@@@G_DIAZ@@@)','',2,'2013-10-12'),(77058,'INSERT INTO gne_vale_ferreteria_mov (vfe_id,pro_codigo_plu,vfm_cantidad,vfm_unitario,vfm_total,vfm_entregado) VALUES (13622,20825,1,950,950,@@@NO@@@)','',2,'2013-10-12'),(77059,'INSERT INTO gne_vale_ferreteria_mov (vfe_id,pro_codigo_plu,vfm_cantidad,vfm_unitario,vfm_total,vfm_entregado) VALUES (13622,19855,1,890,890,@@@NO@@@)','',2,'2013-10-12'),(77060,'INSERT INTO gne_vale_ferreteria (vfe_id,vfe_fecha,vfe_total,vfe_estado,vfe_entregado,usu_nusuario) VALUES (13623,@@@2013.10.12@@@,490,1,0,@@@G_DIAZ@@@)','',2,'2013-10-12'),(77061,'INSERT INTO gne_vale_ferreteria_mov (vfe_id,pro_codigo_plu,vfm_cantidad,vfm_unitario,vfm_total,vfm_entregado) VALUES (13623,764701,1,490,490,@@@NO@@@)','',2,'2013-10-12'),(77062,'INSERT INTO gne_vale_ferreteria (vfe_id,vfe_fecha,vfe_total,vfe_estado,vfe_entregado,usu_nusuario) VALUES (13624,@@@2013.10.12@@@,390,1,0,@@@G_DIAZ@@@)','',2,'2013-10-12'),(77063,'INSERT INTO gne_vale_ferreteria_mov (vfe_id,pro_codigo_plu,vfm_cantidad,vfm_unitario,vfm_total,vfm_entregado) VALUES (13624,15929,3,130,390,@@@NO@@@)','',2,'2013-10-12'),(77064,'INSERT INTO gne_vale_ferreteria (vfe_id,vfe_fecha,vfe_total,vfe_estado,vfe_entregado,usu_nusuario) VALUES (13625,@@@2013.10.12@@@,450,1,0,@@@G_DIAZ@@@)','',2,'2013-10-12'),(77065,'INSERT INTO gne_vale_ferreteria_mov (vfe_id,pro_codigo_plu,vfm_cantidad,vfm_unitario,vfm_total,vfm_entregado) VALUES (13625,764502,1,450,450,@@@NO@@@)','',2,'2013-10-12'),(77066,'INSERT INTO gne_vale_ferreteria (vfe_id,vfe_fecha,vfe_total,vfe_estado,vfe_entregado,usu_nusuario) VALUES (13626,@@@2013.10.12@@@,850,1,0,@@@G_DIAZ@@@)','',2,'2013-10-12'),(77067,'INSERT INTO gne_vale_ferreteria_mov (vfe_id,pro_codigo_plu,vfm_cantidad,vfm_unitario,vfm_total,vfm_entregado) VALUES (13626,780721425,1,850,850,@@@NO@@@)','',2,'2013-10-12'),(77068,'INSERT INTO gne_vale_ferreteria (vfe_id,vfe_fecha,vfe_total,vfe_estado,vfe_entregado,usu_nusuario) VALUES (13627,@@@2013.10.12@@@,1830,1,0,@@@G_DIAZ@@@)','',2,'2013-10-12'),(77069,'INSERT INTO gne_vale_ferreteria_mov (vfe_id,pro_codigo_plu,vfm_cantidad,vfm_unitario,vfm_total,vfm_entregado) VALUES (13627,780721476,1,890,890,@@@NO@@@)','',2,'2013-10-12'),(77070,'INSERT INTO gne_vale_ferreteria_mov (vfe_id,pro_codigo_plu,vfm_cantidad,vfm_unitario,vfm_total,vfm_entregado) VALUES (13627,780721808,1,450,450,@@@NO@@@)','',2,'2013-10-12'),(77071,'INSERT INTO gne_vale_ferreteria_mov (vfe_id,pro_codigo_plu,vfm_cantidad,vfm_unitario,vfm_total,vfm_entregado) VALUES (13627,15802,1,490,490,@@@NO@@@)','',2,'2013-10-12'),(77072,'INSERT INTO gne_vale_ferreteria (vfe_id,vfe_fecha,vfe_total,vfe_estado,vfe_entregado,usu_nusuario) VALUES (13628,@@@2013.10.12@@@,599,1,0,@@@G_DIAZ@@@)','',2,'2013-10-12'),(77073,'INSERT INTO gne_vale_ferreteria_mov (vfe_id,pro_codigo_plu,vfm_cantidad,vfm_unitario,vfm_total,vfm_entregado) VALUES (13628,19916,1,599,599,@@@NO@@@)','',2,'2013-10-12'),(77074,'INSERT INTO gne_vale_ferreteria (vfe_id,vfe_fecha,vfe_total,vfe_estado,vfe_entregado,usu_nusuario) VALUES (13629,@@@2013.10.12@@@,1890,1,0,@@@G_DIAZ@@@)','',2,'2013-10-12'),(77075,'INSERT INTO gne_vale_ferreteria_mov (vfe_id,pro_codigo_plu,vfm_cantidad,vfm_unitario,vfm_total,vfm_entregado) VALUES (13629,101626,1,1890,1890,@@@NO@@@)','',2,'2013-10-12'),(77076,'INSERT INTO gne_vale_ferreteria (vfe_id,vfe_fecha,vfe_total,vfe_estado,vfe_entregado,usu_nusuario) VALUES (13630,@@@2013.10.12@@@,3390,1,0,@@@G_DIAZ@@@)','',2,'2013-10-12'),(77077,'INSERT INTO gne_vale_ferreteria_mov (vfe_id,pro_codigo_plu,vfm_cantidad,vfm_unitario,vfm_total,vfm_entregado) VALUES (13630,763642,1,2490,2490,@@@NO@@@)','',2,'2013-10-12'),(77078,'INSERT INTO gne_vale_ferreteria_mov (vfe_id,pro_codigo_plu,vfm_cantidad,vfm_unitario,vfm_total,vfm_entregado) VALUES (13630,763883,1,900,900,@@@NO@@@)','',2,'2013-10-12'),(77079,'INSERT INTO gne_vale_ferreteria (vfe_id,vfe_fecha,vfe_total,vfe_estado,vfe_entregado,usu_nusuario) VALUES (13631,@@@2013.10.12@@@,490,1,0,@@@G_DIAZ@@@)','',2,'2013-10-12'),(77080,'INSERT INTO gne_vale_ferreteria_mov (vfe_id,pro_codigo_plu,vfm_cantidad,vfm_unitario,vfm_total,vfm_entregado) VALUES (13631,764074,1,490,490,@@@NO@@@)','',2,'2013-10-12'),(77081,'INSERT INTO gne_vale_ferreteria (vfe_id,vfe_fecha,vfe_total,vfe_estado,vfe_entregado,usu_nusuario) VALUES (13632,@@@2013.10.12@@@,1490,1,0,@@@G_DIAZ@@@)','',2,'2013-10-12'),(77082,'INSERT INTO gne_vale_ferreteria_mov (vfe_id,pro_codigo_plu,vfm_cantidad,vfm_unitario,vfm_total,vfm_entregado) VALUES (13632,764564,1,1490,1490,@@@NO@@@)','',2,'2013-10-12'),(77083,'INSERT INTO gne_vale_ferreteria (vfe_id,vfe_fecha,vfe_total,vfe_estado,vfe_entregado,usu_nusuario) VALUES (13633,@@@2013.10.12@@@,1280,1,0,@@@G_DIAZ@@@)','',2,'2013-10-12'),(77084,'INSERT INTO gne_vale_ferreteria_mov (vfe_id,pro_codigo_plu,vfm_cantidad,vfm_unitario,vfm_total,vfm_entregado) VALUES (13633,780721716,2,590,1180,@@@NO@@@)','',2,'2013-10-12'),(77085,'INSERT INTO gne_vale_ferreteria_mov (vfe_id,pro_codigo_plu,vfm_cantidad,vfm_unitario,vfm_total,vfm_entregado) VALUES (13633,780220123,2,50,100,@@@NO@@@)','',2,'2013-10-12'),(77086,'INSERT INTO gne_vale_ferreteria (vfe_id,vfe_fecha,vfe_total,vfe_estado,vfe_entregado,usu_nusuario) VALUES (13634,@@@2013.10.12@@@,680,1,0,@@@G_DIAZ@@@)','',2,'2013-10-12'),(77087,'INSERT INTO gne_vale_ferreteria_mov (vfe_id,pro_codigo_plu,vfm_cantidad,vfm_unitario,vfm_total,vfm_entregado) VALUES (13634,761330,1,290,290,@@@NO@@@)','',2,'2013-10-12'),(77088,'INSERT INTO gne_vale_ferreteria_mov (vfe_id,pro_codigo_plu,vfm_cantidad,vfm_unitario,vfm_total,vfm_entregado) VALUES (13634,101102,1,390,390,@@@NO@@@)','',2,'2013-10-12'),(77089,'INSERT INTO gne_vale_ferreteria (vfe_id,vfe_fecha,vfe_total,vfe_estado,vfe_entregado,usu_nusuario) VALUES (13635,@@@2013.10.12@@@,230,1,0,@@@G_DIAZ@@@)','',2,'2013-10-12'),(77090,'INSERT INTO gne_vale_ferreteria_mov (vfe_id,pro_codigo_plu,vfm_cantidad,vfm_unitario,vfm_total,vfm_entregado) VALUES (13635,763783,1,230,230,@@@NO@@@)','',2,'2013-10-12'),(77091,'INSERT INTO gne_vale_ferreteria (vfe_id,vfe_fecha,vfe_total,vfe_estado,vfe_entregado,usu_nusuario) VALUES (13636,@@@2013.10.12@@@,300,1,0,@@@G_DIAZ@@@)','',2,'2013-10-12'),(77092,'INSERT INTO gne_vale_ferreteria_mov (vfe_id,pro_codigo_plu,vfm_cantidad,vfm_unitario,vfm_total,vfm_entregado) VALUES (13636,7051,3,100,300,@@@NO@@@)','',2,'2013-10-12'),(77093,'INSERT INTO gne_vale_ferreteria (vfe_id,vfe_fecha,vfe_total,vfe_estado,vfe_entregado,usu_nusuario) VALUES (13637,@@@2013.10.12@@@,800,1,0,@@@G_DIAZ@@@)','',2,'2013-10-12'),(77094,'INSERT INTO gne_vale_ferreteria_mov (vfe_id,pro_codigo_plu,vfm_cantidad,vfm_unitario,vfm_total,vfm_entregado) VALUES (13637,78017111,3,100,300,@@@NO@@@)','',2,'2013-10-12'),(77095,'INSERT INTO gne_vale_ferreteria_mov (vfe_id,pro_codigo_plu,vfm_cantidad,vfm_unitario,vfm_total,vfm_entregado) VALUES (13637,7500885,10,50,500,@@@NO@@@)','',2,'2013-10-12'),(77096,'INSERT INTO gne_vale_ferreteria (vfe_id,vfe_fecha,vfe_total,vfe_estado,vfe_entregado,usu_nusuario) VALUES (13638,@@@2013.10.12@@@,350,1,0,@@@G_DIAZ@@@)','',2,'2013-10-12'),(77097,'INSERT INTO gne_vale_ferreteria_mov (vfe_id,pro_codigo_plu,vfm_cantidad,vfm_unitario,vfm_total,vfm_entregado) VALUES (13638,780220093,1,350,350,@@@NO@@@)','',2,'2013-10-12'),(77098,'INSERT INTO gne_vale_ferreteria (vfe_id,vfe_fecha,vfe_total,vfe_estado,vfe_entregado,usu_nusuario) VALUES (13639,@@@2013.10.12@@@,1290,1,0,@@@G_DIAZ@@@)','',2,'2013-10-12'),(77099,'INSERT INTO gne_vale_ferreteria_mov (vfe_id,pro_codigo_plu,vfm_cantidad,vfm_unitario,vfm_total,vfm_entregado) VALUES (13639,764692,1,1290,1290,@@@NO@@@)','',2,'2013-10-12'),(77100,'INSERT INTO gne_vale_ferreteria (vfe_id,vfe_fecha,vfe_total,vfe_estado,vfe_entregado,usu_nusuario) VALUES (13640,@@@2013.10.12@@@,100,1,0,@@@G_DIAZ@@@)','',2,'2013-10-12'),(77101,'INSERT INTO gne_vale_ferreteria_mov (vfe_id,pro_codigo_plu,vfm_cantidad,vfm_unitario,vfm_total,vfm_entregado) VALUES (13640,764834,5,20,100,@@@NO@@@)','',2,'2013-10-12'),(77102,'INSERT INTO gne_vale_ferreteria (vfe_id,vfe_fecha,vfe_total,vfe_estado,vfe_entregado,usu_nusuario) VALUES (13641,@@@2013.10.12@@@,2650,1,0,@@@G_DIAZ@@@)','',2,'2013-10-12'),(77103,'INSERT INTO gne_vale_ferreteria_mov (vfe_id,pro_codigo_plu,vfm_cantidad,vfm_unitario,vfm_total,vfm_entregado) VALUES (13641,20537,1,1750,1750,@@@NO@@@)','',2,'2013-10-12'),(77104,'INSERT INTO gne_vale_ferreteria_mov (vfe_id,pro_codigo_plu,vfm_cantidad,vfm_unitario,vfm_total,vfm_entregado) VALUES (13641,763883,1,900,900,@@@NO@@@)','',2,'2013-10-12'),(77105,'INSERT INTO gne_vale_ferreteria (vfe_id,vfe_fecha,vfe_total,vfe_estado,vfe_entregado,usu_nusuario) VALUES (13642,@@@2013.10.12@@@,300,1,0,@@@G_DIAZ@@@)','',2,'2013-10-12'),(77106,'INSERT INTO gne_vale_ferreteria_mov (vfe_id,pro_codigo_plu,vfm_cantidad,vfm_unitario,vfm_total,vfm_entregado) VALUES (13642,764848,1,300,300,@@@NO@@@)','',2,'2013-10-12'),(77107,'INSERT INTO gne_vale_ferreteria (vfe_id,vfe_fecha,vfe_total,vfe_estado,vfe_entregado,usu_nusuario) VALUES (13643,@@@2013.10.12@@@,1890,1,0,@@@G_DIAZ@@@)','',2,'2013-10-12'),(77108,'INSERT INTO gne_vale_ferreteria_mov (vfe_id,pro_codigo_plu,vfm_cantidad,vfm_unitario,vfm_total,vfm_entregado) VALUES (13643,101625,1,1890,1890,@@@NO@@@)','',2,'2013-10-12'),(77109,'INSERT INTO gne_vale_ferreteria (vfe_id,vfe_fecha,vfe_total,vfe_estado,vfe_entregado,usu_nusuario) VALUES (13644,@@@2013.10.12@@@,2190,1,0,@@@G_DIAZ@@@)','',2,'2013-10-12'),(77110,'INSERT INTO gne_vale_ferreteria_mov (vfe_id,pro_codigo_plu,vfm_cantidad,vfm_unitario,vfm_total,vfm_entregado) VALUES (13644,100983,1,2190,2190,@@@NO@@@)','',2,'2013-10-12'),(77111,'INSERT INTO gne_vale_ferreteria (vfe_id,vfe_fecha,vfe_total,vfe_estado,vfe_entregado,usu_nusuario) VALUES (13645,@@@2013.10.12@@@,330,1,0,@@@G_DIAZ@@@)','',2,'2013-10-12'),(77112,'INSERT INTO gne_vale_ferreteria_mov (vfe_id,pro_codigo_plu,vfm_cantidad,vfm_unitario,vfm_total,vfm_entregado) VALUES (13645,19918,1,330,330,@@@NO@@@)','',2,'2013-10-12'),(77113,'INSERT INTO gne_vale_ferreteria (vfe_id,vfe_fecha,vfe_total,vfe_estado,vfe_entregado,usu_nusuario) VALUES (13646,@@@2013.10.12@@@,3990,1,0,@@@G_DIAZ@@@)','',2,'2013-10-12'),(77114,'INSERT INTO gne_vale_ferreteria_mov (vfe_id,pro_codigo_plu,vfm_cantidad,vfm_unitario,vfm_total,vfm_entregado) VALUES (13646,764850,1,3990,3990,@@@NO@@@)','',2,'2013-10-12'),(77115,'INSERT INTO gne_vale_ferreteria (vfe_id,vfe_fecha,vfe_total,vfe_estado,vfe_entregado,usu_nusuario) VALUES (13647,@@@2013.10.12@@@,200,1,0,@@@G_DIAZ@@@)','',2,'2013-10-12'),(77116,'INSERT INTO gne_vale_ferreteria_mov (vfe_id,pro_codigo_plu,vfm_cantidad,vfm_unitario,vfm_total,vfm_entregado) VALUES (13647,8021,1,150,150,@@@NO@@@)','',2,'2013-10-12'),(77117,'INSERT INTO gne_vale_ferreteria_mov (vfe_id,pro_codigo_plu,vfm_cantidad,vfm_unitario,vfm_total,vfm_entregado) VALUES (13647,4129,1,50,50,@@@NO@@@)','',2,'2013-10-12'),(77118,'INSERT INTO gne_vale_ferreteria (vfe_id,vfe_fecha,vfe_total,vfe_estado,vfe_entregado,usu_nusuario) VALUES (13648,@@@2013.10.12@@@,1990,1,0,@@@G_DIAZ@@@)','',2,'2013-10-12'),(77119,'INSERT INTO gne_vale_ferreteria_mov (vfe_id,pro_codigo_plu,vfm_cantidad,vfm_unitario,vfm_total,vfm_entregado) VALUES (13648,20476,1,1990,1990,@@@NO@@@)','',2,'2013-10-12'),(77120,'INSERT INTO gne_vale_ferreteria (vfe_id,vfe_fecha,vfe_total,vfe_estado,vfe_entregado,usu_nusuario) VALUES (13649,@@@2013.10.12@@@,40,1,0,@@@G_DIAZ@@@)','',2,'2013-10-12'),(77121,'INSERT INTO gne_vale_ferreteria_mov (vfe_id,pro_codigo_plu,vfm_cantidad,vfm_unitario,vfm_total,vfm_entregado) VALUES (13649,78017241,1,40,40,@@@NO@@@)','',2,'2013-10-12'),(77122,'INSERT INTO gne_vale_ferreteria (vfe_id,vfe_fecha,vfe_total,vfe_estado,vfe_entregado,usu_nusuario) VALUES (13650,@@@2013.10.12@@@,1198,1,0,@@@G_DIAZ@@@)','',2,'2013-10-12'),(77123,'INSERT INTO gne_vale_ferreteria_mov (vfe_id,pro_codigo_plu,vfm_cantidad,vfm_unitario,vfm_total,vfm_entregado) VALUES (13650,19916,2,599,1198,@@@NO@@@)','',2,'2013-10-12'),(77124,'INSERT INTO gne_vale_ferreteria (vfe_id,vfe_fecha,vfe_total,vfe_estado,vfe_entregado,usu_nusuario) VALUES (13651,@@@2013.10.12@@@,200,1,0,@@@G_DIAZ@@@)','',2,'2013-10-12'),(77125,'INSERT INTO gne_vale_ferreteria_mov (vfe_id,pro_codigo_plu,vfm_cantidad,vfm_unitario,vfm_total,vfm_entregado) VALUES (13651,1556,1,200,200,@@@NO@@@)','',2,'2013-10-12'),(77126,'INSERT INTO gne_vale_ferreteria (vfe_id,vfe_fecha,vfe_total,vfe_estado,vfe_entregado,usu_nusuario) VALUES (13652,@@@2013.10.12@@@,250,1,0,@@@G_DIAZ@@@)','',2,'2013-10-12'),(77127,'INSERT INTO gne_vale_ferreteria_mov (vfe_id,pro_codigo_plu,vfm_cantidad,vfm_unitario,vfm_total,vfm_entregado) VALUES (13652,780220102,1,250,250,@@@NO@@@)','',2,'2013-10-12'),(77128,'INSERT INTO gne_vale_ferreteria (vfe_id,vfe_fecha,vfe_total,vfe_estado,vfe_entregado,usu_nusuario) VALUES (13653,@@@2013.10.12@@@,690,1,0,@@@G_DIAZ@@@)','',2,'2013-10-12'),(77129,'INSERT INTO gne_vale_ferreteria_mov (vfe_id,pro_codigo_plu,vfm_cantidad,vfm_unitario,vfm_total,vfm_entregado) VALUES (13653,763585,1,330,330,@@@NO@@@)','',2,'2013-10-12'),(77130,'INSERT INTO gne_vale_ferreteria_mov (vfe_id,pro_codigo_plu,vfm_cantidad,vfm_unitario,vfm_total,vfm_entregado) VALUES (13653,764766,3,120,360,@@@NO@@@)','',2,'2013-10-12'),(77131,'INSERT INTO gne_vale_ferreteria (vfe_id,vfe_fecha,vfe_total,vfe_estado,vfe_entregado,usu_nusuario) VALUES (13654,@@@2013.10.12@@@,500,1,0,@@@G_DIAZ@@@)','',2,'2013-10-12'),(77132,'INSERT INTO gne_vale_ferreteria_mov (vfe_id,pro_codigo_plu,vfm_cantidad,vfm_unitario,vfm_total,vfm_entregado) VALUES (13654,101082,2,250,500,@@@NO@@@)','',2,'2013-10-12'),(77133,'INSERT INTO gne_vale_ferreteria (vfe_id,vfe_fecha,vfe_total,vfe_estado,vfe_entregado,usu_nusuario) VALUES (13655,@@@2013.10.12@@@,1890,1,0,@@@G_DIAZ@@@)','',2,'2013-10-12'),(77134,'INSERT INTO gne_vale_ferreteria_mov (vfe_id,pro_codigo_plu,vfm_cantidad,vfm_unitario,vfm_total,vfm_entregado) VALUES (13655,12222,1,1890,1890,@@@NO@@@)','',2,'2013-10-12'),(77135,'INSERT INTO gne_vale_ferreteria (vfe_id,vfe_fecha,vfe_total,vfe_estado,vfe_entregado,usu_nusuario) VALUES (13656,@@@2013.10.12@@@,980,1,0,@@@G_DIAZ@@@)','',2,'2013-10-12'),(77136,'INSERT INTO gne_vale_ferreteria_mov (vfe_id,pro_codigo_plu,vfm_cantidad,vfm_unitario,vfm_total,vfm_entregado) VALUES (13656,764397,2,490,980,@@@NO@@@)','',2,'2013-10-12'),(77137,'INSERT INTO gne_vale_ferreteria (vfe_id,vfe_fecha,vfe_total,vfe_estado,vfe_entregado,usu_nusuario) VALUES (13657,@@@2013.10.12@@@,400,1,0,@@@G_DIAZ@@@)','',2,'2013-10-12'),(77138,'INSERT INTO gne_vale_ferreteria_mov (vfe_id,pro_codigo_plu,vfm_cantidad,vfm_unitario,vfm_total,vfm_entregado) VALUES (13657,7051,4,100,400,@@@NO@@@)','',2,'2013-10-12'),(77139,'INSERT INTO gne_vale_ferreteria (vfe_id,vfe_fecha,vfe_total,vfe_estado,vfe_entregado,usu_nusuario) VALUES (13658,@@@2013.10.12@@@,90,1,0,@@@G_DIAZ@@@)','',2,'2013-10-12'),(77140,'INSERT INTO gne_vale_ferreteria_mov (vfe_id,pro_codigo_plu,vfm_cantidad,vfm_unitario,vfm_total,vfm_entregado) VALUES (13658,770003,9,10,90,@@@NO@@@)','',2,'2013-10-12'),(77141,'INSERT INTO gne_vale_ferreteria (vfe_id,vfe_fecha,vfe_total,vfe_estado,vfe_entregado,usu_nusuario) VALUES (13659,@@@2013.10.12@@@,100,1,0,@@@G_DIAZ@@@)','',2,'2013-10-12'),(77142,'INSERT INTO gne_vale_ferreteria_mov (vfe_id,pro_codigo_plu,vfm_cantidad,vfm_unitario,vfm_total,vfm_entregado) VALUES (13659,4093,1,100,100,@@@NO@@@)','',2,'2013-10-12'),(77143,'INSERT INTO gne_vale_ferreteria (vfe_id,vfe_fecha,vfe_total,vfe_estado,vfe_entregado,usu_nusuario) VALUES (13660,@@@2013.10.12@@@,290,1,0,@@@G_DIAZ@@@)','',2,'2013-10-12'),(77144,'INSERT INTO gne_vale_ferreteria_mov (vfe_id,pro_codigo_plu,vfm_cantidad,vfm_unitario,vfm_total,vfm_entregado) VALUES (13660,1536,1,290,290,@@@NO@@@)','',2,'2013-10-12'),(77145,'INSERT INTO gne_vale_ferreteria (vfe_id,vfe_fecha,vfe_total,vfe_estado,vfe_entregado,usu_nusuario) VALUES (13661,@@@2013.10.13@@@,920,1,0,@@@c_jara@@@)','',2,'2013-10-13'),(77146,'INSERT INTO gne_vale_ferreteria_mov (vfe_id,pro_codigo_plu,vfm_cantidad,vfm_unitario,vfm_total,vfm_entregado) VALUES (13661,19866,1,720,720,@@@NO@@@)','',2,'2013-10-13'),(77147,'INSERT INTO gne_vale_ferreteria_mov (vfe_id,pro_codigo_plu,vfm_cantidad,vfm_unitario,vfm_total,vfm_entregado) VALUES (13661,764560,2,100,200,@@@NO@@@)','',2,'2013-10-13'),(77148,'INSERT INTO gne_vale_ferreteria (vfe_id,vfe_fecha,vfe_total,vfe_estado,vfe_entregado,usu_nusuario) VALUES (13662,@@@2013.10.13@@@,720,1,0,@@@c_jara@@@)','',2,'2013-10-13'),(77149,'INSERT INTO gne_vale_ferreteria_mov (vfe_id,pro_codigo_plu,vfm_cantidad,vfm_unitario,vfm_total,vfm_entregado) VALUES (13662,10720,1,720,720,@@@NO@@@)','',2,'2013-10-13'),(77150,'INSERT INTO gne_vale_ferreteria (vfe_id,vfe_fecha,vfe_total,vfe_estado,vfe_entregado,usu_nusuario) VALUES (13663,@@@2013.10.13@@@,1050,1,0,@@@c_jara@@@)','',2,'2013-10-13'),(77151,'INSERT INTO gne_vale_ferreteria_mov (vfe_id,pro_codigo_plu,vfm_cantidad,vfm_unitario,vfm_total,vfm_entregado) VALUES (13663,780721061,1,1050,1050,@@@NO@@@)','',2,'2013-10-13'),(77152,'INSERT INTO gne_vale_ferreteria (vfe_id,vfe_fecha,vfe_total,vfe_estado,vfe_entregado,usu_nusuario) VALUES (13664,@@@2013.10.13@@@,250,1,0,@@@c_jara@@@)','',2,'2013-10-13'),(77153,'INSERT INTO gne_vale_ferreteria_mov (vfe_id,pro_codigo_plu,vfm_cantidad,vfm_unitario,vfm_total,vfm_entregado) VALUES (13664,780220139,1,250,250,@@@NO@@@)','',2,'2013-10-13'),(77154,'INSERT INTO gne_vale_ferreteria (vfe_id,vfe_fecha,vfe_total,vfe_estado,vfe_entregado,usu_nusuario) VALUES (13665,@@@2013.10.13@@@,150,1,0,@@@c_jara@@@)','',2,'2013-10-13'),(77155,'INSERT INTO gne_vale_ferreteria_mov (vfe_id,pro_codigo_plu,vfm_cantidad,vfm_unitario,vfm_total,vfm_entregado) VALUES (13665,764770,5,30,150,@@@NO@@@)','',2,'2013-10-13'),(77156,'UPDATE mae_productos SET pro_codigo_barra=@@@7803473542182@@@,pro_tipo=@@@0@@@,pro_nombre_producto=@@@PINGUINOS  MARINELA 120GRS.@@@,pro_nombre_corto=@@@PINGUINOS MARINE@@@,med_id=@@@5@@@,emb_id=@@@2@@@,pro_unidades_embalaje=@@@1@@@,dep_id=@@@32 @@@,lin_id=@@@215@@@,mar_id=@@@1762@@@,pro_precio_compra_neto=@@@0@@@,pro_precio_compra_bruto=@@@268.94@@@,pro_precio_venta=@@@350@@@,pro_margen_actual=@@@30.14@@@,pro_oferta=@@@NO@@@,pro_fecha_inicio_oferta=@@@1900.01.01@@@,pro_fecha_termino_oferta=@@@1900.01.01@@@,pro_precio_oferta=@@@0@@@,pro_stock_minimo=@@@20@@@,pro_stock_critico=@@@10@@@,pro_activo=@@@1@@@,pro_unidad=@@@0@@@,pro_precio_compra_bruto=268.94,pro_margen_actual=30.14,pro_capacidad=0.08,pro_funcion_plu=0,pro_flejes=1,pro_iva=1,pro_plu_asociado=0,pro_envase=@@@NO@@@,pro_duracion=0,pro_numero_etiqueta=0 WHERE pro_codigo_plu=@@@13551@@@','',2,'2013-10-13'),(77157,'UPDATE mae_productos SET pro_estado=1 WHERE pro_codigo_plu=13551','',2,'2013-10-13'),(77158,'DELETE FROM mae_impuestos_productos WHERE pro_codigo_plu=@@@13551@@@','',2,'2013-10-13'),(77159,'INSERT INTO gne_vale_ferreteria (vfe_id,vfe_fecha,vfe_total,vfe_estado,vfe_entregado,usu_nusuario) VALUES (13666,@@@2013.10.13@@@,4490,1,0,@@@c_jara@@@)','',2,'2013-10-13'),(77160,'INSERT INTO gne_vale_ferreteria_mov (vfe_id,pro_codigo_plu,vfm_cantidad,vfm_unitario,vfm_total,vfm_entregado) VALUES (13666,780220161,1,4490,4490,@@@NO@@@)','',2,'2013-10-13'),(77161,'UPDATE mae_productos SET pro_precio_compra_bruto=153.51,pro_margen_actual=(pro_precio_venta-153.51)/153.51 * 100,pro_ultima_compra=@@@2013.10.13@@@,pro_ultimo_proveedor=@@@82623500-4@@@ WHERE pro_codigo_plu=12029','',2,'2013-10-13'),(77162,'UPDATE mae_productos SET pro_precio_compra_bruto=268.94,pro_margen_actual=(pro_precio_venta-268.94)/268.94 * 100,pro_ultima_compra=@@@2013.10.13@@@,pro_ultimo_proveedor=@@@82623500-4@@@ WHERE pro_codigo_plu=78017083','',2,'2013-10-13'),(77163,'UPDATE mae_productos SET pro_precio_compra_bruto=499.8,pro_margen_actual=(pro_precio_venta-499.8)/499.8 * 100,pro_ultima_compra=@@@2013.10.13@@@,pro_ultimo_proveedor=@@@82623500-4@@@ WHERE pro_codigo_plu=14229','',2,'2013-10-13'),(77164,'UPDATE mae_productos SET pro_precio_compra_bruto=268.94,pro_margen_actual=(pro_precio_venta-268.94)/268.94 * 100,pro_ultima_compra=@@@2013.10.13@@@,pro_ultimo_proveedor=@@@82623500-4@@@ WHERE pro_codigo_plu=13551','',2,'2013-10-13'),(77165,'UPDATE mae_productos SET pro_precio_compra_bruto=191.59,pro_margen_actual=(pro_precio_venta-191.59)/191.59 * 100,pro_ultima_compra=@@@2013.10.13@@@,pro_ultimo_proveedor=@@@82623500-4@@@ WHERE pro_codigo_plu=763488','',2,'2013-10-13'),(77166,'UPDATE mae_productos SET pro_precio_compra_bruto=2023,pro_margen_actual=(pro_precio_venta-2023)/2023 * 100,pro_ultima_compra=@@@2013.10.13@@@,pro_ultimo_proveedor=@@@82623500-4@@@ WHERE pro_codigo_plu=780721593','',2,'2013-10-13'),(77167,'UPDATE mae_productos SET pro_precio_compra_bruto=1075.76,pro_margen_actual=(pro_precio_venta-1075.76)/1075.76 * 100,pro_ultima_compra=@@@2013.10.13@@@,pro_ultimo_proveedor=@@@82623500-4@@@ WHERE pro_codigo_plu=763525','',2,'2013-10-13'),(77168,'UPDATE mae_productos SET pro_precio_compra_bruto=191.59,pro_margen_actual=(pro_precio_venta-191.59)/191.59 * 100,pro_ultima_compra=@@@2013.10.13@@@,pro_ultimo_proveedor=@@@82623500-4@@@ WHERE pro_codigo_plu=13054','',2,'2013-10-13'),(77169,'UPDATE mae_productos SET pro_precio_compra_bruto=192.78,pro_margen_actual=(pro_precio_venta-192.78)/192.78 * 100,pro_ultima_compra=@@@2013.10.13@@@,pro_ultimo_proveedor=@@@82623500-4@@@ WHERE pro_codigo_plu=78017082','',2,'2013-10-13'),(77170,'UPDATE mae_productos SET pro_precio_compra_bruto=1154.3,pro_margen_actual=(pro_precio_venta-1154.3)/1154.3 * 100,pro_ultima_compra=@@@2013.10.13@@@,pro_ultimo_proveedor=@@@82623500-4@@@ WHERE pro_codigo_plu=763530','',2,'2013-10-13'),(77171,'UPDATE mae_productos SET pro_precio_compra_bruto=768.74,pro_margen_actual=(pro_precio_venta-768.74)/768.74 * 100,pro_ultima_compra=@@@2013.10.13@@@,pro_ultimo_proveedor=@@@82623500-4@@@ WHERE pro_codigo_plu=780721908','',2,'2013-10-13'),(77172,'UPDATE mae_productos SET pro_precio_compra_bruto=922.25,pro_margen_actual=(pro_precio_venta-922.25)/922.25 * 100,pro_ultima_compra=@@@2013.10.13@@@,pro_ultimo_proveedor=@@@82623500-4@@@ WHERE pro_codigo_plu=756073','',2,'2013-10-13'),(77173,'UPDATE mae_productos SET pro_precio_compra_bruto=1385.16,pro_margen_actual=(pro_precio_venta-1385.16)/1385.16 * 100,pro_ultima_compra=@@@2013.10.13@@@,pro_ultimo_proveedor=@@@82623500-4@@@ WHERE pro_codigo_plu=10855','',2,'2013-10-13'),(77174,'UPDATE mae_productos SET pro_precio_compra_bruto=192.78,pro_margen_actual=(pro_precio_venta-192.78)/192.78 * 100,pro_ultima_compra=@@@2013.10.13@@@,pro_ultimo_proveedor=@@@82623500-4@@@ WHERE pro_codigo_plu=762639','',2,'2013-10-13'),(77175,'UPDATE mae_productos SET pro_precio_compra_bruto=4771.82,pro_margen_actual=(pro_precio_venta-4771.82)/4771.82 * 100,pro_ultima_compra=@@@2013.10.13@@@,pro_ultimo_proveedor=@@@80186300-0@@@ WHERE pro_codigo_plu=329','',2,'2013-10-13'),(77176,'UPDATE mae_productos SET pro_precio_compra_bruto=3332.14,pro_margen_actual=(pro_precio_venta-3332.14)/3332.14 * 100,pro_ultima_compra=@@@2013.10.13@@@,pro_ultimo_proveedor=@@@80186300-0@@@ WHERE pro_codigo_plu=312','',2,'2013-10-13'),(77177,'UPDATE mae_productos SET pro_precio_compra_bruto=3450.96,pro_margen_actual=(pro_precio_venta-3450.96)/3450.96 * 100,pro_ultima_compra=@@@2013.10.13@@@,pro_ultimo_proveedor=@@@80186300-0@@@ WHERE pro_codigo_plu=313','',2,'2013-10-13'),(77178,'UPDATE mae_productos SET pro_precio_compra_bruto=4129.54,pro_margen_actual=(pro_precio_venta-4129.54)/4129.54 * 100,pro_ultima_compra=@@@2013.10.13@@@,pro_ultimo_proveedor=@@@80186300-0@@@ WHERE pro_codigo_plu=304','',2,'2013-10-13'),(77179,'UPDATE mae_productos SET pro_precio_compra_bruto=191.88,pro_margen_actual=(pro_precio_venta-191.88)/191.88 * 100,pro_ultima_compra=@@@2013.10.13@@@,pro_ultimo_proveedor=@@@80186300-0@@@ WHERE pro_codigo_plu=262530','',2,'2013-10-13'),(77180,'UPDATE mae_productos SET pro_precio_compra_bruto=191.88,pro_margen_actual=(pro_precio_venta-191.88)/191.88 * 100,pro_ultima_compra=@@@2013.10.13@@@,pro_ultimo_proveedor=@@@80186300-0@@@ WHERE pro_codigo_plu=762638','',2,'2013-10-13'),(77181,'UPDATE mae_productos SET pro_precio_compra_bruto=1309,pro_margen_actual=(pro_precio_venta-1309)/1309 * 100,pro_ultima_compra=@@@2013.10.13@@@,pro_ultimo_proveedor=@@@80186300-0@@@ WHERE pro_codigo_plu=349','',2,'2013-10-13'),(77182,'INSERT INTO gne_vale_ferreteria (vfe_id,vfe_fecha,vfe_total,vfe_estado,vfe_entregado,usu_nusuario) VALUES (13667,@@@2013.10.13@@@,200,1,0,@@@c_jara@@@)','',2,'2013-10-13'),(77183,'INSERT INTO gne_vale_ferreteria_mov (vfe_id,pro_codigo_plu,vfm_cantidad,vfm_unitario,vfm_total,vfm_entregado) VALUES (13667,101101,1,200,200,@@@NO@@@)','',2,'2013-10-13'),(77184,'INSERT INTO gne_vale_ferreteria (vfe_id,vfe_fecha,vfe_total,vfe_estado,vfe_entregado,usu_nusuario) VALUES (13668,@@@2013.10.13@@@,1390,1,0,@@@c_jara@@@)','',2,'2013-10-13'),(77185,'INSERT INTO gne_vale_ferreteria_mov (vfe_id,pro_codigo_plu,vfm_cantidad,vfm_unitario,vfm_total,vfm_entregado) VALUES (13668,20698,1,1390,1390,@@@NO@@@)','',2,'2013-10-13'),(77186,'INSERT INTO mae_clientes (cli_id,cli_rut,cli_nombre,cli_direccion,cli_sucursal,cli_ciudad,cli_nombre_contacto,cli_cargo,cli_telefono,cli_fax,cli_celular,cli_mail,tcp_id,cli_fecha_nacimiento,cli_activo,cli_limite_credito,cli_giro,cli_sobrecargo,cli_credito_ilimitado,cli_descuento_venta,cli_comuna) VALUES (@@@23@@@,@@@8741896-0@@@,@@@REGINALDO DANIEL GONZALEZ FRANCO@@@,@@@ALFONSO BAEZA 285@@@,@@@@@@,@@@NACIMIENTO@@@,@@@@@@,@@@@@@,@@@@@@,@@@@@@,@@@987745739@@@,@@@@@@,@@@4@@@,@@@1960.09.26@@@,@@@1@@@,@@@20000@@@,@@@@@@,0,0,0,@@@NACIMIENTO@@@)','',2,'2013-10-13'),(77187,'INSERT INTO gne_vale_ferreteria (vfe_id,vfe_fecha,vfe_total,vfe_estado,vfe_entregado,usu_nusuario) VALUES (13669,@@@2013.10.13@@@,1890,1,0,@@@c_jara@@@)','',2,'2013-10-13'),(77188,'INSERT INTO gne_vale_ferreteria_mov (vfe_id,pro_codigo_plu,vfm_cantidad,vfm_unitario,vfm_total,vfm_entregado) VALUES (13669,763606,1,1890,1890,@@@NO@@@)','',2,'2013-10-13'),(77189,'INSERT INTO gne_vale_ferreteria (vfe_id,vfe_fecha,vfe_total,vfe_estado,vfe_entregado,usu_nusuario) VALUES (13670,@@@2013.10.13@@@,550,1,0,@@@c_jara@@@)','',2,'2013-10-13'),(77190,'INSERT INTO gne_vale_ferreteria_mov (vfe_id,pro_codigo_plu,vfm_cantidad,vfm_unitario,vfm_total,vfm_entregado) VALUES (13670,763890,1,550,550,@@@NO@@@)','',2,'2013-10-13'),(77191,'INSERT INTO gne_vale_ferreteria (vfe_id,vfe_fecha,vfe_total,vfe_estado,vfe_entregado,usu_nusuario) VALUES (13671,@@@2013.10.13@@@,720,1,0,@@@c_jara@@@)','',2,'2013-10-13'),(77192,'INSERT INTO gne_vale_ferreteria_mov (vfe_id,pro_codigo_plu,vfm_cantidad,vfm_unitario,vfm_total,vfm_entregado) VALUES (13671,100325,1,720,720,@@@NO@@@)','',2,'2013-10-13'),(77193,'INSERT INTO gne_vale_ferreteria (vfe_id,vfe_fecha,vfe_total,vfe_estado,vfe_entregado,usu_nusuario) VALUES (13672,@@@2013.10.13@@@,1200,1,0,@@@c_jara@@@)','',2,'2013-10-13'),(77194,'INSERT INTO gne_vale_ferreteria_mov (vfe_id,pro_codigo_plu,vfm_cantidad,vfm_unitario,vfm_total,vfm_entregado) VALUES (13672,78017167,5,100,500,@@@NO@@@)','',2,'2013-10-13'),(77195,'INSERT INTO gne_vale_ferreteria_mov (vfe_id,pro_codigo_plu,vfm_cantidad,vfm_unitario,vfm_total,vfm_entregado) VALUES (13672,78017165,7,100,700,@@@NO@@@)','',2,'2013-10-13'),(77196,'INSERT INTO gne_vale_ferreteria (vfe_id,vfe_fecha,vfe_total,vfe_estado,vfe_entregado,usu_nusuario) VALUES (13673,@@@2013.10.13@@@,600,1,0,@@@c_jara@@@)','',2,'2013-10-13'),(77197,'INSERT INTO gne_vale_ferreteria_mov (vfe_id,pro_codigo_plu,vfm_cantidad,vfm_unitario,vfm_total,vfm_entregado) VALUES (13673,1542,3,100,300,@@@NO@@@)','',2,'2013-10-13'),(77198,'INSERT INTO gne_vale_ferreteria_mov (vfe_id,pro_codigo_plu,vfm_cantidad,vfm_unitario,vfm_total,vfm_entregado) VALUES (13673,2004,1,300,300,@@@NO@@@)','',2,'2013-10-13'),(77199,'INSERT INTO gne_vale_ferreteria (vfe_id,vfe_fecha,vfe_total,vfe_estado,vfe_entregado,usu_nusuario) VALUES (13674,@@@2013.10.13@@@,3470,1,0,@@@c_jara@@@)','',2,'2013-10-13'),(77200,'INSERT INTO gne_vale_ferreteria_mov (vfe_id,pro_codigo_plu,vfm_cantidad,vfm_unitario,vfm_total,vfm_entregado) VALUES (13674,101620,1,1890,1890,@@@NO@@@)','',2,'2013-10-13'),(77201,'INSERT INTO gne_vale_ferreteria_mov (vfe_id,pro_codigo_plu,vfm_cantidad,vfm_unitario,vfm_total,vfm_entregado) VALUES (13674,764099,1,1290,1290,@@@NO@@@)','',2,'2013-10-13'),(77202,'INSERT INTO gne_vale_ferreteria_mov (vfe_id,pro_codigo_plu,vfm_cantidad,vfm_unitario,vfm_total,vfm_entregado) VALUES (13674,1559,1,290,290,@@@NO@@@)','',2,'2013-10-13'),(77203,'INSERT INTO gne_vale_ferreteria (vfe_id,vfe_fecha,vfe_total,vfe_estado,vfe_entregado,usu_nusuario) VALUES (13675,@@@2013.10.13@@@,6990,1,0,@@@c_jara@@@)','',2,'2013-10-13'),(77204,'INSERT INTO gne_vale_ferreteria_mov (vfe_id,pro_codigo_plu,vfm_cantidad,vfm_unitario,vfm_total,vfm_entregado) VALUES (13675,880011,1,6990,6990,@@@NO@@@)','',2,'2013-10-13'),(77205,'INSERT INTO gne_vale_ferreteria (vfe_id,vfe_fecha,vfe_total,vfe_estado,vfe_entregado,usu_nusuario) VALUES (13676,@@@2013.10.13@@@,300,1,0,@@@c_jara@@@)','',2,'2013-10-13'),(77206,'INSERT INTO gne_vale_ferreteria_mov (vfe_id,pro_codigo_plu,vfm_cantidad,vfm_unitario,vfm_total,vfm_entregado) VALUES (13676,78017110,2,150,300,@@@NO@@@)','',2,'2013-10-13'),(77207,'INSERT INTO gne_vale_ferreteria (vfe_id,vfe_fecha,vfe_total,vfe_estado,vfe_entregado,usu_nusuario) VALUES (13677,@@@2013.10.13@@@,600,1,0,@@@c_jara@@@)','',2,'2013-10-13'),(77208,'INSERT INTO gne_vale_ferreteria_mov (vfe_id,pro_codigo_plu,vfm_cantidad,vfm_unitario,vfm_total,vfm_entregado) VALUES (13677,78017010,6,100,600,@@@NO@@@)','',2,'2013-10-13'),(77209,'INSERT INTO gne_vale_ferreteria (vfe_id,vfe_fecha,vfe_total,vfe_estado,vfe_entregado,usu_nusuario) VALUES (13678,@@@2013.10.13@@@,490,1,0,@@@c_jara@@@)','',2,'2013-10-13'),(77210,'INSERT INTO gne_vale_ferreteria_mov (vfe_id,pro_codigo_plu,vfm_cantidad,vfm_unitario,vfm_total,vfm_entregado) VALUES (13678,780721660,1,490,490,@@@NO@@@)','',2,'2013-10-13'),(77211,'INSERT INTO gne_vale_ferreteria (vfe_id,vfe_fecha,vfe_total,vfe_estado,vfe_entregado,usu_nusuario) VALUES (13679,@@@2013.10.13@@@,200,1,0,@@@c_jara@@@)','',2,'2013-10-13'),(77212,'INSERT INTO gne_vale_ferreteria_mov (vfe_id,pro_codigo_plu,vfm_cantidad,vfm_unitario,vfm_total,vfm_entregado) VALUES (13679,764702,1,200,200,@@@NO@@@)','',2,'2013-10-13'),(77213,'INSERT INTO gne_vale_ferreteria (vfe_id,vfe_fecha,vfe_total,vfe_estado,vfe_entregado,usu_nusuario) VALUES (13680,@@@2013.10.13@@@,4990,1,0,@@@c_jara@@@)','',2,'2013-10-13'),(77214,'INSERT INTO gne_vale_ferreteria_mov (vfe_id,pro_codigo_plu,vfm_cantidad,vfm_unitario,vfm_total,vfm_entregado) VALUES (13680,78016989,1,4990,4990,@@@NO@@@)','',2,'2013-10-13'),(77215,'INSERT INTO gne_vale_ferreteria (vfe_id,vfe_fecha,vfe_total,vfe_estado,vfe_entregado,usu_nusuario) VALUES (13681,@@@2013.10.13@@@,360,1,0,@@@c_jara@@@)','',2,'2013-10-13'),(77216,'INSERT INTO gne_vale_ferreteria_mov (vfe_id,pro_codigo_plu,vfm_cantidad,vfm_unitario,vfm_total,vfm_entregado) VALUES (13681,15745,2,180,360,@@@NO@@@)','',2,'2013-10-13'),(77217,'INSERT INTO gne_vale_ferreteria (vfe_id,vfe_fecha,vfe_total,vfe_estado,vfe_entregado,usu_nusuario) VALUES (13682,@@@2013.10.13@@@,310,1,0,@@@c_jara@@@)','',2,'2013-10-13'),(77218,'INSERT INTO gne_vale_ferreteria_mov (vfe_id,pro_codigo_plu,vfm_cantidad,vfm_unitario,vfm_total,vfm_entregado) VALUES (13682,18799,1,310,310,@@@NO@@@)','',2,'2013-10-13'),(77219,'INSERT INTO gne_vale_ferreteria (vfe_id,vfe_fecha,vfe_total,vfe_estado,vfe_entregado,usu_nusuario) VALUES (13683,@@@2013.10.13@@@,790,1,0,@@@c_jara@@@)','',2,'2013-10-13'),(77220,'INSERT INTO gne_vale_ferreteria_mov (vfe_id,pro_codigo_plu,vfm_cantidad,vfm_unitario,vfm_total,vfm_entregado) VALUES (13683,763804,1,790,790,@@@NO@@@)','',2,'2013-10-13'),(77221,'INSERT INTO mae_productos (pro_codigo_plu,pro_codigo_barra,pro_tipo,pro_nombre_producto,pro_nombre_corto,med_id,emb_id,pro_unidades_embalaje,dep_id,lin_id,mar_id,pro_precio_compra_neto,pro_precio_compra_bruto,pro_precio_venta,pro_margen_actual,pro_oferta,pro_fecha_inicio_oferta,pro_fecha_termino_oferta,pro_precio_oferta,pro_stock_minimo,pro_stock_critico,pro_entradas_bodega,pro_salidas_bodega,pro_mermas_bodega,pro_ajustes_bodega,pro_entradas_sv,pro_salidas_sv,pro_mermas_sv,pro_ajustes_sv,pro_activo,rec_numero,pro_unidad,pro_capacidad,pro_consumo_bodega,pro_consumo_sv,pro_estado,pro_funcion_plu,pro_flejes,pro_iva,pro_plu_asociado,pro_envase,pro_duracion,pro_numero_etiqueta) VALUES (780721978,@@@7802920005126@@@,@@@0@@@,@@@YOGHURT FRUTOS LIGHT  COLUN NARANJA PLATANO@@@,@@@YOGHURT FRUTOS L@@@,@@@5 @@@,@@@6 @@@,@@@6@@@,@@@3 @@@,@@@50@@@,@@@2507@@@,@@@0@@@,@@@220.94@@@,@@@1@@@,@@@-99.55@@@,@@@@@@,@@@2006.09.07@@@,@@@2006.09.07@@@,@@@0@@@,@@@6@@@,@@@3@@@,@@@0@@@,@@@0@@@,@@@0@@@,@@@0@@@,@@@0@@@,@@@0@@@,@@@0@@@,@@@0@@@,@@@1@@@,@@@0@@@,0,125,0,0,2,0,1,1,0,@@@NO@@@,0,0)','',2,'2013-10-13'),(77222,'DELETE FROM mae_impuestos_productos WHERE pro_codigo_plu=@@@780721978@@@','',2,'2013-10-13'),(77223,'INSERT INTO gne_vale_ferreteria (vfe_id,vfe_fecha,vfe_total,vfe_estado,vfe_entregado,usu_nusuario) VALUES (13684,@@@2013.10.13@@@,180,1,0,@@@c_jara@@@)','',2,'2013-10-13'),(77224,'INSERT INTO gne_vale_ferreteria_mov (vfe_id,pro_codigo_plu,vfm_cantidad,vfm_unitario,vfm_total,vfm_entregado) VALUES (13684,15745,1,180,180,@@@NO@@@)','',2,'2013-10-13'),(77225,'INSERT INTO gne_vale_ferreteria (vfe_id,vfe_fecha,vfe_total,vfe_estado,vfe_entregado,usu_nusuario) VALUES (13685,@@@2013.10.13@@@,2100,1,0,@@@c_jara@@@)','',2,'2013-10-13'),(77226,'INSERT INTO gne_vale_ferreteria_mov (vfe_id,pro_codigo_plu,vfm_cantidad,vfm_unitario,vfm_total,vfm_entregado) VALUES (13685,761981,1,2100,2100,@@@NO@@@)','',2,'2013-10-13'),(77227,'INSERT INTO gne_vale_ferreteria (vfe_id,vfe_fecha,vfe_total,vfe_estado,vfe_entregado,usu_nusuario) VALUES (13686,@@@2013.10.13@@@,810,1,0,@@@c_jara@@@)','',2,'2013-10-13'),(77228,'INSERT INTO gne_vale_ferreteria_mov (vfe_id,pro_codigo_plu,vfm_cantidad,vfm_unitario,vfm_total,vfm_entregado) VALUES (13686,770065,1,120,120,@@@NO@@@)','',2,'2013-10-13'),(77229,'INSERT INTO gne_vale_ferreteria_mov (vfe_id,pro_codigo_plu,vfm_cantidad,vfm_unitario,vfm_total,vfm_entregado) VALUES (13686,780220128,1,690,690,@@@NO@@@)','',2,'2013-10-13'),(77230,'INSERT INTO gne_vale_ferreteria (vfe_id,vfe_fecha,vfe_total,vfe_estado,vfe_entregado,usu_nusuario) VALUES (13687,@@@2013.10.13@@@,1000,1,0,@@@c_jara@@@)','',2,'2013-10-13'),(77231,'INSERT INTO gne_vale_ferreteria_mov (vfe_id,pro_codigo_plu,vfm_cantidad,vfm_unitario,vfm_total,vfm_entregado) VALUES (13687,4130,10,100,1000,@@@NO@@@)','',2,'2013-10-13'),(77232,'INSERT INTO gne_vale_ferreteria (vfe_id,vfe_fecha,vfe_total,vfe_estado,vfe_entregado,usu_nusuario) VALUES (13688,@@@2013.10.13@@@,6880,1,0,@@@c_jara@@@)','',2,'2013-10-13'),(77233,'INSERT INTO gne_vale_ferreteria_mov (vfe_id,pro_codigo_plu,vfm_cantidad,vfm_unitario,vfm_total,vfm_entregado) VALUES (13688,880016,1,3890,3890,@@@NO@@@)','',2,'2013-10-13'),(77234,'INSERT INTO gne_vale_ferreteria_mov (vfe_id,pro_codigo_plu,vfm_cantidad,vfm_unitario,vfm_total,vfm_entregado) VALUES (13688,1585,1,2990,2990,@@@NO@@@)','',2,'2013-10-13'),(77235,'UPDATE mae_productos SET pro_precio_compra_bruto=220.94,pro_margen_actual=(pro_precio_venta-220.94)/220.94 * 100,pro_ultima_compra=@@@2013.10.13@@@,pro_ultimo_proveedor=@@@81094100-6@@@ WHERE pro_codigo_plu=780721978','',2,'2013-10-13'),(77236,'UPDATE mae_productos SET pro_precio_compra_bruto=98.34,pro_margen_actual=(pro_precio_venta-98.34)/98.34 * 100,pro_ultima_compra=@@@2013.10.13@@@,pro_ultimo_proveedor=@@@81094100-6@@@ WHERE pro_codigo_plu=16816','',2,'2013-10-13'),(77237,'UPDATE mae_productos SET pro_precio_compra_bruto=98.34,pro_margen_actual=(pro_precio_venta-98.34)/98.34 * 100,pro_ultima_compra=@@@2013.10.13@@@,pro_ultimo_proveedor=@@@81094100-6@@@ WHERE pro_codigo_plu=16817','',2,'2013-10-13'),(77238,'UPDATE mae_productos SET pro_precio_compra_bruto=98.34,pro_margen_actual=(pro_precio_venta-98.34)/98.34 * 100,pro_ultima_compra=@@@2013.10.13@@@,pro_ultimo_proveedor=@@@81094100-6@@@ WHERE pro_codigo_plu=16818','',2,'2013-10-13'),(77239,'UPDATE mae_productos SET pro_precio_compra_bruto=98.34,pro_margen_actual=(pro_precio_venta-98.34)/98.34 * 100,pro_ultima_compra=@@@2013.10.13@@@,pro_ultimo_proveedor=@@@81094100-6@@@ WHERE pro_codigo_plu=16819','',2,'2013-10-13'),(77240,'UPDATE mae_productos SET pro_precio_compra_bruto=98.34,pro_margen_actual=(pro_precio_venta-98.34)/98.34 * 100,pro_ultima_compra=@@@2013.10.13@@@,pro_ultimo_proveedor=@@@81094100-6@@@ WHERE pro_codigo_plu=12475','',2,'2013-10-13'),(77241,'UPDATE mae_productos SET pro_precio_compra_bruto=525.14,pro_margen_actual=(pro_precio_venta-525.14)/525.14 * 100,pro_ultima_compra=@@@2013.10.13@@@,pro_ultimo_proveedor=@@@81094100-6@@@ WHERE pro_codigo_plu=18668','',2,'2013-10-13'),(77242,'UPDATE mae_productos SET pro_precio_compra_bruto=124.95,pro_margen_actual=(pro_precio_venta-124.95)/124.95 * 100,pro_ultima_compra=@@@2013.10.13@@@,pro_ultimo_proveedor=@@@81094100-6@@@ WHERE pro_codigo_plu=16807','',2,'2013-10-13'),(77243,'UPDATE mae_productos SET pro_precio_compra_bruto=124.95,pro_margen_actual=(pro_precio_venta-124.95)/124.95 * 100,pro_ultima_compra=@@@2013.10.13@@@,pro_ultimo_proveedor=@@@81094100-6@@@ WHERE pro_codigo_plu=16870','',2,'2013-10-13'),(77244,'UPDATE mae_productos SET pro_precio_compra_bruto=4174.93,pro_margen_actual=(pro_precio_venta-4174.93)/4174.93 * 100,pro_ultima_compra=@@@2013.10.13@@@,pro_ultimo_proveedor=@@@81094100-6@@@ WHERE pro_codigo_plu=400','',2,'2013-10-13'),(77245,'UPDATE mae_productos SET pro_precio_compra_bruto=383.37,pro_margen_actual=(pro_precio_venta-383.37)/383.37 * 100,pro_ultima_compra=@@@2013.10.13@@@,pro_ultimo_proveedor=@@@81094100-6@@@ WHERE pro_codigo_plu=780721852','',2,'2013-10-13'),(77246,'UPDATE mae_productos SET pro_precio_compra_bruto=768.64,pro_margen_actual=(pro_precio_venta-768.64)/768.64 * 100,pro_ultima_compra=@@@2013.10.13@@@,pro_ultimo_proveedor=@@@81094100-6@@@ WHERE pro_codigo_plu=10418','',2,'2013-10-13'),(77247,'UPDATE mae_productos SET pro_precio_compra_bruto=448.39,pro_margen_actual=(pro_precio_venta-448.39)/448.39 * 100,pro_ultima_compra=@@@2013.10.13@@@,pro_ultimo_proveedor=@@@81094100-6@@@ WHERE pro_codigo_plu=13777','',2,'2013-10-13'),(77248,'UPDATE mae_productos SET pro_precio_compra_bruto=129.71,pro_margen_actual=(pro_precio_venta-129.71)/129.71 * 100,pro_ultima_compra=@@@2013.10.13@@@,pro_ultimo_proveedor=@@@81094100-6@@@ WHERE pro_codigo_plu=102537','',2,'2013-10-13'),(77249,'UPDATE mae_productos SET pro_precio_compra_bruto=129.71,pro_margen_actual=(pro_precio_venta-129.71)/129.71 * 100,pro_ultima_compra=@@@2013.10.13@@@,pro_ultimo_proveedor=@@@81094100-6@@@ WHERE pro_codigo_plu=102536','',2,'2013-10-13'),(77250,'UPDATE mae_productos SET pro_precio_compra_bruto=149.94,pro_margen_actual=(pro_precio_venta-149.94)/149.94 * 100,pro_ultima_compra=@@@2013.10.13@@@,pro_ultimo_proveedor=@@@81094100-6@@@ WHERE pro_codigo_plu=780721911','',2,'2013-10-13'),(77251,'UPDATE mae_productos SET pro_precio_compra_bruto=149.94,pro_margen_actual=(pro_precio_venta-149.94)/149.94 * 100,pro_ultima_compra=@@@2013.10.13@@@,pro_ultimo_proveedor=@@@81094100-6@@@ WHERE pro_codigo_plu=764562','',2,'2013-10-13'),(77252,'UPDATE mae_productos SET pro_precio_compra_bruto=129.71,pro_margen_actual=(pro_precio_venta-129.71)/129.71 * 100,pro_ultima_compra=@@@2013.10.13@@@,pro_ultimo_proveedor=@@@81094100-6@@@ WHERE pro_codigo_plu=12454','',2,'2013-10-13'),(77253,'UPDATE mae_productos SET pro_precio_compra_bruto=558.3,pro_margen_actual=(pro_precio_venta-558.3)/558.3 * 100,pro_ultima_compra=@@@2013.10.13@@@,pro_ultimo_proveedor=@@@81094100-6@@@ WHERE pro_codigo_plu=16002','',2,'2013-10-13'),(77254,'UPDATE mae_productos SET pro_precio_compra_bruto=211.52,pro_margen_actual=(pro_precio_venta-211.52)/211.52 * 100,pro_ultima_compra=@@@2013.10.13@@@,pro_ultimo_proveedor=@@@81094100-6@@@ WHERE pro_codigo_plu=16062','',2,'2013-10-13'),(77255,'UPDATE mae_productos SET pro_precio_compra_bruto=211.52,pro_margen_actual=(pro_precio_venta-211.52)/211.52 * 100,pro_ultima_compra=@@@2013.10.13@@@,pro_ultimo_proveedor=@@@81094100-6@@@ WHERE pro_codigo_plu=16071','',2,'2013-10-13'),(77256,'UPDATE mae_productos SET pro_precio_compra_bruto=178.5,pro_margen_actual=(pro_precio_venta-178.5)/178.5 * 100,pro_ultima_compra=@@@2013.10.13@@@,pro_ultimo_proveedor=@@@81094100-6@@@ WHERE pro_codigo_plu=780721361','',2,'2013-10-13'),(77257,'UPDATE mae_productos SET pro_precio_compra_bruto=178.5,pro_margen_actual=(pro_precio_venta-178.5)/178.5 * 100,pro_ultima_compra=@@@2013.10.13@@@,pro_ultimo_proveedor=@@@81094100-6@@@ WHERE pro_codigo_plu=780721360','',2,'2013-10-13'),(77258,'UPDATE mae_productos SET pro_precio_compra_bruto=220.94,pro_margen_actual=(pro_precio_venta-220.94)/220.94 * 100,pro_ultima_compra=@@@2013.10.13@@@,pro_ultimo_proveedor=@@@81094100-6@@@ WHERE pro_codigo_plu=16792','',2,'2013-10-13'),(77259,'INSERT INTO gne_vale_ferreteria (vfe_id,vfe_fecha,vfe_total,vfe_estado,vfe_entregado,usu_nusuario) VALUES (13689,@@@2013.10.13@@@,790,1,0,@@@c_jara@@@)','',2,'2013-10-13'),(77260,'INSERT INTO gne_vale_ferreteria_mov (vfe_id,pro_codigo_plu,vfm_cantidad,vfm_unitario,vfm_total,vfm_entregado) VALUES (13689,763848,1,790,790,@@@NO@@@)','',2,'2013-10-13'),(77261,'INSERT INTO gne_vale_ferreteria (vfe_id,vfe_fecha,vfe_total,vfe_estado,vfe_entregado,usu_nusuario) VALUES (13690,@@@2013.10.13@@@,320,1,0,@@@c_jara@@@)','',2,'2013-10-13'),(77262,'INSERT INTO gne_vale_ferreteria_mov (vfe_id,pro_codigo_plu,vfm_cantidad,vfm_unitario,vfm_total,vfm_entregado) VALUES (13690,770001,4,80,320,@@@NO@@@)','',2,'2013-10-13'),(77263,'INSERT INTO gne_vale_ferreteria (vfe_id,vfe_fecha,vfe_total,vfe_estado,vfe_entregado,usu_nusuario) VALUES (13691,@@@2013.10.13@@@,390,1,0,@@@c_jara@@@)','',2,'2013-10-13'),(77264,'INSERT INTO gne_vale_ferreteria_mov (vfe_id,pro_codigo_plu,vfm_cantidad,vfm_unitario,vfm_total,vfm_entregado) VALUES (13691,101766,1,390,390,@@@NO@@@)','',2,'2013-10-13'),(77265,'INSERT INTO gne_vale_ferreteria (vfe_id,vfe_fecha,vfe_total,vfe_estado,vfe_entregado,usu_nusuario) VALUES (13692,@@@2013.10.13@@@,4750,1,0,@@@c_jara@@@)','',2,'2013-10-13'),(77266,'INSERT INTO gne_vale_ferreteria_mov (vfe_id,pro_codigo_plu,vfm_cantidad,vfm_unitario,vfm_total,vfm_entregado) VALUES (13692,780721737,1,4750,4750,@@@NO@@@)','',2,'2013-10-13'),(77267,'INSERT INTO gne_vale_ferreteria (vfe_id,vfe_fecha,vfe_total,vfe_estado,vfe_entregado,usu_nusuario) VALUES (13693,@@@2013.10.13@@@,1690,1,0,@@@c_jara@@@)','',2,'2013-10-13'),(77268,'INSERT INTO gne_vale_ferreteria_mov (vfe_id,pro_codigo_plu,vfm_cantidad,vfm_unitario,vfm_total,vfm_entregado) VALUES (13693,780721456,1,1690,1690,@@@NO@@@)','',2,'2013-10-13'),(77269,'INSERT INTO gne_vale_ferreteria (vfe_id,vfe_fecha,vfe_total,vfe_estado,vfe_entregado,usu_nusuario) VALUES (13694,@@@2013.10.13@@@,250,1,0,@@@c_jara@@@)','',2,'2013-10-13'),(77270,'INSERT INTO gne_vale_ferreteria_mov (vfe_id,pro_codigo_plu,vfm_cantidad,vfm_unitario,vfm_total,vfm_entregado) VALUES (13694,1070,1,250,250,@@@NO@@@)','',2,'2013-10-13'),(77271,'INSERT INTO gne_vale_ferreteria (vfe_id,vfe_fecha,vfe_total,vfe_estado,vfe_entregado,usu_nusuario) VALUES (13695,@@@2013.10.13@@@,1080,1,0,@@@c_jara@@@)','',2,'2013-10-13'),(77272,'INSERT INTO gne_vale_ferreteria_mov (vfe_id,pro_codigo_plu,vfm_cantidad,vfm_unitario,vfm_total,vfm_entregado) VALUES (13695,78017026,12,90,1080,@@@NO@@@)','',2,'2013-10-13'),(77273,'INSERT INTO gne_vale_ferreteria (vfe_id,vfe_fecha,vfe_total,vfe_estado,vfe_entregado,usu_nusuario) VALUES (13696,@@@2013.10.13@@@,320,1,0,@@@c_jara@@@)','',2,'2013-10-13'),(77274,'INSERT INTO gne_vale_ferreteria_mov (vfe_id,pro_codigo_plu,vfm_cantidad,vfm_unitario,vfm_total,vfm_entregado) VALUES (13696,770001,4,80,320,@@@NO@@@)','',2,'2013-10-13'),(77275,'INSERT INTO gne_vale_ferreteria (vfe_id,vfe_fecha,vfe_total,vfe_estado,vfe_entregado,usu_nusuario) VALUES (13697,@@@2013.10.13@@@,320,1,0,@@@c_jara@@@)','',2,'2013-10-13'),(77276,'INSERT INTO gne_vale_ferreteria_mov (vfe_id,pro_codigo_plu,vfm_cantidad,vfm_unitario,vfm_total,vfm_entregado) VALUES (13697,78017016,1,120,120,@@@NO@@@)','',2,'2013-10-13'),(77277,'INSERT INTO gne_vale_ferreteria_mov (vfe_id,pro_codigo_plu,vfm_cantidad,vfm_unitario,vfm_total,vfm_entregado) VALUES (13697,770000,4,50,200,@@@NO@@@)','',2,'2013-10-13'),(77278,'INSERT INTO gne_vale_ferreteria (vfe_id,vfe_fecha,vfe_total,vfe_estado,vfe_entregado,usu_nusuario) VALUES (13698,@@@2013.10.13@@@,100,1,0,@@@c_jara@@@)','',2,'2013-10-13'),(77279,'INSERT INTO gne_vale_ferreteria_mov (vfe_id,pro_codigo_plu,vfm_cantidad,vfm_unitario,vfm_total,vfm_entregado) VALUES (13698,78017235,1,100,100,@@@NO@@@)','',2,'2013-10-13'),(77280,'INSERT INTO gne_vale_ferreteria (vfe_id,vfe_fecha,vfe_total,vfe_estado,vfe_entregado,usu_nusuario) VALUES (13699,@@@2013.10.13@@@,120,1,0,@@@c_jara@@@)','',2,'2013-10-13'),(77281,'INSERT INTO gne_vale_ferreteria_mov (vfe_id,pro_codigo_plu,vfm_cantidad,vfm_unitario,vfm_total,vfm_entregado) VALUES (13699,8022,1,120,120,@@@NO@@@)','',2,'2013-10-13'),(77282,'INSERT INTO gne_vale_ferreteria (vfe_id,vfe_fecha,vfe_total,vfe_estado,vfe_entregado,usu_nusuario) VALUES (13700,@@@2013.10.13@@@,490,1,0,@@@c_jara@@@)','',2,'2013-10-13'),(77283,'INSERT INTO gne_vale_ferreteria_mov (vfe_id,pro_codigo_plu,vfm_cantidad,vfm_unitario,vfm_total,vfm_entregado) VALUES (13700,4127,1,490,490,@@@NO@@@)','',2,'2013-10-13'),(77284,'UPDATE mae_productos SET pro_margen_actual=30.14,pro_precio_venta=350 WHERE pro_codigo_plu=13551','',2,'2013-10-13'),(77285,'UPDATE mae_productos SET pro_margen_actual=-99.55,pro_precio_venta=1 WHERE pro_codigo_plu=780721978','',2,'2013-10-13'),(77286,'UPDATE mae_productos SET pro_margen_actual=122.22,pro_precio_venta=100 WHERE pro_codigo_plu=780721914','',2,'2013-10-13'),(77287,'UPDATE mae_productos SET pro_margen_actual=206.12,pro_precio_venta=150 WHERE pro_codigo_plu=780721888','',2,'2013-10-13'),(77288,'UPDATE mae_productos SET pro_margen_actual=206.12,pro_precio_venta=150 WHERE pro_codigo_plu=780721892','',2,'2013-10-13'),(77289,'UPDATE mae_productos SET pro_precio_fiscal=pro_precio_venta WHERE pro_codigo_plu=780721914','',2,'2013-10-13'),(77290,'UPDATE mae_productos SET pro_precio_fiscal=pro_precio_venta WHERE pro_codigo_plu=780721888','',2,'2013-10-13'),(77291,'UPDATE mae_productos SET pro_precio_fiscal=pro_precio_venta WHERE pro_codigo_plu=780721892','',2,'2013-10-13'),(77292,'INSERT INTO gne_vale_ferreteria (vfe_id,vfe_fecha,vfe_total,vfe_estado,vfe_entregado,usu_nusuario) VALUES (13701,@@@2013.10.13@@@,3380,1,0,@@@c_jara@@@)','',2,'2013-10-13'),(77293,'INSERT INTO gne_vale_ferreteria_mov (vfe_id,pro_codigo_plu,vfm_cantidad,vfm_unitario,vfm_total,vfm_entregado) VALUES (13701,780721927,2,1690,3380,@@@NO@@@)','',2,'2013-10-13'),(77294,'INSERT INTO gne_vale_ferreteria (vfe_id,vfe_fecha,vfe_total,vfe_estado,vfe_entregado,usu_nusuario) VALUES (13702,@@@2013.10.13@@@,1890,1,0,@@@c_jara@@@)','',2,'2013-10-13'),(77295,'INSERT INTO gne_vale_ferreteria_mov (vfe_id,pro_codigo_plu,vfm_cantidad,vfm_unitario,vfm_total,vfm_entregado) VALUES (13702,102075,1,1890,1890,@@@NO@@@)','',2,'2013-10-13'),(77296,'INSERT INTO gne_vale_ferreteria (vfe_id,vfe_fecha,vfe_total,vfe_estado,vfe_entregado,usu_nusuario) VALUES (13703,@@@2013.10.13@@@,220,1,0,@@@c_jara@@@)','',2,'2013-10-13'),(77297,'INSERT INTO gne_vale_ferreteria_mov (vfe_id,pro_codigo_plu,vfm_cantidad,vfm_unitario,vfm_total,vfm_entregado) VALUES (13703,780721807,1,220,220,@@@NO@@@)','',2,'2013-10-13'),(77298,'INSERT INTO gne_vale_ferreteria (vfe_id,vfe_fecha,vfe_total,vfe_estado,vfe_entregado,usu_nusuario) VALUES (13704,@@@2013.10.13@@@,120,1,0,@@@c_jara@@@)','',2,'2013-10-13'),(77299,'INSERT INTO gne_vale_ferreteria_mov (vfe_id,pro_codigo_plu,vfm_cantidad,vfm_unitario,vfm_total,vfm_entregado) VALUES (13704,78017059,1,120,120,@@@NO@@@)','',2,'2013-10-13'),(77300,'INSERT INTO gne_vale_ferreteria (vfe_id,vfe_fecha,vfe_total,vfe_estado,vfe_entregado,usu_nusuario) VALUES (13705,@@@2013.10.13@@@,250,1,0,@@@c_jara@@@)','',2,'2013-10-13'),(77301,'INSERT INTO gne_vale_ferreteria_mov (vfe_id,pro_codigo_plu,vfm_cantidad,vfm_unitario,vfm_total,vfm_entregado) VALUES (13705,780721493,1,250,250,@@@NO@@@)','',2,'2013-10-13'),(77302,'INSERT INTO gne_vale_ferreteria (vfe_id,vfe_fecha,vfe_total,vfe_estado,vfe_entregado,usu_nusuario) VALUES (13706,@@@2013.10.13@@@,990,1,0,@@@c_jara@@@)','',2,'2013-10-13'),(77303,'INSERT INTO gne_vale_ferreteria_mov (vfe_id,pro_codigo_plu,vfm_cantidad,vfm_unitario,vfm_total,vfm_entregado) VALUES (13706,780721494,1,990,990,@@@NO@@@)','',2,'2013-10-13'),(77304,'INSERT INTO gne_vale_ferreteria (vfe_id,vfe_fecha,vfe_total,vfe_estado,vfe_entregado,usu_nusuario) VALUES (13707,@@@2013.10.13@@@,320,1,0,@@@c_jara@@@)','',2,'2013-10-13'),(77305,'INSERT INTO gne_vale_ferreteria_mov (vfe_id,pro_codigo_plu,vfm_cantidad,vfm_unitario,vfm_total,vfm_entregado) VALUES (13707,780721715,8,40,320,@@@NO@@@)','',2,'2013-10-13'),(77306,'INSERT INTO gne_vale_ferreteria (vfe_id,vfe_fecha,vfe_total,vfe_estado,vfe_entregado,usu_nusuario) VALUES (13708,@@@2013.10.13@@@,360,1,0,@@@c_jara@@@)','',2,'2013-10-13'),(77307,'INSERT INTO gne_vale_ferreteria_mov (vfe_id,pro_codigo_plu,vfm_cantidad,vfm_unitario,vfm_total,vfm_entregado) VALUES (13708,78017007,3,120,360,@@@NO@@@)','',2,'2013-10-13'),(77308,'INSERT INTO gne_vale_ferreteria (vfe_id,vfe_fecha,vfe_total,vfe_estado,vfe_entregado,usu_nusuario) VALUES (13709,@@@2013.10.13@@@,60,1,0,@@@c_jara@@@)','',2,'2013-10-13'),(77309,'INSERT INTO gne_vale_ferreteria_mov (vfe_id,pro_codigo_plu,vfm_cantidad,vfm_unitario,vfm_total,vfm_entregado) VALUES (13709,780721421,2,30,60,@@@NO@@@)','',2,'2013-10-13'),(77310,'INSERT INTO gne_vale_ferreteria (vfe_id,vfe_fecha,vfe_total,vfe_estado,vfe_entregado,usu_nusuario) VALUES (13710,@@@2013.10.13@@@,1080,1,0,@@@c_jara@@@)','',2,'2013-10-13'),(77311,'INSERT INTO gne_vale_ferreteria_mov (vfe_id,pro_codigo_plu,vfm_cantidad,vfm_unitario,vfm_total,vfm_entregado) VALUES (13710,763805,1,1080,1080,@@@NO@@@)','',2,'2013-10-13'),(77312,'INSERT INTO gne_vale_ferreteria (vfe_id,vfe_fecha,vfe_total,vfe_estado,vfe_entregado,usu_nusuario) VALUES (13711,@@@2013.10.13@@@,240,1,0,@@@c_jara@@@)','',2,'2013-10-13'),(77313,'INSERT INTO gne_vale_ferreteria_mov (vfe_id,pro_codigo_plu,vfm_cantidad,vfm_unitario,vfm_total,vfm_entregado) VALUES (13711,8022,2,120,240,@@@NO@@@)','',2,'2013-10-13'),(77314,'INSERT INTO gne_vale_ferreteria (vfe_id,vfe_fecha,vfe_total,vfe_estado,vfe_entregado,usu_nusuario) VALUES (13712,@@@2013.10.13@@@,1350,1,0,@@@c_jara@@@)','',2,'2013-10-13'),(77315,'INSERT INTO gne_vale_ferreteria_mov (vfe_id,pro_codigo_plu,vfm_cantidad,vfm_unitario,vfm_total,vfm_entregado) VALUES (13712,6010,1,1190,1190,@@@NO@@@)','',2,'2013-10-13'),(77316,'INSERT INTO gne_vale_ferreteria_mov (vfe_id,pro_codigo_plu,vfm_cantidad,vfm_unitario,vfm_total,vfm_entregado) VALUES (13712,770001,2,80,160,@@@NO@@@)','',2,'2013-10-13'),(77317,'INSERT INTO gne_vale_ferreteria (vfe_id,vfe_fecha,vfe_total,vfe_estado,vfe_entregado,usu_nusuario) VALUES (13713,@@@2013.10.13@@@,150,1,0,@@@c_jara@@@)','',2,'2013-10-13'),(77318,'INSERT INTO gne_vale_ferreteria_mov (vfe_id,pro_codigo_plu,vfm_cantidad,vfm_unitario,vfm_total,vfm_entregado) VALUES (13713,780721387,1,150,150,@@@NO@@@)','',2,'2013-10-13'),(77319,'INSERT INTO gne_vale_ferreteria (vfe_id,vfe_fecha,vfe_total,vfe_estado,vfe_entregado,usu_nusuario) VALUES (13714,@@@2013.10.13@@@,30,1,0,@@@c_jara@@@)','',2,'2013-10-13'),(77320,'INSERT INTO gne_vale_ferreteria_mov (vfe_id,pro_codigo_plu,vfm_cantidad,vfm_unitario,vfm_total,vfm_entregado) VALUES (13714,1541,1,30,30,@@@NO@@@)','',2,'2013-10-13'),(77321,'UPDATE gpr_pack_virtual SET pav_nombre=@@@PACK LAYS  + MANI X $1990@@@,pav_total_pack=1990,pav_total_descuento=790,pav_desde=@@@2013-09-12@@@,pav_hasta=@@@2013-10-30@@@,pav_tipo=@@@PR@@@,pav_precio=0,pav_lleva=0,pav_paga=0,pav_descuento=0,pav_porcentaje=0,pav_oferta_exclusiva=@@@NO@@@,pav_agotar_stock=@@@SI@@@,pav_stock=200,pav_costo=1574.37,pav_margen=26.4 WHERE pav_id=59','',2,'2013-10-13'),(77322,'DELETE FROM gpr_pack_virtual_mov WHERE pav_id=59','',2,'2013-10-13'),(77323,'DELETE FROM gpr_pack_virtual_horario WHERE pav_id=59','',2,'2013-10-13'),(77324,'INSERT INTO gpr_pack_virtual_mov (pav_id,pro_codigo_plu,pvm_precio,pvm_total,pvm_lleva,pvm_paga,pvm_descuento,pvm_porcentaje,pvm_total_normal,pvm_descuento_linea,pvm_costo,pvm_margen) VALUES (59,102655,1790,1790,1,1,0,0,1790,0,948.43,88.73),(59,13726,990,200,1,0.1999,0.8001,2,990,790,625.94,-68.05)','',2,'2013-10-13'),(77325,'INSERT INTO gpr_pack_virtual_horario (pav_id,pvh_dia,pvh_hora_desde,pvh_hora_hasta) VALUES (59,99,@@@00:00@@@,@@@23:59@@@)','',2,'2013-10-13'),(77326,'INSERT INTO gne_vale_ferreteria (vfe_id,vfe_fecha,vfe_total,vfe_estado,vfe_entregado,usu_nusuario) VALUES (13715,@@@2013.10.13@@@,750,1,0,@@@c_jara@@@)','',2,'2013-10-13'),(77327,'INSERT INTO gne_vale_ferreteria_mov (vfe_id,pro_codigo_plu,vfm_cantidad,vfm_unitario,vfm_total,vfm_entregado) VALUES (13715,780721428,1,750,750,@@@NO@@@)','',2,'2013-10-13'),(77328,'INSERT INTO gne_vale_ferreteria (vfe_id,vfe_fecha,vfe_total,vfe_estado,vfe_entregado,usu_nusuario) VALUES (13716,@@@2013.10.13@@@,750,1,0,@@@c_jara@@@)','',2,'2013-10-13'),(77329,'INSERT INTO gne_vale_ferreteria_mov (vfe_id,pro_codigo_plu,vfm_cantidad,vfm_unitario,vfm_total,vfm_entregado) VALUES (13716,780721428,1,750,750,@@@NO@@@)','',2,'2013-10-13'),(77330,'INSERT INTO gne_vale_ferreteria (vfe_id,vfe_fecha,vfe_total,vfe_estado,vfe_entregado,usu_nusuario) VALUES (13717,@@@2013.10.13@@@,1390,1,0,@@@c_jara@@@)','',2,'2013-10-13'),(77331,'INSERT INTO gne_vale_ferreteria_mov (vfe_id,pro_codigo_plu,vfm_cantidad,vfm_unitario,vfm_total,vfm_entregado) VALUES (13717,780721827,1,1390,1390,@@@NO@@@)','',2,'2013-10-13'),(77332,'INSERT INTO gne_vale_ferreteria (vfe_id,vfe_fecha,vfe_total,vfe_estado,vfe_entregado,usu_nusuario) VALUES (13718,@@@2013.10.13@@@,1990,1,0,@@@c_jara@@@)','',2,'2013-10-13'),(77333,'INSERT INTO gne_vale_ferreteria_mov (vfe_id,pro_codigo_plu,vfm_cantidad,vfm_unitario,vfm_total,vfm_entregado) VALUES (13718,764652,1,1990,1990,@@@NO@@@)','',2,'2013-10-13'),(77334,'INSERT INTO gne_vale_ferreteria (vfe_id,vfe_fecha,vfe_total,vfe_estado,vfe_entregado,usu_nusuario) VALUES (13719,@@@2013.10.13@@@,60,1,0,@@@c_jara@@@)','',2,'2013-10-13'),(77335,'INSERT INTO gne_vale_ferreteria_mov (vfe_id,pro_codigo_plu,vfm_cantidad,vfm_unitario,vfm_total,vfm_entregado) VALUES (13719,780721421,2,30,60,@@@NO@@@)','',2,'2013-10-13'),(77336,'INSERT INTO gne_vale_ferreteria (vfe_id,vfe_fecha,vfe_total,vfe_estado,vfe_entregado,usu_nusuario) VALUES (13720,@@@2013.10.13@@@,2580,1,0,@@@c_jara@@@)','',2,'2013-10-13'),(77337,'INSERT INTO gne_vale_ferreteria_mov (vfe_id,pro_codigo_plu,vfm_cantidad,vfm_unitario,vfm_total,vfm_entregado) VALUES (13720,780721827,1,1390,1390,@@@NO@@@)','',2,'2013-10-13'),(77338,'INSERT INTO gne_vale_ferreteria_mov (vfe_id,pro_codigo_plu,vfm_cantidad,vfm_unitario,vfm_total,vfm_entregado) VALUES (13720,1575,1,1190,1190,@@@NO@@@)','',2,'2013-10-13'),(77339,'INSERT INTO gne_vale_ferreteria (vfe_id,vfe_fecha,vfe_total,vfe_estado,vfe_entregado,usu_nusuario) VALUES (13721,@@@2013.10.13@@@,490,1,0,@@@c_jara@@@)','',2,'2013-10-13'),(77340,'INSERT INTO gne_vale_ferreteria_mov (vfe_id,pro_codigo_plu,vfm_cantidad,vfm_unitario,vfm_total,vfm_entregado) VALUES (13721,6500,1,490,490,@@@NO@@@)','',2,'2013-10-13'),(77341,'INSERT INTO gne_vale_ferreteria (vfe_id,vfe_fecha,vfe_total,vfe_estado,vfe_entregado,usu_nusuario) VALUES (13722,@@@2013.10.13@@@,980,1,0,@@@c_jara@@@)','',2,'2013-10-13'),(77342,'INSERT INTO gne_vale_ferreteria_mov (vfe_id,pro_codigo_plu,vfm_cantidad,vfm_unitario,vfm_total,vfm_entregado) VALUES (13722,764507,1,330,330,@@@NO@@@)','',2,'2013-10-13'),(77343,'INSERT INTO gne_vale_ferreteria_mov (vfe_id,pro_codigo_plu,vfm_cantidad,vfm_unitario,vfm_total,vfm_entregado) VALUES (13722,763582,1,650,650,@@@NO@@@)','',2,'2013-10-13'),(77344,'INSERT INTO gne_vale_ferreteria (vfe_id,vfe_fecha,vfe_total,vfe_estado,vfe_entregado,usu_nusuario) VALUES (13723,@@@2013.10.13@@@,240,1,0,@@@c_jara@@@)','',2,'2013-10-13'),(77345,'INSERT INTO gne_vale_ferreteria_mov (vfe_id,pro_codigo_plu,vfm_cantidad,vfm_unitario,vfm_total,vfm_entregado) VALUES (13723,78017001,2,120,240,@@@NO@@@)','',2,'2013-10-13'),(77346,'INSERT INTO gne_vale_ferreteria (vfe_id,vfe_fecha,vfe_total,vfe_estado,vfe_entregado,usu_nusuario) VALUES (13724,@@@2013.10.13@@@,300,1,0,@@@c_jara@@@)','',2,'2013-10-13'),(77347,'INSERT INTO gne_vale_ferreteria_mov (vfe_id,pro_codigo_plu,vfm_cantidad,vfm_unitario,vfm_total,vfm_entregado) VALUES (13724,4088,2,150,300,@@@NO@@@)','',2,'2013-10-13'),(77348,'INSERT INTO gne_vale_ferreteria (vfe_id,vfe_fecha,vfe_total,vfe_estado,vfe_entregado,usu_nusuario) VALUES (13725,@@@2013.10.13@@@,460,1,0,@@@c_jara@@@)','',2,'2013-10-13'),(77349,'INSERT INTO gne_vale_ferreteria_mov (vfe_id,pro_codigo_plu,vfm_cantidad,vfm_unitario,vfm_total,vfm_entregado) VALUES (13725,780220197,1,280,280,@@@NO@@@)','',2,'2013-10-13'),(77350,'INSERT INTO gne_vale_ferreteria_mov (vfe_id,pro_codigo_plu,vfm_cantidad,vfm_unitario,vfm_total,vfm_entregado) VALUES (13725,780220200,1,180,180,@@@NO@@@)','',2,'2013-10-13'),(77351,'INSERT INTO gne_vale_ferreteria (vfe_id,vfe_fecha,vfe_total,vfe_estado,vfe_entregado,usu_nusuario) VALUES (13726,@@@2013.10.13@@@,200,1,0,@@@c_jara@@@)','',2,'2013-10-13'),(77352,'INSERT INTO gne_vale_ferreteria_mov (vfe_id,pro_codigo_plu,vfm_cantidad,vfm_unitario,vfm_total,vfm_entregado) VALUES (13726,764702,1,200,200,@@@NO@@@)','',2,'2013-10-13'),(77353,'INSERT INTO gne_vale_ferreteria (vfe_id,vfe_fecha,vfe_total,vfe_estado,vfe_entregado,usu_nusuario) VALUES (13727,@@@2013.10.13@@@,330,1,0,@@@c_jara@@@)','',2,'2013-10-13'),(77354,'INSERT INTO gne_vale_ferreteria_mov (vfe_id,pro_codigo_plu,vfm_cantidad,vfm_unitario,vfm_total,vfm_entregado) VALUES (13727,19918,1,330,330,@@@NO@@@)','',2,'2013-10-13'),(77355,'INSERT INTO gne_vale_ferreteria (vfe_id,vfe_fecha,vfe_total,vfe_estado,vfe_entregado,usu_nusuario) VALUES (13728,@@@2013.10.13@@@,100,1,0,@@@c_jara@@@)','',2,'2013-10-13'),(77356,'INSERT INTO gne_vale_ferreteria_mov (vfe_id,pro_codigo_plu,vfm_cantidad,vfm_unitario,vfm_total,vfm_entregado) VALUES (13728,78017146,2,50,100,@@@NO@@@)','',2,'2013-10-13'),(77357,'INSERT INTO gne_vale_ferreteria (vfe_id,vfe_fecha,vfe_total,vfe_estado,vfe_entregado,usu_nusuario) VALUES (13729,@@@2013.10.13@@@,580,1,0,@@@c_jara@@@)','',2,'2013-10-13'),(77358,'INSERT INTO gne_vale_ferreteria_mov (vfe_id,pro_codigo_plu,vfm_cantidad,vfm_unitario,vfm_total,vfm_entregado) VALUES (13729,78017145,2,290,580,@@@NO@@@)','',2,'2013-10-13'),(77359,'INSERT INTO gne_vale_ferreteria (vfe_id,vfe_fecha,vfe_total,vfe_estado,vfe_entregado,usu_nusuario) VALUES (13730,@@@2013.10.13@@@,750,1,0,@@@c_jara@@@)','',2,'2013-10-13'),(77360,'INSERT INTO gne_vale_ferreteria_mov (vfe_id,pro_codigo_plu,vfm_cantidad,vfm_unitario,vfm_total,vfm_entregado) VALUES (13730,780721428,1,750,750,@@@NO@@@)','',2,'2013-10-13'),(77361,'INSERT INTO gne_vale_ferreteria (vfe_id,vfe_fecha,vfe_total,vfe_estado,vfe_entregado,usu_nusuario) VALUES (13731,@@@2013.10.13@@@,120,1,0,@@@c_jara@@@)','',2,'2013-10-13'),(77362,'INSERT INTO gne_vale_ferreteria_mov (vfe_id,pro_codigo_plu,vfm_cantidad,vfm_unitario,vfm_total,vfm_entregado) VALUES (13731,78017154,1,120,120,@@@NO@@@)','',2,'2013-10-13'),(77363,'INSERT INTO gne_vale_ferreteria (vfe_id,vfe_fecha,vfe_total,vfe_estado,vfe_entregado,usu_nusuario) VALUES (13732,@@@2013.10.13@@@,2130,1,0,@@@c_jara@@@)','',2,'2013-10-13'),(77364,'INSERT INTO gne_vale_ferreteria_mov (vfe_id,pro_codigo_plu,vfm_cantidad,vfm_unitario,vfm_total,vfm_entregado) VALUES (13732,4096,3,250,750,@@@NO@@@)','',2,'2013-10-13'),(77365,'INSERT INTO gne_vale_ferreteria_mov (vfe_id,pro_codigo_plu,vfm_cantidad,vfm_unitario,vfm_total,vfm_entregado) VALUES (13732,4130,3,100,300,@@@NO@@@)','',2,'2013-10-13'),(77366,'INSERT INTO gne_vale_ferreteria_mov (vfe_id,pro_codigo_plu,vfm_cantidad,vfm_unitario,vfm_total,vfm_entregado) VALUES (13732,763805,1,1080,1080,@@@NO@@@)','',2,'2013-10-13'),(77367,'INSERT INTO gne_vale_ferreteria (vfe_id,vfe_fecha,vfe_total,vfe_estado,vfe_entregado,usu_nusuario) VALUES (13733,@@@2013.10.13@@@,1890,1,0,@@@c_jara@@@)','',2,'2013-10-13'),(77368,'INSERT INTO gne_vale_ferreteria_mov (vfe_id,pro_codigo_plu,vfm_cantidad,vfm_unitario,vfm_total,vfm_entregado) VALUES (13733,763604,1,1890,1890,@@@NO@@@)','',2,'2013-10-13'),(77369,'INSERT INTO gne_vale_ferreteria (vfe_id,vfe_fecha,vfe_total,vfe_estado,vfe_entregado,usu_nusuario) VALUES (13734,@@@2013.10.13@@@,400,1,0,@@@c_jara@@@)','',2,'2013-10-13'),(77370,'INSERT INTO gne_vale_ferreteria_mov (vfe_id,pro_codigo_plu,vfm_cantidad,vfm_unitario,vfm_total,vfm_entregado) VALUES (13734,764560,4,100,400,@@@NO@@@)','',2,'2013-10-13'),(77371,'INSERT INTO gne_vale_ferreteria (vfe_id,vfe_fecha,vfe_total,vfe_estado,vfe_entregado,usu_nusuario) VALUES (13735,@@@2013.10.13@@@,690,1,0,@@@c_jara@@@)','',2,'2013-10-13'),(77372,'INSERT INTO gne_vale_ferreteria_mov (vfe_id,pro_codigo_plu,vfm_cantidad,vfm_unitario,vfm_total,vfm_entregado) VALUES (13735,780721103,1,590,590,@@@NO@@@)','',2,'2013-10-13'),(77373,'INSERT INTO gne_vale_ferreteria_mov (vfe_id,pro_codigo_plu,vfm_cantidad,vfm_unitario,vfm_total,vfm_entregado) VALUES (13735,1542,1,100,100,@@@NO@@@)','',2,'2013-10-13'),(77374,'INSERT INTO gne_vale_ferreteria (vfe_id,vfe_fecha,vfe_total,vfe_estado,vfe_entregado,usu_nusuario) VALUES (13736,@@@2013.10.13@@@,7990,1,0,@@@c_jara@@@)','',2,'2013-10-13'),(77375,'INSERT INTO gne_vale_ferreteria_mov (vfe_id,pro_codigo_plu,vfm_cantidad,vfm_unitario,vfm_total,vfm_entregado) VALUES (13736,764796,1,7990,7990,@@@NO@@@)','',2,'2013-10-13'),(77376,'INSERT INTO gne_vale_ferreteria (vfe_id,vfe_fecha,vfe_total,vfe_estado,vfe_entregado,usu_nusuario) VALUES (13737,@@@2013.10.13@@@,390,1,0,@@@c_jara@@@)','',2,'2013-10-13'),(77377,'INSERT INTO gne_vale_ferreteria_mov (vfe_id,pro_codigo_plu,vfm_cantidad,vfm_unitario,vfm_total,vfm_entregado) VALUES (13737,1535,1,390,390,@@@NO@@@)','',2,'2013-10-13'),(77378,'INSERT INTO gne_vale_ferreteria (vfe_id,vfe_fecha,vfe_total,vfe_estado,vfe_entregado,usu_nusuario) VALUES (13738,@@@2013.10.13@@@,2490,1,0,@@@c_jara@@@)','',2,'2013-10-13'),(77379,'INSERT INTO gne_vale_ferreteria_mov (vfe_id,pro_codigo_plu,vfm_cantidad,vfm_unitario,vfm_total,vfm_entregado) VALUES (13738,764715,1,2490,2490,@@@NO@@@)','',2,'2013-10-13'),(77380,'INSERT INTO gne_vale_ferreteria (vfe_id,vfe_fecha,vfe_total,vfe_estado,vfe_entregado,usu_nusuario) VALUES (13739,@@@2013.10.13@@@,3300,1,0,@@@c_jara@@@)','',2,'2013-10-13'),(77381,'INSERT INTO gne_vale_ferreteria_mov (vfe_id,pro_codigo_plu,vfm_cantidad,vfm_unitario,vfm_total,vfm_entregado) VALUES (13739,761996,1,1200,1200,@@@NO@@@)','',2,'2013-10-13'),(77382,'INSERT INTO gne_vale_ferreteria_mov (vfe_id,pro_codigo_plu,vfm_cantidad,vfm_unitario,vfm_total,vfm_entregado) VALUES (13739,763794,1,850,850,@@@NO@@@)','',2,'2013-10-13'),(77383,'INSERT INTO gne_vale_ferreteria_mov (vfe_id,pro_codigo_plu,vfm_cantidad,vfm_unitario,vfm_total,vfm_entregado) VALUES (13739,763777,1,1250,1250,@@@NO@@@)','',2,'2013-10-13'),(77384,'INSERT INTO gne_vale_ferreteria (vfe_id,vfe_fecha,vfe_total,vfe_estado,vfe_entregado,usu_nusuario) VALUES (13740,@@@2013.10.13@@@,930,1,0,@@@c_jara@@@)','',2,'2013-10-13'),(77385,'INSERT INTO gne_vale_ferreteria_mov (vfe_id,pro_codigo_plu,vfm_cantidad,vfm_unitario,vfm_total,vfm_entregado) VALUES (13740,11670,1,930,930,@@@NO@@@)','',2,'2013-10-13'),(77386,'INSERT INTO gne_vale_ferreteria (vfe_id,vfe_fecha,vfe_total,vfe_estado,vfe_entregado,usu_nusuario) VALUES (13741,@@@2013.10.13@@@,1190,1,0,@@@c_jara@@@)','',2,'2013-10-13'),(77387,'INSERT INTO gne_vale_ferreteria_mov (vfe_id,pro_codigo_plu,vfm_cantidad,vfm_unitario,vfm_total,vfm_entregado) VALUES (13741,764675,1,1190,1190,@@@NO@@@)','',2,'2013-10-13'),(77388,'INSERT INTO gne_vale_ferreteria (vfe_id,vfe_fecha,vfe_total,vfe_estado,vfe_entregado,usu_nusuario) VALUES (13742,@@@2013.10.13@@@,1190,1,0,@@@c_jara@@@)','',2,'2013-10-13'),(77389,'INSERT INTO gne_vale_ferreteria_mov (vfe_id,pro_codigo_plu,vfm_cantidad,vfm_unitario,vfm_total,vfm_entregado) VALUES (13742,764675,1,1190,1190,@@@NO@@@)','',2,'2013-10-13'),(77390,'INSERT INTO gne_vale_ferreteria (vfe_id,vfe_fecha,vfe_total,vfe_estado,vfe_entregado,usu_nusuario) VALUES (13743,@@@2013.10.13@@@,120,1,0,@@@c_jara@@@)','',2,'2013-10-13'),(77391,'INSERT INTO gne_vale_ferreteria_mov (vfe_id,pro_codigo_plu,vfm_cantidad,vfm_unitario,vfm_total,vfm_entregado) VALUES (13743,8022,1,120,120,@@@NO@@@)','',2,'2013-10-13'),(77392,'INSERT INTO gne_vale_ferreteria (vfe_id,vfe_fecha,vfe_total,vfe_estado,vfe_entregado,usu_nusuario) VALUES (13744,@@@2013.10.13@@@,890,1,0,@@@c_jara@@@)','',2,'2013-10-13'),(77393,'INSERT INTO gne_vale_ferreteria_mov (vfe_id,pro_codigo_plu,vfm_cantidad,vfm_unitario,vfm_total,vfm_entregado) VALUES (13744,761974,1,890,890,@@@NO@@@)','',2,'2013-10-13'),(77394,'INSERT INTO gne_vale_ferreteria (vfe_id,vfe_fecha,vfe_total,vfe_estado,vfe_entregado,usu_nusuario) VALUES (13745,@@@2013.10.13@@@,200,1,0,@@@c_jara@@@)','',2,'2013-10-13'),(77395,'INSERT INTO gne_vale_ferreteria_mov (vfe_id,pro_codigo_plu,vfm_cantidad,vfm_unitario,vfm_total,vfm_entregado) VALUES (13745,764411,2,100,200,@@@NO@@@)','',2,'2013-10-13'),(77396,'INSERT INTO gne_vale_ferreteria (vfe_id,vfe_fecha,vfe_total,vfe_estado,vfe_entregado,usu_nusuario) VALUES (13746,@@@2013.10.13@@@,1599,1,0,@@@c_jara@@@)','',2,'2013-10-13'),(77397,'INSERT INTO gne_vale_ferreteria_mov (vfe_id,pro_codigo_plu,vfm_cantidad,vfm_unitario,vfm_total,vfm_entregado) VALUES (13746,15668,1,1599,1599,@@@NO@@@)','',2,'2013-10-13'),(77398,'INSERT INTO gne_vale_ferreteria (vfe_id,vfe_fecha,vfe_total,vfe_estado,vfe_entregado,usu_nusuario) VALUES (13747,@@@2013.10.13@@@,200,1,0,@@@c_jara@@@)','',2,'2013-10-13'),(77399,'INSERT INTO gne_vale_ferreteria_mov (vfe_id,pro_codigo_plu,vfm_cantidad,vfm_unitario,vfm_total,vfm_entregado) VALUES (13747,18021,1,200,200,@@@NO@@@)','',2,'2013-10-13'),(77400,'INSERT INTO gne_vale_ferreteria (vfe_id,vfe_fecha,vfe_total,vfe_estado,vfe_entregado,usu_nusuario) VALUES (13748,@@@2013.10.13@@@,60,1,0,@@@c_jara@@@)','',2,'2013-10-13'),(77401,'INSERT INTO gne_vale_ferreteria_mov (vfe_id,pro_codigo_plu,vfm_cantidad,vfm_unitario,vfm_total,vfm_entregado) VALUES (13748,1541,2,30,60,@@@NO@@@)','',2,'2013-10-13'),(77402,'INSERT INTO gne_vale_ferreteria (vfe_id,vfe_fecha,vfe_total,vfe_estado,vfe_entregado,usu_nusuario) VALUES (13749,@@@2013.10.13@@@,540,1,0,@@@c_jara@@@)','',2,'2013-10-13'),(77403,'INSERT INTO gne_vale_ferreteria_mov (vfe_id,pro_codigo_plu,vfm_cantidad,vfm_unitario,vfm_total,vfm_entregado) VALUES (13749,765072,1,200,200,@@@NO@@@)','',2,'2013-10-13'),(77404,'INSERT INTO gne_vale_ferreteria_mov (vfe_id,pro_codigo_plu,vfm_cantidad,vfm_unitario,vfm_total,vfm_entregado) VALUES (13749,763789,1,340,340,@@@NO@@@)','',2,'2013-10-13'),(77405,'INSERT INTO gne_vale_ferreteria (vfe_id,vfe_fecha,vfe_total,vfe_estado,vfe_entregado,usu_nusuario) VALUES (13750,@@@2013.10.13@@@,770,1,0,@@@c_jara@@@)','',2,'2013-10-13'),(77406,'INSERT INTO gne_vale_ferreteria_mov (vfe_id,pro_codigo_plu,vfm_cantidad,vfm_unitario,vfm_total,vfm_entregado) VALUES (13750,78017157,1,770,770,@@@NO@@@)','',2,'2013-10-13'),(77407,'INSERT INTO gne_vale_ferreteria (vfe_id,vfe_fecha,vfe_total,vfe_estado,vfe_entregado,usu_nusuario) VALUES (13751,@@@2013.10.13@@@,1080,1,0,@@@c_jara@@@)','',2,'2013-10-13'),(77408,'INSERT INTO gne_vale_ferreteria_mov (vfe_id,pro_codigo_plu,vfm_cantidad,vfm_unitario,vfm_total,vfm_entregado) VALUES (13751,780220180,1,620,620,@@@NO@@@)','',2,'2013-10-13'),(77409,'INSERT INTO gne_vale_ferreteria_mov (vfe_id,pro_codigo_plu,vfm_cantidad,vfm_unitario,vfm_total,vfm_entregado) VALUES (13751,780220198,1,360,360,@@@NO@@@)','',2,'2013-10-13'),(77410,'INSERT INTO gne_vale_ferreteria_mov (vfe_id,pro_codigo_plu,vfm_cantidad,vfm_unitario,vfm_total,vfm_entregado) VALUES (13751,770000,2,50,100,@@@NO@@@)','',2,'2013-10-13'),(77411,'INSERT INTO gne_vale_ferreteria (vfe_id,vfe_fecha,vfe_total,vfe_estado,vfe_entregado,usu_nusuario) VALUES (13752,@@@2013.10.13@@@,550,1,0,@@@c_jara@@@)','',2,'2013-10-13'),(77412,'INSERT INTO gne_vale_ferreteria_mov (vfe_id,pro_codigo_plu,vfm_cantidad,vfm_unitario,vfm_total,vfm_entregado) VALUES (13752,780721304,1,550,550,@@@NO@@@)','',2,'2013-10-13'),(77413,'INSERT INTO gne_vale_ferreteria (vfe_id,vfe_fecha,vfe_total,vfe_estado,vfe_entregado,usu_nusuario) VALUES (13753,@@@2013.10.13@@@,420,1,0,@@@c_jara@@@)','',2,'2013-10-13'),(77414,'INSERT INTO gne_vale_ferreteria_mov (vfe_id,pro_codigo_plu,vfm_cantidad,vfm_unitario,vfm_total,vfm_entregado) VALUES (13753,8022,1,120,120,@@@NO@@@)','',2,'2013-10-13'),(77415,'INSERT INTO gne_vale_ferreteria_mov (vfe_id,pro_codigo_plu,vfm_cantidad,vfm_unitario,vfm_total,vfm_entregado) VALUES (13753,764780,1,60,60,@@@NO@@@)','',2,'2013-10-13'),(77416,'INSERT INTO gne_vale_ferreteria_mov (vfe_id,pro_codigo_plu,vfm_cantidad,vfm_unitario,vfm_total,vfm_entregado) VALUES (13753,78017007,2,120,240,@@@NO@@@)','',2,'2013-10-13'),(77417,'INSERT INTO gne_vale_ferreteria (vfe_id,vfe_fecha,vfe_total,vfe_estado,vfe_entregado,usu_nusuario) VALUES (13754,@@@2013.10.13@@@,390,1,0,@@@c_jara@@@)','',2,'2013-10-13'),(77418,'INSERT INTO gne_vale_ferreteria_mov (vfe_id,pro_codigo_plu,vfm_cantidad,vfm_unitario,vfm_total,vfm_entregado) VALUES (13754,780721291,1,390,390,@@@NO@@@)','',2,'2013-10-13'),(77419,'INSERT INTO gne_vale_ferreteria (vfe_id,vfe_fecha,vfe_total,vfe_estado,vfe_entregado,usu_nusuario) VALUES (13755,@@@2013.10.13@@@,650,1,0,@@@c_jara@@@)','',2,'2013-10-13'),(77420,'INSERT INTO gne_vale_ferreteria_mov (vfe_id,pro_codigo_plu,vfm_cantidad,vfm_unitario,vfm_total,vfm_entregado) VALUES (13755,764007,1,650,650,@@@NO@@@)','',2,'2013-10-13'),(77421,'INSERT INTO gne_vale_ferreteria (vfe_id,vfe_fecha,vfe_total,vfe_estado,vfe_entregado,usu_nusuario) VALUES (13756,@@@2013.10.13@@@,2289,1,0,@@@c_jara@@@)','',2,'2013-10-13'),(77422,'INSERT INTO gne_vale_ferreteria_mov (vfe_id,pro_codigo_plu,vfm_cantidad,vfm_unitario,vfm_total,vfm_entregado) VALUES (13756,763632,1,890,890,@@@NO@@@)','',2,'2013-10-13'),(77423,'INSERT INTO gne_vale_ferreteria_mov (vfe_id,pro_codigo_plu,vfm_cantidad,vfm_unitario,vfm_total,vfm_entregado) VALUES (13756,763622,1,1399,1399,@@@NO@@@)','',2,'2013-10-13'),(77424,'INSERT INTO gne_vale_ferreteria (vfe_id,vfe_fecha,vfe_total,vfe_estado,vfe_entregado,usu_nusuario) VALUES (13757,@@@2013.10.13@@@,770,1,0,@@@c_jara@@@)','',2,'2013-10-13'),(77425,'INSERT INTO gne_vale_ferreteria_mov (vfe_id,pro_codigo_plu,vfm_cantidad,vfm_unitario,vfm_total,vfm_entregado) VALUES (13757,21116,1,770,770,@@@NO@@@)','',2,'2013-10-13'),(77426,'INSERT INTO gne_vale_ferreteria (vfe_id,vfe_fecha,vfe_total,vfe_estado,vfe_entregado,usu_nusuario) VALUES (13758,@@@2013.10.13@@@,1670,1,0,@@@c_jara@@@)','',2,'2013-10-13'),(77427,'INSERT INTO gne_vale_ferreteria_mov (vfe_id,pro_codigo_plu,vfm_cantidad,vfm_unitario,vfm_total,vfm_entregado) VALUES (13758,764073,1,790,790,@@@NO@@@)','',2,'2013-10-13'),(77428,'INSERT INTO gne_vale_ferreteria_mov (vfe_id,pro_codigo_plu,vfm_cantidad,vfm_unitario,vfm_total,vfm_entregado) VALUES (13758,78016969,1,390,390,@@@NO@@@)','',2,'2013-10-13'),(77429,'INSERT INTO gne_vale_ferreteria_mov (vfe_id,pro_codigo_plu,vfm_cantidad,vfm_unitario,vfm_total,vfm_entregado) VALUES (13758,2006,1,490,490,@@@NO@@@)','',2,'2013-10-13'),(77430,'INSERT INTO gne_vale_ferreteria (vfe_id,vfe_fecha,vfe_total,vfe_estado,vfe_entregado,usu_nusuario) VALUES (13759,@@@2013.10.13@@@,390,1,0,@@@c_jara@@@)','',2,'2013-10-13'),(77431,'INSERT INTO gne_vale_ferreteria_mov (vfe_id,pro_codigo_plu,vfm_cantidad,vfm_unitario,vfm_total,vfm_entregado) VALUES (13759,780721291,1,390,390,@@@NO@@@)','',2,'2013-10-13'),(77432,'INSERT INTO gne_vale_ferreteria (vfe_id,vfe_fecha,vfe_total,vfe_estado,vfe_entregado,usu_nusuario) VALUES (13760,@@@2013.10.13@@@,200,1,0,@@@c_jara@@@)','',2,'2013-10-13'),(77433,'INSERT INTO gne_vale_ferreteria_mov (vfe_id,pro_codigo_plu,vfm_cantidad,vfm_unitario,vfm_total,vfm_entregado) VALUES (13760,1067,1,200,200,@@@NO@@@)','',2,'2013-10-13'),(77434,'INSERT INTO gne_vale_ferreteria (vfe_id,vfe_fecha,vfe_total,vfe_estado,vfe_entregado,usu_nusuario) VALUES (13761,@@@2013.10.13@@@,1480,1,0,@@@c_jara@@@)','',2,'2013-10-13'),(77435,'INSERT INTO gne_vale_ferreteria_mov (vfe_id,pro_codigo_plu,vfm_cantidad,vfm_unitario,vfm_total,vfm_entregado) VALUES (13761,780721061,1,1050,1050,@@@NO@@@)','',2,'2013-10-13'),(77436,'INSERT INTO gne_vale_ferreteria_mov (vfe_id,pro_codigo_plu,vfm_cantidad,vfm_unitario,vfm_total,vfm_entregado) VALUES (13761,16664,1,430,430,@@@NO@@@)','',2,'2013-10-13'),(77437,'INSERT INTO gne_vale_ferreteria (vfe_id,vfe_fecha,vfe_total,vfe_estado,vfe_entregado,usu_nusuario) VALUES (13762,@@@2013.10.13@@@,1890,1,0,@@@c_jara@@@)','',2,'2013-10-13'),(77438,'INSERT INTO gne_vale_ferreteria_mov (vfe_id,pro_codigo_plu,vfm_cantidad,vfm_unitario,vfm_total,vfm_entregado) VALUES (13762,770082,1,1890,1890,@@@NO@@@)','',2,'2013-10-13'),(77439,'INSERT INTO gne_vale_ferreteria (vfe_id,vfe_fecha,vfe_total,vfe_estado,vfe_entregado,usu_nusuario) VALUES (13763,@@@2013.10.13@@@,340,1,0,@@@c_jara@@@)','',2,'2013-10-13'),(77440,'INSERT INTO gne_vale_ferreteria_mov (vfe_id,pro_codigo_plu,vfm_cantidad,vfm_unitario,vfm_total,vfm_entregado) VALUES (13763,764329,1,120,120,@@@NO@@@)','',2,'2013-10-13'),(77441,'INSERT INTO gne_vale_ferreteria_mov (vfe_id,pro_codigo_plu,vfm_cantidad,vfm_unitario,vfm_total,vfm_entregado) VALUES (13763,780721807,1,220,220,@@@NO@@@)','',2,'2013-10-13'),(77442,'INSERT INTO gne_vale_ferreteria (vfe_id,vfe_fecha,vfe_total,vfe_estado,vfe_entregado,usu_nusuario) VALUES (13764,@@@2013.10.13@@@,3900,1,0,@@@c_jara@@@)','',2,'2013-10-13'),(77443,'INSERT INTO gne_vale_ferreteria_mov (vfe_id,pro_codigo_plu,vfm_cantidad,vfm_unitario,vfm_total,vfm_entregado) VALUES (13764,780721291,2,390,780,@@@NO@@@)','',2,'2013-10-13'),(77444,'INSERT INTO gne_vale_ferreteria_mov (vfe_id,pro_codigo_plu,vfm_cantidad,vfm_unitario,vfm_total,vfm_entregado) VALUES (13764,78017002,26,120,3120,@@@NO@@@)','',2,'2013-10-13'),(77445,'INSERT INTO gne_vale_ferreteria (vfe_id,vfe_fecha,vfe_total,vfe_estado,vfe_entregado,usu_nusuario) VALUES (13765,@@@2013.10.13@@@,200,1,0,@@@c_jara@@@)','',2,'2013-10-13'),(77446,'INSERT INTO gne_vale_ferreteria_mov (vfe_id,pro_codigo_plu,vfm_cantidad,vfm_unitario,vfm_total,vfm_entregado) VALUES (13765,765072,1,200,200,@@@NO@@@)','',2,'2013-10-13'),(77447,'INSERT INTO gne_vale_ferreteria (vfe_id,vfe_fecha,vfe_total,vfe_estado,vfe_entregado,usu_nusuario) VALUES (13766,@@@2013.10.13@@@,2630,1,0,@@@c_jara@@@)','',2,'2013-10-13'),(77448,'INSERT INTO gne_vale_ferreteria_mov (vfe_id,pro_codigo_plu,vfm_cantidad,vfm_unitario,vfm_total,vfm_entregado) VALUES (13766,19865,1,640,640,@@@NO@@@)','',2,'2013-10-13'),(77449,'INSERT INTO gne_vale_ferreteria_mov (vfe_id,pro_codigo_plu,vfm_cantidad,vfm_unitario,vfm_total,vfm_entregado) VALUES (13766,101434,1,1100,1100,@@@NO@@@)','',2,'2013-10-13'),(77450,'INSERT INTO gne_vale_ferreteria_mov (vfe_id,pro_codigo_plu,vfm_cantidad,vfm_unitario,vfm_total,vfm_entregado) VALUES (13766,101433,1,300,300,@@@NO@@@)','',2,'2013-10-13'),(77451,'INSERT INTO gne_vale_ferreteria_mov (vfe_id,pro_codigo_plu,vfm_cantidad,vfm_unitario,vfm_total,vfm_entregado) VALUES (13766,2004,1,300,300,@@@NO@@@)','',2,'2013-10-13'),(77452,'INSERT INTO gne_vale_ferreteria_mov (vfe_id,pro_codigo_plu,vfm_cantidad,vfm_unitario,vfm_total,vfm_entregado) VALUES (13766,1559,1,290,290,@@@NO@@@)','',2,'2013-10-13'),(77453,'INSERT INTO gne_vale_ferreteria (vfe_id,vfe_fecha,vfe_total,vfe_estado,vfe_entregado,usu_nusuario) VALUES (13767,@@@2013.10.13@@@,800,1,0,@@@c_jara@@@)','',2,'2013-10-13'),(77454,'INSERT INTO gne_vale_ferreteria_mov (vfe_id,pro_codigo_plu,vfm_cantidad,vfm_unitario,vfm_total,vfm_entregado) VALUES (13767,770038,5,160,800,@@@NO@@@)','',2,'2013-10-13'),(77455,'INSERT INTO gne_vale_ferreteria (vfe_id,vfe_fecha,vfe_total,vfe_estado,vfe_entregado,usu_nusuario) VALUES (13768,@@@2013.10.13@@@,1590,1,0,@@@c_jara@@@)','',2,'2013-10-13'),(77456,'INSERT INTO gne_vale_ferreteria_mov (vfe_id,pro_codigo_plu,vfm_cantidad,vfm_unitario,vfm_total,vfm_entregado) VALUES (13768,780721297,1,1590,1590,@@@NO@@@)','',2,'2013-10-13'),(77457,'INSERT INTO gne_vale_ferreteria (vfe_id,vfe_fecha,vfe_total,vfe_estado,vfe_entregado,usu_nusuario) VALUES (13769,@@@2013.10.13@@@,1395,1,0,@@@s_diaz@@@)','',2,'2013-10-13'),(77458,'INSERT INTO gne_vale_ferreteria_mov (vfe_id,pro_codigo_plu,vfm_cantidad,vfm_unitario,vfm_total,vfm_entregado) VALUES (13769,780721923,1,1395,1395,@@@NO@@@)','',2,'2013-10-13'),(77459,'UPDATE mae_productos SET pro_margen_actual=35.33,pro_precio_venta=299 WHERE pro_codigo_plu=16792','',2,'2013-10-13'),(77460,'UPDATE mae_productos SET pro_precio_fiscal=pro_precio_venta WHERE pro_codigo_plu=16792','',2,'2013-10-13'),(77461,'INSERT INTO gne_vale_ferreteria (vfe_id,vfe_fecha,vfe_total,vfe_estado,vfe_entregado,usu_nusuario) VALUES (13770,@@@2013.10.14@@@,60,1,0,@@@b_SAEZ@@@)','',2,'2013-10-14'),(77462,'INSERT INTO gne_vale_ferreteria_mov (vfe_id,pro_codigo_plu,vfm_cantidad,vfm_unitario,vfm_total,vfm_entregado) VALUES (13770,1541,2,30,60,@@@NO@@@)','',2,'2013-10-14'),(77463,'INSERT INTO gne_vale_ferreteria (vfe_id,vfe_fecha,vfe_total,vfe_estado,vfe_entregado,usu_nusuario) VALUES (13771,@@@2013.10.14@@@,60,1,0,@@@b_SAEZ@@@)','',2,'2013-10-14'),(77464,'INSERT INTO gne_vale_ferreteria_mov (vfe_id,pro_codigo_plu,vfm_cantidad,vfm_unitario,vfm_total,vfm_entregado) VALUES (13771,1541,2,30,60,@@@NO@@@)','',2,'2013-10-14'),(77465,'INSERT INTO gne_vale_ferreteria (vfe_id,vfe_fecha,vfe_total,vfe_estado,vfe_entregado,usu_nusuario) VALUES (13772,@@@2013.10.14@@@,240,1,0,@@@b_SAEZ@@@)','',2,'2013-10-14'),(77466,'INSERT INTO gne_vale_ferreteria_mov (vfe_id,pro_codigo_plu,vfm_cantidad,vfm_unitario,vfm_total,vfm_entregado) VALUES (13772,12085,1,120,120,@@@NO@@@)','',2,'2013-10-14'),(77467,'INSERT INTO gne_vale_ferreteria_mov (vfe_id,pro_codigo_plu,vfm_cantidad,vfm_unitario,vfm_total,vfm_entregado) VALUES (13772,78017204,1,120,120,@@@NO@@@)','',2,'2013-10-14'),(77468,'INSERT INTO gne_vale_ferreteria (vfe_id,vfe_fecha,vfe_total,vfe_estado,vfe_entregado,usu_nusuario) VALUES (13773,@@@2013.10.14@@@,1980,1,0,@@@b_SAEZ@@@)','',2,'2013-10-14'),(77469,'INSERT INTO gne_vale_ferreteria_mov (vfe_id,pro_codigo_plu,vfm_cantidad,vfm_unitario,vfm_total,vfm_entregado) VALUES (13773,780721749,2,990,1980,@@@NO@@@)','',2,'2013-10-14'),(77470,'INSERT INTO gne_vale_ferreteria (vfe_id,vfe_fecha,vfe_total,vfe_estado,vfe_entregado,usu_nusuario) VALUES (13774,@@@2013.10.14@@@,180,1,0,@@@b_SAEZ@@@)','',2,'2013-10-14'),(77471,'INSERT INTO gne_vale_ferreteria_mov (vfe_id,pro_codigo_plu,vfm_cantidad,vfm_unitario,vfm_total,vfm_entregado) VALUES (13774,1544,6,30,180,@@@NO@@@)','',2,'2013-10-14'),(77472,'INSERT INTO gne_vale_ferreteria (vfe_id,vfe_fecha,vfe_total,vfe_estado,vfe_entregado,usu_nusuario) VALUES (13775,@@@2013.10.14@@@,4390,1,0,@@@b_SAEZ@@@)','',2,'2013-10-14'),(77473,'INSERT INTO gne_vale_ferreteria_mov (vfe_id,pro_codigo_plu,vfm_cantidad,vfm_unitario,vfm_total,vfm_entregado) VALUES (13775,764805,1,4390,4390,@@@NO@@@)','',2,'2013-10-14'),(77474,'INSERT INTO com_ventas_grupo (vgr_fecha,vgr_grupo,vgr_cantidad,vgr_total) VALUES (@@@2013.10.11@@@,1,173.825,141501)','',2,'2013-10-14'),(77475,'INSERT INTO com_ventas_grupo (vgr_fecha,vgr_grupo,vgr_cantidad,vgr_total) VALUES (@@@2013.10.11@@@,2,227.975,136716)','',2,'2013-10-14'),(77476,'INSERT INTO com_ventas_grupo (vgr_fecha,vgr_grupo,vgr_cantidad,vgr_total) VALUES (@@@2013.10.11@@@,3,343,74090)','',2,'2013-10-14'),(77477,'INSERT INTO com_ventas_grupo (vgr_fecha,vgr_grupo,vgr_cantidad,vgr_total) VALUES (@@@2013.10.11@@@,4,166,136160)','',2,'2013-10-14'),(77478,'INSERT INTO com_ventas_grupo (vgr_fecha,vgr_grupo,vgr_cantidad,vgr_total) VALUES (@@@2013.10.11@@@,5,4,15978)','',2,'2013-10-14'),(77479,'INSERT INTO com_ventas_grupo (vgr_fecha,vgr_grupo,vgr_cantidad,vgr_total) VALUES (@@@2013.10.11@@@,6,31,62568)','',2,'2013-10-14'),(77480,'INSERT INTO com_ventas_grupo (vgr_fecha,vgr_grupo,vgr_cantidad,vgr_total) VALUES (@@@2013.10.11@@@,7,199,401676)','',2,'2013-10-14'),(77481,'INSERT INTO com_ventas_grupo (vgr_fecha,vgr_grupo,vgr_cantidad,vgr_total) VALUES (@@@2013.10.11@@@,8,95,41000)','',2,'2013-10-14'),(77482,'INSERT INTO com_ventas_grupo (vgr_fecha,vgr_grupo,vgr_cantidad,vgr_total) VALUES (@@@2013.10.11@@@,9,125.64,227331)','',2,'2013-10-14'),(77483,'INSERT INTO com_ventas_grupo (vgr_fecha,vgr_grupo,vgr_cantidad,vgr_total) VALUES (@@@2013.10.11@@@,10,43.215,167881)','',2,'2013-10-14'),(77484,'INSERT INTO com_ventas_grupo (vgr_fecha,vgr_grupo,vgr_cantidad,vgr_total) VALUES (@@@2013.10.11@@@,11,55.195,175548)','',2,'2013-10-14'),(77485,'INSERT INTO com_ventas_grupo (vgr_fecha,vgr_grupo,vgr_cantidad,vgr_total) VALUES (@@@2013.10.11@@@,12,59.545,110160)','',2,'2013-10-14'),(77486,'INSERT INTO com_ventas_grupo (vgr_fecha,vgr_grupo,vgr_cantidad,vgr_total) VALUES (@@@2013.10.11@@@,13,12.6,36430)','',2,'2013-10-14'),(77487,'INSERT INTO com_ventas_grupo (vgr_fecha,vgr_grupo,vgr_cantidad,vgr_total) VALUES (@@@2013.10.11@@@,14,94.245,86876)','',2,'2013-10-14'),(77488,'INSERT INTO com_ventas_grupo (vgr_fecha,vgr_grupo,vgr_cantidad,vgr_total) VALUES (@@@2013.10.11@@@,15,1,1999)','',2,'2013-10-14'),(77489,'INSERT INTO com_ventas_grupo (vgr_fecha,vgr_grupo,vgr_cantidad,vgr_total) VALUES (@@@2013.10.11@@@,18,264.185,150717)','',2,'2013-10-14'),(77490,'INSERT INTO com_ventas_grupo (vgr_fecha,vgr_grupo,vgr_cantidad,vgr_total) VALUES (@@@2013.10.11@@@,19,2,4580)','',2,'2013-10-14'),(77491,'INSERT INTO com_ventas_grupo (vgr_fecha,vgr_grupo,vgr_cantidad,vgr_total) VALUES (@@@2013.10.11@@@,20,207.71,99253)','',2,'2013-10-14'),(77492,'INSERT INTO com_ventas_grupo (vgr_fecha,vgr_grupo,vgr_cantidad,vgr_total) VALUES (@@@2013.10.11@@@,21,63,59254)','',2,'2013-10-14'),(77493,'INSERT INTO com_ventas_grupo (vgr_fecha,vgr_grupo,vgr_cantidad,vgr_total) VALUES (@@@2013.10.11@@@,24,139,30349)','',2,'2013-10-14'),(77494,'INSERT INTO com_ventas_grupo (vgr_fecha,vgr_grupo,vgr_cantidad,vgr_total) VALUES (@@@2013.10.11@@@,25,118,185700)','',2,'2013-10-14'),(77495,'INSERT INTO com_ventas_grupo (vgr_fecha,vgr_grupo,vgr_cantidad,vgr_total) VALUES (@@@2013.10.11@@@,31,10,14969)','',2,'2013-10-14'),(77496,'INSERT INTO com_ventas_grupo (vgr_fecha,vgr_grupo,vgr_cantidad,vgr_total) VALUES (@@@2013.10.11@@@,32,468,184870)','',2,'2013-10-14'),(77497,'INSERT INTO com_ventas_grupo (vgr_fecha,vgr_grupo,vgr_cantidad,vgr_total) VALUES (@@@2013.10.11@@@,33,2,5849)','',2,'2013-10-14'),(77498,'INSERT INTO com_ventas_grupo (vgr_fecha,vgr_grupo,vgr_cantidad,vgr_total) VALUES (@@@2013.10.11@@@,34,2,2500)','',2,'2013-10-14'),(77499,'INSERT INTO com_ventas_grupo (vgr_fecha,vgr_grupo,vgr_cantidad,vgr_total) VALUES (@@@2013.10.11@@@,35,28,41885)','',2,'2013-10-14'),(77500,'INSERT INTO com_ventas_grupo (vgr_fecha,vgr_grupo,vgr_cantidad,vgr_total) VALUES (@@@2013.10.11@@@,36,12,2170)','',2,'2013-10-14'),(77501,'INSERT INTO com_ventas_grupo (vgr_fecha,vgr_grupo,vgr_cantidad,vgr_total) VALUES (@@@2013.10.11@@@,37,1,990)','',2,'2013-10-14'),(77502,'INSERT INTO com_ventas_grupo (vgr_fecha,vgr_grupo,vgr_cantidad,vgr_total) VALUES (@@@2013.10.11@@@,38,4,11260)','',2,'2013-10-14'),(77503,'INSERT INTO com_ventas_grupo (vgr_fecha,vgr_grupo,vgr_cantidad,vgr_total) VALUES (@@@2013.10.11@@@,39,6,5370)','',2,'2013-10-14'),(77504,'INSERT INTO com_ventas_grupo (vgr_fecha,vgr_grupo,vgr_cantidad,vgr_total) VALUES (@@@2013.10.11@@@,40,999,999)','',2,'2013-10-14'),(77505,'INSERT INTO com_ventas_grupo (vgr_fecha,vgr_grupo,vgr_cantidad,vgr_total) VALUES (@@@2013.10.11@@@,41,4,390)','',2,'2013-10-14'),(77506,'INSERT INTO com_ventas_grupo (vgr_fecha,vgr_grupo,vgr_cantidad,vgr_total) VALUES (@@@2013.10.11@@@,42,24.02,23391)','',2,'2013-10-14'),(77507,'INSERT INTO com_ventas_grupo (vgr_fecha,vgr_grupo,vgr_cantidad,vgr_total) VALUES (@@@2013.10.11@@@,43,1,600)','',2,'2013-10-14'),(77508,'UPDATE mae_datos_empresa SET emp_oferta=@@@NO@@@','',2,'2013-10-14'),(77509,'INSERT INTO com_ventas_grupo (vgr_fecha,vgr_grupo,vgr_cantidad,vgr_total) VALUES (@@@2013.10.12@@@,1,181.105,178697)','',2,'2013-10-14'),(77510,'INSERT INTO com_ventas_grupo (vgr_fecha,vgr_grupo,vgr_cantidad,vgr_total) VALUES (@@@2013.10.12@@@,2,270.91,139151)','',2,'2013-10-14'),(77511,'INSERT INTO com_ventas_grupo (vgr_fecha,vgr_grupo,vgr_cantidad,vgr_total) VALUES (@@@2013.10.12@@@,3,247,49401)','',2,'2013-10-14'),(77512,'INSERT INTO com_ventas_grupo (vgr_fecha,vgr_grupo,vgr_cantidad,vgr_total) VALUES (@@@2013.10.12@@@,4,132,107060)','',2,'2013-10-14'),(77513,'INSERT INTO com_ventas_grupo (vgr_fecha,vgr_grupo,vgr_cantidad,vgr_total) VALUES (@@@2013.10.12@@@,5,5,14368)','',2,'2013-10-14'),(77514,'INSERT INTO com_ventas_grupo (vgr_fecha,vgr_grupo,vgr_cantidad,vgr_total) VALUES (@@@2013.10.12@@@,6,31,57573)','',2,'2013-10-14'),(77515,'INSERT INTO com_ventas_grupo (vgr_fecha,vgr_grupo,vgr_cantidad,vgr_total) VALUES (@@@2013.10.12@@@,7,80,168329)','',2,'2013-10-14'),(77516,'INSERT INTO com_ventas_grupo (vgr_fecha,vgr_grupo,vgr_cantidad,vgr_total) VALUES (@@@2013.10.12@@@,8,43,23430)','',2,'2013-10-14'),(77517,'INSERT INTO com_ventas_grupo (vgr_fecha,vgr_grupo,vgr_cantidad,vgr_total) VALUES (@@@2013.10.12@@@,9,147.68,269328)','',2,'2013-10-14'),(77518,'INSERT INTO com_ventas_grupo (vgr_fecha,vgr_grupo,vgr_cantidad,vgr_total) VALUES (@@@2013.10.12@@@,10,44.03,184378)','',2,'2013-10-14'),(77519,'INSERT INTO com_ventas_grupo (vgr_fecha,vgr_grupo,vgr_cantidad,vgr_total) VALUES (@@@2013.10.12@@@,11,43.51,123527)','',2,'2013-10-14'),(77520,'INSERT INTO com_ventas_grupo (vgr_fecha,vgr_grupo,vgr_cantidad,vgr_total) VALUES (@@@2013.10.12@@@,12,50.51,88095)','',2,'2013-10-14'),(77521,'INSERT INTO com_ventas_grupo (vgr_fecha,vgr_grupo,vgr_cantidad,vgr_total) VALUES (@@@2013.10.12@@@,13,12.595,34019)','',2,'2013-10-14'),(77522,'INSERT INTO com_ventas_grupo (vgr_fecha,vgr_grupo,vgr_cantidad,vgr_total) VALUES (@@@2013.10.12@@@,14,104.02,94519)','',2,'2013-10-14'),(77523,'INSERT INTO com_ventas_grupo (vgr_fecha,vgr_grupo,vgr_cantidad,vgr_total) VALUES (@@@2013.10.12@@@,18,231.94,144405)','',2,'2013-10-14'),(77524,'INSERT INTO com_ventas_grupo (vgr_fecha,vgr_grupo,vgr_cantidad,vgr_total) VALUES (@@@2013.10.12@@@,19,3,3550)','',2,'2013-10-14'),(77525,'INSERT INTO com_ventas_grupo (vgr_fecha,vgr_grupo,vgr_cantidad,vgr_total) VALUES (@@@2013.10.12@@@,20,170.26,91132)','',2,'2013-10-14'),(77526,'INSERT INTO com_ventas_grupo (vgr_fecha,vgr_grupo,vgr_cantidad,vgr_total) VALUES (@@@2013.10.12@@@,21,73,73820)','',2,'2013-10-14'),(77527,'INSERT INTO com_ventas_grupo (vgr_fecha,vgr_grupo,vgr_cantidad,vgr_total) VALUES (@@@2013.10.12@@@,23,14,27390)','',2,'2013-10-14'),(77528,'INSERT INTO com_ventas_grupo (vgr_fecha,vgr_grupo,vgr_cantidad,vgr_total) VALUES (@@@2013.10.12@@@,24,214,47129)','',2,'2013-10-14'),(77529,'INSERT INTO com_ventas_grupo (vgr_fecha,vgr_grupo,vgr_cantidad,vgr_total) VALUES (@@@2013.10.12@@@,25,66,102600)','',2,'2013-10-14'),(77530,'INSERT INTO com_ventas_grupo (vgr_fecha,vgr_grupo,vgr_cantidad,vgr_total) VALUES (@@@2013.10.12@@@,31,9,7830)','',2,'2013-10-14'),(77531,'INSERT INTO com_ventas_grupo (vgr_fecha,vgr_grupo,vgr_cantidad,vgr_total) VALUES (@@@2013.10.12@@@,32,294,123230)','',2,'2013-10-14'),(77532,'INSERT INTO com_ventas_grupo (vgr_fecha,vgr_grupo,vgr_cantidad,vgr_total) VALUES (@@@2013.10.12@@@,34,1,1250)','',2,'2013-10-14'),(77533,'INSERT INTO com_ventas_grupo (vgr_fecha,vgr_grupo,vgr_cantidad,vgr_total) VALUES (@@@2013.10.12@@@,35,59,87460)','',2,'2013-10-14'),(77534,'INSERT INTO com_ventas_grupo (vgr_fecha,vgr_grupo,vgr_cantidad,vgr_total) VALUES (@@@2013.10.12@@@,36,17,2540)','',2,'2013-10-14'),(77535,'INSERT INTO com_ventas_grupo (vgr_fecha,vgr_grupo,vgr_cantidad,vgr_total) VALUES (@@@2013.10.12@@@,37,1,2390)','',2,'2013-10-14'),(77536,'INSERT INTO com_ventas_grupo (vgr_fecha,vgr_grupo,vgr_cantidad,vgr_total) VALUES (@@@2013.10.12@@@,38,6,5640)','',2,'2013-10-14'),(77537,'INSERT INTO com_ventas_grupo (vgr_fecha,vgr_grupo,vgr_cantidad,vgr_total) VALUES (@@@2013.10.12@@@,39,9,7300)','',2,'2013-10-14'),(77538,'INSERT INTO com_ventas_grupo (vgr_fecha,vgr_grupo,vgr_cantidad,vgr_total) VALUES (@@@2013.10.12@@@,41,2,1860)','',2,'2013-10-14'),(77539,'INSERT INTO com_ventas_grupo (vgr_fecha,vgr_grupo,vgr_cantidad,vgr_total) VALUES (@@@2013.10.12@@@,42,24.46,23671)','',2,'2013-10-14'),(77540,'INSERT INTO com_ventas_grupo (vgr_fecha,vgr_grupo,vgr_cantidad,vgr_total) VALUES (@@@2013.10.12@@@,44,1,1550)','',2,'2013-10-14'),(77541,'UPDATE mae_datos_empresa SET emp_oferta=@@@NO@@@','',2,'2013-10-14'),(77542,'INSERT INTO com_ventas_grupo (vgr_fecha,vgr_grupo,vgr_cantidad,vgr_total) VALUES (@@@2013.10.13@@@,1,183.525,151525)','',2,'2013-10-14'),(77543,'INSERT INTO com_ventas_grupo (vgr_fecha,vgr_grupo,vgr_cantidad,vgr_total) VALUES (@@@2013.10.13@@@,2,153.46,94771)','',2,'2013-10-14'),(77544,'INSERT INTO com_ventas_grupo (vgr_fecha,vgr_grupo,vgr_cantidad,vgr_total) VALUES (@@@2013.10.13@@@,3,359,70367)','',2,'2013-10-14'),(77545,'INSERT INTO com_ventas_grupo (vgr_fecha,vgr_grupo,vgr_cantidad,vgr_total) VALUES (@@@2013.10.13@@@,4,147,116899)','',2,'2013-10-14'),(77546,'INSERT INTO com_ventas_grupo (vgr_fecha,vgr_grupo,vgr_cantidad,vgr_total) VALUES (@@@2013.10.13@@@,5,2,9489)','',2,'2013-10-14'),(77547,'INSERT INTO com_ventas_grupo (vgr_fecha,vgr_grupo,vgr_cantidad,vgr_total) VALUES (@@@2013.10.13@@@,6,21,38079)','',2,'2013-10-14'),(77548,'INSERT INTO com_ventas_grupo (vgr_fecha,vgr_grupo,vgr_cantidad,vgr_total) VALUES (@@@2013.10.13@@@,7,136,255690)','',2,'2013-10-14'),(77549,'INSERT INTO com_ventas_grupo (vgr_fecha,vgr_grupo,vgr_cantidad,vgr_total) VALUES (@@@2013.10.13@@@,8,40,24090)','',2,'2013-10-14'),(77550,'INSERT INTO com_ventas_grupo (vgr_fecha,vgr_grupo,vgr_cantidad,vgr_total) VALUES (@@@2013.10.13@@@,9,154.945,282291)','',2,'2013-10-14'),(77551,'INSERT INTO com_ventas_grupo (vgr_fecha,vgr_grupo,vgr_cantidad,vgr_total) VALUES (@@@2013.10.13@@@,10,37.58,176693)','',2,'2013-10-14'),(77552,'INSERT INTO com_ventas_grupo (vgr_fecha,vgr_grupo,vgr_cantidad,vgr_total) VALUES (@@@2013.10.13@@@,11,38.965,121345)','',2,'2013-10-14'),(77553,'INSERT INTO com_ventas_grupo (vgr_fecha,vgr_grupo,vgr_cantidad,vgr_total) VALUES (@@@2013.10.13@@@,12,37.4,61351)','',2,'2013-10-14'),(77554,'INSERT INTO com_ventas_grupo (vgr_fecha,vgr_grupo,vgr_cantidad,vgr_total) VALUES (@@@2013.10.13@@@,13,11.53,31586)','',2,'2013-10-14'),(77555,'INSERT INTO com_ventas_grupo (vgr_fecha,vgr_grupo,vgr_cantidad,vgr_total) VALUES (@@@2013.10.13@@@,14,98.885,90703)','',2,'2013-10-14'),(77556,'INSERT INTO com_ventas_grupo (vgr_fecha,vgr_grupo,vgr_cantidad,vgr_total) VALUES (@@@2013.10.13@@@,16,1,170)','',2,'2013-10-14'),(77557,'INSERT INTO com_ventas_grupo (vgr_fecha,vgr_grupo,vgr_cantidad,vgr_total) VALUES (@@@2013.10.13@@@,18,168.625,102015)','',2,'2013-10-14'),(77558,'INSERT INTO com_ventas_grupo (vgr_fecha,vgr_grupo,vgr_cantidad,vgr_total) VALUES (@@@2013.10.13@@@,19,1,2290)','',2,'2013-10-14'),(77559,'INSERT INTO com_ventas_grupo (vgr_fecha,vgr_grupo,vgr_cantidad,vgr_total) VALUES (@@@2013.10.13@@@,20,246.685,102395)','',2,'2013-10-14'),(77560,'INSERT INTO com_ventas_grupo (vgr_fecha,vgr_grupo,vgr_cantidad,vgr_total) VALUES (@@@2013.10.13@@@,21,66,61445)','',2,'2013-10-14'),(77561,'INSERT INTO com_ventas_grupo (vgr_fecha,vgr_grupo,vgr_cantidad,vgr_total) VALUES (@@@2013.10.13@@@,22,2,9380)','',2,'2013-10-14'),(77562,'INSERT INTO com_ventas_grupo (vgr_fecha,vgr_grupo,vgr_cantidad,vgr_total) VALUES (@@@2013.10.13@@@,23,2,4180)','',2,'2013-10-14'),(77563,'INSERT INTO com_ventas_grupo (vgr_fecha,vgr_grupo,vgr_cantidad,vgr_total) VALUES (@@@2013.10.13@@@,24,163,39459)','',2,'2013-10-14'),(77564,'INSERT INTO com_ventas_grupo (vgr_fecha,vgr_grupo,vgr_cantidad,vgr_total) VALUES (@@@2013.10.13@@@,25,80,118500)','',2,'2013-10-14'),(77565,'INSERT INTO com_ventas_grupo (vgr_fecha,vgr_grupo,vgr_cantidad,vgr_total) VALUES (@@@2013.10.13@@@,27,1,1190)','',2,'2013-10-14'),(77566,'INSERT INTO com_ventas_grupo (vgr_fecha,vgr_grupo,vgr_cantidad,vgr_total) VALUES (@@@2013.10.13@@@,31,10,9810)','',2,'2013-10-14'),(77567,'INSERT INTO com_ventas_grupo (vgr_fecha,vgr_grupo,vgr_cantidad,vgr_total) VALUES (@@@2013.10.13@@@,32,348,128680)','',2,'2013-10-14'),(77568,'INSERT INTO com_ventas_grupo (vgr_fecha,vgr_grupo,vgr_cantidad,vgr_total) VALUES (@@@2013.10.13@@@,33,2,4700)','',2,'2013-10-14'),(77569,'INSERT INTO com_ventas_grupo (vgr_fecha,vgr_grupo,vgr_cantidad,vgr_total) VALUES (@@@2013.10.13@@@,34,6,7500)','',2,'2013-10-14'),(77570,'INSERT INTO com_ventas_grupo (vgr_fecha,vgr_grupo,vgr_cantidad,vgr_total) VALUES (@@@2013.10.13@@@,35,17,22939)','',2,'2013-10-14'),(77571,'INSERT INTO com_ventas_grupo (vgr_fecha,vgr_grupo,vgr_cantidad,vgr_total) VALUES (@@@2013.10.13@@@,36,23,4400)','',2,'2013-10-14'),(77572,'INSERT INTO com_ventas_grupo (vgr_fecha,vgr_grupo,vgr_cantidad,vgr_total) VALUES (@@@2013.10.13@@@,37,1,200)','',2,'2013-10-14'),(77573,'INSERT INTO com_ventas_grupo (vgr_fecha,vgr_grupo,vgr_cantidad,vgr_total) VALUES (@@@2013.10.13@@@,38,12,15640)','',2,'2013-10-14'),(77574,'INSERT INTO com_ventas_grupo (vgr_fecha,vgr_grupo,vgr_cantidad,vgr_total) VALUES (@@@2013.10.13@@@,39,3,2660)','',2,'2013-10-14'),(77575,'INSERT INTO com_ventas_grupo (vgr_fecha,vgr_grupo,vgr_cantidad,vgr_total) VALUES (@@@2013.10.13@@@,41,1,780)','',2,'2013-10-14'),(77576,'INSERT INTO com_ventas_grupo (vgr_fecha,vgr_grupo,vgr_cantidad,vgr_total) VALUES (@@@2013.10.13@@@,42,22.45,20443)','',2,'2013-10-14'),(77577,'INSERT INTO com_ventas_grupo (vgr_fecha,vgr_grupo,vgr_cantidad,vgr_total) VALUES (@@@2013.10.13@@@,44,2,3100)','',2,'2013-10-14'),(77578,'UPDATE mae_datos_empresa SET emp_oferta=@@@NO@@@','',2,'2013-10-14'),(77579,'UPDATE mae_productos SET pro_margen_actual=29.97,pro_precio_venta=399 WHERE pro_codigo_plu=573','',2,'2013-10-14'),(77580,'UPDATE mae_productos SET pro_margen_actual=176,pro_precio_venta=690 WHERE pro_codigo_plu=535','',2,'2013-10-14'),(77581,'UPDATE mae_productos SET pro_margen_actual=5,pro_precio_venta=490 WHERE pro_codigo_plu=533','',2,'2013-10-14'),(77582,'UPDATE mae_productos SET pro_margen_actual=29.63,pro_precio_venta=490 WHERE pro_codigo_plu=534','',2,'2013-10-14'),(77583,'UPDATE mae_productos SET pro_margen_actual=38900,pro_precio_venta=390 WHERE pro_codigo_plu=532','',2,'2013-10-14'),(77584,'UPDATE mae_productos SET pro_margen_actual=120,pro_precio_venta=330 WHERE pro_codigo_plu=594','',2,'2013-10-14'),(77585,'UPDATE mae_productos SET pro_margen_actual=113.82,pro_precio_venta=650 WHERE pro_codigo_plu=552','',2,'2013-10-14'),(77586,'UPDATE mae_productos SET pro_margen_actual=119.15,pro_precio_venta=1190 WHERE pro_codigo_plu=579','',2,'2013-10-14'),(77587,'UPDATE mae_productos SET pro_margen_actual=123.26,pro_precio_venta=1190 WHERE pro_codigo_plu=580','',2,'2013-10-14'),(77588,'UPDATE mae_productos SET pro_margen_actual=0,pro_precio_venta=350 WHERE pro_codigo_plu=513','',2,'2013-10-14'),(77589,'UPDATE mae_productos SET pro_margen_actual=91.26,pro_precio_venta=350 WHERE pro_codigo_plu=515','',2,'2013-10-14'),(77590,'UPDATE mae_productos SET pro_precio_fiscal=pro_precio_venta WHERE pro_codigo_plu=513','',2,'2013-10-14'),(77591,'UPDATE mae_productos SET pro_precio_fiscal=pro_precio_venta WHERE pro_codigo_plu=515','',2,'2013-10-14'),(77592,'UPDATE mae_productos SET pro_precio_fiscal=pro_precio_venta WHERE pro_codigo_plu=532','',2,'2013-10-14'),(77593,'UPDATE mae_productos SET pro_precio_fiscal=pro_precio_venta WHERE pro_codigo_plu=533','',2,'2013-10-14'),(77594,'UPDATE mae_productos SET pro_precio_fiscal=pro_precio_venta WHERE pro_codigo_plu=534','',2,'2013-10-14'),(77595,'UPDATE mae_productos SET pro_precio_fiscal=pro_precio_venta WHERE pro_codigo_plu=535','',2,'2013-10-14'),(77596,'UPDATE mae_productos SET pro_precio_fiscal=pro_precio_venta WHERE pro_codigo_plu=552','',2,'2013-10-14'),(77597,'UPDATE mae_productos SET pro_precio_fiscal=pro_precio_venta WHERE pro_codigo_plu=573','',2,'2013-10-14'),(77598,'UPDATE mae_productos SET pro_precio_fiscal=pro_precio_venta WHERE pro_codigo_plu=579','',2,'2013-10-14'),(77599,'UPDATE mae_productos SET pro_precio_fiscal=pro_precio_venta WHERE pro_codigo_plu=580','',2,'2013-10-14'),(77600,'UPDATE mae_productos SET pro_precio_fiscal=pro_precio_venta WHERE pro_codigo_plu=594','',2,'2013-10-14'),(77601,'UPDATE mae_productos SET med_id=1,pro_capacidad=1 WHERE pro_codigo_plu=262170','',2,'2013-10-14'),(77602,'UPDATE mae_productos SET pro_margen_actual=0,pro_precio_venta=2190 WHERE pro_codigo_plu=9','',2,'2013-10-14'),(77603,'UPDATE mae_productos SET pro_margen_actual=0,pro_precio_venta=2190 WHERE pro_codigo_plu=27','',2,'2013-10-14'),(77604,'UPDATE mae_productos SET pro_precio_fiscal=pro_precio_venta WHERE pro_codigo_plu=27','',2,'2013-10-14'),(77605,'UPDATE mae_productos SET pro_precio_fiscal=pro_precio_venta WHERE pro_codigo_plu=9','',2,'2013-10-14'),(77606,'UPDATE mae_productos SET med_id=1,pro_capacidad=1 WHERE pro_codigo_plu=14625','',2,'2013-10-14'),(77607,'UPDATE mae_productos SET med_id=1,pro_capacidad=1 WHERE pro_codigo_plu=262170','',2,'2013-10-14'),(77608,'UPDATE mae_productos SET med_id=1,pro_capacidad=1 WHERE pro_codigo_plu=14625','',2,'2013-10-14'),(77609,'UPDATE mae_productos SET med_id=1,pro_capacidad=4 WHERE pro_codigo_plu=780721263','',2,'2013-10-14'),(77610,'UPDATE mae_productos SET med_id=2,pro_capacidad=1 WHERE pro_codigo_plu=34','',2,'2013-10-14'),(77611,'INSERT INTO gne_vale_ferreteria (vfe_id,vfe_fecha,vfe_total,vfe_estado,vfe_entregado,usu_nusuario) VALUES (13776,@@@2013.10.14@@@,3780,1,0,@@@b_SAEZ@@@)','',2,'2013-10-14'),(77612,'INSERT INTO gne_vale_ferreteria_mov (vfe_id,pro_codigo_plu,vfm_cantidad,vfm_unitario,vfm_total,vfm_entregado) VALUES (13776,101852,2,1890,3780,@@@NO@@@)','',2,'2013-10-14'),(77613,'INSERT INTO gne_vale_ferreteria (vfe_id,vfe_fecha,vfe_total,vfe_estado,vfe_entregado,usu_nusuario) VALUES (13777,@@@2013.10.14@@@,730,1,0,@@@b_SAEZ@@@)','',2,'2013-10-14'),(77614,'INSERT INTO gne_vale_ferreteria_mov (vfe_id,pro_codigo_plu,vfm_cantidad,vfm_unitario,vfm_total,vfm_entregado) VALUES (13777,11378,1,730,730,@@@NO@@@)','',2,'2013-10-14'),(77615,'UPDATE mae_productos SET pro_precio_venta=180,pro_margen_actual= 44.06 WHERE pro_codigo_plu=16807','',2,'2013-10-14'),(77616,'UPDATE mae_productos SET pro_precio_venta=180,pro_margen_actual= 44.06 WHERE pro_codigo_plu=16870','',2,'2013-10-14'),(77617,'UPDATE mae_productos SET pro_precio_venta=299,pro_margen_actual= 35.33 WHERE pro_codigo_plu=780721978','',2,'2013-10-14'),(77618,'UPDATE mae_productos SET pro_margen_actual=44.06,pro_precio_venta=180 WHERE pro_codigo_plu=16807','',2,'2013-10-14'),(77619,'UPDATE mae_productos SET pro_margen_actual=44.06,pro_precio_venta=180 WHERE pro_codigo_plu=16870','',2,'2013-10-14'),(77620,'UPDATE mae_productos SET pro_margen_actual=35.33,pro_precio_venta=299 WHERE pro_codigo_plu=780721978','',2,'2013-10-14'),(77621,'UPDATE mae_productos SET pro_margen_actual=73.73,pro_precio_venta=6200 WHERE pro_codigo_plu=388','',2,'2013-10-14'),(77622,'UPDATE mae_productos SET pro_precio_fiscal=pro_precio_venta WHERE pro_codigo_plu=16807','',2,'2013-10-14'),(77623,'UPDATE mae_productos SET pro_precio_fiscal=pro_precio_venta WHERE pro_codigo_plu=16870','',2,'2013-10-14'),(77624,'UPDATE mae_productos SET pro_precio_fiscal=pro_precio_venta WHERE pro_codigo_plu=780721978','',2,'2013-10-14'),(77625,'INSERT INTO gne_vale_ferreteria (vfe_id,vfe_fecha,vfe_total,vfe_estado,vfe_entregado,usu_nusuario) VALUES (13778,@@@2013.10.14@@@,2450,1,0,@@@b_SAEZ@@@)','',2,'2013-10-14'),(77626,'INSERT INTO gne_vale_ferreteria_mov (vfe_id,pro_codigo_plu,vfm_cantidad,vfm_unitario,vfm_total,vfm_entregado) VALUES (13778,780721865,1,2190,2190,@@@NO@@@)','',2,'2013-10-14'),(77627,'INSERT INTO gne_vale_ferreteria_mov (vfe_id,pro_codigo_plu,vfm_cantidad,vfm_unitario,vfm_total,vfm_entregado) VALUES (13778,15967,2,130,260,@@@NO@@@)','',2,'2013-10-14'),(77628,'INSERT INTO gne_vale_ferreteria (vfe_id,vfe_fecha,vfe_total,vfe_estado,vfe_entregado,usu_nusuario) VALUES (13779,@@@2013.10.14@@@,2990,1,0,@@@b_SAEZ@@@)','',2,'2013-10-14'),(77629,'INSERT INTO gne_vale_ferreteria_mov (vfe_id,pro_codigo_plu,vfm_cantidad,vfm_unitario,vfm_total,vfm_entregado) VALUES (13779,4085,1,2990,2990,@@@NO@@@)','',2,'2013-10-14'),(77630,'INSERT INTO gne_vale_ferreteria (vfe_id,vfe_fecha,vfe_total,vfe_estado,vfe_entregado,usu_nusuario) VALUES (13780,@@@2013.10.14@@@,120,1,0,@@@b_SAEZ@@@)','',2,'2013-10-14'),(77631,'INSERT INTO gne_vale_ferreteria_mov (vfe_id,pro_codigo_plu,vfm_cantidad,vfm_unitario,vfm_total,vfm_entregado) VALUES (13780,8022,1,120,120,@@@NO@@@)','',2,'2013-10-14'),(77632,'UPDATE mae_productos SET pro_margen_actual=49.72,pro_precio_venta=6200 WHERE pro_codigo_plu=401','',2,'2013-10-14'),(77633,'UPDATE mae_productos SET pro_margen_actual=69.16,pro_precio_venta=6200 WHERE pro_codigo_plu=402','',2,'2013-10-14'),(77634,'UPDATE mae_productos SET pro_margen_actual=50.76,pro_precio_venta=6100 WHERE pro_codigo_plu=403','',2,'2013-10-14'),(77635,'UPDATE mae_productos SET pro_margen_actual=51.02,pro_precio_venta=6200 WHERE pro_codigo_plu=404','',2,'2013-10-14'),(77636,'UPDATE mae_productos SET pro_margen_actual=53.85,pro_precio_venta=5490 WHERE pro_codigo_plu=406','',2,'2013-10-14'),(77637,'UPDATE mae_productos SET pro_margen_actual=61.08,pro_precio_venta=5890 WHERE pro_codigo_plu=407','',2,'2013-10-14'),(77638,'UPDATE mae_productos SET pro_margen_actual=63.96,pro_precio_venta=5990 WHERE pro_codigo_plu=408','',2,'2013-10-14'),(77639,'UPDATE mae_productos SET pro_margen_actual=56.81,pro_precio_venta=5990 WHERE pro_codigo_plu=409','',2,'2013-10-14'),(77640,'UPDATE mae_productos SET pro_margen_actual=58.7,pro_precio_venta=5590 WHERE pro_codigo_plu=410','',2,'2013-10-14'),(77641,'UPDATE mae_productos SET pro_margen_actual=87.06,pro_precio_venta=6100 WHERE pro_codigo_plu=412','',2,'2013-10-14'),(77642,'UPDATE mae_productos SET pro_margen_actual=63.27,pro_precio_venta=4490 WHERE pro_codigo_plu=411','',2,'2013-10-14'),(77643,'UPDATE mae_productos SET pro_margen_actual=42.6,pro_precio_venta=6100 WHERE pro_codigo_plu=413','',2,'2013-10-14'),(77644,'UPDATE mae_productos SET pro_margen_actual=70.9,pro_precio_venta=5790 WHERE pro_codigo_plu=414','',2,'2013-10-14'),(77645,'UPDATE mae_productos SET pro_precio_fiscal=pro_precio_venta WHERE pro_codigo_plu=408','',2,'2013-10-14'),(77646,'UPDATE mae_productos SET pro_precio_fiscal=pro_precio_venta WHERE pro_codigo_plu=409','',2,'2013-10-14'),(77647,'UPDATE mae_productos SET pro_precio_fiscal=pro_precio_venta WHERE pro_codigo_plu=410','',2,'2013-10-14'),(77648,'UPDATE mae_productos SET pro_precio_fiscal=pro_precio_venta WHERE pro_codigo_plu=412','',2,'2013-10-14'),(77649,'UPDATE mae_productos SET pro_precio_fiscal=pro_precio_venta WHERE pro_codigo_plu=414','',2,'2013-10-14'),(77650,'INSERT INTO gne_vale_ferreteria (vfe_id,vfe_fecha,vfe_total,vfe_estado,vfe_entregado,usu_nusuario) VALUES (13781,@@@2013.10.14@@@,50,1,0,@@@b_SAEZ@@@)','',2,'2013-10-14'),(77651,'INSERT INTO gne_vale_ferreteria_mov (vfe_id,pro_codigo_plu,vfm_cantidad,vfm_unitario,vfm_total,vfm_entregado) VALUES (13781,770032,1,50,50,@@@NO@@@)','',2,'2013-10-14'),(77652,'INSERT INTO gne_vale_ferreteria (vfe_id,vfe_fecha,vfe_total,vfe_estado,vfe_entregado,usu_nusuario) VALUES (13782,@@@2013.10.14@@@,490,1,0,@@@b_SAEZ@@@)','',2,'2013-10-14'),(77653,'INSERT INTO gne_vale_ferreteria_mov (vfe_id,pro_codigo_plu,vfm_cantidad,vfm_unitario,vfm_total,vfm_entregado) VALUES (13782,1538,1,490,490,@@@NO@@@)','',2,'2013-10-14'),(77654,'INSERT INTO gne_vale_ferreteria (vfe_id,vfe_fecha,vfe_total,vfe_estado,vfe_entregado,usu_nusuario) VALUES (13783,@@@2013.10.14@@@,1180,1,0,@@@b_SAEZ@@@)','',2,'2013-10-14'),(77655,'INSERT INTO gne_vale_ferreteria_mov (vfe_id,pro_codigo_plu,vfm_cantidad,vfm_unitario,vfm_total,vfm_entregado) VALUES (13783,15929,3,130,390,@@@NO@@@)','',2,'2013-10-14'),(77656,'INSERT INTO gne_vale_ferreteria_mov (vfe_id,pro_codigo_plu,vfm_cantidad,vfm_unitario,vfm_total,vfm_entregado) VALUES (13783,101454,1,790,790,@@@NO@@@)','',2,'2013-10-14'),(77657,'INSERT INTO gne_vale_ferreteria (vfe_id,vfe_fecha,vfe_total,vfe_estado,vfe_entregado,usu_nusuario) VALUES (13784,@@@2013.10.14@@@,300,1,0,@@@b_SAEZ@@@)','',2,'2013-10-14'),(77658,'INSERT INTO gne_vale_ferreteria_mov (vfe_id,pro_codigo_plu,vfm_cantidad,vfm_unitario,vfm_total,vfm_entregado) VALUES (13784,1542,3,100,300,@@@NO@@@)','',2,'2013-10-14'),(77659,'INSERT INTO gne_vale_ferreteria (vfe_id,vfe_fecha,vfe_total,vfe_estado,vfe_entregado,usu_nusuario) VALUES (13785,@@@2013.10.14@@@,200,1,0,@@@b_SAEZ@@@)','',2,'2013-10-14'),(77660,'INSERT INTO gne_vale_ferreteria_mov (vfe_id,pro_codigo_plu,vfm_cantidad,vfm_unitario,vfm_total,vfm_entregado) VALUES (13785,4075,1,200,200,@@@NO@@@)','',2,'2013-10-14'),(77661,'INSERT INTO gne_vale_ferreteria (vfe_id,vfe_fecha,vfe_total,vfe_estado,vfe_entregado,usu_nusuario) VALUES (13786,@@@2013.10.14@@@,3190,1,0,@@@b_SAEZ@@@)','',2,'2013-10-14'),(77662,'INSERT INTO gne_vale_ferreteria_mov (vfe_id,pro_codigo_plu,vfm_cantidad,vfm_unitario,vfm_total,vfm_entregado) VALUES (13786,770039,1,200,200,@@@NO@@@)','',2,'2013-10-14'),(77663,'INSERT INTO gne_vale_ferreteria_mov (vfe_id,pro_codigo_plu,vfm_cantidad,vfm_unitario,vfm_total,vfm_entregado) VALUES (13786,780721867,1,2990,2990,@@@NO@@@)','',2,'2013-10-14'),(77664,'INSERT INTO gne_vale_ferreteria (vfe_id,vfe_fecha,vfe_total,vfe_estado,vfe_entregado,usu_nusuario) VALUES (13787,@@@2013.10.14@@@,2589,1,0,@@@G_DIAZ@@@)','',2,'2013-10-14'),(77665,'INSERT INTO gne_vale_ferreteria_mov (vfe_id,pro_codigo_plu,vfm_cantidad,vfm_unitario,vfm_total,vfm_entregado) VALUES (13787,780721920,1,1990,1990,@@@NO@@@)','',2,'2013-10-14'),(77666,'INSERT INTO gne_vale_ferreteria_mov (vfe_id,pro_codigo_plu,vfm_cantidad,vfm_unitario,vfm_total,vfm_entregado) VALUES (13787,19916,1,599,599,@@@NO@@@)','',2,'2013-10-14'),(77667,'INSERT INTO gne_vale_ferreteria (vfe_id,vfe_fecha,vfe_total,vfe_estado,vfe_entregado,usu_nusuario) VALUES (13788,@@@2013.10.14@@@,1990,1,0,@@@G_DIAZ@@@)','',2,'2013-10-14'),(77668,'INSERT INTO gne_vale_ferreteria_mov (vfe_id,pro_codigo_plu,vfm_cantidad,vfm_unitario,vfm_total,vfm_entregado) VALUES (13788,20476,1,1990,1990,@@@NO@@@)','',2,'2013-10-14'),(77669,'INSERT INTO gne_vale_ferreteria (vfe_id,vfe_fecha,vfe_total,vfe_estado,vfe_entregado,usu_nusuario) VALUES (13789,@@@2013.10.14@@@,740,1,0,@@@G_DIAZ@@@)','',2,'2013-10-14'),(77670,'INSERT INTO gne_vale_ferreteria_mov (vfe_id,pro_codigo_plu,vfm_cantidad,vfm_unitario,vfm_total,vfm_entregado) VALUES (13789,102408,2,370,740,@@@NO@@@)','',2,'2013-10-14'),(77671,'INSERT INTO gne_vale_ferreteria (vfe_id,vfe_fecha,vfe_total,vfe_estado,vfe_entregado,usu_nusuario) VALUES (13790,@@@2013.10.14@@@,3888,1,0,@@@G_DIAZ@@@)','',2,'2013-10-14'),(77672,'INSERT INTO gne_vale_ferreteria_mov (vfe_id,pro_codigo_plu,vfm_cantidad,vfm_unitario,vfm_total,vfm_entregado) VALUES (13790,15668,2,1599,3198,@@@NO@@@)','',2,'2013-10-14'),(77673,'INSERT INTO gne_vale_ferreteria_mov (vfe_id,pro_codigo_plu,vfm_cantidad,vfm_unitario,vfm_total,vfm_entregado) VALUES (13790,15479,1,690,690,@@@NO@@@)','',2,'2013-10-14'),(77674,'INSERT INTO gne_vale_ferreteria (vfe_id,vfe_fecha,vfe_total,vfe_estado,vfe_entregado,usu_nusuario) VALUES (13791,@@@2013.10.14@@@,150,1,0,@@@G_DIAZ@@@)','',2,'2013-10-14'),(77675,'INSERT INTO gne_vale_ferreteria_mov (vfe_id,pro_codigo_plu,vfm_cantidad,vfm_unitario,vfm_total,vfm_entregado) VALUES (13791,4131,1,150,150,@@@NO@@@)','',2,'2013-10-14'),(77676,'INSERT INTO gne_vale_ferreteria (vfe_id,vfe_fecha,vfe_total,vfe_estado,vfe_entregado,usu_nusuario) VALUES (13792,@@@2013.10.14@@@,250,1,0,@@@G_DIAZ@@@)','',2,'2013-10-14'),(77677,'INSERT INTO gne_vale_ferreteria_mov (vfe_id,pro_codigo_plu,vfm_cantidad,vfm_unitario,vfm_total,vfm_entregado) VALUES (13792,764583,1,250,250,@@@NO@@@)','',2,'2013-10-14'),(77678,'INSERT INTO gne_vale_ferreteria (vfe_id,vfe_fecha,vfe_total,vfe_estado,vfe_entregado,usu_nusuario) VALUES (13793,@@@2013.10.14@@@,1249,1,0,@@@G_DIAZ@@@)','',2,'2013-10-14'),(77679,'INSERT INTO gne_vale_ferreteria_mov (vfe_id,pro_codigo_plu,vfm_cantidad,vfm_unitario,vfm_total,vfm_entregado) VALUES (13793,780721670,1,499,499,@@@NO@@@)','',2,'2013-10-14'),(77680,'INSERT INTO gne_vale_ferreteria_mov (vfe_id,pro_codigo_plu,vfm_cantidad,vfm_unitario,vfm_total,vfm_entregado) VALUES (13793,770035,1,150,150,@@@NO@@@)','',2,'2013-10-14'),(77681,'INSERT INTO gne_vale_ferreteria_mov (vfe_id,pro_codigo_plu,vfm_cantidad,vfm_unitario,vfm_total,vfm_entregado) VALUES (13793,1067,3,200,600,@@@NO@@@)','',2,'2013-10-14'),(77682,'INSERT INTO gne_vale_ferreteria (vfe_id,vfe_fecha,vfe_total,vfe_estado,vfe_entregado,usu_nusuario) VALUES (13794,@@@2013.10.14@@@,120,1,0,@@@G_DIAZ@@@)','',2,'2013-10-14'),(77683,'INSERT INTO gne_vale_ferreteria_mov (vfe_id,pro_codigo_plu,vfm_cantidad,vfm_unitario,vfm_total,vfm_entregado) VALUES (13794,1064,1,120,120,@@@NO@@@)','',2,'2013-10-14'),(77684,'INSERT INTO gne_vale_ferreteria (vfe_id,vfe_fecha,vfe_total,vfe_estado,vfe_entregado,usu_nusuario) VALUES (13795,@@@2013.10.14@@@,600,1,0,@@@G_DIAZ@@@)','',2,'2013-10-14'),(77685,'INSERT INTO gne_vale_ferreteria_mov (vfe_id,pro_codigo_plu,vfm_cantidad,vfm_unitario,vfm_total,vfm_entregado) VALUES (13795,78017173,1,520,520,@@@NO@@@)','',2,'2013-10-14'),(77686,'INSERT INTO gne_vale_ferreteria_mov (vfe_id,pro_codigo_plu,vfm_cantidad,vfm_unitario,vfm_total,vfm_entregado) VALUES (13795,770001,1,80,80,@@@NO@@@)','',2,'2013-10-14'),(77687,'INSERT INTO gne_vale_ferreteria (vfe_id,vfe_fecha,vfe_total,vfe_estado,vfe_entregado,usu_nusuario) VALUES (13796,@@@2013.10.14@@@,1890,1,0,@@@G_DIAZ@@@)','',2,'2013-10-14'),(77688,'INSERT INTO gne_vale_ferreteria_mov (vfe_id,pro_codigo_plu,vfm_cantidad,vfm_unitario,vfm_total,vfm_entregado) VALUES (13796,101623,1,1890,1890,@@@NO@@@)','',2,'2013-10-14'),(77689,'INSERT INTO gne_vale_ferreteria (vfe_id,vfe_fecha,vfe_total,vfe_estado,vfe_entregado,usu_nusuario) VALUES (13797,@@@2013.10.14@@@,1540,1,0,@@@G_DIAZ@@@)','',2,'2013-10-14'),(77690,'INSERT INTO gne_vale_ferreteria_mov (vfe_id,pro_codigo_plu,vfm_cantidad,vfm_unitario,vfm_total,vfm_entregado) VALUES (13797,780220168,1,1190,1190,@@@NO@@@)','',2,'2013-10-14'),(77691,'INSERT INTO gne_vale_ferreteria_mov (vfe_id,pro_codigo_plu,vfm_cantidad,vfm_unitario,vfm_total,vfm_entregado) VALUES (13797,20847,1,350,350,@@@NO@@@)','',2,'2013-10-14'),(77692,'INSERT INTO gne_vale_ferreteria (vfe_id,vfe_fecha,vfe_total,vfe_estado,vfe_entregado,usu_nusuario) VALUES (13798,@@@2013.10.14@@@,2540,1,0,@@@G_DIAZ@@@)','',2,'2013-10-14'),(77693,'INSERT INTO gne_vale_ferreteria_mov (vfe_id,pro_codigo_plu,vfm_cantidad,vfm_unitario,vfm_total,vfm_entregado) VALUES (13798,4130,2,100,200,@@@NO@@@)','',2,'2013-10-14'),(77694,'INSERT INTO gne_vale_ferreteria_mov (vfe_id,pro_codigo_plu,vfm_cantidad,vfm_unitario,vfm_total,vfm_entregado) VALUES (13798,763605,1,1890,1890,@@@NO@@@)','',2,'2013-10-14'),(77695,'INSERT INTO gne_vale_ferreteria_mov (vfe_id,pro_codigo_plu,vfm_cantidad,vfm_unitario,vfm_total,vfm_entregado) VALUES (13798,4088,3,150,450,@@@NO@@@)','',2,'2013-10-14'),(77696,'INSERT INTO gne_vale_ferreteria (vfe_id,vfe_fecha,vfe_total,vfe_estado,vfe_entregado,usu_nusuario) VALUES (13799,@@@2013.10.14@@@,830,1,0,@@@G_DIAZ@@@)','',2,'2013-10-14'),(77697,'INSERT INTO gne_vale_ferreteria_mov (vfe_id,pro_codigo_plu,vfm_cantidad,vfm_unitario,vfm_total,vfm_entregado) VALUES (13799,78017026,2,90,180,@@@NO@@@)','',2,'2013-10-14'),(77698,'INSERT INTO gne_vale_ferreteria_mov (vfe_id,pro_codigo_plu,vfm_cantidad,vfm_unitario,vfm_total,vfm_entregado) VALUES (13799,763582,1,650,650,@@@NO@@@)','',2,'2013-10-14'),(77699,'INSERT INTO gne_vale_ferreteria (vfe_id,vfe_fecha,vfe_total,vfe_estado,vfe_entregado,usu_nusuario) VALUES (13800,@@@2013.10.14@@@,710,1,0,@@@G_DIAZ@@@)','',2,'2013-10-14'),(77700,'INSERT INTO gne_vale_ferreteria_mov (vfe_id,pro_codigo_plu,vfm_cantidad,vfm_unitario,vfm_total,vfm_entregado) VALUES (13800,763892,1,450,450,@@@NO@@@)','',2,'2013-10-14'),(77701,'INSERT INTO gne_vale_ferreteria_mov (vfe_id,pro_codigo_plu,vfm_cantidad,vfm_unitario,vfm_total,vfm_entregado) VALUES (13800,12083,1,260,260,@@@NO@@@)','',2,'2013-10-14'),(77702,'INSERT INTO gne_vale_ferreteria (vfe_id,vfe_fecha,vfe_total,vfe_estado,vfe_entregado,usu_nusuario) VALUES (13801,@@@2013.10.14@@@,570,1,0,@@@G_DIAZ@@@)','',2,'2013-10-14'),(77703,'INSERT INTO gne_vale_ferreteria_mov (vfe_id,pro_codigo_plu,vfm_cantidad,vfm_unitario,vfm_total,vfm_entregado) VALUES (13801,763892,1,450,450,@@@NO@@@)','',2,'2013-10-14'),(77704,'INSERT INTO gne_vale_ferreteria_mov (vfe_id,pro_codigo_plu,vfm_cantidad,vfm_unitario,vfm_total,vfm_entregado) VALUES (13801,78017204,1,120,120,@@@NO@@@)','',2,'2013-10-14'),(77705,'INSERT INTO gne_vale_ferreteria (vfe_id,vfe_fecha,vfe_total,vfe_estado,vfe_entregado,usu_nusuario) VALUES (13802,@@@2013.10.14@@@,330,1,0,@@@G_DIAZ@@@)','',2,'2013-10-14'),(77706,'INSERT INTO gne_vale_ferreteria_mov (vfe_id,pro_codigo_plu,vfm_cantidad,vfm_unitario,vfm_total,vfm_entregado) VALUES (13802,764507,1,330,330,@@@NO@@@)','',2,'2013-10-14'),(77707,'INSERT INTO gne_vale_ferreteria (vfe_id,vfe_fecha,vfe_total,vfe_estado,vfe_entregado,usu_nusuario) VALUES (13803,@@@2013.10.14@@@,120,1,0,@@@G_DIAZ@@@)','',2,'2013-10-14'),(77708,'INSERT INTO gne_vale_ferreteria_mov (vfe_id,pro_codigo_plu,vfm_cantidad,vfm_unitario,vfm_total,vfm_entregado) VALUES (13803,8022,1,120,120,@@@NO@@@)','',2,'2013-10-14'),(77709,'INSERT INTO gne_vale_ferreteria (vfe_id,vfe_fecha,vfe_total,vfe_estado,vfe_entregado,usu_nusuario) VALUES (13804,@@@2013.10.14@@@,100,1,0,@@@G_DIAZ@@@)','',2,'2013-10-14'),(77710,'INSERT INTO gne_vale_ferreteria_mov (vfe_id,pro_codigo_plu,vfm_cantidad,vfm_unitario,vfm_total,vfm_entregado) VALUES (13804,1539,10,10,100,@@@NO@@@)','',2,'2013-10-14'),(77711,'INSERT INTO gne_vale_ferreteria (vfe_id,vfe_fecha,vfe_total,vfe_estado,vfe_entregado,usu_nusuario) VALUES (13805,@@@2013.10.14@@@,1890,1,0,@@@G_DIAZ@@@)','',2,'2013-10-14'),(77712,'INSERT INTO gne_vale_ferreteria_mov (vfe_id,pro_codigo_plu,vfm_cantidad,vfm_unitario,vfm_total,vfm_entregado) VALUES (13805,262180,1,1890,1890,@@@NO@@@)','',2,'2013-10-14'),(77713,'INSERT INTO gne_vale_ferreteria (vfe_id,vfe_fecha,vfe_total,vfe_estado,vfe_entregado,usu_nusuario) VALUES (13806,@@@2013.10.14@@@,450,1,0,@@@G_DIAZ@@@)','',2,'2013-10-14'),(77714,'INSERT INTO gne_vale_ferreteria_mov (vfe_id,pro_codigo_plu,vfm_cantidad,vfm_unitario,vfm_total,vfm_entregado) VALUES (13806,764507,1,330,330,@@@NO@@@)','',2,'2013-10-14'),(77715,'INSERT INTO gne_vale_ferreteria_mov (vfe_id,pro_codigo_plu,vfm_cantidad,vfm_unitario,vfm_total,vfm_entregado) VALUES (13806,764160,1,120,120,@@@NO@@@)','',2,'2013-10-14'),(77716,'INSERT INTO gne_vale_ferreteria (vfe_id,vfe_fecha,vfe_total,vfe_estado,vfe_entregado,usu_nusuario) VALUES (13807,@@@2013.10.14@@@,240,1,0,@@@G_DIAZ@@@)','',2,'2013-10-14'),(77717,'INSERT INTO gne_vale_ferreteria_mov (vfe_id,pro_codigo_plu,vfm_cantidad,vfm_unitario,vfm_total,vfm_entregado) VALUES (13807,8022,2,120,240,@@@NO@@@)','',2,'2013-10-14'),(77718,'INSERT INTO gne_vale_ferreteria (vfe_id,vfe_fecha,vfe_total,vfe_estado,vfe_entregado,usu_nusuario) VALUES (13808,@@@2013.10.14@@@,300,1,0,@@@G_DIAZ@@@)','',2,'2013-10-14'),(77719,'INSERT INTO gne_vale_ferreteria_mov (vfe_id,pro_codigo_plu,vfm_cantidad,vfm_unitario,vfm_total,vfm_entregado) VALUES (13808,800001,1,300,300,@@@NO@@@)','',2,'2013-10-14'),(77720,'INSERT INTO gne_vale_ferreteria (vfe_id,vfe_fecha,vfe_total,vfe_estado,vfe_entregado,usu_nusuario) VALUES (13809,@@@2013.10.14@@@,990,1,0,@@@G_DIAZ@@@)','',2,'2013-10-14'),(77721,'INSERT INTO gne_vale_ferreteria_mov (vfe_id,pro_codigo_plu,vfm_cantidad,vfm_unitario,vfm_total,vfm_entregado) VALUES (13809,764833,20,10,200,@@@NO@@@)','',2,'2013-10-14'),(77722,'INSERT INTO gne_vale_ferreteria_mov (vfe_id,pro_codigo_plu,vfm_cantidad,vfm_unitario,vfm_total,vfm_entregado) VALUES (13809,763804,1,790,790,@@@NO@@@)','',2,'2013-10-14'),(77723,'INSERT INTO gne_vale_ferreteria (vfe_id,vfe_fecha,vfe_total,vfe_estado,vfe_entregado,usu_nusuario) VALUES (13810,@@@2013.10.14@@@,1430,1,0,@@@G_DIAZ@@@)','',2,'2013-10-14'),(77724,'INSERT INTO gne_vale_ferreteria_mov (vfe_id,pro_codigo_plu,vfm_cantidad,vfm_unitario,vfm_total,vfm_entregado) VALUES (13810,780721304,1,550,550,@@@NO@@@)','',2,'2013-10-14'),(77725,'INSERT INTO gne_vale_ferreteria_mov (vfe_id,pro_codigo_plu,vfm_cantidad,vfm_unitario,vfm_total,vfm_entregado) VALUES (13810,12083,1,260,260,@@@NO@@@)','',2,'2013-10-14'),(77726,'INSERT INTO gne_vale_ferreteria_mov (vfe_id,pro_codigo_plu,vfm_cantidad,vfm_unitario,vfm_total,vfm_entregado) VALUES (13810,16430,3,160,480,@@@NO@@@)','',2,'2013-10-14'),(77727,'INSERT INTO gne_vale_ferreteria_mov (vfe_id,pro_codigo_plu,vfm_cantidad,vfm_unitario,vfm_total,vfm_entregado) VALUES (13810,764364,1,140,140,@@@NO@@@)','',2,'2013-10-14'),(77728,'INSERT INTO gne_vale_ferreteria (vfe_id,vfe_fecha,vfe_total,vfe_estado,vfe_entregado,usu_nusuario) VALUES (13811,@@@2013.10.14@@@,200,1,0,@@@G_DIAZ@@@)','',2,'2013-10-14'),(77729,'INSERT INTO gne_vale_ferreteria_mov (vfe_id,pro_codigo_plu,vfm_cantidad,vfm_unitario,vfm_total,vfm_entregado) VALUES (13811,78017194,1,200,200,@@@NO@@@)','',2,'2013-10-14'),(77730,'INSERT INTO gne_vale_ferreteria (vfe_id,vfe_fecha,vfe_total,vfe_estado,vfe_entregado,usu_nusuario) VALUES (13812,@@@2013.10.14@@@,330,1,0,@@@G_DIAZ@@@)','',2,'2013-10-14'),(77731,'INSERT INTO gne_vale_ferreteria_mov (vfe_id,pro_codigo_plu,vfm_cantidad,vfm_unitario,vfm_total,vfm_entregado) VALUES (13812,764507,1,330,330,@@@NO@@@)','',2,'2013-10-14'),(77732,'INSERT INTO gne_vale_ferreteria (vfe_id,vfe_fecha,vfe_total,vfe_estado,vfe_entregado,usu_nusuario) VALUES (13813,@@@2013.10.14@@@,240,1,0,@@@G_DIAZ@@@)','',2,'2013-10-14'),(77733,'INSERT INTO gne_vale_ferreteria_mov (vfe_id,pro_codigo_plu,vfm_cantidad,vfm_unitario,vfm_total,vfm_entregado) VALUES (13813,764159,2,120,240,@@@NO@@@)','',2,'2013-10-14'),(77734,'INSERT INTO gne_vale_ferreteria (vfe_id,vfe_fecha,vfe_total,vfe_estado,vfe_entregado,usu_nusuario) VALUES (13814,@@@2013.10.14@@@,360,1,0,@@@G_DIAZ@@@)','',2,'2013-10-14'),(77735,'INSERT INTO gne_vale_ferreteria_mov (vfe_id,pro_codigo_plu,vfm_cantidad,vfm_unitario,vfm_total,vfm_entregado) VALUES (13814,764159,3,120,360,@@@NO@@@)','',2,'2013-10-14'),(77736,'INSERT INTO gne_vale_ferreteria (vfe_id,vfe_fecha,vfe_total,vfe_estado,vfe_entregado,usu_nusuario) VALUES (13815,@@@2013.10.14@@@,200,1,0,@@@G_DIAZ@@@)','',2,'2013-10-14'),(77737,'INSERT INTO gne_vale_ferreteria_mov (vfe_id,pro_codigo_plu,vfm_cantidad,vfm_unitario,vfm_total,vfm_entregado) VALUES (13815,764572,2,100,200,@@@NO@@@)','',2,'2013-10-14'),(77738,'INSERT INTO gne_vale_ferreteria (vfe_id,vfe_fecha,vfe_total,vfe_estado,vfe_entregado,usu_nusuario) VALUES (13816,@@@2013.10.14@@@,300,1,0,@@@G_DIAZ@@@)','',2,'2013-10-14'),(77739,'INSERT INTO gne_vale_ferreteria_mov (vfe_id,pro_codigo_plu,vfm_cantidad,vfm_unitario,vfm_total,vfm_entregado) VALUES (13816,780721222,1,300,300,@@@NO@@@)','',2,'2013-10-14'),(77740,'INSERT INTO gne_vale_ferreteria (vfe_id,vfe_fecha,vfe_total,vfe_estado,vfe_entregado,usu_nusuario) VALUES (13817,@@@2013.10.14@@@,880,1,0,@@@G_DIAZ@@@)','',2,'2013-10-14'),(77741,'INSERT INTO gne_vale_ferreteria_mov (vfe_id,pro_codigo_plu,vfm_cantidad,vfm_unitario,vfm_total,vfm_entregado) VALUES (13817,764700,1,590,590,@@@NO@@@)','',2,'2013-10-14'),(77742,'INSERT INTO gne_vale_ferreteria_mov (vfe_id,pro_codigo_plu,vfm_cantidad,vfm_unitario,vfm_total,vfm_entregado) VALUES (13817,761330,1,290,290,@@@NO@@@)','',2,'2013-10-14'),(77743,'INSERT INTO gne_vale_ferreteria (vfe_id,vfe_fecha,vfe_total,vfe_estado,vfe_entregado,usu_nusuario) VALUES (13818,@@@2013.10.14@@@,790,1,0,@@@G_DIAZ@@@)','',2,'2013-10-14'),(77744,'INSERT INTO gne_vale_ferreteria_mov (vfe_id,pro_codigo_plu,vfm_cantidad,vfm_unitario,vfm_total,vfm_entregado) VALUES (13818,764075,1,790,790,@@@NO@@@)','',2,'2013-10-14'),(77745,'UPDATE mae_productos SET pro_precio_compra_bruto=136.85,pro_margen_actual=(pro_precio_venta-136.85)/136.85 * 100,pro_ultima_compra=@@@2013.10.14@@@,pro_ultimo_proveedor=@@@79984240-8@@@ WHERE pro_codigo_plu=19717','',2,'2013-10-14'),(77746,'UPDATE mae_productos SET pro_precio_compra_bruto=247.52,pro_margen_actual=(pro_precio_venta-247.52)/247.52 * 100,pro_ultima_compra=@@@2013.10.14@@@,pro_ultimo_proveedor=@@@79984240-8@@@ WHERE pro_codigo_plu=19695','',2,'2013-10-14'),(77747,'UPDATE mae_productos SET pro_precio_compra_bruto=702.1,pro_margen_actual=(pro_precio_venta-702.1)/702.1 * 100,pro_ultima_compra=@@@2013.10.14@@@,pro_ultimo_proveedor=@@@79984240-8@@@ WHERE pro_codigo_plu=19682','',2,'2013-10-14'),(77748,'UPDATE mae_productos SET pro_precio_compra_bruto=247.52,pro_margen_actual=(pro_precio_venta-247.52)/247.52 * 100,pro_ultima_compra=@@@2013.10.14@@@,pro_ultimo_proveedor=@@@79984240-8@@@ WHERE pro_codigo_plu=19677','',2,'2013-10-14'),(77749,'UPDATE mae_productos SET pro_precio_compra_bruto=690.2,pro_margen_actual=(pro_precio_venta-690.2)/690.2 * 100,pro_ultima_compra=@@@2013.10.14@@@,pro_ultimo_proveedor=@@@79984240-8@@@ WHERE pro_codigo_plu=19672','',2,'2013-10-14'),(77750,'UPDATE mae_productos SET pro_precio_compra_bruto=702.1,pro_margen_actual=(pro_precio_venta-702.1)/702.1 * 100,pro_ultima_compra=@@@2013.10.14@@@,pro_ultimo_proveedor=@@@79984240-8@@@ WHERE pro_codigo_plu=11572','',2,'2013-10-14'),(77751,'UPDATE mae_productos SET pro_precio_compra_bruto=1689.8,pro_margen_actual=(pro_precio_venta-1689.8)/1689.8 * 100,pro_ultima_compra=@@@2013.10.14@@@,pro_ultimo_proveedor=@@@79984240-8@@@ WHERE pro_codigo_plu=763555','',2,'2013-10-14'),(77752,'UPDATE mae_productos SET pro_precio_compra_bruto=2558.5,pro_margen_actual=(pro_precio_venta-2558.5)/2558.5 * 100,pro_ultima_compra=@@@2013.10.14@@@,pro_ultimo_proveedor=@@@79984240-8@@@ WHERE pro_codigo_plu=780721731','',2,'2013-10-14'),(77753,'UPDATE mae_productos SET pro_precio_compra_bruto=476,pro_margen_actual=(pro_precio_venta-476)/476 * 100,pro_ultima_compra=@@@2013.10.14@@@,pro_ultimo_proveedor=@@@79984240-8@@@ WHERE pro_codigo_plu=111','',2,'2013-10-14'),(77754,'UPDATE mae_productos SET pro_precio_compra_bruto=1190,pro_margen_actual=(pro_precio_venta-1190)/1190 * 100,pro_ultima_compra=@@@2013.10.14@@@,pro_ultimo_proveedor=@@@79984240-8@@@ WHERE pro_codigo_plu=128','',2,'2013-10-14'),(77755,'UPDATE mae_productos SET pro_precio_compra_bruto=1654.1,pro_margen_actual=(pro_precio_venta-1654.1)/1654.1 * 100,pro_ultima_compra=@@@2013.10.14@@@,pro_ultimo_proveedor=@@@79984240-8@@@ WHERE pro_codigo_plu=353','',2,'2013-10-14'),(77756,'UPDATE mae_productos SET pro_precio_compra_bruto=1519.63,pro_margen_actual=(pro_precio_venta-1519.63)/1519.63 * 100,pro_ultima_compra=@@@2013.10.14@@@,pro_ultimo_proveedor=@@@79984240-8@@@ WHERE pro_codigo_plu=348','',2,'2013-10-14'),(77757,'UPDATE mae_productos SET pro_precio_compra_bruto=2435.92,pro_margen_actual=(pro_precio_venta-2435.92)/2435.92 * 100,pro_ultima_compra=@@@2013.10.14@@@,pro_ultimo_proveedor=@@@79984240-8@@@ WHERE pro_codigo_plu=307','',2,'2013-10-14'),(77758,'UPDATE mae_productos SET pro_precio_compra_bruto=2437.26,pro_margen_actual=(pro_precio_venta-2437.26)/2437.26 * 100,pro_ultima_compra=@@@2013.10.14@@@,pro_ultimo_proveedor=@@@79984240-8@@@ WHERE pro_codigo_plu=302','',2,'2013-10-14'),(77759,'UPDATE mae_productos SET pro_precio_compra_bruto=1487.5,pro_margen_actual=(pro_precio_venta-1487.5)/1487.5 * 100,pro_ultima_compra=@@@2013.10.14@@@,pro_ultimo_proveedor=@@@79984240-8@@@ WHERE pro_codigo_plu=351','',2,'2013-10-14'),(77760,'UPDATE mae_productos SET pro_precio_compra_bruto=1267.35,pro_margen_actual=(pro_precio_venta-1267.35)/1267.35 * 100,pro_ultima_compra=@@@2013.10.14@@@,pro_ultimo_proveedor=@@@79984240-8@@@ WHERE pro_codigo_plu=355','',2,'2013-10-14'),(77761,'UPDATE mae_productos SET pro_precio_compra_bruto=1309,pro_margen_actual=(pro_precio_venta-1309)/1309 * 100,pro_ultima_compra=@@@2013.10.14@@@,pro_ultimo_proveedor=@@@79984240-8@@@ WHERE pro_codigo_plu=360','',2,'2013-10-14'),(77762,'UPDATE mae_productos SET pro_precio_compra_bruto=3034.36,pro_margen_actual=(pro_precio_venta-3034.36)/3034.36 * 100,pro_ultima_compra=@@@2013.10.14@@@,pro_ultimo_proveedor=@@@79984240-8@@@ WHERE pro_codigo_plu=344','',2,'2013-10-14'),(77763,'INSERT INTO gne_vale_ferreteria (vfe_id,vfe_fecha,vfe_total,vfe_estado,vfe_entregado,usu_nusuario) VALUES (13819,@@@2013.10.14@@@,120,1,0,@@@G_DIAZ@@@)','',2,'2013-10-14'),(77764,'INSERT INTO gne_vale_ferreteria_mov (vfe_id,pro_codigo_plu,vfm_cantidad,vfm_unitario,vfm_total,vfm_entregado) VALUES (13819,78017016,1,120,120,@@@NO@@@)','',2,'2013-10-14'),(77765,'INSERT INTO gne_vale_ferreteria (vfe_id,vfe_fecha,vfe_total,vfe_estado,vfe_entregado,usu_nusuario) VALUES (13820,@@@2013.10.14@@@,300,1,0,@@@G_DIAZ@@@)','',2,'2013-10-14'),(77766,'INSERT INTO gne_vale_ferreteria_mov (vfe_id,pro_codigo_plu,vfm_cantidad,vfm_unitario,vfm_total,vfm_entregado) VALUES (13820,800001,1,300,300,@@@NO@@@)','',2,'2013-10-14'),(77767,'INSERT INTO gne_vale_ferreteria (vfe_id,vfe_fecha,vfe_total,vfe_estado,vfe_entregado,usu_nusuario) VALUES (13821,@@@2013.10.14@@@,260,1,0,@@@G_DIAZ@@@)','',2,'2013-10-14'),(77768,'INSERT INTO gne_vale_ferreteria_mov (vfe_id,pro_codigo_plu,vfm_cantidad,vfm_unitario,vfm_total,vfm_entregado) VALUES (13821,15967,2,130,260,@@@NO@@@)','',2,'2013-10-14'),(77769,'INSERT INTO gne_vale_ferreteria (vfe_id,vfe_fecha,vfe_total,vfe_estado,vfe_entregado,usu_nusuario) VALUES (13822,@@@2013.10.14@@@,3780,1,0,@@@G_DIAZ@@@)','',2,'2013-10-14'),(77770,'INSERT INTO gne_vale_ferreteria_mov (vfe_id,pro_codigo_plu,vfm_cantidad,vfm_unitario,vfm_total,vfm_entregado) VALUES (13822,101852,2,1890,3780,@@@NO@@@)','',2,'2013-10-14'),(77771,'INSERT INTO gne_vale_ferreteria (vfe_id,vfe_fecha,vfe_total,vfe_estado,vfe_entregado,usu_nusuario) VALUES (13823,@@@2013.10.14@@@,250,1,0,@@@G_DIAZ@@@)','',2,'2013-10-14'),(77772,'INSERT INTO gne_vale_ferreteria_mov (vfe_id,pro_codigo_plu,vfm_cantidad,vfm_unitario,vfm_total,vfm_entregado) VALUES (13823,78017105,1,250,250,@@@NO@@@)','',2,'2013-10-14'),(77773,'INSERT INTO gne_vale_ferreteria (vfe_id,vfe_fecha,vfe_total,vfe_estado,vfe_entregado,usu_nusuario) VALUES (13824,@@@2013.10.14@@@,730,1,0,@@@G_DIAZ@@@)','',2,'2013-10-14'),(77774,'INSERT INTO gne_vale_ferreteria_mov (vfe_id,pro_codigo_plu,vfm_cantidad,vfm_unitario,vfm_total,vfm_entregado) VALUES (13824,11378,1,730,730,@@@NO@@@)','',2,'2013-10-14'),(77775,'UPDATE mae_productos SET pro_precio_compra_bruto=298.69,pro_margen_actual=(pro_precio_venta-298.69)/298.69 * 100,pro_ultima_compra=@@@2013.10.14@@@,pro_ultimo_proveedor=@@@96565260-4@@@ WHERE pro_codigo_plu=10843','',2,'2013-10-14'),(77776,'UPDATE mae_productos SET pro_precio_compra_bruto=298.69,pro_margen_actual=(pro_precio_venta-298.69)/298.69 * 100,pro_ultima_compra=@@@2013.10.14@@@,pro_ultimo_proveedor=@@@96565260-4@@@ WHERE pro_codigo_plu=10842','',2,'2013-10-14'),(77777,'UPDATE mae_productos SET pro_precio_compra_bruto=737.8,pro_margen_actual=(pro_precio_venta-737.8)/737.8 * 100,pro_ultima_compra=@@@2013.10.14@@@,pro_ultimo_proveedor=@@@96565260-4@@@ WHERE pro_codigo_plu=763275','',2,'2013-10-14'),(77778,'UPDATE mae_productos SET pro_precio_compra_bruto=299.88,pro_margen_actual=(pro_precio_venta-299.88)/299.88 * 100,pro_ultima_compra=@@@2013.10.14@@@,pro_ultimo_proveedor=@@@96565260-4@@@ WHERE pro_codigo_plu=10847','',2,'2013-10-14'),(77779,'UPDATE mae_productos SET pro_precio_compra_bruto=299.88,pro_margen_actual=(pro_precio_venta-299.88)/299.88 * 100,pro_ultima_compra=@@@2013.10.14@@@,pro_ultimo_proveedor=@@@96565260-4@@@ WHERE pro_codigo_plu=10846','',2,'2013-10-14'),(77780,'UPDATE mae_productos SET pro_precio_compra_bruto=299.88,pro_margen_actual=(pro_precio_venta-299.88)/299.88 * 100,pro_ultima_compra=@@@2013.10.14@@@,pro_ultimo_proveedor=@@@96565260-4@@@ WHERE pro_codigo_plu=10852','',2,'2013-10-14'),(77781,'UPDATE mae_productos SET pro_precio_compra_bruto=299.88,pro_margen_actual=(pro_precio_venta-299.88)/299.88 * 100,pro_ultima_compra=@@@2013.10.14@@@,pro_ultimo_proveedor=@@@96565260-4@@@ WHERE pro_codigo_plu=10844','',2,'2013-10-14'),(77782,'UPDATE mae_productos SET pro_precio_compra_bruto=299.88,pro_margen_actual=(pro_precio_venta-299.88)/299.88 * 100,pro_ultima_compra=@@@2013.10.14@@@,pro_ultimo_proveedor=@@@96565260-4@@@ WHERE pro_codigo_plu=10845','',2,'2013-10-14'),(77783,'UPDATE mae_productos SET pro_precio_compra_bruto=299.88,pro_margen_actual=(pro_precio_venta-299.88)/299.88 * 100,pro_ultima_compra=@@@2013.10.14@@@,pro_ultimo_proveedor=@@@96565260-4@@@ WHERE pro_codigo_plu=10891','',2,'2013-10-14'),(77784,'UPDATE mae_productos SET pro_precio_compra_bruto=1646.96,pro_margen_actual=(pro_precio_venta-1646.96)/1646.96 * 100,pro_ultima_compra=@@@2013.10.14@@@,pro_ultimo_proveedor=@@@96565260-4@@@ WHERE pro_codigo_plu=12286','',2,'2013-10-14'),(77785,'UPDATE mae_productos SET pro_precio_compra_bruto=898.45,pro_margen_actual=(pro_precio_venta-898.45)/898.45 * 100,pro_ultima_compra=@@@2013.10.14@@@,pro_ultimo_proveedor=@@@96565260-4@@@ WHERE pro_codigo_plu=102653','',2,'2013-10-14'),(77786,'UPDATE mae_productos SET pro_precio_compra_bruto=898.45,pro_margen_actual=(pro_precio_venta-898.45)/898.45 * 100,pro_ultima_compra=@@@2013.10.14@@@,pro_ultimo_proveedor=@@@96565260-4@@@ WHERE pro_codigo_plu=102276','',2,'2013-10-14'),(77787,'INSERT INTO gne_vale_ferreteria (vfe_id,vfe_fecha,vfe_total,vfe_estado,vfe_entregado,usu_nusuario) VALUES (13825,@@@2013.10.14@@@,290,1,0,@@@G_DIAZ@@@)','',2,'2013-10-14'),(77788,'INSERT INTO gne_vale_ferreteria_mov (vfe_id,pro_codigo_plu,vfm_cantidad,vfm_unitario,vfm_total,vfm_entregado) VALUES (13825,1536,1,290,290,@@@NO@@@)','',2,'2013-10-14'),(77789,'INSERT INTO gne_vale_ferreteria (vfe_id,vfe_fecha,vfe_total,vfe_estado,vfe_entregado,usu_nusuario) VALUES (13826,@@@2013.10.14@@@,750,1,0,@@@G_DIAZ@@@)','',2,'2013-10-14'),(77790,'INSERT INTO gne_vale_ferreteria_mov (vfe_id,pro_codigo_plu,vfm_cantidad,vfm_unitario,vfm_total,vfm_entregado) VALUES (13826,10159,1,750,750,@@@NO@@@)','',2,'2013-10-14'),(77791,'INSERT INTO gne_vale_ferreteria (vfe_id,vfe_fecha,vfe_total,vfe_estado,vfe_entregado,usu_nusuario) VALUES (13827,@@@2013.10.14@@@,180,1,0,@@@G_DIAZ@@@)','',2,'2013-10-14'),(77792,'INSERT INTO gne_vale_ferreteria_mov (vfe_id,pro_codigo_plu,vfm_cantidad,vfm_unitario,vfm_total,vfm_entregado) VALUES (13827,78017026,2,90,180,@@@NO@@@)','',2,'2013-10-14'),(77793,'INSERT INTO gne_vale_ferreteria (vfe_id,vfe_fecha,vfe_total,vfe_estado,vfe_entregado,usu_nusuario) VALUES (13828,@@@2013.10.14@@@,240,1,0,@@@G_DIAZ@@@)','',2,'2013-10-14'),(77794,'INSERT INTO gne_vale_ferreteria_mov (vfe_id,pro_codigo_plu,vfm_cantidad,vfm_unitario,vfm_total,vfm_entregado) VALUES (13828,8022,2,120,240,@@@NO@@@)','',2,'2013-10-14'),(77795,'UPDATE mae_productos SET pro_precio_compra_bruto=849.18,pro_margen_actual=(pro_precio_venta-849.18)/849.18 * 100,pro_ultima_compra=@@@2013.10.14@@@,pro_ultimo_proveedor=@@@84348700-9@@@ WHERE pro_codigo_plu=15103','',2,'2013-10-14'),(77796,'UPDATE mae_productos SET pro_precio_compra_bruto=177.072,pro_margen_actual=(pro_precio_venta-177.072)/177.072 * 100,pro_ultima_compra=@@@2013.10.14@@@,pro_ultimo_proveedor=@@@84348700-9@@@ WHERE pro_codigo_plu=78017090','',2,'2013-10-14'),(77797,'UPDATE mae_productos SET pro_precio_compra_bruto=1449.42,pro_margen_actual=(pro_precio_venta-1449.42)/1449.42 * 100,pro_ultima_compra=@@@2013.10.14@@@,pro_ultimo_proveedor=@@@84348700-9@@@ WHERE pro_codigo_plu=102627','',2,'2013-10-14'),(77798,'UPDATE mae_productos SET pro_precio_compra_bruto=1449.42,pro_margen_actual=(pro_precio_venta-1449.42)/1449.42 * 100,pro_ultima_compra=@@@2013.10.14@@@,pro_ultimo_proveedor=@@@84348700-9@@@ WHERE pro_codigo_plu=101620','',2,'2013-10-14'),(77799,'UPDATE mae_productos SET pro_precio_compra_bruto=1449.42,pro_margen_actual=(pro_precio_venta-1449.42)/1449.42 * 100,pro_ultima_compra=@@@2013.10.14@@@,pro_ultimo_proveedor=@@@84348700-9@@@ WHERE pro_codigo_plu=101679','',2,'2013-10-14'),(77800,'UPDATE mae_productos SET pro_precio_compra_bruto=1449.42,pro_margen_actual=(pro_precio_venta-1449.42)/1449.42 * 100,pro_ultima_compra=@@@2013.10.14@@@,pro_ultimo_proveedor=@@@84348700-9@@@ WHERE pro_codigo_plu=101843','',2,'2013-10-14'),(77801,'INSERT INTO gne_vale_ferreteria (vfe_id,vfe_fecha,vfe_total,vfe_estado,vfe_entregado,usu_nusuario) VALUES (13829,@@@2013.10.14@@@,1950,1,0,@@@G_DIAZ@@@)','',2,'2013-10-14'),(77802,'INSERT INTO gne_vale_ferreteria_mov (vfe_id,pro_codigo_plu,vfm_cantidad,vfm_unitario,vfm_total,vfm_entregado) VALUES (13829,780220164,1,1950,1950,@@@NO@@@)','',2,'2013-10-14'),(77803,'INSERT INTO gne_vale_ferreteria (vfe_id,vfe_fecha,vfe_total,vfe_estado,vfe_entregado,usu_nusuario) VALUES (13830,@@@2013.10.14@@@,970,1,0,@@@G_DIAZ@@@)','',2,'2013-10-14'),(77804,'INSERT INTO gne_vale_ferreteria_mov (vfe_id,pro_codigo_plu,vfm_cantidad,vfm_unitario,vfm_total,vfm_entregado) VALUES (13830,780220197,1,280,280,@@@NO@@@)','',2,'2013-10-14'),(77805,'INSERT INTO gne_vale_ferreteria_mov (vfe_id,pro_codigo_plu,vfm_cantidad,vfm_unitario,vfm_total,vfm_entregado) VALUES (13830,762000,1,690,690,@@@NO@@@)','',2,'2013-10-14'),(77806,'INSERT INTO gne_vale_ferreteria (vfe_id,vfe_fecha,vfe_total,vfe_estado,vfe_entregado,usu_nusuario) VALUES (13831,@@@2013.10.14@@@,120,1,0,@@@G_DIAZ@@@)','',2,'2013-10-14'),(77807,'INSERT INTO gne_vale_ferreteria_mov (vfe_id,pro_codigo_plu,vfm_cantidad,vfm_unitario,vfm_total,vfm_entregado) VALUES (13831,8022,1,120,120,@@@NO@@@)','',2,'2013-10-14'),(77808,'INSERT INTO gne_vale_ferreteria (vfe_id,vfe_fecha,vfe_total,vfe_estado,vfe_entregado,usu_nusuario) VALUES (13832,@@@2013.10.14@@@,180,1,0,@@@G_DIAZ@@@)','',2,'2013-10-14'),(77809,'INSERT INTO gne_vale_ferreteria_mov (vfe_id,pro_codigo_plu,vfm_cantidad,vfm_unitario,vfm_total,vfm_entregado) VALUES (13832,764780,3,60,180,@@@NO@@@)','',2,'2013-10-14'),(77810,'INSERT INTO gne_vale_ferreteria (vfe_id,vfe_fecha,vfe_total,vfe_estado,vfe_entregado,usu_nusuario) VALUES (13833,@@@2013.10.14@@@,180,1,0,@@@G_DIAZ@@@)','',2,'2013-10-14'),(77811,'INSERT INTO gne_vale_ferreteria_mov (vfe_id,pro_codigo_plu,vfm_cantidad,vfm_unitario,vfm_total,vfm_entregado) VALUES (13833,78017026,2,90,180,@@@NO@@@)','',2,'2013-10-14'),(77812,'INSERT INTO gne_vale_ferreteria (vfe_id,vfe_fecha,vfe_total,vfe_estado,vfe_entregado,usu_nusuario) VALUES (13834,@@@2013.10.14@@@,370,1,0,@@@G_DIAZ@@@)','',2,'2013-10-14'),(77813,'INSERT INTO gne_vale_ferreteria_mov (vfe_id,pro_codigo_plu,vfm_cantidad,vfm_unitario,vfm_total,vfm_entregado) VALUES (13834,780220192,1,370,370,@@@NO@@@)','',2,'2013-10-14'),(77814,'UPDATE mae_productos SET pro_precio_compra_bruto=745.1,pro_margen_actual=(pro_precio_venta-745.1)/745.1 * 100,pro_ultima_compra=@@@2013.10.14@@@,pro_ultimo_proveedor=@@@99554560-8@@@ WHERE pro_codigo_plu=101227','',2,'2013-10-14'),(77815,'UPDATE mae_productos SET pro_precio_compra_bruto=745.1,pro_margen_actual=(pro_precio_venta-745.1)/745.1 * 100,pro_ultima_compra=@@@2013.10.14@@@,pro_ultimo_proveedor=@@@99554560-8@@@ WHERE pro_codigo_plu=763365','',2,'2013-10-14'),(77816,'UPDATE mae_productos SET pro_precio_compra_bruto=1620.03,pro_margen_actual=(pro_precio_venta-1620.03)/1620.03 * 100,pro_ultima_compra=@@@2013.10.14@@@,pro_ultimo_proveedor=@@@99554560-8@@@ WHERE pro_codigo_plu=18070','',2,'2013-10-14'),(77817,'UPDATE mae_productos SET pro_precio_compra_bruto=1620.03,pro_margen_actual=(pro_precio_venta-1620.03)/1620.03 * 100,pro_ultima_compra=@@@2013.10.14@@@,pro_ultimo_proveedor=@@@99554560-8@@@ WHERE pro_codigo_plu=18076','',2,'2013-10-14'),(77818,'INSERT INTO gne_vale_ferreteria (vfe_id,vfe_fecha,vfe_total,vfe_estado,vfe_entregado,usu_nusuario) VALUES (13835,@@@2013.10.14@@@,150,1,0,@@@G_DIAZ@@@)','',2,'2013-10-14'),(77819,'INSERT INTO gne_vale_ferreteria_mov (vfe_id,pro_codigo_plu,vfm_cantidad,vfm_unitario,vfm_total,vfm_entregado) VALUES (13835,4088,1,150,150,@@@NO@@@)','',2,'2013-10-14'),(77820,'INSERT INTO gne_vale_ferreteria (vfe_id,vfe_fecha,vfe_total,vfe_estado,vfe_entregado,usu_nusuario) VALUES (13836,@@@2013.10.14@@@,160,1,0,@@@G_DIAZ@@@)','',2,'2013-10-14'),(77821,'INSERT INTO gne_vale_ferreteria_mov (vfe_id,pro_codigo_plu,vfm_cantidad,vfm_unitario,vfm_total,vfm_entregado) VALUES (13836,770001,2,80,160,@@@NO@@@)','',2,'2013-10-14'),(77822,'UPDATE mae_productos SET pro_precio_compra_bruto=865.2,pro_margen_actual=(pro_precio_venta-865.2)/865.2 * 100,pro_ultima_compra=@@@2013.10.14@@@,pro_ultimo_proveedor=@@@99554560-8@@@ WHERE pro_codigo_plu=17829','',2,'2013-10-14'),(77823,'UPDATE mae_productos SET pro_precio_compra_bruto=534.05,pro_margen_actual=(pro_precio_venta-534.05)/534.05 * 100,pro_ultima_compra=@@@2013.10.14@@@,pro_ultimo_proveedor=@@@99554560-8@@@ WHERE pro_codigo_plu=763502','',2,'2013-10-14'),(77824,'UPDATE mae_productos SET pro_precio_compra_bruto=2037.97,pro_margen_actual=(pro_precio_venta-2037.97)/2037.97 * 100,pro_ultima_compra=@@@2013.10.14@@@,pro_ultimo_proveedor=@@@99554560-8@@@ WHERE pro_codigo_plu=17807','',2,'2013-10-14'),(77825,'UPDATE mae_productos SET pro_precio_compra_bruto=1713.09,pro_margen_actual=(pro_precio_venta-1713.09)/1713.09 * 100,pro_ultima_compra=@@@2013.10.14@@@,pro_ultimo_proveedor=@@@99554560-8@@@ WHERE pro_codigo_plu=17809','',2,'2013-10-14'),(77826,'INSERT INTO gne_vale_ferreteria (vfe_id,vfe_fecha,vfe_total,vfe_estado,vfe_entregado,usu_nusuario) VALUES (13837,@@@2013.10.14@@@,850,1,0,@@@G_DIAZ@@@)','',2,'2013-10-14'),(77827,'INSERT INTO gne_vale_ferreteria_mov (vfe_id,pro_codigo_plu,vfm_cantidad,vfm_unitario,vfm_total,vfm_entregado) VALUES (13837,780721274,1,390,390,@@@NO@@@)','',2,'2013-10-14'),(77828,'INSERT INTO gne_vale_ferreteria_mov (vfe_id,pro_codigo_plu,vfm_cantidad,vfm_unitario,vfm_total,vfm_entregado) VALUES (13837,4130,1,100,100,@@@NO@@@)','',2,'2013-10-14'),(77829,'INSERT INTO gne_vale_ferreteria_mov (vfe_id,pro_codigo_plu,vfm_cantidad,vfm_unitario,vfm_total,vfm_entregado) VALUES (13837,78017026,4,90,360,@@@NO@@@)','',2,'2013-10-14'),(77830,'UPDATE mae_productos SET pro_codigo_barra=@@@7801875090041@@@,pro_tipo=@@@0@@@,pro_nombre_producto=@@@BOMBILLAS FLEXIBLE 100 UNID@@@,pro_nombre_corto=@@@BOMBILLAS LISAS@@@,med_id=@@@1@@@,emb_id=@@@4@@@,pro_unidades_embalaje=@@@100@@@,dep_id=@@@24 @@@,lin_id=@@@207@@@,mar_id=@@@1682@@@,pro_precio_compra_neto=@@@0@@@,pro_precio_compra_bruto=@@@12.28@@@,pro_precio_venta=@@@1@@@,pro_margen_actual=@@@-91.86@@@,pro_oferta=@@@NO@@@,pro_fecha_inicio_oferta=@@@2006.09.07@@@,pro_fecha_termino_oferta=@@@2006.09.07@@@,pro_precio_oferta=@@@0@@@,pro_stock_minimo=@@@100@@@,pro_stock_critico=@@@40@@@,pro_activo=@@@1@@@,pro_unidad=@@@0@@@,pro_precio_compra_bruto=12.28,pro_margen_actual=-91.86,pro_capacidad=100,pro_funcion_plu=0,pro_flejes=1,pro_iva=1,pro_plu_asociado=0,pro_envase=@@@NO@@@,pro_duracion=0,pro_numero_etiqueta=0 WHERE pro_codigo_plu=@@@780721724@@@','',2,'2013-10-14'),(77831,'UPDATE mae_productos SET pro_estado=1 WHERE pro_codigo_plu=780721724','',2,'2013-10-14'),(77832,'DELETE FROM mae_impuestos_productos WHERE pro_codigo_plu=@@@780721724@@@','',2,'2013-10-14'),(77833,'INSERT INTO gne_vale_ferreteria (vfe_id,vfe_fecha,vfe_total,vfe_estado,vfe_entregado,usu_nusuario) VALUES (13838,@@@2013.10.14@@@,980,1,0,@@@G_DIAZ@@@)','',2,'2013-10-14'),(77834,'INSERT INTO gne_vale_ferreteria_mov (vfe_id,pro_codigo_plu,vfm_cantidad,vfm_unitario,vfm_total,vfm_entregado) VALUES (13838,780220180,1,620,620,@@@NO@@@)','',2,'2013-10-14'),(77835,'INSERT INTO gne_vale_ferreteria_mov (vfe_id,pro_codigo_plu,vfm_cantidad,vfm_unitario,vfm_total,vfm_entregado) VALUES (13838,780220198,1,360,360,@@@NO@@@)','',2,'2013-10-14'),(77836,'INSERT INTO gne_vale_ferreteria (vfe_id,vfe_fecha,vfe_total,vfe_estado,vfe_entregado,usu_nusuario) VALUES (13839,@@@2013.10.14@@@,1630,1,0,@@@G_DIAZ@@@)','',2,'2013-10-14'),(77837,'INSERT INTO gne_vale_ferreteria_mov (vfe_id,pro_codigo_plu,vfm_cantidad,vfm_unitario,vfm_total,vfm_entregado) VALUES (13839,764506,2,490,980,@@@NO@@@)','',2,'2013-10-14'),(77838,'INSERT INTO gne_vale_ferreteria_mov (vfe_id,pro_codigo_plu,vfm_cantidad,vfm_unitario,vfm_total,vfm_entregado) VALUES (13839,78017198,1,650,650,@@@NO@@@)','',2,'2013-10-14'),(77839,'INSERT INTO mae_productos (pro_codigo_plu,pro_codigo_barra,pro_tipo,pro_nombre_producto,pro_nombre_corto,med_id,emb_id,pro_unidades_embalaje,dep_id,lin_id,mar_id,pro_precio_compra_neto,pro_precio_compra_bruto,pro_precio_venta,pro_margen_actual,pro_oferta,pro_fecha_inicio_oferta,pro_fecha_termino_oferta,pro_precio_oferta,pro_stock_minimo,pro_stock_critico,pro_entradas_bodega,pro_salidas_bodega,pro_mermas_bodega,pro_ajustes_bodega,pro_entradas_sv,pro_salidas_sv,pro_mermas_sv,pro_ajustes_sv,pro_activo,rec_numero,pro_unidad,pro_capacidad,pro_consumo_bodega,pro_consumo_sv,pro_estado,pro_funcion_plu,pro_flejes,pro_iva,pro_plu_asociado,pro_envase,pro_duracion,pro_numero_etiqueta) VALUES (2330102,@@@2330102@@@,@@@0@@@,@@@ROLLO ALUMINIO FOIL 7,5 MTS@@@,@@@ROLLO ALUMINIO F@@@,@@@7 @@@,@@@6 @@@,@@@1@@@,@@@2 @@@,@@@41@@@,@@@2507@@@,@@@0@@@,@@@451.36@@@,@@@1@@@,@@@-99.78@@@,@@@@@@,@@@2006.09.07@@@,@@@2006.09.07@@@,@@@0@@@,@@@10@@@,@@@5@@@,@@@0@@@,@@@0@@@,@@@0@@@,@@@0@@@,@@@0@@@,@@@0@@@,@@@0@@@,@@@0@@@,@@@1@@@,@@@0@@@,0,7.5,0,0,2,0,1,1,0,@@@NO@@@,0,0)','',2,'2013-10-14'),(77840,'DELETE FROM mae_impuestos_productos WHERE pro_codigo_plu=@@@2330102@@@','',2,'2013-10-14'),(77841,'INSERT INTO gne_vale_ferreteria (vfe_id,vfe_fecha,vfe_total,vfe_estado,vfe_entregado,usu_nusuario) VALUES (13840,@@@2013.10.14@@@,780,1,0,@@@G_DIAZ@@@)','',2,'2013-10-14'),(77842,'INSERT INTO gne_vale_ferreteria_mov (vfe_id,pro_codigo_plu,vfm_cantidad,vfm_unitario,vfm_total,vfm_entregado) VALUES (13840,1562,2,390,780,@@@NO@@@)','',2,'2013-10-14'),(77843,'INSERT INTO gne_vale_ferreteria (vfe_id,vfe_fecha,vfe_total,vfe_estado,vfe_entregado,usu_nusuario) VALUES (13841,@@@2013.10.14@@@,2100,1,0,@@@G_DIAZ@@@)','',2,'2013-10-14'),(77844,'INSERT INTO gne_vale_ferreteria_mov (vfe_id,pro_codigo_plu,vfm_cantidad,vfm_unitario,vfm_total,vfm_entregado) VALUES (13841,763902,1,2100,2100,@@@NO@@@)','',2,'2013-10-14'),(77845,'UPDATE mae_productos SET pro_precio_compra_bruto=745.1,pro_margen_actual=(pro_precio_venta-745.1)/745.1 * 100,pro_ultima_compra=@@@2013.10.14@@@,pro_ultimo_proveedor=@@@99554560-8@@@ WHERE pro_codigo_plu=765063','',2,'2013-10-14'),(77846,'UPDATE mae_productos SET pro_precio_compra_bruto=745.1,pro_margen_actual=(pro_precio_venta-745.1)/745.1 * 100,pro_ultima_compra=@@@2013.10.14@@@,pro_ultimo_proveedor=@@@99554560-8@@@ WHERE pro_codigo_plu=18299','',2,'2013-10-14'),(77847,'UPDATE mae_productos SET pro_precio_compra_bruto=745.1,pro_margen_actual=(pro_precio_venta-745.1)/745.1 * 100,pro_ultima_compra=@@@2013.10.14@@@,pro_ultimo_proveedor=@@@99554560-8@@@ WHERE pro_codigo_plu=18393','',2,'2013-10-14'),(77848,'UPDATE mae_productos SET pro_precio_compra_bruto=745.1,pro_margen_actual=(pro_precio_venta-745.1)/745.1 * 100,pro_ultima_compra=@@@2013.10.14@@@,pro_ultimo_proveedor=@@@99554560-8@@@ WHERE pro_codigo_plu=763375','',2,'2013-10-14'),(77849,'UPDATE mae_productos SET pro_precio_compra_bruto=745.1,pro_margen_actual=(pro_precio_venta-745.1)/745.1 * 100,pro_ultima_compra=@@@2013.10.14@@@,pro_ultimo_proveedor=@@@99554560-8@@@ WHERE pro_codigo_plu=18177','',2,'2013-10-14'),(77850,'UPDATE mae_productos SET pro_precio_compra_bruto=745.1,pro_margen_actual=(pro_precio_venta-745.1)/745.1 * 100,pro_ultima_compra=@@@2013.10.14@@@,pro_ultimo_proveedor=@@@99554560-8@@@ WHERE pro_codigo_plu=18204','',2,'2013-10-14'),(77851,'UPDATE mae_productos SET pro_precio_compra_bruto=745.1,pro_margen_actual=(pro_precio_venta-745.1)/745.1 * 100,pro_ultima_compra=@@@2013.10.14@@@,pro_ultimo_proveedor=@@@99554560-8@@@ WHERE pro_codigo_plu=18210','',2,'2013-10-14'),(77852,'UPDATE mae_productos SET pro_precio_compra_bruto=745.1,pro_margen_actual=(pro_precio_venta-745.1)/745.1 * 100,pro_ultima_compra=@@@2013.10.14@@@,pro_ultimo_proveedor=@@@99554560-8@@@ WHERE pro_codigo_plu=18191','',2,'2013-10-14'),(77853,'UPDATE mae_productos SET pro_precio_compra_bruto=745.1,pro_margen_actual=(pro_precio_venta-745.1)/745.1 * 100,pro_ultima_compra=@@@2013.10.14@@@,pro_ultimo_proveedor=@@@99554560-8@@@ WHERE pro_codigo_plu=18181','',2,'2013-10-14'),(77854,'UPDATE mae_productos SET pro_precio_compra_bruto=745.1,pro_margen_actual=(pro_precio_venta-745.1)/745.1 * 100,pro_ultima_compra=@@@2013.10.14@@@,pro_ultimo_proveedor=@@@99554560-8@@@ WHERE pro_codigo_plu=18186','',2,'2013-10-14'),(77855,'UPDATE mae_productos SET pro_precio_compra_bruto=745.1,pro_margen_actual=(pro_precio_venta-745.1)/745.1 * 100,pro_ultima_compra=@@@2013.10.14@@@,pro_ultimo_proveedor=@@@99554560-8@@@ WHERE pro_codigo_plu=101226','',2,'2013-10-14'),(77856,'INSERT INTO mae_productos (pro_codigo_plu,pro_codigo_barra,pro_tipo,pro_nombre_producto,pro_nombre_corto,med_id,emb_id,pro_unidades_embalaje,dep_id,lin_id,mar_id,pro_precio_compra_neto,pro_precio_compra_bruto,pro_precio_venta,pro_margen_actual,pro_oferta,pro_fecha_inicio_oferta,pro_fecha_termino_oferta,pro_precio_oferta,pro_stock_minimo,pro_stock_critico,pro_entradas_bodega,pro_salidas_bodega,pro_mermas_bodega,pro_ajustes_bodega,pro_entradas_sv,pro_salidas_sv,pro_mermas_sv,pro_ajustes_sv,pro_activo,rec_numero,pro_unidad,pro_capacidad,pro_consumo_bodega,pro_consumo_sv,pro_estado,pro_funcion_plu,pro_flejes,pro_iva,pro_plu_asociado,pro_envase,pro_duracion,pro_numero_etiqueta) VALUES (780721979,@@@7613034059192@@@,@@@0@@@,@@@DOKO SABOR CARNE ASADA 18 K@@@,@@@DOKO SABOR CARNE@@@,@@@2 @@@,@@@4 @@@,@@@1@@@,@@@42 @@@,@@@211@@@,@@@1664@@@,@@@0@@@,@@@1@@@,@@@1@@@,@@@0@@@,@@@@@@,@@@2013.10.14@@@,@@@2013.10.14@@@,@@@0@@@,@@@4@@@,@@@2@@@,@@@0@@@,@@@0@@@,@@@0@@@,@@@0@@@,@@@0@@@,@@@0@@@,@@@0@@@,@@@0@@@,@@@1@@@,@@@0@@@,0,18,0,0,2,0,1,1,0,@@@NO@@@,0,0)','',2,'2013-10-14'),(77857,'DELETE FROM mae_impuestos_productos WHERE pro_codigo_plu=@@@780721979@@@','',2,'2013-10-14'),(77858,'INSERT INTO gne_vale_ferreteria (vfe_id,vfe_fecha,vfe_total,vfe_estado,vfe_entregado,usu_nusuario) VALUES (13842,@@@2013.10.14@@@,150,1,0,@@@G_DIAZ@@@)','',2,'2013-10-14'),(77859,'INSERT INTO gne_vale_ferreteria_mov (vfe_id,pro_codigo_plu,vfm_cantidad,vfm_unitario,vfm_total,vfm_entregado) VALUES (13842,8021,1,150,150,@@@NO@@@)','',2,'2013-10-14'),(77860,'INSERT INTO mae_productos (pro_codigo_plu,pro_codigo_barra,pro_tipo,pro_nombre_producto,pro_nombre_corto,med_id,emb_id,pro_unidades_embalaje,dep_id,lin_id,mar_id,pro_precio_compra_neto,pro_precio_compra_bruto,pro_precio_venta,pro_margen_actual,pro_oferta,pro_fecha_inicio_oferta,pro_fecha_termino_oferta,pro_precio_oferta,pro_stock_minimo,pro_stock_critico,pro_entradas_bodega,pro_salidas_bodega,pro_mermas_bodega,pro_ajustes_bodega,pro_entradas_sv,pro_salidas_sv,pro_mermas_sv,pro_ajustes_sv,pro_activo,rec_numero,pro_unidad,pro_capacidad,pro_consumo_bodega,pro_consumo_sv,pro_estado,pro_funcion_plu,pro_flejes,pro_iva,pro_plu_asociado,pro_envase,pro_duracion,pro_numero_etiqueta) VALUES (780721980,@@@7613033376177@@@,@@@0@@@,@@@DOKO CON SALSA SABOR CARNE 18 K@@@,@@@DOKO CON SALSA S@@@,@@@2 @@@,@@@4 @@@,@@@1@@@,@@@42 @@@,@@@211@@@,@@@1664@@@,@@@0@@@,@@@1@@@,@@@1@@@,@@@0@@@,@@@@@@,@@@2013.10.14@@@,@@@2013.10.14@@@,@@@0@@@,@@@4@@@,@@@2@@@,@@@0@@@,@@@0@@@,@@@0@@@,@@@0@@@,@@@0@@@,@@@0@@@,@@@0@@@,@@@0@@@,@@@1@@@,@@@0@@@,0,18,0,0,2,0,1,1,0,@@@NO@@@,0,0)','',2,'2013-10-14'),(77861,'DELETE FROM mae_impuestos_productos WHERE pro_codigo_plu=@@@780721980@@@','',2,'2013-10-14'),(77862,'INSERT INTO mae_productos (pro_codigo_plu,pro_codigo_barra,pro_tipo,pro_nombre_producto,pro_nombre_corto,med_id,emb_id,pro_unidades_embalaje,dep_id,lin_id,mar_id,pro_precio_compra_neto,pro_precio_compra_bruto,pro_precio_venta,pro_margen_actual,pro_oferta,pro_fecha_inicio_oferta,pro_fecha_termino_oferta,pro_precio_oferta,pro_stock_minimo,pro_stock_critico,pro_entradas_bodega,pro_salidas_bodega,pro_mermas_bodega,pro_ajustes_bodega,pro_entradas_sv,pro_salidas_sv,pro_mermas_sv,pro_ajustes_sv,pro_activo,rec_numero,pro_unidad,pro_capacidad,pro_consumo_bodega,pro_consumo_sv,pro_estado,pro_funcion_plu,pro_flejes,pro_iva,pro_plu_asociado,pro_envase,pro_duracion,pro_numero_etiqueta) VALUES (780721981,@@@7613034110909@@@,@@@0@@@,@@@DOKO CACHORRO SABOR CARNE ASADA CON LECHE 21 K@@@,@@@DOKO CACHORRO SA@@@,@@@2 @@@,@@@4 @@@,@@@4@@@,@@@42 @@@,@@@211@@@,@@@1664@@@,@@@0@@@,@@@1@@@,@@@1@@@,@@@0@@@,@@@@@@,@@@2013.10.14@@@,@@@2013.10.14@@@,@@@0@@@,@@@3@@@,@@@2@@@,@@@0@@@,@@@0@@@,@@@0@@@,@@@0@@@,@@@0@@@,@@@0@@@,@@@0@@@,@@@0@@@,@@@1@@@,@@@0@@@,0,21,0,0,2,0,1,1,0,@@@NO@@@,0,0)','',2,'2013-10-14'),(77863,'DELETE FROM mae_impuestos_productos WHERE pro_codigo_plu=@@@780721981@@@','',2,'2013-10-14'),(77864,'INSERT INTO mae_productos (pro_codigo_plu,pro_codigo_barra,pro_tipo,pro_nombre_producto,pro_nombre_corto,med_id,emb_id,pro_unidades_embalaje,dep_id,lin_id,mar_id,pro_precio_compra_neto,pro_precio_compra_bruto,pro_precio_venta,pro_margen_actual,pro_oferta,pro_fecha_inicio_oferta,pro_fecha_termino_oferta,pro_precio_oferta,pro_stock_minimo,pro_stock_critico,pro_entradas_bodega,pro_salidas_bodega,pro_mermas_bodega,pro_ajustes_bodega,pro_entradas_sv,pro_salidas_sv,pro_mermas_sv,pro_ajustes_sv,pro_activo,rec_numero,pro_unidad,pro_capacidad,pro_consumo_bodega,pro_consumo_sv,pro_estado,pro_funcion_plu,pro_flejes,pro_iva,pro_plu_asociado,pro_envase,pro_duracion,pro_numero_etiqueta) VALUES (780721982,@@@7790430091503@@@,@@@0@@@,@@@DOKO CACHORRO SABOR CARNE CEREALES Y LECHE 21 K@@@,@@@DOKO CACHORRO SA@@@,@@@2 @@@,@@@4 @@@,@@@4@@@,@@@42 @@@,@@@211@@@,@@@1664@@@,@@@0@@@,@@@1@@@,@@@1@@@,@@@0@@@,@@@@@@,@@@2013.10.14@@@,@@@2013.10.14@@@,@@@0@@@,@@@4@@@,@@@2@@@,@@@0@@@,@@@0@@@,@@@0@@@,@@@0@@@,@@@0@@@,@@@0@@@,@@@0@@@,@@@0@@@,@@@1@@@,@@@0@@@,0,21,0,0,2,0,1,1,0,@@@NO@@@,0,0)','',2,'2013-10-14'),(77865,'DELETE FROM mae_impuestos_productos WHERE pro_codigo_plu=@@@780721982@@@','',2,'2013-10-14'),(77866,'INSERT INTO gne_vale_ferreteria (vfe_id,vfe_fecha,vfe_total,vfe_estado,vfe_entregado,usu_nusuario) VALUES (13843,@@@2013.10.14@@@,690,1,0,@@@G_DIAZ@@@)','',2,'2013-10-14'),(77867,'INSERT INTO gne_vale_ferreteria_mov (vfe_id,pro_codigo_plu,vfm_cantidad,vfm_unitario,vfm_total,vfm_entregado) VALUES (13843,1563,1,690,690,@@@NO@@@)','',2,'2013-10-14'),(77868,'INSERT INTO gne_vale_ferreteria (vfe_id,vfe_fecha,vfe_total,vfe_estado,vfe_entregado,usu_nusuario) VALUES (13844,@@@2013.10.14@@@,930,1,0,@@@G_DIAZ@@@)','',2,'2013-10-14'),(77869,'INSERT INTO gne_vale_ferreteria_mov (vfe_id,pro_codigo_plu,vfm_cantidad,vfm_unitario,vfm_total,vfm_entregado) VALUES (13844,763775,1,690,690,@@@NO@@@)','',2,'2013-10-14'),(77870,'INSERT INTO gne_vale_ferreteria_mov (vfe_id,pro_codigo_plu,vfm_cantidad,vfm_unitario,vfm_total,vfm_entregado) VALUES (13844,1064,2,120,240,@@@NO@@@)','',2,'2013-10-14'),(77871,'INSERT INTO gne_vale_ferreteria (vfe_id,vfe_fecha,vfe_total,vfe_estado,vfe_entregado,usu_nusuario) VALUES (13845,@@@2013.10.14@@@,970,1,0,@@@G_DIAZ@@@)','',2,'2013-10-14'),(77872,'INSERT INTO gne_vale_ferreteria_mov (vfe_id,pro_codigo_plu,vfm_cantidad,vfm_unitario,vfm_total,vfm_entregado) VALUES (13845,1536,2,290,580,@@@NO@@@)','',2,'2013-10-14'),(77873,'INSERT INTO gne_vale_ferreteria_mov (vfe_id,pro_codigo_plu,vfm_cantidad,vfm_unitario,vfm_total,vfm_entregado) VALUES (13845,1535,1,390,390,@@@NO@@@)','',2,'2013-10-14'),(77874,'INSERT INTO gne_vale_ferreteria (vfe_id,vfe_fecha,vfe_total,vfe_estado,vfe_entregado,usu_nusuario) VALUES (13846,@@@2013.10.14@@@,590,1,0,@@@G_DIAZ@@@)','',2,'2013-10-14'),(77875,'INSERT INTO gne_vale_ferreteria_mov (vfe_id,pro_codigo_plu,vfm_cantidad,vfm_unitario,vfm_total,vfm_entregado) VALUES (13846,764700,1,590,590,@@@NO@@@)','',2,'2013-10-14'),(77876,'UPDATE mae_productos SET pro_codigo_barra=@@@7613034059192@@@,pro_tipo=@@@0@@@,pro_nombre_producto=@@@DOKO SABOR CARNE ASADA 18 K@@@,pro_nombre_corto=@@@DOKO SABOR CARNE@@@,med_id=@@@2@@@,emb_id=@@@4@@@,pro_unidades_embalaje=@@@1@@@,dep_id=@@@42 @@@,lin_id=@@@211@@@,mar_id=@@@1664@@@,pro_precio_compra_neto=@@@0@@@,pro_precio_compra_bruto=@@@15957.9@@@,pro_precio_venta=@@@1@@@,pro_margen_actual=@@@-99.99@@@,pro_oferta=@@@NO@@@,pro_fecha_inicio_oferta=@@@2013.10.14@@@,pro_fecha_termino_oferta=@@@2013.10.14@@@,pro_precio_oferta=@@@0@@@,pro_stock_minimo=@@@4@@@,pro_stock_critico=@@@2@@@,pro_activo=@@@1@@@,pro_unidad=@@@0@@@,pro_precio_compra_bruto=15957.9,pro_margen_actual=-99.99,pro_capacidad=18,pro_funcion_plu=0,pro_flejes=1,pro_iva=1,pro_plu_asociado=0,pro_envase=@@@NO@@@,pro_duracion=0,pro_numero_etiqueta=0 WHERE pro_codigo_plu=@@@780721979@@@','',2,'2013-10-14'),(77877,'UPDATE mae_productos SET pro_estado=1 WHERE pro_codigo_plu=780721979','',2,'2013-10-14'),(77878,'DELETE FROM mae_impuestos_productos WHERE pro_codigo_plu=@@@780721979@@@','',2,'2013-10-14');
insert  into `sys_comunicacion_caja`(`coc_id`,`coc_sql`,`coc_cajas`,`coc_prioridad`,`coc_fecha`) values (77879,'INSERT INTO gne_vale_ferreteria (vfe_id,vfe_fecha,vfe_total,vfe_estado,vfe_entregado,usu_nusuario) VALUES (13847,@@@2013.10.14@@@,750,1,0,@@@G_DIAZ@@@)','',2,'2013-10-14'),(77880,'INSERT INTO gne_vale_ferreteria_mov (vfe_id,pro_codigo_plu,vfm_cantidad,vfm_unitario,vfm_total,vfm_entregado) VALUES (13847,764366,1,360,360,@@@NO@@@)','',2,'2013-10-14'),(77881,'INSERT INTO gne_vale_ferreteria_mov (vfe_id,pro_codigo_plu,vfm_cantidad,vfm_unitario,vfm_total,vfm_entregado) VALUES (13847,1535,1,390,390,@@@NO@@@)','',2,'2013-10-14'),(77882,'INSERT INTO gne_vale_ferreteria (vfe_id,vfe_fecha,vfe_total,vfe_estado,vfe_entregado,usu_nusuario) VALUES (13848,@@@2013.10.14@@@,980,1,0,@@@G_DIAZ@@@)','',2,'2013-10-14'),(77883,'INSERT INTO gne_vale_ferreteria_mov (vfe_id,pro_codigo_plu,vfm_cantidad,vfm_unitario,vfm_total,vfm_entregado) VALUES (13848,16430,3,160,480,@@@NO@@@)','',2,'2013-10-14'),(77884,'INSERT INTO gne_vale_ferreteria_mov (vfe_id,pro_codigo_plu,vfm_cantidad,vfm_unitario,vfm_total,vfm_entregado) VALUES (13848,780721664,2,250,500,@@@NO@@@)','',2,'2013-10-14'),(77885,'INSERT INTO gne_vale_ferreteria (vfe_id,vfe_fecha,vfe_total,vfe_estado,vfe_entregado,usu_nusuario) VALUES (13849,@@@2013.10.14@@@,610,1,0,@@@G_DIAZ@@@)','',2,'2013-10-14'),(77886,'INSERT INTO gne_vale_ferreteria_mov (vfe_id,pro_codigo_plu,vfm_cantidad,vfm_unitario,vfm_total,vfm_entregado) VALUES (13849,764016,1,450,450,@@@NO@@@)','',2,'2013-10-14'),(77887,'INSERT INTO gne_vale_ferreteria_mov (vfe_id,pro_codigo_plu,vfm_cantidad,vfm_unitario,vfm_total,vfm_entregado) VALUES (13849,16430,1,160,160,@@@NO@@@)','',2,'2013-10-14'),(77888,'INSERT INTO gne_vale_ferreteria (vfe_id,vfe_fecha,vfe_total,vfe_estado,vfe_entregado,usu_nusuario) VALUES (13850,@@@2013.10.14@@@,150,1,0,@@@G_DIAZ@@@)','',2,'2013-10-14'),(77889,'INSERT INTO gne_vale_ferreteria_mov (vfe_id,pro_codigo_plu,vfm_cantidad,vfm_unitario,vfm_total,vfm_entregado) VALUES (13850,764833,15,10,150,@@@NO@@@)','',2,'2013-10-14'),(77890,'INSERT INTO gne_vale_ferreteria (vfe_id,vfe_fecha,vfe_total,vfe_estado,vfe_entregado,usu_nusuario) VALUES (13851,@@@2013.10.14@@@,470,1,0,@@@G_DIAZ@@@)','',2,'2013-10-14'),(77891,'INSERT INTO gne_vale_ferreteria_mov (vfe_id,pro_codigo_plu,vfm_cantidad,vfm_unitario,vfm_total,vfm_entregado) VALUES (13851,763800,1,470,470,@@@NO@@@)','',2,'2013-10-14'),(77892,'INSERT INTO gne_vale_ferreteria (vfe_id,vfe_fecha,vfe_total,vfe_estado,vfe_entregado,usu_nusuario) VALUES (13852,@@@2013.10.14@@@,200,1,0,@@@G_DIAZ@@@)','',2,'2013-10-14'),(77893,'INSERT INTO gne_vale_ferreteria_mov (vfe_id,pro_codigo_plu,vfm_cantidad,vfm_unitario,vfm_total,vfm_entregado) VALUES (13852,770026,2,100,200,@@@NO@@@)','',2,'2013-10-14'),(77894,'INSERT INTO gne_vale_ferreteria (vfe_id,vfe_fecha,vfe_total,vfe_estado,vfe_entregado,usu_nusuario) VALUES (13853,@@@2013.10.14@@@,1890,1,0,@@@G_DIAZ@@@)','',2,'2013-10-14'),(77895,'INSERT INTO gne_vale_ferreteria_mov (vfe_id,pro_codigo_plu,vfm_cantidad,vfm_unitario,vfm_total,vfm_entregado) VALUES (13853,20516,1,1890,1890,@@@NO@@@)','',2,'2013-10-14'),(77896,'INSERT INTO gne_vale_ferreteria (vfe_id,vfe_fecha,vfe_total,vfe_estado,vfe_entregado,usu_nusuario) VALUES (13854,@@@2013.10.14@@@,430,1,0,@@@G_DIAZ@@@)','',2,'2013-10-14'),(77897,'INSERT INTO gne_vale_ferreteria_mov (vfe_id,pro_codigo_plu,vfm_cantidad,vfm_unitario,vfm_total,vfm_entregado) VALUES (13854,780721719,1,430,430,@@@NO@@@)','',2,'2013-10-14'),(77898,'INSERT INTO gne_vale_ferreteria (vfe_id,vfe_fecha,vfe_total,vfe_estado,vfe_entregado,usu_nusuario) VALUES (13855,@@@2013.10.14@@@,200,1,0,@@@G_DIAZ@@@)','',2,'2013-10-14'),(77899,'INSERT INTO gne_vale_ferreteria_mov (vfe_id,pro_codigo_plu,vfm_cantidad,vfm_unitario,vfm_total,vfm_entregado) VALUES (13855,4133,1,200,200,@@@NO@@@)','',2,'2013-10-14'),(77900,'INSERT INTO mae_productos (pro_codigo_plu,pro_codigo_barra,pro_tipo,pro_nombre_producto,pro_nombre_corto,med_id,emb_id,pro_unidades_embalaje,dep_id,lin_id,mar_id,pro_precio_compra_neto,pro_precio_compra_bruto,pro_precio_venta,pro_margen_actual,pro_oferta,pro_fecha_inicio_oferta,pro_fecha_termino_oferta,pro_precio_oferta,pro_stock_minimo,pro_stock_critico,pro_entradas_bodega,pro_salidas_bodega,pro_mermas_bodega,pro_ajustes_bodega,pro_entradas_sv,pro_salidas_sv,pro_mermas_sv,pro_ajustes_sv,pro_activo,rec_numero,pro_unidad,pro_capacidad,pro_consumo_bodega,pro_consumo_sv,pro_estado,pro_funcion_plu,pro_flejes,pro_iva,pro_plu_asociado,pro_envase,pro_duracion,pro_numero_etiqueta) VALUES (780721983,@@@4100015583041@@@,@@@0@@@,@@@MARCADOR DE PIZARRA FULTONS OFFICE@@@,@@@MARCADOR DE PIZA@@@,@@@1 @@@,@@@6 @@@,@@@12@@@,@@@24 @@@,@@@137@@@,@@@1255@@@,@@@0@@@,@@@1@@@,@@@300@@@,@@@29900@@@,@@@@@@,@@@2013.10.14@@@,@@@2013.10.14@@@,@@@0@@@,@@@12@@@,@@@6@@@,@@@0@@@,@@@0@@@,@@@0@@@,@@@0@@@,@@@0@@@,@@@0@@@,@@@0@@@,@@@0@@@,@@@1@@@,@@@0@@@,0,1,0,0,2,0,1,1,0,@@@NO@@@,0,0)','',2,'2013-10-14'),(77901,'DELETE FROM mae_impuestos_productos WHERE pro_codigo_plu=@@@780721983@@@','',2,'2013-10-14'),(77902,'INSERT INTO gne_vale_ferreteria (vfe_id,vfe_fecha,vfe_total,vfe_estado,vfe_entregado,usu_nusuario) VALUES (13856,@@@2013.10.14@@@,450,1,0,@@@G_DIAZ@@@)','',2,'2013-10-14'),(77903,'INSERT INTO gne_vale_ferreteria_mov (vfe_id,pro_codigo_plu,vfm_cantidad,vfm_unitario,vfm_total,vfm_entregado) VALUES (13856,764539,1,450,450,@@@NO@@@)','',2,'2013-10-14'),(77904,'INSERT INTO gne_vale_ferreteria (vfe_id,vfe_fecha,vfe_total,vfe_estado,vfe_entregado,usu_nusuario) VALUES (13857,@@@2013.10.14@@@,300,1,0,@@@G_DIAZ@@@)','',2,'2013-10-14'),(77905,'INSERT INTO gne_vale_ferreteria_mov (vfe_id,pro_codigo_plu,vfm_cantidad,vfm_unitario,vfm_total,vfm_entregado) VALUES (13857,780721222,1,300,300,@@@NO@@@)','',2,'2013-10-14'),(77906,'INSERT INTO gne_vale_ferreteria (vfe_id,vfe_fecha,vfe_total,vfe_estado,vfe_entregado,usu_nusuario) VALUES (13858,@@@2013.10.14@@@,2190,1,0,@@@G_DIAZ@@@)','',2,'2013-10-14'),(77907,'INSERT INTO gne_vale_ferreteria_mov (vfe_id,pro_codigo_plu,vfm_cantidad,vfm_unitario,vfm_total,vfm_entregado) VALUES (13858,780721743,1,2190,2190,@@@NO@@@)','',2,'2013-10-14'),(77908,'INSERT INTO gne_vale_ferreteria (vfe_id,vfe_fecha,vfe_total,vfe_estado,vfe_entregado,usu_nusuario) VALUES (13859,@@@2013.10.14@@@,1990,1,0,@@@G_DIAZ@@@)','',2,'2013-10-14'),(77909,'INSERT INTO gne_vale_ferreteria_mov (vfe_id,pro_codigo_plu,vfm_cantidad,vfm_unitario,vfm_total,vfm_entregado) VALUES (13859,20476,1,1990,1990,@@@NO@@@)','',2,'2013-10-14'),(77910,'INSERT INTO gne_vale_ferreteria (vfe_id,vfe_fecha,vfe_total,vfe_estado,vfe_entregado,usu_nusuario) VALUES (13860,@@@2013.10.14@@@,3350,1,0,@@@G_DIAZ@@@)','',2,'2013-10-14'),(77911,'INSERT INTO gne_vale_ferreteria_mov (vfe_id,pro_codigo_plu,vfm_cantidad,vfm_unitario,vfm_total,vfm_entregado) VALUES (13860,780721743,1,2190,2190,@@@NO@@@)','',2,'2013-10-14'),(77912,'INSERT INTO gne_vale_ferreteria_mov (vfe_id,pro_codigo_plu,vfm_cantidad,vfm_unitario,vfm_total,vfm_entregado) VALUES (13860,763783,1,230,230,@@@NO@@@)','',2,'2013-10-14'),(77913,'INSERT INTO gne_vale_ferreteria_mov (vfe_id,pro_codigo_plu,vfm_cantidad,vfm_unitario,vfm_total,vfm_entregado) VALUES (13860,764273,1,440,440,@@@NO@@@)','',2,'2013-10-14'),(77914,'INSERT INTO gne_vale_ferreteria_mov (vfe_id,pro_codigo_plu,vfm_cantidad,vfm_unitario,vfm_total,vfm_entregado) VALUES (13860,780721788,1,170,170,@@@NO@@@)','',2,'2013-10-14'),(77915,'INSERT INTO gne_vale_ferreteria_mov (vfe_id,pro_codigo_plu,vfm_cantidad,vfm_unitario,vfm_total,vfm_entregado) VALUES (13860,12819,1,200,200,@@@NO@@@)','',2,'2013-10-14'),(77916,'INSERT INTO gne_vale_ferreteria_mov (vfe_id,pro_codigo_plu,vfm_cantidad,vfm_unitario,vfm_total,vfm_entregado) VALUES (13860,1064,1,120,120,@@@NO@@@)','',2,'2013-10-14'),(77917,'INSERT INTO gne_vale_ferreteria (vfe_id,vfe_fecha,vfe_total,vfe_estado,vfe_entregado,usu_nusuario) VALUES (13861,@@@2013.10.14@@@,1490,1,0,@@@G_DIAZ@@@)','',2,'2013-10-14'),(77918,'INSERT INTO gne_vale_ferreteria_mov (vfe_id,pro_codigo_plu,vfm_cantidad,vfm_unitario,vfm_total,vfm_entregado) VALUES (13861,990002,1,1490,1490,@@@NO@@@)','',2,'2013-10-14'),(77919,'INSERT INTO gne_vale_ferreteria (vfe_id,vfe_fecha,vfe_total,vfe_estado,vfe_entregado,usu_nusuario) VALUES (13862,@@@2013.10.14@@@,400,1,0,@@@G_DIAZ@@@)','',2,'2013-10-14'),(77920,'INSERT INTO gne_vale_ferreteria_mov (vfe_id,pro_codigo_plu,vfm_cantidad,vfm_unitario,vfm_total,vfm_entregado) VALUES (13862,78017238,2,200,400,@@@NO@@@)','',2,'2013-10-14'),(77921,'INSERT INTO gne_vale_ferreteria (vfe_id,vfe_fecha,vfe_total,vfe_estado,vfe_entregado,usu_nusuario) VALUES (13863,@@@2013.10.14@@@,1100,1,0,@@@G_DIAZ@@@)','',2,'2013-10-14'),(77922,'INSERT INTO gne_vale_ferreteria_mov (vfe_id,pro_codigo_plu,vfm_cantidad,vfm_unitario,vfm_total,vfm_entregado) VALUES (13863,780721547,1,1100,1100,@@@NO@@@)','',2,'2013-10-14'),(77923,'INSERT INTO gne_vale_ferreteria (vfe_id,vfe_fecha,vfe_total,vfe_estado,vfe_entregado,usu_nusuario) VALUES (13864,@@@2013.10.14@@@,669,1,0,@@@G_DIAZ@@@)','',2,'2013-10-14'),(77924,'INSERT INTO gne_vale_ferreteria_mov (vfe_id,pro_codigo_plu,vfm_cantidad,vfm_unitario,vfm_total,vfm_entregado) VALUES (13864,7502,1,30,30,@@@NO@@@)','',2,'2013-10-14'),(77925,'INSERT INTO gne_vale_ferreteria_mov (vfe_id,pro_codigo_plu,vfm_cantidad,vfm_unitario,vfm_total,vfm_entregado) VALUES (13864,780721677,1,399,399,@@@NO@@@)','',2,'2013-10-14'),(77926,'INSERT INTO gne_vale_ferreteria_mov (vfe_id,pro_codigo_plu,vfm_cantidad,vfm_unitario,vfm_total,vfm_entregado) VALUES (13864,78017204,1,120,120,@@@NO@@@)','',2,'2013-10-14'),(77927,'INSERT INTO gne_vale_ferreteria_mov (vfe_id,pro_codigo_plu,vfm_cantidad,vfm_unitario,vfm_total,vfm_entregado) VALUES (13864,1064,1,120,120,@@@NO@@@)','',2,'2013-10-14'),(77928,'INSERT INTO gne_vale_ferreteria (vfe_id,vfe_fecha,vfe_total,vfe_estado,vfe_entregado,usu_nusuario) VALUES (13865,@@@2013.10.14@@@,400,1,0,@@@G_DIAZ@@@)','',2,'2013-10-14'),(77929,'INSERT INTO gne_vale_ferreteria_mov (vfe_id,pro_codigo_plu,vfm_cantidad,vfm_unitario,vfm_total,vfm_entregado) VALUES (13865,101101,2,200,400,@@@NO@@@)','',2,'2013-10-14'),(77930,'INSERT INTO gne_vale_ferreteria (vfe_id,vfe_fecha,vfe_total,vfe_estado,vfe_entregado,usu_nusuario) VALUES (13866,@@@2013.10.14@@@,200,1,0,@@@G_DIAZ@@@)','',2,'2013-10-14'),(77931,'INSERT INTO gne_vale_ferreteria_mov (vfe_id,pro_codigo_plu,vfm_cantidad,vfm_unitario,vfm_total,vfm_entregado) VALUES (13866,20394,1,100,100,@@@NO@@@)','',2,'2013-10-14'),(77932,'INSERT INTO gne_vale_ferreteria_mov (vfe_id,pro_codigo_plu,vfm_cantidad,vfm_unitario,vfm_total,vfm_entregado) VALUES (13866,20365,1,100,100,@@@NO@@@)','',2,'2013-10-14'),(77933,'INSERT INTO gne_vale_ferreteria (vfe_id,vfe_fecha,vfe_total,vfe_estado,vfe_entregado,usu_nusuario) VALUES (13867,@@@2013.10.14@@@,300,1,0,@@@G_DIAZ@@@)','',2,'2013-10-14'),(77934,'INSERT INTO gne_vale_ferreteria_mov (vfe_id,pro_codigo_plu,vfm_cantidad,vfm_unitario,vfm_total,vfm_entregado) VALUES (13867,2004,1,300,300,@@@NO@@@)','',2,'2013-10-14'),(77935,'INSERT INTO gne_vale_ferreteria (vfe_id,vfe_fecha,vfe_total,vfe_estado,vfe_entregado,usu_nusuario) VALUES (13868,@@@2013.10.14@@@,1550,1,0,@@@G_DIAZ@@@)','',2,'2013-10-14'),(77936,'INSERT INTO gne_vale_ferreteria_mov (vfe_id,pro_codigo_plu,vfm_cantidad,vfm_unitario,vfm_total,vfm_entregado) VALUES (13868,763672,1,1550,1550,@@@NO@@@)','',2,'2013-10-14'),(77937,'INSERT INTO gne_vale_ferreteria (vfe_id,vfe_fecha,vfe_total,vfe_estado,vfe_entregado,usu_nusuario) VALUES (13869,@@@2013.10.14@@@,140,1,0,@@@G_DIAZ@@@)','',2,'2013-10-14'),(77938,'INSERT INTO gne_vale_ferreteria_mov (vfe_id,pro_codigo_plu,vfm_cantidad,vfm_unitario,vfm_total,vfm_entregado) VALUES (13869,764246,1,140,140,@@@NO@@@)','',2,'2013-10-14'),(77939,'INSERT INTO gne_vale_ferreteria (vfe_id,vfe_fecha,vfe_total,vfe_estado,vfe_entregado,usu_nusuario) VALUES (13870,@@@2013.10.14@@@,100,1,0,@@@G_DIAZ@@@)','',2,'2013-10-14'),(77940,'INSERT INTO gne_vale_ferreteria_mov (vfe_id,pro_codigo_plu,vfm_cantidad,vfm_unitario,vfm_total,vfm_entregado) VALUES (13870,764833,10,10,100,@@@NO@@@)','',2,'2013-10-14'),(77941,'INSERT INTO gne_vale_ferreteria (vfe_id,vfe_fecha,vfe_total,vfe_estado,vfe_entregado,usu_nusuario) VALUES (13871,@@@2013.10.14@@@,330,1,0,@@@G_DIAZ@@@)','',2,'2013-10-14'),(77942,'INSERT INTO gne_vale_ferreteria_mov (vfe_id,pro_codigo_plu,vfm_cantidad,vfm_unitario,vfm_total,vfm_entregado) VALUES (13871,764833,10,10,100,@@@NO@@@)','',2,'2013-10-14'),(77943,'INSERT INTO gne_vale_ferreteria_mov (vfe_id,pro_codigo_plu,vfm_cantidad,vfm_unitario,vfm_total,vfm_entregado) VALUES (13871,763783,1,230,230,@@@NO@@@)','',2,'2013-10-14'),(77944,'UPDATE mae_productos SET pro_precio_venta=1100,pro_margen_actual= 56.67 WHERE pro_codigo_plu=11572','',2,'2013-10-14'),(77945,'UPDATE mae_productos SET pro_precio_venta=2290,pro_margen_actual= 35.52 WHERE pro_codigo_plu=763555','',2,'2013-10-14'),(77946,'INSERT INTO gne_vale_ferreteria (vfe_id,vfe_fecha,vfe_total,vfe_estado,vfe_entregado,usu_nusuario) VALUES (13872,@@@2013.10.14@@@,600,1,0,@@@G_DIAZ@@@)','',2,'2013-10-14'),(77947,'INSERT INTO gne_vale_ferreteria_mov (vfe_id,pro_codigo_plu,vfm_cantidad,vfm_unitario,vfm_total,vfm_entregado) VALUES (13872,4077,2,200,400,@@@NO@@@)','',2,'2013-10-14'),(77948,'INSERT INTO gne_vale_ferreteria_mov (vfe_id,pro_codigo_plu,vfm_cantidad,vfm_unitario,vfm_total,vfm_entregado) VALUES (13872,1545,4,50,200,@@@NO@@@)','',2,'2013-10-14'),(77949,'UPDATE mae_productos SET pro_precio_venta=1990,pro_margen_actual= 20.31 WHERE pro_codigo_plu=353','',2,'2013-10-14'),(77950,'UPDATE mae_productos SET pro_precio_venta=1950,pro_margen_actual= 53.86 WHERE pro_codigo_plu=355','',2,'2013-10-14'),(77951,'UPDATE mae_productos SET pro_precio_venta=1990,pro_margen_actual= 52.02 WHERE pro_codigo_plu=360','',2,'2013-10-14'),(77952,'INSERT INTO gne_vale_ferreteria (vfe_id,vfe_fecha,vfe_total,vfe_estado,vfe_entregado,usu_nusuario) VALUES (13873,@@@2013.10.14@@@,40,1,0,@@@G_DIAZ@@@)','',2,'2013-10-14'),(77953,'INSERT INTO gne_vale_ferreteria_mov (vfe_id,pro_codigo_plu,vfm_cantidad,vfm_unitario,vfm_total,vfm_entregado) VALUES (13873,78017241,1,40,40,@@@NO@@@)','',2,'2013-10-14'),(77954,'UPDATE mae_productos SET pro_precio_venta=390,pro_margen_actual= 30.57 WHERE pro_codigo_plu=10842','',2,'2013-10-14'),(77955,'UPDATE mae_productos SET pro_precio_venta=390,pro_margen_actual= 30.57 WHERE pro_codigo_plu=10843','',2,'2013-10-14'),(77956,'UPDATE mae_productos SET pro_precio_venta=390,pro_margen_actual= 30.05 WHERE pro_codigo_plu=10846','',2,'2013-10-14'),(77957,'INSERT INTO gne_vale_ferreteria (vfe_id,vfe_fecha,vfe_total,vfe_estado,vfe_entregado,usu_nusuario) VALUES (13874,@@@2013.10.14@@@,300,1,0,@@@G_DIAZ@@@)','',2,'2013-10-14'),(77958,'INSERT INTO gne_vale_ferreteria_mov (vfe_id,pro_codigo_plu,vfm_cantidad,vfm_unitario,vfm_total,vfm_entregado) VALUES (13874,780721222,1,300,300,@@@NO@@@)','',2,'2013-10-14'),(77959,'UPDATE mae_productos SET pro_precio_venta=2690,pro_margen_actual= 31.99 WHERE pro_codigo_plu=17807','',2,'2013-10-14'),(77960,'UPDATE mae_productos SET pro_precio_fiscal=pro_precio_venta WHERE pro_codigo_plu=353','',2,'2013-10-14'),(77961,'UPDATE mae_productos SET pro_precio_fiscal=pro_precio_venta WHERE pro_codigo_plu=355','',2,'2013-10-14'),(77962,'UPDATE mae_productos SET pro_precio_fiscal=pro_precio_venta WHERE pro_codigo_plu=360','',2,'2013-10-14'),(77963,'UPDATE mae_productos SET pro_precio_fiscal=pro_precio_venta WHERE pro_codigo_plu=780721983','',2,'2013-10-14'),(77964,'UPDATE mae_productos SET pro_precio_fiscal=pro_precio_venta WHERE pro_codigo_plu=11572','',2,'2013-10-14'),(77965,'UPDATE mae_productos SET pro_precio_fiscal=pro_precio_venta WHERE pro_codigo_plu=10842','',2,'2013-10-14'),(77966,'UPDATE mae_productos SET pro_precio_fiscal=pro_precio_venta WHERE pro_codigo_plu=10843','',2,'2013-10-14'),(77967,'UPDATE mae_productos SET pro_precio_fiscal=pro_precio_venta WHERE pro_codigo_plu=10846','',2,'2013-10-14'),(77968,'UPDATE mae_productos SET pro_precio_fiscal=pro_precio_venta WHERE pro_codigo_plu=17807','',2,'2013-10-14'),(77969,'UPDATE mae_productos SET pro_precio_fiscal=pro_precio_venta WHERE pro_codigo_plu=763555','',2,'2013-10-14'),(77970,'UPDATE mae_productos SET pro_margen_actual=0,pro_precio_venta=1 WHERE pro_codigo_plu=780721981','',2,'2013-10-14'),(77971,'UPDATE mae_productos SET pro_margen_actual=0,pro_precio_venta=1 WHERE pro_codigo_plu=780721982','',2,'2013-10-14'),(77972,'UPDATE mae_productos SET pro_margen_actual=0,pro_precio_venta=1 WHERE pro_codigo_plu=780721980','',2,'2013-10-14'),(77973,'UPDATE mae_productos SET pro_margen_actual=3890.2,pro_precio_venta=490 WHERE pro_codigo_plu=780721724','',2,'2013-10-14'),(77974,'UPDATE mae_productos SET pro_margen_actual=119.34,pro_precio_venta=990 WHERE pro_codigo_plu=2330102','',2,'2013-10-14'),(77975,'UPDATE mae_productos SET pro_margen_actual=25.27,pro_precio_venta=19990 WHERE pro_codigo_plu=780721979','',2,'2013-10-14'),(77976,'UPDATE mae_productos SET pro_precio_fiscal=pro_precio_venta WHERE pro_codigo_plu=2330102','',2,'2013-10-14'),(77977,'UPDATE mae_productos SET pro_precio_fiscal=pro_precio_venta WHERE pro_codigo_plu=780721979','',2,'2013-10-14'),(77978,'UPDATE mae_productos SET pro_precio_fiscal=pro_precio_venta WHERE pro_codigo_plu=780721724','',2,'2013-10-14'),(77979,'INSERT INTO gne_vale_ferreteria (vfe_id,vfe_fecha,vfe_total,vfe_estado,vfe_entregado,usu_nusuario) VALUES (13875,@@@2013.10.14@@@,1990,1,0,@@@G_DIAZ@@@)','',2,'2013-10-14'),(77980,'INSERT INTO gne_vale_ferreteria_mov (vfe_id,pro_codigo_plu,vfm_cantidad,vfm_unitario,vfm_total,vfm_entregado) VALUES (13875,780220125,1,1990,1990,@@@NO@@@)','',2,'2013-10-14'),(77981,'INSERT INTO gne_vale_ferreteria (vfe_id,vfe_fecha,vfe_total,vfe_estado,vfe_entregado,usu_nusuario) VALUES (13876,@@@2013.10.14@@@,300,1,0,@@@G_DIAZ@@@)','',2,'2013-10-14'),(77982,'INSERT INTO gne_vale_ferreteria_mov (vfe_id,pro_codigo_plu,vfm_cantidad,vfm_unitario,vfm_total,vfm_entregado) VALUES (13876,78017026,2,90,180,@@@NO@@@)','',2,'2013-10-14'),(77983,'INSERT INTO gne_vale_ferreteria_mov (vfe_id,pro_codigo_plu,vfm_cantidad,vfm_unitario,vfm_total,vfm_entregado) VALUES (13876,764158,1,120,120,@@@NO@@@)','',2,'2013-10-14'),(77984,'INSERT INTO gne_vale_ferreteria (vfe_id,vfe_fecha,vfe_total,vfe_estado,vfe_entregado,usu_nusuario) VALUES (13877,@@@2013.10.15@@@,790,1,0,@@@b_SAEZ@@@)','',2,'2013-10-15'),(77985,'INSERT INTO gne_vale_ferreteria_mov (vfe_id,pro_codigo_plu,vfm_cantidad,vfm_unitario,vfm_total,vfm_entregado) VALUES (13877,780721486,1,790,790,@@@NO@@@)','',2,'2013-10-15'),(77986,'INSERT INTO gne_vale_ferreteria (vfe_id,vfe_fecha,vfe_total,vfe_estado,vfe_entregado,usu_nusuario) VALUES (13878,@@@2013.10.15@@@,790,1,0,@@@b_SAEZ@@@)','',2,'2013-10-15'),(77987,'INSERT INTO gne_vale_ferreteria_mov (vfe_id,pro_codigo_plu,vfm_cantidad,vfm_unitario,vfm_total,vfm_entregado) VALUES (13878,780721486,1,790,790,@@@NO@@@)','',2,'2013-10-15'),(77988,'INSERT INTO gne_vale_ferreteria (vfe_id,vfe_fecha,vfe_total,vfe_estado,vfe_entregado,usu_nusuario) VALUES (13879,@@@2013.10.15@@@,790,1,0,@@@b_SAEZ@@@)','',2,'2013-10-15'),(77989,'INSERT INTO gne_vale_ferreteria_mov (vfe_id,pro_codigo_plu,vfm_cantidad,vfm_unitario,vfm_total,vfm_entregado) VALUES (13879,780721486,1,790,790,@@@NO@@@)','',2,'2013-10-15'),(77990,'INSERT INTO gne_vale_ferreteria (vfe_id,vfe_fecha,vfe_total,vfe_estado,vfe_entregado,usu_nusuario) VALUES (13880,@@@2013.10.15@@@,790,1,0,@@@b_SAEZ@@@)','',2,'2013-10-15'),(77991,'INSERT INTO gne_vale_ferreteria_mov (vfe_id,pro_codigo_plu,vfm_cantidad,vfm_unitario,vfm_total,vfm_entregado) VALUES (13880,780721486,1,790,790,@@@NO@@@)','',2,'2013-10-15'),(77992,'INSERT INTO gne_vale_ferreteria (vfe_id,vfe_fecha,vfe_total,vfe_estado,vfe_entregado,usu_nusuario) VALUES (13881,@@@2013.10.15@@@,2170,1,0,@@@b_SAEZ@@@)','',2,'2013-10-15'),(77993,'INSERT INTO gne_vale_ferreteria_mov (vfe_id,pro_codigo_plu,vfm_cantidad,vfm_unitario,vfm_total,vfm_entregado) VALUES (13881,780721777,1,1450,1450,@@@NO@@@)','',2,'2013-10-15'),(77994,'INSERT INTO gne_vale_ferreteria_mov (vfe_id,pro_codigo_plu,vfm_cantidad,vfm_unitario,vfm_total,vfm_entregado) VALUES (13881,780220198,2,360,720,@@@NO@@@)','',2,'2013-10-15'),(77995,'INSERT INTO gne_vale_ferreteria (vfe_id,vfe_fecha,vfe_total,vfe_estado,vfe_entregado,usu_nusuario) VALUES (13882,@@@2013.10.15@@@,690,1,0,@@@b_SAEZ@@@)','',2,'2013-10-15'),(77996,'INSERT INTO gne_vale_ferreteria_mov (vfe_id,pro_codigo_plu,vfm_cantidad,vfm_unitario,vfm_total,vfm_entregado) VALUES (13882,770084,1,690,690,@@@NO@@@)','',2,'2013-10-15'),(77997,'INSERT INTO gne_vale_ferreteria (vfe_id,vfe_fecha,vfe_total,vfe_estado,vfe_entregado,usu_nusuario) VALUES (13883,@@@2013.10.15@@@,30,1,0,@@@b_SAEZ@@@)','',2,'2013-10-15'),(77998,'INSERT INTO gne_vale_ferreteria_mov (vfe_id,pro_codigo_plu,vfm_cantidad,vfm_unitario,vfm_total,vfm_entregado) VALUES (13883,13229,2,15,30,@@@NO@@@)','',2,'2013-10-15'),(77999,'INSERT INTO gne_vale_ferreteria (vfe_id,vfe_fecha,vfe_total,vfe_estado,vfe_entregado,usu_nusuario) VALUES (13884,@@@2013.10.15@@@,200,1,0,@@@b_SAEZ@@@)','',2,'2013-10-15'),(78000,'INSERT INTO gne_vale_ferreteria_mov (vfe_id,pro_codigo_plu,vfm_cantidad,vfm_unitario,vfm_total,vfm_entregado) VALUES (13884,764411,2,100,200,@@@NO@@@)','',2,'2013-10-15'),(78001,'INSERT INTO gne_vale_ferreteria (vfe_id,vfe_fecha,vfe_total,vfe_estado,vfe_entregado,usu_nusuario) VALUES (13885,@@@2013.10.15@@@,370,1,0,@@@b_SAEZ@@@)','',2,'2013-10-15'),(78002,'INSERT INTO gne_vale_ferreteria_mov (vfe_id,pro_codigo_plu,vfm_cantidad,vfm_unitario,vfm_total,vfm_entregado) VALUES (13885,4124,1,370,370,@@@NO@@@)','',2,'2013-10-15'),(78003,'INSERT INTO gne_vale_ferreteria (vfe_id,vfe_fecha,vfe_total,vfe_estado,vfe_entregado,usu_nusuario) VALUES (13886,@@@2013.10.15@@@,300,1,0,@@@b_SAEZ@@@)','',2,'2013-10-15'),(78004,'INSERT INTO gne_vale_ferreteria_mov (vfe_id,pro_codigo_plu,vfm_cantidad,vfm_unitario,vfm_total,vfm_entregado) VALUES (13886,78017110,2,150,300,@@@NO@@@)','',2,'2013-10-15'),(78005,'INSERT INTO gne_vale_ferreteria (vfe_id,vfe_fecha,vfe_total,vfe_estado,vfe_entregado,usu_nusuario) VALUES (13887,@@@2013.10.15@@@,200,1,0,@@@b_SAEZ@@@)','',2,'2013-10-15'),(78006,'INSERT INTO gne_vale_ferreteria_mov (vfe_id,pro_codigo_plu,vfm_cantidad,vfm_unitario,vfm_total,vfm_entregado) VALUES (13887,1545,4,50,200,@@@NO@@@)','',2,'2013-10-15'),(78007,'INSERT INTO gne_vale_ferreteria (vfe_id,vfe_fecha,vfe_total,vfe_estado,vfe_entregado,usu_nusuario) VALUES (13888,@@@2013.10.15@@@,990,1,0,@@@b_SAEZ@@@)','',2,'2013-10-15'),(78008,'INSERT INTO gne_vale_ferreteria_mov (vfe_id,pro_codigo_plu,vfm_cantidad,vfm_unitario,vfm_total,vfm_entregado) VALUES (13888,202020,1,990,990,@@@NO@@@)','',2,'2013-10-15'),(78009,'INSERT INTO gne_vale_ferreteria (vfe_id,vfe_fecha,vfe_total,vfe_estado,vfe_entregado,usu_nusuario) VALUES (13889,@@@2013.10.15@@@,440,1,0,@@@b_SAEZ@@@)','',2,'2013-10-15'),(78010,'INSERT INTO gne_vale_ferreteria_mov (vfe_id,pro_codigo_plu,vfm_cantidad,vfm_unitario,vfm_total,vfm_entregado) VALUES (13889,1539,5,10,50,@@@NO@@@)','',2,'2013-10-15'),(78011,'INSERT INTO gne_vale_ferreteria_mov (vfe_id,pro_codigo_plu,vfm_cantidad,vfm_unitario,vfm_total,vfm_entregado) VALUES (13889,780721420,1,390,390,@@@NO@@@)','',2,'2013-10-15'),(78012,'INSERT INTO gne_vale_ferreteria (vfe_id,vfe_fecha,vfe_total,vfe_estado,vfe_entregado,usu_nusuario) VALUES (13890,@@@2013.10.15@@@,150,1,0,@@@b_SAEZ@@@)','',2,'2013-10-15'),(78013,'INSERT INTO gne_vale_ferreteria_mov (vfe_id,pro_codigo_plu,vfm_cantidad,vfm_unitario,vfm_total,vfm_entregado) VALUES (13890,1544,5,30,150,@@@NO@@@)','',2,'2013-10-15'),(78014,'INSERT INTO gne_vale_ferreteria (vfe_id,vfe_fecha,vfe_total,vfe_estado,vfe_entregado,usu_nusuario) VALUES (13891,@@@2013.10.15@@@,650,1,0,@@@b_SAEZ@@@)','',2,'2013-10-15'),(78015,'INSERT INTO gne_vale_ferreteria_mov (vfe_id,pro_codigo_plu,vfm_cantidad,vfm_unitario,vfm_total,vfm_entregado) VALUES (13891,762165,1,650,650,@@@NO@@@)','',2,'2013-10-15'),(78016,'UPDATE mae_productos SET pro_codigo_barra=@@@7790520002273@@@,pro_tipo=@@@0@@@,pro_nombre_producto=@@@RAID CASA Y JARDIN 205G@@@,pro_nombre_corto=@@@RAID CASA Y JARD@@@,med_id=@@@5@@@,emb_id=@@@3@@@,pro_unidades_embalaje=@@@0@@@,dep_id=@@@2 @@@,lin_id=@@@41@@@,mar_id=@@@1899@@@,pro_precio_compra_neto=@@@0@@@,pro_precio_compra_bruto=@@@0@@@,pro_precio_venta=@@@1890@@@,pro_margen_actual=@@@0@@@,pro_oferta=@@@NO@@@,pro_fecha_inicio_oferta=@@@2013.04.26@@@,pro_fecha_termino_oferta=@@@2013.04.26@@@,pro_precio_oferta=@@@0@@@,pro_stock_minimo=@@@0@@@,pro_stock_critico=@@@0@@@,pro_activo=@@@1@@@,pro_unidad=@@@0@@@,pro_precio_compra_bruto=0,pro_margen_actual=0,pro_capacidad=205,pro_funcion_plu=0,pro_flejes=1,pro_iva=1,pro_plu_asociado=0,pro_envase=@@@NO@@@,pro_duracion=0,pro_numero_etiqueta=0 WHERE pro_codigo_plu=@@@763295@@@','',2,'2013-10-15'),(78017,'UPDATE mae_productos SET pro_estado=1 WHERE pro_codigo_plu=763295','',2,'2013-10-15'),(78018,'DELETE FROM mae_impuestos_productos WHERE pro_codigo_plu=@@@763295@@@','',2,'2013-10-15'),(78019,'UPDATE mae_productos SET pro_codigo_barra=@@@6931598210868@@@,pro_tipo=@@@0@@@,pro_nombre_producto=@@@PARCHE CAMARA UYUSTOOLS 35X24 MM@@@,pro_nombre_corto=@@@PARCHE CAMARA UY@@@,med_id=@@@1@@@,emb_id=@@@4@@@,pro_unidades_embalaje=@@@12@@@,dep_id=@@@24 @@@,lin_id=@@@207@@@,mar_id=@@@2695@@@,pro_precio_compra_neto=@@@0@@@,pro_precio_compra_bruto=@@@434.35@@@,pro_precio_venta=@@@950@@@,pro_margen_actual=@@@118.72@@@,pro_oferta=@@@NO@@@,pro_fecha_inicio_oferta=@@@1900.01.01@@@,pro_fecha_termino_oferta=@@@1900.01.01@@@,pro_precio_oferta=@@@0@@@,pro_stock_minimo=@@@6@@@,pro_stock_critico=@@@4@@@,pro_activo=@@@1@@@,pro_unidad=@@@0@@@,pro_precio_compra_bruto=434.35,pro_margen_actual=118.72,pro_capacidad=1,pro_funcion_plu=0,pro_flejes=1,pro_iva=1,pro_plu_asociado=0,pro_envase=@@@NO@@@,pro_duracion=0,pro_numero_etiqueta=0 WHERE pro_codigo_plu=@@@14533@@@','',2,'2013-10-15'),(78020,'UPDATE mae_productos SET pro_estado=1 WHERE pro_codigo_plu=14533','',2,'2013-10-15'),(78021,'DELETE FROM mae_impuestos_productos WHERE pro_codigo_plu=@@@14533@@@','',2,'2013-10-15'),(78022,'UPDATE mae_productos SET pro_codigo_barra=@@@6931598210875@@@,pro_tipo=@@@0@@@,pro_nombre_producto=@@@PARCHE CAMARA UYUSTOOLS 54X32 MM@@@,pro_nombre_corto=@@@PARCHE CAMARA UY@@@,med_id=@@@1@@@,emb_id=@@@4@@@,pro_unidades_embalaje=@@@12@@@,dep_id=@@@24 @@@,lin_id=@@@207@@@,mar_id=@@@2695@@@,pro_precio_compra_neto=@@@0@@@,pro_precio_compra_bruto=@@@434.35@@@,pro_precio_venta=@@@950@@@,pro_margen_actual=@@@118.72@@@,pro_oferta=@@@NO@@@,pro_fecha_inicio_oferta=@@@1900.01.01@@@,pro_fecha_termino_oferta=@@@1900.01.01@@@,pro_precio_oferta=@@@0@@@,pro_stock_minimo=@@@6@@@,pro_stock_critico=@@@4@@@,pro_activo=@@@1@@@,pro_unidad=@@@0@@@,pro_precio_compra_bruto=434.35,pro_margen_actual=118.72,pro_capacidad=1,pro_funcion_plu=0,pro_flejes=1,pro_iva=1,pro_plu_asociado=0,pro_envase=@@@NO@@@,pro_duracion=0,pro_numero_etiqueta=0 WHERE pro_codigo_plu=@@@14534@@@','',2,'2013-10-15'),(78023,'UPDATE mae_productos SET pro_estado=1 WHERE pro_codigo_plu=14534','',2,'2013-10-15'),(78024,'DELETE FROM mae_impuestos_productos WHERE pro_codigo_plu=@@@14534@@@','',2,'2013-10-15'),(78025,'UPDATE mae_clientes SET cli_rut=@@@96532330-9@@@,cli_nombre=@@@CMPC CELULOSA S.A.@@@,cli_direccion=@@@AV JULIO HEMMELMAN 670@@@,cli_sucursal=@@@NACIMIENTO@@@,cli_ciudad=@@@NACIMIENTO@@@,cli_nombre_contacto=@@@FLOR CENTENO@@@,cli_cargo=@@@@@@,cli_comuna=@@@NACIMIENTO@@@,cli_fpago=@@@CONTADO@@@,cli_telefono=@@@@@@,cli_fax=@@@@@@,cli_celular=@@@511706@@@,cli_mail=@@@@@@,tcp_id=@@@2@@@,cli_fecha_nacimiento=@@@2013.07.01@@@,cli_activo=@@@1@@@,cli_limite_credito=@@@5600000@@@,cli_giro=@@@FABRICACION Y VENTA DE CELULOSA Y PAPEL@@@,cli_sobrecargo=0,cli_descuento_venta=0,cli_rapel=0 ,cli_credito_ilimitado=0 WHERE cli_id=@@@8@@@','',2,'2013-10-15'),(78026,'UPDATE mae_productos SET pro_precio_compra_bruto=434.35,pro_margen_actual=(pro_precio_venta-434.35)/434.35 * 100,pro_ultima_compra=@@@2013.10.15@@@,pro_ultimo_proveedor=@@@18279548-8@@@ WHERE pro_codigo_plu=14534','',2,'2013-10-15'),(78027,'UPDATE mae_productos SET pro_precio_compra_bruto=434.35,pro_margen_actual=(pro_precio_venta-434.35)/434.35 * 100,pro_ultima_compra=@@@2013.10.15@@@,pro_ultimo_proveedor=@@@18279548-8@@@ WHERE pro_codigo_plu=14533','',2,'2013-10-15'),(78028,'UPDATE mae_productos SET pro_precio_fiscal=pro_precio_venta WHERE pro_codigo_plu=14533','',2,'2013-10-15'),(78029,'UPDATE mae_productos SET pro_precio_fiscal=pro_precio_venta WHERE pro_codigo_plu=14534','',2,'2013-10-15'),(78030,'INSERT INTO gne_vale_ferreteria (vfe_id,vfe_fecha,vfe_total,vfe_estado,vfe_entregado,usu_nusuario) VALUES (13892,@@@2013.10.15@@@,400,1,0,@@@b_SAEZ@@@)','',2,'2013-10-15'),(78031,'INSERT INTO gne_vale_ferreteria_mov (vfe_id,pro_codigo_plu,vfm_cantidad,vfm_unitario,vfm_total,vfm_entregado) VALUES (13892,770021,2,200,400,@@@NO@@@)','',2,'2013-10-15'),(78032,'INSERT INTO gne_vale_ferreteria (vfe_id,vfe_fecha,vfe_total,vfe_estado,vfe_entregado,usu_nusuario) VALUES (13893,@@@2013.10.15@@@,780,1,0,@@@b_SAEZ@@@)','',2,'2013-10-15'),(78033,'INSERT INTO gne_vale_ferreteria_mov (vfe_id,pro_codigo_plu,vfm_cantidad,vfm_unitario,vfm_total,vfm_entregado) VALUES (13893,770020,2,390,780,@@@NO@@@)','',2,'2013-10-15'),(78034,'INSERT INTO gne_vale_ferreteria (vfe_id,vfe_fecha,vfe_total,vfe_estado,vfe_entregado,usu_nusuario) VALUES (13894,@@@2013.10.15@@@,100,1,0,@@@b_SAEZ@@@)','',2,'2013-10-15'),(78035,'INSERT INTO gne_vale_ferreteria_mov (vfe_id,pro_codigo_plu,vfm_cantidad,vfm_unitario,vfm_total,vfm_entregado) VALUES (13894,1545,2,50,100,@@@NO@@@)','',2,'2013-10-15'),(78036,'INSERT INTO gne_vale_ferreteria (vfe_id,vfe_fecha,vfe_total,vfe_estado,vfe_entregado,usu_nusuario) VALUES (13895,@@@2013.10.15@@@,570,1,0,@@@b_SAEZ@@@)','',2,'2013-10-15'),(78037,'INSERT INTO gne_vale_ferreteria_mov (vfe_id,pro_codigo_plu,vfm_cantidad,vfm_unitario,vfm_total,vfm_entregado) VALUES (13895,78017155,1,450,450,@@@NO@@@)','',2,'2013-10-15'),(78038,'INSERT INTO gne_vale_ferreteria_mov (vfe_id,pro_codigo_plu,vfm_cantidad,vfm_unitario,vfm_total,vfm_entregado) VALUES (13895,78017016,1,120,120,@@@NO@@@)','',2,'2013-10-15'),(78039,'INSERT INTO gne_vale_ferreteria (vfe_id,vfe_fecha,vfe_total,vfe_estado,vfe_entregado,usu_nusuario) VALUES (13896,@@@2013.10.15@@@,1460,1,0,@@@G_DIAZ@@@)','',2,'2013-10-15'),(78040,'INSERT INTO gne_vale_ferreteria_mov (vfe_id,pro_codigo_plu,vfm_cantidad,vfm_unitario,vfm_total,vfm_entregado) VALUES (13896,11378,2,730,1460,@@@NO@@@)','',2,'2013-10-15'),(78041,'INSERT INTO gne_vale_ferreteria (vfe_id,vfe_fecha,vfe_total,vfe_estado,vfe_entregado,usu_nusuario) VALUES (13897,@@@2013.10.15@@@,400,1,0,@@@G_DIAZ@@@)','',2,'2013-10-15'),(78042,'INSERT INTO gne_vale_ferreteria_mov (vfe_id,pro_codigo_plu,vfm_cantidad,vfm_unitario,vfm_total,vfm_entregado) VALUES (13897,770001,5,80,400,@@@NO@@@)','',2,'2013-10-15'),(78043,'INSERT INTO gne_vale_ferreteria (vfe_id,vfe_fecha,vfe_total,vfe_estado,vfe_entregado,usu_nusuario) VALUES (13898,@@@2013.10.15@@@,2210,1,0,@@@G_DIAZ@@@)','',2,'2013-10-15'),(78044,'INSERT INTO gne_vale_ferreteria_mov (vfe_id,pro_codigo_plu,vfm_cantidad,vfm_unitario,vfm_total,vfm_entregado) VALUES (13898,762308,1,1490,1490,@@@NO@@@)','',2,'2013-10-15'),(78045,'INSERT INTO gne_vale_ferreteria_mov (vfe_id,pro_codigo_plu,vfm_cantidad,vfm_unitario,vfm_total,vfm_entregado) VALUES (13898,19866,1,720,720,@@@NO@@@)','',2,'2013-10-15'),(78046,'INSERT INTO gne_vale_ferreteria (vfe_id,vfe_fecha,vfe_total,vfe_estado,vfe_entregado,usu_nusuario) VALUES (13899,@@@2013.10.15@@@,3490,1,0,@@@G_DIAZ@@@)','',2,'2013-10-15'),(78047,'INSERT INTO gne_vale_ferreteria_mov (vfe_id,pro_codigo_plu,vfm_cantidad,vfm_unitario,vfm_total,vfm_entregado) VALUES (13899,764866,1,3490,3490,@@@NO@@@)','',2,'2013-10-15'),(78048,'INSERT INTO gne_vale_ferreteria (vfe_id,vfe_fecha,vfe_total,vfe_estado,vfe_entregado,usu_nusuario) VALUES (13900,@@@2013.10.15@@@,4390,1,0,@@@G_DIAZ@@@)','',2,'2013-10-15'),(78049,'INSERT INTO gne_vale_ferreteria_mov (vfe_id,pro_codigo_plu,vfm_cantidad,vfm_unitario,vfm_total,vfm_entregado) VALUES (13900,764887,1,4390,4390,@@@NO@@@)','',2,'2013-10-15'),(78050,'INSERT INTO gne_vale_ferreteria (vfe_id,vfe_fecha,vfe_total,vfe_estado,vfe_entregado,usu_nusuario) VALUES (13901,@@@2013.10.15@@@,510,1,0,@@@G_DIAZ@@@)','',2,'2013-10-15'),(78051,'INSERT INTO gne_vale_ferreteria_mov (vfe_id,pro_codigo_plu,vfm_cantidad,vfm_unitario,vfm_total,vfm_entregado) VALUES (13901,8022,1,120,120,@@@NO@@@)','',2,'2013-10-15'),(78052,'INSERT INTO gne_vale_ferreteria_mov (vfe_id,pro_codigo_plu,vfm_cantidad,vfm_unitario,vfm_total,vfm_entregado) VALUES (13901,78017177,1,390,390,@@@NO@@@)','',2,'2013-10-15'),(78053,'INSERT INTO gne_vale_ferreteria (vfe_id,vfe_fecha,vfe_total,vfe_estado,vfe_entregado,usu_nusuario) VALUES (13902,@@@2013.10.15@@@,680,1,0,@@@G_DIAZ@@@)','',2,'2013-10-15'),(78054,'INSERT INTO gne_vale_ferreteria_mov (vfe_id,pro_codigo_plu,vfm_cantidad,vfm_unitario,vfm_total,vfm_entregado) VALUES (13902,1535,1,390,390,@@@NO@@@)','',2,'2013-10-15'),(78055,'INSERT INTO gne_vale_ferreteria_mov (vfe_id,pro_codigo_plu,vfm_cantidad,vfm_unitario,vfm_total,vfm_entregado) VALUES (13902,1536,1,290,290,@@@NO@@@)','',2,'2013-10-15'),(78056,'INSERT INTO gne_vale_ferreteria (vfe_id,vfe_fecha,vfe_total,vfe_estado,vfe_entregado,usu_nusuario) VALUES (13903,@@@2013.10.15@@@,750,1,0,@@@G_DIAZ@@@)','',2,'2013-10-15'),(78057,'INSERT INTO gne_vale_ferreteria_mov (vfe_id,pro_codigo_plu,vfm_cantidad,vfm_unitario,vfm_total,vfm_entregado) VALUES (13903,100365,1,750,750,@@@NO@@@)','',2,'2013-10-15'),(78058,'INSERT INTO gne_vale_ferreteria (vfe_id,vfe_fecha,vfe_total,vfe_estado,vfe_entregado,usu_nusuario) VALUES (13904,@@@2013.10.15@@@,1740,1,0,@@@G_DIAZ@@@)','',2,'2013-10-15'),(78059,'INSERT INTO gne_vale_ferreteria_mov (vfe_id,pro_codigo_plu,vfm_cantidad,vfm_unitario,vfm_total,vfm_entregado) VALUES (13904,780721290,6,290,1740,@@@NO@@@)','',2,'2013-10-15'),(78060,'INSERT INTO gne_vale_ferreteria (vfe_id,vfe_fecha,vfe_total,vfe_estado,vfe_entregado,usu_nusuario) VALUES (13905,@@@2013.10.15@@@,1850,1,0,@@@G_DIAZ@@@)','',2,'2013-10-15'),(78061,'INSERT INTO gne_vale_ferreteria_mov (vfe_id,pro_codigo_plu,vfm_cantidad,vfm_unitario,vfm_total,vfm_entregado) VALUES (13905,763582,1,650,650,@@@NO@@@)','',2,'2013-10-15'),(78062,'INSERT INTO gne_vale_ferreteria_mov (vfe_id,pro_codigo_plu,vfm_cantidad,vfm_unitario,vfm_total,vfm_entregado) VALUES (13905,761996,1,1200,1200,@@@NO@@@)','',2,'2013-10-15'),(78063,'INSERT INTO gne_vale_ferreteria (vfe_id,vfe_fecha,vfe_total,vfe_estado,vfe_entregado,usu_nusuario) VALUES (13906,@@@2013.10.15@@@,570,1,0,@@@G_DIAZ@@@)','',2,'2013-10-15'),(78064,'INSERT INTO gne_vale_ferreteria_mov (vfe_id,pro_codigo_plu,vfm_cantidad,vfm_unitario,vfm_total,vfm_entregado) VALUES (13906,8022,1,120,120,@@@NO@@@)','',2,'2013-10-15'),(78065,'INSERT INTO gne_vale_ferreteria_mov (vfe_id,pro_codigo_plu,vfm_cantidad,vfm_unitario,vfm_total,vfm_entregado) VALUES (13906,764507,1,330,330,@@@NO@@@)','',2,'2013-10-15'),(78066,'INSERT INTO gne_vale_ferreteria_mov (vfe_id,pro_codigo_plu,vfm_cantidad,vfm_unitario,vfm_total,vfm_entregado) VALUES (13906,764780,2,60,120,@@@NO@@@)','',2,'2013-10-15'),(78067,'INSERT INTO gne_vale_ferreteria (vfe_id,vfe_fecha,vfe_total,vfe_estado,vfe_entregado,usu_nusuario) VALUES (13907,@@@2013.10.15@@@,350,1,0,@@@G_DIAZ@@@)','',2,'2013-10-15'),(78068,'INSERT INTO gne_vale_ferreteria_mov (vfe_id,pro_codigo_plu,vfm_cantidad,vfm_unitario,vfm_total,vfm_entregado) VALUES (13907,780220093,1,350,350,@@@NO@@@)','',2,'2013-10-15'),(78069,'INSERT INTO gne_vale_ferreteria (vfe_id,vfe_fecha,vfe_total,vfe_estado,vfe_entregado,usu_nusuario) VALUES (13908,@@@2013.10.15@@@,120,1,0,@@@G_DIAZ@@@)','',2,'2013-10-15'),(78070,'INSERT INTO gne_vale_ferreteria_mov (vfe_id,pro_codigo_plu,vfm_cantidad,vfm_unitario,vfm_total,vfm_entregado) VALUES (13908,8022,1,120,120,@@@NO@@@)','',2,'2013-10-15'),(78071,'UPDATE mae_productos SET pro_margen_actual=0,pro_precio_venta=1890 WHERE pro_codigo_plu=763295','',2,'2013-10-15'),(78072,'INSERT INTO gne_vale_ferreteria (vfe_id,vfe_fecha,vfe_total,vfe_estado,vfe_entregado,usu_nusuario) VALUES (13909,@@@2013.10.15@@@,650,1,0,@@@G_DIAZ@@@)','',2,'2013-10-15'),(78073,'INSERT INTO gne_vale_ferreteria_mov (vfe_id,pro_codigo_plu,vfm_cantidad,vfm_unitario,vfm_total,vfm_entregado) VALUES (13909,763582,1,650,650,@@@NO@@@)','',2,'2013-10-15'),(78074,'INSERT INTO gne_vale_ferreteria (vfe_id,vfe_fecha,vfe_total,vfe_estado,vfe_entregado,usu_nusuario) VALUES (13910,@@@2013.10.15@@@,640,1,0,@@@G_DIAZ@@@)','',2,'2013-10-15'),(78075,'INSERT INTO gne_vale_ferreteria_mov (vfe_id,pro_codigo_plu,vfm_cantidad,vfm_unitario,vfm_total,vfm_entregado) VALUES (13910,19865,1,640,640,@@@NO@@@)','',2,'2013-10-15'),(78076,'INSERT INTO gne_vale_ferreteria (vfe_id,vfe_fecha,vfe_total,vfe_estado,vfe_entregado,usu_nusuario) VALUES (13911,@@@2013.10.15@@@,790,1,0,@@@G_DIAZ@@@)','',2,'2013-10-15'),(78077,'INSERT INTO gne_vale_ferreteria_mov (vfe_id,pro_codigo_plu,vfm_cantidad,vfm_unitario,vfm_total,vfm_entregado) VALUES (13911,763804,1,790,790,@@@NO@@@)','',2,'2013-10-15'),(78078,'INSERT INTO mae_productos (pro_codigo_plu,pro_codigo_barra,pro_tipo,pro_nombre_producto,pro_nombre_corto,med_id,emb_id,pro_unidades_embalaje,dep_id,lin_id,mar_id,pro_precio_compra_neto,pro_precio_compra_bruto,pro_precio_venta,pro_margen_actual,pro_oferta,pro_fecha_inicio_oferta,pro_fecha_termino_oferta,pro_precio_oferta,pro_stock_minimo,pro_stock_critico,pro_entradas_bodega,pro_salidas_bodega,pro_mermas_bodega,pro_ajustes_bodega,pro_entradas_sv,pro_salidas_sv,pro_mermas_sv,pro_ajustes_sv,pro_activo,rec_numero,pro_unidad,pro_capacidad,pro_consumo_bodega,pro_consumo_sv,pro_estado,pro_funcion_plu,pro_flejes,pro_iva,pro_plu_asociado,pro_envase,pro_duracion,pro_numero_etiqueta) VALUES (780721984,@@@025215486326@@@,@@@0@@@,@@@PENDRIVE MAXELL 8GB@@@,@@@PENDRIVE MAXELL @@@,@@@1 @@@,@@@6 @@@,@@@1@@@,@@@24 @@@,@@@137@@@,@@@2657@@@,@@@0@@@,@@@4273.29@@@,@@@1@@@,@@@-99.98@@@,@@@@@@,@@@2006.09.07@@@,@@@2006.09.07@@@,@@@0@@@,@@@3@@@,@@@2@@@,@@@0@@@,@@@0@@@,@@@0@@@,@@@0@@@,@@@0@@@,@@@0@@@,@@@0@@@,@@@0@@@,@@@1@@@,@@@0@@@,0,1,0,0,2,0,1,1,0,@@@NO@@@,0,0)','',2,'2013-10-15'),(78079,'DELETE FROM mae_impuestos_productos WHERE pro_codigo_plu=@@@780721984@@@','',2,'2013-10-15'),(78080,'INSERT INTO mae_productos (pro_codigo_plu,pro_codigo_barra,pro_tipo,pro_nombre_producto,pro_nombre_corto,med_id,emb_id,pro_unidades_embalaje,dep_id,lin_id,mar_id,pro_precio_compra_neto,pro_precio_compra_bruto,pro_precio_venta,pro_margen_actual,pro_oferta,pro_fecha_inicio_oferta,pro_fecha_termino_oferta,pro_precio_oferta,pro_stock_minimo,pro_stock_critico,pro_entradas_bodega,pro_salidas_bodega,pro_mermas_bodega,pro_ajustes_bodega,pro_entradas_sv,pro_salidas_sv,pro_mermas_sv,pro_ajustes_sv,pro_activo,rec_numero,pro_unidad,pro_capacidad,pro_consumo_bodega,pro_consumo_sv,pro_estado,pro_funcion_plu,pro_flejes,pro_iva,pro_plu_asociado,pro_envase,pro_duracion,pro_numero_etiqueta) VALUES (808181,@@@808181@@@,@@@0@@@,@@@BOMBILLAS LISAS SUPERIOR 40 UNID.@@@,@@@BOMBILLAS LISAS @@@,@@@1 @@@,@@@4 @@@,@@@40@@@,@@@24 @@@,@@@177@@@,@@@1682@@@,@@@0@@@,@@@362.95@@@,@@@1@@@,@@@-99.72@@@,@@@@@@,@@@2006.09.07@@@,@@@2006.09.07@@@,@@@0@@@,@@@60@@@,@@@30@@@,@@@0@@@,@@@0@@@,@@@0@@@,@@@0@@@,@@@0@@@,@@@0@@@,@@@0@@@,@@@0@@@,@@@1@@@,@@@0@@@,0,40,0,0,2,0,1,1,0,@@@NO@@@,0,0)','',2,'2013-10-15'),(78081,'DELETE FROM mae_impuestos_productos WHERE pro_codigo_plu=@@@808181@@@','',2,'2013-10-15'),(78082,'INSERT INTO gne_vale_ferreteria (vfe_id,vfe_fecha,vfe_total,vfe_estado,vfe_entregado,usu_nusuario) VALUES (13912,@@@2013.10.15@@@,80,1,0,@@@G_DIAZ@@@)','',2,'2013-10-15'),(78083,'INSERT INTO gne_vale_ferreteria_mov (vfe_id,pro_codigo_plu,vfm_cantidad,vfm_unitario,vfm_total,vfm_entregado) VALUES (13912,770001,1,80,80,@@@NO@@@)','',2,'2013-10-15'),(78084,'UPDATE mae_productos SET pro_codigo_barra=@@@7801875090041@@@,pro_tipo=@@@0@@@,pro_nombre_producto=@@@BOMBILLAS LISAS SUPERIOR 40 UNID.@@@,pro_nombre_corto=@@@BOMBILLAS LISAS@@@,med_id=@@@1@@@,emb_id=@@@4@@@,pro_unidades_embalaje=@@@40@@@,dep_id=@@@24 @@@,lin_id=@@@207@@@,mar_id=@@@1682@@@,pro_precio_compra_neto=@@@0@@@,pro_precio_compra_bruto=@@@362.95@@@,pro_precio_venta=@@@490@@@,pro_margen_actual=@@@35@@@,pro_oferta=@@@NO@@@,pro_fecha_inicio_oferta=@@@2006.09.07@@@,pro_fecha_termino_oferta=@@@2006.09.07@@@,pro_precio_oferta=@@@0@@@,pro_stock_minimo=@@@40@@@,pro_stock_critico=@@@20@@@,pro_activo=@@@1@@@,pro_unidad=@@@0@@@,pro_precio_compra_bruto=362.95,pro_margen_actual=35,pro_capacidad=40,pro_funcion_plu=0,pro_flejes=1,pro_iva=1,pro_plu_asociado=0,pro_envase=@@@NO@@@,pro_duracion=0,pro_numero_etiqueta=0 WHERE pro_codigo_plu=@@@780721724@@@','',2,'2013-10-15'),(78085,'UPDATE mae_productos SET pro_estado=1 WHERE pro_codigo_plu=780721724','',2,'2013-10-15'),(78086,'DELETE FROM mae_impuestos_productos WHERE pro_codigo_plu=@@@780721724@@@','',2,'2013-10-15'),(78087,'INSERT INTO gne_vale_ferreteria (vfe_id,vfe_fecha,vfe_total,vfe_estado,vfe_entregado,usu_nusuario) VALUES (13913,@@@2013.10.15@@@,1190,1,0,@@@G_DIAZ@@@)','',2,'2013-10-15'),(78088,'INSERT INTO gne_vale_ferreteria_mov (vfe_id,pro_codigo_plu,vfm_cantidad,vfm_unitario,vfm_total,vfm_entregado) VALUES (13913,1569,1,1190,1190,@@@NO@@@)','',2,'2013-10-15'),(78089,'INSERT INTO gne_vale_ferreteria (vfe_id,vfe_fecha,vfe_total,vfe_estado,vfe_entregado,usu_nusuario) VALUES (13914,@@@2013.10.15@@@,930,1,0,@@@G_DIAZ@@@)','',2,'2013-10-15'),(78090,'INSERT INTO gne_vale_ferreteria_mov (vfe_id,pro_codigo_plu,vfm_cantidad,vfm_unitario,vfm_total,vfm_entregado) VALUES (13914,11670,1,930,930,@@@NO@@@)','',2,'2013-10-15'),(78091,'INSERT INTO gne_vale_ferreteria (vfe_id,vfe_fecha,vfe_total,vfe_estado,vfe_entregado,usu_nusuario) VALUES (13915,@@@2013.10.15@@@,1190,1,0,@@@G_DIAZ@@@)','',2,'2013-10-15'),(78092,'INSERT INTO gne_vale_ferreteria_mov (vfe_id,pro_codigo_plu,vfm_cantidad,vfm_unitario,vfm_total,vfm_entregado) VALUES (13915,765004,1,1190,1190,@@@NO@@@)','',2,'2013-10-15'),(78093,'INSERT INTO mae_productos (pro_codigo_plu,pro_codigo_barra,pro_tipo,pro_nombre_producto,pro_nombre_corto,med_id,emb_id,pro_unidades_embalaje,dep_id,lin_id,mar_id,pro_precio_compra_neto,pro_precio_compra_bruto,pro_precio_venta,pro_margen_actual,pro_oferta,pro_fecha_inicio_oferta,pro_fecha_termino_oferta,pro_precio_oferta,pro_stock_minimo,pro_stock_critico,pro_entradas_bodega,pro_salidas_bodega,pro_mermas_bodega,pro_ajustes_bodega,pro_entradas_sv,pro_salidas_sv,pro_mermas_sv,pro_ajustes_sv,pro_activo,rec_numero,pro_unidad,pro_capacidad,pro_consumo_bodega,pro_consumo_sv,pro_estado,pro_funcion_plu,pro_flejes,pro_iva,pro_plu_asociado,pro_envase,pro_duracion,pro_numero_etiqueta) VALUES (780721985,@@@7806610271518@@@,@@@0@@@,@@@VALE POR RHEIN NUMERADO@@@,@@@VALE POR RHEIN N@@@,@@@1 @@@,@@@6 @@@,@@@40@@@,@@@24 @@@,@@@137@@@,@@@1731@@@,@@@0@@@,@@@362.95@@@,@@@1@@@,@@@-99.72@@@,@@@@@@,@@@2006.09.07@@@,@@@2006.09.07@@@,@@@0@@@,@@@40@@@,@@@20@@@,@@@0@@@,@@@0@@@,@@@0@@@,@@@0@@@,@@@0@@@,@@@0@@@,@@@0@@@,@@@0@@@,@@@1@@@,@@@0@@@,0,1,0,0,2,0,1,1,0,@@@NO@@@,0,0)','',2,'2013-10-15'),(78094,'DELETE FROM mae_impuestos_productos WHERE pro_codigo_plu=@@@780721985@@@','',2,'2013-10-15'),(78095,'INSERT INTO mae_productos (pro_codigo_plu,pro_codigo_barra,pro_tipo,pro_nombre_producto,pro_nombre_corto,med_id,emb_id,pro_unidades_embalaje,dep_id,lin_id,mar_id,pro_precio_compra_neto,pro_precio_compra_bruto,pro_precio_venta,pro_margen_actual,pro_oferta,pro_fecha_inicio_oferta,pro_fecha_termino_oferta,pro_precio_oferta,pro_stock_minimo,pro_stock_critico,pro_entradas_bodega,pro_salidas_bodega,pro_mermas_bodega,pro_ajustes_bodega,pro_entradas_sv,pro_salidas_sv,pro_mermas_sv,pro_ajustes_sv,pro_activo,rec_numero,pro_unidad,pro_capacidad,pro_consumo_bodega,pro_consumo_sv,pro_estado,pro_funcion_plu,pro_flejes,pro_iva,pro_plu_asociado,pro_envase,pro_duracion,pro_numero_etiqueta) VALUES (780721986,@@@7792700002349@@@,@@@0@@@,@@@PLUMON PIZARRA PELIKAN NEGRO @@@,@@@PLUMON PIZARRA P@@@,@@@1 @@@,@@@6 @@@,@@@60@@@,@@@24 @@@,@@@137@@@,@@@2405@@@,@@@0@@@,@@@227.29@@@,@@@1@@@,@@@-99.56@@@,@@@@@@,@@@2006.09.07@@@,@@@2006.09.07@@@,@@@0@@@,@@@60@@@,@@@40@@@,@@@0@@@,@@@0@@@,@@@0@@@,@@@0@@@,@@@0@@@,@@@0@@@,@@@0@@@,@@@0@@@,@@@1@@@,@@@0@@@,0,1,0,0,2,0,1,1,0,@@@NO@@@,0,0)','',2,'2013-10-15'),(78096,'DELETE FROM mae_impuestos_productos WHERE pro_codigo_plu=@@@780721986@@@','',2,'2013-10-15'),(78097,'INSERT INTO mae_productos (pro_codigo_plu,pro_codigo_barra,pro_tipo,pro_nombre_producto,pro_nombre_corto,med_id,emb_id,pro_unidades_embalaje,dep_id,lin_id,mar_id,pro_precio_compra_neto,pro_precio_compra_bruto,pro_precio_venta,pro_margen_actual,pro_oferta,pro_fecha_inicio_oferta,pro_fecha_termino_oferta,pro_precio_oferta,pro_stock_minimo,pro_stock_critico,pro_entradas_bodega,pro_salidas_bodega,pro_mermas_bodega,pro_ajustes_bodega,pro_entradas_sv,pro_salidas_sv,pro_mermas_sv,pro_ajustes_sv,pro_activo,rec_numero,pro_unidad,pro_capacidad,pro_consumo_bodega,pro_consumo_sv,pro_estado,pro_funcion_plu,pro_flejes,pro_iva,pro_plu_asociado,pro_envase,pro_duracion,pro_numero_etiqueta) VALUES (780721987,@@@7807237000147@@@,@@@0@@@,@@@TAMPON DACTILAR NEGRO STEPHENS + RECARGA@@@,@@@TAMPON DACTILAR @@@,@@@1 @@@,@@@6 @@@,@@@1@@@,@@@24 @@@,@@@137@@@,@@@2507@@@,@@@0@@@,@@@1879@@@,@@@1@@@,@@@-99.95@@@,@@@@@@,@@@2006.09.07@@@,@@@2006.09.07@@@,@@@0@@@,@@@3@@@,@@@2@@@,@@@0@@@,@@@0@@@,@@@0@@@,@@@0@@@,@@@0@@@,@@@0@@@,@@@0@@@,@@@0@@@,@@@1@@@,@@@0@@@,0,1,0,0,2,0,1,1,0,@@@NO@@@,0,0)','',2,'2013-10-15'),(78098,'DELETE FROM mae_impuestos_productos WHERE pro_codigo_plu=@@@780721987@@@','',2,'2013-10-15'),(78099,'INSERT INTO mae_productos (pro_codigo_plu,pro_codigo_barra,pro_tipo,pro_nombre_producto,pro_nombre_corto,med_id,emb_id,pro_unidades_embalaje,dep_id,lin_id,mar_id,pro_precio_compra_neto,pro_precio_compra_bruto,pro_precio_venta,pro_margen_actual,pro_oferta,pro_fecha_inicio_oferta,pro_fecha_termino_oferta,pro_precio_oferta,pro_stock_minimo,pro_stock_critico,pro_entradas_bodega,pro_salidas_bodega,pro_mermas_bodega,pro_ajustes_bodega,pro_entradas_sv,pro_salidas_sv,pro_mermas_sv,pro_ajustes_sv,pro_activo,rec_numero,pro_unidad,pro_capacidad,pro_consumo_bodega,pro_consumo_sv,pro_estado,pro_funcion_plu,pro_flejes,pro_iva,pro_plu_asociado,pro_envase,pro_duracion,pro_numero_etiqueta) VALUES (80983,@@@80983@@@,@@@0@@@,@@@ROLLO TERMICO 80MM X 80 MT X 20 UNID@@@,@@@ROLLO TERMICO 80@@@,@@@1 @@@,@@@6 @@@,@@@20@@@,@@@24 @@@,@@@207@@@,@@@2507@@@,@@@0@@@,@@@621.23@@@,@@@1@@@,@@@-99.84@@@,@@@@@@,@@@2006.09.07@@@,@@@2006.09.07@@@,@@@0@@@,@@@60@@@,@@@30@@@,@@@0@@@,@@@0@@@,@@@0@@@,@@@0@@@,@@@0@@@,@@@0@@@,@@@0@@@,@@@0@@@,@@@1@@@,@@@0@@@,0,20,0,0,2,0,1,1,0,@@@NO@@@,0,0)','',2,'2013-10-15'),(78100,'DELETE FROM mae_impuestos_productos WHERE pro_codigo_plu=@@@80983@@@','',2,'2013-10-15'),(78101,'INSERT INTO gne_vale_ferreteria (vfe_id,vfe_fecha,vfe_total,vfe_estado,vfe_entregado,usu_nusuario) VALUES (13916,@@@2013.10.15@@@,200,1,0,@@@G_DIAZ@@@)','',2,'2013-10-15'),(78102,'INSERT INTO gne_vale_ferreteria_mov (vfe_id,pro_codigo_plu,vfm_cantidad,vfm_unitario,vfm_total,vfm_entregado) VALUES (13916,78017238,1,200,200,@@@NO@@@)','',2,'2013-10-15'),(78103,'INSERT INTO mae_productos (pro_codigo_plu,pro_codigo_barra,pro_tipo,pro_nombre_producto,pro_nombre_corto,med_id,emb_id,pro_unidades_embalaje,dep_id,lin_id,mar_id,pro_precio_compra_neto,pro_precio_compra_bruto,pro_precio_venta,pro_margen_actual,pro_oferta,pro_fecha_inicio_oferta,pro_fecha_termino_oferta,pro_precio_oferta,pro_stock_minimo,pro_stock_critico,pro_entradas_bodega,pro_salidas_bodega,pro_mermas_bodega,pro_ajustes_bodega,pro_entradas_sv,pro_salidas_sv,pro_mermas_sv,pro_ajustes_sv,pro_activo,rec_numero,pro_unidad,pro_capacidad,pro_consumo_bodega,pro_consumo_sv,pro_estado,pro_funcion_plu,pro_flejes,pro_iva,pro_plu_asociado,pro_envase,pro_duracion,pro_numero_etiqueta) VALUES (80432,@@@80432@@@,@@@0@@@,@@@ROLLO TERMICO 80 MT X 13 MMX 10 UNID@@@,@@@ROLLO TERMICO 80@@@,@@@1 @@@,@@@6 @@@,@@@10@@@,@@@24 @@@,@@@207@@@,@@@2507@@@,@@@0@@@,@@@621.29@@@,@@@1@@@,@@@-99.84@@@,@@@@@@,@@@2006.09.07@@@,@@@2006.09.07@@@,@@@0@@@,@@@50@@@,@@@20@@@,@@@0@@@,@@@0@@@,@@@0@@@,@@@0@@@,@@@0@@@,@@@0@@@,@@@0@@@,@@@0@@@,@@@1@@@,@@@0@@@,0,10,0,0,2,0,1,1,0,@@@NO@@@,0,0)','',2,'2013-10-15'),(78104,'DELETE FROM mae_impuestos_productos WHERE pro_codigo_plu=@@@80432@@@','',2,'2013-10-15'),(78105,'INSERT INTO gne_vale_ferreteria (vfe_id,vfe_fecha,vfe_total,vfe_estado,vfe_entregado,usu_nusuario) VALUES (13917,@@@2013.10.15@@@,1450,1,0,@@@G_DIAZ@@@)','',2,'2013-10-15'),(78106,'INSERT INTO gne_vale_ferreteria_mov (vfe_id,pro_codigo_plu,vfm_cantidad,vfm_unitario,vfm_total,vfm_entregado) VALUES (13917,780721626,1,1450,1450,@@@NO@@@)','',2,'2013-10-15'),(78107,'UPDATE mae_productos SET pro_precio_compra_bruto=4562.46,pro_margen_actual=(pro_precio_venta-4562.46)/4562.46 * 100,pro_ultima_compra=@@@2013.10.15@@@,pro_ultimo_proveedor=@@@76041579-0@@@ WHERE pro_codigo_plu=764554','',2,'2013-10-15'),(78108,'UPDATE mae_productos SET pro_precio_compra_bruto=4273.29,pro_margen_actual=(pro_precio_venta-4273.29)/4273.29 * 100,pro_ultima_compra=@@@2013.10.15@@@,pro_ultimo_proveedor=@@@76041579-0@@@ WHERE pro_codigo_plu=780721984','',2,'2013-10-15'),(78109,'UPDATE mae_productos SET pro_precio_compra_bruto=84.49,pro_margen_actual=(pro_precio_venta-84.49)/84.49 * 100,pro_ultima_compra=@@@2013.10.15@@@,pro_ultimo_proveedor=@@@76041579-0@@@ WHERE pro_codigo_plu=78017201','',2,'2013-10-15'),(78110,'UPDATE mae_productos SET pro_precio_compra_bruto=54.026,pro_margen_actual=(pro_precio_venta-54.026)/54.026 * 100,pro_ultima_compra=@@@2013.10.15@@@,pro_ultimo_proveedor=@@@76041579-0@@@ WHERE pro_codigo_plu=78017006','',2,'2013-10-15'),(78111,'UPDATE mae_productos SET pro_precio_compra_bruto=135.77,pro_margen_actual=(pro_precio_venta-135.77)/135.77 * 100,pro_ultima_compra=@@@2013.10.15@@@,pro_ultimo_proveedor=@@@76041579-0@@@ WHERE pro_codigo_plu=78017014','',2,'2013-10-15'),(78112,'UPDATE mae_productos SET pro_precio_compra_bruto=868.7,pro_margen_actual=(pro_precio_venta-868.7)/868.7 * 100,pro_ultima_compra=@@@2013.10.15@@@,pro_ultimo_proveedor=@@@76041579-0@@@ WHERE pro_codigo_plu=762542','',2,'2013-10-15'),(78113,'UPDATE mae_productos SET pro_precio_compra_bruto=362.95,pro_margen_actual=(pro_precio_venta-362.95)/362.95 * 100,pro_ultima_compra=@@@2013.10.15@@@,pro_ultimo_proveedor=@@@76041579-0@@@ WHERE pro_codigo_plu=780721724','',2,'2013-10-15'),(78114,'UPDATE mae_productos SET pro_precio_compra_bruto=174.93,pro_margen_actual=(pro_precio_venta-174.93)/174.93 * 100,pro_ultima_compra=@@@2013.10.15@@@,pro_ultimo_proveedor=@@@76041579-0@@@ WHERE pro_codigo_plu=764333','',2,'2013-10-15'),(78115,'UPDATE mae_productos SET pro_precio_compra_bruto=362.95,pro_margen_actual=(pro_precio_venta-362.95)/362.95 * 100,pro_ultima_compra=@@@2013.10.15@@@,pro_ultimo_proveedor=@@@76041579-0@@@ WHERE pro_codigo_plu=780721985','',2,'2013-10-15'),(78116,'UPDATE mae_productos SET pro_precio_compra_bruto=510.51,pro_margen_actual=(pro_precio_venta-510.51)/510.51 * 100,pro_ultima_compra=@@@2013.10.15@@@,pro_ultimo_proveedor=@@@76041579-0@@@ WHERE pro_codigo_plu=763980','',2,'2013-10-15'),(78117,'UPDATE mae_productos SET pro_precio_compra_bruto=227.29,pro_margen_actual=(pro_precio_venta-227.29)/227.29 * 100,pro_ultima_compra=@@@2013.10.15@@@,pro_ultimo_proveedor=@@@76041579-0@@@ WHERE pro_codigo_plu=780721986','',2,'2013-10-15'),(78118,'UPDATE mae_productos SET pro_precio_compra_bruto=346.29,pro_margen_actual=(pro_precio_venta-346.29)/346.29 * 100,pro_ultima_compra=@@@2013.10.15@@@,pro_ultimo_proveedor=@@@76041579-0@@@ WHERE pro_codigo_plu=763047','',2,'2013-10-15'),(78119,'UPDATE mae_productos SET pro_precio_compra_bruto=59.53,pro_margen_actual=(pro_precio_venta-59.53)/59.53 * 100,pro_ultima_compra=@@@2013.10.15@@@,pro_ultimo_proveedor=@@@76041579-0@@@ WHERE pro_codigo_plu=15929','',2,'2013-10-15'),(78120,'UPDATE mae_productos SET pro_precio_compra_bruto=1879,pro_margen_actual=(pro_precio_venta-1879)/1879 * 100,pro_ultima_compra=@@@2013.10.15@@@,pro_ultimo_proveedor=@@@76041579-0@@@ WHERE pro_codigo_plu=780721987','',2,'2013-10-15'),(78121,'UPDATE mae_productos SET pro_precio_compra_bruto=621.23,pro_margen_actual=(pro_precio_venta-621.23)/621.23 * 100,pro_ultima_compra=@@@2013.10.15@@@,pro_ultimo_proveedor=@@@76041579-0@@@ WHERE pro_codigo_plu=80983','',2,'2013-10-15'),(78122,'UPDATE mae_productos SET pro_precio_compra_bruto=621.29,pro_margen_actual=(pro_precio_venta-621.29)/621.29 * 100,pro_ultima_compra=@@@2013.10.15@@@,pro_ultimo_proveedor=@@@76041579-0@@@ WHERE pro_codigo_plu=80432','',2,'2013-10-15'),(78123,'INSERT INTO gne_vale_ferreteria (vfe_id,vfe_fecha,vfe_total,vfe_estado,vfe_entregado,usu_nusuario) VALUES (13918,@@@2013.10.15@@@,650,1,0,@@@G_DIAZ@@@)','',2,'2013-10-15'),(78124,'INSERT INTO gne_vale_ferreteria_mov (vfe_id,pro_codigo_plu,vfm_cantidad,vfm_unitario,vfm_total,vfm_entregado) VALUES (13918,20059,1,650,650,@@@NO@@@)','',2,'2013-10-15'),(78125,'INSERT INTO gne_vale_ferreteria (vfe_id,vfe_fecha,vfe_total,vfe_estado,vfe_entregado,usu_nusuario) VALUES (13919,@@@2013.10.15@@@,390,1,0,@@@G_DIAZ@@@)','',2,'2013-10-15'),(78126,'INSERT INTO gne_vale_ferreteria_mov (vfe_id,pro_codigo_plu,vfm_cantidad,vfm_unitario,vfm_total,vfm_entregado) VALUES (13919,764213,1,390,390,@@@NO@@@)','',2,'2013-10-15'),(78127,'INSERT INTO gne_vale_ferreteria (vfe_id,vfe_fecha,vfe_total,vfe_estado,vfe_entregado,usu_nusuario) VALUES (13920,@@@2013.10.15@@@,130,1,0,@@@G_DIAZ@@@)','',2,'2013-10-15'),(78128,'INSERT INTO gne_vale_ferreteria_mov (vfe_id,pro_codigo_plu,vfm_cantidad,vfm_unitario,vfm_total,vfm_entregado) VALUES (13920,15967,1,130,130,@@@NO@@@)','',2,'2013-10-15'),(78129,'INSERT INTO gne_vale_ferreteria (vfe_id,vfe_fecha,vfe_total,vfe_estado,vfe_entregado,usu_nusuario) VALUES (13921,@@@2013.10.15@@@,120,1,0,@@@G_DIAZ@@@)','',2,'2013-10-15'),(78130,'INSERT INTO gne_vale_ferreteria_mov (vfe_id,pro_codigo_plu,vfm_cantidad,vfm_unitario,vfm_total,vfm_entregado) VALUES (13921,764780,2,60,120,@@@NO@@@)','',2,'2013-10-15'),(78131,'INSERT INTO mae_productos (pro_codigo_plu,pro_codigo_barra,pro_tipo,pro_nombre_producto,pro_nombre_corto,med_id,emb_id,pro_unidades_embalaje,dep_id,lin_id,mar_id,pro_precio_compra_neto,pro_precio_compra_bruto,pro_precio_venta,pro_margen_actual,pro_oferta,pro_fecha_inicio_oferta,pro_fecha_termino_oferta,pro_precio_oferta,pro_stock_minimo,pro_stock_critico,pro_entradas_bodega,pro_salidas_bodega,pro_mermas_bodega,pro_ajustes_bodega,pro_entradas_sv,pro_salidas_sv,pro_mermas_sv,pro_ajustes_sv,pro_activo,rec_numero,pro_unidad,pro_capacidad,pro_consumo_bodega,pro_consumo_sv,pro_estado,pro_funcion_plu,pro_flejes,pro_iva,pro_plu_asociado,pro_envase,pro_duracion,pro_numero_etiqueta) VALUES (721988,@@@721988@@@,@@@0@@@,@@@COLLAR ACERO QUIRURJICO VARIEDAD DISEÑOS@@@,@@@COLLAR ACERO QUI@@@,@@@1 @@@,@@@6 @@@,@@@5@@@,@@@24 @@@,@@@207@@@,@@@2507@@@,@@@0@@@,@@@1@@@,@@@2990@@@,@@@298900@@@,@@@@@@,@@@2013.10.15@@@,@@@2013.10.15@@@,@@@0@@@,@@@5@@@,@@@2@@@,@@@0@@@,@@@0@@@,@@@0@@@,@@@0@@@,@@@0@@@,@@@0@@@,@@@0@@@,@@@0@@@,@@@1@@@,@@@0@@@,0,1,0,0,2,0,1,1,0,@@@NO@@@,0,0)','',2,'2013-10-15'),(78132,'DELETE FROM mae_impuestos_productos WHERE pro_codigo_plu=@@@721988@@@','',2,'2013-10-15'),(78133,'INSERT INTO gne_vale_ferreteria (vfe_id,vfe_fecha,vfe_total,vfe_estado,vfe_entregado,usu_nusuario) VALUES (13922,@@@2013.10.15@@@,490,1,0,@@@G_DIAZ@@@)','',2,'2013-10-15'),(78134,'INSERT INTO gne_vale_ferreteria_mov (vfe_id,pro_codigo_plu,vfm_cantidad,vfm_unitario,vfm_total,vfm_entregado) VALUES (13922,1538,1,490,490,@@@NO@@@)','',2,'2013-10-15'),(78135,'INSERT INTO gne_vale_ferreteria (vfe_id,vfe_fecha,vfe_total,vfe_estado,vfe_entregado,usu_nusuario) VALUES (13923,@@@2013.10.15@@@,260,1,0,@@@G_DIAZ@@@)','',2,'2013-10-15'),(78136,'INSERT INTO gne_vale_ferreteria_mov (vfe_id,pro_codigo_plu,vfm_cantidad,vfm_unitario,vfm_total,vfm_entregado) VALUES (13923,15929,2,130,260,@@@NO@@@)','',2,'2013-10-15'),(78137,'INSERT INTO gne_vale_ferreteria (vfe_id,vfe_fecha,vfe_total,vfe_estado,vfe_entregado,usu_nusuario) VALUES (13924,@@@2013.10.15@@@,360,1,0,@@@G_DIAZ@@@)','',2,'2013-10-15'),(78138,'INSERT INTO gne_vale_ferreteria_mov (vfe_id,pro_codigo_plu,vfm_cantidad,vfm_unitario,vfm_total,vfm_entregado) VALUES (13924,78017026,4,90,360,@@@NO@@@)','',2,'2013-10-15'),(78139,'INSERT INTO gne_vale_ferreteria (vfe_id,vfe_fecha,vfe_total,vfe_estado,vfe_entregado,usu_nusuario) VALUES (13925,@@@2013.10.15@@@,600,1,0,@@@G_DIAZ@@@)','',2,'2013-10-15'),(78140,'INSERT INTO gne_vale_ferreteria_mov (vfe_id,pro_codigo_plu,vfm_cantidad,vfm_unitario,vfm_total,vfm_entregado) VALUES (13925,18113,3,200,600,@@@NO@@@)','',2,'2013-10-15'),(78141,'INSERT INTO gne_vale_ferreteria (vfe_id,vfe_fecha,vfe_total,vfe_estado,vfe_entregado,usu_nusuario) VALUES (13926,@@@2013.10.15@@@,150,1,0,@@@G_DIAZ@@@)','',2,'2013-10-15'),(78142,'INSERT INTO gne_vale_ferreteria_mov (vfe_id,pro_codigo_plu,vfm_cantidad,vfm_unitario,vfm_total,vfm_entregado) VALUES (13926,780721187,1,150,150,@@@NO@@@)','',2,'2013-10-15'),(78143,'INSERT INTO gne_vale_ferreteria (vfe_id,vfe_fecha,vfe_total,vfe_estado,vfe_entregado,usu_nusuario) VALUES (13927,@@@2013.10.15@@@,890,1,0,@@@G_DIAZ@@@)','',2,'2013-10-15'),(78144,'INSERT INTO gne_vale_ferreteria_mov (vfe_id,pro_codigo_plu,vfm_cantidad,vfm_unitario,vfm_total,vfm_entregado) VALUES (13927,2014,1,890,890,@@@NO@@@)','',2,'2013-10-15'),(78145,'INSERT INTO gne_vale_ferreteria (vfe_id,vfe_fecha,vfe_total,vfe_estado,vfe_entregado,usu_nusuario) VALUES (13928,@@@2013.10.15@@@,770,1,0,@@@G_DIAZ@@@)','',2,'2013-10-15'),(78146,'INSERT INTO gne_vale_ferreteria_mov (vfe_id,pro_codigo_plu,vfm_cantidad,vfm_unitario,vfm_total,vfm_entregado) VALUES (13928,780721281,1,180,180,@@@NO@@@)','',2,'2013-10-15'),(78147,'INSERT INTO gne_vale_ferreteria_mov (vfe_id,pro_codigo_plu,vfm_cantidad,vfm_unitario,vfm_total,vfm_entregado) VALUES (13928,764287,1,590,590,@@@NO@@@)','',2,'2013-10-15'),(78148,'INSERT INTO gne_vale_ferreteria (vfe_id,vfe_fecha,vfe_total,vfe_estado,vfe_entregado,usu_nusuario) VALUES (13929,@@@2013.10.15@@@,650,1,0,@@@G_DIAZ@@@)','',2,'2013-10-15'),(78149,'INSERT INTO gne_vale_ferreteria_mov (vfe_id,pro_codigo_plu,vfm_cantidad,vfm_unitario,vfm_total,vfm_entregado) VALUES (13929,763582,1,650,650,@@@NO@@@)','',2,'2013-10-15'),(78150,'INSERT INTO gne_vale_ferreteria (vfe_id,vfe_fecha,vfe_total,vfe_estado,vfe_entregado,usu_nusuario) VALUES (13930,@@@2013.10.15@@@,1990,1,0,@@@G_DIAZ@@@)','',2,'2013-10-15'),(78151,'INSERT INTO gne_vale_ferreteria_mov (vfe_id,pro_codigo_plu,vfm_cantidad,vfm_unitario,vfm_total,vfm_entregado) VALUES (13930,20998,1,1990,1990,@@@NO@@@)','',2,'2013-10-15'),(78152,'INSERT INTO gne_vale_ferreteria (vfe_id,vfe_fecha,vfe_total,vfe_estado,vfe_entregado,usu_nusuario) VALUES (13931,@@@2013.10.15@@@,1990,1,0,@@@G_DIAZ@@@)','',2,'2013-10-15'),(78153,'INSERT INTO gne_vale_ferreteria_mov (vfe_id,pro_codigo_plu,vfm_cantidad,vfm_unitario,vfm_total,vfm_entregado) VALUES (13931,102727,1,1990,1990,@@@NO@@@)','',2,'2013-10-15'),(78154,'INSERT INTO gne_vale_ferreteria (vfe_id,vfe_fecha,vfe_total,vfe_estado,vfe_entregado,usu_nusuario) VALUES (13932,@@@2013.10.15@@@,850,1,0,@@@G_DIAZ@@@)','',2,'2013-10-15'),(78155,'INSERT INTO gne_vale_ferreteria_mov (vfe_id,pro_codigo_plu,vfm_cantidad,vfm_unitario,vfm_total,vfm_entregado) VALUES (13932,780721666,1,650,650,@@@NO@@@)','',2,'2013-10-15'),(78156,'INSERT INTO gne_vale_ferreteria_mov (vfe_id,pro_codigo_plu,vfm_cantidad,vfm_unitario,vfm_total,vfm_entregado) VALUES (13932,4130,2,100,200,@@@NO@@@)','',2,'2013-10-15'),(78157,'INSERT INTO mae_productos (pro_codigo_plu,pro_codigo_barra,pro_tipo,pro_nombre_producto,pro_nombre_corto,med_id,emb_id,pro_unidades_embalaje,dep_id,lin_id,mar_id,pro_precio_compra_neto,pro_precio_compra_bruto,pro_precio_venta,pro_margen_actual,pro_oferta,pro_fecha_inicio_oferta,pro_fecha_termino_oferta,pro_precio_oferta,pro_stock_minimo,pro_stock_critico,pro_entradas_bodega,pro_salidas_bodega,pro_mermas_bodega,pro_ajustes_bodega,pro_entradas_sv,pro_salidas_sv,pro_mermas_sv,pro_ajustes_sv,pro_activo,rec_numero,pro_unidad,pro_capacidad,pro_consumo_bodega,pro_consumo_sv,pro_estado,pro_funcion_plu,pro_flejes,pro_iva,pro_plu_asociado,pro_envase,pro_duracion,pro_numero_etiqueta) VALUES (780721988,@@@7802575261106@@@,@@@0@@@,@@@FLAN CARICIA LUCUMA 40G@@@,@@@FLAN CARICIA LUC@@@,@@@5 @@@,@@@6 @@@,@@@1@@@,@@@1 @@@,@@@17@@@,@@@2507@@@,@@@0@@@,@@@268.2@@@,@@@1@@@,@@@-99.63@@@,@@@@@@,@@@2006.09.07@@@,@@@2006.09.07@@@,@@@0@@@,@@@6@@@,@@@3@@@,@@@0@@@,@@@0@@@,@@@0@@@,@@@0@@@,@@@0@@@,@@@0@@@,@@@0@@@,@@@0@@@,@@@1@@@,@@@0@@@,0,40,0,0,2,0,1,1,0,@@@NO@@@,0,0)','',2,'2013-10-15'),(78158,'DELETE FROM mae_impuestos_productos WHERE pro_codigo_plu=@@@780721988@@@','',2,'2013-10-15'),(78159,'INSERT INTO gne_vale_ferreteria (vfe_id,vfe_fecha,vfe_total,vfe_estado,vfe_entregado,usu_nusuario) VALUES (13933,@@@2013.10.15@@@,400,1,0,@@@G_DIAZ@@@)','',2,'2013-10-15'),(78160,'INSERT INTO gne_vale_ferreteria_mov (vfe_id,pro_codigo_plu,vfm_cantidad,vfm_unitario,vfm_total,vfm_entregado) VALUES (13933,764560,4,100,400,@@@NO@@@)','',2,'2013-10-15'),(78161,'INSERT INTO gne_vale_ferreteria (vfe_id,vfe_fecha,vfe_total,vfe_estado,vfe_entregado,usu_nusuario) VALUES (13934,@@@2013.10.15@@@,400,1,0,@@@G_DIAZ@@@)','',2,'2013-10-15'),(78162,'INSERT INTO gne_vale_ferreteria_mov (vfe_id,pro_codigo_plu,vfm_cantidad,vfm_unitario,vfm_total,vfm_entregado) VALUES (13934,7051,4,100,400,@@@NO@@@)','',2,'2013-10-15'),(78163,'INSERT INTO mae_productos (pro_codigo_plu,pro_codigo_barra,pro_tipo,pro_nombre_producto,pro_nombre_corto,med_id,emb_id,pro_unidades_embalaje,dep_id,lin_id,mar_id,pro_precio_compra_neto,pro_precio_compra_bruto,pro_precio_venta,pro_margen_actual,pro_oferta,pro_fecha_inicio_oferta,pro_fecha_termino_oferta,pro_precio_oferta,pro_stock_minimo,pro_stock_critico,pro_entradas_bodega,pro_salidas_bodega,pro_mermas_bodega,pro_ajustes_bodega,pro_entradas_sv,pro_salidas_sv,pro_mermas_sv,pro_ajustes_sv,pro_activo,rec_numero,pro_unidad,pro_capacidad,pro_consumo_bodega,pro_consumo_sv,pro_estado,pro_funcion_plu,pro_flejes,pro_iva,pro_plu_asociado,pro_envase,pro_duracion,pro_numero_etiqueta) VALUES (780721989,@@@7802575261083@@@,@@@0@@@,@@@FLAN CARICIA VAINILLA 40 G@@@,@@@FLAN CARICIA VAI@@@,@@@5 @@@,@@@6 @@@,@@@12@@@,@@@1 @@@,@@@17@@@,@@@1622@@@,@@@0@@@,@@@268.2@@@,@@@1@@@,@@@-99.63@@@,@@@@@@,@@@2006.09.07@@@,@@@2006.09.07@@@,@@@0@@@,@@@6@@@,@@@3@@@,@@@0@@@,@@@0@@@,@@@0@@@,@@@0@@@,@@@0@@@,@@@0@@@,@@@0@@@,@@@0@@@,@@@1@@@,@@@0@@@,0,40,0,0,2,0,1,1,0,@@@NO@@@,0,0)','',2,'2013-10-15'),(78164,'DELETE FROM mae_impuestos_productos WHERE pro_codigo_plu=@@@780721989@@@','',2,'2013-10-15'),(78165,'INSERT INTO gne_vale_ferreteria (vfe_id,vfe_fecha,vfe_total,vfe_estado,vfe_entregado,usu_nusuario) VALUES (13935,@@@2013.10.15@@@,3980,1,0,@@@G_DIAZ@@@)','',2,'2013-10-15'),(78166,'INSERT INTO gne_vale_ferreteria_mov (vfe_id,pro_codigo_plu,vfm_cantidad,vfm_unitario,vfm_total,vfm_entregado) VALUES (13935,764652,1,1990,1990,@@@NO@@@)','',2,'2013-10-15'),(78167,'INSERT INTO gne_vale_ferreteria_mov (vfe_id,pro_codigo_plu,vfm_cantidad,vfm_unitario,vfm_total,vfm_entregado) VALUES (13935,764482,1,1990,1990,@@@NO@@@)','',2,'2013-10-15'),(78168,'UPDATE mae_productos SET pro_margen_actual=35,pro_precio_venta=490 WHERE pro_codigo_plu=780721724','',2,'2013-10-15'),(78169,'UPDATE mae_productos SET pro_margen_actual=-99.72,pro_precio_venta=1 WHERE pro_codigo_plu=808181','',2,'2013-10-15'),(78170,'UPDATE mae_productos SET pro_margen_actual=298900,pro_precio_venta=2990 WHERE pro_codigo_plu=721988','',2,'2013-10-15'),(78171,'UPDATE mae_productos SET pro_margen_actual=-99.63,pro_precio_venta=1 WHERE pro_codigo_plu=780721988','',2,'2013-10-15'),(78172,'UPDATE mae_productos SET pro_margen_actual=-99.63,pro_precio_venta=1 WHERE pro_codigo_plu=780721989','',2,'2013-10-15'),(78173,'UPDATE mae_productos SET pro_margen_actual=-99.98,pro_precio_venta=1 WHERE pro_codigo_plu=780721984','',2,'2013-10-15'),(78174,'UPDATE mae_productos SET pro_margen_actual=-99.56,pro_precio_venta=1 WHERE pro_codigo_plu=780721986','',2,'2013-10-15'),(78175,'UPDATE mae_productos SET pro_margen_actual=-99.84,pro_precio_venta=1 WHERE pro_codigo_plu=80432','',2,'2013-10-15'),(78176,'UPDATE mae_productos SET pro_margen_actual=-99.84,pro_precio_venta=1 WHERE pro_codigo_plu=80983','',2,'2013-10-15'),(78177,'UPDATE mae_productos SET pro_margen_actual=-99.95,pro_precio_venta=1 WHERE pro_codigo_plu=780721987','',2,'2013-10-15'),(78178,'UPDATE mae_productos SET pro_margen_actual=-99.72,pro_precio_venta=1 WHERE pro_codigo_plu=780721985','',2,'2013-10-15'),(78179,'UPDATE mae_productos SET pro_margen_actual=20.31,pro_precio_venta=1990 WHERE pro_codigo_plu=353','',2,'2013-10-15'),(78180,'UPDATE mae_productos SET pro_margen_actual=53.86,pro_precio_venta=1950 WHERE pro_codigo_plu=355','',2,'2013-10-15'),(78181,'UPDATE mae_productos SET pro_margen_actual=53.86,pro_precio_venta=1950 WHERE pro_codigo_plu=355','',2,'2013-10-15'),(78182,'INSERT INTO gne_vale_ferreteria (vfe_id,vfe_fecha,vfe_total,vfe_estado,vfe_entregado,usu_nusuario) VALUES (13936,@@@2013.10.15@@@,1500,1,0,@@@G_DIAZ@@@)','',2,'2013-10-15'),(78183,'INSERT INTO gne_vale_ferreteria_mov (vfe_id,pro_codigo_plu,vfm_cantidad,vfm_unitario,vfm_total,vfm_entregado) VALUES (13936,78017153,50,30,1500,@@@NO@@@)','',2,'2013-10-15'),(78184,'INSERT INTO mae_productos (pro_codigo_plu,pro_codigo_barra,pro_tipo,pro_nombre_producto,pro_nombre_corto,med_id,emb_id,pro_unidades_embalaje,dep_id,lin_id,mar_id,pro_precio_compra_neto,pro_precio_compra_bruto,pro_precio_venta,pro_margen_actual,pro_oferta,pro_fecha_inicio_oferta,pro_fecha_termino_oferta,pro_precio_oferta,pro_stock_minimo,pro_stock_critico,pro_entradas_bodega,pro_salidas_bodega,pro_mermas_bodega,pro_ajustes_bodega,pro_entradas_sv,pro_salidas_sv,pro_mermas_sv,pro_ajustes_sv,pro_activo,rec_numero,pro_unidad,pro_capacidad,pro_consumo_bodega,pro_consumo_sv,pro_estado,pro_funcion_plu,pro_flejes,pro_iva,pro_plu_asociado,pro_envase,pro_duracion,pro_numero_etiqueta) VALUES (780721990,@@@7805000166076@@@,@@@0@@@,@@@LAVALOZAS QUIX SACHET 75 ML@@@,@@@LAVALOZAS QUIX S@@@,@@@7 @@@,@@@6 @@@,@@@20@@@,@@@2 @@@,@@@36@@@,@@@1433@@@,@@@0@@@,@@@176.2@@@,@@@1@@@,@@@-99.43@@@,@@@@@@,@@@2006.09.07@@@,@@@2006.09.07@@@,@@@0@@@,@@@50@@@,@@@20@@@,@@@0@@@,@@@0@@@,@@@0@@@,@@@0@@@,@@@0@@@,@@@0@@@,@@@0@@@,@@@0@@@,@@@1@@@,@@@0@@@,0,75,0,0,2,0,1,1,0,@@@NO@@@,0,0)','',2,'2013-10-15'),(78185,'DELETE FROM mae_impuestos_productos WHERE pro_codigo_plu=@@@780721990@@@','',2,'2013-10-15'),(78186,'INSERT INTO gne_vale_ferreteria (vfe_id,vfe_fecha,vfe_total,vfe_estado,vfe_entregado,usu_nusuario) VALUES (13937,@@@2013.10.15@@@,590,1,0,@@@G_DIAZ@@@)','',2,'2013-10-15'),(78187,'INSERT INTO gne_vale_ferreteria_mov (vfe_id,pro_codigo_plu,vfm_cantidad,vfm_unitario,vfm_total,vfm_entregado) VALUES (13937,770001,1,80,80,@@@NO@@@)','',2,'2013-10-15'),(78188,'INSERT INTO gne_vale_ferreteria_mov (vfe_id,pro_codigo_plu,vfm_cantidad,vfm_unitario,vfm_total,vfm_entregado) VALUES (13937,770003,2,10,20,@@@NO@@@)','',2,'2013-10-15'),(78189,'INSERT INTO gne_vale_ferreteria_mov (vfe_id,pro_codigo_plu,vfm_cantidad,vfm_unitario,vfm_total,vfm_entregado) VALUES (13937,780220183,1,490,490,@@@NO@@@)','',2,'2013-10-15'),(78190,'INSERT INTO gne_vale_ferreteria (vfe_id,vfe_fecha,vfe_total,vfe_estado,vfe_entregado,usu_nusuario) VALUES (13938,@@@2013.10.15@@@,1990,1,0,@@@G_DIAZ@@@)','',2,'2013-10-15'),(78191,'INSERT INTO gne_vale_ferreteria_mov (vfe_id,pro_codigo_plu,vfm_cantidad,vfm_unitario,vfm_total,vfm_entregado) VALUES (13938,764752,1,1990,1990,@@@NO@@@)','',2,'2013-10-15'),(78192,'UPDATE mae_productos SET pro_precio_compra_bruto=365.4,pro_margen_actual=(pro_precio_venta-365.4)/365.4 * 100,pro_ultima_compra=@@@2013.10.15@@@,pro_ultimo_proveedor=@@@78809560-0@@@ WHERE pro_codigo_plu=10279','',2,'2013-10-15'),(78193,'UPDATE mae_productos SET pro_precio_compra_bruto=461.1,pro_margen_actual=(pro_precio_venta-461.1)/461.1 * 100,pro_ultima_compra=@@@2013.10.15@@@,pro_ultimo_proveedor=@@@78809560-0@@@ WHERE pro_codigo_plu=10281','',2,'2013-10-15'),(78194,'UPDATE mae_productos SET pro_precio_compra_bruto=176.2,pro_margen_actual=(pro_precio_venta-176.2)/176.2 * 100,pro_ultima_compra=@@@2013.10.15@@@,pro_ultimo_proveedor=@@@78809560-0@@@ WHERE pro_codigo_plu=780721990','',2,'2013-10-15'),(78195,'UPDATE mae_productos SET pro_precio_compra_bruto=1997.3,pro_margen_actual=(pro_precio_venta-1997.3)/1997.3 * 100,pro_ultima_compra=@@@2013.10.15@@@,pro_ultimo_proveedor=@@@78809560-0@@@ WHERE pro_codigo_plu=17535','',2,'2013-10-15'),(78196,'UPDATE mae_productos SET pro_precio_compra_bruto=2298.1,pro_margen_actual=(pro_precio_venta-2298.1)/2298.1 * 100,pro_ultima_compra=@@@2013.10.15@@@,pro_ultimo_proveedor=@@@78809560-0@@@ WHERE pro_codigo_plu=17516','',2,'2013-10-15'),(78197,'UPDATE mae_productos SET pro_precio_compra_bruto=2337.6,pro_margen_actual=(pro_precio_venta-2337.6)/2337.6 * 100,pro_ultima_compra=@@@2013.10.15@@@,pro_ultimo_proveedor=@@@78809560-0@@@ WHERE pro_codigo_plu=17530','',2,'2013-10-15'),(78198,'UPDATE mae_productos SET pro_precio_compra_bruto=1932.9,pro_margen_actual=(pro_precio_venta-1932.9)/1932.9 * 100,pro_ultima_compra=@@@2013.10.15@@@,pro_ultimo_proveedor=@@@78809560-0@@@ WHERE pro_codigo_plu=17528','',2,'2013-10-15'),(78199,'UPDATE mae_productos SET pro_precio_compra_bruto=1998.8,pro_margen_actual=(pro_precio_venta-1998.8)/1998.8 * 100,pro_ultima_compra=@@@2013.10.15@@@,pro_ultimo_proveedor=@@@78809560-0@@@ WHERE pro_codigo_plu=780721062','',2,'2013-10-15'),(78200,'UPDATE mae_productos SET pro_precio_compra_bruto=457.8,pro_margen_actual=(pro_precio_venta-457.8)/457.8 * 100,pro_ultima_compra=@@@2013.10.15@@@,pro_ultimo_proveedor=@@@78809560-0@@@ WHERE pro_codigo_plu=10554','',2,'2013-10-15'),(78201,'UPDATE mae_productos SET pro_precio_compra_bruto=577,pro_margen_actual=(pro_precio_venta-577)/577 * 100,pro_ultima_compra=@@@2013.10.15@@@,pro_ultimo_proveedor=@@@78809560-0@@@ WHERE pro_codigo_plu=11507','',2,'2013-10-15'),(78202,'UPDATE mae_productos SET pro_precio_compra_bruto=617.2,pro_margen_actual=(pro_precio_venta-617.2)/617.2 * 100,pro_ultima_compra=@@@2013.10.15@@@,pro_ultimo_proveedor=@@@78809560-0@@@ WHERE pro_codigo_plu=762530','',2,'2013-10-15'),(78203,'UPDATE mae_productos SET pro_precio_compra_bruto=268.2,pro_margen_actual=(pro_precio_venta-268.2)/268.2 * 100,pro_ultima_compra=@@@2013.10.15@@@,pro_ultimo_proveedor=@@@78809560-0@@@ WHERE pro_codigo_plu=763477','',2,'2013-10-15'),(78204,'UPDATE mae_productos SET pro_precio_compra_bruto=268.2,pro_margen_actual=(pro_precio_venta-268.2)/268.2 * 100,pro_ultima_compra=@@@2013.10.15@@@,pro_ultimo_proveedor=@@@78809560-0@@@ WHERE pro_codigo_plu=763476','',2,'2013-10-15'),(78205,'UPDATE mae_productos SET pro_precio_compra_bruto=268.2,pro_margen_actual=(pro_precio_venta-268.2)/268.2 * 100,pro_ultima_compra=@@@2013.10.15@@@,pro_ultimo_proveedor=@@@78809560-0@@@ WHERE pro_codigo_plu=780721988','',2,'2013-10-15'),(78206,'UPDATE mae_productos SET pro_precio_compra_bruto=268.2,pro_margen_actual=(pro_precio_venta-268.2)/268.2 * 100,pro_ultima_compra=@@@2013.10.15@@@,pro_ultimo_proveedor=@@@78809560-0@@@ WHERE pro_codigo_plu=780721989','',2,'2013-10-15'),(78207,'UPDATE mae_productos SET pro_precio_compra_bruto=277.9,pro_margen_actual=(pro_precio_venta-277.9)/277.9 * 100,pro_ultima_compra=@@@2013.10.15@@@,pro_ultimo_proveedor=@@@78809560-0@@@ WHERE pro_codigo_plu=762613','',2,'2013-10-15'),(78208,'UPDATE mae_productos SET pro_precio_compra_bruto=277.9,pro_margen_actual=(pro_precio_venta-277.9)/277.9 * 100,pro_ultima_compra=@@@2013.10.15@@@,pro_ultimo_proveedor=@@@78809560-0@@@ WHERE pro_codigo_plu=762851','',2,'2013-10-15'),(78209,'UPDATE mae_productos SET pro_precio_compra_bruto=277.9,pro_margen_actual=(pro_precio_venta-277.9)/277.9 * 100,pro_ultima_compra=@@@2013.10.15@@@,pro_ultimo_proveedor=@@@78809560-0@@@ WHERE pro_codigo_plu=762614','',2,'2013-10-15'),(78210,'UPDATE mae_productos SET pro_precio_compra_bruto=277.9,pro_margen_actual=(pro_precio_venta-277.9)/277.9 * 100,pro_ultima_compra=@@@2013.10.15@@@,pro_ultimo_proveedor=@@@78809560-0@@@ WHERE pro_codigo_plu=762850','',2,'2013-10-15'),(78211,'UPDATE mae_productos SET pro_precio_compra_bruto=2967.7,pro_margen_actual=(pro_precio_venta-2967.7)/2967.7 * 100,pro_ultima_compra=@@@2013.10.15@@@,pro_ultimo_proveedor=@@@78809560-0@@@ WHERE pro_codigo_plu=763387','',2,'2013-10-15'),(78212,'INSERT INTO gne_vale_ferreteria (vfe_id,vfe_fecha,vfe_total,vfe_estado,vfe_entregado,usu_nusuario) VALUES (13939,@@@2013.10.15@@@,490,1,0,@@@G_DIAZ@@@)','',2,'2013-10-15'),(78213,'INSERT INTO gne_vale_ferreteria_mov (vfe_id,pro_codigo_plu,vfm_cantidad,vfm_unitario,vfm_total,vfm_entregado) VALUES (13939,764506,1,490,490,@@@NO@@@)','',2,'2013-10-15'),(78214,'INSERT INTO gne_vale_ferreteria (vfe_id,vfe_fecha,vfe_total,vfe_estado,vfe_entregado,usu_nusuario) VALUES (13940,@@@2013.10.15@@@,370,1,0,@@@G_DIAZ@@@)','',2,'2013-10-15'),(78215,'INSERT INTO gne_vale_ferreteria_mov (vfe_id,pro_codigo_plu,vfm_cantidad,vfm_unitario,vfm_total,vfm_entregado) VALUES (13940,1064,1,120,120,@@@NO@@@)','',2,'2013-10-15'),(78216,'INSERT INTO gne_vale_ferreteria_mov (vfe_id,pro_codigo_plu,vfm_cantidad,vfm_unitario,vfm_total,vfm_entregado) VALUES (13940,78017204,1,120,120,@@@NO@@@)','',2,'2013-10-15'),(78217,'INSERT INTO gne_vale_ferreteria_mov (vfe_id,pro_codigo_plu,vfm_cantidad,vfm_unitario,vfm_total,vfm_entregado) VALUES (13940,764128,1,130,130,@@@NO@@@)','',2,'2013-10-15'),(78218,'INSERT INTO gne_vale_ferreteria (vfe_id,vfe_fecha,vfe_total,vfe_estado,vfe_entregado,usu_nusuario) VALUES (13941,@@@2013.10.15@@@,1290,1,0,@@@G_DIAZ@@@)','',2,'2013-10-15'),(78219,'INSERT INTO gne_vale_ferreteria_mov (vfe_id,pro_codigo_plu,vfm_cantidad,vfm_unitario,vfm_total,vfm_entregado) VALUES (13941,764748,1,1290,1290,@@@NO@@@)','',2,'2013-10-15'),(78220,'INSERT INTO mae_productos (pro_codigo_plu,pro_codigo_barra,pro_tipo,pro_nombre_producto,pro_nombre_corto,med_id,emb_id,pro_unidades_embalaje,dep_id,lin_id,mar_id,pro_precio_compra_neto,pro_precio_compra_bruto,pro_precio_venta,pro_margen_actual,pro_oferta,pro_fecha_inicio_oferta,pro_fecha_termino_oferta,pro_precio_oferta,pro_stock_minimo,pro_stock_critico,pro_entradas_bodega,pro_salidas_bodega,pro_mermas_bodega,pro_ajustes_bodega,pro_entradas_sv,pro_salidas_sv,pro_mermas_sv,pro_ajustes_sv,pro_activo,rec_numero,pro_unidad,pro_capacidad,pro_consumo_bodega,pro_consumo_sv,pro_estado,pro_funcion_plu,pro_flejes,pro_iva,pro_plu_asociado,pro_envase,pro_duracion,pro_numero_etiqueta) VALUES (780721991,@@@7802408061040@@@,@@@0@@@,@@@CASSATA PIÑA FRUNA 1L@@@,@@@CASSATA PIÑA FRU@@@,@@@3 @@@,@@@6 @@@,@@@4@@@,@@@20 @@@,@@@109@@@,@@@2508@@@,@@@0@@@,@@@519@@@,@@@1@@@,@@@-99.81@@@,@@@@@@,@@@2006.09.07@@@,@@@2006.09.07@@@,@@@0@@@,@@@20@@@,@@@10@@@,@@@0@@@,@@@0@@@,@@@0@@@,@@@0@@@,@@@0@@@,@@@0@@@,@@@0@@@,@@@0@@@,@@@1@@@,@@@0@@@,0,1,0,0,2,0,1,1,0,@@@NO@@@,0,0)','',2,'2013-10-15'),(78221,'DELETE FROM mae_impuestos_productos WHERE pro_codigo_plu=@@@780721991@@@','',2,'2013-10-15'),(78222,'UPDATE mae_productos SET pro_precio_venta=120,pro_margen_actual= 122.12 WHERE pro_codigo_plu=78017006','',2,'2013-10-15'),(78223,'UPDATE mae_productos SET pro_precio_venta=6490,pro_margen_actual= 51.87 WHERE pro_codigo_plu=780721984','',2,'2013-10-15'),(78224,'UPDATE mae_productos SET pro_precio_venta=350,pro_margen_actual= 53.99 WHERE pro_codigo_plu=780721986','',2,'2013-10-15'),(78225,'UPDATE mae_productos SET pro_precio_venta=550,pro_margen_actual= 51.54 WHERE pro_codigo_plu=780721724','',2,'2013-10-15'),(78226,'UPDATE mae_productos SET pro_precio_venta=450,pro_margen_actual= 29.95 WHERE pro_codigo_plu=763047','',2,'2013-10-15'),(78227,'UPDATE mae_productos SET pro_precio_venta=550,pro_margen_actual= 51.54 WHERE pro_codigo_plu=780721985','',2,'2013-10-15'),(78228,'UPDATE mae_productos SET pro_precio_venta=2890,pro_margen_actual= 53.81 WHERE pro_codigo_plu=780721987','',2,'2013-10-15'),(78229,'UPDATE mae_productos SET pro_precio_venta=890,pro_margen_actual= 43.25 WHERE pro_codigo_plu=80432','',2,'2013-10-15'),(78230,'UPDATE mae_productos SET pro_precio_venta=890,pro_margen_actual= 43.26 WHERE pro_codigo_plu=80983','',2,'2013-10-15'),(78231,'UPDATE mae_productos SET pro_precio_venta=6490,pro_margen_actual= 42.25 WHERE pro_codigo_plu=764554','',2,'2013-10-15'),(78232,'UPDATE mae_productos SET pro_precio_venta=480,pro_margen_actual= 31.36 WHERE pro_codigo_plu=10279','',2,'2013-10-15'),(78233,'UPDATE mae_productos SET pro_precio_venta=599,pro_margen_actual= 29.91 WHERE pro_codigo_plu=10281','',2,'2013-10-15'),(78234,'UPDATE mae_productos SET pro_precio_venta=250,pro_margen_actual= 41.88 WHERE pro_codigo_plu=780721990','',2,'2013-10-15'),(78235,'UPDATE mae_productos SET pro_precio_venta=2690,pro_margen_actual= 34.58 WHERE pro_codigo_plu=780721062','',2,'2013-10-15'),(78236,'UPDATE mae_productos SET pro_precio_venta=3100,pro_margen_actual= 32.61 WHERE pro_codigo_plu=17530','',2,'2013-10-15'),(78237,'UPDATE mae_productos SET pro_precio_venta=2990,pro_margen_actual= 30.11 WHERE pro_codigo_plu=17516','',2,'2013-10-15'),(78238,'UPDATE mae_productos SET pro_precio_venta=350,pro_margen_actual= 30.5 WHERE pro_codigo_plu=780721989','',2,'2013-10-15'),(78239,'UPDATE mae_productos SET pro_precio_venta=350,pro_margen_actual= 30.5 WHERE pro_codigo_plu=780721988','',2,'2013-10-15'),(78240,'UPDATE mae_productos SET pro_precio_venta=365,pro_margen_actual= 31.34 WHERE pro_codigo_plu=762851','',2,'2013-10-15'),(78241,'UPDATE mae_productos SET pro_precio_venta=365,pro_margen_actual= 31.34 WHERE pro_codigo_plu=762850','',2,'2013-10-15'),(78242,'UPDATE mae_productos SET pro_precio_venta=365,pro_margen_actual= 31.34 WHERE pro_codigo_plu=762613','',2,'2013-10-15'),(78243,'UPDATE mae_productos SET pro_precio_venta=365,pro_margen_actual= 31.34 WHERE pro_codigo_plu=762614','',2,'2013-10-15'),(78244,'UPDATE mae_productos SET pro_precio_venta=650,pro_margen_actual= 41.98 WHERE pro_codigo_plu=10554','',2,'2013-10-15'),(78245,'UPDATE mae_productos SET pro_precio_venta=799,pro_margen_actual= 29.46 WHERE pro_codigo_plu=762530','',2,'2013-10-15'),(78246,'UPDATE mae_productos SET pro_precio_venta=1820,pro_margen_actual= 31.39 WHERE pro_codigo_plu=10855','',2,'2013-10-15'),(78247,'UPDATE mae_productos SET pro_precio_venta=750,pro_margen_actual= 41.05 WHERE pro_codigo_plu=15014','',2,'2013-10-15'),(78248,'UPDATE mae_productos SET pro_precio_venta=3490,pro_margen_actual= 30.73 WHERE pro_codigo_plu=825','',2,'2013-10-15'),(78249,'UPDATE mae_productos SET pro_precio_fiscal=pro_precio_venta WHERE pro_codigo_plu=78017006','',2,'2013-10-15'),(78250,'UPDATE mae_productos SET pro_precio_fiscal=pro_precio_venta WHERE pro_codigo_plu=780721984','',2,'2013-10-15'),(78251,'UPDATE mae_productos SET pro_precio_fiscal=pro_precio_venta WHERE pro_codigo_plu=721988','',2,'2013-10-15'),(78252,'UPDATE mae_productos SET pro_precio_fiscal=pro_precio_venta WHERE pro_codigo_plu=780721980','',2,'2013-10-15'),(78253,'UPDATE mae_productos SET pro_precio_fiscal=pro_precio_venta WHERE pro_codigo_plu=780721981','',2,'2013-10-15'),(78254,'UPDATE mae_productos SET pro_precio_fiscal=pro_precio_venta WHERE pro_codigo_plu=780721982','',2,'2013-10-15'),(78255,'UPDATE mae_productos SET pro_precio_fiscal=pro_precio_venta WHERE pro_codigo_plu=780721986','',2,'2013-10-15'),(78256,'UPDATE mae_productos SET pro_precio_fiscal=pro_precio_venta WHERE pro_codigo_plu=10279','',2,'2013-10-15'),(78257,'UPDATE mae_productos SET pro_precio_fiscal=pro_precio_venta WHERE pro_codigo_plu=10281','',2,'2013-10-15'),(78258,'UPDATE mae_productos SET pro_precio_fiscal=pro_precio_venta WHERE pro_codigo_plu=780721724','',2,'2013-10-15'),(78259,'UPDATE mae_productos SET pro_precio_fiscal=pro_precio_venta WHERE pro_codigo_plu=780721062','',2,'2013-10-15'),(78260,'UPDATE mae_productos SET pro_precio_fiscal=pro_precio_venta WHERE pro_codigo_plu=17530','',2,'2013-10-15'),(78261,'UPDATE mae_productos SET pro_precio_fiscal=pro_precio_venta WHERE pro_codigo_plu=17516','',2,'2013-10-15'),(78262,'UPDATE mae_productos SET pro_precio_fiscal=pro_precio_venta WHERE pro_codigo_plu=780721991','',2,'2013-10-15'),(78263,'UPDATE mae_productos SET pro_precio_fiscal=pro_precio_venta WHERE pro_codigo_plu=780721989','',2,'2013-10-15'),(78264,'UPDATE mae_productos SET pro_precio_fiscal=pro_precio_venta WHERE pro_codigo_plu=780721988','',2,'2013-10-15'),(78265,'UPDATE mae_productos SET pro_precio_fiscal=pro_precio_venta WHERE pro_codigo_plu=762851','',2,'2013-10-15'),(78266,'UPDATE mae_productos SET pro_precio_fiscal=pro_precio_venta WHERE pro_codigo_plu=762850','',2,'2013-10-15'),(78267,'UPDATE mae_productos SET pro_precio_fiscal=pro_precio_venta WHERE pro_codigo_plu=762613','',2,'2013-10-15'),(78268,'UPDATE mae_productos SET pro_precio_fiscal=pro_precio_venta WHERE pro_codigo_plu=762614','',2,'2013-10-15'),(78269,'UPDATE mae_productos SET pro_precio_fiscal=pro_precio_venta WHERE pro_codigo_plu=10855','',2,'2013-10-15'),(78270,'UPDATE mae_productos SET pro_precio_fiscal=pro_precio_venta WHERE pro_codigo_plu=780721990','',2,'2013-10-15'),(78271,'UPDATE mae_productos SET pro_precio_fiscal=pro_precio_venta WHERE pro_codigo_plu=10554','',2,'2013-10-15'),(78272,'UPDATE mae_productos SET pro_precio_fiscal=pro_precio_venta WHERE pro_codigo_plu=763047','',2,'2013-10-15'),(78273,'UPDATE mae_productos SET pro_precio_fiscal=pro_precio_venta WHERE pro_codigo_plu=762530','',2,'2013-10-15'),(78274,'UPDATE mae_productos SET pro_precio_fiscal=pro_precio_venta WHERE pro_codigo_plu=780721985','',2,'2013-10-15'),(78275,'UPDATE mae_productos SET pro_precio_fiscal=pro_precio_venta WHERE pro_codigo_plu=15014','',2,'2013-10-15'),(78276,'UPDATE mae_productos SET pro_precio_fiscal=pro_precio_venta WHERE pro_codigo_plu=780721987','',2,'2013-10-15'),(78277,'UPDATE mae_productos SET pro_precio_fiscal=pro_precio_venta WHERE pro_codigo_plu=80432','',2,'2013-10-15'),(78278,'UPDATE mae_productos SET pro_precio_fiscal=pro_precio_venta WHERE pro_codigo_plu=808181','',2,'2013-10-15'),(78279,'UPDATE mae_productos SET pro_precio_fiscal=pro_precio_venta WHERE pro_codigo_plu=80983','',2,'2013-10-15'),(78280,'UPDATE mae_productos SET pro_precio_fiscal=pro_precio_venta WHERE pro_codigo_plu=825','',2,'2013-10-15'),(78281,'UPDATE mae_productos SET pro_precio_fiscal=pro_precio_venta WHERE pro_codigo_plu=764554','',2,'2013-10-15'),(78282,'INSERT INTO mae_productos (pro_codigo_plu,pro_codigo_barra,pro_tipo,pro_nombre_producto,pro_nombre_corto,med_id,emb_id,pro_unidades_embalaje,dep_id,lin_id,mar_id,pro_precio_compra_neto,pro_precio_compra_bruto,pro_precio_venta,pro_margen_actual,pro_oferta,pro_fecha_inicio_oferta,pro_fecha_termino_oferta,pro_precio_oferta,pro_stock_minimo,pro_stock_critico,pro_entradas_bodega,pro_salidas_bodega,pro_mermas_bodega,pro_ajustes_bodega,pro_entradas_sv,pro_salidas_sv,pro_mermas_sv,pro_ajustes_sv,pro_activo,rec_numero,pro_unidad,pro_capacidad,pro_consumo_bodega,pro_consumo_sv,pro_estado,pro_funcion_plu,pro_flejes,pro_iva,pro_plu_asociado,pro_envase,pro_duracion,pro_numero_etiqueta) VALUES (780721992,@@@7802408001978@@@,@@@0@@@,@@@HELADO CONO TWINGO PASAS AL RON@@@,@@@HELADO CONO TWIN@@@,@@@1 @@@,@@@6 @@@,@@@12@@@,@@@20 @@@,@@@109@@@,@@@2508@@@,@@@0@@@,@@@146@@@,@@@1@@@,@@@-99.32@@@,@@@@@@,@@@2006.09.07@@@,@@@2006.09.07@@@,@@@0@@@,@@@12@@@,@@@6@@@,@@@0@@@,@@@0@@@,@@@0@@@,@@@0@@@,@@@0@@@,@@@0@@@,@@@0@@@,@@@0@@@,@@@1@@@,@@@0@@@,0,1,0,0,2,0,1,1,0,@@@NO@@@,0,0)','',2,'2013-10-15'),(78283,'DELETE FROM mae_impuestos_productos WHERE pro_codigo_plu=@@@780721992@@@','',2,'2013-10-15'),(78284,'INSERT INTO gne_vale_ferreteria (vfe_id,vfe_fecha,vfe_total,vfe_estado,vfe_entregado,usu_nusuario) VALUES (13942,@@@2013.10.15@@@,200,1,0,@@@G_DIAZ@@@)','',2,'2013-10-15'),(78285,'INSERT INTO gne_vale_ferreteria_mov (vfe_id,pro_codigo_plu,vfm_cantidad,vfm_unitario,vfm_total,vfm_entregado) VALUES (13942,764833,20,10,200,@@@NO@@@)','',2,'2013-10-15'),(78286,'INSERT INTO gne_vale_ferreteria (vfe_id,vfe_fecha,vfe_total,vfe_estado,vfe_entregado,usu_nusuario) VALUES (13943,@@@2013.10.15@@@,1080,1,0,@@@G_DIAZ@@@)','',2,'2013-10-15'),(78287,'INSERT INTO gne_vale_ferreteria_mov (vfe_id,pro_codigo_plu,vfm_cantidad,vfm_unitario,vfm_total,vfm_entregado) VALUES (13943,8022,1,120,120,@@@NO@@@)','',2,'2013-10-15'),(78288,'INSERT INTO gne_vale_ferreteria_mov (vfe_id,pro_codigo_plu,vfm_cantidad,vfm_unitario,vfm_total,vfm_entregado) VALUES (13943,763582,1,650,650,@@@NO@@@)','',2,'2013-10-15'),(78289,'INSERT INTO gne_vale_ferreteria_mov (vfe_id,pro_codigo_plu,vfm_cantidad,vfm_unitario,vfm_total,vfm_entregado) VALUES (13943,764780,3,60,180,@@@NO@@@)','',2,'2013-10-15'),(78290,'INSERT INTO gne_vale_ferreteria_mov (vfe_id,pro_codigo_plu,vfm_cantidad,vfm_unitario,vfm_total,vfm_entregado) VALUES (13943,764128,1,130,130,@@@NO@@@)','',2,'2013-10-15'),(78291,'INSERT INTO gne_vale_ferreteria (vfe_id,vfe_fecha,vfe_total,vfe_estado,vfe_entregado,usu_nusuario) VALUES (13944,@@@2013.10.15@@@,490,1,0,@@@G_DIAZ@@@)','',2,'2013-10-15'),(78292,'INSERT INTO gne_vale_ferreteria_mov (vfe_id,pro_codigo_plu,vfm_cantidad,vfm_unitario,vfm_total,vfm_entregado) VALUES (13944,10178,1,490,490,@@@NO@@@)','',2,'2013-10-15'),(78293,'INSERT INTO gne_vale_ferreteria (vfe_id,vfe_fecha,vfe_total,vfe_estado,vfe_entregado,usu_nusuario) VALUES (13945,@@@2013.10.15@@@,100,1,0,@@@G_DIAZ@@@)','',2,'2013-10-15'),(78294,'INSERT INTO gne_vale_ferreteria_mov (vfe_id,pro_codigo_plu,vfm_cantidad,vfm_unitario,vfm_total,vfm_entregado) VALUES (13945,1545,2,50,100,@@@NO@@@)','',2,'2013-10-15'),(78295,'UPDATE mae_productos SET pro_precio_compra_bruto=627,pro_margen_actual=(pro_precio_venta-627)/627 * 100,pro_ultima_compra=@@@2013.10.15@@@,pro_ultimo_proveedor=@@@84156500-2@@@ WHERE pro_codigo_plu=763564','',2,'2013-10-15'),(78296,'UPDATE mae_productos SET pro_precio_compra_bruto=627,pro_margen_actual=(pro_precio_venta-627)/627 * 100,pro_ultima_compra=@@@2013.10.15@@@,pro_ultimo_proveedor=@@@84156500-2@@@ WHERE pro_codigo_plu=780721906','',2,'2013-10-15'),(78297,'UPDATE mae_productos SET pro_precio_compra_bruto=1566,pro_margen_actual=(pro_precio_venta-1566)/1566 * 100,pro_ultima_compra=@@@2013.10.15@@@,pro_ultimo_proveedor=@@@84156500-2@@@ WHERE pro_codigo_plu=780721951','',2,'2013-10-15'),(78298,'UPDATE mae_productos SET pro_precio_compra_bruto=1134,pro_margen_actual=(pro_precio_venta-1134)/1134 * 100,pro_ultima_compra=@@@2013.10.15@@@,pro_ultimo_proveedor=@@@84156500-2@@@ WHERE pro_codigo_plu=780721862','',2,'2013-10-15'),(78299,'UPDATE mae_productos SET pro_precio_compra_bruto=146,pro_margen_actual=(pro_precio_venta-146)/146 * 100,pro_ultima_compra=@@@2013.10.15@@@,pro_ultimo_proveedor=@@@84156500-2@@@ WHERE pro_codigo_plu=780721992','',2,'2013-10-15'),(78300,'UPDATE mae_productos SET pro_precio_compra_bruto=200,pro_margen_actual=(pro_precio_venta-200)/200 * 100,pro_ultima_compra=@@@2013.10.15@@@,pro_ultimo_proveedor=@@@84156500-2@@@ WHERE pro_codigo_plu=780721887','',2,'2013-10-15'),(78301,'UPDATE mae_productos SET pro_precio_compra_bruto=151,pro_margen_actual=(pro_precio_venta-151)/151 * 100,pro_ultima_compra=@@@2013.10.15@@@,pro_ultimo_proveedor=@@@84156500-2@@@ WHERE pro_codigo_plu=780721824','',2,'2013-10-15'),(78302,'UPDATE mae_productos SET pro_precio_compra_bruto=45,pro_margen_actual=(pro_precio_venta-45)/45 * 100,pro_ultima_compra=@@@2013.10.15@@@,pro_ultimo_proveedor=@@@84156500-2@@@ WHERE pro_codigo_plu=780721895','',2,'2013-10-15'),(78303,'UPDATE mae_productos SET pro_precio_compra_bruto=519,pro_margen_actual=(pro_precio_venta-519)/519 * 100,pro_ultima_compra=@@@2013.10.15@@@,pro_ultimo_proveedor=@@@84156500-2@@@ WHERE pro_codigo_plu=780721991','',2,'2013-10-15'),(78304,'INSERT INTO gne_vale_ferreteria (vfe_id,vfe_fecha,vfe_total,vfe_estado,vfe_entregado,usu_nusuario) VALUES (13946,@@@2013.10.15@@@,1750,1,0,@@@G_DIAZ@@@)','',2,'2013-10-15'),(78305,'INSERT INTO gne_vale_ferreteria_mov (vfe_id,pro_codigo_plu,vfm_cantidad,vfm_unitario,vfm_total,vfm_entregado) VALUES (13946,20482,1,1750,1750,@@@NO@@@)','',2,'2013-10-15'),(78306,'INSERT INTO gne_vale_ferreteria (vfe_id,vfe_fecha,vfe_total,vfe_estado,vfe_entregado,usu_nusuario) VALUES (13947,@@@2013.10.15@@@,1080,1,0,@@@G_DIAZ@@@)','',2,'2013-10-15'),(78307,'INSERT INTO gne_vale_ferreteria_mov (vfe_id,pro_codigo_plu,vfm_cantidad,vfm_unitario,vfm_total,vfm_entregado) VALUES (13947,78017020,1,390,390,@@@NO@@@)','',2,'2013-10-15'),(78308,'INSERT INTO gne_vale_ferreteria_mov (vfe_id,pro_codigo_plu,vfm_cantidad,vfm_unitario,vfm_total,vfm_entregado) VALUES (13947,770003,10,10,100,@@@NO@@@)','',2,'2013-10-15'),(78309,'INSERT INTO gne_vale_ferreteria_mov (vfe_id,pro_codigo_plu,vfm_cantidad,vfm_unitario,vfm_total,vfm_entregado) VALUES (13947,780721516,1,590,590,@@@NO@@@)','',2,'2013-10-15'),(78310,'INSERT INTO gne_vale_ferreteria (vfe_id,vfe_fecha,vfe_total,vfe_estado,vfe_entregado,usu_nusuario) VALUES (13948,@@@2013.10.15@@@,590,1,0,@@@G_DIAZ@@@)','',2,'2013-10-15'),(78311,'INSERT INTO gne_vale_ferreteria_mov (vfe_id,pro_codigo_plu,vfm_cantidad,vfm_unitario,vfm_total,vfm_entregado) VALUES (13948,4098,1,590,590,@@@NO@@@)','',2,'2013-10-15'),(78312,'INSERT INTO gne_vale_ferreteria (vfe_id,vfe_fecha,vfe_total,vfe_estado,vfe_entregado,usu_nusuario) VALUES (13949,@@@2013.10.15@@@,240,1,0,@@@G_DIAZ@@@)','',2,'2013-10-15'),(78313,'INSERT INTO gne_vale_ferreteria_mov (vfe_id,pro_codigo_plu,vfm_cantidad,vfm_unitario,vfm_total,vfm_entregado) VALUES (13949,78017002,2,120,240,@@@NO@@@)','',2,'2013-10-15'),(78314,'INSERT INTO gne_vale_ferreteria (vfe_id,vfe_fecha,vfe_total,vfe_estado,vfe_entregado,usu_nusuario) VALUES (13950,@@@2013.10.15@@@,1300,1,0,@@@G_DIAZ@@@)','',2,'2013-10-15'),(78315,'INSERT INTO gne_vale_ferreteria_mov (vfe_id,pro_codigo_plu,vfm_cantidad,vfm_unitario,vfm_total,vfm_entregado) VALUES (13950,763582,2,650,1300,@@@NO@@@)','',2,'2013-10-15'),(78316,'INSERT INTO gne_vale_ferreteria (vfe_id,vfe_fecha,vfe_total,vfe_estado,vfe_entregado,usu_nusuario) VALUES (13951,@@@2013.10.15@@@,690,1,0,@@@G_DIAZ@@@)','',2,'2013-10-15'),(78317,'INSERT INTO gne_vale_ferreteria_mov (vfe_id,pro_codigo_plu,vfm_cantidad,vfm_unitario,vfm_total,vfm_entregado) VALUES (13951,770091,1,690,690,@@@NO@@@)','',2,'2013-10-15'),(78318,'INSERT INTO gne_vale_ferreteria (vfe_id,vfe_fecha,vfe_total,vfe_estado,vfe_entregado,usu_nusuario) VALUES (13952,@@@2013.10.15@@@,390,1,0,@@@G_DIAZ@@@)','',2,'2013-10-15'),(78319,'INSERT INTO gne_vale_ferreteria_mov (vfe_id,pro_codigo_plu,vfm_cantidad,vfm_unitario,vfm_total,vfm_entregado) VALUES (13952,78016969,1,390,390,@@@NO@@@)','',2,'2013-10-15'),(78320,'INSERT INTO gne_vale_ferreteria (vfe_id,vfe_fecha,vfe_total,vfe_estado,vfe_entregado,usu_nusuario) VALUES (13953,@@@2013.10.15@@@,590,1,0,@@@G_DIAZ@@@)','',2,'2013-10-15'),(78321,'INSERT INTO gne_vale_ferreteria_mov (vfe_id,pro_codigo_plu,vfm_cantidad,vfm_unitario,vfm_total,vfm_entregado) VALUES (13953,15662,1,590,590,@@@NO@@@)','',2,'2013-10-15'),(78322,'INSERT INTO gne_vale_ferreteria (vfe_id,vfe_fecha,vfe_total,vfe_estado,vfe_entregado,usu_nusuario) VALUES (13954,@@@2013.10.15@@@,1990,1,0,@@@G_DIAZ@@@)','',2,'2013-10-15'),(78323,'INSERT INTO gne_vale_ferreteria_mov (vfe_id,pro_codigo_plu,vfm_cantidad,vfm_unitario,vfm_total,vfm_entregado) VALUES (13954,780721913,1,1990,1990,@@@NO@@@)','',2,'2013-10-15'),(78324,'INSERT INTO gne_vale_ferreteria (vfe_id,vfe_fecha,vfe_total,vfe_estado,vfe_entregado,usu_nusuario) VALUES (13955,@@@2013.10.15@@@,200,1,0,@@@G_DIAZ@@@)','',2,'2013-10-15'),(78325,'INSERT INTO gne_vale_ferreteria_mov (vfe_id,pro_codigo_plu,vfm_cantidad,vfm_unitario,vfm_total,vfm_entregado) VALUES (13955,780721924,1,200,200,@@@NO@@@)','',2,'2013-10-15'),(78326,'INSERT INTO gne_vale_ferreteria (vfe_id,vfe_fecha,vfe_total,vfe_estado,vfe_entregado,usu_nusuario) VALUES (13956,@@@2013.10.15@@@,120,1,0,@@@G_DIAZ@@@)','',2,'2013-10-15'),(78327,'INSERT INTO gne_vale_ferreteria_mov (vfe_id,pro_codigo_plu,vfm_cantidad,vfm_unitario,vfm_total,vfm_entregado) VALUES (13956,8022,1,120,120,@@@NO@@@)','',2,'2013-10-15'),(78328,'UPDATE mae_productos SET pro_precio_compra_bruto=87.222,pro_margen_actual=(pro_precio_venta-87.222)/87.222 * 100,pro_ultima_compra=@@@2013.10.15@@@,pro_ultimo_proveedor=@@@76027786-k@@@ WHERE pro_codigo_plu=1012','',2,'2013-10-15'),(78329,'INSERT INTO gne_vale_ferreteria (vfe_id,vfe_fecha,vfe_total,vfe_estado,vfe_entregado,usu_nusuario) VALUES (13957,@@@2013.10.15@@@,1740,1,0,@@@G_DIAZ@@@)','',2,'2013-10-15'),(78330,'INSERT INTO gne_vale_ferreteria_mov (vfe_id,pro_codigo_plu,vfm_cantidad,vfm_unitario,vfm_total,vfm_entregado) VALUES (13957,4077,5,200,1000,@@@NO@@@)','',2,'2013-10-15'),(78331,'INSERT INTO gne_vale_ferreteria_mov (vfe_id,pro_codigo_plu,vfm_cantidad,vfm_unitario,vfm_total,vfm_entregado) VALUES (13957,1552,1,490,490,@@@NO@@@)','',2,'2013-10-15'),(78332,'INSERT INTO gne_vale_ferreteria_mov (vfe_id,pro_codigo_plu,vfm_cantidad,vfm_unitario,vfm_total,vfm_entregado) VALUES (13957,1539,25,10,250,@@@NO@@@)','',2,'2013-10-15'),(78333,'INSERT INTO gne_vale_ferreteria (vfe_id,vfe_fecha,vfe_total,vfe_estado,vfe_entregado,usu_nusuario) VALUES (13958,@@@2013.10.15@@@,780,1,0,@@@G_DIAZ@@@)','',2,'2013-10-15'),(78334,'INSERT INTO gne_vale_ferreteria_mov (vfe_id,pro_codigo_plu,vfm_cantidad,vfm_unitario,vfm_total,vfm_entregado) VALUES (13958,780721420,2,390,780,@@@NO@@@)','',2,'2013-10-15'),(78335,'INSERT INTO gne_vale_ferreteria (vfe_id,vfe_fecha,vfe_total,vfe_estado,vfe_entregado,usu_nusuario) VALUES (13959,@@@2013.10.15@@@,790,1,0,@@@G_DIAZ@@@)','',2,'2013-10-15'),(78336,'INSERT INTO gne_vale_ferreteria_mov (vfe_id,pro_codigo_plu,vfm_cantidad,vfm_unitario,vfm_total,vfm_entregado) VALUES (13959,764020,1,790,790,@@@NO@@@)','',2,'2013-10-15'),(78337,'UPDATE mae_productos SET pro_codigo_barra=@@@808181@@@,pro_tipo=@@@0@@@,pro_nombre_producto=@@@BOMBILLA FLEXIBLE  100 UNID@@@,pro_nombre_corto=@@@BOMBILLAS LISAS@@@,med_id=@@@1@@@,emb_id=@@@4@@@,pro_unidades_embalaje=@@@100@@@,dep_id=@@@24 @@@,lin_id=@@@177@@@,mar_id=@@@1682@@@,pro_precio_compra_neto=@@@0@@@,pro_precio_compra_bruto=@@@307.02@@@,pro_precio_venta=@@@1@@@,pro_margen_actual=@@@-99.67@@@,pro_oferta=@@@NO@@@,pro_fecha_inicio_oferta=@@@2006.09.07@@@,pro_fecha_termino_oferta=@@@2006.09.07@@@,pro_precio_oferta=@@@0@@@,pro_stock_minimo=@@@60@@@,pro_stock_critico=@@@30@@@,pro_activo=@@@1@@@,pro_unidad=@@@0@@@,pro_precio_compra_bruto=307.02,pro_margen_actual=-99.67,pro_capacidad=100,pro_funcion_plu=0,pro_flejes=1,pro_iva=1,pro_plu_asociado=0,pro_envase=@@@NO@@@,pro_duracion=0,pro_numero_etiqueta=0 WHERE pro_codigo_plu=@@@808181@@@','',2,'2013-10-15'),(78338,'UPDATE mae_productos SET pro_estado=1 WHERE pro_codigo_plu=808181','',2,'2013-10-15'),(78339,'DELETE FROM mae_impuestos_productos WHERE pro_codigo_plu=@@@808181@@@','',2,'2013-10-15'),(78340,'INSERT INTO gne_vale_ferreteria (vfe_id,vfe_fecha,vfe_total,vfe_estado,vfe_entregado,usu_nusuario) VALUES (13960,@@@2013.10.15@@@,390,1,0,@@@G_DIAZ@@@)','',2,'2013-10-15'),(78341,'INSERT INTO gne_vale_ferreteria_mov (vfe_id,pro_codigo_plu,vfm_cantidad,vfm_unitario,vfm_total,vfm_entregado) VALUES (13960,780721420,1,390,390,@@@NO@@@)','',2,'2013-10-15'),(78342,'INSERT INTO gne_vale_ferreteria (vfe_id,vfe_fecha,vfe_total,vfe_estado,vfe_entregado,usu_nusuario) VALUES (13961,@@@2013.10.15@@@,880,1,0,@@@G_DIAZ@@@)','',2,'2013-10-15'),(78343,'INSERT INTO gne_vale_ferreteria_mov (vfe_id,pro_codigo_plu,vfm_cantidad,vfm_unitario,vfm_total,vfm_entregado) VALUES (13961,762252,1,720,720,@@@NO@@@)','',2,'2013-10-15'),(78344,'INSERT INTO gne_vale_ferreteria_mov (vfe_id,pro_codigo_plu,vfm_cantidad,vfm_unitario,vfm_total,vfm_entregado) VALUES (13961,770001,2,80,160,@@@NO@@@)','',2,'2013-10-15'),(78345,'UPDATE mae_productos SET pro_precio_compra_bruto=656.04,pro_margen_actual=(pro_precio_venta-656.04)/656.04 * 100,pro_ultima_compra=@@@2013.10.15@@@,pro_ultimo_proveedor=@@@76979850-1@@@ WHERE pro_codigo_plu=762542','',2,'2013-10-15'),(78346,'UPDATE mae_productos SET pro_precio_compra_bruto=19.87,pro_margen_actual=(pro_precio_venta-19.87)/19.87 * 100,pro_ultima_compra=@@@2013.10.15@@@,pro_ultimo_proveedor=@@@76979850-1@@@ WHERE pro_codigo_plu=78017028','',2,'2013-10-15'),(78347,'UPDATE mae_productos SET pro_precio_compra_bruto=451.36,pro_margen_actual=(pro_precio_venta-451.36)/451.36 * 100,pro_ultima_compra=@@@2013.10.15@@@,pro_ultimo_proveedor=@@@76979850-1@@@ WHERE pro_codigo_plu=2330102','',2,'2013-10-15'),(78348,'UPDATE mae_productos SET pro_precio_compra_bruto=9.12,pro_margen_actual=(pro_precio_venta-9.12)/9.12 * 100,pro_ultima_compra=@@@2013.10.15@@@,pro_ultimo_proveedor=@@@76979850-1@@@ WHERE pro_codigo_plu=78017153','',2,'2013-10-15'),(78349,'UPDATE mae_productos SET pro_precio_compra_bruto=307.02,pro_margen_actual=(pro_precio_venta-307.02)/307.02 * 100,pro_ultima_compra=@@@2013.10.15@@@,pro_ultimo_proveedor=@@@76979850-1@@@ WHERE pro_codigo_plu=808181','',2,'2013-10-15'),(78350,'INSERT INTO gne_vale_ferreteria (vfe_id,vfe_fecha,vfe_total,vfe_estado,vfe_entregado,usu_nusuario) VALUES (13962,@@@2013.10.15@@@,510,1,0,@@@G_DIAZ@@@)','',2,'2013-10-15'),(78351,'INSERT INTO gne_vale_ferreteria_mov (vfe_id,pro_codigo_plu,vfm_cantidad,vfm_unitario,vfm_total,vfm_entregado) VALUES (13962,78017153,17,30,510,@@@NO@@@)','',2,'2013-10-15'),(78352,'INSERT INTO gne_vale_ferreteria (vfe_id,vfe_fecha,vfe_total,vfe_estado,vfe_entregado,usu_nusuario) VALUES (13963,@@@2013.10.15@@@,4460,1,0,@@@G_DIAZ@@@)','',2,'2013-10-15'),(78353,'INSERT INTO gne_vale_ferreteria_mov (vfe_id,pro_codigo_plu,vfm_cantidad,vfm_unitario,vfm_total,vfm_entregado) VALUES (13963,1569,2,1190,2380,@@@NO@@@)','',2,'2013-10-15'),(78354,'INSERT INTO gne_vale_ferreteria_mov (vfe_id,pro_codigo_plu,vfm_cantidad,vfm_unitario,vfm_total,vfm_entregado) VALUES (13963,4139,1,790,790,@@@NO@@@)','',2,'2013-10-15'),(78355,'INSERT INTO gne_vale_ferreteria_mov (vfe_id,pro_codigo_plu,vfm_cantidad,vfm_unitario,vfm_total,vfm_entregado) VALUES (13963,780721932,1,1290,1290,@@@NO@@@)','',2,'2013-10-15'),(78356,'INSERT INTO gne_vale_ferreteria (vfe_id,vfe_fecha,vfe_total,vfe_estado,vfe_entregado,usu_nusuario) VALUES (13964,@@@2013.10.15@@@,3990,1,0,@@@G_DIAZ@@@)','',2,'2013-10-15'),(78357,'INSERT INTO gne_vale_ferreteria_mov (vfe_id,pro_codigo_plu,vfm_cantidad,vfm_unitario,vfm_total,vfm_entregado) VALUES (13964,780721109,1,3990,3990,@@@NO@@@)','',2,'2013-10-15'),(78358,'INSERT INTO gne_vale_ferreteria (vfe_id,vfe_fecha,vfe_total,vfe_estado,vfe_entregado,usu_nusuario) VALUES (13965,@@@2013.10.16@@@,430,1,0,@@@b_SAEZ@@@)','',2,'2013-10-16'),(78359,'INSERT INTO gne_vale_ferreteria_mov (vfe_id,pro_codigo_plu,vfm_cantidad,vfm_unitario,vfm_total,vfm_entregado) VALUES (13965,1535,1,390,390,@@@NO@@@)','',2,'2013-10-16'),(78360,'INSERT INTO gne_vale_ferreteria_mov (vfe_id,pro_codigo_plu,vfm_cantidad,vfm_unitario,vfm_total,vfm_entregado) VALUES (13965,4080,1,40,40,@@@NO@@@)','',2,'2013-10-16'),(78361,'INSERT INTO gne_vale_ferreteria (vfe_id,vfe_fecha,vfe_total,vfe_estado,vfe_entregado,usu_nusuario) VALUES (13966,@@@2013.10.16@@@,430,1,0,@@@b_SAEZ@@@)','',2,'2013-10-16'),(78362,'INSERT INTO gne_vale_ferreteria_mov (vfe_id,pro_codigo_plu,vfm_cantidad,vfm_unitario,vfm_total,vfm_entregado) VALUES (13966,1535,1,390,390,@@@NO@@@)','',2,'2013-10-16'),(78363,'INSERT INTO gne_vale_ferreteria_mov (vfe_id,pro_codigo_plu,vfm_cantidad,vfm_unitario,vfm_total,vfm_entregado) VALUES (13966,4080,1,40,40,@@@NO@@@)','',2,'2013-10-16'),(78364,'INSERT INTO gne_vale_ferreteria (vfe_id,vfe_fecha,vfe_total,vfe_estado,vfe_entregado,usu_nusuario) VALUES (13967,@@@2013.10.16@@@,150,1,0,@@@b_SAEZ@@@)','',2,'2013-10-16'),(78365,'INSERT INTO gne_vale_ferreteria_mov (vfe_id,pro_codigo_plu,vfm_cantidad,vfm_unitario,vfm_total,vfm_entregado) VALUES (13967,770062,1,150,150,@@@NO@@@)','',2,'2013-10-16'),(78366,'INSERT INTO gne_vale_ferreteria (vfe_id,vfe_fecha,vfe_total,vfe_estado,vfe_entregado,usu_nusuario) VALUES (13968,@@@2013.10.16@@@,890,1,0,@@@b_SAEZ@@@)','',2,'2013-10-16'),(78367,'INSERT INTO gne_vale_ferreteria_mov (vfe_id,pro_codigo_plu,vfm_cantidad,vfm_unitario,vfm_total,vfm_entregado) VALUES (13968,764746,1,890,890,@@@NO@@@)','',2,'2013-10-16'),(78368,'INSERT INTO gne_vale_ferreteria (vfe_id,vfe_fecha,vfe_total,vfe_estado,vfe_entregado,usu_nusuario) VALUES (13969,@@@2013.10.16@@@,1490,1,0,@@@b_SAEZ@@@)','',2,'2013-10-16'),(78369,'INSERT INTO gne_vale_ferreteria_mov (vfe_id,pro_codigo_plu,vfm_cantidad,vfm_unitario,vfm_total,vfm_entregado) VALUES (13969,780721192,1,1490,1490,@@@NO@@@)','',2,'2013-10-16'),(78370,'INSERT INTO gne_vale_ferreteria (vfe_id,vfe_fecha,vfe_total,vfe_estado,vfe_entregado,usu_nusuario) VALUES (13970,@@@2013.10.16@@@,1090,1,0,@@@b_SAEZ@@@)','',2,'2013-10-16'),(78371,'INSERT INTO gne_vale_ferreteria_mov (vfe_id,pro_codigo_plu,vfm_cantidad,vfm_unitario,vfm_total,vfm_entregado) VALUES (13970,19866,1,720,720,@@@NO@@@)','',2,'2013-10-16'),(78372,'INSERT INTO gne_vale_ferreteria_mov (vfe_id,pro_codigo_plu,vfm_cantidad,vfm_unitario,vfm_total,vfm_entregado) VALUES (13970,102408,1,370,370,@@@NO@@@)','',2,'2013-10-16'),(78373,'INSERT INTO gne_vale_ferreteria (vfe_id,vfe_fecha,vfe_total,vfe_estado,vfe_entregado,usu_nusuario) VALUES (13971,@@@2013.10.16@@@,780,1,0,@@@b_SAEZ@@@)','',2,'2013-10-16'),(78374,'INSERT INTO gne_vale_ferreteria_mov (vfe_id,pro_codigo_plu,vfm_cantidad,vfm_unitario,vfm_total,vfm_entregado) VALUES (13971,8023,2,390,780,@@@NO@@@)','',2,'2013-10-16'),(78375,'INSERT INTO com_ventas_grupo (vgr_fecha,vgr_grupo,vgr_cantidad,vgr_total) VALUES (@@@2013.10.14@@@,1,205.985,170931)','',2,'2013-10-16'),(78376,'INSERT INTO com_ventas_grupo (vgr_fecha,vgr_grupo,vgr_cantidad,vgr_total) VALUES (@@@2013.10.14@@@,2,204.495,106647)','',2,'2013-10-16'),(78377,'INSERT INTO com_ventas_grupo (vgr_fecha,vgr_grupo,vgr_cantidad,vgr_total) VALUES (@@@2013.10.14@@@,3,282,62174)','',2,'2013-10-16'),(78378,'INSERT INTO com_ventas_grupo (vgr_fecha,vgr_grupo,vgr_cantidad,vgr_total) VALUES (@@@2013.10.14@@@,4,98,75479)','',2,'2013-10-16'),(78379,'INSERT INTO com_ventas_grupo (vgr_fecha,vgr_grupo,vgr_cantidad,vgr_total) VALUES (@@@2013.10.14@@@,5,2,5349)','',2,'2013-10-16'),(78380,'INSERT INTO com_ventas_grupo (vgr_fecha,vgr_grupo,vgr_cantidad,vgr_total) VALUES (@@@2013.10.14@@@,6,7,7174)','',2,'2013-10-16'),(78381,'INSERT INTO com_ventas_grupo (vgr_fecha,vgr_grupo,vgr_cantidad,vgr_total) VALUES (@@@2013.10.14@@@,7,33,58546)','',2,'2013-10-16'),(78382,'INSERT INTO com_ventas_grupo (vgr_fecha,vgr_grupo,vgr_cantidad,vgr_total) VALUES (@@@2013.10.14@@@,8,41,18090)','',2,'2013-10-16'),(78383,'INSERT INTO com_ventas_grupo (vgr_fecha,vgr_grupo,vgr_cantidad,vgr_total) VALUES (@@@2013.10.14@@@,9,87.185,148873)','',2,'2013-10-16'),(78384,'INSERT INTO com_ventas_grupo (vgr_fecha,vgr_grupo,vgr_cantidad,vgr_total) VALUES (@@@2013.10.14@@@,10,28.09,67514)','',2,'2013-10-16'),(78385,'INSERT INTO com_ventas_grupo (vgr_fecha,vgr_grupo,vgr_cantidad,vgr_total) VALUES (@@@2013.10.14@@@,11,10.69,36794)','',2,'2013-10-16'),(78386,'INSERT INTO com_ventas_grupo (vgr_fecha,vgr_grupo,vgr_cantidad,vgr_total) VALUES (@@@2013.10.14@@@,12,29.485,51683)','',2,'2013-10-16'),(78387,'INSERT INTO com_ventas_grupo (vgr_fecha,vgr_grupo,vgr_cantidad,vgr_total) VALUES (@@@2013.10.14@@@,13,16.19,47544)','',2,'2013-10-16'),(78388,'INSERT INTO com_ventas_grupo (vgr_fecha,vgr_grupo,vgr_cantidad,vgr_total) VALUES (@@@2013.10.14@@@,14,88.09,81333)','',2,'2013-10-16'),(78389,'INSERT INTO com_ventas_grupo (vgr_fecha,vgr_grupo,vgr_cantidad,vgr_total) VALUES (@@@2013.10.14@@@,16,2,340)','',2,'2013-10-16'),(78390,'INSERT INTO com_ventas_grupo (vgr_fecha,vgr_grupo,vgr_cantidad,vgr_total) VALUES (@@@2013.10.14@@@,18,219.865,134649)','',2,'2013-10-16'),(78391,'INSERT INTO com_ventas_grupo (vgr_fecha,vgr_grupo,vgr_cantidad,vgr_total) VALUES (@@@2013.10.14@@@,19,1,630)','',2,'2013-10-16'),(78392,'INSERT INTO com_ventas_grupo (vgr_fecha,vgr_grupo,vgr_cantidad,vgr_total) VALUES (@@@2013.10.14@@@,20,203,76249)','',2,'2013-10-16'),(78393,'INSERT INTO com_ventas_grupo (vgr_fecha,vgr_grupo,vgr_cantidad,vgr_total) VALUES (@@@2013.10.14@@@,21,85,62469)','',2,'2013-10-16'),(78394,'INSERT INTO com_ventas_grupo (vgr_fecha,vgr_grupo,vgr_cantidad,vgr_total) VALUES (@@@2013.10.14@@@,23,2,2590)','',2,'2013-10-16'),(78395,'INSERT INTO com_ventas_grupo (vgr_fecha,vgr_grupo,vgr_cantidad,vgr_total) VALUES (@@@2013.10.14@@@,24,157,28779)','',2,'2013-10-16'),(78396,'INSERT INTO com_ventas_grupo (vgr_fecha,vgr_grupo,vgr_cantidad,vgr_total) VALUES (@@@2013.10.14@@@,25,58,80700)','',2,'2013-10-16'),(78397,'INSERT INTO com_ventas_grupo (vgr_fecha,vgr_grupo,vgr_cantidad,vgr_total) VALUES (@@@2013.10.14@@@,31,12,11100)','',2,'2013-10-16'),(78398,'INSERT INTO com_ventas_grupo (vgr_fecha,vgr_grupo,vgr_cantidad,vgr_total) VALUES (@@@2013.10.14@@@,32,320,93219)','',2,'2013-10-16'),(78399,'INSERT INTO com_ventas_grupo (vgr_fecha,vgr_grupo,vgr_cantidad,vgr_total) VALUES (@@@2013.10.14@@@,33,2,4700)','',2,'2013-10-16'),(78400,'INSERT INTO com_ventas_grupo (vgr_fecha,vgr_grupo,vgr_cantidad,vgr_total) VALUES (@@@2013.10.14@@@,35,32,42925)','',2,'2013-10-16'),(78401,'INSERT INTO com_ventas_grupo (vgr_fecha,vgr_grupo,vgr_cantidad,vgr_total) VALUES (@@@2013.10.14@@@,36,13,2100)','',2,'2013-10-16'),(78402,'INSERT INTO com_ventas_grupo (vgr_fecha,vgr_grupo,vgr_cantidad,vgr_total) VALUES (@@@2013.10.14@@@,38,2,5180)','',2,'2013-10-16'),(78403,'INSERT INTO com_ventas_grupo (vgr_fecha,vgr_grupo,vgr_cantidad,vgr_total) VALUES (@@@2013.10.14@@@,39,3,1530)','',2,'2013-10-16'),(78404,'INSERT INTO com_ventas_grupo (vgr_fecha,vgr_grupo,vgr_cantidad,vgr_total) VALUES (@@@2013.10.14@@@,40,1999,1999)','',2,'2013-10-16'),(78405,'INSERT INTO com_ventas_grupo (vgr_fecha,vgr_grupo,vgr_cantidad,vgr_total) VALUES (@@@2013.10.14@@@,42,16.005,11094)','',2,'2013-10-16'),(78406,'INSERT INTO com_ventas_grupo (vgr_fecha,vgr_grupo,vgr_cantidad,vgr_total) VALUES (@@@2013.10.14@@@,44,2,5300)','',2,'2013-10-16'),(78407,'UPDATE mae_datos_empresa SET emp_oferta=@@@NO@@@','',2,'2013-10-16'),(78408,'INSERT INTO com_ventas_grupo (vgr_fecha,vgr_grupo,vgr_cantidad,vgr_total) VALUES (@@@2013.10.15@@@,1,142.185,137950)','',2,'2013-10-16'),(78409,'INSERT INTO com_ventas_grupo (vgr_fecha,vgr_grupo,vgr_cantidad,vgr_total) VALUES (@@@2013.10.15@@@,2,248.74,116604)','',2,'2013-10-16'),(78410,'INSERT INTO com_ventas_grupo (vgr_fecha,vgr_grupo,vgr_cantidad,vgr_total) VALUES (@@@2013.10.15@@@,3,296,66325)','',2,'2013-10-16'),(78411,'INSERT INTO com_ventas_grupo (vgr_fecha,vgr_grupo,vgr_cantidad,vgr_total) VALUES (@@@2013.10.15@@@,4,131,106449)','',2,'2013-10-16'),(78412,'INSERT INTO com_ventas_grupo (vgr_fecha,vgr_grupo,vgr_cantidad,vgr_total) VALUES (@@@2013.10.15@@@,5,3,6699)','',2,'2013-10-16'),(78413,'INSERT INTO com_ventas_grupo (vgr_fecha,vgr_grupo,vgr_cantidad,vgr_total) VALUES (@@@2013.10.15@@@,6,19,33561)','',2,'2013-10-16'),(78414,'INSERT INTO com_ventas_grupo (vgr_fecha,vgr_grupo,vgr_cantidad,vgr_total) VALUES (@@@2013.10.15@@@,7,85,160905)','',2,'2013-10-16'),(78415,'INSERT INTO com_ventas_grupo (vgr_fecha,vgr_grupo,vgr_cantidad,vgr_total) VALUES (@@@2013.10.15@@@,8,37,16640)','',2,'2013-10-16'),(78416,'INSERT INTO com_ventas_grupo (vgr_fecha,vgr_grupo,vgr_cantidad,vgr_total) VALUES (@@@2013.10.15@@@,9,90.28,146375)','',2,'2013-10-16'),(78417,'INSERT INTO com_ventas_grupo (vgr_fecha,vgr_grupo,vgr_cantidad,vgr_total) VALUES (@@@2013.10.15@@@,10,64.58,174279)','',2,'2013-10-16'),(78418,'INSERT INTO com_ventas_grupo (vgr_fecha,vgr_grupo,vgr_cantidad,vgr_total) VALUES (@@@2013.10.15@@@,11,21.51,61040)','',2,'2013-10-16'),(78419,'INSERT INTO com_ventas_grupo (vgr_fecha,vgr_grupo,vgr_cantidad,vgr_total) VALUES (@@@2013.10.15@@@,12,42.355,80594)','',2,'2013-10-16'),(78420,'INSERT INTO com_ventas_grupo (vgr_fecha,vgr_grupo,vgr_cantidad,vgr_total) VALUES (@@@2013.10.15@@@,13,9.715,22913)','',2,'2013-10-16'),(78421,'INSERT INTO com_ventas_grupo (vgr_fecha,vgr_grupo,vgr_cantidad,vgr_total) VALUES (@@@2013.10.15@@@,14,92.508,81756)','',2,'2013-10-16'),(78422,'INSERT INTO com_ventas_grupo (vgr_fecha,vgr_grupo,vgr_cantidad,vgr_total) VALUES (@@@2013.10.15@@@,15,6,1740)','',2,'2013-10-16'),(78423,'INSERT INTO com_ventas_grupo (vgr_fecha,vgr_grupo,vgr_cantidad,vgr_total) VALUES (@@@2013.10.15@@@,16,2,340)','',2,'2013-10-16'),(78424,'INSERT INTO com_ventas_grupo (vgr_fecha,vgr_grupo,vgr_cantidad,vgr_total) VALUES (@@@2013.10.15@@@,18,235.415,144266)','',2,'2013-10-16'),(78425,'INSERT INTO com_ventas_grupo (vgr_fecha,vgr_grupo,vgr_cantidad,vgr_total) VALUES (@@@2013.10.15@@@,19,3,3550)','',2,'2013-10-16'),(78426,'INSERT INTO com_ventas_grupo (vgr_fecha,vgr_grupo,vgr_cantidad,vgr_total) VALUES (@@@2013.10.15@@@,20,177.3,77067)','',2,'2013-10-16'),(78427,'INSERT INTO com_ventas_grupo (vgr_fecha,vgr_grupo,vgr_cantidad,vgr_total) VALUES (@@@2013.10.15@@@,21,80,32990)','',2,'2013-10-16'),(78428,'INSERT INTO com_ventas_grupo (vgr_fecha,vgr_grupo,vgr_cantidad,vgr_total) VALUES (@@@2013.10.15@@@,23,3,6430)','',2,'2013-10-16'),(78429,'INSERT INTO com_ventas_grupo (vgr_fecha,vgr_grupo,vgr_cantidad,vgr_total) VALUES (@@@2013.10.15@@@,24,120,27409)','',2,'2013-10-16'),(78430,'INSERT INTO com_ventas_grupo (vgr_fecha,vgr_grupo,vgr_cantidad,vgr_total) VALUES (@@@2013.10.15@@@,25,72,103500)','',2,'2013-10-16'),(78431,'INSERT INTO com_ventas_grupo (vgr_fecha,vgr_grupo,vgr_cantidad,vgr_total) VALUES (@@@2013.10.15@@@,31,7,7569)','',2,'2013-10-16'),(78432,'INSERT INTO com_ventas_grupo (vgr_fecha,vgr_grupo,vgr_cantidad,vgr_total) VALUES (@@@2013.10.15@@@,32,348,148039)','',2,'2013-10-16'),(78433,'INSERT INTO com_ventas_grupo (vgr_fecha,vgr_grupo,vgr_cantidad,vgr_total) VALUES (@@@2013.10.15@@@,33,1,2350)','',2,'2013-10-16'),(78434,'INSERT INTO com_ventas_grupo (vgr_fecha,vgr_grupo,vgr_cantidad,vgr_total) VALUES (@@@2013.10.15@@@,35,22,31530)','',2,'2013-10-16'),(78435,'INSERT INTO com_ventas_grupo (vgr_fecha,vgr_grupo,vgr_cantidad,vgr_total) VALUES (@@@2013.10.15@@@,36,9,1770)','',2,'2013-10-16'),(78436,'INSERT INTO com_ventas_grupo (vgr_fecha,vgr_grupo,vgr_cantidad,vgr_total) VALUES (@@@2013.10.15@@@,37,1,3990)','',2,'2013-10-16'),(78437,'INSERT INTO com_ventas_grupo (vgr_fecha,vgr_grupo,vgr_cantidad,vgr_total) VALUES (@@@2013.10.15@@@,38,7,5570)','',2,'2013-10-16'),(78438,'INSERT INTO com_ventas_grupo (vgr_fecha,vgr_grupo,vgr_cantidad,vgr_total) VALUES (@@@2013.10.15@@@,39,3,3730)','',2,'2013-10-16'),(78439,'INSERT INTO com_ventas_grupo (vgr_fecha,vgr_grupo,vgr_cantidad,vgr_total) VALUES (@@@2013.10.15@@@,40,499,499)','',2,'2013-10-16'),(78440,'INSERT INTO com_ventas_grupo (vgr_fecha,vgr_grupo,vgr_cantidad,vgr_total) VALUES (@@@2013.10.15@@@,42,17.185,22547)','',2,'2013-10-16'),(78441,'UPDATE mae_datos_empresa SET emp_oferta=@@@NO@@@','',2,'2013-10-16'),(78442,'INSERT INTO gne_vale_ferreteria (vfe_id,vfe_fecha,vfe_total,vfe_estado,vfe_entregado,usu_nusuario) VALUES (13972,@@@2013.10.16@@@,840,1,0,@@@b_SAEZ@@@)','',2,'2013-10-16'),(78443,'INSERT INTO gne_vale_ferreteria_mov (vfe_id,pro_codigo_plu,vfm_cantidad,vfm_unitario,vfm_total,vfm_entregado) VALUES (13972,78017005,7,120,840,@@@NO@@@)','',2,'2013-10-16'),(78444,'UPDATE mae_productos SET pro_margen_actual=-99.67,pro_precio_venta=1 WHERE pro_codigo_plu=808181','',2,'2013-10-16'),(78445,'UPDATE mae_productos SET pro_margen_actual=98.63,pro_precio_venta=290 WHERE pro_codigo_plu=780721886','',2,'2013-10-16'),(78446,'UPDATE mae_productos SET pro_margen_actual=98.63,pro_precio_venta=290 WHERE pro_codigo_plu=780721992','',2,'2013-10-16'),(78447,'UPDATE mae_productos SET pro_margen_actual=0,pro_precio_venta=4590 WHERE pro_codigo_plu=39','',2,'2013-10-16'),(78448,'UPDATE mae_productos SET pro_margen_actual=0,pro_precio_venta=5290 WHERE pro_codigo_plu=33','',2,'2013-10-16'),(78449,'UPDATE mae_productos SET pro_margen_actual=0,pro_precio_venta=5290 WHERE pro_codigo_plu=35','',2,'2013-10-16'),(78450,'UPDATE mae_productos SET pro_margen_actual=0,pro_precio_venta=2590 WHERE pro_codigo_plu=9','',2,'2013-10-16'),(78451,'UPDATE mae_productos SET pro_precio_fiscal=pro_precio_venta WHERE pro_codigo_plu=33','',2,'2013-10-16'),(78452,'UPDATE mae_productos SET pro_precio_fiscal=pro_precio_venta WHERE pro_codigo_plu=35','',2,'2013-10-16'),(78453,'UPDATE mae_productos SET pro_precio_fiscal=pro_precio_venta WHERE pro_codigo_plu=39','',2,'2013-10-16'),(78454,'UPDATE mae_productos SET pro_precio_fiscal=pro_precio_venta WHERE pro_codigo_plu=780721992','',2,'2013-10-16'),(78455,'UPDATE mae_productos SET pro_precio_fiscal=pro_precio_venta WHERE pro_codigo_plu=9','',2,'2013-10-16'),(78456,'INSERT INTO mae_productos (pro_codigo_plu,pro_codigo_barra,pro_tipo,pro_nombre_producto,pro_nombre_corto,med_id,emb_id,pro_unidades_embalaje,dep_id,lin_id,mar_id,pro_precio_compra_neto,pro_precio_compra_bruto,pro_precio_venta,pro_margen_actual,pro_oferta,pro_fecha_inicio_oferta,pro_fecha_termino_oferta,pro_precio_oferta,pro_stock_minimo,pro_stock_critico,pro_entradas_bodega,pro_salidas_bodega,pro_mermas_bodega,pro_ajustes_bodega,pro_entradas_sv,pro_salidas_sv,pro_mermas_sv,pro_ajustes_sv,pro_activo,rec_numero,pro_unidad,pro_capacidad,pro_consumo_bodega,pro_consumo_sv,pro_estado,pro_funcion_plu,pro_flejes,pro_iva,pro_plu_asociado,pro_envase,pro_duracion,pro_numero_etiqueta) VALUES (79,@@@79@@@,@@@0@@@,@@@CAZUELA PALETA@@@,@@@CAZUELA PALETA@@@,@@@2 @@@,@@@6 @@@,@@@1@@@,@@@10 @@@,@@@68@@@,@@@2507@@@,@@@0@@@,@@@1@@@,@@@2890@@@,@@@288900@@@,@@@@@@,@@@2013.10.16@@@,@@@2013.10.16@@@,@@@0@@@,@@@10@@@,@@@5@@@,@@@0@@@,@@@0@@@,@@@0@@@,@@@0@@@,@@@0@@@,@@@0@@@,@@@0@@@,@@@0@@@,@@@1@@@,@@@0@@@,0,1,0,0,2,0,1,1,0,@@@NO@@@,0,0)','',2,'2013-10-16'),(78457,'DELETE FROM mae_impuestos_productos WHERE pro_codigo_plu=@@@79@@@','',2,'2013-10-16'),(78458,'UPDATE mae_productos SET pro_margen_actual=288900,pro_precio_venta=2890 WHERE pro_codigo_plu=79','',2,'2013-10-16'),(78459,'UPDATE mae_productos SET pro_precio_fiscal=pro_precio_venta WHERE pro_codigo_plu=79','',2,'2013-10-16'),(78460,'UPDATE mae_productos SET pro_precio_compra_bruto=2272.23,pro_margen_actual=(pro_precio_venta-2272.23)/2272.23 * 100,pro_ultima_compra=@@@2013.10.16@@@,pro_ultimo_proveedor=@@@88502900-0@@@ WHERE pro_codigo_plu=764428','',2,'2013-10-16'),(78461,'UPDATE mae_productos SET pro_precio_compra_bruto=1230.74,pro_margen_actual=(pro_precio_venta-1230.74)/1230.74 * 100,pro_ultima_compra=@@@2013.10.16@@@,pro_ultimo_proveedor=@@@88502900-0@@@ WHERE pro_codigo_plu=21194','',2,'2013-10-16'),(78462,'UPDATE mae_productos SET pro_precio_compra_bruto=2082.85,pro_margen_actual=(pro_precio_venta-2082.85)/2082.85 * 100,pro_ultima_compra=@@@2013.10.16@@@,pro_ultimo_proveedor=@@@88502900-0@@@ WHERE pro_codigo_plu=21197','',2,'2013-10-16'),(78463,'UPDATE mae_productos SET pro_precio_compra_bruto=2613.79,pro_margen_actual=(pro_precio_venta-2613.79)/2613.79 * 100,pro_ultima_compra=@@@2013.10.16@@@,pro_ultimo_proveedor=@@@88502900-0@@@ WHERE pro_codigo_plu=764113','',2,'2013-10-16'),(78464,'UPDATE mae_productos SET pro_precio_compra_bruto=1237.06,pro_margen_actual=(pro_precio_venta-1237.06)/1237.06 * 100,pro_ultima_compra=@@@2013.10.16@@@,pro_ultimo_proveedor=@@@88502900-0@@@ WHERE pro_codigo_plu=78017159','',2,'2013-10-16'),(78465,'UPDATE mae_productos SET pro_precio_compra_bruto=1237.06,pro_margen_actual=(pro_precio_venta-1237.06)/1237.06 * 100,pro_ultima_compra=@@@2013.10.16@@@,pro_ultimo_proveedor=@@@88502900-0@@@ WHERE pro_codigo_plu=780721307','',2,'2013-10-16'),(78466,'UPDATE mae_productos SET pro_precio_compra_bruto=1306.89,pro_margen_actual=(pro_precio_venta-1306.89)/1306.89 * 100,pro_ultima_compra=@@@2013.10.16@@@,pro_ultimo_proveedor=@@@88502900-0@@@ WHERE pro_codigo_plu=780721465','',2,'2013-10-16'),(78467,'UPDATE mae_productos SET pro_precio_compra_bruto=1311.11,pro_margen_actual=(pro_precio_venta-1311.11)/1311.11 * 100,pro_ultima_compra=@@@2013.10.16@@@,pro_ultimo_proveedor=@@@88502900-0@@@ WHERE pro_codigo_plu=764102','',2,'2013-10-16'),(78468,'UPDATE mae_productos SET pro_precio_compra_bruto=2434.88,pro_margen_actual=(pro_precio_venta-2434.88)/2434.88 * 100,pro_ultima_compra=@@@2013.10.16@@@,pro_ultimo_proveedor=@@@88502900-0@@@ WHERE pro_codigo_plu=21175','',2,'2013-10-16'),(78469,'UPDATE mae_productos SET pro_precio_compra_bruto=1306.89,pro_margen_actual=(pro_precio_venta-1306.89)/1306.89 * 100,pro_ultima_compra=@@@2013.10.16@@@,pro_ultimo_proveedor=@@@88502900-0@@@ WHERE pro_codigo_plu=780721633','',2,'2013-10-16'),(78470,'UPDATE mae_productos SET pro_precio_compra_bruto=2520.49,pro_margen_actual=(pro_precio_venta-2520.49)/2520.49 * 100,pro_ultima_compra=@@@2013.10.16@@@,pro_ultimo_proveedor=@@@88502900-0@@@ WHERE pro_codigo_plu=764103','',2,'2013-10-16'),(78471,'UPDATE mae_productos SET pro_precio_compra_bruto=1509.64,pro_margen_actual=(pro_precio_venta-1509.64)/1509.64 * 100,pro_ultima_compra=@@@2013.10.16@@@,pro_ultimo_proveedor=@@@88502900-0@@@ WHERE pro_codigo_plu=21207','',2,'2013-10-16'),(78472,'UPDATE mae_productos SET pro_precio_compra_bruto=849.15,pro_margen_actual=(pro_precio_venta-849.15)/849.15 * 100,pro_ultima_compra=@@@2013.10.16@@@,pro_ultimo_proveedor=@@@88502900-0@@@ WHERE pro_codigo_plu=780721718','',2,'2013-10-16'),(78473,'UPDATE mae_productos SET pro_precio_compra_bruto=1037.81,pro_margen_actual=(pro_precio_venta-1037.81)/1037.81 * 100,pro_ultima_compra=@@@2013.10.16@@@,pro_ultimo_proveedor=@@@88502900-0@@@ WHERE pro_codigo_plu=764116','',2,'2013-10-16'),(78474,'UPDATE mae_productos SET pro_precio_compra_bruto=1886.96,pro_margen_actual=(pro_precio_venta-1886.96)/1886.96 * 100,pro_ultima_compra=@@@2013.10.16@@@,pro_ultimo_proveedor=@@@88502900-0@@@ WHERE pro_codigo_plu=764111','',2,'2013-10-16'),(78475,'UPDATE mae_productos SET pro_precio_compra_bruto=1509.64,pro_margen_actual=(pro_precio_venta-1509.64)/1509.64 * 100,pro_ultima_compra=@@@2013.10.16@@@,pro_ultimo_proveedor=@@@88502900-0@@@ WHERE pro_codigo_plu=764106','',2,'2013-10-16'),(78476,'UPDATE mae_productos SET pro_precio_compra_bruto=2434.88,pro_margen_actual=(pro_precio_venta-2434.88)/2434.88 * 100,pro_ultima_compra=@@@2013.10.16@@@,pro_ultimo_proveedor=@@@88502900-0@@@ WHERE pro_codigo_plu=21176','',2,'2013-10-16'),(78477,'UPDATE mae_productos SET pro_precio_compra_bruto=1320.86,pro_margen_actual=(pro_precio_venta-1320.86)/1320.86 * 100,pro_ultima_compra=@@@2013.10.16@@@,pro_ultimo_proveedor=@@@88502900-0@@@ WHERE pro_codigo_plu=780721803','',2,'2013-10-16'),(78478,'UPDATE mae_productos SET pro_precio_compra_bruto=1320.86,pro_margen_actual=(pro_precio_venta-1320.86)/1320.86 * 100,pro_ultima_compra=@@@2013.10.16@@@,pro_ultimo_proveedor=@@@88502900-0@@@ WHERE pro_codigo_plu=780721804','',2,'2013-10-16'),(78479,'UPDATE mae_productos SET pro_precio_compra_bruto=3689,pro_margen_actual=(pro_precio_venta-3689)/3689 * 100,pro_ultima_compra=@@@2013.10.16@@@,pro_ultimo_proveedor=@@@79953750-8@@@ WHERE pro_codigo_plu=211','',2,'2013-10-16'),(78480,'UPDATE mae_productos SET pro_precio_compra_bruto=2200.11,pro_margen_actual=(pro_precio_venta-2200.11)/2200.11 * 100,pro_ultima_compra=@@@2013.10.16@@@,pro_ultimo_proveedor=@@@79953750-8@@@ WHERE pro_codigo_plu=368','',2,'2013-10-16'),(78481,'UPDATE mae_productos SET pro_precio_compra_bruto=3379.69,pro_margen_actual=(pro_precio_venta-3379.69)/3379.69 * 100,pro_ultima_compra=@@@2013.10.16@@@,pro_ultimo_proveedor=@@@79953750-8@@@ WHERE pro_codigo_plu=362','',2,'2013-10-16'),(78482,'UPDATE mae_productos SET pro_precio_compra_bruto=3736.6,pro_margen_actual=(pro_precio_venta-3736.6)/3736.6 * 100,pro_ultima_compra=@@@2013.10.16@@@,pro_ultimo_proveedor=@@@79953750-8@@@ WHERE pro_codigo_plu=391','',2,'2013-10-16'),(78483,'UPDATE mae_productos SET pro_precio_compra_bruto=4581.7,pro_margen_actual=(pro_precio_venta-4581.7)/4581.7 * 100,pro_ultima_compra=@@@2013.10.16@@@,pro_ultimo_proveedor=@@@79953750-8@@@ WHERE pro_codigo_plu=365','',2,'2013-10-16'),(78484,'UPDATE mae_productos SET pro_precio_compra_bruto=3629.5,pro_margen_actual=(pro_precio_venta-3629.5)/3629.5 * 100,pro_ultima_compra=@@@2013.10.16@@@,pro_ultimo_proveedor=@@@79953750-8@@@ WHERE pro_codigo_plu=367','',2,'2013-10-16'),(78485,'INSERT INTO gne_vale_ferreteria (vfe_id,vfe_fecha,vfe_total,vfe_estado,vfe_entregado,usu_nusuario) VALUES (13973,@@@2013.10.16@@@,360,1,0,@@@b_SAEZ@@@)','',2,'2013-10-16'),(78486,'INSERT INTO gne_vale_ferreteria_mov (vfe_id,pro_codigo_plu,vfm_cantidad,vfm_unitario,vfm_total,vfm_entregado) VALUES (13973,780721265,3,120,360,@@@NO@@@)','',2,'2013-10-16'),(78487,'INSERT INTO gne_vale_ferreteria (vfe_id,vfe_fecha,vfe_total,vfe_estado,vfe_entregado,usu_nusuario) VALUES (13974,@@@2013.10.16@@@,2520,1,0,@@@b_SAEZ@@@)','',2,'2013-10-16'),(78488,'INSERT INTO gne_vale_ferreteria_mov (vfe_id,pro_codigo_plu,vfm_cantidad,vfm_unitario,vfm_total,vfm_entregado) VALUES (13974,20607,1,2520,2520,@@@NO@@@)','',2,'2013-10-16'),(78489,'INSERT INTO gne_vale_ferreteria (vfe_id,vfe_fecha,vfe_total,vfe_estado,vfe_entregado,usu_nusuario) VALUES (13975,@@@2013.10.16@@@,1890,1,0,@@@b_SAEZ@@@)','',2,'2013-10-16'),(78490,'INSERT INTO gne_vale_ferreteria_mov (vfe_id,pro_codigo_plu,vfm_cantidad,vfm_unitario,vfm_total,vfm_entregado) VALUES (13975,101624,1,1890,1890,@@@NO@@@)','',2,'2013-10-16'),(78491,'INSERT INTO gne_vale_ferreteria (vfe_id,vfe_fecha,vfe_total,vfe_estado,vfe_entregado,usu_nusuario) VALUES (13976,@@@2013.10.16@@@,370,1,0,@@@b_SAEZ@@@)','',2,'2013-10-16'),(78492,'INSERT INTO gne_vale_ferreteria_mov (vfe_id,pro_codigo_plu,vfm_cantidad,vfm_unitario,vfm_total,vfm_entregado) VALUES (13976,102408,1,370,370,@@@NO@@@)','',2,'2013-10-16'),(78493,'INSERT INTO gne_vale_ferreteria (vfe_id,vfe_fecha,vfe_total,vfe_estado,vfe_entregado,usu_nusuario) VALUES (13977,@@@2013.10.16@@@,3270,1,0,@@@b_SAEZ@@@)','',2,'2013-10-16'),(78494,'INSERT INTO gne_vale_ferreteria_mov (vfe_id,pro_codigo_plu,vfm_cantidad,vfm_unitario,vfm_total,vfm_entregado) VALUES (13977,15647,1,1680,1680,@@@NO@@@)','',2,'2013-10-16'),(78495,'INSERT INTO gne_vale_ferreteria_mov (vfe_id,pro_codigo_plu,vfm_cantidad,vfm_unitario,vfm_total,vfm_entregado) VALUES (13977,780721297,1,1590,1590,@@@NO@@@)','',2,'2013-10-16'),(78496,'INSERT INTO gne_vale_ferreteria (vfe_id,vfe_fecha,vfe_total,vfe_estado,vfe_entregado,usu_nusuario) VALUES (13978,@@@2013.10.16@@@,200,1,0,@@@b_SAEZ@@@)','',2,'2013-10-16'),(78497,'INSERT INTO gne_vale_ferreteria_mov (vfe_id,pro_codigo_plu,vfm_cantidad,vfm_unitario,vfm_total,vfm_entregado) VALUES (13978,78017238,1,200,200,@@@NO@@@)','',2,'2013-10-16'),(78498,'INSERT INTO gne_vale_ferreteria (vfe_id,vfe_fecha,vfe_total,vfe_estado,vfe_entregado,usu_nusuario) VALUES (13979,@@@2013.10.16@@@,50,1,0,@@@b_SAEZ@@@)','',2,'2013-10-16'),(78499,'INSERT INTO gne_vale_ferreteria_mov (vfe_id,pro_codigo_plu,vfm_cantidad,vfm_unitario,vfm_total,vfm_entregado) VALUES (13979,78017146,1,50,50,@@@NO@@@)','',2,'2013-10-16'),(78500,'INSERT INTO gne_vale_ferreteria (vfe_id,vfe_fecha,vfe_total,vfe_estado,vfe_entregado,usu_nusuario) VALUES (13980,@@@2013.10.16@@@,2890,1,0,@@@b_SAEZ@@@)','',2,'2013-10-16'),(78501,'INSERT INTO gne_vale_ferreteria_mov (vfe_id,pro_codigo_plu,vfm_cantidad,vfm_unitario,vfm_total,vfm_entregado) VALUES (13980,14217,1,2890,2890,@@@NO@@@)','',2,'2013-10-16'),(78502,'INSERT INTO gne_vale_ferreteria (vfe_id,vfe_fecha,vfe_total,vfe_estado,vfe_entregado,usu_nusuario) VALUES (13981,@@@2013.10.16@@@,290,1,0,@@@b_SAEZ@@@)','',2,'2013-10-16'),(78503,'INSERT INTO gne_vale_ferreteria_mov (vfe_id,pro_codigo_plu,vfm_cantidad,vfm_unitario,vfm_total,vfm_entregado) VALUES (13981,1536,1,290,290,@@@NO@@@)','',2,'2013-10-16'),(78504,'INSERT INTO gne_vale_ferreteria (vfe_id,vfe_fecha,vfe_total,vfe_estado,vfe_entregado,usu_nusuario) VALUES (13982,@@@2013.10.16@@@,2330,1,0,@@@b_SAEZ@@@)','',2,'2013-10-16'),(78505,'INSERT INTO gne_vale_ferreteria_mov (vfe_id,pro_codigo_plu,vfm_cantidad,vfm_unitario,vfm_total,vfm_entregado) VALUES (13982,2011,1,200,200,@@@NO@@@)','',2,'2013-10-16'),(78506,'INSERT INTO gne_vale_ferreteria_mov (vfe_id,pro_codigo_plu,vfm_cantidad,vfm_unitario,vfm_total,vfm_entregado) VALUES (13982,11703,1,2130,2130,@@@NO@@@)','',2,'2013-10-16'),(78507,'INSERT INTO gne_vale_ferreteria (vfe_id,vfe_fecha,vfe_total,vfe_estado,vfe_entregado,usu_nusuario) VALUES (13983,@@@2013.10.16@@@,2100,1,0,@@@b_SAEZ@@@)','',2,'2013-10-16'),(78508,'INSERT INTO gne_vale_ferreteria_mov (vfe_id,pro_codigo_plu,vfm_cantidad,vfm_unitario,vfm_total,vfm_entregado) VALUES (13983,18678,1,2100,2100,@@@NO@@@)','',2,'2013-10-16'),(78509,'UPDATE mae_productos SET pro_margen_actual=50.85,pro_precio_venta=890 WHERE pro_codigo_plu=593','',2,'2013-10-16'),(78510,'UPDATE mae_productos SET pro_margen_actual=127.91,pro_precio_venta=490 WHERE pro_codigo_plu=608','',2,'2013-10-16'),(78511,'UPDATE mae_productos SET pro_margen_actual=0,pro_precio_venta=890 WHERE pro_codigo_plu=570','',2,'2013-10-16'),(78512,'UPDATE mae_productos SET pro_margen_actual=0,pro_precio_venta=890 WHERE pro_codigo_plu=568','',2,'2013-10-16'),(78513,'UPDATE mae_productos SET pro_margen_actual=89.36,pro_precio_venta=890 WHERE pro_codigo_plu=566','',2,'2013-10-16'),(78514,'UPDATE mae_productos SET pro_margen_actual=0,pro_precio_venta=690 WHERE pro_codigo_plu=564','',2,'2013-10-16'),(78515,'UPDATE mae_productos SET pro_margen_actual=0,pro_precio_venta=590 WHERE pro_codigo_plu=549','',2,'2013-10-16'),(78516,'UPDATE mae_productos SET pro_margen_actual=113.11,pro_precio_venta=390 WHERE pro_codigo_plu=515','',2,'2013-10-16'),(78517,'UPDATE mae_productos SET pro_margen_actual=0,pro_precio_venta=390 WHERE pro_codigo_plu=513','',2,'2013-10-16'),(78518,'UPDATE mae_productos SET pro_margen_actual=0,pro_precio_venta=690 WHERE pro_codigo_plu=564','',2,'2013-10-16'),(78519,'UPDATE mae_productos SET pro_margen_actual=0,pro_precio_venta=690 WHERE pro_codigo_plu=565','',2,'2013-10-16'),(78520,'UPDATE mae_productos SET pro_precio_fiscal=pro_precio_venta WHERE pro_codigo_plu=593','',2,'2013-10-16'),(78521,'UPDATE mae_productos SET pro_precio_fiscal=pro_precio_venta WHERE pro_codigo_plu=513','',2,'2013-10-16'),(78522,'UPDATE mae_productos SET pro_precio_fiscal=pro_precio_venta WHERE pro_codigo_plu=515','',2,'2013-10-16'),(78523,'UPDATE mae_productos SET pro_precio_fiscal=pro_precio_venta WHERE pro_codigo_plu=549','',2,'2013-10-16'),(78524,'UPDATE mae_productos SET pro_precio_fiscal=pro_precio_venta WHERE pro_codigo_plu=564','',2,'2013-10-16'),(78525,'UPDATE mae_productos SET pro_precio_fiscal=pro_precio_venta WHERE pro_codigo_plu=565','',2,'2013-10-16'),(78526,'UPDATE mae_productos SET pro_precio_fiscal=pro_precio_venta WHERE pro_codigo_plu=566','',2,'2013-10-16'),(78527,'UPDATE mae_productos SET pro_precio_fiscal=pro_precio_venta WHERE pro_codigo_plu=568','',2,'2013-10-16'),(78528,'UPDATE mae_productos SET pro_precio_fiscal=pro_precio_venta WHERE pro_codigo_plu=570','',2,'2013-10-16'),(78529,'UPDATE mae_productos SET pro_precio_fiscal=pro_precio_venta WHERE pro_codigo_plu=608','',2,'2013-10-16'),(78530,'INSERT INTO gne_vale_ferreteria (vfe_id,vfe_fecha,vfe_total,vfe_estado,vfe_entregado,usu_nusuario) VALUES (13984,@@@2013.10.16@@@,300,1,0,@@@b_SAEZ@@@)','',2,'2013-10-16'),(78531,'INSERT INTO gne_vale_ferreteria_mov (vfe_id,pro_codigo_plu,vfm_cantidad,vfm_unitario,vfm_total,vfm_entregado) VALUES (13984,770062,2,150,300,@@@NO@@@)','',2,'2013-10-16'),(78532,'INSERT INTO mae_productos (pro_codigo_plu,pro_codigo_barra,pro_tipo,pro_nombre_producto,pro_nombre_corto,med_id,emb_id,pro_unidades_embalaje,dep_id,lin_id,mar_id,pro_precio_compra_neto,pro_precio_compra_bruto,pro_precio_venta,pro_margen_actual,pro_oferta,pro_fecha_inicio_oferta,pro_fecha_termino_oferta,pro_precio_oferta,pro_stock_minimo,pro_stock_critico,pro_entradas_bodega,pro_salidas_bodega,pro_mermas_bodega,pro_ajustes_bodega,pro_entradas_sv,pro_salidas_sv,pro_mermas_sv,pro_ajustes_sv,pro_activo,rec_numero,pro_unidad,pro_capacidad,pro_consumo_bodega,pro_consumo_sv,pro_estado,pro_funcion_plu,pro_flejes,pro_iva,pro_plu_asociado,pro_envase,pro_duracion,pro_numero_etiqueta) VALUES (780721993,@@@780721993@@@,@@@0@@@,@@@PIÑA FRESCA@@@,@@@PIÑA FRESCA@@@,@@@1 @@@,@@@6 @@@,@@@6@@@,@@@18 @@@,@@@97@@@,@@@2507@@@,@@@0@@@,@@@950@@@,@@@1390@@@,@@@46.32@@@,@@@@@@,@@@2013.10.16@@@,@@@2013.10.16@@@,@@@0@@@,@@@0@@@,@@@6@@@,@@@0@@@,@@@0@@@,@@@0@@@,@@@0@@@,@@@0@@@,@@@0@@@,@@@0@@@,@@@0@@@,@@@1@@@,@@@0@@@,0,0,0,0,2,0,1,1,0,@@@NO@@@,0,0)','',2,'2013-10-16'),(78533,'DELETE FROM mae_impuestos_productos WHERE pro_codigo_plu=@@@780721993@@@','',2,'2013-10-16'),(78534,'UPDATE mae_productos SET pro_margen_actual=46.32,pro_precio_venta=1390 WHERE pro_codigo_plu=780721993','',2,'2013-10-16'),(78535,'UPDATE mae_productos SET pro_precio_fiscal=pro_precio_venta WHERE pro_codigo_plu=780721993','',2,'2013-10-16'),(78536,'UPDATE mae_productos SET pro_margen_actual=0,pro_precio_venta=890 WHERE pro_codigo_plu=612','',2,'2013-10-16'),(78537,'UPDATE mae_productos SET pro_margen_actual=50.85,pro_precio_venta=890 WHERE pro_codigo_plu=593','',2,'2013-10-16'),(78538,'UPDATE mae_productos SET pro_precio_fiscal=pro_precio_venta WHERE pro_codigo_plu=612','',2,'2013-10-16'),(78539,'INSERT INTO gne_vale_ferreteria (vfe_id,vfe_fecha,vfe_total,vfe_estado,vfe_entregado,usu_nusuario) VALUES (13985,@@@2013.10.16@@@,980,1,0,@@@b_SAEZ@@@)','',2,'2013-10-16'),(78540,'INSERT INTO gne_vale_ferreteria_mov (vfe_id,pro_codigo_plu,vfm_cantidad,vfm_unitario,vfm_total,vfm_entregado) VALUES (13985,764224,2,490,980,@@@NO@@@)','',2,'2013-10-16'),(78541,'INSERT INTO gne_vale_ferreteria (vfe_id,vfe_fecha,vfe_total,vfe_estado,vfe_entregado,usu_nusuario) VALUES (13986,@@@2013.10.16@@@,1840,1,0,@@@b_SAEZ@@@)','',2,'2013-10-16'),(78542,'INSERT INTO gne_vale_ferreteria_mov (vfe_id,pro_codigo_plu,vfm_cantidad,vfm_unitario,vfm_total,vfm_entregado) VALUES (13986,764830,1,690,690,@@@NO@@@)','',2,'2013-10-16'),(78543,'INSERT INTO gne_vale_ferreteria_mov (vfe_id,pro_codigo_plu,vfm_cantidad,vfm_unitario,vfm_total,vfm_entregado) VALUES (13986,762922,1,1150,1150,@@@NO@@@)','',2,'2013-10-16'),(78544,'INSERT INTO gne_vale_ferreteria (vfe_id,vfe_fecha,vfe_total,vfe_estado,vfe_entregado,usu_nusuario) VALUES (13987,@@@2013.10.16@@@,390,1,0,@@@b_SAEZ@@@)','',2,'2013-10-16'),(78545,'INSERT INTO gne_vale_ferreteria_mov (vfe_id,pro_codigo_plu,vfm_cantidad,vfm_unitario,vfm_total,vfm_entregado) VALUES (13987,780721291,1,390,390,@@@NO@@@)','',2,'2013-10-16'),(78546,'UPDATE mae_productos SET pro_margen_actual=30.73,pro_precio_venta=3490 WHERE pro_codigo_plu=825','',2,'2013-10-16'),(78547,'UPDATE mae_productos SET pro_margen_actual=52.02,pro_precio_venta=1990 WHERE pro_codigo_plu=360','',2,'2013-10-16'),(78548,'INSERT INTO gne_vale_ferreteria (vfe_id,vfe_fecha,vfe_total,vfe_estado,vfe_entregado,usu_nusuario) VALUES (13988,@@@2013.10.16@@@,590,1,0,@@@G_DIAZ@@@)','',2,'2013-10-16'),(78549,'INSERT INTO gne_vale_ferreteria_mov (vfe_id,pro_codigo_plu,vfm_cantidad,vfm_unitario,vfm_total,vfm_entregado) VALUES (13988,764700,1,590,590,@@@NO@@@)','',2,'2013-10-16'),(78550,'INSERT INTO gne_vale_ferreteria (vfe_id,vfe_fecha,vfe_total,vfe_estado,vfe_entregado,usu_nusuario) VALUES (13989,@@@2013.10.16@@@,180,1,0,@@@G_DIAZ@@@)','',2,'2013-10-16'),(78551,'INSERT INTO gne_vale_ferreteria_mov (vfe_id,pro_codigo_plu,vfm_cantidad,vfm_unitario,vfm_total,vfm_entregado) VALUES (13989,78017026,2,90,180,@@@NO@@@)','',2,'2013-10-16'),(78552,'INSERT INTO gne_vale_ferreteria (vfe_id,vfe_fecha,vfe_total,vfe_estado,vfe_entregado,usu_nusuario) VALUES (13990,@@@2013.10.16@@@,1310,1,0,@@@G_DIAZ@@@)','',2,'2013-10-16'),(78553,'INSERT INTO gne_vale_ferreteria_mov (vfe_id,pro_codigo_plu,vfm_cantidad,vfm_unitario,vfm_total,vfm_entregado) VALUES (13990,7021,1,1000,1000,@@@NO@@@)','',2,'2013-10-16'),(78554,'INSERT INTO gne_vale_ferreteria_mov (vfe_id,pro_codigo_plu,vfm_cantidad,vfm_unitario,vfm_total,vfm_entregado) VALUES (13990,18799,1,310,310,@@@NO@@@)','',2,'2013-10-16'),(78555,'INSERT INTO gne_vale_ferreteria (vfe_id,vfe_fecha,vfe_total,vfe_estado,vfe_entregado,usu_nusuario) VALUES (13991,@@@2013.10.16@@@,1890,1,0,@@@G_DIAZ@@@)','',2,'2013-10-16'),(78556,'INSERT INTO gne_vale_ferreteria_mov (vfe_id,pro_codigo_plu,vfm_cantidad,vfm_unitario,vfm_total,vfm_entregado) VALUES (13991,101624,1,1890,1890,@@@NO@@@)','',2,'2013-10-16'),(78557,'INSERT INTO gne_vale_ferreteria (vfe_id,vfe_fecha,vfe_total,vfe_estado,vfe_entregado,usu_nusuario) VALUES (13992,@@@2013.10.16@@@,1890,1,0,@@@G_DIAZ@@@)','',2,'2013-10-16'),(78558,'INSERT INTO gne_vale_ferreteria_mov (vfe_id,pro_codigo_plu,vfm_cantidad,vfm_unitario,vfm_total,vfm_entregado) VALUES (13992,78017102,1,1890,1890,@@@NO@@@)','',2,'2013-10-16'),(78559,'INSERT INTO gne_vale_ferreteria (vfe_id,vfe_fecha,vfe_total,vfe_estado,vfe_entregado,usu_nusuario) VALUES (13993,@@@2013.10.16@@@,490,1,0,@@@G_DIAZ@@@)','',2,'2013-10-16'),(78560,'INSERT INTO gne_vale_ferreteria_mov (vfe_id,pro_codigo_plu,vfm_cantidad,vfm_unitario,vfm_total,vfm_entregado) VALUES (13993,764506,1,490,490,@@@NO@@@)','',2,'2013-10-16'),(78561,'INSERT INTO gne_vale_ferreteria (vfe_id,vfe_fecha,vfe_total,vfe_estado,vfe_entregado,usu_nusuario) VALUES (13994,@@@2013.10.16@@@,240,1,0,@@@G_DIAZ@@@)','',2,'2013-10-16'),(78562,'INSERT INTO gne_vale_ferreteria_mov (vfe_id,pro_codigo_plu,vfm_cantidad,vfm_unitario,vfm_total,vfm_entregado) VALUES (13994,764158,2,120,240,@@@NO@@@)','',2,'2013-10-16'),(78563,'INSERT INTO gne_vale_ferreteria (vfe_id,vfe_fecha,vfe_total,vfe_estado,vfe_entregado,usu_nusuario) VALUES (13995,@@@2013.10.16@@@,3780,1,0,@@@G_DIAZ@@@)','',2,'2013-10-16'),(78564,'INSERT INTO gne_vale_ferreteria_mov (vfe_id,pro_codigo_plu,vfm_cantidad,vfm_unitario,vfm_total,vfm_entregado) VALUES (13995,101678,1,1890,1890,@@@NO@@@)','',2,'2013-10-16'),(78565,'INSERT INTO gne_vale_ferreteria_mov (vfe_id,pro_codigo_plu,vfm_cantidad,vfm_unitario,vfm_total,vfm_entregado) VALUES (13995,101620,1,1890,1890,@@@NO@@@)','',2,'2013-10-16'),(78566,'INSERT INTO gne_vale_ferreteria (vfe_id,vfe_fecha,vfe_total,vfe_estado,vfe_entregado,usu_nusuario) VALUES (13996,@@@2013.10.16@@@,690,1,0,@@@G_DIAZ@@@)','',2,'2013-10-16'),(78567,'INSERT INTO gne_vale_ferreteria_mov (vfe_id,pro_codigo_plu,vfm_cantidad,vfm_unitario,vfm_total,vfm_entregado) VALUES (13996,7051,2,100,200,@@@NO@@@)','',2,'2013-10-16'),(78568,'INSERT INTO gne_vale_ferreteria_mov (vfe_id,pro_codigo_plu,vfm_cantidad,vfm_unitario,vfm_total,vfm_entregado) VALUES (13996,3002,1,490,490,@@@NO@@@)','',2,'2013-10-16'),(78569,'INSERT INTO gne_vale_ferreteria (vfe_id,vfe_fecha,vfe_total,vfe_estado,vfe_entregado,usu_nusuario) VALUES (13997,@@@2013.10.16@@@,450,1,0,@@@G_DIAZ@@@)','',2,'2013-10-16'),(78570,'INSERT INTO gne_vale_ferreteria_mov (vfe_id,pro_codigo_plu,vfm_cantidad,vfm_unitario,vfm_total,vfm_entregado) VALUES (13997,764507,1,330,330,@@@NO@@@)','',2,'2013-10-16'),(78571,'INSERT INTO gne_vale_ferreteria_mov (vfe_id,pro_codigo_plu,vfm_cantidad,vfm_unitario,vfm_total,vfm_entregado) VALUES (13997,8022,1,120,120,@@@NO@@@)','',2,'2013-10-16'),(78572,'INSERT INTO gne_vale_ferreteria (vfe_id,vfe_fecha,vfe_total,vfe_estado,vfe_entregado,usu_nusuario) VALUES (13998,@@@2013.10.16@@@,5680,1,0,@@@G_DIAZ@@@)','',2,'2013-10-16'),(78573,'INSERT INTO gne_vale_ferreteria_mov (vfe_id,pro_codigo_plu,vfm_cantidad,vfm_unitario,vfm_total,vfm_entregado) VALUES (13998,764190,1,1690,1690,@@@NO@@@)','',2,'2013-10-16'),(78574,'INSERT INTO gne_vale_ferreteria_mov (vfe_id,pro_codigo_plu,vfm_cantidad,vfm_unitario,vfm_total,vfm_entregado) VALUES (13998,780721159,1,3990,3990,@@@NO@@@)','',2,'2013-10-16'),(78575,'INSERT INTO gne_vale_ferreteria (vfe_id,vfe_fecha,vfe_total,vfe_estado,vfe_entregado,usu_nusuario) VALUES (13999,@@@2013.10.16@@@,490,1,0,@@@G_DIAZ@@@)','',2,'2013-10-16'),