(16360,'INSERT INTO gne_vale_ferreteria_mov (vfe_id,pro_codigo_plu,vfm_cantidad,vfm_unitario,vfm_total,vfm_entregado) VALUES (439,763692,2,1890,3780,@@@NO@@@)','',2,'2013-05-21'),(16361,'INSERT INTO gne_vale_ferreteria_mov (vfe_id,pro_codigo_plu,vfm_cantidad,vfm_unitario,vfm_total,vfm_entregado) VALUES (439,763622,1,1399,1399,@@@NO@@@)','',2,'2013-05-21'),(16362,'INSERT INTO mae_productos (pro_codigo_plu,pro_codigo_barra,pro_tipo,pro_nombre_producto,pro_nombre_corto,med_id,emb_id,pro_unidades_embalaje,dep_id,lin_id,mar_id,pro_precio_compra_neto,pro_precio_compra_bruto,pro_precio_venta,pro_margen_actual,pro_oferta,pro_fecha_inicio_oferta,pro_fecha_termino_oferta,pro_precio_oferta,pro_stock_minimo,pro_stock_critico,pro_entradas_bodega,pro_salidas_bodega,pro_mermas_bodega,pro_ajustes_bodega,pro_entradas_sv,pro_salidas_sv,pro_mermas_sv,pro_ajustes_sv,pro_activo,rec_numero,pro_unidad,pro_capacidad,pro_consumo_bodega,pro_consumo_sv,pro_estado,pro_funcion_plu,pro_flejes,pro_iva,pro_plu_asociado,pro_envase,pro_duracion,pro_numero_etiqueta) VALUES (78017124,@@@9864579037567@@@,@@@0@@@,@@@GASA HIDROFILA@@@,@@@GASA HIDROFILA@@@,@@@1 @@@,@@@3 @@@,@@@0@@@,@@@21 @@@,@@@125@@@,@@@2507@@@,@@@0@@@,@@@0@@@,@@@390@@@,@@@0@@@,@@@@@@,@@@2013.05.21@@@,@@@2013.05.21@@@,@@@0@@@,@@@0@@@,@@@0@@@,@@@0@@@,@@@0@@@,@@@0@@@,@@@0@@@,@@@0@@@,@@@0@@@,@@@0@@@,@@@0@@@,@@@1@@@,@@@0@@@,0,1,0,0,2,0,1,1,0,@@@NO@@@,0,0)','',2,'2013-05-21'),(16363,'DELETE FROM mae_impuestos_productos WHERE pro_codigo_plu=@@@78017124@@@','',2,'2013-05-21'),(16364,'INSERT INTO mae_productos (pro_codigo_plu,pro_codigo_barra,pro_tipo,pro_nombre_producto,pro_nombre_corto,med_id,emb_id,pro_unidades_embalaje,dep_id,lin_id,mar_id,pro_precio_compra_neto,pro_precio_compra_bruto,pro_precio_venta,pro_margen_actual,pro_oferta,pro_fecha_inicio_oferta,pro_fecha_termino_oferta,pro_precio_oferta,pro_stock_minimo,pro_stock_critico,pro_entradas_bodega,pro_salidas_bodega,pro_mermas_bodega,pro_ajustes_bodega,pro_entradas_sv,pro_salidas_sv,pro_mermas_sv,pro_ajustes_sv,pro_activo,rec_numero,pro_unidad,pro_capacidad,pro_consumo_bodega,pro_consumo_sv,pro_estado,pro_funcion_plu,pro_flejes,pro_iva,pro_plu_asociado,pro_envase,pro_duracion,pro_numero_etiqueta) VALUES (770006,@@@770006@@@,@@@0@@@,@@@PIEDRA POME@@@,@@@PIEDRA POME@@@,@@@1 @@@,@@@3 @@@,@@@0@@@,@@@2 @@@,@@@41@@@,@@@2507@@@,@@@0@@@,@@@0@@@,@@@490@@@,@@@0@@@,@@@@@@,@@@2013.05.21@@@,@@@2013.05.21@@@,@@@0@@@,@@@0@@@,@@@0@@@,@@@0@@@,@@@0@@@,@@@0@@@,@@@0@@@,@@@0@@@,@@@0@@@,@@@0@@@,@@@0@@@,@@@1@@@,@@@0@@@,0,1,0,0,2,0,1,1,0,@@@NO@@@,0,0)','',2,'2013-05-21'),(16365,'DELETE FROM mae_impuestos_productos WHERE pro_codigo_plu=@@@770006@@@','',2,'2013-05-21'),(16366,'INSERT INTO gne_vale_ferreteria (vfe_id,vfe_fecha,vfe_total,vfe_estado,vfe_entregado,usu_nusuario) VALUES (440,@@@2013.05.21@@@,700,1,0,@@@G_DIAZ@@@)','',2,'2013-05-21'),(16367,'INSERT INTO gne_vale_ferreteria_mov (vfe_id,pro_codigo_plu,vfm_cantidad,vfm_unitario,vfm_total,vfm_entregado) VALUES (440,764007,1,650,650,@@@NO@@@)','',2,'2013-05-21'),(16368,'INSERT INTO gne_vale_ferreteria_mov (vfe_id,pro_codigo_plu,vfm_cantidad,vfm_unitario,vfm_total,vfm_entregado) VALUES (440,78017027,1,50,50,@@@NO@@@)','',2,'2013-05-21'),(16369,'INSERT INTO gne_vale_ferreteria (vfe_id,vfe_fecha,vfe_total,vfe_estado,vfe_entregado,usu_nusuario) VALUES (441,@@@2013.05.21@@@,540,1,0,@@@G_DIAZ@@@)','',2,'2013-05-21'),(16370,'INSERT INTO gne_vale_ferreteria_mov (vfe_id,pro_codigo_plu,vfm_cantidad,vfm_unitario,vfm_total,vfm_entregado) VALUES (441,19916,1,540,540,@@@NO@@@)','',2,'2013-05-21'),(16371,'INSERT INTO gne_vale_ferreteria (vfe_id,vfe_fecha,vfe_total,vfe_estado,vfe_entregado,usu_nusuario) VALUES (442,@@@2013.05.21@@@,700,1,0,@@@G_DIAZ@@@)','',2,'2013-05-21'),(16372,'INSERT INTO gne_vale_ferreteria_mov (vfe_id,pro_codigo_plu,vfm_cantidad,vfm_unitario,vfm_total,vfm_entregado) VALUES (442,102408,2,350,700,@@@NO@@@)','',2,'2013-05-21'),(16373,'INSERT INTO gne_vale_ferreteria (vfe_id,vfe_fecha,vfe_total,vfe_estado,vfe_entregado,usu_nusuario) VALUES (443,@@@2013.05.21@@@,790,1,0,@@@G_DIAZ@@@)','',2,'2013-05-21'),(16374,'INSERT INTO gne_vale_ferreteria_mov (vfe_id,pro_codigo_plu,vfm_cantidad,vfm_unitario,vfm_total,vfm_entregado) VALUES (443,763843,1,790,790,@@@NO@@@)','',2,'2013-05-21'),(16375,'INSERT INTO gne_vale_ferreteria (vfe_id,vfe_fecha,vfe_total,vfe_estado,vfe_entregado,usu_nusuario) VALUES (444,@@@2013.05.21@@@,840,1,0,@@@G_DIAZ@@@)','',2,'2013-05-21'),(16376,'INSERT INTO gne_vale_ferreteria_mov (vfe_id,pro_codigo_plu,vfm_cantidad,vfm_unitario,vfm_total,vfm_entregado) VALUES (444,11670,1,840,840,@@@NO@@@)','',2,'2013-05-21'),(16377,'INSERT INTO gne_vale_ferreteria (vfe_id,vfe_fecha,vfe_total,vfe_estado,vfe_entregado,usu_nusuario) VALUES (445,@@@2013.05.21@@@,450,1,0,@@@G_DIAZ@@@)','',2,'2013-05-21'),(16378,'INSERT INTO gne_vale_ferreteria_mov (vfe_id,pro_codigo_plu,vfm_cantidad,vfm_unitario,vfm_total,vfm_entregado) VALUES (445,763588,1,330,330,@@@NO@@@)','',2,'2013-05-21'),(16379,'INSERT INTO gne_vale_ferreteria_mov (vfe_id,pro_codigo_plu,vfm_cantidad,vfm_unitario,vfm_total,vfm_entregado) VALUES (445,764831,1,120,120,@@@NO@@@)','',2,'2013-05-21'),(16380,'UPDATE mae_productos SET pro_precio_fiscal=pro_precio_venta WHERE pro_codigo_plu=770006','',2,'2013-05-21'),(16381,'UPDATE mae_productos SET pro_precio_fiscal=pro_precio_venta WHERE pro_codigo_plu=78017124','',2,'2013-05-21'),(16382,'INSERT INTO mae_productos (pro_codigo_plu,pro_codigo_barra,pro_tipo,pro_nombre_producto,pro_nombre_corto,med_id,emb_id,pro_unidades_embalaje,dep_id,lin_id,mar_id,pro_precio_compra_neto,pro_precio_compra_bruto,pro_precio_venta,pro_margen_actual,pro_oferta,pro_fecha_inicio_oferta,pro_fecha_termino_oferta,pro_precio_oferta,pro_stock_minimo,pro_stock_critico,pro_entradas_bodega,pro_salidas_bodega,pro_mermas_bodega,pro_ajustes_bodega,pro_entradas_sv,pro_salidas_sv,pro_mermas_sv,pro_ajustes_sv,pro_activo,rec_numero,pro_unidad,pro_capacidad,pro_consumo_bodega,pro_consumo_sv,pro_estado,pro_funcion_plu,pro_flejes,pro_iva,pro_plu_asociado,pro_envase,pro_duracion,pro_numero_etiqueta) VALUES (81,@@@81@@@,@@@0@@@,@@@CAZUELA CARNUDA CATEGORIA \"V\"@@@,@@@CAZUELA CARNUDA @@@,@@@2 @@@,@@@3 @@@,@@@0@@@,@@@10 @@@,@@@68@@@,@@@2507@@@,@@@0@@@,@@@0@@@,@@@2690@@@,@@@0@@@,@@@@@@,@@@2013.05.21@@@,@@@2013.05.21@@@,@@@0@@@,@@@0@@@,@@@0@@@,@@@0@@@,@@@0@@@,@@@0@@@,@@@0@@@,@@@0@@@,@@@0@@@,@@@0@@@,@@@0@@@,@@@1@@@,@@@0@@@,0,1,0,0,2,0,1,1,0,@@@NO@@@,0,0)','',2,'2013-05-21'),(16383,'DELETE FROM mae_impuestos_productos WHERE pro_codigo_plu=@@@81@@@','',2,'2013-05-21'),(16384,'UPDATE mae_productos SET pro_codigo_barra=@@@9@@@,pro_tipo=@@@0@@@,pro_nombre_producto=@@@CAZUELA COSTILLA@@@,pro_nombre_corto=@@@CAZUELA COSTILLA@@@,med_id=@@@2@@@,emb_id=@@@1@@@,pro_unidades_embalaje=@@@1@@@,dep_id=@@@10 @@@,lin_id=@@@68@@@,mar_id=@@@2507@@@,pro_precio_compra_neto=@@@0@@@,pro_precio_compra_bruto=@@@0@@@,pro_precio_venta=@@@2590@@@,pro_margen_actual=@@@0@@@,pro_oferta=@@@NO@@@,pro_fecha_inicio_oferta=@@@1900.01.01@@@,pro_fecha_termino_oferta=@@@1900.01.01@@@,pro_precio_oferta=@@@0@@@,pro_stock_minimo=@@@1@@@,pro_stock_critico=@@@1@@@,pro_activo=@@@1@@@,pro_unidad=@@@0@@@,pro_precio_compra_bruto=0,pro_margen_actual=0,pro_capacidad=1,pro_funcion_plu=0,pro_flejes=1,pro_iva=1,pro_plu_asociado=0,pro_envase=@@@NO@@@,pro_duracion=0,pro_numero_etiqueta=0 WHERE pro_codigo_plu=@@@9@@@','',2,'2013-05-21'),(16385,'UPDATE mae_productos SET pro_estado=1 WHERE pro_codigo_plu=9','',2,'2013-05-21'),(16386,'DELETE FROM mae_impuestos_productos WHERE pro_codigo_plu=@@@9@@@','',2,'2013-05-21'),(16387,'UPDATE mae_productos SET pro_precio_fiscal=pro_precio_venta WHERE pro_codigo_plu=81','',2,'2013-05-21'),(16388,'UPDATE mae_productos SET pro_margen_actual=0,pro_precio_venta=2590 WHERE pro_codigo_plu=9','',2,'2013-05-21'),(16389,'UPDATE mae_productos SET pro_margen_actual=0,pro_precio_venta=490 WHERE pro_codigo_plu=100827','',2,'2013-05-21'),(16390,'UPDATE mae_productos SET pro_precio_fiscal=pro_precio_venta WHERE pro_codigo_plu=100827','',2,'2013-05-21'),(16391,'UPDATE mae_productos SET pro_codigo_barra=@@@7803200804378@@@,pro_tipo=@@@0@@@,pro_nombre_producto=@@@MAYONESA HELLMANNS SACHET 200 CC.@@@,pro_nombre_corto=@@@MAYONESA HELLMAN@@@,med_id=@@@6@@@,emb_id=@@@4@@@,pro_unidades_embalaje=@@@12@@@,dep_id=@@@1 @@@,lin_id=@@@16@@@,mar_id=@@@570@@@,pro_precio_compra_neto=@@@0@@@,pro_precio_compra_bruto=@@@0@@@,pro_precio_venta=@@@490@@@,pro_margen_actual=@@@0@@@,pro_oferta=@@@NO@@@,pro_fecha_inicio_oferta=@@@2007.11.28@@@,pro_fecha_termino_oferta=@@@2007.11.28@@@,pro_precio_oferta=@@@0@@@,pro_stock_minimo=@@@12@@@,pro_stock_critico=@@@6@@@,pro_activo=@@@1@@@,pro_unidad=@@@0@@@,pro_precio_compra_bruto=0,pro_margen_actual=0,pro_capacidad=200,pro_funcion_plu=0,pro_flejes=1,pro_iva=1,pro_plu_asociado=0,pro_envase=@@@NO@@@,pro_duracion=0,pro_numero_etiqueta=0 WHERE pro_codigo_plu=@@@100827@@@','',2,'2013-05-21'),(16392,'UPDATE mae_productos SET pro_estado=1 WHERE pro_codigo_plu=100827','',2,'2013-05-21'),(16393,'DELETE FROM mae_impuestos_productos WHERE pro_codigo_plu=@@@100827@@@','',2,'2013-05-21'),(16394,'UPDATE mae_productos SET pro_codigo_barra=@@@61@@@,pro_tipo=@@@0@@@,pro_nombre_producto=@@@LOMO LISO CATEGORIA \"V\"@@@,pro_nombre_corto=@@@LOMO LISO CATEGO@@@,med_id=@@@2@@@,emb_id=@@@1@@@,pro_unidades_embalaje=@@@1@@@,dep_id=@@@10 @@@,lin_id=@@@68@@@,mar_id=@@@2507@@@,pro_precio_compra_neto=@@@0@@@,pro_precio_compra_bruto=@@@0@@@,pro_precio_venta=@@@6950@@@,pro_margen_actual=@@@0@@@,pro_oferta=@@@NO@@@,pro_fecha_inicio_oferta=@@@1900.01.01@@@,pro_fecha_termino_oferta=@@@1900.01.01@@@,pro_precio_oferta=@@@0@@@,pro_stock_minimo=@@@1@@@,pro_stock_critico=@@@1@@@,pro_activo=@@@1@@@,pro_unidad=@@@0@@@,pro_precio_compra_bruto=0,pro_margen_actual=0,pro_capacidad=1,pro_funcion_plu=0,pro_flejes=1,pro_iva=1,pro_plu_asociado=0,pro_envase=@@@NO@@@,pro_duracion=0,pro_numero_etiqueta=0 WHERE pro_codigo_plu=@@@61@@@','',2,'2013-05-21'),(16395,'UPDATE mae_productos SET pro_estado=1 WHERE pro_codigo_plu=61','',2,'2013-05-21'),(16396,'DELETE FROM mae_impuestos_productos WHERE pro_codigo_plu=@@@61@@@','',2,'2013-05-21'),(16397,'UPDATE mae_productos SET pro_margen_actual=0,pro_precio_venta=270 WHERE pro_codigo_plu=11543','',2,'2013-05-21'),(16398,'UPDATE mae_productos SET pro_margen_actual=0,pro_precio_venta=390 WHERE pro_codigo_plu=763408','',2,'2013-05-21'),(16399,'UPDATE mae_productos SET pro_margen_actual=0,pro_precio_venta=170 WHERE pro_codigo_plu=11265','',2,'2013-05-21'),(16400,'UPDATE mae_productos SET pro_margen_actual=0,pro_precio_venta=150 WHERE pro_codigo_plu=11274','',2,'2013-05-21'),(16401,'UPDATE mae_productos SET pro_margen_actual=0,pro_precio_venta=150 WHERE pro_codigo_plu=11272','',2,'2013-05-21'),(16402,'UPDATE mae_productos SET pro_margen_actual=0,pro_precio_venta=170 WHERE pro_codigo_plu=11268','',2,'2013-05-21'),(16403,'UPDATE mae_productos SET pro_margen_actual=0,pro_precio_venta=170 WHERE pro_codigo_plu=11290','',2,'2013-05-21'),(16404,'UPDATE mae_productos SET pro_margen_actual=0,pro_precio_venta=3300 WHERE pro_codigo_plu=11821','',2,'2013-05-21'),(16405,'UPDATE mae_productos SET pro_codigo_barra=@@@62@@@,pro_tipo=@@@0@@@,pro_nombre_producto=@@@LOMO VETADO CATEGORIA \"V\"@@@,pro_nombre_corto=@@@LOMO VETADO@@@,med_id=@@@2@@@,emb_id=@@@1@@@,pro_unidades_embalaje=@@@1@@@,dep_id=@@@10 @@@,lin_id=@@@68@@@,mar_id=@@@2507@@@,pro_precio_compra_neto=@@@0@@@,pro_precio_compra_bruto=@@@0@@@,pro_precio_venta=@@@6950@@@,pro_margen_actual=@@@0@@@,pro_oferta=@@@NO@@@,pro_fecha_inicio_oferta=@@@1900.01.01@@@,pro_fecha_termino_oferta=@@@1900.01.01@@@,pro_precio_oferta=@@@0@@@,pro_stock_minimo=@@@1@@@,pro_stock_critico=@@@1@@@,pro_activo=@@@1@@@,pro_unidad=@@@0@@@,pro_precio_compra_bruto=0,pro_margen_actual=0,pro_capacidad=1,pro_funcion_plu=0,pro_flejes=1,pro_iva=1,pro_plu_asociado=0,pro_envase=@@@NO@@@,pro_duracion=0,pro_numero_etiqueta=0 WHERE pro_codigo_plu=@@@62@@@','',2,'2013-05-21'),(16406,'UPDATE mae_productos SET pro_estado=1 WHERE pro_codigo_plu=62','',2,'2013-05-21'),(16407,'DELETE FROM mae_impuestos_productos WHERE pro_codigo_plu=@@@62@@@','',2,'2013-05-21'),(16408,'UPDATE mae_productos SET pro_margen_actual=0,pro_precio_venta=6950 WHERE pro_codigo_plu=62','',2,'2013-05-21'),(16409,'UPDATE mae_productos SET pro_precio_fiscal=pro_precio_venta WHERE pro_codigo_plu=61','',2,'2013-05-21'),(16410,'UPDATE mae_productos SET pro_precio_fiscal=pro_precio_venta WHERE pro_codigo_plu=62','',2,'2013-05-21'),(16411,'UPDATE mae_productos SET pro_precio_fiscal=pro_precio_venta WHERE pro_codigo_plu=763408','',2,'2013-05-21'),(16412,'UPDATE mae_productos SET pro_precio_fiscal=pro_precio_venta WHERE pro_codigo_plu=11821','',2,'2013-05-21'),(16413,'UPDATE mae_productos SET pro_precio_fiscal=pro_precio_venta WHERE pro_codigo_plu=11272','',2,'2013-05-21'),(16414,'UPDATE mae_productos SET pro_precio_fiscal=pro_precio_venta WHERE pro_codigo_plu=11274','',2,'2013-05-21'),(16415,'UPDATE mae_productos SET pro_precio_fiscal=pro_precio_venta WHERE pro_codigo_plu=11543','',2,'2013-05-21'),(16416,'UPDATE mae_productos SET pro_precio_fiscal=pro_precio_venta WHERE pro_codigo_plu=11265','',2,'2013-05-21'),(16417,'UPDATE mae_productos SET pro_precio_fiscal=pro_precio_venta WHERE pro_codigo_plu=11268','',2,'2013-05-21'),(16418,'UPDATE mae_productos SET pro_precio_fiscal=pro_precio_venta WHERE pro_codigo_plu=11290','',2,'2013-05-21'),(16419,'UPDATE mae_productos SET pro_codigo_barra=@@@57@@@,pro_tipo=@@@0@@@,pro_nombre_producto=@@@FILETE CATEGORIA \"V\"@@@,pro_nombre_corto=@@@FILETE@@@,med_id=@@@2@@@,emb_id=@@@1@@@,pro_unidades_embalaje=@@@1@@@,dep_id=@@@10 @@@,lin_id=@@@68@@@,mar_id=@@@2507@@@,pro_precio_compra_neto=@@@0@@@,pro_precio_compra_bruto=@@@0@@@,pro_precio_venta=@@@7150@@@,pro_margen_actual=@@@0@@@,pro_oferta=@@@NO@@@,pro_fecha_inicio_oferta=@@@1900.01.01@@@,pro_fecha_termino_oferta=@@@1900.01.01@@@,pro_precio_oferta=@@@0@@@,pro_stock_minimo=@@@1@@@,pro_stock_critico=@@@1@@@,pro_activo=@@@1@@@,pro_unidad=@@@0@@@,pro_precio_compra_bruto=0,pro_margen_actual=0,pro_capacidad=1,pro_funcion_plu=0,pro_flejes=1,pro_iva=1,pro_plu_asociado=0,pro_envase=@@@NO@@@,pro_duracion=0,pro_numero_etiqueta=0 WHERE pro_codigo_plu=@@@57@@@','',2,'2013-05-21'),(16420,'UPDATE mae_productos SET pro_estado=1 WHERE pro_codigo_plu=57','',2,'2013-05-21'),(16421,'DELETE FROM mae_impuestos_productos WHERE pro_codigo_plu=@@@57@@@','',2,'2013-05-21'),(16422,'UPDATE mae_productos SET pro_codigo_barra=@@@27@@@,pro_tipo=@@@0@@@,pro_nombre_producto=@@@OFERTA CAZUELA OSOBUCO@@@,pro_nombre_corto=@@@OFERTA CAZUELA O@@@,med_id=@@@2@@@,emb_id=@@@1@@@,pro_unidades_embalaje=@@@1@@@,dep_id=@@@10 @@@,lin_id=@@@68@@@,mar_id=@@@2507@@@,pro_precio_compra_neto=@@@0@@@,pro_precio_compra_bruto=@@@0@@@,pro_precio_venta=@@@2890@@@,pro_margen_actual=@@@0@@@,pro_oferta=@@@NO@@@,pro_fecha_inicio_oferta=@@@1900.01.01@@@,pro_fecha_termino_oferta=@@@1900.01.01@@@,pro_precio_oferta=@@@0@@@,pro_stock_minimo=@@@1@@@,pro_stock_critico=@@@1@@@,pro_activo=@@@1@@@,pro_unidad=@@@0@@@,pro_precio_compra_bruto=0,pro_margen_actual=0,pro_capacidad=1,pro_funcion_plu=0,pro_flejes=0,pro_iva=1,pro_plu_asociado=0,pro_envase=@@@NO@@@,pro_duracion=0,pro_numero_etiqueta=0 WHERE pro_codigo_plu=@@@27@@@','',2,'2013-05-21'),(16423,'UPDATE mae_productos SET pro_estado=1 WHERE pro_codigo_plu=27','',2,'2013-05-21'),(16424,'DELETE FROM mae_impuestos_productos WHERE pro_codigo_plu=@@@27@@@','',2,'2013-05-21'),(16425,'UPDATE mae_productos SET pro_codigo_barra=@@@64@@@,pro_tipo=@@@0@@@,pro_nombre_producto=@@@OSOBUCO CATEGORIA \"V\"@@@,pro_nombre_corto=@@@OSOBUCO@@@,med_id=@@@2@@@,emb_id=@@@1@@@,pro_unidades_embalaje=@@@1@@@,dep_id=@@@10 @@@,lin_id=@@@68@@@,mar_id=@@@2507@@@,pro_precio_compra_neto=@@@0@@@,pro_precio_compra_bruto=@@@0@@@,pro_precio_venta=@@@3390@@@,pro_margen_actual=@@@0@@@,pro_oferta=@@@NO@@@,pro_fecha_inicio_oferta=@@@1900.01.01@@@,pro_fecha_termino_oferta=@@@1900.01.01@@@,pro_precio_oferta=@@@0@@@,pro_stock_minimo=@@@1@@@,pro_stock_critico=@@@1@@@,pro_activo=@@@1@@@,pro_unidad=@@@0@@@,pro_precio_compra_bruto=0,pro_margen_actual=0,pro_capacidad=1,pro_funcion_plu=0,pro_flejes=0,pro_iva=1,pro_plu_asociado=0,pro_envase=@@@NO@@@,pro_duracion=0,pro_numero_etiqueta=0 WHERE pro_codigo_plu=@@@64@@@','',2,'2013-05-21'),(16426,'UPDATE mae_productos SET pro_estado=1 WHERE pro_codigo_plu=64','',2,'2013-05-21'),(16427,'DELETE FROM mae_impuestos_productos WHERE pro_codigo_plu=@@@64@@@','',2,'2013-05-21'),(16428,'UPDATE mae_productos SET pro_codigo_barra=@@@50@@@,pro_tipo=@@@0@@@,pro_nombre_producto=@@@ABASTERO CATEGORIA \"V\"@@@,pro_nombre_corto=@@@ABASTERO@@@,med_id=@@@2@@@,emb_id=@@@1@@@,pro_unidades_embalaje=@@@1@@@,dep_id=@@@10 @@@,lin_id=@@@68@@@,mar_id=@@@2507@@@,pro_precio_compra_neto=@@@0@@@,pro_precio_compra_bruto=@@@0@@@,pro_precio_venta=@@@5090@@@,pro_margen_actual=@@@0@@@,pro_oferta=@@@NO@@@,pro_fecha_inicio_oferta=@@@1900.01.01@@@,pro_fecha_termino_oferta=@@@1900.01.01@@@,pro_precio_oferta=@@@0@@@,pro_stock_minimo=@@@1@@@,pro_stock_critico=@@@1@@@,pro_activo=@@@1@@@,pro_unidad=@@@0@@@,pro_precio_compra_bruto=0,pro_margen_actual=0,pro_capacidad=1,pro_funcion_plu=0,pro_flejes=0,pro_iva=1,pro_plu_asociado=0,pro_envase=@@@NO@@@,pro_duracion=0,pro_numero_etiqueta=0 WHERE pro_codigo_plu=@@@50@@@','',2,'2013-05-21'),(16429,'UPDATE mae_productos SET pro_estado=1 WHERE pro_codigo_plu=50','',2,'2013-05-21'),(16430,'DELETE FROM mae_impuestos_productos WHERE pro_codigo_plu=@@@50@@@','',2,'2013-05-21'),(16431,'UPDATE mae_productos SET pro_precio_fiscal=pro_precio_venta WHERE pro_codigo_plu=27','',2,'2013-05-21'),(16432,'UPDATE mae_productos SET pro_precio_fiscal=pro_precio_venta WHERE pro_codigo_plu=57','',2,'2013-05-21'),(16433,'UPDATE mae_productos SET pro_precio_fiscal=pro_precio_venta WHERE pro_codigo_plu=64','',2,'2013-05-21'),(16434,'UPDATE mae_productos SET pro_margen_actual=0,pro_precio_venta=5090 WHERE pro_codigo_plu=50','',2,'2013-05-21'),(16435,'UPDATE mae_productos SET pro_margen_actual=0,pro_precio_venta=340 WHERE pro_codigo_plu=764430','',2,'2013-05-21'),(16436,'UPDATE mae_productos SET pro_margen_actual=0,pro_precio_venta=340 WHERE pro_codigo_plu=13539','',2,'2013-05-21'),(16437,'UPDATE mae_productos SET pro_precio_fiscal=pro_precio_venta WHERE pro_codigo_plu=764430','',2,'2013-05-21'),(16438,'UPDATE mae_productos SET pro_precio_fiscal=pro_precio_venta WHERE pro_codigo_plu=13539','',2,'2013-05-21'),(16439,'INSERT INTO mae_productos (pro_codigo_plu,pro_codigo_barra,pro_tipo,pro_nombre_producto,pro_nombre_corto,med_id,emb_id,pro_unidades_embalaje,dep_id,lin_id,mar_id,pro_precio_compra_neto,pro_precio_compra_bruto,pro_precio_venta,pro_margen_actual,pro_oferta,pro_fecha_inicio_oferta,pro_fecha_termino_oferta,pro_precio_oferta,pro_stock_minimo,pro_stock_critico,pro_entradas_bodega,pro_salidas_bodega,pro_mermas_bodega,pro_ajustes_bodega,pro_entradas_sv,pro_salidas_sv,pro_mermas_sv,pro_ajustes_sv,pro_activo,rec_numero,pro_unidad,pro_capacidad,pro_consumo_bodega,pro_consumo_sv,pro_estado,pro_funcion_plu,pro_flejes,pro_iva,pro_plu_asociado,pro_envase,pro_duracion,pro_numero_etiqueta) VALUES (78017125,@@@5410316998567@@@,@@@0@@@,@@@SMIRNOFF ICE 275ML X 4@@@,@@@SMIRNOFF@@@,@@@1 @@@,@@@3 @@@,@@@0@@@,@@@5 @@@,@@@57@@@,@@@601@@@,@@@0@@@,@@@0@@@,@@@3300@@@,@@@0@@@,@@@@@@,@@@2013.05.21@@@,@@@2013.05.21@@@,@@@0@@@,@@@0@@@,@@@0@@@,@@@0@@@,@@@0@@@,@@@0@@@,@@@0@@@,@@@0@@@,@@@0@@@,@@@0@@@,@@@0@@@,@@@1@@@,@@@0@@@,0,1,0,0,2,0,1,1,0,@@@NO@@@,0,0)','',2,'2013-05-21'),(16440,'DELETE FROM mae_impuestos_productos WHERE pro_codigo_plu=@@@78017125@@@','',2,'2013-05-21'),(16441,'INSERT INTO mae_productos (pro_codigo_plu,pro_codigo_barra,pro_tipo,pro_nombre_producto,pro_nombre_corto,med_id,emb_id,pro_unidades_embalaje,dep_id,lin_id,mar_id,pro_precio_compra_neto,pro_precio_compra_bruto,pro_precio_venta,pro_margen_actual,pro_oferta,pro_fecha_inicio_oferta,pro_fecha_termino_oferta,pro_precio_oferta,pro_stock_minimo,pro_stock_critico,pro_entradas_bodega,pro_salidas_bodega,pro_mermas_bodega,pro_ajustes_bodega,pro_entradas_sv,pro_salidas_sv,pro_mermas_sv,pro_ajustes_sv,pro_activo,rec_numero,pro_unidad,pro_capacidad,pro_consumo_bodega,pro_consumo_sv,pro_estado,pro_funcion_plu,pro_flejes,pro_iva,pro_plu_asociado,pro_envase,pro_duracion,pro_numero_etiqueta) VALUES (770007,@@@770007@@@,@@@0@@@,@@@BOLSAS BOMBITAS @@@,@@@BOLSAS BOMBITAS @@@,@@@1 @@@,@@@3 @@@,@@@0@@@,@@@24 @@@,@@@177@@@,@@@2507@@@,@@@0@@@,@@@0@@@,@@@490@@@,@@@0@@@,@@@@@@,@@@2013.05.22@@@,@@@2013.05.22@@@,@@@0@@@,@@@0@@@,@@@0@@@,@@@0@@@,@@@0@@@,@@@0@@@,@@@0@@@,@@@0@@@,@@@0@@@,@@@0@@@,@@@0@@@,@@@1@@@,@@@0@@@,0,1,0,0,2,0,1,1,0,@@@NO@@@,0,0)','',2,'2013-05-22'),(16442,'DELETE FROM mae_impuestos_productos WHERE pro_codigo_plu=@@@770007@@@','',2,'2013-05-22'),(16443,'UPDATE mae_productos SET pro_margen_actual=0,pro_precio_venta=490 WHERE pro_codigo_plu=770007','',2,'2013-05-22'),(16444,'UPDATE mae_productos SET pro_margen_actual=0,pro_precio_venta=3300 WHERE pro_codigo_plu=78017125','',2,'2013-05-22'),(16445,'UPDATE mae_productos SET pro_margen_actual=0,pro_precio_venta=390 WHERE pro_codigo_plu=78016969','',2,'2013-05-22'),(16446,'UPDATE mae_productos SET pro_margen_actual=0,pro_precio_venta=390 WHERE pro_codigo_plu=78016971','',2,'2013-05-22'),(16447,'UPDATE mae_productos SET pro_margen_actual=0,pro_precio_venta=3150 WHERE pro_codigo_plu=764863','',2,'2013-05-22'),(16448,'UPDATE mae_productos SET pro_margen_actual=0,pro_precio_venta=3150 WHERE pro_codigo_plu=763729','',2,'2013-05-22'),(16449,'UPDATE mae_productos SET pro_margen_actual=0,pro_precio_venta=3150 WHERE pro_codigo_plu=762811','',2,'2013-05-22'),(16450,'UPDATE mae_productos SET pro_precio_fiscal=pro_precio_venta WHERE pro_codigo_plu=78017125','',2,'2013-05-22'),(16451,'UPDATE mae_productos SET pro_precio_fiscal=pro_precio_venta WHERE pro_codigo_plu=770007','',2,'2013-05-22'),(16452,'UPDATE mae_productos SET pro_precio_fiscal=pro_precio_venta WHERE pro_codigo_plu=762811','',2,'2013-05-22'),(16453,'UPDATE mae_productos SET pro_precio_fiscal=pro_precio_venta WHERE pro_codigo_plu=763729','',2,'2013-05-22'),(16454,'UPDATE mae_productos SET pro_precio_fiscal=pro_precio_venta WHERE pro_codigo_plu=764863','',2,'2013-05-22'),(16455,'UPDATE mae_productos SET pro_precio_fiscal=pro_precio_venta WHERE pro_codigo_plu=78016969','',2,'2013-05-22'),(16456,'UPDATE mae_productos SET pro_precio_fiscal=pro_precio_venta WHERE pro_codigo_plu=78016971','',2,'2013-05-22'),(16457,'INSERT INTO mae_productos (pro_codigo_plu,pro_codigo_barra,pro_tipo,pro_nombre_producto,pro_nombre_corto,med_id,emb_id,pro_unidades_embalaje,dep_id,lin_id,mar_id,pro_precio_compra_neto,pro_precio_compra_bruto,pro_precio_venta,pro_margen_actual,pro_oferta,pro_fecha_inicio_oferta,pro_fecha_termino_oferta,pro_precio_oferta,pro_stock_minimo,pro_stock_critico,pro_entradas_bodega,pro_salidas_bodega,pro_mermas_bodega,pro_ajustes_bodega,pro_entradas_sv,pro_salidas_sv,pro_mermas_sv,pro_ajustes_sv,pro_activo,rec_numero,pro_unidad,pro_capacidad,pro_consumo_bodega,pro_consumo_sv,pro_estado,pro_funcion_plu,pro_flejes,pro_iva,pro_plu_asociado,pro_envase,pro_duracion,pro_numero_etiqueta) VALUES (770008,@@@770008@@@,@@@0@@@,@@@PLUMON PERMANENTE AZUL ARTEL@@@,@@@PLUMON PERMANENT@@@,@@@1 @@@,@@@3 @@@,@@@0@@@,@@@24 @@@,@@@137@@@,@@@2407@@@,@@@0@@@,@@@0@@@,@@@390@@@,@@@0@@@,@@@@@@,@@@2013.05.22@@@,@@@2013.05.22@@@,@@@0@@@,@@@0@@@,@@@0@@@,@@@0@@@,@@@0@@@,@@@0@@@,@@@0@@@,@@@0@@@,@@@0@@@,@@@0@@@,@@@0@@@,@@@1@@@,@@@0@@@,0,1,0,0,2,0,1,1,0,@@@NO@@@,0,0)','',2,'2013-05-22'),(16458,'DELETE FROM mae_impuestos_productos WHERE pro_codigo_plu=@@@770008@@@','',2,'2013-05-22'),(16459,'UPDATE mae_productos SET pro_margen_actual=0,pro_precio_venta=390 WHERE pro_codigo_plu=770008','',2,'2013-05-22'),(16460,'UPDATE mae_productos SET pro_activo=@@@0@@@ WHERE pro_codigo_plu=@@@764256@@@','',2,'2013-05-22'),(16461,'UPDATE mae_productos SET pro_precio_fiscal=pro_precio_venta WHERE pro_codigo_plu=770008','',2,'2013-05-22'),(16462,'UPDATE mae_productos SET pro_margen_actual=0,pro_precio_venta=1500 WHERE pro_codigo_plu=102655','',2,'2013-05-22'),(16463,'UPDATE mae_productos SET pro_precio_fiscal=pro_precio_venta WHERE pro_codigo_plu=102655','',2,'2013-05-22'),(16464,'INSERT INTO gne_vale_ferreteria (vfe_id,vfe_fecha,vfe_total,vfe_estado,vfe_entregado,usu_nusuario) VALUES (446,@@@2013.05.22@@@,790,1,0,@@@b_SAEZ@@@)','',2,'2013-05-22'),(16465,'INSERT INTO gne_vale_ferreteria_mov (vfe_id,pro_codigo_plu,vfm_cantidad,vfm_unitario,vfm_total,vfm_entregado) VALUES (446,761991,1,790,790,@@@NO@@@)','',2,'2013-05-22'),(16466,'INSERT INTO mae_productos (pro_codigo_plu,pro_codigo_barra,pro_tipo,pro_nombre_producto,pro_nombre_corto,med_id,emb_id,pro_unidades_embalaje,dep_id,lin_id,mar_id,pro_precio_compra_neto,pro_precio_compra_bruto,pro_precio_venta,pro_margen_actual,pro_oferta,pro_fecha_inicio_oferta,pro_fecha_termino_oferta,pro_precio_oferta,pro_stock_minimo,pro_stock_critico,pro_entradas_bodega,pro_salidas_bodega,pro_mermas_bodega,pro_ajustes_bodega,pro_entradas_sv,pro_salidas_sv,pro_mermas_sv,pro_ajustes_sv,pro_activo,rec_numero,pro_unidad,pro_capacidad,pro_consumo_bodega,pro_consumo_sv,pro_estado,pro_funcion_plu,pro_flejes,pro_iva,pro_plu_asociado,pro_envase,pro_duracion,pro_numero_etiqueta) VALUES (78017126,@@@7807210011726@@@,@@@0@@@,@@@PLUMON PARA PIZARRA AZUL ARTEL@@@,@@@PLUMON PARA PIZA@@@,@@@1 @@@,@@@3 @@@,@@@0@@@,@@@24 @@@,@@@137@@@,@@@2407@@@,@@@0@@@,@@@0@@@,@@@490@@@,@@@0@@@,@@@@@@,@@@2013.05.22@@@,@@@2013.05.22@@@,@@@0@@@,@@@0@@@,@@@0@@@,@@@0@@@,@@@0@@@,@@@0@@@,@@@0@@@,@@@0@@@,@@@0@@@,@@@0@@@,@@@0@@@,@@@1@@@,@@@0@@@,0,1,0,0,2,0,1,1,0,@@@NO@@@,0,0)','',2,'2013-05-22'),(16467,'DELETE FROM mae_impuestos_productos WHERE pro_codigo_plu=@@@78017126@@@','',2,'2013-05-22'),(16468,'INSERT INTO mae_productos (pro_codigo_plu,pro_codigo_barra,pro_tipo,pro_nombre_producto,pro_nombre_corto,med_id,emb_id,pro_unidades_embalaje,dep_id,lin_id,mar_id,pro_precio_compra_neto,pro_precio_compra_bruto,pro_precio_venta,pro_margen_actual,pro_oferta,pro_fecha_inicio_oferta,pro_fecha_termino_oferta,pro_precio_oferta,pro_stock_minimo,pro_stock_critico,pro_entradas_bodega,pro_salidas_bodega,pro_mermas_bodega,pro_ajustes_bodega,pro_entradas_sv,pro_salidas_sv,pro_mermas_sv,pro_ajustes_sv,pro_activo,rec_numero,pro_unidad,pro_capacidad,pro_consumo_bodega,pro_consumo_sv,pro_estado,pro_funcion_plu,pro_flejes,pro_iva,pro_plu_asociado,pro_envase,pro_duracion,pro_numero_etiqueta) VALUES (78017127,@@@7807210011702@@@,@@@0@@@,@@@PLUMOS DE PIZARRA NEGRO ARTEL@@@,@@@PLUMOS DE PIZARR@@@,@@@1 @@@,@@@3 @@@,@@@0@@@,@@@24 @@@,@@@137@@@,@@@2407@@@,@@@0@@@,@@@0@@@,@@@490@@@,@@@0@@@,@@@@@@,@@@2013.05.22@@@,@@@2013.05.22@@@,@@@0@@@,@@@0@@@,@@@0@@@,@@@0@@@,@@@0@@@,@@@0@@@,@@@0@@@,@@@0@@@,@@@0@@@,@@@0@@@,@@@0@@@,@@@1@@@,@@@0@@@,0,1,0,0,2,0,1,1,0,@@@NO@@@,0,0)','',2,'2013-05-22'),(16469,'DELETE FROM mae_impuestos_productos WHERE pro_codigo_plu=@@@78017127@@@','',2,'2013-05-22'),(16470,'INSERT INTO mae_productos (pro_codigo_plu,pro_codigo_barra,pro_tipo,pro_nombre_producto,pro_nombre_corto,med_id,emb_id,pro_unidades_embalaje,dep_id,lin_id,mar_id,pro_precio_compra_neto,pro_precio_compra_bruto,pro_precio_venta,pro_margen_actual,pro_oferta,pro_fecha_inicio_oferta,pro_fecha_termino_oferta,pro_precio_oferta,pro_stock_minimo,pro_stock_critico,pro_entradas_bodega,pro_salidas_bodega,pro_mermas_bodega,pro_ajustes_bodega,pro_entradas_sv,pro_salidas_sv,pro_mermas_sv,pro_ajustes_sv,pro_activo,rec_numero,pro_unidad,pro_capacidad,pro_consumo_bodega,pro_consumo_sv,pro_estado,pro_funcion_plu,pro_flejes,pro_iva,pro_plu_asociado,pro_envase,pro_duracion,pro_numero_etiqueta) VALUES (78017128,@@@7807210011719@@@,@@@0@@@,@@@PLUMOS DE PIZARRA ROJO ARTEL@@@,@@@PLUMOS DE PIZARR@@@,@@@1 @@@,@@@3 @@@,@@@0@@@,@@@24 @@@,@@@137@@@,@@@2407@@@,@@@0@@@,@@@0@@@,@@@490@@@,@@@0@@@,@@@@@@,@@@2013.05.22@@@,@@@2013.05.22@@@,@@@0@@@,@@@0@@@,@@@0@@@,@@@0@@@,@@@0@@@,@@@0@@@,@@@0@@@,@@@0@@@,@@@0@@@,@@@0@@@,@@@0@@@,@@@1@@@,@@@0@@@,0,1,0,0,2,0,1,1,0,@@@NO@@@,0,0)','',2,'2013-05-22'),(16471,'DELETE FROM mae_impuestos_productos WHERE pro_codigo_plu=@@@78017128@@@','',2,'2013-05-22'),(16472,'INSERT INTO mae_productos (pro_codigo_plu,pro_codigo_barra,pro_tipo,pro_nombre_producto,pro_nombre_corto,med_id,emb_id,pro_unidades_embalaje,dep_id,lin_id,mar_id,pro_precio_compra_neto,pro_precio_compra_bruto,pro_precio_venta,pro_margen_actual,pro_oferta,pro_fecha_inicio_oferta,pro_fecha_termino_oferta,pro_precio_oferta,pro_stock_minimo,pro_stock_critico,pro_entradas_bodega,pro_salidas_bodega,pro_mermas_bodega,pro_ajustes_bodega,pro_entradas_sv,pro_salidas_sv,pro_mermas_sv,pro_ajustes_sv,pro_activo,rec_numero,pro_unidad,pro_capacidad,pro_consumo_bodega,pro_consumo_sv,pro_estado,pro_funcion_plu,pro_flejes,pro_iva,pro_plu_asociado,pro_envase,pro_duracion,pro_numero_etiqueta) VALUES (78017129,@@@7807210011511@@@,@@@0@@@,@@@MARCADOR PERMANENTE ROJO ARTEL@@@,@@@MARCADOR PERMANE@@@,@@@1 @@@,@@@3 @@@,@@@0@@@,@@@24 @@@,@@@137@@@,@@@2407@@@,@@@0@@@,@@@0@@@,@@@390@@@,@@@0@@@,@@@@@@,@@@2013.05.22@@@,@@@2013.05.22@@@,@@@0@@@,@@@0@@@,@@@0@@@,@@@0@@@,@@@0@@@,@@@0@@@,@@@0@@@,@@@0@@@,@@@0@@@,@@@0@@@,@@@0@@@,@@@1@@@,@@@0@@@,0,1,0,0,2,0,1,1,0,@@@NO@@@,0,0)','',2,'2013-05-22'),(16473,'DELETE FROM mae_impuestos_productos WHERE pro_codigo_plu=@@@78017129@@@','',2,'2013-05-22'),(16474,'INSERT INTO mae_productos (pro_codigo_plu,pro_codigo_barra,pro_tipo,pro_nombre_producto,pro_nombre_corto,med_id,emb_id,pro_unidades_embalaje,dep_id,lin_id,mar_id,pro_precio_compra_neto,pro_precio_compra_bruto,pro_precio_venta,pro_margen_actual,pro_oferta,pro_fecha_inicio_oferta,pro_fecha_termino_oferta,pro_precio_oferta,pro_stock_minimo,pro_stock_critico,pro_entradas_bodega,pro_salidas_bodega,pro_mermas_bodega,pro_ajustes_bodega,pro_entradas_sv,pro_salidas_sv,pro_mermas_sv,pro_ajustes_sv,pro_activo,rec_numero,pro_unidad,pro_capacidad,pro_consumo_bodega,pro_consumo_sv,pro_estado,pro_funcion_plu,pro_flejes,pro_iva,pro_plu_asociado,pro_envase,pro_duracion,pro_numero_etiqueta) VALUES (78017130,@@@7807210011528@@@,@@@0@@@,@@@MARCADOR PERMANENTE AZUL @@@,@@@MARCADOR PERMANE@@@,@@@1 @@@,@@@3 @@@,@@@0@@@,@@@24 @@@,@@@137@@@,@@@2407@@@,@@@0@@@,@@@0@@@,@@@390@@@,@@@0@@@,@@@@@@,@@@2013.05.22@@@,@@@2013.05.22@@@,@@@0@@@,@@@0@@@,@@@0@@@,@@@0@@@,@@@0@@@,@@@0@@@,@@@0@@@,@@@0@@@,@@@0@@@,@@@0@@@,@@@0@@@,@@@1@@@,@@@0@@@,0,1,0,0,2,0,1,1,0,@@@NO@@@,0,0)','',2,'2013-05-22'),(16475,'DELETE FROM mae_impuestos_productos WHERE pro_codigo_plu=@@@78017130@@@','',2,'2013-05-22'),(16476,'INSERT INTO gne_vale_ferreteria (vfe_id,vfe_fecha,vfe_total,vfe_estado,vfe_entregado,usu_nusuario) VALUES (447,@@@2013.05.22@@@,1590,1,0,@@@b_SAEZ@@@)','',2,'2013-05-22'),(16477,'INSERT INTO gne_vale_ferreteria_mov (vfe_id,pro_codigo_plu,vfm_cantidad,vfm_unitario,vfm_total,vfm_entregado) VALUES (447,764441,1,1590,1590,@@@NO@@@)','',2,'2013-05-22'),(16478,'UPDATE mae_productos SET pro_precio_fiscal=pro_precio_venta WHERE pro_codigo_plu=78017129','',2,'2013-05-22'),(16479,'UPDATE mae_productos SET pro_precio_fiscal=pro_precio_venta WHERE pro_codigo_plu=78017130','',2,'2013-05-22'),(16480,'UPDATE mae_productos SET pro_precio_fiscal=pro_precio_venta WHERE pro_codigo_plu=78017127','',2,'2013-05-22'),(16481,'UPDATE mae_productos SET pro_precio_fiscal=pro_precio_venta WHERE pro_codigo_plu=78017128','',2,'2013-05-22'),(16482,'UPDATE mae_productos SET pro_precio_fiscal=pro_precio_venta WHERE pro_codigo_plu=78017126','',2,'2013-05-22'),(16483,'UPDATE mae_productos SET pro_margen_actual=0,pro_precio_venta=430 WHERE pro_codigo_plu=610','',2,'2013-05-22'),(16484,'UPDATE mae_productos SET pro_precio_fiscal=pro_precio_venta WHERE pro_codigo_plu=610','',2,'2013-05-22'),(16485,'INSERT INTO mae_productos (pro_codigo_plu,pro_codigo_barra,pro_tipo,pro_nombre_producto,pro_nombre_corto,med_id,emb_id,pro_unidades_embalaje,dep_id,lin_id,mar_id,pro_precio_compra_neto,pro_precio_compra_bruto,pro_precio_venta,pro_margen_actual,pro_oferta,pro_fecha_inicio_oferta,pro_fecha_termino_oferta,pro_precio_oferta,pro_stock_minimo,pro_stock_critico,pro_entradas_bodega,pro_salidas_bodega,pro_mermas_bodega,pro_ajustes_bodega,pro_entradas_sv,pro_salidas_sv,pro_mermas_sv,pro_ajustes_sv,pro_activo,rec_numero,pro_unidad,pro_capacidad,pro_consumo_bodega,pro_consumo_sv,pro_estado,pro_funcion_plu,pro_flejes,pro_iva,pro_plu_asociado,pro_envase,pro_duracion,pro_numero_etiqueta) VALUES (78017131,@@@7807265981357@@@,@@@0@@@,@@@PAPEL CREPE CELESTE PROARTE@@@,@@@PAPEL CREPE CELE@@@,@@@1 @@@,@@@3 @@@,@@@0@@@,@@@24 @@@,@@@137@@@,@@@1254@@@,@@@0@@@,@@@0@@@,@@@200@@@,@@@0@@@,@@@@@@,@@@2013.05.22@@@,@@@2013.05.22@@@,@@@0@@@,@@@0@@@,@@@0@@@,@@@0@@@,@@@0@@@,@@@0@@@,@@@0@@@,@@@0@@@,@@@0@@@,@@@0@@@,@@@0@@@,@@@1@@@,@@@0@@@,0,1,0,0,2,0,1,1,0,@@@NO@@@,0,0)','',2,'2013-05-22'),(16486,'DELETE FROM mae_impuestos_productos WHERE pro_codigo_plu=@@@78017131@@@','',2,'2013-05-22'),(16487,'INSERT INTO mae_productos (pro_codigo_plu,pro_codigo_barra,pro_tipo,pro_nombre_producto,pro_nombre_corto,med_id,emb_id,pro_unidades_embalaje,dep_id,lin_id,mar_id,pro_precio_compra_neto,pro_precio_compra_bruto,pro_precio_venta,pro_margen_actual,pro_oferta,pro_fecha_inicio_oferta,pro_fecha_termino_oferta,pro_precio_oferta,pro_stock_minimo,pro_stock_critico,pro_entradas_bodega,pro_salidas_bodega,pro_mermas_bodega,pro_ajustes_bodega,pro_entradas_sv,pro_salidas_sv,pro_mermas_sv,pro_ajustes_sv,pro_activo,rec_numero,pro_unidad,pro_capacidad,pro_consumo_bodega,pro_consumo_sv,pro_estado,pro_funcion_plu,pro_flejes,pro_iva,pro_plu_asociado,pro_envase,pro_duracion,pro_numero_etiqueta) VALUES (78017132,@@@7807265981401@@@,@@@0@@@,@@@PAPEL CREPE NEGRO PROARTE@@@,@@@PAPEL CREPE NEGR@@@,@@@1 @@@,@@@3 @@@,@@@0@@@,@@@24 @@@,@@@137@@@,@@@1254@@@,@@@0@@@,@@@0@@@,@@@200@@@,@@@0@@@,@@@@@@,@@@2013.05.22@@@,@@@2013.05.22@@@,@@@0@@@,@@@0@@@,@@@0@@@,@@@0@@@,@@@0@@@,@@@0@@@,@@@0@@@,@@@0@@@,@@@0@@@,@@@0@@@,@@@0@@@,@@@1@@@,@@@0@@@,0,1,0,0,2,0,1,1,0,@@@NO@@@,0,0)','',2,'2013-05-22'),(16488,'DELETE FROM mae_impuestos_productos WHERE pro_codigo_plu=@@@78017132@@@','',2,'2013-05-22'),(16489,'INSERT INTO mae_productos (pro_codigo_plu,pro_codigo_barra,pro_tipo,pro_nombre_producto,pro_nombre_corto,med_id,emb_id,pro_unidades_embalaje,dep_id,lin_id,mar_id,pro_precio_compra_neto,pro_precio_compra_bruto,pro_precio_venta,pro_margen_actual,pro_oferta,pro_fecha_inicio_oferta,pro_fecha_termino_oferta,pro_precio_oferta,pro_stock_minimo,pro_stock_critico,pro_entradas_bodega,pro_salidas_bodega,pro_mermas_bodega,pro_ajustes_bodega,pro_entradas_sv,pro_salidas_sv,pro_mermas_sv,pro_ajustes_sv,pro_activo,rec_numero,pro_unidad,pro_capacidad,pro_consumo_bodega,pro_consumo_sv,pro_estado,pro_funcion_plu,pro_flejes,pro_iva,pro_plu_asociado,pro_envase,pro_duracion,pro_numero_etiqueta) VALUES (78017133,@@@7807265981296@@@,@@@0@@@,@@@PAPEL CREPE AMARILLO PROARTE@@@,@@@PAPEL CREPE AMAR@@@,@@@1 @@@,@@@3 @@@,@@@0@@@,@@@24 @@@,@@@137@@@,@@@1254@@@,@@@0@@@,@@@0@@@,@@@200@@@,@@@0@@@,@@@@@@,@@@2013.05.22@@@,@@@2013.05.22@@@,@@@0@@@,@@@0@@@,@@@0@@@,@@@0@@@,@@@0@@@,@@@0@@@,@@@0@@@,@@@0@@@,@@@0@@@,@@@0@@@,@@@0@@@,@@@1@@@,@@@0@@@,0,1,0,0,2,0,1,1,0,@@@NO@@@,0,0)','',2,'2013-05-22'),(16490,'DELETE FROM mae_impuestos_productos WHERE pro_codigo_plu=@@@78017133@@@','',2,'2013-05-22'),(16491,'UPDATE mae_productos SET pro_precio_fiscal=pro_precio_venta WHERE pro_codigo_plu=78017133','',2,'2013-05-22'),(16492,'UPDATE mae_productos SET pro_precio_fiscal=pro_precio_venta WHERE pro_codigo_plu=78017131','',2,'2013-05-22'),(16493,'UPDATE mae_productos SET pro_precio_fiscal=pro_precio_venta WHERE pro_codigo_plu=78017132','',2,'2013-05-22'),(16494,'INSERT INTO mae_productos (pro_codigo_plu,pro_codigo_barra,pro_tipo,pro_nombre_producto,pro_nombre_corto,med_id,emb_id,pro_unidades_embalaje,dep_id,lin_id,mar_id,pro_precio_compra_neto,pro_precio_compra_bruto,pro_precio_venta,pro_margen_actual,pro_oferta,pro_fecha_inicio_oferta,pro_fecha_termino_oferta,pro_precio_oferta,pro_stock_minimo,pro_stock_critico,pro_entradas_bodega,pro_salidas_bodega,pro_mermas_bodega,pro_ajustes_bodega,pro_entradas_sv,pro_salidas_sv,pro_mermas_sv,pro_ajustes_sv,pro_activo,rec_numero,pro_unidad,pro_capacidad,pro_consumo_bodega,pro_consumo_sv,pro_estado,pro_funcion_plu,pro_flejes,pro_iva,pro_plu_asociado,pro_envase,pro_duracion,pro_numero_etiqueta) VALUES (78017134,@@@7807265981395@@@,@@@0@@@,@@@PAPEL CREPE NARANJO PROARTE@@@,@@@PAPEL CREPE NARA@@@,@@@1 @@@,@@@3 @@@,@@@0@@@,@@@24 @@@,@@@137@@@,@@@1254@@@,@@@0@@@,@@@0@@@,@@@200@@@,@@@0@@@,@@@@@@,@@@2013.05.22@@@,@@@2013.05.22@@@,@@@0@@@,@@@0@@@,@@@0@@@,@@@0@@@,@@@0@@@,@@@0@@@,@@@0@@@,@@@0@@@,@@@0@@@,@@@0@@@,@@@0@@@,@@@1@@@,@@@0@@@,0,1,0,0,2,0,1,1,0,@@@NO@@@,0,0)','',2,'2013-05-22'),(16495,'DELETE FROM mae_impuestos_productos WHERE pro_codigo_plu=@@@78017134@@@','',2,'2013-05-22'),(16496,'INSERT INTO mae_productos (pro_codigo_plu,pro_codigo_barra,pro_tipo,pro_nombre_producto,pro_nombre_corto,med_id,emb_id,pro_unidades_embalaje,dep_id,lin_id,mar_id,pro_precio_compra_neto,pro_precio_compra_bruto,pro_precio_venta,pro_margen_actual,pro_oferta,pro_fecha_inicio_oferta,pro_fecha_termino_oferta,pro_precio_oferta,pro_stock_minimo,pro_stock_critico,pro_entradas_bodega,pro_salidas_bodega,pro_mermas_bodega,pro_ajustes_bodega,pro_entradas_sv,pro_salidas_sv,pro_mermas_sv,pro_ajustes_sv,pro_activo,rec_numero,pro_unidad,pro_capacidad,pro_consumo_bodega,pro_consumo_sv,pro_estado,pro_funcion_plu,pro_flejes,pro_iva,pro_plu_asociado,pro_envase,pro_duracion,pro_numero_etiqueta) VALUES (78017135,@@@7807265981494@@@,@@@0@@@,@@@PAPEL CREPE VIOLETA@@@,@@@PAPEL CREPE VIOL@@@,@@@1 @@@,@@@3 @@@,@@@0@@@,@@@24 @@@,@@@137@@@,@@@1254@@@,@@@0@@@,@@@0@@@,@@@200@@@,@@@0@@@,@@@@@@,@@@2013.05.22@@@,@@@2013.05.22@@@,@@@0@@@,@@@0@@@,@@@0@@@,@@@0@@@,@@@0@@@,@@@0@@@,@@@0@@@,@@@0@@@,@@@0@@@,@@@0@@@,@@@0@@@,@@@1@@@,@@@0@@@,0,1,0,0,2,0,1,1,0,@@@NO@@@,0,0)','',2,'2013-05-22'),(16497,'DELETE FROM mae_impuestos_productos WHERE pro_codigo_plu=@@@78017135@@@','',2,'2013-05-22'),(16498,'UPDATE mae_productos SET pro_precio_fiscal=pro_precio_venta WHERE pro_codigo_plu=78017134','',2,'2013-05-22'),(16499,'UPDATE mae_productos SET pro_precio_fiscal=pro_precio_venta WHERE pro_codigo_plu=78017135','',2,'2013-05-22'),(16500,'INSERT INTO mae_productos (pro_codigo_plu,pro_codigo_barra,pro_tipo,pro_nombre_producto,pro_nombre_corto,med_id,emb_id,pro_unidades_embalaje,dep_id,lin_id,mar_id,pro_precio_compra_neto,pro_precio_compra_bruto,pro_precio_venta,pro_margen_actual,pro_oferta,pro_fecha_inicio_oferta,pro_fecha_termino_oferta,pro_precio_oferta,pro_stock_minimo,pro_stock_critico,pro_entradas_bodega,pro_salidas_bodega,pro_mermas_bodega,pro_ajustes_bodega,pro_entradas_sv,pro_salidas_sv,pro_mermas_sv,pro_ajustes_sv,pro_activo,rec_numero,pro_unidad,pro_capacidad,pro_consumo_bodega,pro_consumo_sv,pro_estado,pro_funcion_plu,pro_flejes,pro_iva,pro_plu_asociado,pro_envase,pro_duracion,pro_numero_etiqueta) VALUES (78017136,@@@7807265981333@@@,@@@0@@@,@@@PAPEL CREPE CAFE CLARO@@@,@@@PAPEL CREPE CFE @@@,@@@1 @@@,@@@3 @@@,@@@0@@@,@@@24 @@@,@@@137@@@,@@@1254@@@,@@@0@@@,@@@0@@@,@@@200@@@,@@@0@@@,@@@@@@,@@@2013.05.22@@@,@@@2013.05.22@@@,@@@0@@@,@@@0@@@,@@@0@@@,@@@0@@@,@@@0@@@,@@@0@@@,@@@0@@@,@@@0@@@,@@@0@@@,@@@0@@@,@@@0@@@,@@@1@@@,@@@0@@@,0,1,0,0,2,0,1,1,0,@@@NO@@@,0,0)','',2,'2013-05-22'),(16501,'DELETE FROM mae_impuestos_productos WHERE pro_codigo_plu=@@@78017136@@@','',2,'2013-05-22'),(16502,'UPDATE mae_productos SET pro_margen_actual=0,pro_precio_venta=200 WHERE pro_codigo_plu=78017136','',2,'2013-05-22'),(16503,'UPDATE mae_productos SET pro_margen_actual=0,pro_precio_venta=1200 WHERE pro_codigo_plu=761543','',2,'2013-05-22'),(16504,'UPDATE mae_productos SET pro_margen_actual=0,pro_precio_venta=1050 WHERE pro_codigo_plu=17202','',2,'2013-05-22'),(16505,'UPDATE mae_productos SET pro_precio_fiscal=pro_precio_venta WHERE pro_codigo_plu=17202','',2,'2013-05-22'),(16506,'UPDATE mae_productos SET pro_precio_fiscal=pro_precio_venta WHERE pro_codigo_plu=78017136','',2,'2013-05-22'),(16507,'UPDATE mae_productos SET pro_margen_actual=0,pro_precio_venta=480 WHERE pro_codigo_plu=764154','',2,'2013-05-22'),(16508,'INSERT INTO mae_productos (pro_codigo_plu,pro_codigo_barra,pro_tipo,pro_nombre_producto,pro_nombre_corto,med_id,emb_id,pro_unidades_embalaje,dep_id,lin_id,mar_id,pro_precio_compra_neto,pro_precio_compra_bruto,pro_precio_venta,pro_margen_actual,pro_oferta,pro_fecha_inicio_oferta,pro_fecha_termino_oferta,pro_precio_oferta,pro_stock_minimo,pro_stock_critico,pro_entradas_bodega,pro_salidas_bodega,pro_mermas_bodega,pro_ajustes_bodega,pro_entradas_sv,pro_salidas_sv,pro_mermas_sv,pro_ajustes_sv,pro_activo,rec_numero,pro_unidad,pro_capacidad,pro_consumo_bodega,pro_consumo_sv,pro_estado,pro_funcion_plu,pro_flejes,pro_iva,pro_plu_asociado,pro_envase,pro_duracion,pro_numero_etiqueta) VALUES (78017137,@@@7800004369836@@@,@@@0@@@,@@@TAPSIN CAIENTE NOCHE PLUS@@@,@@@TAPSIN CAIENTE N@@@,@@@1 @@@,@@@3 @@@,@@@0@@@,@@@2 @@@,@@@41@@@,@@@2612@@@,@@@0@@@,@@@0@@@,@@@480@@@,@@@0@@@,@@@@@@,@@@2013.05.22@@@,@@@2013.05.22@@@,@@@0@@@,@@@0@@@,@@@0@@@,@@@0@@@,@@@0@@@,@@@0@@@,@@@0@@@,@@@0@@@,@@@0@@@,@@@0@@@,@@@0@@@,@@@1@@@,@@@0@@@,0,1,0,0,2,0,1,1,0,@@@NO@@@,0,0)','',2,'2013-05-22'),(16509,'DELETE FROM mae_impuestos_productos WHERE pro_codigo_plu=@@@78017137@@@','',2,'2013-05-22'),(16510,'INSERT INTO mae_productos (pro_codigo_plu,pro_codigo_barra,pro_tipo,pro_nombre_producto,pro_nombre_corto,med_id,emb_id,pro_unidades_embalaje,dep_id,lin_id,mar_id,pro_precio_compra_neto,pro_precio_compra_bruto,pro_precio_venta,pro_margen_actual,pro_oferta,pro_fecha_inicio_oferta,pro_fecha_termino_oferta,pro_precio_oferta,pro_stock_minimo,pro_stock_critico,pro_entradas_bodega,pro_salidas_bodega,pro_mermas_bodega,pro_ajustes_bodega,pro_entradas_sv,pro_salidas_sv,pro_mermas_sv,pro_ajustes_sv,pro_activo,rec_numero,pro_unidad,pro_capacidad,pro_consumo_bodega,pro_consumo_sv,pro_estado,pro_funcion_plu,pro_flejes,pro_iva,pro_plu_asociado,pro_envase,pro_duracion,pro_numero_etiqueta) VALUES (78017138,@@@7800004399536@@@,@@@0@@@,@@@TAPSIN CALIENTE DIA @@@,@@@TAPSIN CALIENTE @@@,@@@1 @@@,@@@3 @@@,@@@0@@@,@@@2 @@@,@@@41@@@,@@@2612@@@,@@@0@@@,@@@0@@@,@@@480@@@,@@@0@@@,@@@@@@,@@@2013.05.22@@@,@@@2013.05.22@@@,@@@0@@@,@@@0@@@,@@@0@@@,@@@0@@@,@@@0@@@,@@@0@@@,@@@0@@@,@@@0@@@,@@@0@@@,@@@0@@@,@@@0@@@,@@@1@@@,@@@0@@@,0,1,0,0,2,0,1,1,0,@@@NO@@@,0,0)','',2,'2013-05-22'),(16511,'DELETE FROM mae_impuestos_productos WHERE pro_codigo_plu=@@@78017138@@@','',2,'2013-05-22'),(16512,'UPDATE mae_productos SET pro_margen_actual=0,pro_precio_venta=480 WHERE pro_codigo_plu=78017137','',2,'2013-05-22'),(16513,'UPDATE mae_productos SET pro_margen_actual=0,pro_precio_venta=480 WHERE pro_codigo_plu=78017138','',2,'2013-05-22'),(16514,'UPDATE mae_productos SET pro_margen_actual=0,pro_precio_venta=480 WHERE pro_codigo_plu=78017138','',2,'2013-05-22'),(16515,'UPDATE mae_productos SET pro_margen_actual=0,pro_precio_venta=990 WHERE pro_codigo_plu=101399','',2,'2013-05-22'),(16516,'UPDATE mae_productos SET pro_precio_fiscal=pro_precio_venta WHERE pro_codigo_plu=764154','',2,'2013-05-22'),(16517,'UPDATE mae_productos SET pro_precio_fiscal=pro_precio_venta WHERE pro_codigo_plu=78017137','',2,'2013-05-22'),(16518,'UPDATE mae_productos SET pro_precio_fiscal=pro_precio_venta WHERE pro_codigo_plu=78017138','',2,'2013-05-22'),(16519,'UPDATE mae_productos SET pro_precio_fiscal=pro_precio_venta WHERE pro_codigo_plu=101399','',2,'2013-05-22'),(16520,'INSERT INTO mae_productos (pro_codigo_plu,pro_codigo_barra,pro_tipo,pro_nombre_producto,pro_nombre_corto,med_id,emb_id,pro_unidades_embalaje,dep_id,lin_id,mar_id,pro_precio_compra_neto,pro_precio_compra_bruto,pro_precio_venta,pro_margen_actual,pro_oferta,pro_fecha_inicio_oferta,pro_fecha_termino_oferta,pro_precio_oferta,pro_stock_minimo,pro_stock_critico,pro_entradas_bodega,pro_salidas_bodega,pro_mermas_bodega,pro_ajustes_bodega,pro_entradas_sv,pro_salidas_sv,pro_mermas_sv,pro_ajustes_sv,pro_activo,rec_numero,pro_unidad,pro_capacidad,pro_consumo_bodega,pro_consumo_sv,pro_estado,pro_funcion_plu,pro_flejes,pro_iva,pro_plu_asociado,pro_envase,pro_duracion,pro_numero_etiqueta) VALUES (78017139,@@@7807265981432@@@,@@@0@@@,@@@PAPEL CREPE ROJO PROARTE@@@,@@@PAPEL CREPE ROJO@@@,@@@1 @@@,@@@3 @@@,@@@0@@@,@@@24 @@@,@@@137@@@,@@@1254@@@,@@@0@@@,@@@0@@@,@@@200@@@,@@@0@@@,@@@@@@,@@@2013.05.22@@@,@@@2013.05.22@@@,@@@0@@@,@@@0@@@,@@@0@@@,@@@0@@@,@@@0@@@,@@@0@@@,@@@0@@@,@@@0@@@,@@@0@@@,@@@0@@@,@@@0@@@,@@@1@@@,@@@0@@@,0,1,0,0,2,0,1,1,0,@@@NO@@@,0,0)','',2,'2013-05-22'),(16521,'DELETE FROM mae_impuestos_productos WHERE pro_codigo_plu=@@@78017139@@@','',2,'2013-05-22'),(16522,'INSERT INTO mae_productos (pro_codigo_plu,pro_codigo_barra,pro_tipo,pro_nombre_producto,pro_nombre_corto,med_id,emb_id,pro_unidades_embalaje,dep_id,lin_id,mar_id,pro_precio_compra_neto,pro_precio_compra_bruto,pro_precio_venta,pro_margen_actual,pro_oferta,pro_fecha_inicio_oferta,pro_fecha_termino_oferta,pro_precio_oferta,pro_stock_minimo,pro_stock_critico,pro_entradas_bodega,pro_salidas_bodega,pro_mermas_bodega,pro_ajustes_bodega,pro_entradas_sv,pro_salidas_sv,pro_mermas_sv,pro_ajustes_sv,pro_activo,rec_numero,pro_unidad,pro_capacidad,pro_consumo_bodega,pro_consumo_sv,pro_estado,pro_funcion_plu,pro_flejes,pro_iva,pro_plu_asociado,pro_envase,pro_duracion,pro_numero_etiqueta) VALUES (78017140,@@@7807265981371@@@,@@@0@@@,@@@PAPEL CREPE ROSADO PROARTE@@@,@@@PAPEL CREPE ROSA@@@,@@@1 @@@,@@@3 @@@,@@@0@@@,@@@24 @@@,@@@137@@@,@@@1254@@@,@@@0@@@,@@@0@@@,@@@200@@@,@@@0@@@,@@@@@@,@@@2013.05.22@@@,@@@2013.05.22@@@,@@@0@@@,@@@0@@@,@@@0@@@,@@@0@@@,@@@0@@@,@@@0@@@,@@@0@@@,@@@0@@@,@@@0@@@,@@@0@@@,@@@0@@@,@@@1@@@,@@@0@@@,0,1,0,0,2,0,1,1,0,@@@NO@@@,0,0)','',2,'2013-05-22'),(16523,'DELETE FROM mae_impuestos_productos WHERE pro_codigo_plu=@@@78017140@@@','',2,'2013-05-22'),(16524,'INSERT INTO mae_productos (pro_codigo_plu,pro_codigo_barra,pro_tipo,pro_nombre_producto,pro_nombre_corto,med_id,emb_id,pro_unidades_embalaje,dep_id,lin_id,mar_id,pro_precio_compra_neto,pro_precio_compra_bruto,pro_precio_venta,pro_margen_actual,pro_oferta,pro_fecha_inicio_oferta,pro_fecha_termino_oferta,pro_precio_oferta,pro_stock_minimo,pro_stock_critico,pro_entradas_bodega,pro_salidas_bodega,pro_mermas_bodega,pro_ajustes_bodega,pro_entradas_sv,pro_salidas_sv,pro_mermas_sv,pro_ajustes_sv,pro_activo,rec_numero,pro_unidad,pro_capacidad,pro_consumo_bodega,pro_consumo_sv,pro_estado,pro_funcion_plu,pro_flejes,pro_iva,pro_plu_asociado,pro_envase,pro_duracion,pro_numero_etiqueta) VALUES (78017141,@@@7807265981319@@@,@@@0@@@,@@@PAPEL CREPE AZUL PROARTE@@@,@@@PAPEL CREPE AZUL@@@,@@@1 @@@,@@@3 @@@,@@@0@@@,@@@24 @@@,@@@137@@@,@@@2507@@@,@@@0@@@,@@@0@@@,@@@200@@@,@@@0@@@,@@@@@@,@@@2013.05.22@@@,@@@2013.05.22@@@,@@@0@@@,@@@0@@@,@@@0@@@,@@@0@@@,@@@0@@@,@@@0@@@,@@@0@@@,@@@0@@@,@@@0@@@,@@@0@@@,@@@0@@@,@@@1@@@,@@@0@@@,0,1,0,0,2,0,1,1,0,@@@NO@@@,0,0)','',2,'2013-05-22'),(16525,'DELETE FROM mae_impuestos_productos WHERE pro_codigo_plu=@@@78017141@@@','',2,'2013-05-22'),(16526,'INSERT INTO mae_productos (pro_codigo_plu,pro_codigo_barra,pro_tipo,pro_nombre_producto,pro_nombre_corto,med_id,emb_id,pro_unidades_embalaje,dep_id,lin_id,mar_id,pro_precio_compra_neto,pro_precio_compra_bruto,pro_precio_venta,pro_margen_actual,pro_oferta,pro_fecha_inicio_oferta,pro_fecha_termino_oferta,pro_precio_oferta,pro_stock_minimo,pro_stock_critico,pro_entradas_bodega,pro_salidas_bodega,pro_mermas_bodega,pro_ajustes_bodega,pro_entradas_sv,pro_salidas_sv,pro_mermas_sv,pro_ajustes_sv,pro_activo,rec_numero,pro_unidad,pro_capacidad,pro_consumo_bodega,pro_consumo_sv,pro_estado,pro_funcion_plu,pro_flejes,pro_iva,pro_plu_asociado,pro_envase,pro_duracion,pro_numero_etiqueta) VALUES (78017142,@@@7807265981456@@@,@@@0@@@,@@@PAPEL CREPE TURQUESA PROARTE@@@,@@@PAPEL CREPE TURQ@@@,@@@1 @@@,@@@3 @@@,@@@0@@@,@@@24 @@@,@@@137@@@,@@@1254@@@,@@@0@@@,@@@0@@@,@@@200@@@,@@@0@@@,@@@@@@,@@@2013.05.22@@@,@@@2013.05.22@@@,@@@0@@@,@@@0@@@,@@@0@@@,@@@0@@@,@@@0@@@,@@@0@@@,@@@0@@@,@@@0@@@,@@@0@@@,@@@0@@@,@@@0@@@,@@@1@@@,@@@0@@@,0,1,0,0,2,0,1,1,0,@@@NO@@@,0,0)','',2,'2013-05-22'),(16527,'DELETE FROM mae_impuestos_productos WHERE pro_codigo_plu=@@@78017142@@@','',2,'2013-05-22'),(16528,'INSERT INTO mae_productos (pro_codigo_plu,pro_codigo_barra,pro_tipo,pro_nombre_producto,pro_nombre_corto,med_id,emb_id,pro_unidades_embalaje,dep_id,lin_id,mar_id,pro_precio_compra_neto,pro_precio_compra_bruto,pro_precio_venta,pro_margen_actual,pro_oferta,pro_fecha_inicio_oferta,pro_fecha_termino_oferta,pro_precio_oferta,pro_stock_minimo,pro_stock_critico,pro_entradas_bodega,pro_salidas_bodega,pro_mermas_bodega,pro_ajustes_bodega,pro_entradas_sv,pro_salidas_sv,pro_mermas_sv,pro_ajustes_sv,pro_activo,rec_numero,pro_unidad,pro_capacidad,pro_consumo_bodega,pro_consumo_sv,pro_estado,pro_funcion_plu,pro_flejes,pro_iva,pro_plu_asociado,pro_envase,pro_duracion,pro_numero_etiqueta) VALUES (78017143,@@@7807265981340@@@,@@@0@@@,@@@PAPEL CREPE CAFE OSCURO@@@,@@@PAPEL CREPE CAFE@@@,@@@1 @@@,@@@3 @@@,@@@0@@@,@@@24 @@@,@@@137@@@,@@@1254@@@,@@@0@@@,@@@0@@@,@@@200@@@,@@@0@@@,@@@@@@,@@@2013.05.22@@@,@@@2013.05.22@@@,@@@0@@@,@@@0@@@,@@@0@@@,@@@0@@@,@@@0@@@,@@@0@@@,@@@0@@@,@@@0@@@,@@@0@@@,@@@0@@@,@@@0@@@,@@@1@@@,@@@0@@@,0,1,0,0,2,0,1,1,0,@@@NO@@@,0,0)','',2,'2013-05-22'),(16529,'DELETE FROM mae_impuestos_productos WHERE pro_codigo_plu=@@@78017143@@@','',2,'2013-05-22'),(16530,'UPDATE mae_productos SET pro_margen_actual=0,pro_precio_venta=200 WHERE pro_codigo_plu=78017141','',2,'2013-05-22'),(16531,'UPDATE mae_productos SET pro_margen_actual=0,pro_precio_venta=200 WHERE pro_codigo_plu=78017143','',2,'2013-05-22'),(16532,'UPDATE mae_productos SET pro_margen_actual=0,pro_precio_venta=200 WHERE pro_codigo_plu=78017139','',2,'2013-05-22'),(16533,'UPDATE mae_productos SET pro_margen_actual=0,pro_precio_venta=200 WHERE pro_codigo_plu=78017140','',2,'2013-05-22'),(16534,'UPDATE mae_productos SET pro_margen_actual=0,pro_precio_venta=200 WHERE pro_codigo_plu=78017142','',2,'2013-05-22'),(16535,'UPDATE mae_productos SET pro_margen_actual=0,pro_precio_venta=499 WHERE pro_codigo_plu=10061','',2,'2013-05-22'),(16536,'INSERT INTO gne_vale_ferreteria (vfe_id,vfe_fecha,vfe_total,vfe_estado,vfe_entregado,usu_nusuario) VALUES (448,@@@2013.05.22@@@,980,1,0,@@@b_SAEZ@@@)','',2,'2013-05-22'),(16537,'INSERT INTO gne_vale_ferreteria_mov (vfe_id,pro_codigo_plu,vfm_cantidad,vfm_unitario,vfm_total,vfm_entregado) VALUES (448,19876,1,980,980,@@@NO@@@)','',2,'2013-05-22'),(16538,'UPDATE mae_productos SET pro_precio_fiscal=pro_precio_venta WHERE pro_codigo_plu=10061','',2,'2013-05-22'),(16539,'UPDATE mae_productos SET pro_precio_fiscal=pro_precio_venta WHERE pro_codigo_plu=78017141','',2,'2013-05-22'),(16540,'UPDATE mae_productos SET pro_precio_fiscal=pro_precio_venta WHERE pro_codigo_plu=78017143','',2,'2013-05-22'),(16541,'UPDATE mae_productos SET pro_precio_fiscal=pro_precio_venta WHERE pro_codigo_plu=78017140','',2,'2013-05-22'),(16542,'UPDATE mae_productos SET pro_precio_fiscal=pro_precio_venta WHERE pro_codigo_plu=78017139','',2,'2013-05-22'),(16543,'UPDATE mae_productos SET pro_precio_fiscal=pro_precio_venta WHERE pro_codigo_plu=78017142','',2,'2013-05-22'),(16544,'INSERT INTO mae_productos (pro_codigo_plu,pro_codigo_barra,pro_tipo,pro_nombre_producto,pro_nombre_corto,med_id,emb_id,pro_unidades_embalaje,dep_id,lin_id,mar_id,pro_precio_compra_neto,pro_precio_compra_bruto,pro_precio_venta,pro_margen_actual,pro_oferta,pro_fecha_inicio_oferta,pro_fecha_termino_oferta,pro_precio_oferta,pro_stock_minimo,pro_stock_critico,pro_entradas_bodega,pro_salidas_bodega,pro_mermas_bodega,pro_ajustes_bodega,pro_entradas_sv,pro_salidas_sv,pro_mermas_sv,pro_ajustes_sv,pro_activo,rec_numero,pro_unidad,pro_capacidad,pro_consumo_bodega,pro_consumo_sv,pro_estado,pro_funcion_plu,pro_flejes,pro_iva,pro_plu_asociado,pro_envase,pro_duracion,pro_numero_etiqueta) VALUES (78017144,@@@7800007661333@@@,@@@0@@@,@@@LAUNOL @@@,@@@LAUNOL @@@,@@@1 @@@,@@@3 @@@,@@@0@@@,@@@2 @@@,@@@41@@@,@@@2507@@@,@@@0@@@,@@@0@@@,@@@380@@@,@@@0@@@,@@@@@@,@@@2013.05.22@@@,@@@2013.05.22@@@,@@@0@@@,@@@0@@@,@@@0@@@,@@@0@@@,@@@0@@@,@@@0@@@,@@@0@@@,@@@0@@@,@@@0@@@,@@@0@@@,@@@0@@@,@@@1@@@,@@@0@@@,0,1,0,0,2,0,1,1,0,@@@NO@@@,0,0)','',2,'2013-05-22'),(16545,'DELETE FROM mae_impuestos_productos WHERE pro_codigo_plu=@@@78017144@@@','',2,'2013-05-22'),(16546,'UPDATE mae_productos SET pro_precio_fiscal=pro_precio_venta WHERE pro_codigo_plu=78017144','',2,'2013-05-22'),(16547,'INSERT INTO mae_productos (pro_codigo_plu,pro_codigo_barra,pro_tipo,pro_nombre_producto,pro_nombre_corto,med_id,emb_id,pro_unidades_embalaje,dep_id,lin_id,mar_id,pro_precio_compra_neto,pro_precio_compra_bruto,pro_precio_venta,pro_margen_actual,pro_oferta,pro_fecha_inicio_oferta,pro_fecha_termino_oferta,pro_precio_oferta,pro_stock_minimo,pro_stock_critico,pro_entradas_bodega,pro_salidas_bodega,pro_mermas_bodega,pro_ajustes_bodega,pro_entradas_sv,pro_salidas_sv,pro_mermas_sv,pro_ajustes_sv,pro_activo,rec_numero,pro_unidad,pro_capacidad,pro_consumo_bodega,pro_consumo_sv,pro_estado,pro_funcion_plu,pro_flejes,pro_iva,pro_plu_asociado,pro_envase,pro_duracion,pro_numero_etiqueta) VALUES (78017145,@@@770009@@@,@@@0@@@,@@@PAPEL BINILICO VARIEDAD DE COLORES@@@,@@@PAPEL BINILICO V@@@,@@@1 @@@,@@@3 @@@,@@@0@@@,@@@24 @@@,@@@137@@@,@@@2507@@@,@@@0@@@,@@@0@@@,@@@290@@@,@@@0@@@,@@@@@@,@@@2013.05.22@@@,@@@2013.05.22@@@,@@@0@@@,@@@0@@@,@@@0@@@,@@@0@@@,@@@0@@@,@@@0@@@,@@@0@@@,@@@0@@@,@@@0@@@,@@@0@@@,@@@0@@@,@@@1@@@,@@@0@@@,0,1,0,0,2,0,1,1,0,@@@NO@@@,0,0)','',2,'2013-05-22'),(16548,'DELETE FROM mae_impuestos_productos WHERE pro_codigo_plu=@@@78017145@@@','',2,'2013-05-22'),(16549,'INSERT INTO mae_productos (pro_codigo_plu,pro_codigo_barra,pro_tipo,pro_nombre_producto,pro_nombre_corto,med_id,emb_id,pro_unidades_embalaje,dep_id,lin_id,mar_id,pro_precio_compra_neto,pro_precio_compra_bruto,pro_precio_venta,pro_margen_actual,pro_oferta,pro_fecha_inicio_oferta,pro_fecha_termino_oferta,pro_precio_oferta,pro_stock_minimo,pro_stock_critico,pro_entradas_bodega,pro_salidas_bodega,pro_mermas_bodega,pro_ajustes_bodega,pro_entradas_sv,pro_salidas_sv,pro_mermas_sv,pro_ajustes_sv,pro_activo,rec_numero,pro_unidad,pro_capacidad,pro_consumo_bodega,pro_consumo_sv,pro_estado,pro_funcion_plu,pro_flejes,pro_iva,pro_plu_asociado,pro_envase,pro_duracion,pro_numero_etiqueta) VALUES (78017146,@@@770010@@@,@@@0@@@,@@@PAPEL CRAF DELGADO@@@,@@@PAPEL CRAF DELGA@@@,@@@1 @@@,@@@3 @@@,@@@0@@@,@@@24 @@@,@@@137@@@,@@@2507@@@,@@@0@@@,@@@0@@@,@@@50@@@,@@@0@@@,@@@@@@,@@@2013.05.22@@@,@@@2013.05.22@@@,@@@0@@@,@@@0@@@,@@@0@@@,@@@0@@@,@@@0@@@,@@@0@@@,@@@0@@@,@@@0@@@,@@@0@@@,@@@0@@@,@@@0@@@,@@@1@@@,@@@0@@@,0,1,0,0,2,0,1,1,0,@@@NO@@@,0,0)','',2,'2013-05-22'),(16550,'DELETE FROM mae_impuestos_productos WHERE pro_codigo_plu=@@@78017146@@@','',2,'2013-05-22'),(16551,'INSERT INTO mae_productos (pro_codigo_plu,pro_codigo_barra,pro_tipo,pro_nombre_producto,pro_nombre_corto,med_id,emb_id,pro_unidades_embalaje,dep_id,lin_id,mar_id,pro_precio_compra_neto,pro_precio_compra_bruto,pro_precio_venta,pro_margen_actual,pro_oferta,pro_fecha_inicio_oferta,pro_fecha_termino_oferta,pro_precio_oferta,pro_stock_minimo,pro_stock_critico,pro_entradas_bodega,pro_salidas_bodega,pro_mermas_bodega,pro_ajustes_bodega,pro_entradas_sv,pro_salidas_sv,pro_mermas_sv,pro_ajustes_sv,pro_activo,rec_numero,pro_unidad,pro_capacidad,pro_consumo_bodega,pro_consumo_sv,pro_estado,pro_funcion_plu,pro_flejes,pro_iva,pro_plu_asociado,pro_envase,pro_duracion,pro_numero_etiqueta) VALUES (78017147,@@@770011@@@,@@@0@@@,@@@PAPEL CRAF GRUESO@@@,@@@PAPEL CRAF GRUES@@@,@@@1 @@@,@@@3 @@@,@@@0@@@,@@@24 @@@,@@@137@@@,@@@2507@@@,@@@0@@@,@@@0@@@,@@@90@@@,@@@0@@@,@@@@@@,@@@2013.05.22@@@,@@@2013.05.22@@@,@@@0@@@,@@@0@@@,@@@0@@@,@@@0@@@,@@@0@@@,@@@0@@@,@@@0@@@,@@@0@@@,@@@0@@@,@@@0@@@,@@@0@@@,@@@1@@@,@@@0@@@,0,1,0,0,2,0,1,1,0,@@@NO@@@,0,0)','',2,'2013-05-22'),(16552,'DELETE FROM mae_impuestos_productos WHERE pro_codigo_plu=@@@78017147@@@','',2,'2013-05-22'),(16553,'INSERT INTO mae_productos (pro_codigo_plu,pro_codigo_barra,pro_tipo,pro_nombre_producto,pro_nombre_corto,med_id,emb_id,pro_unidades_embalaje,dep_id,lin_id,mar_id,pro_precio_compra_neto,pro_precio_compra_bruto,pro_precio_venta,pro_margen_actual,pro_oferta,pro_fecha_inicio_oferta,pro_fecha_termino_oferta,pro_precio_oferta,pro_stock_minimo,pro_stock_critico,pro_entradas_bodega,pro_salidas_bodega,pro_mermas_bodega,pro_ajustes_bodega,pro_entradas_sv,pro_salidas_sv,pro_mermas_sv,pro_ajustes_sv,pro_activo,rec_numero,pro_unidad,pro_capacidad,pro_consumo_bodega,pro_consumo_sv,pro_estado,pro_funcion_plu,pro_flejes,pro_iva,pro_plu_asociado,pro_envase,pro_duracion,pro_numero_etiqueta) VALUES (78017148,@@@770012@@@,@@@0@@@,@@@PAPEL MANTEQUILLA@@@,@@@PAPEL MANTEQUILL@@@,@@@1 @@@,@@@3 @@@,@@@0@@@,@@@24 @@@,@@@137@@@,@@@2507@@@,@@@0@@@,@@@0@@@,@@@130@@@,@@@0@@@,@@@@@@,@@@2013.05.22@@@,@@@2013.05.22@@@,@@@0@@@,@@@0@@@,@@@0@@@,@@@0@@@,@@@0@@@,@@@0@@@,@@@0@@@,@@@0@@@,@@@0@@@,@@@0@@@,@@@0@@@,@@@1@@@,@@@0@@@,0,1,0,0,2,0,1,1,0,@@@NO@@@,0,0)','',2,'2013-05-22'),(16554,'DELETE FROM mae_impuestos_productos WHERE pro_codigo_plu=@@@78017148@@@','',2,'2013-05-22'),(16555,'INSERT INTO mae_productos (pro_codigo_plu,pro_codigo_barra,pro_tipo,pro_nombre_producto,pro_nombre_corto,med_id,emb_id,pro_unidades_embalaje,dep_id,lin_id,mar_id,pro_precio_compra_neto,pro_precio_compra_bruto,pro_precio_venta,pro_margen_actual,pro_oferta,pro_fecha_inicio_oferta,pro_fecha_termino_oferta,pro_precio_oferta,pro_stock_minimo,pro_stock_critico,pro_entradas_bodega,pro_salidas_bodega,pro_mermas_bodega,pro_ajustes_bodega,pro_entradas_sv,pro_salidas_sv,pro_mermas_sv,pro_ajustes_sv,pro_activo,rec_numero,pro_unidad,pro_capacidad,pro_consumo_bodega,pro_consumo_sv,pro_estado,pro_funcion_plu,pro_flejes,pro_iva,pro_plu_asociado,pro_envase,pro_duracion,pro_numero_etiqueta) VALUES (78017149,@@@770013@@@,@@@0@@@,@@@PAPEL DIAMANTE PLIEGO@@@,@@@PAPEL DIAMANTE P@@@,@@@1 @@@,@@@3 @@@,@@@0@@@,@@@24 @@@,@@@137@@@,@@@2507@@@,@@@0@@@,@@@0@@@,@@@790@@@,@@@0@@@,@@@@@@,@@@2013.05.22@@@,@@@2013.05.22@@@,@@@0@@@,@@@0@@@,@@@0@@@,@@@0@@@,@@@0@@@,@@@0@@@,@@@0@@@,@@@0@@@,@@@0@@@,@@@0@@@,@@@0@@@,@@@1@@@,@@@0@@@,0,1,0,0,2,0,1,1,0,@@@NO@@@,0,0)','',2,'2013-05-22'),(16556,'DELETE FROM mae_impuestos_productos WHERE pro_codigo_plu=@@@78017149@@@','',2,'2013-05-22'),(16557,'INSERT INTO mae_productos (pro_codigo_plu,pro_codigo_barra,pro_tipo,pro_nombre_producto,pro_nombre_corto,med_id,emb_id,pro_unidades_embalaje,dep_id,lin_id,mar_id,pro_precio_compra_neto,pro_precio_compra_bruto,pro_precio_venta,pro_margen_actual,pro_oferta,pro_fecha_inicio_oferta,pro_fecha_termino_oferta,pro_precio_oferta,pro_stock_minimo,pro_stock_critico,pro_entradas_bodega,pro_salidas_bodega,pro_mermas_bodega,pro_ajustes_bodega,pro_entradas_sv,pro_salidas_sv,pro_mermas_sv,pro_ajustes_sv,pro_activo,rec_numero,pro_unidad,pro_capacidad,pro_consumo_bodega,pro_consumo_sv,pro_estado,pro_funcion_plu,pro_flejes,pro_iva,pro_plu_asociado,pro_envase,pro_duracion,pro_numero_etiqueta) VALUES (78017150,@@@770014@@@,@@@0@@@,@@@PAPEL ARROZ VARIEDAD DE COLOR@@@,@@@PAPEL ARROZ VARI@@@,@@@1 @@@,@@@3 @@@,@@@0@@@,@@@24 @@@,@@@137@@@,@@@2507@@@,@@@0@@@,@@@0@@@,@@@290@@@,@@@0@@@,@@@@@@,@@@2013.05.22@@@,@@@2013.05.22@@@,@@@0@@@,@@@0@@@,@@@0@@@,@@@0@@@,@@@0@@@,@@@0@@@,@@@0@@@,@@@0@@@,@@@0@@@,@@@0@@@,@@@0@@@,@@@1@@@,@@@0@@@,0,1,0,0,2,0,1,1,0,@@@NO@@@,0,0)','',2,'2013-05-22'),(16558,'DELETE FROM mae_impuestos_productos WHERE pro_codigo_plu=@@@78017150@@@','',2,'2013-05-22'),(16559,'INSERT INTO mae_productos (pro_codigo_plu,pro_codigo_barra,pro_tipo,pro_nombre_producto,pro_nombre_corto,med_id,emb_id,pro_unidades_embalaje,dep_id,lin_id,mar_id,pro_precio_compra_neto,pro_precio_compra_bruto,pro_precio_venta,pro_margen_actual,pro_oferta,pro_fecha_inicio_oferta,pro_fecha_termino_oferta,pro_precio_oferta,pro_stock_minimo,pro_stock_critico,pro_entradas_bodega,pro_salidas_bodega,pro_mermas_bodega,pro_ajustes_bodega,pro_entradas_sv,pro_salidas_sv,pro_mermas_sv,pro_ajustes_sv,pro_activo,rec_numero,pro_unidad,pro_capacidad,pro_consumo_bodega,pro_consumo_sv,pro_estado,pro_funcion_plu,pro_flejes,pro_iva,pro_plu_asociado,pro_envase,pro_duracion,pro_numero_etiqueta) VALUES (78017151,@@@770015@@@,@@@0@@@,@@@PAPEL SELOFAN PLIEGO@@@,@@@PAPEL SELOFAN PL@@@,@@@1 @@@,@@@3 @@@,@@@0@@@,@@@24 @@@,@@@137@@@,@@@2507@@@,@@@0@@@,@@@0@@@,@@@290@@@,@@@0@@@,@@@@@@,@@@2013.05.22@@@,@@@2013.05.22@@@,@@@0@@@,@@@0@@@,@@@0@@@,@@@0@@@,@@@0@@@,@@@0@@@,@@@0@@@,@@@0@@@,@@@0@@@,@@@0@@@,@@@0@@@,@@@1@@@,@@@0@@@,0,1,0,0,2,0,1,1,0,@@@NO@@@,0,0)','',2,'2013-05-22'),(16560,'DELETE FROM mae_impuestos_productos WHERE pro_codigo_plu=@@@78017151@@@','',2,'2013-05-22'),(16561,'INSERT INTO mae_productos (pro_codigo_plu,pro_codigo_barra,pro_tipo,pro_nombre_producto,pro_nombre_corto,med_id,emb_id,pro_unidades_embalaje,dep_id,lin_id,mar_id,pro_precio_compra_neto,pro_precio_compra_bruto,pro_precio_venta,pro_margen_actual,pro_oferta,pro_fecha_inicio_oferta,pro_fecha_termino_oferta,pro_precio_oferta,pro_stock_minimo,pro_stock_critico,pro_entradas_bodega,pro_salidas_bodega,pro_mermas_bodega,pro_ajustes_bodega,pro_entradas_sv,pro_salidas_sv,pro_mermas_sv,pro_ajustes_sv,pro_activo,rec_numero,pro_unidad,pro_capacidad,pro_consumo_bodega,pro_consumo_sv,pro_estado,pro_funcion_plu,pro_flejes,pro_iva,pro_plu_asociado,pro_envase,pro_duracion,pro_numero_etiqueta) VALUES (78017152,@@@770016@@@,@@@0@@@,@@@GOMA EVA PLIEGO VARIEDA DE DE COLOR@@@,@@@GOMA EVA PLIEGO@@@,@@@1 @@@,@@@3 @@@,@@@0@@@,@@@24 @@@,@@@137@@@,@@@2507@@@,@@@0@@@,@@@0@@@,@@@490@@@,@@@0@@@,@@@@@@,@@@2013.05.22@@@,@@@2013.05.22@@@,@@@0@@@,@@@0@@@,@@@0@@@,@@@0@@@,@@@0@@@,@@@0@@@,@@@0@@@,@@@0@@@,@@@0@@@,@@@0@@@,@@@0@@@,@@@1@@@,@@@0@@@,0,1,0,0,2,0,1,1,0,@@@NO@@@,0,0)','',2,'2013-05-22'),(16562,'DELETE FROM mae_impuestos_productos WHERE pro_codigo_plu=@@@78017152@@@','',2,'2013-05-22'),(16563,'UPDATE mae_productos SET pro_codigo_barra=@@@7702251017464@@@,pro_tipo=@@@0@@@,pro_nombre_producto=@@@VASO PLASTICOS DOMINGO TRANSPARENTES 300 CC.25 UN.@@@,pro_nombre_corto=@@@VASO PLASTICOS D@@@,med_id=@@@1@@@,emb_id=@@@4@@@,pro_unidades_embalaje=@@@20@@@,dep_id=@@@2 @@@,lin_id=@@@42@@@,mar_id=@@@2229@@@,pro_precio_compra_neto=@@@0@@@,pro_precio_compra_bruto=@@@0@@@,pro_precio_venta=@@@650@@@,pro_margen_actual=@@@0@@@,pro_oferta=@@@NO@@@,pro_fecha_inicio_oferta=@@@2006.09.07@@@,pro_fecha_termino_oferta=@@@2006.09.07@@@,pro_precio_oferta=@@@0@@@,pro_stock_minimo=@@@20@@@,pro_stock_critico=@@@10@@@,pro_activo=@@@1@@@,pro_unidad=@@@0@@@,pro_precio_compra_bruto=0,pro_margen_actual=0,pro_capacidad=1,pro_funcion_plu=0,pro_flejes=1,pro_iva=1,pro_plu_asociado=0,pro_envase=@@@NO@@@,pro_duracion=0,pro_numero_etiqueta=0 WHERE pro_codigo_plu=@@@102168@@@','',2,'2013-05-22'),(16564,'UPDATE mae_productos SET pro_estado=1 WHERE pro_codigo_plu=102168','',2,'2013-05-22'),(16565,'DELETE FROM mae_impuestos_productos WHERE pro_codigo_plu=@@@102168@@@','',2,'2013-05-22'),(16566,'INSERT INTO mae_productos (pro_codigo_plu,pro_codigo_barra,pro_tipo,pro_nombre_producto,pro_nombre_corto,med_id,emb_id,pro_unidades_embalaje,dep_id,lin_id,mar_id,pro_precio_compra_neto,pro_precio_compra_bruto,pro_precio_venta,pro_margen_actual,pro_oferta,pro_fecha_inicio_oferta,pro_fecha_termino_oferta,pro_precio_oferta,pro_stock_minimo,pro_stock_critico,pro_entradas_bodega,pro_salidas_bodega,pro_mermas_bodega,pro_ajustes_bodega,pro_entradas_sv,pro_salidas_sv,pro_mermas_sv,pro_ajustes_sv,pro_activo,rec_numero,pro_unidad,pro_capacidad,pro_consumo_bodega,pro_consumo_sv,pro_estado,pro_funcion_plu,pro_flejes,pro_iva,pro_plu_asociado,pro_envase,pro_duracion,pro_numero_etiqueta) VALUES (78017153,@@@78017153@@@,@@@0@@@,@@@VASO PLASTICO DOMINGO X 1 UND@@@,@@@VASO PLASTICO DO@@@,@@@1 @@@,@@@3 @@@,@@@0@@@,@@@2 @@@,@@@42@@@,@@@2229@@@,@@@0@@@,@@@0@@@,@@@30@@@,@@@0@@@,@@@@@@,@@@2013.05.22@@@,@@@2013.05.22@@@,@@@0@@@,@@@0@@@,@@@0@@@,@@@0@@@,@@@0@@@,@@@0@@@,@@@0@@@,@@@0@@@,@@@0@@@,@@@0@@@,@@@0@@@,@@@1@@@,@@@0@@@,0,1,0,0,2,0,1,1,0,@@@NO@@@,0,0)','',2,'2013-05-22'),(16567,'DELETE FROM mae_impuestos_productos WHERE pro_codigo_plu=@@@78017153@@@','',2,'2013-05-22'),(16568,'INSERT INTO gne_vale_ferreteria (vfe_id,vfe_fecha,vfe_total,vfe_estado,vfe_entregado,usu_nusuario) VALUES (449,@@@2013.05.22@@@,50,1,0,@@@G_DIAZ@@@)','',2,'2013-05-22'),(16569,'INSERT INTO gne_vale_ferreteria_mov (vfe_id,pro_codigo_plu,vfm_cantidad,vfm_unitario,vfm_total,vfm_entregado) VALUES (449,78017146,1,50,50,@@@NO@@@)','',2,'2013-05-22'),(16570,'INSERT INTO gne_vale_ferreteria (vfe_id,vfe_fecha,vfe_total,vfe_estado,vfe_entregado,usu_nusuario) VALUES (450,@@@2013.05.22@@@,450,1,0,@@@G_DIAZ@@@)','',2,'2013-05-22'),(16571,'INSERT INTO gne_vale_ferreteria_mov (vfe_id,pro_codigo_plu,vfm_cantidad,vfm_unitario,vfm_total,vfm_entregado) VALUES (450,764016,1,450,450,@@@NO@@@)','',2,'2013-05-22'),(16572,'UPDATE mae_productos SET pro_precio_fiscal=pro_precio_venta WHERE pro_codigo_plu=78017145','',2,'2013-05-22'),(16573,'UPDATE mae_productos SET pro_precio_fiscal=pro_precio_venta WHERE pro_codigo_plu=78017146','',2,'2013-05-22'),(16574,'UPDATE mae_productos SET pro_precio_fiscal=pro_precio_venta WHERE pro_codigo_plu=78017147','',2,'2013-05-22'),(16575,'UPDATE mae_productos SET pro_precio_fiscal=pro_precio_venta WHERE pro_codigo_plu=78017148','',2,'2013-05-22'),(16576,'UPDATE mae_productos SET pro_precio_fiscal=pro_precio_venta WHERE pro_codigo_plu=78017149','',2,'2013-05-22'),(16577,'UPDATE mae_productos SET pro_precio_fiscal=pro_precio_venta WHERE pro_codigo_plu=78017150','',2,'2013-05-22'),(16578,'UPDATE mae_productos SET pro_precio_fiscal=pro_precio_venta WHERE pro_codigo_plu=78017151','',2,'2013-05-22'),(16579,'UPDATE mae_productos SET pro_precio_fiscal=pro_precio_venta WHERE pro_codigo_plu=78017152','',2,'2013-05-22'),(16580,'UPDATE mae_productos SET pro_precio_fiscal=pro_precio_venta WHERE pro_codigo_plu=102168','',2,'2013-05-22'),(16581,'UPDATE mae_productos SET pro_precio_fiscal=pro_precio_venta WHERE pro_codigo_plu=78017153','',2,'2013-05-22'),(16582,'UPDATE mae_productos SET pro_margen_actual=0,pro_precio_venta=690 WHERE pro_codigo_plu=574','',2,'2013-05-22'),(16583,'UPDATE mae_productos SET pro_precio_fiscal=pro_precio_venta WHERE pro_codigo_plu=574','',2,'2013-05-22'),(16584,'INSERT INTO gne_vale_ferreteria (vfe_id,vfe_fecha,vfe_total,vfe_estado,vfe_entregado,usu_nusuario) VALUES (451,@@@2013.05.22@@@,1890,1,0,@@@G_DIAZ@@@)','',2,'2013-05-22'),(16585,'INSERT INTO gne_vale_ferreteria_mov (vfe_id,pro_codigo_plu,vfm_cantidad,vfm_unitario,vfm_total,vfm_entregado) VALUES (451,763600,1,1890,1890,@@@NO@@@)','',2,'2013-05-22'),(16586,'INSERT INTO gne_vale_ferreteria (vfe_id,vfe_fecha,vfe_total,vfe_estado,vfe_entregado,usu_nusuario) VALUES (452,@@@2013.05.22@@@,590,1,0,@@@G_DIAZ@@@)','',2,'2013-05-22'),(16587,'INSERT INTO gne_vale_ferreteria_mov (vfe_id,pro_codigo_plu,vfm_cantidad,vfm_unitario,vfm_total,vfm_entregado) VALUES (452,764506,1,590,590,@@@NO@@@)','',2,'2013-05-22'),(16588,'INSERT INTO gne_vale_ferreteria (vfe_id,vfe_fecha,vfe_total,vfe_estado,vfe_entregado,usu_nusuario) VALUES (453,@@@2013.05.22@@@,690,1,0,@@@G_DIAZ@@@)','',2,'2013-05-22'),(16589,'INSERT INTO gne_vale_ferreteria_mov (vfe_id,pro_codigo_plu,vfm_cantidad,vfm_unitario,vfm_total,vfm_entregado) VALUES (453,763592,1,200,200,@@@NO@@@)','',2,'2013-05-22'),(16590,'INSERT INTO gne_vale_ferreteria_mov (vfe_id,pro_codigo_plu,vfm_cantidad,vfm_unitario,vfm_total,vfm_entregado) VALUES (453,763821,1,490,490,@@@NO@@@)','',2,'2013-05-22'),(16591,'UPDATE mae_productos SET pro_margen_actual=0,pro_precio_venta=110 WHERE pro_codigo_plu=1011','',2,'2013-05-22'),(16592,'UPDATE mae_productos SET pro_margen_actual=0,pro_precio_venta=110 WHERE pro_codigo_plu=1012','',2,'2013-05-22'),(16593,'UPDATE mae_productos SET pro_precio_fiscal=pro_precio_venta WHERE pro_codigo_plu=1011','',2,'2013-05-22'),(16594,'UPDATE mae_productos SET pro_precio_fiscal=pro_precio_venta WHERE pro_codigo_plu=1012','',2,'2013-05-22'),(16595,'UPDATE mae_productos SET pro_codigo_barra=@@@1012@@@,pro_tipo=@@@0@@@,pro_nombre_producto=@@@HUEVO COLOR@@@,pro_nombre_corto=@@@HUEVO COLOR@@@,med_id=@@@1@@@,emb_id=@@@1@@@,pro_unidades_embalaje=@@@1@@@,dep_id=@@@3 @@@,lin_id=@@@53@@@,mar_id=@@@2507@@@,pro_precio_compra_neto=@@@0@@@,pro_precio_compra_bruto=@@@0@@@,pro_precio_venta=@@@110@@@,pro_margen_actual=@@@0@@@,pro_oferta=@@@NO@@@,pro_fecha_inicio_oferta=@@@1900.01.01@@@,pro_fecha_termino_oferta=@@@1900.01.01@@@,pro_precio_oferta=@@@0@@@,pro_stock_minimo=@@@1@@@,pro_stock_critico=@@@1@@@,pro_activo=@@@1@@@,pro_unidad=@@@1@@@,pro_precio_compra_bruto=0,pro_margen_actual=0,pro_capacidad=1,pro_funcion_plu=2,pro_flejes=0,pro_iva=1,pro_plu_asociado=0,pro_envase=@@@NO@@@,pro_duracion=0,pro_numero_etiqueta=3 WHERE pro_codigo_plu=@@@1012@@@','',2,'2013-05-22'),(16596,'UPDATE mae_productos SET pro_estado=1 WHERE pro_codigo_plu=1012','',2,'2013-05-22'),(16597,'DELETE FROM mae_impuestos_productos WHERE pro_codigo_plu=@@@1012@@@','',2,'2013-05-22'),(16598,'INSERT INTO gne_vale_ferreteria (vfe_id,vfe_fecha,vfe_total,vfe_estado,vfe_entregado,usu_nusuario) VALUES (454,@@@2013.05.22@@@,690,1,0,@@@G_DIAZ@@@)','',2,'2013-05-22'),(16599,'INSERT INTO gne_vale_ferreteria_mov (vfe_id,pro_codigo_plu,vfm_cantidad,vfm_unitario,vfm_total,vfm_entregado) VALUES (454,1454,1,690,690,@@@NO@@@)','',2,'2013-05-22'),(16600,'INSERT INTO mae_productos (pro_codigo_plu,pro_codigo_barra,pro_tipo,pro_nombre_producto,pro_nombre_corto,med_id,emb_id,pro_unidades_embalaje,dep_id,lin_id,mar_id,pro_precio_compra_neto,pro_precio_compra_bruto,pro_precio_venta,pro_margen_actual,pro_oferta,pro_fecha_inicio_oferta,pro_fecha_termino_oferta,pro_precio_oferta,pro_stock_minimo,pro_stock_critico,pro_entradas_bodega,pro_salidas_bodega,pro_mermas_bodega,pro_ajustes_bodega,pro_entradas_sv,pro_salidas_sv,pro_mermas_sv,pro_ajustes_sv,pro_activo,rec_numero,pro_unidad,pro_capacidad,pro_consumo_bodega,pro_consumo_sv,pro_estado,pro_funcion_plu,pro_flejes,pro_iva,pro_plu_asociado,pro_envase,pro_duracion,pro_numero_etiqueta) VALUES (78017154,@@@6908116867156@@@,@@@0@@@,@@@PINZAS DE PELO NEGRA PACK@@@,@@@PINZAS DE PELO N@@@,@@@1 @@@,@@@3 @@@,@@@0@@@,@@@21 @@@,@@@125@@@,@@@2507@@@,@@@0@@@,@@@0@@@,@@@120@@@,@@@0@@@,@@@@@@,@@@2013.05.22@@@,@@@2013.05.22@@@,@@@0@@@,@@@0@@@,@@@0@@@,@@@0@@@,@@@0@@@,@@@0@@@,@@@0@@@,@@@0@@@,@@@0@@@,@@@0@@@,@@@0@@@,@@@1@@@,@@@0@@@,0,1,0,0,2,0,1,1,0,@@@NO@@@,0,0)','',2,'2013-05-22'),(16601,'DELETE FROM mae_impuestos_productos WHERE pro_codigo_plu=@@@78017154@@@','',2,'2013-05-22'),(16602,'INSERT INTO mae_productos (pro_codigo_plu,pro_codigo_barra,pro_tipo,pro_nombre_producto,pro_nombre_corto,med_id,emb_id,pro_unidades_embalaje,dep_id,lin_id,mar_id,pro_precio_compra_neto,pro_precio_compra_bruto,pro_precio_venta,pro_margen_actual,pro_oferta,pro_fecha_inicio_oferta,pro_fecha_termino_oferta,pro_precio_oferta,pro_stock_minimo,pro_stock_critico,pro_entradas_bodega,pro_salidas_bodega,pro_mermas_bodega,pro_ajustes_bodega,pro_entradas_sv,pro_salidas_sv,pro_mermas_sv,pro_ajustes_sv,pro_activo,rec_numero,pro_unidad,pro_capacidad,pro_consumo_bodega,pro_consumo_sv,pro_estado,pro_funcion_plu,pro_flejes,pro_iva,pro_plu_asociado,pro_envase,pro_duracion,pro_numero_etiqueta) VALUES (78017155,@@@7804606520411@@@,@@@0@@@,@@@CUADERNO CALIGRAFIA VERTICAL COLLAGE@@@,@@@CUADERNO CALIGRA@@@,@@@1 @@@,@@@3 @@@,@@@0@@@,@@@24 @@@,@@@137@@@,@@@2567@@@,@@@0@@@,@@@0@@@,@@@450@@@,@@@0@@@,@@@@@@,@@@2013.05.22@@@,@@@2013.05.22@@@,@@@0@@@,@@@0@@@,@@@0@@@,@@@0@@@,@@@0@@@,@@@0@@@,@@@0@@@,@@@0@@@,@@@0@@@,@@@0@@@,@@@0@@@,@@@1@@@,@@@0@@@,0,1,0,0,2,0,1,1,0,@@@NO@@@,0,0)','',2,'2013-05-22'),(16603,'DELETE FROM mae_impuestos_productos WHERE pro_codigo_plu=@@@78017155@@@','',2,'2013-05-22'),(16604,'INSERT INTO mae_productos (pro_codigo_plu,pro_codigo_barra,pro_tipo,pro_nombre_producto,pro_nombre_corto,med_id,emb_id,pro_unidades_embalaje,dep_id,lin_id,mar_id,pro_precio_compra_neto,pro_precio_compra_bruto,pro_precio_venta,pro_margen_actual,pro_oferta,pro_fecha_inicio_oferta,pro_fecha_termino_oferta,pro_precio_oferta,pro_stock_minimo,pro_stock_critico,pro_entradas_bodega,pro_salidas_bodega,pro_mermas_bodega,pro_ajustes_bodega,pro_entradas_sv,pro_salidas_sv,pro_mermas_sv,pro_ajustes_sv,pro_activo,rec_numero,pro_unidad,pro_capacidad,pro_consumo_bodega,pro_consumo_sv,pro_estado,pro_funcion_plu,pro_flejes,pro_iva,pro_plu_asociado,pro_envase,pro_duracion,pro_numero_etiqueta) VALUES (78017156,@@@7807265027444@@@,@@@0@@@,@@@BLOCK PREPICADO CUADRICULADO 7MM@@@,@@@BLOCK PREPICADO @@@,@@@1 @@@,@@@3 @@@,@@@0@@@,@@@24 @@@,@@@137@@@,@@@1254@@@,@@@0@@@,@@@0@@@,@@@920@@@,@@@0@@@,@@@@@@,@@@2013.05.22@@@,@@@2013.05.22@@@,@@@0@@@,@@@0@@@,@@@0@@@,@@@0@@@,@@@0@@@,@@@0@@@,@@@0@@@,@@@0@@@,@@@0@@@,@@@0@@@,@@@0@@@,@@@1@@@,@@@0@@@,0,1,0,0,2,0,1,1,0,@@@NO@@@,0,0)','',2,'2013-05-22'),(16605,'DELETE FROM mae_impuestos_productos WHERE pro_codigo_plu=@@@78017156@@@','',2,'2013-05-22'),(16606,'INSERT INTO mae_productos (pro_codigo_plu,pro_codigo_barra,pro_tipo,pro_nombre_producto,pro_nombre_corto,med_id,emb_id,pro_unidades_embalaje,dep_id,lin_id,mar_id,pro_precio_compra_neto,pro_precio_compra_bruto,pro_precio_venta,pro_margen_actual,pro_oferta,pro_fecha_inicio_oferta,pro_fecha_termino_oferta,pro_precio_oferta,pro_stock_minimo,pro_stock_critico,pro_entradas_bodega,pro_salidas_bodega,pro_mermas_bodega,pro_ajustes_bodega,pro_entradas_sv,pro_salidas_sv,pro_mermas_sv,pro_ajustes_sv,pro_activo,rec_numero,pro_unidad,pro_capacidad,pro_consumo_bodega,pro_consumo_sv,pro_estado,pro_funcion_plu,pro_flejes,pro_iva,pro_plu_asociado,pro_envase,pro_duracion,pro_numero_etiqueta) VALUES (78017157,@@@7807265027383@@@,@@@0@@@,@@@BLOCK PREPICADO CUADRICULADO 7MM TAMAÑO CARTA@@@,@@@BLOCK PREPICADO @@@,@@@1 @@@,@@@3 @@@,@@@0@@@,@@@24 @@@,@@@137@@@,@@@1254@@@,@@@0@@@,@@@0@@@,@@@770@@@,@@@0@@@,@@@@@@,@@@2013.05.22@@@,@@@2013.05.22@@@,@@@0@@@,@@@0@@@,@@@0@@@,@@@0@@@,@@@0@@@,@@@0@@@,@@@0@@@,@@@0@@@,@@@0@@@,@@@0@@@,@@@0@@@,@@@1@@@,@@@0@@@,0,1,0,0,2,0,1,1,0,@@@NO@@@,0,0)','',2,'2013-05-22'),(16607,'DELETE FROM mae_impuestos_productos WHERE pro_codigo_plu=@@@78017157@@@','',2,'2013-05-22'),(16608,'INSERT INTO mae_productos (pro_codigo_plu,pro_codigo_barra,pro_tipo,pro_nombre_producto,pro_nombre_corto,med_id,emb_id,pro_unidades_embalaje,dep_id,lin_id,mar_id,pro_precio_compra_neto,pro_precio_compra_bruto,pro_precio_venta,pro_margen_actual,pro_oferta,pro_fecha_inicio_oferta,pro_fecha_termino_oferta,pro_precio_oferta,pro_stock_minimo,pro_stock_critico,pro_entradas_bodega,pro_salidas_bodega,pro_mermas_bodega,pro_ajustes_bodega,pro_entradas_sv,pro_salidas_sv,pro_mermas_sv,pro_ajustes_sv,pro_activo,rec_numero,pro_unidad,pro_capacidad,pro_consumo_bodega,pro_consumo_sv,pro_estado,pro_funcion_plu,pro_flejes,pro_iva,pro_plu_asociado,pro_envase,pro_duracion,pro_numero_etiqueta) VALUES (78017158,@@@000033021218@@@,@@@0@@@,@@@PAPEL MAQUETA PARQUET 1 UND@@@,@@@PAPEL MAQUETA PA@@@,@@@1 @@@,@@@3 @@@,@@@0@@@,@@@24 @@@,@@@137@@@,@@@2541@@@,@@@0@@@,@@@0@@@,@@@100@@@,@@@0@@@,@@@@@@,@@@2013.05.22@@@,@@@2013.05.22@@@,@@@0@@@,@@@0@@@,@@@0@@@,@@@0@@@,@@@0@@@,@@@0@@@,@@@0@@@,@@@0@@@,@@@0@@@,@@@0@@@,@@@0@@@,@@@1@@@,@@@0@@@,0,1,0,0,2,0,1,1,0,@@@NO@@@,0,0)','',2,'2013-05-22'),(16609,'DELETE FROM mae_impuestos_productos WHERE pro_codigo_plu=@@@78017158@@@','',2,'2013-05-22'),(16610,'UPDATE mae_productos SET pro_codigo_barra=@@@7802900300036@@@,pro_tipo=@@@0@@@,pro_nombre_producto=@@@YOGHURT SOPROLE BATIDO PIÑA 175 GRS@@@,pro_nombre_corto=@@@YOGHURT SOPROLE@@@,med_id=@@@1@@@,emb_id=@@@3@@@,pro_unidades_embalaje=@@@36@@@,dep_id=@@@3 @@@,lin_id=@@@50@@@,mar_id=@@@1993@@@,pro_precio_compra_neto=@@@0@@@,pro_precio_compra_bruto=@@@0@@@,pro_precio_venta=@@@310@@@,pro_margen_actual=@@@0@@@,pro_oferta=@@@NO@@@,pro_fecha_inicio_oferta=@@@1900.01.01@@@,pro_fecha_termino_oferta=@@@1900.01.01@@@,pro_precio_oferta=@@@0@@@,pro_stock_minimo=@@@0@@@,pro_stock_critico=@@@0@@@,pro_activo=@@@1@@@,pro_unidad=@@@0@@@,pro_precio_compra_bruto=0,pro_margen_actual=0,pro_capacidad=0.175,pro_funcion_plu=0,pro_flejes=1,pro_iva=1,pro_plu_asociado=0,pro_envase=@@@NO@@@,pro_duracion=0,pro_numero_etiqueta=0 WHERE pro_codigo_plu=@@@16526@@@','',2,'2013-05-22'),(16611,'UPDATE mae_productos SET pro_estado=1 WHERE pro_codigo_plu=16526','',2,'2013-05-22'),(16612,'DELETE FROM mae_impuestos_productos WHERE pro_codigo_plu=@@@16526@@@','',2,'2013-05-22'),(16613,'UPDATE mae_productos SET pro_codigo_barra=@@@7803473002020@@@,pro_tipo=@@@0@@@,pro_nombre_producto=@@@ALFI MARINELA 45 GRS@@@,pro_nombre_corto=@@@ALFI MARINELA 45@@@,med_id=@@@5@@@,emb_id=@@@3@@@,pro_unidades_embalaje=@@@1@@@,dep_id=@@@32 @@@,lin_id=@@@161@@@,mar_id=@@@1762@@@,pro_precio_compra_neto=@@@0@@@,pro_precio_compra_bruto=@@@0@@@,pro_precio_venta=@@@200@@@,pro_margen_actual=@@@0@@@,pro_oferta=@@@NO@@@,pro_fecha_inicio_oferta=@@@1900.01.01@@@,pro_fecha_termino_oferta=@@@1900.01.01@@@,pro_precio_oferta=@@@0@@@,pro_stock_minimo=@@@85@@@,pro_stock_critico=@@@42@@@,pro_activo=@@@1@@@,pro_unidad=@@@0@@@,pro_precio_compra_bruto=0,pro_margen_actual=0,pro_capacidad=0.045,pro_funcion_plu=0,pro_flejes=1,pro_iva=1,pro_plu_asociado=0,pro_envase=@@@NO@@@,pro_duracion=0,pro_numero_etiqueta=0 WHERE pro_codigo_plu=@@@12029@@@','',2,'2013-05-22'),(16614,'UPDATE mae_productos SET pro_estado=1 WHERE pro_codigo_plu=12029','',2,'2013-05-22'),(16615,'DELETE FROM mae_impuestos_productos WHERE pro_codigo_plu=@@@12029@@@','',2,'2013-05-22'),(16616,'INSERT INTO mae_productos (pro_codigo_plu,pro_codigo_barra,pro_tipo,pro_nombre_producto,pro_nombre_corto,med_id,emb_id,pro_unidades_embalaje,dep_id,lin_id,mar_id,pro_precio_compra_neto,pro_precio_compra_bruto,pro_precio_venta,pro_margen_actual,pro_oferta,pro_fecha_inicio_oferta,pro_fecha_termino_oferta,pro_precio_oferta,pro_stock_minimo,pro_stock_critico,pro_entradas_bodega,pro_salidas_bodega,pro_mermas_bodega,pro_ajustes_bodega,pro_entradas_sv,pro_salidas_sv,pro_mermas_sv,pro_ajustes_sv,pro_activo,rec_numero,pro_unidad,pro_capacidad,pro_consumo_bodega,pro_consumo_sv,pro_estado,pro_funcion_plu,pro_flejes,pro_iva,pro_plu_asociado,pro_envase,pro_duracion,pro_numero_etiqueta) VALUES (78017159,@@@78016651@@@,@@@0@@@,@@@HILTON AZUL 20S@@@,@@@HILTON AZUL 20S@@@,@@@1 @@@,@@@3 @@@,@@@0@@@,@@@25 @@@,@@@141@@@,@@@2663@@@,@@@0@@@,@@@0@@@,@@@1300@@@,@@@0@@@,@@@@@@,@@@2013.05.22@@@,@@@2013.05.22@@@,@@@0@@@,@@@0@@@,@@@0@@@,@@@0@@@,@@@0@@@,@@@0@@@,@@@0@@@,@@@0@@@,@@@0@@@,@@@0@@@,@@@0@@@,@@@1@@@,@@@0@@@,0,1,0,0,2,0,1,1,0,@@@NO@@@,0,0)','',2,'2013-05-22'),(16617,'DELETE FROM mae_impuestos_productos WHERE pro_codigo_plu=@@@78017159@@@','',2,'2013-05-22'),(16618,'INSERT INTO gne_vale_ferreteria (vfe_id,vfe_fecha,vfe_total,vfe_estado,vfe_entregado,usu_nusuario) VALUES (455,@@@2013.05.22@@@,490,1,0,@@@G_DIAZ@@@)','',2,'2013-05-22'),(16619,'INSERT INTO gne_vale_ferreteria_mov (vfe_id,pro_codigo_plu,vfm_cantidad,vfm_unitario,vfm_total,vfm_entregado) VALUES (455,764760,1,490,490,@@@NO@@@)','',2,'2013-05-22'),(16620,'INSERT INTO mae_productos (pro_codigo_plu,pro_codigo_barra,pro_tipo,pro_nombre_producto,pro_nombre_corto,med_id,emb_id,pro_unidades_embalaje,dep_id,lin_id,mar_id,pro_precio_compra_neto,pro_precio_compra_bruto,pro_precio_venta,pro_margen_actual,pro_oferta,pro_fecha_inicio_oferta,pro_fecha_termino_oferta,pro_precio_oferta,pro_stock_minimo,pro_stock_critico,pro_entradas_bodega,pro_salidas_bodega,pro_mermas_bodega,pro_ajustes_bodega,pro_entradas_sv,pro_salidas_sv,pro_mermas_sv,pro_ajustes_sv,pro_activo,rec_numero,pro_unidad,pro_capacidad,pro_consumo_bodega,pro_consumo_sv,pro_estado,pro_funcion_plu,pro_flejes,pro_iva,pro_plu_asociado,pro_envase,pro_duracion,pro_numero_etiqueta) VALUES (78017160,@@@7807265981043@@@,@@@0@@@,@@@PAPEL MAQUETA LADRILLO ROJO@@@,@@@PAPEL MAQUETA LA@@@,@@@1 @@@,@@@3 @@@,@@@0@@@,@@@24 @@@,@@@137@@@,@@@1254@@@,@@@0@@@,@@@0@@@,@@@100@@@,@@@0@@@,@@@@@@,@@@2013.05.22@@@,@@@2013.05.22@@@,@@@0@@@,@@@0@@@,@@@0@@@,@@@0@@@,@@@0@@@,@@@0@@@,@@@0@@@,@@@0@@@,@@@0@@@,@@@0@@@,@@@0@@@,@@@1@@@,@@@0@@@,0,1,0,0,2,0,1,1,0,@@@NO@@@,0,0)','',2,'2013-05-22'),(16621,'DELETE FROM mae_impuestos_productos WHERE pro_codigo_plu=@@@78017160@@@','',2,'2013-05-22'),(16622,'INSERT INTO mae_productos (pro_codigo_plu,pro_codigo_barra,pro_tipo,pro_nombre_producto,pro_nombre_corto,med_id,emb_id,pro_unidades_embalaje,dep_id,lin_id,mar_id,pro_precio_compra_neto,pro_precio_compra_bruto,pro_precio_venta,pro_margen_actual,pro_oferta,pro_fecha_inicio_oferta,pro_fecha_termino_oferta,pro_precio_oferta,pro_stock_minimo,pro_stock_critico,pro_entradas_bodega,pro_salidas_bodega,pro_mermas_bodega,pro_ajustes_bodega,pro_entradas_sv,pro_salidas_sv,pro_mermas_sv,pro_ajustes_sv,pro_activo,rec_numero,pro_unidad,pro_capacidad,pro_consumo_bodega,pro_consumo_sv,pro_estado,pro_funcion_plu,pro_flejes,pro_iva,pro_plu_asociado,pro_envase,pro_duracion,pro_numero_etiqueta) VALUES (78017161,@@@7807265981067@@@,@@@0@@@,@@@PAPEL MAQUETA MADERA@@@,@@@PAPEL MAQUETA MA@@@,@@@1 @@@,@@@3 @@@,@@@0@@@,@@@24 @@@,@@@137@@@,@@@1254@@@,@@@0@@@,@@@0@@@,@@@100@@@,@@@0@@@,@@@@@@,@@@2013.05.22@@@,@@@2013.05.22@@@,@@@0@@@,@@@0@@@,@@@0@@@,@@@0@@@,@@@0@@@,@@@0@@@,@@@0@@@,@@@0@@@,@@@0@@@,@@@0@@@,@@@0@@@,@@@1@@@,@@@0@@@,0,1,0,0,2,0,1,1,0,@@@NO@@@,0,0)','',2,'2013-05-22'),(16623,'DELETE FROM mae_impuestos_productos WHERE pro_codigo_plu=@@@78017161@@@','',2,'2013-05-22'),(16624,'INSERT INTO mae_productos (pro_codigo_plu,pro_codigo_barra,pro_tipo,pro_nombre_producto,pro_nombre_corto,med_id,emb_id,pro_unidades_embalaje,dep_id,lin_id,mar_id,pro_precio_compra_neto,pro_precio_compra_bruto,pro_precio_venta,pro_margen_actual,pro_oferta,pro_fecha_inicio_oferta,pro_fecha_termino_oferta,pro_precio_oferta,pro_stock_minimo,pro_stock_critico,pro_entradas_bodega,pro_salidas_bodega,pro_mermas_bodega,pro_ajustes_bodega,pro_entradas_sv,pro_salidas_sv,pro_mermas_sv,pro_ajustes_sv,pro_activo,rec_numero,pro_unidad,pro_capacidad,pro_consumo_bodega,pro_consumo_sv,pro_estado,pro_funcion_plu,pro_flejes,pro_iva,pro_plu_asociado,pro_envase,pro_duracion,pro_numero_etiqueta) VALUES (78017162,@@@7807265981012@@@,@@@0@@@,@@@PAPEL MAQUETA BALDOSAS@@@,@@@PAPEL MAQUETA BA@@@,@@@1 @@@,@@@3 @@@,@@@0@@@,@@@24 @@@,@@@137@@@,@@@1254@@@,@@@0@@@,@@@0@@@,@@@100@@@,@@@0@@@,@@@@@@,@@@2013.05.22@@@,@@@2013.05.22@@@,@@@0@@@,@@@0@@@,@@@0@@@,@@@0@@@,@@@0@@@,@@@0@@@,@@@0@@@,@@@0@@@,@@@0@@@,@@@0@@@,@@@0@@@,@@@1@@@,@@@0@@@,0,1,0,0,2,0,1,1,0,@@@NO@@@,0,0)','',2,'2013-05-22'),(16625,'DELETE FROM mae_impuestos_productos WHERE pro_codigo_plu=@@@78017162@@@','',2,'2013-05-22'),(16626,'INSERT INTO mae_productos (pro_codigo_plu,pro_codigo_barra,pro_tipo,pro_nombre_producto,pro_nombre_corto,med_id,emb_id,pro_unidades_embalaje,dep_id,lin_id,mar_id,pro_precio_compra_neto,pro_precio_compra_bruto,pro_precio_venta,pro_margen_actual,pro_oferta,pro_fecha_inicio_oferta,pro_fecha_termino_oferta,pro_precio_oferta,pro_stock_minimo,pro_stock_critico,pro_entradas_bodega,pro_salidas_bodega,pro_mermas_bodega,pro_ajustes_bodega,pro_entradas_sv,pro_salidas_sv,pro_mermas_sv,pro_ajustes_sv,pro_activo,rec_numero,pro_unidad,pro_capacidad,pro_consumo_bodega,pro_consumo_sv,pro_estado,pro_funcion_plu,pro_flejes,pro_iva,pro_plu_asociado,pro_envase,pro_duracion,pro_numero_etiqueta) VALUES (78017163,@@@000033021157@@@,@@@0@@@,@@@PAPEL MAQUETA TEJAS COLONIALES NARANJA 1 UND@@@,@@@PAPEL MAQUETA TE@@@,@@@1 @@@,@@@3 @@@,@@@0@@@,@@@24 @@@,@@@137@@@,@@@2541@@@,@@@0@@@,@@@0@@@,@@@100@@@,@@@0@@@,@@@@@@,@@@2013.05.22@@@,@@@2013.05.22@@@,@@@0@@@,@@@0@@@,@@@0@@@,@@@0@@@,@@@0@@@,@@@0@@@,@@@0@@@,@@@0@@@,@@@0@@@,@@@0@@@,@@@0@@@,@@@1@@@,@@@0@@@,0,1,0,0,2,0,1,1,0,@@@NO@@@,0,0)','',2,'2013-05-22'),(16627,'DELETE FROM mae_impuestos_productos WHERE pro_codigo_plu=@@@78017163@@@','',2,'2013-05-22'),(16628,'INSERT INTO mae_productos (pro_codigo_plu,pro_codigo_barra,pro_tipo,pro_nombre_producto,pro_nombre_corto,med_id,emb_id,pro_unidades_embalaje,dep_id,lin_id,mar_id,pro_precio_compra_neto,pro_precio_compra_bruto,pro_precio_venta,pro_margen_actual,pro_oferta,pro_fecha_inicio_oferta,pro_fecha_termino_oferta,pro_precio_oferta,pro_stock_minimo,pro_stock_critico,pro_entradas_bodega,pro_salidas_bodega,pro_mermas_bodega,pro_ajustes_bodega,pro_entradas_sv,pro_salidas_sv,pro_mermas_sv,pro_ajustes_sv,pro_activo,rec_numero,pro_unidad,pro_capacidad,pro_consumo_bodega,pro_consumo_sv,pro_estado,pro_funcion_plu,pro_flejes,pro_iva,pro_plu_asociado,pro_envase,pro_duracion,pro_numero_etiqueta) VALUES (78017164,@@@000033021164@@@,@@@0@@@,@@@PAPEL MAQUETA TEJAS COLONIALES CAFE 1UND@@@,@@@PAPEL MAQUETA TE@@@,@@@1 @@@,@@@3 @@@,@@@0@@@,@@@24 @@@,@@@137@@@,@@@2541@@@,@@@0@@@,@@@0@@@,@@@100@@@,@@@0@@@,@@@@@@,@@@2013.05.22@@@,@@@2013.05.22@@@,@@@0@@@,@@@0@@@,@@@0@@@,@@@0@@@,@@@0@@@,@@@0@@@,@@@0@@@,@@@0@@@,@@@0@@@,@@@0@@@,@@@0@@@,@@@1@@@,@@@0@@@,0,1,0,0,2,0,1,1,0,@@@NO@@@,0,0)','',2,'2013-05-22'),(16629,'DELETE FROM mae_impuestos_productos WHERE pro_codigo_plu=@@@78017164@@@','',2,'2013-05-22'),(16630,'INSERT INTO mae_productos (pro_codigo_plu,pro_codigo_barra,pro_tipo,pro_nombre_producto,pro_nombre_corto,med_id,emb_id,pro_unidades_embalaje,dep_id,lin_id,mar_id,pro_precio_compra_neto,pro_precio_compra_bruto,pro_precio_venta,pro_margen_actual,pro_oferta,pro_fecha_inicio_oferta,pro_fecha_termino_oferta,pro_precio_oferta,pro_stock_minimo,pro_stock_critico,pro_entradas_bodega,pro_salidas_bodega,pro_mermas_bodega,pro_ajustes_bodega,pro_entradas_sv,pro_salidas_sv,pro_mermas_sv,pro_ajustes_sv,pro_activo,rec_numero,pro_unidad,pro_capacidad,pro_consumo_bodega,pro_consumo_sv,pro_estado,pro_funcion_plu,pro_flejes,pro_iva,pro_plu_asociado,pro_envase,pro_duracion,pro_numero_etiqueta) VALUES (78017165,@@@000033021126@@@,@@@0@@@,@@@PAPEL MQUETA EMPEDRADO 1UND@@@,@@@PAPEL MQUETA EMP@@@,@@@1 @@@,@@@3 @@@,@@@0@@@,@@@24 @@@,@@@137@@@,@@@2541@@@,@@@0@@@,@@@0@@@,@@@100@@@,@@@0@@@,@@@@@@,@@@2013.05.22@@@,@@@2013.05.22@@@,@@@0@@@,@@@0@@@,@@@0@@@,@@@0@@@,@@@0@@@,@@@0@@@,@@@0@@@,@@@0@@@,@@@0@@@,@@@0@@@,@@@0@@@,@@@1@@@,@@@0@@@,0,1,0,0,2,0,1,1,0,@@@NO@@@,0,0)','',2,'2013-05-22'),(16631,'DELETE FROM mae_impuestos_productos WHERE pro_codigo_plu=@@@78017165@@@','',2,'2013-05-22'),(16632,'INSERT INTO mae_productos (pro_codigo_plu,pro_codigo_barra,pro_tipo,pro_nombre_producto,pro_nombre_corto,med_id,emb_id,pro_unidades_embalaje,dep_id,lin_id,mar_id,pro_precio_compra_neto,pro_precio_compra_bruto,pro_precio_venta,pro_margen_actual,pro_oferta,pro_fecha_inicio_oferta,pro_fecha_termino_oferta,pro_precio_oferta,pro_stock_minimo,pro_stock_critico,pro_entradas_bodega,pro_salidas_bodega,pro_mermas_bodega,pro_ajustes_bodega,pro_entradas_sv,pro_salidas_sv,pro_mermas_sv,pro_ajustes_sv,pro_activo,rec_numero,pro_unidad,pro_capacidad,pro_consumo_bodega,pro_consumo_sv,pro_estado,pro_funcion_plu,pro_flejes,pro_iva,pro_plu_asociado,pro_envase,pro_duracion,pro_numero_etiqueta) VALUES (78017166,@@@000033021140@@@,@@@0@@@,@@@PAPEL MAQUETA MURO CAFE 1 UND@@@,@@@PAPEL MAQUETA MU@@@,@@@1 @@@,@@@3 @@@,@@@0@@@,@@@24 @@@,@@@137@@@,@@@2541@@@,@@@0@@@,@@@0@@@,@@@100@@@,@@@0@@@,@@@@@@,@@@2013.05.22@@@,@@@2013.05.22@@@,@@@0@@@,@@@0@@@,@@@0@@@,@@@0@@@,@@@0@@@,@@@0@@@,@@@0@@@,@@@0@@@,@@@0@@@,@@@0@@@,@@@0@@@,@@@1@@@,@@@0@@@,0,1,0,0,2,0,1,1,0,@@@NO@@@,0,0)','',2,'2013-05-22'),(16633,'DELETE FROM mae_impuestos_productos WHERE pro_codigo_plu=@@@78017166@@@','',2,'2013-05-22'),(16634,'UPDATE mae_productos SET pro_precio_fiscal=pro_precio_venta WHERE pro_codigo_plu=78017165','',2,'2013-05-22'),(16635,'UPDATE mae_productos SET pro_precio_fiscal=pro_precio_venta WHERE pro_codigo_plu=78017166','',2,'2013-05-22'),(16636,'UPDATE mae_productos SET pro_precio_fiscal=pro_precio_venta WHERE pro_codigo_plu=78017163','',2,'2013-05-22'),(16637,'UPDATE mae_productos SET pro_precio_fiscal=pro_precio_venta WHERE pro_codigo_plu=78017164','',2,'2013-05-22'),(16638,'UPDATE mae_productos SET pro_precio_fiscal=pro_precio_venta WHERE pro_codigo_plu=78017158','',2,'2013-05-22'),(16639,'UPDATE mae_productos SET pro_precio_fiscal=pro_precio_venta WHERE pro_codigo_plu=78017154','',2,'2013-05-22'),(16640,'UPDATE mae_productos SET pro_precio_fiscal=pro_precio_venta WHERE pro_codigo_plu=78017159','',2,'2013-05-22'),(16641,'UPDATE mae_productos SET pro_precio_fiscal=pro_precio_venta WHERE pro_codigo_plu=16526','',2,'2013-05-22'),(16642,'UPDATE mae_productos SET pro_precio_fiscal=pro_precio_venta WHERE pro_codigo_plu=78017155','',2,'2013-05-22'),(16643,'UPDATE mae_productos SET pro_precio_fiscal=pro_precio_venta WHERE pro_codigo_plu=78017157','',2,'2013-05-22'),(16644,'UPDATE mae_productos SET pro_precio_fiscal=pro_precio_venta WHERE pro_codigo_plu=78017156','',2,'2013-05-22'),(16645,'UPDATE mae_productos SET pro_precio_fiscal=pro_precio_venta WHERE pro_codigo_plu=78017162','',2,'2013-05-22'),(16646,'UPDATE mae_productos SET pro_precio_fiscal=pro_precio_venta WHERE pro_codigo_plu=78017160','',2,'2013-05-22'),(16647,'UPDATE mae_productos SET pro_precio_fiscal=pro_precio_venta WHERE pro_codigo_plu=78017161','',2,'2013-05-22'),(16648,'INSERT INTO mae_productos (pro_codigo_plu,pro_codigo_barra,pro_tipo,pro_nombre_producto,pro_nombre_corto,med_id,emb_id,pro_unidades_embalaje,dep_id,lin_id,mar_id,pro_precio_compra_neto,pro_precio_compra_bruto,pro_precio_venta,pro_margen_actual,pro_oferta,pro_fecha_inicio_oferta,pro_fecha_termino_oferta,pro_precio_oferta,pro_stock_minimo,pro_stock_critico,pro_entradas_bodega,pro_salidas_bodega,pro_mermas_bodega,pro_ajustes_bodega,pro_entradas_sv,pro_salidas_sv,pro_mermas_sv,pro_ajustes_sv,pro_activo,rec_numero,pro_unidad,pro_capacidad,pro_consumo_bodega,pro_consumo_sv,pro_estado,pro_funcion_plu,pro_flejes,pro_iva,pro_plu_asociado,pro_envase,pro_duracion,pro_numero_etiqueta) VALUES (78017167,@@@000033021133@@@,@@@0@@@,@@@PAPEL MAQUETA MURO 1 UND@@@,@@@PAPEL MAQUETA MU@@@,@@@1 @@@,@@@3 @@@,@@@0@@@,@@@24 @@@,@@@137@@@,@@@2541@@@,@@@0@@@,@@@0@@@,@@@100@@@,@@@0@@@,@@@@@@,@@@2013.05.22@@@,@@@2013.05.22@@@,@@@0@@@,@@@0@@@,@@@0@@@,@@@0@@@,@@@0@@@,@@@0@@@,@@@0@@@,@@@0@@@,@@@0@@@,@@@0@@@,@@@0@@@,@@@1@@@,@@@0@@@,0,1,0,0,2,0,1,1,0,@@@NO@@@,0,0)','',2,'2013-05-22'),(16649,'DELETE FROM mae_impuestos_productos WHERE pro_codigo_plu=@@@78017167@@@','',2,'2013-05-22'),(16650,'INSERT INTO mae_productos (pro_codigo_plu,pro_codigo_barra,pro_tipo,pro_nombre_producto,pro_nombre_corto,med_id,emb_id,pro_unidades_embalaje,dep_id,lin_id,mar_id,pro_precio_compra_neto,pro_precio_compra_bruto,pro_precio_venta,pro_margen_actual,pro_oferta,pro_fecha_inicio_oferta,pro_fecha_termino_oferta,pro_precio_oferta,pro_stock_minimo,pro_stock_critico,pro_entradas_bodega,pro_salidas_bodega,pro_mermas_bodega,pro_ajustes_bodega,pro_entradas_sv,pro_salidas_sv,pro_mermas_sv,pro_ajustes_sv,pro_activo,rec_numero,pro_unidad,pro_capacidad,pro_consumo_bodega,pro_consumo_sv,pro_estado,pro_funcion_plu,pro_flejes,pro_iva,pro_plu_asociado,pro_envase,pro_duracion,pro_numero_etiqueta) VALUES (78017168,@@@7807265981050@@@,@@@0@@@,@@@PAPEL MAQUETA LADRILLO CAFE 1 UND@@@,@@@PAPEL MAQUETA LA@@@,@@@1 @@@,@@@3 @@@,@@@0@@@,@@@24 @@@,@@@137@@@,@@@1254@@@,@@@0@@@,@@@0@@@,@@@100@@@,@@@0@@@,@@@@@@,@@@2013.05.22@@@,@@@2013.05.22@@@,@@@0@@@,@@@0@@@,@@@0@@@,@@@0@@@,@@@0@@@,@@@0@@@,@@@0@@@,@@@0@@@,@@@0@@@,@@@0@@@,@@@0@@@,@@@1@@@,@@@0@@@,0,1,0,0,2,0,1,1,0,@@@NO@@@,0,0)','',2,'2013-05-22'),(16651,'DELETE FROM mae_impuestos_productos WHERE pro_codigo_plu=@@@78017168@@@','',2,'2013-05-22'),(16652,'INSERT INTO mae_productos (pro_codigo_plu,pro_codigo_barra,pro_tipo,pro_nombre_producto,pro_nombre_corto,med_id,emb_id,pro_unidades_embalaje,dep_id,lin_id,mar_id,pro_precio_compra_neto,pro_precio_compra_bruto,pro_precio_venta,pro_margen_actual,pro_oferta,pro_fecha_inicio_oferta,pro_fecha_termino_oferta,pro_precio_oferta,pro_stock_minimo,pro_stock_critico,pro_entradas_bodega,pro_salidas_bodega,pro_mermas_bodega,pro_ajustes_bodega,pro_entradas_sv,pro_salidas_sv,pro_mermas_sv,pro_ajustes_sv,pro_activo,rec_numero,pro_unidad,pro_capacidad,pro_consumo_bodega,pro_consumo_sv,pro_estado,pro_funcion_plu,pro_flejes,pro_iva,pro_plu_asociado,pro_envase,pro_duracion,pro_numero_etiqueta) VALUES (78017169,@@@000033021195@@@,@@@0@@@,@@@PAPEL MAQUETA AZULEJOS 1 UND@@@,@@@PAPEL MAQUETA AZ@@@,@@@1 @@@,@@@3 @@@,@@@0@@@,@@@24 @@@,@@@137@@@,@@@2541@@@,@@@0@@@,@@@0@@@,@@@100@@@,@@@0@@@,@@@@@@,@@@2013.05.22@@@,@@@2013.05.22@@@,@@@0@@@,@@@0@@@,@@@0@@@,@@@0@@@,@@@0@@@,@@@0@@@,@@@0@@@,@@@0@@@,@@@0@@@,@@@0@@@,@@@0@@@,@@@1@@@,@@@0@@@,0,1,0,0,2,0,1,1,0,@@@NO@@@,0,0)','',2,'2013-05-22'),(16653,'DELETE FROM mae_impuestos_productos WHERE pro_codigo_plu=@@@78017169@@@','',2,'2013-05-22'),(16654,'INSERT INTO gne_vale_ferreteria (vfe_id,vfe_fecha,vfe_total,vfe_estado,vfe_entregado,usu_nusuario) VALUES (456,@@@2013.05.22@@@,400,1,0,@@@G_DIAZ@@@)','',2,'2013-05-22'),(16655,'INSERT INTO gne_vale_ferreteria_mov (vfe_id,pro_codigo_plu,vfm_cantidad,vfm_unitario,vfm_total,vfm_entregado) VALUES (456,16664,1,400,400,@@@NO@@@)','',2,'2013-05-22'),(16656,'INSERT INTO gne_vale_ferreteria (vfe_id,vfe_fecha,vfe_total,vfe_estado,vfe_entregado,usu_nusuario) VALUES (457,@@@2013.05.22@@@,1890,1,0,@@@G_DIAZ@@@)','',2,'2013-05-22'),(16657,'INSERT INTO gne_vale_ferreteria_mov (vfe_id,pro_codigo_plu,vfm_cantidad,vfm_unitario,vfm_total,vfm_entregado) VALUES (457,101625,1,1890,1890,@@@NO@@@)','',2,'2013-05-22'),(16658,'INSERT INTO gne_vale_ferreteria (vfe_id,vfe_fecha,vfe_total,vfe_estado,vfe_entregado,usu_nusuario) VALUES (458,@@@2013.05.22@@@,1220,1,0,@@@G_DIAZ@@@)','',2,'2013-05-22'),(16659,'INSERT INTO gne_vale_ferreteria_mov (vfe_id,pro_codigo_plu,vfm_cantidad,vfm_unitario,vfm_total,vfm_entregado) VALUES (458,764780,1,60,60,@@@NO@@@)','',2,'2013-05-22'),(16660,'INSERT INTO gne_vale_ferreteria_mov (vfe_id,pro_codigo_plu,vfm_cantidad,vfm_unitario,vfm_total,vfm_entregado) VALUES (458,763801,2,580,1160,@@@NO@@@)','',2,'2013-05-22'),(16661,'INSERT INTO gne_vale_ferreteria (vfe_id,vfe_fecha,vfe_total,vfe_estado,vfe_entregado,usu_nusuario) VALUES (459,@@@2013.05.22@@@,150,1,0,@@@G_DIAZ@@@)','',2,'2013-05-22'),(16662,'INSERT INTO gne_vale_ferreteria_mov (vfe_id,pro_codigo_plu,vfm_cantidad,vfm_unitario,vfm_total,vfm_entregado) VALUES (459,763869,1,150,150,@@@NO@@@)','',2,'2013-05-22'),(16663,'INSERT INTO gne_vale_ferreteria (vfe_id,vfe_fecha,vfe_total,vfe_estado,vfe_entregado,usu_nusuario) VALUES (460,@@@2013.05.22@@@,610,1,0,@@@G_DIAZ@@@)','',2,'2013-05-22'),(16664,'INSERT INTO gne_vale_ferreteria_mov (vfe_id,pro_codigo_plu,vfm_cantidad,vfm_unitario,vfm_total,vfm_entregado) VALUES (460,763629,1,390,390,@@@NO@@@)','',2,'2013-05-22'),(16665,'INSERT INTO gne_vale_ferreteria_mov (vfe_id,pro_codigo_plu,vfm_cantidad,vfm_unitario,vfm_total,vfm_entregado) VALUES (460,78017007,1,100,100,@@@NO@@@)','',2,'2013-05-22'),(16666,'INSERT INTO gne_vale_ferreteria_mov (vfe_id,pro_codigo_plu,vfm_cantidad,vfm_unitario,vfm_total,vfm_entregado) VALUES (460,8022,1,120,120,@@@NO@@@)','',2,'2013-05-22'),(16667,'INSERT INTO gne_vale_ferreteria (vfe_id,vfe_fecha,vfe_total,vfe_estado,vfe_entregado,usu_nusuario) VALUES (461,@@@2013.05.22@@@,690,1,0,@@@G_DIAZ@@@)','',2,'2013-05-22'),(16668,'INSERT INTO gne_vale_ferreteria_mov (vfe_id,pro_codigo_plu,vfm_cantidad,vfm_unitario,vfm_total,vfm_entregado) VALUES (461,764506,1,590,590,@@@NO@@@)','',2,'2013-05-22'),(16669,'INSERT INTO gne_vale_ferreteria_mov (vfe_id,pro_codigo_plu,vfm_cantidad,vfm_unitario,vfm_total,vfm_entregado) VALUES (461,764157,1,100,100,@@@NO@@@)','',2,'2013-05-22'),(16670,'INSERT INTO gne_vale_ferreteria (vfe_id,vfe_fecha,vfe_total,vfe_estado,vfe_entregado,usu_nusuario) VALUES (462,@@@2013.05.22@@@,450,1,0,@@@G_DIAZ@@@)','',2,'2013-05-22'),(16671,'INSERT INTO gne_vale_ferreteria_mov (vfe_id,pro_codigo_plu,vfm_cantidad,vfm_unitario,vfm_total,vfm_entregado) VALUES (462,764016,1,450,450,@@@NO@@@)','',2,'2013-05-22'),(16672,'INSERT INTO gne_vale_ferreteria (vfe_id,vfe_fecha,vfe_total,vfe_estado,vfe_entregado,usu_nusuario) VALUES (463,@@@2013.05.22@@@,120,1,0,@@@G_DIAZ@@@)','',2,'2013-05-22'),(16673,'INSERT INTO gne_vale_ferreteria_mov (vfe_id,pro_codigo_plu,vfm_cantidad,vfm_unitario,vfm_total,vfm_entregado) VALUES (463,764780,2,60,120,@@@NO@@@)','',2,'2013-05-22'),(16674,'INSERT INTO gne_vale_ferreteria (vfe_id,vfe_fecha,vfe_total,vfe_estado,vfe_entregado,usu_nusuario) VALUES (464,@@@2013.05.22@@@,130,1,0,@@@G_DIAZ@@@)','',2,'2013-05-22'),(16675,'INSERT INTO gne_vale_ferreteria_mov (vfe_id,pro_codigo_plu,vfm_cantidad,vfm_unitario,vfm_total,vfm_entregado) VALUES (464,1066,1,130,130,@@@NO@@@)','',2,'2013-05-22'),(16676,'UPDATE mae_productos SET pro_codigo_barra=@@@7802383000904@@@,pro_tipo=@@@0@@@,pro_nombre_producto=@@@PLATO CARTON N2 PORTAL DEL SUR@@@,pro_nombre_corto=@@@PLATO CARTON N2@@@,med_id=@@@1@@@,emb_id=@@@4@@@,pro_unidades_embalaje=@@@50@@@,dep_id=@@@2 @@@,lin_id=@@@42@@@,mar_id=@@@1536@@@,pro_precio_compra_neto=@@@0@@@,pro_precio_compra_bruto=@@@0@@@,pro_precio_venta=@@@50@@@,pro_margen_actual=@@@0@@@,pro_oferta=@@@NO@@@,pro_fecha_inicio_oferta=@@@1900.01.01@@@,pro_fecha_termino_oferta=@@@1900.01.01@@@,pro_precio_oferta=@@@0@@@,pro_stock_minimo=@@@50@@@,pro_stock_critico=@@@25@@@,pro_activo=@@@1@@@,pro_unidad=@@@0@@@,pro_precio_compra_bruto=0,pro_margen_actual=0,pro_capacidad=1,pro_funcion_plu=0,pro_flejes=1,pro_iva=1,pro_plu_asociado=0,pro_envase=@@@NO@@@,pro_duracion=0,pro_numero_etiqueta=0 WHERE pro_codigo_plu=@@@15819@@@','',2,'2013-05-22'),(16677,'UPDATE mae_productos SET pro_estado=1 WHERE pro_codigo_plu=15819','',2,'2013-05-22'),(16678,'DELETE FROM mae_impuestos_productos WHERE pro_codigo_plu=@@@15819@@@','',2,'2013-05-22'),(16679,'INSERT INTO gne_vale_ferreteria (vfe_id,vfe_fecha,vfe_total,vfe_estado,vfe_entregado,usu_nusuario) VALUES (465,@@@2013.05.22@@@,400,1,0,@@@G_DIAZ@@@)','',2,'2013-05-22'),(16680,'INSERT INTO gne_vale_ferreteria_mov (vfe_id,pro_codigo_plu,vfm_cantidad,vfm_unitario,vfm_total,vfm_entregado) VALUES (465,78017007,4,100,400,@@@NO@@@)','',2,'2013-05-22'),(16681,'INSERT INTO gne_vale_ferreteria (vfe_id,vfe_fecha,vfe_total,vfe_estado,vfe_entregado,usu_nusuario) VALUES (466,@@@2013.05.22@@@,390,1,0,@@@G_DIAZ@@@)','',2,'2013-05-22'),(16682,'INSERT INTO gne_vale_ferreteria_mov (vfe_id,pro_codigo_plu,vfm_cantidad,vfm_unitario,vfm_total,vfm_entregado) VALUES (466,8023,1,390,390,@@@NO@@@)','',2,'2013-05-22'),(16683,'INSERT INTO mae_productos (pro_codigo_plu,pro_codigo_barra,pro_tipo,pro_nombre_producto,pro_nombre_corto,med_id,emb_id,pro_unidades_embalaje,dep_id,lin_id,mar_id,pro_precio_compra_neto,pro_precio_compra_bruto,pro_precio_venta,pro_margen_actual,pro_oferta,pro_fecha_inicio_oferta,pro_fecha_termino_oferta,pro_precio_oferta,pro_stock_minimo,pro_stock_critico,pro_entradas_bodega,pro_salidas_bodega,pro_mermas_bodega,pro_ajustes_bodega,pro_entradas_sv,pro_salidas_sv,pro_mermas_sv,pro_ajustes_sv,pro_activo,rec_numero,pro_unidad,pro_capacidad,pro_consumo_bodega,pro_consumo_sv,pro_estado,pro_funcion_plu,pro_flejes,pro_iva,pro_plu_asociado,pro_envase,pro_duracion,pro_numero_etiqueta) VALUES (78017170,@@@7802900237820@@@,@@@0@@@,@@@PACK 6 UNO AL DIA FRUTILLA@@@,@@@PACK 6 UNO AL DI@@@,@@@1 @@@,@@@3 @@@,@@@1@@@,@@@3 @@@,@@@46@@@,@@@1993@@@,@@@0@@@,@@@0@@@,@@@1320@@@,@@@0@@@,@@@@@@,@@@2013.05.22@@@,@@@2013.05.22@@@,@@@0@@@,@@@0@@@,@@@0@@@,@@@0@@@,@@@0@@@,@@@0@@@,@@@0@@@,@@@0@@@,@@@0@@@,@@@0@@@,@@@0@@@,@@@1@@@,@@@0@@@,0,6,0,0,2,0,1,1,0,@@@NO@@@,0,0)','',2,'2013-05-22'),(16684,'DELETE FROM mae_impuestos_productos WHERE pro_codigo_plu=@@@78017170@@@','',2,'2013-05-22'),(16685,'INSERT INTO gne_vale_ferreteria (vfe_id,vfe_fecha,vfe_total,vfe_estado,vfe_entregado,usu_nusuario) VALUES (467,@@@2013.05.22@@@,3280,1,0,@@@G_DIAZ@@@)','',2,'2013-05-22'),(16686,'INSERT INTO gne_vale_ferreteria_mov (vfe_id,pro_codigo_plu,vfm_cantidad,vfm_unitario,vfm_total,vfm_entregado) VALUES (467,764687,1,1890,1890,@@@NO@@@)','',2,'2013-05-22'),(16687,'INSERT INTO gne_vale_ferreteria_mov (vfe_id,pro_codigo_plu,vfm_cantidad,vfm_unitario,vfm_total,vfm_entregado) VALUES (467,78017047,1,1390,1390,@@@NO@@@)','',2,'2013-05-22'),(16688,'UPDATE mae_productos SET pro_precio_fiscal=pro_precio_venta WHERE pro_codigo_plu=78017167','',2,'2013-05-22'),(16689,'UPDATE mae_productos SET pro_precio_fiscal=pro_precio_venta WHERE pro_codigo_plu=78017169','',2,'2013-05-22'),(16690,'UPDATE mae_productos SET pro_precio_fiscal=pro_precio_venta WHERE pro_codigo_plu=15819','',2,'2013-05-22'),(16691,'UPDATE mae_productos SET pro_precio_fiscal=pro_precio_venta WHERE pro_codigo_plu=78017170','',2,'2013-05-22'),(16692,'UPDATE mae_productos SET pro_precio_fiscal=pro_precio_venta WHERE pro_codigo_plu=78017168','',2,'2013-05-22'),(16693,'INSERT INTO mae_cajeros (cro_nusuario,cro_nombre,cro_password,cro_activo,cro_codigo) VALUES (@@@J_PEREZ@@@,@@@JASMIN PEREZ@@@,@@@PEREZUNICO@@@,@@@SI@@@,5)','',2,'2013-05-22'),(16694,'INSERT INTO mae_cajeros (cro_nusuario,cro_nombre,cro_password,cro_activo,cro_codigo) VALUES (@@@V_ALARCON@@@,@@@VALESCA ALARCON@@@,@@@ALARCONCAJA@@@,@@@SI@@@,6)','',2,'2013-05-22'),(16695,'UPDATE mae_datos_empresa SET emp_rut=@@@10162956-2@@@,emp_razon_social=@@@SOFIA DE LA CRUZ DIAZ FERNANDEZ@@@,emp_sucursal=@@@MATRIZ@@@,emp_giro=@@@SUPERMERCADOS@@@,emp_direccion=@@@AV. SAN GREGORIO 15@@@,emp_ciudad=@@@NACIMIENTO@@@,emp_telefono=@@@511706@@@,emp_mail=@@@UNICONACIMIENTO@GMAIL.COM@@@,emp_mail_gerencia_comercial=@@@@@@,emp_mail_gerencia_operaciones=@@@@@@,emp_mail_gerencia_sistemas=@@@@@@,emp_nombre_administrador=@@@SUPERMERCADO UNICO@@@,emp_direccion_sala=@@@AV. SAN GREGORIO 15@@@,emp_ciudad_sala=@@@NACIMIENTO@@@,emp_utm=40005,emp_telefono_sala=@@@511706@@@,emp_fax_sala=@@@511706@@@,emp_mail_sala=@@@UNICONACIMIENTO@GMAIL.COM@@@,emp_cta_efectivo=@@@0@@@,emp_cta_cheque=@@@0@@@,emp_cta_ventas=@@@0@@@,emp_cta_t_credito=@@@0@@@,emp_cta_t_debito=@@@0@@@,emp_cta_p_acumulados=@@@0@@@,emp_cta_descuento=@@@0@@@,emp_cta_cliente=@@@0@@@,emp_cta_funcionario=@@@0@@@,emp_cta_apoyo=@@@0@@@','',2,'2013-05-22'),(16696,'UPDATE mae_datos_empresa SET emp_entradas_compras=@@@0@@@,emp_entradas_pack=@@@0@@@,emp_entradas_preparados=@@@0@@@,emp_salidas_pi_pack=@@@0@@@,emp_salidas_pi_preparados=@@@0@@@,emp_iva=19,emp_lineas_facturas=18,emp_lineas_guias=18,emp_lineas_nc=@@@12@@@,emp_minimo_nc=@@@500@@@,emp_codigo_ferreteria=0,emp_codigo_cigarrillos=21,emp_path_flejes=@@@//Hugo-PC/flejes@@@,emp_path_balanzas=@@@C:/@@@,emp_path_precios=@@@//secretaria/C/UX60/CORREO@@@,emp_path_ventas=@@@//secretaria/C/UX60@@@,emp_cta_mercaderias=0,emp_cta_iva=0,emp_cta_excento=0,emp_cta_harina=0,emp_cta_especifico=0,emp_cta_carne=0,emp_cta_ila=0,emp_cta_proveedor=0,emp_registradora=3,emp_funcionamiento=0,emp_codigo_queseria=0,emp_codigo_roticeria=3,emp_com=@@@COM1@@@,emp_baudios=@@@9600@@@,emp_total_cajas=3','',2,'2013-05-22'),(16697,'UPDATE mae_productos SET pro_margen_actual=0,pro_precio_venta=200 WHERE pro_codigo_plu=12029','',2,'2013-05-22'),(16698,'UPDATE mae_productos SET pro_margen_actual=0,pro_precio_venta=110 WHERE pro_codigo_plu=1012','',2,'2013-05-22'),(16699,'UPDATE mae_productos SET pro_margen_actual=0,pro_precio_venta=550 WHERE pro_codigo_plu=572','',2,'2013-05-22'),(16700,'UPDATE mae_productos SET pro_precio_fiscal=pro_precio_venta WHERE pro_codigo_plu=572','',2,'2013-05-22'),(16701,'INSERT INTO gne_vale_ferreteria (vfe_id,vfe_fecha,vfe_total,vfe_estado,vfe_entregado,usu_nusuario) VALUES (468,@@@2013.05.22@@@,890,1,0,@@@G_DIAZ@@@)','',2,'2013-05-22'),(16702,'INSERT INTO gne_vale_ferreteria_mov (vfe_id,pro_codigo_plu,vfm_cantidad,vfm_unitario,vfm_total,vfm_entregado) VALUES (468,20835,1,890,890,@@@NO@@@)','',2,'2013-05-22'),(16703,'INSERT INTO mae_productos (pro_codigo_plu,pro_codigo_barra,pro_tipo,pro_nombre_producto,pro_nombre_corto,med_id,emb_id,pro_unidades_embalaje,dep_id,lin_id,mar_id,pro_precio_compra_neto,pro_precio_compra_bruto,pro_precio_venta,pro_margen_actual,pro_oferta,pro_fecha_inicio_oferta,pro_fecha_termino_oferta,pro_precio_oferta,pro_stock_minimo,pro_stock_critico,pro_entradas_bodega,pro_salidas_bodega,pro_mermas_bodega,pro_ajustes_bodega,pro_entradas_sv,pro_salidas_sv,pro_mermas_sv,pro_ajustes_sv,pro_activo,rec_numero,pro_unidad,pro_capacidad,pro_consumo_bodega,pro_consumo_sv,pro_estado,pro_funcion_plu,pro_flejes,pro_iva,pro_plu_asociado,pro_envase,pro_duracion,pro_numero_etiqueta) VALUES (78017171,@@@770017@@@,@@@0@@@,@@@TEFLON 12MMX0.75@@@,@@@TEFLON 12MMX0.75@@@,@@@1 @@@,@@@3 @@@,@@@0@@@,@@@28 @@@,@@@145@@@,@@@2507@@@,@@@0@@@,@@@0@@@,@@@150@@@,@@@0@@@,@@@@@@,@@@2013.05.22@@@,@@@2013.05.22@@@,@@@0@@@,@@@0@@@,@@@0@@@,@@@0@@@,@@@0@@@,@@@0@@@,@@@0@@@,@@@0@@@,@@@0@@@,@@@0@@@,@@@0@@@,@@@1@@@,@@@0@@@,0,1,0,0,2,0,1,1,0,@@@NO@@@,0,0)','',2,'2013-05-22'),(16704,'DELETE FROM mae_impuestos_productos WHERE pro_codigo_plu=@@@78017171@@@','',2,'2013-05-22'),(16705,'INSERT INTO gne_vale_ferreteria (vfe_id,vfe_fecha,vfe_total,vfe_estado,vfe_entregado,usu_nusuario) VALUES (469,@@@2013.05.22@@@,990,1,0,@@@G_DIAZ@@@)','',2,'2013-05-22'),(16706,'INSERT INTO gne_vale_ferreteria_mov (vfe_id,pro_codigo_plu,vfm_cantidad,vfm_unitario,vfm_total,vfm_entregado) VALUES (469,764818,1,990,990,@@@NO@@@)','',2,'2013-05-22'),(16707,'UPDATE mae_productos SET pro_margen_actual=0,pro_precio_venta=150 WHERE pro_codigo_plu=78017171','',2,'2013-05-22'),(16708,'UPDATE mae_productos SET pro_margen_actual=0,pro_precio_venta=350 WHERE pro_codigo_plu=807','',2,'2013-05-22'),(16709,'UPDATE mae_productos SET pro_precio_fiscal=pro_precio_venta WHERE pro_codigo_plu=78017171','',2,'2013-05-22'),(16710,'UPDATE mae_productos SET pro_precio_fiscal=pro_precio_venta WHERE pro_codigo_plu=807','',2,'2013-05-22'),(16711,'UPDATE tbl_llaves SET lla_control_caja=690504675','',2,'2013-05-22'),(16712,'UPDATE mae_productos SET pro_codigo_barra=@@@7809611700117@@@,pro_tipo=@@@0@@@,pro_nombre_producto=@@@HAMBURGUESA SUPER POLLO 55 GRS 1 UND@@@,pro_nombre_corto=@@@HAMBURGUESA SUPE@@@,med_id=@@@5@@@,emb_id=@@@4@@@,pro_unidades_embalaje=@@@80@@@,dep_id=@@@20 @@@,lin_id=@@@108@@@,mar_id=@@@526@@@,pro_precio_compra_neto=@@@0@@@,pro_precio_compra_bruto=@@@0@@@,pro_precio_venta=@@@150@@@,pro_margen_actual=@@@0@@@,pro_oferta=@@@NO@@@,pro_fecha_inicio_oferta=@@@1900.01.01@@@,pro_fecha_termino_oferta=@@@1900.01.01@@@,pro_precio_oferta=@@@0@@@,pro_stock_minimo=@@@80@@@,pro_stock_critico=@@@40@@@,pro_activo=@@@1@@@,pro_unidad=@@@0@@@,pro_precio_compra_bruto=0,pro_margen_actual=0,pro_capacidad=0.055,pro_funcion_plu=0,pro_flejes=1,pro_iva=1,pro_plu_asociado=0,pro_envase=@@@NO@@@,pro_duracion=0,pro_numero_etiqueta=0 WHERE pro_codigo_plu=@@@19719@@@','',2,'2013-05-22'),(16713,'UPDATE mae_productos SET pro_estado=1 WHERE pro_codigo_plu=19719','',2,'2013-05-22'),(16714,'DELETE FROM mae_impuestos_productos WHERE pro_codigo_plu=@@@19719@@@','',2,'2013-05-22'),(16715,'INSERT INTO com_ventas_grupo (vgr_fecha,vgr_grupo,vgr_cantidad,vgr_total) VALUES (@@@2013.05.22@@@,1,10.96,11682)','',2,'2013-05-22'),(16716,'INSERT INTO com_ventas_grupo (vgr_fecha,vgr_grupo,vgr_cantidad,vgr_total) VALUES (@@@2013.05.22@@@,2,2,920)','',2,'2013-05-22'),(16717,'INSERT INTO com_ventas_grupo (vgr_fecha,vgr_grupo,vgr_cantidad,vgr_total) VALUES (@@@2013.05.22@@@,3,10,3650)','',2,'2013-05-22'),(16718,'INSERT INTO com_ventas_grupo (vgr_fecha,vgr_grupo,vgr_cantidad,vgr_total) VALUES (@@@2013.05.22@@@,7,1,2990)','',2,'2013-05-22'),(16719,'INSERT INTO com_ventas_grupo (vgr_fecha,vgr_grupo,vgr_cantidad,vgr_total) VALUES (@@@2013.05.22@@@,9,1,990)','',2,'2013-05-22'),(16720,'INSERT INTO com_ventas_grupo (vgr_fecha,vgr_grupo,vgr_cantidad,vgr_total) VALUES (@@@2013.05.22@@@,10,0.455,1542)','',2,'2013-05-22'),(16721,'INSERT INTO com_ventas_grupo (vgr_fecha,vgr_grupo,vgr_cantidad,vgr_total) VALUES (@@@2013.05.22@@@,12,1,2390)','',2,'2013-05-22'),(16722,'INSERT INTO com_ventas_grupo (vgr_fecha,vgr_grupo,vgr_cantidad,vgr_total) VALUES (@@@2013.05.22@@@,13,2,1200)','',2,'2013-05-22'),(16723,'INSERT INTO com_ventas_grupo (vgr_fecha,vgr_grupo,vgr_cantidad,vgr_total) VALUES (@@@2013.05.22@@@,19,2,1140)','',2,'2013-05-22'),(16724,'INSERT INTO com_ventas_grupo (vgr_fecha,vgr_grupo,vgr_cantidad,vgr_total) VALUES (@@@2013.05.22@@@,21,2,2040)','',2,'2013-05-22'),(16725,'INSERT INTO com_ventas_grupo (vgr_fecha,vgr_grupo,vgr_cantidad,vgr_total) VALUES (@@@2013.05.22@@@,24,4,400)','',2,'2013-05-22'),(16726,'INSERT INTO com_ventas_grupo (vgr_fecha,vgr_grupo,vgr_cantidad,vgr_total) VALUES (@@@2013.05.22@@@,25,1,1300)','',2,'2013-05-22'),(16727,'INSERT INTO com_ventas_grupo (vgr_fecha,vgr_grupo,vgr_cantidad,vgr_total) VALUES (@@@2013.05.22@@@,31,1,3350)','',2,'2013-05-22'),(16728,'INSERT INTO com_ventas_grupo (vgr_fecha,vgr_grupo,vgr_cantidad,vgr_total) VALUES (@@@2013.05.22@@@,32,3,760)','',2,'2013-05-22'),(16729,'INSERT INTO com_ventas_grupo (vgr_fecha,vgr_grupo,vgr_cantidad,vgr_total) VALUES (@@@2013.05.22@@@,35,1,400)','',2,'2013-05-22'),(16730,'INSERT INTO com_ventas_grupo (vgr_fecha,vgr_grupo,vgr_cantidad,vgr_total) VALUES (@@@2013.05.22@@@,37,2,600)','',2,'2013-05-22'),(16731,'UPDATE mae_datos_empresa SET emp_oferta=@@@NO@@@','',2,'2013-05-22'),(16732,'UPDATE tbl_llaves SET lla_control_caja=804583960','',2,'2013-05-22'),(16733,'UPDATE tbl_llaves SET lla_control_caja=738968115','',2,'2013-05-22'),(16734,'INSERT INTO gne_vale_ferreteria (vfe_id,vfe_fecha,vfe_total,vfe_estado,vfe_entregado,usu_nusuario) VALUES (470,@@@2013.05.22@@@,1600,1,0,@@@G_DIAZ@@@)','',2,'2013-05-22'),(16735,'INSERT INTO gne_vale_ferreteria_mov (vfe_id,pro_codigo_plu,vfm_cantidad,vfm_unitario,vfm_total,vfm_entregado) VALUES (470,11670,1,840,840,@@@NO@@@)','',2,'2013-05-22'),(16736,'INSERT INTO gne_vale_ferreteria_mov (vfe_id,pro_codigo_plu,vfm_cantidad,vfm_unitario,vfm_total,vfm_entregado) VALUES (470,14107,1,400,400,@@@NO@@@)','',2,'2013-05-22'),(16737,'INSERT INTO gne_vale_ferreteria_mov (vfe_id,pro_codigo_plu,vfm_cantidad,vfm_unitario,vfm_total,vfm_entregado) VALUES (470,761334,3,120,360,@@@NO@@@)','',2,'2013-05-22'),(16738,'INSERT INTO gne_vale_ferreteria (vfe_id,vfe_fecha,vfe_total,vfe_estado,vfe_entregado,usu_nusuario) VALUES (471,@@@2013.05.22@@@,120,1,0,@@@G_DIAZ@@@)','',2,'2013-05-22'),(16739,'INSERT INTO gne_vale_ferreteria_mov (vfe_id,pro_codigo_plu,vfm_cantidad,vfm_unitario,vfm_total,vfm_entregado) VALUES (471,764780,2,60,120,@@@NO@@@)','',2,'2013-05-22'),(16740,'INSERT INTO gne_vale_ferreteria (vfe_id,vfe_fecha,vfe_total,vfe_estado,vfe_entregado,usu_nusuario) VALUES (472,@@@2013.05.22@@@,640,1,0,@@@G_DIAZ@@@)','',2,'2013-05-22'),(16741,'INSERT INTO gne_vale_ferreteria_mov (vfe_id,pro_codigo_plu,vfm_cantidad,vfm_unitario,vfm_total,vfm_entregado) VALUES (472,764285,1,390,390,@@@NO@@@)','',2,'2013-05-22'),(16742,'INSERT INTO gne_vale_ferreteria_mov (vfe_id,pro_codigo_plu,vfm_cantidad,vfm_unitario,vfm_total,vfm_entregado) VALUES (472,764583,1,250,250,@@@NO@@@)','',2,'2013-05-22'),(16743,'UPDATE tbl_llaves SET lla_control_caja=127606422','',2,'2013-05-22'),(16744,'INSERT INTO gne_vale_ferreteria (vfe_id,vfe_fecha,vfe_total,vfe_estado,vfe_entregado,usu_nusuario) VALUES (473,@@@2013.05.22@@@,300,1,0,@@@G_DIAZ@@@)','',2,'2013-05-22'),(16745,'INSERT INTO gne_vale_ferreteria_mov (vfe_id,pro_codigo_plu,vfm_cantidad,vfm_unitario,vfm_total,vfm_entregado) VALUES (473,764013,1,300,300,@@@NO@@@)','',2,'2013-05-22'),(16746,'INSERT INTO gne_vale_ferreteria (vfe_id,vfe_fecha,vfe_total,vfe_estado,vfe_entregado,usu_nusuario) VALUES (474,@@@2013.05.22@@@,290,1,0,@@@G_DIAZ@@@)','',2,'2013-05-22'),(16747,'INSERT INTO gne_vale_ferreteria_mov (vfe_id,pro_codigo_plu,vfm_cantidad,vfm_unitario,vfm_total,vfm_entregado) VALUES (474,78017151,1,290,290,@@@NO@@@)','',2,'2013-05-22'),(16748,'UPDATE mae_productos SET pro_precio_fiscal=pro_precio_venta WHERE pro_codigo_plu=19719','',2,'2013-05-22'),(16749,'UPDATE mae_productos SET pro_margen_actual=0,pro_precio_venta=130 WHERE pro_codigo_plu=19719','',2,'2013-05-22'),(16750,'UPDATE mae_productos SET pro_precio_fiscal=pro_precio_venta WHERE pro_codigo_plu=19719','',2,'2013-05-22'),(16751,'INSERT INTO mae_productos (pro_codigo_plu,pro_codigo_barra,pro_tipo,pro_nombre_producto,pro_nombre_corto,med_id,emb_id,pro_unidades_embalaje,dep_id,lin_id,mar_id,pro_precio_compra_neto,pro_precio_compra_bruto,pro_precio_venta,pro_margen_actual,pro_oferta,pro_fecha_inicio_oferta,pro_fecha_termino_oferta,pro_precio_oferta,pro_stock_minimo,pro_stock_critico,pro_entradas_bodega,pro_salidas_bodega,pro_mermas_bodega,pro_ajustes_bodega,pro_entradas_sv,pro_salidas_sv,pro_mermas_sv,pro_ajustes_sv,pro_activo,rec_numero,pro_unidad,pro_capacidad,pro_consumo_bodega,pro_consumo_sv,pro_estado,pro_funcion_plu,pro_flejes,pro_iva,pro_plu_asociado,pro_envase,pro_duracion,pro_numero_etiqueta) VALUES (78017172,@@@770018@@@,@@@0@@@,@@@LUPA GLASS 75MM@@@,@@@LUPA GLASS 75MM@@@,@@@1 @@@,@@@3 @@@,@@@0@@@,@@@24 @@@,@@@138@@@,@@@2507@@@,@@@0@@@,@@@0@@@,@@@990@@@,@@@0@@@,@@@@@@,@@@2013.05.22@@@,@@@2013.05.22@@@,@@@0@@@,@@@0@@@,@@@0@@@,@@@0@@@,@@@0@@@,@@@0@@@,@@@0@@@,@@@0@@@,@@@0@@@,@@@0@@@,@@@0@@@,@@@1@@@,@@@0@@@,0,1,0,0,2,0,1,1,0,@@@NO@@@,0,0)','',2,'2013-05-22'),(16752,'DELETE FROM mae_impuestos_productos WHERE pro_codigo_plu=@@@78017172@@@','',2,'2013-05-22'),(16753,'INSERT INTO gpr_pack_virtual (pav_id,pav_nombre,pav_total_pack,pav_total_descuento,pav_desde,pav_hasta,pav_tipo,pav_precio,pav_lleva,pav_paga,pav_descuento,pav_porcentaje,pav_oferta_exclusiva,pav_agotar_stock,pav_stock,pav_costo,pav_margen) VALUES (9,@@@PACK HAMBUEGUESAS DE POLLO 10 UND X $990@@@,990,310,@@@2013-05-22@@@,@@@2013-08-10@@@,@@@PR@@@,0,0,0,0,0,@@@NO@@@,@@@SI@@@,200,0,0)','',2,'2013-05-22'),(16754,'INSERT INTO gpr_pack_virtual_mov (pav_id,pro_codigo_plu,pvm_precio,pvm_total,pvm_lleva,pvm_paga,pvm_descuento,pvm_porcentaje,pvm_total_normal,pvm_descuento_linea,pvm_costo,pvm_margen) VALUES (9,19719,130,990,10,5,5,68,1300,310,0,0)','',2,'2013-05-22'),(16755,'INSERT INTO gpr_pack_virtual_horario (pav_id,pvh_dia,pvh_hora_desde,pvh_hora_hasta) VALUES (9,99,@@@00:00@@@,@@@23:59@@@)','',2,'2013-05-22'),(16756,'UPDATE gpr_pack_virtual SET pav_activo=@@@NO@@@ WHERE pav_id=2','',2,'2013-05-22'),(16757,'UPDATE gpr_pack_virtual SET pav_activo=@@@NO@@@ WHERE pav_id=3','',2,'2013-05-22'),(16758,'INSERT INTO mae_productos (pro_codigo_plu,pro_codigo_barra,pro_tipo,pro_nombre_producto,pro_nombre_corto,med_id,emb_id,pro_unidades_embalaje,dep_id,lin_id,mar_id,pro_precio_compra_neto,pro_precio_compra_bruto,pro_precio_venta,pro_margen_actual,pro_oferta,pro_fecha_inicio_oferta,pro_fecha_termino_oferta,pro_precio_oferta,pro_stock_minimo,pro_stock_critico,pro_entradas_bodega,pro_salidas_bodega,pro_mermas_bodega,pro_ajustes_bodega,pro_entradas_sv,pro_salidas_sv,pro_mermas_sv,pro_ajustes_sv,pro_activo,rec_numero,pro_unidad,pro_capacidad,pro_consumo_bodega,pro_consumo_sv,pro_estado,pro_funcion_plu,pro_flejes,pro_iva,pro_plu_asociado,pro_envase,pro_duracion,pro_numero_etiqueta) VALUES (78017173,@@@7805500090369@@@,@@@0@@@,@@@COLAFRIA PEGAFIX MADERA 55G@@@,@@@COLAFRIA PEGAFIX@@@,@@@1 @@@,@@@3 @@@,@@@0@@@,@@@24 @@@,@@@137@@@,@@@779@@@,@@@0@@@,@@@0@@@,@@@520@@@,@@@0@@@,@@@@@@,@@@2013.05.22@@@,@@@2013.05.22@@@,@@@0@@@,@@@0@@@,@@@0@@@,@@@0@@@,@@@0@@@,@@@0@@@,@@@0@@@,@@@0@@@,@@@0@@@,@@@0@@@,@@@0@@@,@@@1@@@,@@@0@@@,0,1,0,0,2,0,1,1,0,@@@NO@@@,0,0)','',2,'2013-05-22'),(16759,'DELETE FROM mae_impuestos_productos WHERE pro_codigo_plu=@@@78017173@@@','',2,'2013-05-22'),(16760,'UPDATE gpr_pack_virtual SET pav_nombre=@@@BEBIDAS BEACH 3 x $1.100@@@,pav_total_pack=1100,pav_total_descuento=100,pav_desde=@@@2013-05-09@@@,pav_hasta=@@@2013-07-09@@@,pav_tipo=@@@PA@@@,pav_precio=400,pav_lleva=3,pav_paga=2,pav_descuento=1,pav_porcentaje=300,pav_oferta_exclusiva=@@@NO@@@,pav_agotar_stock=@@@SI@@@,pav_stock=2000,pav_costo=0,pav_margen=0 WHERE pav_id=4','',2,'2013-05-22'),(16761,'DELETE FROM gpr_pack_virtual_mov WHERE pav_id=4','',2,'2013-05-22'),(16762,'DELETE FROM gpr_pack_virtual_horario WHERE pav_id=4','',2,'2013-05-22'),(16763,'INSERT INTO gpr_pack_virtual_mov (pav_id,pro_codigo_plu,pvm_precio,pvm_total,pvm_lleva,pvm_paga,pvm_descuento,pvm_porcentaje,pvm_total_normal,pvm_descuento_linea,pvm_costo,pvm_margen) VALUES (4,763516,400,0,1,1,0,0,400,33.3333333333333,0,0),(4,763521,400,0,1,1,0,0,400,33.3333333333333,0,0),(4,763519,400,0,1,1,0,0,400,33.3333333333333,0,0),(4,763520,400,0,1,1,0,0,400,33.3333333333333,0,0),(4,763517,400,0,1,1,0,0,400,33.3333333333333,0,0),(4,78017029,400,0,1,1,0,0,400,33.3333333333333,0,0)','',2,'2013-05-22'),(16764,'INSERT INTO gpr_pack_virtual_horario (pav_id,pvh_dia,pvh_hora_desde,pvh_hora_hasta) VALUES (4,99,@@@00:00@@@,@@@23:59@@@)','',2,'2013-05-22'),(16765,'UPDATE mae_productos SET pro_precio_fiscal=pro_precio_venta WHERE pro_codigo_plu=78017172','',2,'2013-05-22'),(16766,'UPDATE mae_productos SET pro_precio_fiscal=pro_precio_venta WHERE pro_codigo_plu=78017173','',2,'2013-05-22'),(16767,'UPDATE mae_productos SET pro_margen_actual=0,pro_precio_venta=130 WHERE pro_codigo_plu=762585','',2,'2013-05-22'),(16768,'UPDATE mae_productos SET pro_precio_fiscal=pro_precio_venta WHERE pro_codigo_plu=762585','',2,'2013-05-22'),(16769,'UPDATE mae_productos SET pro_margen_actual=0,pro_precio_venta=130 WHERE pro_codigo_plu=19719','',2,'2013-05-22'),(16770,'INSERT INTO mae_productos (pro_codigo_plu,pro_codigo_barra,pro_tipo,pro_nombre_producto,pro_nombre_corto,med_id,emb_id,pro_unidades_embalaje,dep_id,lin_id,mar_id,pro_precio_compra_neto,pro_precio_compra_bruto,pro_precio_venta,pro_margen_actual,pro_oferta,pro_fecha_inicio_oferta,pro_fecha_termino_oferta,pro_precio_oferta,pro_stock_minimo,pro_stock_critico,pro_entradas_bodega,pro_salidas_bodega,pro_mermas_bodega,pro_ajustes_bodega,pro_entradas_sv,pro_salidas_sv,pro_mermas_sv,pro_ajustes_sv,pro_activo,rec_numero,pro_unidad,pro_capacidad,pro_consumo_bodega,pro_consumo_sv,pro_estado,pro_funcion_plu,pro_flejes,pro_iva,pro_plu_asociado,pro_envase,pro_duracion,pro_numero_etiqueta) VALUES (78017174,@@@072512008942@@@,@@@0@@@,@@@LAPIZ PASTEL  PENTEL ARTS 16UND @@@,@@@LAPIZ PASTEL  PE@@@,@@@1 @@@,@@@3 @@@,@@@0@@@,@@@24 @@@,@@@137@@@,@@@2579@@@,@@@0@@@,@@@0@@@,@@@1590@@@,@@@0@@@,@@@@@@,@@@2013.05.22@@@,@@@2013.05.22@@@,@@@0@@@,@@@0@@@,@@@0@@@,@@@0@@@,@@@0@@@,@@@0@@@,@@@0@@@,@@@0@@@,@@@0@@@,@@@0@@@,@@@0@@@,@@@1@@@,@@@0@@@,0,1,0,0,2,0,1,1,0,@@@NO@@@,0,0)','',2,'2013-05-22'),(16771,'DELETE FROM mae_impuestos_productos WHERE pro_codigo_plu=@@@78017174@@@','',2,'2013-05-22'),(16772,'INSERT INTO mae_productos (pro_codigo_plu,pro_codigo_barra,pro_tipo,pro_nombre_producto,pro_nombre_corto,med_id,emb_id,pro_unidades_embalaje,dep_id,lin_id,mar_id,pro_precio_compra_neto,pro_precio_compra_bruto,pro_precio_venta,pro_margen_actual,pro_oferta,pro_fecha_inicio_oferta,pro_fecha_termino_oferta,pro_precio_oferta,pro_stock_minimo,pro_stock_critico,pro_entradas_bodega,pro_salidas_bodega,pro_mermas_bodega,pro_ajustes_bodega,pro_entradas_sv,pro_salidas_sv,pro_mermas_sv,pro_ajustes_sv,pro_activo,rec_numero,pro_unidad,pro_capacidad,pro_consumo_bodega,pro_consumo_sv,pro_estado,pro_funcion_plu,pro_flejes,pro_iva,pro_plu_asociado,pro_envase,pro_duracion,pro_numero_etiqueta) VALUES (78017175,@@@8710141330554@@@,@@@0@@@,@@@LAPCES YUMBO BRUYNZEEL 12UND@@@,@@@LAPCES YUMBO BRU@@@,@@@1 @@@,@@@3 @@@,@@@0@@@,@@@24 @@@,@@@137@@@,@@@2664@@@,@@@0@@@,@@@0@@@,@@@3495@@@,@@@0@@@,@@@@@@,@@@2013.05.22@@@,@@@2013.05.22@@@,@@@0@@@,@@@0@@@,@@@0@@@,@@@0@@@,@@@0@@@,@@@0@@@,@@@0@@@,@@@0@@@,@@@0@@@,@@@0@@@,@@@0@@@,@@@1@@@,@@@0@@@,0,1,0,0,2,0,1,1,0,@@@NO@@@,0,0)','',2,'2013-05-22'),(16773,'DELETE FROM mae_impuestos_productos WHERE pro_codigo_plu=@@@78017175@@@','',2,'2013-05-22'),(16774,'UPDATE mae_productos SET pro_codigo_barra=@@@5011435624582@@@,pro_tipo=@@@0@@@,pro_nombre_producto=@@@ENCENDEDOR ROBSON 1 UN.@@@,pro_nombre_corto=@@@ENCENDEDOR ROBSO@@@,med_id=@@@1@@@,emb_id=@@@5@@@,pro_unidades_embalaje=@@@25@@@,dep_id=@@@2 @@@,lin_id=@@@41@@@,mar_id=@@@2230@@@,pro_precio_compra_neto=@@@0@@@,pro_precio_compra_bruto=@@@0@@@,pro_precio_venta=@@@200@@@,pro_margen_actual=@@@0@@@,pro_oferta=@@@NO@@@,pro_fecha_inicio_oferta=@@@2006.09.07@@@,pro_fecha_termino_oferta=@@@2006.09.07@@@,pro_precio_oferta=@@@0@@@,pro_stock_minimo=@@@25@@@,pro_stock_critico=@@@15@@@,pro_activo=@@@1@@@,pro_unidad=@@@0@@@,pro_precio_compra_bruto=0,pro_margen_actual=0,pro_capacidad=1,pro_funcion_plu=0,pro_flejes=1,pro_iva=1,pro_plu_asociado=0,pro_envase=@@@NO@@@,pro_duracion=0,pro_numero_etiqueta=0 WHERE pro_codigo_plu=@@@102169@@@','',2,'2013-05-22'),(16775,'UPDATE mae_productos SET pro_estado=1 WHERE pro_codigo_plu=102169','',2,'2013-05-22'),(16776,'DELETE FROM mae_impuestos_productos WHERE pro_codigo_plu=@@@102169@@@','',2,'2013-05-22'),(16777,'INSERT INTO gne_vale_ferreteria (vfe_id,vfe_fecha,vfe_total,vfe_estado,vfe_entregado,usu_nusuario) VALUES (475,@@@2013.05.22@@@,680,1,0,@@@G_DIAZ@@@)','',2,'2013-05-22'),(16778,'INSERT INTO gne_vale_ferreteria_mov (vfe_id,pro_codigo_plu,vfm_cantidad,vfm_unitario,vfm_total,vfm_entregado) VALUES (475,19866,1,680,680,@@@NO@@@)','',2,'2013-05-22'),(16779,'UPDATE mae_productos SET pro_codigo_barra=@@@7804925856031@@@,pro_tipo=@@@0@@@,pro_nombre_producto=@@@COLGATE TRIPLE ACCION 3 X 2 100 GRS@@@,pro_nombre_corto=@@@COLGATE TRIPLE A@@@,med_id=@@@5@@@,emb_id=@@@4@@@,pro_unidades_embalaje=@@@24@@@,dep_id=@@@21 @@@,lin_id=@@@124@@@,mar_id=@@@281@@@,pro_precio_compra_neto=@@@0@@@,pro_precio_compra_bruto=@@@0@@@,pro_precio_venta=@@@1750@@@,pro_margen_actual=@@@0@@@,pro_oferta=@@@NO@@@,pro_fecha_inicio_oferta=@@@2006.09.07@@@,pro_fecha_termino_oferta=@@@2006.09.07@@@,pro_precio_oferta=@@@0@@@,pro_stock_minimo=@@@6@@@,pro_stock_critico=@@@3@@@,pro_activo=@@@1@@@,pro_unidad=@@@0@@@,pro_precio_compra_bruto=0,pro_margen_actual=0,pro_capacidad=300,pro_funcion_plu=0,pro_flejes=1,pro_iva=1,pro_plu_asociado=0,pro_envase=@@@NO@@@,pro_duracion=0,pro_numero_etiqueta=0 WHERE pro_codigo_plu=@@@761650@@@','',2,'2013-05-22'),(16780,'UPDATE mae_productos SET pro_estado=1 WHERE pro_codigo_plu=761650','',2,'2013-05-22'),(16781,'DELETE FROM mae_impuestos_productos WHERE pro_codigo_plu=@@@761650@@@','',2,'2013-05-22'),(16782,'INSERT INTO mae_productos (pro_codigo_plu,pro_codigo_barra,pro_tipo,pro_nombre_producto,pro_nombre_corto,med_id,emb_id,pro_unidades_embalaje,dep_id,lin_id,mar_id,pro_precio_compra_neto,pro_precio_compra_bruto,pro_precio_venta,pro_margen_actual,pro_oferta,pro_fecha_inicio_oferta,pro_fecha_termino_oferta,pro_precio_oferta,pro_stock_minimo,pro_stock_critico,pro_entradas_bodega,pro_salidas_bodega,pro_mermas_bodega,pro_ajustes_bodega,pro_entradas_sv,pro_salidas_sv,pro_mermas_sv,pro_ajustes_sv,pro_activo,rec_numero,pro_unidad,pro_capacidad,pro_consumo_bodega,pro_consumo_sv,pro_estado,pro_funcion_plu,pro_flejes,pro_iva,pro_plu_asociado,pro_envase,pro_duracion,pro_numero_etiqueta) VALUES (78017176,@@@70019@@@,@@@0@@@,@@@DESTACADOR FULTONS CHICO VARIEDAD DE COLOR@@@,@@@DESTACADOR FULTO@@@,@@@1 @@@,@@@3 @@@,@@@0@@@,@@@24 @@@,@@@137@@@,@@@1271@@@,@@@0@@@,@@@0@@@,@@@200@@@,@@@0@@@,@@@@@@,@@@2013.05.22@@@,@@@2013.05.22@@@,@@@0@@@,@@@0@@@,@@@0@@@,@@@0@@@,@@@0@@@,@@@0@@@,@@@0@@@,@@@0@@@,@@@0@@@,@@@0@@@,@@@0@@@,@@@1@@@,@@@0@@@,0,1,0,0,2,0,1,1,0,@@@NO@@@,0,0)','',2,'2013-05-22'),(16783,'DELETE FROM mae_impuestos_productos WHERE pro_codigo_plu=@@@78017176@@@','',2,'2013-05-22'),(16784,'INSERT INTO mae_productos (pro_codigo_plu,pro_codigo_barra,pro_tipo,pro_nombre_producto,pro_nombre_corto,med_id,emb_id,pro_unidades_embalaje,dep_id,lin_id,mar_id,pro_precio_compra_neto,pro_precio_compra_bruto,pro_precio_venta,pro_margen_actual,pro_oferta,pro_fecha_inicio_oferta,pro_fecha_termino_oferta,pro_precio_oferta,pro_stock_minimo,pro_stock_critico,pro_entradas_bodega,pro_salidas_bodega,pro_mermas_bodega,pro_ajustes_bodega,pro_entradas_sv,pro_salidas_sv,pro_mermas_sv,pro_ajustes_sv,pro_activo,rec_numero,pro_unidad,pro_capacidad,pro_consumo_bodega,pro_consumo_sv,pro_estado,pro_funcion_plu,pro_flejes,pro_iva,pro_plu_asociado,pro_envase,pro_duracion,pro_numero_etiqueta) VALUES (2500,@@@2500@@@,@@@0@@@,@@@COMODIN ??@@@,@@@COMODIN ??@@@,@@@1 @@@,@@@3 @@@,@@@0@@@,@@@1 @@@,@@@151@@@,@@@2507@@@,@@@1@@@,@@@1@@@,@@@1@@@,@@@0@@@,@@@NO@@@,@@@2013.05.22@@@,@@@2013.05.22@@@,@@@0@@@,@@@0@@@,@@@0@@@,@@@0@@@,@@@0@@@,@@@0@@@,@@@0@@@,@@@0@@@,@@@0@@@,@@@0@@@,@@@0@@@,@@@1@@@,@@@0@@@,1,1,0,0,2,1,1,1,0,@@@NO@@@,5,2)','',2,'2013-05-22'),(16785,'DELETE FROM mae_impuestos_productos WHERE pro_codigo_plu=@@@2500@@@','',2,'2013-05-22'),(16786,'UPDATE mae_productos SET pro_precio_fiscal=pro_precio_venta WHERE pro_codigo_plu=78017174','',2,'2013-05-22'),(16787,'UPDATE mae_productos SET pro_precio_fiscal=pro_precio_venta WHERE pro_codigo_plu=2500','',2,'2013-05-22'),(16788,'UPDATE mae_productos SET pro_precio_fiscal=pro_precio_venta WHERE pro_codigo_plu=102169','',2,'2013-05-22'),(16789,'UPDATE mae_productos SET pro_precio_fiscal=pro_precio_venta WHERE pro_codigo_plu=78017176','',2,'2013-05-22'),(16790,'UPDATE mae_productos SET pro_precio_fiscal=pro_precio_venta WHERE pro_codigo_plu=761650','',2,'2013-05-22'),(16791,'UPDATE mae_productos SET pro_precio_fiscal=pro_precio_venta WHERE pro_codigo_plu=78017175','',2,'2013-05-22'),(16792,'UPDATE mae_cajeros SET cro_nombre = @@@CAJA@@@,cro_password=@@@caja@@@,cro_activo=@@@SI@@@,cro_codigo=2 WHERE cro_nusuario =@@@caja@@@','',2,'2013-05-22'),(16793,'UPDATE mae_cajeros SET cro_nombre = @@@CAJA@@@,cro_password=@@@caja@@@,cro_activo=@@@NO@@@,cro_codigo=2 WHERE cro_nusuario =@@@caja@@@','',2,'2013-05-22'),(16794,'UPDATE mae_datos_empresa SET emp_rut=@@@10162956-2@@@,emp_razon_social=@@@SOFIA DE LA CRUZ DIAZ FERNANDEZ@@@,emp_sucursal=@@@MATRIZ@@@,emp_giro=@@@SUPERMERCADOS@@@,emp_direccion=@@@AV. SAN GREGORIO 15@@@,emp_ciudad=@@@NACIMIENTO@@@,emp_telefono=@@@511706@@@,emp_mail=@@@UNICONACIMIENTO@GMAIL.COM@@@,emp_mail_gerencia_comercial=@@@@@@,emp_mail_gerencia_operaciones=@@@@@@,emp_mail_gerencia_sistemas=@@@@@@,emp_nombre_administrador=@@@SUPERMERCADO UNICO@@@,emp_direccion_sala=@@@AV. SAN GREGORIO 15@@@,emp_ciudad_sala=@@@NACIMIENTO@@@,emp_utm=40005,emp_telefono_sala=@@@511706@@@,emp_fax_sala=@@@511706@@@,emp_mail_sala=@@@UNICONACIMIENTO@GMAIL.COM@@@,emp_cta_efectivo=@@@0@@@,emp_cta_cheque=@@@0@@@,emp_cta_ventas=@@@0@@@,emp_cta_t_credito=@@@0@@@,emp_cta_t_debito=@@@0@@@,emp_cta_p_acumulados=@@@0@@@,emp_cta_descuento=@@@0@@@,emp_cta_cliente=@@@0@@@,emp_cta_funcionario=@@@0@@@,emp_cta_apoyo=@@@0@@@','',2,'2013-05-22'),(16795,'UPDATE mae_datos_empresa SET emp_entradas_compras=@@@0@@@,emp_entradas_pack=@@@0@@@,emp_entradas_preparados=@@@0@@@,emp_salidas_pi_pack=@@@0@@@,emp_salidas_pi_preparados=@@@0@@@,emp_iva=19,emp_lineas_facturas=18,emp_lineas_guias=18,emp_lineas_nc=@@@12@@@,emp_minimo_nc=@@@500@@@,emp_codigo_ferreteria=0,emp_codigo_cigarrillos=21,emp_path_flejes=@@@//Hugo-PC/flejes@@@,emp_path_balanzas=@@@C:/@@@,emp_path_precios=@@@//secretaria/C/UX60/CORREO@@@,emp_path_ventas=@@@//secretaria/C/UX60@@@,emp_cta_mercaderias=0,emp_cta_iva=0,emp_cta_excento=0,emp_cta_harina=0,emp_cta_especifico=0,emp_cta_carne=0,emp_cta_ila=0,emp_cta_proveedor=0,emp_registradora=3,emp_funcionamiento=0,emp_codigo_queseria=0,emp_codigo_roticeria=3,emp_com=@@@COM1@@@,emp_baudios=@@@9600@@@,emp_total_cajas=3','',2,'2013-05-22'),(16796,'UPDATE mae_cajeros SET cro_nombre = @@@SOFIA DIAZ FERNANDEZ@@@,cro_password=@@@SUPERUNICO@@@,cro_activo=@@@SI@@@,cro_codigo=0 WHERE cro_nusuario =@@@S_DIAZ@@@','',2,'2013-05-23'),(16797,'UPDATE mae_datos_empresa SET emp_rut=@@@10162956-2@@@,emp_razon_social=@@@SOFIA DE LA CRUZ DIAZ FERNANDEZ@@@,emp_sucursal=@@@MATRIZ@@@,emp_giro=@@@SUPERMERCADOS@@@,emp_direccion=@@@AV. SAN GREGORIO 15@@@,emp_ciudad=@@@NACIMIENTO@@@,emp_telefono=@@@511706@@@,emp_mail=@@@UNICONACIMIENTO@GMAIL.COM@@@,emp_mail_gerencia_comercial=@@@@@@,emp_mail_gerencia_operaciones=@@@@@@,emp_mail_gerencia_sistemas=@@@@@@,emp_nombre_administrador=@@@SUPERMERCADO UNICO@@@,emp_direccion_sala=@@@AV. SAN GREGORIO 15@@@,emp_ciudad_sala=@@@NACIMIENTO@@@,emp_utm=40005,emp_telefono_sala=@@@511706@@@,emp_fax_sala=@@@511706@@@,emp_mail_sala=@@@UNICONACIMIENTO@GMAIL.COM@@@,emp_cta_efectivo=@@@0@@@,emp_cta_cheque=@@@0@@@,emp_cta_ventas=@@@0@@@,emp_cta_t_credito=@@@0@@@,emp_cta_t_debito=@@@0@@@,emp_cta_p_acumulados=@@@0@@@,emp_cta_descuento=@@@0@@@,emp_cta_cliente=@@@0@@@,emp_cta_funcionario=@@@0@@@,emp_cta_apoyo=@@@0@@@','',2,'2013-05-23'),(16798,'UPDATE mae_datos_empresa SET emp_entradas_compras=@@@0@@@,emp_entradas_pack=@@@0@@@,emp_entradas_preparados=@@@0@@@,emp_salidas_pi_pack=@@@0@@@,emp_salidas_pi_preparados=@@@0@@@,emp_iva=19,emp_lineas_facturas=18,emp_lineas_guias=18,emp_lineas_nc=@@@12@@@,emp_minimo_nc=@@@500@@@,emp_codigo_ferreteria=0,emp_codigo_cigarrillos=21,emp_path_flejes=@@@//Hugo-PC/flejes@@@,emp_path_balanzas=@@@C:/@@@,emp_path_precios=@@@//secretaria/C/UX60/CORREO@@@,emp_path_ventas=@@@//secretaria/C/UX60@@@,emp_cta_mercaderias=0,emp_cta_iva=0,emp_cta_excento=0,emp_cta_harina=0,emp_cta_especifico=0,emp_cta_carne=0,emp_cta_ila=0,emp_cta_proveedor=0,emp_registradora=3,emp_funcionamiento=0,emp_codigo_queseria=0,emp_codigo_roticeria=3,emp_com=@@@COM1@@@,emp_baudios=@@@9600@@@,emp_total_cajas=3','',2,'2013-05-23'),(16799,'INSERT INTO gne_vale_ferreteria (vfe_id,vfe_fecha,vfe_total,vfe_estado,vfe_entregado,usu_nusuario) VALUES (476,@@@2013.05.23@@@,320,1,0,@@@b_SAEZ@@@)','',2,'2013-05-23'),(16800,'INSERT INTO gne_vale_ferreteria_mov (vfe_id,pro_codigo_plu,vfm_cantidad,vfm_unitario,vfm_total,vfm_entregado) VALUES (476,78017006,2,100,200,@@@NO@@@)','',2,'2013-05-23'),(16801,'INSERT INTO gne_vale_ferreteria_mov (vfe_id,pro_codigo_plu,vfm_cantidad,vfm_unitario,vfm_total,vfm_entregado) VALUES (476,8022,1,120,120,@@@NO@@@)','',2,'2013-05-23'),(16802,'UPDATE mae_productos SET pro_margen_actual=0,pro_precio_venta=200 WHERE pro_codigo_plu=101341','',2,'2013-05-23'),(16803,'UPDATE mae_productos SET pro_margen_actual=0,pro_precio_venta=120 WHERE pro_codigo_plu=12085','',2,'2013-05-23'),(16804,'UPDATE mae_productos SET pro_precio_fiscal=pro_precio_venta WHERE pro_codigo_plu=101341','',2,'2013-05-23'),(16805,'UPDATE mae_productos SET pro_precio_fiscal=pro_precio_venta WHERE pro_codigo_plu=12085','',2,'2013-05-23'),(16806,'INSERT INTO gne_vale_ferreteria (vfe_id,vfe_fecha,vfe_total,vfe_estado,vfe_entregado,usu_nusuario) VALUES (477,@@@2013.05.23@@@,270,1,0,@@@b_SAEZ@@@)','',2,'2013-05-23'),(16807,'INSERT INTO gne_vale_ferreteria_mov (vfe_id,pro_codigo_plu,vfm_cantidad,vfm_unitario,vfm_total,vfm_entregado) VALUES (477,8021,1,150,150,@@@NO@@@)','',2,'2013-05-23'),(16808,'INSERT INTO gne_vale_ferreteria_mov (vfe_id,pro_codigo_plu,vfm_cantidad,vfm_unitario,vfm_total,vfm_entregado) VALUES (477,764780,2,60,120,@@@NO@@@)','',2,'2013-05-23'),(16809,'INSERT INTO mae_productos (pro_codigo_plu,pro_codigo_barra,pro_tipo,pro_nombre_producto,pro_nombre_corto,med_id,emb_id,pro_unidades_embalaje,dep_id,lin_id,mar_id,pro_precio_compra_neto,pro_precio_compra_bruto,pro_precio_venta,pro_margen_actual,pro_oferta,pro_fecha_inicio_oferta,pro_fecha_termino_oferta,pro_precio_oferta,pro_stock_minimo,pro_stock_critico,pro_entradas_bodega,pro_salidas_bodega,pro_mermas_bodega,pro_ajustes_bodega,pro_entradas_sv,pro_salidas_sv,pro_mermas_sv,pro_ajustes_sv,pro_activo,rec_numero,pro_unidad,pro_capacidad,pro_consumo_bodega,pro_consumo_sv,pro_estado,pro_funcion_plu,pro_flejes,pro_iva,pro_plu_asociado,pro_envase,pro_duracion,pro_numero_etiqueta) VALUES (78017177,@@@7807210011504@@@,@@@0@@@,@@@MARCADOR PERMANENTE NEGRO@@@,@@@MARCADOR PERMANE@@@,@@@1 @@@,@@@3 @@@,@@@0@@@,@@@24 @@@,@@@137@@@,@@@2407@@@,@@@0@@@,@@@0@@@,@@@390@@@,@@@0@@@,@@@@@@,@@@2013.05.23@@@,@@@2013.05.23@@@,@@@0@@@,@@@0@@@,@@@0@@@,@@@0@@@,@@@0@@@,@@@0@@@,@@@0@@@,@@@0@@@,@@@0@@@,@@@0@@@,@@@0@@@,@@@1@@@,@@@0@@@,0,1,0,0,2,0,1,1,0,@@@NO@@@,0,0)','',2,'2013-05-23'),(16810,'DELETE FROM mae_impuestos_productos WHERE pro_codigo_plu=@@@78017177@@@','',2,'2013-05-23'),(16811,'INSERT INTO gne_vale_ferreteria (vfe_id,vfe_fecha,vfe_total,vfe_estado,vfe_entregado,usu_nusuario) VALUES (478,@@@2013.05.23@@@,2290,1,0,@@@b_SAEZ@@@)','',2,'2013-05-23'),(16812,'INSERT INTO gne_vale_ferreteria_mov (vfe_id,pro_codigo_plu,vfm_cantidad,vfm_unitario,vfm_total,vfm_entregado) VALUES (478,102716,1,2290,2290,@@@NO@@@)','',2,'2013-05-23'),(16813,'UPDATE mae_productos SET pro_margen_actual=0,pro_precio_venta=390 WHERE pro_codigo_plu=78017177','',2,'2013-05-23'),(16814,'UPDATE mae_productos SET pro_codigo_barra=@@@705@@@,pro_tipo=@@@0@@@,pro_nombre_producto=@@@CANITO ADULTO X KILO@@@,pro_nombre_corto=@@@CANITO ADULTO@@@,med_id=@@@1@@@,emb_id=@@@1@@@,pro_unidades_embalaje=@@@1@@@,dep_id=@@@2 @@@,lin_id=@@@32@@@,mar_id=@@@1870@@@,pro_precio_compra_neto=@@@0@@@,pro_precio_compra_bruto=@@@0@@@,pro_precio_venta=@@@870@@@,pro_margen_actual=@@@0@@@,pro_oferta=@@@NO@@@,pro_fecha_inicio_oferta=@@@1900.01.01@@@,pro_fecha_termino_oferta=@@@1900.01.01@@@,pro_precio_oferta=@@@0@@@,pro_stock_minimo=@@@1@@@,pro_stock_critico=@@@1@@@,pro_activo=@@@1@@@,pro_unidad=@@@0@@@,pro_precio_compra_bruto=0,pro_margen_actual=0,pro_capacidad=1,pro_funcion_plu=0,pro_flejes=1,pro_iva=1,pro_plu_asociado=0,pro_envase=@@@NO@@@,pro_duracion=0,pro_numero_etiqueta=0 WHERE pro_codigo_plu=@@@705@@@','',2,'2013-05-23'),(16815,'UPDATE mae_productos SET pro_estado=1 WHERE pro_codigo_plu=705','',2,'2013-05-23'),(16816,'DELETE FROM mae_impuestos_productos WHERE pro_codigo_plu=@@@705@@@','',2,'2013-05-23'),(16817,'UPDATE mae_productos SET pro_activo=@@@0@@@ WHERE pro_codigo_plu=@@@78017099@@@','',2,'2013-05-23'),(16818,'UPDATE mae_productos SET pro_precio_fiscal=pro_precio_venta WHERE pro_codigo_plu=705','',2,'2013-05-23'),(16819,'UPDATE mae_productos SET pro_precio_fiscal=pro_precio_venta WHERE pro_codigo_plu=78017177','',2,'2013-05-23'),(16820,'UPDATE mae_productos SET pro_margen_actual=0,pro_precio_venta=390 WHERE pro_codigo_plu=78016969','',2,'2013-05-23'),(16821,'UPDATE mae_productos SET pro_margen_actual=0,pro_precio_venta=390 WHERE pro_codigo_plu=78016971','',2,'2013-05-23'),(16822,'UPDATE mae_productos SET pro_margen_actual=0,pro_precio_venta=490 WHERE pro_codigo_plu=78017126','',2,'2013-05-23'),(16823,'UPDATE mae_productos SET pro_margen_actual=0,pro_precio_venta=490 WHERE pro_codigo_plu=78017128','',2,'2013-05-23'),(16824,'UPDATE mae_productos SET pro_margen_actual=0,pro_precio_venta=490 WHERE pro_codigo_plu=78017127','',2,'2013-05-23'),(16825,'UPDATE mae_productos SET pro_margen_actual=0,pro_precio_venta=440 WHERE pro_codigo_plu=764273','',2,'2013-05-23'),(16826,'UPDATE mae_productos SET pro_margen_actual=0,pro_precio_venta=985 WHERE pro_codigo_plu=764231','',2,'2013-05-23'),(16827,'UPDATE mae_productos SET pro_margen_actual=0,pro_precio_venta=330 WHERE pro_codigo_plu=764259','',2,'2013-05-23'),(16828,'UPDATE mae_productos SET pro_margen_actual=0,pro_precio_venta=330 WHERE pro_codigo_plu=764260','',2,'2013-05-23'),(16829,'UPDATE mae_productos SET pro_margen_actual=0,pro_precio_venta=330 WHERE pro_codigo_plu=764272','',2,'2013-05-23'),(16830,'UPDATE mae_productos SET pro_margen_actual=0,pro_precio_venta=440 WHERE pro_codigo_plu=764254','',2,'2013-05-23'),(16831,'UPDATE mae_productos SET pro_margen_actual=0,pro_precio_venta=250 WHERE pro_codigo_plu=1070','',2,'2013-05-23'),(16832,'UPDATE mae_productos SET pro_margen_actual=0,pro_precio_venta=250 WHERE pro_codigo_plu=101082','',2,'2013-05-23'),(16833,'UPDATE mae_productos SET pro_margen_actual=0,pro_precio_venta=1490 WHERE pro_codigo_plu=764564','',2,'2013-05-23'),(16834,'INSERT INTO gne_vale_ferreteria (vfe_id,vfe_fecha,vfe_total,vfe_estado,vfe_entregado,usu_nusuario) VALUES (479,@@@2013.05.23@@@,989,1,0,@@@b_SAEZ@@@)','',2,'2013-05-23'),(16835,'INSERT INTO gne_vale_ferreteria_mov (vfe_id,pro_codigo_plu,vfm_cantidad,vfm_unitario,vfm_total,vfm_entregado) VALUES (479,764764,1,599,599,@@@NO@@@)','',2,'2013-05-23'),(16836,'INSERT INTO gne_vale_ferreteria_mov (vfe_id,pro_codigo_plu,vfm_cantidad,vfm_unitario,vfm_total,vfm_entregado) VALUES (479,763629,1,390,390,@@@NO@@@)','',2,'2013-05-23'),(16837,'INSERT INTO mae_productos (pro_codigo_plu,pro_codigo_barra,pro_tipo,pro_nombre_producto,pro_nombre_corto,med_id,emb_id,pro_unidades_embalaje,dep_id,lin_id,mar_id,pro_precio_compra_neto,pro_precio_compra_bruto,pro_precio_venta,pro_margen_actual,pro_oferta,pro_fecha_inicio_oferta,pro_fecha_termino_oferta,pro_precio_oferta,pro_stock_minimo,pro_stock_critico,pro_entradas_bodega,pro_salidas_bodega,pro_mermas_bodega,pro_ajustes_bodega,pro_entradas_sv,pro_salidas_sv,pro_mermas_sv,pro_ajustes_sv,pro_activo,rec_numero,pro_unidad,pro_capacidad,pro_consumo_bodega,pro_consumo_sv,pro_estado,pro_funcion_plu,pro_flejes,pro_iva,pro_plu_asociado,pro_envase,pro_duracion,pro_numero_etiqueta) VALUES (78017178,@@@7804100600060@@@,@@@0@@@,@@@CANITO ADULTO  10 KL@@@,@@@CANITO ADULTO  1@@@,@@@2 @@@,@@@3 @@@,@@@0@@@,@@@2 @@@,@@@32@@@,@@@1870@@@,@@@0@@@,@@@0@@@,@@@9130@@@,@@@0@@@,@@@@@@,@@@2013.05.23@@@,@@@2013.05.23@@@,@@@0@@@,@@@0@@@,@@@0@@@,@@@0@@@,@@@0@@@,@@@0@@@,@@@0@@@,@@@0@@@,@@@0@@@,@@@0@@@,@@@0@@@,@@@1@@@,@@@0@@@,0,10,0,0,2,0,1,1,0,@@@NO@@@,0,0)','',2,'2013-05-23'),(16838,'DELETE FROM mae_impuestos_productos WHERE pro_codigo_plu=@@@78017178@@@','',2,'2013-05-23'),(16839,'UPDATE mae_productos SET pro_margen_actual=0,pro_precio_venta=550 WHERE pro_codigo_plu=533','',2,'2013-05-23'),(16840,'UPDATE mae_productos SET pro_precio_fiscal=pro_precio_venta WHERE pro_codigo_plu=533','',2,'2013-05-23'),(16841,'UPDATE mae_productos SET pro_precio_fiscal=pro_precio_venta WHERE pro_codigo_plu=101082','',2,'2013-05-23'),(16842,'UPDATE mae_productos SET pro_precio_fiscal=pro_precio_venta WHERE pro_codigo_plu=78017178','',2,'2013-05-23'),(16843,'UPDATE mae_productos SET pro_precio_fiscal=pro_precio_venta WHERE pro_codigo_plu=764272','',2,'2013-05-23'),(16844,'UPDATE mae_productos SET pro_precio_fiscal=pro_precio_venta WHERE pro_codigo_plu=764260','',2,'2013-05-23'),(16845,'INSERT INTO mae_productos (pro_codigo_plu,pro_codigo_barra,pro_tipo,pro_nombre_producto,pro_nombre_corto,med_id,emb_id,pro_unidades_embalaje,dep_id,lin_id,mar_id,pro_precio_compra_neto,pro_precio_compra_bruto,pro_precio_venta,pro_margen_actual,pro_oferta,pro_fecha_inicio_oferta,pro_fecha_termino_oferta,pro_precio_oferta,pro_stock_minimo,pro_stock_critico,pro_entradas_bodega,pro_salidas_bodega,pro_mermas_bodega,pro_ajustes_bodega,pro_entradas_sv,pro_salidas_sv,pro_mermas_sv,pro_ajustes_sv,pro_activo,rec_numero,pro_unidad,pro_capacidad,pro_consumo_bodega,pro_consumo_sv,pro_estado,pro_funcion_plu,pro_flejes,pro_iva,pro_plu_asociado,pro_envase,pro_duracion,pro_numero_etiqueta) VALUES (78017179,@@@7807265024207@@@,@@@0@@@,@@@PORTAMINA ISOFIT 0.9@@@,@@@PORTAMINA ISOFIT@@@,@@@1 @@@,@@@3 @@@,@@@0@@@,@@@24 @@@,@@@137@@@,@@@1253@@@,@@@0@@@,@@@0@@@,@@@960@@@,@@@0@@@,@@@@@@,@@@2013.05.23@@@,@@@2013.05.23@@@,@@@0@@@,@@@0@@@,@@@0@@@,@@@0@@@,@@@0@@@,@@@0@@@,@@@0@@@,@@@0@@@,@@@0@@@,@@@0@@@,@@@0@@@,@@@1@@@,@@@0@@@,0,1,0,0,2,0,1,1,0,@@@NO@@@,0,0)','',2,'2013-05-23'),(16846,'DELETE FROM mae_impuestos_productos WHERE pro_codigo_plu=@@@78017179@@@','',2,'2013-05-23'),(16847,'UPDATE mae_productos SET pro_margen_actual=0,pro_precio_venta=960 WHERE pro_codigo_plu=78017179','',2,'2013-05-23'),(16848,'UPDATE mae_productos SET pro_margen_actual=0,pro_precio_venta=960 WHERE pro_codigo_plu=764264','',2,'2013-05-23'),(16849,'UPDATE mae_productos SET pro_margen_actual=0,pro_precio_venta=550 WHERE pro_codigo_plu=764263','',2,'2013-05-23'),(16850,'INSERT INTO mae_productos (pro_codigo_plu,pro_codigo_barra,pro_tipo,pro_nombre_producto,pro_nombre_corto,med_id,emb_id,pro_unidades_embalaje,dep_id,lin_id,mar_id,pro_precio_compra_neto,pro_precio_compra_bruto,pro_precio_venta,pro_margen_actual,pro_oferta,pro_fecha_inicio_oferta,pro_fecha_termino_oferta,pro_precio_oferta,pro_stock_minimo,pro_stock_critico,pro_entradas_bodega,pro_salidas_bodega,pro_mermas_bodega,pro_ajustes_bodega,pro_entradas_sv,pro_salidas_sv,pro_mermas_sv,pro_ajustes_sv,pro_activo,rec_numero,pro_unidad,pro_capacidad,pro_consumo_bodega,pro_consumo_sv,pro_estado,pro_funcion_plu,pro_flejes,pro_iva,pro_plu_asociado,pro_envase,pro_duracion,pro_numero_etiqueta) VALUES (78017180,@@@7807265024153@@@,@@@0@@@,@@@PORTAMINA ISOFIT 0.5@@@,@@@PORTAMINA ISOFIT@@@,@@@1 @@@,@@@3 @@@,@@@0@@@,@@@24 @@@,@@@137@@@,@@@1253@@@,@@@0@@@,@@@0@@@,@@@890@@@,@@@0@@@,@@@@@@,@@@2013.05.23@@@,@@@2013.05.23@@@,@@@0@@@,@@@0@@@,@@@0@@@,@@@0@@@,@@@0@@@,@@@0@@@,@@@0@@@,@@@0@@@,@@@0@@@,@@@0@@@,@@@0@@@,@@@1@@@,@@@0@@@,0,1,0,0,2,0,1,1,0,@@@NO@@@,0,0)','',2,'2013-05-23'),(16851,'DELETE FROM mae_impuestos_productos WHERE pro_codigo_plu=@@@78017180@@@','',2,'2013-05-23'),(16852,'UPDATE mae_productos SET pro_margen_actual=0,pro_precio_venta=890 WHERE pro_codigo_plu=78017180','',2,'2013-05-23'),(16853,'UPDATE mae_productos SET pro_margen_actual=0,pro_precio_venta=400 WHERE pro_codigo_plu=764255','',2,'2013-05-23'),(16854,'UPDATE mae_productos SET pro_margen_actual=0,pro_precio_venta=400 WHERE pro_codigo_plu=764269','',2,'2013-05-23'),(16855,'INSERT INTO mae_productos (pro_codigo_plu,pro_codigo_barra,pro_tipo,pro_nombre_producto,pro_nombre_corto,med_id,emb_id,pro_unidades_embalaje,dep_id,lin_id,mar_id,pro_precio_compra_neto,pro_precio_compra_bruto,pro_precio_venta,pro_margen_actual,pro_oferta,pro_fecha_inicio_oferta,pro_fecha_termino_oferta,pro_precio_oferta,pro_stock_minimo,pro_stock_critico,pro_entradas_bodega,pro_salidas_bodega,pro_mermas_bodega,pro_ajustes_bodega,pro_entradas_sv,pro_salidas_sv,pro_mermas_sv,pro_ajustes_sv,pro_activo,rec_numero,pro_unidad,pro_capacidad,pro_consumo_bodega,pro_consumo_sv,pro_estado,pro_funcion_plu,pro_flejes,pro_iva,pro_plu_asociado,pro_envase,pro_duracion,pro_numero_etiqueta) VALUES (78017181,@@@8888645303807@@@,@@@0@@@,@@@PORTAMINA BIC@@@,@@@PORTAMINA BIC@@@,@@@1 @@@,@@@3 @@@,@@@0@@@,@@@24 @@@,@@@137@@@,@@@1619@@@,@@@0@@@,@@@0@@@,@@@420@@@,@@@0@@@,@@@@@@,@@@2013.05.23@@@,@@@2013.05.23@@@,@@@0@@@,@@@0@@@,@@@0@@@,@@@0@@@,@@@0@@@,@@@0@@@,@@@0@@@,@@@0@@@,@@@0@@@,@@@0@@@,@@@0@@@,@@@1@@@,@@@0@@@,0,1,0,0,2,0,1,1,0,@@@NO@@@,0,0)','',2,'2013-05-23'),(16856,'DELETE FROM mae_impuestos_productos WHERE pro_codigo_plu=@@@78017181@@@','',2,'2013-05-23'),(16857,'INSERT INTO mae_productos (pro_codigo_plu,pro_codigo_barra,pro_tipo,pro_nombre_producto,pro_nombre_corto,med_id,emb_id,pro_unidades_embalaje,dep_id,lin_id,mar_id,pro_precio_compra_neto,pro_precio_compra_bruto,pro_precio_venta,pro_margen_actual,pro_oferta,pro_fecha_inicio_oferta,pro_fecha_termino_oferta,pro_precio_oferta,pro_stock_minimo,pro_stock_critico,pro_entradas_bodega,pro_salidas_bodega,pro_mermas_bodega,pro_ajustes_bodega,pro_entradas_sv,pro_salidas_sv,pro_mermas_sv,pro_ajustes_sv,pro_activo,rec_numero,pro_unidad,pro_capacidad,pro_consumo_bodega,pro_consumo_sv,pro_estado,pro_funcion_plu,pro_flejes,pro_iva,pro_plu_asociado,pro_envase,pro_duracion,pro_numero_etiqueta) VALUES (78017182,@@@6924977301202@@@,@@@0@@@,@@@VICTORIA STAR PANTI BALERINA@@@,@@@VICTORIA STAR PA@@@,@@@1 @@@,@@@3 @@@,@@@0@@@,@@@39 @@@,@@@191@@@,@@@2507@@@,@@@0@@@,@@@0@@@,@@@1890@@@,@@@0@@@,@@@@@@,@@@2013.05.23@@@,@@@2013.05.23@@@,@@@0@@@,@@@0@@@,@@@0@@@,@@@0@@@,@@@0@@@,@@@0@@@,@@@0@@@,@@@0@@@,@@@0@@@,@@@0@@@,@@@0@@@,@@@1@@@,@@@0@@@,0,1,0,0,2,0,1,1,0,@@@NO@@@,0,0)','',2,'2013-05-23'),(16858,'DELETE FROM mae_impuestos_productos WHERE pro_codigo_plu=@@@78017182@@@','',2,'2013-05-23'),(16859,'INSERT INTO mae_productos (pro_codigo_plu,pro_codigo_barra,pro_tipo,pro_nombre_producto,pro_nombre_corto,med_id,emb_id,pro_unidades_embalaje,dep_id,lin_id,mar_id,pro_precio_compra_neto,pro_precio_compra_bruto,pro_precio_venta,pro_margen_actual,pro_oferta,pro_fecha_inicio_oferta,pro_fecha_termino_oferta,pro_precio_oferta,pro_stock_minimo,pro_stock_critico,pro_entradas_bodega,pro_salidas_bodega,pro_mermas_bodega,pro_ajustes_bodega,pro_entradas_sv,pro_salidas_sv,pro_mermas_sv,pro_ajustes_sv,pro_activo,rec_numero,pro_unidad,pro_capacidad,pro_consumo_bodega,pro_consumo_sv,pro_estado,pro_funcion_plu,pro_flejes,pro_iva,pro_plu_asociado,pro_envase,pro_duracion,pro_numero_etiqueta) VALUES (78017183,@@@8610305882007@@@,@@@0@@@,@@@MEDIAS PANTI FENFA@@@,@@@MEDIAS PANTI FEN@@@,@@@1 @@@,@@@3 @@@,@@@0@@@,@@@39 @@@,@@@191@@@,@@@2507@@@,@@@0@@@,@@@0@@@,@@@990@@@,@@@0@@@,@@@@@@,@@@2013.05.23@@@,@@@2013.05.23@@@,@@@0@@@,@@@0@@@,@@@0@@@,@@@0@@@,@@@0@@@,@@@0@@@,@@@0@@@,@@@0@@@,@@@0@@@,@@@0@@@,@@@0@@@,@@@1@@@,@@@0@@@,0,1,0,0,2,0,1,1,0,@@@NO@@@,0,0)','',2,'2013-05-23'),(16860,'DELETE FROM mae_impuestos_productos WHERE pro_codigo_plu=@@@78017183@@@','',2,'2013-05-23'),(16861,'INSERT INTO mae_productos (pro_codigo_plu,pro_codigo_barra,pro_tipo,pro_nombre_producto,pro_nombre_corto,med_id,emb_id,pro_unidades_embalaje,dep_id,lin_id,mar_id,pro_precio_compra_neto,pro_precio_compra_bruto,pro_precio_venta,pro_margen_actual,pro_oferta,pro_fecha_inicio_oferta,pro_fecha_termino_oferta,pro_precio_oferta,pro_stock_minimo,pro_stock_critico,pro_entradas_bodega,pro_salidas_bodega,pro_mermas_bodega,pro_ajustes_bodega,pro_entradas_sv,pro_salidas_sv,pro_mermas_sv,pro_ajustes_sv,pro_activo,rec_numero,pro_unidad,pro_capacidad,pro_consumo_bodega,pro_consumo_sv,pro_estado,pro_funcion_plu,pro_flejes,pro_iva,pro_plu_asociado,pro_envase,pro_duracion,pro_numero_etiqueta) VALUES (78017184,@@@7805815948478@@@,@@@0@@@,@@@BALLERINA MOLETTO  TALLA 10-11@@@,@@@BALLERINA MOLETT@@@,@@@1 @@@,@@@3 @@@,@@@0@@@,@@@39 @@@,@@@191@@@,@@@1585@@@,@@@0@@@,@@@0@@@,@@@3990@@@,@@@0@@@,@@@@@@,@@@2013.05.23@@@,@@@2013.05.23@@@,@@@0@@@,@@@0@@@,@@@0@@@,@@@0@@@,@@@0@@@,@@@0@@@,@@@0@@@,@@@0@@@,@@@0@@@,@@@0@@@,@@@0@@@,@@@1@@@,@@@0@@@,0,1,0,0,2,0,1,1,0,@@@NO@@@,0,0)','',2,'2013-05-23'),(16862,'DELETE FROM mae_impuestos_productos WHERE pro_codigo_plu=@@@78017184@@@','',2,'2013-05-23'),(16863,'INSERT INTO mae_productos (pro_codigo_plu,pro_codigo_barra,pro_tipo,pro_nombre_producto,pro_nombre_corto,med_id,emb_id,pro_unidades_embalaje,dep_id,lin_id,mar_id,pro_precio_compra_neto,pro_precio_compra_bruto,pro_precio_venta,pro_margen_actual,pro_oferta,pro_fecha_inicio_oferta,pro_fecha_termino_oferta,pro_precio_oferta,pro_stock_minimo,pro_stock_critico,pro_entradas_bodega,pro_salidas_bodega,pro_mermas_bodega,pro_ajustes_bodega,pro_entradas_sv,pro_salidas_sv,pro_mermas_sv,pro_ajustes_sv,pro_activo,rec_numero,pro_unidad,pro_capacidad,pro_consumo_bodega,pro_consumo_sv,pro_estado,pro_funcion_plu,pro_flejes,pro_iva,pro_plu_asociado,pro_envase,pro_duracion,pro_numero_etiqueta) VALUES (78017185,@@@7805815948324@@@,@@@0@@@,@@@BALLERINA MOLETTO TALLA 9-10@@@,@@@BALLERINA MOLETT@@@,@@@1 @@@,@@@3 @@@,@@@0@@@,@@@39 @@@,@@@191@@@,@@@1585@@@,@@@0@@@,@@@0@@@,@@@3990@@@,@@@0@@@,@@@@@@,@@@2013.05.23@@@,@@@2013.05.23@@@,@@@0@@@,@@@0@@@,@@@0@@@,@@@0@@@,@@@0@@@,@@@0@@@,@@@0@@@,@@@0@@@,@@@0@@@,@@@0@@@,@@@0@@@,@@@1@@@,@@@0@@@,0,1,0,0,2,0,1,1,0,@@@NO@@@,0,0)','',2,'2013-05-23'),(16864,'DELETE FROM mae_impuestos_productos WHERE pro_codigo_plu=@@@78017185@@@','',2,'2013-05-23'),(16865,'UPDATE mae_productos SET pro_margen_actual=0,pro_precio_venta=3990 WHERE pro_codigo_plu=78017184','',2,'2013-05-23'),(16866,'UPDATE mae_productos SET pro_margen_actual=0,pro_precio_venta=3990 WHERE pro_codigo_plu=78017185','',2,'2013-05-23'),(16867,'UPDATE mae_productos SET pro_margen_actual=0,pro_precio_venta=990 WHERE pro_codigo_plu=78017183','',2,'2013-05-23'),(16868,'UPDATE mae_productos SET pro_margen_actual=0,pro_precio_venta=420 WHERE pro_codigo_plu=78017181','',2,'2013-05-23'),(16869,'UPDATE mae_productos SET pro_margen_actual=0,pro_precio_venta=1890 WHERE pro_codigo_plu=78017182','',2,'2013-05-23'),(16870,'UPDATE mae_productos SET pro_margen_actual=0,pro_precio_venta=3390 WHERE pro_codigo_plu=763782','',2,'2013-05-23'),(16871,'UPDATE mae_productos SET pro_margen_actual=0,pro_precio_venta=4290 WHERE pro_codigo_plu=763858','',2,'2013-05-23'),(16872,'UPDATE mae_productos SET pro_margen_actual=0,pro_precio_venta=4290 WHERE pro_codigo_plu=763796','',2,'2013-05-23'),(16873,'UPDATE mae_productos SET pro_margen_actual=0,pro_precio_venta=3390 WHERE pro_codigo_plu=763782','',2,'2013-05-23'),(16874,'UPDATE mae_productos SET pro_margen_actual=0,pro_precio_venta=3390 WHERE pro_codigo_plu=763759','',2,'2013-05-23'),(16875,'UPDATE mae_productos SET pro_margen_actual=0,pro_precio_venta=3390 WHERE pro_codigo_plu=763782','',2,'2013-05-23'),(16876,'UPDATE mae_productos SET pro_margen_actual=0,pro_precio_venta=3390 WHERE pro_codigo_plu=763857','',2,'2013-05-23'),(16877,'UPDATE mae_productos SET pro_margen_actual=0,pro_precio_venta=4290 WHERE pro_codigo_plu=763858','',2,'2013-05-23'),(16878,'INSERT INTO mae_productos (pro_codigo_plu,pro_codigo_barra,pro_tipo,pro_nombre_producto,pro_nombre_corto,med_id,emb_id,pro_unidades_embalaje,dep_id,lin_id,mar_id,pro_precio_compra_neto,pro_precio_compra_bruto,pro_precio_venta,pro_margen_actual,pro_oferta,pro_fecha_inicio_oferta,pro_fecha_termino_oferta,pro_precio_oferta,pro_stock_minimo,pro_stock_critico,pro_entradas_bodega,pro_salidas_bodega,pro_mermas_bodega,pro_ajustes_bodega,pro_entradas_sv,pro_salidas_sv,pro_mermas_sv,pro_ajustes_sv,pro_activo,rec_numero,pro_unidad,pro_capacidad,pro_consumo_bodega,pro_consumo_sv,pro_estado,pro_funcion_plu,pro_flejes,pro_iva,pro_plu_asociado,pro_envase,pro_duracion,pro_numero_etiqueta) VALUES (78017186,@@@7805815948690@@@,@@@0@@@,@@@BALLERINA MOLETTO TALLA 2@@@,@@@BALLERINA MOLETT@@@,@@@1 @@@,@@@3 @@@,@@@0@@@,@@@39 @@@,@@@191@@@,@@@1585@@@,@@@0@@@,@@@0@@@,@@@3390@@@,@@@0@@@,@@@@@@,@@@2013.05.23@@@,@@@2013.05.23@@@,@@@0@@@,@@@0@@@,@@@0@@@,@@@0@@@,@@@0@@@,@@@0@@@,@@@0@@@,@@@0@@@,@@@0@@@,@@@0@@@,@@@0@@@,@@@1@@@,@@@0@@@,0,1,0,0,2,0,1,1,0,@@@NO@@@,0,0)','',2,'2013-05-23'),(16879,'DELETE FROM mae_impuestos_productos WHERE pro_codigo_plu=@@@78017186@@@','',2,'2013-05-23'),(16880,'UPDATE mae_productos SET pro_margen_actual=0,pro_precio_venta=3390 WHERE pro_codigo_plu=78017186','',2,'2013-05-23'),(16881,'UPDATE mae_productos SET pro_margen_actual=0,pro_precio_venta=380 WHERE pro_codigo_plu=597','',2,'2013-05-23'),(16882,'UPDATE mae_productos SET pro_margen_actual=0,pro_precio_venta=380 WHERE pro_codigo_plu=603','',2,'2013-05-23'),(16883,'UPDATE mae_productos SET pro_margen_actual=0,pro_precio_venta=499 WHERE pro_codigo_plu=607','',2,'2013-05-23'),(16884,'UPDATE mae_productos SET pro_margen_actual=0,pro_precio_venta=300 WHERE pro_codigo_plu=549','',2,'2013-05-23'),(16885,'UPDATE mae_productos SET pro_margen_actual=0,pro_precio_venta=399 WHERE pro_codigo_plu=610','',2,'2013-05-23'),(16886,'UPDATE mae_productos SET pro_margen_actual=0,pro_precio_venta=200 WHERE pro_codigo_plu=590','',2,'2013-05-23'),(16887,'UPDATE mae_productos SET pro_margen_actual=0,pro_precio_venta=750 WHERE pro_codigo_plu=611','',2,'2013-05-23'),(16888,'UPDATE mae_productos SET pro_margen_actual=0,pro_precio_venta=750 WHERE pro_codigo_plu=612','',2,'2013-05-23'),(16889,'UPDATE mae_productos SET pro_precio_fiscal=pro_precio_venta WHERE pro_codigo_plu=590','',2,'2013-05-23'),(16890,'UPDATE mae_productos SET pro_precio_fiscal=pro_precio_venta WHERE pro_codigo_plu=597','',2,'2013-05-23'),(16891,'UPDATE mae_productos SET pro_precio_fiscal=pro_precio_venta WHERE pro_codigo_plu=603','',2,'2013-05-23'),(16892,'UPDATE mae_productos SET pro_precio_fiscal=pro_precio_venta WHERE pro_codigo_plu=607','',2,'2013-05-23'),(16893,'UPDATE mae_productos SET pro_precio_fiscal=pro_precio_venta WHERE pro_codigo_plu=610','',2,'2013-05-23'),(16894,'UPDATE mae_productos SET pro_precio_fiscal=pro_precio_venta WHERE pro_codigo_plu=611','',2,'2013-05-23'),(16895,'UPDATE mae_productos SET pro_precio_fiscal=pro_precio_venta WHERE pro_codigo_plu=78017182','',2,'2013-05-23'),(16896,'UPDATE mae_productos SET pro_precio_fiscal=pro_precio_venta WHERE pro_codigo_plu=78017185','',2,'2013-05-23'),(16897,'UPDATE mae_productos SET pro_precio_fiscal=pro_precio_venta WHERE pro_codigo_plu=78017184','',2,'2013-05-23'),(16898,'UPDATE mae_productos SET pro_precio_fiscal=pro_precio_venta WHERE pro_codigo_plu=78017186','',2,'2013-05-23'),(16899,'UPDATE mae_productos SET pro_precio_fiscal=pro_precio_venta WHERE pro_codigo_plu=78017180','',2,'2013-05-23'),(16900,'UPDATE mae_productos SET pro_precio_fiscal=pro_precio_venta WHERE pro_codigo_plu=764264','',2,'2013-05-23'),(16901,'UPDATE mae_productos SET pro_precio_fiscal=pro_precio_venta WHERE pro_codigo_plu=78017179','',2,'2013-05-23'),(16902,'UPDATE mae_productos SET pro_precio_fiscal=pro_precio_venta WHERE pro_codigo_plu=78017183','',2,'2013-05-23'),(16903,'UPDATE mae_productos SET pro_precio_fiscal=pro_precio_venta WHERE pro_codigo_plu=78017181','',2,'2013-05-23'),(16904,'INSERT INTO mae_productos (pro_codigo_plu,pro_codigo_barra,pro_tipo,pro_nombre_producto,pro_nombre_corto,med_id,emb_id,pro_unidades_embalaje,dep_id,lin_id,mar_id,pro_precio_compra_neto,pro_precio_compra_bruto,pro_precio_venta,pro_margen_actual,pro_oferta,pro_fecha_inicio_oferta,pro_fecha_termino_oferta,pro_precio_oferta,pro_stock_minimo,pro_stock_critico,pro_entradas_bodega,pro_salidas_bodega,pro_mermas_bodega,pro_ajustes_bodega,pro_entradas_sv,pro_salidas_sv,pro_mermas_sv,pro_ajustes_sv,pro_activo,rec_numero,pro_unidad,pro_capacidad,pro_consumo_bodega,pro_consumo_sv,pro_estado,pro_funcion_plu,pro_flejes,pro_iva,pro_plu_asociado,pro_envase,pro_duracion,pro_numero_etiqueta) VALUES (770020,@@@770020@@@,@@@0@@@,@@@STICKER GRANDES@@@,@@@STICKER GRANDES@@@,@@@1 @@@,@@@3 @@@,@@@0@@@,@@@24 @@@,@@@137@@@,@@@2507@@@,@@@0@@@,@@@0@@@,@@@390@@@,@@@0@@@,@@@@@@,@@@2013.05.23@@@,@@@2013.05.23@@@,@@@0@@@,@@@0@@@,@@@0@@@,@@@0@@@,@@@0@@@,@@@0@@@,@@@0@@@,@@@0@@@,@@@0@@@,@@@0@@@,@@@0@@@,@@@1@@@,@@@0@@@,0,1,0,0,2,0,1,1,0,@@@NO@@@,0,0)','',2,'2013-05-23'),(16905,'DELETE FROM mae_impuestos_productos WHERE pro_codigo_plu=@@@770020@@@','',2,'2013-05-23'),(16906,'INSERT INTO mae_productos (pro_codigo_plu,pro_codigo_barra,pro_tipo,pro_nombre_producto,pro_nombre_corto,med_id,emb_id,pro_unidades_embalaje,dep_id,lin_id,mar_id,pro_precio_compra_neto,pro_precio_compra_bruto,pro_precio_venta,pro_margen_actual,pro_oferta,pro_fecha_inicio_oferta,pro_fecha_termino_oferta,pro_precio_oferta,pro_stock_minimo,pro_stock_critico,pro_entradas_bodega,pro_salidas_bodega,pro_mermas_bodega,pro_ajustes_bodega,pro_entradas_sv,pro_salidas_sv,pro_mermas_sv,pro_ajustes_sv,pro_activo,rec_numero,pro_unidad,pro_capacidad,pro_consumo_bodega,pro_consumo_sv,pro_estado,pro_funcion_plu,pro_flejes,pro_iva,pro_plu_asociado,pro_envase,pro_duracion,pro_numero_etiqueta) VALUES (770021,@@@770021@@@,@@@0@@@,@@@STICKER MEDIANOS@@@,@@@STICKER MEDIANOS@@@,@@@1 @@@,@@@3 @@@,@@@0@@@,@@@24 @@@,@@@137@@@,@@@2507@@@,@@@0@@@,@@@0@@@,@@@200@@@,@@@0@@@,@@@@@@,@@@2013.05.23@@@,@@@2013.05.23@@@,@@@0@@@,@@@0@@@,@@@0@@@,@@@0@@@,@@@0@@@,@@@0@@@,@@@0@@@,@@@0@@@,@@@0@@@,@@@0@@@,@@@0@@@,@@@1@@@,@@@0@@@,0,1,0,0,2,0,1,1,0,@@@NO@@@,0,0)','',2,'2013-05-23'),(16907,'DELETE FROM mae_impuestos_productos WHERE pro_codigo_plu=@@@770021@@@','',2,'2013-05-23'),(16908,'INSERT INTO mae_productos (pro_codigo_plu,pro_codigo_barra,pro_tipo,pro_nombre_producto,pro_nombre_corto,med_id,emb_id,pro_unidades_embalaje,dep_id,lin_id,mar_id,pro_precio_compra_neto,pro_precio_compra_bruto,pro_precio_venta,pro_margen_actual,pro_oferta,pro_fecha_inicio_oferta,pro_fecha_termino_oferta,pro_precio_oferta,pro_stock_minimo,pro_stock_critico,pro_entradas_bodega,pro_salidas_bodega,pro_mermas_bodega,pro_ajustes_bodega,pro_entradas_sv,pro_salidas_sv,pro_mermas_sv,pro_ajustes_sv,pro_activo,rec_numero,pro_unidad,pro_capacidad,pro_consumo_bodega,pro_consumo_sv,pro_estado,pro_funcion_plu,pro_flejes,pro_iva,pro_plu_asociado,pro_envase,pro_duracion,pro_numero_etiqueta) VALUES (770022,@@@770022@@@,@@@0@@@,@@@STICKER CHICOS@@@,@@@STICKER CHICOS@@@,@@@1 @@@,@@@3 @@@,@@@0@@@,@@@24 @@@,@@@137@@@,@@@2507@@@,@@@0@@@,@@@0@@@,@@@100@@@,@@@0@@@,@@@@@@,@@@2013.05.23@@@,@@@2013.05.23@@@,@@@0@@@,@@@0@@@,@@@0@@@,@@@0@@@,@@@0@@@,@@@0@@@,@@@0@@@,@@@0@@@,@@@0@@@,@@@0@@@,@@@0@@@,@@@1@@@,@@@0@@@,0,1,0,0,2,0,1,1,0,@@@NO@@@,0,0)','',2,'2013-05-23'),(16909,'DELETE FROM mae_impuestos_productos WHERE pro_codigo_plu=@@@770022@@@','',2,'2013-05-23'),(16910,'INSERT INTO gne_vale_ferreteria (vfe_id,vfe_fecha,vfe_total,vfe_estado,vfe_entregado,usu_nusuario) VALUES (480,@@@2013.05.23@@@,1360,1,0,@@@b_SAEZ@@@)','',2,'2013-05-23'),(16911,'INSERT INTO gne_vale_ferreteria_mov (vfe_id,pro_codigo_plu,vfm_cantidad,vfm_unitario,vfm_total,vfm_entregado) VALUES (480,19866,2,680,1360,@@@NO@@@)','',2,'2013-05-23'),(16912,'UPDATE mae_productos SET pro_margen_actual=0,pro_precio_venta=100 WHERE pro_codigo_plu=770022','',2,'2013-05-23'),(16913,'UPDATE mae_productos SET pro_margen_actual=0,pro_precio_venta=390 WHERE pro_codigo_plu=770020','',2,'2013-05-23'),(16914,'UPDATE mae_productos SET pro_margen_actual=0,pro_precio_venta=200 WHERE pro_codigo_plu=770021','',2,'2013-05-23'),(16915,'INSERT INTO gne_vale_ferreteria (vfe_id,vfe_fecha,vfe_total,vfe_estado,vfe_entregado,usu_nusuario) VALUES (481,@@@2013.05.23@@@,840,1,0,@@@b_SAEZ@@@)','',2,'2013-05-23'),(16916,'INSERT INTO gne_vale_ferreteria_mov (vfe_id,pro_codigo_plu,vfm_cantidad,vfm_unitario,vfm_total,vfm_entregado) VALUES (481,11670,1,840,840,@@@NO@@@)','',2,'2013-05-23'),(16917,'UPDATE mae_productos SET pro_margen_actual=0,pro_precio_venta=100 WHERE pro_codigo_plu=770022','',2,'2013-05-23'),(16918,'UPDATE mae_productos SET pro_margen_actual=0,pro_precio_venta=390 WHERE pro_codigo_plu=770020','',2,'2013-05-23'),(16919,'UPDATE mae_productos SET pro_margen_actual=0,pro_precio_venta=200 WHERE pro_codigo_plu=770021','',2,'2013-05-23'),(16920,'UPDATE mae_productos SET pro_margen_actual=0,pro_precio_venta=1490 WHERE pro_codigo_plu=560','',2,'2013-05-23'),(16921,'UPDATE mae_productos SET pro_margen_actual=0,pro_precio_venta=750 WHERE pro_codigo_plu=579','',2,'2013-05-23'),(16922,'UPDATE mae_productos SET pro_margen_actual=0,pro_precio_venta=499 WHERE pro_codigo_plu=572','',2,'2013-05-23'),(16923,'UPDATE mae_productos SET pro_margen_actual=0,pro_precio_venta=599 WHERE pro_codigo_plu=566','',2,'2013-05-23'),(16924,'UPDATE mae_productos SET pro_margen_actual=0,pro_precio_venta=599 WHERE pro_codigo_plu=570','',2,'2013-05-23'),(16925,'UPDATE mae_productos SET pro_margen_actual=0,pro_precio_venta=599 WHERE pro_codigo_plu=544','',2,'2013-05-23'),(16926,'UPDATE mae_productos SET pro_margen_actual=0,pro_precio_venta=590 WHERE pro_codigo_plu=510','',2,'2013-05-23'),(16927,'UPDATE mae_productos SET pro_margen_actual=0,pro_precio_venta=999 WHERE pro_codigo_plu=535','',2,'2013-05-23'),(16928,'UPDATE mae_productos SET pro_precio_fiscal=pro_precio_venta WHERE pro_codigo_plu=510','',2,'2013-05-23'),(16929,'UPDATE mae_productos SET pro_precio_fiscal=pro_precio_venta WHERE pro_codigo_plu=535','',2,'2013-05-23'),(16930,'UPDATE mae_productos SET pro_precio_fiscal=pro_precio_venta WHERE pro_codigo_plu=544','',2,'2013-05-23'),(16931,'UPDATE mae_productos SET pro_precio_fiscal=pro_precio_venta WHERE pro_codigo_plu=560','',2,'2013-05-23'),(16932,'UPDATE mae_productos SET pro_precio_fiscal=pro_precio_venta WHERE pro_codigo_plu=570','',2,'2013-05-23'),(16933,'UPDATE mae_productos SET pro_precio_fiscal=pro_precio_venta WHERE pro_codigo_plu=572','',2,'2013-05-23'),(16934,'UPDATE mae_productos SET pro_precio_fiscal=pro_precio_venta WHERE pro_codigo_plu=579','',2,'2013-05-23'),(16935,'UPDATE mae_productos SET pro_precio_fiscal=pro_precio_venta WHERE pro_codigo_plu=770020','',2,'2013-05-23'),(16936,'UPDATE mae_productos SET pro_precio_fiscal=pro_precio_venta WHERE pro_codigo_plu=770021','',2,'2013-05-23'),(16937,'UPDATE mae_productos SET pro_precio_fiscal=pro_precio_venta WHERE pro_codigo_plu=770022','',2,'2013-05-23'),(16938,'UPDATE mae_productos SET pro_margen_actual=0,pro_precio_venta=3990 WHERE pro_codigo_plu=7','',2,'2013-05-23'),(16939,'UPDATE mae_productos SET pro_margen_actual=0,pro_precio_venta=3990 WHERE pro_codigo_plu=6','',2,'2013-05-23'),(16940,'UPDATE mae_productos SET pro_precio_fiscal=pro_precio_venta WHERE pro_codigo_plu=6','',2,'2013-05-23'),(16941,'UPDATE mae_productos SET pro_precio_fiscal=pro_precio_venta WHERE pro_codigo_plu=7','',2,'2013-05-23'),(16942,'UPDATE mae_productos SET pro_margen_actual=0,pro_precio_venta=5090 WHERE pro_codigo_plu=65','',2,'2013-05-23'),(16943,'INSERT INTO mae_productos (pro_codigo_plu,pro_codigo_barra,pro_tipo,pro_nombre_producto,pro_nombre_corto,med_id,emb_id,pro_unidades_embalaje,dep_id,lin_id,mar_id,pro_precio_compra_neto,pro_precio_compra_bruto,pro_precio_venta,pro_margen_actual,pro_oferta,pro_fecha_inicio_oferta,pro_fecha_termino_oferta,pro_precio_oferta,pro_stock_minimo,pro_stock_critico,pro_entradas_bodega,pro_salidas_bodega,pro_mermas_bodega,pro_ajustes_bodega,pro_entradas_sv,pro_salidas_sv,pro_mermas_sv,pro_ajustes_sv,pro_activo,rec_numero,pro_unidad,pro_capacidad,pro_consumo_bodega,pro_consumo_sv,pro_estado,pro_funcion_plu,pro_flejes,pro_iva,pro_plu_asociado,pro_envase,pro_duracion,pro_numero_etiqueta) VALUES (770023,@@@770023@@@,@@@0@@@,@@@OXIDO DE ZINC@@@,@@@OXIDO DE ZINC@@@,@@@1 @@@,@@@3 @@@,@@@0@@@,@@@2 @@@,@@@41@@@,@@@2507@@@,@@@0@@@,@@@0@@@,@@@100@@@,@@@0@@@,@@@@@@,@@@2013.05.23@@@,@@@2013.05.23@@@,@@@0@@@,@@@0@@@,@@@0@@@,@@@0@@@,@@@0@@@,@@@0@@@,@@@0@@@,@@@0@@@,@@@0@@@,@@@0@@@,@@@0@@@,@@@1@@@,@@@0@@@,0,1,0,0,2,0,1,1,0,@@@NO@@@,0,0)','',2,'2013-05-23'),(16944,'DELETE FROM mae_impuestos_productos WHERE pro_codigo_plu=@@@770023@@@','',2,'2013-05-23'),(16945,'INSERT INTO mae_productos (pro_codigo_plu,pro_codigo_barra,pro_tipo,pro_nombre_producto,pro_nombre_corto,med_id,emb_id,pro_unidades_embalaje,dep_id,lin_id,mar_id,pro_precio_compra_neto,pro_precio_compra_bruto,pro_precio_venta,pro_margen_actual,pro_oferta,pro_fecha_inicio_oferta,pro_fecha_termino_oferta,pro_precio_oferta,pro_stock_minimo,pro_stock_critico,pro_entradas_bodega,pro_salidas_bodega,pro_mermas_bodega,pro_ajustes_bodega,pro_entradas_sv,pro_salidas_sv,pro_mermas_sv,pro_ajustes_sv,pro_activo,rec_numero,pro_unidad,pro_capacidad,pro_consumo_bodega,pro_consumo_sv,pro_estado,pro_funcion_plu,pro_flejes,pro_iva,pro_plu_asociado,pro_envase,pro_duracion,pro_numero_etiqueta) VALUES (770024,@@@770024@@@,@@@0@@@,@@@PECTORAL@@@,@@@PECTORAL@@@,@@@1 @@@,@@@3 @@@,@@@0@@@,@@@2 @@@,@@@41@@@,@@@2507@@@,@@@0@@@,@@@0@@@,@@@100@@@,@@@0@@@,@@@@@@,@@@2013.05.23@@@,@@@2013.05.23@@@,@@@0@@@,@@@0@@@,@@@0@@@,@@@0@@@,@@@0@@@,@@@0@@@,@@@0@@@,@@@0@@@,@@@0@@@,@@@0@@@,@@@0@@@,@@@1@@@,@@@0@@@,0,1,0,0,2,0,1,1,0,@@@NO@@@,0,0)','',2,'2013-05-23'),(16946,'DELETE FROM mae_impuestos_productos WHERE pro_codigo_plu=@@@770024@@@','',2,'2013-05-23'),(16947,'INSERT INTO mae_productos (pro_codigo_plu,pro_codigo_barra,pro_tipo,pro_nombre_producto,pro_nombre_corto,med_id,emb_id,pro_unidades_embalaje,dep_id,lin_id,mar_id,pro_precio_compra_neto,pro_precio_compra_bruto,pro_precio_venta,pro_margen_actual,pro_oferta,pro_fecha_inicio_oferta,pro_fecha_termino_oferta,pro_precio_oferta,pro_stock_minimo,pro_stock_critico,pro_entradas_bodega,pro_salidas_bodega,pro_mermas_bodega,pro_ajustes_bodega,pro_entradas_sv,pro_salidas_sv,pro_mermas_sv,pro_ajustes_sv,pro_activo,rec_numero,pro_unidad,pro_capacidad,pro_consumo_bodega,pro_consumo_sv,pro_estado,pro_funcion_plu,pro_flejes,pro_iva,pro_plu_asociado,pro_envase,pro_duracion,pro_numero_etiqueta) VALUES (770025,@@@770025@@@,@@@0@@@,@@@MANZANILLA@@@,@@@MANZANILLA@@@,@@@1 @@@,@@@3 @@@,@@@0@@@,@@@2 @@@,@@@41@@@,@@@2507@@@,@@@0@@@,@@@0@@@,@@@100@@@,@@@0@@@,@@@@@@,@@@2013.05.23@@@,@@@2013.05.23@@@,@@@0@@@,@@@0@@@,@@@0@@@,@@@0@@@,@@@0@@@,@@@0@@@,@@@0@@@,@@@0@@@,@@@0@@@,@@@0@@@,@@@0@@@,@@@1@@@,@@@0@@@,0,1,0,0,2,0,1,1,0,@@@NO@@@,0,0)','',2,'2013-05-23'),(16948,'DELETE FROM mae_impuestos_productos WHERE pro_codigo_plu=@@@770025@@@','',2,'2013-05-23'),(16949,'INSERT INTO mae_productos (pro_codigo_plu,pro_codigo_barra,pro_tipo,pro_nombre_producto,pro_nombre_corto,med_id,emb_id,pro_unidades_embalaje,dep_id,lin_id,mar_id,pro_precio_compra_neto,pro_precio_compra_bruto,pro_precio_venta,pro_margen_actual,pro_oferta,pro_fecha_inicio_oferta,pro_fecha_termino_oferta,pro_precio_oferta,pro_stock_minimo,pro_stock_critico,pro_entradas_bodega,pro_salidas_bodega,pro_mermas_bodega,pro_ajustes_bodega,pro_entradas_sv,pro_salidas_sv,pro_mermas_sv,pro_ajustes_sv,pro_activo,rec_numero,pro_unidad,pro_capacidad,pro_consumo_bodega,pro_consumo_sv,pro_estado,pro_funcion_plu,pro_flejes,pro_iva,pro_plu_asociado,pro_envase,pro_duracion,pro_numero_etiqueta) VALUES (770026,@@@770026@@@,@@@0@@@,@@@TILO@@@,@@@TILO@@@,@@@1 @@@,@@@3 @@@,@@@0@@@,@@@2 @@@,@@@41@@@,@@@2507@@@,@@@0@@@,@@@0@@@,@@@100@@@,@@@0@@@,@@@@@@,@@@2013.05.23@@@,@@@2013.05.23@@@,@@@0@@@,@@@0@@@,@@@0@@@,@@@0@@@,@@@0@@@,@@@0@@@,@@@0@@@,@@@0@@@,@@@0@@@,@@@0@@@,@@@0@@@,@@@1@@@,@@@0@@@,0,1,0,0,2,0,1,1,0,@@@NO@@@,0,0)','',2,'2013-05-23'),(16950,'DELETE FROM mae_impuestos_productos WHERE pro_codigo_plu=@@@770026@@@','',2,'2013-05-23'),(16951,'UPDATE mae_productos SET pro_margen_actual=0,pro_precio_venta=100 WHERE pro_codigo_plu=770025','',2,'2013-05-23'),(16952,'UPDATE mae_productos SET pro_margen_actual=0,pro_precio_venta=100 WHERE pro_codigo_plu=770023','',2,'2013-05-23'),(16953,'UPDATE mae_productos SET pro_margen_actual=0,pro_precio_venta=100 WHERE pro_codigo_plu=770024','',2,'2013-05-23'),(16954,'UPDATE mae_productos SET pro_margen_actual=0,pro_precio_venta=100 WHERE pro_codigo_plu=770026','',2,'2013-05-23'),(16955,'UPDATE mae_productos SET pro_margen_actual=0,pro_precio_venta=1890 WHERE pro_codigo_plu=102074','',2,'2013-05-23'),(16956,'UPDATE mae_productos SET pro_margen_actual=0,pro_precio_venta=1890 WHERE pro_codigo_plu=102072','',2,'2013-05-23'),(16957,'UPDATE mae_productos SET pro_margen_actual=0,pro_precio_venta=1890 WHERE pro_codigo_plu=102076','',2,'2013-05-23'),(16958,'UPDATE mae_productos SET pro_margen_actual=0,pro_precio_venta=1890 WHERE pro_codigo_plu=101678','',2,'2013-05-23'),(16959,'UPDATE mae_productos SET pro_margen_actual=0,pro_precio_venta=1890 WHERE pro_codigo_plu=101852','',2,'2013-05-23'),(16960,'UPDATE mae_productos SET pro_margen_actual=0,pro_precio_venta=1890 WHERE pro_codigo_plu=101848','',2,'2013-05-23'),(16961,'UPDATE mae_productos SET pro_margen_actual=0,pro_precio_venta=1890 WHERE pro_codigo_plu=101846','',2,'2013-05-23'),(16962,'UPDATE mae_productos SET pro_margen_actual=0,pro_precio_venta=1890 WHERE pro_codigo_plu=101840','',2,'2013-05-23'),(16963,'UPDATE mae_productos SET pro_margen_actual=0,pro_precio_venta=1890 WHERE pro_codigo_plu=101679','',2,'2013-05-23'),(16964,'UPDATE mae_productos SET pro_margen_actual=0,pro_precio_venta=1890 WHERE pro_codigo_plu=101680','',2,'2013-05-23'),(16965,'UPDATE mae_productos SET pro_margen_actual=0,pro_precio_venta=1890 WHERE pro_codigo_plu=102075','',2,'2013-05-23'),(16966,'UPDATE mae_productos SET pro_margen_actual=0,pro_precio_venta=1890 WHERE pro_codigo_plu=102071','',2,'2013-05-23'),(16967,'UPDATE mae_productos SET pro_margen_actual=0,pro_precio_venta=1890 WHERE pro_codigo_plu=101849','',2,'2013-05-23'),(16968,'UPDATE mae_productos SET pro_margen_actual=0,pro_precio_venta=1890 WHERE pro_codigo_plu=101841','',2,'2013-05-23'),(16969,'UPDATE mae_productos SET pro_margen_actual=0,pro_precio_venta=1890 WHERE pro_codigo_plu=101851','',2,'2013-05-23'),(16970,'UPDATE mae_productos SET pro_margen_actual=0,pro_precio_venta=1890 WHERE pro_codigo_plu=101844','',2,'2013-05-23'),(16971,'UPDATE mae_productos SET pro_margen_actual=0,pro_precio_venta=1890 WHERE pro_codigo_plu=101851','',2,'2013-05-23'),(16972,'UPDATE mae_productos SET pro_margen_actual=0,pro_precio_venta=790 WHERE pro_codigo_plu=112','',2,'2013-05-23'),(16973,'UPDATE mae_productos SET pro_precio_fiscal=pro_precio_venta WHERE pro_codigo_plu=112','',2,'2013-05-23'),(16974,'UPDATE mae_productos SET pro_precio_fiscal=pro_precio_venta WHERE pro_codigo_plu=770023','',2,'2013-05-23'),(16975,'UPDATE mae_productos SET pro_precio_fiscal=pro_precio_venta WHERE pro_codigo_plu=770024','',2,'2013-05-23'),(16976,'UPDATE mae_productos SET pro_precio_fiscal=pro_precio_venta WHERE pro_codigo_plu=770025','',2,'2013-05-23'),(16977,'UPDATE mae_productos SET pro_precio_fiscal=pro_precio_venta WHERE pro_codigo_plu=770026','',2,'2013-05-23'),(16978,'UPDATE mae_productos SET pro_precio_fiscal=pro_precio_venta WHERE pro_codigo_plu=101849','',2,'2013-05-23'),(16979,'UPDATE mae_productos SET pro_precio_fiscal=pro_precio_venta WHERE pro_codigo_plu=101851','',2,'2013-05-23'),(16980,'UPDATE mae_productos SET pro_precio_fiscal=pro_precio_venta WHERE pro_codigo_plu=102074','',2,'2013-05-23'),(16981,'UPDATE mae_productos SET pro_margen_actual=0,pro_precio_venta=1290 WHERE pro_codigo_plu=102655','',2,'2013-05-23'),(16982,'UPDATE mae_productos SET pro_precio_fiscal=pro_precio_venta WHERE pro_codigo_plu=102655','',2,'2013-05-23'),(16983,'UPDATE mae_productos SET pro_margen_actual=0,pro_precio_venta=1200 WHERE pro_codigo_plu=383','',2,'2013-05-23'),(16984,'UPDATE mae_productos SET pro_margen_actual=0,pro_precio_venta=1890 WHERE pro_codigo_plu=763598','',2,'2013-05-23'),(16985,'UPDATE mae_productos SET pro_margen_actual=0,pro_precio_venta=1890 WHERE pro_codigo_plu=763600','',2,'2013-05-23'),(16986,'UPDATE mae_productos SET pro_margen_actual=0,pro_precio_venta=1890 WHERE pro_codigo_plu=763608','',2,'2013-05-23'),(16987,'INSERT INTO mae_productos (pro_codigo_plu,pro_codigo_barra,pro_tipo,pro_nombre_producto,pro_nombre_corto,med_id,emb_id,pro_unidades_embalaje,dep_id,lin_id,mar_id,pro_precio_compra_neto,pro_precio_compra_bruto,pro_precio_venta,pro_margen_actual,pro_oferta,pro_fecha_inicio_oferta,pro_fecha_termino_oferta,pro_precio_oferta,pro_stock_minimo,pro_stock_critico,pro_entradas_bodega,pro_salidas_bodega,pro_mermas_bodega,pro_ajustes_bodega,pro_entradas_sv,pro_salidas_sv,pro_mermas_sv,pro_ajustes_sv,pro_activo,rec_numero,pro_unidad,pro_capacidad,pro_consumo_bodega,pro_consumo_sv,pro_estado,pro_funcion_plu,pro_flejes,pro_iva,pro_plu_asociado,pro_envase,pro_duracion,pro_numero_etiqueta) VALUES (78017187,@@@5880560066471@@@,@@@0@@@,@@@9.13 GARNIER NUTRISSE RUBIO MUY CLARO@@@,@@@9.13 GARNIER NUT@@@,@@@1 @@@,@@@3 @@@,@@@0@@@,@@@21 @@@,@@@130@@@,@@@1172@@@,@@@0@@@,@@@0@@@,@@@1890@@@,@@@0@@@,@@@@@@,@@@2013.05.23@@@,@@@2013.05.23@@@,@@@0@@@,@@@0@@@,@@@0@@@,@@@0@@@,@@@0@@@,@@@0@@@,@@@0@@@,@@@0@@@,@@@0@@@,@@@0@@@,@@@0@@@,@@@1@@@,@@@0@@@,0,1,0,0,2,0,1,1,0,@@@NO@@@,0,0)','',2,'2013-05-23'),(16988,'DELETE FROM mae_impuestos_productos WHERE pro_codigo_plu=@@@78017187@@@','',2,'2013-05-23'),(16989,'UPDATE mae_productos SET pro_margen_actual=0,pro_precio_venta=1890 WHERE pro_codigo_plu=78017187','',2,'2013-05-23'),(16990,'UPDATE mae_productos SET pro_margen_actual=0,pro_precio_venta=1790 WHERE pro_codigo_plu=110','',2,'2013-05-23'),(16991,'UPDATE mae_productos SET pro_precio_fiscal=pro_precio_venta WHERE pro_codigo_plu=110','',2,'2013-05-23'),(16992,'UPDATE mae_productos SET pro_precio_fiscal=pro_precio_venta WHERE pro_codigo_plu=78017187','',2,'2013-05-23'),(16993,'INSERT INTO mae_productos (pro_codigo_plu,pro_codigo_barra,pro_tipo,pro_nombre_producto,pro_nombre_corto,med_id,emb_id,pro_unidades_embalaje,dep_id,lin_id,mar_id,pro_precio_compra_neto,pro_precio_compra_bruto,pro_precio_venta,pro_margen_actual,pro_oferta,pro_fecha_inicio_oferta,pro_fecha_termino_oferta,pro_precio_oferta,pro_stock_minimo,pro_stock_critico,pro_entradas_bodega,pro_salidas_bodega,pro_mermas_bodega,pro_ajustes_bodega,pro_entradas_sv,pro_salidas_sv,pro_mermas_sv,pro_ajustes_sv,pro_activo,rec_numero,pro_unidad,pro_capacidad,pro_consumo_bodega,pro_consumo_sv,pro_estado,pro_funcion_plu,pro_flejes,pro_iva,pro_plu_asociado,pro_envase,pro_duracion,pro_numero_etiqueta) VALUES (78017188,@@@7899026462571@@@,@@@0@@@,@@@4.0 GARNIER NUTRISSE CASTAÑO@@@,@@@4.0 GARNIER NUTR@@@,@@@1 @@@,@@@3 @@@,@@@0@@@,@@@21 @@@,@@@130@@@,@@@1172@@@,@@@0@@@,@@@0@@@,@@@1890@@@,@@@0@@@,@@@@@@,@@@2013.05.23@@@,@@@2013.05.23@@@,@@@0@@@,@@@0@@@,@@@0@@@,@@@0@@@,@@@0@@@,@@@0@@@,@@@0@@@,@@@0@@@,@@@0@@@,@@@0@@@,@@@0@@@,@@@1@@@,@@@0@@@,0,1,0,0,2,0,1,1,0,@@@NO@@@,0,0)','',2,'2013-05-23'),(16994,'DELETE FROM mae_impuestos_productos WHERE pro_codigo_plu=@@@78017188@@@','',2,'2013-05-23'),(16995,'INSERT INTO gne_vale_ferreteria (vfe_id,vfe_fecha,vfe_total,vfe_estado,vfe_entregado,usu_nusuario) VALUES (482,@@@2013.05.23@@@,1890,1,0,@@@b_SAEZ@@@)','',2,'2013-05-23'),(16996,'INSERT INTO gne_vale_ferreteria_mov (vfe_id,pro_codigo_plu,vfm_cantidad,vfm_unitario,vfm_total,vfm_entregado) VALUES (482,78017188,1,1890,1890,@@@NO@@@)','',2,'2013-05-23'),(16997,'INSERT INTO gne_vale_ferreteria (vfe_id,vfe_fecha,vfe_total,vfe_estado,vfe_entregado,usu_nusuario) VALUES (483,@@@2013.05.23@@@,1890,1,0,@@@b_SAEZ@@@)','',2,'2013-05-23'),(16998,'INSERT INTO gne_vale_ferreteria_mov (vfe_id,pro_codigo_plu,vfm_cantidad,vfm_unitario,vfm_total,vfm_entregado) VALUES (483,101844,1,1890,1890,@@@NO@@@)','',2,'2013-05-23'),(16999,'INSERT INTO mae_productos (pro_codigo_plu,pro_codigo_barra,pro_tipo,pro_nombre_producto,pro_nombre_corto,med_id,emb_id,pro_unidades_embalaje,dep_id,lin_id,mar_id,pro_precio_compra_neto,pro_precio_compra_bruto,pro_precio_venta,pro_margen_actual,pro_oferta,pro_fecha_inicio_oferta,pro_fecha_termino_oferta,pro_precio_oferta,pro_stock_minimo,pro_stock_critico,pro_entradas_bodega,pro_salidas_bodega,pro_mermas_bodega,pro_ajustes_bodega,pro_entradas_sv,pro_salidas_sv,pro_mermas_sv,pro_ajustes_sv,pro_activo,rec_numero,pro_unidad,pro_capacidad,pro_consumo_bodega,pro_consumo_sv,pro_estado,pro_funcion_plu,pro_flejes,pro_iva,pro_plu_asociado,pro_envase,pro_duracion,pro_numero_etiqueta) VALUES (78017189,@@@2511706@@@,@@@0@@@,@@@HARINA INTEGRAL X K@@@,@@@HARINA INTEGRAL @@@,@@@2 @@@,@@@3 @@@,@@@0@@@,@@@1 @@@,@@@151@@@,@@@2509@@@,@@@0@@@,@@@0@@@,@@@720@@@,@@@0@@@,@@@@@@,@@@2013.05.23@@@,@@@2013.05.23@@@,@@@0@@@,@@@0@@@,@@@0@@@,@@@0@@@,@@@0@@@,@@@0@@@,@@@0@@@,@@@0@@@,@@@0@@@,@@@0@@@,@@@0@@@,@@@1@@@,@@@0@@@,0,1,0,0,2,0,1,1,0,@@@NO@@@,0,0)','',2,'2013-05-23'),(17000,'DELETE FROM mae_impuestos_productos WHERE pro_codigo_plu=@@@78017189@@@','',2,'2013-05-23'),(17001,'UPDATE mae_productos SET pro_margen_actual=0,pro_precio_venta=1890 WHERE pro_codigo_plu=78017188','',2,'2013-05-23'),(17002,'UPDATE mae_productos SET pro_margen_actual=0,pro_precio_venta=720 WHERE pro_codigo_plu=78017189','',2,'2013-05-23'),(17003,'UPDATE mae_productos SET pro_precio_fiscal=pro_precio_venta WHERE pro_codigo_plu=78017189','',2,'2013-05-23'),(17004,'UPDATE mae_productos SET pro_precio_fiscal=pro_precio_venta WHERE pro_codigo_plu=78017188','',2,'2013-05-23'),(17005,'UPDATE mae_productos SET pro_margen_actual=0,pro_precio_venta=1075 WHERE pro_codigo_plu=10290','',2,'2013-05-23'),(17006,'UPDATE mae_productos SET pro_margen_actual=0,pro_precio_venta=620 WHERE pro_codigo_plu=10344','',2,'2013-05-23'),(17007,'UPDATE mae_productos SET pro_precio_fiscal=pro_precio_venta WHERE pro_codigo_plu=10344','',2,'2013-05-23'),(17008,'UPDATE mae_productos SET pro_precio_fiscal=pro_precio_venta WHERE pro_codigo_plu=10290','',2,'2013-05-23'),(17009,'UPDATE mae_productos SET pro_margen_actual=0,pro_precio_venta=130 WHERE pro_codigo_plu=16817','',2,'2013-05-23'),(17010,'UPDATE mae_productos SET pro_margen_actual=0,pro_precio_venta=450 WHERE pro_codigo_plu=17329','',2,'2013-05-23'),(17011,'UPDATE mae_productos SET pro_margen_actual=0,pro_precio_venta=990 WHERE pro_codigo_plu=17328','',2,'2013-05-23'),(17012,'UPDATE mae_productos SET pro_margen_actual=0,pro_precio_venta=650 WHERE pro_codigo_plu=17190','',2,'2013-05-23'),(17013,'UPDATE mae_productos SET pro_precio_fiscal=pro_precio_venta WHERE pro_codigo_plu=17329','',2,'2013-05-23'),(17014,'UPDATE mae_productos SET pro_precio_fiscal=pro_precio_venta WHERE pro_codigo_plu=17328','',2,'2013-05-23'),(17015,'UPDATE mae_productos SET pro_precio_fiscal=pro_precio_venta WHERE pro_codigo_plu=17190','',2,'2013-05-23'),(17016,'UPDATE mae_productos SET pro_precio_fiscal=pro_precio_venta WHERE pro_codigo_plu=16817','',2,'2013-05-23'),(17017,'UPDATE mae_productos SET pro_margen_actual=0,pro_precio_venta=1890 WHERE pro_codigo_plu=78017188','',2,'2013-05-23'),(17018,'UPDATE mae_productos SET pro_margen_actual=0,pro_precio_venta=1890 WHERE pro_codigo_plu=763603','',2,'2013-05-23'),(17019,'UPDATE mae_productos SET pro_margen_actual=0,pro_precio_venta=1890 WHERE pro_codigo_plu=763606','',2,'2013-05-23'),(17020,'UPDATE mae_productos SET pro_margen_actual=0,pro_precio_venta=1890 WHERE pro_codigo_plu=78016981','',2,'2013-05-23'),(17021,'UPDATE mae_productos SET pro_margen_actual=0,pro_precio_venta=1890 WHERE pro_codigo_plu=763602','',2,'2013-05-23'),(17022,'UPDATE mae_productos SET pro_margen_actual=0,pro_precio_venta=1890 WHERE pro_codigo_plu=78016984','',2,'2013-05-23'),(17023,'UPDATE mae_productos SET pro_margen_actual=0,pro_precio_venta=1890 WHERE pro_codigo_plu=763583','',2,'2013-05-23'),(17024,'UPDATE mae_productos SET pro_margen_actual=0,pro_precio_venta=1890 WHERE pro_codigo_plu=763604','',2,'2013-05-23'),(17025,'UPDATE mae_productos SET pro_margen_actual=0,pro_precio_venta=1990 WHERE pro_codigo_plu=102725','',2,'2013-05-23'),(17026,'UPDATE mae_productos SET pro_margen_actual=0,pro_precio_venta=1990 WHERE pro_codigo_plu=20958','',2,'2013-05-23'),(17027,'UPDATE mae_productos SET pro_margen_actual=0,pro_precio_venta=1990 WHERE pro_codigo_plu=102628','',2,'2013-05-23'),(17028,'UPDATE mae_productos SET pro_margen_actual=0,pro_precio_venta=1990 WHERE pro_codigo_plu=102733','',2,'2013-05-23'),(17029,'INSERT INTO gne_vale_ferreteria (vfe_id,vfe_fecha,vfe_total,vfe_estado,vfe_entregado,usu_nusuario) VALUES (484,@@@2013.05.23@@@,1220,1,0,@@@b_SAEZ@@@)','',2,'2013-05-23'),(17030,'INSERT INTO gne_vale_ferreteria_mov (vfe_id,pro_codigo_plu,vfm_cantidad,vfm_unitario,vfm_total,vfm_entregado) VALUES (484,11597,1,890,890,@@@NO@@@)','',2,'2013-05-23'),(17031,'INSERT INTO gne_vale_ferreteria_mov (vfe_id,pro_codigo_plu,vfm_cantidad,vfm_unitario,vfm_total,vfm_entregado) VALUES (484,19918,1,330,330,@@@NO@@@)','',2,'2013-05-23'),(17032,'UPDATE mae_productos SET pro_codigo_barra=@@@2511706@@@,pro_tipo=@@@0@@@,pro_nombre_producto=@@@HARINA MOLINO BIO BIO INTEGRAL X 1K@@@,pro_nombre_corto=@@@HARINA INTEGRAL @@@,med_id=@@@2@@@,emb_id=@@@3@@@,pro_unidades_embalaje=@@@0@@@,dep_id=@@@1 @@@,lin_id=@@@10@@@,mar_id=@@@2509@@@,pro_precio_compra_neto=@@@0@@@,pro_precio_compra_bruto=@@@0@@@,pro_precio_venta=@@@720@@@,pro_margen_actual=@@@0@@@,pro_oferta=@@@NO@@@,pro_fecha_inicio_oferta=@@@2013.05.23@@@,pro_fecha_termino_oferta=@@@2013.05.23@@@,pro_precio_oferta=@@@0@@@,pro_stock_minimo=@@@0@@@,pro_stock_critico=@@@0@@@,pro_activo=@@@1@@@,pro_unidad=@@@0@@@,pro_precio_compra_bruto=0,pro_margen_actual=0,pro_capacidad=1,pro_funcion_plu=0,pro_flejes=1,pro_iva=1,pro_plu_asociado=0,pro_envase=@@@NO@@@,pro_duracion=0,pro_numero_etiqueta=0 WHERE pro_codigo_plu=@@@78017189@@@','',2,'2013-05-23'),(17033,'UPDATE mae_productos SET pro_estado=1 WHERE pro_codigo_plu=78017189','',2,'2013-05-23'),(17034,'DELETE FROM mae_impuestos_productos WHERE pro_codigo_plu=@@@78017189@@@','',2,'2013-05-23'),(17035,'UPDATE mae_productos SET pro_margen_actual=0,pro_precio_venta=720 WHERE pro_codigo_plu=78017189','',2,'2013-05-23'),(17036,'UPDATE mae_productos SET pro_margen_actual=0,pro_precio_venta=470 WHERE pro_codigo_plu=16691','',2,'2013-05-23'),(17037,'UPDATE mae_productos SET pro_precio_fiscal=pro_precio_venta WHERE pro_codigo_plu=16691','',2,'2013-05-23'),(17038,'UPDATE mae_productos SET pro_precio_fiscal=pro_precio_venta WHERE pro_codigo_plu=102628','',2,'2013-05-23'),(17039,'INSERT INTO gne_vale_ferreteria (vfe_id,vfe_fecha,vfe_total,vfe_estado,vfe_entregado,usu_nusuario) VALUES (485,@@@2013.05.23@@@,1895,1,0,@@@b_SAEZ@@@)','',2,'2013-05-23'),(17040,'INSERT INTO gne_vale_ferreteria_mov (vfe_id,pro_codigo_plu,vfm_cantidad,vfm_unitario,vfm_total,vfm_entregado) VALUES (485,763906,1,1895,1895,@@@NO@@@)','',2,'2013-05-23'),(17041,'INSERT INTO mae_productos (pro_codigo_plu,pro_codigo_barra,pro_tipo,pro_nombre_producto,pro_nombre_corto,med_id,emb_id,pro_unidades_embalaje,dep_id,lin_id,mar_id,pro_precio_compra_neto,pro_precio_compra_bruto,pro_precio_venta,pro_margen_actual,pro_oferta,pro_fecha_inicio_oferta,pro_fecha_termino_oferta,pro_precio_oferta,pro_stock_minimo,pro_stock_critico,pro_entradas_bodega,pro_salidas_bodega,pro_mermas_bodega,pro_ajustes_bodega,pro_entradas_sv,pro_salidas_sv,pro_mermas_sv,pro_ajustes_sv,pro_activo,rec_numero,pro_unidad,pro_capacidad,pro_consumo_bodega,pro_consumo_sv,pro_estado,pro_funcion_plu,pro_flejes,pro_iva,pro_plu_asociado,pro_envase,pro_duracion,pro_numero_etiqueta) VALUES (770027,@@@770027@@@,@@@0@@@,@@@PALILLOS BLANCOS@@@,@@@PALILLOS BLANCOS@@@,@@@1 @@@,@@@3 @@@,@@@0@@@,@@@36 @@@,@@@200@@@,@@@2507@@@,@@@0@@@,@@@0@@@,@@@690@@@,@@@0@@@,@@@@@@,@@@2013.05.23@@@,@@@2013.05.23@@@,@@@0@@@,@@@0@@@,@@@0@@@,@@@0@@@,@@@0@@@,@@@0@@@,@@@0@@@,@@@0@@@,@@@0@@@,@@@0@@@,@@@0@@@,@@@1@@@,@@@0@@@,0,1,0,0,2,0,1,1,0,@@@NO@@@,0,0)','',2,'2013-05-23'),(17042,'DELETE FROM mae_impuestos_productos WHERE pro_codigo_plu=@@@770027@@@','',2,'2013-05-23'),(17043,'INSERT INTO mae_productos (pro_codigo_plu,pro_codigo_barra,pro_tipo,pro_nombre_producto,pro_nombre_corto,med_id,emb_id,pro_unidades_embalaje,dep_id,lin_id,mar_id,pro_precio_compra_neto,pro_precio_compra_bruto,pro_precio_venta,pro_margen_actual,pro_oferta,pro_fecha_inicio_oferta,pro_fecha_termino_oferta,pro_precio_oferta,pro_stock_minimo,pro_stock_critico,pro_entradas_bodega,pro_salidas_bodega,pro_mermas_bodega,pro_ajustes_bodega,pro_entradas_sv,pro_salidas_sv,pro_mermas_sv,pro_ajustes_sv,pro_activo,rec_numero,pro_unidad,pro_capacidad,pro_consumo_bodega,pro_consumo_sv,pro_estado,pro_funcion_plu,pro_flejes,pro_iva,pro_plu_asociado,pro_envase,pro_duracion,pro_numero_etiqueta) VALUES (770028,@@@770028@@@,@@@0@@@,@@@PALILLOS GRIS@@@,@@@PALILLOS GRIS@@@,@@@1 @@@,@@@3 @@@,@@@0@@@,@@@36 @@@,@@@200@@@,@@@2507@@@,@@@0@@@,@@@0@@@,@@@790@@@,@@@0@@@,@@@@@@,@@@2013.05.23@@@,@@@2013.05.23@@@,@@@0@@@,@@@0@@@,@@@0@@@,@@@0@@@,@@@0@@@,@@@0@@@,@@@0@@@,@@@0@@@,@@@0@@@,@@@0@@@,@@@0@@@,@@@1@@@,@@@0@@@,0,1,0,0,2,0,1,1,0,@@@NO@@@,0,0)','',2,'2013-05-23'),(17044,'DELETE FROM mae_impuestos_productos WHERE pro_codigo_plu=@@@770028@@@','',2,'2013-05-23'),(17045,'INSERT INTO gne_vale_ferreteria (vfe_id,vfe_fecha,vfe_total,vfe_estado,vfe_entregado,usu_nusuario) VALUES (486,@@@2013.05.23@@@,1390,1,0,@@@b_SAEZ@@@)','',2,'2013-05-23'),(17046,'INSERT INTO gne_vale_ferreteria_mov (vfe_id,pro_codigo_plu,vfm_cantidad,vfm_unitario,vfm_total,vfm_entregado) VALUES (486,1089,1,1390,1390,@@@NO@@@)','',2,'2013-05-23'),(17047,'INSERT INTO gne_vale_ferreteria (vfe_id,vfe_fecha,vfe_total,vfe_estado,vfe_entregado,usu_nusuario) VALUES (487,@@@2013.05.23@@@,100,1,0,@@@b_SAEZ@@@)','',2,'2013-05-23'),(17048,'INSERT INTO gne_vale_ferreteria_mov (vfe_id,pro_codigo_plu,vfm_cantidad,vfm_unitario,vfm_total,vfm_entregado) VALUES (487,770000,2,50,100,@@@NO@@@)','',2,'2013-05-23'),(17049,'UPDATE mae_productos SET pro_margen_actual=0,pro_precio_venta=690 WHERE pro_codigo_plu=770027','',2,'2013-05-23'),(17050,'UPDATE mae_productos SET pro_margen_actual=0,pro_precio_venta=790 WHERE pro_codigo_plu=770028','',2,'2013-05-23'),(17051,'UPDATE mae_productos SET pro_margen_actual=0,pro_precio_venta=490 WHERE pro_codigo_plu=573','',2,'2013-05-23'),(17052,'UPDATE mae_productos SET pro_margen_actual=0,pro_precio_venta=490 WHERE pro_codigo_plu=572','',2,'2013-05-23'),(17053,'UPDATE mae_productos SET pro_margen_actual=0,pro_precio_venta=750 WHERE pro_codigo_plu=579','',2,'2013-05-23'),(17054,'UPDATE mae_productos SET pro_margen_actual=0,pro_precio_venta=750 WHERE pro_codigo_plu=580','',2,'2013-05-23'),(17055,'UPDATE mae_productos SET pro_precio_fiscal=pro_precio_venta WHERE pro_codigo_plu=572','',2,'2013-05-23'),(17056,'UPDATE mae_productos SET pro_precio_fiscal=pro_precio_venta WHERE pro_codigo_plu=573','',2,'2013-05-23'),(17057,'UPDATE mae_productos SET pro_precio_fiscal=pro_precio_venta WHERE pro_codigo_plu=580','',2,'2013-05-23'),(17058,'UPDATE mae_productos SET pro_precio_fiscal=pro_precio_venta WHERE pro_codigo_plu=770027','',2,'2013-05-23'),(17059,'UPDATE mae_productos SET pro_precio_fiscal=pro_precio_venta WHERE pro_codigo_plu=770028','',2,'2013-05-23'),(17060,'UPDATE mae_productos SET pro_margen_actual=0,pro_precio_venta=300 WHERE pro_codigo_plu=534','',2,'2013-05-23'),(17061,'UPDATE mae_productos SET pro_margen_actual=0,pro_precio_venta=790 WHERE pro_codigo_plu=48','',2,'2013-05-23'),(17062,'UPDATE mae_productos SET pro_precio_fiscal=pro_precio_venta WHERE pro_codigo_plu=48','',2,'2013-05-23'),(17063,'UPDATE mae_productos SET pro_precio_fiscal=pro_precio_venta WHERE pro_codigo_plu=534','',2,'2013-05-23'),(17064,'INSERT INTO gne_vale_ferreteria (vfe_id,vfe_fecha,vfe_total,vfe_estado,vfe_entregado,usu_nusuario) VALUES (488,@@@2013.05.23@@@,400,1,0,@@@b_SAEZ@@@)','',2,'2013-05-23'),(17065,'INSERT INTO gne_vale_ferreteria_mov (vfe_id,pro_codigo_plu,vfm_cantidad,vfm_unitario,vfm_total,vfm_entregado) VALUES (488,16664,1,400,400,@@@NO@@@)','',2,'2013-05-23'),(17066,'INSERT INTO mae_productos (pro_codigo_plu,pro_codigo_barra,pro_tipo,pro_nombre_producto,pro_nombre_corto,med_id,emb_id,pro_unidades_embalaje,dep_id,lin_id,mar_id,pro_precio_compra_neto,pro_precio_compra_bruto,pro_precio_venta,pro_margen_actual,pro_oferta,pro_fecha_inicio_oferta,pro_fecha_termino_oferta,pro_precio_oferta,pro_stock_minimo,pro_stock_critico,pro_entradas_bodega,pro_salidas_bodega,pro_mermas_bodega,pro_ajustes_bodega,pro_entradas_sv,pro_salidas_sv,pro_mermas_sv,pro_ajustes_sv,pro_activo,rec_numero,pro_unidad,pro_capacidad,pro_consumo_bodega,pro_consumo_sv,pro_estado,pro_funcion_plu,pro_flejes,pro_iva,pro_plu_asociado,pro_envase,pro_duracion,pro_numero_etiqueta) VALUES (2300,@@@2300@@@,@@@0@@@,@@@MALVA SABORES 3 X $100@@@,@@@MALVA SABORES 3 @@@,@@@1 @@@,@@@3 @@@,@@@0@@@,@@@32 @@@,@@@161@@@,@@@2507@@@,@@@0@@@,@@@0@@@,@@@100@@@,@@@0@@@,@@@@@@,@@@2013.05.23@@@,@@@2013.05.23@@@,@@@0@@@,@@@0@@@,@@@0@@@,@@@0@@@,@@@0@@@,@@@0@@@,@@@0@@@,@@@0@@@,@@@0@@@,@@@0@@@,@@@0@@@,@@@1@@@,@@@0@@@,0,3,0,0,2,0,1,1,0,@@@NO@@@,0,0)','',2,'2013-05-23'),(17067,'DELETE FROM mae_impuestos_productos WHERE pro_codigo_plu=@@@2300@@@','',2,'2013-05-23'),(17068,'INSERT INTO gne_vale_ferreteria (vfe_id,vfe_fecha,vfe_total,vfe_estado,vfe_entregado,usu_nusuario) VALUES (489,@@@2013.05.23@@@,2490,1,0,@@@b_SAEZ@@@)','',2,'2013-05-23'),(17069,'INSERT INTO gne_vale_ferreteria_mov (vfe_id,pro_codigo_plu,vfm_cantidad,vfm_unitario,vfm_total,vfm_entregado) VALUES (489,763714,1,2490,2490,@@@NO@@@)','',2,'2013-05-23'),(17070,'INSERT INTO gne_vale_ferreteria (vfe_id,vfe_fecha,vfe_total,vfe_estado,vfe_entregado,usu_nusuario) VALUES (490,@@@2013.05.23@@@,1380,1,0,@@@b_SAEZ@@@)','',2,'2013-05-23'),(17071,'INSERT INTO gne_vale_ferreteria_mov (vfe_id,pro_codigo_plu,vfm_cantidad,vfm_unitario,vfm_total,vfm_entregado) VALUES (490,19918,2,330,660,@@@NO@@@)','',2,'2013-05-23'),(17072,'INSERT INTO gne_vale_ferreteria_mov (vfe_id,pro_codigo_plu,vfm_cantidad,vfm_unitario,vfm_total,vfm_entregado) VALUES (490,763935,1,720,720,@@@NO@@@)','',2,'2013-05-23'),(17073,'INSERT INTO gne_vale_ferreteria (vfe_id,vfe_fecha,vfe_total,vfe_estado,vfe_entregado,usu_nusuario) VALUES (491,@@@2013.05.23@@@,540,1,0,@@@b_SAEZ@@@)','',2,'2013-05-23'),(17074,'INSERT INTO gne_vale_ferreteria_mov (vfe_id,pro_codigo_plu,vfm_cantidad,vfm_unitario,vfm_total,vfm_entregado) VALUES (491,19916,1,540,540,@@@NO@@@)','',2,'2013-05-23'),(17075,'INSERT INTO mae_productos (pro_codigo_plu,pro_codigo_barra,pro_tipo,pro_nombre_producto,pro_nombre_corto,med_id,emb_id,pro_unidades_embalaje,dep_id,lin_id,mar_id,pro_precio_compra_neto,pro_precio_compra_bruto,pro_precio_venta,pro_margen_actual,pro_oferta,pro_fecha_inicio_oferta,pro_fecha_termino_oferta,pro_precio_oferta,pro_stock_minimo,pro_stock_critico,pro_entradas_bodega,pro_salidas_bodega,pro_mermas_bodega,pro_ajustes_bodega,pro_entradas_sv,pro_salidas_sv,pro_mermas_sv,pro_ajustes_sv,pro_activo,rec_numero,pro_unidad,pro_capacidad,pro_consumo_bodega,pro_consumo_sv,pro_estado,pro_funcion_plu,pro_flejes,pro_iva,pro_plu_asociado,pro_envase,pro_duracion,pro_numero_etiqueta) VALUES (770029,@@@770029@@@,@@@0@@@,@@@VASOS DESECHABLES PLASTICO@@@,@@@VASOS DESECHABLE@@@,@@@1 @@@,@@@3 @@@,@@@0@@@,@@@24 @@@,@@@177@@@,@@@2507@@@,@@@0@@@,@@@0@@@,@@@30@@@,@@@0@@@,@@@@@@,@@@2013.05.23@@@,@@@2013.05.23@@@,@@@0@@@,@@@0@@@,@@@0@@@,@@@0@@@,@@@0@@@,@@@0@@@,@@@0@@@,@@@0@@@,@@@0@@@,@@@0@@@,@@@0@@@,@@@1@@@,@@@0@@@,0,1,0,0,2,0,1,1,0,@@@NO@@@,0,0)','',2,'2013-05-23'),(17076,'DELETE FROM mae_impuestos_productos WHERE pro_codigo_plu=@@@770029@@@','',2,'2013-05-23'),(17077,'INSERT INTO mae_productos (pro_codigo_plu,pro_codigo_barra,pro_tipo,pro_nombre_producto,pro_nombre_corto,med_id,emb_id,pro_unidades_embalaje,dep_id,lin_id,mar_id,pro_precio_compra_neto,pro_precio_compra_bruto,pro_precio_venta,pro_margen_actual,pro_oferta,pro_fecha_inicio_oferta,pro_fecha_termino_oferta,pro_precio_oferta,pro_stock_minimo,pro_stock_critico,pro_entradas_bodega,pro_salidas_bodega,pro_mermas_bodega,pro_ajustes_bodega,pro_entradas_sv,pro_salidas_sv,pro_mermas_sv,pro_ajustes_sv,pro_activo,rec_numero,pro_unidad,pro_capacidad,pro_consumo_bodega,pro_consumo_sv,pro_estado,pro_funcion_plu,pro_flejes,pro_iva,pro_plu_asociado,pro_envase,pro_duracion,pro_numero_etiqueta) VALUES (770030,@@@770030@@@,@@@0@@@,@@@VASOS DE CUMPLEAÑOS CON DISEÑOS@@@,@@@VASOS DE CUMPLEA@@@,@@@1 @@@,@@@3 @@@,@@@0@@@,@@@24 @@@,@@@177@@@,@@@2507@@@,@@@0@@@,@@@0@@@,@@@50@@@,@@@0@@@,@@@@@@,@@@2013.05.23@@@,@@@2013.05.23@@@,@@@0@@@,@@@0@@@,@@@0@@@,@@@0@@@,@@@0@@@,@@@0@@@,@@@0@@@,@@@0@@@,@@@0@@@,@@@0@@@,@@@0@@@,@@@1@@@,@@@0@@@,0,1,0,0,2,0,1,1,0,@@@NO@@@,0,0)','',2,'2013-05-23'),(17078,'DELETE FROM mae_impuestos_productos WHERE pro_codigo_plu=@@@770030@@@','',2,'2013-05-23'),(17079,'INSERT INTO mae_productos (pro_codigo_plu,pro_codigo_barra,pro_tipo,pro_nombre_producto,pro_nombre_corto,med_id,emb_id,pro_unidades_embalaje,dep_id,lin_id,mar_id,pro_precio_compra_neto,pro_precio_compra_bruto,pro_precio_venta,pro_margen_actual,pro_oferta,pro_fecha_inicio_oferta,pro_fecha_termino_oferta,pro_precio_oferta,pro_stock_minimo,pro_stock_critico,pro_entradas_bodega,pro_salidas_bodega,pro_mermas_bodega,pro_ajustes_bodega,pro_entradas_sv,pro_salidas_sv,pro_mermas_sv,pro_ajustes_sv,pro_activo,rec_numero,pro_unidad,pro_capacidad,pro_consumo_bodega,pro_consumo_sv,pro_estado,pro_funcion_plu,pro_flejes,pro_iva,pro_plu_asociado,pro_envase,pro_duracion,pro_numero_etiqueta) VALUES (770031,@@@770031@@@,@@@0@@@,@@@VASOS DESECHABLES PLUMAVIC@@@,@@@VASOS DESECHABLE@@@,@@@1 @@@,@@@3 @@@,@@@0@@@,@@@24 @@@,@@@177@@@,@@@2507@@@,@@@0@@@,@@@0@@@,@@@30@@@,@@@0@@@,@@@@@@,@@@2013.05.23@@@,@@@2013.05.23@@@,@@@0@@@,@@@0@@@,@@@0@@@,@@@0@@@,@@@0@@@,@@@0@@@,@@@0@@@,@@@0@@@,@@@0@@@,@@@0@@@,@@@0@@@,@@@1@@@,@@@0@@@,0,1,0,0,2,0,1,1,0,@@@NO@@@,0,0)','',2,'2013-05-23'),(17080,'DELETE FROM mae_impuestos_productos WHERE pro_codigo_plu=@@@770031@@@','',2,'2013-05-23'),(17081,'INSERT INTO mae_productos (pro_codigo_plu,pro_codigo_barra,pro_tipo,pro_nombre_producto,pro_nombre_corto,med_id,emb_id,pro_unidades_embalaje,dep_id,lin_id,mar_id,pro_precio_compra_neto,pro_precio_compra_bruto,pro_precio_venta,pro_margen_actual,pro_oferta,pro_fecha_inicio_oferta,pro_fecha_termino_oferta,pro_precio_oferta,pro_stock_minimo,pro_stock_critico,pro_entradas_bodega,pro_salidas_bodega,pro_mermas_bodega,pro_ajustes_bodega,pro_entradas_sv,pro_salidas_sv,pro_mermas_sv,pro_ajustes_sv,pro_activo,rec_numero,pro_unidad,pro_capacidad,pro_consumo_bodega,pro_consumo_sv,pro_estado,pro_funcion_plu,pro_flejes,pro_iva,pro_plu_asociado,pro_envase,pro_duracion,pro_numero_etiqueta) VALUES (78017190,@@@6950647110904@@@,@@@0@@@,@@@GERINGA 5 ML@@@,@@@GERINGA 5 ML@@@,@@@1 @@@,@@@3 @@@,@@@0@@@,@@@2 @@@,@@@41@@@,@@@2507@@@,@@@0@@@,@@@0@@@,@@@100@@@,@@@0@@@,@@@@@@,@@@2013.05.23@@@,@@@2013.05.23@@@,@@@0@@@,@@@0@@@,@@@0@@@,@@@0@@@,@@@0@@@,@@@0@@@,@@@0@@@,@@@0@@@,@@@0@@@,@@@0@@@,@@@0@@@,@@@1@@@,@@@0@@@,0,1,0,0,2,0,1,1,0,@@@NO@@@,0,0)','',2,'2013-05-23'),(17082,'DELETE FROM mae_impuestos_productos WHERE pro_codigo_plu=@@@78017190@@@','',2,'2013-05-23'),(17083,'UPDATE mae_productos SET pro_margen_actual=0,pro_precio_venta=100 WHERE pro_codigo_plu=78017190','',2,'2013-05-23'),(17084,'UPDATE mae_productos SET pro_margen_actual=0,pro_precio_venta=100 WHERE pro_codigo_plu=2300','',2,'2013-05-23'),(17085,'UPDATE mae_productos SET pro_margen_actual=0,pro_precio_venta=50 WHERE pro_codigo_plu=770030','',2,'2013-05-23'),(17086,'UPDATE mae_productos SET pro_margen_actual=0,pro_precio_venta=30 WHERE pro_codigo_plu=770029','',2,'2013-05-23'),(17087,'UPDATE mae_productos SET pro_margen_actual=0,pro_precio_venta=30 WHERE pro_codigo_plu=770031','',2,'2013-05-23'),(17088,'UPDATE mae_productos SET pro_margen_actual=0,pro_precio_venta=1350 WHERE pro_codigo_plu=262042','',2,'2013-05-23'),(17089,'UPDATE mae_productos SET pro_precio_fiscal=pro_precio_venta WHERE pro_codigo_plu=2300','',2,'2013-05-23'),(17090,'UPDATE mae_productos SET pro_precio_fiscal=pro_precio_venta WHERE pro_codigo_plu=78017190','',2,'2013-05-23'),(17091,'UPDATE mae_productos SET pro_precio_fiscal=pro_precio_venta WHERE pro_codigo_plu=770029','',2,'2013-05-23'),(17092,'UPDATE mae_productos SET pro_precio_fiscal=pro_precio_venta WHERE pro_codigo_plu=770030','',2,'2013-05-23'),(17093,'UPDATE mae_productos SET pro_precio_fiscal=pro_precio_venta WHERE pro_codigo_plu=770031','',2,'2013-05-23'),(17094,'UPDATE mae_productos SET pro_precio_fiscal=pro_precio_venta WHERE pro_codigo_plu=262042','',2,'2013-05-23'),(17095,'UPDATE mae_productos SET pro_margen_actual=0,pro_precio_venta=1490 WHERE pro_codigo_plu=207','',2,'2013-05-23'),(17096,'UPDATE mae_productos SET pro_precio_fiscal=pro_precio_venta WHERE pro_codigo_plu=207','',2,'2013-05-23'),(17097,'UPDATE mae_productos SET pro_margen_actual=0,pro_precio_venta=530 WHERE pro_codigo_plu=15759','',2,'2013-05-23'),(17098,'UPDATE mae_productos SET pro_precio_fiscal=pro_precio_venta WHERE pro_codigo_plu=15759','',2,'2013-05-23'),(17099,'INSERT INTO gne_vale_ferreteria (vfe_id,vfe_fecha,vfe_total,vfe_estado,vfe_entregado,usu_nusuario) VALUES (492,@@@2013.05.23@@@,2980,1,0,@@@G_DIAZ@@@)','',2,'2013-05-23'),(17100,'INSERT INTO gne_vale_ferreteria_mov (vfe_id,pro_codigo_plu,vfm_cantidad,vfm_unitario,vfm_total,vfm_entregado) VALUES (492,78017045,1,1990,1990,@@@NO@@@)','',2,'2013-05-23'),(17101,'INSERT INTO gne_vale_ferreteria_mov (vfe_id,pro_codigo_plu,vfm_cantidad,vfm_unitario,vfm_total,vfm_entregado) VALUES (492,2008,1,990,990,@@@NO@@@)','',2,'2013-05-23'),(17102,'INSERT INTO gne_vale_ferreteria (vfe_id,vfe_fecha,vfe_total,vfe_estado,vfe_entregado,usu_nusuario) VALUES (493,@@@2013.05.23@@@,580,1,0,@@@G_DIAZ@@@)','',2,'2013-05-23'),(17103,'INSERT INTO gne_vale_ferreteria_mov (vfe_id,pro_codigo_plu,vfm_cantidad,vfm_unitario,vfm_total,vfm_entregado) VALUES (493,1536,2,290,580,@@@NO@@@)','',2,'2013-05-23'),(17104,'INSERT INTO gne_vale_ferreteria (vfe_id,vfe_fecha,vfe_total,vfe_estado,vfe_entregado,usu_nusuario) VALUES (494,@@@2013.05.23@@@,2990,1,0,@@@G_DIAZ@@@)','',2,'2013-05-23'),(17105,'INSERT INTO gne_vale_ferreteria_mov (vfe_id,pro_codigo_plu,vfm_cantidad,vfm_unitario,vfm_total,vfm_entregado) VALUES (494,764882,1,2990,2990,@@@NO@@@)','',2,'2013-05-23'),(17106,'INSERT INTO gne_vale_ferreteria (vfe_id,vfe_fecha,vfe_total,vfe_estado,vfe_entregado,usu_nusuario) VALUES (495,@@@2013.05.23@@@,720,1,0,@@@G_DIAZ@@@)','',2,'2013-05-23'),(17107,'INSERT INTO gne_vale_ferreteria_mov (vfe_id,pro_codigo_plu,vfm_cantidad,vfm_unitario,vfm_total,vfm_entregado) VALUES (495,763585,1,330,330,@@@NO@@@)','',2,'2013-05-23'),(17108,'INSERT INTO gne_vale_ferreteria_mov (vfe_id,pro_codigo_plu,vfm_cantidad,vfm_unitario,vfm_total,vfm_entregado) VALUES (495,78016969,1,390,390,@@@NO@@@)','',2,'2013-05-23'),(17109,'INSERT INTO gne_vale_ferreteria (vfe_id,vfe_fecha,vfe_total,vfe_estado,vfe_entregado,usu_nusuario) VALUES (496,@@@2013.05.23@@@,690,1,0,@@@G_DIAZ@@@)','',2,'2013-05-23'),(17110,'INSERT INTO gne_vale_ferreteria_mov (vfe_id,pro_codigo_plu,vfm_cantidad,vfm_unitario,vfm_total,vfm_entregado) VALUES (496,1454,1,690,690,@@@NO@@@)','',2,'2013-05-23'),(17111,'INSERT INTO gne_vale_ferreteria (vfe_id,vfe_fecha,vfe_total,vfe_estado,vfe_entregado,usu_nusuario) VALUES (497,@@@2013.05.23@@@,690,1,0,@@@G_DIAZ@@@)','',2,'2013-05-23'),(17112,'INSERT INTO gne_vale_ferreteria_mov (vfe_id,pro_codigo_plu,vfm_cantidad,vfm_unitario,vfm_total,vfm_entregado) VALUES (497,101104,1,690,690,@@@NO@@@)','',2,'2013-05-23'),(17113,'UPDATE mae_productos SET pro_codigo_barra=@@@7805810121296@@@,pro_tipo=@@@0@@@,pro_nombre_producto=@@@PANTY CAFFARENA T2 GRAFITO UN.@@@,pro_nombre_corto=@@@PANTY CAFFARENA@@@,med_id=@@@1@@@,emb_id=@@@3@@@,pro_unidades_embalaje=@@@1@@@,dep_id=@@@21 @@@,lin_id=@@@125@@@,mar_id=@@@225@@@,pro_precio_compra_neto=@@@0@@@,pro_precio_compra_bruto=@@@0@@@,pro_precio_venta=@@@720@@@,pro_margen_actual=@@@0@@@,pro_oferta=@@@NO@@@,pro_fecha_inicio_oferta=@@@2006.09.07@@@,pro_fecha_termino_oferta=@@@2006.09.07@@@,pro_precio_oferta=@@@0@@@,pro_stock_minimo=@@@10@@@,pro_stock_critico=@@@5@@@,pro_activo=@@@1@@@,pro_unidad=@@@0@@@,pro_precio_compra_bruto=0,pro_margen_actual=0,pro_capacidad=1,pro_funcion_plu=0,pro_flejes=1,pro_iva=1,pro_plu_asociado=0,pro_envase=@@@NO@@@,pro_duracion=0,pro_numero_etiqueta=0 WHERE pro_codigo_plu=@@@1454@@@','',2,'2013-05-23'),(17114,'UPDATE mae_productos SET pro_estado=1 WHERE pro_codigo_plu=1454','',2,'2013-05-23'),(17115,'DELETE FROM mae_impuestos_productos WHERE pro_codigo_plu=@@@1454@@@','',2,'2013-05-23'),(17116,'UPDATE mae_productos SET pro_codigo_barra=@@@7805810121548@@@,pro_tipo=@@@0@@@,pro_nombre_producto=@@@PANTY CAFFARENA T3 GRAFITO UN.@@@,pro_nombre_corto=@@@PANTY CAFFARENA@@@,med_id=@@@1@@@,emb_id=@@@3@@@,pro_unidades_embalaje=@@@1@@@,dep_id=@@@21 @@@,lin_id=@@@125@@@,mar_id=@@@225@@@,pro_precio_compra_neto=@@@0@@@,pro_precio_compra_bruto=@@@0@@@,pro_precio_venta=@@@720@@@,pro_margen_actual=@@@0@@@,pro_oferta=@@@NO@@@,pro_fecha_inicio_oferta=@@@2006.09.07@@@,pro_fecha_termino_oferta=@@@2006.09.07@@@,pro_precio_oferta=@@@0@@@,pro_stock_minimo=@@@10@@@,pro_stock_critico=@@@5@@@,pro_activo=@@@1@@@,pro_unidad=@@@0@@@,pro_precio_compra_bruto=0,pro_margen_actual=0,pro_capacidad=1,pro_funcion_plu=0,pro_flejes=1,pro_iva=1,pro_plu_asociado=0,pro_envase=@@@NO@@@,pro_duracion=0,pro_numero_etiqueta=0 WHERE pro_codigo_plu=@@@100397@@@','',2,'2013-05-23'),(17117,'UPDATE mae_productos SET pro_estado=1 WHERE pro_codigo_plu=100397','',2,'2013-05-23'),(17118,'DELETE FROM mae_impuestos_productos WHERE pro_codigo_plu=@@@100397@@@','',2,'2013-05-23'),(17119,'UPDATE mae_productos SET pro_codigo_barra=@@@7805810185380@@@,pro_tipo=@@@0@@@,pro_nombre_producto=@@@MEDIA PANTALON ECONOMICA@@@,pro_nombre_corto=@@@MEDIA PANTALON C@@@,med_id=@@@1@@@,emb_id=@@@3@@@,pro_unidades_embalaje=@@@1@@@,dep_id=@@@21 @@@,lin_id=@@@125@@@,mar_id=@@@2507@@@,pro_precio_compra_neto=@@@0@@@,pro_precio_compra_bruto=@@@0@@@,pro_precio_venta=@@@250@@@,pro_margen_actual=@@@0@@@,pro_oferta=@@@NO@@@,pro_fecha_inicio_oferta=@@@2006.09.07@@@,pro_fecha_termino_oferta=@@@2006.09.07@@@,pro_precio_oferta=@@@0@@@,pro_stock_minimo=@@@10@@@,pro_stock_critico=@@@5@@@,pro_activo=@@@1@@@,pro_unidad=@@@0@@@,pro_precio_compra_bruto=0,pro_margen_actual=0,pro_capacidad=1,pro_funcion_plu=0,pro_flejes=1,pro_iva=1,pro_plu_asociado=0,pro_envase=@@@NO@@@,pro_duracion=0,pro_numero_etiqueta=0 WHERE pro_codigo_plu=@@@1045@@@','',2,'2013-05-23'),(17120,'UPDATE mae_productos SET pro_estado=1 WHERE pro_codigo_plu=1045','',2,'2013-05-23'),(17121,'DELETE FROM mae_impuestos_productos WHERE pro_codigo_plu=@@@1045@@@','',2,'2013-05-23'),(17122,'UPDATE mae_productos SET pro_codigo_barra=@@@78005624@@@,pro_tipo=@@@0@@@,pro_nombre_producto=@@@BIGTIME MENTA FRESCA 11 GRS.@@@,pro_nombre_corto=@@@BIGTIME MENTA FR@@@,med_id=@@@5@@@,emb_id=@@@4@@@,pro_unidades_embalaje=@@@20@@@,dep_id=@@@32 @@@,lin_id=@@@162@@@,mar_id=@@@1740@@@,pro_precio_compra_neto=@@@0@@@,pro_precio_compra_bruto=@@@0@@@,pro_precio_venta=@@@200@@@,pro_margen_actual=@@@0@@@,pro_oferta=@@@NO@@@,pro_fecha_inicio_oferta=@@@1900.01.01@@@,pro_fecha_termino_oferta=@@@1900.01.01@@@,pro_precio_oferta=@@@0@@@,pro_stock_minimo=@@@20@@@,pro_stock_critico=@@@10@@@,pro_activo=@@@1@@@,pro_unidad=@@@0@@@,pro_precio_compra_bruto=0,pro_margen_actual=0,pro_capacidad=0.011,pro_funcion_plu=0,pro_flejes=1,pro_iva=1,pro_plu_asociado=0,pro_envase=@@@NO@@@,pro_duracion=0,pro_numero_etiqueta=0 WHERE pro_codigo_plu=@@@12996@@@','',2,'2013-05-23'),(17123,'UPDATE mae_productos SET pro_estado=1 WHERE pro_codigo_plu=12996','',2,'2013-05-23'),(17124,'DELETE FROM mae_impuestos_productos WHERE pro_codigo_plu=@@@12996@@@','',2,'2013-05-23');
insert  into `sys_comunicacion_caja`(`coc_id`,`coc_sql`,`coc_cajas`,`coc_prioridad`,`coc_fecha`) values (17125,'UPDATE mae_productos SET pro_codigo_barra=@@@78005624@@@,pro_tipo=@@@0@@@,pro_nombre_producto=@@@BIGTIME MENTA FRESCA 11 GRS.@@@,pro_nombre_corto=@@@BIGTIME MENTA FR@@@,med_id=@@@5@@@,emb_id=@@@4@@@,pro_unidades_embalaje=@@@20@@@,dep_id=@@@32 @@@,lin_id=@@@162@@@,mar_id=@@@1740@@@,pro_precio_compra_neto=@@@0@@@,pro_precio_compra_bruto=@@@0@@@,pro_precio_venta=@@@200@@@,pro_margen_actual=@@@0@@@,pro_oferta=@@@NO@@@,pro_fecha_inicio_oferta=@@@1900.01.01@@@,pro_fecha_termino_oferta=@@@1900.01.01@@@,pro_precio_oferta=@@@0@@@,pro_stock_minimo=@@@20@@@,pro_stock_critico=@@@10@@@,pro_activo=@@@1@@@,pro_unidad=@@@0@@@,pro_precio_compra_bruto=0,pro_margen_actual=0,pro_capacidad=0.011,pro_funcion_plu=0,pro_flejes=1,pro_iva=1,pro_plu_asociado=0,pro_envase=@@@NO@@@,pro_duracion=0,pro_numero_etiqueta=0 WHERE pro_codigo_plu=@@@12996@@@','',2,'2013-05-23'),(17126,'UPDATE mae_productos SET pro_estado=1 WHERE pro_codigo_plu=12996','',2,'2013-05-23'),(17127,'DELETE FROM mae_impuestos_productos WHERE pro_codigo_plu=@@@12996@@@','',2,'2013-05-23'),(17128,'INSERT INTO gne_vale_ferreteria (vfe_id,vfe_fecha,vfe_total,vfe_estado,vfe_entregado,usu_nusuario) VALUES (498,@@@2013.05.23@@@,5180,1,0,@@@G_DIAZ@@@)','',2,'2013-05-23'),(17129,'INSERT INTO gne_vale_ferreteria_mov (vfe_id,pro_codigo_plu,vfm_cantidad,vfm_unitario,vfm_total,vfm_entregado) VALUES (498,101044,1,2990,2990,@@@NO@@@)','',2,'2013-05-23'),(17130,'INSERT INTO gne_vale_ferreteria_mov (vfe_id,pro_codigo_plu,vfm_cantidad,vfm_unitario,vfm_total,vfm_entregado) VALUES (498,101714,1,2190,2190,@@@NO@@@)','',2,'2013-05-23'),(17131,'INSERT INTO gne_vale_ferreteria (vfe_id,vfe_fecha,vfe_total,vfe_estado,vfe_entregado,usu_nusuario) VALUES (499,@@@2013.05.23@@@,160,1,0,@@@G_DIAZ@@@)','',2,'2013-05-23'),(17132,'INSERT INTO gne_vale_ferreteria_mov (vfe_id,pro_codigo_plu,vfm_cantidad,vfm_unitario,vfm_total,vfm_entregado) VALUES (499,16420,1,160,160,@@@NO@@@)','',2,'2013-05-23'),(17133,'INSERT INTO gne_vale_ferreteria (vfe_id,vfe_fecha,vfe_total,vfe_estado,vfe_entregado,usu_nusuario) VALUES (500,@@@2013.05.23@@@,540,1,0,@@@G_DIAZ@@@)','',2,'2013-05-23'),(17134,'INSERT INTO gne_vale_ferreteria_mov (vfe_id,pro_codigo_plu,vfm_cantidad,vfm_unitario,vfm_total,vfm_entregado) VALUES (500,764016,1,450,450,@@@NO@@@)','',2,'2013-05-23'),(17135,'INSERT INTO gne_vale_ferreteria_mov (vfe_id,pro_codigo_plu,vfm_cantidad,vfm_unitario,vfm_total,vfm_entregado) VALUES (500,78017153,3,30,90,@@@NO@@@)','',2,'2013-05-23'),(17136,'INSERT INTO gne_vale_ferreteria (vfe_id,vfe_fecha,vfe_total,vfe_estado,vfe_entregado,usu_nusuario) VALUES (501,@@@2013.05.23@@@,570,1,0,@@@G_DIAZ@@@)','',2,'2013-05-23'),(17137,'INSERT INTO gne_vale_ferreteria_mov (vfe_id,pro_codigo_plu,vfm_cantidad,vfm_unitario,vfm_total,vfm_entregado) VALUES (501,761966,1,450,450,@@@NO@@@)','',2,'2013-05-23'),(17138,'INSERT INTO gne_vale_ferreteria_mov (vfe_id,pro_codigo_plu,vfm_cantidad,vfm_unitario,vfm_total,vfm_entregado) VALUES (501,78017016,1,120,120,@@@NO@@@)','',2,'2013-05-23'),(17139,'INSERT INTO gne_vale_ferreteria (vfe_id,vfe_fecha,vfe_total,vfe_estado,vfe_entregado,usu_nusuario) VALUES (502,@@@2013.05.23@@@,390,1,0,@@@G_DIAZ@@@)','',2,'2013-05-23'),(17140,'INSERT INTO gne_vale_ferreteria_mov (vfe_id,pro_codigo_plu,vfm_cantidad,vfm_unitario,vfm_total,vfm_entregado) VALUES (502,1535,1,390,390,@@@NO@@@)','',2,'2013-05-23'),(17141,'INSERT INTO gne_vale_ferreteria (vfe_id,vfe_fecha,vfe_total,vfe_estado,vfe_entregado,usu_nusuario) VALUES (503,@@@2013.05.23@@@,3180,1,0,@@@G_DIAZ@@@)','',2,'2013-05-23'),(17142,'INSERT INTO gne_vale_ferreteria_mov (vfe_id,pro_codigo_plu,vfm_cantidad,vfm_unitario,vfm_total,vfm_entregado) VALUES (503,10430,1,2190,2190,@@@NO@@@)','',2,'2013-05-23'),(17143,'INSERT INTO gne_vale_ferreteria_mov (vfe_id,pro_codigo_plu,vfm_cantidad,vfm_unitario,vfm_total,vfm_entregado) VALUES (503,4065,1,990,990,@@@NO@@@)','',2,'2013-05-23'),(17144,'INSERT INTO mae_productos (pro_codigo_plu,pro_codigo_barra,pro_tipo,pro_nombre_producto,pro_nombre_corto,med_id,emb_id,pro_unidades_embalaje,dep_id,lin_id,mar_id,pro_precio_compra_neto,pro_precio_compra_bruto,pro_precio_venta,pro_margen_actual,pro_oferta,pro_fecha_inicio_oferta,pro_fecha_termino_oferta,pro_precio_oferta,pro_stock_minimo,pro_stock_critico,pro_entradas_bodega,pro_salidas_bodega,pro_mermas_bodega,pro_ajustes_bodega,pro_entradas_sv,pro_salidas_sv,pro_mermas_sv,pro_ajustes_sv,pro_activo,rec_numero,pro_unidad,pro_capacidad,pro_consumo_bodega,pro_consumo_sv,pro_estado,pro_funcion_plu,pro_flejes,pro_iva,pro_plu_asociado,pro_envase,pro_duracion,pro_numero_etiqueta) VALUES (78017191,@@@770040@@@,@@@0@@@,@@@FOTOCOPIAS 1UND@@@,@@@FOTOCOPIAS@@@,@@@1 @@@,@@@3 @@@,@@@0@@@,@@@24 @@@,@@@137@@@,@@@2507@@@,@@@0@@@,@@@0@@@,@@@40@@@,@@@0@@@,@@@@@@,@@@2013.05.23@@@,@@@2013.05.23@@@,@@@0@@@,@@@0@@@,@@@0@@@,@@@0@@@,@@@0@@@,@@@0@@@,@@@0@@@,@@@0@@@,@@@0@@@,@@@0@@@,@@@0@@@,@@@1@@@,@@@0@@@,0,1,0,0,2,0,1,1,0,@@@NO@@@,0,0)','',2,'2013-05-23'),(17145,'DELETE FROM mae_impuestos_productos WHERE pro_codigo_plu=@@@78017191@@@','',2,'2013-05-23'),(17146,'INSERT INTO gne_vale_ferreteria (vfe_id,vfe_fecha,vfe_total,vfe_estado,vfe_entregado,usu_nusuario) VALUES (504,@@@2013.05.23@@@,80,1,0,@@@G_DIAZ@@@)','',2,'2013-05-23'),(17147,'INSERT INTO gne_vale_ferreteria_mov (vfe_id,pro_codigo_plu,vfm_cantidad,vfm_unitario,vfm_total,vfm_entregado) VALUES (504,78017191,2,40,80,@@@NO@@@)','',2,'2013-05-23'),(17148,'UPDATE mae_productos SET pro_codigo_barra=@@@7509546009056@@@,pro_tipo=@@@0@@@,pro_nombre_producto=@@@SPEED STICK DEO.A/P ICY SURGE 50 GRS.@@@,pro_nombre_corto=@@@SPEED STICK DEO.@@@,med_id=@@@5@@@,emb_id=@@@3@@@,pro_unidades_embalaje=@@@1@@@,dep_id=@@@21 @@@,lin_id=@@@118@@@,mar_id=@@@1005@@@,pro_precio_compra_neto=@@@0@@@,pro_precio_compra_bruto=@@@0@@@,pro_precio_venta=@@@2290@@@,pro_margen_actual=@@@0@@@,pro_oferta=@@@NO@@@,pro_fecha_inicio_oferta=@@@2006.09.07@@@,pro_fecha_termino_oferta=@@@2006.09.07@@@,pro_precio_oferta=@@@0@@@,pro_stock_minimo=@@@12@@@,pro_stock_critico=@@@6@@@,pro_activo=@@@1@@@,pro_unidad=@@@0@@@,pro_precio_compra_bruto=0,pro_margen_actual=0,pro_capacidad=0.05,pro_funcion_plu=0,pro_flejes=1,pro_iva=1,pro_plu_asociado=0,pro_envase=@@@NO@@@,pro_duracion=0,pro_numero_etiqueta=0 WHERE pro_codigo_plu=@@@100983@@@','',2,'2013-05-23'),(17149,'UPDATE mae_productos SET pro_estado=1 WHERE pro_codigo_plu=100983','',2,'2013-05-23'),(17150,'DELETE FROM mae_impuestos_productos WHERE pro_codigo_plu=@@@100983@@@','',2,'2013-05-23'),(17151,'INSERT INTO gne_vale_ferreteria (vfe_id,vfe_fecha,vfe_total,vfe_estado,vfe_entregado,usu_nusuario) VALUES (505,@@@2013.05.23@@@,1380,1,0,@@@G_DIAZ@@@)','',2,'2013-05-23'),(17152,'INSERT INTO gne_vale_ferreteria_mov (vfe_id,pro_codigo_plu,vfm_cantidad,vfm_unitario,vfm_total,vfm_entregado) VALUES (505,1071,1,790,790,@@@NO@@@)','',2,'2013-05-23'),(17153,'INSERT INTO gne_vale_ferreteria_mov (vfe_id,pro_codigo_plu,vfm_cantidad,vfm_unitario,vfm_total,vfm_entregado) VALUES (505,4125,1,390,390,@@@NO@@@)','',2,'2013-05-23'),(17154,'INSERT INTO gne_vale_ferreteria_mov (vfe_id,pro_codigo_plu,vfm_cantidad,vfm_unitario,vfm_total,vfm_entregado) VALUES (505,18386,1,200,200,@@@NO@@@)','',2,'2013-05-23'),(17155,'INSERT INTO gne_vale_ferreteria (vfe_id,vfe_fecha,vfe_total,vfe_estado,vfe_entregado,usu_nusuario) VALUES (506,@@@2013.05.23@@@,2190,1,0,@@@G_DIAZ@@@)','',2,'2013-05-23'),(17156,'INSERT INTO gne_vale_ferreteria_mov (vfe_id,pro_codigo_plu,vfm_cantidad,vfm_unitario,vfm_total,vfm_entregado) VALUES (506,7653,1,1990,1990,@@@NO@@@)','',2,'2013-05-23'),(17157,'INSERT INTO gne_vale_ferreteria_mov (vfe_id,pro_codigo_plu,vfm_cantidad,vfm_unitario,vfm_total,vfm_entregado) VALUES (506,1542,2,100,200,@@@NO@@@)','',2,'2013-05-23'),(17158,'INSERT INTO gne_vale_ferreteria (vfe_id,vfe_fecha,vfe_total,vfe_estado,vfe_entregado,usu_nusuario) VALUES (507,@@@2013.05.23@@@,80,1,0,@@@G_DIAZ@@@)','',2,'2013-05-23'),(17159,'INSERT INTO gne_vale_ferreteria_mov (vfe_id,pro_codigo_plu,vfm_cantidad,vfm_unitario,vfm_total,vfm_entregado) VALUES (507,78017191,2,40,80,@@@NO@@@)','',2,'2013-05-23'),(17160,'INSERT INTO gne_vale_ferreteria (vfe_id,vfe_fecha,vfe_total,vfe_estado,vfe_entregado,usu_nusuario) VALUES (508,@@@2013.05.23@@@,670,1,0,@@@G_DIAZ@@@)','',2,'2013-05-23'),(17161,'INSERT INTO gne_vale_ferreteria_mov (vfe_id,pro_codigo_plu,vfm_cantidad,vfm_unitario,vfm_total,vfm_entregado) VALUES (508,78016991,1,270,270,@@@NO@@@)','',2,'2013-05-23'),(17162,'INSERT INTO gne_vale_ferreteria_mov (vfe_id,pro_codigo_plu,vfm_cantidad,vfm_unitario,vfm_total,vfm_entregado) VALUES (508,78017191,10,40,400,@@@NO@@@)','',2,'2013-05-23'),(17163,'INSERT INTO gne_vale_ferreteria (vfe_id,vfe_fecha,vfe_total,vfe_estado,vfe_entregado,usu_nusuario) VALUES (509,@@@2013.05.23@@@,210,1,0,@@@G_DIAZ@@@)','',2,'2013-05-23'),(17164,'INSERT INTO gne_vale_ferreteria_mov (vfe_id,pro_codigo_plu,vfm_cantidad,vfm_unitario,vfm_total,vfm_entregado) VALUES (509,1064,1,120,120,@@@NO@@@)','',2,'2013-05-23'),(17165,'INSERT INTO gne_vale_ferreteria_mov (vfe_id,pro_codigo_plu,vfm_cantidad,vfm_unitario,vfm_total,vfm_entregado) VALUES (509,763596,1,90,90,@@@NO@@@)','',2,'2013-05-23'),(17166,'INSERT INTO gne_vale_ferreteria (vfe_id,vfe_fecha,vfe_total,vfe_estado,vfe_entregado,usu_nusuario) VALUES (510,@@@2013.05.23@@@,1600,1,0,@@@G_DIAZ@@@)','',2,'2013-05-23'),(17167,'INSERT INTO gne_vale_ferreteria_mov (vfe_id,pro_codigo_plu,vfm_cantidad,vfm_unitario,vfm_total,vfm_entregado) VALUES (510,11378,1,620,620,@@@NO@@@)','',2,'2013-05-23'),(17168,'INSERT INTO gne_vale_ferreteria_mov (vfe_id,pro_codigo_plu,vfm_cantidad,vfm_unitario,vfm_total,vfm_entregado) VALUES (510,764220,2,490,980,@@@NO@@@)','',2,'2013-05-23'),(17169,'INSERT INTO gne_vale_ferreteria (vfe_id,vfe_fecha,vfe_total,vfe_estado,vfe_entregado,usu_nusuario) VALUES (511,@@@2013.05.23@@@,240,1,0,@@@G_DIAZ@@@)','',2,'2013-05-23'),(17170,'INSERT INTO gne_vale_ferreteria_mov (vfe_id,pro_codigo_plu,vfm_cantidad,vfm_unitario,vfm_total,vfm_entregado) VALUES (511,770001,3,80,240,@@@NO@@@)','',2,'2013-05-23'),(17171,'INSERT INTO gne_vale_ferreteria (vfe_id,vfe_fecha,vfe_total,vfe_estado,vfe_entregado,usu_nusuario) VALUES (512,@@@2013.05.23@@@,1990,1,0,@@@G_DIAZ@@@)','',2,'2013-05-23'),(17172,'INSERT INTO gne_vale_ferreteria_mov (vfe_id,pro_codigo_plu,vfm_cantidad,vfm_unitario,vfm_total,vfm_entregado) VALUES (512,764750,1,1990,1990,@@@NO@@@)','',2,'2013-05-23'),(17173,'INSERT INTO gne_vale_ferreteria (vfe_id,vfe_fecha,vfe_total,vfe_estado,vfe_entregado,usu_nusuario) VALUES (513,@@@2013.05.23@@@,350,1,0,@@@G_DIAZ@@@)','',2,'2013-05-23'),(17174,'INSERT INTO gne_vale_ferreteria_mov (vfe_id,pro_codigo_plu,vfm_cantidad,vfm_unitario,vfm_total,vfm_entregado) VALUES (513,102408,1,350,350,@@@NO@@@)','',2,'2013-05-23'),(17175,'INSERT INTO gpr_pack_virtual (pav_id,pav_nombre,pav_total_pack,pav_total_descuento,pav_desde,pav_hasta,pav_tipo,pav_precio,pav_lleva,pav_paga,pav_descuento,pav_porcentaje,pav_oferta_exclusiva,pav_agotar_stock,pav_stock,pav_costo,pav_margen) VALUES (10,@@@PACK DUETO 3 X $890@@@,740,310,@@@2013-05-23@@@,@@@2013-08-10@@@,@@@PA@@@,350,3,2,1,40,@@@NO@@@,@@@NO@@@,0,0,0)','',2,'2013-05-23'),(17176,'INSERT INTO gpr_pack_virtual_mov (pav_id,pro_codigo_plu,pvm_precio,pvm_total,pvm_lleva,pvm_paga,pvm_descuento,pvm_porcentaje,pvm_total_normal,pvm_descuento_linea,pvm_costo,pvm_margen) VALUES (10,101179,350,0,1,1,0,0,350,103.333333333333,0,0),(10,101177,350,0,1,1,0,0,350,103.333333333333,0,0),(10,262547,350,0,1,1,0,0,350,103.333333333333,0,0),(10,101178,350,0,1,1,0,0,350,103.333333333333,0,0),(10,101175,350,0,1,1,0,0,350,103.333333333333,0,0),(10,101176,350,0,1,1,0,0,350,103.333333333333,0,0)','',2,'2013-05-23'),(17177,'INSERT INTO gpr_pack_virtual_horario (pav_id,pvh_dia,pvh_hora_desde,pvh_hora_hasta) VALUES (10,99,@@@00:00@@@,@@@23:59@@@)','',2,'2013-05-23'),(17178,'INSERT INTO gne_vale_ferreteria (vfe_id,vfe_fecha,vfe_total,vfe_estado,vfe_entregado,usu_nusuario) VALUES (514,@@@2013.05.23@@@,540,1,0,@@@G_DIAZ@@@)','',2,'2013-05-23'),(17179,'INSERT INTO gne_vale_ferreteria_mov (vfe_id,pro_codigo_plu,vfm_cantidad,vfm_unitario,vfm_total,vfm_entregado) VALUES (514,764364,2,140,280,@@@NO@@@)','',2,'2013-05-23'),(17180,'INSERT INTO gne_vale_ferreteria_mov (vfe_id,pro_codigo_plu,vfm_cantidad,vfm_unitario,vfm_total,vfm_entregado) VALUES (514,12083,1,260,260,@@@NO@@@)','',2,'2013-05-23'),(17181,'UPDATE gpr_pack_virtual SET pav_nombre=@@@PACK DUETO 3 X $890@@@,pav_total_pack=890,pav_total_descuento=160,pav_desde=@@@2013-05-23@@@,pav_hasta=@@@2013-08-10@@@,pav_tipo=@@@PA@@@,pav_precio=350,pav_lleva=3,pav_paga=2.5,pav_descuento=0.5,pav_porcentaje=30,pav_oferta_exclusiva=@@@SI@@@,pav_agotar_stock=@@@SI@@@,pav_stock=200,pav_costo=0,pav_margen=0 WHERE pav_id=10','',2,'2013-05-23'),(17182,'DELETE FROM gpr_pack_virtual_mov WHERE pav_id=10','',2,'2013-05-23'),(17183,'DELETE FROM gpr_pack_virtual_horario WHERE pav_id=10','',2,'2013-05-23'),(17184,'INSERT INTO gpr_pack_virtual_mov (pav_id,pro_codigo_plu,pvm_precio,pvm_total,pvm_lleva,pvm_paga,pvm_descuento,pvm_porcentaje,pvm_total_normal,pvm_descuento_linea,pvm_costo,pvm_margen) VALUES (10,101179,350,0,1,1,0,0,350,53.3333333333333,0,0),(10,101177,350,0,1,1,0,0,350,53.3333333333333,0,0),(10,262547,350,0,1,1,0,0,350,53.3333333333333,0,0),(10,101178,350,0,1,1,0,0,350,53.3333333333333,0,0),(10,101175,350,0,1,1,0,0,350,53.3333333333333,0,0),(10,101176,350,0,1,1,0,0,350,53.3333333333333,0,0)','',2,'2013-05-23'),(17185,'INSERT INTO gpr_pack_virtual_horario (pav_id,pvh_dia,pvh_hora_desde,pvh_hora_hasta) VALUES (10,99,@@@00:00@@@,@@@23:59@@@)','',2,'2013-05-23'),(17186,'UPDATE mae_productos SET pro_precio_fiscal=pro_precio_venta WHERE pro_codigo_plu=100983','',2,'2013-05-23'),(17187,'UPDATE mae_productos SET pro_precio_fiscal=pro_precio_venta WHERE pro_codigo_plu=78017191','',2,'2013-05-23'),(17188,'UPDATE mae_productos SET pro_precio_fiscal=pro_precio_venta WHERE pro_codigo_plu=12996','',2,'2013-05-23'),(17189,'UPDATE mae_productos SET pro_precio_fiscal=pro_precio_venta WHERE pro_codigo_plu=1454','',2,'2013-05-23'),(17190,'UPDATE mae_productos SET pro_precio_fiscal=pro_precio_venta WHERE pro_codigo_plu=100397','',2,'2013-05-23'),(17191,'UPDATE mae_productos SET pro_precio_fiscal=pro_precio_venta WHERE pro_codigo_plu=1045','',2,'2013-05-23'),(17192,'INSERT INTO gne_vale_ferreteria (vfe_id,vfe_fecha,vfe_total,vfe_estado,vfe_entregado,usu_nusuario) VALUES (515,@@@2013.05.23@@@,300,1,0,@@@G_DIAZ@@@)','',2,'2013-05-23'),(17193,'INSERT INTO gne_vale_ferreteria_mov (vfe_id,pro_codigo_plu,vfm_cantidad,vfm_unitario,vfm_total,vfm_entregado) VALUES (515,78016992,1,300,300,@@@NO@@@)','',2,'2013-05-23'),(17194,'INSERT INTO mae_productos (pro_codigo_plu,pro_codigo_barra,pro_tipo,pro_nombre_producto,pro_nombre_corto,med_id,emb_id,pro_unidades_embalaje,dep_id,lin_id,mar_id,pro_precio_compra_neto,pro_precio_compra_bruto,pro_precio_venta,pro_margen_actual,pro_oferta,pro_fecha_inicio_oferta,pro_fecha_termino_oferta,pro_precio_oferta,pro_stock_minimo,pro_stock_critico,pro_entradas_bodega,pro_salidas_bodega,pro_mermas_bodega,pro_ajustes_bodega,pro_entradas_sv,pro_salidas_sv,pro_mermas_sv,pro_ajustes_sv,pro_activo,rec_numero,pro_unidad,pro_capacidad,pro_consumo_bodega,pro_consumo_sv,pro_estado,pro_funcion_plu,pro_flejes,pro_iva,pro_plu_asociado,pro_envase,pro_duracion,pro_numero_etiqueta) VALUES (78017192,@@@7802408002364@@@,@@@0@@@,@@@GALLETA FABULAZOO 700G@@@,@@@GALLETA FABULAZO@@@,@@@1 @@@,@@@3 @@@,@@@1@@@,@@@32 @@@,@@@18@@@,@@@2508@@@,@@@0@@@,@@@0@@@,@@@990@@@,@@@0@@@,@@@@@@,@@@2013.05.23@@@,@@@2013.05.23@@@,@@@0@@@,@@@0@@@,@@@0@@@,@@@0@@@,@@@0@@@,@@@0@@@,@@@0@@@,@@@0@@@,@@@0@@@,@@@0@@@,@@@0@@@,@@@1@@@,@@@0@@@,0,700,0,0,2,0,1,1,0,@@@NO@@@,0,0)','',2,'2013-05-23'),(17195,'DELETE FROM mae_impuestos_productos WHERE pro_codigo_plu=@@@78017192@@@','',2,'2013-05-23'),(17196,'UPDATE mae_productos SET pro_codigo_barra=@@@7891020964129@@@,pro_tipo=@@@0@@@,pro_nombre_producto=@@@ ALFILER DE GANCHO 1UND@@@,pro_nombre_corto=@@@SET ALFILER DE G@@@,med_id=@@@1@@@,emb_id=@@@4@@@,pro_unidades_embalaje=@@@24@@@,dep_id=@@@2 @@@,lin_id=@@@41@@@,mar_id=@@@2424@@@,pro_precio_compra_neto=@@@0@@@,pro_precio_compra_bruto=@@@0@@@,pro_precio_venta=@@@25@@@,pro_margen_actual=@@@0@@@,pro_oferta=@@@NO@@@,pro_fecha_inicio_oferta=@@@1900.01.01@@@,pro_fecha_termino_oferta=@@@1900.01.01@@@,pro_precio_oferta=@@@0@@@,pro_stock_minimo=@@@0@@@,pro_stock_critico=@@@0@@@,pro_activo=@@@1@@@,pro_unidad=@@@0@@@,pro_precio_compra_bruto=0,pro_margen_actual=0,pro_capacidad=1,pro_funcion_plu=0,pro_flejes=0,pro_iva=1,pro_plu_asociado=0,pro_envase=@@@NO@@@,pro_duracion=0,pro_numero_etiqueta=0 WHERE pro_codigo_plu=@@@13229@@@','',2,'2013-05-23'),(17197,'UPDATE mae_productos SET pro_estado=1 WHERE pro_codigo_plu=13229','',2,'2013-05-23'),(17198,'DELETE FROM mae_impuestos_productos WHERE pro_codigo_plu=@@@13229@@@','',2,'2013-05-23'),(17199,'INSERT INTO gne_vale_ferreteria (vfe_id,vfe_fecha,vfe_total,vfe_estado,vfe_entregado,usu_nusuario) VALUES (516,@@@2013.05.23@@@,50,1,0,@@@G_DIAZ@@@)','',2,'2013-05-23'),(17200,'INSERT INTO gne_vale_ferreteria_mov (vfe_id,pro_codigo_plu,vfm_cantidad,vfm_unitario,vfm_total,vfm_entregado) VALUES (516,13229,2,25,50,@@@NO@@@)','',2,'2013-05-23'),(17201,'INSERT INTO gne_vale_ferreteria (vfe_id,vfe_fecha,vfe_total,vfe_estado,vfe_entregado,usu_nusuario) VALUES (517,@@@2013.05.23@@@,120,1,0,@@@G_DIAZ@@@)','',2,'2013-05-23'),(17202,'INSERT INTO gne_vale_ferreteria_mov (vfe_id,pro_codigo_plu,vfm_cantidad,vfm_unitario,vfm_total,vfm_entregado) VALUES (517,4801,4,30,120,@@@NO@@@)','',2,'2013-05-23'),(17203,'INSERT INTO gne_vale_ferreteria (vfe_id,vfe_fecha,vfe_total,vfe_estado,vfe_entregado,usu_nusuario) VALUES (518,@@@2013.05.23@@@,490,1,0,@@@G_DIAZ@@@)','',2,'2013-05-23'),(17204,'INSERT INTO gne_vale_ferreteria_mov (vfe_id,pro_codigo_plu,vfm_cantidad,vfm_unitario,vfm_total,vfm_entregado) VALUES (518,78017126,1,490,490,@@@NO@@@)','',2,'2013-05-23'),(17205,'INSERT INTO gne_vale_ferreteria (vfe_id,vfe_fecha,vfe_total,vfe_estado,vfe_entregado,usu_nusuario) VALUES (519,@@@2013.05.23@@@,200,1,0,@@@G_DIAZ@@@)','',2,'2013-05-23'),(17206,'INSERT INTO gne_vale_ferreteria_mov (vfe_id,pro_codigo_plu,vfm_cantidad,vfm_unitario,vfm_total,vfm_entregado) VALUES (519,1018,4,50,200,@@@NO@@@)','',2,'2013-05-23'),(17207,'INSERT INTO gne_vale_ferreteria (vfe_id,vfe_fecha,vfe_total,vfe_estado,vfe_entregado,usu_nusuario) VALUES (520,@@@2013.05.23@@@,220,1,0,@@@G_DIAZ@@@)','',2,'2013-05-23'),(17208,'INSERT INTO gne_vale_ferreteria_mov (vfe_id,pro_codigo_plu,vfm_cantidad,vfm_unitario,vfm_total,vfm_entregado) VALUES (520,4129,2,50,100,@@@NO@@@)','',2,'2013-05-23'),(17209,'INSERT INTO gne_vale_ferreteria_mov (vfe_id,pro_codigo_plu,vfm_cantidad,vfm_unitario,vfm_total,vfm_entregado) VALUES (520,8022,1,120,120,@@@NO@@@)','',2,'2013-05-23'),(17210,'INSERT INTO gne_vale_ferreteria (vfe_id,vfe_fecha,vfe_total,vfe_estado,vfe_entregado,usu_nusuario) VALUES (521,@@@2013.05.23@@@,2580,1,0,@@@G_DIAZ@@@)','',2,'2013-05-23'),(17211,'INSERT INTO gne_vale_ferreteria_mov (vfe_id,pro_codigo_plu,vfm_cantidad,vfm_unitario,vfm_total,vfm_entregado) VALUES (521,764600,2,1290,2580,@@@NO@@@)','',2,'2013-05-23'),(17212,'INSERT INTO gne_vale_ferreteria (vfe_id,vfe_fecha,vfe_total,vfe_estado,vfe_entregado,usu_nusuario) VALUES (522,@@@2013.05.23@@@,800,1,0,@@@G_DIAZ@@@)','',2,'2013-05-23'),(17213,'INSERT INTO gne_vale_ferreteria_mov (vfe_id,pro_codigo_plu,vfm_cantidad,vfm_unitario,vfm_total,vfm_entregado) VALUES (522,761989,1,800,800,@@@NO@@@)','',2,'2013-05-23'),(17214,'UPDATE mae_productos SET pro_codigo_barra=@@@7509546009063@@@,pro_tipo=@@@0@@@,pro_nombre_producto=@@@SPEED STICK DEO.24/7 FRESH RUSH 50 GRS.@@@,pro_nombre_corto=@@@SPEED STICK DEO.@@@,med_id=@@@5@@@,emb_id=@@@3@@@,pro_unidades_embalaje=@@@0@@@,dep_id=@@@21 @@@,lin_id=@@@118@@@,mar_id=@@@1803@@@,pro_precio_compra_neto=@@@0@@@,pro_precio_compra_bruto=@@@0@@@,pro_precio_venta=@@@2290@@@,pro_margen_actual=@@@0@@@,pro_oferta=@@@NO@@@,pro_fecha_inicio_oferta=@@@1900.01.01@@@,pro_fecha_termino_oferta=@@@1900.01.01@@@,pro_precio_oferta=@@@0@@@,pro_stock_minimo=@@@12@@@,pro_stock_critico=@@@6@@@,pro_activo=@@@1@@@,pro_unidad=@@@0@@@,pro_precio_compra_bruto=0,pro_margen_actual=0,pro_capacidad=0.05,pro_funcion_plu=0,pro_flejes=1,pro_iva=1,pro_plu_asociado=0,pro_envase=@@@NO@@@,pro_duracion=0,pro_numero_etiqueta=0 WHERE pro_codigo_plu=@@@10189@@@','',2,'2013-05-23'),(17215,'UPDATE mae_productos SET pro_estado=1 WHERE pro_codigo_plu=10189','',2,'2013-05-23'),(17216,'DELETE FROM mae_impuestos_productos WHERE pro_codigo_plu=@@@10189@@@','',2,'2013-05-23'),(17217,'INSERT INTO gne_vale_ferreteria (vfe_id,vfe_fecha,vfe_total,vfe_estado,vfe_entregado,usu_nusuario) VALUES (523,@@@2013.05.23@@@,1240,1,0,@@@G_DIAZ@@@)','',2,'2013-05-23'),(17218,'INSERT INTO gne_vale_ferreteria_mov (vfe_id,pro_codigo_plu,vfm_cantidad,vfm_unitario,vfm_total,vfm_entregado) VALUES (523,763801,1,580,580,@@@NO@@@)','',2,'2013-05-23'),(17219,'INSERT INTO gne_vale_ferreteria_mov (vfe_id,pro_codigo_plu,vfm_cantidad,vfm_unitario,vfm_total,vfm_entregado) VALUES (523,763624,1,660,660,@@@NO@@@)','',2,'2013-05-23'),(17220,'UPDATE mae_productos SET pro_precio_fiscal=pro_precio_venta WHERE pro_codigo_plu=10189','',2,'2013-05-23'),(17221,'UPDATE mae_productos SET pro_precio_fiscal=pro_precio_venta WHERE pro_codigo_plu=78017192','',2,'2013-05-23'),(17222,'UPDATE mae_productos SET pro_precio_fiscal=pro_precio_venta WHERE pro_codigo_plu=13229','',2,'2013-05-23'),(17223,'INSERT INTO mae_productos (pro_codigo_plu,pro_codigo_barra,pro_tipo,pro_nombre_producto,pro_nombre_corto,med_id,emb_id,pro_unidades_embalaje,dep_id,lin_id,mar_id,pro_precio_compra_neto,pro_precio_compra_bruto,pro_precio_venta,pro_margen_actual,pro_oferta,pro_fecha_inicio_oferta,pro_fecha_termino_oferta,pro_precio_oferta,pro_stock_minimo,pro_stock_critico,pro_entradas_bodega,pro_salidas_bodega,pro_mermas_bodega,pro_ajustes_bodega,pro_entradas_sv,pro_salidas_sv,pro_mermas_sv,pro_ajustes_sv,pro_activo,rec_numero,pro_unidad,pro_capacidad,pro_consumo_bodega,pro_consumo_sv,pro_estado,pro_funcion_plu,pro_flejes,pro_iva,pro_plu_asociado,pro_envase,pro_duracion,pro_numero_etiqueta) VALUES (78017193,@@@770041@@@,@@@0@@@,@@@HOJAS TAMAÑO CARTA COLOR 1UND@@@,@@@HOJAS TAMAÑO CAR@@@,@@@1 @@@,@@@3 @@@,@@@0@@@,@@@24 @@@,@@@137@@@,@@@2507@@@,@@@0@@@,@@@0@@@,@@@20@@@,@@@0@@@,@@@@@@,@@@2013.05.23@@@,@@@2013.05.23@@@,@@@0@@@,@@@0@@@,@@@0@@@,@@@0@@@,@@@0@@@,@@@0@@@,@@@0@@@,@@@0@@@,@@@0@@@,@@@0@@@,@@@0@@@,@@@1@@@,@@@0@@@,0,1,0,0,2,0,1,1,0,@@@NO@@@,0,0)','',2,'2013-05-23'),(17224,'DELETE FROM mae_impuestos_productos WHERE pro_codigo_plu=@@@78017193@@@','',2,'2013-05-23'),(17225,'INSERT INTO gne_vale_ferreteria (vfe_id,vfe_fecha,vfe_total,vfe_estado,vfe_entregado,usu_nusuario) VALUES (524,@@@2013.05.23@@@,120,1,0,@@@G_DIAZ@@@)','',2,'2013-05-23'),(17226,'INSERT INTO gne_vale_ferreteria_mov (vfe_id,pro_codigo_plu,vfm_cantidad,vfm_unitario,vfm_total,vfm_entregado) VALUES (524,78017193,6,20,120,@@@NO@@@)','',2,'2013-05-23'),(17227,'INSERT INTO gne_vale_ferreteria (vfe_id,vfe_fecha,vfe_total,vfe_estado,vfe_entregado,usu_nusuario) VALUES (525,@@@2013.05.23@@@,330,1,0,@@@G_DIAZ@@@)','',2,'2013-05-23'),(17228,'INSERT INTO gne_vale_ferreteria_mov (vfe_id,pro_codigo_plu,vfm_cantidad,vfm_unitario,vfm_total,vfm_entregado) VALUES (525,19918,1,330,330,@@@NO@@@)','',2,'2013-05-23'),(17229,'UPDATE mae_productos SET pro_codigo_barra=@@@7806510230479@@@,pro_tipo=@@@0@@@,pro_nombre_producto=@@@PAPEL FOTOCOPIA OFICIO EQUALIT LASER@@@,pro_nombre_corto=@@@PAPEL FOTOCOPIA@@@,med_id=@@@1@@@,emb_id=@@@3@@@,pro_unidades_embalaje=@@@1@@@,dep_id=@@@24 @@@,lin_id=@@@137@@@,mar_id=@@@2406@@@,pro_precio_compra_neto=@@@0@@@,pro_precio_compra_bruto=@@@0@@@,pro_precio_venta=@@@2990@@@,pro_margen_actual=@@@0@@@,pro_oferta=@@@NO@@@,pro_fecha_inicio_oferta=@@@1900.01.01@@@,pro_fecha_termino_oferta=@@@1900.01.01@@@,pro_precio_oferta=@@@0@@@,pro_stock_minimo=@@@0@@@,pro_stock_critico=@@@0@@@,pro_activo=@@@1@@@,pro_unidad=@@@0@@@,pro_precio_compra_bruto=0,pro_margen_actual=0,pro_capacidad=1,pro_funcion_plu=0,pro_flejes=0,pro_iva=1,pro_plu_asociado=0,pro_envase=@@@NO@@@,pro_duracion=0,pro_numero_etiqueta=0 WHERE pro_codigo_plu=@@@12227@@@','',2,'2013-05-23'),(17230,'UPDATE mae_productos SET pro_estado=1 WHERE pro_codigo_plu=12227','',2,'2013-05-23'),(17231,'DELETE FROM mae_impuestos_productos WHERE pro_codigo_plu=@@@12227@@@','',2,'2013-05-23'),(17232,'UPDATE mae_productos SET pro_codigo_barra=@@@7509546009056@@@,pro_tipo=@@@0@@@,pro_nombre_producto=@@@SPEED STICK DEO.A/P ICY SURGE 50 GRS.@@@,pro_nombre_corto=@@@SPEED STICK DEO.@@@,med_id=@@@5@@@,emb_id=@@@3@@@,pro_unidades_embalaje=@@@1@@@,dep_id=@@@21 @@@,lin_id=@@@118@@@,mar_id=@@@1005@@@,pro_precio_compra_neto=@@@0@@@,pro_precio_compra_bruto=@@@0@@@,pro_precio_venta=@@@2190@@@,pro_margen_actual=@@@0@@@,pro_oferta=@@@NO@@@,pro_fecha_inicio_oferta=@@@2006.09.07@@@,pro_fecha_termino_oferta=@@@2006.09.07@@@,pro_precio_oferta=@@@0@@@,pro_stock_minimo=@@@12@@@,pro_stock_critico=@@@6@@@,pro_activo=@@@1@@@,pro_unidad=@@@0@@@,pro_precio_compra_bruto=0,pro_margen_actual=0,pro_capacidad=0.05,pro_funcion_plu=0,pro_flejes=1,pro_iva=1,pro_plu_asociado=0,pro_envase=@@@NO@@@,pro_duracion=0,pro_numero_etiqueta=0 WHERE pro_codigo_plu=@@@100983@@@','',2,'2013-05-23'),(17233,'UPDATE mae_productos SET pro_estado=1 WHERE pro_codigo_plu=100983','',2,'2013-05-23'),(17234,'DELETE FROM mae_impuestos_productos WHERE pro_codigo_plu=@@@100983@@@','',2,'2013-05-23'),(17235,'UPDATE mae_productos SET pro_codigo_barra=@@@7509546009063@@@,pro_tipo=@@@0@@@,pro_nombre_producto=@@@SPEED STICK DEO.24/7 FRESH RUSH 50 GRS.@@@,pro_nombre_corto=@@@SPEED STICK DEO.@@@,med_id=@@@5@@@,emb_id=@@@3@@@,pro_unidades_embalaje=@@@0@@@,dep_id=@@@21 @@@,lin_id=@@@118@@@,mar_id=@@@1803@@@,pro_precio_compra_neto=@@@0@@@,pro_precio_compra_bruto=@@@0@@@,pro_precio_venta=@@@2190@@@,pro_margen_actual=@@@0@@@,pro_oferta=@@@NO@@@,pro_fecha_inicio_oferta=@@@1900.01.01@@@,pro_fecha_termino_oferta=@@@1900.01.01@@@,pro_precio_oferta=@@@0@@@,pro_stock_minimo=@@@12@@@,pro_stock_critico=@@@6@@@,pro_activo=@@@1@@@,pro_unidad=@@@0@@@,pro_precio_compra_bruto=0,pro_margen_actual=0,pro_capacidad=0.05,pro_funcion_plu=0,pro_flejes=1,pro_iva=1,pro_plu_asociado=0,pro_envase=@@@NO@@@,pro_duracion=0,pro_numero_etiqueta=0 WHERE pro_codigo_plu=@@@10189@@@','',2,'2013-05-23'),(17236,'UPDATE mae_productos SET pro_estado=1 WHERE pro_codigo_plu=10189','',2,'2013-05-23'),(17237,'DELETE FROM mae_impuestos_productos WHERE pro_codigo_plu=@@@10189@@@','',2,'2013-05-23'),(17238,'INSERT INTO gne_vale_ferreteria (vfe_id,vfe_fecha,vfe_total,vfe_estado,vfe_entregado,usu_nusuario) VALUES (526,@@@2013.05.23@@@,250,1,0,@@@G_DIAZ@@@)','',2,'2013-05-23'),(17239,'INSERT INTO gne_vale_ferreteria_mov (vfe_id,pro_codigo_plu,vfm_cantidad,vfm_unitario,vfm_total,vfm_entregado) VALUES (526,764125,1,250,250,@@@NO@@@)','',2,'2013-05-23'),(17240,'INSERT INTO gne_vale_ferreteria (vfe_id,vfe_fecha,vfe_total,vfe_estado,vfe_entregado,usu_nusuario) VALUES (527,@@@2013.05.23@@@,720,1,0,@@@G_DIAZ@@@)','',2,'2013-05-23'),(17241,'INSERT INTO gne_vale_ferreteria_mov (vfe_id,pro_codigo_plu,vfm_cantidad,vfm_unitario,vfm_total,vfm_entregado) VALUES (527,764366,2,360,720,@@@NO@@@)','',2,'2013-05-23'),(17242,'INSERT INTO gne_vale_ferreteria (vfe_id,vfe_fecha,vfe_total,vfe_estado,vfe_entregado,usu_nusuario) VALUES (528,@@@2013.05.23@@@,480,1,0,@@@G_DIAZ@@@)','',2,'2013-05-23'),(17243,'INSERT INTO gne_vale_ferreteria_mov (vfe_id,pro_codigo_plu,vfm_cantidad,vfm_unitario,vfm_total,vfm_entregado) VALUES (528,15927,1,480,480,@@@NO@@@)','',2,'2013-05-23'),(17244,'UPDATE mae_productos SET pro_codigo_barra=@@@7509546029146@@@,pro_tipo=@@@0@@@,pro_nombre_producto=@@@LADY SPEED STICK FLORAL 45 GRS.@@@,pro_nombre_corto=@@@LADY SPEED STICK@@@,med_id=@@@5@@@,emb_id=@@@3@@@,pro_unidades_embalaje=@@@0@@@,dep_id=@@@21 @@@,lin_id=@@@118@@@,mar_id=@@@1041@@@,pro_precio_compra_neto=@@@0@@@,pro_precio_compra_bruto=@@@0@@@,pro_precio_venta=@@@2190@@@,pro_margen_actual=@@@0@@@,pro_oferta=@@@NO@@@,pro_fecha_inicio_oferta=@@@2006.09.07@@@,pro_fecha_termino_oferta=@@@2006.09.07@@@,pro_precio_oferta=@@@0@@@,pro_stock_minimo=@@@24@@@,pro_stock_critico=@@@12@@@,pro_activo=@@@1@@@,pro_unidad=@@@0@@@,pro_precio_compra_bruto=0,pro_margen_actual=0,pro_capacidad=0.045,pro_funcion_plu=0,pro_flejes=1,pro_iva=1,pro_plu_asociado=0,pro_envase=@@@NO@@@,pro_duracion=0,pro_numero_etiqueta=0 WHERE pro_codigo_plu=@@@102414@@@','',2,'2013-05-23'),(17245,'UPDATE mae_productos SET pro_estado=1 WHERE pro_codigo_plu=102414','',2,'2013-05-23'),(17246,'DELETE FROM mae_impuestos_productos WHERE pro_codigo_plu=@@@102414@@@','',2,'2013-05-23'),(17247,'UPDATE mae_productos SET pro_codigo_barra=@@@7501035908888@@@,pro_tipo=@@@0@@@,pro_nombre_producto=@@@LADY SPEED STICK A/P HIPOALERGENICO 45 GRS.@@@,pro_nombre_corto=@@@LADY SPEED STICK@@@,med_id=@@@5@@@,emb_id=@@@3@@@,pro_unidades_embalaje=@@@1@@@,dep_id=@@@21 @@@,lin_id=@@@118@@@,mar_id=@@@1041@@@,pro_precio_compra_neto=@@@0@@@,pro_precio_compra_bruto=@@@0@@@,pro_precio_venta=@@@2190@@@,pro_margen_actual=@@@0@@@,pro_oferta=@@@NO@@@,pro_fecha_inicio_oferta=@@@1900.01.01@@@,pro_fecha_termino_oferta=@@@1900.01.01@@@,pro_precio_oferta=@@@0@@@,pro_stock_minimo=@@@12@@@,pro_stock_critico=@@@6@@@,pro_activo=@@@1@@@,pro_unidad=@@@0@@@,pro_precio_compra_bruto=0,pro_margen_actual=0,pro_capacidad=0.045,pro_funcion_plu=0,pro_flejes=1,pro_iva=1,pro_plu_asociado=0,pro_envase=@@@NO@@@,pro_duracion=0,pro_numero_etiqueta=0 WHERE pro_codigo_plu=@@@20504@@@','',2,'2013-05-23'),(17248,'UPDATE mae_productos SET pro_estado=1 WHERE pro_codigo_plu=20504','',2,'2013-05-23'),(17249,'DELETE FROM mae_impuestos_productos WHERE pro_codigo_plu=@@@20504@@@','',2,'2013-05-23'),(17250,'UPDATE mae_productos SET pro_codigo_barra=@@@7501035908888@@@,pro_tipo=@@@0@@@,pro_nombre_producto=@@@LADY SPEED STICK A/P HIPOALERGENICO 45 GRS.@@@,pro_nombre_corto=@@@LADY SPEED STICK@@@,med_id=@@@5@@@,emb_id=@@@3@@@,pro_unidades_embalaje=@@@1@@@,dep_id=@@@21 @@@,lin_id=@@@118@@@,mar_id=@@@1041@@@,pro_precio_compra_neto=@@@0@@@,pro_precio_compra_bruto=@@@0@@@,pro_precio_venta=@@@1890@@@,pro_margen_actual=@@@0@@@,pro_oferta=@@@NO@@@,pro_fecha_inicio_oferta=@@@1900.01.01@@@,pro_fecha_termino_oferta=@@@1900.01.01@@@,pro_precio_oferta=@@@0@@@,pro_stock_minimo=@@@12@@@,pro_stock_critico=@@@6@@@,pro_activo=@@@1@@@,pro_unidad=@@@0@@@,pro_precio_compra_bruto=0,pro_margen_actual=0,pro_capacidad=0.045,pro_funcion_plu=0,pro_flejes=1,pro_iva=1,pro_plu_asociado=0,pro_envase=@@@NO@@@,pro_duracion=0,pro_numero_etiqueta=0 WHERE pro_codigo_plu=@@@20504@@@','',2,'2013-05-23'),(17251,'UPDATE mae_productos SET pro_estado=1 WHERE pro_codigo_plu=20504','',2,'2013-05-23'),(17252,'DELETE FROM mae_impuestos_productos WHERE pro_codigo_plu=@@@20504@@@','',2,'2013-05-23'),(17253,'UPDATE mae_productos SET pro_codigo_barra=@@@7509546008165@@@,pro_tipo=@@@0@@@,pro_nombre_producto=@@@LADY SPEED ALOE DEFENSA BARRA 45 GRS@@@,pro_nombre_corto=@@@LADY SPEED ALOE@@@,med_id=@@@5@@@,emb_id=@@@3@@@,pro_unidades_embalaje=@@@12@@@,dep_id=@@@21 @@@,lin_id=@@@118@@@,mar_id=@@@1041@@@,pro_precio_compra_neto=@@@0@@@,pro_precio_compra_bruto=@@@0@@@,pro_precio_venta=@@@1890@@@,pro_margen_actual=@@@0@@@,pro_oferta=@@@NO@@@,pro_fecha_inicio_oferta=@@@2006.09.07@@@,pro_fecha_termino_oferta=@@@2006.09.07@@@,pro_precio_oferta=@@@0@@@,pro_stock_minimo=@@@6@@@,pro_stock_critico=@@@3@@@,pro_activo=@@@1@@@,pro_unidad=@@@0@@@,pro_precio_compra_bruto=0,pro_margen_actual=0,pro_capacidad=45,pro_funcion_plu=0,pro_flejes=1,pro_iva=1,pro_plu_asociado=0,pro_envase=@@@NO@@@,pro_duracion=0,pro_numero_etiqueta=0 WHERE pro_codigo_plu=@@@761646@@@','',2,'2013-05-23'),(17254,'UPDATE mae_productos SET pro_estado=1 WHERE pro_codigo_plu=761646','',2,'2013-05-23'),(17255,'DELETE FROM mae_impuestos_productos WHERE pro_codigo_plu=@@@761646@@@','',2,'2013-05-23'),(17256,'UPDATE mae_productos SET pro_codigo_barra=@@@7509546042350@@@,pro_tipo=@@@0@@@,pro_nombre_producto=@@@LADY SPEED DEPILCONTROL 45 GRS@@@,pro_nombre_corto=@@@LADY SPEED DEPIL@@@,med_id=@@@5@@@,emb_id=@@@3@@@,pro_unidades_embalaje=@@@12@@@,dep_id=@@@21 @@@,lin_id=@@@118@@@,mar_id=@@@1041@@@,pro_precio_compra_neto=@@@0@@@,pro_precio_compra_bruto=@@@0@@@,pro_precio_venta=@@@1890@@@,pro_margen_actual=@@@0@@@,pro_oferta=@@@NO@@@,pro_fecha_inicio_oferta=@@@2006.09.07@@@,pro_fecha_termino_oferta=@@@2006.09.07@@@,pro_precio_oferta=@@@0@@@,pro_stock_minimo=@@@6@@@,pro_stock_critico=@@@3@@@,pro_activo=@@@1@@@,pro_unidad=@@@0@@@,pro_precio_compra_bruto=0,pro_margen_actual=0,pro_capacidad=45,pro_funcion_plu=0,pro_flejes=1,pro_iva=1,pro_plu_asociado=0,pro_envase=@@@NO@@@,pro_duracion=0,pro_numero_etiqueta=0 WHERE pro_codigo_plu=@@@761644@@@','',2,'2013-05-23'),(17257,'UPDATE mae_productos SET pro_estado=1 WHERE pro_codigo_plu=761644','',2,'2013-05-23'),(17258,'DELETE FROM mae_impuestos_productos WHERE pro_codigo_plu=@@@761644@@@','',2,'2013-05-23'),(17259,'INSERT INTO gne_vale_ferreteria (vfe_id,vfe_fecha,vfe_total,vfe_estado,vfe_entregado,usu_nusuario) VALUES (529,@@@2013.05.23@@@,690,1,0,@@@G_DIAZ@@@)','',2,'2013-05-23'),(17260,'INSERT INTO gne_vale_ferreteria_mov (vfe_id,pro_codigo_plu,vfm_cantidad,vfm_unitario,vfm_total,vfm_entregado) VALUES (529,764495,1,490,490,@@@NO@@@)','',2,'2013-05-23'),(17261,'INSERT INTO gne_vale_ferreteria_mov (vfe_id,pro_codigo_plu,vfm_cantidad,vfm_unitario,vfm_total,vfm_entregado) VALUES (529,78017005,2,100,200,@@@NO@@@)','',2,'2013-05-23'),(17262,'INSERT INTO mae_productos (pro_codigo_plu,pro_codigo_barra,pro_tipo,pro_nombre_producto,pro_nombre_corto,med_id,emb_id,pro_unidades_embalaje,dep_id,lin_id,mar_id,pro_precio_compra_neto,pro_precio_compra_bruto,pro_precio_venta,pro_margen_actual,pro_oferta,pro_fecha_inicio_oferta,pro_fecha_termino_oferta,pro_precio_oferta,pro_stock_minimo,pro_stock_critico,pro_entradas_bodega,pro_salidas_bodega,pro_mermas_bodega,pro_ajustes_bodega,pro_entradas_sv,pro_salidas_sv,pro_mermas_sv,pro_ajustes_sv,pro_activo,rec_numero,pro_unidad,pro_capacidad,pro_consumo_bodega,pro_consumo_sv,pro_estado,pro_funcion_plu,pro_flejes,pro_iva,pro_plu_asociado,pro_envase,pro_duracion,pro_numero_etiqueta) VALUES (78017194,@@@770042@@@,@@@0@@@,@@@MINA 0.5@@@,@@@MINA 0.5@@@,@@@1 @@@,@@@3 @@@,@@@0@@@,@@@24 @@@,@@@137@@@,@@@1253@@@,@@@0@@@,@@@0@@@,@@@150@@@,@@@0@@@,@@@@@@,@@@2013.05.23@@@,@@@2013.05.23@@@,@@@0@@@,@@@0@@@,@@@0@@@,@@@0@@@,@@@0@@@,@@@0@@@,@@@0@@@,@@@0@@@,@@@0@@@,@@@0@@@,@@@0@@@,@@@1@@@,@@@0@@@,0,1,0,0,2,0,1,1,0,@@@NO@@@,0,0)','',2,'2013-05-23'),(17263,'DELETE FROM mae_impuestos_productos WHERE pro_codigo_plu=@@@78017194@@@','',2,'2013-05-23'),(17264,'INSERT INTO gne_vale_ferreteria (vfe_id,vfe_fecha,vfe_total,vfe_estado,vfe_entregado,usu_nusuario) VALUES (530,@@@2013.05.23@@@,240,1,0,@@@G_DIAZ@@@)','',2,'2013-05-23'),(17265,'INSERT INTO gne_vale_ferreteria_mov (vfe_id,pro_codigo_plu,vfm_cantidad,vfm_unitario,vfm_total,vfm_entregado) VALUES (530,78017016,2,120,240,@@@NO@@@)','',2,'2013-05-23'),(17266,'INSERT INTO gne_vale_ferreteria (vfe_id,vfe_fecha,vfe_total,vfe_estado,vfe_entregado,usu_nusuario) VALUES (531,@@@2013.05.23@@@,480,1,0,@@@G_DIAZ@@@)','',2,'2013-05-23'),(17267,'INSERT INTO gne_vale_ferreteria_mov (vfe_id,pro_codigo_plu,vfm_cantidad,vfm_unitario,vfm_total,vfm_entregado) VALUES (531,8022,2,120,240,@@@NO@@@)','',2,'2013-05-23'),(17268,'INSERT INTO gne_vale_ferreteria_mov (vfe_id,pro_codigo_plu,vfm_cantidad,vfm_unitario,vfm_total,vfm_entregado) VALUES (531,764766,2,120,240,@@@NO@@@)','',2,'2013-05-23'),(17269,'INSERT INTO gne_vale_ferreteria (vfe_id,vfe_fecha,vfe_total,vfe_estado,vfe_entregado,usu_nusuario) VALUES (532,@@@2013.05.23@@@,490,1,0,@@@G_DIAZ@@@)','',2,'2013-05-23'),(17270,'INSERT INTO gne_vale_ferreteria_mov (vfe_id,pro_codigo_plu,vfm_cantidad,vfm_unitario,vfm_total,vfm_entregado) VALUES (532,1538,1,490,490,@@@NO@@@)','',2,'2013-05-23'),(17271,'UPDATE mae_productos SET pro_codigo_barra=@@@41333598017@@@,pro_tipo=@@@0@@@,pro_nombre_producto=@@@PILA DURACELL AA ULTRA 2 UN@@@,pro_nombre_corto=@@@PILA DURACELL AA@@@,med_id=@@@1@@@,emb_id=@@@4@@@,pro_unidades_embalaje=@@@1@@@,dep_id=@@@2 @@@,lin_id=@@@45@@@,mar_id=@@@2004@@@,pro_precio_compra_neto=@@@0@@@,pro_precio_compra_bruto=@@@0@@@,pro_precio_venta=@@@480@@@,pro_margen_actual=@@@0@@@,pro_oferta=@@@NO@@@,pro_fecha_inicio_oferta=@@@1900.01.01@@@,pro_fecha_termino_oferta=@@@1900.01.01@@@,pro_precio_oferta=@@@0@@@,pro_stock_minimo=@@@0@@@,pro_stock_critico=@@@0@@@,pro_activo=@@@1@@@,pro_unidad=@@@0@@@,pro_precio_compra_bruto=0,pro_margen_actual=0,pro_capacidad=2,pro_funcion_plu=0,pro_flejes=1,pro_iva=1,pro_plu_asociado=0,pro_envase=@@@NO@@@,pro_duracion=0,pro_numero_etiqueta=0 WHERE pro_codigo_plu=@@@15935@@@','',2,'2013-05-23'),(17272,'UPDATE mae_productos SET pro_estado=1 WHERE pro_codigo_plu=15935','',2,'2013-05-23'),(17273,'DELETE FROM mae_impuestos_productos WHERE pro_codigo_plu=@@@15935@@@','',2,'2013-05-23'),(17274,'INSERT INTO gne_vale_ferreteria (vfe_id,vfe_fecha,vfe_total,vfe_estado,vfe_entregado,usu_nusuario) VALUES (533,@@@2013.05.23@@@,1160,1,0,@@@G_DIAZ@@@)','',2,'2013-05-23'),(17275,'INSERT INTO gne_vale_ferreteria_mov (vfe_id,pro_codigo_plu,vfm_cantidad,vfm_unitario,vfm_total,vfm_entregado) VALUES (533,15935,1,480,480,@@@NO@@@)','',2,'2013-05-23'),(17276,'INSERT INTO gne_vale_ferreteria_mov (vfe_id,pro_codigo_plu,vfm_cantidad,vfm_unitario,vfm_total,vfm_entregado) VALUES (533,19866,1,680,680,@@@NO@@@)','',2,'2013-05-23'),(17277,'UPDATE mae_productos SET pro_codigo_barra=@@@41333631011@@@,pro_tipo=@@@0@@@,pro_nombre_producto=@@@PILA DURACELL ULTRA AAA 1 UND@@@,pro_nombre_corto=@@@PILA DUR. ULTRA@@@,med_id=@@@1@@@,emb_id=@@@3@@@,pro_unidades_embalaje=@@@12@@@,dep_id=@@@2 @@@,lin_id=@@@45@@@,mar_id=@@@2004@@@,pro_precio_compra_neto=@@@0@@@,pro_precio_compra_bruto=@@@0@@@,pro_precio_venta=@@@530@@@,pro_margen_actual=@@@0@@@,pro_oferta=@@@NO@@@,pro_fecha_inicio_oferta=@@@1900.01.01@@@,pro_fecha_termino_oferta=@@@1900.01.01@@@,pro_precio_oferta=@@@0@@@,pro_stock_minimo=@@@12@@@,pro_stock_critico=@@@6@@@,pro_activo=@@@1@@@,pro_unidad=@@@0@@@,pro_precio_compra_bruto=0,pro_margen_actual=0,pro_capacidad=2,pro_funcion_plu=0,pro_flejes=1,pro_iva=1,pro_plu_asociado=0,pro_envase=@@@NO@@@,pro_duracion=0,pro_numero_etiqueta=0 WHERE pro_codigo_plu=@@@15955@@@','',2,'2013-05-23'),(17278,'UPDATE mae_productos SET pro_estado=1 WHERE pro_codigo_plu=15955','',2,'2013-05-23'),(17279,'DELETE FROM mae_impuestos_productos WHERE pro_codigo_plu=@@@15955@@@','',2,'2013-05-23'),(17280,'UPDATE mae_productos SET pro_codigo_barra=@@@41333631011@@@,pro_tipo=@@@0@@@,pro_nombre_producto=@@@PILA DURACELL ULTRA AAA 1 UND@@@,pro_nombre_corto=@@@PILA DUR. ULTRA@@@,med_id=@@@1@@@,emb_id=@@@3@@@,pro_unidades_embalaje=@@@12@@@,dep_id=@@@2 @@@,lin_id=@@@45@@@,mar_id=@@@2004@@@,pro_precio_compra_neto=@@@0@@@,pro_precio_compra_bruto=@@@0@@@,pro_precio_venta=@@@530@@@,pro_margen_actual=@@@0@@@,pro_oferta=@@@NO@@@,pro_fecha_inicio_oferta=@@@1900.01.01@@@,pro_fecha_termino_oferta=@@@1900.01.01@@@,pro_precio_oferta=@@@0@@@,pro_stock_minimo=@@@12@@@,pro_stock_critico=@@@6@@@,pro_activo=@@@1@@@,pro_unidad=@@@0@@@,pro_precio_compra_bruto=0,pro_margen_actual=0,pro_capacidad=2,pro_funcion_plu=0,pro_flejes=1,pro_iva=1,pro_plu_asociado=0,pro_envase=@@@NO@@@,pro_duracion=0,pro_numero_etiqueta=0 WHERE pro_codigo_plu=@@@15955@@@','',2,'2013-05-23'),(17281,'UPDATE mae_productos SET pro_estado=1 WHERE pro_codigo_plu=15955','',2,'2013-05-23'),(17282,'DELETE FROM mae_impuestos_productos WHERE pro_codigo_plu=@@@15955@@@','',2,'2013-05-23'),(17283,'INSERT INTO gne_vale_ferreteria (vfe_id,vfe_fecha,vfe_total,vfe_estado,vfe_entregado,usu_nusuario) VALUES (534,@@@2013.05.23@@@,480,1,0,@@@G_DIAZ@@@)','',2,'2013-05-23'),(17284,'INSERT INTO gne_vale_ferreteria_mov (vfe_id,pro_codigo_plu,vfm_cantidad,vfm_unitario,vfm_total,vfm_entregado) VALUES (534,15935,1,480,480,@@@NO@@@)','',2,'2013-05-23'),(17285,'INSERT INTO gne_vale_ferreteria (vfe_id,vfe_fecha,vfe_total,vfe_estado,vfe_entregado,usu_nusuario) VALUES (535,@@@2013.05.23@@@,2080,1,0,@@@G_DIAZ@@@)','',2,'2013-05-23'),(17286,'INSERT INTO gne_vale_ferreteria_mov (vfe_id,pro_codigo_plu,vfm_cantidad,vfm_unitario,vfm_total,vfm_entregado) VALUES (535,6019,1,1190,1190,@@@NO@@@)','',2,'2013-05-23'),(17287,'INSERT INTO gne_vale_ferreteria_mov (vfe_id,pro_codigo_plu,vfm_cantidad,vfm_unitario,vfm_total,vfm_entregado) VALUES (535,78017051,1,890,890,@@@NO@@@)','',2,'2013-05-23'),(17288,'INSERT INTO mae_productos (pro_codigo_plu,pro_codigo_barra,pro_tipo,pro_nombre_producto,pro_nombre_corto,med_id,emb_id,pro_unidades_embalaje,dep_id,lin_id,mar_id,pro_precio_compra_neto,pro_precio_compra_bruto,pro_precio_venta,pro_margen_actual,pro_oferta,pro_fecha_inicio_oferta,pro_fecha_termino_oferta,pro_precio_oferta,pro_stock_minimo,pro_stock_critico,pro_entradas_bodega,pro_salidas_bodega,pro_mermas_bodega,pro_ajustes_bodega,pro_entradas_sv,pro_salidas_sv,pro_mermas_sv,pro_ajustes_sv,pro_activo,rec_numero,pro_unidad,pro_capacidad,pro_consumo_bodega,pro_consumo_sv,pro_estado,pro_funcion_plu,pro_flejes,pro_iva,pro_plu_asociado,pro_envase,pro_duracion,pro_numero_etiqueta) VALUES (78017195,@@@7802225682763@@@,@@@0@@@,@@@GALLETAS MINI HOT WHEELS SABOR COCO35G@@@,@@@GALLETAS MINI HO@@@,@@@1 @@@,@@@3 @@@,@@@0@@@,@@@32 @@@,@@@18@@@,@@@1740@@@,@@@0@@@,@@@0@@@,@@@130@@@,@@@0@@@,@@@@@@,@@@2013.05.23@@@,@@@2013.05.23@@@,@@@0@@@,@@@0@@@,@@@0@@@,@@@0@@@,@@@0@@@,@@@0@@@,@@@0@@@,@@@0@@@,@@@0@@@,@@@0@@@,@@@0@@@,@@@1@@@,@@@0@@@,0,35,0,0,2,0,1,1,0,@@@NO@@@,0,0)','',2,'2013-05-23'),(17289,'DELETE FROM mae_impuestos_productos WHERE pro_codigo_plu=@@@78017195@@@','',2,'2013-05-23'),(17290,'INSERT INTO gne_vale_ferreteria (vfe_id,vfe_fecha,vfe_total,vfe_estado,vfe_entregado,usu_nusuario) VALUES (536,@@@2013.05.23@@@,240,1,0,@@@G_DIAZ@@@)','',2,'2013-05-23'),(17291,'INSERT INTO gne_vale_ferreteria_mov (vfe_id,pro_codigo_plu,vfm_cantidad,vfm_unitario,vfm_total,vfm_entregado) VALUES (536,8022,2,120,240,@@@NO@@@)','',2,'2013-05-23'),(17292,'INSERT INTO gne_vale_ferreteria (vfe_id,vfe_fecha,vfe_total,vfe_estado,vfe_entregado,usu_nusuario) VALUES (537,@@@2013.05.23@@@,240,1,0,@@@G_DIAZ@@@)','',2,'2013-05-23'),(17293,'INSERT INTO gne_vale_ferreteria_mov (vfe_id,pro_codigo_plu,vfm_cantidad,vfm_unitario,vfm_total,vfm_entregado) VALUES (537,764766,2,120,240,@@@NO@@@)','',2,'2013-05-23'),(17294,'UPDATE mae_productos SET pro_precio_fiscal=pro_precio_venta WHERE pro_codigo_plu=15935','',2,'2013-05-23'),(17295,'UPDATE mae_productos SET pro_precio_fiscal=pro_precio_venta WHERE pro_codigo_plu=15955','',2,'2013-05-23'),(17296,'UPDATE mae_productos SET pro_precio_fiscal=pro_precio_venta WHERE pro_codigo_plu=20504','',2,'2013-05-23'),(17297,'UPDATE mae_productos SET pro_precio_fiscal=pro_precio_venta WHERE pro_codigo_plu=761646','',2,'2013-05-23'),(17298,'UPDATE mae_productos SET pro_precio_fiscal=pro_precio_venta WHERE pro_codigo_plu=100983','',2,'2013-05-23'),(17299,'UPDATE mae_productos SET pro_precio_fiscal=pro_precio_venta WHERE pro_codigo_plu=10189','',2,'2013-05-23'),(17300,'UPDATE mae_productos SET pro_precio_fiscal=pro_precio_venta WHERE pro_codigo_plu=102414','',2,'2013-05-23'),(17301,'UPDATE mae_productos SET pro_precio_fiscal=pro_precio_venta WHERE pro_codigo_plu=761644','',2,'2013-05-23'),(17302,'UPDATE mae_productos SET pro_precio_fiscal=pro_precio_venta WHERE pro_codigo_plu=78017193','',2,'2013-05-23'),(17303,'UPDATE mae_productos SET pro_precio_fiscal=pro_precio_venta WHERE pro_codigo_plu=78017194','',2,'2013-05-23'),(17304,'UPDATE mae_productos SET pro_precio_fiscal=pro_precio_venta WHERE pro_codigo_plu=78017195','',2,'2013-05-23'),(17305,'UPDATE mae_productos SET pro_precio_fiscal=pro_precio_venta WHERE pro_codigo_plu=12227','',2,'2013-05-23'),(17306,'INSERT INTO gne_vale_ferreteria (vfe_id,vfe_fecha,vfe_total,vfe_estado,vfe_entregado,usu_nusuario) VALUES (538,@@@2013.05.23@@@,350,1,0,@@@G_DIAZ@@@)','',2,'2013-05-23'),(17307,'INSERT INTO gne_vale_ferreteria_mov (vfe_id,pro_codigo_plu,vfm_cantidad,vfm_unitario,vfm_total,vfm_entregado) VALUES (538,1017,1,350,350,@@@NO@@@)','',2,'2013-05-23'),(17308,'INSERT INTO mae_productos (pro_codigo_plu,pro_codigo_barra,pro_tipo,pro_nombre_producto,pro_nombre_corto,med_id,emb_id,pro_unidades_embalaje,dep_id,lin_id,mar_id,pro_precio_compra_neto,pro_precio_compra_bruto,pro_precio_venta,pro_margen_actual,pro_oferta,pro_fecha_inicio_oferta,pro_fecha_termino_oferta,pro_precio_oferta,pro_stock_minimo,pro_stock_critico,pro_entradas_bodega,pro_salidas_bodega,pro_mermas_bodega,pro_ajustes_bodega,pro_entradas_sv,pro_salidas_sv,pro_mermas_sv,pro_ajustes_sv,pro_activo,rec_numero,pro_unidad,pro_capacidad,pro_consumo_bodega,pro_consumo_sv,pro_estado,pro_funcion_plu,pro_flejes,pro_iva,pro_plu_asociado,pro_envase,pro_duracion,pro_numero_etiqueta) VALUES (78017196,@@@770043@@@,@@@0@@@,@@@FIGURAS DE NIÑOS VARIEDADES 1UND@@@,@@@FIGURAS DE NIÑOS@@@,@@@1 @@@,@@@3 @@@,@@@0@@@,@@@23 @@@,@@@135@@@,@@@2507@@@,@@@0@@@,@@@0@@@,@@@300@@@,@@@0@@@,@@@@@@,@@@2013.05.23@@@,@@@2013.05.23@@@,@@@0@@@,@@@0@@@,@@@0@@@,@@@0@@@,@@@0@@@,@@@0@@@,@@@0@@@,@@@0@@@,@@@0@@@,@@@0@@@,@@@0@@@,@@@1@@@,@@@0@@@,0,1,0,0,2,0,1,1,0,@@@NO@@@,0,0)','',2,'2013-05-23'),(17309,'DELETE FROM mae_impuestos_productos WHERE pro_codigo_plu=@@@78017196@@@','',2,'2013-05-23'),(17310,'INSERT INTO gne_vale_ferreteria (vfe_id,vfe_fecha,vfe_total,vfe_estado,vfe_entregado,usu_nusuario) VALUES (539,@@@2013.05.23@@@,6900,1,0,@@@G_DIAZ@@@)','',2,'2013-05-23'),(17311,'INSERT INTO gne_vale_ferreteria_mov (vfe_id,pro_codigo_plu,vfm_cantidad,vfm_unitario,vfm_total,vfm_entregado) VALUES (539,764847,9,200,1800,@@@NO@@@)','',2,'2013-05-23'),(17312,'INSERT INTO gne_vale_ferreteria_mov (vfe_id,pro_codigo_plu,vfm_cantidad,vfm_unitario,vfm_total,vfm_entregado) VALUES (539,78017196,13,300,3900,@@@NO@@@)','',2,'2013-05-23'),(17313,'INSERT INTO gne_vale_ferreteria_mov (vfe_id,pro_codigo_plu,vfm_cantidad,vfm_unitario,vfm_total,vfm_entregado) VALUES (539,764848,4,300,1200,@@@NO@@@)','',2,'2013-05-23'),(17314,'INSERT INTO gne_vale_ferreteria (vfe_id,vfe_fecha,vfe_total,vfe_estado,vfe_entregado,usu_nusuario) VALUES (540,@@@2013.05.23@@@,1990,1,0,@@@G_DIAZ@@@)','',2,'2013-05-23'),(17315,'INSERT INTO gne_vale_ferreteria_mov (vfe_id,pro_codigo_plu,vfm_cantidad,vfm_unitario,vfm_total,vfm_entregado) VALUES (540,764750,1,1990,1990,@@@NO@@@)','',2,'2013-05-23'),(17316,'INSERT INTO gne_vale_ferreteria (vfe_id,vfe_fecha,vfe_total,vfe_estado,vfe_entregado,usu_nusuario) VALUES (541,@@@2013.05.23@@@,495,1,0,@@@G_DIAZ@@@)','',2,'2013-05-23'),(17317,'INSERT INTO gne_vale_ferreteria_mov (vfe_id,pro_codigo_plu,vfm_cantidad,vfm_unitario,vfm_total,vfm_entregado) VALUES (541,761890,1,495,495,@@@NO@@@)','',2,'2013-05-23'),(17318,'INSERT INTO gne_vale_ferreteria (vfe_id,vfe_fecha,vfe_total,vfe_estado,vfe_entregado,usu_nusuario) VALUES (542,@@@2013.05.23@@@,890,1,0,@@@G_DIAZ@@@)','',2,'2013-05-23'),(17319,'INSERT INTO gne_vale_ferreteria_mov (vfe_id,pro_codigo_plu,vfm_cantidad,vfm_unitario,vfm_total,vfm_entregado) VALUES (542,763845,1,890,890,@@@NO@@@)','',2,'2013-05-23'),(17320,'INSERT INTO gne_vale_ferreteria (vfe_id,vfe_fecha,vfe_total,vfe_estado,vfe_entregado,usu_nusuario) VALUES (543,@@@2013.05.23@@@,1190,1,0,@@@G_DIAZ@@@)','',2,'2013-05-23'),(17321,'INSERT INTO gne_vale_ferreteria_mov (vfe_id,pro_codigo_plu,vfm_cantidad,vfm_unitario,vfm_total,vfm_entregado) VALUES (543,6019,1,1190,1190,@@@NO@@@)','',2,'2013-05-23'),(17322,'INSERT INTO gne_vale_ferreteria (vfe_id,vfe_fecha,vfe_total,vfe_estado,vfe_entregado,usu_nusuario) VALUES (544,@@@2013.05.23@@@,120,1,0,@@@G_DIAZ@@@)','',2,'2013-05-23'),(17323,'INSERT INTO gne_vale_ferreteria_mov (vfe_id,pro_codigo_plu,vfm_cantidad,vfm_unitario,vfm_total,vfm_entregado) VALUES (544,8022,1,120,120,@@@NO@@@)','',2,'2013-05-23'),(17324,'UPDATE mae_productos SET pro_codigo_barra=@@@770044@@@,pro_tipo=@@@0@@@,pro_nombre_producto=@@@MINA 0.7@@@,pro_nombre_corto=@@@MINA 0.5@@@,med_id=@@@1@@@,emb_id=@@@3@@@,pro_unidades_embalaje=@@@0@@@,dep_id=@@@24 @@@,lin_id=@@@137@@@,mar_id=@@@1253@@@,pro_precio_compra_neto=@@@0@@@,pro_precio_compra_bruto=@@@0@@@,pro_precio_venta=@@@200@@@,pro_margen_actual=@@@0@@@,pro_oferta=@@@NO@@@,pro_fecha_inicio_oferta=@@@2013.05.23@@@,pro_fecha_termino_oferta=@@@2013.05.23@@@,pro_precio_oferta=@@@0@@@,pro_stock_minimo=@@@0@@@,pro_stock_critico=@@@0@@@,pro_activo=@@@1@@@,pro_unidad=@@@0@@@,pro_precio_compra_bruto=0,pro_margen_actual=0,pro_capacidad=1,pro_funcion_plu=0,pro_flejes=1,pro_iva=1,pro_plu_asociado=0,pro_envase=@@@NO@@@,pro_duracion=0,pro_numero_etiqueta=0 WHERE pro_codigo_plu=@@@78017194@@@','',2,'2013-05-23'),(17325,'UPDATE mae_productos SET pro_estado=1 WHERE pro_codigo_plu=78017194','',2,'2013-05-23'),(17326,'DELETE FROM mae_impuestos_productos WHERE pro_codigo_plu=@@@78017194@@@','',2,'2013-05-23'),(17327,'INSERT INTO mae_productos (pro_codigo_plu,pro_codigo_barra,pro_tipo,pro_nombre_producto,pro_nombre_corto,med_id,emb_id,pro_unidades_embalaje,dep_id,lin_id,mar_id,pro_precio_compra_neto,pro_precio_compra_bruto,pro_precio_venta,pro_margen_actual,pro_oferta,pro_fecha_inicio_oferta,pro_fecha_termino_oferta,pro_precio_oferta,pro_stock_minimo,pro_stock_critico,pro_entradas_bodega,pro_salidas_bodega,pro_mermas_bodega,pro_ajustes_bodega,pro_entradas_sv,pro_salidas_sv,pro_mermas_sv,pro_ajustes_sv,pro_activo,rec_numero,pro_unidad,pro_capacidad,pro_consumo_bodega,pro_consumo_sv,pro_estado,pro_funcion_plu,pro_flejes,pro_iva,pro_plu_asociado,pro_envase,pro_duracion,pro_numero_etiqueta) VALUES (78017197,@@@770045@@@,@@@0@@@,@@@MINA 0.9@@@,@@@MINA 0.9@@@,@@@1 @@@,@@@3 @@@,@@@0@@@,@@@24 @@@,@@@137@@@,@@@2507@@@,@@@0@@@,@@@0@@@,@@@250@@@,@@@0@@@,@@@@@@,@@@2013.05.23@@@,@@@2013.05.23@@@,@@@0@@@,@@@0@@@,@@@0@@@,@@@0@@@,@@@0@@@,@@@0@@@,@@@0@@@,@@@0@@@,@@@0@@@,@@@0@@@,@@@0@@@,@@@1@@@,@@@0@@@,0,1,0,0,2,0,1,1,0,@@@NO@@@,0,0)','',2,'2013-05-23'),(17328,'DELETE FROM mae_impuestos_productos WHERE pro_codigo_plu=@@@78017197@@@','',2,'2013-05-23'),(17329,'INSERT INTO mae_productos (pro_codigo_plu,pro_codigo_barra,pro_tipo,pro_nombre_producto,pro_nombre_corto,med_id,emb_id,pro_unidades_embalaje,dep_id,lin_id,mar_id,pro_precio_compra_neto,pro_precio_compra_bruto,pro_precio_venta,pro_margen_actual,pro_oferta,pro_fecha_inicio_oferta,pro_fecha_termino_oferta,pro_precio_oferta,pro_stock_minimo,pro_stock_critico,pro_entradas_bodega,pro_salidas_bodega,pro_mermas_bodega,pro_ajustes_bodega,pro_entradas_sv,pro_salidas_sv,pro_mermas_sv,pro_ajustes_sv,pro_activo,rec_numero,pro_unidad,pro_capacidad,pro_consumo_bodega,pro_consumo_sv,pro_estado,pro_funcion_plu,pro_flejes,pro_iva,pro_plu_asociado,pro_envase,pro_duracion,pro_numero_etiqueta) VALUES (78017198,@@@7807210091209@@@,@@@0@@@,@@@GREDA 1KG@@@,@@@GREDA 1KG@@@,@@@1 @@@,@@@3 @@@,@@@0@@@,@@@24 @@@,@@@137@@@,@@@2407@@@,@@@0@@@,@@@0@@@,@@@490@@@,@@@0@@@,@@@@@@,@@@2013.05.23@@@,@@@2013.05.23@@@,@@@0@@@,@@@0@@@,@@@0@@@,@@@0@@@,@@@0@@@,@@@0@@@,@@@0@@@,@@@0@@@,@@@0@@@,@@@0@@@,@@@0@@@,@@@1@@@,@@@0@@@,0,1,0,0,2,0,1,1,0,@@@NO@@@,0,0)','',2,'2013-05-23'),(17330,'DELETE FROM mae_impuestos_productos WHERE pro_codigo_plu=@@@78017198@@@','',2,'2013-05-23'),(17331,'INSERT INTO gne_vale_ferreteria (vfe_id,vfe_fecha,vfe_total,vfe_estado,vfe_entregado,usu_nusuario) VALUES (545,@@@2013.05.23@@@,490,1,0,@@@G_DIAZ@@@)','',2,'2013-05-23'),(17332,'INSERT INTO gne_vale_ferreteria_mov (vfe_id,pro_codigo_plu,vfm_cantidad,vfm_unitario,vfm_total,vfm_entregado) VALUES (545,78017198,1,490,490,@@@NO@@@)','',2,'2013-05-23'),(17333,'INSERT INTO gne_vale_ferreteria (vfe_id,vfe_fecha,vfe_total,vfe_estado,vfe_entregado,usu_nusuario) VALUES (546,@@@2013.05.23@@@,120,1,0,@@@G_DIAZ@@@)','',2,'2013-05-23'),(17334,'INSERT INTO gne_vale_ferreteria_mov (vfe_id,pro_codigo_plu,vfm_cantidad,vfm_unitario,vfm_total,vfm_entregado) VALUES (546,764766,1,120,120,@@@NO@@@)','',2,'2013-05-23'),(17335,'UPDATE mae_productos SET pro_margen_actual=0,pro_precio_venta=300 WHERE pro_codigo_plu=78017196','',2,'2013-05-23'),(17336,'UPDATE mae_productos SET pro_margen_actual=0,pro_precio_venta=490 WHERE pro_codigo_plu=78017198','',2,'2013-05-23'),(17337,'UPDATE mae_productos SET pro_margen_actual=0,pro_precio_venta=200 WHERE pro_codigo_plu=78017194','',2,'2013-05-23'),(17338,'UPDATE mae_productos SET pro_margen_actual=0,pro_precio_venta=250 WHERE pro_codigo_plu=78017197','',2,'2013-05-23'),(17339,'UPDATE mae_productos SET pro_precio_fiscal=pro_precio_venta WHERE pro_codigo_plu=78017196','',2,'2013-05-23'),(17340,'UPDATE mae_productos SET pro_precio_fiscal=pro_precio_venta WHERE pro_codigo_plu=78017194','',2,'2013-05-23'),(17341,'UPDATE mae_productos SET pro_precio_fiscal=pro_precio_venta WHERE pro_codigo_plu=78017197','',2,'2013-05-23'),(17342,'UPDATE mae_productos SET pro_precio_fiscal=pro_precio_venta WHERE pro_codigo_plu=78017198','',2,'2013-05-23'),(17343,'INSERT INTO gne_vale_ferreteria (vfe_id,vfe_fecha,vfe_total,vfe_estado,vfe_entregado,usu_nusuario) VALUES (547,@@@2013.05.23@@@,990,1,0,@@@G_DIAZ@@@)','',2,'2013-05-23'),(17344,'INSERT INTO gne_vale_ferreteria_mov (vfe_id,pro_codigo_plu,vfm_cantidad,vfm_unitario,vfm_total,vfm_entregado) VALUES (547,2008,1,990,990,@@@NO@@@)','',2,'2013-05-23'),(17345,'INSERT INTO mae_productos (pro_codigo_plu,pro_codigo_barra,pro_tipo,pro_nombre_producto,pro_nombre_corto,med_id,emb_id,pro_unidades_embalaje,dep_id,lin_id,mar_id,pro_precio_compra_neto,pro_precio_compra_bruto,pro_precio_venta,pro_margen_actual,pro_oferta,pro_fecha_inicio_oferta,pro_fecha_termino_oferta,pro_precio_oferta,pro_stock_minimo,pro_stock_critico,pro_entradas_bodega,pro_salidas_bodega,pro_mermas_bodega,pro_ajustes_bodega,pro_entradas_sv,pro_salidas_sv,pro_mermas_sv,pro_ajustes_sv,pro_activo,rec_numero,pro_unidad,pro_capacidad,pro_consumo_bodega,pro_consumo_sv,pro_estado,pro_funcion_plu,pro_flejes,pro_iva,pro_plu_asociado,pro_envase,pro_duracion,pro_numero_etiqueta) VALUES (78017199,@@@7802215512261@@@,@@@0@@@,@@@FRAC CLASICA@@@,@@@FRAC CLASICA@@@,@@@1 @@@,@@@4 @@@,@@@1@@@,@@@1 @@@,@@@21@@@,@@@1694@@@,@@@0@@@,@@@0@@@,@@@370@@@,@@@0@@@,@@@@@@,@@@2013.05.23@@@,@@@2013.05.23@@@,@@@0@@@,@@@0@@@,@@@0@@@,@@@0@@@,@@@0@@@,@@@0@@@,@@@0@@@,@@@0@@@,@@@0@@@,@@@0@@@,@@@0@@@,@@@1@@@,@@@0@@@,0,1,0,0,2,0,1,1,0,@@@NO@@@,0,0)','',2,'2013-05-23'),(17346,'DELETE FROM mae_impuestos_productos WHERE pro_codigo_plu=@@@78017199@@@','',2,'2013-05-23'),(17347,'UPDATE mae_productos SET pro_precio_fiscal=pro_precio_venta WHERE pro_codigo_plu=78017199','',2,'2013-05-23'),(17348,'INSERT INTO gne_vale_ferreteria (vfe_id,vfe_fecha,vfe_total,vfe_estado,vfe_entregado,usu_nusuario) VALUES (548,@@@2013.05.23@@@,300,1,0,@@@G_DIAZ@@@)','',2,'2013-05-23'),(17349,'INSERT INTO gne_vale_ferreteria_mov (vfe_id,pro_codigo_plu,vfm_cantidad,vfm_unitario,vfm_total,vfm_entregado) VALUES (548,764282,1,300,300,@@@NO@@@)','',2,'2013-05-23'),(17350,'INSERT INTO gne_vale_ferreteria (vfe_id,vfe_fecha,vfe_total,vfe_estado,vfe_entregado,usu_nusuario) VALUES (549,@@@2013.05.23@@@,1280,1,0,@@@G_DIAZ@@@)','',2,'2013-05-23'),(17351,'INSERT INTO gne_vale_ferreteria_mov (vfe_id,pro_codigo_plu,vfm_cantidad,vfm_unitario,vfm_total,vfm_entregado) VALUES (549,763775,2,640,1280,@@@NO@@@)','',2,'2013-05-23'),(17352,'INSERT INTO gne_vale_ferreteria (vfe_id,vfe_fecha,vfe_total,vfe_estado,vfe_entregado,usu_nusuario) VALUES (550,@@@2013.05.23@@@,550,1,0,@@@G_DIAZ@@@)','',2,'2013-05-23'),(17353,'INSERT INTO gne_vale_ferreteria_mov (vfe_id,pro_codigo_plu,vfm_cantidad,vfm_unitario,vfm_total,vfm_entregado) VALUES (550,763890,1,550,550,@@@NO@@@)','',2,'2013-05-23'),(17354,'INSERT INTO gne_vale_ferreteria (vfe_id,vfe_fecha,vfe_total,vfe_estado,vfe_entregado,usu_nusuario) VALUES (551,@@@2013.05.23@@@,2490,1,0,@@@G_DIAZ@@@)','',2,'2013-05-23'),(17355,'INSERT INTO gne_vale_ferreteria_mov (vfe_id,pro_codigo_plu,vfm_cantidad,vfm_unitario,vfm_total,vfm_entregado) VALUES (551,764755,1,2490,2490,@@@NO@@@)','',2,'2013-05-23'),(17356,'INSERT INTO gne_vale_ferreteria (vfe_id,vfe_fecha,vfe_total,vfe_estado,vfe_entregado,usu_nusuario) VALUES (552,@@@2013.05.23@@@,470,1,0,@@@G_DIAZ@@@)','',2,'2013-05-23'),(17357,'INSERT INTO gne_vale_ferreteria_mov (vfe_id,pro_codigo_plu,vfm_cantidad,vfm_unitario,vfm_total,vfm_entregado) VALUES (552,763800,1,470,470,@@@NO@@@)','',2,'2013-05-23'),(17358,'INSERT INTO gne_vale_ferreteria (vfe_id,vfe_fecha,vfe_total,vfe_estado,vfe_entregado,usu_nusuario) VALUES (553,@@@2013.05.23@@@,420,1,0,@@@G_DIAZ@@@)','',2,'2013-05-23'),(17359,'INSERT INTO gne_vale_ferreteria_mov (vfe_id,pro_codigo_plu,vfm_cantidad,vfm_unitario,vfm_total,vfm_entregado) VALUES (553,763591,1,420,420,@@@NO@@@)','',2,'2013-05-23'),(17360,'INSERT INTO gne_vale_ferreteria (vfe_id,vfe_fecha,vfe_total,vfe_estado,vfe_entregado,usu_nusuario) VALUES (554,@@@2013.05.23@@@,540,1,0,@@@G_DIAZ@@@)','',2,'2013-05-23'),(17361,'INSERT INTO gne_vale_ferreteria_mov (vfe_id,pro_codigo_plu,vfm_cantidad,vfm_unitario,vfm_total,vfm_entregado) VALUES (554,19916,1,540,540,@@@NO@@@)','',2,'2013-05-23'),(17362,'INSERT INTO gne_vale_ferreteria (vfe_id,vfe_fecha,vfe_total,vfe_estado,vfe_entregado,usu_nusuario) VALUES (555,@@@2013.05.23@@@,300,1,0,@@@G_DIAZ@@@)','',2,'2013-05-23'),(17363,'INSERT INTO gne_vale_ferreteria_mov (vfe_id,pro_codigo_plu,vfm_cantidad,vfm_unitario,vfm_total,vfm_entregado) VALUES (555,764280,1,300,300,@@@NO@@@)','',2,'2013-05-23'),(17364,'INSERT INTO gne_vale_ferreteria (vfe_id,vfe_fecha,vfe_total,vfe_estado,vfe_entregado,usu_nusuario) VALUES (556,@@@2013.05.23@@@,2340,1,0,@@@G_DIAZ@@@)','',2,'2013-05-23'),(17365,'INSERT INTO gne_vale_ferreteria_mov (vfe_id,pro_codigo_plu,vfm_cantidad,vfm_unitario,vfm_total,vfm_entregado) VALUES (556,763697,1,1690,1690,@@@NO@@@)','',2,'2013-05-23'),(17366,'INSERT INTO gne_vale_ferreteria_mov (vfe_id,pro_codigo_plu,vfm_cantidad,vfm_unitario,vfm_total,vfm_entregado) VALUES (556,20061,1,650,650,@@@NO@@@)','',2,'2013-05-23'),(17367,'UPDATE mae_productos SET pro_margen_actual=0,pro_precio_venta=299 WHERE pro_codigo_plu=530','',2,'2013-05-23'),(17368,'UPDATE mae_productos SET pro_precio_fiscal=pro_precio_venta WHERE pro_codigo_plu=530','',2,'2013-05-23'),(17369,'INSERT INTO mae_productos (pro_codigo_plu,pro_codigo_barra,pro_tipo,pro_nombre_producto,pro_nombre_corto,med_id,emb_id,pro_unidades_embalaje,dep_id,lin_id,mar_id,pro_precio_compra_neto,pro_precio_compra_bruto,pro_precio_venta,pro_margen_actual,pro_oferta,pro_fecha_inicio_oferta,pro_fecha_termino_oferta,pro_precio_oferta,pro_stock_minimo,pro_stock_critico,pro_entradas_bodega,pro_salidas_bodega,pro_mermas_bodega,pro_ajustes_bodega,pro_entradas_sv,pro_salidas_sv,pro_mermas_sv,pro_ajustes_sv,pro_activo,rec_numero,pro_unidad,pro_capacidad,pro_consumo_bodega,pro_consumo_sv,pro_estado,pro_funcion_plu,pro_flejes,pro_iva,pro_plu_asociado,pro_envase,pro_duracion,pro_numero_etiqueta) VALUES (78017200,@@@60345158@@@,@@@0@@@,@@@JUEGO DE LUDO@@@,@@@JUEGO DE LUDO@@@,@@@1 @@@,@@@3 @@@,@@@0@@@,@@@23 @@@,@@@135@@@,@@@2507@@@,@@@0@@@,@@@0@@@,@@@1590@@@,@@@0@@@,@@@@@@,@@@2013.05.23@@@,@@@2013.05.23@@@,@@@0@@@,@@@0@@@,@@@0@@@,@@@0@@@,@@@0@@@,@@@0@@@,@@@0@@@,@@@0@@@,@@@0@@@,@@@0@@@,@@@0@@@,@@@1@@@,@@@0@@@,0,1,0,0,2,0,1,1,0,@@@NO@@@,0,0)','',2,'2013-05-23'),(17370,'DELETE FROM mae_impuestos_productos WHERE pro_codigo_plu=@@@78017200@@@','',2,'2013-05-23'),(17371,'INSERT INTO mae_productos (pro_codigo_plu,pro_codigo_barra,pro_tipo,pro_nombre_producto,pro_nombre_corto,med_id,emb_id,pro_unidades_embalaje,dep_id,lin_id,mar_id,pro_precio_compra_neto,pro_precio_compra_bruto,pro_precio_venta,pro_margen_actual,pro_oferta,pro_fecha_inicio_oferta,pro_fecha_termino_oferta,pro_precio_oferta,pro_stock_minimo,pro_stock_critico,pro_entradas_bodega,pro_salidas_bodega,pro_mermas_bodega,pro_ajustes_bodega,pro_entradas_sv,pro_salidas_sv,pro_mermas_sv,pro_ajustes_sv,pro_activo,rec_numero,pro_unidad,pro_capacidad,pro_consumo_bodega,pro_consumo_sv,pro_estado,pro_funcion_plu,pro_flejes,pro_iva,pro_plu_asociado,pro_envase,pro_duracion,pro_numero_etiqueta) VALUES (78017201,@@@2146816406006@@@,@@@0@@@,@@@LIBRETA DE COMUNICACION CELESTE@@@,@@@LIBRETA DE COMUN@@@,@@@1 @@@,@@@3 @@@,@@@0@@@,@@@24 @@@,@@@138@@@,@@@2507@@@,@@@0@@@,@@@0@@@,@@@200@@@,@@@0@@@,@@@@@@,@@@2013.05.23@@@,@@@2013.05.23@@@,@@@0@@@,@@@0@@@,@@@0@@@,@@@0@@@,@@@0@@@,@@@0@@@,@@@0@@@,@@@0@@@,@@@0@@@,@@@0@@@,@@@0@@@,@@@1@@@,@@@0@@@,0,1,0,0,2,0,1,1,0,@@@NO@@@,0,0)','',2,'2013-05-23'),(17372,'DELETE FROM mae_impuestos_productos WHERE pro_codigo_plu=@@@78017201@@@','',2,'2013-05-23'),(17373,'INSERT INTO gne_vale_ferreteria (vfe_id,vfe_fecha,vfe_total,vfe_estado,vfe_entregado,usu_nusuario) VALUES (557,@@@2013.05.23@@@,500,1,0,@@@G_DIAZ@@@)','',2,'2013-05-23'),(17374,'INSERT INTO gne_vale_ferreteria_mov (vfe_id,pro_codigo_plu,vfm_cantidad,vfm_unitario,vfm_total,vfm_entregado) VALUES (557,8021,2,150,300,@@@NO@@@)','',2,'2013-05-23'),(17375,'INSERT INTO gne_vale_ferreteria_mov (vfe_id,pro_codigo_plu,vfm_cantidad,vfm_unitario,vfm_total,vfm_entregado) VALUES (557,21135,1,200,200,@@@NO@@@)','',2,'2013-05-23'),(17376,'UPDATE gpr_pack_virtual SET pav_activo=@@@NO@@@ WHERE pav_id=10','',2,'2013-05-23'),(17377,'INSERT INTO mae_productos (pro_codigo_plu,pro_codigo_barra,pro_tipo,pro_nombre_producto,pro_nombre_corto,med_id,emb_id,pro_unidades_embalaje,dep_id,lin_id,mar_id,pro_precio_compra_neto,pro_precio_compra_bruto,pro_precio_venta,pro_margen_actual,pro_oferta,pro_fecha_inicio_oferta,pro_fecha_termino_oferta,pro_precio_oferta,pro_stock_minimo,pro_stock_critico,pro_entradas_bodega,pro_salidas_bodega,pro_mermas_bodega,pro_ajustes_bodega,pro_entradas_sv,pro_salidas_sv,pro_mermas_sv,pro_ajustes_sv,pro_activo,rec_numero,pro_unidad,pro_capacidad,pro_consumo_bodega,pro_consumo_sv,pro_estado,pro_funcion_plu,pro_flejes,pro_iva,pro_plu_asociado,pro_envase,pro_duracion,pro_numero_etiqueta) VALUES (78017202,@@@770046@@@,@@@0@@@,@@@BANDEJA TORTA CUADRADA+BLONDA@@@,@@@BANDEJA TORTA CU@@@,@@@1 @@@,@@@3 @@@,@@@0@@@,@@@24 @@@,@@@177@@@,@@@2507@@@,@@@0@@@,@@@0@@@,@@@450@@@,@@@0@@@,@@@@@@,@@@2013.05.23@@@,@@@2013.05.23@@@,@@@0@@@,@@@0@@@,@@@0@@@,@@@0@@@,@@@0@@@,@@@0@@@,@@@0@@@,@@@0@@@,@@@0@@@,@@@0@@@,@@@0@@@,@@@1@@@,@@@0@@@,0,1,0,0,2,0,1,1,0,@@@NO@@@,0,0)','',2,'2013-05-23'),(17378,'DELETE FROM mae_impuestos_productos WHERE pro_codigo_plu=@@@78017202@@@','',2,'2013-05-23'),(17379,'INSERT INTO gpr_pack_virtual (pav_id,pav_nombre,pav_total_pack,pav_total_descuento,pav_desde,pav_hasta,pav_tipo,pav_precio,pav_lleva,pav_paga,pav_descuento,pav_porcentaje,pav_oferta_exclusiva,pav_agotar_stock,pav_stock,pav_costo,pav_margen) VALUES (11,@@@PACK DUETTO 3 X $890@@@,990,60,@@@2013-05-23@@@,@@@2013-08-10@@@,@@@PA@@@,350,3,2,1,290,@@@NO@@@,@@@SI@@@,200,0,0)','',2,'2013-05-23'),(17380,'INSERT INTO gpr_pack_virtual_mov (pav_id,pro_codigo_plu,pvm_precio,pvm_total,pvm_lleva,pvm_paga,pvm_descuento,pvm_porcentaje,pvm_total_normal,pvm_descuento_linea,pvm_costo,pvm_margen) VALUES (11,101179,350,0,1,1,0,0,350,20,0,0),(11,101178,350,0,1,1,0,0,350,20,0,0),(11,101177,350,0,1,1,0,0,350,20,0,0),(11,101176,350,0,1,1,0,0,350,20,0,0),(11,262547,350,0,1,1,0,0,350,20,0,0),(11,101175,350,0,1,1,0,0,350,20,0,0)','',2,'2013-05-23'),(17381,'INSERT INTO gpr_pack_virtual_horario (pav_id,pvh_dia,pvh_hora_desde,pvh_hora_hasta) VALUES (11,99,@@@00:00@@@,@@@23:59@@@)','',2,'2013-05-23'),(17382,'INSERT INTO mae_productos (pro_codigo_plu,pro_codigo_barra,pro_tipo,pro_nombre_producto,pro_nombre_corto,med_id,emb_id,pro_unidades_embalaje,dep_id,lin_id,mar_id,pro_precio_compra_neto,pro_precio_compra_bruto,pro_precio_venta,pro_margen_actual,pro_oferta,pro_fecha_inicio_oferta,pro_fecha_termino_oferta,pro_precio_oferta,pro_stock_minimo,pro_stock_critico,pro_entradas_bodega,pro_salidas_bodega,pro_mermas_bodega,pro_ajustes_bodega,pro_entradas_sv,pro_salidas_sv,pro_mermas_sv,pro_ajustes_sv,pro_activo,rec_numero,pro_unidad,pro_capacidad,pro_consumo_bodega,pro_consumo_sv,pro_estado,pro_funcion_plu,pro_flejes,pro_iva,pro_plu_asociado,pro_envase,pro_duracion,pro_numero_etiqueta) VALUES (78017203,@@@770047@@@,@@@0@@@,@@@BANDEJA REDONDA+BLONDA@@@,@@@BANDEJA REDONDA+@@@,@@@1 @@@,@@@3 @@@,@@@0@@@,@@@24 @@@,@@@177@@@,@@@2507@@@,@@@0@@@,@@@0@@@,@@@390@@@,@@@0@@@,@@@@@@,@@@2013.05.23@@@,@@@2013.05.23@@@,@@@0@@@,@@@0@@@,@@@0@@@,@@@0@@@,@@@0@@@,@@@0@@@,@@@0@@@,@@@0@@@,@@@0@@@,@@@0@@@,@@@0@@@,@@@1@@@,@@@0@@@,0,1,0,0,2,0,1,1,0,@@@NO@@@,0,0)','',2,'2013-05-23'),(17383,'DELETE FROM mae_impuestos_productos WHERE pro_codigo_plu=@@@78017203@@@','',2,'2013-05-23'),(17384,'INSERT INTO mae_clientes (cli_id,cli_rut,cli_nombre,cli_direccion,cli_sucursal,cli_ciudad,cli_nombre_contacto,cli_cargo,cli_telefono,cli_fax,cli_celular,cli_mail,tcp_id,cli_fecha_nacimiento,cli_activo,cli_limite_credito,cli_giro,cli_sobrecargo,cli_credito_ilimitado,cli_descuento_venta,cli_comuna) VALUES (@@@2@@@,@@@16823500-3@@@,@@@GLORIA NATALY DIAZ FIGUEROA@@@,@@@VILLA ALEGRE 1098 INTERIOR@@@,@@@SAN GREGORIO@@@,@@@NACIMIENTO@@@,@@@0432511706@@@,@@@VENDEDORA@@@,@@@84600370@@@,@@@@@@,@@@84600370@@@,@@@@@@,@@@3@@@,@@@1988.07.19@@@,@@@1@@@,@@@0@@@,@@@SUPERMERCADO@@@,0,0,0,@@@NACIMIENTO@@@)','',2,'2013-05-23'),(17385,'UPDATE mae_clientes set cli_rut=@@@16823500-3@@@,cli_nombre=@@@GLORIA NATALY DIAZ FIGUEROA@@@,cli_direccion=@@@VILLA ALEGRE 1098 INTERIOR@@@,cli_sucursal=@@@SAN GREGORIO@@@,cli_ciudad=@@@NACIMIENTO@@@,cli_nombre_contacto=@@@0432511706@@@,cli_cargo=@@@VENDEDORA@@@,cli_telefono=@@@84600370@@@,cli_fax=@@@@@@,cli_celular=@@@84600370@@@,cli_mail=@@@@@@,tcp_id=@@@3@@@,cli_comuna=@@@@@@,cli_fecha_nacimiento=@@@1988.07.19@@@,cli_activo=@@@1@@@,cli_limite_credito=@@@20000@@@,cli_giro=@@@SUPERMERCADO@@@,cli_sobrecargo=0,cli_descuento_venta=0 WHERE cli_id=@@@2@@@','',2,'2013-05-23'),(17386,'INSERT INTO mae_clientes (cli_id,cli_rut,cli_nombre,cli_direccion,cli_sucursal,cli_ciudad,cli_nombre_contacto,cli_cargo,cli_telefono,cli_fax,cli_celular,cli_mail,tcp_id,cli_fecha_nacimiento,cli_activo,cli_limite_credito,cli_giro,cli_sobrecargo,cli_credito_ilimitado,cli_descuento_venta,cli_comuna) VALUES (@@@3@@@,@@@15622345-K@@@,@@@CARMEN GLORIA SOTO VARGAS@@@,@@@DIEGO PORTALES 1530 VILLA LOS PRESIDENTES@@@,@@@SAN GREGORIO@@@,@@@NACIMIENTO@@@,@@@043-5111706@@@,@@@ROTISERA@@@,@@@88282906@@@,@@@@@@,@@@88282906@@@,@@@@@@,@@@2@@@,@@@1984.03.25@@@,@@@1@@@,@@@50000@@@,@@@SUPERMERCADO@@@,0,0,0,@@@NACIMIENTO@@@)','',2,'2013-05-23'),(17387,'INSERT INTO mae_clientes (cli_id,cli_rut,cli_nombre,cli_direccion,cli_sucursal,cli_ciudad,cli_nombre_contacto,cli_cargo,cli_telefono,cli_fax,cli_celular,cli_mail,tcp_id,cli_fecha_nacimiento,cli_activo,cli_limite_credito,cli_giro,cli_sobrecargo,cli_credito_ilimitado,cli_descuento_venta,cli_comuna) VALUES (@@@4@@@,@@@12983025-5@@@,@@@AIDA YOLANDA MEDINA SUAZO @@@,@@@GENERAL PRIETO 164@@@,@@@SAN GREGORIO@@@,@@@NACIMIENTO@@@,@@@0432-511706@@@,@@@CARNICERA@@@,@@@82451695@@@,@@@@@@,@@@82451695@@@,@@@@@@,@@@2@@@,@@@1976.09.28@@@,@@@1@@@,@@@100000@@@,@@@SUPERMERCADO@@@,0,0,0,@@@NACIMIENTO@@@)','',2,'2013-05-23'),(17388,'INSERT INTO mae_clientes (cli_id,cli_rut,cli_nombre,cli_direccion,cli_sucursal,cli_ciudad,cli_nombre_contacto,cli_cargo,cli_telefono,cli_fax,cli_celular,cli_mail,tcp_id,cli_fecha_nacimiento,cli_activo,cli_limite_credito,cli_giro,cli_sobrecargo,cli_credito_ilimitado,cli_descuento_venta,cli_comuna) VALUES (@@@5@@@,@@@17686838-4@@@,@@@CAMILA POLETT AGUAYO RIQUELME@@@,@@@CARLOS PUENTES 286 POBL. RAUL SILVA HENRIQUEZ@@@,@@@SAN GREGORIO@@@,@@@NACIMIENTO@@@,@@@043-2-511706@@@,@@@ROTISERA@@@,@@@98980151@@@,@@@@@@,@@@98980151@@@,@@@K_MYLOVE_17_@HOTMAIL.COM@@@,@@@3@@@,@@@1990.04.30@@@,@@@1@@@,@@@50000@@@,@@@SUPERMERCADO@@@,0,0,0,@@@NACIMIENTO@@@)','',2,'2013-05-23'),(17389,'UPDATE mae_cajeros SET cro_nombre = @@@VALESCA ALARCON@@@,cro_password=@@@ROSITAMIA@@@,cro_activo=@@@SI@@@,cro_codigo=6 WHERE cro_nusuario =@@@V_ALARCON@@@','',2,'2013-05-23'),(17390,'INSERT INTO gne_vale_ferreteria (vfe_id,vfe_fecha,vfe_total,vfe_estado,vfe_entregado,usu_nusuario) VALUES (558,@@@2013.05.24@@@,990,1,0,@@@G_DIAZ@@@)','',2,'2013-05-24'),(17391,'INSERT INTO gne_vale_ferreteria_mov (vfe_id,pro_codigo_plu,vfm_cantidad,vfm_unitario,vfm_total,vfm_entregado) VALUES (558,2008,1,990,990,@@@NO@@@)','',2,'2013-05-24'),(17392,'INSERT INTO gne_vale_ferreteria (vfe_id,vfe_fecha,vfe_total,vfe_estado,vfe_entregado,usu_nusuario) VALUES (559,@@@2013.05.24@@@,200,1,0,@@@G_DIAZ@@@)','',2,'2013-05-24'),(17393,'INSERT INTO gne_vale_ferreteria_mov (vfe_id,pro_codigo_plu,vfm_cantidad,vfm_unitario,vfm_total,vfm_entregado) VALUES (559,78017201,1,200,200,@@@NO@@@)','',2,'2013-05-24'),(17394,'INSERT INTO gne_vale_ferreteria (vfe_id,vfe_fecha,vfe_total,vfe_estado,vfe_entregado,usu_nusuario) VALUES (560,@@@2013.05.24@@@,1190,1,0,@@@G_DIAZ@@@)','',2,'2013-05-24'),(17395,'INSERT INTO gne_vale_ferreteria_mov (vfe_id,pro_codigo_plu,vfm_cantidad,vfm_unitario,vfm_total,vfm_entregado) VALUES (560,764608,1,1190,1190,@@@NO@@@)','',2,'2013-05-24'),(17396,'INSERT INTO gne_vale_ferreteria (vfe_id,vfe_fecha,vfe_total,vfe_estado,vfe_entregado,usu_nusuario) VALUES (561,@@@2013.05.24@@@,2590,1,0,@@@G_DIAZ@@@)','',2,'2013-05-24'),(17397,'INSERT INTO gne_vale_ferreteria_mov (vfe_id,pro_codigo_plu,vfm_cantidad,vfm_unitario,vfm_total,vfm_entregado) VALUES (561,765029,1,2590,2590,@@@NO@@@)','',2,'2013-05-24'),(17398,'UPDATE mae_productos SET pro_margen_actual=0,pro_precio_venta=390 WHERE pro_codigo_plu=78017203','',2,'2013-05-24'),(17399,'UPDATE mae_productos SET pro_margen_actual=0,pro_precio_venta=450 WHERE pro_codigo_plu=78017202','',2,'2013-05-24'),(17400,'UPDATE mae_productos SET pro_margen_actual=0,pro_precio_venta=1590 WHERE pro_codigo_plu=78017200','',2,'2013-05-24'),(17401,'UPDATE mae_productos SET pro_margen_actual=0,pro_precio_venta=200 WHERE pro_codigo_plu=78017201','',2,'2013-05-24'),(17402,'UPDATE mae_productos SET pro_margen_actual=0,pro_precio_venta=1190 WHERE pro_codigo_plu=10253','',2,'2013-05-24'),(17403,'UPDATE mae_productos SET pro_precio_fiscal=pro_precio_venta WHERE pro_codigo_plu=78017201','',2,'2013-05-24'),(17404,'UPDATE mae_productos SET pro_precio_fiscal=pro_precio_venta WHERE pro_codigo_plu=78017200','',2,'2013-05-24'),(17405,'UPDATE mae_productos SET pro_precio_fiscal=pro_precio_venta WHERE pro_codigo_plu=78017202','',2,'2013-05-24'),(17406,'UPDATE mae_productos SET pro_precio_fiscal=pro_precio_venta WHERE pro_codigo_plu=78017203','',2,'2013-05-24'),(17407,'UPDATE mae_productos SET pro_precio_fiscal=pro_precio_venta WHERE pro_codigo_plu=10253','',2,'2013-05-24'),(17408,'INSERT INTO gne_vale_ferreteria (vfe_id,vfe_fecha,vfe_total,vfe_estado,vfe_entregado,usu_nusuario) VALUES (562,@@@2013.05.24@@@,390,1,0,@@@G_DIAZ@@@)','',2,'2013-05-24'),(17409,'INSERT INTO gne_vale_ferreteria_mov (vfe_id,pro_codigo_plu,vfm_cantidad,vfm_unitario,vfm_total,vfm_entregado) VALUES (562,78017130,1,390,390,@@@NO@@@)','',2,'2013-05-24'),(17410,'INSERT INTO gne_vale_ferreteria (vfe_id,vfe_fecha,vfe_total,vfe_estado,vfe_entregado,usu_nusuario) VALUES (563,@@@2013.05.24@@@,160,1,0,@@@G_DIAZ@@@)','',2,'2013-05-24'),(17411,'INSERT INTO gne_vale_ferreteria_mov (vfe_id,pro_codigo_plu,vfm_cantidad,vfm_unitario,vfm_total,vfm_entregado) VALUES (563,16430,1,160,160,@@@NO@@@)','',2,'2013-05-24'),(17412,'INSERT INTO gne_vale_ferreteria (vfe_id,vfe_fecha,vfe_total,vfe_estado,vfe_entregado,usu_nusuario) VALUES (564,@@@2013.05.24@@@,810,1,0,@@@G_DIAZ@@@)','',2,'2013-05-24'),(17413,'INSERT INTO gne_vale_ferreteria_mov (vfe_id,pro_codigo_plu,vfm_cantidad,vfm_unitario,vfm_total,vfm_entregado) VALUES (564,763811,1,230,230,@@@NO@@@)','',2,'2013-05-24'),(17414,'INSERT INTO gne_vale_ferreteria_mov (vfe_id,pro_codigo_plu,vfm_cantidad,vfm_unitario,vfm_total,vfm_entregado) VALUES (564,78017016,1,120,120,@@@NO@@@)','',2,'2013-05-24'),(17415,'INSERT INTO gne_vale_ferreteria_mov (vfe_id,pro_codigo_plu,vfm_cantidad,vfm_unitario,vfm_total,vfm_entregado) VALUES (564,764364,2,140,280,@@@NO@@@)','',2,'2013-05-24'),(17416,'INSERT INTO gne_vale_ferreteria_mov (vfe_id,pro_codigo_plu,vfm_cantidad,vfm_unitario,vfm_total,vfm_entregado) VALUES (564,763596,2,90,180,@@@NO@@@)','',2,'2013-05-24'),(17417,'INSERT INTO gne_vale_ferreteria (vfe_id,vfe_fecha,vfe_total,vfe_estado,vfe_entregado,usu_nusuario) VALUES (565,@@@2013.05.24@@@,490,1,0,@@@G_DIAZ@@@)','',2,'2013-05-24'),(17418,'INSERT INTO gne_vale_ferreteria_mov (vfe_id,pro_codigo_plu,vfm_cantidad,vfm_unitario,vfm_total,vfm_entregado) VALUES (565,764696,1,100,100,@@@NO@@@)','',2,'2013-05-24'),(17419,'INSERT INTO gne_vale_ferreteria_mov (vfe_id,pro_codigo_plu,vfm_cantidad,vfm_unitario,vfm_total,vfm_entregado) VALUES (565,763629,1,390,390,@@@NO@@@)','',2,'2013-05-24'),(17420,'INSERT INTO gne_vale_ferreteria (vfe_id,vfe_fecha,vfe_total,vfe_estado,vfe_entregado,usu_nusuario) VALUES (566,@@@2013.05.24@@@,490,1,0,@@@G_DIAZ@@@)','',2,'2013-05-24'),(17421,'INSERT INTO gne_vale_ferreteria_mov (vfe_id,pro_codigo_plu,vfm_cantidad,vfm_unitario,vfm_total,vfm_entregado) VALUES (566,764491,1,490,490,@@@NO@@@)','',2,'2013-05-24'),(17422,'INSERT INTO mae_productos (pro_codigo_plu,pro_codigo_barra,pro_tipo,pro_nombre_producto,pro_nombre_corto,med_id,emb_id,pro_unidades_embalaje,dep_id,lin_id,mar_id,pro_precio_compra_neto,pro_precio_compra_bruto,pro_precio_venta,pro_margen_actual,pro_oferta,pro_fecha_inicio_oferta,pro_fecha_termino_oferta,pro_precio_oferta,pro_stock_minimo,pro_stock_critico,pro_entradas_bodega,pro_salidas_bodega,pro_mermas_bodega,pro_ajustes_bodega,pro_entradas_sv,pro_salidas_sv,pro_mermas_sv,pro_ajustes_sv,pro_activo,rec_numero,pro_unidad,pro_capacidad,pro_consumo_bodega,pro_consumo_sv,pro_estado,pro_funcion_plu,pro_flejes,pro_iva,pro_plu_asociado,pro_envase,pro_duracion,pro_numero_etiqueta) VALUES (78017204,@@@770042@@@,@@@0@@@,@@@GOMA FACTIS MIGA CHICA 36R@@@,@@@GOMA FACTIS MIGA@@@,@@@1 @@@,@@@3 @@@,@@@0@@@,@@@24 @@@,@@@137@@@,@@@2665@@@,@@@0@@@,@@@0@@@,@@@120@@@,@@@0@@@,@@@@@@,@@@2013.05.24@@@,@@@2013.05.24@@@,@@@0@@@,@@@0@@@,@@@0@@@,@@@0@@@,@@@0@@@,@@@0@@@,@@@0@@@,@@@0@@@,@@@0@@@,@@@0@@@,@@@0@@@,@@@1@@@,@@@0@@@,0,1,0,0,2,0,1,1,0,@@@NO@@@,0,0)','',2,'2013-05-24'),(17423,'DELETE FROM mae_impuestos_productos WHERE pro_codigo_plu=@@@78017204@@@','',2,'2013-05-24'),(17424,'INSERT INTO gne_vale_ferreteria (vfe_id,vfe_fecha,vfe_total,vfe_estado,vfe_entregado,usu_nusuario) VALUES (567,@@@2013.05.24@@@,1080,1,0,@@@G_DIAZ@@@)','',2,'2013-05-24'),(17425,'INSERT INTO gne_vale_ferreteria_mov (vfe_id,pro_codigo_plu,vfm_cantidad,vfm_unitario,vfm_total,vfm_entregado) VALUES (567,19916,2,540,1080,@@@NO@@@)','',2,'2013-05-24'),(17426,'UPDATE mae_productos SET pro_margen_actual=0,pro_precio_venta=120 WHERE pro_codigo_plu=78017204','',2,'2013-05-24'),(17427,'UPDATE mae_productos SET pro_margen_actual=0,pro_precio_venta=1390 WHERE pro_codigo_plu=13666','',2,'2013-05-24'),(17428,'UPDATE mae_productos SET pro_precio_fiscal=pro_precio_venta WHERE pro_codigo_plu=78017204','',2,'2013-05-24'),(17429,'UPDATE mae_productos SET pro_precio_fiscal=pro_precio_venta WHERE pro_codigo_plu=13666','',2,'2013-05-24'),(17430,'INSERT INTO mae_productos (pro_codigo_plu,pro_codigo_barra,pro_tipo,pro_nombre_producto,pro_nombre_corto,med_id,emb_id,pro_unidades_embalaje,dep_id,lin_id,mar_id,pro_precio_compra_neto,pro_precio_compra_bruto,pro_precio_venta,pro_margen_actual,pro_oferta,pro_fecha_inicio_oferta,pro_fecha_termino_oferta,pro_precio_oferta,pro_stock_minimo,pro_stock_critico,pro_entradas_bodega,pro_salidas_bodega,pro_mermas_bodega,pro_ajustes_bodega,pro_entradas_sv,pro_salidas_sv,pro_mermas_sv,pro_ajustes_sv,pro_activo,rec_numero,pro_unidad,pro_capacidad,pro_consumo_bodega,pro_consumo_sv,pro_estado,pro_funcion_plu,pro_flejes,pro_iva,pro_plu_asociado,pro_envase,pro_duracion,pro_numero_etiqueta) VALUES (78017205,@@@7751851017015@@@,@@@0@@@,@@@DESO.SAPOLIO VAINILLA 414ML@@@,@@@DESO.SAPOLIO VAI@@@,@@@7 @@@,@@@3 @@@,@@@0@@@,@@@21 @@@,@@@118@@@,@@@1442@@@,@@@0@@@,@@@0@@@,@@@1050@@@,@@@0@@@,@@@@@@,@@@2013.05.24@@@,@@@2013.05.24@@@,@@@0@@@,@@@0@@@,@@@0@@@,@@@0@@@,@@@0@@@,@@@0@@@,@@@0@@@,@@@0@@@,@@@0@@@,@@@0@@@,@@@0@@@,@@@1@@@,@@@0@@@,0,414,0,0,2,0,1,1,0,@@@NO@@@,0,0)','',2,'2013-05-24'),(17431,'DELETE FROM mae_impuestos_productos WHERE pro_codigo_plu=@@@78017205@@@','',2,'2013-05-24'),(17432,'INSERT INTO mae_productos (pro_codigo_plu,pro_codigo_barra,pro_tipo,pro_nombre_producto,pro_nombre_corto,med_id,emb_id,pro_unidades_embalaje,dep_id,lin_id,mar_id,pro_precio_compra_neto,pro_precio_compra_bruto,pro_precio_venta,pro_margen_actual,pro_oferta,pro_fecha_inicio_oferta,pro_fecha_termino_oferta,pro_precio_oferta,pro_stock_minimo,pro_stock_critico,pro_entradas_bodega,pro_salidas_bodega,pro_mermas_bodega,pro_ajustes_bodega,pro_entradas_sv,pro_salidas_sv,pro_mermas_sv,pro_ajustes_sv,pro_activo,rec_numero,pro_unidad,pro_capacidad,pro_consumo_bodega,pro_consumo_sv,pro_estado,pro_funcion_plu,pro_flejes,pro_iva,pro_plu_asociado,pro_envase,pro_duracion,pro_numero_etiqueta) VALUES (78017206,@@@7751851016988@@@,@@@0@@@,@@@DESO. SAPOLIO AROMAS DEL BOSQUES 414ML@@@,@@@DESO. SAPOLIO AR@@@,@@@7 @@@,@@@3 @@@,@@@0@@@,@@@21 @@@,@@@118@@@,@@@1442@@@,@@@0@@@,@@@0@@@,@@@1050@@@,@@@0@@@,@@@@@@,@@@2013.05.24@@@,@@@2013.05.24@@@,@@@0@@@,@@@0@@@,@@@0@@@,@@@0@@@,@@@0@@@,@@@0@@@,@@@0@@@,@@@0@@@,@@@0@@@,@@@0@@@,@@@0@@@,@@@1@@@,@@@0@@@,0,414,0,0,2,0,1,1,0,@@@NO@@@,0,0)','',2,'2013-05-24'),(17433,'DELETE FROM mae_impuestos_productos WHERE pro_codigo_plu=@@@78017206@@@','',2,'2013-05-24'),(17434,'UPDATE mae_productos SET pro_margen_actual=0,pro_precio_venta=1050 WHERE pro_codigo_plu=78017206','',2,'2013-05-24'),(17435,'UPDATE mae_productos SET pro_margen_actual=0,pro_precio_venta=1050 WHERE pro_codigo_plu=78017205','',2,'2013-05-24'),(17436,'UPDATE mae_productos SET pro_precio_fiscal=pro_precio_venta WHERE pro_codigo_plu=78017206','',2,'2013-05-24'),(17437,'UPDATE mae_productos SET pro_precio_fiscal=pro_precio_venta WHERE pro_codigo_plu=78017205','',2,'2013-05-24'),(17438,'INSERT INTO gne_vale_ferreteria (vfe_id,vfe_fecha,vfe_total,vfe_estado,vfe_entregado,usu_nusuario) VALUES (568,@@@2013.05.24@@@,20,1,0,@@@G_DIAZ@@@)','',2,'2013-05-24'),(17439,'INSERT INTO gne_vale_ferreteria_mov (vfe_id,pro_codigo_plu,vfm_cantidad,vfm_unitario,vfm_total,vfm_entregado) VALUES (568,78016966,1,20,20,@@@NO@@@)','',2,'2013-05-24'),(17440,'INSERT INTO gne_vale_ferreteria (vfe_id,vfe_fecha,vfe_total,vfe_estado,vfe_entregado,usu_nusuario) VALUES (569,@@@2013.05.24@@@,810,1,0,@@@G_DIAZ@@@)','',2,'2013-05-24'),(17441,'INSERT INTO gne_vale_ferreteria_mov (vfe_id,pro_codigo_plu,vfm_cantidad,vfm_unitario,vfm_total,vfm_entregado) VALUES (569,19916,1,540,540,@@@NO@@@)','',2,'2013-05-24'),(17442,'INSERT INTO gne_vale_ferreteria_mov (vfe_id,pro_codigo_plu,vfm_cantidad,vfm_unitario,vfm_total,vfm_entregado) VALUES (569,20847,1,270,270,@@@NO@@@)','',2,'2013-05-24'),(17443,'INSERT INTO mae_productos (pro_codigo_plu,pro_codigo_barra,pro_tipo,pro_nombre_producto,pro_nombre_corto,med_id,emb_id,pro_unidades_embalaje,dep_id,lin_id,mar_id,pro_precio_compra_neto,pro_precio_compra_bruto,pro_precio_venta,pro_margen_actual,pro_oferta,pro_fecha_inicio_oferta,pro_fecha_termino_oferta,pro_precio_oferta,pro_stock_minimo,pro_stock_critico,pro_entradas_bodega,pro_salidas_bodega,pro_mermas_bodega,pro_ajustes_bodega,pro_entradas_sv,pro_salidas_sv,pro_mermas_sv,pro_ajustes_sv,pro_activo,rec_numero,pro_unidad,pro_capacidad,pro_consumo_bodega,pro_consumo_sv,pro_estado,pro_funcion_plu,pro_flejes,pro_iva,pro_plu_asociado,pro_envase,pro_duracion,pro_numero_etiqueta) VALUES (78017207,@@@770048@@@,@@@0@@@,@@@LIBRO DE ASISTENCIA BLANCO 26HOJAS@@@,@@@LIBRO DE ASISTEN@@@,@@@1 @@@,@@@3 @@@,@@@0@@@,@@@24 @@@,@@@138@@@,@@@2507@@@,@@@0@@@,@@@0@@@,@@@990@@@,@@@0@@@,@@@@@@,@@@2013.05.24@@@,@@@2013.05.24@@@,@@@0@@@,@@@0@@@,@@@0@@@,@@@0@@@,@@@0@@@,@@@0@@@,@@@0@@@,@@@0@@@,@@@0@@@,@@@0@@@,@@@0@@@,@@@1@@@,@@@0@@@,0,1,0,0,2,0,1,1,0,@@@NO@@@,0,0)','',2,'2013-05-24'),(17444,'DELETE FROM mae_impuestos_productos WHERE pro_codigo_plu=@@@78017207@@@','',2,'2013-05-24'),(17445,'INSERT INTO gne_vale_ferreteria (vfe_id,vfe_fecha,vfe_total,vfe_estado,vfe_entregado,usu_nusuario) VALUES (570,@@@2013.05.24@@@,1890,1,0,@@@G_DIAZ@@@)','',2,'2013-05-24'),(17446,'INSERT INTO gne_vale_ferreteria_mov (vfe_id,pro_codigo_plu,vfm_cantidad,vfm_unitario,vfm_total,vfm_entregado) VALUES (570,763608,1,1890,1890,@@@NO@@@)','',2,'2013-05-24'),(17447,'INSERT INTO mae_productos (pro_codigo_plu,pro_codigo_barra,pro_tipo,pro_nombre_producto,pro_nombre_corto,med_id,emb_id,pro_unidades_embalaje,dep_id,lin_id,mar_id,pro_precio_compra_neto,pro_precio_compra_bruto,pro_precio_venta,pro_margen_actual,pro_oferta,pro_fecha_inicio_oferta,pro_fecha_termino_oferta,pro_precio_oferta,pro_stock_minimo,pro_stock_critico,pro_entradas_bodega,pro_salidas_bodega,pro_mermas_bodega,pro_ajustes_bodega,pro_entradas_sv,pro_salidas_sv,pro_mermas_sv,pro_ajustes_sv,pro_activo,rec_numero,pro_unidad,pro_capacidad,pro_consumo_bodega,pro_consumo_sv,pro_estado,pro_funcion_plu,pro_flejes,pro_iva,pro_plu_asociado,pro_envase,pro_duracion,pro_numero_etiqueta) VALUES (78017208,@@@770049@@@,@@@0@@@,@@@PINZAS DE PELO NEGRA@@@,@@@PINZAS DE PELO N@@@,@@@1 @@@,@@@3 @@@,@@@0@@@,@@@2 @@@,@@@41@@@,@@@2507@@@,@@@0@@@,@@@0@@@,@@@250@@@,@@@0@@@,@@@@@@,@@@2013.05.24@@@,@@@2013.05.24@@@,@@@0@@@,@@@0@@@,@@@0@@@,@@@0@@@,@@@0@@@,@@@0@@@,@@@0@@@,@@@0@@@,@@@0@@@,@@@0@@@,@@@0@@@,@@@1@@@,@@@0@@@,0,1,0,0,2,0,1,1,0,@@@NO@@@,0,0)','',2,'2013-05-24'),(17448,'DELETE FROM mae_impuestos_productos WHERE pro_codigo_plu=@@@78017208@@@','',2,'2013-05-24'),(17449,'UPDATE mae_productos SET pro_precio_fiscal=pro_precio_venta WHERE pro_codigo_plu=78017207','',2,'2013-05-24'),(17450,'UPDATE mae_productos SET pro_precio_fiscal=pro_precio_venta WHERE pro_codigo_plu=78017208','',2,'2013-05-24'),(17451,'UPDATE mae_productos SET pro_margen_actual=0,pro_precio_venta=2190 WHERE pro_codigo_plu=17896','',2,'2013-05-24'),(17452,'UPDATE mae_productos SET pro_precio_fiscal=pro_precio_venta WHERE pro_codigo_plu=17896','',2,'2013-05-24'),(17453,'INSERT INTO mae_productos (pro_codigo_plu,pro_codigo_barra,pro_tipo,pro_nombre_producto,pro_nombre_corto,med_id,emb_id,pro_unidades_embalaje,dep_id,lin_id,mar_id,pro_precio_compra_neto,pro_precio_compra_bruto,pro_precio_venta,pro_margen_actual,pro_oferta,pro_fecha_inicio_oferta,pro_fecha_termino_oferta,pro_precio_oferta,pro_stock_minimo,pro_stock_critico,pro_entradas_bodega,pro_salidas_bodega,pro_mermas_bodega,pro_ajustes_bodega,pro_entradas_sv,pro_salidas_sv,pro_mermas_sv,pro_ajustes_sv,pro_activo,rec_numero,pro_unidad,pro_capacidad,pro_consumo_bodega,pro_consumo_sv,pro_estado,pro_funcion_plu,pro_flejes,pro_iva,pro_plu_asociado,pro_envase,pro_duracion,pro_numero_etiqueta) VALUES (78017209,@@@7613034232571@@@,@@@0@@@,@@@CEREAL MILO 330G@@@,@@@CEREAL MILO 330G@@@,@@@5 @@@,@@@3 @@@,@@@0@@@,@@@1 @@@,@@@154@@@,@@@9@@@,@@@0@@@,@@@1470@@@,@@@1950@@@,@@@32.65@@@,@@@@@@,@@@2006.09.07@@@,@@@2006.09.07@@@,@@@0@@@,@@@3@@@,@@@2@@@,@@@0@@@,@@@0@@@,@@@0@@@,@@@0@@@,@@@0@@@,@@@0@@@,@@@0@@@,@@@0@@@,@@@1@@@,@@@0@@@,0,330,0,0,2,0,1,1,0,@@@NO@@@,0,0)','',2,'2013-05-24'),(17454,'DELETE FROM mae_impuestos_productos WHERE pro_codigo_plu=@@@78017209@@@','',2,'2013-05-24'),(17455,'UPDATE mae_productos SET pro_margen_actual=32.65,pro_precio_venta=1950 WHERE pro_codigo_plu=78017209','',2,'2013-05-24'),(17456,'UPDATE mae_productos SET pro_margen_actual=0,pro_precio_venta=1790 WHERE pro_codigo_plu=43','',2,'2013-05-24'),(17457,'UPDATE mae_productos SET pro_precio_fiscal=pro_precio_venta WHERE pro_codigo_plu=43','',2,'2013-05-24'),(17458,'UPDATE mae_productos SET pro_precio_fiscal=pro_precio_venta WHERE pro_codigo_plu=78017209','',2,'2013-05-24'),(17459,'INSERT INTO gne_vale_ferreteria (vfe_id,vfe_fecha,vfe_total,vfe_estado,vfe_entregado,usu_nusuario) VALUES (571,@@@2013.05.24@@@,470,1,0,@@@G_DIAZ@@@)','',2,'2013-05-24'),(17460,'INSERT INTO gne_vale_ferreteria_mov (vfe_id,pro_codigo_plu,vfm_cantidad,vfm_unitario,vfm_total,vfm_entregado) VALUES (571,763811,1,230,230,@@@NO@@@)','',2,'2013-05-24'),(17461,'INSERT INTO gne_vale_ferreteria_mov (vfe_id,pro_codigo_plu,vfm_cantidad,vfm_unitario,vfm_total,vfm_entregado) VALUES (571,78017059,2,120,240,@@@NO@@@)','',2,'2013-05-24'),(17462,'INSERT INTO gne_vale_ferreteria (vfe_id,vfe_fecha,vfe_total,vfe_estado,vfe_entregado,usu_nusuario) VALUES (572,@@@2013.05.24@@@,1200,1,0,@@@G_DIAZ@@@)','',2,'2013-05-24'),(17463,'INSERT INTO gne_vale_ferreteria_mov (vfe_id,pro_codigo_plu,vfm_cantidad,vfm_unitario,vfm_total,vfm_entregado) VALUES (572,16664,3,400,1200,@@@NO@@@)','',2,'2013-05-24'),(17464,'UPDATE mae_productos SET pro_margen_actual=0,pro_precio_venta=1790 WHERE pro_codigo_plu=129','',2,'2013-05-24'),(17465,'UPDATE mae_productos SET pro_precio_fiscal=pro_precio_venta WHERE pro_codigo_plu=129','',2,'2013-05-24'),(17466,'INSERT INTO gne_vale_ferreteria (vfe_id,vfe_fecha,vfe_total,vfe_estado,vfe_entregado,usu_nusuario) VALUES (573,@@@2013.05.24@@@,960,1,0,@@@G_DIAZ@@@)','',2,'2013-05-24'),(17467,'INSERT INTO gne_vale_ferreteria_mov (vfe_id,pro_codigo_plu,vfm_cantidad,vfm_unitario,vfm_total,vfm_entregado) VALUES (573,15935,2,480,960,@@@NO@@@)','',2,'2013-05-24'),(17468,'INSERT INTO gne_vale_ferreteria (vfe_id,vfe_fecha,vfe_total,vfe_estado,vfe_entregado,usu_nusuario) VALUES (574,@@@2013.05.24@@@,300,1,0,@@@G_DIAZ@@@)','',2,'2013-05-24'),(17469,'INSERT INTO gne_vale_ferreteria_mov (vfe_id,pro_codigo_plu,vfm_cantidad,vfm_unitario,vfm_total,vfm_entregado) VALUES (574,764266,1,300,300,@@@NO@@@)','',2,'2013-05-24'),(17470,'UPDATE mae_productos SET pro_margen_actual=0,pro_precio_venta=360 WHERE pro_codigo_plu=13357','',2,'2013-05-24'),(17471,'UPDATE mae_productos SET pro_precio_fiscal=pro_precio_venta WHERE pro_codigo_plu=13357','',2,'2013-05-24'),(17472,'INSERT INTO gne_vale_ferreteria (vfe_id,vfe_fecha,vfe_total,vfe_estado,vfe_entregado,usu_nusuario) VALUES (575,@@@2013.05.24@@@,130,1,0,@@@G_DIAZ@@@)','',2,'2013-05-24'),(17473,'INSERT INTO gne_vale_ferreteria_mov (vfe_id,pro_codigo_plu,vfm_cantidad,vfm_unitario,vfm_total,vfm_entregado) VALUES (575,78017148,1,130,130,@@@NO@@@)','',2,'2013-05-24'),(17474,'INSERT INTO gne_vale_ferreteria (vfe_id,vfe_fecha,vfe_total,vfe_estado,vfe_entregado,usu_nusuario) VALUES (576,@@@2013.05.24@@@,200,1,0,@@@G_DIAZ@@@)','',2,'2013-05-24'),(17475,'INSERT INTO gne_vale_ferreteria_mov (vfe_id,pro_codigo_plu,vfm_cantidad,vfm_unitario,vfm_total,vfm_entregado) VALUES (576,764834,10,20,200,@@@NO@@@)','',2,'2013-05-24'),(17476,'INSERT INTO gne_vale_ferreteria (vfe_id,vfe_fecha,vfe_total,vfe_estado,vfe_entregado,usu_nusuario) VALUES (577,@@@2013.05.24@@@,1230,1,0,@@@G_DIAZ@@@)','',2,'2013-05-24'),(17477,'INSERT INTO gne_vale_ferreteria_mov (vfe_id,pro_codigo_plu,vfm_cantidad,vfm_unitario,vfm_total,vfm_entregado) VALUES (577,763833,1,550,550,@@@NO@@@)','',2,'2013-05-24'),(17478,'INSERT INTO gne_vale_ferreteria_mov (vfe_id,pro_codigo_plu,vfm_cantidad,vfm_unitario,vfm_total,vfm_entregado) VALUES (577,763618,1,680,680,@@@NO@@@)','',2,'2013-05-24'),(17479,'INSERT INTO gne_vale_ferreteria (vfe_id,vfe_fecha,vfe_total,vfe_estado,vfe_entregado,usu_nusuario) VALUES (578,@@@2013.05.24@@@,5980,1,0,@@@G_DIAZ@@@)','',2,'2013-05-24'),(17480,'INSERT INTO gne_vale_ferreteria_mov (vfe_id,pro_codigo_plu,vfm_cantidad,vfm_unitario,vfm_total,vfm_entregado) VALUES (578,764441,1,1590,1590,@@@NO@@@)','',2,'2013-05-24'),(17481,'INSERT INTO gne_vale_ferreteria_mov (vfe_id,pro_codigo_plu,vfm_cantidad,vfm_unitario,vfm_total,vfm_entregado) VALUES (578,764444,1,2850,2850,@@@NO@@@)','',2,'2013-05-24'),(17482,'INSERT INTO gne_vale_ferreteria_mov (vfe_id,pro_codigo_plu,vfm_cantidad,vfm_unitario,vfm_total,vfm_entregado) VALUES (578,762165,1,650,650,@@@NO@@@)','',2,'2013-05-24'),(17483,'INSERT INTO gne_vale_ferreteria_mov (vfe_id,pro_codigo_plu,vfm_cantidad,vfm_unitario,vfm_total,vfm_entregado) VALUES (578,762114,1,890,890,@@@NO@@@)','',2,'2013-05-24'),(17484,'UPDATE mae_productos SET pro_codigo_barra=@@@7801620001957@@@,pro_tipo=@@@0@@@,pro_nombre_producto=@@@BEBIDA PEPSI 2.5@@@,pro_nombre_corto=@@@BEBIDA PEPSI 2.5@@@,med_id=@@@3@@@,emb_id=@@@3@@@,pro_unidades_embalaje=@@@0@@@,dep_id=@@@4 @@@,lin_id=@@@55@@@,mar_id=@@@1175@@@,pro_precio_compra_neto=@@@0@@@,pro_precio_compra_bruto=@@@0@@@,pro_precio_venta=@@@950@@@,pro_margen_actual=@@@0@@@,pro_oferta=@@@NO@@@,pro_fecha_inicio_oferta=@@@2013.04.26@@@,pro_fecha_termino_oferta=@@@2013.04.26@@@,pro_precio_oferta=@@@0@@@,pro_stock_minimo=@@@0@@@,pro_stock_critico=@@@0@@@,pro_activo=@@@1@@@,pro_unidad=@@@0@@@,pro_precio_compra_bruto=0,pro_margen_actual=0,pro_capacidad=25,pro_funcion_plu=0,pro_flejes=1,pro_iva=1,pro_plu_asociado=0,pro_envase=@@@NO@@@,pro_duracion=0,pro_numero_etiqueta=0 WHERE pro_codigo_plu=@@@763367@@@','',2,'2013-05-24'),(17485,'UPDATE mae_productos SET pro_estado=1 WHERE pro_codigo_plu=763367','',2,'2013-05-24'),(17486,'DELETE FROM mae_impuestos_productos WHERE pro_codigo_plu=@@@763367@@@','',2,'2013-05-24'),(17487,'INSERT INTO mae_productos (pro_codigo_plu,pro_codigo_barra,pro_tipo,pro_nombre_producto,pro_nombre_corto,med_id,emb_id,pro_unidades_embalaje,dep_id,lin_id,mar_id,pro_precio_compra_neto,pro_precio_compra_bruto,pro_precio_venta,pro_margen_actual,pro_oferta,pro_fecha_inicio_oferta,pro_fecha_termino_oferta,pro_precio_oferta,pro_stock_minimo,pro_stock_critico,pro_entradas_bodega,pro_salidas_bodega,pro_mermas_bodega,pro_ajustes_bodega,pro_entradas_sv,pro_salidas_sv,pro_mermas_sv,pro_ajustes_sv,pro_activo,rec_numero,pro_unidad,pro_capacidad,pro_consumo_bodega,pro_consumo_sv,pro_estado,pro_funcion_plu,pro_flejes,pro_iva,pro_plu_asociado,pro_envase,pro_duracion,pro_numero_etiqueta) VALUES (78017210,@@@6891187142393@@@,@@@0@@@,@@@JORRON CAFE DISEÑO BRILLO LARGO@@@,@@@JORRON CAFE DISE@@@,@@@1 @@@,@@@3 @@@,@@@0@@@,@@@38 @@@,@@@179@@@,@@@2507@@@,@@@0@@@,@@@0@@@,@@@7990@@@,@@@0@@@,@@@@@@,@@@2013.05.24@@@,@@@2013.05.24@@@,@@@0@@@,@@@0@@@,@@@0@@@,@@@0@@@,@@@0@@@,@@@0@@@,@@@0@@@,@@@0@@@,@@@0@@@,@@@0@@@,@@@0@@@,@@@1@@@,@@@0@@@,0,1,0,0,2,0,1,1,0,@@@NO@@@,0,0)','',2,'2013-05-24'),(17488,'DELETE FROM mae_impuestos_productos WHERE pro_codigo_plu=@@@78017210@@@','',2,'2013-05-24'),(17489,'INSERT INTO gne_vale_ferreteria (vfe_id,vfe_fecha,vfe_total,vfe_estado,vfe_entregado,usu_nusuario) VALUES (579,@@@2013.05.24@@@,80,1,0,@@@G_DIAZ@@@)','',2,'2013-05-24'),(17490,'INSERT INTO gne_vale_ferreteria_mov (vfe_id,pro_codigo_plu,vfm_cantidad,vfm_unitario,vfm_total,vfm_entregado) VALUES (579,78017191,2,40,80,@@@NO@@@)','',2,'2013-05-24'),(17491,'UPDATE mae_productos SET pro_margen_actual=0,pro_precio_venta=950 WHERE pro_codigo_plu=763367','',2,'2013-05-24'),(17492,'UPDATE mae_productos SET pro_margen_actual=0,pro_precio_venta=7990 WHERE pro_codigo_plu=78017210','',2,'2013-05-24'),(17493,'UPDATE mae_productos SET pro_margen_actual=0,pro_precio_venta=1390 WHERE pro_codigo_plu=18605','',2,'2013-05-24'),(17494,'UPDATE mae_productos SET pro_margen_actual=0,pro_precio_venta=650 WHERE pro_codigo_plu=18192','',2,'2013-05-24'),(17495,'UPDATE mae_productos SET pro_margen_actual=0,pro_precio_venta=650 WHERE pro_codigo_plu=18211','',2,'2013-05-24'),(17496,'UPDATE mae_productos SET pro_margen_actual=0,pro_precio_venta=950 WHERE pro_codigo_plu=16168','',2,'2013-05-24'),(17497,'UPDATE mae_productos SET pro_margen_actual=0,pro_precio_venta=1370 WHERE pro_codigo_plu=11557','',2,'2013-05-24'),(17498,'UPDATE mae_productos SET pro_margen_actual=0,pro_precio_venta=280 WHERE pro_codigo_plu=16441','',2,'2013-05-24'),(17499,'UPDATE mae_productos SET pro_margen_actual=0,pro_precio_venta=860 WHERE pro_codigo_plu=12442','',2,'2013-05-24'),(17500,'UPDATE mae_productos SET pro_margen_actual=0,pro_precio_venta=230 WHERE pro_codigo_plu=16342','',2,'2013-05-24'),(17501,'UPDATE mae_productos SET pro_margen_actual=0,pro_precio_venta=1050 WHERE pro_codigo_plu=10563','',2,'2013-05-24'),(17502,'UPDATE mae_productos SET pro_margen_actual=0,pro_precio_venta=620 WHERE pro_codigo_plu=10346','',2,'2013-05-24'),(17503,'UPDATE mae_productos SET pro_margen_actual=0,pro_precio_venta=860 WHERE pro_codigo_plu=11555','',2,'2013-05-24'),(17504,'UPDATE mae_productos SET pro_margen_actual=0,pro_precio_venta=1410 WHERE pro_codigo_plu=16305','',2,'2013-05-24'),(17505,'UPDATE mae_productos SET pro_precio_fiscal=pro_precio_venta WHERE pro_codigo_plu=78017210','',2,'2013-05-24'),(17506,'UPDATE mae_productos SET pro_precio_fiscal=pro_precio_venta WHERE pro_codigo_plu=10346','',2,'2013-05-24'),(17507,'UPDATE mae_productos SET pro_precio_fiscal=pro_precio_venta WHERE pro_codigo_plu=11555','',2,'2013-05-24'),(17508,'UPDATE mae_productos SET pro_precio_fiscal=pro_precio_venta WHERE pro_codigo_plu=16342','',2,'2013-05-24'),(17509,'UPDATE mae_productos SET pro_precio_fiscal=pro_precio_venta WHERE pro_codigo_plu=16305','',2,'2013-05-24'),(17510,'UPDATE mae_productos SET pro_precio_fiscal=pro_precio_venta WHERE pro_codigo_plu=11557','',2,'2013-05-24'),(17511,'UPDATE mae_productos SET pro_precio_fiscal=pro_precio_venta WHERE pro_codigo_plu=18192','',2,'2013-05-24'),(17512,'UPDATE mae_productos SET pro_precio_fiscal=pro_precio_venta WHERE pro_codigo_plu=18211','',2,'2013-05-24'),(17513,'UPDATE mae_productos SET pro_precio_fiscal=pro_precio_venta WHERE pro_codigo_plu=16168','',2,'2013-05-24'),(17514,'UPDATE mae_productos SET pro_precio_fiscal=pro_precio_venta WHERE pro_codigo_plu=16441','',2,'2013-05-24'),(17515,'UPDATE mae_productos SET pro_precio_fiscal=pro_precio_venta WHERE pro_codigo_plu=10563','',2,'2013-05-24'),(17516,'UPDATE mae_productos SET pro_precio_fiscal=pro_precio_venta WHERE pro_codigo_plu=18605','',2,'2013-05-24'),(17517,'UPDATE mae_productos SET pro_precio_fiscal=pro_precio_venta WHERE pro_codigo_plu=12442','',2,'2013-05-24'),(17518,'INSERT INTO mae_productos (pro_codigo_plu,pro_codigo_barra,pro_tipo,pro_nombre_producto,pro_nombre_corto,med_id,emb_id,pro_unidades_embalaje,dep_id,lin_id,mar_id,pro_precio_compra_neto,pro_precio_compra_bruto,pro_precio_venta,pro_margen_actual,pro_oferta,pro_fecha_inicio_oferta,pro_fecha_termino_oferta,pro_precio_oferta,pro_stock_minimo,pro_stock_critico,pro_entradas_bodega,pro_salidas_bodega,pro_mermas_bodega,pro_ajustes_bodega,pro_entradas_sv,pro_salidas_sv,pro_mermas_sv,pro_ajustes_sv,pro_activo,rec_numero,pro_unidad,pro_capacidad,pro_consumo_bodega,pro_consumo_sv,pro_estado,pro_funcion_plu,pro_flejes,pro_iva,pro_plu_asociado,pro_envase,pro_duracion,pro_numero_etiqueta) VALUES (78017211,@@@7801305002491@@@,@@@0@@@,@@@REGIMEL DAMASCO@@@,@@@REGIMEL DAMASCO@@@,@@@5 @@@,@@@3 @@@,@@@0@@@,@@@1 @@@,@@@151@@@,@@@9@@@,@@@0@@@,@@@0@@@,@@@740@@@,@@@0@@@,@@@@@@,@@@2013.05.24@@@,@@@2013.05.24@@@,@@@0@@@,@@@4@@@,@@@3@@@,@@@0@@@,@@@0@@@,@@@0@@@,@@@0@@@,@@@0@@@,@@@0@@@,@@@0@@@,@@@0@@@,@@@1@@@,@@@0@@@,0,200,0,0,2,0,1,1,0,@@@NO@@@,0,0)','',2,'2013-05-24'),(17519,'DELETE FROM mae_impuestos_productos WHERE pro_codigo_plu=@@@78017211@@@','',2,'2013-05-24'),(17520,'UPDATE mae_productos SET pro_precio_fiscal=pro_precio_venta WHERE pro_codigo_plu=78017211','',2,'2013-05-24'),(17521,'INSERT INTO gne_vale_ferreteria (vfe_id,vfe_fecha,vfe_total,vfe_estado,vfe_entregado,usu_nusuario) VALUES (580,@@@2013.05.24@@@,2720,1,0,@@@b_SAEZ@@@)','',2,'2013-05-24'),(17522,'INSERT INTO gne_vale_ferreteria_mov (vfe_id,pro_codigo_plu,vfm_cantidad,vfm_unitario,vfm_total,vfm_entregado) VALUES (580,16664,1,400,400,@@@NO@@@)','',2,'2013-05-24'),(17523,'INSERT INTO gne_vale_ferreteria_mov (vfe_id,pro_codigo_plu,vfm_cantidad,vfm_unitario,vfm_total,vfm_entregado) VALUES (580,19865,1,590,590,@@@NO@@@)','',2,'2013-05-24'),(17524,'INSERT INTO gne_vale_ferreteria_mov (vfe_id,pro_codigo_plu,vfm_cantidad,vfm_unitario,vfm_total,vfm_entregado) VALUES (580,11378,2,620,1240,@@@NO@@@)','',2,'2013-05-24'),(17525,'INSERT INTO gne_vale_ferreteria_mov (vfe_id,pro_codigo_plu,vfm_cantidad,vfm_unitario,vfm_total,vfm_entregado) VALUES (580,764844,1,490,490,@@@NO@@@)','',2,'2013-05-24'),(17526,'INSERT INTO gne_vale_ferreteria (vfe_id,vfe_fecha,vfe_total,vfe_estado,vfe_entregado,usu_nusuario) VALUES (581,@@@2013.05.24@@@,1450,1,0,@@@b_SAEZ@@@)','',2,'2013-05-24'),(17527,'INSERT INTO gne_vale_ferreteria_mov (vfe_id,pro_codigo_plu,vfm_cantidad,vfm_unitario,vfm_total,vfm_entregado) VALUES (581,78017013,1,650,650,@@@NO@@@)','',2,'2013-05-24'),(17528,'INSERT INTO gne_vale_ferreteria_mov (vfe_id,pro_codigo_plu,vfm_cantidad,vfm_unitario,vfm_total,vfm_entregado) VALUES (581,78017006,8,100,800,@@@NO@@@)','',2,'2013-05-24'),(17529,'INSERT INTO mae_productos (pro_codigo_plu,pro_codigo_barra,pro_tipo,pro_nombre_producto,pro_nombre_corto,med_id,emb_id,pro_unidades_embalaje,dep_id,lin_id,mar_id,pro_precio_compra_neto,pro_precio_compra_bruto,pro_precio_venta,pro_margen_actual,pro_oferta,pro_fecha_inicio_oferta,pro_fecha_termino_oferta,pro_precio_oferta,pro_stock_minimo,pro_stock_critico,pro_entradas_bodega,pro_salidas_bodega,pro_mermas_bodega,pro_ajustes_bodega,pro_entradas_sv,pro_salidas_sv,pro_mermas_sv,pro_ajustes_sv,pro_activo,rec_numero,pro_unidad,pro_capacidad,pro_consumo_bodega,pro_consumo_sv,pro_estado,pro_funcion_plu,pro_flejes,pro_iva,pro_plu_asociado,pro_envase,pro_duracion,pro_numero_etiqueta) VALUES (78017212,@@@7804308000365@@@,@@@0@@@,@@@VINO LATE HARVEST LAS LOMAS@@@,@@@VINO LATE HARVES@@@,@@@6 @@@,@@@3 @@@,@@@0@@@,@@@6 @@@,@@@60@@@,@@@2532@@@,@@@0@@@,@@@0@@@,@@@1890@@@,@@@0@@@,@@@@@@,@@@2013.05.24@@@,@@@2013.05.24@@@,@@@0@@@,@@@0@@@,@@@0@@@,@@@0@@@,@@@0@@@,@@@0@@@,@@@0@@@,@@@0@@@,@@@0@@@,@@@0@@@,@@@0@@@,@@@1@@@,@@@0@@@,0,375,0,0,2,0,1,1,0,@@@NO@@@,0,0)','',2,'2013-05-24'),(17530,'DELETE FROM mae_impuestos_productos WHERE pro_codigo_plu=@@@78017212@@@','',2,'2013-05-24'),(17531,'UPDATE mae_productos SET pro_precio_fiscal=pro_precio_venta WHERE pro_codigo_plu=78017212','',2,'2013-05-24'),(17532,'UPDATE mae_productos SET pro_margen_actual=0,pro_precio_venta=430 WHERE pro_codigo_plu=16494','',2,'2013-05-24'),(17533,'UPDATE mae_productos SET pro_precio_fiscal=pro_precio_venta WHERE pro_codigo_plu=16494','',2,'2013-05-24'),(17534,'UPDATE mae_productos SET pro_margen_actual=0,pro_precio_venta=2190 WHERE pro_codigo_plu=19603','',2,'2013-05-24'),(17535,'UPDATE mae_productos SET pro_precio_fiscal=pro_precio_venta WHERE pro_codigo_plu=19603','',2,'2013-05-24'),(17536,'INSERT INTO mae_productos (pro_codigo_plu,pro_codigo_barra,pro_tipo,pro_nombre_producto,pro_nombre_corto,med_id,emb_id,pro_unidades_embalaje,dep_id,lin_id,mar_id,pro_precio_compra_neto,pro_precio_compra_bruto,pro_precio_venta,pro_margen_actual,pro_oferta,pro_fecha_inicio_oferta,pro_fecha_termino_oferta,pro_precio_oferta,pro_stock_minimo,pro_stock_critico,pro_entradas_bodega,pro_salidas_bodega,pro_mermas_bodega,pro_ajustes_bodega,pro_entradas_sv,pro_salidas_sv,pro_mermas_sv,pro_ajustes_sv,pro_activo,rec_numero,pro_unidad,pro_capacidad,pro_consumo_bodega,pro_consumo_sv,pro_estado,pro_funcion_plu,pro_flejes,pro_iva,pro_plu_asociado,pro_envase,pro_duracion,pro_numero_etiqueta) VALUES (78017213,@@@7804308001485@@@,@@@0@@@,@@@VINO DE MESA FRAY MARTIN LAS LOMAS@@@,@@@VINO DE MESA FRA@@@,@@@6 @@@,@@@3 @@@,@@@0@@@,@@@6 @@@,@@@60@@@,@@@2532@@@,@@@0@@@,@@@0@@@,@@@1890@@@,@@@0@@@,@@@@@@,@@@2013.05.24@@@,@@@2013.05.24@@@,@@@0@@@,@@@0@@@,@@@0@@@,@@@0@@@,@@@0@@@,@@@0@@@,@@@0@@@,@@@0@@@,@@@0@@@,@@@0@@@,@@@0@@@,@@@1@@@,@@@0@@@,0,750,0,0,2,0,1,1,0,@@@NO@@@,0,0)','',2,'2013-05-24'),(17537,'DELETE FROM mae_impuestos_productos WHERE pro_codigo_plu=@@@78017213@@@','',2,'2013-05-24'),(17538,'INSERT INTO mae_productos (pro_codigo_plu,pro_codigo_barra,pro_tipo,pro_nombre_producto,pro_nombre_corto,med_id,emb_id,pro_unidades_embalaje,dep_id,lin_id,mar_id,pro_precio_compra_neto,pro_precio_compra_bruto,pro_precio_venta,pro_margen_actual,pro_oferta,pro_fecha_inicio_oferta,pro_fecha_termino_oferta,pro_precio_oferta,pro_stock_minimo,pro_stock_critico,pro_entradas_bodega,pro_salidas_bodega,pro_mermas_bodega,pro_ajustes_bodega,pro_entradas_sv,pro_salidas_sv,pro_mermas_sv,pro_ajustes_sv,pro_activo,rec_numero,pro_unidad,pro_capacidad,pro_consumo_bodega,pro_consumo_sv,pro_estado,pro_funcion_plu,pro_flejes,pro_iva,pro_plu_asociado,pro_envase,pro_duracion,pro_numero_etiqueta) VALUES (78017214,@@@7804308001713@@@,@@@0@@@,@@@VINO CABERNET SAUVINONG CLASICO LAS LOMAS@@@,@@@VINO CABERNET SA@@@,@@@6 @@@,@@@3 @@@,@@@0@@@,@@@6 @@@,@@@60@@@,@@@2532@@@,@@@0@@@,@@@0@@@,@@@1290@@@,@@@0@@@,@@@@@@,@@@2013.05.24@@@,@@@2013.05.24@@@,@@@0@@@,@@@0@@@,@@@0@@@,@@@0@@@,@@@0@@@,@@@0@@@,@@@0@@@,@@@0@@@,@@@0@@@,@@@0@@@,@@@0@@@,@@@1@@@,@@@0@@@,0,700,0,0,2,0,1,1,0,@@@NO@@@,0,0)','',2,'2013-05-24'),(17539,'DELETE FROM mae_impuestos_productos WHERE pro_codigo_plu=@@@78017214@@@','',2,'2013-05-24'),(17540,'INSERT INTO mae_productos (pro_codigo_plu,pro_codigo_barra,pro_tipo,pro_nombre_producto,pro_nombre_corto,med_id,emb_id,pro_unidades_embalaje,dep_id,lin_id,mar_id,pro_precio_compra_neto,pro_precio_compra_bruto,pro_precio_venta,pro_margen_actual,pro_oferta,pro_fecha_inicio_oferta,pro_fecha_termino_oferta,pro_precio_oferta,pro_stock_minimo,pro_stock_critico,pro_entradas_bodega,pro_salidas_bodega,pro_mermas_bodega,pro_ajustes_bodega,pro_entradas_sv,pro_salidas_sv,pro_mermas_sv,pro_ajustes_sv,pro_activo,rec_numero,pro_unidad,pro_capacidad,pro_consumo_bodega,pro_consumo_sv,pro_estado,pro_funcion_plu,pro_flejes,pro_iva,pro_plu_asociado,pro_envase,pro_duracion,pro_numero_etiqueta) VALUES (78017215,@@@7804308000051@@@,@@@0@@@,@@@VINO BIDON TINTO LAS LOMAS@@@,@@@VINO BIDON TINTO@@@,@@@3 @@@,@@@3 @@@,@@@0@@@,@@@6 @@@,@@@60@@@,@@@2532@@@,@@@0@@@,@@@0@@@,@@@4950@@@,@@@0@@@,@@@@@@,@@@2013.05.24@@@,@@@2013.05.24@@@,@@@0@@@,@@@0@@@,@@@0@@@,@@@0@@@,@@@0@@@,@@@0@@@,@@@0@@@,@@@0@@@,@@@0@@@,@@@0@@@,@@@0@@@,@@@1@@@,@@@0@@@,0,5,0,0,2,0,1,1,0,@@@NO@@@,0,0)','',2,'2013-05-24'),(17541,'DELETE FROM mae_impuestos_productos WHERE pro_codigo_plu=@@@78017215@@@','',2,'2013-05-24'),(17542,'INSERT INTO mae_productos (pro_codigo_plu,pro_codigo_barra,pro_tipo,pro_nombre_producto,pro_nombre_corto,med_id,emb_id,pro_unidades_embalaje,dep_id,lin_id,mar_id,pro_precio_compra_neto,pro_precio_compra_bruto,pro_precio_venta,pro_margen_actual,pro_oferta,pro_fecha_inicio_oferta,pro_fecha_termino_oferta,pro_precio_oferta,pro_stock_minimo,pro_stock_critico,pro_entradas_bodega,pro_salidas_bodega,pro_mermas_bodega,pro_ajustes_bodega,pro_entradas_sv,pro_salidas_sv,pro_mermas_sv,pro_ajustes_sv,pro_activo,rec_numero,pro_unidad,pro_capacidad,pro_consumo_bodega,pro_consumo_sv,pro_estado,pro_funcion_plu,pro_flejes,pro_iva,pro_plu_asociado,pro_envase,pro_duracion,pro_numero_etiqueta) VALUES (78017216,@@@7804308000112@@@,@@@0@@@,@@@VINO BIDON BLANCO LOMAS DE CAUQUENES @@@,@@@VINO BIDON BLANC@@@,@@@3 @@@,@@@3 @@@,@@@0@@@,@@@6 @@@,@@@60@@@,@@@2532@@@,@@@0@@@,@@@0@@@,@@@4950@@@,@@@0@@@,@@@@@@,@@@2013.05.24@@@,@@@2013.05.24@@@,@@@0@@@,@@@0@@@,@@@0@@@,@@@0@@@,@@@0@@@,@@@0@@@,@@@0@@@,@@@0@@@,@@@0@@@,@@@0@@@,@@@0@@@,@@@1@@@,@@@0@@@,0,5,0,0,2,0,1,1,0,@@@NO@@@,0,0)','',2,'2013-05-24'),(17543,'DELETE FROM mae_impuestos_productos WHERE pro_codigo_plu=@@@78017216@@@','',2,'2013-05-24'),(17544,'UPDATE mae_productos SET pro_precio_fiscal=pro_precio_venta WHERE pro_codigo_plu=78017215','',2,'2013-05-24'),(17545,'UPDATE mae_productos SET pro_precio_fiscal=pro_precio_venta WHERE pro_codigo_plu=78017216','',2,'2013-05-24'),(17546,'UPDATE mae_productos SET pro_precio_fiscal=pro_precio_venta WHERE pro_codigo_plu=78017213','',2,'2013-05-24'),(17547,'UPDATE mae_productos SET pro_precio_fiscal=pro_precio_venta WHERE pro_codigo_plu=78017214','',2,'2013-05-24'),(17548,'INSERT INTO gne_vale_ferreteria (vfe_id,vfe_fecha,vfe_total,vfe_estado,vfe_entregado,usu_nusuario) VALUES (582,@@@2013.05.24@@@,2380,1,0,@@@b_SAEZ@@@)','',2,'2013-05-24'),(17549,'INSERT INTO gne_vale_ferreteria_mov (vfe_id,pro_codigo_plu,vfm_cantidad,vfm_unitario,vfm_total,vfm_entregado) VALUES (582,764302,1,595,595,@@@NO@@@)','',2,'2013-05-24'),(17550,'INSERT INTO gne_vale_ferreteria_mov (vfe_id,pro_codigo_plu,vfm_cantidad,vfm_unitario,vfm_total,vfm_entregado) VALUES (582,764299,1,595,595,@@@NO@@@)','',2,'2013-05-24'),(17551,'INSERT INTO gne_vale_ferreteria_mov (vfe_id,pro_codigo_plu,vfm_cantidad,vfm_unitario,vfm_total,vfm_entregado) VALUES (582,764308,1,595,595,@@@NO@@@)','',2,'2013-05-24'),(17552,'INSERT INTO gne_vale_ferreteria_mov (vfe_id,pro_codigo_plu,vfm_cantidad,vfm_unitario,vfm_total,vfm_entregado) VALUES (582,764306,1,595,595,@@@NO@@@)','',2,'2013-05-24'),(17553,'INSERT INTO mae_productos (pro_codigo_plu,pro_codigo_barra,pro_tipo,pro_nombre_producto,pro_nombre_corto,med_id,emb_id,pro_unidades_embalaje,dep_id,lin_id,mar_id,pro_precio_compra_neto,pro_precio_compra_bruto,pro_precio_venta,pro_margen_actual,pro_oferta,pro_fecha_inicio_oferta,pro_fecha_termino_oferta,pro_precio_oferta,pro_stock_minimo,pro_stock_critico,pro_entradas_bodega,pro_salidas_bodega,pro_mermas_bodega,pro_ajustes_bodega,pro_entradas_sv,pro_salidas_sv,pro_mermas_sv,pro_ajustes_sv,pro_activo,rec_numero,pro_unidad,pro_capacidad,pro_consumo_bodega,pro_consumo_sv,pro_estado,pro_funcion_plu,pro_flejes,pro_iva,pro_plu_asociado,pro_envase,pro_duracion,pro_numero_etiqueta) VALUES (78017217,@@@7802000002809@@@,@@@0@@@,@@@CHOCO CRACS@@@,@@@CHOCO CRACS@@@,@@@5 @@@,@@@3 @@@,@@@0@@@,@@@1 @@@,@@@151@@@,@@@1625@@@,@@@0@@@,@@@0@@@,@@@240@@@,@@@0@@@,@@@@@@,@@@2006.09.07@@@,@@@2006.09.07@@@,@@@0@@@,@@@0@@@,@@@0@@@,@@@0@@@,@@@0@@@,@@@0@@@,@@@0@@@,@@@0@@@,@@@0@@@,@@@0@@@,@@@0@@@,@@@1@@@,@@@0@@@,0,30,0,0,2,0,1,1,0,@@@NO@@@,0,0)','',2,'2013-05-24'),(17554,'DELETE FROM mae_impuestos_productos WHERE pro_codigo_plu=@@@78017217@@@','',2,'2013-05-24'),(17555,'INSERT INTO gne_vale_ferreteria (vfe_id,vfe_fecha,vfe_total,vfe_estado,vfe_entregado,usu_nusuario) VALUES (583,@@@2013.05.24@@@,1390,1,0,@@@b_SAEZ@@@)','',2,'2013-05-24'),(17556,'INSERT INTO gne_vale_ferreteria_mov (vfe_id,pro_codigo_plu,vfm_cantidad,vfm_unitario,vfm_total,vfm_entregado) VALUES (583,100979,1,1390,1390,@@@NO@@@)','',2,'2013-05-24'),(17557,'INSERT INTO gne_vale_ferreteria (vfe_id,vfe_fecha,vfe_total,vfe_estado,vfe_entregado,usu_nusuario) VALUES (584,@@@2013.05.24@@@,680,1,0,@@@b_SAEZ@@@)','',2,'2013-05-24'),(17558,'INSERT INTO gne_vale_ferreteria_mov (vfe_id,pro_codigo_plu,vfm_cantidad,vfm_unitario,vfm_total,vfm_entregado) VALUES (584,19866,1,680,680,@@@NO@@@)','',2,'2013-05-24'),(17559,'UPDATE mae_productos SET pro_margen_actual=0,pro_precio_venta=240 WHERE pro_codigo_plu=78017217','',2,'2013-05-24'),(17560,'UPDATE mae_productos SET pro_margen_actual=0,pro_precio_venta=1390 WHERE pro_codigo_plu=208','',2,'2013-05-24'),(17561,'UPDATE mae_productos SET pro_precio_fiscal=pro_precio_venta WHERE pro_codigo_plu=208','',2,'2013-05-24'),(17562,'UPDATE mae_productos SET pro_precio_fiscal=pro_precio_venta WHERE pro_codigo_plu=78017217','',2,'2013-05-24'),(17563,'UPDATE mae_productos SET pro_margen_actual=0,pro_precio_venta=2890 WHERE pro_codigo_plu=15659','',2,'2013-05-24'),(17564,'UPDATE mae_productos SET pro_margen_actual=0,pro_precio_venta=2890 WHERE pro_codigo_plu=15658','',2,'2013-05-24'),(17565,'UPDATE mae_productos SET pro_margen_actual=0,pro_precio_venta=2890 WHERE pro_codigo_plu=15641','',2,'2013-05-24'),(17566,'UPDATE mae_productos SET pro_margen_actual=0,pro_precio_venta=2830 WHERE pro_codigo_plu=763276','',2,'2013-05-24'),(17567,'INSERT INTO gne_vale_ferreteria (vfe_id,vfe_fecha,vfe_total,vfe_estado,vfe_entregado,usu_nusuario) VALUES (585,@@@2013.05.24@@@,590,1,0,@@@b_SAEZ@@@)','',2,'2013-05-24'),(17568,'INSERT INTO gne_vale_ferreteria_mov (vfe_id,pro_codigo_plu,vfm_cantidad,vfm_unitario,vfm_total,vfm_entregado) VALUES (585,19865,1,590,590,@@@NO@@@)','',2,'2013-05-24'),(17569,'INSERT INTO mae_productos (pro_codigo_plu,pro_codigo_barra,pro_tipo,pro_nombre_producto,pro_nombre_corto,med_id,emb_id,pro_unidades_embalaje,dep_id,lin_id,mar_id,pro_precio_compra_neto,pro_precio_compra_bruto,pro_precio_venta,pro_margen_actual,pro_oferta,pro_fecha_inicio_oferta,pro_fecha_termino_oferta,pro_precio_oferta,pro_stock_minimo,pro_stock_critico,pro_entradas_bodega,pro_salidas_bodega,pro_mermas_bodega,pro_ajustes_bodega,pro_entradas_sv,pro_salidas_sv,pro_mermas_sv,pro_ajustes_sv,pro_activo,rec_numero,pro_unidad,pro_capacidad,pro_consumo_bodega,pro_consumo_sv,pro_estado,pro_funcion_plu,pro_flejes,pro_iva,pro_plu_asociado,pro_envase,pro_duracion,pro_numero_etiqueta) VALUES (78017218,@@@7804308001546@@@,@@@0@@@,@@@VINO BLANCO LOMAS DE CAUQUENES@@@,@@@VINO BLANCO LOMA@@@,@@@6 @@@,@@@3 @@@,@@@0@@@,@@@6 @@@,@@@60@@@,@@@2532@@@,@@@0@@@,@@@0@@@,@@@750@@@,@@@0@@@,@@@@@@,@@@2013.05.24@@@,@@@2013.05.24@@@,@@@0@@@,@@@0@@@,@@@0@@@,@@@0@@@,@@@0@@@,@@@0@@@,@@@0@@@,@@@0@@@,@@@0@@@,@@@0@@@,@@@0@@@,@@@1@@@,@@@0@@@,0,375,0,0,2,0,1,1,0,@@@NO@@@,0,0)','',2,'2013-05-24'),(17570,'DELETE FROM mae_impuestos_productos WHERE pro_codigo_plu=@@@78017218@@@','',2,'2013-05-24'),(17571,'INSERT INTO mae_productos (pro_codigo_plu,pro_codigo_barra,pro_tipo,pro_nombre_producto,pro_nombre_corto,med_id,emb_id,pro_unidades_embalaje,dep_id,lin_id,mar_id,pro_precio_compra_neto,pro_precio_compra_bruto,pro_precio_venta,pro_margen_actual,pro_oferta,pro_fecha_inicio_oferta,pro_fecha_termino_oferta,pro_precio_oferta,pro_stock_minimo,pro_stock_critico,pro_entradas_bodega,pro_salidas_bodega,pro_mermas_bodega,pro_ajustes_bodega,pro_entradas_sv,pro_salidas_sv,pro_mermas_sv,pro_ajustes_sv,pro_activo,rec_numero,pro_unidad,pro_capacidad,pro_consumo_bodega,pro_consumo_sv,pro_estado,pro_funcion_plu,pro_flejes,pro_iva,pro_plu_asociado,pro_envase,pro_duracion,pro_numero_etiqueta) VALUES (78017219,@@@7804308001553@@@,@@@0@@@,@@@VINO TINTO LOMAS DE CAUQUENES 375 C.C@@@,@@@VINO TINTO LOMAS@@@,@@@6 @@@,@@@3 @@@,@@@0@@@,@@@6 @@@,@@@60@@@,@@@2532@@@,@@@0@@@,@@@0@@@,@@@750@@@,@@@0@@@,@@@@@@,@@@2013.05.24@@@,@@@2013.05.24@@@,@@@0@@@,@@@0@@@,@@@0@@@,@@@0@@@,@@@0@@@,@@@0@@@,@@@0@@@,@@@0@@@,@@@0@@@,@@@0@@@,@@@0@@@,@@@1@@@,@@@0@@@,0,375,0,0,2,0,1,1,0,@@@NO@@@,0,0)','',2,'2013-05-24'),(17572,'DELETE FROM mae_impuestos_productos WHERE pro_codigo_plu=@@@78017219@@@','',2,'2013-05-24'),(17573,'INSERT INTO mae_productos (pro_codigo_plu,pro_codigo_barra,pro_tipo,pro_nombre_producto,pro_nombre_corto,med_id,emb_id,pro_unidades_embalaje,dep_id,lin_id,mar_id,pro_precio_compra_neto,pro_precio_compra_bruto,pro_precio_venta,pro_margen_actual,pro_oferta,pro_fecha_inicio_oferta,pro_fecha_termino_oferta,pro_precio_oferta,pro_stock_minimo,pro_stock_critico,pro_entradas_bodega,pro_salidas_bodega,pro_mermas_bodega,pro_ajustes_bodega,pro_entradas_sv,pro_salidas_sv,pro_mermas_sv,pro_ajustes_sv,pro_activo,rec_numero,pro_unidad,pro_capacidad,pro_consumo_bodega,pro_consumo_sv,pro_estado,pro_funcion_plu,pro_flejes,pro_iva,pro_plu_asociado,pro_envase,pro_duracion,pro_numero_etiqueta) VALUES (78017220,@@@0780430822530@@@,@@@0@@@,@@@VINO LAS LOMAS COBERNET SAUVIGNON 750 ML@@@,@@@VINO LAS LOMAS C@@@,@@@7 @@@,@@@3 @@@,@@@0@@@,@@@6 @@@,@@@60@@@,@@@2666@@@,@@@0@@@,@@@0@@@,@@@1890@@@,@@@0@@@,@@@@@@,@@@2013.05.24@@@,@@@2013.05.24@@@,@@@0@@@,@@@0@@@,@@@0@@@,@@@0@@@,@@@0@@@,@@@0@@@,@@@0@@@,@@@0@@@,@@@0@@@,@@@0@@@,@@@0@@@,@@@1@@@,@@@0@@@,0,750,0,0,2,0,1,1,0,@@@NO@@@,0,0)','',2,'2013-05-24'),(17574,'DELETE FROM mae_impuestos_productos WHERE pro_codigo_plu=@@@78017220@@@','',2,'2013-05-24'),(17575,'UPDATE mae_productos SET pro_precio_fiscal=pro_precio_venta WHERE pro_codigo_plu=78017220','',2,'2013-05-24'),(17576,'UPDATE mae_productos SET pro_precio_fiscal=pro_precio_venta WHERE pro_codigo_plu=78017218','',2,'2013-05-24'),(17577,'UPDATE mae_productos SET pro_precio_fiscal=pro_precio_venta WHERE pro_codigo_plu=78017219','',2,'2013-05-24'),(17578,'UPDATE mae_productos SET pro_precio_fiscal=pro_precio_venta WHERE pro_codigo_plu=15659','',2,'2013-05-24'),(17579,'UPDATE mae_productos SET pro_precio_fiscal=pro_precio_venta WHERE pro_codigo_plu=15658','',2,'2013-05-24'),(17580,'INSERT INTO gne_vale_ferreteria (vfe_id,vfe_fecha,vfe_total,vfe_estado,vfe_entregado,usu_nusuario) VALUES (586,@@@2013.05.24@@@,260,1,0,@@@b_SAEZ@@@)','',2,'2013-05-24'),(17581,'INSERT INTO gne_vale_ferreteria_mov (vfe_id,pro_codigo_plu,vfm_cantidad,vfm_unitario,vfm_total,vfm_entregado) VALUES (586,78017148,2,130,260,@@@NO@@@)','',2,'2013-05-24'),(17582,'UPDATE mae_productos SET pro_margen_actual=0,pro_precio_venta=540 WHERE pro_codigo_plu=18539','',2,'2013-05-24'),(17583,'UPDATE mae_productos SET pro_precio_venta=350,pro_margen_actual=32.08, pro_precio_compra_bruto=265, pro_precio_compra_neto=222.689075630252 WHERE pro_codigo_plu=13772','',2,'2013-05-24'),(17584,'UPDATE mae_productos SET pro_precio_venta=350,pro_margen_actual=32.08, pro_precio_compra_bruto=265, pro_precio_compra_neto=222.689075630252 WHERE pro_codigo_plu=763401','',2,'2013-05-24'),(17585,'UPDATE mae_productos SET pro_precio_venta=390,pro_margen_actual=26.21, pro_precio_compra_bruto=309, pro_precio_compra_neto=259.663865546219 WHERE pro_codigo_plu=763415','',2,'2013-05-24'),(17586,'UPDATE mae_productos SET pro_precio_venta=390,pro_margen_actual=26.21, pro_precio_compra_bruto=309, pro_precio_compra_neto=259.663865546219 WHERE pro_codigo_plu=764430','',2,'2013-05-24'),(17587,'UPDATE mae_productos SET pro_precio_venta=350,pro_margen_actual=32.08, pro_precio_compra_bruto=265, pro_precio_compra_neto=222.689075630252 WHERE pro_codigo_plu=13482','',2,'2013-05-24'),(17588,'UPDATE mae_productos SET pro_precio_venta=350,pro_margen_actual=32.08, pro_precio_compra_bruto=265, pro_precio_compra_neto=222.689075630252 WHERE pro_codigo_plu=13481','',2,'2013-05-24'),(17589,'UPDATE mae_productos SET pro_precio_venta=250,pro_margen_actual=39.66, pro_precio_compra_bruto=179, pro_precio_compra_neto=150.420168067227 WHERE pro_codigo_plu=763395','',2,'2013-05-24'),(17590,'UPDATE mae_productos SET pro_precio_venta=250,pro_margen_actual=39.66, pro_precio_compra_bruto=179, pro_precio_compra_neto=150.420168067227 WHERE pro_codigo_plu=13681','',2,'2013-05-24'),(17591,'UPDATE mae_productos SET pro_precio_fiscal=pro_precio_venta WHERE pro_codigo_plu=13772','',2,'2013-05-24'),(17592,'UPDATE mae_productos SET pro_precio_fiscal=pro_precio_venta WHERE pro_codigo_plu=763395','',2,'2013-05-24'),(17593,'UPDATE mae_productos SET pro_precio_fiscal=pro_precio_venta WHERE pro_codigo_plu=763415','',2,'2013-05-24'),(17594,'UPDATE mae_productos SET pro_precio_fiscal=pro_precio_venta WHERE pro_codigo_plu=764430','',2,'2013-05-24'),(17595,'UPDATE mae_productos SET pro_precio_fiscal=pro_precio_venta WHERE pro_codigo_plu=763401','',2,'2013-05-24'),(17596,'UPDATE mae_productos SET pro_precio_fiscal=pro_precio_venta WHERE pro_codigo_plu=13681','',2,'2013-05-24'),(17597,'UPDATE mae_productos SET pro_precio_fiscal=pro_precio_venta WHERE pro_codigo_plu=13482','',2,'2013-05-24'),(17598,'UPDATE mae_productos SET pro_precio_fiscal=pro_precio_venta WHERE pro_codigo_plu=13481','',2,'2013-05-24'),(17599,'UPDATE mae_productos SET pro_precio_fiscal=pro_precio_venta WHERE pro_codigo_plu=18539','',2,'2013-05-24'),(17600,'INSERT INTO gne_vale_ferreteria (vfe_id,vfe_fecha,vfe_total,vfe_estado,vfe_entregado,usu_nusuario) VALUES (587,@@@2013.05.24@@@,3130,1,0,@@@b_SAEZ@@@)','',2,'2013-05-24'),(17601,'INSERT INTO gne_vale_ferreteria_mov (vfe_id,pro_codigo_plu,vfm_cantidad,vfm_unitario,vfm_total,vfm_entregado) VALUES (587,78017026,6,90,540,@@@NO@@@)','',2,'2013-05-24'),(17602,'INSERT INTO gne_vale_ferreteria_mov (vfe_id,pro_codigo_plu,vfm_cantidad,vfm_unitario,vfm_total,vfm_entregado) VALUES (587,8002,1,2590,2590,@@@NO@@@)','',2,'2013-05-24'),(17603,'UPDATE mae_productos SET pro_margen_actual=0,pro_precio_venta=470 WHERE pro_codigo_plu=13319','',2,'2013-05-24'),(17604,'UPDATE mae_productos SET pro_precio_fiscal=pro_precio_venta WHERE pro_codigo_plu=13319','',2,'2013-05-24'),(17605,'INSERT INTO gne_vale_ferreteria (vfe_id,vfe_fecha,vfe_total,vfe_estado,vfe_entregado,usu_nusuario) VALUES (588,@@@2013.05.24@@@,100,1,0,@@@b_SAEZ@@@)','',2,'2013-05-24'),(17606,'INSERT INTO gne_vale_ferreteria_mov (vfe_id,pro_codigo_plu,vfm_cantidad,vfm_unitario,vfm_total,vfm_entregado) VALUES (588,764330,1,100,100,@@@NO@@@)','',2,'2013-05-24'),(17607,'INSERT INTO mae_productos (pro_codigo_plu,pro_codigo_barra,pro_tipo,pro_nombre_producto,pro_nombre_corto,med_id,emb_id,pro_unidades_embalaje,dep_id,lin_id,mar_id,pro_precio_compra_neto,pro_precio_compra_bruto,pro_precio_venta,pro_margen_actual,pro_oferta,pro_fecha_inicio_oferta,pro_fecha_termino_oferta,pro_precio_oferta,pro_stock_minimo,pro_stock_critico,pro_entradas_bodega,pro_salidas_bodega,pro_mermas_bodega,pro_ajustes_bodega,pro_entradas_sv,pro_salidas_sv,pro_mermas_sv,pro_ajustes_sv,pro_activo,rec_numero,pro_unidad,pro_capacidad,pro_consumo_bodega,pro_consumo_sv,pro_estado,pro_funcion_plu,pro_flejes,pro_iva,pro_plu_asociado,pro_envase,pro_duracion,pro_numero_etiqueta) VALUES (770032,@@@770032@@@,@@@0@@@,@@@FUNDA OFICIO@@@,@@@FUNDA OFICIO@@@,@@@1 @@@,@@@3 @@@,@@@0@@@,@@@24 @@@,@@@137@@@,@@@2646@@@,@@@0@@@,@@@0@@@,@@@50@@@,@@@0@@@,@@@@@@,@@@2013.05.24@@@,@@@2013.05.24@@@,@@@0@@@,@@@0@@@,@@@0@@@,@@@0@@@,@@@0@@@,@@@0@@@,@@@0@@@,@@@0@@@,@@@0@@@,@@@0@@@,@@@0@@@,@@@1@@@,@@@0@@@,0,1,0,0,2,0,1,1,0,@@@NO@@@,0,0)','',2,'2013-05-24'),(17608,'DELETE FROM mae_impuestos_productos WHERE pro_codigo_plu=@@@770032@@@','',2,'2013-05-24'),(17609,'INSERT INTO mae_productos (pro_codigo_plu,pro_codigo_barra,pro_tipo,pro_nombre_producto,pro_nombre_corto,med_id,emb_id,pro_unidades_embalaje,dep_id,lin_id,mar_id,pro_precio_compra_neto,pro_precio_compra_bruto,pro_precio_venta,pro_margen_actual,pro_oferta,pro_fecha_inicio_oferta,pro_fecha_termino_oferta,pro_precio_oferta,pro_stock_minimo,pro_stock_critico,pro_entradas_bodega,pro_salidas_bodega,pro_mermas_bodega,pro_ajustes_bodega,pro_entradas_sv,pro_salidas_sv,pro_mermas_sv,pro_ajustes_sv,pro_activo,rec_numero,pro_unidad,pro_capacidad,pro_consumo_bodega,pro_consumo_sv,pro_estado,pro_funcion_plu,pro_flejes,pro_iva,pro_plu_asociado,pro_envase,pro_duracion,pro_numero_etiqueta) VALUES (770033,@@@770033@@@,@@@0@@@,@@@FUNDA CARTA@@@,@@@FUNDA CARTA@@@,@@@1 @@@,@@@3 @@@,@@@0@@@,@@@24 @@@,@@@137@@@,@@@2646@@@,@@@0@@@,@@@0@@@,@@@40@@@,@@@0@@@,@@@@@@,@@@2013.05.24@@@,@@@2013.05.24@@@,@@@0@@@,@@@0@@@,@@@0@@@,@@@0@@@,@@@0@@@,@@@0@@@,@@@0@@@,@@@0@@@,@@@0@@@,@@@0@@@,@@@0@@@,@@@1@@@,@@@0@@@,0,1,0,0,2,0,1,1,0,@@@NO@@@,0,0)','',2,'2013-05-24'),(17610,'DELETE FROM mae_impuestos_productos WHERE pro_codigo_plu=@@@770033@@@','',2,'2013-05-24'),(17611,'INSERT INTO mae_productos (pro_codigo_plu,pro_codigo_barra,pro_tipo,pro_nombre_producto,pro_nombre_corto,med_id,emb_id,pro_unidades_embalaje,dep_id,lin_id,mar_id,pro_precio_compra_neto,pro_precio_compra_bruto,pro_precio_venta,pro_margen_actual,pro_oferta,pro_fecha_inicio_oferta,pro_fecha_termino_oferta,pro_precio_oferta,pro_stock_minimo,pro_stock_critico,pro_entradas_bodega,pro_salidas_bodega,pro_mermas_bodega,pro_ajustes_bodega,pro_entradas_sv,pro_salidas_sv,pro_mermas_sv,pro_ajustes_sv,pro_activo,rec_numero,pro_unidad,pro_capacidad,pro_consumo_bodega,pro_consumo_sv,pro_estado,pro_funcion_plu,pro_flejes,pro_iva,pro_plu_asociado,pro_envase,pro_duracion,pro_numero_etiqueta) VALUES (770034,@@@770034@@@,@@@0@@@,@@@HOJAS COLOR TAMAÑO CARTA@@@,@@@HOJAS COLOR TAMA@@@,@@@1 @@@,@@@3 @@@,@@@0@@@,@@@24 @@@,@@@137@@@,@@@2507@@@,@@@0@@@,@@@0@@@,@@@20@@@,@@@0@@@,@@@@@@,@@@2013.05.24@@@,@@@2013.05.24@@@,@@@0@@@,@@@0@@@,@@@0@@@,@@@0@@@,@@@0@@@,@@@0@@@,@@@0@@@,@@@0@@@,@@@0@@@,@@@0@@@,@@@0@@@,@@@1@@@,@@@0@@@,0,1,0,0,2,0,1,1,0,@@@NO@@@,0,0)','',2,'2013-05-24'),(17612,'DELETE FROM mae_impuestos_productos WHERE pro_codigo_plu=@@@770034@@@','',2,'2013-05-24'),(17613,'INSERT INTO gne_vale_ferreteria (vfe_id,vfe_fecha,vfe_total,vfe_estado,vfe_entregado,usu_nusuario) VALUES (589,@@@2013.05.24@@@,3180,1,0,@@@b_SAEZ@@@)','',2,'2013-05-24'),(17614,'INSERT INTO gne_vale_ferreteria_mov (vfe_id,pro_codigo_plu,vfm_cantidad,vfm_unitario,vfm_total,vfm_entregado) VALUES (589,6009,1,1990,1990,@@@NO@@@)','',2,'2013-05-24'),(17615,'INSERT INTO gne_vale_ferreteria_mov (vfe_id,pro_codigo_plu,vfm_cantidad,vfm_unitario,vfm_total,vfm_entregado) VALUES (589,6019,1,1190,1190,@@@NO@@@)','',2,'2013-05-24'),(17616,'INSERT INTO mae_productos (pro_codigo_plu,pro_codigo_barra,pro_tipo,pro_nombre_producto,pro_nombre_corto,med_id,emb_id,pro_unidades_embalaje,dep_id,lin_id,mar_id,pro_precio_compra_neto,pro_precio_compra_bruto,pro_precio_venta,pro_margen_actual,pro_oferta,pro_fecha_inicio_oferta,pro_fecha_termino_oferta,pro_precio_oferta,pro_stock_minimo,pro_stock_critico,pro_entradas_bodega,pro_salidas_bodega,pro_mermas_bodega,pro_ajustes_bodega,pro_entradas_sv,pro_salidas_sv,pro_mermas_sv,pro_ajustes_sv,pro_activo,rec_numero,pro_unidad,pro_capacidad,pro_consumo_bodega,pro_consumo_sv,pro_estado,pro_funcion_plu,pro_flejes,pro_iva,pro_plu_asociado,pro_envase,pro_duracion,pro_numero_etiqueta) VALUES (770035,@@@770035@@@,@@@0@@@,@@@MINA 0.5 ISOFIT@@@,@@@MINA 0.5 ISOFIT@@@,@@@1 @@@,@@@3 @@@,@@@0@@@,@@@24 @@@,@@@137@@@,@@@1253@@@,@@@0@@@,@@@0@@@,@@@150@@@,@@@0@@@,@@@@@@,@@@2013.05.24@@@,@@@2013.05.24@@@,@@@0@@@,@@@0@@@,@@@0@@@,@@@0@@@,@@@0@@@,@@@0@@@,@@@0@@@,@@@0@@@,@@@0@@@,@@@0@@@,@@@0@@@,@@@1@@@,@@@0@@@,0,1,0,0,2,0,1,1,0,@@@NO@@@,0,0)','',2,'2013-05-24'),(17617,'DELETE FROM mae_impuestos_productos WHERE pro_codigo_plu=@@@770035@@@','',2,'2013-05-24'),(17618,'INSERT INTO mae_productos (pro_codigo_plu,pro_codigo_barra,pro_tipo,pro_nombre_producto,pro_nombre_corto,med_id,emb_id,pro_unidades_embalaje,dep_id,lin_id,mar_id,pro_precio_compra_neto,pro_precio_compra_bruto,pro_precio_venta,pro_margen_actual,pro_oferta,pro_fecha_inicio_oferta,pro_fecha_termino_oferta,pro_precio_oferta,pro_stock_minimo,pro_stock_critico,pro_entradas_bodega,pro_salidas_bodega,pro_mermas_bodega,pro_ajustes_bodega,pro_entradas_sv,pro_salidas_sv,pro_mermas_sv,pro_ajustes_sv,pro_activo,rec_numero,pro_unidad,pro_capacidad,pro_consumo_bodega,pro_consumo_sv,pro_estado,pro_funcion_plu,pro_flejes,pro_iva,pro_plu_asociado,pro_envase,pro_duracion,pro_numero_etiqueta) VALUES (770036,@@@770036@@@,@@@0@@@,@@@MINA 0.7 ISOFIT@@@,@@@MINA 0.7 ISOFIT@@@,@@@1 @@@,@@@3 @@@,@@@0@@@,@@@24 @@@,@@@137@@@,@@@1253@@@,@@@0@@@,@@@0@@@,@@@170@@@,@@@0@@@,@@@@@@,@@@2013.05.24@@@,@@@2013.05.24@@@,@@@0@@@,@@@0@@@,@@@0@@@,@@@0@@@,@@@0@@@,@@@0@@@,@@@0@@@,@@@0@@@,@@@0@@@,@@@0@@@,@@@0@@@,@@@1@@@,@@@0@@@,0,1,0,0,2,0,1,1,0,@@@NO@@@,0,0)','',2,'2013-05-24'),(17619,'DELETE FROM mae_impuestos_productos WHERE pro_codigo_plu=@@@770036@@@','',2,'2013-05-24'),(17620,'UPDATE mae_productos SET pro_margen_actual=0,pro_precio_venta=40 WHERE pro_codigo_plu=770033','',2,'2013-05-24'),(17621,'UPDATE mae_productos SET pro_margen_actual=0,pro_precio_venta=50 WHERE pro_codigo_plu=770032','',2,'2013-05-24'),(17622,'UPDATE mae_productos SET pro_margen_actual=0,pro_precio_venta=20 WHERE pro_codigo_plu=770034','',2,'2013-05-24'),(17623,'UPDATE mae_productos SET pro_margen_actual=0,pro_precio_venta=150 WHERE pro_codigo_plu=770035','',2,'2013-05-24'),(17624,'UPDATE mae_productos SET pro_margen_actual=0,pro_precio_venta=1730 WHERE pro_codigo_plu=13589','',2,'2013-05-24'),(17625,'UPDATE mae_productos SET pro_precio_fiscal=pro_precio_venta WHERE pro_codigo_plu=770032','',2,'2013-05-24'),(17626,'UPDATE mae_productos SET pro_precio_fiscal=pro_precio_venta WHERE pro_codigo_plu=770033','',2,'2013-05-24'),(17627,'UPDATE mae_productos SET pro_precio_fiscal=pro_precio_venta WHERE pro_codigo_plu=770034','',2,'2013-05-24'),(17628,'UPDATE mae_productos SET pro_precio_fiscal=pro_precio_venta WHERE pro_codigo_plu=770035','',2,'2013-05-24'),(17629,'UPDATE mae_productos SET pro_precio_fiscal=pro_precio_venta WHERE pro_codigo_plu=770036','',2,'2013-05-24'),(17630,'UPDATE mae_productos SET pro_precio_fiscal=pro_precio_venta WHERE pro_codigo_plu=13589','',2,'2013-05-24'),(17631,'INSERT INTO mae_productos (pro_codigo_plu,pro_codigo_barra,pro_tipo,pro_nombre_producto,pro_nombre_corto,med_id,emb_id,pro_unidades_embalaje,dep_id,lin_id,mar_id,pro_precio_compra_neto,pro_precio_compra_bruto,pro_precio_venta,pro_margen_actual,pro_oferta,pro_fecha_inicio_oferta,pro_fecha_termino_oferta,pro_precio_oferta,pro_stock_minimo,pro_stock_critico,pro_entradas_bodega,pro_salidas_bodega,pro_mermas_bodega,pro_ajustes_bodega,pro_entradas_sv,pro_salidas_sv,pro_mermas_sv,pro_ajustes_sv,pro_activo,rec_numero,pro_unidad,pro_capacidad,pro_consumo_bodega,pro_consumo_sv,pro_estado,pro_funcion_plu,pro_flejes,pro_iva,pro_plu_asociado,pro_envase,pro_duracion,pro_numero_etiqueta) VALUES (770037,@@@770037@@@,@@@0@@@,@@@MINA 0.9 ISOFIT@@@,@@@MINA 0.9 ISOFIT@@@,@@@1 @@@,@@@3 @@@,@@@0@@@,@@@24 @@@,@@@137@@@,@@@1253@@@,@@@0@@@,@@@0@@@,@@@210@@@,@@@0@@@,@@@@@@,@@@2013.05.24@@@,@@@2013.05.24@@@,@@@0@@@,@@@0@@@,@@@0@@@,@@@0@@@,@@@0@@@,@@@0@@@,@@@0@@@,@@@0@@@,@@@0@@@,@@@0@@@,@@@0@@@,@@@1@@@,@@@0@@@,0,1,0,0,2,0,1,1,0,@@@NO@@@,0,0)','',2,'2013-05-24'),(17632,'DELETE FROM mae_impuestos_productos WHERE pro_codigo_plu=@@@770037@@@','',2,'2013-05-24'),(17633,'INSERT INTO gne_vale_ferreteria (vfe_id,vfe_fecha,vfe_total,vfe_estado,vfe_entregado,usu_nusuario) VALUES (590,@@@2013.05.24@@@,1130,1,0,@@@b_SAEZ@@@)','',2,'2013-05-24'),(17634,'INSERT INTO gne_vale_ferreteria_mov (vfe_id,pro_codigo_plu,vfm_cantidad,vfm_unitario,vfm_total,vfm_entregado) VALUES (590,763891,1,1130,1130,@@@NO@@@)','',2,'2013-05-24'),(17635,'INSERT INTO mae_productos (pro_codigo_plu,pro_codigo_barra,pro_tipo,pro_nombre_producto,pro_nombre_corto,med_id,emb_id,pro_unidades_embalaje,dep_id,lin_id,mar_id,pro_precio_compra_neto,pro_precio_compra_bruto,pro_precio_venta,pro_margen_actual,pro_oferta,pro_fecha_inicio_oferta,pro_fecha_termino_oferta,pro_precio_oferta,pro_stock_minimo,pro_stock_critico,pro_entradas_bodega,pro_salidas_bodega,pro_mermas_bodega,pro_ajustes_bodega,pro_entradas_sv,pro_salidas_sv,pro_mermas_sv,pro_ajustes_sv,pro_activo,rec_numero,pro_unidad,pro_capacidad,pro_consumo_bodega,pro_consumo_sv,pro_estado,pro_funcion_plu,pro_flejes,pro_iva,pro_plu_asociado,pro_envase,pro_duracion,pro_numero_etiqueta) VALUES (770038,@@@770038@@@,@@@0@@@,@@@PAPEL LUSTRE PLIEGO@@@,@@@PAPEL LUSTRE PLI@@@,@@@1 @@@,@@@3 @@@,@@@0@@@,@@@24 @@@,@@@137@@@,@@@2507@@@,@@@0@@@,@@@0@@@,@@@90@@@,@@@0@@@,@@@@@@,@@@2013.05.24@@@,@@@2013.05.24@@@,@@@0@@@,@@@0@@@,@@@0@@@,@@@0@@@,@@@0@@@,@@@0@@@,@@@0@@@,@@@0@@@,@@@0@@@,@@@0@@@,@@@0@@@,@@@1@@@,@@@0@@@,0,1,0,0,2,0,1,1,0,@@@NO@@@,0,0)','',2,'2013-05-24'),(17636,'DELETE FROM mae_impuestos_productos WHERE pro_codigo_plu=@@@770038@@@','',2,'2013-05-24'),(17637,'INSERT INTO gne_vale_ferreteria (vfe_id,vfe_fecha,vfe_total,vfe_estado,vfe_entregado,usu_nusuario) VALUES (591,@@@2013.05.24@@@,350,1,0,@@@b_SAEZ@@@)','',2,'2013-05-24'),(17638,'INSERT INTO gne_vale_ferreteria_mov (vfe_id,pro_codigo_plu,vfm_cantidad,vfm_unitario,vfm_total,vfm_entregado) VALUES (591,763722,1,350,350,@@@NO@@@)','',2,'2013-05-24'),(17639,'INSERT INTO gne_vale_ferreteria (vfe_id,vfe_fecha,vfe_total,vfe_estado,vfe_entregado,usu_nusuario) VALUES (592,@@@2013.05.24@@@,50,1,0,@@@b_SAEZ@@@)','',2,'2013-05-24'),(17640,'INSERT INTO gne_vale_ferreteria_mov (vfe_id,pro_codigo_plu,vfm_cantidad,vfm_unitario,vfm_total,vfm_entregado) VALUES (592,770000,1,50,50,@@@NO@@@)','',2,'2013-05-24'),(17641,'UPDATE mae_productos SET pro_precio_venta=1870,pro_margen_actual=29.77, pro_precio_compra_bruto=1441, pro_precio_compra_neto=1210.9243697479 WHERE pro_codigo_plu=10026','',2,'2013-05-24'),(17642,'UPDATE mae_productos SET pro_precio_venta=1580,pro_margen_actual=30.15, pro_precio_compra_bruto=1214, pro_precio_compra_neto=1020.16806722689 WHERE pro_codigo_plu=10047','',2,'2013-05-24'),(17643,'UPDATE mae_productos SET pro_precio_venta=250,pro_margen_actual=42.05, pro_precio_compra_bruto=176, pro_precio_compra_neto=147.899159663866 WHERE pro_codigo_plu=16342','',2,'2013-05-24'),(17644,'UPDATE mae_productos SET pro_precio_venta=1250,pro_margen_actual=30.34, pro_precio_compra_bruto=959, pro_precio_compra_neto=805.882352941176 WHERE pro_codigo_plu=10004','',2,'2013-05-24'),(17645,'UPDATE mae_productos SET pro_precio_venta=1399,pro_margen_actual=29.66, pro_precio_compra_bruto=1079, pro_precio_compra_neto=906.72268907563 WHERE pro_codigo_plu=16305','',2,'2013-05-24'),(17646,'UPDATE mae_productos SET pro_precio_venta=890,pro_margen_actual=34.64, pro_precio_compra_bruto=661, pro_precio_compra_neto=555.46218487395 WHERE pro_codigo_plu=12442','',2,'2013-05-24'),(17647,'UPDATE mae_productos SET pro_precio_venta=1290,pro_margen_actual=32.04, pro_precio_compra_bruto=977, pro_precio_compra_neto=821.008403361345 WHERE pro_codigo_plu=12443','',2,'2013-05-24'),(17648,'UPDATE mae_productos SET pro_precio_venta=600,pro_margen_actual=29.59, pro_precio_compra_bruto=463, pro_precio_compra_neto=389.075630252101 WHERE pro_codigo_plu=10346','',2,'2013-05-24'),(17649,'UPDATE mae_productos SET pro_precio_venta=600,pro_margen_actual=29.59, pro_precio_compra_bruto=463, pro_precio_compra_neto=389.075630252101 WHERE pro_codigo_plu=10344','',2,'2013-05-24'),(17650,'UPDATE mae_productos SET pro_precio_venta=600,pro_margen_actual=29.59, pro_precio_compra_bruto=463, pro_precio_compra_neto=389.075630252101 WHERE pro_codigo_plu=10377','',2,'2013-05-24'),(17651,'UPDATE mae_productos SET pro_precio_fiscal=pro_precio_venta WHERE pro_codigo_plu=770037','',2,'2013-05-24'),(17652,'UPDATE mae_productos SET pro_precio_fiscal=pro_precio_venta WHERE pro_codigo_plu=770038','',2,'2013-05-24'),(17653,'UPDATE mae_productos SET pro_precio_fiscal=pro_precio_venta WHERE pro_codigo_plu=10346','',2,'2013-05-24'),(17654,'UPDATE mae_productos SET pro_precio_fiscal=pro_precio_venta WHERE pro_codigo_plu=10344','',2,'2013-05-24'),(17655,'UPDATE mae_productos SET pro_precio_fiscal=pro_precio_venta WHERE pro_codigo_plu=10377','',2,'2013-05-24'),(17656,'UPDATE mae_productos SET pro_precio_fiscal=pro_precio_venta WHERE pro_codigo_plu=10047','',2,'2013-05-24'),(17657,'UPDATE mae_productos SET pro_precio_fiscal=pro_precio_venta WHERE pro_codigo_plu=16342','',2,'2013-05-24'),(17658,'UPDATE mae_productos SET pro_precio_fiscal=pro_precio_venta WHERE pro_codigo_plu=16305','',2,'2013-05-24'),(17659,'UPDATE mae_productos SET pro_precio_fiscal=pro_precio_venta WHERE pro_codigo_plu=10004','',2,'2013-05-24'),(17660,'UPDATE mae_productos SET pro_precio_fiscal=pro_precio_venta WHERE pro_codigo_plu=10026','',2,'2013-05-24'),(17661,'UPDATE mae_productos SET pro_precio_fiscal=pro_precio_venta WHERE pro_codigo_plu=12442','',2,'2013-05-24'),(17662,'UPDATE mae_productos SET pro_precio_fiscal=pro_precio_venta WHERE pro_codigo_plu=12443','',2,'2013-05-24'),(17663,'INSERT INTO gne_vale_ferreteria (vfe_id,vfe_fecha,vfe_total,vfe_estado,vfe_entregado,usu_nusuario) VALUES (593,@@@2013.05.24@@@,330,1,0,@@@b_SAEZ@@@)','',2,'2013-05-24'),(17664,'INSERT INTO gne_vale_ferreteria_mov (vfe_id,pro_codigo_plu,vfm_cantidad,vfm_unitario,vfm_total,vfm_entregado) VALUES (593,19918,1,330,330,@@@NO@@@)','',2,'2013-05-24'),(17665,'UPDATE mae_productos SET pro_margen_actual=0,pro_precio_venta=1250 WHERE pro_codigo_plu=762168','',2,'2013-05-24'),(17666,'UPDATE mae_productos SET pro_margen_actual=0,pro_precio_venta=1250 WHERE pro_codigo_plu=763102','',2,'2013-05-24'),(17667,'UPDATE mae_productos SET pro_precio_fiscal=pro_precio_venta WHERE pro_codigo_plu=762168','',2,'2013-05-24'),(17668,'UPDATE mae_productos SET pro_precio_fiscal=pro_precio_venta WHERE pro_codigo_plu=763102','',2,'2013-05-24'),(17669,'UPDATE mae_productos SET pro_precio_venta=1040,pro_margen_actual=30.16, pro_precio_compra_bruto=799, pro_precio_compra_neto=671.428571428571 WHERE pro_codigo_plu=10565','',2,'2013-05-24'),(17670,'UPDATE mae_productos SET pro_precio_fiscal=pro_precio_venta WHERE pro_codigo_plu=10565','',2,'2013-05-24'),(17671,'INSERT INTO gne_vale_ferreteria (vfe_id,vfe_fecha,vfe_total,vfe_estado,vfe_entregado,usu_nusuario) VALUES (594,@@@2013.05.24@@@,1500,1,0,@@@b_SAEZ@@@)','',2,'2013-05-24'),(17672,'INSERT INTO gne_vale_ferreteria_mov (vfe_id,pro_codigo_plu,vfm_cantidad,vfm_unitario,vfm_total,vfm_entregado) VALUES (594,78017006,15,100,1500,@@@NO@@@)','',2,'2013-05-24'),(17673,'UPDATE mae_productos SET pro_precio_venta=1630,pro_margen_actual=30.4, pro_precio_compra_bruto=1250, pro_precio_compra_neto=1050.42016806723 WHERE pro_codigo_plu=13887','',2,'2013-05-24'),(17674,'UPDATE mae_productos SET pro_precio_venta=1250,pro_margen_actual=29.67, pro_precio_compra_bruto=964, pro_precio_compra_neto=810.084033613445 WHERE pro_codigo_plu=13989','',2,'2013-05-24'),(17675,'UPDATE mae_productos SET pro_precio_venta=1250,pro_margen_actual=29.94, pro_precio_compra_bruto=962, pro_precio_compra_neto=808.403361344538 WHERE pro_codigo_plu=13988','',2,'2013-05-24'),(17676,'UPDATE mae_productos SET pro_precio_venta=1220,pro_margen_actual=29.79, pro_precio_compra_bruto=940, pro_precio_compra_neto=789.915966386555 WHERE pro_codigo_plu=13980','',2,'2013-05-24'),(17677,'UPDATE mae_productos SET pro_precio_venta=1220,pro_margen_actual=29.79, pro_precio_compra_bruto=940, pro_precio_compra_neto=789.915966386555 WHERE pro_codigo_plu=13983','',2,'2013-05-24'),(17678,'UPDATE mae_productos SET pro_precio_venta=3299,pro_margen_actual=29.83, pro_precio_compra_bruto=2541, pro_precio_compra_neto=2135.29411764706 WHERE pro_codigo_plu=14029','',2,'2013-05-24'),(17679,'UPDATE mae_productos SET pro_precio_venta=2660,pro_margen_actual=29.95, pro_precio_compra_bruto=2047, pro_precio_compra_neto=1720.16806722689 WHERE pro_codigo_plu=10226','',2,'2013-05-24'),(17680,'UPDATE mae_productos SET pro_precio_venta=690,pro_margen_actual=30.19, pro_precio_compra_bruto=530, pro_precio_compra_neto=445.378151260504 WHERE pro_codigo_plu=11945','',2,'2013-05-24'),(17681,'UPDATE mae_productos SET pro_margen_actual=0,pro_precio_venta=1250 WHERE pro_codigo_plu=20660','',2,'2013-05-24'),(17682,'UPDATE mae_productos SET pro_precio_fiscal=pro_precio_venta WHERE pro_codigo_plu=14029','',2,'2013-05-24'),(17683,'UPDATE mae_productos SET pro_precio_fiscal=pro_precio_venta WHERE pro_codigo_plu=13989','',2,'2013-05-24'),(17684,'UPDATE mae_productos SET pro_precio_fiscal=pro_precio_venta WHERE pro_codigo_plu=13988','',2,'2013-05-24'),(17685,'UPDATE mae_productos SET pro_precio_fiscal=pro_precio_venta WHERE pro_codigo_plu=13887','',2,'2013-05-24'),(17686,'UPDATE mae_productos SET pro_precio_fiscal=pro_precio_venta WHERE pro_codigo_plu=11945','',2,'2013-05-24'),(17687,'UPDATE mae_productos SET pro_precio_fiscal=pro_precio_venta WHERE pro_codigo_plu=10226','',2,'2013-05-24'),(17688,'UPDATE mae_productos SET pro_precio_fiscal=pro_precio_venta WHERE pro_codigo_plu=13983','',2,'2013-05-24'),(17689,'UPDATE mae_productos SET pro_precio_fiscal=pro_precio_venta WHERE pro_codigo_plu=13980','',2,'2013-05-24'),(17690,'UPDATE mae_productos SET pro_precio_fiscal=pro_precio_venta WHERE pro_codigo_plu=20660','',2,'2013-05-24'),(17691,'INSERT INTO mae_productos (pro_codigo_plu,pro_codigo_barra,pro_tipo,pro_nombre_producto,pro_nombre_corto,med_id,emb_id,pro_unidades_embalaje,dep_id,lin_id,mar_id,pro_precio_compra_neto,pro_precio_compra_bruto,pro_precio_venta,pro_margen_actual,pro_oferta,pro_fecha_inicio_oferta,pro_fecha_termino_oferta,pro_precio_oferta,pro_stock_minimo,pro_stock_critico,pro_entradas_bodega,pro_salidas_bodega,pro_mermas_bodega,pro_ajustes_bodega,pro_entradas_sv,pro_salidas_sv,pro_mermas_sv,pro_ajustes_sv,pro_activo,rec_numero,pro_unidad,pro_capacidad,pro_consumo_bodega,pro_consumo_sv,pro_estado,pro_funcion_plu,pro_flejes,pro_iva,pro_plu_asociado,pro_envase,pro_duracion,pro_numero_etiqueta) VALUES (78017221,@@@7804614281342@@@,@@@0@@@,@@@CERA LIQUIDA NATIVA COLOR CAOBA@@@,@@@CERA LIQUIDA NAT@@@,@@@6 @@@,@@@3 @@@,@@@0@@@,@@@2 @@@,@@@39@@@,@@@2510@@@,@@@0@@@,@@@0@@@,@@@1100@@@,@@@0@@@,@@@@@@,@@@2013.05.24@@@,@@@2013.05.24@@@,@@@0@@@,@@@0@@@,@@@0@@@,@@@0@@@,@@@0@@@,@@@0@@@,@@@0@@@,@@@0@@@,@@@0@@@,@@@0@@@,@@@0@@@,@@@1@@@,@@@0@@@,0,900,0,0,2,0,1,1,0,@@@NO@@@,0,0)','',2,'2013-05-24'),(17692,'DELETE FROM mae_impuestos_productos WHERE pro_codigo_plu=@@@78017221@@@','',2,'2013-05-24'),(17693,'INSERT INTO gne_vale_ferreteria (vfe_id,vfe_fecha,vfe_total,vfe_estado,vfe_entregado,usu_nusuario) VALUES (595,@@@2013.05.24@@@,890,1,0,@@@b_SAEZ@@@)','',2,'2013-05-24'),(17694,'INSERT INTO gne_vale_ferreteria_mov (vfe_id,pro_codigo_plu,vfm_cantidad,vfm_unitario,vfm_total,vfm_entregado) VALUES (595,763845,1,890,890,@@@NO@@@)','',2,'2013-05-24'),(17695,'UPDATE mae_productos SET pro_margen_actual=0,pro_precio_venta=1790 WHERE pro_codigo_plu=18101','',2,'2013-05-24'),(17696,'UPDATE mae_productos SET pro_margen_actual=0,pro_precio_venta=2795 WHERE pro_codigo_plu=18129','',2,'2013-05-24'),(17697,'UPDATE mae_productos SET pro_margen_actual=0,pro_precio_venta=1999 WHERE pro_codigo_plu=18076','',2,'2013-05-24'),(17698,'UPDATE mae_productos SET pro_margen_actual=0,pro_precio_venta=1690 WHERE pro_codigo_plu=18103','',2,'2013-05-24'),(17699,'UPDATE mae_productos SET pro_margen_actual=0,pro_precio_venta=350 WHERE pro_codigo_plu=18097','',2,'2013-05-24'),(17700,'UPDATE mae_productos SET pro_margen_actual=0,pro_precio_venta=2790 WHERE pro_codigo_plu=762807','',2,'2013-05-24'),(17701,'UPDATE mae_productos SET pro_margen_actual=0,pro_precio_venta=490 WHERE pro_codigo_plu=762642','',2,'2013-05-24'),(17702,'UPDATE mae_productos SET pro_precio_fiscal=pro_precio_venta WHERE pro_codigo_plu=762642','',2,'2013-05-24'),(17703,'UPDATE mae_productos SET pro_precio_fiscal=pro_precio_venta WHERE pro_codigo_plu=762807','',2,'2013-05-24'),(17704,'UPDATE mae_productos SET pro_precio_fiscal=pro_precio_venta WHERE pro_codigo_plu=18076','',2,'2013-05-24'),(17705,'UPDATE mae_productos SET pro_precio_fiscal=pro_precio_venta WHERE pro_codigo_plu=18097','',2,'2013-05-24'),(17706,'UPDATE mae_productos SET pro_precio_fiscal=pro_precio_venta WHERE pro_codigo_plu=18101','',2,'2013-05-24'),(17707,'UPDATE mae_productos SET pro_precio_fiscal=pro_precio_venta WHERE pro_codigo_plu=18103','',2,'2013-05-24'),(17708,'UPDATE mae_productos SET pro_precio_fiscal=pro_precio_venta WHERE pro_codigo_plu=18129','',2,'2013-05-24'),(17709,'UPDATE mae_productos SET pro_precio_fiscal=pro_precio_venta WHERE pro_codigo_plu=78017221','',2,'2013-05-24'),(17710,'INSERT INTO mae_productos (pro_codigo_plu,pro_codigo_barra,pro_tipo,pro_nombre_producto,pro_nombre_corto,med_id,emb_id,pro_unidades_embalaje,dep_id,lin_id,mar_id,pro_precio_compra_neto,pro_precio_compra_bruto,pro_precio_venta,pro_margen_actual,pro_oferta,pro_fecha_inicio_oferta,pro_fecha_termino_oferta,pro_precio_oferta,pro_stock_minimo,pro_stock_critico,pro_entradas_bodega,pro_salidas_bodega,pro_mermas_bodega,pro_ajustes_bodega,pro_entradas_sv,pro_salidas_sv,pro_mermas_sv,pro_ajustes_sv,pro_activo,rec_numero,pro_unidad,pro_capacidad,pro_consumo_bodega,pro_consumo_sv,pro_estado,pro_funcion_plu,pro_flejes,pro_iva,pro_plu_asociado,pro_envase,pro_duracion,pro_numero_etiqueta) VALUES (78017222,@@@7806500241416@@@,@@@0@@@,@@@SERVILLETA NOVA CLASICA @@@,@@@SERVILLETA NOVA @@@,@@@1 @@@,@@@3 @@@,@@@0@@@,@@@2 @@@,@@@33@@@,@@@1675@@@,@@@0@@@,@@@0@@@,@@@300@@@,@@@0@@@,@@@@@@,@@@2013.05.24@@@,@@@2013.05.24@@@,@@@0@@@,@@@0@@@,@@@0@@@,@@@0@@@,@@@0@@@,@@@0@@@,@@@0@@@,@@@0@@@,@@@0@@@,@@@0@@@,@@@0@@@,@@@1@@@,@@@0@@@,0,1,0,0,2,0,1,1,0,@@@NO@@@,0,0)','',2,'2013-05-24'),(17711,'DELETE FROM mae_impuestos_productos WHERE pro_codigo_plu=@@@78017222@@@','',2,'2013-05-24'),(17712,'INSERT INTO gne_vale_ferreteria (vfe_id,vfe_fecha,vfe_total,vfe_estado,vfe_entregado,usu_nusuario) VALUES (596,@@@2013.05.24@@@,1690,1,0,@@@b_SAEZ@@@)','',2,'2013-05-24'),(17713,'INSERT INTO gne_vale_ferreteria_mov (vfe_id,pro_codigo_plu,vfm_cantidad,vfm_unitario,vfm_total,vfm_entregado) VALUES (596,764880,1,1690,1690,@@@NO@@@)','',2,'2013-05-24'),(17714,'INSERT INTO mae_productos (pro_codigo_plu,pro_codigo_barra,pro_tipo,pro_nombre_producto,pro_nombre_corto,med_id,emb_id,pro_unidades_embalaje,dep_id,lin_id,mar_id,pro_precio_compra_neto,pro_precio_compra_bruto,pro_precio_venta,pro_margen_actual,pro_oferta,pro_fecha_inicio_oferta,pro_fecha_termino_oferta,pro_precio_oferta,pro_stock_minimo,pro_stock_critico,pro_entradas_bodega,pro_salidas_bodega,pro_mermas_bodega,pro_ajustes_bodega,pro_entradas_sv,pro_salidas_sv,pro_mermas_sv,pro_ajustes_sv,pro_activo,rec_numero,pro_unidad,pro_capacidad,pro_consumo_bodega,pro_consumo_sv,pro_estado,pro_funcion_plu,pro_flejes,pro_iva,pro_plu_asociado,pro_envase,pro_duracion,pro_numero_etiqueta) VALUES (78017223,@@@7804520015819@@@,@@@0@@@,@@@CLORO BAKA CONCENTRACION OSO 5000 GRS@@@,@@@CLORO BAKA CONCE@@@,@@@5 @@@,@@@3 @@@,@@@0@@@,@@@2 @@@,@@@36@@@,@@@1910@@@,@@@0@@@,@@@0@@@,@@@1590@@@,@@@0@@@,@@@@@@,@@@2013.05.24@@@,@@@2013.05.24@@@,@@@0@@@,@@@0@@@,@@@0@@@,@@@0@@@,@@@0@@@,@@@0@@@,@@@0@@@,@@@0@@@,@@@0@@@,@@@0@@@,@@@0@@@,@@@1@@@,@@@0@@@,0,5000,0,0,2,0,1,1,0,@@@NO@@@,0,0)','',2,'2013-05-24'),(17715,'DELETE FROM mae_impuestos_productos WHERE pro_codigo_plu=@@@78017223@@@','',2,'2013-05-24'),(17716,'UPDATE mae_productos SET pro_precio_fiscal=pro_precio_venta WHERE pro_codigo_plu=78017223','',2,'2013-05-24'),(17717,'UPDATE mae_productos SET pro_precio_fiscal=pro_precio_venta WHERE pro_codigo_plu=78017222','',2,'2013-05-24'),(17718,'INSERT INTO gne_vale_ferreteria (vfe_id,vfe_fecha,vfe_total,vfe_estado,vfe_entregado,usu_nusuario) VALUES (597,@@@2013.05.25@@@,2990,1,0,@@@b_SAEZ@@@)','',2,'2013-05-25'),(17719,'INSERT INTO gne_vale_ferreteria_mov (vfe_id,pro_codigo_plu,vfm_cantidad,vfm_unitario,vfm_total,vfm_entregado) VALUES (597,20595,1,2990,2990,@@@NO@@@)','',2,'2013-05-25'),(17720,'INSERT INTO gne_vale_ferreteria (vfe_id,vfe_fecha,vfe_total,vfe_estado,vfe_entregado,usu_nusuario) VALUES (598,@@@2013.05.25@@@,2100,1,0,@@@b_SAEZ@@@)','',2,'2013-05-25'),(17721,'INSERT INTO gne_vale_ferreteria_mov (vfe_id,pro_codigo_plu,vfm_cantidad,vfm_unitario,vfm_total,vfm_entregado) VALUES (598,763991,1,2100,2100,@@@NO@@@)','',2,'2013-05-25'),(17722,'INSERT INTO gne_vale_ferreteria (vfe_id,vfe_fecha,vfe_total,vfe_estado,vfe_entregado,usu_nusuario) VALUES (599,@@@2013.05.25@@@,1330,1,0,@@@b_SAEZ@@@)','',2,'2013-05-25'),(17723,'INSERT INTO gne_vale_ferreteria_mov (vfe_id,pro_codigo_plu,vfm_cantidad,vfm_unitario,vfm_total,vfm_entregado) VALUES (599,764831,2,120,240,@@@NO@@@)','',2,'2013-05-25'),(17724,'INSERT INTO gne_vale_ferreteria_mov (vfe_id,pro_codigo_plu,vfm_cantidad,vfm_unitario,vfm_total,vfm_entregado) VALUES (599,770000,10,50,500,@@@NO@@@)','',2,'2013-05-25'),(17725,'INSERT INTO gne_vale_ferreteria_mov (vfe_id,pro_codigo_plu,vfm_cantidad,vfm_unitario,vfm_total,vfm_entregado) VALUES (599,78017135,1,200,200,@@@NO@@@)','',2,'2013-05-25'),(17726,'INSERT INTO gne_vale_ferreteria_mov (vfe_id,pro_codigo_plu,vfm_cantidad,vfm_unitario,vfm_total,vfm_entregado) VALUES (599,78017020,1,390,390,@@@NO@@@)','',2,'2013-05-25'),(17727,'INSERT INTO gne_vale_ferreteria (vfe_id,vfe_fecha,vfe_total,vfe_estado,vfe_entregado,usu_nusuario) VALUES (600,@@@2013.05.25@@@,3640,1,0,@@@b_SAEZ@@@)','',2,'2013-05-25'),(17728,'INSERT INTO gne_vale_ferreteria_mov (vfe_id,pro_codigo_plu,vfm_cantidad,vfm_unitario,vfm_total,vfm_entregado) VALUES (600,763628,1,3490,3490,@@@NO@@@)','',2,'2013-05-25'),(17729,'INSERT INTO gne_vale_ferreteria_mov (vfe_id,pro_codigo_plu,vfm_cantidad,vfm_unitario,vfm_total,vfm_entregado) VALUES (600,764580,1,150,150,@@@NO@@@)','',2,'2013-05-25'),(17730,'INSERT INTO gne_vale_ferreteria (vfe_id,vfe_fecha,vfe_total,vfe_estado,vfe_entregado,usu_nusuario) VALUES (601,@@@2013.05.25@@@,3640,1,0,@@@b_SAEZ@@@)','',2,'2013-05-25'),(17731,'INSERT INTO gne_vale_ferreteria_mov (vfe_id,pro_codigo_plu,vfm_cantidad,vfm_unitario,vfm_total,vfm_entregado) VALUES (601,763628,1,3490,3490,@@@NO@@@)','',2,'2013-05-25'),(17732,'INSERT INTO gne_vale_ferreteria_mov (vfe_id,pro_codigo_plu,vfm_cantidad,vfm_unitario,vfm_total,vfm_entregado) VALUES (601,764580,1,150,150,@@@NO@@@)','',2,'2013-05-25'),(17733,'INSERT INTO gne_vale_ferreteria (vfe_id,vfe_fecha,vfe_total,vfe_estado,vfe_entregado,usu_nusuario) VALUES (602,@@@2013.05.25@@@,890,1,0,@@@b_SAEZ@@@)','',2,'2013-05-25'),(17734,'INSERT INTO gne_vale_ferreteria_mov (vfe_id,pro_codigo_plu,vfm_cantidad,vfm_unitario,vfm_total,vfm_entregado) VALUES (602,763610,1,890,890,@@@NO@@@)','',2,'2013-05-25'),(17735,'UPDATE mae_productos SET pro_margen_actual=0,pro_precio_venta=4590 WHERE pro_codigo_plu=1','',2,'2013-05-25'),(17736,'UPDATE mae_productos SET pro_margen_actual=0,pro_precio_venta=4590 WHERE pro_codigo_plu=2','',2,'2013-05-25'),(17737,'UPDATE mae_productos SET pro_margen_actual=0,pro_precio_venta=4590 WHERE pro_codigo_plu=3','',2,'2013-05-25'),(17738,'UPDATE mae_productos SET pro_margen_actual=0,pro_precio_venta=3490 WHERE pro_codigo_plu=4','',2,'2013-05-25'),(17739,'UPDATE mae_productos SET pro_margen_actual=0,pro_precio_venta=6190 WHERE pro_codigo_plu=5','',2,'2013-05-25'),(17740,'UPDATE mae_productos SET pro_margen_actual=0,pro_precio_venta=3990 WHERE pro_codigo_plu=6','',2,'2013-05-25'),(17741,'UPDATE mae_productos SET pro_margen_actual=0,pro_precio_venta=3990 WHERE pro_codigo_plu=7','',2,'2013-05-25'),(17742,'UPDATE mae_productos SET pro_margen_actual=0,pro_precio_venta=2190 WHERE pro_codigo_plu=8','',2,'2013-05-25'),(17743,'UPDATE mae_productos SET pro_margen_actual=0,pro_precio_venta=2590 WHERE pro_codigo_plu=9','',2,'2013-05-25'),(17744,'UPDATE mae_productos SET pro_margen_actual=0,pro_precio_venta=499 WHERE pro_codigo_plu=10','',2,'2013-05-25'),(17745,'UPDATE mae_productos SET pro_margen_actual=0,pro_precio_venta=1500 WHERE pro_codigo_plu=11','',2,'2013-05-25'),(17746,'UPDATE mae_productos SET pro_margen_actual=0,pro_precio_venta=4590 WHERE pro_codigo_plu=12','',2,'2013-05-25'),(17747,'UPDATE mae_productos SET pro_margen_actual=0,pro_precio_venta=1590 WHERE pro_codigo_plu=13','',2,'2013-05-25'),(17748,'UPDATE mae_productos SET pro_margen_actual=0,pro_precio_venta=2190 WHERE pro_codigo_plu=14','',2,'2013-05-25'),(17749,'UPDATE mae_productos SET pro_margen_actual=0,pro_precio_venta=1590 WHERE pro_codigo_plu=15','',2,'2013-05-25'),(17750,'UPDATE mae_productos SET pro_margen_actual=0,pro_precio_venta=790 WHERE pro_codigo_plu=16','',2,'2013-05-25'),(17751,'UPDATE mae_productos SET pro_margen_actual=0,pro_precio_venta=4590 WHERE pro_codigo_plu=17','',2,'2013-05-25'),(17752,'UPDATE mae_productos SET pro_margen_actual=0,pro_precio_venta=6990 WHERE pro_codigo_plu=18','',2,'2013-05-25'),(17753,'UPDATE mae_productos SET pro_margen_actual=0,pro_precio_venta=4590 WHERE pro_codigo_plu=19','',2,'2013-05-25'),(17754,'UPDATE mae_productos SET pro_margen_actual=0,pro_precio_venta=4590 WHERE pro_codigo_plu=20','',2,'2013-05-25'),(17755,'UPDATE mae_productos SET pro_margen_actual=0,pro_precio_venta=790 WHERE pro_codigo_plu=21','',2,'2013-05-25'),(17756,'UPDATE mae_productos SET pro_margen_actual=0,pro_precio_venta=1790 WHERE pro_codigo_plu=22','',2,'2013-05-25'),(17757,'UPDATE mae_productos SET pro_margen_actual=0,pro_precio_venta=4590 WHERE pro_codigo_plu=23','',2,'2013-05-25'),(17758,'UPDATE mae_productos SET pro_margen_actual=0,pro_precio_venta=6690 WHERE pro_codigo_plu=24','',2,'2013-05-25'),(17759,'UPDATE mae_productos SET pro_margen_actual=0,pro_precio_venta=6690 WHERE pro_codigo_plu=25','',2,'2013-05-25'),(17760,'UPDATE mae_productos SET pro_margen_actual=0,pro_precio_venta=2490 WHERE pro_codigo_plu=26','',2,'2013-05-25'),(17761,'UPDATE mae_productos SET pro_precio_fiscal=pro_precio_venta WHERE pro_codigo_plu=16','',2,'2013-05-25'),(17762,'UPDATE mae_productos SET pro_precio_fiscal=pro_precio_venta WHERE pro_codigo_plu=18','',2,'2013-05-25'),(17763,'UPDATE mae_productos SET pro_precio_fiscal=pro_precio_venta WHERE pro_codigo_plu=21','',2,'2013-05-25'),(17764,'UPDATE mae_productos SET pro_precio_fiscal=pro_precio_venta WHERE pro_codigo_plu=26','',2,'2013-05-25'),(17765,'INSERT INTO gne_vale_ferreteria (vfe_id,vfe_fecha,vfe_total,vfe_estado,vfe_entregado,usu_nusuario) VALUES (603,@@@2013.05.25@@@,1490,1,0,@@@b_SAEZ@@@)','',2,'2013-05-25'),(17766,'INSERT INTO gne_vale_ferreteria_mov (vfe_id,pro_codigo_plu,vfm_cantidad,vfm_unitario,vfm_total,vfm_entregado) VALUES (603,764564,1,1490,1490,@@@NO@@@)','',2,'2013-05-25'),(17767,'INSERT INTO gne_vale_ferreteria (vfe_id,vfe_fecha,vfe_total,vfe_estado,vfe_entregado,usu_nusuario) VALUES (604,@@@2013.05.25@@@,900,1,0,@@@b_SAEZ@@@)','',2,'2013-05-25'),(17768,'INSERT INTO gne_vale_ferreteria_mov (vfe_id,pro_codigo_plu,vfm_cantidad,vfm_unitario,vfm_total,vfm_entregado) VALUES (604,763884,1,900,900,@@@NO@@@)','',2,'2013-05-25'),(17769,'INSERT INTO gne_vale_ferreteria (vfe_id,vfe_fecha,vfe_total,vfe_estado,vfe_entregado,usu_nusuario) VALUES (605,@@@2013.05.25@@@,3960,1,0,@@@b_SAEZ@@@)','',2,'2013-05-25'),(17770,'INSERT INTO gne_vale_ferreteria_mov (vfe_id,pro_codigo_plu,vfm_cantidad,vfm_unitario,vfm_total,vfm_entregado) VALUES (605,764922,4,990,3960,@@@NO@@@)','',2,'2013-05-25'),(17771,'INSERT INTO gne_vale_ferreteria (vfe_id,vfe_fecha,vfe_total,vfe_estado,vfe_entregado,usu_nusuario) VALUES (606,@@@2013.05.25@@@,990,1,0,@@@b_SAEZ@@@)','',2,'2013-05-25'),(17772,'INSERT INTO gne_vale_ferreteria_mov (vfe_id,pro_codigo_plu,vfm_cantidad,vfm_unitario,vfm_total,vfm_entregado) VALUES (606,764922,1,990,990,@@@NO@@@)','',2,'2013-05-25'),(17773,'INSERT INTO gne_vale_ferreteria (vfe_id,vfe_fecha,vfe_total,vfe_estado,vfe_entregado,usu_nusuario) VALUES (607,@@@2013.05.25@@@,1890,1,0,@@@b_SAEZ@@@)','',2,'2013-05-25'),(17774,'INSERT INTO gne_vale_ferreteria_mov (vfe_id,pro_codigo_plu,vfm_cantidad,vfm_unitario,vfm_total,vfm_entregado) VALUES (607,101624,1,1890,1890,@@@NO@@@)','',2,'2013-05-25'),(17775,'INSERT INTO gne_vale_ferreteria (vfe_id,vfe_fecha,vfe_total,vfe_estado,vfe_entregado,usu_nusuario) VALUES (608,@@@2013.05.25@@@,4740,1,0,@@@b_SAEZ@@@)','',2,'2013-05-25'),(17776,'INSERT INTO gne_vale_ferreteria_mov (vfe_id,pro_codigo_plu,vfm_cantidad,vfm_unitario,vfm_total,vfm_entregado) VALUES (608,101454,6,790,4740,@@@NO@@@)','',2,'2013-05-25'),(17777,'INSERT INTO gne_vale_ferreteria (vfe_id,vfe_fecha,vfe_total,vfe_estado,vfe_entregado,usu_nusuario) VALUES (609,@@@2013.05.25@@@,120,1,0,@@@b_SAEZ@@@)','',2,'2013-05-25'),(17778,'INSERT INTO gne_vale_ferreteria_mov (vfe_id,pro_codigo_plu,vfm_cantidad,vfm_unitario,vfm_total,vfm_entregado) VALUES (609,764780,2,60,120,@@@NO@@@)','',2,'2013-05-25'),(17779,'INSERT INTO gne_vale_ferreteria (vfe_id,vfe_fecha,vfe_total,vfe_estado,vfe_entregado,usu_nusuario) VALUES (610,@@@2013.05.25@@@,820,1,0,@@@b_SAEZ@@@)','',2,'2013-05-25'),(17780,'INSERT INTO gne_vale_ferreteria_mov (vfe_id,pro_codigo_plu,vfm_cantidad,vfm_unitario,vfm_total,vfm_entregado) VALUES (610,764269,1,400,400,@@@NO@@@)','',2,'2013-05-25'),(17781,'INSERT INTO gne_vale_ferreteria_mov (vfe_id,pro_codigo_plu,vfm_cantidad,vfm_unitario,vfm_total,vfm_entregado) VALUES (610,1070,1,250,250,@@@NO@@@)','',2,'2013-05-25'),(17782,'INSERT INTO gne_vale_ferreteria_mov (vfe_id,pro_codigo_plu,vfm_cantidad,vfm_unitario,vfm_total,vfm_entregado) VALUES (610,1060,1,170,170,@@@NO@@@)','',2,'2013-05-25'),(17783,'INSERT INTO gne_vale_ferreteria (vfe_id,vfe_fecha,vfe_total,vfe_estado,vfe_entregado,usu_nusuario) VALUES (611,@@@2013.05.25@@@,550,1,0,@@@b_SAEZ@@@)','',2,'2013-05-25'),(17784,'INSERT INTO gne_vale_ferreteria_mov (vfe_id,pro_codigo_plu,vfm_cantidad,vfm_unitario,vfm_total,vfm_entregado) VALUES (611,764269,1,400,400,@@@NO@@@)','',2,'2013-05-25'),(17785,'INSERT INTO gne_vale_ferreteria_mov (vfe_id,pro_codigo_plu,vfm_cantidad,vfm_unitario,vfm_total,vfm_entregado) VALUES (611,770035,1,150,150,@@@NO@@@)','',2,'2013-05-25'),(17786,'INSERT INTO gne_vale_ferreteria (vfe_id,vfe_fecha,vfe_total,vfe_estado,vfe_entregado,usu_nusuario) VALUES (612,@@@2013.05.25@@@,3790,1,0,@@@b_SAEZ@@@)','',2,'2013-05-25'),(17787,'INSERT INTO gne_vale_ferreteria_mov (vfe_id,pro_codigo_plu,vfm_cantidad,vfm_unitario,vfm_total,vfm_entregado) VALUES (612,765017,1,3790,3790,@@@NO@@@)','',2,'2013-05-25'),(17788,'INSERT INTO gne_vale_ferreteria (vfe_id,vfe_fecha,vfe_total,vfe_estado,vfe_entregado,usu_nusuario) VALUES (613,@@@2013.05.25@@@,2190,1,0,@@@b_SAEZ@@@)','',2,'2013-05-25'),(17789,'INSERT INTO gne_vale_ferreteria_mov (vfe_id,pro_codigo_plu,vfm_cantidad,vfm_unitario,vfm_total,vfm_entregado) VALUES (613,101852,1,1890,1890,@@@NO@@@)','',2,'2013-05-25'),(17790,'INSERT INTO gne_vale_ferreteria_mov (vfe_id,pro_codigo_plu,vfm_cantidad,vfm_unitario,vfm_total,vfm_entregado) VALUES (613,101433,1,300,300,@@@NO@@@)','',2,'2013-05-25'),(17791,'INSERT INTO mae_productos (pro_codigo_plu,pro_codigo_barra,pro_tipo,pro_nombre_producto,pro_nombre_corto,med_id,emb_id,pro_unidades_embalaje,dep_id,lin_id,mar_id,pro_precio_compra_neto,pro_precio_compra_bruto,pro_precio_venta,pro_margen_actual,pro_oferta,pro_fecha_inicio_oferta,pro_fecha_termino_oferta,pro_precio_oferta,pro_stock_minimo,pro_stock_critico,pro_entradas_bodega,pro_salidas_bodega,pro_mermas_bodega,pro_ajustes_bodega,pro_entradas_sv,pro_salidas_sv,pro_mermas_sv,pro_ajustes_sv,pro_activo,rec_numero,pro_unidad,pro_capacidad,pro_consumo_bodega,pro_consumo_sv,pro_estado,pro_funcion_plu,pro_flejes,pro_iva,pro_plu_asociado,pro_envase,pro_duracion,pro_numero_etiqueta) VALUES (78017224,@@@6927766030369@@@,@@@0@@@,@@@AMPOLLETA ENERGY SAVER SONIC@@@,@@@AMPOLLETA ENERGY@@@,@@@1 @@@,@@@3 @@@,@@@0@@@,@@@2 @@@,@@@43@@@,@@@2507@@@,@@@0@@@,@@@0@@@,@@@1890@@@,@@@0@@@,@@@@@@,@@@2013.05.25@@@,@@@2013.05.25@@@,@@@0@@@,@@@0@@@,@@@0@@@,@@@0@@@,@@@0@@@,@@@0@@@,@@@0@@@,@@@0@@@,@@@0@@@,@@@0@@@,@@@0@@@,@@@1@@@,@@@0@@@,0,1,0,0,2,0,1,1,0,@@@NO@@@,0,0)','',2,'2013-05-25'),(17792,'DELETE FROM mae_impuestos_productos WHERE pro_codigo_plu=@@@78017224@@@','',2,'2013-05-25'),(17793,'INSERT INTO gne_vale_ferreteria (vfe_id,vfe_fecha,vfe_total,vfe_estado,vfe_entregado,usu_nusuario) VALUES (614,@@@2013.05.25@@@,1990,1,0,@@@b_SAEZ@@@)','',2,'2013-05-25'),(17794,'INSERT INTO gne_vale_ferreteria_mov (vfe_id,pro_codigo_plu,vfm_cantidad,vfm_unitario,vfm_total,vfm_entregado) VALUES (614,20960,1,1990,1990,@@@NO@@@)','',2,'2013-05-25'),(17795,'INSERT INTO gne_vale_ferreteria (vfe_id,vfe_fecha,vfe_total,vfe_estado,vfe_entregado,usu_nusuario) VALUES (615,@@@2013.05.25@@@,700,1,0,@@@b_SAEZ@@@)','',2,'2013-05-25'),(17796,'INSERT INTO gne_vale_ferreteria_mov (vfe_id,pro_codigo_plu,vfm_cantidad,vfm_unitario,vfm_total,vfm_entregado) VALUES (615,78017139,1,200,200,@@@NO@@@)','',2,'2013-05-25'),(17797,'INSERT INTO gne_vale_ferreteria_mov (vfe_id,pro_codigo_plu,vfm_cantidad,vfm_unitario,vfm_total,vfm_entregado) VALUES (615,78017133,1,200,200,@@@NO@@@)','',2,'2013-05-25'),(17798,'INSERT INTO gne_vale_ferreteria_mov (vfe_id,pro_codigo_plu,vfm_cantidad,vfm_unitario,vfm_total,vfm_entregado) VALUES (615,78017131,1,200,200,@@@NO@@@)','',2,'2013-05-25'),(17799,'INSERT INTO gne_vale_ferreteria_mov (vfe_id,pro_codigo_plu,vfm_cantidad,vfm_unitario,vfm_total,vfm_entregado) VALUES (615,78017111,1,100,100,@@@NO@@@)','',2,'2013-05-25'),(17800,'INSERT INTO gne_vale_ferreteria (vfe_id,vfe_fecha,vfe_total,vfe_estado,vfe_entregado,usu_nusuario) VALUES (616,@@@2013.05.25@@@,1690,1,0,@@@b_SAEZ@@@)','',2,'2013-05-25'),(17801,'INSERT INTO gne_vale_ferreteria_mov (vfe_id,pro_codigo_plu,vfm_cantidad,vfm_unitario,vfm_total,vfm_entregado) VALUES (616,7024,1,1690,1690,@@@NO@@@)','',2,'2013-05-25'),(17802,'INSERT INTO gne_vale_ferreteria (vfe_id,vfe_fecha,vfe_total,vfe_estado,vfe_entregado,usu_nusuario) VALUES (617,@@@2013.05.25@@@,490,1,0,@@@b_SAEZ@@@)','',2,'2013-05-25'),(17803,'INSERT INTO gne_vale_ferreteria_mov (vfe_id,pro_codigo_plu,vfm_cantidad,vfm_unitario,vfm_total,vfm_entregado) VALUES (617,770005,1,490,490,@@@NO@@@)','',2,'2013-05-25'),(17804,'INSERT INTO gne_vale_ferreteria (vfe_id,vfe_fecha,vfe_total,vfe_estado,vfe_entregado,usu_nusuario) VALUES (618,@@@2013.05.25@@@,1490,1,0,@@@b_SAEZ@@@)','',2,'2013-05-25'),(17805,'INSERT INTO gne_vale_ferreteria_mov (vfe_id,pro_codigo_plu,vfm_cantidad,vfm_unitario,vfm_total,vfm_entregado) VALUES (618,10712,1,1490,1490,@@@NO@@@)','',2,'2013-05-25'),(17806,'INSERT INTO gne_vale_ferreteria (vfe_id,vfe_fecha,vfe_total,vfe_estado,vfe_entregado,usu_nusuario) VALUES (619,@@@2013.05.25@@@,200,1,0,@@@b_SAEZ@@@)','',2,'2013-05-25'),(17807,'INSERT INTO gne_vale_ferreteria_mov (vfe_id,pro_codigo_plu,vfm_cantidad,vfm_unitario,vfm_total,vfm_entregado) VALUES (619,770033,5,40,200,@@@NO@@@)','',2,'2013-05-25'),(17808,'INSERT INTO mae_productos (pro_codigo_plu,pro_codigo_barra,pro_tipo,pro_nombre_producto,pro_nombre_corto,med_id,emb_id,pro_unidades_embalaje,dep_id,lin_id,mar_id,pro_precio_compra_neto,pro_precio_compra_bruto,pro_precio_venta,pro_margen_actual,pro_oferta,pro_fecha_inicio_oferta,pro_fecha_termino_oferta,pro_precio_oferta,pro_stock_minimo,pro_stock_critico,pro_entradas_bodega,pro_salidas_bodega,pro_mermas_bodega,pro_ajustes_bodega,pro_entradas_sv,pro_salidas_sv,pro_mermas_sv,pro_ajustes_sv,pro_activo,rec_numero,pro_unidad,pro_capacidad,pro_consumo_bodega,pro_consumo_sv,pro_estado,pro_funcion_plu,pro_flejes,pro_iva,pro_plu_asociado,pro_envase,pro_duracion,pro_numero_etiqueta) VALUES (78017225,@@@082488143011@@@,@@@0@@@,@@@PACK BECK`S IMPORTED GERMANY@@@,@@@PACK BECK`S IMPO@@@,@@@1 @@@,@@@3 @@@,@@@0@@@,@@@7 @@@,@@@63@@@,@@@2507@@@,@@@0@@@,@@@0@@@,@@@3790@@@,@@@0@@@,@@@@@@,@@@2013.05.25@@@,@@@2013.05.25@@@,@@@0@@@,@@@0@@@,@@@0@@@,@@@0@@@,@@@0@@@,@@@0@@@,@@@0@@@,@@@0@@@,@@@0@@@,@@@0@@@,@@@0@@@,@@@1@@@,@@@0@@@,0,6,0,0,2,0,1,1,0,@@@NO@@@,0,0)','',2,'2013-05-25'),(17809,'DELETE FROM mae_impuestos_productos WHERE pro_codigo_plu=@@@78017225@@@','',2,'2013-05-25'),(17810,'INSERT INTO mae_productos (pro_codigo_plu,pro_codigo_barra,pro_tipo,pro_nombre_producto,pro_nombre_corto,med_id,emb_id,pro_unidades_embalaje,dep_id,lin_id,mar_id,pro_precio_compra_neto,pro_precio_compra_bruto,pro_precio_venta,pro_margen_actual,pro_oferta,pro_fecha_inicio_oferta,pro_fecha_termino_oferta,pro_precio_oferta,pro_stock_minimo,pro_stock_critico,pro_entradas_bodega,pro_salidas_bodega,pro_mermas_bodega,pro_ajustes_bodega,pro_entradas_sv,pro_salidas_sv,pro_mermas_sv,pro_ajustes_sv,pro_activo,rec_numero,pro_unidad,pro_capacidad,pro_consumo_bodega,pro_consumo_sv,pro_estado,pro_funcion_plu,pro_flejes,pro_iva,pro_plu_asociado,pro_envase,pro_duracion,pro_numero_etiqueta) VALUES (78017226,@@@7792798006052@@@,@@@0@@@,@@@PACK STELLA ARTOIS PREMIUM BEER@@@,@@@PACK STELLA ARTO@@@,@@@1 @@@,@@@3 @@@,@@@0@@@,@@@7 @@@,@@@63@@@,@@@2507@@@,@@@0@@@,@@@0@@@,@@@3590@@@,@@@0@@@,@@@@@@,@@@2013.05.25@@@,@@@2013.05.25@@@,@@@0@@@,@@@0@@@,@@@0@@@,@@@0@@@,@@@0@@@,@@@0@@@,@@@0@@@,@@@0@@@,@@@0@@@,@@@0@@@,@@@0@@@,@@@1@@@,@@@0@@@,0,6,0,0,2,0,1,1,0,@@@NO@@@,0,0)','',2,'2013-05-25'),(17811,'DELETE FROM mae_impuestos_productos WHERE pro_codigo_plu=@@@78017226@@@','',2,'2013-05-25'),(17812,'INSERT INTO mae_productos (pro_codigo_plu,pro_codigo_barra,pro_tipo,pro_nombre_producto,pro_nombre_corto,med_id,emb_id,pro_unidades_embalaje,dep_id,lin_id,mar_id,pro_precio_compra_neto,pro_precio_compra_bruto,pro_precio_venta,pro_margen_actual,pro_oferta,pro_fecha_inicio_oferta,pro_fecha_termino_oferta,pro_precio_oferta,pro_stock_minimo,pro_stock_critico,pro_entradas_bodega,pro_salidas_bodega,pro_mermas_bodega,pro_ajustes_bodega,pro_entradas_sv,pro_salidas_sv,pro_mermas_sv,pro_ajustes_sv,pro_activo,rec_numero,pro_unidad,pro_capacidad,pro_consumo_bodega,pro_consumo_sv,pro_estado,pro_funcion_plu,pro_flejes,pro_iva,pro_plu_asociado,pro_envase,pro_duracion,pro_numero_etiqueta) VALUES (78017227,@@@7806810800228@@@,@@@0@@@,@@@BOLSAS PARA BASURA VIRUTEX 70*90CM/70ITS@@@,@@@BOLSAS PARA BASU@@@,@@@1 @@@,@@@3 @@@,@@@0@@@,@@@2 @@@,@@@41@@@,@@@1296@@@,@@@0@@@,@@@0@@@,@@@750@@@,@@@0@@@,@@@@@@,@@@2013.05.25@@@,@@@2013.05.25@@@,@@@0@@@,@@@0@@@,@@@0@@@,@@@0@@@,@@@0@@@,@@@0@@@,@@@0@@@,@@@0@@@,@@@0@@@,@@@0@@@,@@@0@@@,@@@1@@@,@@@0@@@,0,10,0,0,2,0,1,1,0,@@@NO@@@,0,0)','',2,'2013-05-25'),(17813,'DELETE FROM mae_impuestos_productos WHERE pro_codigo_plu=@@@78017227@@@','',2,'2013-05-25'),(17814,'INSERT INTO gne_vale_ferreteria (vfe_id,vfe_fecha,vfe_total,vfe_estado,vfe_entregado,usu_nusuario) VALUES (620,@@@2013.05.25@@@,2680,1,0,@@@b_SAEZ@@@)','',2,'2013-05-25'),(17815,'INSERT INTO gne_vale_ferreteria_mov (vfe_id,pro_codigo_plu,vfm_cantidad,vfm_unitario,vfm_total,vfm_entregado) VALUES (620,764623,1,990,990,@@@NO@@@)','',2,'2013-05-25'),(17816,'INSERT INTO gne_vale_ferreteria_mov (vfe_id,pro_codigo_plu,vfm_cantidad,vfm_unitario,vfm_total,vfm_entregado) VALUES (620,763697,1,1690,1690,@@@NO@@@)','',2,'2013-05-25'),(17817,'INSERT INTO gne_vale_ferreteria (vfe_id,vfe_fecha,vfe_total,vfe_estado,vfe_entregado,usu_nusuario) VALUES (621,@@@2013.05.25@@@,2190,1,0,@@@b_SAEZ@@@)','',2,'2013-05-25'),(17818,'INSERT INTO gne_vale_ferreteria_mov (vfe_id,pro_codigo_plu,vfm_cantidad,vfm_unitario,vfm_total,vfm_entregado) VALUES (621,20521,1,2190,2190,@@@NO@@@)','',2,'2013-05-25'),(17819,'INSERT INTO gne_vale_ferreteria (vfe_id,vfe_fecha,vfe_total,vfe_estado,vfe_entregado,usu_nusuario) VALUES (622,@@@2013.05.25@@@,3390,1,0,@@@b_SAEZ@@@)','',2,'2013-05-25'),(17820,'INSERT INTO gne_vale_ferreteria_mov (vfe_id,pro_codigo_plu,vfm_cantidad,vfm_unitario,vfm_total,vfm_entregado) VALUES (622,764671,1,3390,3390,@@@NO@@@)','',2,'2013-05-25'),(17821,'INSERT INTO gne_vale_ferreteria (vfe_id,vfe_fecha,vfe_total,vfe_estado,vfe_entregado,usu_nusuario) VALUES (623,@@@2013.05.25@@@,1690,1,0,@@@b_SAEZ@@@)','',2,'2013-05-25'),(17822,'INSERT INTO gne_vale_ferreteria_mov (vfe_id,pro_codigo_plu,vfm_cantidad,vfm_unitario,vfm_total,vfm_entregado) VALUES (623,764037,1,1190,1190,@@@NO@@@)','',2,'2013-05-25'),(17823,'INSERT INTO gne_vale_ferreteria_mov (vfe_id,pro_codigo_plu,vfm_cantidad,vfm_unitario,vfm_total,vfm_entregado) VALUES (623,770000,1,50,50,@@@NO@@@)','',2,'2013-05-25'),(17824,'INSERT INTO gne_vale_ferreteria_mov (vfe_id,pro_codigo_plu,vfm_cantidad,vfm_unitario,vfm_total,vfm_entregado) VALUES (623,764016,1,450,450,@@@NO@@@)','',2,'2013-05-25'),(17825,'INSERT INTO gne_vale_ferreteria (vfe_id,vfe_fecha,vfe_total,vfe_estado,vfe_entregado,usu_nusuario) VALUES (624,@@@2013.05.25@@@,680,1,0,@@@b_SAEZ@@@)','',2,'2013-05-25'),(17826,'INSERT INTO gne_vale_ferreteria_mov (vfe_id,pro_codigo_plu,vfm_cantidad,vfm_unitario,vfm_total,vfm_entregado) VALUES (624,19866,1,680,680,@@@NO@@@)','',2,'2013-05-25'),(17827,'INSERT INTO gne_vale_ferreteria (vfe_id,vfe_fecha,vfe_total,vfe_estado,vfe_entregado,usu_nusuario) VALUES (625,@@@2013.05.25@@@,590,1,0,@@@b_SAEZ@@@)','',2,'2013-05-25'),(17828,'INSERT INTO gne_vale_ferreteria_mov (vfe_id,pro_codigo_plu,vfm_cantidad,vfm_unitario,vfm_total,vfm_entregado) VALUES (625,19865,1,590,590,@@@NO@@@)','',2,'2013-05-25'),(17829,'INSERT INTO mae_productos (pro_codigo_plu,pro_codigo_barra,pro_tipo,pro_nombre_producto,pro_nombre_corto,med_id,emb_id,pro_unidades_embalaje,dep_id,lin_id,mar_id,pro_precio_compra_neto,pro_precio_compra_bruto,pro_precio_venta,pro_margen_actual,pro_oferta,pro_fecha_inicio_oferta,pro_fecha_termino_oferta,pro_precio_oferta,pro_stock_minimo,pro_stock_critico,pro_entradas_bodega,pro_salidas_bodega,pro_mermas_bodega,pro_ajustes_bodega,pro_entradas_sv,pro_salidas_sv,pro_mermas_sv,pro_ajustes_sv,pro_activo,rec_numero,pro_unidad,pro_capacidad,pro_consumo_bodega,pro_consumo_sv,pro_estado,pro_funcion_plu,pro_flejes,pro_iva,pro_plu_asociado,pro_envase,pro_duracion,pro_numero_etiqueta) VALUES (78017228,@@@7805851092821@@@,@@@0@@@,@@@PANTY LAURA ALMOND 3@@@,@@@PANTY LAURA ALMO@@@,@@@1 @@@,@@@3 @@@,@@@0@@@,@@@39 @@@,@@@198@@@,@@@2584@@@,@@@0@@@,@@@0@@@,@@@2100@@@,@@@0@@@,@@@@@@,@@@2013.05.25@@@,@@@2013.05.25@@@,@@@0@@@,@@@0@@@,@@@0@@@,@@@0@@@,@@@0@@@,@@@0@@@,@@@0@@@,@@@0@@@,@@@0@@@,@@@0@@@,@@@0@@@,@@@1@@@,@@@0@@@,0,1,0,0,2,0,1,1,0,@@@NO@@@,0,0)','',2,'2013-05-25'),(17830,'DELETE FROM mae_impuestos_productos WHERE pro_codigo_plu=@@@78017228@@@','',2,'2013-05-25'),(17831,'INSERT INTO mae_productos (pro_codigo_plu,pro_codigo_barra,pro_tipo,pro_nombre_producto,pro_nombre_corto,med_id,emb_id,pro_unidades_embalaje,dep_id,lin_id,mar_id,pro_precio_compra_neto,pro_precio_compra_bruto,pro_precio_venta,pro_margen_actual,pro_oferta,pro_fecha_inicio_oferta,pro_fecha_termino_oferta,pro_precio_oferta,pro_stock_minimo,pro_stock_critico,pro_entradas_bodega,pro_salidas_bodega,pro_mermas_bodega,pro_ajustes_bodega,pro_entradas_sv,pro_salidas_sv,pro_mermas_sv,pro_ajustes_sv,pro_activo,rec_numero,pro_unidad,pro_capacidad,pro_consumo_bodega,pro_consumo_sv,pro_estado,pro_funcion_plu,pro_flejes,pro_iva,pro_plu_asociado,pro_envase,pro_duracion,pro_numero_etiqueta) VALUES (78017229,@@@7805851093064@@@,@@@0@@@,@@@PANTY LAURA ROSE 4@@@,@@@PANTY LAURA ROSE@@@,@@@1 @@@,@@@3 @@@,@@@0@@@,@@@39 @@@,@@@198@@@,@@@2584@@@,@@@0@@@,@@@0@@@,@@@2100@@@,@@@0@@@,@@@@@@,@@@2013.05.25@@@,@@@2013.05.25@@@,@@@0@@@,@@@0@@@,@@@0@@@,@@@0@@@,@@@0@@@,@@@0@@@,@@@0@@@,@@@0@@@,@@@0@@@,@@@0@@@,@@@0@@@,@@@1@@@,@@@0@@@,0,1,0,0,2,0,1,1,0,@@@NO@@@,0,0)','',2,'2013-05-25'),(17832,'DELETE FROM mae_impuestos_productos WHERE pro_codigo_plu=@@@78017229@@@','',2,'2013-05-25'),(17833,'INSERT INTO mae_productos (pro_codigo_plu,pro_codigo_barra,pro_tipo,pro_nombre_producto,pro_nombre_corto,med_id,emb_id,pro_unidades_embalaje,dep_id,lin_id,mar_id,pro_precio_compra_neto,pro_precio_compra_bruto,pro_precio_venta,pro_margen_actual,pro_oferta,pro_fecha_inicio_oferta,pro_fecha_termino_oferta,pro_precio_oferta,pro_stock_minimo,pro_stock_critico,pro_entradas_bodega,pro_salidas_bodega,pro_mermas_bodega,pro_ajustes_bodega,pro_entradas_sv,pro_salidas_sv,pro_mermas_sv,pro_ajustes_sv,pro_activo,rec_numero,pro_unidad,pro_capacidad,pro_consumo_bodega,pro_consumo_sv,pro_estado,pro_funcion_plu,pro_flejes,pro_iva,pro_plu_asociado,pro_envase,pro_duracion,pro_numero_etiqueta) VALUES (78017230,@@@7806810800235@@@,@@@0@@@,@@@BOLSA GRANDE VIRUTEX 80*110CM/120ITS@@@,@@@BOLSA GRANDE VIR@@@,@@@1 @@@,@@@3 @@@,@@@0@@@,@@@2 @@@,@@@41@@@,@@@1296@@@,@@@0@@@,@@@0@@@,@@@1190@@@,@@@0@@@,@@@@@@,@@@2013.05.25@@@,@@@2013.05.25@@@,@@@0@@@,@@@0@@@,@@@0@@@,@@@0@@@,@@@0@@@,@@@0@@@,@@@0@@@,@@@0@@@,@@@0@@@,@@@0@@@,@@@0@@@,@@@1@@@,@@@0@@@,0,10,0,0,2,0,1,1,0,@@@NO@@@,0,0)','',2,'2013-05-25'),(17834,'DELETE FROM mae_impuestos_productos WHERE pro_codigo_plu=@@@78017230@@@','',2,'2013-05-25'),(17835,'UPDATE mae_productos SET pro_precio_fiscal=pro_precio_venta WHERE pro_codigo_plu=78017225','',2,'2013-05-25'),(17836,'UPDATE mae_productos SET pro_precio_fiscal=pro_precio_venta WHERE pro_codigo_plu=78017224','',2,'2013-05-25'),(17837,'UPDATE mae_productos SET pro_precio_fiscal=pro_precio_venta WHERE pro_codigo_plu=78017226','',2,'2013-05-25'),(17838,'UPDATE mae_productos SET pro_precio_fiscal=pro_precio_venta WHERE pro_codigo_plu=78017228','',2,'2013-05-25'),(17839,'UPDATE mae_productos SET pro_precio_fiscal=pro_precio_venta WHERE pro_codigo_plu=78017229','',2,'2013-05-25'),(17840,'UPDATE mae_productos SET pro_precio_fiscal=pro_precio_venta WHERE pro_codigo_plu=78017227','',2,'2013-05-25'),(17841,'UPDATE mae_productos SET pro_precio_fiscal=pro_precio_venta WHERE pro_codigo_plu=78017230','',2,'2013-05-25'),(17842,'UPDATE mae_productos SET pro_margen_actual=0,pro_precio_venta=750 WHERE pro_codigo_plu=531','',2,'2013-05-25'),(17843,'UPDATE mae_productos SET pro_margen_actual=0,pro_precio_venta=750 WHERE pro_codigo_plu=531','',2,'2013-05-25'),(17844,'UPDATE mae_productos SET pro_margen_actual=0,pro_precio_venta=750 WHERE pro_codigo_plu=531','',2,'2013-05-25'),(17845,'UPDATE mae_productos SET pro_precio_fiscal=pro_precio_venta WHERE pro_codigo_plu=531','',2,'2013-05-25'),(17846,'INSERT INTO mae_productos (pro_codigo_plu,pro_codigo_barra,pro_tipo,pro_nombre_producto,pro_nombre_corto,med_id,emb_id,pro_unidades_embalaje,dep_id,lin_id,mar_id,pro_precio_compra_neto,pro_precio_compra_bruto,pro_precio_venta,pro_margen_actual,pro_oferta,pro_fecha_inicio_oferta,pro_fecha_termino_oferta,pro_precio_oferta,pro_stock_minimo,pro_stock_critico,pro_entradas_bodega,pro_salidas_bodega,pro_mermas_bodega,pro_ajustes_bodega,pro_entradas_sv,pro_salidas_sv,pro_mermas_sv,pro_ajustes_sv,pro_activo,rec_numero,pro_unidad,pro_capacidad,pro_consumo_bodega,pro_consumo_sv,pro_estado,pro_funcion_plu,pro_flejes,pro_iva,pro_plu_asociado,pro_envase,pro_duracion,pro_numero_etiqueta) VALUES (78017231,@@@7805851093163@@@,@@@0@@@,@@@PANTY LAURA NEGRO 4@@@,@@@PANTY LAURA NEGR@@@,@@@1 @@@,@@@3 @@@,@@@0@@@,@@@39 @@@,@@@198@@@,@@@2584@@@,@@@0@@@,@@@0@@@,@@@2100@@@,@@@0@@@,@@@@@@,@@@2013.05.25@@@,@@@2013.05.25@@@,@@@0@@@,@@@0@@@,@@@0@@@,@@@0@@@,@@@0@@@,@@@0@@@,@@@0@@@,@@@0@@@,@@@0@@@,@@@0@@@,@@@0@@@,@@@1@@@,@@@0@@@,0,1,0,0,2,0,1,1,0,@@@NO@@@,0,0)','',2,'2013-05-25'),(17847,'DELETE FROM mae_impuestos_productos WHERE pro_codigo_plu=@@@78017231@@@','',2,'2013-05-25'),(17848,'UPDATE mae_productos SET pro_margen_actual=0,pro_precio_venta=2100 WHERE pro_codigo_plu=78017231','',2,'2013-05-25'),(17849,'UPDATE mae_productos SET pro_margen_actual=0,pro_precio_venta=2070 WHERE pro_codigo_plu=14082','',2,'2013-05-25'),(17850,'UPDATE mae_productos SET pro_margen_actual=0,pro_precio_venta=1060 WHERE pro_codigo_plu=14081','',2,'2013-05-25'),(17851,'UPDATE mae_productos SET pro_margen_actual=0,pro_precio_venta=1650 WHERE pro_codigo_plu=14232','',2,'2013-05-25'),(17852,'INSERT INTO mae_productos (pro_codigo_plu,pro_codigo_barra,pro_tipo,pro_nombre_producto,pro_nombre_corto,med_id,emb_id,pro_unidades_embalaje,dep_id,lin_id,mar_id,pro_precio_compra_neto,pro_precio_compra_bruto,pro_precio_venta,pro_margen_actual,pro_oferta,pro_fecha_inicio_oferta,pro_fecha_termino_oferta,pro_precio_oferta,pro_stock_minimo,pro_stock_critico,pro_entradas_bodega,pro_salidas_bodega,pro_mermas_bodega,pro_ajustes_bodega,pro_entradas_sv,pro_salidas_sv,pro_mermas_sv,pro_ajustes_sv,pro_activo,rec_numero,pro_unidad,pro_capacidad,pro_consumo_bodega,pro_consumo_sv,pro_estado,pro_funcion_plu,pro_flejes,pro_iva,pro_plu_asociado,pro_envase,pro_duracion,pro_numero_etiqueta) VALUES (78017232,@@@7804520001867@@@,@@@0@@@,@@@LO MEJOR DEL CAMPO ARVEJAS VERDES 500 GR@@@,@@@LO MEJOR DEL CAM@@@,@@@5 @@@,@@@3 @@@,@@@0@@@,@@@1 @@@,@@@11@@@,@@@1276@@@,@@@0@@@,@@@0@@@,@@@820@@@,@@@0@@@,@@@@@@,@@@2013.05.25@@@,@@@2013.05.25@@@,@@@0@@@,@@@0@@@,@@@0@@@,@@@0@@@,@@@0@@@,@@@0@@@,@@@0@@@,@@@0@@@,@@@0@@@,@@@0@@@,@@@0@@@,@@@1@@@,@@@0@@@,0,500,0,0,2,0,1,1,0,@@@NO@@@,0,0)','',2,'2013-05-25'),(17853,'DELETE FROM mae_impuestos_productos WHERE pro_codigo_plu=@@@78017232@@@','',2,'2013-05-25'),(17854,'INSERT INTO gne_vale_ferreteria (vfe_id,vfe_fecha,vfe_total,vfe_estado,vfe_entregado,usu_nusuario) VALUES (626,@@@2013.05.25@@@,600,1,0,@@@b_SAEZ@@@)','',2,'2013-05-25'),(17855,'INSERT INTO gne_vale_ferreteria_mov (vfe_id,pro_codigo_plu,vfm_cantidad,vfm_unitario,vfm_total,vfm_entregado) VALUES (626,764696,2,100,200,@@@NO@@@)','',2,'2013-05-25'),(17856,'INSERT INTO gne_vale_ferreteria_mov (vfe_id,pro_codigo_plu,vfm_cantidad,vfm_unitario,vfm_total,vfm_entregado) VALUES (626,770022,2,100,200,@@@NO@@@)','',2,'2013-05-25'),(17857,'INSERT INTO gne_vale_ferreteria_mov (vfe_id,pro_codigo_plu,vfm_cantidad,vfm_unitario,vfm_total,vfm_entregado) VALUES (626,770021,1,200,200,@@@NO@@@)','',2,'2013-05-25'),(17858,'UPDATE mae_productos SET pro_margen_actual=0,pro_precio_venta=820 WHERE pro_codigo_plu=78017232','',2,'2013-05-25'),(17859,'UPDATE mae_productos SET pro_margen_actual=0,pro_precio_venta=1730 WHERE pro_codigo_plu=15722','',2,'2013-05-25'),(17860,'UPDATE mae_productos SET pro_margen_actual=0,pro_precio_venta=790 WHERE pro_codigo_plu=15741','',2,'2013-05-25'),(17861,'UPDATE mae_productos SET pro_margen_actual=0,pro_precio_venta=1950 WHERE pro_codigo_plu=763481','',2,'2013-05-25'),(17862,'UPDATE mae_productos SET pro_precio_fiscal=pro_precio_venta WHERE pro_codigo_plu=14082','',2,'2013-05-25'),(17863,'UPDATE mae_productos SET pro_precio_fiscal=pro_precio_venta WHERE pro_codigo_plu=14081','',2,'2013-05-25'),(17864,'UPDATE mae_productos SET pro_precio_fiscal=pro_precio_venta WHERE pro_codigo_plu=763481','',2,'2013-05-25'),(17865,'UPDATE mae_productos SET pro_precio_fiscal=pro_precio_venta WHERE pro_codigo_plu=15722','',2,'2013-05-25'),(17866,'UPDATE mae_productos SET pro_precio_fiscal=pro_precio_venta WHERE pro_codigo_plu=78017232','',2,'2013-05-25'),(17867,'UPDATE mae_productos SET pro_precio_fiscal=pro_precio_venta WHERE pro_codigo_plu=15741','',2,'2013-05-25'),(17868,'UPDATE mae_productos SET pro_precio_fiscal=pro_precio_venta WHERE pro_codigo_plu=14232','',2,'2013-05-25'),(17869,'UPDATE mae_productos SET pro_precio_fiscal=pro_precio_venta WHERE pro_codigo_plu=78017231','',2,'2013-05-25'),(17870,'UPDATE mae_productos SET pro_margen_actual=0,pro_precio_venta=2290 WHERE pro_codigo_plu=119','',2,'2013-05-25'),(17871,'UPDATE mae_productos SET pro_codigo_barra=@@@119@@@,pro_tipo=@@@0@@@,pro_nombre_producto=@@@                                                      TRUTO CORTO@@@,pro_nombre_corto=@@@TRUTO CORTO@@@,med_id=@@@2@@@,emb_id=@@@1@@@,pro_unidades_embalaje=@@@1@@@,dep_id=@@@9 @@@,lin_id=@@@65@@@,mar_id=@@@2507@@@,pro_precio_compra_neto=@@@0@@@,pro_precio_compra_bruto=@@@0@@@,pro_precio_venta=@@@2290@@@,pro_margen_actual=@@@0@@@,pro_oferta=@@@NO@@@,pro_fecha_inicio_oferta=@@@1900.01.01@@@,pro_fecha_termino_oferta=@@@1900.01.01@@@,pro_precio_oferta=@@@0@@@,pro_stock_minimo=@@@1@@@,pro_stock_critico=@@@1@@@,pro_activo=@@@1@@@,pro_unidad=@@@0@@@,pro_precio_compra_bruto=0,pro_margen_actual=0,pro_capacidad=1,pro_funcion_plu=0,pro_flejes=1,pro_iva=1,pro_plu_asociado=0,pro_envase=@@@NO@@@,pro_duracion=0,pro_numero_etiqueta=0 WHERE pro_codigo_plu=@@@119@@@','',2,'2013-05-25'),(17872,'UPDATE mae_productos SET pro_estado=1 WHERE pro_codigo_plu=119','',2,'2013-05-25'),(17873,'DELETE FROM mae_impuestos_productos WHERE pro_codigo_plu=@@@119@@@','',2,'2013-05-25'),(17874,'UPDATE mae_productos SET pro_codigo_barra=@@@119@@@,pro_tipo=@@@0@@@,pro_nombre_producto=@@@TROTRO CORTO SUPER POLLOI@@@,pro_nombre_corto=@@@TRUTRO CORTO @@@,med_id=@@@2@@@,emb_id=@@@1@@@,pro_unidades_embalaje=@@@1@@@,dep_id=@@@9 @@@,lin_id=@@@65@@@,mar_id=@@@2507@@@,pro_precio_compra_neto=@@@0@@@,pro_precio_compra_bruto=@@@0@@@,pro_precio_venta=@@@2290@@@,pro_margen_actual=@@@0@@@,pro_oferta=@@@NO@@@,pro_fecha_inicio_oferta=@@@1900.01.01@@@,pro_fecha_termino_oferta=@@@1900.01.01@@@,pro_precio_oferta=@@@0@@@,pro_stock_minimo=@@@1@@@,pro_stock_critico=@@@1@@@,pro_activo=@@@1@@@,pro_unidad=@@@0@@@,pro_precio_compra_bruto=0,pro_margen_actual=0,pro_capacidad=1,pro_funcion_plu=0,pro_flejes=1,pro_iva=1,pro_plu_asociado=0,pro_envase=@@@NO@@@,pro_duracion=0,pro_numero_etiqueta=0 WHERE pro_codigo_plu=@@@119@@@','',2,'2013-05-25'),(17875,'UPDATE mae_productos SET pro_estado=1 WHERE pro_codigo_plu=119','',2,'2013-05-25'),(17876,'DELETE FROM mae_impuestos_productos WHERE pro_codigo_plu=@@@119@@@','',2,'2013-05-25'),(17877,'UPDATE mae_productos SET pro_codigo_barra=@@@119@@@,pro_tipo=@@@0@@@,pro_nombre_producto=@@@TROTRO CORTO SUPER POLLO@@@,pro_nombre_corto=@@@TRUTRO CORTO @@@,med_id=@@@2@@@,emb_id=@@@1@@@,pro_unidades_embalaje=@@@1@@@,dep_id=@@@9 @@@,lin_id=@@@65@@@,mar_id=@@@2507@@@,pro_precio_compra_neto=@@@0@@@,pro_precio_compra_bruto=@@@0@@@,pro_precio_venta=@@@2290@@@,pro_margen_actual=@@@0@@@,pro_oferta=@@@NO@@@,pro_fecha_inicio_oferta=@@@1900.01.01@@@,pro_fecha_termino_oferta=@@@1900.01.01@@@,pro_precio_oferta=@@@0@@@,pro_stock_minimo=@@@1@@@,pro_stock_critico=@@@1@@@,pro_activo=@@@1@@@,pro_unidad=@@@0@@@,pro_precio_compra_bruto=0,pro_margen_actual=0,pro_capacidad=1,pro_funcion_plu=0,pro_flejes=1,pro_iva=1,pro_plu_asociado=0,pro_envase=@@@NO@@@,pro_duracion=0,pro_numero_etiqueta=0 WHERE pro_codigo_plu=@@@119@@@','',2,'2013-05-25'),(17878,'UPDATE mae_productos SET pro_estado=1 WHERE pro_codigo_plu=119','',2,'2013-05-25'),(17879,'DELETE FROM mae_impuestos_productos WHERE pro_codigo_plu=@@@119@@@','',2,'2013-05-25'),(17880,'UPDATE mae_productos SET pro_margen_actual=0,pro_precio_venta=2290 WHERE pro_codigo_plu=119','',2,'2013-05-25'),(17881,'UPDATE mae_productos SET pro_precio_fiscal=pro_precio_venta WHERE pro_codigo_plu=119','',2,'2013-05-25'),(17882,'INSERT INTO gne_vale_ferreteria (vfe_id,vfe_fecha,vfe_total,vfe_estado,vfe_entregado,usu_nusuario) VALUES (627,@@@2013.05.26@@@,470,1,0,@@@G_DIAZ@@@)','',2,'2013-05-26'),(17883,'INSERT INTO gne_vale_ferreteria_mov (vfe_id,pro_codigo_plu,vfm_cantidad,vfm_unitario,vfm_total,vfm_entregado) VALUES (627,102408,1,350,350,@@@NO@@@)','',2,'2013-05-26'),(17884,'INSERT INTO gne_vale_ferreteria_mov (vfe_id,pro_codigo_plu,vfm_cantidad,vfm_unitario,vfm_total,vfm_entregado) VALUES (627,78017204,1,120,120,@@@NO@@@)','',2,'2013-05-26'),(17885,'INSERT INTO gne_vale_ferreteria (vfe_id,vfe_fecha,vfe_total,vfe_estado,vfe_entregado,usu_nusuario) VALUES (628,@@@2013.05.26@@@,360,1,0,@@@G_DIAZ@@@)','',2,'2013-05-26'),(17886,'INSERT INTO gne_vale_ferreteria_mov (vfe_id,pro_codigo_plu,vfm_cantidad,vfm_unitario,vfm_total,vfm_entregado) VALUES (628,764366,1,360,360,@@@NO@@@)','',2,'2013-05-26'),(17887,'INSERT INTO gne_vale_ferreteria (vfe_id,vfe_fecha,vfe_total,vfe_estado,vfe_entregado,usu_nusuario) VALUES (629,@@@2013.05.26@@@,1890,1,0,@@@G_DIAZ@@@)','',2,'2013-05-26'),(17888,'INSERT INTO gne_vale_ferreteria_mov (vfe_id,pro_codigo_plu,vfm_cantidad,vfm_unitario,vfm_total,vfm_entregado) VALUES (629,763600,1,1890,1890,@@@NO@@@)','',2,'2013-05-26'),(17889,'INSERT INTO gne_vale_ferreteria (vfe_id,vfe_fecha,vfe_total,vfe_estado,vfe_entregado,usu_nusuario) VALUES (630,@@@2013.05.26@@@,80,1,0,@@@G_DIAZ@@@)','',2,'2013-05-26'),(17890,'INSERT INTO gne_vale_ferreteria_mov (vfe_id,pro_codigo_plu,vfm_cantidad,vfm_unitario,vfm_total,vfm_entregado) VALUES (630,78017191,2,40,80,@@@NO@@@)','',2,'2013-05-26'),(17891,'INSERT INTO gne_vale_ferreteria (vfe_id,vfe_fecha,vfe_total,vfe_estado,vfe_entregado,usu_nusuario) VALUES (631,@@@2013.05.26@@@,1190,1,0,@@@G_DIAZ@@@)','',2,'2013-05-26'),(17892,'INSERT INTO gne_vale_ferreteria_mov (vfe_id,pro_codigo_plu,vfm_cantidad,vfm_unitario,vfm_total,vfm_entregado) VALUES (631,4005,1,1190,1190,@@@NO@@@)','',2,'2013-05-26'),(17893,'INSERT INTO gne_vale_ferreteria (vfe_id,vfe_fecha,vfe_total,vfe_estado,vfe_entregado,usu_nusuario) VALUES (632,@@@2013.05.26@@@,400,1,0,@@@G_DIAZ@@@)','',2,'2013-05-26'),(17894,'INSERT INTO gne_vale_ferreteria_mov (vfe_id,pro_codigo_plu,vfm_cantidad,vfm_unitario,vfm_total,vfm_entregado) VALUES (632,16664,1,400,400,@@@NO@@@)','',2,'2013-05-26'),(17895,'UPDATE mae_productos SET pro_codigo_barra=@@@7805030100033@@@,pro_tipo=@@@0@@@,pro_nombre_producto=@@@BOLSA DE BASURA 1UND 80 X 110@@@,pro_nombre_corto=@@@BOLSA DE BASURA@@@,med_id=@@@1@@@,emb_id=@@@4@@@,pro_unidades_embalaje=@@@25@@@,dep_id=@@@2 @@@,lin_id=@@@41@@@,mar_id=@@@410@@@,pro_precio_compra_neto=@@@0@@@,pro_precio_compra_bruto=@@@0@@@,pro_precio_venta=@@@180@@@,pro_margen_actual=@@@0@@@,pro_oferta=@@@NO@@@,pro_fecha_inicio_oferta=@@@1900.01.01@@@,pro_fecha_termino_oferta=@@@1900.01.01@@@,pro_precio_oferta=@@@0@@@,pro_stock_minimo=@@@0@@@,pro_stock_critico=@@@0@@@,pro_activo=@@@1@@@,pro_unidad=@@@0@@@,pro_precio_compra_bruto=0,pro_margen_actual=0,pro_capacidad=1,pro_funcion_plu=0,pro_flejes=1,pro_iva=1,pro_plu_asociado=0,pro_envase=@@@NO@@@,pro_duracion=0,pro_numero_etiqueta=0 WHERE pro_codigo_plu=@@@15745@@@','',2,'2013-05-26'),(17896,'UPDATE mae_productos SET pro_estado=1 WHERE pro_codigo_plu=15745','',2,'2013-05-26'),(17897,'DELETE FROM mae_impuestos_productos WHERE pro_codigo_plu=@@@15745@@@','',2,'2013-05-26'),(17898,'INSERT INTO mae_productos (pro_codigo_plu,pro_codigo_barra,pro_tipo,pro_nombre_producto,pro_nombre_corto,med_id,emb_id,pro_unidades_embalaje,dep_id,lin_id,mar_id,pro_precio_compra_neto,pro_precio_compra_bruto,pro_precio_venta,pro_margen_actual,pro_oferta,pro_fecha_inicio_oferta,pro_fecha_termino_oferta,pro_precio_oferta,pro_stock_minimo,pro_stock_critico,pro_entradas_bodega,pro_salidas_bodega,pro_mermas_bodega,pro_ajustes_bodega,pro_entradas_sv,pro_salidas_sv,pro_mermas_sv,pro_ajustes_sv,pro_activo,rec_numero,pro_unidad,pro_capacidad,pro_consumo_bodega,pro_consumo_sv,pro_estado,pro_funcion_plu,pro_flejes,pro_iva,pro_plu_asociado,pro_envase,pro_duracion,pro_numero_etiqueta) VALUES (78017233,@@@7805649000298@@@,@@@0@@@,@@@GUANTE QUIRUJICO LATEX 1PAR@@@,@@@GUANTE QUIRUJICO@@@,@@@1 @@@,@@@3 @@@,@@@0@@@,@@@2 @@@,@@@41@@@,@@@2507@@@,@@@0@@@,@@@0@@@,@@@100@@@,@@@0@@@,@@@@@@,@@@2013.05.26@@@,@@@2013.05.26@@@,@@@0@@@,@@@0@@@,@@@0@@@,@@@0@@@,@@@0@@@,@@@0@@@,@@@0@@@,@@@0@@@,@@@0@@@,@@@0@@@,@@@0@@@,@@@1@@@,@@@0@@@,0,1,0,0,2,0,1,1,0,@@@NO@@@,0,0)','',2,'2013-05-26'),(17899,'DELETE FROM mae_impuestos_productos WHERE pro_codigo_plu=@@@78017233@@@','',2,'2013-05-26'),(17900,'INSERT INTO gne_vale_ferreteria (vfe_id,vfe_fecha,vfe_total,vfe_estado,vfe_entregado,usu_nusuario) VALUES (633,@@@2013.05.26@@@,820,1,0,@@@G_DIAZ@@@)','',2,'2013-05-26'),(17901,'INSERT INTO gne_vale_ferreteria_mov (vfe_id,pro_codigo_plu,vfm_cantidad,vfm_unitario,vfm_total,vfm_entregado) VALUES (633,78017194,1,200,200,@@@NO@@@)','',2,'2013-05-26'),(17902,'INSERT INTO gne_vale_ferreteria_mov (vfe_id,pro_codigo_plu,vfm_cantidad,vfm_unitario,vfm_total,vfm_entregado) VALUES (633,21116,1,620,620,@@@NO@@@)','',2,'2013-05-26'),(17903,'INSERT INTO gne_vale_ferreteria (vfe_id,vfe_fecha,vfe_total,vfe_estado,vfe_entregado,usu_nusuario) VALUES (634,@@@2013.05.26@@@,2990,1,0,@@@G_DIAZ@@@)','',2,'2013-05-26'),(17904,'INSERT INTO gne_vale_ferreteria_mov (vfe_id,pro_codigo_plu,vfm_cantidad,vfm_unitario,vfm_total,vfm_entregado) VALUES (634,764951,1,2990,2990,@@@NO@@@)','',2,'2013-05-26'),(17905,'INSERT INTO gne_vale_ferreteria (vfe_id,vfe_fecha,vfe_total,vfe_estado,vfe_entregado,usu_nusuario) VALUES (635,@@@2013.05.26@@@,80,1,0,@@@G_DIAZ@@@)','',2,'2013-05-26'),(17906,'INSERT INTO gne_vale_ferreteria_mov (vfe_id,pro_codigo_plu,vfm_cantidad,vfm_unitario,vfm_total,vfm_entregado) VALUES (635,78017191,2,40,80,@@@NO@@@)','',2,'2013-05-26'),(17907,'INSERT INTO gne_vale_ferreteria (vfe_id,vfe_fecha,vfe_total,vfe_estado,vfe_entregado,usu_nusuario) VALUES (636,@@@2013.05.26@@@,1490,1,0,@@@G_DIAZ@@@)','',2,'2013-05-26'),(17908,'INSERT INTO gne_vale_ferreteria_mov (vfe_id,pro_codigo_plu,vfm_cantidad,vfm_unitario,vfm_total,vfm_entregado) VALUES (636,764564,1,1490,1490,@@@NO@@@)','',2,'2013-05-26'),(17909,'INSERT INTO gne_vale_ferreteria (vfe_id,vfe_fecha,vfe_total,vfe_estado,vfe_entregado,usu_nusuario) VALUES (637,@@@2013.05.26@@@,620,1,0,@@@G_DIAZ@@@)','',2,'2013-05-26'),(17910,'INSERT INTO gne_vale_ferreteria_mov (vfe_id,pro_codigo_plu,vfm_cantidad,vfm_unitario,vfm_total,vfm_entregado) VALUES (637,763587,1,420,420,@@@NO@@@)','',2,'2013-05-26'),(17911,'INSERT INTO gne_vale_ferreteria_mov (vfe_id,pro_codigo_plu,vfm_cantidad,vfm_unitario,vfm_total,vfm_entregado) VALUES (637,763592,1,200,200,@@@NO@@@)','',2,'2013-05-26'),(17912,'INSERT INTO gne_vale_ferreteria (vfe_id,vfe_fecha,vfe_total,vfe_estado,vfe_entregado,usu_nusuario) VALUES (638,@@@2013.05.26@@@,1180,1,0,@@@G_DIAZ@@@)','',2,'2013-05-26'),(17913,'INSERT INTO gne_vale_ferreteria_mov (vfe_id,pro_codigo_plu,vfm_cantidad,vfm_unitario,vfm_total,vfm_entregado) VALUES (638,764390,2,590,1180,@@@NO@@@)','',2,'2013-05-26'),(17914,'INSERT INTO gne_vale_ferreteria (vfe_id,vfe_fecha,vfe_total,vfe_estado,vfe_entregado,usu_nusuario) VALUES (639,@@@2013.05.26@@@,360,1,0,@@@G_DIAZ@@@)','',2,'2013-05-26'),(17915,'INSERT INTO gne_vale_ferreteria_mov (vfe_id,pro_codigo_plu,vfm_cantidad,vfm_unitario,vfm_total,vfm_entregado) VALUES (639,4080,9,40,360,@@@NO@@@)','',2,'2013-05-26'),(17916,'INSERT INTO gne_vale_ferreteria (vfe_id,vfe_fecha,vfe_total,vfe_estado,vfe_entregado,usu_nusuario) VALUES (640,@@@2013.05.26@@@,300,1,0,@@@G_DIAZ@@@)','',2,'2013-05-26'),(17917,'INSERT INTO gne_vale_ferreteria_mov (vfe_id,pro_codigo_plu,vfm_cantidad,vfm_unitario,vfm_total,vfm_entregado) VALUES (640,4074,1,300,300,@@@NO@@@)','',2,'2013-05-26'),(17918,'INSERT INTO gne_vale_ferreteria (vfe_id,vfe_fecha,vfe_total,vfe_estado,vfe_entregado,usu_nusuario) VALUES (641,@@@2013.05.26@@@,160,1,0,@@@G_DIAZ@@@)','',2,'2013-05-26'),(17919,'INSERT INTO gne_vale_ferreteria_mov (vfe_id,pro_codigo_plu,vfm_cantidad,vfm_unitario,vfm_total,vfm_entregado) VALUES (641,78017191,4,40,160,@@@NO@@@)','',2,'2013-05-26'),(17920,'INSERT INTO mae_productos (pro_codigo_plu,pro_codigo_barra,pro_tipo,pro_nombre_producto,pro_nombre_corto,med_id,emb_id,pro_unidades_embalaje,dep_id,lin_id,mar_id,pro_precio_compra_neto,pro_precio_compra_bruto,pro_precio_venta,pro_margen_actual,pro_oferta,pro_fecha_inicio_oferta,pro_fecha_termino_oferta,pro_precio_oferta,pro_stock_minimo,pro_stock_critico,pro_entradas_bodega,pro_salidas_bodega,pro_mermas_bodega,pro_ajustes_bodega,pro_entradas_sv,pro_salidas_sv,pro_mermas_sv,pro_ajustes_sv,pro_activo,rec_numero,pro_unidad,pro_capacidad,pro_consumo_bodega,pro_consumo_sv,pro_estado,pro_funcion_plu,pro_flejes,pro_iva,pro_plu_asociado,pro_envase,pro_duracion,pro_numero_etiqueta) VALUES (78017234,@@@7804308122814@@@,@@@0@@@,@@@VINO BLANCO 1LTR LOMAS DE CAUQUENES@@@,@@@VINO BLANCO 1LTR@@@,@@@3 @@@,@@@3 @@@,@@@0@@@,@@@6 @@@,@@@60@@@,@@@2532@@@,@@@0@@@,@@@0@@@,@@@990@@@,@@@0@@@,@@@@@@,@@@2013.05.26@@@,@@@2013.05.26@@@,@@@0@@@,@@@0@@@,@@@0@@@,@@@0@@@,@@@0@@@,@@@0@@@,@@@0@@@,@@@0@@@,@@@0@@@,@@@0@@@,@@@0@@@,@@@1@@@,@@@0@@@,0,1,0,0,2,0,1,1,0,@@@NO@@@,0,0)','',2,'2013-05-26'),(17921,'DELETE FROM mae_impuestos_productos WHERE pro_codigo_plu=@@@78017234@@@','',2,'2013-05-26'),(17922,'INSERT INTO mae_productos (pro_codigo_plu,pro_codigo_barra,pro_tipo,pro_nombre_producto,pro_nombre_corto,med_id,emb_id,pro_unidades_embalaje,dep_id,lin_id,mar_id,pro_precio_compra_neto,pro_precio_compra_bruto,pro_precio_venta,pro_margen_actual,pro_oferta,pro_fecha_inicio_oferta,pro_fecha_termino_oferta,pro_precio_oferta,pro_stock_minimo,pro_stock_critico,pro_entradas_bodega,pro_salidas_bodega,pro_mermas_bodega,pro_ajustes_bodega,pro_entradas_sv,pro_salidas_sv,pro_mermas_sv,pro_ajustes_sv,pro_activo,rec_numero,pro_unidad,pro_capacidad,pro_consumo_bodega,pro_consumo_sv,pro_estado,pro_funcion_plu,pro_flejes,pro_iva,pro_plu_asociado,pro_envase,pro_duracion,pro_numero_etiqueta) VALUES (78017235,@@@770050@@@,@@@0@@@,@@@PAPEL CHOCLO 1MTR VARIEDAD DE COLOR@@@,@@@PAPEL CHOCLO 1MT@@@,@@@4 @@@,@@@3 @@@,@@@0@@@,@@@24 @@@,@@@137@@@,@@@2507@@@,@@@0@@@,@@@0@@@,@@@100@@@,@@@0@@@,@@@@@@,@@@2013.05.26@@@,@@@2013.05.26@@@,@@@0@@@,@@@0@@@,@@@0@@@,@@@0@@@,@@@0@@@,@@@0@@@,@@@0@@@,@@@0@@@,@@@0@@@,@@@0@@@,@@@0@@@,@@@1@@@,@@@0@@@,0,1,0,0,2,0,1,1,0,@@@NO@@@,0,0)','',2,'2013-05-26'),(17923,'DELETE FROM mae_impuestos_productos WHERE pro_codigo_plu=@@@78017235@@@','',2,'2013-05-26'),(17924,'INSERT INTO gne_vale_ferreteria (vfe_id,vfe_fecha,vfe_total,vfe_estado,vfe_entregado,usu_nusuario) VALUES (642,@@@2013.05.26@@@,100,1,0,@@@G_DIAZ@@@)','',2,'2013-05-26'),(17925,'INSERT INTO gne_vale_ferreteria_mov (vfe_id,pro_codigo_plu,vfm_cantidad,vfm_unitario,vfm_total,vfm_entregado) VALUES (642,78017146,2,50,100,@@@NO@@@)','',2,'2013-05-26'),(17926,'INSERT INTO gne_vale_ferreteria (vfe_id,vfe_fecha,vfe_total,vfe_estado,vfe_entregado,usu_nusuario) VALUES (643,@@@2013.05.26@@@,120,1,0,@@@G_DIAZ@@@)','',2,'2013-05-26'),(17927,'INSERT INTO gne_vale_ferreteria_mov (vfe_id,pro_codigo_plu,vfm_cantidad,vfm_unitario,vfm_total,vfm_entregado) VALUES (643,764833,12,10,120,@@@NO@@@)','',2,'2013-05-26'),(17928,'INSERT INTO gne_vale_ferreteria (vfe_id,vfe_fecha,vfe_total,vfe_estado,vfe_entregado,usu_nusuario) VALUES (644,@@@2013.05.26@@@,330,1,0,@@@G_DIAZ@@@)','',2,'2013-05-26'),(17929,'INSERT INTO gne_vale_ferreteria_mov (vfe_id,pro_codigo_plu,vfm_cantidad,vfm_unitario,vfm_total,vfm_entregado) VALUES (644,764833,10,10,100,@@@NO@@@)','',2,'2013-05-26'),(17930,'INSERT INTO gne_vale_ferreteria_mov (vfe_id,pro_codigo_plu,vfm_cantidad,vfm_unitario,vfm_total,vfm_entregado) VALUES (644,764770,2,30,60,@@@NO@@@)','',2,'2013-05-26'),(17931,'INSERT INTO gne_vale_ferreteria_mov (vfe_id,pro_codigo_plu,vfm_cantidad,vfm_unitario,vfm_total,vfm_entregado) VALUES (644,1060,1,170,170,@@@NO@@@)','',2,'2013-05-26'),(17932,'INSERT INTO gne_vale_ferreteria (vfe_id,vfe_fecha,vfe_total,vfe_estado,vfe_entregado,usu_nusuario) VALUES (645,@@@2013.05.26@@@,590,1,0,@@@G_DIAZ@@@)','',2,'2013-05-26'),(17933,'INSERT INTO gne_vale_ferreteria_mov (vfe_id,pro_codigo_plu,vfm_cantidad,vfm_unitario,vfm_total,vfm_entregado) VALUES (645,763826,1,590,590,@@@NO@@@)','',2,'2013-05-26'),(17934,'INSERT INTO gne_vale_ferreteria (vfe_id,vfe_fecha,vfe_total,vfe_estado,vfe_entregado,usu_nusuario) VALUES (646,@@@2013.05.26@@@,1890,1,0,@@@G_DIAZ@@@)','',2,'2013-05-26'),(17935,'INSERT INTO gne_vale_ferreteria_mov (vfe_id,pro_codigo_plu,vfm_cantidad,vfm_unitario,vfm_total,vfm_entregado) VALUES (646,763600,1,1890,1890,@@@NO@@@)','',2,'2013-05-26'),(17936,'INSERT INTO gne_vale_ferreteria (vfe_id,vfe_fecha,vfe_total,vfe_estado,vfe_entregado,usu_nusuario) VALUES (647,@@@2013.05.26@@@,490,1,0,@@@G_DIAZ@@@)','',2,'2013-05-26'),(17937,'INSERT INTO gne_vale_ferreteria_mov (vfe_id,pro_codigo_plu,vfm_cantidad,vfm_unitario,vfm_total,vfm_entregado) VALUES (647,78017127,1,490,490,@@@NO@@@)','',2,'2013-05-26'),(17938,'UPDATE mae_productos SET pro_codigo_barra=@@@7804920018755@@@,pro_tipo=@@@0@@@,pro_nombre_producto=@@@BALLERINA SH.HERBAL D/P 1000 ML@@@,pro_nombre_corto=@@@BALLERINA SH.HE@@@,med_id=@@@7@@@,emb_id=@@@3@@@,pro_unidades_embalaje=@@@1@@@,dep_id=@@@21 @@@,lin_id=@@@114@@@,mar_id=@@@607@@@,pro_precio_compra_neto=@@@0@@@,pro_precio_compra_bruto=@@@0@@@,pro_precio_venta=@@@1290@@@,pro_margen_actual=@@@0@@@,pro_oferta=@@@NO@@@,pro_fecha_inicio_oferta=@@@1900.01.01@@@,pro_fecha_termino_oferta=@@@1900.01.01@@@,pro_precio_oferta=@@@0@@@,pro_stock_minimo=@@@6@@@,pro_stock_critico=@@@3@@@,pro_activo=@@@1@@@,pro_unidad=@@@0@@@,pro_precio_compra_bruto=0,pro_margen_actual=0,pro_capacidad=1,pro_funcion_plu=0,pro_flejes=1,pro_iva=1,pro_plu_asociado=0,pro_envase=@@@NO@@@,pro_duracion=0,pro_numero_etiqueta=0 WHERE pro_codigo_plu=@@@20389@@@','',2,'2013-05-26'),(17939,'UPDATE mae_productos SET pro_estado=1 WHERE pro_codigo_plu=20389','',2,'2013-05-26'),(17940,'DELETE FROM mae_impuestos_productos WHERE pro_codigo_plu=@@@20389@@@','',2,'2013-05-26'),(17941,'INSERT INTO gne_vale_ferreteria (vfe_id,vfe_fecha,vfe_total,vfe_estado,vfe_entregado,usu_nusuario) VALUES (648,@@@2013.05.26@@@,1390,1,0,@@@G_DIAZ@@@)','',2,'2013-05-26'),(17942,'INSERT INTO gne_vale_ferreteria_mov (vfe_id,pro_codigo_plu,vfm_cantidad,vfm_unitario,vfm_total,vfm_entregado) VALUES (648,15668,1,1390,1390,@@@NO@@@)','',2,'2013-05-26'),(17943,'UPDATE mae_productos SET pro_precio_fiscal=pro_precio_venta WHERE pro_codigo_plu=78017235','',2,'2013-05-26'),(17944,'UPDATE mae_productos SET pro_precio_fiscal=pro_precio_venta WHERE pro_codigo_plu=78017234','',2,'2013-05-26'),(17945,'UPDATE mae_productos SET pro_precio_fiscal=pro_precio_venta WHERE pro_codigo_plu=20389','',2,'2013-05-26'),(17946,'UPDATE mae_productos SET pro_precio_fiscal=pro_precio_venta WHERE pro_codigo_plu=15745','',2,'2013-05-26'),(17947,'UPDATE mae_productos SET pro_precio_fiscal=pro_precio_venta WHERE pro_codigo_plu=78017233','',2,'2013-05-26'),(17948,'INSERT INTO gne_vale_ferreteria (vfe_id,vfe_fecha,vfe_total,vfe_estado,vfe_entregado,usu_nusuario) VALUES (649,@@@2013.05.26@@@,450,1,0,@@@G_DIAZ@@@)','',2,'2013-05-26'),(17949,'INSERT INTO gne_vale_ferreteria_mov (vfe_id,pro_codigo_plu,vfm_cantidad,vfm_unitario,vfm_total,vfm_entregado) VALUES (649,763585,1,330,330,@@@NO@@@)','',2,'2013-05-26'),(17950,'INSERT INTO gne_vale_ferreteria_mov (vfe_id,pro_codigo_plu,vfm_cantidad,vfm_unitario,vfm_total,vfm_entregado) VALUES (649,8022,1,120,120,@@@NO@@@)','',2,'2013-05-26'),(17951,'INSERT INTO gne_vale_ferreteria (vfe_id,vfe_fecha,vfe_total,vfe_estado,vfe_entregado,usu_nusuario) VALUES (650,@@@2013.05.26@@@,2580,1,0,@@@G_DIAZ@@@)','',2,'2013-05-26'),(17952,'INSERT INTO gne_vale_ferreteria_mov (vfe_id,pro_codigo_plu,vfm_cantidad,vfm_unitario,vfm_total,vfm_entregado) VALUES (650,20477,1,1690,1690,@@@NO@@@)','',2,'2013-05-26'),(17953,'INSERT INTO gne_vale_ferreteria_mov (vfe_id,pro_codigo_plu,vfm_cantidad,vfm_unitario,vfm_total,vfm_entregado) VALUES (650,101097,1,890,890,@@@NO@@@)','',2,'2013-05-26'),(17954,'INSERT INTO gne_vale_ferreteria (vfe_id,vfe_fecha,vfe_total,vfe_estado,vfe_entregado,usu_nusuario) VALUES (651,@@@2013.05.26@@@,790,1,0,@@@G_DIAZ@@@)','',2,'2013-05-26'),(17955,'INSERT INTO gne_vale_ferreteria_mov (vfe_id,pro_codigo_plu,vfm_cantidad,vfm_unitario,vfm_total,vfm_entregado) VALUES (651,101454,1,790,790,@@@NO@@@)','',2,'2013-05-26'),(17956,'INSERT INTO gne_vale_ferreteria (vfe_id,vfe_fecha,vfe_total,vfe_estado,vfe_entregado,usu_nusuario) VALUES (652,@@@2013.05.26@@@,660,1,0,@@@G_DIAZ@@@)','',2,'2013-05-26'),(17957,'INSERT INTO gne_vale_ferreteria_mov (vfe_id,pro_codigo_plu,vfm_cantidad,vfm_unitario,vfm_total,vfm_entregado) VALUES (652,19918,2,330,660,@@@NO@@@)','',2,'2013-05-26'),(17958,'INSERT INTO gne_vale_ferreteria (vfe_id,vfe_fecha,vfe_total,vfe_estado,vfe_entregado,usu_nusuario) VALUES (653,@@@2013.05.26@@@,400,1,0,@@@G_DIAZ@@@)','',2,'2013-05-26'),(17959,'INSERT INTO gne_vale_ferreteria_mov (vfe_id,pro_codigo_plu,vfm_cantidad,vfm_unitario,vfm_total,vfm_entregado) VALUES (653,20365,4,100,400,@@@NO@@@)','',2,'2013-05-26'),(17960,'INSERT INTO gne_vale_ferreteria (vfe_id,vfe_fecha,vfe_total,vfe_estado,vfe_entregado,usu_nusuario) VALUES (654,@@@2013.05.26@@@,1490,1,0,@@@G_DIAZ@@@)','',2,'2013-05-26'),(17961,'INSERT INTO gne_vale_ferreteria_mov (vfe_id,pro_codigo_plu,vfm_cantidad,vfm_unitario,vfm_total,vfm_entregado) VALUES (654,763672,1,1490,1490,@@@NO@@@)','',2,'2013-05-26'),(17962,'INSERT INTO gne_vale_ferreteria (vfe_id,vfe_fecha,vfe_total,vfe_estado,vfe_entregado,usu_nusuario) VALUES (655,@@@2013.05.26@@@,200,1,0,@@@G_DIAZ@@@)','',2,'2013-05-26'),(17963,'INSERT INTO gne_vale_ferreteria_mov (vfe_id,pro_codigo_plu,vfm_cantidad,vfm_unitario,vfm_total,vfm_entregado) VALUES (655,78017201,1,200,200,@@@NO@@@)','',2,'2013-05-26'),(17964,'INSERT INTO gne_vale_ferreteria (vfe_id,vfe_fecha,vfe_total,vfe_estado,vfe_entregado,usu_nusuario) VALUES (656,@@@2013.05.26@@@,140,1,0,@@@G_DIAZ@@@)','',2,'2013-05-26'),(17965,'INSERT INTO gne_vale_ferreteria_mov (vfe_id,pro_codigo_plu,vfm_cantidad,vfm_unitario,vfm_total,vfm_entregado) VALUES (656,764249,1,140,140,@@@NO@@@)','',2,'2013-05-26'),(17966,'INSERT INTO gne_vale_ferreteria (vfe_id,vfe_fecha,vfe_total,vfe_estado,vfe_entregado,usu_nusuario) VALUES (657,@@@2013.05.26@@@,1280,1,0,@@@G_DIAZ@@@)','',2,'2013-05-26'),(17967,'INSERT INTO gne_vale_ferreteria_mov (vfe_id,pro_codigo_plu,vfm_cantidad,vfm_unitario,vfm_total,vfm_entregado) VALUES (657,12085,2,120,240,@@@NO@@@)','',2,'2013-05-26'),(17968,'INSERT INTO gne_vale_ferreteria_mov (vfe_id,pro_codigo_plu,vfm_cantidad,vfm_unitario,vfm_total,vfm_entregado) VALUES (657,12083,2,260,520,@@@NO@@@)','',2,'2013-05-26'),(17969,'INSERT INTO gne_vale_ferreteria_mov (vfe_id,pro_codigo_plu,vfm_cantidad,vfm_unitario,vfm_total,vfm_entregado) VALUES (657,1040,2,200,400,@@@NO@@@)','',2,'2013-05-26'),(17970,'INSERT INTO gne_vale_ferreteria_mov (vfe_id,pro_codigo_plu,vfm_cantidad,vfm_unitario,vfm_total,vfm_entregado) VALUES (657,8022,1,120,120,@@@NO@@@)','',2,'2013-05-26'),(17971,'INSERT INTO mae_productos (pro_codigo_plu,pro_codigo_barra,pro_tipo,pro_nombre_producto,pro_nombre_corto,med_id,emb_id,pro_unidades_embalaje,dep_id,lin_id,mar_id,pro_precio_compra_neto,pro_precio_compra_bruto,pro_precio_venta,pro_margen_actual,pro_oferta,pro_fecha_inicio_oferta,pro_fecha_termino_oferta,pro_precio_oferta,pro_stock_minimo,pro_stock_critico,pro_entradas_bodega,pro_salidas_bodega,pro_mermas_bodega,pro_ajustes_bodega,pro_entradas_sv,pro_salidas_sv,pro_mermas_sv,pro_ajustes_sv,pro_activo,rec_numero,pro_unidad,pro_capacidad,pro_consumo_bodega,pro_consumo_sv,pro_estado,pro_funcion_plu,pro_flejes,pro_iva,pro_plu_asociado,pro_envase,pro_duracion,pro_numero_etiqueta) VALUES (78017236,@@@770051@@@,@@@0@@@,@@@HOJA TAMAÑO OFICCIO COLOR 1UND@@@,@@@HOJA TAMAÑO OFIC@@@,@@@1 @@@,@@@3 @@@,@@@0@@@,@@@24 @@@,@@@137@@@,@@@2507@@@,@@@0@@@,@@@0@@@,@@@30@@@,@@@0@@@,@@@@@@,@@@2013.05.26@@@,@@@2013.05.26@@@,@@@0@@@,@@@0@@@,@@@0@@@,@@@0@@@,@@@0@@@,@@@0@@@,@@@0@@@,@@@0@@@,@@@0@@@,@@@0@@@,@@@0@@@,@@@1@@@,@@@0@@@,0,1,0,0,2,0,1,1,0,@@@NO@@@,0,0)','',2,'2013-05-26'),(17972,'DELETE FROM mae_impuestos_productos WHERE pro_codigo_plu=@@@78017236@@@','',2,'2013-05-26'),(17973,'INSERT INTO gne_vale_ferreteria (vfe_id,vfe_fecha,vfe_total,vfe_estado,vfe_entregado,usu_nusuario) VALUES (658,@@@2013.05.26@@@,300,1,0,@@@G_DIAZ@@@)','',2,'2013-05-26'),(17974,'INSERT INTO gne_vale_ferreteria_mov (vfe_id,pro_codigo_plu,vfm_cantidad,vfm_unitario,vfm_total,vfm_entregado) VALUES (658,764835,10,30,300,@@@NO@@@)','',2,'2013-05-26'),(17975,'INSERT INTO gne_vale_ferreteria (vfe_id,vfe_fecha,vfe_total,vfe_estado,vfe_entregado,usu_nusuario) VALUES (659,@@@2013.05.26@@@,1990,1,0,@@@G_DIAZ@@@)','',2,'2013-05-26'),(17976,'INSERT INTO gne_vale_ferreteria_mov (vfe_id,pro_codigo_plu,vfm_cantidad,vfm_unitario,vfm_total,vfm_entregado) VALUES (659,20957,1,1990,1990,@@@NO@@@)','',2,'2013-05-26'),(17977,'INSERT INTO gne_vale_ferreteria (vfe_id,vfe_fecha,vfe_total,vfe_estado,vfe_entregado,usu_nusuario) VALUES (660,@@@2013.05.26@@@,120,1,0,@@@G_DIAZ@@@)','',2,'2013-05-26'),(17978,'INSERT INTO gne_vale_ferreteria_mov (vfe_id,pro_codigo_plu,vfm_cantidad,vfm_unitario,vfm_total,vfm_entregado) VALUES (660,761335,1,120,120,@@@NO@@@)','',2,'2013-05-26'),(17979,'INSERT INTO gne_vale_ferreteria (vfe_id,vfe_fecha,vfe_total,vfe_estado,vfe_entregado,usu_nusuario) VALUES (661,@@@2013.05.26@@@,990,1,0,@@@G_DIAZ@@@)','',2,'2013-05-26'),(17980,'INSERT INTO gne_vale_ferreteria_mov (vfe_id,pro_codigo_plu,vfm_cantidad,vfm_unitario,vfm_total,vfm_entregado) VALUES (661,78017183,1,990,990,@@@NO@@@)','',2,'2013-05-26'),(17981,'INSERT INTO gne_vale_ferreteria (vfe_id,vfe_fecha,vfe_total,vfe_estado,vfe_entregado,usu_nusuario) VALUES (662,@@@2013.05.26@@@,300,1,0,@@@G_DIAZ@@@)','',2,'2013-05-26'),(17982,'INSERT INTO gne_vale_ferreteria_mov (vfe_id,pro_codigo_plu,vfm_cantidad,vfm_unitario,vfm_total,vfm_entregado) VALUES (662,14979,1,300,300,@@@NO@@@)','',2,'2013-05-26'),(17983,'INSERT INTO gne_vale_ferreteria (vfe_id,vfe_fecha,vfe_total,vfe_estado,vfe_entregado,usu_nusuario) VALUES (663,@@@2013.05.26@@@,1890,1,0,@@@G_DIAZ@@@)','',2,'2013-05-26'),(17984,'INSERT INTO gne_vale_ferreteria_mov (vfe_id,pro_codigo_plu,vfm_cantidad,vfm_unitario,vfm_total,vfm_entregado) VALUES (663,101625,1,1890,1890,@@@NO@@@)','',2,'2013-05-26'),(17985,'INSERT INTO gne_vale_ferreteria (vfe_id,vfe_fecha,vfe_total,vfe_estado,vfe_entregado,usu_nusuario) VALUES (664,@@@2013.05.26@@@,2280,1,0,@@@G_DIAZ@@@)','',2,'2013-05-26'),(17986,'INSERT INTO gne_vale_ferreteria_mov (vfe_id,pro_codigo_plu,vfm_cantidad,vfm_unitario,vfm_total,vfm_entregado) VALUES (664,101844,1,1890,1890,@@@NO@@@)','',2,'2013-05-26'),(17987,'INSERT INTO gne_vale_ferreteria_mov (vfe_id,pro_codigo_plu,vfm_cantidad,vfm_unitario,vfm_total,vfm_entregado) VALUES (664,20368,2,100,200,@@@NO@@@)','',2,'2013-05-26'),(17988,'INSERT INTO gne_vale_ferreteria_mov (vfe_id,pro_codigo_plu,vfm_cantidad,vfm_unitario,vfm_total,vfm_entregado) VALUES (664,1537,1,190,190,@@@NO@@@)','',2,'2013-05-26'),(17989,'INSERT INTO gne_vale_ferreteria (vfe_id,vfe_fecha,vfe_total,vfe_estado,vfe_entregado,usu_nusuario) VALUES (665,@@@2013.05.26@@@,510,1,0,@@@G_DIAZ@@@)','',2,'2013-05-26'),(17990,'INSERT INTO gne_vale_ferreteria_mov (vfe_id,pro_codigo_plu,vfm_cantidad,vfm_unitario,vfm_total,vfm_entregado) VALUES (665,78017236,15,30,450,@@@NO@@@)','',2,'2013-05-26'),(17991,'INSERT INTO gne_vale_ferreteria_mov (vfe_id,pro_codigo_plu,vfm_cantidad,vfm_unitario,vfm_total,vfm_entregado) VALUES (665,770034,3,20,60,@@@NO@@@)','',2,'2013-05-26'),(17992,'INSERT INTO gne_vale_ferreteria (vfe_id,vfe_fecha,vfe_total,vfe_estado,vfe_entregado,usu_nusuario) VALUES (666,@@@2013.05.26@@@,450,1,0,@@@G_DIAZ@@@)','',2,'2013-05-26'),(17993,'INSERT INTO gne_vale_ferreteria_mov (vfe_id,pro_codigo_plu,vfm_cantidad,vfm_unitario,vfm_total,vfm_entregado) VALUES (666,764503,1,450,450,@@@NO@@@)','',2,'2013-05-26'),(17994,'INSERT INTO gne_vale_ferreteria (vfe_id,vfe_fecha,vfe_total,vfe_estado,vfe_entregado,usu_nusuario) VALUES (667,@@@2013.05.26@@@,790,1,0,@@@G_DIAZ@@@)','',2,'2013-05-26'),(17995,'INSERT INTO gne_vale_ferreteria_mov (vfe_id,pro_codigo_plu,vfm_cantidad,vfm_unitario,vfm_total,vfm_entregado) VALUES (667,764084,1,790,790,@@@NO@@@)','',2,'2013-05-26'),(17996,'UPDATE mae_productos SET pro_codigo_barra=@@@7802500144368@@@,pro_tipo=@@@0@@@,pro_nombre_producto=@@@CARACOL ROMANO 400 GRS.@@@,pro_nombre_corto=@@@CARACOL ROMANO 4@@@,med_id=@@@5@@@,emb_id=@@@3@@@,pro_unidades_embalaje=@@@30@@@,dep_id=@@@1 @@@,lin_id=@@@8@@@,mar_id=@@@1062@@@,pro_precio_compra_neto=@@@0@@@,pro_precio_compra_bruto=@@@0@@@,pro_precio_venta=@@@390@@@,pro_margen_actual=@@@0@@@,pro_oferta=@@@NO@@@,pro_fecha_inicio_oferta=@@@1900.01.01@@@,pro_fecha_termino_oferta=@@@1900.01.01@@@,pro_precio_oferta=@@@0@@@,pro_stock_minimo=@@@30@@@,pro_stock_critico=@@@15@@@,pro_activo=@@@1@@@,pro_unidad=@@@0@@@,pro_precio_compra_bruto=0,pro_margen_actual=0,pro_capacidad=0.4,pro_funcion_plu=0,pro_flejes=1,pro_iva=1,pro_plu_asociado=0,pro_envase=@@@NO@@@,pro_duracion=0,pro_numero_etiqueta=0 WHERE pro_codigo_plu=@@@10890@@@','',2,'2013-05-26'),(17997,'UPDATE mae_productos SET pro_estado=1 WHERE pro_codigo_plu=10890','',2,'2013-05-26'),(17998,'DELETE FROM mae_impuestos_productos WHERE pro_codigo_plu=@@@10890@@@','',2,'2013-05-26'),(17999,'INSERT INTO mae_productos (pro_codigo_plu,pro_codigo_barra,pro_tipo,pro_nombre_producto,pro_nombre_corto,med_id,emb_id,pro_unidades_embalaje,dep_id,lin_id,mar_id,pro_precio_compra_neto,pro_precio_compra_bruto,pro_precio_venta,pro_margen_actual,pro_oferta,pro_fecha_inicio_oferta,pro_fecha_termino_oferta,pro_precio_oferta,pro_stock_minimo,pro_stock_critico,pro_entradas_bodega,pro_salidas_bodega,pro_mermas_bodega,pro_ajustes_bodega,pro_entradas_sv,pro_salidas_sv,pro_mermas_sv,pro_ajustes_sv,pro_activo,rec_numero,pro_unidad,pro_capacidad,pro_consumo_bodega,pro_consumo_sv,pro_estado,pro_funcion_plu,pro_flejes,pro_iva,pro_plu_asociado,pro_envase,pro_duracion,pro_numero_etiqueta) VALUES (78017237,@@@7700050@@@,@@@0@@@,@@@PACK GALLETAS MALLA VARIEDADES DOS EN UNO@@@,@@@PACK GALLETAS MA@@@,@@@1 @@@,@@@3 @@@,@@@0@@@,@@@32 @@@,@@@18@@@,@@@1740@@@,@@@0@@@,@@@0@@@,@@@990@@@,@@@0@@@,@@@@@@,@@@2013.05.26@@@,@@@2013.05.26@@@,@@@0@@@,@@@0@@@,@@@0@@@,@@@0@@@,@@@0@@@,@@@0@@@,@@@0@@@,@@@0@@@,@@@0@@@,@@@0@@@,@@@0@@@,@@@1@@@,@@@0@@@,0,1,0,0,2,0,1,1,0,@@@NO@@@,0,0)','',2,'2013-05-26'),(18000,'DELETE FROM mae_impuestos_productos WHERE pro_codigo_plu=@@@78017237@@@','',2,'2013-05-26'),(18001,'UPDATE mae_productos SET pro_codigo_barra=@@@7613032557195@@@,pro_tipo=@@@0@@@,pro_nombre_producto=@@@PACK GALLETAS TRITON VAINILLA 4 X 126 GR@@@,pro_nombre_corto=@@@PACK GALLETAS TR@@@,med_id=@@@1@@@,emb_id=@@@3@@@,pro_unidades_embalaje=@@@4@@@,dep_id=@@@32 @@@,lin_id=@@@18@@@,mar_id=@@@9@@@,pro_precio_compra_neto=@@@0@@@,pro_precio_compra_bruto=@@@0@@@,pro_precio_venta=@@@1100@@@,pro_margen_actual=@@@0@@@,pro_oferta=@@@NO@@@,pro_fecha_inicio_oferta=@@@2006.09.07@@@,pro_fecha_termino_oferta=@@@2006.09.07@@@,pro_precio_oferta=@@@0@@@,pro_stock_minimo=@@@0@@@,pro_stock_critico=@@@0@@@,pro_activo=@@@1@@@,pro_unidad=@@@0@@@,pro_precio_compra_bruto=0,pro_margen_actual=0,pro_capacidad=1,pro_funcion_plu=0,pro_flejes=1,pro_iva=1,pro_plu_asociado=0,pro_envase=@@@NO@@@,pro_duracion=0,pro_numero_etiqueta=0 WHERE pro_codigo_plu=@@@762298@@@','',2,'2013-05-26'),(18002,'UPDATE mae_productos SET pro_estado=1 WHERE pro_codigo_plu=762298','',2,'2013-05-26'),(18003,'DELETE FROM mae_impuestos_productos WHERE pro_codigo_plu=@@@762298@@@','',2,'2013-05-26'),(18004,'INSERT INTO gne_vale_ferreteria (vfe_id,vfe_fecha,vfe_total,vfe_estado,vfe_entregado,usu_nusuario) VALUES (668,@@@2013.05.26@@@,1360,1,0,@@@G_DIAZ@@@)','',2,'2013-05-26'),(18005,'INSERT INTO gne_vale_ferreteria_mov (vfe_id,pro_codigo_plu,vfm_cantidad,vfm_unitario,vfm_total,vfm_entregado) VALUES (668,101814,2,680,1360,@@@NO@@@)','',2,'2013-05-26'),(18006,'INSERT INTO gne_vale_ferreteria (vfe_id,vfe_fecha,vfe_total,vfe_estado,vfe_entregado,usu_nusuario) VALUES (669,@@@2013.05.26@@@,1490,1,0,@@@G_DIAZ@@@)','',2,'2013-05-26'),(18007,'INSERT INTO gne_vale_ferreteria_mov (vfe_id,pro_codigo_plu,vfm_cantidad,vfm_unitario,vfm_total,vfm_entregado) VALUES (669,764634,1,1490,1490,@@@NO@@@)','',2,'2013-05-26'),(18008,'INSERT INTO gne_vale_ferreteria (vfe_id,vfe_fecha,vfe_total,vfe_estado,vfe_entregado,usu_nusuario) VALUES (670,@@@2013.05.26@@@,120,1,0,@@@G_DIAZ@@@)','',2,'2013-05-26'),(18009,'INSERT INTO gne_vale_ferreteria_mov (vfe_id,pro_codigo_plu,vfm_cantidad,vfm_unitario,vfm_total,vfm_entregado) VALUES (670,8022,1,120,120,@@@NO@@@)','',2,'2013-05-26'),(18010,'INSERT INTO gne_vale_ferreteria (vfe_id,vfe_fecha,vfe_total,vfe_estado,vfe_entregado,usu_nusuario) VALUES (671,@@@2013.05.26@@@,350,1,0,@@@G_DIAZ@@@)','',2,'2013-05-26'),(18011,'INSERT INTO gne_vale_ferreteria_mov (vfe_id,pro_codigo_plu,vfm_cantidad,vfm_unitario,vfm_total,vfm_entregado) VALUES (671,102408,1,350,350,@@@NO@@@)','',2,'2013-05-26'),(18012,'INSERT INTO gne_vale_ferreteria (vfe_id,vfe_fecha,vfe_total,vfe_estado,vfe_entregado,usu_nusuario) VALUES (672,@@@2013.05.26@@@,950,1,0,@@@G_DIAZ@@@)','',2,'2013-05-26'),(18013,'INSERT INTO gne_vale_ferreteria_mov (vfe_id,pro_codigo_plu,vfm_cantidad,vfm_unitario,vfm_total,vfm_entregado) VALUES (672,14106,1,950,950,@@@NO@@@)','',2,'2013-05-26'),(18014,'INSERT INTO gne_vale_ferreteria (vfe_id,vfe_fecha,vfe_total,vfe_estado,vfe_entregado,usu_nusuario) VALUES (673,@@@2013.05.26@@@,690,1,0,@@@G_DIAZ@@@)','',2,'2013-05-26'),(18015,'INSERT INTO gne_vale_ferreteria_mov (vfe_id,pro_codigo_plu,vfm_cantidad,vfm_unitario,vfm_total,vfm_entregado) VALUES (673,763990,1,690,690,@@@NO@@@)','',2,'2013-05-26'),(18016,'INSERT INTO gne_vale_ferreteria (vfe_id,vfe_fecha,vfe_total,vfe_estado,vfe_entregado,usu_nusuario) VALUES (674,@@@2013.05.26@@@,150,1,0,@@@G_DIAZ@@@)','',2,'2013-05-26'),(18017,'INSERT INTO gne_vale_ferreteria_mov (vfe_id,pro_codigo_plu,vfm_cantidad,vfm_unitario,vfm_total,vfm_entregado) VALUES (674,78017171,1,150,150,@@@NO@@@)','',2,'2013-05-26'),(18018,'INSERT INTO gne_vale_ferreteria (vfe_id,vfe_fecha,vfe_total,vfe_estado,vfe_entregado,usu_nusuario) VALUES (675,@@@2013.05.26@@@,490,1,0,@@@G_DIAZ@@@)','',2,'2013-05-26'),(18019,'INSERT INTO gne_vale_ferreteria_mov (vfe_id,pro_codigo_plu,vfm_cantidad,vfm_unitario,vfm_total,vfm_entregado) VALUES (675,1552,1,490,490,@@@NO@@@)','',2,'2013-05-26'),(18020,'UPDATE mae_productos SET pro_codigo_barra=@@@7801620001193@@@,pro_tipo=@@@0@@@,pro_nombre_producto=@@@BILZ PET 3000 CC@@@,pro_nombre_corto=@@@BILZ  PET 3000 C@@@,med_id=@@@6@@@,emb_id=@@@5@@@,pro_unidades_embalaje=@@@6@@@,dep_id=@@@4 @@@,lin_id=@@@55@@@,mar_id=@@@1752@@@,pro_precio_compra_neto=@@@0@@@,pro_precio_compra_bruto=@@@0@@@,pro_precio_venta=@@@1450@@@,pro_margen_actual=@@@0@@@,pro_oferta=@@@NO@@@,pro_fecha_inicio_oferta=@@@1900.01.01@@@,pro_fecha_termino_oferta=@@@1900.01.01@@@,pro_precio_oferta=@@@0@@@,pro_stock_minimo=@@@6@@@,pro_stock_critico=@@@3@@@,pro_activo=@@@1@@@,pro_unidad=@@@0@@@,pro_precio_compra_bruto=0,pro_margen_actual=0,pro_capacidad=3,pro_funcion_plu=0,pro_flejes=1,pro_iva=1,pro_plu_asociado=0,pro_envase=@@@NO@@@,pro_duracion=0,pro_numero_etiqueta=0 WHERE pro_codigo_plu=@@@17180@@@','',2,'2013-05-26'),(18021,'UPDATE mae_productos SET pro_estado=1 WHERE pro_codigo_plu=17180','',2,'2013-05-26'),(18022,'DELETE FROM mae_impuestos_productos WHERE pro_codigo_plu=@@@17180@@@','',2,'2013-05-26'),(18023,'INSERT INTO gne_vale_ferreteria (vfe_id,vfe_fecha,vfe_total,vfe_estado,vfe_entregado,usu_nusuario) VALUES (676,@@@2013.05.26@@@,200,1,0,@@@G_DIAZ@@@)','',2,'2013-05-26'),(18024,'INSERT INTO gne_vale_ferreteria_mov (vfe_id,pro_codigo_plu,vfm_cantidad,vfm_unitario,vfm_total,vfm_entregado) VALUES (676,7052,1,200,200,@@@NO@@@)','',2,'2013-05-26'),(18025,'INSERT INTO gne_vale_ferreteria (vfe_id,vfe_fecha,vfe_total,vfe_estado,vfe_entregado,usu_nusuario) VALUES (677,@@@2013.05.26@@@,200,1,0,@@@G_DIAZ@@@)','',2,'2013-05-26'),(18026,'INSERT INTO gne_vale_ferreteria_mov (vfe_id,pro_codigo_plu,vfm_cantidad,vfm_unitario,vfm_total,vfm_entregado) VALUES (677,7051,2,100,200,@@@NO@@@)','',2,'2013-05-26'),(18027,'INSERT INTO gne_vale_ferreteria (vfe_id,vfe_fecha,vfe_total,vfe_estado,vfe_entregado,usu_nusuario) VALUES (678,@@@2013.05.26@@@,200,1,0,@@@G_DIAZ@@@)','',2,'2013-05-26'),(18028,'INSERT INTO gne_vale_ferreteria_mov (vfe_id,pro_codigo_plu,vfm_cantidad,vfm_unitario,vfm_total,vfm_entregado) VALUES (678,7052,1,200,200,@@@NO@@@)','',2,'2013-05-26'),(18029,'INSERT INTO gne_vale_ferreteria (vfe_id,vfe_fecha,vfe_total,vfe_estado,vfe_entregado,usu_nusuario) VALUES (679,@@@2013.05.26@@@,790,1,0,@@@G_DIAZ@@@)','',2,'2013-05-26'),(18030,'INSERT INTO gne_vale_ferreteria_mov (vfe_id,pro_codigo_plu,vfm_cantidad,vfm_unitario,vfm_total,vfm_entregado) VALUES (679,101454,1,790,790,@@@NO@@@)','',2,'2013-05-26'),(18031,'INSERT INTO gne_vale_ferreteria (vfe_id,vfe_fecha,vfe_total,vfe_estado,vfe_entregado,usu_nusuario) VALUES (680,@@@2013.05.26@@@,100,1,0,@@@G_DIAZ@@@)','',2,'2013-05-26'),(18032,'INSERT INTO gne_vale_ferreteria_mov (vfe_id,pro_codigo_plu,vfm_cantidad,vfm_unitario,vfm_total,vfm_entregado) VALUES (680,764833,10,10,100,@@@NO@@@)','',2,'2013-05-26'),(18033,'INSERT INTO gne_vale_ferreteria (vfe_id,vfe_fecha,vfe_total,vfe_estado,vfe_entregado,usu_nusuario) VALUES (681,@@@2013.05.26@@@,200,1,0,@@@G_DIAZ@@@)','',2,'2013-05-26'),(18034,'INSERT INTO gne_vale_ferreteria_mov (vfe_id,pro_codigo_plu,vfm_cantidad,vfm_unitario,vfm_total,vfm_entregado) VALUES (681,4130,2,100,200,@@@NO@@@)','',2,'2013-05-26'),(18035,'INSERT INTO gne_vale_ferreteria (vfe_id,vfe_fecha,vfe_total,vfe_estado,vfe_entregado,usu_nusuario) VALUES (682,@@@2013.05.26@@@,520,1,0,@@@G_DIAZ@@@)','',2,'2013-05-26'),(18036,'INSERT INTO gne_vale_ferreteria_mov (vfe_id,pro_codigo_plu,vfm_cantidad,vfm_unitario,vfm_total,vfm_entregado) VALUES (682,1066,4,130,520,@@@NO@@@)','',2,'2013-05-26'),(18037,'INSERT INTO gne_vale_ferreteria (vfe_id,vfe_fecha,vfe_total,vfe_estado,vfe_entregado,usu_nusuario) VALUES (683,@@@2013.05.26@@@,710,1,0,@@@G_DIAZ@@@)','',2,'2013-05-26'),(18038,'INSERT INTO gne_vale_ferreteria_mov (vfe_id,pro_codigo_plu,vfm_cantidad,vfm_unitario,vfm_total,vfm_entregado) VALUES (683,78017198,1,490,490,@@@NO@@@)','',2,'2013-05-26'),(18039,'INSERT INTO gne_vale_ferreteria_mov (vfe_id,pro_codigo_plu,vfm_cantidad,vfm_unitario,vfm_total,vfm_entregado) VALUES (683,764768,1,220,220,@@@NO@@@)','',2,'2013-05-26'),(18040,'INSERT INTO gne_vale_ferreteria (vfe_id,vfe_fecha,vfe_total,vfe_estado,vfe_entregado,usu_nusuario) VALUES (684,@@@2013.05.26@@@,870,1,0,@@@G_DIAZ@@@)','',2,'2013-05-26'),(18041,'INSERT INTO gne_vale_ferreteria_mov (vfe_id,pro_codigo_plu,vfm_cantidad,vfm_unitario,vfm_total,vfm_entregado) VALUES (684,101454,1,790,790,@@@NO@@@)','',2,'2013-05-26'),(18042,'INSERT INTO gne_vale_ferreteria_mov (vfe_id,pro_codigo_plu,vfm_cantidad,vfm_unitario,vfm_total,vfm_entregado) VALUES (684,770001,1,80,80,@@@NO@@@)','',2,'2013-05-26'),(18043,'INSERT INTO gne_vale_ferreteria (vfe_id,vfe_fecha,vfe_total,vfe_estado,vfe_entregado,usu_nusuario) VALUES (685,@@@2013.05.26@@@,390,1,0,@@@G_DIAZ@@@)','',2,'2013-05-26'),(18044,'INSERT INTO gne_vale_ferreteria_mov (vfe_id,pro_codigo_plu,vfm_cantidad,vfm_unitario,vfm_total,vfm_entregado) VALUES (685,8023,1,390,390,@@@NO@@@)','',2,'2013-05-26'),(18045,'INSERT INTO mae_productos (pro_codigo_plu,pro_codigo_barra,pro_tipo,pro_nombre_producto,pro_nombre_corto,med_id,emb_id,pro_unidades_embalaje,dep_id,lin_id,mar_id,pro_precio_compra_neto,pro_precio_compra_bruto,pro_precio_venta,pro_margen_actual,pro_oferta,pro_fecha_inicio_oferta,pro_fecha_termino_oferta,pro_precio_oferta,pro_stock_minimo,pro_stock_critico,pro_entradas_bodega,pro_salidas_bodega,pro_mermas_bodega,pro_ajustes_bodega,pro_entradas_sv,pro_salidas_sv,pro_mermas_sv,pro_ajustes_sv,pro_activo,rec_numero,pro_unidad,pro_capacidad,pro_consumo_bodega,pro_consumo_sv,pro_estado,pro_funcion_plu,pro_flejes,pro_iva,pro_plu_asociado,pro_envase,pro_duracion,pro_numero_etiqueta) VALUES (78017238,@@@770052@@@,@@@0@@@,@@@HILO ECONOMICO VARIEDAD DE COLOR@@@,@@@HILO ECONOMICO V@@@,@@@1 @@@,@@@3 @@@,@@@0@@@,@@@2 @@@,@@@41@@@,@@@2507@@@,@@@0@@@,@@@0@@@,@@@200@@@,@@@0@@@,@@@@@@,@@@2013.05.26@@@,@@@2013.05.26@@@,@@@0@@@,@@@0@@@,@@@0@@@,@@@0@@@,@@@0@@@,@@@0@@@,@@@0@@@,@@@0@@@,@@@0@@@,@@@0@@@,@@@0@@@,@@@1@@@,@@@0@@@,0,1,0,0,2,0,1,1,0,@@@NO@@@,0,0)','',2,'2013-05-26'),(18046,'DELETE FROM mae_impuestos_productos WHERE pro_codigo_plu=@@@78017238@@@','',2,'2013-05-26'),(18047,'INSERT INTO mae_productos (pro_codigo_plu,pro_codigo_barra,pro_tipo,pro_nombre_producto,pro_nombre_corto,med_id,emb_id,pro_unidades_embalaje,dep_id,lin_id,mar_id,pro_precio_compra_neto,pro_precio_compra_bruto,pro_precio_venta,pro_margen_actual,pro_oferta,pro_fecha_inicio_oferta,pro_fecha_termino_oferta,pro_precio_oferta,pro_stock_minimo,pro_stock_critico,pro_entradas_bodega,pro_salidas_bodega,pro_mermas_bodega,pro_ajustes_bodega,pro_entradas_sv,pro_salidas_sv,pro_mermas_sv,pro_ajustes_sv,pro_activo,rec_numero,pro_unidad,pro_capacidad,pro_consumo_bodega,pro_consumo_sv,pro_estado,pro_funcion_plu,pro_flejes,pro_iva,pro_plu_asociado,pro_envase,pro_duracion,pro_numero_etiqueta) VALUES (78017239,@@@770053@@@,@@@0@@@,@@@ALFILER DE COLOR CIRCULO@@@,@@@ALFILER DE COLOR@@@,@@@1 @@@,@@@3 @@@,@@@0@@@,@@@2 @@@,@@@41@@@,@@@2507@@@,@@@0@@@,@@@0@@@,@@@390@@@,@@@0@@@,@@@@@@,@@@2013.05.26@@@,@@@2013.05.26@@@,@@@0@@@,@@@0@@@,@@@0@@@,@@@0@@@,@@@0@@@,@@@0@@@,@@@0@@@,@@@0@@@,@@@0@@@,@@@0@@@,@@@0@@@,@@@1@@@,@@@0@@@,0,1,0,0,2,0,1,1,0,@@@NO@@@,0,0)','',2,'2013-05-26'),(18048,'DELETE FROM mae_impuestos_productos WHERE pro_codigo_plu=@@@78017239@@@','',2,'2013-05-26'),(18049,'INSERT INTO gne_vale_ferreteria (vfe_id,vfe_fecha,vfe_total,vfe_estado,vfe_entregado,usu_nusuario) VALUES (686,@@@2013.05.26@@@,390,1,0,@@@G_DIAZ@@@)','',2,'2013-05-26'),(18050,'INSERT INTO gne_vale_ferreteria_mov (vfe_id,pro_codigo_plu,vfm_cantidad,vfm_unitario,vfm_total,vfm_entregado) VALUES (686,78017239,1,390,390,@@@NO@@@)','',2,'2013-05-26'),(18051,'INSERT INTO gne_vale_ferreteria (vfe_id,vfe_fecha,vfe_total,vfe_estado,vfe_entregado,usu_nusuario) VALUES (687,@@@2013.05.26@@@,120,1,0,@@@G_DIAZ@@@)','',2,'2013-05-26'),(18052,'INSERT INTO gne_vale_ferreteria_mov (vfe_id,pro_codigo_plu,vfm_cantidad,vfm_unitario,vfm_total,vfm_entregado) VALUES (687,8022,1,120,120,@@@NO@@@)','',2,'2013-05-26'),(18053,'INSERT INTO gne_vale_ferreteria (vfe_id,vfe_fecha,vfe_total,vfe_estado,vfe_entregado,usu_nusuario) VALUES (688,@@@2013.05.26@@@,2990,1,0,@@@G_DIAZ@@@)','',2,'2013-05-26'),(18054,'INSERT INTO gne_vale_ferreteria_mov (vfe_id,pro_codigo_plu,vfm_cantidad,vfm_unitario,vfm_total,vfm_entregado) VALUES (688,764047,1,2990,2990,@@@NO@@@)','',2,'2013-05-26'),(18055,'INSERT INTO gne_vale_ferreteria (vfe_id,vfe_fecha,vfe_total,vfe_estado,vfe_entregado,usu_nusuario) VALUES (689,@@@2013.05.26@@@,960,1,0,@@@G_DIAZ@@@)','',2,'2013-05-26'),(18056,'INSERT INTO gne_vale_ferreteria_mov (vfe_id,pro_codigo_plu,vfm_cantidad,vfm_unitario,vfm_total,vfm_entregado) VALUES (689,15927,2,480,960,@@@NO@@@)','',2,'2013-05-26'),(18057,'INSERT INTO gne_vale_ferreteria (vfe_id,vfe_fecha,vfe_total,vfe_estado,vfe_entregado,usu_nusuario) VALUES (690,@@@2013.05.26@@@,590,1,0,@@@G_DIAZ@@@)','',2,'2013-05-26'),(18058,'INSERT INTO gne_vale_ferreteria_mov (vfe_id,pro_codigo_plu,vfm_cantidad,vfm_unitario,vfm_total,vfm_entregado) VALUES (690,764506,1,590,590,@@@NO@@@)','',2,'2013-05-26'),(18059,'UPDATE mae_productos SET pro_precio_fiscal=pro_precio_venta WHERE pro_codigo_plu=762298','',2,'2013-05-26'),(18060,'UPDATE mae_productos SET pro_precio_fiscal=pro_precio_venta WHERE pro_codigo_plu=78017237','',2,'2013-05-26'),(18061,'UPDATE mae_productos SET pro_precio_fiscal=pro_precio_venta WHERE pro_codigo_plu=78017236','',2,'2013-05-26'),(18062,'UPDATE mae_productos SET pro_precio_fiscal=pro_precio_venta WHERE pro_codigo_plu=78017238','',2,'2013-05-26'),(18063,'UPDATE mae_productos SET pro_precio_fiscal=pro_precio_venta WHERE pro_codigo_plu=78017239','',2,'2013-05-26'),(18064,'UPDATE mae_productos SET pro_precio_fiscal=pro_precio_venta WHERE pro_codigo_plu=17180','',2,'2013-05-26'),(18065,'UPDATE mae_productos SET pro_precio_fiscal=pro_precio_venta WHERE pro_codigo_plu=10890','',2,'2013-05-26'),(18066,'INSERT INTO gne_vale_ferreteria (vfe_id,vfe_fecha,vfe_total,vfe_estado,vfe_entregado,usu_nusuario) VALUES (691,@@@2013.05.26@@@,750,1,0,@@@G_DIAZ@@@)','',2,'2013-05-26'),(18067,'INSERT INTO gne_vale_ferreteria_mov (vfe_id,pro_codigo_plu,vfm_cantidad,vfm_unitario,vfm_total,vfm_entregado) VALUES (691,11519,1,750,750,@@@NO@@@)','',2,'2013-05-26'),(18068,'INSERT INTO gne_vale_ferreteria (vfe_id,vfe_fecha,vfe_total,vfe_estado,vfe_entregado,usu_nusuario) VALUES (692,@@@2013.05.26@@@,1500,1,0,@@@G_DIAZ@@@)','',2,'2013-05-26'),(18069,'INSERT INTO gne_vale_ferreteria_mov (vfe_id,pro_codigo_plu,vfm_cantidad,vfm_unitario,vfm_total,vfm_entregado) VALUES (692,19876,1,980,980,@@@NO@@@)','',2,'2013-05-26'),(18070,'INSERT INTO gne_vale_ferreteria_mov (vfe_id,pro_codigo_plu,vfm_cantidad,vfm_unitario,vfm_total,vfm_entregado) VALUES (692,19803,1,520,520,@@@NO@@@)','',2,'2013-05-26'),(18071,'INSERT INTO gne_vale_ferreteria (vfe_id,vfe_fecha,vfe_total,vfe_estado,vfe_entregado,usu_nusuario) VALUES (693,@@@2013.05.26@@@,1000,1,0,@@@G_DIAZ@@@)','',2,'2013-05-26'),(18072,'INSERT INTO gne_vale_ferreteria_mov (vfe_id,pro_codigo_plu,vfm_cantidad,vfm_unitario,vfm_total,vfm_entregado) VALUES (693,764842,1,1000,1000,@@@NO@@@)','',2,'2013-05-26'),(18073,'INSERT INTO gne_vale_ferreteria (vfe_id,vfe_fecha,vfe_total,vfe_estado,vfe_entregado,usu_nusuario) VALUES (694,@@@2013.05.26@@@,450,1,0,@@@G_DIAZ@@@)','',2,'2013-05-26'),(18074,'INSERT INTO gne_vale_ferreteria_mov (vfe_id,pro_codigo_plu,vfm_cantidad,vfm_unitario,vfm_total,vfm_entregado) VALUES (694,764539,1,450,450,@@@NO@@@)','',2,'2013-05-26'),(18075,'INSERT INTO gne_vale_ferreteria (vfe_id,vfe_fecha,vfe_total,vfe_estado,vfe_entregado,usu_nusuario) VALUES (695,@@@2013.05.26@@@,410,1,0,@@@G_DIAZ@@@)','',2,'2013-05-26'),(18076,'INSERT INTO gne_vale_ferreteria_mov (vfe_id,pro_codigo_plu,vfm_cantidad,vfm_unitario,vfm_total,vfm_entregado) VALUES (695,12083,1,260,260,@@@NO@@@)','',2,'2013-05-26'),(18077,'INSERT INTO gne_vale_ferreteria_mov (vfe_id,pro_codigo_plu,vfm_cantidad,vfm_unitario,vfm_total,vfm_entregado) VALUES (695,78017018,1,150,150,@@@NO@@@)','',2,'2013-05-26'),(18078,'INSERT INTO gne_vale_ferreteria (vfe_id,vfe_fecha,vfe_total,vfe_estado,vfe_entregado,usu_nusuario) VALUES (696,@@@2013.05.26@@@,290,1,0,@@@G_DIAZ@@@)','',2,'2013-05-26'),(18079,'INSERT INTO gne_vale_ferreteria_mov (vfe_id,pro_codigo_plu,vfm_cantidad,vfm_unitario,vfm_total,vfm_entregado) VALUES (696,2005,1,290,290,@@@NO@@@)','',2,'2013-05-26'),(18080,'INSERT INTO gne_vale_ferreteria (vfe_id,vfe_fecha,vfe_total,vfe_estado,vfe_entregado,usu_nusuario) VALUES (697,@@@2013.05.26@@@,500,1,0,@@@G_DIAZ@@@)','',2,'2013-05-26'),(18081,'INSERT INTO gne_vale_ferreteria_mov (vfe_id,pro_codigo_plu,vfm_cantidad,vfm_unitario,vfm_total,vfm_entregado) VALUES (697,764160,5,100,500,@@@NO@@@)','',2,'2013-05-26'),(18082,'INSERT INTO gne_vale_ferreteria (vfe_id,vfe_fecha,vfe_total,vfe_estado,vfe_entregado,usu_nusuario) VALUES (698,@@@2013.05.26@@@,400,1,0,@@@G_DIAZ@@@)','',2,'2013-05-26'),(18083,'INSERT INTO gne_vale_ferreteria_mov (vfe_id,pro_codigo_plu,vfm_cantidad,vfm_unitario,vfm_total,vfm_entregado) VALUES (698,764157,4,100,400,@@@NO@@@)','',2,'2013-05-26'),(18084,'INSERT INTO gne_vale_ferreteria (vfe_id,vfe_fecha,vfe_total,vfe_estado,vfe_entregado,usu_nusuario) VALUES (699,@@@2013.05.26@@@,120,1,0,@@@G_DIAZ@@@)','',2,'2013-05-26'),(18085,'INSERT INTO gne_vale_ferreteria_mov (vfe_id,pro_codigo_plu,vfm_cantidad,vfm_unitario,vfm_total,vfm_entregado) VALUES (699,78017191,3,40,120,@@@NO@@@)','',2,'2013-05-26'),(18086,'INSERT INTO gne_vale_ferreteria (vfe_id,vfe_fecha,vfe_total,vfe_estado,vfe_entregado,usu_nusuario) VALUES (700,@@@2013.05.26@@@,400,1,0,@@@G_DIAZ@@@)','',2,'2013-05-26'),(18087,'INSERT INTO gne_vale_ferreteria_mov (vfe_id,pro_codigo_plu,vfm_cantidad,vfm_unitario,vfm_total,vfm_entregado) VALUES (700,16664,1,400,400,@@@NO@@@)','',2,'2013-05-26'),(18088,'INSERT INTO gne_vale_ferreteria (vfe_id,vfe_fecha,vfe_total,vfe_estado,vfe_entregado,usu_nusuario) VALUES (701,@@@2013.05.26@@@,790,1,0,@@@G_DIAZ@@@)','',2,'2013-05-26'),(18089,'INSERT INTO gne_vale_ferreteria_mov (vfe_id,pro_codigo_plu,vfm_cantidad,vfm_unitario,vfm_total,vfm_entregado) VALUES (701,764760,1,490,490,@@@NO@@@)','',2,'2013-05-26'),(18090,'INSERT INTO gne_vale_ferreteria_mov (vfe_id,pro_codigo_plu,vfm_cantidad,vfm_unitario,vfm_total,vfm_entregado) VALUES (701,764282,1,300,300,@@@NO@@@)','',2,'2013-05-26'),(18091,'INSERT INTO gne_vale_ferreteria (vfe_id,vfe_fecha,vfe_total,vfe_estado,vfe_entregado,usu_nusuario) VALUES (702,@@@2013.05.26@@@,200,1,0,@@@G_DIAZ@@@)','',2,'2013-05-26'),(18092,'INSERT INTO gne_vale_ferreteria_mov (vfe_id,pro_codigo_plu,vfm_cantidad,vfm_unitario,vfm_total,vfm_entregado) VALUES (702,78017194,1,200,200,@@@NO@@@)','',2,'2013-05-26'),(18093,'INSERT INTO gne_vale_ferreteria (vfe_id,vfe_fecha,vfe_total,vfe_estado,vfe_entregado,usu_nusuario) VALUES (703,@@@2013.05.26@@@,100,1,0,@@@G_DIAZ@@@)','',2,'2013-05-26'),(18094,'INSERT INTO gne_vale_ferreteria_mov (vfe_id,pro_codigo_plu,vfm_cantidad,vfm_unitario,vfm_total,vfm_entregado) VALUES (703,764833,10,10,100,@@@NO@@@)','',2,'2013-05-26'),(18095,'INSERT INTO gne_vale_ferreteria (vfe_id,vfe_fecha,vfe_total,vfe_estado,vfe_entregado,usu_nusuario) VALUES (704,@@@2013.05.26@@@,380,1,0,@@@G_DIAZ@@@)','',2,'2013-05-26'),(18096,'INSERT INTO gne_vale_ferreteria_mov (vfe_id,pro_codigo_plu,vfm_cantidad,vfm_unitario,vfm_total,vfm_entregado) VALUES (704,764363,2,190,380,@@@NO@@@)','',2,'2013-05-26'),(18097,'INSERT INTO gne_vale_ferreteria (vfe_id,vfe_fecha,vfe_total,vfe_estado,vfe_entregado,usu_nusuario) VALUES (705,@@@2013.05.26@@@,1590,1,0,@@@G_DIAZ@@@)','',2,'2013-05-26'),(18098,'INSERT INTO gne_vale_ferreteria_mov (vfe_id,pro_codigo_plu,vfm_cantidad,vfm_unitario,vfm_total,vfm_entregado) VALUES (705,15668,1,1390,1390,@@@NO@@@)','',2,'2013-05-26'),(18099,'INSERT INTO gne_vale_ferreteria_mov (vfe_id,pro_codigo_plu,vfm_cantidad,vfm_unitario,vfm_total,vfm_entregado) VALUES (705,764411,2,100,200,@@@NO@@@)','',2,'2013-05-26'),(18100,'INSERT INTO gne_vale_ferreteria (vfe_id,vfe_fecha,vfe_total,vfe_estado,vfe_entregado,usu_nusuario) VALUES (706,@@@2013.05.26@@@,320,1,0,@@@G_DIAZ@@@)','',2,'2013-05-26'),(18101,'INSERT INTO gne_vale_ferreteria_mov (vfe_id,pro_codigo_plu,vfm_cantidad,vfm_unitario,vfm_total,vfm_entregado) VALUES (706,78017204,1,120,120,@@@NO@@@)','',2,'2013-05-26'),(18102,'INSERT INTO gne_vale_ferreteria_mov (vfe_id,pro_codigo_plu,vfm_cantidad,vfm_unitario,vfm_total,vfm_entregado) VALUES (706,764702,1,200,200,@@@NO@@@)','',2,'2013-05-26'),(18103,'INSERT INTO gne_vale_ferreteria (vfe_id,vfe_fecha,vfe_total,vfe_estado,vfe_entregado,usu_nusuario) VALUES (707,@@@2013.05.26@@@,500,1,0,@@@G_DIAZ@@@)','',2,'2013-05-26'),(18104,'INSERT INTO gne_vale_ferreteria_mov (vfe_id,pro_codigo_plu,vfm_cantidad,vfm_unitario,vfm_total,vfm_entregado) VALUES (707,78017010,5,100,500,@@@NO@@@)','',2,'2013-05-26'),(18105,'INSERT INTO gne_vale_ferreteria (vfe_id,vfe_fecha,vfe_total,vfe_estado,vfe_entregado,usu_nusuario) VALUES (708,@@@2013.05.26@@@,490,1,0,@@@G_DIAZ@@@)','',2,'2013-05-26'),(18106,'INSERT INTO gne_vale_ferreteria_mov (vfe_id,pro_codigo_plu,vfm_cantidad,vfm_unitario,vfm_total,vfm_entregado) VALUES (708,1538,1,490,490,@@@NO@@@)','',2,'2013-05-26'),(18107,'UPDATE mae_productos SET pro_codigo_barra=@@@7804520022138@@@,pro_tipo=@@@0@@@,pro_nombre_producto=@@@AZUCAR FLOR DELICADA 500 GRS@@@,pro_nombre_corto=@@@AZUCAR DELICADA@@@,med_id=@@@5@@@,emb_id=@@@4@@@,pro_unidades_embalaje=@@@20@@@,dep_id=@@@31 @@@,lin_id=@@@159@@@,mar_id=@@@424@@@,pro_precio_compra_neto=@@@0@@@,pro_precio_compra_bruto=@@@0@@@,pro_precio_venta=@@@580@@@,pro_margen_actual=@@@0@@@,pro_oferta=@@@NO@@@,pro_fecha_inicio_oferta=@@@1900.01.01@@@,pro_fecha_termino_oferta=@@@1900.01.01@@@,pro_precio_oferta=@@@0@@@,pro_stock_minimo=@@@20@@@,pro_stock_critico=@@@10@@@,pro_activo=@@@1@@@,pro_unidad=@@@0@@@,pro_precio_compra_bruto=0,pro_margen_actual=0,pro_capacidad=0.5,pro_funcion_plu=0,pro_flejes=1,pro_iva=1,pro_plu_asociado=0,pro_envase=@@@NO@@@,pro_duracion=0,pro_numero_etiqueta=0 WHERE pro_codigo_plu=@@@10584@@@','',2,'2013-05-26'),(18108,'UPDATE mae_productos SET pro_estado=1 WHERE pro_codigo_plu=10584','',2,'2013-05-26'),(18109,'DELETE FROM mae_impuestos_productos WHERE pro_codigo_plu=@@@10584@@@','',2,'2013-05-26'),(18110,'UPDATE mae_productos SET pro_codigo_barra=@@@7804520015819@@@,pro_tipo=@@@0@@@,pro_nombre_producto=@@@CLORO BAKA CONCENTRACION OSO 5000 GRS@@@,pro_nombre_corto=@@@CLORO BAKA CONCE@@@,med_id=@@@5@@@,emb_id=@@@3@@@,pro_unidades_embalaje=@@@0@@@,dep_id=@@@2 @@@,lin_id=@@@36@@@,mar_id=@@@1910@@@,pro_precio_compra_neto=@@@0@@@,pro_precio_compra_bruto=@@@0@@@,pro_precio_venta=@@@1690@@@,pro_margen_actual=@@@0@@@,pro_oferta=@@@NO@@@,pro_fecha_inicio_oferta=@@@2013.05.24@@@,pro_fecha_termino_oferta=@@@2013.05.24@@@,pro_precio_oferta=@@@0@@@,pro_stock_minimo=@@@0@@@,pro_stock_critico=@@@0@@@,pro_activo=@@@1@@@,pro_unidad=@@@0@@@,pro_precio_compra_bruto=0,pro_margen_actual=0,pro_capacidad=5000,pro_funcion_plu=0,pro_flejes=1,pro_iva=1,pro_plu_asociado=0,pro_envase=@@@NO@@@,pro_duracion=0,pro_numero_etiqueta=0 WHERE pro_codigo_plu=@@@78017223@@@','',2,'2013-05-26'),(18111,'UPDATE mae_productos SET pro_estado=1 WHERE pro_codigo_plu=78017223','',2,'2013-05-26'),(18112,'DELETE FROM mae_impuestos_productos WHERE pro_codigo_plu=@@@78017223@@@','',2,'2013-05-26'),(18113,'UPDATE mae_productos SET pro_precio_fiscal=pro_precio_venta WHERE pro_codigo_plu=78017223','',2,'2013-05-26'),(18114,'UPDATE mae_productos SET pro_precio_fiscal=pro_precio_venta WHERE pro_codigo_plu=10584','',2,'2013-05-26'),(18115,'INSERT INTO gne_vale_ferreteria (vfe_id,vfe_fecha,vfe_total,vfe_estado,vfe_entregado,usu_nusuario) VALUES (709,@@@2013.05.26@@@,840,1,0,@@@G_DIAZ@@@)','',2,'2013-05-26'),(18116,'INSERT INTO gne_vale_ferreteria_mov (vfe_id,pro_codigo_plu,vfm_cantidad,vfm_unitario,vfm_total,vfm_entregado) VALUES (709,11670,1,840,840,@@@NO@@@)','',2,'2013-05-26'),(18117,'INSERT INTO gne_vale_ferreteria (vfe_id,vfe_fecha,vfe_total,vfe_estado,vfe_entregado,usu_nusuario) VALUES (710,@@@2013.05.26@@@,330,1,0,@@@G_DIAZ@@@)','',2,'2013-05-26'),(18118,'INSERT INTO gne_vale_ferreteria_mov (vfe_id,pro_codigo_plu,vfm_cantidad,vfm_unitario,vfm_total,vfm_entregado) VALUES (710,763588,1,330,330,@@@NO@@@)','',2,'2013-05-26'),(18119,'INSERT INTO gne_vale_ferreteria (vfe_id,vfe_fecha,vfe_total,vfe_estado,vfe_entregado,usu_nusuario) VALUES (711,@@@2013.05.26@@@,1490,1,0,@@@G_DIAZ@@@)','',2,'2013-05-26'),(18120,'INSERT INTO gne_vale_ferreteria_mov (vfe_id,pro_codigo_plu,vfm_cantidad,vfm_unitario,vfm_total,vfm_entregado) VALUES (711,763672,1,1490,1490,@@@NO@@@)','',2,'2013-05-26'),(18121,'UPDATE mae_productos SET pro_codigo_barra=@@@7896009760532@@@,pro_tipo=@@@0@@@,pro_nombre_producto=@@@PILA RAYOVAC AA 1UND@@@,pro_nombre_corto=@@@PILA RAYOVAC AA@@@,med_id=@@@1@@@,emb_id=@@@3@@@,pro_unidades_embalaje=@@@1@@@,dep_id=@@@2 @@@,lin_id=@@@45@@@,mar_id=@@@1351@@@,pro_precio_compra_neto=@@@0@@@,pro_precio_compra_bruto=@@@0@@@,pro_precio_venta=@@@130@@@,pro_margen_actual=@@@0@@@,pro_oferta=@@@NO@@@,pro_fecha_inicio_oferta=@@@1900.01.01@@@,pro_fecha_termino_oferta=@@@1900.01.01@@@,pro_precio_oferta=@@@0@@@,pro_stock_minimo=@@@0@@@,pro_stock_critico=@@@0@@@,pro_activo=@@@1@@@,pro_unidad=@@@0@@@,pro_precio_compra_bruto=0,pro_margen_actual=0,pro_capacidad=1,pro_funcion_plu=0,pro_flejes=1,pro_iva=1,pro_plu_asociado=0,pro_envase=@@@NO@@@,pro_duracion=0,pro_numero_etiqueta=0 WHERE pro_codigo_plu=@@@15967@@@','',2,'2013-05-26'),(18122,'UPDATE mae_productos SET pro_estado=1 WHERE pro_codigo_plu=15967','',2,'2013-05-26'),(18123,'DELETE FROM mae_impuestos_productos WHERE pro_codigo_plu=@@@15967@@@','',2,'2013-05-26'),(18124,'UPDATE mae_productos SET pro_codigo_barra=@@@7896067201589@@@,pro_tipo=@@@0@@@,pro_nombre_producto=@@@PILA RAYOVAC AAAX 1 UND@@@,pro_nombre_corto=@@@PILA RAYOVAC AA@@@,med_id=@@@1@@@,emb_id=@@@3@@@,pro_unidades_embalaje=@@@1@@@,dep_id=@@@2 @@@,lin_id=@@@45@@@,mar_id=@@@1351@@@,pro_precio_compra_neto=@@@0@@@,pro_precio_compra_bruto=@@@0@@@,pro_precio_venta=@@@130@@@,pro_margen_actual=@@@0@@@,pro_oferta=@@@NO@@@,pro_fecha_inicio_oferta=@@@1900.01.01@@@,pro_fecha_termino_oferta=@@@1900.01.01@@@,pro_precio_oferta=@@@0@@@,pro_stock_minimo=@@@0@@@,pro_stock_critico=@@@0@@@,pro_activo=@@@1@@@,pro_unidad=@@@0@@@,pro_precio_compra_bruto=0,pro_margen_actual=0,pro_capacidad=4,pro_funcion_plu=0,pro_flejes=1,pro_iva=1,pro_plu_asociado=0,pro_envase=@@@NO@@@,pro_duracion=0,pro_numero_etiqueta=0 WHERE pro_codigo_plu=@@@15929@@@','',2,'2013-05-26'),(18125,'UPDATE mae_productos SET pro_estado=1 WHERE pro_codigo_plu=15929','',2,'2013-05-26'),(18126,'DELETE FROM mae_impuestos_productos WHERE pro_codigo_plu=@@@15929@@@','',2,'2013-05-26'),(18127,'UPDATE mae_productos SET pro_codigo_barra=@@@7896009760112@@@,pro_tipo=@@@0@@@,pro_nombre_producto=@@@PILAS RAYOVAC D X 1@@@,pro_nombre_corto=@@@PILAS RAYOVAC D@@@,med_id=@@@1@@@,emb_id=@@@3@@@,pro_unidades_embalaje=@@@1@@@,dep_id=@@@2 @@@,lin_id=@@@45@@@,mar_id=@@@1351@@@,pro_precio_compra_neto=@@@0@@@,pro_precio_compra_bruto=@@@0@@@,pro_precio_venta=@@@480@@@,pro_margen_actual=@@@0@@@,pro_oferta=@@@NO@@@,pro_fecha_inicio_oferta=@@@1900.01.01@@@,pro_fecha_termino_oferta=@@@1900.01.01@@@,pro_precio_oferta=@@@0@@@,pro_stock_minimo=@@@0@@@,pro_stock_critico=@@@0@@@,pro_activo=@@@1@@@,pro_unidad=@@@0@@@,pro_precio_compra_bruto=0,pro_margen_actual=0,pro_capacidad=1,pro_funcion_plu=0,pro_flejes=1,pro_iva=1,pro_plu_asociado=0,pro_envase=@@@NO@@@,pro_duracion=0,pro_numero_etiqueta=0 WHERE pro_codigo_plu=@@@15950@@@','',2,'2013-05-26'),(18128,'UPDATE mae_productos SET pro_estado=1 WHERE pro_codigo_plu=15950','',2,'2013-05-26'),(18129,'DELETE FROM mae_impuestos_productos WHERE pro_codigo_plu=@@@15950@@@','',2,'2013-05-26'),(18130,'UPDATE mae_productos SET pro_codigo_barra=@@@7896009760532@@@,pro_tipo=@@@0@@@,pro_nombre_producto=@@@PILA RAYOVAC AA 1UND@@@,pro_nombre_corto=@@@PILA RAYOVAC AA@@@,med_id=@@@1@@@,emb_id=@@@3@@@,pro_unidades_embalaje=@@@1@@@,dep_id=@@@2 @@@,lin_id=@@@45@@@,mar_id=@@@1351@@@,pro_precio_compra_neto=@@@0@@@,pro_precio_compra_bruto=@@@0@@@,pro_precio_venta=@@@130@@@,pro_margen_actual=@@@0@@@,pro_oferta=@@@NO@@@,pro_fecha_inicio_oferta=@@@1900.01.01@@@,pro_fecha_termino_oferta=@@@1900.01.01@@@,pro_precio_oferta=@@@0@@@,pro_stock_minimo=@@@0@@@,pro_stock_critico=@@@0@@@,pro_activo=@@@1@@@,pro_unidad=@@@0@@@,pro_precio_compra_bruto=0,pro_margen_actual=0,pro_capacidad=1,pro_funcion_plu=0,pro_flejes=1,pro_iva=1,pro_plu_asociado=0,pro_envase=@@@NO@@@,pro_duracion=0,pro_numero_etiqueta=0 WHERE pro_codigo_plu=@@@15967@@@','',2,'2013-05-26'),(18131,'UPDATE mae_productos SET pro_estado=1 WHERE pro_codigo_plu=15967','',2,'2013-05-26'),(18132,'DELETE FROM mae_impuestos_productos WHERE pro_codigo_plu=@@@15967@@@','',2,'2013-05-26'),(18133,'UPDATE mae_productos SET pro_codigo_barra=@@@41333001005@@@,pro_tipo=@@@0@@@,pro_nombre_producto=@@@PILAS DURACELL AA  1UND@@@,pro_nombre_corto=@@@PILAS DURACELL A@@@,med_id=@@@1@@@,emb_id=@@@3@@@,pro_unidades_embalaje=@@@12@@@,dep_id=@@@2 @@@,lin_id=@@@45@@@,mar_id=@@@2004@@@,pro_precio_compra_neto=@@@0@@@,pro_precio_compra_bruto=@@@0@@@,pro_precio_venta=@@@480@@@,pro_margen_actual=@@@0@@@,pro_oferta=@@@NO@@@,pro_fecha_inicio_oferta=@@@1900.01.01@@@,pro_fecha_termino_oferta=@@@1900.01.01@@@,pro_precio_oferta=@@@0@@@,pro_stock_minimo=@@@12@@@,pro_stock_critico=@@@6@@@,pro_activo=@@@1@@@,pro_unidad=@@@0@@@,pro_precio_compra_bruto=0,pro_margen_actual=0,pro_capacidad=2,pro_funcion_plu=0,pro_flejes=1,pro_iva=1,pro_plu_asociado=0,pro_envase=@@@NO@@@,pro_duracion=0,pro_numero_etiqueta=0 WHERE pro_codigo_plu=@@@15936@@@','',2,'2013-05-26'),(18134,'UPDATE mae_productos SET pro_estado=1 WHERE pro_codigo_plu=15936','',2,'2013-05-26'),(18135,'DELETE FROM mae_impuestos_productos WHERE pro_codigo_plu=@@@15936@@@','',2,'2013-05-26'),(18136,'INSERT INTO gne_vale_ferreteria (vfe_id,vfe_fecha,vfe_total,vfe_estado,vfe_entregado,usu_nusuario) VALUES (712,@@@2013.05.26@@@,1920,1,0,@@@G_DIAZ@@@)','',2,'2013-05-26'),(18137,'INSERT INTO gne_vale_ferreteria_mov (vfe_id,pro_codigo_plu,vfm_cantidad,vfm_unitario,vfm_total,vfm_entregado) VALUES (712,15950,4,480,1920,@@@NO@@@)','',2,'2013-05-26'),(18138,'INSERT INTO gne_vale_ferreteria (vfe_id,vfe_fecha,vfe_total,vfe_estado,vfe_entregado,usu_nusuario) VALUES (713,@@@2013.05.26@@@,200,1,0,@@@G_DIAZ@@@)','',2,'2013-05-26'),(18139,'INSERT INTO gne_vale_ferreteria_mov (vfe_id,pro_codigo_plu,vfm_cantidad,vfm_unitario,vfm_total,vfm_entregado) VALUES (713,78017233,2,100,200,@@@NO@@@)','',2,'2013-05-26'),(18140,'UPDATE mae_productos SET pro_codigo_barra=@@@41333001005@@@,pro_tipo=@@@0@@@,pro_nombre_producto=@@@PILAS DURACELL AA  1UND@@@,pro_nombre_corto=@@@PILAS DURACELL A@@@,med_id=@@@1@@@,emb_id=@@@3@@@,pro_unidades_embalaje=@@@12@@@,dep_id=@@@2 @@@,lin_id=@@@45@@@,mar_id=@@@2004@@@,pro_precio_compra_neto=@@@0@@@,pro_precio_compra_bruto=@@@0@@@,pro_precio_venta=@@@480@@@,pro_margen_actual=@@@0@@@,pro_oferta=@@@NO@@@,pro_fecha_inicio_oferta=@@@1900.01.01@@@,pro_fecha_termino_oferta=@@@1900.01.01@@@,pro_precio_oferta=@@@0@@@,pro_stock_minimo=@@@12@@@,pro_stock_critico=@@@6@@@,pro_activo=@@@1@@@,pro_unidad=@@@0@@@,pro_precio_compra_bruto=0,pro_margen_actual=0,pro_capacidad=2,pro_funcion_plu=0,pro_flejes=1,pro_iva=1,pro_plu_asociado=0,pro_envase=@@@NO@@@,pro_duracion=0,pro_numero_etiqueta=0 WHERE pro_codigo_plu=@@@15936@@@','',2,'2013-05-26'),(18141,'UPDATE mae_productos SET pro_estado=1 WHERE pro_codigo_plu=15936','',2,'2013-05-26'),(18142,'DELETE FROM mae_impuestos_productos WHERE pro_codigo_plu=@@@15936@@@','',2,'2013-05-26'),(18143,'INSERT INTO gne_vale_ferreteria (vfe_id,vfe_fecha,vfe_total,vfe_estado,vfe_entregado,usu_nusuario) VALUES (714,@@@2013.05.26@@@,950,1,0,@@@G_DIAZ@@@)','',2,'2013-05-26'),(18144,'INSERT INTO gne_vale_ferreteria_mov (vfe_id,pro_codigo_plu,vfm_cantidad,vfm_unitario,vfm_total,vfm_entregado) VALUES (714,78017013,1,650,650,@@@NO@@@)','',2,'2013-05-26'),(18145,'INSERT INTO gne_vale_ferreteria_mov (vfe_id,pro_codigo_plu,vfm_cantidad,vfm_unitario,vfm_total,vfm_entregado) VALUES (714,78017110,2,150,300,@@@NO@@@)','',2,'2013-05-26'),(18146,'INSERT INTO gne_vale_ferreteria (vfe_id,vfe_fecha,vfe_total,vfe_estado,vfe_entregado,usu_nusuario) VALUES (715,@@@2013.05.26@@@,2990,1,0,@@@G_DIAZ@@@)','',2,'2013-05-26'),(18147,'INSERT INTO gne_vale_ferreteria_mov (vfe_id,pro_codigo_plu,vfm_cantidad,vfm_unitario,vfm_total,vfm_entregado) VALUES (715,764635,1,2990,2990,@@@NO@@@)','',2,'2013-05-26'),(18148,'INSERT INTO gne_vale_ferreteria (vfe_id,vfe_fecha,vfe_total,vfe_estado,vfe_entregado,usu_nusuario) VALUES (716,@@@2013.05.26@@@,350,1,0,@@@G_DIAZ@@@)','',2,'2013-05-26'),(18149,'INSERT INTO gne_vale_ferreteria_mov (vfe_id,pro_codigo_plu,vfm_cantidad,vfm_unitario,vfm_total,vfm_entregado) VALUES (716,102408,1,350,350,@@@NO@@@)','',2,'2013-05-26'),(18150,'INSERT INTO gne_vale_ferreteria (vfe_id,vfe_fecha,vfe_total,vfe_estado,vfe_entregado,usu_nusuario) VALUES (717,@@@2013.05.26@@@,1060,1,0,@@@G_DIAZ@@@)','',2,'2013-05-26'),(18151,'INSERT INTO gne_vale_ferreteria_mov (vfe_id,pro_codigo_plu,vfm_cantidad,vfm_unitario,vfm_total,vfm_entregado) VALUES (717,762256,1,590,590,@@@NO@@@)','',2,'2013-05-26'),(18152,'INSERT INTO gne_vale_ferreteria_mov (vfe_id,pro_codigo_plu,vfm_cantidad,vfm_unitario,vfm_total,vfm_entregado) VALUES (717,763800,1,470,470,@@@NO@@@)','',2,'2013-05-26'),(18153,'UPDATE mae_productos SET pro_codigo_barra=@@@7805810121289@@@,pro_tipo=@@@0@@@,pro_nombre_producto=@@@PANTY PRET A PORTE MUSSTALLA 2  AMBAR@@@,pro_nombre_corto=@@@PANTY PRET A POR@@@,med_id=@@@1@@@,emb_id=@@@3@@@,pro_unidades_embalaje=@@@20@@@,dep_id=@@@2 @@@,lin_id=@@@41@@@,mar_id=@@@236@@@,pro_precio_compra_neto=@@@0@@@,pro_precio_compra_bruto=@@@0@@@,pro_precio_venta=@@@720@@@,pro_margen_actual=@@@0@@@,pro_oferta=@@@NO@@@,pro_fecha_inicio_oferta=@@@2010.05.27@@@,pro_fecha_termino_oferta=@@@2010.05.27@@@,pro_precio_oferta=@@@0@@@,pro_stock_minimo=@@@0@@@,pro_stock_critico=@@@0@@@,pro_activo=@@@1@@@,pro_unidad=@@@0@@@,pro_precio_compra_bruto=0,pro_margen_actual=0,pro_capacidad=1,pro_funcion_plu=0,pro_flejes=1,pro_iva=1,pro_plu_asociado=0,pro_envase=@@@NO@@@,pro_duracion=0,pro_numero_etiqueta=0 WHERE pro_codigo_plu=@@@762256@@@','',2,'2013-05-26'),(18154,'UPDATE mae_productos SET pro_estado=1 WHERE pro_codigo_plu=762256','',2,'2013-05-26'),(18155,'DELETE FROM mae_impuestos_productos WHERE pro_codigo_plu=@@@762256@@@','',2,'2013-05-26'),(18156,'UPDATE mae_productos SET pro_codigo_barra=@@@7804910026418@@@,pro_tipo=@@@0@@@,pro_nombre_producto=@@@PROTECT.DIARIOS DONNASEPT 30 UNID.@@@,pro_nombre_corto=@@@PROTECT.DIARIOS@@@,med_id=@@@1@@@,emb_id=@@@3@@@,pro_unidades_embalaje=@@@24@@@,dep_id=@@@35 @@@,lin_id=@@@169@@@,mar_id=@@@626@@@,pro_precio_compra_neto=@@@0@@@,pro_precio_compra_bruto=@@@0@@@,pro_precio_venta=@@@890@@@,pro_margen_actual=@@@0@@@,pro_oferta=@@@NO@@@,pro_fecha_inicio_oferta=@@@1900.01.01@@@,pro_fecha_termino_oferta=@@@1900.01.01@@@,pro_precio_oferta=@@@0@@@,pro_stock_minimo=@@@0@@@,pro_stock_critico=@@@0@@@,pro_activo=@@@1@@@,pro_unidad=@@@0@@@,pro_precio_compra_bruto=0,pro_margen_actual=0,pro_capacidad=1,pro_funcion_plu=0,pro_flejes=1,pro_iva=1,pro_plu_asociado=0,pro_envase=@@@NO@@@,pro_duracion=0,pro_numero_etiqueta=0 WHERE pro_codigo_plu=@@@19855@@@','',2,'2013-05-26'),(18157,'UPDATE mae_productos SET pro_estado=1 WHERE pro_codigo_plu=19855','',2,'2013-05-26'),(18158,'DELETE FROM mae_impuestos_productos WHERE pro_codigo_plu=@@@19855@@@','',2,'2013-05-26'),(18159,'UPDATE mae_productos SET pro_precio_fiscal=pro_precio_venta WHERE pro_codigo_plu=15936','',2,'2013-05-26'),(18160,'UPDATE mae_productos SET pro_precio_fiscal=pro_precio_venta WHERE pro_codigo_plu=19855','',2,'2013-05-26'),(18161,'UPDATE mae_productos SET pro_precio_fiscal=pro_precio_venta WHERE pro_codigo_plu=762256','',2,'2013-05-26'),(18162,'UPDATE mae_productos SET pro_precio_fiscal=pro_precio_venta WHERE pro_codigo_plu=15950','',2,'2013-05-26'),(18163,'UPDATE mae_productos SET pro_precio_fiscal=pro_precio_venta WHERE pro_codigo_plu=15967','',2,'2013-05-26'),(18164,'UPDATE mae_productos SET pro_precio_fiscal=pro_precio_venta WHERE pro_codigo_plu=15929','',2,'2013-05-26'),(18165,'INSERT INTO gne_vale_ferreteria (vfe_id,vfe_fecha,vfe_total,vfe_estado,vfe_entregado,usu_nusuario) VALUES (718,@@@2013.05.26@@@,120,1,0,@@@G_DIAZ@@@)','',2,'2013-05-26'),(18166,'INSERT INTO gne_vale_ferreteria_mov (vfe_id,pro_codigo_plu,vfm_cantidad,vfm_unitario,vfm_total,vfm_entregado) VALUES (718,8022,1,120,120,@@@NO@@@)','',2,'2013-05-26'),(18167,'INSERT INTO gne_vale_ferreteria (vfe_id,vfe_fecha,vfe_total,vfe_estado,vfe_entregado,usu_nusuario) VALUES (719,@@@2013.05.26@@@,1490,1,0,@@@G_DIAZ@@@)','',2,'2013-05-26'),(18168,'INSERT INTO gne_vale_ferreteria_mov (vfe_id,pro_codigo_plu,vfm_cantidad,vfm_unitario,vfm_total,vfm_entregado) VALUES (719,763672,1,1490,1490,@@@NO@@@)','',2,'2013-05-26'),(18169,'INSERT INTO gne_vale_ferreteria (vfe_id,vfe_fecha,vfe_total,vfe_estado,vfe_entregado,usu_nusuario) VALUES (720,@@@2013.05.26@@@,330,1,0,@@@G_DIAZ@@@)','',2,'2013-05-26'),(18170,'INSERT INTO gne_vale_ferreteria_mov (vfe_id,pro_codigo_plu,vfm_cantidad,vfm_unitario,vfm_total,vfm_entregado) VALUES (720,19918,1,330,330,@@@NO@@@)','',2,'2013-05-26'),(18171,'INSERT INTO gne_vale_ferreteria (vfe_id,vfe_fecha,vfe_total,vfe_estado,vfe_entregado,usu_nusuario) VALUES (721,@@@2013.05.26@@@,200,1,0,@@@G_DIAZ@@@)','',2,'2013-05-26'),(18172,'INSERT INTO gne_vale_ferreteria_mov (vfe_id,pro_codigo_plu,vfm_cantidad,vfm_unitario,vfm_total,vfm_entregado) VALUES (721,78017146,1,50,50,@@@NO@@@)','',2,'2013-05-26'),(18173,'INSERT INTO gne_vale_ferreteria_mov (vfe_id,pro_codigo_plu,vfm_cantidad,vfm_unitario,vfm_total,vfm_entregado) VALUES (721,78017236,5,30,150,@@@NO@@@)','',2,'2013-05-26'),(18174,'INSERT INTO gne_vale_ferreteria (vfe_id,vfe_fecha,vfe_total,vfe_estado,vfe_entregado,usu_nusuario) VALUES (722,@@@2013.05.26@@@,330,1,0,@@@G_DIAZ@@@)','',2,'2013-05-26'),(18175,'INSERT INTO gne_vale_ferreteria_mov (vfe_id,pro_codigo_plu,vfm_cantidad,vfm_unitario,vfm_total,vfm_entregado) VALUES (722,764507,1,330,330,@@@NO@@@)','',2,'2013-05-26'),(18176,'INSERT INTO gne_vale_ferreteria (vfe_id,vfe_fecha,vfe_total,vfe_estado,vfe_entregado,usu_nusuario) VALUES (723,@@@2013.05.26@@@,240,1,0,@@@G_DIAZ@@@)','',2,'2013-05-26'),(18177,'INSERT INTO gne_vale_ferreteria_mov (vfe_id,pro_codigo_plu,vfm_cantidad,vfm_unitario,vfm_total,vfm_entregado) VALUES (723,8022,2,120,240,@@@NO@@@)','',2,'2013-05-26'),(18178,'INSERT INTO gne_vale_ferreteria (vfe_id,vfe_fecha,vfe_total,vfe_estado,vfe_entregado,usu_nusuario) VALUES (724,@@@2013.05.26@@@,495,1,0,@@@G_DIAZ@@@)','',2,'2013-05-26'),(18179,'INSERT INTO gne_vale_ferreteria_mov (vfe_id,pro_codigo_plu,vfm_cantidad,vfm_unitario,vfm_total,vfm_entregado) VALUES (724,21117,1,495,495,@@@NO@@@)','',2,'2013-05-26'),(18180,'INSERT INTO gne_vale_ferreteria (vfe_id,vfe_fecha,vfe_total,vfe_estado,vfe_entregado,usu_nusuario) VALUES (725,@@@2013.05.26@@@,660,1,0,@@@G_DIAZ@@@)','',2,'2013-05-26'),(18181,'INSERT INTO gne_vale_ferreteria_mov (vfe_id,pro_codigo_plu,vfm_cantidad,vfm_unitario,vfm_total,vfm_entregado) VALUES (725,763624,1,660,660,@@@NO@@@)','',2,'2013-05-26'),(18182,'INSERT INTO gne_vale_ferreteria (vfe_id,vfe_fecha,vfe_total,vfe_estado,vfe_entregado,usu_nusuario) VALUES (726,@@@2013.05.26@@@,250,1,0,@@@G_DIAZ@@@)','',2,'2013-05-26'),(18183,'INSERT INTO gne_vale_ferreteria_mov (vfe_id,pro_codigo_plu,vfm_cantidad,vfm_unitario,vfm_total,vfm_entregado) VALUES (726,78017105,1,250,250,@@@NO@@@)','',2,'2013-05-26'),(18184,'INSERT INTO gne_vale_ferreteria (vfe_id,vfe_fecha,vfe_total,vfe_estado,vfe_entregado,usu_nusuario) VALUES (727,@@@2013.05.26@@@,450,1,0,@@@G_DIAZ@@@)','',2,'2013-05-26'),(18185,'INSERT INTO gne_vale_ferreteria_mov (vfe_id,pro_codigo_plu,vfm_cantidad,vfm_unitario,vfm_total,vfm_entregado) VALUES (727,764539,1,450,450,@@@NO@@@)','',2,'2013-05-26'),(18186,'INSERT INTO gne_vale_ferreteria (vfe_id,vfe_fecha,vfe_total,vfe_estado,vfe_entregado,usu_nusuario) VALUES (728,@@@2013.05.26@@@,2100,1,0,@@@G_DIAZ@@@)','',2,'2013-05-26'),(18187,'INSERT INTO gne_vale_ferreteria_mov (vfe_id,pro_codigo_plu,vfm_cantidad,vfm_unitario,vfm_total,vfm_entregado) VALUES (728,1518,1,2100,2100,@@@NO@@@)','',2,'2013-05-26'),(18188,'INSERT INTO gne_vale_ferreteria (vfe_id,vfe_fecha,vfe_total,vfe_estado,vfe_entregado,usu_nusuario) VALUES (729,@@@2013.05.26@@@,120,1,0,@@@G_DIAZ@@@)','',2,'2013-05-26'),(18189,'INSERT INTO gne_vale_ferreteria_mov (vfe_id,pro_codigo_plu,vfm_cantidad,vfm_unitario,vfm_total,vfm_entregado) VALUES (729,8022,1,120,120,@@@NO@@@)','',2,'2013-05-26'),(18190,'INSERT INTO mae_productos (pro_codigo_plu,pro_codigo_barra,pro_tipo,pro_nombre_producto,pro_nombre_corto,med_id,emb_id,pro_unidades_embalaje,dep_id,lin_id,mar_id,pro_precio_compra_neto,pro_precio_compra_bruto,pro_precio_venta,pro_margen_actual,pro_oferta,pro_fecha_inicio_oferta,pro_fecha_termino_oferta,pro_precio_oferta,pro_stock_minimo,pro_stock_critico,pro_entradas_bodega,pro_salidas_bodega,pro_mermas_bodega,pro_ajustes_bodega,pro_entradas_sv,pro_salidas_sv,pro_mermas_sv,pro_ajustes_sv,pro_activo,rec_numero,pro_unidad,pro_capacidad,pro_consumo_bodega,pro_consumo_sv,pro_estado,pro_funcion_plu,pro_flejes,pro_iva,pro_plu_asociado,pro_envase,pro_duracion,pro_numero_etiqueta) VALUES (78017240,@@@7805000170493@@@,@@@0@@@,@@@OMO MATIC SOFT 200G@@@,@@@OMO MATIC SOFT 2@@@,@@@5 @@@,@@@3 @@@,@@@0@@@,@@@2 @@@,@@@35@@@,@@@1539@@@,@@@0@@@,@@@0@@@,@@@500@@@,@@@0@@@,@@@@@@,@@@2013.05.26@@@,@@@2013.05.26@@@,@@@0@@@,@@@0@@@,@@@0@@@,@@@0@@@,@@@0@@@,@@@0@@@,@@@0@@@,@@@0@@@,@@@0@@@,@@@0@@@,@@@0@@@,@@@1@@@,@@@0@@@,0,20,0,0,2,0,1,1,0,@@@NO@@@,0,0)','',2,'2013-05-26'),(18191,'DELETE FROM mae_impuestos_productos WHERE pro_codigo_plu=@@@78017240@@@','',2,'2013-05-26'),(18192,'UPDATE mae_productos SET pro_codigo_barra=@@@7805094603075@@@,pro_tipo=@@@0@@@,pro_nombre_producto=@@@ESCOBILLON PIRAMIDE PLASTICO C/MANGO@@@,pro_nombre_corto=@@@ESCOBILLON PIRAM@@@,med_id=@@@1@@@,emb_id=@@@3@@@,pro_unidades_embalaje=@@@1@@@,dep_id=@@@2 @@@,lin_id=@@@41@@@,mar_id=@@@1820@@@,pro_precio_compra_neto=@@@0@@@,pro_precio_compra_bruto=@@@0@@@,pro_precio_venta=@@@990@@@,pro_margen_actual=@@@0@@@,pro_oferta=@@@NO@@@,pro_fecha_inicio_oferta=@@@1900.01.01@@@,pro_fecha_termino_oferta=@@@1900.01.01@@@,pro_precio_oferta=@@@0@@@,pro_stock_minimo=@@@0@@@,pro_stock_critico=@@@0@@@,pro_activo=@@@1@@@,pro_unidad=@@@0@@@,pro_precio_compra_bruto=0,pro_margen_actual=0,pro_capacidad=1,pro_funcion_plu=0,pro_flejes=1,pro_iva=1,pro_plu_asociado=0,pro_envase=@@@NO@@@,pro_duracion=0,pro_numero_etiqueta=0 WHERE pro_codigo_plu=@@@15048@@@','',2,'2013-05-26'),(18193,'UPDATE mae_productos SET pro_estado=1 WHERE pro_codigo_plu=15048','',2,'2013-05-26'),(18194,'DELETE FROM mae_impuestos_productos WHERE pro_codigo_plu=@@@15048@@@','',2,'2013-05-26'),(18195,'INSERT INTO gne_vale_ferreteria (vfe_id,vfe_fecha,vfe_total,vfe_estado,vfe_entregado,usu_nusuario) VALUES (730,@@@2013.05.26@@@,620,1,0,@@@G_DIAZ@@@)','',2,'2013-05-26'),(18196,'INSERT INTO gne_vale_ferreteria_mov (vfe_id,pro_codigo_plu,vfm_cantidad,vfm_unitario,vfm_total,vfm_entregado) VALUES (730,21116,1,620,620,@@@NO@@@)','',2,'2013-05-26'),(18197,'INSERT INTO gne_vale_ferreteria (vfe_id,vfe_fecha,vfe_total,vfe_estado,vfe_entregado,usu_nusuario) VALUES (731,@@@2013.05.26@@@,5990,1,0,@@@G_DIAZ@@@)','',2,'2013-05-26'),(18198,'INSERT INTO gne_vale_ferreteria_mov (vfe_id,pro_codigo_plu,vfm_cantidad,vfm_unitario,vfm_total,vfm_entregado) VALUES (731,764640,1,5990,5990,@@@NO@@@)','',2,'2013-05-26'),(18199,'INSERT INTO gne_vale_ferreteria (vfe_id,vfe_fecha,vfe_total,vfe_estado,vfe_entregado,usu_nusuario) VALUES (732,@@@2013.05.26@@@,7180,1,0,@@@G_DIAZ@@@)','',2,'2013-05-26'),(18200,'INSERT INTO gne_vale_ferreteria_mov (vfe_id,pro_codigo_plu,vfm_cantidad,vfm_unitario,vfm_total,vfm_entregado) VALUES (732,764640,1,5990,5990,@@@NO@@@)','',2,'2013-05-26'),(18201,'INSERT INTO gne_vale_ferreteria_mov (vfe_id,pro_codigo_plu,vfm_cantidad,vfm_unitario,vfm_total,vfm_entregado) VALUES (732,765006,1,1190,1190,@@@NO@@@)','',2,'2013-05-26'),(18202,'INSERT INTO gne_vale_ferreteria (vfe_id,vfe_fecha,vfe_total,vfe_estado,vfe_entregado,usu_nusuario) VALUES (733,@@@2013.05.26@@@,330,1,0,@@@G_DIAZ@@@)','',2,'2013-05-26'),(18203,'INSERT INTO gne_vale_ferreteria_mov (vfe_id,pro_codigo_plu,vfm_cantidad,vfm_unitario,vfm_total,vfm_entregado) VALUES (733,19918,1,330,330,@@@NO@@@)','',2,'2013-05-26'),(18204,'INSERT INTO gne_vale_ferreteria (vfe_id,vfe_fecha,vfe_total,vfe_estado,vfe_entregado,usu_nusuario) VALUES (734,@@@2013.05.26@@@,540,1,0,@@@G_DIAZ@@@)','',2,'2013-05-26'),(18205,'INSERT INTO gne_vale_ferreteria_mov (vfe_id,pro_codigo_plu,vfm_cantidad,vfm_unitario,vfm_total,vfm_entregado) VALUES (734,19916,1,540,540,@@@NO@@@)','',2,'2013-05-26'),(18206,'UPDATE mae_productos SET pro_margen_actual=0,pro_precio_venta=990 WHERE pro_codigo_plu=15048','',2,'2013-05-27'),(18207,'UPDATE mae_productos SET pro_margen_actual=0,pro_precio_venta=500 WHERE pro_codigo_plu=78017240','',2,'2013-05-27'),(18208,'UPDATE mae_productos SET pro_margen_actual=0,pro_precio_venta=270 WHERE pro_codigo_plu=537','',2,'2013-05-27'),(18209,'UPDATE mae_productos SET pro_margen_actual=0,pro_precio_venta=399 WHERE pro_codigo_plu=597','',2,'2013-05-27'),(18210,'UPDATE mae_productos SET pro_margen_actual=0,pro_precio_venta=499 WHERE pro_codigo_plu=594','',2,'2013-05-27'),(18211,'UPDATE mae_productos SET pro_margen_actual=0,pro_precio_venta=390 WHERE pro_codigo_plu=609','',2,'2013-05-27'),(18212,'UPDATE mae_productos SET pro_margen_actual=0,pro_precio_venta=790 WHERE pro_codigo_plu=535','',2,'2013-05-27'),(18213,'UPDATE mae_productos SET pro_margen_actual=0,pro_precio_venta=300 WHERE pro_codigo_plu=518','',2,'2013-05-27'),(18214,'UPDATE mae_productos SET pro_margen_actual=0,pro_precio_venta=890 WHERE pro_codigo_plu=551','',2,'2013-05-27'),(18215,'UPDATE mae_productos SET pro_precio_fiscal=pro_precio_venta WHERE pro_codigo_plu=518','',2,'2013-05-27'),(18216,'UPDATE mae_productos SET pro_precio_fiscal=pro_precio_venta WHERE pro_codigo_plu=535','',2,'2013-05-27'),(18217,'UPDATE mae_productos SET pro_precio_fiscal=pro_precio_venta WHERE pro_codigo_plu=537','',2,'2013-05-27'),(18218,'UPDATE mae_productos SET pro_precio_fiscal=pro_precio_venta WHERE pro_codigo_plu=551','',2,'2013-05-27'),(18219,'UPDATE mae_productos SET pro_precio_fiscal=pro_precio_venta WHERE pro_codigo_plu=594','',2,'2013-05-27'),(18220,'UPDATE mae_productos SET pro_precio_fiscal=pro_precio_venta WHERE pro_codigo_plu=597','',2,'2013-05-27'),(18221,'UPDATE mae_productos SET pro_precio_fiscal=pro_precio_venta WHERE pro_codigo_plu=609','',2,'2013-05-27'),(18222,'UPDATE mae_productos SET pro_precio_fiscal=pro_precio_venta WHERE pro_codigo_plu=78017240','',2,'2013-05-27'),(18223,'UPDATE mae_productos SET pro_precio_fiscal=pro_precio_venta WHERE pro_codigo_plu=15048','',2,'2013-05-27'),(18224,'UPDATE mae_productos SET pro_margen_actual=0,pro_precio_venta=2990 WHERE pro_codigo_plu=7','',2,'2013-05-27'),(18225,'UPDATE mae_productos SET pro_precio_fiscal=pro_precio_venta WHERE pro_codigo_plu=7','',2,'2013-05-27'),(18226,'UPDATE mae_productos SET pro_margen_actual=0,pro_precio_venta=2990 WHERE pro_codigo_plu=7','',2,'2013-05-27'),(18227,'UPDATE mae_productos SET pro_margen_actual=0,pro_precio_venta=2990 WHERE pro_codigo_plu=840','',2,'2013-05-27'),(18228,'UPDATE mae_productos SET pro_margen_actual=0,pro_precio_venta=2990 WHERE pro_codigo_plu=840','',2,'2013-05-27'),(18229,'UPDATE mae_productos SET pro_margen_actual=0,pro_precio_venta=2990 WHERE pro_codigo_plu=840','',2,'2013-05-27'),(18230,'UPDATE mae_productos SET pro_margen_actual=0,pro_precio_venta=2990 WHERE pro_codigo_plu=840','',2,'2013-05-27'),(18231,'UPDATE mae_productos SET pro_precio_fiscal=pro_precio_venta WHERE pro_codigo_plu=840','',2,'2013-05-27'),(18232,'UPDATE mae_productos SET pro_margen_actual=0,pro_precio_venta=3650 WHERE pro_codigo_plu=302','',2,'2013-05-27'),(18233,'UPDATE mae_productos SET pro_margen_actual=0,pro_precio_venta=3650 WHERE pro_codigo_plu=302','',2,'2013-05-27'),(18234,'UPDATE mae_productos SET pro_margen_actual=0,pro_precio_venta=3650 WHERE pro_codigo_plu=302','',2,'2013-05-27'),(18235,'INSERT INTO gne_vale_ferreteria (vfe_id,vfe_fecha,vfe_total,vfe_estado,vfe_entregado,usu_nusuario) VALUES (735,@@@2013.05.27@@@,3680,1,0,@@@b_SAEZ@@@)','',2,'2013-05-27'),(18236,'INSERT INTO gne_vale_ferreteria_mov (vfe_id,pro_codigo_plu,vfm_cantidad,vfm_unitario,vfm_total,vfm_entregado) VALUES (735,1518,1,2100,2100,@@@NO@@@)','',2,'2013-05-27'),(18237,'INSERT INTO gne_vale_ferreteria_mov (vfe_id,pro_codigo_plu,vfm_cantidad,vfm_unitario,vfm_total,vfm_entregado) VALUES (735,101454,2,790,1580,@@@NO@@@)','',2,'2013-05-27'),(18238,'INSERT INTO gne_vale_ferreteria (vfe_id,vfe_fecha,vfe_total,vfe_estado,vfe_entregado,usu_nusuario) VALUES (736,@@@2013.05.27@@@,890,1,0,@@@b_SAEZ@@@)','',2,'2013-05-27'),(18239,'INSERT INTO gne_vale_ferreteria_mov (vfe_id,pro_codigo_plu,vfm_cantidad,vfm_unitario,vfm_total,vfm_entregado) VALUES (736,763610,1,890,890,@@@NO@@@)','',2,'2013-05-27'),(18240,'INSERT INTO gne_vale_ferreteria (vfe_id,vfe_fecha,vfe_total,vfe_estado,vfe_entregado,usu_nusuario) VALUES (737,@@@2013.05.27@@@,890,1,0,@@@b_SAEZ@@@)','',2,'2013-05-27'),(18241,'INSERT INTO gne_vale_ferreteria_mov (vfe_id,pro_codigo_plu,vfm_cantidad,vfm_unitario,vfm_total,vfm_entregado) VALUES (737,19855,1,890,890,@@@NO@@@)','',2,'2013-05-27'),(18242,'INSERT INTO gne_vale_ferreteria (vfe_id,vfe_fecha,vfe_total,vfe_estado,vfe_entregado,usu_nusuario) VALUES (738,@@@2013.05.27@@@,300,1,0,@@@b_SAEZ@@@)','',2,'2013-05-27'),(18243,'INSERT INTO gne_vale_ferreteria_mov (vfe_id,pro_codigo_plu,vfm_cantidad,vfm_unitario,vfm_total,vfm_entregado) VALUES (738,770024,3,100,300,@@@NO@@@)','',2,'2013-05-27'),(18244,'INSERT INTO gne_vale_ferreteria (vfe_id,vfe_fecha,vfe_total,vfe_estado,vfe_entregado,usu_nusuario) VALUES (739,@@@2013.05.27@@@,150,1,0,@@@G_DIAZ@@@)','',2,'2013-05-27'),(18245,'INSERT INTO gne_vale_ferreteria_mov (vfe_id,pro_codigo_plu,vfm_cantidad,vfm_unitario,vfm_total,vfm_entregado) VALUES (739,78017012,1,150,150,@@@NO@@@)','',2,'2013-05-27'),(18246,'INSERT INTO gne_vale_ferreteria (vfe_id,vfe_fecha,vfe_total,vfe_estado,vfe_entregado,usu_nusuario) VALUES (740,@@@2013.05.27@@@,890,1,0,@@@G_DIAZ@@@)','',2,'2013-05-27'),(18247,'INSERT INTO gne_vale_ferreteria_mov (vfe_id,pro_codigo_plu,vfm_cantidad,vfm_unitario,vfm_total,vfm_entregado) VALUES (740,1557,1,890,890,@@@NO@@@)','',2,'2013-05-27'),(18248,'INSERT INTO gne_vale_ferreteria (vfe_id,vfe_fecha,vfe_total,vfe_estado,vfe_entregado,usu_nusuario) VALUES (741,@@@2013.05.27@@@,1970,1,0,@@@G_DIAZ@@@)','',2,'2013-05-27'),(18249,'INSERT INTO gne_vale_ferreteria_mov (vfe_id,pro_codigo_plu,vfm_cantidad,vfm_unitario,vfm_total,vfm_entregado) VALUES (741,763772,1,290,290,@@@NO@@@)','',2,'2013-05-27'),(18250,'INSERT INTO gne_vale_ferreteria_mov (vfe_id,pro_codigo_plu,vfm_cantidad,vfm_unitario,vfm_total,vfm_entregado) VALUES (741,761966,1,450,450,@@@NO@@@)','',2,'2013-05-27'),(18251,'INSERT INTO gne_vale_ferreteria_mov (vfe_id,pro_codigo_plu,vfm_cantidad,vfm_unitario,vfm_total,vfm_entregado) VALUES (741,78017016,2,120,240,@@@NO@@@)','',2,'2013-05-27'),(18252,'INSERT INTO gne_vale_ferreteria_mov (vfe_id,pro_codigo_plu,vfm_cantidad,vfm_unitario,vfm_total,vfm_entregado) VALUES (741,763590,1,990,990,@@@NO@@@)','',2,'2013-05-27'),(18253,'INSERT INTO gne_vale_ferreteria (vfe_id,vfe_fecha,vfe_total,vfe_estado,vfe_entregado,usu_nusuario) VALUES (742,@@@2013.05.27@@@,1890,1,0,@@@G_DIAZ@@@)','',2,'2013-05-27'),(18254,'INSERT INTO gne_vale_ferreteria_mov (vfe_id,pro_codigo_plu,vfm_cantidad,vfm_unitario,vfm_total,vfm_entregado) VALUES (742,101624,1,1890,1890,@@@NO@@@)','',2,'2013-05-27'),(18255,'INSERT INTO gne_vale_ferreteria (vfe_id,vfe_fecha,vfe_total,vfe_estado,vfe_entregado,usu_nusuario) VALUES (743,@@@2013.05.27@@@,2090,1,0,@@@G_DIAZ@@@)','',2,'2013-05-27'),(18256,'INSERT INTO gne_vale_ferreteria_mov (vfe_id,pro_codigo_plu,vfm_cantidad,vfm_unitario,vfm_total,vfm_entregado) VALUES (743,20957,1,1990,1990,@@@NO@@@)','',2,'2013-05-27'),(18257,'INSERT INTO gne_vale_ferreteria_mov (vfe_id,pro_codigo_plu,vfm_cantidad,vfm_unitario,vfm_total,vfm_entregado) VALUES (743,78017233,1,100,100,@@@NO@@@)','',2,'2013-05-27'),(18258,'UPDATE mae_productos SET pro_codigo_barra=@@@7702147201885@@@,pro_tipo=@@@0@@@,pro_nombre_producto=@@@JARRO LISO OS 2531 AL 1.5 LTS.@@@,pro_nombre_corto=@@@JARRO LISO OS 25@@@,med_id=@@@1@@@,emb_id=@@@3@@@,pro_unidades_embalaje=@@@1@@@,dep_id=@@@22 @@@,lin_id=@@@131@@@,mar_id=@@@2159@@@,pro_precio_compra_neto=@@@0@@@,pro_precio_compra_bruto=@@@0@@@,pro_precio_venta=@@@1790@@@,pro_margen_actual=@@@0@@@,pro_oferta=@@@NO@@@,pro_fecha_inicio_oferta=@@@1900.01.01@@@,pro_fecha_termino_oferta=@@@1900.01.01@@@,pro_precio_oferta=@@@0@@@,pro_stock_minimo=@@@24@@@,pro_stock_critico=@@@12@@@,pro_activo=@@@1@@@,pro_unidad=@@@0@@@,pro_precio_compra_bruto=0,pro_margen_actual=0,pro_capacidad=1,pro_funcion_plu=0,pro_flejes=1,pro_iva=1,pro_plu_asociado=0,pro_envase=@@@NO@@@,pro_duracion=0,pro_numero_etiqueta=0 WHERE pro_codigo_plu=@@@13633@@@','',2,'2013-05-27'),(18259,'UPDATE mae_productos SET pro_estado=1 WHERE pro_codigo_plu=13633','',2,'2013-05-27'),(18260,'DELETE FROM mae_impuestos_productos WHERE pro_codigo_plu=@@@13633@@@','',2,'2013-05-27'),(18261,'INSERT INTO gne_vale_ferreteria (vfe_id,vfe_fecha,vfe_total,vfe_estado,vfe_entregado,usu_nusuario) VALUES (744,@@@2013.05.27@@@,650,1,0,@@@G_DIAZ@@@)','',2,'2013-05-27'),(18262,'INSERT INTO gne_vale_ferreteria_mov (vfe_id,pro_codigo_plu,vfm_cantidad,vfm_unitario,vfm_total,vfm_entregado) VALUES (744,78017013,1,650,650,@@@NO@@@)','',2,'2013-05-27'),(18263,'INSERT INTO gne_vale_ferreteria (vfe_id,vfe_fecha,vfe_total,vfe_estado,vfe_entregado,usu_nusuario) VALUES (745,@@@2013.05.27@@@,800,1,0,@@@G_DIAZ@@@)','',2,'2013-05-27'),(18264,'INSERT INTO gne_vale_ferreteria_mov (vfe_id,pro_codigo_plu,vfm_cantidad,vfm_unitario,vfm_total,vfm_entregado) VALUES (745,8021,1,150,150,@@@NO@@@)','',2,'2013-05-27'),(18265,'INSERT INTO gne_vale_ferreteria_mov (vfe_id,pro_codigo_plu,vfm_cantidad,vfm_unitario,vfm_total,vfm_entregado) VALUES (745,78017013,1,650,650,@@@NO@@@)','',2,'2013-05-27'),(18266,'INSERT INTO gne_vale_ferreteria (vfe_id,vfe_fecha,vfe_total,vfe_estado,vfe_entregado,usu_nusuario) VALUES (746,@@@2013.05.27@@@,200,1,0,@@@G_DIAZ@@@)','',2,'2013-05-27'),(18267,'INSERT INTO gne_vale_ferreteria_mov (vfe_id,pro_codigo_plu,vfm_cantidad,vfm_unitario,vfm_total,vfm_entregado) VALUES (746,7052,1,200,200,@@@NO@@@)','',2,'2013-05-27'),(18268,'INSERT INTO gne_vale_ferreteria (vfe_id,vfe_fecha,vfe_total,vfe_estado,vfe_entregado,usu_nusuario) VALUES (747,@@@2013.05.27@@@,890,1,0,@@@G_DIAZ@@@)','',2,'2013-05-27'),(18269,'INSERT INTO gne_vale_ferreteria_mov (vfe_id,pro_codigo_plu,vfm_cantidad,vfm_unitario,vfm_total,vfm_entregado) VALUES (747,764090,1,890,890,@@@NO@@@)','',2,'2013-05-27'),(18270,'INSERT INTO gne_vale_ferreteria (vfe_id,vfe_fecha,vfe_total,vfe_estado,vfe_entregado,usu_nusuario) VALUES (748,@@@2013.05.27@@@,840,1,0,@@@G_DIAZ@@@)','',2,'2013-05-27'),(18271,'INSERT INTO gne_vale_ferreteria_mov (vfe_id,pro_codigo_plu,vfm_cantidad,vfm_unitario,vfm_total,vfm_entregado) VALUES (748,761996,1,840,840,@@@NO@@@)','',2,'2013-05-27'),(18272,'INSERT INTO gne_vale_ferreteria (vfe_id,vfe_fecha,vfe_total,vfe_estado,vfe_entregado,usu_nusuario) VALUES (749,@@@2013.05.27@@@,580,1,0,@@@G_DIAZ@@@)','',2,'2013-05-27'),(18273,'INSERT INTO gne_vale_ferreteria_mov (vfe_id,pro_codigo_plu,vfm_cantidad,vfm_unitario,vfm_total,vfm_entregado) VALUES (749,763801,1,580,580,@@@NO@@@)','',2,'2013-05-27'),(18274,'INSERT INTO gne_vale_ferreteria (vfe_id,vfe_fecha,vfe_total,vfe_estado,vfe_entregado,usu_nusuario) VALUES (750,@@@2013.05.27@@@,500,1,0,@@@G_DIAZ@@@)','',2,'2013-05-27'),(18275,'INSERT INTO gne_vale_ferreteria_mov (vfe_id,pro_codigo_plu,vfm_cantidad,vfm_unitario,vfm_total,vfm_entregado) VALUES (750,4137,1,400,400,@@@NO@@@)','',2,'2013-05-27'),(18276,'INSERT INTO gne_vale_ferreteria_mov (vfe_id,pro_codigo_plu,vfm_cantidad,vfm_unitario,vfm_total,vfm_entregado) VALUES (750,4130,1,100,100,@@@NO@@@)','',2,'2013-05-27'),(18277,'INSERT INTO gne_vale_ferreteria (vfe_id,vfe_fecha,vfe_total,vfe_estado,vfe_entregado,usu_nusuario) VALUES (751,@@@2013.05.27@@@,690,1,0,@@@G_DIAZ@@@)','',2,'2013-05-27'),(18278,'INSERT INTO gne_vale_ferreteria_mov (vfe_id,pro_codigo_plu,vfm_cantidad,vfm_unitario,vfm_total,vfm_entregado) VALUES (751,4137,1,400,400,@@@NO@@@)','',2,'2013-05-27'),(18279,'INSERT INTO gne_vale_ferreteria_mov (vfe_id,pro_codigo_plu,vfm_cantidad,vfm_unitario,vfm_total,vfm_entregado) VALUES (751,4130,1,100,100,@@@NO@@@)','',2,'2013-05-27'),(18280,'INSERT INTO gne_vale_ferreteria_mov (vfe_id,pro_codigo_plu,vfm_cantidad,vfm_unitario,vfm_total,vfm_entregado) VALUES (751,1537,1,190,190,@@@NO@@@)','',2,'2013-05-27'),(18281,'INSERT INTO gne_vale_ferreteria (vfe_id,vfe_fecha,vfe_total,vfe_estado,vfe_entregado,usu_nusuario) VALUES (752,@@@2013.05.27@@@,960,1,0,@@@G_DIAZ@@@)','',2,'2013-05-27'),(18282,'INSERT INTO gne_vale_ferreteria_mov (vfe_id,pro_codigo_plu,vfm_cantidad,vfm_unitario,vfm_total,vfm_entregado) VALUES (752,8023,1,390,390,@@@NO@@@)','',2,'2013-05-27'),(18283,'INSERT INTO gne_vale_ferreteria_mov (vfe_id,pro_codigo_plu,vfm_cantidad,vfm_unitario,vfm_total,vfm_entregado) VALUES (752,764507,1,330,330,@@@NO@@@)','',2,'2013-05-27'),(18284,'INSERT INTO gne_vale_ferreteria_mov (vfe_id,pro_codigo_plu,vfm_cantidad,vfm_unitario,vfm_total,vfm_entregado) VALUES (752,763778,1,240,240,@@@NO@@@)','',2,'2013-05-27'),(18285,'INSERT INTO gne_vale_ferreteria (vfe_id,vfe_fecha,vfe_total,vfe_estado,vfe_entregado,usu_nusuario) VALUES (753,@@@2013.05.27@@@,300,1,0,@@@G_DIAZ@@@)','',2,'2013-05-27'),(18286,'INSERT INTO gne_vale_ferreteria_mov (vfe_id,pro_codigo_plu,vfm_cantidad,vfm_unitario,vfm_total,vfm_entregado) VALUES (753,2004,1,300,300,@@@NO@@@)','',2,'2013-05-27'),(18287,'INSERT INTO gne_vale_ferreteria (vfe_id,vfe_fecha,vfe_total,vfe_estado,vfe_entregado,usu_nusuario) VALUES (754,@@@2013.05.27@@@,1920,1,0,@@@G_DIAZ@@@)','',2,'2013-05-27'),(18288,'INSERT INTO gne_vale_ferreteria_mov (vfe_id,pro_codigo_plu,vfm_cantidad,vfm_unitario,vfm_total,vfm_entregado) VALUES (754,15927,4,480,1920,@@@NO@@@)','',2,'2013-05-27'),(18289,'INSERT INTO gne_vale_ferreteria (vfe_id,vfe_fecha,vfe_total,vfe_estado,vfe_entregado,usu_nusuario) VALUES (755,@@@2013.05.27@@@,350,1,0,@@@G_DIAZ@@@)','',2,'2013-05-27'),(18290,'INSERT INTO gne_vale_ferreteria_mov (vfe_id,pro_codigo_plu,vfm_cantidad,vfm_unitario,vfm_total,vfm_entregado) VALUES (755,764333,1,350,350,@@@NO@@@)','',2,'2013-05-27'),(18291,'INSERT INTO gne_vale_ferreteria (vfe_id,vfe_fecha,vfe_total,vfe_estado,vfe_entregado,usu_nusuario) VALUES (756,@@@2013.05.27@@@,100,1,0,@@@G_DIAZ@@@)','',2,'2013-05-27'),(18292,'INSERT INTO gne_vale_ferreteria_mov (vfe_id,pro_codigo_plu,vfm_cantidad,vfm_unitario,vfm_total,vfm_entregado) VALUES (756,4801,1,30,30,@@@NO@@@)','',2,'2013-05-27'),(18293,'INSERT INTO gne_vale_ferreteria_mov (vfe_id,pro_codigo_plu,vfm_cantidad,vfm_unitario,vfm_total,vfm_entregado) VALUES (756,78017028,1,70,70,@@@NO@@@)','',2,'2013-05-27'),(18294,'UPDATE mae_productos SET pro_codigo_barra=@@@7802900234614@@@,pro_tipo=@@@0@@@,pro_nombre_producto=@@@YOGHURT NEXT TROZOS DURAZNO 125 GRS.@@@,pro_nombre_corto=@@@YOGHURT NEXT TRO@@@,med_id=@@@5@@@,emb_id=@@@4@@@,pro_unidades_embalaje=@@@36@@@,dep_id=@@@3 @@@,lin_id=@@@50@@@,mar_id=@@@1710@@@,pro_precio_compra_neto=@@@0@@@,pro_precio_compra_bruto=@@@0@@@,pro_precio_venta=@@@290@@@,pro_margen_actual=@@@0@@@,pro_oferta=@@@NO@@@,pro_fecha_inicio_oferta=@@@2006.09.07@@@,pro_fecha_termino_oferta=@@@2006.09.07@@@,pro_precio_oferta=@@@0@@@,pro_stock_minimo=@@@36@@@,pro_stock_critico=@@@18@@@,pro_activo=@@@1@@@,pro_unidad=@@@0@@@,pro_precio_compra_bruto=0,pro_margen_actual=0,pro_capacidad=0.125,pro_funcion_plu=0,pro_flejes=1,pro_iva=1,pro_plu_asociado=0,pro_envase=@@@NO@@@,pro_duracion=0,pro_numero_etiqueta=0 WHERE pro_codigo_plu=@@@101942@@@','',2,'2013-05-27'),(18295,'UPDATE mae_productos SET pro_estado=1 WHERE pro_codigo_plu=101942','',2,'2013-05-27'),(18296,'DELETE FROM mae_impuestos_productos WHERE pro_codigo_plu=@@@101942@@@','',2,'2013-05-27'),(18297,'INSERT INTO gne_vale_ferreteria (vfe_id,vfe_fecha,vfe_total,vfe_estado,vfe_entregado,usu_nusuario) VALUES (757,@@@2013.05.27@@@,120,1,0,@@@G_DIAZ@@@)','',2,'2013-05-27'),(18298,'INSERT INTO gne_vale_ferreteria_mov (vfe_id,pro_codigo_plu,vfm_cantidad,vfm_unitario,vfm_total,vfm_entregado) VALUES (757,8022,1,120,120,@@@NO@@@)','',2,'2013-05-27'),(18299,'INSERT INTO gne_vale_ferreteria (vfe_id,vfe_fecha,vfe_total,vfe_estado,vfe_entregado,usu_nusuario) VALUES (758,@@@2013.05.27@@@,330,1,0,@@@G_DIAZ@@@)','',2,'2013-05-27'),(18300,'INSERT INTO gne_vale_ferreteria_mov (vfe_id,pro_codigo_plu,vfm_cantidad,vfm_unitario,vfm_total,vfm_entregado) VALUES (758,764261,1,330,330,@@@NO@@@)','',2,'2013-05-27'),(18301,'INSERT INTO gne_vale_ferreteria (vfe_id,vfe_fecha,vfe_total,vfe_estado,vfe_entregado,usu_nusuario) VALUES (759,@@@2013.05.27@@@,100,1,0,@@@G_DIAZ@@@)','',2,'2013-05-27'),(18302,'INSERT INTO gne_vale_ferreteria_mov (vfe_id,pro_codigo_plu,vfm_cantidad,vfm_unitario,vfm_total,vfm_entregado) VALUES (759,764833,5,10,50,@@@NO@@@)','',2,'2013-05-27'),(18303,'INSERT INTO gne_vale_ferreteria_mov (vfe_id,pro_codigo_plu,vfm_cantidad,vfm_unitario,vfm_total,vfm_entregado) VALUES (759,770032,1,50,50,@@@NO@@@)','',2,'2013-05-27'),(18304,'INSERT INTO gne_vale_ferreteria (vfe_id,vfe_fecha,vfe_total,vfe_estado,vfe_entregado,usu_nusuario) VALUES (760,@@@2013.05.27@@@,490,1,0,@@@G_DIAZ@@@)','',2,'2013-05-27'),(18305,'INSERT INTO gne_vale_ferreteria_mov (vfe_id,pro_codigo_plu,vfm_cantidad,vfm_unitario,vfm_total,vfm_entregado) VALUES (760,764761,1,490,490,@@@NO@@@)','',2,'2013-05-27'),(18306,'INSERT INTO gne_vale_ferreteria (vfe_id,vfe_fecha,vfe_total,vfe_estado,vfe_entregado,usu_nusuario) VALUES (761,@@@2013.05.27@@@,100,1,0,@@@G_DIAZ@@@)','',2,'2013-05-27'),(18307,'INSERT INTO gne_vale_ferreteria_mov (vfe_id,pro_codigo_plu,vfm_cantidad,vfm_unitario,vfm_total,vfm_entregado) VALUES (761,770024,1,100,100,@@@NO@@@)','',2,'2013-05-27'),(18308,'INSERT INTO gne_vale_ferreteria (vfe_id,vfe_fecha,vfe_total,vfe_estado,vfe_entregado,usu_nusuario) VALUES (762,@@@2013.05.27@@@,120,1,0,@@@G_DIAZ@@@)','',2,'2013-05-27'),(18309,'INSERT INTO gne_vale_ferreteria_mov (vfe_id,pro_codigo_plu,vfm_cantidad,vfm_unitario,vfm_total,vfm_entregado) VALUES (762,8022,1,120,120,@@@NO@@@)','',2,'2013-05-27'),(18310,'INSERT INTO gne_vale_ferreteria (vfe_id,vfe_fecha,vfe_total,vfe_estado,vfe_entregado,usu_nusuario) VALUES (763,@@@2013.05.27@@@,380,1,0,@@@G_DIAZ@@@)','',2,'2013-05-27'),(18311,'INSERT INTO gne_vale_ferreteria_mov (vfe_id,pro_codigo_plu,vfm_cantidad,vfm_unitario,vfm_total,vfm_entregado) VALUES (763,1069,2,190,380,@@@NO@@@)','',2,'2013-05-27'),(18312,'INSERT INTO gne_vale_ferreteria (vfe_id,vfe_fecha,vfe_total,vfe_estado,vfe_entregado,usu_nusuario) VALUES (764,@@@2013.05.27@@@,120,1,0,@@@G_DIAZ@@@)','',2,'2013-05-27'),(18313,'INSERT INTO gne_vale_ferreteria_mov (vfe_id,pro_codigo_plu,vfm_cantidad,vfm_unitario,vfm_total,vfm_entregado) VALUES (764,78017193,6,20,120,@@@NO@@@)','',2,'2013-05-27'),(18314,'INSERT INTO gne_vale_ferreteria (vfe_id,vfe_fecha,vfe_total,vfe_estado,vfe_entregado,usu_nusuario) VALUES (765,@@@2013.05.27@@@,490,1,0,@@@G_DIAZ@@@)','',2,'2013-05-27'),(18315,'INSERT INTO gne_vale_ferreteria_mov (vfe_id,pro_codigo_plu,vfm_cantidad,vfm_unitario,vfm_total,vfm_entregado) VALUES (765,764834,10,20,200,@@@NO@@@)','',2,'2013-05-27'),(18316,'INSERT INTO gne_vale_ferreteria_mov (vfe_id,pro_codigo_plu,vfm_cantidad,vfm_unitario,vfm_total,vfm_entregado) VALUES (765,1559,1,290,290,@@@NO@@@)','',2,'2013-05-27'),(18317,'INSERT INTO gne_vale_ferreteria (vfe_id,vfe_fecha,vfe_total,vfe_estado,vfe_entregado,usu_nusuario) VALUES (766,@@@2013.05.27@@@,2590,1,0,@@@G_DIAZ@@@)','',2,'2013-05-27'),(18318,'INSERT INTO gne_vale_ferreteria_mov (vfe_id,pro_codigo_plu,vfm_cantidad,vfm_unitario,vfm_total,vfm_entregado) VALUES (766,78017054,1,2590,2590,@@@NO@@@)','',2,'2013-05-27'),(18319,'INSERT INTO gne_vale_ferreteria (vfe_id,vfe_fecha,vfe_total,vfe_estado,vfe_entregado,usu_nusuario) VALUES (767,@@@2013.05.27@@@,1180,1,0,@@@G_DIAZ@@@)','',2,'2013-05-27'),(18320,'INSERT INTO gne_vale_ferreteria_mov (vfe_id,pro_codigo_plu,vfm_cantidad,vfm_unitario,vfm_total,vfm_entregado) VALUES (767,763849,2,590,1180,@@@NO@@@)','',2,'2013-05-27'),(18321,'INSERT INTO mae_productos (pro_codigo_plu,pro_codigo_barra,pro_tipo,pro_nombre_producto,pro_nombre_corto,med_id,emb_id,pro_unidades_embalaje,dep_id,lin_id,mar_id,pro_precio_compra_neto,pro_precio_compra_bruto,pro_precio_venta,pro_margen_actual,pro_oferta,pro_fecha_inicio_oferta,pro_fecha_termino_oferta,pro_precio_oferta,pro_stock_minimo,pro_stock_critico,pro_entradas_bodega,pro_salidas_bodega,pro_mermas_bodega,pro_ajustes_bodega,pro_entradas_sv,pro_salidas_sv,pro_mermas_sv,pro_ajustes_sv,pro_activo,rec_numero,pro_unidad,pro_capacidad,pro_consumo_bodega,pro_consumo_sv,pro_estado,pro_funcion_plu,pro_flejes,pro_iva,pro_plu_asociado,pro_envase,pro_duracion,pro_numero_etiqueta) VALUES (78017241,@@@7806505984394@@@,@@@0@@@,@@@SUJETADORES PLATEADOS 1UND@@@,@@@SUJETADORES PLAT@@@,@@@1 @@@,@@@3 @@@,@@@0@@@,@@@24 @@@,@@@137@@@,@@@2402@@@,@@@0@@@,@@@0@@@,@@@40@@@,@@@0@@@,@@@@@@,@@@2013.05.27@@@,@@@2013.05.27@@@,@@@0@@@,@@@0@@@,@@@0@@@,@@@0@@@,@@@0@@@,@@@0@@@,@@@0@@@,@@@0@@@,@@@0@@@,@@@0@@@,@@@0@@@,@@@1@@@,@@@0@@@,0,1,0,0,2,0,1,1,0,@@@NO@@@,0,0)','',2,'2013-05-27'),(18322,'DELETE FROM mae_impuestos_productos WHERE pro_codigo_plu=@@@78017241@@@','',2,'2013-05-27'),(18323,'INSERT INTO gne_vale_ferreteria (vfe_id,vfe_fecha,vfe_total,vfe_estado,vfe_entregado,usu_nusuario) VALUES (768,@@@2013.05.27@@@,120,1,0,@@@G_DIAZ@@@)','',2,'2013-05-27'),(18324,'INSERT INTO gne_vale_ferreteria_mov (vfe_id,pro_codigo_plu,vfm_cantidad,vfm_unitario,vfm_total,vfm_entregado) VALUES (768,1064,1,120,120,@@@NO@@@)','',2,'2013-05-27'),(18325,'INSERT INTO gne_vale_ferreteria (vfe_id,vfe_fecha,vfe_total,vfe_estado,vfe_entregado,usu_nusuario) VALUES (769,@@@2013.05.27@@@,300,1,0,@@@G_DIAZ@@@)','',2,'2013-05-27'),(18326,'INSERT INTO gne_vale_ferreteria_mov (vfe_id,pro_codigo_plu,vfm_cantidad,vfm_unitario,vfm_total,vfm_entregado) VALUES (769,2004,1,300,300,@@@NO@@@)','',2,'2013-05-27'),(18327,'INSERT INTO gne_vale_ferreteria (vfe_id,vfe_fecha,vfe_total,vfe_estado,vfe_entregado,usu_nusuario) VALUES (770,@@@2013.05.27@@@,390,1,0,@@@G_DIAZ@@@)','',2,'2013-05-27'),(18328,'INSERT INTO gne_vale_ferreteria_mov (vfe_id,pro_codigo_plu,vfm_cantidad,vfm_unitario,vfm_total,vfm_entregado) VALUES (770,15929,3,130,390,@@@NO@@@)','',2,'2013-05-27'),(18329,'INSERT INTO gne_vale_ferreteria (vfe_id,vfe_fecha,vfe_total,vfe_estado,vfe_entregado,usu_nusuario) VALUES (771,@@@2013.05.27@@@,150,1,0,@@@G_DIAZ@@@)','',2,'2013-05-27'),(18330,'INSERT INTO gne_vale_ferreteria_mov (vfe_id,pro_codigo_plu,vfm_cantidad,vfm_unitario,vfm_total,vfm_entregado) VALUES (771,770035,1,150,150,@@@NO@@@)','',2,'2013-05-27'),(18331,'INSERT INTO gne_vale_ferreteria (vfe_id,vfe_fecha,vfe_total,vfe_estado,vfe_entregado,usu_nusuario) VALUES (772,@@@2013.05.27@@@,660,1,0,@@@G_DIAZ@@@)','',2,'2013-05-27'),(18332,'INSERT INTO gne_vale_ferreteria_mov (vfe_id,pro_codigo_plu,vfm_cantidad,vfm_unitario,vfm_total,vfm_entregado) VALUES (772,763585,2,330,660,@@@NO@@@)','',2,'2013-05-27'),(18333,'INSERT INTO gne_vale_ferreteria (vfe_id,vfe_fecha,vfe_total,vfe_estado,vfe_entregado,usu_nusuario) VALUES (773,@@@2013.05.27@@@,120,1,0,@@@G_DIAZ@@@)','',2,'2013-05-27'),(18334,'INSERT INTO gne_vale_ferreteria_mov (vfe_id,pro_codigo_plu,vfm_cantidad,vfm_unitario,vfm_total,vfm_entregado) VALUES (773,764766,1,120,120,@@@NO@@@)','',2,'2013-05-27'),(18335,'INSERT INTO gne_vale_ferreteria (vfe_id,vfe_fecha,vfe_total,vfe_estado,vfe_entregado,usu_nusuario) VALUES (774,@@@2013.05.27@@@,790,1,0,@@@G_DIAZ@@@)','',2,'2013-05-27'),(18336,'INSERT INTO gne_vale_ferreteria_mov (vfe_id,pro_codigo_plu,vfm_cantidad,vfm_unitario,vfm_total,vfm_entregado) VALUES (774,761991,1,790,790,@@@NO@@@)','',2,'2013-05-27'),(18337,'INSERT INTO gne_vale_ferreteria (vfe_id,vfe_fecha,vfe_total,vfe_estado,vfe_entregado,usu_nusuario) VALUES (775,@@@2013.05.27@@@,120,1,0,@@@G_DIAZ@@@)','',2,'2013-05-27'),(18338,'INSERT INTO gne_vale_ferreteria_mov (vfe_id,pro_codigo_plu,vfm_cantidad,vfm_unitario,vfm_total,vfm_entregado) VALUES (775,8022,1,120,120,@@@NO@@@)','',2,'2013-05-27'),(18339,'INSERT INTO gne_vale_ferreteria (vfe_id,vfe_fecha,vfe_total,vfe_estado,vfe_entregado,usu_nusuario) VALUES (776,@@@2013.05.27@@@,1450,1,0,@@@G_DIAZ@@@)','',2,'2013-05-27'),(18340,'INSERT INTO gne_vale_ferreteria_mov (vfe_id,pro_codigo_plu,vfm_cantidad,vfm_unitario,vfm_total,vfm_entregado) VALUES (776,18259,1,200,200,@@@NO@@@)','',2,'2013-05-27'),(18341,'INSERT INTO gne_vale_ferreteria_mov (vfe_id,pro_codigo_plu,vfm_cantidad,vfm_unitario,vfm_total,vfm_entregado) VALUES (776,18388,1,200,200,@@@NO@@@)','',2,'2013-05-27'),(18342,'INSERT INTO gne_vale_ferreteria_mov (vfe_id,pro_codigo_plu,vfm_cantidad,vfm_unitario,vfm_total,vfm_entregado) VALUES (776,4128,1,550,550,@@@NO@@@)','',2,'2013-05-27'),(18343,'INSERT INTO gne_vale_ferreteria_mov (vfe_id,pro_codigo_plu,vfm_cantidad,vfm_unitario,vfm_total,vfm_entregado) VALUES (776,4091,2,250,500,@@@NO@@@)','',2,'2013-05-27'),(18344,'INSERT INTO gne_vale_ferreteria (vfe_id,vfe_fecha,vfe_total,vfe_estado,vfe_entregado,usu_nusuario) VALUES (777,@@@2013.05.27@@@,300,1,0,@@@G_DIAZ@@@)','',2,'2013-05-27'),(18345,'INSERT INTO gne_vale_ferreteria_mov (vfe_id,pro_codigo_plu,vfm_cantidad,vfm_unitario,vfm_total,vfm_entregado) VALUES (777,4074,1,300,300,@@@NO@@@)','',2,'2013-05-27'),(18346,'INSERT INTO gne_vale_ferreteria (vfe_id,vfe_fecha,vfe_total,vfe_estado,vfe_entregado,usu_nusuario) VALUES (778,@@@2013.05.27@@@,290,1,0,@@@G_DIAZ@@@)','',2,'2013-05-27'),(18347,'INSERT INTO gne_vale_ferreteria_mov (vfe_id,pro_codigo_plu,vfm_cantidad,vfm_unitario,vfm_total,vfm_entregado) VALUES (778,764778,1,290,290,@@@NO@@@)','',2,'2013-05-27'),(18348,'INSERT INTO gne_vale_ferreteria (vfe_id,vfe_fecha,vfe_total,vfe_estado,vfe_entregado,usu_nusuario) VALUES (779,@@@2013.05.27@@@,620,1,0,@@@G_DIAZ@@@)','',2,'2013-05-27'),(18349,'INSERT INTO gne_vale_ferreteria_mov (vfe_id,pro_codigo_plu,vfm_cantidad,vfm_unitario,vfm_total,vfm_entregado) VALUES (779,11378,1,620,620,@@@NO@@@)','',2,'2013-05-27'),(18350,'INSERT INTO gne_vale_ferreteria (vfe_id,vfe_fecha,vfe_total,vfe_estado,vfe_entregado,usu_nusuario) VALUES (780,@@@2013.05.27@@@,80,1,0,@@@G_DIAZ@@@)','',2,'2013-05-27'),(18351,'INSERT INTO gne_vale_ferreteria_mov (vfe_id,pro_codigo_plu,vfm_cantidad,vfm_unitario,vfm_total,vfm_entregado) VALUES (780,78017191,2,40,80,@@@NO@@@)','',2,'2013-05-27'),(18352,'INSERT INTO gne_vale_ferreteria (vfe_id,vfe_fecha,vfe_total,vfe_estado,vfe_entregado,usu_nusuario) VALUES (781,@@@2013.05.27@@@,600,1,0,@@@G_DIAZ@@@)','',2,'2013-05-27'),(18353,'INSERT INTO gne_vale_ferreteria_mov (vfe_id,pro_codigo_plu,vfm_cantidad,vfm_unitario,vfm_total,vfm_entregado) VALUES (781,1042,2,300,600,@@@NO@@@)','',2,'2013-05-27'),(18354,'INSERT INTO gne_vale_ferreteria (vfe_id,vfe_fecha,vfe_total,vfe_estado,vfe_entregado,usu_nusuario) VALUES (782,@@@2013.05.27@@@,300,1,0,@@@G_DIAZ@@@)','',2,'2013-05-27'),(18355,'INSERT INTO gne_vale_ferreteria_mov (vfe_id,pro_codigo_plu,vfm_cantidad,vfm_unitario,vfm_total,vfm_entregado) VALUES (782,78017193,15,20,300,@@@NO@@@)','',2,'2013-05-27'),(18356,'INSERT INTO gne_vale_ferreteria (vfe_id,vfe_fecha,vfe_total,vfe_estado,vfe_entregado,usu_nusuario) VALUES (783,@@@2013.05.27@@@,960,1,0,@@@G_DIAZ@@@)','',2,'2013-05-27'),(18357,'INSERT INTO gne_vale_ferreteria_mov (vfe_id,pro_codigo_plu,vfm_cantidad,vfm_unitario,vfm_total,vfm_entregado) VALUES (783,15935,2,480,960,@@@NO@@@)','',2,'2013-05-27'),(18358,'INSERT INTO gne_vale_ferreteria (vfe_id,vfe_fecha,vfe_total,vfe_estado,vfe_entregado,usu_nusuario) VALUES (784,@@@2013.05.27@@@,240,1,0,@@@G_DIAZ@@@)','',2,'2013-05-27'),(18359,'INSERT INTO gne_vale_ferreteria_mov (vfe_id,pro_codigo_plu,vfm_cantidad,vfm_unitario,vfm_total,vfm_entregado) VALUES (784,78017059,2,120,240,@@@NO@@@)','',2,'2013-05-27'),(18360,'INSERT INTO gne_vale_ferreteria (vfe_id,vfe_fecha,vfe_total,vfe_estado,vfe_entregado,usu_nusuario) VALUES (785,@@@2013.05.27@@@,770,1,0,@@@G_DIAZ@@@)','',2,'2013-05-27'),(18361,'INSERT INTO gne_vale_ferreteria_mov (vfe_id,pro_codigo_plu,vfm_cantidad,vfm_unitario,vfm_total,vfm_entregado) VALUES (785,78017157,1,770,770,@@@NO@@@)','',2,'2013-05-27'),(18362,'INSERT INTO gne_vale_ferreteria (vfe_id,vfe_fecha,vfe_total,vfe_estado,vfe_entregado,usu_nusuario) VALUES (786,@@@2013.05.27@@@,360,1,0,@@@G_DIAZ@@@)','',2,'2013-05-27'),(18363,'INSERT INTO gne_vale_ferreteria_mov (vfe_id,pro_codigo_plu,vfm_cantidad,vfm_unitario,vfm_total,vfm_entregado) VALUES (786,8022,3,120,360,@@@NO@@@)','',2,'2013-05-27'),(18364,'INSERT INTO gne_vale_ferreteria (vfe_id,vfe_fecha,vfe_total,vfe_estado,vfe_entregado,usu_nusuario) VALUES (787,@@@2013.05.27@@@,240,1,0,@@@G_DIAZ@@@)','',2,'2013-05-27'),(18365,'INSERT INTO gne_vale_ferreteria_mov (vfe_id,pro_codigo_plu,vfm_cantidad,vfm_unitario,vfm_total,vfm_entregado) VALUES (787,8022,2,120,240,@@@NO@@@)','',2,'2013-05-27'),(18366,'INSERT INTO gne_vale_ferreteria (vfe_id,vfe_fecha,vfe_total,vfe_estado,vfe_entregado,usu_nusuario) VALUES (788,@@@2013.05.27@@@,3080,1,0,@@@G_DIAZ@@@)','',2,'2013-05-27'),(18367,'INSERT INTO gne_vale_ferreteria_mov (vfe_id,pro_codigo_plu,vfm_cantidad,vfm_unitario,vfm_total,vfm_entregado) VALUES (788,20521,1,2190,2190,@@@NO@@@)','',2,'2013-05-27'),(18368,'INSERT INTO gne_vale_ferreteria_mov (vfe_id,pro_codigo_plu,vfm_cantidad,vfm_unitario,vfm_total,vfm_entregado) VALUES (788,20880,1,890,890,@@@NO@@@)','',2,'2013-05-27'),(18369,'INSERT INTO gne_vale_ferreteria (vfe_id,vfe_fecha,vfe_total,vfe_estado,vfe_entregado,usu_nusuario) VALUES (789,@@@2013.05.27@@@,300,1,0,@@@G_DIAZ@@@)','',2,'2013-05-27'),(18370,'INSERT INTO gne_vale_ferreteria_mov (vfe_id,pro_codigo_plu,vfm_cantidad,vfm_unitario,vfm_total,vfm_entregado) VALUES (789,764013,1,300,300,@@@NO@@@)','',2,'2013-05-27'),(18371,'INSERT INTO gne_vale_ferreteria (vfe_id,vfe_fecha,vfe_total,vfe_estado,vfe_entregado,usu_nusuario) VALUES (790,@@@2013.05.27@@@,120,1,0,@@@G_DIAZ@@@)','',2,'2013-05-27'),(18372,'INSERT INTO gne_vale_ferreteria_mov (vfe_id,pro_codigo_plu,vfm_cantidad,vfm_unitario,vfm_total,vfm_entregado) VALUES (790,8022,1,120,120,@@@NO@@@)','',2,'2013-05-27'),(18373,'INSERT INTO gne_vale_ferreteria (vfe_id,vfe_fecha,vfe_total,vfe_estado,vfe_entregado,usu_nusuario) VALUES (791,@@@2013.05.27@@@,120,1,0,@@@G_DIAZ@@@)','',2,'2013-05-27'),(18374,'INSERT INTO gne_vale_ferreteria_mov (vfe_id,pro_codigo_plu,vfm_cantidad,vfm_unitario,vfm_total,vfm_entregado) VALUES (791,8022,1,120,120,@@@NO@@@)','',2,'2013-05-27'),(18375,'INSERT INTO gne_vale_ferreteria (vfe_id,vfe_fecha,vfe_total,vfe_estado,vfe_entregado,usu_nusuario) VALUES (792,@@@2013.05.27@@@,1590,1,0,@@@G_DIAZ@@@)','',2,'2013-05-27'),(18376,'INSERT INTO gne_vale_ferreteria_mov (vfe_id,pro_codigo_plu,vfm_cantidad,vfm_unitario,vfm_total,vfm_entregado) VALUES (792,15955,3,530,1590,@@@NO@@@)','',2,'2013-05-27'),(18377,'INSERT INTO gne_vale_ferreteria (vfe_id,vfe_fecha,vfe_total,vfe_estado,vfe_entregado,usu_nusuario) VALUES (793,@@@2013.05.27@@@,390,1,0,@@@G_DIAZ@@@)','',2,'2013-05-27'),(18378,'INSERT INTO gne_vale_ferreteria_mov (vfe_id,pro_codigo_plu,vfm_cantidad,vfm_unitario,vfm_total,vfm_entregado) VALUES (793,15967,3,130,390,@@@NO@@@)','',2,'2013-05-27'),(18379,'INSERT INTO gne_vale_ferreteria (vfe_id,vfe_fecha,vfe_total,vfe_estado,vfe_entregado,usu_nusuario) VALUES (794,@@@2013.05.27@@@,120,1,0,@@@G_DIAZ@@@)','',2,'2013-05-27'),(18380,'INSERT INTO gne_vale_ferreteria_mov (vfe_id,pro_codigo_plu,vfm_cantidad,vfm_unitario,vfm_total,vfm_entregado) VALUES (794,8022,1,120,120,@@@NO@@@)','',2,'2013-05-27'),(18381,'INSERT INTO gne_vale_ferreteria (vfe_id,vfe_fecha,vfe_total,vfe_estado,vfe_entregado,usu_nusuario) VALUES (795,@@@2013.05.27@@@,120,1,0,@@@G_DIAZ@@@)','',2,'2013-05-27'),(18382,'INSERT INTO gne_vale_ferreteria_mov (vfe_id,pro_codigo_plu,vfm_cantidad,vfm_unitario,vfm_total,vfm_entregado) VALUES (795,8022,1,120,120,@@@NO@@@)','',2,'2013-05-27'),(18383,'INSERT INTO gne_vale_ferreteria (vfe_id,vfe_fecha,vfe_total,vfe_estado,vfe_entregado,usu_nusuario) VALUES (796,@@@2013.05.27@@@,260,1,0,@@@G_DIAZ@@@)','',2,'2013-05-27'),(18384,'INSERT INTO gne_vale_ferreteria_mov (vfe_id,pro_codigo_plu,vfm_cantidad,vfm_unitario,vfm_total,vfm_entregado) VALUES (796,78017004,2,100,200,@@@NO@@@)','',2,'2013-05-27'),(18385,'INSERT INTO gne_vale_ferreteria_mov (vfe_id,pro_codigo_plu,vfm_cantidad,vfm_unitario,vfm_total,vfm_entregado) VALUES (796,764780,1,60,60,@@@NO@@@)','',2,'2013-05-27'),(18386,'INSERT INTO gne_vale_ferreteria (vfe_id,vfe_fecha,vfe_total,vfe_estado,vfe_entregado,usu_nusuario) VALUES (797,@@@2013.05.27@@@,650,1,0,@@@G_DIAZ@@@)','',2,'2013-05-27'),(18387,'INSERT INTO gne_vale_ferreteria_mov (vfe_id,pro_codigo_plu,vfm_cantidad,vfm_unitario,vfm_total,vfm_entregado) VALUES (797,763878,1,650,650,@@@NO@@@)','',2,'2013-05-27'),(18388,'INSERT INTO gne_vale_ferreteria (vfe_id,vfe_fecha,vfe_total,vfe_estado,vfe_entregado,usu_nusuario) VALUES (798,@@@2013.05.27@@@,120,1,0,@@@G_DIAZ@@@)','',2,'2013-05-27'),(18389,'INSERT INTO gne_vale_ferreteria_mov (vfe_id,pro_codigo_plu,vfm_cantidad,vfm_unitario,vfm_total,vfm_entregado) VALUES (798,8022,1,120,120,@@@NO@@@)','',2,'2013-05-27'),(18390,'INSERT INTO gne_vale_ferreteria (vfe_id,vfe_fecha,vfe_total,vfe_estado,vfe_entregado,usu_nusuario) VALUES (799,@@@2013.05.27@@@,130,1,0,@@@G_DIAZ@@@)','',2,'2013-05-27'),(18391,'INSERT INTO gne_vale_ferreteria_mov (vfe_id,pro_codigo_plu,vfm_cantidad,vfm_unitario,vfm_total,vfm_entregado) VALUES (799,15967,1,130,130,@@@NO@@@)','',2,'2013-05-27'),(18392,'INSERT INTO gne_vale_ferreteria (vfe_id,vfe_fecha,vfe_total,vfe_estado,vfe_entregado,usu_nusuario) VALUES (800,@@@2013.05.27@@@,100,1,0,@@@G_DIAZ@@@)','',2,'2013-05-27'),(18393,'INSERT INTO gne_vale_ferreteria_mov (vfe_id,pro_codigo_plu,vfm_cantidad,vfm_unitario,vfm_total,vfm_entregado) VALUES (800,770024,1,100,100,@@@NO@@@)','',2,'2013-05-27'),(18394,'INSERT INTO gne_vale_ferreteria (vfe_id,vfe_fecha,vfe_total,vfe_estado,vfe_entregado,usu_nusuario) VALUES (801,@@@2013.05.27@@@,800,1,0,@@@G_DIAZ@@@)','',2,'2013-05-27'),(18395,'INSERT INTO gne_vale_ferreteria_mov (vfe_id,pro_codigo_plu,vfm_cantidad,vfm_unitario,vfm_total,vfm_entregado) VALUES (801,761989,1,800,800,@@@NO@@@)','',2,'2013-05-27'),(18396,'INSERT INTO gne_vale_ferreteria (vfe_id,vfe_fecha,vfe_total,vfe_estado,vfe_entregado,usu_nusuario) VALUES (802,@@@2013.05.27@@@,330,1,0,@@@G_DIAZ@@@)','',2,'2013-05-27'),(18397,'INSERT INTO gne_vale_ferreteria_mov (vfe_id,pro_codigo_plu,vfm_cantidad,vfm_unitario,vfm_total,vfm_entregado) VALUES (802,764259,1,330,330,@@@NO@@@)','',2,'2013-05-27'),(18398,'INSERT INTO gne_vale_ferreteria (vfe_id,vfe_fecha,vfe_total,vfe_estado,vfe_entregado,usu_nusuario) VALUES (803,@@@2013.05.27@@@,960,1,0,@@@G_DIAZ@@@)','',2,'2013-05-27'),(18399,'INSERT INTO gne_vale_ferreteria_mov (vfe_id,pro_codigo_plu,vfm_cantidad,vfm_unitario,vfm_total,vfm_entregado) VALUES (803,11670,1,840,840,@@@NO@@@)','',2,'2013-05-27'),(18400,'INSERT INTO gne_vale_ferreteria_mov (vfe_id,pro_codigo_plu,vfm_cantidad,vfm_unitario,vfm_total,vfm_entregado) VALUES (803,8022,1,120,120,@@@NO@@@)','',2,'2013-05-27'),(18401,'INSERT INTO gne_vale_ferreteria (vfe_id,vfe_fecha,vfe_total,vfe_estado,vfe_entregado,usu_nusuario) VALUES (804,@@@2013.05.27@@@,220,1,0,@@@G_DIAZ@@@)','',2,'2013-05-27'),(18402,'INSERT INTO gne_vale_ferreteria_mov (vfe_id,pro_codigo_plu,vfm_cantidad,vfm_unitario,vfm_total,vfm_entregado) VALUES (804,764768,1,220,220,@@@NO@@@)','',2,'2013-05-27'),(18403,'INSERT INTO gne_vale_ferreteria (vfe_id,vfe_fecha,vfe_total,vfe_estado,vfe_entregado,usu_nusuario) VALUES (805,@@@2013.05.27@@@,600,1,0,@@@G_DIAZ@@@)','',2,'2013-05-27'),(18404,'INSERT INTO gne_vale_ferreteria_mov (vfe_id,pro_codigo_plu,vfm_cantidad,vfm_unitario,vfm_total,vfm_entregado) VALUES (805,761335,5,120,600,@@@NO@@@)','',2,'2013-05-27'),(18405,'INSERT INTO gne_vale_ferreteria (vfe_id,vfe_fecha,vfe_total,vfe_estado,vfe_entregado,usu_nusuario) VALUES (806,@@@2013.05.27@@@,600,1,0,@@@G_DIAZ@@@)','',2,'2013-05-27'),(18406,'INSERT INTO gne_vale_ferreteria_mov (vfe_id,pro_codigo_plu,vfm_cantidad,vfm_unitario,vfm_total,vfm_entregado) VALUES (806,7052,1,200,200,@@@NO@@@)','',2,'2013-05-27'),(18407,'INSERT INTO gne_vale_ferreteria_mov (vfe_id,pro_codigo_plu,vfm_cantidad,vfm_unitario,vfm_total,vfm_entregado) VALUES (806,78017238,2,200,400,@@@NO@@@)','',2,'2013-05-27'),(18408,'INSERT INTO gne_vale_ferreteria (vfe_id,vfe_fecha,vfe_total,vfe_estado,vfe_entregado,usu_nusuario) VALUES (807,@@@2013.05.27@@@,3180,1,0,@@@G_DIAZ@@@)','',2,'2013-05-27'),(18409,'INSERT INTO gne_vale_ferreteria_mov (vfe_id,pro_codigo_plu,vfm_cantidad,vfm_unitario,vfm_total,vfm_entregado) VALUES (807,1535,2,390,780,@@@NO@@@)','',2,'2013-05-27'),(18410,'INSERT INTO gne_vale_ferreteria_mov (vfe_id,pro_codigo_plu,vfm_cantidad,vfm_unitario,vfm_total,vfm_entregado) VALUES (807,1537,1,190,190,@@@NO@@@)','',2,'2013-05-27'),(18411,'INSERT INTO gne_vale_ferreteria_mov (vfe_id,pro_codigo_plu,vfm_cantidad,vfm_unitario,vfm_total,vfm_entregado) VALUES (807,1538,3,490,1470,@@@NO@@@)','',2,'2013-05-27'),(18412,'INSERT INTO gne_vale_ferreteria_mov (vfe_id,pro_codigo_plu,vfm_cantidad,vfm_unitario,vfm_total,vfm_entregado) VALUES (807,763823,1,740,740,@@@NO@@@)','',2,'2013-05-27'),(18413,'INSERT INTO gne_vale_ferreteria (vfe_id,vfe_fecha,vfe_total,vfe_estado,vfe_entregado,usu_nusuario) VALUES (808,@@@2013.05.27@@@,250,1,0,@@@G_DIAZ@@@)','',2,'2013-05-27'),(18414,'INSERT INTO gne_vale_ferreteria_mov (vfe_id,pro_codigo_plu,vfm_cantidad,vfm_unitario,vfm_total,vfm_entregado) VALUES (808,101082,1,250,250,@@@NO@@@)','',2,'2013-05-27'),(18415,'INSERT INTO gne_vale_ferreteria (vfe_id,vfe_fecha,vfe_total,vfe_estado,vfe_entregado,usu_nusuario) VALUES (809,@@@2013.05.27@@@,980,1,0,@@@G_DIAZ@@@)','',2,'2013-05-27'),(18416,'INSERT INTO gne_vale_ferreteria_mov (vfe_id,pro_codigo_plu,vfm_cantidad,vfm_unitario,vfm_total,vfm_entregado) VALUES (809,770021,1,200,200,@@@NO@@@)','',2,'2013-05-27'),(18417,'INSERT INTO gne_vale_ferreteria_mov (vfe_id,pro_codigo_plu,vfm_cantidad,vfm_unitario,vfm_total,vfm_entregado) VALUES (809,770020,2,390,780,@@@NO@@@)','',2,'2013-05-27'),(18418,'INSERT INTO gne_vale_ferreteria (vfe_id,vfe_fecha,vfe_total,vfe_estado,vfe_entregado,usu_nusuario) VALUES (810,@@@2013.05.27@@@,600,1,0,@@@G_DIAZ@@@)','',2,'2013-05-27'),(18419,'INSERT INTO gne_vale_ferreteria_mov (vfe_id,pro_codigo_plu,vfm_cantidad,vfm_unitario,vfm_total,vfm_entregado) VALUES (810,764571,1,100,100,@@@NO@@@)','',2,'2013-05-27'),(18420,'INSERT INTO gne_vale_ferreteria_mov (vfe_id,pro_codigo_plu,vfm_cantidad,vfm_unitario,vfm_total,vfm_entregado) VALUES (810,764826,2,250,500,@@@NO@@@)','',2,'2013-05-27'),(18421,'UPDATE mae_productos SET pro_margen_actual=0,pro_precio_venta=1790 WHERE pro_codigo_plu=13633','',2,'2013-05-28'),(18422,'UPDATE mae_productos SET pro_margen_actual=0,pro_precio_venta=40 WHERE pro_codigo_plu=78017241','',2,'2013-05-28'),(18423,'UPDATE mae_productos SET pro_margen_actual=0,pro_precio_venta=290 WHERE pro_codigo_plu=101942','',2,'2013-05-28'),(18424,'UPDATE mae_productos SET pro_margen_actual=0,pro_precio_venta=200 WHERE pro_codigo_plu=16632','',2,'2013-05-28'),(18425,'UPDATE mae_productos SET pro_margen_actual=0,pro_precio_venta=200 WHERE pro_codigo_plu=763635','',2,'2013-05-28'),(18426,'UPDATE mae_productos SET pro_precio_fiscal=pro_precio_venta WHERE pro_codigo_plu=13633','',2,'2013-05-28'),(18427,'UPDATE mae_productos SET pro_precio_fiscal=pro_precio_venta WHERE pro_codigo_plu=101942','',2,'2013-05-28'),(18428,'UPDATE mae_productos SET pro_precio_fiscal=pro_precio_venta WHERE pro_codigo_plu=16632','',2,'2013-05-28'),(18429,'UPDATE mae_productos SET pro_precio_fiscal=pro_precio_venta WHERE pro_codigo_plu=78017241','',2,'2013-05-28'),(18430,'INSERT INTO mae_productos (pro_codigo_plu,pro_codigo_barra,pro_tipo,pro_nombre_producto,pro_nombre_corto,med_id,emb_id,pro_unidades_embalaje,dep_id,lin_id,mar_id,pro_precio_compra_neto,pro_precio_compra_bruto,pro_precio_venta,pro_margen_actual,pro_oferta,pro_fecha_inicio_oferta,pro_fecha_termino_oferta,pro_precio_oferta,pro_stock_minimo,pro_stock_critico,pro_entradas_bodega,pro_salidas_bodega,pro_mermas_bodega,pro_ajustes_bodega,pro_entradas_sv,pro_salidas_sv,pro_mermas_sv,pro_ajustes_sv,pro_activo,rec_numero,pro_unidad,pro_capacidad,pro_consumo_bodega,pro_consumo_sv,pro_estado,pro_funcion_plu,pro_flejes,pro_iva,pro_plu_asociado,pro_envase,pro_duracion,pro_numero_etiqueta) VALUES (78017242,@@@7802920005157@@@,@@@0@@@,@@@COLUN LIGHT FRUTOS PIÑA COCO@@@,@@@COLUN LIGHT FRUT@@@,@@@5 @@@,@@@3 @@@,@@@0@@@,@@@3 @@@,@@@50@@@,@@@1004@@@,@@@0@@@,@@@0@@@,@@@240@@@,@@@0@@@,@@@@@@,@@@2013.05.28@@@,@@@2013.05.28@@@,@@@0@@@,@@@0@@@,@@@0@@@,@@@0@@@,@@@0@@@,@@@0@@@,@@@0@@@,@@@0@@@,@@@0@@@,@@@0@@@,@@@0@@@,@@@1@@@,@@@0@@@,0,125,0,0,2,0,1,1,0,@@@NO@@@,0,0)','',2,'2013-05-28'),(18431,'DELETE FROM mae_impuestos_productos WHERE pro_codigo_plu=@@@78017242@@@','',2,'2013-05-28'),(18432,'UPDATE mae_productos SET pro_margen_actual=0,pro_precio_venta=240 WHERE pro_codigo_plu=78017242','',2,'2013-05-28'),(18433,'UPDATE mae_productos SET pro_precio_fiscal=pro_precio_venta WHERE pro_codigo_plu=78017242','',2,'2013-05-28'),(18434,'INSERT INTO mae_productos (pro_codigo_plu,pro_codigo_barra,pro_tipo,pro_nombre_producto,pro_nombre_corto,med_id,emb_id,pro_unidades_embalaje,dep_id,lin_id,mar_id,pro_precio_compra_neto,pro_precio_compra_bruto,pro_precio_venta,pro_margen_actual,pro_oferta,pro_fecha_inicio_oferta,pro_fecha_termino_oferta,pro_precio_oferta,pro_stock_minimo,pro_stock_critico,pro_entradas_bodega,pro_salidas_bodega,pro_mermas_bodega,pro_ajustes_bodega,pro_entradas_sv,pro_salidas_sv,pro_mermas_sv,pro_ajustes_sv,pro_activo,rec_numero,pro_unidad,pro_capacidad,pro_consumo_bodega,pro_consumo_sv,pro_estado,pro_funcion_plu,pro_flejes,pro_iva,pro_plu_asociado,pro_envase,pro_duracion,pro_numero_etiqueta) VALUES (770039,@@@770039@@@,@@@0@@@,@@@CIERRE PLASTICO YEANS@@@,@@@CIERRE PLASTICO @@@,@@@1 @@@,@@@3 @@@,@@@0@@@,@@@36 @@@,@@@202@@@,@@@2507@@@,@@@0@@@,@@@0@@@,@@@200@@@,@@@0@@@,@@@@@@,@@@2013.05.28@@@,@@@2013.05.28@@@,@@@0@@@,@@@0@@@,@@@0@@@,@@@0@@@,@@@0@@@,@@@0@@@,@@@0@@@,@@@0@@@,@@@0@@@,@@@0@@@,@@@0@@@,@@@1@@@,@@@0@@@,0,1,0,0,2,0,1,1,0,@@@NO@@@,0,0)','',2,'2013-05-28'),(18435,'DELETE FROM mae_impuestos_productos WHERE pro_codigo_plu=@@@770039@@@','',2,'2013-05-28'),(18436,'UPDATE mae_productos SET pro_margen_actual=0,pro_precio_venta=200 WHERE pro_codigo_plu=770039','',2,'2013-05-28'),(18437,'UPDATE mae_productos SET pro_margen_actual=0,pro_precio_venta=970 WHERE pro_codigo_plu=16073','',2,'2013-05-28'),(18438,'UPDATE mae_productos SET pro_precio_fiscal=pro_precio_venta WHERE pro_codigo_plu=770039','',2,'2013-05-28'),(18439,'UPDATE mae_productos SET pro_precio_fiscal=pro_precio_venta WHERE pro_codigo_plu=16073','',2,'2013-05-28'),(18440,'INSERT INTO mae_productos (pro_codigo_plu,pro_codigo_barra,pro_tipo,pro_nombre_producto,pro_nombre_corto,med_id,emb_id,pro_unidades_embalaje,dep_id,lin_id,mar_id,pro_precio_compra_neto,pro_precio_compra_bruto,pro_precio_venta,pro_margen_actual,pro_oferta,pro_fecha_inicio_oferta,pro_fecha_termino_oferta,pro_precio_oferta,pro_stock_minimo,pro_stock_critico,pro_entradas_bodega,pro_salidas_bodega,pro_mermas_bodega,pro_ajustes_bodega,pro_entradas_sv,pro_salidas_sv,pro_mermas_sv,pro_ajustes_sv,pro_activo,rec_numero,pro_unidad,pro_capacidad,pro_consumo_bodega,pro_consumo_sv,pro_estado,pro_funcion_plu,pro_flejes,pro_iva,pro_plu_asociado,pro_envase,pro_duracion,pro_numero_etiqueta) VALUES (78017243,@@@7751851016971@@@,@@@0@@@,@@@SAPOLIO BRISAS MARINA@@@,@@@SAPOLIO BRISAS M@@@,@@@7 @@@,@@@3 @@@,@@@0@@@,@@@21 @@@,@@@125@@@,@@@1442@@@,@@@0@@@,@@@0@@@,@@@1050@@@,@@@0@@@,@@@@@@,@@@2013.05.28@@@,@@@2013.05.28@@@,@@@0@@@,@@@0@@@,@@@0@@@,@@@0@@@,@@@0@@@,@@@0@@@,@@@0@@@,@@@0@@@,@@@0@@@,@@@0@@@,@@@0@@@,@@@1@@@,@@@0@@@,0,414,0,0,2,0,1,1,0,@@@NO@@@,0,0)','',2,'2013-05-28'),(18441,'DELETE FROM mae_impuestos_productos WHERE pro_codigo_plu=@@@78017243@@@','',2,'2013-05-28'),(18442,'UPDATE mae_productos SET pro_codigo_barra=@@@7751851019156@@@,pro_tipo=@@@0@@@,pro_nombre_producto=@@@SAPOLIO AMBIENTADOR LAVANDA 396@@@,pro_nombre_corto=@@@SAPOLIO AMBIENTA@@@,med_id=@@@7@@@,emb_id=@@@3@@@,pro_unidades_embalaje=@@@0@@@,dep_id=@@@21 @@@,lin_id=@@@125@@@,mar_id=@@@1442@@@,pro_precio_compra_neto=@@@0@@@,pro_precio_compra_bruto=@@@0@@@,pro_precio_venta=@@@1050@@@,pro_margen_actual=@@@0@@@,pro_oferta=@@@@@@,pro_fecha_inicio_oferta=@@@2013.05.28@@@,pro_fecha_termino_oferta=@@@2013.05.28@@@,pro_precio_oferta=@@@0@@@,pro_stock_minimo=@@@0@@@,pro_stock_critico=@@@0@@@,pro_activo=@@@1@@@,pro_unidad=@@@0@@@,pro_precio_compra_bruto=0,pro_margen_actual=0,pro_capacidad=396,pro_funcion_plu=0,pro_flejes=1,pro_iva=1,pro_plu_asociado=0,pro_envase=@@@NO@@@,pro_duracion=0,pro_numero_etiqueta=0 WHERE pro_codigo_plu=@@@78017244@@@','',2,'2013-05-28'),(18443,'UPDATE mae_productos SET pro_estado=1 WHERE pro_codigo_plu=78017244','',2,'2013-05-28'),(18444,'DELETE FROM mae_impuestos_productos WHERE pro_codigo_plu=@@@78017244@@@','',2,'2013-05-28'),(18445,'UPDATE mae_productos SET pro_margen_actual=0,pro_precio_venta=1050 WHERE pro_codigo_plu=78017243','',2,'2013-05-28'),(18446,'UPDATE mae_productos SET pro_margen_actual=0,pro_precio_venta=699 WHERE pro_codigo_plu=15977','',2,'2013-05-28'),(18447,'UPDATE mae_productos SET pro_margen_actual=0,pro_precio_venta=2220 WHERE pro_codigo_plu=17703','',2,'2013-05-28'),(18448,'UPDATE mae_productos SET pro_margen_actual=0,pro_precio_venta=2410 WHERE pro_codigo_plu=17732','',2,'2013-05-28'),(18449,'UPDATE mae_productos SET pro_margen_actual=0,pro_precio_venta=1890 WHERE pro_codigo_plu=17694','',2,'2013-05-28'),(18450,'UPDATE mae_productos SET pro_margen_actual=0,pro_precio_venta=499 WHERE pro_codigo_plu=15581','',2,'2013-05-28'),(18451,'UPDATE mae_productos SET pro_margen_actual=0,pro_precio_venta=780 WHERE pro_codigo_plu=10310','',2,'2013-05-28'),(18452,'UPDATE mae_productos SET pro_margen_actual=0,pro_precio_venta=780 WHERE pro_codigo_plu=10296','',2,'2013-05-28'),(18453,'UPDATE mae_productos SET pro_margen_actual=0,pro_precio_venta=499 WHERE pro_codigo_plu=15584','',2,'2013-05-28'),(18454,'UPDATE mae_productos SET pro_margen_actual=0,pro_precio_venta=660 WHERE pro_codigo_plu=11832','',2,'2013-05-28'),(18455,'UPDATE mae_productos SET pro_margen_actual=0,pro_precio_venta=1100 WHERE pro_codigo_plu=11111','',2,'2013-05-28'),(18456,'UPDATE mae_productos SET pro_margen_actual=0,pro_precio_venta=570 WHERE pro_codigo_plu=11851','',2,'2013-05-28'),(18457,'UPDATE mae_productos SET pro_margen_actual=0,pro_precio_venta=3990 WHERE pro_codigo_plu=763387','',2,'2013-05-28'),(18458,'UPDATE mae_productos SET pro_precio_fiscal=pro_precio_venta WHERE pro_codigo_plu=78017243','',2,'2013-05-28'),(18459,'UPDATE mae_productos SET pro_precio_fiscal=pro_precio_venta WHERE pro_codigo_plu=11111','',2,'2013-05-28'),(18460,'UPDATE mae_productos SET pro_precio_fiscal=pro_precio_venta WHERE pro_codigo_plu=17732','',2,'2013-05-28'),(18461,'UPDATE mae_productos SET pro_precio_fiscal=pro_precio_venta WHERE pro_codigo_plu=11851','',2,'2013-05-28'),(18462,'UPDATE mae_productos SET pro_precio_fiscal=pro_precio_venta WHERE pro_codigo_plu=11832','',2,'2013-05-28'),(18463,'UPDATE mae_productos SET pro_precio_fiscal=pro_precio_venta WHERE pro_codigo_plu=15977','',2,'2013-05-28'),(18464,'UPDATE mae_productos SET pro_precio_fiscal=pro_precio_venta WHERE pro_codigo_plu=17703','',2,'2013-05-28'),(18465,'UPDATE mae_productos SET pro_precio_fiscal=pro_precio_venta WHERE pro_codigo_plu=15581','',2,'2013-05-28'),(18466,'UPDATE mae_productos SET pro_precio_fiscal=pro_precio_venta WHERE pro_codigo_plu=15584','',2,'2013-05-28'),(18467,'UPDATE mae_productos SET pro_margen_actual=0,pro_precio_venta=400 WHERE pro_codigo_plu=762721','',2,'2013-05-28'),(18468,'UPDATE mae_productos SET pro_precio_fiscal=pro_precio_venta WHERE pro_codigo_plu=762721','',2,'2013-05-28'),(18469,'UPDATE mae_productos SET pro_margen_actual=0,pro_precio_venta=680 WHERE pro_codigo_plu=12373','',2,'2013-05-28'),(18470,'UPDATE mae_productos SET pro_margen_actual=0,pro_precio_venta=1200 WHERE pro_codigo_plu=102270','',2,'2013-05-28'),(18471,'UPDATE mae_productos SET pro_margen_actual=0,pro_precio_venta=120 WHERE pro_codigo_plu=762873','',2,'2013-05-28'),(18472,'UPDATE mae_productos SET pro_margen_actual=0,pro_precio_venta=120 WHERE pro_codigo_plu=764874','',2,'2013-05-28'),(18473,'UPDATE mae_productos SET pro_margen_actual=0,pro_precio_venta=120 WHERE pro_codigo_plu=762885','',2,'2013-05-28'),(18474,'UPDATE mae_productos SET pro_margen_actual=0,pro_precio_venta=120 WHERE pro_codigo_plu=763423','',2,'2013-05-28'),(18475,'UPDATE mae_productos SET pro_margen_actual=0,pro_precio_venta=120 WHERE pro_codigo_plu=762876','',2,'2013-05-28'),(18476,'UPDATE mae_productos SET pro_margen_actual=0,pro_precio_venta=120 WHERE pro_codigo_plu=100823','',2,'2013-05-28'),(18477,'UPDATE mae_productos SET pro_margen_actual=0,pro_precio_venta=100 WHERE pro_codigo_plu=761804','',2,'2013-05-28'),(18478,'UPDATE mae_productos SET pro_margen_actual=0,pro_precio_venta=100 WHERE pro_codigo_plu=764875','',2,'2013-05-28'),(18479,'UPDATE mae_productos SET pro_margen_actual=0,pro_precio_venta=1150 WHERE pro_codigo_plu=761806','',2,'2013-05-28'),(18480,'UPDATE mae_productos SET pro_margen_actual=0,pro_precio_venta=1150 WHERE pro_codigo_plu=761449','',2,'2013-05-28'),(18481,'UPDATE mae_productos SET pro_precio_fiscal=pro_precio_venta WHERE pro_codigo_plu=761449','',2,'2013-05-28'),(18482,'UPDATE mae_productos SET pro_precio_fiscal=pro_precio_venta WHERE pro_codigo_plu=761806','',2,'2013-05-28'),(18483,'UPDATE mae_productos SET pro_precio_fiscal=pro_precio_venta WHERE pro_codigo_plu=100823','',2,'2013-05-28'),(18484,'INSERT INTO mae_productos (pro_codigo_plu,pro_codigo_barra,pro_tipo,pro_nombre_producto,pro_nombre_corto,med_id,emb_id,pro_unidades_embalaje,dep_id,lin_id,mar_id,pro_precio_compra_neto,pro_precio_compra_bruto,pro_precio_venta,pro_margen_actual,pro_oferta,pro_fecha_inicio_oferta,pro_fecha_termino_oferta,pro_precio_oferta,pro_stock_minimo,pro_stock_critico,pro_entradas_bodega,pro_salidas_bodega,pro_mermas_bodega,pro_ajustes_bodega,pro_entradas_sv,pro_salidas_sv,pro_mermas_sv,pro_ajustes_sv,pro_activo,rec_numero,pro_unidad,pro_capacidad,pro_consumo_bodega,pro_consumo_sv,pro_estado,pro_funcion_plu,pro_flejes,pro_iva,pro_plu_asociado,pro_envase,pro_duracion,pro_numero_etiqueta) VALUES (78017244,@@@7702174068109@@@,@@@0@@@,@@@CHUPETE INTENSO PIN PON SABOR + CHICLE CON CHISPAS ACIDAS@@@,@@@CHUPETE INTENSO @@@,@@@1 @@@,@@@3 @@@,@@@0@@@,@@@32 @@@,@@@163@@@,@@@917@@@,@@@0@@@,@@@0@@@,@@@1150@@@,@@@0@@@,@@@@@@,@@@2013.05.28@@@,@@@2013.05.28@@@,@@@0@@@,@@@0@@@,@@@0@@@,@@@0@@@,@@@0@@@,@@@0@@@,@@@0@@@,@@@0@@@,@@@0@@@,@@@0@@@,@@@0@@@,@@@1@@@,@@@0@@@,0,24,0,0,2,0,1,1,0,@@@NO@@@,0,0)','',2,'2013-05-28'),(18485,'DELETE FROM mae_impuestos_productos WHERE pro_codigo_plu=@@@78017244@@@','',2,'2013-05-28'),(18486,'INSERT INTO mae_productos (pro_codigo_plu,pro_codigo_barra,pro_tipo,pro_nombre_producto,pro_nombre_corto,med_id,emb_id,pro_unidades_embalaje,dep_id,lin_id,mar_id,pro_precio_compra_neto,pro_precio_compra_bruto,pro_precio_venta,pro_margen_actual,pro_oferta,pro_fecha_inicio_oferta,pro_fecha_termino_oferta,pro_precio_oferta,pro_stock_minimo,pro_stock_critico,pro_entradas_bodega,pro_salidas_bodega,pro_mermas_bodega,pro_ajustes_bodega,pro_entradas_sv,pro_salidas_sv,pro_mermas_sv,pro_ajustes_sv,pro_activo,rec_numero,pro_unidad,pro_capacidad,pro_consumo_bodega,pro_consumo_sv,pro_estado,pro_funcion_plu,pro_flejes,pro_iva,pro_plu_asociado,pro_envase,pro_duracion,pro_numero_etiqueta) VALUES (770217406,@@@7702174069281@@@,@@@0@@@,@@@PIN POG 480G CEREZA@@@,@@@PIN POG 480G CER@@@,@@@5 @@@,@@@3 @@@,@@@0@@@,@@@32 @@@,@@@163@@@,@@@1279@@@,@@@0@@@,@@@0@@@,@@@1150@@@,@@@0@@@,@@@@@@,@@@2013.05.28@@@,@@@2013.05.28@@@,@@@0@@@,@@@0@@@,@@@0@@@,@@@0@@@,@@@0@@@,@@@0@@@,@@@0@@@,@@@0@@@,@@@0@@@,@@@0@@@,@@@0@@@,@@@1@@@,@@@0@@@,0,480,0,0,2,0,1,1,0,@@@NO@@@,0,0)','',2,'2013-05-28'),(18487,'DELETE FROM mae_impuestos_productos WHERE pro_codigo_plu=@@@770217406@@@','',2,'2013-05-28'),(18488,'INSERT INTO mae_productos (pro_codigo_plu,pro_codigo_barra,pro_tipo,pro_nombre_producto,pro_nombre_corto,med_id,emb_id,pro_unidades_embalaje,dep_id,lin_id,mar_id,pro_precio_compra_neto,pro_precio_compra_bruto,pro_precio_venta,pro_margen_actual,pro_oferta,pro_fecha_inicio_oferta,pro_fecha_termino_oferta,pro_precio_oferta,pro_stock_minimo,pro_stock_critico,pro_entradas_bodega,pro_salidas_bodega,pro_mermas_bodega,pro_ajustes_bodega,pro_entradas_sv,pro_salidas_sv,pro_mermas_sv,pro_ajustes_sv,pro_activo,rec_numero,pro_unidad,pro_capacidad,pro_consumo_bodega,pro_consumo_sv,pro_estado,pro_funcion_plu,pro_flejes,pro_iva,pro_plu_asociado,pro_envase,pro_duracion,pro_numero_etiqueta) VALUES (770217407,@@@7802200110939@@@,@@@0@@@,@@@FULL 27G@@@,@@@FULL 27G@@@,@@@5 @@@,@@@3 @@@,@@@0@@@,@@@32 @@@,@@@163@@@,@@@1279@@@,@@@0@@@,@@@0@@@,@@@100@@@,@@@0@@@,@@@@@@,@@@2013.05.28@@@,@@@2013.05.28@@@,@@@0@@@,@@@0@@@,@@@0@@@,@@@0@@@,@@@0@@@,@@@0@@@,@@@0@@@,@@@0@@@,@@@0@@@,@@@0@@@,@@@0@@@,@@@1@@@,@@@0@@@,0,27,0,0,2,0,1,1,0,@@@NO@@@,0,0)','',2,'2013-05-28'),(18489,'DELETE FROM mae_impuestos_productos WHERE pro_codigo_plu=@@@770217407@@@','',2,'2013-05-28'),(18490,'UPDATE mae_productos SET pro_margen_actual=0,pro_precio_venta=1150 WHERE pro_codigo_plu=78017244','',2,'2013-05-28'),(18491,'UPDATE mae_productos SET pro_margen_actual=0,pro_precio_venta=100 WHERE pro_codigo_plu=770217407','',2,'2013-05-28'),(18492,'UPDATE mae_productos SET pro_margen_actual=0,pro_precio_venta=1150 WHERE pro_codigo_plu=770217406','',2,'2013-05-28'),(18493,'UPDATE mae_productos SET pro_precio_fiscal=pro_precio_venta WHERE pro_codigo_plu=78017244','',2,'2013-05-28'),(18494,'UPDATE mae_productos SET pro_precio_fiscal=pro_precio_venta WHERE pro_codigo_plu=770217406','',2,'2013-05-28'),(18495,'UPDATE mae_productos SET pro_precio_fiscal=pro_precio_venta WHERE pro_codigo_plu=770217407','',2,'2013-05-28'),(18496,'UPDATE mae_productos SET pro_margen_actual=0,pro_precio_venta=120 WHERE pro_codigo_plu=770217407','',2,'2013-05-28'),(18497,'UPDATE mae_productos SET pro_margen_actual=0,pro_precio_venta=900 WHERE pro_codigo_plu=18031','',2,'2013-05-28'),(18498,'UPDATE mae_productos SET pro_precio_fiscal=pro_precio_venta WHERE pro_codigo_plu=18031','',2,'2013-05-28'),(18499,'UPDATE mae_productos SET pro_precio_fiscal=pro_precio_venta WHERE pro_codigo_plu=770217407','',2,'2013-05-28'),(18500,'UPDATE mae_productos SET pro_margen_actual=0,pro_precio_venta=949 WHERE pro_codigo_plu=580','',2,'2013-05-28'),(18501,'UPDATE mae_productos SET pro_precio_fiscal=pro_precio_venta WHERE pro_codigo_plu=580','',2,'2013-05-28'),(18502,'UPDATE mae_productos SET pro_margen_actual=0,pro_precio_venta=2220 WHERE pro_codigo_plu=763522','',2,'2013-05-28'),(18503,'UPDATE mae_productos SET pro_margen_actual=0,pro_precio_venta=2220 WHERE pro_codigo_plu=10445','',2,'2013-05-28'),(18504,'UPDATE mae_productos SET pro_margen_actual=0,pro_precio_venta=120 WHERE pro_codigo_plu=100327','',2,'2013-05-28'),(18505,'UPDATE mae_productos SET pro_margen_actual=0,pro_precio_venta=120 WHERE pro_codigo_plu=770217407','',2,'2013-05-28'),(18506,'UPDATE mae_productos SET pro_margen_actual=0,pro_precio_venta=120 WHERE pro_codigo_plu=764875','',2,'2013-05-28'),(18507,'UPDATE mae_productos SET pro_margen_actual=0,pro_precio_venta=120 WHERE pro_codigo_plu=761804','',2,'2013-05-28'),(18508,'UPDATE mae_productos SET pro_margen_actual=0,pro_precio_venta=120 WHERE pro_codigo_plu=12869','',2,'2013-05-28'),(18509,'UPDATE mae_productos SET pro_margen_actual=0,pro_precio_venta=350 WHERE pro_codigo_plu=12297','',2,'2013-05-28'),(18510,'UPDATE mae_productos SET pro_precio_fiscal=pro_precio_venta WHERE pro_codigo_plu=761804','',2,'2013-05-28'),(18511,'UPDATE mae_productos SET pro_precio_fiscal=pro_precio_venta WHERE pro_codigo_plu=764875','',2,'2013-05-28'),(18512,'UPDATE mae_productos SET pro_precio_fiscal=pro_precio_venta WHERE pro_codigo_plu=12869','',2,'2013-05-28'),(18513,'UPDATE mae_productos SET pro_precio_fiscal=pro_precio_venta WHERE pro_codigo_plu=100327','',2,'2013-05-28'),(18514,'UPDATE mae_productos SET pro_precio_fiscal=pro_precio_venta WHERE pro_codigo_plu=12297','',2,'2013-05-28'),(18515,'UPDATE mae_productos SET pro_precio_fiscal=pro_precio_venta WHERE pro_codigo_plu=763522','',2,'2013-05-28'),(18516,'UPDATE mae_productos SET pro_precio_fiscal=pro_precio_venta WHERE pro_codigo_plu=10445','',2,'2013-05-28'),(18517,'INSERT INTO mae_productos (pro_codigo_plu,pro_codigo_barra,pro_tipo,pro_nombre_producto,pro_nombre_corto,med_id,emb_id,pro_unidades_embalaje,dep_id,lin_id,mar_id,pro_precio_compra_neto,pro_precio_compra_bruto,pro_precio_venta,pro_margen_actual,pro_oferta,pro_fecha_inicio_oferta,pro_fecha_termino_oferta,pro_precio_oferta,pro_stock_minimo,pro_stock_critico,pro_entradas_bodega,pro_salidas_bodega,pro_mermas_bodega,pro_ajustes_bodega,pro_entradas_sv,pro_salidas_sv,pro_mermas_sv,pro_ajustes_sv,pro_activo,rec_numero,pro_unidad,pro_capacidad,pro_consumo_bodega,pro_consumo_sv,pro_estado,pro_funcion_plu,pro_flejes,pro_iva,pro_plu_asociado,pro_envase,pro_duracion,pro_numero_etiqueta) VALUES (770217408,@@@7802215303524@@@,@@@0@@@,@@@GRAN CEREAL AVENA BERRIES 185G@@@,@@@GRAN CEREAL AVEN@@@,@@@5 @@@,@@@3 @@@,@@@0@@@,@@@32 @@@,@@@18@@@,@@@1694@@@,@@@0@@@,@@@0@@@,@@@710@@@,@@@0@@@,@@@@@@,@@@2013.05.28@@@,@@@2013.05.28@@@,@@@0@@@,@@@0@@@,@@@0@@@,@@@0@@@,@@@0@@@,@@@0@@@,@@@0@@@,@@@0@@@,@@@0@@@,@@@0@@@,@@@0@@@,@@@1@@@,@@@0@@@,0,0,0,0,2,0,1,1,0,@@@NO@@@,0,0)','',2,'2013-05-28'),(18518,'DELETE FROM mae_impuestos_productos WHERE pro_codigo_plu=@@@770217408@@@','',2,'2013-05-28'),(18519,'UPDATE mae_productos SET pro_margen_actual=0,pro_precio_venta=710 WHERE pro_codigo_plu=770217408','',2,'2013-05-28'),(18520,'UPDATE mae_productos SET pro_margen_actual=0,pro_precio_venta=450 WHERE pro_codigo_plu=572','',2,'2013-05-28'),(18521,'UPDATE mae_productos SET pro_margen_actual=0,pro_precio_venta=690 WHERE pro_codigo_plu=611','',2,'2013-05-28'),(18522,'UPDATE mae_productos SET pro_margen_actual=0,pro_precio_venta=390 WHERE pro_codigo_plu=599','',2,'2013-05-28'),(18523,'UPDATE mae_productos SET pro_precio_fiscal=pro_precio_venta WHERE pro_codigo_plu=572','',2,'2013-05-28'),(18524,'UPDATE mae_productos SET pro_precio_fiscal=pro_precio_venta WHERE pro_codigo_plu=599','',2,'2013-05-28'),(18525,'UPDATE mae_productos SET pro_precio_fiscal=pro_precio_venta WHERE pro_codigo_plu=611','',2,'2013-05-28'),(18526,'UPDATE mae_productos SET pro_precio_fiscal=pro_precio_venta WHERE pro_codigo_plu=770217408','',2,'2013-05-28'),(18527,'UPDATE mae_productos SET pro_margen_actual=0,pro_precio_venta=710 WHERE pro_codigo_plu=770217408','',2,'2013-05-28'),(18528,'UPDATE mae_productos SET pro_margen_actual=0,pro_precio_venta=530 WHERE pro_codigo_plu=12304','',2,'2013-05-28'),(18529,'UPDATE mae_productos SET pro_margen_actual=0,pro_precio_venta=530 WHERE pro_codigo_plu=12323','',2,'2013-05-28'),(18530,'UPDATE mae_productos SET pro_margen_actual=0,pro_precio_venta=530 WHERE pro_codigo_plu=12300','',2,'2013-05-28'),(18531,'UPDATE mae_productos SET pro_margen_actual=0,pro_precio_venta=530 WHERE pro_codigo_plu=762004','',2,'2013-05-28'),(18532,'UPDATE mae_productos SET pro_margen_actual=0,pro_precio_venta=530 WHERE pro_codigo_plu=12301','',2,'2013-05-28'),(18533,'UPDATE mae_productos SET pro_margen_actual=0,pro_precio_venta=530 WHERE pro_codigo_plu=12299','',2,'2013-05-28'),(18534,'UPDATE mae_productos SET pro_margen_actual=0,pro_precio_venta=599 WHERE pro_codigo_plu=11935','',2,'2013-05-28'),(18535,'UPDATE mae_productos SET pro_margen_actual=0,pro_precio_venta=599 WHERE pro_codigo_plu=12259','',2,'2013-05-28'),(18536,'UPDATE mae_productos SET pro_margen_actual=0,pro_precio_venta=830 WHERE pro_codigo_plu=763269','',2,'2013-05-28'),(18537,'UPDATE mae_productos SET pro_margen_actual=0,pro_precio_venta=430 WHERE pro_codigo_plu=12249','',2,'2013-05-28'),(18538,'UPDATE mae_productos SET pro_margen_actual=0,pro_precio_venta=330 WHERE pro_codigo_plu=11969','',2,'2013-05-28'),(18539,'UPDATE mae_productos SET pro_margen_actual=0,pro_precio_venta=120 WHERE pro_codigo_plu=18796','',2,'2013-05-28'),(18540,'UPDATE mae_productos SET pro_precio_fiscal=pro_precio_venta WHERE pro_codigo_plu=18796','',2,'2013-05-28'),(18541,'UPDATE mae_productos SET pro_precio_fiscal=pro_precio_venta WHERE pro_codigo_plu=12259','',2,'2013-05-28'),(18542,'UPDATE mae_productos SET pro_precio_fiscal=pro_precio_venta WHERE pro_codigo_plu=763269','',2,'2013-05-28'),(18543,'UPDATE mae_productos SET pro_precio_fiscal=pro_precio_venta WHERE pro_codigo_plu=12301','',2,'2013-05-28'),(18544,'UPDATE mae_productos SET pro_precio_fiscal=pro_precio_venta WHERE pro_codigo_plu=12323','',2,'2013-05-28'),(18545,'UPDATE mae_productos SET pro_precio_fiscal=pro_precio_venta WHERE pro_codigo_plu=12299','',2,'2013-05-28'),(18546,'UPDATE mae_productos SET pro_margen_actual=0,pro_precio_venta=590 WHERE pro_codigo_plu=11045','',2,'2013-05-28'),(18547,'UPDATE mae_productos SET pro_margen_actual=0,pro_precio_venta=590 WHERE pro_codigo_plu=11040','',2,'2013-05-28'),(18548,'UPDATE mae_productos SET pro_margen_actual=0,pro_precio_venta=510 WHERE pro_codigo_plu=763285','',2,'2013-05-28'),(18549,'UPDATE mae_productos SET pro_margen_actual=0,pro_precio_venta=450 WHERE pro_codigo_plu=9130','',2,'2013-05-28'),(18550,'UPDATE mae_productos SET pro_margen_actual=0,pro_precio_venta=650 WHERE pro_codigo_plu=763426','',2,'2013-05-28'),(18551,'UPDATE mae_productos SET pro_margen_actual=0,pro_precio_venta=130 WHERE pro_codigo_plu=761492','',2,'2013-05-28'),(18552,'UPDATE mae_productos SET pro_margen_actual=0,pro_precio_venta=60 WHERE pro_codigo_plu=4072','',2,'2013-05-28'),(18553,'UPDATE mae_productos SET pro_precio_fiscal=pro_precio_venta WHERE pro_codigo_plu=4072','',2,'2013-05-28'),(18554,'UPDATE mae_productos SET pro_precio_fiscal=pro_precio_venta WHERE pro_codigo_plu=763285','',2,'2013-05-28'),(18555,'UPDATE mae_productos SET pro_precio_fiscal=pro_precio_venta WHERE pro_codigo_plu=761492','',2,'2013-05-28'),(18556,'UPDATE mae_productos SET pro_precio_fiscal=pro_precio_venta WHERE pro_codigo_plu=11040','',2,'2013-05-28'),(18557,'UPDATE mae_productos SET pro_precio_fiscal=pro_precio_venta WHERE pro_codigo_plu=11045','',2,'2013-05-28'),(18558,'INSERT INTO mae_productos (pro_codigo_plu,pro_codigo_barra,pro_tipo,pro_nombre_producto,pro_nombre_corto,med_id,emb_id,pro_unidades_embalaje,dep_id,lin_id,mar_id,pro_precio_compra_neto,pro_precio_compra_bruto,pro_precio_venta,pro_margen_actual,pro_oferta,pro_fecha_inicio_oferta,pro_fecha_termino_oferta,pro_precio_oferta,pro_stock_minimo,pro_stock_critico,pro_entradas_bodega,pro_salidas_bodega,pro_mermas_bodega,pro_ajustes_bodega,pro_entradas_sv,pro_salidas_sv,pro_mermas_sv,pro_ajustes_sv,pro_activo,rec_numero,pro_unidad,pro_capacidad,pro_consumo_bodega,pro_consumo_sv,pro_estado,pro_funcion_plu,pro_flejes,pro_iva,pro_plu_asociado,pro_envase,pro_duracion,pro_numero_etiqueta) VALUES (770217409,@@@7802200894143@@@,@@@0@@@,@@@ORLY FRUTILLA 115G@@@,@@@ORLY@@@,@@@5 @@@,@@@3 @@@,@@@0@@@,@@@32 @@@,@@@161@@@,@@@1279@@@,@@@0@@@,@@@0@@@,@@@650@@@,@@@0@@@,@@@@@@,@@@2013.05.28@@@,@@@2013.05.28@@@,@@@0@@@,@@@0@@@,@@@0@@@,@@@0@@@,@@@0@@@,@@@0@@@,@@@0@@@,@@@0@@@,@@@0@@@,@@@0@@@,@@@0@@@,@@@1@@@,@@@0@@@,0,115,0,0,2,0,1,1,0,@@@NO@@@,0,0)','',2,'2013-05-28'),(18559,'DELETE FROM mae_impuestos_productos WHERE pro_codigo_plu=@@@770217409@@@','',2,'2013-05-28'),(18560,'INSERT INTO mae_productos (pro_codigo_plu,pro_codigo_barra,pro_tipo,pro_nombre_producto,pro_nombre_corto,med_id,emb_id,pro_unidades_embalaje,dep_id,lin_id,mar_id,pro_precio_compra_neto,pro_precio_compra_bruto,pro_precio_venta,pro_margen_actual,pro_oferta,pro_fecha_inicio_oferta,pro_fecha_termino_oferta,pro_precio_oferta,pro_stock_minimo,pro_stock_critico,pro_entradas_bodega,pro_salidas_bodega,pro_mermas_bodega,pro_ajustes_bodega,pro_entradas_sv,pro_salidas_sv,pro_mermas_sv,pro_ajustes_sv,pro_activo,rec_numero,pro_unidad,pro_capacidad,pro_consumo_bodega,pro_consumo_sv,pro_estado,pro_funcion_plu,pro_flejes,pro_iva,pro_plu_asociado,pro_envase,pro_duracion,pro_numero_etiqueta) VALUES (780220089,@@@7802200894167@@@,@@@0@@@,@@@ORLY ALMENDRA 100G@@@,@@@ORLY ALMENDRA 10@@@,@@@5 @@@,@@@3 @@@,@@@0@@@,@@@32 @@@,@@@161@@@,@@@1279@@@,@@@0@@@,@@@0@@@,@@@650@@@,@@@0@@@,@@@@@@,@@@2013.05.28@@@,@@@2013.05.28@@@,@@@0@@@,@@@0@@@,@@@0@@@,@@@0@@@,@@@0@@@,@@@0@@@,@@@0@@@,@@@0@@@,@@@0@@@,@@@0@@@,@@@0@@@,@@@1@@@,@@@0@@@,0,100,0,0,2,0,1,1,0,@@@NO@@@,0,0)','',2,'2013-05-28'),(18561,'DELETE FROM mae_impuestos_productos WHERE pro_codigo_plu=@@@780220089@@@','',2,'2013-05-28'),(18562,'INSERT INTO mae_productos (pro_codigo_plu,pro_codigo_barra,pro_tipo,pro_nombre_producto,pro_nombre_corto,med_id,emb_id,pro_unidades_embalaje,dep_id,lin_id,mar_id,pro_precio_compra_neto,pro_precio_compra_bruto,pro_precio_venta,pro_margen_actual,pro_oferta,pro_fecha_inicio_oferta,pro_fecha_termino_oferta,pro_precio_oferta,pro_stock_minimo,pro_stock_critico,pro_entradas_bodega,pro_salidas_bodega,pro_mermas_bodega,pro_ajustes_bodega,pro_entradas_sv,pro_salidas_sv,pro_mermas_sv,pro_ajustes_sv,pro_activo,rec_numero,pro_unidad,pro_capacidad,pro_consumo_bodega,pro_consumo_sv,pro_estado,pro_funcion_plu,pro_flejes,pro_iva,pro_plu_asociado,pro_envase,pro_duracion,pro_numero_etiqueta) VALUES (780220090,@@@7802215515552@@@,@@@0@@@,@@@GRETEL COCO 78G@@@,@@@GRETEL COCO 78G@@@,@@@5 @@@,@@@3 @@@,@@@0@@@,@@@32 @@@,@@@18@@@,@@@1279@@@,@@@0@@@,@@@0@@@,@@@530@@@,@@@0@@@,@@@@@@,@@@2013.05.28@@@,@@@2013.05.28@@@,@@@0@@@,@@@0@@@,@@@0@@@,@@@0@@@,@@@0@@@,@@@0@@@,@@@0@@@,@@@0@@@,@@@0@@@,@@@0@@@,@@@0@@@,@@@1@@@,@@@0@@@,0,78,0,0,2,0,1,1,0,@@@NO@@@,0,0)','',2,'2013-05-28'),(18563,'DELETE FROM mae_impuestos_productos WHERE pro_codigo_plu=@@@780220090@@@','',2,'2013-05-28'),(18564,'INSERT INTO mae_productos (pro_codigo_plu,pro_codigo_barra,pro_tipo,pro_nombre_producto,pro_nombre_corto,med_id,emb_id,pro_unidades_embalaje,dep_id,lin_id,mar_id,pro_precio_compra_neto,pro_precio_compra_bruto,pro_precio_venta,pro_margen_actual,pro_oferta,pro_fecha_inicio_oferta,pro_fecha_termino_oferta,pro_precio_oferta,pro_stock_minimo,pro_stock_critico,pro_entradas_bodega,pro_salidas_bodega,pro_mermas_bodega,pro_ajustes_bodega,pro_entradas_sv,pro_salidas_sv,pro_mermas_sv,pro_ajustes_sv,pro_activo,rec_numero,pro_unidad,pro_capacidad,pro_consumo_bodega,pro_consumo_sv,pro_estado,pro_funcion_plu,pro_flejes,pro_iva,pro_plu_asociado,pro_envase,pro_duracion,pro_numero_etiqueta) VALUES (780220091,@@@7802215502545@@@,@@@0@@@,@@@TUAREG MANGO PIÑA 120G@@@,@@@TUAREG MANGO PIÑ@@@,@@@5 @@@,@@@3 @@@,@@@0@@@,@@@32 @@@,@@@18@@@,@@@1279@@@,@@@0@@@,@@@0@@@,@@@350@@@,@@@0@@@,@@@@@@,@@@2013.05.28@@@,@@@2013.05.28@@@,@@@0@@@,@@@0@@@,@@@0@@@,@@@0@@@,@@@0@@@,@@@0@@@,@@@0@@@,@@@0@@@,@@@0@@@,@@@0@@@,@@@0@@@,@@@1@@@,@@@0@@@,0,120,0,0,2,0,1,1,0,@@@NO@@@,0,0)','',2,'2013-05-28'),(18565,'DELETE FROM mae_impuestos_productos WHERE pro_codigo_plu=@@@780220091@@@','',2,'2013-05-28'),(18566,'INSERT INTO mae_productos (pro_codigo_plu,pro_codigo_barra,pro_tipo,pro_nombre_producto,pro_nombre_corto,med_id,emb_id,pro_unidades_embalaje,dep_id,lin_id,mar_id,pro_precio_compra_neto,pro_precio_compra_bruto,pro_precio_venta,pro_margen_actual,pro_oferta,pro_fecha_inicio_oferta,pro_fecha_termino_oferta,pro_precio_oferta,pro_stock_minimo,pro_stock_critico,pro_entradas_bodega,pro_salidas_bodega,pro_mermas_bodega,pro_ajustes_bodega,pro_entradas_sv,pro_salidas_sv,pro_mermas_sv,pro_ajustes_sv,pro_activo,rec_numero,pro_unidad,pro_capacidad,pro_consumo_bodega,pro_consumo_sv,pro_estado,pro_funcion_plu,pro_flejes,pro_iva,pro_plu_asociado,pro_envase,pro_duracion,pro_numero_etiqueta) VALUES (780220092,@@@1780220005002@@@,@@@0@@@,@@@CEREZAS AL COÑAC X UNIDAD 53G@@@,@@@CEREZAS AL COÑAC@@@,@@@5 @@@,@@@3 @@@,@@@0@@@,@@@32 @@@,@@@161@@@,@@@1279@@@,@@@0@@@,@@@0@@@,@@@130@@@,@@@0@@@,@@@@@@,@@@2013.05.28@@@,@@@2013.05.28@@@,@@@0@@@,@@@0@@@,@@@0@@@,@@@0@@@,@@@0@@@,@@@0@@@,@@@0@@@,@@@0@@@,@@@0@@@,@@@0@@@,@@@0@@@,@@@1@@@,@@@0@@@,0,53,0,0,2,0,1,1,0,@@@NO@@@,0,0)','',2,'2013-05-28'),(18567,'DELETE FROM mae_impuestos_productos WHERE pro_codigo_plu=@@@780220092@@@','',2,'2013-05-28'),(18568,'UPDATE mae_productos SET pro_margen_actual=0,pro_precio_venta=130 WHERE pro_codigo_plu=780220092','',2,'2013-05-28'),(18569,'UPDATE mae_productos SET pro_margen_actual=0,pro_precio_venta=530 WHERE pro_codigo_plu=780220090','',2,'2013-05-28'),(18570,'UPDATE mae_productos SET pro_margen_actual=0,pro_precio_venta=650 WHERE pro_codigo_plu=780220089','',2,'2013-05-28'),(18571,'UPDATE mae_productos SET pro_margen_actual=0,pro_precio_venta=650 WHERE pro_codigo_plu=770217409','',2,'2013-05-28'),(18572,'UPDATE mae_productos SET pro_margen_actual=0,pro_precio_venta=350 WHERE pro_codigo_plu=780220091','',2,'2013-05-28'),(18573,'UPDATE mae_productos SET pro_precio_fiscal=pro_precio_venta WHERE pro_codigo_plu=780220092','',2,'2013-05-28'),(18574,'UPDATE mae_productos SET pro_precio_fiscal=pro_precio_venta WHERE pro_codigo_plu=770217409','',2,'2013-05-28'),(18575,'UPDATE mae_productos SET pro_precio_fiscal=pro_precio_venta WHERE pro_codigo_plu=780220089','',2,'2013-05-28'),(18576,'UPDATE mae_productos SET pro_precio_fiscal=pro_precio_venta WHERE pro_codigo_plu=780220091','',2,'2013-05-28'),(18577,'UPDATE mae_productos SET pro_precio_fiscal=pro_precio_venta WHERE pro_codigo_plu=780220090','',2,'2013-05-28'),(18578,'INSERT INTO gne_vale_ferreteria (vfe_id,vfe_fecha,vfe_total,vfe_estado,vfe_entregado,usu_nusuario) VALUES (811,@@@2013.05.28@@@,2690,1,0,@@@b_SAEZ@@@)','',2,'2013-05-28'),(18579,'INSERT INTO gne_vale_ferreteria_mov (vfe_id,pro_codigo_plu,vfm_cantidad,vfm_unitario,vfm_total,vfm_entregado) VALUES (811,764732,1,2690,2690,@@@NO@@@)','',2,'2013-05-28'),(18580,'UPDATE mae_productos SET pro_codigo_barra=@@@608@@@,pro_tipo=@@@0@@@,pro_nombre_producto=@@@LECHUGA MILANESA@@@,pro_nombre_corto=@@@LECHUGA MILANESA@@@,med_id=@@@1@@@,emb_id=@@@3@@@,pro_unidades_embalaje=@@@0@@@,dep_id=@@@18 @@@,lin_id=@@@98@@@,mar_id=@@@2507@@@,pro_precio_compra_neto=@@@0@@@,pro_precio_compra_bruto=@@@0@@@,pro_precio_venta=@@@390@@@,pro_margen_actual=@@@0@@@,pro_oferta=@@@NO@@@,pro_fecha_inicio_oferta=@@@2013.05.09@@@,pro_fecha_termino_oferta=@@@2013.05.09@@@,pro_precio_oferta=@@@0@@@,pro_stock_minimo=@@@0@@@,pro_stock_critico=@@@0@@@,pro_activo=@@@1@@@,pro_unidad=@@@0@@@,pro_precio_compra_bruto=0,pro_margen_actual=0,pro_capacidad=1,pro_funcion_plu=0,pro_flejes=1,pro_iva=1,pro_plu_asociado=0,pro_envase=@@@NO@@@,pro_duracion=0,pro_numero_etiqueta=0 WHERE pro_codigo_plu=@@@608@@@','',2,'2013-05-28'),(18581,'UPDATE mae_productos SET pro_estado=1 WHERE pro_codigo_plu=608','',2,'2013-05-28'),(18582,'DELETE FROM mae_impuestos_productos WHERE pro_codigo_plu=@@@608@@@','',2,'2013-05-28'),(18583,'UPDATE mae_productos SET pro_codigo_barra=@@@532@@@,pro_tipo=@@@0@@@,pro_nombre_producto=@@@LECHUGA ESCAROLA@@@,pro_nombre_corto=@@@LECHUGA ESCAROLA@@@,med_id=@@@1@@@,emb_id=@@@1@@@,pro_unidades_embalaje=@@@1@@@,dep_id=@@@1 @@@,lin_id=@@@1@@@,mar_id=@@@2507@@@,pro_precio_compra_neto=@@@0@@@,pro_precio_compra_bruto=@@@0@@@,pro_precio_venta=@@@499@@@,pro_margen_actual=@@@0@@@,pro_oferta=@@@NO@@@,pro_fecha_inicio_oferta=@@@1900.01.01@@@,pro_fecha_termino_oferta=@@@1900.01.01@@@,pro_precio_oferta=@@@0@@@,pro_stock_minimo=@@@1@@@,pro_stock_critico=@@@1@@@,pro_activo=@@@1@@@,pro_unidad=@@@0@@@,pro_precio_compra_bruto=0,pro_margen_actual=0,pro_capacidad=1,pro_funcion_plu=0,pro_flejes=0,pro_iva=1,pro_plu_asociado=0,pro_envase=@@@NO@@@,pro_duracion=0,pro_numero_etiqueta=0 WHERE pro_codigo_plu=@@@532@@@','',2,'2013-05-28'),(18584,'UPDATE mae_productos SET pro_estado=1 WHERE pro_codigo_plu=532','',2,'2013-05-28'),(18585,'DELETE FROM mae_impuestos_productos WHERE pro_codigo_plu=@@@532@@@','',2,'2013-05-28'),(18586,'INSERT INTO mae_productos (pro_codigo_plu,pro_codigo_barra,pro_tipo,pro_nombre_producto,pro_nombre_corto,med_id,emb_id,pro_unidades_embalaje,dep_id,lin_id,mar_id,pro_precio_compra_neto,pro_precio_compra_bruto,pro_precio_venta,pro_margen_actual,pro_oferta,pro_fecha_inicio_oferta,pro_fecha_termino_oferta,pro_precio_oferta,pro_stock_minimo,pro_stock_critico,pro_entradas_bodega,pro_salidas_bodega,pro_mermas_bodega,pro_ajustes_bodega,pro_entradas_sv,pro_salidas_sv,pro_mermas_sv,pro_ajustes_sv,pro_activo,rec_numero,pro_unidad,pro_capacidad,pro_consumo_bodega,pro_consumo_sv,pro_estado,pro_funcion_plu,pro_flejes,pro_iva,pro_plu_asociado,pro_envase,pro_duracion,pro_numero_etiqueta) VALUES (613,@@@613@@@,@@@0@@@,@@@POROTO FRUTILLA GRANEL@@@,@@@POROTO FRUTILLA @@@,@@@2 @@@,@@@3 @@@,@@@0@@@,@@@1 @@@,@@@11@@@,@@@2507@@@,@@@0@@@,@@@0@@@,@@@1890@@@,@@@0@@@,@@@@@@,@@@2013.05.28@@@,@@@2013.05.28@@@,@@@0@@@,@@@0@@@,@@@0@@@,@@@0@@@,@@@0@@@,@@@0@@@,@@@0@@@,@@@0@@@,@@@0@@@,@@@0@@@,@@@0@@@,@@@1@@@,@@@0@@@,0,1,0,0,2,0,1,1,0,@@@NO@@@,0,0)','',2,'2013-05-28'),(18587,'DELETE FROM mae_impuestos_productos WHERE pro_codigo_plu=@@@613@@@','',2,'2013-05-28'),(18588,'INSERT INTO mae_productos (pro_codigo_plu,pro_codigo_barra,pro_tipo,pro_nombre_producto,pro_nombre_corto,med_id,emb_id,pro_unidades_embalaje,dep_id,lin_id,mar_id,pro_precio_compra_neto,pro_precio_compra_bruto,pro_precio_venta,pro_margen_actual,pro_oferta,pro_fecha_inicio_oferta,pro_fecha_termino_oferta,pro_precio_oferta,pro_stock_minimo,pro_stock_critico,pro_entradas_bodega,pro_salidas_bodega,pro_mermas_bodega,pro_ajustes_bodega,pro_entradas_sv,pro_salidas_sv,pro_mermas_sv,pro_ajustes_sv,pro_activo,rec_numero,pro_unidad,pro_capacidad,pro_consumo_bodega,pro_consumo_sv,pro_estado,pro_funcion_plu,pro_flejes,pro_iva,pro_plu_asociado,pro_envase,pro_duracion,pro_numero_etiqueta) VALUES (614,@@@614@@@,@@@0@@@,@@@POROTO ESPAÑOL GRANEL@@@,@@@POROTO ESPAÑOL@@@,@@@2 @@@,@@@3 @@@,@@@0@@@,@@@1 @@@,@@@11@@@,@@@2507@@@,@@@0@@@,@@@0@@@,@@@1990@@@,@@@0@@@,@@@@@@,@@@2013.05.28@@@,@@@2013.05.28@@@,@@@0@@@,@@@0@@@,@@@0@@@,@@@0@@@,@@@0@@@,@@@0@@@,@@@0@@@,@@@0@@@,@@@0@@@,@@@0@@@,@@@0@@@,@@@1@@@,@@@0@@@,0,1,0,0,2,0,1,1,0,@@@NO@@@,0,0)','',2,'2013-05-28'),(18589,'DELETE FROM mae_impuestos_productos WHERE pro_codigo_plu=@@@614@@@','',2,'2013-05-28'),(18590,'UPDATE mae_productos SET pro_margen_actual=0,pro_precio_venta=499 WHERE pro_codigo_plu=532','',2,'2013-05-28'),(18591,'UPDATE mae_productos SET pro_margen_actual=0,pro_precio_venta=390 WHERE pro_codigo_plu=608','',2,'2013-05-28'),(18592,'UPDATE mae_productos SET pro_margen_actual=0,pro_precio_venta=1890 WHERE pro_codigo_plu=613','',2,'2013-05-28'),(18593,'UPDATE mae_productos SET pro_margen_actual=0,pro_precio_venta=510 WHERE pro_codigo_plu=12061','',2,'2013-05-28'),(18594,'UPDATE mae_productos SET pro_margen_actual=0,pro_precio_venta=1590 WHERE pro_codigo_plu=13780','',2,'2013-05-28'),(18595,'UPDATE mae_productos SET pro_precio_fiscal=pro_precio_venta WHERE pro_codigo_plu=532','',2,'2013-05-28'),(18596,'UPDATE mae_productos SET pro_precio_fiscal=pro_precio_venta WHERE pro_codigo_plu=613','',2,'2013-05-28'),(18597,'UPDATE mae_productos SET pro_precio_fiscal=pro_precio_venta WHERE pro_codigo_plu=614','',2,'2013-05-28'),(18598,'UPDATE mae_productos SET pro_precio_fiscal=pro_precio_venta WHERE pro_codigo_plu=12061','',2,'2013-05-28'),(18599,'UPDATE mae_productos SET pro_precio_fiscal=pro_precio_venta WHERE pro_codigo_plu=13780','',2,'2013-05-28'),(18600,'UPDATE mae_productos SET pro_margen_actual=0,pro_precio_venta=1890 WHERE pro_codigo_plu=22','',2,'2013-05-28'),(18601,'UPDATE mae_productos SET pro_precio_fiscal=pro_precio_venta WHERE pro_codigo_plu=22','',2,'2013-05-28'),(18602,'INSERT INTO gne_vale_ferreteria (vfe_id,vfe_fecha,vfe_total,vfe_estado,vfe_entregado,usu_nusuario) VALUES (812,@@@2013.05.28@@@,200,1,0,@@@G_DIAZ@@@)','',2,'2013-05-28'),(18603,'INSERT INTO gne_vale_ferreteria_mov (vfe_id,pro_codigo_plu,vfm_cantidad,vfm_unitario,vfm_total,vfm_entregado) VALUES (812,78017201,1,200,200,@@@NO@@@)','',2,'2013-05-28'),(18604,'INSERT INTO mae_productos (pro_codigo_plu,pro_codigo_barra,pro_tipo,pro_nombre_producto,pro_nombre_corto,med_id,emb_id,pro_unidades_embalaje,dep_id,lin_id,mar_id,pro_precio_compra_neto,pro_precio_compra_bruto,pro_precio_venta,pro_margen_actual,pro_oferta,pro_fecha_inicio_oferta,pro_fecha_termino_oferta,pro_precio_oferta,pro_stock_minimo,pro_stock_critico,pro_entradas_bodega,pro_salidas_bodega,pro_mermas_bodega,pro_ajustes_bodega,pro_entradas_sv,pro_salidas_sv,pro_mermas_sv,pro_ajustes_sv,pro_activo,rec_numero,pro_unidad,pro_capacidad,pro_consumo_bodega,pro_consumo_sv,pro_estado,pro_funcion_plu,pro_flejes,pro_iva,pro_plu_asociado,pro_envase,pro_duracion,pro_numero_etiqueta) VALUES (780220093,@@@770055@@@,@@@0@@@,@@@CARTULINA FLUOR VARIEDAD DE COLOR 1 UND@@@,@@@CARTULINA FLUOR @@@,@@@1 @@@,@@@3 @@@,@@@0@@@,@@@24 @@@,@@@137@@@,@@@2541@@@,@@@0@@@,@@@0@@@,@@@350@@@,@@@0@@@,@@@@@@,@@@2013.05.28@@@,@@@2013.05.28@@@,@@@0@@@,@@@0@@@,@@@0@@@,@@@0@@@,@@@0@@@,@@@0@@@,@@@0@@@,@@@0@@@,@@@0@@@,@@@0@@@,@@@0@@@,@@@1@@@,@@@0@@@,0,1,0,0,2,0,1,1,0,@@@NO@@@,0,0)','',2,'2013-05-28'),(18605,'DELETE FROM mae_impuestos_productos WHERE pro_codigo_plu=@@@780220093@@@','',2,'2013-05-28'),(18606,'INSERT INTO gne_vale_ferreteria (vfe_id,vfe_fecha,vfe_total,vfe_estado,vfe_entregado,usu_nusuario) VALUES (813,@@@2013.05.28@@@,480,1,0,@@@G_DIAZ@@@)','',2,'2013-05-28'),(18607,'INSERT INTO gne_vale_ferreteria_mov (vfe_id,pro_codigo_plu,vfm_cantidad,vfm_unitario,vfm_total,vfm_entregado) VALUES (813,15935,1,480,480,@@@NO@@@)','',2,'2013-05-28'),(18608,'UPDATE mae_productos SET pro_codigo_barra=@@@765062@@@,pro_tipo=@@@2@@@,pro_nombre_producto=@@@PACK GALLETAS 10 X $ 990@@@,pro_nombre_corto=@@@PACK GALLETAS 10@@@,med_id=@@@1@@@,emb_id=@@@3@@@,pro_unidades_embalaje=@@@0@@@,dep_id=@@@32 @@@,lin_id=@@@18@@@,mar_id=@@@1740@@@,pro_precio_compra_neto=@@@0@@@,pro_precio_compra_bruto=@@@0@@@,pro_precio_venta=@@@990@@@,pro_margen_actual=@@@0@@@,pro_oferta=@@@NO@@@,pro_fecha_inicio_oferta=@@@2013.05.09@@@,pro_fecha_termino_oferta=@@@2013.05.09@@@,pro_precio_oferta=@@@0@@@,pro_stock_minimo=@@@0@@@,pro_stock_critico=@@@0@@@,pro_activo=@@@1@@@,pro_unidad=@@@0@@@,pro_precio_compra_bruto=0,pro_margen_actual=0,pro_capacidad=10,pro_funcion_plu=0,pro_flejes=1,pro_iva=1,pro_plu_asociado=0,pro_envase=@@@NO@@@,pro_duracion=0,pro_numero_etiqueta=0 WHERE pro_codigo_plu=@@@765062@@@','',2,'2013-05-28'),(18609,'UPDATE mae_productos SET pro_estado=1 WHERE pro_codigo_plu=765062','',2,'2013-05-28'),(18610,'DELETE FROM mae_impuestos_productos WHERE pro_codigo_plu=@@@765062@@@','',2,'2013-05-28'),(18611,'INSERT INTO gne_vale_ferreteria (vfe_id,vfe_fecha,vfe_total,vfe_estado,vfe_entregado,usu_nusuario) VALUES (814,@@@2013.05.28@@@,2990,1,0,@@@G_DIAZ@@@)','',2,'2013-05-28'),(18612,'INSERT INTO gne_vale_ferreteria_mov (vfe_id,pro_codigo_plu,vfm_cantidad,vfm_unitario,vfm_total,vfm_entregado) VALUES (814,764635,1,2990,2990,@@@NO@@@)','',2,'2013-05-28'),(18613,'INSERT INTO gpr_pack_virtual (pav_id,pav_nombre,pav_total_pack,pav_total_descuento,pav_desde,pav_hasta,pav_tipo,pav_precio,pav_lleva,pav_paga,pav_descuento,pav_porcentaje,pav_oferta_exclusiva,pav_agotar_stock,pav_stock,pav_costo,pav_margen) VALUES (12,@@@PISCO MISTRAL 35° + BEBIDA 1.5 + HIELO@@@,4690,690,@@@2013-05-28@@@,@@@2013-07-28@@@,@@@PR@@@,0,0,0,0,0,@@@NO@@@,@@@SI@@@,50,0,0)','',2,'2013-05-28'),