(57367,'UPDATE mae_productos SET pro_precio_compra_bruto=883.04,pro_margen_actual=(pro_precio_venta-883.04)/883.04 * 100,pro_ultima_compra=@@@2013.08.27@@@,pro_ultimo_proveedor=@@@99554560-8@@@ WHERE pro_codigo_plu=18393','',2,'2013-08-27'),(57368,'UPDATE mae_productos SET pro_precio_compra_bruto=883.04,pro_margen_actual=(pro_precio_venta-883.04)/883.04 * 100,pro_ultima_compra=@@@2013.08.27@@@,pro_ultimo_proveedor=@@@99554560-8@@@ WHERE pro_codigo_plu=763375','',2,'2013-08-27'),(57369,'UPDATE mae_productos SET pro_precio_compra_bruto=883.04,pro_margen_actual=(pro_precio_venta-883.04)/883.04 * 100,pro_ultima_compra=@@@2013.08.27@@@,pro_ultimo_proveedor=@@@99554560-8@@@ WHERE pro_codigo_plu=18177','',2,'2013-08-27'),(57370,'UPDATE mae_productos SET pro_precio_compra_bruto=883.04,pro_margen_actual=(pro_precio_venta-883.04)/883.04 * 100,pro_ultima_compra=@@@2013.08.27@@@,pro_ultimo_proveedor=@@@99554560-8@@@ WHERE pro_codigo_plu=18204','',2,'2013-08-27'),(57371,'UPDATE mae_productos SET pro_precio_compra_bruto=883.04,pro_margen_actual=(pro_precio_venta-883.04)/883.04 * 100,pro_ultima_compra=@@@2013.08.27@@@,pro_ultimo_proveedor=@@@99554560-8@@@ WHERE pro_codigo_plu=18210','',2,'2013-08-27'),(57372,'UPDATE mae_productos SET pro_precio_compra_bruto=883.04,pro_margen_actual=(pro_precio_venta-883.04)/883.04 * 100,pro_ultima_compra=@@@2013.08.27@@@,pro_ultimo_proveedor=@@@99554560-8@@@ WHERE pro_codigo_plu=18191','',2,'2013-08-27'),(57373,'UPDATE mae_productos SET pro_precio_compra_bruto=883.04,pro_margen_actual=(pro_precio_venta-883.04)/883.04 * 100,pro_ultima_compra=@@@2013.08.27@@@,pro_ultimo_proveedor=@@@99554560-8@@@ WHERE pro_codigo_plu=18181','',2,'2013-08-27'),(57374,'UPDATE mae_productos SET pro_precio_compra_bruto=248.7,pro_margen_actual=(pro_precio_venta-248.7)/248.7 * 100,pro_ultima_compra=@@@2013.08.27@@@,pro_ultimo_proveedor=@@@99554560-8@@@ WHERE pro_codigo_plu=17232','',2,'2013-08-27'),(57375,'UPDATE mae_productos SET pro_precio_compra_bruto=248.7,pro_margen_actual=(pro_precio_venta-248.7)/248.7 * 100,pro_ultima_compra=@@@2013.08.27@@@,pro_ultimo_proveedor=@@@99554560-8@@@ WHERE pro_codigo_plu=17326','',2,'2013-08-27'),(57376,'UPDATE mae_productos SET pro_precio_compra_bruto=832.81,pro_margen_actual=(pro_precio_venta-832.81)/832.81 * 100,pro_ultima_compra=@@@2013.08.27@@@,pro_ultimo_proveedor=@@@99554560-8@@@ WHERE pro_codigo_plu=763369','',2,'2013-08-27'),(57377,'UPDATE mae_productos SET pro_precio_compra_bruto=832.93,pro_margen_actual=(pro_precio_venta-832.93)/832.93 * 100,pro_ultima_compra=@@@2013.08.27@@@,pro_ultimo_proveedor=@@@99554560-8@@@ WHERE pro_codigo_plu=763377','',2,'2013-08-27'),(57378,'UPDATE mae_productos SET pro_precio_compra_bruto=644.45,pro_margen_actual=(pro_precio_venta-644.45)/644.45 * 100,pro_ultima_compra=@@@2013.08.27@@@,pro_ultimo_proveedor=@@@99554560-8@@@ WHERE pro_codigo_plu=763367','',2,'2013-08-27'),(57379,'UPDATE mae_productos SET pro_precio_compra_bruto=832.81,pro_margen_actual=(pro_precio_venta-832.81)/832.81 * 100,pro_ultima_compra=@@@2013.08.27@@@,pro_ultimo_proveedor=@@@99554560-8@@@ WHERE pro_codigo_plu=763368','',2,'2013-08-27'),(57380,'UPDATE mae_productos SET pro_precio_compra_bruto=832.93,pro_margen_actual=(pro_precio_venta-832.93)/832.93 * 100,pro_ultima_compra=@@@2013.08.27@@@,pro_ultimo_proveedor=@@@99554560-8@@@ WHERE pro_codigo_plu=17231','',2,'2013-08-27'),(57381,'UPDATE mae_productos SET pro_precio_compra_bruto=496.65,pro_margen_actual=(pro_precio_venta-496.65)/496.65 * 100,pro_ultima_compra=@@@2013.08.27@@@,pro_ultimo_proveedor=@@@99554560-8@@@ WHERE pro_codigo_plu=17265','',2,'2013-08-27'),(57382,'UPDATE mae_productos SET pro_precio_compra_bruto=944.84,pro_margen_actual=(pro_precio_venta-944.84)/944.84 * 100,pro_ultima_compra=@@@2013.08.27@@@,pro_ultimo_proveedor=@@@99554560-8@@@ WHERE pro_codigo_plu=18186','',2,'2013-08-27'),(57383,'UPDATE mae_productos SET pro_precio_compra_bruto=944.88,pro_margen_actual=(pro_precio_venta-944.88)/944.88 * 100,pro_ultima_compra=@@@2013.08.27@@@,pro_ultimo_proveedor=@@@99554560-8@@@ WHERE pro_codigo_plu=101226','',2,'2013-08-27'),(57384,'UPDATE mae_productos SET pro_precio_compra_bruto=944.88,pro_margen_actual=(pro_precio_venta-944.88)/944.88 * 100,pro_ultima_compra=@@@2013.08.27@@@,pro_ultimo_proveedor=@@@99554560-8@@@ WHERE pro_codigo_plu=18423','',2,'2013-08-27'),(57385,'UPDATE mae_productos SET pro_precio_compra_bruto=6230,pro_margen_actual=(pro_precio_venta-6230)/6230 * 100,pro_ultima_compra=@@@2013.08.27@@@,pro_ultimo_proveedor=@@@99554560-8@@@ WHERE pro_codigo_plu=17678','',2,'2013-08-27'),(57386,'UPDATE mae_productos SET pro_precio_compra_bruto=1838.54,pro_margen_actual=(pro_precio_venta-1838.54)/1838.54 * 100,pro_ultima_compra=@@@2013.08.27@@@,pro_ultimo_proveedor=@@@99554560-8@@@ WHERE pro_codigo_plu=17812','',2,'2013-08-27'),(57387,'UPDATE mae_productos SET pro_precio_compra_bruto=557.45,pro_margen_actual=(pro_precio_venta-557.45)/557.45 * 100,pro_ultima_compra=@@@2013.08.27@@@,pro_ultimo_proveedor=@@@99554560-8@@@ WHERE pro_codigo_plu=17179','',2,'2013-08-27'),(57388,'UPDATE mae_productos SET pro_precio_compra_bruto=557.45,pro_margen_actual=(pro_precio_venta-557.45)/557.45 * 100,pro_ultima_compra=@@@2013.08.27@@@,pro_ultimo_proveedor=@@@99554560-8@@@ WHERE pro_codigo_plu=17274','',2,'2013-08-27'),(57389,'UPDATE mae_productos SET pro_precio_compra_bruto=1060.55,pro_margen_actual=(pro_precio_venta-1060.55)/1060.55 * 100,pro_ultima_compra=@@@2013.08.27@@@,pro_ultimo_proveedor=@@@99554560-8@@@ WHERE pro_codigo_plu=763365','',2,'2013-08-27'),(57390,'UPDATE mae_productos SET pro_precio_compra_bruto=2616.09,pro_margen_actual=(pro_precio_venta-2616.09)/2616.09 * 100,pro_ultima_compra=@@@2013.08.27@@@,pro_ultimo_proveedor=@@@99554560-8@@@ WHERE pro_codigo_plu=780721299','',2,'2013-08-27'),(57391,'UPDATE mae_productos SET pro_precio_compra_bruto=3180.39,pro_margen_actual=(pro_precio_venta-3180.39)/3180.39 * 100,pro_ultima_compra=@@@2013.08.27@@@,pro_ultimo_proveedor=@@@99554560-8@@@ WHERE pro_codigo_plu=780721344','',2,'2013-08-27'),(57392,'UPDATE mae_productos SET pro_precio_compra_bruto=624.94,pro_margen_actual=(pro_precio_venta-624.94)/624.94 * 100,pro_ultima_compra=@@@2013.08.27@@@,pro_ultimo_proveedor=@@@99554560-8@@@ WHERE pro_codigo_plu=18073','',2,'2013-08-27'),(57393,'UPDATE mae_productos SET pro_precio_compra_bruto=801.85,pro_margen_actual=(pro_precio_venta-801.85)/801.85 * 100,pro_ultima_compra=@@@2013.08.27@@@,pro_ultimo_proveedor=@@@99554560-8@@@ WHERE pro_codigo_plu=763390','',2,'2013-08-27'),(57394,'UPDATE mae_productos SET pro_precio_compra_bruto=2273,pro_margen_actual=(pro_precio_venta-2273)/2273 * 100,pro_ultima_compra=@@@2013.08.27@@@,pro_ultimo_proveedor=@@@88502900-0@@@ WHERE pro_codigo_plu=764428','',2,'2013-08-27'),(57395,'UPDATE mae_productos SET pro_precio_compra_bruto=2083,pro_margen_actual=(pro_precio_venta-2083)/2083 * 100,pro_ultima_compra=@@@2013.08.27@@@,pro_ultimo_proveedor=@@@88502900-0@@@ WHERE pro_codigo_plu=21197','',2,'2013-08-27'),(57396,'UPDATE mae_productos SET pro_precio_compra_bruto=1136.2,pro_margen_actual=(pro_precio_venta-1136.2)/1136.2 * 100,pro_ultima_compra=@@@2013.08.27@@@,pro_ultimo_proveedor=@@@88502900-0@@@ WHERE pro_codigo_plu=21200','',2,'2013-08-27'),(57397,'UPDATE mae_productos SET pro_precio_compra_bruto=2083,pro_margen_actual=(pro_precio_venta-2083)/2083 * 100,pro_ultima_compra=@@@2013.08.27@@@,pro_ultimo_proveedor=@@@88502900-0@@@ WHERE pro_codigo_plu=21198','',2,'2013-08-27'),(57398,'UPDATE mae_productos SET pro_precio_compra_bruto=2431,pro_margen_actual=(pro_precio_venta-2431)/2431 * 100,pro_ultima_compra=@@@2013.08.27@@@,pro_ultimo_proveedor=@@@88502900-0@@@ WHERE pro_codigo_plu=764429','',2,'2013-08-27'),(57399,'UPDATE mae_productos SET pro_precio_compra_bruto=1237.1,pro_margen_actual=(pro_precio_venta-1237.1)/1237.1 * 100,pro_ultima_compra=@@@2013.08.27@@@,pro_ultimo_proveedor=@@@88502900-0@@@ WHERE pro_codigo_plu=78017159','',2,'2013-08-27'),(57400,'UPDATE mae_productos SET pro_precio_compra_bruto=2427.3,pro_margen_actual=(pro_precio_venta-2427.3)/2427.3 * 100,pro_ultima_compra=@@@2013.08.27@@@,pro_ultimo_proveedor=@@@88502900-0@@@ WHERE pro_codigo_plu=21183','',2,'2013-08-27'),(57401,'UPDATE mae_productos SET pro_precio_compra_bruto=2241,pro_margen_actual=(pro_precio_venta-2241)/2241 * 100,pro_ultima_compra=@@@2013.08.27@@@,pro_ultimo_proveedor=@@@88502900-0@@@ WHERE pro_codigo_plu=21175','',2,'2013-08-27'),(57402,'UPDATE mae_productos SET pro_precio_compra_bruto=1307,pro_margen_actual=(pro_precio_venta-1307)/1307 * 100,pro_ultima_compra=@@@2013.08.27@@@,pro_ultimo_proveedor=@@@88502900-0@@@ WHERE pro_codigo_plu=780721633','',2,'2013-08-27'),(57403,'UPDATE mae_productos SET pro_precio_compra_bruto=2521,pro_margen_actual=(pro_precio_venta-2521)/2521 * 100,pro_ultima_compra=@@@2013.08.27@@@,pro_ultimo_proveedor=@@@88502900-0@@@ WHERE pro_codigo_plu=764103','',2,'2013-08-27'),(57404,'UPDATE mae_productos SET pro_precio_compra_bruto=849,pro_margen_actual=(pro_precio_venta-849)/849 * 100,pro_ultima_compra=@@@2013.08.27@@@,pro_ultimo_proveedor=@@@88502900-0@@@ WHERE pro_codigo_plu=764104','',2,'2013-08-27'),(57405,'UPDATE mae_productos SET pro_precio_compra_bruto=1416,pro_margen_actual=(pro_precio_venta-1416)/1416 * 100,pro_ultima_compra=@@@2013.08.27@@@,pro_ultimo_proveedor=@@@88502900-0@@@ WHERE pro_codigo_plu=780721308','',2,'2013-08-27'),(57406,'UPDATE mae_productos SET pro_precio_compra_bruto=849,pro_margen_actual=(pro_precio_venta-849)/849 * 100,pro_ultima_compra=@@@2013.08.27@@@,pro_ultimo_proveedor=@@@88502900-0@@@ WHERE pro_codigo_plu=78017087','',2,'2013-08-27'),(57407,'UPDATE mae_productos SET pro_precio_compra_bruto=1416,pro_margen_actual=(pro_precio_venta-1416)/1416 * 100,pro_ultima_compra=@@@2013.08.27@@@,pro_ultimo_proveedor=@@@88502900-0@@@ WHERE pro_codigo_plu=764106','',2,'2013-08-27'),(57408,'UPDATE mae_productos SET pro_precio_compra_bruto=944,pro_margen_actual=(pro_precio_venta-944)/944 * 100,pro_ultima_compra=@@@2013.08.27@@@,pro_ultimo_proveedor=@@@88502900-0@@@ WHERE pro_codigo_plu=764108','',2,'2013-08-27'),(57409,'UPDATE mae_productos SET pro_precio_compra_bruto=1307,pro_margen_actual=(pro_precio_venta-1307)/1307 * 100,pro_ultima_compra=@@@2013.08.27@@@,pro_ultimo_proveedor=@@@88502900-0@@@ WHERE pro_codigo_plu=780721465','',2,'2013-08-27'),(57410,'UPDATE mae_productos SET pro_precio_compra_bruto=949,pro_margen_actual=(pro_precio_venta-949)/949 * 100,pro_ultima_compra=@@@2013.08.27@@@,pro_ultimo_proveedor=@@@88502900-0@@@ WHERE pro_codigo_plu=764116','',2,'2013-08-27'),(57411,'UPDATE mae_productos SET pro_precio_compra_bruto=1137,pro_margen_actual=(pro_precio_venta-1137)/1137 * 100,pro_ultima_compra=@@@2013.08.27@@@,pro_ultimo_proveedor=@@@88502900-0@@@ WHERE pro_codigo_plu=21194','',2,'2013-08-27'),(57412,'UPDATE mae_productos SET pro_precio_compra_bruto=2054,pro_margen_actual=(pro_precio_venta-2054)/2054 * 100,pro_ultima_compra=@@@2013.08.27@@@,pro_ultimo_proveedor=@@@88502900-0@@@ WHERE pro_codigo_plu=764110','',2,'2013-08-27'),(57413,'UPDATE mae_productos SET pro_precio_compra_bruto=1236,pro_margen_actual=(pro_precio_venta-1236)/1236 * 100,pro_ultima_compra=@@@2013.08.27@@@,pro_ultimo_proveedor=@@@88502900-0@@@ WHERE pro_codigo_plu=780721307','',2,'2013-08-27'),(57414,'UPDATE mae_productos SET pro_precio_compra_bruto=1417,pro_margen_actual=(pro_precio_venta-1417)/1417 * 100,pro_ultima_compra=@@@2013.08.27@@@,pro_ultimo_proveedor=@@@88502900-0@@@ WHERE pro_codigo_plu=21207','',2,'2013-08-27'),(57415,'INSERT INTO gne_vale_ferreteria (vfe_id,vfe_fecha,vfe_total,vfe_estado,vfe_entregado,usu_nusuario) VALUES (9397,@@@2013.08.27@@@,1690,1,0,@@@b_SAEZ@@@)','',2,'2013-08-27'),(57416,'INSERT INTO gne_vale_ferreteria_mov (vfe_id,pro_codigo_plu,vfm_cantidad,vfm_unitario,vfm_total,vfm_entregado) VALUES (9397,20476,1,1690,1690,@@@NO@@@)','',2,'2013-08-27'),(57417,'INSERT INTO gne_vale_ferreteria (vfe_id,vfe_fecha,vfe_total,vfe_estado,vfe_entregado,usu_nusuario) VALUES (9398,@@@2013.08.27@@@,100,1,0,@@@b_SAEZ@@@)','',2,'2013-08-27'),(57418,'INSERT INTO gne_vale_ferreteria_mov (vfe_id,pro_codigo_plu,vfm_cantidad,vfm_unitario,vfm_total,vfm_entregado) VALUES (9398,764833,10,10,100,@@@NO@@@)','',2,'2013-08-27'),(57419,'INSERT INTO gne_vale_ferreteria (vfe_id,vfe_fecha,vfe_total,vfe_estado,vfe_entregado,usu_nusuario) VALUES (9399,@@@2013.08.27@@@,10909,1,0,@@@b_SAEZ@@@)','',2,'2013-08-27'),(57420,'INSERT INTO gne_vale_ferreteria_mov (vfe_id,pro_codigo_plu,vfm_cantidad,vfm_unitario,vfm_total,vfm_entregado) VALUES (9399,100979,1,1390,1390,@@@NO@@@)','',2,'2013-08-27'),(57421,'INSERT INTO gne_vale_ferreteria_mov (vfe_id,pro_codigo_plu,vfm_cantidad,vfm_unitario,vfm_total,vfm_entregado) VALUES (9399,14106,1,950,950,@@@NO@@@)','',2,'2013-08-27'),(57422,'INSERT INTO gne_vale_ferreteria_mov (vfe_id,pro_codigo_plu,vfm_cantidad,vfm_unitario,vfm_total,vfm_entregado) VALUES (9399,101563,1,1690,1690,@@@NO@@@)','',2,'2013-08-27'),(57423,'INSERT INTO gne_vale_ferreteria_mov (vfe_id,pro_codigo_plu,vfm_cantidad,vfm_unitario,vfm_total,vfm_entregado) VALUES (9399,763741,1,1790,1790,@@@NO@@@)','',2,'2013-08-27'),(57424,'INSERT INTO gne_vale_ferreteria_mov (vfe_id,pro_codigo_plu,vfm_cantidad,vfm_unitario,vfm_total,vfm_entregado) VALUES (9399,14674,1,2499,2499,@@@NO@@@)','',2,'2013-08-27'),(57425,'INSERT INTO gne_vale_ferreteria_mov (vfe_id,pro_codigo_plu,vfm_cantidad,vfm_unitario,vfm_total,vfm_entregado) VALUES (9399,763760,1,2590,2590,@@@NO@@@)','',2,'2013-08-27'),(57426,'INSERT INTO gne_vale_ferreteria (vfe_id,vfe_fecha,vfe_total,vfe_estado,vfe_entregado,usu_nusuario) VALUES (9400,@@@2013.08.27@@@,980,1,0,@@@b_SAEZ@@@)','',2,'2013-08-27'),(57427,'INSERT INTO gne_vale_ferreteria_mov (vfe_id,pro_codigo_plu,vfm_cantidad,vfm_unitario,vfm_total,vfm_entregado) VALUES (9400,770066,2,490,980,@@@NO@@@)','',2,'2013-08-27'),(57428,'INSERT INTO gne_vale_ferreteria (vfe_id,vfe_fecha,vfe_total,vfe_estado,vfe_entregado,usu_nusuario) VALUES (9401,@@@2013.08.27@@@,3490,1,0,@@@b_SAEZ@@@)','',2,'2013-08-27'),(57429,'INSERT INTO gne_vale_ferreteria_mov (vfe_id,pro_codigo_plu,vfm_cantidad,vfm_unitario,vfm_total,vfm_entregado) VALUES (9401,780721122,1,3490,3490,@@@NO@@@)','',2,'2013-08-27'),(57430,'INSERT INTO gne_vale_ferreteria (vfe_id,vfe_fecha,vfe_total,vfe_estado,vfe_entregado,usu_nusuario) VALUES (9402,@@@2013.08.27@@@,1150,1,0,@@@b_SAEZ@@@)','',2,'2013-08-27'),(57431,'INSERT INTO gne_vale_ferreteria_mov (vfe_id,pro_codigo_plu,vfm_cantidad,vfm_unitario,vfm_total,vfm_entregado) VALUES (9402,4057,1,1150,1150,@@@NO@@@)','',2,'2013-08-27'),(57432,'INSERT INTO gne_vale_ferreteria (vfe_id,vfe_fecha,vfe_total,vfe_estado,vfe_entregado,usu_nusuario) VALUES (9403,@@@2013.08.27@@@,100,1,0,@@@b_SAEZ@@@)','',2,'2013-08-27'),(57433,'INSERT INTO gne_vale_ferreteria_mov (vfe_id,pro_codigo_plu,vfm_cantidad,vfm_unitario,vfm_total,vfm_entregado) VALUES (9403,764414,1,100,100,@@@NO@@@)','',2,'2013-08-27'),(57434,'INSERT INTO gne_vale_ferreteria (vfe_id,vfe_fecha,vfe_total,vfe_estado,vfe_entregado,usu_nusuario) VALUES (9404,@@@2013.08.27@@@,120,1,0,@@@b_SAEZ@@@)','',2,'2013-08-27'),(57435,'INSERT INTO gne_vale_ferreteria_mov (vfe_id,pro_codigo_plu,vfm_cantidad,vfm_unitario,vfm_total,vfm_entregado) VALUES (9404,764780,2,60,120,@@@NO@@@)','',2,'2013-08-27'),(57436,'UPDATE mae_productos SET pro_precio_compra_bruto=960.33,pro_margen_actual=(pro_precio_venta-960.33)/960.33 * 100,pro_ultima_compra=@@@2013.08.27@@@,pro_ultimo_proveedor=@@@82623500-4@@@ WHERE pro_codigo_plu=11339','',2,'2013-08-27'),(57437,'UPDATE mae_productos SET pro_precio_compra_bruto=153.51,pro_margen_actual=(pro_precio_venta-153.51)/153.51 * 100,pro_ultima_compra=@@@2013.08.27@@@,pro_ultimo_proveedor=@@@82623500-4@@@ WHERE pro_codigo_plu=12029','',2,'2013-08-27'),(57438,'UPDATE mae_productos SET pro_precio_compra_bruto=268.94,pro_margen_actual=(pro_precio_venta-268.94)/268.94 * 100,pro_ultima_compra=@@@2013.08.27@@@,pro_ultimo_proveedor=@@@82623500-4@@@ WHERE pro_codigo_plu=78017083','',2,'2013-08-27'),(57439,'UPDATE mae_productos SET pro_precio_compra_bruto=268.94,pro_margen_actual=(pro_precio_venta-268.94)/268.94 * 100,pro_ultima_compra=@@@2013.08.27@@@,pro_ultimo_proveedor=@@@82623500-4@@@ WHERE pro_codigo_plu=13551','',2,'2013-08-27'),(57440,'UPDATE mae_productos SET pro_precio_compra_bruto=230.86,pro_margen_actual=(pro_precio_venta-230.86)/230.86 * 100,pro_ultima_compra=@@@2013.08.27@@@,pro_ultimo_proveedor=@@@82623500-4@@@ WHERE pro_codigo_plu=780721632','',2,'2013-08-27'),(57441,'UPDATE mae_productos SET pro_precio_compra_bruto=191.59,pro_margen_actual=(pro_precio_venta-191.59)/191.59 * 100,pro_ultima_compra=@@@2013.08.27@@@,pro_ultimo_proveedor=@@@82623500-4@@@ WHERE pro_codigo_plu=763488','',2,'2013-08-27'),(57442,'UPDATE mae_productos SET pro_precio_compra_bruto=2023,pro_margen_actual=(pro_precio_venta-2023)/2023 * 100,pro_ultima_compra=@@@2013.08.27@@@,pro_ultimo_proveedor=@@@82623500-4@@@ WHERE pro_codigo_plu=780721593','',2,'2013-08-27'),(57443,'UPDATE mae_productos SET pro_precio_compra_bruto=1075.76,pro_margen_actual=(pro_precio_venta-1075.76)/1075.76 * 100,pro_ultima_compra=@@@2013.08.27@@@,pro_ultimo_proveedor=@@@82623500-4@@@ WHERE pro_codigo_plu=763525','',2,'2013-08-27'),(57444,'UPDATE mae_productos SET pro_precio_compra_bruto=191.59,pro_margen_actual=(pro_precio_venta-191.59)/191.59 * 100,pro_ultima_compra=@@@2013.08.27@@@,pro_ultimo_proveedor=@@@82623500-4@@@ WHERE pro_codigo_plu=13054','',2,'2013-08-27'),(57445,'UPDATE mae_productos SET pro_precio_compra_bruto=192.78,pro_margen_actual=(pro_precio_venta-192.78)/192.78 * 100,pro_ultima_compra=@@@2013.08.27@@@,pro_ultimo_proveedor=@@@82623500-4@@@ WHERE pro_codigo_plu=78017082','',2,'2013-08-27'),(57446,'UPDATE mae_productos SET pro_precio_compra_bruto=1154.3,pro_margen_actual=(pro_precio_venta-1154.3)/1154.3 * 100,pro_ultima_compra=@@@2013.08.27@@@,pro_ultimo_proveedor=@@@82623500-4@@@ WHERE pro_codigo_plu=101417','',2,'2013-08-27'),(57447,'UPDATE mae_productos SET pro_precio_compra_bruto=922.25,pro_margen_actual=(pro_precio_venta-922.25)/922.25 * 100,pro_ultima_compra=@@@2013.08.27@@@,pro_ultimo_proveedor=@@@82623500-4@@@ WHERE pro_codigo_plu=16893','',2,'2013-08-27'),(57448,'UPDATE mae_productos SET pro_precio_compra_bruto=922.25,pro_margen_actual=(pro_precio_venta-922.25)/922.25 * 100,pro_ultima_compra=@@@2013.08.27@@@,pro_ultimo_proveedor=@@@82623500-4@@@ WHERE pro_codigo_plu=10855','',2,'2013-08-27'),(57449,'UPDATE mae_productos SET pro_precio_compra_bruto=192.78,pro_margen_actual=(pro_precio_venta-192.78)/192.78 * 100,pro_ultima_compra=@@@2013.08.27@@@,pro_ultimo_proveedor=@@@82623500-4@@@ WHERE pro_codigo_plu=762639','',2,'2013-08-27'),(57450,'INSERT INTO gne_vale_ferreteria (vfe_id,vfe_fecha,vfe_total,vfe_estado,vfe_entregado,usu_nusuario) VALUES (9405,@@@2013.08.27@@@,490,1,0,@@@b_SAEZ@@@)','',2,'2013-08-27'),(57451,'INSERT INTO gne_vale_ferreteria_mov (vfe_id,pro_codigo_plu,vfm_cantidad,vfm_unitario,vfm_total,vfm_entregado) VALUES (9405,1552,1,490,490,@@@NO@@@)','',2,'2013-08-27'),(57452,'INSERT INTO gne_vale_ferreteria (vfe_id,vfe_fecha,vfe_total,vfe_estado,vfe_entregado,usu_nusuario) VALUES (9406,@@@2013.08.27@@@,300,1,0,@@@b_SAEZ@@@)','',2,'2013-08-27'),(57453,'INSERT INTO gne_vale_ferreteria_mov (vfe_id,pro_codigo_plu,vfm_cantidad,vfm_unitario,vfm_total,vfm_entregado) VALUES (9406,78017049,1,300,300,@@@NO@@@)','',2,'2013-08-27'),(57454,'INSERT INTO gne_vale_ferreteria (vfe_id,vfe_fecha,vfe_total,vfe_estado,vfe_entregado,usu_nusuario) VALUES (9407,@@@2013.08.27@@@,310,1,0,@@@b_SAEZ@@@)','',2,'2013-08-27'),(57455,'INSERT INTO gne_vale_ferreteria_mov (vfe_id,pro_codigo_plu,vfm_cantidad,vfm_unitario,vfm_total,vfm_entregado) VALUES (9407,18799,1,310,310,@@@NO@@@)','',2,'2013-08-27'),(57456,'INSERT INTO gne_vale_ferreteria (vfe_id,vfe_fecha,vfe_total,vfe_estado,vfe_entregado,usu_nusuario) VALUES (9408,@@@2013.08.27@@@,250,1,0,@@@b_SAEZ@@@)','',2,'2013-08-27'),(57457,'INSERT INTO gne_vale_ferreteria_mov (vfe_id,pro_codigo_plu,vfm_cantidad,vfm_unitario,vfm_total,vfm_entregado) VALUES (9408,764583,1,250,250,@@@NO@@@)','',2,'2013-08-27'),(57458,'INSERT INTO gne_vale_ferreteria (vfe_id,vfe_fecha,vfe_total,vfe_estado,vfe_entregado,usu_nusuario) VALUES (9409,@@@2013.08.27@@@,1890,1,0,@@@b_SAEZ@@@)','',2,'2013-08-27'),(57459,'INSERT INTO gne_vale_ferreteria_mov (vfe_id,pro_codigo_plu,vfm_cantidad,vfm_unitario,vfm_total,vfm_entregado) VALUES (9409,764657,1,1890,1890,@@@NO@@@)','',2,'2013-08-27'),(57460,'INSERT INTO gne_vale_ferreteria (vfe_id,vfe_fecha,vfe_total,vfe_estado,vfe_entregado,usu_nusuario) VALUES (9410,@@@2013.08.27@@@,390,1,0,@@@b_SAEZ@@@)','',2,'2013-08-27'),(57461,'INSERT INTO gne_vale_ferreteria_mov (vfe_id,pro_codigo_plu,vfm_cantidad,vfm_unitario,vfm_total,vfm_entregado) VALUES (9410,780721420,1,390,390,@@@NO@@@)','',2,'2013-08-27'),(57462,'INSERT INTO gne_vale_ferreteria (vfe_id,vfe_fecha,vfe_total,vfe_estado,vfe_entregado,usu_nusuario) VALUES (9411,@@@2013.08.27@@@,240,1,0,@@@b_SAEZ@@@)','',2,'2013-08-27'),(57463,'INSERT INTO gne_vale_ferreteria_mov (vfe_id,pro_codigo_plu,vfm_cantidad,vfm_unitario,vfm_total,vfm_entregado) VALUES (9411,78017004,2,120,240,@@@NO@@@)','',2,'2013-08-27'),(57464,'INSERT INTO gne_vale_ferreteria (vfe_id,vfe_fecha,vfe_total,vfe_estado,vfe_entregado,usu_nusuario) VALUES (9412,@@@2013.08.27@@@,510,1,0,@@@b_SAEZ@@@)','',2,'2013-08-27'),(57465,'INSERT INTO gne_vale_ferreteria_mov (vfe_id,pro_codigo_plu,vfm_cantidad,vfm_unitario,vfm_total,vfm_entregado) VALUES (9412,8022,1,120,120,@@@NO@@@)','',2,'2013-08-27'),(57466,'INSERT INTO gne_vale_ferreteria_mov (vfe_id,pro_codigo_plu,vfm_cantidad,vfm_unitario,vfm_total,vfm_entregado) VALUES (9412,78017020,1,390,390,@@@NO@@@)','',2,'2013-08-27'),(57467,'INSERT INTO gne_vale_ferreteria (vfe_id,vfe_fecha,vfe_total,vfe_estado,vfe_entregado,usu_nusuario) VALUES (9413,@@@2013.08.27@@@,350,1,0,@@@b_SAEZ@@@)','',2,'2013-08-27'),(57468,'INSERT INTO gne_vale_ferreteria_mov (vfe_id,pro_codigo_plu,vfm_cantidad,vfm_unitario,vfm_total,vfm_entregado) VALUES (9413,1017,1,350,350,@@@NO@@@)','',2,'2013-08-27'),(57469,'INSERT INTO gne_vale_ferreteria (vfe_id,vfe_fecha,vfe_total,vfe_estado,vfe_entregado,usu_nusuario) VALUES (9414,@@@2013.08.27@@@,120,1,0,@@@b_SAEZ@@@)','',2,'2013-08-27'),(57470,'INSERT INTO gne_vale_ferreteria_mov (vfe_id,pro_codigo_plu,vfm_cantidad,vfm_unitario,vfm_total,vfm_entregado) VALUES (9414,8022,1,120,120,@@@NO@@@)','',2,'2013-08-27'),(57471,'UPDATE mae_productos SET pro_precio_fiscal=pro_precio_venta WHERE pro_codigo_plu=780721693','',2,'2013-08-27'),(57472,'UPDATE mae_productos SET pro_precio_fiscal=pro_precio_venta WHERE pro_codigo_plu=763555','',2,'2013-08-27'),(57473,'INSERT INTO gne_vale_ferreteria (vfe_id,vfe_fecha,vfe_total,vfe_estado,vfe_entregado,usu_nusuario) VALUES (9415,@@@2013.08.27@@@,690,1,0,@@@b_SAEZ@@@)','',2,'2013-08-27'),(57474,'INSERT INTO gne_vale_ferreteria_mov (vfe_id,pro_codigo_plu,vfm_cantidad,vfm_unitario,vfm_total,vfm_entregado) VALUES (9415,763812,1,690,690,@@@NO@@@)','',2,'2013-08-27'),(57475,'UPDATE mae_productos SET pro_margen_actual=30.4,pro_precio_venta=1890 WHERE pro_codigo_plu=101624','',2,'2013-08-27'),(57476,'UPDATE mae_productos SET pro_margen_actual=30.4,pro_precio_venta=1890 WHERE pro_codigo_plu=101680','',2,'2013-08-27'),(57477,'UPDATE mae_productos SET pro_margen_actual=30.4,pro_precio_venta=1890 WHERE pro_codigo_plu=102075','',2,'2013-08-27'),(57478,'INSERT INTO gne_vale_ferreteria (vfe_id,vfe_fecha,vfe_total,vfe_estado,vfe_entregado,usu_nusuario) VALUES (9416,@@@2013.08.27@@@,390,1,0,@@@b_SAEZ@@@)','',2,'2013-08-27'),(57479,'INSERT INTO gne_vale_ferreteria_mov (vfe_id,pro_codigo_plu,vfm_cantidad,vfm_unitario,vfm_total,vfm_entregado) VALUES (9416,101102,1,390,390,@@@NO@@@)','',2,'2013-08-27'),(57480,'INSERT INTO gne_vale_ferreteria (vfe_id,vfe_fecha,vfe_total,vfe_estado,vfe_entregado,usu_nusuario) VALUES (9417,@@@2013.08.27@@@,340,1,0,@@@b_SAEZ@@@)','',2,'2013-08-27'),(57481,'INSERT INTO gne_vale_ferreteria_mov (vfe_id,pro_codigo_plu,vfm_cantidad,vfm_unitario,vfm_total,vfm_entregado) VALUES (9417,78017027,2,70,140,@@@NO@@@)','',2,'2013-08-27'),(57482,'INSERT INTO gne_vale_ferreteria_mov (vfe_id,pro_codigo_plu,vfm_cantidad,vfm_unitario,vfm_total,vfm_entregado) VALUES (9417,4080,2,40,80,@@@NO@@@)','',2,'2013-08-27'),(57483,'INSERT INTO gne_vale_ferreteria_mov (vfe_id,pro_codigo_plu,vfm_cantidad,vfm_unitario,vfm_total,vfm_entregado) VALUES (9417,764766,1,120,120,@@@NO@@@)','',2,'2013-08-27'),(57484,'INSERT INTO gne_vale_ferreteria (vfe_id,vfe_fecha,vfe_total,vfe_estado,vfe_entregado,usu_nusuario) VALUES (9418,@@@2013.08.27@@@,720,1,0,@@@b_SAEZ@@@)','',2,'2013-08-27'),(57485,'INSERT INTO gne_vale_ferreteria_mov (vfe_id,pro_codigo_plu,vfm_cantidad,vfm_unitario,vfm_total,vfm_entregado) VALUES (9418,764766,6,120,720,@@@NO@@@)','',2,'2013-08-27'),(57486,'INSERT INTO gne_vale_ferreteria (vfe_id,vfe_fecha,vfe_total,vfe_estado,vfe_entregado,usu_nusuario) VALUES (9419,@@@2013.08.27@@@,450,1,0,@@@b_SAEZ@@@)','',2,'2013-08-27'),(57487,'INSERT INTO gne_vale_ferreteria_mov (vfe_id,pro_codigo_plu,vfm_cantidad,vfm_unitario,vfm_total,vfm_entregado) VALUES (9419,78017147,2,90,180,@@@NO@@@)','',2,'2013-08-27'),(57488,'INSERT INTO gne_vale_ferreteria_mov (vfe_id,pro_codigo_plu,vfm_cantidad,vfm_unitario,vfm_total,vfm_entregado) VALUES (9419,770038,3,90,270,@@@NO@@@)','',2,'2013-08-27'),(57489,'INSERT INTO gne_vale_ferreteria (vfe_id,vfe_fecha,vfe_total,vfe_estado,vfe_entregado,usu_nusuario) VALUES (9420,@@@2013.08.27@@@,1960,1,0,@@@b_SAEZ@@@)','',2,'2013-08-27'),(57490,'INSERT INTO gne_vale_ferreteria_mov (vfe_id,pro_codigo_plu,vfm_cantidad,vfm_unitario,vfm_total,vfm_entregado) VALUES (9420,780721558,2,490,980,@@@NO@@@)','',2,'2013-08-27'),(57491,'INSERT INTO gne_vale_ferreteria_mov (vfe_id,pro_codigo_plu,vfm_cantidad,vfm_unitario,vfm_total,vfm_entregado) VALUES (9420,78017128,1,490,490,@@@NO@@@)','',2,'2013-08-27'),(57492,'INSERT INTO gne_vale_ferreteria_mov (vfe_id,pro_codigo_plu,vfm_cantidad,vfm_unitario,vfm_total,vfm_entregado) VALUES (9420,78017126,1,490,490,@@@NO@@@)','',2,'2013-08-27'),(57493,'INSERT INTO gne_vale_ferreteria (vfe_id,vfe_fecha,vfe_total,vfe_estado,vfe_entregado,usu_nusuario) VALUES (9421,@@@2013.08.27@@@,390,1,0,@@@b_SAEZ@@@)','',2,'2013-08-27'),(57494,'INSERT INTO gne_vale_ferreteria_mov (vfe_id,pro_codigo_plu,vfm_cantidad,vfm_unitario,vfm_total,vfm_entregado) VALUES (9421,78017020,1,390,390,@@@NO@@@)','',2,'2013-08-27'),(57495,'INSERT INTO gne_vale_ferreteria (vfe_id,vfe_fecha,vfe_total,vfe_estado,vfe_entregado,usu_nusuario) VALUES (9422,@@@2013.08.27@@@,340,1,0,@@@b_SAEZ@@@)','',2,'2013-08-27'),(57496,'INSERT INTO gne_vale_ferreteria_mov (vfe_id,pro_codigo_plu,vfm_cantidad,vfm_unitario,vfm_total,vfm_entregado) VALUES (9422,764766,1,120,120,@@@NO@@@)','',2,'2013-08-27'),(57497,'INSERT INTO gne_vale_ferreteria_mov (vfe_id,pro_codigo_plu,vfm_cantidad,vfm_unitario,vfm_total,vfm_entregado) VALUES (9422,764768,1,220,220,@@@NO@@@)','',2,'2013-08-27'),(57498,'INSERT INTO gne_vale_ferreteria (vfe_id,vfe_fecha,vfe_total,vfe_estado,vfe_entregado,usu_nusuario) VALUES (9423,@@@2013.08.27@@@,1050,1,0,@@@b_SAEZ@@@)','',2,'2013-08-27'),(57499,'INSERT INTO gne_vale_ferreteria_mov (vfe_id,pro_codigo_plu,vfm_cantidad,vfm_unitario,vfm_total,vfm_entregado) VALUES (9423,763806,1,1050,1050,@@@NO@@@)','',2,'2013-08-27'),(57500,'UPDATE mae_productos SET pro_precio_venta=7804940090052,pro_estado=9 WHERE pro_codigo_plu=101861','',2,'2013-08-27'),(57501,'INSERT INTO gne_vale_ferreteria (vfe_id,vfe_fecha,vfe_total,vfe_estado,vfe_entregado,usu_nusuario) VALUES (9424,@@@2013.08.27@@@,1110,1,0,@@@b_SAEZ@@@)','',2,'2013-08-27'),(57502,'INSERT INTO gne_vale_ferreteria_mov (vfe_id,pro_codigo_plu,vfm_cantidad,vfm_unitario,vfm_total,vfm_entregado) VALUES (9424,1015,1,350,350,@@@NO@@@)','',2,'2013-08-27'),(57503,'INSERT INTO gne_vale_ferreteria_mov (vfe_id,pro_codigo_plu,vfm_cantidad,vfm_unitario,vfm_total,vfm_entregado) VALUES (9424,12085,1,120,120,@@@NO@@@)','',2,'2013-08-27'),(57504,'INSERT INTO gne_vale_ferreteria_mov (vfe_id,pro_codigo_plu,vfm_cantidad,vfm_unitario,vfm_total,vfm_entregado) VALUES (9424,1566,1,490,490,@@@NO@@@)','',2,'2013-08-27'),(57505,'INSERT INTO gne_vale_ferreteria_mov (vfe_id,pro_codigo_plu,vfm_cantidad,vfm_unitario,vfm_total,vfm_entregado) VALUES (9424,9900006,1,150,150,@@@NO@@@)','',2,'2013-08-27'),(57506,'INSERT INTO gne_vale_ferreteria (vfe_id,vfe_fecha,vfe_total,vfe_estado,vfe_entregado,usu_nusuario) VALUES (9425,@@@2013.08.27@@@,120,1,0,@@@b_SAEZ@@@)','',2,'2013-08-27'),(57507,'INSERT INTO gne_vale_ferreteria_mov (vfe_id,pro_codigo_plu,vfm_cantidad,vfm_unitario,vfm_total,vfm_entregado) VALUES (9425,8022,1,120,120,@@@NO@@@)','',2,'2013-08-27'),(57508,'INSERT INTO gne_vale_ferreteria (vfe_id,vfe_fecha,vfe_total,vfe_estado,vfe_entregado,usu_nusuario) VALUES (9426,@@@2013.08.27@@@,840,1,0,@@@b_SAEZ@@@)','',2,'2013-08-27'),(57509,'INSERT INTO gne_vale_ferreteria_mov (vfe_id,pro_codigo_plu,vfm_cantidad,vfm_unitario,vfm_total,vfm_entregado) VALUES (9426,12608,1,250,250,@@@NO@@@)','',2,'2013-08-27'),(57510,'INSERT INTO gne_vale_ferreteria_mov (vfe_id,pro_codigo_plu,vfm_cantidad,vfm_unitario,vfm_total,vfm_entregado) VALUES (9426,4088,2,150,300,@@@NO@@@)','',2,'2013-08-27'),(57511,'INSERT INTO gne_vale_ferreteria_mov (vfe_id,pro_codigo_plu,vfm_cantidad,vfm_unitario,vfm_total,vfm_entregado) VALUES (9426,1536,1,290,290,@@@NO@@@)','',2,'2013-08-27'),(57512,'INSERT INTO gne_vale_ferreteria (vfe_id,vfe_fecha,vfe_total,vfe_estado,vfe_entregado,usu_nusuario) VALUES (9427,@@@2013.08.27@@@,3190,1,0,@@@b_SAEZ@@@)','',2,'2013-08-27'),(57513,'INSERT INTO gne_vale_ferreteria_mov (vfe_id,pro_codigo_plu,vfm_cantidad,vfm_unitario,vfm_total,vfm_entregado) VALUES (9427,262179,1,3190,3190,@@@NO@@@)','',2,'2013-08-27'),(57514,'INSERT INTO gne_vale_ferreteria (vfe_id,vfe_fecha,vfe_total,vfe_estado,vfe_entregado,usu_nusuario) VALUES (9428,@@@2013.08.27@@@,80,1,0,@@@b_SAEZ@@@)','',2,'2013-08-27'),(57515,'INSERT INTO gne_vale_ferreteria_mov (vfe_id,pro_codigo_plu,vfm_cantidad,vfm_unitario,vfm_total,vfm_entregado) VALUES (9428,770033,2,40,80,@@@NO@@@)','',2,'2013-08-27'),(57516,'INSERT INTO gne_vale_ferreteria (vfe_id,vfe_fecha,vfe_total,vfe_estado,vfe_entregado,usu_nusuario) VALUES (9429,@@@2013.08.27@@@,1790,1,0,@@@b_SAEZ@@@)','',2,'2013-08-27'),(57517,'INSERT INTO gne_vale_ferreteria_mov (vfe_id,pro_codigo_plu,vfm_cantidad,vfm_unitario,vfm_total,vfm_entregado) VALUES (9429,763718,1,1790,1790,@@@NO@@@)','',2,'2013-08-27'),(57518,'INSERT INTO gne_vale_ferreteria (vfe_id,vfe_fecha,vfe_total,vfe_estado,vfe_entregado,usu_nusuario) VALUES (9430,@@@2013.08.27@@@,550,1,0,@@@b_SAEZ@@@)','',2,'2013-08-27'),(57519,'INSERT INTO gne_vale_ferreteria_mov (vfe_id,pro_codigo_plu,vfm_cantidad,vfm_unitario,vfm_total,vfm_entregado) VALUES (9430,78017059,2,120,240,@@@NO@@@)','',2,'2013-08-27'),(57520,'INSERT INTO gne_vale_ferreteria_mov (vfe_id,pro_codigo_plu,vfm_cantidad,vfm_unitario,vfm_total,vfm_entregado) VALUES (9430,16421,1,160,160,@@@NO@@@)','',2,'2013-08-27'),(57521,'INSERT INTO gne_vale_ferreteria_mov (vfe_id,pro_codigo_plu,vfm_cantidad,vfm_unitario,vfm_total,vfm_entregado) VALUES (9430,780721387,1,150,150,@@@NO@@@)','',2,'2013-08-27'),(57522,'INSERT INTO gne_vale_ferreteria (vfe_id,vfe_fecha,vfe_total,vfe_estado,vfe_entregado,usu_nusuario) VALUES (9431,@@@2013.08.27@@@,150,1,0,@@@b_SAEZ@@@)','',2,'2013-08-27'),(57523,'INSERT INTO gne_vale_ferreteria_mov (vfe_id,pro_codigo_plu,vfm_cantidad,vfm_unitario,vfm_total,vfm_entregado) VALUES (9431,770062,1,150,150,@@@NO@@@)','',2,'2013-08-27'),(57524,'INSERT INTO gne_vale_ferreteria (vfe_id,vfe_fecha,vfe_total,vfe_estado,vfe_entregado,usu_nusuario) VALUES (9432,@@@2013.08.27@@@,270,1,0,@@@b_SAEZ@@@)','',2,'2013-08-27'),(57525,'INSERT INTO gne_vale_ferreteria_mov (vfe_id,pro_codigo_plu,vfm_cantidad,vfm_unitario,vfm_total,vfm_entregado) VALUES (9432,780721387,1,150,150,@@@NO@@@)','',2,'2013-08-27'),(57526,'INSERT INTO gne_vale_ferreteria_mov (vfe_id,pro_codigo_plu,vfm_cantidad,vfm_unitario,vfm_total,vfm_entregado) VALUES (9432,78017204,1,120,120,@@@NO@@@)','',2,'2013-08-27'),(57527,'INSERT INTO gne_vale_ferreteria (vfe_id,vfe_fecha,vfe_total,vfe_estado,vfe_entregado,usu_nusuario) VALUES (9433,@@@2013.08.27@@@,1820,1,0,@@@b_SAEZ@@@)','',2,'2013-08-27'),(57528,'INSERT INTO gne_vale_ferreteria_mov (vfe_id,pro_codigo_plu,vfm_cantidad,vfm_unitario,vfm_total,vfm_entregado) VALUES (9433,763740,1,1350,1350,@@@NO@@@)','',2,'2013-08-27'),(57529,'INSERT INTO gne_vale_ferreteria_mov (vfe_id,pro_codigo_plu,vfm_cantidad,vfm_unitario,vfm_total,vfm_entregado) VALUES (9433,780220197,1,280,280,@@@NO@@@)','',2,'2013-08-27'),(57530,'INSERT INTO gne_vale_ferreteria_mov (vfe_id,pro_codigo_plu,vfm_cantidad,vfm_unitario,vfm_total,vfm_entregado) VALUES (9433,780721057,1,190,190,@@@NO@@@)','',2,'2013-08-27'),(57531,'INSERT INTO gne_vale_ferreteria (vfe_id,vfe_fecha,vfe_total,vfe_estado,vfe_entregado,usu_nusuario) VALUES (9434,@@@2013.08.27@@@,1160,1,0,@@@b_SAEZ@@@)','',2,'2013-08-27'),(57532,'INSERT INTO gne_vale_ferreteria_mov (vfe_id,pro_codigo_plu,vfm_cantidad,vfm_unitario,vfm_total,vfm_entregado) VALUES (9434,764506,2,490,980,@@@NO@@@)','',2,'2013-08-27'),(57533,'INSERT INTO gne_vale_ferreteria_mov (vfe_id,pro_codigo_plu,vfm_cantidad,vfm_unitario,vfm_total,vfm_entregado) VALUES (9434,15745,1,180,180,@@@NO@@@)','',2,'2013-08-27'),(57534,'INSERT INTO gne_vale_ferreteria (vfe_id,vfe_fecha,vfe_total,vfe_estado,vfe_entregado,usu_nusuario) VALUES (9435,@@@2013.08.27@@@,1100,1,0,@@@b_SAEZ@@@)','',2,'2013-08-27'),(57535,'INSERT INTO gne_vale_ferreteria_mov (vfe_id,pro_codigo_plu,vfm_cantidad,vfm_unitario,vfm_total,vfm_entregado) VALUES (9435,780721583,1,1100,1100,@@@NO@@@)','',2,'2013-08-27'),(57536,'INSERT INTO gne_vale_ferreteria (vfe_id,vfe_fecha,vfe_total,vfe_estado,vfe_entregado,usu_nusuario) VALUES (9436,@@@2013.08.27@@@,570,1,0,@@@b_SAEZ@@@)','',2,'2013-08-27'),(57537,'INSERT INTO gne_vale_ferreteria_mov (vfe_id,pro_codigo_plu,vfm_cantidad,vfm_unitario,vfm_total,vfm_entregado) VALUES (9436,764267,1,300,300,@@@NO@@@)','',2,'2013-08-27'),(57538,'INSERT INTO gne_vale_ferreteria_mov (vfe_id,pro_codigo_plu,vfm_cantidad,vfm_unitario,vfm_total,vfm_entregado) VALUES (9436,78017204,1,120,120,@@@NO@@@)','',2,'2013-08-27'),(57539,'INSERT INTO gne_vale_ferreteria_mov (vfe_id,pro_codigo_plu,vfm_cantidad,vfm_unitario,vfm_total,vfm_entregado) VALUES (9436,780721387,1,150,150,@@@NO@@@)','',2,'2013-08-27'),(57540,'INSERT INTO gne_vale_ferreteria (vfe_id,vfe_fecha,vfe_total,vfe_estado,vfe_entregado,usu_nusuario) VALUES (9437,@@@2013.08.27@@@,240,1,0,@@@b_SAEZ@@@)','',2,'2013-08-27'),(57541,'INSERT INTO gne_vale_ferreteria_mov (vfe_id,pro_codigo_plu,vfm_cantidad,vfm_unitario,vfm_total,vfm_entregado) VALUES (9437,78017002,2,120,240,@@@NO@@@)','',2,'2013-08-27'),(57542,'INSERT INTO gne_vale_ferreteria (vfe_id,vfe_fecha,vfe_total,vfe_estado,vfe_entregado,usu_nusuario) VALUES (9438,@@@2013.08.27@@@,440,1,0,@@@b_SAEZ@@@)','',2,'2013-08-27'),(57543,'INSERT INTO gne_vale_ferreteria_mov (vfe_id,pro_codigo_plu,vfm_cantidad,vfm_unitario,vfm_total,vfm_entregado) VALUES (9438,78017006,2,120,240,@@@NO@@@)','',2,'2013-08-27'),(57544,'INSERT INTO gne_vale_ferreteria_mov (vfe_id,pro_codigo_plu,vfm_cantidad,vfm_unitario,vfm_total,vfm_entregado) VALUES (9438,4080,2,40,80,@@@NO@@@)','',2,'2013-08-27'),(57545,'INSERT INTO gne_vale_ferreteria_mov (vfe_id,pro_codigo_plu,vfm_cantidad,vfm_unitario,vfm_total,vfm_entregado) VALUES (9438,8022,1,120,120,@@@NO@@@)','',2,'2013-08-27'),(57546,'INSERT INTO gne_vale_ferreteria (vfe_id,vfe_fecha,vfe_total,vfe_estado,vfe_entregado,usu_nusuario) VALUES (9439,@@@2013.08.27@@@,220,1,0,@@@b_SAEZ@@@)','',2,'2013-08-27'),(57547,'INSERT INTO gne_vale_ferreteria_mov (vfe_id,pro_codigo_plu,vfm_cantidad,vfm_unitario,vfm_total,vfm_entregado) VALUES (9439,764768,1,220,220,@@@NO@@@)','',2,'2013-08-27'),(57548,'INSERT INTO gne_vale_ferreteria (vfe_id,vfe_fecha,vfe_total,vfe_estado,vfe_entregado,usu_nusuario) VALUES (9440,@@@2013.08.27@@@,440,1,0,@@@b_SAEZ@@@)','',2,'2013-08-27'),(57549,'INSERT INTO gne_vale_ferreteria_mov (vfe_id,pro_codigo_plu,vfm_cantidad,vfm_unitario,vfm_total,vfm_entregado) VALUES (9440,764768,2,220,440,@@@NO@@@)','',2,'2013-08-27'),(57550,'INSERT INTO gne_vale_ferreteria (vfe_id,vfe_fecha,vfe_total,vfe_estado,vfe_entregado,usu_nusuario) VALUES (9441,@@@2013.08.27@@@,2490,1,0,@@@b_SAEZ@@@)','',2,'2013-08-27'),(57551,'INSERT INTO gne_vale_ferreteria_mov (vfe_id,pro_codigo_plu,vfm_cantidad,vfm_unitario,vfm_total,vfm_entregado) VALUES (9441,1467,1,2490,2490,@@@NO@@@)','',2,'2013-08-27'),(57552,'INSERT INTO gne_vale_ferreteria (vfe_id,vfe_fecha,vfe_total,vfe_estado,vfe_entregado,usu_nusuario) VALUES (9442,@@@2013.08.27@@@,250,1,0,@@@b_SAEZ@@@)','',2,'2013-08-27'),(57553,'INSERT INTO gne_vale_ferreteria_mov (vfe_id,pro_codigo_plu,vfm_cantidad,vfm_unitario,vfm_total,vfm_entregado) VALUES (9442,12608,1,250,250,@@@NO@@@)','',2,'2013-08-27'),(57554,'INSERT INTO gne_vale_ferreteria (vfe_id,vfe_fecha,vfe_total,vfe_estado,vfe_entregado,usu_nusuario) VALUES (9443,@@@2013.08.27@@@,490,1,0,@@@b_SAEZ@@@)','',2,'2013-08-27'),(57555,'INSERT INTO gne_vale_ferreteria_mov (vfe_id,pro_codigo_plu,vfm_cantidad,vfm_unitario,vfm_total,vfm_entregado) VALUES (9443,1538,1,490,490,@@@NO@@@)','',2,'2013-08-27'),(57556,'INSERT INTO com_ventas_grupo (vgr_fecha,vgr_grupo,vgr_cantidad,vgr_total) VALUES (@@@2013.08.21@@@,1,201.015,172581)','',2,'2013-08-27'),(57557,'INSERT INTO com_ventas_grupo (vgr_fecha,vgr_grupo,vgr_cantidad,vgr_total) VALUES (@@@2013.08.21@@@,2,160.13,77742)','',2,'2013-08-27'),(57558,'INSERT INTO com_ventas_grupo (vgr_fecha,vgr_grupo,vgr_cantidad,vgr_total) VALUES (@@@2013.08.21@@@,3,319,72204)','',2,'2013-08-27'),(57559,'INSERT INTO com_ventas_grupo (vgr_fecha,vgr_grupo,vgr_cantidad,vgr_total) VALUES (@@@2013.08.21@@@,4,67,50126)','',2,'2013-08-27'),(57560,'INSERT INTO com_ventas_grupo (vgr_fecha,vgr_grupo,vgr_cantidad,vgr_total) VALUES (@@@2013.08.21@@@,5,2,3580)','',2,'2013-08-27'),(57561,'INSERT INTO com_ventas_grupo (vgr_fecha,vgr_grupo,vgr_cantidad,vgr_total) VALUES (@@@2013.08.21@@@,6,12,25973)','',2,'2013-08-27'),(57562,'INSERT INTO com_ventas_grupo (vgr_fecha,vgr_grupo,vgr_cantidad,vgr_total) VALUES (@@@2013.08.21@@@,7,26,35461)','',2,'2013-08-27'),(57563,'INSERT INTO com_ventas_grupo (vgr_fecha,vgr_grupo,vgr_cantidad,vgr_total) VALUES (@@@2013.08.21@@@,8,33,18870)','',2,'2013-08-27'),(57564,'INSERT INTO com_ventas_grupo (vgr_fecha,vgr_grupo,vgr_cantidad,vgr_total) VALUES (@@@2013.08.21@@@,9,62.87,121998)','',2,'2013-08-27'),(57565,'INSERT INTO com_ventas_grupo (vgr_fecha,vgr_grupo,vgr_cantidad,vgr_total) VALUES (@@@2013.08.21@@@,10,60.07,164453)','',2,'2013-08-27'),(57566,'INSERT INTO com_ventas_grupo (vgr_fecha,vgr_grupo,vgr_cantidad,vgr_total) VALUES (@@@2013.08.21@@@,11,33.78,68534)','',2,'2013-08-27'),(57567,'INSERT INTO com_ventas_grupo (vgr_fecha,vgr_grupo,vgr_cantidad,vgr_total) VALUES (@@@2013.08.21@@@,12,35.815,57788)','',2,'2013-08-27'),(57568,'INSERT INTO com_ventas_grupo (vgr_fecha,vgr_grupo,vgr_cantidad,vgr_total) VALUES (@@@2013.08.21@@@,13,18.895,44399)','',2,'2013-08-27'),(57569,'INSERT INTO com_ventas_grupo (vgr_fecha,vgr_grupo,vgr_cantidad,vgr_total) VALUES (@@@2013.08.21@@@,14,108.29,99806)','',2,'2013-08-27'),(57570,'INSERT INTO com_ventas_grupo (vgr_fecha,vgr_grupo,vgr_cantidad,vgr_total) VALUES (@@@2013.08.21@@@,16,2,340)','',2,'2013-08-27'),(57571,'INSERT INTO com_ventas_grupo (vgr_fecha,vgr_grupo,vgr_cantidad,vgr_total) VALUES (@@@2013.08.21@@@,18,160.615,90544)','',2,'2013-08-27'),(57572,'INSERT INTO com_ventas_grupo (vgr_fecha,vgr_grupo,vgr_cantidad,vgr_total) VALUES (@@@2013.08.21@@@,20,94.34,28118)','',2,'2013-08-27'),(57573,'INSERT INTO com_ventas_grupo (vgr_fecha,vgr_grupo,vgr_cantidad,vgr_total) VALUES (@@@2013.08.21@@@,21,35,35239)','',2,'2013-08-27'),(57574,'INSERT INTO com_ventas_grupo (vgr_fecha,vgr_grupo,vgr_cantidad,vgr_total) VALUES (@@@2013.08.21@@@,23,7,21500)','',2,'2013-08-27'),(57575,'INSERT INTO com_ventas_grupo (vgr_fecha,vgr_grupo,vgr_cantidad,vgr_total) VALUES (@@@2013.08.21@@@,24,138,35920)','',2,'2013-08-27'),(57576,'INSERT INTO com_ventas_grupo (vgr_fecha,vgr_grupo,vgr_cantidad,vgr_total) VALUES (@@@2013.08.21@@@,25,85,126200)','',2,'2013-08-27'),(57577,'INSERT INTO com_ventas_grupo (vgr_fecha,vgr_grupo,vgr_cantidad,vgr_total) VALUES (@@@2013.08.21@@@,31,16,19660)','',2,'2013-08-27'),(57578,'INSERT INTO com_ventas_grupo (vgr_fecha,vgr_grupo,vgr_cantidad,vgr_total) VALUES (@@@2013.08.21@@@,32,289,76327)','',2,'2013-08-27'),(57579,'INSERT INTO com_ventas_grupo (vgr_fecha,vgr_grupo,vgr_cantidad,vgr_total) VALUES (@@@2013.08.21@@@,34,1,1200)','',2,'2013-08-27'),(57580,'INSERT INTO com_ventas_grupo (vgr_fecha,vgr_grupo,vgr_cantidad,vgr_total) VALUES (@@@2013.08.21@@@,35,8,4890)','',2,'2013-08-27'),(57581,'INSERT INTO com_ventas_grupo (vgr_fecha,vgr_grupo,vgr_cantidad,vgr_total) VALUES (@@@2013.08.21@@@,36,6,410)','',2,'2013-08-27'),(57582,'INSERT INTO com_ventas_grupo (vgr_fecha,vgr_grupo,vgr_cantidad,vgr_total) VALUES (@@@2013.08.21@@@,37,1,2990)','',2,'2013-08-27'),(57583,'INSERT INTO com_ventas_grupo (vgr_fecha,vgr_grupo,vgr_cantidad,vgr_total) VALUES (@@@2013.08.21@@@,39,1,3390)','',2,'2013-08-27'),(57584,'INSERT INTO com_ventas_grupo (vgr_fecha,vgr_grupo,vgr_cantidad,vgr_total) VALUES (@@@2013.08.21@@@,40,4676,4676)','',2,'2013-08-27'),(57585,'INSERT INTO com_ventas_grupo (vgr_fecha,vgr_grupo,vgr_cantidad,vgr_total) VALUES (@@@2013.08.21@@@,42,16.705,12500)','',2,'2013-08-27'),(57586,'UPDATE mae_datos_empresa SET emp_oferta=@@@NO@@@','',2,'2013-08-27'),(57587,'INSERT INTO com_ventas_grupo (vgr_fecha,vgr_grupo,vgr_cantidad,vgr_total) VALUES (@@@2013.08.22@@@,1,205.435,139870)','',2,'2013-08-27'),(57588,'INSERT INTO com_ventas_grupo (vgr_fecha,vgr_grupo,vgr_cantidad,vgr_total) VALUES (@@@2013.08.22@@@,2,156,83468)','',2,'2013-08-27'),(57589,'INSERT INTO com_ventas_grupo (vgr_fecha,vgr_grupo,vgr_cantidad,vgr_total) VALUES (@@@2013.08.22@@@,3,387,81988)','',2,'2013-08-27'),(57590,'INSERT INTO com_ventas_grupo (vgr_fecha,vgr_grupo,vgr_cantidad,vgr_total) VALUES (@@@2013.08.22@@@,4,65,55352)','',2,'2013-08-27'),(57591,'INSERT INTO com_ventas_grupo (vgr_fecha,vgr_grupo,vgr_cantidad,vgr_total) VALUES (@@@2013.08.22@@@,5,2,9580)','',2,'2013-08-27'),(57592,'INSERT INTO com_ventas_grupo (vgr_fecha,vgr_grupo,vgr_cantidad,vgr_total) VALUES (@@@2013.08.22@@@,6,17,27902)','',2,'2013-08-27'),(57593,'INSERT INTO com_ventas_grupo (vgr_fecha,vgr_grupo,vgr_cantidad,vgr_total) VALUES (@@@2013.08.22@@@,7,23,50351)','',2,'2013-08-27'),(57594,'INSERT INTO com_ventas_grupo (vgr_fecha,vgr_grupo,vgr_cantidad,vgr_total) VALUES (@@@2013.08.22@@@,8,30,16250)','',2,'2013-08-27'),(57595,'INSERT INTO com_ventas_grupo (vgr_fecha,vgr_grupo,vgr_cantidad,vgr_total) VALUES (@@@2013.08.22@@@,9,68.325,116099)','',2,'2013-08-27'),(57596,'INSERT INTO com_ventas_grupo (vgr_fecha,vgr_grupo,vgr_cantidad,vgr_total) VALUES (@@@2013.08.22@@@,10,43.245,105245)','',2,'2013-08-27'),(57597,'INSERT INTO com_ventas_grupo (vgr_fecha,vgr_grupo,vgr_cantidad,vgr_total) VALUES (@@@2013.08.22@@@,11,27.41,62543)','',2,'2013-08-27'),(57598,'INSERT INTO com_ventas_grupo (vgr_fecha,vgr_grupo,vgr_cantidad,vgr_total) VALUES (@@@2013.08.22@@@,12,42.21,66591)','',2,'2013-08-27'),(57599,'INSERT INTO com_ventas_grupo (vgr_fecha,vgr_grupo,vgr_cantidad,vgr_total) VALUES (@@@2013.08.22@@@,13,19.19,43685)','',2,'2013-08-27'),(57600,'INSERT INTO com_ventas_grupo (vgr_fecha,vgr_grupo,vgr_cantidad,vgr_total) VALUES (@@@2013.08.22@@@,14,95.41,86783)','',2,'2013-08-27'),(57601,'INSERT INTO com_ventas_grupo (vgr_fecha,vgr_grupo,vgr_cantidad,vgr_total) VALUES (@@@2013.08.22@@@,18,195.865,111838)','',2,'2013-08-27'),(57602,'INSERT INTO com_ventas_grupo (vgr_fecha,vgr_grupo,vgr_cantidad,vgr_total) VALUES (@@@2013.08.22@@@,20,120.515,40615)','',2,'2013-08-27'),(57603,'INSERT INTO com_ventas_grupo (vgr_fecha,vgr_grupo,vgr_cantidad,vgr_total) VALUES (@@@2013.08.22@@@,21,38,30108)','',2,'2013-08-27'),(57604,'INSERT INTO com_ventas_grupo (vgr_fecha,vgr_grupo,vgr_cantidad,vgr_total) VALUES (@@@2013.08.22@@@,23,4,2880)','',2,'2013-08-27'),(57605,'INSERT INTO com_ventas_grupo (vgr_fecha,vgr_grupo,vgr_cantidad,vgr_total) VALUES (@@@2013.08.22@@@,24,159,26209)','',2,'2013-08-27'),(57606,'INSERT INTO com_ventas_grupo (vgr_fecha,vgr_grupo,vgr_cantidad,vgr_total) VALUES (@@@2013.08.22@@@,25,94,136100)','',2,'2013-08-27'),(57607,'INSERT INTO com_ventas_grupo (vgr_fecha,vgr_grupo,vgr_cantidad,vgr_total) VALUES (@@@2013.08.22@@@,31,9,9769)','',2,'2013-08-27'),(57608,'INSERT INTO com_ventas_grupo (vgr_fecha,vgr_grupo,vgr_cantidad,vgr_total) VALUES (@@@2013.08.22@@@,32,262,89492)','',2,'2013-08-27'),(57609,'INSERT INTO com_ventas_grupo (vgr_fecha,vgr_grupo,vgr_cantidad,vgr_total) VALUES (@@@2013.08.22@@@,35,15,12720)','',2,'2013-08-27'),(57610,'INSERT INTO com_ventas_grupo (vgr_fecha,vgr_grupo,vgr_cantidad,vgr_total) VALUES (@@@2013.08.22@@@,36,4,1570)','',2,'2013-08-27'),(57611,'INSERT INTO com_ventas_grupo (vgr_fecha,vgr_grupo,vgr_cantidad,vgr_total) VALUES (@@@2013.08.22@@@,37,1,990)','',2,'2013-08-27'),(57612,'INSERT INTO com_ventas_grupo (vgr_fecha,vgr_grupo,vgr_cantidad,vgr_total) VALUES (@@@2013.08.22@@@,38,5,8650)','',2,'2013-08-27'),(57613,'INSERT INTO com_ventas_grupo (vgr_fecha,vgr_grupo,vgr_cantidad,vgr_total) VALUES (@@@2013.08.22@@@,39,2,2710)','',2,'2013-08-27'),(57614,'INSERT INTO com_ventas_grupo (vgr_fecha,vgr_grupo,vgr_cantidad,vgr_total) VALUES (@@@2013.08.22@@@,40,15226,15405)','',2,'2013-08-27'),(57615,'INSERT INTO com_ventas_grupo (vgr_fecha,vgr_grupo,vgr_cantidad,vgr_total) VALUES (@@@2013.08.22@@@,41,1,490)','',2,'2013-08-27'),(57616,'INSERT INTO com_ventas_grupo (vgr_fecha,vgr_grupo,vgr_cantidad,vgr_total) VALUES (@@@2013.08.22@@@,42,24.5,27034)','',2,'2013-08-27'),(57617,'UPDATE mae_datos_empresa SET emp_oferta=@@@NO@@@','',2,'2013-08-27'),(57618,'INSERT INTO com_ventas_grupo (vgr_fecha,vgr_grupo,vgr_cantidad,vgr_total) VALUES (@@@2013.08.23@@@,1,316.04,309567)','',2,'2013-08-27'),(57619,'INSERT INTO com_ventas_grupo (vgr_fecha,vgr_grupo,vgr_cantidad,vgr_total) VALUES (@@@2013.08.23@@@,2,226.935,136738)','',2,'2013-08-27'),(57620,'INSERT INTO com_ventas_grupo (vgr_fecha,vgr_grupo,vgr_cantidad,vgr_total) VALUES (@@@2013.08.23@@@,3,351,77994)','',2,'2013-08-27'),(57621,'INSERT INTO com_ventas_grupo (vgr_fecha,vgr_grupo,vgr_cantidad,vgr_total) VALUES (@@@2013.08.23@@@,4,89,83191)','',2,'2013-08-27'),(57622,'INSERT INTO com_ventas_grupo (vgr_fecha,vgr_grupo,vgr_cantidad,vgr_total) VALUES (@@@2013.08.23@@@,5,4,15360)','',2,'2013-08-27'),(57623,'INSERT INTO com_ventas_grupo (vgr_fecha,vgr_grupo,vgr_cantidad,vgr_total) VALUES (@@@2013.08.23@@@,6,22,41987)','',2,'2013-08-27'),(57624,'INSERT INTO com_ventas_grupo (vgr_fecha,vgr_grupo,vgr_cantidad,vgr_total) VALUES (@@@2013.08.23@@@,7,42,82096)','',2,'2013-08-27'),(57625,'INSERT INTO com_ventas_grupo (vgr_fecha,vgr_grupo,vgr_cantidad,vgr_total) VALUES (@@@2013.08.23@@@,8,39,26230)','',2,'2013-08-27'),(57626,'INSERT INTO com_ventas_grupo (vgr_fecha,vgr_grupo,vgr_cantidad,vgr_total) VALUES (@@@2013.08.23@@@,9,93.765,169270)','',2,'2013-08-27'),(57627,'INSERT INTO com_ventas_grupo (vgr_fecha,vgr_grupo,vgr_cantidad,vgr_total) VALUES (@@@2013.08.23@@@,10,52.13,155627)','',2,'2013-08-27'),(57628,'INSERT INTO com_ventas_grupo (vgr_fecha,vgr_grupo,vgr_cantidad,vgr_total) VALUES (@@@2013.08.23@@@,11,24.74,63004)','',2,'2013-08-27'),(57629,'INSERT INTO com_ventas_grupo (vgr_fecha,vgr_grupo,vgr_cantidad,vgr_total) VALUES (@@@2013.08.23@@@,12,50.24,77382)','',2,'2013-08-27'),(57630,'INSERT INTO com_ventas_grupo (vgr_fecha,vgr_grupo,vgr_cantidad,vgr_total) VALUES (@@@2013.08.23@@@,13,13.435,38849)','',2,'2013-08-27'),(57631,'INSERT INTO com_ventas_grupo (vgr_fecha,vgr_grupo,vgr_cantidad,vgr_total) VALUES (@@@2013.08.23@@@,14,105.56,99698)','',2,'2013-08-27'),(57632,'INSERT INTO com_ventas_grupo (vgr_fecha,vgr_grupo,vgr_cantidad,vgr_total) VALUES (@@@2013.08.23@@@,16,1,150)','',2,'2013-08-27'),(57633,'INSERT INTO com_ventas_grupo (vgr_fecha,vgr_grupo,vgr_cantidad,vgr_total) VALUES (@@@2013.08.23@@@,18,218.235,132871)','',2,'2013-08-27'),(57634,'INSERT INTO com_ventas_grupo (vgr_fecha,vgr_grupo,vgr_cantidad,vgr_total) VALUES (@@@2013.08.23@@@,20,182.71,51539)','',2,'2013-08-27'),(57635,'INSERT INTO com_ventas_grupo (vgr_fecha,vgr_grupo,vgr_cantidad,vgr_total) VALUES (@@@2013.08.23@@@,21,44,56720)','',2,'2013-08-27'),(57636,'INSERT INTO com_ventas_grupo (vgr_fecha,vgr_grupo,vgr_cantidad,vgr_total) VALUES (@@@2013.08.23@@@,23,7,16700)','',2,'2013-08-27'),(57637,'INSERT INTO com_ventas_grupo (vgr_fecha,vgr_grupo,vgr_cantidad,vgr_total) VALUES (@@@2013.08.23@@@,24,74,18080)','',2,'2013-08-27'),(57638,'INSERT INTO com_ventas_grupo (vgr_fecha,vgr_grupo,vgr_cantidad,vgr_total) VALUES (@@@2013.08.23@@@,25,94,135900)','',2,'2013-08-27'),(57639,'INSERT INTO com_ventas_grupo (vgr_fecha,vgr_grupo,vgr_cantidad,vgr_total) VALUES (@@@2013.08.23@@@,31,24,16755)','',2,'2013-08-27'),(57640,'INSERT INTO com_ventas_grupo (vgr_fecha,vgr_grupo,vgr_cantidad,vgr_total) VALUES (@@@2013.08.23@@@,32,320,124845)','',2,'2013-08-27'),(57641,'INSERT INTO com_ventas_grupo (vgr_fecha,vgr_grupo,vgr_cantidad,vgr_total) VALUES (@@@2013.08.23@@@,34,2,2400)','',2,'2013-08-27'),(57642,'INSERT INTO com_ventas_grupo (vgr_fecha,vgr_grupo,vgr_cantidad,vgr_total) VALUES (@@@2013.08.23@@@,35,37,46133)','',2,'2013-08-27'),(57643,'INSERT INTO com_ventas_grupo (vgr_fecha,vgr_grupo,vgr_cantidad,vgr_total) VALUES (@@@2013.08.23@@@,36,17,3330)','',2,'2013-08-27'),(57644,'INSERT INTO com_ventas_grupo (vgr_fecha,vgr_grupo,vgr_cantidad,vgr_total) VALUES (@@@2013.08.23@@@,37,1,2990)','',2,'2013-08-27'),(57645,'INSERT INTO com_ventas_grupo (vgr_fecha,vgr_grupo,vgr_cantidad,vgr_total) VALUES (@@@2013.08.23@@@,38,1,390)','',2,'2013-08-27'),(57646,'INSERT INTO com_ventas_grupo (vgr_fecha,vgr_grupo,vgr_cantidad,vgr_total) VALUES (@@@2013.08.23@@@,39,4,7380)','',2,'2013-08-27'),(57647,'INSERT INTO com_ventas_grupo (vgr_fecha,vgr_grupo,vgr_cantidad,vgr_total) VALUES (@@@2013.08.23@@@,40,15873,16410)','',2,'2013-08-27'),(57648,'INSERT INTO com_ventas_grupo (vgr_fecha,vgr_grupo,vgr_cantidad,vgr_total) VALUES (@@@2013.08.23@@@,42,27.035,19846)','',2,'2013-08-27'),(57649,'INSERT INTO com_ventas_grupo (vgr_fecha,vgr_grupo,vgr_cantidad,vgr_total) VALUES (@@@2013.08.23@@@,44,1,2650)','',2,'2013-08-27'),(57650,'UPDATE mae_datos_empresa SET emp_oferta=@@@NO@@@','',2,'2013-08-27'),(57651,'INSERT INTO com_ventas_grupo (vgr_fecha,vgr_grupo,vgr_cantidad,vgr_total) VALUES (@@@2013.08.24@@@,1,134.83,117012)','',2,'2013-08-27'),(57652,'INSERT INTO com_ventas_grupo (vgr_fecha,vgr_grupo,vgr_cantidad,vgr_total) VALUES (@@@2013.08.24@@@,2,168.53,107528)','',2,'2013-08-27'),(57653,'INSERT INTO com_ventas_grupo (vgr_fecha,vgr_grupo,vgr_cantidad,vgr_total) VALUES (@@@2013.08.24@@@,3,303,59803)','',2,'2013-08-27'),(57654,'INSERT INTO com_ventas_grupo (vgr_fecha,vgr_grupo,vgr_cantidad,vgr_total) VALUES (@@@2013.08.24@@@,4,95,82775)','',2,'2013-08-27'),(57655,'INSERT INTO com_ventas_grupo (vgr_fecha,vgr_grupo,vgr_cantidad,vgr_total) VALUES (@@@2013.08.24@@@,5,12,46685)','',2,'2013-08-27'),(57656,'INSERT INTO com_ventas_grupo (vgr_fecha,vgr_grupo,vgr_cantidad,vgr_total) VALUES (@@@2013.08.24@@@,6,32,57309)','',2,'2013-08-27'),(57657,'INSERT INTO com_ventas_grupo (vgr_fecha,vgr_grupo,vgr_cantidad,vgr_total) VALUES (@@@2013.08.24@@@,7,63,111145)','',2,'2013-08-27'),(57658,'INSERT INTO com_ventas_grupo (vgr_fecha,vgr_grupo,vgr_cantidad,vgr_total) VALUES (@@@2013.08.24@@@,8,30,20680)','',2,'2013-08-27'),(57659,'INSERT INTO com_ventas_grupo (vgr_fecha,vgr_grupo,vgr_cantidad,vgr_total) VALUES (@@@2013.08.24@@@,9,113.15,205461)','',2,'2013-08-27'),(57660,'INSERT INTO com_ventas_grupo (vgr_fecha,vgr_grupo,vgr_cantidad,vgr_total) VALUES (@@@2013.08.24@@@,10,47.935,183897)','',2,'2013-08-27'),(57661,'INSERT INTO com_ventas_grupo (vgr_fecha,vgr_grupo,vgr_cantidad,vgr_total) VALUES (@@@2013.08.24@@@,11,28.6,91011)','',2,'2013-08-27'),(57662,'INSERT INTO com_ventas_grupo (vgr_fecha,vgr_grupo,vgr_cantidad,vgr_total) VALUES (@@@2013.08.24@@@,12,43.765,85222)','',2,'2013-08-27'),(57663,'INSERT INTO com_ventas_grupo (vgr_fecha,vgr_grupo,vgr_cantidad,vgr_total) VALUES (@@@2013.08.24@@@,13,10.525,37321)','',2,'2013-08-27'),(57664,'INSERT INTO com_ventas_grupo (vgr_fecha,vgr_grupo,vgr_cantidad,vgr_total) VALUES (@@@2013.08.24@@@,14,101.96,92546)','',2,'2013-08-27'),(57665,'INSERT INTO com_ventas_grupo (vgr_fecha,vgr_grupo,vgr_cantidad,vgr_total) VALUES (@@@2013.08.24@@@,18,207.53,117070)','',2,'2013-08-27'),(57666,'INSERT INTO com_ventas_grupo (vgr_fecha,vgr_grupo,vgr_cantidad,vgr_total) VALUES (@@@2013.08.24@@@,20,133.595,44518)','',2,'2013-08-27'),(57667,'INSERT INTO com_ventas_grupo (vgr_fecha,vgr_grupo,vgr_cantidad,vgr_total) VALUES (@@@2013.08.24@@@,21,60,51019)','',2,'2013-08-27'),(57668,'INSERT INTO com_ventas_grupo (vgr_fecha,vgr_grupo,vgr_cantidad,vgr_total) VALUES (@@@2013.08.24@@@,22,2,1980)','',2,'2013-08-27'),(57669,'INSERT INTO com_ventas_grupo (vgr_fecha,vgr_grupo,vgr_cantidad,vgr_total) VALUES (@@@2013.08.24@@@,23,16,34240)','',2,'2013-08-27'),(57670,'INSERT INTO com_ventas_grupo (vgr_fecha,vgr_grupo,vgr_cantidad,vgr_total) VALUES (@@@2013.08.24@@@,24,95,16820)','',2,'2013-08-27'),(57671,'INSERT INTO com_ventas_grupo (vgr_fecha,vgr_grupo,vgr_cantidad,vgr_total) VALUES (@@@2013.08.24@@@,25,84,127700)','',2,'2013-08-27'),(57672,'INSERT INTO com_ventas_grupo (vgr_fecha,vgr_grupo,vgr_cantidad,vgr_total) VALUES (@@@2013.08.24@@@,31,16,14350)','',2,'2013-08-27'),(57673,'INSERT INTO com_ventas_grupo (vgr_fecha,vgr_grupo,vgr_cantidad,vgr_total) VALUES (@@@2013.08.24@@@,32,325,120786)','',2,'2013-08-27'),(57674,'INSERT INTO com_ventas_grupo (vgr_fecha,vgr_grupo,vgr_cantidad,vgr_total) VALUES (@@@2013.08.24@@@,34,1,1200)','',2,'2013-08-27'),(57675,'INSERT INTO com_ventas_grupo (vgr_fecha,vgr_grupo,vgr_cantidad,vgr_total) VALUES (@@@2013.08.24@@@,35,29,27030)','',2,'2013-08-27'),(57676,'INSERT INTO com_ventas_grupo (vgr_fecha,vgr_grupo,vgr_cantidad,vgr_total) VALUES (@@@2013.08.24@@@,36,34,3500)','',2,'2013-08-27'),(57677,'INSERT INTO com_ventas_grupo (vgr_fecha,vgr_grupo,vgr_cantidad,vgr_total) VALUES (@@@2013.08.24@@@,38,4,9660)','',2,'2013-08-27'),(57678,'INSERT INTO com_ventas_grupo (vgr_fecha,vgr_grupo,vgr_cantidad,vgr_total) VALUES (@@@2013.08.24@@@,39,9,8550)','',2,'2013-08-27'),(57679,'INSERT INTO com_ventas_grupo (vgr_fecha,vgr_grupo,vgr_cantidad,vgr_total) VALUES (@@@2013.08.24@@@,40,9600,9600)','',2,'2013-08-27'),(57680,'INSERT INTO com_ventas_grupo (vgr_fecha,vgr_grupo,vgr_cantidad,vgr_total) VALUES (@@@2013.08.24@@@,42,22.38,20283)','',2,'2013-08-27'),(57681,'UPDATE mae_datos_empresa SET emp_oferta=@@@NO@@@','',2,'2013-08-27'),(57682,'INSERT INTO com_ventas_grupo (vgr_fecha,vgr_grupo,vgr_cantidad,vgr_total) VALUES (@@@2013.08.25@@@,1,213.665,140000)','',2,'2013-08-27'),(57683,'INSERT INTO com_ventas_grupo (vgr_fecha,vgr_grupo,vgr_cantidad,vgr_total) VALUES (@@@2013.08.25@@@,2,207.26,116439)','',2,'2013-08-27'),(57684,'INSERT INTO com_ventas_grupo (vgr_fecha,vgr_grupo,vgr_cantidad,vgr_total) VALUES (@@@2013.08.25@@@,3,456,102459)','',2,'2013-08-27'),(57685,'INSERT INTO com_ventas_grupo (vgr_fecha,vgr_grupo,vgr_cantidad,vgr_total) VALUES (@@@2013.08.25@@@,4,85,81571)','',2,'2013-08-27'),(57686,'INSERT INTO com_ventas_grupo (vgr_fecha,vgr_grupo,vgr_cantidad,vgr_total) VALUES (@@@2013.08.25@@@,5,1,1790)','',2,'2013-08-27'),(57687,'INSERT INTO com_ventas_grupo (vgr_fecha,vgr_grupo,vgr_cantidad,vgr_total) VALUES (@@@2013.08.25@@@,6,27,41579)','',2,'2013-08-27'),(57688,'INSERT INTO com_ventas_grupo (vgr_fecha,vgr_grupo,vgr_cantidad,vgr_total) VALUES (@@@2013.08.25@@@,7,79,134386)','',2,'2013-08-27'),(57689,'INSERT INTO com_ventas_grupo (vgr_fecha,vgr_grupo,vgr_cantidad,vgr_total) VALUES (@@@2013.08.25@@@,8,56,25850)','',2,'2013-08-27'),(57690,'INSERT INTO com_ventas_grupo (vgr_fecha,vgr_grupo,vgr_cantidad,vgr_total) VALUES (@@@2013.08.25@@@,9,101.01,194893)','',2,'2013-08-27'),(57691,'INSERT INTO com_ventas_grupo (vgr_fecha,vgr_grupo,vgr_cantidad,vgr_total) VALUES (@@@2013.08.25@@@,10,52.565,179248)','',2,'2013-08-27'),(57692,'INSERT INTO com_ventas_grupo (vgr_fecha,vgr_grupo,vgr_cantidad,vgr_total) VALUES (@@@2013.08.25@@@,11,32.535,109113)','',2,'2013-08-27'),(57693,'INSERT INTO com_ventas_grupo (vgr_fecha,vgr_grupo,vgr_cantidad,vgr_total) VALUES (@@@2013.08.25@@@,12,43.835,83000)','',2,'2013-08-27'),(57694,'INSERT INTO com_ventas_grupo (vgr_fecha,vgr_grupo,vgr_cantidad,vgr_total) VALUES (@@@2013.08.25@@@,13,11.905,43229)','',2,'2013-08-27'),(57695,'INSERT INTO com_ventas_grupo (vgr_fecha,vgr_grupo,vgr_cantidad,vgr_total) VALUES (@@@2013.08.25@@@,14,109.395,98348)','',2,'2013-08-27'),(57696,'INSERT INTO com_ventas_grupo (vgr_fecha,vgr_grupo,vgr_cantidad,vgr_total) VALUES (@@@2013.08.25@@@,18,133.44,77348)','',2,'2013-08-27'),(57697,'INSERT INTO com_ventas_grupo (vgr_fecha,vgr_grupo,vgr_cantidad,vgr_total) VALUES (@@@2013.08.25@@@,19,1,500)','',2,'2013-08-27'),(57698,'INSERT INTO com_ventas_grupo (vgr_fecha,vgr_grupo,vgr_cantidad,vgr_total) VALUES (@@@2013.08.25@@@,20,125.66,54208)','',2,'2013-08-27'),(57699,'INSERT INTO com_ventas_grupo (vgr_fecha,vgr_grupo,vgr_cantidad,vgr_total) VALUES (@@@2013.08.25@@@,21,53,40788)','',2,'2013-08-27'),(57700,'INSERT INTO com_ventas_grupo (vgr_fecha,vgr_grupo,vgr_cantidad,vgr_total) VALUES (@@@2013.08.25@@@,23,16,15951)','',2,'2013-08-27'),(57701,'INSERT INTO com_ventas_grupo (vgr_fecha,vgr_grupo,vgr_cantidad,vgr_total) VALUES (@@@2013.08.25@@@,24,115,23638)','',2,'2013-08-27'),(57702,'INSERT INTO com_ventas_grupo (vgr_fecha,vgr_grupo,vgr_cantidad,vgr_total) VALUES (@@@2013.08.25@@@,25,70,106400)','',2,'2013-08-27'),(57703,'INSERT INTO com_ventas_grupo (vgr_fecha,vgr_grupo,vgr_cantidad,vgr_total) VALUES (@@@2013.08.25@@@,31,6,4679)','',2,'2013-08-27'),(57704,'INSERT INTO com_ventas_grupo (vgr_fecha,vgr_grupo,vgr_cantidad,vgr_total) VALUES (@@@2013.08.25@@@,32,307,112769)','',2,'2013-08-27'),(57705,'INSERT INTO com_ventas_grupo (vgr_fecha,vgr_grupo,vgr_cantidad,vgr_total) VALUES (@@@2013.08.25@@@,34,3,3600)','',2,'2013-08-27'),(57706,'INSERT INTO com_ventas_grupo (vgr_fecha,vgr_grupo,vgr_cantidad,vgr_total) VALUES (@@@2013.08.25@@@,35,26,29779)','',2,'2013-08-27'),(57707,'INSERT INTO com_ventas_grupo (vgr_fecha,vgr_grupo,vgr_cantidad,vgr_total) VALUES (@@@2013.08.25@@@,36,30,2850)','',2,'2013-08-27'),(57708,'INSERT INTO com_ventas_grupo (vgr_fecha,vgr_grupo,vgr_cantidad,vgr_total) VALUES (@@@2013.08.25@@@,37,1,1290)','',2,'2013-08-27'),(57709,'INSERT INTO com_ventas_grupo (vgr_fecha,vgr_grupo,vgr_cantidad,vgr_total) VALUES (@@@2013.08.25@@@,38,5,5150)','',2,'2013-08-27'),(57710,'INSERT INTO com_ventas_grupo (vgr_fecha,vgr_grupo,vgr_cantidad,vgr_total) VALUES (@@@2013.08.25@@@,39,1,750)','',2,'2013-08-27'),(57711,'INSERT INTO com_ventas_grupo (vgr_fecha,vgr_grupo,vgr_cantidad,vgr_total) VALUES (@@@2013.08.25@@@,40,13077,13077)','',2,'2013-08-27'),(57712,'INSERT INTO com_ventas_grupo (vgr_fecha,vgr_grupo,vgr_cantidad,vgr_total) VALUES (@@@2013.08.25@@@,42,15.475,16254)','',2,'2013-08-27'),(57713,'INSERT INTO com_ventas_grupo (vgr_fecha,vgr_grupo,vgr_cantidad,vgr_total) VALUES (@@@2013.08.25@@@,44,2,5300)','',2,'2013-08-27'),(57714,'UPDATE mae_datos_empresa SET emp_oferta=@@@NO@@@','',2,'2013-08-27'),(57715,'UPDATE mae_datos_empresa SET emp_oferta=@@@NO@@@','',2,'2013-08-27'),(57716,'INSERT INTO com_ventas_grupo (vgr_fecha,vgr_grupo,vgr_cantidad,vgr_total) VALUES (@@@2013.08.27@@@,1,237.08,196228)','',2,'2013-08-27'),(57717,'INSERT INTO com_ventas_grupo (vgr_fecha,vgr_grupo,vgr_cantidad,vgr_total) VALUES (@@@2013.08.27@@@,2,146.73,82235)','',2,'2013-08-27'),(57718,'INSERT INTO com_ventas_grupo (vgr_fecha,vgr_grupo,vgr_cantidad,vgr_total) VALUES (@@@2013.08.27@@@,3,370,72953)','',2,'2013-08-27'),(57719,'INSERT INTO com_ventas_grupo (vgr_fecha,vgr_grupo,vgr_cantidad,vgr_total) VALUES (@@@2013.08.27@@@,4,63,50646)','',2,'2013-08-27'),(57720,'INSERT INTO com_ventas_grupo (vgr_fecha,vgr_grupo,vgr_cantidad,vgr_total) VALUES (@@@2013.08.27@@@,5,2,6099)','',2,'2013-08-27'),(57721,'INSERT INTO com_ventas_grupo (vgr_fecha,vgr_grupo,vgr_cantidad,vgr_total) VALUES (@@@2013.08.27@@@,6,8,11808)','',2,'2013-08-27'),(57722,'INSERT INTO com_ventas_grupo (vgr_fecha,vgr_grupo,vgr_cantidad,vgr_total) VALUES (@@@2013.08.27@@@,7,28,50960)','',2,'2013-08-27'),(57723,'INSERT INTO com_ventas_grupo (vgr_fecha,vgr_grupo,vgr_cantidad,vgr_total) VALUES (@@@2013.08.27@@@,8,41,22380)','',2,'2013-08-27'),(57724,'INSERT INTO com_ventas_grupo (vgr_fecha,vgr_grupo,vgr_cantidad,vgr_total) VALUES (@@@2013.08.27@@@,9,48.295,92112)','',2,'2013-08-27'),(57725,'INSERT INTO com_ventas_grupo (vgr_fecha,vgr_grupo,vgr_cantidad,vgr_total) VALUES (@@@2013.08.27@@@,10,41.875,118702)','',2,'2013-08-27'),(57726,'INSERT INTO com_ventas_grupo (vgr_fecha,vgr_grupo,vgr_cantidad,vgr_total) VALUES (@@@2013.08.27@@@,11,7.325,23778)','',2,'2013-08-27'),(57727,'INSERT INTO com_ventas_grupo (vgr_fecha,vgr_grupo,vgr_cantidad,vgr_total) VALUES (@@@2013.08.27@@@,12,35.975,59862)','',2,'2013-08-27'),(57728,'INSERT INTO com_ventas_grupo (vgr_fecha,vgr_grupo,vgr_cantidad,vgr_total) VALUES (@@@2013.08.27@@@,13,13.47,24594)','',2,'2013-08-27'),(57729,'INSERT INTO com_ventas_grupo (vgr_fecha,vgr_grupo,vgr_cantidad,vgr_total) VALUES (@@@2013.08.27@@@,14,91.17,83241)','',2,'2013-08-27'),(57730,'INSERT INTO com_ventas_grupo (vgr_fecha,vgr_grupo,vgr_cantidad,vgr_total) VALUES (@@@2013.08.27@@@,16,3,510)','',2,'2013-08-27'),(57731,'INSERT INTO com_ventas_grupo (vgr_fecha,vgr_grupo,vgr_cantidad,vgr_total) VALUES (@@@2013.08.27@@@,18,172.765,101090)','',2,'2013-08-27'),(57732,'INSERT INTO com_ventas_grupo (vgr_fecha,vgr_grupo,vgr_cantidad,vgr_total) VALUES (@@@2013.08.27@@@,19,2,1000)','',2,'2013-08-27'),(57733,'INSERT INTO com_ventas_grupo (vgr_fecha,vgr_grupo,vgr_cantidad,vgr_total) VALUES (@@@2013.08.27@@@,20,106.88,36197)','',2,'2013-08-27'),(57734,'INSERT INTO com_ventas_grupo (vgr_fecha,vgr_grupo,vgr_cantidad,vgr_total) VALUES (@@@2013.08.27@@@,21,31,29979)','',2,'2013-08-27'),(57735,'INSERT INTO com_ventas_grupo (vgr_fecha,vgr_grupo,vgr_cantidad,vgr_total) VALUES (@@@2013.08.27@@@,23,10,15370)','',2,'2013-08-27'),(57736,'INSERT INTO com_ventas_grupo (vgr_fecha,vgr_grupo,vgr_cantidad,vgr_total) VALUES (@@@2013.08.27@@@,24,129,30685)','',2,'2013-08-27'),(57737,'INSERT INTO com_ventas_grupo (vgr_fecha,vgr_grupo,vgr_cantidad,vgr_total) VALUES (@@@2013.08.27@@@,25,72,97200)','',2,'2013-08-27'),(57738,'INSERT INTO com_ventas_grupo (vgr_fecha,vgr_grupo,vgr_cantidad,vgr_total) VALUES (@@@2013.08.27@@@,31,22,15960)','',2,'2013-08-27'),(57739,'INSERT INTO com_ventas_grupo (vgr_fecha,vgr_grupo,vgr_cantidad,vgr_total) VALUES (@@@2013.08.27@@@,32,270,94170)','',2,'2013-08-27'),(57740,'INSERT INTO com_ventas_grupo (vgr_fecha,vgr_grupo,vgr_cantidad,vgr_total) VALUES (@@@2013.08.27@@@,35,12,15985)','',2,'2013-08-27'),(57741,'INSERT INTO com_ventas_grupo (vgr_fecha,vgr_grupo,vgr_cantidad,vgr_total) VALUES (@@@2013.08.27@@@,36,16,1810)','',2,'2013-08-27'),(57742,'INSERT INTO com_ventas_grupo (vgr_fecha,vgr_grupo,vgr_cantidad,vgr_total) VALUES (@@@2013.08.27@@@,37,2,3690)','',2,'2013-08-27'),(57743,'INSERT INTO com_ventas_grupo (vgr_fecha,vgr_grupo,vgr_cantidad,vgr_total) VALUES (@@@2013.08.27@@@,38,3,3770)','',2,'2013-08-27'),(57744,'INSERT INTO com_ventas_grupo (vgr_fecha,vgr_grupo,vgr_cantidad,vgr_total) VALUES (@@@2013.08.27@@@,39,4,2570)','',2,'2013-08-27'),(57745,'INSERT INTO com_ventas_grupo (vgr_fecha,vgr_grupo,vgr_cantidad,vgr_total) VALUES (@@@2013.08.27@@@,40,4437,4437)','',2,'2013-08-27'),(57746,'INSERT INTO com_ventas_grupo (vgr_fecha,vgr_grupo,vgr_cantidad,vgr_total) VALUES (@@@2013.08.27@@@,41,5,770)','',2,'2013-08-27'),(57747,'INSERT INTO com_ventas_grupo (vgr_fecha,vgr_grupo,vgr_cantidad,vgr_total) VALUES (@@@2013.08.27@@@,42,40.915,37445)','',2,'2013-08-27'),(57748,'UPDATE mae_datos_empresa SET emp_oferta=@@@NO@@@','',2,'2013-08-27'),(57749,'DELETE FROM com_ventas_grupo WHERE vgr_fecha=@@@2013-08-27@@@','',2,'2013-08-27'),(57750,'DELETE FROM com_ventas_horario WHERE vho_fecha=@@@2013-08-27@@@','',2,'2013-08-27'),(57751,'DELETE FROM com_ventas_medios_pagos WHERE vmp_fecha=@@@2013-08-27@@@','',2,'2013-08-27'),(57752,'DELETE FROM com_ventas_vendedor WHERE vve_fecha=@@@2013-08-27@@@','',2,'2013-08-27'),(57753,'DELETE FROM com_ventas_productos WHERE vpr_fecha=@@@2013-08-27@@@','',2,'2013-08-27'),(57754,'UPDATE com_descuentos_ventas SET dve_descuentos=0,dve_descuentos_pack=0,dve_descuentos_puntos=0 WHERE dve_fecha=@@@2013-08-27@@@','',2,'2013-08-27'),(57755,'INSERT INTO gne_vale_ferreteria (vfe_id,vfe_fecha,vfe_total,vfe_estado,vfe_entregado,usu_nusuario) VALUES (9444,@@@2013.08.27@@@,120,1,0,@@@b_SAEZ@@@)','',2,'2013-08-27'),(57756,'INSERT INTO gne_vale_ferreteria_mov (vfe_id,pro_codigo_plu,vfm_cantidad,vfm_unitario,vfm_total,vfm_entregado) VALUES (9444,8022,1,120,120,@@@NO@@@)','',2,'2013-08-27'),(57757,'INSERT INTO gne_vale_ferreteria (vfe_id,vfe_fecha,vfe_total,vfe_estado,vfe_entregado,usu_nusuario) VALUES (9445,@@@2013.08.27@@@,120,1,0,@@@b_SAEZ@@@)','',2,'2013-08-27'),(57758,'INSERT INTO gne_vale_ferreteria_mov (vfe_id,pro_codigo_plu,vfm_cantidad,vfm_unitario,vfm_total,vfm_entregado) VALUES (9445,12085,1,120,120,@@@NO@@@)','',2,'2013-08-27'),(57759,'INSERT INTO gne_vale_ferreteria (vfe_id,vfe_fecha,vfe_total,vfe_estado,vfe_entregado,usu_nusuario) VALUES (9446,@@@2013.08.28@@@,6990,1,0,@@@M_SANDOVAL@@@)','',2,'2013-08-28'),(57760,'INSERT INTO gne_vale_ferreteria_mov (vfe_id,pro_codigo_plu,vfm_cantidad,vfm_unitario,vfm_total,vfm_entregado) VALUES (9446,764483,1,6990,6990,@@@NO@@@)','',2,'2013-08-28'),(57761,'INSERT INTO gne_vale_ferreteria (vfe_id,vfe_fecha,vfe_total,vfe_estado,vfe_entregado,usu_nusuario) VALUES (9447,@@@2013.08.28@@@,450,1,0,@@@M_SANDOVAL@@@)','',2,'2013-08-28'),(57762,'INSERT INTO gne_vale_ferreteria_mov (vfe_id,pro_codigo_plu,vfm_cantidad,vfm_unitario,vfm_total,vfm_entregado) VALUES (9447,761962,1,450,450,@@@NO@@@)','',2,'2013-08-28'),(57763,'INSERT INTO gne_vale_ferreteria (vfe_id,vfe_fecha,vfe_total,vfe_estado,vfe_entregado,usu_nusuario) VALUES (9448,@@@2013.08.28@@@,390,1,0,@@@M_SANDOVAL@@@)','',2,'2013-08-28'),(57764,'INSERT INTO gne_vale_ferreteria_mov (vfe_id,pro_codigo_plu,vfm_cantidad,vfm_unitario,vfm_total,vfm_entregado) VALUES (9448,15454,1,390,390,@@@NO@@@)','',2,'2013-08-28'),(57765,'INSERT INTO gne_vale_ferreteria (vfe_id,vfe_fecha,vfe_total,vfe_estado,vfe_entregado,usu_nusuario) VALUES (9449,@@@2013.08.28@@@,200,1,0,@@@M_SANDOVAL@@@)','',2,'2013-08-28'),(57766,'INSERT INTO gne_vale_ferreteria_mov (vfe_id,pro_codigo_plu,vfm_cantidad,vfm_unitario,vfm_total,vfm_entregado) VALUES (9449,764135,1,200,200,@@@NO@@@)','',2,'2013-08-28'),(57767,'INSERT INTO gne_vale_ferreteria (vfe_id,vfe_fecha,vfe_total,vfe_estado,vfe_entregado,usu_nusuario) VALUES (9450,@@@2013.08.28@@@,920,1,0,@@@M_SANDOVAL@@@)','',2,'2013-08-28'),(57768,'INSERT INTO gne_vale_ferreteria_mov (vfe_id,pro_codigo_plu,vfm_cantidad,vfm_unitario,vfm_total,vfm_entregado) VALUES (9450,78017204,1,120,120,@@@NO@@@)','',2,'2013-08-28'),(57769,'INSERT INTO gne_vale_ferreteria_mov (vfe_id,pro_codigo_plu,vfm_cantidad,vfm_unitario,vfm_total,vfm_entregado) VALUES (9450,763772,1,290,290,@@@NO@@@)','',2,'2013-08-28'),(57770,'INSERT INTO gne_vale_ferreteria_mov (vfe_id,pro_codigo_plu,vfm_cantidad,vfm_unitario,vfm_total,vfm_entregado) VALUES (9450,78017016,1,120,120,@@@NO@@@)','',2,'2013-08-28'),(57771,'INSERT INTO gne_vale_ferreteria_mov (vfe_id,pro_codigo_plu,vfm_cantidad,vfm_unitario,vfm_total,vfm_entregado) VALUES (9450,761990,1,390,390,@@@NO@@@)','',2,'2013-08-28'),(57772,'INSERT INTO gne_vale_ferreteria (vfe_id,vfe_fecha,vfe_total,vfe_estado,vfe_entregado,usu_nusuario) VALUES (9451,@@@2013.08.28@@@,90,1,0,@@@M_SANDOVAL@@@)','',2,'2013-08-28'),(57773,'INSERT INTO gne_vale_ferreteria_mov (vfe_id,pro_codigo_plu,vfm_cantidad,vfm_unitario,vfm_total,vfm_entregado) VALUES (9451,770038,1,90,90,@@@NO@@@)','',2,'2013-08-28'),(57774,'INSERT INTO gne_vale_ferreteria (vfe_id,vfe_fecha,vfe_total,vfe_estado,vfe_entregado,usu_nusuario) VALUES (9452,@@@2013.08.28@@@,1890,1,0,@@@M_SANDOVAL@@@)','',2,'2013-08-28'),(57775,'INSERT INTO gne_vale_ferreteria_mov (vfe_id,pro_codigo_plu,vfm_cantidad,vfm_unitario,vfm_total,vfm_entregado) VALUES (9452,101624,1,1890,1890,@@@NO@@@)','',2,'2013-08-28'),(57776,'INSERT INTO gne_vale_ferreteria (vfe_id,vfe_fecha,vfe_total,vfe_estado,vfe_entregado,usu_nusuario) VALUES (9453,@@@2013.08.28@@@,1890,1,0,@@@M_SANDOVAL@@@)','',2,'2013-08-28'),(57777,'INSERT INTO gne_vale_ferreteria_mov (vfe_id,pro_codigo_plu,vfm_cantidad,vfm_unitario,vfm_total,vfm_entregado) VALUES (9453,101852,1,1890,1890,@@@NO@@@)','',2,'2013-08-28'),(57778,'INSERT INTO gne_vale_ferreteria (vfe_id,vfe_fecha,vfe_total,vfe_estado,vfe_entregado,usu_nusuario) VALUES (9454,@@@2013.08.28@@@,990,1,0,@@@M_SANDOVAL@@@)','',2,'2013-08-28'),(57779,'INSERT INTO gne_vale_ferreteria_mov (vfe_id,pro_codigo_plu,vfm_cantidad,vfm_unitario,vfm_total,vfm_entregado) VALUES (9454,764043,1,990,990,@@@NO@@@)','',2,'2013-08-28'),(57780,'INSERT INTO gne_vale_ferreteria (vfe_id,vfe_fecha,vfe_total,vfe_estado,vfe_entregado,usu_nusuario) VALUES (9455,@@@2013.08.28@@@,1890,1,0,@@@M_SANDOVAL@@@)','',2,'2013-08-28'),(57781,'INSERT INTO gne_vale_ferreteria_mov (vfe_id,pro_codigo_plu,vfm_cantidad,vfm_unitario,vfm_total,vfm_entregado) VALUES (9455,78017102,1,1890,1890,@@@NO@@@)','',2,'2013-08-28'),(57782,'INSERT INTO mae_productos (pro_codigo_plu,pro_codigo_barra,pro_tipo,pro_nombre_producto,pro_nombre_corto,med_id,emb_id,pro_unidades_embalaje,dep_id,lin_id,mar_id,pro_precio_compra_neto,pro_precio_compra_bruto,pro_precio_venta,pro_margen_actual,pro_oferta,pro_fecha_inicio_oferta,pro_fecha_termino_oferta,pro_precio_oferta,pro_stock_minimo,pro_stock_critico,pro_entradas_bodega,pro_salidas_bodega,pro_mermas_bodega,pro_ajustes_bodega,pro_entradas_sv,pro_salidas_sv,pro_mermas_sv,pro_ajustes_sv,pro_activo,rec_numero,pro_unidad,pro_capacidad,pro_consumo_bodega,pro_consumo_sv,pro_estado,pro_funcion_plu,pro_flejes,pro_iva,pro_plu_asociado,pro_envase,pro_duracion,pro_numero_etiqueta) VALUES (780721694,@@@7802900235253@@@,@@@0@@@,@@@YOGHURT SOPROLE ZERO LACTO VAINILLA 120 GRS@@@,@@@YOGHURT SOPROLE @@@,@@@5 @@@,@@@6 @@@,@@@6@@@,@@@3 @@@,@@@50@@@,@@@1993@@@,@@@0@@@,@@@159.46@@@,@@@1@@@,@@@-99.37@@@,@@@@@@,@@@2006.09.07@@@,@@@2006.09.07@@@,@@@0@@@,@@@6@@@,@@@2@@@,@@@0@@@,@@@0@@@,@@@0@@@,@@@0@@@,@@@0@@@,@@@0@@@,@@@0@@@,@@@0@@@,@@@1@@@,@@@0@@@,0,120,0,0,2,0,1,1,0,@@@NO@@@,0,0)','',2,'2013-08-28'),(57783,'DELETE FROM mae_impuestos_productos WHERE pro_codigo_plu=@@@780721694@@@','',2,'2013-08-28'),(57784,'INSERT INTO mae_productos (pro_codigo_plu,pro_codigo_barra,pro_tipo,pro_nombre_producto,pro_nombre_corto,med_id,emb_id,pro_unidades_embalaje,dep_id,lin_id,mar_id,pro_precio_compra_neto,pro_precio_compra_bruto,pro_precio_venta,pro_margen_actual,pro_oferta,pro_fecha_inicio_oferta,pro_fecha_termino_oferta,pro_precio_oferta,pro_stock_minimo,pro_stock_critico,pro_entradas_bodega,pro_salidas_bodega,pro_mermas_bodega,pro_ajustes_bodega,pro_entradas_sv,pro_salidas_sv,pro_mermas_sv,pro_ajustes_sv,pro_activo,rec_numero,pro_unidad,pro_capacidad,pro_consumo_bodega,pro_consumo_sv,pro_estado,pro_funcion_plu,pro_flejes,pro_iva,pro_plu_asociado,pro_envase,pro_duracion,pro_numero_etiqueta) VALUES (780721695,@@@7802900235222@@@,@@@0@@@,@@@YOGHURT SOPROLE FRUTILLA SIN LACTOSA 120 GRS@@@,@@@YOGHURT SOPROLE @@@,@@@5 @@@,@@@6 @@@,@@@6@@@,@@@3 @@@,@@@50@@@,@@@1993@@@,@@@0@@@,@@@159.46@@@,@@@1@@@,@@@-99.37@@@,@@@@@@,@@@2006.09.07@@@,@@@2006.09.07@@@,@@@0@@@,@@@6@@@,@@@2@@@,@@@0@@@,@@@0@@@,@@@0@@@,@@@0@@@,@@@0@@@,@@@0@@@,@@@0@@@,@@@0@@@,@@@1@@@,@@@0@@@,0,120,0,0,2,0,1,1,0,@@@NO@@@,0,0)','',2,'2013-08-28'),(57785,'DELETE FROM mae_impuestos_productos WHERE pro_codigo_plu=@@@780721695@@@','',2,'2013-08-28'),(57786,'UPDATE mae_productos SET pro_margen_actual=-99.37,pro_precio_venta=1 WHERE pro_codigo_plu=780721694','',2,'2013-08-28'),(57787,'UPDATE mae_productos SET pro_margen_actual=55.01,pro_precio_venta=670 WHERE pro_codigo_plu=11378','',2,'2013-08-28'),(57788,'UPDATE mae_productos SET pro_margen_actual=0,pro_precio_venta=640 WHERE pro_codigo_plu=19865','',2,'2013-08-28'),(57789,'UPDATE mae_productos SET pro_margen_actual=0,pro_precio_venta=640 WHERE pro_codigo_plu=19864','',2,'2013-08-28'),(57790,'UPDATE mae_productos SET pro_margen_actual=61.82,pro_precio_venta=890 WHERE pro_codigo_plu=11670','',2,'2013-08-28'),(57791,'UPDATE mae_productos SET pro_margen_actual=62,pro_precio_venta=290 WHERE pro_codigo_plu=12608','',2,'2013-08-28'),(57792,'UPDATE mae_productos SET pro_precio_fiscal=pro_precio_venta WHERE pro_codigo_plu=11378','',2,'2013-08-28'),(57793,'UPDATE mae_productos SET pro_precio_fiscal=pro_precio_venta WHERE pro_codigo_plu=19865','',2,'2013-08-28'),(57794,'UPDATE mae_productos SET pro_precio_fiscal=pro_precio_venta WHERE pro_codigo_plu=19864','',2,'2013-08-28'),(57795,'UPDATE mae_productos SET pro_precio_fiscal=pro_precio_venta WHERE pro_codigo_plu=11670','',2,'2013-08-28'),(57796,'UPDATE mae_productos SET pro_precio_fiscal=pro_precio_venta WHERE pro_codigo_plu=12608','',2,'2013-08-28'),(57797,'INSERT INTO gne_vale_ferreteria (vfe_id,vfe_fecha,vfe_total,vfe_estado,vfe_entregado,usu_nusuario) VALUES (9456,@@@2013.08.28@@@,160,1,0,@@@M_SANDOVAL@@@)','',2,'2013-08-28'),(57798,'INSERT INTO gne_vale_ferreteria_mov (vfe_id,pro_codigo_plu,vfm_cantidad,vfm_unitario,vfm_total,vfm_entregado) VALUES (9456,16430,1,160,160,@@@NO@@@)','',2,'2013-08-28'),(57799,'INSERT INTO gne_vale_ferreteria (vfe_id,vfe_fecha,vfe_total,vfe_estado,vfe_entregado,usu_nusuario) VALUES (9457,@@@2013.08.28@@@,160,1,0,@@@M_SANDOVAL@@@)','',2,'2013-08-28'),(57800,'INSERT INTO gne_vale_ferreteria_mov (vfe_id,pro_codigo_plu,vfm_cantidad,vfm_unitario,vfm_total,vfm_entregado) VALUES (9457,770001,2,80,160,@@@NO@@@)','',2,'2013-08-28'),(57801,'INSERT INTO gne_vale_ferreteria (vfe_id,vfe_fecha,vfe_total,vfe_estado,vfe_entregado,usu_nusuario) VALUES (9458,@@@2013.08.28@@@,670,1,0,@@@M_SANDOVAL@@@)','',2,'2013-08-28'),(57802,'INSERT INTO gne_vale_ferreteria_mov (vfe_id,pro_codigo_plu,vfm_cantidad,vfm_unitario,vfm_total,vfm_entregado) VALUES (9458,11378,1,670,670,@@@NO@@@)','',2,'2013-08-28'),(57803,'INSERT INTO gne_vale_ferreteria (vfe_id,vfe_fecha,vfe_total,vfe_estado,vfe_entregado,usu_nusuario) VALUES (9459,@@@2013.08.28@@@,1990,1,0,@@@M_SANDOVAL@@@)','',2,'2013-08-28'),(57804,'INSERT INTO gne_vale_ferreteria_mov (vfe_id,pro_codigo_plu,vfm_cantidad,vfm_unitario,vfm_total,vfm_entregado) VALUES (9459,763600,1,1890,1890,@@@NO@@@)','',2,'2013-08-28'),(57805,'INSERT INTO gne_vale_ferreteria_mov (vfe_id,pro_codigo_plu,vfm_cantidad,vfm_unitario,vfm_total,vfm_entregado) VALUES (9459,20365,1,100,100,@@@NO@@@)','',2,'2013-08-28'),(57806,'UPDATE mae_productos SET pro_codigo_barra=@@@346@@@,pro_tipo=@@@0@@@,pro_nombre_producto=@@@JAMON PRAGA AHUMADO@@@,pro_nombre_corto=@@@JAMON PRAGA AHUM@@@,med_id=@@@1@@@,emb_id=@@@1@@@,pro_unidades_embalaje=@@@1@@@,dep_id=@@@12 @@@,lin_id=@@@77@@@,mar_id=@@@2507@@@,pro_precio_compra_neto=@@@0@@@,pro_precio_compra_bruto=@@@0@@@,pro_precio_venta=@@@1@@@,pro_margen_actual=@@@1@@@,pro_oferta=@@@NO@@@,pro_fecha_inicio_oferta=@@@1900.01.01@@@,pro_fecha_termino_oferta=@@@1900.01.01@@@,pro_precio_oferta=@@@0@@@,pro_stock_minimo=@@@1@@@,pro_stock_critico=@@@1@@@,pro_activo=@@@1@@@,pro_unidad=@@@1@@@,pro_precio_compra_bruto=0,pro_margen_actual=1,pro_capacidad=1,pro_funcion_plu=1,pro_flejes=0,pro_iva=1,pro_plu_asociado=0,pro_envase=@@@NO@@@,pro_duracion=0,pro_numero_etiqueta=1 WHERE pro_codigo_plu=@@@346@@@','',2,'2013-08-28'),(57807,'UPDATE mae_productos SET pro_estado=1 WHERE pro_codigo_plu=346','',2,'2013-08-28'),(57808,'DELETE FROM mae_impuestos_productos WHERE pro_codigo_plu=@@@346@@@','',2,'2013-08-28'),(57809,'INSERT INTO gne_vale_ferreteria (vfe_id,vfe_fecha,vfe_total,vfe_estado,vfe_entregado,usu_nusuario) VALUES (9460,@@@2013.08.28@@@,1190,1,0,@@@M_SANDOVAL@@@)','',2,'2013-08-28'),(57810,'INSERT INTO gne_vale_ferreteria_mov (vfe_id,pro_codigo_plu,vfm_cantidad,vfm_unitario,vfm_total,vfm_entregado) VALUES (9460,765027,1,1190,1190,@@@NO@@@)','',2,'2013-08-28'),(57811,'INSERT INTO gne_vale_ferreteria (vfe_id,vfe_fecha,vfe_total,vfe_estado,vfe_entregado,usu_nusuario) VALUES (9461,@@@2013.08.28@@@,200,1,0,@@@M_SANDOVAL@@@)','',2,'2013-08-28'),(57812,'INSERT INTO gne_vale_ferreteria_mov (vfe_id,pro_codigo_plu,vfm_cantidad,vfm_unitario,vfm_total,vfm_entregado) VALUES (9461,7052,1,200,200,@@@NO@@@)','',2,'2013-08-28'),(57813,'INSERT INTO gne_vale_ferreteria (vfe_id,vfe_fecha,vfe_total,vfe_estado,vfe_entregado,usu_nusuario) VALUES (9462,@@@2013.08.28@@@,900,1,0,@@@M_SANDOVAL@@@)','',2,'2013-08-28'),(57814,'INSERT INTO gne_vale_ferreteria_mov (vfe_id,pro_codigo_plu,vfm_cantidad,vfm_unitario,vfm_total,vfm_entregado) VALUES (9462,8021,1,150,150,@@@NO@@@)','',2,'2013-08-28'),(57815,'INSERT INTO gne_vale_ferreteria_mov (vfe_id,pro_codigo_plu,vfm_cantidad,vfm_unitario,vfm_total,vfm_entregado) VALUES (9462,4088,2,150,300,@@@NO@@@)','',2,'2013-08-28'),(57816,'INSERT INTO gne_vale_ferreteria_mov (vfe_id,pro_codigo_plu,vfm_cantidad,vfm_unitario,vfm_total,vfm_entregado) VALUES (9462,4076,1,300,300,@@@NO@@@)','',2,'2013-08-28'),(57817,'INSERT INTO gne_vale_ferreteria_mov (vfe_id,pro_codigo_plu,vfm_cantidad,vfm_unitario,vfm_total,vfm_entregado) VALUES (9462,764580,1,150,150,@@@NO@@@)','',2,'2013-08-28'),(57818,'INSERT INTO gne_vale_ferreteria (vfe_id,vfe_fecha,vfe_total,vfe_estado,vfe_entregado,usu_nusuario) VALUES (9463,@@@2013.08.28@@@,1890,1,0,@@@M_SANDOVAL@@@)','',2,'2013-08-28'),(57819,'INSERT INTO gne_vale_ferreteria_mov (vfe_id,pro_codigo_plu,vfm_cantidad,vfm_unitario,vfm_total,vfm_entregado) VALUES (9463,102072,1,1890,1890,@@@NO@@@)','',2,'2013-08-28'),(57820,'UPDATE mae_productos SET pro_precio_venta=2099,pro_margen_actual= 31.19 WHERE pro_codigo_plu=306','',2,'2013-08-28'),(57821,'UPDATE mae_productos SET pro_precio_compra_bruto=1547,pro_margen_actual=(pro_precio_venta-1547)/1547 * 100,pro_ultima_compra=@@@2013.08.28@@@,pro_ultimo_proveedor=@@@79984240-8@@@ WHERE pro_codigo_plu=333','',2,'2013-08-28'),(57822,'UPDATE mae_productos SET pro_precio_compra_bruto=1438.7,pro_margen_actual=(pro_precio_venta-1438.7)/1438.7 * 100,pro_ultima_compra=@@@2013.08.28@@@,pro_ultimo_proveedor=@@@79984240-8@@@ WHERE pro_codigo_plu=346','',2,'2013-08-28'),(57823,'UPDATE mae_productos SET pro_precio_compra_bruto=74.97,pro_margen_actual=(pro_precio_venta-74.97)/74.97 * 100,pro_ultima_compra=@@@2013.08.28@@@,pro_ultimo_proveedor=@@@79984240-8@@@ WHERE pro_codigo_plu=19719','',2,'2013-08-28'),(57824,'UPDATE mae_productos SET pro_precio_venta=2100,pro_margen_actual= 31.25 WHERE pro_codigo_plu=306','',2,'2013-08-28'),(57825,'UPDATE mae_productos SET pro_precio_venta=1200,pro_margen_actual= 100 WHERE pro_codigo_plu=7500887','',2,'2013-08-28'),(57826,'UPDATE mae_productos SET pro_precio_venta=3390,pro_margen_actual= 83.24 WHERE pro_codigo_plu=7500890','',2,'2013-08-28'),(57827,'UPDATE mae_productos SET pro_precio_venta=240,pro_margen_actual= 50 WHERE pro_codigo_plu=78017006','',2,'2013-08-28'),(57828,'UPDATE mae_productos SET pro_precio_venta=1690,pro_margen_actual= 113.92 WHERE pro_codigo_plu=762757','',2,'2013-08-28'),(57829,'UPDATE mae_productos SET pro_precio_venta=5499,pro_margen_actual= 50.52 WHERE pro_codigo_plu=780721406','',2,'2013-08-28'),(57830,'UPDATE mae_productos SET pro_codigo_barra=@@@78026391@@@,pro_tipo=@@@0@@@,pro_nombre_producto=@@@HUESITOS JR PLATANO 45 GRS@@@,pro_nombre_corto=@@@HUESITOS JR PLAT@@@,med_id=@@@5@@@,emb_id=@@@4@@@,pro_unidades_embalaje=@@@96@@@,dep_id=@@@3 @@@,lin_id=@@@50@@@,mar_id=@@@1993@@@,pro_precio_compra_neto=@@@80.67@@@,pro_precio_compra_bruto=@@@95@@@,pro_precio_venta=@@@140@@@,pro_margen_actual=@@@47.37@@@,pro_oferta=@@@NO@@@,pro_fecha_inicio_oferta=@@@1900.01.01@@@,pro_fecha_termino_oferta=@@@1900.01.01@@@,pro_precio_oferta=@@@0@@@,pro_stock_minimo=@@@96@@@,pro_stock_critico=@@@48@@@,pro_activo=@@@1@@@,pro_unidad=@@@0@@@,pro_precio_compra_bruto=95,pro_margen_actual=47.37,pro_capacidad=0.045,pro_funcion_plu=0,pro_flejes=1,pro_iva=1,pro_plu_asociado=0,pro_envase=@@@NO@@@,pro_duracion=0,pro_numero_etiqueta=0 WHERE pro_codigo_plu=@@@17014@@@','',2,'2013-08-28'),(57831,'UPDATE mae_productos SET pro_estado=1 WHERE pro_codigo_plu=17014','',2,'2013-08-28'),(57832,'DELETE FROM mae_impuestos_productos WHERE pro_codigo_plu=@@@17014@@@','',2,'2013-08-28'),(57833,'UPDATE mae_productos SET pro_codigo_barra=@@@78005877@@@,pro_tipo=@@@0@@@,pro_nombre_producto=@@@HUESITOS JR DAMASCO FRUTILLA 45 GRS@@@,pro_nombre_corto=@@@HUESITOS JR DAMA@@@,med_id=@@@5@@@,emb_id=@@@4@@@,pro_unidades_embalaje=@@@96@@@,dep_id=@@@3 @@@,lin_id=@@@50@@@,mar_id=@@@1993@@@,pro_precio_compra_neto=@@@80.67@@@,pro_precio_compra_bruto=@@@96.39@@@,pro_precio_venta=@@@140@@@,pro_margen_actual=@@@45.24@@@,pro_oferta=@@@NO@@@,pro_fecha_inicio_oferta=@@@1900.01.01@@@,pro_fecha_termino_oferta=@@@1900.01.01@@@,pro_precio_oferta=@@@0@@@,pro_stock_minimo=@@@96@@@,pro_stock_critico=@@@48@@@,pro_activo=@@@1@@@,pro_unidad=@@@0@@@,pro_precio_compra_bruto=96.39,pro_margen_actual=45.24,pro_capacidad=0.045,pro_funcion_plu=0,pro_flejes=1,pro_iva=1,pro_plu_asociado=0,pro_envase=@@@NO@@@,pro_duracion=0,pro_numero_etiqueta=0 WHERE pro_codigo_plu=@@@17097@@@','',2,'2013-08-28'),(57834,'UPDATE mae_productos SET pro_estado=1 WHERE pro_codigo_plu=17097','',2,'2013-08-28'),(57835,'DELETE FROM mae_impuestos_productos WHERE pro_codigo_plu=@@@17097@@@','',2,'2013-08-28'),(57836,'UPDATE mae_productos SET pro_precio_venta=215,pro_margen_actual=34.38, pro_precio_compra_bruto=160, pro_precio_compra_neto=134.453781512605 WHERE pro_codigo_plu=780721694','',2,'2013-08-28'),(57837,'UPDATE mae_productos SET pro_precio_venta=250,pro_margen_actual=35.14, pro_precio_compra_bruto=185, pro_precio_compra_neto=155.46218487395 WHERE pro_codigo_plu=780721695','',2,'2013-08-28'),(57838,'UPDATE mae_productos SET pro_precio_venta=250,pro_margen_actual=35.14, pro_precio_compra_bruto=185, pro_precio_compra_neto=155.46218487395 WHERE pro_codigo_plu=780721608','',2,'2013-08-28'),(57839,'UPDATE mae_productos SET pro_precio_venta=1250,pro_margen_actual=32.1, pro_precio_compra_bruto=946.25, pro_precio_compra_neto=795.168067226891 WHERE pro_codigo_plu=16255','',2,'2013-08-28'),(57840,'UPDATE mae_productos SET pro_precio_venta=250,pro_margen_actual=47.38, pro_precio_compra_bruto=169.625, pro_precio_compra_neto=142.542016806723 WHERE pro_codigo_plu=16315','',2,'2013-08-28'),(57841,'UPDATE mae_productos SET pro_precio_venta=160,pro_margen_actual=35.59, pro_precio_compra_bruto=118, pro_precio_compra_neto=99.1596638655462 WHERE pro_codigo_plu=16952','',2,'2013-08-28'),(57842,'UPDATE mae_productos SET pro_precio_fiscal=pro_precio_venta WHERE pro_codigo_plu=78017006','',2,'2013-08-28'),(57843,'UPDATE mae_productos SET pro_precio_fiscal=pro_precio_venta WHERE pro_codigo_plu=762757','',2,'2013-08-28'),(57844,'UPDATE mae_productos SET pro_precio_fiscal=pro_precio_venta WHERE pro_codigo_plu=7500887','',2,'2013-08-28'),(57845,'UPDATE mae_productos SET pro_precio_fiscal=pro_precio_venta WHERE pro_codigo_plu=7500890','',2,'2013-08-28'),(57846,'UPDATE mae_productos SET pro_precio_fiscal=pro_precio_venta WHERE pro_codigo_plu=16255','',2,'2013-08-28'),(57847,'UPDATE mae_productos SET pro_precio_fiscal=pro_precio_venta WHERE pro_codigo_plu=16952','',2,'2013-08-28'),(57848,'UPDATE mae_productos SET pro_precio_fiscal=pro_precio_venta WHERE pro_codigo_plu=780721695','',2,'2013-08-28'),(57849,'UPDATE mae_productos SET pro_precio_fiscal=pro_precio_venta WHERE pro_codigo_plu=780721694','',2,'2013-08-28'),(57850,'UPDATE mae_productos SET pro_precio_fiscal=pro_precio_venta WHERE pro_codigo_plu=780721608','',2,'2013-08-28'),(57851,'UPDATE mae_productos SET pro_precio_fiscal=pro_precio_venta WHERE pro_codigo_plu=16315','',2,'2013-08-28'),(57852,'UPDATE mae_productos SET pro_precio_compra_bruto=200,pro_margen_actual=(pro_precio_venta-200)/200 * 100,pro_ultima_compra=@@@2013.08.28@@@,pro_ultimo_proveedor=@@@84472400-4@@@ WHERE pro_codigo_plu=762183','',2,'2013-08-28'),(57853,'UPDATE mae_productos SET pro_precio_compra_bruto=95,pro_margen_actual=(pro_precio_venta-95)/95 * 100,pro_ultima_compra=@@@2013.08.28@@@,pro_ultimo_proveedor=@@@84472400-4@@@ WHERE pro_codigo_plu=17014','',2,'2013-08-28'),(57854,'UPDATE mae_productos SET pro_precio_compra_bruto=95,pro_margen_actual=(pro_precio_venta-95)/95 * 100,pro_ultima_compra=@@@2013.08.28@@@,pro_ultimo_proveedor=@@@84472400-4@@@ WHERE pro_codigo_plu=17097','',2,'2013-08-28'),(57855,'UPDATE mae_productos SET pro_precio_compra_bruto=225,pro_margen_actual=(pro_precio_venta-225)/225 * 100,pro_ultima_compra=@@@2013.08.28@@@,pro_ultimo_proveedor=@@@84472400-4@@@ WHERE pro_codigo_plu=16528','',2,'2013-08-28'),(57856,'UPDATE mae_productos SET pro_precio_compra_bruto=225,pro_margen_actual=(pro_precio_venta-225)/225 * 100,pro_ultima_compra=@@@2013.08.28@@@,pro_ultimo_proveedor=@@@84472400-4@@@ WHERE pro_codigo_plu=16526','',2,'2013-08-28'),(57857,'UPDATE mae_productos SET pro_precio_compra_bruto=225,pro_margen_actual=(pro_precio_venta-225)/225 * 100,pro_ultima_compra=@@@2013.08.28@@@,pro_ultimo_proveedor=@@@84472400-4@@@ WHERE pro_codigo_plu=16531','',2,'2013-08-28'),(57858,'UPDATE mae_productos SET pro_precio_compra_bruto=280,pro_margen_actual=(pro_precio_venta-280)/280 * 100,pro_ultima_compra=@@@2013.08.28@@@,pro_ultimo_proveedor=@@@84472400-4@@@ WHERE pro_codigo_plu=16821','',2,'2013-08-28'),(57859,'UPDATE mae_productos SET pro_precio_compra_bruto=253,pro_margen_actual=(pro_precio_venta-253)/253 * 100,pro_ultima_compra=@@@2013.08.28@@@,pro_ultimo_proveedor=@@@84472400-4@@@ WHERE pro_codigo_plu=16513','',2,'2013-08-28'),(57860,'UPDATE mae_productos SET pro_precio_compra_bruto=253,pro_margen_actual=(pro_precio_venta-253)/253 * 100,pro_ultima_compra=@@@2013.08.28@@@,pro_ultimo_proveedor=@@@84472400-4@@@ WHERE pro_codigo_plu=16510','',2,'2013-08-28'),(57861,'UPDATE mae_productos SET pro_precio_compra_bruto=253,pro_margen_actual=(pro_precio_venta-253)/253 * 100,pro_ultima_compra=@@@2013.08.28@@@,pro_ultimo_proveedor=@@@84472400-4@@@ WHERE pro_codigo_plu=16514','',2,'2013-08-28'),(57862,'UPDATE mae_productos SET pro_precio_compra_bruto=846,pro_margen_actual=(pro_precio_venta-846)/846 * 100,pro_ultima_compra=@@@2013.08.28@@@,pro_ultimo_proveedor=@@@84472400-4@@@ WHERE pro_codigo_plu=16477','',2,'2013-08-28'),(57863,'UPDATE mae_productos SET pro_precio_compra_bruto=846,pro_margen_actual=(pro_precio_venta-846)/846 * 100,pro_ultima_compra=@@@2013.08.28@@@,pro_ultimo_proveedor=@@@84472400-4@@@ WHERE pro_codigo_plu=16480','',2,'2013-08-28'),(57864,'UPDATE mae_productos SET pro_precio_compra_bruto=846,pro_margen_actual=(pro_precio_venta-846)/846 * 100,pro_ultima_compra=@@@2013.08.28@@@,pro_ultimo_proveedor=@@@84472400-4@@@ WHERE pro_codigo_plu=16937','',2,'2013-08-28'),(57865,'UPDATE mae_productos SET pro_precio_compra_bruto=846,pro_margen_actual=(pro_precio_venta-846)/846 * 100,pro_ultima_compra=@@@2013.08.28@@@,pro_ultimo_proveedor=@@@84472400-4@@@ WHERE pro_codigo_plu=16938','',2,'2013-08-28'),(57866,'UPDATE mae_productos SET pro_precio_compra_bruto=336,pro_margen_actual=(pro_precio_venta-336)/336 * 100,pro_ultima_compra=@@@2013.08.28@@@,pro_ultimo_proveedor=@@@84472400-4@@@ WHERE pro_codigo_plu=17023','',2,'2013-08-28'),(57867,'UPDATE mae_productos SET pro_precio_compra_bruto=364.5,pro_margen_actual=(pro_precio_venta-364.5)/364.5 * 100,pro_ultima_compra=@@@2013.08.28@@@,pro_ultimo_proveedor=@@@84472400-4@@@ WHERE pro_codigo_plu=16314','',2,'2013-08-28'),(57868,'UPDATE mae_productos SET pro_precio_compra_bruto=355.5,pro_margen_actual=(pro_precio_venta-355.5)/355.5 * 100,pro_ultima_compra=@@@2013.08.28@@@,pro_ultimo_proveedor=@@@84472400-4@@@ WHERE pro_codigo_plu=16372','',2,'2013-08-28'),(57869,'UPDATE mae_productos SET pro_precio_compra_bruto=267,pro_margen_actual=(pro_precio_venta-267)/267 * 100,pro_ultima_compra=@@@2013.08.28@@@,pro_ultimo_proveedor=@@@84472400-4@@@ WHERE pro_codigo_plu=16231','',2,'2013-08-28'),(57870,'UPDATE mae_productos SET pro_precio_compra_bruto=286,pro_margen_actual=(pro_precio_venta-286)/286 * 100,pro_ultima_compra=@@@2013.08.28@@@,pro_ultimo_proveedor=@@@84472400-4@@@ WHERE pro_codigo_plu=19143','',2,'2013-08-28'),(57871,'UPDATE mae_productos SET pro_precio_compra_bruto=118,pro_margen_actual=(pro_precio_venta-118)/118 * 100,pro_ultima_compra=@@@2013.08.28@@@,pro_ultimo_proveedor=@@@84472400-4@@@ WHERE pro_codigo_plu=16951','',2,'2013-08-28'),(57872,'UPDATE mae_productos SET pro_precio_compra_bruto=321,pro_margen_actual=(pro_precio_venta-321)/321 * 100,pro_ultima_compra=@@@2013.08.28@@@,pro_ultimo_proveedor=@@@84472400-4@@@ WHERE pro_codigo_plu=763343','',2,'2013-08-28'),(57873,'UPDATE mae_productos SET pro_precio_compra_bruto=321,pro_margen_actual=(pro_precio_venta-321)/321 * 100,pro_ultima_compra=@@@2013.08.28@@@,pro_ultimo_proveedor=@@@84472400-4@@@ WHERE pro_codigo_plu=780721285','',2,'2013-08-28'),(57874,'UPDATE mae_productos SET pro_precio_compra_bruto=318,pro_margen_actual=(pro_precio_venta-318)/318 * 100,pro_ultima_compra=@@@2013.08.28@@@,pro_ultimo_proveedor=@@@84472400-4@@@ WHERE pro_codigo_plu=763334','',2,'2013-08-28'),(57875,'UPDATE mae_productos SET pro_precio_compra_bruto=283,pro_margen_actual=(pro_precio_venta-283)/283 * 100,pro_ultima_compra=@@@2013.08.28@@@,pro_ultimo_proveedor=@@@84472400-4@@@ WHERE pro_codigo_plu=763338','',2,'2013-08-28'),(57876,'UPDATE mae_productos SET pro_precio_compra_bruto=318,pro_margen_actual=(pro_precio_venta-318)/318 * 100,pro_ultima_compra=@@@2013.08.28@@@,pro_ultimo_proveedor=@@@84472400-4@@@ WHERE pro_codigo_plu=780721607','',2,'2013-08-28'),(57877,'UPDATE mae_productos SET pro_precio_compra_bruto=160,pro_margen_actual=(pro_precio_venta-160)/160 * 100,pro_ultima_compra=@@@2013.08.28@@@,pro_ultimo_proveedor=@@@84472400-4@@@ WHERE pro_codigo_plu=780721612','',2,'2013-08-28'),(57878,'UPDATE mae_productos SET pro_precio_compra_bruto=160,pro_margen_actual=(pro_precio_venta-160)/160 * 100,pro_ultima_compra=@@@2013.08.28@@@,pro_ultimo_proveedor=@@@84472400-4@@@ WHERE pro_codigo_plu=780721694','',2,'2013-08-28'),(57879,'UPDATE mae_productos SET pro_precio_compra_bruto=185,pro_margen_actual=(pro_precio_venta-185)/185 * 100,pro_ultima_compra=@@@2013.08.28@@@,pro_ultimo_proveedor=@@@84472400-4@@@ WHERE pro_codigo_plu=780721695','',2,'2013-08-28'),(57880,'UPDATE mae_productos SET pro_precio_compra_bruto=185,pro_margen_actual=(pro_precio_venta-185)/185 * 100,pro_ultima_compra=@@@2013.08.28@@@,pro_ultimo_proveedor=@@@84472400-4@@@ WHERE pro_codigo_plu=780721608','',2,'2013-08-28'),(57881,'UPDATE mae_productos SET pro_precio_compra_bruto=946.25,pro_margen_actual=(pro_precio_venta-946.25)/946.25 * 100,pro_ultima_compra=@@@2013.08.28@@@,pro_ultimo_proveedor=@@@84472400-4@@@ WHERE pro_codigo_plu=16255','',2,'2013-08-28'),(57882,'UPDATE mae_productos SET pro_precio_compra_bruto=95,pro_margen_actual=(pro_precio_venta-95)/95 * 100,pro_ultima_compra=@@@2013.08.28@@@,pro_ultimo_proveedor=@@@84472400-4@@@ WHERE pro_codigo_plu=17018','',2,'2013-08-28'),(57883,'UPDATE mae_productos SET pro_precio_compra_bruto=95,pro_margen_actual=(pro_precio_venta-95)/95 * 100,pro_ultima_compra=@@@2013.08.28@@@,pro_ultimo_proveedor=@@@84472400-4@@@ WHERE pro_codigo_plu=17016','',2,'2013-08-28'),(57884,'UPDATE mae_productos SET pro_precio_compra_bruto=198,pro_margen_actual=(pro_precio_venta-198)/198 * 100,pro_ultima_compra=@@@2013.08.28@@@,pro_ultimo_proveedor=@@@84472400-4@@@ WHERE pro_codigo_plu=18877','',2,'2013-08-28'),(57885,'UPDATE mae_productos SET pro_precio_compra_bruto=198,pro_margen_actual=(pro_precio_venta-198)/198 * 100,pro_ultima_compra=@@@2013.08.28@@@,pro_ultimo_proveedor=@@@84472400-4@@@ WHERE pro_codigo_plu=17030','',2,'2013-08-28'),(57886,'UPDATE mae_productos SET pro_precio_compra_bruto=198,pro_margen_actual=(pro_precio_venta-198)/198 * 100,pro_ultima_compra=@@@2013.08.28@@@,pro_ultimo_proveedor=@@@84472400-4@@@ WHERE pro_codigo_plu=19238','',2,'2013-08-28'),(57887,'UPDATE mae_productos SET pro_precio_compra_bruto=336,pro_margen_actual=(pro_precio_venta-336)/336 * 100,pro_ultima_compra=@@@2013.08.28@@@,pro_ultimo_proveedor=@@@84472400-4@@@ WHERE pro_codigo_plu=780721671','',2,'2013-08-28'),(57888,'UPDATE mae_productos SET pro_precio_compra_bruto=169.625,pro_margen_actual=(pro_precio_venta-169.625)/169.625 * 100,pro_ultima_compra=@@@2013.08.28@@@,pro_ultimo_proveedor=@@@84472400-4@@@ WHERE pro_codigo_plu=16315','',2,'2013-08-28'),(57889,'UPDATE mae_productos SET pro_precio_compra_bruto=267,pro_margen_actual=(pro_precio_venta-267)/267 * 100,pro_ultima_compra=@@@2013.08.28@@@,pro_ultimo_proveedor=@@@84472400-4@@@ WHERE pro_codigo_plu=16230','',2,'2013-08-28'),(57890,'UPDATE mae_productos SET pro_precio_compra_bruto=267,pro_margen_actual=(pro_precio_venta-267)/267 * 100,pro_ultima_compra=@@@2013.08.28@@@,pro_ultimo_proveedor=@@@84472400-4@@@ WHERE pro_codigo_plu=780721401','',2,'2013-08-28'),(57891,'UPDATE mae_productos SET pro_precio_compra_bruto=286,pro_margen_actual=(pro_precio_venta-286)/286 * 100,pro_ultima_compra=@@@2013.08.28@@@,pro_ultimo_proveedor=@@@84472400-4@@@ WHERE pro_codigo_plu=16999','',2,'2013-08-28'),(57892,'UPDATE mae_productos SET pro_precio_compra_bruto=286,pro_margen_actual=(pro_precio_venta-286)/286 * 100,pro_ultima_compra=@@@2013.08.28@@@,pro_ultimo_proveedor=@@@84472400-4@@@ WHERE pro_codigo_plu=19211','',2,'2013-08-28'),(57893,'UPDATE mae_productos SET pro_precio_compra_bruto=118,pro_margen_actual=(pro_precio_venta-118)/118 * 100,pro_ultima_compra=@@@2013.08.28@@@,pro_ultimo_proveedor=@@@84472400-4@@@ WHERE pro_codigo_plu=16947','',2,'2013-08-28'),(57894,'UPDATE mae_productos SET pro_precio_compra_bruto=359,pro_margen_actual=(pro_precio_venta-359)/359 * 100,pro_ultima_compra=@@@2013.08.28@@@,pro_ultimo_proveedor=@@@84472400-4@@@ WHERE pro_codigo_plu=761918','',2,'2013-08-28'),(57895,'UPDATE mae_productos SET pro_precio_compra_bruto=321,pro_margen_actual=(pro_precio_venta-321)/321 * 100,pro_ultima_compra=@@@2013.08.28@@@,pro_ultimo_proveedor=@@@84472400-4@@@ WHERE pro_codigo_plu=780721113','',2,'2013-08-28'),(57896,'UPDATE mae_productos SET pro_precio_compra_bruto=168.16,pro_margen_actual=(pro_precio_venta-168.16)/168.16 * 100,pro_ultima_compra=@@@2013.08.28@@@,pro_ultimo_proveedor=@@@84472400-4@@@ WHERE pro_codigo_plu=763459','',2,'2013-08-28'),(57897,'UPDATE mae_productos SET pro_precio_compra_bruto=168.16,pro_margen_actual=(pro_precio_venta-168.16)/168.16 * 100,pro_ultima_compra=@@@2013.08.28@@@,pro_ultimo_proveedor=@@@84472400-4@@@ WHERE pro_codigo_plu=78016965','',2,'2013-08-28'),(57898,'UPDATE mae_productos SET pro_precio_compra_bruto=168.16,pro_margen_actual=(pro_precio_venta-168.16)/168.16 * 100,pro_ultima_compra=@@@2013.08.28@@@,pro_ultimo_proveedor=@@@84472400-4@@@ WHERE pro_codigo_plu=78016958','',2,'2013-08-28'),(57899,'UPDATE mae_productos SET pro_precio_compra_bruto=118,pro_margen_actual=(pro_precio_venta-118)/118 * 100,pro_ultima_compra=@@@2013.08.28@@@,pro_ultimo_proveedor=@@@84472400-4@@@ WHERE pro_codigo_plu=16672','',2,'2013-08-28'),(57900,'UPDATE mae_productos SET pro_precio_compra_bruto=118,pro_margen_actual=(pro_precio_venta-118)/118 * 100,pro_ultima_compra=@@@2013.08.28@@@,pro_ultimo_proveedor=@@@84472400-4@@@ WHERE pro_codigo_plu=16952','',2,'2013-08-28'),(57901,'UPDATE mae_productos SET pro_precio_compra_bruto=168.16,pro_margen_actual=(pro_precio_venta-168.16)/168.16 * 100,pro_ultima_compra=@@@2013.08.28@@@,pro_ultimo_proveedor=@@@84472400-4@@@ WHERE pro_codigo_plu=780721609','',2,'2013-08-28'),(57902,'UPDATE mae_productos SET pro_precio_compra_bruto=318,pro_margen_actual=(pro_precio_venta-318)/318 * 100,pro_ultima_compra=@@@2013.08.28@@@,pro_ultimo_proveedor=@@@84472400-4@@@ WHERE pro_codigo_plu=780721634','',2,'2013-08-28'),(57903,'UPDATE mae_productos SET pro_codigo_barra=@@@365@@@,pro_tipo=@@@0@@@,pro_nombre_producto=@@@ARROLL.LOMO ESPECIAL@@@,pro_nombre_corto=@@@ARROLL.LOMO ESPE@@@,med_id=@@@1@@@,emb_id=@@@1@@@,pro_unidades_embalaje=@@@1@@@,dep_id=@@@12 @@@,lin_id=@@@225@@@,mar_id=@@@2507@@@,pro_precio_compra_neto=@@@0@@@,pro_precio_compra_bruto=@@@0@@@,pro_precio_venta=@@@6870@@@,pro_margen_actual=@@@0@@@,pro_oferta=@@@NO@@@,pro_fecha_inicio_oferta=@@@1900.01.01@@@,pro_fecha_termino_oferta=@@@1900.01.01@@@,pro_precio_oferta=@@@0@@@,pro_stock_minimo=@@@1@@@,pro_stock_critico=@@@1@@@,pro_activo=@@@1@@@,pro_unidad=@@@1@@@,pro_precio_compra_bruto=0,pro_margen_actual=0,pro_capacidad=1,pro_funcion_plu=1,pro_flejes=0,pro_iva=1,pro_plu_asociado=0,pro_envase=@@@NO@@@,pro_duracion=0,pro_numero_etiqueta=1 WHERE pro_codigo_plu=@@@365@@@','',2,'2013-08-28'),(57904,'UPDATE mae_productos SET pro_estado=1 WHERE pro_codigo_plu=365','',2,'2013-08-28'),(57905,'DELETE FROM mae_impuestos_productos WHERE pro_codigo_plu=@@@365@@@','',2,'2013-08-28'),(57906,'UPDATE mae_productos SET pro_precio_compra_bruto=3153.5,pro_margen_actual=(pro_precio_venta-3153.5)/3153.5 * 100,pro_ultima_compra=@@@2013.08.28@@@,pro_ultimo_proveedor=@@@79953750-8@@@ WHERE pro_codigo_plu=362','',2,'2013-08-28'),(57907,'UPDATE mae_productos SET pro_precio_compra_bruto=1785,pro_margen_actual=(pro_precio_venta-1785)/1785 * 100,pro_ultima_compra=@@@2013.08.28@@@,pro_ultimo_proveedor=@@@79953750-8@@@ WHERE pro_codigo_plu=368','',2,'2013-08-28'),(57908,'UPDATE mae_productos SET pro_precio_compra_bruto=3034.7,pro_margen_actual=(pro_precio_venta-3034.7)/3034.7 * 100,pro_ultima_compra=@@@2013.08.28@@@,pro_ultimo_proveedor=@@@79953750-8@@@ WHERE pro_codigo_plu=367','',2,'2013-08-28'),(57909,'UPDATE mae_productos SET pro_precio_compra_bruto=2915.5,pro_margen_actual=(pro_precio_venta-2915.5)/2915.5 * 100,pro_ultima_compra=@@@2013.08.28@@@,pro_ultimo_proveedor=@@@79953750-8@@@ WHERE pro_codigo_plu=211','',2,'2013-08-28'),(57910,'UPDATE mae_productos SET pro_precio_compra_bruto=4581.5,pro_margen_actual=(pro_precio_venta-4581.5)/4581.5 * 100,pro_ultima_compra=@@@2013.08.28@@@,pro_ultimo_proveedor=@@@79953750-8@@@ WHERE pro_codigo_plu=365','',2,'2013-08-28'),(57911,'UPDATE mae_productos SET pro_precio_venta=1199,pro_margen_actual= 30.01 WHERE pro_codigo_plu=16893','',2,'2013-08-28'),(57912,'UPDATE mae_productos SET pro_precio_venta=1500,pro_margen_actual= 29.95 WHERE pro_codigo_plu=101417','',2,'2013-08-28'),(57913,'UPDATE mae_productos SET pro_precio_venta=4590,pro_estado=9 WHERE pro_codigo_plu=1','',2,'2013-08-28'),(57914,'UPDATE mae_productos SET pro_margen_actual=0,pro_precio_venta=5499 WHERE pro_codigo_plu=780721406','',2,'2013-08-28'),(57915,'UPDATE mae_productos SET pro_margen_actual=49.95,pro_precio_venta=6870 WHERE pro_codigo_plu=365','',2,'2013-08-28'),(57916,'UPDATE mae_productos SET pro_margen_actual=47.37,pro_precio_venta=140 WHERE pro_codigo_plu=17097','',2,'2013-08-28'),(57917,'UPDATE mae_productos SET pro_margen_actual=47.37,pro_precio_venta=140 WHERE pro_codigo_plu=17014','',2,'2013-08-28'),(57918,'UPDATE mae_productos SET pro_margen_actual=-99.93,pro_precio_venta=1 WHERE pro_codigo_plu=346','',2,'2013-08-28'),(57919,'UPDATE mae_productos SET pro_margen_actual=29.95,pro_precio_venta=1500 WHERE pro_codigo_plu=101417','',2,'2013-08-28'),(57920,'UPDATE mae_productos SET pro_margen_actual=31.25,pro_precio_venta=2100 WHERE pro_codigo_plu=306','',2,'2013-08-28'),(57921,'UPDATE mae_productos SET pro_margen_actual=30.01,pro_precio_venta=1199 WHERE pro_codigo_plu=16893','',2,'2013-08-28'),(57922,'UPDATE mae_productos SET pro_margen_actual=0,pro_precio_venta=650 WHERE pro_codigo_plu=10513','',2,'2013-08-28'),(57923,'UPDATE mae_productos SET pro_precio_fiscal=pro_precio_venta WHERE pro_codigo_plu=10513','',2,'2013-08-28'),(57924,'UPDATE mae_productos SET pro_precio_fiscal=pro_precio_venta WHERE pro_codigo_plu=16893','',2,'2013-08-28'),(57925,'UPDATE mae_productos SET pro_precio_fiscal=pro_precio_venta WHERE pro_codigo_plu=101417','',2,'2013-08-28'),(57926,'UPDATE mae_productos SET pro_precio_compra_bruto=8538,pro_margen_actual=(pro_precio_venta-8538)/8538 * 100,pro_ultima_compra=@@@2013.08.28@@@,pro_ultimo_proveedor=@@@86379600-8@@@ WHERE pro_codigo_plu=764416','',2,'2013-08-28'),(57927,'UPDATE mae_productos SET pro_precio_compra_bruto=2402.54,pro_margen_actual=(pro_precio_venta-2402.54)/2402.54 * 100,pro_ultima_compra=@@@2013.08.28@@@,pro_ultimo_proveedor=@@@86379600-8@@@ WHERE pro_codigo_plu=764409','',2,'2013-08-28'),(57928,'UPDATE mae_productos SET pro_precio_compra_bruto=1454.1,pro_margen_actual=(pro_precio_venta-1454.1)/1454.1 * 100,pro_ultima_compra=@@@2013.08.28@@@,pro_ultimo_proveedor=@@@86379600-8@@@ WHERE pro_codigo_plu=764408','',2,'2013-08-28'),(57929,'UPDATE mae_productos SET pro_precio_compra_bruto=5890.5,pro_margen_actual=(pro_precio_venta-5890.5)/5890.5 * 100,pro_ultima_compra=@@@2013.08.28@@@,pro_ultimo_proveedor=@@@86379600-8@@@ WHERE pro_codigo_plu=10000','',2,'2013-08-28'),(57930,'UPDATE mae_productos SET pro_codigo_barra=@@@118@@@,pro_tipo=@@@0@@@,pro_nombre_producto=@@@POLLO CON/MEN@@@,pro_nombre_corto=@@@POLLO CON/MEN@@@,med_id=@@@2@@@,emb_id=@@@1@@@,pro_unidades_embalaje=@@@1@@@,dep_id=@@@9 @@@,lin_id=@@@65@@@,mar_id=@@@2507@@@,pro_precio_compra_neto=@@@0@@@,pro_precio_compra_bruto=@@@1071@@@,pro_precio_venta=@@@1890@@@,pro_margen_actual=@@@76.47@@@,pro_oferta=@@@NO@@@,pro_fecha_inicio_oferta=@@@1900.01.01@@@,pro_fecha_termino_oferta=@@@1900.01.01@@@,pro_precio_oferta=@@@0@@@,pro_stock_minimo=@@@1@@@,pro_stock_critico=@@@1@@@,pro_activo=@@@1@@@,pro_unidad=@@@1@@@,pro_precio_compra_bruto=1071,pro_margen_actual=76.47,pro_capacidad=1,pro_funcion_plu=1,pro_flejes=1,pro_iva=1,pro_plu_asociado=0,pro_envase=@@@NO@@@,pro_duracion=0,pro_numero_etiqueta=1 WHERE pro_codigo_plu=@@@118@@@','',2,'2013-08-28'),(57931,'UPDATE mae_productos SET pro_estado=1 WHERE pro_codigo_plu=118','',2,'2013-08-28'),(57932,'DELETE FROM mae_impuestos_productos WHERE pro_codigo_plu=@@@118@@@','',2,'2013-08-28'),(57933,'INSERT INTO gne_vale_ferreteria (vfe_id,vfe_fecha,vfe_total,vfe_estado,vfe_entregado,usu_nusuario) VALUES (9464,@@@2013.08.28@@@,1150,1,0,@@@b_SAEZ@@@)','',2,'2013-08-28'),(57934,'INSERT INTO gne_vale_ferreteria_mov (vfe_id,pro_codigo_plu,vfm_cantidad,vfm_unitario,vfm_total,vfm_entregado) VALUES (9464,764780,1,60,60,@@@NO@@@)','',2,'2013-08-28'),(57935,'INSERT INTO gne_vale_ferreteria_mov (vfe_id,pro_codigo_plu,vfm_cantidad,vfm_unitario,vfm_total,vfm_entregado) VALUES (9464,763778,1,240,240,@@@NO@@@)','',2,'2013-08-28'),(57936,'INSERT INTO gne_vale_ferreteria_mov (vfe_id,pro_codigo_plu,vfm_cantidad,vfm_unitario,vfm_total,vfm_entregado) VALUES (9464,780721304,1,550,550,@@@NO@@@)','',2,'2013-08-28'),(57937,'INSERT INTO gne_vale_ferreteria_mov (vfe_id,pro_codigo_plu,vfm_cantidad,vfm_unitario,vfm_total,vfm_entregado) VALUES (9464,8021,1,150,150,@@@NO@@@)','',2,'2013-08-28'),(57938,'INSERT INTO gne_vale_ferreteria_mov (vfe_id,pro_codigo_plu,vfm_cantidad,vfm_unitario,vfm_total,vfm_entregado) VALUES (9464,780721387,1,150,150,@@@NO@@@)','',2,'2013-08-28'),(57939,'INSERT INTO gne_vale_ferreteria (vfe_id,vfe_fecha,vfe_total,vfe_estado,vfe_entregado,usu_nusuario) VALUES (9465,@@@2013.08.28@@@,1150,1,0,@@@b_SAEZ@@@)','',2,'2013-08-28'),(57940,'INSERT INTO gne_vale_ferreteria_mov (vfe_id,pro_codigo_plu,vfm_cantidad,vfm_unitario,vfm_total,vfm_entregado) VALUES (9465,764780,1,60,60,@@@NO@@@)','',2,'2013-08-28'),(57941,'INSERT INTO gne_vale_ferreteria_mov (vfe_id,pro_codigo_plu,vfm_cantidad,vfm_unitario,vfm_total,vfm_entregado) VALUES (9465,763778,1,240,240,@@@NO@@@)','',2,'2013-08-28'),(57942,'INSERT INTO gne_vale_ferreteria_mov (vfe_id,pro_codigo_plu,vfm_cantidad,vfm_unitario,vfm_total,vfm_entregado) VALUES (9465,780721304,1,550,550,@@@NO@@@)','',2,'2013-08-28'),(57943,'INSERT INTO gne_vale_ferreteria_mov (vfe_id,pro_codigo_plu,vfm_cantidad,vfm_unitario,vfm_total,vfm_entregado) VALUES (9465,8021,1,150,150,@@@NO@@@)','',2,'2013-08-28'),(57944,'INSERT INTO gne_vale_ferreteria_mov (vfe_id,pro_codigo_plu,vfm_cantidad,vfm_unitario,vfm_total,vfm_entregado) VALUES (9465,780721387,1,150,150,@@@NO@@@)','',2,'2013-08-28'),(57945,'INSERT INTO gne_vale_ferreteria (vfe_id,vfe_fecha,vfe_total,vfe_estado,vfe_entregado,usu_nusuario) VALUES (9466,@@@2013.08.28@@@,490,1,0,@@@b_SAEZ@@@)','',2,'2013-08-28'),(57946,'INSERT INTO gne_vale_ferreteria_mov (vfe_id,pro_codigo_plu,vfm_cantidad,vfm_unitario,vfm_total,vfm_entregado) VALUES (9466,770071,1,490,490,@@@NO@@@)','',2,'2013-08-28'),(57947,'INSERT INTO gne_vale_ferreteria (vfe_id,vfe_fecha,vfe_total,vfe_estado,vfe_entregado,usu_nusuario) VALUES (9467,@@@2013.08.28@@@,150,1,0,@@@b_SAEZ@@@)','',2,'2013-08-28'),(57948,'INSERT INTO gne_vale_ferreteria_mov (vfe_id,pro_codigo_plu,vfm_cantidad,vfm_unitario,vfm_total,vfm_entregado) VALUES (9467,780721387,1,150,150,@@@NO@@@)','',2,'2013-08-28'),(57949,'INSERT INTO gne_vale_ferreteria (vfe_id,vfe_fecha,vfe_total,vfe_estado,vfe_entregado,usu_nusuario) VALUES (9468,@@@2013.08.28@@@,1170,1,0,@@@b_SAEZ@@@)','',2,'2013-08-28'),(57950,'INSERT INTO gne_vale_ferreteria_mov (vfe_id,pro_codigo_plu,vfm_cantidad,vfm_unitario,vfm_total,vfm_entregado) VALUES (9468,78017020,3,390,1170,@@@NO@@@)','',2,'2013-08-28'),(57951,'INSERT INTO gne_vale_ferreteria (vfe_id,vfe_fecha,vfe_total,vfe_estado,vfe_entregado,usu_nusuario) VALUES (9469,@@@2013.08.28@@@,120,1,0,@@@b_SAEZ@@@)','',2,'2013-08-28'),(57952,'INSERT INTO gne_vale_ferreteria_mov (vfe_id,pro_codigo_plu,vfm_cantidad,vfm_unitario,vfm_total,vfm_entregado) VALUES (9469,8022,1,120,120,@@@NO@@@)','',2,'2013-08-28'),(57953,'INSERT INTO gne_vale_ferreteria (vfe_id,vfe_fecha,vfe_total,vfe_estado,vfe_entregado,usu_nusuario) VALUES (9470,@@@2013.08.28@@@,180,1,0,@@@b_SAEZ@@@)','',2,'2013-08-28'),(57954,'INSERT INTO gne_vale_ferreteria_mov (vfe_id,pro_codigo_plu,vfm_cantidad,vfm_unitario,vfm_total,vfm_entregado) VALUES (9470,764120,1,180,180,@@@NO@@@)','',2,'2013-08-28'),(57955,'UPDATE mae_productos SET pro_margen_actual=76.47,pro_precio_venta=1890 WHERE pro_codigo_plu=118','',2,'2013-08-28'),(57956,'UPDATE mae_productos SET pro_margen_actual=112,pro_precio_venta=1590 WHERE pro_codigo_plu=850','',2,'2013-08-28'),(57957,'UPDATE mae_productos SET pro_margen_actual=112,pro_precio_venta=1590 WHERE pro_codigo_plu=850','',2,'2013-08-28'),(57958,'UPDATE mae_productos SET pro_margen_actual=112,pro_precio_venta=1590 WHERE pro_codigo_plu=850','',2,'2013-08-28'),(57959,'UPDATE mae_productos SET pro_margen_actual=-27.78,pro_precio_venta=390 WHERE pro_codigo_plu=607','',2,'2013-08-28'),(57960,'UPDATE mae_productos SET pro_precio_fiscal=pro_precio_venta WHERE pro_codigo_plu=607','',2,'2013-08-28'),(57961,'UPDATE mae_productos SET pro_codigo_barra=@@@850@@@,pro_tipo=@@@0@@@,pro_nombre_producto=@@@PALOMITAS DE MAIZ X KILO@@@,pro_nombre_corto=@@@PALOMITAS DE MAI@@@,med_id=@@@5@@@,emb_id=@@@4@@@,pro_unidades_embalaje=@@@20@@@,dep_id=@@@1 @@@,lin_id=@@@217@@@,mar_id=@@@2507@@@,pro_precio_compra_neto=@@@0@@@,pro_precio_compra_bruto=@@@750@@@,pro_precio_venta=@@@1590@@@,pro_margen_actual=@@@112@@@,pro_oferta=@@@NO@@@,pro_fecha_inicio_oferta=@@@2013.08.06@@@,pro_fecha_termino_oferta=@@@2013.08.06@@@,pro_precio_oferta=@@@0@@@,pro_stock_minimo=@@@10@@@,pro_stock_critico=@@@5@@@,pro_activo=@@@1@@@,pro_unidad=@@@0@@@,pro_precio_compra_bruto=750,pro_margen_actual=112,pro_capacidad=1,pro_funcion_plu=0,pro_flejes=1,pro_iva=1,pro_plu_asociado=0,pro_envase=@@@NO@@@,pro_duracion=0,pro_numero_etiqueta=0 WHERE pro_codigo_plu=@@@850@@@','',2,'2013-08-28'),(57962,'UPDATE mae_productos SET pro_estado=1 WHERE pro_codigo_plu=850','',2,'2013-08-28'),(57963,'DELETE FROM mae_impuestos_productos WHERE pro_codigo_plu=@@@850@@@','',2,'2013-08-28'),(57964,'UPDATE mae_productos SET pro_margen_actual=112,pro_precio_venta=1590 WHERE pro_codigo_plu=850','',2,'2013-08-28'),(57965,'INSERT INTO mae_productos (pro_codigo_plu,pro_codigo_barra,pro_tipo,pro_nombre_producto,pro_nombre_corto,med_id,emb_id,pro_unidades_embalaje,dep_id,lin_id,mar_id,pro_precio_compra_neto,pro_precio_compra_bruto,pro_precio_venta,pro_margen_actual,pro_oferta,pro_fecha_inicio_oferta,pro_fecha_termino_oferta,pro_precio_oferta,pro_stock_minimo,pro_stock_critico,pro_entradas_bodega,pro_salidas_bodega,pro_mermas_bodega,pro_ajustes_bodega,pro_entradas_sv,pro_salidas_sv,pro_mermas_sv,pro_ajustes_sv,pro_activo,rec_numero,pro_unidad,pro_capacidad,pro_consumo_bodega,pro_consumo_sv,pro_estado,pro_funcion_plu,pro_flejes,pro_iva,pro_plu_asociado,pro_envase,pro_duracion,pro_numero_etiqueta) VALUES (780721696,@@@7802225513326@@@,@@@0@@@,@@@CLIPPER RELLENO  DOS EN UNO 37,8 GRS@@@,@@@CLIPPER RELLENO @@@,@@@5 @@@,@@@6 @@@,@@@16@@@,@@@32 @@@,@@@161@@@,@@@1740@@@,@@@0@@@,@@@1@@@,@@@1@@@,@@@0@@@,@@@@@@,@@@2013.08.28@@@,@@@2013.08.28@@@,@@@0@@@,@@@16@@@,@@@4@@@,@@@0@@@,@@@0@@@,@@@0@@@,@@@0@@@,@@@0@@@,@@@0@@@,@@@0@@@,@@@0@@@,@@@1@@@,@@@0@@@,0,37.8,0,0,2,0,1,1,0,@@@NO@@@,0,0)','',2,'2013-08-28'),(57966,'DELETE FROM mae_impuestos_productos WHERE pro_codigo_plu=@@@780721696@@@','',2,'2013-08-28'),(57967,'UPDATE mae_productos SET pro_codigo_barra=@@@850@@@,pro_tipo=@@@0@@@,pro_nombre_producto=@@@PALOMITAS DE MAIZ X KILO@@@,pro_nombre_corto=@@@PALOMITAS DE MAI@@@,med_id=@@@1@@@,emb_id=@@@1@@@,pro_unidades_embalaje=@@@1@@@,dep_id=@@@1 @@@,lin_id=@@@217@@@,mar_id=@@@2507@@@,pro_precio_compra_neto=@@@0@@@,pro_precio_compra_bruto=@@@750@@@,pro_precio_venta=@@@1590@@@,pro_margen_actual=@@@112@@@,pro_oferta=@@@NO@@@,pro_fecha_inicio_oferta=@@@2013.08.06@@@,pro_fecha_termino_oferta=@@@2013.08.06@@@,pro_precio_oferta=@@@0@@@,pro_stock_minimo=@@@1@@@,pro_stock_critico=@@@1@@@,pro_activo=@@@1@@@,pro_unidad=@@@0@@@,pro_precio_compra_bruto=750,pro_margen_actual=112,pro_capacidad=1,pro_funcion_plu=0,pro_flejes=1,pro_iva=1,pro_plu_asociado=0,pro_envase=@@@NO@@@,pro_duracion=0,pro_numero_etiqueta=0 WHERE pro_codigo_plu=@@@850@@@','',2,'2013-08-28'),(57968,'UPDATE mae_productos SET pro_estado=1 WHERE pro_codigo_plu=850','',2,'2013-08-28'),(57969,'DELETE FROM mae_impuestos_productos WHERE pro_codigo_plu=@@@850@@@','',2,'2013-08-28'),(57970,'UPDATE mae_productos SET pro_margen_actual=0,pro_precio_venta=1 WHERE pro_codigo_plu=780721696','',2,'2013-08-28'),(57971,'UPDATE mae_productos SET pro_margen_actual=112,pro_precio_venta=1590 WHERE pro_codigo_plu=850','',2,'2013-08-28'),(57972,'UPDATE mae_productos SET pro_margen_actual=112,pro_precio_venta=1590 WHERE pro_codigo_plu=850','',2,'2013-08-28'),(57973,'UPDATE mae_productos SET pro_precio_compra_bruto=3653,pro_margen_actual=(pro_precio_venta-3653)/3653 * 100,pro_ultima_compra=@@@2013.08.28@@@,pro_ultimo_proveedor=@@@76170432-k@@@ WHERE pro_codigo_plu=408','',2,'2013-08-28'),(57974,'UPDATE mae_productos SET pro_precio_compra_bruto=2749.9,pro_margen_actual=(pro_precio_venta-2749.9)/2749.9 * 100,pro_ultima_compra=@@@2013.08.28@@@,pro_ultimo_proveedor=@@@76170432-k@@@ WHERE pro_codigo_plu=411','',2,'2013-08-28'),(57975,'UPDATE mae_productos SET pro_precio_compra_bruto=3522.4,pro_margen_actual=(pro_precio_venta-3522.4)/3522.4 * 100,pro_ultima_compra=@@@2013.08.28@@@,pro_ultimo_proveedor=@@@76170432-k@@@ WHERE pro_codigo_plu=410','',2,'2013-08-28'),(57976,'UPDATE mae_productos SET pro_precio_compra_bruto=1463.7,pro_margen_actual=(pro_precio_venta-1463.7)/1463.7 * 100,pro_ultima_compra=@@@2013.08.28@@@,pro_ultimo_proveedor=@@@79984240-8@@@ WHERE pro_codigo_plu=118','',2,'2013-08-28'),(57977,'UPDATE mae_productos SET pro_precio_compra_bruto=464.1,pro_margen_actual=(pro_precio_venta-464.1)/464.1 * 100,pro_ultima_compra=@@@2013.08.28@@@,pro_ultimo_proveedor=@@@79984240-8@@@ WHERE pro_codigo_plu=111','',2,'2013-08-28'),(57978,'UPDATE mae_productos SET pro_precio_compra_bruto=1654.1,pro_margen_actual=(pro_precio_venta-1654.1)/1654.1 * 100,pro_ultima_compra=@@@2013.08.28@@@,pro_ultimo_proveedor=@@@79984240-8@@@ WHERE pro_codigo_plu=126','',2,'2013-08-28'),(57979,'UPDATE mae_productos SET pro_precio_compra_bruto=1451.8,pro_margen_actual=(pro_precio_venta-1451.8)/1451.8 * 100,pro_ultima_compra=@@@2013.08.28@@@,pro_ultimo_proveedor=@@@79984240-8@@@ WHERE pro_codigo_plu=102','',2,'2013-08-28'),(57980,'UPDATE mae_productos SET pro_precio_compra_bruto=2752.8,pro_margen_actual=(pro_precio_venta-2752.8)/2752.8 * 100,pro_ultima_compra=@@@2013.08.28@@@,pro_ultimo_proveedor=@@@79984240-8@@@ WHERE pro_codigo_plu=205','',2,'2013-08-28'),(57981,'UPDATE mae_productos SET pro_precio_compra_bruto=2380.8,pro_margen_actual=(pro_precio_venta-2380.8)/2380.8 * 100,pro_ultima_compra=@@@2013.08.28@@@,pro_ultimo_proveedor=@@@79984240-8@@@ WHERE pro_codigo_plu=213','',2,'2013-08-28'),(57982,'INSERT INTO gne_vale_ferreteria (vfe_id,vfe_fecha,vfe_total,vfe_estado,vfe_entregado,usu_nusuario) VALUES (9471,@@@2013.08.29@@@,200,1,0,@@@M_SANDOVAL@@@)','',2,'2013-08-29'),(57983,'INSERT INTO gne_vale_ferreteria_mov (vfe_id,pro_codigo_plu,vfm_cantidad,vfm_unitario,vfm_total,vfm_entregado) VALUES (9471,78017141,1,200,200,@@@NO@@@)','',2,'2013-08-29'),(57984,'INSERT INTO gne_vale_ferreteria (vfe_id,vfe_fecha,vfe_total,vfe_estado,vfe_entregado,usu_nusuario) VALUES (9472,@@@2013.08.29@@@,50,1,0,@@@M_SANDOVAL@@@)','',2,'2013-08-29'),(57985,'INSERT INTO gne_vale_ferreteria_mov (vfe_id,pro_codigo_plu,vfm_cantidad,vfm_unitario,vfm_total,vfm_entregado) VALUES (9472,78017146,1,50,50,@@@NO@@@)','',2,'2013-08-29'),(57986,'UPDATE mae_productos SET pro_margen_actual=83.8,pro_precio_venta=590 WHERE pro_codigo_plu=608','',2,'2013-08-29'),(57987,'UPDATE mae_productos SET pro_margen_actual=83.8,pro_precio_venta=590 WHERE pro_codigo_plu=608','',2,'2013-08-29'),(57988,'INSERT INTO mae_productos (pro_codigo_plu,pro_codigo_barra,pro_tipo,pro_nombre_producto,pro_nombre_corto,med_id,emb_id,pro_unidades_embalaje,dep_id,lin_id,mar_id,pro_precio_compra_neto,pro_precio_compra_bruto,pro_precio_venta,pro_margen_actual,pro_oferta,pro_fecha_inicio_oferta,pro_fecha_termino_oferta,pro_precio_oferta,pro_stock_minimo,pro_stock_critico,pro_entradas_bodega,pro_salidas_bodega,pro_mermas_bodega,pro_ajustes_bodega,pro_entradas_sv,pro_salidas_sv,pro_mermas_sv,pro_ajustes_sv,pro_activo,rec_numero,pro_unidad,pro_capacidad,pro_consumo_bodega,pro_consumo_sv,pro_estado,pro_funcion_plu,pro_flejes,pro_iva,pro_plu_asociado,pro_envase,pro_duracion,pro_numero_etiqueta) VALUES (780721697,@@@7751851017121@@@,@@@0@@@,@@@INSECTICIDA MOSCA ZANCUDO SAPOLIO 414 ML@@@,@@@INSECTICIDA MOSC@@@,@@@7 @@@,@@@6 @@@,@@@12@@@,@@@2 @@@,@@@41@@@,@@@880@@@,@@@0@@@,@@@1199@@@,@@@1@@@,@@@-99.92@@@,@@@@@@,@@@2006.09.07@@@,@@@2006.09.07@@@,@@@0@@@,@@@12@@@,@@@4@@@,@@@0@@@,@@@0@@@,@@@0@@@,@@@0@@@,@@@0@@@,@@@0@@@,@@@0@@@,@@@0@@@,@@@1@@@,@@@0@@@,0,414,0,0,2,0,1,1,0,@@@NO@@@,0,0)','',2,'2013-08-29'),(57989,'DELETE FROM mae_impuestos_productos WHERE pro_codigo_plu=@@@780721697@@@','',2,'2013-08-29'),(57990,'UPDATE mae_productos SET pro_margen_actual=-99.92,pro_precio_venta=1 WHERE pro_codigo_plu=780721697','',2,'2013-08-29'),(57991,'UPDATE mae_productos SET pro_margen_actual=116.42,pro_precio_venta=290 WHERE pro_codigo_plu=589','',2,'2013-08-29'),(57992,'UPDATE mae_productos SET pro_margen_actual=48.22,pro_precio_venta=790 WHERE pro_codigo_plu=580','',2,'2013-08-29'),(57993,'UPDATE mae_productos SET pro_margen_actual=45.49,pro_precio_venta=790 WHERE pro_codigo_plu=579','',2,'2013-08-29'),(57994,'UPDATE mae_productos SET pro_margen_actual=44.2,pro_precio_venta=1990 WHERE pro_codigo_plu=562','',2,'2013-08-29'),(57995,'UPDATE mae_productos SET pro_margen_actual=108.51,pro_precio_venta=490 WHERE pro_codigo_plu=530','',2,'2013-08-29'),(57996,'UPDATE mae_productos SET pro_margen_actual=83.8,pro_precio_venta=590 WHERE pro_codigo_plu=608','',2,'2013-08-29'),(57997,'UPDATE mae_productos SET pro_margen_actual=57.63,pro_precio_venta=599 WHERE pro_codigo_plu=572','',2,'2013-08-29'),(57998,'UPDATE mae_productos SET pro_margen_actual=68.03,pro_precio_venta=699 WHERE pro_codigo_plu=566','',2,'2013-08-29'),(57999,'UPDATE mae_productos SET pro_margen_actual=216,pro_precio_venta=790 WHERE pro_codigo_plu=535','',2,'2013-08-29'),(58000,'UPDATE mae_productos SET pro_margen_actual=0,pro_precio_venta=499 WHERE pro_codigo_plu=539','',2,'2013-08-29'),(58001,'UPDATE mae_productos SET pro_margen_actual=0,pro_precio_venta=599 WHERE pro_codigo_plu=550','',2,'2013-08-29'),(58002,'UPDATE mae_productos SET pro_margen_actual=45,pro_precio_venta=290 WHERE pro_codigo_plu=551','',2,'2013-08-29'),(58003,'UPDATE mae_productos SET pro_precio_fiscal=pro_precio_venta WHERE pro_codigo_plu=530','',2,'2013-08-29'),(58004,'UPDATE mae_productos SET pro_precio_fiscal=pro_precio_venta WHERE pro_codigo_plu=535','',2,'2013-08-29'),(58005,'UPDATE mae_productos SET pro_precio_fiscal=pro_precio_venta WHERE pro_codigo_plu=539','',2,'2013-08-29'),(58006,'UPDATE mae_productos SET pro_precio_fiscal=pro_precio_venta WHERE pro_codigo_plu=550','',2,'2013-08-29'),(58007,'UPDATE mae_productos SET pro_precio_fiscal=pro_precio_venta WHERE pro_codigo_plu=551','',2,'2013-08-29'),(58008,'UPDATE mae_productos SET pro_precio_fiscal=pro_precio_venta WHERE pro_codigo_plu=562','',2,'2013-08-29'),(58009,'UPDATE mae_productos SET pro_precio_fiscal=pro_precio_venta WHERE pro_codigo_plu=566','',2,'2013-08-29'),(58010,'UPDATE mae_productos SET pro_precio_fiscal=pro_precio_venta WHERE pro_codigo_plu=572','',2,'2013-08-29'),(58011,'UPDATE mae_productos SET pro_precio_fiscal=pro_precio_venta WHERE pro_codigo_plu=579','',2,'2013-08-29'),(58012,'UPDATE mae_productos SET pro_precio_fiscal=pro_precio_venta WHERE pro_codigo_plu=580','',2,'2013-08-29'),(58013,'UPDATE mae_productos SET pro_precio_fiscal=pro_precio_venta WHERE pro_codigo_plu=589','',2,'2013-08-29'),(58014,'UPDATE mae_productos SET pro_margen_actual=0,pro_precio_venta=300 WHERE pro_codigo_plu=101861','',2,'2013-08-29'),(58015,'UPDATE mae_productos SET pro_precio_fiscal=pro_precio_venta WHERE pro_codigo_plu=101861','',2,'2013-08-29'),(58016,'INSERT INTO mae_productos (pro_codigo_plu,pro_codigo_barra,pro_tipo,pro_nombre_producto,pro_nombre_corto,med_id,emb_id,pro_unidades_embalaje,dep_id,lin_id,mar_id,pro_precio_compra_neto,pro_precio_compra_bruto,pro_precio_venta,pro_margen_actual,pro_oferta,pro_fecha_inicio_oferta,pro_fecha_termino_oferta,pro_precio_oferta,pro_stock_minimo,pro_stock_critico,pro_entradas_bodega,pro_salidas_bodega,pro_mermas_bodega,pro_ajustes_bodega,pro_entradas_sv,pro_salidas_sv,pro_mermas_sv,pro_ajustes_sv,pro_activo,rec_numero,pro_unidad,pro_capacidad,pro_consumo_bodega,pro_consumo_sv,pro_estado,pro_funcion_plu,pro_flejes,pro_iva,pro_plu_asociado,pro_envase,pro_duracion,pro_numero_etiqueta) VALUES (780721698,@@@7751851017107@@@,@@@0@@@,@@@INSECTICIDA CUCARACHAS Y HORMIGAS SAPOLIO 414 ML@@@,@@@INSECTICIDA CUCA@@@,@@@7 @@@,@@@6 @@@,@@@12@@@,@@@2 @@@,@@@41@@@,@@@880@@@,@@@0@@@,@@@1428.9@@@,@@@1@@@,@@@-99.93@@@,@@@@@@,@@@2006.09.07@@@,@@@2006.09.07@@@,@@@0@@@,@@@12@@@,@@@4@@@,@@@0@@@,@@@0@@@,@@@0@@@,@@@0@@@,@@@0@@@,@@@0@@@,@@@0@@@,@@@0@@@,@@@1@@@,@@@0@@@,0,414,0,0,2,0,1,1,0,@@@NO@@@,0,0)','',2,'2013-08-29'),(58017,'DELETE FROM mae_impuestos_productos WHERE pro_codigo_plu=@@@780721698@@@','',2,'2013-08-29'),(58018,'INSERT INTO mae_productos (pro_codigo_plu,pro_codigo_barra,pro_tipo,pro_nombre_producto,pro_nombre_corto,med_id,emb_id,pro_unidades_embalaje,dep_id,lin_id,mar_id,pro_precio_compra_neto,pro_precio_compra_bruto,pro_precio_venta,pro_margen_actual,pro_oferta,pro_fecha_inicio_oferta,pro_fecha_termino_oferta,pro_precio_oferta,pro_stock_minimo,pro_stock_critico,pro_entradas_bodega,pro_salidas_bodega,pro_mermas_bodega,pro_ajustes_bodega,pro_entradas_sv,pro_salidas_sv,pro_mermas_sv,pro_ajustes_sv,pro_activo,rec_numero,pro_unidad,pro_capacidad,pro_consumo_bodega,pro_consumo_sv,pro_estado,pro_funcion_plu,pro_flejes,pro_iva,pro_plu_asociado,pro_envase,pro_duracion,pro_numero_etiqueta) VALUES (780721699,@@@7805010133075@@@,@@@0@@@,@@@JABON LIQUIDO DETTOL220 ML@@@,@@@JABON LIQUIDO DE@@@,@@@7 @@@,@@@4 @@@,@@@3@@@,@@@2 @@@,@@@36@@@,@@@2258@@@,@@@0@@@,@@@857.9@@@,@@@1@@@,@@@-99.88@@@,@@@@@@,@@@2006.09.07@@@,@@@2006.09.07@@@,@@@0@@@,@@@6@@@,@@@3@@@,@@@0@@@,@@@0@@@,@@@0@@@,@@@0@@@,@@@0@@@,@@@0@@@,@@@0@@@,@@@0@@@,@@@1@@@,@@@0@@@,0,220,0,0,2,0,1,1,0,@@@NO@@@,0,0)','',2,'2013-08-29'),(58019,'DELETE FROM mae_impuestos_productos WHERE pro_codigo_plu=@@@780721699@@@','',2,'2013-08-29'),(58020,'INSERT INTO mae_productos (pro_codigo_plu,pro_codigo_barra,pro_tipo,pro_nombre_producto,pro_nombre_corto,med_id,emb_id,pro_unidades_embalaje,dep_id,lin_id,mar_id,pro_precio_compra_neto,pro_precio_compra_bruto,pro_precio_venta,pro_margen_actual,pro_oferta,pro_fecha_inicio_oferta,pro_fecha_termino_oferta,pro_precio_oferta,pro_stock_minimo,pro_stock_critico,pro_entradas_bodega,pro_salidas_bodega,pro_mermas_bodega,pro_ajustes_bodega,pro_entradas_sv,pro_salidas_sv,pro_mermas_sv,pro_ajustes_sv,pro_activo,rec_numero,pro_unidad,pro_capacidad,pro_consumo_bodega,pro_consumo_sv,pro_estado,pro_funcion_plu,pro_flejes,pro_iva,pro_plu_asociado,pro_envase,pro_duracion,pro_numero_etiqueta) VALUES (780721700,@@@7805010133112@@@,@@@0@@@,@@@JABON LIQUIDO DETTOL SKINCARE 220 ML@@@,@@@JABON LIQUIDO DE@@@,@@@7 @@@,@@@4 @@@,@@@3@@@,@@@21 @@@,@@@125@@@,@@@2258@@@,@@@0@@@,@@@857.9@@@,@@@1@@@,@@@-99.88@@@,@@@@@@,@@@2006.09.07@@@,@@@2006.09.07@@@,@@@0@@@,@@@6@@@,@@@3@@@,@@@0@@@,@@@0@@@,@@@0@@@,@@@0@@@,@@@0@@@,@@@0@@@,@@@0@@@,@@@0@@@,@@@1@@@,@@@0@@@,0,220,0,0,2,0,1,1,0,@@@NO@@@,0,0)','',2,'2013-08-29'),(58021,'DELETE FROM mae_impuestos_productos WHERE pro_codigo_plu=@@@780721700@@@','',2,'2013-08-29'),(58022,'INSERT INTO gne_vale_ferreteria (vfe_id,vfe_fecha,vfe_total,vfe_estado,vfe_entregado,usu_nusuario) VALUES (9473,@@@2013.08.29@@@,490,1,0,@@@M_SANDOVAL@@@)','',2,'2013-08-29'),(58023,'INSERT INTO gne_vale_ferreteria_mov (vfe_id,pro_codigo_plu,vfm_cantidad,vfm_unitario,vfm_total,vfm_entregado) VALUES (9473,780721660,1,490,490,@@@NO@@@)','',2,'2013-08-29'),(58024,'INSERT INTO gne_vale_ferreteria (vfe_id,vfe_fecha,vfe_total,vfe_estado,vfe_entregado,usu_nusuario) VALUES (9474,@@@2013.08.29@@@,890,1,0,@@@M_SANDOVAL@@@)','',2,'2013-08-29'),(58025,'INSERT INTO gne_vale_ferreteria_mov (vfe_id,pro_codigo_plu,vfm_cantidad,vfm_unitario,vfm_total,vfm_entregado) VALUES (9474,780721476,1,890,890,@@@NO@@@)','',2,'2013-08-29'),(58026,'INSERT INTO gne_vale_ferreteria (vfe_id,vfe_fecha,vfe_total,vfe_estado,vfe_entregado,usu_nusuario) VALUES (9475,@@@2013.08.29@@@,690,1,0,@@@M_SANDOVAL@@@)','',2,'2013-08-29'),(58027,'INSERT INTO gne_vale_ferreteria_mov (vfe_id,pro_codigo_plu,vfm_cantidad,vfm_unitario,vfm_total,vfm_entregado) VALUES (9475,101104,1,690,690,@@@NO@@@)','',2,'2013-08-29'),(58028,'INSERT INTO gne_vale_ferreteria (vfe_id,vfe_fecha,vfe_total,vfe_estado,vfe_entregado,usu_nusuario) VALUES (9476,@@@2013.08.29@@@,200,1,0,@@@M_SANDOVAL@@@)','',2,'2013-08-29'),(58029,'INSERT INTO gne_vale_ferreteria_mov (vfe_id,pro_codigo_plu,vfm_cantidad,vfm_unitario,vfm_total,vfm_entregado) VALUES (9476,770026,2,100,200,@@@NO@@@)','',2,'2013-08-29'),(58030,'INSERT INTO gne_vale_ferreteria (vfe_id,vfe_fecha,vfe_total,vfe_estado,vfe_entregado,usu_nusuario) VALUES (9477,@@@2013.08.29@@@,480,1,0,@@@M_SANDOVAL@@@)','',2,'2013-08-29'),(58031,'INSERT INTO gne_vale_ferreteria_mov (vfe_id,pro_codigo_plu,vfm_cantidad,vfm_unitario,vfm_total,vfm_entregado) VALUES (9477,780721265,4,120,480,@@@NO@@@)','',2,'2013-08-29'),(58032,'INSERT INTO gne_vale_ferreteria (vfe_id,vfe_fecha,vfe_total,vfe_estado,vfe_entregado,usu_nusuario) VALUES (9478,@@@2013.08.29@@@,120,1,0,@@@M_SANDOVAL@@@)','',2,'2013-08-29'),(58033,'INSERT INTO gne_vale_ferreteria_mov (vfe_id,pro_codigo_plu,vfm_cantidad,vfm_unitario,vfm_total,vfm_entregado) VALUES (9478,8022,1,120,120,@@@NO@@@)','',2,'2013-08-29'),(58034,'INSERT INTO gne_vale_ferreteria (vfe_id,vfe_fecha,vfe_total,vfe_estado,vfe_entregado,usu_nusuario) VALUES (9479,@@@2013.08.29@@@,200,1,0,@@@M_SANDOVAL@@@)','',2,'2013-08-29'),(58035,'INSERT INTO gne_vale_ferreteria_mov (vfe_id,pro_codigo_plu,vfm_cantidad,vfm_unitario,vfm_total,vfm_entregado) VALUES (9479,20368,1,100,100,@@@NO@@@)','',2,'2013-08-29'),(58036,'INSERT INTO gne_vale_ferreteria_mov (vfe_id,pro_codigo_plu,vfm_cantidad,vfm_unitario,vfm_total,vfm_entregado) VALUES (9479,20144,1,100,100,@@@NO@@@)','',2,'2013-08-29'),(58037,'INSERT INTO gne_vale_ferreteria (vfe_id,vfe_fecha,vfe_total,vfe_estado,vfe_entregado,usu_nusuario) VALUES (9480,@@@2013.08.29@@@,220,1,0,@@@M_SANDOVAL@@@)','',2,'2013-08-29'),(58038,'INSERT INTO gne_vale_ferreteria_mov (vfe_id,pro_codigo_plu,vfm_cantidad,vfm_unitario,vfm_total,vfm_entregado) VALUES (9480,764768,1,220,220,@@@NO@@@)','',2,'2013-08-29'),(58039,'UPDATE mae_productos SET pro_precio_compra_bruto=376.04,pro_margen_actual=(pro_precio_venta-376.04)/376.04 * 100,pro_ultima_compra=@@@2013.08.29@@@,pro_ultimo_proveedor=@@@90703000-8@@@ WHERE pro_codigo_plu=17069','',2,'2013-08-29'),(58040,'UPDATE mae_productos SET pro_precio_compra_bruto=376.04,pro_margen_actual=(pro_precio_venta-376.04)/376.04 * 100,pro_ultima_compra=@@@2013.08.29@@@,pro_ultimo_proveedor=@@@90703000-8@@@ WHERE pro_codigo_plu=11461','',2,'2013-08-29'),(58041,'UPDATE mae_productos SET pro_precio_compra_bruto=246.56,pro_margen_actual=(pro_precio_venta-246.56)/246.56 * 100,pro_ultima_compra=@@@2013.08.29@@@,pro_ultimo_proveedor=@@@90703000-8@@@ WHERE pro_codigo_plu=780721183','',2,'2013-08-29'),(58042,'UPDATE mae_productos SET pro_precio_compra_bruto=246.925,pro_margen_actual=(pro_precio_venta-246.925)/246.925 * 100,pro_ultima_compra=@@@2013.08.29@@@,pro_ultimo_proveedor=@@@90703000-8@@@ WHERE pro_codigo_plu=78017065','',2,'2013-08-29'),(58043,'UPDATE mae_productos SET pro_precio_compra_bruto=229.6,pro_margen_actual=(pro_precio_venta-229.6)/229.6 * 100,pro_ultima_compra=@@@2013.08.29@@@,pro_ultimo_proveedor=@@@90703000-8@@@ WHERE pro_codigo_plu=17040','',2,'2013-08-29'),(58044,'UPDATE mae_productos SET pro_precio_compra_bruto=229.6,pro_margen_actual=(pro_precio_venta-229.6)/229.6 * 100,pro_ultima_compra=@@@2013.08.29@@@,pro_ultimo_proveedor=@@@90703000-8@@@ WHERE pro_codigo_plu=17039','',2,'2013-08-29'),(58045,'UPDATE mae_productos SET pro_precio_compra_bruto=313.8,pro_margen_actual=(pro_precio_venta-313.8)/313.8 * 100,pro_ultima_compra=@@@2013.08.29@@@,pro_ultimo_proveedor=@@@90703000-8@@@ WHERE pro_codigo_plu=762719','',2,'2013-08-29'),(58046,'UPDATE mae_productos SET pro_precio_compra_bruto=330.82,pro_margen_actual=(pro_precio_venta-330.82)/330.82 * 100,pro_ultima_compra=@@@2013.08.29@@@,pro_ultimo_proveedor=@@@90703000-8@@@ WHERE pro_codigo_plu=17011','',2,'2013-08-29'),(58047,'UPDATE mae_productos SET pro_precio_compra_bruto=293.6,pro_margen_actual=(pro_precio_venta-293.6)/293.6 * 100,pro_ultima_compra=@@@2013.08.29@@@,pro_ultimo_proveedor=@@@90703000-8@@@ WHERE pro_codigo_plu=780721182','',2,'2013-08-29'),(58048,'UPDATE mae_productos SET pro_precio_compra_bruto=246.4,pro_margen_actual=(pro_precio_venta-246.4)/246.4 * 100,pro_ultima_compra=@@@2013.08.29@@@,pro_ultimo_proveedor=@@@90703000-8@@@ WHERE pro_codigo_plu=763580','',2,'2013-08-29'),(58049,'UPDATE mae_productos SET pro_precio_compra_bruto=246.33,pro_margen_actual=(pro_precio_venta-246.33)/246.33 * 100,pro_ultima_compra=@@@2013.08.29@@@,pro_ultimo_proveedor=@@@90703000-8@@@ WHERE pro_codigo_plu=17066','',2,'2013-08-29'),(58050,'UPDATE mae_productos SET pro_precio_compra_bruto=365.687,pro_margen_actual=(pro_precio_venta-365.687)/365.687 * 100,pro_ultima_compra=@@@2013.08.29@@@,pro_ultimo_proveedor=@@@90703000-8@@@ WHERE pro_codigo_plu=16691','',2,'2013-08-29'),(58051,'UPDATE mae_productos SET pro_precio_compra_bruto=788.9,pro_margen_actual=(pro_precio_venta-788.9)/788.9 * 100,pro_ultima_compra=@@@2013.08.29@@@,pro_ultimo_proveedor=@@@90703000-8@@@ WHERE pro_codigo_plu=16076','',2,'2013-08-29'),(58052,'INSERT INTO gne_vale_ferreteria (vfe_id,vfe_fecha,vfe_total,vfe_estado,vfe_entregado,usu_nusuario) VALUES (9481,@@@2013.08.29@@@,780,1,0,@@@M_SANDOVAL@@@)','',2,'2013-08-29'),(58053,'INSERT INTO gne_vale_ferreteria_mov (vfe_id,pro_codigo_plu,vfm_cantidad,vfm_unitario,vfm_total,vfm_entregado) VALUES (9481,101102,2,390,780,@@@NO@@@)','',2,'2013-08-29'),(58054,'INSERT INTO gne_vale_ferreteria (vfe_id,vfe_fecha,vfe_total,vfe_estado,vfe_entregado,usu_nusuario) VALUES (9482,@@@2013.08.29@@@,10240,1,0,@@@M_SANDOVAL@@@)','',2,'2013-08-29'),(58055,'INSERT INTO gne_vale_ferreteria_mov (vfe_id,pro_codigo_plu,vfm_cantidad,vfm_unitario,vfm_total,vfm_entregado) VALUES (9482,763758,1,4990,4990,@@@NO@@@)','',2,'2013-08-29'),(58056,'INSERT INTO gne_vale_ferreteria_mov (vfe_id,pro_codigo_plu,vfm_cantidad,vfm_unitario,vfm_total,vfm_entregado) VALUES (9482,78016989,1,5250,5250,@@@NO@@@)','',2,'2013-08-29'),(58057,'INSERT INTO gne_vale_ferreteria (vfe_id,vfe_fecha,vfe_total,vfe_estado,vfe_entregado,usu_nusuario) VALUES (9483,@@@2013.08.29@@@,4330,1,0,@@@M_SANDOVAL@@@)','',2,'2013-08-29'),(58058,'INSERT INTO gne_vale_ferreteria_mov (vfe_id,pro_codigo_plu,vfm_cantidad,vfm_unitario,vfm_total,vfm_entregado) VALUES (9483,764667,1,4330,4330,@@@NO@@@)','',2,'2013-08-29'),(58059,'UPDATE mae_productos SET pro_precio_venta=4750,pro_margen_actual= 48.9 WHERE pro_codigo_plu=780721349','',2,'2013-08-29'),(58060,'UPDATE mae_productos SET pro_precio_venta=4750,pro_margen_actual= 48.9 WHERE pro_codigo_plu=780721350','',2,'2013-08-29'),(58061,'UPDATE mae_productos SET pro_precio_venta=1260,pro_margen_actual= 34.04 WHERE pro_codigo_plu=13983','',2,'2013-08-29'),(58062,'INSERT INTO gne_vale_ferreteria (vfe_id,vfe_fecha,vfe_total,vfe_estado,vfe_entregado,usu_nusuario) VALUES (9484,@@@2013.08.29@@@,800,1,0,@@@M_SANDOVAL@@@)','',2,'2013-08-29'),(58063,'INSERT INTO gne_vale_ferreteria_mov (vfe_id,pro_codigo_plu,vfm_cantidad,vfm_unitario,vfm_total,vfm_entregado) VALUES (9484,78017134,1,200,200,@@@NO@@@)','',2,'2013-08-29'),(58064,'INSERT INTO gne_vale_ferreteria_mov (vfe_id,pro_codigo_plu,vfm_cantidad,vfm_unitario,vfm_total,vfm_entregado) VALUES (9484,78017135,2,200,400,@@@NO@@@)','',2,'2013-08-29'),(58065,'INSERT INTO gne_vale_ferreteria_mov (vfe_id,pro_codigo_plu,vfm_cantidad,vfm_unitario,vfm_total,vfm_entregado) VALUES (9484,78017140,1,200,200,@@@NO@@@)','',2,'2013-08-29'),(58066,'INSERT INTO gne_vale_ferreteria (vfe_id,vfe_fecha,vfe_total,vfe_estado,vfe_entregado,usu_nusuario) VALUES (9485,@@@2013.08.29@@@,1290,1,0,@@@M_SANDOVAL@@@)','',2,'2013-08-29'),(58067,'INSERT INTO gne_vale_ferreteria_mov (vfe_id,pro_codigo_plu,vfm_cantidad,vfm_unitario,vfm_total,vfm_entregado) VALUES (9485,7500886,2,150,300,@@@NO@@@)','',2,'2013-08-29'),(58068,'INSERT INTO gne_vale_ferreteria_mov (vfe_id,pro_codigo_plu,vfm_cantidad,vfm_unitario,vfm_total,vfm_entregado) VALUES (9485,761546,1,990,990,@@@NO@@@)','',2,'2013-08-29'),(58069,'UPDATE mae_productos SET pro_precio_compra_bruto=1190,pro_margen_actual=(pro_precio_venta-1190)/1190 * 100,pro_ultima_compra=@@@2013.08.29@@@,pro_ultimo_proveedor=@@@80186300-0@@@ WHERE pro_codigo_plu=262523','',2,'2013-08-29'),(58070,'UPDATE mae_productos SET pro_precio_compra_bruto=386.75,pro_margen_actual=(pro_precio_venta-386.75)/386.75 * 100,pro_ultima_compra=@@@2013.08.29@@@,pro_ultimo_proveedor=@@@80186300-0@@@ WHERE pro_codigo_plu=262524','',2,'2013-08-29'),(58071,'UPDATE mae_productos SET pro_precio_compra_bruto=3332.14,pro_margen_actual=(pro_precio_venta-3332.14)/3332.14 * 100,pro_ultima_compra=@@@2013.08.29@@@,pro_ultimo_proveedor=@@@80186300-0@@@ WHERE pro_codigo_plu=312','',2,'2013-08-29'),(58072,'UPDATE mae_productos SET pro_precio_compra_bruto=2380,pro_margen_actual=(pro_precio_venta-2380)/2380 * 100,pro_ultima_compra=@@@2013.08.29@@@,pro_ultimo_proveedor=@@@80186300-0@@@ WHERE pro_codigo_plu=335','',2,'2013-08-29'),(58073,'UPDATE mae_productos SET pro_precio_compra_bruto=4129.3,pro_margen_actual=(pro_precio_venta-4129.3)/4129.3 * 100,pro_ultima_compra=@@@2013.08.29@@@,pro_ultimo_proveedor=@@@80186300-0@@@ WHERE pro_codigo_plu=304','',2,'2013-08-29'),(58074,'UPDATE mae_productos SET pro_precio_compra_bruto=191.88,pro_margen_actual=(pro_precio_venta-191.88)/191.88 * 100,pro_ultima_compra=@@@2013.08.29@@@,pro_ultimo_proveedor=@@@80186300-0@@@ WHERE pro_codigo_plu=262530','',2,'2013-08-29'),(58075,'UPDATE mae_productos SET pro_precio_compra_bruto=191.88,pro_margen_actual=(pro_precio_venta-191.88)/191.88 * 100,pro_ultima_compra=@@@2013.08.29@@@,pro_ultimo_proveedor=@@@80186300-0@@@ WHERE pro_codigo_plu=262531','',2,'2013-08-29'),(58076,'INSERT INTO mae_productos (pro_codigo_plu,pro_codigo_barra,pro_tipo,pro_nombre_producto,pro_nombre_corto,med_id,emb_id,pro_unidades_embalaje,dep_id,lin_id,mar_id,pro_precio_compra_neto,pro_precio_compra_bruto,pro_precio_venta,pro_margen_actual,pro_oferta,pro_fecha_inicio_oferta,pro_fecha_termino_oferta,pro_precio_oferta,pro_stock_minimo,pro_stock_critico,pro_entradas_bodega,pro_salidas_bodega,pro_mermas_bodega,pro_ajustes_bodega,pro_entradas_sv,pro_salidas_sv,pro_mermas_sv,pro_ajustes_sv,pro_activo,rec_numero,pro_unidad,pro_capacidad,pro_consumo_bodega,pro_consumo_sv,pro_estado,pro_funcion_plu,pro_flejes,pro_iva,pro_plu_asociado,pro_envase,pro_duracion,pro_numero_etiqueta) VALUES (780721701,@@@7802820500066@@@,@@@0@@@,@@@NECTAR ANDINA DURAZNO 1500 CC@@@,@@@NECTAR ANDINA DU@@@,@@@6 @@@,@@@3 @@@,@@@8@@@,@@@4 @@@,@@@220@@@,@@@480@@@,@@@0@@@,@@@585@@@,@@@1@@@,@@@-99.83@@@,@@@@@@,@@@2006.09.07@@@,@@@2006.09.07@@@,@@@0@@@,@@@24@@@,@@@10@@@,@@@0@@@,@@@0@@@,@@@0@@@,@@@0@@@,@@@0@@@,@@@0@@@,@@@0@@@,@@@0@@@,@@@1@@@,@@@0@@@,0,1500,0,0,2,0,1,1,0,@@@NO@@@,0,0)','',2,'2013-08-29'),(58077,'DELETE FROM mae_impuestos_productos WHERE pro_codigo_plu=@@@780721701@@@','',2,'2013-08-29'),(58078,'UPDATE mae_productos SET pro_precio_compra_bruto=3332,pro_margen_actual=(pro_precio_venta-3332)/3332 * 100,pro_ultima_compra=@@@2013.08.29@@@,pro_ultimo_proveedor=@@@80186300-0@@@ WHERE pro_codigo_plu=312','',2,'2013-08-29'),(58079,'UPDATE mae_productos SET pro_precio_compra_bruto=191.88,pro_margen_actual=(pro_precio_venta-191.88)/191.88 * 100,pro_ultima_compra=@@@2013.08.29@@@,pro_ultimo_proveedor=@@@80186300-0@@@ WHERE pro_codigo_plu=262531','',2,'2013-08-29'),(58080,'UPDATE mae_productos SET pro_precio_compra_bruto=297.5,pro_margen_actual=(pro_precio_venta-297.5)/297.5 * 100,pro_ultima_compra=@@@2013.08.29@@@,pro_ultimo_proveedor=@@@80186300-0@@@ WHERE pro_codigo_plu=262528','',2,'2013-08-29'),(58081,'UPDATE mae_productos SET pro_precio_compra_bruto=104.72,pro_margen_actual=(pro_precio_venta-104.72)/104.72 * 100,pro_ultima_compra=@@@2013.08.29@@@,pro_ultimo_proveedor=@@@80186300-0@@@ WHERE pro_codigo_plu=761480','',2,'2013-08-29'),(58082,'UPDATE mae_productos SET pro_precio_compra_bruto=2380,pro_margen_actual=(pro_precio_venta-2380)/2380 * 100,pro_ultima_compra=@@@2013.08.29@@@,pro_ultimo_proveedor=@@@80186300-0@@@ WHERE pro_codigo_plu=335','',2,'2013-08-29'),(58083,'UPDATE mae_productos SET pro_precio_compra_bruto=4129.3,pro_margen_actual=(pro_precio_venta-4129.3)/4129.3 * 100,pro_ultima_compra=@@@2013.08.29@@@,pro_ultimo_proveedor=@@@80186300-0@@@ WHERE pro_codigo_plu=304','',2,'2013-08-29'),(58084,'UPDATE mae_productos SET pro_precio_compra_bruto=1844.48,pro_margen_actual=(pro_precio_venta-1844.48)/1844.48 * 100,pro_ultima_compra=@@@2013.08.29@@@,pro_ultimo_proveedor=@@@80186300-0@@@ WHERE pro_codigo_plu=315','',2,'2013-08-29'),(58085,'UPDATE mae_productos SET pro_precio_venta=6790,pro_margen_actual= 81.11 WHERE pro_codigo_plu=780721619','',2,'2013-08-29'),(58086,'UPDATE mae_productos SET pro_precio_venta=8990,pro_margen_actual= 63.45 WHERE pro_codigo_plu=780721620','',2,'2013-08-29'),(58087,'UPDATE mae_productos SET pro_precio_venta=6790,pro_margen_actual= 81.07 WHERE pro_codigo_plu=693331245','',2,'2013-08-29'),(58088,'UPDATE mae_productos SET pro_precio_venta=2500,pro_margen_actual= 10.58 WHERE pro_codigo_plu=349','',2,'2013-08-29'),(58089,'UPDATE mae_productos SET pro_margen_actual=81.07,pro_precio_venta=6790 WHERE pro_codigo_plu=693331245','',2,'2013-08-29'),(58090,'UPDATE mae_productos SET pro_margen_actual=63.45,pro_precio_venta=8990 WHERE pro_codigo_plu=780721620','',2,'2013-08-29'),(58091,'UPDATE mae_productos SET pro_margen_actual=48.9,pro_precio_venta=4750 WHERE pro_codigo_plu=780721349','',2,'2013-08-29'),(58092,'UPDATE mae_productos SET pro_margen_actual=48.9,pro_precio_venta=4750 WHERE pro_codigo_plu=780721350','',2,'2013-08-29'),(58093,'UPDATE mae_productos SET pro_margen_actual=-99.93,pro_precio_venta=1 WHERE pro_codigo_plu=780721698','',2,'2013-08-29'),(58094,'UPDATE mae_productos SET pro_margen_actual=-99.88,pro_precio_venta=1 WHERE pro_codigo_plu=780721700','',2,'2013-08-29'),(58095,'UPDATE mae_productos SET pro_margen_actual=-99.88,pro_precio_venta=1 WHERE pro_codigo_plu=780721699','',2,'2013-08-29'),(58096,'UPDATE mae_productos SET pro_margen_actual=81.11,pro_precio_venta=6790 WHERE pro_codigo_plu=780721619','',2,'2013-08-29'),(58097,'UPDATE mae_productos SET pro_margen_actual=90.96,pro_precio_venta=2500 WHERE pro_codigo_plu=349','',2,'2013-08-29'),(58098,'UPDATE mae_productos SET pro_margen_actual=-99.83,pro_precio_venta=1 WHERE pro_codigo_plu=780721701','',2,'2013-08-29'),(58099,'UPDATE mae_productos SET pro_margen_actual=34.04,pro_precio_venta=1260 WHERE pro_codigo_plu=13983','',2,'2013-08-29'),(58100,'UPDATE mae_productos SET pro_margen_actual=148900,pro_precio_venta=1490 WHERE pro_codigo_plu=780721577','',2,'2013-08-29'),(58101,'UPDATE mae_productos SET pro_precio_fiscal=pro_precio_venta WHERE pro_codigo_plu=780721577','',2,'2013-08-29'),(58102,'UPDATE mae_productos SET pro_precio_venta=1500,pro_margen_actual= 7.14 WHERE pro_codigo_plu=780721459','',2,'2013-08-29'),(58103,'UPDATE mae_productos SET pro_precio_venta=2850,pro_margen_actual= 25 WHERE pro_codigo_plu=18054','',2,'2013-08-29'),(58104,'UPDATE mae_productos SET pro_margen_actual=25,pro_precio_venta=2850 WHERE pro_codigo_plu=18054','',2,'2013-08-29'),(58105,'UPDATE mae_productos SET pro_margen_actual=14.01,pro_precio_venta=350 WHERE pro_codigo_plu=573','',2,'2013-08-29'),(58106,'UPDATE mae_productos SET pro_margen_actual=201.72,pro_precio_venta=350 WHERE pro_codigo_plu=780721459','',2,'2013-08-29'),(58107,'UPDATE mae_productos SET pro_margen_actual=60.33,pro_precio_venta=2099 WHERE pro_codigo_plu=349','',2,'2013-08-29'),(58108,'UPDATE mae_productos SET pro_precio_venta=280,pro_margen_actual= 37.25 WHERE pro_codigo_plu=16923','',2,'2013-08-29'),(58109,'UPDATE mae_productos SET pro_precio_venta=980,pro_margen_actual= 30.67 WHERE pro_codigo_plu=16185','',2,'2013-08-29'),(58110,'UPDATE mae_productos SET pro_precio_venta=510,pro_margen_actual= 35.62 WHERE pro_codigo_plu=11461','',2,'2013-08-29'),(58111,'UPDATE mae_productos SET pro_precio_venta=415,pro_margen_actual= 32.25 WHERE pro_codigo_plu=762719','',2,'2013-08-29'),(58112,'UPDATE mae_productos SET pro_precio_venta=399,pro_margen_actual= 35.9 WHERE pro_codigo_plu=780721182','',2,'2013-08-29'),(58113,'UPDATE mae_productos SET pro_precio_venta=1030,pro_margen_actual= 30.56 WHERE pro_codigo_plu=16076','',2,'2013-08-29'),(58114,'INSERT INTO gne_vale_ferreteria (vfe_id,vfe_fecha,vfe_total,vfe_estado,vfe_entregado,usu_nusuario) VALUES (9486,@@@2013.08.29@@@,1270,1,0,@@@s_diaz@@@)','',2,'2013-08-29'),(58115,'INSERT INTO gne_vale_ferreteria_mov (vfe_id,pro_codigo_plu,vfm_cantidad,vfm_unitario,vfm_total,vfm_entregado) VALUES (9486,780721545,1,1270,1270,@@@NO@@@)','',2,'2013-08-29'),(58116,'INSERT INTO mae_productos (pro_codigo_plu,pro_codigo_barra,pro_tipo,pro_nombre_producto,pro_nombre_corto,med_id,emb_id,pro_unidades_embalaje,dep_id,lin_id,mar_id,pro_precio_compra_neto,pro_precio_compra_bruto,pro_precio_venta,pro_margen_actual,pro_oferta,pro_fecha_inicio_oferta,pro_fecha_termino_oferta,pro_precio_oferta,pro_stock_minimo,pro_stock_critico,pro_entradas_bodega,pro_salidas_bodega,pro_mermas_bodega,pro_ajustes_bodega,pro_entradas_sv,pro_salidas_sv,pro_mermas_sv,pro_ajustes_sv,pro_activo,rec_numero,pro_unidad,pro_capacidad,pro_consumo_bodega,pro_consumo_sv,pro_estado,pro_funcion_plu,pro_flejes,pro_iva,pro_plu_asociado,pro_envase,pro_duracion,pro_numero_etiqueta) VALUES (780721702,@@@7613032800864@@@,@@@0@@@,@@@HELADO SAVORY PURA FRUTA FRAMB 80ML@@@,@@@HELADO SAVORY PU@@@,@@@7 @@@,@@@6 @@@,@@@22@@@,@@@20 @@@,@@@109@@@,@@@22@@@,@@@0@@@,@@@542.64@@@,@@@1@@@,@@@-99.82@@@,@@@@@@,@@@2006.09.07@@@,@@@2006.09.07@@@,@@@0@@@,@@@22@@@,@@@6@@@,@@@0@@@,@@@0@@@,@@@0@@@,@@@0@@@,@@@0@@@,@@@0@@@,@@@0@@@,@@@0@@@,@@@1@@@,@@@0@@@,0,80,0,0,2,0,1,1,0,@@@NO@@@,0,0)','',2,'2013-08-29'),(58117,'DELETE FROM mae_impuestos_productos WHERE pro_codigo_plu=@@@780721702@@@','',2,'2013-08-29'),(58118,'INSERT INTO mae_productos (pro_codigo_plu,pro_codigo_barra,pro_tipo,pro_nombre_producto,pro_nombre_corto,med_id,emb_id,pro_unidades_embalaje,dep_id,lin_id,mar_id,pro_precio_compra_neto,pro_precio_compra_bruto,pro_precio_venta,pro_margen_actual,pro_oferta,pro_fecha_inicio_oferta,pro_fecha_termino_oferta,pro_precio_oferta,pro_stock_minimo,pro_stock_critico,pro_entradas_bodega,pro_salidas_bodega,pro_mermas_bodega,pro_ajustes_bodega,pro_entradas_sv,pro_salidas_sv,pro_mermas_sv,pro_ajustes_sv,pro_activo,rec_numero,pro_unidad,pro_capacidad,pro_consumo_bodega,pro_consumo_sv,pro_estado,pro_funcion_plu,pro_flejes,pro_iva,pro_plu_asociado,pro_envase,pro_duracion,pro_numero_etiqueta) VALUES (780721703,@@@7613033037924@@@,@@@0@@@,@@@CHAMONIX HELADO PIÑA 2,5 L@@@,@@@CHAMONIX HELADO @@@,@@@3 @@@,@@@6 @@@,@@@4@@@,@@@20 @@@,@@@109@@@,@@@47@@@,@@@0@@@,@@@2391.9@@@,@@@1@@@,@@@-99.96@@@,@@@@@@,@@@2006.09.07@@@,@@@2006.09.07@@@,@@@0@@@,@@@4@@@,@@@1@@@,@@@0@@@,@@@0@@@,@@@0@@@,@@@0@@@,@@@0@@@,@@@0@@@,@@@0@@@,@@@0@@@,@@@1@@@,@@@0@@@,0,2.5,0,0,2,0,1,1,0,@@@NO@@@,0,0)','',2,'2013-08-29'),(58119,'DELETE FROM mae_impuestos_productos WHERE pro_codigo_plu=@@@780721703@@@','',2,'2013-08-29'),(58120,'INSERT INTO mae_productos (pro_codigo_plu,pro_codigo_barra,pro_tipo,pro_nombre_producto,pro_nombre_corto,med_id,emb_id,pro_unidades_embalaje,dep_id,lin_id,mar_id,pro_precio_compra_neto,pro_precio_compra_bruto,pro_precio_venta,pro_margen_actual,pro_oferta,pro_fecha_inicio_oferta,pro_fecha_termino_oferta,pro_precio_oferta,pro_stock_minimo,pro_stock_critico,pro_entradas_bodega,pro_salidas_bodega,pro_mermas_bodega,pro_ajustes_bodega,pro_entradas_sv,pro_salidas_sv,pro_mermas_sv,pro_ajustes_sv,pro_activo,rec_numero,pro_unidad,pro_capacidad,pro_consumo_bodega,pro_consumo_sv,pro_estado,pro_funcion_plu,pro_flejes,pro_iva,pro_plu_asociado,pro_envase,pro_duracion,pro_numero_etiqueta) VALUES (780721704,@@@7613034459206@@@,@@@0@@@,@@@DANKY HELADO FUSION FRAMBUESA 45 ML@@@,@@@DANKY HELADO FUS@@@,@@@7 @@@,@@@6 @@@,@@@18@@@,@@@20 @@@,@@@109@@@,@@@22@@@,@@@0@@@,@@@779.45@@@,@@@1@@@,@@@-99.87@@@,@@@@@@,@@@2006.09.07@@@,@@@2006.09.07@@@,@@@0@@@,@@@18@@@,@@@8@@@,@@@0@@@,@@@0@@@,@@@0@@@,@@@0@@@,@@@0@@@,@@@0@@@,@@@0@@@,@@@0@@@,@@@1@@@,@@@0@@@,0,45,0,0,2,0,1,1,0,@@@NO@@@,0,0)','',2,'2013-08-29'),(58121,'DELETE FROM mae_impuestos_productos WHERE pro_codigo_plu=@@@780721704@@@','',2,'2013-08-29'),(58122,'UPDATE mae_productos SET pro_margen_actual=-99.96,pro_precio_venta=1 WHERE pro_codigo_plu=780721703','',2,'2013-08-29'),(58123,'UPDATE mae_productos SET pro_margen_actual=35.62,pro_precio_venta=510 WHERE pro_codigo_plu=11461','',2,'2013-08-29'),(58124,'UPDATE mae_productos SET pro_margen_actual=-99.82,pro_precio_venta=1 WHERE pro_codigo_plu=780721702','',2,'2013-08-29'),(58125,'UPDATE mae_productos SET pro_margen_actual=30.56,pro_precio_venta=1030 WHERE pro_codigo_plu=16076','',2,'2013-08-29'),(58126,'UPDATE mae_productos SET pro_margen_actual=27.34,pro_precio_venta=980 WHERE pro_codigo_plu=16185','',2,'2013-08-29'),(58127,'UPDATE mae_productos SET pro_margen_actual=32.25,pro_precio_venta=415 WHERE pro_codigo_plu=762719','',2,'2013-08-29'),(58128,'UPDATE mae_productos SET pro_margen_actual=35.9,pro_precio_venta=399 WHERE pro_codigo_plu=780721182','',2,'2013-08-29'),(58129,'UPDATE mae_productos SET pro_margen_actual=73.97,pro_precio_venta=280 WHERE pro_codigo_plu=16923','',2,'2013-08-29'),(58130,'UPDATE mae_productos SET pro_margen_actual=0,pro_precio_venta=990 WHERE pro_codigo_plu=780220179','',2,'2013-08-29'),(58131,'UPDATE mae_productos SET pro_margen_actual=48.46,pro_precio_venta=1590 WHERE pro_codigo_plu=780721599','',2,'2013-08-29'),(58132,'UPDATE mae_productos SET pro_precio_venta=1190,pro_margen_actual=31.54, pro_precio_compra_bruto=904.69, pro_precio_compra_neto=760.243697478992 WHERE pro_codigo_plu=101564','',2,'2013-08-29'),(58133,'UPDATE mae_productos SET pro_precio_venta=530,pro_margen_actual=33.51, pro_precio_compra_bruto=396.964, pro_precio_compra_neto=333.583193277311 WHERE pro_codigo_plu=100827','',2,'2013-08-29'),(58134,'UPDATE mae_productos SET pro_precio_venta=3490,pro_margen_actual=34.78, pro_precio_compra_bruto=2589.44, pro_precio_compra_neto=2176 WHERE pro_codigo_plu=102117','',2,'2013-08-29'),(58135,'UPDATE mae_productos SET pro_precio_venta=3490,pro_margen_actual=34.78, pro_precio_compra_bruto=2589.44, pro_precio_compra_neto=2176 WHERE pro_codigo_plu=762880','',2,'2013-08-29'),(58136,'UPDATE mae_productos SET pro_precio_venta=790,pro_margen_actual=30.41, pro_precio_compra_bruto=605.8, pro_precio_compra_neto=509.075630252101 WHERE pro_codigo_plu=14830','',2,'2013-08-29'),(58137,'UPDATE mae_productos SET pro_precio_venta=2790,pro_margen_actual=35.52, pro_precio_compra_bruto=2058.7, pro_precio_compra_neto=1730 WHERE pro_codigo_plu=102466','',2,'2013-08-29'),(58138,'UPDATE mae_productos SET pro_precio_venta=1590,pro_margen_actual=32.61, pro_precio_compra_bruto=1199, pro_precio_compra_neto=1007.56302521008 WHERE pro_codigo_plu=780721697','',2,'2013-08-29'),(58139,'UPDATE mae_productos SET pro_precio_venta=1890,pro_margen_actual=32.26, pro_precio_compra_bruto=1428.99, pro_precio_compra_neto=1200.83193277311 WHERE pro_codigo_plu=780721698','',2,'2013-08-29'),(58140,'UPDATE mae_productos SET pro_precio_venta=1290,pro_margen_actual=50.35, pro_precio_compra_bruto=857.99, pro_precio_compra_neto=721 WHERE pro_codigo_plu=780721700','',2,'2013-08-29'),(58141,'UPDATE mae_productos SET pro_precio_venta=1290,pro_margen_actual=50.35, pro_precio_compra_bruto=857.99, pro_precio_compra_neto=721 WHERE pro_codigo_plu=780721699','',2,'2013-08-29'),(58142,'UPDATE mae_productos SET pro_precio_venta=330,pro_margen_actual=37.03, pro_precio_compra_bruto=240.82, pro_precio_compra_neto=202.36974789916 WHERE pro_codigo_plu=14608','',2,'2013-08-29'),(58143,'UPDATE mae_productos SET pro_precio_venta=830,pro_margen_actual=31.96, pro_precio_compra_bruto=629, pro_precio_compra_neto=528.571428571429 WHERE pro_codigo_plu=18598','',2,'2013-08-29'),(58144,'UPDATE mae_productos SET pro_precio_venta=830,pro_margen_actual=31.96, pro_precio_compra_bruto=629, pro_precio_compra_neto=528.571428571429 WHERE pro_codigo_plu=262038','',2,'2013-08-29'),(58145,'UPDATE mae_productos SET pro_precio_venta=830,pro_margen_actual=31.96, pro_precio_compra_bruto=629, pro_precio_compra_neto=528.571428571429 WHERE pro_codigo_plu=16662','',2,'2013-08-29'),(58146,'UPDATE mae_productos SET pro_precio_venta=13990,pro_margen_actual=29.33, pro_precio_compra_bruto=10817.1, pro_precio_compra_neto=9090 WHERE pro_codigo_plu=10429','',2,'2013-08-29'),(58147,'UPDATE mae_productos SET pro_precio_compra_bruto=904.69,pro_margen_actual=(pro_precio_venta-904.69)/904.69 * 100,pro_ultima_compra=@@@2013.08.29@@@,pro_ultimo_proveedor=@@@84348700-9@@@ WHERE pro_codigo_plu=101564','',2,'2013-08-29'),(58148,'UPDATE mae_productos SET pro_precio_compra_bruto=396.964,pro_margen_actual=(pro_precio_venta-396.964)/396.964 * 100,pro_ultima_compra=@@@2013.08.29@@@,pro_ultimo_proveedor=@@@84348700-9@@@ WHERE pro_codigo_plu=100827','',2,'2013-08-29'),(58149,'UPDATE mae_productos SET pro_precio_compra_bruto=2589.44,pro_margen_actual=(pro_precio_venta-2589.44)/2589.44 * 100,pro_ultima_compra=@@@2013.08.29@@@,pro_ultimo_proveedor=@@@84348700-9@@@ WHERE pro_codigo_plu=102117','',2,'2013-08-29'),(58150,'UPDATE mae_productos SET pro_precio_compra_bruto=2589.44,pro_margen_actual=(pro_precio_venta-2589.44)/2589.44 * 100,pro_ultima_compra=@@@2013.08.29@@@,pro_ultimo_proveedor=@@@84348700-9@@@ WHERE pro_codigo_plu=762880','',2,'2013-08-29'),(58151,'UPDATE mae_productos SET pro_precio_compra_bruto=605.8,pro_margen_actual=(pro_precio_venta-605.8)/605.8 * 100,pro_ultima_compra=@@@2013.08.29@@@,pro_ultimo_proveedor=@@@84348700-9@@@ WHERE pro_codigo_plu=14830','',2,'2013-08-29'),(58152,'UPDATE mae_productos SET pro_precio_compra_bruto=2058.7,pro_margen_actual=(pro_precio_venta-2058.7)/2058.7 * 100,pro_ultima_compra=@@@2013.08.29@@@,pro_ultimo_proveedor=@@@84348700-9@@@ WHERE pro_codigo_plu=102466','',2,'2013-08-29'),(58153,'UPDATE mae_productos SET pro_precio_compra_bruto=1199,pro_margen_actual=(pro_precio_venta-1199)/1199 * 100,pro_ultima_compra=@@@2013.08.29@@@,pro_ultimo_proveedor=@@@84348700-9@@@ WHERE pro_codigo_plu=780721697','',2,'2013-08-29'),(58154,'UPDATE mae_productos SET pro_precio_compra_bruto=1428.99,pro_margen_actual=(pro_precio_venta-1428.99)/1428.99 * 100,pro_ultima_compra=@@@2013.08.29@@@,pro_ultimo_proveedor=@@@84348700-9@@@ WHERE pro_codigo_plu=780721698','',2,'2013-08-29'),(58155,'UPDATE mae_productos SET pro_precio_compra_bruto=1199,pro_margen_actual=(pro_precio_venta-1199)/1199 * 100,pro_ultima_compra=@@@2013.08.29@@@,pro_ultimo_proveedor=@@@84348700-9@@@ WHERE pro_codigo_plu=780721297','',2,'2013-08-29'),(58156,'UPDATE mae_productos SET pro_precio_compra_bruto=857.99,pro_margen_actual=(pro_precio_venta-857.99)/857.99 * 100,pro_ultima_compra=@@@2013.08.29@@@,pro_ultimo_proveedor=@@@84348700-9@@@ WHERE pro_codigo_plu=780721700','',2,'2013-08-29'),(58157,'UPDATE mae_productos SET pro_precio_compra_bruto=857.99,pro_margen_actual=(pro_precio_venta-857.99)/857.99 * 100,pro_ultima_compra=@@@2013.08.29@@@,pro_ultimo_proveedor=@@@84348700-9@@@ WHERE pro_codigo_plu=780721699','',2,'2013-08-29'),(58158,'UPDATE mae_productos SET pro_precio_compra_bruto=1480.12,pro_margen_actual=(pro_precio_venta-1480.12)/1480.12 * 100,pro_ultima_compra=@@@2013.08.29@@@,pro_ultimo_proveedor=@@@84348700-9@@@ WHERE pro_codigo_plu=762012','',2,'2013-08-29'),(58159,'UPDATE mae_productos SET pro_precio_compra_bruto=307.8,pro_margen_actual=(pro_precio_venta-307.8)/307.8 * 100,pro_ultima_compra=@@@2013.08.29@@@,pro_ultimo_proveedor=@@@84348700-9@@@ WHERE pro_codigo_plu=19803','',2,'2013-08-29'),(58160,'UPDATE mae_productos SET pro_precio_compra_bruto=2990.47,pro_margen_actual=(pro_precio_venta-2990.47)/2990.47 * 100,pro_ultima_compra=@@@2013.08.29@@@,pro_ultimo_proveedor=@@@84348700-9@@@ WHERE pro_codigo_plu=102356','',2,'2013-08-29'),(58161,'UPDATE mae_productos SET pro_precio_compra_bruto=240.82,pro_margen_actual=(pro_precio_venta-240.82)/240.82 * 100,pro_ultima_compra=@@@2013.08.29@@@,pro_ultimo_proveedor=@@@84348700-9@@@ WHERE pro_codigo_plu=14608','',2,'2013-08-29'),(58162,'UPDATE mae_productos SET pro_precio_compra_bruto=629,pro_margen_actual=(pro_precio_venta-629)/629 * 100,pro_ultima_compra=@@@2013.08.29@@@,pro_ultimo_proveedor=@@@84348700-9@@@ WHERE pro_codigo_plu=18598','',2,'2013-08-29'),(58163,'UPDATE mae_productos SET pro_precio_compra_bruto=629,pro_margen_actual=(pro_precio_venta-629)/629 * 100,pro_ultima_compra=@@@2013.08.29@@@,pro_ultimo_proveedor=@@@84348700-9@@@ WHERE pro_codigo_plu=262038','',2,'2013-08-29'),(58164,'UPDATE mae_productos SET pro_precio_compra_bruto=629,pro_margen_actual=(pro_precio_venta-629)/629 * 100,pro_ultima_compra=@@@2013.08.29@@@,pro_ultimo_proveedor=@@@84348700-9@@@ WHERE pro_codigo_plu=16662','',2,'2013-08-29'),(58165,'UPDATE mae_productos SET pro_precio_compra_bruto=614.98,pro_margen_actual=(pro_precio_venta-614.98)/614.98 * 100,pro_ultima_compra=@@@2013.08.29@@@,pro_ultimo_proveedor=@@@84348700-9@@@ WHERE pro_codigo_plu=763348','',2,'2013-08-29'),(58166,'UPDATE mae_productos SET pro_precio_compra_bruto=10817.1,pro_margen_actual=(pro_precio_venta-10817.1)/10817.1 * 100,pro_ultima_compra=@@@2013.08.29@@@,pro_ultimo_proveedor=@@@84348700-9@@@ WHERE pro_codigo_plu=10429','',2,'2013-08-29'),(58167,'UPDATE mae_productos SET pro_precio_compra_bruto=360.57,pro_margen_actual=(pro_precio_venta-360.57)/360.57 * 100,pro_ultima_compra=@@@2013.08.29@@@,pro_ultimo_proveedor=@@@84348700-9@@@ WHERE pro_codigo_plu=708','',2,'2013-08-29'),(58168,'INSERT INTO com_ventas_grupo (vgr_fecha,vgr_grupo,vgr_cantidad,vgr_total) VALUES (@@@2013.08.28@@@,1,232.645,197653)','',2,'2013-08-29'),(58169,'INSERT INTO com_ventas_grupo (vgr_fecha,vgr_grupo,vgr_cantidad,vgr_total) VALUES (@@@2013.08.28@@@,2,180.79,90200)','',2,'2013-08-29'),(58170,'INSERT INTO com_ventas_grupo (vgr_fecha,vgr_grupo,vgr_cantidad,vgr_total) VALUES (@@@2013.08.28@@@,3,373,75014)','',2,'2013-08-29'),(58171,'INSERT INTO com_ventas_grupo (vgr_fecha,vgr_grupo,vgr_cantidad,vgr_total) VALUES (@@@2013.08.28@@@,4,89,73713)','',2,'2013-08-29'),(58172,'INSERT INTO com_ventas_grupo (vgr_fecha,vgr_grupo,vgr_cantidad,vgr_total) VALUES (@@@2013.08.28@@@,5,4,10060)','',2,'2013-08-29'),(58173,'INSERT INTO com_ventas_grupo (vgr_fecha,vgr_grupo,vgr_cantidad,vgr_total) VALUES (@@@2013.08.28@@@,6,14,22977)','',2,'2013-08-29'),(58174,'INSERT INTO com_ventas_grupo (vgr_fecha,vgr_grupo,vgr_cantidad,vgr_total) VALUES (@@@2013.08.28@@@,7,38,77419)','',2,'2013-08-29'),(58175,'INSERT INTO com_ventas_grupo (vgr_fecha,vgr_grupo,vgr_cantidad,vgr_total) VALUES (@@@2013.08.28@@@,8,28,15620)','',2,'2013-08-29'),(58176,'INSERT INTO com_ventas_grupo (vgr_fecha,vgr_grupo,vgr_cantidad,vgr_total) VALUES (@@@2013.08.28@@@,9,60.615,109021)','',2,'2013-08-29'),(58177,'INSERT INTO com_ventas_grupo (vgr_fecha,vgr_grupo,vgr_cantidad,vgr_total) VALUES (@@@2013.08.28@@@,10,36.285,93544)','',2,'2013-08-29'),(58178,'INSERT INTO com_ventas_grupo (vgr_fecha,vgr_grupo,vgr_cantidad,vgr_total) VALUES (@@@2013.08.28@@@,11,18.825,41294)','',2,'2013-08-29'),(58179,'INSERT INTO com_ventas_grupo (vgr_fecha,vgr_grupo,vgr_cantidad,vgr_total) VALUES (@@@2013.08.28@@@,12,45.38,73134)','',2,'2013-08-29'),(58180,'INSERT INTO com_ventas_grupo (vgr_fecha,vgr_grupo,vgr_cantidad,vgr_total) VALUES (@@@2013.08.28@@@,13,15.17,37537)','',2,'2013-08-29'),(58181,'INSERT INTO com_ventas_grupo (vgr_fecha,vgr_grupo,vgr_cantidad,vgr_total) VALUES (@@@2013.08.28@@@,14,91.395,82906)','',2,'2013-08-29'),(58182,'INSERT INTO com_ventas_grupo (vgr_fecha,vgr_grupo,vgr_cantidad,vgr_total) VALUES (@@@2013.08.28@@@,16,5,830)','',2,'2013-08-29'),(58183,'INSERT INTO com_ventas_grupo (vgr_fecha,vgr_grupo,vgr_cantidad,vgr_total) VALUES (@@@2013.08.28@@@,18,174.505,99901)','',2,'2013-08-29'),(58184,'INSERT INTO com_ventas_grupo (vgr_fecha,vgr_grupo,vgr_cantidad,vgr_total) VALUES (@@@2013.08.28@@@,19,2,1000)','',2,'2013-08-29'),(58185,'INSERT INTO com_ventas_grupo (vgr_fecha,vgr_grupo,vgr_cantidad,vgr_total) VALUES (@@@2013.08.28@@@,20,153.965,45405)','',2,'2013-08-29'),(58186,'INSERT INTO com_ventas_grupo (vgr_fecha,vgr_grupo,vgr_cantidad,vgr_total) VALUES (@@@2013.08.28@@@,21,40,43797)','',2,'2013-08-29'),(58187,'INSERT INTO com_ventas_grupo (vgr_fecha,vgr_grupo,vgr_cantidad,vgr_total) VALUES (@@@2013.08.28@@@,23,4,2940)','',2,'2013-08-29'),(58188,'INSERT INTO com_ventas_grupo (vgr_fecha,vgr_grupo,vgr_cantidad,vgr_total) VALUES (@@@2013.08.28@@@,24,107,26860)','',2,'2013-08-29'),(58189,'INSERT INTO com_ventas_grupo (vgr_fecha,vgr_grupo,vgr_cantidad,vgr_total) VALUES (@@@2013.08.28@@@,25,84,119100)','',2,'2013-08-29'),(58190,'INSERT INTO com_ventas_grupo (vgr_fecha,vgr_grupo,vgr_cantidad,vgr_total) VALUES (@@@2013.08.28@@@,27,1,1190)','',2,'2013-08-29'),(58191,'INSERT INTO com_ventas_grupo (vgr_fecha,vgr_grupo,vgr_cantidad,vgr_total) VALUES (@@@2013.08.28@@@,31,14,10060)','',2,'2013-08-29'),(58192,'INSERT INTO com_ventas_grupo (vgr_fecha,vgr_grupo,vgr_cantidad,vgr_total) VALUES (@@@2013.08.28@@@,32,302,100443)','',2,'2013-08-29'),(58193,'INSERT INTO com_ventas_grupo (vgr_fecha,vgr_grupo,vgr_cantidad,vgr_total) VALUES (@@@2013.08.28@@@,34,3,3600)','',2,'2013-08-29'),(58194,'INSERT INTO com_ventas_grupo (vgr_fecha,vgr_grupo,vgr_cantidad,vgr_total) VALUES (@@@2013.08.28@@@,35,18,19130)','',2,'2013-08-29'),(58195,'INSERT INTO com_ventas_grupo (vgr_fecha,vgr_grupo,vgr_cantidad,vgr_total) VALUES (@@@2013.08.28@@@,36,16,1000)','',2,'2013-08-29'),(58196,'INSERT INTO com_ventas_grupo (vgr_fecha,vgr_grupo,vgr_cantidad,vgr_total) VALUES (@@@2013.08.28@@@,38,2,8180)','',2,'2013-08-29'),(58197,'INSERT INTO com_ventas_grupo (vgr_fecha,vgr_grupo,vgr_cantidad,vgr_total) VALUES (@@@2013.08.28@@@,39,2,4210)','',2,'2013-08-29'),(58198,'INSERT INTO com_ventas_grupo (vgr_fecha,vgr_grupo,vgr_cantidad,vgr_total) VALUES (@@@2013.08.28@@@,40,4615,4615)','',2,'2013-08-29'),(58199,'INSERT INTO com_ventas_grupo (vgr_fecha,vgr_grupo,vgr_cantidad,vgr_total) VALUES (@@@2013.08.28@@@,42,11.95,10939)','',2,'2013-08-29'),(58200,'UPDATE mae_datos_empresa SET emp_oferta=@@@NO@@@','',2,'2013-08-29'),(58201,'INSERT INTO gne_vale_ferreteria (vfe_id,vfe_fecha,vfe_total,vfe_estado,vfe_entregado,usu_nusuario) VALUES (9487,@@@2013.08.29@@@,2620,1,0,@@@b_SAEZ@@@)','',2,'2013-08-29'),(58202,'INSERT INTO gne_vale_ferreteria_mov (vfe_id,pro_codigo_plu,vfm_cantidad,vfm_unitario,vfm_total,vfm_entregado) VALUES (9487,78017000,10,120,1200,@@@NO@@@)','',2,'2013-08-29'),(58203,'INSERT INTO gne_vale_ferreteria_mov (vfe_id,pro_codigo_plu,vfm_cantidad,vfm_unitario,vfm_total,vfm_entregado) VALUES (9487,8022,2,120,240,@@@NO@@@)','',2,'2013-08-29'),(58204,'INSERT INTO gne_vale_ferreteria_mov (vfe_id,pro_codigo_plu,vfm_cantidad,vfm_unitario,vfm_total,vfm_entregado) VALUES (9487,780220195,2,590,1180,@@@NO@@@)','',2,'2013-08-29'),(58205,'UPDATE mae_productos SET pro_precio_fiscal=pro_precio_venta WHERE pro_codigo_plu=780721619','',2,'2013-08-29'),(58206,'UPDATE mae_productos SET pro_precio_fiscal=pro_precio_venta WHERE pro_codigo_plu=780721620','',2,'2013-08-29'),(58207,'UPDATE mae_productos SET pro_precio_fiscal=pro_precio_venta WHERE pro_codigo_plu=693331245','',2,'2013-08-29'),(58208,'UPDATE mae_productos SET pro_precio_fiscal=pro_precio_venta WHERE pro_codigo_plu=11461','',2,'2013-08-29'),(58209,'UPDATE mae_productos SET pro_precio_fiscal=pro_precio_venta WHERE pro_codigo_plu=16923','',2,'2013-08-29'),(58210,'UPDATE mae_productos SET pro_precio_fiscal=pro_precio_venta WHERE pro_codigo_plu=780721182','',2,'2013-08-29'),(58211,'UPDATE mae_productos SET pro_precio_fiscal=pro_precio_venta WHERE pro_codigo_plu=780721698','',2,'2013-08-29'),(58212,'UPDATE mae_productos SET pro_precio_fiscal=pro_precio_venta WHERE pro_codigo_plu=780721697','',2,'2013-08-29'),(58213,'UPDATE mae_productos SET pro_precio_fiscal=pro_precio_venta WHERE pro_codigo_plu=262038','',2,'2013-08-29'),(58214,'UPDATE mae_productos SET pro_precio_fiscal=pro_precio_venta WHERE pro_codigo_plu=18598','',2,'2013-08-29'),(58215,'UPDATE mae_productos SET pro_precio_fiscal=pro_precio_venta WHERE pro_codigo_plu=16662','',2,'2013-08-29'),(58216,'UPDATE mae_productos SET pro_precio_fiscal=pro_precio_venta WHERE pro_codigo_plu=13983','',2,'2013-08-29'),(58217,'UPDATE mae_productos SET pro_precio_fiscal=pro_precio_venta WHERE pro_codigo_plu=16076','',2,'2013-08-29'),(58218,'UPDATE mae_productos SET pro_precio_fiscal=pro_precio_venta WHERE pro_codigo_plu=16185','',2,'2013-08-29'),(58219,'UPDATE mae_productos SET pro_precio_fiscal=pro_precio_venta WHERE pro_codigo_plu=101564','',2,'2013-08-29'),(58220,'UPDATE mae_productos SET pro_precio_fiscal=pro_precio_venta WHERE pro_codigo_plu=100827','',2,'2013-08-29'),(58221,'UPDATE mae_productos SET pro_precio_fiscal=pro_precio_venta WHERE pro_codigo_plu=10429','',2,'2013-08-29'),(58222,'UPDATE mae_productos SET pro_precio_fiscal=pro_precio_venta WHERE pro_codigo_plu=780721349','',2,'2013-08-29'),(58223,'UPDATE mae_productos SET pro_precio_fiscal=pro_precio_venta WHERE pro_codigo_plu=780721350','',2,'2013-08-29'),(58224,'UPDATE mae_productos SET pro_precio_fiscal=pro_precio_venta WHERE pro_codigo_plu=14830','',2,'2013-08-29'),(58225,'UPDATE mae_productos SET pro_precio_fiscal=pro_precio_venta WHERE pro_codigo_plu=780721699','',2,'2013-08-29'),(58226,'UPDATE mae_productos SET pro_precio_fiscal=pro_precio_venta WHERE pro_codigo_plu=780721700','',2,'2013-08-29'),(58227,'UPDATE mae_productos SET pro_precio_fiscal=pro_precio_venta WHERE pro_codigo_plu=102117','',2,'2013-08-29'),(58228,'UPDATE mae_productos SET pro_precio_fiscal=pro_precio_venta WHERE pro_codigo_plu=762880','',2,'2013-08-29'),(58229,'UPDATE mae_productos SET pro_precio_fiscal=pro_precio_venta WHERE pro_codigo_plu=14608','',2,'2013-08-29'),(58230,'UPDATE mae_productos SET pro_precio_fiscal=pro_precio_venta WHERE pro_codigo_plu=780721406','',2,'2013-08-29'),(58231,'UPDATE mae_productos SET pro_precio_fiscal=pro_precio_venta WHERE pro_codigo_plu=102466','',2,'2013-08-29'),(58232,'UPDATE mae_productos SET pro_precio_fiscal=pro_precio_venta WHERE pro_codigo_plu=780721459','',2,'2013-08-29'),(58233,'UPDATE mae_productos SET pro_margen_actual=25,pro_precio_venta=2850 WHERE pro_codigo_plu=18054','',2,'2013-08-29'),(58234,'UPDATE mae_productos SET pro_precio_compra_bruto=779.45,pro_margen_actual=(pro_precio_venta-779.45)/779.45 * 100,pro_ultima_compra=@@@2013.08.29@@@,pro_ultimo_proveedor=@@@90703000-8@@@ WHERE pro_codigo_plu=780721173','',2,'2013-08-29'),(58235,'UPDATE mae_productos SET pro_precio_compra_bruto=1492.26,pro_margen_actual=(pro_precio_venta-1492.26)/1492.26 * 100,pro_ultima_compra=@@@2013.08.29@@@,pro_ultimo_proveedor=@@@90703000-8@@@ WHERE pro_codigo_plu=19383','',2,'2013-08-29'),(58236,'UPDATE mae_productos SET pro_precio_compra_bruto=1492.26,pro_margen_actual=(pro_precio_venta-1492.26)/1492.26 * 100,pro_ultima_compra=@@@2013.08.29@@@,pro_ultimo_proveedor=@@@90703000-8@@@ WHERE pro_codigo_plu=19390','',2,'2013-08-29'),(58237,'UPDATE mae_productos SET pro_precio_compra_bruto=1492.26,pro_margen_actual=(pro_precio_venta-1492.26)/1492.26 * 100,pro_ultima_compra=@@@2013.08.29@@@,pro_ultimo_proveedor=@@@90703000-8@@@ WHERE pro_codigo_plu=19385','',2,'2013-08-29'),(58238,'UPDATE mae_productos SET pro_precio_compra_bruto=1492.26,pro_margen_actual=(pro_precio_venta-1492.26)/1492.26 * 100,pro_ultima_compra=@@@2013.08.29@@@,pro_ultimo_proveedor=@@@90703000-8@@@ WHERE pro_codigo_plu=19391','',2,'2013-08-29'),(58239,'UPDATE mae_productos SET pro_precio_compra_bruto=1492.26,pro_margen_actual=(pro_precio_venta-1492.26)/1492.26 * 100,pro_ultima_compra=@@@2013.08.29@@@,pro_ultimo_proveedor=@@@90703000-8@@@ WHERE pro_codigo_plu=19439','',2,'2013-08-29'),(58240,'UPDATE mae_productos SET pro_precio_compra_bruto=354.62,pro_margen_actual=(pro_precio_venta-354.62)/354.62 * 100,pro_ultima_compra=@@@2013.08.29@@@,pro_ultimo_proveedor=@@@90703000-8@@@ WHERE pro_codigo_plu=763921','',2,'2013-08-29'),(58241,'UPDATE mae_productos SET pro_precio_compra_bruto=77.35,pro_margen_actual=(pro_precio_venta-77.35)/77.35 * 100,pro_ultima_compra=@@@2013.08.29@@@,pro_ultimo_proveedor=@@@90703000-8@@@ WHERE pro_codigo_plu=763931','',2,'2013-08-29'),(58242,'UPDATE mae_productos SET pro_precio_compra_bruto=192.78,pro_margen_actual=(pro_precio_venta-192.78)/192.78 * 100,pro_ultima_compra=@@@2013.08.29@@@,pro_ultimo_proveedor=@@@90703000-8@@@ WHERE pro_codigo_plu=763929','',2,'2013-08-29'),(58243,'UPDATE mae_productos SET pro_precio_compra_bruto=1492.26,pro_margen_actual=(pro_precio_venta-1492.26)/1492.26 * 100,pro_ultima_compra=@@@2013.08.29@@@,pro_ultimo_proveedor=@@@90703000-8@@@ WHERE pro_codigo_plu=262545','',2,'2013-08-29'),(58244,'UPDATE mae_productos SET pro_precio_compra_bruto=1717.1,pro_margen_actual=(pro_precio_venta-1717.1)/1717.1 * 100,pro_ultima_compra=@@@2013.08.29@@@,pro_ultimo_proveedor=@@@90703000-8@@@ WHERE pro_codigo_plu=19595','',2,'2013-08-29'),(58245,'UPDATE mae_productos SET pro_precio_compra_bruto=1574.3,pro_margen_actual=(pro_precio_venta-1574.3)/1574.3 * 100,pro_ultima_compra=@@@2013.08.29@@@,pro_ultimo_proveedor=@@@90703000-8@@@ WHERE pro_codigo_plu=19599','',2,'2013-08-29'),(58246,'UPDATE mae_productos SET pro_precio_compra_bruto=542.64,pro_margen_actual=(pro_precio_venta-542.64)/542.64 * 100,pro_ultima_compra=@@@2013.08.29@@@,pro_ultimo_proveedor=@@@90703000-8@@@ WHERE pro_codigo_plu=780721702','',2,'2013-08-29'),(58247,'UPDATE mae_productos SET pro_precio_compra_bruto=2391.9,pro_margen_actual=(pro_precio_venta-2391.9)/2391.9 * 100,pro_ultima_compra=@@@2013.08.29@@@,pro_ultimo_proveedor=@@@90703000-8@@@ WHERE pro_codigo_plu=780721703','',2,'2013-08-29'),(58248,'UPDATE mae_productos SET pro_precio_compra_bruto=2391.9,pro_margen_actual=(pro_precio_venta-2391.9)/2391.9 * 100,pro_ultima_compra=@@@2013.08.29@@@,pro_ultimo_proveedor=@@@90703000-8@@@ WHERE pro_codigo_plu=763556','',2,'2013-08-29'),(58249,'UPDATE mae_productos SET pro_precio_compra_bruto=2391.9,pro_margen_actual=(pro_precio_venta-2391.9)/2391.9 * 100,pro_ultima_compra=@@@2013.08.29@@@,pro_ultimo_proveedor=@@@90703000-8@@@ WHERE pro_codigo_plu=763557','',2,'2013-08-29'),(58250,'UPDATE mae_productos SET pro_precio_compra_bruto=1492.26,pro_margen_actual=(pro_precio_venta-1492.26)/1492.26 * 100,pro_ultima_compra=@@@2013.08.29@@@,pro_ultimo_proveedor=@@@90703000-8@@@ WHERE pro_codigo_plu=763559','',2,'2013-08-29'),(58251,'UPDATE mae_productos SET pro_precio_compra_bruto=779.45,pro_margen_actual=(pro_precio_venta-779.45)/779.45 * 100,pro_ultima_compra=@@@2013.08.29@@@,pro_ultimo_proveedor=@@@90703000-8@@@ WHERE pro_codigo_plu=780721704','',2,'2013-08-29'),(58252,'UPDATE mae_productos SET pro_precio_venta=2199,pro_margen_actual= 45.37 WHERE pro_codigo_plu=17905','',2,'2013-08-29'),(58253,'UPDATE mae_productos SET pro_precio_venta=2550,pro_margen_actual= 31.99 WHERE pro_codigo_plu=17528','',2,'2013-08-29'),(58254,'UPDATE mae_productos SET pro_precio_venta=930,pro_margen_actual= 33.62 WHERE pro_codigo_plu=11868','',2,'2013-08-29'),(58255,'INSERT INTO gne_vale_ferreteria (vfe_id,vfe_fecha,vfe_total,vfe_estado,vfe_entregado,usu_nusuario) VALUES (9488,@@@2013.08.29@@@,590,1,0,@@@b_SAEZ@@@)','',2,'2013-08-29'),(58256,'INSERT INTO gne_vale_ferreteria_mov (vfe_id,pro_codigo_plu,vfm_cantidad,vfm_unitario,vfm_total,vfm_entregado) VALUES (9488,780721688,1,590,590,@@@NO@@@)','',2,'2013-08-29'),(58257,'INSERT INTO gne_vale_ferreteria (vfe_id,vfe_fecha,vfe_total,vfe_estado,vfe_entregado,usu_nusuario) VALUES (9489,@@@2013.08.29@@@,2580,1,0,@@@b_SAEZ@@@)','',2,'2013-08-29'),(58258,'INSERT INTO gne_vale_ferreteria_mov (vfe_id,pro_codigo_plu,vfm_cantidad,vfm_unitario,vfm_total,vfm_entregado) VALUES (9489,18640,1,1590,1590,@@@NO@@@)','',2,'2013-08-29'),(58259,'INSERT INTO gne_vale_ferreteria_mov (vfe_id,pro_codigo_plu,vfm_cantidad,vfm_unitario,vfm_total,vfm_entregado) VALUES (9489,2008,1,990,990,@@@NO@@@)','',2,'2013-08-29'),(58260,'UPDATE mae_productos SET pro_precio_venta=1890,pro_margen_actual= 44.39 WHERE pro_codigo_plu=126','',2,'2013-08-29'),(58261,'INSERT INTO gne_vale_ferreteria (vfe_id,vfe_fecha,vfe_total,vfe_estado,vfe_entregado,usu_nusuario) VALUES (9490,@@@2013.08.29@@@,940,1,0,@@@b_SAEZ@@@)','',2,'2013-08-29'),(58262,'INSERT INTO gne_vale_ferreteria_mov (vfe_id,pro_codigo_plu,vfm_cantidad,vfm_unitario,vfm_total,vfm_entregado) VALUES (9490,1538,1,490,490,@@@NO@@@)','',2,'2013-08-29'),(58263,'INSERT INTO gne_vale_ferreteria_mov (vfe_id,pro_codigo_plu,vfm_cantidad,vfm_unitario,vfm_total,vfm_entregado) VALUES (9490,764572,2,100,200,@@@NO@@@)','',2,'2013-08-29'),(58264,'INSERT INTO gne_vale_ferreteria_mov (vfe_id,pro_codigo_plu,vfm_cantidad,vfm_unitario,vfm_total,vfm_entregado) VALUES (9490,101082,1,250,250,@@@NO@@@)','',2,'2013-08-29'),(58265,'UPDATE mae_productos SET pro_precio_venta=1990,pro_margen_actual= 33.35 WHERE pro_codigo_plu=262545','',2,'2013-08-29'),(58266,'UPDATE mae_productos SET pro_precio_venta=700,pro_margen_actual= 29 WHERE pro_codigo_plu=780721702','',2,'2013-08-29'),(58267,'UPDATE mae_productos SET pro_precio_venta=3190,pro_margen_actual= 33.37 WHERE pro_codigo_plu=780721703','',2,'2013-08-29'),(58268,'UPDATE mae_productos SET pro_precio_venta=1990,pro_margen_actual= 33.35 WHERE pro_codigo_plu=763559','',2,'2013-08-29'),(58269,'UPDATE mae_productos SET pro_precio_venta=1000,pro_margen_actual= 28.3 WHERE pro_codigo_plu=780721704','',2,'2013-08-29'),(58270,'UPDATE mae_productos SET pro_precio_venta=470,pro_margen_actual= 32.54 WHERE pro_codigo_plu=763921','',2,'2013-08-29'),(58271,'UPDATE mae_productos SET pro_precio_venta=1000,pro_margen_actual= 28.3 WHERE pro_codigo_plu=780721173','',2,'2013-08-29'),(58272,'UPDATE mae_productos SET pro_precio_venta=1990,pro_margen_actual= 33.35 WHERE pro_codigo_plu=19439','',2,'2013-08-29'),(58273,'UPDATE mae_productos SET pro_precio_venta=2190,pro_margen_actual= 39.11 WHERE pro_codigo_plu=19599','',2,'2013-08-29'),(58274,'UPDATE mae_productos SET pro_precio_venta=1990,pro_margen_actual= 33.35 WHERE pro_codigo_plu=19383','',2,'2013-08-29'),(58275,'UPDATE mae_productos SET pro_precio_venta=1990,pro_margen_actual= 33.35 WHERE pro_codigo_plu=19390','',2,'2013-08-29'),(58276,'UPDATE mae_productos SET pro_precio_venta=1990,pro_margen_actual= 33.35 WHERE pro_codigo_plu=19385','',2,'2013-08-29'),(58277,'UPDATE mae_productos SET pro_precio_venta=1990,pro_margen_actual= 33.35 WHERE pro_codigo_plu=19391','',2,'2013-08-29'),(58278,'UPDATE mae_productos SET pro_precio_compra_bruto=1071,pro_margen_actual=(pro_precio_venta-1071)/1071 * 100,pro_ultima_compra=@@@2013.08.29@@@,pro_ultimo_proveedor=@@@77497340-0@@@ WHERE pro_codigo_plu=780721599','',2,'2013-08-29'),(58279,'UPDATE mae_productos SET pro_precio_compra_bruto=761.1,pro_margen_actual=(pro_precio_venta-761.1)/761.1 * 100,pro_ultima_compra=@@@2013.08.29@@@,pro_ultimo_proveedor=@@@77497340-0@@@ WHERE pro_codigo_plu=780220179','',2,'2013-08-29'),(58280,'INSERT INTO gne_vale_ferreteria (vfe_id,vfe_fecha,vfe_total,vfe_estado,vfe_entregado,usu_nusuario) VALUES (9491,@@@2013.08.29@@@,600,1,0,@@@b_SAEZ@@@)','',2,'2013-08-29'),(58281,'INSERT INTO gne_vale_ferreteria_mov (vfe_id,pro_codigo_plu,vfm_cantidad,vfm_unitario,vfm_total,vfm_entregado) VALUES (9491,4080,6,40,240,@@@NO@@@)','',2,'2013-08-29'),(58282,'INSERT INTO gne_vale_ferreteria_mov (vfe_id,pro_codigo_plu,vfm_cantidad,vfm_unitario,vfm_total,vfm_entregado) VALUES (9491,78017026,4,90,360,@@@NO@@@)','',2,'2013-08-29'),(58283,'INSERT INTO gne_vale_ferreteria (vfe_id,vfe_fecha,vfe_total,vfe_estado,vfe_entregado,usu_nusuario) VALUES (9492,@@@2013.08.29@@@,240,1,0,@@@b_SAEZ@@@)','',2,'2013-08-29'),(58284,'INSERT INTO gne_vale_ferreteria_mov (vfe_id,pro_codigo_plu,vfm_cantidad,vfm_unitario,vfm_total,vfm_entregado) VALUES (9492,780721141,2,120,240,@@@NO@@@)','',2,'2013-08-29'),(58285,'UPDATE mae_productos SET pro_precio_venta=1990,pro_margen_actual= 35.96 WHERE pro_codigo_plu=118','',2,'2013-08-29'),(58286,'UPDATE mae_productos SET pro_precio_venta=2350,pro_margen_actual= 42.07 WHERE pro_codigo_plu=126','',2,'2013-08-29'),(58287,'UPDATE mae_productos SET pro_precio_venta=3890,pro_margen_actual= 41.31 WHERE pro_codigo_plu=205','',2,'2013-08-29'),(58288,'UPDATE mae_productos SET pro_precio_venta=3390,pro_margen_actual= 42.39 WHERE pro_codigo_plu=213','',2,'2013-08-29'),(58289,'UPDATE mae_productos SET pro_precio_fiscal=pro_precio_venta WHERE pro_codigo_plu=262545','',2,'2013-08-29'),(58290,'UPDATE mae_productos SET pro_precio_fiscal=pro_precio_venta WHERE pro_codigo_plu=780721702','',2,'2013-08-29'),(58291,'UPDATE mae_productos SET pro_precio_fiscal=pro_precio_venta WHERE pro_codigo_plu=780721703','',2,'2013-08-29'),(58292,'UPDATE mae_productos SET pro_precio_fiscal=pro_precio_venta WHERE pro_codigo_plu=763559','',2,'2013-08-29'),(58293,'UPDATE mae_productos SET pro_precio_fiscal=pro_precio_venta WHERE pro_codigo_plu=780721704','',2,'2013-08-29'),(58294,'UPDATE mae_productos SET pro_precio_fiscal=pro_precio_venta WHERE pro_codigo_plu=763921','',2,'2013-08-29'),(58295,'UPDATE mae_productos SET pro_precio_fiscal=pro_precio_venta WHERE pro_codigo_plu=18054','',2,'2013-08-29'),(58296,'UPDATE mae_productos SET pro_precio_fiscal=pro_precio_venta WHERE pro_codigo_plu=17528','',2,'2013-08-29'),(58297,'UPDATE mae_productos SET pro_precio_fiscal=pro_precio_venta WHERE pro_codigo_plu=11868','',2,'2013-08-29'),(58298,'UPDATE mae_productos SET pro_precio_fiscal=pro_precio_venta WHERE pro_codigo_plu=780721173','',2,'2013-08-29'),(58299,'UPDATE mae_productos SET pro_precio_fiscal=pro_precio_venta WHERE pro_codigo_plu=19439','',2,'2013-08-29'),(58300,'UPDATE mae_productos SET pro_precio_fiscal=pro_precio_venta WHERE pro_codigo_plu=19599','',2,'2013-08-29'),(58301,'UPDATE mae_productos SET pro_precio_fiscal=pro_precio_venta WHERE pro_codigo_plu=19383','',2,'2013-08-29'),(58302,'UPDATE mae_productos SET pro_precio_fiscal=pro_precio_venta WHERE pro_codigo_plu=19390','',2,'2013-08-29'),(58303,'UPDATE mae_productos SET pro_precio_fiscal=pro_precio_venta WHERE pro_codigo_plu=19385','',2,'2013-08-29'),(58304,'UPDATE mae_productos SET pro_precio_fiscal=pro_precio_venta WHERE pro_codigo_plu=19391','',2,'2013-08-29'),(58305,'UPDATE mae_productos SET pro_precio_fiscal=pro_precio_venta WHERE pro_codigo_plu=17905','',2,'2013-08-29'),(58306,'UPDATE mae_productos SET pro_precio_fiscal=pro_precio_venta WHERE pro_codigo_plu=118','',2,'2013-08-29'),(58307,'UPDATE mae_productos SET pro_precio_fiscal=pro_precio_venta WHERE pro_codigo_plu=126','',2,'2013-08-29'),(58308,'UPDATE mae_productos SET pro_precio_fiscal=pro_precio_venta WHERE pro_codigo_plu=205','',2,'2013-08-29'),(58309,'UPDATE mae_productos SET pro_precio_fiscal=pro_precio_venta WHERE pro_codigo_plu=213','',2,'2013-08-29'),(58310,'INSERT INTO mae_cajeros (cro_nusuario,cro_nombre,cro_password,cro_activo,cro_codigo) VALUES (@@@M_SANDOVAL@@@,@@@MARYORI SANDOVAL PEREIRA @@@,@@@SANDOVALCAJA@@@,@@@SI@@@,12)','',2,'2013-08-29'),(58311,'UPDATE mae_datos_empresa SET emp_rut=@@@10162956-2@@@,emp_razon_social=@@@SUPERMERCADO UNICO NACIMIENTO@@@,emp_sucursal=@@@MATRIZ@@@,emp_giro=@@@SUPERMERCADOS@@@,emp_direccion=@@@AV. SAN GREGORIO 15@@@,emp_ciudad=@@@NACIMIENTO@@@,emp_telefono=@@@511706@@@,emp_mail=@@@UNICONACIMIENTO@GMAIL.COM@@@,emp_mail_gerencia_comercial=@@@@@@,emp_mail_gerencia_operaciones=@@@@@@,emp_mail_gerencia_sistemas=@@@@@@,emp_nombre_administrador=@@@SUPERMERCADO UNICO@@@,emp_direccion_sala=@@@AV. SAN GREGORIO 15@@@,emp_ciudad_sala=@@@NACIMIENTO@@@,emp_utm=40005,emp_telefono_sala=@@@511706@@@,emp_fax_sala=@@@511706@@@,emp_mail_sala=@@@UNICONACIMIENTO@GMAIL.COM@@@,emp_cta_efectivo=@@@0@@@,emp_cta_cheque=@@@0@@@,emp_cta_ventas=@@@0@@@,emp_cta_t_credito=@@@0@@@,emp_cta_t_debito=@@@0@@@,emp_cta_p_acumulados=@@@0@@@,emp_cta_descuento=@@@0@@@,emp_cta_cliente=@@@0@@@,emp_cta_funcionario=@@@0@@@,emp_cta_apoyo=@@@0@@@','',2,'2013-08-29'),(58312,'UPDATE mae_datos_empresa SET emp_entradas_compras=@@@0@@@,emp_entradas_pack=@@@0@@@,emp_entradas_preparados=@@@0@@@,emp_salidas_pi_pack=@@@0@@@,emp_salidas_pi_preparados=@@@0@@@,emp_iva=19,emp_lineas_facturas=18,emp_lineas_guias=18,emp_lineas_nc=@@@12@@@,emp_minimo_nc=@@@500@@@,emp_codigo_ferreteria=0,emp_codigo_cigarrillos=25,emp_path_flejes=@@@C:/Users/Administracion/Documents/flejes@@@,emp_path_balanzas=@@@C:/@@@,emp_path_precios=@@@//secretaria/C/UX60/CORREO@@@,emp_path_ventas=@@@//secretaria/C/UX60@@@,emp_cta_mercaderias=0,emp_cta_iva=0,emp_cta_excento=0,emp_cta_harina=0,emp_cta_especifico=0,emp_cta_carne=0,emp_cta_ila=0,emp_cta_proveedor=0,emp_registradora=3,emp_funcionamiento=0,emp_codigo_queseria=0,emp_codigo_roticeria=3,emp_com=@@@COM1@@@,emp_baudios=@@@9600@@@,emp_total_cajas=3','',2,'2013-08-29'),(58313,'UPDATE mae_productos SET pro_codigo_barra=@@@7801620005054@@@,pro_tipo=@@@0@@@,pro_nombre_producto=@@@AGUA CACHANTUN SIN GAS BIDON 6 LT@@@,pro_nombre_corto=@@@AGUA CACHANTUN S@@@,med_id=@@@3@@@,emb_id=@@@3@@@,pro_unidades_embalaje=@@@0@@@,dep_id=@@@4 @@@,lin_id=@@@56@@@,mar_id=@@@1718@@@,pro_precio_compra_neto=@@@0@@@,pro_precio_compra_bruto=@@@0@@@,pro_precio_venta=@@@1390@@@,pro_margen_actual=@@@0@@@,pro_oferta=@@@NO@@@,pro_fecha_inicio_oferta=@@@2013.04.27@@@,pro_fecha_termino_oferta=@@@2013.04.27@@@,pro_precio_oferta=@@@0@@@,pro_stock_minimo=@@@2@@@,pro_stock_critico=@@@1@@@,pro_activo=@@@1@@@,pro_unidad=@@@0@@@,pro_precio_compra_bruto=0,pro_margen_actual=0,pro_capacidad=6,pro_funcion_plu=0,pro_flejes=1,pro_iva=1,pro_plu_asociado=0,pro_envase=@@@NO@@@,pro_duracion=0,pro_numero_etiqueta=0 WHERE pro_codigo_plu=@@@763675@@@','',2,'2013-08-29'),(58314,'UPDATE mae_productos SET pro_estado=1 WHERE pro_codigo_plu=763675','',2,'2013-08-29'),(58315,'DELETE FROM mae_impuestos_productos WHERE pro_codigo_plu=@@@763675@@@','',2,'2013-08-29'),(58316,'UPDATE mae_productos SET pro_precio_venta=1590,pro_margen_actual=27.86, pro_precio_compra_bruto=1243.5, pro_precio_compra_neto=1044.95798319328 WHERE pro_codigo_plu=763675','',2,'2013-08-29'),(58317,'UPDATE mae_productos SET pro_margen_actual=11.78,pro_precio_venta=1390 WHERE pro_codigo_plu=763675','',2,'2013-08-29'),(58318,'UPDATE mae_productos SET pro_margen_actual=43.68,pro_precio_venta=100 WHERE pro_codigo_plu=102496','',2,'2013-08-29'),(58319,'UPDATE mae_productos SET pro_margen_actual=43.68,pro_precio_venta=100 WHERE pro_codigo_plu=780721640','',2,'2013-08-29'),(58320,'UPDATE mae_productos SET pro_margen_actual=19900,pro_precio_venta=200 WHERE pro_codigo_plu=780721696','',2,'2013-08-29'),(58321,'UPDATE mae_productos SET pro_codigo_barra=@@@7802225513326@@@,pro_tipo=@@@0@@@,pro_nombre_producto=@@@CLIPPER RELLENO  DOS EN UNO 37,8 GRS@@@,pro_nombre_corto=@@@CLIPPER RELLENO@@@,med_id=@@@5@@@,emb_id=@@@6@@@,pro_unidades_embalaje=@@@16@@@,dep_id=@@@32 @@@,lin_id=@@@161@@@,mar_id=@@@1740@@@,pro_precio_compra_neto=@@@0@@@,pro_precio_compra_bruto=@@@100@@@,pro_precio_venta=@@@200@@@,pro_margen_actual=@@@100@@@,pro_oferta=@@@NO@@@,pro_fecha_inicio_oferta=@@@2013.08.28@@@,pro_fecha_termino_oferta=@@@2013.08.28@@@,pro_precio_oferta=@@@0@@@,pro_stock_minimo=@@@16@@@,pro_stock_critico=@@@4@@@,pro_activo=@@@1@@@,pro_unidad=@@@0@@@,pro_precio_compra_bruto=100,pro_margen_actual=100,pro_capacidad=37.8,pro_funcion_plu=0,pro_flejes=1,pro_iva=1,pro_plu_asociado=0,pro_envase=@@@NO@@@,pro_duracion=0,pro_numero_etiqueta=0 WHERE pro_codigo_plu=@@@780721696@@@','',2,'2013-08-29'),(58322,'UPDATE mae_productos SET pro_estado=1 WHERE pro_codigo_plu=780721696','',2,'2013-08-29'),(58323,'DELETE FROM mae_impuestos_productos WHERE pro_codigo_plu=@@@780721696@@@','',2,'2013-08-29'),(58324,'UPDATE mae_productos SET pro_precio_fiscal=pro_precio_venta WHERE pro_codigo_plu=780721640','',2,'2013-08-29'),(58325,'UPDATE mae_productos SET pro_precio_fiscal=pro_precio_venta WHERE pro_codigo_plu=102496','',2,'2013-08-29'),(58326,'UPDATE mae_productos SET pro_precio_fiscal=pro_precio_venta WHERE pro_codigo_plu=780721696','',2,'2013-08-29'),(58327,'UPDATE mae_productos SET pro_precio_venta=1590,pro_margen_actual=27.86, pro_precio_compra_bruto=1243.5, pro_precio_compra_neto=1044.95798319328 WHERE pro_codigo_plu=763675','',2,'2013-08-29'),(58328,'UPDATE mae_productos SET pro_precio_compra_bruto=1243.5,pro_margen_actual=(pro_precio_venta-1243.5)/1243.5 * 100,pro_ultima_compra=@@@2013.08.29@@@,pro_ultimo_proveedor=@@@99554560-8@@@ WHERE pro_codigo_plu=763675','',2,'2013-08-29'),(58329,'UPDATE mae_productos SET pro_precio_compra_bruto=244.39,pro_margen_actual=(pro_precio_venta-244.39)/244.39 * 100,pro_ultima_compra=@@@2013.08.29@@@,pro_ultimo_proveedor=@@@99554560-8@@@ WHERE pro_codigo_plu=101177','',2,'2013-08-29'),(58330,'UPDATE mae_productos SET pro_precio_compra_bruto=244.36,pro_margen_actual=(pro_precio_venta-244.36)/244.36 * 100,pro_ultima_compra=@@@2013.08.29@@@,pro_ultimo_proveedor=@@@99554560-8@@@ WHERE pro_codigo_plu=101179','',2,'2013-08-29'),(58331,'UPDATE mae_productos SET pro_precio_compra_bruto=244.39,pro_margen_actual=(pro_precio_venta-244.39)/244.39 * 100,pro_ultima_compra=@@@2013.08.29@@@,pro_ultimo_proveedor=@@@99554560-8@@@ WHERE pro_codigo_plu=262547','',2,'2013-08-29'),(58332,'UPDATE mae_productos SET pro_precio_compra_bruto=244.36,pro_margen_actual=(pro_precio_venta-244.36)/244.36 * 100,pro_ultima_compra=@@@2013.08.29@@@,pro_ultimo_proveedor=@@@99554560-8@@@ WHERE pro_codigo_plu=101175','',2,'2013-08-29'),(58333,'UPDATE mae_productos SET pro_precio_compra_bruto=1825,pro_margen_actual=(pro_precio_venta-1825)/1825 * 100,pro_ultima_compra=@@@2013.08.29@@@,pro_ultimo_proveedor=@@@84156500-2@@@ WHERE pro_codigo_plu=102535','',2,'2013-08-29'),(58334,'UPDATE mae_productos SET pro_precio_compra_bruto=1013,pro_margen_actual=(pro_precio_venta-1013)/1013 * 100,pro_ultima_compra=@@@2013.08.29@@@,pro_ultimo_proveedor=@@@84156500-2@@@ WHERE pro_codigo_plu=16157','',2,'2013-08-29'),(58335,'UPDATE mae_productos SET pro_precio_compra_bruto=1162,pro_margen_actual=(pro_precio_venta-1162)/1162 * 100,pro_ultima_compra=@@@2013.08.29@@@,pro_ultimo_proveedor=@@@84156500-2@@@ WHERE pro_codigo_plu=13189','',2,'2013-08-29'),(58336,'UPDATE mae_productos SET pro_precio_compra_bruto=1162,pro_margen_actual=(pro_precio_venta-1162)/1162 * 100,pro_ultima_compra=@@@2013.08.29@@@,pro_ultimo_proveedor=@@@84156500-2@@@ WHERE pro_codigo_plu=102755','',2,'2013-08-29'),(58337,'UPDATE mae_productos SET pro_precio_compra_bruto=1565,pro_margen_actual=(pro_precio_venta-1565)/1565 * 100,pro_ultima_compra=@@@2013.08.29@@@,pro_ultimo_proveedor=@@@84156500-2@@@ WHERE pro_codigo_plu=764358','',2,'2013-08-29'),(58338,'UPDATE mae_productos SET pro_precio_compra_bruto=1347,pro_margen_actual=(pro_precio_venta-1347)/1347 * 100,pro_ultima_compra=@@@2013.08.29@@@,pro_ultimo_proveedor=@@@84156500-2@@@ WHERE pro_codigo_plu=780721683','',2,'2013-08-29'),(58339,'UPDATE mae_productos SET pro_precio_compra_bruto=1347,pro_margen_actual=(pro_precio_venta-1347)/1347 * 100,pro_ultima_compra=@@@2013.08.29@@@,pro_ultimo_proveedor=@@@84156500-2@@@ WHERE pro_codigo_plu=780721684','',2,'2013-08-29'),(58340,'UPDATE mae_productos SET pro_precio_compra_bruto=930,pro_margen_actual=(pro_precio_venta-930)/930 * 100,pro_ultima_compra=@@@2013.08.29@@@,pro_ultimo_proveedor=@@@84156500-2@@@ WHERE pro_codigo_plu=102694','',2,'2013-08-29'),(58341,'UPDATE mae_productos SET pro_precio_compra_bruto=356,pro_margen_actual=(pro_precio_venta-356)/356 * 100,pro_ultima_compra=@@@2013.08.29@@@,pro_ultimo_proveedor=@@@84156500-2@@@ WHERE pro_codigo_plu=764356','',2,'2013-08-29'),(58342,'UPDATE mae_productos SET pro_precio_compra_bruto=356,pro_margen_actual=(pro_precio_venta-356)/356 * 100,pro_ultima_compra=@@@2013.08.29@@@,pro_ultimo_proveedor=@@@84156500-2@@@ WHERE pro_codigo_plu=763398','',2,'2013-08-29'),(58343,'UPDATE mae_productos SET pro_precio_compra_bruto=378.429,pro_margen_actual=(pro_precio_venta-378.429)/378.429 * 100,pro_ultima_compra=@@@2013.08.29@@@,pro_ultimo_proveedor=@@@84156500-2@@@ WHERE pro_codigo_plu=780721685','',2,'2013-08-29'),(58344,'UPDATE mae_productos SET pro_precio_compra_bruto=707,pro_margen_actual=(pro_precio_venta-707)/707 * 100,pro_ultima_compra=@@@2013.08.29@@@,pro_ultimo_proveedor=@@@84156500-2@@@ WHERE pro_codigo_plu=12310','',2,'2013-08-29'),(58345,'UPDATE mae_productos SET pro_precio_compra_bruto=1093,pro_margen_actual=(pro_precio_venta-1093)/1093 * 100,pro_ultima_compra=@@@2013.08.29@@@,pro_ultimo_proveedor=@@@84156500-2@@@ WHERE pro_codigo_plu=102655','',2,'2013-08-29'),(58346,'UPDATE mae_productos SET pro_precio_compra_bruto=263,pro_margen_actual=(pro_precio_venta-263)/263 * 100,pro_ultima_compra=@@@2013.08.29@@@,pro_ultimo_proveedor=@@@84156500-2@@@ WHERE pro_codigo_plu=13642','',2,'2013-08-29'),(58347,'UPDATE mae_productos SET pro_precio_compra_bruto=263,pro_margen_actual=(pro_precio_venta-263)/263 * 100,pro_ultima_compra=@@@2013.08.29@@@,pro_ultimo_proveedor=@@@84156500-2@@@ WHERE pro_codigo_plu=13593','',2,'2013-08-29'),(58348,'UPDATE mae_productos SET pro_precio_compra_bruto=77.3,pro_margen_actual=(pro_precio_venta-77.3)/77.3 * 100,pro_ultima_compra=@@@2013.08.29@@@,pro_ultimo_proveedor=@@@84156500-2@@@ WHERE pro_codigo_plu=762446','',2,'2013-08-29'),(58349,'UPDATE mae_productos SET pro_precio_compra_bruto=77.3,pro_margen_actual=(pro_precio_venta-77.3)/77.3 * 100,pro_ultima_compra=@@@2013.08.29@@@,pro_ultimo_proveedor=@@@84156500-2@@@ WHERE pro_codigo_plu=762447','',2,'2013-08-29'),(58350,'UPDATE mae_productos SET pro_precio_compra_bruto=95.2,pro_margen_actual=(pro_precio_venta-95.2)/95.2 * 100,pro_ultima_compra=@@@2013.08.29@@@,pro_ultimo_proveedor=@@@84156500-2@@@ WHERE pro_codigo_plu=762445','',2,'2013-08-29'),(58351,'UPDATE mae_productos SET pro_precio_compra_bruto=47,pro_margen_actual=(pro_precio_venta-47)/47 * 100,pro_ultima_compra=@@@2013.08.29@@@,pro_ultimo_proveedor=@@@84156500-2@@@ WHERE pro_codigo_plu=780721354','',2,'2013-08-29'),(58352,'UPDATE mae_productos SET pro_precio_compra_bruto=227,pro_margen_actual=(pro_precio_venta-227)/227 * 100,pro_ultima_compra=@@@2013.08.29@@@,pro_ultimo_proveedor=@@@84156500-2@@@ WHERE pro_codigo_plu=763286','',2,'2013-08-29'),(58353,'UPDATE mae_productos SET pro_precio_compra_bruto=63.733,pro_margen_actual=(pro_precio_venta-63.733)/63.733 * 100,pro_ultima_compra=@@@2013.08.29@@@,pro_ultimo_proveedor=@@@84156500-2@@@ WHERE pro_codigo_plu=764870','',2,'2013-08-29'),(58354,'UPDATE mae_productos SET pro_precio_compra_bruto=408,pro_margen_actual=(pro_precio_venta-408)/408 * 100,pro_ultima_compra=@@@2013.08.29@@@,pro_ultimo_proveedor=@@@84156500-2@@@ WHERE pro_codigo_plu=15949','',2,'2013-08-29'),(58355,'UPDATE mae_productos SET pro_precio_compra_bruto=78,pro_margen_actual=(pro_precio_venta-78)/78 * 100,pro_ultima_compra=@@@2013.08.29@@@,pro_ultimo_proveedor=@@@84156500-2@@@ WHERE pro_codigo_plu=763736','',2,'2013-08-29'),(58356,'UPDATE mae_productos SET pro_precio_compra_bruto=536,pro_margen_actual=(pro_precio_venta-536)/536 * 100,pro_ultima_compra=@@@2013.08.29@@@,pro_ultimo_proveedor=@@@84156500-2@@@ WHERE pro_codigo_plu=763706','',2,'2013-08-29'),(58357,'UPDATE mae_productos SET pro_precio_compra_bruto=536,pro_margen_actual=(pro_precio_venta-536)/536 * 100,pro_ultima_compra=@@@2013.08.29@@@,pro_ultimo_proveedor=@@@84156500-2@@@ WHERE pro_codigo_plu=763730','',2,'2013-08-29'),(58358,'UPDATE mae_productos SET pro_precio_compra_bruto=536,pro_margen_actual=(pro_precio_venta-536)/536 * 100,pro_ultima_compra=@@@2013.08.29@@@,pro_ultimo_proveedor=@@@84156500-2@@@ WHERE pro_codigo_plu=763704','',2,'2013-08-29'),(58359,'UPDATE mae_productos SET pro_precio_compra_bruto=701,pro_margen_actual=(pro_precio_venta-701)/701 * 100,pro_ultima_compra=@@@2013.08.29@@@,pro_ultimo_proveedor=@@@84156500-2@@@ WHERE pro_codigo_plu=78017108','',2,'2013-08-29'),(58360,'UPDATE mae_productos SET pro_precio_compra_bruto=181,pro_margen_actual=(pro_precio_venta-181)/181 * 100,pro_ultima_compra=@@@2013.08.29@@@,pro_ultimo_proveedor=@@@84156500-2@@@ WHERE pro_codigo_plu=78017095','',2,'2013-08-29'),(58361,'UPDATE mae_productos SET pro_precio_compra_bruto=979,pro_margen_actual=(pro_precio_venta-979)/979 * 100,pro_ultima_compra=@@@2013.08.29@@@,pro_ultimo_proveedor=@@@84156500-2@@@ WHERE pro_codigo_plu=763728','',2,'2013-08-29'),(58362,'UPDATE mae_productos SET pro_precio_compra_bruto=464,pro_margen_actual=(pro_precio_venta-464)/464 * 100,pro_ultima_compra=@@@2013.08.29@@@,pro_ultimo_proveedor=@@@84156500-2@@@ WHERE pro_codigo_plu=763739','',2,'2013-08-29'),(58363,'UPDATE mae_productos SET pro_precio_compra_bruto=917,pro_margen_actual=(pro_precio_venta-917)/917 * 100,pro_ultima_compra=@@@2013.08.29@@@,pro_ultimo_proveedor=@@@84156500-2@@@ WHERE pro_codigo_plu=763731','',2,'2013-08-29'),(58364,'UPDATE mae_productos SET pro_precio_compra_bruto=127.583,pro_margen_actual=(pro_precio_venta-127.583)/127.583 * 100,pro_ultima_compra=@@@2013.08.29@@@,pro_ultimo_proveedor=@@@84156500-2@@@ WHERE pro_codigo_plu=780721682','',2,'2013-08-29'),(58365,'UPDATE mae_productos SET pro_precio_compra_bruto=127.583,pro_margen_actual=(pro_precio_venta-127.583)/127.583 * 100,pro_ultima_compra=@@@2013.08.29@@@,pro_ultimo_proveedor=@@@84156500-2@@@ WHERE pro_codigo_plu=763495','',2,'2013-08-29'),(58366,'UPDATE mae_productos SET pro_precio_compra_bruto=127.583,pro_margen_actual=(pro_precio_venta-127.583)/127.583 * 100,pro_ultima_compra=@@@2013.08.29@@@,pro_ultimo_proveedor=@@@84156500-2@@@ WHERE pro_codigo_plu=763431','',2,'2013-08-29'),(58367,'UPDATE mae_productos SET pro_precio_compra_bruto=127.583,pro_margen_actual=(pro_precio_venta-127.583)/127.583 * 100,pro_ultima_compra=@@@2013.08.29@@@,pro_ultimo_proveedor=@@@84156500-2@@@ WHERE pro_codigo_plu=763507','',2,'2013-08-29'),(58368,'UPDATE mae_productos SET pro_precio_compra_bruto=127.584,pro_margen_actual=(pro_precio_venta-127.584)/127.584 * 100,pro_ultima_compra=@@@2013.08.29@@@,pro_ultimo_proveedor=@@@84156500-2@@@ WHERE pro_codigo_plu=780721355','',2,'2013-08-29'),(58369,'UPDATE mae_productos SET pro_precio_compra_bruto=127.583,pro_margen_actual=(pro_precio_venta-127.583)/127.583 * 100,pro_ultima_compra=@@@2013.08.29@@@,pro_ultimo_proveedor=@@@84156500-2@@@ WHERE pro_codigo_plu=763503','',2,'2013-08-29'),(58370,'UPDATE mae_productos SET pro_precio_compra_bruto=379,pro_margen_actual=(pro_precio_venta-379)/379 * 100,pro_ultima_compra=@@@2013.08.29@@@,pro_ultimo_proveedor=@@@84156500-2@@@ WHERE pro_codigo_plu=780200000','',2,'2013-08-29'),(58371,'UPDATE mae_productos SET pro_precio_compra_bruto=720,pro_margen_actual=(pro_precio_venta-720)/720 * 100,pro_ultima_compra=@@@2013.08.29@@@,pro_ultimo_proveedor=@@@84156500-2@@@ WHERE pro_codigo_plu=13726','',2,'2013-08-29'),(58372,'UPDATE mae_productos SET pro_precio_compra_bruto=263,pro_margen_actual=(pro_precio_venta-263)/263 * 100,pro_ultima_compra=@@@2013.08.29@@@,pro_ultimo_proveedor=@@@84156500-2@@@ WHERE pro_codigo_plu=763266','',2,'2013-08-29'),(58373,'UPDATE mae_productos SET pro_precio_compra_bruto=299,pro_margen_actual=(pro_precio_venta-299)/299 * 100,pro_ultima_compra=@@@2013.08.29@@@,pro_ultimo_proveedor=@@@84156500-2@@@ WHERE pro_codigo_plu=14128','',2,'2013-08-29'),(58374,'UPDATE mae_productos SET pro_precio_compra_bruto=1160,pro_margen_actual=(pro_precio_venta-1160)/1160 * 100,pro_ultima_compra=@@@2013.08.29@@@,pro_ultimo_proveedor=@@@84156500-2@@@ WHERE pro_codigo_plu=763400','',2,'2013-08-29'),(58375,'INSERT INTO gne_vale_ferreteria (vfe_id,vfe_fecha,vfe_total,vfe_estado,vfe_entregado,usu_nusuario) VALUES (9493,@@@2013.08.29@@@,490,1,0,@@@b_SAEZ@@@)','',2,'2013-08-29'),(58376,'INSERT INTO gne_vale_ferreteria_mov (vfe_id,pro_codigo_plu,vfm_cantidad,vfm_unitario,vfm_total,vfm_entregado) VALUES (9493,2009,1,490,490,@@@NO@@@)','',2,'2013-08-29'),(58377,'INSERT INTO gne_vale_ferreteria (vfe_id,vfe_fecha,vfe_total,vfe_estado,vfe_entregado,usu_nusuario) VALUES (9494,@@@2013.08.29@@@,570,1,0,@@@b_SAEZ@@@)','',2,'2013-08-29'),(58378,'INSERT INTO gne_vale_ferreteria_mov (vfe_id,pro_codigo_plu,vfm_cantidad,vfm_unitario,vfm_total,vfm_entregado) VALUES (9494,1017,1,350,350,@@@NO@@@)','',2,'2013-08-29'),(58379,'INSERT INTO gne_vale_ferreteria_mov (vfe_id,pro_codigo_plu,vfm_cantidad,vfm_unitario,vfm_total,vfm_entregado) VALUES (9494,764768,1,220,220,@@@NO@@@)','',2,'2013-08-29'),(58380,'INSERT INTO gne_vale_ferreteria (vfe_id,vfe_fecha,vfe_total,vfe_estado,vfe_entregado,usu_nusuario) VALUES (9495,@@@2013.08.29@@@,200,1,0,@@@b_SAEZ@@@)','',2,'2013-08-29'),(58381,'INSERT INTO gne_vale_ferreteria_mov (vfe_id,pro_codigo_plu,vfm_cantidad,vfm_unitario,vfm_total,vfm_entregado) VALUES (9495,3104,1,200,200,@@@NO@@@)','',2,'2013-08-29'),(58382,'INSERT INTO gne_vale_ferreteria (vfe_id,vfe_fecha,vfe_total,vfe_estado,vfe_entregado,usu_nusuario) VALUES (9496,@@@2013.08.29@@@,2490,1,0,@@@b_SAEZ@@@)','',2,'2013-08-29'),(58383,'INSERT INTO gne_vale_ferreteria_mov (vfe_id,pro_codigo_plu,vfm_cantidad,vfm_unitario,vfm_total,vfm_entregado) VALUES (9496,7500899,1,2490,2490,@@@NO@@@)','',2,'2013-08-29'),(58384,'INSERT INTO gne_vale_ferreteria (vfe_id,vfe_fecha,vfe_total,vfe_estado,vfe_entregado,usu_nusuario) VALUES (9497,@@@2013.08.29@@@,310,1,0,@@@b_SAEZ@@@)','',2,'2013-08-29'),(58385,'INSERT INTO gne_vale_ferreteria_mov (vfe_id,pro_codigo_plu,vfm_cantidad,vfm_unitario,vfm_total,vfm_entregado) VALUES (9497,18799,1,310,310,@@@NO@@@)','',2,'2013-08-29'),(58386,'INSERT INTO gne_vale_ferreteria (vfe_id,vfe_fecha,vfe_total,vfe_estado,vfe_entregado,usu_nusuario) VALUES (9498,@@@2013.08.29@@@,520,1,0,@@@b_SAEZ@@@)','',2,'2013-08-29'),(58387,'INSERT INTO gne_vale_ferreteria_mov (vfe_id,pro_codigo_plu,vfm_cantidad,vfm_unitario,vfm_total,vfm_entregado) VALUES (9498,15967,1,130,130,@@@NO@@@)','',2,'2013-08-29'),(58388,'INSERT INTO gne_vale_ferreteria_mov (vfe_id,pro_codigo_plu,vfm_cantidad,vfm_unitario,vfm_total,vfm_entregado) VALUES (9498,780721420,1,390,390,@@@NO@@@)','',2,'2013-08-29'),(58389,'INSERT INTO gne_vale_ferreteria (vfe_id,vfe_fecha,vfe_total,vfe_estado,vfe_entregado,usu_nusuario) VALUES (9499,@@@2013.08.29@@@,1190,1,0,@@@b_SAEZ@@@)','',2,'2013-08-29'),(58390,'INSERT INTO gne_vale_ferreteria_mov (vfe_id,pro_codigo_plu,vfm_cantidad,vfm_unitario,vfm_total,vfm_entregado) VALUES (9499,763804,1,790,790,@@@NO@@@)','',2,'2013-08-29'),(58391,'INSERT INTO gne_vale_ferreteria_mov (vfe_id,pro_codigo_plu,vfm_cantidad,vfm_unitario,vfm_total,vfm_entregado) VALUES (9499,764572,4,100,400,@@@NO@@@)','',2,'2013-08-29'),(58392,'INSERT INTO gne_vale_ferreteria (vfe_id,vfe_fecha,vfe_total,vfe_estado,vfe_entregado,usu_nusuario) VALUES (9500,@@@2013.08.29@@@,120,1,0,@@@b_SAEZ@@@)','',2,'2013-08-29'),(58393,'INSERT INTO gne_vale_ferreteria_mov (vfe_id,pro_codigo_plu,vfm_cantidad,vfm_unitario,vfm_total,vfm_entregado) VALUES (9500,78017059,1,120,120,@@@NO@@@)','',2,'2013-08-29'),(58394,'INSERT INTO gne_vale_ferreteria (vfe_id,vfe_fecha,vfe_total,vfe_estado,vfe_entregado,usu_nusuario) VALUES (9501,@@@2013.08.29@@@,3490,1,0,@@@b_SAEZ@@@)','',2,'2013-08-29'),(58395,'INSERT INTO gne_vale_ferreteria_mov (vfe_id,pro_codigo_plu,vfm_cantidad,vfm_unitario,vfm_total,vfm_entregado) VALUES (9501,1934,1,3490,3490,@@@NO@@@)','',2,'2013-08-29'),(58396,'INSERT INTO gne_vale_ferreteria (vfe_id,vfe_fecha,vfe_total,vfe_estado,vfe_entregado,usu_nusuario) VALUES (9502,@@@2013.08.29@@@,200,1,0,@@@b_SAEZ@@@)','',2,'2013-08-29'),(58397,'INSERT INTO gne_vale_ferreteria_mov (vfe_id,pro_codigo_plu,vfm_cantidad,vfm_unitario,vfm_total,vfm_entregado) VALUES (9502,764135,1,200,200,@@@NO@@@)','',2,'2013-08-29'),(58398,'INSERT INTO gne_vale_ferreteria (vfe_id,vfe_fecha,vfe_total,vfe_estado,vfe_entregado,usu_nusuario) VALUES (9503,@@@2013.08.29@@@,60,1,0,@@@b_SAEZ@@@)','',2,'2013-08-29'),(58399,'INSERT INTO gne_vale_ferreteria_mov (vfe_id,pro_codigo_plu,vfm_cantidad,vfm_unitario,vfm_total,vfm_entregado) VALUES (9503,764780,1,60,60,@@@NO@@@)','',2,'2013-08-29'),(58400,'INSERT INTO gne_vale_ferreteria (vfe_id,vfe_fecha,vfe_total,vfe_estado,vfe_entregado,usu_nusuario) VALUES (9504,@@@2013.08.29@@@,1390,1,0,@@@b_SAEZ@@@)','',2,'2013-08-29'),(58401,'INSERT INTO gne_vale_ferreteria_mov (vfe_id,pro_codigo_plu,vfm_cantidad,vfm_unitario,vfm_total,vfm_entregado) VALUES (9504,1086,1,1390,1390,@@@NO@@@)','',2,'2013-08-29'),(58402,'INSERT INTO gne_vale_ferreteria (vfe_id,vfe_fecha,vfe_total,vfe_estado,vfe_entregado,usu_nusuario) VALUES (9505,@@@2013.08.29@@@,1000,1,0,@@@b_SAEZ@@@)','',2,'2013-08-29'),(58403,'INSERT INTO gne_vale_ferreteria_mov (vfe_id,pro_codigo_plu,vfm_cantidad,vfm_unitario,vfm_total,vfm_entregado) VALUES (9505,763819,1,1000,1000,@@@NO@@@)','',2,'2013-08-29'),(58404,'INSERT INTO gne_vale_ferreteria (vfe_id,vfe_fecha,vfe_total,vfe_estado,vfe_entregado,usu_nusuario) VALUES (9506,@@@2013.08.29@@@,960,1,0,@@@b_SAEZ@@@)','',2,'2013-08-29'),(58405,'INSERT INTO gne_vale_ferreteria_mov (vfe_id,pro_codigo_plu,vfm_cantidad,vfm_unitario,vfm_total,vfm_entregado) VALUES (9506,15927,2,480,960,@@@NO@@@)','',2,'2013-08-29'),(58406,'INSERT INTO gne_vale_ferreteria (vfe_id,vfe_fecha,vfe_total,vfe_estado,vfe_entregado,usu_nusuario) VALUES (9507,@@@2013.08.29@@@,250,1,0,@@@b_SAEZ@@@)','',2,'2013-08-29'),(58407,'INSERT INTO gne_vale_ferreteria_mov (vfe_id,pro_codigo_plu,vfm_cantidad,vfm_unitario,vfm_total,vfm_entregado) VALUES (9507,2021,1,250,250,@@@NO@@@)','',2,'2013-08-29'),(58408,'UPDATE mae_productos SET pro_precio_venta=730,pro_margen_actual=31.18, pro_precio_compra_bruto=556.47, pro_precio_compra_neto=467.621848739496 WHERE pro_codigo_plu=17443','',2,'2013-08-29'),(58409,'UPDATE mae_productos SET pro_precio_venta=599,pro_margen_actual=34.28, pro_precio_compra_bruto=446.07, pro_precio_compra_neto=374.848739495798 WHERE pro_codigo_plu=17437','',2,'2013-08-29'),(58410,'UPDATE mae_productos SET pro_precio_compra_bruto=556.47,pro_margen_actual=(pro_precio_venta-556.47)/556.47 * 100,pro_ultima_compra=@@@2013.08.29@@@,pro_ultimo_proveedor=@@@99554560-8@@@ WHERE pro_codigo_plu=17443','',2,'2013-08-29'),(58411,'UPDATE mae_productos SET pro_precio_compra_bruto=446.02,pro_margen_actual=(pro_precio_venta-446.02)/446.02 * 100,pro_ultima_compra=@@@2013.08.29@@@,pro_ultimo_proveedor=@@@99554560-8@@@ WHERE pro_codigo_plu=17444','',2,'2013-08-29'),(58412,'UPDATE mae_productos SET pro_precio_compra_bruto=446.07,pro_margen_actual=(pro_precio_venta-446.07)/446.07 * 100,pro_ultima_compra=@@@2013.08.29@@@,pro_ultimo_proveedor=@@@99554560-8@@@ WHERE pro_codigo_plu=17437','',2,'2013-08-29'),(58413,'INSERT INTO gne_vale_ferreteria (vfe_id,vfe_fecha,vfe_total,vfe_estado,vfe_entregado,usu_nusuario) VALUES (9508,@@@2013.08.29@@@,990,1,0,@@@b_SAEZ@@@)','',2,'2013-08-29'),(58414,'INSERT INTO gne_vale_ferreteria_mov (vfe_id,pro_codigo_plu,vfm_cantidad,vfm_unitario,vfm_total,vfm_entregado) VALUES (9508,780721629,1,990,990,@@@NO@@@)','',2,'2013-08-29'),(58415,'UPDATE mae_clientes SET cli_rut=@@@16983742-2@@@,cli_nombre=@@@CRIS ALEJANDRA JARA SAEZ@@@,cli_direccion=@@@SAM GREGORIO 607@@@,cli_sucursal=@@@@@@,cli_ciudad=@@@NACIMIENTO@@@,cli_nombre_contacto=@@@@@@,cli_cargo=@@@secretaria@@@,cli_comuna=@@@NACIMIENTO@@@,cli_fpago=@@@CONTADO@@@,cli_telefono=@@@97155489@@@,cli_fax=@@@@@@,cli_celular=@@@97155489@@@,cli_mail=@@@@@@,tcp_id=@@@3@@@,cli_fecha_nacimiento=@@@1988.05.25@@@,cli_activo=@@@1@@@,cli_limite_credito=@@@40000@@@,cli_giro=@@@@@@,cli_sobrecargo=0,cli_descuento_venta=0,cli_rapel=0 ,cli_credito_ilimitado=0 WHERE cli_id=@@@18@@@','',2,'2013-08-29'),(58416,'INSERT INTO gne_vale_ferreteria (vfe_id,vfe_fecha,vfe_total,vfe_estado,vfe_entregado,usu_nusuario) VALUES (9509,@@@2013.08.29@@@,590,1,0,@@@b_SAEZ@@@)','',2,'2013-08-29'),(58417,'INSERT INTO gne_vale_ferreteria_mov (vfe_id,pro_codigo_plu,vfm_cantidad,vfm_unitario,vfm_total,vfm_entregado) VALUES (9509,1535,1,390,390,@@@NO@@@)','',2,'2013-08-29'),(58418,'INSERT INTO gne_vale_ferreteria_mov (vfe_id,pro_codigo_plu,vfm_cantidad,vfm_unitario,vfm_total,vfm_entregado) VALUES (9509,1542,2,100,200,@@@NO@@@)','',2,'2013-08-29'),(58419,'UPDATE mae_productos SET pro_precio_venta=2490,pro_margen_actual= 113.18 WHERE pro_codigo_plu=780721119','',2,'2013-08-29'),(58420,'UPDATE mae_productos SET pro_precio_venta=300,pro_margen_actual= 100 WHERE pro_codigo_plu=780721127','',2,'2013-08-29'),(58421,'INSERT INTO gne_vale_ferreteria (vfe_id,vfe_fecha,vfe_total,vfe_estado,vfe_entregado,usu_nusuario) VALUES (9510,@@@2013.08.29@@@,250,1,0,@@@b_SAEZ@@@)','',2,'2013-08-29'),(58422,'INSERT INTO gne_vale_ferreteria_mov (vfe_id,pro_codigo_plu,vfm_cantidad,vfm_unitario,vfm_total,vfm_entregado) VALUES (9510,1545,2,50,100,@@@NO@@@)','',2,'2013-08-29'),(58423,'INSERT INTO gne_vale_ferreteria_mov (vfe_id,pro_codigo_plu,vfm_cantidad,vfm_unitario,vfm_total,vfm_entregado) VALUES (9510,9900006,1,150,150,@@@NO@@@)','',2,'2013-08-29'),(58424,'INSERT INTO gne_vale_ferreteria (vfe_id,vfe_fecha,vfe_total,vfe_estado,vfe_entregado,usu_nusuario) VALUES (9511,@@@2013.08.29@@@,640,1,0,@@@b_SAEZ@@@)','',2,'2013-08-29'),(58425,'INSERT INTO gne_vale_ferreteria_mov (vfe_id,pro_codigo_plu,vfm_cantidad,vfm_unitario,vfm_total,vfm_entregado) VALUES (9511,19865,1,640,640,@@@NO@@@)','',2,'2013-08-29'),(58426,'UPDATE mae_productos SET pro_precio_venta=3890,pro_margen_actual= 21.87 WHERE pro_codigo_plu=18039','',2,'2013-08-29'),(58427,'INSERT INTO mae_productos (pro_codigo_plu,pro_codigo_barra,pro_tipo,pro_nombre_producto,pro_nombre_corto,med_id,emb_id,pro_unidades_embalaje,dep_id,lin_id,mar_id,pro_precio_compra_neto,pro_precio_compra_bruto,pro_precio_venta,pro_margen_actual,pro_oferta,pro_fecha_inicio_oferta,pro_fecha_termino_oferta,pro_precio_oferta,pro_stock_minimo,pro_stock_critico,pro_entradas_bodega,pro_salidas_bodega,pro_mermas_bodega,pro_ajustes_bodega,pro_entradas_sv,pro_salidas_sv,pro_mermas_sv,pro_ajustes_sv,pro_activo,rec_numero,pro_unidad,pro_capacidad,pro_consumo_bodega,pro_consumo_sv,pro_estado,pro_funcion_plu,pro_flejes,pro_iva,pro_plu_asociado,pro_envase,pro_duracion,pro_numero_etiqueta) VALUES (9090,@@@9090@@@,@@@0@@@,@@@DEPOSITO ENVASES BEBIDAS C.C.U@@@,@@@DEPOSITO ENVASES@@@,@@@1 @@@,@@@5 @@@,@@@1@@@,@@@4 @@@,@@@55@@@,@@@2507@@@,@@@0@@@,@@@1@@@,@@@1@@@,@@@0@@@,@@@@@@,@@@2013.08.29@@@,@@@2013.08.29@@@,@@@0@@@,@@@1@@@,@@@1@@@,@@@0@@@,@@@0@@@,@@@0@@@,@@@0@@@,@@@0@@@,@@@0@@@,@@@0@@@,@@@0@@@,@@@1@@@,@@@0@@@,0,1,0,0,2,0,1,1,0,@@@NO@@@,0,0)','',2,'2013-08-29'),(58428,'DELETE FROM mae_impuestos_productos WHERE pro_codigo_plu=@@@9090@@@','',2,'2013-08-29'),(58429,'INSERT INTO mae_productos (pro_codigo_plu,pro_codigo_barra,pro_tipo,pro_nombre_producto,pro_nombre_corto,med_id,emb_id,pro_unidades_embalaje,dep_id,lin_id,mar_id,pro_precio_compra_neto,pro_precio_compra_bruto,pro_precio_venta,pro_margen_actual,pro_oferta,pro_fecha_inicio_oferta,pro_fecha_termino_oferta,pro_precio_oferta,pro_stock_minimo,pro_stock_critico,pro_entradas_bodega,pro_salidas_bodega,pro_mermas_bodega,pro_ajustes_bodega,pro_entradas_sv,pro_salidas_sv,pro_mermas_sv,pro_ajustes_sv,pro_activo,rec_numero,pro_unidad,pro_capacidad,pro_consumo_bodega,pro_consumo_sv,pro_estado,pro_funcion_plu,pro_flejes,pro_iva,pro_plu_asociado,pro_envase,pro_duracion,pro_numero_etiqueta) VALUES (9191,@@@9191@@@,@@@0@@@,@@@DEPOSITO BEBIDA COCA-COLA@@@,@@@DEPOSITO BEBIDA @@@,@@@1 @@@,@@@5 @@@,@@@1@@@,@@@4 @@@,@@@55@@@,@@@2507@@@,@@@0@@@,@@@1@@@,@@@1@@@,@@@0@@@,@@@@@@,@@@2013.08.29@@@,@@@2013.08.29@@@,@@@0@@@,@@@1@@@,@@@1@@@,@@@0@@@,@@@0@@@,@@@0@@@,@@@0@@@,@@@0@@@,@@@0@@@,@@@0@@@,@@@0@@@,@@@1@@@,@@@0@@@,0,1,0,0,2,0,1,1,0,@@@NO@@@,0,0)','',2,'2013-08-29'),(58430,'DELETE FROM mae_impuestos_productos WHERE pro_codigo_plu=@@@9191@@@','',2,'2013-08-29'),(58431,'UPDATE mae_productos SET pro_precio_venta=200,pro_margen_actual= 167.56 WHERE pro_codigo_plu=780721659','',2,'2013-08-29'),(58432,'UPDATE mae_productos SET pro_precio_venta=650,pro_margen_actual= 54.43 WHERE pro_codigo_plu=780721666','',2,'2013-08-29'),(58433,'INSERT INTO gne_vale_ferreteria (vfe_id,vfe_fecha,vfe_total,vfe_estado,vfe_entregado,usu_nusuario) VALUES (9512,@@@2013.08.29@@@,160,1,0,@@@b_SAEZ@@@)','',2,'2013-08-29'),(58434,'INSERT INTO gne_vale_ferreteria_mov (vfe_id,pro_codigo_plu,vfm_cantidad,vfm_unitario,vfm_total,vfm_entregado) VALUES (9512,4080,4,40,160,@@@NO@@@)','',2,'2013-08-29'),(58435,'UPDATE mae_productos SET pro_precio_fiscal=pro_precio_venta WHERE pro_codigo_plu=780721119','',2,'2013-08-29'),(58436,'UPDATE mae_productos SET pro_precio_fiscal=pro_precio_venta WHERE pro_codigo_plu=780721659','',2,'2013-08-29'),(58437,'UPDATE mae_productos SET pro_precio_fiscal=pro_precio_venta WHERE pro_codigo_plu=763675','',2,'2013-08-29'),(58438,'UPDATE mae_productos SET pro_precio_fiscal=pro_precio_venta WHERE pro_codigo_plu=17443','',2,'2013-08-29'),(58439,'UPDATE mae_productos SET pro_precio_fiscal=pro_precio_venta WHERE pro_codigo_plu=17437','',2,'2013-08-29'),(58440,'UPDATE mae_productos SET pro_precio_fiscal=pro_precio_venta WHERE pro_codigo_plu=18039','',2,'2013-08-29'),(58441,'UPDATE mae_productos SET pro_precio_fiscal=pro_precio_venta WHERE pro_codigo_plu=780721666','',2,'2013-08-29'),(58442,'UPDATE mae_productos SET pro_precio_fiscal=pro_precio_venta WHERE pro_codigo_plu=780721127','',2,'2013-08-29'),(58443,'INSERT INTO gne_vale_ferreteria (vfe_id,vfe_fecha,vfe_total,vfe_estado,vfe_entregado,usu_nusuario) VALUES (9513,@@@2013.08.29@@@,2890,1,0,@@@b_SAEZ@@@)','',2,'2013-08-29'),(58444,'INSERT INTO gne_vale_ferreteria_mov (vfe_id,pro_codigo_plu,vfm_cantidad,vfm_unitario,vfm_total,vfm_entregado) VALUES (9513,15646,1,2890,2890,@@@NO@@@)','',2,'2013-08-29'),(58445,'INSERT INTO gne_vale_ferreteria (vfe_id,vfe_fecha,vfe_total,vfe_estado,vfe_entregado,usu_nusuario) VALUES (9514,@@@2013.08.29@@@,100,1,0,@@@b_SAEZ@@@)','',2,'2013-08-29'),(58446,'INSERT INTO gne_vale_ferreteria_mov (vfe_id,pro_codigo_plu,vfm_cantidad,vfm_unitario,vfm_total,vfm_entregado) VALUES (9514,764833,10,10,100,@@@NO@@@)','',2,'2013-08-29'),(58447,'UPDATE mae_productos SET pro_codigo_barra=@@@9090@@@,pro_tipo=@@@0@@@,pro_nombre_producto=@@@DEPOSITO ENVASES BEBIDAS C.C.U@@@,pro_nombre_corto=@@@DEPOSITO ENVASES@@@,med_id=@@@1@@@,emb_id=@@@5@@@,pro_unidades_embalaje=@@@1@@@,dep_id=@@@4 @@@,lin_id=@@@55@@@,mar_id=@@@2507@@@,pro_precio_compra_neto=@@@0@@@,pro_precio_compra_bruto=@@@100@@@,pro_precio_venta=@@@300@@@,pro_margen_actual=@@@200@@@,pro_oferta=@@@NO@@@,pro_fecha_inicio_oferta=@@@2013.08.29@@@,pro_fecha_termino_oferta=@@@2013.08.29@@@,pro_precio_oferta=@@@0@@@,pro_stock_minimo=@@@1@@@,pro_stock_critico=@@@1@@@,pro_activo=@@@1@@@,pro_unidad=@@@0@@@,pro_precio_compra_bruto=100,pro_margen_actual=200,pro_capacidad=1,pro_funcion_plu=0,pro_flejes=1,pro_iva=1,pro_plu_asociado=0,pro_envase=@@@NO@@@,pro_duracion=0,pro_numero_etiqueta=0 WHERE pro_codigo_plu=@@@9090@@@','',2,'2013-08-29'),(58448,'UPDATE mae_productos SET pro_estado=1 WHERE pro_codigo_plu=9090','',2,'2013-08-29'),(58449,'DELETE FROM mae_impuestos_productos WHERE pro_codigo_plu=@@@9090@@@','',2,'2013-08-29'),(58450,'UPDATE mae_productos SET pro_codigo_barra=@@@9191@@@,pro_tipo=@@@0@@@,pro_nombre_producto=@@@DEPOSITO BEBIDA COCA-COLA@@@,pro_nombre_corto=@@@DEPOSITO BEBIDA@@@,med_id=@@@1@@@,emb_id=@@@5@@@,pro_unidades_embalaje=@@@1@@@,dep_id=@@@4 @@@,lin_id=@@@55@@@,mar_id=@@@2507@@@,pro_precio_compra_neto=@@@0@@@,pro_precio_compra_bruto=@@@100@@@,pro_precio_venta=@@@400@@@,pro_margen_actual=@@@300@@@,pro_oferta=@@@NO@@@,pro_fecha_inicio_oferta=@@@2013.08.29@@@,pro_fecha_termino_oferta=@@@2013.08.29@@@,pro_precio_oferta=@@@0@@@,pro_stock_minimo=@@@1@@@,pro_stock_critico=@@@1@@@,pro_activo=@@@1@@@,pro_unidad=@@@0@@@,pro_precio_compra_bruto=100,pro_margen_actual=300,pro_capacidad=1,pro_funcion_plu=0,pro_flejes=1,pro_iva=1,pro_plu_asociado=0,pro_envase=@@@NO@@@,pro_duracion=0,pro_numero_etiqueta=0 WHERE pro_codigo_plu=@@@9191@@@','',2,'2013-08-29'),(58451,'UPDATE mae_productos SET pro_estado=1 WHERE pro_codigo_plu=9191','',2,'2013-08-29'),(58452,'DELETE FROM mae_impuestos_productos WHERE pro_codigo_plu=@@@9191@@@','',2,'2013-08-29'),(58453,'UPDATE mae_productos SET pro_precio_fiscal=pro_precio_venta WHERE pro_codigo_plu=9090','',2,'2013-08-29'),(58454,'UPDATE mae_productos SET pro_precio_fiscal=pro_precio_venta WHERE pro_codigo_plu=9191','',2,'2013-08-29'),(58455,'INSERT INTO gne_vale_ferreteria (vfe_id,vfe_fecha,vfe_total,vfe_estado,vfe_entregado,usu_nusuario) VALUES (9515,@@@2013.08.29@@@,780,1,0,@@@b_SAEZ@@@)','',2,'2013-08-29'),(58456,'INSERT INTO gne_vale_ferreteria_mov (vfe_id,pro_codigo_plu,vfm_cantidad,vfm_unitario,vfm_total,vfm_entregado) VALUES (9515,780721291,2,390,780,@@@NO@@@)','',2,'2013-08-29'),(58457,'UPDATE mae_productos SET pro_margen_actual=0,pro_precio_venta=1500 WHERE pro_codigo_plu=46','',2,'2013-08-29'),(58458,'UPDATE mae_productos SET pro_precio_fiscal=pro_precio_venta WHERE pro_codigo_plu=46','',2,'2013-08-29'),(58459,'INSERT INTO gne_vale_ferreteria (vfe_id,vfe_fecha,vfe_total,vfe_estado,vfe_entregado,usu_nusuario) VALUES (9516,@@@2013.08.29@@@,500,1,0,@@@b_SAEZ@@@)','',2,'2013-08-29'),(58460,'INSERT INTO gne_vale_ferreteria_mov (vfe_id,pro_codigo_plu,vfm_cantidad,vfm_unitario,vfm_total,vfm_entregado) VALUES (9516,1545,4,50,200,@@@NO@@@)','',2,'2013-08-29'),(58461,'INSERT INTO gne_vale_ferreteria_mov (vfe_id,pro_codigo_plu,vfm_cantidad,vfm_unitario,vfm_total,vfm_entregado) VALUES (9516,101861,1,300,300,@@@NO@@@)','',2,'2013-08-29'),(58462,'INSERT INTO gne_vale_ferreteria (vfe_id,vfe_fecha,vfe_total,vfe_estado,vfe_entregado,usu_nusuario) VALUES (9517,@@@2013.08.29@@@,780,1,0,@@@b_SAEZ@@@)','',2,'2013-08-29'),(58463,'INSERT INTO gne_vale_ferreteria_mov (vfe_id,pro_codigo_plu,vfm_cantidad,vfm_unitario,vfm_total,vfm_entregado) VALUES (9517,780721358,2,390,780,@@@NO@@@)','',2,'2013-08-29'),(58464,'INSERT INTO gne_vale_ferreteria (vfe_id,vfe_fecha,vfe_total,vfe_estado,vfe_entregado,usu_nusuario) VALUES (9518,@@@2013.08.29@@@,370,1,0,@@@b_SAEZ@@@)','',2,'2013-08-29'),(58465,'INSERT INTO gne_vale_ferreteria_mov (vfe_id,pro_codigo_plu,vfm_cantidad,vfm_unitario,vfm_total,vfm_entregado) VALUES (9518,1017,1,350,350,@@@NO@@@)','',2,'2013-08-29'),(58466,'INSERT INTO gne_vale_ferreteria_mov (vfe_id,pro_codigo_plu,vfm_cantidad,vfm_unitario,vfm_total,vfm_entregado) VALUES (9518,764834,1,20,20,@@@NO@@@)','',2,'2013-08-29'),(58467,'INSERT INTO gne_vale_ferreteria (vfe_id,vfe_fecha,vfe_total,vfe_estado,vfe_entregado,usu_nusuario) VALUES (9519,@@@2013.08.29@@@,620,1,0,@@@b_SAEZ@@@)','',2,'2013-08-29'),(58468,'INSERT INTO gne_vale_ferreteria_mov (vfe_id,pro_codigo_plu,vfm_cantidad,vfm_unitario,vfm_total,vfm_entregado) VALUES (9519,780220180,1,620,620,@@@NO@@@)','',2,'2013-08-29'),(58469,'UPDATE mae_productos SET pro_precio_venta=700,pro_margen_actual=30.84, pro_precio_compra_bruto=535, pro_precio_compra_neto=449.579831932773 WHERE pro_codigo_plu=17218','',2,'2013-08-29'),(58470,'UPDATE mae_productos SET pro_precio_venta=700,pro_margen_actual=37.8, pro_precio_compra_bruto=508, pro_precio_compra_neto=426.890756302521 WHERE pro_codigo_plu=78017106','',2,'2013-08-29'),(58471,'UPDATE mae_productos SET pro_precio_venta=700,pro_margen_actual=37.8, pro_precio_compra_bruto=508, pro_precio_compra_neto=426.890756302521 WHERE pro_codigo_plu=763374','',2,'2013-08-29'),(58472,'UPDATE mae_productos SET pro_precio_venta=670,pro_margen_actual=31.76, pro_precio_compra_bruto=508.5, pro_precio_compra_neto=427.310924369748 WHERE pro_codigo_plu=763381','',2,'2013-08-29'),(58473,'UPDATE mae_productos SET pro_precio_compra_bruto=781.96,pro_margen_actual=(pro_precio_venta-781.96)/781.96 * 100,pro_ultima_compra=@@@2013.08.29@@@,pro_ultimo_proveedor=@@@93281000-k@@@ WHERE pro_codigo_plu=17203','',2,'2013-08-29'),(58474,'UPDATE mae_productos SET pro_precio_compra_bruto=926,pro_margen_actual=(pro_precio_venta-926)/926 * 100,pro_ultima_compra=@@@2013.08.29@@@,pro_ultimo_proveedor=@@@93281000-k@@@ WHERE pro_codigo_plu=761540','',2,'2013-08-29'),(58475,'UPDATE mae_productos SET pro_precio_compra_bruto=926,pro_margen_actual=(pro_precio_venta-926)/926 * 100,pro_ultima_compra=@@@2013.08.29@@@,pro_ultimo_proveedor=@@@93281000-k@@@ WHERE pro_codigo_plu=761541','',2,'2013-08-29'),(58476,'UPDATE mae_productos SET pro_precio_compra_bruto=535,pro_margen_actual=(pro_precio_venta-535)/535 * 100,pro_ultima_compra=@@@2013.08.29@@@,pro_ultimo_proveedor=@@@93281000-k@@@ WHERE pro_codigo_plu=17218','',2,'2013-08-29'),(58477,'UPDATE mae_productos SET pro_precio_compra_bruto=508,pro_margen_actual=(pro_precio_venta-508)/508 * 100,pro_ultima_compra=@@@2013.08.29@@@,pro_ultimo_proveedor=@@@93281000-k@@@ WHERE pro_codigo_plu=78017106','',2,'2013-08-29'),(58478,'UPDATE mae_productos SET pro_precio_compra_bruto=508,pro_margen_actual=(pro_precio_venta-508)/508 * 100,pro_ultima_compra=@@@2013.08.29@@@,pro_ultimo_proveedor=@@@93281000-k@@@ WHERE pro_codigo_plu=763374','',2,'2013-08-29'),(58479,'UPDATE mae_productos SET pro_precio_compra_bruto=677.8,pro_margen_actual=(pro_precio_venta-677.8)/677.8 * 100,pro_ultima_compra=@@@2013.08.29@@@,pro_ultimo_proveedor=@@@93281000-k@@@ WHERE pro_codigo_plu=18466','',2,'2013-08-29'),(58480,'UPDATE mae_productos SET pro_precio_compra_bruto=677.8,pro_margen_actual=(pro_precio_venta-677.8)/677.8 * 100,pro_ultima_compra=@@@2013.08.29@@@,pro_ultimo_proveedor=@@@93281000-k@@@ WHERE pro_codigo_plu=18468','',2,'2013-08-29'),(58481,'UPDATE mae_productos SET pro_precio_compra_bruto=677.8,pro_margen_actual=(pro_precio_venta-677.8)/677.8 * 100,pro_ultima_compra=@@@2013.08.29@@@,pro_ultimo_proveedor=@@@93281000-k@@@ WHERE pro_codigo_plu=763373','',2,'2013-08-29'),(58482,'UPDATE mae_productos SET pro_precio_compra_bruto=508.5,pro_margen_actual=(pro_precio_venta-508.5)/508.5 * 100,pro_ultima_compra=@@@2013.08.29@@@,pro_ultimo_proveedor=@@@93281000-k@@@ WHERE pro_codigo_plu=763381','',2,'2013-08-29'),(58483,'UPDATE mae_productos SET pro_precio_compra_bruto=339,pro_margen_actual=(pro_precio_venta-339)/339 * 100,pro_ultima_compra=@@@2013.08.29@@@,pro_ultimo_proveedor=@@@93281000-k@@@ WHERE pro_codigo_plu=763379','',2,'2013-08-29'),(58484,'UPDATE mae_productos SET pro_precio_compra_bruto=339,pro_margen_actual=(pro_precio_venta-339)/339 * 100,pro_ultima_compra=@@@2013.08.29@@@,pro_ultimo_proveedor=@@@93281000-k@@@ WHERE pro_codigo_plu=18479','',2,'2013-08-29'),(58485,'UPDATE mae_productos SET pro_precio_venta=390,pro_margen_actual= 31.09 WHERE pro_codigo_plu=262528','',2,'2013-08-29'),(58486,'INSERT INTO gne_vale_ferreteria (vfe_id,vfe_fecha,vfe_total,vfe_estado,vfe_entregado,usu_nusuario) VALUES (9520,@@@2013.08.29@@@,590,1,0,@@@b_SAEZ@@@)','',2,'2013-08-29'),(58487,'INSERT INTO gne_vale_ferreteria_mov (vfe_id,pro_codigo_plu,vfm_cantidad,vfm_unitario,vfm_total,vfm_entregado) VALUES (9520,780721688,1,590,590,@@@NO@@@)','',2,'2013-08-29'),(58488,'UPDATE mae_productos SET pro_precio_venta=720,pro_margen_actual= 29.96 WHERE pro_codigo_plu=16011','',2,'2013-08-29'),(58489,'INSERT INTO gne_vale_ferreteria (vfe_id,vfe_fecha,vfe_total,vfe_estado,vfe_entregado,usu_nusuario) VALUES (9521,@@@2013.08.29@@@,350,1,0,@@@b_SAEZ@@@)','',2,'2013-08-29'),(58490,'INSERT INTO gne_vale_ferreteria_mov (vfe_id,pro_codigo_plu,vfm_cantidad,vfm_unitario,vfm_total,vfm_entregado) VALUES (9521,1014,1,350,350,@@@NO@@@)','',2,'2013-08-29'),(58491,'UPDATE mae_productos SET pro_precio_compra_bruto=677.8,pro_margen_actual=(pro_precio_venta-677.8)/677.8 * 100,pro_ultima_compra=@@@2013.08.29@@@,pro_ultimo_proveedor=@@@93281000-k@@@ WHERE pro_codigo_plu=763372','',2,'2013-08-29'),(58492,'UPDATE mae_productos SET pro_precio_compra_bruto=838.9,pro_margen_actual=(pro_precio_venta-838.9)/838.9 * 100,pro_ultima_compra=@@@2013.08.29@@@,pro_ultimo_proveedor=@@@93281000-k@@@ WHERE pro_codigo_plu=762331','',2,'2013-08-29'),(58493,'UPDATE mae_productos SET pro_precio_compra_bruto=339,pro_margen_actual=(pro_precio_venta-339)/339 * 100,pro_ultima_compra=@@@2013.08.29@@@,pro_ultimo_proveedor=@@@93281000-k@@@ WHERE pro_codigo_plu=18278','',2,'2013-08-29'),(58494,'UPDATE mae_productos SET pro_precio_venta=290,pro_margen_actual= 49.48 WHERE pro_codigo_plu=11548','',2,'2013-08-29'),(58495,'UPDATE mae_productos SET pro_precio_venta=1299,pro_margen_actual= 31.08 WHERE pro_codigo_plu=14813','',2,'2013-08-29'),(58496,'UPDATE mae_productos SET pro_precio_venta=740,pro_margen_actual= 36.55 WHERE pro_codigo_plu=16011','',2,'2013-08-29'),(58497,'INSERT INTO gne_vale_ferreteria (vfe_id,vfe_fecha,vfe_total,vfe_estado,vfe_entregado,usu_nusuario) VALUES (9522,@@@2013.08.29@@@,640,1,0,@@@b_SAEZ@@@)','',2,'2013-08-29'),(58498,'INSERT INTO gne_vale_ferreteria_mov (vfe_id,pro_codigo_plu,vfm_cantidad,vfm_unitario,vfm_total,vfm_entregado) VALUES (9522,1542,1,100,100,@@@NO@@@)','',2,'2013-08-29'),(58499,'INSERT INTO gne_vale_ferreteria_mov (vfe_id,pro_codigo_plu,vfm_cantidad,vfm_unitario,vfm_total,vfm_entregado) VALUES (9522,78017015,1,150,150,@@@NO@@@)','',2,'2013-08-29'),(58500,'INSERT INTO gne_vale_ferreteria_mov (vfe_id,pro_codigo_plu,vfm_cantidad,vfm_unitario,vfm_total,vfm_entregado) VALUES (9522,780721420,1,390,390,@@@NO@@@)','',2,'2013-08-29'),(58501,'INSERT INTO gne_vale_ferreteria (vfe_id,vfe_fecha,vfe_total,vfe_estado,vfe_entregado,usu_nusuario) VALUES (9523,@@@2013.08.29@@@,2829,1,0,@@@b_SAEZ@@@)','',2,'2013-08-29'),(58502,'INSERT INTO gne_vale_ferreteria_mov (vfe_id,pro_codigo_plu,vfm_cantidad,vfm_unitario,vfm_total,vfm_entregado) VALUES (9523,764135,1,200,200,@@@NO@@@)','',2,'2013-08-29'),(58503,'INSERT INTO gne_vale_ferreteria_mov (vfe_id,pro_codigo_plu,vfm_cantidad,vfm_unitario,vfm_total,vfm_entregado) VALUES (9523,764118,2,150,300,@@@NO@@@)','',2,'2013-08-29'),(58504,'INSERT INTO gne_vale_ferreteria_mov (vfe_id,pro_codigo_plu,vfm_cantidad,vfm_unitario,vfm_total,vfm_entregado) VALUES (9523,763622,1,1399,1399,@@@NO@@@)','',2,'2013-08-29'),(58505,'INSERT INTO gne_vale_ferreteria_mov (vfe_id,pro_codigo_plu,vfm_cantidad,vfm_unitario,vfm_total,vfm_entregado) VALUES (9523,78017011,2,390,780,@@@NO@@@)','',2,'2013-08-29'),(58506,'INSERT INTO gne_vale_ferreteria_mov (vfe_id,pro_codigo_plu,vfm_cantidad,vfm_unitario,vfm_total,vfm_entregado) VALUES (9523,780721387,1,150,150,@@@NO@@@)','',2,'2013-08-29'),(58507,'INSERT INTO gne_vale_ferreteria (vfe_id,vfe_fecha,vfe_total,vfe_estado,vfe_entregado,usu_nusuario) VALUES (9524,@@@2013.08.29@@@,1590,1,0,@@@b_SAEZ@@@)','',2,'2013-08-29'),(58508,'INSERT INTO gne_vale_ferreteria_mov (vfe_id,pro_codigo_plu,vfm_cantidad,vfm_unitario,vfm_total,vfm_entregado) VALUES (9524,780220134,1,1590,1590,@@@NO@@@)','',2,'2013-08-29'),(58509,'UPDATE mae_productos SET pro_precio_venta=3996,pro_margen_actual= 177.75 WHERE pro_codigo_plu=346','',2,'2013-08-29'),(58510,'INSERT INTO gne_vale_ferreteria (vfe_id,vfe_fecha,vfe_total,vfe_estado,vfe_entregado,usu_nusuario) VALUES (9525,@@@2013.08.29@@@,850,1,0,@@@b_SAEZ@@@)','',2,'2013-08-29'),(58511,'INSERT INTO gne_vale_ferreteria_mov (vfe_id,pro_codigo_plu,vfm_cantidad,vfm_unitario,vfm_total,vfm_entregado) VALUES (9525,764365,1,850,850,@@@NO@@@)','',2,'2013-08-29'),(58512,'UPDATE mae_productos SET pro_precio_venta=750,pro_margen_actual=28.21, pro_precio_compra_bruto=585, pro_precio_compra_neto=491.596638655462 WHERE pro_codigo_plu=780721701','',2,'2013-08-29'),(58513,'UPDATE mae_productos SET pro_precio_venta=700,pro_margen_actual=37.8, pro_precio_compra_bruto=508, pro_precio_compra_neto=426.890756302521 WHERE pro_codigo_plu=78017107','',2,'2013-08-29'),(58514,'UPDATE mae_productos SET pro_precio_fiscal=pro_precio_venta WHERE pro_codigo_plu=346','',2,'2013-08-29'),(58515,'UPDATE mae_productos SET pro_precio_fiscal=pro_precio_venta WHERE pro_codigo_plu=78017106','',2,'2013-08-29'),(58516,'UPDATE mae_productos SET pro_precio_fiscal=pro_precio_venta WHERE pro_codigo_plu=763374','',2,'2013-08-29'),(58517,'UPDATE mae_productos SET pro_precio_fiscal=pro_precio_venta WHERE pro_codigo_plu=78017107','',2,'2013-08-29'),(58518,'UPDATE mae_productos SET pro_precio_fiscal=pro_precio_venta WHERE pro_codigo_plu=17218','',2,'2013-08-29'),(58519,'UPDATE mae_productos SET pro_precio_fiscal=pro_precio_venta WHERE pro_codigo_plu=262528','',2,'2013-08-29'),(58520,'UPDATE mae_productos SET pro_precio_fiscal=pro_precio_venta WHERE pro_codigo_plu=11548','',2,'2013-08-29'),(58521,'UPDATE mae_productos SET pro_precio_fiscal=pro_precio_venta WHERE pro_codigo_plu=780721701','',2,'2013-08-29'),(58522,'UPDATE mae_productos SET pro_precio_fiscal=pro_precio_venta WHERE pro_codigo_plu=763381','',2,'2013-08-29'),(58523,'UPDATE mae_productos SET pro_margen_actual=36.55,pro_precio_venta=740 WHERE pro_codigo_plu=16011','',2,'2013-08-29'),(58524,'UPDATE mae_productos SET pro_margen_actual=31.27,pro_precio_venta=1299 WHERE pro_codigo_plu=14813','',2,'2013-08-29'),(58525,'UPDATE mae_productos SET pro_margen_actual=49.06,pro_precio_venta=290 WHERE pro_codigo_plu=11548','',2,'2013-08-29'),(58526,'UPDATE gpr_pack_virtual SET pav_activo=@@@NO@@@ WHERE pav_id=24','',2,'2013-08-29'),(58527,'UPDATE mae_productos SET pro_precio_fiscal=pro_precio_venta WHERE pro_codigo_plu=14813','',2,'2013-08-29'),(58528,'UPDATE gpr_pack_virtual SET pav_activo=@@@NO@@@ WHERE pav_id=41','',2,'2013-08-29'),(58529,'UPDATE gpr_pack_virtual SET pav_activo=@@@NO@@@ WHERE pav_id=49','',2,'2013-08-29'),(58530,'UPDATE mae_productos SET pro_precio_fiscal=pro_precio_venta WHERE pro_codigo_plu=762719','',2,'2013-08-29'),(58531,'UPDATE mae_productos SET pro_precio_compra_bruto=585,pro_margen_actual=(pro_precio_venta-585)/585 * 100,pro_ultima_compra=@@@2013.08.29@@@,pro_ultimo_proveedor=@@@93281000-k@@@ WHERE pro_codigo_plu=780721701','',2,'2013-08-29'),(58532,'UPDATE mae_productos SET pro_precio_compra_bruto=785.46,pro_margen_actual=(pro_precio_venta-785.46)/785.46 * 100,pro_ultima_compra=@@@2013.08.29@@@,pro_ultimo_proveedor=@@@93281000-k@@@ WHERE pro_codigo_plu=17203','',2,'2013-08-29'),(58533,'UPDATE mae_productos SET pro_precio_compra_bruto=926,pro_margen_actual=(pro_precio_venta-926)/926 * 100,pro_ultima_compra=@@@2013.08.29@@@,pro_ultimo_proveedor=@@@93281000-k@@@ WHERE pro_codigo_plu=761540','',2,'2013-08-29'),(58534,'UPDATE mae_productos SET pro_precio_compra_bruto=926,pro_margen_actual=(pro_precio_venta-926)/926 * 100,pro_ultima_compra=@@@2013.08.29@@@,pro_ultimo_proveedor=@@@93281000-k@@@ WHERE pro_codigo_plu=761542','',2,'2013-08-29'),(58535,'UPDATE mae_productos SET pro_precio_compra_bruto=508,pro_margen_actual=(pro_precio_venta-508)/508 * 100,pro_ultima_compra=@@@2013.08.29@@@,pro_ultimo_proveedor=@@@93281000-k@@@ WHERE pro_codigo_plu=78017106','',2,'2013-08-29'),(58536,'UPDATE mae_productos SET pro_precio_compra_bruto=508,pro_margen_actual=(pro_precio_venta-508)/508 * 100,pro_ultima_compra=@@@2013.08.29@@@,pro_ultimo_proveedor=@@@93281000-k@@@ WHERE pro_codigo_plu=763374','',2,'2013-08-29'),(58537,'UPDATE mae_productos SET pro_precio_compra_bruto=508,pro_margen_actual=(pro_precio_venta-508)/508 * 100,pro_ultima_compra=@@@2013.08.29@@@,pro_ultimo_proveedor=@@@93281000-k@@@ WHERE pro_codigo_plu=78017107','',2,'2013-08-29'),(58538,'UPDATE mae_productos SET pro_precio_compra_bruto=784.96,pro_margen_actual=(pro_precio_venta-784.96)/784.96 * 100,pro_ultima_compra=@@@2013.08.29@@@,pro_ultimo_proveedor=@@@93281000-k@@@ WHERE pro_codigo_plu=17167','',2,'2013-08-29'),(58539,'UPDATE mae_productos SET pro_precio_compra_bruto=823.83,pro_margen_actual=(pro_precio_venta-823.83)/823.83 * 100,pro_ultima_compra=@@@2013.08.29@@@,pro_ultimo_proveedor=@@@93281000-k@@@ WHERE pro_codigo_plu=17166','',2,'2013-08-29'),(58540,'UPDATE mae_productos SET pro_precio_compra_bruto=785,pro_margen_actual=(pro_precio_venta-785)/785 * 100,pro_ultima_compra=@@@2013.08.29@@@,pro_ultimo_proveedor=@@@93281000-k@@@ WHERE pro_codigo_plu=17414','',2,'2013-08-29'),(58541,'UPDATE mae_productos SET pro_precio_compra_bruto=1316.96,pro_margen_actual=(pro_precio_venta-1316.96)/1316.96 * 100,pro_ultima_compra=@@@2013.08.29@@@,pro_ultimo_proveedor=@@@93281000-k@@@ WHERE pro_codigo_plu=17162','',2,'2013-08-29'),(58542,'UPDATE mae_productos SET pro_precio_compra_bruto=1355.83,pro_margen_actual=(pro_precio_venta-1355.83)/1355.83 * 100,pro_ultima_compra=@@@2013.08.29@@@,pro_ultimo_proveedor=@@@93281000-k@@@ WHERE pro_codigo_plu=763370','',2,'2013-08-29'),(58543,'UPDATE mae_productos SET pro_precio_compra_bruto=1317,pro_margen_actual=(pro_precio_venta-1317)/1317 * 100,pro_ultima_compra=@@@2013.08.29@@@,pro_ultimo_proveedor=@@@93281000-k@@@ WHERE pro_codigo_plu=262404','',2,'2013-08-29'),(58544,'UPDATE mae_productos SET pro_precio_compra_bruto=839,pro_margen_actual=(pro_precio_venta-839)/839 * 100,pro_ultima_compra=@@@2013.08.29@@@,pro_ultimo_proveedor=@@@93281000-k@@@ WHERE pro_codigo_plu=762331','',2,'2013-08-29'),(58545,'INSERT INTO gne_vale_ferreteria (vfe_id,vfe_fecha,vfe_total,vfe_estado,vfe_entregado,usu_nusuario) VALUES (9526,@@@2013.08.29@@@,810,1,0,@@@b_SAEZ@@@)','',2,'2013-08-29'),(58546,'INSERT INTO gne_vale_ferreteria_mov (vfe_id,pro_codigo_plu,vfm_cantidad,vfm_unitario,vfm_total,vfm_entregado) VALUES (9526,78017002,3,120,360,@@@NO@@@)','',2,'2013-08-29'),(58547,'INSERT INTO gne_vale_ferreteria_mov (vfe_id,pro_codigo_plu,vfm_cantidad,vfm_unitario,vfm_total,vfm_entregado) VALUES (9526,764160,3,120,360,@@@NO@@@)','',2,'2013-08-29'),(58548,'INSERT INTO gne_vale_ferreteria_mov (vfe_id,pro_codigo_plu,vfm_cantidad,vfm_unitario,vfm_total,vfm_entregado) VALUES (9526,78017026,1,90,90,@@@NO@@@)','',2,'2013-08-29'),(58549,'INSERT INTO gne_vale_ferreteria (vfe_id,vfe_fecha,vfe_total,vfe_estado,vfe_entregado,usu_nusuario) VALUES (9527,@@@2013.08.29@@@,40,1,0,@@@b_SAEZ@@@)','',2,'2013-08-29'),(58550,'INSERT INTO gne_vale_ferreteria_mov (vfe_id,pro_codigo_plu,vfm_cantidad,vfm_unitario,vfm_total,vfm_entregado) VALUES (9527,4080,1,40,40,@@@NO@@@)','',2,'2013-08-29'),(58551,'INSERT INTO gne_vale_ferreteria (vfe_id,vfe_fecha,vfe_total,vfe_estado,vfe_entregado,usu_nusuario) VALUES (9528,@@@2013.08.29@@@,370,1,0,@@@b_SAEZ@@@)','',2,'2013-08-29'),(58552,'INSERT INTO gne_vale_ferreteria_mov (vfe_id,pro_codigo_plu,vfm_cantidad,vfm_unitario,vfm_total,vfm_entregado) VALUES (9528,4124,1,370,370,@@@NO@@@)','',2,'2013-08-29'),(58553,'INSERT INTO gne_vale_ferreteria (vfe_id,vfe_fecha,vfe_total,vfe_estado,vfe_entregado,usu_nusuario) VALUES (9529,@@@2013.08.29@@@,1000,1,0,@@@b_SAEZ@@@)','',2,'2013-08-29'),(58554,'INSERT INTO gne_vale_ferreteria_mov (vfe_id,pro_codigo_plu,vfm_cantidad,vfm_unitario,vfm_total,vfm_entregado) VALUES (9529,763819,1,1000,1000,@@@NO@@@)','',2,'2013-08-29'),(58555,'INSERT INTO gne_vale_ferreteria (vfe_id,vfe_fecha,vfe_total,vfe_estado,vfe_entregado,usu_nusuario) VALUES (9530,@@@2013.08.29@@@,300,1,0,@@@b_SAEZ@@@)','',2,'2013-08-29'),(58556,'INSERT INTO gne_vale_ferreteria_mov (vfe_id,pro_codigo_plu,vfm_cantidad,vfm_unitario,vfm_total,vfm_entregado) VALUES (9530,4074,1,300,300,@@@NO@@@)','',2,'2013-08-29'),(58557,'INSERT INTO gne_vale_ferreteria (vfe_id,vfe_fecha,vfe_total,vfe_estado,vfe_entregado,usu_nusuario) VALUES (9531,@@@2013.08.29@@@,840,1,0,@@@b_SAEZ@@@)','',2,'2013-08-29'),(58558,'INSERT INTO gne_vale_ferreteria_mov (vfe_id,pro_codigo_plu,vfm_cantidad,vfm_unitario,vfm_total,vfm_entregado) VALUES (9531,764766,7,120,840,@@@NO@@@)','',2,'2013-08-29'),(58559,'INSERT INTO gne_vale_ferreteria (vfe_id,vfe_fecha,vfe_total,vfe_estado,vfe_entregado,usu_nusuario) VALUES (9532,@@@2013.08.30@@@,60,1,0,@@@M_SANDOVAL@@@)','',2,'2013-08-30'),(58560,'INSERT INTO gne_vale_ferreteria_mov (vfe_id,pro_codigo_plu,vfm_cantidad,vfm_unitario,vfm_total,vfm_entregado) VALUES (9532,764780,1,60,60,@@@NO@@@)','',2,'2013-08-30'),(58561,'INSERT INTO gne_vale_ferreteria (vfe_id,vfe_fecha,vfe_total,vfe_estado,vfe_entregado,usu_nusuario) VALUES (9533,@@@2013.08.30@@@,890,1,0,@@@M_SANDOVAL@@@)','',2,'2013-08-30'),(58562,'INSERT INTO gne_vale_ferreteria_mov (vfe_id,pro_codigo_plu,vfm_cantidad,vfm_unitario,vfm_total,vfm_entregado) VALUES (9533,763632,1,890,890,@@@NO@@@)','',2,'2013-08-30'),(58563,'INSERT INTO gne_vale_ferreteria (vfe_id,vfe_fecha,vfe_total,vfe_estado,vfe_entregado,usu_nusuario) VALUES (9534,@@@2013.08.30@@@,4990,1,0,@@@M_SANDOVAL@@@)','',2,'2013-08-30'),(58564,'INSERT INTO gne_vale_ferreteria_mov (vfe_id,pro_codigo_plu,vfm_cantidad,vfm_unitario,vfm_total,vfm_entregado) VALUES (9534,78017044,1,4990,4990,@@@NO@@@)','',2,'2013-08-30'),(58565,'INSERT INTO gne_vale_ferreteria (vfe_id,vfe_fecha,vfe_total,vfe_estado,vfe_entregado,usu_nusuario) VALUES (9535,@@@2013.08.30@@@,300,1,0,@@@M_SANDOVAL@@@)','',2,'2013-08-30'),(58566,'INSERT INTO gne_vale_ferreteria_mov (vfe_id,pro_codigo_plu,vfm_cantidad,vfm_unitario,vfm_total,vfm_entregado) VALUES (9535,78017049,1,300,300,@@@NO@@@)','',2,'2013-08-30'),(58567,'INSERT INTO gne_vale_ferreteria (vfe_id,vfe_fecha,vfe_total,vfe_estado,vfe_entregado,usu_nusuario) VALUES (9536,@@@2013.08.30@@@,100,1,0,@@@M_SANDOVAL@@@)','',2,'2013-08-30'),(58568,'INSERT INTO gne_vale_ferreteria_mov (vfe_id,pro_codigo_plu,vfm_cantidad,vfm_unitario,vfm_total,vfm_entregado) VALUES (9536,770024,1,100,100,@@@NO@@@)','',2,'2013-08-30'),(58569,'INSERT INTO gne_vale_ferreteria (vfe_id,vfe_fecha,vfe_total,vfe_estado,vfe_entregado,usu_nusuario) VALUES (9537,@@@2013.08.30@@@,50,1,0,@@@M_SANDOVAL@@@)','',2,'2013-08-30'),(58570,'INSERT INTO gne_vale_ferreteria_mov (vfe_id,pro_codigo_plu,vfm_cantidad,vfm_unitario,vfm_total,vfm_entregado) VALUES (9537,78017146,1,50,50,@@@NO@@@)','',2,'2013-08-30'),(58571,'INSERT INTO gne_vale_ferreteria (vfe_id,vfe_fecha,vfe_total,vfe_estado,vfe_entregado,usu_nusuario) VALUES (9538,@@@2013.08.30@@@,590,1,0,@@@M_SANDOVAL@@@)','',2,'2013-08-30'),(58572,'INSERT INTO gne_vale_ferreteria_mov (vfe_id,pro_codigo_plu,vfm_cantidad,vfm_unitario,vfm_total,vfm_entregado) VALUES (9538,780721688,1,590,590,@@@NO@@@)','',2,'2013-08-30'),(58573,'INSERT INTO gne_vale_ferreteria (vfe_id,vfe_fecha,vfe_total,vfe_estado,vfe_entregado,usu_nusuario) VALUES (9539,@@@2013.08.30@@@,780,1,0,@@@M_SANDOVAL@@@)','',2,'2013-08-30'),(58574,'INSERT INTO gne_vale_ferreteria_mov (vfe_id,pro_codigo_plu,vfm_cantidad,vfm_unitario,vfm_total,vfm_entregado) VALUES (9539,764250,1,390,390,@@@NO@@@)','',2,'2013-08-30'),(58575,'INSERT INTO gne_vale_ferreteria_mov (vfe_id,pro_codigo_plu,vfm_cantidad,vfm_unitario,vfm_total,vfm_entregado) VALUES (9539,780721278,1,390,390,@@@NO@@@)','',2,'2013-08-30'),(58576,'INSERT INTO gne_vale_ferreteria (vfe_id,vfe_fecha,vfe_total,vfe_estado,vfe_entregado,usu_nusuario) VALUES (9540,@@@2013.08.30@@@,150,1,0,@@@M_SANDOVAL@@@)','',2,'2013-08-30'),(58577,'INSERT INTO gne_vale_ferreteria_mov (vfe_id,pro_codigo_plu,vfm_cantidad,vfm_unitario,vfm_total,vfm_entregado) VALUES (9540,4088,1,150,150,@@@NO@@@)','',2,'2013-08-30'),(58578,'INSERT INTO gne_vale_ferreteria (vfe_id,vfe_fecha,vfe_total,vfe_estado,vfe_entregado,usu_nusuario) VALUES (9541,@@@2013.08.30@@@,4090,1,0,@@@M_SANDOVAL@@@)','',2,'2013-08-30'),(58579,'INSERT INTO gne_vale_ferreteria_mov (vfe_id,pro_codigo_plu,vfm_cantidad,vfm_unitario,vfm_total,vfm_entregado) VALUES (9541,78016970,1,2990,2990,@@@NO@@@)','',2,'2013-08-30'),(58580,'INSERT INTO gne_vale_ferreteria_mov (vfe_id,pro_codigo_plu,vfm_cantidad,vfm_unitario,vfm_total,vfm_entregado) VALUES (9541,262490,1,1100,1100,@@@NO@@@)','',2,'2013-08-30'),(58581,'INSERT INTO gne_vale_ferreteria (vfe_id,vfe_fecha,vfe_total,vfe_estado,vfe_entregado,usu_nusuario) VALUES (9542,@@@2013.08.30@@@,200,1,0,@@@M_SANDOVAL@@@)','',2,'2013-08-30'),(58582,'INSERT INTO gne_vale_ferreteria_mov (vfe_id,pro_codigo_plu,vfm_cantidad,vfm_unitario,vfm_total,vfm_entregado) VALUES (9542,1543,1,200,200,@@@NO@@@)','',2,'2013-08-30'),(58583,'INSERT INTO mae_cajeros (cro_nusuario,cro_nombre,cro_password,cro_activo,cro_codigo) VALUES (@@@K_SANDOVAL@@@,@@@KATERIN SANDOVAL PEREIRA@@@,@@@2010@@@,@@@SI@@@,13)','',2,'2013-08-30'),(58584,'UPDATE mae_datos_empresa SET emp_rut=@@@10162956-2@@@,emp_razon_social=@@@SUPERMERCADO UNICO NACIMIENTO@@@,emp_sucursal=@@@MATRIZ@@@,emp_giro=@@@SUPERMERCADOS@@@,emp_direccion=@@@AV. SAN GREGORIO 15@@@,emp_ciudad=@@@NACIMIENTO@@@,emp_telefono=@@@511706@@@,emp_mail=@@@UNICONACIMIENTO@GMAIL.COM@@@,emp_mail_gerencia_comercial=@@@@@@,emp_mail_gerencia_operaciones=@@@@@@,emp_mail_gerencia_sistemas=@@@@@@,emp_nombre_administrador=@@@SUPERMERCADO UNICO@@@,emp_direccion_sala=@@@AV. SAN GREGORIO 15@@@,emp_ciudad_sala=@@@NACIMIENTO@@@,emp_utm=40005,emp_telefono_sala=@@@511706@@@,emp_fax_sala=@@@511706@@@,emp_mail_sala=@@@UNICONACIMIENTO@GMAIL.COM@@@,emp_cta_efectivo=@@@0@@@,emp_cta_cheque=@@@0@@@,emp_cta_ventas=@@@0@@@,emp_cta_t_credito=@@@0@@@,emp_cta_t_debito=@@@0@@@,emp_cta_p_acumulados=@@@0@@@,emp_cta_descuento=@@@0@@@,emp_cta_cliente=@@@0@@@,emp_cta_funcionario=@@@0@@@,emp_cta_apoyo=@@@0@@@','',2,'2013-08-30'),(58585,'UPDATE mae_datos_empresa SET emp_entradas_compras=@@@0@@@,emp_entradas_pack=@@@0@@@,emp_entradas_preparados=@@@0@@@,emp_salidas_pi_pack=@@@0@@@,emp_salidas_pi_preparados=@@@0@@@,emp_iva=19,emp_lineas_facturas=18,emp_lineas_guias=18,emp_lineas_nc=@@@12@@@,emp_minimo_nc=@@@500@@@,emp_codigo_ferreteria=0,emp_codigo_cigarrillos=25,emp_path_flejes=@@@C:/Users/Administracion/Documents/flejes@@@,emp_path_balanzas=@@@C:/@@@,emp_path_precios=@@@//secretaria/C/UX60/CORREO@@@,emp_path_ventas=@@@//secretaria/C/UX60@@@,emp_cta_mercaderias=0,emp_cta_iva=0,emp_cta_excento=0,emp_cta_harina=0,emp_cta_especifico=0,emp_cta_carne=0,emp_cta_ila=0,emp_cta_proveedor=0,emp_registradora=3,emp_funcionamiento=0,emp_codigo_queseria=0,emp_codigo_roticeria=3,emp_com=@@@COM1@@@,emp_baudios=@@@9600@@@,emp_total_cajas=3','',2,'2013-08-30'),(58586,'UPDATE mae_productos SET pro_precio_venta=7600,pro_margen_actual= 1.33 WHERE pro_codigo_plu=819','',2,'2013-08-30'),(58587,'INSERT INTO com_ventas_grupo (vgr_fecha,vgr_grupo,vgr_cantidad,vgr_total) VALUES (@@@2013.08.29@@@,1,186.525,158292)','',2,'2013-08-30'),(58588,'INSERT INTO com_ventas_grupo (vgr_fecha,vgr_grupo,vgr_cantidad,vgr_total) VALUES (@@@2013.08.29@@@,2,141.84,90903)','',2,'2013-08-30'),(58589,'INSERT INTO com_ventas_grupo (vgr_fecha,vgr_grupo,vgr_cantidad,vgr_total) VALUES (@@@2013.08.29@@@,3,387,87794)','',2,'2013-08-30'),(58590,'INSERT INTO com_ventas_grupo (vgr_fecha,vgr_grupo,vgr_cantidad,vgr_total) VALUES (@@@2013.08.29@@@,4,76,64994)','',2,'2013-08-30'),(58591,'INSERT INTO com_ventas_grupo (vgr_fecha,vgr_grupo,vgr_cantidad,vgr_total) VALUES (@@@2013.08.29@@@,5,3,11188)','',2,'2013-08-30'),(58592,'INSERT INTO com_ventas_grupo (vgr_fecha,vgr_grupo,vgr_cantidad,vgr_total) VALUES (@@@2013.08.29@@@,6,13,31946)','',2,'2013-08-30'),(58593,'INSERT INTO com_ventas_grupo (vgr_fecha,vgr_grupo,vgr_cantidad,vgr_total) VALUES (@@@2013.08.29@@@,7,28,46419)','',2,'2013-08-30'),(58594,'INSERT INTO com_ventas_grupo (vgr_fecha,vgr_grupo,vgr_cantidad,vgr_total) VALUES (@@@2013.08.29@@@,8,38,16460)','',2,'2013-08-30'),(58595,'INSERT INTO com_ventas_grupo (vgr_fecha,vgr_grupo,vgr_cantidad,vgr_total) VALUES (@@@2013.08.29@@@,9,65.575,115482)','',2,'2013-08-30'),(58596,'INSERT INTO com_ventas_grupo (vgr_fecha,vgr_grupo,vgr_cantidad,vgr_total) VALUES (@@@2013.08.29@@@,10,51.12,126344)','',2,'2013-08-30'),(58597,'INSERT INTO com_ventas_grupo (vgr_fecha,vgr_grupo,vgr_cantidad,vgr_total) VALUES (@@@2013.08.29@@@,11,13.54,39801)','',2,'2013-08-30'),(58598,'INSERT INTO com_ventas_grupo (vgr_fecha,vgr_grupo,vgr_cantidad,vgr_total) VALUES (@@@2013.08.29@@@,12,40.21,67868)','',2,'2013-08-30'),(58599,'INSERT INTO com_ventas_grupo (vgr_fecha,vgr_grupo,vgr_cantidad,vgr_total) VALUES (@@@2013.08.29@@@,13,12.795,40206)','',2,'2013-08-30'),(58600,'INSERT INTO com_ventas_grupo (vgr_fecha,vgr_grupo,vgr_cantidad,vgr_total) VALUES (@@@2013.08.29@@@,14,96.7750000000001,88839)','',2,'2013-08-30'),(58601,'INSERT INTO com_ventas_grupo (vgr_fecha,vgr_grupo,vgr_cantidad,vgr_total) VALUES (@@@2013.08.29@@@,16,2,340)','',2,'2013-08-30'),(58602,'INSERT INTO com_ventas_grupo (vgr_fecha,vgr_grupo,vgr_cantidad,vgr_total) VALUES (@@@2013.08.29@@@,18,204.335,105233)','',2,'2013-08-30'),(58603,'INSERT INTO com_ventas_grupo (vgr_fecha,vgr_grupo,vgr_cantidad,vgr_total) VALUES (@@@2013.08.29@@@,20,121.165,31703)','',2,'2013-08-30'),(58604,'INSERT INTO com_ventas_grupo (vgr_fecha,vgr_grupo,vgr_cantidad,vgr_total) VALUES (@@@2013.08.29@@@,21,46,39050)','',2,'2013-08-30'),(58605,'INSERT INTO com_ventas_grupo (vgr_fecha,vgr_grupo,vgr_cantidad,vgr_total) VALUES (@@@2013.08.29@@@,23,9,9570)','',2,'2013-08-30'),(58606,'INSERT INTO com_ventas_grupo (vgr_fecha,vgr_grupo,vgr_cantidad,vgr_total) VALUES (@@@2013.08.29@@@,24,164,34304)','',2,'2013-08-30'),(58607,'INSERT INTO com_ventas_grupo (vgr_fecha,vgr_grupo,vgr_cantidad,vgr_total) VALUES (@@@2013.08.29@@@,25,79,110900)','',2,'2013-08-30'),(58608,'INSERT INTO com_ventas_grupo (vgr_fecha,vgr_grupo,vgr_cantidad,vgr_total) VALUES (@@@2013.08.29@@@,27,1,890)','',2,'2013-08-30'),(58609,'INSERT INTO com_ventas_grupo (vgr_fecha,vgr_grupo,vgr_cantidad,vgr_total) VALUES (@@@2013.08.29@@@,31,11,7880)','',2,'2013-08-30'),(58610,'INSERT INTO com_ventas_grupo (vgr_fecha,vgr_grupo,vgr_cantidad,vgr_total) VALUES (@@@2013.08.29@@@,32,297,78952)','',2,'2013-08-30'),(58611,'INSERT INTO com_ventas_grupo (vgr_fecha,vgr_grupo,vgr_cantidad,vgr_total) VALUES (@@@2013.08.29@@@,34,2,2400)','',2,'2013-08-30'),(58612,'INSERT INTO com_ventas_grupo (vgr_fecha,vgr_grupo,vgr_cantidad,vgr_total) VALUES (@@@2013.08.29@@@,35,26,26310)','',2,'2013-08-30'),(58613,'INSERT INTO com_ventas_grupo (vgr_fecha,vgr_grupo,vgr_cantidad,vgr_total) VALUES (@@@2013.08.29@@@,36,18,2580)','',2,'2013-08-30'),(58614,'INSERT INTO com_ventas_grupo (vgr_fecha,vgr_grupo,vgr_cantidad,vgr_total) VALUES (@@@2013.08.29@@@,40,1101,1101)','',2,'2013-08-30'),(58615,'INSERT INTO com_ventas_grupo (vgr_fecha,vgr_grupo,vgr_cantidad,vgr_total) VALUES (@@@2013.08.29@@@,42,27.43,16034)','',2,'2013-08-30'),(58616,'UPDATE mae_datos_empresa SET emp_oferta=@@@NO@@@','',2,'2013-08-30'),(58617,'UPDATE mae_productos SET pro_precio_venta=3250,pro_margen_actual= 30 WHERE pro_codigo_plu=17840','',2,'2013-08-30'),(58618,'INSERT INTO gne_vale_ferreteria (vfe_id,vfe_fecha,vfe_total,vfe_estado,vfe_entregado,usu_nusuario) VALUES (9543,@@@2013.08.30@@@,850,1,0,@@@K_SANDOVAL@@@)','',2,'2013-08-30'),(58619,'INSERT INTO gne_vale_ferreteria_mov (vfe_id,pro_codigo_plu,vfm_cantidad,vfm_unitario,vfm_total,vfm_entregado) VALUES (9543,763794,1,850,850,@@@NO@@@)','',2,'2013-08-30'),(58620,'UPDATE mae_productos SET pro_precio_venta=1030,pro_margen_actual= 31.75 WHERE pro_codigo_plu=13092','',2,'2013-08-30'),(58621,'UPDATE mae_productos SET pro_precio_venta=1250,pro_margen_actual= 29.84 WHERE pro_codigo_plu=20660','',2,'2013-08-30'),(58622,'UPDATE mae_productos SET pro_precio_venta=760,pro_margen_actual= 31.72 WHERE pro_codigo_plu=15986','',2,'2013-08-30'),(58623,'INSERT INTO gne_vale_ferreteria (vfe_id,vfe_fecha,vfe_total,vfe_estado,vfe_entregado,usu_nusuario) VALUES (9544,@@@2013.08.30@@@,2590,1,0,@@@K_SANDOVAL@@@)','',2,'2013-08-30'),(58624,'INSERT INTO gne_vale_ferreteria_mov (vfe_id,pro_codigo_plu,vfm_cantidad,vfm_unitario,vfm_total,vfm_entregado) VALUES (9544,780721189,1,2590,2590,@@@NO@@@)','',2,'2013-08-30'),(58625,'INSERT INTO gne_vale_ferreteria (vfe_id,vfe_fecha,vfe_total,vfe_estado,vfe_entregado,usu_nusuario) VALUES (9545,@@@2013.08.30@@@,100,1,0,@@@K_SANDOVAL@@@)','',2,'2013-08-30'),(58626,'INSERT INTO gne_vale_ferreteria_mov (vfe_id,pro_codigo_plu,vfm_cantidad,vfm_unitario,vfm_total,vfm_entregado) VALUES (9545,7051,1,100,100,@@@NO@@@)','',2,'2013-08-30'),(58627,'INSERT INTO gne_vale_ferreteria (vfe_id,vfe_fecha,vfe_total,vfe_estado,vfe_entregado,usu_nusuario) VALUES (9546,@@@2013.08.30@@@,690,1,0,@@@K_SANDOVAL@@@)','',2,'2013-08-30'),(58628,'INSERT INTO gne_vale_ferreteria_mov (vfe_id,pro_codigo_plu,vfm_cantidad,vfm_unitario,vfm_total,vfm_entregado) VALUES (9546,4082,1,690,690,@@@NO@@@)','',2,'2013-08-30'),(58629,'INSERT INTO gne_vale_ferreteria (vfe_id,vfe_fecha,vfe_total,vfe_estado,vfe_entregado,usu_nusuario) VALUES (9547,@@@2013.08.30@@@,1590,1,0,@@@K_SANDOVAL@@@)','',2,'2013-08-30'),(58630,'INSERT INTO gne_vale_ferreteria_mov (vfe_id,pro_codigo_plu,vfm_cantidad,vfm_unitario,vfm_total,vfm_entregado) VALUES (9547,78017200,1,1590,1590,@@@NO@@@)','',2,'2013-08-30'),(58631,'INSERT INTO gne_vale_ferreteria (vfe_id,vfe_fecha,vfe_total,vfe_estado,vfe_entregado,usu_nusuario) VALUES (9548,@@@2013.08.30@@@,960,1,0,@@@K_SANDOVAL@@@)','',2,'2013-08-30'),(58632,'INSERT INTO gne_vale_ferreteria_mov (vfe_id,pro_codigo_plu,vfm_cantidad,vfm_unitario,vfm_total,vfm_entregado) VALUES (9548,15949,2,480,960,@@@NO@@@)','',2,'2013-08-30'),(58633,'INSERT INTO gne_vale_ferreteria (vfe_id,vfe_fecha,vfe_total,vfe_estado,vfe_entregado,usu_nusuario) VALUES (9549,@@@2013.08.30@@@,650,1,0,@@@K_SANDOVAL@@@)','',2,'2013-08-30'),(58634,'INSERT INTO gne_vale_ferreteria_mov (vfe_id,pro_codigo_plu,vfm_cantidad,vfm_unitario,vfm_total,vfm_entregado) VALUES (9549,4089,1,200,200,@@@NO@@@)','',2,'2013-08-30'),(58635,'INSERT INTO gne_vale_ferreteria_mov (vfe_id,pro_codigo_plu,vfm_cantidad,vfm_unitario,vfm_total,vfm_entregado) VALUES (9549,1046,1,450,450,@@@NO@@@)','',2,'2013-08-30'),(58636,'INSERT INTO gne_vale_ferreteria (vfe_id,vfe_fecha,vfe_total,vfe_estado,vfe_entregado,usu_nusuario) VALUES (9550,@@@2013.08.30@@@,320,1,0,@@@K_SANDOVAL@@@)','',2,'2013-08-30'),(58637,'INSERT INTO gne_vale_ferreteria_mov (vfe_id,pro_codigo_plu,vfm_cantidad,vfm_unitario,vfm_total,vfm_entregado) VALUES (9550,764823,4,80,320,@@@NO@@@)','',2,'2013-08-30'),(58638,'UPDATE mae_productos SET pro_precio_compra_bruto=464.1,pro_margen_actual=(pro_precio_venta-464.1)/464.1 * 100,pro_ultima_compra=@@@2013.08.30@@@,pro_ultimo_proveedor=@@@79984240-8@@@ WHERE pro_codigo_plu=111','',2,'2013-08-30'),(58639,'UPDATE mae_productos SET pro_precio_compra_bruto=1451.8,pro_margen_actual=(pro_precio_venta-1451.8)/1451.8 * 100,pro_ultima_compra=@@@2013.08.30@@@,pro_ultimo_proveedor=@@@79984240-8@@@ WHERE pro_codigo_plu=102','',2,'2013-08-30'),(58640,'UPDATE mae_productos SET pro_precio_compra_bruto=979.6,pro_margen_actual=(pro_precio_venta-979.6)/979.6 * 100,pro_ultima_compra=@@@2013.08.30@@@,pro_ultimo_proveedor=@@@79984240-8@@@ WHERE pro_codigo_plu=207','',2,'2013-08-30'),(58641,'UPDATE mae_productos SET pro_precio_compra_bruto=2380.8,pro_margen_actual=(pro_precio_venta-2380.8)/2380.8 * 100,pro_ultima_compra=@@@2013.08.30@@@,pro_ultimo_proveedor=@@@79984240-8@@@ WHERE pro_codigo_plu=213','',2,'2013-08-30'),(58642,'UPDATE mae_productos SET pro_precio_compra_bruto=1029.2,pro_margen_actual=(pro_precio_venta-1029.2)/1029.2 * 100,pro_ultima_compra=@@@2013.08.30@@@,pro_ultimo_proveedor=@@@79984240-8@@@ WHERE pro_codigo_plu=208','',2,'2013-08-30'),(58643,'UPDATE mae_productos SET pro_precio_compra_bruto=1130.4,pro_margen_actual=(pro_precio_venta-1130.4)/1130.4 * 100,pro_ultima_compra=@@@2013.08.30@@@,pro_ultimo_proveedor=@@@79984240-8@@@ WHERE pro_codigo_plu=110','',2,'2013-08-30'),(58644,'UPDATE mae_productos SET pro_precio_venta=1390,pro_margen_actual= 41.89 WHERE pro_codigo_plu=207','',2,'2013-08-30'),(58645,'INSERT INTO gne_vale_ferreteria (vfe_id,vfe_fecha,vfe_total,vfe_estado,vfe_entregado,usu_nusuario) VALUES (9551,@@@2013.08.30@@@,390,1,0,@@@K_SANDOVAL@@@)','',2,'2013-08-30'),(58646,'INSERT INTO gne_vale_ferreteria_mov (vfe_id,pro_codigo_plu,vfm_cantidad,vfm_unitario,vfm_total,vfm_entregado) VALUES (9551,8023,1,390,390,@@@NO@@@)','',2,'2013-08-30'),(58647,'UPDATE mae_productos SET pro_precio_fiscal=pro_precio_venta WHERE pro_codigo_plu=207','',2,'2013-08-30'),(58648,'UPDATE mae_productos SET pro_precio_fiscal=pro_precio_venta WHERE pro_codigo_plu=15986','',2,'2013-08-30'),(58649,'UPDATE mae_productos SET pro_precio_fiscal=pro_precio_venta WHERE pro_codigo_plu=13092','',2,'2013-08-30'),(58650,'UPDATE mae_productos SET pro_precio_fiscal=pro_precio_venta WHERE pro_codigo_plu=20660','',2,'2013-08-30'),(58651,'INSERT INTO gne_vale_ferreteria (vfe_id,vfe_fecha,vfe_total,vfe_estado,vfe_entregado,usu_nusuario) VALUES (9552,@@@2013.08.30@@@,1680,1,0,@@@K_SANDOVAL@@@)','',2,'2013-08-30'),(58652,'INSERT INTO gne_vale_ferreteria_mov (vfe_id,pro_codigo_plu,vfm_cantidad,vfm_unitario,vfm_total,vfm_entregado) VALUES (9552,765064,3,280,840,@@@NO@@@)','',2,'2013-08-30'),(58653,'INSERT INTO gne_vale_ferreteria_mov (vfe_id,pro_codigo_plu,vfm_cantidad,vfm_unitario,vfm_total,vfm_entregado) VALUES (9552,4079,8,30,240,@@@NO@@@)','',2,'2013-08-30'),(58654,'INSERT INTO gne_vale_ferreteria_mov (vfe_id,pro_codigo_plu,vfm_cantidad,vfm_unitario,vfm_total,vfm_entregado) VALUES (9552,4080,10,40,400,@@@NO@@@)','',2,'2013-08-30'),(58655,'INSERT INTO gne_vale_ferreteria_mov (vfe_id,pro_codigo_plu,vfm_cantidad,vfm_unitario,vfm_total,vfm_entregado) VALUES (9552,4129,4,50,200,@@@NO@@@)','',2,'2013-08-30'),(58656,'UPDATE mae_productos SET pro_margen_actual=100,pro_precio_venta=1500 WHERE pro_codigo_plu=819','',2,'2013-08-30'),(58657,'UPDATE mae_productos SET pro_margen_actual=30,pro_precio_venta=3250 WHERE pro_codigo_plu=17840','',2,'2013-08-30'),(58658,'UPDATE mae_productos SET pro_precio_fiscal=pro_precio_venta WHERE pro_codigo_plu=17840','',2,'2013-08-30'),(58659,'UPDATE mae_productos SET pro_precio_fiscal=pro_precio_venta WHERE pro_codigo_plu=819','',2,'2013-08-30'),(58660,'INSERT INTO gne_vale_ferreteria (vfe_id,vfe_fecha,vfe_total,vfe_estado,vfe_entregado,usu_nusuario) VALUES (9553,@@@2013.08.30@@@,1390,1,0,@@@K_SANDOVAL@@@)','',2,'2013-08-30'),(58661,'INSERT INTO gne_vale_ferreteria_mov (vfe_id,pro_codigo_plu,vfm_cantidad,vfm_unitario,vfm_total,vfm_entregado) VALUES (9553,780721623,1,1390,1390,@@@NO@@@)','',2,'2013-08-30'),(58662,'UPDATE mae_productos SET pro_margen_actual=80,pro_precio_venta=1350 WHERE pro_codigo_plu=819','',2,'2013-08-30'),(58663,'UPDATE mae_productos SET pro_precio_fiscal=pro_precio_venta WHERE pro_codigo_plu=819','',2,'2013-08-30'),(58664,'INSERT INTO gne_vale_ferreteria (vfe_id,vfe_fecha,vfe_total,vfe_estado,vfe_entregado,usu_nusuario) VALUES (9554,@@@2013.08.30@@@,120,1,0,@@@K_SANDOVAL@@@)','',2,'2013-08-30'),(58665,'INSERT INTO gne_vale_ferreteria_mov (vfe_id,pro_codigo_plu,vfm_cantidad,vfm_unitario,vfm_total,vfm_entregado) VALUES (9554,8022,1,120,120,@@@NO@@@)','',2,'2013-08-30'),(58666,'INSERT INTO gne_vale_ferreteria (vfe_id,vfe_fecha,vfe_total,vfe_estado,vfe_entregado,usu_nusuario) VALUES (9555,@@@2013.08.30@@@,3900,1,0,@@@K_SANDOVAL@@@)','',2,'2013-08-30'),(58667,'INSERT INTO gne_vale_ferreteria_mov (vfe_id,pro_codigo_plu,vfm_cantidad,vfm_unitario,vfm_total,vfm_entregado) VALUES (9555,764766,4,120,480,@@@NO@@@)','',2,'2013-08-30'),(58668,'INSERT INTO gne_vale_ferreteria_mov (vfe_id,pro_codigo_plu,vfm_cantidad,vfm_unitario,vfm_total,vfm_entregado) VALUES (9555,780220184,1,450,450,@@@NO@@@)','',2,'2013-08-30'),(58669,'INSERT INTO gne_vale_ferreteria_mov (vfe_id,pro_codigo_plu,vfm_cantidad,vfm_unitario,vfm_total,vfm_entregado) VALUES (9555,780721680,1,150,150,@@@NO@@@)','',2,'2013-08-30'),(58670,'INSERT INTO gne_vale_ferreteria_mov (vfe_id,pro_codigo_plu,vfm_cantidad,vfm_unitario,vfm_total,vfm_entregado) VALUES (9555,780721679,1,150,150,@@@NO@@@)','',2,'2013-08-30'),(58671,'INSERT INTO gne_vale_ferreteria_mov (vfe_id,pro_codigo_plu,vfm_cantidad,vfm_unitario,vfm_total,vfm_entregado) VALUES (9555,1049,1,330,330,@@@NO@@@)','',2,'2013-08-30'),(58672,'INSERT INTO gne_vale_ferreteria_mov (vfe_id,pro_codigo_plu,vfm_cantidad,vfm_unitario,vfm_total,vfm_entregado) VALUES (9555,1071,1,790,790,@@@NO@@@)','',2,'2013-08-30'),(58673,'INSERT INTO gne_vale_ferreteria_mov (vfe_id,pro_codigo_plu,vfm_cantidad,vfm_unitario,vfm_total,vfm_entregado) VALUES (9555,4079,40,30,1200,@@@NO@@@)','',2,'2013-08-30'),(58674,'INSERT INTO gne_vale_ferreteria_mov (vfe_id,pro_codigo_plu,vfm_cantidad,vfm_unitario,vfm_total,vfm_entregado) VALUES (9555,9900006,1,150,150,@@@NO@@@)','',2,'2013-08-30'),(58675,'INSERT INTO gne_vale_ferreteria_mov (vfe_id,pro_codigo_plu,vfm_cantidad,vfm_unitario,vfm_total,vfm_entregado) VALUES (9555,1545,4,50,200,@@@NO@@@)','',2,'2013-08-30'),(58676,'INSERT INTO gne_vale_ferreteria (vfe_id,vfe_fecha,vfe_total,vfe_estado,vfe_entregado,usu_nusuario) VALUES (9556,@@@2013.08.30@@@,590,1,0,@@@K_SANDOVAL@@@)','',2,'2013-08-30'),(58677,'INSERT INTO gne_vale_ferreteria_mov (vfe_id,pro_codigo_plu,vfm_cantidad,vfm_unitario,vfm_total,vfm_entregado) VALUES (9556,764049,1,590,590,@@@NO@@@)','',2,'2013-08-30'),(58678,'INSERT INTO gne_vale_ferreteria (vfe_id,vfe_fecha,vfe_total,vfe_estado,vfe_entregado,usu_nusuario) VALUES (9557,@@@2013.08.30@@@,120,1,0,@@@K_SANDOVAL@@@)','',2,'2013-08-30'),(58679,'INSERT INTO gne_vale_ferreteria_mov (vfe_id,pro_codigo_plu,vfm_cantidad,vfm_unitario,vfm_total,vfm_entregado) VALUES (9557,78017154,1,120,120,@@@NO@@@)','',2,'2013-08-30'),(58680,'INSERT INTO gne_vale_ferreteria (vfe_id,vfe_fecha,vfe_total,vfe_estado,vfe_entregado,usu_nusuario) VALUES (9558,@@@2013.08.30@@@,480,1,0,@@@K_SANDOVAL@@@)','',2,'2013-08-30'),(58681,'INSERT INTO gne_vale_ferreteria_mov (vfe_id,pro_codigo_plu,vfm_cantidad,vfm_unitario,vfm_total,vfm_entregado) VALUES (9558,15949,1,480,480,@@@NO@@@)','',2,'2013-08-30'),(58682,'INSERT INTO gne_vale_ferreteria (vfe_id,vfe_fecha,vfe_total,vfe_estado,vfe_entregado,usu_nusuario) VALUES (9559,@@@2013.08.30@@@,2240,1,0,@@@K_SANDOVAL@@@)','',2,'2013-08-30'),(58683,'INSERT INTO gne_vale_ferreteria_mov (vfe_id,pro_codigo_plu,vfm_cantidad,vfm_unitario,vfm_total,vfm_entregado) VALUES (9559,78017027,8,70,560,@@@NO@@@)','',2,'2013-08-30'),(58684,'INSERT INTO gne_vale_ferreteria_mov (vfe_id,pro_codigo_plu,vfm_cantidad,vfm_unitario,vfm_total,vfm_entregado) VALUES (9559,780721516,2,590,1180,@@@NO@@@)','',2,'2013-08-30'),(58685,'INSERT INTO gne_vale_ferreteria_mov (vfe_id,pro_codigo_plu,vfm_cantidad,vfm_unitario,vfm_total,vfm_entregado) VALUES (9559,4134,2,250,500,@@@NO@@@)','',2,'2013-08-30'),(58686,'INSERT INTO mae_productos (pro_codigo_plu,pro_codigo_barra,pro_tipo,pro_nombre_producto,pro_nombre_corto,med_id,emb_id,pro_unidades_embalaje,dep_id,lin_id,mar_id,pro_precio_compra_neto,pro_precio_compra_bruto,pro_precio_venta,pro_margen_actual,pro_oferta,pro_fecha_inicio_oferta,pro_fecha_termino_oferta,pro_precio_oferta,pro_stock_minimo,pro_stock_critico,pro_entradas_bodega,pro_salidas_bodega,pro_mermas_bodega,pro_ajustes_bodega,pro_entradas_sv,pro_salidas_sv,pro_mermas_sv,pro_ajustes_sv,pro_activo,rec_numero,pro_unidad,pro_capacidad,pro_consumo_bodega,pro_consumo_sv,pro_estado,pro_funcion_plu,pro_flejes,pro_iva,pro_plu_asociado,pro_envase,pro_duracion,pro_numero_etiqueta) VALUES (780721705,@@@7802408000629@@@,@@@0@@@,@@@ HELADO PALO PALITO@@@,@@@ HELADO PALO PAL@@@,@@@7 @@@,@@@3 @@@,@@@0@@@,@@@20 @@@,@@@109@@@,@@@2508@@@,@@@0@@@,@@@1@@@,@@@150@@@,@@@14900@@@,@@@@@@,@@@2013.08.30@@@,@@@2013.08.30@@@,@@@0@@@,@@@10@@@,@@@4@@@,@@@0@@@,@@@0@@@,@@@0@@@,@@@0@@@,@@@0@@@,@@@0@@@,@@@0@@@,@@@0@@@,@@@1@@@,@@@0@@@,0,70,0,0,2,0,1,1,0,@@@NO@@@,0,0)','',2,'2013-08-30'),(58687,'DELETE FROM mae_impuestos_productos WHERE pro_codigo_plu=@@@780721705@@@','',2,'2013-08-30'),(58688,'UPDATE mae_productos SET pro_precio_fiscal=pro_precio_venta WHERE pro_codigo_plu=780721705','',2,'2013-08-30'),(58689,'UPDATE mae_productos SET pro_precio_compra_bruto=782,pro_margen_actual=(pro_precio_venta-782)/782 * 100,pro_ultima_compra=@@@2013.08.30@@@,pro_ultimo_proveedor=@@@93281000-k@@@ WHERE pro_codigo_plu=17252','',2,'2013-08-30'),(58690,'UPDATE mae_productos SET pro_precio_compra_bruto=781.8,pro_margen_actual=(pro_precio_venta-781.8)/781.8 * 100,pro_ultima_compra=@@@2013.08.30@@@,pro_ultimo_proveedor=@@@93281000-k@@@ WHERE pro_codigo_plu=17332','',2,'2013-08-30'),(58691,'UPDATE mae_productos SET pro_precio_compra_bruto=925.9,pro_margen_actual=(pro_precio_venta-925.9)/925.9 * 100,pro_ultima_compra=@@@2013.08.30@@@,pro_ultimo_proveedor=@@@93281000-k@@@ WHERE pro_codigo_plu=761541','',2,'2013-08-30'),(58692,'UPDATE mae_productos SET pro_precio_compra_bruto=677.9,pro_margen_actual=(pro_precio_venta-677.9)/677.9 * 100,pro_ultima_compra=@@@2013.08.30@@@,pro_ultimo_proveedor=@@@93281000-k@@@ WHERE pro_codigo_plu=18466','',2,'2013-08-30'),(58693,'UPDATE mae_productos SET pro_precio_compra_bruto=677.8,pro_margen_actual=(pro_precio_venta-677.8)/677.8 * 100,pro_ultima_compra=@@@2013.08.30@@@,pro_ultimo_proveedor=@@@93281000-k@@@ WHERE pro_codigo_plu=18468','',2,'2013-08-30'),(58694,'UPDATE mae_productos SET pro_precio_compra_bruto=677.9,pro_margen_actual=(pro_precio_venta-677.9)/677.9 * 100,pro_ultima_compra=@@@2013.08.30@@@,pro_ultimo_proveedor=@@@93281000-k@@@ WHERE pro_codigo_plu=763372','',2,'2013-08-30'),(58695,'UPDATE mae_productos SET pro_precio_compra_bruto=785,pro_margen_actual=(pro_precio_venta-785)/785 * 100,pro_ultima_compra=@@@2013.08.30@@@,pro_ultimo_proveedor=@@@93281000-k@@@ WHERE pro_codigo_plu=17224','',2,'2013-08-30'),(58696,'UPDATE mae_productos SET pro_precio_compra_bruto=785,pro_margen_actual=(pro_precio_venta-785)/785 * 100,pro_ultima_compra=@@@2013.08.30@@@,pro_ultimo_proveedor=@@@93281000-k@@@ WHERE pro_codigo_plu=17319','',2,'2013-08-30'),(58697,'UPDATE mae_productos SET pro_precio_compra_bruto=839,pro_margen_actual=(pro_precio_venta-839)/839 * 100,pro_ultima_compra=@@@2013.08.30@@@,pro_ultimo_proveedor=@@@93281000-k@@@ WHERE pro_codigo_plu=762330','',2,'2013-08-30'),(58698,'UPDATE mae_productos SET pro_precio_compra_bruto=839,pro_margen_actual=(pro_precio_venta-839)/839 * 100,pro_ultima_compra=@@@2013.08.30@@@,pro_ultimo_proveedor=@@@93281000-k@@@ WHERE pro_codigo_plu=762332','',2,'2013-08-30'),(58699,'UPDATE mae_productos SET pro_precio_compra_bruto=1316.9,pro_margen_actual=(pro_precio_venta-1316.9)/1316.9 * 100,pro_ultima_compra=@@@2013.08.30@@@,pro_ultimo_proveedor=@@@93281000-k@@@ WHERE pro_codigo_plu=17219','',2,'2013-08-30'),(58700,'UPDATE mae_productos SET pro_precio_compra_bruto=1316.9,pro_margen_actual=(pro_precio_venta-1316.9)/1316.9 * 100,pro_ultima_compra=@@@2013.08.30@@@,pro_ultimo_proveedor=@@@93281000-k@@@ WHERE pro_codigo_plu=17334','',2,'2013-08-30'),(58701,'UPDATE mae_productos SET pro_precio_compra_bruto=304.64,pro_margen_actual=(pro_precio_venta-304.64)/304.64 * 100,pro_ultima_compra=@@@2013.08.30@@@,pro_ultimo_proveedor=@@@94528000-k@@@ WHERE pro_codigo_plu=763393','',2,'2013-08-30'),(58702,'UPDATE mae_productos SET pro_precio_compra_bruto=304.64,pro_margen_actual=(pro_precio_venta-304.64)/304.64 * 100,pro_ultima_compra=@@@2013.08.30@@@,pro_ultimo_proveedor=@@@94528000-k@@@ WHERE pro_codigo_plu=763399','',2,'2013-08-30'),(58703,'UPDATE mae_productos SET pro_precio_compra_bruto=304.64,pro_margen_actual=(pro_precio_venta-304.64)/304.64 * 100,pro_ultima_compra=@@@2013.08.30@@@,pro_ultimo_proveedor=@@@94528000-k@@@ WHERE pro_codigo_plu=763414','',2,'2013-08-30'),(58704,'UPDATE mae_productos SET pro_precio_compra_bruto=304.64,pro_margen_actual=(pro_precio_venta-304.64)/304.64 * 100,pro_ultima_compra=@@@2013.08.30@@@,pro_ultimo_proveedor=@@@94528000-k@@@ WHERE pro_codigo_plu=763408','',2,'2013-08-30'),(58705,'UPDATE mae_productos SET pro_precio_compra_bruto=102.34,pro_margen_actual=(pro_precio_venta-102.34)/102.34 * 100,pro_ultima_compra=@@@2013.08.30@@@,pro_ultimo_proveedor=@@@94528000-k@@@ WHERE pro_codigo_plu=762446','',2,'2013-08-30'),(58706,'UPDATE mae_productos SET pro_precio_compra_bruto=102.34,pro_margen_actual=(pro_precio_venta-102.34)/102.34 * 100,pro_ultima_compra=@@@2013.08.30@@@,pro_ultimo_proveedor=@@@94528000-k@@@ WHERE pro_codigo_plu=762447','',2,'2013-08-30'),(58707,'UPDATE mae_productos SET pro_precio_compra_bruto=304.64,pro_margen_actual=(pro_precio_venta-304.64)/304.64 * 100,pro_ultima_compra=@@@2013.08.30@@@,pro_ultimo_proveedor=@@@94528000-k@@@ WHERE pro_codigo_plu=763415','',2,'2013-08-30'),(58708,'UPDATE mae_productos SET pro_precio_compra_bruto=304.64,pro_margen_actual=(pro_precio_venta-304.64)/304.64 * 100,pro_ultima_compra=@@@2013.08.30@@@,pro_ultimo_proveedor=@@@94528000-k@@@ WHERE pro_codigo_plu=764430','',2,'2013-08-30'),(58709,'UPDATE mae_productos SET pro_precio_compra_bruto=213.01,pro_margen_actual=(pro_precio_venta-213.01)/213.01 * 100,pro_ultima_compra=@@@2013.08.30@@@,pro_ultimo_proveedor=@@@94528000-k@@@ WHERE pro_codigo_plu=762304','',2,'2013-08-30'),(58710,'UPDATE mae_productos SET pro_precio_compra_bruto=213.01,pro_margen_actual=(pro_precio_venta-213.01)/213.01 * 100,pro_ultima_compra=@@@2013.08.30@@@,pro_ultimo_proveedor=@@@94528000-k@@@ WHERE pro_codigo_plu=762808','',2,'2013-08-30'),(58711,'UPDATE mae_productos SET pro_precio_compra_bruto=213.01,pro_margen_actual=(pro_precio_venta-213.01)/213.01 * 100,pro_ultima_compra=@@@2013.08.30@@@,pro_ultimo_proveedor=@@@94528000-k@@@ WHERE pro_codigo_plu=762303','',2,'2013-08-30'),(58712,'UPDATE mae_productos SET pro_precio_compra_bruto=268.94,pro_margen_actual=(pro_precio_venta-268.94)/268.94 * 100,pro_ultima_compra=@@@2013.08.30@@@,pro_ultimo_proveedor=@@@94528000-k@@@ WHERE pro_codigo_plu=14236','',2,'2013-08-30'),(58713,'UPDATE mae_productos SET pro_precio_compra_bruto=268.94,pro_margen_actual=(pro_precio_venta-268.94)/268.94 * 100,pro_ultima_compra=@@@2013.08.30@@@,pro_ultimo_proveedor=@@@94528000-k@@@ WHERE pro_codigo_plu=13642','',2,'2013-08-30'),(58714,'UPDATE mae_productos SET pro_precio_compra_bruto=268.94,pro_margen_actual=(pro_precio_venta-268.94)/268.94 * 100,pro_ultima_compra=@@@2013.08.30@@@,pro_ultimo_proveedor=@@@94528000-k@@@ WHERE pro_codigo_plu=763397','',2,'2013-08-30'),(58715,'UPDATE mae_productos SET pro_precio_compra_bruto=1155.49,pro_margen_actual=(pro_precio_venta-1155.49)/1155.49 * 100,pro_ultima_compra=@@@2013.08.30@@@,pro_ultimo_proveedor=@@@94528000-k@@@ WHERE pro_codigo_plu=11003','',2,'2013-08-30'),(58716,'UPDATE mae_productos SET pro_precio_compra_bruto=728.28,pro_margen_actual=(pro_precio_venta-728.28)/728.28 * 100,pro_ultima_compra=@@@2013.08.30@@@,pro_ultimo_proveedor=@@@94528000-k@@@ WHERE pro_codigo_plu=11002','',2,'2013-08-30'),(58717,'UPDATE mae_productos SET pro_precio_compra_bruto=304.64,pro_margen_actual=(pro_precio_venta-304.64)/304.64 * 100,pro_ultima_compra=@@@2013.08.30@@@,pro_ultimo_proveedor=@@@94528000-k@@@ WHERE pro_codigo_plu=14128','',2,'2013-08-30'),(58718,'INSERT INTO gne_vale_ferreteria (vfe_id,vfe_fecha,vfe_total,vfe_estado,vfe_entregado,usu_nusuario) VALUES (9560,@@@2013.08.30@@@,670,1,0,@@@K_SANDOVAL@@@)','',2,'2013-08-30'),(58719,'INSERT INTO gne_vale_ferreteria_mov (vfe_id,pro_codigo_plu,vfm_cantidad,vfm_unitario,vfm_total,vfm_entregado) VALUES (9560,11378,1,670,670,@@@NO@@@)','',2,'2013-08-30'),(58720,'UPDATE mae_productos SET pro_precio_venta=550,pro_margen_actual= 32.31 WHERE pro_codigo_plu=763278','',2,'2013-08-30'),(58721,'UPDATE mae_productos SET pro_precio_venta=450,pro_margen_actual= 31.5 WHERE pro_codigo_plu=102651','',2,'2013-08-30'),(58722,'UPDATE mae_productos SET pro_precio_venta=790,pro_margen_actual= 30.48 WHERE pro_codigo_plu=15093','',2,'2013-08-30'),(58723,'INSERT INTO gne_vale_ferreteria (vfe_id,vfe_fecha,vfe_total,vfe_estado,vfe_entregado,usu_nusuario) VALUES (9561,@@@2013.08.30@@@,1380,1,0,@@@K_SANDOVAL@@@)','',2,'2013-08-30'),(58724,'INSERT INTO gne_vale_ferreteria_mov (vfe_id,pro_codigo_plu,vfm_cantidad,vfm_unitario,vfm_total,vfm_entregado) VALUES (9561,19804,2,690,1380,@@@NO@@@)','',2,'2013-08-30'),(58725,'INSERT INTO gne_vale_ferreteria (vfe_id,vfe_fecha,vfe_total,vfe_estado,vfe_entregado,usu_nusuario) VALUES (9562,@@@2013.08.30@@@,370,1,0,@@@K_SANDOVAL@@@)','',2,'2013-08-30'),(58726,'INSERT INTO gne_vale_ferreteria_mov (vfe_id,pro_codigo_plu,vfm_cantidad,vfm_unitario,vfm_total,vfm_entregado) VALUES (9562,780220192,1,370,370,@@@NO@@@)','',2,'2013-08-30'),(58727,'INSERT INTO gne_vale_ferreteria (vfe_id,vfe_fecha,vfe_total,vfe_estado,vfe_entregado,usu_nusuario) VALUES (9563,@@@2013.08.30@@@,840,1,0,@@@K_SANDOVAL@@@)','',2,'2013-08-30'),(58728,'INSERT INTO gne_vale_ferreteria_mov (vfe_id,pro_codigo_plu,vfm_cantidad,vfm_unitario,vfm_total,vfm_entregado) VALUES (9563,761990,1,390,390,@@@NO@@@)','',2,'2013-08-30'),(58729,'INSERT INTO gne_vale_ferreteria_mov (vfe_id,pro_codigo_plu,vfm_cantidad,vfm_unitario,vfm_total,vfm_entregado) VALUES (9563,761962,1,450,450,@@@NO@@@)','',2,'2013-08-30'),(58730,'INSERT INTO gne_vale_ferreteria (vfe_id,vfe_fecha,vfe_total,vfe_estado,vfe_entregado,usu_nusuario) VALUES (9564,@@@2013.08.30@@@,1009,1,0,@@@K_SANDOVAL@@@)','',2,'2013-08-30'),(58731,'INSERT INTO gne_vale_ferreteria_mov (vfe_id,pro_codigo_plu,vfm_cantidad,vfm_unitario,vfm_total,vfm_entregado) VALUES (9564,780721388,1,399,399,@@@NO@@@)','',2,'2013-08-30'),(58732,'INSERT INTO gne_vale_ferreteria_mov (vfe_id,pro_codigo_plu,vfm_cantidad,vfm_unitario,vfm_total,vfm_entregado) VALUES (9564,761962,1,450,450,@@@NO@@@)','',2,'2013-08-30'),(58733,'INSERT INTO gne_vale_ferreteria_mov (vfe_id,pro_codigo_plu,vfm_cantidad,vfm_unitario,vfm_total,vfm_entregado) VALUES (9564,16430,1,160,160,@@@NO@@@)','',2,'2013-08-30'),(58734,'INSERT INTO gne_vale_ferreteria (vfe_id,vfe_fecha,vfe_total,vfe_estado,vfe_entregado,usu_nusuario) VALUES (9565,@@@2013.08.30@@@,390,1,0,@@@K_SANDOVAL@@@)','',2,'2013-08-30'),(58735,'INSERT INTO gne_vale_ferreteria_mov (vfe_id,pro_codigo_plu,vfm_cantidad,vfm_unitario,vfm_total,vfm_entregado) VALUES (9565,1535,1,390,390,@@@NO@@@)','',2,'2013-08-30'),(58736,'INSERT INTO gne_vale_ferreteria (vfe_id,vfe_fecha,vfe_total,vfe_estado,vfe_entregado,usu_nusuario) VALUES (9566,@@@2013.08.30@@@,5290,1,0,@@@K_SANDOVAL@@@)','',2,'2013-08-30'),(58737,'INSERT INTO gne_vale_ferreteria_mov (vfe_id,pro_codigo_plu,vfm_cantidad,vfm_unitario,vfm_total,vfm_entregado) VALUES (9566,764885,1,5290,5290,@@@NO@@@)','',2,'2013-08-30'),(58738,'INSERT INTO gne_vale_ferreteria (vfe_id,vfe_fecha,vfe_total,vfe_estado,vfe_entregado,usu_nusuario) VALUES (9567,@@@2013.08.30@@@,670,1,0,@@@K_SANDOVAL@@@)','',2,'2013-08-30'),(58739,'INSERT INTO gne_vale_ferreteria_mov (vfe_id,pro_codigo_plu,vfm_cantidad,vfm_unitario,vfm_total,vfm_entregado) VALUES (9567,11378,1,670,670,@@@NO@@@)','',2,'2013-08-30'),(58740,'INSERT INTO gne_vale_ferreteria (vfe_id,vfe_fecha,vfe_total,vfe_estado,vfe_entregado,usu_nusuario) VALUES (9568,@@@2013.08.30@@@,100,1,0,@@@K_SANDOVAL@@@)','',2,'2013-08-30'),(58741,'INSERT INTO gne_vale_ferreteria_mov (vfe_id,pro_codigo_plu,vfm_cantidad,vfm_unitario,vfm_total,vfm_entregado) VALUES (9568,7051,1,100,100,@@@NO@@@)','',2,'2013-08-30'),(58742,'INSERT INTO gne_vale_ferreteria (vfe_id,vfe_fecha,vfe_total,vfe_estado,vfe_entregado,usu_nusuario) VALUES (9569,@@@2013.08.30@@@,150,1,0,@@@K_SANDOVAL@@@)','',2,'2013-08-30'),(58743,'INSERT INTO gne_vale_ferreteria_mov (vfe_id,pro_codigo_plu,vfm_cantidad,vfm_unitario,vfm_total,vfm_entregado) VALUES (9569,9900006,1,150,150,@@@NO@@@)','',2,'2013-08-30'),(58744,'INSERT INTO gne_vale_ferreteria (vfe_id,vfe_fecha,vfe_total,vfe_estado,vfe_entregado,usu_nusuario) VALUES (9570,@@@2013.08.30@@@,1890,1,0,@@@K_SANDOVAL@@@)','',2,'2013-08-30'),(58745,'INSERT INTO gne_vale_ferreteria_mov (vfe_id,pro_codigo_plu,vfm_cantidad,vfm_unitario,vfm_total,vfm_entregado) VALUES (9570,101620,1,1890,1890,@@@NO@@@)','',2,'2013-08-30'),(58746,'INSERT INTO gne_vale_ferreteria (vfe_id,vfe_fecha,vfe_total,vfe_estado,vfe_entregado,usu_nusuario) VALUES (9571,@@@2013.08.30@@@,940,1,0,@@@b_SAEZ@@@)','',2,'2013-08-30'),(58747,'INSERT INTO gne_vale_ferreteria_mov (vfe_id,pro_codigo_plu,vfm_cantidad,vfm_unitario,vfm_total,vfm_entregado) VALUES (9571,4131,1,150,150,@@@NO@@@)','',2,'2013-08-30'),(58748,'INSERT INTO gne_vale_ferreteria_mov (vfe_id,pro_codigo_plu,vfm_cantidad,vfm_unitario,vfm_total,vfm_entregado) VALUES (9571,1556,1,200,200,@@@NO@@@)','',2,'2013-08-30'),(58749,'INSERT INTO gne_vale_ferreteria_mov (vfe_id,pro_codigo_plu,vfm_cantidad,vfm_unitario,vfm_total,vfm_entregado) VALUES (9571,780721487,1,590,590,@@@NO@@@)','',2,'2013-08-30'),(58750,'INSERT INTO gne_vale_ferreteria (vfe_id,vfe_fecha,vfe_total,vfe_estado,vfe_entregado,usu_nusuario) VALUES (9572,@@@2013.08.30@@@,2890,1,0,@@@b_SAEZ@@@)','',2,'2013-08-30'),(58751,'INSERT INTO gne_vale_ferreteria_mov (vfe_id,pro_codigo_plu,vfm_cantidad,vfm_unitario,vfm_total,vfm_entregado) VALUES (9572,764979,1,2890,2890,@@@NO@@@)','',2,'2013-08-30'),(58752,'INSERT INTO gne_vale_ferreteria (vfe_id,vfe_fecha,vfe_total,vfe_estado,vfe_entregado,usu_nusuario) VALUES (9573,@@@2013.08.30@@@,290,1,0,@@@b_SAEZ@@@)','',2,'2013-08-30'),(58753,'INSERT INTO gne_vale_ferreteria_mov (vfe_id,pro_codigo_plu,vfm_cantidad,vfm_unitario,vfm_total,vfm_entregado) VALUES (9573,12608,1,290,290,@@@NO@@@)','',2,'2013-08-30'),(58754,'INSERT INTO gne_vale_ferreteria (vfe_id,vfe_fecha,vfe_total,vfe_estado,vfe_entregado,usu_nusuario) VALUES (9574,@@@2013.08.30@@@,1990,1,0,@@@b_SAEZ@@@)','',2,'2013-08-30'),(58755,'INSERT INTO gne_vale_ferreteria_mov (vfe_id,pro_codigo_plu,vfm_cantidad,vfm_unitario,vfm_total,vfm_entregado) VALUES (9574,780721477,1,1990,1990,@@@NO@@@)','',2,'2013-08-30'),(58756,'INSERT INTO gne_vale_ferreteria (vfe_id,vfe_fecha,vfe_total,vfe_estado,vfe_entregado,usu_nusuario) VALUES (9575,@@@2013.08.30@@@,2640,1,0,@@@b_SAEZ@@@)','',2,'2013-08-30'),(58757,'INSERT INTO gne_vale_ferreteria_mov (vfe_id,pro_codigo_plu,vfm_cantidad,vfm_unitario,vfm_total,vfm_entregado) VALUES (9575,764433,1,1150,1150,@@@NO@@@)','',2,'2013-08-30'),(58758,'INSERT INTO gne_vale_ferreteria_mov (vfe_id,pro_codigo_plu,vfm_cantidad,vfm_unitario,vfm_total,vfm_entregado) VALUES (9575,762308,1,1490,1490,@@@NO@@@)','',2,'2013-08-30'),(58759,'INSERT INTO mae_productos (pro_codigo_plu,pro_codigo_barra,pro_tipo,pro_nombre_producto,pro_nombre_corto,med_id,emb_id,pro_unidades_embalaje,dep_id,lin_id,mar_id,pro_precio_compra_neto,pro_precio_compra_bruto,pro_precio_venta,pro_margen_actual,pro_oferta,pro_fecha_inicio_oferta,pro_fecha_termino_oferta,pro_precio_oferta,pro_stock_minimo,pro_stock_critico,pro_entradas_bodega,pro_salidas_bodega,pro_mermas_bodega,pro_ajustes_bodega,pro_entradas_sv,pro_salidas_sv,pro_mermas_sv,pro_ajustes_sv,pro_activo,rec_numero,pro_unidad,pro_capacidad,pro_consumo_bodega,pro_consumo_sv,pro_estado,pro_funcion_plu,pro_flejes,pro_iva,pro_plu_asociado,pro_envase,pro_duracion,pro_numero_etiqueta) VALUES (780721706,@@@7802950006308@@@,@@@0@@@,@@@DISPLAY CALDO DE GALLINA 528 G@@@,@@@DISPLAY CALDO DE@@@,@@@5 @@@,@@@6 @@@,@@@48@@@,@@@1 @@@,@@@16@@@,@@@31@@@,@@@0@@@,@@@51.69@@@,@@@1@@@,@@@-98.07@@@,@@@@@@,@@@2006.09.07@@@,@@@2006.09.07@@@,@@@0@@@,@@@48@@@,@@@10@@@,@@@0@@@,@@@0@@@,@@@0@@@,@@@0@@@,@@@0@@@,@@@0@@@,@@@0@@@,@@@0@@@,@@@1@@@,@@@0@@@,0,528,0,0,2,0,1,1,0,@@@NO@@@,0,0)','',2,'2013-08-30'),(58760,'DELETE FROM mae_impuestos_productos WHERE pro_codigo_plu=@@@780721706@@@','',2,'2013-08-30'),(58761,'INSERT INTO mae_productos (pro_codigo_plu,pro_codigo_barra,pro_tipo,pro_nombre_producto,pro_nombre_corto,med_id,emb_id,pro_unidades_embalaje,dep_id,lin_id,mar_id,pro_precio_compra_neto,pro_precio_compra_bruto,pro_precio_venta,pro_margen_actual,pro_oferta,pro_fecha_inicio_oferta,pro_fecha_termino_oferta,pro_precio_oferta,pro_stock_minimo,pro_stock_critico,pro_entradas_bodega,pro_salidas_bodega,pro_mermas_bodega,pro_ajustes_bodega,pro_entradas_sv,pro_salidas_sv,pro_mermas_sv,pro_ajustes_sv,pro_activo,rec_numero,pro_unidad,pro_capacidad,pro_consumo_bodega,pro_consumo_sv,pro_estado,pro_funcion_plu,pro_flejes,pro_iva,pro_plu_asociado,pro_envase,pro_duracion,pro_numero_etiqueta) VALUES (780721707,@@@7802950006407@@@,@@@0@@@,@@@DISPLAY CALDO DE CARNE MAGGI 528 GRS@@@,@@@DISPLAY CALDO DE@@@,@@@5 @@@,@@@3 @@@,@@@48@@@,@@@1 @@@,@@@16@@@,@@@31@@@,@@@0@@@,@@@51.69@@@,@@@1@@@,@@@-98.07@@@,@@@@@@,@@@2006.09.07@@@,@@@2006.09.07@@@,@@@0@@@,@@@48@@@,@@@10@@@,@@@0@@@,@@@0@@@,@@@0@@@,@@@0@@@,@@@0@@@,@@@0@@@,@@@0@@@,@@@0@@@,@@@1@@@,@@@0@@@,0,528,0,0,2,0,1,1,0,@@@NO@@@,0,0)','',2,'2013-08-30'),(58762,'DELETE FROM mae_impuestos_productos WHERE pro_codigo_plu=@@@780721707@@@','',2,'2013-08-30'),(58763,'INSERT INTO mae_productos (pro_codigo_plu,pro_codigo_barra,pro_tipo,pro_nombre_producto,pro_nombre_corto,med_id,emb_id,pro_unidades_embalaje,dep_id,lin_id,mar_id,pro_precio_compra_neto,pro_precio_compra_bruto,pro_precio_venta,pro_margen_actual,pro_oferta,pro_fecha_inicio_oferta,pro_fecha_termino_oferta,pro_precio_oferta,pro_stock_minimo,pro_stock_critico,pro_entradas_bodega,pro_salidas_bodega,pro_mermas_bodega,pro_ajustes_bodega,pro_entradas_sv,pro_salidas_sv,pro_mermas_sv,pro_ajustes_sv,pro_activo,rec_numero,pro_unidad,pro_capacidad,pro_consumo_bodega,pro_consumo_sv,pro_estado,pro_funcion_plu,pro_flejes,pro_iva,pro_plu_asociado,pro_envase,pro_duracion,pro_numero_etiqueta) VALUES (780721708,@@@7613033825835@@@,@@@0@@@,@@@DISPLAY CALDO DE COSTILLA MAGGI 480 G@@@,@@@DISPLAY CALDO DE@@@,@@@5 @@@,@@@3 @@@,@@@48@@@,@@@1 @@@,@@@16@@@,@@@31@@@,@@@0@@@,@@@51.69@@@,@@@1@@@,@@@-98.07@@@,@@@@@@,@@@2006.09.07@@@,@@@2006.09.07@@@,@@@0@@@,@@@48@@@,@@@10@@@,@@@0@@@,@@@0@@@,@@@0@@@,@@@0@@@,@@@0@@@,@@@0@@@,@@@0@@@,@@@0@@@,@@@1@@@,@@@0@@@,0,480,0,0,2,0,1,1,0,@@@NO@@@,0,0)','',2,'2013-08-30'),(58764,'DELETE FROM mae_impuestos_productos WHERE pro_codigo_plu=@@@780721708@@@','',2,'2013-08-30'),(58765,'INSERT INTO mae_productos (pro_codigo_plu,pro_codigo_barra,pro_tipo,pro_nombre_producto,pro_nombre_corto,med_id,emb_id,pro_unidades_embalaje,dep_id,lin_id,mar_id,pro_precio_compra_neto,pro_precio_compra_bruto,pro_precio_venta,pro_margen_actual,pro_oferta,pro_fecha_inicio_oferta,pro_fecha_termino_oferta,pro_precio_oferta,pro_stock_minimo,pro_stock_critico,pro_entradas_bodega,pro_salidas_bodega,pro_mermas_bodega,pro_ajustes_bodega,pro_entradas_sv,pro_salidas_sv,pro_mermas_sv,pro_ajustes_sv,pro_activo,rec_numero,pro_unidad,pro_capacidad,pro_consumo_bodega,pro_consumo_sv,pro_estado,pro_funcion_plu,pro_flejes,pro_iva,pro_plu_asociado,pro_envase,pro_duracion,pro_numero_etiqueta) VALUES (780721709,@@@7613033825804@@@,@@@0@@@,@@@DISPLAY CALDO DE VERDURAS MAGGI 480 GRS@@@,@@@DISPLAY CALDO DE@@@,@@@5 @@@,@@@6 @@@,@@@48@@@,@@@1 @@@,@@@16@@@,@@@31@@@,@@@0@@@,@@@51.69@@@,@@@1@@@,@@@-98.07@@@,@@@@@@,@@@2006.09.07@@@,@@@2006.09.07@@@,@@@0@@@,@@@48@@@,@@@10@@@,@@@0@@@,@@@0@@@,@@@0@@@,@@@0@@@,@@@0@@@,@@@0@@@,@@@0@@@,@@@0@@@,@@@1@@@,@@@0@@@,0,480,0,0,2,0,1,1,0,@@@NO@@@,0,0)','',2,'2013-08-30'),(58766,'DELETE FROM mae_impuestos_productos WHERE pro_codigo_plu=@@@780721709@@@','',2,'2013-08-30'),(58767,'INSERT INTO gne_vale_ferreteria (vfe_id,vfe_fecha,vfe_total,vfe_estado,vfe_entregado,usu_nusuario) VALUES (9576,@@@2013.08.30@@@,550,1,0,@@@b_SAEZ@@@)','',2,'2013-08-30'),(58768,'INSERT INTO gne_vale_ferreteria_mov (vfe_id,pro_codigo_plu,vfm_cantidad,vfm_unitario,vfm_total,vfm_entregado) VALUES (9576,780721253,1,550,550,@@@NO@@@)','',2,'2013-08-30'),(58769,'INSERT INTO gne_vale_ferreteria (vfe_id,vfe_fecha,vfe_total,vfe_estado,vfe_entregado,usu_nusuario) VALUES (9577,@@@2013.08.30@@@,920,1,0,@@@b_SAEZ@@@)','',2,'2013-08-30'),(58770,'INSERT INTO gne_vale_ferreteria_mov (vfe_id,pro_codigo_plu,vfm_cantidad,vfm_unitario,vfm_total,vfm_entregado) VALUES (9577,19856,1,920,920,@@@NO@@@)','',2,'2013-08-30'),(58771,'INSERT INTO gne_vale_ferreteria (vfe_id,vfe_fecha,vfe_total,vfe_estado,vfe_entregado,usu_nusuario) VALUES (9578,@@@2013.08.30@@@,1350,1,0,@@@b_SAEZ@@@)','',2,'2013-08-30'),(58772,'INSERT INTO gne_vale_ferreteria_mov (vfe_id,pro_codigo_plu,vfm_cantidad,vfm_unitario,vfm_total,vfm_entregado) VALUES (9578,763479,1,1350,1350,@@@NO@@@)','',2,'2013-08-30'),(58773,'INSERT INTO gne_vale_ferreteria (vfe_id,vfe_fecha,vfe_total,vfe_estado,vfe_entregado,usu_nusuario) VALUES (9579,@@@2013.08.30@@@,230,1,0,@@@b_SAEZ@@@)','',2,'2013-08-30'),(58774,'INSERT INTO gne_vale_ferreteria_mov (vfe_id,pro_codigo_plu,vfm_cantidad,vfm_unitario,vfm_total,vfm_entregado) VALUES (9579,780721667,1,230,230,@@@NO@@@)','',2,'2013-08-30'),(58775,'INSERT INTO gne_vale_ferreteria (vfe_id,vfe_fecha,vfe_total,vfe_estado,vfe_entregado,usu_nusuario) VALUES (9580,@@@2013.08.30@@@,780,1,0,@@@b_SAEZ@@@)','',2,'2013-08-30'),(58776,'INSERT INTO gne_vale_ferreteria_mov (vfe_id,pro_codigo_plu,vfm_cantidad,vfm_unitario,vfm_total,vfm_entregado) VALUES (9580,770020,2,390,780,@@@NO@@@)','',2,'2013-08-30'),(58777,'INSERT INTO gne_vale_ferreteria (vfe_id,vfe_fecha,vfe_total,vfe_estado,vfe_entregado,usu_nusuario) VALUES (9581,@@@2013.08.30@@@,100,1,0,@@@b_SAEZ@@@)','',2,'2013-08-30'),(58778,'INSERT INTO gne_vale_ferreteria_mov (vfe_id,pro_codigo_plu,vfm_cantidad,vfm_unitario,vfm_total,vfm_entregado) VALUES (9581,764833,10,10,100,@@@NO@@@)','',2,'2013-08-30'),(58779,'INSERT INTO gne_vale_ferreteria (vfe_id,vfe_fecha,vfe_total,vfe_estado,vfe_entregado,usu_nusuario) VALUES (9582,@@@2013.08.30@@@,1060,1,0,@@@b_SAEZ@@@)','',2,'2013-08-30'),(58780,'INSERT INTO gne_vale_ferreteria_mov (vfe_id,pro_codigo_plu,vfm_cantidad,vfm_unitario,vfm_total,vfm_entregado) VALUES (9582,15955,2,530,1060,@@@NO@@@)','',2,'2013-08-30'),(58781,'INSERT INTO gne_vale_ferreteria (vfe_id,vfe_fecha,vfe_total,vfe_estado,vfe_entregado,usu_nusuario) VALUES (9583,@@@2013.08.30@@@,960,1,0,@@@b_SAEZ@@@)','',2,'2013-08-30'),(58782,'INSERT INTO gne_vale_ferreteria_mov (vfe_id,pro_codigo_plu,vfm_cantidad,vfm_unitario,vfm_total,vfm_entregado) VALUES (9583,15935,2,480,960,@@@NO@@@)','',2,'2013-08-30'),(58783,'INSERT INTO gne_vale_ferreteria (vfe_id,vfe_fecha,vfe_total,vfe_estado,vfe_entregado,usu_nusuario) VALUES (9584,@@@2013.08.30@@@,670,1,0,@@@b_SAEZ@@@)','',2,'2013-08-30'),(58784,'INSERT INTO gne_vale_ferreteria_mov (vfe_id,pro_codigo_plu,vfm_cantidad,vfm_unitario,vfm_total,vfm_entregado) VALUES (9584,11378,1,670,670,@@@NO@@@)','',2,'2013-08-30'),(58785,'INSERT INTO gne_vale_ferreteria (vfe_id,vfe_fecha,vfe_total,vfe_estado,vfe_entregado,usu_nusuario) VALUES (9585,@@@2013.08.30@@@,5270,1,0,@@@b_SAEZ@@@)','',2,'2013-08-30'),(58786,'INSERT INTO gne_vale_ferreteria_mov (vfe_id,pro_codigo_plu,vfm_cantidad,vfm_unitario,vfm_total,vfm_entregado) VALUES (9585,763717,1,1890,1890,@@@NO@@@)','',2,'2013-08-30'),(58787,'INSERT INTO gne_vale_ferreteria_mov (vfe_id,pro_codigo_plu,vfm_cantidad,vfm_unitario,vfm_total,vfm_entregado) VALUES (9585,763697,1,1690,1690,@@@NO@@@)','',2,'2013-08-30'),(58788,'INSERT INTO gne_vale_ferreteria_mov (vfe_id,pro_codigo_plu,vfm_cantidad,vfm_unitario,vfm_total,vfm_entregado) VALUES (9585,20476,1,1690,1690,@@@NO@@@)','',2,'2013-08-30'),(58789,'INSERT INTO mae_productos (pro_codigo_plu,pro_codigo_barra,pro_tipo,pro_nombre_producto,pro_nombre_corto,med_id,emb_id,pro_unidades_embalaje,dep_id,lin_id,mar_id,pro_precio_compra_neto,pro_precio_compra_bruto,pro_precio_venta,pro_margen_actual,pro_oferta,pro_fecha_inicio_oferta,pro_fecha_termino_oferta,pro_precio_oferta,pro_stock_minimo,pro_stock_critico,pro_entradas_bodega,pro_salidas_bodega,pro_mermas_bodega,pro_ajustes_bodega,pro_entradas_sv,pro_salidas_sv,pro_mermas_sv,pro_ajustes_sv,pro_activo,rec_numero,pro_unidad,pro_capacidad,pro_consumo_bodega,pro_consumo_sv,pro_estado,pro_funcion_plu,pro_flejes,pro_iva,pro_plu_asociado,pro_envase,pro_duracion,pro_numero_etiqueta) VALUES (780721710,@@@780721710@@@,@@@0@@@,@@@CAMICETA SUELTA GRANDE@@@,@@@CAMICETA SUELTA @@@,@@@1 @@@,@@@3 @@@,@@@0@@@,@@@2 @@@,@@@41@@@,@@@2507@@@,@@@0@@@,@@@0@@@,@@@20@@@,@@@0@@@,@@@@@@,@@@2013.08.30@@@,@@@2013.08.30@@@,@@@0@@@,@@@0@@@,@@@0@@@,@@@0@@@,@@@0@@@,@@@0@@@,@@@0@@@,@@@0@@@,@@@0@@@,@@@0@@@,@@@0@@@,@@@1@@@,@@@0@@@,0,1,0,0,2,0,1,1,0,@@@NO@@@,0,0)','',2,'2013-08-30'),(58790,'DELETE FROM mae_impuestos_productos WHERE pro_codigo_plu=@@@780721710@@@','',2,'2013-08-30'),(58791,'UPDATE mae_productos SET pro_margen_actual=30.48,pro_precio_venta=790 WHERE pro_codigo_plu=15093','',2,'2013-08-30'),(58792,'UPDATE mae_productos SET pro_margen_actual=0,pro_precio_venta=20 WHERE pro_codigo_plu=780721710','',2,'2013-08-30'),(58793,'UPDATE mae_productos SET pro_margen_actual=31.5,pro_precio_venta=450 WHERE pro_codigo_plu=102651','',2,'2013-08-30'),(58794,'UPDATE mae_productos SET pro_margen_actual=-98.07,pro_precio_venta=1 WHERE pro_codigo_plu=780721707','',2,'2013-08-30'),(58795,'UPDATE mae_productos SET pro_margen_actual=-98.07,pro_precio_venta=1 WHERE pro_codigo_plu=780721708','',2,'2013-08-30'),(58796,'UPDATE mae_productos SET pro_margen_actual=-98.07,pro_precio_venta=1 WHERE pro_codigo_plu=780721706','',2,'2013-08-30'),(58797,'UPDATE mae_productos SET pro_margen_actual=-98.07,pro_precio_venta=1 WHERE pro_codigo_plu=780721709','',2,'2013-08-30'),(58798,'UPDATE mae_productos SET pro_margen_actual=32.31,pro_precio_venta=550 WHERE pro_codigo_plu=763278','',2,'2013-08-30'),(58799,'UPDATE mae_productos SET pro_precio_fiscal=pro_precio_venta WHERE pro_codigo_plu=780721710','',2,'2013-08-30'),(58800,'INSERT INTO gne_vale_ferreteria (vfe_id,vfe_fecha,vfe_total,vfe_estado,vfe_entregado,usu_nusuario) VALUES (9586,@@@2013.08.30@@@,1890,1,0,@@@b_SAEZ@@@)','',2,'2013-08-30'),(58801,'INSERT INTO gne_vale_ferreteria_mov (vfe_id,pro_codigo_plu,vfm_cantidad,vfm_unitario,vfm_total,vfm_entregado) VALUES (9586,101847,1,1890,1890,@@@NO@@@)','',2,'2013-08-30'),(58802,'INSERT INTO gne_vale_ferreteria (vfe_id,vfe_fecha,vfe_total,vfe_estado,vfe_entregado,usu_nusuario) VALUES (9587,@@@2013.08.30@@@,1190,1,0,@@@b_SAEZ@@@)','',2,'2013-08-30'),(58803,'INSERT INTO gne_vale_ferreteria_mov (vfe_id,pro_codigo_plu,vfm_cantidad,vfm_unitario,vfm_total,vfm_entregado) VALUES (9587,780721575,1,1190,1190,@@@NO@@@)','',2,'2013-08-30'),(58804,'INSERT INTO gne_vale_ferreteria (vfe_id,vfe_fecha,vfe_total,vfe_estado,vfe_entregado,usu_nusuario) VALUES (9588,@@@2013.08.30@@@,300,1,0,@@@b_SAEZ@@@)','',2,'2013-08-30'),(58805,'INSERT INTO gne_vale_ferreteria_mov (vfe_id,pro_codigo_plu,vfm_cantidad,vfm_unitario,vfm_total,vfm_entregado) VALUES (9588,7500886,2,150,300,@@@NO@@@)','',2,'2013-08-30'),(58806,'UPDATE mae_productos SET pro_margen_actual=0,pro_precio_venta=2990 WHERE pro_codigo_plu=506','',2,'2013-08-30'),(58807,'UPDATE mae_productos SET pro_precio_fiscal=pro_precio_venta WHERE pro_codigo_plu=506','',2,'2013-08-30'),(58808,'UPDATE mae_productos SET pro_margen_actual=21.74,pro_precio_venta=280 WHERE pro_codigo_plu=597','',2,'2013-08-30'),(58809,'UPDATE mae_productos SET pro_precio_fiscal=pro_precio_venta WHERE pro_codigo_plu=597','',2,'2013-08-30'),(58810,'INSERT INTO gne_vale_ferreteria (vfe_id,vfe_fecha,vfe_total,vfe_estado,vfe_entregado,usu_nusuario) VALUES (9589,@@@2013.08.30@@@,100,1,0,@@@b_SAEZ@@@)','',2,'2013-08-30'),(58811,'INSERT INTO gne_vale_ferreteria_mov (vfe_id,pro_codigo_plu,vfm_cantidad,vfm_unitario,vfm_total,vfm_entregado) VALUES (9589,764696,1,100,100,@@@NO@@@)','',2,'2013-08-30'),(58812,'INSERT INTO gne_vale_ferreteria (vfe_id,vfe_fecha,vfe_total,vfe_estado,vfe_entregado,usu_nusuario) VALUES (9590,@@@2013.08.30@@@,300,1,0,@@@b_SAEZ@@@)','',2,'2013-08-30'),(58813,'INSERT INTO gne_vale_ferreteria_mov (vfe_id,pro_codigo_plu,vfm_cantidad,vfm_unitario,vfm_total,vfm_entregado) VALUES (9590,764696,3,100,300,@@@NO@@@)','',2,'2013-08-30'),(58814,'UPDATE mae_productos SET pro_precio_compra_bruto=2352.4,pro_margen_actual=(pro_precio_venta-2352.4)/2352.4 * 100,pro_ultima_compra=@@@2013.08.30@@@,pro_ultimo_proveedor=@@@77847960-5@@@ WHERE pro_codigo_plu=309','',2,'2013-08-30'),(58815,'UPDATE mae_productos SET pro_precio_compra_bruto=2352.4,pro_margen_actual=(pro_precio_venta-2352.4)/2352.4 * 100,pro_ultima_compra=@@@2013.08.30@@@,pro_ultimo_proveedor=@@@77847960-5@@@ WHERE pro_codigo_plu=308','',2,'2013-08-30'),(58816,'UPDATE mae_productos SET pro_precio_compra_bruto=3597.3,pro_margen_actual=(pro_precio_venta-3597.3)/3597.3 * 100,pro_ultima_compra=@@@2013.08.30@@@,pro_ultimo_proveedor=@@@77847960-5@@@ WHERE pro_codigo_plu=203','',2,'2013-08-30'),(58817,'INSERT INTO gne_vale_ferreteria (vfe_id,vfe_fecha,vfe_total,vfe_estado,vfe_entregado,usu_nusuario) VALUES (9591,@@@2013.08.30@@@,1590,1,0,@@@b_SAEZ@@@)','',2,'2013-08-30'),(58818,'INSERT INTO gne_vale_ferreteria_mov (vfe_id,pro_codigo_plu,vfm_cantidad,vfm_unitario,vfm_total,vfm_entregado) VALUES (9591,780721639,1,1590,1590,@@@NO@@@)','',2,'2013-08-30'),(58819,'UPDATE mae_productos SET pro_margen_actual=32.31,pro_precio_venta=550 WHERE pro_codigo_plu=763278','',2,'2013-08-30'),(58820,'INSERT INTO gne_vale_ferreteria (vfe_id,vfe_fecha,vfe_total,vfe_estado,vfe_entregado,usu_nusuario) VALUES (9592,@@@2013.08.30@@@,1350,1,0,@@@b_SAEZ@@@)','',2,'2013-08-30'),(58821,'INSERT INTO gne_vale_ferreteria_mov (vfe_id,pro_codigo_plu,vfm_cantidad,vfm_unitario,vfm_total,vfm_entregado) VALUES (9592,763797,1,1350,1350,@@@NO@@@)','',2,'2013-08-30'),(58822,'UPDATE mae_productos SET pro_precio_compra_bruto=2165.8,pro_margen_actual=(pro_precio_venta-2165.8)/2165.8 * 100,pro_ultima_compra=@@@2013.08.30@@@,pro_ultimo_proveedor=@@@76218060-k@@@ WHERE pro_codigo_plu=10222','',2,'2013-08-30'),(58823,'UPDATE mae_productos SET pro_precio_compra_bruto=83.91,pro_margen_actual=(pro_precio_venta-83.91)/83.91 * 100,pro_ultima_compra=@@@2013.08.30@@@,pro_ultimo_proveedor=@@@76218060-k@@@ WHERE pro_codigo_plu=11083','',2,'2013-08-30'),(58824,'UPDATE mae_productos SET pro_precio_compra_bruto=262.69,pro_margen_actual=(pro_precio_venta-262.69)/262.69 * 100,pro_ultima_compra=@@@2013.08.30@@@,pro_ultimo_proveedor=@@@76218060-k@@@ WHERE pro_codigo_plu=11074','',2,'2013-08-30'),(58825,'UPDATE mae_productos SET pro_precio_compra_bruto=790.16,pro_margen_actual=(pro_precio_venta-790.16)/790.16 * 100,pro_ultima_compra=@@@2013.08.30@@@,pro_ultimo_proveedor=@@@76218060-k@@@ WHERE pro_codigo_plu=14034','',2,'2013-08-30'),(58826,'UPDATE mae_productos SET pro_precio_compra_bruto=686.63,pro_margen_actual=(pro_precio_venta-686.63)/686.63 * 100,pro_ultima_compra=@@@2013.08.30@@@,pro_ultimo_proveedor=@@@76218060-k@@@ WHERE pro_codigo_plu=102563','',2,'2013-08-30'),(58827,'UPDATE mae_productos SET pro_precio_compra_bruto=1313.76,pro_margen_actual=(pro_precio_venta-1313.76)/1313.76 * 100,pro_ultima_compra=@@@2013.08.30@@@,pro_ultimo_proveedor=@@@76218060-k@@@ WHERE pro_codigo_plu=262352','',2,'2013-08-30'),(58828,'UPDATE mae_productos SET pro_precio_compra_bruto=583.9,pro_margen_actual=(pro_precio_venta-583.9)/583.9 * 100,pro_ultima_compra=@@@2013.08.30@@@,pro_ultimo_proveedor=@@@76218060-k@@@ WHERE pro_codigo_plu=761304','',2,'2013-08-30'),(58829,'UPDATE mae_productos SET pro_precio_compra_bruto=749.7,pro_margen_actual=(pro_precio_venta-749.7)/749.7 * 100,pro_ultima_compra=@@@2013.08.30@@@,pro_ultimo_proveedor=@@@76218060-k@@@ WHERE pro_codigo_plu=763274','',2,'2013-08-30'),(58830,'UPDATE mae_productos SET pro_precio_compra_bruto=1644.5,pro_margen_actual=(pro_precio_venta-1644.5)/1644.5 * 100,pro_ultima_compra=@@@2013.08.30@@@,pro_ultimo_proveedor=@@@76218060-k@@@ WHERE pro_codigo_plu=763407','',2,'2013-08-30'),(58831,'UPDATE mae_productos SET pro_precio_compra_bruto=3500.9,pro_margen_actual=(pro_precio_venta-3500.9)/3500.9 * 100,pro_ultima_compra=@@@2013.08.30@@@,pro_ultimo_proveedor=@@@76218060-k@@@ WHERE pro_codigo_plu=763419','',2,'2013-08-30'),(58832,'UPDATE mae_productos SET pro_precio_compra_bruto=996.03,pro_margen_actual=(pro_precio_venta-996.03)/996.03 * 100,pro_ultima_compra=@@@2013.08.30@@@,pro_ultimo_proveedor=@@@76218060-k@@@ WHERE pro_codigo_plu=780721380','',2,'2013-08-30'),(58833,'UPDATE mae_productos SET pro_precio_compra_bruto=996.03,pro_margen_actual=(pro_precio_venta-996.03)/996.03 * 100,pro_ultima_compra=@@@2013.08.30@@@,pro_ultimo_proveedor=@@@76218060-k@@@ WHERE pro_codigo_plu=780220189','',2,'2013-08-30'),(58834,'UPDATE mae_productos SET pro_precio_compra_bruto=228.5,pro_margen_actual=(pro_precio_venta-228.5)/228.5 * 100,pro_ultima_compra=@@@2013.08.30@@@,pro_ultimo_proveedor=@@@76218060-k@@@ WHERE pro_codigo_plu=763446','',2,'2013-08-30'),(58835,'UPDATE mae_productos SET pro_precio_compra_bruto=277.09,pro_margen_actual=(pro_precio_venta-277.09)/277.09 * 100,pro_ultima_compra=@@@2013.08.30@@@,pro_ultimo_proveedor=@@@76218060-k@@@ WHERE pro_codigo_plu=10614','',2,'2013-08-30'),(58836,'UPDATE mae_productos SET pro_precio_compra_bruto=1011.12,pro_margen_actual=(pro_precio_venta-1011.12)/1011.12 * 100,pro_ultima_compra=@@@2013.08.30@@@,pro_ultimo_proveedor=@@@76218060-k@@@ WHERE pro_codigo_plu=763420','',2,'2013-08-30'),(58837,'UPDATE mae_productos SET pro_precio_compra_bruto=133.52,pro_margen_actual=(pro_precio_venta-133.52)/133.52 * 100,pro_ultima_compra=@@@2013.08.30@@@,pro_ultimo_proveedor=@@@76218060-k@@@ WHERE pro_codigo_plu=78017076','',2,'2013-08-30'),(58838,'UPDATE mae_productos SET pro_precio_compra_bruto=1469.6,pro_margen_actual=(pro_precio_venta-1469.6)/1469.6 * 100,pro_ultima_compra=@@@2013.08.30@@@,pro_ultimo_proveedor=@@@76218060-k@@@ WHERE pro_codigo_plu=780220190','',2,'2013-08-30'),(58839,'UPDATE mae_productos SET pro_precio_compra_bruto=245.2,pro_margen_actual=(pro_precio_venta-245.2)/245.2 * 100,pro_ultima_compra=@@@2013.08.30@@@,pro_ultimo_proveedor=@@@76218060-k@@@ WHERE pro_codigo_plu=12581','',2,'2013-08-30'),(58840,'UPDATE mae_productos SET pro_precio_compra_bruto=529.9,pro_margen_actual=(pro_precio_venta-529.9)/529.9 * 100,pro_ultima_compra=@@@2013.08.30@@@,pro_ultimo_proveedor=@@@76218060-k@@@ WHERE pro_codigo_plu=11945','',2,'2013-08-30'),(58841,'UPDATE mae_productos SET pro_precio_compra_bruto=101.54,pro_margen_actual=(pro_precio_venta-101.54)/101.54 * 100,pro_ultima_compra=@@@2013.08.30@@@,pro_ultimo_proveedor=@@@76218060-k@@@ WHERE pro_codigo_plu=12129','',2,'2013-08-30'),(58842,'UPDATE mae_productos SET pro_precio_compra_bruto=101.15,pro_margen_actual=(pro_precio_venta-101.15)/101.15 * 100,pro_ultima_compra=@@@2013.08.30@@@,pro_ultimo_proveedor=@@@76218060-k@@@ WHERE pro_codigo_plu=12231','',2,'2013-08-30'),(58843,'UPDATE mae_productos SET pro_precio_compra_bruto=277.09,pro_margen_actual=(pro_precio_venta-277.09)/277.09 * 100,pro_ultima_compra=@@@2013.08.30@@@,pro_ultimo_proveedor=@@@76218060-k@@@ WHERE pro_codigo_plu=10654','',2,'2013-08-30'),(58844,'UPDATE mae_productos SET pro_precio_compra_bruto=963.9,pro_margen_actual=(pro_precio_venta-963.9)/963.9 * 100,pro_ultima_compra=@@@2013.08.30@@@,pro_ultimo_proveedor=@@@76218060-k@@@ WHERE pro_codigo_plu=13988','',2,'2013-08-30'),(58845,'UPDATE mae_productos SET pro_precio_compra_bruto=133.52,pro_margen_actual=(pro_precio_venta-133.52)/133.52 * 100,pro_ultima_compra=@@@2013.08.30@@@,pro_ultimo_proveedor=@@@76218060-k@@@ WHERE pro_codigo_plu=78017077','',2,'2013-08-30'),(58846,'UPDATE mae_productos SET pro_precio_compra_bruto=437.404,pro_margen_actual=(pro_precio_venta-437.404)/437.404 * 100,pro_ultima_compra=@@@2013.08.30@@@,pro_ultimo_proveedor=@@@76218060-k@@@ WHERE pro_codigo_plu=11951','',2,'2013-08-30'),(58847,'UPDATE mae_productos SET pro_precio_compra_bruto=51.69,pro_margen_actual=(pro_precio_venta-51.69)/51.69 * 100,pro_ultima_compra=@@@2013.08.30@@@,pro_ultimo_proveedor=@@@76218060-k@@@ WHERE pro_codigo_plu=780721243','',2,'2013-08-30'),(58848,'UPDATE mae_productos SET pro_precio_venta=309,pro_margen_actual= 36.12 WHERE pro_codigo_plu=17056','',2,'2013-08-30'),(58849,'UPDATE mae_productos SET pro_precio_venta=150,pro_margen_actual= 48.29 WHERE pro_codigo_plu=12231','',2,'2013-08-30'),(58850,'UPDATE mae_productos SET pro_precio_venta=1350,pro_margen_actual= 33.52 WHERE pro_codigo_plu=763420','',2,'2013-08-30'),(58851,'INSERT INTO gne_vale_ferreteria (vfe_id,vfe_fecha,vfe_total,vfe_estado,vfe_entregado,usu_nusuario) VALUES (9593,@@@2013.08.30@@@,1380,1,0,@@@b_SAEZ@@@)','',2,'2013-08-30'),(58852,'INSERT INTO gne_vale_ferreteria_mov (vfe_id,pro_codigo_plu,vfm_cantidad,vfm_unitario,vfm_total,vfm_entregado) VALUES (9593,764830,2,690,1380,@@@NO@@@)','',2,'2013-08-30'),(58853,'INSERT INTO gne_vale_ferreteria (vfe_id,vfe_fecha,vfe_total,vfe_estado,vfe_entregado,usu_nusuario) VALUES (9594,@@@2013.08.30@@@,30,1,0,@@@b_SAEZ@@@)','',2,'2013-08-30'),(58854,'INSERT INTO gne_vale_ferreteria_mov (vfe_id,pro_codigo_plu,vfm_cantidad,vfm_unitario,vfm_total,vfm_entregado) VALUES (9594,4079,1,30,30,@@@NO@@@)','',2,'2013-08-30'),(58855,'UPDATE mae_productos SET pro_precio_fiscal=pro_precio_venta WHERE pro_codigo_plu=12231','',2,'2013-08-30'),(58856,'UPDATE mae_productos SET pro_precio_fiscal=pro_precio_venta WHERE pro_codigo_plu=763420','',2,'2013-08-30'),(58857,'UPDATE mae_productos SET pro_precio_fiscal=pro_precio_venta WHERE pro_codigo_plu=763278','',2,'2013-08-30'),(58858,'UPDATE mae_productos SET pro_precio_fiscal=pro_precio_venta WHERE pro_codigo_plu=102651','',2,'2013-08-30'),(58859,'UPDATE mae_productos SET pro_precio_fiscal=pro_precio_venta WHERE pro_codigo_plu=15093','',2,'2013-08-30'),(58860,'UPDATE mae_productos SET pro_margen_actual=25.54,pro_precio_venta=310 WHERE pro_codigo_plu=17056','',2,'2013-08-30'),(58861,'UPDATE mae_productos SET pro_precio_fiscal=pro_precio_venta WHERE pro_codigo_plu=17056','',2,'2013-08-30'),(58862,'INSERT INTO gne_vale_ferreteria (vfe_id,vfe_fecha,vfe_total,vfe_estado,vfe_entregado,usu_nusuario) VALUES (9595,@@@2013.08.30@@@,300,1,0,@@@b_SAEZ@@@)','',2,'2013-08-30'),(58863,'INSERT INTO gne_vale_ferreteria_mov (vfe_id,pro_codigo_plu,vfm_cantidad,vfm_unitario,vfm_total,vfm_entregado) VALUES (9595,780721222,1,300,300,@@@NO@@@)','',2,'2013-08-30'),(58864,'INSERT INTO gne_vale_ferreteria (vfe_id,vfe_fecha,vfe_total,vfe_estado,vfe_entregado,usu_nusuario) VALUES (9596,@@@2013.08.30@@@,1680,1,0,@@@b_SAEZ@@@)','',2,'2013-08-30'),(58865,'INSERT INTO gne_vale_ferreteria_mov (vfe_id,pro_codigo_plu,vfm_cantidad,vfm_unitario,vfm_total,vfm_entregado) VALUES (9596,20836,1,650,650,@@@NO@@@)','',2,'2013-08-30'),(58866,'INSERT INTO gne_vale_ferreteria_mov (vfe_id,pro_codigo_plu,vfm_cantidad,vfm_unitario,vfm_total,vfm_entregado) VALUES (9596,20813,1,1030,1030,@@@NO@@@)','',2,'2013-08-30'),(58867,'INSERT INTO gne_vale_ferreteria (vfe_id,vfe_fecha,vfe_total,vfe_estado,vfe_entregado,usu_nusuario) VALUES (9597,@@@2013.08.30@@@,580,1,0,@@@b_SAEZ@@@)','',2,'2013-08-30'),(58868,'INSERT INTO gne_vale_ferreteria_mov (vfe_id,pro_codigo_plu,vfm_cantidad,vfm_unitario,vfm_total,vfm_entregado) VALUES (9597,12608,2,290,580,@@@NO@@@)','',2,'2013-08-30'),(58869,'INSERT INTO gne_vale_ferreteria (vfe_id,vfe_fecha,vfe_total,vfe_estado,vfe_entregado,usu_nusuario) VALUES (9598,@@@2013.08.30@@@,290,1,0,@@@b_SAEZ@@@)','',2,'2013-08-30'),(58870,'INSERT INTO gne_vale_ferreteria_mov (vfe_id,pro_codigo_plu,vfm_cantidad,vfm_unitario,vfm_total,vfm_entregado) VALUES (9598,780721290,1,290,290,@@@NO@@@)','',2,'2013-08-30'),(58871,'INSERT INTO mae_productos (pro_codigo_plu,pro_codigo_barra,pro_tipo,pro_nombre_producto,pro_nombre_corto,med_id,emb_id,pro_unidades_embalaje,dep_id,lin_id,mar_id,pro_precio_compra_neto,pro_precio_compra_bruto,pro_precio_venta,pro_margen_actual,pro_oferta,pro_fecha_inicio_oferta,pro_fecha_termino_oferta,pro_precio_oferta,pro_stock_minimo,pro_stock_critico,pro_entradas_bodega,pro_salidas_bodega,pro_mermas_bodega,pro_ajustes_bodega,pro_entradas_sv,pro_salidas_sv,pro_mermas_sv,pro_ajustes_sv,pro_activo,rec_numero,pro_unidad,pro_capacidad,pro_consumo_bodega,pro_consumo_sv,pro_estado,pro_funcion_plu,pro_flejes,pro_iva,pro_plu_asociado,pro_envase,pro_duracion,pro_numero_etiqueta) VALUES (130,@@@130@@@,@@@0@@@,@@@TRUTRO CUARTO CONGELADO@@@,@@@TRUTRO CUARTO@@@,@@@2 @@@,@@@6 @@@,@@@15@@@,@@@9 @@@,@@@65@@@,@@@2507@@@,@@@0@@@,@@@1059@@@,@@@1590@@@,@@@50.14@@@,@@@@@@,@@@2013.08.30@@@,@@@2013.08.30@@@,@@@0@@@,@@@100@@@,@@@10@@@,@@@0@@@,@@@0@@@,@@@0@@@,@@@0@@@,@@@0@@@,@@@0@@@,@@@0@@@,@@@0@@@,@@@1@@@,@@@0@@@,0,1,0,0,2,0,1,1,0,@@@NO@@@,0,0)','',2,'2013-08-30'),(58872,'DELETE FROM mae_impuestos_productos WHERE pro_codigo_plu=@@@130@@@','',2,'2013-08-30'),(58873,'INSERT INTO mae_productos (pro_codigo_plu,pro_codigo_barra,pro_tipo,pro_nombre_producto,pro_nombre_corto,med_id,emb_id,pro_unidades_embalaje,dep_id,lin_id,mar_id,pro_precio_compra_neto,pro_precio_compra_bruto,pro_precio_venta,pro_margen_actual,pro_oferta,pro_fecha_inicio_oferta,pro_fecha_termino_oferta,pro_precio_oferta,pro_stock_minimo,pro_stock_critico,pro_entradas_bodega,pro_salidas_bodega,pro_mermas_bodega,pro_ajustes_bodega,pro_entradas_sv,pro_salidas_sv,pro_mermas_sv,pro_ajustes_sv,pro_activo,rec_numero,pro_unidad,pro_capacidad,pro_consumo_bodega,pro_consumo_sv,pro_estado,pro_funcion_plu,pro_flejes,pro_iva,pro_plu_asociado,pro_envase,pro_duracion,pro_numero_etiqueta) VALUES (131,@@@131@@@,@@@0@@@,@@@POLLO SIN MENUDENCIA CONGELADO@@@,@@@POLLO SIN MENUDE@@@,@@@2 @@@,@@@6 @@@,@@@15@@@,@@@9 @@@,@@@65@@@,@@@2507@@@,@@@0@@@,@@@1356.6@@@,@@@1780@@@,@@@31.21@@@,@@@@@@,@@@2013.08.30@@@,@@@2013.08.30@@@,@@@0@@@,@@@50@@@,@@@10@@@,@@@0@@@,@@@0@@@,@@@0@@@,@@@0@@@,@@@0@@@,@@@0@@@,@@@0@@@,@@@0@@@,@@@1@@@,@@@0@@@,0,1,0,0,2,0,1,1,0,@@@NO@@@,0,0)','',2,'2013-08-30'),(58874,'DELETE FROM mae_impuestos_productos WHERE pro_codigo_plu=@@@131@@@','',2,'2013-08-30'),(58875,'INSERT INTO mae_productos (pro_codigo_plu,pro_codigo_barra,pro_tipo,pro_nombre_producto,pro_nombre_corto,med_id,emb_id,pro_unidades_embalaje,dep_id,lin_id,mar_id,pro_precio_compra_neto,pro_precio_compra_bruto,pro_precio_venta,pro_margen_actual,pro_oferta,pro_fecha_inicio_oferta,pro_fecha_termino_oferta,pro_precio_oferta,pro_stock_minimo,pro_stock_critico,pro_entradas_bodega,pro_salidas_bodega,pro_mermas_bodega,pro_ajustes_bodega,pro_entradas_sv,pro_salidas_sv,pro_mermas_sv,pro_ajustes_sv,pro_activo,rec_numero,pro_unidad,pro_capacidad,pro_consumo_bodega,pro_consumo_sv,pro_estado,pro_funcion_plu,pro_flejes,pro_iva,pro_plu_asociado,pro_envase,pro_duracion,pro_numero_etiqueta) VALUES (132,@@@132@@@,@@@0@@@,@@@PULPA PIERNA CONGELADA@@@,@@@PULPA PIERNA CON@@@,@@@2 @@@,@@@6 @@@,@@@15@@@,@@@11 @@@,@@@70@@@,@@@2507@@@,@@@0@@@,@@@2380.8@@@,@@@3490@@@,@@@46.59@@@,@@@@@@,@@@2013.08.30@@@,@@@2013.08.30@@@,@@@0@@@,@@@50@@@,@@@10@@@,@@@0@@@,@@@0@@@,@@@0@@@,@@@0@@@,@@@0@@@,@@@0@@@,@@@0@@@,@@@0@@@,@@@1@@@,@@@0@@@,0,1,0,0,2,0,1,1,0,@@@NO@@@,0,0)','',2,'2013-08-30'),(58876,'DELETE FROM mae_impuestos_productos WHERE pro_codigo_plu=@@@132@@@','',2,'2013-08-30'),(58877,'UPDATE mae_productos SET pro_margen_actual=31.21,pro_precio_venta=1780 WHERE pro_codigo_plu=131','',2,'2013-08-30'),(58878,'UPDATE mae_productos SET pro_margen_actual=46.59,pro_precio_venta=3490 WHERE pro_codigo_plu=132','',2,'2013-08-30'),(58879,'UPDATE mae_productos SET pro_margen_actual=50.14,pro_precio_venta=1590 WHERE pro_codigo_plu=130','',2,'2013-08-30'),(58880,'UPDATE mae_productos SET pro_precio_fiscal=pro_precio_venta WHERE pro_codigo_plu=130','',2,'2013-08-30'),(58881,'UPDATE mae_productos SET pro_precio_fiscal=pro_precio_venta WHERE pro_codigo_plu=131','',2,'2013-08-30'),(58882,'UPDATE mae_productos SET pro_precio_fiscal=pro_precio_venta WHERE pro_codigo_plu=132','',2,'2013-08-30'),(58883,'UPDATE mae_productos SET pro_margen_actual=6148.7,pro_precio_venta=3230 WHERE pro_codigo_plu=780721709','',2,'2013-08-30'),(58884,'UPDATE mae_productos SET pro_margen_actual=6148.7,pro_precio_venta=3230 WHERE pro_codigo_plu=780721708','',2,'2013-08-30'),(58885,'UPDATE mae_productos SET pro_margen_actual=6148.7,pro_precio_venta=3230 WHERE pro_codigo_plu=780721706','',2,'2013-08-30'),(58886,'UPDATE mae_productos SET pro_margen_actual=6148.7,pro_precio_venta=3230 WHERE pro_codigo_plu=780721707','',2,'2013-08-30'),(58887,'INSERT INTO gne_vale_ferreteria (vfe_id,vfe_fecha,vfe_total,vfe_estado,vfe_entregado,usu_nusuario) VALUES (9599,@@@2013.08.30@@@,1890,1,0,@@@b_SAEZ@@@)','',2,'2013-08-30'),(58888,'INSERT INTO gne_vale_ferreteria_mov (vfe_id,pro_codigo_plu,vfm_cantidad,vfm_unitario,vfm_total,vfm_entregado) VALUES (9599,101845,1,1890,1890,@@@NO@@@)','',2,'2013-08-30'),(58889,'UPDATE mae_productos SET pro_precio_fiscal=pro_precio_venta WHERE pro_codigo_plu=780721709','',2,'2013-08-30'),(58890,'UPDATE mae_productos SET pro_precio_fiscal=pro_precio_venta WHERE pro_codigo_plu=780721708','',2,'2013-08-30'),(58891,'UPDATE mae_productos SET pro_precio_fiscal=pro_precio_venta WHERE pro_codigo_plu=780721706','',2,'2013-08-30'),(58892,'UPDATE mae_productos SET pro_precio_fiscal=pro_precio_venta WHERE pro_codigo_plu=780721707','',2,'2013-08-30'),(58893,'INSERT INTO gne_vale_ferreteria (vfe_id,vfe_fecha,vfe_total,vfe_estado,vfe_entregado,usu_nusuario) VALUES (9600,@@@2013.08.30@@@,380,1,0,@@@b_SAEZ@@@)','',2,'2013-08-30'),(58894,'INSERT INTO gne_vale_ferreteria_mov (vfe_id,pro_codigo_plu,vfm_cantidad,vfm_unitario,vfm_total,vfm_entregado) VALUES (9600,1537,2,190,380,@@@NO@@@)','',2,'2013-08-30'),(58895,'INSERT INTO mae_productos (pro_codigo_plu,pro_codigo_barra,pro_tipo,pro_nombre_producto,pro_nombre_corto,med_id,emb_id,pro_unidades_embalaje,dep_id,lin_id,mar_id,pro_precio_compra_neto,pro_precio_compra_bruto,pro_precio_venta,pro_margen_actual,pro_oferta,pro_fecha_inicio_oferta,pro_fecha_termino_oferta,pro_precio_oferta,pro_stock_minimo,pro_stock_critico,pro_entradas_bodega,pro_salidas_bodega,pro_mermas_bodega,pro_ajustes_bodega,pro_entradas_sv,pro_salidas_sv,pro_mermas_sv,pro_ajustes_sv,pro_activo,rec_numero,pro_unidad,pro_capacidad,pro_consumo_bodega,pro_consumo_sv,pro_estado,pro_funcion_plu,pro_flejes,pro_iva,pro_plu_asociado,pro_envase,pro_duracion,pro_numero_etiqueta) VALUES (780721711,@@@7613033963216@@@,@@@0@@@,@@@YOGHURT NESTLE TROZOS FRUTILLA@@@,@@@YOGHURT NESTLE T@@@,@@@5 @@@,@@@6 @@@,@@@12@@@,@@@3 @@@,@@@50@@@,@@@9@@@,@@@0@@@,@@@1@@@,@@@260@@@,@@@25900@@@,@@@@@@,@@@2013.08.30@@@,@@@2013.08.30@@@,@@@0@@@,@@@12@@@,@@@4@@@,@@@0@@@,@@@0@@@,@@@0@@@,@@@0@@@,@@@0@@@,@@@0@@@,@@@0@@@,@@@0@@@,@@@1@@@,@@@0@@@,0,125,0,0,2,0,1,1,0,@@@NO@@@,0,0)','',2,'2013-08-30'),(58896,'DELETE FROM mae_impuestos_productos WHERE pro_codigo_plu=@@@780721711@@@','',2,'2013-08-30'),(58897,'UPDATE mae_productos SET pro_codigo_barra=@@@130@@@,pro_tipo=@@@0@@@,pro_nombre_producto=@@@TRUTRO CUARTO CONGELADO@@@,pro_nombre_corto=@@@TRUTRO CUARTO@@@,med_id=@@@2@@@,emb_id=@@@6@@@,pro_unidades_embalaje=@@@15@@@,dep_id=@@@9 @@@,lin_id=@@@65@@@,mar_id=@@@2507@@@,pro_precio_compra_neto=@@@0@@@,pro_precio_compra_bruto=@@@1059@@@,pro_precio_venta=@@@1590@@@,pro_margen_actual=@@@50.14@@@,pro_oferta=@@@NO@@@,pro_fecha_inicio_oferta=@@@2013.08.30@@@,pro_fecha_termino_oferta=@@@2013.08.30@@@,pro_precio_oferta=@@@0@@@,pro_stock_minimo=@@@100@@@,pro_stock_critico=@@@10@@@,pro_activo=@@@1@@@,pro_unidad=@@@1@@@,pro_precio_compra_bruto=1059,pro_margen_actual=50.14,pro_capacidad=1,pro_funcion_plu=1,pro_flejes=1,pro_iva=1,pro_plu_asociado=0,pro_envase=@@@NO@@@,pro_duracion=0,pro_numero_etiqueta=1 WHERE pro_codigo_plu=@@@130@@@','',2,'2013-08-30'),(58898,'UPDATE mae_productos SET pro_estado=1 WHERE pro_codigo_plu=130','',2,'2013-08-30'),(58899,'DELETE FROM mae_impuestos_productos WHERE pro_codigo_plu=@@@130@@@','',2,'2013-08-30'),(58900,'UPDATE mae_productos SET pro_codigo_barra=@@@131@@@,pro_tipo=@@@0@@@,pro_nombre_producto=@@@POLLO SIN MENUDENCIA CONGELADO@@@,pro_nombre_corto=@@@POLLO SIN MENUDE@@@,med_id=@@@2@@@,emb_id=@@@6@@@,pro_unidades_embalaje=@@@15@@@,dep_id=@@@9 @@@,lin_id=@@@65@@@,mar_id=@@@2507@@@,pro_precio_compra_neto=@@@0@@@,pro_precio_compra_bruto=@@@1356.6@@@,pro_precio_venta=@@@1780@@@,pro_margen_actual=@@@31.21@@@,pro_oferta=@@@NO@@@,pro_fecha_inicio_oferta=@@@2013.08.30@@@,pro_fecha_termino_oferta=@@@2013.08.30@@@,pro_precio_oferta=@@@0@@@,pro_stock_minimo=@@@50@@@,pro_stock_critico=@@@10@@@,pro_activo=@@@1@@@,pro_unidad=@@@1@@@,pro_precio_compra_bruto=1356.6,pro_margen_actual=31.21,pro_capacidad=1,pro_funcion_plu=1,pro_flejes=1,pro_iva=1,pro_plu_asociado=0,pro_envase=@@@NO@@@,pro_duracion=0,pro_numero_etiqueta=1 WHERE pro_codigo_plu=@@@131@@@','',2,'2013-08-30'),(58901,'UPDATE mae_productos SET pro_estado=1 WHERE pro_codigo_plu=131','',2,'2013-08-30'),(58902,'DELETE FROM mae_impuestos_productos WHERE pro_codigo_plu=@@@131@@@','',2,'2013-08-30'),(58903,'UPDATE mae_productos SET pro_codigo_barra=@@@132@@@,pro_tipo=@@@0@@@,pro_nombre_producto=@@@PULPA PIERNA CONGELADA@@@,pro_nombre_corto=@@@PULPA PIERNA CON@@@,med_id=@@@2@@@,emb_id=@@@6@@@,pro_unidades_embalaje=@@@15@@@,dep_id=@@@11 @@@,lin_id=@@@70@@@,mar_id=@@@2507@@@,pro_precio_compra_neto=@@@0@@@,pro_precio_compra_bruto=@@@2380.8@@@,pro_precio_venta=@@@3490@@@,pro_margen_actual=@@@46.59@@@,pro_oferta=@@@NO@@@,pro_fecha_inicio_oferta=@@@2013.08.30@@@,pro_fecha_termino_oferta=@@@2013.08.30@@@,pro_precio_oferta=@@@0@@@,pro_stock_minimo=@@@50@@@,pro_stock_critico=@@@10@@@,pro_activo=@@@1@@@,pro_unidad=@@@1@@@,pro_precio_compra_bruto=2380.8,pro_margen_actual=46.59,pro_capacidad=1,pro_funcion_plu=1,pro_flejes=1,pro_iva=1,pro_plu_asociado=0,pro_envase=@@@NO@@@,pro_duracion=0,pro_numero_etiqueta=1 WHERE pro_codigo_plu=@@@132@@@','',2,'2013-08-30'),(58904,'UPDATE mae_productos SET pro_estado=1 WHERE pro_codigo_plu=132','',2,'2013-08-30'),(58905,'DELETE FROM mae_impuestos_productos WHERE pro_codigo_plu=@@@132@@@','',2,'2013-08-30'),(58906,'INSERT INTO gne_vale_ferreteria (vfe_id,vfe_fecha,vfe_total,vfe_estado,vfe_entregado,usu_nusuario) VALUES (9601,@@@2013.08.30@@@,1890,1,0,@@@b_SAEZ@@@)','',2,'2013-08-30'),(58907,'INSERT INTO gne_vale_ferreteria_mov (vfe_id,pro_codigo_plu,vfm_cantidad,vfm_unitario,vfm_total,vfm_entregado) VALUES (9601,7500879,1,1890,1890,@@@NO@@@)','',2,'2013-08-30'),(58908,'INSERT INTO gne_vale_ferreteria (vfe_id,vfe_fecha,vfe_total,vfe_estado,vfe_entregado,usu_nusuario) VALUES (9602,@@@2013.08.30@@@,470,1,0,@@@b_SAEZ@@@)','',2,'2013-08-30'),(58909,'INSERT INTO gne_vale_ferreteria_mov (vfe_id,pro_codigo_plu,vfm_cantidad,vfm_unitario,vfm_total,vfm_entregado) VALUES (9602,770020,1,390,390,@@@NO@@@)','',2,'2013-08-30'),(58910,'INSERT INTO gne_vale_ferreteria_mov (vfe_id,pro_codigo_plu,vfm_cantidad,vfm_unitario,vfm_total,vfm_entregado) VALUES (9602,770001,1,80,80,@@@NO@@@)','',2,'2013-08-30'),(58911,'INSERT INTO gne_vale_ferreteria (vfe_id,vfe_fecha,vfe_total,vfe_estado,vfe_entregado,usu_nusuario) VALUES (9603,@@@2013.08.30@@@,2490,1,0,@@@b_SAEZ@@@)','',2,'2013-08-30'),(58912,'INSERT INTO gne_vale_ferreteria_mov (vfe_id,pro_codigo_plu,vfm_cantidad,vfm_unitario,vfm_total,vfm_entregado) VALUES (9603,780721119,1,2490,2490,@@@NO@@@)','',2,'2013-08-30'),(58913,'INSERT INTO gne_vale_ferreteria (vfe_id,vfe_fecha,vfe_total,vfe_estado,vfe_entregado,usu_nusuario) VALUES (9604,@@@2013.08.31@@@,490,1,0,@@@b_SAEZ@@@)','',2,'2013-08-31'),(58914,'INSERT INTO gne_vale_ferreteria_mov (vfe_id,pro_codigo_plu,vfm_cantidad,vfm_unitario,vfm_total,vfm_entregado) VALUES (9604,1538,1,490,490,@@@NO@@@)','',2,'2013-08-31'),(58915,'INSERT INTO gne_vale_ferreteria (vfe_id,vfe_fecha,vfe_total,vfe_estado,vfe_entregado,usu_nusuario) VALUES (9605,@@@2013.08.31@@@,1250,1,0,@@@b_SAEZ@@@)','',2,'2013-08-31'),(58916,'INSERT INTO gne_vale_ferreteria_mov (vfe_id,pro_codigo_plu,vfm_cantidad,vfm_unitario,vfm_total,vfm_entregado) VALUES (9605,508,1,1250,1250,@@@NO@@@)','',2,'2013-08-31'),(58917,'INSERT INTO gne_vale_ferreteria (vfe_id,vfe_fecha,vfe_total,vfe_estado,vfe_entregado,usu_nusuario) VALUES (9606,@@@2013.08.31@@@,2200,1,0,@@@b_SAEZ@@@)','',2,'2013-08-31'),(58918,'INSERT INTO gne_vale_ferreteria_mov (vfe_id,pro_codigo_plu,vfm_cantidad,vfm_unitario,vfm_total,vfm_entregado) VALUES (9606,763983,2,1100,2200,@@@NO@@@)','',2,'2013-08-31'),(58919,'INSERT INTO gne_vale_ferreteria (vfe_id,vfe_fecha,vfe_total,vfe_estado,vfe_entregado,usu_nusuario) VALUES (9607,@@@2013.08.31@@@,790,1,0,@@@b_SAEZ@@@)','',2,'2013-08-31'),(58920,'INSERT INTO gne_vale_ferreteria_mov (vfe_id,pro_codigo_plu,vfm_cantidad,vfm_unitario,vfm_total,vfm_entregado) VALUES (9607,780721486,1,790,790,@@@NO@@@)','',2,'2013-08-31'),(58921,'INSERT INTO gne_vale_ferreteria (vfe_id,vfe_fecha,vfe_total,vfe_estado,vfe_entregado,usu_nusuario) VALUES (9608,@@@2013.08.31@@@,350,1,0,@@@b_SAEZ@@@)','',2,'2013-08-31'),(58922,'INSERT INTO gne_vale_ferreteria_mov (vfe_id,pro_codigo_plu,vfm_cantidad,vfm_unitario,vfm_total,vfm_entregado) VALUES (9608,102408,1,350,350,@@@NO@@@)','',2,'2013-08-31'),(58923,'INSERT INTO gne_vale_ferreteria (vfe_id,vfe_fecha,vfe_total,vfe_estado,vfe_entregado,usu_nusuario) VALUES (9609,@@@2013.08.31@@@,100,1,0,@@@b_SAEZ@@@)','',2,'2013-08-31'),(58924,'INSERT INTO gne_vale_ferreteria_mov (vfe_id,pro_codigo_plu,vfm_cantidad,vfm_unitario,vfm_total,vfm_entregado) VALUES (9609,780220123,2,50,100,@@@NO@@@)','',2,'2013-08-31'),(58925,'INSERT INTO gne_vale_ferreteria (vfe_id,vfe_fecha,vfe_total,vfe_estado,vfe_entregado,usu_nusuario) VALUES (9610,@@@2013.08.31@@@,2380,1,0,@@@b_SAEZ@@@)','',2,'2013-08-31'),(58926,'INSERT INTO gne_vale_ferreteria_mov (vfe_id,pro_codigo_plu,vfm_cantidad,vfm_unitario,vfm_total,vfm_entregado) VALUES (9610,15391,1,1590,1590,@@@NO@@@)','',2,'2013-08-31'),(58927,'INSERT INTO gne_vale_ferreteria_mov (vfe_id,pro_codigo_plu,vfm_cantidad,vfm_unitario,vfm_total,vfm_entregado) VALUES (9610,764020,1,790,790,@@@NO@@@)','',2,'2013-08-31'),(58928,'INSERT INTO gne_vale_ferreteria (vfe_id,vfe_fecha,vfe_total,vfe_estado,vfe_entregado,usu_nusuario) VALUES (9611,@@@2013.08.31@@@,2540,1,0,@@@b_SAEZ@@@)','',2,'2013-08-31'),(58929,'INSERT INTO gne_vale_ferreteria_mov (vfe_id,pro_codigo_plu,vfm_cantidad,vfm_unitario,vfm_total,vfm_entregado) VALUES (9611,764514,1,1890,1890,@@@NO@@@)','',2,'2013-08-31'),(58930,'INSERT INTO gne_vale_ferreteria_mov (vfe_id,pro_codigo_plu,vfm_cantidad,vfm_unitario,vfm_total,vfm_entregado) VALUES (9611,780721220,1,300,300,@@@NO@@@)','',2,'2013-08-31'),(58931,'INSERT INTO gne_vale_ferreteria_mov (vfe_id,pro_codigo_plu,vfm_cantidad,vfm_unitario,vfm_total,vfm_entregado) VALUES (9611,21135,1,200,200,@@@NO@@@)','',2,'2013-08-31'),(58932,'INSERT INTO gne_vale_ferreteria_mov (vfe_id,pro_codigo_plu,vfm_cantidad,vfm_unitario,vfm_total,vfm_entregado) VALUES (9611,8021,1,150,150,@@@NO@@@)','',2,'2013-08-31'),(58933,'INSERT INTO gne_vale_ferreteria (vfe_id,vfe_fecha,vfe_total,vfe_estado,vfe_entregado,usu_nusuario) VALUES (9612,@@@2013.08.31@@@,5480,1,0,@@@b_SAEZ@@@)','',2,'2013-08-31'),(58934,'INSERT INTO gne_vale_ferreteria_mov (vfe_id,pro_codigo_plu,vfm_cantidad,vfm_unitario,vfm_total,vfm_entregado) VALUES (9612,780721519,2,590,1180,@@@NO@@@)','',2,'2013-08-31'),(58935,'INSERT INTO gne_vale_ferreteria_mov (vfe_id,pro_codigo_plu,vfm_cantidad,vfm_unitario,vfm_total,vfm_entregado) VALUES (9612,78017140,1,200,200,@@@NO@@@)','',2,'2013-08-31'),(58936,'INSERT INTO gne_vale_ferreteria_mov (vfe_id,pro_codigo_plu,vfm_cantidad,vfm_unitario,vfm_total,vfm_entregado) VALUES (9612,78017135,1,200,200,@@@NO@@@)','',2,'2013-08-31'),(58937,'INSERT INTO gne_vale_ferreteria_mov (vfe_id,pro_codigo_plu,vfm_cantidad,vfm_unitario,vfm_total,vfm_entregado) VALUES (9612,78017112,6,120,720,@@@NO@@@)','',2,'2013-08-31'),(58938,'INSERT INTO gne_vale_ferreteria_mov (vfe_id,pro_codigo_plu,vfm_cantidad,vfm_unitario,vfm_total,vfm_entregado) VALUES (9612,764242,1,490,490,@@@NO@@@)','',2,'2013-08-31'),(58939,'INSERT INTO gne_vale_ferreteria_mov (vfe_id,pro_codigo_plu,vfm_cantidad,vfm_unitario,vfm_total,vfm_entregado) VALUES (9612,780721525,1,2690,2690,@@@NO@@@)','',2,'2013-08-31'),(58940,'INSERT INTO gne_vale_ferreteria (vfe_id,vfe_fecha,vfe_total,vfe_estado,vfe_entregado,usu_nusuario) VALUES (9613,@@@2013.08.31@@@,5140,1,0,@@@b_SAEZ@@@)','',2,'2013-08-31'),(58941,'INSERT INTO gne_vale_ferreteria_mov (vfe_id,pro_codigo_plu,vfm_cantidad,vfm_unitario,vfm_total,vfm_entregado) VALUES (9613,764463,2,990,1980,@@@NO@@@)','',2,'2013-08-31'),(58942,'INSERT INTO gne_vale_ferreteria_mov (vfe_id,pro_codigo_plu,vfm_cantidad,vfm_unitario,vfm_total,vfm_entregado) VALUES (9613,1552,2,490,980,@@@NO@@@)','',2,'2013-08-31'),(58943,'INSERT INTO gne_vale_ferreteria_mov (vfe_id,pro_codigo_plu,vfm_cantidad,vfm_unitario,vfm_total,vfm_entregado) VALUES (9613,780721516,1,590,590,@@@NO@@@)','',2,'2013-08-31'),(58944,'INSERT INTO gne_vale_ferreteria_mov (vfe_id,pro_codigo_plu,vfm_cantidad,vfm_unitario,vfm_total,vfm_entregado) VALUES (9613,780220123,2,50,100,@@@NO@@@)','',2,'2013-08-31'),(58945,'INSERT INTO gne_vale_ferreteria_mov (vfe_id,pro_codigo_plu,vfm_cantidad,vfm_unitario,vfm_total,vfm_entregado) VALUES (9613,763650,1,1490,1490,@@@NO@@@)','',2,'2013-08-31'),(58946,'INSERT INTO gne_vale_ferreteria (vfe_id,vfe_fecha,vfe_total,vfe_estado,vfe_entregado,usu_nusuario) VALUES (9614,@@@2013.08.31@@@,640,1,0,@@@b_SAEZ@@@)','',2,'2013-08-31'),(58947,'INSERT INTO gne_vale_ferreteria_mov (vfe_id,pro_codigo_plu,vfm_cantidad,vfm_unitario,vfm_total,vfm_entregado) VALUES (9614,770020,1,390,390,@@@NO@@@)','',2,'2013-08-31'),(58948,'INSERT INTO gne_vale_ferreteria_mov (vfe_id,pro_codigo_plu,vfm_cantidad,vfm_unitario,vfm_total,vfm_entregado) VALUES (9614,780220102,1,250,250,@@@NO@@@)','',2,'2013-08-31'),(58949,'INSERT INTO gne_vale_ferreteria (vfe_id,vfe_fecha,vfe_total,vfe_estado,vfe_entregado,usu_nusuario) VALUES (9615,@@@2013.08.31@@@,4490,1,0,@@@b_SAEZ@@@)','',2,'2013-08-31'),(58950,'INSERT INTO gne_vale_ferreteria_mov (vfe_id,pro_codigo_plu,vfm_cantidad,vfm_unitario,vfm_total,vfm_entregado) VALUES (9615,764669,1,4490,4490,@@@NO@@@)','',2,'2013-08-31'),(58951,'INSERT INTO gne_vale_ferreteria (vfe_id,vfe_fecha,vfe_total,vfe_estado,vfe_entregado,usu_nusuario) VALUES (9616,@@@2013.08.31@@@,200,1,0,@@@b_SAEZ@@@)','',2,'2013-08-31'),(58952,'INSERT INTO gne_vale_ferreteria_mov (vfe_id,pro_codigo_plu,vfm_cantidad,vfm_unitario,vfm_total,vfm_entregado) VALUES (9616,764833,20,10,200,@@@NO@@@)','',2,'2013-08-31'),(58953,'INSERT INTO gne_vale_ferreteria (vfe_id,vfe_fecha,vfe_total,vfe_estado,vfe_entregado,usu_nusuario) VALUES (9617,@@@2013.08.31@@@,3308,1,0,@@@b_SAEZ@@@)','',2,'2013-08-31'),(58954,'INSERT INTO gne_vale_ferreteria_mov (vfe_id,pro_codigo_plu,vfm_cantidad,vfm_unitario,vfm_total,vfm_entregado) VALUES (9617,763723,1,350,350,@@@NO@@@)','',2,'2013-08-31'),(58955,'INSERT INTO gne_vale_ferreteria_mov (vfe_id,pro_codigo_plu,vfm_cantidad,vfm_unitario,vfm_total,vfm_entregado) VALUES (9617,763721,1,399,399,@@@NO@@@)','',2,'2013-08-31'),(58956,'INSERT INTO gne_vale_ferreteria_mov (vfe_id,pro_codigo_plu,vfm_cantidad,vfm_unitario,vfm_total,vfm_entregado) VALUES (9617,19916,4,540,2160,@@@NO@@@)','',2,'2013-08-31'),(58957,'INSERT INTO gne_vale_ferreteria_mov (vfe_id,pro_codigo_plu,vfm_cantidad,vfm_unitario,vfm_total,vfm_entregado) VALUES (9617,763722,1,399,399,@@@NO@@@)','',2,'2013-08-31'),(58958,'INSERT INTO gne_vale_ferreteria (vfe_id,vfe_fecha,vfe_total,vfe_estado,vfe_entregado,usu_nusuario) VALUES (9618,@@@2013.08.31@@@,300,1,0,@@@b_SAEZ@@@)','',2,'2013-08-31'),(58959,'INSERT INTO gne_vale_ferreteria_mov (vfe_id,pro_codigo_plu,vfm_cantidad,vfm_unitario,vfm_total,vfm_entregado) VALUES (9618,2004,1,300,300,@@@NO@@@)','',2,'2013-08-31'),(58960,'INSERT INTO gne_vale_ferreteria (vfe_id,vfe_fecha,vfe_total,vfe_estado,vfe_entregado,usu_nusuario) VALUES (9619,@@@2013.08.31@@@,1470,1,0,@@@b_SAEZ@@@)','',2,'2013-08-31'),(58961,'INSERT INTO gne_vale_ferreteria_mov (vfe_id,pro_codigo_plu,vfm_cantidad,vfm_unitario,vfm_total,vfm_entregado) VALUES (9619,8022,3,120,360,@@@NO@@@)','',2,'2013-08-31'),(58962,'INSERT INTO gne_vale_ferreteria_mov (vfe_id,pro_codigo_plu,vfm_cantidad,vfm_unitario,vfm_total,vfm_entregado) VALUES (9619,780220195,1,590,590,@@@NO@@@)','',2,'2013-08-31'),(58963,'INSERT INTO gne_vale_ferreteria_mov (vfe_id,pro_codigo_plu,vfm_cantidad,vfm_unitario,vfm_total,vfm_entregado) VALUES (9619,78017173,1,520,520,@@@NO@@@)','',2,'2013-08-31'),(58964,'INSERT INTO gne_vale_ferreteria (vfe_id,vfe_fecha,vfe_total,vfe_estado,vfe_entregado,usu_nusuario) VALUES (9620,@@@2013.08.31@@@,890,1,0,@@@b_SAEZ@@@)','',2,'2013-08-31'),(58965,'INSERT INTO gne_vale_ferreteria_mov (vfe_id,pro_codigo_plu,vfm_cantidad,vfm_unitario,vfm_total,vfm_entregado) VALUES (9620,11670,1,890,890,@@@NO@@@)','',2,'2013-08-31'),(58966,'INSERT INTO gne_vale_ferreteria (vfe_id,vfe_fecha,vfe_total,vfe_estado,vfe_entregado,usu_nusuario) VALUES (9621,@@@2013.08.31@@@,1730,1,0,@@@b_SAEZ@@@)','',2,'2013-08-31'),(58967,'INSERT INTO gne_vale_ferreteria_mov (vfe_id,pro_codigo_plu,vfm_cantidad,vfm_unitario,vfm_total,vfm_entregado) VALUES (9621,880004,1,650,650,@@@NO@@@)','',2,'2013-08-31'),(58968,'INSERT INTO gne_vale_ferreteria_mov (vfe_id,pro_codigo_plu,vfm_cantidad,vfm_unitario,vfm_total,vfm_entregado) VALUES (9621,764823,11,80,880,@@@NO@@@)','',2,'2013-08-31'),(58969,'INSERT INTO gne_vale_ferreteria_mov (vfe_id,pro_codigo_plu,vfm_cantidad,vfm_unitario,vfm_total,vfm_entregado) VALUES (9621,765072,1,200,200,@@@NO@@@)','',2,'2013-08-31'),(58970,'INSERT INTO gne_vale_ferreteria (vfe_id,vfe_fecha,vfe_total,vfe_estado,vfe_entregado,usu_nusuario) VALUES (9622,@@@2013.08.31@@@,1390,1,0,@@@b_SAEZ@@@)','',2,'2013-08-31'),(58971,'INSERT INTO gne_vale_ferreteria_mov (vfe_id,pro_codigo_plu,vfm_cantidad,vfm_unitario,vfm_total,vfm_entregado) VALUES (9622,780721672,1,1390,1390,@@@NO@@@)','',2,'2013-08-31'),(58972,'INSERT INTO gne_vale_ferreteria (vfe_id,vfe_fecha,vfe_total,vfe_estado,vfe_entregado,usu_nusuario) VALUES (9623,@@@2013.08.31@@@,390,1,0,@@@b_SAEZ@@@)','',2,'2013-08-31'),(58973,'INSERT INTO gne_vale_ferreteria_mov (vfe_id,pro_codigo_plu,vfm_cantidad,vfm_unitario,vfm_total,vfm_entregado) VALUES (9623,78017020,1,390,390,@@@NO@@@)','',2,'2013-08-31'),(58974,'INSERT INTO gne_vale_ferreteria (vfe_id,vfe_fecha,vfe_total,vfe_estado,vfe_entregado,usu_nusuario) VALUES (9624,@@@2013.08.31@@@,1040,1,0,@@@b_SAEZ@@@)','',2,'2013-08-31'),(58975,'INSERT INTO gne_vale_ferreteria_mov (vfe_id,pro_codigo_plu,vfm_cantidad,vfm_unitario,vfm_total,vfm_entregado) VALUES (9624,763890,1,550,550,@@@NO@@@)','',2,'2013-08-31'),(58976,'INSERT INTO gne_vale_ferreteria_mov (vfe_id,pro_codigo_plu,vfm_cantidad,vfm_unitario,vfm_total,vfm_entregado) VALUES (9624,780721558,1,490,490,@@@NO@@@)','',2,'2013-08-31'),(58977,'INSERT INTO gne_vale_ferreteria (vfe_id,vfe_fecha,vfe_total,vfe_estado,vfe_entregado,usu_nusuario) VALUES (9625,@@@2013.08.31@@@,330,1,0,@@@b_SAEZ@@@)','',2,'2013-08-31'),(58978,'INSERT INTO gne_vale_ferreteria_mov (vfe_id,pro_codigo_plu,vfm_cantidad,vfm_unitario,vfm_total,vfm_entregado) VALUES (9625,763588,1,330,330,@@@NO@@@)','',2,'2013-08-31'),(58979,'INSERT INTO gne_vale_ferreteria (vfe_id,vfe_fecha,vfe_total,vfe_estado,vfe_entregado,usu_nusuario) VALUES (9626,@@@2013.08.31@@@,390,1,0,@@@b_SAEZ@@@)','',2,'2013-08-31'),(58980,'INSERT INTO gne_vale_ferreteria_mov (vfe_id,pro_codigo_plu,vfm_cantidad,vfm_unitario,vfm_total,vfm_entregado) VALUES (9626,780721291,1,390,390,@@@NO@@@)','',2,'2013-08-31'),(58981,'INSERT INTO gne_vale_ferreteria (vfe_id,vfe_fecha,vfe_total,vfe_estado,vfe_entregado,usu_nusuario) VALUES (9627,@@@2013.08.31@@@,290,1,0,@@@b_SAEZ@@@)','',2,'2013-08-31'),(58982,'INSERT INTO gne_vale_ferreteria_mov (vfe_id,pro_codigo_plu,vfm_cantidad,vfm_unitario,vfm_total,vfm_entregado) VALUES (9627,12608,1,290,290,@@@NO@@@)','',2,'2013-08-31'),(58983,'INSERT INTO gne_vale_ferreteria (vfe_id,vfe_fecha,vfe_total,vfe_estado,vfe_entregado,usu_nusuario) VALUES (9628,@@@2013.08.31@@@,500,1,0,@@@b_SAEZ@@@)','',2,'2013-08-31'),(58984,'INSERT INTO gne_vale_ferreteria_mov (vfe_id,pro_codigo_plu,vfm_cantidad,vfm_unitario,vfm_total,vfm_entregado) VALUES (9628,7051,5,100,500,@@@NO@@@)','',2,'2013-08-31'),(58985,'INSERT INTO gne_vale_ferreteria (vfe_id,vfe_fecha,vfe_total,vfe_estado,vfe_entregado,usu_nusuario) VALUES (9629,@@@2013.08.31@@@,5980,1,0,@@@b_SAEZ@@@)','',2,'2013-08-31'),(58986,'INSERT INTO gne_vale_ferreteria_mov (vfe_id,pro_codigo_plu,vfm_cantidad,vfm_unitario,vfm_total,vfm_entregado) VALUES (9629,101817,2,2990,5980,@@@NO@@@)','',2,'2013-08-31'),(58987,'INSERT INTO gne_vale_ferreteria (vfe_id,vfe_fecha,vfe_total,vfe_estado,vfe_entregado,usu_nusuario) VALUES (9630,@@@2013.08.31@@@,670,1,0,@@@b_SAEZ@@@)','',2,'2013-08-31'),(58988,'INSERT INTO gne_vale_ferreteria_mov (vfe_id,pro_codigo_plu,vfm_cantidad,vfm_unitario,vfm_total,vfm_entregado) VALUES (9630,11378,1,670,670,@@@NO@@@)','',2,'2013-08-31'),(58989,'INSERT INTO gne_vale_ferreteria (vfe_id,vfe_fecha,vfe_total,vfe_estado,vfe_entregado,usu_nusuario) VALUES (9631,@@@2013.08.31@@@,1100,1,0,@@@b_SAEZ@@@)','',2,'2013-08-31'),(58990,'INSERT INTO gne_vale_ferreteria_mov (vfe_id,pro_codigo_plu,vfm_cantidad,vfm_unitario,vfm_total,vfm_entregado) VALUES (9631,780721583,1,1100,1100,@@@NO@@@)','',2,'2013-08-31'),(58991,'INSERT INTO gne_vale_ferreteria (vfe_id,vfe_fecha,vfe_total,vfe_estado,vfe_entregado,usu_nusuario) VALUES (9632,@@@2013.08.31@@@,450,1,0,@@@b_SAEZ@@@)','',2,'2013-08-31'),(58992,'INSERT INTO gne_vale_ferreteria_mov (vfe_id,pro_codigo_plu,vfm_cantidad,vfm_unitario,vfm_total,vfm_entregado) VALUES (9632,3100,1,450,450,@@@NO@@@)','',2,'2013-08-31'),(58993,'INSERT INTO gne_vale_ferreteria (vfe_id,vfe_fecha,vfe_total,vfe_estado,vfe_entregado,usu_nusuario) VALUES (9633,@@@2013.08.31@@@,640,1,0,@@@b_SAEZ@@@)','',2,'2013-08-31'),(58994,'INSERT INTO gne_vale_ferreteria_mov (vfe_id,pro_codigo_plu,vfm_cantidad,vfm_unitario,vfm_total,vfm_entregado) VALUES (9633,19865,1,640,640,@@@NO@@@)','',2,'2013-08-31'),(58995,'INSERT INTO gne_vale_ferreteria (vfe_id,vfe_fecha,vfe_total,vfe_estado,vfe_entregado,usu_nusuario) VALUES (9634,@@@2013.08.31@@@,1870,1,0,@@@b_SAEZ@@@)','',2,'2013-08-31'),(58996,'INSERT INTO gne_vale_ferreteria_mov (vfe_id,pro_codigo_plu,vfm_cantidad,vfm_unitario,vfm_total,vfm_entregado) VALUES (9634,780721251,1,1690,1690,@@@NO@@@)','',2,'2013-08-31'),(58997,'INSERT INTO gne_vale_ferreteria_mov (vfe_id,pro_codigo_plu,vfm_cantidad,vfm_unitario,vfm_total,vfm_entregado) VALUES (9634,8021,1,150,150,@@@NO@@@)','',2,'2013-08-31'),(58998,'INSERT INTO gne_vale_ferreteria_mov (vfe_id,pro_codigo_plu,vfm_cantidad,vfm_unitario,vfm_total,vfm_entregado) VALUES (9634,4079,1,30,30,@@@NO@@@)','',2,'2013-08-31'),(58999,'INSERT INTO gne_vale_ferreteria (vfe_id,vfe_fecha,vfe_total,vfe_estado,vfe_entregado,usu_nusuario) VALUES (9635,@@@2013.08.31@@@,400,1,0,@@@b_SAEZ@@@)','',2,'2013-08-31'),(59000,'INSERT INTO gne_vale_ferreteria_mov (vfe_id,pro_codigo_plu,vfm_cantidad,vfm_unitario,vfm_total,vfm_entregado) VALUES (9635,18386,2,200,400,@@@NO@@@)','',2,'2013-08-31'),(59001,'INSERT INTO gne_vale_ferreteria (vfe_id,vfe_fecha,vfe_total,vfe_estado,vfe_entregado,usu_nusuario) VALUES (9636,@@@2013.08.31@@@,150,1,0,@@@b_SAEZ@@@)','',2,'2013-08-31'),(59002,'INSERT INTO gne_vale_ferreteria_mov (vfe_id,pro_codigo_plu,vfm_cantidad,vfm_unitario,vfm_total,vfm_entregado) VALUES (9636,8021,1,150,150,@@@NO@@@)','',2,'2013-08-31'),(59003,'UPDATE mae_productos SET pro_margen_actual=31.21,pro_precio_venta=1780 WHERE pro_codigo_plu=131','',2,'2013-08-31'),(59004,'UPDATE mae_productos SET pro_margen_actual=46.59,pro_precio_venta=3490 WHERE pro_codigo_plu=132','',2,'2013-08-31'),(59005,'UPDATE mae_productos SET pro_margen_actual=50.14,pro_precio_venta=1590 WHERE pro_codigo_plu=130','',2,'2013-08-31'),(59006,'UPDATE mae_productos SET pro_margen_actual=25900,pro_precio_venta=260 WHERE pro_codigo_plu=780721711','',2,'2013-08-31'),(59007,'UPDATE mae_productos SET pro_codigo_barra=@@@7613033963216@@@,pro_tipo=@@@0@@@,pro_nombre_producto=@@@YOGHURT NESTLE TROZOS FRUTILLA@@@,pro_nombre_corto=@@@YOGHURT NESTLE T@@@,med_id=@@@5@@@,emb_id=@@@6@@@,pro_unidades_embalaje=@@@12@@@,dep_id=@@@3 @@@,lin_id=@@@50@@@,mar_id=@@@9@@@,pro_precio_compra_neto=@@@0@@@,pro_precio_compra_bruto=@@@180@@@,pro_precio_venta=@@@260@@@,pro_margen_actual=@@@44.44@@@,pro_oferta=@@@NO@@@,pro_fecha_inicio_oferta=@@@2013.08.30@@@,pro_fecha_termino_oferta=@@@2013.08.30@@@,pro_precio_oferta=@@@0@@@,pro_stock_minimo=@@@12@@@,pro_stock_critico=@@@4@@@,pro_activo=@@@1@@@,pro_unidad=@@@0@@@,pro_precio_compra_bruto=180,pro_margen_actual=44.44,pro_capacidad=125,pro_funcion_plu=0,pro_flejes=1,pro_iva=1,pro_plu_asociado=0,pro_envase=@@@NO@@@,pro_duracion=0,pro_numero_etiqueta=0 WHERE pro_codigo_plu=@@@780721711@@@','',2,'2013-08-31'),(59008,'UPDATE mae_productos SET pro_estado=1 WHERE pro_codigo_plu=780721711','',2,'2013-08-31'),(59009,'DELETE FROM mae_impuestos_productos WHERE pro_codigo_plu=@@@780721711@@@','',2,'2013-08-31'),(59010,'UPDATE mae_productos SET pro_precio_fiscal=pro_precio_venta WHERE pro_codigo_plu=780721711','',2,'2013-08-31'),(59011,'UPDATE mae_productos SET pro_precio_venta=8100,pro_margen_actual= 38.83 WHERE pro_codigo_plu=17678','',2,'2013-08-31'),(59012,'INSERT INTO gne_vale_ferreteria (vfe_id,vfe_fecha,vfe_total,vfe_estado,vfe_entregado,usu_nusuario) VALUES (9637,@@@2013.08.31@@@,250,1,0,@@@b_SAEZ@@@)','',2,'2013-08-31'),(59013,'INSERT INTO gne_vale_ferreteria_mov (vfe_id,pro_codigo_plu,vfm_cantidad,vfm_unitario,vfm_total,vfm_entregado) VALUES (9637,780220102,1,250,250,@@@NO@@@)','',2,'2013-08-31'),(59014,'UPDATE mae_productos SET pro_precio_venta=490,pro_margen_actual= 34.46 WHERE pro_codigo_plu=16314','',2,'2013-08-31'),(59015,'UPDATE mae_productos SET pro_precio_venta=1790,pro_margen_actual= 4.25 WHERE pro_codigo_plu=764408','',2,'2013-08-31'),(59016,'UPDATE mae_productos SET pro_precio_venta=16590,pro_margen_actual= 0.53 WHERE pro_codigo_plu=764420','',2,'2013-08-31'),(59017,'UPDATE mae_productos SET pro_precio_venta=16490,pro_margen_actual= 4.71 WHERE pro_codigo_plu=764420','',2,'2013-08-31'),(59018,'UPDATE mae_productos SET pro_precio_venta=1690,pro_margen_actual= 14.23 WHERE pro_codigo_plu=764408','',2,'2013-08-31'),(59019,'INSERT INTO gne_vale_ferreteria (vfe_id,vfe_fecha,vfe_total,vfe_estado,vfe_entregado,usu_nusuario) VALUES (9638,@@@2013.08.31@@@,210,1,0,@@@b_SAEZ@@@)','',2,'2013-08-31'),(59020,'INSERT INTO gne_vale_ferreteria_mov (vfe_id,pro_codigo_plu,vfm_cantidad,vfm_unitario,vfm_total,vfm_entregado) VALUES (9638,4079,7,30,210,@@@NO@@@)','',2,'2013-08-31'),(59021,'INSERT INTO gne_vale_ferreteria (vfe_id,vfe_fecha,vfe_total,vfe_estado,vfe_entregado,usu_nusuario) VALUES (9639,@@@2013.08.31@@@,140,1,0,@@@b_SAEZ@@@)','',2,'2013-08-31'),(59022,'INSERT INTO gne_vale_ferreteria_mov (vfe_id,pro_codigo_plu,vfm_cantidad,vfm_unitario,vfm_total,vfm_entregado) VALUES (9639,764834,7,20,140,@@@NO@@@)','',2,'2013-08-31'),(59023,'UPDATE mae_productos SET pro_precio_fiscal=pro_precio_venta WHERE pro_codigo_plu=17678','',2,'2013-08-31'),(59024,'UPDATE mae_productos SET pro_precio_venta=499,pro_margen_actual= 36.9 WHERE pro_codigo_plu=16314','',2,'2013-08-31'),(59025,'UPDATE mae_productos SET pro_margen_actual=16.22,pro_precio_venta=1690 WHERE pro_codigo_plu=764408','',2,'2013-08-31'),(59026,'UPDATE mae_productos SET pro_margen_actual=4.71,pro_precio_venta=16490 WHERE pro_codigo_plu=764420','',2,'2013-08-31'),(59027,'UPDATE mae_productos SET pro_margen_actual=36.9,pro_precio_venta=499 WHERE pro_codigo_plu=16314','',2,'2013-08-31'),(59028,'INSERT INTO com_ventas_grupo (vgr_fecha,vgr_grupo,vgr_cantidad,vgr_total) VALUES (@@@2013.08.30@@@,1,208.495,129092)','',2,'2013-08-31'),(59029,'INSERT INTO com_ventas_grupo (vgr_fecha,vgr_grupo,vgr_cantidad,vgr_total) VALUES (@@@2013.08.30@@@,2,155,84236)','',2,'2013-08-31'),(59030,'INSERT INTO com_ventas_grupo (vgr_fecha,vgr_grupo,vgr_cantidad,vgr_total) VALUES (@@@2013.08.30@@@,3,407,81638)','',2,'2013-08-31'),(59031,'INSERT INTO com_ventas_grupo (vgr_fecha,vgr_grupo,vgr_cantidad,vgr_total) VALUES (@@@2013.08.30@@@,4,128,111565)','',2,'2013-08-31'),(59032,'INSERT INTO com_ventas_grupo (vgr_fecha,vgr_grupo,vgr_cantidad,vgr_total) VALUES (@@@2013.08.30@@@,5,7,26184)','',2,'2013-08-31'),(59033,'INSERT INTO com_ventas_grupo (vgr_fecha,vgr_grupo,vgr_cantidad,vgr_total) VALUES (@@@2013.08.30@@@,6,32,52323)','',2,'2013-08-31'),(59034,'INSERT INTO com_ventas_grupo (vgr_fecha,vgr_grupo,vgr_cantidad,vgr_total) VALUES (@@@2013.08.30@@@,7,66,122496)','',2,'2013-08-31'),(59035,'INSERT INTO com_ventas_grupo (vgr_fecha,vgr_grupo,vgr_cantidad,vgr_total) VALUES (@@@2013.08.30@@@,8,28,21890)','',2,'2013-08-31'),(59036,'INSERT INTO com_ventas_grupo (vgr_fecha,vgr_grupo,vgr_cantidad,vgr_total) VALUES (@@@2013.08.30@@@,9,84.755,161322)','',2,'2013-08-31'),(59037,'INSERT INTO com_ventas_grupo (vgr_fecha,vgr_grupo,vgr_cantidad,vgr_total) VALUES (@@@2013.08.30@@@,10,70.3,185191)','',2,'2013-08-31'),(59038,'INSERT INTO com_ventas_grupo (vgr_fecha,vgr_grupo,vgr_cantidad,vgr_total) VALUES (@@@2013.08.30@@@,11,34.43,98738)','',2,'2013-08-31'),(59039,'INSERT INTO com_ventas_grupo (vgr_fecha,vgr_grupo,vgr_cantidad,vgr_total) VALUES (@@@2013.08.30@@@,12,38.5,63530)','',2,'2013-08-31'),(59040,'INSERT INTO com_ventas_grupo (vgr_fecha,vgr_grupo,vgr_cantidad,vgr_total) VALUES (@@@2013.08.30@@@,13,5.68,26734)','',2,'2013-08-31'),(59041,'INSERT INTO com_ventas_grupo (vgr_fecha,vgr_grupo,vgr_cantidad,vgr_total) VALUES (@@@2013.08.30@@@,14,96.03,87343)','',2,'2013-08-31'),(59042,'INSERT INTO com_ventas_grupo (vgr_fecha,vgr_grupo,vgr_cantidad,vgr_total) VALUES (@@@2013.08.30@@@,15,3,4288)','',2,'2013-08-31'),(59043,'INSERT INTO com_ventas_grupo (vgr_fecha,vgr_grupo,vgr_cantidad,vgr_total) VALUES (@@@2013.08.30@@@,18,173.715,104194)','',2,'2013-08-31'),(59044,'INSERT INTO com_ventas_grupo (vgr_fecha,vgr_grupo,vgr_cantidad,vgr_total) VALUES (@@@2013.08.30@@@,20,163.235,60877)','',2,'2013-08-31'),(59045,'INSERT INTO com_ventas_grupo (vgr_fecha,vgr_grupo,vgr_cantidad,vgr_total) VALUES (@@@2013.08.30@@@,21,33,29739)','',2,'2013-08-31'),(59046,'INSERT INTO com_ventas_grupo (vgr_fecha,vgr_grupo,vgr_cantidad,vgr_total) VALUES (@@@2013.08.30@@@,22,1,4990)','',2,'2013-08-31'),(59047,'INSERT INTO com_ventas_grupo (vgr_fecha,vgr_grupo,vgr_cantidad,vgr_total) VALUES (@@@2013.08.30@@@,23,11,15330)','',2,'2013-08-31'),(59048,'INSERT INTO com_ventas_grupo (vgr_fecha,vgr_grupo,vgr_cantidad,vgr_total) VALUES (@@@2013.08.30@@@,24,72,20289)','',2,'2013-08-31'),(59049,'INSERT INTO com_ventas_grupo (vgr_fecha,vgr_grupo,vgr_cantidad,vgr_total) VALUES (@@@2013.08.30@@@,25,107,146200)','',2,'2013-08-31'),(59050,'INSERT INTO com_ventas_grupo (vgr_fecha,vgr_grupo,vgr_cantidad,vgr_total) VALUES (@@@2013.08.30@@@,31,8,5880)','',2,'2013-08-31'),(59051,'INSERT INTO com_ventas_grupo (vgr_fecha,vgr_grupo,vgr_cantidad,vgr_total) VALUES (@@@2013.08.30@@@,32,357,134224)','',2,'2013-08-31'),(59052,'INSERT INTO com_ventas_grupo (vgr_fecha,vgr_grupo,vgr_cantidad,vgr_total) VALUES (@@@2013.08.30@@@,35,17,14010)','',2,'2013-08-31'),(59053,'INSERT INTO com_ventas_grupo (vgr_fecha,vgr_grupo,vgr_cantidad,vgr_total) VALUES (@@@2013.08.30@@@,36,72,3850)','',2,'2013-08-31'),(59054,'INSERT INTO com_ventas_grupo (vgr_fecha,vgr_grupo,vgr_cantidad,vgr_total) VALUES (@@@2013.08.30@@@,37,2,2690)','',2,'2013-08-31'),(59055,'INSERT INTO com_ventas_grupo (vgr_fecha,vgr_grupo,vgr_cantidad,vgr_total) VALUES (@@@2013.08.30@@@,38,5,7550)','',2,'2013-08-31'),(59056,'INSERT INTO com_ventas_grupo (vgr_fecha,vgr_grupo,vgr_cantidad,vgr_total) VALUES (@@@2013.08.30@@@,39,1,450)','',2,'2013-08-31'),(59057,'INSERT INTO com_ventas_grupo (vgr_fecha,vgr_grupo,vgr_cantidad,vgr_total) VALUES (@@@2013.08.30@@@,40,1680,1680)','',2,'2013-08-31'),(59058,'INSERT INTO com_ventas_grupo (vgr_fecha,vgr_grupo,vgr_cantidad,vgr_total) VALUES (@@@2013.08.30@@@,41,1,990)','',2,'2013-08-31'),(59059,'INSERT INTO com_ventas_grupo (vgr_fecha,vgr_grupo,vgr_cantidad,vgr_total) VALUES (@@@2013.08.30@@@,42,20.985,18477)','',2,'2013-08-31'),(59060,'UPDATE mae_datos_empresa SET emp_oferta=@@@NO@@@','',2,'2013-08-31'),(59061,'INSERT INTO gne_vale_ferreteria (vfe_id,vfe_fecha,vfe_total,vfe_estado,vfe_entregado,usu_nusuario) VALUES (9640,@@@2013.08.31@@@,1990,1,0,@@@b_SAEZ@@@)','',2,'2013-08-31'),(59062,'INSERT INTO gne_vale_ferreteria_mov (vfe_id,pro_codigo_plu,vfm_cantidad,vfm_unitario,vfm_total,vfm_entregado) VALUES (9640,764916,1,1990,1990,@@@NO@@@)','',2,'2013-08-31'),(59063,'INSERT INTO gne_vale_ferreteria (vfe_id,vfe_fecha,vfe_total,vfe_estado,vfe_entregado,usu_nusuario) VALUES (9641,@@@2013.08.31@@@,2050,1,0,@@@b_SAEZ@@@)','',2,'2013-08-31'),(59064,'INSERT INTO gne_vale_ferreteria_mov (vfe_id,pro_codigo_plu,vfm_cantidad,vfm_unitario,vfm_total,vfm_entregado) VALUES (9641,763740,1,1350,1350,@@@NO@@@)','',2,'2013-08-31'),(59065,'INSERT INTO gne_vale_ferreteria_mov (vfe_id,pro_codigo_plu,vfm_cantidad,vfm_unitario,vfm_total,vfm_entregado) VALUES (9641,9900006,1,150,150,@@@NO@@@)','',2,'2013-08-31'),(59066,'INSERT INTO gne_vale_ferreteria_mov (vfe_id,pro_codigo_plu,vfm_cantidad,vfm_unitario,vfm_total,vfm_entregado) VALUES (9641,763890,1,550,550,@@@NO@@@)','',2,'2013-08-31'),(59067,'INSERT INTO gne_vale_ferreteria (vfe_id,vfe_fecha,vfe_total,vfe_estado,vfe_entregado,usu_nusuario) VALUES (9642,@@@2013.08.31@@@,890,1,0,@@@b_SAEZ@@@)','',2,'2013-08-31'),(59068,'INSERT INTO gne_vale_ferreteria_mov (vfe_id,pro_codigo_plu,vfm_cantidad,vfm_unitario,vfm_total,vfm_entregado) VALUES (9642,11670,1,890,890,@@@NO@@@)','',2,'2013-08-31'),(59069,'INSERT INTO gne_vale_ferreteria (vfe_id,vfe_fecha,vfe_total,vfe_estado,vfe_entregado,usu_nusuario) VALUES (9643,@@@2013.08.31@@@,150,1,0,@@@b_SAEZ@@@)','',2,'2013-08-31'),(59070,'INSERT INTO gne_vale_ferreteria_mov (vfe_id,pro_codigo_plu,vfm_cantidad,vfm_unitario,vfm_total,vfm_entregado) VALUES (9643,78017110,1,150,150,@@@NO@@@)','',2,'2013-08-31'),(59071,'INSERT INTO gne_vale_ferreteria (vfe_id,vfe_fecha,vfe_total,vfe_estado,vfe_entregado,usu_nusuario) VALUES (9644,@@@2013.08.31@@@,1380,1,0,@@@b_SAEZ@@@)','',2,'2013-08-31'),(59072,'INSERT INTO gne_vale_ferreteria_mov (vfe_id,pro_codigo_plu,vfm_cantidad,vfm_unitario,vfm_total,vfm_entregado) VALUES (9644,19804,2,690,1380,@@@NO@@@)','',2,'2013-08-31'),(59073,'INSERT INTO gne_vale_ferreteria (vfe_id,vfe_fecha,vfe_total,vfe_estado,vfe_entregado,usu_nusuario) VALUES (9645,@@@2013.08.31@@@,540,1,0,@@@b_SAEZ@@@)','',2,'2013-08-31'),(59074,'INSERT INTO gne_vale_ferreteria_mov (vfe_id,pro_codigo_plu,vfm_cantidad,vfm_unitario,vfm_total,vfm_entregado) VALUES (9645,19916,1,540,540,@@@NO@@@)','',2,'2013-08-31'),(59075,'UPDATE mae_productos SET pro_margen_actual=0,pro_precio_venta=2690 WHERE pro_codigo_plu=763694','',2,'2013-08-31'),(59076,'UPDATE mae_productos SET pro_margen_actual=0,pro_precio_venta=1790 WHERE pro_codigo_plu=763697','',2,'2013-08-31'),(59077,'UPDATE mae_productos SET pro_margen_actual=50.54,pro_precio_venta=1790 WHERE pro_codigo_plu=20476','',2,'2013-08-31'),(59078,'UPDATE mae_productos SET pro_margen_actual=50.54,pro_precio_venta=1790 WHERE pro_codigo_plu=20476','',2,'2013-08-31'),(59079,'UPDATE mae_productos SET pro_margen_actual=0,pro_precio_venta=1790 WHERE pro_codigo_plu=763697','',2,'2013-08-31'),(59080,'UPDATE mae_productos SET pro_margen_actual=0,pro_precio_venta=1790 WHERE pro_codigo_plu=101563','',2,'2013-08-31'),(59081,'UPDATE mae_productos SET pro_precio_fiscal=pro_precio_venta WHERE pro_codigo_plu=763697','',2,'2013-08-31'),(59082,'UPDATE mae_productos SET pro_precio_fiscal=pro_precio_venta WHERE pro_codigo_plu=763694','',2,'2013-08-31'),(59083,'UPDATE mae_productos SET pro_precio_fiscal=pro_precio_venta WHERE pro_codigo_plu=20476','',2,'2013-08-31'),(59084,'UPDATE mae_productos SET pro_precio_fiscal=pro_precio_venta WHERE pro_codigo_plu=101563','',2,'2013-08-31'),(59085,'INSERT INTO gne_vale_ferreteria (vfe_id,vfe_fecha,vfe_total,vfe_estado,vfe_entregado,usu_nusuario) VALUES (9646,@@@2013.08.31@@@,1400,1,0,@@@b_SAEZ@@@)','',2,'2013-08-31'),(59086,'INSERT INTO gne_vale_ferreteria_mov (vfe_id,pro_codigo_plu,vfm_cantidad,vfm_unitario,vfm_total,vfm_entregado) VALUES (9646,780721664,1,250,250,@@@NO@@@)','',2,'2013-08-31'),(59087,'INSERT INTO gne_vale_ferreteria_mov (vfe_id,pro_codigo_plu,vfm_cantidad,vfm_unitario,vfm_total,vfm_entregado) VALUES (9646,4057,1,1150,1150,@@@NO@@@)','',2,'2013-08-31'),(59088,'INSERT INTO gne_vale_ferreteria (vfe_id,vfe_fecha,vfe_total,vfe_estado,vfe_entregado,usu_nusuario) VALUES (9647,@@@2013.08.31@@@,3970,1,0,@@@b_SAEZ@@@)','',2,'2013-08-31'),(59089,'INSERT INTO gne_vale_ferreteria_mov (vfe_id,pro_codigo_plu,vfm_cantidad,vfm_unitario,vfm_total,vfm_entregado) VALUES (9647,780721563,1,1990,1990,@@@NO@@@)','',2,'2013-08-31'),(59090,'INSERT INTO gne_vale_ferreteria_mov (vfe_id,pro_codigo_plu,vfm_cantidad,vfm_unitario,vfm_total,vfm_entregado) VALUES (9647,764624,1,1590,1590,@@@NO@@@)','',2,'2013-08-31'),(59091,'INSERT INTO gne_vale_ferreteria_mov (vfe_id,pro_codigo_plu,vfm_cantidad,vfm_unitario,vfm_total,vfm_entregado) VALUES (9647,1554,1,390,390,@@@NO@@@)','',2,'2013-08-31'),(59092,'INSERT INTO gne_vale_ferreteria (vfe_id,vfe_fecha,vfe_total,vfe_estado,vfe_entregado,usu_nusuario) VALUES (9648,@@@2013.08.31@@@,2590,1,0,@@@b_SAEZ@@@)','',2,'2013-08-31'),(59093,'INSERT INTO gne_vale_ferreteria_mov (vfe_id,pro_codigo_plu,vfm_cantidad,vfm_unitario,vfm_total,vfm_entregado) VALUES (9648,763674,1,2590,2590,@@@NO@@@)','',2,'2013-08-31'),(59094,'INSERT INTO gne_vale_ferreteria (vfe_id,vfe_fecha,vfe_total,vfe_estado,vfe_entregado,usu_nusuario) VALUES (9649,@@@2013.08.31@@@,20,1,0,@@@b_SAEZ@@@)','',2,'2013-08-31'),(59095,'INSERT INTO gne_vale_ferreteria_mov (vfe_id,pro_codigo_plu,vfm_cantidad,vfm_unitario,vfm_total,vfm_entregado) VALUES (9649,764834,1,20,20,@@@NO@@@)','',2,'2013-08-31'),(59096,'INSERT INTO gne_vale_ferreteria (vfe_id,vfe_fecha,vfe_total,vfe_estado,vfe_entregado,usu_nusuario) VALUES (9650,@@@2013.08.31@@@,990,1,0,@@@b_SAEZ@@@)','',2,'2013-08-31'),(59097,'INSERT INTO gne_vale_ferreteria_mov (vfe_id,pro_codigo_plu,vfm_cantidad,vfm_unitario,vfm_total,vfm_entregado) VALUES (9650,780721629,1,990,990,@@@NO@@@)','',2,'2013-08-31'),(59098,'INSERT INTO gne_vale_ferreteria (vfe_id,vfe_fecha,vfe_total,vfe_estado,vfe_entregado,usu_nusuario) VALUES (9651,@@@2013.08.31@@@,590,1,0,@@@b_SAEZ@@@)','',2,'2013-08-31'),(59099,'INSERT INTO gne_vale_ferreteria_mov (vfe_id,pro_codigo_plu,vfm_cantidad,vfm_unitario,vfm_total,vfm_entregado) VALUES (9651,780721516,1,590,590,@@@NO@@@)','',2,'2013-08-31'),(59100,'INSERT INTO gne_vale_ferreteria (vfe_id,vfe_fecha,vfe_total,vfe_estado,vfe_entregado,usu_nusuario) VALUES (9652,@@@2013.08.31@@@,555,1,0,@@@b_SAEZ@@@)','',2,'2013-08-31'),(59101,'INSERT INTO gne_vale_ferreteria_mov (vfe_id,pro_codigo_plu,vfm_cantidad,vfm_unitario,vfm_total,vfm_entregado) VALUES (9652,11218,1,495,495,@@@NO@@@)','',2,'2013-08-31'),(59102,'INSERT INTO gne_vale_ferreteria_mov (vfe_id,pro_codigo_plu,vfm_cantidad,vfm_unitario,vfm_total,vfm_entregado) VALUES (9652,764834,3,20,60,@@@NO@@@)','',2,'2013-08-31'),(59103,'INSERT INTO gne_vale_ferreteria (vfe_id,vfe_fecha,vfe_total,vfe_estado,vfe_entregado,usu_nusuario) VALUES (9653,@@@2013.08.31@@@,850,1,0,@@@b_SAEZ@@@)','',2,'2013-08-31'),(59104,'INSERT INTO gne_vale_ferreteria_mov (vfe_id,pro_codigo_plu,vfm_cantidad,vfm_unitario,vfm_total,vfm_entregado) VALUES (9653,780721425,1,850,850,@@@NO@@@)','',2,'2013-08-31'),(59105,'INSERT INTO gne_vale_ferreteria (vfe_id,vfe_fecha,vfe_total,vfe_estado,vfe_entregado,usu_nusuario) VALUES (9654,@@@2013.08.31@@@,500,1,0,@@@b_SAEZ@@@)','',2,'2013-08-31'),(59106,'INSERT INTO gne_vale_ferreteria_mov (vfe_id,pro_codigo_plu,vfm_cantidad,vfm_unitario,vfm_total,vfm_entregado) VALUES (9654,102408,1,350,350,@@@NO@@@)','',2,'2013-08-31'),(59107,'INSERT INTO gne_vale_ferreteria_mov (vfe_id,pro_codigo_plu,vfm_cantidad,vfm_unitario,vfm_total,vfm_entregado) VALUES (9654,780721680,1,150,150,@@@NO@@@)','',2,'2013-08-31'),(59108,'INSERT INTO gne_vale_ferreteria (vfe_id,vfe_fecha,vfe_total,vfe_estado,vfe_entregado,usu_nusuario) VALUES (9655,@@@2013.08.31@@@,920,1,0,@@@b_SAEZ@@@)','',2,'2013-08-31'),(59109,'INSERT INTO gne_vale_ferreteria_mov (vfe_id,pro_codigo_plu,vfm_cantidad,vfm_unitario,vfm_total,vfm_entregado) VALUES (9655,19918,1,330,330,@@@NO@@@)','',2,'2013-08-31'),(59110,'INSERT INTO gne_vale_ferreteria_mov (vfe_id,pro_codigo_plu,vfm_cantidad,vfm_unitario,vfm_total,vfm_entregado) VALUES (9655,780721516,1,590,590,@@@NO@@@)','',2,'2013-08-31'),(59111,'INSERT INTO gne_vale_ferreteria (vfe_id,vfe_fecha,vfe_total,vfe_estado,vfe_entregado,usu_nusuario) VALUES (9656,@@@2013.08.31@@@,750,1,0,@@@b_SAEZ@@@)','',2,'2013-08-31'),(59112,'INSERT INTO gne_vale_ferreteria_mov (vfe_id,pro_codigo_plu,vfm_cantidad,vfm_unitario,vfm_total,vfm_entregado) VALUES (9656,770000,15,50,750,@@@NO@@@)','',2,'2013-08-31'),(59113,'INSERT INTO gne_vale_ferreteria (vfe_id,vfe_fecha,vfe_total,vfe_estado,vfe_entregado,usu_nusuario) VALUES (9657,@@@2013.08.31@@@,790,1,0,@@@b_SAEZ@@@)','',2,'2013-08-31'),(59114,'INSERT INTO gne_vale_ferreteria_mov (vfe_id,pro_codigo_plu,vfm_cantidad,vfm_unitario,vfm_total,vfm_entregado) VALUES (9657,15662,1,590,590,@@@NO@@@)','',2,'2013-08-31'),(59115,'INSERT INTO gne_vale_ferreteria_mov (vfe_id,pro_codigo_plu,vfm_cantidad,vfm_unitario,vfm_total,vfm_entregado) VALUES (9657,20148,1,100,100,@@@NO@@@)','',2,'2013-08-31'),(59116,'INSERT INTO gne_vale_ferreteria_mov (vfe_id,pro_codigo_plu,vfm_cantidad,vfm_unitario,vfm_total,vfm_entregado) VALUES (9657,20394,1,100,100,@@@NO@@@)','',2,'2013-08-31'),(59117,'INSERT INTO gne_vale_ferreteria (vfe_id,vfe_fecha,vfe_total,vfe_estado,vfe_entregado,usu_nusuario) VALUES (9658,@@@2013.08.31@@@,2100,1,0,@@@b_SAEZ@@@)','',2,'2013-08-31'),(59118,'INSERT INTO gne_vale_ferreteria_mov (vfe_id,pro_codigo_plu,vfm_cantidad,vfm_unitario,vfm_total,vfm_entregado) VALUES (9658,763793,1,2100,2100,@@@NO@@@)','',2,'2013-08-31'),(59119,'INSERT INTO gne_vale_ferreteria (vfe_id,vfe_fecha,vfe_total,vfe_estado,vfe_entregado,usu_nusuario) VALUES (9659,@@@2013.08.31@@@,350,1,0,@@@b_SAEZ@@@)','',2,'2013-08-31'),(59120,'INSERT INTO gne_vale_ferreteria_mov (vfe_id,pro_codigo_plu,vfm_cantidad,vfm_unitario,vfm_total,vfm_entregado) VALUES (9659,763723,1,350,350,@@@NO@@@)','',2,'2013-08-31'),(59121,'INSERT INTO gne_vale_ferreteria (vfe_id,vfe_fecha,vfe_total,vfe_estado,vfe_entregado,usu_nusuario) VALUES (9660,@@@2013.08.31@@@,20,1,0,@@@b_SAEZ@@@)','',2,'2013-08-31'),(59122,'INSERT INTO gne_vale_ferreteria_mov (vfe_id,pro_codigo_plu,vfm_cantidad,vfm_unitario,vfm_total,vfm_entregado) VALUES (9660,764834,1,20,20,@@@NO@@@)','',2,'2013-08-31'),(59123,'INSERT INTO gne_vale_ferreteria (vfe_id,vfe_fecha,vfe_total,vfe_estado,vfe_entregado,usu_nusuario) VALUES (9661,@@@2013.08.31@@@,1890,1,0,@@@b_SAEZ@@@)','',2,'2013-08-31'),(59124,'INSERT INTO gne_vale_ferreteria_mov (vfe_id,pro_codigo_plu,vfm_cantidad,vfm_unitario,vfm_total,vfm_entregado) VALUES (9661,101680,1,1890,1890,@@@NO@@@)','',2,'2013-08-31'),(59125,'INSERT INTO gne_vale_ferreteria (vfe_id,vfe_fecha,vfe_total,vfe_estado,vfe_entregado,usu_nusuario) VALUES (9662,@@@2013.08.31@@@,1480,1,0,@@@b_SAEZ@@@)','',2,'2013-08-31'),(59126,'INSERT INTO gne_vale_ferreteria_mov (vfe_id,pro_codigo_plu,vfm_cantidad,vfm_unitario,vfm_total,vfm_entregado) VALUES (9662,780220196,1,300,300,@@@NO@@@)','',2,'2013-08-31'),(59127,'INSERT INTO gne_vale_ferreteria_mov (vfe_id,pro_codigo_plu,vfm_cantidad,vfm_unitario,vfm_total,vfm_entregado) VALUES (9662,780220197,1,280,280,@@@NO@@@)','',2,'2013-08-31'),(59128,'INSERT INTO gne_vale_ferreteria_mov (vfe_id,pro_codigo_plu,vfm_cantidad,vfm_unitario,vfm_total,vfm_entregado) VALUES (9662,780721057,1,190,190,@@@NO@@@)','',2,'2013-08-31'),(59129,'INSERT INTO gne_vale_ferreteria_mov (vfe_id,pro_codigo_plu,vfm_cantidad,vfm_unitario,vfm_total,vfm_entregado) VALUES (9662,780220198,1,350,350,@@@NO@@@)','',2,'2013-08-31'),(59130,'INSERT INTO gne_vale_ferreteria_mov (vfe_id,pro_codigo_plu,vfm_cantidad,vfm_unitario,vfm_total,vfm_entregado) VALUES (9662,780220200,2,180,360,@@@NO@@@)','',2,'2013-08-31'),(59131,'INSERT INTO gne_vale_ferreteria (vfe_id,vfe_fecha,vfe_total,vfe_estado,vfe_entregado,usu_nusuario) VALUES (9663,@@@2013.08.31@@@,750,1,0,@@@b_SAEZ@@@)','',2,'2013-08-31'),(59132,'INSERT INTO gne_vale_ferreteria_mov (vfe_id,pro_codigo_plu,vfm_cantidad,vfm_unitario,vfm_total,vfm_entregado) VALUES (9663,100365,1,750,750,@@@NO@@@)','',2,'2013-08-31'),(59133,'INSERT INTO gne_vale_ferreteria (vfe_id,vfe_fecha,vfe_total,vfe_estado,vfe_entregado,usu_nusuario) VALUES (9664,@@@2013.08.31@@@,690,1,0,@@@b_SAEZ@@@)','',2,'2013-08-31'),(59134,'INSERT INTO gne_vale_ferreteria_mov (vfe_id,pro_codigo_plu,vfm_cantidad,vfm_unitario,vfm_total,vfm_entregado) VALUES (9664,101380,1,690,690,@@@NO@@@)','',2,'2013-08-31'),(59135,'INSERT INTO gne_vale_ferreteria (vfe_id,vfe_fecha,vfe_total,vfe_estado,vfe_entregado,usu_nusuario) VALUES (9665,@@@2013.08.31@@@,90,1,0,@@@b_SAEZ@@@)','',2,'2013-08-31'),(59136,'INSERT INTO gne_vale_ferreteria_mov (vfe_id,pro_codigo_plu,vfm_cantidad,vfm_unitario,vfm_total,vfm_entregado) VALUES (9665,78017147,1,90,90,@@@NO@@@)','',2,'2013-08-31'),(59137,'INSERT INTO gne_vale_ferreteria (vfe_id,vfe_fecha,vfe_total,vfe_estado,vfe_entregado,usu_nusuario) VALUES (9666,@@@2013.08.31@@@,1490,1,0,@@@b_SAEZ@@@)','',2,'2013-08-31'),(59138,'INSERT INTO gne_vale_ferreteria_mov (vfe_id,pro_codigo_plu,vfm_cantidad,vfm_unitario,vfm_total,vfm_entregado) VALUES (9666,780721209,1,1490,1490,@@@NO@@@)','',2,'2013-08-31'),(59139,'INSERT INTO gne_vale_ferreteria (vfe_id,vfe_fecha,vfe_total,vfe_estado,vfe_entregado,usu_nusuario) VALUES (9667,@@@2013.08.31@@@,3280,1,0,@@@b_SAEZ@@@)','',2,'2013-08-31'),(59140,'INSERT INTO gne_vale_ferreteria_mov (vfe_id,pro_codigo_plu,vfm_cantidad,vfm_unitario,vfm_total,vfm_entregado) VALUES (9667,15921,4,820,3280,@@@NO@@@)','',2,'2013-08-31'),(59141,'INSERT INTO gne_vale_ferreteria (vfe_id,vfe_fecha,vfe_total,vfe_estado,vfe_entregado,usu_nusuario) VALUES (9668,@@@2013.08.31@@@,4500,1,0,@@@b_SAEZ@@@)','',2,'2013-08-31'),(59142,'INSERT INTO gne_vale_ferreteria_mov (vfe_id,pro_codigo_plu,vfm_cantidad,vfm_unitario,vfm_total,vfm_entregado) VALUES (9668,20836,1,650,650,@@@NO@@@)','',2,'2013-08-31'),(59143,'INSERT INTO gne_vale_ferreteria_mov (vfe_id,pro_codigo_plu,vfm_cantidad,vfm_unitario,vfm_total,vfm_entregado) VALUES (9668,20484,1,1750,1750,@@@NO@@@)','',2,'2013-08-31'),(59144,'INSERT INTO gne_vale_ferreteria_mov (vfe_id,pro_codigo_plu,vfm_cantidad,vfm_unitario,vfm_total,vfm_entregado) VALUES (9668,763902,1,2100,2100,@@@NO@@@)','',2,'2013-08-31'),(59145,'INSERT INTO gne_vale_ferreteria (vfe_id,vfe_fecha,vfe_total,vfe_estado,vfe_entregado,usu_nusuario) VALUES (9669,@@@2013.08.31@@@,1100,1,0,@@@b_SAEZ@@@)','',2,'2013-08-31'),(59146,'INSERT INTO gne_vale_ferreteria_mov (vfe_id,pro_codigo_plu,vfm_cantidad,vfm_unitario,vfm_total,vfm_entregado) VALUES (9669,780721666,1,650,650,@@@NO@@@)','',2,'2013-08-31'),(59147,'INSERT INTO gne_vale_ferreteria_mov (vfe_id,pro_codigo_plu,vfm_cantidad,vfm_unitario,vfm_total,vfm_entregado) VALUES (9669,9900006,3,150,450,@@@NO@@@)','',2,'2013-08-31'),(59148,'INSERT INTO gne_vale_ferreteria (vfe_id,vfe_fecha,vfe_total,vfe_estado,vfe_entregado,usu_nusuario) VALUES (9670,@@@2013.08.31@@@,1630,1,0,@@@b_SAEZ@@@)','',2,'2013-08-31'),(59149,'INSERT INTO gne_vale_ferreteria_mov (vfe_id,pro_codigo_plu,vfm_cantidad,vfm_unitario,vfm_total,vfm_entregado) VALUES (9670,780721688,2,590,1180,@@@NO@@@)','',2,'2013-08-31'),(59150,'INSERT INTO gne_vale_ferreteria_mov (vfe_id,pro_codigo_plu,vfm_cantidad,vfm_unitario,vfm_total,vfm_entregado) VALUES (9670,770000,9,50,450,@@@NO@@@)','',2,'2013-08-31'),(59151,'UPDATE mae_productos SET pro_margen_actual=98.59,pro_precio_venta=450 WHERE pro_codigo_plu=17462','',2,'2013-08-31'),(59152,'UPDATE mae_productos SET pro_margen_actual=98.59,pro_precio_venta=450 WHERE pro_codigo_plu=17461','',2,'2013-08-31'),(59153,'UPDATE mae_productos SET pro_margen_actual=98.59,pro_precio_venta=450 WHERE pro_codigo_plu=17456','',2,'2013-08-31'),(59154,'UPDATE mae_productos SET pro_precio_fiscal=pro_precio_venta WHERE pro_codigo_plu=17456','',2,'2013-08-31'),(59155,'UPDATE mae_productos SET pro_precio_fiscal=pro_precio_venta WHERE pro_codigo_plu=17462','',2,'2013-08-31'),(59156,'UPDATE mae_productos SET pro_precio_fiscal=pro_precio_venta WHERE pro_codigo_plu=17461','',2,'2013-08-31'),(59157,'INSERT INTO gne_vale_ferreteria (vfe_id,vfe_fecha,vfe_total,vfe_estado,vfe_entregado,usu_nusuario) VALUES (9671,@@@2013.08.31@@@,2590,1,0,@@@b_SAEZ@@@)','',2,'2013-08-31'),(59158,'INSERT INTO gne_vale_ferreteria_mov (vfe_id,pro_codigo_plu,vfm_cantidad,vfm_unitario,vfm_total,vfm_entregado) VALUES (9671,262021,1,2590,2590,@@@NO@@@)','',2,'2013-08-31'),(59159,'INSERT INTO gne_vale_ferreteria (vfe_id,vfe_fecha,vfe_total,vfe_estado,vfe_entregado,usu_nusuario) VALUES (9672,@@@2013.08.31@@@,250,1,0,@@@b_SAEZ@@@)','',2,'2013-08-31'),(59160,'INSERT INTO gne_vale_ferreteria_mov (vfe_id,pro_codigo_plu,vfm_cantidad,vfm_unitario,vfm_total,vfm_entregado) VALUES (9672,780220102,1,250,250,@@@NO@@@)','',2,'2013-08-31'),(59161,'INSERT INTO gne_vale_ferreteria (vfe_id,vfe_fecha,vfe_total,vfe_estado,vfe_entregado,usu_nusuario) VALUES (9673,@@@2013.08.31@@@,390,1,0,@@@b_SAEZ@@@)','',2,'2013-08-31'),(59162,'INSERT INTO gne_vale_ferreteria_mov (vfe_id,pro_codigo_plu,vfm_cantidad,vfm_unitario,vfm_total,vfm_entregado) VALUES (9673,15967,3,130,390,@@@NO@@@)','',2,'2013-08-31'),(59163,'INSERT INTO gne_vale_ferreteria (vfe_id,vfe_fecha,vfe_total,vfe_estado,vfe_entregado,usu_nusuario) VALUES (9674,@@@2013.08.31@@@,1740,1,0,@@@b_SAEZ@@@)','',2,'2013-08-31'),(59164,'INSERT INTO gne_vale_ferreteria_mov (vfe_id,pro_codigo_plu,vfm_cantidad,vfm_unitario,vfm_total,vfm_entregado) VALUES (9674,2016,1,150,150,@@@NO@@@)','',2,'2013-08-31'),(59165,'INSERT INTO gne_vale_ferreteria_mov (vfe_id,pro_codigo_plu,vfm_cantidad,vfm_unitario,vfm_total,vfm_entregado) VALUES (9674,764049,1,590,590,@@@NO@@@)','',2,'2013-08-31'),(59166,'INSERT INTO gne_vale_ferreteria_mov (vfe_id,pro_codigo_plu,vfm_cantidad,vfm_unitario,vfm_total,vfm_entregado) VALUES (9674,764842,1,1000,1000,@@@NO@@@)','',2,'2013-08-31'),(59167,'INSERT INTO gne_vale_ferreteria (vfe_id,vfe_fecha,vfe_total,vfe_estado,vfe_entregado,usu_nusuario) VALUES (9675,@@@2013.08.31@@@,1890,1,0,@@@b_SAEZ@@@)','',2,'2013-08-31'),(59168,'INSERT INTO gne_vale_ferreteria_mov (vfe_id,pro_codigo_plu,vfm_cantidad,vfm_unitario,vfm_total,vfm_entregado) VALUES (9675,100473,1,1890,1890,@@@NO@@@)','',2,'2013-08-31'),(59169,'INSERT INTO gne_vale_ferreteria (vfe_id,vfe_fecha,vfe_total,vfe_estado,vfe_entregado,usu_nusuario) VALUES (9676,@@@2013.08.31@@@,2590,1,0,@@@b_SAEZ@@@)','',2,'2013-08-31'),(59170,'INSERT INTO gne_vale_ferreteria_mov (vfe_id,pro_codigo_plu,vfm_cantidad,vfm_unitario,vfm_total,vfm_entregado) VALUES (9676,780721132,1,2590,2590,@@@NO@@@)','',2,'2013-08-31'),(59171,'INSERT INTO gne_vale_ferreteria (vfe_id,vfe_fecha,vfe_total,vfe_estado,vfe_entregado,usu_nusuario) VALUES (9677,@@@2013.08.31@@@,3950,1,0,@@@b_SAEZ@@@)','',2,'2013-08-31'),(59172,'INSERT INTO gne_vale_ferreteria_mov (vfe_id,pro_codigo_plu,vfm_cantidad,vfm_unitario,vfm_total,vfm_entregado) VALUES (9677,764830,4,690,2760,@@@NO@@@)','',2,'2013-08-31'),(59173,'INSERT INTO gne_vale_ferreteria_mov (vfe_id,pro_codigo_plu,vfm_cantidad,vfm_unitario,vfm_total,vfm_entregado) VALUES (9677,4069,1,1190,1190,@@@NO@@@)','',2,'2013-08-31'),(59174,'INSERT INTO gne_vale_ferreteria (vfe_id,vfe_fecha,vfe_total,vfe_estado,vfe_entregado,usu_nusuario) VALUES (9678,@@@2013.08.31@@@,150,1,0,@@@b_SAEZ@@@)','',2,'2013-08-31'),(59175,'INSERT INTO gne_vale_ferreteria_mov (vfe_id,pro_codigo_plu,vfm_cantidad,vfm_unitario,vfm_total,vfm_entregado) VALUES (9678,8021,1,150,150,@@@NO@@@)','',2,'2013-08-31'),(59176,'INSERT INTO gne_vale_ferreteria (vfe_id,vfe_fecha,vfe_total,vfe_estado,vfe_entregado,usu_nusuario) VALUES (9679,@@@2013.08.31@@@,3289,1,0,@@@b_SAEZ@@@)','',2,'2013-08-31'),(59177,'INSERT INTO gne_vale_ferreteria_mov (vfe_id,pro_codigo_plu,vfm_cantidad,vfm_unitario,vfm_total,vfm_entregado) VALUES (9679,780220159,1,2480,2480,@@@NO@@@)','',2,'2013-08-31'),(59178,'INSERT INTO gne_vale_ferreteria_mov (vfe_id,pro_codigo_plu,vfm_cantidad,vfm_unitario,vfm_total,vfm_entregado) VALUES (9679,764285,1,499,499,@@@NO@@@)','',2,'2013-08-31'),(59179,'INSERT INTO gne_vale_ferreteria_mov (vfe_id,pro_codigo_plu,vfm_cantidad,vfm_unitario,vfm_total,vfm_entregado) VALUES (9679,18799,1,310,310,@@@NO@@@)','',2,'2013-08-31'),(59180,'INSERT INTO gne_vale_ferreteria (vfe_id,vfe_fecha,vfe_total,vfe_estado,vfe_entregado,usu_nusuario) VALUES (9680,@@@2013.08.31@@@,1600,1,0,@@@b_SAEZ@@@)','',2,'2013-08-31'),(59181,'INSERT INTO gne_vale_ferreteria_mov (vfe_id,pro_codigo_plu,vfm_cantidad,vfm_unitario,vfm_total,vfm_entregado) VALUES (9680,770000,15,50,750,@@@NO@@@)','',2,'2013-08-31'),(59182,'INSERT INTO gne_vale_ferreteria_mov (vfe_id,pro_codigo_plu,vfm_cantidad,vfm_unitario,vfm_total,vfm_entregado) VALUES (9680,78017111,3,100,300,@@@NO@@@)','',2,'2013-08-31'),(59183,'INSERT INTO gne_vale_ferreteria_mov (vfe_id,pro_codigo_plu,vfm_cantidad,vfm_unitario,vfm_total,vfm_entregado) VALUES (9680,780721253,1,550,550,@@@NO@@@)','',2,'2013-08-31'),(59184,'INSERT INTO gne_vale_ferreteria (vfe_id,vfe_fecha,vfe_total,vfe_estado,vfe_entregado,usu_nusuario) VALUES (9681,@@@2013.08.31@@@,4399,1,0,@@@b_SAEZ@@@)','',2,'2013-08-31'),(59185,'INSERT INTO gne_vale_ferreteria_mov (vfe_id,pro_codigo_plu,vfm_cantidad,vfm_unitario,vfm_total,vfm_entregado) VALUES (9681,15490,1,999,999,@@@NO@@@)','',2,'2013-08-31'),(59186,'INSERT INTO gne_vale_ferreteria_mov (vfe_id,pro_codigo_plu,vfm_cantidad,vfm_unitario,vfm_total,vfm_entregado) VALUES (9681,20425,1,2250,2250,@@@NO@@@)','',2,'2013-08-31'),(59187,'INSERT INTO gne_vale_ferreteria_mov (vfe_id,pro_codigo_plu,vfm_cantidad,vfm_unitario,vfm_total,vfm_entregado) VALUES (9681,764434,1,1150,1150,@@@NO@@@)','',2,'2013-08-31'),(59188,'INSERT INTO gne_vale_ferreteria (vfe_id,vfe_fecha,vfe_total,vfe_estado,vfe_entregado,usu_nusuario) VALUES (9682,@@@2013.08.31@@@,480,1,0,@@@b_SAEZ@@@)','',2,'2013-08-31'),(59189,'INSERT INTO gne_vale_ferreteria_mov (vfe_id,pro_codigo_plu,vfm_cantidad,vfm_unitario,vfm_total,vfm_entregado) VALUES (9682,770096,1,480,480,@@@NO@@@)','',2,'2013-08-31'),(59190,'INSERT INTO gne_vale_ferreteria (vfe_id,vfe_fecha,vfe_total,vfe_estado,vfe_entregado,usu_nusuario) VALUES (9683,@@@2013.08.31@@@,900,1,0,@@@b_SAEZ@@@)','',2,'2013-08-31'),(59191,'INSERT INTO gne_vale_ferreteria_mov (vfe_id,pro_codigo_plu,vfm_cantidad,vfm_unitario,vfm_total,vfm_entregado) VALUES (9683,780721222,3,300,900,@@@NO@@@)','',2,'2013-08-31'),(59192,'INSERT INTO mae_productos (pro_codigo_plu,pro_codigo_barra,pro_tipo,pro_nombre_producto,pro_nombre_corto,med_id,emb_id,pro_unidades_embalaje,dep_id,lin_id,mar_id,pro_precio_compra_neto,pro_precio_compra_bruto,pro_precio_venta,pro_margen_actual,pro_oferta,pro_fecha_inicio_oferta,pro_fecha_termino_oferta,pro_precio_oferta,pro_stock_minimo,pro_stock_critico,pro_entradas_bodega,pro_salidas_bodega,pro_mermas_bodega,pro_ajustes_bodega,pro_entradas_sv,pro_salidas_sv,pro_mermas_sv,pro_ajustes_sv,pro_activo,rec_numero,pro_unidad,pro_capacidad,pro_consumo_bodega,pro_consumo_sv,pro_estado,pro_funcion_plu,pro_flejes,pro_iva,pro_plu_asociado,pro_envase,pro_duracion,pro_numero_etiqueta) VALUES (3131,@@@3131@@@,@@@0@@@,@@@HILO NEGRO CHINON INTERBIRDS@@@,@@@HILO NEGRO CHINO@@@,@@@1 @@@,@@@6 @@@,@@@9@@@,@@@24 @@@,@@@207@@@,@@@2507@@@,@@@0@@@,@@@50@@@,@@@1@@@,@@@-98@@@,@@@@@@,@@@2006.09.07@@@,@@@2006.09.07@@@,@@@0@@@,@@@10@@@,@@@4@@@,@@@0@@@,@@@0@@@,@@@0@@@,@@@0@@@,@@@0@@@,@@@0@@@,@@@0@@@,@@@0@@@,@@@1@@@,@@@0@@@,0,1,0,0,2,0,1,1,0,@@@NO@@@,0,0)','',2,'2013-08-31'),(59193,'DELETE FROM mae_impuestos_productos WHERE pro_codigo_plu=@@@3131@@@','',2,'2013-08-31'),(59194,'INSERT INTO mae_productos (pro_codigo_plu,pro_codigo_barra,pro_tipo,pro_nombre_producto,pro_nombre_corto,med_id,emb_id,pro_unidades_embalaje,dep_id,lin_id,mar_id,pro_precio_compra_neto,pro_precio_compra_bruto,pro_precio_venta,pro_margen_actual,pro_oferta,pro_fecha_inicio_oferta,pro_fecha_termino_oferta,pro_precio_oferta,pro_stock_minimo,pro_stock_critico,pro_entradas_bodega,pro_salidas_bodega,pro_mermas_bodega,pro_ajustes_bodega,pro_entradas_sv,pro_salidas_sv,pro_mermas_sv,pro_ajustes_sv,pro_activo,rec_numero,pro_unidad,pro_capacidad,pro_consumo_bodega,pro_consumo_sv,pro_estado,pro_funcion_plu,pro_flejes,pro_iva,pro_plu_asociado,pro_envase,pro_duracion,pro_numero_etiqueta) VALUES (780721712,@@@7806076106768@@@,@@@0@@@,@@@HILO CADENA N00001@@@,@@@HILO CADENA N000@@@,@@@1 @@@,@@@6 @@@,@@@10@@@,@@@24 @@@,@@@207@@@,@@@1451@@@,@@@0@@@,@@@300@@@,@@@1@@@,@@@-99.67@@@,@@@@@@,@@@2006.09.07@@@,@@@2006.09.07@@@,@@@0@@@,@@@30@@@,@@@5@@@,@@@0@@@,@@@0@@@,@@@0@@@,@@@0@@@,@@@0@@@,@@@0@@@,@@@0@@@,@@@0@@@,@@@1@@@,@@@0@@@,0,1,0,0,2,0,1,1,0,@@@NO@@@,0,0)','',2,'2013-08-31'),(59195,'DELETE FROM mae_impuestos_productos WHERE pro_codigo_plu=@@@780721712@@@','',2,'2013-08-31'),(59196,'INSERT INTO gne_vale_ferreteria (vfe_id,vfe_fecha,vfe_total,vfe_estado,vfe_entregado,usu_nusuario) VALUES (9684,@@@2013.08.31@@@,2990,1,0,@@@b_SAEZ@@@)','',2,'2013-08-31'),(59197,'INSERT INTO gne_vale_ferreteria_mov (vfe_id,pro_codigo_plu,vfm_cantidad,vfm_unitario,vfm_total,vfm_entregado) VALUES (9684,764917,1,2990,2990,@@@NO@@@)','',2,'2013-08-31'),(59198,'INSERT INTO mae_productos (pro_codigo_plu,pro_codigo_barra,pro_tipo,pro_nombre_producto,pro_nombre_corto,med_id,emb_id,pro_unidades_embalaje,dep_id,lin_id,mar_id,pro_precio_compra_neto,pro_precio_compra_bruto,pro_precio_venta,pro_margen_actual,pro_oferta,pro_fecha_inicio_oferta,pro_fecha_termino_oferta,pro_precio_oferta,pro_stock_minimo,pro_stock_critico,pro_entradas_bodega,pro_salidas_bodega,pro_mermas_bodega,pro_ajustes_bodega,pro_entradas_sv,pro_salidas_sv,pro_mermas_sv,pro_ajustes_sv,pro_activo,rec_numero,pro_unidad,pro_capacidad,pro_consumo_bodega,pro_consumo_sv,pro_estado,pro_funcion_plu,pro_flejes,pro_iva,pro_plu_asociado,pro_envase,pro_duracion,pro_numero_etiqueta) VALUES (780721713,@@@7556956854516@@@,@@@0@@@,@@@PERROS PARA LA ROPA VIVA CHILE@@@,@@@PERROS PARA LA R@@@,@@@1 @@@,@@@6 @@@,@@@120@@@,@@@24 @@@,@@@207@@@,@@@2507@@@,@@@0@@@,@@@240@@@,@@@1@@@,@@@-99.58@@@,@@@@@@,@@@2006.09.07@@@,@@@2006.09.07@@@,@@@0@@@,@@@20@@@,@@@10@@@,@@@0@@@,@@@0@@@,@@@0@@@,@@@0@@@,@@@0@@@,@@@0@@@,@@@0@@@,@@@0@@@,@@@1@@@,@@@0@@@,0,24,0,0,2,0,1,1,0,@@@NO@@@,0,0)','',2,'2013-08-31'),(59199,'DELETE FROM mae_impuestos_productos WHERE pro_codigo_plu=@@@780721713@@@','',2,'2013-08-31'),(59200,'INSERT INTO gne_vale_ferreteria (vfe_id,vfe_fecha,vfe_total,vfe_estado,vfe_entregado,usu_nusuario) VALUES (9685,@@@2013.08.31@@@,670,1,0,@@@b_SAEZ@@@)','',2,'2013-08-31'),(59201,'INSERT INTO gne_vale_ferreteria_mov (vfe_id,pro_codigo_plu,vfm_cantidad,vfm_unitario,vfm_total,vfm_entregado) VALUES (9685,11378,1,670,670,@@@NO@@@)','',2,'2013-08-31'),(59202,'INSERT INTO gne_vale_ferreteria (vfe_id,vfe_fecha,vfe_total,vfe_estado,vfe_entregado,usu_nusuario) VALUES (9686,@@@2013.08.31@@@,499,1,0,@@@b_SAEZ@@@)','',2,'2013-08-31'),(59203,'INSERT INTO gne_vale_ferreteria_mov (vfe_id,pro_codigo_plu,vfm_cantidad,vfm_unitario,vfm_total,vfm_entregado) VALUES (9686,764285,1,499,499,@@@NO@@@)','',2,'2013-08-31'),(59204,'INSERT INTO gne_vale_ferreteria (vfe_id,vfe_fecha,vfe_total,vfe_estado,vfe_entregado,usu_nusuario) VALUES (9687,@@@2013.08.31@@@,200,1,0,@@@b_SAEZ@@@)','',2,'2013-08-31'),(59205,'INSERT INTO gne_vale_ferreteria_mov (vfe_id,pro_codigo_plu,vfm_cantidad,vfm_unitario,vfm_total,vfm_entregado) VALUES (9687,78017190,2,100,200,@@@NO@@@)','',2,'2013-08-31'),(59206,'INSERT INTO mae_productos (pro_codigo_plu,pro_codigo_barra,pro_tipo,pro_nombre_producto,pro_nombre_corto,med_id,emb_id,pro_unidades_embalaje,dep_id,lin_id,mar_id,pro_precio_compra_neto,pro_precio_compra_bruto,pro_precio_venta,pro_margen_actual,pro_oferta,pro_fecha_inicio_oferta,pro_fecha_termino_oferta,pro_precio_oferta,pro_stock_minimo,pro_stock_critico,pro_entradas_bodega,pro_salidas_bodega,pro_mermas_bodega,pro_ajustes_bodega,pro_entradas_sv,pro_salidas_sv,pro_mermas_sv,pro_ajustes_sv,pro_activo,rec_numero,pro_unidad,pro_capacidad,pro_consumo_bodega,pro_consumo_sv,pro_estado,pro_funcion_plu,pro_flejes,pro_iva,pro_plu_asociado,pro_envase,pro_duracion,pro_numero_etiqueta) VALUES (9292,@@@9292@@@,@@@0@@@,@@@PAÑUELO HOMBRE COTTON LINEAS COLOR@@@,@@@PAÑUELO HOMBRE C@@@,@@@1 @@@,@@@4 @@@,@@@4@@@,@@@24 @@@,@@@207@@@,@@@2507@@@,@@@0@@@,@@@1890@@@,@@@1@@@,@@@-99.95@@@,@@@@@@,@@@2006.09.07@@@,@@@2006.09.07@@@,@@@0@@@,@@@8@@@,@@@3@@@,@@@0@@@,@@@0@@@,@@@0@@@,@@@0@@@,@@@0@@@,@@@0@@@,@@@0@@@,@@@0@@@,@@@1@@@,@@@0@@@,0,1,0,0,2,0,1,1,0,@@@NO@@@,0,0)','',2,'2013-08-31'),(59207,'DELETE FROM mae_impuestos_productos WHERE pro_codigo_plu=@@@9292@@@','',2,'2013-08-31'),(59208,'INSERT INTO gne_vale_ferreteria (vfe_id,vfe_fecha,vfe_total,vfe_estado,vfe_entregado,usu_nusuario) VALUES (9688,@@@2013.08.31@@@,3340,1,0,@@@b_SAEZ@@@)','',2,'2013-08-31'),(59209,'INSERT INTO gne_vale_ferreteria_mov (vfe_id,pro_codigo_plu,vfm_cantidad,vfm_unitario,vfm_total,vfm_entregado) VALUES (9688,4088,1,150,150,@@@NO@@@)','',2,'2013-08-31'),(59210,'INSERT INTO gne_vale_ferreteria_mov (vfe_id,pro_codigo_plu,vfm_cantidad,vfm_unitario,vfm_total,vfm_entregado) VALUES (9688,100397,2,750,1500,@@@NO@@@)','',2,'2013-08-31'),(59211,'INSERT INTO gne_vale_ferreteria_mov (vfe_id,pro_codigo_plu,vfm_cantidad,vfm_unitario,vfm_total,vfm_entregado) VALUES (9688,764095,1,1690,1690,@@@NO@@@)','',2,'2013-08-31'),(59212,'INSERT INTO mae_productos (pro_codigo_plu,pro_codigo_barra,pro_tipo,pro_nombre_producto,pro_nombre_corto,med_id,emb_id,pro_unidades_embalaje,dep_id,lin_id,mar_id,pro_precio_compra_neto,pro_precio_compra_bruto,pro_precio_venta,pro_margen_actual,pro_oferta,pro_fecha_inicio_oferta,pro_fecha_termino_oferta,pro_precio_oferta,pro_stock_minimo,pro_stock_critico,pro_entradas_bodega,pro_salidas_bodega,pro_mermas_bodega,pro_ajustes_bodega,pro_entradas_sv,pro_salidas_sv,pro_mermas_sv,pro_ajustes_sv,pro_activo,rec_numero,pro_unidad,pro_capacidad,pro_consumo_bodega,pro_consumo_sv,pro_estado,pro_funcion_plu,pro_flejes,pro_iva,pro_plu_asociado,pro_envase,pro_duracion,pro_numero_etiqueta) VALUES (9393,@@@9393@@@,@@@0@@@,@@@PAÑUELO DAMA FLORES@@@,@@@PAÑUELO DAMA FLO@@@,@@@1 @@@,@@@4 @@@,@@@11@@@,@@@24 @@@,@@@207@@@,@@@2507@@@,@@@0@@@,@@@98.18@@@,@@@1@@@,@@@-98.98@@@,@@@@@@,@@@2006.09.07@@@,@@@2006.09.07@@@,@@@0@@@,@@@22@@@,@@@10@@@,@@@0@@@,@@@0@@@,@@@0@@@,@@@0@@@,@@@0@@@,@@@0@@@,@@@0@@@,@@@0@@@,@@@1@@@,@@@0@@@,0,1,0,0,2,0,1,1,0,@@@NO@@@,0,0)','',2,'2013-08-31'),(59213,'DELETE FROM mae_impuestos_productos WHERE pro_codigo_plu=@@@9393@@@','',2,'2013-08-31'),(59214,'INSERT INTO gne_vale_ferreteria (vfe_id,vfe_fecha,vfe_total,vfe_estado,vfe_entregado,usu_nusuario) VALUES (9689,@@@2013.08.31@@@,370,1,0,@@@b_SAEZ@@@)','',2,'2013-08-31'),(59215,'INSERT INTO gne_vale_ferreteria_mov (vfe_id,pro_codigo_plu,vfm_cantidad,vfm_unitario,vfm_total,vfm_entregado) VALUES (9689,8021,1,150,150,@@@NO@@@)','',2,'2013-08-31'),(59216,'INSERT INTO gne_vale_ferreteria_mov (vfe_id,pro_codigo_plu,vfm_cantidad,vfm_unitario,vfm_total,vfm_entregado) VALUES (9689,21135,1,200,200,@@@NO@@@)','',2,'2013-08-31'),(59217,'INSERT INTO gne_vale_ferreteria_mov (vfe_id,pro_codigo_plu,vfm_cantidad,vfm_unitario,vfm_total,vfm_entregado) VALUES (9689,764834,1,20,20,@@@NO@@@)','',2,'2013-08-31'),(59218,'INSERT INTO mae_productos (pro_codigo_plu,pro_codigo_barra,pro_tipo,pro_nombre_producto,pro_nombre_corto,med_id,emb_id,pro_unidades_embalaje,dep_id,lin_id,mar_id,pro_precio_compra_neto,pro_precio_compra_bruto,pro_precio_venta,pro_margen_actual,pro_oferta,pro_fecha_inicio_oferta,pro_fecha_termino_oferta,pro_precio_oferta,pro_stock_minimo,pro_stock_critico,pro_entradas_bodega,pro_salidas_bodega,pro_mermas_bodega,pro_ajustes_bodega,pro_entradas_sv,pro_salidas_sv,pro_mermas_sv,pro_ajustes_sv,pro_activo,rec_numero,pro_unidad,pro_capacidad,pro_consumo_bodega,pro_consumo_sv,pro_estado,pro_funcion_plu,pro_flejes,pro_iva,pro_plu_asociado,pro_envase,pro_duracion,pro_numero_etiqueta) VALUES (9494,@@@9494@@@,@@@0@@@,@@@PAÑUELO HOMBRE BLANCO@@@,@@@PAÑUELO HOMBRE B@@@,@@@1 @@@,@@@4 @@@,@@@10@@@,@@@24 @@@,@@@207@@@,@@@2507@@@,@@@0@@@,@@@160@@@,@@@1@@@,@@@-99.38@@@,@@@@@@,@@@2006.09.07@@@,@@@2006.09.07@@@,@@@0@@@,@@@12@@@,@@@5@@@,@@@0@@@,@@@0@@@,@@@0@@@,@@@0@@@,@@@0@@@,@@@0@@@,@@@0@@@,@@@0@@@,@@@1@@@,@@@0@@@,0,1,0,0,2,0,1,1,0,@@@NO@@@,0,0)','',2,'2013-08-31'),(59219,'DELETE FROM mae_impuestos_productos WHERE pro_codigo_plu=@@@9494@@@','',2,'2013-08-31'),(59220,'INSERT INTO gne_vale_ferreteria (vfe_id,vfe_fecha,vfe_total,vfe_estado,vfe_entregado,usu_nusuario) VALUES (9690,@@@2013.08.31@@@,1790,1,0,@@@b_SAEZ@@@)','',2,'2013-08-31'),(59221,'INSERT INTO gne_vale_ferreteria_mov (vfe_id,pro_codigo_plu,vfm_cantidad,vfm_unitario,vfm_total,vfm_entregado) VALUES (9690,20476,1,1790,1790,@@@NO@@@)','',2,'2013-08-31'),(59222,'INSERT INTO gne_vale_ferreteria (vfe_id,vfe_fecha,vfe_total,vfe_estado,vfe_entregado,usu_nusuario) VALUES (9691,@@@2013.08.31@@@,1100,1,0,@@@b_SAEZ@@@)','',2,'2013-08-31'),(59223,'INSERT INTO gne_vale_ferreteria_mov (vfe_id,pro_codigo_plu,vfm_cantidad,vfm_unitario,vfm_total,vfm_entregado) VALUES (9691,780220158,1,1100,1100,@@@NO@@@)','',2,'2013-08-31'),(59224,'INSERT INTO gne_vale_ferreteria (vfe_id,vfe_fecha,vfe_total,vfe_estado,vfe_entregado,usu_nusuario) VALUES (9692,@@@2013.08.31@@@,1490,1,0,@@@b_SAEZ@@@)','',2,'2013-08-31'),(59225,'INSERT INTO gne_vale_ferreteria_mov (vfe_id,pro_codigo_plu,vfm_cantidad,vfm_unitario,vfm_total,vfm_entregado) VALUES (9692,11161,1,1490,1490,@@@NO@@@)','',2,'2013-08-31'),(59226,'INSERT INTO mae_productos (pro_codigo_plu,pro_codigo_barra,pro_tipo,pro_nombre_producto,pro_nombre_corto,med_id,emb_id,pro_unidades_embalaje,dep_id,lin_id,mar_id,pro_precio_compra_neto,pro_precio_compra_bruto,pro_precio_venta,pro_margen_actual,pro_oferta,pro_fecha_inicio_oferta,pro_fecha_termino_oferta,pro_precio_oferta,pro_stock_minimo,pro_stock_critico,pro_entradas_bodega,pro_salidas_bodega,pro_mermas_bodega,pro_ajustes_bodega,pro_entradas_sv,pro_salidas_sv,pro_mermas_sv,pro_ajustes_sv,pro_activo,rec_numero,pro_unidad,pro_capacidad,pro_consumo_bodega,pro_consumo_sv,pro_estado,pro_funcion_plu,pro_flejes,pro_iva,pro_plu_asociado,pro_envase,pro_duracion,pro_numero_etiqueta) VALUES (9595,@@@9595@@@,@@@0@@@,@@@PAÑUELO BLANCO NIÑO@@@,@@@PAÑUELO BLANCO N@@@,@@@1 @@@,@@@4 @@@,@@@12@@@,@@@24 @@@,@@@207@@@,@@@2507@@@,@@@0@@@,@@@110@@@,@@@1@@@,@@@-99.09@@@,@@@@@@,@@@2006.09.07@@@,@@@2006.09.07@@@,@@@0@@@,@@@12@@@,@@@4@@@,@@@0@@@,@@@0@@@,@@@0@@@,@@@0@@@,@@@0@@@,@@@0@@@,@@@0@@@,@@@0@@@,@@@1@@@,@@@0@@@,0,1,0,0,2,0,1,1,0,@@@NO@@@,0,0)','',2,'2013-08-31'),(59227,'DELETE FROM mae_impuestos_productos WHERE pro_codigo_plu=@@@9595@@@','',2,'2013-08-31'),(59228,'INSERT INTO gne_vale_ferreteria (vfe_id,vfe_fecha,vfe_total,vfe_estado,vfe_entregado,usu_nusuario) VALUES (9693,@@@2013.08.31@@@,1990,1,0,@@@b_SAEZ@@@)','',2,'2013-08-31'),(59229,'INSERT INTO gne_vale_ferreteria_mov (vfe_id,pro_codigo_plu,vfm_cantidad,vfm_unitario,vfm_total,vfm_entregado) VALUES (9693,764750,1,1990,1990,@@@NO@@@)','',2,'2013-08-31'),(59230,'INSERT INTO gne_vale_ferreteria (vfe_id,vfe_fecha,vfe_total,vfe_estado,vfe_entregado,usu_nusuario) VALUES (9694,@@@2013.08.31@@@,1690,1,0,@@@b_SAEZ@@@)','',2,'2013-08-31'),(59231,'INSERT INTO gne_vale_ferreteria_mov (vfe_id,pro_codigo_plu,vfm_cantidad,vfm_unitario,vfm_total,vfm_entregado) VALUES (9694,1571,1,1690,1690,@@@NO@@@)','',2,'2013-08-31'),(59232,'INSERT INTO mae_productos (pro_codigo_plu,pro_codigo_barra,pro_tipo,pro_nombre_producto,pro_nombre_corto,med_id,emb_id,pro_unidades_embalaje,dep_id,lin_id,mar_id,pro_precio_compra_neto,pro_precio_compra_bruto,pro_precio_venta,pro_margen_actual,pro_oferta,pro_fecha_inicio_oferta,pro_fecha_termino_oferta,pro_precio_oferta,pro_stock_minimo,pro_stock_critico,pro_entradas_bodega,pro_salidas_bodega,pro_mermas_bodega,pro_ajustes_bodega,pro_entradas_sv,pro_salidas_sv,pro_mermas_sv,pro_ajustes_sv,pro_activo,rec_numero,pro_unidad,pro_capacidad,pro_consumo_bodega,pro_consumo_sv,pro_estado,pro_funcion_plu,pro_flejes,pro_iva,pro_plu_asociado,pro_envase,pro_duracion,pro_numero_etiqueta) VALUES (9696,@@@9696@@@,@@@0@@@,@@@MANTEL DE COCINA @@@,@@@MANTEL DE COCINA@@@,@@@1 @@@,@@@4 @@@,@@@12@@@,@@@24 @@@,@@@207@@@,@@@2507@@@,@@@0@@@,@@@250@@@,@@@1@@@,@@@-99.6@@@,@@@@@@,@@@2006.09.07@@@,@@@2006.09.07@@@,@@@0@@@,@@@12@@@,@@@4@@@,@@@0@@@,@@@0@@@,@@@0@@@,@@@0@@@,@@@0@@@,@@@0@@@,@@@0@@@,@@@0@@@,@@@1@@@,@@@0@@@,0,1,0,0,2,0,1,1,0,@@@NO@@@,0,0)','',2,'2013-08-31'),(59233,'DELETE FROM mae_impuestos_productos WHERE pro_codigo_plu=@@@9696@@@','',2,'2013-08-31'),(59234,'INSERT INTO mae_productos (pro_codigo_plu,pro_codigo_barra,pro_tipo,pro_nombre_producto,pro_nombre_corto,med_id,emb_id,pro_unidades_embalaje,dep_id,lin_id,mar_id,pro_precio_compra_neto,pro_precio_compra_bruto,pro_precio_venta,pro_margen_actual,pro_oferta,pro_fecha_inicio_oferta,pro_fecha_termino_oferta,pro_precio_oferta,pro_stock_minimo,pro_stock_critico,pro_entradas_bodega,pro_salidas_bodega,pro_mermas_bodega,pro_ajustes_bodega,pro_entradas_sv,pro_salidas_sv,pro_mermas_sv,pro_ajustes_sv,pro_activo,rec_numero,pro_unidad,pro_capacidad,pro_consumo_bodega,pro_consumo_sv,pro_estado,pro_funcion_plu,pro_flejes,pro_iva,pro_plu_asociado,pro_envase,pro_duracion,pro_numero_etiqueta) VALUES (9797,@@@9797@@@,@@@0@@@,@@@MATE RECUERDO DE CHILE@@@,@@@MATE RECUERDO DE@@@,@@@1 @@@,@@@4 @@@,@@@1@@@,@@@24 @@@,@@@207@@@,@@@2507@@@,@@@0@@@,@@@2000@@@,@@@1@@@,@@@-99.95@@@,@@@@@@,@@@2006.09.07@@@,@@@2006.09.07@@@,@@@0@@@,@@@4@@@,@@@1@@@,@@@0@@@,@@@0@@@,@@@0@@@,@@@0@@@,@@@0@@@,@@@0@@@,@@@0@@@,@@@0@@@,@@@1@@@,@@@0@@@,0,1,0,0,2,0,1,1,0,@@@NO@@@,0,0)','',2,'2013-08-31'),(59235,'DELETE FROM mae_impuestos_productos WHERE pro_codigo_plu=@@@9797@@@','',2,'2013-08-31'),(59236,'INSERT INTO gne_vale_ferreteria (vfe_id,vfe_fecha,vfe_total,vfe_estado,vfe_entregado,usu_nusuario) VALUES (9695,@@@2013.08.31@@@,1890,1,0,@@@b_SAEZ@@@)','',2,'2013-08-31'),(59237,'INSERT INTO gne_vale_ferreteria_mov (vfe_id,pro_codigo_plu,vfm_cantidad,vfm_unitario,vfm_total,vfm_entregado) VALUES (9695,20460,1,1890,1890,@@@NO@@@)','',2,'2013-08-31'),(59238,'INSERT INTO gne_vale_ferreteria (vfe_id,vfe_fecha,vfe_total,vfe_estado,vfe_entregado,usu_nusuario) VALUES (9696,@@@2013.08.31@@@,2690,1,0,@@@b_SAEZ@@@)','',2,'2013-08-31'),(59239,'INSERT INTO gne_vale_ferreteria_mov (vfe_id,pro_codigo_plu,vfm_cantidad,vfm_unitario,vfm_total,vfm_entregado) VALUES (9696,7500891,1,2690,2690,@@@NO@@@)','',2,'2013-08-31'),(59240,'INSERT INTO gne_vale_ferreteria (vfe_id,vfe_fecha,vfe_total,vfe_estado,vfe_entregado,usu_nusuario) VALUES (9697,@@@2013.08.31@@@,790,1,0,@@@b_SAEZ@@@)','',2,'2013-08-31'),(59241,'INSERT INTO gne_vale_ferreteria_mov (vfe_id,pro_codigo_plu,vfm_cantidad,vfm_unitario,vfm_total,vfm_entregado) VALUES (9697,780721107,1,790,790,@@@NO@@@)','',2,'2013-08-31'),(59242,'INSERT INTO gne_vale_ferreteria (vfe_id,vfe_fecha,vfe_total,vfe_estado,vfe_entregado,usu_nusuario) VALUES (9698,@@@2013.08.31@@@,600,1,0,@@@b_SAEZ@@@)','',2,'2013-08-31'),(59243,'INSERT INTO gne_vale_ferreteria_mov (vfe_id,pro_codigo_plu,vfm_cantidad,vfm_unitario,vfm_total,vfm_entregado) VALUES (9698,4074,2,300,600,@@@NO@@@)','',2,'2013-08-31'),(59244,'INSERT INTO gne_vale_ferreteria (vfe_id,vfe_fecha,vfe_total,vfe_estado,vfe_entregado,usu_nusuario) VALUES (9699,@@@2013.08.31@@@,1890,1,0,@@@b_SAEZ@@@)','',2,'2013-08-31'),(59245,'INSERT INTO gne_vale_ferreteria_mov (vfe_id,pro_codigo_plu,vfm_cantidad,vfm_unitario,vfm_total,vfm_entregado) VALUES (9699,102074,1,1890,1890,@@@NO@@@)','',2,'2013-08-31'),(59246,'UPDATE mae_productos SET pro_precio_compra_bruto=951.4,pro_margen_actual=(pro_precio_venta-951.4)/951.4 * 100,pro_ultima_compra=@@@2013.08.31@@@,pro_ultimo_proveedor=@@@76041579-0@@@ WHERE pro_codigo_plu=8689','',2,'2013-08-31'),(59247,'UPDATE mae_productos SET pro_precio_compra_bruto=4237.5,pro_margen_actual=(pro_precio_venta-4237.5)/4237.5 * 100,pro_ultima_compra=@@@2013.08.31@@@,pro_ultimo_proveedor=@@@76041579-0@@@ WHERE pro_codigo_plu=764554','',2,'2013-08-31'),(59248,'UPDATE mae_productos SET pro_precio_compra_bruto=710.43,pro_margen_actual=(pro_precio_venta-710.43)/710.43 * 100,pro_ultima_compra=@@@2013.08.31@@@,pro_ultimo_proveedor=@@@76041579-0@@@ WHERE pro_codigo_plu=780721389','',2,'2013-08-31'),(59249,'UPDATE mae_productos SET pro_precio_compra_bruto=454.5,pro_margen_actual=(pro_precio_venta-454.5)/454.5 * 100,pro_ultima_compra=@@@2013.08.31@@@,pro_ultimo_proveedor=@@@76041579-0@@@ WHERE pro_codigo_plu=763812','',2,'2013-08-31'),(59250,'UPDATE mae_productos SET pro_precio_compra_bruto=209.202,pro_margen_actual=(pro_precio_venta-209.202)/209.202 * 100,pro_ultima_compra=@@@2013.08.31@@@,pro_ultimo_proveedor=@@@76041579-0@@@ WHERE pro_codigo_plu=764507','',2,'2013-08-31'),(59251,'UPDATE mae_productos SET pro_precio_compra_bruto=277.27,pro_margen_actual=(pro_precio_venta-277.27)/277.27 * 100,pro_ultima_compra=@@@2013.08.31@@@,pro_ultimo_proveedor=@@@76041579-0@@@ WHERE pro_codigo_plu=770066','',2,'2013-08-31'),(59252,'UPDATE mae_productos SET pro_precio_compra_bruto=70.21,pro_margen_actual=(pro_precio_venta-70.21)/70.21 * 100,pro_ultima_compra=@@@2013.08.31@@@,pro_ultimo_proveedor=@@@76041579-0@@@ WHERE pro_codigo_plu=78017204','',2,'2013-08-31'),(59253,'UPDATE mae_productos SET pro_precio_compra_bruto=660.45,pro_margen_actual=(pro_precio_venta-660.45)/660.45 * 100,pro_ultima_compra=@@@2013.08.31@@@,pro_ultimo_proveedor=@@@76041579-0@@@ WHERE pro_codigo_plu=780721231','',2,'2013-08-31'),(59254,'UPDATE mae_productos SET pro_precio_compra_bruto=1556.52,pro_margen_actual=(pro_precio_venta-1556.52)/1556.52 * 100,pro_ultima_compra=@@@2013.08.31@@@,pro_ultimo_proveedor=@@@76041579-0@@@ WHERE pro_codigo_plu=763621','',2,'2013-08-31'),(59255,'UPDATE mae_productos SET pro_precio_compra_bruto=259.42,pro_margen_actual=(pro_precio_venta-259.42)/259.42 * 100,pro_ultima_compra=@@@2013.08.31@@@,pro_ultimo_proveedor=@@@76041579-0@@@ WHERE pro_codigo_plu=764204','',2,'2013-08-31'),(59256,'UPDATE mae_productos SET pro_precio_compra_bruto=335.58,pro_margen_actual=(pro_precio_venta-335.58)/335.58 * 100,pro_ultima_compra=@@@2013.08.31@@@,pro_ultimo_proveedor=@@@76041579-0@@@ WHERE pro_codigo_plu=780721304','',2,'2013-08-31'),(59257,'UPDATE mae_productos SET pro_precio_compra_bruto=502.18,pro_margen_actual=(pro_precio_venta-502.18)/502.18 * 100,pro_ultima_compra=@@@2013.08.31@@@,pro_ultimo_proveedor=@@@76041579-0@@@ WHERE pro_codigo_plu=19866','',2,'2013-08-31'),(59258,'UPDATE mae_productos SET pro_precio_compra_bruto=198.73,pro_margen_actual=(pro_precio_venta-198.73)/198.73 * 100,pro_ultima_compra=@@@2013.08.31@@@,pro_ultimo_proveedor=@@@76041579-0@@@ WHERE pro_codigo_plu=12608','',2,'2013-08-31'),(59259,'UPDATE mae_productos SET pro_codigo_barra=@@@7556956854516@@@,pro_tipo=@@@0@@@,pro_nombre_producto=@@@PERROS ROPA VIVA CHILE@@@,pro_nombre_corto=@@@PERROS PARA LA R@@@,med_id=@@@1@@@,emb_id=@@@6@@@,pro_unidades_embalaje=@@@120@@@,dep_id=@@@24 @@@,lin_id=@@@207@@@,mar_id=@@@2507@@@,pro_precio_compra_neto=@@@0@@@,pro_precio_compra_bruto=@@@240@@@,pro_precio_venta=@@@1@@@,pro_margen_actual=@@@-99.58@@@,pro_oferta=@@@NO@@@,pro_fecha_inicio_oferta=@@@2006.09.07@@@,pro_fecha_termino_oferta=@@@2006.09.07@@@,pro_precio_oferta=@@@0@@@,pro_stock_minimo=@@@20@@@,pro_stock_critico=@@@10@@@,pro_activo=@@@1@@@,pro_unidad=@@@0@@@,pro_precio_compra_bruto=240,pro_margen_actual=-99.58,pro_capacidad=24,pro_funcion_plu=0,pro_flejes=1,pro_iva=1,pro_plu_asociado=0,pro_envase=@@@NO@@@,pro_duracion=0,pro_numero_etiqueta=0 WHERE pro_codigo_plu=@@@780721713@@@','',2,'2013-08-31'),(59260,'UPDATE mae_productos SET pro_estado=1 WHERE pro_codigo_plu=780721713','',2,'2013-08-31'),(59261,'DELETE FROM mae_impuestos_productos WHERE pro_codigo_plu=@@@780721713@@@','',2,'2013-08-31'),(59262,'UPDATE mae_productos SET pro_codigo_barra=@@@7805231000019@@@,pro_tipo=@@@0@@@,pro_nombre_producto=@@@ORLY ANILINA COLORES X 1 UND@@@,pro_nombre_corto=@@@ORLY ANILINA@@@,med_id=@@@5@@@,emb_id=@@@3@@@,pro_unidades_embalaje=@@@0@@@,dep_id=@@@24 @@@,lin_id=@@@137@@@,mar_id=@@@2507@@@,pro_precio_compra_neto=@@@0@@@,pro_precio_compra_bruto=@@@0@@@,pro_precio_venta=@@@890@@@,pro_margen_actual=@@@0@@@,pro_oferta=@@@NO@@@,pro_fecha_inicio_oferta=@@@2013.04.27@@@,pro_fecha_termino_oferta=@@@2013.04.27@@@,pro_precio_oferta=@@@0@@@,pro_stock_minimo=@@@15@@@,pro_stock_critico=@@@5@@@,pro_activo=@@@1@@@,pro_unidad=@@@0@@@,pro_precio_compra_bruto=0,pro_margen_actual=0,pro_capacidad=45,pro_funcion_plu=0,pro_flejes=1,pro_iva=1,pro_plu_asociado=0,pro_envase=@@@NO@@@,pro_duracion=0,pro_numero_etiqueta=0 WHERE pro_codigo_plu=@@@763633@@@','',2,'2013-08-31'),(59263,'UPDATE mae_productos SET pro_estado=1 WHERE pro_codigo_plu=763633','',2,'2013-08-31'),(59264,'DELETE FROM mae_impuestos_productos WHERE pro_codigo_plu=@@@763633@@@','',2,'2013-08-31'),(59265,'INSERT INTO gne_vale_ferreteria (vfe_id,vfe_fecha,vfe_total,vfe_estado,vfe_entregado,usu_nusuario) VALUES (9700,@@@2013.08.31@@@,900,1,0,@@@b_SAEZ@@@)','',2,'2013-08-31'),(59266,'INSERT INTO gne_vale_ferreteria_mov (vfe_id,pro_codigo_plu,vfm_cantidad,vfm_unitario,vfm_total,vfm_entregado) VALUES (9700,4097,3,300,900,@@@NO@@@)','',2,'2013-08-31'),(59267,'UPDATE mae_productos SET pro_precio_compra_bruto=50,pro_margen_actual=(pro_precio_venta-50)/50 * 100,pro_ultima_compra=@@@2013.08.31@@@,pro_ultimo_proveedor=@@@78458390-2@@@ WHERE pro_codigo_plu=3131','',2,'2013-08-31'),(59268,'UPDATE mae_productos SET pro_precio_compra_bruto=300,pro_margen_actual=(pro_precio_venta-300)/300 * 100,pro_ultima_compra=@@@2013.08.31@@@,pro_ultimo_proveedor=@@@78458390-2@@@ WHERE pro_codigo_plu=3016','',2,'2013-08-31'),(59269,'UPDATE mae_productos SET pro_precio_compra_bruto=300,pro_margen_actual=(pro_precio_venta-300)/300 * 100,pro_ultima_compra=@@@2013.08.31@@@,pro_ultimo_proveedor=@@@78458390-2@@@ WHERE pro_codigo_plu=3013','',2,'2013-08-31'),(59270,'UPDATE mae_productos SET pro_precio_compra_bruto=300,pro_margen_actual=(pro_precio_venta-300)/300 * 100,pro_ultima_compra=@@@2013.08.31@@@,pro_ultimo_proveedor=@@@78458390-2@@@ WHERE pro_codigo_plu=3000','',2,'2013-08-31'),(59271,'UPDATE mae_productos SET pro_precio_compra_bruto=300,pro_margen_actual=(pro_precio_venta-300)/300 * 100,pro_ultima_compra=@@@2013.08.31@@@,pro_ultimo_proveedor=@@@78458390-2@@@ WHERE pro_codigo_plu=780721712','',2,'2013-08-31'),(59272,'UPDATE mae_productos SET pro_precio_compra_bruto=157.5,pro_margen_actual=(pro_precio_venta-157.5)/157.5 * 100,pro_ultima_compra=@@@2013.08.31@@@,pro_ultimo_proveedor=@@@78458390-2@@@ WHERE pro_codigo_plu=9292','',2,'2013-08-31'),(59273,'UPDATE mae_productos SET pro_precio_compra_bruto=90,pro_margen_actual=(pro_precio_venta-90)/90 * 100,pro_ultima_compra=@@@2013.08.31@@@,pro_ultimo_proveedor=@@@78458390-2@@@ WHERE pro_codigo_plu=9393','',2,'2013-08-31'),(59274,'UPDATE mae_productos SET pro_precio_compra_bruto=160,pro_margen_actual=(pro_precio_venta-160)/160 * 100,pro_ultima_compra=@@@2013.08.31@@@,pro_ultimo_proveedor=@@@78458390-2@@@ WHERE pro_codigo_plu=9494','',2,'2013-08-31'),(59275,'UPDATE mae_productos SET pro_precio_compra_bruto=110,pro_margen_actual=(pro_precio_venta-110)/110 * 100,pro_ultima_compra=@@@2013.08.31@@@,pro_ultimo_proveedor=@@@78458390-2@@@ WHERE pro_codigo_plu=9595','',2,'2013-08-31'),(59276,'UPDATE mae_productos SET pro_precio_compra_bruto=250,pro_margen_actual=(pro_precio_venta-250)/250 * 100,pro_ultima_compra=@@@2013.08.31@@@,pro_ultimo_proveedor=@@@78458390-2@@@ WHERE pro_codigo_plu=9696','',2,'2013-08-31'),(59277,'UPDATE mae_productos SET pro_precio_compra_bruto=2000,pro_margen_actual=(pro_precio_venta-2000)/2000 * 100,pro_ultima_compra=@@@2013.08.31@@@,pro_ultimo_proveedor=@@@78458390-2@@@ WHERE pro_codigo_plu=9797','',2,'2013-08-31'),(59278,'UPDATE mae_productos SET pro_precio_compra_bruto=240,pro_margen_actual=(pro_precio_venta-240)/240 * 100,pro_ultima_compra=@@@2013.08.31@@@,pro_ultimo_proveedor=@@@78458390-2@@@ WHERE pro_codigo_plu=780721713','',2,'2013-08-31'),(59279,'UPDATE mae_productos SET pro_precio_compra_bruto=590,pro_margen_actual=(pro_precio_venta-590)/590 * 100,pro_ultima_compra=@@@2013.08.31@@@,pro_ultimo_proveedor=@@@78458390-2@@@ WHERE pro_codigo_plu=763633','',2,'2013-08-31'),(59280,'UPDATE mae_productos SET pro_precio_compra_bruto=150,pro_margen_actual=(pro_precio_venta-150)/150 * 100,pro_ultima_compra=@@@2013.08.31@@@,pro_ultimo_proveedor=@@@76919940-3@@@ WHERE pro_codigo_plu=780721379','',2,'2013-08-31'),(59281,'UPDATE mae_productos SET pro_precio_compra_bruto=165,pro_margen_actual=(pro_precio_venta-165)/165 * 100,pro_ultima_compra=@@@2013.08.31@@@,pro_ultimo_proveedor=@@@76919940-3@@@ WHERE pro_codigo_plu=4074','',2,'2013-08-31'),(59282,'UPDATE mae_productos SET pro_precio_compra_bruto=158,pro_margen_actual=(pro_precio_venta-158)/158 * 100,pro_ultima_compra=@@@2013.08.31@@@,pro_ultimo_proveedor=@@@76919940-3@@@ WHERE pro_codigo_plu=4123','',2,'2013-08-31'),(59283,'UPDATE mae_productos SET pro_precio_compra_bruto=179,pro_margen_actual=(pro_precio_venta-179)/179 * 100,pro_ultima_compra=@@@2013.08.31@@@,pro_ultimo_proveedor=@@@76919940-3@@@ WHERE pro_codigo_plu=4127','',2,'2013-08-31'),(59284,'UPDATE mae_productos SET pro_precio_compra_bruto=69,pro_margen_actual=(pro_precio_venta-69)/69 * 100,pro_ultima_compra=@@@2013.08.31@@@,pro_ultimo_proveedor=@@@76919940-3@@@ WHERE pro_codigo_plu=4089','',2,'2013-08-31'),(59285,'UPDATE mae_productos SET pro_precio_compra_bruto=125,pro_margen_actual=(pro_precio_venta-125)/125 * 100,pro_ultima_compra=@@@2013.08.31@@@,pro_ultimo_proveedor=@@@76919940-3@@@ WHERE pro_codigo_plu=4083','',2,'2013-08-31'),(59286,'UPDATE mae_productos SET pro_precio_compra_bruto=386.75,pro_margen_actual=(pro_precio_venta-386.75)/386.75 * 100,pro_ultima_compra=@@@2013.08.31@@@,pro_ultimo_proveedor=@@@80186300-0@@@ WHERE pro_codigo_plu=262521','',2,'2013-08-31'),(59287,'UPDATE mae_productos SET pro_precio_compra_bruto=2260.8,pro_margen_actual=(pro_precio_venta-2260.8)/2260.8 * 100,pro_ultima_compra=@@@2013.08.31@@@,pro_ultimo_proveedor=@@@80186300-0@@@ WHERE pro_codigo_plu=357','',2,'2013-08-31'),(59288,'UPDATE mae_productos SET pro_precio_compra_bruto=4640.96,pro_margen_actual=(pro_precio_venta-4640.96)/4640.96 * 100,pro_ultima_compra=@@@2013.08.31@@@,pro_ultimo_proveedor=@@@80186300-0@@@ WHERE pro_codigo_plu=332','',2,'2013-08-31'),(59289,'UPDATE mae_productos SET pro_precio_compra_bruto=2380,pro_margen_actual=(pro_precio_venta-2380)/2380 * 100,pro_ultima_compra=@@@2013.08.31@@@,pro_ultimo_proveedor=@@@80186300-0@@@ WHERE pro_codigo_plu=335','',2,'2013-08-31'),(59290,'UPDATE mae_productos SET pro_precio_compra_bruto=2201.5,pro_margen_actual=(pro_precio_venta-2201.5)/2201.5 * 100,pro_ultima_compra=@@@2013.08.31@@@,pro_ultimo_proveedor=@@@80186300-0@@@ WHERE pro_codigo_plu=347','',2,'2013-08-31'),(59291,'UPDATE mae_productos SET pro_precio_compra_bruto=3332.15,pro_margen_actual=(pro_precio_venta-3332.15)/3332.15 * 100,pro_ultima_compra=@@@2013.08.31@@@,pro_ultimo_proveedor=@@@80186300-0@@@ WHERE pro_codigo_plu=313','',2,'2013-08-31'),(59292,'UPDATE mae_productos SET pro_precio_compra_bruto=1190,pro_margen_actual=(pro_precio_venta-1190)/1190 * 100,pro_ultima_compra=@@@2013.08.31@@@,pro_ultimo_proveedor=@@@80186300-0@@@ WHERE pro_codigo_plu=354','',2,'2013-08-31'),(59293,'UPDATE mae_productos SET pro_precio_compra_bruto=1190,pro_margen_actual=(pro_precio_venta-1190)/1190 * 100,pro_ultima_compra=@@@2013.08.31@@@,pro_ultimo_proveedor=@@@80186300-0@@@ WHERE pro_codigo_plu=352','',2,'2013-08-31'),(59294,'UPDATE mae_productos SET pro_precio_compra_bruto=1844.62,pro_margen_actual=(pro_precio_venta-1844.62)/1844.62 * 100,pro_ultima_compra=@@@2013.08.31@@@,pro_ultimo_proveedor=@@@80186300-0@@@ WHERE pro_codigo_plu=315','',2,'2013-08-31'),(59295,'UPDATE mae_productos SET pro_precio_compra_bruto=191.88,pro_margen_actual=(pro_precio_venta-191.88)/191.88 * 100,pro_ultima_compra=@@@2013.08.31@@@,pro_ultimo_proveedor=@@@80186300-0@@@ WHERE pro_codigo_plu=262531','',2,'2013-08-31'),(59296,'UPDATE mae_productos SET pro_precio_compra_bruto=284.1,pro_margen_actual=(pro_precio_venta-284.1)/284.1 * 100,pro_ultima_compra=@@@2013.08.31@@@,pro_ultimo_proveedor=@@@80186300-0@@@ WHERE pro_codigo_plu=262532','',2,'2013-08-31'),(59297,'UPDATE mae_productos SET pro_precio_compra_bruto=191.88,pro_margen_actual=(pro_precio_venta-191.88)/191.88 * 100,pro_ultima_compra=@@@2013.08.31@@@,pro_ultimo_proveedor=@@@80186300-0@@@ WHERE pro_codigo_plu=762638','',2,'2013-08-31'),(59298,'UPDATE mae_productos SET pro_precio_compra_bruto=104.72,pro_margen_actual=(pro_precio_venta-104.72)/104.72 * 100,pro_ultima_compra=@@@2013.08.31@@@,pro_ultimo_proveedor=@@@80186300-0@@@ WHERE pro_codigo_plu=763550','',2,'2013-08-31'),(59299,'UPDATE mae_productos SET pro_precio_compra_bruto=191.88,pro_margen_actual=(pro_precio_venta-191.88)/191.88 * 100,pro_ultima_compra=@@@2013.08.31@@@,pro_ultimo_proveedor=@@@80186300-0@@@ WHERE pro_codigo_plu=262530','',2,'2013-08-31'),(59300,'UPDATE mae_productos SET pro_precio_compra_bruto=297.5,pro_margen_actual=(pro_precio_venta-297.5)/297.5 * 100,pro_ultima_compra=@@@2013.08.31@@@,pro_ultimo_proveedor=@@@80186300-0@@@ WHERE pro_codigo_plu=262528','',2,'2013-08-31'),(59301,'UPDATE mae_productos SET pro_precio_venta=350,pro_margen_actual= 112.12 WHERE pro_codigo_plu=4074','',2,'2013-08-31'),(59302,'UPDATE mae_productos SET pro_precio_venta=200,pro_margen_actual= 300 WHERE pro_codigo_plu=3131','',2,'2013-08-31'),(59303,'UPDATE mae_productos SET pro_precio_venta=450,pro_margen_actual= 87.5 WHERE pro_codigo_plu=780721713','',2,'2013-08-31'),(59304,'UPDATE mae_productos SET pro_precio_venta=490,pro_margen_actual= 63.33 WHERE pro_codigo_plu=780721712','',2,'2013-08-31'),(59305,'UPDATE mae_productos SET pro_precio_venta=350,pro_margen_actual= 122.22 WHERE pro_codigo_plu=9292','',2,'2013-08-31'),(59306,'UPDATE mae_productos SET pro_precio_venta=270,pro_margen_actual= 200 WHERE pro_codigo_plu=9393','',2,'2013-08-31'),(59307,'UPDATE mae_productos SET pro_precio_venta=350,pro_margen_actual= 118.75 WHERE pro_codigo_plu=9494','',2,'2013-08-31'),(59308,'UPDATE mae_productos SET pro_precio_venta=250,pro_margen_actual= 127.27 WHERE pro_codigo_plu=9595','',2,'2013-08-31'),(59309,'UPDATE mae_productos SET pro_precio_venta=600,pro_margen_actual= 140 WHERE pro_codigo_plu=9696','',2,'2013-08-31'),(59310,'UPDATE mae_productos SET pro_precio_venta=2990,pro_margen_actual= 49.5 WHERE pro_codigo_plu=9797','',2,'2013-08-31'),(59311,'INSERT INTO gne_vale_ferreteria (vfe_id,vfe_fecha,vfe_total,vfe_estado,vfe_entregado,usu_nusuario) VALUES (9701,@@@2013.08.31@@@,1350,1,0,@@@b_SAEZ@@@)','',2,'2013-08-31'),(59312,'INSERT INTO gne_vale_ferreteria_mov (vfe_id,pro_codigo_plu,vfm_cantidad,vfm_unitario,vfm_total,vfm_entregado) VALUES (9701,763479,1,1350,1350,@@@NO@@@)','',2,'2013-08-31'),(59313,'INSERT INTO gne_vale_ferreteria (vfe_id,vfe_fecha,vfe_total,vfe_estado,vfe_entregado,usu_nusuario) VALUES (9702,@@@2013.08.31@@@,3990,1,0,@@@b_SAEZ@@@)','',2,'2013-08-31'),(59314,'INSERT INTO gne_vale_ferreteria_mov (vfe_id,pro_codigo_plu,vfm_cantidad,vfm_unitario,vfm_total,vfm_entregado) VALUES (9702,765014,1,3990,3990,@@@NO@@@)','',2,'2013-08-31'),(59315,'UPDATE mae_productos SET pro_precio_fiscal=pro_precio_venta WHERE pro_codigo_plu=3131','',2,'2013-08-31'),(59316,'UPDATE mae_productos SET pro_precio_fiscal=pro_precio_venta WHERE pro_codigo_plu=4074','',2,'2013-08-31'),(59317,'UPDATE mae_productos SET pro_precio_fiscal=pro_precio_venta WHERE pro_codigo_plu=780721713','',2,'2013-08-31'),(59318,'UPDATE mae_productos SET pro_precio_fiscal=pro_precio_venta WHERE pro_codigo_plu=780721712','',2,'2013-08-31'),(59319,'UPDATE mae_productos SET pro_precio_fiscal=pro_precio_venta WHERE pro_codigo_plu=9292','',2,'2013-08-31'),(59320,'UPDATE mae_productos SET pro_precio_fiscal=pro_precio_venta WHERE pro_codigo_plu=9393','',2,'2013-08-31'),(59321,'UPDATE mae_productos SET pro_precio_fiscal=pro_precio_venta WHERE pro_codigo_plu=9494','',2,'2013-08-31'),(59322,'UPDATE mae_productos SET pro_precio_fiscal=pro_precio_venta WHERE pro_codigo_plu=9595','',2,'2013-08-31'),(59323,'UPDATE mae_productos SET pro_precio_fiscal=pro_precio_venta WHERE pro_codigo_plu=9696','',2,'2013-08-31'),(59324,'UPDATE mae_productos SET pro_precio_fiscal=pro_precio_venta WHERE pro_codigo_plu=9797','',2,'2013-08-31'),(59325,'INSERT INTO gne_vale_ferreteria (vfe_id,vfe_fecha,vfe_total,vfe_estado,vfe_entregado,usu_nusuario) VALUES (9703,@@@2013.08.31@@@,660,1,0,@@@b_SAEZ@@@)','',2,'2013-08-31'),(59326,'INSERT INTO gne_vale_ferreteria_mov (vfe_id,pro_codigo_plu,vfm_cantidad,vfm_unitario,vfm_total,vfm_entregado) VALUES (9703,763585,2,330,660,@@@NO@@@)','',2,'2013-08-31'),(59327,'UPDATE mae_productos SET pro_codigo_barra=@@@7501064191398@@@,pro_tipo=@@@0@@@,pro_nombre_producto=@@@PACK CORONA EXT. 355CC X 6 @@@,pro_nombre_corto=@@@PACK CORONA EXT.@@@,med_id=@@@1@@@,emb_id=@@@3@@@,pro_unidades_embalaje=@@@4@@@,dep_id=@@@7 @@@,lin_id=@@@230@@@,mar_id=@@@1782@@@,pro_precio_compra_neto=@@@0@@@,pro_precio_compra_bruto=@@@3273.25@@@,pro_precio_venta=@@@4250@@@,pro_margen_actual=@@@29.84@@@,pro_oferta=@@@NO@@@,pro_fecha_inicio_oferta=@@@2013.04.27@@@,pro_fecha_termino_oferta=@@@2013.04.27@@@,pro_precio_oferta=@@@0@@@,pro_stock_minimo=@@@12@@@,pro_stock_critico=@@@6@@@,pro_activo=@@@1@@@,pro_unidad=@@@0@@@,pro_precio_compra_bruto=3273.25,pro_margen_actual=29.84,pro_capacidad=6,pro_funcion_plu=0,pro_flejes=1,pro_iva=1,pro_plu_asociado=0,pro_envase=@@@NO@@@,pro_duracion=0,pro_numero_etiqueta=0 WHERE pro_codigo_plu=@@@763518@@@','',2,'2013-08-31'),(59328,'UPDATE mae_productos SET pro_estado=1 WHERE pro_codigo_plu=763518','',2,'2013-08-31'),(59329,'DELETE FROM mae_impuestos_productos WHERE pro_codigo_plu=@@@763518@@@','',2,'2013-08-31'),(59330,'UPDATE mae_productos SET pro_codigo_barra=@@@7501064192845@@@,pro_tipo=@@@0@@@,pro_nombre_producto=@@@PACK CORONA LIGHT 6 X 355@@@,pro_nombre_corto=@@@CORONA LIGHT 6 X@@@,med_id=@@@1@@@,emb_id=@@@6@@@,pro_unidades_embalaje=@@@36@@@,dep_id=@@@7 @@@,lin_id=@@@230@@@,mar_id=@@@1782@@@,pro_precio_compra_neto=@@@2751.26@@@,pro_precio_compra_bruto=@@@3274@@@,pro_precio_venta=@@@4250@@@,pro_margen_actual=@@@29.81@@@,pro_oferta=@@@NO@@@,pro_fecha_inicio_oferta=@@@2006.09.07@@@,pro_fecha_termino_oferta=@@@2006.09.07@@@,pro_precio_oferta=@@@0@@@,pro_stock_minimo=@@@5@@@,pro_stock_critico=@@@3@@@,pro_activo=@@@1@@@,pro_unidad=@@@0@@@,pro_precio_compra_bruto=3274,pro_margen_actual=29.81,pro_capacidad=6,pro_funcion_plu=0,pro_flejes=1,pro_iva=1,pro_plu_asociado=0,pro_envase=@@@NO@@@,pro_duracion=0,pro_numero_etiqueta=0 WHERE pro_codigo_plu=@@@780721462@@@','',2,'2013-08-31'),(59331,'UPDATE mae_productos SET pro_estado=1 WHERE pro_codigo_plu=780721462','',2,'2013-08-31'),(59332,'DELETE FROM mae_impuestos_productos WHERE pro_codigo_plu=@@@780721462@@@','',2,'2013-08-31'),(59333,'INSERT INTO mae_productos (pro_codigo_plu,pro_codigo_barra,pro_tipo,pro_nombre_producto,pro_nombre_corto,med_id,emb_id,pro_unidades_embalaje,dep_id,lin_id,mar_id,pro_precio_compra_neto,pro_precio_compra_bruto,pro_precio_venta,pro_margen_actual,pro_oferta,pro_fecha_inicio_oferta,pro_fecha_termino_oferta,pro_precio_oferta,pro_stock_minimo,pro_stock_critico,pro_entradas_bodega,pro_salidas_bodega,pro_mermas_bodega,pro_ajustes_bodega,pro_entradas_sv,pro_salidas_sv,pro_mermas_sv,pro_ajustes_sv,pro_activo,rec_numero,pro_unidad,pro_capacidad,pro_consumo_bodega,pro_consumo_sv,pro_estado,pro_funcion_plu,pro_flejes,pro_iva,pro_plu_asociado,pro_envase,pro_duracion,pro_numero_etiqueta) VALUES (808081,@@@7805000169022@@@,@@@0@@@,@@@CIF LIMPIEZA DIARIA ANTIGRASA@@@,@@@CIF LIMPIEZA DIA@@@,@@@7 @@@,@@@3 @@@,@@@0@@@,@@@2 @@@,@@@41@@@,@@@1339@@@,@@@0@@@,@@@0@@@,@@@1@@@,@@@0@@@,@@@@@@,@@@2013.08.31@@@,@@@2013.08.31@@@,@@@0@@@,@@@0@@@,@@@0@@@,@@@0@@@,@@@0@@@,@@@0@@@,@@@0@@@,@@@0@@@,@@@0@@@,@@@0@@@,@@@0@@@,@@@1@@@,@@@0@@@,0,500,0,0,2,0,1,1,0,@@@NO@@@,0,0)','',2,'2013-08-31'),(59334,'DELETE FROM mae_impuestos_productos WHERE pro_codigo_plu=@@@808081@@@','',2,'2013-08-31'),(59335,'INSERT INTO mae_productos (pro_codigo_plu,pro_codigo_barra,pro_tipo,pro_nombre_producto,pro_nombre_corto,med_id,emb_id,pro_unidades_embalaje,dep_id,lin_id,mar_id,pro_precio_compra_neto,pro_precio_compra_bruto,pro_precio_venta,pro_margen_actual,pro_oferta,pro_fecha_inicio_oferta,pro_fecha_termino_oferta,pro_precio_oferta,pro_stock_minimo,pro_stock_critico,pro_entradas_bodega,pro_salidas_bodega,pro_mermas_bodega,pro_ajustes_bodega,pro_entradas_sv,pro_salidas_sv,pro_mermas_sv,pro_ajustes_sv,pro_activo,rec_numero,pro_unidad,pro_capacidad,pro_consumo_bodega,pro_consumo_sv,pro_estado,pro_funcion_plu,pro_flejes,pro_iva,pro_plu_asociado,pro_envase,pro_duracion,pro_numero_etiqueta) VALUES (780721714,@@@7805500090376@@@,@@@0@@@,@@@PEGAFIX MADERAS@@@,@@@PEGAFIX MADERAS@@@,@@@5 @@@,@@@3 @@@,@@@0@@@,@@@24 @@@,@@@137@@@,@@@2540@@@,@@@0@@@,@@@0@@@,@@@850@@@,@@@0@@@,@@@@@@,@@@2013.08.31@@@,@@@2013.08.31@@@,@@@0@@@,@@@0@@@,@@@0@@@,@@@0@@@,@@@0@@@,@@@0@@@,@@@0@@@,@@@0@@@,@@@0@@@,@@@0@@@,@@@0@@@,@@@1@@@,@@@0@@@,0,110,0,0,2,0,1,1,0,@@@NO@@@,0,0)','',2,'2013-08-31'),(59336,'DELETE FROM mae_impuestos_productos WHERE pro_codigo_plu=@@@780721714@@@','',2,'2013-08-31'),(59337,'INSERT INTO mae_productos (pro_codigo_plu,pro_codigo_barra,pro_tipo,pro_nombre_producto,pro_nombre_corto,med_id,emb_id,pro_unidades_embalaje,dep_id,lin_id,mar_id,pro_precio_compra_neto,pro_precio_compra_bruto,pro_precio_venta,pro_margen_actual,pro_oferta,pro_fecha_inicio_oferta,pro_fecha_termino_oferta,pro_precio_oferta,pro_stock_minimo,pro_stock_critico,pro_entradas_bodega,pro_salidas_bodega,pro_mermas_bodega,pro_ajustes_bodega,pro_entradas_sv,pro_salidas_sv,pro_mermas_sv,pro_ajustes_sv,pro_activo,rec_numero,pro_unidad,pro_capacidad,pro_consumo_bodega,pro_consumo_sv,pro_estado,pro_funcion_plu,pro_flejes,pro_iva,pro_plu_asociado,pro_envase,pro_duracion,pro_numero_etiqueta) VALUES (780721715,@@@780721715@@@,@@@0@@@,@@@TARJETAS DE FICHAS@@@,@@@TARJETAS DE FICH@@@,@@@1 @@@,@@@3 @@@,@@@0@@@,@@@24 @@@,@@@137@@@,@@@2507@@@,@@@0@@@,@@@0@@@,@@@40@@@,@@@0@@@,@@@@@@,@@@2013.08.31@@@,@@@2013.08.31@@@,@@@0@@@,@@@0@@@,@@@0@@@,@@@0@@@,@@@0@@@,@@@0@@@,@@@0@@@,@@@0@@@,@@@0@@@,@@@0@@@,@@@0@@@,@@@1@@@,@@@0@@@,0,1,0,0,2,0,1,1,0,@@@NO@@@,0,0)','',2,'2013-08-31'),(59338,'DELETE FROM mae_impuestos_productos WHERE pro_codigo_plu=@@@780721715@@@','',2,'2013-08-31'),(59339,'INSERT INTO mae_productos (pro_codigo_plu,pro_codigo_barra,pro_tipo,pro_nombre_producto,pro_nombre_corto,med_id,emb_id,pro_unidades_embalaje,dep_id,lin_id,mar_id,pro_precio_compra_neto,pro_precio_compra_bruto,pro_precio_venta,pro_margen_actual,pro_oferta,pro_fecha_inicio_oferta,pro_fecha_termino_oferta,pro_precio_oferta,pro_stock_minimo,pro_stock_critico,pro_entradas_bodega,pro_salidas_bodega,pro_mermas_bodega,pro_ajustes_bodega,pro_entradas_sv,pro_salidas_sv,pro_mermas_sv,pro_ajustes_sv,pro_activo,rec_numero,pro_unidad,pro_capacidad,pro_consumo_bodega,pro_consumo_sv,pro_estado,pro_funcion_plu,pro_flejes,pro_iva,pro_plu_asociado,pro_envase,pro_duracion,pro_numero_etiqueta) VALUES (780721716,@@@780721716@@@,@@@0@@@,@@@BOLSO DE REGALO @@@,@@@BOLSO DE REGALO @@@,@@@1 @@@,@@@3 @@@,@@@0@@@,@@@24 @@@,@@@177@@@,@@@2507@@@,@@@0@@@,@@@0@@@,@@@590@@@,@@@0@@@,@@@@@@,@@@2013.08.31@@@,@@@2013.08.31@@@,@@@0@@@,@@@0@@@,@@@0@@@,@@@0@@@,@@@0@@@,@@@0@@@,@@@0@@@,@@@0@@@,@@@0@@@,@@@0@@@,@@@0@@@,@@@1@@@,@@@0@@@,0,1,0,0,2,0,1,1,0,@@@NO@@@,0,0)','',2,'2013-08-31'),(59340,'DELETE FROM mae_impuestos_productos WHERE pro_codigo_plu=@@@780721716@@@','',2,'2013-08-31'),(59341,'INSERT INTO mae_productos (pro_codigo_plu,pro_codigo_barra,pro_tipo,pro_nombre_producto,pro_nombre_corto,med_id,emb_id,pro_unidades_embalaje,dep_id,lin_id,mar_id,pro_precio_compra_neto,pro_precio_compra_bruto,pro_precio_venta,pro_margen_actual,pro_oferta,pro_fecha_inicio_oferta,pro_fecha_termino_oferta,pro_precio_oferta,pro_stock_minimo,pro_stock_critico,pro_entradas_bodega,pro_salidas_bodega,pro_mermas_bodega,pro_ajustes_bodega,pro_entradas_sv,pro_salidas_sv,pro_mermas_sv,pro_ajustes_sv,pro_activo,rec_numero,pro_unidad,pro_capacidad,pro_consumo_bodega,pro_consumo_sv,pro_estado,pro_funcion_plu,pro_flejes,pro_iva,pro_plu_asociado,pro_envase,pro_duracion,pro_numero_etiqueta) VALUES (780721717,@@@780721717@@@,@@@0@@@,@@@CINTA DE REGALO METRO@@@,@@@CINTA DE REGALO @@@,@@@4 @@@,@@@3 @@@,@@@0@@@,@@@24 @@@,@@@177@@@,@@@2507@@@,@@@0@@@,@@@0@@@,@@@20@@@,@@@0@@@,@@@@@@,@@@2013.08.31@@@,@@@2013.08.31@@@,@@@0@@@,@@@0@@@,@@@0@@@,@@@0@@@,@@@0@@@,@@@0@@@,@@@0@@@,@@@0@@@,@@@0@@@,@@@0@@@,@@@0@@@,@@@1@@@,@@@0@@@,0,1,0,0,2,0,1,1,0,@@@NO@@@,0,0)','',2,'2013-08-31'),(59342,'DELETE FROM mae_impuestos_productos WHERE pro_codigo_plu=@@@780721717@@@','',2,'2013-08-31'),(59343,'UPDATE mae_productos SET pro_precio_compra_bruto=1050,pro_margen_actual=(pro_precio_venta-1050)/1050 * 100,pro_ultima_compra=@@@2013.08.31@@@,pro_ultimo_proveedor=@@@96568970-2@@@ WHERE pro_codigo_plu=17146','',2,'2013-08-31'),(59344,'UPDATE mae_productos SET pro_precio_compra_bruto=3200,pro_margen_actual=(pro_precio_venta-3200)/3200 * 100,pro_ultima_compra=@@@2013.08.31@@@,pro_ultimo_proveedor=@@@96568970-2@@@ WHERE pro_codigo_plu=763518','',2,'2013-08-31'),(59345,'UPDATE mae_productos SET pro_precio_compra_bruto=3220,pro_margen_actual=(pro_precio_venta-3220)/3220 * 100,pro_ultima_compra=@@@2013.08.31@@@,pro_ultimo_proveedor=@@@96568970-2@@@ WHERE pro_codigo_plu=780721462','',2,'2013-08-31'),(59346,'UPDATE mae_productos SET pro_precio_compra_bruto=960.33,pro_margen_actual=(pro_precio_venta-960.33)/960.33 * 100,pro_ultima_compra=@@@2013.08.31@@@,pro_ultimo_proveedor=@@@82623500-4@@@ WHERE pro_codigo_plu=11339','',2,'2013-08-31');
insert  into `sys_comunicacion_caja`(`coc_id`,`coc_sql`,`coc_cajas`,`coc_prioridad`,`coc_fecha`) values (59347,'UPDATE mae_productos SET pro_precio_compra_bruto=153.51,pro_margen_actual=(pro_precio_venta-153.51)/153.51 * 100,pro_ultima_compra=@@@2013.08.31@@@,pro_ultimo_proveedor=@@@82623500-4@@@ WHERE pro_codigo_plu=12029','',2,'2013-08-31'),(59348,'UPDATE mae_productos SET pro_precio_compra_bruto=268.94,pro_margen_actual=(pro_precio_venta-268.94)/268.94 * 100,pro_ultima_compra=@@@2013.08.31@@@,pro_ultimo_proveedor=@@@82623500-4@@@ WHERE pro_codigo_plu=78017083','',2,'2013-08-31'),(59349,'UPDATE mae_productos SET pro_precio_compra_bruto=268.94,pro_margen_actual=(pro_precio_venta-268.94)/268.94 * 100,pro_ultima_compra=@@@2013.08.31@@@,pro_ultimo_proveedor=@@@82623500-4@@@ WHERE pro_codigo_plu=13551','',2,'2013-08-31'),(59350,'UPDATE mae_productos SET pro_precio_compra_bruto=1075.76,pro_margen_actual=(pro_precio_venta-1075.76)/1075.76 * 100,pro_ultima_compra=@@@2013.08.31@@@,pro_ultimo_proveedor=@@@82623500-4@@@ WHERE pro_codigo_plu=763525','',2,'2013-08-31'),(59351,'UPDATE mae_productos SET pro_precio_compra_bruto=1154.3,pro_margen_actual=(pro_precio_venta-1154.3)/1154.3 * 100,pro_ultima_compra=@@@2013.08.31@@@,pro_ultimo_proveedor=@@@82623500-4@@@ WHERE pro_codigo_plu=763530','',2,'2013-08-31'),(59352,'UPDATE mae_productos SET pro_precio_compra_bruto=922.25,pro_margen_actual=(pro_precio_venta-922.25)/922.25 * 100,pro_ultima_compra=@@@2013.08.31@@@,pro_ultimo_proveedor=@@@82623500-4@@@ WHERE pro_codigo_plu=10855','',2,'2013-08-31'),(59353,'UPDATE mae_productos SET pro_precio_compra_bruto=1600,pro_margen_actual=(pro_precio_venta-1600)/1600 * 100,pro_ultima_compra=@@@2013.08.31@@@,pro_ultimo_proveedor=@@@14094193-K@@@ WHERE pro_codigo_plu=306','',2,'2013-08-31'),(59354,'UPDATE mae_productos SET pro_precio_compra_bruto=1800,pro_margen_actual=(pro_precio_venta-1800)/1800 * 100,pro_ultima_compra=@@@2013.08.31@@@,pro_ultimo_proveedor=@@@14094193-K@@@ WHERE pro_codigo_plu=209','',2,'2013-08-31'),(59355,'UPDATE mae_productos SET pro_codigo_barra=@@@130@@@,pro_tipo=@@@0@@@,pro_nombre_producto=@@@TRUTRO CUARTO CONGELADO CS@@@,pro_nombre_corto=@@@TRUTRO CUARTO@@@,med_id=@@@2@@@,emb_id=@@@6@@@,pro_unidades_embalaje=@@@15@@@,dep_id=@@@9 @@@,lin_id=@@@65@@@,mar_id=@@@2507@@@,pro_precio_compra_neto=@@@0@@@,pro_precio_compra_bruto=@@@1059@@@,pro_precio_venta=@@@1590@@@,pro_margen_actual=@@@50.14@@@,pro_oferta=@@@NO@@@,pro_fecha_inicio_oferta=@@@2013.08.30@@@,pro_fecha_termino_oferta=@@@2013.08.30@@@,pro_precio_oferta=@@@0@@@,pro_stock_minimo=@@@100@@@,pro_stock_critico=@@@10@@@,pro_activo=@@@1@@@,pro_unidad=@@@1@@@,pro_precio_compra_bruto=1059,pro_margen_actual=50.14,pro_capacidad=1,pro_funcion_plu=1,pro_flejes=1,pro_iva=1,pro_plu_asociado=0,pro_envase=@@@NO@@@,pro_duracion=0,pro_numero_etiqueta=1 WHERE pro_codigo_plu=@@@130@@@','',2,'2013-08-31'),(59356,'UPDATE mae_productos SET pro_estado=1 WHERE pro_codigo_plu=130','',2,'2013-08-31'),(59357,'DELETE FROM mae_impuestos_productos WHERE pro_codigo_plu=@@@130@@@','',2,'2013-08-31'),(59358,'UPDATE mae_productos SET pro_codigo_barra=@@@131@@@,pro_tipo=@@@0@@@,pro_nombre_producto=@@@POLLO S/MENUDENCIA CONG. CS@@@,pro_nombre_corto=@@@POLLO S/MENUDENC@@@,med_id=@@@2@@@,emb_id=@@@6@@@,pro_unidades_embalaje=@@@15@@@,dep_id=@@@9 @@@,lin_id=@@@65@@@,mar_id=@@@2507@@@,pro_precio_compra_neto=@@@0@@@,pro_precio_compra_bruto=@@@1356.6@@@,pro_precio_venta=@@@1780@@@,pro_margen_actual=@@@31.21@@@,pro_oferta=@@@NO@@@,pro_fecha_inicio_oferta=@@@2013.08.30@@@,pro_fecha_termino_oferta=@@@2013.08.30@@@,pro_precio_oferta=@@@0@@@,pro_stock_minimo=@@@50@@@,pro_stock_critico=@@@10@@@,pro_activo=@@@1@@@,pro_unidad=@@@1@@@,pro_precio_compra_bruto=1356.6,pro_margen_actual=31.21,pro_capacidad=1,pro_funcion_plu=1,pro_flejes=1,pro_iva=1,pro_plu_asociado=0,pro_envase=@@@NO@@@,pro_duracion=0,pro_numero_etiqueta=1 WHERE pro_codigo_plu=@@@131@@@','',2,'2013-08-31'),(59359,'UPDATE mae_productos SET pro_estado=1 WHERE pro_codigo_plu=131','',2,'2013-08-31'),(59360,'DELETE FROM mae_impuestos_productos WHERE pro_codigo_plu=@@@131@@@','',2,'2013-08-31'),(59361,'UPDATE mae_productos SET pro_codigo_barra=@@@132@@@,pro_tipo=@@@0@@@,pro_nombre_producto=@@@PULPA PIERNA CONGELADA CS@@@,pro_nombre_corto=@@@PULPA PIERNA CON@@@,med_id=@@@2@@@,emb_id=@@@6@@@,pro_unidades_embalaje=@@@15@@@,dep_id=@@@11 @@@,lin_id=@@@70@@@,mar_id=@@@2507@@@,pro_precio_compra_neto=@@@0@@@,pro_precio_compra_bruto=@@@2380.8@@@,pro_precio_venta=@@@3490@@@,pro_margen_actual=@@@46.59@@@,pro_oferta=@@@NO@@@,pro_fecha_inicio_oferta=@@@2013.08.30@@@,pro_fecha_termino_oferta=@@@2013.08.30@@@,pro_precio_oferta=@@@0@@@,pro_stock_minimo=@@@50@@@,pro_stock_critico=@@@10@@@,pro_activo=@@@1@@@,pro_unidad=@@@1@@@,pro_precio_compra_bruto=2380.8,pro_margen_actual=46.59,pro_capacidad=1,pro_funcion_plu=1,pro_flejes=1,pro_iva=1,pro_plu_asociado=0,pro_envase=@@@NO@@@,pro_duracion=0,pro_numero_etiqueta=1 WHERE pro_codigo_plu=@@@132@@@','',2,'2013-08-31'),(59362,'UPDATE mae_productos SET pro_estado=1 WHERE pro_codigo_plu=132','',2,'2013-08-31'),(59363,'DELETE FROM mae_impuestos_productos WHERE pro_codigo_plu=@@@132@@@','',2,'2013-08-31'),(59364,'UPDATE mae_productos SET pro_precio_compra_bruto=1059,pro_margen_actual=(pro_precio_venta-1059)/1059 * 100,pro_ultima_compra=@@@2013.08.31@@@,pro_ultimo_proveedor=@@@76062693-7@@@ WHERE pro_codigo_plu=130','',2,'2013-08-31'),(59365,'UPDATE mae_productos SET pro_precio_compra_bruto=1356.6,pro_margen_actual=(pro_precio_venta-1356.6)/1356.6 * 100,pro_ultima_compra=@@@2013.08.31@@@,pro_ultimo_proveedor=@@@76062693-7@@@ WHERE pro_codigo_plu=131','',2,'2013-08-31'),(59366,'UPDATE mae_productos SET pro_precio_compra_bruto=2380.8,pro_margen_actual=(pro_precio_venta-2380.8)/2380.8 * 100,pro_ultima_compra=@@@2013.08.31@@@,pro_ultimo_proveedor=@@@76062693-7@@@ WHERE pro_codigo_plu=132','',2,'2013-08-31'),(59367,'INSERT INTO com_ventas_grupo (vgr_fecha,vgr_grupo,vgr_cantidad,vgr_total) VALUES (@@@2013.08.31@@@,1,205.495,161089)','',2,'2013-08-31'),(59368,'INSERT INTO com_ventas_grupo (vgr_fecha,vgr_grupo,vgr_cantidad,vgr_total) VALUES (@@@2013.08.31@@@,2,225,117185)','',2,'2013-08-31'),(59369,'INSERT INTO com_ventas_grupo (vgr_fecha,vgr_grupo,vgr_cantidad,vgr_total) VALUES (@@@2013.08.31@@@,3,417,90842)','',2,'2013-08-31'),(59370,'INSERT INTO com_ventas_grupo (vgr_fecha,vgr_grupo,vgr_cantidad,vgr_total) VALUES (@@@2013.08.31@@@,4,106,90727)','',2,'2013-08-31'),(59371,'INSERT INTO com_ventas_grupo (vgr_fecha,vgr_grupo,vgr_cantidad,vgr_total) VALUES (@@@2013.08.31@@@,5,18,62363)','',2,'2013-08-31'),(59372,'INSERT INTO com_ventas_grupo (vgr_fecha,vgr_grupo,vgr_cantidad,vgr_total) VALUES (@@@2013.08.31@@@,6,54,104674)','',2,'2013-08-31'),(59373,'INSERT INTO com_ventas_grupo (vgr_fecha,vgr_grupo,vgr_cantidad,vgr_total) VALUES (@@@2013.08.31@@@,7,86,173275)','',2,'2013-08-31'),(59374,'INSERT INTO com_ventas_grupo (vgr_fecha,vgr_grupo,vgr_cantidad,vgr_total) VALUES (@@@2013.08.31@@@,8,44,29920)','',2,'2013-08-31'),(59375,'INSERT INTO com_ventas_grupo (vgr_fecha,vgr_grupo,vgr_cantidad,vgr_total) VALUES (@@@2013.08.31@@@,9,97.11,173297)','',2,'2013-08-31'),(59376,'INSERT INTO com_ventas_grupo (vgr_fecha,vgr_grupo,vgr_cantidad,vgr_total) VALUES (@@@2013.08.31@@@,10,59.36,203000)','',2,'2013-08-31'),(59377,'INSERT INTO com_ventas_grupo (vgr_fecha,vgr_grupo,vgr_cantidad,vgr_total) VALUES (@@@2013.08.31@@@,11,60.03,149302)','',2,'2013-08-31'),(59378,'INSERT INTO com_ventas_grupo (vgr_fecha,vgr_grupo,vgr_cantidad,vgr_total) VALUES (@@@2013.08.31@@@,12,65.435,119565)','',2,'2013-08-31'),(59379,'INSERT INTO com_ventas_grupo (vgr_fecha,vgr_grupo,vgr_cantidad,vgr_total) VALUES (@@@2013.08.31@@@,13,10.085,32151)','',2,'2013-08-31'),(59380,'INSERT INTO com_ventas_grupo (vgr_fecha,vgr_grupo,vgr_cantidad,vgr_total) VALUES (@@@2013.08.31@@@,14,94.59,86229)','',2,'2013-08-31'),(59381,'INSERT INTO com_ventas_grupo (vgr_fecha,vgr_grupo,vgr_cantidad,vgr_total) VALUES (@@@2013.08.31@@@,16,3,450)','',2,'2013-08-31'),(59382,'INSERT INTO com_ventas_grupo (vgr_fecha,vgr_grupo,vgr_cantidad,vgr_total) VALUES (@@@2013.08.31@@@,18,220.69,130789)','',2,'2013-08-31'),(59383,'INSERT INTO com_ventas_grupo (vgr_fecha,vgr_grupo,vgr_cantidad,vgr_total) VALUES (@@@2013.08.31@@@,20,202.49,60725)','',2,'2013-08-31'),(59384,'INSERT INTO com_ventas_grupo (vgr_fecha,vgr_grupo,vgr_cantidad,vgr_total) VALUES (@@@2013.08.31@@@,21,79,87201)','',2,'2013-08-31'),(59385,'INSERT INTO com_ventas_grupo (vgr_fecha,vgr_grupo,vgr_cantidad,vgr_total) VALUES (@@@2013.08.31@@@,23,11,14040)','',2,'2013-08-31'),(59386,'INSERT INTO com_ventas_grupo (vgr_fecha,vgr_grupo,vgr_cantidad,vgr_total) VALUES (@@@2013.08.31@@@,24,166,35060)','',2,'2013-08-31'),(59387,'INSERT INTO com_ventas_grupo (vgr_fecha,vgr_grupo,vgr_cantidad,vgr_total) VALUES (@@@2013.08.31@@@,25,124,176700)','',2,'2013-08-31'),(59388,'INSERT INTO com_ventas_grupo (vgr_fecha,vgr_grupo,vgr_cantidad,vgr_total) VALUES (@@@2013.08.31@@@,27,1,890)','',2,'2013-08-31'),(59389,'INSERT INTO com_ventas_grupo (vgr_fecha,vgr_grupo,vgr_cantidad,vgr_total) VALUES (@@@2013.08.31@@@,31,10,6878)','',2,'2013-08-31'),(59390,'INSERT INTO com_ventas_grupo (vgr_fecha,vgr_grupo,vgr_cantidad,vgr_total) VALUES (@@@2013.08.31@@@,32,352,158337)','',2,'2013-08-31'),(59391,'INSERT INTO com_ventas_grupo (vgr_fecha,vgr_grupo,vgr_cantidad,vgr_total) VALUES (@@@2013.08.31@@@,34,2,2400)','',2,'2013-08-31'),(59392,'INSERT INTO com_ventas_grupo (vgr_fecha,vgr_grupo,vgr_cantidad,vgr_total) VALUES (@@@2013.08.31@@@,35,35,45225)','',2,'2013-08-31'),(59393,'INSERT INTO com_ventas_grupo (vgr_fecha,vgr_grupo,vgr_cantidad,vgr_total) VALUES (@@@2013.08.31@@@,36,8,2070)','',2,'2013-08-31'),(59394,'INSERT INTO com_ventas_grupo (vgr_fecha,vgr_grupo,vgr_cantidad,vgr_total) VALUES (@@@2013.08.31@@@,37,1,200)','',2,'2013-08-31'),(59395,'INSERT INTO com_ventas_grupo (vgr_fecha,vgr_grupo,vgr_cantidad,vgr_total) VALUES (@@@2013.08.31@@@,38,6,7940)','',2,'2013-08-31'),(59396,'INSERT INTO com_ventas_grupo (vgr_fecha,vgr_grupo,vgr_cantidad,vgr_total) VALUES (@@@2013.08.31@@@,39,8,8320)','',2,'2013-08-31'),(59397,'INSERT INTO com_ventas_grupo (vgr_fecha,vgr_grupo,vgr_cantidad,vgr_total) VALUES (@@@2013.08.31@@@,40,3450,3450)','',2,'2013-08-31'),(59398,'INSERT INTO com_ventas_grupo (vgr_fecha,vgr_grupo,vgr_cantidad,vgr_total) VALUES (@@@2013.08.31@@@,41,10,700)','',2,'2013-08-31'),(59399,'INSERT INTO com_ventas_grupo (vgr_fecha,vgr_grupo,vgr_cantidad,vgr_total) VALUES (@@@2013.08.31@@@,42,24.425,27805)','',2,'2013-08-31'),(59400,'UPDATE mae_datos_empresa SET emp_oferta=@@@NO@@@','',2,'2013-08-31'),(59401,'INSERT INTO gne_vale_ferreteria (vfe_id,vfe_fecha,vfe_total,vfe_estado,vfe_entregado,usu_nusuario) VALUES (9704,@@@2013.09.01@@@,4490,1,0,@@@K_SANDOVAL@@@)','',2,'2013-09-01'),(59402,'INSERT INTO gne_vale_ferreteria_mov (vfe_id,pro_codigo_plu,vfm_cantidad,vfm_unitario,vfm_total,vfm_entregado) VALUES (9704,764958,1,4490,4490,@@@NO@@@)','',2,'2013-09-01'),(59403,'INSERT INTO gne_vale_ferreteria (vfe_id,vfe_fecha,vfe_total,vfe_estado,vfe_entregado,usu_nusuario) VALUES (9705,@@@2013.09.01@@@,590,1,0,@@@K_SANDOVAL@@@)','',2,'2013-09-01'),(59404,'INSERT INTO gne_vale_ferreteria_mov (vfe_id,pro_codigo_plu,vfm_cantidad,vfm_unitario,vfm_total,vfm_entregado) VALUES (9705,780721716,1,590,590,@@@NO@@@)','',2,'2013-09-01'),(59405,'INSERT INTO gne_vale_ferreteria (vfe_id,vfe_fecha,vfe_total,vfe_estado,vfe_entregado,usu_nusuario) VALUES (9706,@@@2013.09.01@@@,490,1,0,@@@K_SANDOVAL@@@)','',2,'2013-09-01'),(59406,'INSERT INTO gne_vale_ferreteria_mov (vfe_id,pro_codigo_plu,vfm_cantidad,vfm_unitario,vfm_total,vfm_entregado) VALUES (9706,780721305,1,490,490,@@@NO@@@)','',2,'2013-09-01'),(59407,'INSERT INTO gne_vale_ferreteria (vfe_id,vfe_fecha,vfe_total,vfe_estado,vfe_entregado,usu_nusuario) VALUES (9707,@@@2013.09.01@@@,200,1,0,@@@K_SANDOVAL@@@)','',2,'2013-09-01'),(59408,'INSERT INTO gne_vale_ferreteria_mov (vfe_id,pro_codigo_plu,vfm_cantidad,vfm_unitario,vfm_total,vfm_entregado) VALUES (9707,764702,1,200,200,@@@NO@@@)','',2,'2013-09-01'),(59409,'UPDATE mae_productos SET pro_margen_actual=0,pro_precio_venta=590 WHERE pro_codigo_plu=780721716','',2,'2013-09-01'),(59410,'UPDATE mae_productos SET pro_margen_actual=0,pro_precio_venta=1 WHERE pro_codigo_plu=808081','',2,'2013-09-01'),(59411,'UPDATE mae_productos SET pro_margen_actual=0,pro_precio_venta=20 WHERE pro_codigo_plu=780721717','',2,'2013-09-01'),(59412,'UPDATE mae_productos SET pro_margen_actual=50.85,pro_precio_venta=890 WHERE pro_codigo_plu=763633','',2,'2013-09-01'),(59413,'UPDATE mae_productos SET pro_margen_actual=32.81,pro_precio_venta=4250 WHERE pro_codigo_plu=763518','',2,'2013-09-01'),(59414,'UPDATE mae_productos SET pro_margen_actual=31.99,pro_precio_venta=4250 WHERE pro_codigo_plu=780721462','',2,'2013-09-01'),(59415,'UPDATE mae_productos SET pro_margen_actual=0,pro_precio_venta=850 WHERE pro_codigo_plu=780721714','',2,'2013-09-01'),(59416,'UPDATE mae_productos SET pro_margen_actual=31.21,pro_precio_venta=1780 WHERE pro_codigo_plu=131','',2,'2013-09-01'),(59417,'UPDATE mae_productos SET pro_margen_actual=46.59,pro_precio_venta=3490 WHERE pro_codigo_plu=132','',2,'2013-09-01'),(59418,'UPDATE mae_productos SET pro_margen_actual=0,pro_precio_venta=40 WHERE pro_codigo_plu=780721715','',2,'2013-09-01'),(59419,'UPDATE mae_productos SET pro_margen_actual=50.14,pro_precio_venta=1590 WHERE pro_codigo_plu=130','',2,'2013-09-01'),(59420,'UPDATE mae_productos SET pro_margen_actual=15.35,pro_precio_venta=2800 WHERE pro_codigo_plu=21186','',2,'2013-09-01'),(59421,'UPDATE mae_productos SET pro_margen_actual=15.35,pro_precio_venta=2800 WHERE pro_codigo_plu=21183','',2,'2013-09-01'),(59422,'UPDATE mae_productos SET pro_margen_actual=0,pro_precio_venta=2800 WHERE pro_codigo_plu=21185','',2,'2013-09-01'),(59423,'UPDATE mae_productos SET pro_margen_actual=16.85,pro_precio_venta=2400 WHERE pro_codigo_plu=764110','',2,'2013-09-01'),(59424,'UPDATE mae_productos SET pro_margen_actual=16.02,pro_precio_venta=2600 WHERE pro_codigo_plu=21175','',2,'2013-09-01'),(59425,'UPDATE mae_productos SET pro_margen_actual=16.02,pro_precio_venta=2600 WHERE pro_codigo_plu=21176','',2,'2013-09-01'),(59426,'UPDATE mae_productos SET pro_margen_actual=12.99,pro_precio_venta=1600 WHERE pro_codigo_plu=764106','',2,'2013-09-01'),(59427,'UPDATE mae_productos SET pro_margen_actual=12.99,pro_precio_venta=1600 WHERE pro_codigo_plu=780721308','',2,'2013-09-01'),(59428,'UPDATE mae_productos SET pro_margen_actual=12.91,pro_precio_venta=1600 WHERE pro_codigo_plu=21207','',2,'2013-09-01'),(59429,'UPDATE mae_productos SET pro_precio_fiscal=pro_precio_venta WHERE pro_codigo_plu=21186','',2,'2013-09-01'),(59430,'UPDATE mae_productos SET pro_precio_fiscal=pro_precio_venta WHERE pro_codigo_plu=21176','',2,'2013-09-01'),(59431,'UPDATE mae_productos SET pro_precio_fiscal=pro_precio_venta WHERE pro_codigo_plu=21175','',2,'2013-09-01'),(59432,'UPDATE mae_productos SET pro_precio_fiscal=pro_precio_venta WHERE pro_codigo_plu=21185','',2,'2013-09-01'),(59433,'UPDATE mae_productos SET pro_precio_fiscal=pro_precio_venta WHERE pro_codigo_plu=21183','',2,'2013-09-01'),(59434,'UPDATE mae_productos SET pro_precio_fiscal=pro_precio_venta WHERE pro_codigo_plu=21207','',2,'2013-09-01'),(59435,'UPDATE mae_productos SET pro_precio_fiscal=pro_precio_venta WHERE pro_codigo_plu=764106','',2,'2013-09-01'),(59436,'UPDATE mae_productos SET pro_precio_fiscal=pro_precio_venta WHERE pro_codigo_plu=764110','',2,'2013-09-01'),(59437,'UPDATE mae_productos SET pro_precio_fiscal=pro_precio_venta WHERE pro_codigo_plu=780721308','',2,'2013-09-01'),(59438,'UPDATE mae_productos SET pro_precio_fiscal=pro_precio_venta WHERE pro_codigo_plu=780721714','',2,'2013-09-01'),(59439,'UPDATE mae_productos SET pro_precio_fiscal=pro_precio_venta WHERE pro_codigo_plu=780721715','',2,'2013-09-01'),(59440,'UPDATE mae_productos SET pro_precio_fiscal=pro_precio_venta WHERE pro_codigo_plu=780721716','',2,'2013-09-01'),(59441,'UPDATE mae_productos SET pro_precio_fiscal=pro_precio_venta WHERE pro_codigo_plu=780721717','',2,'2013-09-01'),(59442,'UPDATE gpr_pack_virtual SET pav_nombre=@@@PACK YOGHURT CALAN VAINILLA, FRUTILLA,DAMASCO@@@,pav_total_pack=999,pav_total_descuento=121,pav_desde=@@@2013-07-25@@@,pav_hasta=@@@2013-09-30@@@,pav_tipo=@@@PA@@@,pav_precio=140,pav_lleva=8,pav_paga=7.127,pav_descuento=0.873,pav_porcentaje=1,pav_oferta_exclusiva=@@@NO@@@,pav_agotar_stock=@@@SI@@@,pav_stock=300,pav_costo=806.62,pav_margen=23.85 WHERE pav_id=50','',2,'2013-09-01'),(59443,'DELETE FROM gpr_pack_virtual_mov WHERE pav_id=50','',2,'2013-09-01'),(59444,'DELETE FROM gpr_pack_virtual_horario WHERE pav_id=50','',2,'2013-09-01'),(59445,'INSERT INTO gpr_pack_virtual_mov (pav_id,pro_codigo_plu,pvm_precio,pvm_total,pvm_lleva,pvm_paga,pvm_descuento,pvm_porcentaje,pvm_total_normal,pvm_descuento_linea,pvm_costo,pvm_margen) VALUES (50,16900,140,0,1,1,0,0,140,15.125,99.99,23.85),(50,16901,140,0,1,1,0,0,140,15.125,99.99,23.85),(50,16897,140,0,1,1,0,0,140,15.125,99.99,23.85),(50,780721410,140,0,1,1,0,0,140,15.125,103.34,23.85)','',2,'2013-09-01'),(59446,'INSERT INTO gpr_pack_virtual_horario (pav_id,pvh_dia,pvh_hora_desde,pvh_hora_hasta) VALUES (50,99,@@@00:00@@@,@@@23:59@@@)','',2,'2013-09-01'),(59447,'UPDATE gpr_pack_virtual SET pav_nombre=@@@PACK 10 HAMBURGESAS X $ 990@@@,pav_total_pack=990,pav_total_descuento=310,pav_desde=@@@2013-07-26@@@,pav_hasta=@@@2013-09-30@@@,pav_tipo=@@@PA@@@,pav_precio=130,pav_lleva=10,pav_paga=7.6,pav_descuento=2.4,pav_porcentaje=1,pav_oferta_exclusiva=@@@NO@@@,pav_agotar_stock=@@@SI@@@,pav_stock=500,pav_costo=737.8,pav_margen=34.18 WHERE pav_id=51','',2,'2013-09-01'),(59448,'DELETE FROM gpr_pack_virtual_mov WHERE pav_id=51','',2,'2013-09-01'),(59449,'DELETE FROM gpr_pack_virtual_horario WHERE pav_id=51','',2,'2013-09-01'),(59450,'INSERT INTO gpr_pack_virtual_mov (pav_id,pro_codigo_plu,pvm_precio,pvm_total,pvm_lleva,pvm_paga,pvm_descuento,pvm_porcentaje,pvm_total_normal,pvm_descuento_linea,pvm_costo,pvm_margen) VALUES (51,19749,130,0,1,1,0,0,130,31,73.78,34.18)','',2,'2013-09-01'),(59451,'INSERT INTO gpr_pack_virtual_horario (pav_id,pvh_dia,pvh_hora_desde,pvh_hora_hasta) VALUES (51,99,@@@00:00@@@,@@@23:59@@@)','',2,'2013-09-01'),(59452,'UPDATE gpr_pack_virtual SET pav_nombre=@@@PACK 5 croqueta spollo X $ 999@@@,pav_total_pack=999,pav_total_descuento=201,pav_desde=@@@2013-07-26@@@,pav_hasta=@@@2013-09-30@@@,pav_tipo=@@@PA@@@,pav_precio=240,pav_lleva=5,pav_paga=4.1,pav_descuento=0.9,pav_porcentaje=17,pav_oferta_exclusiva=@@@NO@@@,pav_agotar_stock=@@@NO@@@,pav_stock=0,pav_costo=666.4,pav_margen=49.91 WHERE pav_id=52','',2,'2013-09-01'),(59453,'DELETE FROM gpr_pack_virtual_mov WHERE pav_id=52','',2,'2013-09-01'),(59454,'DELETE FROM gpr_pack_virtual_horario WHERE pav_id=52','',2,'2013-09-01'),(59455,'INSERT INTO gpr_pack_virtual_mov (pav_id,pro_codigo_plu,pvm_precio,pvm_total,pvm_lleva,pvm_paga,pvm_descuento,pvm_porcentaje,pvm_total_normal,pvm_descuento_linea,pvm_costo,pvm_margen) VALUES (52,19733,240,0,1,1,0,0,240,40.2,133.28,49.91)','',2,'2013-09-01'),(59456,'INSERT INTO gpr_pack_virtual_horario (pav_id,pvh_dia,pvh_hora_desde,pvh_hora_hasta) VALUES (52,99,@@@00:00@@@,@@@23:59@@@)','',2,'2013-09-01'),(59457,'INSERT INTO gne_vale_ferreteria (vfe_id,vfe_fecha,vfe_total,vfe_estado,vfe_entregado,usu_nusuario) VALUES (9708,@@@2013.09.01@@@,2490,1,0,@@@K_SANDOVAL@@@)','',2,'2013-09-01'),(59458,'INSERT INTO gne_vale_ferreteria_mov (vfe_id,pro_codigo_plu,vfm_cantidad,vfm_unitario,vfm_total,vfm_entregado) VALUES (9708,780721460,1,2490,2490,@@@NO@@@)','',2,'2013-09-01'),(59459,'INSERT INTO gne_vale_ferreteria (vfe_id,vfe_fecha,vfe_total,vfe_estado,vfe_entregado,usu_nusuario) VALUES (9709,@@@2013.09.01@@@,350,1,0,@@@K_SANDOVAL@@@)','',2,'2013-09-01'),(59460,'INSERT INTO gne_vale_ferreteria_mov (vfe_id,pro_codigo_plu,vfm_cantidad,vfm_unitario,vfm_total,vfm_entregado) VALUES (9709,8021,1,150,150,@@@NO@@@)','',2,'2013-09-01'),(59461,'INSERT INTO gne_vale_ferreteria_mov (vfe_id,pro_codigo_plu,vfm_cantidad,vfm_unitario,vfm_total,vfm_entregado) VALUES (9709,21135,1,200,200,@@@NO@@@)','',2,'2013-09-01'),(59462,'INSERT INTO gne_vale_ferreteria (vfe_id,vfe_fecha,vfe_total,vfe_estado,vfe_entregado,usu_nusuario) VALUES (9710,@@@2013.09.01@@@,490,1,0,@@@K_SANDOVAL@@@)','',2,'2013-09-01'),(59463,'INSERT INTO gne_vale_ferreteria_mov (vfe_id,pro_codigo_plu,vfm_cantidad,vfm_unitario,vfm_total,vfm_entregado) VALUES (9710,764701,1,490,490,@@@NO@@@)','',2,'2013-09-01'),(59464,'INSERT INTO gne_vale_ferreteria (vfe_id,vfe_fecha,vfe_total,vfe_estado,vfe_entregado,usu_nusuario) VALUES (9711,@@@2013.09.01@@@,290,1,0,@@@K_SANDOVAL@@@)','',2,'2013-09-01'),(59465,'INSERT INTO gne_vale_ferreteria_mov (vfe_id,pro_codigo_plu,vfm_cantidad,vfm_unitario,vfm_total,vfm_entregado) VALUES (9711,763772,1,290,290,@@@NO@@@)','',2,'2013-09-01'),(59466,'INSERT INTO gne_vale_ferreteria (vfe_id,vfe_fecha,vfe_total,vfe_estado,vfe_entregado,usu_nusuario) VALUES (9712,@@@2013.09.01@@@,1100,1,0,@@@K_SANDOVAL@@@)','',2,'2013-09-01'),(59467,'INSERT INTO gne_vale_ferreteria_mov (vfe_id,pro_codigo_plu,vfm_cantidad,vfm_unitario,vfm_total,vfm_entregado) VALUES (9712,763951,1,1100,1100,@@@NO@@@)','',2,'2013-09-01'),(59468,'INSERT INTO gne_vale_ferreteria (vfe_id,vfe_fecha,vfe_total,vfe_estado,vfe_entregado,usu_nusuario) VALUES (9713,@@@2013.09.01@@@,3590,1,0,@@@K_SANDOVAL@@@)','',2,'2013-09-01'),(59469,'INSERT INTO gne_vale_ferreteria_mov (vfe_id,pro_codigo_plu,vfm_cantidad,vfm_unitario,vfm_total,vfm_entregado) VALUES (9713,780721452,1,2490,2490,@@@NO@@@)','',2,'2013-09-01'),(59470,'INSERT INTO gne_vale_ferreteria_mov (vfe_id,pro_codigo_plu,vfm_cantidad,vfm_unitario,vfm_total,vfm_entregado) VALUES (9713,780721583,1,1100,1100,@@@NO@@@)','',2,'2013-09-01'),(59471,'INSERT INTO gne_vale_ferreteria (vfe_id,vfe_fecha,vfe_total,vfe_estado,vfe_entregado,usu_nusuario) VALUES (9714,@@@2013.09.01@@@,2780,1,0,@@@K_SANDOVAL@@@)','',2,'2013-09-01'),(59472,'INSERT INTO gne_vale_ferreteria_mov (vfe_id,pro_codigo_plu,vfm_cantidad,vfm_unitario,vfm_total,vfm_entregado) VALUES (9714,780721473,1,1490,1490,@@@NO@@@)','',2,'2013-09-01'),(59473,'INSERT INTO gne_vale_ferreteria_mov (vfe_id,pro_codigo_plu,vfm_cantidad,vfm_unitario,vfm_total,vfm_entregado) VALUES (9714,780721627,1,1290,1290,@@@NO@@@)','',2,'2013-09-01'),(59474,'INSERT INTO gne_vale_ferreteria (vfe_id,vfe_fecha,vfe_total,vfe_estado,vfe_entregado,usu_nusuario) VALUES (9715,@@@2013.09.01@@@,150,1,0,@@@K_SANDOVAL@@@)','',2,'2013-09-01'),(59475,'INSERT INTO gne_vale_ferreteria_mov (vfe_id,pro_codigo_plu,vfm_cantidad,vfm_unitario,vfm_total,vfm_entregado) VALUES (9715,21136,1,150,150,@@@NO@@@)','',2,'2013-09-01'),(59476,'INSERT INTO gne_vale_ferreteria (vfe_id,vfe_fecha,vfe_total,vfe_estado,vfe_entregado,usu_nusuario) VALUES (9716,@@@2013.09.01@@@,490,1,0,@@@K_SANDOVAL@@@)','',2,'2013-09-01'),(59477,'INSERT INTO gne_vale_ferreteria_mov (vfe_id,pro_codigo_plu,vfm_cantidad,vfm_unitario,vfm_total,vfm_entregado) VALUES (9716,770007,1,490,490,@@@NO@@@)','',2,'2013-09-01'),(59478,'INSERT INTO gne_vale_ferreteria (vfe_id,vfe_fecha,vfe_total,vfe_estado,vfe_entregado,usu_nusuario) VALUES (9717,@@@2013.09.01@@@,320,1,0,@@@K_SANDOVAL@@@)','',2,'2013-09-01'),(59479,'INSERT INTO gne_vale_ferreteria_mov (vfe_id,pro_codigo_plu,vfm_cantidad,vfm_unitario,vfm_total,vfm_entregado) VALUES (9717,764823,4,80,320,@@@NO@@@)','',2,'2013-09-01'),(59480,'INSERT INTO gne_vale_ferreteria (vfe_id,vfe_fecha,vfe_total,vfe_estado,vfe_entregado,usu_nusuario) VALUES (9718,@@@2013.09.01@@@,480,1,0,@@@K_SANDOVAL@@@)','',2,'2013-09-01'),(59481,'INSERT INTO gne_vale_ferreteria_mov (vfe_id,pro_codigo_plu,vfm_cantidad,vfm_unitario,vfm_total,vfm_entregado) VALUES (9718,15950,1,480,480,@@@NO@@@)','',2,'2013-09-01'),(59482,'INSERT INTO gne_vale_ferreteria (vfe_id,vfe_fecha,vfe_total,vfe_estado,vfe_entregado,usu_nusuario) VALUES (9719,@@@2013.09.01@@@,1590,1,0,@@@K_SANDOVAL@@@)','',2,'2013-09-01'),(59483,'INSERT INTO gne_vale_ferreteria_mov (vfe_id,pro_codigo_plu,vfm_cantidad,vfm_unitario,vfm_total,vfm_entregado) VALUES (9719,15431,1,1590,1590,@@@NO@@@)','',2,'2013-09-01'),(59484,'INSERT INTO gne_vale_ferreteria (vfe_id,vfe_fecha,vfe_total,vfe_estado,vfe_entregado,usu_nusuario) VALUES (9720,@@@2013.09.01@@@,4480,1,0,@@@K_SANDOVAL@@@)','',2,'2013-09-01'),(59485,'INSERT INTO gne_vale_ferreteria_mov (vfe_id,pro_codigo_plu,vfm_cantidad,vfm_unitario,vfm_total,vfm_entregado) VALUES (9720,101852,1,1890,1890,@@@NO@@@)','',2,'2013-09-01'),(59486,'INSERT INTO gne_vale_ferreteria_mov (vfe_id,pro_codigo_plu,vfm_cantidad,vfm_unitario,vfm_total,vfm_entregado) VALUES (9720,780721567,1,2590,2590,@@@NO@@@)','',2,'2013-09-01'),(59487,'INSERT INTO gne_vale_ferreteria (vfe_id,vfe_fecha,vfe_total,vfe_estado,vfe_entregado,usu_nusuario) VALUES (9721,@@@2013.09.01@@@,670,1,0,@@@K_SANDOVAL@@@)','',2,'2013-09-01'),(59488,'INSERT INTO gne_vale_ferreteria_mov (vfe_id,pro_codigo_plu,vfm_cantidad,vfm_unitario,vfm_total,vfm_entregado) VALUES (9721,11378,1,670,670,@@@NO@@@)','',2,'2013-09-01'),(59489,'INSERT INTO gne_vale_ferreteria (vfe_id,vfe_fecha,vfe_total,vfe_estado,vfe_entregado,usu_nusuario) VALUES (9722,@@@2013.09.01@@@,200,1,0,@@@K_SANDOVAL@@@)','',2,'2013-09-01'),(59490,'INSERT INTO gne_vale_ferreteria_mov (vfe_id,pro_codigo_plu,vfm_cantidad,vfm_unitario,vfm_total,vfm_entregado) VALUES (9722,764414,2,100,200,@@@NO@@@)','',2,'2013-09-01'),(59491,'INSERT INTO gne_vale_ferreteria (vfe_id,vfe_fecha,vfe_total,vfe_estado,vfe_entregado,usu_nusuario) VALUES (9723,@@@2013.09.01@@@,1200,1,0,@@@K_SANDOVAL@@@)','',2,'2013-09-01'),(59492,'INSERT INTO gne_vale_ferreteria_mov (vfe_id,pro_codigo_plu,vfm_cantidad,vfm_unitario,vfm_total,vfm_entregado) VALUES (9723,7500887,1,1200,1200,@@@NO@@@)','',2,'2013-09-01'),(59493,'INSERT INTO gne_vale_ferreteria (vfe_id,vfe_fecha,vfe_total,vfe_estado,vfe_entregado,usu_nusuario) VALUES (9724,@@@2013.09.01@@@,330,1,0,@@@K_SANDOVAL@@@)','',2,'2013-09-01'),(59494,'INSERT INTO gne_vale_ferreteria_mov (vfe_id,pro_codigo_plu,vfm_cantidad,vfm_unitario,vfm_total,vfm_entregado) VALUES (9724,764507,1,330,330,@@@NO@@@)','',2,'2013-09-01'),(59495,'INSERT INTO gne_vale_ferreteria (vfe_id,vfe_fecha,vfe_total,vfe_estado,vfe_entregado,usu_nusuario) VALUES (9725,@@@2013.09.01@@@,2000,1,0,@@@K_SANDOVAL@@@)','',2,'2013-09-01'),(59496,'INSERT INTO gne_vale_ferreteria_mov (vfe_id,pro_codigo_plu,vfm_cantidad,vfm_unitario,vfm_total,vfm_entregado) VALUES (9725,15952,1,2000,2000,@@@NO@@@)','',2,'2013-09-01'),(59497,'INSERT INTO gne_vale_ferreteria (vfe_id,vfe_fecha,vfe_total,vfe_estado,vfe_entregado,usu_nusuario) VALUES (9726,@@@2013.09.01@@@,2390,1,0,@@@K_SANDOVAL@@@)','',2,'2013-09-01'),(59498,'INSERT INTO gne_vale_ferreteria_mov (vfe_id,pro_codigo_plu,vfm_cantidad,vfm_unitario,vfm_total,vfm_entregado) VALUES (9726,780721490,1,2390,2390,@@@NO@@@)','',2,'2013-09-01'),(59499,'INSERT INTO gne_vale_ferreteria (vfe_id,vfe_fecha,vfe_total,vfe_estado,vfe_entregado,usu_nusuario) VALUES (9727,@@@2013.09.01@@@,1600,1,0,@@@K_SANDOVAL@@@)','',2,'2013-09-01'),(59500,'INSERT INTO gne_vale_ferreteria_mov (vfe_id,pro_codigo_plu,vfm_cantidad,vfm_unitario,vfm_total,vfm_entregado) VALUES (9727,770098,16,100,1600,@@@NO@@@)','',2,'2013-09-01'),(59501,'INSERT INTO gne_vale_ferreteria (vfe_id,vfe_fecha,vfe_total,vfe_estado,vfe_entregado,usu_nusuario) VALUES (9728,@@@2013.09.01@@@,240,1,0,@@@K_SANDOVAL@@@)','',2,'2013-09-01'),(59502,'INSERT INTO gne_vale_ferreteria_mov (vfe_id,pro_codigo_plu,vfm_cantidad,vfm_unitario,vfm_total,vfm_entregado) VALUES (9728,1064,2,120,240,@@@NO@@@)','',2,'2013-09-01'),(59503,'INSERT INTO gne_vale_ferreteria (vfe_id,vfe_fecha,vfe_total,vfe_estado,vfe_entregado,usu_nusuario) VALUES (9729,@@@2013.09.01@@@,220,1,0,@@@K_SANDOVAL@@@)','',2,'2013-09-01'),(59504,'INSERT INTO gne_vale_ferreteria_mov (vfe_id,pro_codigo_plu,vfm_cantidad,vfm_unitario,vfm_total,vfm_entregado) VALUES (9729,763593,1,220,220,@@@NO@@@)','',2,'2013-09-01'),(59505,'INSERT INTO gne_vale_ferreteria (vfe_id,vfe_fecha,vfe_total,vfe_estado,vfe_entregado,usu_nusuario) VALUES (9730,@@@2013.09.01@@@,400,1,0,@@@K_SANDOVAL@@@)','',2,'2013-09-01'),(59506,'INSERT INTO gne_vale_ferreteria_mov (vfe_id,pro_codigo_plu,vfm_cantidad,vfm_unitario,vfm_total,vfm_entregado) VALUES (9730,764702,2,200,400,@@@NO@@@)','',2,'2013-09-01'),(59507,'INSERT INTO gne_vale_ferreteria (vfe_id,vfe_fecha,vfe_total,vfe_estado,vfe_entregado,usu_nusuario) VALUES (9731,@@@2013.09.01@@@,250,1,0,@@@K_SANDOVAL@@@)','',2,'2013-09-01'),(59508,'INSERT INTO gne_vale_ferreteria_mov (vfe_id,pro_codigo_plu,vfm_cantidad,vfm_unitario,vfm_total,vfm_entregado) VALUES (9731,763786,1,250,250,@@@NO@@@)','',2,'2013-09-01'),(59509,'INSERT INTO gne_vale_ferreteria (vfe_id,vfe_fecha,vfe_total,vfe_estado,vfe_entregado,usu_nusuario) VALUES (9732,@@@2013.09.01@@@,1890,1,0,@@@K_SANDOVAL@@@)','',2,'2013-09-01'),(59510,'INSERT INTO gne_vale_ferreteria_mov (vfe_id,pro_codigo_plu,vfm_cantidad,vfm_unitario,vfm_total,vfm_entregado) VALUES (9732,101623,1,1890,1890,@@@NO@@@)','',2,'2013-09-01'),(59511,'INSERT INTO gne_vale_ferreteria (vfe_id,vfe_fecha,vfe_total,vfe_estado,vfe_entregado,usu_nusuario) VALUES (9733,@@@2013.09.01@@@,1890,1,0,@@@K_SANDOVAL@@@)','',2,'2013-09-01'),(59512,'INSERT INTO gne_vale_ferreteria_mov (vfe_id,pro_codigo_plu,vfm_cantidad,vfm_unitario,vfm_total,vfm_entregado) VALUES (9733,763949,1,1890,1890,@@@NO@@@)','',2,'2013-09-01'),(59513,'INSERT INTO gne_vale_ferreteria (vfe_id,vfe_fecha,vfe_total,vfe_estado,vfe_entregado,usu_nusuario) VALUES (9734,@@@2013.09.01@@@,590,1,0,@@@K_SANDOVAL@@@)','',2,'2013-09-01'),(59514,'INSERT INTO gne_vale_ferreteria_mov (vfe_id,pro_codigo_plu,vfm_cantidad,vfm_unitario,vfm_total,vfm_entregado) VALUES (9734,780220198,1,350,350,@@@NO@@@)','',2,'2013-09-01'),(59515,'INSERT INTO gne_vale_ferreteria_mov (vfe_id,pro_codigo_plu,vfm_cantidad,vfm_unitario,vfm_total,vfm_entregado) VALUES (9734,78016975,1,240,240,@@@NO@@@)','',2,'2013-09-01'),(59516,'INSERT INTO gne_vale_ferreteria (vfe_id,vfe_fecha,vfe_total,vfe_estado,vfe_entregado,usu_nusuario) VALUES (9735,@@@2013.09.01@@@,550,1,0,@@@K_SANDOVAL@@@)','',2,'2013-09-01'),(59517,'INSERT INTO gne_vale_ferreteria_mov (vfe_id,pro_codigo_plu,vfm_cantidad,vfm_unitario,vfm_total,vfm_entregado) VALUES (9735,763910,1,550,550,@@@NO@@@)','',2,'2013-09-01'),(59518,'INSERT INTO gne_vale_ferreteria (vfe_id,vfe_fecha,vfe_total,vfe_estado,vfe_entregado,usu_nusuario) VALUES (9736,@@@2013.09.01@@@,1890,1,0,@@@K_SANDOVAL@@@)','',2,'2013-09-01'),(59519,'INSERT INTO gne_vale_ferreteria_mov (vfe_id,pro_codigo_plu,vfm_cantidad,vfm_unitario,vfm_total,vfm_entregado) VALUES (9736,100796,1,1890,1890,@@@NO@@@)','',2,'2013-09-01'),(59520,'INSERT INTO gne_vale_ferreteria (vfe_id,vfe_fecha,vfe_total,vfe_estado,vfe_entregado,usu_nusuario) VALUES (9737,@@@2013.09.01@@@,1890,1,0,@@@K_SANDOVAL@@@)','',2,'2013-09-01'),(59521,'INSERT INTO gne_vale_ferreteria_mov (vfe_id,pro_codigo_plu,vfm_cantidad,vfm_unitario,vfm_total,vfm_entregado) VALUES (9737,78017102,1,1890,1890,@@@NO@@@)','',2,'2013-09-01'),(59522,'INSERT INTO gne_vale_ferreteria (vfe_id,vfe_fecha,vfe_total,vfe_estado,vfe_entregado,usu_nusuario) VALUES (9738,@@@2013.09.01@@@,330,1,0,@@@K_SANDOVAL@@@)','',2,'2013-09-01'),(59523,'INSERT INTO gne_vale_ferreteria_mov (vfe_id,pro_codigo_plu,vfm_cantidad,vfm_unitario,vfm_total,vfm_entregado) VALUES (9738,19918,1,330,330,@@@NO@@@)','',2,'2013-09-01'),(59524,'INSERT INTO gne_vale_ferreteria (vfe_id,vfe_fecha,vfe_total,vfe_estado,vfe_entregado,usu_nusuario) VALUES (9739,@@@2013.09.01@@@,3670,1,0,@@@K_SANDOVAL@@@)','',2,'2013-09-01'),(59525,'INSERT INTO gne_vale_ferreteria_mov (vfe_id,pro_codigo_plu,vfm_cantidad,vfm_unitario,vfm_total,vfm_entregado) VALUES (9739,763955,1,1690,1690,@@@NO@@@)','',2,'2013-09-01'),(59526,'INSERT INTO gne_vale_ferreteria_mov (vfe_id,pro_codigo_plu,vfm_cantidad,vfm_unitario,vfm_total,vfm_entregado) VALUES (9739,763956,1,1190,1190,@@@NO@@@)','',2,'2013-09-01'),(59527,'INSERT INTO gne_vale_ferreteria_mov (vfe_id,pro_codigo_plu,vfm_cantidad,vfm_unitario,vfm_total,vfm_entregado) VALUES (9739,9900006,2,150,300,@@@NO@@@)','',2,'2013-09-01'),(59528,'INSERT INTO gne_vale_ferreteria_mov (vfe_id,pro_codigo_plu,vfm_cantidad,vfm_unitario,vfm_total,vfm_entregado) VALUES (9739,1552,1,490,490,@@@NO@@@)','',2,'2013-09-01'),(59529,'INSERT INTO gne_vale_ferreteria (vfe_id,vfe_fecha,vfe_total,vfe_estado,vfe_entregado,usu_nusuario) VALUES (9740,@@@2013.09.01@@@,1850,1,0,@@@K_SANDOVAL@@@)','',2,'2013-09-01'),(59530,'INSERT INTO gne_vale_ferreteria_mov (vfe_id,pro_codigo_plu,vfm_cantidad,vfm_unitario,vfm_total,vfm_entregado) VALUES (9740,763980,1,890,890,@@@NO@@@)','',2,'2013-09-01'),(59531,'INSERT INTO gne_vale_ferreteria_mov (vfe_id,pro_codigo_plu,vfm_cantidad,vfm_unitario,vfm_total,vfm_entregado) VALUES (9740,15950,2,480,960,@@@NO@@@)','',2,'2013-09-01'),(59532,'INSERT INTO gne_vale_ferreteria (vfe_id,vfe_fecha,vfe_total,vfe_estado,vfe_entregado,usu_nusuario) VALUES (9741,@@@2013.09.01@@@,200,1,0,@@@K_SANDOVAL@@@)','',2,'2013-09-01'),(59533,'INSERT INTO gne_vale_ferreteria_mov (vfe_id,pro_codigo_plu,vfm_cantidad,vfm_unitario,vfm_total,vfm_entregado) VALUES (9741,78017161,2,100,200,@@@NO@@@)','',2,'2013-09-01'),(59534,'INSERT INTO gne_vale_ferreteria (vfe_id,vfe_fecha,vfe_total,vfe_estado,vfe_entregado,usu_nusuario) VALUES (9742,@@@2013.09.01@@@,510,1,0,@@@K_SANDOVAL@@@)','',2,'2013-09-01'),(59535,'INSERT INTO gne_vale_ferreteria_mov (vfe_id,pro_codigo_plu,vfm_cantidad,vfm_unitario,vfm_total,vfm_entregado) VALUES (9742,8022,1,120,120,@@@NO@@@)','',2,'2013-09-01'),(59536,'INSERT INTO gne_vale_ferreteria_mov (vfe_id,pro_codigo_plu,vfm_cantidad,vfm_unitario,vfm_total,vfm_entregado) VALUES (9742,8023,1,390,390,@@@NO@@@)','',2,'2013-09-01'),(59537,'INSERT INTO gne_vale_ferreteria (vfe_id,vfe_fecha,vfe_total,vfe_estado,vfe_entregado,usu_nusuario) VALUES (9743,@@@2013.09.01@@@,300,1,0,@@@K_SANDOVAL@@@)','',2,'2013-09-01'),(59538,'INSERT INTO gne_vale_ferreteria_mov (vfe_id,pro_codigo_plu,vfm_cantidad,vfm_unitario,vfm_total,vfm_entregado) VALUES (9743,2004,1,300,300,@@@NO@@@)','',2,'2013-09-01'),(59539,'INSERT INTO gne_vale_ferreteria (vfe_id,vfe_fecha,vfe_total,vfe_estado,vfe_entregado,usu_nusuario) VALUES (9744,@@@2013.09.01@@@,3780,1,0,@@@K_SANDOVAL@@@)','',2,'2013-09-01'),(59540,'INSERT INTO gne_vale_ferreteria_mov (vfe_id,pro_codigo_plu,vfm_cantidad,vfm_unitario,vfm_total,vfm_entregado) VALUES (9744,20476,1,1790,1790,@@@NO@@@)','',2,'2013-09-01'),(59541,'INSERT INTO gne_vale_ferreteria_mov (vfe_id,pro_codigo_plu,vfm_cantidad,vfm_unitario,vfm_total,vfm_entregado) VALUES (9744,262556,1,1990,1990,@@@NO@@@)','',2,'2013-09-01'),(59542,'INSERT INTO gne_vale_ferreteria (vfe_id,vfe_fecha,vfe_total,vfe_estado,vfe_entregado,usu_nusuario) VALUES (9745,@@@2013.09.01@@@,1090,1,0,@@@K_SANDOVAL@@@)','',2,'2013-09-01'),(59543,'INSERT INTO gne_vale_ferreteria_mov (vfe_id,pro_codigo_plu,vfm_cantidad,vfm_unitario,vfm_total,vfm_entregado) VALUES (9745,763799,1,890,890,@@@NO@@@)','',2,'2013-09-01'),(59544,'INSERT INTO gne_vale_ferreteria_mov (vfe_id,pro_codigo_plu,vfm_cantidad,vfm_unitario,vfm_total,vfm_entregado) VALUES (9745,1545,4,50,200,@@@NO@@@)','',2,'2013-09-01'),(59545,'INSERT INTO gne_vale_ferreteria (vfe_id,vfe_fecha,vfe_total,vfe_estado,vfe_entregado,usu_nusuario) VALUES (9746,@@@2013.09.01@@@,250,1,0,@@@K_SANDOVAL@@@)','',2,'2013-09-01'),(59546,'INSERT INTO gne_vale_ferreteria_mov (vfe_id,pro_codigo_plu,vfm_cantidad,vfm_unitario,vfm_total,vfm_entregado) VALUES (9746,2021,1,250,250,@@@NO@@@)','',2,'2013-09-01'),(59547,'INSERT INTO gne_vale_ferreteria (vfe_id,vfe_fecha,vfe_total,vfe_estado,vfe_entregado,usu_nusuario) VALUES (9747,@@@2013.09.01@@@,330,1,0,@@@K_SANDOVAL@@@)','',2,'2013-09-01'),(59548,'INSERT INTO gne_vale_ferreteria_mov (vfe_id,pro_codigo_plu,vfm_cantidad,vfm_unitario,vfm_total,vfm_entregado) VALUES (9747,780220186,1,330,330,@@@NO@@@)','',2,'2013-09-01'),(59549,'INSERT INTO gne_vale_ferreteria (vfe_id,vfe_fecha,vfe_total,vfe_estado,vfe_entregado,usu_nusuario) VALUES (9748,@@@2013.09.01@@@,590,1,0,@@@K_SANDOVAL@@@)','',2,'2013-09-01'),(59550,'INSERT INTO gne_vale_ferreteria_mov (vfe_id,pro_codigo_plu,vfm_cantidad,vfm_unitario,vfm_total,vfm_entregado) VALUES (9748,780220195,1,590,590,@@@NO@@@)','',2,'2013-09-01'),(59551,'INSERT INTO gne_vale_ferreteria (vfe_id,vfe_fecha,vfe_total,vfe_estado,vfe_entregado,usu_nusuario) VALUES (9749,@@@2013.09.01@@@,1540,1,0,@@@K_SANDOVAL@@@)','',2,'2013-09-01'),(59552,'INSERT INTO gne_vale_ferreteria_mov (vfe_id,pro_codigo_plu,vfm_cantidad,vfm_unitario,vfm_total,vfm_entregado) VALUES (9749,763953,1,1190,1190,@@@NO@@@)','',2,'2013-09-01'),(59553,'INSERT INTO gne_vale_ferreteria_mov (vfe_id,pro_codigo_plu,vfm_cantidad,vfm_unitario,vfm_total,vfm_entregado) VALUES (9749,102408,1,350,350,@@@NO@@@)','',2,'2013-09-01'),(59554,'INSERT INTO gne_vale_ferreteria (vfe_id,vfe_fecha,vfe_total,vfe_estado,vfe_entregado,usu_nusuario) VALUES (9750,@@@2013.09.01@@@,7154,1,0,@@@K_SANDOVAL@@@)','',2,'2013-09-01'),(59555,'INSERT INTO gne_vale_ferreteria_mov (vfe_id,pro_codigo_plu,vfm_cantidad,vfm_unitario,vfm_total,vfm_entregado) VALUES (9750,780721231,1,990,990,@@@NO@@@)','',2,'2013-09-01'),(59556,'INSERT INTO gne_vale_ferreteria_mov (vfe_id,pro_codigo_plu,vfm_cantidad,vfm_unitario,vfm_total,vfm_entregado) VALUES (9750,780721142,1,650,650,@@@NO@@@)','',2,'2013-09-01'),(59557,'INSERT INTO gne_vale_ferreteria_mov (vfe_id,pro_codigo_plu,vfm_cantidad,vfm_unitario,vfm_total,vfm_entregado) VALUES (9750,21117,1,495,495,@@@NO@@@)','',2,'2013-09-01'),(59558,'INSERT INTO gne_vale_ferreteria_mov (vfe_id,pro_codigo_plu,vfm_cantidad,vfm_unitario,vfm_total,vfm_entregado) VALUES (9750,763777,1,1199,1199,@@@NO@@@)','',2,'2013-09-01'),(59559,'INSERT INTO gne_vale_ferreteria_mov (vfe_id,pro_codigo_plu,vfm_cantidad,vfm_unitario,vfm_total,vfm_entregado) VALUES (9750,12083,2,260,520,@@@NO@@@)','',2,'2013-09-01'),(59560,'INSERT INTO gne_vale_ferreteria_mov (vfe_id,pro_codigo_plu,vfm_cantidad,vfm_unitario,vfm_total,vfm_entregado) VALUES (9750,763632,1,890,890,@@@NO@@@)','',2,'2013-09-01'),(59561,'INSERT INTO gne_vale_ferreteria_mov (vfe_id,pro_codigo_plu,vfm_cantidad,vfm_unitario,vfm_total,vfm_entregado) VALUES (9750,1064,2,120,240,@@@NO@@@)','',2,'2013-09-01'),(59562,'INSERT INTO gne_vale_ferreteria_mov (vfe_id,pro_codigo_plu,vfm_cantidad,vfm_unitario,vfm_total,vfm_entregado) VALUES (9750,16430,3,160,480,@@@NO@@@)','',2,'2013-09-01'),(59563,'INSERT INTO gne_vale_ferreteria_mov (vfe_id,pro_codigo_plu,vfm_cantidad,vfm_unitario,vfm_total,vfm_entregado) VALUES (9750,1091,1,1690,1690,@@@NO@@@)','',2,'2013-09-01'),(59564,'INSERT INTO gne_vale_ferreteria (vfe_id,vfe_fecha,vfe_total,vfe_estado,vfe_entregado,usu_nusuario) VALUES (9751,@@@2013.09.01@@@,1170,1,0,@@@K_SANDOVAL@@@)','',2,'2013-09-01'),(59565,'INSERT INTO gne_vale_ferreteria_mov (vfe_id,pro_codigo_plu,vfm_cantidad,vfm_unitario,vfm_total,vfm_entregado) VALUES (9751,1554,1,390,390,@@@NO@@@)','',2,'2013-09-01'),(59566,'INSERT INTO gne_vale_ferreteria_mov (vfe_id,pro_codigo_plu,vfm_cantidad,vfm_unitario,vfm_total,vfm_entregado) VALUES (9751,1535,2,390,780,@@@NO@@@)','',2,'2013-09-01'),(59567,'INSERT INTO gne_vale_ferreteria (vfe_id,vfe_fecha,vfe_total,vfe_estado,vfe_entregado,usu_nusuario) VALUES (9752,@@@2013.09.01@@@,600,1,0,@@@K_SANDOVAL@@@)','',2,'2013-09-01'),(59568,'INSERT INTO gne_vale_ferreteria_mov (vfe_id,pro_codigo_plu,vfm_cantidad,vfm_unitario,vfm_total,vfm_entregado) VALUES (9752,4097,2,300,600,@@@NO@@@)','',2,'2013-09-01'),(59569,'INSERT INTO gne_vale_ferreteria (vfe_id,vfe_fecha,vfe_total,vfe_estado,vfe_entregado,usu_nusuario) VALUES (9753,@@@2013.09.01@@@,600,1,0,@@@K_SANDOVAL@@@)','',2,'2013-09-01'),(59570,'INSERT INTO gne_vale_ferreteria_mov (vfe_id,pro_codigo_plu,vfm_cantidad,vfm_unitario,vfm_total,vfm_entregado) VALUES (9753,764572,6,100,600,@@@NO@@@)','',2,'2013-09-01'),(59571,'INSERT INTO gne_vale_ferreteria (vfe_id,vfe_fecha,vfe_total,vfe_estado,vfe_entregado,usu_nusuario) VALUES (9754,@@@2013.09.01@@@,890,1,0,@@@K_SANDOVAL@@@)','',2,'2013-09-01'),(59572,'INSERT INTO gne_vale_ferreteria_mov (vfe_id,pro_codigo_plu,vfm_cantidad,vfm_unitario,vfm_total,vfm_entregado) VALUES (9754,780220195,1,590,590,@@@NO@@@)','',2,'2013-09-01'),(59573,'INSERT INTO gne_vale_ferreteria_mov (vfe_id,pro_codigo_plu,vfm_cantidad,vfm_unitario,vfm_total,vfm_entregado) VALUES (9754,780220196,1,300,300,@@@NO@@@)','',2,'2013-09-01'),(59574,'INSERT INTO gne_vale_ferreteria (vfe_id,vfe_fecha,vfe_total,vfe_estado,vfe_entregado,usu_nusuario) VALUES (9755,@@@2013.09.01@@@,890,1,0,@@@K_SANDOVAL@@@)','',2,'2013-09-01'),(59575,'INSERT INTO gne_vale_ferreteria_mov (vfe_id,pro_codigo_plu,vfm_cantidad,vfm_unitario,vfm_total,vfm_entregado) VALUES (9755,780220196,1,300,300,@@@NO@@@)','',2,'2013-09-01'),(59576,'INSERT INTO gne_vale_ferreteria_mov (vfe_id,pro_codigo_plu,vfm_cantidad,vfm_unitario,vfm_total,vfm_entregado) VALUES (9755,780220195,1,590,590,@@@NO@@@)','',2,'2013-09-01'),(59577,'INSERT INTO gne_vale_ferreteria (vfe_id,vfe_fecha,vfe_total,vfe_estado,vfe_entregado,usu_nusuario) VALUES (9756,@@@2013.09.01@@@,300,1,0,@@@K_SANDOVAL@@@)','',2,'2013-09-01'),(59578,'INSERT INTO gne_vale_ferreteria_mov (vfe_id,pro_codigo_plu,vfm_cantidad,vfm_unitario,vfm_total,vfm_entregado) VALUES (9756,780721221,1,300,300,@@@NO@@@)','',2,'2013-09-01'),(59579,'INSERT INTO gne_vale_ferreteria (vfe_id,vfe_fecha,vfe_total,vfe_estado,vfe_entregado,usu_nusuario) VALUES (9757,@@@2013.09.01@@@,690,1,0,@@@K_SANDOVAL@@@)','',2,'2013-09-01'),(59580,'INSERT INTO gne_vale_ferreteria_mov (vfe_id,pro_codigo_plu,vfm_cantidad,vfm_unitario,vfm_total,vfm_entregado) VALUES (9757,19804,1,690,690,@@@NO@@@)','',2,'2013-09-01'),(59581,'INSERT INTO gne_vale_ferreteria (vfe_id,vfe_fecha,vfe_total,vfe_estado,vfe_entregado,usu_nusuario) VALUES (9758,@@@2013.09.01@@@,320,1,0,@@@K_SANDOVAL@@@)','',2,'2013-09-01'),(59582,'INSERT INTO gne_vale_ferreteria_mov (vfe_id,pro_codigo_plu,vfm_cantidad,vfm_unitario,vfm_total,vfm_entregado) VALUES (9758,16430,2,160,320,@@@NO@@@)','',2,'2013-09-01'),(59583,'INSERT INTO gne_vale_ferreteria (vfe_id,vfe_fecha,vfe_total,vfe_estado,vfe_entregado,usu_nusuario) VALUES (9759,@@@2013.09.01@@@,1380,1,0,@@@K_SANDOVAL@@@)','',2,'2013-09-01'),(59584,'INSERT INTO gne_vale_ferreteria_mov (vfe_id,pro_codigo_plu,vfm_cantidad,vfm_unitario,vfm_total,vfm_entregado) VALUES (9759,764411,2,100,200,@@@NO@@@)','',2,'2013-09-01'),(59585,'INSERT INTO gne_vale_ferreteria_mov (vfe_id,pro_codigo_plu,vfm_cantidad,vfm_unitario,vfm_total,vfm_entregado) VALUES (9759,763864,2,590,1180,@@@NO@@@)','',2,'2013-09-01'),(59586,'INSERT INTO gne_vale_ferreteria (vfe_id,vfe_fecha,vfe_total,vfe_estado,vfe_entregado,usu_nusuario) VALUES (9760,@@@2013.09.01@@@,3490,1,0,@@@K_SANDOVAL@@@)','',2,'2013-09-01'),(59587,'INSERT INTO gne_vale_ferreteria_mov (vfe_id,pro_codigo_plu,vfm_cantidad,vfm_unitario,vfm_total,vfm_entregado) VALUES (9760,2033,1,3490,3490,@@@NO@@@)','',2,'2013-09-01'),(59588,'INSERT INTO gne_vale_ferreteria (vfe_id,vfe_fecha,vfe_total,vfe_estado,vfe_entregado,usu_nusuario) VALUES (9761,@@@2013.09.01@@@,1350,1,0,@@@K_SANDOVAL@@@)','',2,'2013-09-01'),(59589,'INSERT INTO gne_vale_ferreteria_mov (vfe_id,pro_codigo_plu,vfm_cantidad,vfm_unitario,vfm_total,vfm_entregado) VALUES (9761,763479,1,1350,1350,@@@NO@@@)','',2,'2013-09-01'),(59590,'INSERT INTO gne_vale_ferreteria (vfe_id,vfe_fecha,vfe_total,vfe_estado,vfe_entregado,usu_nusuario) VALUES (9762,@@@2013.09.01@@@,850,1,0,@@@K_SANDOVAL@@@)','',2,'2013-09-01'),(59591,'INSERT INTO gne_vale_ferreteria_mov (vfe_id,pro_codigo_plu,vfm_cantidad,vfm_unitario,vfm_total,vfm_entregado) VALUES (9762,763626,1,850,850,@@@NO@@@)','',2,'2013-09-01'),(59592,'INSERT INTO gne_vale_ferreteria (vfe_id,vfe_fecha,vfe_total,vfe_estado,vfe_entregado,usu_nusuario) VALUES (9763,@@@2013.09.01@@@,980,1,0,@@@K_SANDOVAL@@@)','',2,'2013-09-01'),(59593,'INSERT INTO gne_vale_ferreteria_mov (vfe_id,pro_codigo_plu,vfm_cantidad,vfm_unitario,vfm_total,vfm_entregado) VALUES (9763,3003,2,490,980,@@@NO@@@)','',2,'2013-09-01'),(59594,'INSERT INTO gne_vale_ferreteria (vfe_id,vfe_fecha,vfe_total,vfe_estado,vfe_entregado,usu_nusuario) VALUES (9764,@@@2013.09.01@@@,850,1,0,@@@K_SANDOVAL@@@)','',2,'2013-09-01'),(59595,'INSERT INTO gne_vale_ferreteria_mov (vfe_id,pro_codigo_plu,vfm_cantidad,vfm_unitario,vfm_total,vfm_entregado) VALUES (9764,763626,1,850,850,@@@NO@@@)','',2,'2013-09-01'),(59596,'INSERT INTO gne_vale_ferreteria (vfe_id,vfe_fecha,vfe_total,vfe_estado,vfe_entregado,usu_nusuario) VALUES (9765,@@@2013.09.01@@@,670,1,0,@@@K_SANDOVAL@@@)','',2,'2013-09-01'),(59597,'INSERT INTO gne_vale_ferreteria_mov (vfe_id,pro_codigo_plu,vfm_cantidad,vfm_unitario,vfm_total,vfm_entregado) VALUES (9765,11378,1,670,670,@@@NO@@@)','',2,'2013-09-01'),(59598,'INSERT INTO gne_vale_ferreteria (vfe_id,vfe_fecha,vfe_total,vfe_estado,vfe_entregado,usu_nusuario) VALUES (9766,@@@2013.09.01@@@,390,1,0,@@@K_SANDOVAL@@@)','',2,'2013-09-01'),(59599,'INSERT INTO gne_vale_ferreteria_mov (vfe_id,pro_codigo_plu,vfm_cantidad,vfm_unitario,vfm_total,vfm_entregado) VALUES (9766,765000,1,390,390,@@@NO@@@)','',2,'2013-09-01'),(59600,'INSERT INTO gne_vale_ferreteria (vfe_id,vfe_fecha,vfe_total,vfe_estado,vfe_entregado,usu_nusuario) VALUES (9767,@@@2013.09.01@@@,630,1,0,@@@K_SANDOVAL@@@)','',2,'2013-09-01'),(59601,'INSERT INTO gne_vale_ferreteria_mov (vfe_id,pro_codigo_plu,vfm_cantidad,vfm_unitario,vfm_total,vfm_entregado) VALUES (9767,78017002,2,120,240,@@@NO@@@)','',2,'2013-09-01'),(59602,'INSERT INTO gne_vale_ferreteria_mov (vfe_id,pro_codigo_plu,vfm_cantidad,vfm_unitario,vfm_total,vfm_entregado) VALUES (9767,78016971,1,390,390,@@@NO@@@)','',2,'2013-09-01'),(59603,'INSERT INTO gne_vale_ferreteria (vfe_id,vfe_fecha,vfe_total,vfe_estado,vfe_entregado,usu_nusuario) VALUES (9768,@@@2013.09.01@@@,800,1,0,@@@K_SANDOVAL@@@)','',2,'2013-09-01'),(59604,'INSERT INTO gne_vale_ferreteria_mov (vfe_id,pro_codigo_plu,vfm_cantidad,vfm_unitario,vfm_total,vfm_entregado) VALUES (9768,761966,1,450,450,@@@NO@@@)','',2,'2013-09-01'),(59605,'INSERT INTO gne_vale_ferreteria_mov (vfe_id,pro_codigo_plu,vfm_cantidad,vfm_unitario,vfm_total,vfm_entregado) VALUES (9768,102408,1,350,350,@@@NO@@@)','',2,'2013-09-01'),(59606,'INSERT INTO gne_vale_ferreteria (vfe_id,vfe_fecha,vfe_total,vfe_estado,vfe_entregado,usu_nusuario) VALUES (9769,@@@2013.09.01@@@,400,1,0,@@@K_SANDOVAL@@@)','',2,'2013-09-01'),(59607,'INSERT INTO gne_vale_ferreteria_mov (vfe_id,pro_codigo_plu,vfm_cantidad,vfm_unitario,vfm_total,vfm_entregado) VALUES (9769,4075,2,200,400,@@@NO@@@)','',2,'2013-09-01'),(59608,'INSERT INTO gne_vale_ferreteria (vfe_id,vfe_fecha,vfe_total,vfe_estado,vfe_entregado,usu_nusuario) VALUES (9770,@@@2013.09.01@@@,1490,1,0,@@@K_SANDOVAL@@@)','',2,'2013-09-01'),(59609,'INSERT INTO gne_vale_ferreteria_mov (vfe_id,pro_codigo_plu,vfm_cantidad,vfm_unitario,vfm_total,vfm_entregado) VALUES (9770,764564,1,1490,1490,@@@NO@@@)','',2,'2013-09-01'),(59610,'INSERT INTO gne_vale_ferreteria (vfe_id,vfe_fecha,vfe_total,vfe_estado,vfe_entregado,usu_nusuario) VALUES (9771,@@@2013.09.01@@@,120,1,0,@@@K_SANDOVAL@@@)','',2,'2013-09-01'),(59611,'INSERT INTO gne_vale_ferreteria_mov (vfe_id,pro_codigo_plu,vfm_cantidad,vfm_unitario,vfm_total,vfm_entregado) VALUES (9771,1064,1,120,120,@@@NO@@@)','',2,'2013-09-01'),(59612,'INSERT INTO gne_vale_ferreteria (vfe_id,vfe_fecha,vfe_total,vfe_estado,vfe_entregado,usu_nusuario) VALUES (9772,@@@2013.09.01@@@,990,1,0,@@@K_SANDOVAL@@@)','',2,'2013-09-01'),(59613,'INSERT INTO gne_vale_ferreteria_mov (vfe_id,pro_codigo_plu,vfm_cantidad,vfm_unitario,vfm_total,vfm_entregado) VALUES (9772,761546,1,990,990,@@@NO@@@)','',2,'2013-09-01'),(59614,'INSERT INTO gne_vale_ferreteria (vfe_id,vfe_fecha,vfe_total,vfe_estado,vfe_entregado,usu_nusuario) VALUES (9773,@@@2013.09.01@@@,6770,1,0,@@@K_SANDOVAL@@@)','',2,'2013-09-01'),(59615,'INSERT INTO gne_vale_ferreteria_mov (vfe_id,pro_codigo_plu,vfm_cantidad,vfm_unitario,vfm_total,vfm_entregado) VALUES (9773,262365,1,1390,1390,@@@NO@@@)','',2,'2013-09-01'),(59616,'INSERT INTO gne_vale_ferreteria_mov (vfe_id,pro_codigo_plu,vfm_cantidad,vfm_unitario,vfm_total,vfm_entregado) VALUES (9773,780721588,1,1390,1390,@@@NO@@@)','',2,'2013-09-01'),(59617,'INSERT INTO gne_vale_ferreteria_mov (vfe_id,pro_codigo_plu,vfm_cantidad,vfm_unitario,vfm_total,vfm_entregado) VALUES (9773,764965,1,3990,3990,@@@NO@@@)','',2,'2013-09-01'),(59618,'INSERT INTO gne_vale_ferreteria (vfe_id,vfe_fecha,vfe_total,vfe_estado,vfe_entregado,usu_nusuario) VALUES (9774,@@@2013.09.01@@@,2640,1,0,@@@K_SANDOVAL@@@)','',2,'2013-09-01'),(59619,'INSERT INTO gne_vale_ferreteria_mov (vfe_id,pro_codigo_plu,vfm_cantidad,vfm_unitario,vfm_total,vfm_entregado) VALUES (9774,20476,1,1790,1790,@@@NO@@@)','',2,'2013-09-01'),(59620,'INSERT INTO gne_vale_ferreteria_mov (vfe_id,pro_codigo_plu,vfm_cantidad,vfm_unitario,vfm_total,vfm_entregado) VALUES (9774,780721425,1,850,850,@@@NO@@@)','',2,'2013-09-01'),(59621,'INSERT INTO gne_vale_ferreteria (vfe_id,vfe_fecha,vfe_total,vfe_estado,vfe_entregado,usu_nusuario) VALUES (9775,@@@2013.09.01@@@,1210,1,0,@@@K_SANDOVAL@@@)','',2,'2013-09-01'),(59622,'INSERT INTO gne_vale_ferreteria_mov (vfe_id,pro_codigo_plu,vfm_cantidad,vfm_unitario,vfm_total,vfm_entregado) VALUES (9775,763630,1,460,460,@@@NO@@@)','',2,'2013-09-01'),(59623,'INSERT INTO gne_vale_ferreteria_mov (vfe_id,pro_codigo_plu,vfm_cantidad,vfm_unitario,vfm_total,vfm_entregado) VALUES (9775,770038,4,90,360,@@@NO@@@)','',2,'2013-09-01'),(59624,'INSERT INTO gne_vale_ferreteria_mov (vfe_id,pro_codigo_plu,vfm_cantidad,vfm_unitario,vfm_total,vfm_entregado) VALUES (9775,4090,1,390,390,@@@NO@@@)','',2,'2013-09-01'),(59625,'INSERT INTO gne_vale_ferreteria (vfe_id,vfe_fecha,vfe_total,vfe_estado,vfe_entregado,usu_nusuario) VALUES (9776,@@@2013.09.01@@@,2689,1,0,@@@K_SANDOVAL@@@)','',2,'2013-09-01'),(59626,'INSERT INTO gne_vale_ferreteria_mov (vfe_id,pro_codigo_plu,vfm_cantidad,vfm_unitario,vfm_total,vfm_entregado) VALUES (9776,4133,2,200,400,@@@NO@@@)','',2,'2013-09-01'),(59627,'INSERT INTO gne_vale_ferreteria_mov (vfe_id,pro_codigo_plu,vfm_cantidad,vfm_unitario,vfm_total,vfm_entregado) VALUES (9776,4136,2,350,700,@@@NO@@@)','',2,'2013-09-01'),(59628,'INSERT INTO gne_vale_ferreteria_mov (vfe_id,pro_codigo_plu,vfm_cantidad,vfm_unitario,vfm_total,vfm_entregado) VALUES (9776,101102,1,390,390,@@@NO@@@)','',2,'2013-09-01'),(59629,'INSERT INTO gne_vale_ferreteria_mov (vfe_id,pro_codigo_plu,vfm_cantidad,vfm_unitario,vfm_total,vfm_entregado) VALUES (9776,763777,1,1199,1199,@@@NO@@@)','',2,'2013-09-01'),(59630,'INSERT INTO gne_vale_ferreteria (vfe_id,vfe_fecha,vfe_total,vfe_estado,vfe_entregado,usu_nusuario) VALUES (9777,@@@2013.09.01@@@,530,1,0,@@@K_SANDOVAL@@@)','',2,'2013-09-01'),(59631,'INSERT INTO gne_vale_ferreteria_mov (vfe_id,pro_codigo_plu,vfm_cantidad,vfm_unitario,vfm_total,vfm_entregado) VALUES (9777,764118,1,150,150,@@@NO@@@)','',2,'2013-09-01'),(59632,'INSERT INTO gne_vale_ferreteria_mov (vfe_id,pro_codigo_plu,vfm_cantidad,vfm_unitario,vfm_total,vfm_entregado) VALUES (9777,12085,1,120,120,@@@NO@@@)','',2,'2013-09-01'),(59633,'INSERT INTO gne_vale_ferreteria_mov (vfe_id,pro_codigo_plu,vfm_cantidad,vfm_unitario,vfm_total,vfm_entregado) VALUES (9777,12083,1,260,260,@@@NO@@@)','',2,'2013-09-01'),(59634,'INSERT INTO gne_vale_ferreteria (vfe_id,vfe_fecha,vfe_total,vfe_estado,vfe_entregado,usu_nusuario) VALUES (9778,@@@2013.09.01@@@,520,1,0,@@@K_SANDOVAL@@@)','',2,'2013-09-01'),(59635,'INSERT INTO gne_vale_ferreteria_mov (vfe_id,pro_codigo_plu,vfm_cantidad,vfm_unitario,vfm_total,vfm_entregado) VALUES (9778,12083,2,260,520,@@@NO@@@)','',2,'2013-09-01'),(59636,'INSERT INTO gne_vale_ferreteria (vfe_id,vfe_fecha,vfe_total,vfe_estado,vfe_entregado,usu_nusuario) VALUES (9779,@@@2013.09.01@@@,1390,1,0,@@@K_SANDOVAL@@@)','',2,'2013-09-01'),(59637,'INSERT INTO gne_vale_ferreteria_mov (vfe_id,pro_codigo_plu,vfm_cantidad,vfm_unitario,vfm_total,vfm_entregado) VALUES (9779,780721672,1,1390,1390,@@@NO@@@)','',2,'2013-09-01'),(59638,'INSERT INTO gne_vale_ferreteria (vfe_id,vfe_fecha,vfe_total,vfe_estado,vfe_entregado,usu_nusuario) VALUES (9780,@@@2013.09.01@@@,2880,1,0,@@@K_SANDOVAL@@@)','',2,'2013-09-01'),(59639,'INSERT INTO gne_vale_ferreteria_mov (vfe_id,pro_codigo_plu,vfm_cantidad,vfm_unitario,vfm_total,vfm_entregado) VALUES (9780,780721596,1,1590,1590,@@@NO@@@)','',2,'2013-09-01'),(59640,'INSERT INTO gne_vale_ferreteria_mov (vfe_id,pro_codigo_plu,vfm_cantidad,vfm_unitario,vfm_total,vfm_entregado) VALUES (9780,764833,100,10,1000,@@@NO@@@)','',2,'2013-09-01'),(59641,'INSERT INTO gne_vale_ferreteria_mov (vfe_id,pro_codigo_plu,vfm_cantidad,vfm_unitario,vfm_total,vfm_entregado) VALUES (9780,780721468,1,290,290,@@@NO@@@)','',2,'2013-09-01'),(59642,'UPDATE gpr_pack_virtual SET pav_nombre=@@@PACK 10 HAMBURGESAS X $ 990@@@,pav_total_pack=990,pav_total_descuento=310,pav_desde=@@@2013-07-26@@@,pav_hasta=@@@2013-09-30@@@,pav_tipo=@@@PA@@@,pav_precio=130,pav_lleva=10,pav_paga=7.6,pav_descuento=2.4,pav_porcentaje=1,pav_oferta_exclusiva=@@@NO@@@,pav_agotar_stock=@@@SI@@@,pav_stock=500,pav_costo=737.8,pav_margen=34.18 WHERE pav_id=51','',2,'2013-09-01'),(59643,'DELETE FROM gpr_pack_virtual_mov WHERE pav_id=51','',2,'2013-09-01'),(59644,'DELETE FROM gpr_pack_virtual_horario WHERE pav_id=51','',2,'2013-09-01'),(59645,'INSERT INTO gpr_pack_virtual_mov (pav_id,pro_codigo_plu,pvm_precio,pvm_total,pvm_lleva,pvm_paga,pvm_descuento,pvm_porcentaje,pvm_total_normal,pvm_descuento_linea,pvm_costo,pvm_margen) VALUES (51,19749,130,0,1,1,0,0,130,31,73.78,34.18)','',2,'2013-09-01'),(59646,'INSERT INTO gpr_pack_virtual_horario (pav_id,pvh_dia,pvh_hora_desde,pvh_hora_hasta) VALUES (51,99,@@@00:00@@@,@@@23:59@@@)','',2,'2013-09-01'),(59647,'INSERT INTO gne_vale_ferreteria (vfe_id,vfe_fecha,vfe_total,vfe_estado,vfe_entregado,usu_nusuario) VALUES (9781,@@@2013.09.01@@@,12990,1,0,@@@K_SANDOVAL@@@)','',2,'2013-09-01'),(59648,'INSERT INTO gne_vale_ferreteria_mov (vfe_id,pro_codigo_plu,vfm_cantidad,vfm_unitario,vfm_total,vfm_entregado) VALUES (9781,780721116,1,12990,12990,@@@NO@@@)','',2,'2013-09-01'),(59649,'INSERT INTO gne_vale_ferreteria (vfe_id,vfe_fecha,vfe_total,vfe_estado,vfe_entregado,usu_nusuario) VALUES (9782,@@@2013.09.01@@@,1700,1,0,@@@K_SANDOVAL@@@)','',2,'2013-09-01'),(59650,'INSERT INTO gne_vale_ferreteria_mov (vfe_id,pro_codigo_plu,vfm_cantidad,vfm_unitario,vfm_total,vfm_entregado) VALUES (9782,770039,2,200,400,@@@NO@@@)','',2,'2013-09-01'),(59651,'INSERT INTO gne_vale_ferreteria_mov (vfe_id,pro_codigo_plu,vfm_cantidad,vfm_unitario,vfm_total,vfm_entregado) VALUES (9782,4123,2,350,700,@@@NO@@@)','',2,'2013-09-01'),(59652,'INSERT INTO gne_vale_ferreteria_mov (vfe_id,pro_codigo_plu,vfm_cantidad,vfm_unitario,vfm_total,vfm_entregado) VALUES (9782,764766,5,120,600,@@@NO@@@)','',2,'2013-09-01'),(59653,'UPDATE gpr_pack_virtual SET pav_nombre=@@@PACK 10 HAMBURGESAS X $ 990@@@,pav_total_pack=990,pav_total_descuento=310,pav_desde=@@@2013-07-26@@@,pav_hasta=@@@2013-09-30@@@,pav_tipo=@@@PA@@@,pav_precio=130,pav_lleva=10,pav_paga=7.6,pav_descuento=2.4,pav_porcentaje=1,pav_oferta_exclusiva=@@@NO@@@,pav_agotar_stock=@@@SI@@@,pav_stock=500,pav_costo=737.8,pav_margen=34.18 WHERE pav_id=51','',2,'2013-09-01'),(59654,'DELETE FROM gpr_pack_virtual_mov WHERE pav_id=51','',2,'2013-09-01'),(59655,'DELETE FROM gpr_pack_virtual_horario WHERE pav_id=51','',2,'2013-09-01'),(59656,'INSERT INTO gpr_pack_virtual_mov (pav_id,pro_codigo_plu,pvm_precio,pvm_total,pvm_lleva,pvm_paga,pvm_descuento,pvm_porcentaje,pvm_total_normal,pvm_descuento_linea,pvm_costo,pvm_margen) VALUES (51,19749,130,0,1,1,0,0,130,31,73.78,34.18)','',2,'2013-09-01'),(59657,'INSERT INTO gpr_pack_virtual_horario (pav_id,pvh_dia,pvh_hora_desde,pvh_hora_hasta) VALUES (51,99,@@@00:00@@@,@@@23:59@@@)','',2,'2013-09-01'),(59658,'UPDATE gpr_pack_virtual SET pav_nombre=@@@SALSA DE TOMATE DOÑA CLA 5 X 990@@@,pav_total_pack=990,pav_total_descuento=260,pav_desde=@@@2013-05-09@@@,pav_hasta=@@@2013-12-30@@@,pav_tipo=@@@PA@@@,pav_precio=250,pav_lleva=5,pav_paga=3.69,pav_descuento=1.31,pav_porcentaje=52,pav_oferta_exclusiva=@@@NO@@@,pav_agotar_stock=@@@SI@@@,pav_stock=500,pav_costo=0,pav_margen=0 WHERE pav_id=7','',2,'2013-09-01'),(59659,'DELETE FROM gpr_pack_virtual_mov WHERE pav_id=7','',2,'2013-09-01'),(59660,'DELETE FROM gpr_pack_virtual_horario WHERE pav_id=7','',2,'2013-09-01'),(59661,'INSERT INTO gpr_pack_virtual_mov (pav_id,pro_codigo_plu,pvm_precio,pvm_total,pvm_lleva,pvm_paga,pvm_descuento,pvm_porcentaje,pvm_total_normal,pvm_descuento_linea,pvm_costo,pvm_margen) VALUES (7,13393,250,0,1,1,0,0,250,52,0,0)','',2,'2013-09-01'),(59662,'INSERT INTO gpr_pack_virtual_horario (pav_id,pvh_dia,pvh_hora_desde,pvh_hora_hasta) VALUES (7,99,@@@00:00@@@,@@@23:59@@@)','',2,'2013-09-01'),(59663,'UPDATE gpr_pack_virtual SET pav_nombre=@@@PACK HAMBUEGUESAS DE POLLO 10 UND X $990@@@,pav_total_pack=990,pav_total_descuento=310,pav_desde=@@@2013-05-22@@@,pav_hasta=@@@2013-10-10@@@,pav_tipo=@@@PR@@@,pav_precio=0,pav_lleva=0,pav_paga=0,pav_descuento=0,pav_porcentaje=0,pav_oferta_exclusiva=@@@NO@@@,pav_agotar_stock=@@@SI@@@,pav_stock=200,pav_costo=0,pav_margen=0 WHERE pav_id=9','',2,'2013-09-01'),(59664,'DELETE FROM gpr_pack_virtual_mov WHERE pav_id=9','',2,'2013-09-01'),(59665,'DELETE FROM gpr_pack_virtual_horario WHERE pav_id=9','',2,'2013-09-01'),(59666,'INSERT INTO gpr_pack_virtual_mov (pav_id,pro_codigo_plu,pvm_precio,pvm_total,pvm_lleva,pvm_paga,pvm_descuento,pvm_porcentaje,pvm_total_normal,pvm_descuento_linea,pvm_costo,pvm_margen) VALUES (9,19719,130,990,10,5,5,68,1300,310,0,0)','',2,'2013-09-01'),(59667,'INSERT INTO gpr_pack_virtual_horario (pav_id,pvh_dia,pvh_hora_desde,pvh_hora_hasta) VALUES (9,99,@@@00:00@@@,@@@23:59@@@)','',2,'2013-09-01'),(59668,'INSERT INTO gne_vale_ferreteria (vfe_id,vfe_fecha,vfe_total,vfe_estado,vfe_entregado,usu_nusuario) VALUES (9783,@@@2013.09.01@@@,5170,1,0,@@@K_SANDOVAL@@@)','',2,'2013-09-01'),(59669,'INSERT INTO gne_vale_ferreteria_mov (vfe_id,pro_codigo_plu,vfm_cantidad,vfm_unitario,vfm_total,vfm_entregado) VALUES (9783,1554,1,390,390,@@@NO@@@)','',2,'2013-09-01'),(59670,'INSERT INTO gne_vale_ferreteria_mov (vfe_id,pro_codigo_plu,vfm_cantidad,vfm_unitario,vfm_total,vfm_entregado) VALUES (9783,780721516,1,590,590,@@@NO@@@)','',2,'2013-09-01'),(59671,'INSERT INTO gne_vale_ferreteria_mov (vfe_id,pro_codigo_plu,vfm_cantidad,vfm_unitario,vfm_total,vfm_entregado) VALUES (9783,780721213,1,3190,3190,@@@NO@@@)','',2,'2013-09-01'),(59672,'INSERT INTO gne_vale_ferreteria_mov (vfe_id,pro_codigo_plu,vfm_cantidad,vfm_unitario,vfm_total,vfm_entregado) VALUES (9783,763794,1,850,850,@@@NO@@@)','',2,'2013-09-01'),(59673,'INSERT INTO gne_vale_ferreteria_mov (vfe_id,pro_codigo_plu,vfm_cantidad,vfm_unitario,vfm_total,vfm_entregado) VALUES (9783,78017015,1,150,150,@@@NO@@@)','',2,'2013-09-01'),(59674,'INSERT INTO gne_vale_ferreteria (vfe_id,vfe_fecha,vfe_total,vfe_estado,vfe_entregado,usu_nusuario) VALUES (9784,@@@2013.09.01@@@,390,1,0,@@@K_SANDOVAL@@@)','',2,'2013-09-01'),(59675,'INSERT INTO gne_vale_ferreteria_mov (vfe_id,pro_codigo_plu,vfm_cantidad,vfm_unitario,vfm_total,vfm_entregado) VALUES (9784,15948,3,130,390,@@@NO@@@)','',2,'2013-09-01'),(59676,'INSERT INTO gne_vale_ferreteria (vfe_id,vfe_fecha,vfe_total,vfe_estado,vfe_entregado,usu_nusuario) VALUES (9785,@@@2013.09.01@@@,990,1,0,@@@K_SANDOVAL@@@)','',2,'2013-09-01'),(59677,'INSERT INTO gne_vale_ferreteria_mov (vfe_id,pro_codigo_plu,vfm_cantidad,vfm_unitario,vfm_total,vfm_entregado) VALUES (9785,780721231,1,990,990,@@@NO@@@)','',2,'2013-09-01'),(59678,'INSERT INTO gne_vale_ferreteria (vfe_id,vfe_fecha,vfe_total,vfe_estado,vfe_entregado,usu_nusuario) VALUES (9786,@@@2013.09.01@@@,120,1,0,@@@K_SANDOVAL@@@)','',2,'2013-09-01'),(59679,'INSERT INTO gne_vale_ferreteria_mov (vfe_id,pro_codigo_plu,vfm_cantidad,vfm_unitario,vfm_total,vfm_entregado) VALUES (9786,8022,1,120,120,@@@NO@@@)','',2,'2013-09-01'),(59680,'INSERT INTO gne_vale_ferreteria (vfe_id,vfe_fecha,vfe_total,vfe_estado,vfe_entregado,usu_nusuario) VALUES (9787,@@@2013.09.01@@@,1790,1,0,@@@K_SANDOVAL@@@)','',2,'2013-09-01'),(59681,'INSERT INTO gne_vale_ferreteria_mov (vfe_id,pro_codigo_plu,vfm_cantidad,vfm_unitario,vfm_total,vfm_entregado) VALUES (9787,16430,2,160,320,@@@NO@@@)','',2,'2013-09-01'),(59682,'INSERT INTO gne_vale_ferreteria_mov (vfe_id,pro_codigo_plu,vfm_cantidad,vfm_unitario,vfm_total,vfm_entregado) VALUES (9787,764529,3,490,1470,@@@NO@@@)','',2,'2013-09-01'),(59683,'INSERT INTO gne_vale_ferreteria (vfe_id,vfe_fecha,vfe_total,vfe_estado,vfe_entregado,usu_nusuario) VALUES (9788,@@@2013.09.01@@@,2990,1,0,@@@K_SANDOVAL@@@)','',2,'2013-09-01'),(59684,'INSERT INTO gne_vale_ferreteria_mov (vfe_id,pro_codigo_plu,vfm_cantidad,vfm_unitario,vfm_total,vfm_entregado) VALUES (9788,102023,1,2990,2990,@@@NO@@@)','',2,'2013-09-01'),(59685,'INSERT INTO gne_vale_ferreteria (vfe_id,vfe_fecha,vfe_total,vfe_estado,vfe_entregado,usu_nusuario) VALUES (9789,@@@2013.09.01@@@,350,1,0,@@@K_SANDOVAL@@@)','',2,'2013-09-01'),(59686,'INSERT INTO gne_vale_ferreteria_mov (vfe_id,pro_codigo_plu,vfm_cantidad,vfm_unitario,vfm_total,vfm_entregado) VALUES (9789,763880,1,150,150,@@@NO@@@)','',2,'2013-09-01'),(59687,'INSERT INTO gne_vale_ferreteria_mov (vfe_id,pro_codigo_plu,vfm_cantidad,vfm_unitario,vfm_total,vfm_entregado) VALUES (9789,1069,1,200,200,@@@NO@@@)','',2,'2013-09-01'),(59688,'INSERT INTO gne_vale_ferreteria (vfe_id,vfe_fecha,vfe_total,vfe_estado,vfe_entregado,usu_nusuario) VALUES (9790,@@@2013.09.01@@@,400,1,0,@@@K_SANDOVAL@@@)','',2,'2013-09-01'),(59689,'INSERT INTO gne_vale_ferreteria_mov (vfe_id,pro_codigo_plu,vfm_cantidad,vfm_unitario,vfm_total,vfm_entregado) VALUES (9790,78017238,2,200,400,@@@NO@@@)','',2,'2013-09-01'),(59690,'INSERT INTO gne_vale_ferreteria (vfe_id,vfe_fecha,vfe_total,vfe_estado,vfe_entregado,usu_nusuario) VALUES (9791,@@@2013.09.01@@@,300,1,0,@@@K_SANDOVAL@@@)','',2,'2013-09-01'),(59691,'INSERT INTO gne_vale_ferreteria_mov (vfe_id,pro_codigo_plu,vfm_cantidad,vfm_unitario,vfm_total,vfm_entregado) VALUES (9791,780721222,1,300,300,@@@NO@@@)','',2,'2013-09-01'),(59692,'INSERT INTO gne_vale_ferreteria (vfe_id,vfe_fecha,vfe_total,vfe_estado,vfe_entregado,usu_nusuario) VALUES (9792,@@@2013.09.01@@@,300,1,0,@@@K_SANDOVAL@@@)','',2,'2013-09-01'),(59693,'INSERT INTO gne_vale_ferreteria_mov (vfe_id,pro_codigo_plu,vfm_cantidad,vfm_unitario,vfm_total,vfm_entregado) VALUES (9792,780721422,1,300,300,@@@NO@@@)','',2,'2013-09-01'),(59694,'INSERT INTO gne_vale_ferreteria (vfe_id,vfe_fecha,vfe_total,vfe_estado,vfe_entregado,usu_nusuario) VALUES (9793,@@@2013.09.01@@@,2490,1,0,@@@K_SANDOVAL@@@)','',2,'2013-09-01'),(59695,'INSERT INTO gne_vale_ferreteria_mov (vfe_id,pro_codigo_plu,vfm_cantidad,vfm_unitario,vfm_total,vfm_entregado) VALUES (9793,1467,1,2490,2490,@@@NO@@@)','',2,'2013-09-01'),(59696,'INSERT INTO gne_vale_ferreteria (vfe_id,vfe_fecha,vfe_total,vfe_estado,vfe_entregado,usu_nusuario) VALUES (9794,@@@2013.09.01@@@,120,1,0,@@@K_SANDOVAL@@@)','',2,'2013-09-01'),(59697,'INSERT INTO gne_vale_ferreteria_mov (vfe_id,pro_codigo_plu,vfm_cantidad,vfm_unitario,vfm_total,vfm_entregado) VALUES (9794,8022,1,120,120,@@@NO@@@)','',2,'2013-09-01'),(59698,'INSERT INTO gne_vale_ferreteria (vfe_id,vfe_fecha,vfe_total,vfe_estado,vfe_entregado,usu_nusuario) VALUES (9795,@@@2013.09.02@@@,690,1,0,@@@b_SAEZ@@@)','',2,'2013-09-02'),(59699,'INSERT INTO gne_vale_ferreteria_mov (vfe_id,pro_codigo_plu,vfm_cantidad,vfm_unitario,vfm_total,vfm_entregado) VALUES (9795,19916,1,540,540,@@@NO@@@)','',2,'2013-09-02'),(59700,'INSERT INTO gne_vale_ferreteria_mov (vfe_id,pro_codigo_plu,vfm_cantidad,vfm_unitario,vfm_total,vfm_entregado) VALUES (9795,9900006,1,150,150,@@@NO@@@)','',2,'2013-09-02'),(59701,'INSERT INTO gne_vale_ferreteria (vfe_id,vfe_fecha,vfe_total,vfe_estado,vfe_entregado,usu_nusuario) VALUES (9796,@@@2013.09.02@@@,300,1,0,@@@b_SAEZ@@@)','',2,'2013-09-02'),(59702,'INSERT INTO gne_vale_ferreteria_mov (vfe_id,pro_codigo_plu,vfm_cantidad,vfm_unitario,vfm_total,vfm_entregado) VALUES (9796,2004,1,300,300,@@@NO@@@)','',2,'2013-09-02'),(59703,'INSERT INTO gne_vale_ferreteria (vfe_id,vfe_fecha,vfe_total,vfe_estado,vfe_entregado,usu_nusuario) VALUES (9797,@@@2013.09.02@@@,150,1,0,@@@b_SAEZ@@@)','',2,'2013-09-02'),(59704,'INSERT INTO gne_vale_ferreteria_mov (vfe_id,pro_codigo_plu,vfm_cantidad,vfm_unitario,vfm_total,vfm_entregado) VALUES (9797,9900006,1,150,150,@@@NO@@@)','',2,'2013-09-02'),(59705,'INSERT INTO gne_vale_ferreteria (vfe_id,vfe_fecha,vfe_total,vfe_estado,vfe_entregado,usu_nusuario) VALUES (9798,@@@2013.09.02@@@,330,1,0,@@@b_SAEZ@@@)','',2,'2013-09-02'),(59706,'INSERT INTO gne_vale_ferreteria_mov (vfe_id,pro_codigo_plu,vfm_cantidad,vfm_unitario,vfm_total,vfm_entregado) VALUES (9798,19918,1,330,330,@@@NO@@@)','',2,'2013-09-02'),(59707,'UPDATE gpr_pack_virtual SET pav_nombre=@@@PACK HAMBURGUEZAS SUPER POLLO 10 X $990@@@,pav_total_pack=990,pav_total_descuento=310,pav_desde=@@@2013-07-11@@@,pav_hasta=@@@2013-09-30@@@,pav_tipo=@@@PA@@@,pav_precio=130,pav_lleva=10,pav_paga=7.6,pav_descuento=2.4,pav_porcentaje=1,pav_oferta_exclusiva=@@@NO@@@,pav_agotar_stock=@@@SI@@@,pav_stock=300,pav_costo=749.7,pav_margen=32.05 WHERE pav_id=28','',2,'2013-09-02'),(59708,'DELETE FROM gpr_pack_virtual_mov WHERE pav_id=28','',2,'2013-09-02'),(59709,'DELETE FROM gpr_pack_virtual_horario WHERE pav_id=28','',2,'2013-09-02'),(59710,'INSERT INTO gpr_pack_virtual_mov (pav_id,pro_codigo_plu,pvm_precio,pvm_total,pvm_lleva,pvm_paga,pvm_descuento,pvm_porcentaje,pvm_total_normal,pvm_descuento_linea,pvm_costo,pvm_margen) VALUES (28,19719,130,0,1,1,0,0,130,31,74.97,32.05)','',2,'2013-09-02'),(59711,'INSERT INTO gpr_pack_virtual_horario (pav_id,pvh_dia,pvh_hora_desde,pvh_hora_hasta) VALUES (28,99,@@@00:00@@@,@@@23:59@@@)','',2,'2013-09-02'),(59712,'UPDATE gpr_pack_virtual SET pav_nombre=@@@HAMBURGUEZAS SUPER CERDO 10 X $990@@@,pav_total_pack=990,pav_total_descuento=510,pav_desde=@@@2013-07-11@@@,pav_hasta=@@@2013-09-30@@@,pav_tipo=@@@PA@@@,pav_precio=150,pav_lleva=10,pav_paga=6.58,pav_descuento=3.42,pav_porcentaje=1,pav_oferta_exclusiva=@@@NO@@@,pav_agotar_stock=@@@SI@@@,pav_stock=300,pav_costo=0,pav_margen=0 WHERE pav_id=29','',2,'2013-09-02'),(59713,'DELETE FROM gpr_pack_virtual_mov WHERE pav_id=29','',2,'2013-09-02'),(59714,'DELETE FROM gpr_pack_virtual_horario WHERE pav_id=29','',2,'2013-09-02'),(59715,'INSERT INTO gpr_pack_virtual_mov (pav_id,pro_codigo_plu,pvm_precio,pvm_total,pvm_lleva,pvm_paga,pvm_descuento,pvm_porcentaje,pvm_total_normal,pvm_descuento_linea,pvm_costo,pvm_margen) VALUES (29,19748,150,0,1,1,0,0,150,51,0,0)','',2,'2013-09-02'),(59716,'INSERT INTO gpr_pack_virtual_horario (pav_id,pvh_dia,pvh_hora_desde,pvh_hora_hasta) VALUES (29,99,@@@00:00@@@,@@@23:59@@@)','',2,'2013-09-02'),(59717,'UPDATE gpr_pack_virtual SET pav_nombre=@@@PACK HAMBURGUEZAS SUPER POLLO + SUPER CERDO 1@@@,pav_total_pack=990,pav_total_descuento=410,pav_desde=@@@2013-07-12@@@,pav_hasta=@@@2013-09-30@@@,pav_tipo=@@@PR@@@,pav_precio=0,pav_lleva=0,pav_paga=0,pav_descuento=0,pav_porcentaje=0,pav_oferta_exclusiva=@@@NO@@@,pav_agotar_stock=@@@SI@@@,pav_stock=300,pav_costo=374.85,pav_margen=164.11 WHERE pav_id=30','',2,'2013-09-02'),(59718,'DELETE FROM gpr_pack_virtual_mov WHERE pav_id=30','',2,'2013-09-02'),(59719,'DELETE FROM gpr_pack_virtual_horario WHERE pav_id=30','',2,'2013-09-02'),(59720,'INSERT INTO gpr_pack_virtual_mov (pav_id,pro_codigo_plu,pvm_precio,pvm_total,pvm_lleva,pvm_paga,pvm_descuento,pvm_porcentaje,pvm_total_normal,pvm_descuento_linea,pvm_costo,pvm_margen) VALUES (30,19748,150,496,5,3.29,1.71,1,750,254,0,0),(30,19719,130,494,5,3.79,1.21,1,650,156,74.97,31.79)','',2,'2013-09-02'),(59721,'INSERT INTO gpr_pack_virtual_horario (pav_id,pvh_dia,pvh_hora_desde,pvh_hora_hasta) VALUES (30,99,@@@00:00@@@,@@@23:59@@@)','',2,'2013-09-02'),(59722,'UPDATE gpr_pack_virtual SET pav_nombre=@@@PACK PEPSI 2 X $ 1199@@@,pav_total_pack=1199,pav_total_descuento=599,pav_desde=@@@2013-07-13@@@,pav_hasta=@@@2013-09-30@@@,pav_tipo=@@@PR@@@,pav_precio=0,pav_lleva=0,pav_paga=0,pav_descuento=0,pav_porcentaje=0,pav_oferta_exclusiva=@@@NO@@@,pav_agotar_stock=@@@SI@@@,pav_stock=36,pav_costo=900.32,pav_margen=33.17 WHERE pav_id=31','',2,'2013-09-02'),(59723,'DELETE FROM gpr_pack_virtual_mov WHERE pav_id=31','',2,'2013-09-02'),(59724,'DELETE FROM gpr_pack_virtual_horario WHERE pav_id=31','',2,'2013-09-02'),(59725,'INSERT INTO gpr_pack_virtual_mov (pav_id,pro_codigo_plu,pvm_precio,pvm_total,pvm_lleva,pvm_paga,pvm_descuento,pvm_porcentaje,pvm_total_normal,pvm_descuento_linea,pvm_costo,pvm_margen) VALUES (31,17269,899,1199,2,1.3,0.7,43,1798,599,450.16,33.17)','',2,'2013-09-02'),(59726,'INSERT INTO gpr_pack_virtual_horario (pav_id,pvh_dia,pvh_hora_desde,pvh_hora_hasta) VALUES (31,99,@@@00:00@@@,@@@23:59@@@)','',2,'2013-09-02'),(59727,'UPDATE gpr_pack_virtual SET pav_nombre=@@@PACK PISCO MISTRAL 35° + BEBIDA PEPSI 1500CC@@@,pav_total_pack=4599,pav_total_descuento=299,pav_desde=@@@2013-07-23@@@,pav_hasta=@@@2013-09-30@@@,pav_tipo=@@@PR@@@,pav_precio=0,pav_lleva=0,pav_paga=0,pav_descuento=0,pav_porcentaje=0,pav_oferta_exclusiva=@@@NO@@@,pav_agotar_stock=@@@SI@@@,pav_stock=100,pav_costo=3370.16,pav_margen=36.46 WHERE pav_id=46','',2,'2013-09-02'),(59728,'DELETE FROM gpr_pack_virtual_mov WHERE pav_id=46','',2,'2013-09-02'),(59729,'DELETE FROM gpr_pack_virtual_horario WHERE pav_id=46','',2,'2013-09-02'),(59730,'INSERT INTO gpr_pack_virtual_mov (pav_id,pro_codigo_plu,pvm_precio,pvm_total,pvm_lleva,pvm_paga,pvm_descuento,pvm_porcentaje,pvm_total_normal,pvm_descuento_linea,pvm_costo,pvm_margen) VALUES (46,17641,3999,3999,1,1,0,0,3999,0,2920,36.95),(46,17269,899,600,1,0.667,0.333,0,899,299,450.16,33.29)','',2,'2013-09-02'),(59731,'INSERT INTO gpr_pack_virtual_horario (pav_id,pvh_dia,pvh_hora_desde,pvh_hora_hasta) VALUES (46,99,@@@00:00@@@,@@@23:59@@@)','',2,'2013-09-02'),(59732,'UPDATE gpr_pack_virtual SET pav_nombre=@@@PACK DETERGENTE OMO 400 GRS 3 X $2100@@@,pav_total_pack=2100,pav_total_descuento=270,pav_desde=@@@2013-07-18@@@,pav_hasta=@@@2013-09-30@@@,pav_tipo=@@@PA@@@,pav_precio=790,pav_lleva=3,pav_paga=2.658,pav_descuento=0.342,pav_porcentaje=1,pav_oferta_exclusiva=@@@NO@@@,pav_agotar_stock=@@@SI@@@,pav_stock=100,pav_costo=0,pav_margen=0 WHERE pav_id=42','',2,'2013-09-02'),(59733,'DELETE FROM gpr_pack_virtual_mov WHERE pav_id=42','',2,'2013-09-02'),(59734,'DELETE FROM gpr_pack_virtual_horario WHERE pav_id=42','',2,'2013-09-02'),(59735,'INSERT INTO gpr_pack_virtual_mov (pav_id,pro_codigo_plu,pvm_precio,pvm_total,pvm_lleva,pvm_paga,pvm_descuento,pvm_porcentaje,pvm_total_normal,pvm_descuento_linea,pvm_costo,pvm_margen) VALUES (42,78017041,790,0,1,1,0,0,790,90,0,0),(42,763540,790,0,1,1,0,0,790,90,0,0),(42,763539,790,0,1,1,0,0,790,90,0,0)','',2,'2013-09-02'),(59736,'INSERT INTO gpr_pack_virtual_horario (pav_id,pvh_dia,pvh_hora_desde,pvh_hora_hasta) VALUES (42,99,@@@00:00@@@,@@@23:59@@@)','',2,'2013-09-02'),(59737,'INSERT INTO gne_vale_ferreteria (vfe_id,vfe_fecha,vfe_total,vfe_estado,vfe_entregado,usu_nusuario) VALUES (9799,@@@2013.09.02@@@,30,1,0,@@@b_SAEZ@@@)','',2,'2013-09-02'),(59738,'INSERT INTO gne_vale_ferreteria_mov (vfe_id,pro_codigo_plu,vfm_cantidad,vfm_unitario,vfm_total,vfm_entregado) VALUES (9799,13229,2,15,30,@@@NO@@@)','',2,'2013-09-02'),(59739,'UPDATE gpr_pack_virtual SET pav_nombre=@@@PACK RON SIERRA MORENA AÑEJO + COCA COLA 1.5@@@,pav_total_pack=4490,pav_total_descuento=500,pav_desde=@@@2013-05-28@@@,pav_hasta=@@@2013-09-30@@@,pav_tipo=@@@PR@@@,pav_precio=0,pav_lleva=0,pav_paga=0,pav_descuento=0,pav_porcentaje=0,pav_oferta_exclusiva=@@@NO@@@,pav_agotar_stock=@@@SI@@@,pav_stock=50,pav_costo=3581.37,pav_margen=25.37 WHERE pav_id=12','',2,'2013-09-02'),(59740,'DELETE FROM gpr_pack_virtual_mov WHERE pav_id=12','',2,'2013-09-02'),(59741,'DELETE FROM gpr_pack_virtual_horario WHERE pav_id=12','',2,'2013-09-02'),(59742,'INSERT INTO gpr_pack_virtual_mov (pav_id,pro_codigo_plu,pvm_precio,pvm_total,pvm_lleva,pvm_paga,pvm_descuento,pvm_porcentaje,pvm_total_normal,pvm_descuento_linea,pvm_costo,pvm_margen) VALUES (12,17167,1000,700,1,0.7,0.3,0,1000,300,737.77,-5.12),(12,780721395,3990,3790,1,0.95,0.05,0,3990,200,2843.6,33.28)','',2,'2013-09-02'),(59743,'INSERT INTO gpr_pack_virtual_horario (pav_id,pvh_dia,pvh_hora_desde,pvh_hora_hasta) VALUES (12,99,@@@00:00@@@,@@@23:59@@@)','',2,'2013-09-02'),(59744,'INSERT INTO gne_vale_ferreteria (vfe_id,vfe_fecha,vfe_total,vfe_estado,vfe_entregado,usu_nusuario) VALUES (9800,@@@2013.09.02@@@,480,1,0,@@@b_SAEZ@@@)','',2,'2013-09-02'),(59745,'INSERT INTO gne_vale_ferreteria_mov (vfe_id,pro_codigo_plu,vfm_cantidad,vfm_unitario,vfm_total,vfm_entregado) VALUES (9800,78017020,1,390,390,@@@NO@@@)','',2,'2013-09-02'),(59746,'INSERT INTO gne_vale_ferreteria_mov (vfe_id,pro_codigo_plu,vfm_cantidad,vfm_unitario,vfm_total,vfm_entregado) VALUES (9800,770032,1,50,50,@@@NO@@@)','',2,'2013-09-02'),(59747,'INSERT INTO gne_vale_ferreteria_mov (vfe_id,pro_codigo_plu,vfm_cantidad,vfm_unitario,vfm_total,vfm_entregado) VALUES (9800,770033,1,40,40,@@@NO@@@)','',2,'2013-09-02'),(59748,'UPDATE gpr_pack_virtual SET pav_nombre=@@@PACK YOGHURT NESTLE 10 X $ 1200@@@,pav_total_pack=1200,pav_total_descuento=300,pav_desde=@@@2013-07-08@@@,pav_hasta=@@@2013-09-23@@@,pav_tipo=@@@PR@@@,pav_precio=0,pav_lleva=0,pav_paga=0,pav_descuento=0,pav_porcentaje=0,pav_oferta_exclusiva=@@@NO@@@,pav_agotar_stock=@@@SI@@@,pav_stock=50,pav_costo=1100,pav_margen=9.09 WHERE pav_id=20','',2,'2013-09-02'),(59749,'DELETE FROM gpr_pack_virtual_mov WHERE pav_id=20','',2,'2013-09-02'),(59750,'DELETE FROM gpr_pack_virtual_horario WHERE pav_id=20','',2,'2013-09-02'),(59751,'INSERT INTO gpr_pack_virtual_mov (pav_id,pro_codigo_plu,pvm_precio,pvm_total,pvm_lleva,pvm_paga,pvm_descuento,pvm_porcentaje,pvm_total_normal,pvm_descuento_linea,pvm_costo,pvm_margen) VALUES (20,16605,150,750,6,5,1,0,900,150,110,13.64),(20,16588,150,450,4,3,1,0,600,150,110,2.27)','',2,'2013-09-02'),(59752,'INSERT INTO gpr_pack_virtual_horario (pav_id,pvh_dia,pvh_hora_desde,pvh_hora_hasta) VALUES (20,99,@@@00:00@@@,@@@23:59@@@)','',2,'2013-09-02'),(59753,'UPDATE gpr_pack_virtual SET pav_nombre=@@@PACK YOGHURT NESTLE 10 X $ 1200@@@,pav_total_pack=1200,pav_total_descuento=300,pav_desde=@@@2013-07-08@@@,pav_hasta=@@@2013-09-30@@@,pav_tipo=@@@PR@@@,pav_precio=0,pav_lleva=0,pav_paga=0,pav_descuento=0,pav_porcentaje=0,pav_oferta_exclusiva=@@@NO@@@,pav_agotar_stock=@@@SI@@@,pav_stock=200,pav_costo=1100,pav_margen=9.09 WHERE pav_id=21','',2,'2013-09-02'),(59754,'DELETE FROM gpr_pack_virtual_mov WHERE pav_id=21','',2,'2013-09-02'),(59755,'DELETE FROM gpr_pack_virtual_horario WHERE pav_id=21','',2,'2013-09-02'),(59756,'INSERT INTO gpr_pack_virtual_mov (pav_id,pro_codigo_plu,pvm_precio,pvm_total,pvm_lleva,pvm_paga,pvm_descuento,pvm_porcentaje,pvm_total_normal,pvm_descuento_linea,pvm_costo,pvm_margen) VALUES (21,16605,150,750,6,5,1,0,900,150,110,13.64),(21,16606,150,450,4,3,1,0,600,150,110,2.27)','',2,'2013-09-02'),(59757,'INSERT INTO gpr_pack_virtual_horario (pav_id,pvh_dia,pvh_hora_desde,pvh_hora_hasta) VALUES (21,99,@@@00:00@@@,@@@23:59@@@)','',2,'2013-09-02'),(59758,'UPDATE gpr_pack_virtual SET pav_nombre=@@@PACK YOGHURT CALAN VAINILLA, FRUTILLA,DAMASCO@@@,pav_total_pack=999,pav_total_descuento=121,pav_desde=@@@2013-07-25@@@,pav_hasta=@@@2013-09-30@@@,pav_tipo=@@@PA@@@,pav_precio=140,pav_lleva=8,pav_paga=7.127,pav_descuento=0.873,pav_porcentaje=1,pav_oferta_exclusiva=@@@NO@@@,pav_agotar_stock=@@@SI@@@,pav_stock=500,pav_costo=806.62,pav_margen=23.85 WHERE pav_id=50','',2,'2013-09-02'),(59759,'DELETE FROM gpr_pack_virtual_mov WHERE pav_id=50','',2,'2013-09-02'),(59760,'DELETE FROM gpr_pack_virtual_horario WHERE pav_id=50','',2,'2013-09-02'),(59761,'INSERT INTO gpr_pack_virtual_mov (pav_id,pro_codigo_plu,pvm_precio,pvm_total,pvm_lleva,pvm_paga,pvm_descuento,pvm_porcentaje,pvm_total_normal,pvm_descuento_linea,pvm_costo,pvm_margen) VALUES (50,16900,140,0,1,1,0,0,140,15.125,99.99,23.85),(50,16901,140,0,1,1,0,0,140,15.125,99.99,23.85),(50,16897,140,0,1,1,0,0,140,15.125,99.99,23.85),(50,780721410,140,0,1,1,0,0,140,15.125,103.34,23.85)','',2,'2013-09-02'),(59762,'INSERT INTO gpr_pack_virtual_horario (pav_id,pvh_dia,pvh_hora_desde,pvh_hora_hasta) VALUES (50,99,@@@00:00@@@,@@@23:59@@@)','',2,'2013-09-02'),(59763,'UPDATE gpr_pack_virtual SET pav_nombre=@@@PACK 5 croqueta spollo X $ 999@@@,pav_total_pack=999,pav_total_descuento=201,pav_desde=@@@2013-07-26@@@,pav_hasta=@@@2013-09-30@@@,pav_tipo=@@@PA@@@,pav_precio=240,pav_lleva=5,pav_paga=4.1,pav_descuento=0.9,pav_porcentaje=17,pav_oferta_exclusiva=@@@NO@@@,pav_agotar_stock=@@@SI@@@,pav_stock=300,pav_costo=666.4,pav_margen=49.91 WHERE pav_id=52','',2,'2013-09-02'),(59764,'DELETE FROM gpr_pack_virtual_mov WHERE pav_id=52','',2,'2013-09-02'),(59765,'DELETE FROM gpr_pack_virtual_horario WHERE pav_id=52','',2,'2013-09-02'),(59766,'INSERT INTO gpr_pack_virtual_mov (pav_id,pro_codigo_plu,pvm_precio,pvm_total,pvm_lleva,pvm_paga,pvm_descuento,pvm_porcentaje,pvm_total_normal,pvm_descuento_linea,pvm_costo,pvm_margen) VALUES (52,19733,240,0,1,1,0,0,240,40.2,133.28,49.91)','',2,'2013-09-02'),(59767,'INSERT INTO gpr_pack_virtual_horario (pav_id,pvh_dia,pvh_hora_desde,pvh_hora_hasta) VALUES (52,99,@@@00:00@@@,@@@23:59@@@)','',2,'2013-09-02'),(59768,'UPDATE gpr_pack_virtual SET pav_nombre=@@@PACK 2 CHURRASCO X $ 1090@@@,pav_total_pack=1090,pav_total_descuento=290,pav_desde=@@@2013-07-26@@@,pav_hasta=@@@2013-09-30@@@,pav_tipo=@@@PA@@@,pav_precio=690,pav_lleva=2,pav_paga=1.55,pav_descuento=0.45,pav_porcentaje=45,pav_oferta_exclusiva=@@@NO@@@,pav_agotar_stock=@@@SI@@@,pav_stock=200,pav_costo=701.6,pav_margen=55.36 WHERE pav_id=54','',2,'2013-09-02'),(59769,'DELETE FROM gpr_pack_virtual_mov WHERE pav_id=54','',2,'2013-09-02'),(59770,'DELETE FROM gpr_pack_virtual_horario WHERE pav_id=54','',2,'2013-09-02'),(59771,'INSERT INTO gpr_pack_virtual_mov (pav_id,pro_codigo_plu,pvm_precio,pvm_total,pvm_lleva,pvm_paga,pvm_descuento,pvm_porcentaje,pvm_total_normal,pvm_descuento_linea,pvm_costo,pvm_margen) VALUES (54,765077,690,0,1,1,0,0,690,145,350.8,55.36)','',2,'2013-09-02'),(59772,'INSERT INTO gpr_pack_virtual_horario (pav_id,pvh_dia,pvh_hora_desde,pvh_hora_hasta) VALUES (54,99,@@@00:00@@@,@@@23:59@@@)','',2,'2013-09-02'),(59773,'UPDATE gpr_pack_virtual SET pav_nombre=@@@PACK GALLETAS + GOLPE X $999@@@,pav_total_pack=999,pav_total_descuento=261,pav_desde=@@@2013-08-09@@@,pav_hasta=@@@2013-09-30@@@,pav_tipo=@@@PR@@@,pav_precio=0,pav_lleva=0,pav_paga=0,pav_descuento=0,pav_porcentaje=0,pav_oferta_exclusiva=@@@NO@@@,pav_agotar_stock=@@@SI@@@,pav_stock=50,pav_costo=932,pav_margen=7.19 WHERE pav_id=57','',2,'2013-09-02'),(59774,'DELETE FROM gpr_pack_virtual_mov WHERE pav_id=57','',2,'2013-09-02'),(59775,'DELETE FROM gpr_pack_virtual_horario WHERE pav_id=57','',2,'2013-09-02'),(59776,'INSERT INTO gpr_pack_virtual_mov (pav_id,pro_codigo_plu,pvm_precio,pvm_total,pvm_lleva,pvm_paga,pvm_descuento,pvm_porcentaje,pvm_total_normal,pvm_descuento_linea,pvm_costo,pvm_margen) VALUES (57,102311,380,293,1,0.77,0.23,0,380,87,280,4.64),(57,102312,380,293,1,0.77,0.23,0,380,87,280,4.64),(57,12089,120,120,1,1,0,0,120,0,92,30.43),(57,102310,380,293,1,0.77,0.23,0,380,87,280,4.64)','',2,'2013-09-02'),(59777,'INSERT INTO gpr_pack_virtual_horario (pav_id,pvh_dia,pvh_hora_desde,pvh_hora_hasta) VALUES (57,99,@@@00:00@@@,@@@23:59@@@)','',2,'2013-09-02'),(59778,'UPDATE gpr_pack_virtual SET pav_nombre=@@@PACK BURN ENERGY@@@,pav_total_pack=2000,pav_total_descuento=580,pav_desde=@@@2013-08-09@@@,pav_hasta=@@@2013-09-30@@@,pav_tipo=@@@PA@@@,pav_precio=1290,pav_lleva=2,pav_paga=1.55,pav_descuento=0.45,pav_porcentaje=1,pav_oferta_exclusiva=@@@NO@@@,pav_agotar_stock=@@@SI@@@,pav_stock=60,pav_costo=1332,pav_margen=50.15 WHERE pav_id=58','',2,'2013-09-02'),(59779,'DELETE FROM gpr_pack_virtual_mov WHERE pav_id=58','',2,'2013-09-02'),(59780,'DELETE FROM gpr_pack_virtual_horario WHERE pav_id=58','',2,'2013-09-02'),(59781,'INSERT INTO gpr_pack_virtual_mov (pav_id,pro_codigo_plu,pvm_precio,pvm_total,pvm_lleva,pvm_paga,pvm_descuento,pvm_porcentaje,pvm_total_normal,pvm_descuento_linea,pvm_costo,pvm_margen) VALUES (58,102249,1290,0,1,1,0,0,1290,290,666,50.15)','',2,'2013-09-02'),(59782,'INSERT INTO gpr_pack_virtual_horario (pav_id,pvh_dia,pvh_hora_desde,pvh_hora_hasta) VALUES (58,99,@@@00:00@@@,@@@23:59@@@)','',2,'2013-09-02'),(59783,'UPDATE mae_productos SET pro_margen_actual=153.73,pro_precio_venta=340 WHERE pro_codigo_plu=589','',2,'2013-09-02'),(59784,'UPDATE mae_productos SET pro_precio_fiscal=pro_precio_venta WHERE pro_codigo_plu=589','',2,'2013-09-02'),(59785,'INSERT INTO mae_productos (pro_codigo_plu,pro_codigo_barra,pro_tipo,pro_nombre_producto,pro_nombre_corto,med_id,emb_id,pro_unidades_embalaje,dep_id,lin_id,mar_id,pro_precio_compra_neto,pro_precio_compra_bruto,pro_precio_venta,pro_margen_actual,pro_oferta,pro_fecha_inicio_oferta,pro_fecha_termino_oferta,pro_precio_oferta,pro_stock_minimo,pro_stock_critico,pro_entradas_bodega,pro_salidas_bodega,pro_mermas_bodega,pro_ajustes_bodega,pro_entradas_sv,pro_salidas_sv,pro_mermas_sv,pro_ajustes_sv,pro_activo,rec_numero,pro_unidad,pro_capacidad,pro_consumo_bodega,pro_consumo_sv,pro_estado,pro_funcion_plu,pro_flejes,pro_iva,pro_plu_asociado,pro_envase,pro_duracion,pro_numero_etiqueta) VALUES (780721718,@@@78018853@@@,@@@0@@@,@@@PALL MALL AZUL  10 5+5@@@,@@@PALL MALL AZUL  @@@,@@@1 @@@,@@@6 @@@,@@@20@@@,@@@25 @@@,@@@141@@@,@@@1052@@@,@@@0@@@,@@@84899@@@,@@@900@@@,@@@-98.94@@@,@@@@@@,@@@2006.09.07@@@,@@@2006.09.07@@@,@@@0@@@,@@@20@@@,@@@5@@@,@@@0@@@,@@@0@@@,@@@0@@@,@@@0@@@,@@@0@@@,@@@0@@@,@@@0@@@,@@@0@@@,@@@1@@@,@@@0@@@,0,1,0,0,2,0,1,1,0,@@@NO@@@,0,0)','',2,'2013-09-02'),(59786,'DELETE FROM mae_impuestos_productos WHERE pro_codigo_plu=@@@780721718@@@','',2,'2013-09-02'),(59787,'UPDATE mae_productos SET pro_codigo_barra=@@@5000@@@,pro_tipo=@@@0@@@,pro_nombre_producto=@@@RECARGA ENTEL PCS@@@,pro_nombre_corto=@@@RECARGA ENTEL PC@@@,med_id=@@@1@@@,emb_id=@@@9@@@,pro_unidades_embalaje=@@@1@@@,dep_id=@@@26 @@@,lin_id=@@@142@@@,mar_id=@@@647@@@,pro_precio_compra_neto=@@@0@@@,pro_precio_compra_bruto=@@@480@@@,pro_precio_venta=@@@500@@@,pro_margen_actual=@@@4.17@@@,pro_oferta=@@@NO@@@,pro_fecha_inicio_oferta=@@@2013.05.02@@@,pro_fecha_termino_oferta=@@@2013.05.02@@@,pro_precio_oferta=@@@0@@@,pro_stock_minimo=@@@1000@@@,pro_stock_critico=@@@500@@@,pro_activo=@@@1@@@,pro_unidad=@@@0@@@,pro_precio_compra_bruto=480,pro_margen_actual=4.17,pro_capacidad=1,pro_funcion_plu=0,pro_flejes=1,pro_iva=1,pro_plu_asociado=0,pro_envase=@@@NO@@@,pro_duracion=0,pro_numero_etiqueta=0 WHERE pro_codigo_plu=@@@5000@@@','',2,'2013-09-02'),(59788,'UPDATE mae_productos SET pro_estado=1 WHERE pro_codigo_plu=5000','',2,'2013-09-02'),(59789,'DELETE FROM mae_impuestos_productos WHERE pro_codigo_plu=@@@5000@@@','',2,'2013-09-02'),(59790,'UPDATE mae_productos SET pro_codigo_barra=@@@6000@@@,pro_tipo=@@@0@@@,pro_nombre_producto=@@@RECARGA MOVISTAR@@@,pro_nombre_corto=@@@RECARGA MOVISTAR@@@,med_id=@@@1@@@,emb_id=@@@9@@@,pro_unidades_embalaje=@@@1@@@,dep_id=@@@26 @@@,lin_id=@@@142@@@,mar_id=@@@2480@@@,pro_precio_compra_neto=@@@0@@@,pro_precio_compra_bruto=@@@480@@@,pro_precio_venta=@@@500@@@,pro_margen_actual=@@@4.17@@@,pro_oferta=@@@NO@@@,pro_fecha_inicio_oferta=@@@2013.05.02@@@,pro_fecha_termino_oferta=@@@2013.05.02@@@,pro_precio_oferta=@@@0@@@,pro_stock_minimo=@@@1000@@@,pro_stock_critico=@@@500@@@,pro_activo=@@@1@@@,pro_unidad=@@@0@@@,pro_precio_compra_bruto=480,pro_margen_actual=4.17,pro_capacidad=1,pro_funcion_plu=0,pro_flejes=1,pro_iva=1,pro_plu_asociado=0,pro_envase=@@@NO@@@,pro_duracion=0,pro_numero_etiqueta=0 WHERE pro_codigo_plu=@@@6000@@@','',2,'2013-09-02'),(59791,'UPDATE mae_productos SET pro_estado=1 WHERE pro_codigo_plu=6000','',2,'2013-09-02'),(59792,'DELETE FROM mae_impuestos_productos WHERE pro_codigo_plu=@@@6000@@@','',2,'2013-09-02'),(59793,'UPDATE mae_productos SET pro_codigo_barra=@@@7000@@@,pro_tipo=@@@0@@@,pro_nombre_producto=@@@RECARGA CLARO@@@,pro_nombre_corto=@@@RECARGA CLARO@@@,med_id=@@@1@@@,emb_id=@@@9@@@,pro_unidades_embalaje=@@@1@@@,dep_id=@@@26 @@@,lin_id=@@@142@@@,mar_id=@@@2689@@@,pro_precio_compra_neto=@@@0@@@,pro_precio_compra_bruto=@@@480@@@,pro_precio_venta=@@@500@@@,pro_margen_actual=@@@4.17@@@,pro_oferta=@@@NO@@@,pro_fecha_inicio_oferta=@@@2013.05.02@@@,pro_fecha_termino_oferta=@@@2013.05.02@@@,pro_precio_oferta=@@@0@@@,pro_stock_minimo=@@@1000@@@,pro_stock_critico=@@@500@@@,pro_activo=@@@1@@@,pro_unidad=@@@0@@@,pro_precio_compra_bruto=480,pro_margen_actual=4.17,pro_capacidad=1,pro_funcion_plu=0,pro_flejes=1,pro_iva=1,pro_plu_asociado=0,pro_envase=@@@NO@@@,pro_duracion=0,pro_numero_etiqueta=0 WHERE pro_codigo_plu=@@@7000@@@','',2,'2013-09-02'),(59794,'UPDATE mae_productos SET pro_estado=1 WHERE pro_codigo_plu=7000','',2,'2013-09-02'),(59795,'DELETE FROM mae_impuestos_productos WHERE pro_codigo_plu=@@@7000@@@','',2,'2013-09-02'),(59796,'UPDATE mae_departamento SET dep_nombre = @@@RECARGAS TELEFONICAS@@@,dep_porcentaje_margen=@@@4.17@@@,cco_id=9 WHERE dep_id =@@@26@@@','',2,'2013-09-02'),(59797,'UPDATE mae_datos_empresa SET emp_rut=@@@10162956-2@@@,emp_razon_social=@@@SUPERMERCADO UNICO NACIMIENTO@@@,emp_sucursal=@@@MATRIZ@@@,emp_giro=@@@SUPERMERCADOS@@@,emp_direccion=@@@AV. SAN GREGORIO 15@@@,emp_ciudad=@@@NACIMIENTO@@@,emp_telefono=@@@511706@@@,emp_mail=@@@UNICONACIMIENTO@GMAIL.COM@@@,emp_mail_gerencia_comercial=@@@@@@,emp_mail_gerencia_operaciones=@@@@@@,emp_mail_gerencia_sistemas=@@@@@@,emp_nombre_administrador=@@@SUPERMERCADO UNICO@@@,emp_direccion_sala=@@@AV. SAN GREGORIO 15@@@,emp_ciudad_sala=@@@NACIMIENTO@@@,emp_utm=40005,emp_telefono_sala=@@@511706@@@,emp_fax_sala=@@@511706@@@,emp_mail_sala=@@@UNICONACIMIENTO@GMAIL.COM@@@,emp_cta_efectivo=@@@0@@@,emp_cta_cheque=@@@0@@@,emp_cta_ventas=@@@0@@@,emp_cta_t_credito=@@@0@@@,emp_cta_t_debito=@@@0@@@,emp_cta_p_acumulados=@@@0@@@,emp_cta_descuento=@@@0@@@,emp_cta_cliente=@@@0@@@,emp_cta_funcionario=@@@0@@@,emp_cta_apoyo=@@@0@@@','',2,'2013-09-02'),(59798,'UPDATE mae_datos_empresa SET emp_entradas_compras=@@@0@@@,emp_entradas_pack=@@@0@@@,emp_entradas_preparados=@@@0@@@,emp_salidas_pi_pack=@@@0@@@,emp_salidas_pi_preparados=@@@0@@@,emp_iva=19,emp_lineas_facturas=18,emp_lineas_guias=18,emp_lineas_nc=@@@12@@@,emp_minimo_nc=@@@500@@@,emp_codigo_ferreteria=0,emp_codigo_cigarrillos=25,emp_path_flejes=@@@C:/Users/Administracion/Documents/flejes@@@,emp_path_balanzas=@@@C:/@@@,emp_path_precios=@@@//secretaria/C/UX60/CORREO@@@,emp_path_ventas=@@@//secretaria/C/UX60@@@,emp_cta_mercaderias=0,emp_cta_iva=0,emp_cta_excento=0,emp_cta_harina=0,emp_cta_especifico=0,emp_cta_carne=0,emp_cta_ila=0,emp_cta_proveedor=0,emp_registradora=3,emp_funcionamiento=0,emp_codigo_queseria=0,emp_codigo_roticeria=3,emp_com=@@@COM1@@@,emp_baudios=@@@9600@@@,emp_total_cajas=3','',2,'2013-09-02'),(59799,'UPDATE mae_productos SET pro_codigo_barra=@@@5000@@@,pro_tipo=@@@0@@@,pro_nombre_producto=@@@RECARGA ENTEL PCS@@@,pro_nombre_corto=@@@RECARGA ENTEL PC@@@,med_id=@@@1@@@,emb_id=@@@9@@@,pro_unidades_embalaje=@@@1@@@,dep_id=@@@26 @@@,lin_id=@@@234@@@,mar_id=@@@647@@@,pro_precio_compra_neto=@@@0@@@,pro_precio_compra_bruto=@@@480@@@,pro_precio_venta=@@@500@@@,pro_margen_actual=@@@4.17@@@,pro_oferta=@@@NO@@@,pro_fecha_inicio_oferta=@@@2013.05.02@@@,pro_fecha_termino_oferta=@@@2013.05.02@@@,pro_precio_oferta=@@@0@@@,pro_stock_minimo=@@@1000@@@,pro_stock_critico=@@@500@@@,pro_activo=@@@1@@@,pro_unidad=@@@0@@@,pro_precio_compra_bruto=480,pro_margen_actual=4.17,pro_capacidad=1,pro_funcion_plu=0,pro_flejes=1,pro_iva=1,pro_plu_asociado=0,pro_envase=@@@NO@@@,pro_duracion=0,pro_numero_etiqueta=0 WHERE pro_codigo_plu=@@@5000@@@','',2,'2013-09-02'),(59800,'UPDATE mae_productos SET pro_estado=1 WHERE pro_codigo_plu=5000','',2,'2013-09-02'),(59801,'DELETE FROM mae_impuestos_productos WHERE pro_codigo_plu=@@@5000@@@','',2,'2013-09-02'),(59802,'UPDATE mae_productos SET pro_codigo_barra=@@@7000@@@,pro_tipo=@@@0@@@,pro_nombre_producto=@@@RECARGA CLARO@@@,pro_nombre_corto=@@@RECARGA CLARO@@@,med_id=@@@1@@@,emb_id=@@@9@@@,pro_unidades_embalaje=@@@1@@@,dep_id=@@@26 @@@,lin_id=@@@235@@@,mar_id=@@@2689@@@,pro_precio_compra_neto=@@@0@@@,pro_precio_compra_bruto=@@@480@@@,pro_precio_venta=@@@500@@@,pro_margen_actual=@@@4.17@@@,pro_oferta=@@@NO@@@,pro_fecha_inicio_oferta=@@@2013.05.02@@@,pro_fecha_termino_oferta=@@@2013.05.02@@@,pro_precio_oferta=@@@0@@@,pro_stock_minimo=@@@1000@@@,pro_stock_critico=@@@500@@@,pro_activo=@@@1@@@,pro_unidad=@@@0@@@,pro_precio_compra_bruto=480,pro_margen_actual=4.17,pro_capacidad=1,pro_funcion_plu=0,pro_flejes=1,pro_iva=1,pro_plu_asociado=0,pro_envase=@@@NO@@@,pro_duracion=0,pro_numero_etiqueta=0 WHERE pro_codigo_plu=@@@7000@@@','',2,'2013-09-02'),(59803,'UPDATE mae_productos SET pro_estado=1 WHERE pro_codigo_plu=7000','',2,'2013-09-02'),(59804,'DELETE FROM mae_impuestos_productos WHERE pro_codigo_plu=@@@7000@@@','',2,'2013-09-02'),(59805,'INSERT INTO com_ventas_grupo (vgr_fecha,vgr_grupo,vgr_cantidad,vgr_total) VALUES (@@@2013.09.01@@@,1,158.075,131287)','',2,'2013-09-02'),(59806,'INSERT INTO com_ventas_grupo (vgr_fecha,vgr_grupo,vgr_cantidad,vgr_total) VALUES (@@@2013.09.01@@@,2,176,98569)','',2,'2013-09-02'),(59807,'INSERT INTO com_ventas_grupo (vgr_fecha,vgr_grupo,vgr_cantidad,vgr_total) VALUES (@@@2013.09.01@@@,3,385,85289)','',2,'2013-09-02'),(59808,'INSERT INTO com_ventas_grupo (vgr_fecha,vgr_grupo,vgr_cantidad,vgr_total) VALUES (@@@2013.09.01@@@,4,205,156572)','',2,'2013-09-02'),(59809,'INSERT INTO com_ventas_grupo (vgr_fecha,vgr_grupo,vgr_cantidad,vgr_total) VALUES (@@@2013.09.01@@@,5,3,12530)','',2,'2013-09-02'),(59810,'INSERT INTO com_ventas_grupo (vgr_fecha,vgr_grupo,vgr_cantidad,vgr_total) VALUES (@@@2013.09.01@@@,6,24,40988)','',2,'2013-09-02'),(59811,'INSERT INTO com_ventas_grupo (vgr_fecha,vgr_grupo,vgr_cantidad,vgr_total) VALUES (@@@2013.09.01@@@,7,96,173715)','',2,'2013-09-02'),(59812,'INSERT INTO com_ventas_grupo (vgr_fecha,vgr_grupo,vgr_cantidad,vgr_total) VALUES (@@@2013.09.01@@@,8,26,17920)','',2,'2013-09-02'),(59813,'INSERT INTO com_ventas_grupo (vgr_fecha,vgr_grupo,vgr_cantidad,vgr_total) VALUES (@@@2013.09.01@@@,9,112.565,223067)','',2,'2013-09-02'),(59814,'INSERT INTO com_ventas_grupo (vgr_fecha,vgr_grupo,vgr_cantidad,vgr_total) VALUES (@@@2013.09.01@@@,10,66.58,226455)','',2,'2013-09-02'),(59815,'INSERT INTO com_ventas_grupo (vgr_fecha,vgr_grupo,vgr_cantidad,vgr_total) VALUES (@@@2013.09.01@@@,11,29.985,106303)','',2,'2013-09-02'),(59816,'INSERT INTO com_ventas_grupo (vgr_fecha,vgr_grupo,vgr_cantidad,vgr_total) VALUES (@@@2013.09.01@@@,12,43.01,84365)','',2,'2013-09-02'),(59817,'INSERT INTO com_ventas_grupo (vgr_fecha,vgr_grupo,vgr_cantidad,vgr_total) VALUES (@@@2013.09.01@@@,13,9.785,38618)','',2,'2013-09-02'),(59818,'INSERT INTO com_ventas_grupo (vgr_fecha,vgr_grupo,vgr_cantidad,vgr_total) VALUES (@@@2013.09.01@@@,14,108.235,97568)','',2,'2013-09-02'),(59819,'INSERT INTO com_ventas_grupo (vgr_fecha,vgr_grupo,vgr_cantidad,vgr_total) VALUES (@@@2013.09.01@@@,16,3,470)','',2,'2013-09-02'),(59820,'INSERT INTO com_ventas_grupo (vgr_fecha,vgr_grupo,vgr_cantidad,vgr_total) VALUES (@@@2013.09.01@@@,18,184.17,105782)','',2,'2013-09-02'),(59821,'INSERT INTO com_ventas_grupo (vgr_fecha,vgr_grupo,vgr_cantidad,vgr_total) VALUES (@@@2013.09.01@@@,20,104,43014)','',2,'2013-09-02'),(59822,'INSERT INTO com_ventas_grupo (vgr_fecha,vgr_grupo,vgr_cantidad,vgr_total) VALUES (@@@2013.09.01@@@,21,52,40620)','',2,'2013-09-02'),(59823,'INSERT INTO com_ventas_grupo (vgr_fecha,vgr_grupo,vgr_cantidad,vgr_total) VALUES (@@@2013.09.01@@@,23,14,25000)','',2,'2013-09-02'),(59824,'INSERT INTO com_ventas_grupo (vgr_fecha,vgr_grupo,vgr_cantidad,vgr_total) VALUES (@@@2013.09.01@@@,24,231,37063)','',2,'2013-09-02'),(59825,'INSERT INTO com_ventas_grupo (vgr_fecha,vgr_grupo,vgr_cantidad,vgr_total) VALUES (@@@2013.09.01@@@,25,98,142900)','',2,'2013-09-02'),(59826,'INSERT INTO com_ventas_grupo (vgr_fecha,vgr_grupo,vgr_cantidad,vgr_total) VALUES (@@@2013.09.01@@@,31,8,11120)','',2,'2013-09-02'),(59827,'INSERT INTO com_ventas_grupo (vgr_fecha,vgr_grupo,vgr_cantidad,vgr_total) VALUES (@@@2013.09.01@@@,32,389,103618)','',2,'2013-09-02'),(59828,'INSERT INTO com_ventas_grupo (vgr_fecha,vgr_grupo,vgr_cantidad,vgr_total) VALUES (@@@2013.09.01@@@,33,1,3199)','',2,'2013-09-02'),(59829,'INSERT INTO com_ventas_grupo (vgr_fecha,vgr_grupo,vgr_cantidad,vgr_total) VALUES (@@@2013.09.01@@@,35,18,24590)','',2,'2013-09-02'),(59830,'INSERT INTO com_ventas_grupo (vgr_fecha,vgr_grupo,vgr_cantidad,vgr_total) VALUES (@@@2013.09.01@@@,36,16,5060)','',2,'2013-09-02'),(59831,'INSERT INTO com_ventas_grupo (vgr_fecha,vgr_grupo,vgr_cantidad,vgr_total) VALUES (@@@2013.09.01@@@,37,2,15380)','',2,'2013-09-02'),(59832,'INSERT INTO com_ventas_grupo (vgr_fecha,vgr_grupo,vgr_cantidad,vgr_total) VALUES (@@@2013.09.01@@@,38,3,3620)','',2,'2013-09-02'),(59833,'INSERT INTO com_ventas_grupo (vgr_fecha,vgr_grupo,vgr_cantidad,vgr_total) VALUES (@@@2013.09.01@@@,39,5,7060)','',2,'2013-09-02'),(59834,'INSERT INTO com_ventas_grupo (vgr_fecha,vgr_grupo,vgr_cantidad,vgr_total) VALUES (@@@2013.09.01@@@,42,33.905,23427)','',2,'2013-09-02'),(59835,'INSERT INTO com_ventas_grupo (vgr_fecha,vgr_grupo,vgr_cantidad,vgr_total) VALUES (@@@2013.09.01@@@,44,1,2650)','',2,'2013-09-02'),(59836,'UPDATE mae_datos_empresa SET emp_oferta=@@@NO@@@','',2,'2013-09-02'),(59837,'UPDATE mae_productos SET pro_precio_fiscal=pro_precio_venta WHERE pro_codigo_plu=5000','',2,'2013-09-02'),(59838,'UPDATE mae_productos SET pro_precio_fiscal=pro_precio_venta WHERE pro_codigo_plu=6000','',2,'2013-09-02'),(59839,'UPDATE mae_productos SET pro_precio_fiscal=pro_precio_venta WHERE pro_codigo_plu=7000','',2,'2013-09-02'),(59840,'UPDATE mae_productos SET pro_precio_fiscal=pro_precio_venta WHERE pro_codigo_plu=780721718','',2,'2013-09-02'),(59841,'UPDATE mae_productos SET pro_precio_compra_bruto=857.99,pro_margen_actual=(pro_precio_venta-857.99)/857.99 * 100,pro_ultima_compra=@@@2013.09.02@@@,pro_ultimo_proveedor=@@@76005373-2@@@ WHERE pro_codigo_plu=12208','',2,'2013-09-02'),(59842,'UPDATE mae_productos SET pro_precio_compra_bruto=857.99,pro_margen_actual=(pro_precio_venta-857.99)/857.99 * 100,pro_ultima_compra=@@@2013.09.02@@@,pro_ultimo_proveedor=@@@76005373-2@@@ WHERE pro_codigo_plu=12207','',2,'2013-09-02'),(59843,'UPDATE mae_productos SET pro_precio_venta=1150,pro_margen_actual= 34.03 WHERE pro_codigo_plu=12208','',2,'2013-09-02'),(59844,'UPDATE mae_productos SET pro_precio_venta=1150,pro_margen_actual= 34.03 WHERE pro_codigo_plu=12207','',2,'2013-09-02'),(59845,'UPDATE mae_productos SET pro_precio_fiscal=pro_precio_venta WHERE pro_codigo_plu=12208','',2,'2013-09-02'),(59846,'UPDATE mae_productos SET pro_precio_fiscal=pro_precio_venta WHERE pro_codigo_plu=12207','',2,'2013-09-02'),(59847,'UPDATE mae_productos SET pro_precio_compra_bruto=1509.36,pro_margen_actual=(pro_precio_venta-1509.36)/1509.36 * 100,pro_ultima_compra=@@@2013.09.02@@@,pro_ultimo_proveedor=@@@88502900-0@@@ WHERE pro_codigo_plu=780721308','',2,'2013-09-02'),(59848,'UPDATE mae_productos SET pro_precio_compra_bruto=2272.23,pro_margen_actual=(pro_precio_venta-2272.23)/2272.23 * 100,pro_ultima_compra=@@@2013.09.02@@@,pro_ultimo_proveedor=@@@88502900-0@@@ WHERE pro_codigo_plu=764428','',2,'2013-09-02'),(59849,'UPDATE mae_productos SET pro_precio_compra_bruto=1230.74,pro_margen_actual=(pro_precio_venta-1230.74)/1230.74 * 100,pro_ultima_compra=@@@2013.09.02@@@,pro_ultimo_proveedor=@@@88502900-0@@@ WHERE pro_codigo_plu=21194','',2,'2013-09-02'),(59850,'UPDATE mae_productos SET pro_precio_compra_bruto=2082.85,pro_margen_actual=(pro_precio_venta-2082.85)/2082.85 * 100,pro_ultima_compra=@@@2013.09.02@@@,pro_ultimo_proveedor=@@@88502900-0@@@ WHERE pro_codigo_plu=21197','',2,'2013-09-02'),(59851,'UPDATE mae_productos SET pro_precio_compra_bruto=2272.23,pro_margen_actual=(pro_precio_venta-2272.23)/2272.23 * 100,pro_ultima_compra=@@@2013.09.02@@@,pro_ultimo_proveedor=@@@88502900-0@@@ WHERE pro_codigo_plu=21193','',2,'2013-09-02'),(59852,'UPDATE mae_productos SET pro_precio_compra_bruto=2082.85,pro_margen_actual=(pro_precio_venta-2082.85)/2082.85 * 100,pro_ultima_compra=@@@2013.09.02@@@,pro_ultimo_proveedor=@@@88502900-0@@@ WHERE pro_codigo_plu=21198','',2,'2013-09-02'),(59853,'UPDATE mae_productos SET pro_precio_compra_bruto=1237.06,pro_margen_actual=(pro_precio_venta-1237.06)/1237.06 * 100,pro_ultima_compra=@@@2013.09.02@@@,pro_ultimo_proveedor=@@@88502900-0@@@ WHERE pro_codigo_plu=78017159','',2,'2013-09-02'),(59854,'UPDATE mae_productos SET pro_precio_compra_bruto=1237.06,pro_margen_actual=(pro_precio_venta-1237.06)/1237.06 * 100,pro_ultima_compra=@@@2013.09.02@@@,pro_ultimo_proveedor=@@@88502900-0@@@ WHERE pro_codigo_plu=780721307','',2,'2013-09-02'),(59855,'UPDATE mae_productos SET pro_precio_compra_bruto=2434.88,pro_margen_actual=(pro_precio_venta-2434.88)/2434.88 * 100,pro_ultima_compra=@@@2013.09.02@@@,pro_ultimo_proveedor=@@@88502900-0@@@ WHERE pro_codigo_plu=21176','',2,'2013-09-02'),(59856,'UPDATE mae_productos SET pro_precio_compra_bruto=1306.89,pro_margen_actual=(pro_precio_venta-1306.89)/1306.89 * 100,pro_ultima_compra=@@@2013.09.02@@@,pro_ultimo_proveedor=@@@88502900-0@@@ WHERE pro_codigo_plu=780721633','',2,'2013-09-02'),(59857,'UPDATE mae_productos SET pro_precio_compra_bruto=2520.49,pro_margen_actual=(pro_precio_venta-2520.49)/2520.49 * 100,pro_ultima_compra=@@@2013.09.02@@@,pro_ultimo_proveedor=@@@88502900-0@@@ WHERE pro_codigo_plu=764103','',2,'2013-09-02'),(59858,'UPDATE mae_productos SET pro_precio_compra_bruto=849.15,pro_margen_actual=(pro_precio_venta-849.15)/849.15 * 100,pro_ultima_compra=@@@2013.09.02@@@,pro_ultimo_proveedor=@@@88502900-0@@@ WHERE pro_codigo_plu=780721718','',2,'2013-09-02'),(59859,'UPDATE mae_productos SET pro_precio_compra_bruto=1037.81,pro_margen_actual=(pro_precio_venta-1037.81)/1037.81 * 100,pro_ultima_compra=@@@2013.09.02@@@,pro_ultimo_proveedor=@@@88502900-0@@@ WHERE pro_codigo_plu=764116','',2,'2013-09-02'),(59860,'UPDATE mae_productos SET pro_precio_compra_bruto=1037.81,pro_margen_actual=(pro_precio_venta-1037.81)/1037.81 * 100,pro_ultima_compra=@@@2013.09.02@@@,pro_ultimo_proveedor=@@@88502900-0@@@ WHERE pro_codigo_plu=764108','',2,'2013-09-02'),(59861,'UPDATE mae_productos SET pro_precio_compra_bruto=1311.11,pro_margen_actual=(pro_precio_venta-1311.11)/1311.11 * 100,pro_ultima_compra=@@@2013.09.02@@@,pro_ultimo_proveedor=@@@88502900-0@@@ WHERE pro_codigo_plu=764102','',2,'2013-09-02'),(59862,'UPDATE mae_productos SET pro_precio_compra_bruto=2247.67,pro_margen_actual=(pro_precio_venta-2247.67)/2247.67 * 100,pro_ultima_compra=@@@2013.09.02@@@,pro_ultimo_proveedor=@@@88502900-0@@@ WHERE pro_codigo_plu=764110','',2,'2013-09-02'),(59863,'UPDATE mae_productos SET pro_precio_compra_bruto=849.15,pro_margen_actual=(pro_precio_venta-849.15)/849.15 * 100,pro_ultima_compra=@@@2013.09.02@@@,pro_ultimo_proveedor=@@@88502900-0@@@ WHERE pro_codigo_plu=78017087','',2,'2013-09-02'),(59864,'UPDATE mae_productos SET pro_precio_venta=1300,pro_margen_actual= 5.63 WHERE pro_codigo_plu=21194','',2,'2013-09-02'),(59865,'UPDATE mae_productos SET pro_precio_venta=1400,pro_margen_actual= 6.78 WHERE pro_codigo_plu=764102','',2,'2013-09-02'),(59866,'UPDATE mae_productos SET pro_precio_venta=1100,pro_margen_actual= 5.99 WHERE pro_codigo_plu=764116','',2,'2013-09-02'),(59867,'UPDATE mae_productos SET pro_precio_venta=1100,pro_margen_actual= 5.99 WHERE pro_codigo_plu=764108','',2,'2013-09-02'),(59868,'UPDATE mae_productos SET pro_precio_compra_bruto=200.72,pro_margen_actual=(pro_precio_venta-200.72)/200.72 * 100,pro_ultima_compra=@@@2013.09.02@@@,pro_ultimo_proveedor=@@@78809560-0@@@ WHERE pro_codigo_plu=11566','',2,'2013-09-02'),(59869,'UPDATE mae_productos SET pro_precio_compra_bruto=685,pro_margen_actual=(pro_precio_venta-685)/685 * 100,pro_ultima_compra=@@@2013.09.02@@@,pro_ultimo_proveedor=@@@78809560-0@@@ WHERE pro_codigo_plu=11564','',2,'2013-09-02'),(59870,'UPDATE mae_productos SET pro_precio_compra_bruto=1180.4,pro_margen_actual=(pro_precio_venta-1180.4)/1180.4 * 100,pro_ultima_compra=@@@2013.09.02@@@,pro_ultimo_proveedor=@@@78809560-0@@@ WHERE pro_codigo_plu=11642','',2,'2013-09-02'),(59871,'UPDATE mae_productos SET pro_precio_compra_bruto=187.16,pro_margen_actual=(pro_precio_venta-187.16)/187.16 * 100,pro_ultima_compra=@@@2013.09.02@@@,pro_ultimo_proveedor=@@@78809560-0@@@ WHERE pro_codigo_plu=11560','',2,'2013-09-02'),(59872,'UPDATE mae_productos SET pro_precio_compra_bruto=652.4,pro_margen_actual=(pro_precio_venta-652.4)/652.4 * 100,pro_ultima_compra=@@@2013.09.02@@@,pro_ultimo_proveedor=@@@78809560-0@@@ WHERE pro_codigo_plu=11559','',2,'2013-09-02'),(59873,'UPDATE mae_productos SET pro_precio_compra_bruto=282.9,pro_margen_actual=(pro_precio_venta-282.9)/282.9 * 100,pro_ultima_compra=@@@2013.09.02@@@,pro_ultimo_proveedor=@@@78809560-0@@@ WHERE pro_codigo_plu=11543','',2,'2013-09-02'),(59874,'UPDATE mae_productos SET pro_precio_compra_bruto=660.3,pro_margen_actual=(pro_precio_venta-660.3)/660.3 * 100,pro_ultima_compra=@@@2013.09.02@@@,pro_ultimo_proveedor=@@@78809560-0@@@ WHERE pro_codigo_plu=101545','',2,'2013-09-02'),(59875,'UPDATE mae_productos SET pro_precio_compra_bruto=977.4,pro_margen_actual=(pro_precio_venta-977.4)/977.4 * 100,pro_ultima_compra=@@@2013.09.02@@@,pro_ultimo_proveedor=@@@78809560-0@@@ WHERE pro_codigo_plu=101583','',2,'2013-09-02'),(59876,'UPDATE mae_productos SET pro_precio_compra_bruto=124,pro_margen_actual=(pro_precio_venta-124)/124 * 100,pro_ultima_compra=@@@2013.09.02@@@,pro_ultimo_proveedor=@@@78809560-0@@@ WHERE pro_codigo_plu=102711','',2,'2013-09-02'),(59877,'UPDATE mae_productos SET pro_precio_compra_bruto=58.29,pro_margen_actual=(pro_precio_venta-58.29)/58.29 * 100,pro_ultima_compra=@@@2013.09.02@@@,pro_ultimo_proveedor=@@@78809560-0@@@ WHERE pro_codigo_plu=11548','',2,'2013-09-02'),(59878,'UPDATE mae_productos SET pro_precio_compra_bruto=793.1,pro_margen_actual=(pro_precio_venta-793.1)/793.1 * 100,pro_ultima_compra=@@@2013.09.02@@@,pro_ultimo_proveedor=@@@78809560-0@@@ WHERE pro_codigo_plu=11546','',2,'2013-09-02'),(59879,'UPDATE mae_productos SET pro_precio_compra_bruto=1038,pro_margen_actual=(pro_precio_venta-1038)/1038 * 100,pro_ultima_compra=@@@2013.09.02@@@,pro_ultimo_proveedor=@@@78809560-0@@@ WHERE pro_codigo_plu=14813','',2,'2013-09-02'),(59880,'UPDATE mae_productos SET pro_precio_compra_bruto=893.8,pro_margen_actual=(pro_precio_venta-893.8)/893.8 * 100,pro_ultima_compra=@@@2013.09.02@@@,pro_ultimo_proveedor=@@@78809560-0@@@ WHERE pro_codigo_plu=100784','',2,'2013-09-02'),(59881,'UPDATE mae_productos SET pro_precio_compra_bruto=1012.8,pro_margen_actual=(pro_precio_venta-1012.8)/1012.8 * 100,pro_ultima_compra=@@@2013.09.02@@@,pro_ultimo_proveedor=@@@78809560-0@@@ WHERE pro_codigo_plu=14897','',2,'2013-09-02'),(59882,'UPDATE mae_productos SET pro_precio_compra_bruto=771.4,pro_margen_actual=(pro_precio_venta-771.4)/771.4 * 100,pro_ultima_compra=@@@2013.09.02@@@,pro_ultimo_proveedor=@@@78809560-0@@@ WHERE pro_codigo_plu=14896','',2,'2013-09-02'),(59883,'UPDATE mae_productos SET pro_precio_compra_bruto=1698.9,pro_margen_actual=(pro_precio_venta-1698.9)/1698.9 * 100,pro_ultima_compra=@@@2013.09.02@@@,pro_ultimo_proveedor=@@@78809560-0@@@ WHERE pro_codigo_plu=78017109','',2,'2013-09-02'),(59884,'UPDATE mae_productos SET pro_precio_compra_bruto=557.4,pro_margen_actual=(pro_precio_venta-557.4)/557.4 * 100,pro_ultima_compra=@@@2013.09.02@@@,pro_ultimo_proveedor=@@@78809560-0@@@ WHERE pro_codigo_plu=11832','',2,'2013-09-02'),(59885,'UPDATE mae_productos SET pro_precio_compra_bruto=957.2,pro_margen_actual=(pro_precio_venta-957.2)/957.2 * 100,pro_ultima_compra=@@@2013.09.02@@@,pro_ultimo_proveedor=@@@78809560-0@@@ WHERE pro_codigo_plu=11846','',2,'2013-09-02'),(59886,'UPDATE mae_productos SET pro_precio_compra_bruto=562.8,pro_margen_actual=(pro_precio_venta-562.8)/562.8 * 100,pro_ultima_compra=@@@2013.09.02@@@,pro_ultimo_proveedor=@@@78809560-0@@@ WHERE pro_codigo_plu=100291','',2,'2013-09-02'),(59887,'UPDATE mae_productos SET pro_precio_compra_bruto=960.9,pro_margen_actual=(pro_precio_venta-960.9)/960.9 * 100,pro_ultima_compra=@@@2013.09.02@@@,pro_ultimo_proveedor=@@@78809560-0@@@ WHERE pro_codigo_plu=763165','',2,'2013-09-02'),(59888,'UPDATE mae_productos SET pro_precio_compra_bruto=269,pro_margen_actual=(pro_precio_venta-269)/269 * 100,pro_ultima_compra=@@@2013.09.02@@@,pro_ultimo_proveedor=@@@78809560-0@@@ WHERE pro_codigo_plu=102408','',2,'2013-09-02'),(59889,'UPDATE mae_productos SET pro_precio_compra_bruto=3958.4,pro_margen_actual=(pro_precio_venta-3958.4)/3958.4 * 100,pro_ultima_compra=@@@2013.09.02@@@,pro_ultimo_proveedor=@@@78809560-0@@@ WHERE pro_codigo_plu=11321','',2,'2013-09-02'),(59890,'UPDATE mae_productos SET pro_precio_venta=730,pro_margen_actual= 30.97 WHERE pro_codigo_plu=11832','',2,'2013-09-02'),(59891,'UPDATE mae_productos SET pro_precio_venta=265,pro_margen_actual= 32.02 WHERE pro_codigo_plu=11566','',2,'2013-09-02'),(59892,'UPDATE mae_productos SET pro_precio_venta=1035,pro_margen_actual= 30.5 WHERE pro_codigo_plu=11546','',2,'2013-09-02'),(59893,'UPDATE mae_productos SET pro_precio_venta=370,pro_margen_actual= 30.79 WHERE pro_codigo_plu=11543','',2,'2013-09-02'),(59894,'UPDATE mae_productos SET pro_precio_venta=299,pro_margen_actual= 412.95 WHERE pro_codigo_plu=11548','',2,'2013-09-02'),(59895,'UPDATE mae_productos SET pro_precio_venta=899,pro_margen_actual= 31.24 WHERE pro_codigo_plu=11564','',2,'2013-09-02'),(59896,'UPDATE mae_productos SET pro_precio_venta=870,pro_margen_actual= 31.76 WHERE pro_codigo_plu=101545','',2,'2013-09-02'),(59897,'UPDATE mae_productos SET pro_precio_venta=1275,pro_margen_actual= 30.45 WHERE pro_codigo_plu=101583','',2,'2013-09-02'),(59898,'UPDATE mae_productos SET pro_precio_venta=1350,pro_margen_actual= 30.06 WHERE pro_codigo_plu=14813','',2,'2013-09-02'),(59899,'UPDATE mae_productos SET pro_precio_venta=1170,pro_margen_actual= 30.9 WHERE pro_codigo_plu=100784','',2,'2013-09-02'),(59900,'UPDATE mae_productos SET pro_precio_venta=199,pro_margen_actual= 60.48 WHERE pro_codigo_plu=102711','',2,'2013-09-02'),(59901,'UPDATE mae_productos SET pro_precio_venta=370,pro_margen_actual= 37.55 WHERE pro_codigo_plu=102408','',2,'2013-09-02'),(59902,'UPDATE mae_productos SET pro_precio_venta=1250,pro_margen_actual= 30.09 WHERE pro_codigo_plu=763165','',2,'2013-09-02'),(59903,'UPDATE mae_productos SET pro_codigo_barra=@@@7802640600076@@@,pro_tipo=@@@0@@@,pro_nombre_producto=@@@MOSTAZA JB SACHET 100 GRS@@@,pro_nombre_corto=@@@MOSTAZA JB SACHE@@@,med_id=@@@5@@@,emb_id=@@@4@@@,pro_unidades_embalaje=@@@18@@@,dep_id=@@@1 @@@,lin_id=@@@16@@@,mar_id=@@@1638@@@,pro_precio_compra_neto=@@@163.49@@@,pro_precio_compra_bruto=@@@233.183@@@,pro_precio_venta=@@@299@@@,pro_margen_actual=@@@28.23@@@,pro_oferta=@@@NO@@@,pro_fecha_inicio_oferta=@@@1900.01.01@@@,pro_fecha_termino_oferta=@@@1900.01.01@@@,pro_precio_oferta=@@@0@@@,pro_stock_minimo=@@@18@@@,pro_stock_critico=@@@9@@@,pro_activo=@@@1@@@,pro_unidad=@@@0@@@,pro_precio_compra_bruto=233.183,pro_margen_actual=28.23,pro_capacidad=0.1,pro_funcion_plu=0,pro_flejes=1,pro_iva=1,pro_plu_asociado=0,pro_envase=@@@NO@@@,pro_duracion=0,pro_numero_etiqueta=0 WHERE pro_codigo_plu=@@@11548@@@','',2,'2013-09-02'),(59904,'UPDATE mae_productos SET pro_estado=1 WHERE pro_codigo_plu=11548','',2,'2013-09-02'),(59905,'DELETE FROM mae_impuestos_productos WHERE pro_codigo_plu=@@@11548@@@','',2,'2013-09-02'),(59906,'UPDATE mae_productos SET pro_precio_fiscal=pro_precio_venta WHERE pro_codigo_plu=21194','',2,'2013-09-02'),(59907,'UPDATE mae_productos SET pro_precio_fiscal=pro_precio_venta WHERE pro_codigo_plu=764102','',2,'2013-09-02'),(59908,'UPDATE mae_productos SET pro_precio_fiscal=pro_precio_venta WHERE pro_codigo_plu=764116','',2,'2013-09-02'),(59909,'UPDATE mae_productos SET pro_precio_fiscal=pro_precio_venta WHERE pro_codigo_plu=764108','',2,'2013-09-02'),(59910,'UPDATE mae_productos SET pro_precio_fiscal=pro_precio_venta WHERE pro_codigo_plu=11832','',2,'2013-09-02'),(59911,'UPDATE mae_productos SET pro_precio_fiscal=pro_precio_venta WHERE pro_codigo_plu=11566','',2,'2013-09-02'),(59912,'UPDATE mae_productos SET pro_precio_fiscal=pro_precio_venta WHERE pro_codigo_plu=11546','',2,'2013-09-02'),(59913,'UPDATE mae_productos SET pro_precio_fiscal=pro_precio_venta WHERE pro_codigo_plu=11543','',2,'2013-09-02'),(59914,'UPDATE mae_productos SET pro_precio_fiscal=pro_precio_venta WHERE pro_codigo_plu=11548','',2,'2013-09-02'),(59915,'UPDATE mae_productos SET pro_precio_fiscal=pro_precio_venta WHERE pro_codigo_plu=11564','',2,'2013-09-02'),(59916,'UPDATE mae_productos SET pro_precio_fiscal=pro_precio_venta WHERE pro_codigo_plu=101545','',2,'2013-09-02'),(59917,'UPDATE mae_productos SET pro_precio_fiscal=pro_precio_venta WHERE pro_codigo_plu=101583','',2,'2013-09-02'),(59918,'UPDATE mae_productos SET pro_precio_fiscal=pro_precio_venta WHERE pro_codigo_plu=14813','',2,'2013-09-02'),(59919,'UPDATE mae_productos SET pro_precio_fiscal=pro_precio_venta WHERE pro_codigo_plu=100784','',2,'2013-09-02'),(59920,'UPDATE mae_productos SET pro_precio_fiscal=pro_precio_venta WHERE pro_codigo_plu=102711','',2,'2013-09-02'),(59921,'UPDATE mae_productos SET pro_precio_fiscal=pro_precio_venta WHERE pro_codigo_plu=102408','',2,'2013-09-02'),(59922,'UPDATE mae_productos SET pro_precio_fiscal=pro_precio_venta WHERE pro_codigo_plu=763165','',2,'2013-09-02'),(59923,'INSERT INTO mae_productos (pro_codigo_plu,pro_codigo_barra,pro_tipo,pro_nombre_producto,pro_nombre_corto,med_id,emb_id,pro_unidades_embalaje,dep_id,lin_id,mar_id,pro_precio_compra_neto,pro_precio_compra_bruto,pro_precio_venta,pro_margen_actual,pro_oferta,pro_fecha_inicio_oferta,pro_fecha_termino_oferta,pro_precio_oferta,pro_stock_minimo,pro_stock_critico,pro_entradas_bodega,pro_salidas_bodega,pro_mermas_bodega,pro_ajustes_bodega,pro_entradas_sv,pro_salidas_sv,pro_mermas_sv,pro_ajustes_sv,pro_activo,rec_numero,pro_unidad,pro_capacidad,pro_consumo_bodega,pro_consumo_sv,pro_estado,pro_funcion_plu,pro_flejes,pro_iva,pro_plu_asociado,pro_envase,pro_duracion,pro_numero_etiqueta) VALUES (219,@@@219@@@,@@@0@@@,@@@RIÑONES ENTEROS CERDO@@@,@@@RIÑONES ENTEROS @@@,@@@2 @@@,@@@6 @@@,@@@10@@@,@@@11 @@@,@@@70@@@,@@@2433@@@,@@@0@@@,@@@310.03@@@,@@@1@@@,@@@-99.68@@@,@@@@@@,@@@2006.09.07@@@,@@@2006.09.07@@@,@@@0@@@,@@@10@@@,@@@4@@@,@@@0@@@,@@@0@@@,@@@0@@@,@@@0@@@,@@@0@@@,@@@0@@@,@@@0@@@,@@@0@@@,@@@1@@@,@@@0@@@,0,1,0,0,2,0,1,1,0,@@@NO@@@,0,0)','',2,'2013-09-02'),(59924,'DELETE FROM mae_impuestos_productos WHERE pro_codigo_plu=@@@219@@@','',2,'2013-09-02'),(59925,'UPDATE mae_productos SET pro_codigo_barra=@@@219@@@,pro_tipo=@@@0@@@,pro_nombre_producto=@@@RIÑONES ENTEROS CERDO@@@,pro_nombre_corto=@@@RIÑONES ENTEROS@@@,med_id=@@@2@@@,emb_id=@@@6@@@,pro_unidades_embalaje=@@@10@@@,dep_id=@@@11 @@@,lin_id=@@@70@@@,mar_id=@@@2433@@@,pro_precio_compra_neto=@@@0@@@,pro_precio_compra_bruto=@@@310.03@@@,pro_precio_venta=@@@1@@@,pro_margen_actual=@@@-99.68@@@,pro_oferta=@@@NO@@@,pro_fecha_inicio_oferta=@@@2006.09.07@@@,pro_fecha_termino_oferta=@@@2006.09.07@@@,pro_precio_oferta=@@@0@@@,pro_stock_minimo=@@@10@@@,pro_stock_critico=@@@4@@@,pro_activo=@@@1@@@,pro_unidad=@@@1@@@,pro_precio_compra_bruto=310.03,pro_margen_actual=-99.68,pro_capacidad=1,pro_funcion_plu=1,pro_flejes=1,pro_iva=1,pro_plu_asociado=0,pro_envase=@@@NO@@@,pro_duracion=0,pro_numero_etiqueta=1 WHERE pro_codigo_plu=@@@219@@@','',2,'2013-09-02'),(59926,'UPDATE mae_productos SET pro_estado=1 WHERE pro_codigo_plu=219','',2,'2013-09-02'),(59927,'DELETE FROM mae_impuestos_productos WHERE pro_codigo_plu=@@@219@@@','',2,'2013-09-02'),(59928,'UPDATE mae_productos SET pro_margen_actual=-99.68,pro_precio_venta=1 WHERE pro_codigo_plu=219','',2,'2013-09-02'),(59929,'UPDATE mae_productos SET pro_margen_actual=0,pro_precio_venta=1130 WHERE pro_codigo_plu=808081','',2,'2013-09-02'),(59930,'UPDATE mae_productos SET pro_precio_fiscal=pro_precio_venta WHERE pro_codigo_plu=808081','',2,'2013-09-02'),(59931,'UPDATE mae_productos SET pro_codigo_barra=@@@316@@@,pro_tipo=@@@0@@@,pro_nombre_producto=@@@CERVECERO@@@,pro_nombre_corto=@@@CERVECERO@@@,med_id=@@@1@@@,emb_id=@@@1@@@,pro_unidades_embalaje=@@@1@@@,dep_id=@@@12 @@@,lin_id=@@@71@@@,mar_id=@@@2507@@@,pro_precio_compra_neto=@@@0@@@,pro_precio_compra_bruto=@@@0@@@,pro_precio_venta=@@@2790@@@,pro_margen_actual=@@@0@@@,pro_oferta=@@@NO@@@,pro_fecha_inicio_oferta=@@@1900.01.01@@@,pro_fecha_termino_oferta=@@@1900.01.01@@@,pro_precio_oferta=@@@0@@@,pro_stock_minimo=@@@1@@@,pro_stock_critico=@@@1@@@,pro_activo=@@@1@@@,pro_unidad=@@@1@@@,pro_precio_compra_bruto=0,pro_margen_actual=0,pro_capacidad=1,pro_funcion_plu=1,pro_flejes=0,pro_iva=1,pro_plu_asociado=0,pro_envase=@@@NO@@@,pro_duracion=0,pro_numero_etiqueta=1 WHERE pro_codigo_plu=@@@316@@@','',2,'2013-09-02'),(59932,'UPDATE mae_productos SET pro_estado=1 WHERE pro_codigo_plu=316','',2,'2013-09-02'),(59933,'DELETE FROM mae_impuestos_productos WHERE pro_codigo_plu=@@@316@@@','',2,'2013-09-02'),(59934,'UPDATE mae_productos SET pro_codigo_barra=@@@7000@@@,pro_tipo=@@@0@@@,pro_nombre_producto=@@@RECARGA CLARO $ 750@@@,pro_nombre_corto=@@@RECARGA CLARO $ @@@,med_id=@@@1@@@,emb_id=@@@9@@@,pro_unidades_embalaje=@@@1@@@,dep_id=@@@26 @@@,lin_id=@@@235@@@,mar_id=@@@2689@@@,pro_precio_compra_neto=@@@0@@@,pro_precio_compra_bruto=@@@720@@@,pro_precio_venta=@@@750@@@,pro_margen_actual=@@@4.17@@@,pro_oferta=@@@NO@@@,pro_fecha_inicio_oferta=@@@2013.05.02@@@,pro_fecha_termino_oferta=@@@2013.05.02@@@,pro_precio_oferta=@@@0@@@,pro_stock_minimo=@@@1000@@@,pro_stock_critico=@@@500@@@,pro_activo=@@@1@@@,pro_unidad=@@@0@@@,pro_precio_compra_bruto=720,pro_margen_actual=4.17,pro_capacidad=1,pro_funcion_plu=0,pro_flejes=1,pro_iva=1,pro_plu_asociado=0,pro_envase=@@@NO@@@,pro_duracion=0,pro_numero_etiqueta=0 WHERE pro_codigo_plu=@@@7000@@@','',2,'2013-09-02'),(59935,'UPDATE mae_productos SET pro_estado=1 WHERE pro_codigo_plu=7000','',2,'2013-09-02'),(59936,'DELETE FROM mae_impuestos_productos WHERE pro_codigo_plu=@@@7000@@@','',2,'2013-09-02'),(59937,'UPDATE mae_productos SET pro_codigo_barra=@@@7001@@@,pro_tipo=@@@0@@@,pro_nombre_producto=@@@RECARGA CLARO $ 2000@@@,pro_nombre_corto=@@@RECARGA CLARO $ @@@,med_id=@@@1@@@,emb_id=@@@3@@@,pro_unidades_embalaje=@@@0@@@,dep_id=@@@26 @@@,lin_id=@@@235@@@,mar_id=@@@2689@@@,pro_precio_compra_neto=@@@0@@@,pro_precio_compra_bruto=@@@1920@@@,pro_precio_venta=@@@2000@@@,pro_margen_actual=@@@4.17@@@,pro_oferta=@@@NO@@@,pro_fecha_inicio_oferta=@@@2013.05.02@@@,pro_fecha_termino_oferta=@@@2013.05.02@@@,pro_precio_oferta=@@@0@@@,pro_stock_minimo=@@@1000@@@,pro_stock_critico=@@@500@@@,pro_activo=@@@1@@@,pro_unidad=@@@0@@@,pro_precio_compra_bruto=1920,pro_margen_actual=4.17,pro_capacidad=1,pro_funcion_plu=0,pro_flejes=1,pro_iva=1,pro_plu_asociado=0,pro_envase=@@@NO@@@,pro_duracion=0,pro_numero_etiqueta=0 WHERE pro_codigo_plu=@@@7001@@@','',2,'2013-09-02'),(59938,'UPDATE mae_productos SET pro_estado=1 WHERE pro_codigo_plu=7001','',2,'2013-09-02'),(59939,'DELETE FROM mae_impuestos_productos WHERE pro_codigo_plu=@@@7001@@@','',2,'2013-09-02'),(59940,'UPDATE mae_productos SET pro_codigo_barra=@@@7002@@@,pro_tipo=@@@0@@@,pro_nombre_producto=@@@RECARGA CLARO $ 3000@@@,pro_nombre_corto=@@@RECARGA CLARO $ @@@,med_id=@@@1@@@,emb_id=@@@9@@@,pro_unidades_embalaje=@@@1@@@,dep_id=@@@26 @@@,lin_id=@@@235@@@,mar_id=@@@2689@@@,pro_precio_compra_neto=@@@0@@@,pro_precio_compra_bruto=@@@2880@@@,pro_precio_venta=@@@3000@@@,pro_margen_actual=@@@4.17@@@,pro_oferta=@@@NO@@@,pro_fecha_inicio_oferta=@@@2013.05.02@@@,pro_fecha_termino_oferta=@@@2013.05.02@@@,pro_precio_oferta=@@@0@@@,pro_stock_minimo=@@@1000@@@,pro_stock_critico=@@@500@@@,pro_activo=@@@1@@@,pro_unidad=@@@0@@@,pro_precio_compra_bruto=2880,pro_margen_actual=4.17,pro_capacidad=1,pro_funcion_plu=0,pro_flejes=1,pro_iva=1,pro_plu_asociado=0,pro_envase=@@@NO@@@,pro_duracion=0,pro_numero_etiqueta=0 WHERE pro_codigo_plu=@@@7002@@@','',2,'2013-09-02'),(59941,'UPDATE mae_productos SET pro_estado=1 WHERE pro_codigo_plu=7002','',2,'2013-09-02'),(59942,'DELETE FROM mae_impuestos_productos WHERE pro_codigo_plu=@@@7002@@@','',2,'2013-09-02'),(59943,'UPDATE mae_productos SET pro_codigo_barra=@@@7003@@@,pro_tipo=@@@0@@@,pro_nombre_producto=@@@RECARGA CLARO $ 5000@@@,pro_nombre_corto=@@@RECARGA CLARO $ @@@,med_id=@@@1@@@,emb_id=@@@9@@@,pro_unidades_embalaje=@@@1@@@,dep_id=@@@26 @@@,lin_id=@@@235@@@,mar_id=@@@2689@@@,pro_precio_compra_neto=@@@0@@@,pro_precio_compra_bruto=@@@4800@@@,pro_precio_venta=@@@5000@@@,pro_margen_actual=@@@4.17@@@,pro_oferta=@@@NO@@@,pro_fecha_inicio_oferta=@@@2013.05.02@@@,pro_fecha_termino_oferta=@@@2013.05.02@@@,pro_precio_oferta=@@@0@@@,pro_stock_minimo=@@@1000@@@,pro_stock_critico=@@@500@@@,pro_activo=@@@1@@@,pro_unidad=@@@0@@@,pro_precio_compra_bruto=4800,pro_margen_actual=4.17,pro_capacidad=1,pro_funcion_plu=0,pro_flejes=1,pro_iva=1,pro_plu_asociado=0,pro_envase=@@@NO@@@,pro_duracion=0,pro_numero_etiqueta=0 WHERE pro_codigo_plu=@@@7003@@@','',2,'2013-09-02'),(59944,'UPDATE mae_productos SET pro_estado=1 WHERE pro_codigo_plu=7003','',2,'2013-09-02'),(59945,'DELETE FROM mae_impuestos_productos WHERE pro_codigo_plu=@@@7003@@@','',2,'2013-09-02'),(59946,'UPDATE mae_productos SET pro_codigo_barra=@@@7001@@@,pro_tipo=@@@0@@@,pro_nombre_producto=@@@RECARGA CLARO $ 1000@@@,pro_nombre_corto=@@@RECARGA CLARO $@@@,med_id=@@@1@@@,emb_id=@@@3@@@,pro_unidades_embalaje=@@@0@@@,dep_id=@@@26 @@@,lin_id=@@@235@@@,mar_id=@@@2689@@@,pro_precio_compra_neto=@@@0@@@,pro_precio_compra_bruto=@@@960@@@,pro_precio_venta=@@@1000@@@,pro_margen_actual=@@@4.17@@@,pro_oferta=@@@NO@@@,pro_fecha_inicio_oferta=@@@2013.05.02@@@,pro_fecha_termino_oferta=@@@2013.05.02@@@,pro_precio_oferta=@@@0@@@,pro_stock_minimo=@@@1000@@@,pro_stock_critico=@@@500@@@,pro_activo=@@@1@@@,pro_unidad=@@@0@@@,pro_precio_compra_bruto=960,pro_margen_actual=4.17,pro_capacidad=1,pro_funcion_plu=0,pro_flejes=1,pro_iva=1,pro_plu_asociado=0,pro_envase=@@@NO@@@,pro_duracion=0,pro_numero_etiqueta=0 WHERE pro_codigo_plu=@@@7001@@@','',2,'2013-09-02'),(59947,'UPDATE mae_productos SET pro_estado=1 WHERE pro_codigo_plu=7001','',2,'2013-09-02'),(59948,'DELETE FROM mae_impuestos_productos WHERE pro_codigo_plu=@@@7001@@@','',2,'2013-09-02'),(59949,'UPDATE mae_productos SET pro_codigo_barra=@@@7002@@@,pro_tipo=@@@0@@@,pro_nombre_producto=@@@RECARGA CLARO $ 1500@@@,pro_nombre_corto=@@@RECARGA CLARO $@@@,med_id=@@@1@@@,emb_id=@@@9@@@,pro_unidades_embalaje=@@@1@@@,dep_id=@@@26 @@@,lin_id=@@@235@@@,mar_id=@@@2689@@@,pro_precio_compra_neto=@@@0@@@,pro_precio_compra_bruto=@@@1440@@@,pro_precio_venta=@@@1500@@@,pro_margen_actual=@@@4.17@@@,pro_oferta=@@@NO@@@,pro_fecha_inicio_oferta=@@@2013.05.02@@@,pro_fecha_termino_oferta=@@@2013.05.02@@@,pro_precio_oferta=@@@0@@@,pro_stock_minimo=@@@1000@@@,pro_stock_critico=@@@500@@@,pro_activo=@@@1@@@,pro_unidad=@@@0@@@,pro_precio_compra_bruto=1440,pro_margen_actual=4.17,pro_capacidad=1,pro_funcion_plu=0,pro_flejes=1,pro_iva=1,pro_plu_asociado=0,pro_envase=@@@NO@@@,pro_duracion=0,pro_numero_etiqueta=0 WHERE pro_codigo_plu=@@@7002@@@','',2,'2013-09-02'),(59950,'UPDATE mae_productos SET pro_estado=1 WHERE pro_codigo_plu=7002','',2,'2013-09-02'),(59951,'DELETE FROM mae_impuestos_productos WHERE pro_codigo_plu=@@@7002@@@','',2,'2013-09-02'),(59952,'UPDATE mae_productos SET pro_codigo_barra=@@@7003@@@,pro_tipo=@@@0@@@,pro_nombre_producto=@@@RECARGA CLARO $ 2000@@@,pro_nombre_corto=@@@RECARGA CLARO $@@@,med_id=@@@1@@@,emb_id=@@@9@@@,pro_unidades_embalaje=@@@1@@@,dep_id=@@@26 @@@,lin_id=@@@235@@@,mar_id=@@@2689@@@,pro_precio_compra_neto=@@@0@@@,pro_precio_compra_bruto=@@@1920@@@,pro_precio_venta=@@@2000@@@,pro_margen_actual=@@@4.17@@@,pro_oferta=@@@NO@@@,pro_fecha_inicio_oferta=@@@2013.05.02@@@,pro_fecha_termino_oferta=@@@2013.05.02@@@,pro_precio_oferta=@@@0@@@,pro_stock_minimo=@@@1000@@@,pro_stock_critico=@@@500@@@,pro_activo=@@@1@@@,pro_unidad=@@@0@@@,pro_precio_compra_bruto=1920,pro_margen_actual=4.17,pro_capacidad=1,pro_funcion_plu=0,pro_flejes=1,pro_iva=1,pro_plu_asociado=0,pro_envase=@@@NO@@@,pro_duracion=0,pro_numero_etiqueta=0 WHERE pro_codigo_plu=@@@7003@@@','',2,'2013-09-02'),(59953,'UPDATE mae_productos SET pro_estado=1 WHERE pro_codigo_plu=7003','',2,'2013-09-02'),(59954,'DELETE FROM mae_impuestos_productos WHERE pro_codigo_plu=@@@7003@@@','',2,'2013-09-02'),(59955,'UPDATE mae_productos SET pro_codigo_barra=@@@7004@@@,pro_tipo=@@@0@@@,pro_nombre_producto=@@@RECARGA CLARO $ 3000@@@,pro_nombre_corto=@@@RECARGA CLARO $ @@@,med_id=@@@1@@@,emb_id=@@@9@@@,pro_unidades_embalaje=@@@1@@@,dep_id=@@@26 @@@,lin_id=@@@235@@@,mar_id=@@@2689@@@,pro_precio_compra_neto=@@@0@@@,pro_precio_compra_bruto=@@@2880@@@,pro_precio_venta=@@@3000@@@,pro_margen_actual=@@@4.17@@@,pro_oferta=@@@NO@@@,pro_fecha_inicio_oferta=@@@2013.05.02@@@,pro_fecha_termino_oferta=@@@2013.05.02@@@,pro_precio_oferta=@@@0@@@,pro_stock_minimo=@@@1000@@@,pro_stock_critico=@@@500@@@,pro_activo=@@@1@@@,pro_unidad=@@@0@@@,pro_precio_compra_bruto=2880,pro_margen_actual=4.17,pro_capacidad=1,pro_funcion_plu=0,pro_flejes=1,pro_iva=1,pro_plu_asociado=0,pro_envase=@@@NO@@@,pro_duracion=0,pro_numero_etiqueta=0 WHERE pro_codigo_plu=@@@7004@@@','',2,'2013-09-02'),(59956,'UPDATE mae_productos SET pro_estado=1 WHERE pro_codigo_plu=7004','',2,'2013-09-02'),(59957,'DELETE FROM mae_impuestos_productos WHERE pro_codigo_plu=@@@7004@@@','',2,'2013-09-02'),(59958,'UPDATE mae_productos SET pro_codigo_barra=@@@7005@@@,pro_tipo=@@@0@@@,pro_nombre_producto=@@@RECARGA CLARO $ 5000@@@,pro_nombre_corto=@@@RECARGA CLARO $ @@@,med_id=@@@1@@@,emb_id=@@@9@@@,pro_unidades_embalaje=@@@1@@@,dep_id=@@@26 @@@,lin_id=@@@235@@@,mar_id=@@@2689@@@,pro_precio_compra_neto=@@@0@@@,pro_precio_compra_bruto=@@@4800@@@,pro_precio_venta=@@@5000@@@,pro_margen_actual=@@@4.17@@@,pro_oferta=@@@NO@@@,pro_fecha_inicio_oferta=@@@2013.05.02@@@,pro_fecha_termino_oferta=@@@2013.05.02@@@,pro_precio_oferta=@@@0@@@,pro_stock_minimo=@@@1000@@@,pro_stock_critico=@@@500@@@,pro_activo=@@@1@@@,pro_unidad=@@@0@@@,pro_precio_compra_bruto=4800,pro_margen_actual=4.17,pro_capacidad=1,pro_funcion_plu=0,pro_flejes=1,pro_iva=1,pro_plu_asociado=0,pro_envase=@@@NO@@@,pro_duracion=0,pro_numero_etiqueta=0 WHERE pro_codigo_plu=@@@7005@@@','',2,'2013-09-02'),(59959,'UPDATE mae_productos SET pro_estado=1 WHERE pro_codigo_plu=7005','',2,'2013-09-02'),(59960,'DELETE FROM mae_impuestos_productos WHERE pro_codigo_plu=@@@7005@@@','',2,'2013-09-02'),(59961,'UPDATE mae_productos SET pro_precio_fiscal=pro_precio_venta WHERE pro_codigo_plu=7000','',2,'2013-09-02'),(59962,'UPDATE mae_productos SET pro_precio_fiscal=pro_precio_venta WHERE pro_codigo_plu=7001','',2,'2013-09-02'),(59963,'UPDATE mae_productos SET pro_precio_fiscal=pro_precio_venta WHERE pro_codigo_plu=7002','',2,'2013-09-02'),(59964,'UPDATE mae_productos SET pro_precio_fiscal=pro_precio_venta WHERE pro_codigo_plu=7003','',2,'2013-09-02'),(59965,'UPDATE mae_productos SET pro_precio_fiscal=pro_precio_venta WHERE pro_codigo_plu=7004','',2,'2013-09-02'),(59966,'UPDATE mae_productos SET pro_precio_fiscal=pro_precio_venta WHERE pro_codigo_plu=7005','',2,'2013-09-02'),(59967,'UPDATE mae_productos SET pro_precio_compra_bruto=464.1,pro_margen_actual=(pro_precio_venta-464.1)/464.1 * 100,pro_ultima_compra=@@@2013.09.02@@@,pro_ultimo_proveedor=@@@79984240-8@@@ WHERE pro_codigo_plu=111','',2,'2013-09-02'),(59968,'UPDATE mae_productos SET pro_precio_compra_bruto=940.07,pro_margen_actual=(pro_precio_venta-940.07)/940.07 * 100,pro_ultima_compra=@@@2013.09.02@@@,pro_ultimo_proveedor=@@@79984240-8@@@ WHERE pro_codigo_plu=207','',2,'2013-09-02'),(59969,'UPDATE mae_productos SET pro_precio_compra_bruto=987.67,pro_margen_actual=(pro_precio_venta-987.67)/987.67 * 100,pro_ultima_compra=@@@2013.09.02@@@,pro_ultimo_proveedor=@@@79984240-8@@@ WHERE pro_codigo_plu=208','',2,'2013-09-02'),(59970,'UPDATE mae_productos SET pro_precio_compra_bruto=297.52,pro_margen_actual=(pro_precio_venta-297.52)/297.52 * 100,pro_ultima_compra=@@@2013.09.02@@@,pro_ultimo_proveedor=@@@79984240-8@@@ WHERE pro_codigo_plu=219','',2,'2013-09-02'),(59971,'UPDATE mae_productos SET pro_precio_compra_bruto=476,pro_margen_actual=(pro_precio_venta-476)/476 * 100,pro_ultima_compra=@@@2013.09.02@@@,pro_ultimo_proveedor=@@@79984240-8@@@ WHERE pro_codigo_plu=107','',2,'2013-09-02'),(59972,'UPDATE mae_productos SET pro_precio_compra_bruto=1654.1,pro_margen_actual=(pro_precio_venta-1654.1)/1654.1 * 100,pro_ultima_compra=@@@2013.09.02@@@,pro_ultimo_proveedor=@@@79984240-8@@@ WHERE pro_codigo_plu=316','',2,'2013-09-02'),(59973,'UPDATE mae_productos SET pro_precio_compra_bruto=2499,pro_margen_actual=(pro_precio_venta-2499)/2499 * 100,pro_ultima_compra=@@@2013.09.02@@@,pro_ultimo_proveedor=@@@79984240-8@@@ WHERE pro_codigo_plu=375','',2,'2013-09-02'),(59974,'UPDATE mae_productos SET pro_precio_venta=790,pro_margen_actual= 165.53 WHERE pro_codigo_plu=219','',2,'2013-09-02'),(59975,'UPDATE mae_productos SET pro_precio_fiscal=pro_precio_venta WHERE pro_codigo_plu=219','',2,'2013-09-02'),(59976,'INSERT INTO mae_productos (pro_codigo_plu,pro_codigo_barra,pro_tipo,pro_nombre_producto,pro_nombre_corto,med_id,emb_id,pro_unidades_embalaje,dep_id,lin_id,mar_id,pro_precio_compra_neto,pro_precio_compra_bruto,pro_precio_venta,pro_margen_actual,pro_oferta,pro_fecha_inicio_oferta,pro_fecha_termino_oferta,pro_precio_oferta,pro_stock_minimo,pro_stock_critico,pro_entradas_bodega,pro_salidas_bodega,pro_mermas_bodega,pro_ajustes_bodega,pro_entradas_sv,pro_salidas_sv,pro_mermas_sv,pro_ajustes_sv,pro_activo,rec_numero,pro_unidad,pro_capacidad,pro_consumo_bodega,pro_consumo_sv,pro_estado,pro_funcion_plu,pro_flejes,pro_iva,pro_plu_asociado,pro_envase,pro_duracion,pro_numero_etiqueta) VALUES (918830,@@@7802800503711@@@,@@@0@@@,@@@GOLD TENTACIONES AMARETTO 19G@@@,@@@GOLD TENTACIONES@@@,@@@5 @@@,@@@6 @@@,@@@8@@@,@@@1 @@@,@@@3@@@,@@@2526@@@,@@@0@@@,@@@174.78@@@,@@@250@@@,@@@43.04@@@,@@@@@@,@@@2006.09.07@@@,@@@2006.09.07@@@,@@@0@@@,@@@5@@@,@@@4@@@,@@@0@@@,@@@0@@@,@@@0@@@,@@@0@@@,@@@0@@@,@@@0@@@,@@@0@@@,@@@0@@@,@@@1@@@,@@@0@@@,0,19,0,0,2,0,1,1,0,@@@NO@@@,0,0)','',2,'2013-09-02'),(59977,'DELETE FROM mae_impuestos_productos WHERE pro_codigo_plu=@@@918830@@@','',2,'2013-09-02'),(59978,'UPDATE mae_productos SET pro_codigo_barra=@@@7802800534012@@@,pro_tipo=@@@0@@@,pro_nombre_producto=@@@KRYZPO ORIGINAL 320 GRS.@@@,pro_nombre_corto=@@@KRYZPO ORIGINAL@@@,med_id=@@@5@@@,emb_id=@@@4@@@,pro_unidades_embalaje=@@@8@@@,dep_id=@@@32 @@@,lin_id=@@@160@@@,mar_id=@@@1936@@@,pro_precio_compra_neto=@@@0@@@,pro_precio_compra_bruto=@@@1742.16@@@,pro_precio_venta=@@@2270@@@,pro_margen_actual=@@@30.3@@@,pro_oferta=@@@NO@@@,pro_fecha_inicio_oferta=@@@1900.01.01@@@,pro_fecha_termino_oferta=@@@1900.01.01@@@,pro_precio_oferta=@@@0@@@,pro_stock_minimo=@@@8@@@,pro_stock_critico=@@@4@@@,pro_activo=@@@1@@@,pro_unidad=@@@0@@@,pro_precio_compra_bruto=1742.16,pro_margen_actual=30.3,pro_capacidad=0.35,pro_funcion_plu=0,pro_flejes=1,pro_iva=1,pro_plu_asociado=0,pro_envase=@@@NO@@@,pro_duracion=0,pro_numero_etiqueta=0 WHERE pro_codigo_plu=@@@12286@@@','',2,'2013-09-02'),(59979,'UPDATE mae_productos SET pro_estado=1 WHERE pro_codigo_plu=12286','',2,'2013-09-02'),(59980,'DELETE FROM mae_impuestos_productos WHERE pro_codigo_plu=@@@12286@@@','',2,'2013-09-02'),(59981,'UPDATE mae_productos SET pro_codigo_barra=@@@7802800576715@@@,pro_tipo=@@@0@@@,pro_nombre_producto=@@@LIVEAN MANGO 7 GRS@@@,pro_nombre_corto=@@@LIVEAN MANGO 7 G@@@,med_id=@@@5@@@,emb_id=@@@5@@@,pro_unidades_embalaje=@@@100@@@,dep_id=@@@1 @@@,lin_id=@@@14@@@,mar_id=@@@1979@@@,pro_precio_compra_neto=@@@97.7@@@,pro_precio_compra_bruto=@@@116.26@@@,pro_precio_venta=@@@180@@@,pro_margen_actual=@@@54.83@@@,pro_oferta=@@@NO@@@,pro_fecha_inicio_oferta=@@@1900.01.01@@@,pro_fecha_termino_oferta=@@@1900.01.01@@@,pro_precio_oferta=@@@0@@@,pro_stock_minimo=@@@100@@@,pro_stock_critico=@@@50@@@,pro_activo=@@@1@@@,pro_unidad=@@@0@@@,pro_precio_compra_bruto=116.26,pro_margen_actual=54.83,pro_capacidad=0.009,pro_funcion_plu=0,pro_flejes=1,pro_iva=1,pro_plu_asociado=0,pro_envase=@@@NO@@@,pro_duracion=0,pro_numero_etiqueta=0 WHERE pro_codigo_plu=@@@11398@@@','',2,'2013-09-02'),(59982,'UPDATE mae_productos SET pro_estado=1 WHERE pro_codigo_plu=11398','',2,'2013-09-02'),(59983,'DELETE FROM mae_impuestos_productos WHERE pro_codigo_plu=@@@11398@@@','',2,'2013-09-02'),(59984,'UPDATE mae_productos SET pro_precio_venta=240,pro_margen_actual=37.32, pro_precio_compra_bruto=174.78, pro_precio_compra_neto=146.873949579832 WHERE pro_codigo_plu=918830','',2,'2013-09-02'),(59985,'UPDATE mae_productos SET pro_precio_compra_bruto=478.38,pro_margen_actual=(pro_precio_venta-478.38)/478.38 * 100,pro_ultima_compra=@@@2013.09.02@@@,pro_ultimo_proveedor=@@@96565260-4@@@ WHERE pro_codigo_plu=10775','',2,'2013-09-02'),(59986,'UPDATE mae_productos SET pro_precio_compra_bruto=478.38,pro_margen_actual=(pro_precio_venta-478.38)/478.38 * 100,pro_ultima_compra=@@@2013.09.02@@@,pro_ultimo_proveedor=@@@96565260-4@@@ WHERE pro_codigo_plu=10773','',2,'2013-09-02'),(59987,'UPDATE mae_productos SET pro_precio_compra_bruto=1742.16,pro_margen_actual=(pro_precio_venta-1742.16)/1742.16 * 100,pro_ultima_compra=@@@2013.09.02@@@,pro_ultimo_proveedor=@@@96565260-4@@@ WHERE pro_codigo_plu=12286','',2,'2013-09-02'),(59988,'UPDATE mae_productos SET pro_precio_compra_bruto=950.81,pro_margen_actual=(pro_precio_venta-950.81)/950.81 * 100,pro_ultima_compra=@@@2013.09.02@@@,pro_ultimo_proveedor=@@@96565260-4@@@ WHERE pro_codigo_plu=102653','',2,'2013-09-02'),(59989,'UPDATE mae_productos SET pro_precio_compra_bruto=516.46,pro_margen_actual=(pro_precio_venta-516.46)/516.46 * 100,pro_ultima_compra=@@@2013.09.02@@@,pro_ultimo_proveedor=@@@96565260-4@@@ WHERE pro_codigo_plu=13658','',2,'2013-09-02'),(59990,'UPDATE mae_productos SET pro_precio_compra_bruto=174.78,pro_margen_actual=(pro_precio_venta-174.78)/174.78 * 100,pro_ultima_compra=@@@2013.09.02@@@,pro_ultimo_proveedor=@@@96565260-4@@@ WHERE pro_codigo_plu=918830','',2,'2013-09-02'),(59991,'UPDATE mae_productos SET pro_precio_compra_bruto=129,pro_margen_actual=(pro_precio_venta-129)/129 * 100,pro_ultima_compra=@@@2013.09.02@@@,pro_ultimo_proveedor=@@@96565260-4@@@ WHERE pro_codigo_plu=11304','',2,'2013-09-02'),(59992,'UPDATE mae_productos SET pro_precio_compra_bruto=129,pro_margen_actual=(pro_precio_venta-129)/129 * 100,pro_ultima_compra=@@@2013.09.02@@@,pro_ultimo_proveedor=@@@96565260-4@@@ WHERE pro_codigo_plu=11398','',2,'2013-09-02'),(59993,'UPDATE mae_productos SET pro_precio_compra_bruto=129,pro_margen_actual=(pro_precio_venta-129)/129 * 100,pro_ultima_compra=@@@2013.09.02@@@,pro_ultimo_proveedor=@@@96565260-4@@@ WHERE pro_codigo_plu=11181','',2,'2013-09-02'),(59994,'UPDATE mae_productos SET pro_precio_venta=860,pro_margen_actual= 29.99 WHERE pro_codigo_plu=11046','',2,'2013-09-02'),(59995,'UPDATE mae_productos SET pro_margen_actual=68.67,pro_precio_venta=2790 WHERE pro_codigo_plu=316','',2,'2013-09-02'),(59996,'UPDATE mae_productos SET pro_margen_actual=43.04,pro_precio_venta=250 WHERE pro_codigo_plu=918830','',2,'2013-09-02'),(59997,'UPDATE mae_productos SET pro_margen_actual=30.3,pro_precio_venta=2270 WHERE pro_codigo_plu=12286','',2,'2013-09-02'),(59998,'UPDATE mae_productos SET pro_margen_actual=39.53,pro_precio_venta=180 WHERE pro_codigo_plu=11398','',2,'2013-09-02'),(59999,'UPDATE mae_productos SET pro_margen_actual=22.19,pro_precio_venta=890 WHERE pro_codigo_plu=11046','',2,'2013-09-02'),(60000,'UPDATE mae_productos SET pro_precio_fiscal=pro_precio_venta WHERE pro_codigo_plu=918830','',2,'2013-09-02'),(60001,'UPDATE mae_productos SET pro_margen_actual=38.78,pro_precio_venta=2890 WHERE pro_codigo_plu=2625','',2,'2013-09-02'),(60002,'UPDATE mae_productos SET pro_precio_fiscal=pro_precio_venta WHERE pro_codigo_plu=2625','',2,'2013-09-02'),(60003,'INSERT INTO com_ventas_grupo (vgr_fecha,vgr_grupo,vgr_cantidad,vgr_total) VALUES (@@@2013.09.02@@@,1,270.56,224994)','',2,'2013-09-03'),(60004,'INSERT INTO com_ventas_grupo (vgr_fecha,vgr_grupo,vgr_cantidad,vgr_total) VALUES (@@@2013.09.02@@@,2,232.735,111301)','',2,'2013-09-03'),(60005,'INSERT INTO com_ventas_grupo (vgr_fecha,vgr_grupo,vgr_cantidad,vgr_total) VALUES (@@@2013.09.02@@@,3,338,67991)','',2,'2013-09-03'),(60006,'INSERT INTO com_ventas_grupo (vgr_fecha,vgr_grupo,vgr_cantidad,vgr_total) VALUES (@@@2013.09.02@@@,4,62,45054)','',2,'2013-09-03'),(60007,'INSERT INTO com_ventas_grupo (vgr_fecha,vgr_grupo,vgr_cantidad,vgr_total) VALUES (@@@2013.09.02@@@,5,1,3990)','',2,'2013-09-03'),(60008,'INSERT INTO com_ventas_grupo (vgr_fecha,vgr_grupo,vgr_cantidad,vgr_total) VALUES (@@@2013.09.02@@@,6,14,24269)','',2,'2013-09-03'),(60009,'INSERT INTO com_ventas_grupo (vgr_fecha,vgr_grupo,vgr_cantidad,vgr_total) VALUES (@@@2013.09.02@@@,7,40,56855)','',2,'2013-09-03'),(60010,'INSERT INTO com_ventas_grupo (vgr_fecha,vgr_grupo,vgr_cantidad,vgr_total) VALUES (@@@2013.09.02@@@,8,32,14780)','',2,'2013-09-03'),(60011,'INSERT INTO com_ventas_grupo (vgr_fecha,vgr_grupo,vgr_cantidad,vgr_total) VALUES (@@@2013.09.02@@@,9,91.07,140233)','',2,'2013-09-03'),(60012,'INSERT INTO com_ventas_grupo (vgr_fecha,vgr_grupo,vgr_cantidad,vgr_total) VALUES (@@@2013.09.02@@@,10,44.68,166040)','',2,'2013-09-03'),(60013,'INSERT INTO com_ventas_grupo (vgr_fecha,vgr_grupo,vgr_cantidad,vgr_total) VALUES (@@@2013.09.02@@@,11,27.225,66361)','',2,'2013-09-03'),(60014,'INSERT INTO com_ventas_grupo (vgr_fecha,vgr_grupo,vgr_cantidad,vgr_total) VALUES (@@@2013.09.02@@@,12,48.33,70016)','',2,'2013-09-03'),(60015,'INSERT INTO com_ventas_grupo (vgr_fecha,vgr_grupo,vgr_cantidad,vgr_total) VALUES (@@@2013.09.02@@@,13,15.145,41542)','',2,'2013-09-03'),(60016,'INSERT INTO com_ventas_grupo (vgr_fecha,vgr_grupo,vgr_cantidad,vgr_total) VALUES (@@@2013.09.02@@@,14,100.52,93031)','',2,'2013-09-03'),(60017,'INSERT INTO com_ventas_grupo (vgr_fecha,vgr_grupo,vgr_cantidad,vgr_total) VALUES (@@@2013.09.02@@@,16,3,470)','',2,'2013-09-03'),(60018,'INSERT INTO com_ventas_grupo (vgr_fecha,vgr_grupo,vgr_cantidad,vgr_total) VALUES (@@@2013.09.02@@@,18,210.67,119032)','',2,'2013-09-03'),(60019,'INSERT INTO com_ventas_grupo (vgr_fecha,vgr_grupo,vgr_cantidad,vgr_total) VALUES (@@@2013.09.02@@@,20,96.36,34476)','',2,'2013-09-03'),(60020,'INSERT INTO com_ventas_grupo (vgr_fecha,vgr_grupo,vgr_cantidad,vgr_total) VALUES (@@@2013.09.02@@@,21,52,35468)','',2,'2013-09-03'),(60021,'INSERT INTO com_ventas_grupo (vgr_fecha,vgr_grupo,vgr_cantidad,vgr_total) VALUES (@@@2013.09.02@@@,23,5,9080)','',2,'2013-09-03'),(60022,'INSERT INTO com_ventas_grupo (vgr_fecha,vgr_grupo,vgr_cantidad,vgr_total) VALUES (@@@2013.09.02@@@,24,200,53225)','',2,'2013-09-03'),(60023,'INSERT INTO com_ventas_grupo (vgr_fecha,vgr_grupo,vgr_cantidad,vgr_total) VALUES (@@@2013.09.02@@@,25,93,129800)','',2,'2013-09-03'),(60024,'INSERT INTO com_ventas_grupo (vgr_fecha,vgr_grupo,vgr_cantidad,vgr_total) VALUES (@@@2013.09.02@@@,27,1,1190)','',2,'2013-09-03'),