(32627,'INSERT INTO gne_vale_ferreteria (vfe_id,vfe_fecha,vfe_total,vfe_estado,vfe_entregado,usu_nusuario) VALUES (4041,@@@2013.07.01@@@,200,1,0,@@@S_BIZAMA@@@)','',2,'2013-07-01'),(32628,'INSERT INTO gne_vale_ferreteria_mov (vfe_id,pro_codigo_plu,vfm_cantidad,vfm_unitario,vfm_total,vfm_entregado) VALUES (4041,1542,2,100,200,@@@NO@@@)','',2,'2013-07-01'),(32629,'INSERT INTO gne_vale_ferreteria (vfe_id,vfe_fecha,vfe_total,vfe_estado,vfe_entregado,usu_nusuario) VALUES (4042,@@@2013.07.01@@@,1300,1,0,@@@S_BIZAMA@@@)','',2,'2013-07-01'),(32630,'INSERT INTO gne_vale_ferreteria_mov (vfe_id,pro_codigo_plu,vfm_cantidad,vfm_unitario,vfm_total,vfm_entregado) VALUES (4042,4081,13,100,1300,@@@NO@@@)','',2,'2013-07-01'),(32631,'UPDATE mae_productos SET pro_margen_actual=0,pro_precio_venta=399 WHERE pro_codigo_plu=573','',2,'2013-07-01'),(32632,'UPDATE mae_productos SET pro_margen_actual=0,pro_precio_venta=399 WHERE pro_codigo_plu=572','',2,'2013-07-01'),(32633,'UPDATE mae_productos SET pro_precio_fiscal=pro_precio_venta WHERE pro_codigo_plu=572','',2,'2013-07-01'),(32634,'UPDATE mae_productos SET pro_precio_fiscal=pro_precio_venta WHERE pro_codigo_plu=573','',2,'2013-07-01'),(32635,'INSERT INTO gne_vale_ferreteria (vfe_id,vfe_fecha,vfe_total,vfe_estado,vfe_entregado,usu_nusuario) VALUES (4043,@@@2013.07.01@@@,3980,1,0,@@@S_BIZAMA@@@)','',2,'2013-07-01'),(32636,'INSERT INTO gne_vale_ferreteria_mov (vfe_id,pro_codigo_plu,vfm_cantidad,vfm_unitario,vfm_total,vfm_entregado) VALUES (4043,763674,1,2590,2590,@@@NO@@@)','',2,'2013-07-01'),(32637,'INSERT INTO gne_vale_ferreteria_mov (vfe_id,pro_codigo_plu,vfm_cantidad,vfm_unitario,vfm_total,vfm_entregado) VALUES (4043,101103,1,1390,1390,@@@NO@@@)','',2,'2013-07-01'),(32638,'INSERT INTO gne_vale_ferreteria (vfe_id,vfe_fecha,vfe_total,vfe_estado,vfe_entregado,usu_nusuario) VALUES (4044,@@@2013.07.01@@@,1780,1,0,@@@S_BIZAMA@@@)','',2,'2013-07-01'),(32639,'INSERT INTO gne_vale_ferreteria_mov (vfe_id,pro_codigo_plu,vfm_cantidad,vfm_unitario,vfm_total,vfm_entregado) VALUES (4044,1536,1,290,290,@@@NO@@@)','',2,'2013-07-01'),(32640,'INSERT INTO gne_vale_ferreteria_mov (vfe_id,pro_codigo_plu,vfm_cantidad,vfm_unitario,vfm_total,vfm_entregado) VALUES (4044,763090,1,1490,1490,@@@NO@@@)','',2,'2013-07-01'),(32641,'INSERT INTO gne_vale_ferreteria (vfe_id,vfe_fecha,vfe_total,vfe_estado,vfe_entregado,usu_nusuario) VALUES (4045,@@@2013.07.01@@@,3090,1,0,@@@S_BIZAMA@@@)','',2,'2013-07-01'),(32642,'INSERT INTO gne_vale_ferreteria_mov (vfe_id,pro_codigo_plu,vfm_cantidad,vfm_unitario,vfm_total,vfm_entregado) VALUES (4045,78017053,1,2100,2100,@@@NO@@@)','',2,'2013-07-01'),(32643,'INSERT INTO gne_vale_ferreteria_mov (vfe_id,pro_codigo_plu,vfm_cantidad,vfm_unitario,vfm_total,vfm_entregado) VALUES (4045,2008,1,990,990,@@@NO@@@)','',2,'2013-07-01'),(32644,'INSERT INTO gne_vale_ferreteria (vfe_id,vfe_fecha,vfe_total,vfe_estado,vfe_entregado,usu_nusuario) VALUES (4046,@@@2013.07.01@@@,1360,1,0,@@@S_BIZAMA@@@)','',2,'2013-07-01'),(32645,'INSERT INTO gne_vale_ferreteria_mov (vfe_id,pro_codigo_plu,vfm_cantidad,vfm_unitario,vfm_total,vfm_entregado) VALUES (4046,1536,2,290,580,@@@NO@@@)','',2,'2013-07-01'),(32646,'INSERT INTO gne_vale_ferreteria_mov (vfe_id,pro_codigo_plu,vfm_cantidad,vfm_unitario,vfm_total,vfm_entregado) VALUES (4046,1535,2,390,780,@@@NO@@@)','',2,'2013-07-01'),(32647,'INSERT INTO mae_clientes (cli_id,cli_rut,cli_nombre,cli_direccion,cli_sucursal,cli_ciudad,cli_nombre_contacto,cli_cargo,cli_telefono,cli_fax,cli_celular,cli_mail,tcp_id,cli_fecha_nacimiento,cli_activo,cli_limite_credito,cli_giro,cli_sobrecargo,cli_credito_ilimitado,cli_descuento_venta,cli_comuna) VALUES (@@@9@@@,@@@10162956-2@@@,@@@DEPARTAMENTO CONCEPCION@@@,@@@PRIETO 775@@@,@@@@@@,@@@CONCEPCION@@@,@@@@@@,@@@@@@,@@@77554076@@@,@@@@@@,@@@@@@,@@@@@@,@@@3@@@,@@@1994.04.14@@@,@@@1@@@,@@@100000@@@,@@@@@@,0,0,0,@@@CONCEPCION@@@)','',2,'2013-07-01'),(32648,'UPDATE mae_clientes SET cli_rut=@@@9202017-7@@@,cli_nombre=@@@CASA@@@,cli_direccion=@@@SAN GREGORIO 15@@@,cli_sucursal=@@@@@@,cli_ciudad=@@@NACIMIENTO@@@,cli_nombre_contacto=@@@@@@,cli_cargo=@@@@@@,cli_comuna=@@@nacimiento@@@,cli_fpago=@@@CONTADO@@@,cli_telefono=@@@511706@@@,cli_fax=@@@511706@@@,cli_celular=@@@94944326@@@,cli_mail=@@@AIMUNOZ2@UC.CL@@@,tcp_id=@@@1@@@,cli_fecha_nacimiento=@@@1987.08.18@@@,cli_activo=@@@1@@@,cli_limite_credito=@@@500000@@@,cli_giro=@@@SUPERMERCADO@@@,cli_sobrecargo=0,cli_descuento_venta=0,cli_rapel=0 ,cli_credito_ilimitado=1 WHERE cli_id=@@@1@@@','',2,'2013-07-01'),(32649,'INSERT INTO gne_vale_ferreteria (vfe_id,vfe_fecha,vfe_total,vfe_estado,vfe_entregado,usu_nusuario) VALUES (4047,@@@2013.07.01@@@,1700,1,0,@@@S_BIZAMA@@@)','',2,'2013-07-01'),(32650,'INSERT INTO gne_vale_ferreteria_mov (vfe_id,pro_codigo_plu,vfm_cantidad,vfm_unitario,vfm_total,vfm_entregado) VALUES (4047,763672,1,1550,1550,@@@NO@@@)','',2,'2013-07-01'),(32651,'INSERT INTO gne_vale_ferreteria_mov (vfe_id,pro_codigo_plu,vfm_cantidad,vfm_unitario,vfm_total,vfm_entregado) VALUES (4047,2016,1,150,150,@@@NO@@@)','',2,'2013-07-01'),(32652,'INSERT INTO gne_vale_ferreteria (vfe_id,vfe_fecha,vfe_total,vfe_estado,vfe_entregado,usu_nusuario) VALUES (4048,@@@2013.07.01@@@,1370,1,0,@@@S_BIZAMA@@@)','',2,'2013-07-01'),(32653,'INSERT INTO gne_vale_ferreteria_mov (vfe_id,pro_codigo_plu,vfm_cantidad,vfm_unitario,vfm_total,vfm_entregado) VALUES (4048,761546,1,990,990,@@@NO@@@)','',2,'2013-07-01'),(32654,'INSERT INTO gne_vale_ferreteria_mov (vfe_id,pro_codigo_plu,vfm_cantidad,vfm_unitario,vfm_total,vfm_entregado) VALUES (4048,102408,1,350,350,@@@NO@@@)','',2,'2013-07-01'),(32655,'INSERT INTO gne_vale_ferreteria_mov (vfe_id,pro_codigo_plu,vfm_cantidad,vfm_unitario,vfm_total,vfm_entregado) VALUES (4048,764772,1,30,30,@@@NO@@@)','',2,'2013-07-01'),(32656,'INSERT INTO mae_productos (pro_codigo_plu,pro_codigo_barra,pro_tipo,pro_nombre_producto,pro_nombre_corto,med_id,emb_id,pro_unidades_embalaje,dep_id,lin_id,mar_id,pro_precio_compra_neto,pro_precio_compra_bruto,pro_precio_venta,pro_margen_actual,pro_oferta,pro_fecha_inicio_oferta,pro_fecha_termino_oferta,pro_precio_oferta,pro_stock_minimo,pro_stock_critico,pro_entradas_bodega,pro_salidas_bodega,pro_mermas_bodega,pro_ajustes_bodega,pro_entradas_sv,pro_salidas_sv,pro_mermas_sv,pro_ajustes_sv,pro_activo,rec_numero,pro_unidad,pro_capacidad,pro_consumo_bodega,pro_consumo_sv,pro_estado,pro_funcion_plu,pro_flejes,pro_iva,pro_plu_asociado,pro_envase,pro_duracion,pro_numero_etiqueta) VALUES (780721263,@@@7751493000260@@@,@@@0@@@,@@@CONFOR SCOTT 50MTRS@@@,@@@CONFOR SCOTT 50M@@@,@@@1 @@@,@@@3 @@@,@@@0@@@,@@@35 @@@,@@@34@@@,@@@2402@@@,@@@0@@@,@@@902@@@,@@@1390@@@,@@@54.1@@@,@@@@@@,@@@2006.09.07@@@,@@@2006.09.07@@@,@@@0@@@,@@@15@@@,@@@5@@@,@@@0@@@,@@@0@@@,@@@0@@@,@@@0@@@,@@@0@@@,@@@0@@@,@@@0@@@,@@@0@@@,@@@1@@@,@@@0@@@,0,4,0,0,2,0,1,1,0,@@@NO@@@,0,0)','',2,'2013-07-01'),(32657,'DELETE FROM mae_impuestos_productos WHERE pro_codigo_plu=@@@780721263@@@','',2,'2013-07-01'),(32658,'UPDATE mae_productos SET pro_precio_compra_bruto=287,pro_margen_actual=(pro_precio_venta-287)/287 * 100,pro_ultima_compra=@@@2013.07.01@@@,pro_ultimo_proveedor=@@@93281000-K@@@ WHERE pro_codigo_plu=17189','',2,'2013-07-01'),(32659,'UPDATE mae_productos SET pro_precio_compra_bruto=287,pro_margen_actual=(pro_precio_venta-287)/287 * 100,pro_ultima_compra=@@@2013.07.01@@@,pro_ultimo_proveedor=@@@93281000-K@@@ WHERE pro_codigo_plu=17365','',2,'2013-07-01'),(32660,'UPDATE mae_productos SET pro_precio_compra_bruto=287,pro_margen_actual=(pro_precio_venta-287)/287 * 100,pro_ultima_compra=@@@2013.07.01@@@,pro_ultimo_proveedor=@@@93281000-K@@@ WHERE pro_codigo_plu=17187','',2,'2013-07-01'),(32661,'INSERT INTO gne_vale_ferreteria (vfe_id,vfe_fecha,vfe_total,vfe_estado,vfe_entregado,usu_nusuario) VALUES (4049,@@@2013.07.01@@@,1890,1,0,@@@S_BIZAMA@@@)','',2,'2013-07-01'),(32662,'INSERT INTO gne_vale_ferreteria_mov (vfe_id,pro_codigo_plu,vfm_cantidad,vfm_unitario,vfm_total,vfm_entregado) VALUES (4049,101625,1,1890,1890,@@@NO@@@)','',2,'2013-07-01'),(32663,'UPDATE mae_productos SET pro_codigo_barra=@@@7801235131117@@@,pro_tipo=@@@0@@@,pro_nombre_producto=@@@JUREL SAN JOSE NATURAL 425 GRS.@@@,pro_nombre_corto=@@@JUREL SAN JOSE 4@@@,med_id=@@@5@@@,emb_id=@@@4@@@,pro_unidades_embalaje=@@@24@@@,dep_id=@@@1 @@@,lin_id=@@@19@@@,mar_id=@@@1972@@@,pro_precio_compra_neto=@@@0@@@,pro_precio_compra_bruto=@@@865@@@,pro_precio_venta=@@@1190@@@,pro_margen_actual=@@@37.57@@@,pro_oferta=@@@NO@@@,pro_fecha_inicio_oferta=@@@1900.01.01@@@,pro_fecha_termino_oferta=@@@1900.01.01@@@,pro_precio_oferta=@@@0@@@,pro_stock_minimo=@@@24@@@,pro_stock_critico=@@@12@@@,pro_activo=@@@1@@@,pro_unidad=@@@0@@@,pro_precio_compra_bruto=865,pro_margen_actual=37.57,pro_capacidad=0.425,pro_funcion_plu=0,pro_flejes=1,pro_iva=1,pro_plu_asociado=0,pro_envase=@@@NO@@@,pro_duracion=0,pro_numero_etiqueta=0 WHERE pro_codigo_plu=@@@13265@@@','',2,'2013-07-01'),(32664,'UPDATE mae_productos SET pro_estado=1 WHERE pro_codigo_plu=13265','',2,'2013-07-01'),(32665,'DELETE FROM mae_impuestos_productos WHERE pro_codigo_plu=@@@13265@@@','',2,'2013-07-01'),(32666,'UPDATE mae_productos SET pro_margen_actual=54.1,pro_precio_venta=1390 WHERE pro_codigo_plu=780721263','',2,'2013-07-01'),(32667,'UPDATE mae_productos SET pro_margen_actual=37.57,pro_precio_venta=1190 WHERE pro_codigo_plu=13265','',2,'2013-07-01'),(32668,'UPDATE mae_productos SET pro_margen_actual=0,pro_precio_venta=1690 WHERE pro_codigo_plu=15065','',2,'2013-07-01'),(32669,'UPDATE mae_productos SET pro_precio_fiscal=pro_precio_venta WHERE pro_codigo_plu=15065','',2,'2013-07-01'),(32670,'UPDATE mae_productos SET pro_precio_fiscal=pro_precio_venta WHERE pro_codigo_plu=780721263','',2,'2013-07-01'),(32671,'UPDATE mae_productos SET pro_margen_actual=0,pro_precio_venta=710 WHERE pro_codigo_plu=763941','',2,'2013-07-01'),(32672,'UPDATE mae_productos SET pro_margen_actual=0,pro_precio_venta=1020 WHERE pro_codigo_plu=762948','',2,'2013-07-01'),(32673,'UPDATE mae_productos SET pro_precio_fiscal=pro_precio_venta WHERE pro_codigo_plu=763941','',2,'2013-07-01'),(32674,'UPDATE mae_productos SET pro_precio_fiscal=pro_precio_venta WHERE pro_codigo_plu=762948','',2,'2013-07-01'),(32675,'UPDATE mae_productos SET pro_margen_actual=0,pro_precio_venta=1128 WHERE pro_codigo_plu=10072','',2,'2013-07-01'),(32676,'UPDATE mae_productos SET pro_precio_fiscal=pro_precio_venta WHERE pro_codigo_plu=10072','',2,'2013-07-01'),(32677,'INSERT INTO gpr_pack_virtual (pav_id,pav_nombre,pav_total_pack,pav_total_descuento,pav_desde,pav_hasta,pav_tipo,pav_precio,pav_lleva,pav_paga,pav_descuento,pav_porcentaje,pav_oferta_exclusiva,pav_agotar_stock,pav_stock,pav_costo,pav_margen) VALUES (13,@@@CANASTA TIPO A@@@,20366,710,@@@2013-07-01@@@,@@@2013-12-31@@@,@@@PR@@@,0,0,0,0,0,@@@NO@@@,@@@NO@@@,0,0,0)','',2,'2013-07-01'),(32678,'INSERT INTO gpr_pack_virtual_mov (pav_id,pro_codigo_plu,pvm_precio,pvm_total,pvm_lleva,pvm_paga,pvm_descuento,pvm_porcentaje,pvm_total_normal,pvm_descuento_linea,pvm_costo,pvm_margen) VALUES (13,10253,1350,1350,1,1,0,0,1350,0,0,0),(13,262032,699,1398,2,2,0,0,1398,0,0,0),(13,764410,5100,5100,1,1,0,0,5100,0,0,0),(13,11119,1550,4650,3,3,0,0,4650,0,0,0),(13,763298,420,1260,3,3,0,0,1260,0,0,0),(13,11097,1100,1100,1,1,0,0,1100,0,0,0),(13,762491,990,1980,2,2,0,0,1980,0,0,0),(13,10844,390,390,1,1,0,0,390,0,0,0),(13,13393,250,500,2,2,0,0,500,0,0,0),(13,10072,1128,1128,1,1,0,0,1128,0,0,0),(13,21431,740,1510,3,2,1,30,2220,710,0,0)','',2,'2013-07-01'),(32679,'INSERT INTO gpr_pack_virtual_horario (pav_id,pvh_dia,pvh_hora_desde,pvh_hora_hasta) VALUES (13,99,@@@00:00@@@,@@@23:59@@@)','',2,'2013-07-01'),(32680,'INSERT INTO mae_productos (pro_codigo_plu,pro_codigo_barra,pro_tipo,pro_nombre_producto,pro_nombre_corto,med_id,emb_id,pro_unidades_embalaje,dep_id,lin_id,mar_id,pro_precio_compra_neto,pro_precio_compra_bruto,pro_precio_venta,pro_margen_actual,pro_oferta,pro_fecha_inicio_oferta,pro_fecha_termino_oferta,pro_precio_oferta,pro_stock_minimo,pro_stock_critico,pro_entradas_bodega,pro_salidas_bodega,pro_mermas_bodega,pro_ajustes_bodega,pro_entradas_sv,pro_salidas_sv,pro_mermas_sv,pro_ajustes_sv,pro_activo,rec_numero,pro_unidad,pro_capacidad,pro_consumo_bodega,pro_consumo_sv,pro_estado,pro_funcion_plu,pro_flejes,pro_iva,pro_plu_asociado,pro_envase,pro_duracion,pro_numero_etiqueta) VALUES (780721264,@@@7806500506744@@@,@@@0@@@,@@@CONFERT DOBLE HOJA X 6@@@,@@@CONFERT DOBLE HO@@@,@@@1 @@@,@@@3 @@@,@@@0@@@,@@@35 @@@,@@@34@@@,@@@1442@@@,@@@0@@@,@@@1110@@@,@@@1445@@@,@@@30.18@@@,@@@@@@,@@@2006.09.07@@@,@@@2006.09.07@@@,@@@0@@@,@@@20@@@,@@@8@@@,@@@0@@@,@@@0@@@,@@@0@@@,@@@0@@@,@@@0@@@,@@@0@@@,@@@0@@@,@@@0@@@,@@@1@@@,@@@0@@@,0,6,0,0,2,0,1,1,0,@@@NO@@@,0,0)','',2,'2013-07-01'),(32681,'DELETE FROM mae_impuestos_productos WHERE pro_codigo_plu=@@@780721264@@@','',2,'2013-07-01'),(32682,'INSERT INTO mae_productos (pro_codigo_plu,pro_codigo_barra,pro_tipo,pro_nombre_producto,pro_nombre_corto,med_id,emb_id,pro_unidades_embalaje,dep_id,lin_id,mar_id,pro_precio_compra_neto,pro_precio_compra_bruto,pro_precio_venta,pro_margen_actual,pro_oferta,pro_fecha_inicio_oferta,pro_fecha_termino_oferta,pro_precio_oferta,pro_stock_minimo,pro_stock_critico,pro_entradas_bodega,pro_salidas_bodega,pro_mermas_bodega,pro_ajustes_bodega,pro_entradas_sv,pro_salidas_sv,pro_mermas_sv,pro_ajustes_sv,pro_activo,rec_numero,pro_unidad,pro_capacidad,pro_consumo_bodega,pro_consumo_sv,pro_estado,pro_funcion_plu,pro_flejes,pro_iva,pro_plu_asociado,pro_envase,pro_duracion,pro_numero_etiqueta) VALUES (780721265,@@@7805649000304@@@,@@@0@@@,@@@GUANTES DE VINILO X PAR@@@,@@@GUANTES DE VINIL@@@,@@@1 @@@,@@@3 @@@,@@@0@@@,@@@35 @@@,@@@34@@@,@@@1442@@@,@@@0@@@,@@@66@@@,@@@120@@@,@@@81.82@@@,@@@@@@,@@@2006.09.07@@@,@@@2006.09.07@@@,@@@0@@@,@@@30@@@,@@@20@@@,@@@0@@@,@@@0@@@,@@@0@@@,@@@0@@@,@@@0@@@,@@@0@@@,@@@0@@@,@@@0@@@,@@@1@@@,@@@0@@@,0,2,0,0,2,0,1,1,0,@@@NO@@@,0,0)','',2,'2013-07-01'),(32683,'DELETE FROM mae_impuestos_productos WHERE pro_codigo_plu=@@@780721265@@@','',2,'2013-07-01'),(32684,'INSERT INTO mae_productos (pro_codigo_plu,pro_codigo_barra,pro_tipo,pro_nombre_producto,pro_nombre_corto,med_id,emb_id,pro_unidades_embalaje,dep_id,lin_id,mar_id,pro_precio_compra_neto,pro_precio_compra_bruto,pro_precio_venta,pro_margen_actual,pro_oferta,pro_fecha_inicio_oferta,pro_fecha_termino_oferta,pro_precio_oferta,pro_stock_minimo,pro_stock_critico,pro_entradas_bodega,pro_salidas_bodega,pro_mermas_bodega,pro_ajustes_bodega,pro_entradas_sv,pro_salidas_sv,pro_mermas_sv,pro_ajustes_sv,pro_activo,rec_numero,pro_unidad,pro_capacidad,pro_consumo_bodega,pro_consumo_sv,pro_estado,pro_funcion_plu,pro_flejes,pro_iva,pro_plu_asociado,pro_envase,pro_duracion,pro_numero_etiqueta) VALUES (780721266,@@@7805649000717@@@,@@@0@@@,@@@GUANTES EXAMINACION X PAR@@@,@@@GUANTES EXAMINAC@@@,@@@1 @@@,@@@3 @@@,@@@0@@@,@@@21 @@@,@@@125@@@,@@@2507@@@,@@@0@@@,@@@66@@@,@@@120@@@,@@@81.82@@@,@@@@@@,@@@2006.09.07@@@,@@@2006.09.07@@@,@@@0@@@,@@@30@@@,@@@20@@@,@@@0@@@,@@@0@@@,@@@0@@@,@@@0@@@,@@@0@@@,@@@0@@@,@@@0@@@,@@@0@@@,@@@1@@@,@@@0@@@,0,2,0,0,2,0,1,1,0,@@@NO@@@,0,0)','',2,'2013-07-01'),(32685,'DELETE FROM mae_impuestos_productos WHERE pro_codigo_plu=@@@780721266@@@','',2,'2013-07-01'),(32686,'INSERT INTO mae_productos (pro_codigo_plu,pro_codigo_barra,pro_tipo,pro_nombre_producto,pro_nombre_corto,med_id,emb_id,pro_unidades_embalaje,dep_id,lin_id,mar_id,pro_precio_compra_neto,pro_precio_compra_bruto,pro_precio_venta,pro_margen_actual,pro_oferta,pro_fecha_inicio_oferta,pro_fecha_termino_oferta,pro_precio_oferta,pro_stock_minimo,pro_stock_critico,pro_entradas_bodega,pro_salidas_bodega,pro_mermas_bodega,pro_ajustes_bodega,pro_entradas_sv,pro_salidas_sv,pro_mermas_sv,pro_ajustes_sv,pro_activo,rec_numero,pro_unidad,pro_capacidad,pro_consumo_bodega,pro_consumo_sv,pro_estado,pro_funcion_plu,pro_flejes,pro_iva,pro_plu_asociado,pro_envase,pro_duracion,pro_numero_etiqueta) VALUES (780721267,@@@7730187303078@@@,@@@0@@@,@@@GUANTE GASPE@@@,@@@GUANTE GASPE@@@,@@@1 @@@,@@@3 @@@,@@@0@@@,@@@35 @@@,@@@34@@@,@@@1442@@@,@@@0@@@,@@@395@@@,@@@550@@@,@@@39.24@@@,@@@@@@,@@@2006.09.07@@@,@@@2006.09.07@@@,@@@0@@@,@@@5@@@,@@@2@@@,@@@0@@@,@@@0@@@,@@@0@@@,@@@0@@@,@@@0@@@,@@@0@@@,@@@0@@@,@@@0@@@,@@@1@@@,@@@0@@@,0,1,0,0,2,0,1,1,0,@@@NO@@@,0,0)','',2,'2013-07-01'),(32687,'DELETE FROM mae_impuestos_productos WHERE pro_codigo_plu=@@@780721267@@@','',2,'2013-07-01'),(32688,'INSERT INTO mae_productos (pro_codigo_plu,pro_codigo_barra,pro_tipo,pro_nombre_producto,pro_nombre_corto,med_id,emb_id,pro_unidades_embalaje,dep_id,lin_id,mar_id,pro_precio_compra_neto,pro_precio_compra_bruto,pro_precio_venta,pro_margen_actual,pro_oferta,pro_fecha_inicio_oferta,pro_fecha_termino_oferta,pro_precio_oferta,pro_stock_minimo,pro_stock_critico,pro_entradas_bodega,pro_salidas_bodega,pro_mermas_bodega,pro_ajustes_bodega,pro_entradas_sv,pro_salidas_sv,pro_mermas_sv,pro_ajustes_sv,pro_activo,rec_numero,pro_unidad,pro_capacidad,pro_consumo_bodega,pro_consumo_sv,pro_estado,pro_funcion_plu,pro_flejes,pro_iva,pro_plu_asociado,pro_envase,pro_duracion,pro_numero_etiqueta) VALUES (780721268,@@@7730187303054@@@,@@@0@@@,@@@GUANTE GASPE S@@@,@@@GUANTE GASPE S@@@,@@@1 @@@,@@@3 @@@,@@@0@@@,@@@35 @@@,@@@34@@@,@@@1442@@@,@@@0@@@,@@@395@@@,@@@550@@@,@@@39.24@@@,@@@@@@,@@@2006.09.07@@@,@@@2006.09.07@@@,@@@0@@@,@@@5@@@,@@@3@@@,@@@0@@@,@@@0@@@,@@@0@@@,@@@0@@@,@@@0@@@,@@@0@@@,@@@0@@@,@@@0@@@,@@@1@@@,@@@0@@@,0,1,0,0,2,0,1,1,0,@@@NO@@@,0,0)','',2,'2013-07-01'),(32689,'DELETE FROM mae_impuestos_productos WHERE pro_codigo_plu=@@@780721268@@@','',2,'2013-07-01'),(32690,'UPDATE mae_productos SET pro_precio_fiscal=pro_precio_venta WHERE pro_codigo_plu=780721268','',2,'2013-07-01'),(32691,'UPDATE mae_productos SET pro_precio_fiscal=pro_precio_venta WHERE pro_codigo_plu=780721267','',2,'2013-07-01'),(32692,'UPDATE mae_productos SET pro_precio_fiscal=pro_precio_venta WHERE pro_codigo_plu=780721265','',2,'2013-07-01'),(32693,'UPDATE mae_productos SET pro_precio_fiscal=pro_precio_venta WHERE pro_codigo_plu=780721266','',2,'2013-07-01'),(32694,'UPDATE mae_productos SET pro_precio_fiscal=pro_precio_venta WHERE pro_codigo_plu=780721264','',2,'2013-07-01'),(32695,'INSERT INTO gne_vale_ferreteria (vfe_id,vfe_fecha,vfe_total,vfe_estado,vfe_entregado,usu_nusuario) VALUES (4050,@@@2013.07.01@@@,1890,1,0,@@@admin@@@)','',2,'2013-07-01'),(32696,'INSERT INTO gne_vale_ferreteria_mov (vfe_id,pro_codigo_plu,vfm_cantidad,vfm_unitario,vfm_total,vfm_entregado) VALUES (4050,101679,1,1890,1890,@@@NO@@@)','',2,'2013-07-01'),(32697,'INSERT INTO gne_vale_ferreteria (vfe_id,vfe_fecha,vfe_total,vfe_estado,vfe_entregado,usu_nusuario) VALUES (4051,@@@2013.07.01@@@,1000,1,0,@@@G_DIAZ@@@)','',2,'2013-07-01'),(32698,'INSERT INTO gne_vale_ferreteria_mov (vfe_id,pro_codigo_plu,vfm_cantidad,vfm_unitario,vfm_total,vfm_entregado) VALUES (4051,4081,10,100,1000,@@@NO@@@)','',2,'2013-07-01'),(32699,'INSERT INTO gne_vale_ferreteria (vfe_id,vfe_fecha,vfe_total,vfe_estado,vfe_entregado,usu_nusuario) VALUES (4052,@@@2013.07.01@@@,510,1,0,@@@G_DIAZ@@@)','',2,'2013-07-01'),(32700,'INSERT INTO gne_vale_ferreteria_mov (vfe_id,pro_codigo_plu,vfm_cantidad,vfm_unitario,vfm_total,vfm_entregado) VALUES (4052,780220093,1,350,350,@@@NO@@@)','',2,'2013-07-01'),(32701,'INSERT INTO gne_vale_ferreteria_mov (vfe_id,pro_codigo_plu,vfm_cantidad,vfm_unitario,vfm_total,vfm_entregado) VALUES (4052,16430,1,160,160,@@@NO@@@)','',2,'2013-07-01'),(32702,'INSERT INTO gne_vale_ferreteria (vfe_id,vfe_fecha,vfe_total,vfe_estado,vfe_entregado,usu_nusuario) VALUES (4053,@@@2013.07.01@@@,900,1,0,@@@G_DIAZ@@@)','',2,'2013-07-01'),(32703,'INSERT INTO gne_vale_ferreteria_mov (vfe_id,pro_codigo_plu,vfm_cantidad,vfm_unitario,vfm_total,vfm_entregado) VALUES (4053,3100,2,450,900,@@@NO@@@)','',2,'2013-07-01'),(32704,'INSERT INTO gne_vale_ferreteria (vfe_id,vfe_fecha,vfe_total,vfe_estado,vfe_entregado,usu_nusuario) VALUES (4054,@@@2013.07.01@@@,520,1,0,@@@G_DIAZ@@@)','',2,'2013-07-01'),(32705,'INSERT INTO gne_vale_ferreteria_mov (vfe_id,pro_codigo_plu,vfm_cantidad,vfm_unitario,vfm_total,vfm_entregado) VALUES (4054,15967,4,130,520,@@@NO@@@)','',2,'2013-07-01'),(32706,'UPDATE mae_productos SET pro_precio_venta=1290,pro_margen_actual=43.02, pro_precio_compra_bruto=902, pro_precio_compra_neto=757.983193277311 WHERE pro_codigo_plu=780721263','',2,'2013-07-01'),(32707,'UPDATE mae_productos SET pro_precio_venta=950,pro_margen_actual=34.18, pro_precio_compra_bruto=708, pro_precio_compra_neto=594.957983193277 WHERE pro_codigo_plu=762508','',2,'2013-07-01'),(32708,'UPDATE mae_productos SET pro_precio_venta=1990,pro_margen_actual=33.65, pro_precio_compra_bruto=1489, pro_precio_compra_neto=1251.26050420168 WHERE pro_codigo_plu=763840','',2,'2013-07-01'),(32709,'UPDATE mae_productos SET pro_precio_compra_bruto=1489,pro_margen_actual=(pro_precio_venta-1489)/1489 * 100,pro_ultima_compra=@@@2013.07.01@@@,pro_ultimo_proveedor=@@@84348700-9@@@ WHERE pro_codigo_plu=20961','',2,'2013-07-01'),(32710,'UPDATE mae_productos SET pro_precio_compra_bruto=1489,pro_margen_actual=(pro_precio_venta-1489)/1489 * 100,pro_ultima_compra=@@@2013.07.01@@@,pro_ultimo_proveedor=@@@84348700-9@@@ WHERE pro_codigo_plu=102726','',2,'2013-07-01'),(32711,'UPDATE mae_productos SET pro_precio_compra_bruto=1489,pro_margen_actual=(pro_precio_venta-1489)/1489 * 100,pro_ultima_compra=@@@2013.07.01@@@,pro_ultimo_proveedor=@@@84348700-9@@@ WHERE pro_codigo_plu=20958','',2,'2013-07-01'),(32712,'UPDATE mae_productos SET pro_precio_compra_bruto=1489,pro_margen_actual=(pro_precio_venta-1489)/1489 * 100,pro_ultima_compra=@@@2013.07.01@@@,pro_ultimo_proveedor=@@@84348700-9@@@ WHERE pro_codigo_plu=102628','',2,'2013-07-01'),(32713,'UPDATE mae_productos SET pro_precio_compra_bruto=1489,pro_margen_actual=(pro_precio_venta-1489)/1489 * 100,pro_ultima_compra=@@@2013.07.01@@@,pro_ultimo_proveedor=@@@84348700-9@@@ WHERE pro_codigo_plu=11590','',2,'2013-07-01'),(32714,'UPDATE mae_productos SET pro_precio_compra_bruto=1489,pro_margen_actual=(pro_precio_venta-1489)/1489 * 100,pro_ultima_compra=@@@2013.07.01@@@,pro_ultimo_proveedor=@@@84348700-9@@@ WHERE pro_codigo_plu=102731','',2,'2013-07-01'),(32715,'UPDATE mae_productos SET pro_precio_compra_bruto=1489,pro_margen_actual=(pro_precio_venta-1489)/1489 * 100,pro_ultima_compra=@@@2013.07.01@@@,pro_ultimo_proveedor=@@@84348700-9@@@ WHERE pro_codigo_plu=102728','',2,'2013-07-01'),(32716,'UPDATE mae_productos SET pro_precio_compra_bruto=1489,pro_margen_actual=(pro_precio_venta-1489)/1489 * 100,pro_ultima_compra=@@@2013.07.01@@@,pro_ultimo_proveedor=@@@84348700-9@@@ WHERE pro_codigo_plu=102725','',2,'2013-07-01'),(32717,'UPDATE mae_productos SET pro_precio_compra_bruto=1489,pro_margen_actual=(pro_precio_venta-1489)/1489 * 100,pro_ultima_compra=@@@2013.07.01@@@,pro_ultimo_proveedor=@@@84348700-9@@@ WHERE pro_codigo_plu=102727','',2,'2013-07-01'),(32718,'UPDATE mae_productos SET pro_precio_compra_bruto=1489,pro_margen_actual=(pro_precio_venta-1489)/1489 * 100,pro_ultima_compra=@@@2013.07.01@@@,pro_ultimo_proveedor=@@@84348700-9@@@ WHERE pro_codigo_plu=11367','',2,'2013-07-01'),(32719,'UPDATE mae_productos SET pro_precio_compra_bruto=1489,pro_margen_actual=(pro_precio_venta-1489)/1489 * 100,pro_ultima_compra=@@@2013.07.01@@@,pro_ultimo_proveedor=@@@84348700-9@@@ WHERE pro_codigo_plu=102732','',2,'2013-07-01'),(32720,'UPDATE mae_productos SET pro_precio_compra_bruto=1489,pro_margen_actual=(pro_precio_venta-1489)/1489 * 100,pro_ultima_compra=@@@2013.07.01@@@,pro_ultimo_proveedor=@@@84348700-9@@@ WHERE pro_codigo_plu=763840','',2,'2013-07-01'),(32721,'UPDATE mae_productos SET pro_precio_compra_bruto=7.39,pro_margen_actual=(pro_precio_venta-7.39)/7.39 * 100,pro_ultima_compra=@@@2013.07.01@@@,pro_ultimo_proveedor=@@@76979850-1@@@ WHERE pro_codigo_plu=4801','',2,'2013-07-01'),(32722,'INSERT INTO gne_vale_ferreteria (vfe_id,vfe_fecha,vfe_total,vfe_estado,vfe_entregado,usu_nusuario) VALUES (4055,@@@2013.07.01@@@,720,1,0,@@@G_DIAZ@@@)','',2,'2013-07-01'),(32723,'INSERT INTO gne_vale_ferreteria_mov (vfe_id,pro_codigo_plu,vfm_cantidad,vfm_unitario,vfm_total,vfm_entregado) VALUES (4055,764160,6,120,720,@@@NO@@@)','',2,'2013-07-01'),(32724,'INSERT INTO gne_vale_ferreteria (vfe_id,vfe_fecha,vfe_total,vfe_estado,vfe_entregado,usu_nusuario) VALUES (4056,@@@2013.07.01@@@,30,1,0,@@@G_DIAZ@@@)','',2,'2013-07-01'),(32725,'INSERT INTO gne_vale_ferreteria_mov (vfe_id,pro_codigo_plu,vfm_cantidad,vfm_unitario,vfm_total,vfm_entregado) VALUES (4056,1541,1,30,30,@@@NO@@@)','',2,'2013-07-01'),(32726,'INSERT INTO gne_vale_ferreteria (vfe_id,vfe_fecha,vfe_total,vfe_estado,vfe_entregado,usu_nusuario) VALUES (4057,@@@2013.07.01@@@,200,1,0,@@@G_DIAZ@@@)','',2,'2013-07-01'),(32727,'INSERT INTO gne_vale_ferreteria_mov (vfe_id,pro_codigo_plu,vfm_cantidad,vfm_unitario,vfm_total,vfm_entregado) VALUES (4057,764135,1,200,200,@@@NO@@@)','',2,'2013-07-01'),(32728,'UPDATE mae_productos SET pro_precio_compra_bruto=187,pro_margen_actual=(pro_precio_venta-187)/187 * 100,pro_ultima_compra=@@@2013.07.01@@@,pro_ultimo_proveedor=@@@84348700-9@@@ WHERE pro_codigo_plu=78017090','',2,'2013-07-01'),(32729,'UPDATE mae_productos SET pro_precio_compra_bruto=1488,pro_margen_actual=(pro_precio_venta-1488)/1488 * 100,pro_ultima_compra=@@@2013.07.01@@@,pro_ultimo_proveedor=@@@84348700-9@@@ WHERE pro_codigo_plu=20957','',2,'2013-07-01'),(32730,'UPDATE mae_productos SET pro_precio_compra_bruto=85,pro_margen_actual=(pro_precio_venta-85)/85 * 100,pro_ultima_compra=@@@2013.07.01@@@,pro_ultimo_proveedor=@@@84348700-9@@@ WHERE pro_codigo_plu=780220130','',2,'2013-07-01'),(32731,'UPDATE mae_productos SET pro_precio_compra_bruto=865,pro_margen_actual=(pro_precio_venta-865)/865 * 100,pro_ultima_compra=@@@2013.07.01@@@,pro_ultimo_proveedor=@@@84348700-9@@@ WHERE pro_codigo_plu=13265','',2,'2013-07-01'),(32732,'UPDATE mae_productos SET pro_precio_compra_bruto=762,pro_margen_actual=(pro_precio_venta-762)/762 * 100,pro_ultima_compra=@@@2013.07.01@@@,pro_ultimo_proveedor=@@@84348700-9@@@ WHERE pro_codigo_plu=14626','',2,'2013-07-01'),(32733,'UPDATE mae_productos SET pro_precio_compra_bruto=1110,pro_margen_actual=(pro_precio_venta-1110)/1110 * 100,pro_ultima_compra=@@@2013.07.01@@@,pro_ultimo_proveedor=@@@84348700-9@@@ WHERE pro_codigo_plu=780721264','',2,'2013-07-01'),(32734,'UPDATE mae_productos SET pro_precio_compra_bruto=66,pro_margen_actual=(pro_precio_venta-66)/66 * 100,pro_ultima_compra=@@@2013.07.01@@@,pro_ultimo_proveedor=@@@84348700-9@@@ WHERE pro_codigo_plu=780721266','',2,'2013-07-01'),(32735,'UPDATE mae_productos SET pro_precio_compra_bruto=66,pro_margen_actual=(pro_precio_venta-66)/66 * 100,pro_ultima_compra=@@@2013.07.01@@@,pro_ultimo_proveedor=@@@84348700-9@@@ WHERE pro_codigo_plu=78017233','',2,'2013-07-01'),(32736,'UPDATE mae_productos SET pro_precio_compra_bruto=66,pro_margen_actual=(pro_precio_venta-66)/66 * 100,pro_ultima_compra=@@@2013.07.01@@@,pro_ultimo_proveedor=@@@84348700-9@@@ WHERE pro_codigo_plu=780721265','',2,'2013-07-01'),(32737,'UPDATE mae_productos SET pro_precio_compra_bruto=395,pro_margen_actual=(pro_precio_venta-395)/395 * 100,pro_ultima_compra=@@@2013.07.01@@@,pro_ultimo_proveedor=@@@84348700-9@@@ WHERE pro_codigo_plu=780721267','',2,'2013-07-01'),(32738,'UPDATE mae_productos SET pro_precio_compra_bruto=395,pro_margen_actual=(pro_precio_venta-395)/395 * 100,pro_ultima_compra=@@@2013.07.01@@@,pro_ultimo_proveedor=@@@84348700-9@@@ WHERE pro_codigo_plu=780721268','',2,'2013-07-01'),(32739,'UPDATE mae_productos SET pro_precio_compra_bruto=1488,pro_margen_actual=(pro_precio_venta-1488)/1488 * 100,pro_ultima_compra=@@@2013.07.01@@@,pro_ultimo_proveedor=@@@84348700-9@@@ WHERE pro_codigo_plu=20960','',2,'2013-07-01'),(32740,'UPDATE mae_productos SET pro_precio_compra_bruto=1488,pro_margen_actual=(pro_precio_venta-1488)/1488 * 100,pro_ultima_compra=@@@2013.07.01@@@,pro_ultimo_proveedor=@@@84348700-9@@@ WHERE pro_codigo_plu=20976','',2,'2013-07-01'),(32741,'UPDATE mae_productos SET pro_precio_compra_bruto=1488,pro_margen_actual=(pro_precio_venta-1488)/1488 * 100,pro_ultima_compra=@@@2013.07.01@@@,pro_ultimo_proveedor=@@@84348700-9@@@ WHERE pro_codigo_plu=102733','',2,'2013-07-01'),(32742,'UPDATE mae_productos SET pro_precio_compra_bruto=931,pro_margen_actual=(pro_precio_venta-931)/931 * 100,pro_ultima_compra=@@@2013.07.01@@@,pro_ultimo_proveedor=@@@84348700-9@@@ WHERE pro_codigo_plu=10586','',2,'2013-07-01'),(32743,'UPDATE mae_productos SET pro_precio_compra_bruto=443,pro_margen_actual=(pro_precio_venta-443)/443 * 100,pro_ultima_compra=@@@2013.07.01@@@,pro_ultimo_proveedor=@@@84348700-9@@@ WHERE pro_codigo_plu=10353','',2,'2013-07-01'),(32744,'UPDATE mae_productos SET pro_precio_compra_bruto=414,pro_margen_actual=(pro_precio_venta-414)/414 * 100,pro_ultima_compra=@@@2013.07.01@@@,pro_ultimo_proveedor=@@@84348700-9@@@ WHERE pro_codigo_plu=11833','',2,'2013-07-01'),(32745,'UPDATE mae_productos SET pro_precio_compra_bruto=1449,pro_margen_actual=(pro_precio_venta-1449)/1449 * 100,pro_ultima_compra=@@@2013.07.01@@@,pro_ultimo_proveedor=@@@84348700-9@@@ WHERE pro_codigo_plu=101845','',2,'2013-07-01'),(32746,'UPDATE mae_productos SET pro_precio_compra_bruto=1449,pro_margen_actual=(pro_precio_venta-1449)/1449 * 100,pro_ultima_compra=@@@2013.07.01@@@,pro_ultimo_proveedor=@@@84348700-9@@@ WHERE pro_codigo_plu=101620','',2,'2013-07-01'),(32747,'UPDATE mae_productos SET pro_precio_compra_bruto=1449,pro_margen_actual=(pro_precio_venta-1449)/1449 * 100,pro_ultima_compra=@@@2013.07.01@@@,pro_ultimo_proveedor=@@@84348700-9@@@ WHERE pro_codigo_plu=101622','',2,'2013-07-01'),(32748,'UPDATE mae_productos SET pro_precio_compra_bruto=1449,pro_margen_actual=(pro_precio_venta-1449)/1449 * 100,pro_ultima_compra=@@@2013.07.01@@@,pro_ultimo_proveedor=@@@84348700-9@@@ WHERE pro_codigo_plu=100473','',2,'2013-07-01'),(32749,'UPDATE mae_productos SET pro_precio_compra_bruto=1449,pro_margen_actual=(pro_precio_venta-1449)/1449 * 100,pro_ultima_compra=@@@2013.07.01@@@,pro_ultimo_proveedor=@@@84348700-9@@@ WHERE pro_codigo_plu=102075','',2,'2013-07-01'),(32750,'UPDATE mae_productos SET pro_precio_compra_bruto=1488,pro_margen_actual=(pro_precio_venta-1488)/1488 * 100,pro_ultima_compra=@@@2013.07.01@@@,pro_ultimo_proveedor=@@@84348700-9@@@ WHERE pro_codigo_plu=101854','',2,'2013-07-01'),(32751,'UPDATE mae_productos SET pro_precio_compra_bruto=1488,pro_margen_actual=(pro_precio_venta-1488)/1488 * 100,pro_ultima_compra=@@@2013.07.01@@@,pro_ultimo_proveedor=@@@84348700-9@@@ WHERE pro_codigo_plu=20998','',2,'2013-07-01'),(32752,'UPDATE mae_productos SET pro_precio_compra_bruto=1488,pro_margen_actual=(pro_precio_venta-1488)/1488 * 100,pro_ultima_compra=@@@2013.07.01@@@,pro_ultimo_proveedor=@@@84348700-9@@@ WHERE pro_codigo_plu=101856','',2,'2013-07-01'),(32753,'UPDATE mae_productos SET pro_precio_venta=1099,pro_margen_actual=21.84, pro_precio_compra_bruto=902, pro_precio_compra_neto=757.983193277311 WHERE pro_codigo_plu=780721263','',2,'2013-07-01'),(32754,'UPDATE mae_productos SET pro_precio_compra_bruto=115,pro_margen_actual=(pro_precio_venta-115)/115 * 100,pro_ultima_compra=@@@2013.07.01@@@,pro_ultimo_proveedor=@@@78646820-5@@@ WHERE pro_codigo_plu=763471','',2,'2013-07-01'),(32755,'UPDATE mae_productos SET pro_precio_compra_bruto=708,pro_margen_actual=(pro_precio_venta-708)/708 * 100,pro_ultima_compra=@@@2013.07.01@@@,pro_ultimo_proveedor=@@@78646820-5@@@ WHERE pro_codigo_plu=762508','',2,'2013-07-01'),(32756,'UPDATE mae_productos SET pro_precio_compra_bruto=902,pro_margen_actual=(pro_precio_venta-902)/902 * 100,pro_ultima_compra=@@@2013.07.01@@@,pro_ultimo_proveedor=@@@78646820-5@@@ WHERE pro_codigo_plu=780721263','',2,'2013-07-01'),(32757,'INSERT INTO gne_vale_ferreteria (vfe_id,vfe_fecha,vfe_total,vfe_estado,vfe_entregado,usu_nusuario) VALUES (4058,@@@2013.07.01@@@,1230,1,0,@@@G_DIAZ@@@)','',2,'2013-07-01'),(32758,'INSERT INTO gne_vale_ferreteria_mov (vfe_id,pro_codigo_plu,vfm_cantidad,vfm_unitario,vfm_total,vfm_entregado) VALUES (4058,761996,1,840,840,@@@NO@@@)','',2,'2013-07-01'),(32759,'INSERT INTO gne_vale_ferreteria_mov (vfe_id,pro_codigo_plu,vfm_cantidad,vfm_unitario,vfm_total,vfm_entregado) VALUES (4058,1535,1,390,390,@@@NO@@@)','',2,'2013-07-01'),(32760,'INSERT INTO gne_vale_ferreteria (vfe_id,vfe_fecha,vfe_total,vfe_estado,vfe_entregado,usu_nusuario) VALUES (4059,@@@2013.07.01@@@,290,1,0,@@@G_DIAZ@@@)','',2,'2013-07-01'),(32761,'INSERT INTO gne_vale_ferreteria_mov (vfe_id,pro_codigo_plu,vfm_cantidad,vfm_unitario,vfm_total,vfm_entregado) VALUES (4059,1536,1,290,290,@@@NO@@@)','',2,'2013-07-01'),(32762,'INSERT INTO gne_vale_ferreteria (vfe_id,vfe_fecha,vfe_total,vfe_estado,vfe_entregado,usu_nusuario) VALUES (4060,@@@2013.07.01@@@,1890,1,0,@@@G_DIAZ@@@)','',2,'2013-07-01'),(32763,'INSERT INTO gne_vale_ferreteria_mov (vfe_id,pro_codigo_plu,vfm_cantidad,vfm_unitario,vfm_total,vfm_entregado) VALUES (4060,101678,1,1890,1890,@@@NO@@@)','',2,'2013-07-01'),(32764,'INSERT INTO gne_vale_ferreteria (vfe_id,vfe_fecha,vfe_total,vfe_estado,vfe_entregado,usu_nusuario) VALUES (4061,@@@2013.07.01@@@,790,1,0,@@@G_DIAZ@@@)','',2,'2013-07-01'),(32765,'INSERT INTO gne_vale_ferreteria_mov (vfe_id,pro_codigo_plu,vfm_cantidad,vfm_unitario,vfm_total,vfm_entregado) VALUES (4061,780721131,1,790,790,@@@NO@@@)','',2,'2013-07-01'),(32766,'UPDATE gpr_pack_virtual SET pav_nombre=@@@1@@@,pav_total_pack=1350,pav_total_descuento=0,pav_desde=@@@2013-07-01@@@,pav_hasta=@@@2013-12-31@@@,pav_tipo=@@@PR@@@,pav_precio=0,pav_lleva=0,pav_paga=0,pav_descuento=0,pav_porcentaje=0,pav_oferta_exclusiva=@@@NO@@@,pav_agotar_stock=@@@NO@@@,pav_stock=0,pav_costo=0,pav_margen=0 WHERE pav_id=13','',2,'2013-07-01'),(32767,'DELETE FROM gpr_pack_virtual_mov WHERE pav_id=13','',2,'2013-07-01'),(32768,'DELETE FROM gpr_pack_virtual_horario WHERE pav_id=13','',2,'2013-07-01'),(32769,'INSERT INTO gpr_pack_virtual_mov (pav_id,pro_codigo_plu,pvm_precio,pvm_total,pvm_lleva,pvm_paga,pvm_descuento,pvm_porcentaje,pvm_total_normal,pvm_descuento_linea,pvm_costo,pvm_margen) VALUES (13,10253,1350,1350,1,1,0,0,1350,0,0,0)','',2,'2013-07-01'),(32770,'INSERT INTO gpr_pack_virtual_horario (pav_id,pvh_dia,pvh_hora_desde,pvh_hora_hasta) VALUES (13,99,@@@00:00@@@,@@@23:59@@@)','',2,'2013-07-01'),(32771,'UPDATE mae_productos SET pro_margen_actual=0,pro_precio_venta=2490 WHERE pro_codigo_plu=562','',2,'2013-07-01'),(32772,'UPDATE mae_productos SET pro_precio_fiscal=pro_precio_venta WHERE pro_codigo_plu=562','',2,'2013-07-01'),(32773,'UPDATE mae_productos SET pro_precio_fiscal=pro_precio_venta WHERE pro_codigo_plu=780721263','',2,'2013-07-01'),(32774,'UPDATE mae_productos SET pro_precio_fiscal=pro_precio_venta WHERE pro_codigo_plu=762508','',2,'2013-07-01'),(32775,'UPDATE mae_productos SET pro_precio_fiscal=pro_precio_venta WHERE pro_codigo_plu=763840','',2,'2013-07-01'),(32776,'INSERT INTO gne_vale_ferreteria (vfe_id,vfe_fecha,vfe_total,vfe_estado,vfe_entregado,usu_nusuario) VALUES (4062,@@@2013.07.01@@@,1090,1,0,@@@G_DIAZ@@@)','',2,'2013-07-01'),(32777,'INSERT INTO gne_vale_ferreteria_mov (vfe_id,pro_codigo_plu,vfm_cantidad,vfm_unitario,vfm_total,vfm_entregado) VALUES (4062,8022,3,120,360,@@@NO@@@)','',2,'2013-07-01'),(32778,'INSERT INTO gne_vale_ferreteria_mov (vfe_id,pro_codigo_plu,vfm_cantidad,vfm_unitario,vfm_total,vfm_entregado) VALUES (4062,4080,2,40,80,@@@NO@@@)','',2,'2013-07-01'),(32779,'INSERT INTO gne_vale_ferreteria_mov (vfe_id,pro_codigo_plu,vfm_cantidad,vfm_unitario,vfm_total,vfm_entregado) VALUES (4062,764572,2,100,200,@@@NO@@@)','',2,'2013-07-01'),(32780,'INSERT INTO gne_vale_ferreteria_mov (vfe_id,pro_codigo_plu,vfm_cantidad,vfm_unitario,vfm_total,vfm_entregado) VALUES (4062,763838,1,450,450,@@@NO@@@)','',2,'2013-07-01'),(32781,'INSERT INTO gne_vale_ferreteria (vfe_id,vfe_fecha,vfe_total,vfe_estado,vfe_entregado,usu_nusuario) VALUES (4063,@@@2013.07.01@@@,120,1,0,@@@G_DIAZ@@@)','',2,'2013-07-01'),(32782,'INSERT INTO gne_vale_ferreteria_mov (vfe_id,pro_codigo_plu,vfm_cantidad,vfm_unitario,vfm_total,vfm_entregado) VALUES (4063,764766,1,120,120,@@@NO@@@)','',2,'2013-07-01'),(32783,'INSERT INTO gne_vale_ferreteria (vfe_id,vfe_fecha,vfe_total,vfe_estado,vfe_entregado,usu_nusuario) VALUES (4064,@@@2013.07.01@@@,2440,1,0,@@@G_DIAZ@@@)','',2,'2013-07-01'),(32784,'INSERT INTO gne_vale_ferreteria_mov (vfe_id,pro_codigo_plu,vfm_cantidad,vfm_unitario,vfm_total,vfm_entregado) VALUES (4064,101620,1,1890,1890,@@@NO@@@)','',2,'2013-07-01'),(32785,'INSERT INTO gne_vale_ferreteria_mov (vfe_id,pro_codigo_plu,vfm_cantidad,vfm_unitario,vfm_total,vfm_entregado) VALUES (4064,763890,1,550,550,@@@NO@@@)','',2,'2013-07-01'),(32786,'INSERT INTO gne_vale_ferreteria (vfe_id,vfe_fecha,vfe_total,vfe_estado,vfe_entregado,usu_nusuario) VALUES (4065,@@@2013.07.01@@@,910,1,0,@@@G_DIAZ@@@)','',2,'2013-07-01'),(32787,'INSERT INTO gne_vale_ferreteria_mov (vfe_id,pro_codigo_plu,vfm_cantidad,vfm_unitario,vfm_total,vfm_entregado) VALUES (4065,761991,1,790,790,@@@NO@@@)','',2,'2013-07-01'),(32788,'INSERT INTO gne_vale_ferreteria_mov (vfe_id,pro_codigo_plu,vfm_cantidad,vfm_unitario,vfm_total,vfm_entregado) VALUES (4065,78017004,1,120,120,@@@NO@@@)','',2,'2013-07-01'),(32789,'INSERT INTO gne_vale_ferreteria (vfe_id,vfe_fecha,vfe_total,vfe_estado,vfe_entregado,usu_nusuario) VALUES (4066,@@@2013.07.01@@@,1000,1,0,@@@G_DIAZ@@@)','',2,'2013-07-01'),(32790,'INSERT INTO gne_vale_ferreteria_mov (vfe_id,pro_codigo_plu,vfm_cantidad,vfm_unitario,vfm_total,vfm_entregado) VALUES (4066,764192,1,1000,1000,@@@NO@@@)','',2,'2013-07-01'),(32791,'INSERT INTO gne_vale_ferreteria (vfe_id,vfe_fecha,vfe_total,vfe_estado,vfe_entregado,usu_nusuario) VALUES (4067,@@@2013.07.01@@@,240,1,0,@@@G_DIAZ@@@)','',2,'2013-07-01'),(32792,'INSERT INTO gne_vale_ferreteria_mov (vfe_id,pro_codigo_plu,vfm_cantidad,vfm_unitario,vfm_total,vfm_entregado) VALUES (4067,764834,12,20,240,@@@NO@@@)','',2,'2013-07-01'),(32793,'INSERT INTO gne_vale_ferreteria (vfe_id,vfe_fecha,vfe_total,vfe_estado,vfe_entregado,usu_nusuario) VALUES (4068,@@@2013.07.01@@@,2850,1,0,@@@G_DIAZ@@@)','',2,'2013-07-01'),(32794,'INSERT INTO gne_vale_ferreteria_mov (vfe_id,pro_codigo_plu,vfm_cantidad,vfm_unitario,vfm_total,vfm_entregado) VALUES (4068,764444,1,2850,2850,@@@NO@@@)','',2,'2013-07-01'),(32795,'INSERT INTO gpr_pack_virtual (pav_id,pav_nombre,pav_total_pack,pav_total_descuento,pav_desde,pav_hasta,pav_tipo,pav_precio,pav_lleva,pav_paga,pav_descuento,pav_porcentaje,pav_oferta_exclusiva,pav_agotar_stock,pav_stock,pav_costo,pav_margen) VALUES (14,@@@CANASTA TIPO A@@@,20826,250,@@@2013-07-01@@@,@@@2013-12-31@@@,@@@PR@@@,0,0,0,0,0,@@@NO@@@,@@@NO@@@,0,0,0)','',2,'2013-07-01'),(32796,'INSERT INTO gpr_pack_virtual_mov (pav_id,pro_codigo_plu,pvm_precio,pvm_total,pvm_lleva,pvm_paga,pvm_descuento,pvm_porcentaje,pvm_total_normal,pvm_descuento_linea,pvm_costo,pvm_margen) VALUES (14,10253,1350,1100,1,0.8148,0.1852,0,1350,250,0,0),(14,262032,699,1398,2,2,0,0,1398,0,0,0),(14,764410,5100,5390,1,1.0568,-0.0568,0,5100,-290,0,0),(14,11119,1550,4650,3,3,0,0,4650,0,0,0),(14,763298,420,1170,3,2.7857,0.2143,1,1260,90,0,0),(14,762491,990,1980,2,2,0,0,1980,0,0,0),(14,10844,390,390,1,1,0,0,390,0,0,0),(14,13393,250,500,2,2,0,0,500,0,0,0),(14,10072,1128,1128,1,1,0,0,1128,0,0,0),(14,11097,1100,930,1,0.8454,0.1546,0,1100,170,0,0),(14,21431,740,2190,3,2.9595,4.05000000000002E-02,0,2220,30,0,0)','',2,'2013-07-01'),(32797,'INSERT INTO gpr_pack_virtual_horario (pav_id,pvh_dia,pvh_hora_desde,pvh_hora_hasta) VALUES (14,99,@@@00:00@@@,@@@23:59@@@)','',2,'2013-07-01'),(32798,'INSERT INTO gne_vale_ferreteria (vfe_id,vfe_fecha,vfe_total,vfe_estado,vfe_entregado,usu_nusuario) VALUES (4069,@@@2013.07.01@@@,1790,1,0,@@@G_DIAZ@@@)','',2,'2013-07-01'),(32799,'INSERT INTO gne_vale_ferreteria_mov (vfe_id,pro_codigo_plu,vfm_cantidad,vfm_unitario,vfm_total,vfm_entregado) VALUES (4069,6012,1,1790,1790,@@@NO@@@)','',2,'2013-07-01'),(32800,'INSERT INTO gpr_pack_virtual (pav_id,pav_nombre,pav_total_pack,pav_total_descuento,pav_desde,pav_hasta,pav_tipo,pav_precio,pav_lleva,pav_paga,pav_descuento,pav_porcentaje,pav_oferta_exclusiva,pav_agotar_stock,pav_stock,pav_costo,pav_margen) VALUES (15,@@@CANASTA TIPO B@@@,25175,541,@@@2013-07-01@@@,@@@2013-12-31@@@,@@@PR@@@,0,0,0,0,0,@@@NO@@@,@@@NO@@@,0,0,0)','',2,'2013-07-01'),(32801,'INSERT INTO gpr_pack_virtual_mov (pav_id,pro_codigo_plu,pvm_precio,pvm_total,pvm_lleva,pvm_paga,pvm_descuento,pvm_porcentaje,pvm_total_normal,pvm_descuento_linea,pvm_costo,pvm_margen) VALUES (15,10253,1350,1100,1,0.8148,0.1852,0,1350,250,0,0),(15,262032,699,1398,2,2,0,0,1398,0,0,0),(15,764410,5100,5390,1,1.0568,-0.0568,0,5100,-290,0,0),(15,11119,1550,4650,3,3,0,0,4650,0,0,0),(15,763298,420,1170,3,2.7857,0.2143,0,1260,90,0,0),(15,762491,990,1980,2,2,0,0,1980,0,0,0),(15,10844,390,390,1,1,0,0,390,0,0,0),(15,13393,250,500,2,2,0,0,500,0,0,0),(15,10072,1128,1128,1,1,0,0,1128,0,0,0),(15,11097,1100,930,1,0.8454,0.1546,0,1100,170,0,0),(15,21431,740,2190,3,2.9595,4.05000000000002E-02,0,2220,30,0,0),(15,12202,860,850,1,0.98837,0.01163,0,860,10,0,0),(15,101682,3780,3499,1,0.92566,0.07434,0,3780,281,0,0)','',2,'2013-07-01'),(32802,'INSERT INTO gpr_pack_virtual_horario (pav_id,pvh_dia,pvh_hora_desde,pvh_hora_hasta) VALUES (15,99,@@@00:00@@@,@@@23:59@@@)','',2,'2013-07-01'),(32803,'INSERT INTO mae_clientes (cli_id,cli_rut,cli_nombre,cli_direccion,cli_sucursal,cli_ciudad,cli_nombre_contacto,cli_cargo,cli_telefono,cli_fax,cli_celular,cli_mail,tcp_id,cli_fecha_nacimiento,cli_activo,cli_limite_credito,cli_giro,cli_sobrecargo,cli_credito_ilimitado,cli_descuento_venta,cli_comuna) VALUES (@@@10@@@,@@@69170700-8@@@,@@@I. MUNICIPALIDAD DE NACIMIENTO@@@,@@@FREIRE 614@@@,@@@NACIMIENTO@@@,@@@NACIMIENTO@@@,@@@@@@,@@@@@@,@@@@@@,@@@@@@,@@@@@@,@@@@@@,@@@1@@@,@@@2013.07.01@@@,@@@1@@@,@@@1000000@@@,@@@ADMINISTRACION PUBLICA@@@,0,0,0,@@@NACIMIENTO@@@)','',2,'2013-07-01'),(32804,'INSERT INTO gne_vale_ferreteria (vfe_id,vfe_fecha,vfe_total,vfe_estado,vfe_entregado,usu_nusuario) VALUES (4070,@@@2013.07.01@@@,450,1,0,@@@G_DIAZ@@@)','',2,'2013-07-01'),(32805,'INSERT INTO gne_vale_ferreteria_mov (vfe_id,pro_codigo_plu,vfm_cantidad,vfm_unitario,vfm_total,vfm_entregado) VALUES (4070,1063,1,450,450,@@@NO@@@)','',2,'2013-07-01'),(32806,'INSERT INTO gne_vale_ferreteria (vfe_id,vfe_fecha,vfe_total,vfe_estado,vfe_entregado,usu_nusuario) VALUES (4071,@@@2013.07.01@@@,480,1,0,@@@G_DIAZ@@@)','',2,'2013-07-01'),(32807,'INSERT INTO gne_vale_ferreteria_mov (vfe_id,pro_codigo_plu,vfm_cantidad,vfm_unitario,vfm_total,vfm_entregado) VALUES (4071,16430,3,160,480,@@@NO@@@)','',2,'2013-07-01'),(32808,'INSERT INTO gne_vale_ferreteria (vfe_id,vfe_fecha,vfe_total,vfe_estado,vfe_entregado,usu_nusuario) VALUES (4072,@@@2013.07.01@@@,20,1,0,@@@G_DIAZ@@@)','',2,'2013-07-01'),(32809,'INSERT INTO gne_vale_ferreteria_mov (vfe_id,pro_codigo_plu,vfm_cantidad,vfm_unitario,vfm_total,vfm_entregado) VALUES (4072,764833,2,10,20,@@@NO@@@)','',2,'2013-07-01'),(32810,'INSERT INTO gne_vale_ferreteria (vfe_id,vfe_fecha,vfe_total,vfe_estado,vfe_entregado,usu_nusuario) VALUES (4073,@@@2013.07.01@@@,1880,1,0,@@@G_DIAZ@@@)','',2,'2013-07-01'),(32811,'INSERT INTO gne_vale_ferreteria_mov (vfe_id,pro_codigo_plu,vfm_cantidad,vfm_unitario,vfm_total,vfm_entregado) VALUES (4073,4125,1,390,390,@@@NO@@@)','',2,'2013-07-01'),(32812,'INSERT INTO gne_vale_ferreteria_mov (vfe_id,pro_codigo_plu,vfm_cantidad,vfm_unitario,vfm_total,vfm_entregado) VALUES (4073,780721209,1,1490,1490,@@@NO@@@)','',2,'2013-07-01'),(32813,'INSERT INTO gne_vale_ferreteria (vfe_id,vfe_fecha,vfe_total,vfe_estado,vfe_entregado,usu_nusuario) VALUES (4074,@@@2013.07.01@@@,450,1,0,@@@G_DIAZ@@@)','',2,'2013-07-01'),(32814,'INSERT INTO gne_vale_ferreteria_mov (vfe_id,pro_codigo_plu,vfm_cantidad,vfm_unitario,vfm_total,vfm_entregado) VALUES (4074,3100,1,450,450,@@@NO@@@)','',2,'2013-07-01'),(32815,'INSERT INTO gne_vale_ferreteria (vfe_id,vfe_fecha,vfe_total,vfe_estado,vfe_entregado,usu_nusuario) VALUES (4075,@@@2013.07.01@@@,100,1,0,@@@G_DIAZ@@@)','',2,'2013-07-01'),(32816,'INSERT INTO gne_vale_ferreteria_mov (vfe_id,pro_codigo_plu,vfm_cantidad,vfm_unitario,vfm_total,vfm_entregado) VALUES (4075,770063,1,100,100,@@@NO@@@)','',2,'2013-07-01'),(32817,'INSERT INTO gne_vale_ferreteria (vfe_id,vfe_fecha,vfe_total,vfe_estado,vfe_entregado,usu_nusuario) VALUES (4076,@@@2013.07.01@@@,80,1,0,@@@G_DIAZ@@@)','',2,'2013-07-01'),(32818,'INSERT INTO gne_vale_ferreteria_mov (vfe_id,pro_codigo_plu,vfm_cantidad,vfm_unitario,vfm_total,vfm_entregado) VALUES (4076,78017191,2,40,80,@@@NO@@@)','',2,'2013-07-01'),(32819,'INSERT INTO gne_vale_ferreteria (vfe_id,vfe_fecha,vfe_total,vfe_estado,vfe_entregado,usu_nusuario) VALUES (4077,@@@2013.07.01@@@,200,1,0,@@@G_DIAZ@@@)','',2,'2013-07-01'),(32820,'INSERT INTO gne_vale_ferreteria_mov (vfe_id,pro_codigo_plu,vfm_cantidad,vfm_unitario,vfm_total,vfm_entregado) VALUES (4077,78017238,1,200,200,@@@NO@@@)','',2,'2013-07-01'),(32821,'INSERT INTO gne_vale_ferreteria (vfe_id,vfe_fecha,vfe_total,vfe_estado,vfe_entregado,usu_nusuario) VALUES (4078,@@@2013.07.01@@@,1190,1,0,@@@G_DIAZ@@@)','',2,'2013-07-01'),(32822,'INSERT INTO gne_vale_ferreteria_mov (vfe_id,pro_codigo_plu,vfm_cantidad,vfm_unitario,vfm_total,vfm_entregado) VALUES (4078,763823,1,740,740,@@@NO@@@)','',2,'2013-07-01'),(32823,'INSERT INTO gne_vale_ferreteria_mov (vfe_id,pro_codigo_plu,vfm_cantidad,vfm_unitario,vfm_total,vfm_entregado) VALUES (4078,763892,1,450,450,@@@NO@@@)','',2,'2013-07-01'),(32824,'INSERT INTO gne_vale_ferreteria (vfe_id,vfe_fecha,vfe_total,vfe_estado,vfe_entregado,usu_nusuario) VALUES (4079,@@@2013.07.01@@@,790,1,0,@@@G_DIAZ@@@)','',2,'2013-07-01'),(32825,'INSERT INTO gne_vale_ferreteria_mov (vfe_id,pro_codigo_plu,vfm_cantidad,vfm_unitario,vfm_total,vfm_entregado) VALUES (4079,763804,1,790,790,@@@NO@@@)','',2,'2013-07-01'),(32826,'INSERT INTO gne_vale_ferreteria (vfe_id,vfe_fecha,vfe_total,vfe_estado,vfe_entregado,usu_nusuario) VALUES (4080,@@@2013.07.01@@@,100,1,0,@@@G_DIAZ@@@)','',2,'2013-07-01'),(32827,'INSERT INTO gne_vale_ferreteria_mov (vfe_id,pro_codigo_plu,vfm_cantidad,vfm_unitario,vfm_total,vfm_entregado) VALUES (4080,1542,1,100,100,@@@NO@@@)','',2,'2013-07-01'),(32828,'INSERT INTO gne_vale_ferreteria (vfe_id,vfe_fecha,vfe_total,vfe_estado,vfe_entregado,usu_nusuario) VALUES (4081,@@@2013.07.01@@@,990,1,0,@@@G_DIAZ@@@)','',2,'2013-07-01'),(32829,'INSERT INTO gne_vale_ferreteria_mov (vfe_id,pro_codigo_plu,vfm_cantidad,vfm_unitario,vfm_total,vfm_entregado) VALUES (4081,780220163,1,990,990,@@@NO@@@)','',2,'2013-07-01'),(32830,'UPDATE mae_productos SET pro_precio_compra_bruto=287,pro_margen_actual=(pro_precio_venta-287)/287 * 100,pro_ultima_compra=@@@2013.07.01@@@,pro_ultimo_proveedor=@@@93281000-K@@@ WHERE pro_codigo_plu=17189','',2,'2013-07-01'),(32831,'UPDATE mae_productos SET pro_precio_compra_bruto=287,pro_margen_actual=(pro_precio_venta-287)/287 * 100,pro_ultima_compra=@@@2013.07.01@@@,pro_ultimo_proveedor=@@@93281000-K@@@ WHERE pro_codigo_plu=17365','',2,'2013-07-01'),(32832,'UPDATE mae_productos SET pro_precio_compra_bruto=287,pro_margen_actual=(pro_precio_venta-287)/287 * 100,pro_ultima_compra=@@@2013.07.01@@@,pro_ultimo_proveedor=@@@93281000-K@@@ WHERE pro_codigo_plu=17187','',2,'2013-07-01'),(32833,'INSERT INTO gne_vale_ferreteria (vfe_id,vfe_fecha,vfe_total,vfe_estado,vfe_entregado,usu_nusuario) VALUES (4082,@@@2013.07.01@@@,320,1,0,@@@G_DIAZ@@@)','',2,'2013-07-01'),(32834,'INSERT INTO gne_vale_ferreteria_mov (vfe_id,pro_codigo_plu,vfm_cantidad,vfm_unitario,vfm_total,vfm_entregado) VALUES (4082,8022,1,120,120,@@@NO@@@)','',2,'2013-07-01'),(32835,'INSERT INTO gne_vale_ferreteria_mov (vfe_id,pro_codigo_plu,vfm_cantidad,vfm_unitario,vfm_total,vfm_entregado) VALUES (4082,3104,1,200,200,@@@NO@@@)','',2,'2013-07-01'),(32836,'INSERT INTO gne_vale_ferreteria (vfe_id,vfe_fecha,vfe_total,vfe_estado,vfe_entregado,usu_nusuario) VALUES (4083,@@@2013.07.01@@@,2590,1,0,@@@G_DIAZ@@@)','',2,'2013-07-01'),(32837,'INSERT INTO gne_vale_ferreteria_mov (vfe_id,pro_codigo_plu,vfm_cantidad,vfm_unitario,vfm_total,vfm_entregado) VALUES (4083,780721220,1,300,300,@@@NO@@@)','',2,'2013-07-01'),(32838,'INSERT INTO gne_vale_ferreteria_mov (vfe_id,pro_codigo_plu,vfm_cantidad,vfm_unitario,vfm_total,vfm_entregado) VALUES (4083,102715,1,2290,2290,@@@NO@@@)','',2,'2013-07-01'),(32839,'INSERT INTO gne_vale_ferreteria (vfe_id,vfe_fecha,vfe_total,vfe_estado,vfe_entregado,usu_nusuario) VALUES (4084,@@@2013.07.01@@@,120,1,0,@@@G_DIAZ@@@)','',2,'2013-07-01'),(32840,'INSERT INTO gne_vale_ferreteria_mov (vfe_id,pro_codigo_plu,vfm_cantidad,vfm_unitario,vfm_total,vfm_entregado) VALUES (4084,78017016,1,120,120,@@@NO@@@)','',2,'2013-07-01'),(32841,'INSERT INTO gne_vale_ferreteria (vfe_id,vfe_fecha,vfe_total,vfe_estado,vfe_entregado,usu_nusuario) VALUES (4085,@@@2013.07.01@@@,120,1,0,@@@G_DIAZ@@@)','',2,'2013-07-01'),(32842,'INSERT INTO gne_vale_ferreteria_mov (vfe_id,pro_codigo_plu,vfm_cantidad,vfm_unitario,vfm_total,vfm_entregado) VALUES (4085,8022,1,120,120,@@@NO@@@)','',2,'2013-07-01'),(32843,'INSERT INTO gne_vale_ferreteria (vfe_id,vfe_fecha,vfe_total,vfe_estado,vfe_entregado,usu_nusuario) VALUES (4086,@@@2013.07.01@@@,120,1,0,@@@G_DIAZ@@@)','',2,'2013-07-01'),(32844,'INSERT INTO gne_vale_ferreteria_mov (vfe_id,pro_codigo_plu,vfm_cantidad,vfm_unitario,vfm_total,vfm_entregado) VALUES (4086,8022,1,120,120,@@@NO@@@)','',2,'2013-07-01'),(32845,'INSERT INTO gne_vale_ferreteria (vfe_id,vfe_fecha,vfe_total,vfe_estado,vfe_entregado,usu_nusuario) VALUES (4087,@@@2013.07.01@@@,1990,1,0,@@@G_DIAZ@@@)','',2,'2013-07-01'),(32846,'INSERT INTO gne_vale_ferreteria_mov (vfe_id,pro_codigo_plu,vfm_cantidad,vfm_unitario,vfm_total,vfm_entregado) VALUES (4087,764803,1,1990,1990,@@@NO@@@)','',2,'2013-07-01'),(32847,'INSERT INTO gne_vale_ferreteria (vfe_id,vfe_fecha,vfe_total,vfe_estado,vfe_entregado,usu_nusuario) VALUES (4088,@@@2013.07.01@@@,120,1,0,@@@G_DIAZ@@@)','',2,'2013-07-01'),(32848,'INSERT INTO gne_vale_ferreteria_mov (vfe_id,pro_codigo_plu,vfm_cantidad,vfm_unitario,vfm_total,vfm_entregado) VALUES (4088,8022,1,120,120,@@@NO@@@)','',2,'2013-07-01'),(32849,'INSERT INTO gne_vale_ferreteria (vfe_id,vfe_fecha,vfe_total,vfe_estado,vfe_entregado,usu_nusuario) VALUES (4089,@@@2013.07.01@@@,240,1,0,@@@G_DIAZ@@@)','',2,'2013-07-01'),(32850,'INSERT INTO gne_vale_ferreteria_mov (vfe_id,pro_codigo_plu,vfm_cantidad,vfm_unitario,vfm_total,vfm_entregado) VALUES (4089,764157,2,120,240,@@@NO@@@)','',2,'2013-07-01'),(32851,'INSERT INTO gne_vale_ferreteria (vfe_id,vfe_fecha,vfe_total,vfe_estado,vfe_entregado,usu_nusuario) VALUES (4090,@@@2013.07.01@@@,140,1,0,@@@G_DIAZ@@@)','',2,'2013-07-01'),(32852,'INSERT INTO gne_vale_ferreteria_mov (vfe_id,pro_codigo_plu,vfm_cantidad,vfm_unitario,vfm_total,vfm_entregado) VALUES (4090,764364,1,140,140,@@@NO@@@)','',2,'2013-07-01'),(32853,'UPDATE mae_productos SET pro_precio_compra_bruto=1029,pro_margen_actual=(pro_precio_venta-1029)/1029 * 100,pro_ultima_compra=@@@2013.07.01@@@,pro_ultimo_proveedor=@@@78998410-7@@@ WHERE pro_codigo_plu=764101','',2,'2013-07-01'),(32854,'UPDATE mae_productos SET pro_precio_compra_bruto=1029,pro_margen_actual=(pro_precio_venta-1029)/1029 * 100,pro_ultima_compra=@@@2013.07.01@@@,pro_ultimo_proveedor=@@@78998410-7@@@ WHERE pro_codigo_plu=764109','',2,'2013-07-01'),(32855,'INSERT INTO gne_vale_ferreteria (vfe_id,vfe_fecha,vfe_total,vfe_estado,vfe_entregado,usu_nusuario) VALUES (4091,@@@2013.07.01@@@,390,1,0,@@@G_DIAZ@@@)','',2,'2013-07-01'),(32856,'INSERT INTO gne_vale_ferreteria_mov (vfe_id,pro_codigo_plu,vfm_cantidad,vfm_unitario,vfm_total,vfm_entregado) VALUES (4091,1535,1,390,390,@@@NO@@@)','',2,'2013-07-01'),(32857,'INSERT INTO gne_vale_ferreteria (vfe_id,vfe_fecha,vfe_total,vfe_estado,vfe_entregado,usu_nusuario) VALUES (4092,@@@2013.07.01@@@,960,1,0,@@@G_DIAZ@@@)','',2,'2013-07-01'),(32858,'INSERT INTO gne_vale_ferreteria_mov (vfe_id,pro_codigo_plu,vfm_cantidad,vfm_unitario,vfm_total,vfm_entregado) VALUES (4092,8023,1,390,390,@@@NO@@@)','',2,'2013-07-01'),(32859,'INSERT INTO gne_vale_ferreteria_mov (vfe_id,pro_codigo_plu,vfm_cantidad,vfm_unitario,vfm_total,vfm_entregado) VALUES (4092,764269,1,420,420,@@@NO@@@)','',2,'2013-07-01'),(32860,'INSERT INTO gne_vale_ferreteria_mov (vfe_id,pro_codigo_plu,vfm_cantidad,vfm_unitario,vfm_total,vfm_entregado) VALUES (4092,770035,1,150,150,@@@NO@@@)','',2,'2013-07-01'),(32861,'INSERT INTO gne_vale_ferreteria (vfe_id,vfe_fecha,vfe_total,vfe_estado,vfe_entregado,usu_nusuario) VALUES (4093,@@@2013.07.01@@@,1890,1,0,@@@G_DIAZ@@@)','',2,'2013-07-01'),(32862,'INSERT INTO gne_vale_ferreteria_mov (vfe_id,pro_codigo_plu,vfm_cantidad,vfm_unitario,vfm_total,vfm_entregado) VALUES (4093,763754,1,1890,1890,@@@NO@@@)','',2,'2013-07-01'),(32863,'INSERT INTO gne_vale_ferreteria (vfe_id,vfe_fecha,vfe_total,vfe_estado,vfe_entregado,usu_nusuario) VALUES (4094,@@@2013.07.01@@@,300,1,0,@@@G_DIAZ@@@)','',2,'2013-07-01'),(32864,'INSERT INTO gne_vale_ferreteria_mov (vfe_id,pro_codigo_plu,vfm_cantidad,vfm_unitario,vfm_total,vfm_entregado) VALUES (4094,7051,3,100,300,@@@NO@@@)','',2,'2013-07-01'),(32865,'UPDATE mae_productos SET pro_codigo_barra=@@@7802710337208@@@,pro_tipo=@@@0@@@,pro_nombre_producto=@@@KRIKO SAVORY 80ML@@@,pro_nombre_corto=@@@KRIKO SAVORY 80M@@@,med_id=@@@7@@@,emb_id=@@@3@@@,pro_unidades_embalaje=@@@0@@@,dep_id=@@@20 @@@,lin_id=@@@109@@@,mar_id=@@@22@@@,pro_precio_compra_neto=@@@0@@@,pro_precio_compra_bruto=@@@354.62@@@,pro_precio_venta=@@@490@@@,pro_margen_actual=@@@38.18@@@,pro_oferta=@@@NO@@@,pro_fecha_inicio_oferta=@@@2013.04.29@@@,pro_fecha_termino_oferta=@@@2013.04.29@@@,pro_precio_oferta=@@@0@@@,pro_stock_minimo=@@@5@@@,pro_stock_critico=@@@5@@@,pro_activo=@@@1@@@,pro_unidad=@@@0@@@,pro_precio_compra_bruto=354.62,pro_margen_actual=38.18,pro_capacidad=80,pro_funcion_plu=0,pro_flejes=1,pro_iva=1,pro_plu_asociado=0,pro_envase=@@@NO@@@,pro_duracion=0,pro_numero_etiqueta=0 WHERE pro_codigo_plu=@@@763928@@@','',2,'2013-07-01'),(32866,'UPDATE mae_productos SET pro_estado=1 WHERE pro_codigo_plu=763928','',2,'2013-07-01'),(32867,'DELETE FROM mae_impuestos_productos WHERE pro_codigo_plu=@@@763928@@@','',2,'2013-07-01'),(32868,'UPDATE mae_productos SET pro_codigo_barra=@@@7613032894146@@@,pro_tipo=@@@0@@@,pro_nombre_producto=@@@MINI CREMERIA SAHNE NUSS 210ML.@@@,pro_nombre_corto=@@@MINI CREMERIA SA@@@,med_id=@@@6@@@,emb_id=@@@4@@@,pro_unidades_embalaje=@@@12@@@,dep_id=@@@20 @@@,lin_id=@@@109@@@,mar_id=@@@9@@@,pro_precio_compra_neto=@@@0@@@,pro_precio_compra_bruto=@@@779.45@@@,pro_precio_venta=@@@1020@@@,pro_margen_actual=@@@30.86@@@,pro_oferta=@@@NO@@@,pro_fecha_inicio_oferta=@@@2010.11.23@@@,pro_fecha_termino_oferta=@@@2010.11.23@@@,pro_precio_oferta=@@@0@@@,pro_stock_minimo=@@@12@@@,pro_stock_critico=@@@6@@@,pro_activo=@@@1@@@,pro_unidad=@@@0@@@,pro_precio_compra_bruto=779.45,pro_margen_actual=30.86,pro_capacidad=210,pro_funcion_plu=0,pro_flejes=1,pro_iva=1,pro_plu_asociado=0,pro_envase=@@@NO@@@,pro_duracion=0,pro_numero_etiqueta=0 WHERE pro_codigo_plu=@@@762948@@@','',2,'2013-07-01'),(32869,'UPDATE mae_productos SET pro_estado=1 WHERE pro_codigo_plu=762948','',2,'2013-07-01'),(32870,'DELETE FROM mae_impuestos_productos WHERE pro_codigo_plu=@@@762948@@@','',2,'2013-07-01'),(32871,'UPDATE mae_productos SET pro_codigo_barra=@@@7613033037894@@@,pro_tipo=@@@0@@@,pro_nombre_producto=@@@CHAMONIX TRISABOR 2.5 L@@@,pro_nombre_corto=@@@CHAMONIX TRISABO@@@,med_id=@@@3@@@,emb_id=@@@3@@@,pro_unidades_embalaje=@@@0@@@,dep_id=@@@20 @@@,lin_id=@@@109@@@,mar_id=@@@47@@@,pro_precio_compra_neto=@@@0@@@,pro_precio_compra_bruto=@@@2391.9@@@,pro_precio_venta=@@@3190@@@,pro_margen_actual=@@@33.37@@@,pro_oferta=@@@NO@@@,pro_fecha_inicio_oferta=@@@2013.04.27@@@,pro_fecha_termino_oferta=@@@2013.04.27@@@,pro_precio_oferta=@@@0@@@,pro_stock_minimo=@@@2@@@,pro_stock_critico=@@@2@@@,pro_activo=@@@1@@@,pro_unidad=@@@0@@@,pro_precio_compra_bruto=2391.9,pro_margen_actual=33.37,pro_capacidad=25,pro_funcion_plu=0,pro_flejes=1,pro_iva=1,pro_plu_asociado=0,pro_envase=@@@NO@@@,pro_duracion=0,pro_numero_etiqueta=0 WHERE pro_codigo_plu=@@@763558@@@','',2,'2013-07-01'),(32872,'UPDATE mae_productos SET pro_estado=1 WHERE pro_codigo_plu=763558','',2,'2013-07-01'),(32873,'DELETE FROM mae_impuestos_productos WHERE pro_codigo_plu=@@@763558@@@','',2,'2013-07-01'),(32874,'UPDATE mae_productos SET pro_precio_compra_bruto=354.62,pro_margen_actual=(pro_precio_venta-354.62)/354.62 * 100,pro_ultima_compra=@@@2013.07.01@@@,pro_ultimo_proveedor=@@@90703000-8@@@ WHERE pro_codigo_plu=763928','',2,'2013-07-01'),(32875,'UPDATE mae_productos SET pro_precio_compra_bruto=542.64,pro_margen_actual=(pro_precio_venta-542.64)/542.64 * 100,pro_ultima_compra=@@@2013.07.01@@@,pro_ultimo_proveedor=@@@90703000-8@@@ WHERE pro_codigo_plu=763941','',2,'2013-07-01'),(32876,'UPDATE mae_productos SET pro_precio_compra_bruto=1274.49,pro_margen_actual=(pro_precio_venta-1274.49)/1274.49 * 100,pro_ultima_compra=@@@2013.07.01@@@,pro_ultimo_proveedor=@@@90703000-8@@@ WHERE pro_codigo_plu=15065','',2,'2013-07-01'),(32877,'UPDATE mae_productos SET pro_precio_compra_bruto=779.45,pro_margen_actual=(pro_precio_venta-779.45)/779.45 * 100,pro_ultima_compra=@@@2013.07.01@@@,pro_ultimo_proveedor=@@@90703000-8@@@ WHERE pro_codigo_plu=762948','',2,'2013-07-01'),(32878,'UPDATE mae_productos SET pro_precio_compra_bruto=2391.9,pro_margen_actual=(pro_precio_venta-2391.9)/2391.9 * 100,pro_ultima_compra=@@@2013.07.01@@@,pro_ultimo_proveedor=@@@90703000-8@@@ WHERE pro_codigo_plu=763558','',2,'2013-07-01'),(32879,'UPDATE mae_productos SET pro_codigo_barra=@@@7802920000091@@@,pro_tipo=@@@0@@@,pro_nombre_producto=@@@LECHE COLUN 1 LT BASE SEMID@@@,pro_nombre_corto=@@@LECHE COLUN SEMI@@@,med_id=@@@3@@@,emb_id=@@@4@@@,pro_unidades_embalaje=@@@12@@@,dep_id=@@@3 @@@,lin_id=@@@46@@@,mar_id=@@@1004@@@,pro_precio_compra_neto=@@@0@@@,pro_precio_compra_bruto=@@@559.59@@@,pro_precio_venta=@@@740@@@,pro_margen_actual=@@@32.24@@@,pro_oferta=@@@NO@@@,pro_fecha_inicio_oferta=@@@1900.01.01@@@,pro_fecha_termino_oferta=@@@1900.01.01@@@,pro_precio_oferta=@@@0@@@,pro_stock_minimo=@@@10@@@,pro_stock_critico=@@@5@@@,pro_activo=@@@1@@@,pro_unidad=@@@0@@@,pro_precio_compra_bruto=559.59,pro_margen_actual=32.24,pro_capacidad=1,pro_funcion_plu=0,pro_flejes=1,pro_iva=1,pro_plu_asociado=0,pro_envase=@@@NO@@@,pro_duracion=0,pro_numero_etiqueta=0 WHERE pro_codigo_plu=@@@16011@@@','',2,'2013-07-01'),(32880,'UPDATE mae_productos SET pro_estado=1 WHERE pro_codigo_plu=16011','',2,'2013-07-01'),(32881,'DELETE FROM mae_impuestos_productos WHERE pro_codigo_plu=@@@16011@@@','',2,'2013-07-01'),(32882,'UPDATE mae_productos SET pro_codigo_barra=@@@7802920460208@@@,pro_tipo=@@@0@@@,pro_nombre_producto=@@@QUESO COLUN CREMA NATURAL 200 GRS@@@,pro_nombre_corto=@@@QUESO COLUN CREM@@@,med_id=@@@1@@@,emb_id=@@@2@@@,pro_unidades_embalaje=@@@20@@@,dep_id=@@@13 @@@,lin_id=@@@80@@@,mar_id=@@@1004@@@,pro_precio_compra_neto=@@@0@@@,pro_precio_compra_bruto=@@@528@@@,pro_precio_venta=@@@750@@@,pro_margen_actual=@@@42.05@@@,pro_oferta=@@@NO@@@,pro_fecha_inicio_oferta=@@@1900.01.01@@@,pro_fecha_termino_oferta=@@@1900.01.01@@@,pro_precio_oferta=@@@0@@@,pro_stock_minimo=@@@15@@@,pro_stock_critico=@@@10@@@,pro_activo=@@@1@@@,pro_unidad=@@@0@@@,pro_precio_compra_bruto=528,pro_margen_actual=42.05,pro_capacidad=0.2,pro_funcion_plu=0,pro_flejes=1,pro_iva=1,pro_plu_asociado=0,pro_envase=@@@NO@@@,pro_duracion=0,pro_numero_etiqueta=0 WHERE pro_codigo_plu=@@@18668@@@','',2,'2013-07-01'),(32883,'UPDATE mae_productos SET pro_estado=1 WHERE pro_codigo_plu=18668','',2,'2013-07-01'),(32884,'DELETE FROM mae_impuestos_productos WHERE pro_codigo_plu=@@@18668@@@','',2,'2013-07-01'),(32885,'UPDATE mae_productos SET pro_codigo_barra=@@@7802920463100@@@,pro_tipo=@@@0@@@,pro_nombre_producto=@@@QUESO COLUN CREMA NATURAL 100 GRS@@@,pro_nombre_corto=@@@QUESO COLUN CREM@@@,med_id=@@@1@@@,emb_id=@@@2@@@,pro_unidades_embalaje=@@@40@@@,dep_id=@@@13 @@@,lin_id=@@@80@@@,mar_id=@@@1004@@@,pro_precio_compra_neto=@@@0@@@,pro_precio_compra_bruto=@@@273@@@,pro_precio_venta=@@@450@@@,pro_margen_actual=@@@64.84@@@,pro_oferta=@@@NO@@@,pro_fecha_inicio_oferta=@@@1900.01.01@@@,pro_fecha_termino_oferta=@@@1900.01.01@@@,pro_precio_oferta=@@@0@@@,pro_stock_minimo=@@@10@@@,pro_stock_critico=@@@5@@@,pro_activo=@@@1@@@,pro_unidad=@@@0@@@,pro_precio_compra_bruto=273,pro_margen_actual=64.84,pro_capacidad=0.1,pro_funcion_plu=0,pro_flejes=1,pro_iva=1,pro_plu_asociado=0,pro_envase=@@@NO@@@,pro_duracion=0,pro_numero_etiqueta=0 WHERE pro_codigo_plu=@@@18669@@@','',2,'2013-07-01'),(32886,'UPDATE mae_productos SET pro_estado=1 WHERE pro_codigo_plu=18669','',2,'2013-07-01'),(32887,'DELETE FROM mae_impuestos_productos WHERE pro_codigo_plu=@@@18669@@@','',2,'2013-07-01'),(32888,'UPDATE mae_productos SET pro_codigo_barra=@@@7802920203300@@@,pro_tipo=@@@0@@@,pro_nombre_producto=@@@MANTEQUILLA COLUN PAN 250 GRS@@@,pro_nombre_corto=@@@MANTEQUILLA COLU@@@,med_id=@@@5@@@,emb_id=@@@4@@@,pro_unidades_embalaje=@@@40@@@,dep_id=@@@3 @@@,lin_id=@@@47@@@,mar_id=@@@1004@@@,pro_precio_compra_neto=@@@0@@@,pro_precio_compra_bruto=@@@820@@@,pro_precio_venta=@@@1170@@@,pro_margen_actual=@@@42.68@@@,pro_oferta=@@@NO@@@,pro_fecha_inicio_oferta=@@@1900.01.01@@@,pro_fecha_termino_oferta=@@@1900.01.01@@@,pro_precio_oferta=@@@0@@@,pro_stock_minimo=@@@20@@@,pro_stock_critico=@@@15@@@,pro_activo=@@@1@@@,pro_unidad=@@@0@@@,pro_precio_compra_bruto=820,pro_margen_actual=42.68,pro_capacidad=0.25,pro_funcion_plu=0,pro_flejes=1,pro_iva=1,pro_plu_asociado=0,pro_envase=@@@NO@@@,pro_duracion=0,pro_numero_etiqueta=0 WHERE pro_codigo_plu=@@@16273@@@','',2,'2013-07-01'),(32889,'UPDATE mae_productos SET pro_estado=1 WHERE pro_codigo_plu=16273','',2,'2013-07-01'),(32890,'DELETE FROM mae_impuestos_productos WHERE pro_codigo_plu=@@@16273@@@','',2,'2013-07-01'),(32891,'UPDATE mae_productos SET pro_codigo_barra=@@@7802920202105@@@,pro_tipo=@@@0@@@,pro_nombre_producto=@@@MANTEQUILLA COLUN PAN 125 GRS@@@,pro_nombre_corto=@@@MANTEQUILLA COLU@@@,med_id=@@@5@@@,emb_id=@@@4@@@,pro_unidades_embalaje=@@@40@@@,dep_id=@@@3 @@@,lin_id=@@@47@@@,mar_id=@@@1004@@@,pro_precio_compra_neto=@@@0@@@,pro_precio_compra_bruto=@@@479@@@,pro_precio_venta=@@@599@@@,pro_margen_actual=@@@25.05@@@,pro_oferta=@@@NO@@@,pro_fecha_inicio_oferta=@@@1900.01.01@@@,pro_fecha_termino_oferta=@@@1900.01.01@@@,pro_precio_oferta=@@@0@@@,pro_stock_minimo=@@@20@@@,pro_stock_critico=@@@10@@@,pro_activo=@@@1@@@,pro_unidad=@@@0@@@,pro_precio_compra_bruto=479,pro_margen_actual=25.05,pro_capacidad=0.125,pro_funcion_plu=0,pro_flejes=1,pro_iva=1,pro_plu_asociado=0,pro_envase=@@@NO@@@,pro_duracion=0,pro_numero_etiqueta=0 WHERE pro_codigo_plu=@@@16272@@@','',2,'2013-07-01'),(32892,'UPDATE mae_productos SET pro_estado=1 WHERE pro_codigo_plu=16272','',2,'2013-07-01'),(32893,'DELETE FROM mae_impuestos_productos WHERE pro_codigo_plu=@@@16272@@@','',2,'2013-07-01'),(32894,'INSERT INTO mae_productos (pro_codigo_plu,pro_codigo_barra,pro_tipo,pro_nombre_producto,pro_nombre_corto,med_id,emb_id,pro_unidades_embalaje,dep_id,lin_id,mar_id,pro_precio_compra_neto,pro_precio_compra_bruto,pro_precio_venta,pro_margen_actual,pro_oferta,pro_fecha_inicio_oferta,pro_fecha_termino_oferta,pro_precio_oferta,pro_stock_minimo,pro_stock_critico,pro_entradas_bodega,pro_salidas_bodega,pro_mermas_bodega,pro_ajustes_bodega,pro_entradas_sv,pro_salidas_sv,pro_mermas_sv,pro_ajustes_sv,pro_activo,rec_numero,pro_unidad,pro_capacidad,pro_consumo_bodega,pro_consumo_sv,pro_estado,pro_funcion_plu,pro_flejes,pro_iva,pro_plu_asociado,pro_envase,pro_duracion,pro_numero_etiqueta) VALUES (780721269,@@@7802920005522@@@,@@@0@@@,@@@VILIB DEFENSAS NARANJA 100 ML@@@,@@@VILIB DEFENSAS N@@@,@@@7 @@@,@@@3 @@@,@@@4@@@,@@@3 @@@,@@@50@@@,@@@1004@@@,@@@0@@@,@@@226@@@,@@@260@@@,@@@15.04@@@,@@@@@@,@@@2006.09.07@@@,@@@2006.09.07@@@,@@@0@@@,@@@2@@@,@@@1@@@,@@@0@@@,@@@0@@@,@@@0@@@,@@@0@@@,@@@0@@@,@@@0@@@,@@@0@@@,@@@0@@@,@@@1@@@,@@@0@@@,0,100,0,0,2,0,1,1,0,@@@NO@@@,0,0)','',2,'2013-07-01'),(32895,'DELETE FROM mae_impuestos_productos WHERE pro_codigo_plu=@@@780721269@@@','',2,'2013-07-01'),(32896,'INSERT INTO mae_productos (pro_codigo_plu,pro_codigo_barra,pro_tipo,pro_nombre_producto,pro_nombre_corto,med_id,emb_id,pro_unidades_embalaje,dep_id,lin_id,mar_id,pro_precio_compra_neto,pro_precio_compra_bruto,pro_precio_venta,pro_margen_actual,pro_oferta,pro_fecha_inicio_oferta,pro_fecha_termino_oferta,pro_precio_oferta,pro_stock_minimo,pro_stock_critico,pro_entradas_bodega,pro_salidas_bodega,pro_mermas_bodega,pro_ajustes_bodega,pro_entradas_sv,pro_salidas_sv,pro_mermas_sv,pro_ajustes_sv,pro_activo,rec_numero,pro_unidad,pro_capacidad,pro_consumo_bodega,pro_consumo_sv,pro_estado,pro_funcion_plu,pro_flejes,pro_iva,pro_plu_asociado,pro_envase,pro_duracion,pro_numero_etiqueta) VALUES (780721270,@@@7802920005355@@@,@@@0@@@,@@@VILIB CORAZON 100ML@@@,@@@VILIB CORAZON 10@@@,@@@7 @@@,@@@3 @@@,@@@4@@@,@@@3 @@@,@@@50@@@,@@@1004@@@,@@@0@@@,@@@226@@@,@@@310@@@,@@@37.17@@@,@@@@@@,@@@2006.09.07@@@,@@@2006.09.07@@@,@@@0@@@,@@@4@@@,@@@2@@@,@@@0@@@,@@@0@@@,@@@0@@@,@@@0@@@,@@@0@@@,@@@0@@@,@@@0@@@,@@@0@@@,@@@1@@@,@@@0@@@,0,100,0,0,2,0,1,1,0,@@@NO@@@,0,0)','',2,'2013-07-01'),(32897,'DELETE FROM mae_impuestos_productos WHERE pro_codigo_plu=@@@780721270@@@','',2,'2013-07-01'),(32898,'UPDATE mae_productos SET pro_codigo_barra=@@@7802920005355@@@,pro_tipo=@@@0@@@,pro_nombre_producto=@@@VILIB CORAZON VAINILLA 100ML@@@,pro_nombre_corto=@@@VILIB CORAZON 10@@@,med_id=@@@7@@@,emb_id=@@@3@@@,pro_unidades_embalaje=@@@4@@@,dep_id=@@@3 @@@,lin_id=@@@50@@@,mar_id=@@@1004@@@,pro_precio_compra_neto=@@@0@@@,pro_precio_compra_bruto=@@@226@@@,pro_precio_venta=@@@310@@@,pro_margen_actual=@@@37.17@@@,pro_oferta=@@@NO@@@,pro_fecha_inicio_oferta=@@@2006.09.07@@@,pro_fecha_termino_oferta=@@@2006.09.07@@@,pro_precio_oferta=@@@0@@@,pro_stock_minimo=@@@4@@@,pro_stock_critico=@@@2@@@,pro_activo=@@@1@@@,pro_unidad=@@@0@@@,pro_precio_compra_bruto=226,pro_margen_actual=37.17,pro_capacidad=100,pro_funcion_plu=0,pro_flejes=1,pro_iva=1,pro_plu_asociado=0,pro_envase=@@@NO@@@,pro_duracion=0,pro_numero_etiqueta=0 WHERE pro_codigo_plu=@@@780721270@@@','',2,'2013-07-01'),(32899,'UPDATE mae_productos SET pro_estado=1 WHERE pro_codigo_plu=780721270','',2,'2013-07-01'),(32900,'DELETE FROM mae_impuestos_productos WHERE pro_codigo_plu=@@@780721270@@@','',2,'2013-07-01'),(32901,'UPDATE mae_productos SET pro_codigo_barra=@@@7802920005355@@@,pro_tipo=@@@0@@@,pro_nombre_producto=@@@VILIB CORAZON VAINILLA 100ML@@@,pro_nombre_corto=@@@VILIB CORAZON 10@@@,med_id=@@@7@@@,emb_id=@@@3@@@,pro_unidades_embalaje=@@@4@@@,dep_id=@@@3 @@@,lin_id=@@@50@@@,mar_id=@@@1004@@@,pro_precio_compra_neto=@@@0@@@,pro_precio_compra_bruto=@@@226@@@,pro_precio_venta=@@@310@@@,pro_margen_actual=@@@37.17@@@,pro_oferta=@@@NO@@@,pro_fecha_inicio_oferta=@@@2006.09.07@@@,pro_fecha_termino_oferta=@@@2006.09.07@@@,pro_precio_oferta=@@@0@@@,pro_stock_minimo=@@@4@@@,pro_stock_critico=@@@2@@@,pro_activo=@@@1@@@,pro_unidad=@@@0@@@,pro_precio_compra_bruto=226,pro_margen_actual=37.17,pro_capacidad=100,pro_funcion_plu=0,pro_flejes=1,pro_iva=1,pro_plu_asociado=0,pro_envase=@@@NO@@@,pro_duracion=0,pro_numero_etiqueta=0 WHERE pro_codigo_plu=@@@780721270@@@','',2,'2013-07-01'),(32902,'UPDATE mae_productos SET pro_estado=1 WHERE pro_codigo_plu=780721270','',2,'2013-07-01'),(32903,'DELETE FROM mae_impuestos_productos WHERE pro_codigo_plu=@@@780721270@@@','',2,'2013-07-01'),(32904,'UPDATE mae_productos SET pro_codigo_barra=@@@7802920005355@@@,pro_tipo=@@@0@@@,pro_nombre_producto=@@@VILIB CORAZON VAINILLA 100ML@@@,pro_nombre_corto=@@@VILIB CORAZON 10@@@,med_id=@@@7@@@,emb_id=@@@3@@@,pro_unidades_embalaje=@@@4@@@,dep_id=@@@3 @@@,lin_id=@@@50@@@,mar_id=@@@1004@@@,pro_precio_compra_neto=@@@0@@@,pro_precio_compra_bruto=@@@226@@@,pro_precio_venta=@@@310@@@,pro_margen_actual=@@@37.17@@@,pro_oferta=@@@NO@@@,pro_fecha_inicio_oferta=@@@2006.09.07@@@,pro_fecha_termino_oferta=@@@2006.09.07@@@,pro_precio_oferta=@@@0@@@,pro_stock_minimo=@@@4@@@,pro_stock_critico=@@@2@@@,pro_activo=@@@1@@@,pro_unidad=@@@0@@@,pro_precio_compra_bruto=226,pro_margen_actual=37.17,pro_capacidad=100,pro_funcion_plu=0,pro_flejes=1,pro_iva=1,pro_plu_asociado=0,pro_envase=@@@NO@@@,pro_duracion=0,pro_numero_etiqueta=0 WHERE pro_codigo_plu=@@@780721270@@@','',2,'2013-07-01'),(32905,'UPDATE mae_productos SET pro_estado=1 WHERE pro_codigo_plu=780721270','',2,'2013-07-01'),(32906,'DELETE FROM mae_impuestos_productos WHERE pro_codigo_plu=@@@780721270@@@','',2,'2013-07-01'),(32907,'UPDATE mae_productos SET pro_codigo_barra=@@@7802920005355@@@,pro_tipo=@@@0@@@,pro_nombre_producto=@@@VILIB CORAZON VAINILLA 100ML@@@,pro_nombre_corto=@@@VILIB CORAZON 10@@@,med_id=@@@7@@@,emb_id=@@@3@@@,pro_unidades_embalaje=@@@4@@@,dep_id=@@@3 @@@,lin_id=@@@50@@@,mar_id=@@@1004@@@,pro_precio_compra_neto=@@@0@@@,pro_precio_compra_bruto=@@@226@@@,pro_precio_venta=@@@310@@@,pro_margen_actual=@@@37.17@@@,pro_oferta=@@@NO@@@,pro_fecha_inicio_oferta=@@@2006.09.07@@@,pro_fecha_termino_oferta=@@@2006.09.07@@@,pro_precio_oferta=@@@0@@@,pro_stock_minimo=@@@4@@@,pro_stock_critico=@@@2@@@,pro_activo=@@@1@@@,pro_unidad=@@@0@@@,pro_precio_compra_bruto=226,pro_margen_actual=37.17,pro_capacidad=100,pro_funcion_plu=0,pro_flejes=1,pro_iva=1,pro_plu_asociado=0,pro_envase=@@@NO@@@,pro_duracion=0,pro_numero_etiqueta=0 WHERE pro_codigo_plu=@@@780721270@@@','',2,'2013-07-01'),(32908,'UPDATE mae_productos SET pro_estado=1 WHERE pro_codigo_plu=780721270','',2,'2013-07-01'),(32909,'DELETE FROM mae_impuestos_productos WHERE pro_codigo_plu=@@@780721270@@@','',2,'2013-07-01'),(32910,'UPDATE mae_productos SET pro_codigo_barra=@@@7802920005355@@@,pro_tipo=@@@0@@@,pro_nombre_producto=@@@VILIB CORAZON VAINILLA 100ML@@@,pro_nombre_corto=@@@VILIB CORAZON 10@@@,med_id=@@@7@@@,emb_id=@@@3@@@,pro_unidades_embalaje=@@@4@@@,dep_id=@@@3 @@@,lin_id=@@@50@@@,mar_id=@@@1004@@@,pro_precio_compra_neto=@@@0@@@,pro_precio_compra_bruto=@@@226@@@,pro_precio_venta=@@@310@@@,pro_margen_actual=@@@37.17@@@,pro_oferta=@@@NO@@@,pro_fecha_inicio_oferta=@@@2006.09.07@@@,pro_fecha_termino_oferta=@@@2006.09.07@@@,pro_precio_oferta=@@@0@@@,pro_stock_minimo=@@@4@@@,pro_stock_critico=@@@2@@@,pro_activo=@@@1@@@,pro_unidad=@@@0@@@,pro_precio_compra_bruto=226,pro_margen_actual=37.17,pro_capacidad=100,pro_funcion_plu=0,pro_flejes=1,pro_iva=1,pro_plu_asociado=0,pro_envase=@@@NO@@@,pro_duracion=0,pro_numero_etiqueta=0 WHERE pro_codigo_plu=@@@780721270@@@','',2,'2013-07-01'),(32911,'UPDATE mae_productos SET pro_estado=1 WHERE pro_codigo_plu=780721270','',2,'2013-07-01'),(32912,'DELETE FROM mae_impuestos_productos WHERE pro_codigo_plu=@@@780721270@@@','',2,'2013-07-01'),(32913,'INSERT INTO mae_productos (pro_codigo_plu,pro_codigo_barra,pro_tipo,pro_nombre_producto,pro_nombre_corto,med_id,emb_id,pro_unidades_embalaje,dep_id,lin_id,mar_id,pro_precio_compra_neto,pro_precio_compra_bruto,pro_precio_venta,pro_margen_actual,pro_oferta,pro_fecha_inicio_oferta,pro_fecha_termino_oferta,pro_precio_oferta,pro_stock_minimo,pro_stock_critico,pro_entradas_bodega,pro_salidas_bodega,pro_mermas_bodega,pro_ajustes_bodega,pro_entradas_sv,pro_salidas_sv,pro_mermas_sv,pro_ajustes_sv,pro_activo,rec_numero,pro_unidad,pro_capacidad,pro_consumo_bodega,pro_consumo_sv,pro_estado,pro_funcion_plu,pro_flejes,pro_iva,pro_plu_asociado,pro_envase,pro_duracion,pro_numero_etiqueta) VALUES (780292000,@@@7802920005331@@@,@@@0@@@,@@@VILIB CORAZON CHIRIMOYA 100 ML@@@,@@@VILIB CORAZON CH@@@,@@@7 @@@,@@@3 @@@,@@@4@@@,@@@3 @@@,@@@50@@@,@@@1004@@@,@@@0@@@,@@@226@@@,@@@310@@@,@@@37.17@@@,@@@@@@,@@@2013.07.01@@@,@@@2013.07.01@@@,@@@0@@@,@@@4@@@,@@@2@@@,@@@0@@@,@@@0@@@,@@@0@@@,@@@0@@@,@@@0@@@,@@@0@@@,@@@0@@@,@@@0@@@,@@@1@@@,@@@0@@@,0,100,0,0,2,0,1,1,0,@@@NO@@@,0,0)','',2,'2013-07-01'),(32914,'DELETE FROM mae_impuestos_productos WHERE pro_codigo_plu=@@@780292000@@@','',2,'2013-07-01'),(32915,'INSERT INTO mae_productos (pro_codigo_plu,pro_codigo_barra,pro_tipo,pro_nombre_producto,pro_nombre_corto,med_id,emb_id,pro_unidades_embalaje,dep_id,lin_id,mar_id,pro_precio_compra_neto,pro_precio_compra_bruto,pro_precio_venta,pro_margen_actual,pro_oferta,pro_fecha_inicio_oferta,pro_fecha_termino_oferta,pro_precio_oferta,pro_stock_minimo,pro_stock_critico,pro_entradas_bodega,pro_salidas_bodega,pro_mermas_bodega,pro_ajustes_bodega,pro_entradas_sv,pro_salidas_sv,pro_mermas_sv,pro_ajustes_sv,pro_activo,rec_numero,pro_unidad,pro_capacidad,pro_consumo_bodega,pro_consumo_sv,pro_estado,pro_funcion_plu,pro_flejes,pro_iva,pro_plu_asociado,pro_envase,pro_duracion,pro_numero_etiqueta) VALUES (780721271,@@@7802920005348@@@,@@@0@@@,@@@VILIB CORAZON FRAMBUESA 100 ML@@@,@@@VILIB CORAZON FR@@@,@@@7 @@@,@@@3 @@@,@@@4@@@,@@@3 @@@,@@@50@@@,@@@1004@@@,@@@0@@@,@@@226@@@,@@@310@@@,@@@37.17@@@,@@@@@@,@@@2013.07.01@@@,@@@2013.07.01@@@,@@@0@@@,@@@4@@@,@@@2@@@,@@@0@@@,@@@0@@@,@@@0@@@,@@@0@@@,@@@0@@@,@@@0@@@,@@@0@@@,@@@0@@@,@@@1@@@,@@@0@@@,0,100,0,0,2,0,1,1,0,@@@NO@@@,0,0)','',2,'2013-07-01'),(32916,'DELETE FROM mae_impuestos_productos WHERE pro_codigo_plu=@@@780721271@@@','',2,'2013-07-01'),(32917,'INSERT INTO gne_vale_ferreteria (vfe_id,vfe_fecha,vfe_total,vfe_estado,vfe_entregado,usu_nusuario) VALUES (4095,@@@2013.07.01@@@,260,1,0,@@@G_DIAZ@@@)','',2,'2013-07-01'),(32918,'INSERT INTO gne_vale_ferreteria_mov (vfe_id,pro_codigo_plu,vfm_cantidad,vfm_unitario,vfm_total,vfm_entregado) VALUES (4095,764364,1,140,140,@@@NO@@@)','',2,'2013-07-01'),(32919,'INSERT INTO gne_vale_ferreteria_mov (vfe_id,pro_codigo_plu,vfm_cantidad,vfm_unitario,vfm_total,vfm_entregado) VALUES (4095,78017204,1,120,120,@@@NO@@@)','',2,'2013-07-01'),(32920,'UPDATE mae_productos SET pro_codigo_barra=@@@78013056@@@,pro_tipo=@@@0@@@,pro_nombre_producto=@@@PETIT MIMUN FRUTILLA 45 GRS.@@@,pro_nombre_corto=@@@PETIT MIMUN FRU@@@,med_id=@@@5@@@,emb_id=@@@4@@@,pro_unidades_embalaje=@@@108@@@,dep_id=@@@3 @@@,lin_id=@@@50@@@,mar_id=@@@1004@@@,pro_precio_compra_neto=@@@0@@@,pro_precio_compra_bruto=@@@89.44@@@,pro_precio_venta=@@@140@@@,pro_margen_actual=@@@56.53@@@,pro_oferta=@@@NO@@@,pro_fecha_inicio_oferta=@@@1900.01.01@@@,pro_fecha_termino_oferta=@@@1900.01.01@@@,pro_precio_oferta=@@@0@@@,pro_stock_minimo=@@@20@@@,pro_stock_critico=@@@10@@@,pro_activo=@@@1@@@,pro_unidad=@@@0@@@,pro_precio_compra_bruto=89.44,pro_margen_actual=56.53,pro_capacidad=0.045,pro_funcion_plu=0,pro_flejes=1,pro_iva=1,pro_plu_asociado=0,pro_envase=@@@NO@@@,pro_duracion=0,pro_numero_etiqueta=0 WHERE pro_codigo_plu=@@@13322@@@','',2,'2013-07-01'),(32921,'UPDATE mae_productos SET pro_estado=1 WHERE pro_codigo_plu=13322','',2,'2013-07-01'),(32922,'DELETE FROM mae_impuestos_productos WHERE pro_codigo_plu=@@@13322@@@','',2,'2013-07-01'),(32923,'UPDATE mae_productos SET pro_codigo_barra=@@@7802920001067@@@,pro_tipo=@@@0@@@,pro_nombre_producto=@@@YOGHURT COLUN LIGHT  125GR DAMASCO@@@,pro_nombre_corto=@@@YOG. COLUN LIG.O@@@,med_id=@@@1@@@,emb_id=@@@4@@@,pro_unidades_embalaje=@@@48@@@,dep_id=@@@3 @@@,lin_id=@@@50@@@,mar_id=@@@1004@@@,pro_precio_compra_neto=@@@0@@@,pro_precio_compra_bruto=@@@145.775@@@,pro_precio_venta=@@@200@@@,pro_margen_actual=@@@37.2@@@,pro_oferta=@@@NO@@@,pro_fecha_inicio_oferta=@@@1900.01.01@@@,pro_fecha_termino_oferta=@@@1900.01.01@@@,pro_precio_oferta=@@@0@@@,pro_stock_minimo=@@@5@@@,pro_stock_critico=@@@2@@@,pro_activo=@@@1@@@,pro_unidad=@@@0@@@,pro_precio_compra_bruto=145.775,pro_margen_actual=37.2,pro_capacidad=0.14,pro_funcion_plu=0,pro_flejes=1,pro_iva=1,pro_plu_asociado=0,pro_envase=@@@NO@@@,pro_duracion=0,pro_numero_etiqueta=0 WHERE pro_codigo_plu=@@@16632@@@','',2,'2013-07-01'),(32924,'UPDATE mae_productos SET pro_estado=1 WHERE pro_codigo_plu=16632','',2,'2013-07-01'),(32925,'DELETE FROM mae_impuestos_productos WHERE pro_codigo_plu=@@@16632@@@','',2,'2013-07-01'),(32926,'UPDATE mae_productos SET pro_codigo_barra=@@@7802920242514@@@,pro_tipo=@@@0@@@,pro_nombre_producto=@@@YOGHURT COLUN BOL 1 KG FRUTILLA@@@,pro_nombre_corto=@@@YOGHURT COLUN BO@@@,med_id=@@@1@@@,emb_id=@@@2@@@,pro_unidades_embalaje=@@@18@@@,dep_id=@@@3 @@@,lin_id=@@@50@@@,mar_id=@@@1004@@@,pro_precio_compra_neto=@@@0@@@,pro_precio_compra_bruto=@@@809.2@@@,pro_precio_venta=@@@1060@@@,pro_margen_actual=@@@30.99@@@,pro_oferta=@@@NO@@@,pro_fecha_inicio_oferta=@@@1900.01.01@@@,pro_fecha_termino_oferta=@@@1900.01.01@@@,pro_precio_oferta=@@@0@@@,pro_stock_minimo=@@@4@@@,pro_stock_critico=@@@2@@@,pro_activo=@@@1@@@,pro_unidad=@@@0@@@,pro_precio_compra_bruto=809.2,pro_margen_actual=30.99,pro_capacidad=1,pro_funcion_plu=0,pro_flejes=1,pro_iva=1,pro_plu_asociado=0,pro_envase=@@@NO@@@,pro_duracion=0,pro_numero_etiqueta=0 WHERE pro_codigo_plu=@@@16639@@@','',2,'2013-07-01'),(32927,'UPDATE mae_productos SET pro_estado=1 WHERE pro_codigo_plu=16639','',2,'2013-07-01'),(32928,'DELETE FROM mae_impuestos_productos WHERE pro_codigo_plu=@@@16639@@@','',2,'2013-07-01'),(32929,'UPDATE mae_productos SET pro_precio_venta=199,pro_margen_actual=36.51, pro_precio_compra_bruto=145.775, pro_precio_compra_neto=122.5 WHERE pro_codigo_plu=16632','',2,'2013-07-01'),(32930,'UPDATE mae_productos SET pro_precio_venta=649,pro_margen_actual=35.49, pro_precio_compra_bruto=479, pro_precio_compra_neto=402.521008403361 WHERE pro_codigo_plu=16272','',2,'2013-07-01'),(32931,'UPDATE mae_productos SET pro_precio_venta=299,pro_margen_actual=32.3, pro_precio_compra_bruto=226, pro_precio_compra_neto=189.915966386555 WHERE pro_codigo_plu=780721269','',2,'2013-07-01'),(32932,'UPDATE mae_productos SET pro_precio_venta=299,pro_margen_actual=32.3, pro_precio_compra_bruto=226, pro_precio_compra_neto=189.915966386555 WHERE pro_codigo_plu=780721270','',2,'2013-07-01'),(32933,'UPDATE mae_productos SET pro_precio_venta=299,pro_margen_actual=32.3, pro_precio_compra_bruto=226, pro_precio_compra_neto=189.915966386555 WHERE pro_codigo_plu=780721271','',2,'2013-07-01'),(32934,'UPDATE mae_productos SET pro_precio_venta=299,pro_margen_actual=32.3, pro_precio_compra_bruto=226, pro_precio_compra_neto=189.915966386555 WHERE pro_codigo_plu=780292000','',2,'2013-07-01'),(32935,'INSERT INTO gne_vale_ferreteria (vfe_id,vfe_fecha,vfe_total,vfe_estado,vfe_entregado,usu_nusuario) VALUES (4096,@@@2013.07.01@@@,890,1,0,@@@G_DIAZ@@@)','',2,'2013-07-01'),(32936,'INSERT INTO gne_vale_ferreteria_mov (vfe_id,pro_codigo_plu,vfm_cantidad,vfm_unitario,vfm_total,vfm_entregado) VALUES (4096,762002,1,490,490,@@@NO@@@)','',2,'2013-07-01'),(32937,'INSERT INTO gne_vale_ferreteria_mov (vfe_id,pro_codigo_plu,vfm_cantidad,vfm_unitario,vfm_total,vfm_entregado) VALUES (4096,12083,1,260,260,@@@NO@@@)','',2,'2013-07-01'),(32938,'INSERT INTO gne_vale_ferreteria_mov (vfe_id,pro_codigo_plu,vfm_cantidad,vfm_unitario,vfm_total,vfm_entregado) VALUES (4096,764364,1,140,140,@@@NO@@@)','',2,'2013-07-01'),(32939,'UPDATE mae_productos SET pro_codigo_barra=@@@210@@@,pro_tipo=@@@0@@@,pro_nombre_producto=@@@CHULETON AHUMADO@@@,pro_nombre_corto=@@@CHULETON AHUMADO@@@,med_id=@@@2@@@,emb_id=@@@1@@@,pro_unidades_embalaje=@@@1@@@,dep_id=@@@11 @@@,lin_id=@@@70@@@,mar_id=@@@2507@@@,pro_precio_compra_neto=@@@0@@@,pro_precio_compra_bruto=@@@2989.28@@@,pro_precio_venta=@@@4190@@@,pro_margen_actual=@@@40.17@@@,pro_oferta=@@@NO@@@,pro_fecha_inicio_oferta=@@@1900.01.01@@@,pro_fecha_termino_oferta=@@@1900.01.01@@@,pro_precio_oferta=@@@0@@@,pro_stock_minimo=@@@5@@@,pro_stock_critico=@@@2@@@,pro_activo=@@@1@@@,pro_unidad=@@@0@@@,pro_precio_compra_bruto=2989.28,pro_margen_actual=40.17,pro_capacidad=1,pro_funcion_plu=0,pro_flejes=0,pro_iva=1,pro_plu_asociado=0,pro_envase=@@@NO@@@,pro_duracion=0,pro_numero_etiqueta=0 WHERE pro_codigo_plu=@@@210@@@','',2,'2013-07-01'),(32940,'UPDATE mae_productos SET pro_estado=1 WHERE pro_codigo_plu=210','',2,'2013-07-01'),(32941,'DELETE FROM mae_impuestos_productos WHERE pro_codigo_plu=@@@210@@@','',2,'2013-07-01'),(32942,'UPDATE mae_productos SET pro_codigo_barra=@@@215@@@,pro_tipo=@@@0@@@,pro_nombre_producto=@@@PRIETAS@@@,pro_nombre_corto=@@@PRIETAS@@@,med_id=@@@2@@@,emb_id=@@@1@@@,pro_unidades_embalaje=@@@1@@@,dep_id=@@@11 @@@,lin_id=@@@70@@@,mar_id=@@@2507@@@,pro_precio_compra_neto=@@@0@@@,pro_precio_compra_bruto=@@@1535@@@,pro_precio_venta=@@@1990@@@,pro_margen_actual=@@@29.64@@@,pro_oferta=@@@NO@@@,pro_fecha_inicio_oferta=@@@1900.01.01@@@,pro_fecha_termino_oferta=@@@1900.01.01@@@,pro_precio_oferta=@@@0@@@,pro_stock_minimo=@@@5@@@,pro_stock_critico=@@@2@@@,pro_activo=@@@1@@@,pro_unidad=@@@0@@@,pro_precio_compra_bruto=1535,pro_margen_actual=29.64,pro_capacidad=1,pro_funcion_plu=0,pro_flejes=0,pro_iva=1,pro_plu_asociado=0,pro_envase=@@@NO@@@,pro_duracion=0,pro_numero_etiqueta=0 WHERE pro_codigo_plu=@@@215@@@','',2,'2013-07-01'),(32943,'UPDATE mae_productos SET pro_estado=1 WHERE pro_codigo_plu=215','',2,'2013-07-01'),(32944,'DELETE FROM mae_impuestos_productos WHERE pro_codigo_plu=@@@215@@@','',2,'2013-07-01'),(32945,'INSERT INTO gne_vale_ferreteria (vfe_id,vfe_fecha,vfe_total,vfe_estado,vfe_entregado,usu_nusuario) VALUES (4097,@@@2013.07.01@@@,790,1,0,@@@G_DIAZ@@@)','',2,'2013-07-01'),(32946,'INSERT INTO gne_vale_ferreteria_mov (vfe_id,pro_codigo_plu,vfm_cantidad,vfm_unitario,vfm_total,vfm_entregado) VALUES (4097,78017055,1,790,790,@@@NO@@@)','',2,'2013-07-01'),(32947,'INSERT INTO gne_vale_ferreteria (vfe_id,vfe_fecha,vfe_total,vfe_estado,vfe_entregado,usu_nusuario) VALUES (4098,@@@2013.07.01@@@,380,1,0,@@@G_DIAZ@@@)','',2,'2013-07-01'),(32948,'INSERT INTO gne_vale_ferreteria_mov (vfe_id,pro_codigo_plu,vfm_cantidad,vfm_unitario,vfm_total,vfm_entregado) VALUES (4098,1537,2,190,380,@@@NO@@@)','',2,'2013-07-01'),(32949,'INSERT INTO gne_vale_ferreteria (vfe_id,vfe_fecha,vfe_total,vfe_estado,vfe_entregado,usu_nusuario) VALUES (4099,@@@2013.07.01@@@,40,1,0,@@@G_DIAZ@@@)','',2,'2013-07-01'),(32950,'INSERT INTO gne_vale_ferreteria_mov (vfe_id,pro_codigo_plu,vfm_cantidad,vfm_unitario,vfm_total,vfm_entregado) VALUES (4099,78017191,1,40,40,@@@NO@@@)','',2,'2013-07-01'),(32951,'UPDATE mae_productos SET pro_precio_compra_bruto=3600,pro_margen_actual=(pro_precio_venta-3600)/3600 * 100,pro_ultima_compra=@@@2013.07.01@@@,pro_ultimo_proveedor=@@@77847960-5@@@ WHERE pro_codigo_plu=203','',2,'2013-07-01'),(32952,'UPDATE mae_productos SET pro_precio_compra_bruto=2989.28,pro_margen_actual=(pro_precio_venta-2989.28)/2989.28 * 100,pro_ultima_compra=@@@2013.07.01@@@,pro_ultimo_proveedor=@@@77847960-5@@@ WHERE pro_codigo_plu=210','',2,'2013-07-01'),(32953,'UPDATE mae_productos SET pro_precio_compra_bruto=1535,pro_margen_actual=(pro_precio_venta-1535)/1535 * 100,pro_ultima_compra=@@@2013.07.01@@@,pro_ultimo_proveedor=@@@77847960-5@@@ WHERE pro_codigo_plu=215','',2,'2013-07-01'),(32954,'UPDATE mae_productos SET pro_precio_compra_bruto=3349,pro_margen_actual=(pro_precio_venta-3349)/3349 * 100,pro_ultima_compra=@@@2013.07.01@@@,pro_ultimo_proveedor=@@@77847960-5@@@ WHERE pro_codigo_plu=310','',2,'2013-07-01'),(32955,'INSERT INTO gne_vale_ferreteria (vfe_id,vfe_fecha,vfe_total,vfe_estado,vfe_entregado,usu_nusuario) VALUES (4100,@@@2013.07.01@@@,300,1,0,@@@G_DIAZ@@@)','',2,'2013-07-01'),(32956,'INSERT INTO gne_vale_ferreteria_mov (vfe_id,pro_codigo_plu,vfm_cantidad,vfm_unitario,vfm_total,vfm_entregado) VALUES (4100,2004,1,300,300,@@@NO@@@)','',2,'2013-07-01'),(32957,'INSERT INTO gne_vale_ferreteria (vfe_id,vfe_fecha,vfe_total,vfe_estado,vfe_entregado,usu_nusuario) VALUES (4101,@@@2013.07.01@@@,120,1,0,@@@G_DIAZ@@@)','',2,'2013-07-01'),(32958,'INSERT INTO gne_vale_ferreteria_mov (vfe_id,pro_codigo_plu,vfm_cantidad,vfm_unitario,vfm_total,vfm_entregado) VALUES (4101,78017154,1,120,120,@@@NO@@@)','',2,'2013-07-01'),(32959,'INSERT INTO gne_vale_ferreteria (vfe_id,vfe_fecha,vfe_total,vfe_estado,vfe_entregado,usu_nusuario) VALUES (4102,@@@2013.07.02@@@,1780,1,0,@@@S_BIZAMA@@@)','',2,'2013-07-02'),(32960,'INSERT INTO gne_vale_ferreteria_mov (vfe_id,pro_codigo_plu,vfm_cantidad,vfm_unitario,vfm_total,vfm_entregado) VALUES (4102,15437,1,1390,1390,@@@NO@@@)','',2,'2013-07-02'),(32961,'INSERT INTO gne_vale_ferreteria_mov (vfe_id,pro_codigo_plu,vfm_cantidad,vfm_unitario,vfm_total,vfm_entregado) VALUES (4102,15454,1,390,390,@@@NO@@@)','',2,'2013-07-02'),(32962,'INSERT INTO mae_productos (pro_codigo_plu,pro_codigo_barra,pro_tipo,pro_nombre_producto,pro_nombre_corto,med_id,emb_id,pro_unidades_embalaje,dep_id,lin_id,mar_id,pro_precio_compra_neto,pro_precio_compra_bruto,pro_precio_venta,pro_margen_actual,pro_oferta,pro_fecha_inicio_oferta,pro_fecha_termino_oferta,pro_precio_oferta,pro_stock_minimo,pro_stock_critico,pro_entradas_bodega,pro_salidas_bodega,pro_mermas_bodega,pro_ajustes_bodega,pro_entradas_sv,pro_salidas_sv,pro_mermas_sv,pro_ajustes_sv,pro_activo,rec_numero,pro_unidad,pro_capacidad,pro_consumo_bodega,pro_consumo_sv,pro_estado,pro_funcion_plu,pro_flejes,pro_iva,pro_plu_asociado,pro_envase,pro_duracion,pro_numero_etiqueta) VALUES (780721272,@@@7802820250268@@@,@@@0@@@,@@@KAPO DE FRAMBUEZA 252ML@@@,@@@KAPO DE FRAMBUEZ@@@,@@@7 @@@,@@@3 @@@,@@@0@@@,@@@8 @@@,@@@64@@@,@@@912@@@,@@@0@@@,@@@0@@@,@@@200@@@,@@@0@@@,@@@@@@,@@@2013.07.02@@@,@@@2013.07.02@@@,@@@0@@@,@@@10@@@,@@@5@@@,@@@0@@@,@@@0@@@,@@@0@@@,@@@0@@@,@@@0@@@,@@@0@@@,@@@0@@@,@@@0@@@,@@@1@@@,@@@0@@@,0,252,0,0,2,0,1,1,0,@@@NO@@@,0,0)','',2,'2013-07-02'),(32963,'DELETE FROM mae_impuestos_productos WHERE pro_codigo_plu=@@@780721272@@@','',2,'2013-07-02'),(32964,'UPDATE mae_productos SET pro_precio_fiscal=pro_precio_venta WHERE pro_codigo_plu=780721272','',2,'2013-07-02'),(32965,'UPDATE mae_productos SET pro_precio_fiscal=pro_precio_venta WHERE pro_codigo_plu=16011','',2,'2013-07-02'),(32966,'UPDATE mae_productos SET pro_precio_fiscal=pro_precio_venta WHERE pro_codigo_plu=16632','',2,'2013-07-02'),(32967,'UPDATE mae_productos SET pro_precio_fiscal=pro_precio_venta WHERE pro_codigo_plu=780292000','',2,'2013-07-02'),(32968,'UPDATE mae_productos SET pro_precio_fiscal=pro_precio_venta WHERE pro_codigo_plu=780721271','',2,'2013-07-02'),(32969,'UPDATE mae_productos SET pro_precio_fiscal=pro_precio_venta WHERE pro_codigo_plu=780721270','',2,'2013-07-02'),(32970,'UPDATE mae_productos SET pro_precio_fiscal=pro_precio_venta WHERE pro_codigo_plu=780721269','',2,'2013-07-02'),(32971,'UPDATE mae_productos SET pro_precio_fiscal=pro_precio_venta WHERE pro_codigo_plu=16272','',2,'2013-07-02'),(32972,'UPDATE mae_productos SET pro_margen_actual=33.37,pro_precio_venta=3190 WHERE pro_codigo_plu=763558','',2,'2013-07-02'),(32973,'UPDATE mae_productos SET pro_margen_actual=40.17,pro_precio_venta=4190 WHERE pro_codigo_plu=210','',2,'2013-07-02'),(32974,'UPDATE mae_productos SET pro_margen_actual=38.18,pro_precio_venta=490 WHERE pro_codigo_plu=763928','',2,'2013-07-02'),(32975,'UPDATE mae_productos SET pro_margen_actual=42.68,pro_precio_venta=1170 WHERE pro_codigo_plu=16273','',2,'2013-07-02'),(32976,'UPDATE mae_productos SET pro_margen_actual=30.86,pro_precio_venta=1020 WHERE pro_codigo_plu=762948','',2,'2013-07-02'),(32977,'UPDATE mae_productos SET pro_margen_actual=56.53,pro_precio_venta=140 WHERE pro_codigo_plu=13322','',2,'2013-07-02'),(32978,'UPDATE mae_productos SET pro_margen_actual=29.64,pro_precio_venta=1990 WHERE pro_codigo_plu=215','',2,'2013-07-02'),(32979,'UPDATE mae_productos SET pro_margen_actual=64.84,pro_precio_venta=450 WHERE pro_codigo_plu=18669','',2,'2013-07-02'),(32980,'UPDATE mae_productos SET pro_margen_actual=42.05,pro_precio_venta=750 WHERE pro_codigo_plu=18668','',2,'2013-07-02'),(32981,'UPDATE mae_productos SET pro_margen_actual=30.99,pro_precio_venta=1060 WHERE pro_codigo_plu=16639','',2,'2013-07-02'),(32982,'UPDATE mae_productos SET pro_margen_actual=0,pro_precio_venta=1910 WHERE pro_codigo_plu=19177','',2,'2013-07-02'),(32983,'UPDATE mae_productos SET pro_precio_fiscal=pro_precio_venta WHERE pro_codigo_plu=19177','',2,'2013-07-02'),(32984,'UPDATE mae_productos SET pro_precio_compra_bruto=1136,pro_margen_actual=(pro_precio_venta-1136)/1136 * 100,pro_ultima_compra=@@@2013.07.02@@@,pro_ultimo_proveedor=@@@88502900-0@@@ WHERE pro_codigo_plu=21194','',2,'2013-07-02'),(32985,'UPDATE mae_productos SET pro_precio_compra_bruto=1136.2,pro_margen_actual=(pro_precio_venta-1136.2)/1136.2 * 100,pro_ultima_compra=@@@2013.07.02@@@,pro_ultimo_proveedor=@@@88502900-0@@@ WHERE pro_codigo_plu=21200','',2,'2013-07-02'),(32986,'UPDATE mae_productos SET pro_precio_compra_bruto=1214,pro_margen_actual=(pro_precio_venta-1214)/1214 * 100,pro_ultima_compra=@@@2013.07.02@@@,pro_ultimo_proveedor=@@@88502900-0@@@ WHERE pro_codigo_plu=764112','',2,'2013-07-02'),(32987,'UPDATE mae_productos SET pro_precio_compra_bruto=1235,pro_margen_actual=(pro_precio_venta-1235)/1235 * 100,pro_ultima_compra=@@@2013.07.02@@@,pro_ultimo_proveedor=@@@88502900-0@@@ WHERE pro_codigo_plu=78017159','',2,'2013-07-02'),(32988,'UPDATE mae_productos SET pro_precio_compra_bruto=2053.9,pro_margen_actual=(pro_precio_venta-2053.9)/2053.9 * 100,pro_ultima_compra=@@@2013.07.02@@@,pro_ultimo_proveedor=@@@88502900-0@@@ WHERE pro_codigo_plu=764110','',2,'2013-07-02'),(32989,'UPDATE mae_productos SET pro_precio_compra_bruto=2427.3,pro_margen_actual=(pro_precio_venta-2427.3)/2427.3 * 100,pro_ultima_compra=@@@2013.07.02@@@,pro_ultimo_proveedor=@@@88502900-0@@@ WHERE pro_codigo_plu=21183','',2,'2013-07-02'),(32990,'UPDATE mae_productos SET pro_precio_compra_bruto=1415,pro_margen_actual=(pro_precio_venta-1415)/1415 * 100,pro_ultima_compra=@@@2013.07.02@@@,pro_ultimo_proveedor=@@@88502900-0@@@ WHERE pro_codigo_plu=764106','',2,'2013-07-02'),(32991,'UPDATE mae_productos SET pro_precio_compra_bruto=849,pro_margen_actual=(pro_precio_venta-849)/849 * 100,pro_ultima_compra=@@@2013.07.02@@@,pro_ultimo_proveedor=@@@88502900-0@@@ WHERE pro_codigo_plu=78017087','',2,'2013-07-02'),(32992,'UPDATE mae_productos SET pro_precio_compra_bruto=1698,pro_margen_actual=(pro_precio_venta-1698)/1698 * 100,pro_ultima_compra=@@@2013.07.02@@@,pro_ultimo_proveedor=@@@88502900-0@@@ WHERE pro_codigo_plu=764111','',2,'2013-07-02'),(32993,'UPDATE mae_productos SET pro_precio_compra_bruto=2427,pro_margen_actual=(pro_precio_venta-2427)/2427 * 100,pro_ultima_compra=@@@2013.07.02@@@,pro_ultimo_proveedor=@@@88502900-0@@@ WHERE pro_codigo_plu=763451','',2,'2013-07-02'),(32994,'UPDATE mae_productos SET pro_precio_compra_bruto=944,pro_margen_actual=(pro_precio_venta-944)/944 * 100,pro_ultima_compra=@@@2013.07.02@@@,pro_ultimo_proveedor=@@@88502900-0@@@ WHERE pro_codigo_plu=764108','',2,'2013-07-02'),(32995,'UPDATE mae_productos SET pro_precio_compra_bruto=1215,pro_margen_actual=(pro_precio_venta-1215)/1215 * 100,pro_ultima_compra=@@@2013.07.02@@@,pro_ultimo_proveedor=@@@88502900-0@@@ WHERE pro_codigo_plu=763450','',2,'2013-07-02'),(32996,'UPDATE mae_productos SET pro_precio_compra_bruto=2334,pro_margen_actual=(pro_precio_venta-2334)/2334 * 100,pro_ultima_compra=@@@2013.07.02@@@,pro_ultimo_proveedor=@@@88502900-0@@@ WHERE pro_codigo_plu=764103','',2,'2013-07-02'),(32997,'UPDATE mae_productos SET pro_precio_compra_bruto=944,pro_margen_actual=(pro_precio_venta-944)/944 * 100,pro_ultima_compra=@@@2013.07.02@@@,pro_ultimo_proveedor=@@@88502900-0@@@ WHERE pro_codigo_plu=764116','',2,'2013-07-02'),(32998,'UPDATE mae_productos SET pro_precio_compra_bruto=2083,pro_margen_actual=(pro_precio_venta-2083)/2083 * 100,pro_ultima_compra=@@@2013.07.02@@@,pro_ultimo_proveedor=@@@88502900-0@@@ WHERE pro_codigo_plu=21198','',2,'2013-07-02'),(32999,'UPDATE mae_productos SET pro_precio_compra_bruto=2081,pro_margen_actual=(pro_precio_venta-2081)/2081 * 100,pro_ultima_compra=@@@2013.07.02@@@,pro_ultimo_proveedor=@@@88502900-0@@@ WHERE pro_codigo_plu=21197','',2,'2013-07-02'),(33000,'UPDATE mae_productos SET pro_precio_compra_bruto=2272,pro_margen_actual=(pro_precio_venta-2272)/2272 * 100,pro_ultima_compra=@@@2013.07.02@@@,pro_ultimo_proveedor=@@@88502900-0@@@ WHERE pro_codigo_plu=764428','',2,'2013-07-02'),(33001,'UPDATE mae_productos SET pro_precio_compra_bruto=849,pro_margen_actual=(pro_precio_venta-849)/849 * 100,pro_ultima_compra=@@@2013.07.02@@@,pro_ultimo_proveedor=@@@88502900-0@@@ WHERE pro_codigo_plu=764104','',2,'2013-07-02'),(33002,'UPDATE mae_productos SET pro_precio_compra_bruto=1415,pro_margen_actual=(pro_precio_venta-1415)/1415 * 100,pro_ultima_compra=@@@2013.07.02@@@,pro_ultimo_proveedor=@@@88502900-0@@@ WHERE pro_codigo_plu=21207','',2,'2013-07-02'),(33003,'UPDATE mae_productos SET pro_precio_compra_bruto=1000,pro_margen_actual=(pro_precio_venta-1000)/1000 * 100,pro_ultima_compra=@@@2013.07.02@@@,pro_ultimo_proveedor=@@@76717550-7@@@ WHERE pro_codigo_plu=383','',2,'2013-07-02'),(33004,'UPDATE mae_productos SET pro_precio_compra_bruto=1699.998,pro_margen_actual=(pro_precio_venta-1699.998)/1699.998 * 100,pro_ultima_compra=@@@2013.07.02@@@,pro_ultimo_proveedor=@@@14094193-K@@@ WHERE pro_codigo_plu=209','',2,'2013-07-02'),(33005,'UPDATE mae_productos SET pro_precio_compra_bruto=1600.003,pro_margen_actual=(pro_precio_venta-1600.003)/1600.003 * 100,pro_ultima_compra=@@@2013.07.02@@@,pro_ultimo_proveedor=@@@14094193-K@@@ WHERE pro_codigo_plu=306','',2,'2013-07-02'),(33006,'INSERT INTO gne_vale_ferreteria (vfe_id,vfe_fecha,vfe_total,vfe_estado,vfe_entregado,usu_nusuario) VALUES (4103,@@@2013.07.02@@@,1380,1,0,@@@S_BIZAMA@@@)','',2,'2013-07-02'),(33007,'INSERT INTO gne_vale_ferreteria_mov (vfe_id,pro_codigo_plu,vfm_cantidad,vfm_unitario,vfm_total,vfm_entregado) VALUES (4103,764827,2,690,1380,@@@NO@@@)','',2,'2013-07-02'),(33008,'INSERT INTO mae_productos (pro_codigo_plu,pro_codigo_barra,pro_tipo,pro_nombre_producto,pro_nombre_corto,med_id,emb_id,pro_unidades_embalaje,dep_id,lin_id,mar_id,pro_precio_compra_neto,pro_precio_compra_bruto,pro_precio_venta,pro_margen_actual,pro_oferta,pro_fecha_inicio_oferta,pro_fecha_termino_oferta,pro_precio_oferta,pro_stock_minimo,pro_stock_critico,pro_entradas_bodega,pro_salidas_bodega,pro_mermas_bodega,pro_ajustes_bodega,pro_entradas_sv,pro_salidas_sv,pro_mermas_sv,pro_ajustes_sv,pro_activo,rec_numero,pro_unidad,pro_capacidad,pro_consumo_bodega,pro_consumo_sv,pro_estado,pro_funcion_plu,pro_flejes,pro_iva,pro_plu_asociado,pro_envase,pro_duracion,pro_numero_etiqueta) VALUES (780721273,@@@7807265034510@@@,@@@0@@@,@@@PLUMON PERMANEMTE AZUL@@@,@@@PLUMON PERMANEMT@@@,@@@1 @@@,@@@3 @@@,@@@0@@@,@@@24 @@@,@@@137@@@,@@@2507@@@,@@@0@@@,@@@0@@@,@@@280@@@,@@@0@@@,@@@@@@,@@@2006.09.07@@@,@@@2006.09.07@@@,@@@0@@@,@@@5@@@,@@@2@@@,@@@0@@@,@@@0@@@,@@@0@@@,@@@0@@@,@@@0@@@,@@@0@@@,@@@0@@@,@@@0@@@,@@@1@@@,@@@0@@@,0,1,0,0,2,0,1,1,0,@@@NO@@@,0,0)','',2,'2013-07-02'),(33009,'DELETE FROM mae_impuestos_productos WHERE pro_codigo_plu=@@@780721273@@@','',2,'2013-07-02'),(33010,'INSERT INTO gne_vale_ferreteria (vfe_id,vfe_fecha,vfe_total,vfe_estado,vfe_entregado,usu_nusuario) VALUES (4104,@@@2013.07.02@@@,290,1,0,@@@S_BIZAMA@@@)','',2,'2013-07-02'),(33011,'INSERT INTO gne_vale_ferreteria_mov (vfe_id,pro_codigo_plu,vfm_cantidad,vfm_unitario,vfm_total,vfm_entregado) VALUES (4104,1559,1,290,290,@@@NO@@@)','',2,'2013-07-02'),(33012,'UPDATE mae_productos SET pro_precio_compra_bruto=2559,pro_margen_actual=(pro_precio_venta-2559)/2559 * 100,pro_ultima_compra=@@@2013.07.02@@@,pro_ultimo_proveedor=@@@96547710-1@@@ WHERE pro_codigo_plu=761836','',2,'2013-07-02'),(33013,'UPDATE mae_productos SET pro_precio_compra_bruto=153.51,pro_margen_actual=(pro_precio_venta-153.51)/153.51 * 100,pro_ultima_compra=@@@2013.07.02@@@,pro_ultimo_proveedor=@@@82623500-4@@@ WHERE pro_codigo_plu=12029','',2,'2013-07-02'),(33014,'UPDATE mae_productos SET pro_precio_compra_bruto=960.33,pro_margen_actual=(pro_precio_venta-960.33)/960.33 * 100,pro_ultima_compra=@@@2013.07.02@@@,pro_ultimo_proveedor=@@@82623500-4@@@ WHERE pro_codigo_plu=11339','',2,'2013-07-02'),(33015,'UPDATE mae_productos SET pro_precio_compra_bruto=268.94,pro_margen_actual=(pro_precio_venta-268.94)/268.94 * 100,pro_ultima_compra=@@@2013.07.02@@@,pro_ultimo_proveedor=@@@82623500-4@@@ WHERE pro_codigo_plu=78017083','',2,'2013-07-02'),(33016,'UPDATE mae_productos SET pro_precio_compra_bruto=968.66,pro_margen_actual=(pro_precio_venta-968.66)/968.66 * 100,pro_ultima_compra=@@@2013.07.02@@@,pro_ultimo_proveedor=@@@82623500-4@@@ WHERE pro_codigo_plu=763525','',2,'2013-07-02'),(33017,'UPDATE mae_productos SET pro_precio_compra_bruto=191.59,pro_margen_actual=(pro_precio_venta-191.59)/191.59 * 100,pro_ultima_compra=@@@2013.07.02@@@,pro_ultimo_proveedor=@@@82623500-4@@@ WHERE pro_codigo_plu=13054','',2,'2013-07-02'),(33018,'UPDATE mae_productos SET pro_precio_compra_bruto=192,pro_margen_actual=(pro_precio_venta-192)/192 * 100,pro_ultima_compra=@@@2013.07.02@@@,pro_ultimo_proveedor=@@@82623500-4@@@ WHERE pro_codigo_plu=763488','',2,'2013-07-02'),(33019,'UPDATE mae_productos SET pro_precio_compra_bruto=923,pro_margen_actual=(pro_precio_venta-923)/923 * 100,pro_ultima_compra=@@@2013.07.02@@@,pro_ultimo_proveedor=@@@82623500-4@@@ WHERE pro_codigo_plu=10855','',2,'2013-07-02'),(33020,'INSERT INTO mae_productos (pro_codigo_plu,pro_codigo_barra,pro_tipo,pro_nombre_producto,pro_nombre_corto,med_id,emb_id,pro_unidades_embalaje,dep_id,lin_id,mar_id,pro_precio_compra_neto,pro_precio_compra_bruto,pro_precio_venta,pro_margen_actual,pro_oferta,pro_fecha_inicio_oferta,pro_fecha_termino_oferta,pro_precio_oferta,pro_stock_minimo,pro_stock_critico,pro_entradas_bodega,pro_salidas_bodega,pro_mermas_bodega,pro_ajustes_bodega,pro_entradas_sv,pro_salidas_sv,pro_mermas_sv,pro_ajustes_sv,pro_activo,rec_numero,pro_unidad,pro_capacidad,pro_consumo_bodega,pro_consumo_sv,pro_estado,pro_funcion_plu,pro_flejes,pro_iva,pro_plu_asociado,pro_envase,pro_duracion,pro_numero_etiqueta) VALUES (780721274,@@@7807265014437@@@,@@@0@@@,@@@PALO MAQUETA 3@@@,@@@PALO MAQUETA 3@@@,@@@1 @@@,@@@3 @@@,@@@0@@@,@@@24 @@@,@@@137@@@,@@@2507@@@,@@@0@@@,@@@0@@@,@@@390@@@,@@@0@@@,@@@@@@,@@@2006.09.07@@@,@@@2006.09.07@@@,@@@0@@@,@@@4@@@,@@@2@@@,@@@0@@@,@@@0@@@,@@@0@@@,@@@0@@@,@@@0@@@,@@@0@@@,@@@0@@@,@@@0@@@,@@@1@@@,@@@0@@@,0,3,0,0,2,0,1,1,0,@@@NO@@@,0,0)','',2,'2013-07-02'),(33021,'DELETE FROM mae_impuestos_productos WHERE pro_codigo_plu=@@@780721274@@@','',2,'2013-07-02'),(33022,'INSERT INTO mae_productos (pro_codigo_plu,pro_codigo_barra,pro_tipo,pro_nombre_producto,pro_nombre_corto,med_id,emb_id,pro_unidades_embalaje,dep_id,lin_id,mar_id,pro_precio_compra_neto,pro_precio_compra_bruto,pro_precio_venta,pro_margen_actual,pro_oferta,pro_fecha_inicio_oferta,pro_fecha_termino_oferta,pro_precio_oferta,pro_stock_minimo,pro_stock_critico,pro_entradas_bodega,pro_salidas_bodega,pro_mermas_bodega,pro_ajustes_bodega,pro_entradas_sv,pro_salidas_sv,pro_mermas_sv,pro_ajustes_sv,pro_activo,rec_numero,pro_unidad,pro_capacidad,pro_consumo_bodega,pro_consumo_sv,pro_estado,pro_funcion_plu,pro_flejes,pro_iva,pro_plu_asociado,pro_envase,pro_duracion,pro_numero_etiqueta) VALUES (780721275,@@@4004764286225@@@,@@@0@@@,@@@PALO MAQUETA 1X2@@@,@@@PALO MAQUETA 1X2@@@,@@@1 @@@,@@@3 @@@,@@@0@@@,@@@24 @@@,@@@137@@@,@@@2507@@@,@@@0@@@,@@@0@@@,@@@390@@@,@@@0@@@,@@@@@@,@@@2006.09.07@@@,@@@2006.09.07@@@,@@@0@@@,@@@2@@@,@@@1@@@,@@@0@@@,@@@0@@@,@@@0@@@,@@@0@@@,@@@0@@@,@@@0@@@,@@@0@@@,@@@0@@@,@@@1@@@,@@@0@@@,0,1,0,0,2,0,1,1,0,@@@NO@@@,0,0)','',2,'2013-07-02'),(33023,'DELETE FROM mae_impuestos_productos WHERE pro_codigo_plu=@@@780721275@@@','',2,'2013-07-02'),(33024,'INSERT INTO mae_productos (pro_codigo_plu,pro_codigo_barra,pro_tipo,pro_nombre_producto,pro_nombre_corto,med_id,emb_id,pro_unidades_embalaje,dep_id,lin_id,mar_id,pro_precio_compra_neto,pro_precio_compra_bruto,pro_precio_venta,pro_margen_actual,pro_oferta,pro_fecha_inicio_oferta,pro_fecha_termino_oferta,pro_precio_oferta,pro_stock_minimo,pro_stock_critico,pro_entradas_bodega,pro_salidas_bodega,pro_mermas_bodega,pro_ajustes_bodega,pro_entradas_sv,pro_salidas_sv,pro_mermas_sv,pro_ajustes_sv,pro_activo,rec_numero,pro_unidad,pro_capacidad,pro_consumo_bodega,pro_consumo_sv,pro_estado,pro_funcion_plu,pro_flejes,pro_iva,pro_plu_asociado,pro_envase,pro_duracion,pro_numero_etiqueta) VALUES (780721276,@@@800800@@@,@@@0@@@,@@@PALOS MAQUETA FA@@@,@@@PALOS MAQUETA FA@@@,@@@1 @@@,@@@3 @@@,@@@0@@@,@@@24 @@@,@@@137@@@,@@@2507@@@,@@@0@@@,@@@0@@@,@@@300@@@,@@@0@@@,@@@@@@,@@@2013.07.02@@@,@@@2013.07.02@@@,@@@0@@@,@@@0@@@,@@@0@@@,@@@0@@@,@@@0@@@,@@@0@@@,@@@0@@@,@@@0@@@,@@@0@@@,@@@0@@@,@@@0@@@,@@@1@@@,@@@0@@@,0,1,0,0,2,0,1,1,0,@@@NO@@@,0,0)','',2,'2013-07-02'),(33025,'DELETE FROM mae_impuestos_productos WHERE pro_codigo_plu=@@@780721276@@@','',2,'2013-07-02'),(33026,'INSERT INTO gne_vale_ferreteria (vfe_id,vfe_fecha,vfe_total,vfe_estado,vfe_entregado,usu_nusuario) VALUES (4105,@@@2013.07.02@@@,890,1,0,@@@S_BIZAMA@@@)','',2,'2013-07-02'),(33027,'INSERT INTO gne_vale_ferreteria_mov (vfe_id,pro_codigo_plu,vfm_cantidad,vfm_unitario,vfm_total,vfm_entregado) VALUES (4105,763632,1,890,890,@@@NO@@@)','',2,'2013-07-02'),(33028,'INSERT INTO mae_productos (pro_codigo_plu,pro_codigo_barra,pro_tipo,pro_nombre_producto,pro_nombre_corto,med_id,emb_id,pro_unidades_embalaje,dep_id,lin_id,mar_id,pro_precio_compra_neto,pro_precio_compra_bruto,pro_precio_venta,pro_margen_actual,pro_oferta,pro_fecha_inicio_oferta,pro_fecha_termino_oferta,pro_precio_oferta,pro_stock_minimo,pro_stock_critico,pro_entradas_bodega,pro_salidas_bodega,pro_mermas_bodega,pro_ajustes_bodega,pro_entradas_sv,pro_salidas_sv,pro_mermas_sv,pro_ajustes_sv,pro_activo,rec_numero,pro_unidad,pro_capacidad,pro_consumo_bodega,pro_consumo_sv,pro_estado,pro_funcion_plu,pro_flejes,pro_iva,pro_plu_asociado,pro_envase,pro_duracion,pro_numero_etiqueta) VALUES (780721277,@@@7806130005273@@@,@@@0@@@,@@@GUANTES TRESOR M@@@,@@@GUANTES TRESOR M@@@,@@@1 @@@,@@@3 @@@,@@@0@@@,@@@24 @@@,@@@207@@@,@@@2507@@@,@@@0@@@,@@@0@@@,@@@120@@@,@@@0@@@,@@@@@@,@@@2006.09.07@@@,@@@2006.09.07@@@,@@@0@@@,@@@5@@@,@@@3@@@,@@@0@@@,@@@0@@@,@@@0@@@,@@@0@@@,@@@0@@@,@@@0@@@,@@@0@@@,@@@0@@@,@@@1@@@,@@@0@@@,0,1,0,0,2,0,1,1,0,@@@NO@@@,0,0)','',2,'2013-07-02'),(33029,'DELETE FROM mae_impuestos_productos WHERE pro_codigo_plu=@@@780721277@@@','',2,'2013-07-02'),(33030,'INSERT INTO mae_productos (pro_codigo_plu,pro_codigo_barra,pro_tipo,pro_nombre_producto,pro_nombre_corto,med_id,emb_id,pro_unidades_embalaje,dep_id,lin_id,mar_id,pro_precio_compra_neto,pro_precio_compra_bruto,pro_precio_venta,pro_margen_actual,pro_oferta,pro_fecha_inicio_oferta,pro_fecha_termino_oferta,pro_precio_oferta,pro_stock_minimo,pro_stock_critico,pro_entradas_bodega,pro_salidas_bodega,pro_mermas_bodega,pro_ajustes_bodega,pro_entradas_sv,pro_salidas_sv,pro_mermas_sv,pro_ajustes_sv,pro_activo,rec_numero,pro_unidad,pro_capacidad,pro_consumo_bodega,pro_consumo_sv,pro_estado,pro_funcion_plu,pro_flejes,pro_iva,pro_plu_asociado,pro_envase,pro_duracion,pro_numero_etiqueta) VALUES (780721278,@@@7806650005708@@@,@@@0@@@,@@@MARCADOR PIZARRA NEGRO @@@,@@@MARCADOR PIZARRA@@@,@@@1 @@@,@@@3 @@@,@@@0@@@,@@@24 @@@,@@@137@@@,@@@2507@@@,@@@0@@@,@@@221@@@,@@@390@@@,@@@76.47@@@,@@@@@@,@@@2006.09.07@@@,@@@2006.09.07@@@,@@@0@@@,@@@5@@@,@@@3@@@,@@@0@@@,@@@0@@@,@@@0@@@,@@@0@@@,@@@0@@@,@@@0@@@,@@@0@@@,@@@0@@@,@@@1@@@,@@@0@@@,0,1,0,0,2,0,1,1,0,@@@NO@@@,0,0)','',2,'2013-07-02'),(33031,'DELETE FROM mae_impuestos_productos WHERE pro_codigo_plu=@@@780721278@@@','',2,'2013-07-02'),(33032,'UPDATE mae_productos SET pro_precio_compra_bruto=200,pro_margen_actual=(pro_precio_venta-200)/200 * 100,pro_ultima_compra=@@@2013.07.02@@@,pro_ultimo_proveedor=@@@76041579-0@@@ WHERE pro_codigo_plu=780721273','',2,'2013-07-02'),(33033,'UPDATE mae_productos SET pro_precio_compra_bruto=184,pro_margen_actual=(pro_precio_venta-184)/184 * 100,pro_ultima_compra=@@@2013.07.02@@@,pro_ultimo_proveedor=@@@76041579-0@@@ WHERE pro_codigo_plu=764296','',2,'2013-07-02'),(33034,'UPDATE mae_productos SET pro_precio_compra_bruto=85,pro_margen_actual=(pro_precio_venta-85)/85 * 100,pro_ultima_compra=@@@2013.07.02@@@,pro_ultimo_proveedor=@@@76041579-0@@@ WHERE pro_codigo_plu=8022','',2,'2013-07-02'),(33035,'UPDATE mae_productos SET pro_precio_compra_bruto=270,pro_margen_actual=(pro_precio_venta-270)/270 * 100,pro_ultima_compra=@@@2013.07.02@@@,pro_ultimo_proveedor=@@@76041579-0@@@ WHERE pro_codigo_plu=780721274','',2,'2013-07-02'),(33036,'UPDATE mae_productos SET pro_precio_compra_bruto=341,pro_margen_actual=(pro_precio_venta-341)/341 * 100,pro_ultima_compra=@@@2013.07.02@@@,pro_ultimo_proveedor=@@@76041579-0@@@ WHERE pro_codigo_plu=764761','',2,'2013-07-02'),(33037,'UPDATE mae_productos SET pro_precio_compra_bruto=270,pro_margen_actual=(pro_precio_venta-270)/270 * 100,pro_ultima_compra=@@@2013.07.02@@@,pro_ultimo_proveedor=@@@76041579-0@@@ WHERE pro_codigo_plu=764207','',2,'2013-07-02'),(33038,'UPDATE mae_productos SET pro_precio_compra_bruto=270,pro_margen_actual=(pro_precio_venta-270)/270 * 100,pro_ultima_compra=@@@2013.07.02@@@,pro_ultimo_proveedor=@@@76041579-0@@@ WHERE pro_codigo_plu=764205','',2,'2013-07-02'),(33039,'UPDATE mae_productos SET pro_precio_compra_bruto=270,pro_margen_actual=(pro_precio_venta-270)/270 * 100,pro_ultima_compra=@@@2013.07.02@@@,pro_ultimo_proveedor=@@@76041579-0@@@ WHERE pro_codigo_plu=764211','',2,'2013-07-02'),(33040,'UPDATE mae_productos SET pro_precio_compra_bruto=270,pro_margen_actual=(pro_precio_venta-270)/270 * 100,pro_ultima_compra=@@@2013.07.02@@@,pro_ultimo_proveedor=@@@76041579-0@@@ WHERE pro_codigo_plu=764208','',2,'2013-07-02'),(33041,'UPDATE mae_productos SET pro_precio_compra_bruto=270,pro_margen_actual=(pro_precio_venta-270)/270 * 100,pro_ultima_compra=@@@2013.07.02@@@,pro_ultimo_proveedor=@@@76041579-0@@@ WHERE pro_codigo_plu=764204','',2,'2013-07-02'),(33042,'UPDATE mae_productos SET pro_precio_compra_bruto=270,pro_margen_actual=(pro_precio_venta-270)/270 * 100,pro_ultima_compra=@@@2013.07.02@@@,pro_ultimo_proveedor=@@@76041579-0@@@ WHERE pro_codigo_plu=780721275','',2,'2013-07-02'),(33043,'UPDATE mae_productos SET pro_precio_compra_bruto=270,pro_margen_actual=(pro_precio_venta-270)/270 * 100,pro_ultima_compra=@@@2013.07.02@@@,pro_ultimo_proveedor=@@@76041579-0@@@ WHERE pro_codigo_plu=764214','',2,'2013-07-02'),(33044,'UPDATE mae_productos SET pro_precio_compra_bruto=270,pro_margen_actual=(pro_precio_venta-270)/270 * 100,pro_ultima_compra=@@@2013.07.02@@@,pro_ultimo_proveedor=@@@76041579-0@@@ WHERE pro_codigo_plu=764209','',2,'2013-07-02'),(33045,'UPDATE mae_productos SET pro_precio_compra_bruto=270,pro_margen_actual=(pro_precio_venta-270)/270 * 100,pro_ultima_compra=@@@2013.07.02@@@,pro_ultimo_proveedor=@@@76041579-0@@@ WHERE pro_codigo_plu=764212','',2,'2013-07-02'),(33046,'UPDATE mae_productos SET pro_precio_compra_bruto=270,pro_margen_actual=(pro_precio_venta-270)/270 * 100,pro_ultima_compra=@@@2013.07.02@@@,pro_ultimo_proveedor=@@@76041579-0@@@ WHERE pro_codigo_plu=764760','',2,'2013-07-02'),(33047,'UPDATE mae_productos SET pro_precio_compra_bruto=270,pro_margen_actual=(pro_precio_venta-270)/270 * 100,pro_ultima_compra=@@@2013.07.02@@@,pro_ultimo_proveedor=@@@76041579-0@@@ WHERE pro_codigo_plu=764213','',2,'2013-07-02'),(33048,'UPDATE mae_productos SET pro_precio_compra_bruto=230,pro_margen_actual=(pro_precio_venta-230)/230 * 100,pro_ultima_compra=@@@2013.07.02@@@,pro_ultimo_proveedor=@@@76041579-0@@@ WHERE pro_codigo_plu=780721276','',2,'2013-07-02'),(33049,'UPDATE mae_productos SET pro_precio_compra_bruto=711,pro_margen_actual=(pro_precio_venta-711)/711 * 100,pro_ultima_compra=@@@2013.07.02@@@,pro_ultimo_proveedor=@@@76041579-0@@@ WHERE pro_codigo_plu=15028','',2,'2013-07-02'),(33050,'UPDATE mae_productos SET pro_precio_compra_bruto=55,pro_margen_actual=(pro_precio_venta-55)/55 * 100,pro_ultima_compra=@@@2013.07.02@@@,pro_ultimo_proveedor=@@@76041579-0@@@ WHERE pro_codigo_plu=780721277','',2,'2013-07-02'),(33051,'UPDATE mae_productos SET pro_precio_compra_bruto=221,pro_margen_actual=(pro_precio_venta-221)/221 * 100,pro_ultima_compra=@@@2013.07.02@@@,pro_ultimo_proveedor=@@@76041579-0@@@ WHERE pro_codigo_plu=780721278','',2,'2013-07-02'),(33052,'UPDATE mae_productos SET pro_precio_compra_bruto=310,pro_margen_actual=(pro_precio_venta-310)/310 * 100,pro_ultima_compra=@@@2013.07.02@@@,pro_ultimo_proveedor=@@@94528000-K@@@ WHERE pro_codigo_plu=14128','',2,'2013-07-02'),(33053,'UPDATE mae_productos SET pro_precio_compra_bruto=310,pro_margen_actual=(pro_precio_venta-310)/310 * 100,pro_ultima_compra=@@@2013.07.02@@@,pro_ultimo_proveedor=@@@94528000-K@@@ WHERE pro_codigo_plu=763399','',2,'2013-07-02'),(33054,'UPDATE mae_productos SET pro_precio_compra_bruto=309,pro_margen_actual=(pro_precio_venta-309)/309 * 100,pro_ultima_compra=@@@2013.07.02@@@,pro_ultimo_proveedor=@@@94528000-K@@@ WHERE pro_codigo_plu=763408','',2,'2013-07-02'),(33055,'UPDATE mae_productos SET pro_precio_compra_bruto=241,pro_margen_actual=(pro_precio_venta-241)/241 * 100,pro_ultima_compra=@@@2013.07.02@@@,pro_ultimo_proveedor=@@@94528000-K@@@ WHERE pro_codigo_plu=102689','',2,'2013-07-02'),(33056,'UPDATE mae_productos SET pro_precio_compra_bruto=310,pro_margen_actual=(pro_precio_venta-310)/310 * 100,pro_ultima_compra=@@@2013.07.02@@@,pro_ultimo_proveedor=@@@94528000-K@@@ WHERE pro_codigo_plu=780220144','',2,'2013-07-02'),(33057,'UPDATE mae_productos SET pro_precio_compra_bruto=309,pro_margen_actual=(pro_precio_venta-309)/309 * 100,pro_ultima_compra=@@@2013.07.02@@@,pro_ultimo_proveedor=@@@94528000-K@@@ WHERE pro_codigo_plu=764430','',2,'2013-07-02'),(33058,'UPDATE mae_productos SET pro_precio_compra_bruto=309,pro_margen_actual=(pro_precio_venta-309)/309 * 100,pro_ultima_compra=@@@2013.07.02@@@,pro_ultimo_proveedor=@@@94528000-K@@@ WHERE pro_codigo_plu=763415','',2,'2013-07-02'),(33059,'UPDATE mae_productos SET pro_precio_compra_bruto=265,pro_margen_actual=(pro_precio_venta-265)/265 * 100,pro_ultima_compra=@@@2013.07.02@@@,pro_ultimo_proveedor=@@@94528000-K@@@ WHERE pro_codigo_plu=13593','',2,'2013-07-02'),(33060,'UPDATE mae_productos SET pro_precio_compra_bruto=265,pro_margen_actual=(pro_precio_venta-265)/265 * 100,pro_ultima_compra=@@@2013.07.02@@@,pro_ultimo_proveedor=@@@94528000-K@@@ WHERE pro_codigo_plu=13772','',2,'2013-07-02'),(33061,'UPDATE mae_productos SET pro_precio_compra_bruto=265,pro_margen_actual=(pro_precio_venta-265)/265 * 100,pro_ultima_compra=@@@2013.07.02@@@,pro_ultimo_proveedor=@@@94528000-K@@@ WHERE pro_codigo_plu=14236','',2,'2013-07-02'),(33062,'UPDATE mae_productos SET pro_precio_compra_bruto=265,pro_margen_actual=(pro_precio_venta-265)/265 * 100,pro_ultima_compra=@@@2013.07.02@@@,pro_ultimo_proveedor=@@@94528000-K@@@ WHERE pro_codigo_plu=763397','',2,'2013-07-02'),(33063,'UPDATE mae_productos SET pro_precio_compra_bruto=265,pro_margen_actual=(pro_precio_venta-265)/265 * 100,pro_ultima_compra=@@@2013.07.02@@@,pro_ultimo_proveedor=@@@94528000-K@@@ WHERE pro_codigo_plu=13642','',2,'2013-07-02'),(33064,'UPDATE mae_productos SET pro_precio_compra_bruto=107,pro_margen_actual=(pro_precio_venta-107)/107 * 100,pro_ultima_compra=@@@2013.07.02@@@,pro_ultimo_proveedor=@@@94528000-K@@@ WHERE pro_codigo_plu=762446','',2,'2013-07-02'),(33065,'UPDATE mae_productos SET pro_precio_compra_bruto=107,pro_margen_actual=(pro_precio_venta-107)/107 * 100,pro_ultima_compra=@@@2013.07.02@@@,pro_ultimo_proveedor=@@@94528000-K@@@ WHERE pro_codigo_plu=762447','',2,'2013-07-02'),(33066,'UPDATE mae_productos SET pro_precio_compra_bruto=1759,pro_margen_actual=(pro_precio_venta-1759)/1759 * 100,pro_ultima_compra=@@@2013.07.02@@@,pro_ultimo_proveedor=@@@78809560-0@@@ WHERE pro_codigo_plu=78017109','',2,'2013-07-02'),(33067,'UPDATE mae_productos SET pro_precio_compra_bruto=1932,pro_margen_actual=(pro_precio_venta-1932)/1932 * 100,pro_ultima_compra=@@@2013.07.02@@@,pro_ultimo_proveedor=@@@78809560-0@@@ WHERE pro_codigo_plu=17528','',2,'2013-07-02'),(33068,'UPDATE mae_productos SET pro_precio_compra_bruto=934,pro_margen_actual=(pro_precio_venta-934)/934 * 100,pro_ultima_compra=@@@2013.07.02@@@,pro_ultimo_proveedor=@@@78809560-0@@@ WHERE pro_codigo_plu=763165','',2,'2013-07-02'),(33069,'UPDATE mae_productos SET pro_precio_compra_bruto=696,pro_margen_actual=(pro_precio_venta-696)/696 * 100,pro_ultima_compra=@@@2013.07.02@@@,pro_ultimo_proveedor=@@@78809560-0@@@ WHERE pro_codigo_plu=11868','',2,'2013-07-02'),(33070,'INSERT INTO gne_vale_ferreteria (vfe_id,vfe_fecha,vfe_total,vfe_estado,vfe_entregado,usu_nusuario) VALUES (4106,@@@2013.07.02@@@,320,1,0,@@@S_BIZAMA@@@)','',2,'2013-07-02'),(33071,'INSERT INTO gne_vale_ferreteria_mov (vfe_id,pro_codigo_plu,vfm_cantidad,vfm_unitario,vfm_total,vfm_entregado) VALUES (4106,8022,1,120,120,@@@NO@@@)','',2,'2013-07-02'),(33072,'INSERT INTO gne_vale_ferreteria_mov (vfe_id,pro_codigo_plu,vfm_cantidad,vfm_unitario,vfm_total,vfm_entregado) VALUES (4106,78017133,1,200,200,@@@NO@@@)','',2,'2013-07-02'),(33073,'INSERT INTO gne_vale_ferreteria (vfe_id,vfe_fecha,vfe_total,vfe_estado,vfe_entregado,usu_nusuario) VALUES (4107,@@@2013.07.02@@@,690,1,0,@@@G_DIAZ@@@)','',2,'2013-07-02'),(33074,'INSERT INTO gne_vale_ferreteria_mov (vfe_id,pro_codigo_plu,vfm_cantidad,vfm_unitario,vfm_total,vfm_entregado) VALUES (4107,780220127,1,690,690,@@@NO@@@)','',2,'2013-07-02'),(33075,'INSERT INTO gne_vale_ferreteria (vfe_id,vfe_fecha,vfe_total,vfe_estado,vfe_entregado,usu_nusuario) VALUES (4108,@@@2013.07.02@@@,330,1,0,@@@G_DIAZ@@@)','',2,'2013-07-02'),(33076,'INSERT INTO gne_vale_ferreteria_mov (vfe_id,pro_codigo_plu,vfm_cantidad,vfm_unitario,vfm_total,vfm_entregado) VALUES (4108,764259,1,330,330,@@@NO@@@)','',2,'2013-07-02'),(33077,'INSERT INTO gne_vale_ferreteria (vfe_id,vfe_fecha,vfe_total,vfe_estado,vfe_entregado,usu_nusuario) VALUES (4109,@@@2013.07.02@@@,1090,1,0,@@@G_DIAZ@@@)','',2,'2013-07-02'),(33078,'INSERT INTO gne_vale_ferreteria_mov (vfe_id,pro_codigo_plu,vfm_cantidad,vfm_unitario,vfm_total,vfm_entregado) VALUES (4109,764833,10,10,100,@@@NO@@@)','',2,'2013-07-02'),(33079,'INSERT INTO gne_vale_ferreteria_mov (vfe_id,pro_codigo_plu,vfm_cantidad,vfm_unitario,vfm_total,vfm_entregado) VALUES (4109,762000,1,690,690,@@@NO@@@)','',2,'2013-07-02'),(33080,'INSERT INTO gne_vale_ferreteria_mov (vfe_id,pro_codigo_plu,vfm_cantidad,vfm_unitario,vfm_total,vfm_entregado) VALUES (4109,764364,1,140,140,@@@NO@@@)','',2,'2013-07-02'),(33081,'INSERT INTO gne_vale_ferreteria_mov (vfe_id,pro_codigo_plu,vfm_cantidad,vfm_unitario,vfm_total,vfm_entregado) VALUES (4109,16430,1,160,160,@@@NO@@@)','',2,'2013-07-02'),(33082,'INSERT INTO gne_vale_ferreteria (vfe_id,vfe_fecha,vfe_total,vfe_estado,vfe_entregado,usu_nusuario) VALUES (4110,@@@2013.07.02@@@,350,1,0,@@@G_DIAZ@@@)','',2,'2013-07-02'),(33083,'INSERT INTO gne_vale_ferreteria_mov (vfe_id,pro_codigo_plu,vfm_cantidad,vfm_unitario,vfm_total,vfm_entregado) VALUES (4110,78016977,1,350,350,@@@NO@@@)','',2,'2013-07-02'),(33084,'INSERT INTO gne_vale_ferreteria (vfe_id,vfe_fecha,vfe_total,vfe_estado,vfe_entregado,usu_nusuario) VALUES (4111,@@@2013.07.02@@@,100,1,0,@@@G_DIAZ@@@)','',2,'2013-07-02'),(33085,'INSERT INTO gne_vale_ferreteria_mov (vfe_id,pro_codigo_plu,vfm_cantidad,vfm_unitario,vfm_total,vfm_entregado) VALUES (4111,4130,1,100,100,@@@NO@@@)','',2,'2013-07-02'),(33086,'INSERT INTO gne_vale_ferreteria (vfe_id,vfe_fecha,vfe_total,vfe_estado,vfe_entregado,usu_nusuario) VALUES (4112,@@@2013.07.02@@@,3480,1,0,@@@G_DIAZ@@@)','',2,'2013-07-02'),(33087,'INSERT INTO gne_vale_ferreteria_mov (vfe_id,pro_codigo_plu,vfm_cantidad,vfm_unitario,vfm_total,vfm_entregado) VALUES (4112,764634,1,1490,1490,@@@NO@@@)','',2,'2013-07-02'),(33088,'INSERT INTO gne_vale_ferreteria_mov (vfe_id,pro_codigo_plu,vfm_cantidad,vfm_unitario,vfm_total,vfm_entregado) VALUES (4112,764636,1,1990,1990,@@@NO@@@)','',2,'2013-07-02'),(33089,'INSERT INTO gne_vale_ferreteria (vfe_id,vfe_fecha,vfe_total,vfe_estado,vfe_entregado,usu_nusuario) VALUES (4113,@@@2013.07.02@@@,990,1,0,@@@G_DIAZ@@@)','',2,'2013-07-02'),(33090,'INSERT INTO gne_vale_ferreteria_mov (vfe_id,pro_codigo_plu,vfm_cantidad,vfm_unitario,vfm_total,vfm_entregado) VALUES (4113,780721231,1,990,990,@@@NO@@@)','',2,'2013-07-02'),(33091,'UPDATE mae_productos SET pro_margen_actual=118.18,pro_precio_venta=120 WHERE pro_codigo_plu=780721277','',2,'2013-07-02'),(33092,'UPDATE mae_productos SET pro_margen_actual=76.47,pro_precio_venta=390 WHERE pro_codigo_plu=780721278','',2,'2013-07-02'),(33093,'UPDATE mae_productos SET pro_margen_actual=44.44,pro_precio_venta=390 WHERE pro_codigo_plu=780721275','',2,'2013-07-02'),(33094,'UPDATE mae_productos SET pro_margen_actual=44.44,pro_precio_venta=390 WHERE pro_codigo_plu=780721274','',2,'2013-07-02'),(33095,'UPDATE mae_productos SET pro_margen_actual=30.43,pro_precio_venta=300 WHERE pro_codigo_plu=780721276','',2,'2013-07-02'),(33096,'UPDATE mae_productos SET pro_margen_actual=40,pro_precio_venta=280 WHERE pro_codigo_plu=780721273','',2,'2013-07-02'),(33097,'UPDATE mae_productos SET pro_margen_actual=0,pro_precio_venta=1350 WHERE pro_codigo_plu=16842','',2,'2013-07-02'),(33098,'UPDATE mae_productos SET pro_precio_fiscal=pro_precio_venta WHERE pro_codigo_plu=780721275','',2,'2013-07-02'),(33099,'UPDATE mae_productos SET pro_precio_fiscal=pro_precio_venta WHERE pro_codigo_plu=16842','',2,'2013-07-02'),(33100,'UPDATE mae_productos SET pro_precio_fiscal=pro_precio_venta WHERE pro_codigo_plu=780721277','',2,'2013-07-02'),(33101,'UPDATE mae_productos SET pro_precio_fiscal=pro_precio_venta WHERE pro_codigo_plu=780721278','',2,'2013-07-02'),(33102,'UPDATE mae_productos SET pro_precio_fiscal=pro_precio_venta WHERE pro_codigo_plu=780721274','',2,'2013-07-02'),(33103,'UPDATE mae_productos SET pro_precio_fiscal=pro_precio_venta WHERE pro_codigo_plu=780721273','',2,'2013-07-02'),(33104,'UPDATE mae_productos SET pro_precio_fiscal=pro_precio_venta WHERE pro_codigo_plu=780721276','',2,'2013-07-02'),(33105,'INSERT INTO gne_vale_ferreteria (vfe_id,vfe_fecha,vfe_total,vfe_estado,vfe_entregado,usu_nusuario) VALUES (4114,@@@2013.07.02@@@,490,1,0,@@@G_DIAZ@@@)','',2,'2013-07-02'),(33106,'INSERT INTO gne_vale_ferreteria_mov (vfe_id,pro_codigo_plu,vfm_cantidad,vfm_unitario,vfm_total,vfm_entregado) VALUES (4114,764509,1,490,490,@@@NO@@@)','',2,'2013-07-02'),(33107,'INSERT INTO gne_vale_ferreteria (vfe_id,vfe_fecha,vfe_total,vfe_estado,vfe_entregado,usu_nusuario) VALUES (4115,@@@2013.07.02@@@,120,1,0,@@@G_DIAZ@@@)','',2,'2013-07-02'),(33108,'INSERT INTO gne_vale_ferreteria_mov (vfe_id,pro_codigo_plu,vfm_cantidad,vfm_unitario,vfm_total,vfm_entregado) VALUES (4115,8022,1,120,120,@@@NO@@@)','',2,'2013-07-02'),(33109,'INSERT INTO gne_vale_ferreteria (vfe_id,vfe_fecha,vfe_total,vfe_estado,vfe_entregado,usu_nusuario) VALUES (4116,@@@2013.07.02@@@,1990,1,0,@@@G_DIAZ@@@)','',2,'2013-07-02'),(33110,'INSERT INTO gne_vale_ferreteria_mov (vfe_id,pro_codigo_plu,vfm_cantidad,vfm_unitario,vfm_total,vfm_entregado) VALUES (4116,764636,1,1990,1990,@@@NO@@@)','',2,'2013-07-02'),(33111,'INSERT INTO gne_vale_ferreteria (vfe_id,vfe_fecha,vfe_total,vfe_estado,vfe_entregado,usu_nusuario) VALUES (4117,@@@2013.07.02@@@,330,1,0,@@@G_DIAZ@@@)','',2,'2013-07-02'),(33112,'INSERT INTO gne_vale_ferreteria_mov (vfe_id,pro_codigo_plu,vfm_cantidad,vfm_unitario,vfm_total,vfm_entregado) VALUES (4117,764778,1,330,330,@@@NO@@@)','',2,'2013-07-02'),(33113,'INSERT INTO gne_vale_ferreteria (vfe_id,vfe_fecha,vfe_total,vfe_estado,vfe_entregado,usu_nusuario) VALUES (4118,@@@2013.07.02@@@,1090,1,0,@@@G_DIAZ@@@)','',2,'2013-07-02'),(33114,'INSERT INTO gne_vale_ferreteria_mov (vfe_id,pro_codigo_plu,vfm_cantidad,vfm_unitario,vfm_total,vfm_entregado) VALUES (4118,780220200,3,180,540,@@@NO@@@)','',2,'2013-07-02'),(33115,'INSERT INTO gne_vale_ferreteria_mov (vfe_id,pro_codigo_plu,vfm_cantidad,vfm_unitario,vfm_total,vfm_entregado) VALUES (4118,763582,1,550,550,@@@NO@@@)','',2,'2013-07-02'),(33116,'UPDATE mae_productos SET pro_codigo_barra=@@@041333001043@@@,pro_tipo=@@@0@@@,pro_nombre_producto=@@@BATERIA DURACELL 9 V. UN@@@,pro_nombre_corto=@@@BATERIA DURACELL@@@,med_id=@@@1@@@,emb_id=@@@4@@@,pro_unidades_embalaje=@@@48@@@,dep_id=@@@2 @@@,lin_id=@@@43@@@,mar_id=@@@2004@@@,pro_precio_compra_neto=@@@0@@@,pro_precio_compra_bruto=@@@0@@@,pro_precio_venta=@@@1990@@@,pro_margen_actual=@@@0@@@,pro_oferta=@@@NO@@@,pro_fecha_inicio_oferta=@@@2006.09.07@@@,pro_fecha_termino_oferta=@@@2006.09.07@@@,pro_precio_oferta=@@@0@@@,pro_stock_minimo=@@@48@@@,pro_stock_critico=@@@24@@@,pro_activo=@@@1@@@,pro_unidad=@@@0@@@,pro_precio_compra_bruto=0,pro_margen_actual=0,pro_capacidad=1,pro_funcion_plu=0,pro_flejes=1,pro_iva=1,pro_plu_asociado=0,pro_envase=@@@NO@@@,pro_duracion=0,pro_numero_etiqueta=0 WHERE pro_codigo_plu=@@@1505@@@','',2,'2013-07-02'),(33117,'UPDATE mae_productos SET pro_estado=1 WHERE pro_codigo_plu=1505','',2,'2013-07-02'),(33118,'DELETE FROM mae_impuestos_productos WHERE pro_codigo_plu=@@@1505@@@','',2,'2013-07-02'),(33119,'INSERT INTO gne_vale_ferreteria (vfe_id,vfe_fecha,vfe_total,vfe_estado,vfe_entregado,usu_nusuario) VALUES (4119,@@@2013.07.02@@@,1990,1,0,@@@G_DIAZ@@@)','',2,'2013-07-02'),(33120,'INSERT INTO gne_vale_ferreteria_mov (vfe_id,pro_codigo_plu,vfm_cantidad,vfm_unitario,vfm_total,vfm_entregado) VALUES (4119,1505,1,1990,1990,@@@NO@@@)','',2,'2013-07-02'),(33121,'UPDATE mae_productos SET pro_codigo_barra=@@@7613031370320@@@,pro_tipo=@@@0@@@,pro_nombre_producto=@@@PACK CHAMYTO FRUTILLA 6 UNID@@@,pro_nombre_corto=@@@PACK CHAMYTO FRU@@@,med_id=@@@1@@@,emb_id=@@@3@@@,pro_unidades_embalaje=@@@16@@@,dep_id=@@@3 @@@,lin_id=@@@46@@@,mar_id=@@@9@@@,pro_precio_compra_neto=@@@0@@@,pro_precio_compra_bruto=@@@0@@@,pro_precio_venta=@@@1380@@@,pro_margen_actual=@@@0@@@,pro_oferta=@@@NO@@@,pro_fecha_inicio_oferta=@@@1900.01.01@@@,pro_fecha_termino_oferta=@@@1900.01.01@@@,pro_precio_oferta=@@@0@@@,pro_stock_minimo=@@@16@@@,pro_stock_critico=@@@8@@@,pro_activo=@@@1@@@,pro_unidad=@@@0@@@,pro_precio_compra_bruto=0,pro_margen_actual=0,pro_capacidad=1,pro_funcion_plu=0,pro_flejes=1,pro_iva=1,pro_plu_asociado=0,pro_envase=@@@NO@@@,pro_duracion=0,pro_numero_etiqueta=0 WHERE pro_codigo_plu=@@@16842@@@','',2,'2013-07-02'),(33122,'UPDATE mae_productos SET pro_estado=1 WHERE pro_codigo_plu=16842','',2,'2013-07-02'),(33123,'DELETE FROM mae_impuestos_productos WHERE pro_codigo_plu=@@@16842@@@','',2,'2013-07-02'),(33124,'UPDATE mae_productos SET pro_codigo_barra=@@@7613031370450@@@,pro_tipo=@@@0@@@,pro_nombre_producto=@@@PACK CHAMYTO MANZANA 6 UN.@@@,pro_nombre_corto=@@@PACK CHAMYTO MAN@@@,med_id=@@@1@@@,emb_id=@@@3@@@,pro_unidades_embalaje=@@@16@@@,dep_id=@@@3 @@@,lin_id=@@@46@@@,mar_id=@@@9@@@,pro_precio_compra_neto=@@@0@@@,pro_precio_compra_bruto=@@@0@@@,pro_precio_venta=@@@1380@@@,pro_margen_actual=@@@0@@@,pro_oferta=@@@NO@@@,pro_fecha_inicio_oferta=@@@2006.09.07@@@,pro_fecha_termino_oferta=@@@2006.09.07@@@,pro_precio_oferta=@@@0@@@,pro_stock_minimo=@@@16@@@,pro_stock_critico=@@@8@@@,pro_activo=@@@1@@@,pro_unidad=@@@0@@@,pro_precio_compra_bruto=0,pro_margen_actual=0,pro_capacidad=1,pro_funcion_plu=0,pro_flejes=1,pro_iva=1,pro_plu_asociado=0,pro_envase=@@@NO@@@,pro_duracion=0,pro_numero_etiqueta=0 WHERE pro_codigo_plu=@@@101642@@@','',2,'2013-07-02'),(33125,'UPDATE mae_productos SET pro_estado=1 WHERE pro_codigo_plu=101642','',2,'2013-07-02'),(33126,'DELETE FROM mae_impuestos_productos WHERE pro_codigo_plu=@@@101642@@@','',2,'2013-07-02'),(33127,'INSERT INTO gne_vale_ferreteria (vfe_id,vfe_fecha,vfe_total,vfe_estado,vfe_entregado,usu_nusuario) VALUES (4120,@@@2013.07.02@@@,180,1,0,@@@G_DIAZ@@@)','',2,'2013-07-02'),(33128,'INSERT INTO gne_vale_ferreteria_mov (vfe_id,pro_codigo_plu,vfm_cantidad,vfm_unitario,vfm_total,vfm_entregado) VALUES (4120,780721143,1,180,180,@@@NO@@@)','',2,'2013-07-02'),(33129,'INSERT INTO gne_vale_ferreteria (vfe_id,vfe_fecha,vfe_total,vfe_estado,vfe_entregado,usu_nusuario) VALUES (4121,@@@2013.07.02@@@,450,1,0,@@@G_DIAZ@@@)','',2,'2013-07-02'),(33130,'INSERT INTO gne_vale_ferreteria_mov (vfe_id,pro_codigo_plu,vfm_cantidad,vfm_unitario,vfm_total,vfm_entregado) VALUES (4121,8022,1,120,120,@@@NO@@@)','',2,'2013-07-02'),(33131,'INSERT INTO gne_vale_ferreteria_mov (vfe_id,pro_codigo_plu,vfm_cantidad,vfm_unitario,vfm_total,vfm_entregado) VALUES (4121,780220186,1,330,330,@@@NO@@@)','',2,'2013-07-02'),(33132,'INSERT INTO gne_vale_ferreteria (vfe_id,vfe_fecha,vfe_total,vfe_estado,vfe_entregado,usu_nusuario) VALUES (4122,@@@2013.07.02@@@,1470,1,0,@@@G_DIAZ@@@)','',2,'2013-07-02'),(33133,'INSERT INTO gne_vale_ferreteria_mov (vfe_id,pro_codigo_plu,vfm_cantidad,vfm_unitario,vfm_total,vfm_entregado) VALUES (4122,8022,1,120,120,@@@NO@@@)','',2,'2013-07-02'),(33134,'INSERT INTO gne_vale_ferreteria_mov (vfe_id,pro_codigo_plu,vfm_cantidad,vfm_unitario,vfm_total,vfm_entregado) VALUES (4122,763740,1,1350,1350,@@@NO@@@)','',2,'2013-07-02'),(33135,'INSERT INTO mae_productos (pro_codigo_plu,pro_codigo_barra,pro_tipo,pro_nombre_producto,pro_nombre_corto,med_id,emb_id,pro_unidades_embalaje,dep_id,lin_id,mar_id,pro_precio_compra_neto,pro_precio_compra_bruto,pro_precio_venta,pro_margen_actual,pro_oferta,pro_fecha_inicio_oferta,pro_fecha_termino_oferta,pro_precio_oferta,pro_stock_minimo,pro_stock_critico,pro_entradas_bodega,pro_salidas_bodega,pro_mermas_bodega,pro_ajustes_bodega,pro_entradas_sv,pro_salidas_sv,pro_mermas_sv,pro_ajustes_sv,pro_activo,rec_numero,pro_unidad,pro_capacidad,pro_consumo_bodega,pro_consumo_sv,pro_estado,pro_funcion_plu,pro_flejes,pro_iva,pro_plu_asociado,pro_envase,pro_duracion,pro_numero_etiqueta) VALUES (780721279,@@@70081@@@,@@@0@@@,@@@PELOTA PLUMAVIC GRANDE @@@,@@@PELOTA PLUMAVIC @@@,@@@1 @@@,@@@3 @@@,@@@0@@@,@@@24 @@@,@@@137@@@,@@@2507@@@,@@@0@@@,@@@0@@@,@@@1890@@@,@@@0@@@,@@@@@@,@@@2013.07.02@@@,@@@2013.07.02@@@,@@@0@@@,@@@0@@@,@@@0@@@,@@@0@@@,@@@0@@@,@@@0@@@,@@@0@@@,@@@0@@@,@@@0@@@,@@@0@@@,@@@0@@@,@@@1@@@,@@@0@@@,0,1,0,0,2,0,1,1,0,@@@NO@@@,0,0)','',2,'2013-07-02'),(33136,'DELETE FROM mae_impuestos_productos WHERE pro_codigo_plu=@@@780721279@@@','',2,'2013-07-02'),(33137,'INSERT INTO mae_productos (pro_codigo_plu,pro_codigo_barra,pro_tipo,pro_nombre_producto,pro_nombre_corto,med_id,emb_id,pro_unidades_embalaje,dep_id,lin_id,mar_id,pro_precio_compra_neto,pro_precio_compra_bruto,pro_precio_venta,pro_margen_actual,pro_oferta,pro_fecha_inicio_oferta,pro_fecha_termino_oferta,pro_precio_oferta,pro_stock_minimo,pro_stock_critico,pro_entradas_bodega,pro_salidas_bodega,pro_mermas_bodega,pro_ajustes_bodega,pro_entradas_sv,pro_salidas_sv,pro_mermas_sv,pro_ajustes_sv,pro_activo,rec_numero,pro_unidad,pro_capacidad,pro_consumo_bodega,pro_consumo_sv,pro_estado,pro_funcion_plu,pro_flejes,pro_iva,pro_plu_asociado,pro_envase,pro_duracion,pro_numero_etiqueta) VALUES (780721280,@@@77082@@@,@@@0@@@,@@@PELOTA PLUMAVIC MEDIANA@@@,@@@PELOTA PLUMAVIC @@@,@@@1 @@@,@@@3 @@@,@@@0@@@,@@@24 @@@,@@@137@@@,@@@2507@@@,@@@0@@@,@@@0@@@,@@@790@@@,@@@0@@@,@@@@@@,@@@2013.07.02@@@,@@@2013.07.02@@@,@@@0@@@,@@@0@@@,@@@0@@@,@@@0@@@,@@@0@@@,@@@0@@@,@@@0@@@,@@@0@@@,@@@0@@@,@@@0@@@,@@@0@@@,@@@1@@@,@@@0@@@,0,1,0,0,2,0,1,1,0,@@@NO@@@,0,0)','',2,'2013-07-02'),(33138,'DELETE FROM mae_impuestos_productos WHERE pro_codigo_plu=@@@780721280@@@','',2,'2013-07-02'),(33139,'UPDATE mae_productos SET pro_precio_compra_bruto=95,pro_margen_actual=(pro_precio_venta-95)/95 * 100,pro_ultima_compra=@@@2013.07.02@@@,pro_ultimo_proveedor=@@@76027786-K@@@ WHERE pro_codigo_plu=1011','',2,'2013-07-02'),(33140,'UPDATE mae_productos SET pro_precio_compra_bruto=95,pro_margen_actual=(pro_precio_venta-95)/95 * 100,pro_ultima_compra=@@@2013.07.02@@@,pro_ultimo_proveedor=@@@76027786-K@@@ WHERE pro_codigo_plu=1012','',2,'2013-07-02'),(33141,'INSERT INTO mae_productos (pro_codigo_plu,pro_codigo_barra,pro_tipo,pro_nombre_producto,pro_nombre_corto,med_id,emb_id,pro_unidades_embalaje,dep_id,lin_id,mar_id,pro_precio_compra_neto,pro_precio_compra_bruto,pro_precio_venta,pro_margen_actual,pro_oferta,pro_fecha_inicio_oferta,pro_fecha_termino_oferta,pro_precio_oferta,pro_stock_minimo,pro_stock_critico,pro_entradas_bodega,pro_salidas_bodega,pro_mermas_bodega,pro_ajustes_bodega,pro_entradas_sv,pro_salidas_sv,pro_mermas_sv,pro_ajustes_sv,pro_activo,rec_numero,pro_unidad,pro_capacidad,pro_consumo_bodega,pro_consumo_sv,pro_estado,pro_funcion_plu,pro_flejes,pro_iva,pro_plu_asociado,pro_envase,pro_duracion,pro_numero_etiqueta) VALUES (780721281,@@@77083@@@,@@@0@@@,@@@PELOTA PLUMAVIC @@@,@@@PELOTA PLUMAVIC @@@,@@@1 @@@,@@@3 @@@,@@@0@@@,@@@24 @@@,@@@137@@@,@@@2507@@@,@@@0@@@,@@@0@@@,@@@180@@@,@@@0@@@,@@@@@@,@@@2013.07.02@@@,@@@2013.07.02@@@,@@@0@@@,@@@0@@@,@@@0@@@,@@@0@@@,@@@0@@@,@@@0@@@,@@@0@@@,@@@0@@@,@@@0@@@,@@@0@@@,@@@0@@@,@@@1@@@,@@@0@@@,0,1,0,0,2,0,1,1,0,@@@NO@@@,0,0)','',2,'2013-07-02'),(33142,'DELETE FROM mae_impuestos_productos WHERE pro_codigo_plu=@@@780721281@@@','',2,'2013-07-02'),(33143,'UPDATE mae_productos SET pro_codigo_barra=@@@7801620001223@@@,pro_tipo=@@@0@@@,pro_nombre_producto=@@@KEM PIÑA PET 3000 CC@@@,pro_nombre_corto=@@@KEM PIÑA PET 300@@@,med_id=@@@6@@@,emb_id=@@@5@@@,pro_unidades_embalaje=@@@6@@@,dep_id=@@@4 @@@,lin_id=@@@221@@@,mar_id=@@@1964@@@,pro_precio_compra_neto=@@@0@@@,pro_precio_compra_bruto=@@@0@@@,pro_precio_venta=@@@1450@@@,pro_margen_actual=@@@0@@@,pro_oferta=@@@NO@@@,pro_fecha_inicio_oferta=@@@1900.01.01@@@,pro_fecha_termino_oferta=@@@1900.01.01@@@,pro_precio_oferta=@@@0@@@,pro_stock_minimo=@@@6@@@,pro_stock_critico=@@@3@@@,pro_activo=@@@1@@@,pro_unidad=@@@0@@@,pro_precio_compra_bruto=0,pro_margen_actual=0,pro_capacidad=3,pro_funcion_plu=0,pro_flejes=1,pro_iva=1,pro_plu_asociado=0,pro_envase=@@@NO@@@,pro_duracion=0,pro_numero_etiqueta=0 WHERE pro_codigo_plu=@@@17230@@@','',2,'2013-07-02'),(33144,'UPDATE mae_productos SET pro_estado=1 WHERE pro_codigo_plu=17230','',2,'2013-07-02'),(33145,'DELETE FROM mae_impuestos_productos WHERE pro_codigo_plu=@@@17230@@@','',2,'2013-07-02'),(33146,'INSERT INTO mae_productos (pro_codigo_plu,pro_codigo_barra,pro_tipo,pro_nombre_producto,pro_nombre_corto,med_id,emb_id,pro_unidades_embalaje,dep_id,lin_id,mar_id,pro_precio_compra_neto,pro_precio_compra_bruto,pro_precio_venta,pro_margen_actual,pro_oferta,pro_fecha_inicio_oferta,pro_fecha_termino_oferta,pro_precio_oferta,pro_stock_minimo,pro_stock_critico,pro_entradas_bodega,pro_salidas_bodega,pro_mermas_bodega,pro_ajustes_bodega,pro_entradas_sv,pro_salidas_sv,pro_mermas_sv,pro_ajustes_sv,pro_activo,rec_numero,pro_unidad,pro_capacidad,pro_consumo_bodega,pro_consumo_sv,pro_estado,pro_funcion_plu,pro_flejes,pro_iva,pro_plu_asociado,pro_envase,pro_duracion,pro_numero_etiqueta) VALUES (780721282,@@@77084@@@,@@@0@@@,@@@PELOTA PLUMAVIC N 2@@@,@@@PELOTA PLUMAVIC @@@,@@@1 @@@,@@@3 @@@,@@@0@@@,@@@24 @@@,@@@137@@@,@@@2507@@@,@@@0@@@,@@@0@@@,@@@390@@@,@@@0@@@,@@@@@@,@@@2013.07.02@@@,@@@2013.07.02@@@,@@@0@@@,@@@0@@@,@@@0@@@,@@@0@@@,@@@0@@@,@@@0@@@,@@@0@@@,@@@0@@@,@@@0@@@,@@@0@@@,@@@0@@@,@@@1@@@,@@@0@@@,0,1,0,0,2,0,1,1,0,@@@NO@@@,0,0)','',2,'2013-07-02'),(33147,'DELETE FROM mae_impuestos_productos WHERE pro_codigo_plu=@@@780721282@@@','',2,'2013-07-02'),(33148,'INSERT INTO gne_vale_ferreteria (vfe_id,vfe_fecha,vfe_total,vfe_estado,vfe_entregado,usu_nusuario) VALUES (4123,@@@2013.07.02@@@,90,1,0,@@@G_DIAZ@@@)','',2,'2013-07-02'),(33149,'INSERT INTO gne_vale_ferreteria_mov (vfe_id,pro_codigo_plu,vfm_cantidad,vfm_unitario,vfm_total,vfm_entregado) VALUES (4123,78017147,1,90,90,@@@NO@@@)','',2,'2013-07-02'),(33150,'INSERT INTO gne_vale_ferreteria (vfe_id,vfe_fecha,vfe_total,vfe_estado,vfe_entregado,usu_nusuario) VALUES (4124,@@@2013.07.02@@@,390,1,0,@@@G_DIAZ@@@)','',2,'2013-07-02'),(33151,'INSERT INTO gne_vale_ferreteria_mov (vfe_id,pro_codigo_plu,vfm_cantidad,vfm_unitario,vfm_total,vfm_entregado) VALUES (4124,764118,1,150,150,@@@NO@@@)','',2,'2013-07-02'),(33152,'INSERT INTO gne_vale_ferreteria_mov (vfe_id,pro_codigo_plu,vfm_cantidad,vfm_unitario,vfm_total,vfm_entregado) VALUES (4124,763778,1,240,240,@@@NO@@@)','',2,'2013-07-02'),(33153,'INSERT INTO gne_vale_ferreteria (vfe_id,vfe_fecha,vfe_total,vfe_estado,vfe_entregado,usu_nusuario) VALUES (4125,@@@2013.07.02@@@,100,1,0,@@@G_DIAZ@@@)','',2,'2013-07-02'),(33154,'INSERT INTO gne_vale_ferreteria_mov (vfe_id,pro_codigo_plu,vfm_cantidad,vfm_unitario,vfm_total,vfm_entregado) VALUES (4125,1542,1,100,100,@@@NO@@@)','',2,'2013-07-02'),(33155,'INSERT INTO gne_vale_ferreteria (vfe_id,vfe_fecha,vfe_total,vfe_estado,vfe_entregado,usu_nusuario) VALUES (4126,@@@2013.07.02@@@,720,1,0,@@@G_DIAZ@@@)','',2,'2013-07-02'),(33156,'INSERT INTO gne_vale_ferreteria_mov (vfe_id,pro_codigo_plu,vfm_cantidad,vfm_unitario,vfm_total,vfm_entregado) VALUES (4126,763617,1,720,720,@@@NO@@@)','',2,'2013-07-02'),(33157,'INSERT INTO gne_vale_ferreteria (vfe_id,vfe_fecha,vfe_total,vfe_estado,vfe_entregado,usu_nusuario) VALUES (4127,@@@2013.07.02@@@,100,1,0,@@@G_DIAZ@@@)','',2,'2013-07-02'),(33158,'INSERT INTO gne_vale_ferreteria_mov (vfe_id,pro_codigo_plu,vfm_cantidad,vfm_unitario,vfm_total,vfm_entregado) VALUES (4127,4130,1,100,100,@@@NO@@@)','',2,'2013-07-02'),(33159,'INSERT INTO gne_vale_ferreteria (vfe_id,vfe_fecha,vfe_total,vfe_estado,vfe_entregado,usu_nusuario) VALUES (4128,@@@2013.07.02@@@,490,1,0,@@@G_DIAZ@@@)','',2,'2013-07-02'),(33160,'INSERT INTO gne_vale_ferreteria_mov (vfe_id,pro_codigo_plu,vfm_cantidad,vfm_unitario,vfm_total,vfm_entregado) VALUES (4128,764509,1,490,490,@@@NO@@@)','',2,'2013-07-02'),(33161,'INSERT INTO gne_vale_ferreteria (vfe_id,vfe_fecha,vfe_total,vfe_estado,vfe_entregado,usu_nusuario) VALUES (4129,@@@2013.07.02@@@,120,1,0,@@@G_DIAZ@@@)','',2,'2013-07-02'),(33162,'INSERT INTO gne_vale_ferreteria_mov (vfe_id,pro_codigo_plu,vfm_cantidad,vfm_unitario,vfm_total,vfm_entregado) VALUES (4129,8022,1,120,120,@@@NO@@@)','',2,'2013-07-02'),(33163,'INSERT INTO gne_vale_ferreteria (vfe_id,vfe_fecha,vfe_total,vfe_estado,vfe_entregado,usu_nusuario) VALUES (4130,@@@2013.07.02@@@,390,1,0,@@@G_DIAZ@@@)','',2,'2013-07-02'),(33164,'INSERT INTO gne_vale_ferreteria_mov (vfe_id,pro_codigo_plu,vfm_cantidad,vfm_unitario,vfm_total,vfm_entregado) VALUES (4130,8023,1,390,390,@@@NO@@@)','',2,'2013-07-02'),(33165,'INSERT INTO gne_vale_ferreteria (vfe_id,vfe_fecha,vfe_total,vfe_estado,vfe_entregado,usu_nusuario) VALUES (4131,@@@2013.07.02@@@,590,1,0,@@@G_DIAZ@@@)','',2,'2013-07-02'),(33166,'INSERT INTO gne_vale_ferreteria_mov (vfe_id,pro_codigo_plu,vfm_cantidad,vfm_unitario,vfm_total,vfm_entregado) VALUES (4131,19865,1,590,590,@@@NO@@@)','',2,'2013-07-02'),(33167,'INSERT INTO gne_vale_ferreteria (vfe_id,vfe_fecha,vfe_total,vfe_estado,vfe_entregado,usu_nusuario) VALUES (4132,@@@2013.07.02@@@,2200,1,0,@@@G_DIAZ@@@)','',2,'2013-07-02'),(33168,'INSERT INTO gne_vale_ferreteria_mov (vfe_id,pro_codigo_plu,vfm_cantidad,vfm_unitario,vfm_total,vfm_entregado) VALUES (4132,763966,2,1100,2200,@@@NO@@@)','',2,'2013-07-02'),(33169,'INSERT INTO gne_vale_ferreteria (vfe_id,vfe_fecha,vfe_total,vfe_estado,vfe_entregado,usu_nusuario) VALUES (4133,@@@2013.07.02@@@,40,1,0,@@@G_DIAZ@@@)','',2,'2013-07-02'),(33170,'INSERT INTO gne_vale_ferreteria_mov (vfe_id,pro_codigo_plu,vfm_cantidad,vfm_unitario,vfm_total,vfm_entregado) VALUES (4133,78017191,1,40,40,@@@NO@@@)','',2,'2013-07-02'),(33171,'INSERT INTO gne_vale_ferreteria (vfe_id,vfe_fecha,vfe_total,vfe_estado,vfe_entregado,usu_nusuario) VALUES (4134,@@@2013.07.02@@@,7990,1,0,@@@G_DIAZ@@@)','',2,'2013-07-02'),(33172,'INSERT INTO gne_vale_ferreteria_mov (vfe_id,pro_codigo_plu,vfm_cantidad,vfm_unitario,vfm_total,vfm_entregado) VALUES (4134,764796,1,7990,7990,@@@NO@@@)','',2,'2013-07-02'),(33173,'INSERT INTO gne_vale_ferreteria (vfe_id,vfe_fecha,vfe_total,vfe_estado,vfe_entregado,usu_nusuario) VALUES (4135,@@@2013.07.02@@@,120,1,0,@@@G_DIAZ@@@)','',2,'2013-07-02'),(33174,'INSERT INTO gne_vale_ferreteria_mov (vfe_id,pro_codigo_plu,vfm_cantidad,vfm_unitario,vfm_total,vfm_entregado) VALUES (4135,8022,1,120,120,@@@NO@@@)','',2,'2013-07-02'),(33175,'INSERT INTO gne_vale_ferreteria (vfe_id,vfe_fecha,vfe_total,vfe_estado,vfe_entregado,usu_nusuario) VALUES (4136,@@@2013.07.02@@@,650,1,0,@@@G_DIAZ@@@)','',2,'2013-07-02'),(33176,'INSERT INTO gne_vale_ferreteria_mov (vfe_id,pro_codigo_plu,vfm_cantidad,vfm_unitario,vfm_total,vfm_entregado) VALUES (4136,78017013,1,650,650,@@@NO@@@)','',2,'2013-07-02'),(33177,'INSERT INTO gne_vale_ferreteria (vfe_id,vfe_fecha,vfe_total,vfe_estado,vfe_entregado,usu_nusuario) VALUES (4137,@@@2013.07.02@@@,150,1,0,@@@G_DIAZ@@@)','',2,'2013-07-02'),(33178,'INSERT INTO gne_vale_ferreteria_mov (vfe_id,pro_codigo_plu,vfm_cantidad,vfm_unitario,vfm_total,vfm_entregado) VALUES (4137,780721187,1,150,150,@@@NO@@@)','',2,'2013-07-02'),(33179,'INSERT INTO gne_vale_ferreteria (vfe_id,vfe_fecha,vfe_total,vfe_estado,vfe_entregado,usu_nusuario) VALUES (4138,@@@2013.07.02@@@,240,1,0,@@@G_DIAZ@@@)','',2,'2013-07-02'),(33180,'INSERT INTO gne_vale_ferreteria_mov (vfe_id,pro_codigo_plu,vfm_cantidad,vfm_unitario,vfm_total,vfm_entregado) VALUES (4138,8022,2,120,240,@@@NO@@@)','',2,'2013-07-02'),(33181,'INSERT INTO gne_vale_ferreteria (vfe_id,vfe_fecha,vfe_total,vfe_estado,vfe_entregado,usu_nusuario) VALUES (4139,@@@2013.07.02@@@,300,1,0,@@@G_DIAZ@@@)','',2,'2013-07-02'),(33182,'INSERT INTO gne_vale_ferreteria_mov (vfe_id,pro_codigo_plu,vfm_cantidad,vfm_unitario,vfm_total,vfm_entregado) VALUES (4139,78017090,1,300,300,@@@NO@@@)','',2,'2013-07-02'),(33183,'INSERT INTO gne_vale_ferreteria (vfe_id,vfe_fecha,vfe_total,vfe_estado,vfe_entregado,usu_nusuario) VALUES (4140,@@@2013.07.02@@@,420,1,0,@@@G_DIAZ@@@)','',2,'2013-07-02'),(33184,'INSERT INTO gne_vale_ferreteria_mov (vfe_id,pro_codigo_plu,vfm_cantidad,vfm_unitario,vfm_total,vfm_entregado) VALUES (4140,8022,1,120,120,@@@NO@@@)','',2,'2013-07-02'),(33185,'INSERT INTO gne_vale_ferreteria_mov (vfe_id,pro_codigo_plu,vfm_cantidad,vfm_unitario,vfm_total,vfm_entregado) VALUES (4140,780721222,1,300,300,@@@NO@@@)','',2,'2013-07-02'),(33186,'INSERT INTO gne_vale_ferreteria (vfe_id,vfe_fecha,vfe_total,vfe_estado,vfe_entregado,usu_nusuario) VALUES (4141,@@@2013.07.02@@@,450,1,0,@@@G_DIAZ@@@)','',2,'2013-07-02'),(33187,'INSERT INTO gne_vale_ferreteria_mov (vfe_id,pro_codigo_plu,vfm_cantidad,vfm_unitario,vfm_total,vfm_entregado) VALUES (4141,1070,1,250,250,@@@NO@@@)','',2,'2013-07-02'),(33188,'INSERT INTO gne_vale_ferreteria_mov (vfe_id,pro_codigo_plu,vfm_cantidad,vfm_unitario,vfm_total,vfm_entregado) VALUES (4141,1069,1,200,200,@@@NO@@@)','',2,'2013-07-02'),(33189,'INSERT INTO gne_vale_ferreteria (vfe_id,vfe_fecha,vfe_total,vfe_estado,vfe_entregado,usu_nusuario) VALUES (4142,@@@2013.07.02@@@,660,1,0,@@@G_DIAZ@@@)','',2,'2013-07-02'),(33190,'INSERT INTO gne_vale_ferreteria_mov (vfe_id,pro_codigo_plu,vfm_cantidad,vfm_unitario,vfm_total,vfm_entregado) VALUES (4142,8022,1,120,120,@@@NO@@@)','',2,'2013-07-02'),(33191,'INSERT INTO gne_vale_ferreteria_mov (vfe_id,pro_codigo_plu,vfm_cantidad,vfm_unitario,vfm_total,vfm_entregado) VALUES (4142,780721278,1,390,390,@@@NO@@@)','',2,'2013-07-02'),(33192,'INSERT INTO gne_vale_ferreteria_mov (vfe_id,pro_codigo_plu,vfm_cantidad,vfm_unitario,vfm_total,vfm_entregado) VALUES (4142,764118,1,150,150,@@@NO@@@)','',2,'2013-07-02'),(33193,'INSERT INTO gne_vale_ferreteria (vfe_id,vfe_fecha,vfe_total,vfe_estado,vfe_entregado,usu_nusuario) VALUES (4143,@@@2013.07.02@@@,150,1,0,@@@G_DIAZ@@@)','',2,'2013-07-02'),(33194,'INSERT INTO gne_vale_ferreteria_mov (vfe_id,pro_codigo_plu,vfm_cantidad,vfm_unitario,vfm_total,vfm_entregado) VALUES (4143,770035,1,150,150,@@@NO@@@)','',2,'2013-07-02'),(33195,'INSERT INTO gne_vale_ferreteria (vfe_id,vfe_fecha,vfe_total,vfe_estado,vfe_entregado,usu_nusuario) VALUES (4144,@@@2013.07.02@@@,150,1,0,@@@G_DIAZ@@@)','',2,'2013-07-02'),(33196,'INSERT INTO gne_vale_ferreteria_mov (vfe_id,pro_codigo_plu,vfm_cantidad,vfm_unitario,vfm_total,vfm_entregado) VALUES (4144,770035,1,150,150,@@@NO@@@)','',2,'2013-07-02'),(33197,'INSERT INTO gne_vale_ferreteria (vfe_id,vfe_fecha,vfe_total,vfe_estado,vfe_entregado,usu_nusuario) VALUES (4145,@@@2013.07.02@@@,400,1,0,@@@G_DIAZ@@@)','',2,'2013-07-02'),(33198,'INSERT INTO gne_vale_ferreteria_mov (vfe_id,pro_codigo_plu,vfm_cantidad,vfm_unitario,vfm_total,vfm_entregado) VALUES (4145,764255,1,400,400,@@@NO@@@)','',2,'2013-07-02'),(33199,'INSERT INTO gne_vale_ferreteria (vfe_id,vfe_fecha,vfe_total,vfe_estado,vfe_entregado,usu_nusuario) VALUES (4146,@@@2013.07.02@@@,1280,1,0,@@@G_DIAZ@@@)','',2,'2013-07-02'),(33200,'INSERT INTO gne_vale_ferreteria_mov (vfe_id,pro_codigo_plu,vfm_cantidad,vfm_unitario,vfm_total,vfm_entregado) VALUES (4146,763804,1,790,790,@@@NO@@@)','',2,'2013-07-02'),(33201,'INSERT INTO gne_vale_ferreteria_mov (vfe_id,pro_codigo_plu,vfm_cantidad,vfm_unitario,vfm_total,vfm_entregado) VALUES (4146,764509,1,490,490,@@@NO@@@)','',2,'2013-07-02'),(33202,'INSERT INTO mae_productos (pro_codigo_plu,pro_codigo_barra,pro_tipo,pro_nombre_producto,pro_nombre_corto,med_id,emb_id,pro_unidades_embalaje,dep_id,lin_id,mar_id,pro_precio_compra_neto,pro_precio_compra_bruto,pro_precio_venta,pro_margen_actual,pro_oferta,pro_fecha_inicio_oferta,pro_fecha_termino_oferta,pro_precio_oferta,pro_stock_minimo,pro_stock_critico,pro_entradas_bodega,pro_salidas_bodega,pro_mermas_bodega,pro_ajustes_bodega,pro_entradas_sv,pro_salidas_sv,pro_mermas_sv,pro_ajustes_sv,pro_activo,rec_numero,pro_unidad,pro_capacidad,pro_consumo_bodega,pro_consumo_sv,pro_estado,pro_funcion_plu,pro_flejes,pro_iva,pro_plu_asociado,pro_envase,pro_duracion,pro_numero_etiqueta) VALUES (780721283,@@@9002490100490@@@,@@@0@@@,@@@PACK 4 RED BULL 250 ML@@@,@@@PACK 4 RED BULL @@@,@@@1 @@@,@@@6 @@@,@@@6@@@,@@@4 @@@,@@@223@@@,@@@2676@@@,@@@0@@@,@@@3871@@@,@@@4999@@@,@@@29.14@@@,@@@@@@,@@@2006.09.07@@@,@@@2006.09.07@@@,@@@0@@@,@@@6@@@,@@@3@@@,@@@0@@@,@@@0@@@,@@@0@@@,@@@0@@@,@@@0@@@,@@@0@@@,@@@0@@@,@@@0@@@,@@@1@@@,@@@0@@@,0,4,0,0,2,0,1,1,0,@@@NO@@@,0,0)','',2,'2013-07-02'),(33203,'DELETE FROM mae_impuestos_productos WHERE pro_codigo_plu=@@@780721283@@@','',2,'2013-07-02'),(33204,'UPDATE mae_productos SET pro_precio_compra_bruto=3871,pro_margen_actual=(pro_precio_venta-3871)/3871 * 100,pro_ultima_compra=@@@2013.07.02@@@,pro_ultimo_proveedor=@@@96568970-2@@@ WHERE pro_codigo_plu=780721283','',2,'2013-07-02'),(33205,'UPDATE mae_productos SET pro_precio_compra_bruto=1000,pro_margen_actual=(pro_precio_venta-1000)/1000 * 100,pro_ultima_compra=@@@2013.07.02@@@,pro_ultimo_proveedor=@@@96568970-2@@@ WHERE pro_codigo_plu=17146','',2,'2013-07-02'),(33206,'UPDATE gpr_pack_virtual SET pav_nombre=@@@PACK 2 REDBULL 250ML@@@,pav_total_pack=2755,pav_total_descuento=225,pav_desde=@@@2013-07-01@@@,pav_hasta=@@@2013-07-31@@@,pav_tipo=@@@PA@@@,pav_precio=1490,pav_lleva=2,pav_paga=1.8363634,pav_descuento=0.1636366,pav_porcentaje=115,pav_oferta_exclusiva=@@@NO@@@,pav_agotar_stock=@@@SI@@@,pav_stock=50,pav_costo=2000,pav_margen=37.75 WHERE pav_id=13','',2,'2013-07-02'),(33207,'DELETE FROM gpr_pack_virtual_mov WHERE pav_id=13','',2,'2013-07-02'),(33208,'DELETE FROM gpr_pack_virtual_horario WHERE pav_id=13','',2,'2013-07-02'),(33209,'INSERT INTO gpr_pack_virtual_mov (pav_id,pro_codigo_plu,pvm_precio,pvm_total,pvm_lleva,pvm_paga,pvm_descuento,pvm_porcentaje,pvm_total_normal,pvm_descuento_linea,pvm_costo,pvm_margen) VALUES (13,17146,1490,0,1,1,0,0,1490,112.5,1000,37.75)','',2,'2013-07-02'),(33210,'INSERT INTO gpr_pack_virtual_horario (pav_id,pvh_dia,pvh_hora_desde,pvh_hora_hasta) VALUES (13,99,@@@00:00@@@,@@@23:59@@@)','',2,'2013-07-02'),(33211,'INSERT INTO gne_vale_ferreteria (vfe_id,vfe_fecha,vfe_total,vfe_estado,vfe_entregado,usu_nusuario) VALUES (4147,@@@2013.07.02@@@,580,1,0,@@@G_DIAZ@@@)','',2,'2013-07-02'),(33212,'INSERT INTO gne_vale_ferreteria_mov (vfe_id,pro_codigo_plu,vfm_cantidad,vfm_unitario,vfm_total,vfm_entregado) VALUES (4147,880009,2,290,580,@@@NO@@@)','',2,'2013-07-02'),(33213,'INSERT INTO gne_vale_ferreteria (vfe_id,vfe_fecha,vfe_total,vfe_estado,vfe_entregado,usu_nusuario) VALUES (4148,@@@2013.07.02@@@,300,1,0,@@@G_DIAZ@@@)','',2,'2013-07-02'),(33214,'INSERT INTO gne_vale_ferreteria_mov (vfe_id,pro_codigo_plu,vfm_cantidad,vfm_unitario,vfm_total,vfm_entregado) VALUES (4148,78017049,1,300,300,@@@NO@@@)','',2,'2013-07-02'),(33215,'UPDATE mae_productos SET pro_precio_fiscal=pro_precio_venta WHERE pro_codigo_plu=1505','',2,'2013-07-02'),(33216,'UPDATE mae_productos SET pro_precio_fiscal=pro_precio_venta WHERE pro_codigo_plu=780721279','',2,'2013-07-02'),(33217,'UPDATE mae_productos SET pro_precio_fiscal=pro_precio_venta WHERE pro_codigo_plu=16842','',2,'2013-07-02'),(33218,'UPDATE mae_productos SET pro_precio_fiscal=pro_precio_venta WHERE pro_codigo_plu=101642','',2,'2013-07-02'),(33219,'UPDATE mae_productos SET pro_precio_fiscal=pro_precio_venta WHERE pro_codigo_plu=780721280','',2,'2013-07-02'),(33220,'UPDATE mae_productos SET pro_precio_fiscal=pro_precio_venta WHERE pro_codigo_plu=780721281','',2,'2013-07-02'),(33221,'UPDATE mae_productos SET pro_precio_fiscal=pro_precio_venta WHERE pro_codigo_plu=780721282','',2,'2013-07-02'),(33222,'UPDATE mae_productos SET pro_precio_fiscal=pro_precio_venta WHERE pro_codigo_plu=17230','',2,'2013-07-02'),(33223,'UPDATE mae_productos SET pro_precio_fiscal=pro_precio_venta WHERE pro_codigo_plu=780721283','',2,'2013-07-02'),(33224,'UPDATE mae_productos SET pro_margen_actual=52.94,pro_precio_venta=130 WHERE pro_codigo_plu=780220130','',2,'2013-07-02'),(33225,'UPDATE mae_productos SET pro_precio_fiscal=pro_precio_venta WHERE pro_codigo_plu=780220130','',2,'2013-07-02'),(33226,'INSERT INTO gne_vale_ferreteria (vfe_id,vfe_fecha,vfe_total,vfe_estado,vfe_entregado,usu_nusuario) VALUES (4149,@@@2013.07.02@@@,1170,1,0,@@@G_DIAZ@@@)','',2,'2013-07-02'),(33227,'INSERT INTO gne_vale_ferreteria_mov (vfe_id,pro_codigo_plu,vfm_cantidad,vfm_unitario,vfm_total,vfm_entregado) VALUES (4149,761996,1,840,840,@@@NO@@@)','',2,'2013-07-02'),(33228,'INSERT INTO gne_vale_ferreteria_mov (vfe_id,pro_codigo_plu,vfm_cantidad,vfm_unitario,vfm_total,vfm_entregado) VALUES (4149,764778,1,330,330,@@@NO@@@)','',2,'2013-07-02'),(33229,'INSERT INTO gpr_pack_virtual (pav_id,pav_nombre,pav_total_pack,pav_total_descuento,pav_desde,pav_hasta,pav_tipo,pav_precio,pav_lleva,pav_paga,pav_descuento,pav_porcentaje,pav_oferta_exclusiva,pav_agotar_stock,pav_stock,pav_costo,pav_margen) VALUES (16,@@@PACK ABOLENGO LLEVA 6 PAGA 5@@@,650,130,@@@2013-07-02@@@,@@@2013-08-30@@@,@@@PR@@@,0,0,0,0,0,@@@SI@@@,@@@SI@@@,1000,510,27.45)','',2,'2013-07-02'),(33230,'INSERT INTO gpr_pack_virtual_mov (pav_id,pro_codigo_plu,pvm_precio,pvm_total,pvm_lleva,pvm_paga,pvm_descuento,pvm_porcentaje,pvm_total_normal,pvm_descuento_linea,pvm_costo,pvm_margen) VALUES (16,780220130,130,650,6,5,1,0,780,130,85,27.45)','',2,'2013-07-02'),(33231,'INSERT INTO gpr_pack_virtual_horario (pav_id,pvh_dia,pvh_hora_desde,pvh_hora_hasta) VALUES (16,99,@@@00:00@@@,@@@23:59@@@)','',2,'2013-07-02'),(33232,'INSERT INTO gne_vale_ferreteria (vfe_id,vfe_fecha,vfe_total,vfe_estado,vfe_entregado,usu_nusuario) VALUES (4150,@@@2013.07.02@@@,120,1,0,@@@G_DIAZ@@@)','',2,'2013-07-02'),(33233,'INSERT INTO gne_vale_ferreteria_mov (vfe_id,pro_codigo_plu,vfm_cantidad,vfm_unitario,vfm_total,vfm_entregado) VALUES (4150,8022,1,120,120,@@@NO@@@)','',2,'2013-07-02'),(33234,'UPDATE gpr_pack_virtual SET pav_nombre=@@@PACK ABOLENGO LLEVA 6 PAGA 5@@@,pav_total_pack=650,pav_total_descuento=130,pav_desde=@@@2013-07-01@@@,pav_hasta=@@@2013-08-30@@@,pav_tipo=@@@PR@@@,pav_precio=0,pav_lleva=0,pav_paga=0,pav_descuento=0,pav_porcentaje=0,pav_oferta_exclusiva=@@@SI@@@,pav_agotar_stock=@@@SI@@@,pav_stock=1000,pav_costo=510,pav_margen=27.45 WHERE pav_id=16','',2,'2013-07-02'),(33235,'DELETE FROM gpr_pack_virtual_mov WHERE pav_id=16','',2,'2013-07-02'),(33236,'DELETE FROM gpr_pack_virtual_horario WHERE pav_id=16','',2,'2013-07-02'),(33237,'INSERT INTO gpr_pack_virtual_mov (pav_id,pro_codigo_plu,pvm_precio,pvm_total,pvm_lleva,pvm_paga,pvm_descuento,pvm_porcentaje,pvm_total_normal,pvm_descuento_linea,pvm_costo,pvm_margen) VALUES (16,780220130,130,650,6,5,1,0,780,130,85,27.45)','',2,'2013-07-02'),(33238,'INSERT INTO gpr_pack_virtual_horario (pav_id,pvh_dia,pvh_hora_desde,pvh_hora_hasta) VALUES (16,99,@@@00:00@@@,@@@23:59@@@)','',2,'2013-07-02'),(33239,'UPDATE gpr_pack_virtual SET pav_nombre=@@@PACK ABOLENGO LLEVA 6 PAGA 5@@@,pav_total_pack=650,pav_total_descuento=130,pav_desde=@@@2013-07-01@@@,pav_hasta=@@@2013-08-30@@@,pav_tipo=@@@PA@@@,pav_precio=130,pav_lleva=6,pav_paga=4.6,pav_descuento=1.4,pav_porcentaje=37,pav_oferta_exclusiva=@@@NO@@@,pav_agotar_stock=@@@SI@@@,pav_stock=1000,pav_costo=510,pav_margen=27.45 WHERE pav_id=16','',2,'2013-07-02'),(33240,'DELETE FROM gpr_pack_virtual_mov WHERE pav_id=16','',2,'2013-07-02'),(33241,'DELETE FROM gpr_pack_virtual_horario WHERE pav_id=16','',2,'2013-07-02'),(33242,'INSERT INTO gpr_pack_virtual_mov (pav_id,pro_codigo_plu,pvm_precio,pvm_total,pvm_lleva,pvm_paga,pvm_descuento,pvm_porcentaje,pvm_total_normal,pvm_descuento_linea,pvm_costo,pvm_margen) VALUES (16,780220130,130,0,1,1,0,0,130,21.6666666666667,85,27.45)','',2,'2013-07-02'),(33243,'INSERT INTO gpr_pack_virtual_horario (pav_id,pvh_dia,pvh_hora_desde,pvh_hora_hasta) VALUES (16,99,@@@00:00@@@,@@@23:59@@@)','',2,'2013-07-02'),(33244,'INSERT INTO gne_vale_ferreteria (vfe_id,vfe_fecha,vfe_total,vfe_estado,vfe_entregado,usu_nusuario) VALUES (4151,@@@2013.07.02@@@,790,1,0,@@@G_DIAZ@@@)','',2,'2013-07-02'),(33245,'INSERT INTO gne_vale_ferreteria_mov (vfe_id,pro_codigo_plu,vfm_cantidad,vfm_unitario,vfm_total,vfm_entregado) VALUES (4151,764068,1,790,790,@@@NO@@@)','',2,'2013-07-02'),(33246,'INSERT INTO gne_vale_ferreteria (vfe_id,vfe_fecha,vfe_total,vfe_estado,vfe_entregado,usu_nusuario) VALUES (4152,@@@2013.07.02@@@,120,1,0,@@@G_DIAZ@@@)','',2,'2013-07-02'),(33247,'INSERT INTO gne_vale_ferreteria_mov (vfe_id,pro_codigo_plu,vfm_cantidad,vfm_unitario,vfm_total,vfm_entregado) VALUES (4152,8022,1,120,120,@@@NO@@@)','',2,'2013-07-02'),(33248,'INSERT INTO gne_vale_ferreteria (vfe_id,vfe_fecha,vfe_total,vfe_estado,vfe_entregado,usu_nusuario) VALUES (4153,@@@2013.07.02@@@,480,1,0,@@@G_DIAZ@@@)','',2,'2013-07-02'),(33249,'INSERT INTO gne_vale_ferreteria_mov (vfe_id,pro_codigo_plu,vfm_cantidad,vfm_unitario,vfm_total,vfm_entregado) VALUES (4153,78017204,4,120,480,@@@NO@@@)','',2,'2013-07-02'),(33250,'INSERT INTO gne_vale_ferreteria (vfe_id,vfe_fecha,vfe_total,vfe_estado,vfe_entregado,usu_nusuario) VALUES (4154,@@@2013.07.02@@@,280,1,0,@@@G_DIAZ@@@)','',2,'2013-07-02'),(33251,'INSERT INTO gne_vale_ferreteria_mov (vfe_id,pro_codigo_plu,vfm_cantidad,vfm_unitario,vfm_total,vfm_entregado) VALUES (4154,770034,14,20,280,@@@NO@@@)','',2,'2013-07-02'),(33252,'INSERT INTO gne_vale_ferreteria (vfe_id,vfe_fecha,vfe_total,vfe_estado,vfe_entregado,usu_nusuario) VALUES (4155,@@@2013.07.02@@@,120,1,0,@@@G_DIAZ@@@)','',2,'2013-07-02'),(33253,'INSERT INTO gne_vale_ferreteria_mov (vfe_id,pro_codigo_plu,vfm_cantidad,vfm_unitario,vfm_total,vfm_entregado) VALUES (4155,8022,1,120,120,@@@NO@@@)','',2,'2013-07-02'),(33254,'INSERT INTO gne_vale_ferreteria (vfe_id,vfe_fecha,vfe_total,vfe_estado,vfe_entregado,usu_nusuario) VALUES (4156,@@@2013.07.02@@@,390,1,0,@@@G_DIAZ@@@)','',2,'2013-07-02'),(33255,'INSERT INTO gne_vale_ferreteria_mov (vfe_id,pro_codigo_plu,vfm_cantidad,vfm_unitario,vfm_total,vfm_entregado) VALUES (4156,8023,1,390,390,@@@NO@@@)','',2,'2013-07-02'),(33256,'INSERT INTO gne_vale_ferreteria (vfe_id,vfe_fecha,vfe_total,vfe_estado,vfe_entregado,usu_nusuario) VALUES (4157,@@@2013.07.02@@@,450,1,0,@@@G_DIAZ@@@)','',2,'2013-07-02'),(33257,'INSERT INTO gne_vale_ferreteria_mov (vfe_id,pro_codigo_plu,vfm_cantidad,vfm_unitario,vfm_total,vfm_entregado) VALUES (4157,763838,1,450,450,@@@NO@@@)','',2,'2013-07-02'),(33258,'UPDATE mae_productos SET pro_codigo_barra=@@@764831@@@,pro_tipo=@@@0@@@,pro_nombre_producto=@@@CARTULINA DIFERENTES COLORES X1@@@,pro_nombre_corto=@@@CARTULINA DIFERE@@@,med_id=@@@1@@@,emb_id=@@@3@@@,pro_unidades_embalaje=@@@0@@@,dep_id=@@@24 @@@,lin_id=@@@137@@@,mar_id=@@@2507@@@,pro_precio_compra_neto=@@@0@@@,pro_precio_compra_bruto=@@@0@@@,pro_precio_venta=@@@120@@@,pro_margen_actual=@@@0@@@,pro_oferta=@@@NO@@@,pro_fecha_inicio_oferta=@@@2013.05.06@@@,pro_fecha_termino_oferta=@@@2013.05.06@@@,pro_precio_oferta=@@@0@@@,pro_stock_minimo=@@@0@@@,pro_stock_critico=@@@0@@@,pro_activo=@@@2@@@,pro_unidad=@@@0@@@,pro_precio_compra_bruto=0,pro_margen_actual=0,pro_capacidad=1,pro_funcion_plu=0,pro_flejes=1,pro_iva=1,pro_plu_asociado=0,pro_envase=@@@NO@@@,pro_duracion=0,pro_numero_etiqueta=0 WHERE pro_codigo_plu=@@@764831@@@','',2,'2013-07-02'),(33259,'UPDATE mae_productos SET pro_estado=1 WHERE pro_codigo_plu=764831','',2,'2013-07-02'),(33260,'DELETE FROM mae_impuestos_productos WHERE pro_codigo_plu=@@@764831@@@','',2,'2013-07-02'),(33261,'INSERT INTO gne_vale_ferreteria (vfe_id,vfe_fecha,vfe_total,vfe_estado,vfe_entregado,usu_nusuario) VALUES (4158,@@@2013.07.02@@@,120,1,0,@@@G_DIAZ@@@)','',2,'2013-07-02'),(33262,'INSERT INTO gne_vale_ferreteria_mov (vfe_id,pro_codigo_plu,vfm_cantidad,vfm_unitario,vfm_total,vfm_entregado) VALUES (4158,8022,1,120,120,@@@NO@@@)','',2,'2013-07-02'),(33263,'INSERT INTO gne_vale_ferreteria (vfe_id,vfe_fecha,vfe_total,vfe_estado,vfe_entregado,usu_nusuario) VALUES (4159,@@@2013.07.02@@@,200,1,0,@@@G_DIAZ@@@)','',2,'2013-07-02'),(33264,'INSERT INTO gne_vale_ferreteria_mov (vfe_id,pro_codigo_plu,vfm_cantidad,vfm_unitario,vfm_total,vfm_entregado) VALUES (4159,7052,1,200,200,@@@NO@@@)','',2,'2013-07-02'),(33265,'INSERT INTO gne_vale_ferreteria (vfe_id,vfe_fecha,vfe_total,vfe_estado,vfe_entregado,usu_nusuario) VALUES (4160,@@@2013.07.02@@@,450,1,0,@@@G_DIAZ@@@)','',2,'2013-07-02'),(33266,'INSERT INTO gne_vale_ferreteria_mov (vfe_id,pro_codigo_plu,vfm_cantidad,vfm_unitario,vfm_total,vfm_entregado) VALUES (4160,20756,1,450,450,@@@NO@@@)','',2,'2013-07-02'),(33267,'INSERT INTO gne_vale_ferreteria (vfe_id,vfe_fecha,vfe_total,vfe_estado,vfe_entregado,usu_nusuario) VALUES (4161,@@@2013.07.02@@@,60,1,0,@@@G_DIAZ@@@)','',2,'2013-07-02'),(33268,'INSERT INTO gne_vale_ferreteria_mov (vfe_id,pro_codigo_plu,vfm_cantidad,vfm_unitario,vfm_total,vfm_entregado) VALUES (4161,764834,3,20,60,@@@NO@@@)','',2,'2013-07-02'),(33269,'INSERT INTO gne_vale_ferreteria (vfe_id,vfe_fecha,vfe_total,vfe_estado,vfe_entregado,usu_nusuario) VALUES (4162,@@@2013.07.02@@@,160,1,0,@@@G_DIAZ@@@)','',2,'2013-07-02'),(33270,'INSERT INTO gne_vale_ferreteria_mov (vfe_id,pro_codigo_plu,vfm_cantidad,vfm_unitario,vfm_total,vfm_entregado) VALUES (4162,78017191,4,40,160,@@@NO@@@)','',2,'2013-07-02'),(33271,'INSERT INTO gne_vale_ferreteria (vfe_id,vfe_fecha,vfe_total,vfe_estado,vfe_entregado,usu_nusuario) VALUES (4163,@@@2013.07.02@@@,360,1,0,@@@G_DIAZ@@@)','',2,'2013-07-02'),(33272,'INSERT INTO gne_vale_ferreteria_mov (vfe_id,pro_codigo_plu,vfm_cantidad,vfm_unitario,vfm_total,vfm_entregado) VALUES (4163,8022,2,120,240,@@@NO@@@)','',2,'2013-07-02'),(33273,'INSERT INTO gne_vale_ferreteria_mov (vfe_id,pro_codigo_plu,vfm_cantidad,vfm_unitario,vfm_total,vfm_entregado) VALUES (4163,78017204,1,120,120,@@@NO@@@)','',2,'2013-07-02'),(33274,'INSERT INTO gne_vale_ferreteria (vfe_id,vfe_fecha,vfe_total,vfe_estado,vfe_entregado,usu_nusuario) VALUES (4164,@@@2013.07.02@@@,1760,1,0,@@@G_DIAZ@@@)','',2,'2013-07-02'),(33275,'INSERT INTO gne_vale_ferreteria_mov (vfe_id,pro_codigo_plu,vfm_cantidad,vfm_unitario,vfm_total,vfm_entregado) VALUES (4164,8022,1,120,120,@@@NO@@@)','',2,'2013-07-02'),(33276,'INSERT INTO gne_vale_ferreteria_mov (vfe_id,pro_codigo_plu,vfm_cantidad,vfm_unitario,vfm_total,vfm_entregado) VALUES (4164,78017006,4,120,480,@@@NO@@@)','',2,'2013-07-02'),(33277,'INSERT INTO gne_vale_ferreteria_mov (vfe_id,pro_codigo_plu,vfm_cantidad,vfm_unitario,vfm_total,vfm_entregado) VALUES (4164,780220193,1,370,370,@@@NO@@@)','',2,'2013-07-02'),(33278,'INSERT INTO gne_vale_ferreteria_mov (vfe_id,pro_codigo_plu,vfm_cantidad,vfm_unitario,vfm_total,vfm_entregado) VALUES (4164,78017055,1,790,790,@@@NO@@@)','',2,'2013-07-02'),(33279,'INSERT INTO mae_clientes (cli_id,cli_rut,cli_nombre,cli_direccion,cli_sucursal,cli_ciudad,cli_nombre_contacto,cli_cargo,cli_telefono,cli_fax,cli_celular,cli_mail,tcp_id,cli_fecha_nacimiento,cli_activo,cli_limite_credito,cli_giro,cli_sobrecargo,cli_credito_ilimitado,cli_descuento_venta,cli_comuna) VALUES (@@@11@@@,@@@11573385-0@@@,@@@JUANA GRACIELA PEREIRA SALAZAR@@@,@@@PASAJE SAN GREGORIO 124 POBLACION ENTRE RIOS@@@,@@@@@@,@@@NACIMIENTO@@@,@@@@@@,@@@VENDEDORA@@@,@@@76429760@@@,@@@@@@,@@@76429760@@@,@@@@@@,@@@2@@@,@@@1970.01.01@@@,@@@1@@@,@@@60000@@@,@@@@@@,0,0,0,@@@NACIMIENTO@@@)','',2,'2013-07-02'),(33280,'INSERT INTO gne_vale_ferreteria (vfe_id,vfe_fecha,vfe_total,vfe_estado,vfe_entregado,usu_nusuario) VALUES (4165,@@@2013.07.02@@@,1850,1,0,@@@G_DIAZ@@@)','',2,'2013-07-02'),(33281,'INSERT INTO gne_vale_ferreteria_mov (vfe_id,pro_codigo_plu,vfm_cantidad,vfm_unitario,vfm_total,vfm_entregado) VALUES (4165,764817,1,1690,1690,@@@NO@@@)','',2,'2013-07-02'),(33282,'INSERT INTO gne_vale_ferreteria_mov (vfe_id,pro_codigo_plu,vfm_cantidad,vfm_unitario,vfm_total,vfm_entregado) VALUES (4165,16430,1,160,160,@@@NO@@@)','',2,'2013-07-02'),(33283,'INSERT INTO gne_vale_ferreteria (vfe_id,vfe_fecha,vfe_total,vfe_estado,vfe_entregado,usu_nusuario) VALUES (4166,@@@2013.07.02@@@,240,1,0,@@@G_DIAZ@@@)','',2,'2013-07-02'),(33284,'INSERT INTO gne_vale_ferreteria_mov (vfe_id,pro_codigo_plu,vfm_cantidad,vfm_unitario,vfm_total,vfm_entregado) VALUES (4166,78017006,2,120,240,@@@NO@@@)','',2,'2013-07-02'),(33285,'INSERT INTO gne_vale_ferreteria (vfe_id,vfe_fecha,vfe_total,vfe_estado,vfe_entregado,usu_nusuario) VALUES (4167,@@@2013.07.02@@@,150,1,0,@@@G_DIAZ@@@)','',2,'2013-07-02'),(33286,'INSERT INTO gne_vale_ferreteria_mov (vfe_id,pro_codigo_plu,vfm_cantidad,vfm_unitario,vfm_total,vfm_entregado) VALUES (4167,4088,1,150,150,@@@NO@@@)','',2,'2013-07-02'),(33287,'INSERT INTO gne_vale_ferreteria (vfe_id,vfe_fecha,vfe_total,vfe_estado,vfe_entregado,usu_nusuario) VALUES (4168,@@@2013.07.02@@@,990,1,0,@@@G_DIAZ@@@)','',2,'2013-07-02'),(33288,'INSERT INTO gne_vale_ferreteria_mov (vfe_id,pro_codigo_plu,vfm_cantidad,vfm_unitario,vfm_total,vfm_entregado) VALUES (4168,764458,1,990,990,@@@NO@@@)','',2,'2013-07-02'),(33289,'INSERT INTO gne_vale_ferreteria (vfe_id,vfe_fecha,vfe_total,vfe_estado,vfe_entregado,usu_nusuario) VALUES (4169,@@@2013.07.02@@@,3180,1,0,@@@G_DIAZ@@@)','',2,'2013-07-02'),(33290,'INSERT INTO gne_vale_ferreteria_mov (vfe_id,pro_codigo_plu,vfm_cantidad,vfm_unitario,vfm_total,vfm_entregado) VALUES (4169,763812,1,690,690,@@@NO@@@)','',2,'2013-07-02'),(33291,'INSERT INTO gne_vale_ferreteria_mov (vfe_id,pro_codigo_plu,vfm_cantidad,vfm_unitario,vfm_total,vfm_entregado) VALUES (4169,1069,2,200,400,@@@NO@@@)','',2,'2013-07-02'),(33292,'INSERT INTO gne_vale_ferreteria_mov (vfe_id,pro_codigo_plu,vfm_cantidad,vfm_unitario,vfm_total,vfm_entregado) VALUES (4169,78017176,2,200,400,@@@NO@@@)','',2,'2013-07-02'),(33293,'INSERT INTO gne_vale_ferreteria_mov (vfe_id,pro_codigo_plu,vfm_cantidad,vfm_unitario,vfm_total,vfm_entregado) VALUES (4169,764190,1,1690,1690,@@@NO@@@)','',2,'2013-07-02'),(33294,'INSERT INTO gne_vale_ferreteria (vfe_id,vfe_fecha,vfe_total,vfe_estado,vfe_entregado,usu_nusuario) VALUES (4170,@@@2013.07.02@@@,200,1,0,@@@G_DIAZ@@@)','',2,'2013-07-02'),(33295,'INSERT INTO gne_vale_ferreteria_mov (vfe_id,pro_codigo_plu,vfm_cantidad,vfm_unitario,vfm_total,vfm_entregado) VALUES (4170,764702,1,200,200,@@@NO@@@)','',2,'2013-07-02'),(33296,'UPDATE mae_productos SET pro_margen_actual=0,pro_precio_venta=130 WHERE pro_codigo_plu=11982','',2,'2013-07-03'),(33297,'UPDATE mae_productos SET pro_margen_actual=0,pro_precio_venta=130 WHERE pro_codigo_plu=102103','',2,'2013-07-03'),(33298,'UPDATE mae_productos SET pro_precio_fiscal=pro_precio_venta WHERE pro_codigo_plu=11982','',2,'2013-07-03'),(33299,'UPDATE mae_productos SET pro_precio_fiscal=pro_precio_venta WHERE pro_codigo_plu=102103','',2,'2013-07-03'),(33300,'UPDATE mae_productos SET pro_margen_actual=0,pro_precio_venta=130 WHERE pro_codigo_plu=763914','',2,'2013-07-03'),(33301,'UPDATE mae_productos SET pro_margen_actual=0,pro_precio_venta=130 WHERE pro_codigo_plu=1475','',2,'2013-07-03'),(33302,'UPDATE mae_productos SET pro_margen_actual=0,pro_precio_venta=130 WHERE pro_codigo_plu=12832','',2,'2013-07-03'),(33303,'UPDATE mae_productos SET pro_precio_fiscal=pro_precio_venta WHERE pro_codigo_plu=1475','',2,'2013-07-03'),(33304,'UPDATE mae_productos SET pro_precio_fiscal=pro_precio_venta WHERE pro_codigo_plu=763914','',2,'2013-07-03'),(33305,'UPDATE mae_productos SET pro_precio_fiscal=pro_precio_venta WHERE pro_codigo_plu=12832','',2,'2013-07-03'),(33306,'UPDATE mae_productos SET pro_codigo_barra=@@@7613032259457@@@,pro_tipo=@@@0@@@,pro_nombre_producto=@@@NESTUM 5 CEREALES 350 GRS@@@,pro_nombre_corto=@@@NESTUM 5 CEREALE@@@,med_id=@@@5@@@,emb_id=@@@4@@@,pro_unidades_embalaje=@@@24@@@,dep_id=@@@1 @@@,lin_id=@@@153@@@,mar_id=@@@2075@@@,pro_precio_compra_neto=@@@0@@@,pro_precio_compra_bruto=@@@1276@@@,pro_precio_venta=@@@1660@@@,pro_margen_actual=@@@30.09@@@,pro_oferta=@@@NO@@@,pro_fecha_inicio_oferta=@@@1900.01.01@@@,pro_fecha_termino_oferta=@@@1900.01.01@@@,pro_precio_oferta=@@@0@@@,pro_stock_minimo=@@@6@@@,pro_stock_critico=@@@2@@@,pro_activo=@@@1@@@,pro_unidad=@@@0@@@,pro_precio_compra_bruto=1276,pro_margen_actual=30.09,pro_capacidad=0.35,pro_funcion_plu=0,pro_flejes=1,pro_iva=1,pro_plu_asociado=0,pro_envase=@@@NO@@@,pro_duracion=0,pro_numero_etiqueta=0 WHERE pro_codigo_plu=@@@13901@@@','',2,'2013-07-03'),(33307,'UPDATE mae_productos SET pro_estado=1 WHERE pro_codigo_plu=13901','',2,'2013-07-03'),(33308,'DELETE FROM mae_impuestos_productos WHERE pro_codigo_plu=@@@13901@@@','',2,'2013-07-03'),(33309,'UPDATE mae_productos SET pro_codigo_barra=@@@7613033543784@@@,pro_tipo=@@@0@@@,pro_nombre_producto=@@@NESTUM TROCITOS BANANA MANZANA@@@,pro_nombre_corto=@@@NESTUM TROCITOS@@@,med_id=@@@5@@@,emb_id=@@@3@@@,pro_unidades_embalaje=@@@0@@@,dep_id=@@@1 @@@,lin_id=@@@153@@@,mar_id=@@@9@@@,pro_precio_compra_neto=@@@0@@@,pro_precio_compra_bruto=@@@999@@@,pro_precio_venta=@@@1299@@@,pro_margen_actual=@@@30.03@@@,pro_oferta=@@@NO@@@,pro_fecha_inicio_oferta=@@@2013.06.07@@@,pro_fecha_termino_oferta=@@@2013.06.07@@@,pro_precio_oferta=@@@0@@@,pro_stock_minimo=@@@4@@@,pro_stock_critico=@@@2@@@,pro_activo=@@@1@@@,pro_unidad=@@@0@@@,pro_precio_compra_bruto=999,pro_margen_actual=30.03,pro_capacidad=200,pro_funcion_plu=0,pro_flejes=1,pro_iva=1,pro_plu_asociado=0,pro_envase=@@@NO@@@,pro_duracion=0,pro_numero_etiqueta=0 WHERE pro_codigo_plu=@@@780220189@@@','',2,'2013-07-03'),(33310,'UPDATE mae_productos SET pro_estado=1 WHERE pro_codigo_plu=780220189','',2,'2013-07-03'),(33311,'DELETE FROM mae_impuestos_productos WHERE pro_codigo_plu=@@@780220189@@@','',2,'2013-07-03'),(33312,'UPDATE mae_productos SET pro_codigo_barra=@@@7613033155796@@@,pro_tipo=@@@0@@@,pro_nombre_producto=@@@NESTUM ARROZ@@@,pro_nombre_corto=@@@NESTUM ARROZ@@@,med_id=@@@5@@@,emb_id=@@@3@@@,pro_unidades_embalaje=@@@0@@@,dep_id=@@@1 @@@,lin_id=@@@154@@@,mar_id=@@@9@@@,pro_precio_compra_neto=@@@0@@@,pro_precio_compra_bruto=@@@753@@@,pro_precio_venta=@@@980@@@,pro_margen_actual=@@@30.15@@@,pro_oferta=@@@NO@@@,pro_fecha_inicio_oferta=@@@2013.04.26@@@,pro_fecha_termino_oferta=@@@2013.04.26@@@,pro_precio_oferta=@@@0@@@,pro_stock_minimo=@@@5@@@,pro_stock_critico=@@@2@@@,pro_activo=@@@1@@@,pro_unidad=@@@0@@@,pro_precio_compra_bruto=753,pro_margen_actual=30.15,pro_capacidad=200,pro_funcion_plu=0,pro_flejes=1,pro_iva=1,pro_plu_asociado=0,pro_envase=@@@NO@@@,pro_duracion=0,pro_numero_etiqueta=0 WHERE pro_codigo_plu=@@@763274@@@','',2,'2013-07-03'),(33313,'UPDATE mae_productos SET pro_estado=1 WHERE pro_codigo_plu=763274','',2,'2013-07-03'),(33314,'DELETE FROM mae_impuestos_productos WHERE pro_codigo_plu=@@@763274@@@','',2,'2013-07-03'),(33315,'UPDATE mae_productos SET pro_codigo_barra=@@@7613031072644@@@,pro_tipo=@@@0@@@,pro_nombre_producto=@@@FITNESS NESTLE 390 GRS.@@@,pro_nombre_corto=@@@FITNESS NESTLE 3@@@,med_id=@@@5@@@,emb_id=@@@6@@@,pro_unidades_embalaje=@@@16@@@,dep_id=@@@1 @@@,lin_id=@@@154@@@,mar_id=@@@9@@@,pro_precio_compra_neto=@@@0@@@,pro_precio_compra_bruto=@@@1691@@@,pro_precio_venta=@@@2199@@@,pro_margen_actual=@@@30.04@@@,pro_oferta=@@@NO@@@,pro_fecha_inicio_oferta=@@@1900.01.01@@@,pro_fecha_termino_oferta=@@@1900.01.01@@@,pro_precio_oferta=@@@0@@@,pro_stock_minimo=@@@4@@@,pro_stock_critico=@@@2@@@,pro_activo=@@@1@@@,pro_unidad=@@@0@@@,pro_precio_compra_bruto=1691,pro_margen_actual=30.04,pro_capacidad=0.39,pro_funcion_plu=0,pro_flejes=1,pro_iva=1,pro_plu_asociado=0,pro_envase=@@@NO@@@,pro_duracion=0,pro_numero_etiqueta=0 WHERE pro_codigo_plu=@@@13943@@@','',2,'2013-07-03'),(33316,'UPDATE mae_productos SET pro_estado=1 WHERE pro_codigo_plu=13943','',2,'2013-07-03'),(33317,'DELETE FROM mae_impuestos_productos WHERE pro_codigo_plu=@@@13943@@@','',2,'2013-07-03'),(33318,'UPDATE mae_productos SET pro_codigo_barra=@@@7613030983477@@@,pro_tipo=@@@0@@@,pro_nombre_producto=@@@CEREAL MILO NESTLE 500 GRS@@@,pro_nombre_corto=@@@CEREAL MILO  NES@@@,med_id=@@@5@@@,emb_id=@@@4@@@,pro_unidades_embalaje=@@@12@@@,dep_id=@@@1 @@@,lin_id=@@@154@@@,mar_id=@@@9@@@,pro_precio_compra_neto=@@@0@@@,pro_precio_compra_bruto=@@@1999@@@,pro_precio_venta=@@@2599@@@,pro_margen_actual=@@@30.02@@@,pro_oferta=@@@NO@@@,pro_fecha_inicio_oferta=@@@1900.01.01@@@,pro_fecha_termino_oferta=@@@1900.01.01@@@,pro_precio_oferta=@@@0@@@,pro_stock_minimo=@@@6@@@,pro_stock_critico=@@@3@@@,pro_activo=@@@1@@@,pro_unidad=@@@0@@@,pro_precio_compra_bruto=1999,pro_margen_actual=30.02,pro_capacidad=0.5,pro_funcion_plu=0,pro_flejes=1,pro_iva=1,pro_plu_asociado=0,pro_envase=@@@NO@@@,pro_duracion=0,pro_numero_etiqueta=0 WHERE pro_codigo_plu=@@@13892@@@','',2,'2013-07-03'),(33319,'UPDATE mae_productos SET pro_estado=1 WHERE pro_codigo_plu=13892','',2,'2013-07-03'),(33320,'DELETE FROM mae_impuestos_productos WHERE pro_codigo_plu=@@@13892@@@','',2,'2013-07-03'),(33321,'UPDATE mae_productos SET pro_codigo_barra=@@@7613030979609@@@,pro_tipo=@@@0@@@,pro_nombre_producto=@@@CEREAL NESQUIK 460 GRS@@@,pro_nombre_corto=@@@CEREAL NESQUIK 4@@@,med_id=@@@5@@@,emb_id=@@@4@@@,pro_unidades_embalaje=@@@12@@@,dep_id=@@@1 @@@,lin_id=@@@154@@@,mar_id=@@@9@@@,pro_precio_compra_neto=@@@0@@@,pro_precio_compra_bruto=@@@1946@@@,pro_precio_venta=@@@2530@@@,pro_margen_actual=@@@30.01@@@,pro_oferta=@@@NO@@@,pro_fecha_inicio_oferta=@@@1900.01.01@@@,pro_fecha_termino_oferta=@@@1900.01.01@@@,pro_precio_oferta=@@@0@@@,pro_stock_minimo=@@@6@@@,pro_stock_critico=@@@3@@@,pro_activo=@@@1@@@,pro_unidad=@@@0@@@,pro_precio_compra_bruto=1946,pro_margen_actual=30.01,pro_capacidad=0.46,pro_funcion_plu=0,pro_flejes=1,pro_iva=1,pro_plu_asociado=0,pro_envase=@@@NO@@@,pro_duracion=0,pro_numero_etiqueta=0 WHERE pro_codigo_plu=@@@13937@@@','',2,'2013-07-03'),(33322,'UPDATE mae_productos SET pro_estado=1 WHERE pro_codigo_plu=13937','',2,'2013-07-03'),(33323,'DELETE FROM mae_impuestos_productos WHERE pro_codigo_plu=@@@13937@@@','',2,'2013-07-03'),(33324,'UPDATE mae_productos SET pro_codigo_barra=@@@7613034155030@@@,pro_tipo=@@@0@@@,pro_nombre_producto=@@@TRIX 330G@@@,pro_nombre_corto=@@@TRIX 330G@@@,med_id=@@@5@@@,emb_id=@@@3@@@,pro_unidades_embalaje=@@@0@@@,dep_id=@@@1 @@@,lin_id=@@@153@@@,mar_id=@@@9@@@,pro_precio_compra_neto=@@@0@@@,pro_precio_compra_bruto=@@@1476@@@,pro_precio_venta=@@@1920@@@,pro_margen_actual=@@@30.08@@@,pro_oferta=@@@NO@@@,pro_fecha_inicio_oferta=@@@2013.06.07@@@,pro_fecha_termino_oferta=@@@2013.06.07@@@,pro_precio_oferta=@@@0@@@,pro_stock_minimo=@@@6@@@,pro_stock_critico=@@@3@@@,pro_activo=@@@1@@@,pro_unidad=@@@0@@@,pro_precio_compra_bruto=1476,pro_margen_actual=30.08,pro_capacidad=330,pro_funcion_plu=0,pro_flejes=1,pro_iva=1,pro_plu_asociado=0,pro_envase=@@@NO@@@,pro_duracion=0,pro_numero_etiqueta=0 WHERE pro_codigo_plu=@@@780220190@@@','',2,'2013-07-03'),(33325,'UPDATE mae_productos SET pro_estado=1 WHERE pro_codigo_plu=780220190','',2,'2013-07-03'),(33326,'DELETE FROM mae_impuestos_productos WHERE pro_codigo_plu=@@@780220190@@@','',2,'2013-07-03'),(33327,'UPDATE mae_productos SET pro_codigo_barra=@@@7613030979494@@@,pro_tipo=@@@0@@@,pro_nombre_producto=@@@CEREAL NESTLE ESTRELLITA 500 GRS.@@@,pro_nombre_corto=@@@CEREAL NESTLE ES@@@,med_id=@@@5@@@,emb_id=@@@4@@@,pro_unidades_embalaje=@@@12@@@,dep_id=@@@1 @@@,lin_id=@@@154@@@,mar_id=@@@9@@@,pro_precio_compra_neto=@@@0@@@,pro_precio_compra_bruto=@@@1892@@@,pro_precio_venta=@@@2460@@@,pro_margen_actual=@@@30.02@@@,pro_oferta=@@@NO@@@,pro_fecha_inicio_oferta=@@@1900.01.01@@@,pro_fecha_termino_oferta=@@@1900.01.01@@@,pro_precio_oferta=@@@0@@@,pro_stock_minimo=@@@6@@@,pro_stock_critico=@@@3@@@,pro_activo=@@@1@@@,pro_unidad=@@@0@@@,pro_precio_compra_bruto=1892,pro_margen_actual=30.02,pro_capacidad=0.5,pro_funcion_plu=0,pro_flejes=1,pro_iva=1,pro_plu_asociado=0,pro_envase=@@@NO@@@,pro_duracion=0,pro_numero_etiqueta=0 WHERE pro_codigo_plu=@@@13889@@@','',2,'2013-07-03'),(33328,'UPDATE mae_productos SET pro_estado=1 WHERE pro_codigo_plu=13889','',2,'2013-07-03'),(33329,'DELETE FROM mae_impuestos_productos WHERE pro_codigo_plu=@@@13889@@@','',2,'2013-07-03'),(33330,'INSERT INTO mae_productos (pro_codigo_plu,pro_codigo_barra,pro_tipo,pro_nombre_producto,pro_nombre_corto,med_id,emb_id,pro_unidades_embalaje,dep_id,lin_id,mar_id,pro_precio_compra_neto,pro_precio_compra_bruto,pro_precio_venta,pro_margen_actual,pro_oferta,pro_fecha_inicio_oferta,pro_fecha_termino_oferta,pro_precio_oferta,pro_stock_minimo,pro_stock_critico,pro_entradas_bodega,pro_salidas_bodega,pro_mermas_bodega,pro_ajustes_bodega,pro_entradas_sv,pro_salidas_sv,pro_mermas_sv,pro_ajustes_sv,pro_activo,rec_numero,pro_unidad,pro_capacidad,pro_consumo_bodega,pro_consumo_sv,pro_estado,pro_funcion_plu,pro_flejes,pro_iva,pro_plu_asociado,pro_envase,pro_duracion,pro_numero_etiqueta) VALUES (780721284,@@@7613034232601@@@,@@@0@@@,@@@CEREAL ESTRELLITAS 330G NESTLE@@@,@@@CEREAL ESTRELLIT@@@,@@@5 @@@,@@@3 @@@,@@@0@@@,@@@1 @@@,@@@154@@@,@@@9@@@,@@@0@@@,@@@1476@@@,@@@1950@@@,@@@32.11@@@,@@@@@@,@@@2006.09.07@@@,@@@2006.09.07@@@,@@@0@@@,@@@3@@@,@@@1@@@,@@@0@@@,@@@0@@@,@@@0@@@,@@@0@@@,@@@0@@@,@@@0@@@,@@@0@@@,@@@0@@@,@@@1@@@,@@@0@@@,0,330,0,0,2,0,1,1,0,@@@NO@@@,0,0)','',2,'2013-07-03'),(33331,'DELETE FROM mae_impuestos_productos WHERE pro_codigo_plu=@@@780721284@@@','',2,'2013-07-03'),(33332,'UPDATE mae_productos SET pro_codigo_barra=@@@7613030979289@@@,pro_tipo=@@@0@@@,pro_nombre_producto=@@@CHOCAPIC CEREAL INTEGRAL 500 GRS@@@,pro_nombre_corto=@@@CHOCAPIC CEREAL@@@,med_id=@@@5@@@,emb_id=@@@4@@@,pro_unidades_embalaje=@@@12@@@,dep_id=@@@1 @@@,lin_id=@@@154@@@,mar_id=@@@9@@@,pro_precio_compra_neto=@@@0@@@,pro_precio_compra_bruto=@@@2030@@@,pro_precio_venta=@@@2640@@@,pro_margen_actual=@@@30.05@@@,pro_oferta=@@@NO@@@,pro_fecha_inicio_oferta=@@@1900.01.01@@@,pro_fecha_termino_oferta=@@@1900.01.01@@@,pro_precio_oferta=@@@0@@@,pro_stock_minimo=@@@6@@@,pro_stock_critico=@@@3@@@,pro_activo=@@@1@@@,pro_unidad=@@@0@@@,pro_precio_compra_bruto=2030,pro_margen_actual=30.05,pro_capacidad=0.5,pro_funcion_plu=0,pro_flejes=1,pro_iva=1,pro_plu_asociado=0,pro_envase=@@@NO@@@,pro_duracion=0,pro_numero_etiqueta=0 WHERE pro_codigo_plu=@@@13884@@@','',2,'2013-07-03'),(33333,'UPDATE mae_productos SET pro_estado=1 WHERE pro_codigo_plu=13884','',2,'2013-07-03'),(33334,'DELETE FROM mae_impuestos_productos WHERE pro_codigo_plu=@@@13884@@@','',2,'2013-07-03'),(33335,'INSERT INTO gne_vale_ferreteria (vfe_id,vfe_fecha,vfe_total,vfe_estado,vfe_entregado,usu_nusuario) VALUES (4171,@@@2013.07.03@@@,240,1,0,@@@s_diaz@@@)','',2,'2013-07-03'),(33336,'INSERT INTO gne_vale_ferreteria_mov (vfe_id,pro_codigo_plu,vfm_cantidad,vfm_unitario,vfm_total,vfm_entregado) VALUES (4171,78016999,2,120,240,@@@NO@@@)','',2,'2013-07-03'),(33337,'INSERT INTO gne_vale_ferreteria (vfe_id,vfe_fecha,vfe_total,vfe_estado,vfe_entregado,usu_nusuario) VALUES (4172,@@@2013.07.03@@@,1390,1,0,@@@s_diaz@@@)','',2,'2013-07-03'),(33338,'INSERT INTO gne_vale_ferreteria_mov (vfe_id,pro_codigo_plu,vfm_cantidad,vfm_unitario,vfm_total,vfm_entregado) VALUES (4172,763283,1,1390,1390,@@@NO@@@)','',2,'2013-07-03'),(33339,'INSERT INTO gne_vale_ferreteria (vfe_id,vfe_fecha,vfe_total,vfe_estado,vfe_entregado,usu_nusuario) VALUES (4173,@@@2013.07.03@@@,350,1,0,@@@s_diaz@@@)','',2,'2013-07-03'),(33340,'INSERT INTO gne_vale_ferreteria_mov (vfe_id,pro_codigo_plu,vfm_cantidad,vfm_unitario,vfm_total,vfm_entregado) VALUES (4173,12719,1,350,350,@@@NO@@@)','',2,'2013-07-03'),(33341,'UPDATE mae_productos SET pro_codigo_barra=@@@7809596100070@@@,pro_tipo=@@@0@@@,pro_nombre_producto=@@@HARINA MOLINO ANGOL 20K@@@,pro_nombre_corto=@@@HARINA MOLINO 20@@@,med_id=@@@2@@@,emb_id=@@@3@@@,pro_unidades_embalaje=@@@0@@@,dep_id=@@@1 @@@,lin_id=@@@10@@@,mar_id=@@@2655@@@,pro_precio_compra_neto=@@@0@@@,pro_precio_compra_bruto=@@@8144@@@,pro_precio_venta=@@@8590@@@,pro_margen_actual=@@@5.48@@@,pro_oferta=@@@NO@@@,pro_fecha_inicio_oferta=@@@2013.05.03@@@,pro_fecha_termino_oferta=@@@2013.05.03@@@,pro_precio_oferta=@@@0@@@,pro_stock_minimo=@@@10@@@,pro_stock_critico=@@@5@@@,pro_activo=@@@1@@@,pro_unidad=@@@0@@@,pro_precio_compra_bruto=8144,pro_margen_actual=5.48,pro_capacidad=20,pro_funcion_plu=0,pro_flejes=1,pro_iva=1,pro_plu_asociado=0,pro_envase=@@@NO@@@,pro_duracion=0,pro_numero_etiqueta=0 WHERE pro_codigo_plu=@@@764417@@@','',2,'2013-07-03'),(33342,'UPDATE mae_productos SET pro_estado=1 WHERE pro_codigo_plu=764417','',2,'2013-07-03'),(33343,'DELETE FROM mae_impuestos_productos WHERE pro_codigo_plu=@@@764417@@@','',2,'2013-07-03'),(33344,'UPDATE mae_productos SET pro_codigo_barra=@@@7809596101046@@@,pro_tipo=@@@0@@@,pro_nombre_producto=@@@HARINA MOLINO BIO BIO 10K@@@,pro_nombre_corto=@@@HARINA MOLINO BB@@@,med_id=@@@2@@@,emb_id=@@@3@@@,pro_unidades_embalaje=@@@0@@@,dep_id=@@@1 @@@,lin_id=@@@10@@@,mar_id=@@@2509@@@,pro_precio_compra_neto=@@@0@@@,pro_precio_compra_bruto=@@@4850@@@,pro_precio_venta=@@@5100@@@,pro_margen_actual=@@@5.15@@@,pro_oferta=@@@NO@@@,pro_fecha_inicio_oferta=@@@2013.05.03@@@,pro_fecha_termino_oferta=@@@2013.05.03@@@,pro_precio_oferta=@@@0@@@,pro_stock_minimo=@@@30@@@,pro_stock_critico=@@@20@@@,pro_activo=@@@1@@@,pro_unidad=@@@0@@@,pro_precio_compra_bruto=4850,pro_margen_actual=5.15,pro_capacidad=10,pro_funcion_plu=0,pro_flejes=1,pro_iva=1,pro_plu_asociado=0,pro_envase=@@@NO@@@,pro_duracion=0,pro_numero_etiqueta=0 WHERE pro_codigo_plu=@@@764410@@@','',2,'2013-07-03'),(33345,'UPDATE mae_productos SET pro_estado=1 WHERE pro_codigo_plu=764410','',2,'2013-07-03'),(33346,'DELETE FROM mae_impuestos_productos WHERE pro_codigo_plu=@@@764410@@@','',2,'2013-07-03'),(33347,'UPDATE mae_productos SET pro_codigo_barra=@@@7809596102401@@@,pro_tipo=@@@0@@@,pro_nombre_producto=@@@HARINA MOLINO BIO BIO 40K@@@,pro_nombre_corto=@@@HARINA MOLINO 40@@@,med_id=@@@2@@@,emb_id=@@@3@@@,pro_unidades_embalaje=@@@0@@@,dep_id=@@@1 @@@,lin_id=@@@10@@@,mar_id=@@@2509@@@,pro_precio_compra_neto=@@@0@@@,pro_precio_compra_bruto=@@@15748@@@,pro_precio_venta=@@@16490@@@,pro_margen_actual=@@@4.71@@@,pro_oferta=@@@NO@@@,pro_fecha_inicio_oferta=@@@2013.05.03@@@,pro_fecha_termino_oferta=@@@2013.05.03@@@,pro_precio_oferta=@@@0@@@,pro_stock_minimo=@@@6@@@,pro_stock_critico=@@@3@@@,pro_activo=@@@1@@@,pro_unidad=@@@0@@@,pro_precio_compra_bruto=15748,pro_margen_actual=4.71,pro_capacidad=40,pro_funcion_plu=0,pro_flejes=1,pro_iva=1,pro_plu_asociado=0,pro_envase=@@@NO@@@,pro_duracion=0,pro_numero_etiqueta=0 WHERE pro_codigo_plu=@@@764420@@@','',2,'2013-07-03'),(33348,'UPDATE mae_productos SET pro_estado=1 WHERE pro_codigo_plu=764420','',2,'2013-07-03'),(33349,'DELETE FROM mae_impuestos_productos WHERE pro_codigo_plu=@@@764420@@@','',2,'2013-07-03'),(33350,'UPDATE mae_productos SET pro_codigo_barra=@@@7809596101039@@@,pro_tipo=@@@0@@@,pro_nombre_producto=@@@HARINA MOLINO BIO BIO 5K@@@,pro_nombre_corto=@@@HARINA MOLINO BB@@@,med_id=@@@2@@@,emb_id=@@@3@@@,pro_unidades_embalaje=@@@0@@@,dep_id=@@@1 @@@,lin_id=@@@10@@@,mar_id=@@@2509@@@,pro_precio_compra_neto=@@@0@@@,pro_precio_compra_bruto=@@@2700@@@,pro_precio_venta=@@@2790@@@,pro_margen_actual=@@@3.33@@@,pro_oferta=@@@NO@@@,pro_fecha_inicio_oferta=@@@2013.05.03@@@,pro_fecha_termino_oferta=@@@2013.05.03@@@,pro_precio_oferta=@@@0@@@,pro_stock_minimo=@@@10@@@,pro_stock_critico=@@@5@@@,pro_activo=@@@1@@@,pro_unidad=@@@0@@@,pro_precio_compra_bruto=2700,pro_margen_actual=3.33,pro_capacidad=5,pro_funcion_plu=0,pro_flejes=1,pro_iva=1,pro_plu_asociado=0,pro_envase=@@@NO@@@,pro_duracion=0,pro_numero_etiqueta=0 WHERE pro_codigo_plu=@@@764409@@@','',2,'2013-07-03'),(33351,'UPDATE mae_productos SET pro_estado=1 WHERE pro_codigo_plu=764409','',2,'2013-07-03'),(33352,'DELETE FROM mae_impuestos_productos WHERE pro_codigo_plu=@@@764409@@@','',2,'2013-07-03'),(33353,'UPDATE mae_productos SET pro_precio_compra_bruto=8286,pro_margen_actual=(pro_precio_venta-8286)/8286 * 100,pro_ultima_compra=@@@2013.07.03@@@,pro_ultimo_proveedor=@@@86379600-8@@@ WHERE pro_codigo_plu=764417','',2,'2013-07-03'),(33354,'UPDATE mae_productos SET pro_precio_compra_bruto=4850,pro_margen_actual=(pro_precio_venta-4850)/4850 * 100,pro_ultima_compra=@@@2013.07.03@@@,pro_ultimo_proveedor=@@@86379600-8@@@ WHERE pro_codigo_plu=764410','',2,'2013-07-03'),(33355,'UPDATE mae_productos SET pro_precio_compra_bruto=8687,pro_margen_actual=(pro_precio_venta-8687)/8687 * 100,pro_ultima_compra=@@@2013.07.03@@@,pro_ultimo_proveedor=@@@86379600-8@@@ WHERE pro_codigo_plu=764416','',2,'2013-07-03'),(33356,'UPDATE mae_productos SET pro_precio_compra_bruto=19027,pro_margen_actual=(pro_precio_venta-19027)/19027 * 100,pro_ultima_compra=@@@2013.07.03@@@,pro_ultimo_proveedor=@@@86379600-8@@@ WHERE pro_codigo_plu=764421','',2,'2013-07-03'),(33357,'UPDATE mae_productos SET pro_precio_compra_bruto=16503,pro_margen_actual=(pro_precio_venta-16503)/16503 * 100,pro_ultima_compra=@@@2013.07.03@@@,pro_ultimo_proveedor=@@@86379600-8@@@ WHERE pro_codigo_plu=764420','',2,'2013-07-03'),(33358,'UPDATE mae_productos SET pro_precio_compra_bruto=1717,pro_margen_actual=(pro_precio_venta-1717)/1717 * 100,pro_ultima_compra=@@@2013.07.03@@@,pro_ultimo_proveedor=@@@86379600-8@@@ WHERE pro_codigo_plu=764408','',2,'2013-07-03'),(33359,'UPDATE mae_productos SET pro_precio_compra_bruto=505,pro_margen_actual=(pro_precio_venta-505)/505 * 100,pro_ultima_compra=@@@2013.07.03@@@,pro_ultimo_proveedor=@@@86379600-8@@@ WHERE pro_codigo_plu=763287','',2,'2013-07-03'),(33360,'UPDATE mae_productos SET pro_precio_compra_bruto=2700,pro_margen_actual=(pro_precio_venta-2700)/2700 * 100,pro_ultima_compra=@@@2013.07.03@@@,pro_ultimo_proveedor=@@@86379600-8@@@ WHERE pro_codigo_plu=764409','',2,'2013-07-03'),(33361,'UPDATE mae_productos SET pro_codigo_barra=@@@10000@@@,pro_tipo=@@@0@@@,pro_nombre_producto=@@@HARINILLA MOLINO BIO BIO 30 KL@@@,pro_nombre_corto=@@@HARINILLA MOLINO@@@,med_id=@@@2@@@,emb_id=@@@9@@@,pro_unidades_embalaje=@@@1@@@,dep_id=@@@1 @@@,lin_id=@@@10@@@,mar_id=@@@2509@@@,pro_precio_compra_neto=@@@0@@@,pro_precio_compra_bruto=@@@5581@@@,pro_precio_venta=@@@6690@@@,pro_margen_actual=@@@19.87@@@,pro_oferta=@@@NO@@@,pro_fecha_inicio_oferta=@@@1900.01.01@@@,pro_fecha_termino_oferta=@@@1900.01.01@@@,pro_precio_oferta=@@@0@@@,pro_stock_minimo=@@@3@@@,pro_stock_critico=@@@2@@@,pro_activo=@@@1@@@,pro_unidad=@@@0@@@,pro_precio_compra_bruto=5581,pro_margen_actual=19.87,pro_capacidad=30,pro_funcion_plu=0,pro_flejes=1,pro_iva=1,pro_plu_asociado=0,pro_envase=@@@NO@@@,pro_duracion=0,pro_numero_etiqueta=0 WHERE pro_codigo_plu=@@@10000@@@','',2,'2013-07-03'),(33362,'UPDATE mae_productos SET pro_estado=1 WHERE pro_codigo_plu=10000','',2,'2013-07-03'),(33363,'DELETE FROM mae_impuestos_productos WHERE pro_codigo_plu=@@@10000@@@','',2,'2013-07-03'),(33364,'UPDATE mae_productos SET pro_codigo_barra=@@@7809596100018@@@,pro_tipo=@@@0@@@,pro_nombre_producto=@@@HARINA TOSTADA DOÑA VICTORIA 1K@@@,pro_nombre_corto=@@@HARINA TOST 1K@@@,med_id=@@@2@@@,emb_id=@@@3@@@,pro_unidades_embalaje=@@@0@@@,dep_id=@@@1 @@@,lin_id=@@@10@@@,mar_id=@@@2509@@@,pro_precio_compra_neto=@@@0@@@,pro_precio_compra_bruto=@@@628@@@,pro_precio_venta=@@@850@@@,pro_margen_actual=@@@35.35@@@,pro_oferta=@@@NO@@@,pro_fecha_inicio_oferta=@@@2013.05.03@@@,pro_fecha_termino_oferta=@@@2013.05.03@@@,pro_precio_oferta=@@@0@@@,pro_stock_minimo=@@@10@@@,pro_stock_critico=@@@5@@@,pro_activo=@@@1@@@,pro_unidad=@@@0@@@,pro_precio_compra_bruto=628,pro_margen_actual=35.35,pro_capacidad=1,pro_funcion_plu=0,pro_flejes=1,pro_iva=1,pro_plu_asociado=0,pro_envase=@@@NO@@@,pro_duracion=0,pro_numero_etiqueta=0 WHERE pro_codigo_plu=@@@764424@@@','',2,'2013-07-03'),(33365,'UPDATE mae_productos SET pro_estado=1 WHERE pro_codigo_plu=764424','',2,'2013-07-03'),(33366,'DELETE FROM mae_impuestos_productos WHERE pro_codigo_plu=@@@764424@@@','',2,'2013-07-03'),(33367,'UPDATE mae_productos SET pro_precio_compra_bruto=200,pro_margen_actual=(pro_precio_venta-200)/200 * 100,pro_ultima_compra=@@@2013.07.03@@@,pro_ultimo_proveedor=@@@86379600-8@@@ WHERE pro_codigo_plu=806','',2,'2013-07-03'),(33368,'UPDATE mae_productos SET pro_precio_compra_bruto=5581,pro_margen_actual=(pro_precio_venta-5581)/5581 * 100,pro_ultima_compra=@@@2013.07.03@@@,pro_ultimo_proveedor=@@@86379600-8@@@ WHERE pro_codigo_plu=10000','',2,'2013-07-03'),(33369,'UPDATE mae_productos SET pro_precio_compra_bruto=628,pro_margen_actual=(pro_precio_venta-628)/628 * 100,pro_ultima_compra=@@@2013.07.03@@@,pro_ultimo_proveedor=@@@86379600-8@@@ WHERE pro_codigo_plu=764424','',2,'2013-07-03'),(33370,'UPDATE mae_productos SET pro_precio_compra_bruto=346,pro_margen_actual=(pro_precio_venta-346)/346 * 100,pro_ultima_compra=@@@2013.07.03@@@,pro_ultimo_proveedor=@@@86379600-8@@@ WHERE pro_codigo_plu=764423','',2,'2013-07-03'),(33371,'UPDATE mae_productos SET pro_precio_fiscal=pro_precio_venta WHERE pro_codigo_plu=10000','',2,'2013-07-03'),(33372,'UPDATE mae_productos SET pro_precio_fiscal=pro_precio_venta WHERE pro_codigo_plu=780721284','',2,'2013-07-03'),(33373,'UPDATE mae_productos SET pro_codigo_barra=@@@78026391@@@,pro_tipo=@@@0@@@,pro_nombre_producto=@@@PETIT FORT PLATANO 45 GRS@@@,pro_nombre_corto=@@@PETIT FORT PLAT@@@,med_id=@@@5@@@,emb_id=@@@4@@@,pro_unidades_embalaje=@@@96@@@,dep_id=@@@3 @@@,lin_id=@@@50@@@,mar_id=@@@1993@@@,pro_precio_compra_neto=@@@0@@@,pro_precio_compra_bruto=@@@96@@@,pro_precio_venta=@@@150@@@,pro_margen_actual=@@@56.25@@@,pro_oferta=@@@NO@@@,pro_fecha_inicio_oferta=@@@1900.01.01@@@,pro_fecha_termino_oferta=@@@1900.01.01@@@,pro_precio_oferta=@@@0@@@,pro_stock_minimo=@@@96@@@,pro_stock_critico=@@@48@@@,pro_activo=@@@1@@@,pro_unidad=@@@0@@@,pro_precio_compra_bruto=96,pro_margen_actual=56.25,pro_capacidad=0.045,pro_funcion_plu=0,pro_flejes=1,pro_iva=1,pro_plu_asociado=0,pro_envase=@@@NO@@@,pro_duracion=0,pro_numero_etiqueta=0 WHERE pro_codigo_plu=@@@17014@@@','',2,'2013-07-03'),(33374,'UPDATE mae_productos SET pro_estado=1 WHERE pro_codigo_plu=17014','',2,'2013-07-03'),(33375,'DELETE FROM mae_impuestos_productos WHERE pro_codigo_plu=@@@17014@@@','',2,'2013-07-03'),(33376,'UPDATE mae_productos SET pro_codigo_barra=@@@7802900605001@@@,pro_tipo=@@@0@@@,pro_nombre_producto=@@@MARGARINA SOPROLE PAN 250 GRS@@@,pro_nombre_corto=@@@MARGARINA SOPROL@@@,med_id=@@@5@@@,emb_id=@@@4@@@,pro_unidades_embalaje=@@@40@@@,dep_id=@@@3 @@@,lin_id=@@@48@@@,mar_id=@@@1993@@@,pro_precio_compra_neto=@@@0@@@,pro_precio_compra_bruto=@@@368@@@,pro_precio_venta=@@@490@@@,pro_margen_actual=@@@33.15@@@,pro_oferta=@@@NO@@@,pro_fecha_inicio_oferta=@@@1900.01.01@@@,pro_fecha_termino_oferta=@@@1900.01.01@@@,pro_precio_oferta=@@@0@@@,pro_stock_minimo=@@@5@@@,pro_stock_critico=@@@3@@@,pro_activo=@@@1@@@,pro_unidad=@@@0@@@,pro_precio_compra_bruto=368,pro_margen_actual=33.15,pro_capacidad=0.25,pro_funcion_plu=0,pro_flejes=1,pro_iva=1,pro_plu_asociado=0,pro_envase=@@@NO@@@,pro_duracion=0,pro_numero_etiqueta=0 WHERE pro_codigo_plu=@@@16314@@@','',2,'2013-07-03'),(33377,'UPDATE mae_productos SET pro_estado=1 WHERE pro_codigo_plu=16314','',2,'2013-07-03'),(33378,'DELETE FROM mae_impuestos_productos WHERE pro_codigo_plu=@@@16314@@@','',2,'2013-07-03'),(33379,'INSERT INTO mae_productos (pro_codigo_plu,pro_codigo_barra,pro_tipo,pro_nombre_producto,pro_nombre_corto,med_id,emb_id,pro_unidades_embalaje,dep_id,lin_id,mar_id,pro_precio_compra_neto,pro_precio_compra_bruto,pro_precio_venta,pro_margen_actual,pro_oferta,pro_fecha_inicio_oferta,pro_fecha_termino_oferta,pro_precio_oferta,pro_stock_minimo,pro_stock_critico,pro_entradas_bodega,pro_salidas_bodega,pro_mermas_bodega,pro_ajustes_bodega,pro_entradas_sv,pro_salidas_sv,pro_mermas_sv,pro_ajustes_sv,pro_activo,rec_numero,pro_unidad,pro_capacidad,pro_consumo_bodega,pro_consumo_sv,pro_estado,pro_funcion_plu,pro_flejes,pro_iva,pro_plu_asociado,pro_envase,pro_duracion,pro_numero_etiqueta) VALUES (780721285,@@@7802900000325@@@,@@@0@@@,@@@BATIFRUT CLASICO SOPROLE 165G@@@,@@@BATIFRUT CLASICO@@@,@@@5 @@@,@@@3 @@@,@@@12@@@,@@@3 @@@,@@@50@@@,@@@1993@@@,@@@0@@@,@@@321@@@,@@@430@@@,@@@33.96@@@,@@@@@@,@@@2006.09.07@@@,@@@2006.09.07@@@,@@@0@@@,@@@3@@@,@@@2@@@,@@@0@@@,@@@0@@@,@@@0@@@,@@@0@@@,@@@0@@@,@@@0@@@,@@@0@@@,@@@0@@@,@@@1@@@,@@@0@@@,0,125,0,0,2,0,1,1,0,@@@NO@@@,0,0)','',2,'2013-07-03'),(33380,'DELETE FROM mae_impuestos_productos WHERE pro_codigo_plu=@@@780721285@@@','',2,'2013-07-03'),(33381,'UPDATE mae_productos SET pro_codigo_barra=@@@7802900000325@@@,pro_tipo=@@@0@@@,pro_nombre_producto=@@@BATIFRUT CLASICO SOPROLE MORA 165G@@@,pro_nombre_corto=@@@BATIFRUT CLASICO@@@,med_id=@@@5@@@,emb_id=@@@3@@@,pro_unidades_embalaje=@@@12@@@,dep_id=@@@3 @@@,lin_id=@@@50@@@,mar_id=@@@1993@@@,pro_precio_compra_neto=@@@0@@@,pro_precio_compra_bruto=@@@321@@@,pro_precio_venta=@@@430@@@,pro_margen_actual=@@@33.96@@@,pro_oferta=@@@NO@@@,pro_fecha_inicio_oferta=@@@2006.09.07@@@,pro_fecha_termino_oferta=@@@2006.09.07@@@,pro_precio_oferta=@@@0@@@,pro_stock_minimo=@@@3@@@,pro_stock_critico=@@@2@@@,pro_activo=@@@1@@@,pro_unidad=@@@0@@@,pro_precio_compra_bruto=321,pro_margen_actual=33.96,pro_capacidad=125,pro_funcion_plu=0,pro_flejes=1,pro_iva=1,pro_plu_asociado=0,pro_envase=@@@NO@@@,pro_duracion=0,pro_numero_etiqueta=0 WHERE pro_codigo_plu=@@@780721285@@@','',2,'2013-07-03'),(33382,'UPDATE mae_productos SET pro_estado=1 WHERE pro_codigo_plu=780721285','',2,'2013-07-03'),(33383,'DELETE FROM mae_impuestos_productos WHERE pro_codigo_plu=@@@780721285@@@','',2,'2013-07-03'),(33384,'UPDATE mae_productos SET pro_codigo_barra=@@@7802900000301@@@,pro_tipo=@@@0@@@,pro_nombre_producto=@@@BATIFRU CLASICO SOPROLE FRUTILLA 165G@@@,pro_nombre_corto=@@@BATIFRUL CLASICO@@@,med_id=@@@5@@@,emb_id=@@@3@@@,pro_unidades_embalaje=@@@0@@@,dep_id=@@@3 @@@,lin_id=@@@50@@@,mar_id=@@@1993@@@,pro_precio_compra_neto=@@@269.75@@@,pro_precio_compra_bruto=@@@321@@@,pro_precio_venta=@@@430@@@,pro_margen_actual=@@@33.96@@@,pro_oferta=@@@NO@@@,pro_fecha_inicio_oferta=@@@2013.04.26@@@,pro_fecha_termino_oferta=@@@2013.04.26@@@,pro_precio_oferta=@@@0@@@,pro_stock_minimo=@@@0@@@,pro_stock_critico=@@@0@@@,pro_activo=@@@1@@@,pro_unidad=@@@0@@@,pro_precio_compra_bruto=321,pro_margen_actual=33.96,pro_capacidad=165,pro_funcion_plu=0,pro_flejes=1,pro_iva=1,pro_plu_asociado=0,pro_envase=@@@NO@@@,pro_duracion=0,pro_numero_etiqueta=0 WHERE pro_codigo_plu=@@@763343@@@','',2,'2013-07-03'),(33385,'UPDATE mae_productos SET pro_estado=1 WHERE pro_codigo_plu=763343','',2,'2013-07-03'),(33386,'DELETE FROM mae_impuestos_productos WHERE pro_codigo_plu=@@@763343@@@','',2,'2013-07-03'),(33387,'UPDATE mae_productos SET pro_codigo_barra=@@@7802900232900@@@,pro_tipo=@@@0@@@,pro_nombre_producto=@@@GOLD CREME LUCUMA NUEZ@@@,pro_nombre_corto=@@@GOLD CREME LUCUM@@@,med_id=@@@5@@@,emb_id=@@@3@@@,pro_unidades_embalaje=@@@0@@@,dep_id=@@@3 @@@,lin_id=@@@50@@@,mar_id=@@@1993@@@,pro_precio_compra_neto=@@@0@@@,pro_precio_compra_bruto=@@@243@@@,pro_precio_venta=@@@330@@@,pro_margen_actual=@@@35.8@@@,pro_oferta=@@@NO@@@,pro_fecha_inicio_oferta=@@@2013.04.26@@@,pro_fecha_termino_oferta=@@@2013.04.26@@@,pro_precio_oferta=@@@0@@@,pro_stock_minimo=@@@4@@@,pro_stock_critico=@@@2@@@,pro_activo=@@@1@@@,pro_unidad=@@@0@@@,pro_precio_compra_bruto=243,pro_margen_actual=35.8,pro_capacidad=125,pro_funcion_plu=0,pro_flejes=1,pro_iva=1,pro_plu_asociado=0,pro_envase=@@@NO@@@,pro_duracion=0,pro_numero_etiqueta=0 WHERE pro_codigo_plu=@@@763345@@@','',2,'2013-07-03'),(33388,'UPDATE mae_productos SET pro_estado=1 WHERE pro_codigo_plu=763345','',2,'2013-07-03'),(33389,'DELETE FROM mae_impuestos_productos WHERE pro_codigo_plu=@@@763345@@@','',2,'2013-07-03'),(33390,'UPDATE mae_productos SET pro_codigo_barra=@@@7802900337049@@@,pro_tipo=@@@0@@@,pro_nombre_producto=@@@1+1 ZUCARITAS SIN CUCHARA@@@,pro_nombre_corto=@@@1+1 ZUCARITAS@@@,med_id=@@@5@@@,emb_id=@@@3@@@,pro_unidades_embalaje=@@@16@@@,dep_id=@@@3 @@@,lin_id=@@@50@@@,mar_id=@@@1993@@@,pro_precio_compra_neto=@@@0@@@,pro_precio_compra_bruto=@@@277@@@,pro_precio_venta=@@@380@@@,pro_margen_actual=@@@37.18@@@,pro_oferta=@@@NO@@@,pro_fecha_inicio_oferta=@@@2013.04.26@@@,pro_fecha_termino_oferta=@@@2013.04.26@@@,pro_precio_oferta=@@@0@@@,pro_stock_minimo=@@@10@@@,pro_stock_critico=@@@5@@@,pro_activo=@@@1@@@,pro_unidad=@@@0@@@,pro_precio_compra_bruto=277,pro_margen_actual=37.18,pro_capacidad=140,pro_funcion_plu=0,pro_flejes=1,pro_iva=1,pro_plu_asociado=0,pro_envase=@@@NO@@@,pro_duracion=0,pro_numero_etiqueta=0 WHERE pro_codigo_plu=@@@763335@@@','',2,'2013-07-03'),(33391,'UPDATE mae_productos SET pro_estado=1 WHERE pro_codigo_plu=763335','',2,'2013-07-03'),(33392,'DELETE FROM mae_impuestos_productos WHERE pro_codigo_plu=@@@763335@@@','',2,'2013-07-03'),(33393,'UPDATE mae_productos SET pro_codigo_barra=@@@1555@@@,pro_tipo=@@@0@@@,pro_nombre_producto=@@@CINTILLOS & ACCESORIOS@@@,pro_nombre_corto=@@@CINTILLOS & ACCE@@@,med_id=@@@1@@@,emb_id=@@@3@@@,pro_unidades_embalaje=@@@0@@@,dep_id=@@@21 @@@,lin_id=@@@125@@@,mar_id=@@@2507@@@,pro_precio_compra_neto=@@@0@@@,pro_precio_compra_bruto=@@@0@@@,pro_precio_venta=@@@590@@@,pro_margen_actual=@@@0@@@,pro_oferta=@@@NO@@@,pro_fecha_inicio_oferta=@@@2013.05.04@@@,pro_fecha_termino_oferta=@@@2013.05.04@@@,pro_precio_oferta=@@@0@@@,pro_stock_minimo=@@@0@@@,pro_stock_critico=@@@0@@@,pro_activo=@@@1@@@,pro_unidad=@@@0@@@,pro_precio_compra_bruto=0,pro_margen_actual=0,pro_capacidad=1,pro_funcion_plu=0,pro_flejes=1,pro_iva=1,pro_plu_asociado=0,pro_envase=@@@NO@@@,pro_duracion=0,pro_numero_etiqueta=0 WHERE pro_codigo_plu=@@@1555@@@','',2,'2013-07-03'),(33394,'UPDATE mae_productos SET pro_estado=1 WHERE pro_codigo_plu=1555','',2,'2013-07-03'),(33395,'DELETE FROM mae_impuestos_productos WHERE pro_codigo_plu=@@@1555@@@','',2,'2013-07-03'),(33396,'INSERT INTO mae_productos (pro_codigo_plu,pro_codigo_barra,pro_tipo,pro_nombre_producto,pro_nombre_corto,med_id,emb_id,pro_unidades_embalaje,dep_id,lin_id,mar_id,pro_precio_compra_neto,pro_precio_compra_bruto,pro_precio_venta,pro_margen_actual,pro_oferta,pro_fecha_inicio_oferta,pro_fecha_termino_oferta,pro_precio_oferta,pro_stock_minimo,pro_stock_critico,pro_entradas_bodega,pro_salidas_bodega,pro_mermas_bodega,pro_ajustes_bodega,pro_entradas_sv,pro_salidas_sv,pro_mermas_sv,pro_ajustes_sv,pro_activo,rec_numero,pro_unidad,pro_capacidad,pro_consumo_bodega,pro_consumo_sv,pro_estado,pro_funcion_plu,pro_flejes,pro_iva,pro_plu_asociado,pro_envase,pro_duracion,pro_numero_etiqueta) VALUES (780721286,@@@7802900234607@@@,@@@0@@@,@@@NEXT TRANSITO CHIA Y CIRUELA 125G@@@,@@@NEXT TRANSITO CH@@@,@@@5 @@@,@@@3 @@@,@@@0@@@,@@@3 @@@,@@@50@@@,@@@1993@@@,@@@0@@@,@@@211@@@,@@@290@@@,@@@37.44@@@,@@@@@@,@@@2006.09.07@@@,@@@2006.09.07@@@,@@@0@@@,@@@3@@@,@@@2@@@,@@@0@@@,@@@0@@@,@@@0@@@,@@@0@@@,@@@0@@@,@@@0@@@,@@@0@@@,@@@0@@@,@@@1@@@,@@@0@@@,0,125,0,0,2,0,1,1,0,@@@NO@@@,0,0)','',2,'2013-07-03'),(33397,'DELETE FROM mae_impuestos_productos WHERE pro_codigo_plu=@@@780721286@@@','',2,'2013-07-03'),(33398,'UPDATE mae_productos SET pro_codigo_barra=@@@7802900234607@@@,pro_tipo=@@@0@@@,pro_nombre_producto=@@@NEXT TRANSITO TROZOS MORA 125G@@@,pro_nombre_corto=@@@NEXT TRANSITO CH@@@,med_id=@@@5@@@,emb_id=@@@3@@@,pro_unidades_embalaje=@@@0@@@,dep_id=@@@3 @@@,lin_id=@@@50@@@,mar_id=@@@1993@@@,pro_precio_compra_neto=@@@0@@@,pro_precio_compra_bruto=@@@209@@@,pro_precio_venta=@@@290@@@,pro_margen_actual=@@@38.76@@@,pro_oferta=@@@NO@@@,pro_fecha_inicio_oferta=@@@2006.09.07@@@,pro_fecha_termino_oferta=@@@2006.09.07@@@,pro_precio_oferta=@@@0@@@,pro_stock_minimo=@@@3@@@,pro_stock_critico=@@@2@@@,pro_activo=@@@1@@@,pro_unidad=@@@0@@@,pro_precio_compra_bruto=209,pro_margen_actual=38.76,pro_capacidad=125,pro_funcion_plu=0,pro_flejes=1,pro_iva=1,pro_plu_asociado=0,pro_envase=@@@NO@@@,pro_duracion=0,pro_numero_etiqueta=0 WHERE pro_codigo_plu=@@@780721286@@@','',2,'2013-07-03'),(33399,'UPDATE mae_productos SET pro_estado=1 WHERE pro_codigo_plu=780721286','',2,'2013-07-03'),(33400,'DELETE FROM mae_impuestos_productos WHERE pro_codigo_plu=@@@780721286@@@','',2,'2013-07-03'),(33401,'INSERT INTO mae_productos (pro_codigo_plu,pro_codigo_barra,pro_tipo,pro_nombre_producto,pro_nombre_corto,med_id,emb_id,pro_unidades_embalaje,dep_id,lin_id,mar_id,pro_precio_compra_neto,pro_precio_compra_bruto,pro_precio_venta,pro_margen_actual,pro_oferta,pro_fecha_inicio_oferta,pro_fecha_termino_oferta,pro_precio_oferta,pro_stock_minimo,pro_stock_critico,pro_entradas_bodega,pro_salidas_bodega,pro_mermas_bodega,pro_ajustes_bodega,pro_entradas_sv,pro_salidas_sv,pro_mermas_sv,pro_ajustes_sv,pro_activo,rec_numero,pro_unidad,pro_capacidad,pro_consumo_bodega,pro_consumo_sv,pro_estado,pro_funcion_plu,pro_flejes,pro_iva,pro_plu_asociado,pro_envase,pro_duracion,pro_numero_etiqueta) VALUES (780721287,@@@7802900234560@@@,@@@0@@@,@@@NEXT TRANSITO CHIA Y CIRUELA@@@,@@@NEXT TRANSITO CH@@@,@@@5 @@@,@@@3 @@@,@@@1@@@,@@@3 @@@,@@@50@@@,@@@1993@@@,@@@0@@@,@@@211@@@,@@@290@@@,@@@37.44@@@,@@@@@@,@@@2006.09.07@@@,@@@2006.09.07@@@,@@@0@@@,@@@3@@@,@@@2@@@,@@@0@@@,@@@0@@@,@@@0@@@,@@@0@@@,@@@0@@@,@@@0@@@,@@@0@@@,@@@0@@@,@@@1@@@,@@@0@@@,0,125,0,0,2,0,1,1,0,@@@NO@@@,0,0)','',2,'2013-07-03'),(33402,'DELETE FROM mae_impuestos_productos WHERE pro_codigo_plu=@@@780721287@@@','',2,'2013-07-03'),(33403,'INSERT INTO mae_productos (pro_codigo_plu,pro_codigo_barra,pro_tipo,pro_nombre_producto,pro_nombre_corto,med_id,emb_id,pro_unidades_embalaje,dep_id,lin_id,mar_id,pro_precio_compra_neto,pro_precio_compra_bruto,pro_precio_venta,pro_margen_actual,pro_oferta,pro_fecha_inicio_oferta,pro_fecha_termino_oferta,pro_precio_oferta,pro_stock_minimo,pro_stock_critico,pro_entradas_bodega,pro_salidas_bodega,pro_mermas_bodega,pro_ajustes_bodega,pro_entradas_sv,pro_salidas_sv,pro_mermas_sv,pro_ajustes_sv,pro_activo,rec_numero,pro_unidad,pro_capacidad,pro_consumo_bodega,pro_consumo_sv,pro_estado,pro_funcion_plu,pro_flejes,pro_iva,pro_plu_asociado,pro_envase,pro_duracion,pro_numero_etiqueta) VALUES (780721288,@@@7802900234669@@@,@@@0@@@,@@@NEXT TRANSITO TROZOS CIRUELA 125G@@@,@@@NEXT TRANSITO TR@@@,@@@5 @@@,@@@3 @@@,@@@1@@@,@@@3 @@@,@@@50@@@,@@@1993@@@,@@@0@@@,@@@209@@@,@@@290@@@,@@@38.76@@@,@@@@@@,@@@2006.09.07@@@,@@@2006.09.07@@@,@@@0@@@,@@@2@@@,@@@1@@@,@@@0@@@,@@@0@@@,@@@0@@@,@@@0@@@,@@@0@@@,@@@0@@@,@@@0@@@,@@@0@@@,@@@1@@@,@@@0@@@,0,125,0,0,2,0,1,1,0,@@@NO@@@,0,0)','',2,'2013-07-03'),(33404,'DELETE FROM mae_impuestos_productos WHERE pro_codigo_plu=@@@780721288@@@','',2,'2013-07-03'),(33405,'INSERT INTO gne_vale_ferreteria (vfe_id,vfe_fecha,vfe_total,vfe_estado,vfe_entregado,usu_nusuario) VALUES (4174,@@@2013.07.03@@@,1200,1,0,@@@G_DIAZ@@@)','',2,'2013-07-03'),(33406,'INSERT INTO gne_vale_ferreteria_mov (vfe_id,pro_codigo_plu,vfm_cantidad,vfm_unitario,vfm_total,vfm_entregado) VALUES (4174,764770,40,30,1200,@@@NO@@@)','',2,'2013-07-03'),(33407,'UPDATE mae_productos SET pro_codigo_barra=@@@7802900337414@@@,pro_tipo=@@@0@@@,pro_nombre_producto=@@@1+1 CHOCO KRISPIS SIN CUCHARA@@@,pro_nombre_corto=@@@1+1 CHOCO KRISPI@@@,med_id=@@@5@@@,emb_id=@@@3@@@,pro_unidades_embalaje=@@@16@@@,dep_id=@@@3 @@@,lin_id=@@@50@@@,mar_id=@@@1993@@@,pro_precio_compra_neto=@@@0@@@,pro_precio_compra_bruto=@@@277@@@,pro_precio_venta=@@@380@@@,pro_margen_actual=@@@37.18@@@,pro_oferta=@@@NO@@@,pro_fecha_inicio_oferta=@@@2013.04.26@@@,pro_fecha_termino_oferta=@@@2013.04.26@@@,pro_precio_oferta=@@@0@@@,pro_stock_minimo=@@@10@@@,pro_stock_critico=@@@5@@@,pro_activo=@@@1@@@,pro_unidad=@@@0@@@,pro_precio_compra_bruto=277,pro_margen_actual=37.18,pro_capacidad=140,pro_funcion_plu=0,pro_flejes=1,pro_iva=1,pro_plu_asociado=0,pro_envase=@@@NO@@@,pro_duracion=0,pro_numero_etiqueta=0 WHERE pro_codigo_plu=@@@763338@@@','',2,'2013-07-03'),(33408,'UPDATE mae_productos SET pro_estado=1 WHERE pro_codigo_plu=763338','',2,'2013-07-03'),(33409,'DELETE FROM mae_impuestos_productos WHERE pro_codigo_plu=@@@763338@@@','',2,'2013-07-03'),(33410,'INSERT INTO gne_vale_ferreteria (vfe_id,vfe_fecha,vfe_total,vfe_estado,vfe_entregado,usu_nusuario) VALUES (4175,@@@2013.07.03@@@,1890,1,0,@@@G_DIAZ@@@)','',2,'2013-07-03'),(33411,'INSERT INTO gne_vale_ferreteria_mov (vfe_id,pro_codigo_plu,vfm_cantidad,vfm_unitario,vfm_total,vfm_entregado) VALUES (4175,763606,1,1890,1890,@@@NO@@@)','',2,'2013-07-03'),(33412,'INSERT INTO gne_vale_ferreteria (vfe_id,vfe_fecha,vfe_total,vfe_estado,vfe_entregado,usu_nusuario) VALUES (4176,@@@2013.07.03@@@,250,1,0,@@@G_DIAZ@@@)','',2,'2013-07-03'),(33413,'INSERT INTO gne_vale_ferreteria_mov (vfe_id,pro_codigo_plu,vfm_cantidad,vfm_unitario,vfm_total,vfm_entregado) VALUES (4176,101082,1,250,250,@@@NO@@@)','',2,'2013-07-03'),(33414,'INSERT INTO gne_vale_ferreteria (vfe_id,vfe_fecha,vfe_total,vfe_estado,vfe_entregado,usu_nusuario) VALUES (4177,@@@2013.07.03@@@,120,1,0,@@@G_DIAZ@@@)','',2,'2013-07-03'),(33415,'INSERT INTO gne_vale_ferreteria_mov (vfe_id,pro_codigo_plu,vfm_cantidad,vfm_unitario,vfm_total,vfm_entregado) VALUES (4177,8022,1,120,120,@@@NO@@@)','',2,'2013-07-03'),(33416,'INSERT INTO gne_vale_ferreteria (vfe_id,vfe_fecha,vfe_total,vfe_estado,vfe_entregado,usu_nusuario) VALUES (4178,@@@2013.07.03@@@,200,1,0,@@@G_DIAZ@@@)','',2,'2013-07-03'),(33417,'INSERT INTO gne_vale_ferreteria_mov (vfe_id,pro_codigo_plu,vfm_cantidad,vfm_unitario,vfm_total,vfm_entregado) VALUES (4178,101101,1,200,200,@@@NO@@@)','',2,'2013-07-03'),(33418,'INSERT INTO mae_productos (pro_codigo_plu,pro_codigo_barra,pro_tipo,pro_nombre_producto,pro_nombre_corto,med_id,emb_id,pro_unidades_embalaje,dep_id,lin_id,mar_id,pro_precio_compra_neto,pro_precio_compra_bruto,pro_precio_venta,pro_margen_actual,pro_oferta,pro_fecha_inicio_oferta,pro_fecha_termino_oferta,pro_precio_oferta,pro_stock_minimo,pro_stock_critico,pro_entradas_bodega,pro_salidas_bodega,pro_mermas_bodega,pro_ajustes_bodega,pro_entradas_sv,pro_salidas_sv,pro_mermas_sv,pro_ajustes_sv,pro_activo,rec_numero,pro_unidad,pro_capacidad,pro_consumo_bodega,pro_consumo_sv,pro_estado,pro_funcion_plu,pro_flejes,pro_iva,pro_plu_asociado,pro_envase,pro_duracion,pro_numero_etiqueta) VALUES (780721289,@@@70011@@@,@@@0@@@,@@@PINE PARA PEDICULOSIS@@@,@@@PINE PARA PEDICU@@@,@@@1 @@@,@@@3 @@@,@@@0@@@,@@@2 @@@,@@@41@@@,@@@2507@@@,@@@0@@@,@@@0@@@,@@@250@@@,@@@0@@@,@@@@@@,@@@2013.07.03@@@,@@@2013.07.03@@@,@@@0@@@,@@@0@@@,@@@0@@@,@@@0@@@,@@@0@@@,@@@0@@@,@@@0@@@,@@@0@@@,@@@0@@@,@@@0@@@,@@@0@@@,@@@1@@@,@@@0@@@,0,0,0,0,2,0,1,1,0,@@@NO@@@,0,0)','',2,'2013-07-03'),(33419,'DELETE FROM mae_impuestos_productos WHERE pro_codigo_plu=@@@780721289@@@','',2,'2013-07-03'),(33420,'INSERT INTO gne_vale_ferreteria (vfe_id,vfe_fecha,vfe_total,vfe_estado,vfe_entregado,usu_nusuario) VALUES (4179,@@@2013.07.03@@@,1895,1,0,@@@G_DIAZ@@@)','',2,'2013-07-03'),(33421,'INSERT INTO gne_vale_ferreteria_mov (vfe_id,pro_codigo_plu,vfm_cantidad,vfm_unitario,vfm_total,vfm_entregado) VALUES (4179,763743,1,1895,1895,@@@NO@@@)','',2,'2013-07-03'),(33422,'INSERT INTO gne_vale_ferreteria (vfe_id,vfe_fecha,vfe_total,vfe_estado,vfe_entregado,usu_nusuario) VALUES (4180,@@@2013.07.03@@@,550,1,0,@@@G_DIAZ@@@)','',2,'2013-07-03'),(33423,'INSERT INTO gne_vale_ferreteria_mov (vfe_id,pro_codigo_plu,vfm_cantidad,vfm_unitario,vfm_total,vfm_entregado) VALUES (4180,16664,1,430,430,@@@NO@@@)','',2,'2013-07-03'),(33424,'INSERT INTO gne_vale_ferreteria_mov (vfe_id,pro_codigo_plu,vfm_cantidad,vfm_unitario,vfm_total,vfm_entregado) VALUES (4180,1064,1,120,120,@@@NO@@@)','',2,'2013-07-03'),(33425,'UPDATE mae_productos SET pro_precio_venta=140,pro_margen_actual=45.83, pro_precio_compra_bruto=96, pro_precio_compra_neto=80.672268907563 WHERE pro_codigo_plu=17014','',2,'2013-07-03'),(33426,'UPDATE mae_productos SET pro_precio_venta=140,pro_margen_actual=45.83, pro_precio_compra_bruto=96, pro_precio_compra_neto=80.672268907563 WHERE pro_codigo_plu=17097','',2,'2013-07-03'),(33427,'UPDATE mae_productos SET pro_precio_venta=140,pro_margen_actual=45.83, pro_precio_compra_bruto=96, pro_precio_compra_neto=80.672268907563 WHERE pro_codigo_plu=17104','',2,'2013-07-03'),(33428,'UPDATE mae_productos SET pro_precio_venta=170,pro_margen_actual=34.92, pro_precio_compra_bruto=126, pro_precio_compra_neto=105.882352941176 WHERE pro_codigo_plu=16672','',2,'2013-07-03'),(33429,'UPDATE mae_productos SET pro_precio_venta=170,pro_margen_actual=34.92, pro_precio_compra_bruto=126, pro_precio_compra_neto=105.882352941176 WHERE pro_codigo_plu=16951','',2,'2013-07-03'),(33430,'UPDATE mae_productos SET pro_precio_venta=170,pro_margen_actual=34.92, pro_precio_compra_bruto=126, pro_precio_compra_neto=105.882352941176 WHERE pro_codigo_plu=16947','',2,'2013-07-03'),(33431,'UPDATE mae_productos SET pro_precio_venta=170,pro_margen_actual=34.92, pro_precio_compra_bruto=126, pro_precio_compra_neto=105.882352941176 WHERE pro_codigo_plu=16952','',2,'2013-07-03'),(33432,'UPDATE mae_productos SET pro_precio_venta=399,pro_margen_actual=42.5, pro_precio_compra_bruto=280, pro_precio_compra_neto=235.294117647059 WHERE pro_codigo_plu=16820','',2,'2013-07-03'),(33433,'UPDATE mae_productos SET pro_precio_venta=399,pro_margen_actual=42.5, pro_precio_compra_bruto=280, pro_precio_compra_neto=235.294117647059 WHERE pro_codigo_plu=16821','',2,'2013-07-03'),(33434,'UPDATE mae_productos SET pro_precio_fiscal=pro_precio_venta WHERE pro_codigo_plu=1555','',2,'2013-07-03'),(33435,'UPDATE mae_productos SET pro_precio_fiscal=pro_precio_venta WHERE pro_codigo_plu=780721289','',2,'2013-07-03'),(33436,'UPDATE mae_productos SET pro_precio_fiscal=pro_precio_venta WHERE pro_codigo_plu=17097','',2,'2013-07-03'),(33437,'UPDATE mae_productos SET pro_precio_fiscal=pro_precio_venta WHERE pro_codigo_plu=17104','',2,'2013-07-03'),(33438,'UPDATE mae_productos SET pro_precio_fiscal=pro_precio_venta WHERE pro_codigo_plu=17014','',2,'2013-07-03'),(33439,'UPDATE mae_productos SET pro_precio_fiscal=pro_precio_venta WHERE pro_codigo_plu=780721285','',2,'2013-07-03'),(33440,'UPDATE mae_productos SET pro_precio_fiscal=pro_precio_venta WHERE pro_codigo_plu=16672','',2,'2013-07-03'),(33441,'UPDATE mae_productos SET pro_precio_fiscal=pro_precio_venta WHERE pro_codigo_plu=16947','',2,'2013-07-03'),(33442,'UPDATE mae_productos SET pro_precio_fiscal=pro_precio_venta WHERE pro_codigo_plu=16951','',2,'2013-07-03'),(33443,'UPDATE mae_productos SET pro_precio_fiscal=pro_precio_venta WHERE pro_codigo_plu=16952','',2,'2013-07-03'),(33444,'UPDATE mae_productos SET pro_precio_fiscal=pro_precio_venta WHERE pro_codigo_plu=780721287','',2,'2013-07-03'),(33445,'UPDATE mae_productos SET pro_precio_fiscal=pro_precio_venta WHERE pro_codigo_plu=780721286','',2,'2013-07-03'),(33446,'UPDATE mae_productos SET pro_precio_fiscal=pro_precio_venta WHERE pro_codigo_plu=780721288','',2,'2013-07-03'),(33447,'UPDATE mae_productos SET pro_precio_fiscal=pro_precio_venta WHERE pro_codigo_plu=16820','',2,'2013-07-03'),(33448,'UPDATE mae_productos SET pro_precio_fiscal=pro_precio_venta WHERE pro_codigo_plu=16821','',2,'2013-07-03'),(33449,'INSERT INTO gne_vale_ferreteria (vfe_id,vfe_fecha,vfe_total,vfe_estado,vfe_entregado,usu_nusuario) VALUES (4181,@@@2013.07.03@@@,540,1,0,@@@G_DIAZ@@@)','',2,'2013-07-03'),(33450,'INSERT INTO gne_vale_ferreteria_mov (vfe_id,pro_codigo_plu,vfm_cantidad,vfm_unitario,vfm_total,vfm_entregado) VALUES (4181,8023,1,390,390,@@@NO@@@)','',2,'2013-07-03'),(33451,'INSERT INTO gne_vale_ferreteria_mov (vfe_id,pro_codigo_plu,vfm_cantidad,vfm_unitario,vfm_total,vfm_entregado) VALUES (4181,8021,1,150,150,@@@NO@@@)','',2,'2013-07-03'),(33452,'INSERT INTO gne_vale_ferreteria (vfe_id,vfe_fecha,vfe_total,vfe_estado,vfe_entregado,usu_nusuario) VALUES (4182,@@@2013.07.03@@@,410,1,0,@@@G_DIAZ@@@)','',2,'2013-07-03'),(33453,'INSERT INTO gne_vale_ferreteria_mov (vfe_id,pro_codigo_plu,vfm_cantidad,vfm_unitario,vfm_total,vfm_entregado) VALUES (4182,8022,1,120,120,@@@NO@@@)','',2,'2013-07-03'),(33454,'INSERT INTO gne_vale_ferreteria_mov (vfe_id,pro_codigo_plu,vfm_cantidad,vfm_unitario,vfm_total,vfm_entregado) VALUES (4182,764296,1,290,290,@@@NO@@@)','',2,'2013-07-03'),(33455,'INSERT INTO gne_vale_ferreteria (vfe_id,vfe_fecha,vfe_total,vfe_estado,vfe_entregado,usu_nusuario) VALUES (4183,@@@2013.07.03@@@,1080,1,0,@@@G_DIAZ@@@)','',2,'2013-07-03'),(33456,'INSERT INTO gne_vale_ferreteria_mov (vfe_id,pro_codigo_plu,vfm_cantidad,vfm_unitario,vfm_total,vfm_entregado) VALUES (4183,764049,1,590,590,@@@NO@@@)','',2,'2013-07-03'),(33457,'INSERT INTO gne_vale_ferreteria_mov (vfe_id,pro_codigo_plu,vfm_cantidad,vfm_unitario,vfm_total,vfm_entregado) VALUES (4183,1552,1,490,490,@@@NO@@@)','',2,'2013-07-03'),(33458,'INSERT INTO com_ventas_grupo (vgr_fecha,vgr_grupo,vgr_cantidad,vgr_total) VALUES (@@@2013.07.01@@@,1,152.73,138620)','',2,'2013-07-03'),(33459,'INSERT INTO com_ventas_grupo (vgr_fecha,vgr_grupo,vgr_cantidad,vgr_total) VALUES (@@@2013.07.01@@@,2,194.24,112913)','',2,'2013-07-03'),(33460,'INSERT INTO com_ventas_grupo (vgr_fecha,vgr_grupo,vgr_cantidad,vgr_total) VALUES (@@@2013.07.01@@@,3,259,62820)','',2,'2013-07-03'),(33461,'INSERT INTO com_ventas_grupo (vgr_fecha,vgr_grupo,vgr_cantidad,vgr_total) VALUES (@@@2013.07.01@@@,4,66,62120)','',2,'2013-07-03'),(33462,'INSERT INTO com_ventas_grupo (vgr_fecha,vgr_grupo,vgr_cantidad,vgr_total) VALUES (@@@2013.07.01@@@,5,1,2590)','',2,'2013-07-03'),(33463,'INSERT INTO com_ventas_grupo (vgr_fecha,vgr_grupo,vgr_cantidad,vgr_total) VALUES (@@@2013.07.01@@@,6,21,37700)','',2,'2013-07-03'),(33464,'INSERT INTO com_ventas_grupo (vgr_fecha,vgr_grupo,vgr_cantidad,vgr_total) VALUES (@@@2013.07.01@@@,7,37,62017)','',2,'2013-07-03'),(33465,'INSERT INTO com_ventas_grupo (vgr_fecha,vgr_grupo,vgr_cantidad,vgr_total) VALUES (@@@2013.07.01@@@,8,45,23960)','',2,'2013-07-03'),(33466,'INSERT INTO com_ventas_grupo (vgr_fecha,vgr_grupo,vgr_cantidad,vgr_total) VALUES (@@@2013.07.01@@@,9,63.965,101736)','',2,'2013-07-03'),(33467,'INSERT INTO com_ventas_grupo (vgr_fecha,vgr_grupo,vgr_cantidad,vgr_total) VALUES (@@@2013.07.01@@@,10,32.38,77731)','',2,'2013-07-03'),(33468,'INSERT INTO com_ventas_grupo (vgr_fecha,vgr_grupo,vgr_cantidad,vgr_total) VALUES (@@@2013.07.01@@@,11,10.66,31105)','',2,'2013-07-03'),(33469,'INSERT INTO com_ventas_grupo (vgr_fecha,vgr_grupo,vgr_cantidad,vgr_total) VALUES (@@@2013.07.01@@@,12,31.185,64010)','',2,'2013-07-03'),(33470,'INSERT INTO com_ventas_grupo (vgr_fecha,vgr_grupo,vgr_cantidad,vgr_total) VALUES (@@@2013.07.01@@@,13,11.525,35828)','',2,'2013-07-03'),(33471,'INSERT INTO com_ventas_grupo (vgr_fecha,vgr_grupo,vgr_cantidad,vgr_total) VALUES (@@@2013.07.01@@@,14,109.72,99681)','',2,'2013-07-03'),(33472,'INSERT INTO com_ventas_grupo (vgr_fecha,vgr_grupo,vgr_cantidad,vgr_total) VALUES (@@@2013.07.01@@@,16,1,170)','',2,'2013-07-03'),(33473,'INSERT INTO com_ventas_grupo (vgr_fecha,vgr_grupo,vgr_cantidad,vgr_total) VALUES (@@@2013.07.01@@@,18,231.85,108661)','',2,'2013-07-03'),(33474,'INSERT INTO com_ventas_grupo (vgr_fecha,vgr_grupo,vgr_cantidad,vgr_total) VALUES (@@@2013.07.01@@@,20,87.46,28800)','',2,'2013-07-03'),(33475,'INSERT INTO com_ventas_grupo (vgr_fecha,vgr_grupo,vgr_cantidad,vgr_total) VALUES (@@@2013.07.01@@@,21,69,60900)','',2,'2013-07-03'),(33476,'INSERT INTO com_ventas_grupo (vgr_fecha,vgr_grupo,vgr_cantidad,vgr_total) VALUES (@@@2013.07.01@@@,23,1,2290)','',2,'2013-07-03'),(33477,'INSERT INTO com_ventas_grupo (vgr_fecha,vgr_grupo,vgr_cantidad,vgr_total) VALUES (@@@2013.07.01@@@,24,162,28510)','',2,'2013-07-03'),(33478,'INSERT INTO com_ventas_grupo (vgr_fecha,vgr_grupo,vgr_cantidad,vgr_total) VALUES (@@@2013.07.01@@@,25,63,89000)','',2,'2013-07-03'),(33479,'INSERT INTO com_ventas_grupo (vgr_fecha,vgr_grupo,vgr_cantidad,vgr_total) VALUES (@@@2013.07.01@@@,31,18,15330)','',2,'2013-07-03'),(33480,'INSERT INTO com_ventas_grupo (vgr_fecha,vgr_grupo,vgr_cantidad,vgr_total) VALUES (@@@2013.07.01@@@,32,327,88965)','',2,'2013-07-03'),(33481,'INSERT INTO com_ventas_grupo (vgr_fecha,vgr_grupo,vgr_cantidad,vgr_total) VALUES (@@@2013.07.01@@@,34,1,1200)','',2,'2013-07-03'),(33482,'INSERT INTO com_ventas_grupo (vgr_fecha,vgr_grupo,vgr_cantidad,vgr_total) VALUES (@@@2013.07.01@@@,35,9,11445)','',2,'2013-07-03'),(33483,'INSERT INTO com_ventas_grupo (vgr_fecha,vgr_grupo,vgr_cantidad,vgr_total) VALUES (@@@2013.07.01@@@,36,29,3850)','',2,'2013-07-03'),(33484,'INSERT INTO com_ventas_grupo (vgr_fecha,vgr_grupo,vgr_cantidad,vgr_total) VALUES (@@@2013.07.01@@@,37,5,1400)','',2,'2013-07-03'),(33485,'INSERT INTO com_ventas_grupo (vgr_fecha,vgr_grupo,vgr_cantidad,vgr_total) VALUES (@@@2013.07.01@@@,38,1,2490)','',2,'2013-07-03'),(33486,'INSERT INTO com_ventas_grupo (vgr_fecha,vgr_grupo,vgr_cantidad,vgr_total) VALUES (@@@2013.07.01@@@,39,4,7490)','',2,'2013-07-03'),(33487,'INSERT INTO com_ventas_grupo (vgr_fecha,vgr_grupo,vgr_cantidad,vgr_total) VALUES (@@@2013.07.01@@@,40,13140,13140)','',2,'2013-07-03'),(33488,'INSERT INTO com_ventas_grupo (vgr_fecha,vgr_grupo,vgr_cantidad,vgr_total) VALUES (@@@2013.07.01@@@,41,1,990)','',2,'2013-07-03'),(33489,'INSERT INTO com_ventas_grupo (vgr_fecha,vgr_grupo,vgr_cantidad,vgr_total) VALUES (@@@2013.07.01@@@,42,21.485,21348)','',2,'2013-07-03'),(33490,'UPDATE mae_datos_empresa SET emp_oferta=@@@NO@@@','',2,'2013-07-03'),(33491,'INSERT INTO com_ventas_grupo (vgr_fecha,vgr_grupo,vgr_cantidad,vgr_total) VALUES (@@@2013.07.02@@@,1,149.065,139281)','',2,'2013-07-03'),(33492,'INSERT INTO com_ventas_grupo (vgr_fecha,vgr_grupo,vgr_cantidad,vgr_total) VALUES (@@@2013.07.02@@@,2,121.385,90275)','',2,'2013-07-03'),(33493,'INSERT INTO com_ventas_grupo (vgr_fecha,vgr_grupo,vgr_cantidad,vgr_total) VALUES (@@@2013.07.02@@@,3,400,79511)','',2,'2013-07-03'),(33494,'INSERT INTO com_ventas_grupo (vgr_fecha,vgr_grupo,vgr_cantidad,vgr_total) VALUES (@@@2013.07.02@@@,4,62,54979)','',2,'2013-07-03'),(33495,'INSERT INTO com_ventas_grupo (vgr_fecha,vgr_grupo,vgr_cantidad,vgr_total) VALUES (@@@2013.07.02@@@,5,4,20760)','',2,'2013-07-03'),(33496,'INSERT INTO com_ventas_grupo (vgr_fecha,vgr_grupo,vgr_cantidad,vgr_total) VALUES (@@@2013.07.02@@@,6,18,25190)','',2,'2013-07-03'),(33497,'INSERT INTO com_ventas_grupo (vgr_fecha,vgr_grupo,vgr_cantidad,vgr_total) VALUES (@@@2013.07.02@@@,7,32,52004)','',2,'2013-07-03'),(33498,'INSERT INTO com_ventas_grupo (vgr_fecha,vgr_grupo,vgr_cantidad,vgr_total) VALUES (@@@2013.07.02@@@,8,38,18210)','',2,'2013-07-03'),(33499,'INSERT INTO com_ventas_grupo (vgr_fecha,vgr_grupo,vgr_cantidad,vgr_total) VALUES (@@@2013.07.02@@@,9,52.36,81239)','',2,'2013-07-03'),(33500,'INSERT INTO com_ventas_grupo (vgr_fecha,vgr_grupo,vgr_cantidad,vgr_total) VALUES (@@@2013.07.02@@@,10,59.455,159107)','',2,'2013-07-03'),(33501,'INSERT INTO com_ventas_grupo (vgr_fecha,vgr_grupo,vgr_cantidad,vgr_total) VALUES (@@@2013.07.02@@@,11,13.455,31375)','',2,'2013-07-03'),(33502,'INSERT INTO com_ventas_grupo (vgr_fecha,vgr_grupo,vgr_cantidad,vgr_total) VALUES (@@@2013.07.02@@@,12,35.285,63594)','',2,'2013-07-03'),(33503,'INSERT INTO com_ventas_grupo (vgr_fecha,vgr_grupo,vgr_cantidad,vgr_total) VALUES (@@@2013.07.02@@@,13,11.02,36447)','',2,'2013-07-03'),(33504,'INSERT INTO com_ventas_grupo (vgr_fecha,vgr_grupo,vgr_cantidad,vgr_total) VALUES (@@@2013.07.02@@@,14,95.8249999999999,87028)','',2,'2013-07-03'),(33505,'INSERT INTO com_ventas_grupo (vgr_fecha,vgr_grupo,vgr_cantidad,vgr_total) VALUES (@@@2013.07.02@@@,16,1,170)','',2,'2013-07-03'),(33506,'INSERT INTO com_ventas_grupo (vgr_fecha,vgr_grupo,vgr_cantidad,vgr_total) VALUES (@@@2013.07.02@@@,18,210.105,104352)','',2,'2013-07-03'),(33507,'INSERT INTO com_ventas_grupo (vgr_fecha,vgr_grupo,vgr_cantidad,vgr_total) VALUES (@@@2013.07.02@@@,20,133,31070)','',2,'2013-07-03'),(33508,'INSERT INTO com_ventas_grupo (vgr_fecha,vgr_grupo,vgr_cantidad,vgr_total) VALUES (@@@2013.07.02@@@,21,25,15840)','',2,'2013-07-03'),(33509,'INSERT INTO com_ventas_grupo (vgr_fecha,vgr_grupo,vgr_cantidad,vgr_total) VALUES (@@@2013.07.02@@@,22,1,7990)','',2,'2013-07-03'),(33510,'INSERT INTO com_ventas_grupo (vgr_fecha,vgr_grupo,vgr_cantidad,vgr_total) VALUES (@@@2013.07.02@@@,24,134,31480)','',2,'2013-07-03'),(33511,'INSERT INTO com_ventas_grupo (vgr_fecha,vgr_grupo,vgr_cantidad,vgr_total) VALUES (@@@2013.07.02@@@,25,103,146500)','',2,'2013-07-03'),(33512,'INSERT INTO com_ventas_grupo (vgr_fecha,vgr_grupo,vgr_cantidad,vgr_total) VALUES (@@@2013.07.02@@@,31,12,14680)','',2,'2013-07-03'),(33513,'INSERT INTO com_ventas_grupo (vgr_fecha,vgr_grupo,vgr_cantidad,vgr_total) VALUES (@@@2013.07.02@@@,32,284,75357)','',2,'2013-07-03'),(33514,'INSERT INTO com_ventas_grupo (vgr_fecha,vgr_grupo,vgr_cantidad,vgr_total) VALUES (@@@2013.07.02@@@,34,3,3600)','',2,'2013-07-03'),(33515,'INSERT INTO com_ventas_grupo (vgr_fecha,vgr_grupo,vgr_cantidad,vgr_total) VALUES (@@@2013.07.02@@@,35,15,18430)','',2,'2013-07-03'),(33516,'INSERT INTO com_ventas_grupo (vgr_fecha,vgr_grupo,vgr_cantidad,vgr_total) VALUES (@@@2013.07.02@@@,36,4,650)','',2,'2013-07-03'),(33517,'INSERT INTO com_ventas_grupo (vgr_fecha,vgr_grupo,vgr_cantidad,vgr_total) VALUES (@@@2013.07.02@@@,37,8,4670)','',2,'2013-07-03'),(33518,'INSERT INTO com_ventas_grupo (vgr_fecha,vgr_grupo,vgr_cantidad,vgr_total) VALUES (@@@2013.07.02@@@,38,2,1380)','',2,'2013-07-03'),(33519,'INSERT INTO com_ventas_grupo (vgr_fecha,vgr_grupo,vgr_cantidad,vgr_total) VALUES (@@@2013.07.02@@@,39,3,3190)','',2,'2013-07-03'),(33520,'INSERT INTO com_ventas_grupo (vgr_fecha,vgr_grupo,vgr_cantidad,vgr_total) VALUES (@@@2013.07.02@@@,40,4010,4010)','',2,'2013-07-03'),(33521,'INSERT INTO com_ventas_grupo (vgr_fecha,vgr_grupo,vgr_cantidad,vgr_total) VALUES (@@@2013.07.02@@@,41,5,570)','',2,'2013-07-03'),(33522,'INSERT INTO com_ventas_grupo (vgr_fecha,vgr_grupo,vgr_cantidad,vgr_total) VALUES (@@@2013.07.02@@@,42,10.995,11180)','',2,'2013-07-03'),(33523,'UPDATE mae_datos_empresa SET emp_oferta=@@@NO@@@','',2,'2013-07-03'),(33524,'INSERT INTO gne_vale_ferreteria (vfe_id,vfe_fecha,vfe_total,vfe_estado,vfe_entregado,usu_nusuario) VALUES (4184,@@@2013.07.03@@@,240,1,0,@@@G_DIAZ@@@)','',2,'2013-07-03'),(33525,'INSERT INTO gne_vale_ferreteria_mov (vfe_id,pro_codigo_plu,vfm_cantidad,vfm_unitario,vfm_total,vfm_entregado) VALUES (4184,764412,2,120,240,@@@NO@@@)','',2,'2013-07-03'),(33526,'INSERT INTO gne_vale_ferreteria (vfe_id,vfe_fecha,vfe_total,vfe_estado,vfe_entregado,usu_nusuario) VALUES (4185,@@@2013.07.03@@@,1430,1,0,@@@G_DIAZ@@@)','',2,'2013-07-03'),(33527,'INSERT INTO gne_vale_ferreteria_mov (vfe_id,pro_codigo_plu,vfm_cantidad,vfm_unitario,vfm_total,vfm_entregado) VALUES (4185,11670,1,840,840,@@@NO@@@)','',2,'2013-07-03'),(33528,'INSERT INTO gne_vale_ferreteria_mov (vfe_id,pro_codigo_plu,vfm_cantidad,vfm_unitario,vfm_total,vfm_entregado) VALUES (4185,19865,1,590,590,@@@NO@@@)','',2,'2013-07-03'),(33529,'INSERT INTO gpr_pack_virtual (pav_id,pav_nombre,pav_total_pack,pav_total_descuento,pav_desde,pav_hasta,pav_tipo,pav_precio,pav_lleva,pav_paga,pav_descuento,pav_porcentaje,pav_oferta_exclusiva,pav_agotar_stock,pav_stock,pav_costo,pav_margen) VALUES (17,@@@PACK UNO NARANJA 6 X 90 ML@@@,1330,230,@@@2013-07-03@@@,@@@2013-12-31@@@,@@@PR@@@,0,0,0,0,0,@@@NO@@@,@@@SI@@@,50,1008,31.94)','',2,'2013-07-03'),(33530,'INSERT INTO gpr_pack_virtual_mov (pav_id,pro_codigo_plu,pvm_precio,pvm_total,pvm_lleva,pvm_paga,pvm_descuento,pvm_porcentaje,pvm_total_normal,pvm_descuento_linea,pvm_costo,pvm_margen) VALUES (17,78016965,260,1330,6,5,1,30,1560,230,168,31.94)','',2,'2013-07-03'),(33531,'INSERT INTO gpr_pack_virtual_horario (pav_id,pvh_dia,pvh_hora_desde,pvh_hora_hasta) VALUES (17,99,@@@00:00@@@,@@@23:59@@@)','',2,'2013-07-03'),(33532,'INSERT INTO gpr_pack_virtual (pav_id,pav_nombre,pav_total_pack,pav_total_descuento,pav_desde,pav_hasta,pav_tipo,pav_precio,pav_lleva,pav_paga,pav_descuento,pav_porcentaje,pav_oferta_exclusiva,pav_agotar_stock,pav_stock,pav_costo,pav_margen) VALUES (18,@@@PACK UNO MULTIFRUTA 6 X 90 ML@@@,1330,230,@@@2013-07-03@@@,@@@2013-12-31@@@,@@@PR@@@,0,0,0,0,0,@@@NO@@@,@@@SI@@@,50,1008,31.94)','',2,'2013-07-03'),(33533,'INSERT INTO gpr_pack_virtual_mov (pav_id,pro_codigo_plu,pvm_precio,pvm_total,pvm_lleva,pvm_paga,pvm_descuento,pvm_porcentaje,pvm_total_normal,pvm_descuento_linea,pvm_costo,pvm_margen) VALUES (18,78016958,260,1330,6,5,1,30,1560,230,168,31.94)','',2,'2013-07-03'),(33534,'INSERT INTO gpr_pack_virtual_horario (pav_id,pvh_dia,pvh_hora_desde,pvh_hora_hasta) VALUES (18,99,@@@00:00@@@,@@@23:59@@@)','',2,'2013-07-03'),(33535,'INSERT INTO gne_vale_ferreteria (vfe_id,vfe_fecha,vfe_total,vfe_estado,vfe_entregado,usu_nusuario) VALUES (4186,@@@2013.07.03@@@,250,1,0,@@@G_DIAZ@@@)','',2,'2013-07-03'),(33536,'INSERT INTO gne_vale_ferreteria_mov (vfe_id,pro_codigo_plu,vfm_cantidad,vfm_unitario,vfm_total,vfm_entregado) VALUES (4186,764583,1,250,250,@@@NO@@@)','',2,'2013-07-03'),(33537,'INSERT INTO gne_vale_ferreteria (vfe_id,vfe_fecha,vfe_total,vfe_estado,vfe_entregado,usu_nusuario) VALUES (4187,@@@2013.07.03@@@,660,1,0,@@@G_DIAZ@@@)','',2,'2013-07-03'),(33538,'INSERT INTO gne_vale_ferreteria_mov (vfe_id,pro_codigo_plu,vfm_cantidad,vfm_unitario,vfm_total,vfm_entregado) VALUES (4187,19918,2,330,660,@@@NO@@@)','',2,'2013-07-03'),(33539,'INSERT INTO gne_vale_ferreteria (vfe_id,vfe_fecha,vfe_total,vfe_estado,vfe_entregado,usu_nusuario) VALUES (4188,@@@2013.07.03@@@,330,1,0,@@@G_DIAZ@@@)','',2,'2013-07-03'),(33540,'INSERT INTO gne_vale_ferreteria_mov (vfe_id,pro_codigo_plu,vfm_cantidad,vfm_unitario,vfm_total,vfm_entregado) VALUES (4188,764507,1,330,330,@@@NO@@@)','',2,'2013-07-03'),(33541,'INSERT INTO gne_vale_ferreteria (vfe_id,vfe_fecha,vfe_total,vfe_estado,vfe_entregado,usu_nusuario) VALUES (4189,@@@2013.07.03@@@,790,1,0,@@@G_DIAZ@@@)','',2,'2013-07-03'),(33542,'INSERT INTO gne_vale_ferreteria_mov (vfe_id,pro_codigo_plu,vfm_cantidad,vfm_unitario,vfm_total,vfm_entregado) VALUES (4189,763623,1,790,790,@@@NO@@@)','',2,'2013-07-03'),(33543,'INSERT INTO gne_vale_ferreteria (vfe_id,vfe_fecha,vfe_total,vfe_estado,vfe_entregado,usu_nusuario) VALUES (4190,@@@2013.07.03@@@,990,1,0,@@@G_DIAZ@@@)','',2,'2013-07-03'),(33544,'INSERT INTO gne_vale_ferreteria_mov (vfe_id,pro_codigo_plu,vfm_cantidad,vfm_unitario,vfm_total,vfm_entregado) VALUES (4190,2008,1,990,990,@@@NO@@@)','',2,'2013-07-03'),(33545,'INSERT INTO gne_vale_ferreteria (vfe_id,vfe_fecha,vfe_total,vfe_estado,vfe_entregado,usu_nusuario) VALUES (4191,@@@2013.07.03@@@,300,1,0,@@@G_DIAZ@@@)','',2,'2013-07-03'),(33546,'INSERT INTO gne_vale_ferreteria_mov (vfe_id,pro_codigo_plu,vfm_cantidad,vfm_unitario,vfm_total,vfm_entregado) VALUES (4191,764276,1,300,300,@@@NO@@@)','',2,'2013-07-03'),(33547,'INSERT INTO gne_vale_ferreteria (vfe_id,vfe_fecha,vfe_total,vfe_estado,vfe_entregado,usu_nusuario) VALUES (4192,@@@2013.07.03@@@,120,1,0,@@@G_DIAZ@@@)','',2,'2013-07-03'),(33548,'INSERT INTO gne_vale_ferreteria_mov (vfe_id,pro_codigo_plu,vfm_cantidad,vfm_unitario,vfm_total,vfm_entregado) VALUES (4192,8022,1,120,120,@@@NO@@@)','',2,'2013-07-03'),(33549,'INSERT INTO gne_vale_ferreteria (vfe_id,vfe_fecha,vfe_total,vfe_estado,vfe_entregado,usu_nusuario) VALUES (4193,@@@2013.07.03@@@,1570,1,0,@@@G_DIAZ@@@)','',2,'2013-07-03'),(33550,'INSERT INTO gne_vale_ferreteria_mov (vfe_id,pro_codigo_plu,vfm_cantidad,vfm_unitario,vfm_total,vfm_entregado) VALUES (4193,4098,2,590,1180,@@@NO@@@)','',2,'2013-07-03'),(33551,'INSERT INTO gne_vale_ferreteria_mov (vfe_id,pro_codigo_plu,vfm_cantidad,vfm_unitario,vfm_total,vfm_entregado) VALUES (4193,1535,1,390,390,@@@NO@@@)','',2,'2013-07-03'),(33552,'INSERT INTO gne_vale_ferreteria (vfe_id,vfe_fecha,vfe_total,vfe_estado,vfe_entregado,usu_nusuario) VALUES (4194,@@@2013.07.03@@@,180,1,0,@@@G_DIAZ@@@)','',2,'2013-07-03'),(33553,'INSERT INTO gne_vale_ferreteria_mov (vfe_id,pro_codigo_plu,vfm_cantidad,vfm_unitario,vfm_total,vfm_entregado) VALUES (4194,78017153,6,30,180,@@@NO@@@)','',2,'2013-07-03'),(33554,'INSERT INTO gne_vale_ferreteria (vfe_id,vfe_fecha,vfe_total,vfe_estado,vfe_entregado,usu_nusuario) VALUES (4195,@@@2013.07.03@@@,430,1,0,@@@G_DIAZ@@@)','',2,'2013-07-03'),(33555,'INSERT INTO gne_vale_ferreteria_mov (vfe_id,pro_codigo_plu,vfm_cantidad,vfm_unitario,vfm_total,vfm_entregado) VALUES (4195,16664,1,430,430,@@@NO@@@)','',2,'2013-07-03'),(33556,'INSERT INTO gne_vale_ferreteria (vfe_id,vfe_fecha,vfe_total,vfe_estado,vfe_entregado,usu_nusuario) VALUES (4196,@@@2013.07.03@@@,450,1,0,@@@G_DIAZ@@@)','',2,'2013-07-03'),(33557,'INSERT INTO gne_vale_ferreteria_mov (vfe_id,pro_codigo_plu,vfm_cantidad,vfm_unitario,vfm_total,vfm_entregado) VALUES (4196,764505,1,450,450,@@@NO@@@)','',2,'2013-07-03'),(33558,'UPDATE mae_productos SET pro_precio_compra_bruto=96,pro_margen_actual=(pro_precio_venta-96)/96 * 100,pro_ultima_compra=@@@2013.07.03@@@,pro_ultimo_proveedor=@@@84472400-4@@@ WHERE pro_codigo_plu=17018','',2,'2013-07-03'),(33559,'UPDATE mae_productos SET pro_precio_compra_bruto=95,pro_margen_actual=(pro_precio_venta-95)/95 * 100,pro_ultima_compra=@@@2013.07.03@@@,pro_ultimo_proveedor=@@@84472400-4@@@ WHERE pro_codigo_plu=17016','',2,'2013-07-03'),(33560,'UPDATE mae_productos SET pro_precio_compra_bruto=227,pro_margen_actual=(pro_precio_venta-227)/227 * 100,pro_ultima_compra=@@@2013.07.03@@@,pro_ultimo_proveedor=@@@84472400-4@@@ WHERE pro_codigo_plu=19243','',2,'2013-07-03'),(33561,'UPDATE mae_productos SET pro_precio_compra_bruto=454,pro_margen_actual=(pro_precio_venta-454)/454 * 100,pro_ultima_compra=@@@2013.07.03@@@,pro_ultimo_proveedor=@@@84472400-4@@@ WHERE pro_codigo_plu=16256','',2,'2013-07-03'),(33562,'UPDATE mae_productos SET pro_precio_compra_bruto=96,pro_margen_actual=(pro_precio_venta-96)/96 * 100,pro_ultima_compra=@@@2013.07.03@@@,pro_ultimo_proveedor=@@@84472400-4@@@ WHERE pro_codigo_plu=17097','',2,'2013-07-03'),(33563,'UPDATE mae_productos SET pro_precio_compra_bruto=96,pro_margen_actual=(pro_precio_venta-96)/96 * 100,pro_ultima_compra=@@@2013.07.03@@@,pro_ultimo_proveedor=@@@84472400-4@@@ WHERE pro_codigo_plu=17104','',2,'2013-07-03'),(33564,'UPDATE mae_productos SET pro_precio_compra_bruto=198,pro_margen_actual=(pro_precio_venta-198)/198 * 100,pro_ultima_compra=@@@2013.07.03@@@,pro_ultimo_proveedor=@@@84472400-4@@@ WHERE pro_codigo_plu=18877','',2,'2013-07-03'),(33565,'UPDATE mae_productos SET pro_precio_compra_bruto=198,pro_margen_actual=(pro_precio_venta-198)/198 * 100,pro_ultima_compra=@@@2013.07.03@@@,pro_ultimo_proveedor=@@@84472400-4@@@ WHERE pro_codigo_plu=19238','',2,'2013-07-03'),(33566,'UPDATE mae_productos SET pro_precio_compra_bruto=846,pro_margen_actual=(pro_precio_venta-846)/846 * 100,pro_ultima_compra=@@@2013.07.03@@@,pro_ultimo_proveedor=@@@84472400-4@@@ WHERE pro_codigo_plu=16477','',2,'2013-07-03'),(33567,'UPDATE mae_productos SET pro_precio_compra_bruto=846,pro_margen_actual=(pro_precio_venta-846)/846 * 100,pro_ultima_compra=@@@2013.07.03@@@,pro_ultimo_proveedor=@@@84472400-4@@@ WHERE pro_codigo_plu=16480','',2,'2013-07-03'),(33568,'UPDATE mae_productos SET pro_precio_compra_bruto=336,pro_margen_actual=(pro_precio_venta-336)/336 * 100,pro_ultima_compra=@@@2013.07.03@@@,pro_ultimo_proveedor=@@@84472400-4@@@ WHERE pro_codigo_plu=17023','',2,'2013-07-03'),(33569,'UPDATE mae_productos SET pro_precio_compra_bruto=368,pro_margen_actual=(pro_precio_venta-368)/368 * 100,pro_ultima_compra=@@@2013.07.03@@@,pro_ultimo_proveedor=@@@84472400-4@@@ WHERE pro_codigo_plu=16314','',2,'2013-07-03'),(33570,'UPDATE mae_productos SET pro_precio_compra_bruto=286,pro_margen_actual=(pro_precio_venta-286)/286 * 100,pro_ultima_compra=@@@2013.07.03@@@,pro_ultimo_proveedor=@@@84472400-4@@@ WHERE pro_codigo_plu=16999','',2,'2013-07-03'),(33571,'UPDATE mae_productos SET pro_precio_compra_bruto=126,pro_margen_actual=(pro_precio_venta-126)/126 * 100,pro_ultima_compra=@@@2013.07.03@@@,pro_ultimo_proveedor=@@@84472400-4@@@ WHERE pro_codigo_plu=16672','',2,'2013-07-03'),(33572,'UPDATE mae_productos SET pro_precio_compra_bruto=126,pro_margen_actual=(pro_precio_venta-126)/126 * 100,pro_ultima_compra=@@@2013.07.03@@@,pro_ultimo_proveedor=@@@84472400-4@@@ WHERE pro_codigo_plu=16951','',2,'2013-07-03'),(33573,'UPDATE mae_productos SET pro_precio_compra_bruto=126,pro_margen_actual=(pro_precio_venta-126)/126 * 100,pro_ultima_compra=@@@2013.07.03@@@,pro_ultimo_proveedor=@@@84472400-4@@@ WHERE pro_codigo_plu=16947','',2,'2013-07-03'),(33574,'UPDATE mae_productos SET pro_precio_compra_bruto=126,pro_margen_actual=(pro_precio_venta-126)/126 * 100,pro_ultima_compra=@@@2013.07.03@@@,pro_ultimo_proveedor=@@@84472400-4@@@ WHERE pro_codigo_plu=16952','',2,'2013-07-03'),(33575,'UPDATE mae_productos SET pro_precio_compra_bruto=321,pro_margen_actual=(pro_precio_venta-321)/321 * 100,pro_ultima_compra=@@@2013.07.03@@@,pro_ultimo_proveedor=@@@84472400-4@@@ WHERE pro_codigo_plu=780721285','',2,'2013-07-03'),(33576,'UPDATE mae_productos SET pro_precio_compra_bruto=321,pro_margen_actual=(pro_precio_venta-321)/321 * 100,pro_ultima_compra=@@@2013.07.03@@@,pro_ultimo_proveedor=@@@84472400-4@@@ WHERE pro_codigo_plu=763343','',2,'2013-07-03'),(33577,'UPDATE mae_productos SET pro_precio_compra_bruto=243,pro_margen_actual=(pro_precio_venta-243)/243 * 100,pro_ultima_compra=@@@2013.07.03@@@,pro_ultimo_proveedor=@@@84472400-4@@@ WHERE pro_codigo_plu=763345','',2,'2013-07-03'),(33578,'UPDATE mae_productos SET pro_precio_compra_bruto=277,pro_margen_actual=(pro_precio_venta-277)/277 * 100,pro_ultima_compra=@@@2013.07.03@@@,pro_ultimo_proveedor=@@@84472400-4@@@ WHERE pro_codigo_plu=763335','',2,'2013-07-03'),(33579,'UPDATE mae_productos SET pro_precio_compra_bruto=280,pro_margen_actual=(pro_precio_venta-280)/280 * 100,pro_ultima_compra=@@@2013.07.03@@@,pro_ultimo_proveedor=@@@84472400-4@@@ WHERE pro_codigo_plu=16820','',2,'2013-07-03'),(33580,'UPDATE mae_productos SET pro_precio_compra_bruto=211,pro_margen_actual=(pro_precio_venta-211)/211 * 100,pro_ultima_compra=@@@2013.07.03@@@,pro_ultimo_proveedor=@@@84472400-4@@@ WHERE pro_codigo_plu=763346','',2,'2013-07-03'),(33581,'UPDATE mae_productos SET pro_precio_compra_bruto=211,pro_margen_actual=(pro_precio_venta-211)/211 * 100,pro_ultima_compra=@@@2013.07.03@@@,pro_ultimo_proveedor=@@@84472400-4@@@ WHERE pro_codigo_plu=763340','',2,'2013-07-03'),(33582,'UPDATE mae_productos SET pro_precio_compra_bruto=209,pro_margen_actual=(pro_precio_venta-209)/209 * 100,pro_ultima_compra=@@@2013.07.03@@@,pro_ultimo_proveedor=@@@84472400-4@@@ WHERE pro_codigo_plu=780721286','',2,'2013-07-03'),(33583,'UPDATE mae_productos SET pro_precio_compra_bruto=211,pro_margen_actual=(pro_precio_venta-211)/211 * 100,pro_ultima_compra=@@@2013.07.03@@@,pro_ultimo_proveedor=@@@84472400-4@@@ WHERE pro_codigo_plu=780721287','',2,'2013-07-03'),(33584,'UPDATE mae_productos SET pro_precio_compra_bruto=209,pro_margen_actual=(pro_precio_venta-209)/209 * 100,pro_ultima_compra=@@@2013.07.03@@@,pro_ultimo_proveedor=@@@84472400-4@@@ WHERE pro_codigo_plu=101942','',2,'2013-07-03'),(33585,'UPDATE mae_productos SET pro_precio_compra_bruto=209,pro_margen_actual=(pro_precio_venta-209)/209 * 100,pro_ultima_compra=@@@2013.07.03@@@,pro_ultimo_proveedor=@@@84472400-4@@@ WHERE pro_codigo_plu=780721288','',2,'2013-07-03'),(33586,'UPDATE mae_productos SET pro_precio_compra_bruto=168,pro_margen_actual=(pro_precio_venta-168)/168 * 100,pro_ultima_compra=@@@2013.07.03@@@,pro_ultimo_proveedor=@@@84472400-4@@@ WHERE pro_codigo_plu=78016965','',2,'2013-07-03'),(33587,'UPDATE mae_productos SET pro_precio_compra_bruto=168,pro_margen_actual=(pro_precio_venta-168)/168 * 100,pro_ultima_compra=@@@2013.07.03@@@,pro_ultimo_proveedor=@@@84472400-4@@@ WHERE pro_codigo_plu=78016958','',2,'2013-07-03'),(33588,'UPDATE mae_productos SET pro_precio_compra_bruto=227,pro_margen_actual=(pro_precio_venta-227)/227 * 100,pro_ultima_compra=@@@2013.07.03@@@,pro_ultimo_proveedor=@@@84472400-4@@@ WHERE pro_codigo_plu=17056','',2,'2013-07-03'),(33589,'UPDATE mae_productos SET pro_precio_compra_bruto=198,pro_margen_actual=(pro_precio_venta-198)/198 * 100,pro_ultima_compra=@@@2013.07.03@@@,pro_ultimo_proveedor=@@@84472400-4@@@ WHERE pro_codigo_plu=17030','',2,'2013-07-03'),(33590,'UPDATE mae_productos SET pro_precio_compra_bruto=280,pro_margen_actual=(pro_precio_venta-280)/280 * 100,pro_ultima_compra=@@@2013.07.03@@@,pro_ultimo_proveedor=@@@84472400-4@@@ WHERE pro_codigo_plu=16821','',2,'2013-07-03'),(33591,'UPDATE mae_productos SET pro_precio_compra_bruto=318,pro_margen_actual=(pro_precio_venta-318)/318 * 100,pro_ultima_compra=@@@2013.07.03@@@,pro_ultimo_proveedor=@@@84472400-4@@@ WHERE pro_codigo_plu=763334','',2,'2013-07-03'),(33592,'UPDATE mae_productos SET pro_precio_compra_bruto=277,pro_margen_actual=(pro_precio_venta-277)/277 * 100,pro_ultima_compra=@@@2013.07.03@@@,pro_ultimo_proveedor=@@@84472400-4@@@ WHERE pro_codigo_plu=763338','',2,'2013-07-03'),(33593,'UPDATE mae_productos SET pro_precio_compra_bruto=324,pro_margen_actual=(pro_precio_venta-324)/324 * 100,pro_ultima_compra=@@@2013.07.03@@@,pro_ultimo_proveedor=@@@84472400-4@@@ WHERE pro_codigo_plu=16118','',2,'2013-07-03'),(33594,'UPDATE mae_productos SET pro_precio_compra_bruto=3606,pro_margen_actual=(pro_precio_venta-3606)/3606 * 100,pro_ultima_compra=@@@2013.07.03@@@,pro_ultimo_proveedor=@@@84472400-4@@@ WHERE pro_codigo_plu=386','',2,'2013-07-03'),(33595,'INSERT INTO gne_vale_ferreteria (vfe_id,vfe_fecha,vfe_total,vfe_estado,vfe_entregado,usu_nusuario) VALUES (4197,@@@2013.07.03@@@,990,1,0,@@@G_DIAZ@@@)','',2,'2013-07-03'),(33596,'INSERT INTO gne_vale_ferreteria_mov (vfe_id,pro_codigo_plu,vfm_cantidad,vfm_unitario,vfm_total,vfm_entregado) VALUES (4197,780721136,1,990,990,@@@NO@@@)','',2,'2013-07-03'),(33597,'INSERT INTO gne_vale_ferreteria (vfe_id,vfe_fecha,vfe_total,vfe_estado,vfe_entregado,usu_nusuario) VALUES (4198,@@@2013.07.03@@@,700,1,0,@@@G_DIAZ@@@)','',2,'2013-07-03'),(33598,'INSERT INTO gne_vale_ferreteria_mov (vfe_id,pro_codigo_plu,vfm_cantidad,vfm_unitario,vfm_total,vfm_entregado) VALUES (4198,780220198,2,350,700,@@@NO@@@)','',2,'2013-07-03'),(33599,'INSERT INTO gne_vale_ferreteria (vfe_id,vfe_fecha,vfe_total,vfe_estado,vfe_entregado,usu_nusuario) VALUES (4199,@@@2013.07.03@@@,630,1,0,@@@G_DIAZ@@@)','',2,'2013-07-03'),(33600,'INSERT INTO gne_vale_ferreteria_mov (vfe_id,pro_codigo_plu,vfm_cantidad,vfm_unitario,vfm_total,vfm_entregado) VALUES (4199,780220197,1,280,280,@@@NO@@@)','',2,'2013-07-03'),(33601,'INSERT INTO gne_vale_ferreteria_mov (vfe_id,pro_codigo_plu,vfm_cantidad,vfm_unitario,vfm_total,vfm_entregado) VALUES (4199,780220198,1,350,350,@@@NO@@@)','',2,'2013-07-03'),(33602,'INSERT INTO gne_vale_ferreteria (vfe_id,vfe_fecha,vfe_total,vfe_estado,vfe_entregado,usu_nusuario) VALUES (4200,@@@2013.07.03@@@,130,1,0,@@@G_DIAZ@@@)','',2,'2013-07-03'),(33603,'INSERT INTO gne_vale_ferreteria_mov (vfe_id,pro_codigo_plu,vfm_cantidad,vfm_unitario,vfm_total,vfm_entregado) VALUES (4200,1066,1,130,130,@@@NO@@@)','',2,'2013-07-03'),(33604,'INSERT INTO gne_vale_ferreteria (vfe_id,vfe_fecha,vfe_total,vfe_estado,vfe_entregado,usu_nusuario) VALUES (4201,@@@2013.07.03@@@,480,1,0,@@@G_DIAZ@@@)','',2,'2013-07-03'),(33605,'INSERT INTO gne_vale_ferreteria_mov (vfe_id,pro_codigo_plu,vfm_cantidad,vfm_unitario,vfm_total,vfm_entregado) VALUES (4201,764822,1,280,280,@@@NO@@@)','',2,'2013-07-03'),(33606,'INSERT INTO gne_vale_ferreteria_mov (vfe_id,pro_codigo_plu,vfm_cantidad,vfm_unitario,vfm_total,vfm_entregado) VALUES (4201,764572,2,100,200,@@@NO@@@)','',2,'2013-07-03'),(33607,'INSERT INTO gne_vale_ferreteria (vfe_id,vfe_fecha,vfe_total,vfe_estado,vfe_entregado,usu_nusuario) VALUES (4202,@@@2013.07.03@@@,120,1,0,@@@G_DIAZ@@@)','',2,'2013-07-03'),(33608,'INSERT INTO gne_vale_ferreteria_mov (vfe_id,pro_codigo_plu,vfm_cantidad,vfm_unitario,vfm_total,vfm_entregado) VALUES (4202,78017002,1,120,120,@@@NO@@@)','',2,'2013-07-03'),(33609,'INSERT INTO gne_vale_ferreteria (vfe_id,vfe_fecha,vfe_total,vfe_estado,vfe_entregado,usu_nusuario) VALUES (4203,@@@2013.07.03@@@,100,1,0,@@@G_DIAZ@@@)','',2,'2013-07-03'),(33610,'INSERT INTO gne_vale_ferreteria_mov (vfe_id,pro_codigo_plu,vfm_cantidad,vfm_unitario,vfm_total,vfm_entregado) VALUES (4203,770000,2,50,100,@@@NO@@@)','',2,'2013-07-03'),(33611,'INSERT INTO gne_vale_ferreteria (vfe_id,vfe_fecha,vfe_total,vfe_estado,vfe_entregado,usu_nusuario) VALUES (4204,@@@2013.07.03@@@,120,1,0,@@@G_DIAZ@@@)','',2,'2013-07-03'),(33612,'INSERT INTO gne_vale_ferreteria_mov (vfe_id,pro_codigo_plu,vfm_cantidad,vfm_unitario,vfm_total,vfm_entregado) VALUES (4204,8022,1,120,120,@@@NO@@@)','',2,'2013-07-03'),(33613,'INSERT INTO gne_vale_ferreteria (vfe_id,vfe_fecha,vfe_total,vfe_estado,vfe_entregado,usu_nusuario) VALUES (4205,@@@2013.07.03@@@,600,1,0,@@@G_DIAZ@@@)','',2,'2013-07-03'),(33614,'INSERT INTO gne_vale_ferreteria_mov (vfe_id,pro_codigo_plu,vfm_cantidad,vfm_unitario,vfm_total,vfm_entregado) VALUES (4205,770065,6,100,600,@@@NO@@@)','',2,'2013-07-03'),(33615,'INSERT INTO gne_vale_ferreteria (vfe_id,vfe_fecha,vfe_total,vfe_estado,vfe_entregado,usu_nusuario) VALUES (4206,@@@2013.07.03@@@,120,1,0,@@@G_DIAZ@@@)','',2,'2013-07-03'),(33616,'INSERT INTO gne_vale_ferreteria_mov (vfe_id,pro_codigo_plu,vfm_cantidad,vfm_unitario,vfm_total,vfm_entregado) VALUES (4206,78017191,3,40,120,@@@NO@@@)','',2,'2013-07-03'),(33617,'INSERT INTO gne_vale_ferreteria (vfe_id,vfe_fecha,vfe_total,vfe_estado,vfe_entregado,usu_nusuario) VALUES (4207,@@@2013.07.03@@@,400,1,0,@@@G_DIAZ@@@)','',2,'2013-07-03'),(33618,'INSERT INTO gne_vale_ferreteria_mov (vfe_id,pro_codigo_plu,vfm_cantidad,vfm_unitario,vfm_total,vfm_entregado) VALUES (4207,780721277,1,120,120,@@@NO@@@)','',2,'2013-07-03'),(33619,'INSERT INTO gne_vale_ferreteria_mov (vfe_id,pro_codigo_plu,vfm_cantidad,vfm_unitario,vfm_total,vfm_entregado) VALUES (4207,765064,1,280,280,@@@NO@@@)','',2,'2013-07-03'),(33620,'INSERT INTO gne_vale_ferreteria (vfe_id,vfe_fecha,vfe_total,vfe_estado,vfe_entregado,usu_nusuario) VALUES (4208,@@@2013.07.03@@@,320,1,0,@@@G_DIAZ@@@)','',2,'2013-07-03'),(33621,'INSERT INTO gne_vale_ferreteria_mov (vfe_id,pro_codigo_plu,vfm_cantidad,vfm_unitario,vfm_total,vfm_entregado) VALUES (4208,8022,1,120,120,@@@NO@@@)','',2,'2013-07-03'),(33622,'INSERT INTO gne_vale_ferreteria_mov (vfe_id,pro_codigo_plu,vfm_cantidad,vfm_unitario,vfm_total,vfm_entregado) VALUES (4208,78017194,1,200,200,@@@NO@@@)','',2,'2013-07-03'),(33623,'INSERT INTO gne_vale_ferreteria (vfe_id,vfe_fecha,vfe_total,vfe_estado,vfe_entregado,usu_nusuario) VALUES (4209,@@@2013.07.03@@@,390,1,0,@@@G_DIAZ@@@)','',2,'2013-07-03'),(33624,'INSERT INTO gne_vale_ferreteria_mov (vfe_id,pro_codigo_plu,vfm_cantidad,vfm_unitario,vfm_total,vfm_entregado) VALUES (4209,763629,1,390,390,@@@NO@@@)','',2,'2013-07-03'),(33625,'INSERT INTO gne_vale_ferreteria (vfe_id,vfe_fecha,vfe_total,vfe_estado,vfe_entregado,usu_nusuario) VALUES (4210,@@@2013.07.03@@@,450,1,0,@@@G_DIAZ@@@)','',2,'2013-07-03'),(33626,'INSERT INTO gne_vale_ferreteria_mov (vfe_id,pro_codigo_plu,vfm_cantidad,vfm_unitario,vfm_total,vfm_entregado) VALUES (4210,8022,1,120,120,@@@NO@@@)','',2,'2013-07-03'),(33627,'INSERT INTO gne_vale_ferreteria_mov (vfe_id,pro_codigo_plu,vfm_cantidad,vfm_unitario,vfm_total,vfm_entregado) VALUES (4210,764507,1,330,330,@@@NO@@@)','',2,'2013-07-03'),(33628,'INSERT INTO gne_vale_ferreteria (vfe_id,vfe_fecha,vfe_total,vfe_estado,vfe_entregado,usu_nusuario) VALUES (4211,@@@2013.07.03@@@,1100,1,0,@@@G_DIAZ@@@)','',2,'2013-07-03'),(33629,'INSERT INTO gne_vale_ferreteria_mov (vfe_id,pro_codigo_plu,vfm_cantidad,vfm_unitario,vfm_total,vfm_entregado) VALUES (4211,15491,1,1100,1100,@@@NO@@@)','',2,'2013-07-03'),(33630,'INSERT INTO gne_vale_ferreteria (vfe_id,vfe_fecha,vfe_total,vfe_estado,vfe_entregado,usu_nusuario) VALUES (4212,@@@2013.07.03@@@,680,1,0,@@@G_DIAZ@@@)','',2,'2013-07-03'),(33631,'INSERT INTO gne_vale_ferreteria_mov (vfe_id,pro_codigo_plu,vfm_cantidad,vfm_unitario,vfm_total,vfm_entregado) VALUES (4212,19866,1,680,680,@@@NO@@@)','',2,'2013-07-03'),(33632,'INSERT INTO gne_vale_ferreteria (vfe_id,vfe_fecha,vfe_total,vfe_estado,vfe_entregado,usu_nusuario) VALUES (4213,@@@2013.07.03@@@,100,1,0,@@@G_DIAZ@@@)','',2,'2013-07-03'),(33633,'INSERT INTO gne_vale_ferreteria_mov (vfe_id,pro_codigo_plu,vfm_cantidad,vfm_unitario,vfm_total,vfm_entregado) VALUES (4213,764834,5,20,100,@@@NO@@@)','',2,'2013-07-03'),(33634,'INSERT INTO gne_vale_ferreteria (vfe_id,vfe_fecha,vfe_total,vfe_estado,vfe_entregado,usu_nusuario) VALUES (4214,@@@2013.07.03@@@,915,1,0,@@@G_DIAZ@@@)','',2,'2013-07-03'),(33635,'INSERT INTO gne_vale_ferreteria_mov (vfe_id,pro_codigo_plu,vfm_cantidad,vfm_unitario,vfm_total,vfm_entregado) VALUES (4214,761979,1,915,915,@@@NO@@@)','',2,'2013-07-03'),(33636,'INSERT INTO gne_vale_ferreteria (vfe_id,vfe_fecha,vfe_total,vfe_estado,vfe_entregado,usu_nusuario) VALUES (4215,@@@2013.07.03@@@,790,1,0,@@@G_DIAZ@@@)','',2,'2013-07-03'),(33637,'INSERT INTO gne_vale_ferreteria_mov (vfe_id,pro_codigo_plu,vfm_cantidad,vfm_unitario,vfm_total,vfm_entregado) VALUES (4215,763804,1,790,790,@@@NO@@@)','',2,'2013-07-03'),(33638,'INSERT INTO gne_vale_ferreteria (vfe_id,vfe_fecha,vfe_total,vfe_estado,vfe_entregado,usu_nusuario) VALUES (4216,@@@2013.07.03@@@,540,1,0,@@@G_DIAZ@@@)','',2,'2013-07-03'),(33639,'INSERT INTO gne_vale_ferreteria_mov (vfe_id,pro_codigo_plu,vfm_cantidad,vfm_unitario,vfm_total,vfm_entregado) VALUES (4216,780721221,1,300,300,@@@NO@@@)','',2,'2013-07-03'),(33640,'INSERT INTO gne_vale_ferreteria_mov (vfe_id,pro_codigo_plu,vfm_cantidad,vfm_unitario,vfm_total,vfm_entregado) VALUES (4216,780721125,2,120,240,@@@NO@@@)','',2,'2013-07-03'),(33641,'INSERT INTO gne_vale_ferreteria (vfe_id,vfe_fecha,vfe_total,vfe_estado,vfe_entregado,usu_nusuario) VALUES (4217,@@@2013.07.03@@@,200,1,0,@@@G_DIAZ@@@)','',2,'2013-07-03'),(33642,'INSERT INTO gne_vale_ferreteria_mov (vfe_id,pro_codigo_plu,vfm_cantidad,vfm_unitario,vfm_total,vfm_entregado) VALUES (4217,763592,1,200,200,@@@NO@@@)','',2,'2013-07-03'),(33643,'INSERT INTO gne_vale_ferreteria (vfe_id,vfe_fecha,vfe_total,vfe_estado,vfe_entregado,usu_nusuario) VALUES (4218,@@@2013.07.03@@@,2085,1,0,@@@G_DIAZ@@@)','',2,'2013-07-03'),(33644,'INSERT INTO gne_vale_ferreteria_mov (vfe_id,pro_codigo_plu,vfm_cantidad,vfm_unitario,vfm_total,vfm_entregado) VALUES (4218,764303,3,595,1785,@@@NO@@@)','',2,'2013-07-03'),(33645,'INSERT INTO gne_vale_ferreteria_mov (vfe_id,pro_codigo_plu,vfm_cantidad,vfm_unitario,vfm_total,vfm_entregado) VALUES (4218,780220196,1,300,300,@@@NO@@@)','',2,'2013-07-03'),(33646,'INSERT INTO gne_vale_ferreteria (vfe_id,vfe_fecha,vfe_total,vfe_estado,vfe_entregado,usu_nusuario) VALUES (4219,@@@2013.07.03@@@,120,1,0,@@@G_DIAZ@@@)','',2,'2013-07-03'),(33647,'INSERT INTO gne_vale_ferreteria_mov (vfe_id,pro_codigo_plu,vfm_cantidad,vfm_unitario,vfm_total,vfm_entregado) VALUES (4219,8022,1,120,120,@@@NO@@@)','',2,'2013-07-03'),(33648,'INSERT INTO gne_vale_ferreteria (vfe_id,vfe_fecha,vfe_total,vfe_estado,vfe_entregado,usu_nusuario) VALUES (4220,@@@2013.07.03@@@,290,1,0,@@@G_DIAZ@@@)','',2,'2013-07-03'),(33649,'INSERT INTO gne_vale_ferreteria_mov (vfe_id,pro_codigo_plu,vfm_cantidad,vfm_unitario,vfm_total,vfm_entregado) VALUES (4220,764296,1,290,290,@@@NO@@@)','',2,'2013-07-03'),(33650,'INSERT INTO gne_vale_ferreteria (vfe_id,vfe_fecha,vfe_total,vfe_estado,vfe_entregado,usu_nusuario) VALUES (4221,@@@2013.07.03@@@,250,1,0,@@@G_DIAZ@@@)','',2,'2013-07-03'),(33651,'INSERT INTO gne_vale_ferreteria_mov (vfe_id,pro_codigo_plu,vfm_cantidad,vfm_unitario,vfm_total,vfm_entregado) VALUES (4221,764583,1,250,250,@@@NO@@@)','',2,'2013-07-03'),(33652,'INSERT INTO gne_vale_ferreteria (vfe_id,vfe_fecha,vfe_total,vfe_estado,vfe_entregado,usu_nusuario) VALUES (4222,@@@2013.07.03@@@,390,1,0,@@@G_DIAZ@@@)','',2,'2013-07-03'),(33653,'INSERT INTO gne_vale_ferreteria_mov (vfe_id,pro_codigo_plu,vfm_cantidad,vfm_unitario,vfm_total,vfm_entregado) VALUES (4222,764123,1,390,390,@@@NO@@@)','',2,'2013-07-03'),(33654,'INSERT INTO gne_vale_ferreteria (vfe_id,vfe_fecha,vfe_total,vfe_estado,vfe_entregado,usu_nusuario) VALUES (4223,@@@2013.07.03@@@,680,1,0,@@@G_DIAZ@@@)','',2,'2013-07-03'),(33655,'INSERT INTO gne_vale_ferreteria_mov (vfe_id,pro_codigo_plu,vfm_cantidad,vfm_unitario,vfm_total,vfm_entregado) VALUES (4223,19866,1,680,680,@@@NO@@@)','',2,'2013-07-03'),(33656,'INSERT INTO gne_vale_ferreteria (vfe_id,vfe_fecha,vfe_total,vfe_estado,vfe_entregado,usu_nusuario) VALUES (4224,@@@2013.07.03@@@,1290,1,0,@@@G_DIAZ@@@)','',2,'2013-07-03'),(33657,'INSERT INTO gne_vale_ferreteria_mov (vfe_id,pro_codigo_plu,vfm_cantidad,vfm_unitario,vfm_total,vfm_entregado) VALUES (4224,780220163,1,990,990,@@@NO@@@)','',2,'2013-07-03'),(33658,'INSERT INTO gne_vale_ferreteria_mov (vfe_id,pro_codigo_plu,vfm_cantidad,vfm_unitario,vfm_total,vfm_entregado) VALUES (4224,764277,1,300,300,@@@NO@@@)','',2,'2013-07-03'),(33659,'INSERT INTO gne_vale_ferreteria (vfe_id,vfe_fecha,vfe_total,vfe_estado,vfe_entregado,usu_nusuario) VALUES (4225,@@@2013.07.03@@@,420,1,0,@@@G_DIAZ@@@)','',2,'2013-07-03'),(33660,'INSERT INTO gne_vale_ferreteria_mov (vfe_id,pro_codigo_plu,vfm_cantidad,vfm_unitario,vfm_total,vfm_entregado) VALUES (4225,1065,1,220,220,@@@NO@@@)','',2,'2013-07-03'),(33661,'INSERT INTO gne_vale_ferreteria_mov (vfe_id,pro_codigo_plu,vfm_cantidad,vfm_unitario,vfm_total,vfm_entregado) VALUES (4225,78017176,1,200,200,@@@NO@@@)','',2,'2013-07-03'),(33662,'INSERT INTO gne_vale_ferreteria (vfe_id,vfe_fecha,vfe_total,vfe_estado,vfe_entregado,usu_nusuario) VALUES (4226,@@@2013.07.03@@@,590,1,0,@@@G_DIAZ@@@)','',2,'2013-07-03'),(33663,'INSERT INTO gne_vale_ferreteria_mov (vfe_id,pro_codigo_plu,vfm_cantidad,vfm_unitario,vfm_total,vfm_entregado) VALUES (4226,764579,1,590,590,@@@NO@@@)','',2,'2013-07-03'),(33664,'INSERT INTO gne_vale_ferreteria (vfe_id,vfe_fecha,vfe_total,vfe_estado,vfe_entregado,usu_nusuario) VALUES (4227,@@@2013.07.03@@@,720,1,0,@@@G_DIAZ@@@)','',2,'2013-07-03'),(33665,'INSERT INTO gne_vale_ferreteria_mov (vfe_id,pro_codigo_plu,vfm_cantidad,vfm_unitario,vfm_total,vfm_entregado) VALUES (4227,780721125,4,120,480,@@@NO@@@)','',2,'2013-07-03'),(33666,'INSERT INTO gne_vale_ferreteria_mov (vfe_id,pro_codigo_plu,vfm_cantidad,vfm_unitario,vfm_total,vfm_entregado) VALUES (4227,764766,2,120,240,@@@NO@@@)','',2,'2013-07-03'),(33667,'INSERT INTO gne_vale_ferreteria (vfe_id,vfe_fecha,vfe_total,vfe_estado,vfe_entregado,usu_nusuario) VALUES (4228,@@@2013.07.03@@@,260,1,0,@@@G_DIAZ@@@)','',2,'2013-07-03'),(33668,'INSERT INTO gne_vale_ferreteria_mov (vfe_id,pro_codigo_plu,vfm_cantidad,vfm_unitario,vfm_total,vfm_entregado) VALUES (4228,102455,2,130,260,@@@NO@@@)','',2,'2013-07-03'),(33669,'INSERT INTO gne_vale_ferreteria (vfe_id,vfe_fecha,vfe_total,vfe_estado,vfe_entregado,usu_nusuario) VALUES (4229,@@@2013.07.03@@@,1680,1,0,@@@G_DIAZ@@@)','',2,'2013-07-03'),(33670,'INSERT INTO gne_vale_ferreteria_mov (vfe_id,pro_codigo_plu,vfm_cantidad,vfm_unitario,vfm_total,vfm_entregado) VALUES (4229,15647,1,1680,1680,@@@NO@@@)','',2,'2013-07-03'),(33671,'INSERT INTO gne_vale_ferreteria (vfe_id,vfe_fecha,vfe_total,vfe_estado,vfe_entregado,usu_nusuario) VALUES (4230,@@@2013.07.03@@@,790,1,0,@@@G_DIAZ@@@)','',2,'2013-07-03'),(33672,'INSERT INTO gne_vale_ferreteria_mov (vfe_id,pro_codigo_plu,vfm_cantidad,vfm_unitario,vfm_total,vfm_entregado) VALUES (4230,101454,1,790,790,@@@NO@@@)','',2,'2013-07-03'),(33673,'INSERT INTO gne_vale_ferreteria (vfe_id,vfe_fecha,vfe_total,vfe_estado,vfe_entregado,usu_nusuario) VALUES (4231,@@@2013.07.03@@@,590,1,0,@@@G_DIAZ@@@)','',2,'2013-07-03'),(33674,'INSERT INTO gne_vale_ferreteria_mov (vfe_id,pro_codigo_plu,vfm_cantidad,vfm_unitario,vfm_total,vfm_entregado) VALUES (4231,15662,1,590,590,@@@NO@@@)','',2,'2013-07-03'),(33675,'INSERT INTO gne_vale_ferreteria (vfe_id,vfe_fecha,vfe_total,vfe_estado,vfe_entregado,usu_nusuario) VALUES (4232,@@@2013.07.03@@@,320,1,0,@@@G_DIAZ@@@)','',2,'2013-07-03'),(33676,'INSERT INTO gne_vale_ferreteria_mov (vfe_id,pro_codigo_plu,vfm_cantidad,vfm_unitario,vfm_total,vfm_entregado) VALUES (4232,78017204,1,120,120,@@@NO@@@)','',2,'2013-07-03'),(33677,'INSERT INTO gne_vale_ferreteria_mov (vfe_id,pro_codigo_plu,vfm_cantidad,vfm_unitario,vfm_total,vfm_entregado) VALUES (4232,1040,1,200,200,@@@NO@@@)','',2,'2013-07-03'),(33678,'INSERT INTO gne_vale_ferreteria (vfe_id,vfe_fecha,vfe_total,vfe_estado,vfe_entregado,usu_nusuario) VALUES (4233,@@@2013.07.03@@@,390,1,0,@@@G_DIAZ@@@)','',2,'2013-07-03'),(33679,'INSERT INTO gne_vale_ferreteria_mov (vfe_id,pro_codigo_plu,vfm_cantidad,vfm_unitario,vfm_total,vfm_entregado) VALUES (4233,8023,1,390,390,@@@NO@@@)','',2,'2013-07-03'),(33680,'INSERT INTO gne_vale_ferreteria (vfe_id,vfe_fecha,vfe_total,vfe_estado,vfe_entregado,usu_nusuario) VALUES (4234,@@@2013.07.03@@@,2290,1,0,@@@G_DIAZ@@@)','',2,'2013-07-03'),(33681,'INSERT INTO gne_vale_ferreteria_mov (vfe_id,pro_codigo_plu,vfm_cantidad,vfm_unitario,vfm_total,vfm_entregado) VALUES (4234,780721245,1,2290,2290,@@@NO@@@)','',2,'2013-07-03'),(33682,'INSERT INTO gne_vale_ferreteria (vfe_id,vfe_fecha,vfe_total,vfe_estado,vfe_entregado,usu_nusuario) VALUES (4235,@@@2013.07.03@@@,600,1,0,@@@G_DIAZ@@@)','',2,'2013-07-03'),(33683,'INSERT INTO gne_vale_ferreteria_mov (vfe_id,pro_codigo_plu,vfm_cantidad,vfm_unitario,vfm_total,vfm_entregado) VALUES (4235,1017,1,350,350,@@@NO@@@)','',2,'2013-07-03'),(33684,'INSERT INTO gne_vale_ferreteria_mov (vfe_id,pro_codigo_plu,vfm_cantidad,vfm_unitario,vfm_total,vfm_entregado) VALUES (4235,1070,1,250,250,@@@NO@@@)','',2,'2013-07-03'),(33685,'INSERT INTO gne_vale_ferreteria (vfe_id,vfe_fecha,vfe_total,vfe_estado,vfe_entregado,usu_nusuario) VALUES (4236,@@@2013.07.03@@@,1895,1,0,@@@G_DIAZ@@@)','',2,'2013-07-03'),(33686,'INSERT INTO gne_vale_ferreteria_mov (vfe_id,pro_codigo_plu,vfm_cantidad,vfm_unitario,vfm_total,vfm_entregado) VALUES (4236,763743,1,1895,1895,@@@NO@@@)','',2,'2013-07-03'),(33687,'INSERT INTO gne_vale_ferreteria (vfe_id,vfe_fecha,vfe_total,vfe_estado,vfe_entregado,usu_nusuario) VALUES (4237,@@@2013.07.03@@@,620,1,0,@@@G_DIAZ@@@)','',2,'2013-07-03'),(33688,'INSERT INTO gne_vale_ferreteria_mov (vfe_id,pro_codigo_plu,vfm_cantidad,vfm_unitario,vfm_total,vfm_entregado) VALUES (4237,11378,1,620,620,@@@NO@@@)','',2,'2013-07-03'),(33689,'INSERT INTO gne_vale_ferreteria (vfe_id,vfe_fecha,vfe_total,vfe_estado,vfe_entregado,usu_nusuario) VALUES (4238,@@@2013.07.03@@@,595,1,0,@@@G_DIAZ@@@)','',2,'2013-07-03'),(33690,'INSERT INTO gne_vale_ferreteria_mov (vfe_id,pro_codigo_plu,vfm_cantidad,vfm_unitario,vfm_total,vfm_entregado) VALUES (4238,764307,1,595,595,@@@NO@@@)','',2,'2013-07-03'),(33691,'INSERT INTO gne_vale_ferreteria (vfe_id,vfe_fecha,vfe_total,vfe_estado,vfe_entregado,usu_nusuario) VALUES (4239,@@@2013.07.03@@@,1890,1,0,@@@G_DIAZ@@@)','',2,'2013-07-03'),(33692,'INSERT INTO gne_vale_ferreteria_mov (vfe_id,pro_codigo_plu,vfm_cantidad,vfm_unitario,vfm_total,vfm_entregado) VALUES (4239,101620,1,1890,1890,@@@NO@@@)','',2,'2013-07-03'),(33693,'INSERT INTO gne_vale_ferreteria (vfe_id,vfe_fecha,vfe_total,vfe_estado,vfe_entregado,usu_nusuario) VALUES (4240,@@@2013.07.03@@@,840,1,0,@@@G_DIAZ@@@)','',2,'2013-07-03'),(33694,'INSERT INTO gne_vale_ferreteria_mov (vfe_id,pro_codigo_plu,vfm_cantidad,vfm_unitario,vfm_total,vfm_entregado) VALUES (4240,11670,1,840,840,@@@NO@@@)','',2,'2013-07-03'),(33695,'INSERT INTO gne_vale_ferreteria (vfe_id,vfe_fecha,vfe_total,vfe_estado,vfe_entregado,usu_nusuario) VALUES (4241,@@@2013.07.03@@@,300,1,0,@@@G_DIAZ@@@)','',2,'2013-07-03'),(33696,'INSERT INTO gne_vale_ferreteria_mov (vfe_id,pro_codigo_plu,vfm_cantidad,vfm_unitario,vfm_total,vfm_entregado) VALUES (4241,770035,2,150,300,@@@NO@@@)','',2,'2013-07-03'),(33697,'INSERT INTO gne_vale_ferreteria (vfe_id,vfe_fecha,vfe_total,vfe_estado,vfe_entregado,usu_nusuario) VALUES (4242,@@@2013.07.03@@@,450,1,0,@@@G_DIAZ@@@)','',2,'2013-07-03'),(33698,'INSERT INTO gne_vale_ferreteria_mov (vfe_id,pro_codigo_plu,vfm_cantidad,vfm_unitario,vfm_total,vfm_entregado) VALUES (4242,1063,1,450,450,@@@NO@@@)','',2,'2013-07-03'),(33699,'INSERT INTO gne_vale_ferreteria (vfe_id,vfe_fecha,vfe_total,vfe_estado,vfe_entregado,usu_nusuario) VALUES (4243,@@@2013.07.03@@@,600,1,0,@@@G_DIAZ@@@)','',2,'2013-07-03'),(33700,'INSERT INTO gne_vale_ferreteria_mov (vfe_id,pro_codigo_plu,vfm_cantidad,vfm_unitario,vfm_total,vfm_entregado) VALUES (4243,8021,4,150,600,@@@NO@@@)','',2,'2013-07-03'),(33701,'INSERT INTO gne_vale_ferreteria (vfe_id,vfe_fecha,vfe_total,vfe_estado,vfe_entregado,usu_nusuario) VALUES (4244,@@@2013.07.03@@@,100,1,0,@@@G_DIAZ@@@)','',2,'2013-07-03'),(33702,'INSERT INTO gne_vale_ferreteria_mov (vfe_id,pro_codigo_plu,vfm_cantidad,vfm_unitario,vfm_total,vfm_entregado) VALUES (4244,764833,10,10,100,@@@NO@@@)','',2,'2013-07-03'),(33703,'INSERT INTO gne_vale_ferreteria (vfe_id,vfe_fecha,vfe_total,vfe_estado,vfe_entregado,usu_nusuario) VALUES (4245,@@@2013.07.03@@@,785,1,0,@@@G_DIAZ@@@)','',2,'2013-07-03'),(33704,'INSERT INTO gne_vale_ferreteria_mov (vfe_id,pro_codigo_plu,vfm_cantidad,vfm_unitario,vfm_total,vfm_entregado) VALUES (4245,764303,1,595,595,@@@NO@@@)','',2,'2013-07-03'),(33705,'INSERT INTO gne_vale_ferreteria_mov (vfe_id,pro_codigo_plu,vfm_cantidad,vfm_unitario,vfm_total,vfm_entregado) VALUES (4245,780721057,1,190,190,@@@NO@@@)','',2,'2013-07-03'),(33706,'INSERT INTO gne_vale_ferreteria (vfe_id,vfe_fecha,vfe_total,vfe_estado,vfe_entregado,usu_nusuario) VALUES (4246,@@@2013.07.03@@@,1919,1,0,@@@G_DIAZ@@@)','',2,'2013-07-03'),(33707,'INSERT INTO gne_vale_ferreteria_mov (vfe_id,pro_codigo_plu,vfm_cantidad,vfm_unitario,vfm_total,vfm_entregado) VALUES (4246,763624,1,660,660,@@@NO@@@)','',2,'2013-07-03'),(33708,'INSERT INTO gne_vale_ferreteria_mov (vfe_id,pro_codigo_plu,vfm_cantidad,vfm_unitario,vfm_total,vfm_entregado) VALUES (4246,763777,1,1199,1199,@@@NO@@@)','',2,'2013-07-03'),(33709,'INSERT INTO gne_vale_ferreteria_mov (vfe_id,pro_codigo_plu,vfm_cantidad,vfm_unitario,vfm_total,vfm_entregado) VALUES (4246,764780,1,60,60,@@@NO@@@)','',2,'2013-07-03'),(33710,'INSERT INTO gne_vale_ferreteria (vfe_id,vfe_fecha,vfe_total,vfe_estado,vfe_entregado,usu_nusuario) VALUES (4247,@@@2013.07.03@@@,390,1,0,@@@G_DIAZ@@@)','',2,'2013-07-03'),(33711,'INSERT INTO gne_vale_ferreteria_mov (vfe_id,pro_codigo_plu,vfm_cantidad,vfm_unitario,vfm_total,vfm_entregado) VALUES (4247,763818,1,390,390,@@@NO@@@)','',2,'2013-07-03'),(33712,'INSERT INTO gne_vale_ferreteria (vfe_id,vfe_fecha,vfe_total,vfe_estado,vfe_entregado,usu_nusuario) VALUES (4248,@@@2013.07.03@@@,390,1,0,@@@G_DIAZ@@@)','',2,'2013-07-03'),(33713,'INSERT INTO gne_vale_ferreteria_mov (vfe_id,pro_codigo_plu,vfm_cantidad,vfm_unitario,vfm_total,vfm_entregado) VALUES (4248,1535,1,390,390,@@@NO@@@)','',2,'2013-07-03'),(33714,'INSERT INTO gne_vale_ferreteria (vfe_id,vfe_fecha,vfe_total,vfe_estado,vfe_entregado,usu_nusuario) VALUES (4249,@@@2013.07.03@@@,320,1,0,@@@G_DIAZ@@@)','',2,'2013-07-03'),(33715,'INSERT INTO gne_vale_ferreteria_mov (vfe_id,pro_codigo_plu,vfm_cantidad,vfm_unitario,vfm_total,vfm_entregado) VALUES (4249,764702,1,200,200,@@@NO@@@)','',2,'2013-07-03'),(33716,'INSERT INTO gne_vale_ferreteria_mov (vfe_id,pro_codigo_plu,vfm_cantidad,vfm_unitario,vfm_total,vfm_entregado) VALUES (4249,761335,1,120,120,@@@NO@@@)','',2,'2013-07-03'),(33717,'INSERT INTO gne_vale_ferreteria (vfe_id,vfe_fecha,vfe_total,vfe_estado,vfe_entregado,usu_nusuario) VALUES (4250,@@@2013.07.03@@@,1890,1,0,@@@G_DIAZ@@@)','',2,'2013-07-03'),(33718,'INSERT INTO gne_vale_ferreteria_mov (vfe_id,pro_codigo_plu,vfm_cantidad,vfm_unitario,vfm_total,vfm_entregado) VALUES (4250,101622,1,1890,1890,@@@NO@@@)','',2,'2013-07-03'),(33719,'INSERT INTO gne_vale_ferreteria (vfe_id,vfe_fecha,vfe_total,vfe_estado,vfe_entregado,usu_nusuario) VALUES (4251,@@@2013.07.03@@@,360,1,0,@@@G_DIAZ@@@)','',2,'2013-07-03'),(33720,'INSERT INTO gne_vale_ferreteria_mov (vfe_id,pro_codigo_plu,vfm_cantidad,vfm_unitario,vfm_total,vfm_entregado) VALUES (4251,1600,2,180,360,@@@NO@@@)','',2,'2013-07-03'),(33721,'INSERT INTO gne_vale_ferreteria (vfe_id,vfe_fecha,vfe_total,vfe_estado,vfe_entregado,usu_nusuario) VALUES (4252,@@@2013.07.03@@@,650,1,0,@@@G_DIAZ@@@)','',2,'2013-07-03'),(33722,'INSERT INTO gne_vale_ferreteria_mov (vfe_id,pro_codigo_plu,vfm_cantidad,vfm_unitario,vfm_total,vfm_entregado) VALUES (4252,78017013,1,650,650,@@@NO@@@)','',2,'2013-07-03'),(33723,'UPDATE mae_productos SET pro_codigo_barra=@@@764767@@@,pro_tipo=@@@0@@@,pro_nombre_producto=@@@PALOS HELADO X 50 UND@@@,pro_nombre_corto=@@@PALOS HELADO X 5@@@,med_id=@@@1@@@,emb_id=@@@3@@@,pro_unidades_embalaje=@@@0@@@,dep_id=@@@24 @@@,lin_id=@@@137@@@,mar_id=@@@2507@@@,pro_precio_compra_neto=@@@0@@@,pro_precio_compra_bruto=@@@120@@@,pro_precio_venta=@@@220@@@,pro_margen_actual=@@@83.33@@@,pro_oferta=@@@NO@@@,pro_fecha_inicio_oferta=@@@2013.05.06@@@,pro_fecha_termino_oferta=@@@2013.05.06@@@,pro_precio_oferta=@@@0@@@,pro_stock_minimo=@@@15@@@,pro_stock_critico=@@@10@@@,pro_activo=@@@1@@@,pro_unidad=@@@0@@@,pro_precio_compra_bruto=120,pro_margen_actual=83.33,pro_capacidad=1,pro_funcion_plu=0,pro_flejes=1,pro_iva=1,pro_plu_asociado=0,pro_envase=@@@NO@@@,pro_duracion=0,pro_numero_etiqueta=0 WHERE pro_codigo_plu=@@@764768@@@','',2,'2013-07-03'),(33724,'UPDATE mae_productos SET pro_estado=1 WHERE pro_codigo_plu=764768','',2,'2013-07-03'),(33725,'DELETE FROM mae_impuestos_productos WHERE pro_codigo_plu=@@@764768@@@','',2,'2013-07-03'),(33726,'INSERT INTO gne_vale_ferreteria (vfe_id,vfe_fecha,vfe_total,vfe_estado,vfe_entregado,usu_nusuario) VALUES (4253,@@@2013.07.03@@@,350,1,0,@@@G_DIAZ@@@)','',2,'2013-07-03'),(33727,'INSERT INTO gne_vale_ferreteria_mov (vfe_id,pro_codigo_plu,vfm_cantidad,vfm_unitario,vfm_total,vfm_entregado) VALUES (4253,780721241,1,350,350,@@@NO@@@)','',2,'2013-07-03'),(33728,'INSERT INTO mae_productos (pro_codigo_plu,pro_codigo_barra,pro_tipo,pro_nombre_producto,pro_nombre_corto,med_id,emb_id,pro_unidades_embalaje,dep_id,lin_id,mar_id,pro_precio_compra_neto,pro_precio_compra_bruto,pro_precio_venta,pro_margen_actual,pro_oferta,pro_fecha_inicio_oferta,pro_fecha_termino_oferta,pro_precio_oferta,pro_stock_minimo,pro_stock_critico,pro_entradas_bodega,pro_salidas_bodega,pro_mermas_bodega,pro_ajustes_bodega,pro_entradas_sv,pro_salidas_sv,pro_mermas_sv,pro_ajustes_sv,pro_activo,rec_numero,pro_unidad,pro_capacidad,pro_consumo_bodega,pro_consumo_sv,pro_estado,pro_funcion_plu,pro_flejes,pro_iva,pro_plu_asociado,pro_envase,pro_duracion,pro_numero_etiqueta) VALUES (780721290,@@@70022@@@,@@@0@@@,@@@BANDEJA REDONDA CHICA+BLONDA@@@,@@@BANDEJA REDONDA @@@,@@@1 @@@,@@@3 @@@,@@@0@@@,@@@15 @@@,@@@91@@@,@@@2507@@@,@@@0@@@,@@@0@@@,@@@290@@@,@@@0@@@,@@@@@@,@@@2013.07.03@@@,@@@2013.07.03@@@,@@@0@@@,@@@0@@@,@@@0@@@,@@@0@@@,@@@0@@@,@@@0@@@,@@@0@@@,@@@0@@@,@@@0@@@,@@@0@@@,@@@0@@@,@@@1@@@,@@@0@@@,0,1,0,0,2,0,1,1,0,@@@NO@@@,0,0)','',2,'2013-07-03'),(33729,'DELETE FROM mae_impuestos_productos WHERE pro_codigo_plu=@@@780721290@@@','',2,'2013-07-03'),(33730,'UPDATE mae_productos SET pro_precio_fiscal=pro_precio_venta WHERE pro_codigo_plu=780721290','',2,'2013-07-03'),(33731,'INSERT INTO gne_vale_ferreteria (vfe_id,vfe_fecha,vfe_total,vfe_estado,vfe_entregado,usu_nusuario) VALUES (4254,@@@2013.07.03@@@,490,1,0,@@@G_DIAZ@@@)','',2,'2013-07-03'),(33732,'INSERT INTO gne_vale_ferreteria_mov (vfe_id,pro_codigo_plu,vfm_cantidad,vfm_unitario,vfm_total,vfm_entregado) VALUES (4254,1552,1,490,490,@@@NO@@@)','',2,'2013-07-03'),(33733,'INSERT INTO gne_vale_ferreteria (vfe_id,vfe_fecha,vfe_total,vfe_estado,vfe_entregado,usu_nusuario) VALUES (4255,@@@2013.07.03@@@,690,1,0,@@@G_DIAZ@@@)','',2,'2013-07-03'),(33734,'INSERT INTO gne_vale_ferreteria_mov (vfe_id,pro_codigo_plu,vfm_cantidad,vfm_unitario,vfm_total,vfm_entregado) VALUES (4255,763812,1,690,690,@@@NO@@@)','',2,'2013-07-03'),(33735,'INSERT INTO gne_vale_ferreteria (vfe_id,vfe_fecha,vfe_total,vfe_estado,vfe_entregado,usu_nusuario) VALUES (4256,@@@2013.07.03@@@,40,1,0,@@@G_DIAZ@@@)','',2,'2013-07-03'),(33736,'INSERT INTO gne_vale_ferreteria_mov (vfe_id,pro_codigo_plu,vfm_cantidad,vfm_unitario,vfm_total,vfm_entregado) VALUES (4256,78017191,1,40,40,@@@NO@@@)','',2,'2013-07-03'),(33737,'INSERT INTO mae_productos (pro_codigo_plu,pro_codigo_barra,pro_tipo,pro_nombre_producto,pro_nombre_corto,med_id,emb_id,pro_unidades_embalaje,dep_id,lin_id,mar_id,pro_precio_compra_neto,pro_precio_compra_bruto,pro_precio_venta,pro_margen_actual,pro_oferta,pro_fecha_inicio_oferta,pro_fecha_termino_oferta,pro_precio_oferta,pro_stock_minimo,pro_stock_critico,pro_entradas_bodega,pro_salidas_bodega,pro_mermas_bodega,pro_ajustes_bodega,pro_entradas_sv,pro_salidas_sv,pro_mermas_sv,pro_ajustes_sv,pro_activo,rec_numero,pro_unidad,pro_capacidad,pro_consumo_bodega,pro_consumo_sv,pro_estado,pro_funcion_plu,pro_flejes,pro_iva,pro_plu_asociado,pro_envase,pro_duracion,pro_numero_etiqueta) VALUES (780721291,@@@77723@@@,@@@0@@@,@@@BELCRO DE COLOR N/B METRO@@@,@@@BELCRO DE COLOR @@@,@@@1 @@@,@@@3 @@@,@@@0@@@,@@@36 @@@,@@@206@@@,@@@2507@@@,@@@0@@@,@@@0@@@,@@@390@@@,@@@0@@@,@@@@@@,@@@2013.07.03@@@,@@@2013.07.03@@@,@@@0@@@,@@@0@@@,@@@0@@@,@@@0@@@,@@@0@@@,@@@0@@@,@@@0@@@,@@@0@@@,@@@0@@@,@@@0@@@,@@@0@@@,@@@1@@@,@@@0@@@,0,0,0,0,2,0,1,1,0,@@@NO@@@,0,0)','',2,'2013-07-03'),(33738,'DELETE FROM mae_impuestos_productos WHERE pro_codigo_plu=@@@780721291@@@','',2,'2013-07-03'),(33739,'INSERT INTO mae_productos (pro_codigo_plu,pro_codigo_barra,pro_tipo,pro_nombre_producto,pro_nombre_corto,med_id,emb_id,pro_unidades_embalaje,dep_id,lin_id,mar_id,pro_precio_compra_neto,pro_precio_compra_bruto,pro_precio_venta,pro_margen_actual,pro_oferta,pro_fecha_inicio_oferta,pro_fecha_termino_oferta,pro_precio_oferta,pro_stock_minimo,pro_stock_critico,pro_entradas_bodega,pro_salidas_bodega,pro_mermas_bodega,pro_ajustes_bodega,pro_entradas_sv,pro_salidas_sv,pro_mermas_sv,pro_ajustes_sv,pro_activo,rec_numero,pro_unidad,pro_capacidad,pro_consumo_bodega,pro_consumo_sv,pro_estado,pro_funcion_plu,pro_flejes,pro_iva,pro_plu_asociado,pro_envase,pro_duracion,pro_numero_etiqueta) VALUES (780721292,@@@77724@@@,@@@0@@@,@@@CINTILLO TEJIDO CROCHET@@@,@@@CINTILLO TEJIDO @@@,@@@1 @@@,@@@3 @@@,@@@0@@@,@@@39 @@@,@@@198@@@,@@@2507@@@,@@@0@@@,@@@0@@@,@@@1690@@@,@@@0@@@,@@@@@@,@@@2013.07.03@@@,@@@2013.07.03@@@,@@@0@@@,@@@0@@@,@@@0@@@,@@@0@@@,@@@0@@@,@@@0@@@,@@@0@@@,@@@0@@@,@@@0@@@,@@@0@@@,@@@0@@@,@@@1@@@,@@@0@@@,0,1,0,0,2,0,1,1,0,@@@NO@@@,0,0)','',2,'2013-07-03'),(33740,'DELETE FROM mae_impuestos_productos WHERE pro_codigo_plu=@@@780721292@@@','',2,'2013-07-03'),(33741,'INSERT INTO gne_vale_ferreteria (vfe_id,vfe_fecha,vfe_total,vfe_estado,vfe_entregado,usu_nusuario) VALUES (4257,@@@2013.07.04@@@,570,1,0,@@@S_BIZAMA@@@)','',2,'2013-07-04'),(33742,'INSERT INTO gne_vale_ferreteria_mov (vfe_id,pro_codigo_plu,vfm_cantidad,vfm_unitario,vfm_total,vfm_entregado) VALUES (4257,764269,1,420,420,@@@NO@@@)','',2,'2013-07-04'),(33743,'INSERT INTO gne_vale_ferreteria_mov (vfe_id,pro_codigo_plu,vfm_cantidad,vfm_unitario,vfm_total,vfm_entregado) VALUES (4257,770035,1,150,150,@@@NO@@@)','',2,'2013-07-04'),(33744,'INSERT INTO gne_vale_ferreteria (vfe_id,vfe_fecha,vfe_total,vfe_estado,vfe_entregado,usu_nusuario) VALUES (4258,@@@2013.07.04@@@,200,1,0,@@@S_BIZAMA@@@)','',2,'2013-07-04'),(33745,'INSERT INTO gne_vale_ferreteria_mov (vfe_id,pro_codigo_plu,vfm_cantidad,vfm_unitario,vfm_total,vfm_entregado) VALUES (4258,78017194,1,200,200,@@@NO@@@)','',2,'2013-07-04'),(33746,'INSERT INTO gne_vale_ferreteria (vfe_id,vfe_fecha,vfe_total,vfe_estado,vfe_entregado,usu_nusuario) VALUES (4259,@@@2013.07.04@@@,1100,1,0,@@@S_BIZAMA@@@)','',2,'2013-07-04'),(33747,'INSERT INTO gne_vale_ferreteria_mov (vfe_id,pro_codigo_plu,vfm_cantidad,vfm_unitario,vfm_total,vfm_entregado) VALUES (4259,764787,1,1100,1100,@@@NO@@@)','',2,'2013-07-04'),(33748,'INSERT INTO gne_vale_ferreteria (vfe_id,vfe_fecha,vfe_total,vfe_estado,vfe_entregado,usu_nusuario) VALUES (4260,@@@2013.07.04@@@,310,1,0,@@@S_BIZAMA@@@)','',2,'2013-07-04'),(33749,'INSERT INTO gne_vale_ferreteria_mov (vfe_id,pro_codigo_plu,vfm_cantidad,vfm_unitario,vfm_total,vfm_entregado) VALUES (4260,18799,1,310,310,@@@NO@@@)','',2,'2013-07-04'),(33750,'INSERT INTO gne_vale_ferreteria (vfe_id,vfe_fecha,vfe_total,vfe_estado,vfe_entregado,usu_nusuario) VALUES (4261,@@@2013.07.04@@@,250,1,0,@@@S_BIZAMA@@@)','',2,'2013-07-04'),(33751,'INSERT INTO gne_vale_ferreteria_mov (vfe_id,pro_codigo_plu,vfm_cantidad,vfm_unitario,vfm_total,vfm_entregado) VALUES (4261,4091,1,250,250,@@@NO@@@)','',2,'2013-07-04'),(33752,'INSERT INTO gne_vale_ferreteria (vfe_id,vfe_fecha,vfe_total,vfe_estado,vfe_entregado,usu_nusuario) VALUES (4262,@@@2013.07.04@@@,300,1,0,@@@S_BIZAMA@@@)','',2,'2013-07-04'),(33753,'INSERT INTO gne_vale_ferreteria_mov (vfe_id,pro_codigo_plu,vfm_cantidad,vfm_unitario,vfm_total,vfm_entregado) VALUES (4262,78017049,1,300,300,@@@NO@@@)','',2,'2013-07-04'),(33754,'INSERT INTO gne_vale_ferreteria (vfe_id,vfe_fecha,vfe_total,vfe_estado,vfe_entregado,usu_nusuario) VALUES (4263,@@@2013.07.04@@@,490,1,0,@@@S_BIZAMA@@@)','',2,'2013-07-04'),(33755,'INSERT INTO gne_vale_ferreteria_mov (vfe_id,pro_codigo_plu,vfm_cantidad,vfm_unitario,vfm_total,vfm_entregado) VALUES (4263,1538,1,490,490,@@@NO@@@)','',2,'2013-07-04'),(33756,'INSERT INTO gne_vale_ferreteria (vfe_id,vfe_fecha,vfe_total,vfe_estado,vfe_entregado,usu_nusuario) VALUES (4264,@@@2013.07.04@@@,450,1,0,@@@S_BIZAMA@@@)','',2,'2013-07-04'),(33757,'INSERT INTO gne_vale_ferreteria_mov (vfe_id,pro_codigo_plu,vfm_cantidad,vfm_unitario,vfm_total,vfm_entregado) VALUES (4264,764016,1,450,450,@@@NO@@@)','',2,'2013-07-04'),(33758,'INSERT INTO gne_vale_ferreteria (vfe_id,vfe_fecha,vfe_total,vfe_estado,vfe_entregado,usu_nusuario) VALUES (4265,@@@2013.07.04@@@,390,1,0,@@@S_BIZAMA@@@)','',2,'2013-07-04'),(33759,'INSERT INTO gne_vale_ferreteria_mov (vfe_id,pro_codigo_plu,vfm_cantidad,vfm_unitario,vfm_total,vfm_entregado) VALUES (4265,15948,3,130,390,@@@NO@@@)','',2,'2013-07-04'),(33760,'INSERT INTO gne_vale_ferreteria (vfe_id,vfe_fecha,vfe_total,vfe_estado,vfe_entregado,usu_nusuario) VALUES (4266,@@@2013.07.04@@@,2790,1,0,@@@S_BIZAMA@@@)','',2,'2013-07-04'),(33761,'INSERT INTO gne_vale_ferreteria_mov (vfe_id,pro_codigo_plu,vfm_cantidad,vfm_unitario,vfm_total,vfm_entregado) VALUES (4266,780721163,1,2790,2790,@@@NO@@@)','',2,'2013-07-04'),(33762,'INSERT INTO gne_vale_ferreteria (vfe_id,vfe_fecha,vfe_total,vfe_estado,vfe_entregado,usu_nusuario) VALUES (4267,@@@2013.07.04@@@,390,1,0,@@@S_BIZAMA@@@)','',2,'2013-07-04'),(33763,'INSERT INTO gne_vale_ferreteria_mov (vfe_id,pro_codigo_plu,vfm_cantidad,vfm_unitario,vfm_total,vfm_entregado) VALUES (4267,78017129,1,390,390,@@@NO@@@)','',2,'2013-07-04'),(33764,'INSERT INTO gne_vale_ferreteria (vfe_id,vfe_fecha,vfe_total,vfe_estado,vfe_entregado,usu_nusuario) VALUES (4268,@@@2013.07.04@@@,1640,1,0,@@@S_BIZAMA@@@)','',2,'2013-07-04'),(33765,'INSERT INTO gne_vale_ferreteria_mov (vfe_id,pro_codigo_plu,vfm_cantidad,vfm_unitario,vfm_total,vfm_entregado) VALUES (4268,20825,1,950,950,@@@NO@@@)','',2,'2013-07-04'),(33766,'INSERT INTO gne_vale_ferreteria_mov (vfe_id,pro_codigo_plu,vfm_cantidad,vfm_unitario,vfm_total,vfm_entregado) VALUES (4268,763767,1,690,690,@@@NO@@@)','',2,'2013-07-04'),(33767,'INSERT INTO gne_vale_ferreteria (vfe_id,vfe_fecha,vfe_total,vfe_estado,vfe_entregado,usu_nusuario) VALUES (4269,@@@2013.07.04@@@,300,1,0,@@@S_BIZAMA@@@)','',2,'2013-07-04'),(33768,'INSERT INTO gne_vale_ferreteria_mov (vfe_id,pro_codigo_plu,vfm_cantidad,vfm_unitario,vfm_total,vfm_entregado) VALUES (4269,78017090,1,300,300,@@@NO@@@)','',2,'2013-07-04'),(33769,'UPDATE mae_productos SET pro_margen_actual=37.18,pro_precio_venta=380 WHERE pro_codigo_plu=763338','',2,'2013-07-04'),(33770,'UPDATE mae_productos SET pro_margen_actual=37.18,pro_precio_venta=380 WHERE pro_codigo_plu=763335','',2,'2013-07-04'),(33771,'UPDATE mae_productos SET pro_margen_actual=33.96,pro_precio_venta=430 WHERE pro_codigo_plu=763343','',2,'2013-07-04'),(33772,'UPDATE mae_productos SET pro_margen_actual=0,pro_precio_venta=390 WHERE pro_codigo_plu=780721291','',2,'2013-07-04'),(33773,'UPDATE mae_productos SET pro_margen_actual=30.02,pro_precio_venta=2599 WHERE pro_codigo_plu=13892','',2,'2013-07-04'),(33774,'UPDATE mae_productos SET pro_margen_actual=30.01,pro_precio_venta=2530 WHERE pro_codigo_plu=13937','',2,'2013-07-04'),(33775,'UPDATE mae_productos SET pro_margen_actual=30.02,pro_precio_venta=2460 WHERE pro_codigo_plu=13889','',2,'2013-07-04'),(33776,'UPDATE mae_productos SET pro_margen_actual=30.05,pro_precio_venta=2640 WHERE pro_codigo_plu=13884','',2,'2013-07-04'),(33777,'UPDATE mae_productos SET pro_margen_actual=0,pro_precio_venta=1690 WHERE pro_codigo_plu=780721292','',2,'2013-07-04'),(33778,'UPDATE mae_productos SET pro_margen_actual=30.04,pro_precio_venta=2199 WHERE pro_codigo_plu=13943','',2,'2013-07-04'),(33779,'UPDATE mae_productos SET pro_margen_actual=35.8,pro_precio_venta=330 WHERE pro_codigo_plu=763345','',2,'2013-07-04'),(33780,'UPDATE mae_productos SET pro_margen_actual=3.67,pro_precio_venta=8590 WHERE pro_codigo_plu=764417','',2,'2013-07-04'),(33781,'UPDATE mae_productos SET pro_margen_actual=5.15,pro_precio_venta=5100 WHERE pro_codigo_plu=764410','',2,'2013-07-04'),(33782,'UPDATE mae_productos SET pro_margen_actual=-0.08,pro_precio_venta=16490 WHERE pro_codigo_plu=764420','',2,'2013-07-04'),(33783,'UPDATE mae_productos SET pro_margen_actual=3.33,pro_precio_venta=2790 WHERE pro_codigo_plu=764409','',2,'2013-07-04'),(33784,'UPDATE mae_productos SET pro_margen_actual=35.35,pro_precio_venta=850 WHERE pro_codigo_plu=764424','',2,'2013-07-04'),(33785,'UPDATE mae_productos SET pro_margen_actual=33.15,pro_precio_venta=490 WHERE pro_codigo_plu=16314','',2,'2013-07-04'),(33786,'UPDATE mae_productos SET pro_margen_actual=30.09,pro_precio_venta=1660 WHERE pro_codigo_plu=13901','',2,'2013-07-04'),(33787,'UPDATE mae_productos SET pro_margen_actual=30.15,pro_precio_venta=980 WHERE pro_codigo_plu=763274','',2,'2013-07-04'),(33788,'UPDATE mae_productos SET pro_margen_actual=30.03,pro_precio_venta=1299 WHERE pro_codigo_plu=780220189','',2,'2013-07-04'),(33789,'UPDATE mae_productos SET pro_margen_actual=83.33,pro_precio_venta=220 WHERE pro_codigo_plu=764768','',2,'2013-07-04'),(33790,'UPDATE mae_productos SET pro_margen_actual=30.08,pro_precio_venta=1920 WHERE pro_codigo_plu=780220190','',2,'2013-07-04'),(33791,'UPDATE mae_productos SET pro_margen_actual=0,pro_precio_venta=799 WHERE pro_codigo_plu=579','',2,'2013-07-04'),(33792,'UPDATE mae_productos SET pro_margen_actual=0,pro_precio_venta=980 WHERE pro_codigo_plu=580','',2,'2013-07-04'),(33793,'UPDATE mae_productos SET pro_margen_actual=0,pro_precio_venta=350 WHERE pro_codigo_plu=530','',2,'2013-07-04'),(33794,'UPDATE mae_productos SET pro_margen_actual=0,pro_precio_venta=1990 WHERE pro_codigo_plu=562','',2,'2013-07-04'),(33795,'UPDATE mae_productos SET pro_margen_actual=0,pro_precio_venta=690 WHERE pro_codigo_plu=535','',2,'2013-07-04'),(33796,'UPDATE mae_productos SET pro_margen_actual=0,pro_precio_venta=750 WHERE pro_codigo_plu=509','',2,'2013-07-04'),(33797,'UPDATE mae_productos SET pro_margen_actual=0,pro_precio_venta=750 WHERE pro_codigo_plu=611','',2,'2013-07-04'),(33798,'UPDATE mae_productos SET pro_margen_actual=0,pro_precio_venta=899 WHERE pro_codigo_plu=607','',2,'2013-07-04'),(33799,'UPDATE mae_productos SET pro_margen_actual=0,pro_precio_venta=480 WHERE pro_codigo_plu=572','',2,'2013-07-04'),(33800,'UPDATE mae_productos SET pro_margen_actual=0,pro_precio_venta=290 WHERE pro_codigo_plu=597','',2,'2013-07-04'),(33801,'UPDATE mae_productos SET pro_margen_actual=0,pro_precio_venta=250 WHERE pro_codigo_plu=594','',2,'2013-07-04'),(33802,'UPDATE mae_productos SET pro_margen_actual=0,pro_precio_venta=600 WHERE pro_codigo_plu=549','',2,'2013-07-04'),(33803,'UPDATE mae_productos SET pro_margen_actual=0,pro_precio_venta=699 WHERE pro_codigo_plu=570','',2,'2013-07-04'),(33804,'UPDATE mae_productos SET pro_precio_fiscal=pro_precio_venta WHERE pro_codigo_plu=509','',2,'2013-07-04'),(33805,'UPDATE mae_productos SET pro_precio_fiscal=pro_precio_venta WHERE pro_codigo_plu=530','',2,'2013-07-04'),(33806,'UPDATE mae_productos SET pro_precio_fiscal=pro_precio_venta WHERE pro_codigo_plu=535','',2,'2013-07-04'),(33807,'UPDATE mae_productos SET pro_precio_fiscal=pro_precio_venta WHERE pro_codigo_plu=549','',2,'2013-07-04'),(33808,'UPDATE mae_productos SET pro_precio_fiscal=pro_precio_venta WHERE pro_codigo_plu=562','',2,'2013-07-04'),(33809,'UPDATE mae_productos SET pro_precio_fiscal=pro_precio_venta WHERE pro_codigo_plu=570','',2,'2013-07-04'),(33810,'UPDATE mae_productos SET pro_precio_fiscal=pro_precio_venta WHERE pro_codigo_plu=572','',2,'2013-07-04'),(33811,'UPDATE mae_productos SET pro_precio_fiscal=pro_precio_venta WHERE pro_codigo_plu=580','',2,'2013-07-04'),(33812,'UPDATE mae_productos SET pro_precio_fiscal=pro_precio_venta WHERE pro_codigo_plu=594','',2,'2013-07-04'),(33813,'UPDATE mae_productos SET pro_precio_fiscal=pro_precio_venta WHERE pro_codigo_plu=597','',2,'2013-07-04'),(33814,'UPDATE mae_productos SET pro_precio_fiscal=pro_precio_venta WHERE pro_codigo_plu=607','',2,'2013-07-04'),(33815,'UPDATE mae_productos SET pro_precio_fiscal=pro_precio_venta WHERE pro_codigo_plu=611','',2,'2013-07-04'),(33816,'UPDATE mae_productos SET pro_precio_fiscal=pro_precio_venta WHERE pro_codigo_plu=780721291','',2,'2013-07-04'),(33817,'UPDATE mae_productos SET pro_precio_fiscal=pro_precio_venta WHERE pro_codigo_plu=780721292','',2,'2013-07-04'),(33818,'UPDATE mae_productos SET pro_margen_actual=0,pro_precio_venta=1590 WHERE pro_codigo_plu=14982','',2,'2013-07-04'),(33819,'UPDATE mae_productos SET pro_margen_actual=0,pro_precio_venta=620 WHERE pro_codigo_plu=100987','',2,'2013-07-04'),(33820,'UPDATE mae_productos SET pro_margen_actual=0,pro_precio_venta=1790 WHERE pro_codigo_plu=101','',2,'2013-07-04'),(33821,'UPDATE mae_productos SET pro_precio_fiscal=pro_precio_venta WHERE pro_codigo_plu=101','',2,'2013-07-04'),(33822,'UPDATE mae_productos SET pro_precio_fiscal=pro_precio_venta WHERE pro_codigo_plu=100987','',2,'2013-07-04'),(33823,'UPDATE mae_productos SET pro_precio_fiscal=pro_precio_venta WHERE pro_codigo_plu=14982','',2,'2013-07-04'),(33824,'UPDATE mae_productos SET pro_codigo_barra=@@@000000002370@@@,pro_tipo=@@@0@@@,pro_nombre_producto=@@@SECALOZA DELUXE 33331-7@@@,pro_nombre_corto=@@@SECALOZA DELUXE@@@,med_id=@@@1@@@,emb_id=@@@4@@@,pro_unidades_embalaje=@@@1@@@,dep_id=@@@22 @@@,lin_id=@@@133@@@,mar_id=@@@1348@@@,pro_precio_compra_neto=@@@0@@@,pro_precio_compra_bruto=@@@0@@@,pro_precio_venta=@@@1@@@,pro_margen_actual=@@@0@@@,pro_oferta=@@@NO@@@,pro_fecha_inicio_oferta=@@@2006.09.07@@@,pro_fecha_termino_oferta=@@@2006.09.07@@@,pro_precio_oferta=@@@0@@@,pro_stock_minimo=@@@0@@@,pro_stock_critico=@@@0@@@,pro_activo=@@@0@@@,pro_unidad=@@@0@@@,pro_precio_compra_bruto=0,pro_margen_actual=0,pro_capacidad=1,pro_funcion_plu=0,pro_flejes=1,pro_iva=1,pro_plu_asociado=0,pro_envase=@@@NO@@@,pro_duracion=0,pro_numero_etiqueta=0 WHERE pro_codigo_plu=@@@761931@@@','',2,'2013-07-04'),(33825,'UPDATE mae_productos SET pro_estado=1 WHERE pro_codigo_plu=761931','',2,'2013-07-04'),(33826,'DELETE FROM mae_impuestos_productos WHERE pro_codigo_plu=@@@761931@@@','',2,'2013-07-04'),(33827,'INSERT INTO gne_vale_ferreteria (vfe_id,vfe_fecha,vfe_total,vfe_estado,vfe_entregado,usu_nusuario) VALUES (4270,@@@2013.07.04@@@,590,1,0,@@@S_BIZAMA@@@)','',2,'2013-07-04'),(33828,'INSERT INTO gne_vale_ferreteria_mov (vfe_id,pro_codigo_plu,vfm_cantidad,vfm_unitario,vfm_total,vfm_entregado) VALUES (4270,764700,1,590,590,@@@NO@@@)','',2,'2013-07-04'),(33829,'INSERT INTO gne_vale_ferreteria (vfe_id,vfe_fecha,vfe_total,vfe_estado,vfe_entregado,usu_nusuario) VALUES (4271,@@@2013.07.04@@@,300,1,0,@@@S_BIZAMA@@@)','',2,'2013-07-04'),(33830,'INSERT INTO gne_vale_ferreteria_mov (vfe_id,pro_codigo_plu,vfm_cantidad,vfm_unitario,vfm_total,vfm_entregado) VALUES (4271,780721221,1,300,300,@@@NO@@@)','',2,'2013-07-04'),(33831,'INSERT INTO gne_vale_ferreteria (vfe_id,vfe_fecha,vfe_total,vfe_estado,vfe_entregado,usu_nusuario) VALUES (4272,@@@2013.07.04@@@,510,1,0,@@@S_BIZAMA@@@)','',2,'2013-07-04'),(33832,'INSERT INTO gne_vale_ferreteria_mov (vfe_id,pro_codigo_plu,vfm_cantidad,vfm_unitario,vfm_total,vfm_entregado) VALUES (4272,8022,1,120,120,@@@NO@@@)','',2,'2013-07-04'),(33833,'INSERT INTO gne_vale_ferreteria_mov (vfe_id,pro_codigo_plu,vfm_cantidad,vfm_unitario,vfm_total,vfm_entregado) VALUES (4272,763629,1,390,390,@@@NO@@@)','',2,'2013-07-04'),(33834,'INSERT INTO gne_vale_ferreteria (vfe_id,vfe_fecha,vfe_total,vfe_estado,vfe_entregado,usu_nusuario) VALUES (4273,@@@2013.07.04@@@,899,1,0,@@@S_BIZAMA@@@)','',2,'2013-07-04'),(33835,'INSERT INTO gne_vale_ferreteria_mov (vfe_id,pro_codigo_plu,vfm_cantidad,vfm_unitario,vfm_total,vfm_entregado) VALUES (4273,762551,1,899,899,@@@NO@@@)','',2,'2013-07-04'),(33836,'INSERT INTO gne_vale_ferreteria (vfe_id,vfe_fecha,vfe_total,vfe_estado,vfe_entregado,usu_nusuario) VALUES (4274,@@@2013.07.04@@@,990,1,0,@@@S_BIZAMA@@@)','',2,'2013-07-04'),(33837,'INSERT INTO gne_vale_ferreteria_mov (vfe_id,pro_codigo_plu,vfm_cantidad,vfm_unitario,vfm_total,vfm_entregado) VALUES (4274,764605,1,990,990,@@@NO@@@)','',2,'2013-07-04'),(33838,'INSERT INTO gne_vale_ferreteria (vfe_id,vfe_fecha,vfe_total,vfe_estado,vfe_entregado,usu_nusuario) VALUES (4275,@@@2013.07.04@@@,990,1,0,@@@S_BIZAMA@@@)','',2,'2013-07-04'),(33839,'INSERT INTO gne_vale_ferreteria_mov (vfe_id,pro_codigo_plu,vfm_cantidad,vfm_unitario,vfm_total,vfm_entregado) VALUES (4275,761546,1,990,990,@@@NO@@@)','',2,'2013-07-04'),(33840,'INSERT INTO gne_vale_ferreteria (vfe_id,vfe_fecha,vfe_total,vfe_estado,vfe_entregado,usu_nusuario) VALUES (4276,@@@2013.07.04@@@,1890,1,0,@@@S_BIZAMA@@@)','',2,'2013-07-04'),(33841,'INSERT INTO gne_vale_ferreteria_mov (vfe_id,pro_codigo_plu,vfm_cantidad,vfm_unitario,vfm_total,vfm_entregado) VALUES (4276,101848,1,1890,1890,@@@NO@@@)','',2,'2013-07-04'),(33842,'INSERT INTO gne_vale_ferreteria (vfe_id,vfe_fecha,vfe_total,vfe_estado,vfe_entregado,usu_nusuario) VALUES (4277,@@@2013.07.04@@@,11040,1,0,@@@S_BIZAMA@@@)','',2,'2013-07-04'),(33843,'INSERT INTO gne_vale_ferreteria_mov (vfe_id,pro_codigo_plu,vfm_cantidad,vfm_unitario,vfm_total,vfm_entregado) VALUES (4277,15949,23,480,11040,@@@NO@@@)','',2,'2013-07-04'),(33844,'INSERT INTO gne_vale_ferreteria (vfe_id,vfe_fecha,vfe_total,vfe_estado,vfe_entregado,usu_nusuario) VALUES (4278,@@@2013.07.04@@@,960,1,0,@@@S_BIZAMA@@@)','',2,'2013-07-04'),(33845,'INSERT INTO gne_vale_ferreteria_mov (vfe_id,pro_codigo_plu,vfm_cantidad,vfm_unitario,vfm_total,vfm_entregado) VALUES (4278,15949,2,480,960,@@@NO@@@)','',2,'2013-07-04'),(33846,'INSERT INTO gne_vale_ferreteria (vfe_id,vfe_fecha,vfe_total,vfe_estado,vfe_entregado,usu_nusuario) VALUES (4279,@@@2013.07.04@@@,980,1,0,@@@S_BIZAMA@@@)','',2,'2013-07-04'),(33847,'INSERT INTO gne_vale_ferreteria_mov (vfe_id,pro_codigo_plu,vfm_cantidad,vfm_unitario,vfm_total,vfm_entregado) VALUES (4279,19876,1,980,980,@@@NO@@@)','',2,'2013-07-04'),(33848,'INSERT INTO mae_productos (pro_codigo_plu,pro_codigo_barra,pro_tipo,pro_nombre_producto,pro_nombre_corto,med_id,emb_id,pro_unidades_embalaje,dep_id,lin_id,mar_id,pro_precio_compra_neto,pro_precio_compra_bruto,pro_precio_venta,pro_margen_actual,pro_oferta,pro_fecha_inicio_oferta,pro_fecha_termino_oferta,pro_precio_oferta,pro_stock_minimo,pro_stock_critico,pro_entradas_bodega,pro_salidas_bodega,pro_mermas_bodega,pro_ajustes_bodega,pro_entradas_sv,pro_salidas_sv,pro_mermas_sv,pro_ajustes_sv,pro_activo,rec_numero,pro_unidad,pro_capacidad,pro_consumo_bodega,pro_consumo_sv,pro_estado,pro_funcion_plu,pro_flejes,pro_iva,pro_plu_asociado,pro_envase,pro_duracion,pro_numero_etiqueta) VALUES (780721293,@@@7791293016603@@@,@@@0@@@,@@@SHAMPOO SUAVE JASMIN Y ACEITE 930ML@@@,@@@SHAMPOO SUAVE JA@@@,@@@7 @@@,@@@3 @@@,@@@0@@@,@@@24 @@@,@@@207@@@,@@@1442@@@,@@@0@@@,@@@0@@@,@@@1599@@@,@@@0@@@,@@@@@@,@@@2013.07.04@@@,@@@2013.07.04@@@,@@@0@@@,@@@0@@@,@@@0@@@,@@@0@@@,@@@0@@@,@@@0@@@,@@@0@@@,@@@0@@@,@@@0@@@,@@@0@@@,@@@0@@@,@@@1@@@,@@@0@@@,0,930,0,0,2,0,1,1,0,@@@NO@@@,0,0)','',2,'2013-07-04'),(33849,'DELETE FROM mae_impuestos_productos WHERE pro_codigo_plu=@@@780721293@@@','',2,'2013-07-04'),(33850,'UPDATE mae_productos SET pro_margen_actual=0,pro_precio_venta=1599 WHERE pro_codigo_plu=780721293','',2,'2013-07-04'),(33851,'UPDATE mae_productos SET pro_margen_actual=0,pro_precio_venta=390 WHERE pro_codigo_plu=541','',2,'2013-07-04'),(33852,'UPDATE mae_productos SET pro_margen_actual=0,pro_precio_venta=390 WHERE pro_codigo_plu=537','',2,'2013-07-04'),(33853,'UPDATE mae_productos SET pro_margen_actual=0,pro_precio_venta=390 WHERE pro_codigo_plu=538','',2,'2013-07-04'),(33854,'UPDATE mae_productos SET pro_precio_fiscal=pro_precio_venta WHERE pro_codigo_plu=761931','',2,'2013-07-04'),(33855,'UPDATE mae_productos SET pro_precio_fiscal=pro_precio_venta WHERE pro_codigo_plu=537','',2,'2013-07-04'),(33856,'UPDATE mae_productos SET pro_precio_fiscal=pro_precio_venta WHERE pro_codigo_plu=538','',2,'2013-07-04'),(33857,'UPDATE mae_productos SET pro_precio_fiscal=pro_precio_venta WHERE pro_codigo_plu=541','',2,'2013-07-04'),(33858,'UPDATE mae_productos SET pro_precio_fiscal=pro_precio_venta WHERE pro_codigo_plu=780721293','',2,'2013-07-04'),(33859,'UPDATE mae_productos SET pro_margen_actual=0,pro_precio_venta=1690 WHERE pro_codigo_plu=128','',2,'2013-07-04'),(33860,'UPDATE mae_productos SET pro_margen_actual=0,pro_precio_venta=1890 WHERE pro_codigo_plu=115','',2,'2013-07-04'),(33861,'UPDATE mae_productos SET pro_precio_fiscal=pro_precio_venta WHERE pro_codigo_plu=115','',2,'2013-07-04'),(33862,'UPDATE mae_productos SET pro_precio_fiscal=pro_precio_venta WHERE pro_codigo_plu=128','',2,'2013-07-04'),(33863,'UPDATE mae_productos SET pro_codigo_barra=@@@7613032258122@@@,pro_tipo=@@@0@@@,pro_nombre_producto=@@@NESTUM PRO  ARROZ 350 GR.@@@,pro_nombre_corto=@@@NESTUM PRO  ARRO@@@,med_id=@@@5@@@,emb_id=@@@4@@@,pro_unidades_embalaje=@@@24@@@,dep_id=@@@1 @@@,lin_id=@@@154@@@,mar_id=@@@9@@@,pro_precio_compra_neto=@@@0@@@,pro_precio_compra_bruto=@@@0@@@,pro_precio_venta=@@@1710@@@,pro_margen_actual=@@@0@@@,pro_oferta=@@@NO@@@,pro_fecha_inicio_oferta=@@@2006.09.07@@@,pro_fecha_termino_oferta=@@@2006.09.07@@@,pro_precio_oferta=@@@0@@@,pro_stock_minimo=@@@24@@@,pro_stock_critico=@@@12@@@,pro_activo=@@@1@@@,pro_unidad=@@@0@@@,pro_precio_compra_bruto=0,pro_margen_actual=0,pro_capacidad=0.35,pro_funcion_plu=0,pro_flejes=1,pro_iva=1,pro_plu_asociado=0,pro_envase=@@@NO@@@,pro_duracion=0,pro_numero_etiqueta=0 WHERE pro_codigo_plu=@@@262352@@@','',2,'2013-07-04'),(33864,'UPDATE mae_productos SET pro_estado=1 WHERE pro_codigo_plu=262352','',2,'2013-07-04'),(33865,'DELETE FROM mae_impuestos_productos WHERE pro_codigo_plu=@@@262352@@@','',2,'2013-07-04'),(33866,'UPDATE mae_productos SET pro_precio_compra_bruto=530,pro_margen_actual=(pro_precio_venta-530)/530 * 100,pro_ultima_compra=@@@2013.07.04@@@,pro_ultimo_proveedor=@@@76218060-k@@@ WHERE pro_codigo_plu=10744','',2,'2013-07-04'),(33867,'UPDATE mae_productos SET pro_precio_compra_bruto=1637,pro_margen_actual=(pro_precio_venta-1637)/1637 * 100,pro_ultima_compra=@@@2013.07.04@@@,pro_ultimo_proveedor=@@@76218060-k@@@ WHERE pro_codigo_plu=13890','',2,'2013-07-04'),(33868,'UPDATE mae_productos SET pro_precio_compra_bruto=1007,pro_margen_actual=(pro_precio_venta-1007)/1007 * 100,pro_ultima_compra=@@@2013.07.04@@@,pro_ultimo_proveedor=@@@76218060-k@@@ WHERE pro_codigo_plu=10248','',2,'2013-07-04'),(33869,'UPDATE mae_productos SET pro_precio_compra_bruto=115,pro_margen_actual=(pro_precio_venta-115)/115 * 100,pro_ultima_compra=@@@2013.07.04@@@,pro_ultimo_proveedor=@@@76218060-k@@@ WHERE pro_codigo_plu=12616','',2,'2013-07-04'),(33870,'UPDATE mae_productos SET pro_precio_compra_bruto=284,pro_margen_actual=(pro_precio_venta-284)/284 * 100,pro_ultima_compra=@@@2013.07.04@@@,pro_ultimo_proveedor=@@@76218060-k@@@ WHERE pro_codigo_plu=14283','',2,'2013-07-04'),(33871,'UPDATE mae_productos SET pro_precio_compra_bruto=207,pro_margen_actual=(pro_precio_venta-207)/207 * 100,pro_ultima_compra=@@@2013.07.04@@@,pro_ultimo_proveedor=@@@76218060-k@@@ WHERE pro_codigo_plu=101964','',2,'2013-07-04'),(33872,'UPDATE mae_productos SET pro_precio_compra_bruto=2169,pro_margen_actual=(pro_precio_venta-2169)/2169 * 100,pro_ultima_compra=@@@2013.07.04@@@,pro_ultimo_proveedor=@@@76218060-k@@@ WHERE pro_codigo_plu=10222','',2,'2013-07-04'),(33873,'UPDATE mae_productos SET pro_precio_compra_bruto=940,pro_margen_actual=(pro_precio_venta-940)/940 * 100,pro_ultima_compra=@@@2013.07.04@@@,pro_ultimo_proveedor=@@@76218060-k@@@ WHERE pro_codigo_plu=13983','',2,'2013-07-04'),(33874,'UPDATE mae_productos SET pro_precio_compra_bruto=669,pro_margen_actual=(pro_precio_venta-669)/669 * 100,pro_ultima_compra=@@@2013.07.04@@@,pro_ultimo_proveedor=@@@76218060-k@@@ WHERE pro_codigo_plu=13971','',2,'2013-07-04'),(33875,'UPDATE mae_productos SET pro_precio_compra_bruto=102,pro_margen_actual=(pro_precio_venta-102)/102 * 100,pro_ultima_compra=@@@2013.07.04@@@,pro_ultimo_proveedor=@@@76218060-k@@@ WHERE pro_codigo_plu=12236','',2,'2013-07-04'),(33876,'UPDATE mae_productos SET pro_precio_compra_bruto=992,pro_margen_actual=(pro_precio_venta-992)/992 * 100,pro_ultima_compra=@@@2013.07.04@@@,pro_ultimo_proveedor=@@@76218060-k@@@ WHERE pro_codigo_plu=12432','',2,'2013-07-04'),(33877,'UPDATE mae_productos SET pro_precio_compra_bruto=684,pro_margen_actual=(pro_precio_venta-684)/684 * 100,pro_ultima_compra=@@@2013.07.04@@@,pro_ultimo_proveedor=@@@76218060-k@@@ WHERE pro_codigo_plu=12418','',2,'2013-07-04'),(33878,'UPDATE mae_productos SET pro_precio_compra_bruto=1915,pro_margen_actual=(pro_precio_venta-1915)/1915 * 100,pro_ultima_compra=@@@2013.07.04@@@,pro_ultimo_proveedor=@@@76218060-k@@@ WHERE pro_codigo_plu=12431','',2,'2013-07-04'),(33879,'UPDATE mae_productos SET pro_precio_compra_bruto=200,pro_margen_actual=(pro_precio_venta-200)/200 * 100,pro_ultima_compra=@@@2013.07.04@@@,pro_ultimo_proveedor=@@@76218060-k@@@ WHERE pro_codigo_plu=12837','',2,'2013-07-04'),(33880,'UPDATE mae_productos SET pro_precio_compra_bruto=392,pro_margen_actual=(pro_precio_venta-392)/392 * 100,pro_ultima_compra=@@@2013.07.04@@@,pro_ultimo_proveedor=@@@76218060-k@@@ WHERE pro_codigo_plu=12003','',2,'2013-07-04'),(33881,'UPDATE mae_productos SET pro_precio_compra_bruto=392,pro_margen_actual=(pro_precio_venta-392)/392 * 100,pro_ultima_compra=@@@2013.07.04@@@,pro_ultimo_proveedor=@@@76218060-k@@@ WHERE pro_codigo_plu=12257','',2,'2013-07-04'),(33882,'UPDATE mae_productos SET pro_precio_compra_bruto=353,pro_margen_actual=(pro_precio_venta-353)/353 * 100,pro_ultima_compra=@@@2013.07.04@@@,pro_ultimo_proveedor=@@@76218060-k@@@ WHERE pro_codigo_plu=11998','',2,'2013-07-04'),(33883,'UPDATE mae_productos SET pro_precio_compra_bruto=392,pro_margen_actual=(pro_precio_venta-392)/392 * 100,pro_ultima_compra=@@@2013.07.04@@@,pro_ultimo_proveedor=@@@76218060-k@@@ WHERE pro_codigo_plu=12061','',2,'2013-07-04'),(33884,'UPDATE mae_productos SET pro_precio_compra_bruto=392,pro_margen_actual=(pro_precio_venta-392)/392 * 100,pro_ultima_compra=@@@2013.07.04@@@,pro_ultimo_proveedor=@@@76218060-k@@@ WHERE pro_codigo_plu=11964','',2,'2013-07-04'),(33885,'UPDATE mae_productos SET pro_precio_compra_bruto=263,pro_margen_actual=(pro_precio_venta-263)/263 * 100,pro_ultima_compra=@@@2013.07.04@@@,pro_ultimo_proveedor=@@@76218060-k@@@ WHERE pro_codigo_plu=11074','',2,'2013-07-04'),(33886,'UPDATE mae_productos SET pro_precio_compra_bruto=153,pro_margen_actual=(pro_precio_venta-153)/153 * 100,pro_ultima_compra=@@@2013.07.04@@@,pro_ultimo_proveedor=@@@76218060-k@@@ WHERE pro_codigo_plu=780721259','',2,'2013-07-04'),(33887,'UPDATE mae_productos SET pro_precio_compra_bruto=115,pro_margen_actual=(pro_precio_venta-115)/115 * 100,pro_ultima_compra=@@@2013.07.04@@@,pro_ultimo_proveedor=@@@76218060-k@@@ WHERE pro_codigo_plu=12237','',2,'2013-07-04'),(33888,'UPDATE mae_productos SET pro_precio_compra_bruto=107,pro_margen_actual=(pro_precio_venta-107)/107 * 100,pro_ultima_compra=@@@2013.07.04@@@,pro_ultimo_proveedor=@@@76218060-k@@@ WHERE pro_codigo_plu=100997','',2,'2013-07-04'),(33889,'UPDATE mae_productos SET pro_precio_compra_bruto=146,pro_margen_actual=(pro_precio_venta-146)/146 * 100,pro_ultima_compra=@@@2013.07.04@@@,pro_ultimo_proveedor=@@@76218060-k@@@ WHERE pro_codigo_plu=262062','',2,'2013-07-04'),(33890,'UPDATE mae_productos SET pro_precio_compra_bruto=200,pro_margen_actual=(pro_precio_venta-200)/200 * 100,pro_ultima_compra=@@@2013.07.04@@@,pro_ultimo_proveedor=@@@76218060-k@@@ WHERE pro_codigo_plu=14063','',2,'2013-07-04'),(33891,'UPDATE mae_productos SET pro_precio_compra_bruto=107,pro_margen_actual=(pro_precio_venta-107)/107 * 100,pro_ultima_compra=@@@2013.07.04@@@,pro_ultimo_proveedor=@@@76218060-k@@@ WHERE pro_codigo_plu=12556','',2,'2013-07-04'),(33892,'UPDATE mae_productos SET pro_precio_compra_bruto=392,pro_margen_actual=(pro_precio_venta-392)/392 * 100,pro_ultima_compra=@@@2013.07.04@@@,pro_ultimo_proveedor=@@@76218060-k@@@ WHERE pro_codigo_plu=1449','',2,'2013-07-04'),(33893,'UPDATE mae_productos SET pro_precio_compra_bruto=553,pro_margen_actual=(pro_precio_venta-553)/553 * 100,pro_ultima_compra=@@@2013.07.04@@@,pro_ultimo_proveedor=@@@76218060-k@@@ WHERE pro_codigo_plu=11937','',2,'2013-07-04'),(33894,'UPDATE mae_productos SET pro_precio_compra_bruto=230,pro_margen_actual=(pro_precio_venta-230)/230 * 100,pro_ultima_compra=@@@2013.07.04@@@,pro_ultimo_proveedor=@@@76218060-k@@@ WHERE pro_codigo_plu=763492','',2,'2013-07-04'),(33895,'UPDATE mae_productos SET pro_precio_compra_bruto=138,pro_margen_actual=(pro_precio_venta-138)/138 * 100,pro_ultima_compra=@@@2013.07.04@@@,pro_ultimo_proveedor=@@@76218060-k@@@ WHERE pro_codigo_plu=78017088','',2,'2013-07-04'),(33896,'UPDATE mae_productos SET pro_precio_compra_bruto=1470,pro_margen_actual=(pro_precio_venta-1470)/1470 * 100,pro_ultima_compra=@@@2013.07.04@@@,pro_ultimo_proveedor=@@@76218060-k@@@ WHERE pro_codigo_plu=78017209','',2,'2013-07-04'),(33897,'UPDATE mae_productos SET pro_precio_compra_bruto=999,pro_margen_actual=(pro_precio_venta-999)/999 * 100,pro_ultima_compra=@@@2013.07.04@@@,pro_ultimo_proveedor=@@@76218060-k@@@ WHERE pro_codigo_plu=780220189','',2,'2013-07-04'),(33898,'UPDATE mae_productos SET pro_precio_compra_bruto=2030,pro_margen_actual=(pro_precio_venta-2030)/2030 * 100,pro_ultima_compra=@@@2013.07.04@@@,pro_ultimo_proveedor=@@@76218060-k@@@ WHERE pro_codigo_plu=13884','',2,'2013-07-04'),(33899,'UPDATE mae_productos SET pro_precio_compra_bruto=1250,pro_margen_actual=(pro_precio_venta-1250)/1250 * 100,pro_ultima_compra=@@@2013.07.04@@@,pro_ultimo_proveedor=@@@76218060-k@@@ WHERE pro_codigo_plu=13887','',2,'2013-07-04'),(33900,'UPDATE mae_productos SET pro_precio_compra_bruto=1500,pro_margen_actual=(pro_precio_venta-1500)/1500 * 100,pro_ultima_compra=@@@2013.07.04@@@,pro_ultimo_proveedor=@@@76218060-k@@@ WHERE pro_codigo_plu=763412','',2,'2013-07-04'),(33901,'UPDATE mae_productos SET pro_precio_compra_bruto=1476,pro_margen_actual=(pro_precio_venta-1476)/1476 * 100,pro_ultima_compra=@@@2013.07.04@@@,pro_ultimo_proveedor=@@@76218060-k@@@ WHERE pro_codigo_plu=780721284','',2,'2013-07-04'),(33902,'UPDATE mae_productos SET pro_precio_compra_bruto=1892,pro_margen_actual=(pro_precio_venta-1892)/1892 * 100,pro_ultima_compra=@@@2013.07.04@@@,pro_ultimo_proveedor=@@@76218060-k@@@ WHERE pro_codigo_plu=13889','',2,'2013-07-04'),(33903,'UPDATE mae_productos SET pro_precio_compra_bruto=1476,pro_margen_actual=(pro_precio_venta-1476)/1476 * 100,pro_ultima_compra=@@@2013.07.04@@@,pro_ultimo_proveedor=@@@76218060-k@@@ WHERE pro_codigo_plu=780220190','',2,'2013-07-04'),(33904,'UPDATE mae_productos SET pro_precio_compra_bruto=1946,pro_margen_actual=(pro_precio_venta-1946)/1946 * 100,pro_ultima_compra=@@@2013.07.04@@@,pro_ultimo_proveedor=@@@76218060-k@@@ WHERE pro_codigo_plu=13937','',2,'2013-07-04'),(33905,'UPDATE mae_productos SET pro_precio_compra_bruto=1999,pro_margen_actual=(pro_precio_venta-1999)/1999 * 100,pro_ultima_compra=@@@2013.07.04@@@,pro_ultimo_proveedor=@@@76218060-k@@@ WHERE pro_codigo_plu=13892','',2,'2013-07-04'),(33906,'UPDATE mae_productos SET pro_precio_compra_bruto=1691,pro_margen_actual=(pro_precio_venta-1691)/1691 * 100,pro_ultima_compra=@@@2013.07.04@@@,pro_ultimo_proveedor=@@@76218060-k@@@ WHERE pro_codigo_plu=13943','',2,'2013-07-04'),(33907,'UPDATE mae_productos SET pro_precio_compra_bruto=753,pro_margen_actual=(pro_precio_venta-753)/753 * 100,pro_ultima_compra=@@@2013.07.04@@@,pro_ultimo_proveedor=@@@76218060-k@@@ WHERE pro_codigo_plu=763274','',2,'2013-07-04'),(33908,'UPDATE mae_productos SET pro_precio_compra_bruto=890,pro_margen_actual=(pro_precio_venta-890)/890 * 100,pro_ultima_compra=@@@2013.07.04@@@,pro_ultimo_proveedor=@@@76218060-k@@@ WHERE pro_codigo_plu=10743','',2,'2013-07-04'),(33909,'UPDATE mae_productos SET pro_precio_compra_bruto=1170,pro_margen_actual=(pro_precio_venta-1170)/1170 * 100,pro_ultima_compra=@@@2013.07.04@@@,pro_ultimo_proveedor=@@@76218060-k@@@ WHERE pro_codigo_plu=762915','',2,'2013-07-04'),(33910,'UPDATE mae_productos SET pro_precio_compra_bruto=1176,pro_margen_actual=(pro_precio_venta-1176)/1176 * 100,pro_ultima_compra=@@@2013.07.04@@@,pro_ultimo_proveedor=@@@76218060-k@@@ WHERE pro_codigo_plu=762677','',2,'2013-07-04'),(33911,'UPDATE mae_productos SET pro_precio_compra_bruto=1176,pro_margen_actual=(pro_precio_venta-1176)/1176 * 100,pro_ultima_compra=@@@2013.07.04@@@,pro_ultimo_proveedor=@@@76218060-k@@@ WHERE pro_codigo_plu=762859','',2,'2013-07-04'),(33912,'UPDATE mae_productos SET pro_precio_compra_bruto=1276,pro_margen_actual=(pro_precio_venta-1276)/1276 * 100,pro_ultima_compra=@@@2013.07.04@@@,pro_ultimo_proveedor=@@@76218060-k@@@ WHERE pro_codigo_plu=13901','',2,'2013-07-04'),(33913,'UPDATE mae_productos SET pro_precio_compra_bruto=1315,pro_margen_actual=(pro_precio_venta-1315)/1315 * 100,pro_ultima_compra=@@@2013.07.04@@@,pro_ultimo_proveedor=@@@76218060-k@@@ WHERE pro_codigo_plu=262352','',2,'2013-07-04'),(33914,'UPDATE mae_productos SET pro_precio_compra_bruto=730,pro_margen_actual=(pro_precio_venta-730)/730 * 100,pro_ultima_compra=@@@2013.07.04@@@,pro_ultimo_proveedor=@@@76218060-k@@@ WHERE pro_codigo_plu=763318','',2,'2013-07-04'),(33915,'INSERT INTO gne_vale_ferreteria (vfe_id,vfe_fecha,vfe_total,vfe_estado,vfe_entregado,usu_nusuario) VALUES (4280,@@@2013.07.04@@@,200,1,0,@@@S_BIZAMA@@@)','',2,'2013-07-04'),(33916,'INSERT INTO gne_vale_ferreteria_mov (vfe_id,pro_codigo_plu,vfm_cantidad,vfm_unitario,vfm_total,vfm_entregado) VALUES (4280,1067,1,200,200,@@@NO@@@)','',2,'2013-07-04'),(33917,'INSERT INTO gne_vale_ferreteria (vfe_id,vfe_fecha,vfe_total,vfe_estado,vfe_entregado,usu_nusuario) VALUES (4281,@@@2013.07.04@@@,500,1,0,@@@S_BIZAMA@@@)','',2,'2013-07-04'),(33918,'INSERT INTO gne_vale_ferreteria_mov (vfe_id,pro_codigo_plu,vfm_cantidad,vfm_unitario,vfm_total,vfm_entregado) VALUES (4281,764136,1,500,500,@@@NO@@@)','',2,'2013-07-04'),(33919,'INSERT INTO mae_clientes (cli_id,cli_rut,cli_nombre,cli_direccion,cli_sucursal,cli_ciudad,cli_nombre_contacto,cli_cargo,cli_telefono,cli_fax,cli_celular,cli_mail,tcp_id,cli_fecha_nacimiento,cli_activo,cli_limite_credito,cli_giro,cli_sobrecargo,cli_credito_ilimitado,cli_descuento_venta,cli_comuna) VALUES (@@@12@@@,@@@8247931-7@@@,@@@JUAN HERMOGENES CEA VIVEROS@@@,@@@PARCELA 3 SANTA AMELIA@@@,@@@@@@,@@@NEGRETE@@@,@@@@@@,@@@CUIDADOR@@@,@@@@@@,@@@@@@,@@@96752046@@@,@@@@@@,@@@3@@@,@@@1956.04.28@@@,@@@1@@@,@@@0@@@,@@@@@@,0,0,0,@@@NEGRETE@@@)','',2,'2013-07-04'),(33920,'UPDATE mae_clientes SET cli_rut=@@@8247931-7@@@,cli_nombre=@@@JUAN HERMOGENES CEA VIVEROS@@@,cli_direccion=@@@PARCELA 3 SANTA AMELIA@@@,cli_sucursal=@@@@@@,cli_ciudad=@@@NEGRETE@@@,cli_nombre_contacto=@@@@@@,cli_cargo=@@@CUIDADOR@@@,cli_comuna=@@@NEGRETE@@@,cli_fpago=@@@CONTADO@@@,cli_telefono=@@@@@@,cli_fax=@@@@@@,cli_celular=@@@96752046@@@,cli_mail=@@@@@@,tcp_id=@@@3@@@,cli_fecha_nacimiento=@@@1956.04.28@@@,cli_activo=@@@1@@@,cli_limite_credito=@@@30000@@@,cli_giro=@@@@@@,cli_sobrecargo=0,cli_descuento_venta=0,cli_rapel=0 ,cli_credito_ilimitado=0 WHERE cli_id=@@@12@@@','',2,'2013-07-04'),(33921,'INSERT INTO gne_vale_ferreteria (vfe_id,vfe_fecha,vfe_total,vfe_estado,vfe_entregado,usu_nusuario) VALUES (4282,@@@2013.07.04@@@,1890,1,0,@@@S_BIZAMA@@@)','',2,'2013-07-04'),(33922,'INSERT INTO gne_vale_ferreteria_mov (vfe_id,pro_codigo_plu,vfm_cantidad,vfm_unitario,vfm_total,vfm_entregado) VALUES (4282,101852,1,1890,1890,@@@NO@@@)','',2,'2013-07-04'),(33923,'UPDATE mae_productos SET pro_precio_venta=330,pro_margen_actual=33.6, pro_precio_compra_bruto=247, pro_precio_compra_neto=207.563025210084 WHERE pro_codigo_plu=780721226','',2,'2013-07-04'),(33924,'UPDATE mae_productos SET pro_precio_venta=399,pro_margen_actual=33.44, pro_precio_compra_bruto=299, pro_precio_compra_neto=251.260504201681 WHERE pro_codigo_plu=762719','',2,'2013-07-04'),(33925,'UPDATE mae_productos SET pro_precio_venta=399,pro_margen_actual=33.44, pro_precio_compra_bruto=299, pro_precio_compra_neto=251.260504201681 WHERE pro_codigo_plu=780220178','',2,'2013-07-04'),(33926,'UPDATE mae_productos SET pro_precio_venta=399,pro_margen_actual=33.44, pro_precio_compra_bruto=299, pro_precio_compra_neto=251.260504201681 WHERE pro_codigo_plu=762721','',2,'2013-07-04'),(33927,'UPDATE mae_productos SET pro_precio_venta=510,pro_margen_actual=35.64, pro_precio_compra_bruto=376, pro_precio_compra_neto=315.966386554622 WHERE pro_codigo_plu=17068','',2,'2013-07-04'),(33928,'UPDATE mae_productos SET pro_precio_compra_bruto=151,pro_margen_actual=(pro_precio_venta-151)/151 * 100,pro_ultima_compra=@@@2013.07.04@@@,pro_ultimo_proveedor=@@@90703000-8@@@ WHERE pro_codigo_plu=16919','',2,'2013-07-04'),(33929,'UPDATE mae_productos SET pro_precio_compra_bruto=151,pro_margen_actual=(pro_precio_venta-151)/151 * 100,pro_ultima_compra=@@@2013.07.04@@@,pro_ultimo_proveedor=@@@90703000-8@@@ WHERE pro_codigo_plu=16923','',2,'2013-07-04'),(33930,'UPDATE mae_productos SET pro_precio_compra_bruto=234,pro_margen_actual=(pro_precio_venta-234)/234 * 100,pro_ultima_compra=@@@2013.07.04@@@,pro_ultimo_proveedor=@@@90703000-8@@@ WHERE pro_codigo_plu=780721183','',2,'2013-07-04'),(33931,'UPDATE mae_productos SET pro_precio_compra_bruto=234,pro_margen_actual=(pro_precio_venta-234)/234 * 100,pro_ultima_compra=@@@2013.07.04@@@,pro_ultimo_proveedor=@@@90703000-8@@@ WHERE pro_codigo_plu=763580','',2,'2013-07-04'),(33932,'UPDATE mae_productos SET pro_precio_compra_bruto=247,pro_margen_actual=(pro_precio_venta-247)/247 * 100,pro_ultima_compra=@@@2013.07.04@@@,pro_ultimo_proveedor=@@@90703000-8@@@ WHERE pro_codigo_plu=78017065','',2,'2013-07-04'),(33933,'UPDATE mae_productos SET pro_precio_compra_bruto=307,pro_margen_actual=(pro_precio_venta-307)/307 * 100,pro_ultima_compra=@@@2013.07.04@@@,pro_ultimo_proveedor=@@@90703000-8@@@ WHERE pro_codigo_plu=17011','',2,'2013-07-04'),(33934,'UPDATE mae_productos SET pro_precio_compra_bruto=246,pro_margen_actual=(pro_precio_venta-246)/246 * 100,pro_ultima_compra=@@@2013.07.04@@@,pro_ultimo_proveedor=@@@90703000-8@@@ WHERE pro_codigo_plu=17066','',2,'2013-07-04'),(33935,'UPDATE mae_productos SET pro_precio_compra_bruto=239,pro_margen_actual=(pro_precio_venta-239)/239 * 100,pro_ultima_compra=@@@2013.07.04@@@,pro_ultimo_proveedor=@@@90703000-8@@@ WHERE pro_codigo_plu=16066','',2,'2013-07-04'),(33936,'UPDATE mae_productos SET pro_precio_compra_bruto=376,pro_margen_actual=(pro_precio_venta-376)/376 * 100,pro_ultima_compra=@@@2013.07.04@@@,pro_ultimo_proveedor=@@@90703000-8@@@ WHERE pro_codigo_plu=17072','',2,'2013-07-04'),(33937,'UPDATE mae_productos SET pro_precio_compra_bruto=247,pro_margen_actual=(pro_precio_venta-247)/247 * 100,pro_ultima_compra=@@@2013.07.04@@@,pro_ultimo_proveedor=@@@90703000-8@@@ WHERE pro_codigo_plu=780721226','',2,'2013-07-04'),(33938,'UPDATE mae_productos SET pro_precio_compra_bruto=299,pro_margen_actual=(pro_precio_venta-299)/299 * 100,pro_ultima_compra=@@@2013.07.04@@@,pro_ultimo_proveedor=@@@90703000-8@@@ WHERE pro_codigo_plu=762719','',2,'2013-07-04'),(33939,'UPDATE mae_productos SET pro_precio_compra_bruto=299,pro_margen_actual=(pro_precio_venta-299)/299 * 100,pro_ultima_compra=@@@2013.07.04@@@,pro_ultimo_proveedor=@@@90703000-8@@@ WHERE pro_codigo_plu=780220178','',2,'2013-07-04'),(33940,'UPDATE mae_productos SET pro_precio_compra_bruto=376,pro_margen_actual=(pro_precio_venta-376)/376 * 100,pro_ultima_compra=@@@2013.07.04@@@,pro_ultimo_proveedor=@@@90703000-8@@@ WHERE pro_codigo_plu=17069','',2,'2013-07-04'),(33941,'UPDATE mae_productos SET pro_precio_compra_bruto=299,pro_margen_actual=(pro_precio_venta-299)/299 * 100,pro_ultima_compra=@@@2013.07.04@@@,pro_ultimo_proveedor=@@@90703000-8@@@ WHERE pro_codigo_plu=762721','',2,'2013-07-04'),(33942,'UPDATE mae_productos SET pro_precio_compra_bruto=376,pro_margen_actual=(pro_precio_venta-376)/376 * 100,pro_ultima_compra=@@@2013.07.04@@@,pro_ultimo_proveedor=@@@90703000-8@@@ WHERE pro_codigo_plu=17068','',2,'2013-07-04'),(33943,'UPDATE mae_productos SET pro_precio_compra_bruto=230,pro_margen_actual=(pro_precio_venta-230)/230 * 100,pro_ultima_compra=@@@2013.07.04@@@,pro_ultimo_proveedor=@@@90703000-8@@@ WHERE pro_codigo_plu=17040','',2,'2013-07-04'),(33944,'UPDATE mae_productos SET pro_precio_compra_bruto=3274,pro_margen_actual=(pro_precio_venta-3274)/3274 * 100,pro_ultima_compra=@@@2013.07.04@@@,pro_ultimo_proveedor=@@@96568970-2@@@ WHERE pro_codigo_plu=763518','',2,'2013-07-04'),(33945,'UPDATE mae_productos SET pro_margen_actual=30.04,pro_precio_venta=1710 WHERE pro_codigo_plu=262352','',2,'2013-07-04'),(33946,'UPDATE mae_productos SET pro_precio_fiscal=pro_precio_venta WHERE pro_codigo_plu=262352','',2,'2013-07-04'),(33947,'UPDATE mae_productos SET pro_precio_fiscal=pro_precio_venta WHERE pro_codigo_plu=780220178','',2,'2013-07-04'),(33948,'UPDATE mae_productos SET pro_precio_fiscal=pro_precio_venta WHERE pro_codigo_plu=762719','',2,'2013-07-04'),(33949,'UPDATE mae_productos SET pro_precio_fiscal=pro_precio_venta WHERE pro_codigo_plu=762721','',2,'2013-07-04'),(33950,'UPDATE mae_productos SET pro_precio_fiscal=pro_precio_venta WHERE pro_codigo_plu=780721226','',2,'2013-07-04'),(33951,'UPDATE mae_productos SET pro_precio_fiscal=pro_precio_venta WHERE pro_codigo_plu=17068','',2,'2013-07-04'),(33952,'INSERT INTO gne_vale_ferreteria (vfe_id,vfe_fecha,vfe_total,vfe_estado,vfe_entregado,usu_nusuario) VALUES (4283,@@@2013.07.04@@@,3960,1,0,@@@G_DIAZ@@@)','',2,'2013-07-04'),(33953,'INSERT INTO gne_vale_ferreteria_mov (vfe_id,pro_codigo_plu,vfm_cantidad,vfm_unitario,vfm_total,vfm_entregado) VALUES (4283,764463,4,990,3960,@@@NO@@@)','',2,'2013-07-04'),(33954,'INSERT INTO gne_vale_ferreteria (vfe_id,vfe_fecha,vfe_total,vfe_estado,vfe_entregado,usu_nusuario) VALUES (4284,@@@2013.07.04@@@,900,1,0,@@@G_DIAZ@@@)','',2,'2013-07-04'),(33955,'INSERT INTO gne_vale_ferreteria_mov (vfe_id,pro_codigo_plu,vfm_cantidad,vfm_unitario,vfm_total,vfm_entregado) VALUES (4284,7053,2,450,900,@@@NO@@@)','',2,'2013-07-04'),(33956,'INSERT INTO gne_vale_ferreteria (vfe_id,vfe_fecha,vfe_total,vfe_estado,vfe_entregado,usu_nusuario) VALUES (4285,@@@2013.07.04@@@,1590,1,0,@@@G_DIAZ@@@)','',2,'2013-07-04'),(33957,'INSERT INTO gne_vale_ferreteria_mov (vfe_id,pro_codigo_plu,vfm_cantidad,vfm_unitario,vfm_total,vfm_entregado) VALUES (4285,764693,1,1590,1590,@@@NO@@@)','',2,'2013-07-04'),(33958,'INSERT INTO gne_vale_ferreteria (vfe_id,vfe_fecha,vfe_total,vfe_estado,vfe_entregado,usu_nusuario) VALUES (4286,@@@2013.07.04@@@,3480,1,0,@@@G_DIAZ@@@)','',2,'2013-07-04'),(33959,'INSERT INTO gne_vale_ferreteria_mov (vfe_id,pro_codigo_plu,vfm_cantidad,vfm_unitario,vfm_total,vfm_entregado) VALUES (4286,101623,1,1890,1890,@@@NO@@@)','',2,'2013-07-04'),(33960,'INSERT INTO gne_vale_ferreteria_mov (vfe_id,pro_codigo_plu,vfm_cantidad,vfm_unitario,vfm_total,vfm_entregado) VALUES (4286,15363,1,1590,1590,@@@NO@@@)','',2,'2013-07-04'),(33961,'INSERT INTO gne_vale_ferreteria (vfe_id,vfe_fecha,vfe_total,vfe_estado,vfe_entregado,usu_nusuario) VALUES (4287,@@@2013.07.04@@@,900,1,0,@@@G_DIAZ@@@)','',2,'2013-07-04'),(33962,'INSERT INTO gne_vale_ferreteria_mov (vfe_id,pro_codigo_plu,vfm_cantidad,vfm_unitario,vfm_total,vfm_entregado) VALUES (4287,763884,1,900,900,@@@NO@@@)','',2,'2013-07-04'),(33963,'INSERT INTO gne_vale_ferreteria (vfe_id,vfe_fecha,vfe_total,vfe_estado,vfe_entregado,usu_nusuario) VALUES (4288,@@@2013.07.04@@@,900,1,0,@@@G_DIAZ@@@)','',2,'2013-07-04'),(33964,'INSERT INTO gne_vale_ferreteria_mov (vfe_id,pro_codigo_plu,vfm_cantidad,vfm_unitario,vfm_total,vfm_entregado) VALUES (4288,763884,1,900,900,@@@NO@@@)','',2,'2013-07-04'),(33965,'INSERT INTO gne_vale_ferreteria (vfe_id,vfe_fecha,vfe_total,vfe_estado,vfe_entregado,usu_nusuario) VALUES (4289,@@@2013.07.04@@@,240,1,0,@@@G_DIAZ@@@)','',2,'2013-07-04'),(33966,'INSERT INTO gne_vale_ferreteria_mov (vfe_id,pro_codigo_plu,vfm_cantidad,vfm_unitario,vfm_total,vfm_entregado) VALUES (4289,764157,1,120,120,@@@NO@@@)','',2,'2013-07-04'),(33967,'INSERT INTO gne_vale_ferreteria_mov (vfe_id,pro_codigo_plu,vfm_cantidad,vfm_unitario,vfm_total,vfm_entregado) VALUES (4289,8022,1,120,120,@@@NO@@@)','',2,'2013-07-04'),(33968,'UPDATE mae_productos SET pro_codigo_barra=@@@7805607300033@@@,pro_tipo=@@@0@@@,pro_nombre_producto=@@@PEINETA PANTERA MEDIANA@@@,pro_nombre_corto=@@@PEINETA PANTERA@@@,med_id=@@@1@@@,emb_id=@@@3@@@,pro_unidades_embalaje=@@@1@@@,dep_id=@@@21 @@@,lin_id=@@@125@@@,mar_id=@@@2145@@@,pro_precio_compra_neto=@@@0@@@,pro_precio_compra_bruto=@@@0@@@,pro_precio_venta=@@@390@@@,pro_margen_actual=@@@0@@@,pro_oferta=@@@NO@@@,pro_fecha_inicio_oferta=@@@2006.09.07@@@,pro_fecha_termino_oferta=@@@2006.09.07@@@,pro_precio_oferta=@@@0@@@,pro_stock_minimo=@@@12@@@,pro_stock_critico=@@@6@@@,pro_activo=@@@1@@@,pro_unidad=@@@0@@@,pro_precio_compra_bruto=0,pro_margen_actual=0,pro_capacidad=1,pro_funcion_plu=0,pro_flejes=1,pro_iva=1,pro_plu_asociado=0,pro_envase=@@@NO@@@,pro_duracion=0,pro_numero_etiqueta=0 WHERE pro_codigo_plu=@@@101102@@@','',2,'2013-07-04'),(33969,'UPDATE mae_productos SET pro_estado=1 WHERE pro_codigo_plu=101102','',2,'2013-07-04'),(33970,'DELETE FROM mae_impuestos_productos WHERE pro_codigo_plu=@@@101102@@@','',2,'2013-07-04'),(33971,'INSERT INTO gne_vale_ferreteria (vfe_id,vfe_fecha,vfe_total,vfe_estado,vfe_entregado,usu_nusuario) VALUES (4290,@@@2013.07.04@@@,390,1,0,@@@G_DIAZ@@@)','',2,'2013-07-04'),(33972,'INSERT INTO gne_vale_ferreteria_mov (vfe_id,pro_codigo_plu,vfm_cantidad,vfm_unitario,vfm_total,vfm_entregado) VALUES (4290,101102,1,390,390,@@@NO@@@)','',2,'2013-07-04'),(33973,'INSERT INTO gne_vale_ferreteria (vfe_id,vfe_fecha,vfe_total,vfe_estado,vfe_entregado,usu_nusuario) VALUES (4291,@@@2013.07.04@@@,150,1,0,@@@G_DIAZ@@@)','',2,'2013-07-04'),(33974,'INSERT INTO gne_vale_ferreteria_mov (vfe_id,pro_codigo_plu,vfm_cantidad,vfm_unitario,vfm_total,vfm_entregado) VALUES (4291,763869,1,150,150,@@@NO@@@)','',2,'2013-07-04'),(33975,'UPDATE mae_productos SET pro_codigo_barra=@@@7751851006620@@@,pro_tipo=@@@0@@@,pro_nombre_producto=@@@INSECTICIDA SAPOLIO MATA MOSCAS Y ZANCUDOS 360 GR.@@@,pro_nombre_corto=@@@INSECTICIDA SAPO@@@,med_id=@@@5@@@,emb_id=@@@4@@@,pro_unidades_embalaje=@@@12@@@,dep_id=@@@2 @@@,lin_id=@@@40@@@,mar_id=@@@880@@@,pro_precio_compra_neto=@@@0@@@,pro_precio_compra_bruto=@@@0@@@,pro_precio_venta=@@@1490@@@,pro_margen_actual=@@@0@@@,pro_oferta=@@@NO@@@,pro_fecha_inicio_oferta=@@@1900.01.01@@@,pro_fecha_termino_oferta=@@@1900.01.01@@@,pro_precio_oferta=@@@0@@@,pro_stock_minimo=@@@0@@@,pro_stock_critico=@@@0@@@,pro_activo=@@@1@@@,pro_unidad=@@@0@@@,pro_precio_compra_bruto=0,pro_margen_actual=0,pro_capacidad=0.36,pro_funcion_plu=0,pro_flejes=0,pro_iva=1,pro_plu_asociado=0,pro_envase=@@@NO@@@,pro_duracion=0,pro_numero_etiqueta=0 WHERE pro_codigo_plu=@@@12765@@@','',2,'2013-07-04'),(33976,'UPDATE mae_productos SET pro_estado=1 WHERE pro_codigo_plu=12765','',2,'2013-07-04'),(33977,'DELETE FROM mae_impuestos_productos WHERE pro_codigo_plu=@@@12765@@@','',2,'2013-07-04'),(33978,'INSERT INTO gne_vale_ferreteria (vfe_id,vfe_fecha,vfe_total,vfe_estado,vfe_entregado,usu_nusuario) VALUES (4292,@@@2013.07.04@@@,1490,1,0,@@@G_DIAZ@@@)','',2,'2013-07-04'),(33979,'INSERT INTO gne_vale_ferreteria_mov (vfe_id,pro_codigo_plu,vfm_cantidad,vfm_unitario,vfm_total,vfm_entregado) VALUES (4292,12765,1,1490,1490,@@@NO@@@)','',2,'2013-07-04'),(33980,'UPDATE mae_productos SET pro_codigo_barra=@@@7751851010993@@@,pro_tipo=@@@0@@@,pro_nombre_producto=@@@DETERGENTE POLVO SAPOLIO LIMON X 160 GR@@@,pro_nombre_corto=@@@DETERGENTE POLVO@@@,med_id=@@@5@@@,emb_id=@@@4@@@,pro_unidades_embalaje=@@@12@@@,dep_id=@@@2 @@@,lin_id=@@@35@@@,mar_id=@@@880@@@,pro_precio_compra_neto=@@@0@@@,pro_precio_compra_bruto=@@@0@@@,pro_precio_venta=@@@1650@@@,pro_margen_actual=@@@0@@@,pro_oferta=@@@NO@@@,pro_fecha_inicio_oferta=@@@2006.09.07@@@,pro_fecha_termino_oferta=@@@2006.09.07@@@,pro_precio_oferta=@@@0@@@,pro_stock_minimo=@@@0@@@,pro_stock_critico=@@@0@@@,pro_activo=@@@1@@@,pro_unidad=@@@0@@@,pro_precio_compra_bruto=0,pro_margen_actual=0,pro_capacidad=0.16,pro_funcion_plu=0,pro_flejes=1,pro_iva=1,pro_plu_asociado=0,pro_envase=@@@NO@@@,pro_duracion=0,pro_numero_etiqueta=0 WHERE pro_codigo_plu=@@@763174@@@','',2,'2013-07-04'),(33981,'UPDATE mae_productos SET pro_estado=1 WHERE pro_codigo_plu=763174','',2,'2013-07-04'),(33982,'DELETE FROM mae_impuestos_productos WHERE pro_codigo_plu=@@@763174@@@','',2,'2013-07-04'),(33983,'INSERT INTO gne_vale_ferreteria (vfe_id,vfe_fecha,vfe_total,vfe_estado,vfe_entregado,usu_nusuario) VALUES (4293,@@@2013.07.04@@@,1650,1,0,@@@G_DIAZ@@@)','',2,'2013-07-04'),(33984,'INSERT INTO gne_vale_ferreteria_mov (vfe_id,pro_codigo_plu,vfm_cantidad,vfm_unitario,vfm_total,vfm_entregado) VALUES (4293,763174,1,1650,1650,@@@NO@@@)','',2,'2013-07-04'),(33985,'INSERT INTO gne_vale_ferreteria (vfe_id,vfe_fecha,vfe_total,vfe_estado,vfe_entregado,usu_nusuario) VALUES (4294,@@@2013.07.04@@@,100,1,0,@@@G_DIAZ@@@)','',2,'2013-07-04'),(33986,'INSERT INTO gne_vale_ferreteria_mov (vfe_id,pro_codigo_plu,vfm_cantidad,vfm_unitario,vfm_total,vfm_entregado) VALUES (4294,764833,10,10,100,@@@NO@@@)','',2,'2013-07-04'),(33987,'INSERT INTO gne_vale_ferreteria (vfe_id,vfe_fecha,vfe_total,vfe_estado,vfe_entregado,usu_nusuario) VALUES (4295,@@@2013.07.04@@@,150,1,0,@@@G_DIAZ@@@)','',2,'2013-07-04'),(33988,'INSERT INTO gne_vale_ferreteria_mov (vfe_id,pro_codigo_plu,vfm_cantidad,vfm_unitario,vfm_total,vfm_entregado) VALUES (4295,78017153,5,30,150,@@@NO@@@)','',2,'2013-07-04'),(33989,'INSERT INTO gne_vale_ferreteria (vfe_id,vfe_fecha,vfe_total,vfe_estado,vfe_entregado,usu_nusuario) VALUES (4296,@@@2013.07.04@@@,1590,1,0,@@@G_DIAZ@@@)','',2,'2013-07-04'),(33990,'INSERT INTO gne_vale_ferreteria_mov (vfe_id,pro_codigo_plu,vfm_cantidad,vfm_unitario,vfm_total,vfm_entregado) VALUES (4296,15394,1,1590,1590,@@@NO@@@)','',2,'2013-07-04'),(33991,'INSERT INTO gne_vale_ferreteria (vfe_id,vfe_fecha,vfe_total,vfe_estado,vfe_entregado,usu_nusuario) VALUES (4297,@@@2013.07.04@@@,830,1,0,@@@G_DIAZ@@@)','',2,'2013-07-04'),(33992,'INSERT INTO gne_vale_ferreteria_mov (vfe_id,pro_codigo_plu,vfm_cantidad,vfm_unitario,vfm_total,vfm_entregado) VALUES (4297,78017026,6,90,540,@@@NO@@@)','',2,'2013-07-04'),(33993,'INSERT INTO gne_vale_ferreteria_mov (vfe_id,pro_codigo_plu,vfm_cantidad,vfm_unitario,vfm_total,vfm_entregado) VALUES (4297,78017145,1,290,290,@@@NO@@@)','',2,'2013-07-04'),(33994,'INSERT INTO gne_vale_ferreteria (vfe_id,vfe_fecha,vfe_total,vfe_estado,vfe_entregado,usu_nusuario) VALUES (4298,@@@2013.07.04@@@,200,1,0,@@@G_DIAZ@@@)','',2,'2013-07-04'),(33995,'INSERT INTO gne_vale_ferreteria_mov (vfe_id,pro_codigo_plu,vfm_cantidad,vfm_unitario,vfm_total,vfm_entregado) VALUES (4298,78017194,1,200,200,@@@NO@@@)','',2,'2013-07-04'),(33996,'INSERT INTO gne_vale_ferreteria (vfe_id,vfe_fecha,vfe_total,vfe_estado,vfe_entregado,usu_nusuario) VALUES (4299,@@@2013.07.04@@@,1690,1,0,@@@G_DIAZ@@@)','',2,'2013-07-04'),(33997,'INSERT INTO gne_vale_ferreteria_mov (vfe_id,pro_codigo_plu,vfm_cantidad,vfm_unitario,vfm_total,vfm_entregado) VALUES (4299,20476,1,1690,1690,@@@NO@@@)','',2,'2013-07-04'),(33998,'INSERT INTO gne_vale_ferreteria (vfe_id,vfe_fecha,vfe_total,vfe_estado,vfe_entregado,usu_nusuario) VALUES (4300,@@@2013.07.04@@@,200,1,0,@@@G_DIAZ@@@)','',2,'2013-07-04'),(33999,'INSERT INTO gne_vale_ferreteria_mov (vfe_id,pro_codigo_plu,vfm_cantidad,vfm_unitario,vfm_total,vfm_entregado) VALUES (4300,18113,1,200,200,@@@NO@@@)','',2,'2013-07-04'),(34000,'INSERT INTO gne_vale_ferreteria (vfe_id,vfe_fecha,vfe_total,vfe_estado,vfe_entregado,usu_nusuario) VALUES (4301,@@@2013.07.04@@@,130,1,0,@@@G_DIAZ@@@)','',2,'2013-07-04'),(34001,'INSERT INTO gne_vale_ferreteria_mov (vfe_id,pro_codigo_plu,vfm_cantidad,vfm_unitario,vfm_total,vfm_entregado) VALUES (4301,1066,1,130,130,@@@NO@@@)','',2,'2013-07-04'),(34002,'INSERT INTO gne_vale_ferreteria (vfe_id,vfe_fecha,vfe_total,vfe_estado,vfe_entregado,usu_nusuario) VALUES (4302,@@@2013.07.04@@@,1890,1,0,@@@G_DIAZ@@@)','',2,'2013-07-04'),(34003,'INSERT INTO gne_vale_ferreteria_mov (vfe_id,pro_codigo_plu,vfm_cantidad,vfm_unitario,vfm_total,vfm_entregado) VALUES (4302,101678,1,1890,1890,@@@NO@@@)','',2,'2013-07-04'),(34004,'INSERT INTO gne_vale_ferreteria (vfe_id,vfe_fecha,vfe_total,vfe_estado,vfe_entregado,usu_nusuario) VALUES (4303,@@@2013.07.04@@@,2580,1,0,@@@G_DIAZ@@@)','',2,'2013-07-04'),(34005,'INSERT INTO gne_vale_ferreteria_mov (vfe_id,pro_codigo_plu,vfm_cantidad,vfm_unitario,vfm_total,vfm_entregado) VALUES (4303,763697,1,1690,1690,@@@NO@@@)','',2,'2013-07-04'),(34006,'INSERT INTO gne_vale_ferreteria_mov (vfe_id,pro_codigo_plu,vfm_cantidad,vfm_unitario,vfm_total,vfm_entregado) VALUES (4303,4800,1,890,890,@@@NO@@@)','',2,'2013-07-04'),(34007,'INSERT INTO gne_vale_ferreteria (vfe_id,vfe_fecha,vfe_total,vfe_estado,vfe_entregado,usu_nusuario) VALUES (4304,@@@2013.07.04@@@,780,1,0,@@@G_DIAZ@@@)','',2,'2013-07-04'),(34008,'INSERT INTO gne_vale_ferreteria_mov (vfe_id,pro_codigo_plu,vfm_cantidad,vfm_unitario,vfm_total,vfm_entregado) VALUES (4304,78017011,1,390,390,@@@NO@@@)','',2,'2013-07-04'),(34009,'INSERT INTO gne_vale_ferreteria_mov (vfe_id,pro_codigo_plu,vfm_cantidad,vfm_unitario,vfm_total,vfm_entregado) VALUES (4304,764846,1,390,390,@@@NO@@@)','',2,'2013-07-04'),(34010,'INSERT INTO gne_vale_ferreteria (vfe_id,vfe_fecha,vfe_total,vfe_estado,vfe_entregado,usu_nusuario) VALUES (4305,@@@2013.07.04@@@,860,1,0,@@@G_DIAZ@@@)','',2,'2013-07-04'),(34011,'INSERT INTO gne_vale_ferreteria_mov (vfe_id,pro_codigo_plu,vfm_cantidad,vfm_unitario,vfm_total,vfm_entregado) VALUES (4305,78017027,3,50,150,@@@NO@@@)','',2,'2013-07-04'),(34012,'INSERT INTO gne_vale_ferreteria_mov (vfe_id,pro_codigo_plu,vfm_cantidad,vfm_unitario,vfm_total,vfm_entregado) VALUES (4305,78017008,1,120,120,@@@NO@@@)','',2,'2013-07-04'),(34013,'INSERT INTO gne_vale_ferreteria_mov (vfe_id,pro_codigo_plu,vfm_cantidad,vfm_unitario,vfm_total,vfm_entregado) VALUES (4305,764049,1,590,590,@@@NO@@@)','',2,'2013-07-04'),(34014,'UPDATE mae_productos SET pro_codigo_barra=@@@7805851092944@@@,pro_tipo=@@@0@@@,pro_nombre_producto=@@@PANTY FINA ELASTICADA LAURA GRAFITO 3@@@,pro_nombre_corto=@@@PANTY FINA ELAST@@@,med_id=@@@1@@@,emb_id=@@@3@@@,pro_unidades_embalaje=@@@0@@@,dep_id=@@@39 @@@,lin_id=@@@233@@@,mar_id=@@@2584@@@,pro_precio_compra_neto=@@@0@@@,pro_precio_compra_bruto=@@@0@@@,pro_precio_venta=@@@2100@@@,pro_margen_actual=@@@0@@@,pro_oferta=@@@NO@@@,pro_fecha_inicio_oferta=@@@2013.04.29@@@,pro_fecha_termino_oferta=@@@2013.04.29@@@,pro_precio_oferta=@@@0@@@,pro_stock_minimo=@@@0@@@,pro_stock_critico=@@@0@@@,pro_activo=@@@1@@@,pro_unidad=@@@0@@@,pro_precio_compra_bruto=0,pro_margen_actual=0,pro_capacidad=0,pro_funcion_plu=0,pro_flejes=1,pro_iva=1,pro_plu_asociado=0,pro_envase=@@@NO@@@,pro_duracion=0,pro_numero_etiqueta=0 WHERE pro_codigo_plu=@@@763958@@@','',2,'2013-07-04'),(34015,'UPDATE mae_productos SET pro_estado=1 WHERE pro_codigo_plu=763958','',2,'2013-07-04'),(34016,'DELETE FROM mae_impuestos_productos WHERE pro_codigo_plu=@@@763958@@@','',2,'2013-07-04'),(34017,'INSERT INTO gne_vale_ferreteria (vfe_id,vfe_fecha,vfe_total,vfe_estado,vfe_entregado,usu_nusuario) VALUES (4306,@@@2013.07.04@@@,960,1,0,@@@G_DIAZ@@@)','',2,'2013-07-04'),(34018,'INSERT INTO gne_vale_ferreteria_mov (vfe_id,pro_codigo_plu,vfm_cantidad,vfm_unitario,vfm_total,vfm_entregado) VALUES (4306,15935,2,480,960,@@@NO@@@)','',2,'2013-07-04'),(34019,'INSERT INTO gne_vale_ferreteria (vfe_id,vfe_fecha,vfe_total,vfe_estado,vfe_entregado,usu_nusuario) VALUES (4307,@@@2013.07.04@@@,150,1,0,@@@G_DIAZ@@@)','',2,'2013-07-04'),(34020,'INSERT INTO gne_vale_ferreteria_mov (vfe_id,pro_codigo_plu,vfm_cantidad,vfm_unitario,vfm_total,vfm_entregado) VALUES (4307,770059,1,150,150,@@@NO@@@)','',2,'2013-07-04'),(34021,'INSERT INTO gne_vale_ferreteria (vfe_id,vfe_fecha,vfe_total,vfe_estado,vfe_entregado,usu_nusuario) VALUES (4308,@@@2013.07.04@@@,100,1,0,@@@G_DIAZ@@@)','',2,'2013-07-04'),(34022,'INSERT INTO gne_vale_ferreteria_mov (vfe_id,pro_codigo_plu,vfm_cantidad,vfm_unitario,vfm_total,vfm_entregado) VALUES (4308,20394,1,100,100,@@@NO@@@)','',2,'2013-07-04'),(34023,'INSERT INTO gne_vale_ferreteria (vfe_id,vfe_fecha,vfe_total,vfe_estado,vfe_entregado,usu_nusuario) VALUES (4309,@@@2013.07.04@@@,720,1,0,@@@G_DIAZ@@@)','',2,'2013-07-04'),(34024,'INSERT INTO gne_vale_ferreteria_mov (vfe_id,pro_codigo_plu,vfm_cantidad,vfm_unitario,vfm_total,vfm_entregado) VALUES (4309,764135,1,200,200,@@@NO@@@)','',2,'2013-07-04'),(34025,'INSERT INTO gne_vale_ferreteria_mov (vfe_id,pro_codigo_plu,vfm_cantidad,vfm_unitario,vfm_total,vfm_entregado) VALUES (4309,764134,2,260,520,@@@NO@@@)','',2,'2013-07-04'),(34026,'INSERT INTO gne_vale_ferreteria (vfe_id,vfe_fecha,vfe_total,vfe_estado,vfe_entregado,usu_nusuario) VALUES (4310,@@@2013.07.04@@@,120,1,0,@@@G_DIAZ@@@)','',2,'2013-07-04'),(34027,'INSERT INTO gne_vale_ferreteria_mov (vfe_id,pro_codigo_plu,vfm_cantidad,vfm_unitario,vfm_total,vfm_entregado) VALUES (4310,764157,1,120,120,@@@NO@@@)','',2,'2013-07-04'),(34028,'INSERT INTO gne_vale_ferreteria (vfe_id,vfe_fecha,vfe_total,vfe_estado,vfe_entregado,usu_nusuario) VALUES (4311,@@@2013.07.04@@@,1890,1,0,@@@G_DIAZ@@@)','',2,'2013-07-04'),(34029,'INSERT INTO gne_vale_ferreteria_mov (vfe_id,pro_codigo_plu,vfm_cantidad,vfm_unitario,vfm_total,vfm_entregado) VALUES (4311,78016984,1,1890,1890,@@@NO@@@)','',2,'2013-07-04'),(34030,'INSERT INTO gne_vale_ferreteria (vfe_id,vfe_fecha,vfe_total,vfe_estado,vfe_entregado,usu_nusuario) VALUES (4312,@@@2013.07.04@@@,180,1,0,@@@G_DIAZ@@@)','',2,'2013-07-04'),(34031,'INSERT INTO gne_vale_ferreteria_mov (vfe_id,pro_codigo_plu,vfm_cantidad,vfm_unitario,vfm_total,vfm_entregado) VALUES (4312,15745,1,180,180,@@@NO@@@)','',2,'2013-07-04'),(34032,'INSERT INTO mae_productos (pro_codigo_plu,pro_codigo_barra,pro_tipo,pro_nombre_producto,pro_nombre_corto,med_id,emb_id,pro_unidades_embalaje,dep_id,lin_id,mar_id,pro_precio_compra_neto,pro_precio_compra_bruto,pro_precio_venta,pro_margen_actual,pro_oferta,pro_fecha_inicio_oferta,pro_fecha_termino_oferta,pro_precio_oferta,pro_stock_minimo,pro_stock_critico,pro_entradas_bodega,pro_salidas_bodega,pro_mermas_bodega,pro_ajustes_bodega,pro_entradas_sv,pro_salidas_sv,pro_mermas_sv,pro_ajustes_sv,pro_activo,rec_numero,pro_unidad,pro_capacidad,pro_consumo_bodega,pro_consumo_sv,pro_estado,pro_funcion_plu,pro_flejes,pro_iva,pro_plu_asociado,pro_envase,pro_duracion,pro_numero_etiqueta) VALUES (780721294,@@@6936573013137@@@,@@@0@@@,@@@SET DE CENICEROS DE VIDRIO@@@,@@@SET DE CENICEROS@@@,@@@1 @@@,@@@3 @@@,@@@0@@@,@@@38 @@@,@@@179@@@,@@@2507@@@,@@@0@@@,@@@0@@@,@@@2290@@@,@@@0@@@,@@@@@@,@@@2013.07.04@@@,@@@2013.07.04@@@,@@@0@@@,@@@0@@@,@@@0@@@,@@@0@@@,@@@0@@@,@@@0@@@,@@@0@@@,@@@0@@@,@@@0@@@,@@@0@@@,@@@0@@@,@@@1@@@,@@@0@@@,0,1,0,0,2,0,1,1,0,@@@NO@@@,0,0)','',2,'2013-07-04'),(34033,'DELETE FROM mae_impuestos_productos WHERE pro_codigo_plu=@@@780721294@@@','',2,'2013-07-04'),(34034,'INSERT INTO mae_productos (pro_codigo_plu,pro_codigo_barra,pro_tipo,pro_nombre_producto,pro_nombre_corto,med_id,emb_id,pro_unidades_embalaje,dep_id,lin_id,mar_id,pro_precio_compra_neto,pro_precio_compra_bruto,pro_precio_venta,pro_margen_actual,pro_oferta,pro_fecha_inicio_oferta,pro_fecha_termino_oferta,pro_precio_oferta,pro_stock_minimo,pro_stock_critico,pro_entradas_bodega,pro_salidas_bodega,pro_mermas_bodega,pro_ajustes_bodega,pro_entradas_sv,pro_salidas_sv,pro_mermas_sv,pro_ajustes_sv,pro_activo,rec_numero,pro_unidad,pro_capacidad,pro_consumo_bodega,pro_consumo_sv,pro_estado,pro_funcion_plu,pro_flejes,pro_iva,pro_plu_asociado,pro_envase,pro_duracion,pro_numero_etiqueta) VALUES (780721295,@@@6934573132254@@@,@@@0@@@,@@@AZUCARERO DE VIDRIO@@@,@@@AZUCARERO DE VID@@@,@@@1 @@@,@@@3 @@@,@@@0@@@,@@@38 @@@,@@@179@@@,@@@2507@@@,@@@0@@@,@@@0@@@,@@@1390@@@,@@@0@@@,@@@@@@,@@@2013.07.04@@@,@@@2013.07.04@@@,@@@0@@@,@@@0@@@,@@@0@@@,@@@0@@@,@@@0@@@,@@@0@@@,@@@0@@@,@@@0@@@,@@@0@@@,@@@0@@@,@@@0@@@,@@@1@@@,@@@0@@@,0,1,0,0,2,0,1,1,0,@@@NO@@@,0,0)','',2,'2013-07-04'),(34035,'DELETE FROM mae_impuestos_productos WHERE pro_codigo_plu=@@@780721295@@@','',2,'2013-07-04'),(34036,'INSERT INTO gne_vale_ferreteria (vfe_id,vfe_fecha,vfe_total,vfe_estado,vfe_entregado,usu_nusuario) VALUES (4313,@@@2013.07.04@@@,1980,1,0,@@@G_DIAZ@@@)','',2,'2013-07-04'),(34037,'INSERT INTO gne_vale_ferreteria_mov (vfe_id,pro_codigo_plu,vfm_cantidad,vfm_unitario,vfm_total,vfm_entregado) VALUES (4313,1536,1,290,290,@@@NO@@@)','',2,'2013-07-04'),(34038,'INSERT INTO gne_vale_ferreteria_mov (vfe_id,pro_codigo_plu,vfm_cantidad,vfm_unitario,vfm_total,vfm_entregado) VALUES (4313,20477,1,1690,1690,@@@NO@@@)','',2,'2013-07-04'),(34039,'INSERT INTO gne_vale_ferreteria (vfe_id,vfe_fecha,vfe_total,vfe_estado,vfe_entregado,usu_nusuario) VALUES (4314,@@@2013.07.04@@@,220,1,0,@@@G_DIAZ@@@)','',2,'2013-07-04'),(34040,'INSERT INTO gne_vale_ferreteria_mov (vfe_id,pro_codigo_plu,vfm_cantidad,vfm_unitario,vfm_total,vfm_entregado) VALUES (4314,78017027,2,50,100,@@@NO@@@)','',2,'2013-07-04'),(34041,'INSERT INTO gne_vale_ferreteria_mov (vfe_id,pro_codigo_plu,vfm_cantidad,vfm_unitario,vfm_total,vfm_entregado) VALUES (4314,78017008,1,120,120,@@@NO@@@)','',2,'2013-07-04'),(34042,'INSERT INTO gne_vale_ferreteria (vfe_id,vfe_fecha,vfe_total,vfe_estado,vfe_entregado,usu_nusuario) VALUES (4315,@@@2013.07.04@@@,140,1,0,@@@G_DIAZ@@@)','',2,'2013-07-04'),(34043,'INSERT INTO gne_vale_ferreteria_mov (vfe_id,pro_codigo_plu,vfm_cantidad,vfm_unitario,vfm_total,vfm_entregado) VALUES (4315,764834,7,20,140,@@@NO@@@)','',2,'2013-07-04'),(34044,'INSERT INTO gne_vale_ferreteria (vfe_id,vfe_fecha,vfe_total,vfe_estado,vfe_entregado,usu_nusuario) VALUES (4316,@@@2013.07.04@@@,450,1,0,@@@G_DIAZ@@@)','',2,'2013-07-04'),(34045,'INSERT INTO gne_vale_ferreteria_mov (vfe_id,pro_codigo_plu,vfm_cantidad,vfm_unitario,vfm_total,vfm_entregado) VALUES (4316,761962,1,450,450,@@@NO@@@)','',2,'2013-07-04'),(34046,'INSERT INTO gne_vale_ferreteria (vfe_id,vfe_fecha,vfe_total,vfe_estado,vfe_entregado,usu_nusuario) VALUES (4317,@@@2013.07.04@@@,390,1,0,@@@G_DIAZ@@@)','',2,'2013-07-04'),(34047,'INSERT INTO gne_vale_ferreteria_mov (vfe_id,pro_codigo_plu,vfm_cantidad,vfm_unitario,vfm_total,vfm_entregado) VALUES (4317,1535,1,390,390,@@@NO@@@)','',2,'2013-07-04'),(34048,'UPDATE mae_productos SET pro_codigo_barra=@@@7805025688089@@@,pro_tipo=@@@0@@@,pro_nombre_producto=@@@CERACOL TIERRA COLOR D/P 300 CC.@@@,pro_nombre_corto=@@@CERACOL TIERRA C@@@,med_id=@@@6@@@,emb_id=@@@4@@@,pro_unidades_embalaje=@@@20@@@,dep_id=@@@2 @@@,lin_id=@@@39@@@,mar_id=@@@1100@@@,pro_precio_compra_neto=@@@0@@@,pro_precio_compra_bruto=@@@476@@@,pro_precio_venta=@@@650@@@,pro_margen_actual=@@@36.55@@@,pro_oferta=@@@NO@@@,pro_fecha_inicio_oferta=@@@2007.12.07@@@,pro_fecha_termino_oferta=@@@2007.12.07@@@,pro_precio_oferta=@@@0@@@,pro_stock_minimo=@@@10@@@,pro_stock_critico=@@@5@@@,pro_activo=@@@1@@@,pro_unidad=@@@0@@@,pro_precio_compra_bruto=476,pro_margen_actual=36.55,pro_capacidad=0.3,pro_funcion_plu=0,pro_flejes=1,pro_iva=1,pro_plu_asociado=0,pro_envase=@@@NO@@@,pro_duracion=0,pro_numero_etiqueta=0 WHERE pro_codigo_plu=@@@100987@@@','',2,'2013-07-04'),(34049,'UPDATE mae_productos SET pro_estado=1 WHERE pro_codigo_plu=100987','',2,'2013-07-04'),(34050,'DELETE FROM mae_impuestos_productos WHERE pro_codigo_plu=@@@100987@@@','',2,'2013-07-04'),(34051,'UPDATE mae_productos SET pro_codigo_barra=@@@7801475000204@@@,pro_tipo=@@@0@@@,pro_nombre_producto=@@@ARROZ VALLE DE ORO G-2 LARGO KG.@@@,pro_nombre_corto=@@@ARROZ VALLE DE O@@@,med_id=@@@2@@@,emb_id=@@@2@@@,pro_unidades_embalaje=@@@10@@@,dep_id=@@@1 @@@,lin_id=@@@2@@@,mar_id=@@@1323@@@,pro_precio_compra_neto=@@@0@@@,pro_precio_compra_bruto=@@@643@@@,pro_precio_venta=@@@840@@@,pro_margen_actual=@@@30.64@@@,pro_oferta=@@@NO@@@,pro_fecha_inicio_oferta=@@@1900.01.01@@@,pro_fecha_termino_oferta=@@@1900.01.01@@@,pro_precio_oferta=@@@0@@@,pro_stock_minimo=@@@10@@@,pro_stock_critico=@@@5@@@,pro_activo=@@@1@@@,pro_unidad=@@@0@@@,pro_precio_compra_bruto=643,pro_margen_actual=30.64,pro_capacidad=1,pro_funcion_plu=0,pro_flejes=1,pro_iva=1,pro_plu_asociado=0,pro_envase=@@@NO@@@,pro_duracion=0,pro_numero_etiqueta=0 WHERE pro_codigo_plu=@@@10125@@@','',2,'2013-07-04'),(34052,'UPDATE mae_productos SET pro_estado=1 WHERE pro_codigo_plu=10125','',2,'2013-07-04'),(34053,'DELETE FROM mae_impuestos_productos WHERE pro_codigo_plu=@@@10125@@@','',2,'2013-07-04'),(34054,'UPDATE mae_productos SET pro_codigo_barra=@@@8727900878493@@@,pro_tipo=@@@0@@@,pro_nombre_producto=@@@ECO HOME AMPOLLETA PHILIPS@@@,pro_nombre_corto=@@@ECO HOME AMPOLLE@@@,med_id=@@@1@@@,emb_id=@@@3@@@,pro_unidades_embalaje=@@@0@@@,dep_id=@@@2 @@@,lin_id=@@@43@@@,mar_id=@@@1614@@@,pro_precio_compra_neto=@@@0@@@,pro_precio_compra_bruto=@@@908@@@,pro_precio_venta=@@@1350@@@,pro_margen_actual=@@@48.68@@@,pro_oferta=@@@NO@@@,pro_fecha_inicio_oferta=@@@2013.04.27@@@,pro_fecha_termino_oferta=@@@2013.04.27@@@,pro_precio_oferta=@@@0@@@,pro_stock_minimo=@@@5@@@,pro_stock_critico=@@@3@@@,pro_activo=@@@1@@@,pro_unidad=@@@0@@@,pro_precio_compra_bruto=908,pro_margen_actual=48.68,pro_capacidad=1,pro_funcion_plu=0,pro_flejes=1,pro_iva=1,pro_plu_asociado=0,pro_envase=@@@NO@@@,pro_duracion=0,pro_numero_etiqueta=0 WHERE pro_codigo_plu=@@@763479@@@','',2,'2013-07-04'),(34055,'UPDATE mae_productos SET pro_estado=1 WHERE pro_codigo_plu=763479','',2,'2013-07-04'),(34056,'DELETE FROM mae_impuestos_productos WHERE pro_codigo_plu=@@@763479@@@','',2,'2013-07-04'),(34057,'UPDATE mae_productos SET pro_codigo_barra=@@@7805080140027@@@,pro_tipo=@@@0@@@,pro_nombre_producto=@@@ESCOBILLON CLORINDA INTERIORES@@@,pro_nombre_corto=@@@ESCOBILLON CLORI@@@,med_id=@@@1@@@,emb_id=@@@4@@@,pro_unidades_embalaje=@@@12@@@,dep_id=@@@2 @@@,lin_id=@@@41@@@,mar_id=@@@1398@@@,pro_precio_compra_neto=@@@0@@@,pro_precio_compra_bruto=@@@1199@@@,pro_precio_venta=@@@1590@@@,pro_margen_actual=@@@32.61@@@,pro_oferta=@@@NO@@@,pro_fecha_inicio_oferta=@@@1900.01.01@@@,pro_fecha_termino_oferta=@@@1900.01.01@@@,pro_precio_oferta=@@@0@@@,pro_stock_minimo=@@@20@@@,pro_stock_critico=@@@10@@@,pro_activo=@@@1@@@,pro_unidad=@@@0@@@,pro_precio_compra_bruto=1199,pro_margen_actual=32.61,pro_capacidad=1,pro_funcion_plu=0,pro_flejes=1,pro_iva=1,pro_plu_asociado=0,pro_envase=@@@NO@@@,pro_duracion=0,pro_numero_etiqueta=0 WHERE pro_codigo_plu=@@@14982@@@','',2,'2013-07-04'),(34058,'UPDATE mae_productos SET pro_estado=1 WHERE pro_codigo_plu=14982','',2,'2013-07-04'),(34059,'DELETE FROM mae_impuestos_productos WHERE pro_codigo_plu=@@@14982@@@','',2,'2013-07-04'),(34060,'UPDATE mae_productos SET pro_codigo_barra=@@@7804910026401@@@,pro_tipo=@@@0@@@,pro_nombre_producto=@@@DONNASEPT BUENAS NOCHES  SUAVE 8 UN.@@@,pro_nombre_corto=@@@DONNASEPT BUENAS@@@,med_id=@@@1@@@,emb_id=@@@4@@@,pro_unidades_embalaje=@@@6@@@,dep_id=@@@35 @@@,lin_id=@@@169@@@,mar_id=@@@1784@@@,pro_precio_compra_neto=@@@0@@@,pro_precio_compra_bruto=@@@644@@@,pro_precio_venta=@@@980@@@,pro_margen_actual=@@@52.17@@@,pro_oferta=@@@NO@@@,pro_fecha_inicio_oferta=@@@1900.01.01@@@,pro_fecha_termino_oferta=@@@1900.01.01@@@,pro_precio_oferta=@@@0@@@,pro_stock_minimo=@@@12@@@,pro_stock_critico=@@@6@@@,pro_activo=@@@1@@@,pro_unidad=@@@0@@@,pro_precio_compra_bruto=644,pro_margen_actual=52.17,pro_capacidad=1,pro_funcion_plu=0,pro_flejes=1,pro_iva=1,pro_plu_asociado=0,pro_envase=@@@NO@@@,pro_duracion=0,pro_numero_etiqueta=0 WHERE pro_codigo_plu=@@@19876@@@','',2,'2013-07-04'),(34061,'UPDATE mae_productos SET pro_estado=1 WHERE pro_codigo_plu=19876','',2,'2013-07-04'),(34062,'DELETE FROM mae_impuestos_productos WHERE pro_codigo_plu=@@@19876@@@','',2,'2013-07-04'),(34063,'UPDATE mae_productos SET pro_codigo_barra=@@@7804902076049@@@,pro_tipo=@@@0@@@,pro_nombre_producto=@@@DONNASEPT  N.ANAT.SUAVE CON ALAS 10 UNIDADES@@@,pro_nombre_corto=@@@DONNASEPT SUAVE@@@,med_id=@@@1@@@,emb_id=@@@4@@@,pro_unidades_embalaje=@@@24@@@,dep_id=@@@35 @@@,lin_id=@@@169@@@,mar_id=@@@626@@@,pro_precio_compra_neto=@@@0@@@,pro_precio_compra_bruto=@@@367@@@,pro_precio_venta=@@@690@@@,pro_margen_actual=@@@88.01@@@,pro_oferta=@@@NO@@@,pro_fecha_inicio_oferta=@@@1900.01.01@@@,pro_fecha_termino_oferta=@@@1900.01.01@@@,pro_precio_oferta=@@@0@@@,pro_stock_minimo=@@@12@@@,pro_stock_critico=@@@6@@@,pro_activo=@@@1@@@,pro_unidad=@@@0@@@,pro_precio_compra_bruto=367,pro_margen_actual=88.01,pro_capacidad=10,pro_funcion_plu=0,pro_flejes=1,pro_iva=1,pro_plu_asociado=0,pro_envase=@@@NO@@@,pro_duracion=0,pro_numero_etiqueta=0 WHERE pro_codigo_plu=@@@19804@@@','',2,'2013-07-04'),(34064,'UPDATE mae_productos SET pro_estado=1 WHERE pro_codigo_plu=19804','',2,'2013-07-04'),(34065,'DELETE FROM mae_impuestos_productos WHERE pro_codigo_plu=@@@19804@@@','',2,'2013-07-04'),(34066,'UPDATE mae_productos SET pro_precio_compra_bruto=476,pro_margen_actual=(pro_precio_venta-476)/476 * 100,pro_ultima_compra=@@@2013.07.04@@@,pro_ultimo_proveedor=@@@84348700-9@@@ WHERE pro_codigo_plu=100987','',2,'2013-07-04'),(34067,'UPDATE mae_productos SET pro_precio_compra_bruto=643,pro_margen_actual=(pro_precio_venta-643)/643 * 100,pro_ultima_compra=@@@2013.07.04@@@,pro_ultimo_proveedor=@@@84348700-9@@@ WHERE pro_codigo_plu=10125','',2,'2013-07-04'),(34068,'UPDATE mae_productos SET pro_precio_compra_bruto=908,pro_margen_actual=(pro_precio_venta-908)/908 * 100,pro_ultima_compra=@@@2013.07.04@@@,pro_ultimo_proveedor=@@@84348700-9@@@ WHERE pro_codigo_plu=763479','',2,'2013-07-04'),(34069,'UPDATE mae_productos SET pro_precio_compra_bruto=1199,pro_margen_actual=(pro_precio_venta-1199)/1199 * 100,pro_ultima_compra=@@@2013.07.04@@@,pro_ultimo_proveedor=@@@84348700-9@@@ WHERE pro_codigo_plu=14982','',2,'2013-07-04'),(34070,'UPDATE mae_productos SET pro_precio_compra_bruto=644,pro_margen_actual=(pro_precio_venta-644)/644 * 100,pro_ultima_compra=@@@2013.07.04@@@,pro_ultimo_proveedor=@@@84348700-9@@@ WHERE pro_codigo_plu=19876','',2,'2013-07-04'),(34071,'UPDATE mae_productos SET pro_precio_compra_bruto=367,pro_margen_actual=(pro_precio_venta-367)/367 * 100,pro_ultima_compra=@@@2013.07.04@@@,pro_ultimo_proveedor=@@@84348700-9@@@ WHERE pro_codigo_plu=19804','',2,'2013-07-04'),(34072,'INSERT INTO gne_vale_ferreteria (vfe_id,vfe_fecha,vfe_total,vfe_estado,vfe_entregado,usu_nusuario) VALUES (4318,@@@2013.07.04@@@,240,1,0,@@@G_DIAZ@@@)','',2,'2013-07-04'),(34073,'INSERT INTO gne_vale_ferreteria_mov (vfe_id,pro_codigo_plu,vfm_cantidad,vfm_unitario,vfm_total,vfm_entregado) VALUES (4318,764157,2,120,240,@@@NO@@@)','',2,'2013-07-04'),(34074,'INSERT INTO gne_vale_ferreteria (vfe_id,vfe_fecha,vfe_total,vfe_estado,vfe_entregado,usu_nusuario) VALUES (4319,@@@2013.07.04@@@,600,1,0,@@@G_DIAZ@@@)','',2,'2013-07-04'),(34075,'INSERT INTO gne_vale_ferreteria_mov (vfe_id,pro_codigo_plu,vfm_cantidad,vfm_unitario,vfm_total,vfm_entregado) VALUES (4319,764157,2,120,240,@@@NO@@@)','',2,'2013-07-04'),(34076,'INSERT INTO gne_vale_ferreteria_mov (vfe_id,pro_codigo_plu,vfm_cantidad,vfm_unitario,vfm_total,vfm_entregado) VALUES (4319,78017026,4,90,360,@@@NO@@@)','',2,'2013-07-04'),(34077,'INSERT INTO gne_vale_ferreteria (vfe_id,vfe_fecha,vfe_total,vfe_estado,vfe_entregado,usu_nusuario) VALUES (4320,@@@2013.07.04@@@,200,1,0,@@@G_DIAZ@@@)','',2,'2013-07-04'),(34078,'INSERT INTO gne_vale_ferreteria_mov (vfe_id,pro_codigo_plu,vfm_cantidad,vfm_unitario,vfm_total,vfm_entregado) VALUES (4320,78017027,4,50,200,@@@NO@@@)','',2,'2013-07-04'),(34079,'INSERT INTO gne_vale_ferreteria (vfe_id,vfe_fecha,vfe_total,vfe_estado,vfe_entregado,usu_nusuario) VALUES (4321,@@@2013.07.04@@@,1260,1,0,@@@G_DIAZ@@@)','',2,'2013-07-04'),(34080,'INSERT INTO gne_vale_ferreteria_mov (vfe_id,pro_codigo_plu,vfm_cantidad,vfm_unitario,vfm_total,vfm_entregado) VALUES (4321,764778,1,330,330,@@@NO@@@)','',2,'2013-07-04'),(34081,'INSERT INTO gne_vale_ferreteria_mov (vfe_id,pro_codigo_plu,vfm_cantidad,vfm_unitario,vfm_total,vfm_entregado) VALUES (4321,77009,1,300,300,@@@NO@@@)','',2,'2013-07-04'),(34082,'INSERT INTO gne_vale_ferreteria_mov (vfe_id,pro_codigo_plu,vfm_cantidad,vfm_unitario,vfm_total,vfm_entregado) VALUES (4321,8023,1,390,390,@@@NO@@@)','',2,'2013-07-04'),(34083,'INSERT INTO gne_vale_ferreteria_mov (vfe_id,pro_codigo_plu,vfm_cantidad,vfm_unitario,vfm_total,vfm_entregado) VALUES (4321,764766,2,120,240,@@@NO@@@)','',2,'2013-07-04'),(34084,'INSERT INTO gne_vale_ferreteria (vfe_id,vfe_fecha,vfe_total,vfe_estado,vfe_entregado,usu_nusuario) VALUES (4322,@@@2013.07.04@@@,690,1,0,@@@G_DIAZ@@@)','',2,'2013-07-04'),(34085,'INSERT INTO gne_vale_ferreteria_mov (vfe_id,pro_codigo_plu,vfm_cantidad,vfm_unitario,vfm_total,vfm_entregado) VALUES (4322,762000,1,690,690,@@@NO@@@)','',2,'2013-07-04'),(34086,'INSERT INTO gne_vale_ferreteria (vfe_id,vfe_fecha,vfe_total,vfe_estado,vfe_entregado,usu_nusuario) VALUES (4323,@@@2013.07.04@@@,550,1,0,@@@G_DIAZ@@@)','',2,'2013-07-04'),(34087,'INSERT INTO gne_vale_ferreteria_mov (vfe_id,pro_codigo_plu,vfm_cantidad,vfm_unitario,vfm_total,vfm_entregado) VALUES (4323,763790,2,30,60,@@@NO@@@)','',2,'2013-07-04'),(34088,'INSERT INTO gne_vale_ferreteria_mov (vfe_id,pro_codigo_plu,vfm_cantidad,vfm_unitario,vfm_total,vfm_entregado) VALUES (4323,1538,1,490,490,@@@NO@@@)','',2,'2013-07-04'),(34089,'UPDATE mae_productos SET pro_margen_actual=30.64,pro_precio_venta=840 WHERE pro_codigo_plu=10125','',2,'2013-07-04'),(34090,'UPDATE mae_productos SET pro_margen_actual=0,pro_precio_venta=1390 WHERE pro_codigo_plu=780721295','',2,'2013-07-04'),(34091,'UPDATE mae_productos SET pro_margen_actual=36.55,pro_precio_venta=650 WHERE pro_codigo_plu=100987','',2,'2013-07-04'),(34092,'UPDATE mae_productos SET pro_margen_actual=0,pro_precio_venta=1650 WHERE pro_codigo_plu=763174','',2,'2013-07-04'),(34093,'UPDATE mae_productos SET pro_margen_actual=88.01,pro_precio_venta=690 WHERE pro_codigo_plu=19804','',2,'2013-07-04'),(34094,'UPDATE mae_productos SET pro_margen_actual=52.17,pro_precio_venta=980 WHERE pro_codigo_plu=19876','',2,'2013-07-04'),(34095,'UPDATE mae_productos SET pro_margen_actual=48.68,pro_precio_venta=1350 WHERE pro_codigo_plu=763479','',2,'2013-07-04'),(34096,'UPDATE mae_productos SET pro_margen_actual=32.61,pro_precio_venta=1590 WHERE pro_codigo_plu=14982','',2,'2013-07-04'),(34097,'UPDATE mae_productos SET pro_margen_actual=0,pro_precio_venta=1490 WHERE pro_codigo_plu=12765','',2,'2013-07-04'),(34098,'UPDATE mae_productos SET pro_margen_actual=0,pro_precio_venta=2100 WHERE pro_codigo_plu=763958','',2,'2013-07-04'),(34099,'UPDATE mae_productos SET pro_margen_actual=0,pro_precio_venta=390 WHERE pro_codigo_plu=101102','',2,'2013-07-04'),(34100,'UPDATE mae_productos SET pro_margen_actual=0,pro_precio_venta=2290 WHERE pro_codigo_plu=780721294','',2,'2013-07-04'),(34101,'UPDATE mae_productos SET pro_margen_actual=0,pro_precio_venta=2290 WHERE pro_codigo_plu=20595','',2,'2013-07-04'),(34102,'UPDATE mae_productos SET pro_precio_fiscal=pro_precio_venta WHERE pro_codigo_plu=780721295','',2,'2013-07-04'),(34103,'UPDATE mae_productos SET pro_precio_fiscal=pro_precio_venta WHERE pro_codigo_plu=780721294','',2,'2013-07-04'),(34104,'UPDATE mae_productos SET pro_precio_fiscal=pro_precio_venta WHERE pro_codigo_plu=12765','',2,'2013-07-04'),(34105,'UPDATE mae_productos SET pro_precio_fiscal=pro_precio_venta WHERE pro_codigo_plu=763174','',2,'2013-07-04'),(34106,'UPDATE mae_productos SET pro_precio_fiscal=pro_precio_venta WHERE pro_codigo_plu=20595','',2,'2013-07-04'),(34107,'UPDATE mae_productos SET pro_precio_fiscal=pro_precio_venta WHERE pro_codigo_plu=100987','',2,'2013-07-04'),(34108,'UPDATE mae_productos SET pro_precio_fiscal=pro_precio_venta WHERE pro_codigo_plu=101102','',2,'2013-07-04'),(34109,'UPDATE mae_productos SET pro_precio_fiscal=pro_precio_venta WHERE pro_codigo_plu=763958','',2,'2013-07-04'),(34110,'INSERT INTO gne_vale_ferreteria (vfe_id,vfe_fecha,vfe_total,vfe_estado,vfe_entregado,usu_nusuario) VALUES (4324,@@@2013.07.04@@@,2290,1,0,@@@G_DIAZ@@@)','',2,'2013-07-04'),(34111,'INSERT INTO gne_vale_ferreteria_mov (vfe_id,pro_codigo_plu,vfm_cantidad,vfm_unitario,vfm_total,vfm_entregado) VALUES (4324,20595,1,2290,2290,@@@NO@@@)','',2,'2013-07-04'),(34112,'INSERT INTO gne_vale_ferreteria (vfe_id,vfe_fecha,vfe_total,vfe_estado,vfe_entregado,usu_nusuario) VALUES (4325,@@@2013.07.04@@@,200,1,0,@@@G_DIAZ@@@)','',2,'2013-07-04'),(34113,'INSERT INTO gne_vale_ferreteria_mov (vfe_id,pro_codigo_plu,vfm_cantidad,vfm_unitario,vfm_total,vfm_entregado) VALUES (4325,763851,2,100,200,@@@NO@@@)','',2,'2013-07-04'),(34114,'INSERT INTO gne_vale_ferreteria (vfe_id,vfe_fecha,vfe_total,vfe_estado,vfe_entregado,usu_nusuario) VALUES (4326,@@@2013.07.04@@@,180,1,0,@@@G_DIAZ@@@)','',2,'2013-07-04'),(34115,'INSERT INTO gne_vale_ferreteria_mov (vfe_id,pro_codigo_plu,vfm_cantidad,vfm_unitario,vfm_total,vfm_entregado) VALUES (4326,78017026,2,90,180,@@@NO@@@)','',2,'2013-07-04'),(34116,'INSERT INTO gne_vale_ferreteria (vfe_id,vfe_fecha,vfe_total,vfe_estado,vfe_entregado,usu_nusuario) VALUES (4327,@@@2013.07.04@@@,2390,1,0,@@@G_DIAZ@@@)','',2,'2013-07-04'),(34117,'INSERT INTO gne_vale_ferreteria_mov (vfe_id,pro_codigo_plu,vfm_cantidad,vfm_unitario,vfm_total,vfm_entregado) VALUES (4327,780721177,1,2390,2390,@@@NO@@@)','',2,'2013-07-04'),(34118,'INSERT INTO gne_vale_ferreteria (vfe_id,vfe_fecha,vfe_total,vfe_estado,vfe_entregado,usu_nusuario) VALUES (4328,@@@2013.07.04@@@,1840,1,0,@@@G_DIAZ@@@)','',2,'2013-07-04'),(34119,'INSERT INTO gne_vale_ferreteria_mov (vfe_id,pro_codigo_plu,vfm_cantidad,vfm_unitario,vfm_total,vfm_entregado) VALUES (4328,78017026,4,90,360,@@@NO@@@)','',2,'2013-07-04'),(34120,'INSERT INTO gne_vale_ferreteria_mov (vfe_id,pro_codigo_plu,vfm_cantidad,vfm_unitario,vfm_total,vfm_entregado) VALUES (4328,78017139,1,200,200,@@@NO@@@)','',2,'2013-07-04'),(34121,'INSERT INTO gne_vale_ferreteria_mov (vfe_id,pro_codigo_plu,vfm_cantidad,vfm_unitario,vfm_total,vfm_entregado) VALUES (4328,764264,1,960,960,@@@NO@@@)','',2,'2013-07-04'),(34122,'INSERT INTO gne_vale_ferreteria_mov (vfe_id,pro_codigo_plu,vfm_cantidad,vfm_unitario,vfm_total,vfm_entregado) VALUES (4328,78017194,1,200,200,@@@NO@@@)','',2,'2013-07-04'),(34123,'INSERT INTO gne_vale_ferreteria_mov (vfe_id,pro_codigo_plu,vfm_cantidad,vfm_unitario,vfm_total,vfm_entregado) VALUES (4328,764157,1,120,120,@@@NO@@@)','',2,'2013-07-04'),(34124,'INSERT INTO gne_vale_ferreteria (vfe_id,vfe_fecha,vfe_total,vfe_estado,vfe_entregado,usu_nusuario) VALUES (4329,@@@2013.07.04@@@,290,1,0,@@@G_DIAZ@@@)','',2,'2013-07-04'),(34125,'INSERT INTO gne_vale_ferreteria_mov (vfe_id,pro_codigo_plu,vfm_cantidad,vfm_unitario,vfm_total,vfm_entregado) VALUES (4329,78017026,1,90,90,@@@NO@@@)','',2,'2013-07-04'),(34126,'INSERT INTO gne_vale_ferreteria_mov (vfe_id,pro_codigo_plu,vfm_cantidad,vfm_unitario,vfm_total,vfm_entregado) VALUES (4329,78017131,1,200,200,@@@NO@@@)','',2,'2013-07-04'),(34127,'INSERT INTO gne_vale_ferreteria (vfe_id,vfe_fecha,vfe_total,vfe_estado,vfe_entregado,usu_nusuario) VALUES (4330,@@@2013.07.04@@@,280,1,0,@@@G_DIAZ@@@)','',2,'2013-07-04'),(34128,'INSERT INTO gne_vale_ferreteria_mov (vfe_id,pro_codigo_plu,vfm_cantidad,vfm_unitario,vfm_total,vfm_entregado) VALUES (4330,764364,2,140,280,@@@NO@@@)','',2,'2013-07-04'),(34129,'INSERT INTO gne_vale_ferreteria (vfe_id,vfe_fecha,vfe_total,vfe_estado,vfe_entregado,usu_nusuario) VALUES (4331,@@@2013.07.04@@@,1050,1,0,@@@G_DIAZ@@@)','',2,'2013-07-04'),(34130,'INSERT INTO gne_vale_ferreteria_mov (vfe_id,pro_codigo_plu,vfm_cantidad,vfm_unitario,vfm_total,vfm_entregado) VALUES (4331,764157,5,120,600,@@@NO@@@)','',2,'2013-07-04'),(34131,'INSERT INTO gne_vale_ferreteria_mov (vfe_id,pro_codigo_plu,vfm_cantidad,vfm_unitario,vfm_total,vfm_entregado) VALUES (4331,78017026,5,90,450,@@@NO@@@)','',2,'2013-07-04'),(34132,'INSERT INTO gne_vale_ferreteria (vfe_id,vfe_fecha,vfe_total,vfe_estado,vfe_entregado,usu_nusuario) VALUES (4332,@@@2013.07.04@@@,350,1,0,@@@G_DIAZ@@@)','',2,'2013-07-04'),(34133,'INSERT INTO gne_vale_ferreteria_mov (vfe_id,pro_codigo_plu,vfm_cantidad,vfm_unitario,vfm_total,vfm_entregado) VALUES (4332,102408,1,350,350,@@@NO@@@)','',2,'2013-07-04'),(34134,'INSERT INTO gne_vale_ferreteria (vfe_id,vfe_fecha,vfe_total,vfe_estado,vfe_entregado,usu_nusuario) VALUES (4333,@@@2013.07.04@@@,3150,1,0,@@@G_DIAZ@@@)','',2,'2013-07-04'),(34135,'INSERT INTO gne_vale_ferreteria_mov (vfe_id,pro_codigo_plu,vfm_cantidad,vfm_unitario,vfm_total,vfm_entregado) VALUES (4333,1070,2,250,500,@@@NO@@@)','',2,'2013-07-04'),(34136,'INSERT INTO gne_vale_ferreteria_mov (vfe_id,pro_codigo_plu,vfm_cantidad,vfm_unitario,vfm_total,vfm_entregado) VALUES (4333,1065,3,220,660,@@@NO@@@)','',2,'2013-07-04'),(34137,'INSERT INTO gne_vale_ferreteria_mov (vfe_id,pro_codigo_plu,vfm_cantidad,vfm_unitario,vfm_total,vfm_entregado) VALUES (4333,763616,1,1990,1990,@@@NO@@@)','',2,'2013-07-04'),(34138,'INSERT INTO gne_vale_ferreteria (vfe_id,vfe_fecha,vfe_total,vfe_estado,vfe_entregado,usu_nusuario) VALUES (4334,@@@2013.07.04@@@,550,1,0,@@@G_DIAZ@@@)','',2,'2013-07-04'),(34139,'INSERT INTO gne_vale_ferreteria_mov (vfe_id,pro_codigo_plu,vfm_cantidad,vfm_unitario,vfm_total,vfm_entregado) VALUES (4334,3102,1,550,550,@@@NO@@@)','',2,'2013-07-04'),(34140,'INSERT INTO gne_vale_ferreteria (vfe_id,vfe_fecha,vfe_total,vfe_estado,vfe_entregado,usu_nusuario) VALUES (4335,@@@2013.07.04@@@,100,1,0,@@@G_DIAZ@@@)','',2,'2013-07-04'),(34141,'INSERT INTO gne_vale_ferreteria_mov (vfe_id,pro_codigo_plu,vfm_cantidad,vfm_unitario,vfm_total,vfm_entregado) VALUES (4335,764833,10,10,100,@@@NO@@@)','',2,'2013-07-04'),(34142,'INSERT INTO gne_vale_ferreteria (vfe_id,vfe_fecha,vfe_total,vfe_estado,vfe_entregado,usu_nusuario) VALUES (4336,@@@2013.07.04@@@,120,1,0,@@@G_DIAZ@@@)','',2,'2013-07-04'),(34143,'INSERT INTO gne_vale_ferreteria_mov (vfe_id,pro_codigo_plu,vfm_cantidad,vfm_unitario,vfm_total,vfm_entregado) VALUES (4336,764766,1,120,120,@@@NO@@@)','',2,'2013-07-04'),(34144,'INSERT INTO gne_vale_ferreteria (vfe_id,vfe_fecha,vfe_total,vfe_estado,vfe_entregado,usu_nusuario) VALUES (4337,@@@2013.07.04@@@,450,1,0,@@@G_DIAZ@@@)','',2,'2013-07-04'),(34145,'INSERT INTO gne_vale_ferreteria_mov (vfe_id,pro_codigo_plu,vfm_cantidad,vfm_unitario,vfm_total,vfm_entregado) VALUES (4337,78017202,1,450,450,@@@NO@@@)','',2,'2013-07-04'),(34146,'INSERT INTO gne_vale_ferreteria (vfe_id,vfe_fecha,vfe_total,vfe_estado,vfe_entregado,usu_nusuario) VALUES (4338,@@@2013.07.04@@@,1090,1,0,@@@G_DIAZ@@@)','',2,'2013-07-04'),(34147,'INSERT INTO gne_vale_ferreteria_mov (vfe_id,pro_codigo_plu,vfm_cantidad,vfm_unitario,vfm_total,vfm_entregado) VALUES (4338,762114,1,890,890,@@@NO@@@)','',2,'2013-07-04'),(34148,'INSERT INTO gne_vale_ferreteria_mov (vfe_id,pro_codigo_plu,vfm_cantidad,vfm_unitario,vfm_total,vfm_entregado) VALUES (4338,7051,2,100,200,@@@NO@@@)','',2,'2013-07-04'),(34149,'INSERT INTO gne_vale_ferreteria (vfe_id,vfe_fecha,vfe_total,vfe_estado,vfe_entregado,usu_nusuario) VALUES (4339,@@@2013.07.04@@@,2080,1,0,@@@G_DIAZ@@@)','',2,'2013-07-04'),(34150,'INSERT INTO gne_vale_ferreteria_mov (vfe_id,pro_codigo_plu,vfm_cantidad,vfm_unitario,vfm_total,vfm_entregado) VALUES (4339,20477,1,1690,1690,@@@NO@@@)','',2,'2013-07-04'),(34151,'INSERT INTO gne_vale_ferreteria_mov (vfe_id,pro_codigo_plu,vfm_cantidad,vfm_unitario,vfm_total,vfm_entregado) VALUES (4339,1535,1,390,390,@@@NO@@@)','',2,'2013-07-04'),(34152,'INSERT INTO gne_vale_ferreteria (vfe_id,vfe_fecha,vfe_total,vfe_estado,vfe_entregado,usu_nusuario) VALUES (4340,@@@2013.07.04@@@,180,1,0,@@@G_DIAZ@@@)','',2,'2013-07-04'),(34153,'INSERT INTO gne_vale_ferreteria_mov (vfe_id,pro_codigo_plu,vfm_cantidad,vfm_unitario,vfm_total,vfm_entregado) VALUES (4340,764249,1,140,140,@@@NO@@@)','',2,'2013-07-04'),(34154,'INSERT INTO gne_vale_ferreteria_mov (vfe_id,pro_codigo_plu,vfm_cantidad,vfm_unitario,vfm_total,vfm_entregado) VALUES (4340,78017241,1,40,40,@@@NO@@@)','',2,'2013-07-04'),(34155,'UPDATE mae_productos SET pro_codigo_barra=@@@7806500241324@@@,pro_tipo=@@@0@@@,pro_nombre_producto=@@@SERVILLETA ABOLENGO MINI 40 UN.@@@,pro_nombre_corto=@@@SERVILLETA ABOLE@@@,med_id=@@@1@@@,emb_id=@@@2@@@,pro_unidades_embalaje=@@@120@@@,dep_id=@@@2 @@@,lin_id=@@@33@@@,mar_id=@@@1668@@@,pro_precio_compra_neto=@@@0@@@,pro_precio_compra_bruto=@@@85@@@,pro_precio_venta=@@@130@@@,pro_margen_actual=@@@52.94@@@,pro_oferta=@@@NO@@@,pro_fecha_inicio_oferta=@@@1900.01.01@@@,pro_fecha_termino_oferta=@@@1900.01.01@@@,pro_precio_oferta=@@@0@@@,pro_stock_minimo=@@@120@@@,pro_stock_critico=@@@60@@@,pro_activo=@@@1@@@,pro_unidad=@@@0@@@,pro_precio_compra_bruto=85,pro_margen_actual=52.94,pro_capacidad=1,pro_funcion_plu=0,pro_flejes=1,pro_iva=1,pro_plu_asociado=0,pro_envase=@@@NO@@@,pro_duracion=0,pro_numero_etiqueta=0 WHERE pro_codigo_plu=@@@14590@@@','',2,'2013-07-04'),(34156,'UPDATE mae_productos SET pro_estado=1 WHERE pro_codigo_plu=14590','',2,'2013-07-04'),(34157,'DELETE FROM mae_impuestos_productos WHERE pro_codigo_plu=@@@14590@@@','',2,'2013-07-04'),(34158,'UPDATE mae_productos SET pro_precio_compra_bruto=85,pro_margen_actual=(pro_precio_venta-85)/85 * 100,pro_ultima_compra=@@@2013.07.04@@@,pro_ultimo_proveedor=@@@84348700-9@@@ WHERE pro_codigo_plu=780220130','',2,'2013-07-04'),(34159,'UPDATE mae_productos SET pro_precio_compra_bruto=85,pro_margen_actual=(pro_precio_venta-85)/85 * 100,pro_ultima_compra=@@@2013.07.04@@@,pro_ultimo_proveedor=@@@84348700-9@@@ WHERE pro_codigo_plu=14590','',2,'2013-07-04'),(34160,'UPDATE mae_productos SET pro_precio_compra_bruto=902,pro_margen_actual=(pro_precio_venta-902)/902 * 100,pro_ultima_compra=@@@2013.07.04@@@,pro_ultimo_proveedor=@@@84348700-9@@@ WHERE pro_codigo_plu=780721264','',2,'2013-07-04'),(34161,'INSERT INTO gne_vale_ferreteria (vfe_id,vfe_fecha,vfe_total,vfe_estado,vfe_entregado,usu_nusuario) VALUES (4341,@@@2013.07.04@@@,240,1,0,@@@admin@@@)','',2,'2013-07-04'),(34162,'INSERT INTO gne_vale_ferreteria_mov (vfe_id,pro_codigo_plu,vfm_cantidad,vfm_unitario,vfm_total,vfm_entregado) VALUES (4341,1064,2,120,240,@@@NO@@@)','',2,'2013-07-04'),(34163,'INSERT INTO gne_vale_ferreteria (vfe_id,vfe_fecha,vfe_total,vfe_estado,vfe_entregado,usu_nusuario) VALUES (4342,@@@2013.07.04@@@,990,1,0,@@@admin@@@)','',2,'2013-07-04'),(34164,'INSERT INTO gne_vale_ferreteria_mov (vfe_id,pro_codigo_plu,vfm_cantidad,vfm_unitario,vfm_total,vfm_entregado) VALUES (4342,2008,1,990,990,@@@NO@@@)','',2,'2013-07-04'),(34165,'INSERT INTO gne_vale_ferreteria (vfe_id,vfe_fecha,vfe_total,vfe_estado,vfe_entregado,usu_nusuario) VALUES (4343,@@@2013.07.04@@@,2990,1,0,@@@admin@@@)','',2,'2013-07-04'),(34166,'INSERT INTO gne_vale_ferreteria_mov (vfe_id,pro_codigo_plu,vfm_cantidad,vfm_unitario,vfm_total,vfm_entregado) VALUES (4343,765066,1,2990,2990,@@@NO@@@)','',2,'2013-07-04'),(34167,'INSERT INTO gpr_pack_virtual (pav_id,pav_nombre,pav_total_pack,pav_total_descuento,pav_desde,pav_hasta,pav_tipo,pav_precio,pav_lleva,pav_paga,pav_descuento,pav_porcentaje,pav_oferta_exclusiva,pav_agotar_stock,pav_stock,pav_costo,pav_margen) VALUES (19,@@@PACK CONFORT DOBLE HOJA 30 METROS 3 X 2@@@,2350,540,@@@2013-07-04@@@,@@@2013-12-31@@@,@@@PR@@@,0,0,0,0,0,@@@NO@@@,@@@SI@@@,600,1804,30.27)','',2,'2013-07-04'),(34168,'INSERT INTO gpr_pack_virtual_mov (pav_id,pro_codigo_plu,pvm_precio,pvm_total,pvm_lleva,pvm_paga,pvm_descuento,pvm_porcentaje,pvm_total_normal,pvm_descuento_linea,pvm_costo,pvm_margen) VALUES (19,780721264,1445,2350,2,1.5,0.5,365,2890,540,902,30.27)','',2,'2013-07-04'),(34169,'INSERT INTO gpr_pack_virtual_horario (pav_id,pvh_dia,pvh_hora_desde,pvh_hora_hasta) VALUES (19,99,@@@00:00@@@,@@@23:59@@@)','',2,'2013-07-04'),(34170,'UPDATE gpr_pack_virtual SET pav_nombre=@@@PACK ABOLENGO LLEVA 6 PAGA 5@@@,pav_total_pack=650,pav_total_descuento=130,pav_desde=@@@2013-07-01@@@,pav_hasta=@@@2013-08-30@@@,pav_tipo=@@@PA@@@,pav_precio=130,pav_lleva=6,pav_paga=4.6,pav_descuento=1.4,pav_porcentaje=37,pav_oferta_exclusiva=@@@NO@@@,pav_agotar_stock=@@@SI@@@,pav_stock=1000,pav_costo=510,pav_margen=27.45 WHERE pav_id=16','',2,'2013-07-04'),(34171,'DELETE FROM gpr_pack_virtual_mov WHERE pav_id=16','',2,'2013-07-04'),(34172,'DELETE FROM gpr_pack_virtual_horario WHERE pav_id=16','',2,'2013-07-04'),(34173,'INSERT INTO gpr_pack_virtual_mov (pav_id,pro_codigo_plu,pvm_precio,pvm_total,pvm_lleva,pvm_paga,pvm_descuento,pvm_porcentaje,pvm_total_normal,pvm_descuento_linea,pvm_costo,pvm_margen) VALUES (16,780220130,130,0,1,1,0,0,130,21.6666666666667,85,27.45),(16,14590,130,0,1,1,0,0,130,21.6666666666667,85,27.45)','',2,'2013-07-04'),(34174,'INSERT INTO gpr_pack_virtual_horario (pav_id,pvh_dia,pvh_hora_desde,pvh_hora_hasta) VALUES (16,99,@@@00:00@@@,@@@23:59@@@)','',2,'2013-07-04'),(34175,'UPDATE mae_productos SET pro_codigo_barra=@@@7790520988454@@@,pro_tipo=@@@0@@@,pro_nombre_producto=@@@DESOD. GLADE POTPOURRI 360 CM3@@@,pro_nombre_corto=@@@DESOD. GLADE POT@@@,med_id=@@@6@@@,emb_id=@@@4@@@,pro_unidades_embalaje=@@@6@@@,dep_id=@@@2 @@@,lin_id=@@@37@@@,mar_id=@@@1818@@@,pro_precio_compra_neto=@@@0@@@,pro_precio_compra_bruto=@@@0@@@,pro_precio_venta=@@@1390@@@,pro_margen_actual=@@@0@@@,pro_oferta=@@@NO@@@,pro_fecha_inicio_oferta=@@@1900.01.01@@@,pro_fecha_termino_oferta=@@@1900.01.01@@@,pro_precio_oferta=@@@0@@@,pro_stock_minimo=@@@12@@@,pro_stock_critico=@@@6@@@,pro_activo=@@@1@@@,pro_unidad=@@@0@@@,pro_precio_compra_bruto=0,pro_margen_actual=0,pro_capacidad=0.36,pro_funcion_plu=0,pro_flejes=1,pro_iva=1,pro_plu_asociado=0,pro_envase=@@@NO@@@,pro_duracion=0,pro_numero_etiqueta=0 WHERE pro_codigo_plu=@@@10959@@@','',2,'2013-07-04'),(34176,'UPDATE mae_productos SET pro_estado=1 WHERE pro_codigo_plu=10959','',2,'2013-07-04'),(34177,'DELETE FROM mae_impuestos_productos WHERE pro_codigo_plu=@@@10959@@@','',2,'2013-07-04'),(34178,'INSERT INTO gne_vale_ferreteria (vfe_id,vfe_fecha,vfe_total,vfe_estado,vfe_entregado,usu_nusuario) VALUES (4344,@@@2013.07.04@@@,180,1,0,@@@admin@@@)','',2,'2013-07-04'),(34179,'INSERT INTO gne_vale_ferreteria_mov (vfe_id,pro_codigo_plu,vfm_cantidad,vfm_unitario,vfm_total,vfm_entregado) VALUES (4344,763790,6,30,180,@@@NO@@@)','',2,'2013-07-04'),(34180,'INSERT INTO mae_productos (pro_codigo_plu,pro_codigo_barra,pro_tipo,pro_nombre_producto,pro_nombre_corto,med_id,emb_id,pro_unidades_embalaje,dep_id,lin_id,mar_id,pro_precio_compra_neto,pro_precio_compra_bruto,pro_precio_venta,pro_margen_actual,pro_oferta,pro_fecha_inicio_oferta,pro_fecha_termino_oferta,pro_precio_oferta,pro_stock_minimo,pro_stock_critico,pro_entradas_bodega,pro_salidas_bodega,pro_mermas_bodega,pro_ajustes_bodega,pro_entradas_sv,pro_salidas_sv,pro_mermas_sv,pro_ajustes_sv,pro_activo,rec_numero,pro_unidad,pro_capacidad,pro_consumo_bodega,pro_consumo_sv,pro_estado,pro_funcion_plu,pro_flejes,pro_iva,pro_plu_asociado,pro_envase,pro_duracion,pro_numero_etiqueta) VALUES (780721296,@@@7803400000204@@@,@@@0@@@,@@@LAGOA DEL SUR 45G@@@,@@@LAGOA DEL SUR 45@@@,@@@5 @@@,@@@3 @@@,@@@0@@@,@@@32 @@@,@@@215@@@,@@@1608@@@,@@@0@@@,@@@0@@@,@@@1@@@,@@@0@@@,@@@@@@,@@@2013.07.05@@@,@@@2013.07.05@@@,@@@0@@@,@@@0@@@,@@@0@@@,@@@0@@@,@@@0@@@,@@@0@@@,@@@0@@@,@@@0@@@,@@@0@@@,@@@0@@@,@@@0@@@,@@@1@@@,@@@0@@@,0,45,0,0,2,0,1,1,0,@@@NO@@@,0,0)','',2,'2013-07-05'),(34181,'DELETE FROM mae_impuestos_productos WHERE pro_codigo_plu=@@@780721296@@@','',2,'2013-07-05'),(34182,'UPDATE mae_productos SET pro_codigo_barra=@@@7803400000204@@@,pro_tipo=@@@0@@@,pro_nombre_producto=@@@LAGOS DEL SUR 45G@@@,pro_nombre_corto=@@@LAGOA DEL SUR 45@@@,med_id=@@@5@@@,emb_id=@@@3@@@,pro_unidades_embalaje=@@@0@@@,dep_id=@@@32 @@@,lin_id=@@@215@@@,mar_id=@@@1608@@@,pro_precio_compra_neto=@@@0@@@,pro_precio_compra_bruto=@@@0@@@,pro_precio_venta=@@@1@@@,pro_margen_actual=@@@0@@@,pro_oferta=@@@NO@@@,pro_fecha_inicio_oferta=@@@2013.07.05@@@,pro_fecha_termino_oferta=@@@2013.07.05@@@,pro_precio_oferta=@@@0@@@,pro_stock_minimo=@@@0@@@,pro_stock_critico=@@@0@@@,pro_activo=@@@1@@@,pro_unidad=@@@0@@@,pro_precio_compra_bruto=0,pro_margen_actual=0,pro_capacidad=45,pro_funcion_plu=0,pro_flejes=1,pro_iva=1,pro_plu_asociado=0,pro_envase=@@@NO@@@,pro_duracion=0,pro_numero_etiqueta=0 WHERE pro_codigo_plu=@@@780721296@@@','',2,'2013-07-05'),(34183,'UPDATE mae_productos SET pro_estado=1 WHERE pro_codigo_plu=780721296','',2,'2013-07-05'),(34184,'DELETE FROM mae_impuestos_productos WHERE pro_codigo_plu=@@@780721296@@@','',2,'2013-07-05'),(34185,'UPDATE mae_productos SET pro_precio_fiscal=pro_precio_venta WHERE pro_codigo_plu=10959','',2,'2013-07-05'),(34186,'UPDATE mae_productos SET pro_precio_fiscal=pro_precio_venta WHERE pro_codigo_plu=780721296','',2,'2013-07-05'),(34187,'UPDATE mae_productos SET pro_codigo_barra=@@@7804330221110@@@,pro_tipo=@@@0@@@,pro_nombre_producto=@@@120 1 MEDALLA CABERNET 700 CC@@@,pro_nombre_corto=@@@120 1 MEDALLA CA@@@,med_id=@@@6@@@,emb_id=@@@4@@@,pro_unidades_embalaje=@@@12@@@,dep_id=@@@6 @@@,lin_id=@@@60@@@,mar_id=@@@2043@@@,pro_precio_compra_neto=@@@0@@@,pro_precio_compra_bruto=@@@0@@@,pro_precio_venta=@@@1@@@,pro_margen_actual=@@@0@@@,pro_oferta=@@@NO@@@,pro_fecha_inicio_oferta=@@@1900.01.01@@@,pro_fecha_termino_oferta=@@@1900.01.01@@@,pro_precio_oferta=@@@0@@@,pro_stock_minimo=@@@12@@@,pro_stock_critico=@@@6@@@,pro_activo=@@@2@@@,pro_unidad=@@@0@@@,pro_precio_compra_bruto=0,pro_margen_actual=0,pro_capacidad=0.7,pro_funcion_plu=0,pro_flejes=1,pro_iva=1,pro_plu_asociado=0,pro_envase=@@@NO@@@,pro_duracion=0,pro_numero_etiqueta=0 WHERE pro_codigo_plu=@@@17986@@@','',2,'2013-07-05'),(34188,'UPDATE mae_productos SET pro_estado=1 WHERE pro_codigo_plu=17986','',2,'2013-07-05'),(34189,'DELETE FROM mae_impuestos_productos WHERE pro_codigo_plu=@@@17986@@@','',2,'2013-07-05'),(34190,'UPDATE mae_productos SET pro_codigo_barra=@@@7804330221219@@@,pro_tipo=@@@0@@@,pro_nombre_producto=@@@120 1 MEDALLA SAUVIGNON 700 CC@@@,pro_nombre_corto=@@@120 1 MEDALLA SA@@@,med_id=@@@6@@@,emb_id=@@@4@@@,pro_unidades_embalaje=@@@12@@@,dep_id=@@@6 @@@,lin_id=@@@60@@@,mar_id=@@@2043@@@,pro_precio_compra_neto=@@@0@@@,pro_precio_compra_bruto=@@@0@@@,pro_precio_venta=@@@1@@@,pro_margen_actual=@@@0@@@,pro_oferta=@@@NO@@@,pro_fecha_inicio_oferta=@@@1900.01.01@@@,pro_fecha_termino_oferta=@@@1900.01.01@@@,pro_precio_oferta=@@@0@@@,pro_stock_minimo=@@@12@@@,pro_stock_critico=@@@6@@@,pro_activo=@@@2@@@,pro_unidad=@@@0@@@,pro_precio_compra_bruto=0,pro_margen_actual=0,pro_capacidad=0.7,pro_funcion_plu=0,pro_flejes=1,pro_iva=1,pro_plu_asociado=0,pro_envase=@@@NO@@@,pro_duracion=0,pro_numero_etiqueta=0 WHERE pro_codigo_plu=@@@17987@@@','',2,'2013-07-05'),(34191,'UPDATE mae_productos SET pro_estado=1 WHERE pro_codigo_plu=17987','',2,'2013-07-05'),(34192,'DELETE FROM mae_impuestos_productos WHERE pro_codigo_plu=@@@17987@@@','',2,'2013-07-05'),(34193,'INSERT INTO com_ventas_grupo (vgr_fecha,vgr_grupo,vgr_cantidad,vgr_total) VALUES (@@@2013.07.04@@@,1,178.585,158591)','',2,'2013-07-05'),(34194,'INSERT INTO com_ventas_grupo (vgr_fecha,vgr_grupo,vgr_cantidad,vgr_total) VALUES (@@@2013.07.04@@@,2,157.835,114225)','',2,'2013-07-05'),(34195,'INSERT INTO com_ventas_grupo (vgr_fecha,vgr_grupo,vgr_cantidad,vgr_total) VALUES (@@@2013.07.04@@@,3,328,75951)','',2,'2013-07-05'),(34196,'INSERT INTO com_ventas_grupo (vgr_fecha,vgr_grupo,vgr_cantidad,vgr_total) VALUES (@@@2013.07.04@@@,4,63,57910)','',2,'2013-07-05'),(34197,'INSERT INTO com_ventas_grupo (vgr_fecha,vgr_grupo,vgr_cantidad,vgr_total) VALUES (@@@2013.07.04@@@,5,1,2390)','',2,'2013-07-05'),(34198,'INSERT INTO com_ventas_grupo (vgr_fecha,vgr_grupo,vgr_cantidad,vgr_total) VALUES (@@@2013.07.04@@@,6,21,32190)','',2,'2013-07-05'),(34199,'INSERT INTO com_ventas_grupo (vgr_fecha,vgr_grupo,vgr_cantidad,vgr_total) VALUES (@@@2013.07.04@@@,7,26,49336)','',2,'2013-07-05'),(34200,'INSERT INTO com_ventas_grupo (vgr_fecha,vgr_grupo,vgr_cantidad,vgr_total) VALUES (@@@2013.07.04@@@,8,24,13950)','',2,'2013-07-05'),(34201,'INSERT INTO com_ventas_grupo (vgr_fecha,vgr_grupo,vgr_cantidad,vgr_total) VALUES (@@@2013.07.04@@@,9,88.037,146441)','',2,'2013-07-05'),(34202,'INSERT INTO com_ventas_grupo (vgr_fecha,vgr_grupo,vgr_cantidad,vgr_total) VALUES (@@@2013.07.04@@@,10,45.78,145281)','',2,'2013-07-05'),(34203,'INSERT INTO com_ventas_grupo (vgr_fecha,vgr_grupo,vgr_cantidad,vgr_total) VALUES (@@@2013.07.04@@@,11,22.345,46077)','',2,'2013-07-05'),(34204,'INSERT INTO com_ventas_grupo (vgr_fecha,vgr_grupo,vgr_cantidad,vgr_total) VALUES (@@@2013.07.04@@@,12,39.78,62304)','',2,'2013-07-05'),(34205,'INSERT INTO com_ventas_grupo (vgr_fecha,vgr_grupo,vgr_cantidad,vgr_total) VALUES (@@@2013.07.04@@@,13,14.755,37251)','',2,'2013-07-05'),(34206,'INSERT INTO com_ventas_grupo (vgr_fecha,vgr_grupo,vgr_cantidad,vgr_total) VALUES (@@@2013.07.04@@@,14,101.54,92126)','',2,'2013-07-05'),(34207,'INSERT INTO com_ventas_grupo (vgr_fecha,vgr_grupo,vgr_cantidad,vgr_total) VALUES (@@@2013.07.04@@@,16,4,680)','',2,'2013-07-05'),(34208,'INSERT INTO com_ventas_grupo (vgr_fecha,vgr_grupo,vgr_cantidad,vgr_total) VALUES (@@@2013.07.04@@@,18,198.72,113708)','',2,'2013-07-05'),(34209,'INSERT INTO com_ventas_grupo (vgr_fecha,vgr_grupo,vgr_cantidad,vgr_total) VALUES (@@@2013.07.04@@@,20,121,27220)','',2,'2013-07-05'),(34210,'INSERT INTO com_ventas_grupo (vgr_fecha,vgr_grupo,vgr_cantidad,vgr_total) VALUES (@@@2013.07.04@@@,21,54,53395)','',2,'2013-07-05'),(34211,'INSERT INTO com_ventas_grupo (vgr_fecha,vgr_grupo,vgr_cantidad,vgr_total) VALUES (@@@2013.07.04@@@,24,160,30420)','',2,'2013-07-05'),(34212,'INSERT INTO com_ventas_grupo (vgr_fecha,vgr_grupo,vgr_cantidad,vgr_total) VALUES (@@@2013.07.04@@@,25,89,126700)','',2,'2013-07-05'),(34213,'INSERT INTO com_ventas_grupo (vgr_fecha,vgr_grupo,vgr_cantidad,vgr_total) VALUES (@@@2013.07.04@@@,31,12,16510)','',2,'2013-07-05'),(34214,'INSERT INTO com_ventas_grupo (vgr_fecha,vgr_grupo,vgr_cantidad,vgr_total) VALUES (@@@2013.07.04@@@,32,293,95436)','',2,'2013-07-05'),(34215,'INSERT INTO com_ventas_grupo (vgr_fecha,vgr_grupo,vgr_cantidad,vgr_total) VALUES (@@@2013.07.04@@@,35,9,18345)','',2,'2013-07-05'),(34216,'INSERT INTO com_ventas_grupo (vgr_fecha,vgr_grupo,vgr_cantidad,vgr_total) VALUES (@@@2013.07.04@@@,36,9,430)','',2,'2013-07-05'),(34217,'INSERT INTO com_ventas_grupo (vgr_fecha,vgr_grupo,vgr_cantidad,vgr_total) VALUES (@@@2013.07.04@@@,37,7,1700)','',2,'2013-07-05'),(34218,'INSERT INTO com_ventas_grupo (vgr_fecha,vgr_grupo,vgr_cantidad,vgr_total) VALUES (@@@2013.07.04@@@,38,5,7360)','',2,'2013-07-05'),(34219,'INSERT INTO com_ventas_grupo (vgr_fecha,vgr_grupo,vgr_cantidad,vgr_total) VALUES (@@@2013.07.04@@@,39,4,3960)','',2,'2013-07-05'),(34220,'INSERT INTO com_ventas_grupo (vgr_fecha,vgr_grupo,vgr_cantidad,vgr_total) VALUES (@@@2013.07.04@@@,40,17684,17684)','',2,'2013-07-05'),(34221,'INSERT INTO com_ventas_grupo (vgr_fecha,vgr_grupo,vgr_cantidad,vgr_total) VALUES (@@@2013.07.04@@@,41,6,420)','',2,'2013-07-05'),(34222,'INSERT INTO com_ventas_grupo (vgr_fecha,vgr_grupo,vgr_cantidad,vgr_total) VALUES (@@@2013.07.04@@@,42,23.505,20177)','',2,'2013-07-05'),(34223,'UPDATE mae_datos_empresa SET emp_oferta=@@@NO@@@','',2,'2013-07-05'),(34224,'INSERT INTO com_ventas_grupo (vgr_fecha,vgr_grupo,vgr_cantidad,vgr_total) VALUES (@@@2013.07.03@@@,1,205.02,201854)','',2,'2013-07-05'),(34225,'INSERT INTO com_ventas_grupo (vgr_fecha,vgr_grupo,vgr_cantidad,vgr_total) VALUES (@@@2013.07.03@@@,2,199.26,126481)','',2,'2013-07-05'),(34226,'INSERT INTO com_ventas_grupo (vgr_fecha,vgr_grupo,vgr_cantidad,vgr_total) VALUES (@@@2013.07.03@@@,3,395,80572)','',2,'2013-07-05'),(34227,'INSERT INTO com_ventas_grupo (vgr_fecha,vgr_grupo,vgr_cantidad,vgr_total) VALUES (@@@2013.07.03@@@,4,67,53550)','',2,'2013-07-05'),(34228,'INSERT INTO com_ventas_grupo (vgr_fecha,vgr_grupo,vgr_cantidad,vgr_total) VALUES (@@@2013.07.03@@@,5,3,8670)','',2,'2013-07-05'),(34229,'INSERT INTO com_ventas_grupo (vgr_fecha,vgr_grupo,vgr_cantidad,vgr_total) VALUES (@@@2013.07.03@@@,6,18,26730)','',2,'2013-07-05'),(34230,'INSERT INTO com_ventas_grupo (vgr_fecha,vgr_grupo,vgr_cantidad,vgr_total) VALUES (@@@2013.07.03@@@,7,29,43265)','',2,'2013-07-05'),(34231,'INSERT INTO com_ventas_grupo (vgr_fecha,vgr_grupo,vgr_cantidad,vgr_total) VALUES (@@@2013.07.03@@@,8,76,21750)','',2,'2013-07-05'),(34232,'INSERT INTO com_ventas_grupo (vgr_fecha,vgr_grupo,vgr_cantidad,vgr_total) VALUES (@@@2013.07.03@@@,9,84.965,133685)','',2,'2013-07-05'),(34233,'INSERT INTO com_ventas_grupo (vgr_fecha,vgr_grupo,vgr_cantidad,vgr_total) VALUES (@@@2013.07.03@@@,10,55.315,154288)','',2,'2013-07-05'),(34234,'INSERT INTO com_ventas_grupo (vgr_fecha,vgr_grupo,vgr_cantidad,vgr_total) VALUES (@@@2013.07.03@@@,11,19.795,48552)','',2,'2013-07-05'),(34235,'INSERT INTO com_ventas_grupo (vgr_fecha,vgr_grupo,vgr_cantidad,vgr_total) VALUES (@@@2013.07.03@@@,12,29.225,62462)','',2,'2013-07-05'),(34236,'INSERT INTO com_ventas_grupo (vgr_fecha,vgr_grupo,vgr_cantidad,vgr_total) VALUES (@@@2013.07.03@@@,13,22.535,57100)','',2,'2013-07-05'),(34237,'INSERT INTO com_ventas_grupo (vgr_fecha,vgr_grupo,vgr_cantidad,vgr_total) VALUES (@@@2013.07.03@@@,14,103.41,93726)','',2,'2013-07-05'),(34238,'INSERT INTO com_ventas_grupo (vgr_fecha,vgr_grupo,vgr_cantidad,vgr_total) VALUES (@@@2013.07.03@@@,15,1,1990)','',2,'2013-07-05'),(34239,'INSERT INTO com_ventas_grupo (vgr_fecha,vgr_grupo,vgr_cantidad,vgr_total) VALUES (@@@2013.07.03@@@,16,5,850)','',2,'2013-07-05'),(34240,'INSERT INTO com_ventas_grupo (vgr_fecha,vgr_grupo,vgr_cantidad,vgr_total) VALUES (@@@2013.07.03@@@,18,220.675,100386)','',2,'2013-07-05'),(34241,'INSERT INTO com_ventas_grupo (vgr_fecha,vgr_grupo,vgr_cantidad,vgr_total) VALUES (@@@2013.07.03@@@,19,1,500)','',2,'2013-07-05'),(34242,'INSERT INTO com_ventas_grupo (vgr_fecha,vgr_grupo,vgr_cantidad,vgr_total) VALUES (@@@2013.07.03@@@,20,67.465,18963)','',2,'2013-07-05'),(34243,'INSERT INTO com_ventas_grupo (vgr_fecha,vgr_grupo,vgr_cantidad,vgr_total) VALUES (@@@2013.07.03@@@,21,32,23610)','',2,'2013-07-05'),(34244,'INSERT INTO com_ventas_grupo (vgr_fecha,vgr_grupo,vgr_cantidad,vgr_total) VALUES (@@@2013.07.03@@@,23,1,2290)','',2,'2013-07-05'),(34245,'INSERT INTO com_ventas_grupo (vgr_fecha,vgr_grupo,vgr_cantidad,vgr_total) VALUES (@@@2013.07.03@@@,24,144,26839)','',2,'2013-07-05'),(34246,'INSERT INTO com_ventas_grupo (vgr_fecha,vgr_grupo,vgr_cantidad,vgr_total) VALUES (@@@2013.07.03@@@,25,112,156300)','',2,'2013-07-05'),(34247,'INSERT INTO com_ventas_grupo (vgr_fecha,vgr_grupo,vgr_cantidad,vgr_total) VALUES (@@@2013.07.03@@@,31,21,18930)','',2,'2013-07-05'),(34248,'INSERT INTO com_ventas_grupo (vgr_fecha,vgr_grupo,vgr_cantidad,vgr_total) VALUES (@@@2013.07.03@@@,32,322,98437)','',2,'2013-07-05'),(34249,'INSERT INTO com_ventas_grupo (vgr_fecha,vgr_grupo,vgr_cantidad,vgr_total) VALUES (@@@2013.07.03@@@,34,1,1200)','',2,'2013-07-05'),(34250,'INSERT INTO com_ventas_grupo (vgr_fecha,vgr_grupo,vgr_cantidad,vgr_total) VALUES (@@@2013.07.03@@@,35,18,28095)','',2,'2013-07-05'),(34251,'INSERT INTO com_ventas_grupo (vgr_fecha,vgr_grupo,vgr_cantidad,vgr_total) VALUES (@@@2013.07.03@@@,36,5,1390)','',2,'2013-07-05'),(34252,'INSERT INTO com_ventas_grupo (vgr_fecha,vgr_grupo,vgr_cantidad,vgr_total) VALUES (@@@2013.07.03@@@,37,6,720)','',2,'2013-07-05'),(34253,'INSERT INTO com_ventas_grupo (vgr_fecha,vgr_grupo,vgr_cantidad,vgr_total) VALUES (@@@2013.07.03@@@,39,5,7100)','',2,'2013-07-05'),(34254,'INSERT INTO com_ventas_grupo (vgr_fecha,vgr_grupo,vgr_cantidad,vgr_total) VALUES (@@@2013.07.03@@@,40,16199,16199)','',2,'2013-07-05'),(34255,'INSERT INTO com_ventas_grupo (vgr_fecha,vgr_grupo,vgr_cantidad,vgr_total) VALUES (@@@2013.07.03@@@,41,4,720)','',2,'2013-07-05'),(34256,'INSERT INTO com_ventas_grupo (vgr_fecha,vgr_grupo,vgr_cantidad,vgr_total) VALUES (@@@2013.07.03@@@,42,31.74,25535)','',2,'2013-07-05'),(34257,'UPDATE mae_datos_empresa SET emp_oferta=@@@NO@@@','',2,'2013-07-05'),(34258,'UPDATE mae_productos SET pro_precio_fiscal=pro_precio_venta WHERE pro_codigo_plu=17986','',2,'2013-07-05'),(34259,'UPDATE mae_productos SET pro_precio_fiscal=pro_precio_venta WHERE pro_codigo_plu=17987','',2,'2013-07-05'),(34260,'UPDATE mae_productos SET pro_margen_actual=52.94,pro_precio_venta=130 WHERE pro_codigo_plu=14590','',2,'2013-07-05'),(34261,'UPDATE mae_productos SET pro_activo=@@@0@@@ WHERE pro_codigo_plu=@@@17986@@@','',2,'2013-07-05'),(34262,'UPDATE mae_productos SET pro_codigo_barra=@@@7804330211111@@@,pro_tipo=@@@0@@@,pro_nombre_producto=@@@120 2 MEDALLAS CABERNET 700 CC@@@,pro_nombre_corto=@@@120 2 MEDALLAS C@@@,med_id=@@@6@@@,emb_id=@@@4@@@,pro_unidades_embalaje=@@@12@@@,dep_id=@@@6 @@@,lin_id=@@@60@@@,mar_id=@@@2043@@@,pro_precio_compra_neto=@@@0@@@,pro_precio_compra_bruto=@@@0@@@,pro_precio_venta=@@@1@@@,pro_margen_actual=@@@0@@@,pro_oferta=@@@NO@@@,pro_fecha_inicio_oferta=@@@1900.01.01@@@,pro_fecha_termino_oferta=@@@1900.01.01@@@,pro_precio_oferta=@@@0@@@,pro_stock_minimo=@@@12@@@,pro_stock_critico=@@@6@@@,pro_activo=@@@1@@@,pro_unidad=@@@0@@@,pro_precio_compra_bruto=0,pro_margen_actual=0,pro_capacidad=0.7,pro_funcion_plu=0,pro_flejes=1,pro_iva=1,pro_plu_asociado=0,pro_envase=@@@NO@@@,pro_duracion=0,pro_numero_etiqueta=0 WHERE pro_codigo_plu=@@@17948@@@','',2,'2013-07-05'),(34263,'UPDATE mae_productos SET pro_estado=1 WHERE pro_codigo_plu=17948','',2,'2013-07-05'),(34264,'DELETE FROM mae_impuestos_productos WHERE pro_codigo_plu=@@@17948@@@','',2,'2013-07-05'),(34265,'UPDATE mae_productos SET pro_activo=@@@0@@@ WHERE pro_codigo_plu=@@@17987@@@','',2,'2013-07-05'),(34266,'UPDATE mae_productos SET pro_codigo_barra=@@@7804330211111@@@,pro_tipo=@@@0@@@,pro_nombre_producto=@@@120 2 MEDALLAS CABERNET 700 CC@@@,pro_nombre_corto=@@@120 2 MEDALLAS C@@@,med_id=@@@6@@@,emb_id=@@@4@@@,pro_unidades_embalaje=@@@12@@@,dep_id=@@@6 @@@,lin_id=@@@60@@@,mar_id=@@@2043@@@,pro_precio_compra_neto=@@@0@@@,pro_precio_compra_bruto=@@@0@@@,pro_precio_venta=@@@1@@@,pro_margen_actual=@@@0@@@,pro_oferta=@@@NO@@@,pro_fecha_inicio_oferta=@@@1900.01.01@@@,pro_fecha_termino_oferta=@@@1900.01.01@@@,pro_precio_oferta=@@@0@@@,pro_stock_minimo=@@@12@@@,pro_stock_critico=@@@6@@@,pro_activo=@@@1@@@,pro_unidad=@@@0@@@,pro_precio_compra_bruto=0,pro_margen_actual=0,pro_capacidad=0.7,pro_funcion_plu=0,pro_flejes=1,pro_iva=1,pro_plu_asociado=0,pro_envase=@@@NO@@@,pro_duracion=0,pro_numero_etiqueta=0 WHERE pro_codigo_plu=@@@17948@@@','',2,'2013-07-05'),(34267,'UPDATE mae_productos SET pro_estado=1 WHERE pro_codigo_plu=17948','',2,'2013-07-05'),(34268,'DELETE FROM mae_impuestos_productos WHERE pro_codigo_plu=@@@17948@@@','',2,'2013-07-05'),(34269,'UPDATE mae_productos SET pro_codigo_barra=@@@7804330211210@@@,pro_tipo=@@@0@@@,pro_nombre_producto=@@@120 2 MEDALLAS SAUVIGNON 700 CC@@@,pro_nombre_corto=@@@120 2 MEDALLAS S@@@,med_id=@@@6@@@,emb_id=@@@4@@@,pro_unidades_embalaje=@@@12@@@,dep_id=@@@6 @@@,lin_id=@@@60@@@,mar_id=@@@2043@@@,pro_precio_compra_neto=@@@0@@@,pro_precio_compra_bruto=@@@0@@@,pro_precio_venta=@@@1@@@,pro_margen_actual=@@@0@@@,pro_oferta=@@@NO@@@,pro_fecha_inicio_oferta=@@@1900.01.01@@@,pro_fecha_termino_oferta=@@@1900.01.01@@@,pro_precio_oferta=@@@0@@@,pro_stock_minimo=@@@12@@@,pro_stock_critico=@@@6@@@,pro_activo=@@@1@@@,pro_unidad=@@@0@@@,pro_precio_compra_bruto=0,pro_margen_actual=0,pro_capacidad=0.7,pro_funcion_plu=0,pro_flejes=1,pro_iva=1,pro_plu_asociado=0,pro_envase=@@@NO@@@,pro_duracion=0,pro_numero_etiqueta=0 WHERE pro_codigo_plu=@@@17949@@@','',2,'2013-07-05'),(34270,'UPDATE mae_productos SET pro_estado=1 WHERE pro_codigo_plu=17949','',2,'2013-07-05'),(34271,'DELETE FROM mae_impuestos_productos WHERE pro_codigo_plu=@@@17949@@@','',2,'2013-07-05'),(34272,'UPDATE mae_productos SET pro_codigo_barra=@@@7804330211210@@@,pro_tipo=@@@0@@@,pro_nombre_producto=@@@120 2 MEDALLAS SAUVIGNON 700 CC@@@,pro_nombre_corto=@@@120 2 MEDALLAS S@@@,med_id=@@@6@@@,emb_id=@@@4@@@,pro_unidades_embalaje=@@@12@@@,dep_id=@@@6 @@@,lin_id=@@@60@@@,mar_id=@@@2043@@@,pro_precio_compra_neto=@@@0@@@,pro_precio_compra_bruto=@@@0@@@,pro_precio_venta=@@@1@@@,pro_margen_actual=@@@0@@@,pro_oferta=@@@NO@@@,pro_fecha_inicio_oferta=@@@1900.01.01@@@,pro_fecha_termino_oferta=@@@1900.01.01@@@,pro_precio_oferta=@@@0@@@,pro_stock_minimo=@@@12@@@,pro_stock_critico=@@@6@@@,pro_activo=@@@1@@@,pro_unidad=@@@0@@@,pro_precio_compra_bruto=0,pro_margen_actual=0,pro_capacidad=0.7,pro_funcion_plu=0,pro_flejes=1,pro_iva=1,pro_plu_asociado=0,pro_envase=@@@NO@@@,pro_duracion=0,pro_numero_etiqueta=0 WHERE pro_codigo_plu=@@@17949@@@','',2,'2013-07-05'),(34273,'UPDATE mae_productos SET pro_estado=1 WHERE pro_codigo_plu=17949','',2,'2013-07-05'),(34274,'DELETE FROM mae_impuestos_productos WHERE pro_codigo_plu=@@@17949@@@','',2,'2013-07-05'),(34275,'UPDATE mae_productos SET pro_codigo_barra=@@@7804330211210@@@,pro_tipo=@@@0@@@,pro_nombre_producto=@@@120 2 MEDALLAS SAUVIGNON 700 CC@@@,pro_nombre_corto=@@@120 2 MEDALLAS S@@@,med_id=@@@6@@@,emb_id=@@@4@@@,pro_unidades_embalaje=@@@12@@@,dep_id=@@@6 @@@,lin_id=@@@60@@@,mar_id=@@@2043@@@,pro_precio_compra_neto=@@@0@@@,pro_precio_compra_bruto=@@@0@@@,pro_precio_venta=@@@1@@@,pro_margen_actual=@@@0@@@,pro_oferta=@@@NO@@@,pro_fecha_inicio_oferta=@@@1900.01.01@@@,pro_fecha_termino_oferta=@@@1900.01.01@@@,pro_precio_oferta=@@@0@@@,pro_stock_minimo=@@@12@@@,pro_stock_critico=@@@6@@@,pro_activo=@@@1@@@,pro_unidad=@@@0@@@,pro_precio_compra_bruto=0,pro_margen_actual=0,pro_capacidad=0.7,pro_funcion_plu=0,pro_flejes=1,pro_iva=1,pro_plu_asociado=0,pro_envase=@@@NO@@@,pro_duracion=0,pro_numero_etiqueta=0 WHERE pro_codigo_plu=@@@17949@@@','',2,'2013-07-05'),(34276,'UPDATE mae_productos SET pro_estado=1 WHERE pro_codigo_plu=17949','',2,'2013-07-05'),(34277,'DELETE FROM mae_impuestos_productos WHERE pro_codigo_plu=@@@17949@@@','',2,'2013-07-05'),(34278,'UPDATE mae_productos SET pro_margen_actual=0,pro_precio_venta=1 WHERE pro_codigo_plu=17948','',2,'2013-07-05'),(34279,'UPDATE mae_productos SET pro_margen_actual=0,pro_precio_venta=1 WHERE pro_codigo_plu=17949','',2,'2013-07-05'),(34280,'UPDATE mae_productos SET pro_margen_actual=0,pro_precio_venta=250 WHERE pro_codigo_plu=780721296','',2,'2013-07-05'),(34281,'UPDATE mae_productos SET pro_codigo_barra=@@@7804330141210@@@,pro_tipo=@@@0@@@,pro_nombre_producto=@@@120 3 MEDALLAS SAUVIGNON 700 CC@@@,pro_nombre_corto=@@@120 3 MEDALLAS S@@@,med_id=@@@6@@@,emb_id=@@@4@@@,pro_unidades_embalaje=@@@12@@@,dep_id=@@@6 @@@,lin_id=@@@60@@@,mar_id=@@@2043@@@,pro_precio_compra_neto=@@@0@@@,pro_precio_compra_bruto=@@@0@@@,pro_precio_venta=@@@1@@@,pro_margen_actual=@@@0@@@,pro_oferta=@@@NO@@@,pro_fecha_inicio_oferta=@@@1900.01.01@@@,pro_fecha_termino_oferta=@@@1900.01.01@@@,pro_precio_oferta=@@@0@@@,pro_stock_minimo=@@@12@@@,pro_stock_critico=@@@6@@@,pro_activo=@@@1@@@,pro_unidad=@@@0@@@,pro_precio_compra_bruto=0,pro_margen_actual=0,pro_capacidad=0.7,pro_funcion_plu=0,pro_flejes=1,pro_iva=1,pro_plu_asociado=0,pro_envase=@@@NO@@@,pro_duracion=0,pro_numero_etiqueta=0 WHERE pro_codigo_plu=@@@17693@@@','',2,'2013-07-05'),(34282,'UPDATE mae_productos SET pro_estado=1 WHERE pro_codigo_plu=17693','',2,'2013-07-05'),(34283,'DELETE FROM mae_impuestos_productos WHERE pro_codigo_plu=@@@17693@@@','',2,'2013-07-05'),(34284,'UPDATE mae_productos SET pro_precio_fiscal=pro_precio_venta WHERE pro_codigo_plu=780721296','',2,'2013-07-05'),(34285,'UPDATE mae_productos SET pro_precio_fiscal=pro_precio_venta WHERE pro_codigo_plu=17693','',2,'2013-07-05'),(34286,'UPDATE mae_productos SET pro_precio_fiscal=pro_precio_venta WHERE pro_codigo_plu=17948','',2,'2013-07-05'),(34287,'UPDATE mae_productos SET pro_precio_fiscal=pro_precio_venta WHERE pro_codigo_plu=17949','',2,'2013-07-05'),(34288,'UPDATE mae_productos SET pro_codigo_barra=@@@7804330141210@@@,pro_tipo=@@@0@@@,pro_nombre_producto=@@@120 3 MEDALLAS SAUVIGNON 700 CC@@@,pro_nombre_corto=@@@120 3 MEDALLAS S@@@,med_id=@@@6@@@,emb_id=@@@4@@@,pro_unidades_embalaje=@@@12@@@,dep_id=@@@6 @@@,lin_id=@@@60@@@,mar_id=@@@2043@@@,pro_precio_compra_neto=@@@0@@@,pro_precio_compra_bruto=@@@0@@@,pro_precio_venta=@@@1@@@,pro_margen_actual=@@@0@@@,pro_oferta=@@@NO@@@,pro_fecha_inicio_oferta=@@@1900.01.01@@@,pro_fecha_termino_oferta=@@@1900.01.01@@@,pro_precio_oferta=@@@0@@@,pro_stock_minimo=@@@12@@@,pro_stock_critico=@@@6@@@,pro_activo=@@@1@@@,pro_unidad=@@@0@@@,pro_precio_compra_bruto=0,pro_margen_actual=0,pro_capacidad=0.7,pro_funcion_plu=0,pro_flejes=1,pro_iva=1,pro_plu_asociado=0,pro_envase=@@@NO@@@,pro_duracion=0,pro_numero_etiqueta=0 WHERE pro_codigo_plu=@@@17693@@@','',2,'2013-07-05'),(34289,'UPDATE mae_productos SET pro_estado=1 WHERE pro_codigo_plu=17693','',2,'2013-07-05'),(34290,'DELETE FROM mae_impuestos_productos WHERE pro_codigo_plu=@@@17693@@@','',2,'2013-07-05'),(34291,'UPDATE mae_productos SET pro_codigo_barra=@@@7804330211210@@@,pro_tipo=@@@0@@@,pro_nombre_producto=@@@120 2 MEDALLAS SAUVIGNON 700 CC@@@,pro_nombre_corto=@@@120 2 MEDALLAS S@@@,med_id=@@@6@@@,emb_id=@@@4@@@,pro_unidades_embalaje=@@@12@@@,dep_id=@@@6 @@@,lin_id=@@@60@@@,mar_id=@@@2043@@@,pro_precio_compra_neto=@@@0@@@,pro_precio_compra_bruto=@@@0@@@,pro_precio_venta=@@@1@@@,pro_margen_actual=@@@0@@@,pro_oferta=@@@NO@@@,pro_fecha_inicio_oferta=@@@1900.01.01@@@,pro_fecha_termino_oferta=@@@1900.01.01@@@,pro_precio_oferta=@@@0@@@,pro_stock_minimo=@@@12@@@,pro_stock_critico=@@@6@@@,pro_activo=@@@1@@@,pro_unidad=@@@0@@@,pro_precio_compra_bruto=0,pro_margen_actual=0,pro_capacidad=0.7,pro_funcion_plu=0,pro_flejes=1,pro_iva=1,pro_plu_asociado=0,pro_envase=@@@NO@@@,pro_duracion=0,pro_numero_etiqueta=0 WHERE pro_codigo_plu=@@@17949@@@','',2,'2013-07-05'),(34292,'UPDATE mae_productos SET pro_estado=1 WHERE pro_codigo_plu=17949','',2,'2013-07-05'),(34293,'DELETE FROM mae_impuestos_productos WHERE pro_codigo_plu=@@@17949@@@','',2,'2013-07-05'),(34294,'UPDATE mae_productos SET pro_codigo_barra=@@@7804330211111@@@,pro_tipo=@@@0@@@,pro_nombre_producto=@@@120 2 MEDALLAS CABERNET 700 CC@@@,pro_nombre_corto=@@@120 2 MEDALLAS C@@@,med_id=@@@6@@@,emb_id=@@@4@@@,pro_unidades_embalaje=@@@12@@@,dep_id=@@@6 @@@,lin_id=@@@60@@@,mar_id=@@@2043@@@,pro_precio_compra_neto=@@@0@@@,pro_precio_compra_bruto=@@@0@@@,pro_precio_venta=@@@1@@@,pro_margen_actual=@@@0@@@,pro_oferta=@@@NO@@@,pro_fecha_inicio_oferta=@@@1900.01.01@@@,pro_fecha_termino_oferta=@@@1900.01.01@@@,pro_precio_oferta=@@@0@@@,pro_stock_minimo=@@@12@@@,pro_stock_critico=@@@6@@@,pro_activo=@@@1@@@,pro_unidad=@@@0@@@,pro_precio_compra_bruto=0,pro_margen_actual=0,pro_capacidad=0.7,pro_funcion_plu=0,pro_flejes=1,pro_iva=1,pro_plu_asociado=0,pro_envase=@@@NO@@@,pro_duracion=0,pro_numero_etiqueta=0 WHERE pro_codigo_plu=@@@17948@@@','',2,'2013-07-05'),(34295,'UPDATE mae_productos SET pro_estado=1 WHERE pro_codigo_plu=17948','',2,'2013-07-05'),(34296,'DELETE FROM mae_impuestos_productos WHERE pro_codigo_plu=@@@17948@@@','',2,'2013-07-05'),(34297,'UPDATE mae_productos SET pro_codigo_barra=@@@7804330211111@@@,pro_tipo=@@@0@@@,pro_nombre_producto=@@@120 2 MEDALLAS CABERNET 700 CC@@@,pro_nombre_corto=@@@120 2 MEDALLAS C@@@,med_id=@@@6@@@,emb_id=@@@4@@@,pro_unidades_embalaje=@@@12@@@,dep_id=@@@6 @@@,lin_id=@@@60@@@,mar_id=@@@2043@@@,pro_precio_compra_neto=@@@0@@@,pro_precio_compra_bruto=@@@0@@@,pro_precio_venta=@@@1@@@,pro_margen_actual=@@@0@@@,pro_oferta=@@@NO@@@,pro_fecha_inicio_oferta=@@@1900.01.01@@@,pro_fecha_termino_oferta=@@@1900.01.01@@@,pro_precio_oferta=@@@0@@@,pro_stock_minimo=@@@12@@@,pro_stock_critico=@@@6@@@,pro_activo=@@@1@@@,pro_unidad=@@@0@@@,pro_precio_compra_bruto=0,pro_margen_actual=0,pro_capacidad=0.7,pro_funcion_plu=0,pro_flejes=1,pro_iva=1,pro_plu_asociado=0,pro_envase=@@@NO@@@,pro_duracion=0,pro_numero_etiqueta=0 WHERE pro_codigo_plu=@@@17948@@@','',2,'2013-07-05'),(34298,'UPDATE mae_productos SET pro_estado=1 WHERE pro_codigo_plu=17948','',2,'2013-07-05'),(34299,'DELETE FROM mae_impuestos_productos WHERE pro_codigo_plu=@@@17948@@@','',2,'2013-07-05'),(34300,'UPDATE mae_productos SET pro_codigo_barra=@@@7804330211111@@@,pro_tipo=@@@0@@@,pro_nombre_producto=@@@120 2 MEDALLAS CABERNET 700 CC@@@,pro_nombre_corto=@@@120 2 MEDALLAS C@@@,med_id=@@@6@@@,emb_id=@@@4@@@,pro_unidades_embalaje=@@@12@@@,dep_id=@@@6 @@@,lin_id=@@@60@@@,mar_id=@@@2043@@@,pro_precio_compra_neto=@@@0@@@,pro_precio_compra_bruto=@@@0@@@,pro_precio_venta=@@@1@@@,pro_margen_actual=@@@0@@@,pro_oferta=@@@NO@@@,pro_fecha_inicio_oferta=@@@1900.01.01@@@,pro_fecha_termino_oferta=@@@1900.01.01@@@,pro_precio_oferta=@@@0@@@,pro_stock_minimo=@@@12@@@,pro_stock_critico=@@@6@@@,pro_activo=@@@1@@@,pro_unidad=@@@0@@@,pro_precio_compra_bruto=0,pro_margen_actual=0,pro_capacidad=0.7,pro_funcion_plu=0,pro_flejes=1,pro_iva=1,pro_plu_asociado=0,pro_envase=@@@NO@@@,pro_duracion=0,pro_numero_etiqueta=0 WHERE pro_codigo_plu=@@@17948@@@','',2,'2013-07-05'),(34301,'UPDATE mae_productos SET pro_estado=1 WHERE pro_codigo_plu=17948','',2,'2013-07-05'),(34302,'DELETE FROM mae_impuestos_productos WHERE pro_codigo_plu=@@@17948@@@','',2,'2013-07-05'),(34303,'INSERT INTO gne_vale_ferreteria (vfe_id,vfe_fecha,vfe_total,vfe_estado,vfe_entregado,usu_nusuario) VALUES (4345,@@@2013.07.05@@@,290,1,0,@@@S_BIZAMA@@@)','',2,'2013-07-05'),(34304,'INSERT INTO gne_vale_ferreteria_mov (vfe_id,pro_codigo_plu,vfm_cantidad,vfm_unitario,vfm_total,vfm_entregado) VALUES (4345,763772,1,290,290,@@@NO@@@)','',2,'2013-07-05'),(34305,'UPDATE mae_productos SET pro_codigo_barra=@@@7804330211210@@@,pro_tipo=@@@0@@@,pro_nombre_producto=@@@120 2 MEDALLAS SAUVIGNON 700 CC@@@,pro_nombre_corto=@@@120 2 MEDALLAS S@@@,med_id=@@@6@@@,emb_id=@@@4@@@,pro_unidades_embalaje=@@@12@@@,dep_id=@@@6 @@@,lin_id=@@@60@@@,mar_id=@@@2043@@@,pro_precio_compra_neto=@@@0@@@,pro_precio_compra_bruto=@@@0@@@,pro_precio_venta=@@@1@@@,pro_margen_actual=@@@0@@@,pro_oferta=@@@NO@@@,pro_fecha_inicio_oferta=@@@1900.01.01@@@,pro_fecha_termino_oferta=@@@1900.01.01@@@,pro_precio_oferta=@@@0@@@,pro_stock_minimo=@@@12@@@,pro_stock_critico=@@@6@@@,pro_activo=@@@1@@@,pro_unidad=@@@0@@@,pro_precio_compra_bruto=0,pro_margen_actual=0,pro_capacidad=0.7,pro_funcion_plu=0,pro_flejes=1,pro_iva=1,pro_plu_asociado=0,pro_envase=@@@NO@@@,pro_duracion=0,pro_numero_etiqueta=0 WHERE pro_codigo_plu=@@@17949@@@','',2,'2013-07-05'),(34306,'UPDATE mae_productos SET pro_estado=1 WHERE pro_codigo_plu=17949','',2,'2013-07-05'),(34307,'DELETE FROM mae_impuestos_productos WHERE pro_codigo_plu=@@@17949@@@','',2,'2013-07-05'),(34308,'UPDATE mae_productos SET pro_codigo_barra=@@@7804330211210@@@,pro_tipo=@@@0@@@,pro_nombre_producto=@@@120 2 MEDALLAS SAUVIGNON 700 CC@@@,pro_nombre_corto=@@@120 2 MEDALLAS S@@@,med_id=@@@6@@@,emb_id=@@@4@@@,pro_unidades_embalaje=@@@12@@@,dep_id=@@@6 @@@,lin_id=@@@60@@@,mar_id=@@@2043@@@,pro_precio_compra_neto=@@@0@@@,pro_precio_compra_bruto=@@@0@@@,pro_precio_venta=@@@1@@@,pro_margen_actual=@@@0@@@,pro_oferta=@@@NO@@@,pro_fecha_inicio_oferta=@@@1900.01.01@@@,pro_fecha_termino_oferta=@@@1900.01.01@@@,pro_precio_oferta=@@@0@@@,pro_stock_minimo=@@@12@@@,pro_stock_critico=@@@6@@@,pro_activo=@@@1@@@,pro_unidad=@@@0@@@,pro_precio_compra_bruto=0,pro_margen_actual=0,pro_capacidad=0.7,pro_funcion_plu=0,pro_flejes=1,pro_iva=1,pro_plu_asociado=0,pro_envase=@@@NO@@@,pro_duracion=0,pro_numero_etiqueta=0 WHERE pro_codigo_plu=@@@17949@@@','',2,'2013-07-05'),(34309,'UPDATE mae_productos SET pro_estado=1 WHERE pro_codigo_plu=17949','',2,'2013-07-05'),(34310,'DELETE FROM mae_impuestos_productos WHERE pro_codigo_plu=@@@17949@@@','',2,'2013-07-05'),(34311,'UPDATE mae_productos SET pro_activo=@@@0@@@ WHERE pro_codigo_plu=@@@17949@@@','',2,'2013-07-05'),(34312,'UPDATE mae_productos SET pro_activo=@@@0@@@ WHERE pro_codigo_plu=@@@17948@@@','',2,'2013-07-05'),(34313,'UPDATE mae_productos SET pro_activo=@@@0@@@ WHERE pro_codigo_plu=@@@17693@@@','',2,'2013-07-05'),(34314,'UPDATE mae_productos SET pro_activo=@@@0@@@ WHERE pro_codigo_plu=@@@17955@@@','',2,'2013-07-05'),(34315,'UPDATE mae_productos SET pro_codigo_barra=@@@7804330327218@@@,pro_tipo=@@@0@@@,pro_nombre_producto=@@@120 TETRA BLANCO 500 CC@@@,pro_nombre_corto=@@@120 TETRA BLANCO@@@,med_id=@@@6@@@,emb_id=@@@4@@@,pro_unidades_embalaje=@@@24@@@,dep_id=@@@6 @@@,lin_id=@@@60@@@,mar_id=@@@2043@@@,pro_precio_compra_neto=@@@0@@@,pro_precio_compra_bruto=@@@0@@@,pro_precio_venta=@@@1@@@,pro_margen_actual=@@@0@@@,pro_oferta=@@@NO@@@,pro_fecha_inicio_oferta=@@@1900.01.01@@@,pro_fecha_termino_oferta=@@@1900.01.01@@@,pro_precio_oferta=@@@0@@@,pro_stock_minimo=@@@24@@@,pro_stock_critico=@@@12@@@,pro_activo=@@@1@@@,pro_unidad=@@@0@@@,pro_precio_compra_bruto=0,pro_margen_actual=0,pro_capacidad=0.5,pro_funcion_plu=0,pro_flejes=1,pro_iva=1,pro_plu_asociado=0,pro_envase=@@@NO@@@,pro_duracion=0,pro_numero_etiqueta=0 WHERE pro_codigo_plu=@@@17717@@@','',2,'2013-07-05'),(34316,'UPDATE mae_productos SET pro_estado=1 WHERE pro_codigo_plu=17717','',2,'2013-07-05'),(34317,'DELETE FROM mae_impuestos_productos WHERE pro_codigo_plu=@@@17717@@@','',2,'2013-07-05'),(34318,'UPDATE mae_productos SET pro_activo=@@@0@@@ WHERE pro_codigo_plu=@@@17717@@@','',2,'2013-07-05'),(34319,'UPDATE mae_productos SET pro_activo=@@@0@@@ WHERE pro_codigo_plu=@@@17716@@@','',2,'2013-07-05'),(34320,'UPDATE mae_productos SET pro_activo=@@@0@@@ WHERE pro_codigo_plu=@@@10441@@@','',2,'2013-07-05'),(34321,'UPDATE mae_productos SET pro_activo=@@@0@@@ WHERE pro_codigo_plu=@@@762041@@@','',2,'2013-07-05'),(34322,'UPDATE mae_productos SET pro_margen_actual=0,pro_precio_venta=1 WHERE pro_codigo_plu=17948','',2,'2013-07-05'),(34323,'UPDATE mae_productos SET pro_margen_actual=0,pro_precio_venta=1 WHERE pro_codigo_plu=17949','',2,'2013-07-05'),(34324,'UPDATE mae_productos SET pro_margen_actual=0,pro_precio_venta=1 WHERE pro_codigo_plu=17693','',2,'2013-07-05'),(34325,'UPDATE mae_productos SET pro_margen_actual=0,pro_precio_venta=1 WHERE pro_codigo_plu=17717','',2,'2013-07-05'),(34326,'UPDATE mae_productos SET pro_margen_actual=24.28,pro_precio_venta=650 WHERE pro_codigo_plu=17204','',2,'2013-07-05'),(34327,'UPDATE mae_productos SET pro_margen_actual=3.17,pro_precio_venta=650 WHERE pro_codigo_plu=17211','',2,'2013-07-05'),(34328,'UPDATE mae_productos SET pro_margen_actual=3.17,pro_precio_venta=650 WHERE pro_codigo_plu=17333','',2,'2013-07-05'),(34329,'UPDATE mae_productos SET pro_precio_fiscal=pro_precio_venta WHERE pro_codigo_plu=17204','',2,'2013-07-05'),(34330,'UPDATE mae_productos SET pro_precio_fiscal=pro_precio_venta WHERE pro_codigo_plu=17211','',2,'2013-07-05'),(34331,'UPDATE mae_productos SET pro_precio_fiscal=pro_precio_venta WHERE pro_codigo_plu=17333','',2,'2013-07-05'),(34332,'UPDATE mae_productos SET pro_precio_fiscal=pro_precio_venta WHERE pro_codigo_plu=17717','',2,'2013-07-05'),(34333,'UPDATE mae_productos SET pro_activo=@@@0@@@ WHERE pro_codigo_plu=@@@11989@@@','',2,'2013-07-05'),(34334,'UPDATE mae_productos SET pro_activo=@@@0@@@ WHERE pro_codigo_plu=@@@13518@@@','',2,'2013-07-05'),(34335,'UPDATE mae_productos SET pro_activo=@@@0@@@ WHERE pro_codigo_plu=@@@13517@@@','',2,'2013-07-05'),(34336,'UPDATE mae_productos SET pro_activo=@@@0@@@ WHERE pro_codigo_plu=@@@101041@@@','',2,'2013-07-05'),(34337,'UPDATE mae_productos SET pro_activo=@@@0@@@ WHERE pro_codigo_plu=@@@21029@@@','',2,'2013-07-05'),(34338,'UPDATE mae_productos SET pro_activo=@@@0@@@ WHERE pro_codigo_plu=@@@12514@@@','',2,'2013-07-05'),(34339,'UPDATE mae_productos SET pro_activo=@@@0@@@ WHERE pro_codigo_plu=@@@761413@@@','',2,'2013-07-05'),(34340,'UPDATE mae_productos SET pro_activo=@@@0@@@ WHERE pro_codigo_plu=@@@121514@@@','',2,'2013-07-05'),(34341,'UPDATE mae_productos SET pro_activo=@@@0@@@ WHERE pro_codigo_plu=@@@262304@@@','',2,'2013-07-05'),(34342,'UPDATE mae_productos SET pro_activo=@@@0@@@ WHERE pro_codigo_plu=@@@18814@@@','',2,'2013-07-05'),(34343,'UPDATE mae_productos SET pro_activo=@@@0@@@ WHERE pro_codigo_plu=@@@18812@@@','',2,'2013-07-05'),(34344,'UPDATE mae_productos SET pro_activo=@@@0@@@ WHERE pro_codigo_plu=@@@18823@@@','',2,'2013-07-05'),(34345,'UPDATE mae_productos SET pro_activo=@@@0@@@ WHERE pro_codigo_plu=@@@762263@@@','',2,'2013-07-05'),(34346,'UPDATE mae_productos SET pro_activo=@@@0@@@ WHERE pro_codigo_plu=@@@20870@@@','',2,'2013-07-05'),(34347,'UPDATE mae_productos SET pro_activo=@@@0@@@ WHERE pro_codigo_plu=@@@14696@@@','',2,'2013-07-05'),(34348,'UPDATE mae_productos SET pro_activo=@@@0@@@ WHERE pro_codigo_plu=@@@14694@@@','',2,'2013-07-05'),(34349,'UPDATE mae_productos SET pro_activo=@@@0@@@ WHERE pro_codigo_plu=@@@14724@@@','',2,'2013-07-05'),(34350,'UPDATE mae_productos SET pro_activo=@@@0@@@ WHERE pro_codigo_plu=@@@14693@@@','',2,'2013-07-05'),(34351,'UPDATE mae_productos SET pro_activo=@@@0@@@ WHERE pro_codigo_plu=@@@102662@@@','',2,'2013-07-05'),(34352,'UPDATE mae_productos SET pro_activo=@@@0@@@ WHERE pro_codigo_plu=@@@11966@@@','',2,'2013-07-05'),(34353,'INSERT INTO gne_vale_ferreteria (vfe_id,vfe_fecha,vfe_total,vfe_estado,vfe_entregado,usu_nusuario) VALUES (4346,@@@2013.07.05@@@,590,1,0,@@@S_BIZAMA@@@)','',2,'2013-07-05'),(34354,'INSERT INTO gne_vale_ferreteria_mov (vfe_id,pro_codigo_plu,vfm_cantidad,vfm_unitario,vfm_total,vfm_entregado) VALUES (4346,15485,1,590,590,@@@NO@@@)','',2,'2013-07-05'),(34355,'UPDATE mae_productos SET pro_activo=@@@0@@@ WHERE pro_codigo_plu=@@@14708@@@','',2,'2013-07-05'),(34356,'UPDATE mae_productos SET pro_activo=@@@0@@@ WHERE pro_codigo_plu=@@@14714@@@','',2,'2013-07-05'),(34357,'UPDATE mae_productos SET pro_activo=@@@0@@@ WHERE pro_codigo_plu=@@@10023@@@','',2,'2013-07-05'),(34358,'UPDATE mae_productos SET pro_activo=@@@0@@@ WHERE pro_codigo_plu=@@@10055@@@','',2,'2013-07-05'),(34359,'UPDATE mae_productos SET pro_activo=@@@0@@@ WHERE pro_codigo_plu=@@@10022@@@','',2,'2013-07-05'),(34360,'UPDATE mae_productos SET pro_activo=@@@0@@@ WHERE pro_codigo_plu=@@@10058@@@','',2,'2013-07-05'),(34361,'UPDATE mae_productos SET pro_activo=@@@0@@@ WHERE pro_codigo_plu=@@@10010@@@','',2,'2013-07-05'),(34362,'UPDATE mae_productos SET pro_activo=@@@0@@@ WHERE pro_codigo_plu=@@@10003@@@','',2,'2013-07-05'),(34363,'UPDATE mae_productos SET pro_activo=@@@0@@@ WHERE pro_codigo_plu=@@@10091@@@','',2,'2013-07-05'),(34364,'UPDATE mae_productos SET pro_activo=@@@0@@@ WHERE pro_codigo_plu=@@@10039@@@','',2,'2013-07-05'),(34365,'UPDATE mae_productos SET pro_activo=@@@0@@@ WHERE pro_codigo_plu=@@@10015@@@','',2,'2013-07-05'),(34366,'UPDATE mae_productos SET pro_activo=@@@0@@@ WHERE pro_codigo_plu=@@@761761@@@','',2,'2013-07-05'),(34367,'UPDATE mae_productos SET pro_activo=@@@0@@@ WHERE pro_codigo_plu=@@@762657@@@','',2,'2013-07-05'),(34368,'UPDATE mae_productos SET pro_activo=@@@0@@@ WHERE pro_codigo_plu=@@@10074@@@','',2,'2013-07-05'),(34369,'UPDATE mae_productos SET pro_activo=@@@0@@@ WHERE pro_codigo_plu=@@@10075@@@','',2,'2013-07-05'),(34370,'UPDATE mae_productos SET pro_activo=@@@0@@@ WHERE pro_codigo_plu=@@@762057@@@','',2,'2013-07-05'),(34371,'UPDATE mae_productos SET pro_activo=@@@0@@@ WHERE pro_codigo_plu=@@@10081@@@','',2,'2013-07-05'),(34372,'UPDATE mae_productos SET pro_activo=@@@0@@@ WHERE pro_codigo_plu=@@@101374@@@','',2,'2013-07-05'),(34373,'UPDATE mae_productos SET pro_activo=@@@0@@@ WHERE pro_codigo_plu=@@@102533@@@','',2,'2013-07-05'),(34374,'INSERT INTO gne_vale_ferreteria (vfe_id,vfe_fecha,vfe_total,vfe_estado,vfe_entregado,usu_nusuario) VALUES (4347,@@@2013.07.05@@@,5170,1,0,@@@S_BIZAMA@@@)','',2,'2013-07-05'),(34375,'INSERT INTO gne_vale_ferreteria_mov (vfe_id,pro_codigo_plu,vfm_cantidad,vfm_unitario,vfm_total,vfm_entregado) VALUES (4347,20477,1,1690,1690,@@@NO@@@)','',2,'2013-07-05'),(34376,'INSERT INTO gne_vale_ferreteria_mov (vfe_id,pro_codigo_plu,vfm_cantidad,vfm_unitario,vfm_total,vfm_entregado) VALUES (4347,15394,1,1590,1590,@@@NO@@@)','',2,'2013-07-05'),(34377,'INSERT INTO gne_vale_ferreteria_mov (vfe_id,pro_codigo_plu,vfm_cantidad,vfm_unitario,vfm_total,vfm_entregado) VALUES (4347,763692,1,1890,1890,@@@NO@@@)','',2,'2013-07-05'),(34378,'INSERT INTO gne_vale_ferreteria (vfe_id,vfe_fecha,vfe_total,vfe_estado,vfe_entregado,usu_nusuario) VALUES (4348,@@@2013.07.05@@@,890,1,0,@@@S_BIZAMA@@@)','',2,'2013-07-05'),(34379,'INSERT INTO gne_vale_ferreteria_mov (vfe_id,pro_codigo_plu,vfm_cantidad,vfm_unitario,vfm_total,vfm_entregado) VALUES (4348,2014,1,890,890,@@@NO@@@)','',2,'2013-07-05'),(34380,'INSERT INTO gne_vale_ferreteria (vfe_id,vfe_fecha,vfe_total,vfe_estado,vfe_entregado,usu_nusuario) VALUES (4349,@@@2013.07.05@@@,3240,1,0,@@@S_BIZAMA@@@)','',2,'2013-07-05'),(34381,'INSERT INTO gne_vale_ferreteria_mov (vfe_id,pro_codigo_plu,vfm_cantidad,vfm_unitario,vfm_total,vfm_entregado) VALUES (4349,101563,1,1690,1690,@@@NO@@@)','',2,'2013-07-05'),(34382,'INSERT INTO gne_vale_ferreteria_mov (vfe_id,pro_codigo_plu,vfm_cantidad,vfm_unitario,vfm_total,vfm_entregado) VALUES (4349,12033,1,1550,1550,@@@NO@@@)','',2,'2013-07-05'),(34383,'INSERT INTO gne_vale_ferreteria (vfe_id,vfe_fecha,vfe_total,vfe_estado,vfe_entregado,usu_nusuario) VALUES (4350,@@@2013.07.05@@@,1100,1,0,@@@S_BIZAMA@@@)','',2,'2013-07-05'),(34384,'INSERT INTO gne_vale_ferreteria_mov (vfe_id,pro_codigo_plu,vfm_cantidad,vfm_unitario,vfm_total,vfm_entregado) VALUES (4350,770078,1,1100,1100,@@@NO@@@)','',2,'2013-07-05'),(34385,'INSERT INTO gne_vale_ferreteria (vfe_id,vfe_fecha,vfe_total,vfe_estado,vfe_entregado,usu_nusuario) VALUES (4351,@@@2013.07.05@@@,250,1,0,@@@S_BIZAMA@@@)','',2,'2013-07-05'),(34386,'INSERT INTO gne_vale_ferreteria_mov (vfe_id,pro_codigo_plu,vfm_cantidad,vfm_unitario,vfm_total,vfm_entregado) VALUES (4351,780721186,1,250,250,@@@NO@@@)','',2,'2013-07-05'),(34387,'INSERT INTO gne_vale_ferreteria (vfe_id,vfe_fecha,vfe_total,vfe_estado,vfe_entregado,usu_nusuario) VALUES (4352,@@@2013.07.05@@@,1890,1,0,@@@S_BIZAMA@@@)','',2,'2013-07-05'),(34388,'INSERT INTO gne_vale_ferreteria_mov (vfe_id,pro_codigo_plu,vfm_cantidad,vfm_unitario,vfm_total,vfm_entregado) VALUES (4352,20536,1,1890,1890,@@@NO@@@)','',2,'2013-07-05'),(34389,'INSERT INTO gne_vale_ferreteria (vfe_id,vfe_fecha,vfe_total,vfe_estado,vfe_entregado,usu_nusuario) VALUES (4353,@@@2013.07.05@@@,790,1,0,@@@S_BIZAMA@@@)','',2,'2013-07-05'),(34390,'INSERT INTO gne_vale_ferreteria_mov (vfe_id,pro_codigo_plu,vfm_cantidad,vfm_unitario,vfm_total,vfm_entregado) VALUES (4353,101454,1,790,790,@@@NO@@@)','',2,'2013-07-05'),(34391,'INSERT INTO gne_vale_ferreteria (vfe_id,vfe_fecha,vfe_total,vfe_estado,vfe_entregado,usu_nusuario) VALUES (4354,@@@2013.07.05@@@,790,1,0,@@@S_BIZAMA@@@)','',2,'2013-07-05'),(34392,'INSERT INTO gne_vale_ferreteria_mov (vfe_id,pro_codigo_plu,vfm_cantidad,vfm_unitario,vfm_total,vfm_entregado) VALUES (4354,78017055,1,790,790,@@@NO@@@)','',2,'2013-07-05'),(34393,'INSERT INTO mae_productos (pro_codigo_plu,pro_codigo_barra,pro_tipo,pro_nombre_producto,pro_nombre_corto,med_id,emb_id,pro_unidades_embalaje,dep_id,lin_id,mar_id,pro_precio_compra_neto,pro_precio_compra_bruto,pro_precio_venta,pro_margen_actual,pro_oferta,pro_fecha_inicio_oferta,pro_fecha_termino_oferta,pro_precio_oferta,pro_stock_minimo,pro_stock_critico,pro_entradas_bodega,pro_salidas_bodega,pro_mermas_bodega,pro_ajustes_bodega,pro_entradas_sv,pro_salidas_sv,pro_mermas_sv,pro_ajustes_sv,pro_activo,rec_numero,pro_unidad,pro_capacidad,pro_consumo_bodega,pro_consumo_sv,pro_estado,pro_funcion_plu,pro_flejes,pro_iva,pro_plu_asociado,pro_envase,pro_duracion,pro_numero_etiqueta) VALUES (780721297,@@@7751851017145@@@,@@@0@@@,@@@SAPOLIO CASA Y JARDIN @@@,@@@SAPOLIO CASA Y J@@@,@@@7 @@@,@@@3 @@@,@@@0@@@,@@@2 @@@,@@@36@@@,@@@1442@@@,@@@0@@@,@@@0@@@,@@@1590@@@,@@@0@@@,@@@@@@,@@@2013.07.05@@@,@@@2013.07.05@@@,@@@0@@@,@@@0@@@,@@@0@@@,@@@0@@@,@@@0@@@,@@@0@@@,@@@0@@@,@@@0@@@,@@@0@@@,@@@0@@@,@@@0@@@,@@@1@@@,@@@0@@@,0,414,0,0,2,0,1,1,0,@@@NO@@@,0,0)','',2,'2013-07-05'),(34394,'DELETE FROM mae_impuestos_productos WHERE pro_codigo_plu=@@@780721297@@@','',2,'2013-07-05'),(34395,'UPDATE mae_productos SET pro_precio_fiscal=pro_precio_venta WHERE pro_codigo_plu=780721297','',2,'2013-07-05'),(34396,'INSERT INTO gne_vale_ferreteria (vfe_id,vfe_fecha,vfe_total,vfe_estado,vfe_entregado,usu_nusuario) VALUES (4355,@@@2013.07.05@@@,1590,1,0,@@@S_BIZAMA@@@)','',2,'2013-07-05'),(34397,'INSERT INTO gne_vale_ferreteria_mov (vfe_id,pro_codigo_plu,vfm_cantidad,vfm_unitario,vfm_total,vfm_entregado) VALUES (4355,780721297,1,1590,1590,@@@NO@@@)','',2,'2013-07-05'),(34398,'INSERT INTO gne_vale_ferreteria (vfe_id,vfe_fecha,vfe_total,vfe_estado,vfe_entregado,usu_nusuario) VALUES (4356,@@@2013.07.05@@@,450,1,0,@@@S_BIZAMA@@@)','',2,'2013-07-05'),(34399,'INSERT INTO gne_vale_ferreteria_mov (vfe_id,pro_codigo_plu,vfm_cantidad,vfm_unitario,vfm_total,vfm_entregado) VALUES (4356,102629,1,450,450,@@@NO@@@)','',2,'2013-07-05'),(34400,'INSERT INTO gne_vale_ferreteria (vfe_id,vfe_fecha,vfe_total,vfe_estado,vfe_entregado,usu_nusuario) VALUES (4357,@@@2013.07.05@@@,1490,1,0,@@@S_BIZAMA@@@)','',2,'2013-07-05'),(34401,'INSERT INTO gne_vale_ferreteria_mov (vfe_id,pro_codigo_plu,vfm_cantidad,vfm_unitario,vfm_total,vfm_entregado) VALUES (4357,764564,1,1490,1490,@@@NO@@@)','',2,'2013-07-05'),(34402,'INSERT INTO gne_vale_ferreteria (vfe_id,vfe_fecha,vfe_total,vfe_estado,vfe_entregado,usu_nusuario) VALUES (4358,@@@2013.07.05@@@,970,1,0,@@@S_BIZAMA@@@)','',2,'2013-07-05'),(34403,'INSERT INTO gne_vale_ferreteria_mov (vfe_id,pro_codigo_plu,vfm_cantidad,vfm_unitario,vfm_total,vfm_entregado) VALUES (4358,20847,1,270,270,@@@NO@@@)','',2,'2013-07-05'),(34404,'INSERT INTO gne_vale_ferreteria_mov (vfe_id,pro_codigo_plu,vfm_cantidad,vfm_unitario,vfm_total,vfm_entregado) VALUES (4358,13662,1,400,400,@@@NO@@@)','',2,'2013-07-05'),(34405,'INSERT INTO gne_vale_ferreteria_mov (vfe_id,pro_codigo_plu,vfm_cantidad,vfm_unitario,vfm_total,vfm_entregado) VALUES (4358,78017049,1,300,300,@@@NO@@@)','',2,'2013-07-05'),(34406,'INSERT INTO gne_vale_ferreteria (vfe_id,vfe_fecha,vfe_total,vfe_estado,vfe_entregado,usu_nusuario) VALUES (4359,@@@2013.07.05@@@,1440,1,0,@@@S_BIZAMA@@@)','',2,'2013-07-05'),(34407,'INSERT INTO gne_vale_ferreteria_mov (vfe_id,pro_codigo_plu,vfm_cantidad,vfm_unitario,vfm_total,vfm_entregado) VALUES (4359,780721268,1,550,550,@@@NO@@@)','',2,'2013-07-05'),(34408,'INSERT INTO gne_vale_ferreteria_mov (vfe_id,pro_codigo_plu,vfm_cantidad,vfm_unitario,vfm_total,vfm_entregado) VALUES (4359,3003,1,490,490,@@@NO@@@)','',2,'2013-07-05'),(34409,'INSERT INTO gne_vale_ferreteria_mov (vfe_id,pro_codigo_plu,vfm_cantidad,vfm_unitario,vfm_total,vfm_entregado) VALUES (4359,1067,1,200,200,@@@NO@@@)','',2,'2013-07-05'),(34410,'INSERT INTO gne_vale_ferreteria_mov (vfe_id,pro_codigo_plu,vfm_cantidad,vfm_unitario,vfm_total,vfm_entregado) VALUES (4359,18387,1,200,200,@@@NO@@@)','',2,'2013-07-05'),(34411,'INSERT INTO mae_productos (pro_codigo_plu,pro_codigo_barra,pro_tipo,pro_nombre_producto,pro_nombre_corto,med_id,emb_id,pro_unidades_embalaje,dep_id,lin_id,mar_id,pro_precio_compra_neto,pro_precio_compra_bruto,pro_precio_venta,pro_margen_actual,pro_oferta,pro_fecha_inicio_oferta,pro_fecha_termino_oferta,pro_precio_oferta,pro_stock_minimo,pro_stock_critico,pro_entradas_bodega,pro_salidas_bodega,pro_mermas_bodega,pro_ajustes_bodega,pro_entradas_sv,pro_salidas_sv,pro_mermas_sv,pro_ajustes_sv,pro_activo,rec_numero,pro_unidad,pro_capacidad,pro_consumo_bodega,pro_consumo_sv,pro_estado,pro_funcion_plu,pro_flejes,pro_iva,pro_plu_asociado,pro_envase,pro_duracion,pro_numero_etiqueta) VALUES (780721298,@@@7801305003368@@@,@@@0@@@,@@@MERMELADA REGIMEL FRUTILLA 200 G@@@,@@@MERMELADA REGIME@@@,@@@5 @@@,@@@9 @@@,@@@0@@@,@@@1 @@@,@@@5@@@,@@@1194@@@,@@@0@@@,@@@499.81@@@,@@@650@@@,@@@30.05@@@,@@@@@@,@@@2006.09.07@@@,@@@2006.09.07@@@,@@@0@@@,@@@4@@@,@@@2@@@,@@@0@@@,@@@0@@@,@@@0@@@,@@@0@@@,@@@0@@@,@@@0@@@,@@@0@@@,@@@0@@@,@@@1@@@,@@@0@@@,0,200,0,0,2,0,1,1,0,@@@NO@@@,0,0)','',2,'2013-07-05'),(34412,'DELETE FROM mae_impuestos_productos WHERE pro_codigo_plu=@@@780721298@@@','',2,'2013-07-05'),(34413,'INSERT INTO gne_vale_ferreteria (vfe_id,vfe_fecha,vfe_total,vfe_estado,vfe_entregado,usu_nusuario) VALUES (4360,@@@2013.07.05@@@,1990,1,0,@@@S_BIZAMA@@@)','',2,'2013-07-05');
insert  into `sys_comunicacion_caja`(`coc_id`,`coc_sql`,`coc_cajas`,`coc_prioridad`,`coc_fecha`) values (34414,'INSERT INTO gne_vale_ferreteria_mov (vfe_id,pro_codigo_plu,vfm_cantidad,vfm_unitario,vfm_total,vfm_entregado) VALUES (4360,764565,1,1990,1990,@@@NO@@@)','',2,'2013-07-05'),(34415,'UPDATE mae_productos SET pro_precio_venta=790,pro_margen_actual=33, pro_precio_compra_bruto=594, pro_precio_compra_neto=499.159663865546 WHERE pro_codigo_plu=780721298','',2,'2013-07-05'),(34416,'UPDATE mae_productos SET pro_precio_venta=650,pro_margen_actual=30.27, pro_precio_compra_bruto=498.98, pro_precio_compra_neto=419.310924369748 WHERE pro_codigo_plu=18196','',2,'2013-07-05'),(34417,'UPDATE mae_productos SET pro_precio_venta=399,pro_margen_actual=37.98, pro_precio_compra_bruto=289.18, pro_precio_compra_neto=243.008403361345 WHERE pro_codigo_plu=763441','',2,'2013-07-05'),(34418,'UPDATE mae_productos SET pro_precio_venta=350,pro_margen_actual=40, pro_precio_compra_bruto=250, pro_precio_compra_neto=210.084033613445 WHERE pro_codigo_plu=11518','',2,'2013-07-05'),(34419,'INSERT INTO gne_vale_ferreteria (vfe_id,vfe_fecha,vfe_total,vfe_estado,vfe_entregado,usu_nusuario) VALUES (4361,@@@2013.07.05@@@,300,1,0,@@@admin@@@)','',2,'2013-07-05'),(34420,'INSERT INTO gne_vale_ferreteria_mov (vfe_id,pro_codigo_plu,vfm_cantidad,vfm_unitario,vfm_total,vfm_entregado) VALUES (4361,78017049,1,300,300,@@@NO@@@)','',2,'2013-07-05'),(34421,'UPDATE mae_productos SET pro_precio_compra_bruto=289.99,pro_margen_actual=(pro_precio_venta-289.99)/289.99 * 100,pro_ultima_compra=@@@2013.07.05@@@,pro_ultimo_proveedor=@@@81788500-4@@@ WHERE pro_codigo_plu=13463','',2,'2013-07-05'),(34422,'UPDATE mae_productos SET pro_precio_compra_bruto=338.98,pro_margen_actual=(pro_precio_venta-338.98)/338.98 * 100,pro_ultima_compra=@@@2013.07.05@@@,pro_ultimo_proveedor=@@@81788500-4@@@ WHERE pro_codigo_plu=10564','',2,'2013-07-05'),(34423,'UPDATE mae_productos SET pro_precio_compra_bruto=170,pro_margen_actual=(pro_precio_venta-170)/170 * 100,pro_ultima_compra=@@@2013.07.05@@@,pro_ultimo_proveedor=@@@81788500-4@@@ WHERE pro_codigo_plu=16356','',2,'2013-07-05'),(34424,'UPDATE mae_productos SET pro_margen_actual=9.43,pro_precio_venta=650 WHERE pro_codigo_plu=780721298','',2,'2013-07-05'),(34425,'UPDATE mae_productos SET pro_margen_actual=39.37,pro_precio_venta=400 WHERE pro_codigo_plu=17187','',2,'2013-07-05'),(34426,'UPDATE mae_productos SET pro_margen_actual=39.37,pro_precio_venta=400 WHERE pro_codigo_plu=17189','',2,'2013-07-05'),(34427,'UPDATE mae_productos SET pro_precio_fiscal=pro_precio_venta WHERE pro_codigo_plu=780721298','',2,'2013-07-05'),(34428,'UPDATE mae_productos SET pro_precio_fiscal=pro_precio_venta WHERE pro_codigo_plu=11518','',2,'2013-07-05'),(34429,'UPDATE mae_productos SET pro_precio_fiscal=pro_precio_venta WHERE pro_codigo_plu=17189','',2,'2013-07-05'),(34430,'UPDATE mae_productos SET pro_precio_fiscal=pro_precio_venta WHERE pro_codigo_plu=17187','',2,'2013-07-05'),(34431,'UPDATE mae_productos SET pro_precio_fiscal=pro_precio_venta WHERE pro_codigo_plu=763441','',2,'2013-07-05'),(34432,'UPDATE mae_productos SET pro_precio_fiscal=pro_precio_venta WHERE pro_codigo_plu=18196','',2,'2013-07-05'),(34433,'UPDATE mae_productos SET pro_margen_actual=39.37,pro_precio_venta=400 WHERE pro_codigo_plu=17365','',2,'2013-07-05'),(34434,'UPDATE mae_productos SET pro_precio_fiscal=pro_precio_venta WHERE pro_codigo_plu=17365','',2,'2013-07-05'),(34435,'INSERT INTO gne_vale_ferreteria (vfe_id,vfe_fecha,vfe_total,vfe_estado,vfe_entregado,usu_nusuario) VALUES (4362,@@@2013.07.05@@@,1890,1,0,@@@S_BIZAMA@@@)','',2,'2013-07-05'),(34436,'INSERT INTO gne_vale_ferreteria_mov (vfe_id,pro_codigo_plu,vfm_cantidad,vfm_unitario,vfm_total,vfm_entregado) VALUES (4362,20460,1,1890,1890,@@@NO@@@)','',2,'2013-07-05'),(34437,'INSERT INTO gne_vale_ferreteria (vfe_id,vfe_fecha,vfe_total,vfe_estado,vfe_entregado,usu_nusuario) VALUES (4363,@@@2013.07.05@@@,930,1,0,@@@S_BIZAMA@@@)','',2,'2013-07-05'),(34438,'INSERT INTO gne_vale_ferreteria_mov (vfe_id,pro_codigo_plu,vfm_cantidad,vfm_unitario,vfm_total,vfm_entregado) VALUES (4363,763644,1,930,930,@@@NO@@@)','',2,'2013-07-05'),(34439,'UPDATE mae_productos SET pro_unidades_embalaje=12 WHERE pro_codigo_plu=18182','',2,'2013-07-05'),(34440,'UPDATE mae_productos SET pro_precio_compra_bruto=594,pro_margen_actual=(pro_precio_venta-594)/594 * 100,pro_ultima_compra=@@@2013.07.05@@@,pro_ultimo_proveedor=@@@81788500-4@@@ WHERE pro_codigo_plu=780721298','',2,'2013-07-05'),(34441,'UPDATE mae_productos SET pro_precio_compra_bruto=418.99,pro_margen_actual=(pro_precio_venta-418.99)/418.99 * 100,pro_ultima_compra=@@@2013.07.05@@@,pro_ultimo_proveedor=@@@81788500-4@@@ WHERE pro_codigo_plu=101691','',2,'2013-07-05'),(34442,'UPDATE mae_productos SET pro_precio_compra_bruto=767.99,pro_margen_actual=(pro_precio_venta-767.99)/767.99 * 100,pro_ultima_compra=@@@2013.07.05@@@,pro_ultimo_proveedor=@@@81788500-4@@@ WHERE pro_codigo_plu=13570','',2,'2013-07-05'),(34443,'UPDATE mae_productos SET pro_precio_compra_bruto=1054.32,pro_margen_actual=(pro_precio_venta-1054.32)/1054.32 * 100,pro_ultima_compra=@@@2013.07.05@@@,pro_ultimo_proveedor=@@@81788500-4@@@ WHERE pro_codigo_plu=102247','',2,'2013-07-05'),(34444,'UPDATE mae_productos SET pro_precio_compra_bruto=247,pro_margen_actual=(pro_precio_venta-247)/247 * 100,pro_ultima_compra=@@@2013.07.05@@@,pro_ultimo_proveedor=@@@81788500-4@@@ WHERE pro_codigo_plu=10481','',2,'2013-07-05'),(34445,'UPDATE mae_productos SET pro_precio_compra_bruto=298.01,pro_margen_actual=(pro_precio_venta-298.01)/298.01 * 100,pro_ultima_compra=@@@2013.07.05@@@,pro_ultimo_proveedor=@@@81788500-4@@@ WHERE pro_codigo_plu=10484','',2,'2013-07-05'),(34446,'UPDATE mae_productos SET pro_precio_compra_bruto=1180.099,pro_margen_actual=(pro_precio_venta-1180.099)/1180.099 * 100,pro_ultima_compra=@@@2013.07.05@@@,pro_ultimo_proveedor=@@@81788500-4@@@ WHERE pro_codigo_plu=16322','',2,'2013-07-05'),(34447,'UPDATE mae_productos SET pro_precio_compra_bruto=499.01,pro_margen_actual=(pro_precio_venta-499.01)/499.01 * 100,pro_ultima_compra=@@@2013.07.05@@@,pro_ultimo_proveedor=@@@81788500-4@@@ WHERE pro_codigo_plu=18182','',2,'2013-07-05'),(34448,'UPDATE mae_productos SET pro_precio_compra_bruto=499.01,pro_margen_actual=(pro_precio_venta-499.01)/499.01 * 100,pro_ultima_compra=@@@2013.07.05@@@,pro_ultimo_proveedor=@@@81788500-4@@@ WHERE pro_codigo_plu=18211','',2,'2013-07-05'),(34449,'UPDATE mae_productos SET pro_precio_compra_bruto=499.01,pro_margen_actual=(pro_precio_venta-499.01)/499.01 * 100,pro_ultima_compra=@@@2013.07.05@@@,pro_ultimo_proveedor=@@@81788500-4@@@ WHERE pro_codigo_plu=18205','',2,'2013-07-05'),(34450,'UPDATE mae_productos SET pro_precio_compra_bruto=498.98,pro_margen_actual=(pro_precio_venta-498.98)/498.98 * 100,pro_ultima_compra=@@@2013.07.05@@@,pro_ultimo_proveedor=@@@81788500-4@@@ WHERE pro_codigo_plu=18196','',2,'2013-07-05'),(34451,'UPDATE mae_productos SET pro_precio_compra_bruto=499.01,pro_margen_actual=(pro_precio_venta-499.01)/499.01 * 100,pro_ultima_compra=@@@2013.07.05@@@,pro_ultimo_proveedor=@@@81788500-4@@@ WHERE pro_codigo_plu=18192','',2,'2013-07-05'),(34452,'UPDATE mae_productos SET pro_precio_compra_bruto=1444.97,pro_margen_actual=(pro_precio_venta-1444.97)/1444.97 * 100,pro_ultima_compra=@@@2013.07.05@@@,pro_ultimo_proveedor=@@@81788500-4@@@ WHERE pro_codigo_plu=10021','',2,'2013-07-05'),(34453,'UPDATE mae_productos SET pro_precio_compra_bruto=1485.05,pro_margen_actual=(pro_precio_venta-1485.05)/1485.05 * 100,pro_ultima_compra=@@@2013.07.05@@@,pro_ultimo_proveedor=@@@81788500-4@@@ WHERE pro_codigo_plu=10009','',2,'2013-07-05'),(34454,'UPDATE mae_productos SET pro_precio_compra_bruto=709.97,pro_margen_actual=(pro_precio_venta-709.97)/709.97 * 100,pro_ultima_compra=@@@2013.07.05@@@,pro_ultimo_proveedor=@@@81788500-4@@@ WHERE pro_codigo_plu=10046','',2,'2013-07-05'),(34455,'UPDATE mae_productos SET pro_precio_compra_bruto=689.02,pro_margen_actual=(pro_precio_venta-689.02)/689.02 * 100,pro_ultima_compra=@@@2013.07.05@@@,pro_ultimo_proveedor=@@@81788500-4@@@ WHERE pro_codigo_plu=16382','',2,'2013-07-05'),(34456,'UPDATE mae_productos SET pro_precio_compra_bruto=289.18,pro_margen_actual=(pro_precio_venta-289.18)/289.18 * 100,pro_ultima_compra=@@@2013.07.05@@@,pro_ultimo_proveedor=@@@81788500-4@@@ WHERE pro_codigo_plu=763441','',2,'2013-07-05'),(34457,'UPDATE mae_productos SET pro_precio_compra_bruto=250,pro_margen_actual=(pro_precio_venta-250)/250 * 100,pro_ultima_compra=@@@2013.07.05@@@,pro_ultimo_proveedor=@@@81788500-4@@@ WHERE pro_codigo_plu=11516','',2,'2013-07-05'),(34458,'UPDATE mae_productos SET pro_precio_compra_bruto=250,pro_margen_actual=(pro_precio_venta-250)/250 * 100,pro_ultima_compra=@@@2013.07.05@@@,pro_ultimo_proveedor=@@@81788500-4@@@ WHERE pro_codigo_plu=11518','',2,'2013-07-05'),(34459,'UPDATE mae_productos SET pro_activo=@@@0@@@ WHERE pro_codigo_plu=@@@101222@@@','',2,'2013-07-05'),(34460,'UPDATE mae_productos SET pro_activo=@@@0@@@ WHERE pro_codigo_plu=@@@10027@@@','',2,'2013-07-05'),(34461,'UPDATE mae_productos SET pro_activo=@@@0@@@ WHERE pro_codigo_plu=@@@14198@@@','',2,'2013-07-05'),(34462,'UPDATE mae_productos SET pro_activo=@@@0@@@ WHERE pro_codigo_plu=@@@10089@@@','',2,'2013-07-05'),(34463,'INSERT INTO gne_vale_ferreteria (vfe_id,vfe_fecha,vfe_total,vfe_estado,vfe_entregado,usu_nusuario) VALUES (4364,@@@2013.07.05@@@,300,1,0,@@@S_BIZAMA@@@)','',2,'2013-07-05'),(34464,'INSERT INTO gne_vale_ferreteria_mov (vfe_id,pro_codigo_plu,vfm_cantidad,vfm_unitario,vfm_total,vfm_entregado) VALUES (4364,4074,1,300,300,@@@NO@@@)','',2,'2013-07-05'),(34465,'UPDATE mae_productos SET pro_activo=@@@0@@@ WHERE pro_codigo_plu=@@@101532@@@','',2,'2013-07-05'),(34466,'UPDATE mae_productos SET pro_activo=@@@0@@@ WHERE pro_codigo_plu=@@@10068@@@','',2,'2013-07-05'),(34467,'UPDATE mae_productos SET pro_activo=@@@0@@@ WHERE pro_codigo_plu=@@@10060@@@','',2,'2013-07-05'),(34468,'UPDATE mae_productos SET pro_activo=@@@0@@@ WHERE pro_codigo_plu=@@@763155@@@','',2,'2013-07-05'),(34469,'UPDATE mae_productos SET pro_activo=@@@0@@@ WHERE pro_codigo_plu=@@@762063@@@','',2,'2013-07-05'),(34470,'UPDATE mae_productos SET pro_activo=@@@0@@@ WHERE pro_codigo_plu=@@@12381@@@','',2,'2013-07-05'),(34471,'UPDATE mae_productos SET pro_activo=@@@0@@@ WHERE pro_codigo_plu=@@@20590@@@','',2,'2013-07-05'),(34472,'INSERT INTO gne_vale_ferreteria (vfe_id,vfe_fecha,vfe_total,vfe_estado,vfe_entregado,usu_nusuario) VALUES (4365,@@@2013.07.05@@@,1680,1,0,@@@S_BIZAMA@@@)','',2,'2013-07-05'),(34473,'INSERT INTO gne_vale_ferreteria_mov (vfe_id,pro_codigo_plu,vfm_cantidad,vfm_unitario,vfm_total,vfm_entregado) VALUES (4365,11670,2,840,1680,@@@NO@@@)','',2,'2013-07-05'),(34474,'UPDATE mae_productos SET pro_activo=@@@0@@@ WHERE pro_codigo_plu=@@@10002@@@','',2,'2013-07-05'),(34475,'INSERT INTO gne_vale_ferreteria (vfe_id,vfe_fecha,vfe_total,vfe_estado,vfe_entregado,usu_nusuario) VALUES (4366,@@@2013.07.05@@@,320,1,0,@@@S_BIZAMA@@@)','',2,'2013-07-05'),(34476,'INSERT INTO gne_vale_ferreteria_mov (vfe_id,pro_codigo_plu,vfm_cantidad,vfm_unitario,vfm_total,vfm_entregado) VALUES (4366,14836,1,320,320,@@@NO@@@)','',2,'2013-07-05'),(34477,'UPDATE mae_productos SET pro_activo=@@@0@@@ WHERE pro_codigo_plu=@@@762056@@@','',2,'2013-07-05'),(34478,'UPDATE mae_productos SET pro_activo=@@@0@@@ WHERE pro_codigo_plu=@@@10083@@@','',2,'2013-07-05'),(34479,'INSERT INTO gne_vale_ferreteria (vfe_id,vfe_fecha,vfe_total,vfe_estado,vfe_entregado,usu_nusuario) VALUES (4367,@@@2013.07.05@@@,1890,1,0,@@@S_BIZAMA@@@)','',2,'2013-07-05'),(34480,'INSERT INTO gne_vale_ferreteria_mov (vfe_id,pro_codigo_plu,vfm_cantidad,vfm_unitario,vfm_total,vfm_entregado) VALUES (4367,102072,1,1890,1890,@@@NO@@@)','',2,'2013-07-05'),(34481,'INSERT INTO gne_vale_ferreteria (vfe_id,vfe_fecha,vfe_total,vfe_estado,vfe_entregado,usu_nusuario) VALUES (4368,@@@2013.07.05@@@,200,1,0,@@@S_BIZAMA@@@)','',2,'2013-07-05'),(34482,'INSERT INTO gne_vale_ferreteria_mov (vfe_id,pro_codigo_plu,vfm_cantidad,vfm_unitario,vfm_total,vfm_entregado) VALUES (4368,764560,2,100,200,@@@NO@@@)','',2,'2013-07-05'),(34483,'INSERT INTO gne_vale_ferreteria (vfe_id,vfe_fecha,vfe_total,vfe_estado,vfe_entregado,usu_nusuario) VALUES (4369,@@@2013.07.05@@@,480,1,0,@@@S_BIZAMA@@@)','',2,'2013-07-05'),(34484,'INSERT INTO gne_vale_ferreteria_mov (vfe_id,pro_codigo_plu,vfm_cantidad,vfm_unitario,vfm_total,vfm_entregado) VALUES (4369,780721125,4,120,480,@@@NO@@@)','',2,'2013-07-05'),(34485,'INSERT INTO gne_vale_ferreteria (vfe_id,vfe_fecha,vfe_total,vfe_estado,vfe_entregado,usu_nusuario) VALUES (4370,@@@2013.07.05@@@,1060,1,0,@@@S_BIZAMA@@@)','',2,'2013-07-05'),(34486,'INSERT INTO gne_vale_ferreteria_mov (vfe_id,pro_codigo_plu,vfm_cantidad,vfm_unitario,vfm_total,vfm_entregado) VALUES (4370,101677,2,530,1060,@@@NO@@@)','',2,'2013-07-05'),(34487,'INSERT INTO gne_vale_ferreteria (vfe_id,vfe_fecha,vfe_total,vfe_estado,vfe_entregado,usu_nusuario) VALUES (4371,@@@2013.07.05@@@,1190,1,0,@@@S_BIZAMA@@@)','',2,'2013-07-05'),(34488,'INSERT INTO gne_vale_ferreteria_mov (vfe_id,pro_codigo_plu,vfm_cantidad,vfm_unitario,vfm_total,vfm_entregado) VALUES (4371,763954,1,1190,1190,@@@NO@@@)','',2,'2013-07-05'),(34489,'INSERT INTO gne_vale_ferreteria (vfe_id,vfe_fecha,vfe_total,vfe_estado,vfe_entregado,usu_nusuario) VALUES (4372,@@@2013.07.05@@@,3780,1,0,@@@S_BIZAMA@@@)','',2,'2013-07-05'),(34490,'INSERT INTO gne_vale_ferreteria_mov (vfe_id,pro_codigo_plu,vfm_cantidad,vfm_unitario,vfm_total,vfm_entregado) VALUES (4372,763692,1,1890,1890,@@@NO@@@)','',2,'2013-07-05'),(34491,'INSERT INTO gne_vale_ferreteria_mov (vfe_id,pro_codigo_plu,vfm_cantidad,vfm_unitario,vfm_total,vfm_entregado) VALUES (4372,763697,1,1690,1690,@@@NO@@@)','',2,'2013-07-05'),(34492,'INSERT INTO gne_vale_ferreteria_mov (vfe_id,pro_codigo_plu,vfm_cantidad,vfm_unitario,vfm_total,vfm_entregado) VALUES (4372,765072,1,200,200,@@@NO@@@)','',2,'2013-07-05'),(34493,'INSERT INTO gne_vale_ferreteria (vfe_id,vfe_fecha,vfe_total,vfe_estado,vfe_entregado,usu_nusuario) VALUES (4373,@@@2013.07.05@@@,10680,1,0,@@@S_BIZAMA@@@)','',2,'2013-07-05'),(34494,'INSERT INTO gne_vale_ferreteria_mov (vfe_id,pro_codigo_plu,vfm_cantidad,vfm_unitario,vfm_total,vfm_entregado) VALUES (4373,880022,1,9990,9990,@@@NO@@@)','',2,'2013-07-05'),(34495,'INSERT INTO gne_vale_ferreteria_mov (vfe_id,pro_codigo_plu,vfm_cantidad,vfm_unitario,vfm_total,vfm_entregado) VALUES (4373,770091,1,690,690,@@@NO@@@)','',2,'2013-07-05'),(34496,'INSERT INTO gne_vale_ferreteria (vfe_id,vfe_fecha,vfe_total,vfe_estado,vfe_entregado,usu_nusuario) VALUES (4374,@@@2013.07.05@@@,1979,1,0,@@@S_BIZAMA@@@)','',2,'2013-07-05'),(34497,'INSERT INTO gne_vale_ferreteria_mov (vfe_id,pro_codigo_plu,vfm_cantidad,vfm_unitario,vfm_total,vfm_entregado) VALUES (4374,763622,1,1399,1399,@@@NO@@@)','',2,'2013-07-05'),(34498,'INSERT INTO gne_vale_ferreteria_mov (vfe_id,pro_codigo_plu,vfm_cantidad,vfm_unitario,vfm_total,vfm_entregado) VALUES (4374,78017176,1,200,200,@@@NO@@@)','',2,'2013-07-05'),(34499,'INSERT INTO gne_vale_ferreteria_mov (vfe_id,pro_codigo_plu,vfm_cantidad,vfm_unitario,vfm_total,vfm_entregado) VALUES (4374,1064,1,120,120,@@@NO@@@)','',2,'2013-07-05'),(34500,'INSERT INTO gne_vale_ferreteria_mov (vfe_id,pro_codigo_plu,vfm_cantidad,vfm_unitario,vfm_total,vfm_entregado) VALUES (4374,12083,1,260,260,@@@NO@@@)','',2,'2013-07-05'),(34501,'INSERT INTO gne_vale_ferreteria (vfe_id,vfe_fecha,vfe_total,vfe_estado,vfe_entregado,usu_nusuario) VALUES (4375,@@@2013.07.05@@@,1890,1,0,@@@S_BIZAMA@@@)','',2,'2013-07-05'),(34502,'INSERT INTO gne_vale_ferreteria_mov (vfe_id,pro_codigo_plu,vfm_cantidad,vfm_unitario,vfm_total,vfm_entregado) VALUES (4375,101622,1,1890,1890,@@@NO@@@)','',2,'2013-07-05'),(34503,'INSERT INTO gne_vale_ferreteria (vfe_id,vfe_fecha,vfe_total,vfe_estado,vfe_entregado,usu_nusuario) VALUES (4376,@@@2013.07.05@@@,790,1,0,@@@S_BIZAMA@@@)','',2,'2013-07-05'),(34504,'INSERT INTO gne_vale_ferreteria_mov (vfe_id,pro_codigo_plu,vfm_cantidad,vfm_unitario,vfm_total,vfm_entregado) VALUES (4376,1071,1,790,790,@@@NO@@@)','',2,'2013-07-05'),(34505,'INSERT INTO gne_vale_ferreteria (vfe_id,vfe_fecha,vfe_total,vfe_estado,vfe_entregado,usu_nusuario) VALUES (4377,@@@2013.07.05@@@,2980,1,0,@@@S_BIZAMA@@@)','',2,'2013-07-05'),(34506,'INSERT INTO gne_vale_ferreteria_mov (vfe_id,pro_codigo_plu,vfm_cantidad,vfm_unitario,vfm_total,vfm_entregado) VALUES (4377,763600,1,1890,1890,@@@NO@@@)','',2,'2013-07-05'),(34507,'INSERT INTO gne_vale_ferreteria_mov (vfe_id,pro_codigo_plu,vfm_cantidad,vfm_unitario,vfm_total,vfm_entregado) VALUES (4377,101454,1,790,790,@@@NO@@@)','',2,'2013-07-05'),(34508,'INSERT INTO gne_vale_ferreteria_mov (vfe_id,pro_codigo_plu,vfm_cantidad,vfm_unitario,vfm_total,vfm_entregado) VALUES (4377,78017049,1,300,300,@@@NO@@@)','',2,'2013-07-05'),(34509,'INSERT INTO gne_vale_ferreteria (vfe_id,vfe_fecha,vfe_total,vfe_estado,vfe_entregado,usu_nusuario) VALUES (4378,@@@2013.07.05@@@,4180,1,0,@@@S_BIZAMA@@@)','',2,'2013-07-05'),(34510,'INSERT INTO gne_vale_ferreteria_mov (vfe_id,pro_codigo_plu,vfm_cantidad,vfm_unitario,vfm_total,vfm_entregado) VALUES (4378,102731,1,1990,1990,@@@NO@@@)','',2,'2013-07-05'),(34511,'INSERT INTO gne_vale_ferreteria_mov (vfe_id,pro_codigo_plu,vfm_cantidad,vfm_unitario,vfm_total,vfm_entregado) VALUES (4378,763621,1,2190,2190,@@@NO@@@)','',2,'2013-07-05'),(34512,'UPDATE mae_productos SET pro_margen_actual=31.31,pro_precio_venta=780 WHERE pro_codigo_plu=780721298','',2,'2013-07-05'),(34513,'UPDATE mae_productos SET pro_precio_fiscal=pro_precio_venta WHERE pro_codigo_plu=780721298','',2,'2013-07-05'),(34514,'INSERT INTO gne_vale_ferreteria (vfe_id,vfe_fecha,vfe_total,vfe_estado,vfe_entregado,usu_nusuario) VALUES (4379,@@@2013.07.05@@@,200,1,0,@@@S_BIZAMA@@@)','',2,'2013-07-05'),(34515,'INSERT INTO gne_vale_ferreteria_mov (vfe_id,pro_codigo_plu,vfm_cantidad,vfm_unitario,vfm_total,vfm_entregado) VALUES (4379,4077,1,200,200,@@@NO@@@)','',2,'2013-07-05'),(34516,'INSERT INTO gne_vale_ferreteria (vfe_id,vfe_fecha,vfe_total,vfe_estado,vfe_entregado,usu_nusuario) VALUES (4380,@@@2013.07.05@@@,580,1,0,@@@S_BIZAMA@@@)','',2,'2013-07-05'),(34517,'INSERT INTO gne_vale_ferreteria_mov (vfe_id,pro_codigo_plu,vfm_cantidad,vfm_unitario,vfm_total,vfm_entregado) VALUES (4380,764697,2,290,580,@@@NO@@@)','',2,'2013-07-05'),(34518,'INSERT INTO gne_vale_ferreteria (vfe_id,vfe_fecha,vfe_total,vfe_estado,vfe_entregado,usu_nusuario) VALUES (4381,@@@2013.07.05@@@,620,1,0,@@@S_BIZAMA@@@)','',2,'2013-07-05'),(34519,'INSERT INTO gne_vale_ferreteria_mov (vfe_id,pro_codigo_plu,vfm_cantidad,vfm_unitario,vfm_total,vfm_entregado) VALUES (4381,11378,1,620,620,@@@NO@@@)','',2,'2013-07-05'),(34520,'INSERT INTO gne_vale_ferreteria (vfe_id,vfe_fecha,vfe_total,vfe_estado,vfe_entregado,usu_nusuario) VALUES (4382,@@@2013.07.05@@@,660,1,0,@@@S_BIZAMA@@@)','',2,'2013-07-05'),(34521,'INSERT INTO gne_vale_ferreteria_mov (vfe_id,pro_codigo_plu,vfm_cantidad,vfm_unitario,vfm_total,vfm_entregado) VALUES (4382,78017027,6,50,300,@@@NO@@@)','',2,'2013-07-05'),(34522,'INSERT INTO gne_vale_ferreteria_mov (vfe_id,pro_codigo_plu,vfm_cantidad,vfm_unitario,vfm_total,vfm_entregado) VALUES (4382,78017026,4,90,360,@@@NO@@@)','',2,'2013-07-05'),(34523,'INSERT INTO gne_vale_ferreteria (vfe_id,vfe_fecha,vfe_total,vfe_estado,vfe_entregado,usu_nusuario) VALUES (4383,@@@2013.07.05@@@,8180,1,0,@@@S_BIZAMA@@@)','',2,'2013-07-05'),(34524,'INSERT INTO gne_vale_ferreteria_mov (vfe_id,pro_codigo_plu,vfm_cantidad,vfm_unitario,vfm_total,vfm_entregado) VALUES (4383,780721244,1,3190,3190,@@@NO@@@)','',2,'2013-07-05'),(34525,'INSERT INTO gne_vale_ferreteria_mov (vfe_id,pro_codigo_plu,vfm_cantidad,vfm_unitario,vfm_total,vfm_entregado) VALUES (4383,764915,1,4990,4990,@@@NO@@@)','',2,'2013-07-05'),(34526,'INSERT INTO gne_vale_ferreteria (vfe_id,vfe_fecha,vfe_total,vfe_estado,vfe_entregado,usu_nusuario) VALUES (4384,@@@2013.07.05@@@,490,1,0,@@@S_BIZAMA@@@)','',2,'2013-07-05'),(34527,'INSERT INTO gne_vale_ferreteria_mov (vfe_id,pro_codigo_plu,vfm_cantidad,vfm_unitario,vfm_total,vfm_entregado) VALUES (4384,764253,1,490,490,@@@NO@@@)','',2,'2013-07-05'),(34528,'INSERT INTO gne_vale_ferreteria (vfe_id,vfe_fecha,vfe_total,vfe_estado,vfe_entregado,usu_nusuario) VALUES (4385,@@@2013.07.05@@@,2590,1,0,@@@S_BIZAMA@@@)','',2,'2013-07-05'),(34529,'INSERT INTO gne_vale_ferreteria_mov (vfe_id,pro_codigo_plu,vfm_cantidad,vfm_unitario,vfm_total,vfm_entregado) VALUES (4385,18677,1,2590,2590,@@@NO@@@)','',2,'2013-07-05'),(34530,'INSERT INTO gne_vale_ferreteria (vfe_id,vfe_fecha,vfe_total,vfe_estado,vfe_entregado,usu_nusuario) VALUES (4386,@@@2013.07.05@@@,160,1,0,@@@S_BIZAMA@@@)','',2,'2013-07-05'),(34531,'INSERT INTO gne_vale_ferreteria_mov (vfe_id,pro_codigo_plu,vfm_cantidad,vfm_unitario,vfm_total,vfm_entregado) VALUES (4386,16430,1,160,160,@@@NO@@@)','',2,'2013-07-05'),(34532,'INSERT INTO gne_vale_ferreteria (vfe_id,vfe_fecha,vfe_total,vfe_estado,vfe_entregado,usu_nusuario) VALUES (4387,@@@2013.07.05@@@,2480,1,0,@@@S_BIZAMA@@@)','',2,'2013-07-05'),(34533,'INSERT INTO gne_vale_ferreteria_mov (vfe_id,pro_codigo_plu,vfm_cantidad,vfm_unitario,vfm_total,vfm_entregado) VALUES (4387,101454,1,790,790,@@@NO@@@)','',2,'2013-07-05'),(34534,'INSERT INTO gne_vale_ferreteria_mov (vfe_id,pro_codigo_plu,vfm_cantidad,vfm_unitario,vfm_total,vfm_entregado) VALUES (4387,20477,1,1690,1690,@@@NO@@@)','',2,'2013-07-05'),(34535,'INSERT INTO mae_productos (pro_codigo_plu,pro_codigo_barra,pro_tipo,pro_nombre_producto,pro_nombre_corto,med_id,emb_id,pro_unidades_embalaje,dep_id,lin_id,mar_id,pro_precio_compra_neto,pro_precio_compra_bruto,pro_precio_venta,pro_margen_actual,pro_oferta,pro_fecha_inicio_oferta,pro_fecha_termino_oferta,pro_precio_oferta,pro_stock_minimo,pro_stock_critico,pro_entradas_bodega,pro_salidas_bodega,pro_mermas_bodega,pro_ajustes_bodega,pro_entradas_sv,pro_salidas_sv,pro_mermas_sv,pro_ajustes_sv,pro_activo,rec_numero,pro_unidad,pro_capacidad,pro_consumo_bodega,pro_consumo_sv,pro_estado,pro_funcion_plu,pro_flejes,pro_iva,pro_plu_asociado,pro_envase,pro_duracion,pro_numero_etiqueta) VALUES (780721299,@@@7802220721405@@@,@@@0@@@,@@@SUNY X CAJA 1K@@@,@@@SUNY X CAJA 1K@@@,@@@2 @@@,@@@3 @@@,@@@0@@@,@@@32 @@@,@@@163@@@,@@@912@@@,@@@0@@@,@@@0@@@,@@@3690@@@,@@@0@@@,@@@@@@,@@@2013.07.05@@@,@@@2013.07.05@@@,@@@0@@@,@@@0@@@,@@@0@@@,@@@0@@@,@@@0@@@,@@@0@@@,@@@0@@@,@@@0@@@,@@@0@@@,@@@0@@@,@@@0@@@,@@@1@@@,@@@0@@@,0,1,0,0,2,0,1,1,0,@@@NO@@@,0,0)','',2,'2013-07-05'),(34536,'DELETE FROM mae_impuestos_productos WHERE pro_codigo_plu=@@@780721299@@@','',2,'2013-07-05'),(34537,'UPDATE mae_productos SET pro_precio_fiscal=pro_precio_venta WHERE pro_codigo_plu=780721299','',2,'2013-07-05'),(34538,'INSERT INTO gne_vale_ferreteria (vfe_id,vfe_fecha,vfe_total,vfe_estado,vfe_entregado,usu_nusuario) VALUES (4388,@@@2013.07.05@@@,2970,1,0,@@@S_BIZAMA@@@)','',2,'2013-07-05'),(34539,'INSERT INTO gne_vale_ferreteria_mov (vfe_id,pro_codigo_plu,vfm_cantidad,vfm_unitario,vfm_total,vfm_entregado) VALUES (4388,15646,1,2890,2890,@@@NO@@@)','',2,'2013-07-05'),(34540,'INSERT INTO gne_vale_ferreteria_mov (vfe_id,pro_codigo_plu,vfm_cantidad,vfm_unitario,vfm_total,vfm_entregado) VALUES (4388,770001,1,80,80,@@@NO@@@)','',2,'2013-07-05'),(34541,'INSERT INTO gne_vale_ferreteria (vfe_id,vfe_fecha,vfe_total,vfe_estado,vfe_entregado,usu_nusuario) VALUES (4389,@@@2013.07.05@@@,120,1,0,@@@S_BIZAMA@@@)','',2,'2013-07-05'),(34542,'INSERT INTO gne_vale_ferreteria_mov (vfe_id,pro_codigo_plu,vfm_cantidad,vfm_unitario,vfm_total,vfm_entregado) VALUES (4389,78017191,3,40,120,@@@NO@@@)','',2,'2013-07-05'),(34543,'INSERT INTO gne_vale_ferreteria (vfe_id,vfe_fecha,vfe_total,vfe_estado,vfe_entregado,usu_nusuario) VALUES (4390,@@@2013.07.05@@@,250,1,0,@@@G_DIAZ@@@)','',2,'2013-07-05'),(34544,'INSERT INTO gne_vale_ferreteria_mov (vfe_id,pro_codigo_plu,vfm_cantidad,vfm_unitario,vfm_total,vfm_entregado) VALUES (4390,780721186,1,250,250,@@@NO@@@)','',2,'2013-07-05'),(34545,'INSERT INTO gne_vale_ferreteria (vfe_id,vfe_fecha,vfe_total,vfe_estado,vfe_entregado,usu_nusuario) VALUES (4391,@@@2013.07.05@@@,240,1,0,@@@G_DIAZ@@@)','',2,'2013-07-05'),(34546,'INSERT INTO gne_vale_ferreteria_mov (vfe_id,pro_codigo_plu,vfm_cantidad,vfm_unitario,vfm_total,vfm_entregado) VALUES (4391,78017008,2,120,240,@@@NO@@@)','',2,'2013-07-05'),(34547,'INSERT INTO gne_vale_ferreteria (vfe_id,vfe_fecha,vfe_total,vfe_estado,vfe_entregado,usu_nusuario) VALUES (4392,@@@2013.07.05@@@,1180,1,0,@@@G_DIAZ@@@)','',2,'2013-07-05'),(34548,'INSERT INTO gne_vale_ferreteria_mov (vfe_id,pro_codigo_plu,vfm_cantidad,vfm_unitario,vfm_total,vfm_entregado) VALUES (4392,101097,1,890,890,@@@NO@@@)','',2,'2013-07-05'),(34549,'INSERT INTO gne_vale_ferreteria_mov (vfe_id,pro_codigo_plu,vfm_cantidad,vfm_unitario,vfm_total,vfm_entregado) VALUES (4392,764256,1,290,290,@@@NO@@@)','',2,'2013-07-05'),(34550,'INSERT INTO gne_vale_ferreteria (vfe_id,vfe_fecha,vfe_total,vfe_estado,vfe_entregado,usu_nusuario) VALUES (4393,@@@2013.07.05@@@,960,1,0,@@@G_DIAZ@@@)','',2,'2013-07-05'),(34551,'INSERT INTO gne_vale_ferreteria_mov (vfe_id,pro_codigo_plu,vfm_cantidad,vfm_unitario,vfm_total,vfm_entregado) VALUES (4393,15927,2,480,960,@@@NO@@@)','',2,'2013-07-05'),(34552,'INSERT INTO gne_vale_ferreteria (vfe_id,vfe_fecha,vfe_total,vfe_estado,vfe_entregado,usu_nusuario) VALUES (4394,@@@2013.07.05@@@,120,1,0,@@@G_DIAZ@@@)','',2,'2013-07-05'),(34553,'INSERT INTO gne_vale_ferreteria_mov (vfe_id,pro_codigo_plu,vfm_cantidad,vfm_unitario,vfm_total,vfm_entregado) VALUES (4394,8022,1,120,120,@@@NO@@@)','',2,'2013-07-05'),(34554,'UPDATE mae_productos SET pro_codigo_barra=@@@7804920150004@@@,pro_tipo=@@@0@@@,pro_nombre_producto=@@@MATCH DEO.SPORT 60 GRS.@@@,pro_nombre_corto=@@@MATCH DEO.SPORT@@@,med_id=@@@5@@@,emb_id=@@@3@@@,pro_unidades_embalaje=@@@1@@@,dep_id=@@@21 @@@,lin_id=@@@118@@@,mar_id=@@@1020@@@,pro_precio_compra_neto=@@@0@@@,pro_precio_compra_bruto=@@@0@@@,pro_precio_venta=@@@990@@@,pro_margen_actual=@@@0@@@,pro_oferta=@@@NO@@@,pro_fecha_inicio_oferta=@@@1900.01.01@@@,pro_fecha_termino_oferta=@@@1900.01.01@@@,pro_precio_oferta=@@@0@@@,pro_stock_minimo=@@@12@@@,pro_stock_critico=@@@6@@@,pro_activo=@@@1@@@,pro_unidad=@@@0@@@,pro_precio_compra_bruto=0,pro_margen_actual=0,pro_capacidad=0.06,pro_funcion_plu=0,pro_flejes=1,pro_iva=1,pro_plu_asociado=0,pro_envase=@@@NO@@@,pro_duracion=0,pro_numero_etiqueta=0 WHERE pro_codigo_plu=@@@11707@@@','',2,'2013-07-05'),(34555,'UPDATE mae_productos SET pro_estado=1 WHERE pro_codigo_plu=11707','',2,'2013-07-05'),(34556,'DELETE FROM mae_impuestos_productos WHERE pro_codigo_plu=@@@11707@@@','',2,'2013-07-05'),(34557,'INSERT INTO gne_vale_ferreteria (vfe_id,vfe_fecha,vfe_total,vfe_estado,vfe_entregado,usu_nusuario) VALUES (4395,@@@2013.07.05@@@,290,1,0,@@@G_DIAZ@@@)','',2,'2013-07-05'),(34558,'INSERT INTO gne_vale_ferreteria_mov (vfe_id,pro_codigo_plu,vfm_cantidad,vfm_unitario,vfm_total,vfm_entregado) VALUES (4395,764296,1,290,290,@@@NO@@@)','',2,'2013-07-05'),(34559,'UPDATE mae_productos SET pro_precio_compra_bruto=1600.003,pro_margen_actual=(pro_precio_venta-1600.003)/1600.003 * 100,pro_ultima_compra=@@@2013.07.05@@@,pro_ultimo_proveedor=@@@14094193-K@@@ WHERE pro_codigo_plu=306','',2,'2013-07-05'),(34560,'UPDATE mae_productos SET pro_precio_compra_bruto=1700,pro_margen_actual=(pro_precio_venta-1700)/1700 * 100,pro_ultima_compra=@@@2013.07.05@@@,pro_ultimo_proveedor=@@@14094193-K@@@ WHERE pro_codigo_plu=209','',2,'2013-07-05'),(34561,'UPDATE mae_productos SET pro_codigo_barra=@@@7805300049703@@@,pro_tipo=@@@0@@@,pro_nombre_producto=@@@TANAX AERO.PULGAS GARRAPATAS 440 CC.@@@,pro_nombre_corto=@@@TANAX AERO.PULGA@@@,med_id=@@@6@@@,emb_id=@@@4@@@,pro_unidades_embalaje=@@@12@@@,dep_id=@@@2 @@@,lin_id=@@@40@@@,mar_id=@@@1657@@@,pro_precio_compra_neto=@@@0@@@,pro_precio_compra_bruto=@@@0@@@,pro_precio_venta=@@@2820@@@,pro_margen_actual=@@@0@@@,pro_oferta=@@@NO@@@,pro_fecha_inicio_oferta=@@@2006.09.07@@@,pro_fecha_termino_oferta=@@@2006.09.07@@@,pro_precio_oferta=@@@0@@@,pro_stock_minimo=@@@12@@@,pro_stock_critico=@@@6@@@,pro_activo=@@@1@@@,pro_unidad=@@@0@@@,pro_precio_compra_bruto=0,pro_margen_actual=0,pro_capacidad=0.44,pro_funcion_plu=0,pro_flejes=1,pro_iva=1,pro_plu_asociado=0,pro_envase=@@@NO@@@,pro_duracion=0,pro_numero_etiqueta=0 WHERE pro_codigo_plu=@@@102426@@@','',2,'2013-07-05'),(34562,'UPDATE mae_productos SET pro_estado=1 WHERE pro_codigo_plu=102426','',2,'2013-07-05'),(34563,'DELETE FROM mae_impuestos_productos WHERE pro_codigo_plu=@@@102426@@@','',2,'2013-07-05'),(34564,'INSERT INTO gne_vale_ferreteria (vfe_id,vfe_fecha,vfe_total,vfe_estado,vfe_entregado,usu_nusuario) VALUES (4396,@@@2013.07.05@@@,600,1,0,@@@G_DIAZ@@@)','',2,'2013-07-05'),(34565,'INSERT INTO gne_vale_ferreteria_mov (vfe_id,pro_codigo_plu,vfm_cantidad,vfm_unitario,vfm_total,vfm_entregado) VALUES (4396,764770,20,30,600,@@@NO@@@)','',2,'2013-07-05'),(34566,'INSERT INTO mae_productos (pro_codigo_plu,pro_codigo_barra,pro_tipo,pro_nombre_producto,pro_nombre_corto,med_id,emb_id,pro_unidades_embalaje,dep_id,lin_id,mar_id,pro_precio_compra_neto,pro_precio_compra_bruto,pro_precio_venta,pro_margen_actual,pro_oferta,pro_fecha_inicio_oferta,pro_fecha_termino_oferta,pro_precio_oferta,pro_stock_minimo,pro_stock_critico,pro_entradas_bodega,pro_salidas_bodega,pro_mermas_bodega,pro_ajustes_bodega,pro_entradas_sv,pro_salidas_sv,pro_mermas_sv,pro_ajustes_sv,pro_activo,rec_numero,pro_unidad,pro_capacidad,pro_consumo_bodega,pro_consumo_sv,pro_estado,pro_funcion_plu,pro_flejes,pro_iva,pro_plu_asociado,pro_envase,pro_duracion,pro_numero_etiqueta) VALUES (780721300,@@@780721300@@@,@@@0@@@,@@@SAPOLIO MATA MOSCA Y ZANCUDOS@@@,@@@SAPOLIO MATA MOS@@@,@@@7 @@@,@@@3 @@@,@@@0@@@,@@@24 @@@,@@@207@@@,@@@880@@@,@@@0@@@,@@@0@@@,@@@1490@@@,@@@0@@@,@@@@@@,@@@2013.07.05@@@,@@@2013.07.05@@@,@@@0@@@,@@@0@@@,@@@0@@@,@@@0@@@,@@@0@@@,@@@0@@@,@@@0@@@,@@@0@@@,@@@0@@@,@@@0@@@,@@@0@@@,@@@1@@@,@@@0@@@,0,414,0,0,2,0,1,1,0,@@@NO@@@,0,0)','',2,'2013-07-05'),(34567,'DELETE FROM mae_impuestos_productos WHERE pro_codigo_plu=@@@780721300@@@','',2,'2013-07-05'),(34568,'UPDATE mae_productos SET pro_codigo_barra=@@@7891035663000@@@,pro_tipo=@@@0@@@,pro_nombre_producto=@@@MORTEIN AERO.HOGAR JARDIN 400 CC@@@,pro_nombre_corto=@@@MORTEIN AERO.HOG@@@,med_id=@@@6@@@,emb_id=@@@4@@@,pro_unidades_embalaje=@@@12@@@,dep_id=@@@2 @@@,lin_id=@@@40@@@,mar_id=@@@2022@@@,pro_precio_compra_neto=@@@0@@@,pro_precio_compra_bruto=@@@0@@@,pro_precio_venta=@@@1@@@,pro_margen_actual=@@@0@@@,pro_oferta=@@@NO@@@,pro_fecha_inicio_oferta=@@@1900.01.01@@@,pro_fecha_termino_oferta=@@@1900.01.01@@@,pro_precio_oferta=@@@0@@@,pro_stock_minimo=@@@12@@@,pro_stock_critico=@@@6@@@,pro_activo=@@@1@@@,pro_unidad=@@@0@@@,pro_precio_compra_bruto=0,pro_margen_actual=0,pro_capacidad=0.4,pro_funcion_plu=0,pro_flejes=1,pro_iva=1,pro_plu_asociado=0,pro_envase=@@@NO@@@,pro_duracion=0,pro_numero_etiqueta=0 WHERE pro_codigo_plu=@@@15629@@@','',2,'2013-07-05'),(34569,'UPDATE mae_productos SET pro_estado=1 WHERE pro_codigo_plu=15629','',2,'2013-07-05'),(34570,'DELETE FROM mae_impuestos_productos WHERE pro_codigo_plu=@@@15629@@@','',2,'2013-07-05'),(34571,'INSERT INTO gne_vale_ferreteria (vfe_id,vfe_fecha,vfe_total,vfe_estado,vfe_entregado,usu_nusuario) VALUES (4397,@@@2013.07.05@@@,220,1,0,@@@G_DIAZ@@@)','',2,'2013-07-05'),(34572,'INSERT INTO gne_vale_ferreteria_mov (vfe_id,pro_codigo_plu,vfm_cantidad,vfm_unitario,vfm_total,vfm_entregado) VALUES (4397,78017027,2,50,100,@@@NO@@@)','',2,'2013-07-05'),(34573,'INSERT INTO gne_vale_ferreteria_mov (vfe_id,pro_codigo_plu,vfm_cantidad,vfm_unitario,vfm_total,vfm_entregado) VALUES (4397,78017000,1,120,120,@@@NO@@@)','',2,'2013-07-05'),(34574,'INSERT INTO gne_vale_ferreteria (vfe_id,vfe_fecha,vfe_total,vfe_estado,vfe_entregado,usu_nusuario) VALUES (4398,@@@2013.07.05@@@,480,1,0,@@@G_DIAZ@@@)','',2,'2013-07-05'),(34575,'INSERT INTO gne_vale_ferreteria_mov (vfe_id,pro_codigo_plu,vfm_cantidad,vfm_unitario,vfm_total,vfm_entregado) VALUES (4398,15935,1,480,480,@@@NO@@@)','',2,'2013-07-05'),(34576,'INSERT INTO gne_vale_ferreteria (vfe_id,vfe_fecha,vfe_total,vfe_estado,vfe_entregado,usu_nusuario) VALUES (4399,@@@2013.07.05@@@,200,1,0,@@@G_DIAZ@@@)','',2,'2013-07-05'),(34577,'INSERT INTO gne_vale_ferreteria_mov (vfe_id,pro_codigo_plu,vfm_cantidad,vfm_unitario,vfm_total,vfm_entregado) VALUES (4399,78017194,1,200,200,@@@NO@@@)','',2,'2013-07-05'),(34578,'INSERT INTO gne_vale_ferreteria (vfe_id,vfe_fecha,vfe_total,vfe_estado,vfe_entregado,usu_nusuario) VALUES (4400,@@@2013.07.05@@@,890,1,0,@@@G_DIAZ@@@)','',2,'2013-07-05'),(34579,'INSERT INTO gne_vale_ferreteria_mov (vfe_id,pro_codigo_plu,vfm_cantidad,vfm_unitario,vfm_total,vfm_entregado) VALUES (4400,78017157,1,770,770,@@@NO@@@)','',2,'2013-07-05'),(34580,'INSERT INTO gne_vale_ferreteria_mov (vfe_id,pro_codigo_plu,vfm_cantidad,vfm_unitario,vfm_total,vfm_entregado) VALUES (4400,8022,1,120,120,@@@NO@@@)','',2,'2013-07-05'),(34581,'INSERT INTO gne_vale_ferreteria (vfe_id,vfe_fecha,vfe_total,vfe_estado,vfe_entregado,usu_nusuario) VALUES (4401,@@@2013.07.05@@@,780,1,0,@@@G_DIAZ@@@)','',2,'2013-07-05'),(34582,'INSERT INTO gne_vale_ferreteria_mov (vfe_id,pro_codigo_plu,vfm_cantidad,vfm_unitario,vfm_total,vfm_entregado) VALUES (4401,764975,2,390,780,@@@NO@@@)','',2,'2013-07-05'),(34583,'INSERT INTO gne_vale_ferreteria (vfe_id,vfe_fecha,vfe_total,vfe_estado,vfe_entregado,usu_nusuario) VALUES (4402,@@@2013.07.05@@@,130,1,0,@@@G_DIAZ@@@)','',2,'2013-07-05'),(34584,'INSERT INTO gne_vale_ferreteria_mov (vfe_id,pro_codigo_plu,vfm_cantidad,vfm_unitario,vfm_total,vfm_entregado) VALUES (4402,78017148,1,130,130,@@@NO@@@)','',2,'2013-07-05'),(34585,'UPDATE mae_productos SET pro_precio_compra_bruto=402,pro_margen_actual=(pro_precio_venta-402)/402 * 100,pro_ultima_compra=@@@2013.07.05@@@,pro_ultimo_proveedor=@@@94528000-K@@@ WHERE pro_codigo_plu=764356','',2,'2013-07-05'),(34586,'INSERT INTO gne_vale_ferreteria (vfe_id,vfe_fecha,vfe_total,vfe_estado,vfe_entregado,usu_nusuario) VALUES (4403,@@@2013.07.05@@@,390,1,0,@@@G_DIAZ@@@)','',2,'2013-07-05'),(34587,'INSERT INTO gne_vale_ferreteria_mov (vfe_id,pro_codigo_plu,vfm_cantidad,vfm_unitario,vfm_total,vfm_entregado) VALUES (4403,8023,1,390,390,@@@NO@@@)','',2,'2013-07-05'),(34588,'INSERT INTO gne_vale_ferreteria (vfe_id,vfe_fecha,vfe_total,vfe_estado,vfe_entregado,usu_nusuario) VALUES (4404,@@@2013.07.05@@@,420,1,0,@@@G_DIAZ@@@)','',2,'2013-07-05'),(34589,'INSERT INTO gne_vale_ferreteria_mov (vfe_id,pro_codigo_plu,vfm_cantidad,vfm_unitario,vfm_total,vfm_entregado) VALUES (4404,8022,1,120,120,@@@NO@@@)','',2,'2013-07-05'),(34590,'INSERT INTO gne_vale_ferreteria_mov (vfe_id,pro_codigo_plu,vfm_cantidad,vfm_unitario,vfm_total,vfm_entregado) VALUES (4404,78017027,6,50,300,@@@NO@@@)','',2,'2013-07-05'),(34591,'INSERT INTO gne_vale_ferreteria (vfe_id,vfe_fecha,vfe_total,vfe_estado,vfe_entregado,usu_nusuario) VALUES (4405,@@@2013.07.05@@@,350,1,0,@@@G_DIAZ@@@)','',2,'2013-07-05'),(34592,'INSERT INTO gne_vale_ferreteria_mov (vfe_id,pro_codigo_plu,vfm_cantidad,vfm_unitario,vfm_total,vfm_entregado) VALUES (4405,78017027,4,50,200,@@@NO@@@)','',2,'2013-07-05'),(34593,'INSERT INTO gne_vale_ferreteria_mov (vfe_id,pro_codigo_plu,vfm_cantidad,vfm_unitario,vfm_total,vfm_entregado) VALUES (4405,770000,3,50,150,@@@NO@@@)','',2,'2013-07-05'),(34594,'INSERT INTO gne_vale_ferreteria (vfe_id,vfe_fecha,vfe_total,vfe_estado,vfe_entregado,usu_nusuario) VALUES (4406,@@@2013.07.05@@@,120,1,0,@@@G_DIAZ@@@)','',2,'2013-07-05'),(34595,'INSERT INTO gne_vale_ferreteria_mov (vfe_id,pro_codigo_plu,vfm_cantidad,vfm_unitario,vfm_total,vfm_entregado) VALUES (4406,8022,1,120,120,@@@NO@@@)','',2,'2013-07-05'),(34596,'INSERT INTO gne_vale_ferreteria (vfe_id,vfe_fecha,vfe_total,vfe_estado,vfe_entregado,usu_nusuario) VALUES (4407,@@@2013.07.05@@@,120,1,0,@@@G_DIAZ@@@)','',2,'2013-07-05'),(34597,'INSERT INTO gne_vale_ferreteria_mov (vfe_id,pro_codigo_plu,vfm_cantidad,vfm_unitario,vfm_total,vfm_entregado) VALUES (4407,7502,4,30,120,@@@NO@@@)','',2,'2013-07-05'),(34598,'INSERT INTO gne_vale_ferreteria (vfe_id,vfe_fecha,vfe_total,vfe_estado,vfe_entregado,usu_nusuario) VALUES (4408,@@@2013.07.05@@@,100,1,0,@@@G_DIAZ@@@)','',2,'2013-07-05'),(34599,'INSERT INTO gne_vale_ferreteria_mov (vfe_id,pro_codigo_plu,vfm_cantidad,vfm_unitario,vfm_total,vfm_entregado) VALUES (4408,770032,2,50,100,@@@NO@@@)','',2,'2013-07-05'),(34600,'INSERT INTO gne_vale_ferreteria (vfe_id,vfe_fecha,vfe_total,vfe_estado,vfe_entregado,usu_nusuario) VALUES (4409,@@@2013.07.05@@@,2160,1,0,@@@G_DIAZ@@@)','',2,'2013-07-05'),(34601,'INSERT INTO gne_vale_ferreteria_mov (vfe_id,pro_codigo_plu,vfm_cantidad,vfm_unitario,vfm_total,vfm_entregado) VALUES (4409,764045,1,990,990,@@@NO@@@)','',2,'2013-07-05'),(34602,'INSERT INTO gne_vale_ferreteria_mov (vfe_id,pro_codigo_plu,vfm_cantidad,vfm_unitario,vfm_total,vfm_entregado) VALUES (4409,764846,3,390,1170,@@@NO@@@)','',2,'2013-07-05'),(34603,'INSERT INTO gne_vale_ferreteria (vfe_id,vfe_fecha,vfe_total,vfe_estado,vfe_entregado,usu_nusuario) VALUES (4410,@@@2013.07.05@@@,450,1,0,@@@G_DIAZ@@@)','',2,'2013-07-05'),(34604,'INSERT INTO gne_vale_ferreteria_mov (vfe_id,pro_codigo_plu,vfm_cantidad,vfm_unitario,vfm_total,vfm_entregado) VALUES (4410,764539,1,450,450,@@@NO@@@)','',2,'2013-07-05'),(34605,'UPDATE mae_productos SET pro_precio_compra_bruto=892.5,pro_margen_actual=(pro_precio_venta-892.5)/892.5 * 100,pro_ultima_compra=@@@2013.07.05@@@,pro_ultimo_proveedor=@@@76218060-K@@@ WHERE pro_codigo_plu=10743','',2,'2013-07-05'),(34606,'UPDATE mae_productos SET pro_precio_compra_bruto=196.498,pro_margen_actual=(pro_precio_venta-196.498)/196.498 * 100,pro_ultima_compra=@@@2013.07.05@@@,pro_ultimo_proveedor=@@@76218060-K@@@ WHERE pro_codigo_plu=14063','',2,'2013-07-05'),(34607,'UPDATE mae_productos SET pro_precio_compra_bruto=664,pro_margen_actual=(pro_precio_venta-664)/664 * 100,pro_ultima_compra=@@@2013.07.05@@@,pro_ultimo_proveedor=@@@76218060-K@@@ WHERE pro_codigo_plu=13971','',2,'2013-07-05'),(34608,'UPDATE mae_productos SET pro_precio_compra_bruto=277,pro_margen_actual=(pro_precio_venta-277)/277 * 100,pro_ultima_compra=@@@2013.07.05@@@,pro_ultimo_proveedor=@@@76218060-K@@@ WHERE pro_codigo_plu=10613','',2,'2013-07-05'),(34609,'UPDATE mae_productos SET pro_precio_compra_bruto=228.6,pro_margen_actual=(pro_precio_venta-228.6)/228.6 * 100,pro_ultima_compra=@@@2013.07.05@@@,pro_ultimo_proveedor=@@@76218060-K@@@ WHERE pro_codigo_plu=763447','',2,'2013-07-05'),(34610,'UPDATE mae_productos SET pro_precio_compra_bruto=1825,pro_margen_actual=(pro_precio_venta-1825)/1825 * 100,pro_ultima_compra=@@@2013.07.05@@@,pro_ultimo_proveedor=@@@94528000-K@@@ WHERE pro_codigo_plu=102535','',2,'2013-07-05'),(34611,'INSERT INTO gne_vale_ferreteria (vfe_id,vfe_fecha,vfe_total,vfe_estado,vfe_entregado,usu_nusuario) VALUES (4411,@@@2013.07.05@@@,300,1,0,@@@G_DIAZ@@@)','',2,'2013-07-05'),(34612,'INSERT INTO gne_vale_ferreteria_mov (vfe_id,pro_codigo_plu,vfm_cantidad,vfm_unitario,vfm_total,vfm_entregado) VALUES (4411,780721222,1,300,300,@@@NO@@@)','',2,'2013-07-05'),(34613,'UPDATE mae_productos SET pro_precio_compra_bruto=309.4,pro_margen_actual=(pro_precio_venta-309.4)/309.4 * 100,pro_ultima_compra=@@@2013.07.05@@@,pro_ultimo_proveedor=@@@94528000-K@@@ WHERE pro_codigo_plu=763402','',2,'2013-07-05'),(34614,'UPDATE mae_productos SET pro_precio_compra_bruto=309.4,pro_margen_actual=(pro_precio_venta-309.4)/309.4 * 100,pro_ultima_compra=@@@2013.07.05@@@,pro_ultimo_proveedor=@@@94528000-K@@@ WHERE pro_codigo_plu=763393','',2,'2013-07-05'),(34615,'UPDATE mae_productos SET pro_precio_compra_bruto=309.4,pro_margen_actual=(pro_precio_venta-309.4)/309.4 * 100,pro_ultima_compra=@@@2013.07.05@@@,pro_ultimo_proveedor=@@@94528000-K@@@ WHERE pro_codigo_plu=763399','',2,'2013-07-05'),(34616,'UPDATE mae_productos SET pro_precio_compra_bruto=309.4,pro_margen_actual=(pro_precio_venta-309.4)/309.4 * 100,pro_ultima_compra=@@@2013.07.05@@@,pro_ultimo_proveedor=@@@94528000-K@@@ WHERE pro_codigo_plu=763414','',2,'2013-07-05'),(34617,'UPDATE mae_productos SET pro_precio_compra_bruto=309.4,pro_margen_actual=(pro_precio_venta-309.4)/309.4 * 100,pro_ultima_compra=@@@2013.07.05@@@,pro_ultimo_proveedor=@@@94528000-K@@@ WHERE pro_codigo_plu=765087','',2,'2013-07-05'),(34618,'UPDATE mae_productos SET pro_precio_compra_bruto=309.4,pro_margen_actual=(pro_precio_venta-309.4)/309.4 * 100,pro_ultima_compra=@@@2013.07.05@@@,pro_ultimo_proveedor=@@@94528000-K@@@ WHERE pro_codigo_plu=765088','',2,'2013-07-05'),(34619,'UPDATE mae_productos SET pro_precio_compra_bruto=309.4,pro_margen_actual=(pro_precio_venta-309.4)/309.4 * 100,pro_ultima_compra=@@@2013.07.05@@@,pro_ultimo_proveedor=@@@94528000-K@@@ WHERE pro_codigo_plu=765086','',2,'2013-07-05'),(34620,'UPDATE mae_productos SET pro_precio_compra_bruto=221.3,pro_margen_actual=(pro_precio_venta-221.3)/221.3 * 100,pro_ultima_compra=@@@2013.07.05@@@,pro_ultimo_proveedor=@@@94528000-K@@@ WHERE pro_codigo_plu=102689','',2,'2013-07-05'),(34621,'UPDATE mae_productos SET pro_precio_compra_bruto=309.4,pro_margen_actual=(pro_precio_venta-309.4)/309.4 * 100,pro_ultima_compra=@@@2013.07.05@@@,pro_ultimo_proveedor=@@@94528000-K@@@ WHERE pro_codigo_plu=763408','',2,'2013-07-05'),(34622,'UPDATE mae_productos SET pro_precio_compra_bruto=309.4,pro_margen_actual=(pro_precio_venta-309.4)/309.4 * 100,pro_ultima_compra=@@@2013.07.05@@@,pro_ultimo_proveedor=@@@94528000-K@@@ WHERE pro_codigo_plu=763415','',2,'2013-07-05'),(34623,'UPDATE mae_productos SET pro_precio_compra_bruto=309.4,pro_margen_actual=(pro_precio_venta-309.4)/309.4 * 100,pro_ultima_compra=@@@2013.07.05@@@,pro_ultimo_proveedor=@@@94528000-K@@@ WHERE pro_codigo_plu=764430','',2,'2013-07-05'),(34624,'UPDATE mae_productos SET pro_precio_compra_bruto=178.5,pro_margen_actual=(pro_precio_venta-178.5)/178.5 * 100,pro_ultima_compra=@@@2013.07.05@@@,pro_ultimo_proveedor=@@@94528000-K@@@ WHERE pro_codigo_plu=763395','',2,'2013-07-05'),(34625,'UPDATE mae_productos SET pro_precio_compra_bruto=178.5,pro_margen_actual=(pro_precio_venta-178.5)/178.5 * 100,pro_ultima_compra=@@@2013.07.05@@@,pro_ultimo_proveedor=@@@94528000-K@@@ WHERE pro_codigo_plu=78017217','',2,'2013-07-05'),(34626,'UPDATE mae_productos SET pro_precio_compra_bruto=221.3,pro_margen_actual=(pro_precio_venta-221.3)/221.3 * 100,pro_ultima_compra=@@@2013.07.05@@@,pro_ultimo_proveedor=@@@94528000-K@@@ WHERE pro_codigo_plu=762304','',2,'2013-07-05'),(34627,'UPDATE mae_productos SET pro_precio_compra_bruto=265.3,pro_margen_actual=(pro_precio_venta-265.3)/265.3 * 100,pro_ultima_compra=@@@2013.07.05@@@,pro_ultimo_proveedor=@@@94528000-K@@@ WHERE pro_codigo_plu=13593','',2,'2013-07-05'),(34628,'UPDATE mae_productos SET pro_precio_compra_bruto=265.3,pro_margen_actual=(pro_precio_venta-265.3)/265.3 * 100,pro_ultima_compra=@@@2013.07.05@@@,pro_ultimo_proveedor=@@@94528000-K@@@ WHERE pro_codigo_plu=763401','',2,'2013-07-05'),(34629,'UPDATE mae_productos SET pro_precio_compra_bruto=265.3,pro_margen_actual=(pro_precio_venta-265.3)/265.3 * 100,pro_ultima_compra=@@@2013.07.05@@@,pro_ultimo_proveedor=@@@94528000-K@@@ WHERE pro_codigo_plu=763396','',2,'2013-07-05'),(34630,'UPDATE mae_productos SET pro_precio_compra_bruto=265.3,pro_margen_actual=(pro_precio_venta-265.3)/265.3 * 100,pro_ultima_compra=@@@2013.07.05@@@,pro_ultimo_proveedor=@@@94528000-K@@@ WHERE pro_codigo_plu=14236','',2,'2013-07-05'),(34631,'UPDATE mae_productos SET pro_precio_compra_bruto=265.3,pro_margen_actual=(pro_precio_venta-265.3)/265.3 * 100,pro_ultima_compra=@@@2013.07.05@@@,pro_ultimo_proveedor=@@@94528000-K@@@ WHERE pro_codigo_plu=13772','',2,'2013-07-05'),(34632,'UPDATE mae_productos SET pro_precio_compra_bruto=402.2,pro_margen_actual=(pro_precio_venta-402.2)/402.2 * 100,pro_ultima_compra=@@@2013.07.05@@@,pro_ultimo_proveedor=@@@94528000-K@@@ WHERE pro_codigo_plu=763398','',2,'2013-07-05'),(34633,'UPDATE mae_productos SET pro_precio_compra_bruto=309.4,pro_margen_actual=(pro_precio_venta-309.4)/309.4 * 100,pro_ultima_compra=@@@2013.07.05@@@,pro_ultimo_proveedor=@@@94528000-K@@@ WHERE pro_codigo_plu=780220144','',2,'2013-07-05'),(34634,'UPDATE mae_productos SET pro_precio_compra_bruto=107,pro_margen_actual=(pro_precio_venta-107)/107 * 100,pro_ultima_compra=@@@2013.07.05@@@,pro_ultimo_proveedor=@@@94528000-K@@@ WHERE pro_codigo_plu=762447','',2,'2013-07-05'),(34635,'UPDATE mae_productos SET pro_precio_compra_bruto=107,pro_margen_actual=(pro_precio_venta-107)/107 * 100,pro_ultima_compra=@@@2013.07.05@@@,pro_ultimo_proveedor=@@@94528000-K@@@ WHERE pro_codigo_plu=762446','',2,'2013-07-05'),(34636,'UPDATE mae_productos SET pro_precio_compra_bruto=310,pro_margen_actual=(pro_precio_venta-310)/310 * 100,pro_ultima_compra=@@@2013.07.05@@@,pro_ultimo_proveedor=@@@94528000-K@@@ WHERE pro_codigo_plu=14128','',2,'2013-07-05'),(34637,'UPDATE mae_productos SET pro_precio_compra_bruto=758,pro_margen_actual=(pro_precio_venta-758)/758 * 100,pro_ultima_compra=@@@2013.07.05@@@,pro_ultimo_proveedor=@@@94528000-K@@@ WHERE pro_codigo_plu=11002','',2,'2013-07-05'),(34638,'UPDATE mae_productos SET pro_precio_compra_bruto=758,pro_margen_actual=(pro_precio_venta-758)/758 * 100,pro_ultima_compra=@@@2013.07.05@@@,pro_ultimo_proveedor=@@@94528000-K@@@ WHERE pro_codigo_plu=11001','',2,'2013-07-05'),(34639,'UPDATE mae_productos SET pro_precio_compra_bruto=89,pro_margen_actual=(pro_precio_venta-89)/89 * 100,pro_ultima_compra=@@@2013.07.05@@@,pro_ultimo_proveedor=@@@94528000-K@@@ WHERE pro_codigo_plu=262073','',2,'2013-07-05'),(34640,'UPDATE mae_productos SET pro_precio_compra_bruto=89,pro_margen_actual=(pro_precio_venta-89)/89 * 100,pro_ultima_compra=@@@2013.07.05@@@,pro_ultimo_proveedor=@@@94528000-K@@@ WHERE pro_codigo_plu=11780','',2,'2013-07-05'),(34641,'UPDATE mae_productos SET pro_precio_compra_bruto=89,pro_margen_actual=(pro_precio_venta-89)/89 * 100,pro_ultima_compra=@@@2013.07.05@@@,pro_ultimo_proveedor=@@@94528000-K@@@ WHERE pro_codigo_plu=11412','',2,'2013-07-05'),(34642,'UPDATE mae_productos SET pro_precio_compra_bruto=402,pro_margen_actual=(pro_precio_venta-402)/402 * 100,pro_ultima_compra=@@@2013.07.05@@@,pro_ultimo_proveedor=@@@94528000-K@@@ WHERE pro_codigo_plu=764356','',2,'2013-07-05'),(34643,'INSERT INTO gne_vale_ferreteria (vfe_id,vfe_fecha,vfe_total,vfe_estado,vfe_entregado,usu_nusuario) VALUES (4412,@@@2013.07.05@@@,540,1,0,@@@G_DIAZ@@@)','',2,'2013-07-05'),(34644,'INSERT INTO gne_vale_ferreteria_mov (vfe_id,pro_codigo_plu,vfm_cantidad,vfm_unitario,vfm_total,vfm_entregado) VALUES (4412,78017026,6,90,540,@@@NO@@@)','',2,'2013-07-05'),(34645,'INSERT INTO gne_vale_ferreteria (vfe_id,vfe_fecha,vfe_total,vfe_estado,vfe_entregado,usu_nusuario) VALUES (4413,@@@2013.07.05@@@,360,1,0,@@@G_DIAZ@@@)','',2,'2013-07-05'),(34646,'INSERT INTO gne_vale_ferreteria_mov (vfe_id,pro_codigo_plu,vfm_cantidad,vfm_unitario,vfm_total,vfm_entregado) VALUES (4413,78017026,4,90,360,@@@NO@@@)','',2,'2013-07-05'),(34647,'INSERT INTO gne_vale_ferreteria (vfe_id,vfe_fecha,vfe_total,vfe_estado,vfe_entregado,usu_nusuario) VALUES (4414,@@@2013.07.05@@@,150,1,0,@@@G_DIAZ@@@)','',2,'2013-07-05'),(34648,'INSERT INTO gne_vale_ferreteria_mov (vfe_id,pro_codigo_plu,vfm_cantidad,vfm_unitario,vfm_total,vfm_entregado) VALUES (4414,770000,3,50,150,@@@NO@@@)','',2,'2013-07-05'),(34649,'INSERT INTO gne_vale_ferreteria (vfe_id,vfe_fecha,vfe_total,vfe_estado,vfe_entregado,usu_nusuario) VALUES (4415,@@@2013.07.05@@@,300,1,0,@@@G_DIAZ@@@)','',2,'2013-07-05'),(34650,'INSERT INTO gne_vale_ferreteria_mov (vfe_id,pro_codigo_plu,vfm_cantidad,vfm_unitario,vfm_total,vfm_entregado) VALUES (4415,770000,6,50,300,@@@NO@@@)','',2,'2013-07-05'),(34651,'INSERT INTO gne_vale_ferreteria (vfe_id,vfe_fecha,vfe_total,vfe_estado,vfe_entregado,usu_nusuario) VALUES (4416,@@@2013.07.05@@@,690,1,0,@@@G_DIAZ@@@)','',2,'2013-07-05'),(34652,'INSERT INTO gne_vale_ferreteria_mov (vfe_id,pro_codigo_plu,vfm_cantidad,vfm_unitario,vfm_total,vfm_entregado) VALUES (4416,770073,1,690,690,@@@NO@@@)','',2,'2013-07-05'),(34653,'INSERT INTO gne_vale_ferreteria (vfe_id,vfe_fecha,vfe_total,vfe_estado,vfe_entregado,usu_nusuario) VALUES (4417,@@@2013.07.05@@@,450,1,0,@@@G_DIAZ@@@)','',2,'2013-07-05'),(34654,'INSERT INTO gne_vale_ferreteria_mov (vfe_id,pro_codigo_plu,vfm_cantidad,vfm_unitario,vfm_total,vfm_entregado) VALUES (4417,764016,1,450,450,@@@NO@@@)','',2,'2013-07-05'),(34655,'INSERT INTO gne_vale_ferreteria (vfe_id,vfe_fecha,vfe_total,vfe_estado,vfe_entregado,usu_nusuario) VALUES (4418,@@@2013.07.05@@@,690,1,0,@@@G_DIAZ@@@)','',2,'2013-07-05'),(34656,'INSERT INTO gne_vale_ferreteria_mov (vfe_id,pro_codigo_plu,vfm_cantidad,vfm_unitario,vfm_total,vfm_entregado) VALUES (4418,1563,1,690,690,@@@NO@@@)','',2,'2013-07-05'),(34657,'INSERT INTO gne_vale_ferreteria (vfe_id,vfe_fecha,vfe_total,vfe_estado,vfe_entregado,usu_nusuario) VALUES (4419,@@@2013.07.05@@@,790,1,0,@@@G_DIAZ@@@)','',2,'2013-07-05'),(34658,'INSERT INTO gne_vale_ferreteria_mov (vfe_id,pro_codigo_plu,vfm_cantidad,vfm_unitario,vfm_total,vfm_entregado) VALUES (4419,780721280,1,790,790,@@@NO@@@)','',2,'2013-07-05'),(34659,'UPDATE mae_productos SET pro_margen_actual=0,pro_precio_venta=990 WHERE pro_codigo_plu=11707','',2,'2013-07-05'),(34660,'UPDATE mae_productos SET pro_margen_actual=0,pro_precio_venta=1 WHERE pro_codigo_plu=15629','',2,'2013-07-05'),(34661,'UPDATE mae_productos SET pro_margen_actual=0,pro_precio_venta=1490 WHERE pro_codigo_plu=780721300','',2,'2013-07-05'),(34662,'UPDATE mae_productos SET pro_margen_actual=0,pro_precio_venta=2820 WHERE pro_codigo_plu=102426','',2,'2013-07-05'),(34663,'UPDATE mae_productos SET pro_margen_actual=28.96,pro_precio_venta=399 WHERE pro_codigo_plu=780220144','',2,'2013-07-05'),(34664,'UPDATE mae_productos SET pro_margen_actual=28.71,pro_precio_venta=399 WHERE pro_codigo_plu=14128','',2,'2013-07-05'),(34665,'UPDATE mae_productos SET pro_margen_actual=28.96,pro_precio_venta=399 WHERE pro_codigo_plu=763402','',2,'2013-07-05'),(34666,'UPDATE mae_productos SET pro_margen_actual=28.96,pro_precio_venta=399 WHERE pro_codigo_plu=763399','',2,'2013-07-05'),(34667,'UPDATE mae_productos SET pro_margen_actual=28.96,pro_precio_venta=399 WHERE pro_codigo_plu=763414','',2,'2013-07-05'),(34668,'UPDATE mae_productos SET pro_margen_actual=28.96,pro_precio_venta=399 WHERE pro_codigo_plu=765087','',2,'2013-07-05'),(34669,'UPDATE mae_productos SET pro_margen_actual=28.71,pro_precio_venta=399 WHERE pro_codigo_plu=13689','',2,'2013-07-05'),(34670,'UPDATE mae_productos SET pro_margen_actual=28.96,pro_precio_venta=399 WHERE pro_codigo_plu=765086','',2,'2013-07-05'),(34671,'UPDATE mae_productos SET pro_margen_actual=28.96,pro_precio_venta=399 WHERE pro_codigo_plu=765088','',2,'2013-07-05'),(34672,'UPDATE mae_productos SET pro_margen_actual=28.96,pro_precio_venta=399 WHERE pro_codigo_plu=764430','',2,'2013-07-05'),(34673,'UPDATE mae_productos SET pro_margen_actual=28.96,pro_precio_venta=399 WHERE pro_codigo_plu=763408','',2,'2013-07-05'),(34674,'UPDATE mae_productos SET pro_margen_actual=28.96,pro_precio_venta=399 WHERE pro_codigo_plu=763415','',2,'2013-07-05'),(34675,'UPDATE mae_productos SET pro_margen_actual=31.93,pro_precio_venta=350 WHERE pro_codigo_plu=14236','',2,'2013-07-05'),(34676,'UPDATE mae_productos SET pro_margen_actual=28.96,pro_precio_venta=399 WHERE pro_codigo_plu=763393','',2,'2013-07-05'),(34677,'UPDATE mae_productos SET pro_margen_actual=30.61,pro_precio_venta=990 WHERE pro_codigo_plu=11001','',2,'2013-07-05'),(34678,'UPDATE mae_productos SET pro_margen_actual=0,pro_precio_venta=2890 WHERE pro_codigo_plu=15629','',2,'2013-07-05'),(34679,'UPDATE mae_productos SET pro_precio_fiscal=pro_precio_venta WHERE pro_codigo_plu=13689','',2,'2013-07-05'),(34680,'UPDATE mae_productos SET pro_precio_fiscal=pro_precio_venta WHERE pro_codigo_plu=14128','',2,'2013-07-05'),(34681,'UPDATE mae_productos SET pro_precio_fiscal=pro_precio_venta WHERE pro_codigo_plu=14236','',2,'2013-07-05'),(34682,'UPDATE mae_productos SET pro_precio_fiscal=pro_precio_venta WHERE pro_codigo_plu=763408','',2,'2013-07-05'),(34683,'UPDATE mae_productos SET pro_precio_fiscal=pro_precio_venta WHERE pro_codigo_plu=763415','',2,'2013-07-05'),(34684,'UPDATE mae_productos SET pro_precio_fiscal=pro_precio_venta WHERE pro_codigo_plu=763414','',2,'2013-07-05'),(34685,'UPDATE mae_productos SET pro_precio_fiscal=pro_precio_venta WHERE pro_codigo_plu=763399','',2,'2013-07-05'),(34686,'UPDATE mae_productos SET pro_precio_fiscal=pro_precio_venta WHERE pro_codigo_plu=763393','',2,'2013-07-05'),(34687,'UPDATE mae_productos SET pro_precio_fiscal=pro_precio_venta WHERE pro_codigo_plu=763402','',2,'2013-07-05'),(34688,'UPDATE mae_productos SET pro_precio_fiscal=pro_precio_venta WHERE pro_codigo_plu=764430','',2,'2013-07-05'),(34689,'UPDATE mae_productos SET pro_precio_fiscal=pro_precio_venta WHERE pro_codigo_plu=765086','',2,'2013-07-05'),(34690,'UPDATE mae_productos SET pro_precio_fiscal=pro_precio_venta WHERE pro_codigo_plu=765087','',2,'2013-07-05'),(34691,'UPDATE mae_productos SET pro_precio_fiscal=pro_precio_venta WHERE pro_codigo_plu=765088','',2,'2013-07-05'),(34692,'UPDATE mae_productos SET pro_precio_fiscal=pro_precio_venta WHERE pro_codigo_plu=780220144','',2,'2013-07-05'),(34693,'UPDATE mae_productos SET pro_precio_fiscal=pro_precio_venta WHERE pro_codigo_plu=11001','',2,'2013-07-05'),(34694,'UPDATE mae_productos SET pro_precio_fiscal=pro_precio_venta WHERE pro_codigo_plu=11707','',2,'2013-07-05'),(34695,'UPDATE mae_productos SET pro_precio_fiscal=pro_precio_venta WHERE pro_codigo_plu=102426','',2,'2013-07-05'),(34696,'UPDATE mae_productos SET pro_precio_fiscal=pro_precio_venta WHERE pro_codigo_plu=780721300','',2,'2013-07-05'),(34697,'UPDATE mae_productos SET pro_precio_fiscal=pro_precio_venta WHERE pro_codigo_plu=15629','',2,'2013-07-05'),(34698,'INSERT INTO gne_vale_ferreteria (vfe_id,vfe_fecha,vfe_total,vfe_estado,vfe_entregado,usu_nusuario) VALUES (4420,@@@2013.07.05@@@,300,1,0,@@@G_DIAZ@@@)','',2,'2013-07-05'),(34699,'INSERT INTO gne_vale_ferreteria_mov (vfe_id,pro_codigo_plu,vfm_cantidad,vfm_unitario,vfm_total,vfm_entregado) VALUES (4420,780721222,1,300,300,@@@NO@@@)','',2,'2013-07-05'),(34700,'UPDATE mae_productos SET pro_precio_compra_bruto=1000,pro_margen_actual=(pro_precio_venta-1000)/1000 * 100,pro_ultima_compra=@@@2013.07.05@@@,pro_ultimo_proveedor=@@@76717550-7@@@ WHERE pro_codigo_plu=383','',2,'2013-07-05'),(34701,'UPDATE mae_productos SET pro_precio_compra_bruto=2352.63,pro_margen_actual=(pro_precio_venta-2352.63)/2352.63 * 100,pro_ultima_compra=@@@2013.07.05@@@,pro_ultimo_proveedor=@@@77847960-5@@@ WHERE pro_codigo_plu=309','',2,'2013-07-05'),(34702,'UPDATE mae_productos SET pro_precio_compra_bruto=2352.6,pro_margen_actual=(pro_precio_venta-2352.6)/2352.6 * 100,pro_ultima_compra=@@@2013.07.05@@@,pro_ultimo_proveedor=@@@77847960-5@@@ WHERE pro_codigo_plu=308','',2,'2013-07-05'),(34703,'UPDATE mae_productos SET pro_precio_compra_bruto=3349.85,pro_margen_actual=(pro_precio_venta-3349.85)/3349.85 * 100,pro_ultima_compra=@@@2013.07.05@@@,pro_ultimo_proveedor=@@@77847960-5@@@ WHERE pro_codigo_plu=310','',2,'2013-07-05'),(34704,'UPDATE mae_productos SET pro_precio_compra_bruto=2989.28,pro_margen_actual=(pro_precio_venta-2989.28)/2989.28 * 100,pro_ultima_compra=@@@2013.07.05@@@,pro_ultimo_proveedor=@@@77847960-5@@@ WHERE pro_codigo_plu=210','',2,'2013-07-05'),(34705,'UPDATE mae_productos SET pro_precio_compra_bruto=1535,pro_margen_actual=(pro_precio_venta-1535)/1535 * 100,pro_ultima_compra=@@@2013.07.05@@@,pro_ultimo_proveedor=@@@77847960-5@@@ WHERE pro_codigo_plu=215','',2,'2013-07-05'),(34706,'INSERT INTO gne_vale_ferreteria (vfe_id,vfe_fecha,vfe_total,vfe_estado,vfe_entregado,usu_nusuario) VALUES (4421,@@@2013.07.05@@@,590,1,0,@@@G_DIAZ@@@)','',2,'2013-07-05'),(34707,'INSERT INTO gne_vale_ferreteria_mov (vfe_id,pro_codigo_plu,vfm_cantidad,vfm_unitario,vfm_total,vfm_entregado) VALUES (4421,1535,1,390,390,@@@NO@@@)','',2,'2013-07-05'),(34708,'INSERT INTO gne_vale_ferreteria_mov (vfe_id,pro_codigo_plu,vfm_cantidad,vfm_unitario,vfm_total,vfm_entregado) VALUES (4421,1542,2,100,200,@@@NO@@@)','',2,'2013-07-05'),(34709,'INSERT INTO gne_vale_ferreteria (vfe_id,vfe_fecha,vfe_total,vfe_estado,vfe_entregado,usu_nusuario) VALUES (4422,@@@2013.07.05@@@,1990,1,0,@@@G_DIAZ@@@)','',2,'2013-07-05'),(34710,'INSERT INTO gne_vale_ferreteria_mov (vfe_id,pro_codigo_plu,vfm_cantidad,vfm_unitario,vfm_total,vfm_entregado) VALUES (4422,20998,1,1990,1990,@@@NO@@@)','',2,'2013-07-05'),(34711,'INSERT INTO gne_vale_ferreteria (vfe_id,vfe_fecha,vfe_total,vfe_estado,vfe_entregado,usu_nusuario) VALUES (4423,@@@2013.07.05@@@,300,1,0,@@@G_DIAZ@@@)','',2,'2013-07-05'),(34712,'INSERT INTO gne_vale_ferreteria_mov (vfe_id,pro_codigo_plu,vfm_cantidad,vfm_unitario,vfm_total,vfm_entregado) VALUES (4423,78017090,1,300,300,@@@NO@@@)','',2,'2013-07-05'),(34713,'INSERT INTO gne_vale_ferreteria (vfe_id,vfe_fecha,vfe_total,vfe_estado,vfe_entregado,usu_nusuario) VALUES (4424,@@@2013.07.05@@@,4880,1,0,@@@G_DIAZ@@@)','',2,'2013-07-05'),(34714,'INSERT INTO gne_vale_ferreteria_mov (vfe_id,pro_codigo_plu,vfm_cantidad,vfm_unitario,vfm_total,vfm_entregado) VALUES (4424,764815,1,4490,4490,@@@NO@@@)','',2,'2013-07-05'),(34715,'INSERT INTO gne_vale_ferreteria_mov (vfe_id,pro_codigo_plu,vfm_cantidad,vfm_unitario,vfm_total,vfm_entregado) VALUES (4424,1535,1,390,390,@@@NO@@@)','',2,'2013-07-05'),(34716,'INSERT INTO gne_vale_ferreteria (vfe_id,vfe_fecha,vfe_total,vfe_estado,vfe_entregado,usu_nusuario) VALUES (4425,@@@2013.07.05@@@,390,1,0,@@@G_DIAZ@@@)','',2,'2013-07-05'),(34717,'INSERT INTO gne_vale_ferreteria_mov (vfe_id,pro_codigo_plu,vfm_cantidad,vfm_unitario,vfm_total,vfm_entregado) VALUES (4425,78017239,1,390,390,@@@NO@@@)','',2,'2013-07-05'),(34718,'INSERT INTO gne_vale_ferreteria (vfe_id,vfe_fecha,vfe_total,vfe_estado,vfe_entregado,usu_nusuario) VALUES (4426,@@@2013.07.05@@@,400,1,0,@@@G_DIAZ@@@)','',2,'2013-07-05'),(34719,'INSERT INTO gne_vale_ferreteria_mov (vfe_id,pro_codigo_plu,vfm_cantidad,vfm_unitario,vfm_total,vfm_entregado) VALUES (4426,770058,2,200,400,@@@NO@@@)','',2,'2013-07-05'),(34720,'INSERT INTO gne_vale_ferreteria (vfe_id,vfe_fecha,vfe_total,vfe_estado,vfe_entregado,usu_nusuario) VALUES (4427,@@@2013.07.05@@@,300,1,0,@@@G_DIAZ@@@)','',2,'2013-07-05'),(34721,'INSERT INTO gne_vale_ferreteria_mov (vfe_id,pro_codigo_plu,vfm_cantidad,vfm_unitario,vfm_total,vfm_entregado) VALUES (4427,78017090,1,300,300,@@@NO@@@)','',2,'2013-07-05'),(34722,'INSERT INTO gne_vale_ferreteria (vfe_id,vfe_fecha,vfe_total,vfe_estado,vfe_entregado,usu_nusuario) VALUES (4428,@@@2013.07.05@@@,1890,1,0,@@@G_DIAZ@@@)','',2,'2013-07-05'),(34723,'INSERT INTO gne_vale_ferreteria_mov (vfe_id,pro_codigo_plu,vfm_cantidad,vfm_unitario,vfm_total,vfm_entregado) VALUES (4428,20516,1,1890,1890,@@@NO@@@)','',2,'2013-07-05'),(34724,'INSERT INTO gne_vale_ferreteria (vfe_id,vfe_fecha,vfe_total,vfe_estado,vfe_entregado,usu_nusuario) VALUES (4429,@@@2013.07.05@@@,700,1,0,@@@G_DIAZ@@@)','',2,'2013-07-05'),(34725,'INSERT INTO gne_vale_ferreteria_mov (vfe_id,pro_codigo_plu,vfm_cantidad,vfm_unitario,vfm_total,vfm_entregado) VALUES (4429,78017026,6,90,540,@@@NO@@@)','',2,'2013-07-05'),(34726,'INSERT INTO gne_vale_ferreteria_mov (vfe_id,pro_codigo_plu,vfm_cantidad,vfm_unitario,vfm_total,vfm_entregado) VALUES (4429,770001,2,80,160,@@@NO@@@)','',2,'2013-07-05'),(34727,'INSERT INTO gne_vale_ferreteria (vfe_id,vfe_fecha,vfe_total,vfe_estado,vfe_entregado,usu_nusuario) VALUES (4430,@@@2013.07.05@@@,320,1,0,@@@G_DIAZ@@@)','',2,'2013-07-05'),(34728,'INSERT INTO gne_vale_ferreteria_mov (vfe_id,pro_codigo_plu,vfm_cantidad,vfm_unitario,vfm_total,vfm_entregado) VALUES (4430,78017241,1,40,40,@@@NO@@@)','',2,'2013-07-05'),(34729,'INSERT INTO gne_vale_ferreteria_mov (vfe_id,pro_codigo_plu,vfm_cantidad,vfm_unitario,vfm_total,vfm_entregado) VALUES (4430,764251,2,140,280,@@@NO@@@)','',2,'2013-07-05'),(34730,'INSERT INTO gne_vale_ferreteria (vfe_id,vfe_fecha,vfe_total,vfe_estado,vfe_entregado,usu_nusuario) VALUES (4431,@@@2013.07.05@@@,400,1,0,@@@G_DIAZ@@@)','',2,'2013-07-05'),(34731,'INSERT INTO gne_vale_ferreteria_mov (vfe_id,pro_codigo_plu,vfm_cantidad,vfm_unitario,vfm_total,vfm_entregado) VALUES (4431,18113,2,200,400,@@@NO@@@)','',2,'2013-07-05'),(34732,'UPDATE mae_productos SET pro_margen_actual=46.07,pro_precio_venta=130 WHERE pro_codigo_plu=11780','',2,'2013-07-05'),(34733,'UPDATE mae_productos SET pro_margen_actual=46.07,pro_precio_venta=130 WHERE pro_codigo_plu=11412','',2,'2013-07-05'),(34734,'UPDATE mae_productos SET pro_margen_actual=46.07,pro_precio_venta=130 WHERE pro_codigo_plu=262073','',2,'2013-07-05'),(34735,'INSERT INTO gne_vale_ferreteria (vfe_id,vfe_fecha,vfe_total,vfe_estado,vfe_entregado,usu_nusuario) VALUES (4432,@@@2013.07.05@@@,500,1,0,@@@G_DIAZ@@@)','',2,'2013-07-05'),(34736,'INSERT INTO gne_vale_ferreteria_mov (vfe_id,pro_codigo_plu,vfm_cantidad,vfm_unitario,vfm_total,vfm_entregado) VALUES (4432,4096,2,250,500,@@@NO@@@)','',2,'2013-07-05'),(34737,'UPDATE mae_productos SET pro_precio_fiscal=pro_precio_venta WHERE pro_codigo_plu=11780','',2,'2013-07-05'),(34738,'UPDATE mae_productos SET pro_precio_fiscal=pro_precio_venta WHERE pro_codigo_plu=11412','',2,'2013-07-05'),(34739,'UPDATE mae_productos SET pro_precio_fiscal=pro_precio_venta WHERE pro_codigo_plu=262073','',2,'2013-07-05'),(34740,'INSERT INTO gne_vale_ferreteria (vfe_id,vfe_fecha,vfe_total,vfe_estado,vfe_entregado,usu_nusuario) VALUES (4433,@@@2013.07.05@@@,1890,1,0,@@@G_DIAZ@@@)','',2,'2013-07-05'),(34741,'INSERT INTO gne_vale_ferreteria_mov (vfe_id,pro_codigo_plu,vfm_cantidad,vfm_unitario,vfm_total,vfm_entregado) VALUES (4433,763607,1,1890,1890,@@@NO@@@)','',2,'2013-07-05'),(34742,'INSERT INTO gne_vale_ferreteria (vfe_id,vfe_fecha,vfe_total,vfe_estado,vfe_entregado,usu_nusuario) VALUES (4434,@@@2013.07.05@@@,300,1,0,@@@G_DIAZ@@@)','',2,'2013-07-05'),(34743,'INSERT INTO gne_vale_ferreteria_mov (vfe_id,pro_codigo_plu,vfm_cantidad,vfm_unitario,vfm_total,vfm_entregado) VALUES (4434,2004,1,300,300,@@@NO@@@)','',2,'2013-07-05'),(34744,'INSERT INTO gne_vale_ferreteria (vfe_id,vfe_fecha,vfe_total,vfe_estado,vfe_entregado,usu_nusuario) VALUES (4435,@@@2013.07.05@@@,790,1,0,@@@G_DIAZ@@@)','',2,'2013-07-05'),(34745,'INSERT INTO gne_vale_ferreteria_mov (vfe_id,pro_codigo_plu,vfm_cantidad,vfm_unitario,vfm_total,vfm_entregado) VALUES (4435,764020,1,790,790,@@@NO@@@)','',2,'2013-07-05'),(34746,'INSERT INTO gne_vale_ferreteria (vfe_id,vfe_fecha,vfe_total,vfe_estado,vfe_entregado,usu_nusuario) VALUES (4436,@@@2013.07.05@@@,3480,1,0,@@@G_DIAZ@@@)','',2,'2013-07-05'),(34747,'INSERT INTO gne_vale_ferreteria_mov (vfe_id,pro_codigo_plu,vfm_cantidad,vfm_unitario,vfm_total,vfm_entregado) VALUES (4436,780721134,1,1490,1490,@@@NO@@@)','',2,'2013-07-05'),(34748,'INSERT INTO gne_vale_ferreteria_mov (vfe_id,pro_codigo_plu,vfm_cantidad,vfm_unitario,vfm_total,vfm_entregado) VALUES (4436,764510,1,1990,1990,@@@NO@@@)','',2,'2013-07-05'),(34749,'INSERT INTO gne_vale_ferreteria (vfe_id,vfe_fecha,vfe_total,vfe_estado,vfe_entregado,usu_nusuario) VALUES (4437,@@@2013.07.05@@@,300,1,0,@@@G_DIAZ@@@)','',2,'2013-07-05'),(34750,'INSERT INTO gne_vale_ferreteria_mov (vfe_id,pro_codigo_plu,vfm_cantidad,vfm_unitario,vfm_total,vfm_entregado) VALUES (4437,20394,3,100,300,@@@NO@@@)','',2,'2013-07-05'),(34751,'UPDATE gpr_pack_virtual SET pav_nombre=@@@NESCAFE TRADICION 170G + CAFE VIENES@@@,pav_total_pack=3890,pav_total_descuento=600,pav_desde=@@@2013-05-08@@@,pav_hasta=@@@2013-08-31@@@,pav_tipo=@@@PR@@@,pav_precio=0,pav_lleva=0,pav_paga=0,pav_descuento=0,pav_porcentaje=0,pav_oferta_exclusiva=@@@NO@@@,pav_agotar_stock=@@@SI@@@,pav_stock=50,pav_costo=0,pav_margen=0 WHERE pav_id=1','',2,'2013-07-05'),(34752,'DELETE FROM gpr_pack_virtual_mov WHERE pav_id=1','',2,'2013-07-05'),(34753,'DELETE FROM gpr_pack_virtual_horario WHERE pav_id=1','',2,'2013-07-05'),(34754,'INSERT INTO gpr_pack_virtual_mov (pav_id,pro_codigo_plu,pvm_precio,pvm_total,pvm_lleva,pvm_paga,pvm_descuento,pvm_porcentaje,pvm_total_normal,pvm_descuento_linea,pvm_costo,pvm_margen) VALUES (1,10220,3890,3890,1,1,0,0,3890,0,0,0),(1,763445,200,0,3,0,3,0,600,600,0,0)','',2,'2013-07-05'),(34755,'INSERT INTO gpr_pack_virtual_horario (pav_id,pvh_dia,pvh_hora_desde,pvh_hora_hasta) VALUES (1,99,@@@00:00@@@,@@@23:59@@@)','',2,'2013-07-05'),(34756,'UPDATE gpr_pack_virtual SET pav_nombre=@@@BEBIDAS BEACH 3 x $1.100@@@,pav_total_pack=1100,pav_total_descuento=100,pav_desde=@@@2013-05-09@@@,pav_hasta=@@@2013-12-31@@@,pav_tipo=@@@PA@@@,pav_precio=400,pav_lleva=3,pav_paga=2,pav_descuento=1,pav_porcentaje=300,pav_oferta_exclusiva=@@@NO@@@,pav_agotar_stock=@@@SI@@@,pav_stock=2000,pav_costo=0,pav_margen=0 WHERE pav_id=4','',2,'2013-07-05'),(34757,'DELETE FROM gpr_pack_virtual_mov WHERE pav_id=4','',2,'2013-07-05'),(34758,'DELETE FROM gpr_pack_virtual_horario WHERE pav_id=4','',2,'2013-07-05'),(34759,'INSERT INTO gpr_pack_virtual_mov (pav_id,pro_codigo_plu,pvm_precio,pvm_total,pvm_lleva,pvm_paga,pvm_descuento,pvm_porcentaje,pvm_total_normal,pvm_descuento_linea,pvm_costo,pvm_margen) VALUES (4,763516,400,0,1,1,0,0,400,33.3333333333333,0,0),(4,763521,400,0,1,1,0,0,400,33.3333333333333,0,0),(4,763519,400,0,1,1,0,0,400,33.3333333333333,0,0),(4,763520,400,0,1,1,0,0,400,33.3333333333333,0,0),(4,763517,400,0,1,1,0,0,400,33.3333333333333,0,0),(4,78017029,400,0,1,1,0,0,400,33.3333333333333,0,0)','',2,'2013-07-05'),(34760,'INSERT INTO gpr_pack_virtual_horario (pav_id,pvh_dia,pvh_hora_desde,pvh_hora_hasta) VALUES (4,99,@@@00:00@@@,@@@23:59@@@)','',2,'2013-07-05'),(34761,'UPDATE gpr_pack_virtual SET pav_nombre=@@@KING 10 X $990@@@,pav_total_pack=990,pav_total_descuento=260,pav_desde=@@@2013-05-09@@@,pav_hasta=@@@2013-12-30@@@,pav_tipo=@@@PA@@@,pav_precio=125,pav_lleva=10,pav_paga=7.38,pav_descuento=2.62,pav_porcentaje=26,pav_oferta_exclusiva=@@@NO@@@,pav_agotar_stock=@@@SI@@@,pav_stock=1000,pav_costo=0,pav_margen=0 WHERE pav_id=5','',2,'2013-07-05'),(34762,'DELETE FROM gpr_pack_virtual_mov WHERE pav_id=5','',2,'2013-07-05'),(34763,'DELETE FROM gpr_pack_virtual_horario WHERE pav_id=5','',2,'2013-07-05'),(34764,'INSERT INTO gpr_pack_virtual_mov (pav_id,pro_codigo_plu,pvm_precio,pvm_total,pvm_lleva,pvm_paga,pvm_descuento,pvm_porcentaje,pvm_total_normal,pvm_descuento_linea,pvm_costo,pvm_margen) VALUES (5,12399,125,0,1,1,0,0,125,26,0,0)','',2,'2013-07-05'),(34765,'INSERT INTO gpr_pack_virtual_horario (pav_id,pvh_dia,pvh_hora_desde,pvh_hora_hasta) VALUES (5,99,@@@00:00@@@,@@@23:59@@@)','',2,'2013-07-05'),(34766,'INSERT INTO gne_vale_ferreteria (vfe_id,vfe_fecha,vfe_total,vfe_estado,vfe_entregado,usu_nusuario) VALUES (4438,@@@2013.07.05@@@,1150,1,0,@@@G_DIAZ@@@)','',2,'2013-07-05'),(34767,'INSERT INTO gne_vale_ferreteria_mov (vfe_id,pro_codigo_plu,vfm_cantidad,vfm_unitario,vfm_total,vfm_entregado) VALUES (4438,764436,1,1150,1150,@@@NO@@@)','',2,'2013-07-05'),(34768,'UPDATE gpr_pack_virtual SET pav_nombre=@@@PATE SAN JORGE@@@,pav_total_pack=500,pav_total_descuento=100,pav_desde=@@@2013-05-09@@@,pav_hasta=@@@2013-12-30@@@,pav_tipo=@@@PA@@@,pav_precio=300,pav_lleva=2,pav_paga=1.6,pav_descuento=0.4,pav_porcentaje=50,pav_oferta_exclusiva=@@@NO@@@,pav_agotar_stock=@@@SI@@@,pav_stock=100,pav_costo=0,pav_margen=0 WHERE pav_id=6','',2,'2013-07-05'),(34769,'DELETE FROM gpr_pack_virtual_mov WHERE pav_id=6','',2,'2013-07-05'),(34770,'DELETE FROM gpr_pack_virtual_horario WHERE pav_id=6','',2,'2013-07-05'),(34771,'INSERT INTO gpr_pack_virtual_mov (pav_id,pro_codigo_plu,pvm_precio,pvm_total,pvm_lleva,pvm_paga,pvm_descuento,pvm_porcentaje,pvm_total_normal,pvm_descuento_linea,pvm_costo,pvm_margen) VALUES (6,762638,300,0,1,1,0,0,300,50,0,0),(6,262530,300,0,1,1,0,0,300,50,0,0),(6,262531,300,0,1,1,0,0,300,50,0,0)','',2,'2013-07-05'),(34772,'INSERT INTO gpr_pack_virtual_horario (pav_id,pvh_dia,pvh_hora_desde,pvh_hora_hasta) VALUES (6,99,@@@00:00@@@,@@@23:59@@@)','',2,'2013-07-05'),(34773,'INSERT INTO gne_vale_ferreteria (vfe_id,vfe_fecha,vfe_total,vfe_estado,vfe_entregado,usu_nusuario) VALUES (4439,@@@2013.07.05@@@,3990,1,0,@@@G_DIAZ@@@)','',2,'2013-07-05'),(34774,'INSERT INTO gne_vale_ferreteria_mov (vfe_id,pro_codigo_plu,vfm_cantidad,vfm_unitario,vfm_total,vfm_entregado) VALUES (4439,764971,1,3990,3990,@@@NO@@@)','',2,'2013-07-05'),(34775,'INSERT INTO gne_vale_ferreteria (vfe_id,vfe_fecha,vfe_total,vfe_estado,vfe_entregado,usu_nusuario) VALUES (4440,@@@2013.07.05@@@,1490,1,0,@@@G_DIAZ@@@)','',2,'2013-07-05'),(34776,'INSERT INTO gne_vale_ferreteria_mov (vfe_id,pro_codigo_plu,vfm_cantidad,vfm_unitario,vfm_total,vfm_entregado) VALUES (4440,770035,1,150,150,@@@NO@@@)','',2,'2013-07-05'),(34777,'INSERT INTO gne_vale_ferreteria_mov (vfe_id,pro_codigo_plu,vfm_cantidad,vfm_unitario,vfm_total,vfm_entregado) VALUES (4440,763823,1,740,740,@@@NO@@@)','',2,'2013-07-05'),(34778,'INSERT INTO gne_vale_ferreteria_mov (vfe_id,pro_codigo_plu,vfm_cantidad,vfm_unitario,vfm_total,vfm_entregado) VALUES (4440,1042,2,300,600,@@@NO@@@)','',2,'2013-07-05'),(34779,'UPDATE mae_productos SET pro_margen_actual=31.22,pro_precio_venta=290 WHERE pro_codigo_plu=762303','',2,'2013-07-05'),(34780,'INSERT INTO gne_vale_ferreteria (vfe_id,vfe_fecha,vfe_total,vfe_estado,vfe_entregado,usu_nusuario) VALUES (4441,@@@2013.07.05@@@,430,1,0,@@@G_DIAZ@@@)','',2,'2013-07-05'),(34781,'INSERT INTO gne_vale_ferreteria_mov (vfe_id,pro_codigo_plu,vfm_cantidad,vfm_unitario,vfm_total,vfm_entregado) VALUES (4441,16664,1,430,430,@@@NO@@@)','',2,'2013-07-05'),(34782,'INSERT INTO gne_vale_ferreteria (vfe_id,vfe_fecha,vfe_total,vfe_estado,vfe_entregado,usu_nusuario) VALUES (4442,@@@2013.07.05@@@,1860,1,0,@@@G_DIAZ@@@)','',2,'2013-07-05'),(34783,'INSERT INTO gne_vale_ferreteria_mov (vfe_id,pro_codigo_plu,vfm_cantidad,vfm_unitario,vfm_total,vfm_entregado) VALUES (4442,78017026,4,90,360,@@@NO@@@)','',2,'2013-07-05'),(34784,'INSERT INTO gne_vale_ferreteria_mov (vfe_id,pro_codigo_plu,vfm_cantidad,vfm_unitario,vfm_total,vfm_entregado) VALUES (4442,78017027,4,50,200,@@@NO@@@)','',2,'2013-07-05'),(34785,'INSERT INTO gne_vale_ferreteria_mov (vfe_id,pro_codigo_plu,vfm_cantidad,vfm_unitario,vfm_total,vfm_entregado) VALUES (4442,78017147,1,90,90,@@@NO@@@)','',2,'2013-07-05'),(34786,'INSERT INTO gne_vale_ferreteria_mov (vfe_id,pro_codigo_plu,vfm_cantidad,vfm_unitario,vfm_total,vfm_entregado) VALUES (4442,78017198,1,490,490,@@@NO@@@)','',2,'2013-07-05'),(34787,'INSERT INTO gne_vale_ferreteria_mov (vfe_id,pro_codigo_plu,vfm_cantidad,vfm_unitario,vfm_total,vfm_entregado) VALUES (4442,78017007,6,120,720,@@@NO@@@)','',2,'2013-07-05'),(34788,'INSERT INTO gne_vale_ferreteria (vfe_id,vfe_fecha,vfe_total,vfe_estado,vfe_entregado,usu_nusuario) VALUES (4443,@@@2013.07.05@@@,300,1,0,@@@G_DIAZ@@@)','',2,'2013-07-05'),(34789,'INSERT INTO gne_vale_ferreteria_mov (vfe_id,pro_codigo_plu,vfm_cantidad,vfm_unitario,vfm_total,vfm_entregado) VALUES (4443,764234,2,150,300,@@@NO@@@)','',2,'2013-07-05'),(34790,'INSERT INTO gne_vale_ferreteria (vfe_id,vfe_fecha,vfe_total,vfe_estado,vfe_entregado,usu_nusuario) VALUES (4444,@@@2013.07.05@@@,1290,1,0,@@@G_DIAZ@@@)','',2,'2013-07-05'),(34791,'INSERT INTO gne_vale_ferreteria_mov (vfe_id,pro_codigo_plu,vfm_cantidad,vfm_unitario,vfm_total,vfm_entregado) VALUES (4444,764570,1,1290,1290,@@@NO@@@)','',2,'2013-07-05'),(34792,'INSERT INTO gne_vale_ferreteria (vfe_id,vfe_fecha,vfe_total,vfe_estado,vfe_entregado,usu_nusuario) VALUES (4445,@@@2013.07.05@@@,1790,1,0,@@@G_DIAZ@@@)','',2,'2013-07-05'),(34793,'INSERT INTO gne_vale_ferreteria_mov (vfe_id,pro_codigo_plu,vfm_cantidad,vfm_unitario,vfm_total,vfm_entregado) VALUES (4445,763741,1,1790,1790,@@@NO@@@)','',2,'2013-07-05'),(34794,'INSERT INTO gne_vale_ferreteria (vfe_id,vfe_fecha,vfe_total,vfe_estado,vfe_entregado,usu_nusuario) VALUES (4446,@@@2013.07.05@@@,1190,1,0,@@@G_DIAZ@@@)','',2,'2013-07-05'),(34795,'INSERT INTO gne_vale_ferreteria_mov (vfe_id,pro_codigo_plu,vfm_cantidad,vfm_unitario,vfm_total,vfm_entregado) VALUES (4446,765027,1,1190,1190,@@@NO@@@)','',2,'2013-07-05'),(34796,'INSERT INTO gne_vale_ferreteria (vfe_id,vfe_fecha,vfe_total,vfe_estado,vfe_entregado,usu_nusuario) VALUES (4447,@@@2013.07.05@@@,490,1,0,@@@G_DIAZ@@@)','',2,'2013-07-05'),(34797,'INSERT INTO gne_vale_ferreteria_mov (vfe_id,pro_codigo_plu,vfm_cantidad,vfm_unitario,vfm_total,vfm_entregado) VALUES (4447,764701,1,490,490,@@@NO@@@)','',2,'2013-07-05'),(34798,'INSERT INTO gne_vale_ferreteria (vfe_id,vfe_fecha,vfe_total,vfe_estado,vfe_entregado,usu_nusuario) VALUES (4448,@@@2013.07.05@@@,1590,1,0,@@@G_DIAZ@@@)','',2,'2013-07-05'),(34799,'INSERT INTO gne_vale_ferreteria_mov (vfe_id,pro_codigo_plu,vfm_cantidad,vfm_unitario,vfm_total,vfm_entregado) VALUES (4448,780721123,1,1590,1590,@@@NO@@@)','',2,'2013-07-05'),(34800,'INSERT INTO gne_vale_ferreteria (vfe_id,vfe_fecha,vfe_total,vfe_estado,vfe_entregado,usu_nusuario) VALUES (4449,@@@2013.07.05@@@,290,1,0,@@@G_DIAZ@@@)','',2,'2013-07-05'),(34801,'INSERT INTO gne_vale_ferreteria_mov (vfe_id,pro_codigo_plu,vfm_cantidad,vfm_unitario,vfm_total,vfm_entregado) VALUES (4449,1559,1,290,290,@@@NO@@@)','',2,'2013-07-05'),(34802,'INSERT INTO gne_vale_ferreteria (vfe_id,vfe_fecha,vfe_total,vfe_estado,vfe_entregado,usu_nusuario) VALUES (4450,@@@2013.07.05@@@,480,1,0,@@@G_DIAZ@@@)','',2,'2013-07-05'),(34803,'INSERT INTO gne_vale_ferreteria_mov (vfe_id,pro_codigo_plu,vfm_cantidad,vfm_unitario,vfm_total,vfm_entregado) VALUES (4450,8022,4,120,480,@@@NO@@@)','',2,'2013-07-05'),(34804,'INSERT INTO gne_vale_ferreteria (vfe_id,vfe_fecha,vfe_total,vfe_estado,vfe_entregado,usu_nusuario) VALUES (4451,@@@2013.07.05@@@,950,1,0,@@@G_DIAZ@@@)','',2,'2013-07-05'),(34805,'INSERT INTO gne_vale_ferreteria_mov (vfe_id,pro_codigo_plu,vfm_cantidad,vfm_unitario,vfm_total,vfm_entregado) VALUES (4451,20825,1,950,950,@@@NO@@@)','',2,'2013-07-05'),(34806,'INSERT INTO gne_vale_ferreteria (vfe_id,vfe_fecha,vfe_total,vfe_estado,vfe_entregado,usu_nusuario) VALUES (4452,@@@2013.07.05@@@,600,1,0,@@@G_DIAZ@@@)','',2,'2013-07-05'),(34807,'INSERT INTO gne_vale_ferreteria_mov (vfe_id,pro_codigo_plu,vfm_cantidad,vfm_unitario,vfm_total,vfm_entregado) VALUES (4452,4074,2,300,600,@@@NO@@@)','',2,'2013-07-05'),(34808,'INSERT INTO gne_vale_ferreteria (vfe_id,vfe_fecha,vfe_total,vfe_estado,vfe_entregado,usu_nusuario) VALUES (4453,@@@2013.07.05@@@,610,1,0,@@@G_DIAZ@@@)','',2,'2013-07-05'),(34809,'INSERT INTO gne_vale_ferreteria_mov (vfe_id,pro_codigo_plu,vfm_cantidad,vfm_unitario,vfm_total,vfm_entregado) VALUES (4453,78017027,4,50,200,@@@NO@@@)','',2,'2013-07-05'),(34810,'INSERT INTO gne_vale_ferreteria_mov (vfe_id,pro_codigo_plu,vfm_cantidad,vfm_unitario,vfm_total,vfm_entregado) VALUES (4453,770000,3,50,150,@@@NO@@@)','',2,'2013-07-05'),(34811,'INSERT INTO gne_vale_ferreteria_mov (vfe_id,pro_codigo_plu,vfm_cantidad,vfm_unitario,vfm_total,vfm_entregado) VALUES (4453,12083,1,260,260,@@@NO@@@)','',2,'2013-07-05'),(34812,'INSERT INTO gne_vale_ferreteria (vfe_id,vfe_fecha,vfe_total,vfe_estado,vfe_entregado,usu_nusuario) VALUES (4454,@@@2013.07.05@@@,390,1,0,@@@G_DIAZ@@@)','',2,'2013-07-05'),(34813,'INSERT INTO gne_vale_ferreteria_mov (vfe_id,pro_codigo_plu,vfm_cantidad,vfm_unitario,vfm_total,vfm_entregado) VALUES (4454,1535,1,390,390,@@@NO@@@)','',2,'2013-07-05'),(34814,'INSERT INTO gne_vale_ferreteria (vfe_id,vfe_fecha,vfe_total,vfe_estado,vfe_entregado,usu_nusuario) VALUES (4455,@@@2013.07.05@@@,620,1,0,@@@G_DIAZ@@@)','',2,'2013-07-05'),(34815,'INSERT INTO gne_vale_ferreteria_mov (vfe_id,pro_codigo_plu,vfm_cantidad,vfm_unitario,vfm_total,vfm_entregado) VALUES (4455,11378,1,620,620,@@@NO@@@)','',2,'2013-07-05'),(34816,'INSERT INTO gne_vale_ferreteria (vfe_id,vfe_fecha,vfe_total,vfe_estado,vfe_entregado,usu_nusuario) VALUES (4456,@@@2013.07.06@@@,390,1,0,@@@b_SAEZ@@@)','',2,'2013-07-06'),(34817,'INSERT INTO gne_vale_ferreteria_mov (vfe_id,pro_codigo_plu,vfm_cantidad,vfm_unitario,vfm_total,vfm_entregado) VALUES (4456,101102,1,390,390,@@@NO@@@)','',2,'2013-07-06'),(34818,'INSERT INTO gne_vale_ferreteria (vfe_id,vfe_fecha,vfe_total,vfe_estado,vfe_entregado,usu_nusuario) VALUES (4457,@@@2013.07.06@@@,740,1,0,@@@b_SAEZ@@@)','',2,'2013-07-06'),(34819,'INSERT INTO gne_vale_ferreteria_mov (vfe_id,pro_codigo_plu,vfm_cantidad,vfm_unitario,vfm_total,vfm_entregado) VALUES (4457,78017027,4,50,200,@@@NO@@@)','',2,'2013-07-06'),(34820,'INSERT INTO gne_vale_ferreteria_mov (vfe_id,pro_codigo_plu,vfm_cantidad,vfm_unitario,vfm_total,vfm_entregado) VALUES (4457,19916,1,540,540,@@@NO@@@)','',2,'2013-07-06'),(34821,'INSERT INTO gne_vale_ferreteria (vfe_id,vfe_fecha,vfe_total,vfe_estado,vfe_entregado,usu_nusuario) VALUES (4458,@@@2013.07.06@@@,1890,1,0,@@@b_SAEZ@@@)','',2,'2013-07-06'),(34822,'INSERT INTO gne_vale_ferreteria_mov (vfe_id,pro_codigo_plu,vfm_cantidad,vfm_unitario,vfm_total,vfm_entregado) VALUES (4458,763603,1,1890,1890,@@@NO@@@)','',2,'2013-07-06'),(34823,'INSERT INTO gne_vale_ferreteria (vfe_id,vfe_fecha,vfe_total,vfe_estado,vfe_entregado,usu_nusuario) VALUES (4459,@@@2013.07.06@@@,240,1,0,@@@b_SAEZ@@@)','',2,'2013-07-06'),(34824,'INSERT INTO gne_vale_ferreteria_mov (vfe_id,pro_codigo_plu,vfm_cantidad,vfm_unitario,vfm_total,vfm_entregado) VALUES (4459,8022,2,120,240,@@@NO@@@)','',2,'2013-07-06'),(34825,'INSERT INTO gne_vale_ferreteria (vfe_id,vfe_fecha,vfe_total,vfe_estado,vfe_entregado,usu_nusuario) VALUES (4460,@@@2013.07.06@@@,2190,1,0,@@@b_SAEZ@@@)','',2,'2013-07-06'),(34826,'INSERT INTO gne_vale_ferreteria_mov (vfe_id,pro_codigo_plu,vfm_cantidad,vfm_unitario,vfm_total,vfm_entregado) VALUES (4460,20564,1,2190,2190,@@@NO@@@)','',2,'2013-07-06'),(34827,'INSERT INTO gne_vale_ferreteria (vfe_id,vfe_fecha,vfe_total,vfe_estado,vfe_entregado,usu_nusuario) VALUES (4461,@@@2013.07.06@@@,1890,1,0,@@@b_SAEZ@@@)','',2,'2013-07-06'),(34828,'INSERT INTO gne_vale_ferreteria_mov (vfe_id,pro_codigo_plu,vfm_cantidad,vfm_unitario,vfm_total,vfm_entregado) VALUES (4461,763600,1,1890,1890,@@@NO@@@)','',2,'2013-07-06'),(34829,'INSERT INTO mae_productos (pro_codigo_plu,pro_codigo_barra,pro_tipo,pro_nombre_producto,pro_nombre_corto,med_id,emb_id,pro_unidades_embalaje,dep_id,lin_id,mar_id,pro_precio_compra_neto,pro_precio_compra_bruto,pro_precio_venta,pro_margen_actual,pro_oferta,pro_fecha_inicio_oferta,pro_fecha_termino_oferta,pro_precio_oferta,pro_stock_minimo,pro_stock_critico,pro_entradas_bodega,pro_salidas_bodega,pro_mermas_bodega,pro_ajustes_bodega,pro_entradas_sv,pro_salidas_sv,pro_mermas_sv,pro_ajustes_sv,pro_activo,rec_numero,pro_unidad,pro_capacidad,pro_consumo_bodega,pro_consumo_sv,pro_estado,pro_funcion_plu,pro_flejes,pro_iva,pro_plu_asociado,pro_envase,pro_duracion,pro_numero_etiqueta) VALUES (780721301,@@@7899026462557@@@,@@@0@@@,@@@TINTURA GARNIER NUTRISSE 3.0@@@,@@@TINTURA GARNIER @@@,@@@1 @@@,@@@3 @@@,@@@0@@@,@@@21 @@@,@@@130@@@,@@@1172@@@,@@@0@@@,@@@0@@@,@@@1890@@@,@@@0@@@,@@@@@@,@@@2013.07.06@@@,@@@2013.07.06@@@,@@@0@@@,@@@0@@@,@@@0@@@,@@@0@@@,@@@0@@@,@@@0@@@,@@@0@@@,@@@0@@@,@@@0@@@,@@@0@@@,@@@0@@@,@@@1@@@,@@@0@@@,0,1,0,0,2,0,1,1,0,@@@NO@@@,0,0)','',2,'2013-07-06'),(34830,'DELETE FROM mae_impuestos_productos WHERE pro_codigo_plu=@@@780721301@@@','',2,'2013-07-06'),(34831,'INSERT INTO mae_productos (pro_codigo_plu,pro_codigo_barra,pro_tipo,pro_nombre_producto,pro_nombre_corto,med_id,emb_id,pro_unidades_embalaje,dep_id,lin_id,mar_id,pro_precio_compra_neto,pro_precio_compra_bruto,pro_precio_venta,pro_margen_actual,pro_oferta,pro_fecha_inicio_oferta,pro_fecha_termino_oferta,pro_precio_oferta,pro_stock_minimo,pro_stock_critico,pro_entradas_bodega,pro_salidas_bodega,pro_mermas_bodega,pro_ajustes_bodega,pro_entradas_sv,pro_salidas_sv,pro_mermas_sv,pro_ajustes_sv,pro_activo,rec_numero,pro_unidad,pro_capacidad,pro_consumo_bodega,pro_consumo_sv,pro_estado,pro_funcion_plu,pro_flejes,pro_iva,pro_plu_asociado,pro_envase,pro_duracion,pro_numero_etiqueta) VALUES (780721302,@@@75028978@@@,@@@0@@@,@@@DESODORANTE REXONA BARRA INVISIBLE@@@,@@@DESODORANTE REXO@@@,@@@5 @@@,@@@3 @@@,@@@0@@@,@@@21 @@@,@@@118@@@,@@@448@@@,@@@0@@@,@@@0@@@,@@@2190@@@,@@@0@@@,@@@@@@,@@@2013.07.06@@@,@@@2013.07.06@@@,@@@0@@@,@@@0@@@,@@@0@@@,@@@0@@@,@@@0@@@,@@@0@@@,@@@0@@@,@@@0@@@,@@@0@@@,@@@0@@@,@@@0@@@,@@@1@@@,@@@0@@@,0,50,0,0,2,0,1,1,0,@@@NO@@@,0,0)','',2,'2013-07-06'),(34832,'DELETE FROM mae_impuestos_productos WHERE pro_codigo_plu=@@@780721302@@@','',2,'2013-07-06'),(34833,'INSERT INTO gne_vale_ferreteria (vfe_id,vfe_fecha,vfe_total,vfe_estado,vfe_entregado,usu_nusuario) VALUES (4462,@@@2013.07.06@@@,890,1,0,@@@b_SAEZ@@@)','',2,'2013-07-06'),(34834,'INSERT INTO gne_vale_ferreteria_mov (vfe_id,pro_codigo_plu,vfm_cantidad,vfm_unitario,vfm_total,vfm_entregado) VALUES (4462,4082,1,690,690,@@@NO@@@)','',2,'2013-07-06'),(34835,'INSERT INTO gne_vale_ferreteria_mov (vfe_id,pro_codigo_plu,vfm_cantidad,vfm_unitario,vfm_total,vfm_entregado) VALUES (4462,20368,2,100,200,@@@NO@@@)','',2,'2013-07-06'),(34836,'INSERT INTO gne_vale_ferreteria (vfe_id,vfe_fecha,vfe_total,vfe_estado,vfe_entregado,usu_nusuario) VALUES (4463,@@@2013.07.06@@@,160,1,0,@@@b_SAEZ@@@)','',2,'2013-07-06'),(34837,'INSERT INTO gne_vale_ferreteria_mov (vfe_id,pro_codigo_plu,vfm_cantidad,vfm_unitario,vfm_total,vfm_entregado) VALUES (4463,16421,1,160,160,@@@NO@@@)','',2,'2013-07-06'),(34838,'INSERT INTO gne_vale_ferreteria (vfe_id,vfe_fecha,vfe_total,vfe_estado,vfe_entregado,usu_nusuario) VALUES (4464,@@@2013.07.06@@@,490,1,0,@@@b_SAEZ@@@)','',2,'2013-07-06'),(34839,'INSERT INTO gne_vale_ferreteria_mov (vfe_id,pro_codigo_plu,vfm_cantidad,vfm_unitario,vfm_total,vfm_entregado) VALUES (4464,2009,1,490,490,@@@NO@@@)','',2,'2013-07-06'),(34840,'INSERT INTO gne_vale_ferreteria (vfe_id,vfe_fecha,vfe_total,vfe_estado,vfe_entregado,usu_nusuario) VALUES (4465,@@@2013.07.06@@@,4380,1,0,@@@b_SAEZ@@@)','',2,'2013-07-06'),(34841,'INSERT INTO gne_vale_ferreteria_mov (vfe_id,pro_codigo_plu,vfm_cantidad,vfm_unitario,vfm_total,vfm_entregado) VALUES (4465,101384,1,2890,2890,@@@NO@@@)','',2,'2013-07-06'),(34842,'INSERT INTO gne_vale_ferreteria_mov (vfe_id,pro_codigo_plu,vfm_cantidad,vfm_unitario,vfm_total,vfm_entregado) VALUES (4465,763090,1,1490,1490,@@@NO@@@)','',2,'2013-07-06'),(34843,'INSERT INTO mae_productos (pro_codigo_plu,pro_codigo_barra,pro_tipo,pro_nombre_producto,pro_nombre_corto,med_id,emb_id,pro_unidades_embalaje,dep_id,lin_id,mar_id,pro_precio_compra_neto,pro_precio_compra_bruto,pro_precio_venta,pro_margen_actual,pro_oferta,pro_fecha_inicio_oferta,pro_fecha_termino_oferta,pro_precio_oferta,pro_stock_minimo,pro_stock_critico,pro_entradas_bodega,pro_salidas_bodega,pro_mermas_bodega,pro_ajustes_bodega,pro_entradas_sv,pro_salidas_sv,pro_mermas_sv,pro_ajustes_sv,pro_activo,rec_numero,pro_unidad,pro_capacidad,pro_consumo_bodega,pro_consumo_sv,pro_estado,pro_funcion_plu,pro_flejes,pro_iva,pro_plu_asociado,pro_envase,pro_duracion,pro_numero_etiqueta) VALUES (780721303,@@@751492514741@@@,@@@0@@@,@@@ PENDRIVE 4 GB HP@@@,@@@ PENDRIVE 4 GB H@@@,@@@1 @@@,@@@3 @@@,@@@0@@@,@@@24 @@@,@@@138@@@,@@@1322@@@,@@@0@@@,@@@3376@@@,@@@4999@@@,@@@48.07@@@,@@@@@@,@@@2006.09.07@@@,@@@2006.09.07@@@,@@@0@@@,@@@2@@@,@@@1@@@,@@@0@@@,@@@0@@@,@@@0@@@,@@@0@@@,@@@0@@@,@@@0@@@,@@@0@@@,@@@0@@@,@@@1@@@,@@@0@@@,0,1,0,0,2,0,1,1,0,@@@NO@@@,0,0)','',2,'2013-07-06'),(34844,'DELETE FROM mae_impuestos_productos WHERE pro_codigo_plu=@@@780721303@@@','',2,'2013-07-06'),(34845,'INSERT INTO mae_productos (pro_codigo_plu,pro_codigo_barra,pro_tipo,pro_nombre_producto,pro_nombre_corto,med_id,emb_id,pro_unidades_embalaje,dep_id,lin_id,mar_id,pro_precio_compra_neto,pro_precio_compra_bruto,pro_precio_venta,pro_margen_actual,pro_oferta,pro_fecha_inicio_oferta,pro_fecha_termino_oferta,pro_precio_oferta,pro_stock_minimo,pro_stock_critico,pro_entradas_bodega,pro_salidas_bodega,pro_mermas_bodega,pro_ajustes_bodega,pro_entradas_sv,pro_salidas_sv,pro_mermas_sv,pro_ajustes_sv,pro_activo,rec_numero,pro_unidad,pro_capacidad,pro_consumo_bodega,pro_consumo_sv,pro_estado,pro_funcion_plu,pro_flejes,pro_iva,pro_plu_asociado,pro_envase,pro_duracion,pro_numero_etiqueta) VALUES (780721304,@@@7806505007369@@@,@@@0@@@,@@@TIJERA ESCOLAR TORRE@@@,@@@TIJERA ESCOLAR T@@@,@@@1 @@@,@@@3 @@@,@@@0@@@,@@@24 @@@,@@@137@@@,@@@2403@@@,@@@0@@@,@@@366.77@@@,@@@550@@@,@@@49.96@@@,@@@@@@,@@@2006.09.07@@@,@@@2006.09.07@@@,@@@0@@@,@@@5@@@,@@@3@@@,@@@0@@@,@@@0@@@,@@@0@@@,@@@0@@@,@@@0@@@,@@@0@@@,@@@0@@@,@@@0@@@,@@@1@@@,@@@0@@@,0,1,0,0,2,0,1,1,0,@@@NO@@@,0,0)','',2,'2013-07-06'),(34846,'DELETE FROM mae_impuestos_productos WHERE pro_codigo_plu=@@@780721304@@@','',2,'2013-07-06'),(34847,'INSERT INTO gne_vale_ferreteria (vfe_id,vfe_fecha,vfe_total,vfe_estado,vfe_entregado,usu_nusuario) VALUES (4466,@@@2013.07.06@@@,440,1,0,@@@admin@@@)','',2,'2013-07-06'),(34848,'INSERT INTO gne_vale_ferreteria_mov (vfe_id,pro_codigo_plu,vfm_cantidad,vfm_unitario,vfm_total,vfm_entregado) VALUES (4466,770001,3,80,240,@@@NO@@@)','',2,'2013-07-06'),(34849,'INSERT INTO gne_vale_ferreteria_mov (vfe_id,pro_codigo_plu,vfm_cantidad,vfm_unitario,vfm_total,vfm_entregado) VALUES (4466,78017027,4,50,200,@@@NO@@@)','',2,'2013-07-06'),(34850,'INSERT INTO gne_vale_ferreteria (vfe_id,vfe_fecha,vfe_total,vfe_estado,vfe_entregado,usu_nusuario) VALUES (4467,@@@2013.07.06@@@,390,1,0,@@@admin@@@)','',2,'2013-07-06'),(34851,'INSERT INTO gne_vale_ferreteria_mov (vfe_id,pro_codigo_plu,vfm_cantidad,vfm_unitario,vfm_total,vfm_entregado) VALUES (4467,78017011,1,390,390,@@@NO@@@)','',2,'2013-07-06'),(34852,'INSERT INTO mae_productos (pro_codigo_plu,pro_codigo_barra,pro_tipo,pro_nombre_producto,pro_nombre_corto,med_id,emb_id,pro_unidades_embalaje,dep_id,lin_id,mar_id,pro_precio_compra_neto,pro_precio_compra_bruto,pro_precio_venta,pro_margen_actual,pro_oferta,pro_fecha_inicio_oferta,pro_fecha_termino_oferta,pro_precio_oferta,pro_stock_minimo,pro_stock_critico,pro_entradas_bodega,pro_salidas_bodega,pro_mermas_bodega,pro_ajustes_bodega,pro_entradas_sv,pro_salidas_sv,pro_mermas_sv,pro_ajustes_sv,pro_activo,rec_numero,pro_unidad,pro_capacidad,pro_consumo_bodega,pro_consumo_sv,pro_estado,pro_funcion_plu,pro_flejes,pro_iva,pro_plu_asociado,pro_envase,pro_duracion,pro_numero_etiqueta) VALUES (780721305,@@@071641300033@@@,@@@0@@@,@@@MARCADOR DE CD AZUL SHARPIE@@@,@@@MARCADOR DE CD A@@@,@@@1 @@@,@@@9 @@@,@@@1@@@,@@@24 @@@,@@@138@@@,@@@2677@@@,@@@0@@@,@@@324.87@@@,@@@490@@@,@@@50.83@@@,@@@@@@,@@@2006.09.07@@@,@@@2006.09.07@@@,@@@0@@@,@@@6@@@,@@@4@@@,@@@0@@@,@@@0@@@,@@@0@@@,@@@0@@@,@@@0@@@,@@@0@@@,@@@0@@@,@@@0@@@,@@@1@@@,@@@0@@@,0,1,0,0,2,0,1,1,0,@@@NO@@@,0,0)','',2,'2013-07-06'),(34853,'DELETE FROM mae_impuestos_productos WHERE pro_codigo_plu=@@@780721305@@@','',2,'2013-07-06'),(34854,'INSERT INTO mae_productos (pro_codigo_plu,pro_codigo_barra,pro_tipo,pro_nombre_producto,pro_nombre_corto,med_id,emb_id,pro_unidades_embalaje,dep_id,lin_id,mar_id,pro_precio_compra_neto,pro_precio_compra_bruto,pro_precio_venta,pro_margen_actual,pro_oferta,pro_fecha_inicio_oferta,pro_fecha_termino_oferta,pro_precio_oferta,pro_stock_minimo,pro_stock_critico,pro_entradas_bodega,pro_salidas_bodega,pro_mermas_bodega,pro_ajustes_bodega,pro_entradas_sv,pro_salidas_sv,pro_mermas_sv,pro_ajustes_sv,pro_activo,rec_numero,pro_unidad,pro_capacidad,pro_consumo_bodega,pro_consumo_sv,pro_estado,pro_funcion_plu,pro_flejes,pro_iva,pro_plu_asociado,pro_envase,pro_duracion,pro_numero_etiqueta) VALUES (780721306,@@@071641300019@@@,@@@0@@@,@@@MARCADOR DE CD NEGRO SHARPIE@@@,@@@MARCADOR DE CD N@@@,@@@1 @@@,@@@9 @@@,@@@1@@@,@@@24 @@@,@@@138@@@,@@@2677@@@,@@@0@@@,@@@324.87@@@,@@@490@@@,@@@50.83@@@,@@@@@@,@@@2006.09.07@@@,@@@2006.09.07@@@,@@@0@@@,@@@6@@@,@@@4@@@,@@@0@@@,@@@0@@@,@@@0@@@,@@@0@@@,@@@0@@@,@@@0@@@,@@@0@@@,@@@0@@@,@@@1@@@,@@@0@@@,0,1,0,0,2,0,1,1,0,@@@NO@@@,0,0)','',2,'2013-07-06'),(34855,'DELETE FROM mae_impuestos_productos WHERE pro_codigo_plu=@@@780721306@@@','',2,'2013-07-06'),(34856,'UPDATE mae_productos SET pro_margen_actual=48.07,pro_precio_venta=4999 WHERE pro_codigo_plu=780721303','',2,'2013-07-06'),(34857,'UPDATE mae_productos SET pro_margen_actual=0,pro_precio_venta=2190 WHERE pro_codigo_plu=780721302','',2,'2013-07-06'),(34858,'UPDATE mae_productos SET pro_margen_actual=50.83,pro_precio_venta=490 WHERE pro_codigo_plu=780721305','',2,'2013-07-06'),(34859,'UPDATE mae_productos SET pro_margen_actual=50.83,pro_precio_venta=490 WHERE pro_codigo_plu=780721306','',2,'2013-07-06'),(34860,'UPDATE mae_productos SET pro_margen_actual=49.96,pro_precio_venta=550 WHERE pro_codigo_plu=780721304','',2,'2013-07-06'),(34861,'UPDATE mae_productos SET pro_margen_actual=0,pro_precio_venta=1890 WHERE pro_codigo_plu=780721301','',2,'2013-07-06'),(34862,'UPDATE mae_productos SET pro_margen_actual=0,pro_precio_venta=549 WHERE pro_codigo_plu=551','',2,'2013-07-06'),(34863,'UPDATE mae_productos SET pro_margen_actual=0,pro_precio_venta=790 WHERE pro_codigo_plu=612','',2,'2013-07-06'),(34864,'UPDATE mae_productos SET pro_precio_fiscal=pro_precio_venta WHERE pro_codigo_plu=780721306','',2,'2013-07-06'),(34865,'UPDATE mae_productos SET pro_precio_fiscal=pro_precio_venta WHERE pro_codigo_plu=780721305','',2,'2013-07-06'),(34866,'UPDATE mae_productos SET pro_precio_fiscal=pro_precio_venta WHERE pro_codigo_plu=551','',2,'2013-07-06'),(34867,'UPDATE mae_productos SET pro_precio_fiscal=pro_precio_venta WHERE pro_codigo_plu=612','',2,'2013-07-06'),(34868,'UPDATE mae_productos SET pro_precio_fiscal=pro_precio_venta WHERE pro_codigo_plu=780721302','',2,'2013-07-06'),(34869,'UPDATE mae_productos SET pro_precio_fiscal=pro_precio_venta WHERE pro_codigo_plu=780721303','',2,'2013-07-06'),(34870,'UPDATE mae_productos SET pro_precio_fiscal=pro_precio_venta WHERE pro_codigo_plu=762303','',2,'2013-07-06'),(34871,'UPDATE mae_productos SET pro_precio_fiscal=pro_precio_venta WHERE pro_codigo_plu=780721304','',2,'2013-07-06'),(34872,'UPDATE mae_productos SET pro_precio_fiscal=pro_precio_venta WHERE pro_codigo_plu=780721301','',2,'2013-07-06'),(34873,'UPDATE mae_productos SET pro_precio_venta=4990,pro_margen_actual=47.81, pro_precio_compra_bruto=3376, pro_precio_compra_neto=2836.97478991597 WHERE pro_codigo_plu=780721303','',2,'2013-07-06'),(34874,'UPDATE mae_productos SET pro_precio_venta=750,pro_margen_actual=36.71, pro_precio_compra_bruto=548.59, pro_precio_compra_neto=461 WHERE pro_codigo_plu=13247','',2,'2013-07-06'),(34875,'UPDATE mae_productos SET pro_precio_compra_bruto=205.87,pro_margen_actual=(pro_precio_venta-205.87)/205.87 * 100,pro_ultima_compra=@@@2013.07.06@@@,pro_ultimo_proveedor=@@@76041579-0@@@ WHERE pro_codigo_plu=763588','',2,'2013-07-06'),(34876,'UPDATE mae_productos SET pro_precio_compra_bruto=11.662,pro_margen_actual=(pro_precio_venta-11.662)/11.662 * 100,pro_ultima_compra=@@@2013.07.06@@@,pro_ultimo_proveedor=@@@76041579-0@@@ WHERE pro_codigo_plu=764772','',2,'2013-07-06'),(34877,'UPDATE mae_productos SET pro_precio_compra_bruto=3376,pro_margen_actual=(pro_precio_venta-3376)/3376 * 100,pro_ultima_compra=@@@2013.07.06@@@,pro_ultimo_proveedor=@@@76041579-0@@@ WHERE pro_codigo_plu=780721303','',2,'2013-07-06'),(34878,'UPDATE mae_productos SET pro_precio_compra_bruto=188,pro_margen_actual=(pro_precio_venta-188)/188 * 100,pro_ultima_compra=@@@2013.07.06@@@,pro_ultimo_proveedor=@@@76041579-0@@@ WHERE pro_codigo_plu=1017','',2,'2013-07-06'),(34879,'UPDATE mae_productos SET pro_precio_compra_bruto=366.77,pro_margen_actual=(pro_precio_venta-366.77)/366.77 * 100,pro_ultima_compra=@@@2013.07.06@@@,pro_ultimo_proveedor=@@@76041579-0@@@ WHERE pro_codigo_plu=780721304','',2,'2013-07-06'),(34880,'UPDATE mae_productos SET pro_precio_compra_bruto=247.52,pro_margen_actual=(pro_precio_venta-247.52)/247.52 * 100,pro_ultima_compra=@@@2013.07.06@@@,pro_ultimo_proveedor=@@@76041579-0@@@ WHERE pro_codigo_plu=78017020','',2,'2013-07-06'),(34881,'UPDATE mae_productos SET pro_precio_compra_bruto=324.87,pro_margen_actual=(pro_precio_venta-324.87)/324.87 * 100,pro_ultima_compra=@@@2013.07.06@@@,pro_ultimo_proveedor=@@@76041579-0@@@ WHERE pro_codigo_plu=780721305','',2,'2013-07-06'),(34882,'UPDATE mae_productos SET pro_precio_compra_bruto=324.87,pro_margen_actual=(pro_precio_venta-324.87)/324.87 * 100,pro_ultima_compra=@@@2013.07.06@@@,pro_ultimo_proveedor=@@@76041579-0@@@ WHERE pro_codigo_plu=780721306','',2,'2013-07-06'),(34883,'UPDATE mae_productos SET pro_precio_compra_bruto=685.44,pro_margen_actual=(pro_precio_venta-685.44)/685.44 * 100,pro_ultima_compra=@@@2013.07.06@@@,pro_ultimo_proveedor=@@@76041579-0@@@ WHERE pro_codigo_plu=78017179','',2,'2013-07-06'),(34884,'UPDATE mae_productos SET pro_precio_compra_bruto=502.18,pro_margen_actual=(pro_precio_venta-502.18)/502.18 * 100,pro_ultima_compra=@@@2013.07.06@@@,pro_ultimo_proveedor=@@@76041579-0@@@ WHERE pro_codigo_plu=763624','',2,'2013-07-06'),(34885,'UPDATE mae_productos SET pro_precio_compra_bruto=85.216,pro_margen_actual=(pro_precio_venta-85.216)/85.216 * 100,pro_ultima_compra=@@@2013.07.06@@@,pro_ultimo_proveedor=@@@76041579-0@@@ WHERE pro_codigo_plu=8022','',2,'2013-07-06'),(34886,'UPDATE mae_productos SET pro_precio_compra_bruto=548.59,pro_margen_actual=(pro_precio_venta-548.59)/548.59 * 100,pro_ultima_compra=@@@2013.07.06@@@,pro_ultimo_proveedor=@@@76041579-0@@@ WHERE pro_codigo_plu=13247','',2,'2013-07-06'),(34887,'INSERT INTO gne_vale_ferreteria (vfe_id,vfe_fecha,vfe_total,vfe_estado,vfe_entregado,usu_nusuario) VALUES (4468,@@@2013.07.06@@@,2340,1,0,@@@admin@@@)','',2,'2013-07-06'),(34888,'INSERT INTO gne_vale_ferreteria_mov (vfe_id,pro_codigo_plu,vfm_cantidad,vfm_unitario,vfm_total,vfm_entregado) VALUES (4468,764564,1,1490,1490,@@@NO@@@)','',2,'2013-07-06'),(34889,'INSERT INTO gne_vale_ferreteria_mov (vfe_id,pro_codigo_plu,vfm_cantidad,vfm_unitario,vfm_total,vfm_entregado) VALUES (4468,2500,490,1,490,@@@NO@@@)','',2,'2013-07-06'),(34890,'INSERT INTO gne_vale_ferreteria_mov (vfe_id,pro_codigo_plu,vfm_cantidad,vfm_unitario,vfm_total,vfm_entregado) VALUES (4468,16421,1,160,160,@@@NO@@@)','',2,'2013-07-06'),(34891,'INSERT INTO gne_vale_ferreteria_mov (vfe_id,pro_codigo_plu,vfm_cantidad,vfm_unitario,vfm_total,vfm_entregado) VALUES (4468,78017176,1,200,200,@@@NO@@@)','',2,'2013-07-06'),(34892,'INSERT INTO gne_vale_ferreteria (vfe_id,vfe_fecha,vfe_total,vfe_estado,vfe_entregado,usu_nusuario) VALUES (4469,@@@2013.07.06@@@,260,1,0,@@@admin@@@)','',2,'2013-07-06'),(34893,'INSERT INTO gne_vale_ferreteria_mov (vfe_id,pro_codigo_plu,vfm_cantidad,vfm_unitario,vfm_total,vfm_entregado) VALUES (4469,764134,1,260,260,@@@NO@@@)','',2,'2013-07-06'),(34894,'INSERT INTO gne_vale_ferreteria (vfe_id,vfe_fecha,vfe_total,vfe_estado,vfe_entregado,usu_nusuario) VALUES (4470,@@@2013.07.06@@@,1890,1,0,@@@admin@@@)','',2,'2013-07-06'),(34895,'INSERT INTO gne_vale_ferreteria_mov (vfe_id,pro_codigo_plu,vfm_cantidad,vfm_unitario,vfm_total,vfm_entregado) VALUES (4470,102627,1,1890,1890,@@@NO@@@)','',2,'2013-07-06'),(34896,'INSERT INTO gne_vale_ferreteria (vfe_id,vfe_fecha,vfe_total,vfe_estado,vfe_entregado,usu_nusuario) VALUES (4471,@@@2013.07.06@@@,540,1,0,@@@admin@@@)','',2,'2013-07-06'),(34897,'INSERT INTO gne_vale_ferreteria_mov (vfe_id,pro_codigo_plu,vfm_cantidad,vfm_unitario,vfm_total,vfm_entregado) VALUES (4471,78017026,6,90,540,@@@NO@@@)','',2,'2013-07-06'),(34898,'UPDATE mae_productos SET pro_margen_actual=0,pro_precio_venta=1190 WHERE pro_codigo_plu=586','',2,'2013-07-06'),(34899,'UPDATE mae_productos SET pro_precio_fiscal=pro_precio_venta WHERE pro_codigo_plu=586','',2,'2013-07-06'),(34900,'UPDATE mae_productos SET pro_precio_fiscal=pro_precio_venta WHERE pro_codigo_plu=780721303','',2,'2013-07-06'),(34901,'UPDATE mae_productos SET pro_precio_fiscal=pro_precio_venta WHERE pro_codigo_plu=13247','',2,'2013-07-06'),(34902,'INSERT INTO gne_vale_ferreteria (vfe_id,vfe_fecha,vfe_total,vfe_estado,vfe_entregado,usu_nusuario) VALUES (4472,@@@2013.07.06@@@,480,1,0,@@@admin@@@)','',2,'2013-07-06'),(34903,'INSERT INTO gne_vale_ferreteria_mov (vfe_id,pro_codigo_plu,vfm_cantidad,vfm_unitario,vfm_total,vfm_entregado) VALUES (4472,78017026,4,90,360,@@@NO@@@)','',2,'2013-07-06'),(34904,'INSERT INTO gne_vale_ferreteria_mov (vfe_id,pro_codigo_plu,vfm_cantidad,vfm_unitario,vfm_total,vfm_entregado) VALUES (4472,764329,1,120,120,@@@NO@@@)','',2,'2013-07-06'),(34905,'INSERT INTO gne_vale_ferreteria (vfe_id,vfe_fecha,vfe_total,vfe_estado,vfe_entregado,usu_nusuario) VALUES (4473,@@@2013.07.06@@@,250,1,0,@@@admin@@@)','',2,'2013-07-06'),(34906,'INSERT INTO gne_vale_ferreteria_mov (vfe_id,pro_codigo_plu,vfm_cantidad,vfm_unitario,vfm_total,vfm_entregado) VALUES (4473,780220096,1,250,250,@@@NO@@@)','',2,'2013-07-06'),(34907,'INSERT INTO gne_vale_ferreteria (vfe_id,vfe_fecha,vfe_total,vfe_estado,vfe_entregado,usu_nusuario) VALUES (4474,@@@2013.07.06@@@,500,1,0,@@@admin@@@)','',2,'2013-07-06'),(34908,'INSERT INTO gne_vale_ferreteria_mov (vfe_id,pro_codigo_plu,vfm_cantidad,vfm_unitario,vfm_total,vfm_entregado) VALUES (4474,770000,10,50,500,@@@NO@@@)','',2,'2013-07-06'),(34909,'INSERT INTO gne_vale_ferreteria (vfe_id,vfe_fecha,vfe_total,vfe_estado,vfe_entregado,usu_nusuario) VALUES (4475,@@@2013.07.06@@@,120,1,0,@@@admin@@@)','',2,'2013-07-06'),(34910,'INSERT INTO gne_vale_ferreteria_mov (vfe_id,pro_codigo_plu,vfm_cantidad,vfm_unitario,vfm_total,vfm_entregado) VALUES (4475,761334,1,120,120,@@@NO@@@)','',2,'2013-07-06'),(34911,'INSERT INTO gne_vale_ferreteria (vfe_id,vfe_fecha,vfe_total,vfe_estado,vfe_entregado,usu_nusuario) VALUES (4476,@@@2013.07.06@@@,200,1,0,@@@admin@@@)','',2,'2013-07-06'),(34912,'INSERT INTO gne_vale_ferreteria_mov (vfe_id,pro_codigo_plu,vfm_cantidad,vfm_unitario,vfm_total,vfm_entregado) VALUES (4476,20144,2,100,200,@@@NO@@@)','',2,'2013-07-06'),(34913,'INSERT INTO gne_vale_ferreteria (vfe_id,vfe_fecha,vfe_total,vfe_estado,vfe_entregado,usu_nusuario) VALUES (4477,@@@2013.07.06@@@,540,1,0,@@@admin@@@)','',2,'2013-07-06'),(34914,'INSERT INTO gne_vale_ferreteria_mov (vfe_id,pro_codigo_plu,vfm_cantidad,vfm_unitario,vfm_total,vfm_entregado) VALUES (4477,19916,1,540,540,@@@NO@@@)','',2,'2013-07-06'),(34915,'INSERT INTO gne_vale_ferreteria (vfe_id,vfe_fecha,vfe_total,vfe_estado,vfe_entregado,usu_nusuario) VALUES (4478,@@@2013.07.06@@@,250,1,0,@@@admin@@@)','',2,'2013-07-06'),(34916,'INSERT INTO gne_vale_ferreteria_mov (vfe_id,pro_codigo_plu,vfm_cantidad,vfm_unitario,vfm_total,vfm_entregado) VALUES (4478,780220137,1,250,250,@@@NO@@@)','',2,'2013-07-06'),(34917,'INSERT INTO gne_vale_ferreteria (vfe_id,vfe_fecha,vfe_total,vfe_estado,vfe_entregado,usu_nusuario) VALUES (4479,@@@2013.07.06@@@,1410,1,0,@@@admin@@@)','',2,'2013-07-06'),(34918,'INSERT INTO gne_vale_ferreteria_mov (vfe_id,pro_codigo_plu,vfm_cantidad,vfm_unitario,vfm_total,vfm_entregado) VALUES (4479,15935,2,480,960,@@@NO@@@)','',2,'2013-07-06'),(34919,'INSERT INTO gne_vale_ferreteria_mov (vfe_id,pro_codigo_plu,vfm_cantidad,vfm_unitario,vfm_total,vfm_entregado) VALUES (4479,763787,1,450,450,@@@NO@@@)','',2,'2013-07-06'),(34920,'UPDATE mae_productos SET pro_precio_venta=200,pro_margen_actual=48.15, pro_precio_compra_bruto=135, pro_precio_compra_neto=113.445378151261 WHERE pro_codigo_plu=762649','',2,'2013-07-06'),(34921,'UPDATE mae_productos SET pro_precio_venta=1090,pro_margen_actual=31.2, pro_precio_compra_bruto=830.8, pro_precio_compra_neto=698.151260504202 WHERE pro_codigo_plu=10421','',2,'2013-07-06'),(34922,'UPDATE mae_productos SET pro_precio_compra_bruto=135,pro_margen_actual=(pro_precio_venta-135)/135 * 100,pro_ultima_compra=@@@2013.07.06@@@,pro_ultimo_proveedor=@@@81094100-6@@@ WHERE pro_codigo_plu=18268','',2,'2013-07-06'),(34923,'UPDATE mae_productos SET pro_precio_compra_bruto=135,pro_margen_actual=(pro_precio_venta-135)/135 * 100,pro_ultima_compra=@@@2013.07.06@@@,pro_ultimo_proveedor=@@@81094100-6@@@ WHERE pro_codigo_plu=762649','',2,'2013-07-06'),(34924,'UPDATE mae_productos SET pro_precio_compra_bruto=135,pro_margen_actual=(pro_precio_venta-135)/135 * 100,pro_ultima_compra=@@@2013.07.06@@@,pro_ultimo_proveedor=@@@81094100-6@@@ WHERE pro_codigo_plu=101341','',2,'2013-07-06'),(34925,'UPDATE mae_productos SET pro_precio_compra_bruto=135,pro_margen_actual=(pro_precio_venta-135)/135 * 100,pro_ultima_compra=@@@2013.07.06@@@,pro_ultimo_proveedor=@@@81094100-6@@@ WHERE pro_codigo_plu=101340','',2,'2013-07-06'),(34926,'UPDATE mae_productos SET pro_precio_compra_bruto=135,pro_margen_actual=(pro_precio_venta-135)/135 * 100,pro_ultima_compra=@@@2013.07.06@@@,pro_ultimo_proveedor=@@@81094100-6@@@ WHERE pro_codigo_plu=18266','',2,'2013-07-06'),(34927,'UPDATE mae_productos SET pro_precio_compra_bruto=150,pro_margen_actual=(pro_precio_venta-150)/150 * 100,pro_ultima_compra=@@@2013.07.06@@@,pro_ultimo_proveedor=@@@81094100-6@@@ WHERE pro_codigo_plu=764562','',2,'2013-07-06'),(34928,'UPDATE mae_productos SET pro_precio_compra_bruto=150,pro_margen_actual=(pro_precio_venta-150)/150 * 100,pro_ultima_compra=@@@2013.07.06@@@,pro_ultimo_proveedor=@@@81094100-6@@@ WHERE pro_codigo_plu=763625','',2,'2013-07-06'),(34929,'UPDATE mae_productos SET pro_precio_compra_bruto=138.04,pro_margen_actual=(pro_precio_venta-138.04)/138.04 * 100,pro_ultima_compra=@@@2013.07.06@@@,pro_ultimo_proveedor=@@@81094100-6@@@ WHERE pro_codigo_plu=102537','',2,'2013-07-06'),(34930,'UPDATE mae_productos SET pro_precio_compra_bruto=138,pro_margen_actual=(pro_precio_venta-138)/138 * 100,pro_ultima_compra=@@@2013.07.06@@@,pro_ultimo_proveedor=@@@81094100-6@@@ WHERE pro_codigo_plu=102536','',2,'2013-07-06'),(34931,'UPDATE mae_productos SET pro_precio_compra_bruto=93.8,pro_margen_actual=(pro_precio_venta-93.8)/93.8 * 100,pro_ultima_compra=@@@2013.07.06@@@,pro_ultimo_proveedor=@@@81094100-6@@@ WHERE pro_codigo_plu=16816','',2,'2013-07-06'),(34932,'UPDATE mae_productos SET pro_precio_compra_bruto=93.8,pro_margen_actual=(pro_precio_venta-93.8)/93.8 * 100,pro_ultima_compra=@@@2013.07.06@@@,pro_ultimo_proveedor=@@@81094100-6@@@ WHERE pro_codigo_plu=12475','',2,'2013-07-06'),(34933,'UPDATE mae_productos SET pro_precio_compra_bruto=93.8,pro_margen_actual=(pro_precio_venta-93.8)/93.8 * 100,pro_ultima_compra=@@@2013.07.06@@@,pro_ultimo_proveedor=@@@81094100-6@@@ WHERE pro_codigo_plu=16817','',2,'2013-07-06'),(34934,'UPDATE mae_productos SET pro_precio_compra_bruto=93.8,pro_margen_actual=(pro_precio_venta-93.8)/93.8 * 100,pro_ultima_compra=@@@2013.07.06@@@,pro_ultimo_proveedor=@@@81094100-6@@@ WHERE pro_codigo_plu=16818','',2,'2013-07-06'),(34935,'UPDATE mae_productos SET pro_precio_compra_bruto=830.8,pro_margen_actual=(pro_precio_venta-830.8)/830.8 * 100,pro_ultima_compra=@@@2013.07.06@@@,pro_ultimo_proveedor=@@@81094100-6@@@ WHERE pro_codigo_plu=10421','',2,'2013-07-06'),(34936,'INSERT INTO gne_vale_ferreteria (vfe_id,vfe_fecha,vfe_total,vfe_estado,vfe_entregado,usu_nusuario) VALUES (4480,@@@2013.07.06@@@,1890,1,0,@@@admin@@@)','',2,'2013-07-06'),(34937,'INSERT INTO gne_vale_ferreteria_mov (vfe_id,pro_codigo_plu,vfm_cantidad,vfm_unitario,vfm_total,vfm_entregado) VALUES (4480,78017187,1,1890,1890,@@@NO@@@)','',2,'2013-07-06'),(34938,'INSERT INTO gne_vale_ferreteria (vfe_id,vfe_fecha,vfe_total,vfe_estado,vfe_entregado,usu_nusuario) VALUES (4481,@@@2013.07.06@@@,4180,1,0,@@@admin@@@)','',2,'2013-07-06'),(34939,'INSERT INTO gne_vale_ferreteria_mov (vfe_id,pro_codigo_plu,vfm_cantidad,vfm_unitario,vfm_total,vfm_entregado) VALUES (4481,764727,1,2690,2690,@@@NO@@@)','',2,'2013-07-06'),(34940,'INSERT INTO gne_vale_ferreteria_mov (vfe_id,pro_codigo_plu,vfm_cantidad,vfm_unitario,vfm_total,vfm_entregado) VALUES (4481,4053,1,1490,1490,@@@NO@@@)','',2,'2013-07-06'),(34941,'INSERT INTO gne_vale_ferreteria (vfe_id,vfe_fecha,vfe_total,vfe_estado,vfe_entregado,usu_nusuario) VALUES (4482,@@@2013.07.06@@@,690,1,0,@@@admin@@@)','',2,'2013-07-06'),(34942,'INSERT INTO gne_vale_ferreteria_mov (vfe_id,pro_codigo_plu,vfm_cantidad,vfm_unitario,vfm_total,vfm_entregado) VALUES (4482,770091,1,690,690,@@@NO@@@)','',2,'2013-07-06'),(34943,'INSERT INTO gne_vale_ferreteria (vfe_id,vfe_fecha,vfe_total,vfe_estado,vfe_entregado,usu_nusuario) VALUES (4483,@@@2013.07.06@@@,50,1,0,@@@admin@@@)','',2,'2013-07-06'),(34944,'INSERT INTO gne_vale_ferreteria_mov (vfe_id,pro_codigo_plu,vfm_cantidad,vfm_unitario,vfm_total,vfm_entregado) VALUES (4483,780220123,1,50,50,@@@NO@@@)','',2,'2013-07-06'),(34945,'UPDATE mae_productos SET pro_precio_compra_bruto=171,pro_margen_actual=(pro_precio_venta-171)/171 * 100,pro_ultima_compra=@@@2013.07.06@@@,pro_ultimo_proveedor=@@@81094100-6@@@ WHERE pro_codigo_plu=764563','',2,'2013-07-06'),(34946,'UPDATE mae_productos SET pro_precio_compra_bruto=171,pro_margen_actual=(pro_precio_venta-171)/171 * 100,pro_ultima_compra=@@@2013.07.06@@@,pro_ultimo_proveedor=@@@81094100-6@@@ WHERE pro_codigo_plu=763634','',2,'2013-07-06'),(34947,'UPDATE mae_productos SET pro_precio_compra_bruto=183,pro_margen_actual=(pro_precio_venta-183)/183 * 100,pro_ultima_compra=@@@2013.07.06@@@,pro_ultimo_proveedor=@@@81094100-6@@@ WHERE pro_codigo_plu=16815','',2,'2013-07-06'),(34948,'UPDATE mae_productos SET pro_precio_compra_bruto=514,pro_margen_actual=(pro_precio_venta-514)/514 * 100,pro_ultima_compra=@@@2013.07.06@@@,pro_ultimo_proveedor=@@@81094100-6@@@ WHERE pro_codigo_plu=15977','',2,'2013-07-06'),(34949,'UPDATE mae_productos SET pro_precio_compra_bruto=755,pro_margen_actual=(pro_precio_venta-755)/755 * 100,pro_ultima_compra=@@@2013.07.06@@@,pro_ultimo_proveedor=@@@81094100-6@@@ WHERE pro_codigo_plu=16081','',2,'2013-07-06'),(34950,'UPDATE mae_productos SET pro_precio_compra_bruto=1545,pro_margen_actual=(pro_precio_venta-1545)/1545 * 100,pro_ultima_compra=@@@2013.07.06@@@,pro_ultimo_proveedor=@@@81094100-6@@@ WHERE pro_codigo_plu=16405','',2,'2013-07-06'),(34951,'UPDATE mae_productos SET pro_precio_compra_bruto=1385,pro_margen_actual=(pro_precio_venta-1385)/1385 * 100,pro_ultima_compra=@@@2013.07.06@@@,pro_ultimo_proveedor=@@@81094100-6@@@ WHERE pro_codigo_plu=10434','',2,'2013-07-06'),(34952,'UPDATE mae_productos SET pro_precio_compra_bruto=902,pro_margen_actual=(pro_precio_venta-902)/902 * 100,pro_ultima_compra=@@@2013.07.06@@@,pro_ultimo_proveedor=@@@81094100-6@@@ WHERE pro_codigo_plu=16273','',2,'2013-07-06'),(34953,'UPDATE mae_productos SET pro_precio_compra_bruto=3872,pro_margen_actual=(pro_precio_venta-3872)/3872 * 100,pro_ultima_compra=@@@2013.07.06@@@,pro_ultimo_proveedor=@@@81094100-6@@@ WHERE pro_codigo_plu=382','',2,'2013-07-06'),(34954,'UPDATE mae_productos SET pro_precio_compra_bruto=3916.26,pro_margen_actual=(pro_precio_venta-3916.26)/3916.26 * 100,pro_ultima_compra=@@@2013.07.06@@@,pro_ultimo_proveedor=@@@81094100-6@@@ WHERE pro_codigo_plu=379','',2,'2013-07-06'),(34955,'INSERT INTO gne_vale_ferreteria (vfe_id,vfe_fecha,vfe_total,vfe_estado,vfe_entregado,usu_nusuario) VALUES (4484,@@@2013.07.06@@@,1880,1,0,@@@admin@@@)','',2,'2013-07-06'),(34956,'INSERT INTO gne_vale_ferreteria_mov (vfe_id,pro_codigo_plu,vfm_cantidad,vfm_unitario,vfm_total,vfm_entregado) VALUES (4484,764293,1,1490,1490,@@@NO@@@)','',2,'2013-07-06'),(34957,'INSERT INTO gne_vale_ferreteria_mov (vfe_id,pro_codigo_plu,vfm_cantidad,vfm_unitario,vfm_total,vfm_entregado) VALUES (4484,15967,3,130,390,@@@NO@@@)','',2,'2013-07-06'),(34958,'UPDATE mae_productos SET pro_precio_fiscal=pro_precio_venta WHERE pro_codigo_plu=762649','',2,'2013-07-06'),(34959,'UPDATE mae_productos SET pro_precio_fiscal=pro_precio_venta WHERE pro_codigo_plu=10421','',2,'2013-07-06'),(34960,'INSERT INTO gne_vale_ferreteria (vfe_id,vfe_fecha,vfe_total,vfe_estado,vfe_entregado,usu_nusuario) VALUES (4485,@@@2013.07.06@@@,590,1,0,@@@admin@@@)','',2,'2013-07-06'),(34961,'INSERT INTO gne_vale_ferreteria_mov (vfe_id,pro_codigo_plu,vfm_cantidad,vfm_unitario,vfm_total,vfm_entregado) VALUES (4485,4098,1,590,590,@@@NO@@@)','',2,'2013-07-06'),(34962,'INSERT INTO gne_vale_ferreteria (vfe_id,vfe_fecha,vfe_total,vfe_estado,vfe_entregado,usu_nusuario) VALUES (4486,@@@2013.07.06@@@,150,1,0,@@@admin@@@)','',2,'2013-07-06'),(34963,'INSERT INTO gne_vale_ferreteria_mov (vfe_id,pro_codigo_plu,vfm_cantidad,vfm_unitario,vfm_total,vfm_entregado) VALUES (4486,764832,1,150,150,@@@NO@@@)','',2,'2013-07-06'),(34964,'INSERT INTO gne_vale_ferreteria (vfe_id,vfe_fecha,vfe_total,vfe_estado,vfe_entregado,usu_nusuario) VALUES (4487,@@@2013.07.06@@@,240,1,0,@@@admin@@@)','',2,'2013-07-06'),(34965,'INSERT INTO gne_vale_ferreteria_mov (vfe_id,pro_codigo_plu,vfm_cantidad,vfm_unitario,vfm_total,vfm_entregado) VALUES (4487,12085,1,120,120,@@@NO@@@)','',2,'2013-07-06'),(34966,'INSERT INTO gne_vale_ferreteria_mov (vfe_id,pro_codigo_plu,vfm_cantidad,vfm_unitario,vfm_total,vfm_entregado) VALUES (4487,78017204,1,120,120,@@@NO@@@)','',2,'2013-07-06'),(34967,'INSERT INTO gne_vale_ferreteria (vfe_id,vfe_fecha,vfe_total,vfe_estado,vfe_entregado,usu_nusuario) VALUES (4488,@@@2013.07.06@@@,4200,1,0,@@@admin@@@)','',2,'2013-07-06'),(34968,'INSERT INTO gne_vale_ferreteria_mov (vfe_id,pro_codigo_plu,vfm_cantidad,vfm_unitario,vfm_total,vfm_entregado) VALUES (4488,763991,1,2100,2100,@@@NO@@@)','',2,'2013-07-06'),(34969,'INSERT INTO gne_vale_ferreteria_mov (vfe_id,pro_codigo_plu,vfm_cantidad,vfm_unitario,vfm_total,vfm_entregado) VALUES (4488,763958,1,2100,2100,@@@NO@@@)','',2,'2013-07-06'),(34970,'UPDATE mae_productos SET pro_margen_actual=29.89,pro_precio_venta=1799 WHERE pro_codigo_plu=10434','',2,'2013-07-06'),(34971,'UPDATE mae_productos SET pro_margen_actual=31.09,pro_precio_venta=565 WHERE pro_codigo_plu=10419','',2,'2013-07-06'),(34972,'UPDATE mae_productos SET pro_margen_actual=31.93,pro_precio_venta=1190 WHERE pro_codigo_plu=16273','',2,'2013-07-06'),(34973,'UPDATE mae_productos SET pro_margen_actual=34.5,pro_precio_venta=230 WHERE pro_codigo_plu=763634','',2,'2013-07-06'),(34974,'UPDATE mae_productos SET pro_precio_fiscal=pro_precio_venta WHERE pro_codigo_plu=763634','',2,'2013-07-06'),(34975,'UPDATE mae_productos SET pro_precio_fiscal=pro_precio_venta WHERE pro_codigo_plu=16273','',2,'2013-07-06'),(34976,'UPDATE mae_productos SET pro_precio_fiscal=pro_precio_venta WHERE pro_codigo_plu=10419','',2,'2013-07-06'),(34977,'UPDATE mae_productos SET pro_precio_fiscal=pro_precio_venta WHERE pro_codigo_plu=10434','',2,'2013-07-06'),(34978,'INSERT INTO gne_vale_ferreteria (vfe_id,vfe_fecha,vfe_total,vfe_estado,vfe_entregado,usu_nusuario) VALUES (4489,@@@2013.07.06@@@,2760,1,0,@@@admin@@@)','',2,'2013-07-06'),(34979,'INSERT INTO gne_vale_ferreteria_mov (vfe_id,pro_codigo_plu,vfm_cantidad,vfm_unitario,vfm_total,vfm_entregado) VALUES (4489,770091,4,690,2760,@@@NO@@@)','',2,'2013-07-06'),(34980,'INSERT INTO gne_vale_ferreteria (vfe_id,vfe_fecha,vfe_total,vfe_estado,vfe_entregado,usu_nusuario) VALUES (4490,@@@2013.07.06@@@,490,1,0,@@@admin@@@)','',2,'2013-07-06'),(34981,'INSERT INTO gne_vale_ferreteria_mov (vfe_id,pro_codigo_plu,vfm_cantidad,vfm_unitario,vfm_total,vfm_entregado) VALUES (4490,1538,1,490,490,@@@NO@@@)','',2,'2013-07-06'),(34982,'INSERT INTO gne_vale_ferreteria (vfe_id,vfe_fecha,vfe_total,vfe_estado,vfe_entregado,usu_nusuario) VALUES (4491,@@@2013.07.06@@@,250,1,0,@@@admin@@@)','',2,'2013-07-06'),(34983,'INSERT INTO gne_vale_ferreteria_mov (vfe_id,pro_codigo_plu,vfm_cantidad,vfm_unitario,vfm_total,vfm_entregado) VALUES (4491,770060,1,250,250,@@@NO@@@)','',2,'2013-07-06'),(34984,'INSERT INTO gne_vale_ferreteria (vfe_id,vfe_fecha,vfe_total,vfe_estado,vfe_entregado,usu_nusuario) VALUES (4492,@@@2013.07.06@@@,360,1,0,@@@admin@@@)','',2,'2013-07-06'),(34985,'INSERT INTO gne_vale_ferreteria_mov (vfe_id,pro_codigo_plu,vfm_cantidad,vfm_unitario,vfm_total,vfm_entregado) VALUES (4492,765072,1,200,200,@@@NO@@@)','',2,'2013-07-06'),(34986,'INSERT INTO gne_vale_ferreteria_mov (vfe_id,pro_codigo_plu,vfm_cantidad,vfm_unitario,vfm_total,vfm_entregado) VALUES (4492,4080,4,40,160,@@@NO@@@)','',2,'2013-07-06'),(34987,'INSERT INTO gne_vale_ferreteria (vfe_id,vfe_fecha,vfe_total,vfe_estado,vfe_entregado,usu_nusuario) VALUES (4493,@@@2013.07.06@@@,1740,1,0,@@@admin@@@)','',2,'2013-07-06'),(34988,'INSERT INTO gne_vale_ferreteria_mov (vfe_id,pro_codigo_plu,vfm_cantidad,vfm_unitario,vfm_total,vfm_entregado) VALUES (4493,4053,1,1490,1490,@@@NO@@@)','',2,'2013-07-06'),(34989,'INSERT INTO gne_vale_ferreteria_mov (vfe_id,pro_codigo_plu,vfm_cantidad,vfm_unitario,vfm_total,vfm_entregado) VALUES (4493,764125,1,250,250,@@@NO@@@)','',2,'2013-07-06'),(34990,'INSERT INTO gne_vale_ferreteria (vfe_id,vfe_fecha,vfe_total,vfe_estado,vfe_entregado,usu_nusuario) VALUES (4494,@@@2013.07.06@@@,170,1,0,@@@admin@@@)','',2,'2013-07-06'),(34991,'INSERT INTO gne_vale_ferreteria_mov (vfe_id,pro_codigo_plu,vfm_cantidad,vfm_unitario,vfm_total,vfm_entregado) VALUES (4494,8022,1,120,120,@@@NO@@@)','',2,'2013-07-06'),(34992,'INSERT INTO gne_vale_ferreteria_mov (vfe_id,pro_codigo_plu,vfm_cantidad,vfm_unitario,vfm_total,vfm_entregado) VALUES (4494,770000,1,50,50,@@@NO@@@)','',2,'2013-07-06'),(34993,'INSERT INTO gne_vale_ferreteria (vfe_id,vfe_fecha,vfe_total,vfe_estado,vfe_entregado,usu_nusuario) VALUES (4495,@@@2013.07.06@@@,2990,1,0,@@@admin@@@)','',2,'2013-07-06'),(34994,'INSERT INTO gne_vale_ferreteria_mov (vfe_id,pro_codigo_plu,vfm_cantidad,vfm_unitario,vfm_total,vfm_entregado) VALUES (4495,1201,1,2990,2990,@@@NO@@@)','',2,'2013-07-06'),(34995,'INSERT INTO gne_vale_ferreteria (vfe_id,vfe_fecha,vfe_total,vfe_estado,vfe_entregado,usu_nusuario) VALUES (4496,@@@2013.07.06@@@,2590,1,0,@@@admin@@@)','',2,'2013-07-06'),(34996,'INSERT INTO gne_vale_ferreteria_mov (vfe_id,pro_codigo_plu,vfm_cantidad,vfm_unitario,vfm_total,vfm_entregado) VALUES (4496,101618,1,2590,2590,@@@NO@@@)','',2,'2013-07-06'),(34997,'INSERT INTO gne_vale_ferreteria (vfe_id,vfe_fecha,vfe_total,vfe_estado,vfe_entregado,usu_nusuario) VALUES (4497,@@@2013.07.06@@@,3990,1,0,@@@admin@@@)','',2,'2013-07-06'),(34998,'INSERT INTO gne_vale_ferreteria_mov (vfe_id,pro_codigo_plu,vfm_cantidad,vfm_unitario,vfm_total,vfm_entregado) VALUES (4497,764850,1,3990,3990,@@@NO@@@)','',2,'2013-07-06'),(34999,'INSERT INTO gne_vale_ferreteria (vfe_id,vfe_fecha,vfe_total,vfe_estado,vfe_entregado,usu_nusuario) VALUES (4498,@@@2013.07.06@@@,1890,1,0,@@@admin@@@)','',2,'2013-07-06'),(35000,'INSERT INTO gne_vale_ferreteria_mov (vfe_id,pro_codigo_plu,vfm_cantidad,vfm_unitario,vfm_total,vfm_entregado) VALUES (4498,763648,1,1890,1890,@@@NO@@@)','',2,'2013-07-06'),(35001,'INSERT INTO gne_vale_ferreteria (vfe_id,vfe_fecha,vfe_total,vfe_estado,vfe_entregado,usu_nusuario) VALUES (4499,@@@2013.07.06@@@,620,1,0,@@@admin@@@)','',2,'2013-07-06'),(35002,'INSERT INTO gne_vale_ferreteria_mov (vfe_id,pro_codigo_plu,vfm_cantidad,vfm_unitario,vfm_total,vfm_entregado) VALUES (4499,780220180,1,620,620,@@@NO@@@)','',2,'2013-07-06'),(35003,'INSERT INTO gne_vale_ferreteria (vfe_id,vfe_fecha,vfe_total,vfe_estado,vfe_entregado,usu_nusuario) VALUES (4500,@@@2013.07.06@@@,990,1,0,@@@admin@@@)','',2,'2013-07-06'),(35004,'INSERT INTO gne_vale_ferreteria_mov (vfe_id,pro_codigo_plu,vfm_cantidad,vfm_unitario,vfm_total,vfm_entregado) VALUES (4500,2008,1,990,990,@@@NO@@@)','',2,'2013-07-06'),(35005,'INSERT INTO gne_vale_ferreteria (vfe_id,vfe_fecha,vfe_total,vfe_estado,vfe_entregado,usu_nusuario) VALUES (4501,@@@2013.07.06@@@,2150,1,0,@@@admin@@@)','',2,'2013-07-06'),(35006,'INSERT INTO gne_vale_ferreteria_mov (vfe_id,pro_codigo_plu,vfm_cantidad,vfm_unitario,vfm_total,vfm_entregado) VALUES (4501,1535,4,390,1560,@@@NO@@@)','',2,'2013-07-06'),(35007,'INSERT INTO gne_vale_ferreteria_mov (vfe_id,pro_codigo_plu,vfm_cantidad,vfm_unitario,vfm_total,vfm_entregado) VALUES (4501,764070,1,590,590,@@@NO@@@)','',2,'2013-07-06'),(35008,'INSERT INTO gne_vale_ferreteria (vfe_id,vfe_fecha,vfe_total,vfe_estado,vfe_entregado,usu_nusuario) VALUES (4502,@@@2013.07.06@@@,3990,1,0,@@@admin@@@)','',2,'2013-07-06'),(35009,'INSERT INTO gne_vale_ferreteria_mov (vfe_id,pro_codigo_plu,vfm_cantidad,vfm_unitario,vfm_total,vfm_entregado) VALUES (4502,764850,1,3990,3990,@@@NO@@@)','',2,'2013-07-06'),(35010,'INSERT INTO gne_vale_ferreteria (vfe_id,vfe_fecha,vfe_total,vfe_estado,vfe_entregado,usu_nusuario) VALUES (4503,@@@2013.07.06@@@,160,1,0,@@@admin@@@)','',2,'2013-07-06'),(35011,'INSERT INTO gne_vale_ferreteria_mov (vfe_id,pro_codigo_plu,vfm_cantidad,vfm_unitario,vfm_total,vfm_entregado) VALUES (4503,770001,2,80,160,@@@NO@@@)','',2,'2013-07-06'),(35012,'INSERT INTO gne_vale_ferreteria (vfe_id,vfe_fecha,vfe_total,vfe_estado,vfe_entregado,usu_nusuario) VALUES (4504,@@@2013.07.06@@@,1990,1,0,@@@admin@@@)','',2,'2013-07-06'),(35013,'INSERT INTO gne_vale_ferreteria_mov (vfe_id,pro_codigo_plu,vfm_cantidad,vfm_unitario,vfm_total,vfm_entregado) VALUES (4504,764615,1,1990,1990,@@@NO@@@)','',2,'2013-07-06'),(35014,'UPDATE mae_productos SET pro_margen_actual=0,pro_precio_venta=1390 WHERE pro_codigo_plu=764615','',2,'2013-07-06'),(35015,'UPDATE mae_productos SET pro_precio_fiscal=pro_precio_venta WHERE pro_codigo_plu=764615','',2,'2013-07-06'),(35016,'INSERT INTO gne_vale_ferreteria (vfe_id,vfe_fecha,vfe_total,vfe_estado,vfe_entregado,usu_nusuario) VALUES (4505,@@@2013.07.06@@@,1490,1,0,@@@admin@@@)','',2,'2013-07-06'),(35017,'INSERT INTO gne_vale_ferreteria_mov (vfe_id,pro_codigo_plu,vfm_cantidad,vfm_unitario,vfm_total,vfm_entregado) VALUES (4505,764615,1,1390,1390,@@@NO@@@)','',2,'2013-07-06'),(35018,'INSERT INTO gne_vale_ferreteria_mov (vfe_id,pro_codigo_plu,vfm_cantidad,vfm_unitario,vfm_total,vfm_entregado) VALUES (4505,2500,100,1,100,@@@NO@@@)','',2,'2013-07-06'),(35019,'INSERT INTO gne_vale_ferreteria (vfe_id,vfe_fecha,vfe_total,vfe_estado,vfe_entregado,usu_nusuario) VALUES (4506,@@@2013.07.06@@@,250,1,0,@@@admin@@@)','',2,'2013-07-06'),(35020,'INSERT INTO gne_vale_ferreteria_mov (vfe_id,pro_codigo_plu,vfm_cantidad,vfm_unitario,vfm_total,vfm_entregado) VALUES (4506,4091,1,250,250,@@@NO@@@)','',2,'2013-07-06'),(35021,'INSERT INTO gne_vale_ferreteria (vfe_id,vfe_fecha,vfe_total,vfe_estado,vfe_entregado,usu_nusuario) VALUES (4507,@@@2013.07.06@@@,840,1,0,@@@admin@@@)','',2,'2013-07-06'),(35022,'INSERT INTO gne_vale_ferreteria_mov (vfe_id,pro_codigo_plu,vfm_cantidad,vfm_unitario,vfm_total,vfm_entregado) VALUES (4507,4091,1,250,250,@@@NO@@@)','',2,'2013-07-06'),(35023,'INSERT INTO gne_vale_ferreteria_mov (vfe_id,pro_codigo_plu,vfm_cantidad,vfm_unitario,vfm_total,vfm_entregado) VALUES (4507,10178,1,590,590,@@@NO@@@)','',2,'2013-07-06'),(35024,'INSERT INTO gne_vale_ferreteria (vfe_id,vfe_fecha,vfe_total,vfe_estado,vfe_entregado,usu_nusuario) VALUES (4508,@@@2013.07.06@@@,1380,1,0,@@@admin@@@)','',2,'2013-07-06'),(35025,'INSERT INTO gne_vale_ferreteria_mov (vfe_id,pro_codigo_plu,vfm_cantidad,vfm_unitario,vfm_total,vfm_entregado) VALUES (4508,764611,1,990,990,@@@NO@@@)','',2,'2013-07-06'),(35026,'INSERT INTO gne_vale_ferreteria_mov (vfe_id,pro_codigo_plu,vfm_cantidad,vfm_unitario,vfm_total,vfm_entregado) VALUES (4508,1548,1,390,390,@@@NO@@@)','',2,'2013-07-06'),(35027,'INSERT INTO gne_vale_ferreteria (vfe_id,vfe_fecha,vfe_total,vfe_estado,vfe_entregado,usu_nusuario) VALUES (4509,@@@2013.07.06@@@,9990,1,0,@@@admin@@@)','',2,'2013-07-06'),(35028,'INSERT INTO gne_vale_ferreteria_mov (vfe_id,pro_codigo_plu,vfm_cantidad,vfm_unitario,vfm_total,vfm_entregado) VALUES (4509,880022,1,9990,9990,@@@NO@@@)','',2,'2013-07-06'),(35029,'INSERT INTO gne_vale_ferreteria (vfe_id,vfe_fecha,vfe_total,vfe_estado,vfe_entregado,usu_nusuario) VALUES (4510,@@@2013.07.06@@@,1280,1,0,@@@admin@@@)','',2,'2013-07-06'),(35030,'INSERT INTO gne_vale_ferreteria_mov (vfe_id,pro_codigo_plu,vfm_cantidad,vfm_unitario,vfm_total,vfm_entregado) VALUES (4510,15479,1,690,690,@@@NO@@@)','',2,'2013-07-06'),(35031,'INSERT INTO gne_vale_ferreteria_mov (vfe_id,pro_codigo_plu,vfm_cantidad,vfm_unitario,vfm_total,vfm_entregado) VALUES (4510,15485,1,590,590,@@@NO@@@)','',2,'2013-07-06'),(35032,'UPDATE mae_productos SET pro_codigo_barra=@@@7804300122362@@@,pro_tipo=@@@0@@@,pro_nombre_producto=@@@VINO SANTA HELENA BCO TET 1.5 LT@@@,pro_nombre_corto=@@@VINO S. HELENA B@@@,med_id=@@@6@@@,emb_id=@@@4@@@,pro_unidades_embalaje=@@@8@@@,dep_id=@@@6 @@@,lin_id=@@@60@@@,mar_id=@@@1819@@@,pro_precio_compra_neto=@@@0@@@,pro_precio_compra_bruto=@@@0@@@,pro_precio_venta=@@@1790@@@,pro_margen_actual=@@@0@@@,pro_oferta=@@@NO@@@,pro_fecha_inicio_oferta=@@@1900.01.01@@@,pro_fecha_termino_oferta=@@@1900.01.01@@@,pro_precio_oferta=@@@0@@@,pro_stock_minimo=@@@8@@@,pro_stock_critico=@@@4@@@,pro_activo=@@@1@@@,pro_unidad=@@@0@@@,pro_precio_compra_bruto=0,pro_margen_actual=0,pro_capacidad=1.5,pro_funcion_plu=0,pro_flejes=1,pro_iva=1,pro_plu_asociado=0,pro_envase=@@@NO@@@,pro_duracion=0,pro_numero_etiqueta=0 WHERE pro_codigo_plu=@@@17930@@@','',2,'2013-07-06'),(35033,'UPDATE mae_productos SET pro_estado=1 WHERE pro_codigo_plu=17930','',2,'2013-07-06'),(35034,'DELETE FROM mae_impuestos_productos WHERE pro_codigo_plu=@@@17930@@@','',2,'2013-07-06'),(35035,'UPDATE mae_productos SET pro_precio_fiscal=pro_precio_venta WHERE pro_codigo_plu=17930','',2,'2013-07-06'),(35036,'INSERT INTO gne_vale_ferreteria (vfe_id,vfe_fecha,vfe_total,vfe_estado,vfe_entregado,usu_nusuario) VALUES (4511,@@@2013.07.06@@@,9990,1,0,@@@admin@@@)','',2,'2013-07-06'),(35037,'INSERT INTO gne_vale_ferreteria_mov (vfe_id,pro_codigo_plu,vfm_cantidad,vfm_unitario,vfm_total,vfm_entregado) VALUES (4511,764762,1,9990,9990,@@@NO@@@)','',2,'2013-07-06'),(35038,'INSERT INTO gne_vale_ferreteria (vfe_id,vfe_fecha,vfe_total,vfe_estado,vfe_entregado,usu_nusuario) VALUES (4512,@@@2013.07.06@@@,980,1,0,@@@admin@@@)','',2,'2013-07-06'),(35039,'INSERT INTO gne_vale_ferreteria_mov (vfe_id,pro_codigo_plu,vfm_cantidad,vfm_unitario,vfm_total,vfm_entregado) VALUES (4512,19876,1,980,980,@@@NO@@@)','',2,'2013-07-06'),(35040,'INSERT INTO mae_clientes (cli_id,cli_rut,cli_nombre,cli_direccion,cli_sucursal,cli_ciudad,cli_nombre_contacto,cli_cargo,cli_telefono,cli_fax,cli_celular,cli_mail,tcp_id,cli_fecha_nacimiento,cli_activo,cli_limite_credito,cli_giro,cli_sobrecargo,cli_credito_ilimitado,cli_descuento_venta,cli_comuna) VALUES (@@@13@@@,@@@13146289-1@@@,@@@MARCELO REBOLLEDO CARDENAS@@@,@@@SAN GREGORIO 30@@@,@@@@@@,@@@NACIMIENTO@@@,@@@@@@,@@@@@@,@@@@@@,@@@@@@,@@@88983180@@@,@@@@@@,@@@3@@@,@@@2013.07.06@@@,@@@1@@@,@@@100000@@@,@@@@@@,3,0,0,@@@NACIMIENTO@@@)','',2,'2013-07-06'),(35041,'INSERT INTO gne_vale_ferreteria (vfe_id,vfe_fecha,vfe_total,vfe_estado,vfe_entregado,usu_nusuario) VALUES (4513,@@@2013.07.06@@@,380,1,0,@@@admin@@@)','',2,'2013-07-06'),(35042,'INSERT INTO gne_vale_ferreteria_mov (vfe_id,pro_codigo_plu,vfm_cantidad,vfm_unitario,vfm_total,vfm_entregado) VALUES (4513,765072,1,200,200,@@@NO@@@)','',2,'2013-07-06'),(35043,'INSERT INTO gne_vale_ferreteria_mov (vfe_id,pro_codigo_plu,vfm_cantidad,vfm_unitario,vfm_total,vfm_entregado) VALUES (4513,780220200,1,180,180,@@@NO@@@)','',2,'2013-07-06'),(35044,'INSERT INTO gne_vale_ferreteria (vfe_id,vfe_fecha,vfe_total,vfe_estado,vfe_entregado,usu_nusuario) VALUES (4514,@@@2013.07.06@@@,350,1,0,@@@admin@@@)','',2,'2013-07-06'),(35045,'INSERT INTO gne_vale_ferreteria_mov (vfe_id,pro_codigo_plu,vfm_cantidad,vfm_unitario,vfm_total,vfm_entregado) VALUES (4514,763723,1,350,350,@@@NO@@@)','',2,'2013-07-06'),(35046,'INSERT INTO gne_vale_ferreteria (vfe_id,vfe_fecha,vfe_total,vfe_estado,vfe_entregado,usu_nusuario) VALUES (4515,@@@2013.07.06@@@,290,1,0,@@@admin@@@)','',2,'2013-07-06'),(35047,'INSERT INTO gne_vale_ferreteria_mov (vfe_id,pro_codigo_plu,vfm_cantidad,vfm_unitario,vfm_total,vfm_entregado) VALUES (4515,78017027,1,50,50,@@@NO@@@)','',2,'2013-07-06'),(35048,'INSERT INTO gne_vale_ferreteria_mov (vfe_id,pro_codigo_plu,vfm_cantidad,vfm_unitario,vfm_total,vfm_entregado) VALUES (4515,8022,1,120,120,@@@NO@@@)','',2,'2013-07-06'),(35049,'INSERT INTO gne_vale_ferreteria_mov (vfe_id,pro_codigo_plu,vfm_cantidad,vfm_unitario,vfm_total,vfm_entregado) VALUES (4515,78017008,1,120,120,@@@NO@@@)','',2,'2013-07-06'),(35050,'INSERT INTO gne_vale_ferreteria (vfe_id,vfe_fecha,vfe_total,vfe_estado,vfe_entregado,usu_nusuario) VALUES (4516,@@@2013.07.06@@@,380,1,0,@@@admin@@@)','',2,'2013-07-06'),(35051,'INSERT INTO gne_vale_ferreteria_mov (vfe_id,pro_codigo_plu,vfm_cantidad,vfm_unitario,vfm_total,vfm_entregado) VALUES (4516,764832,2,150,300,@@@NO@@@)','',2,'2013-07-06'),(35052,'INSERT INTO gne_vale_ferreteria_mov (vfe_id,pro_codigo_plu,vfm_cantidad,vfm_unitario,vfm_total,vfm_entregado) VALUES (4516,4080,2,40,80,@@@NO@@@)','',2,'2013-07-06'),(35053,'INSERT INTO gne_vale_ferreteria (vfe_id,vfe_fecha,vfe_total,vfe_estado,vfe_entregado,usu_nusuario) VALUES (4517,@@@2013.07.06@@@,140,1,0,@@@admin@@@)','',2,'2013-07-06'),(35054,'INSERT INTO gne_vale_ferreteria_mov (vfe_id,pro_codigo_plu,vfm_cantidad,vfm_unitario,vfm_total,vfm_entregado) VALUES (4517,764247,1,140,140,@@@NO@@@)','',2,'2013-07-06'),(35055,'INSERT INTO gne_vale_ferreteria (vfe_id,vfe_fecha,vfe_total,vfe_estado,vfe_entregado,usu_nusuario) VALUES (4518,@@@2013.07.06@@@,430,1,0,@@@admin@@@)','',2,'2013-07-06'),(35056,'INSERT INTO gne_vale_ferreteria_mov (vfe_id,pro_codigo_plu,vfm_cantidad,vfm_unitario,vfm_total,vfm_entregado) VALUES (4518,16664,1,430,430,@@@NO@@@)','',2,'2013-07-06'),(35057,'INSERT INTO gne_vale_ferreteria (vfe_id,vfe_fecha,vfe_total,vfe_estado,vfe_entregado,usu_nusuario) VALUES (4519,@@@2013.07.06@@@,360,1,0,@@@admin@@@)','',2,'2013-07-06'),(35058,'INSERT INTO gne_vale_ferreteria_mov (vfe_id,pro_codigo_plu,vfm_cantidad,vfm_unitario,vfm_total,vfm_entregado) VALUES (4519,78017026,4,90,360,@@@NO@@@)','',2,'2013-07-06'),(35059,'INSERT INTO gne_vale_ferreteria (vfe_id,vfe_fecha,vfe_total,vfe_estado,vfe_entregado,usu_nusuario) VALUES (4520,@@@2013.07.06@@@,960,1,0,@@@admin@@@)','',2,'2013-07-06'),(35060,'INSERT INTO gne_vale_ferreteria_mov (vfe_id,pro_codigo_plu,vfm_cantidad,vfm_unitario,vfm_total,vfm_entregado) VALUES (4520,15935,2,480,960,@@@NO@@@)','',2,'2013-07-06'),(35061,'INSERT INTO gne_vale_ferreteria (vfe_id,vfe_fecha,vfe_total,vfe_estado,vfe_entregado,usu_nusuario) VALUES (4521,@@@2013.07.06@@@,1000,1,0,@@@admin@@@)','',2,'2013-07-06'),(35062,'INSERT INTO gne_vale_ferreteria_mov (vfe_id,pro_codigo_plu,vfm_cantidad,vfm_unitario,vfm_total,vfm_entregado) VALUES (4521,763788,4,250,1000,@@@NO@@@)','',2,'2013-07-06'),(35063,'UPDATE mae_productos SET pro_margen_actual=44.44,pro_precio_venta=390 WHERE pro_codigo_plu=764211','',2,'2013-07-06'),(35064,'UPDATE mae_productos SET pro_margen_actual=44.44,pro_precio_venta=390 WHERE pro_codigo_plu=764204','',2,'2013-07-06'),(35065,'UPDATE mae_productos SET pro_margen_actual=40.51,pro_precio_venta=999 WHERE pro_codigo_plu=15028','',2,'2013-07-06'),(35066,'UPDATE mae_productos SET pro_precio_fiscal=pro_precio_venta WHERE pro_codigo_plu=764211','',2,'2013-07-06'),(35067,'UPDATE mae_productos SET pro_precio_fiscal=pro_precio_venta WHERE pro_codigo_plu=15028','',2,'2013-07-06'),(35068,'UPDATE mae_productos SET pro_precio_fiscal=pro_precio_venta WHERE pro_codigo_plu=764204','',2,'2013-07-06'),(35069,'INSERT INTO gne_vale_ferreteria (vfe_id,vfe_fecha,vfe_total,vfe_estado,vfe_entregado,usu_nusuario) VALUES (4522,@@@2013.07.06@@@,840,1,0,@@@b_SAEZ@@@)','',2,'2013-07-06'),(35070,'INSERT INTO gne_vale_ferreteria_mov (vfe_id,pro_codigo_plu,vfm_cantidad,vfm_unitario,vfm_total,vfm_entregado) VALUES (4522,11670,1,840,840,@@@NO@@@)','',2,'2013-07-06'),(35071,'UPDATE mae_productos SET pro_margen_actual=33.74,pro_precio_venta=1990 WHERE pro_codigo_plu=20976','',2,'2013-07-06'),(35072,'INSERT INTO gne_vale_ferreteria (vfe_id,vfe_fecha,vfe_total,vfe_estado,vfe_entregado,usu_nusuario) VALUES (4523,@@@2013.07.06@@@,290,1,0,@@@b_SAEZ@@@)','',2,'2013-07-06'),(35073,'INSERT INTO gne_vale_ferreteria_mov (vfe_id,pro_codigo_plu,vfm_cantidad,vfm_unitario,vfm_total,vfm_entregado) VALUES (4523,1559,1,290,290,@@@NO@@@)','',2,'2013-07-06'),(35074,'UPDATE mae_productos SET pro_margen_actual=28.79,pro_precio_venta=1199 WHERE pro_codigo_plu=10586','',2,'2013-07-06'),(35075,'UPDATE mae_productos SET pro_margen_actual=30.7,pro_precio_venta=579 WHERE pro_codigo_plu=10353','',2,'2013-07-06'),(35076,'UPDATE mae_productos SET pro_margen_actual=30.19,pro_precio_venta=539 WHERE pro_codigo_plu=11833','',2,'2013-07-06'),(35077,'UPDATE mae_productos SET pro_precio_fiscal=pro_precio_venta WHERE pro_codigo_plu=10353','',2,'2013-07-06'),(35078,'UPDATE mae_productos SET pro_precio_fiscal=pro_precio_venta WHERE pro_codigo_plu=11833','',2,'2013-07-06'),(35079,'UPDATE mae_productos SET pro_precio_fiscal=pro_precio_venta WHERE pro_codigo_plu=10586','',2,'2013-07-06'),(35080,'UPDATE mae_productos SET pro_precio_fiscal=pro_precio_venta WHERE pro_codigo_plu=20976','',2,'2013-07-06'),(35081,'INSERT INTO gne_vale_ferreteria (vfe_id,vfe_fecha,vfe_total,vfe_estado,vfe_entregado,usu_nusuario) VALUES (4524,@@@2013.07.06@@@,490,1,0,@@@b_SAEZ@@@)','',2,'2013-07-06'),(35082,'INSERT INTO gne_vale_ferreteria_mov (vfe_id,pro_codigo_plu,vfm_cantidad,vfm_unitario,vfm_total,vfm_entregado) VALUES (4524,764222,1,490,490,@@@NO@@@)','',2,'2013-07-06'),(35083,'INSERT INTO com_ventas_grupo (vgr_fecha,vgr_grupo,vgr_cantidad,vgr_total) VALUES (@@@2013.07.05@@@,1,281.51,263551)','',2,'2013-07-06'),(35084,'INSERT INTO com_ventas_grupo (vgr_fecha,vgr_grupo,vgr_cantidad,vgr_total) VALUES (@@@2013.07.05@@@,2,205.775,140160)','',2,'2013-07-06'),(35085,'INSERT INTO com_ventas_grupo (vgr_fecha,vgr_grupo,vgr_cantidad,vgr_total) VALUES (@@@2013.07.05@@@,3,399,82867)','',2,'2013-07-06'),(35086,'INSERT INTO com_ventas_grupo (vgr_fecha,vgr_grupo,vgr_cantidad,vgr_total) VALUES (@@@2013.07.05@@@,4,88,81638)','',2,'2013-07-06'),(35087,'INSERT INTO com_ventas_grupo (vgr_fecha,vgr_grupo,vgr_cantidad,vgr_total) VALUES (@@@2013.07.05@@@,5,8,24780)','',2,'2013-07-06'),(35088,'INSERT INTO com_ventas_grupo (vgr_fecha,vgr_grupo,vgr_cantidad,vgr_total) VALUES (@@@2013.07.05@@@,6,36,62390)','',2,'2013-07-06'),(35089,'INSERT INTO com_ventas_grupo (vgr_fecha,vgr_grupo,vgr_cantidad,vgr_total) VALUES (@@@2013.07.05@@@,7,37,67396)','',2,'2013-07-06'),(35090,'INSERT INTO com_ventas_grupo (vgr_fecha,vgr_grupo,vgr_cantidad,vgr_total) VALUES (@@@2013.07.05@@@,8,38,25900)','',2,'2013-07-06'),(35091,'INSERT INTO com_ventas_grupo (vgr_fecha,vgr_grupo,vgr_cantidad,vgr_total) VALUES (@@@2013.07.05@@@,9,94.445,154304)','',2,'2013-07-06'),(35092,'INSERT INTO com_ventas_grupo (vgr_fecha,vgr_grupo,vgr_cantidad,vgr_total) VALUES (@@@2013.07.05@@@,10,36.79,117720)','',2,'2013-07-06'),(35093,'INSERT INTO com_ventas_grupo (vgr_fecha,vgr_grupo,vgr_cantidad,vgr_total) VALUES (@@@2013.07.05@@@,11,47.155,100243)','',2,'2013-07-06'),(35094,'INSERT INTO com_ventas_grupo (vgr_fecha,vgr_grupo,vgr_cantidad,vgr_total) VALUES (@@@2013.07.05@@@,12,30.195,64374)','',2,'2013-07-06'),(35095,'INSERT INTO com_ventas_grupo (vgr_fecha,vgr_grupo,vgr_cantidad,vgr_total) VALUES (@@@2013.07.05@@@,13,14.64,48660)','',2,'2013-07-06'),(35096,'INSERT INTO com_ventas_grupo (vgr_fecha,vgr_grupo,vgr_cantidad,vgr_total) VALUES (@@@2013.07.05@@@,14,109.16,98565)','',2,'2013-07-06'),(35097,'INSERT INTO com_ventas_grupo (vgr_fecha,vgr_grupo,vgr_cantidad,vgr_total) VALUES (@@@2013.07.05@@@,18,262.375,130743)','',2,'2013-07-06'),(35098,'INSERT INTO com_ventas_grupo (vgr_fecha,vgr_grupo,vgr_cantidad,vgr_total) VALUES (@@@2013.07.05@@@,20,132,33920)','',2,'2013-07-06'),(35099,'INSERT INTO com_ventas_grupo (vgr_fecha,vgr_grupo,vgr_cantidad,vgr_total) VALUES (@@@2013.07.05@@@,21,48,55280)','',2,'2013-07-06'),(35100,'INSERT INTO com_ventas_grupo (vgr_fecha,vgr_grupo,vgr_cantidad,vgr_total) VALUES (@@@2013.07.05@@@,23,3,11670)','',2,'2013-07-06'),(35101,'INSERT INTO com_ventas_grupo (vgr_fecha,vgr_grupo,vgr_cantidad,vgr_total) VALUES (@@@2013.07.05@@@,24,168,29219)','',2,'2013-07-06'),(35102,'INSERT INTO com_ventas_grupo (vgr_fecha,vgr_grupo,vgr_cantidad,vgr_total) VALUES (@@@2013.07.05@@@,25,92,133200)','',2,'2013-07-06'),(35103,'INSERT INTO com_ventas_grupo (vgr_fecha,vgr_grupo,vgr_cantidad,vgr_total) VALUES (@@@2013.07.05@@@,31,37,28320)','',2,'2013-07-06'),(35104,'INSERT INTO com_ventas_grupo (vgr_fecha,vgr_grupo,vgr_cantidad,vgr_total) VALUES (@@@2013.07.05@@@,32,425,170540)','',2,'2013-07-06'),(35105,'INSERT INTO com_ventas_grupo (vgr_fecha,vgr_grupo,vgr_cantidad,vgr_total) VALUES (@@@2013.07.05@@@,34,5,6000)','',2,'2013-07-06'),(35106,'INSERT INTO com_ventas_grupo (vgr_fecha,vgr_grupo,vgr_cantidad,vgr_total) VALUES (@@@2013.07.05@@@,35,18,25710)','',2,'2013-07-06'),(35107,'INSERT INTO com_ventas_grupo (vgr_fecha,vgr_grupo,vgr_cantidad,vgr_total) VALUES (@@@2013.07.05@@@,36,7,2090)','',2,'2013-07-06'),(35108,'INSERT INTO com_ventas_grupo (vgr_fecha,vgr_grupo,vgr_cantidad,vgr_total) VALUES (@@@2013.07.05@@@,37,9,3270)','',2,'2013-07-06'),(35109,'INSERT INTO com_ventas_grupo (vgr_fecha,vgr_grupo,vgr_cantidad,vgr_total) VALUES (@@@2013.07.05@@@,38,4,11380)','',2,'2013-07-06'),(35110,'INSERT INTO com_ventas_grupo (vgr_fecha,vgr_grupo,vgr_cantidad,vgr_total) VALUES (@@@2013.07.05@@@,39,2,3180)','',2,'2013-07-06'),(35111,'INSERT INTO com_ventas_grupo (vgr_fecha,vgr_grupo,vgr_cantidad,vgr_total) VALUES (@@@2013.07.05@@@,40,14276,14276)','',2,'2013-07-06'),(35112,'INSERT INTO com_ventas_grupo (vgr_fecha,vgr_grupo,vgr_cantidad,vgr_total) VALUES (@@@2013.07.05@@@,41,3,320)','',2,'2013-07-06'),(35113,'INSERT INTO com_ventas_grupo (vgr_fecha,vgr_grupo,vgr_cantidad,vgr_total) VALUES (@@@2013.07.05@@@,42,38.73,36276)','',2,'2013-07-06'),(35114,'UPDATE mae_datos_empresa SET emp_oferta=@@@NO@@@','',2,'2013-07-06'),(35115,'INSERT INTO gne_vale_ferreteria (vfe_id,vfe_fecha,vfe_total,vfe_estado,vfe_entregado,usu_nusuario) VALUES (4525,@@@2013.07.06@@@,1490,1,0,@@@b_SAEZ@@@)','',2,'2013-07-06'),(35116,'INSERT INTO gne_vale_ferreteria_mov (vfe_id,pro_codigo_plu,vfm_cantidad,vfm_unitario,vfm_total,vfm_entregado) VALUES (4525,6007,1,500,500,@@@NO@@@)','',2,'2013-07-06'),(35117,'INSERT INTO gne_vale_ferreteria_mov (vfe_id,pro_codigo_plu,vfm_cantidad,vfm_unitario,vfm_total,vfm_entregado) VALUES (4525,6015,1,500,500,@@@NO@@@)','',2,'2013-07-06'),(35118,'INSERT INTO gne_vale_ferreteria_mov (vfe_id,pro_codigo_plu,vfm_cantidad,vfm_unitario,vfm_total,vfm_entregado) VALUES (4525,1538,1,490,490,@@@NO@@@)','',2,'2013-07-06'),