(42867,'INSERT INTO gne_vale_ferreteria_mov (vfe_id,pro_codigo_plu,vfm_cantidad,vfm_unitario,vfm_total,vfm_entregado) VALUES (6185,16430,1,160,160,@@@NO@@@)','',2,'2013-07-25'),(42868,'INSERT INTO gne_vale_ferreteria_mov (vfe_id,pro_codigo_plu,vfm_cantidad,vfm_unitario,vfm_total,vfm_entregado) VALUES (6185,763622,1,1399,1399,@@@NO@@@)','',2,'2013-07-25'),(42869,'INSERT INTO gne_vale_ferreteria_mov (vfe_id,pro_codigo_plu,vfm_cantidad,vfm_unitario,vfm_total,vfm_entregado) VALUES (6185,770035,1,150,150,@@@NO@@@)','',2,'2013-07-25'),(42870,'INSERT INTO gne_vale_ferreteria (vfe_id,vfe_fecha,vfe_total,vfe_estado,vfe_entregado,usu_nusuario) VALUES (6186,@@@2013.07.25@@@,1390,1,0,@@@b_SAEZ@@@)','',2,'2013-07-25'),(42871,'INSERT INTO gne_vale_ferreteria_mov (vfe_id,pro_codigo_plu,vfm_cantidad,vfm_unitario,vfm_total,vfm_entregado) VALUES (6186,780721419,1,1390,1390,@@@NO@@@)','',2,'2013-07-25'),(42872,'INSERT INTO gne_vale_ferreteria (vfe_id,vfe_fecha,vfe_total,vfe_estado,vfe_entregado,usu_nusuario) VALUES (6187,@@@2013.07.25@@@,360,1,0,@@@b_SAEZ@@@)','',2,'2013-07-25'),(42873,'INSERT INTO gne_vale_ferreteria_mov (vfe_id,pro_codigo_plu,vfm_cantidad,vfm_unitario,vfm_total,vfm_entregado) VALUES (6187,15745,2,180,360,@@@NO@@@)','',2,'2013-07-25'),(42874,'UPDATE mae_productos SET pro_codigo_barra=@@@611@@@,pro_tipo=@@@0@@@,pro_nombre_producto=@@@REPOLLO UNIDAD@@@,pro_nombre_corto=@@@REPOLLO UNIDAD@@@,med_id=@@@1@@@,emb_id=@@@3@@@,pro_unidades_embalaje=@@@0@@@,dep_id=@@@18 @@@,lin_id=@@@98@@@,mar_id=@@@2507@@@,pro_precio_compra_neto=@@@0@@@,pro_precio_compra_bruto=@@@0@@@,pro_precio_venta=@@@750@@@,pro_margen_actual=@@@0@@@,pro_oferta=@@@NO@@@,pro_fecha_inicio_oferta=@@@2013.05.10@@@,pro_fecha_termino_oferta=@@@2013.05.10@@@,pro_precio_oferta=@@@0@@@,pro_stock_minimo=@@@0@@@,pro_stock_critico=@@@0@@@,pro_activo=@@@1@@@,pro_unidad=@@@0@@@,pro_precio_compra_bruto=0,pro_margen_actual=0,pro_capacidad=1,pro_funcion_plu=0,pro_flejes=1,pro_iva=1,pro_plu_asociado=0,pro_envase=@@@NO@@@,pro_duracion=0,pro_numero_etiqueta=0 WHERE pro_codigo_plu=@@@611@@@','',2,'2013-07-25'),(42875,'UPDATE mae_productos SET pro_estado=1 WHERE pro_codigo_plu=611','',2,'2013-07-25'),(42876,'DELETE FROM mae_impuestos_productos WHERE pro_codigo_plu=@@@611@@@','',2,'2013-07-25'),(42877,'UPDATE mae_productos SET pro_codigo_barra=@@@510@@@,pro_tipo=@@@0@@@,pro_nombre_producto=@@@BETERRAGA UND@@@,pro_nombre_corto=@@@BETERRAGA UND@@@,med_id=@@@1@@@,emb_id=@@@1@@@,pro_unidades_embalaje=@@@1@@@,dep_id=@@@18 @@@,lin_id=@@@98@@@,mar_id=@@@2507@@@,pro_precio_compra_neto=@@@0@@@,pro_precio_compra_bruto=@@@0@@@,pro_precio_venta=@@@750@@@,pro_margen_actual=@@@0@@@,pro_oferta=@@@NO@@@,pro_fecha_inicio_oferta=@@@1900.01.01@@@,pro_fecha_termino_oferta=@@@1900.01.01@@@,pro_precio_oferta=@@@0@@@,pro_stock_minimo=@@@1@@@,pro_stock_critico=@@@1@@@,pro_activo=@@@1@@@,pro_unidad=@@@0@@@,pro_precio_compra_bruto=0,pro_margen_actual=0,pro_capacidad=1,pro_funcion_plu=0,pro_flejes=0,pro_iva=1,pro_plu_asociado=0,pro_envase=@@@NO@@@,pro_duracion=0,pro_numero_etiqueta=0 WHERE pro_codigo_plu=@@@510@@@','',2,'2013-07-25'),(42878,'UPDATE mae_productos SET pro_estado=1 WHERE pro_codigo_plu=510','',2,'2013-07-25'),(42879,'DELETE FROM mae_impuestos_productos WHERE pro_codigo_plu=@@@510@@@','',2,'2013-07-25'),(42880,'UPDATE mae_productos SET pro_precio_fiscal=pro_precio_venta WHERE pro_codigo_plu=17180','',2,'2013-07-25'),(42881,'UPDATE mae_productos SET pro_precio_fiscal=pro_precio_venta WHERE pro_codigo_plu=17275','',2,'2013-07-25'),(42882,'UPDATE mae_productos SET pro_precio_fiscal=pro_precio_venta WHERE pro_codigo_plu=17230','',2,'2013-07-25'),(42883,'UPDATE mae_productos SET pro_precio_fiscal=pro_precio_venta WHERE pro_codigo_plu=17343','',2,'2013-07-25'),(42884,'UPDATE mae_productos SET pro_precio_fiscal=pro_precio_venta WHERE pro_codigo_plu=17266','',2,'2013-07-25'),(42885,'UPDATE mae_productos SET pro_precio_fiscal=pro_precio_venta WHERE pro_codigo_plu=17383','',2,'2013-07-25'),(42886,'UPDATE mae_productos SET pro_precio_fiscal=pro_precio_venta WHERE pro_codigo_plu=17382','',2,'2013-07-25'),(42887,'UPDATE mae_productos SET pro_precio_fiscal=pro_precio_venta WHERE pro_codigo_plu=17179','',2,'2013-07-25'),(42888,'UPDATE mae_productos SET pro_precio_fiscal=pro_precio_venta WHERE pro_codigo_plu=17229','',2,'2013-07-25'),(42889,'UPDATE mae_productos SET pro_precio_fiscal=pro_precio_venta WHERE pro_codigo_plu=17295','',2,'2013-07-25'),(42890,'UPDATE mae_productos SET pro_precio_fiscal=pro_precio_venta WHERE pro_codigo_plu=780721344','',2,'2013-07-25'),(42891,'UPDATE mae_productos SET pro_precio_fiscal=pro_precio_venta WHERE pro_codigo_plu=780721420','',2,'2013-07-25'),(42892,'UPDATE mae_productos SET pro_precio_fiscal=pro_precio_venta WHERE pro_codigo_plu=780721421','',2,'2013-07-25'),(42893,'UPDATE mae_productos SET pro_precio_fiscal=pro_precio_venta WHERE pro_codigo_plu=510','',2,'2013-07-25'),(42894,'UPDATE mae_productos SET pro_precio_fiscal=pro_precio_venta WHERE pro_codigo_plu=611','',2,'2013-07-25'),(42895,'INSERT INTO gne_vale_ferreteria (vfe_id,vfe_fecha,vfe_total,vfe_estado,vfe_entregado,usu_nusuario) VALUES (6188,@@@2013.07.25@@@,1570,1,0,@@@b_SAEZ@@@)','',2,'2013-07-25'),(42896,'INSERT INTO gne_vale_ferreteria_mov (vfe_id,pro_codigo_plu,vfm_cantidad,vfm_unitario,vfm_total,vfm_entregado) VALUES (6188,1050,1,690,690,@@@NO@@@)','',2,'2013-07-25'),(42897,'INSERT INTO gne_vale_ferreteria_mov (vfe_id,pro_codigo_plu,vfm_cantidad,vfm_unitario,vfm_total,vfm_entregado) VALUES (6188,1535,1,390,390,@@@NO@@@)','',2,'2013-07-25'),(42898,'INSERT INTO gne_vale_ferreteria_mov (vfe_id,pro_codigo_plu,vfm_cantidad,vfm_unitario,vfm_total,vfm_entregado) VALUES (6188,1538,1,490,490,@@@NO@@@)','',2,'2013-07-25'),(42899,'UPDATE mae_productos SET pro_precio_fiscal=pro_precio_venta WHERE pro_codigo_plu=533','',2,'2013-07-25'),(42900,'UPDATE mae_productos SET pro_precio_fiscal=pro_precio_venta WHERE pro_codigo_plu=534','',2,'2013-07-25'),(42901,'UPDATE mae_productos SET pro_precio_fiscal=pro_precio_venta WHERE pro_codigo_plu=570','',2,'2013-07-25'),(42902,'INSERT INTO gne_vale_ferreteria (vfe_id,vfe_fecha,vfe_total,vfe_estado,vfe_entregado,usu_nusuario) VALUES (6189,@@@2013.07.25@@@,600,1,0,@@@b_SAEZ@@@)','',2,'2013-07-25'),(42903,'INSERT INTO gne_vale_ferreteria_mov (vfe_id,pro_codigo_plu,vfm_cantidad,vfm_unitario,vfm_total,vfm_entregado) VALUES (6189,780721221,2,300,600,@@@NO@@@)','',2,'2013-07-25'),(42904,'INSERT INTO gne_vale_ferreteria (vfe_id,vfe_fecha,vfe_total,vfe_estado,vfe_entregado,usu_nusuario) VALUES (6190,@@@2013.07.25@@@,290,1,0,@@@b_SAEZ@@@)','',2,'2013-07-25'),(42905,'INSERT INTO gne_vale_ferreteria_mov (vfe_id,pro_codigo_plu,vfm_cantidad,vfm_unitario,vfm_total,vfm_entregado) VALUES (6190,78017238,1,200,200,@@@NO@@@)','',2,'2013-07-25'),(42906,'INSERT INTO gne_vale_ferreteria_mov (vfe_id,pro_codigo_plu,vfm_cantidad,vfm_unitario,vfm_total,vfm_entregado) VALUES (6190,1544,3,30,90,@@@NO@@@)','',2,'2013-07-25'),(42907,'INSERT INTO gne_vale_ferreteria (vfe_id,vfe_fecha,vfe_total,vfe_estado,vfe_entregado,usu_nusuario) VALUES (6191,@@@2013.07.25@@@,300,1,0,@@@b_SAEZ@@@)','',2,'2013-07-25'),(42908,'INSERT INTO gne_vale_ferreteria_mov (vfe_id,pro_codigo_plu,vfm_cantidad,vfm_unitario,vfm_total,vfm_entregado) VALUES (6191,763851,3,100,300,@@@NO@@@)','',2,'2013-07-25'),(42909,'UPDATE mae_productos SET pro_precio_compra_bruto=1700,pro_margen_actual=(pro_precio_venta-1700)/1700 * 100,pro_ultima_compra=@@@2013.07.25@@@,pro_ultimo_proveedor=@@@14094193-K@@@ WHERE pro_codigo_plu=209','',2,'2013-07-25'),(42910,'UPDATE mae_productos SET pro_precio_compra_bruto=1600,pro_margen_actual=(pro_precio_venta-1600)/1600 * 100,pro_ultima_compra=@@@2013.07.25@@@,pro_ultimo_proveedor=@@@14094193-K@@@ WHERE pro_codigo_plu=306','',2,'2013-07-25'),(42911,'INSERT INTO gne_vale_ferreteria (vfe_id,vfe_fecha,vfe_total,vfe_estado,vfe_entregado,usu_nusuario) VALUES (6192,@@@2013.07.25@@@,200,1,0,@@@b_SAEZ@@@)','',2,'2013-07-25'),(42912,'INSERT INTO gne_vale_ferreteria_mov (vfe_id,pro_codigo_plu,vfm_cantidad,vfm_unitario,vfm_total,vfm_entregado) VALUES (6192,3104,1,200,200,@@@NO@@@)','',2,'2013-07-25'),(42913,'INSERT INTO mae_productos (pro_codigo_plu,pro_codigo_barra,pro_tipo,pro_nombre_producto,pro_nombre_corto,med_id,emb_id,pro_unidades_embalaje,dep_id,lin_id,mar_id,pro_precio_compra_neto,pro_precio_compra_bruto,pro_precio_venta,pro_margen_actual,pro_oferta,pro_fecha_inicio_oferta,pro_fecha_termino_oferta,pro_precio_oferta,pro_stock_minimo,pro_stock_critico,pro_entradas_bodega,pro_salidas_bodega,pro_mermas_bodega,pro_ajustes_bodega,pro_entradas_sv,pro_salidas_sv,pro_mermas_sv,pro_ajustes_sv,pro_activo,rec_numero,pro_unidad,pro_capacidad,pro_consumo_bodega,pro_consumo_sv,pro_estado,pro_funcion_plu,pro_flejes,pro_iva,pro_plu_asociado,pro_envase,pro_duracion,pro_numero_etiqueta) VALUES (780721422,@@@4897038070015@@@,@@@0@@@,@@@AMPOLLETA HYUNDAI 40 WATT CLARA@@@,@@@AMPOLLETA HYUNDA@@@,@@@1 @@@,@@@6 @@@,@@@100@@@,@@@24 @@@,@@@207@@@,@@@2520@@@,@@@0@@@,@@@158.38@@@,@@@1@@@,@@@-99.37@@@,@@@@@@,@@@2006.09.07@@@,@@@2006.09.07@@@,@@@0@@@,@@@20@@@,@@@5@@@,@@@0@@@,@@@0@@@,@@@0@@@,@@@0@@@,@@@0@@@,@@@0@@@,@@@0@@@,@@@0@@@,@@@1@@@,@@@0@@@,0,40,0,0,2,0,1,1,0,@@@NO@@@,0,0)','',2,'2013-07-25'),(42914,'DELETE FROM mae_impuestos_productos WHERE pro_codigo_plu=@@@780721422@@@','',2,'2013-07-25'),(42915,'INSERT INTO gne_vale_ferreteria (vfe_id,vfe_fecha,vfe_total,vfe_estado,vfe_entregado,usu_nusuario) VALUES (6193,@@@2013.07.25@@@,220,1,0,@@@b_SAEZ@@@)','',2,'2013-07-25'),(42916,'INSERT INTO gne_vale_ferreteria_mov (vfe_id,pro_codigo_plu,vfm_cantidad,vfm_unitario,vfm_total,vfm_entregado) VALUES (6193,1065,1,220,220,@@@NO@@@)','',2,'2013-07-25'),(42917,'INSERT INTO gne_vale_ferreteria (vfe_id,vfe_fecha,vfe_total,vfe_estado,vfe_entregado,usu_nusuario) VALUES (6194,@@@2013.07.25@@@,2590,1,0,@@@b_SAEZ@@@)','',2,'2013-07-25'),(42918,'INSERT INTO gne_vale_ferreteria_mov (vfe_id,pro_codigo_plu,vfm_cantidad,vfm_unitario,vfm_total,vfm_entregado) VALUES (6194,763760,1,2590,2590,@@@NO@@@)','',2,'2013-07-25'),(42919,'INSERT INTO com_ventas_grupo (vgr_fecha,vgr_grupo,vgr_cantidad,vgr_total) VALUES (@@@2013.07.24@@@,1,190.055,146151)','',2,'2013-07-25'),(42920,'INSERT INTO com_ventas_grupo (vgr_fecha,vgr_grupo,vgr_cantidad,vgr_total) VALUES (@@@2013.07.24@@@,2,176,83296)','',2,'2013-07-25'),(42921,'INSERT INTO com_ventas_grupo (vgr_fecha,vgr_grupo,vgr_cantidad,vgr_total) VALUES (@@@2013.07.24@@@,3,333,75994)','',2,'2013-07-25'),(42922,'INSERT INTO com_ventas_grupo (vgr_fecha,vgr_grupo,vgr_cantidad,vgr_total) VALUES (@@@2013.07.24@@@,4,78,67631)','',2,'2013-07-25'),(42923,'INSERT INTO com_ventas_grupo (vgr_fecha,vgr_grupo,vgr_cantidad,vgr_total) VALUES (@@@2013.07.24@@@,5,6,17018)','',2,'2013-07-25'),(42924,'INSERT INTO com_ventas_grupo (vgr_fecha,vgr_grupo,vgr_cantidad,vgr_total) VALUES (@@@2013.07.24@@@,6,13,25855)','',2,'2013-07-25'),(42925,'INSERT INTO com_ventas_grupo (vgr_fecha,vgr_grupo,vgr_cantidad,vgr_total) VALUES (@@@2013.07.24@@@,7,16,16650)','',2,'2013-07-25'),(42926,'INSERT INTO com_ventas_grupo (vgr_fecha,vgr_grupo,vgr_cantidad,vgr_total) VALUES (@@@2013.07.24@@@,8,17,12230)','',2,'2013-07-25'),(42927,'INSERT INTO com_ventas_grupo (vgr_fecha,vgr_grupo,vgr_cantidad,vgr_total) VALUES (@@@2013.07.24@@@,9,59.895,91561)','',2,'2013-07-25'),(42928,'INSERT INTO com_ventas_grupo (vgr_fecha,vgr_grupo,vgr_cantidad,vgr_total) VALUES (@@@2013.07.24@@@,10,51.905,112691)','',2,'2013-07-25'),(42929,'INSERT INTO com_ventas_grupo (vgr_fecha,vgr_grupo,vgr_cantidad,vgr_total) VALUES (@@@2013.07.24@@@,11,23.655,55881)','',2,'2013-07-25'),(42930,'INSERT INTO com_ventas_grupo (vgr_fecha,vgr_grupo,vgr_cantidad,vgr_total) VALUES (@@@2013.07.24@@@,12,52.19,76966)','',2,'2013-07-25'),(42931,'INSERT INTO com_ventas_grupo (vgr_fecha,vgr_grupo,vgr_cantidad,vgr_total) VALUES (@@@2013.07.24@@@,13,17.435,46627)','',2,'2013-07-25'),(42932,'INSERT INTO com_ventas_grupo (vgr_fecha,vgr_grupo,vgr_cantidad,vgr_total) VALUES (@@@2013.07.24@@@,14,89.0850000000001,80846)','',2,'2013-07-25'),(42933,'INSERT INTO com_ventas_grupo (vgr_fecha,vgr_grupo,vgr_cantidad,vgr_total) VALUES (@@@2013.07.24@@@,15,1,1990)','',2,'2013-07-25'),(42934,'INSERT INTO com_ventas_grupo (vgr_fecha,vgr_grupo,vgr_cantidad,vgr_total) VALUES (@@@2013.07.24@@@,16,2,300)','',2,'2013-07-25'),(42935,'INSERT INTO com_ventas_grupo (vgr_fecha,vgr_grupo,vgr_cantidad,vgr_total) VALUES (@@@2013.07.24@@@,18,186.425,93697)','',2,'2013-07-25'),(42936,'INSERT INTO com_ventas_grupo (vgr_fecha,vgr_grupo,vgr_cantidad,vgr_total) VALUES (@@@2013.07.24@@@,20,162,61460)','',2,'2013-07-25'),(42937,'INSERT INTO com_ventas_grupo (vgr_fecha,vgr_grupo,vgr_cantidad,vgr_total) VALUES (@@@2013.07.24@@@,21,29,43019)','',2,'2013-07-25'),(42938,'INSERT INTO com_ventas_grupo (vgr_fecha,vgr_grupo,vgr_cantidad,vgr_total) VALUES (@@@2013.07.24@@@,23,1,590)','',2,'2013-07-25'),(42939,'INSERT INTO com_ventas_grupo (vgr_fecha,vgr_grupo,vgr_cantidad,vgr_total) VALUES (@@@2013.07.24@@@,24,133,20910)','',2,'2013-07-25'),(42940,'INSERT INTO com_ventas_grupo (vgr_fecha,vgr_grupo,vgr_cantidad,vgr_total) VALUES (@@@2013.07.24@@@,25,90,127400)','',2,'2013-07-25'),(42941,'INSERT INTO com_ventas_grupo (vgr_fecha,vgr_grupo,vgr_cantidad,vgr_total) VALUES (@@@2013.07.24@@@,31,6,4260)','',2,'2013-07-25'),(42942,'INSERT INTO com_ventas_grupo (vgr_fecha,vgr_grupo,vgr_cantidad,vgr_total) VALUES (@@@2013.07.24@@@,32,340,106137)','',2,'2013-07-25'),(42943,'INSERT INTO com_ventas_grupo (vgr_fecha,vgr_grupo,vgr_cantidad,vgr_total) VALUES (@@@2013.07.24@@@,34,3,3600)','',2,'2013-07-25'),(42944,'INSERT INTO com_ventas_grupo (vgr_fecha,vgr_grupo,vgr_cantidad,vgr_total) VALUES (@@@2013.07.24@@@,35,9,7489)','',2,'2013-07-25'),(42945,'INSERT INTO com_ventas_grupo (vgr_fecha,vgr_grupo,vgr_cantidad,vgr_total) VALUES (@@@2013.07.24@@@,36,9,1400)','',2,'2013-07-25'),(42946,'INSERT INTO com_ventas_grupo (vgr_fecha,vgr_grupo,vgr_cantidad,vgr_total) VALUES (@@@2013.07.24@@@,37,4,3290)','',2,'2013-07-25'),(42947,'INSERT INTO com_ventas_grupo (vgr_fecha,vgr_grupo,vgr_cantidad,vgr_total) VALUES (@@@2013.07.24@@@,38,3,8570)','',2,'2013-07-25'),(42948,'INSERT INTO com_ventas_grupo (vgr_fecha,vgr_grupo,vgr_cantidad,vgr_total) VALUES (@@@2013.07.24@@@,39,4,6390)','',2,'2013-07-25'),(42949,'INSERT INTO com_ventas_grupo (vgr_fecha,vgr_grupo,vgr_cantidad,vgr_total) VALUES (@@@2013.07.24@@@,40,4890,4890)','',2,'2013-07-25'),(42950,'INSERT INTO com_ventas_grupo (vgr_fecha,vgr_grupo,vgr_cantidad,vgr_total) VALUES (@@@2013.07.24@@@,41,1,490)','',2,'2013-07-25'),(42951,'INSERT INTO com_ventas_grupo (vgr_fecha,vgr_grupo,vgr_cantidad,vgr_total) VALUES (@@@2013.07.24@@@,42,25.905,21357)','',2,'2013-07-25'),(42952,'UPDATE mae_datos_empresa SET emp_oferta=@@@NO@@@','',2,'2013-07-25'),(42953,'INSERT INTO gne_vale_ferreteria (vfe_id,vfe_fecha,vfe_total,vfe_estado,vfe_entregado,usu_nusuario) VALUES (6195,@@@2013.07.25@@@,690,1,0,@@@b_SAEZ@@@)','',2,'2013-07-25'),(42954,'INSERT INTO gne_vale_ferreteria_mov (vfe_id,pro_codigo_plu,vfm_cantidad,vfm_unitario,vfm_total,vfm_entregado) VALUES (6195,1050,1,690,690,@@@NO@@@)','',2,'2013-07-25'),(42955,'INSERT INTO gne_vale_ferreteria (vfe_id,vfe_fecha,vfe_total,vfe_estado,vfe_entregado,usu_nusuario) VALUES (6196,@@@2013.07.25@@@,720,1,0,@@@b_SAEZ@@@)','',2,'2013-07-25'),(42956,'INSERT INTO gne_vale_ferreteria_mov (vfe_id,pro_codigo_plu,vfm_cantidad,vfm_unitario,vfm_total,vfm_entregado) VALUES (6196,763933,1,720,720,@@@NO@@@)','',2,'2013-07-25'),(42957,'INSERT INTO mae_productos (pro_codigo_plu,pro_codigo_barra,pro_tipo,pro_nombre_producto,pro_nombre_corto,med_id,emb_id,pro_unidades_embalaje,dep_id,lin_id,mar_id,pro_precio_compra_neto,pro_precio_compra_bruto,pro_precio_venta,pro_margen_actual,pro_oferta,pro_fecha_inicio_oferta,pro_fecha_termino_oferta,pro_precio_oferta,pro_stock_minimo,pro_stock_critico,pro_entradas_bodega,pro_salidas_bodega,pro_mermas_bodega,pro_ajustes_bodega,pro_entradas_sv,pro_salidas_sv,pro_mermas_sv,pro_ajustes_sv,pro_activo,rec_numero,pro_unidad,pro_capacidad,pro_consumo_bodega,pro_consumo_sv,pro_estado,pro_funcion_plu,pro_flejes,pro_iva,pro_plu_asociado,pro_envase,pro_duracion,pro_numero_etiqueta) VALUES (780721423,@@@7802575061096@@@,@@@0@@@,@@@FIDEOS CARACOL ACONCAGUA 400 G@@@,@@@FIDEOS CARACOL A@@@,@@@5 @@@,@@@4 @@@,@@@30@@@,@@@1 @@@,@@@8@@@,@@@844@@@,@@@0@@@,@@@299@@@,@@@1@@@,@@@-99.67@@@,@@@@@@,@@@2006.09.07@@@,@@@2006.09.07@@@,@@@0@@@,@@@10@@@,@@@5@@@,@@@0@@@,@@@0@@@,@@@0@@@,@@@0@@@,@@@0@@@,@@@0@@@,@@@0@@@,@@@0@@@,@@@1@@@,@@@0@@@,0,400,0,0,2,0,1,1,0,@@@NO@@@,0,0)','',2,'2013-07-25'),(42958,'DELETE FROM mae_impuestos_productos WHERE pro_codigo_plu=@@@780721423@@@','',2,'2013-07-25'),(42959,'INSERT INTO mae_productos (pro_codigo_plu,pro_codigo_barra,pro_tipo,pro_nombre_producto,pro_nombre_corto,med_id,emb_id,pro_unidades_embalaje,dep_id,lin_id,mar_id,pro_precio_compra_neto,pro_precio_compra_bruto,pro_precio_venta,pro_margen_actual,pro_oferta,pro_fecha_inicio_oferta,pro_fecha_termino_oferta,pro_precio_oferta,pro_stock_minimo,pro_stock_critico,pro_entradas_bodega,pro_salidas_bodega,pro_mermas_bodega,pro_ajustes_bodega,pro_entradas_sv,pro_salidas_sv,pro_mermas_sv,pro_ajustes_sv,pro_activo,rec_numero,pro_unidad,pro_capacidad,pro_consumo_bodega,pro_consumo_sv,pro_estado,pro_funcion_plu,pro_flejes,pro_iva,pro_plu_asociado,pro_envase,pro_duracion,pro_numero_etiqueta) VALUES (780721424,@@@7802575300492@@@,@@@0@@@,@@@FIDEOS ESPIRALES ACONCAGUA 400G@@@,@@@FIDEOS ESPIRALES@@@,@@@5 @@@,@@@4 @@@,@@@30@@@,@@@1 @@@,@@@8@@@,@@@844@@@,@@@0@@@,@@@299@@@,@@@1@@@,@@@-99.67@@@,@@@@@@,@@@2006.09.07@@@,@@@2006.09.07@@@,@@@0@@@,@@@10@@@,@@@5@@@,@@@0@@@,@@@0@@@,@@@0@@@,@@@0@@@,@@@0@@@,@@@0@@@,@@@0@@@,@@@0@@@,@@@1@@@,@@@0@@@,0,400,0,0,2,0,1,1,0,@@@NO@@@,0,0)','',2,'2013-07-25'),(42960,'DELETE FROM mae_impuestos_productos WHERE pro_codigo_plu=@@@780721424@@@','',2,'2013-07-25'),(42961,'INSERT INTO mae_productos (pro_codigo_plu,pro_codigo_barra,pro_tipo,pro_nombre_producto,pro_nombre_corto,med_id,emb_id,pro_unidades_embalaje,dep_id,lin_id,mar_id,pro_precio_compra_neto,pro_precio_compra_bruto,pro_precio_venta,pro_margen_actual,pro_oferta,pro_fecha_inicio_oferta,pro_fecha_termino_oferta,pro_precio_oferta,pro_stock_minimo,pro_stock_critico,pro_entradas_bodega,pro_salidas_bodega,pro_mermas_bodega,pro_ajustes_bodega,pro_entradas_sv,pro_salidas_sv,pro_mermas_sv,pro_ajustes_sv,pro_activo,rec_numero,pro_unidad,pro_capacidad,pro_consumo_bodega,pro_consumo_sv,pro_estado,pro_funcion_plu,pro_flejes,pro_iva,pro_plu_asociado,pro_envase,pro_duracion,pro_numero_etiqueta) VALUES (780721425,@@@4891228530136@@@,@@@0@@@,@@@MAQUINA AFEITAR SCHICK 4 HOJAS@@@,@@@MAQUINA AFEITAR @@@,@@@1 @@@,@@@6 @@@,@@@72@@@,@@@21 @@@,@@@111@@@,@@@2026@@@,@@@0@@@,@@@554@@@,@@@850@@@,@@@53.43@@@,@@@@@@,@@@2006.09.07@@@,@@@2006.09.07@@@,@@@0@@@,@@@12@@@,@@@10@@@,@@@0@@@,@@@0@@@,@@@0@@@,@@@0@@@,@@@0@@@,@@@0@@@,@@@0@@@,@@@0@@@,@@@1@@@,@@@0@@@,0,1,0,0,2,0,1,1,0,@@@NO@@@,0,0)','',2,'2013-07-25'),(42962,'DELETE FROM mae_impuestos_productos WHERE pro_codigo_plu=@@@780721425@@@','',2,'2013-07-25'),(42963,'UPDATE mae_productos SET pro_codigo_barra=@@@7802810012470@@@,pro_tipo=@@@0@@@,pro_nombre_producto=@@@ACEITE LA REINA 1000 CC@@@,pro_nombre_corto=@@@ACEITE LA REINA@@@,med_id=@@@3@@@,emb_id=@@@6@@@,pro_unidades_embalaje=@@@12@@@,dep_id=@@@1 @@@,lin_id=@@@1@@@,mar_id=@@@1697@@@,pro_precio_compra_neto=@@@0@@@,pro_precio_compra_bruto=@@@0@@@,pro_precio_venta=@@@1@@@,pro_margen_actual=@@@0@@@,pro_oferta=@@@NO@@@,pro_fecha_inicio_oferta=@@@1900.01.01@@@,pro_fecha_termino_oferta=@@@1900.01.01@@@,pro_precio_oferta=@@@0@@@,pro_stock_minimo=@@@10@@@,pro_stock_critico=@@@5@@@,pro_activo=@@@1@@@,pro_unidad=@@@0@@@,pro_precio_compra_bruto=0,pro_margen_actual=0,pro_capacidad=1,pro_funcion_plu=0,pro_flejes=1,pro_iva=1,pro_plu_asociado=0,pro_envase=@@@NO@@@,pro_duracion=0,pro_numero_etiqueta=0 WHERE pro_codigo_plu=@@@10033@@@','',2,'2013-07-25'),(42964,'UPDATE mae_productos SET pro_estado=1 WHERE pro_codigo_plu=10033','',2,'2013-07-25'),(42965,'DELETE FROM mae_impuestos_productos WHERE pro_codigo_plu=@@@10033@@@','',2,'2013-07-25'),(42966,'INSERT INTO gne_vale_ferreteria (vfe_id,vfe_fecha,vfe_total,vfe_estado,vfe_entregado,usu_nusuario) VALUES (6197,@@@2013.07.25@@@,1790,1,0,@@@b_SAEZ@@@)','',2,'2013-07-25'),(42967,'INSERT INTO gne_vale_ferreteria_mov (vfe_id,pro_codigo_plu,vfm_cantidad,vfm_unitario,vfm_total,vfm_entregado) VALUES (6197,764569,1,1790,1790,@@@NO@@@)','',2,'2013-07-25'),(42968,'INSERT INTO gne_vale_ferreteria (vfe_id,vfe_fecha,vfe_total,vfe_estado,vfe_entregado,usu_nusuario) VALUES (6198,@@@2013.07.25@@@,2980,1,0,@@@b_SAEZ@@@)','',2,'2013-07-25'),(42969,'INSERT INTO gne_vale_ferreteria_mov (vfe_id,pro_codigo_plu,vfm_cantidad,vfm_unitario,vfm_total,vfm_entregado) VALUES (6198,764750,1,1990,1990,@@@NO@@@)','',2,'2013-07-25'),(42970,'INSERT INTO gne_vale_ferreteria_mov (vfe_id,pro_codigo_plu,vfm_cantidad,vfm_unitario,vfm_total,vfm_entregado) VALUES (6198,1576,1,990,990,@@@NO@@@)','',2,'2013-07-25'),(42971,'INSERT INTO gne_vale_ferreteria (vfe_id,vfe_fecha,vfe_total,vfe_estado,vfe_entregado,usu_nusuario) VALUES (6199,@@@2013.07.25@@@,600,1,0,@@@b_SAEZ@@@)','',2,'2013-07-25'),(42972,'INSERT INTO gne_vale_ferreteria_mov (vfe_id,pro_codigo_plu,vfm_cantidad,vfm_unitario,vfm_total,vfm_entregado) VALUES (6199,764412,5,120,600,@@@NO@@@)','',2,'2013-07-25'),(42973,'UPDATE mae_productos SET pro_precio_venta=300,pro_margen_actual=89.42, pro_precio_compra_bruto=158.38, pro_precio_compra_neto=133.09243697479 WHERE pro_codigo_plu=780721422','',2,'2013-07-25'),(42974,'UPDATE mae_productos SET pro_precio_venta=3990,pro_margen_actual=38.04, pro_precio_compra_bruto=2890.5, pro_precio_compra_neto=2428.99159663866 WHERE pro_codigo_plu=102356','',2,'2013-07-25'),(42975,'UPDATE mae_productos SET pro_precio_venta=999,pro_margen_actual=31.12, pro_precio_compra_bruto=761.9, pro_precio_compra_neto=640.252100840336 WHERE pro_codigo_plu=763317','',2,'2013-07-25'),(42976,'UPDATE mae_productos SET pro_precio_venta=799,pro_margen_actual=29.94, pro_precio_compra_bruto=614.9, pro_precio_compra_neto=516.72268907563 WHERE pro_codigo_plu=763348','',2,'2013-07-25'),(42977,'UPDATE mae_productos SET pro_precio_venta=799,pro_margen_actual=33.41, pro_precio_compra_bruto=598.9, pro_precio_compra_neto=503.27731092437 WHERE pro_codigo_plu=16662','',2,'2013-07-25'),(42978,'UPDATE mae_productos SET pro_precio_venta=799,pro_margen_actual=35.68, pro_precio_compra_bruto=588.9, pro_precio_compra_neto=494.873949579832 WHERE pro_codigo_plu=18598','',2,'2013-07-25'),(42979,'UPDATE mae_productos SET pro_precio_venta=390,pro_margen_actual=30.43, pro_precio_compra_bruto=299, pro_precio_compra_neto=251.260504201681 WHERE pro_codigo_plu=780721423','',2,'2013-07-25'),(42980,'UPDATE mae_productos SET pro_precio_venta=390,pro_margen_actual=30.43, pro_precio_compra_bruto=299, pro_precio_compra_neto=251.260504201681 WHERE pro_codigo_plu=780721424','',2,'2013-07-25'),(42981,'UPDATE mae_productos SET pro_precio_venta=1750,pro_margen_actual=31.7, pro_precio_compra_bruto=1328.8, pro_precio_compra_neto=1116.63865546218 WHERE pro_codigo_plu=10033','',2,'2013-07-25'),(42982,'UPDATE mae_productos SET pro_precio_compra_bruto=1488.6,pro_margen_actual=(pro_precio_venta-1488.6)/1488.6 * 100,pro_ultima_compra=@@@2013.07.25@@@,pro_ultimo_proveedor=@@@84348700-9@@@ WHERE pro_codigo_plu=101856','',2,'2013-07-25'),(42983,'UPDATE mae_productos SET pro_precio_compra_bruto=1495.8,pro_margen_actual=(pro_precio_venta-1495.8)/1495.8 * 100,pro_ultima_compra=@@@2013.07.25@@@,pro_ultimo_proveedor=@@@84348700-9@@@ WHERE pro_codigo_plu=102727','',2,'2013-07-25'),(42984,'UPDATE mae_productos SET pro_precio_compra_bruto=107.8,pro_margen_actual=(pro_precio_venta-107.8)/107.8 * 100,pro_ultima_compra=@@@2013.07.25@@@,pro_ultimo_proveedor=@@@84348700-9@@@ WHERE pro_codigo_plu=13791','',2,'2013-07-25'),(42985,'UPDATE mae_productos SET pro_precio_compra_bruto=158.38,pro_margen_actual=(pro_precio_venta-158.38)/158.38 * 100,pro_ultima_compra=@@@2013.07.25@@@,pro_ultimo_proveedor=@@@84348700-9@@@ WHERE pro_codigo_plu=780721422','',2,'2013-07-25'),(42986,'UPDATE mae_productos SET pro_precio_compra_bruto=1480.1,pro_margen_actual=(pro_precio_venta-1480.1)/1480.1 * 100,pro_ultima_compra=@@@2013.07.25@@@,pro_ultimo_proveedor=@@@84348700-9@@@ WHERE pro_codigo_plu=762012','',2,'2013-07-25'),(42987,'UPDATE mae_productos SET pro_precio_compra_bruto=2890.5,pro_margen_actual=(pro_precio_venta-2890.5)/2890.5 * 100,pro_ultima_compra=@@@2013.07.25@@@,pro_ultimo_proveedor=@@@84348700-9@@@ WHERE pro_codigo_plu=102356','',2,'2013-07-25'),(42988,'UPDATE mae_productos SET pro_precio_compra_bruto=761.9,pro_margen_actual=(pro_precio_venta-761.9)/761.9 * 100,pro_ultima_compra=@@@2013.07.25@@@,pro_ultimo_proveedor=@@@84348700-9@@@ WHERE pro_codigo_plu=763317','',2,'2013-07-25'),(42989,'UPDATE mae_productos SET pro_precio_compra_bruto=614.9,pro_margen_actual=(pro_precio_venta-614.9)/614.9 * 100,pro_ultima_compra=@@@2013.07.25@@@,pro_ultimo_proveedor=@@@84348700-9@@@ WHERE pro_codigo_plu=763348','',2,'2013-07-25'),(42990,'UPDATE mae_productos SET pro_precio_compra_bruto=359.7,pro_margen_actual=(pro_precio_venta-359.7)/359.7 * 100,pro_ultima_compra=@@@2013.07.25@@@,pro_ultimo_proveedor=@@@84348700-9@@@ WHERE pro_codigo_plu=14970','',2,'2013-07-25'),(42991,'UPDATE mae_productos SET pro_precio_compra_bruto=444.6,pro_margen_actual=(pro_precio_venta-444.6)/444.6 * 100,pro_ultima_compra=@@@2013.07.25@@@,pro_ultimo_proveedor=@@@84348700-9@@@ WHERE pro_codigo_plu=14974','',2,'2013-07-25'),(42992,'UPDATE mae_productos SET pro_precio_compra_bruto=598.9,pro_margen_actual=(pro_precio_venta-598.9)/598.9 * 100,pro_ultima_compra=@@@2013.07.25@@@,pro_ultimo_proveedor=@@@84348700-9@@@ WHERE pro_codigo_plu=16662','',2,'2013-07-25'),(42993,'UPDATE mae_productos SET pro_precio_compra_bruto=588.9,pro_margen_actual=(pro_precio_venta-588.9)/588.9 * 100,pro_ultima_compra=@@@2013.07.25@@@,pro_ultimo_proveedor=@@@84348700-9@@@ WHERE pro_codigo_plu=18598','',2,'2013-07-25'),(42994,'UPDATE mae_productos SET pro_precio_compra_bruto=158.5,pro_margen_actual=(pro_precio_venta-158.5)/158.5 * 100,pro_ultima_compra=@@@2013.07.25@@@,pro_ultimo_proveedor=@@@84348700-9@@@ WHERE pro_codigo_plu=14614','',2,'2013-07-25'),(42995,'UPDATE mae_productos SET pro_precio_compra_bruto=299,pro_margen_actual=(pro_precio_venta-299)/299 * 100,pro_ultima_compra=@@@2013.07.25@@@,pro_ultimo_proveedor=@@@84348700-9@@@ WHERE pro_codigo_plu=780721423','',2,'2013-07-25'),(42996,'UPDATE mae_productos SET pro_precio_compra_bruto=299,pro_margen_actual=(pro_precio_venta-299)/299 * 100,pro_ultima_compra=@@@2013.07.25@@@,pro_ultimo_proveedor=@@@84348700-9@@@ WHERE pro_codigo_plu=780721424','',2,'2013-07-25'),(42997,'UPDATE mae_productos SET pro_precio_compra_bruto=1328.8,pro_margen_actual=(pro_precio_venta-1328.8)/1328.8 * 100,pro_ultima_compra=@@@2013.07.25@@@,pro_ultimo_proveedor=@@@84348700-9@@@ WHERE pro_codigo_plu=10033','',2,'2013-07-25'),(42998,'INSERT INTO gne_vale_ferreteria (vfe_id,vfe_fecha,vfe_total,vfe_estado,vfe_entregado,usu_nusuario) VALUES (6200,@@@2013.07.25@@@,2990,1,0,@@@b_SAEZ@@@)','',2,'2013-07-25'),(42999,'INSERT INTO gne_vale_ferreteria_mov (vfe_id,pro_codigo_plu,vfm_cantidad,vfm_unitario,vfm_total,vfm_entregado) VALUES (6200,764511,1,2990,2990,@@@NO@@@)','',2,'2013-07-25'),(43000,'INSERT INTO gne_vale_ferreteria (vfe_id,vfe_fecha,vfe_total,vfe_estado,vfe_entregado,usu_nusuario) VALUES (6201,@@@2013.07.25@@@,240,1,0,@@@b_SAEZ@@@)','',2,'2013-07-25'),(43001,'INSERT INTO gne_vale_ferreteria_mov (vfe_id,pro_codigo_plu,vfm_cantidad,vfm_unitario,vfm_total,vfm_entregado) VALUES (6201,78017204,1,120,120,@@@NO@@@)','',2,'2013-07-25'),(43002,'INSERT INTO gne_vale_ferreteria_mov (vfe_id,pro_codigo_plu,vfm_cantidad,vfm_unitario,vfm_total,vfm_entregado) VALUES (6201,12085,1,120,120,@@@NO@@@)','',2,'2013-07-25'),(43003,'UPDATE mae_productos SET pro_precio_venta=390,pro_margen_actual=72.11, pro_precio_compra_bruto=226.6, pro_precio_compra_neto=190.420168067227 WHERE pro_codigo_plu=17461','',2,'2013-07-25'),(43004,'UPDATE mae_productos SET pro_precio_compra_bruto=508,pro_margen_actual=(pro_precio_venta-508)/508 * 100,pro_ultima_compra=@@@2013.07.25@@@,pro_ultimo_proveedor=@@@93281000-K@@@ WHERE pro_codigo_plu=17218','',2,'2013-07-25'),(43005,'UPDATE mae_productos SET pro_precio_compra_bruto=508,pro_margen_actual=(pro_precio_venta-508)/508 * 100,pro_ultima_compra=@@@2013.07.25@@@,pro_ultimo_proveedor=@@@93281000-K@@@ WHERE pro_codigo_plu=78017106','',2,'2013-07-25'),(43006,'UPDATE mae_productos SET pro_precio_compra_bruto=508,pro_margen_actual=(pro_precio_venta-508)/508 * 100,pro_ultima_compra=@@@2013.07.25@@@,pro_ultimo_proveedor=@@@93281000-K@@@ WHERE pro_codigo_plu=763374','',2,'2013-07-25'),(43007,'UPDATE mae_productos SET pro_precio_compra_bruto=508,pro_margen_actual=(pro_precio_venta-508)/508 * 100,pro_ultima_compra=@@@2013.07.25@@@,pro_ultimo_proveedor=@@@93281000-K@@@ WHERE pro_codigo_plu=78017107','',2,'2013-07-25'),(43008,'UPDATE mae_productos SET pro_precio_compra_bruto=601.6,pro_margen_actual=(pro_precio_venta-601.6)/601.6 * 100,pro_ultima_compra=@@@2013.07.25@@@,pro_ultimo_proveedor=@@@93281000-K@@@ WHERE pro_codigo_plu=18468','',2,'2013-07-25'),(43009,'UPDATE mae_productos SET pro_precio_compra_bruto=602,pro_margen_actual=(pro_precio_venta-602)/602 * 100,pro_ultima_compra=@@@2013.07.25@@@,pro_ultimo_proveedor=@@@93281000-K@@@ WHERE pro_codigo_plu=18466','',2,'2013-07-25'),(43010,'UPDATE mae_productos SET pro_precio_compra_bruto=602,pro_margen_actual=(pro_precio_venta-602)/602 * 100,pro_ultima_compra=@@@2013.07.25@@@,pro_ultimo_proveedor=@@@93281000-K@@@ WHERE pro_codigo_plu=18504','',2,'2013-07-25'),(43011,'UPDATE mae_productos SET pro_precio_compra_bruto=602,pro_margen_actual=(pro_precio_venta-602)/602 * 100,pro_ultima_compra=@@@2013.07.25@@@,pro_ultimo_proveedor=@@@93281000-K@@@ WHERE pro_codigo_plu=763373','',2,'2013-07-25'),(43012,'UPDATE mae_productos SET pro_precio_compra_bruto=602,pro_margen_actual=(pro_precio_venta-602)/602 * 100,pro_ultima_compra=@@@2013.07.25@@@,pro_ultimo_proveedor=@@@93281000-K@@@ WHERE pro_codigo_plu=763372','',2,'2013-07-25'),(43013,'UPDATE mae_productos SET pro_precio_compra_bruto=226.6,pro_margen_actual=(pro_precio_venta-226.6)/226.6 * 100,pro_ultima_compra=@@@2013.07.25@@@,pro_ultimo_proveedor=@@@93281000-K@@@ WHERE pro_codigo_plu=17462','',2,'2013-07-25'),(43014,'UPDATE mae_productos SET pro_precio_compra_bruto=226.6,pro_margen_actual=(pro_precio_venta-226.6)/226.6 * 100,pro_ultima_compra=@@@2013.07.25@@@,pro_ultimo_proveedor=@@@93281000-K@@@ WHERE pro_codigo_plu=17461','',2,'2013-07-25'),(43015,'UPDATE mae_productos SET pro_precio_compra_bruto=226.6,pro_margen_actual=(pro_precio_venta-226.6)/226.6 * 100,pro_ultima_compra=@@@2013.07.25@@@,pro_ultimo_proveedor=@@@93281000-K@@@ WHERE pro_codigo_plu=17456','',2,'2013-07-25'),(43016,'UPDATE mae_productos SET pro_precio_compra_bruto=452.6,pro_margen_actual=(pro_precio_venta-452.6)/452.6 * 100,pro_ultima_compra=@@@2013.07.25@@@,pro_ultimo_proveedor=@@@93281000-K@@@ WHERE pro_codigo_plu=763381','',2,'2013-07-25'),(43017,'UPDATE mae_productos SET pro_precio_compra_bruto=556.75,pro_margen_actual=(pro_precio_venta-556.75)/556.75 * 100,pro_ultima_compra=@@@2013.07.25@@@,pro_ultimo_proveedor=@@@93281000-K@@@ WHERE pro_codigo_plu=763361','',2,'2013-07-25'),(43018,'UPDATE mae_productos SET pro_precio_compra_bruto=556.75,pro_margen_actual=(pro_precio_venta-556.75)/556.75 * 100,pro_ultima_compra=@@@2013.07.25@@@,pro_ultimo_proveedor=@@@93281000-K@@@ WHERE pro_codigo_plu=12600','',2,'2013-07-25'),(43019,'UPDATE mae_productos SET pro_precio_compra_bruto=508,pro_margen_actual=(pro_precio_venta-508)/508 * 100,pro_ultima_compra=@@@2013.07.25@@@,pro_ultimo_proveedor=@@@93281000-K@@@ WHERE pro_codigo_plu=17315','',2,'2013-07-25'),(43020,'INSERT INTO gne_vale_ferreteria (vfe_id,vfe_fecha,vfe_total,vfe_estado,vfe_entregado,usu_nusuario) VALUES (6202,@@@2013.07.25@@@,590,1,0,@@@b_SAEZ@@@)','',2,'2013-07-25'),(43021,'INSERT INTO gne_vale_ferreteria_mov (vfe_id,pro_codigo_plu,vfm_cantidad,vfm_unitario,vfm_total,vfm_entregado) VALUES (6202,19865,1,590,590,@@@NO@@@)','',2,'2013-07-25'),(43022,'INSERT INTO gne_vale_ferreteria (vfe_id,vfe_fecha,vfe_total,vfe_estado,vfe_entregado,usu_nusuario) VALUES (6203,@@@2013.07.25@@@,200,1,0,@@@b_SAEZ@@@)','',2,'2013-07-25'),(43023,'INSERT INTO gne_vale_ferreteria_mov (vfe_id,pro_codigo_plu,vfm_cantidad,vfm_unitario,vfm_total,vfm_entregado) VALUES (6203,20141,2,100,200,@@@NO@@@)','',2,'2013-07-25'),(43024,'INSERT INTO gne_vale_ferreteria (vfe_id,vfe_fecha,vfe_total,vfe_estado,vfe_entregado,usu_nusuario) VALUES (6204,@@@2013.07.25@@@,290,1,0,@@@b_SAEZ@@@)','',2,'2013-07-25'),(43025,'INSERT INTO gne_vale_ferreteria_mov (vfe_id,pro_codigo_plu,vfm_cantidad,vfm_unitario,vfm_total,vfm_entregado) VALUES (6204,1056,1,290,290,@@@NO@@@)','',2,'2013-07-25'),(43026,'INSERT INTO gne_vale_ferreteria (vfe_id,vfe_fecha,vfe_total,vfe_estado,vfe_entregado,usu_nusuario) VALUES (6205,@@@2013.07.25@@@,1190,1,0,@@@b_SAEZ@@@)','',2,'2013-07-25'),(43027,'INSERT INTO gne_vale_ferreteria_mov (vfe_id,pro_codigo_plu,vfm_cantidad,vfm_unitario,vfm_total,vfm_entregado) VALUES (6205,764594,1,1190,1190,@@@NO@@@)','',2,'2013-07-25'),(43028,'INSERT INTO gne_vale_ferreteria (vfe_id,vfe_fecha,vfe_total,vfe_estado,vfe_entregado,usu_nusuario) VALUES (6206,@@@2013.07.25@@@,390,1,0,@@@b_SAEZ@@@)','',2,'2013-07-25'),(43029,'INSERT INTO gne_vale_ferreteria_mov (vfe_id,pro_codigo_plu,vfm_cantidad,vfm_unitario,vfm_total,vfm_entregado) VALUES (6206,765000,1,390,390,@@@NO@@@)','',2,'2013-07-25'),(43030,'UPDATE mae_productos SET pro_precio_fiscal=pro_precio_venta WHERE pro_codigo_plu=780721425','',2,'2013-07-25'),(43031,'UPDATE mae_productos SET pro_precio_fiscal=pro_precio_venta WHERE pro_codigo_plu=780721422','',2,'2013-07-25'),(43032,'UPDATE mae_productos SET pro_precio_fiscal=pro_precio_venta WHERE pro_codigo_plu=18598','',2,'2013-07-25'),(43033,'UPDATE mae_productos SET pro_precio_fiscal=pro_precio_venta WHERE pro_codigo_plu=16662','',2,'2013-07-25'),(43034,'UPDATE mae_productos SET pro_precio_fiscal=pro_precio_venta WHERE pro_codigo_plu=780721423','',2,'2013-07-25'),(43035,'UPDATE mae_productos SET pro_precio_fiscal=pro_precio_venta WHERE pro_codigo_plu=780721424','',2,'2013-07-25'),(43036,'UPDATE mae_productos SET pro_precio_fiscal=pro_precio_venta WHERE pro_codigo_plu=10033','',2,'2013-07-25'),(43037,'UPDATE mae_productos SET pro_precio_fiscal=pro_precio_venta WHERE pro_codigo_plu=17461','',2,'2013-07-25'),(43038,'UPDATE mae_productos SET pro_precio_fiscal=pro_precio_venta WHERE pro_codigo_plu=763348','',2,'2013-07-25'),(43039,'UPDATE mae_productos SET pro_precio_fiscal=pro_precio_venta WHERE pro_codigo_plu=763317','',2,'2013-07-25'),(43040,'UPDATE mae_productos SET pro_precio_fiscal=pro_precio_venta WHERE pro_codigo_plu=102356','',2,'2013-07-25'),(43041,'INSERT INTO gne_vale_ferreteria (vfe_id,vfe_fecha,vfe_total,vfe_estado,vfe_entregado,usu_nusuario) VALUES (6207,@@@2013.07.25@@@,4790,1,0,@@@b_SAEZ@@@)','',2,'2013-07-25'),(43042,'INSERT INTO gne_vale_ferreteria_mov (vfe_id,pro_codigo_plu,vfm_cantidad,vfm_unitario,vfm_total,vfm_entregado) VALUES (6207,780721108,1,4790,4790,@@@NO@@@)','',2,'2013-07-25'),(43043,'UPDATE mae_productos SET pro_margen_actual=48.16,pro_precio_venta=300 WHERE pro_codigo_plu=16088','',2,'2013-07-25'),(43044,'UPDATE mae_productos SET pro_precio_fiscal=pro_precio_venta WHERE pro_codigo_plu=16088','',2,'2013-07-25'),(43045,'INSERT INTO gpr_pack_virtual (pav_id,pav_nombre,pav_total_pack,pav_total_descuento,pav_desde,pav_hasta,pav_tipo,pav_precio,pav_lleva,pav_paga,pav_descuento,pav_porcentaje,pav_oferta_exclusiva,pav_agotar_stock,pav_stock,pav_costo,pav_margen) VALUES (50,@@@PACK YOGHURT CALAN VAINILLA, FRUTILLA,DAMASCO 8 X $999@@@,999,121,@@@2013-07-25@@@,@@@2013-08-31@@@,@@@PA@@@,140,8,7.127,0.873,1,@@@NO@@@,@@@SI@@@,200,821.387,21.62)','',2,'2013-07-25'),(43046,'INSERT INTO gpr_pack_virtual_mov (pav_id,pro_codigo_plu,pvm_precio,pvm_total,pvm_lleva,pvm_paga,pvm_descuento,pvm_porcentaje,pvm_total_normal,pvm_descuento_linea,pvm_costo,pvm_margen) VALUES (50,16901,140,0,1,1,0,0,140,15.125,102.34,21.62),(50,16897,140,0,1,1,0,0,140,15.125,102.34,21.62),(50,780721410,140,0,1,1,0,0,140,15.125,103.34,21.62)','',2,'2013-07-25'),(43047,'INSERT INTO gpr_pack_virtual_horario (pav_id,pvh_dia,pvh_hora_desde,pvh_hora_hasta) VALUES (50,99,@@@00:00@@@,@@@23:59@@@)','',2,'2013-07-25'),(43048,'UPDATE gpr_pack_virtual SET pav_nombre=@@@PACK YOGHURT NESTLE 10 X $ 1200@@@,pav_total_pack=1200,pav_total_descuento=300,pav_desde=@@@2013-07-08@@@,pav_hasta=@@@2013-08-15@@@,pav_tipo=@@@PR@@@,pav_precio=0,pav_lleva=0,pav_paga=0,pav_descuento=0,pav_porcentaje=0,pav_oferta_exclusiva=@@@NO@@@,pav_agotar_stock=@@@SI@@@,pav_stock=50,pav_costo=1100,pav_margen=9.09 WHERE pav_id=20','',2,'2013-07-25'),(43049,'DELETE FROM gpr_pack_virtual_mov WHERE pav_id=20','',2,'2013-07-25'),(43050,'DELETE FROM gpr_pack_virtual_horario WHERE pav_id=20','',2,'2013-07-25'),(43051,'INSERT INTO gpr_pack_virtual_mov (pav_id,pro_codigo_plu,pvm_precio,pvm_total,pvm_lleva,pvm_paga,pvm_descuento,pvm_porcentaje,pvm_total_normal,pvm_descuento_linea,pvm_costo,pvm_margen) VALUES (20,16605,150,750,6,5,1,0,900,150,110,13.64),(20,16588,150,450,4,3,1,0,600,150,110,2.27)','',2,'2013-07-25'),(43052,'INSERT INTO gpr_pack_virtual_horario (pav_id,pvh_dia,pvh_hora_desde,pvh_hora_hasta) VALUES (20,99,@@@00:00@@@,@@@23:59@@@)','',2,'2013-07-25'),(43053,'UPDATE gpr_pack_virtual SET pav_nombre=@@@PACK YOGHURT NESTLE 10 X $ 1200@@@,pav_total_pack=1200,pav_total_descuento=300,pav_desde=@@@2013-07-08@@@,pav_hasta=@@@2013-08-11@@@,pav_tipo=@@@PR@@@,pav_precio=0,pav_lleva=0,pav_paga=0,pav_descuento=0,pav_porcentaje=0,pav_oferta_exclusiva=@@@NO@@@,pav_agotar_stock=@@@SI@@@,pav_stock=200,pav_costo=1100,pav_margen=9.09 WHERE pav_id=21','',2,'2013-07-25'),(43054,'DELETE FROM gpr_pack_virtual_mov WHERE pav_id=21','',2,'2013-07-25'),(43055,'DELETE FROM gpr_pack_virtual_horario WHERE pav_id=21','',2,'2013-07-25'),(43056,'INSERT INTO gpr_pack_virtual_mov (pav_id,pro_codigo_plu,pvm_precio,pvm_total,pvm_lleva,pvm_paga,pvm_descuento,pvm_porcentaje,pvm_total_normal,pvm_descuento_linea,pvm_costo,pvm_margen) VALUES (21,16605,150,750,6,5,1,0,900,150,110,13.64),(21,16606,150,450,4,3,1,0,600,150,110,2.27)','',2,'2013-07-25'),(43057,'INSERT INTO gpr_pack_virtual_horario (pav_id,pvh_dia,pvh_hora_desde,pvh_hora_hasta) VALUES (21,99,@@@00:00@@@,@@@23:59@@@)','',2,'2013-07-25'),(43058,'UPDATE gpr_pack_virtual SET pav_nombre=@@@YOGURTH NESTLE FRUTILLA+ VAINILLA+DAMASCO+PIÑ@@@,pav_total_pack=999,pav_total_descuento=201,pav_desde=@@@2013-07-09@@@,pav_hasta=@@@2013-08-31@@@,pav_tipo=@@@PA@@@,pav_precio=150,pav_lleva=8,pav_paga=6.65,pav_descuento=1.35,pav_porcentaje=1,pav_oferta_exclusiva=@@@NO@@@,pav_agotar_stock=@@@SI@@@,pav_stock=100,pav_costo=795.84,pav_margen=25.53 WHERE pav_id=25','',2,'2013-07-25'),(43059,'DELETE FROM gpr_pack_virtual_mov WHERE pav_id=25','',2,'2013-07-25'),(43060,'DELETE FROM gpr_pack_virtual_horario WHERE pav_id=25','',2,'2013-07-25'),(43061,'INSERT INTO gpr_pack_virtual_mov (pav_id,pro_codigo_plu,pvm_precio,pvm_total,pvm_lleva,pvm_paga,pvm_descuento,pvm_porcentaje,pvm_total_normal,pvm_descuento_linea,pvm_costo,pvm_margen) VALUES (25,16593,150,0,1,1,0,0,150,25.125,99.48,25.53),(25,16606,150,0,1,1,0,0,150,25.125,99.48,25.53),(25,16588,150,0,1,1,0,0,150,25.125,99.48,25.53),(25,16605,150,0,1,1,0,0,150,25.125,99.48,25.53)','',2,'2013-07-25'),(43062,'INSERT INTO gpr_pack_virtual_horario (pav_id,pvh_dia,pvh_hora_desde,pvh_hora_hasta) VALUES (25,99,@@@00:00@@@,@@@23:59@@@)','',2,'2013-07-25'),(43063,'UPDATE mae_productos SET pro_precio_venta=990,pro_margen_actual=27.01, pro_precio_compra_bruto=779.45, pro_precio_compra_neto=655 WHERE pro_codigo_plu=19783','',2,'2013-07-25'),(43064,'UPDATE mae_productos SET pro_precio_compra_bruto=779.45,pro_margen_actual=(pro_precio_venta-779.45)/779.45 * 100,pro_ultima_compra=@@@2013.07.25@@@,pro_ultimo_proveedor=@@@90703000-8@@@ WHERE pro_codigo_plu=780721173','',2,'2013-07-25'),(43065,'UPDATE mae_productos SET pro_precio_compra_bruto=1417.2,pro_margen_actual=(pro_precio_venta-1417.2)/1417.2 * 100,pro_ultima_compra=@@@2013.07.25@@@,pro_ultimo_proveedor=@@@90703000-8@@@ WHERE pro_codigo_plu=19384','',2,'2013-07-25'),(43066,'UPDATE mae_productos SET pro_precio_compra_bruto=1417.2,pro_margen_actual=(pro_precio_venta-1417.2)/1417.2 * 100,pro_ultima_compra=@@@2013.07.25@@@,pro_ultimo_proveedor=@@@90703000-8@@@ WHERE pro_codigo_plu=19390','',2,'2013-07-25'),(43067,'UPDATE mae_productos SET pro_precio_compra_bruto=1417.2,pro_margen_actual=(pro_precio_venta-1417.2)/1417.2 * 100,pro_ultima_compra=@@@2013.07.25@@@,pro_ultimo_proveedor=@@@90703000-8@@@ WHERE pro_codigo_plu=19391','',2,'2013-07-25'),(43068,'UPDATE mae_productos SET pro_precio_compra_bruto=779.45,pro_margen_actual=(pro_precio_venta-779.45)/779.45 * 100,pro_ultima_compra=@@@2013.07.25@@@,pro_ultimo_proveedor=@@@90703000-8@@@ WHERE pro_codigo_plu=19783','',2,'2013-07-25'),(43069,'UPDATE mae_productos SET pro_precio_compra_bruto=354.62,pro_margen_actual=(pro_precio_venta-354.62)/354.62 * 100,pro_ultima_compra=@@@2013.07.25@@@,pro_ultimo_proveedor=@@@90703000-8@@@ WHERE pro_codigo_plu=763926','',2,'2013-07-25'),(43070,'UPDATE mae_productos SET pro_precio_compra_bruto=77.35,pro_margen_actual=(pro_precio_venta-77.35)/77.35 * 100,pro_ultima_compra=@@@2013.07.25@@@,pro_ultimo_proveedor=@@@90703000-8@@@ WHERE pro_codigo_plu=763931','',2,'2013-07-25'),(43071,'UPDATE mae_productos SET pro_precio_compra_bruto=1274.49,pro_margen_actual=(pro_precio_venta-1274.49)/1274.49 * 100,pro_ultima_compra=@@@2013.07.25@@@,pro_ultimo_proveedor=@@@90703000-8@@@ WHERE pro_codigo_plu=15065','',2,'2013-07-25'),(43072,'UPDATE mae_productos SET pro_precio_compra_bruto=235.62,pro_margen_actual=(pro_precio_venta-235.62)/235.62 * 100,pro_ultima_compra=@@@2013.07.25@@@,pro_ultimo_proveedor=@@@90703000-8@@@ WHERE pro_codigo_plu=763936','',2,'2013-07-25'),(43073,'UPDATE mae_productos SET pro_precio_compra_bruto=2391.9,pro_margen_actual=(pro_precio_venta-2391.9)/2391.9 * 100,pro_ultima_compra=@@@2013.07.25@@@,pro_ultimo_proveedor=@@@90703000-8@@@ WHERE pro_codigo_plu=763557','',2,'2013-07-25'),(43074,'UPDATE mae_productos SET pro_precio_compra_bruto=393.89,pro_margen_actual=(pro_precio_venta-393.89)/393.89 * 100,pro_ultima_compra=@@@2013.07.25@@@,pro_ultimo_proveedor=@@@90703000-8@@@ WHERE pro_codigo_plu=763925','',2,'2013-07-25'),(43075,'UPDATE mae_productos SET pro_precio_compra_bruto=2391.9,pro_margen_actual=(pro_precio_venta-2391.9)/2391.9 * 100,pro_ultima_compra=@@@2013.07.25@@@,pro_ultimo_proveedor=@@@90703000-8@@@ WHERE pro_codigo_plu=763568','',2,'2013-07-25'),(43076,'INSERT INTO gne_vale_ferreteria (vfe_id,vfe_fecha,vfe_total,vfe_estado,vfe_entregado,usu_nusuario) VALUES (6208,@@@2013.07.25@@@,300,1,0,@@@b_SAEZ@@@)','',2,'2013-07-25'),(43077,'INSERT INTO gne_vale_ferreteria_mov (vfe_id,pro_codigo_plu,vfm_cantidad,vfm_unitario,vfm_total,vfm_entregado) VALUES (6208,4130,3,100,300,@@@NO@@@)','',2,'2013-07-25'),(43078,'INSERT INTO gne_vale_ferreteria (vfe_id,vfe_fecha,vfe_total,vfe_estado,vfe_entregado,usu_nusuario) VALUES (6209,@@@2013.07.25@@@,500,1,0,@@@b_SAEZ@@@)','',2,'2013-07-25'),(43079,'INSERT INTO gne_vale_ferreteria_mov (vfe_id,pro_codigo_plu,vfm_cantidad,vfm_unitario,vfm_total,vfm_entregado) VALUES (6209,4096,2,250,500,@@@NO@@@)','',2,'2013-07-25'),(43080,'INSERT INTO gne_vale_ferreteria (vfe_id,vfe_fecha,vfe_total,vfe_estado,vfe_entregado,usu_nusuario) VALUES (6210,@@@2013.07.25@@@,990,1,0,@@@b_SAEZ@@@)','',2,'2013-07-25'),(43081,'INSERT INTO gne_vale_ferreteria_mov (vfe_id,pro_codigo_plu,vfm_cantidad,vfm_unitario,vfm_total,vfm_entregado) VALUES (6210,2008,1,990,990,@@@NO@@@)','',2,'2013-07-25'),(43082,'INSERT INTO gne_vale_ferreteria (vfe_id,vfe_fecha,vfe_total,vfe_estado,vfe_entregado,usu_nusuario) VALUES (6211,@@@2013.07.25@@@,1080,1,0,@@@b_SAEZ@@@)','',2,'2013-07-25'),(43083,'INSERT INTO gne_vale_ferreteria_mov (vfe_id,pro_codigo_plu,vfm_cantidad,vfm_unitario,vfm_total,vfm_entregado) VALUES (6211,780721352,3,200,600,@@@NO@@@)','',2,'2013-07-25'),(43084,'INSERT INTO gne_vale_ferreteria_mov (vfe_id,pro_codigo_plu,vfm_cantidad,vfm_unitario,vfm_total,vfm_entregado) VALUES (6211,770001,6,80,480,@@@NO@@@)','',2,'2013-07-25'),(43085,'INSERT INTO gne_vale_ferreteria (vfe_id,vfe_fecha,vfe_total,vfe_estado,vfe_entregado,usu_nusuario) VALUES (6212,@@@2013.07.26@@@,720,1,0,@@@m_martinez@@@)','',2,'2013-07-26'),(43086,'INSERT INTO gne_vale_ferreteria_mov (vfe_id,pro_codigo_plu,vfm_cantidad,vfm_unitario,vfm_total,vfm_entregado) VALUES (6212,762250,1,720,720,@@@NO@@@)','',2,'2013-07-26'),(43087,'INSERT INTO gne_vale_ferreteria (vfe_id,vfe_fecha,vfe_total,vfe_estado,vfe_entregado,usu_nusuario) VALUES (6213,@@@2013.07.26@@@,490,1,0,@@@m_martinez@@@)','',2,'2013-07-26'),(43088,'INSERT INTO gne_vale_ferreteria_mov (vfe_id,pro_codigo_plu,vfm_cantidad,vfm_unitario,vfm_total,vfm_entregado) VALUES (6213,78017154,2,120,240,@@@NO@@@)','',2,'2013-07-26'),(43089,'INSERT INTO gne_vale_ferreteria_mov (vfe_id,pro_codigo_plu,vfm_cantidad,vfm_unitario,vfm_total,vfm_entregado) VALUES (6213,4091,1,250,250,@@@NO@@@)','',2,'2013-07-26'),(43090,'INSERT INTO gne_vale_ferreteria (vfe_id,vfe_fecha,vfe_total,vfe_estado,vfe_entregado,usu_nusuario) VALUES (6214,@@@2013.07.26@@@,790,1,0,@@@m_martinez@@@)','',2,'2013-07-26'),(43091,'INSERT INTO gne_vale_ferreteria_mov (vfe_id,pro_codigo_plu,vfm_cantidad,vfm_unitario,vfm_total,vfm_entregado) VALUES (6214,770028,1,790,790,@@@NO@@@)','',2,'2013-07-26'),(43092,'INSERT INTO gne_vale_ferreteria (vfe_id,vfe_fecha,vfe_total,vfe_estado,vfe_entregado,usu_nusuario) VALUES (6215,@@@2013.07.26@@@,80,1,0,@@@m_martinez@@@)','',2,'2013-07-26'),(43093,'INSERT INTO gne_vale_ferreteria_mov (vfe_id,pro_codigo_plu,vfm_cantidad,vfm_unitario,vfm_total,vfm_entregado) VALUES (6215,78017191,2,40,80,@@@NO@@@)','',2,'2013-07-26'),(43094,'INSERT INTO mae_productos (pro_codigo_plu,pro_codigo_barra,pro_tipo,pro_nombre_producto,pro_nombre_corto,med_id,emb_id,pro_unidades_embalaje,dep_id,lin_id,mar_id,pro_precio_compra_neto,pro_precio_compra_bruto,pro_precio_venta,pro_margen_actual,pro_oferta,pro_fecha_inicio_oferta,pro_fecha_termino_oferta,pro_precio_oferta,pro_stock_minimo,pro_stock_critico,pro_entradas_bodega,pro_salidas_bodega,pro_mermas_bodega,pro_ajustes_bodega,pro_entradas_sv,pro_salidas_sv,pro_mermas_sv,pro_ajustes_sv,pro_activo,rec_numero,pro_unidad,pro_capacidad,pro_consumo_bodega,pro_consumo_sv,pro_estado,pro_funcion_plu,pro_flejes,pro_iva,pro_plu_asociado,pro_envase,pro_duracion,pro_numero_etiqueta) VALUES (780721426,@@@7806130200494@@@,@@@0@@@,@@@GASA HIDROFILA ESTERILIZADA REUTTER@@@,@@@GASA HIDROFILA E@@@,@@@8 @@@,@@@4 @@@,@@@5@@@,@@@24 @@@,@@@207@@@,@@@2210@@@,@@@0@@@,@@@2250@@@,@@@1@@@,@@@-99.96@@@,@@@@@@,@@@2006.09.07@@@,@@@2006.09.07@@@,@@@0@@@,@@@5@@@,@@@1@@@,@@@0@@@,@@@0@@@,@@@0@@@,@@@0@@@,@@@0@@@,@@@0@@@,@@@0@@@,@@@0@@@,@@@1@@@,@@@0@@@,0,23,0,0,2,0,1,1,0,@@@NO@@@,0,0)','',2,'2013-07-26'),(43095,'DELETE FROM mae_impuestos_productos WHERE pro_codigo_plu=@@@780721426@@@','',2,'2013-07-26'),(43096,'INSERT INTO mae_productos (pro_codigo_plu,pro_codigo_barra,pro_tipo,pro_nombre_producto,pro_nombre_corto,med_id,emb_id,pro_unidades_embalaje,dep_id,lin_id,mar_id,pro_precio_compra_neto,pro_precio_compra_bruto,pro_precio_venta,pro_margen_actual,pro_oferta,pro_fecha_inicio_oferta,pro_fecha_termino_oferta,pro_precio_oferta,pro_stock_minimo,pro_stock_critico,pro_entradas_bodega,pro_salidas_bodega,pro_mermas_bodega,pro_ajustes_bodega,pro_entradas_sv,pro_salidas_sv,pro_mermas_sv,pro_ajustes_sv,pro_activo,rec_numero,pro_unidad,pro_capacidad,pro_consumo_bodega,pro_consumo_sv,pro_estado,pro_funcion_plu,pro_flejes,pro_iva,pro_plu_asociado,pro_envase,pro_duracion,pro_numero_etiqueta) VALUES (780721427,@@@7806130201309@@@,@@@0@@@,@@@MASCARILLA CON ELASTICOS CRANBERRY@@@,@@@MASCARILLA CON E@@@,@@@1 @@@,@@@6 @@@,@@@1@@@,@@@24 @@@,@@@207@@@,@@@2680@@@,@@@0@@@,@@@1420@@@,@@@1@@@,@@@-99.93@@@,@@@@@@,@@@2006.09.07@@@,@@@2006.09.07@@@,@@@0@@@,@@@30@@@,@@@10@@@,@@@0@@@,@@@0@@@,@@@0@@@,@@@0@@@,@@@0@@@,@@@0@@@,@@@0@@@,@@@0@@@,@@@1@@@,@@@0@@@,0,50,0,0,2,0,1,1,0,@@@NO@@@,0,0)','',2,'2013-07-26'),(43097,'DELETE FROM mae_impuestos_productos WHERE pro_codigo_plu=@@@780721427@@@','',2,'2013-07-26'),(43098,'INSERT INTO gne_vale_ferreteria (vfe_id,vfe_fecha,vfe_total,vfe_estado,vfe_entregado,usu_nusuario) VALUES (6216,@@@2013.07.26@@@,150,1,0,@@@m_martinez@@@)','',2,'2013-07-26'),(43099,'INSERT INTO gne_vale_ferreteria_mov (vfe_id,pro_codigo_plu,vfm_cantidad,vfm_unitario,vfm_total,vfm_entregado) VALUES (6216,78017012,1,150,150,@@@NO@@@)','',2,'2013-07-26'),(43100,'INSERT INTO mae_productos (pro_codigo_plu,pro_codigo_barra,pro_tipo,pro_nombre_producto,pro_nombre_corto,med_id,emb_id,pro_unidades_embalaje,dep_id,lin_id,mar_id,pro_precio_compra_neto,pro_precio_compra_bruto,pro_precio_venta,pro_margen_actual,pro_oferta,pro_fecha_inicio_oferta,pro_fecha_termino_oferta,pro_precio_oferta,pro_stock_minimo,pro_stock_critico,pro_entradas_bodega,pro_salidas_bodega,pro_mermas_bodega,pro_ajustes_bodega,pro_entradas_sv,pro_salidas_sv,pro_mermas_sv,pro_ajustes_sv,pro_activo,rec_numero,pro_unidad,pro_capacidad,pro_consumo_bodega,pro_consumo_sv,pro_estado,pro_funcion_plu,pro_flejes,pro_iva,pro_plu_asociado,pro_envase,pro_duracion,pro_numero_etiqueta) VALUES (780721428,@@@7805810185168@@@,@@@0@@@,@@@PANTY PRET A PORTE GRAFITO 4  CAFFARENA 1112@@@,@@@PANTY PRET A POR@@@,@@@1 @@@,@@@6 @@@,@@@10@@@,@@@24 @@@,@@@207@@@,@@@225@@@,@@@0@@@,@@@490@@@,@@@1@@@,@@@-99.8@@@,@@@@@@,@@@2006.09.07@@@,@@@2006.09.07@@@,@@@0@@@,@@@10@@@,@@@4@@@,@@@0@@@,@@@0@@@,@@@0@@@,@@@0@@@,@@@0@@@,@@@0@@@,@@@0@@@,@@@0@@@,@@@1@@@,@@@0@@@,0,1,0,0,2,0,1,1,0,@@@NO@@@,0,0)','',2,'2013-07-26'),(43101,'DELETE FROM mae_impuestos_productos WHERE pro_codigo_plu=@@@780721428@@@','',2,'2013-07-26'),(43102,'UPDATE mae_productos SET pro_margen_actual=-99.96,pro_precio_venta=1 WHERE pro_codigo_plu=780721426','',2,'2013-07-26'),(43103,'UPDATE mae_productos SET pro_margen_actual=-99.93,pro_precio_venta=1 WHERE pro_codigo_plu=780721427','',2,'2013-07-26'),(43104,'UPDATE mae_productos SET pro_margen_actual=-99.8,pro_precio_venta=1 WHERE pro_codigo_plu=780721428','',2,'2013-07-26'),(43105,'INSERT INTO mae_productos (pro_codigo_plu,pro_codigo_barra,pro_tipo,pro_nombre_producto,pro_nombre_corto,med_id,emb_id,pro_unidades_embalaje,dep_id,lin_id,mar_id,pro_precio_compra_neto,pro_precio_compra_bruto,pro_precio_venta,pro_margen_actual,pro_oferta,pro_fecha_inicio_oferta,pro_fecha_termino_oferta,pro_precio_oferta,pro_stock_minimo,pro_stock_critico,pro_entradas_bodega,pro_salidas_bodega,pro_mermas_bodega,pro_ajustes_bodega,pro_entradas_sv,pro_salidas_sv,pro_mermas_sv,pro_ajustes_sv,pro_activo,rec_numero,pro_unidad,pro_capacidad,pro_consumo_bodega,pro_consumo_sv,pro_estado,pro_funcion_plu,pro_flejes,pro_iva,pro_plu_asociado,pro_envase,pro_duracion,pro_numero_etiqueta) VALUES (780721429,@@@6915784218982@@@,@@@0@@@,@@@CEPILO DE PELO@@@,@@@CEPILO DE PELO@@@,@@@1 @@@,@@@3 @@@,@@@0@@@,@@@24 @@@,@@@207@@@,@@@2507@@@,@@@0@@@,@@@0@@@,@@@890@@@,@@@0@@@,@@@@@@,@@@2013.07.26@@@,@@@2013.07.26@@@,@@@0@@@,@@@0@@@,@@@0@@@,@@@0@@@,@@@0@@@,@@@0@@@,@@@0@@@,@@@0@@@,@@@0@@@,@@@0@@@,@@@0@@@,@@@1@@@,@@@0@@@,0,1,0,0,2,0,1,1,0,@@@NO@@@,0,0)','',2,'2013-07-26'),(43106,'DELETE FROM mae_impuestos_productos WHERE pro_codigo_plu=@@@780721429@@@','',2,'2013-07-26'),(43107,'UPDATE mae_productos SET pro_precio_fiscal=pro_precio_venta WHERE pro_codigo_plu=780721429','',2,'2013-07-26'),(43108,'INSERT INTO gne_vale_ferreteria (vfe_id,vfe_fecha,vfe_total,vfe_estado,vfe_entregado,usu_nusuario) VALUES (6217,@@@2013.07.26@@@,890,1,0,@@@S_BIZAMA@@@)','',2,'2013-07-26'),(43109,'INSERT INTO gne_vale_ferreteria_mov (vfe_id,pro_codigo_plu,vfm_cantidad,vfm_unitario,vfm_total,vfm_entregado) VALUES (6217,780721429,1,890,890,@@@NO@@@)','',2,'2013-07-26'),(43110,'INSERT INTO gne_vale_ferreteria (vfe_id,vfe_fecha,vfe_total,vfe_estado,vfe_entregado,usu_nusuario) VALUES (6218,@@@2013.07.26@@@,990,1,0,@@@S_BIZAMA@@@)','',2,'2013-07-26'),(43111,'INSERT INTO gne_vale_ferreteria_mov (vfe_id,pro_codigo_plu,vfm_cantidad,vfm_unitario,vfm_total,vfm_entregado) VALUES (6218,780220140,1,990,990,@@@NO@@@)','',2,'2013-07-26'),(43112,'INSERT INTO gne_vale_ferreteria (vfe_id,vfe_fecha,vfe_total,vfe_estado,vfe_entregado,usu_nusuario) VALUES (6219,@@@2013.07.26@@@,2880,1,0,@@@S_BIZAMA@@@)','',2,'2013-07-26'),(43113,'INSERT INTO gne_vale_ferreteria_mov (vfe_id,pro_codigo_plu,vfm_cantidad,vfm_unitario,vfm_total,vfm_entregado) VALUES (6219,764564,1,1490,1490,@@@NO@@@)','',2,'2013-07-26'),(43114,'INSERT INTO gne_vale_ferreteria_mov (vfe_id,pro_codigo_plu,vfm_cantidad,vfm_unitario,vfm_total,vfm_entregado) VALUES (6219,101103,1,1390,1390,@@@NO@@@)','',2,'2013-07-26'),(43115,'INSERT INTO gne_vale_ferreteria (vfe_id,vfe_fecha,vfe_total,vfe_estado,vfe_entregado,usu_nusuario) VALUES (6220,@@@2013.07.26@@@,1040,1,0,@@@S_BIZAMA@@@)','',2,'2013-07-26'),(43116,'INSERT INTO gne_vale_ferreteria_mov (vfe_id,pro_codigo_plu,vfm_cantidad,vfm_unitario,vfm_total,vfm_entregado) VALUES (6220,763767,1,690,690,@@@NO@@@)','',2,'2013-07-26'),(43117,'INSERT INTO gne_vale_ferreteria_mov (vfe_id,pro_codigo_plu,vfm_cantidad,vfm_unitario,vfm_total,vfm_entregado) VALUES (6220,763723,1,350,350,@@@NO@@@)','',2,'2013-07-26'),(43118,'INSERT INTO gne_vale_ferreteria (vfe_id,vfe_fecha,vfe_total,vfe_estado,vfe_entregado,usu_nusuario) VALUES (6221,@@@2013.07.26@@@,300,1,0,@@@S_BIZAMA@@@)','',2,'2013-07-26'),(43119,'INSERT INTO gne_vale_ferreteria_mov (vfe_id,pro_codigo_plu,vfm_cantidad,vfm_unitario,vfm_total,vfm_entregado) VALUES (6221,780721222,1,300,300,@@@NO@@@)','',2,'2013-07-26'),(43120,'INSERT INTO gne_vale_ferreteria (vfe_id,vfe_fecha,vfe_total,vfe_estado,vfe_entregado,usu_nusuario) VALUES (6222,@@@2013.07.26@@@,40,1,0,@@@S_BIZAMA@@@)','',2,'2013-07-26'),(43121,'INSERT INTO gne_vale_ferreteria_mov (vfe_id,pro_codigo_plu,vfm_cantidad,vfm_unitario,vfm_total,vfm_entregado) VALUES (6222,78017191,1,40,40,@@@NO@@@)','',2,'2013-07-26'),(43122,'INSERT INTO mae_productos (pro_codigo_plu,pro_codigo_barra,pro_tipo,pro_nombre_producto,pro_nombre_corto,med_id,emb_id,pro_unidades_embalaje,dep_id,lin_id,mar_id,pro_precio_compra_neto,pro_precio_compra_bruto,pro_precio_venta,pro_margen_actual,pro_oferta,pro_fecha_inicio_oferta,pro_fecha_termino_oferta,pro_precio_oferta,pro_stock_minimo,pro_stock_critico,pro_entradas_bodega,pro_salidas_bodega,pro_mermas_bodega,pro_ajustes_bodega,pro_entradas_sv,pro_salidas_sv,pro_mermas_sv,pro_ajustes_sv,pro_activo,rec_numero,pro_unidad,pro_capacidad,pro_consumo_bodega,pro_consumo_sv,pro_estado,pro_funcion_plu,pro_flejes,pro_iva,pro_plu_asociado,pro_envase,pro_duracion,pro_numero_etiqueta) VALUES (780721430,@@@7792170000777@@@,@@@0@@@,@@@GALLETA DE AVENA QUAKER MANZANA 260G@@@,@@@GALLETA DE AVENA@@@,@@@5 @@@,@@@6 @@@,@@@10@@@,@@@32 @@@,@@@18@@@,@@@989@@@,@@@0@@@,@@@711.62@@@,@@@1@@@,@@@-99.86@@@,@@@@@@,@@@2006.09.07@@@,@@@2006.09.07@@@,@@@0@@@,@@@10@@@,@@@5@@@,@@@0@@@,@@@0@@@,@@@0@@@,@@@0@@@,@@@0@@@,@@@0@@@,@@@0@@@,@@@0@@@,@@@1@@@,@@@0@@@,0,260,0,0,2,0,1,1,0,@@@NO@@@,0,0)','',2,'2013-07-26'),(43123,'DELETE FROM mae_impuestos_productos WHERE pro_codigo_plu=@@@780721430@@@','',2,'2013-07-26'),(43124,'INSERT INTO mae_productos (pro_codigo_plu,pro_codigo_barra,pro_tipo,pro_nombre_producto,pro_nombre_corto,med_id,emb_id,pro_unidades_embalaje,dep_id,lin_id,mar_id,pro_precio_compra_neto,pro_precio_compra_bruto,pro_precio_venta,pro_margen_actual,pro_oferta,pro_fecha_inicio_oferta,pro_fecha_termino_oferta,pro_precio_oferta,pro_stock_minimo,pro_stock_critico,pro_entradas_bodega,pro_salidas_bodega,pro_mermas_bodega,pro_ajustes_bodega,pro_entradas_sv,pro_salidas_sv,pro_mermas_sv,pro_ajustes_sv,pro_activo,rec_numero,pro_unidad,pro_capacidad,pro_consumo_bodega,pro_consumo_sv,pro_estado,pro_funcion_plu,pro_flejes,pro_iva,pro_plu_asociado,pro_envase,pro_duracion,pro_numero_etiqueta) VALUES (780721431,@@@7792170000791@@@,@@@0@@@,@@@GALLETA DE AVENA CON PASAS DE UVA  256G@@@,@@@GALLETA DE AVENA@@@,@@@5 @@@,@@@6 @@@,@@@10@@@,@@@32 @@@,@@@18@@@,@@@989@@@,@@@0@@@,@@@711.62@@@,@@@1@@@,@@@-99.86@@@,@@@@@@,@@@2006.09.07@@@,@@@2006.09.07@@@,@@@0@@@,@@@10@@@,@@@4@@@,@@@0@@@,@@@0@@@,@@@0@@@,@@@0@@@,@@@0@@@,@@@0@@@,@@@0@@@,@@@0@@@,@@@1@@@,@@@0@@@,0,256,0,0,2,0,1,1,0,@@@NO@@@,0,0)','',2,'2013-07-26'),(43125,'DELETE FROM mae_impuestos_productos WHERE pro_codigo_plu=@@@780721431@@@','',2,'2013-07-26'),(43126,'INSERT INTO gne_vale_ferreteria (vfe_id,vfe_fecha,vfe_total,vfe_estado,vfe_entregado,usu_nusuario) VALUES (6223,@@@2013.07.26@@@,2850,1,0,@@@S_BIZAMA@@@)','',2,'2013-07-26'),(43127,'INSERT INTO gne_vale_ferreteria_mov (vfe_id,pro_codigo_plu,vfm_cantidad,vfm_unitario,vfm_total,vfm_entregado) VALUES (6223,763748,1,2850,2850,@@@NO@@@)','',2,'2013-07-26'),(43128,'INSERT INTO gne_vale_ferreteria (vfe_id,vfe_fecha,vfe_total,vfe_estado,vfe_entregado,usu_nusuario) VALUES (6224,@@@2013.07.26@@@,120,1,0,@@@S_BIZAMA@@@)','',2,'2013-07-26'),(43129,'INSERT INTO gne_vale_ferreteria_mov (vfe_id,pro_codigo_plu,vfm_cantidad,vfm_unitario,vfm_total,vfm_entregado) VALUES (6224,764770,4,30,120,@@@NO@@@)','',2,'2013-07-26'),(43130,'INSERT INTO gne_vale_ferreteria (vfe_id,vfe_fecha,vfe_total,vfe_estado,vfe_entregado,usu_nusuario) VALUES (6225,@@@2013.07.26@@@,600,1,0,@@@S_BIZAMA@@@)','',2,'2013-07-26'),(43131,'INSERT INTO gne_vale_ferreteria_mov (vfe_id,pro_codigo_plu,vfm_cantidad,vfm_unitario,vfm_total,vfm_entregado) VALUES (6225,4093,6,100,600,@@@NO@@@)','',2,'2013-07-26'),(43132,'INSERT INTO gne_vale_ferreteria (vfe_id,vfe_fecha,vfe_total,vfe_estado,vfe_entregado,usu_nusuario) VALUES (6226,@@@2013.07.26@@@,1060,1,0,@@@S_BIZAMA@@@)','',2,'2013-07-26'),(43133,'INSERT INTO gne_vale_ferreteria_mov (vfe_id,pro_codigo_plu,vfm_cantidad,vfm_unitario,vfm_total,vfm_entregado) VALUES (6226,2006,2,490,980,@@@NO@@@)','',2,'2013-07-26'),(43134,'INSERT INTO gne_vale_ferreteria_mov (vfe_id,pro_codigo_plu,vfm_cantidad,vfm_unitario,vfm_total,vfm_entregado) VALUES (6226,764823,1,80,80,@@@NO@@@)','',2,'2013-07-26'),(43135,'UPDATE mae_productos SET pro_codigo_barra=@@@1111@@@,pro_tipo=@@@0@@@,pro_nombre_producto=@@@CHUPETE REPUESTO MAMADERA UN. BOCA ANCHA@@@,pro_nombre_corto=@@@CHUPETE REPUESTO@@@,med_id=@@@1@@@,emb_id=@@@9@@@,pro_unidades_embalaje=@@@1@@@,dep_id=@@@21 @@@,lin_id=@@@120@@@,mar_id=@@@1820@@@,pro_precio_compra_neto=@@@0@@@,pro_precio_compra_bruto=@@@230@@@,pro_precio_venta=@@@1@@@,pro_margen_actual=@@@-99.57@@@,pro_oferta=@@@NO@@@,pro_fecha_inicio_oferta=@@@2006.09.07@@@,pro_fecha_termino_oferta=@@@2006.09.07@@@,pro_precio_oferta=@@@0@@@,pro_stock_minimo=@@@10@@@,pro_stock_critico=@@@5@@@,pro_activo=@@@1@@@,pro_unidad=@@@0@@@,pro_precio_compra_bruto=230,pro_margen_actual=-99.57,pro_capacidad=1,pro_funcion_plu=0,pro_flejes=1,pro_iva=1,pro_plu_asociado=0,pro_envase=@@@NO@@@,pro_duracion=0,pro_numero_etiqueta=0 WHERE pro_codigo_plu=@@@101766@@@','',2,'2013-07-26'),(43136,'UPDATE mae_productos SET pro_estado=1 WHERE pro_codigo_plu=101766','',2,'2013-07-26'),(43137,'DELETE FROM mae_impuestos_productos WHERE pro_codigo_plu=@@@101766@@@','',2,'2013-07-26'),(43138,'UPDATE mae_productos SET pro_precio_venta=750,pro_margen_actual=51.52, pro_precio_compra_bruto=495, pro_precio_compra_neto=415.966386554622 WHERE pro_codigo_plu=20912','',2,'2013-07-26'),(43139,'UPDATE mae_productos SET pro_precio_venta=300,pro_margen_actual=60, pro_precio_compra_bruto=187.5, pro_precio_compra_neto=157.563025210084 WHERE pro_codigo_plu=780721426','',2,'2013-07-26'),(43140,'UPDATE mae_productos SET pro_precio_venta=100,pro_margen_actual=252.11, pro_precio_compra_bruto=28.4, pro_precio_compra_neto=23.8655462184874 WHERE pro_codigo_plu=780721427','',2,'2013-07-26'),(43141,'UPDATE mae_productos SET pro_precio_venta=750,pro_margen_actual=53.06, pro_precio_compra_bruto=490, pro_precio_compra_neto=411.764705882353 WHERE pro_codigo_plu=762251','',2,'2013-07-26'),(43142,'UPDATE mae_productos SET pro_precio_venta=750,pro_margen_actual=53.06, pro_precio_compra_bruto=490, pro_precio_compra_neto=411.764705882353 WHERE pro_codigo_plu=100397','',2,'2013-07-26'),(43143,'UPDATE mae_productos SET pro_precio_venta=750,pro_margen_actual=53.06, pro_precio_compra_bruto=490, pro_precio_compra_neto=411.764705882353 WHERE pro_codigo_plu=1079','',2,'2013-07-26'),(43144,'UPDATE mae_productos SET pro_precio_venta=750,pro_margen_actual=53.06, pro_precio_compra_bruto=490, pro_precio_compra_neto=411.764705882353 WHERE pro_codigo_plu=780721428','',2,'2013-07-26'),(43145,'UPDATE mae_productos SET pro_precio_venta=390,pro_margen_actual=69.57, pro_precio_compra_bruto=230, pro_precio_compra_neto=193.27731092437 WHERE pro_codigo_plu=101766','',2,'2013-07-26'),(43146,'UPDATE mae_productos SET pro_codigo_barra=@@@7804945002494@@@,pro_tipo=@@@0@@@,pro_nombre_producto=@@@MAMADERA SIMONDS FANSY 240 ML.@@@,pro_nombre_corto=@@@MAMADERA SIMONDS@@@,med_id=@@@1@@@,emb_id=@@@4@@@,pro_unidades_embalaje=@@@1@@@,dep_id=@@@21 @@@,lin_id=@@@120@@@,mar_id=@@@1405@@@,pro_precio_compra_neto=@@@0@@@,pro_precio_compra_bruto=@@@1490@@@,pro_precio_venta=@@@1@@@,pro_margen_actual=@@@-99.93@@@,pro_oferta=@@@NO@@@,pro_fecha_inicio_oferta=@@@2006.09.07@@@,pro_fecha_termino_oferta=@@@2006.09.07@@@,pro_precio_oferta=@@@0@@@,pro_stock_minimo=@@@12@@@,pro_stock_critico=@@@6@@@,pro_activo=@@@1@@@,pro_unidad=@@@0@@@,pro_precio_compra_bruto=1490,pro_margen_actual=-99.93,pro_capacidad=1,pro_funcion_plu=0,pro_flejes=1,pro_iva=1,pro_plu_asociado=0,pro_envase=@@@NO@@@,pro_duracion=0,pro_numero_etiqueta=0 WHERE pro_codigo_plu=@@@1467@@@','',2,'2013-07-26'),(43147,'UPDATE mae_productos SET pro_estado=1 WHERE pro_codigo_plu=1467','',2,'2013-07-26'),(43148,'DELETE FROM mae_impuestos_productos WHERE pro_codigo_plu=@@@1467@@@','',2,'2013-07-26'),(43149,'UPDATE mae_productos SET pro_precio_compra_bruto=270,pro_margen_actual=(pro_precio_venta-270)/270 * 100,pro_ultima_compra=@@@2013.07.26@@@,pro_ultimo_proveedor=@@@6200580-7@@@ WHERE pro_codigo_plu=764016','',2,'2013-07-26'),(43150,'UPDATE mae_productos SET pro_precio_compra_bruto=495,pro_margen_actual=(pro_precio_venta-495)/495 * 100,pro_ultima_compra=@@@2013.07.26@@@,pro_ultimo_proveedor=@@@6200580-7@@@ WHERE pro_codigo_plu=20912','',2,'2013-07-26'),(43151,'UPDATE mae_productos SET pro_precio_compra_bruto=187.5,pro_margen_actual=(pro_precio_venta-187.5)/187.5 * 100,pro_ultima_compra=@@@2013.07.26@@@,pro_ultimo_proveedor=@@@6200580-7@@@ WHERE pro_codigo_plu=780721426','',2,'2013-07-26'),(43152,'UPDATE mae_productos SET pro_precio_compra_bruto=210.83,pro_margen_actual=(pro_precio_venta-210.83)/210.83 * 100,pro_ultima_compra=@@@2013.07.26@@@,pro_ultimo_proveedor=@@@6200580-7@@@ WHERE pro_codigo_plu=101433','',2,'2013-07-26'),(43153,'UPDATE mae_productos SET pro_precio_compra_bruto=28.4,pro_margen_actual=(pro_precio_venta-28.4)/28.4 * 100,pro_ultima_compra=@@@2013.07.26@@@,pro_ultimo_proveedor=@@@6200580-7@@@ WHERE pro_codigo_plu=780721427','',2,'2013-07-26'),(43154,'UPDATE mae_productos SET pro_precio_compra_bruto=490,pro_margen_actual=(pro_precio_venta-490)/490 * 100,pro_ultima_compra=@@@2013.07.26@@@,pro_ultimo_proveedor=@@@6200580-7@@@ WHERE pro_codigo_plu=762251','',2,'2013-07-26'),(43155,'UPDATE mae_productos SET pro_precio_compra_bruto=490,pro_margen_actual=(pro_precio_venta-490)/490 * 100,pro_ultima_compra=@@@2013.07.26@@@,pro_ultimo_proveedor=@@@6200580-7@@@ WHERE pro_codigo_plu=100397','',2,'2013-07-26'),(43156,'UPDATE mae_productos SET pro_precio_compra_bruto=490,pro_margen_actual=(pro_precio_venta-490)/490 * 100,pro_ultima_compra=@@@2013.07.26@@@,pro_ultimo_proveedor=@@@6200580-7@@@ WHERE pro_codigo_plu=1079','',2,'2013-07-26'),(43157,'UPDATE mae_productos SET pro_precio_compra_bruto=490,pro_margen_actual=(pro_precio_venta-490)/490 * 100,pro_ultima_compra=@@@2013.07.26@@@,pro_ultimo_proveedor=@@@6200580-7@@@ WHERE pro_codigo_plu=780721428','',2,'2013-07-26'),(43158,'UPDATE mae_productos SET pro_precio_compra_bruto=230,pro_margen_actual=(pro_precio_venta-230)/230 * 100,pro_ultima_compra=@@@2013.07.26@@@,pro_ultimo_proveedor=@@@6200580-7@@@ WHERE pro_codigo_plu=101766','',2,'2013-07-26'),(43159,'INSERT INTO gne_vale_ferreteria (vfe_id,vfe_fecha,vfe_total,vfe_estado,vfe_entregado,usu_nusuario) VALUES (6227,@@@2013.07.26@@@,350,1,0,@@@S_BIZAMA@@@)','',2,'2013-07-26'),(43160,'INSERT INTO gne_vale_ferreteria_mov (vfe_id,pro_codigo_plu,vfm_cantidad,vfm_unitario,vfm_total,vfm_entregado) VALUES (6227,780721241,1,350,350,@@@NO@@@)','',2,'2013-07-26'),(43161,'INSERT INTO gne_vale_ferreteria (vfe_id,vfe_fecha,vfe_total,vfe_estado,vfe_entregado,usu_nusuario) VALUES (6228,@@@2013.07.26@@@,1290,1,0,@@@S_BIZAMA@@@)','',2,'2013-07-26'),(43162,'INSERT INTO gne_vale_ferreteria_mov (vfe_id,pro_codigo_plu,vfm_cantidad,vfm_unitario,vfm_total,vfm_entregado) VALUES (6228,763820,1,1290,1290,@@@NO@@@)','',2,'2013-07-26'),(43163,'INSERT INTO gne_vale_ferreteria (vfe_id,vfe_fecha,vfe_total,vfe_estado,vfe_entregado,usu_nusuario) VALUES (6229,@@@2013.07.26@@@,3590,1,0,@@@S_BIZAMA@@@)','',2,'2013-07-26'),(43164,'INSERT INTO gne_vale_ferreteria_mov (vfe_id,pro_codigo_plu,vfm_cantidad,vfm_unitario,vfm_total,vfm_entregado) VALUES (6229,780721392,1,3590,3590,@@@NO@@@)','',2,'2013-07-26'),(43165,'UPDATE mae_productos SET pro_precio_venta=930,pro_margen_actual=30.69, pro_precio_compra_bruto=711.62, pro_precio_compra_neto=598 WHERE pro_codigo_plu=780721430','',2,'2013-07-26'),(43166,'UPDATE mae_productos SET pro_precio_venta=930,pro_margen_actual=30.69, pro_precio_compra_bruto=711.62, pro_precio_compra_neto=598 WHERE pro_codigo_plu=780721431','',2,'2013-07-26'),(43167,'UPDATE mae_productos SET pro_precio_compra_bruto=767.5,pro_margen_actual=(pro_precio_venta-767.5)/767.5 * 100,pro_ultima_compra=@@@2013.07.26@@@,pro_ultimo_proveedor=@@@94528000-K@@@ WHERE pro_codigo_plu=12310','',2,'2013-07-26'),(43168,'UPDATE mae_productos SET pro_precio_compra_bruto=1235.2,pro_margen_actual=(pro_precio_venta-1235.2)/1235.2 * 100,pro_ultima_compra=@@@2013.07.26@@@,pro_ultimo_proveedor=@@@94528000-K@@@ WHERE pro_codigo_plu=102655','',2,'2013-07-26'),(43169,'UPDATE mae_productos SET pro_precio_compra_bruto=309.4,pro_margen_actual=(pro_precio_venta-309.4)/309.4 * 100,pro_ultima_compra=@@@2013.07.26@@@,pro_ultimo_proveedor=@@@94528000-K@@@ WHERE pro_codigo_plu=763393','',2,'2013-07-26'),(43170,'UPDATE mae_productos SET pro_precio_compra_bruto=309.4,pro_margen_actual=(pro_precio_venta-309.4)/309.4 * 100,pro_ultima_compra=@@@2013.07.26@@@,pro_ultimo_proveedor=@@@94528000-K@@@ WHERE pro_codigo_plu=763414','',2,'2013-07-26'),(43171,'UPDATE mae_productos SET pro_precio_compra_bruto=221.3,pro_margen_actual=(pro_precio_venta-221.3)/221.3 * 100,pro_ultima_compra=@@@2013.07.26@@@,pro_ultimo_proveedor=@@@94528000-K@@@ WHERE pro_codigo_plu=102689','',2,'2013-07-26'),(43172,'UPDATE mae_productos SET pro_precio_compra_bruto=309.4,pro_margen_actual=(pro_precio_venta-309.4)/309.4 * 100,pro_ultima_compra=@@@2013.07.26@@@,pro_ultimo_proveedor=@@@94528000-K@@@ WHERE pro_codigo_plu=763408','',2,'2013-07-26'),(43173,'UPDATE mae_productos SET pro_precio_compra_bruto=309.4,pro_margen_actual=(pro_precio_venta-309.4)/309.4 * 100,pro_ultima_compra=@@@2013.07.26@@@,pro_ultimo_proveedor=@@@94528000-K@@@ WHERE pro_codigo_plu=763415','',2,'2013-07-26'),(43174,'UPDATE mae_productos SET pro_precio_compra_bruto=178.5,pro_margen_actual=(pro_precio_venta-178.5)/178.5 * 100,pro_ultima_compra=@@@2013.07.26@@@,pro_ultimo_proveedor=@@@94528000-K@@@ WHERE pro_codigo_plu=78017217','',2,'2013-07-26'),(43175,'UPDATE mae_productos SET pro_precio_compra_bruto=265.3,pro_margen_actual=(pro_precio_venta-265.3)/265.3 * 100,pro_ultima_compra=@@@2013.07.26@@@,pro_ultimo_proveedor=@@@94528000-K@@@ WHERE pro_codigo_plu=13593','',2,'2013-07-26'),(43176,'UPDATE mae_productos SET pro_precio_compra_bruto=115.4,pro_margen_actual=(pro_precio_venta-115.4)/115.4 * 100,pro_ultima_compra=@@@2013.07.26@@@,pro_ultimo_proveedor=@@@94528000-K@@@ WHERE pro_codigo_plu=763487','',2,'2013-07-26'),(43177,'UPDATE mae_productos SET pro_precio_compra_bruto=107,pro_margen_actual=(pro_precio_venta-107)/107 * 100,pro_ultima_compra=@@@2013.07.26@@@,pro_ultimo_proveedor=@@@94528000-K@@@ WHERE pro_codigo_plu=762447','',2,'2013-07-26'),(43178,'UPDATE mae_productos SET pro_precio_compra_bruto=711.62,pro_margen_actual=(pro_precio_venta-711.62)/711.62 * 100,pro_ultima_compra=@@@2013.07.26@@@,pro_ultimo_proveedor=@@@94528000-K@@@ WHERE pro_codigo_plu=780721430','',2,'2013-07-26'),(43179,'UPDATE mae_productos SET pro_precio_compra_bruto=711.62,pro_margen_actual=(pro_precio_venta-711.62)/711.62 * 100,pro_ultima_compra=@@@2013.07.26@@@,pro_ultimo_proveedor=@@@94528000-K@@@ WHERE pro_codigo_plu=780721431','',2,'2013-07-26'),(43180,'UPDATE mae_productos SET pro_precio_compra_bruto=307,pro_margen_actual=(pro_precio_venta-307)/307 * 100,pro_ultima_compra=@@@2013.07.26@@@,pro_ultimo_proveedor=@@@94528000-K@@@ WHERE pro_codigo_plu=14128','',2,'2013-07-26'),(43181,'UPDATE mae_productos SET pro_precio_venta=1490,pro_margen_actual=50.51, pro_precio_compra_bruto=990, pro_precio_compra_neto=831.932773109244 WHERE pro_codigo_plu=262482','',2,'2013-07-26'),(43182,'UPDATE mae_productos SET pro_precio_venta=2490,pro_margen_actual=67.11, pro_precio_compra_bruto=1490, pro_precio_compra_neto=1252.10084033613 WHERE pro_codigo_plu=1467','',2,'2013-07-26'),(43183,'UPDATE mae_productos SET pro_precio_venta=1490,pro_margen_actual=50.51, pro_precio_compra_bruto=990, pro_precio_compra_neto=831.932773109244 WHERE pro_codigo_plu=20335','',2,'2013-07-26'),(43184,'INSERT INTO mae_productos (pro_codigo_plu,pro_codigo_barra,pro_tipo,pro_nombre_producto,pro_nombre_corto,med_id,emb_id,pro_unidades_embalaje,dep_id,lin_id,mar_id,pro_precio_compra_neto,pro_precio_compra_bruto,pro_precio_venta,pro_margen_actual,pro_oferta,pro_fecha_inicio_oferta,pro_fecha_termino_oferta,pro_precio_oferta,pro_stock_minimo,pro_stock_critico,pro_entradas_bodega,pro_salidas_bodega,pro_mermas_bodega,pro_ajustes_bodega,pro_entradas_sv,pro_salidas_sv,pro_mermas_sv,pro_ajustes_sv,pro_activo,rec_numero,pro_unidad,pro_capacidad,pro_consumo_bodega,pro_consumo_sv,pro_estado,pro_funcion_plu,pro_flejes,pro_iva,pro_plu_asociado,pro_envase,pro_duracion,pro_numero_etiqueta) VALUES (780721432,@@@7808751691262@@@,@@@0@@@,@@@MANTEL FIESTA SUPER 1.10 X 1.60 MTS@@@,@@@MANTEL FIESTA SU@@@,@@@4 @@@,@@@4 @@@,@@@26@@@,@@@24 @@@,@@@177@@@,@@@2507@@@,@@@0@@@,@@@321@@@,@@@1@@@,@@@-99.69@@@,@@@@@@,@@@2006.09.07@@@,@@@2006.09.07@@@,@@@0@@@,@@@12@@@,@@@4@@@,@@@0@@@,@@@0@@@,@@@0@@@,@@@0@@@,@@@0@@@,@@@0@@@,@@@0@@@,@@@0@@@,@@@1@@@,@@@0@@@,0,160,0,0,2,0,1,1,0,@@@NO@@@,0,0)','',2,'2013-07-26'),(43185,'DELETE FROM mae_impuestos_productos WHERE pro_codigo_plu=@@@780721432@@@','',2,'2013-07-26'),(43186,'INSERT INTO gne_vale_ferreteria (vfe_id,vfe_fecha,vfe_total,vfe_estado,vfe_entregado,usu_nusuario) VALUES (6230,@@@2013.07.26@@@,6,1,0,@@@S_BIZAMA@@@)','',2,'2013-07-26'),(43187,'INSERT INTO gne_vale_ferreteria_mov (vfe_id,pro_codigo_plu,vfm_cantidad,vfm_unitario,vfm_total,vfm_entregado) VALUES (6230,2500,6,1,6,@@@NO@@@)','',2,'2013-07-26'),(43188,'UPDATE mae_productos SET pro_precio_compra_bruto=990,pro_margen_actual=(pro_precio_venta-990)/990 * 100,pro_ultima_compra=@@@2013.07.26@@@,pro_ultimo_proveedor=@@@79500520-K@@@ WHERE pro_codigo_plu=262482','',2,'2013-07-26'),(43189,'UPDATE mae_productos SET pro_precio_compra_bruto=1490,pro_margen_actual=(pro_precio_venta-1490)/1490 * 100,pro_ultima_compra=@@@2013.07.26@@@,pro_ultimo_proveedor=@@@79500520-K@@@ WHERE pro_codigo_plu=1467','',2,'2013-07-26'),(43190,'UPDATE mae_productos SET pro_precio_compra_bruto=990,pro_margen_actual=(pro_precio_venta-990)/990 * 100,pro_ultima_compra=@@@2013.07.26@@@,pro_ultimo_proveedor=@@@79500520-K@@@ WHERE pro_codigo_plu=20335','',2,'2013-07-26'),(43191,'INSERT INTO com_ventas_grupo (vgr_fecha,vgr_grupo,vgr_cantidad,vgr_total) VALUES (@@@2013.07.25@@@,1,240.265,216098)','',2,'2013-07-26'),(43192,'INSERT INTO com_ventas_grupo (vgr_fecha,vgr_grupo,vgr_cantidad,vgr_total) VALUES (@@@2013.07.25@@@,2,136.175,86383)','',2,'2013-07-26'),(43193,'INSERT INTO com_ventas_grupo (vgr_fecha,vgr_grupo,vgr_cantidad,vgr_total) VALUES (@@@2013.07.25@@@,3,391,82570)','',2,'2013-07-26'),(43194,'INSERT INTO com_ventas_grupo (vgr_fecha,vgr_grupo,vgr_cantidad,vgr_total) VALUES (@@@2013.07.25@@@,4,71,67076)','',2,'2013-07-26'),(43195,'INSERT INTO com_ventas_grupo (vgr_fecha,vgr_grupo,vgr_cantidad,vgr_total) VALUES (@@@2013.07.25@@@,5,1,2390)','',2,'2013-07-26'),(43196,'INSERT INTO com_ventas_grupo (vgr_fecha,vgr_grupo,vgr_cantidad,vgr_total) VALUES (@@@2013.07.25@@@,6,16,27889)','',2,'2013-07-26'),(43197,'INSERT INTO com_ventas_grupo (vgr_fecha,vgr_grupo,vgr_cantidad,vgr_total) VALUES (@@@2013.07.25@@@,7,33,48586)','',2,'2013-07-26'),(43198,'INSERT INTO com_ventas_grupo (vgr_fecha,vgr_grupo,vgr_cantidad,vgr_total) VALUES (@@@2013.07.25@@@,8,148,44270)','',2,'2013-07-26'),(43199,'INSERT INTO com_ventas_grupo (vgr_fecha,vgr_grupo,vgr_cantidad,vgr_total) VALUES (@@@2013.07.25@@@,9,66.755,114607)','',2,'2013-07-26'),(43200,'INSERT INTO com_ventas_grupo (vgr_fecha,vgr_grupo,vgr_cantidad,vgr_total) VALUES (@@@2013.07.25@@@,10,21.575,82281)','',2,'2013-07-26'),(43201,'INSERT INTO com_ventas_grupo (vgr_fecha,vgr_grupo,vgr_cantidad,vgr_total) VALUES (@@@2013.07.25@@@,11,24.8,51718)','',2,'2013-07-26'),(43202,'INSERT INTO com_ventas_grupo (vgr_fecha,vgr_grupo,vgr_cantidad,vgr_total) VALUES (@@@2013.07.25@@@,12,45.32,64037)','',2,'2013-07-26'),(43203,'INSERT INTO com_ventas_grupo (vgr_fecha,vgr_grupo,vgr_cantidad,vgr_total) VALUES (@@@2013.07.25@@@,13,13.125,37402)','',2,'2013-07-26'),(43204,'INSERT INTO com_ventas_grupo (vgr_fecha,vgr_grupo,vgr_cantidad,vgr_total) VALUES (@@@2013.07.25@@@,14,98.465,92264)','',2,'2013-07-26'),(43205,'INSERT INTO com_ventas_grupo (vgr_fecha,vgr_grupo,vgr_cantidad,vgr_total) VALUES (@@@2013.07.25@@@,16,1,170)','',2,'2013-07-26'),(43206,'INSERT INTO com_ventas_grupo (vgr_fecha,vgr_grupo,vgr_cantidad,vgr_total) VALUES (@@@2013.07.25@@@,18,196.255,105053)','',2,'2013-07-26'),(43207,'INSERT INTO com_ventas_grupo (vgr_fecha,vgr_grupo,vgr_cantidad,vgr_total) VALUES (@@@2013.07.25@@@,20,112.82,48650)','',2,'2013-07-26'),(43208,'INSERT INTO com_ventas_grupo (vgr_fecha,vgr_grupo,vgr_cantidad,vgr_total) VALUES (@@@2013.07.25@@@,21,47,29440)','',2,'2013-07-26'),(43209,'INSERT INTO com_ventas_grupo (vgr_fecha,vgr_grupo,vgr_cantidad,vgr_total) VALUES (@@@2013.07.25@@@,23,2,7180)','',2,'2013-07-26'),(43210,'INSERT INTO com_ventas_grupo (vgr_fecha,vgr_grupo,vgr_cantidad,vgr_total) VALUES (@@@2013.07.25@@@,24,113,24488)','',2,'2013-07-26'),(43211,'INSERT INTO com_ventas_grupo (vgr_fecha,vgr_grupo,vgr_cantidad,vgr_total) VALUES (@@@2013.07.25@@@,25,93,128700)','',2,'2013-07-26'),(43212,'INSERT INTO com_ventas_grupo (vgr_fecha,vgr_grupo,vgr_cantidad,vgr_total) VALUES (@@@2013.07.25@@@,31,24,19757)','',2,'2013-07-26'),(43213,'INSERT INTO com_ventas_grupo (vgr_fecha,vgr_grupo,vgr_cantidad,vgr_total) VALUES (@@@2013.07.25@@@,32,439,120140)','',2,'2013-07-26'),(43214,'INSERT INTO com_ventas_grupo (vgr_fecha,vgr_grupo,vgr_cantidad,vgr_total) VALUES (@@@2013.07.25@@@,34,1,1200)','',2,'2013-07-26'),(43215,'INSERT INTO com_ventas_grupo (vgr_fecha,vgr_grupo,vgr_cantidad,vgr_total) VALUES (@@@2013.07.25@@@,35,16,23130)','',2,'2013-07-26'),(43216,'INSERT INTO com_ventas_grupo (vgr_fecha,vgr_grupo,vgr_cantidad,vgr_total) VALUES (@@@2013.07.25@@@,36,9,1140)','',2,'2013-07-26'),(43217,'INSERT INTO com_ventas_grupo (vgr_fecha,vgr_grupo,vgr_cantidad,vgr_total) VALUES (@@@2013.07.25@@@,37,1,200)','',2,'2013-07-26'),(43218,'INSERT INTO com_ventas_grupo (vgr_fecha,vgr_grupo,vgr_cantidad,vgr_total) VALUES (@@@2013.07.25@@@,38,1,390)','',2,'2013-07-26'),(43219,'INSERT INTO com_ventas_grupo (vgr_fecha,vgr_grupo,vgr_cantidad,vgr_total) VALUES (@@@2013.07.25@@@,39,7,9630)','',2,'2013-07-26'),(43220,'INSERT INTO com_ventas_grupo (vgr_fecha,vgr_grupo,vgr_cantidad,vgr_total) VALUES (@@@2013.07.25@@@,40,15255,15255)','',2,'2013-07-26'),(43221,'INSERT INTO com_ventas_grupo (vgr_fecha,vgr_grupo,vgr_cantidad,vgr_total) VALUES (@@@2013.07.25@@@,41,1,990)','',2,'2013-07-26'),(43222,'INSERT INTO com_ventas_grupo (vgr_fecha,vgr_grupo,vgr_cantidad,vgr_total) VALUES (@@@2013.07.25@@@,42,17.93,16749)','',2,'2013-07-26'),(43223,'UPDATE mae_datos_empresa SET emp_oferta=@@@NO@@@','',2,'2013-07-26'),(43224,'INSERT INTO mae_productos (pro_codigo_plu,pro_codigo_barra,pro_tipo,pro_nombre_producto,pro_nombre_corto,med_id,emb_id,pro_unidades_embalaje,dep_id,lin_id,mar_id,pro_precio_compra_neto,pro_precio_compra_bruto,pro_precio_venta,pro_margen_actual,pro_oferta,pro_fecha_inicio_oferta,pro_fecha_termino_oferta,pro_precio_oferta,pro_stock_minimo,pro_stock_critico,pro_entradas_bodega,pro_salidas_bodega,pro_mermas_bodega,pro_ajustes_bodega,pro_entradas_sv,pro_salidas_sv,pro_mermas_sv,pro_ajustes_sv,pro_activo,rec_numero,pro_unidad,pro_capacidad,pro_consumo_bodega,pro_consumo_sv,pro_estado,pro_funcion_plu,pro_flejes,pro_iva,pro_plu_asociado,pro_envase,pro_duracion,pro_numero_etiqueta) VALUES (780721433,@@@0001540000000@@@,@@@0@@@,@@@SERPENTINA  ESPECIAL 4 COLORES CHICA@@@,@@@SERPENTINA  ESPE@@@,@@@1 @@@,@@@4 @@@,@@@200@@@,@@@24 @@@,@@@177@@@,@@@2507@@@,@@@0@@@,@@@50@@@,@@@1@@@,@@@-98@@@,@@@@@@,@@@2006.09.07@@@,@@@2006.09.07@@@,@@@0@@@,@@@40@@@,@@@10@@@,@@@0@@@,@@@0@@@,@@@0@@@,@@@0@@@,@@@0@@@,@@@0@@@,@@@0@@@,@@@0@@@,@@@1@@@,@@@0@@@,0,4,0,0,2,0,1,1,0,@@@NO@@@,0,0)','',2,'2013-07-26'),(43225,'DELETE FROM mae_impuestos_productos WHERE pro_codigo_plu=@@@780721433@@@','',2,'2013-07-26'),(43226,'INSERT INTO gne_vale_ferreteria (vfe_id,vfe_fecha,vfe_total,vfe_estado,vfe_entregado,usu_nusuario) VALUES (6231,@@@2013.07.26@@@,350,1,0,@@@S_BIZAMA@@@)','',2,'2013-07-26'),(43227,'INSERT INTO gne_vale_ferreteria_mov (vfe_id,pro_codigo_plu,vfm_cantidad,vfm_unitario,vfm_total,vfm_entregado) VALUES (6231,780220198,1,350,350,@@@NO@@@)','',2,'2013-07-26'),(43228,'UPDATE mae_productos SET pro_precio_venta=590,pro_margen_actual=83.8, pro_precio_compra_bruto=321, pro_precio_compra_neto=269.747899159664 WHERE pro_codigo_plu=262241','',2,'2013-07-26'),(43229,'UPDATE mae_productos SET pro_precio_venta=590,pro_margen_actual=83.8, pro_precio_compra_bruto=321, pro_precio_compra_neto=269.747899159664 WHERE pro_codigo_plu=780721432','',2,'2013-07-26'),(43230,'UPDATE mae_productos SET pro_precio_venta=100,pro_margen_actual=100, pro_precio_compra_bruto=50, pro_precio_compra_neto=42.0168067226891 WHERE pro_codigo_plu=780721433','',2,'2013-07-26'),(43231,'UPDATE mae_productos SET pro_precio_compra_bruto=321,pro_margen_actual=(pro_precio_venta-321)/321 * 100,pro_ultima_compra=@@@2013.07.26@@@,pro_ultimo_proveedor=@@@76716990-6@@@ WHERE pro_codigo_plu=262241','',2,'2013-07-26'),(43232,'UPDATE mae_productos SET pro_precio_compra_bruto=321,pro_margen_actual=(pro_precio_venta-321)/321 * 100,pro_ultima_compra=@@@2013.07.26@@@,pro_ultimo_proveedor=@@@76716990-6@@@ WHERE pro_codigo_plu=780721432','',2,'2013-07-26'),(43233,'UPDATE mae_productos SET pro_precio_compra_bruto=50,pro_margen_actual=(pro_precio_venta-50)/50 * 100,pro_ultima_compra=@@@2013.07.26@@@,pro_ultimo_proveedor=@@@76716990-6@@@ WHERE pro_codigo_plu=780721433','',2,'2013-07-26'),(43234,'INSERT INTO gne_vale_ferreteria (vfe_id,vfe_fecha,vfe_total,vfe_estado,vfe_entregado,usu_nusuario) VALUES (6232,@@@2013.07.26@@@,1652,1,0,@@@S_BIZAMA@@@)','',2,'2013-07-26'),(43235,'INSERT INTO gne_vale_ferreteria_mov (vfe_id,pro_codigo_plu,vfm_cantidad,vfm_unitario,vfm_total,vfm_entregado) VALUES (6232,761990,1,390,390,@@@NO@@@)','',2,'2013-07-26'),(43236,'INSERT INTO gne_vale_ferreteria_mov (vfe_id,pro_codigo_plu,vfm_cantidad,vfm_unitario,vfm_total,vfm_entregado) VALUES (6232,78017015,1,150,150,@@@NO@@@)','',2,'2013-07-26'),(43237,'INSERT INTO gne_vale_ferreteria_mov (vfe_id,pro_codigo_plu,vfm_cantidad,vfm_unitario,vfm_total,vfm_entregado) VALUES (6232,78017018,5,150,750,@@@NO@@@)','',2,'2013-07-26'),(43238,'INSERT INTO gne_vale_ferreteria_mov (vfe_id,pro_codigo_plu,vfm_cantidad,vfm_unitario,vfm_total,vfm_entregado) VALUES (6232,78017016,3,120,360,@@@NO@@@)','',2,'2013-07-26'),(43239,'INSERT INTO gne_vale_ferreteria_mov (vfe_id,pro_codigo_plu,vfm_cantidad,vfm_unitario,vfm_total,vfm_entregado) VALUES (6232,2500,2,1,2,@@@NO@@@)','',2,'2013-07-26'),(43240,'INSERT INTO gne_vale_ferreteria (vfe_id,vfe_fecha,vfe_total,vfe_estado,vfe_entregado,usu_nusuario) VALUES (6233,@@@2013.07.26@@@,1490,1,0,@@@S_BIZAMA@@@)','',2,'2013-07-26'),(43241,'INSERT INTO gne_vale_ferreteria_mov (vfe_id,pro_codigo_plu,vfm_cantidad,vfm_unitario,vfm_total,vfm_entregado) VALUES (6233,770083,1,1490,1490,@@@NO@@@)','',2,'2013-07-26'),(43242,'INSERT INTO gne_vale_ferreteria (vfe_id,vfe_fecha,vfe_total,vfe_estado,vfe_entregado,usu_nusuario) VALUES (6234,@@@2013.07.26@@@,100,1,0,@@@S_BIZAMA@@@)','',2,'2013-07-26'),(43243,'INSERT INTO gne_vale_ferreteria_mov (vfe_id,pro_codigo_plu,vfm_cantidad,vfm_unitario,vfm_total,vfm_entregado) VALUES (6234,770000,2,50,100,@@@NO@@@)','',2,'2013-07-26'),(43244,'INSERT INTO gne_vale_ferreteria (vfe_id,vfe_fecha,vfe_total,vfe_estado,vfe_entregado,usu_nusuario) VALUES (6235,@@@2013.07.26@@@,260,1,0,@@@S_BIZAMA@@@)','',2,'2013-07-26'),(43245,'INSERT INTO gne_vale_ferreteria_mov (vfe_id,pro_codigo_plu,vfm_cantidad,vfm_unitario,vfm_total,vfm_entregado) VALUES (6235,102455,2,130,260,@@@NO@@@)','',2,'2013-07-26'),(43246,'INSERT INTO mae_productos (pro_codigo_plu,pro_codigo_barra,pro_tipo,pro_nombre_producto,pro_nombre_corto,med_id,emb_id,pro_unidades_embalaje,dep_id,lin_id,mar_id,pro_precio_compra_neto,pro_precio_compra_bruto,pro_precio_venta,pro_margen_actual,pro_oferta,pro_fecha_inicio_oferta,pro_fecha_termino_oferta,pro_precio_oferta,pro_stock_minimo,pro_stock_critico,pro_entradas_bodega,pro_salidas_bodega,pro_mermas_bodega,pro_ajustes_bodega,pro_entradas_sv,pro_salidas_sv,pro_mermas_sv,pro_ajustes_sv,pro_activo,rec_numero,pro_unidad,pro_capacidad,pro_consumo_bodega,pro_consumo_sv,pro_estado,pro_funcion_plu,pro_flejes,pro_iva,pro_plu_asociado,pro_envase,pro_duracion,pro_numero_etiqueta) VALUES (780721434,@@@7297445004172@@@,@@@0@@@,@@@COJIN DE ANIMALES + MANTA POLAR@@@,@@@COJIN DE ANIMALE@@@,@@@1 @@@,@@@4 @@@,@@@2@@@,@@@24 @@@,@@@207@@@,@@@2507@@@,@@@0@@@,@@@2450@@@,@@@1@@@,@@@-99.96@@@,@@@@@@,@@@2006.09.07@@@,@@@2006.09.07@@@,@@@0@@@,@@@2@@@,@@@1@@@,@@@0@@@,@@@0@@@,@@@0@@@,@@@0@@@,@@@0@@@,@@@0@@@,@@@0@@@,@@@0@@@,@@@1@@@,@@@0@@@,0,1,0,0,2,0,1,1,0,@@@NO@@@,0,0)','',2,'2013-07-26'),(43247,'DELETE FROM mae_impuestos_productos WHERE pro_codigo_plu=@@@780721434@@@','',2,'2013-07-26'),(43248,'INSERT INTO mae_productos (pro_codigo_plu,pro_codigo_barra,pro_tipo,pro_nombre_producto,pro_nombre_corto,med_id,emb_id,pro_unidades_embalaje,dep_id,lin_id,mar_id,pro_precio_compra_neto,pro_precio_compra_bruto,pro_precio_venta,pro_margen_actual,pro_oferta,pro_fecha_inicio_oferta,pro_fecha_termino_oferta,pro_precio_oferta,pro_stock_minimo,pro_stock_critico,pro_entradas_bodega,pro_salidas_bodega,pro_mermas_bodega,pro_ajustes_bodega,pro_entradas_sv,pro_salidas_sv,pro_mermas_sv,pro_ajustes_sv,pro_activo,rec_numero,pro_unidad,pro_capacidad,pro_consumo_bodega,pro_consumo_sv,pro_estado,pro_funcion_plu,pro_flejes,pro_iva,pro_plu_asociado,pro_envase,pro_duracion,pro_numero_etiqueta) VALUES (780721435,@@@780721435@@@,@@@0@@@,@@@OSO COJIN DE ANIMALES@@@,@@@OSO COJIN DE ANI@@@,@@@1 @@@,@@@4 @@@,@@@2@@@,@@@24 @@@,@@@207@@@,@@@2507@@@,@@@0@@@,@@@2450@@@,@@@1@@@,@@@-99.96@@@,@@@@@@,@@@2006.09.07@@@,@@@2006.09.07@@@,@@@0@@@,@@@2@@@,@@@1@@@,@@@0@@@,@@@0@@@,@@@0@@@,@@@0@@@,@@@0@@@,@@@0@@@,@@@0@@@,@@@0@@@,@@@1@@@,@@@0@@@,0,1,0,0,2,0,1,1,0,@@@NO@@@,0,0)','',2,'2013-07-26'),(43249,'DELETE FROM mae_impuestos_productos WHERE pro_codigo_plu=@@@780721435@@@','',2,'2013-07-26'),(43250,'INSERT INTO mae_productos (pro_codigo_plu,pro_codigo_barra,pro_tipo,pro_nombre_producto,pro_nombre_corto,med_id,emb_id,pro_unidades_embalaje,dep_id,lin_id,mar_id,pro_precio_compra_neto,pro_precio_compra_bruto,pro_precio_venta,pro_margen_actual,pro_oferta,pro_fecha_inicio_oferta,pro_fecha_termino_oferta,pro_precio_oferta,pro_stock_minimo,pro_stock_critico,pro_entradas_bodega,pro_salidas_bodega,pro_mermas_bodega,pro_ajustes_bodega,pro_entradas_sv,pro_salidas_sv,pro_mermas_sv,pro_ajustes_sv,pro_activo,rec_numero,pro_unidad,pro_capacidad,pro_consumo_bodega,pro_consumo_sv,pro_estado,pro_funcion_plu,pro_flejes,pro_iva,pro_plu_asociado,pro_envase,pro_duracion,pro_numero_etiqueta) VALUES (780721436,@@@780721436@@@,@@@0@@@,@@@COJIN CON FORMA DE ANIMALES@@@,@@@COJIN CON FORMA @@@,@@@1 @@@,@@@4 @@@,@@@4@@@,@@@24 @@@,@@@207@@@,@@@2507@@@,@@@0@@@,@@@2450@@@,@@@1@@@,@@@-99.96@@@,@@@@@@,@@@2006.09.07@@@,@@@2006.09.07@@@,@@@0@@@,@@@4@@@,@@@1@@@,@@@0@@@,@@@0@@@,@@@0@@@,@@@0@@@,@@@0@@@,@@@0@@@,@@@0@@@,@@@0@@@,@@@1@@@,@@@0@@@,0,1,0,0,2,0,1,1,0,@@@NO@@@,0,0)','',2,'2013-07-26'),(43251,'DELETE FROM mae_impuestos_productos WHERE pro_codigo_plu=@@@780721436@@@','',2,'2013-07-26'),(43252,'INSERT INTO gne_vale_ferreteria (vfe_id,vfe_fecha,vfe_total,vfe_estado,vfe_entregado,usu_nusuario) VALUES (6236,@@@2013.07.26@@@,4169,1,0,@@@m_martinez@@@)','',2,'2013-07-26'),(43253,'INSERT INTO gne_vale_ferreteria_mov (vfe_id,pro_codigo_plu,vfm_cantidad,vfm_unitario,vfm_total,vfm_entregado) VALUES (6236,763622,1,1399,1399,@@@NO@@@)','',2,'2013-07-26'),(43254,'INSERT INTO gne_vale_ferreteria_mov (vfe_id,pro_codigo_plu,vfm_cantidad,vfm_unitario,vfm_total,vfm_entregado) VALUES (6236,763596,2,90,180,@@@NO@@@)','',2,'2013-07-26'),(43255,'INSERT INTO gne_vale_ferreteria_mov (vfe_id,pro_codigo_plu,vfm_cantidad,vfm_unitario,vfm_total,vfm_entregado) VALUES (6236,763621,1,2190,2190,@@@NO@@@)','',2,'2013-07-26'),(43256,'INSERT INTO gne_vale_ferreteria_mov (vfe_id,pro_codigo_plu,vfm_cantidad,vfm_unitario,vfm_total,vfm_entregado) VALUES (6236,16430,1,160,160,@@@NO@@@)','',2,'2013-07-26'),(43257,'INSERT INTO gne_vale_ferreteria_mov (vfe_id,pro_codigo_plu,vfm_cantidad,vfm_unitario,vfm_total,vfm_entregado) VALUES (6236,780721141,2,120,240,@@@NO@@@)','',2,'2013-07-26'),(43258,'INSERT INTO gne_vale_ferreteria (vfe_id,vfe_fecha,vfe_total,vfe_estado,vfe_entregado,usu_nusuario) VALUES (6237,@@@2013.07.26@@@,3880,1,0,@@@m_martinez@@@)','',2,'2013-07-26'),(43259,'INSERT INTO gne_vale_ferreteria_mov (vfe_id,pro_codigo_plu,vfm_cantidad,vfm_unitario,vfm_total,vfm_entregado) VALUES (6237,101851,1,1890,1890,@@@NO@@@)','',2,'2013-07-26'),(43260,'INSERT INTO gne_vale_ferreteria_mov (vfe_id,pro_codigo_plu,vfm_cantidad,vfm_unitario,vfm_total,vfm_entregado) VALUES (6237,764811,1,1990,1990,@@@NO@@@)','',2,'2013-07-26'),(43261,'INSERT INTO mae_productos (pro_codigo_plu,pro_codigo_barra,pro_tipo,pro_nombre_producto,pro_nombre_corto,med_id,emb_id,pro_unidades_embalaje,dep_id,lin_id,mar_id,pro_precio_compra_neto,pro_precio_compra_bruto,pro_precio_venta,pro_margen_actual,pro_oferta,pro_fecha_inicio_oferta,pro_fecha_termino_oferta,pro_precio_oferta,pro_stock_minimo,pro_stock_critico,pro_entradas_bodega,pro_salidas_bodega,pro_mermas_bodega,pro_ajustes_bodega,pro_entradas_sv,pro_salidas_sv,pro_mermas_sv,pro_ajustes_sv,pro_activo,rec_numero,pro_unidad,pro_capacidad,pro_consumo_bodega,pro_consumo_sv,pro_estado,pro_funcion_plu,pro_flejes,pro_iva,pro_plu_asociado,pro_envase,pro_duracion,pro_numero_etiqueta) VALUES (780721437,@@@7806505993853@@@,@@@0@@@,@@@ARCHIVADOR CARTA ANCHO BURDEO@@@,@@@ARCHIVADOR CARTA@@@,@@@1 @@@,@@@6 @@@,@@@10@@@,@@@24 @@@,@@@137@@@,@@@2401@@@,@@@0@@@,@@@756.84@@@,@@@1@@@,@@@-99.87@@@,@@@@@@,@@@2006.09.07@@@,@@@2006.09.07@@@,@@@0@@@,@@@10@@@,@@@4@@@,@@@0@@@,@@@0@@@,@@@0@@@,@@@0@@@,@@@0@@@,@@@0@@@,@@@0@@@,@@@0@@@,@@@1@@@,@@@0@@@,0,1,0,0,2,0,1,1,0,@@@NO@@@,0,0)','',2,'2013-07-26'),(43262,'DELETE FROM mae_impuestos_productos WHERE pro_codigo_plu=@@@780721437@@@','',2,'2013-07-26'),(43263,'INSERT INTO gne_vale_ferreteria (vfe_id,vfe_fecha,vfe_total,vfe_estado,vfe_entregado,usu_nusuario) VALUES (6238,@@@2013.07.26@@@,3369,1,0,@@@m_martinez@@@)','',2,'2013-07-26'),(43264,'INSERT INTO gne_vale_ferreteria_mov (vfe_id,pro_codigo_plu,vfm_cantidad,vfm_unitario,vfm_total,vfm_entregado) VALUES (6238,764628,1,1790,1790,@@@NO@@@)','',2,'2013-07-26'),(43265,'INSERT INTO gne_vale_ferreteria_mov (vfe_id,pro_codigo_plu,vfm_cantidad,vfm_unitario,vfm_total,vfm_entregado) VALUES (6238,763596,2,90,180,@@@NO@@@)','',2,'2013-07-26'),(43266,'INSERT INTO gne_vale_ferreteria_mov (vfe_id,pro_codigo_plu,vfm_cantidad,vfm_unitario,vfm_total,vfm_entregado) VALUES (6238,763622,1,1399,1399,@@@NO@@@)','',2,'2013-07-26'),(43267,'INSERT INTO mae_productos (pro_codigo_plu,pro_codigo_barra,pro_tipo,pro_nombre_producto,pro_nombre_corto,med_id,emb_id,pro_unidades_embalaje,dep_id,lin_id,mar_id,pro_precio_compra_neto,pro_precio_compra_bruto,pro_precio_venta,pro_margen_actual,pro_oferta,pro_fecha_inicio_oferta,pro_fecha_termino_oferta,pro_precio_oferta,pro_stock_minimo,pro_stock_critico,pro_entradas_bodega,pro_salidas_bodega,pro_mermas_bodega,pro_ajustes_bodega,pro_entradas_sv,pro_salidas_sv,pro_mermas_sv,pro_ajustes_sv,pro_activo,rec_numero,pro_unidad,pro_capacidad,pro_consumo_bodega,pro_consumo_sv,pro_estado,pro_funcion_plu,pro_flejes,pro_iva,pro_plu_asociado,pro_envase,pro_duracion,pro_numero_etiqueta) VALUES (780721438,@@@7806505985162@@@,@@@0@@@,@@@ARCHIVADOR OFICIO ANCHO BURDEO AUCA@@@,@@@ARCHIVADOR OFICI@@@,@@@1 @@@,@@@4 @@@,@@@10@@@,@@@24 @@@,@@@137@@@,@@@2401@@@,@@@0@@@,@@@756.84@@@,@@@1@@@,@@@-99.87@@@,@@@@@@,@@@2006.09.07@@@,@@@2006.09.07@@@,@@@0@@@,@@@10@@@,@@@4@@@,@@@0@@@,@@@0@@@,@@@0@@@,@@@0@@@,@@@0@@@,@@@0@@@,@@@0@@@,@@@0@@@,@@@1@@@,@@@0@@@,0,1,0,0,2,0,1,1,0,@@@NO@@@,0,0)','',2,'2013-07-26'),(43268,'DELETE FROM mae_impuestos_productos WHERE pro_codigo_plu=@@@780721438@@@','',2,'2013-07-26'),(43269,'INSERT INTO gne_vale_ferreteria (vfe_id,vfe_fecha,vfe_total,vfe_estado,vfe_entregado,usu_nusuario) VALUES (6239,@@@2013.07.26@@@,890,1,0,@@@m_martinez@@@)','',2,'2013-07-26'),(43270,'INSERT INTO gne_vale_ferreteria_mov (vfe_id,pro_codigo_plu,vfm_cantidad,vfm_unitario,vfm_total,vfm_entregado) VALUES (6239,763632,1,890,890,@@@NO@@@)','',2,'2013-07-26'),(43271,'INSERT INTO gne_vale_ferreteria (vfe_id,vfe_fecha,vfe_total,vfe_estado,vfe_entregado,usu_nusuario) VALUES (6240,@@@2013.07.26@@@,1000,1,0,@@@m_martinez@@@)','',2,'2013-07-26'),(43272,'INSERT INTO gne_vale_ferreteria_mov (vfe_id,pro_codigo_plu,vfm_cantidad,vfm_unitario,vfm_total,vfm_entregado) VALUES (6240,78017111,10,100,1000,@@@NO@@@)','',2,'2013-07-26'),(43273,'INSERT INTO mae_productos (pro_codigo_plu,pro_codigo_barra,pro_tipo,pro_nombre_producto,pro_nombre_corto,med_id,emb_id,pro_unidades_embalaje,dep_id,lin_id,mar_id,pro_precio_compra_neto,pro_precio_compra_bruto,pro_precio_venta,pro_margen_actual,pro_oferta,pro_fecha_inicio_oferta,pro_fecha_termino_oferta,pro_precio_oferta,pro_stock_minimo,pro_stock_critico,pro_entradas_bodega,pro_salidas_bodega,pro_mermas_bodega,pro_ajustes_bodega,pro_entradas_sv,pro_salidas_sv,pro_mermas_sv,pro_ajustes_sv,pro_activo,rec_numero,pro_unidad,pro_capacidad,pro_consumo_bodega,pro_consumo_sv,pro_estado,pro_funcion_plu,pro_flejes,pro_iva,pro_plu_asociado,pro_envase,pro_duracion,pro_numero_etiqueta) VALUES (780721439,@@@2100015000052@@@,@@@0@@@,@@@ARCHIVADOR PLASTICO CALEIRO AMARILLO@@@,@@@ARCHIVADOR PLAST@@@,@@@1 @@@,@@@6 @@@,@@@10@@@,@@@24 @@@,@@@137@@@,@@@2681@@@,@@@0@@@,@@@188.02@@@,@@@1@@@,@@@-99.47@@@,@@@@@@,@@@2006.09.07@@@,@@@2006.09.07@@@,@@@0@@@,@@@10@@@,@@@4@@@,@@@0@@@,@@@0@@@,@@@0@@@,@@@0@@@,@@@0@@@,@@@0@@@,@@@0@@@,@@@0@@@,@@@1@@@,@@@0@@@,0,1,0,0,2,0,1,1,0,@@@NO@@@,0,0)','',2,'2013-07-26'),(43274,'DELETE FROM mae_impuestos_productos WHERE pro_codigo_plu=@@@780721439@@@','',2,'2013-07-26'),(43275,'INSERT INTO gne_vale_ferreteria (vfe_id,vfe_fecha,vfe_total,vfe_estado,vfe_entregado,usu_nusuario) VALUES (6241,@@@2013.07.26@@@,430,1,0,@@@m_martinez@@@)','',2,'2013-07-26'),(43276,'INSERT INTO gne_vale_ferreteria_mov (vfe_id,pro_codigo_plu,vfm_cantidad,vfm_unitario,vfm_total,vfm_entregado) VALUES (6241,16664,1,430,430,@@@NO@@@)','',2,'2013-07-26'),(43277,'INSERT INTO gne_vale_ferreteria (vfe_id,vfe_fecha,vfe_total,vfe_estado,vfe_entregado,usu_nusuario) VALUES (6242,@@@2013.07.26@@@,1080,1,0,@@@m_martinez@@@)','',2,'2013-07-26'),(43278,'INSERT INTO gne_vale_ferreteria_mov (vfe_id,pro_codigo_plu,vfm_cantidad,vfm_unitario,vfm_total,vfm_entregado) VALUES (6242,19916,2,540,1080,@@@NO@@@)','',2,'2013-07-26'),(43279,'INSERT INTO gne_vale_ferreteria (vfe_id,vfe_fecha,vfe_total,vfe_estado,vfe_entregado,usu_nusuario) VALUES (6243,@@@2013.07.26@@@,490,1,0,@@@m_martinez@@@)','',2,'2013-07-26'),(43280,'INSERT INTO gne_vale_ferreteria_mov (vfe_id,pro_codigo_plu,vfm_cantidad,vfm_unitario,vfm_total,vfm_entregado) VALUES (6243,4071,1,490,490,@@@NO@@@)','',2,'2013-07-26'),(43281,'INSERT INTO gne_vale_ferreteria (vfe_id,vfe_fecha,vfe_total,vfe_estado,vfe_entregado,usu_nusuario) VALUES (6244,@@@2013.07.26@@@,1590,1,0,@@@m_martinez@@@)','',2,'2013-07-26'),(43282,'INSERT INTO gne_vale_ferreteria_mov (vfe_id,pro_codigo_plu,vfm_cantidad,vfm_unitario,vfm_total,vfm_entregado) VALUES (6244,18640,1,1590,1590,@@@NO@@@)','',2,'2013-07-26'),(43283,'INSERT INTO gne_vale_ferreteria (vfe_id,vfe_fecha,vfe_total,vfe_estado,vfe_entregado,usu_nusuario) VALUES (6245,@@@2013.07.26@@@,300,1,0,@@@m_martinez@@@)','',2,'2013-07-26'),(43284,'INSERT INTO gne_vale_ferreteria_mov (vfe_id,pro_codigo_plu,vfm_cantidad,vfm_unitario,vfm_total,vfm_entregado) VALUES (6245,8021,1,150,150,@@@NO@@@)','',2,'2013-07-26'),(43285,'INSERT INTO gne_vale_ferreteria_mov (vfe_id,pro_codigo_plu,vfm_cantidad,vfm_unitario,vfm_total,vfm_entregado) VALUES (6245,21136,1,150,150,@@@NO@@@)','',2,'2013-07-26'),(43286,'INSERT INTO gne_vale_ferreteria (vfe_id,vfe_fecha,vfe_total,vfe_estado,vfe_entregado,usu_nusuario) VALUES (6246,@@@2013.07.26@@@,120,1,0,@@@m_martinez@@@)','',2,'2013-07-26'),(43287,'INSERT INTO gne_vale_ferreteria_mov (vfe_id,pro_codigo_plu,vfm_cantidad,vfm_unitario,vfm_total,vfm_entregado) VALUES (6246,78017154,1,120,120,@@@NO@@@)','',2,'2013-07-26'),(43288,'INSERT INTO gne_vale_ferreteria (vfe_id,vfe_fecha,vfe_total,vfe_estado,vfe_entregado,usu_nusuario) VALUES (6247,@@@2013.07.26@@@,200,1,0,@@@m_martinez@@@)','',2,'2013-07-26'),(43289,'INSERT INTO gne_vale_ferreteria_mov (vfe_id,pro_codigo_plu,vfm_cantidad,vfm_unitario,vfm_total,vfm_entregado) VALUES (6247,764702,1,200,200,@@@NO@@@)','',2,'2013-07-26'),(43290,'UPDATE mae_productos SET pro_codigo_barra=@@@327@@@,pro_tipo=@@@0@@@,pro_nombre_producto=@@@NUGGET POLLO@@@,pro_nombre_corto=@@@NUGGET POLLO@@@,med_id=@@@1@@@,emb_id=@@@1@@@,pro_unidades_embalaje=@@@1@@@,dep_id=@@@20 @@@,lin_id=@@@108@@@,mar_id=@@@2507@@@,pro_precio_compra_neto=@@@0@@@,pro_precio_compra_bruto=@@@0@@@,pro_precio_venta=@@@2500@@@,pro_margen_actual=@@@0@@@,pro_oferta=@@@NO@@@,pro_fecha_inicio_oferta=@@@1900.01.01@@@,pro_fecha_termino_oferta=@@@1900.01.01@@@,pro_precio_oferta=@@@0@@@,pro_stock_minimo=@@@1@@@,pro_stock_critico=@@@1@@@,pro_activo=@@@1@@@,pro_unidad=@@@1@@@,pro_precio_compra_bruto=0,pro_margen_actual=0,pro_capacidad=1,pro_funcion_plu=1,pro_flejes=0,pro_iva=1,pro_plu_asociado=0,pro_envase=@@@NO@@@,pro_duracion=0,pro_numero_etiqueta=1 WHERE pro_codigo_plu=@@@327@@@','',2,'2013-07-26'),(43291,'UPDATE mae_productos SET pro_estado=1 WHERE pro_codigo_plu=327','',2,'2013-07-26'),(43292,'DELETE FROM mae_impuestos_productos WHERE pro_codigo_plu=@@@327@@@','',2,'2013-07-26'),(43293,'UPDATE mae_productos SET pro_codigo_barra=@@@205@@@,pro_tipo=@@@0@@@,pro_nombre_producto=@@@CHULETA VETADA@@@,pro_nombre_corto=@@@CHULETA VETADA@@@,med_id=@@@2@@@,emb_id=@@@1@@@,pro_unidades_embalaje=@@@1@@@,dep_id=@@@11 @@@,lin_id=@@@70@@@,mar_id=@@@2507@@@,pro_precio_compra_neto=@@@0@@@,pro_precio_compra_bruto=@@@2249.08@@@,pro_precio_venta=@@@3290@@@,pro_margen_actual=@@@46.28@@@,pro_oferta=@@@NO@@@,pro_fecha_inicio_oferta=@@@1900.01.01@@@,pro_fecha_termino_oferta=@@@1900.01.01@@@,pro_precio_oferta=@@@0@@@,pro_stock_minimo=@@@1@@@,pro_stock_critico=@@@1@@@,pro_activo=@@@1@@@,pro_unidad=@@@1@@@,pro_precio_compra_bruto=2249.08,pro_margen_actual=46.28,pro_capacidad=1,pro_funcion_plu=1,pro_flejes=1,pro_iva=1,pro_plu_asociado=0,pro_envase=@@@NO@@@,pro_duracion=0,pro_numero_etiqueta=1 WHERE pro_codigo_plu=@@@205@@@','',2,'2013-07-26'),(43294,'UPDATE mae_productos SET pro_estado=1 WHERE pro_codigo_plu=205','',2,'2013-07-26'),(43295,'DELETE FROM mae_impuestos_productos WHERE pro_codigo_plu=@@@205@@@','',2,'2013-07-26'),(43296,'INSERT INTO gne_vale_ferreteria (vfe_id,vfe_fecha,vfe_total,vfe_estado,vfe_entregado,usu_nusuario) VALUES (6248,@@@2013.07.26@@@,1290,1,0,@@@m_martinez@@@)','',2,'2013-07-26'),(43297,'INSERT INTO gne_vale_ferreteria_mov (vfe_id,pro_codigo_plu,vfm_cantidad,vfm_unitario,vfm_total,vfm_entregado) VALUES (6248,764570,1,1290,1290,@@@NO@@@)','',2,'2013-07-26'),(43298,'UPDATE mae_productos SET pro_codigo_barra=@@@216@@@,pro_tipo=@@@0@@@,pro_nombre_producto=@@@PULPA CERDO@@@,pro_nombre_corto=@@@PULPA CERDO@@@,med_id=@@@2@@@,emb_id=@@@1@@@,pro_unidades_embalaje=@@@1@@@,dep_id=@@@11 @@@,lin_id=@@@70@@@,mar_id=@@@2507@@@,pro_precio_compra_neto=@@@2239.92@@@,pro_precio_compra_bruto=@@@2798.88@@@,pro_precio_venta=@@@3950@@@,pro_margen_actual=@@@41.13@@@,pro_oferta=@@@NO@@@,pro_fecha_inicio_oferta=@@@1900.01.01@@@,pro_fecha_termino_oferta=@@@1900.01.01@@@,pro_precio_oferta=@@@0@@@,pro_stock_minimo=@@@15@@@,pro_stock_critico=@@@10@@@,pro_activo=@@@1@@@,pro_unidad=@@@1@@@,pro_precio_compra_bruto=2798.88,pro_margen_actual=41.13,pro_capacidad=1,pro_funcion_plu=1,pro_flejes=1,pro_iva=1,pro_plu_asociado=0,pro_envase=@@@NO@@@,pro_duracion=0,pro_numero_etiqueta=1 WHERE pro_codigo_plu=@@@216@@@','',2,'2013-07-26'),(43299,'UPDATE mae_productos SET pro_estado=1 WHERE pro_codigo_plu=216','',2,'2013-07-26'),(43300,'DELETE FROM mae_impuestos_productos WHERE pro_codigo_plu=@@@216@@@','',2,'2013-07-26'),(43301,'UPDATE mae_productos SET pro_codigo_barra=@@@107@@@,pro_tipo=@@@0@@@,pro_nombre_producto=@@@COGOTE PAVO@@@,pro_nombre_corto=@@@COGOTE PAVO@@@,med_id=@@@2@@@,emb_id=@@@1@@@,pro_unidades_embalaje=@@@1@@@,dep_id=@@@9 @@@,lin_id=@@@65@@@,mar_id=@@@2507@@@,pro_precio_compra_neto=@@@500@@@,pro_precio_compra_bruto=@@@595@@@,pro_precio_venta=@@@899@@@,pro_margen_actual=@@@51.09@@@,pro_oferta=@@@NO@@@,pro_fecha_inicio_oferta=@@@1900.01.01@@@,pro_fecha_termino_oferta=@@@1900.01.01@@@,pro_precio_oferta=@@@0@@@,pro_stock_minimo=@@@1@@@,pro_stock_critico=@@@1@@@,pro_activo=@@@1@@@,pro_unidad=@@@1@@@,pro_precio_compra_bruto=595,pro_margen_actual=51.09,pro_capacidad=1,pro_funcion_plu=1,pro_flejes=0,pro_iva=1,pro_plu_asociado=0,pro_envase=@@@NO@@@,pro_duracion=0,pro_numero_etiqueta=1 WHERE pro_codigo_plu=@@@107@@@','',2,'2013-07-26'),(43302,'UPDATE mae_productos SET pro_estado=1 WHERE pro_codigo_plu=107','',2,'2013-07-26'),(43303,'DELETE FROM mae_impuestos_productos WHERE pro_codigo_plu=@@@107@@@','',2,'2013-07-26'),(43304,'UPDATE mae_productos SET pro_codigo_barra=@@@129@@@,pro_tipo=@@@0@@@,pro_nombre_producto=@@@TUTO ALA DE PAVO@@@,pro_nombre_corto=@@@TUTO ALA DE PAVO@@@,med_id=@@@2@@@,emb_id=@@@1@@@,pro_unidades_embalaje=@@@1@@@,dep_id=@@@9 @@@,lin_id=@@@66@@@,mar_id=@@@2507@@@,pro_precio_compra_neto=@@@0@@@,pro_precio_compra_bruto=@@@880.5@@@,pro_precio_venta=@@@1690@@@,pro_margen_actual=@@@91.94@@@,pro_oferta=@@@NO@@@,pro_fecha_inicio_oferta=@@@1900.01.01@@@,pro_fecha_termino_oferta=@@@1900.01.01@@@,pro_precio_oferta=@@@0@@@,pro_stock_minimo=@@@1@@@,pro_stock_critico=@@@1@@@,pro_activo=@@@1@@@,pro_unidad=@@@1@@@,pro_precio_compra_bruto=880.5,pro_margen_actual=91.94,pro_capacidad=1,pro_funcion_plu=1,pro_flejes=0,pro_iva=1,pro_plu_asociado=0,pro_envase=@@@NO@@@,pro_duracion=0,pro_numero_etiqueta=1 WHERE pro_codigo_plu=@@@129@@@','',2,'2013-07-26'),(43305,'UPDATE mae_productos SET pro_estado=1 WHERE pro_codigo_plu=129','',2,'2013-07-26'),(43306,'DELETE FROM mae_impuestos_productos WHERE pro_codigo_plu=@@@129@@@','',2,'2013-07-26'),(43307,'INSERT INTO gne_vale_ferreteria (vfe_id,vfe_fecha,vfe_total,vfe_estado,vfe_entregado,usu_nusuario) VALUES (6249,@@@2013.07.26@@@,1890,1,0,@@@m_martinez@@@)','',2,'2013-07-26'),(43308,'INSERT INTO gne_vale_ferreteria_mov (vfe_id,pro_codigo_plu,vfm_cantidad,vfm_unitario,vfm_total,vfm_entregado) VALUES (6249,763754,1,1890,1890,@@@NO@@@)','',2,'2013-07-26'),(43309,'INSERT INTO gne_vale_ferreteria (vfe_id,vfe_fecha,vfe_total,vfe_estado,vfe_entregado,usu_nusuario) VALUES (6250,@@@2013.07.26@@@,2790,1,0,@@@m_martinez@@@)','',2,'2013-07-26'),(43310,'INSERT INTO gne_vale_ferreteria_mov (vfe_id,pro_codigo_plu,vfm_cantidad,vfm_unitario,vfm_total,vfm_entregado) VALUES (6250,780721064,1,2790,2790,@@@NO@@@)','',2,'2013-07-26'),(43311,'INSERT INTO gne_vale_ferreteria (vfe_id,vfe_fecha,vfe_total,vfe_estado,vfe_entregado,usu_nusuario) VALUES (6251,@@@2013.07.26@@@,490,1,0,@@@m_martinez@@@)','',2,'2013-07-26'),(43312,'INSERT INTO gne_vale_ferreteria_mov (vfe_id,pro_codigo_plu,vfm_cantidad,vfm_unitario,vfm_total,vfm_entregado) VALUES (6251,78017198,1,490,490,@@@NO@@@)','',2,'2013-07-26'),(43313,'INSERT INTO gne_vale_ferreteria (vfe_id,vfe_fecha,vfe_total,vfe_estado,vfe_entregado,usu_nusuario) VALUES (6252,@@@2013.07.26@@@,1,1,0,@@@m_martinez@@@)','',2,'2013-07-26'),(43314,'INSERT INTO gne_vale_ferreteria_mov (vfe_id,pro_codigo_plu,vfm_cantidad,vfm_unitario,vfm_total,vfm_entregado) VALUES (6252,2500,1,1,1,@@@NO@@@)','',2,'2013-07-26'),(43315,'UPDATE mae_productos SET pro_precio_venta=130,pro_margen_actual=76.2, pro_precio_compra_bruto=73.78, pro_precio_compra_neto=62 WHERE pro_codigo_plu=19749','',2,'2013-07-26'),(43316,'UPDATE mae_productos SET pro_precio_compra_bruto=73.78,pro_margen_actual=(pro_precio_venta-73.78)/73.78 * 100,pro_ultima_compra=@@@2013.07.26@@@,pro_ultimo_proveedor=@@@79984240-8@@@ WHERE pro_codigo_plu=19749','',2,'2013-07-26'),(43317,'UPDATE mae_productos SET pro_precio_compra_bruto=1416.1,pro_margen_actual=(pro_precio_venta-1416.1)/1416.1 * 100,pro_ultima_compra=@@@2013.07.26@@@,pro_ultimo_proveedor=@@@79984240-8@@@ WHERE pro_codigo_plu=327','',2,'2013-07-26'),(43318,'UPDATE mae_productos SET pro_precio_compra_bruto=133.28,pro_margen_actual=(pro_precio_venta-133.28)/133.28 * 100,pro_ultima_compra=@@@2013.07.26@@@,pro_ultimo_proveedor=@@@79984240-8@@@ WHERE pro_codigo_plu=19733','',2,'2013-07-26'),(43319,'UPDATE mae_productos SET pro_precio_compra_bruto=163.03,pro_margen_actual=(pro_precio_venta-163.03)/163.03 * 100,pro_ultima_compra=@@@2013.07.26@@@,pro_ultimo_proveedor=@@@79984240-8@@@ WHERE pro_codigo_plu=763548','',2,'2013-07-26'),(43320,'UPDATE mae_productos SET pro_precio_compra_bruto=350.8,pro_margen_actual=(pro_precio_venta-350.8)/350.8 * 100,pro_ultima_compra=@@@2013.07.26@@@,pro_ultimo_proveedor=@@@79984240-8@@@ WHERE pro_codigo_plu=765077','',2,'2013-07-26'),(43321,'UPDATE mae_productos SET pro_precio_compra_bruto=247.5,pro_margen_actual=(pro_precio_venta-247.5)/247.5 * 100,pro_ultima_compra=@@@2013.07.26@@@,pro_ultimo_proveedor=@@@79984240-8@@@ WHERE pro_codigo_plu=19681','',2,'2013-07-26'),(43322,'UPDATE mae_productos SET pro_precio_compra_bruto=247.52,pro_margen_actual=(pro_precio_venta-247.52)/247.52 * 100,pro_ultima_compra=@@@2013.07.26@@@,pro_ultimo_proveedor=@@@79984240-8@@@ WHERE pro_codigo_plu=19677','',2,'2013-07-26'),(43323,'UPDATE mae_productos SET pro_precio_fiscal=pro_precio_venta WHERE pro_codigo_plu=780721433','',2,'2013-07-26'),(43324,'UPDATE mae_productos SET pro_precio_fiscal=pro_precio_venta WHERE pro_codigo_plu=101766','',2,'2013-07-26'),(43325,'UPDATE mae_productos SET pro_precio_fiscal=pro_precio_venta WHERE pro_codigo_plu=19783','',2,'2013-07-26'),(43326,'UPDATE mae_productos SET pro_precio_fiscal=pro_precio_venta WHERE pro_codigo_plu=780721430','',2,'2013-07-26'),(43327,'UPDATE mae_productos SET pro_precio_fiscal=pro_precio_venta WHERE pro_codigo_plu=780721431','',2,'2013-07-26'),(43328,'UPDATE mae_productos SET pro_precio_fiscal=pro_precio_venta WHERE pro_codigo_plu=20912','',2,'2013-07-26'),(43329,'UPDATE mae_productos SET pro_precio_fiscal=pro_precio_venta WHERE pro_codigo_plu=1467','',2,'2013-07-26'),(43330,'UPDATE mae_productos SET pro_precio_fiscal=pro_precio_venta WHERE pro_codigo_plu=20335','',2,'2013-07-26'),(43331,'UPDATE mae_productos SET pro_precio_fiscal=pro_precio_venta WHERE pro_codigo_plu=262482','',2,'2013-07-26'),(43332,'UPDATE mae_productos SET pro_precio_fiscal=pro_precio_venta WHERE pro_codigo_plu=262241','',2,'2013-07-26'),(43333,'UPDATE mae_productos SET pro_precio_fiscal=pro_precio_venta WHERE pro_codigo_plu=1079','',2,'2013-07-26'),(43334,'UPDATE mae_productos SET pro_precio_fiscal=pro_precio_venta WHERE pro_codigo_plu=100397','',2,'2013-07-26'),(43335,'UPDATE mae_productos SET pro_precio_fiscal=pro_precio_venta WHERE pro_codigo_plu=762251','',2,'2013-07-26'),(43336,'UPDATE mae_productos SET pro_precio_fiscal=pro_precio_venta WHERE pro_codigo_plu=780721428','',2,'2013-07-26'),(43337,'UPDATE mae_productos SET pro_precio_fiscal=pro_precio_venta WHERE pro_codigo_plu=780721426','',2,'2013-07-26'),(43338,'UPDATE mae_productos SET pro_precio_fiscal=pro_precio_venta WHERE pro_codigo_plu=780721427','',2,'2013-07-26'),(43339,'UPDATE mae_productos SET pro_precio_fiscal=pro_precio_venta WHERE pro_codigo_plu=780721432','',2,'2013-07-26'),(43340,'UPDATE mae_productos SET pro_precio_fiscal=pro_precio_venta WHERE pro_codigo_plu=19749','',2,'2013-07-26'),(43341,'INSERT INTO gne_vale_ferreteria (vfe_id,vfe_fecha,vfe_total,vfe_estado,vfe_entregado,usu_nusuario) VALUES (6253,@@@2013.07.26@@@,100,1,0,@@@m_martinez@@@)','',2,'2013-07-26'),(43342,'INSERT INTO gne_vale_ferreteria_mov (vfe_id,pro_codigo_plu,vfm_cantidad,vfm_unitario,vfm_total,vfm_entregado) VALUES (6253,20141,1,100,100,@@@NO@@@)','',2,'2013-07-26'),(43343,'INSERT INTO gpr_pack_virtual (pav_id,pav_nombre,pav_total_pack,pav_total_descuento,pav_desde,pav_hasta,pav_tipo,pav_precio,pav_lleva,pav_paga,pav_descuento,pav_porcentaje,pav_oferta_exclusiva,pav_agotar_stock,pav_stock,pav_costo,pav_margen) VALUES (51,@@@PACK 10 HAMBURGESAS X $ 990@@@,990,310,@@@2013-07-26@@@,@@@2013-08-31@@@,@@@PA@@@,130,10,7.6,2.4,1,@@@NO@@@,@@@SI@@@,500,737.8,34.18)','',2,'2013-07-26'),(43344,'INSERT INTO gpr_pack_virtual_mov (pav_id,pro_codigo_plu,pvm_precio,pvm_total,pvm_lleva,pvm_paga,pvm_descuento,pvm_porcentaje,pvm_total_normal,pvm_descuento_linea,pvm_costo,pvm_margen) VALUES (51,19749,130,0,1,1,0,0,130,31,73.78,34.18)','',2,'2013-07-26'),(43345,'INSERT INTO gpr_pack_virtual_horario (pav_id,pvh_dia,pvh_hora_desde,pvh_hora_hasta) VALUES (51,99,@@@00:00@@@,@@@23:59@@@)','',2,'2013-07-26'),(43346,'INSERT INTO gne_vale_ferreteria (vfe_id,vfe_fecha,vfe_total,vfe_estado,vfe_entregado,usu_nusuario) VALUES (6254,@@@2013.07.26@@@,150,1,0,@@@m_martinez@@@)','',2,'2013-07-26'),(43347,'INSERT INTO gne_vale_ferreteria_mov (vfe_id,pro_codigo_plu,vfm_cantidad,vfm_unitario,vfm_total,vfm_entregado) VALUES (6254,8021,1,150,150,@@@NO@@@)','',2,'2013-07-26'),(43348,'INSERT INTO gpr_pack_virtual (pav_id,pav_nombre,pav_total_pack,pav_total_descuento,pav_desde,pav_hasta,pav_tipo,pav_precio,pav_lleva,pav_paga,pav_descuento,pav_porcentaje,pav_oferta_exclusiva,pav_agotar_stock,pav_stock,pav_costo,pav_margen) VALUES (52,@@@PACK 5 croqueta spollo X $ 999@@@,999,201,@@@2013-07-26@@@,@@@2013-08-31@@@,@@@PA@@@,240,5,4.1,0.9,17,@@@NO@@@,@@@NO@@@,0,666.4,49.91)','',2,'2013-07-26'),(43349,'INSERT INTO gpr_pack_virtual_mov (pav_id,pro_codigo_plu,pvm_precio,pvm_total,pvm_lleva,pvm_paga,pvm_descuento,pvm_porcentaje,pvm_total_normal,pvm_descuento_linea,pvm_costo,pvm_margen) VALUES (52,19733,240,0,1,1,0,0,240,40.2,133.28,49.91)','',2,'2013-07-26'),(43350,'INSERT INTO gpr_pack_virtual_horario (pav_id,pvh_dia,pvh_hora_desde,pvh_hora_hasta) VALUES (52,99,@@@00:00@@@,@@@23:59@@@)','',2,'2013-07-26'),(43351,'INSERT INTO gpr_pack_virtual (pav_id,pav_nombre,pav_total_pack,pav_total_descuento,pav_desde,pav_hasta,pav_tipo,pav_precio,pav_lleva,pav_paga,pav_descuento,pav_porcentaje,pav_oferta_exclusiva,pav_agotar_stock,pav_stock,pav_costo,pav_margen) VALUES (53,@@@PACK 5 CROCANTES X $ 1190@@@,1190,260,@@@2013-07-26@@@,@@@2013-08-31@@@,@@@PA@@@,290,5,4,1,30,@@@NO@@@,@@@SI@@@,500,815.15,45.99)','',2,'2013-07-26'),(43352,'INSERT INTO gpr_pack_virtual_mov (pav_id,pro_codigo_plu,pvm_precio,pvm_total,pvm_lleva,pvm_paga,pvm_descuento,pvm_porcentaje,pvm_total_normal,pvm_descuento_linea,pvm_costo,pvm_margen) VALUES (53,763548,290,0,1,1,0,0,290,52,163.03,45.99)','',2,'2013-07-26'),(43353,'INSERT INTO gpr_pack_virtual_horario (pav_id,pvh_dia,pvh_hora_desde,pvh_hora_hasta) VALUES (53,99,@@@00:00@@@,@@@23:59@@@)','',2,'2013-07-26'),(43354,'UPDATE gpr_pack_virtual SET pav_nombre=@@@1@@@,pav_total_pack=1190,pav_total_descuento=260,pav_desde=@@@2013-07-26@@@,pav_hasta=@@@2013-07-26@@@,pav_tipo=@@@PA@@@,pav_precio=290,pav_lleva=5,pav_paga=4,pav_descuento=1,pav_porcentaje=30,pav_oferta_exclusiva=@@@NO@@@,pav_agotar_stock=@@@SI@@@,pav_stock=500,pav_costo=815.15,pav_margen=45.99 WHERE pav_id=53','',2,'2013-07-26'),(43355,'DELETE FROM gpr_pack_virtual_mov WHERE pav_id=53','',2,'2013-07-26'),(43356,'DELETE FROM gpr_pack_virtual_horario WHERE pav_id=53','',2,'2013-07-26'),(43357,'INSERT INTO gpr_pack_virtual_mov (pav_id,pro_codigo_plu,pvm_precio,pvm_total,pvm_lleva,pvm_paga,pvm_descuento,pvm_porcentaje,pvm_total_normal,pvm_descuento_linea,pvm_costo,pvm_margen) VALUES (53,763548,290,0,1,1,0,0,290,52,163.03,45.99)','',2,'2013-07-26'),(43358,'INSERT INTO gpr_pack_virtual_horario (pav_id,pvh_dia,pvh_hora_desde,pvh_hora_hasta) VALUES (53,99,@@@00:00@@@,@@@23:59@@@)','',2,'2013-07-26'),(43359,'INSERT INTO gpr_pack_virtual (pav_id,pav_nombre,pav_total_pack,pav_total_descuento,pav_desde,pav_hasta,pav_tipo,pav_precio,pav_lleva,pav_paga,pav_descuento,pav_porcentaje,pav_oferta_exclusiva,pav_agotar_stock,pav_stock,pav_costo,pav_margen) VALUES (54,@@@PACK 2 CHURRASCO X $ 1090@@@,1090,290,@@@2013-07-26@@@,@@@2013-08-31@@@,@@@PA@@@,690,2,1.55,0.45,45,@@@NO@@@,@@@SI@@@,100,701.6,55.36)','',2,'2013-07-26'),(43360,'INSERT INTO gpr_pack_virtual_mov (pav_id,pro_codigo_plu,pvm_precio,pvm_total,pvm_lleva,pvm_paga,pvm_descuento,pvm_porcentaje,pvm_total_normal,pvm_descuento_linea,pvm_costo,pvm_margen) VALUES (54,765077,690,0,1,1,0,0,690,145,350.8,55.36)','',2,'2013-07-26'),(43361,'INSERT INTO gpr_pack_virtual_horario (pav_id,pvh_dia,pvh_hora_desde,pvh_hora_hasta) VALUES (54,99,@@@00:00@@@,@@@23:59@@@)','',2,'2013-07-26'),(43362,'INSERT INTO gne_vale_ferreteria (vfe_id,vfe_fecha,vfe_total,vfe_estado,vfe_entregado,usu_nusuario) VALUES (6255,@@@2013.07.26@@@,320,1,0,@@@m_martinez@@@)','',2,'2013-07-26'),(43363,'INSERT INTO gne_vale_ferreteria_mov (vfe_id,pro_codigo_plu,vfm_cantidad,vfm_unitario,vfm_total,vfm_entregado) VALUES (6255,763771,1,320,320,@@@NO@@@)','',2,'2013-07-26'),(43364,'UPDATE mae_productos SET pro_precio_venta=3350,pro_margen_actual=38.68, pro_precio_compra_bruto=2415.7, pro_precio_compra_neto=2030 WHERE pro_codigo_plu=205','',2,'2013-07-26'),(43365,'UPDATE mae_productos SET pro_precio_venta=3750,pro_margen_actual=41.03, pro_precio_compra_bruto=2658.936, pro_precio_compra_neto=2234.4 WHERE pro_codigo_plu=216','',2,'2013-07-26'),(43366,'UPDATE mae_productos SET pro_precio_venta=1390,pro_margen_actual=46.01, pro_precio_compra_bruto=952, pro_precio_compra_neto=800 WHERE pro_codigo_plu=129','',2,'2013-07-26'),(43367,'INSERT INTO gne_vale_ferreteria (vfe_id,vfe_fecha,vfe_total,vfe_estado,vfe_entregado,usu_nusuario) VALUES (6256,@@@2013.07.26@@@,615,1,0,@@@m_martinez@@@)','',2,'2013-07-26'),(43368,'INSERT INTO gne_vale_ferreteria_mov (vfe_id,pro_codigo_plu,vfm_cantidad,vfm_unitario,vfm_total,vfm_entregado) VALUES (6256,78017204,1,120,120,@@@NO@@@)','',2,'2013-07-26'),(43369,'INSERT INTO gne_vale_ferreteria_mov (vfe_id,pro_codigo_plu,vfm_cantidad,vfm_unitario,vfm_total,vfm_entregado) VALUES (6256,21117,1,495,495,@@@NO@@@)','',2,'2013-07-26'),(43370,'INSERT INTO gne_vale_ferreteria (vfe_id,vfe_fecha,vfe_total,vfe_estado,vfe_entregado,usu_nusuario) VALUES (6257,@@@2013.07.26@@@,1490,1,0,@@@m_martinez@@@)','',2,'2013-07-26'),(43371,'INSERT INTO gne_vale_ferreteria_mov (vfe_id,pro_codigo_plu,vfm_cantidad,vfm_unitario,vfm_total,vfm_entregado) VALUES (6257,764926,1,1490,1490,@@@NO@@@)','',2,'2013-07-26'),(43372,'INSERT INTO gne_vale_ferreteria (vfe_id,vfe_fecha,vfe_total,vfe_estado,vfe_entregado,usu_nusuario) VALUES (6258,@@@2013.07.26@@@,1640,1,0,@@@m_martinez@@@)','',2,'2013-07-26'),(43373,'INSERT INTO gne_vale_ferreteria_mov (vfe_id,pro_codigo_plu,vfm_cantidad,vfm_unitario,vfm_total,vfm_entregado) VALUES (6258,12608,5,250,1250,@@@NO@@@)','',2,'2013-07-26'),(43374,'INSERT INTO gne_vale_ferreteria_mov (vfe_id,pro_codigo_plu,vfm_cantidad,vfm_unitario,vfm_total,vfm_entregado) VALUES (6258,1535,1,390,390,@@@NO@@@)','',2,'2013-07-26'),(43375,'INSERT INTO gne_vale_ferreteria (vfe_id,vfe_fecha,vfe_total,vfe_estado,vfe_entregado,usu_nusuario) VALUES (6259,@@@2013.07.26@@@,1680,1,0,@@@m_martinez@@@)','',2,'2013-07-26'),(43376,'INSERT INTO gne_vale_ferreteria_mov (vfe_id,pro_codigo_plu,vfm_cantidad,vfm_unitario,vfm_total,vfm_entregado) VALUES (6259,11670,2,840,1680,@@@NO@@@)','',2,'2013-07-26'),(43377,'INSERT INTO gne_vale_ferreteria (vfe_id,vfe_fecha,vfe_total,vfe_estado,vfe_entregado,usu_nusuario) VALUES (6260,@@@2013.07.26@@@,5990,1,0,@@@m_martinez@@@)','',2,'2013-07-26'),(43378,'INSERT INTO gne_vale_ferreteria_mov (vfe_id,pro_codigo_plu,vfm_cantidad,vfm_unitario,vfm_total,vfm_entregado) VALUES (6260,764905,1,5990,5990,@@@NO@@@)','',2,'2013-07-26'),(43379,'INSERT INTO gne_vale_ferreteria (vfe_id,vfe_fecha,vfe_total,vfe_estado,vfe_entregado,usu_nusuario) VALUES (6261,@@@2013.07.26@@@,480,1,0,@@@m_martinez@@@)','',2,'2013-07-26'),(43380,'INSERT INTO gne_vale_ferreteria_mov (vfe_id,pro_codigo_plu,vfm_cantidad,vfm_unitario,vfm_total,vfm_entregado) VALUES (6261,15949,1,480,480,@@@NO@@@)','',2,'2013-07-26'),(43381,'INSERT INTO gne_vale_ferreteria (vfe_id,vfe_fecha,vfe_total,vfe_estado,vfe_entregado,usu_nusuario) VALUES (6262,@@@2013.07.26@@@,100,1,0,@@@m_martinez@@@)','',2,'2013-07-26'),(43382,'INSERT INTO gne_vale_ferreteria_mov (vfe_id,pro_codigo_plu,vfm_cantidad,vfm_unitario,vfm_total,vfm_entregado) VALUES (6262,7051,1,100,100,@@@NO@@@)','',2,'2013-07-26'),(43383,'INSERT INTO gne_vale_ferreteria (vfe_id,vfe_fecha,vfe_total,vfe_estado,vfe_entregado,usu_nusuario) VALUES (6263,@@@2013.07.26@@@,1400,1,0,@@@m_martinez@@@)','',2,'2013-07-26'),(43384,'INSERT INTO gne_vale_ferreteria_mov (vfe_id,pro_codigo_plu,vfm_cantidad,vfm_unitario,vfm_total,vfm_entregado) VALUES (6263,16664,1,430,430,@@@NO@@@)','',2,'2013-07-26'),(43385,'INSERT INTO gne_vale_ferreteria_mov (vfe_id,pro_codigo_plu,vfm_cantidad,vfm_unitario,vfm_total,vfm_entregado) VALUES (6263,764532,1,380,380,@@@NO@@@)','',2,'2013-07-26'),(43386,'INSERT INTO gne_vale_ferreteria_mov (vfe_id,pro_codigo_plu,vfm_cantidad,vfm_unitario,vfm_total,vfm_entregado) VALUES (6263,15485,1,590,590,@@@NO@@@)','',2,'2013-07-26'),(43387,'UPDATE mae_productos SET pro_codigo_barra=@@@309@@@,pro_tipo=@@@0@@@,pro_nombre_producto=@@@PATE@@@,pro_nombre_corto=@@@PATE@@@,med_id=@@@1@@@,emb_id=@@@1@@@,pro_unidades_embalaje=@@@1@@@,dep_id=@@@12 @@@,lin_id=@@@74@@@,mar_id=@@@2507@@@,pro_precio_compra_neto=@@@1974.79@@@,pro_precio_compra_bruto=@@@2352.3@@@,pro_precio_venta=@@@3190@@@,pro_margen_actual=@@@35.61@@@,pro_oferta=@@@NO@@@,pro_fecha_inicio_oferta=@@@1900.01.01@@@,pro_fecha_termino_oferta=@@@1900.01.01@@@,pro_precio_oferta=@@@0@@@,pro_stock_minimo=@@@1@@@,pro_stock_critico=@@@1@@@,pro_activo=@@@1@@@,pro_unidad=@@@1@@@,pro_precio_compra_bruto=2352.3,pro_margen_actual=35.61,pro_capacidad=1,pro_funcion_plu=1,pro_flejes=0,pro_iva=1,pro_plu_asociado=0,pro_envase=@@@NO@@@,pro_duracion=0,pro_numero_etiqueta=1 WHERE pro_codigo_plu=@@@309@@@','',2,'2013-07-26'),(43388,'UPDATE mae_productos SET pro_estado=1 WHERE pro_codigo_plu=309','',2,'2013-07-26'),(43389,'DELETE FROM mae_impuestos_productos WHERE pro_codigo_plu=@@@309@@@','',2,'2013-07-26'),(43390,'UPDATE mae_productos SET pro_precio_fiscal=pro_precio_venta WHERE pro_codigo_plu=129','',2,'2013-07-26'),(43391,'UPDATE mae_productos SET pro_precio_fiscal=pro_precio_venta WHERE pro_codigo_plu=205','',2,'2013-07-26'),(43392,'UPDATE mae_productos SET pro_precio_fiscal=pro_precio_venta WHERE pro_codigo_plu=216','',2,'2013-07-26'),(43393,'UPDATE mae_productos SET pro_codigo_barra=@@@215@@@,pro_tipo=@@@0@@@,pro_nombre_producto=@@@PRIETAS@@@,pro_nombre_corto=@@@PRIETAS@@@,med_id=@@@2@@@,emb_id=@@@1@@@,pro_unidades_embalaje=@@@1@@@,dep_id=@@@11 @@@,lin_id=@@@70@@@,mar_id=@@@2507@@@,pro_precio_compra_neto=@@@0@@@,pro_precio_compra_bruto=@@@1535@@@,pro_precio_venta=@@@1990@@@,pro_margen_actual=@@@29.64@@@,pro_oferta=@@@NO@@@,pro_fecha_inicio_oferta=@@@1900.01.01@@@,pro_fecha_termino_oferta=@@@1900.01.01@@@,pro_precio_oferta=@@@0@@@,pro_stock_minimo=@@@5@@@,pro_stock_critico=@@@2@@@,pro_activo=@@@1@@@,pro_unidad=@@@1@@@,pro_precio_compra_bruto=1535,pro_margen_actual=29.64,pro_capacidad=1,pro_funcion_plu=1,pro_flejes=0,pro_iva=1,pro_plu_asociado=0,pro_envase=@@@NO@@@,pro_duracion=0,pro_numero_etiqueta=1 WHERE pro_codigo_plu=@@@215@@@','',2,'2013-07-26'),(43394,'UPDATE mae_productos SET pro_estado=1 WHERE pro_codigo_plu=215','',2,'2013-07-26'),(43395,'DELETE FROM mae_impuestos_productos WHERE pro_codigo_plu=@@@215@@@','',2,'2013-07-26'),(43396,'UPDATE mae_productos SET pro_precio_compra_bruto=583.1,pro_margen_actual=(pro_precio_venta-583.1)/583.1 * 100,pro_ultima_compra=@@@2013.07.26@@@,pro_ultimo_proveedor=@@@79984240-8@@@ WHERE pro_codigo_plu=111','',2,'2013-07-26'),(43397,'UPDATE mae_productos SET pro_precio_compra_bruto=1094.8,pro_margen_actual=(pro_precio_venta-1094.8)/1094.8 * 100,pro_ultima_compra=@@@2013.07.26@@@,pro_ultimo_proveedor=@@@79984240-8@@@ WHERE pro_codigo_plu=128','',2,'2013-07-26'),(43398,'UPDATE mae_productos SET pro_precio_compra_bruto=1249.5,pro_margen_actual=(pro_precio_venta-1249.5)/1249.5 * 100,pro_ultima_compra=@@@2013.07.26@@@,pro_ultimo_proveedor=@@@79984240-8@@@ WHERE pro_codigo_plu=102','',2,'2013-07-26'),(43399,'UPDATE mae_productos SET pro_precio_compra_bruto=2415.7,pro_margen_actual=(pro_precio_venta-2415.7)/2415.7 * 100,pro_ultima_compra=@@@2013.07.26@@@,pro_ultimo_proveedor=@@@79984240-8@@@ WHERE pro_codigo_plu=205','',2,'2013-07-26'),(43400,'UPDATE mae_productos SET pro_precio_compra_bruto=2658.936,pro_margen_actual=(pro_precio_venta-2658.936)/2658.936 * 100,pro_ultima_compra=@@@2013.07.26@@@,pro_ultimo_proveedor=@@@79984240-8@@@ WHERE pro_codigo_plu=216','',2,'2013-07-26'),(43401,'UPDATE mae_productos SET pro_precio_compra_bruto=2046.7,pro_margen_actual=(pro_precio_venta-2046.7)/2046.7 * 100,pro_ultima_compra=@@@2013.07.26@@@,pro_ultimo_proveedor=@@@79984240-8@@@ WHERE pro_codigo_plu=213','',2,'2013-07-26'),(43402,'UPDATE mae_productos SET pro_precio_compra_bruto=595,pro_margen_actual=(pro_precio_venta-595)/595 * 100,pro_ultima_compra=@@@2013.07.26@@@,pro_ultimo_proveedor=@@@79984240-8@@@ WHERE pro_codigo_plu=107','',2,'2013-07-26'),(43403,'UPDATE mae_productos SET pro_precio_compra_bruto=952,pro_margen_actual=(pro_precio_venta-952)/952 * 100,pro_ultima_compra=@@@2013.07.26@@@,pro_ultimo_proveedor=@@@79984240-8@@@ WHERE pro_codigo_plu=129','',2,'2013-07-26'),(43404,'UPDATE mae_productos SET pro_precio_compra_bruto=2344.3,pro_margen_actual=(pro_precio_venta-2344.3)/2344.3 * 100,pro_ultima_compra=@@@2013.07.26@@@,pro_ultimo_proveedor=@@@77847960-5@@@ WHERE pro_codigo_plu=309','',2,'2013-07-26'),(43405,'UPDATE mae_productos SET pro_precio_compra_bruto=1535,pro_margen_actual=(pro_precio_venta-1535)/1535 * 100,pro_ultima_compra=@@@2013.07.26@@@,pro_ultimo_proveedor=@@@77847960-5@@@ WHERE pro_codigo_plu=215','',2,'2013-07-26'),(43406,'UPDATE mae_productos SET pro_precio_compra_bruto=3588.9,pro_margen_actual=(pro_precio_venta-3588.9)/3588.9 * 100,pro_ultima_compra=@@@2013.07.26@@@,pro_ultimo_proveedor=@@@77847960-5@@@ WHERE pro_codigo_plu=203','',2,'2013-07-26'),(43407,'UPDATE mae_productos SET pro_precio_venta=1090,pro_margen_actual=44.02, pro_precio_compra_bruto=756.84, pro_precio_compra_neto=636 WHERE pro_codigo_plu=780721437','',2,'2013-07-26'),(43408,'UPDATE mae_productos SET pro_precio_venta=1090,pro_margen_actual=44.02, pro_precio_compra_bruto=756.84, pro_precio_compra_neto=636 WHERE pro_codigo_plu=780721438','',2,'2013-07-26'),(43409,'UPDATE mae_productos SET pro_precio_venta=350,pro_margen_actual=86.15, pro_precio_compra_bruto=188.02, pro_precio_compra_neto=158 WHERE pro_codigo_plu=780721439','',2,'2013-07-26'),(43410,'UPDATE mae_productos SET pro_precio_fiscal=pro_precio_venta WHERE pro_codigo_plu=780721439','',2,'2013-07-26'),(43411,'UPDATE mae_productos SET pro_precio_fiscal=pro_precio_venta WHERE pro_codigo_plu=780721438','',2,'2013-07-26'),(43412,'UPDATE mae_productos SET pro_precio_fiscal=pro_precio_venta WHERE pro_codigo_plu=780721437','',2,'2013-07-26'),(43413,'UPDATE mae_productos SET pro_precio_compra_bruto=756.84,pro_margen_actual=(pro_precio_venta-756.84)/756.84 * 100,pro_ultima_compra=@@@2013.07.26@@@,pro_ultimo_proveedor=@@@76041579-0@@@ WHERE pro_codigo_plu=780721437','',2,'2013-07-26'),(43414,'UPDATE mae_productos SET pro_precio_compra_bruto=756.84,pro_margen_actual=(pro_precio_venta-756.84)/756.84 * 100,pro_ultima_compra=@@@2013.07.26@@@,pro_ultimo_proveedor=@@@76041579-0@@@ WHERE pro_codigo_plu=780721438','',2,'2013-07-26'),(43415,'UPDATE mae_productos SET pro_precio_compra_bruto=57.36,pro_margen_actual=(pro_precio_venta-57.36)/57.36 * 100,pro_ultima_compra=@@@2013.07.26@@@,pro_ultimo_proveedor=@@@76041579-0@@@ WHERE pro_codigo_plu=78017148','',2,'2013-07-26'),(43416,'UPDATE mae_productos SET pro_precio_compra_bruto=1092.42,pro_margen_actual=(pro_precio_venta-1092.42)/1092.42 * 100,pro_ultima_compra=@@@2013.07.26@@@,pro_ultimo_proveedor=@@@76041579-0@@@ WHERE pro_codigo_plu=763672','',2,'2013-07-26'),(43417,'UPDATE mae_productos SET pro_precio_compra_bruto=188.02,pro_margen_actual=(pro_precio_venta-188.02)/188.02 * 100,pro_ultima_compra=@@@2013.07.26@@@,pro_ultimo_proveedor=@@@76041579-0@@@ WHERE pro_codigo_plu=780721439','',2,'2013-07-26'),(43418,'UPDATE mae_productos SET pro_precio_compra_bruto=265.3,pro_margen_actual=(pro_precio_venta-265.3)/265.3 * 100,pro_ultima_compra=@@@2013.07.26@@@,pro_ultimo_proveedor=@@@76041579-0@@@ WHERE pro_codigo_plu=764204','',2,'2013-07-26'),(43419,'UPDATE mae_productos SET pro_precio_compra_bruto=265.3,pro_margen_actual=(pro_precio_venta-265.3)/265.3 * 100,pro_ultima_compra=@@@2013.07.26@@@,pro_ultimo_proveedor=@@@76041579-0@@@ WHERE pro_codigo_plu=764209','',2,'2013-07-26'),(43420,'UPDATE mae_productos SET pro_precio_compra_bruto=265.3,pro_margen_actual=(pro_precio_venta-265.3)/265.3 * 100,pro_ultima_compra=@@@2013.07.26@@@,pro_ultimo_proveedor=@@@76041579-0@@@ WHERE pro_codigo_plu=764214','',2,'2013-07-26'),(43421,'UPDATE mae_productos SET pro_precio_compra_bruto=265.3,pro_margen_actual=(pro_precio_venta-265.3)/265.3 * 100,pro_ultima_compra=@@@2013.07.26@@@,pro_ultimo_proveedor=@@@76041579-0@@@ WHERE pro_codigo_plu=764213','',2,'2013-07-26'),(43422,'UPDATE mae_productos SET pro_precio_compra_bruto=330.82,pro_margen_actual=(pro_precio_venta-330.82)/330.82 * 100,pro_ultima_compra=@@@2013.07.26@@@,pro_ultimo_proveedor=@@@76041579-0@@@ WHERE pro_codigo_plu=764760','',2,'2013-07-26'),(43423,'INSERT INTO gne_vale_ferreteria (vfe_id,vfe_fecha,vfe_total,vfe_estado,vfe_entregado,usu_nusuario) VALUES (6264,@@@2013.07.26@@@,3200,1,0,@@@m_martinez@@@)','',2,'2013-07-26'),(43424,'INSERT INTO gne_vale_ferreteria_mov (vfe_id,pro_codigo_plu,vfm_cantidad,vfm_unitario,vfm_total,vfm_entregado) VALUES (6264,770000,24,50,1200,@@@NO@@@)','',2,'2013-07-26'),(43425,'INSERT INTO gne_vale_ferreteria_mov (vfe_id,pro_codigo_plu,vfm_cantidad,vfm_unitario,vfm_total,vfm_entregado) VALUES (6264,770058,10,200,2000,@@@NO@@@)','',2,'2013-07-26'),(43426,'INSERT INTO gne_vale_ferreteria (vfe_id,vfe_fecha,vfe_total,vfe_estado,vfe_entregado,usu_nusuario) VALUES (6265,@@@2013.07.26@@@,360,1,0,@@@m_martinez@@@)','',2,'2013-07-26'),(43427,'INSERT INTO gne_vale_ferreteria_mov (vfe_id,pro_codigo_plu,vfm_cantidad,vfm_unitario,vfm_total,vfm_entregado) VALUES (6265,8022,3,120,360,@@@NO@@@)','',2,'2013-07-26'),(43428,'INSERT INTO gne_vale_ferreteria (vfe_id,vfe_fecha,vfe_total,vfe_estado,vfe_entregado,usu_nusuario) VALUES (6266,@@@2013.07.26@@@,450,1,0,@@@m_martinez@@@)','',2,'2013-07-26'),(43429,'INSERT INTO gne_vale_ferreteria_mov (vfe_id,pro_codigo_plu,vfm_cantidad,vfm_unitario,vfm_total,vfm_entregado) VALUES (6266,3100,1,450,450,@@@NO@@@)','',2,'2013-07-26'),(43430,'INSERT INTO gne_vale_ferreteria (vfe_id,vfe_fecha,vfe_total,vfe_estado,vfe_entregado,usu_nusuario) VALUES (6267,@@@2013.07.26@@@,550,1,0,@@@m_martinez@@@)','',2,'2013-07-26'),(43431,'INSERT INTO gne_vale_ferreteria_mov (vfe_id,pro_codigo_plu,vfm_cantidad,vfm_unitario,vfm_total,vfm_entregado) VALUES (6267,763582,1,550,550,@@@NO@@@)','',2,'2013-07-26'),(43432,'INSERT INTO gne_vale_ferreteria (vfe_id,vfe_fecha,vfe_total,vfe_estado,vfe_entregado,usu_nusuario) VALUES (6268,@@@2013.07.26@@@,790,1,0,@@@m_martinez@@@)','',2,'2013-07-26'),(43433,'INSERT INTO gne_vale_ferreteria_mov (vfe_id,pro_codigo_plu,vfm_cantidad,vfm_unitario,vfm_total,vfm_entregado) VALUES (6268,764587,1,790,790,@@@NO@@@)','',2,'2013-07-26'),(43434,'INSERT INTO gne_vale_ferreteria (vfe_id,vfe_fecha,vfe_total,vfe_estado,vfe_entregado,usu_nusuario) VALUES (6269,@@@2013.07.26@@@,1270,1,0,@@@m_martinez@@@)','',2,'2013-07-26'),(43435,'INSERT INTO gne_vale_ferreteria_mov (vfe_id,pro_codigo_plu,vfm_cantidad,vfm_unitario,vfm_total,vfm_entregado) VALUES (6269,1538,1,490,490,@@@NO@@@)','',2,'2013-07-26'),(43436,'INSERT INTO gne_vale_ferreteria_mov (vfe_id,pro_codigo_plu,vfm_cantidad,vfm_unitario,vfm_total,vfm_entregado) VALUES (6269,1556,2,200,400,@@@NO@@@)','',2,'2013-07-26'),(43437,'INSERT INTO gne_vale_ferreteria_mov (vfe_id,pro_codigo_plu,vfm_cantidad,vfm_unitario,vfm_total,vfm_entregado) VALUES (6269,1537,2,190,380,@@@NO@@@)','',2,'2013-07-26'),(43438,'INSERT INTO gne_vale_ferreteria (vfe_id,vfe_fecha,vfe_total,vfe_estado,vfe_entregado,usu_nusuario) VALUES (6270,@@@2013.07.26@@@,540,1,0,@@@m_martinez@@@)','',2,'2013-07-26'),(43439,'INSERT INTO gne_vale_ferreteria_mov (vfe_id,pro_codigo_plu,vfm_cantidad,vfm_unitario,vfm_total,vfm_entregado) VALUES (6270,1544,18,30,540,@@@NO@@@)','',2,'2013-07-26'),(43440,'INSERT INTO gne_vale_ferreteria (vfe_id,vfe_fecha,vfe_total,vfe_estado,vfe_entregado,usu_nusuario) VALUES (6271,@@@2013.07.26@@@,4330,1,0,@@@m_martinez@@@)','',2,'2013-07-26'),(43441,'INSERT INTO gne_vale_ferreteria_mov (vfe_id,pro_codigo_plu,vfm_cantidad,vfm_unitario,vfm_total,vfm_entregado) VALUES (6271,19876,2,980,1960,@@@NO@@@)','',2,'2013-07-26'),(43442,'INSERT INTO gne_vale_ferreteria_mov (vfe_id,pro_codigo_plu,vfm_cantidad,vfm_unitario,vfm_total,vfm_entregado) VALUES (6271,780721095,2,790,1580,@@@NO@@@)','',2,'2013-07-26'),(43443,'INSERT INTO gne_vale_ferreteria_mov (vfe_id,pro_codigo_plu,vfm_cantidad,vfm_unitario,vfm_total,vfm_entregado) VALUES (6271,764059,1,790,790,@@@NO@@@)','',2,'2013-07-26'),(43444,'INSERT INTO gne_vale_ferreteria (vfe_id,vfe_fecha,vfe_total,vfe_estado,vfe_entregado,usu_nusuario) VALUES (6272,@@@2013.07.26@@@,1190,1,0,@@@m_martinez@@@)','',2,'2013-07-26'),(43445,'INSERT INTO gne_vale_ferreteria_mov (vfe_id,pro_codigo_plu,vfm_cantidad,vfm_unitario,vfm_total,vfm_entregado) VALUES (6272,101040,1,1190,1190,@@@NO@@@)','',2,'2013-07-26'),(43446,'INSERT INTO gne_vale_ferreteria (vfe_id,vfe_fecha,vfe_total,vfe_estado,vfe_entregado,usu_nusuario) VALUES (6273,@@@2013.07.26@@@,620,1,0,@@@m_martinez@@@)','',2,'2013-07-26'),(43447,'INSERT INTO gne_vale_ferreteria_mov (vfe_id,pro_codigo_plu,vfm_cantidad,vfm_unitario,vfm_total,vfm_entregado) VALUES (6273,11378,1,620,620,@@@NO@@@)','',2,'2013-07-26'),(43448,'INSERT INTO gne_vale_ferreteria (vfe_id,vfe_fecha,vfe_total,vfe_estado,vfe_entregado,usu_nusuario) VALUES (6274,@@@2013.07.26@@@,3990,1,0,@@@m_martinez@@@)','',2,'2013-07-26'),(43449,'INSERT INTO gne_vale_ferreteria_mov (vfe_id,pro_codigo_plu,vfm_cantidad,vfm_unitario,vfm_total,vfm_entregado) VALUES (6274,780721301,1,1890,1890,@@@NO@@@)','',2,'2013-07-26'),(43450,'INSERT INTO gne_vale_ferreteria_mov (vfe_id,pro_codigo_plu,vfm_cantidad,vfm_unitario,vfm_total,vfm_entregado) VALUES (6274,18678,1,2100,2100,@@@NO@@@)','',2,'2013-07-26'),(43451,'INSERT INTO gne_vale_ferreteria (vfe_id,vfe_fecha,vfe_total,vfe_estado,vfe_entregado,usu_nusuario) VALUES (6275,@@@2013.07.26@@@,980,1,0,@@@m_martinez@@@)','',2,'2013-07-26'),(43452,'INSERT INTO gne_vale_ferreteria_mov (vfe_id,pro_codigo_plu,vfm_cantidad,vfm_unitario,vfm_total,vfm_entregado) VALUES (6275,764253,2,490,980,@@@NO@@@)','',2,'2013-07-26'),(43453,'INSERT INTO gne_vale_ferreteria (vfe_id,vfe_fecha,vfe_total,vfe_estado,vfe_entregado,usu_nusuario) VALUES (6276,@@@2013.07.26@@@,1590,1,0,@@@m_martinez@@@)','',2,'2013-07-26'),(43454,'INSERT INTO gne_vale_ferreteria_mov (vfe_id,pro_codigo_plu,vfm_cantidad,vfm_unitario,vfm_total,vfm_entregado) VALUES (6276,60601,1,1490,1490,@@@NO@@@)','',2,'2013-07-26'),(43455,'INSERT INTO gne_vale_ferreteria_mov (vfe_id,pro_codigo_plu,vfm_cantidad,vfm_unitario,vfm_total,vfm_entregado) VALUES (6276,770098,1,100,100,@@@NO@@@)','',2,'2013-07-26'),(43456,'INSERT INTO gne_vale_ferreteria (vfe_id,vfe_fecha,vfe_total,vfe_estado,vfe_entregado,usu_nusuario) VALUES (6277,@@@2013.07.26@@@,2990,1,0,@@@m_martinez@@@)','',2,'2013-07-26'),(43457,'INSERT INTO gne_vale_ferreteria_mov (vfe_id,pro_codigo_plu,vfm_cantidad,vfm_unitario,vfm_total,vfm_entregado) VALUES (6277,764528,1,2990,2990,@@@NO@@@)','',2,'2013-07-26'),(43458,'INSERT INTO mae_productos (pro_codigo_plu,pro_codigo_barra,pro_tipo,pro_nombre_producto,pro_nombre_corto,med_id,emb_id,pro_unidades_embalaje,dep_id,lin_id,mar_id,pro_precio_compra_neto,pro_precio_compra_bruto,pro_precio_venta,pro_margen_actual,pro_oferta,pro_fecha_inicio_oferta,pro_fecha_termino_oferta,pro_precio_oferta,pro_stock_minimo,pro_stock_critico,pro_entradas_bodega,pro_salidas_bodega,pro_mermas_bodega,pro_ajustes_bodega,pro_entradas_sv,pro_salidas_sv,pro_mermas_sv,pro_ajustes_sv,pro_activo,rec_numero,pro_unidad,pro_capacidad,pro_consumo_bodega,pro_consumo_sv,pro_estado,pro_funcion_plu,pro_flejes,pro_iva,pro_plu_asociado,pro_envase,pro_duracion,pro_numero_etiqueta) VALUES (780721440,@@@780721440@@@,@@@0@@@,@@@MUÑECA MOCHILA PEQUEÑA@@@,@@@MUÑECA MOCHILA P@@@,@@@1 @@@,@@@4 @@@,@@@4@@@,@@@24 @@@,@@@207@@@,@@@2507@@@,@@@0@@@,@@@1990@@@,@@@1@@@,@@@-99.95@@@,@@@@@@,@@@2006.09.07@@@,@@@2006.09.07@@@,@@@0@@@,@@@4@@@,@@@1@@@,@@@0@@@,@@@0@@@,@@@0@@@,@@@0@@@,@@@0@@@,@@@0@@@,@@@0@@@,@@@0@@@,@@@1@@@,@@@0@@@,0,1,0,0,2,0,1,1,0,@@@NO@@@,0,0)','',2,'2013-07-26'),(43459,'DELETE FROM mae_impuestos_productos WHERE pro_codigo_plu=@@@780721440@@@','',2,'2013-07-26'),(43460,'INSERT INTO gne_vale_ferreteria (vfe_id,vfe_fecha,vfe_total,vfe_estado,vfe_entregado,usu_nusuario) VALUES (6278,@@@2013.07.26@@@,3540,1,0,@@@m_martinez@@@)','',2,'2013-07-26'),(43461,'INSERT INTO gne_vale_ferreteria_mov (vfe_id,pro_codigo_plu,vfm_cantidad,vfm_unitario,vfm_total,vfm_entregado) VALUES (6278,4078,10,100,1000,@@@NO@@@)','',2,'2013-07-26'),(43462,'INSERT INTO gne_vale_ferreteria_mov (vfe_id,pro_codigo_plu,vfm_cantidad,vfm_unitario,vfm_total,vfm_entregado) VALUES (6278,780721379,5,390,1950,@@@NO@@@)','',2,'2013-07-26'),(43463,'INSERT INTO gne_vale_ferreteria_mov (vfe_id,pro_codigo_plu,vfm_cantidad,vfm_unitario,vfm_total,vfm_entregado) VALUES (6278,78017043,1,590,590,@@@NO@@@)','',2,'2013-07-26'),(43464,'INSERT INTO mae_productos (pro_codigo_plu,pro_codigo_barra,pro_tipo,pro_nombre_producto,pro_nombre_corto,med_id,emb_id,pro_unidades_embalaje,dep_id,lin_id,mar_id,pro_precio_compra_neto,pro_precio_compra_bruto,pro_precio_venta,pro_margen_actual,pro_oferta,pro_fecha_inicio_oferta,pro_fecha_termino_oferta,pro_precio_oferta,pro_stock_minimo,pro_stock_critico,pro_entradas_bodega,pro_salidas_bodega,pro_mermas_bodega,pro_ajustes_bodega,pro_entradas_sv,pro_salidas_sv,pro_mermas_sv,pro_ajustes_sv,pro_activo,rec_numero,pro_unidad,pro_capacidad,pro_consumo_bodega,pro_consumo_sv,pro_estado,pro_funcion_plu,pro_flejes,pro_iva,pro_plu_asociado,pro_envase,pro_duracion,pro_numero_etiqueta) VALUES (780721441,@@@6511210813815@@@,@@@0@@@,@@@MOCHILA FORMA DE OSO@@@,@@@MOCHILA FORMA DE@@@,@@@1 @@@,@@@4 @@@,@@@4@@@,@@@24 @@@,@@@207@@@,@@@2507@@@,@@@0@@@,@@@2990@@@,@@@1@@@,@@@-99.97@@@,@@@@@@,@@@2006.09.07@@@,@@@2006.09.07@@@,@@@0@@@,@@@4@@@,@@@1@@@,@@@0@@@,@@@0@@@,@@@0@@@,@@@0@@@,@@@0@@@,@@@0@@@,@@@0@@@,@@@0@@@,@@@1@@@,@@@0@@@,0,1,0,0,2,0,1,1,0,@@@NO@@@,0,0)','',2,'2013-07-26'),(43465,'DELETE FROM mae_impuestos_productos WHERE pro_codigo_plu=@@@780721441@@@','',2,'2013-07-26'),(43466,'INSERT INTO gne_vale_ferreteria (vfe_id,vfe_fecha,vfe_total,vfe_estado,vfe_entregado,usu_nusuario) VALUES (6279,@@@2013.07.26@@@,140,1,0,@@@m_martinez@@@)','',2,'2013-07-26'),(43467,'INSERT INTO gne_vale_ferreteria_mov (vfe_id,pro_codigo_plu,vfm_cantidad,vfm_unitario,vfm_total,vfm_entregado) VALUES (6279,764833,14,10,140,@@@NO@@@)','',2,'2013-07-26'),(43468,'INSERT INTO gne_vale_ferreteria (vfe_id,vfe_fecha,vfe_total,vfe_estado,vfe_entregado,usu_nusuario) VALUES (6280,@@@2013.07.26@@@,100,1,0,@@@m_martinez@@@)','',2,'2013-07-26'),(43469,'INSERT INTO gne_vale_ferreteria_mov (vfe_id,pro_codigo_plu,vfm_cantidad,vfm_unitario,vfm_total,vfm_entregado) VALUES (6280,763851,1,100,100,@@@NO@@@)','',2,'2013-07-26'),(43470,'INSERT INTO gne_vale_ferreteria (vfe_id,vfe_fecha,vfe_total,vfe_estado,vfe_entregado,usu_nusuario) VALUES (6281,@@@2013.07.26@@@,490,1,0,@@@m_martinez@@@)','',2,'2013-07-26'),(43471,'INSERT INTO gne_vale_ferreteria_mov (vfe_id,pro_codigo_plu,vfm_cantidad,vfm_unitario,vfm_total,vfm_entregado) VALUES (6281,764581,1,490,490,@@@NO@@@)','',2,'2013-07-26'),(43472,'INSERT INTO mae_productos (pro_codigo_plu,pro_codigo_barra,pro_tipo,pro_nombre_producto,pro_nombre_corto,med_id,emb_id,pro_unidades_embalaje,dep_id,lin_id,mar_id,pro_precio_compra_neto,pro_precio_compra_bruto,pro_precio_venta,pro_margen_actual,pro_oferta,pro_fecha_inicio_oferta,pro_fecha_termino_oferta,pro_precio_oferta,pro_stock_minimo,pro_stock_critico,pro_entradas_bodega,pro_salidas_bodega,pro_mermas_bodega,pro_ajustes_bodega,pro_entradas_sv,pro_salidas_sv,pro_mermas_sv,pro_ajustes_sv,pro_activo,rec_numero,pro_unidad,pro_capacidad,pro_consumo_bodega,pro_consumo_sv,pro_estado,pro_funcion_plu,pro_flejes,pro_iva,pro_plu_asociado,pro_envase,pro_duracion,pro_numero_etiqueta) VALUES (780721442,@@@780721442@@@,@@@0@@@,@@@PELUCHE + TOALLA@@@,@@@PELUCHE + TOALLA@@@,@@@1 @@@,@@@4 @@@,@@@12@@@,@@@24 @@@,@@@207@@@,@@@2507@@@,@@@0@@@,@@@450@@@,@@@1@@@,@@@-99.78@@@,@@@@@@,@@@2006.09.07@@@,@@@2006.09.07@@@,@@@0@@@,@@@12@@@,@@@3@@@,@@@0@@@,@@@0@@@,@@@0@@@,@@@0@@@,@@@0@@@,@@@0@@@,@@@0@@@,@@@0@@@,@@@1@@@,@@@0@@@,0,1,0,0,2,0,1,1,0,@@@NO@@@,0,0)','',2,'2013-07-26'),(43473,'DELETE FROM mae_impuestos_productos WHERE pro_codigo_plu=@@@780721442@@@','',2,'2013-07-26'),(43474,'INSERT INTO mae_productos (pro_codigo_plu,pro_codigo_barra,pro_tipo,pro_nombre_producto,pro_nombre_corto,med_id,emb_id,pro_unidades_embalaje,dep_id,lin_id,mar_id,pro_precio_compra_neto,pro_precio_compra_bruto,pro_precio_venta,pro_margen_actual,pro_oferta,pro_fecha_inicio_oferta,pro_fecha_termino_oferta,pro_precio_oferta,pro_stock_minimo,pro_stock_critico,pro_entradas_bodega,pro_salidas_bodega,pro_mermas_bodega,pro_ajustes_bodega,pro_entradas_sv,pro_salidas_sv,pro_mermas_sv,pro_ajustes_sv,pro_activo,rec_numero,pro_unidad,pro_capacidad,pro_consumo_bodega,pro_consumo_sv,pro_estado,pro_funcion_plu,pro_flejes,pro_iva,pro_plu_asociado,pro_envase,pro_duracion,pro_numero_etiqueta) VALUES (780721443,@@@780721443@@@,@@@0@@@,@@@BEBE NENUCO MEDIANO@@@,@@@BEBE NENUCO MEDI@@@,@@@1 @@@,@@@4 @@@,@@@2@@@,@@@24 @@@,@@@207@@@,@@@2507@@@,@@@0@@@,@@@2990@@@,@@@1@@@,@@@-99.97@@@,@@@@@@,@@@2006.09.07@@@,@@@2006.09.07@@@,@@@0@@@,@@@2@@@,@@@1@@@,@@@0@@@,@@@0@@@,@@@0@@@,@@@0@@@,@@@0@@@,@@@0@@@,@@@0@@@,@@@0@@@,@@@1@@@,@@@0@@@,0,1,0,0,2,0,1,1,0,@@@NO@@@,0,0)','',2,'2013-07-26'),(43475,'DELETE FROM mae_impuestos_productos WHERE pro_codigo_plu=@@@780721443@@@','',2,'2013-07-26'),(43476,'UPDATE mae_productos SET pro_precio_venta=2550,pro_margen_actual=30.84, pro_precio_compra_bruto=1948.96, pro_precio_compra_neto=1637.78151260504 WHERE pro_codigo_plu=10226','',2,'2013-07-26'),(43477,'UPDATE mae_productos SET pro_precio_venta=3799,pro_margen_actual=29.94, pro_precio_compra_bruto=2923.68, pro_precio_compra_neto=2456.87394957983 WHERE pro_codigo_plu=10220','',2,'2013-07-26'),(43478,'UPDATE mae_productos SET pro_precio_venta=860,pro_margen_actual=29.99, pro_precio_compra_bruto=661.6, pro_precio_compra_neto=555.966386554622 WHERE pro_codigo_plu=11077','',2,'2013-07-26'),(43479,'UPDATE mae_productos SET pro_precio_fiscal=pro_precio_venta WHERE pro_codigo_plu=10220','',2,'2013-07-26'),(43480,'UPDATE mae_productos SET pro_precio_fiscal=pro_precio_venta WHERE pro_codigo_plu=10226','',2,'2013-07-26'),(43481,'UPDATE mae_productos SET pro_precio_fiscal=pro_precio_venta WHERE pro_codigo_plu=11077','',2,'2013-07-26'),(43482,'UPDATE mae_productos SET pro_precio_compra_bruto=1948.96,pro_margen_actual=(pro_precio_venta-1948.96)/1948.96 * 100,pro_ultima_compra=@@@2013.07.26@@@,pro_ultimo_proveedor=@@@76218060-K@@@ WHERE pro_codigo_plu=10226','',2,'2013-07-26'),(43483,'UPDATE mae_productos SET pro_precio_compra_bruto=1085.2,pro_margen_actual=(pro_precio_venta-1085.2)/1085.2 * 100,pro_ultima_compra=@@@2013.07.26@@@,pro_ultimo_proveedor=@@@76218060-K@@@ WHERE pro_codigo_plu=10217','',2,'2013-07-26'),(43484,'UPDATE mae_productos SET pro_precio_compra_bruto=1645,pro_margen_actual=(pro_precio_venta-1645)/1645 * 100,pro_ultima_compra=@@@2013.07.26@@@,pro_ultimo_proveedor=@@@76218060-K@@@ WHERE pro_codigo_plu=763407','',2,'2013-07-26'),(43485,'UPDATE mae_productos SET pro_precio_compra_bruto=1499.4,pro_margen_actual=(pro_precio_venta-1499.4)/1499.4 * 100,pro_ultima_compra=@@@2013.07.26@@@,pro_ultimo_proveedor=@@@76218060-K@@@ WHERE pro_codigo_plu=763412','',2,'2013-07-26'),(43486,'UPDATE mae_productos SET pro_precio_compra_bruto=280,pro_margen_actual=(pro_precio_venta-280)/280 * 100,pro_ultima_compra=@@@2013.07.26@@@,pro_ultimo_proveedor=@@@76218060-K@@@ WHERE pro_codigo_plu=14283','',2,'2013-07-26'),(43487,'UPDATE mae_productos SET pro_precio_compra_bruto=2923.68,pro_margen_actual=(pro_precio_venta-2923.68)/2923.68 * 100,pro_ultima_compra=@@@2013.07.26@@@,pro_ultimo_proveedor=@@@76218060-K@@@ WHERE pro_codigo_plu=10220','',2,'2013-07-26'),(43488,'UPDATE mae_productos SET pro_precio_compra_bruto=477.42,pro_margen_actual=(pro_precio_venta-477.42)/477.42 * 100,pro_ultima_compra=@@@2013.07.26@@@,pro_ultimo_proveedor=@@@76218060-K@@@ WHERE pro_codigo_plu=78017073','',2,'2013-07-26'),(43489,'UPDATE mae_productos SET pro_precio_compra_bruto=477.42,pro_margen_actual=(pro_precio_venta-477.42)/477.42 * 100,pro_ultima_compra=@@@2013.07.26@@@,pro_ultimo_proveedor=@@@76218060-K@@@ WHERE pro_codigo_plu=78017072','',2,'2013-07-26'),(43490,'UPDATE mae_productos SET pro_precio_compra_bruto=631.89,pro_margen_actual=(pro_precio_venta-631.89)/631.89 * 100,pro_ultima_compra=@@@2013.07.26@@@,pro_ultimo_proveedor=@@@76218060-K@@@ WHERE pro_codigo_plu=12418','',2,'2013-07-26'),(43491,'UPDATE mae_productos SET pro_precio_compra_bruto=282.9,pro_margen_actual=(pro_precio_venta-282.9)/282.9 * 100,pro_ultima_compra=@@@2013.07.26@@@,pro_ultimo_proveedor=@@@76218060-K@@@ WHERE pro_codigo_plu=11997','',2,'2013-07-26'),(43492,'UPDATE mae_productos SET pro_precio_compra_bruto=102,pro_margen_actual=(pro_precio_venta-102)/102 * 100,pro_ultima_compra=@@@2013.07.26@@@,pro_ultimo_proveedor=@@@76218060-K@@@ WHERE pro_codigo_plu=12556','',2,'2013-07-26'),(43493,'UPDATE mae_productos SET pro_precio_compra_bruto=173,pro_margen_actual=(pro_precio_venta-173)/173 * 100,pro_ultima_compra=@@@2013.07.26@@@,pro_ultimo_proveedor=@@@76218060-K@@@ WHERE pro_codigo_plu=12579','',2,'2013-07-26'),(43494,'UPDATE mae_productos SET pro_precio_compra_bruto=1473.2,pro_margen_actual=(pro_precio_venta-1473.2)/1473.2 * 100,pro_ultima_compra=@@@2013.07.26@@@,pro_ultimo_proveedor=@@@76218060-K@@@ WHERE pro_codigo_plu=19222','',2,'2013-07-26'),(43495,'UPDATE mae_productos SET pro_precio_compra_bruto=546.2,pro_margen_actual=(pro_precio_venta-546.2)/546.2 * 100,pro_ultima_compra=@@@2013.07.26@@@,pro_ultimo_proveedor=@@@76218060-K@@@ WHERE pro_codigo_plu=11932','',2,'2013-07-26'),(43496,'UPDATE mae_productos SET pro_precio_compra_bruto=546.2,pro_margen_actual=(pro_precio_venta-546.2)/546.2 * 100,pro_ultima_compra=@@@2013.07.26@@@,pro_ultimo_proveedor=@@@76218060-K@@@ WHERE pro_codigo_plu=11939','',2,'2013-07-26'),(43497,'UPDATE mae_productos SET pro_precio_compra_bruto=392,pro_margen_actual=(pro_precio_venta-392)/392 * 100,pro_ultima_compra=@@@2013.07.26@@@,pro_ultimo_proveedor=@@@76218060-K@@@ WHERE pro_codigo_plu=11964','',2,'2013-07-26'),(43498,'UPDATE mae_productos SET pro_precio_compra_bruto=591.4,pro_margen_actual=(pro_precio_venta-591.4)/591.4 * 100,pro_ultima_compra=@@@2013.07.26@@@,pro_ultimo_proveedor=@@@76218060-K@@@ WHERE pro_codigo_plu=11992','',2,'2013-07-26'),(43499,'UPDATE mae_productos SET pro_precio_compra_bruto=373.6,pro_margen_actual=(pro_precio_venta-373.6)/373.6 * 100,pro_ultima_compra=@@@2013.07.26@@@,pro_ultimo_proveedor=@@@76218060-K@@@ WHERE pro_codigo_plu=11995','',2,'2013-07-26'),(43500,'UPDATE mae_productos SET pro_precio_compra_bruto=277,pro_margen_actual=(pro_precio_venta-277)/277 * 100,pro_ultima_compra=@@@2013.07.26@@@,pro_ultimo_proveedor=@@@76218060-K@@@ WHERE pro_codigo_plu=12409','',2,'2013-07-26'),(43501,'UPDATE mae_productos SET pro_precio_compra_bruto=262.69,pro_margen_actual=(pro_precio_venta-262.69)/262.69 * 100,pro_ultima_compra=@@@2013.07.26@@@,pro_ultimo_proveedor=@@@76218060-K@@@ WHERE pro_codigo_plu=11074','',2,'2013-07-26'),(43502,'UPDATE mae_productos SET pro_precio_compra_bruto=790,pro_margen_actual=(pro_precio_venta-790)/790 * 100,pro_ultima_compra=@@@2013.07.26@@@,pro_ultimo_proveedor=@@@76218060-K@@@ WHERE pro_codigo_plu=14034','',2,'2013-07-26'),(43503,'UPDATE mae_productos SET pro_precio_compra_bruto=4130.4,pro_margen_actual=(pro_precio_venta-4130.4)/4130.4 * 100,pro_ultima_compra=@@@2013.07.26@@@,pro_ultimo_proveedor=@@@76218060-K@@@ WHERE pro_codigo_plu=763453','',2,'2013-07-26'),(43504,'UPDATE mae_productos SET pro_precio_compra_bruto=583.9,pro_margen_actual=(pro_precio_venta-583.9)/583.9 * 100,pro_ultima_compra=@@@2013.07.26@@@,pro_ultimo_proveedor=@@@76218060-K@@@ WHERE pro_codigo_plu=761304','',2,'2013-07-26'),(43505,'UPDATE mae_productos SET pro_precio_compra_bruto=664,pro_margen_actual=(pro_precio_venta-664)/664 * 100,pro_ultima_compra=@@@2013.07.26@@@,pro_ultimo_proveedor=@@@76218060-K@@@ WHERE pro_codigo_plu=13971','',2,'2013-07-26'),(43506,'UPDATE mae_productos SET pro_precio_compra_bruto=964,pro_margen_actual=(pro_precio_venta-964)/964 * 100,pro_ultima_compra=@@@2013.07.26@@@,pro_ultimo_proveedor=@@@76218060-K@@@ WHERE pro_codigo_plu=13989','',2,'2013-07-26'),(43507,'UPDATE mae_productos SET pro_precio_compra_bruto=245.2,pro_margen_actual=(pro_precio_venta-245.2)/245.2 * 100,pro_ultima_compra=@@@2013.07.26@@@,pro_ultimo_proveedor=@@@76218060-K@@@ WHERE pro_codigo_plu=12581','',2,'2013-07-26'),(43508,'UPDATE mae_productos SET pro_precio_compra_bruto=546.2,pro_margen_actual=(pro_precio_venta-546.2)/546.2 * 100,pro_ultima_compra=@@@2013.07.26@@@,pro_ultimo_proveedor=@@@76218060-K@@@ WHERE pro_codigo_plu=11938','',2,'2013-07-26'),(43509,'UPDATE mae_productos SET pro_precio_compra_bruto=4480,pro_margen_actual=(pro_precio_venta-4480)/4480 * 100,pro_ultima_compra=@@@2013.07.26@@@,pro_ultimo_proveedor=@@@76218060-K@@@ WHERE pro_codigo_plu=14050','',2,'2013-07-26'),(43510,'UPDATE mae_productos SET pro_precio_compra_bruto=661.6,pro_margen_actual=(pro_precio_venta-661.6)/661.6 * 100,pro_ultima_compra=@@@2013.07.26@@@,pro_ultimo_proveedor=@@@76218060-K@@@ WHERE pro_codigo_plu=11077','',2,'2013-07-26'),(43511,'UPDATE mae_productos SET pro_precio_compra_bruto=3170.1,pro_margen_actual=(pro_precio_venta-3170.1)/3170.1 * 100,pro_ultima_compra=@@@2013.07.26@@@,pro_ultimo_proveedor=@@@76218060-K@@@ WHERE pro_codigo_plu=761305','',2,'2013-07-26'),(43512,'UPDATE mae_productos SET pro_precio_compra_bruto=228.5,pro_margen_actual=(pro_precio_venta-228.5)/228.5 * 100,pro_ultima_compra=@@@2013.07.26@@@,pro_ultimo_proveedor=@@@76218060-K@@@ WHERE pro_codigo_plu=763446','',2,'2013-07-26'),(43513,'UPDATE mae_productos SET pro_precio_compra_bruto=766.36,pro_margen_actual=(pro_precio_venta-766.36)/766.36 * 100,pro_ultima_compra=@@@2013.07.26@@@,pro_ultimo_proveedor=@@@76218060-K@@@ WHERE pro_codigo_plu=10224','',2,'2013-07-26'),(43514,'INSERT INTO gne_vale_ferreteria (vfe_id,vfe_fecha,vfe_total,vfe_estado,vfe_entregado,usu_nusuario) VALUES (6282,@@@2013.07.26@@@,250,1,0,@@@m_martinez@@@)','',2,'2013-07-26'),(43515,'INSERT INTO gne_vale_ferreteria_mov (vfe_id,pro_codigo_plu,vfm_cantidad,vfm_unitario,vfm_total,vfm_entregado) VALUES (6282,12608,1,250,250,@@@NO@@@)','',2,'2013-07-26'),(43516,'INSERT INTO gne_vale_ferreteria (vfe_id,vfe_fecha,vfe_total,vfe_estado,vfe_entregado,usu_nusuario) VALUES (6283,@@@2013.07.26@@@,1160,1,0,@@@m_martinez@@@)','',2,'2013-07-26'),(43517,'INSERT INTO gne_vale_ferreteria_mov (vfe_id,pro_codigo_plu,vfm_cantidad,vfm_unitario,vfm_total,vfm_entregado) VALUES (6283,15949,2,480,960,@@@NO@@@)','',2,'2013-07-26'),(43518,'INSERT INTO gne_vale_ferreteria_mov (vfe_id,pro_codigo_plu,vfm_cantidad,vfm_unitario,vfm_total,vfm_entregado) VALUES (6283,770098,2,100,200,@@@NO@@@)','',2,'2013-07-26'),(43519,'INSERT INTO gne_vale_ferreteria (vfe_id,vfe_fecha,vfe_total,vfe_estado,vfe_entregado,usu_nusuario) VALUES (6284,@@@2013.07.26@@@,350,1,0,@@@m_martinez@@@)','',2,'2013-07-26'),(43520,'INSERT INTO gne_vale_ferreteria_mov (vfe_id,pro_codigo_plu,vfm_cantidad,vfm_unitario,vfm_total,vfm_entregado) VALUES (6284,763723,1,350,350,@@@NO@@@)','',2,'2013-07-26'),(43521,'UPDATE mae_clientes SET cli_rut=@@@9202017-7@@@,cli_nombre=@@@CASA@@@,cli_direccion=@@@SAN GREGORIO 15@@@,cli_sucursal=@@@@@@,cli_ciudad=@@@NACIMIENTO@@@,cli_nombre_contacto=@@@@@@,cli_cargo=@@@@@@,cli_comuna=@@@nacimiento@@@,cli_fpago=@@@CONTADO@@@,cli_telefono=@@@511706@@@,cli_fax=@@@511706@@@,cli_celular=@@@94944326@@@,cli_mail=@@@AIMUNOZ2@UC.CL@@@,tcp_id=@@@1@@@,cli_fecha_nacimiento=@@@1987.08.18@@@,cli_activo=@@@1@@@,cli_limite_credito=@@@650000@@@,cli_giro=@@@SUPERMERCADO@@@,cli_sobrecargo=0,cli_descuento_venta=0,cli_rapel=0 ,cli_credito_ilimitado=1 WHERE cli_id=@@@1@@@','',2,'2013-07-26'),(43522,'INSERT INTO mae_productos (pro_codigo_plu,pro_codigo_barra,pro_tipo,pro_nombre_producto,pro_nombre_corto,med_id,emb_id,pro_unidades_embalaje,dep_id,lin_id,mar_id,pro_precio_compra_neto,pro_precio_compra_bruto,pro_precio_venta,pro_margen_actual,pro_oferta,pro_fecha_inicio_oferta,pro_fecha_termino_oferta,pro_precio_oferta,pro_stock_minimo,pro_stock_critico,pro_entradas_bodega,pro_salidas_bodega,pro_mermas_bodega,pro_ajustes_bodega,pro_entradas_sv,pro_salidas_sv,pro_mermas_sv,pro_ajustes_sv,pro_activo,rec_numero,pro_unidad,pro_capacidad,pro_consumo_bodega,pro_consumo_sv,pro_estado,pro_funcion_plu,pro_flejes,pro_iva,pro_plu_asociado,pro_envase,pro_duracion,pro_numero_etiqueta) VALUES (780721444,@@@780721444@@@,@@@0@@@,@@@BEBE NENUCO GRANDE@@@,@@@BEBE NENUCO GRAN@@@,@@@1 @@@,@@@4 @@@,@@@2@@@,@@@24 @@@,@@@207@@@,@@@2507@@@,@@@0@@@,@@@3990@@@,@@@1@@@,@@@-99.97@@@,@@@@@@,@@@2006.09.07@@@,@@@2006.09.07@@@,@@@0@@@,@@@2@@@,@@@1@@@,@@@0@@@,@@@0@@@,@@@0@@@,@@@0@@@,@@@0@@@,@@@0@@@,@@@0@@@,@@@0@@@,@@@1@@@,@@@0@@@,0,1,0,0,2,0,1,1,0,@@@NO@@@,0,0)','',2,'2013-07-26'),(43523,'DELETE FROM mae_impuestos_productos WHERE pro_codigo_plu=@@@780721444@@@','',2,'2013-07-26'),(43524,'INSERT INTO mae_productos (pro_codigo_plu,pro_codigo_barra,pro_tipo,pro_nombre_producto,pro_nombre_corto,med_id,emb_id,pro_unidades_embalaje,dep_id,lin_id,mar_id,pro_precio_compra_neto,pro_precio_compra_bruto,pro_precio_venta,pro_margen_actual,pro_oferta,pro_fecha_inicio_oferta,pro_fecha_termino_oferta,pro_precio_oferta,pro_stock_minimo,pro_stock_critico,pro_entradas_bodega,pro_salidas_bodega,pro_mermas_bodega,pro_ajustes_bodega,pro_entradas_sv,pro_salidas_sv,pro_mermas_sv,pro_ajustes_sv,pro_activo,rec_numero,pro_unidad,pro_capacidad,pro_consumo_bodega,pro_consumo_sv,pro_estado,pro_funcion_plu,pro_flejes,pro_iva,pro_plu_asociado,pro_envase,pro_duracion,pro_numero_etiqueta) VALUES (780721445,@@@780721445@@@,@@@0@@@,@@@COJIN DE SIGNOS@@@,@@@COJIN DE SIGNOS@@@,@@@1 @@@,@@@4 @@@,@@@2@@@,@@@24 @@@,@@@207@@@,@@@2507@@@,@@@0@@@,@@@1500@@@,@@@1@@@,@@@-99.93@@@,@@@@@@,@@@2006.09.07@@@,@@@2006.09.07@@@,@@@0@@@,@@@2@@@,@@@1@@@,@@@0@@@,@@@0@@@,@@@0@@@,@@@0@@@,@@@0@@@,@@@0@@@,@@@0@@@,@@@0@@@,@@@1@@@,@@@0@@@,0,1,0,0,2,0,1,1,0,@@@NO@@@,0,0)','',2,'2013-07-26'),(43525,'DELETE FROM mae_impuestos_productos WHERE pro_codigo_plu=@@@780721445@@@','',2,'2013-07-26'),(43526,'INSERT INTO gne_vale_ferreteria (vfe_id,vfe_fecha,vfe_total,vfe_estado,vfe_entregado,usu_nusuario) VALUES (6285,@@@2013.07.26@@@,200,1,0,@@@m_martinez@@@)','',2,'2013-07-26'),(43527,'INSERT INTO gne_vale_ferreteria_mov (vfe_id,pro_codigo_plu,vfm_cantidad,vfm_unitario,vfm_total,vfm_entregado) VALUES (6285,7051,2,100,200,@@@NO@@@)','',2,'2013-07-26'),(43528,'INSERT INTO gne_vale_ferreteria (vfe_id,vfe_fecha,vfe_total,vfe_estado,vfe_entregado,usu_nusuario) VALUES (6286,@@@2013.07.26@@@,1110,1,0,@@@m_martinez@@@)','',2,'2013-07-26'),(43529,'INSERT INTO gne_vale_ferreteria_mov (vfe_id,pro_codigo_plu,vfm_cantidad,vfm_unitario,vfm_total,vfm_entregado) VALUES (6286,763624,1,660,660,@@@NO@@@)','',2,'2013-07-26'),(43530,'INSERT INTO gne_vale_ferreteria_mov (vfe_id,pro_codigo_plu,vfm_cantidad,vfm_unitario,vfm_total,vfm_entregado) VALUES (6286,3100,1,450,450,@@@NO@@@)','',2,'2013-07-26'),(43531,'INSERT INTO gne_vale_ferreteria (vfe_id,vfe_fecha,vfe_total,vfe_estado,vfe_entregado,usu_nusuario) VALUES (6287,@@@2013.07.26@@@,1250,1,0,@@@m_martinez@@@)','',2,'2013-07-26'),(43532,'INSERT INTO gne_vale_ferreteria_mov (vfe_id,pro_codigo_plu,vfm_cantidad,vfm_unitario,vfm_total,vfm_entregado) VALUES (6287,770060,5,250,1250,@@@NO@@@)','',2,'2013-07-26'),(43533,'INSERT INTO mae_productos (pro_codigo_plu,pro_codigo_barra,pro_tipo,pro_nombre_producto,pro_nombre_corto,med_id,emb_id,pro_unidades_embalaje,dep_id,lin_id,mar_id,pro_precio_compra_neto,pro_precio_compra_bruto,pro_precio_venta,pro_margen_actual,pro_oferta,pro_fecha_inicio_oferta,pro_fecha_termino_oferta,pro_precio_oferta,pro_stock_minimo,pro_stock_critico,pro_entradas_bodega,pro_salidas_bodega,pro_mermas_bodega,pro_ajustes_bodega,pro_entradas_sv,pro_salidas_sv,pro_mermas_sv,pro_ajustes_sv,pro_activo,rec_numero,pro_unidad,pro_capacidad,pro_consumo_bodega,pro_consumo_sv,pro_estado,pro_funcion_plu,pro_flejes,pro_iva,pro_plu_asociado,pro_envase,pro_duracion,pro_numero_etiqueta) VALUES (780721446,@@@7804320163291@@@,@@@0@@@,@@@VINO TINTO CLOS DE PIRQUE 1,89CC@@@,@@@VINO TINTO CLOS @@@,@@@6 @@@,@@@6 @@@,@@@6@@@,@@@6 @@@,@@@60@@@,@@@1941@@@,@@@0@@@,@@@1590@@@,@@@1@@@,@@@-99.94@@@,@@@@@@,@@@2006.09.07@@@,@@@2006.09.07@@@,@@@0@@@,@@@40@@@,@@@10@@@,@@@0@@@,@@@0@@@,@@@0@@@,@@@0@@@,@@@0@@@,@@@0@@@,@@@0@@@,@@@0@@@,@@@1@@@,@@@0@@@,0,1.89,0,0,2,0,1,1,0,@@@NO@@@,0,0)','',2,'2013-07-26'),(43534,'DELETE FROM mae_impuestos_productos WHERE pro_codigo_plu=@@@780721446@@@','',2,'2013-07-26'),(43535,'INSERT INTO gne_vale_ferreteria (vfe_id,vfe_fecha,vfe_total,vfe_estado,vfe_entregado,usu_nusuario) VALUES (6288,@@@2013.07.26@@@,2290,1,0,@@@m_martinez@@@)','',2,'2013-07-26'),(43536,'INSERT INTO gne_vale_ferreteria_mov (vfe_id,pro_codigo_plu,vfm_cantidad,vfm_unitario,vfm_total,vfm_entregado) VALUES (6288,780721133,1,2290,2290,@@@NO@@@)','',2,'2013-07-26'),(43537,'UPDATE mae_productos SET pro_precio_venta=2390,pro_margen_actual=46.28, pro_precio_compra_bruto=1633.84, pro_precio_compra_neto=1372.97478991597 WHERE pro_codigo_plu=17842','',2,'2013-07-26'),(43538,'UPDATE mae_productos SET pro_precio_venta=2190,pro_margen_actual=37.74, pro_precio_compra_bruto=1590, pro_precio_compra_neto=1336.13445378151 WHERE pro_codigo_plu=780721446','',2,'2013-07-26'),(43539,'UPDATE mae_productos SET pro_precio_compra_bruto=1633.84,pro_margen_actual=(pro_precio_venta-1633.84)/1633.84 * 100,pro_ultima_compra=@@@2013.07.26@@@,pro_ultimo_proveedor=@@@78752470-2@@@ WHERE pro_codigo_plu=17842','',2,'2013-07-26'),(43540,'UPDATE mae_productos SET pro_precio_compra_bruto=1590,pro_margen_actual=(pro_precio_venta-1590)/1590 * 100,pro_ultima_compra=@@@2013.07.26@@@,pro_ultimo_proveedor=@@@78752470-2@@@ WHERE pro_codigo_plu=780721446','',2,'2013-07-26'),(43541,'UPDATE mae_productos SET pro_codigo_barra=@@@780721435@@@,pro_tipo=@@@0@@@,pro_nombre_producto=@@@OSO COJIN DE ANIMALES@@@,pro_nombre_corto=@@@OSO COJIN DE ANI@@@,med_id=@@@1@@@,emb_id=@@@4@@@,pro_unidades_embalaje=@@@2@@@,dep_id=@@@23 @@@,lin_id=@@@201@@@,mar_id=@@@2507@@@,pro_precio_compra_neto=@@@0@@@,pro_precio_compra_bruto=@@@2450@@@,pro_precio_venta=@@@4990@@@,pro_margen_actual=@@@103.67@@@,pro_oferta=@@@NO@@@,pro_fecha_inicio_oferta=@@@2006.09.07@@@,pro_fecha_termino_oferta=@@@2006.09.07@@@,pro_precio_oferta=@@@0@@@,pro_stock_minimo=@@@2@@@,pro_stock_critico=@@@1@@@,pro_activo=@@@1@@@,pro_unidad=@@@0@@@,pro_precio_compra_bruto=2450,pro_margen_actual=103.67,pro_capacidad=1,pro_funcion_plu=0,pro_flejes=1,pro_iva=1,pro_plu_asociado=0,pro_envase=@@@NO@@@,pro_duracion=0,pro_numero_etiqueta=0 WHERE pro_codigo_plu=@@@780721435@@@','',2,'2013-07-26'),(43542,'UPDATE mae_productos SET pro_estado=1 WHERE pro_codigo_plu=780721435','',2,'2013-07-26'),(43543,'DELETE FROM mae_impuestos_productos WHERE pro_codigo_plu=@@@780721435@@@','',2,'2013-07-26'),(43544,'UPDATE mae_productos SET pro_codigo_barra=@@@780721436@@@,pro_tipo=@@@0@@@,pro_nombre_producto=@@@COJIN CON FORMA DE ANIMALES@@@,pro_nombre_corto=@@@COJIN CON FORMA@@@,med_id=@@@1@@@,emb_id=@@@4@@@,pro_unidades_embalaje=@@@4@@@,dep_id=@@@23 @@@,lin_id=@@@201@@@,mar_id=@@@2507@@@,pro_precio_compra_neto=@@@0@@@,pro_precio_compra_bruto=@@@2450@@@,pro_precio_venta=@@@2990@@@,pro_margen_actual=@@@22.04@@@,pro_oferta=@@@NO@@@,pro_fecha_inicio_oferta=@@@2006.09.07@@@,pro_fecha_termino_oferta=@@@2006.09.07@@@,pro_precio_oferta=@@@0@@@,pro_stock_minimo=@@@4@@@,pro_stock_critico=@@@1@@@,pro_activo=@@@1@@@,pro_unidad=@@@0@@@,pro_precio_compra_bruto=2450,pro_margen_actual=22.04,pro_capacidad=1,pro_funcion_plu=0,pro_flejes=1,pro_iva=1,pro_plu_asociado=0,pro_envase=@@@NO@@@,pro_duracion=0,pro_numero_etiqueta=0 WHERE pro_codigo_plu=@@@780721436@@@','',2,'2013-07-26'),(43545,'UPDATE mae_productos SET pro_estado=1 WHERE pro_codigo_plu=780721436','',2,'2013-07-26'),(43546,'DELETE FROM mae_impuestos_productos WHERE pro_codigo_plu=@@@780721436@@@','',2,'2013-07-26'),(43547,'INSERT INTO mae_productos (pro_codigo_plu,pro_codigo_barra,pro_tipo,pro_nombre_producto,pro_nombre_corto,med_id,emb_id,pro_unidades_embalaje,dep_id,lin_id,mar_id,pro_precio_compra_neto,pro_precio_compra_bruto,pro_precio_venta,pro_margen_actual,pro_oferta,pro_fecha_inicio_oferta,pro_fecha_termino_oferta,pro_precio_oferta,pro_stock_minimo,pro_stock_critico,pro_entradas_bodega,pro_salidas_bodega,pro_mermas_bodega,pro_ajustes_bodega,pro_entradas_sv,pro_salidas_sv,pro_mermas_sv,pro_ajustes_sv,pro_activo,rec_numero,pro_unidad,pro_capacidad,pro_consumo_bodega,pro_consumo_sv,pro_estado,pro_funcion_plu,pro_flejes,pro_iva,pro_plu_asociado,pro_envase,pro_duracion,pro_numero_etiqueta) VALUES (785050,@@@785050@@@,@@@0@@@,@@@BOLSO AUTO PELUCHE@@@,@@@BOLSO AUTO PELUC@@@,@@@1 @@@,@@@9 @@@,@@@1@@@,@@@23 @@@,@@@201@@@,@@@2507@@@,@@@0@@@,@@@1990@@@,@@@3990@@@,@@@100.5@@@,@@@@@@,@@@2006.09.07@@@,@@@2006.09.07@@@,@@@0@@@,@@@1@@@,@@@1@@@,@@@0@@@,@@@0@@@,@@@0@@@,@@@0@@@,@@@0@@@,@@@0@@@,@@@0@@@,@@@0@@@,@@@1@@@,@@@0@@@,0,1,0,0,2,0,1,1,0,@@@NO@@@,0,0)','',2,'2013-07-26'),(43548,'DELETE FROM mae_impuestos_productos WHERE pro_codigo_plu=@@@785050@@@','',2,'2013-07-26'),(43549,'UPDATE mae_productos SET pro_precio_venta=5990,pro_margen_actual=99.67, pro_precio_compra_bruto=3000, pro_precio_compra_neto=2521.00840336134 WHERE pro_codigo_plu=780721434','',2,'2013-07-26'),(43550,'UPDATE mae_productos SET pro_precio_venta=3990,pro_margen_actual=100.5, pro_precio_compra_bruto=1990, pro_precio_compra_neto=1672.26890756303 WHERE pro_codigo_plu=780721440','',2,'2013-07-26'),(43551,'UPDATE mae_productos SET pro_precio_venta=5990,pro_margen_actual=100.33, pro_precio_compra_bruto=2990, pro_precio_compra_neto=2512.60504201681 WHERE pro_codigo_plu=780721441','',2,'2013-07-26'),(43552,'UPDATE mae_productos SET pro_precio_venta=990,pro_margen_actual=120, pro_precio_compra_bruto=450, pro_precio_compra_neto=378.151260504202 WHERE pro_codigo_plu=780721442','',2,'2013-07-26'),(43553,'UPDATE mae_productos SET pro_precio_venta=5990,pro_margen_actual=100.33, pro_precio_compra_bruto=2990, pro_precio_compra_neto=2512.60504201681 WHERE pro_codigo_plu=780721443','',2,'2013-07-26'),(43554,'UPDATE mae_productos SET pro_precio_venta=7990,pro_margen_actual=100.25, pro_precio_compra_bruto=3990, pro_precio_compra_neto=3352.94117647059 WHERE pro_codigo_plu=780721444','',2,'2013-07-26'),(43555,'UPDATE mae_productos SET pro_precio_venta=2990,pro_margen_actual=99.33, pro_precio_compra_bruto=1500, pro_precio_compra_neto=1260.50420168067 WHERE pro_codigo_plu=780721445','',2,'2013-07-26'),(43556,'UPDATE mae_productos SET pro_margen_actual=-99.97,pro_precio_venta=1 WHERE pro_codigo_plu=780721444','',2,'2013-07-26'),(43557,'UPDATE mae_productos SET pro_margen_actual=-99.97,pro_precio_venta=1 WHERE pro_codigo_plu=780721443','',2,'2013-07-26'),(43558,'UPDATE mae_productos SET pro_margen_actual=100.5,pro_precio_venta=3990 WHERE pro_codigo_plu=785050','',2,'2013-07-26'),(43559,'UPDATE mae_productos SET pro_margen_actual=51.09,pro_precio_venta=899 WHERE pro_codigo_plu=107','',2,'2013-07-26'),(43560,'UPDATE mae_productos SET pro_margen_actual=22.04,pro_precio_venta=2990 WHERE pro_codigo_plu=780721436','',2,'2013-07-26'),(43561,'UPDATE mae_productos SET pro_margen_actual=-99.97,pro_precio_venta=1 WHERE pro_codigo_plu=780721434','',2,'2013-07-26'),(43562,'UPDATE mae_productos SET pro_margen_actual=-99.93,pro_precio_venta=1 WHERE pro_codigo_plu=780721445','',2,'2013-07-26'),(43563,'UPDATE mae_productos SET pro_margen_actual=-99.97,pro_precio_venta=1 WHERE pro_codigo_plu=780721441','',2,'2013-07-26'),(43564,'UPDATE mae_productos SET pro_margen_actual=-99.95,pro_precio_venta=1 WHERE pro_codigo_plu=780721440','',2,'2013-07-26'),(43565,'UPDATE mae_productos SET pro_margen_actual=76.54,pro_precio_venta=2500 WHERE pro_codigo_plu=327','',2,'2013-07-26'),(43566,'UPDATE mae_productos SET pro_margen_actual=103.67,pro_precio_venta=4990 WHERE pro_codigo_plu=780721435','',2,'2013-07-26'),(43567,'UPDATE mae_productos SET pro_margen_actual=36.07,pro_precio_venta=3190 WHERE pro_codigo_plu=309','',2,'2013-07-26'),(43568,'UPDATE mae_productos SET pro_margen_actual=-99.78,pro_precio_venta=1 WHERE pro_codigo_plu=780721442','',2,'2013-07-26'),(43569,'UPDATE mae_productos SET pro_margen_actual=29.64,pro_precio_venta=1990 WHERE pro_codigo_plu=215','',2,'2013-07-26'),(43570,'UPDATE mae_productos SET pro_margen_actual=-99.94,pro_precio_venta=1 WHERE pro_codigo_plu=780721446','',2,'2013-07-26'),(43571,'UPDATE mae_productos SET pro_precio_venta=5990,pro_margen_actual=99.67, pro_precio_compra_bruto=3000, pro_precio_compra_neto=2521.00840336134 WHERE pro_codigo_plu=780721434','',2,'2013-07-26'),(43572,'UPDATE mae_productos SET pro_precio_venta=3990,pro_margen_actual=100.5, pro_precio_compra_bruto=1990, pro_precio_compra_neto=1672.26890756303 WHERE pro_codigo_plu=780721440','',2,'2013-07-26'),(43573,'UPDATE mae_productos SET pro_precio_venta=5990,pro_margen_actual=100.33, pro_precio_compra_bruto=2990, pro_precio_compra_neto=2512.60504201681 WHERE pro_codigo_plu=780721441','',2,'2013-07-26'),(43574,'UPDATE mae_productos SET pro_precio_venta=990,pro_margen_actual=120, pro_precio_compra_bruto=450, pro_precio_compra_neto=378.151260504202 WHERE pro_codigo_plu=780721442','',2,'2013-07-26'),(43575,'UPDATE mae_productos SET pro_precio_venta=5990,pro_margen_actual=100.33, pro_precio_compra_bruto=2990, pro_precio_compra_neto=2512.60504201681 WHERE pro_codigo_plu=780721443','',2,'2013-07-26'),(43576,'UPDATE mae_productos SET pro_precio_venta=7990,pro_margen_actual=100.25, pro_precio_compra_bruto=3990, pro_precio_compra_neto=3352.94117647059 WHERE pro_codigo_plu=780721444','',2,'2013-07-26'),(43577,'UPDATE mae_productos SET pro_precio_venta=2990,pro_margen_actual=99.33, pro_precio_compra_bruto=1500, pro_precio_compra_neto=1260.50420168067 WHERE pro_codigo_plu=780721445','',2,'2013-07-26'),(43578,'UPDATE mae_productos SET pro_precio_fiscal=pro_precio_venta WHERE pro_codigo_plu=780721441','',2,'2013-07-26'),(43579,'UPDATE mae_productos SET pro_precio_fiscal=pro_precio_venta WHERE pro_codigo_plu=780721434','',2,'2013-07-26'),(43580,'UPDATE mae_productos SET pro_precio_fiscal=pro_precio_venta WHERE pro_codigo_plu=17842','',2,'2013-07-26'),(43581,'UPDATE mae_productos SET pro_precio_fiscal=pro_precio_venta WHERE pro_codigo_plu=780721446','',2,'2013-07-26'),(43582,'UPDATE mae_productos SET pro_precio_fiscal=pro_precio_venta WHERE pro_codigo_plu=780721435','',2,'2013-07-26'),(43583,'UPDATE mae_productos SET pro_precio_fiscal=pro_precio_venta WHERE pro_codigo_plu=780721436','',2,'2013-07-26'),(43584,'UPDATE mae_productos SET pro_precio_fiscal=pro_precio_venta WHERE pro_codigo_plu=780721440','',2,'2013-07-26'),(43585,'UPDATE mae_productos SET pro_precio_fiscal=pro_precio_venta WHERE pro_codigo_plu=780721442','',2,'2013-07-26'),(43586,'UPDATE mae_productos SET pro_precio_fiscal=pro_precio_venta WHERE pro_codigo_plu=780721443','',2,'2013-07-26'),(43587,'UPDATE mae_productos SET pro_precio_fiscal=pro_precio_venta WHERE pro_codigo_plu=780721444','',2,'2013-07-26'),(43588,'UPDATE mae_productos SET pro_precio_fiscal=pro_precio_venta WHERE pro_codigo_plu=780721445','',2,'2013-07-26'),(43589,'UPDATE mae_productos SET pro_precio_fiscal=pro_precio_venta WHERE pro_codigo_plu=785050','',2,'2013-07-26'),(43590,'UPDATE mae_productos SET pro_precio_compra_bruto=2450,pro_margen_actual=(pro_precio_venta-2450)/2450 * 100,pro_ultima_compra=@@@2013.07.26@@@,pro_ultimo_proveedor=@@@14735648-K@@@ WHERE pro_codigo_plu=780721435','',2,'2013-07-26'),(43591,'UPDATE mae_productos SET pro_precio_compra_bruto=1500,pro_margen_actual=(pro_precio_venta-1500)/1500 * 100,pro_ultima_compra=@@@2013.07.26@@@,pro_ultimo_proveedor=@@@14735648-K@@@ WHERE pro_codigo_plu=780721436','',2,'2013-07-26'),(43592,'UPDATE mae_productos SET pro_precio_compra_bruto=3000,pro_margen_actual=(pro_precio_venta-3000)/3000 * 100,pro_ultima_compra=@@@2013.07.26@@@,pro_ultimo_proveedor=@@@14735648-K@@@ WHERE pro_codigo_plu=780721434','',2,'2013-07-26'),(43593,'UPDATE mae_productos SET pro_precio_compra_bruto=1990,pro_margen_actual=(pro_precio_venta-1990)/1990 * 100,pro_ultima_compra=@@@2013.07.26@@@,pro_ultimo_proveedor=@@@14735648-K@@@ WHERE pro_codigo_plu=764971','',2,'2013-07-26'),(43594,'UPDATE mae_productos SET pro_precio_compra_bruto=1500,pro_margen_actual=(pro_precio_venta-1500)/1500 * 100,pro_ultima_compra=@@@2013.07.26@@@,pro_ultimo_proveedor=@@@14735648-K@@@ WHERE pro_codigo_plu=764970','',2,'2013-07-26'),(43595,'UPDATE mae_productos SET pro_precio_compra_bruto=1990,pro_margen_actual=(pro_precio_venta-1990)/1990 * 100,pro_ultima_compra=@@@2013.07.26@@@,pro_ultimo_proveedor=@@@14735648-K@@@ WHERE pro_codigo_plu=780721440','',2,'2013-07-26'),(43596,'UPDATE mae_productos SET pro_precio_compra_bruto=2500,pro_margen_actual=(pro_precio_venta-2500)/2500 * 100,pro_ultima_compra=@@@2013.07.26@@@,pro_ultimo_proveedor=@@@14735648-K@@@ WHERE pro_codigo_plu=764973','',2,'2013-07-26'),(43597,'UPDATE mae_productos SET pro_precio_compra_bruto=2990,pro_margen_actual=(pro_precio_venta-2990)/2990 * 100,pro_ultima_compra=@@@2013.07.26@@@,pro_ultimo_proveedor=@@@14735648-K@@@ WHERE pro_codigo_plu=780721441','',2,'2013-07-26'),(43598,'UPDATE mae_productos SET pro_precio_compra_bruto=450,pro_margen_actual=(pro_precio_venta-450)/450 * 100,pro_ultima_compra=@@@2013.07.26@@@,pro_ultimo_proveedor=@@@14735648-K@@@ WHERE pro_codigo_plu=780721442','',2,'2013-07-26'),(43599,'UPDATE mae_productos SET pro_precio_compra_bruto=2990,pro_margen_actual=(pro_precio_venta-2990)/2990 * 100,pro_ultima_compra=@@@2013.07.26@@@,pro_ultimo_proveedor=@@@14735648-K@@@ WHERE pro_codigo_plu=780721443','',2,'2013-07-26'),(43600,'UPDATE mae_productos SET pro_precio_compra_bruto=3990,pro_margen_actual=(pro_precio_venta-3990)/3990 * 100,pro_ultima_compra=@@@2013.07.26@@@,pro_ultimo_proveedor=@@@14735648-K@@@ WHERE pro_codigo_plu=780721444','',2,'2013-07-26'),(43601,'UPDATE mae_productos SET pro_precio_compra_bruto=1500,pro_margen_actual=(pro_precio_venta-1500)/1500 * 100,pro_ultima_compra=@@@2013.07.26@@@,pro_ultimo_proveedor=@@@14735648-K@@@ WHERE pro_codigo_plu=780721445','',2,'2013-07-26'),(43602,'UPDATE mae_productos SET pro_precio_compra_bruto=1990,pro_margen_actual=(pro_precio_venta-1990)/1990 * 100,pro_ultima_compra=@@@2013.07.26@@@,pro_ultimo_proveedor=@@@14735648-K@@@ WHERE pro_codigo_plu=785050','',2,'2013-07-26'),(43603,'UPDATE mae_productos SET pro_codigo_barra=@@@7613033571657@@@,pro_tipo=@@@0@@@,pro_nombre_producto=@@@SUELTY HUESOS NESTLE TARRO@@@,pro_nombre_corto=@@@SUELTY HUESOS NE@@@,med_id=@@@5@@@,emb_id=@@@3@@@,pro_unidades_embalaje=@@@0@@@,dep_id=@@@1 @@@,lin_id=@@@29@@@,mar_id=@@@9@@@,pro_precio_compra_neto=@@@0@@@,pro_precio_compra_bruto=@@@4130.4@@@,pro_precio_venta=@@@5370@@@,pro_margen_actual=@@@30.01@@@,pro_oferta=@@@NO@@@,pro_fecha_inicio_oferta=@@@2013.04.27@@@,pro_fecha_termino_oferta=@@@2013.04.27@@@,pro_precio_oferta=@@@0@@@,pro_stock_minimo=@@@0@@@,pro_stock_critico=@@@0@@@,pro_activo=@@@1@@@,pro_unidad=@@@0@@@,pro_precio_compra_bruto=4130.4,pro_margen_actual=30.01,pro_capacidad=900,pro_funcion_plu=0,pro_flejes=1,pro_iva=1,pro_plu_asociado=0,pro_envase=@@@NO@@@,pro_duracion=0,pro_numero_etiqueta=0 WHERE pro_codigo_plu=@@@763453@@@','',2,'2013-07-26'),(43604,'UPDATE mae_productos SET pro_estado=1 WHERE pro_codigo_plu=763453','',2,'2013-07-26'),(43605,'DELETE FROM mae_impuestos_productos WHERE pro_codigo_plu=@@@763453@@@','',2,'2013-07-26'),(43606,'UPDATE mae_productos SET pro_precio_venta=3990,pro_margen_actual=30.11, pro_precio_compra_bruto=3066.6, pro_precio_compra_neto=2576.97478991597 WHERE pro_codigo_plu=761307','',2,'2013-07-26'),(43607,'UPDATE mae_productos SET pro_precio_fiscal=pro_precio_venta WHERE pro_codigo_plu=761307','',2,'2013-07-26'),(43608,'UPDATE mae_productos SET pro_precio_compra_bruto=3066.6,pro_margen_actual=(pro_precio_venta-3066.6)/3066.6 * 100,pro_ultima_compra=@@@2013.07.26@@@,pro_ultimo_proveedor=@@@76218060-K@@@ WHERE pro_codigo_plu=761307','',2,'2013-07-26'),(43609,'INSERT INTO gne_vale_ferreteria (vfe_id,vfe_fecha,vfe_total,vfe_estado,vfe_entregado,usu_nusuario) VALUES (6289,@@@2013.07.26@@@,180,1,0,@@@m_martinez@@@)','',2,'2013-07-26'),(43610,'INSERT INTO gne_vale_ferreteria_mov (vfe_id,pro_codigo_plu,vfm_cantidad,vfm_unitario,vfm_total,vfm_entregado) VALUES (6289,15745,1,180,180,@@@NO@@@)','',2,'2013-07-26'),(43611,'UPDATE gpr_pack_virtual SET pav_nombre=@@@BEBIDAS BEACH 3 x $1.100@@@,pav_total_pack=1900,pav_total_descuento=500,pav_desde=@@@2013-05-09@@@,pav_hasta=@@@2013-12-31@@@,pav_tipo=@@@PA@@@,pav_precio=400,pav_lleva=6,pav_paga=4.5,pav_descuento=1.5,pav_porcentaje=67,pav_oferta_exclusiva=@@@NO@@@,pav_agotar_stock=@@@SI@@@,pav_stock=2000,pav_costo=0,pav_margen=0 WHERE pav_id=4','',2,'2013-07-26'),(43612,'DELETE FROM gpr_pack_virtual_mov WHERE pav_id=4','',2,'2013-07-26'),(43613,'DELETE FROM gpr_pack_virtual_horario WHERE pav_id=4','',2,'2013-07-26'),(43614,'INSERT INTO gpr_pack_virtual_mov (pav_id,pro_codigo_plu,pvm_precio,pvm_total,pvm_lleva,pvm_paga,pvm_descuento,pvm_porcentaje,pvm_total_normal,pvm_descuento_linea,pvm_costo,pvm_margen) VALUES (4,763516,400,0,1,1,0,0,400,83.3333333333333,0,0),(4,763521,400,0,1,1,0,0,400,83.3333333333333,0,0),(4,763519,400,0,1,1,0,0,400,83.3333333333333,0,0),(4,763520,400,0,1,1,0,0,400,83.3333333333333,0,0),(4,763517,400,0,1,1,0,0,400,83.3333333333333,0,0),(4,78017029,400,0,1,1,0,0,400,83.3333333333333,0,0)','',2,'2013-07-26'),(43615,'INSERT INTO gpr_pack_virtual_horario (pav_id,pvh_dia,pvh_hora_desde,pvh_hora_hasta) VALUES (4,99,@@@00:00@@@,@@@23:59@@@)','',2,'2013-07-26'),(43616,'UPDATE gpr_pack_virtual SET pav_nombre=@@@BEBIDAS BEACH 3 x $1.100@@@,pav_total_pack=1100,pav_total_descuento=100,pav_desde=@@@2013-05-09@@@,pav_hasta=@@@2013-12-31@@@,pav_tipo=@@@PA@@@,pav_precio=400,pav_lleva=3,pav_paga=2.5,pav_descuento=0.5,pav_porcentaje=200,pav_oferta_exclusiva=@@@NO@@@,pav_agotar_stock=@@@SI@@@,pav_stock=2000,pav_costo=0,pav_margen=0 WHERE pav_id=4','',2,'2013-07-26'),(43617,'DELETE FROM gpr_pack_virtual_mov WHERE pav_id=4','',2,'2013-07-26'),(43618,'DELETE FROM gpr_pack_virtual_horario WHERE pav_id=4','',2,'2013-07-26'),(43619,'INSERT INTO gpr_pack_virtual_mov (pav_id,pro_codigo_plu,pvm_precio,pvm_total,pvm_lleva,pvm_paga,pvm_descuento,pvm_porcentaje,pvm_total_normal,pvm_descuento_linea,pvm_costo,pvm_margen) VALUES (4,763516,400,0,1,1,0,0,400,33.3333333333333,0,0),(4,763521,400,0,1,1,0,0,400,33.3333333333333,0,0),(4,763519,400,0,1,1,0,0,400,33.3333333333333,0,0),(4,763520,400,0,1,1,0,0,400,33.3333333333333,0,0),(4,763517,400,0,1,1,0,0,400,33.3333333333333,0,0),(4,78017029,400,0,1,1,0,0,400,33.3333333333333,0,0)','',2,'2013-07-26'),(43620,'INSERT INTO gpr_pack_virtual_horario (pav_id,pvh_dia,pvh_hora_desde,pvh_hora_hasta) VALUES (4,99,@@@00:00@@@,@@@23:59@@@)','',2,'2013-07-26'),(43621,'INSERT INTO gne_vale_ferreteria (vfe_id,vfe_fecha,vfe_total,vfe_estado,vfe_entregado,usu_nusuario) VALUES (6290,@@@2013.07.26@@@,1080,1,0,@@@m_martinez@@@)','',2,'2013-07-26'),(43622,'INSERT INTO gne_vale_ferreteria_mov (vfe_id,pro_codigo_plu,vfm_cantidad,vfm_unitario,vfm_total,vfm_entregado) VALUES (6290,1559,1,290,290,@@@NO@@@)','',2,'2013-07-26'),(43623,'INSERT INTO gne_vale_ferreteria_mov (vfe_id,pro_codigo_plu,vfm_cantidad,vfm_unitario,vfm_total,vfm_entregado) VALUES (6290,764020,1,790,790,@@@NO@@@)','',2,'2013-07-26'),(43624,'INSERT INTO com_ventas_grupo (vgr_fecha,vgr_grupo,vgr_cantidad,vgr_total) VALUES (@@@2013.07.26@@@,1,261.155,179664)','',2,'2013-07-26'),(43625,'INSERT INTO com_ventas_grupo (vgr_fecha,vgr_grupo,vgr_cantidad,vgr_total) VALUES (@@@2013.07.26@@@,2,201.565,109067)','',2,'2013-07-26'),(43626,'INSERT INTO com_ventas_grupo (vgr_fecha,vgr_grupo,vgr_cantidad,vgr_total) VALUES (@@@2013.07.26@@@,3,558,104457)','',2,'2013-07-26'),(43627,'INSERT INTO com_ventas_grupo (vgr_fecha,vgr_grupo,vgr_cantidad,vgr_total) VALUES (@@@2013.07.26@@@,4,171,126875)','',2,'2013-07-26'),(43628,'INSERT INTO com_ventas_grupo (vgr_fecha,vgr_grupo,vgr_cantidad,vgr_total) VALUES (@@@2013.07.26@@@,5,3,10779)','',2,'2013-07-26'),(43629,'INSERT INTO com_ventas_grupo (vgr_fecha,vgr_grupo,vgr_cantidad,vgr_total) VALUES (@@@2013.07.26@@@,6,30,55948)','',2,'2013-07-26'),(43630,'INSERT INTO com_ventas_grupo (vgr_fecha,vgr_grupo,vgr_cantidad,vgr_total) VALUES (@@@2013.07.26@@@,7,58,98402)','',2,'2013-07-26'),(43631,'INSERT INTO com_ventas_grupo (vgr_fecha,vgr_grupo,vgr_cantidad,vgr_total) VALUES (@@@2013.07.26@@@,8,42,17610)','',2,'2013-07-26'),(43632,'INSERT INTO com_ventas_grupo (vgr_fecha,vgr_grupo,vgr_cantidad,vgr_total) VALUES (@@@2013.07.26@@@,9,81.495,137673)','',2,'2013-07-26'),(43633,'INSERT INTO com_ventas_grupo (vgr_fecha,vgr_grupo,vgr_cantidad,vgr_total) VALUES (@@@2013.07.26@@@,10,42.2,146079)','',2,'2013-07-26'),(43634,'INSERT INTO com_ventas_grupo (vgr_fecha,vgr_grupo,vgr_cantidad,vgr_total) VALUES (@@@2013.07.26@@@,11,32.88,98783)','',2,'2013-07-26'),(43635,'INSERT INTO com_ventas_grupo (vgr_fecha,vgr_grupo,vgr_cantidad,vgr_total) VALUES (@@@2013.07.26@@@,12,51.155,88517)','',2,'2013-07-26'),(43636,'INSERT INTO com_ventas_grupo (vgr_fecha,vgr_grupo,vgr_cantidad,vgr_total) VALUES (@@@2013.07.26@@@,13,22.785,60757)','',2,'2013-07-26'),(43637,'INSERT INTO com_ventas_grupo (vgr_fecha,vgr_grupo,vgr_cantidad,vgr_total) VALUES (@@@2013.07.26@@@,14,100.24,91513)','',2,'2013-07-26'),(43638,'INSERT INTO com_ventas_grupo (vgr_fecha,vgr_grupo,vgr_cantidad,vgr_total) VALUES (@@@2013.07.26@@@,16,4,680)','',2,'2013-07-26'),(43639,'INSERT INTO com_ventas_grupo (vgr_fecha,vgr_grupo,vgr_cantidad,vgr_total) VALUES (@@@2013.07.26@@@,18,230.925,123353)','',2,'2013-07-26'),(43640,'INSERT INTO com_ventas_grupo (vgr_fecha,vgr_grupo,vgr_cantidad,vgr_total) VALUES (@@@2013.07.26@@@,20,192.515,52498)','',2,'2013-07-26'),(43641,'INSERT INTO com_ventas_grupo (vgr_fecha,vgr_grupo,vgr_cantidad,vgr_total) VALUES (@@@2013.07.26@@@,21,56,32610)','',2,'2013-07-26'),(43642,'INSERT INTO com_ventas_grupo (vgr_fecha,vgr_grupo,vgr_cantidad,vgr_total) VALUES (@@@2013.07.26@@@,23,5,15150)','',2,'2013-07-26'),(43643,'INSERT INTO com_ventas_grupo (vgr_fecha,vgr_grupo,vgr_cantidad,vgr_total) VALUES (@@@2013.07.26@@@,24,129,28133)','',2,'2013-07-26'),(43644,'INSERT INTO com_ventas_grupo (vgr_fecha,vgr_grupo,vgr_cantidad,vgr_total) VALUES (@@@2013.07.26@@@,25,97,146700)','',2,'2013-07-26'),(43645,'INSERT INTO com_ventas_grupo (vgr_fecha,vgr_grupo,vgr_cantidad,vgr_total) VALUES (@@@2013.07.26@@@,27,1,1190)','',2,'2013-07-26'),(43646,'INSERT INTO com_ventas_grupo (vgr_fecha,vgr_grupo,vgr_cantidad,vgr_total) VALUES (@@@2013.07.26@@@,31,13,14690)','',2,'2013-07-26'),(43647,'INSERT INTO com_ventas_grupo (vgr_fecha,vgr_grupo,vgr_cantidad,vgr_total) VALUES (@@@2013.07.26@@@,32,388,114733)','',2,'2013-07-26'),(43648,'INSERT INTO com_ventas_grupo (vgr_fecha,vgr_grupo,vgr_cantidad,vgr_total) VALUES (@@@2013.07.26@@@,34,1,1200)','',2,'2013-07-26'),(43649,'INSERT INTO com_ventas_grupo (vgr_fecha,vgr_grupo,vgr_cantidad,vgr_total) VALUES (@@@2013.07.26@@@,35,32,43980)','',2,'2013-07-26'),(43650,'INSERT INTO com_ventas_grupo (vgr_fecha,vgr_grupo,vgr_cantidad,vgr_total) VALUES (@@@2013.07.26@@@,36,24,4620)','',2,'2013-07-26'),(43651,'INSERT INTO com_ventas_grupo (vgr_fecha,vgr_grupo,vgr_cantidad,vgr_total) VALUES (@@@2013.07.26@@@,37,6,5280)','',2,'2013-07-26'),(43652,'INSERT INTO com_ventas_grupo (vgr_fecha,vgr_grupo,vgr_cantidad,vgr_total) VALUES (@@@2013.07.26@@@,38,1,1490)','',2,'2013-07-26'),(43653,'INSERT INTO com_ventas_grupo (vgr_fecha,vgr_grupo,vgr_cantidad,vgr_total) VALUES (@@@2013.07.26@@@,40,10849,10849)','',2,'2013-07-26'),(43654,'INSERT INTO com_ventas_grupo (vgr_fecha,vgr_grupo,vgr_cantidad,vgr_total) VALUES (@@@2013.07.26@@@,42,32.975,33252)','',2,'2013-07-26'),(43655,'UPDATE mae_datos_empresa SET emp_oferta=@@@NO@@@','',2,'2013-07-26'),(43656,'INSERT INTO gne_vale_ferreteria (vfe_id,vfe_fecha,vfe_total,vfe_estado,vfe_entregado,usu_nusuario) VALUES (6291,@@@2013.07.26@@@,170,1,0,@@@m_martinez@@@)','',2,'2013-07-27'),(43657,'INSERT INTO gne_vale_ferreteria_mov (vfe_id,pro_codigo_plu,vfm_cantidad,vfm_unitario,vfm_total,vfm_entregado) VALUES (6291,78017154,1,120,120,@@@NO@@@)','',2,'2013-07-27'),(43658,'INSERT INTO gne_vale_ferreteria_mov (vfe_id,pro_codigo_plu,vfm_cantidad,vfm_unitario,vfm_total,vfm_entregado) VALUES (6291,1545,1,50,50,@@@NO@@@)','',2,'2013-07-27'),(43659,'INSERT INTO gne_vale_ferreteria (vfe_id,vfe_fecha,vfe_total,vfe_estado,vfe_entregado,usu_nusuario) VALUES (6292,@@@2013.07.27@@@,2990,1,0,@@@m_martinez@@@)','',2,'2013-07-27'),(43660,'INSERT INTO gne_vale_ferreteria_mov (vfe_id,pro_codigo_plu,vfm_cantidad,vfm_unitario,vfm_total,vfm_entregado) VALUES (6292,764573,1,2990,2990,@@@NO@@@)','',2,'2013-07-27'),(43661,'INSERT INTO gne_vale_ferreteria (vfe_id,vfe_fecha,vfe_total,vfe_estado,vfe_entregado,usu_nusuario) VALUES (6293,@@@2013.07.27@@@,330,1,0,@@@m_martinez@@@)','',2,'2013-07-27'),(43662,'INSERT INTO gne_vale_ferreteria_mov (vfe_id,pro_codigo_plu,vfm_cantidad,vfm_unitario,vfm_total,vfm_entregado) VALUES (6293,19918,1,330,330,@@@NO@@@)','',2,'2013-07-27'),(43663,'INSERT INTO gne_vale_ferreteria (vfe_id,vfe_fecha,vfe_total,vfe_estado,vfe_entregado,usu_nusuario) VALUES (6294,@@@2013.07.27@@@,200,1,0,@@@m_martinez@@@)','',2,'2013-07-27'),(43664,'INSERT INTO gne_vale_ferreteria_mov (vfe_id,pro_codigo_plu,vfm_cantidad,vfm_unitario,vfm_total,vfm_entregado) VALUES (6294,764702,1,200,200,@@@NO@@@)','',2,'2013-07-27'),(43665,'INSERT INTO gne_vale_ferreteria (vfe_id,vfe_fecha,vfe_total,vfe_estado,vfe_entregado,usu_nusuario) VALUES (6295,@@@2013.07.27@@@,200,1,0,@@@m_martinez@@@)','',2,'2013-07-27'),(43666,'INSERT INTO gne_vale_ferreteria_mov (vfe_id,pro_codigo_plu,vfm_cantidad,vfm_unitario,vfm_total,vfm_entregado) VALUES (6295,18386,1,200,200,@@@NO@@@)','',2,'2013-07-27'),(43667,'INSERT INTO gne_vale_ferreteria (vfe_id,vfe_fecha,vfe_total,vfe_estado,vfe_entregado,usu_nusuario) VALUES (6296,@@@2013.07.27@@@,490,1,0,@@@m_martinez@@@)','',2,'2013-07-27'),(43668,'INSERT INTO gne_vale_ferreteria_mov (vfe_id,pro_codigo_plu,vfm_cantidad,vfm_unitario,vfm_total,vfm_entregado) VALUES (6296,78017203,1,490,490,@@@NO@@@)','',2,'2013-07-27'),(43669,'INSERT INTO gne_vale_ferreteria (vfe_id,vfe_fecha,vfe_total,vfe_estado,vfe_entregado,usu_nusuario) VALUES (6297,@@@2013.07.27@@@,490,1,0,@@@m_martinez@@@)','',2,'2013-07-27'),(43670,'INSERT INTO gne_vale_ferreteria_mov (vfe_id,pro_codigo_plu,vfm_cantidad,vfm_unitario,vfm_total,vfm_entregado) VALUES (6297,78017203,1,490,490,@@@NO@@@)','',2,'2013-07-27'),(43671,'INSERT INTO gne_vale_ferreteria (vfe_id,vfe_fecha,vfe_total,vfe_estado,vfe_entregado,usu_nusuario) VALUES (6298,@@@2013.07.27@@@,260,1,0,@@@m_martinez@@@)','',2,'2013-07-27'),(43672,'INSERT INTO gne_vale_ferreteria_mov (vfe_id,pro_codigo_plu,vfm_cantidad,vfm_unitario,vfm_total,vfm_entregado) VALUES (6298,102455,2,130,260,@@@NO@@@)','',2,'2013-07-27'),(43673,'INSERT INTO gne_vale_ferreteria (vfe_id,vfe_fecha,vfe_total,vfe_estado,vfe_entregado,usu_nusuario) VALUES (6299,@@@2013.07.27@@@,470,1,0,@@@m_martinez@@@)','',2,'2013-07-27'),(43674,'INSERT INTO gne_vale_ferreteria_mov (vfe_id,pro_codigo_plu,vfm_cantidad,vfm_unitario,vfm_total,vfm_entregado) VALUES (6299,763800,1,470,470,@@@NO@@@)','',2,'2013-07-27'),(43675,'INSERT INTO gne_vale_ferreteria (vfe_id,vfe_fecha,vfe_total,vfe_estado,vfe_entregado,usu_nusuario) VALUES (6300,@@@2013.07.27@@@,240,1,0,@@@m_martinez@@@)','',2,'2013-07-27'),(43676,'INSERT INTO gne_vale_ferreteria_mov (vfe_id,pro_codigo_plu,vfm_cantidad,vfm_unitario,vfm_total,vfm_entregado) VALUES (6300,764132,1,240,240,@@@NO@@@)','',2,'2013-07-27'),(43677,'INSERT INTO gne_vale_ferreteria (vfe_id,vfe_fecha,vfe_total,vfe_estado,vfe_entregado,usu_nusuario) VALUES (6301,@@@2013.07.27@@@,290,1,0,@@@m_martinez@@@)','',2,'2013-07-27'),(43678,'INSERT INTO gne_vale_ferreteria_mov (vfe_id,pro_codigo_plu,vfm_cantidad,vfm_unitario,vfm_total,vfm_entregado) VALUES (6301,1559,1,290,290,@@@NO@@@)','',2,'2013-07-27'),(43679,'INSERT INTO mae_productos (pro_codigo_plu,pro_codigo_barra,pro_tipo,pro_nombre_producto,pro_nombre_corto,med_id,emb_id,pro_unidades_embalaje,dep_id,lin_id,mar_id,pro_precio_compra_neto,pro_precio_compra_bruto,pro_precio_venta,pro_margen_actual,pro_oferta,pro_fecha_inicio_oferta,pro_fecha_termino_oferta,pro_precio_oferta,pro_stock_minimo,pro_stock_critico,pro_entradas_bodega,pro_salidas_bodega,pro_mermas_bodega,pro_ajustes_bodega,pro_entradas_sv,pro_salidas_sv,pro_mermas_sv,pro_ajustes_sv,pro_activo,rec_numero,pro_unidad,pro_capacidad,pro_consumo_bodega,pro_consumo_sv,pro_estado,pro_funcion_plu,pro_flejes,pro_iva,pro_plu_asociado,pro_envase,pro_duracion,pro_numero_etiqueta) VALUES (713,@@@713@@@,@@@0@@@,@@@CAN DOG HUESO@@@,@@@CAN DOG HUESO@@@,@@@2 @@@,@@@7 @@@,@@@30@@@,@@@42 @@@,@@@213@@@,@@@2507@@@,@@@0@@@,@@@341.9@@@,@@@499@@@,@@@45.95@@@,@@@@@@,@@@2006.09.07@@@,@@@2006.09.07@@@,@@@0@@@,@@@15@@@,@@@10@@@,@@@0@@@,@@@0@@@,@@@0@@@,@@@0@@@,@@@0@@@,@@@0@@@,@@@0@@@,@@@0@@@,@@@1@@@,@@@0@@@,1,1,0,0,2,1,1,1,0,@@@NO@@@,0,1)','',2,'2013-07-27'),(43680,'DELETE FROM mae_impuestos_productos WHERE pro_codigo_plu=@@@713@@@','',2,'2013-07-27'),(43681,'UPDATE mae_productos SET pro_precio_venta=2220,pro_margen_actual=38.84, pro_precio_compra_bruto=1599, pro_precio_compra_neto=1343.6974789916 WHERE pro_codigo_plu=17905','',2,'2013-07-27'),(43682,'UPDATE mae_productos SET pro_precio_compra_bruto=554,pro_margen_actual=(pro_precio_venta-554)/554 * 100,pro_ultima_compra=@@@2013.07.27@@@,pro_ultimo_proveedor=@@@78646820-5@@@ WHERE pro_codigo_plu=780721425','',2,'2013-07-27'),(43683,'UPDATE mae_productos SET pro_precio_compra_bruto=1599,pro_margen_actual=(pro_precio_venta-1599)/1599 * 100,pro_ultima_compra=@@@2013.07.27@@@,pro_ultimo_proveedor=@@@78646820-5@@@ WHERE pro_codigo_plu=763522','',2,'2013-07-27'),(43684,'UPDATE mae_productos SET pro_precio_compra_bruto=341.9,pro_margen_actual=(pro_precio_venta-341.9)/341.9 * 100,pro_ultima_compra=@@@2013.07.27@@@,pro_ultimo_proveedor=@@@78646820-5@@@ WHERE pro_codigo_plu=713','',2,'2013-07-27'),(43685,'UPDATE mae_productos SET pro_precio_compra_bruto=1599,pro_margen_actual=(pro_precio_venta-1599)/1599 * 100,pro_ultima_compra=@@@2013.07.27@@@,pro_ultimo_proveedor=@@@78646820-5@@@ WHERE pro_codigo_plu=17905','',2,'2013-07-27'),(43686,'UPDATE mae_productos SET pro_precio_compra_bruto=2990,pro_margen_actual=(pro_precio_venta-2990)/2990 * 100,pro_ultima_compra=@@@2013.07.27@@@,pro_ultimo_proveedor=@@@78646820-5@@@ WHERE pro_codigo_plu=17634','',2,'2013-07-27'),(43687,'INSERT INTO gne_vale_ferreteria (vfe_id,vfe_fecha,vfe_total,vfe_estado,vfe_entregado,usu_nusuario) VALUES (6302,@@@2013.07.27@@@,680,1,0,@@@m_martinez@@@)','',2,'2013-07-27'),(43688,'INSERT INTO gne_vale_ferreteria_mov (vfe_id,pro_codigo_plu,vfm_cantidad,vfm_unitario,vfm_total,vfm_entregado) VALUES (6302,19866,1,680,680,@@@NO@@@)','',2,'2013-07-27'),(43689,'UPDATE mae_productos SET pro_margen_actual=45.95,pro_precio_venta=499 WHERE pro_codigo_plu=713','',2,'2013-07-27'),(43690,'UPDATE mae_productos SET pro_margen_actual=30.01,pro_precio_venta=5370 WHERE pro_codigo_plu=763453','',2,'2013-07-27'),(43691,'UPDATE mae_productos SET pro_precio_fiscal=pro_precio_venta WHERE pro_codigo_plu=713','',2,'2013-07-27'),(43692,'UPDATE mae_productos SET pro_precio_fiscal=pro_precio_venta WHERE pro_codigo_plu=17905','',2,'2013-07-27'),(43693,'UPDATE mae_productos SET pro_margen_actual=0,pro_precio_venta=1890 WHERE pro_codigo_plu=560','',2,'2013-07-27'),(43694,'UPDATE mae_productos SET pro_margen_actual=0,pro_precio_venta=799 WHERE pro_codigo_plu=611','',2,'2013-07-27'),(43695,'UPDATE mae_productos SET pro_precio_fiscal=pro_precio_venta WHERE pro_codigo_plu=560','',2,'2013-07-27'),(43696,'UPDATE mae_productos SET pro_precio_fiscal=pro_precio_venta WHERE pro_codigo_plu=611','',2,'2013-07-27'),(43697,'INSERT INTO gne_vale_ferreteria (vfe_id,vfe_fecha,vfe_total,vfe_estado,vfe_entregado,usu_nusuario) VALUES (6303,@@@2013.07.27@@@,200,1,0,@@@m_martinez@@@)','',2,'2013-07-27'),(43698,'INSERT INTO gne_vale_ferreteria_mov (vfe_id,pro_codigo_plu,vfm_cantidad,vfm_unitario,vfm_total,vfm_entregado) VALUES (6303,18113,1,200,200,@@@NO@@@)','',2,'2013-07-27'),(43699,'INSERT INTO gne_vale_ferreteria (vfe_id,vfe_fecha,vfe_total,vfe_estado,vfe_entregado,usu_nusuario) VALUES (6304,@@@2013.07.27@@@,200,1,0,@@@m_martinez@@@)','',2,'2013-07-27'),(43700,'INSERT INTO gne_vale_ferreteria_mov (vfe_id,pro_codigo_plu,vfm_cantidad,vfm_unitario,vfm_total,vfm_entregado) VALUES (6304,770039,1,200,200,@@@NO@@@)','',2,'2013-07-27'),(43701,'INSERT INTO mae_productos (pro_codigo_plu,pro_codigo_barra,pro_tipo,pro_nombre_producto,pro_nombre_corto,med_id,emb_id,pro_unidades_embalaje,dep_id,lin_id,mar_id,pro_precio_compra_neto,pro_precio_compra_bruto,pro_precio_venta,pro_margen_actual,pro_oferta,pro_fecha_inicio_oferta,pro_fecha_termino_oferta,pro_precio_oferta,pro_stock_minimo,pro_stock_critico,pro_entradas_bodega,pro_salidas_bodega,pro_mermas_bodega,pro_ajustes_bodega,pro_entradas_sv,pro_salidas_sv,pro_mermas_sv,pro_ajustes_sv,pro_activo,rec_numero,pro_unidad,pro_capacidad,pro_consumo_bodega,pro_consumo_sv,pro_estado,pro_funcion_plu,pro_flejes,pro_iva,pro_plu_asociado,pro_envase,pro_duracion,pro_numero_etiqueta) VALUES (780721447,@@@7891360577638@@@,@@@0@@@,@@@LAPICES FABER CASTELL@@@,@@@LAPICES FABER CA@@@,@@@1 @@@,@@@6 @@@,@@@12@@@,@@@24 @@@,@@@137@@@,@@@2507@@@,@@@0@@@,@@@0@@@,@@@1490@@@,@@@0@@@,@@@@@@,@@@2013.07.27@@@,@@@2013.07.27@@@,@@@0@@@,@@@1@@@,@@@1@@@,@@@0@@@,@@@0@@@,@@@0@@@,@@@0@@@,@@@0@@@,@@@0@@@,@@@0@@@,@@@0@@@,@@@1@@@,@@@0@@@,0,1,0,0,2,0,1,1,0,@@@NO@@@,0,0)','',2,'2013-07-27'),(43702,'DELETE FROM mae_impuestos_productos WHERE pro_codigo_plu=@@@780721447@@@','',2,'2013-07-27'),(43703,'INSERT INTO gne_vale_ferreteria (vfe_id,vfe_fecha,vfe_total,vfe_estado,vfe_entregado,usu_nusuario) VALUES (6305,@@@2013.07.27@@@,2405,1,0,@@@m_martinez@@@)','',2,'2013-07-27'),(43704,'INSERT INTO gne_vale_ferreteria_mov (vfe_id,pro_codigo_plu,vfm_cantidad,vfm_unitario,vfm_total,vfm_entregado) VALUES (6305,780721447,1,1490,1490,@@@NO@@@)','',2,'2013-07-27'),(43705,'INSERT INTO gne_vale_ferreteria_mov (vfe_id,pro_codigo_plu,vfm_cantidad,vfm_unitario,vfm_total,vfm_entregado) VALUES (6305,761979,1,915,915,@@@NO@@@)','',2,'2013-07-27'),(43706,'INSERT INTO gne_vale_ferreteria (vfe_id,vfe_fecha,vfe_total,vfe_estado,vfe_entregado,usu_nusuario) VALUES (6306,@@@2013.07.27@@@,1590,1,0,@@@m_martinez@@@)','',2,'2013-07-27'),(43707,'INSERT INTO gne_vale_ferreteria_mov (vfe_id,pro_codigo_plu,vfm_cantidad,vfm_unitario,vfm_total,vfm_entregado) VALUES (6306,101100,1,940,940,@@@NO@@@)','',2,'2013-07-27'),(43708,'INSERT INTO gne_vale_ferreteria_mov (vfe_id,pro_codigo_plu,vfm_cantidad,vfm_unitario,vfm_total,vfm_entregado) VALUES (6306,20836,1,650,650,@@@NO@@@)','',2,'2013-07-27'),(43709,'INSERT INTO gne_vale_ferreteria (vfe_id,vfe_fecha,vfe_total,vfe_estado,vfe_entregado,usu_nusuario) VALUES (6307,@@@2013.07.27@@@,200,1,0,@@@m_martinez@@@)','',2,'2013-07-27'),(43710,'INSERT INTO gne_vale_ferreteria_mov (vfe_id,pro_codigo_plu,vfm_cantidad,vfm_unitario,vfm_total,vfm_entregado) VALUES (6307,20365,2,100,200,@@@NO@@@)','',2,'2013-07-27'),(43711,'INSERT INTO gne_vale_ferreteria (vfe_id,vfe_fecha,vfe_total,vfe_estado,vfe_entregado,usu_nusuario) VALUES (6308,@@@2013.07.27@@@,960,1,0,@@@m_martinez@@@)','',2,'2013-07-27'),(43712,'INSERT INTO gne_vale_ferreteria_mov (vfe_id,pro_codigo_plu,vfm_cantidad,vfm_unitario,vfm_total,vfm_entregado) VALUES (6308,15949,2,480,960,@@@NO@@@)','',2,'2013-07-27'),(43713,'INSERT INTO mae_productos (pro_codigo_plu,pro_codigo_barra,pro_tipo,pro_nombre_producto,pro_nombre_corto,med_id,emb_id,pro_unidades_embalaje,dep_id,lin_id,mar_id,pro_precio_compra_neto,pro_precio_compra_bruto,pro_precio_venta,pro_margen_actual,pro_oferta,pro_fecha_inicio_oferta,pro_fecha_termino_oferta,pro_precio_oferta,pro_stock_minimo,pro_stock_critico,pro_entradas_bodega,pro_salidas_bodega,pro_mermas_bodega,pro_ajustes_bodega,pro_entradas_sv,pro_salidas_sv,pro_mermas_sv,pro_ajustes_sv,pro_activo,rec_numero,pro_unidad,pro_capacidad,pro_consumo_bodega,pro_consumo_sv,pro_estado,pro_funcion_plu,pro_flejes,pro_iva,pro_plu_asociado,pro_envase,pro_duracion,pro_numero_etiqueta) VALUES (780721448,@@@6991281851853@@@,@@@0@@@,@@@TRACTOR CON ANIMAL@@@,@@@TRACTOR CON ANIM@@@,@@@1 @@@,@@@6 @@@,@@@1@@@,@@@24 @@@,@@@207@@@,@@@2507@@@,@@@0@@@,@@@1800@@@,@@@1@@@,@@@-99.94@@@,@@@@@@,@@@2013.07.27@@@,@@@2013.07.27@@@,@@@0@@@,@@@4@@@,@@@1@@@,@@@0@@@,@@@0@@@,@@@0@@@,@@@0@@@,@@@0@@@,@@@0@@@,@@@0@@@,@@@0@@@,@@@1@@@,@@@0@@@,0,1,0,0,2,0,1,1,0,@@@NO@@@,0,0)','',2,'2013-07-27'),(43714,'DELETE FROM mae_impuestos_productos WHERE pro_codigo_plu=@@@780721448@@@','',2,'2013-07-27'),(43715,'INSERT INTO gne_vale_ferreteria (vfe_id,vfe_fecha,vfe_total,vfe_estado,vfe_entregado,usu_nusuario) VALUES (6309,@@@2013.07.27@@@,790,1,0,@@@m_martinez@@@)','',2,'2013-07-27'),(43716,'INSERT INTO gne_vale_ferreteria_mov (vfe_id,pro_codigo_plu,vfm_cantidad,vfm_unitario,vfm_total,vfm_entregado) VALUES (6309,763804,1,790,790,@@@NO@@@)','',2,'2013-07-27'),(43717,'INSERT INTO mae_productos (pro_codigo_plu,pro_codigo_barra,pro_tipo,pro_nombre_producto,pro_nombre_corto,med_id,emb_id,pro_unidades_embalaje,dep_id,lin_id,mar_id,pro_precio_compra_neto,pro_precio_compra_bruto,pro_precio_venta,pro_margen_actual,pro_oferta,pro_fecha_inicio_oferta,pro_fecha_termino_oferta,pro_precio_oferta,pro_stock_minimo,pro_stock_critico,pro_entradas_bodega,pro_salidas_bodega,pro_mermas_bodega,pro_ajustes_bodega,pro_entradas_sv,pro_salidas_sv,pro_mermas_sv,pro_ajustes_sv,pro_activo,rec_numero,pro_unidad,pro_capacidad,pro_consumo_bodega,pro_consumo_sv,pro_estado,pro_funcion_plu,pro_flejes,pro_iva,pro_plu_asociado,pro_envase,pro_duracion,pro_numero_etiqueta) VALUES (780721449,@@@780721449@@@,@@@0@@@,@@@AUTO CON RADIO@@@,@@@AUTO CON RADIO@@@,@@@6 @@@,@@@6 @@@,@@@0@@@,@@@24 @@@,@@@207@@@,@@@2507@@@,@@@0@@@,@@@8500@@@,@@@1@@@,@@@-99.99@@@,@@@@@@,@@@2013.07.27@@@,@@@2013.07.27@@@,@@@0@@@,@@@3@@@,@@@1@@@,@@@0@@@,@@@0@@@,@@@0@@@,@@@0@@@,@@@0@@@,@@@0@@@,@@@0@@@,@@@0@@@,@@@1@@@,@@@0@@@,0,0,0,0,2,0,1,1,0,@@@NO@@@,0,0)','',2,'2013-07-27'),(43718,'DELETE FROM mae_impuestos_productos WHERE pro_codigo_plu=@@@780721449@@@','',2,'2013-07-27'),(43719,'INSERT INTO gne_vale_ferreteria (vfe_id,vfe_fecha,vfe_total,vfe_estado,vfe_entregado,usu_nusuario) VALUES (6310,@@@2013.07.27@@@,1180,1,0,@@@m_martinez@@@)','',2,'2013-07-27'),(43720,'INSERT INTO gne_vale_ferreteria_mov (vfe_id,pro_codigo_plu,vfm_cantidad,vfm_unitario,vfm_total,vfm_entregado) VALUES (6310,764398,2,590,1180,@@@NO@@@)','',2,'2013-07-27'),(43721,'INSERT INTO gne_vale_ferreteria (vfe_id,vfe_fecha,vfe_total,vfe_estado,vfe_entregado,usu_nusuario) VALUES (6311,@@@2013.07.27@@@,1441,1,0,@@@m_martinez@@@)','',2,'2013-07-27'),(43722,'INSERT INTO gne_vale_ferreteria_mov (vfe_id,pro_codigo_plu,vfm_cantidad,vfm_unitario,vfm_total,vfm_entregado) VALUES (6311,763596,1,90,90,@@@NO@@@)','',2,'2013-07-27'),(43723,'INSERT INTO gne_vale_ferreteria_mov (vfe_id,pro_codigo_plu,vfm_cantidad,vfm_unitario,vfm_total,vfm_entregado) VALUES (6311,2500,1,1,1,@@@NO@@@)','',2,'2013-07-27'),(43724,'INSERT INTO gne_vale_ferreteria_mov (vfe_id,pro_codigo_plu,vfm_cantidad,vfm_unitario,vfm_total,vfm_entregado) VALUES (6311,763632,1,890,890,@@@NO@@@)','',2,'2013-07-27'),(43725,'INSERT INTO gne_vale_ferreteria_mov (vfe_id,pro_codigo_plu,vfm_cantidad,vfm_unitario,vfm_total,vfm_entregado) VALUES (6311,780721141,1,120,120,@@@NO@@@)','',2,'2013-07-27'),(43726,'INSERT INTO gne_vale_ferreteria_mov (vfe_id,pro_codigo_plu,vfm_cantidad,vfm_unitario,vfm_total,vfm_entregado) VALUES (6311,1060,2,170,340,@@@NO@@@)','',2,'2013-07-27'),(43727,'INSERT INTO gne_vale_ferreteria (vfe_id,vfe_fecha,vfe_total,vfe_estado,vfe_entregado,usu_nusuario) VALUES (6312,@@@2013.07.27@@@,1890,1,0,@@@m_martinez@@@)','',2,'2013-07-27'),(43728,'INSERT INTO gne_vale_ferreteria_mov (vfe_id,pro_codigo_plu,vfm_cantidad,vfm_unitario,vfm_total,vfm_entregado) VALUES (6312,101620,1,1890,1890,@@@NO@@@)','',2,'2013-07-27'),(43729,'INSERT INTO gne_vale_ferreteria (vfe_id,vfe_fecha,vfe_total,vfe_estado,vfe_entregado,usu_nusuario) VALUES (6313,@@@2013.07.27@@@,150,1,0,@@@m_martinez@@@)','',2,'2013-07-27'),(43730,'INSERT INTO gne_vale_ferreteria_mov (vfe_id,pro_codigo_plu,vfm_cantidad,vfm_unitario,vfm_total,vfm_entregado) VALUES (6313,770029,5,30,150,@@@NO@@@)','',2,'2013-07-27'),(43731,'INSERT INTO gne_vale_ferreteria (vfe_id,vfe_fecha,vfe_total,vfe_estado,vfe_entregado,usu_nusuario) VALUES (6314,@@@2013.07.27@@@,6440,1,0,@@@m_martinez@@@)','',2,'2013-07-27'),(43732,'INSERT INTO gne_vale_ferreteria_mov (vfe_id,pro_codigo_plu,vfm_cantidad,vfm_unitario,vfm_total,vfm_entregado) VALUES (6314,780721434,1,5990,5990,@@@NO@@@)','',2,'2013-07-27'),(43733,'INSERT INTO gne_vale_ferreteria_mov (vfe_id,pro_codigo_plu,vfm_cantidad,vfm_unitario,vfm_total,vfm_entregado) VALUES (6314,20756,1,450,450,@@@NO@@@)','',2,'2013-07-27'),(43734,'INSERT INTO gne_vale_ferreteria (vfe_id,vfe_fecha,vfe_total,vfe_estado,vfe_entregado,usu_nusuario) VALUES (6315,@@@2013.07.27@@@,490,1,0,@@@m_martinez@@@)','',2,'2013-07-27'),(43735,'INSERT INTO gne_vale_ferreteria_mov (vfe_id,pro_codigo_plu,vfm_cantidad,vfm_unitario,vfm_total,vfm_entregado) VALUES (6315,770007,1,490,490,@@@NO@@@)','',2,'2013-07-27'),(43736,'INSERT INTO gne_vale_ferreteria (vfe_id,vfe_fecha,vfe_total,vfe_estado,vfe_entregado,usu_nusuario) VALUES (6316,@@@2013.07.27@@@,120,1,0,@@@m_martinez@@@)','',2,'2013-07-27'),(43737,'INSERT INTO gne_vale_ferreteria_mov (vfe_id,pro_codigo_plu,vfm_cantidad,vfm_unitario,vfm_total,vfm_entregado) VALUES (6316,764766,1,120,120,@@@NO@@@)','',2,'2013-07-27'),(43738,'INSERT INTO gne_vale_ferreteria (vfe_id,vfe_fecha,vfe_total,vfe_estado,vfe_entregado,usu_nusuario) VALUES (6317,@@@2013.07.27@@@,160,1,0,@@@m_martinez@@@)','',2,'2013-07-27'),(43739,'INSERT INTO gne_vale_ferreteria_mov (vfe_id,pro_codigo_plu,vfm_cantidad,vfm_unitario,vfm_total,vfm_entregado) VALUES (6317,78017193,8,20,160,@@@NO@@@)','',2,'2013-07-27'),(43740,'INSERT INTO gne_vale_ferreteria (vfe_id,vfe_fecha,vfe_total,vfe_estado,vfe_entregado,usu_nusuario) VALUES (6318,@@@2013.07.27@@@,1450,1,0,@@@m_martinez@@@)','',2,'2013-07-27'),(43741,'INSERT INTO gne_vale_ferreteria_mov (vfe_id,pro_codigo_plu,vfm_cantidad,vfm_unitario,vfm_total,vfm_entregado) VALUES (6318,15668,1,1450,1450,@@@NO@@@)','',2,'2013-07-27'),(43742,'INSERT INTO gne_vale_ferreteria (vfe_id,vfe_fecha,vfe_total,vfe_estado,vfe_entregado,usu_nusuario) VALUES (6319,@@@2013.07.27@@@,1700,1,0,@@@m_martinez@@@)','',2,'2013-07-27'),(43743,'INSERT INTO gne_vale_ferreteria_mov (vfe_id,pro_codigo_plu,vfm_cantidad,vfm_unitario,vfm_total,vfm_entregado) VALUES (6319,763624,1,660,660,@@@NO@@@)','',2,'2013-07-27'),(43744,'INSERT INTO gne_vale_ferreteria_mov (vfe_id,pro_codigo_plu,vfm_cantidad,vfm_unitario,vfm_total,vfm_entregado) VALUES (6319,761990,1,390,390,@@@NO@@@)','',2,'2013-07-27'),(43745,'INSERT INTO gne_vale_ferreteria_mov (vfe_id,pro_codigo_plu,vfm_cantidad,vfm_unitario,vfm_total,vfm_entregado) VALUES (6319,762002,1,490,490,@@@NO@@@)','',2,'2013-07-27'),(43746,'INSERT INTO gne_vale_ferreteria_mov (vfe_id,pro_codigo_plu,vfm_cantidad,vfm_unitario,vfm_total,vfm_entregado) VALUES (6319,16430,1,160,160,@@@NO@@@)','',2,'2013-07-27'),(43747,'INSERT INTO mae_productos (pro_codigo_plu,pro_codigo_barra,pro_tipo,pro_nombre_producto,pro_nombre_corto,med_id,emb_id,pro_unidades_embalaje,dep_id,lin_id,mar_id,pro_precio_compra_neto,pro_precio_compra_bruto,pro_precio_venta,pro_margen_actual,pro_oferta,pro_fecha_inicio_oferta,pro_fecha_termino_oferta,pro_precio_oferta,pro_stock_minimo,pro_stock_critico,pro_entradas_bodega,pro_salidas_bodega,pro_mermas_bodega,pro_ajustes_bodega,pro_entradas_sv,pro_salidas_sv,pro_mermas_sv,pro_ajustes_sv,pro_activo,rec_numero,pro_unidad,pro_capacidad,pro_consumo_bodega,pro_consumo_sv,pro_estado,pro_funcion_plu,pro_flejes,pro_iva,pro_plu_asociado,pro_envase,pro_duracion,pro_numero_etiqueta) VALUES (780721450,@@@6921646781167@@@,@@@0@@@,@@@MUÑECA MY HAPPY SET@@@,@@@MUÑECA MY HAPPY @@@,@@@1 @@@,@@@6 @@@,@@@1@@@,@@@24 @@@,@@@207@@@,@@@2507@@@,@@@0@@@,@@@16000@@@,@@@1@@@,@@@-99.99@@@,@@@@@@,@@@2013.07.27@@@,@@@2013.07.27@@@,@@@0@@@,@@@6@@@,@@@1@@@,@@@0@@@,@@@0@@@,@@@0@@@,@@@0@@@,@@@0@@@,@@@0@@@,@@@0@@@,@@@0@@@,@@@1@@@,@@@0@@@,0,1,0,0,2,0,1,1,0,@@@NO@@@,0,0)','',2,'2013-07-27'),(43748,'DELETE FROM mae_impuestos_productos WHERE pro_codigo_plu=@@@780721450@@@','',2,'2013-07-27'),(43749,'INSERT INTO gne_vale_ferreteria (vfe_id,vfe_fecha,vfe_total,vfe_estado,vfe_entregado,usu_nusuario) VALUES (6320,@@@2013.07.27@@@,200,1,0,@@@m_martinez@@@)','',2,'2013-07-27'),(43750,'INSERT INTO gne_vale_ferreteria_mov (vfe_id,pro_codigo_plu,vfm_cantidad,vfm_unitario,vfm_total,vfm_entregado) VALUES (6320,4089,1,200,200,@@@NO@@@)','',2,'2013-07-27'),(43751,'INSERT INTO gne_vale_ferreteria (vfe_id,vfe_fecha,vfe_total,vfe_estado,vfe_entregado,usu_nusuario) VALUES (6321,@@@2013.07.27@@@,550,1,0,@@@m_martinez@@@)','',2,'2013-07-27'),(43752,'INSERT INTO gne_vale_ferreteria_mov (vfe_id,pro_codigo_plu,vfm_cantidad,vfm_unitario,vfm_total,vfm_entregado) VALUES (6321,780721304,1,550,550,@@@NO@@@)','',2,'2013-07-27'),(43753,'INSERT INTO mae_productos (pro_codigo_plu,pro_codigo_barra,pro_tipo,pro_nombre_producto,pro_nombre_corto,med_id,emb_id,pro_unidades_embalaje,dep_id,lin_id,mar_id,pro_precio_compra_neto,pro_precio_compra_bruto,pro_precio_venta,pro_margen_actual,pro_oferta,pro_fecha_inicio_oferta,pro_fecha_termino_oferta,pro_precio_oferta,pro_stock_minimo,pro_stock_critico,pro_entradas_bodega,pro_salidas_bodega,pro_mermas_bodega,pro_ajustes_bodega,pro_entradas_sv,pro_salidas_sv,pro_mermas_sv,pro_ajustes_sv,pro_activo,rec_numero,pro_unidad,pro_capacidad,pro_consumo_bodega,pro_consumo_sv,pro_estado,pro_funcion_plu,pro_flejes,pro_iva,pro_plu_asociado,pro_envase,pro_duracion,pro_numero_etiqueta) VALUES (780721451,@@@6949777600027@@@,@@@0@@@,@@@COTONES@@@,@@@COTONES@@@,@@@1 @@@,@@@6 @@@,@@@100@@@,@@@24 @@@,@@@207@@@,@@@2507@@@,@@@0@@@,@@@1000@@@,@@@1@@@,@@@-99.9@@@,@@@@@@,@@@2013.07.27@@@,@@@2013.07.27@@@,@@@0@@@,@@@2@@@,@@@1@@@,@@@0@@@,@@@0@@@,@@@0@@@,@@@0@@@,@@@0@@@,@@@0@@@,@@@0@@@,@@@0@@@,@@@1@@@,@@@0@@@,0,1,0,0,2,0,1,1,0,@@@NO@@@,0,0)','',2,'2013-07-27'),(43754,'DELETE FROM mae_impuestos_productos WHERE pro_codigo_plu=@@@780721451@@@','',2,'2013-07-27'),(43755,'INSERT INTO mae_productos (pro_codigo_plu,pro_codigo_barra,pro_tipo,pro_nombre_producto,pro_nombre_corto,med_id,emb_id,pro_unidades_embalaje,dep_id,lin_id,mar_id,pro_precio_compra_neto,pro_precio_compra_bruto,pro_precio_venta,pro_margen_actual,pro_oferta,pro_fecha_inicio_oferta,pro_fecha_termino_oferta,pro_precio_oferta,pro_stock_minimo,pro_stock_critico,pro_entradas_bodega,pro_salidas_bodega,pro_mermas_bodega,pro_ajustes_bodega,pro_entradas_sv,pro_salidas_sv,pro_mermas_sv,pro_ajustes_sv,pro_activo,rec_numero,pro_unidad,pro_capacidad,pro_consumo_bodega,pro_consumo_sv,pro_estado,pro_funcion_plu,pro_flejes,pro_iva,pro_plu_asociado,pro_envase,pro_duracion,pro_numero_etiqueta) VALUES (780721452,@@@6921646650067@@@,@@@0@@@,@@@CAMION CON ANIMALES SALVAJES@@@,@@@CAMION CON ANIMA@@@,@@@1 @@@,@@@6 @@@,@@@1@@@,@@@24 @@@,@@@207@@@,@@@2507@@@,@@@0@@@,@@@1200@@@,@@@1@@@,@@@-99.92@@@,@@@@@@,@@@2013.07.27@@@,@@@2013.07.27@@@,@@@0@@@,@@@6@@@,@@@1@@@,@@@0@@@,@@@0@@@,@@@0@@@,@@@0@@@,@@@0@@@,@@@0@@@,@@@0@@@,@@@0@@@,@@@1@@@,@@@0@@@,0,1,0,0,2,0,1,1,0,@@@NO@@@,0,0)','',2,'2013-07-27'),(43756,'DELETE FROM mae_impuestos_productos WHERE pro_codigo_plu=@@@780721452@@@','',2,'2013-07-27'),(43757,'INSERT INTO gne_vale_ferreteria (vfe_id,vfe_fecha,vfe_total,vfe_estado,vfe_entregado,usu_nusuario) VALUES (6322,@@@2013.07.27@@@,2090,1,0,@@@m_martinez@@@)','',2,'2013-07-27'),(43758,'INSERT INTO gne_vale_ferreteria_mov (vfe_id,pro_codigo_plu,vfm_cantidad,vfm_unitario,vfm_total,vfm_entregado) VALUES (6322,764438,1,2090,2090,@@@NO@@@)','',2,'2013-07-27'),(43759,'INSERT INTO gne_vale_ferreteria (vfe_id,vfe_fecha,vfe_total,vfe_estado,vfe_entregado,usu_nusuario) VALUES (6323,@@@2013.07.27@@@,80,1,0,@@@m_martinez@@@)','',2,'2013-07-27'),(43760,'INSERT INTO gne_vale_ferreteria_mov (vfe_id,pro_codigo_plu,vfm_cantidad,vfm_unitario,vfm_total,vfm_entregado) VALUES (6323,78017191,2,40,80,@@@NO@@@)','',2,'2013-07-27'),(43761,'INSERT INTO gne_vale_ferreteria (vfe_id,vfe_fecha,vfe_total,vfe_estado,vfe_entregado,usu_nusuario) VALUES (6324,@@@2013.07.27@@@,150,1,0,@@@m_martinez@@@)','',2,'2013-07-27'),(43762,'INSERT INTO gne_vale_ferreteria_mov (vfe_id,pro_codigo_plu,vfm_cantidad,vfm_unitario,vfm_total,vfm_entregado) VALUES (6324,78017171,1,150,150,@@@NO@@@)','',2,'2013-07-27'),(43763,'INSERT INTO gne_vale_ferreteria (vfe_id,vfe_fecha,vfe_total,vfe_estado,vfe_entregado,usu_nusuario) VALUES (6325,@@@2013.07.27@@@,3290,1,0,@@@m_martinez@@@)','',2,'2013-07-27'),(43764,'INSERT INTO gne_vale_ferreteria_mov (vfe_id,pro_codigo_plu,vfm_cantidad,vfm_unitario,vfm_total,vfm_entregado) VALUES (6325,4067,1,3290,3290,@@@NO@@@)','',2,'2013-07-27'),(43765,'INSERT INTO gne_vale_ferreteria (vfe_id,vfe_fecha,vfe_total,vfe_estado,vfe_entregado,usu_nusuario) VALUES (6326,@@@2013.07.27@@@,2590,1,0,@@@m_martinez@@@)','',2,'2013-07-27'),(43766,'INSERT INTO gne_vale_ferreteria_mov (vfe_id,pro_codigo_plu,vfm_cantidad,vfm_unitario,vfm_total,vfm_entregado) VALUES (6326,780721338,1,2590,2590,@@@NO@@@)','',2,'2013-07-27'),(43767,'INSERT INTO gne_vale_ferreteria (vfe_id,vfe_fecha,vfe_total,vfe_estado,vfe_entregado,usu_nusuario) VALUES (6327,@@@2013.07.27@@@,3180,1,0,@@@m_martinez@@@)','',2,'2013-07-27'),(43768,'INSERT INTO gne_vale_ferreteria_mov (vfe_id,pro_codigo_plu,vfm_cantidad,vfm_unitario,vfm_total,vfm_entregado) VALUES (6327,10179,1,2590,2590,@@@NO@@@)','',2,'2013-07-27'),(43769,'INSERT INTO gne_vale_ferreteria_mov (vfe_id,pro_codigo_plu,vfm_cantidad,vfm_unitario,vfm_total,vfm_entregado) VALUES (6327,101102,1,390,390,@@@NO@@@)','',2,'2013-07-27'),(43770,'INSERT INTO gne_vale_ferreteria_mov (vfe_id,pro_codigo_plu,vfm_cantidad,vfm_unitario,vfm_total,vfm_entregado) VALUES (6327,101101,1,200,200,@@@NO@@@)','',2,'2013-07-27'),(43771,'INSERT INTO gne_vale_ferreteria (vfe_id,vfe_fecha,vfe_total,vfe_estado,vfe_entregado,usu_nusuario) VALUES (6328,@@@2013.07.27@@@,1690,1,0,@@@m_martinez@@@)','',2,'2013-07-27'),(43772,'INSERT INTO gne_vale_ferreteria_mov (vfe_id,pro_codigo_plu,vfm_cantidad,vfm_unitario,vfm_total,vfm_entregado) VALUES (6328,20477,1,1690,1690,@@@NO@@@)','',2,'2013-07-27'),(43773,'UPDATE mae_productos SET pro_codigo_barra=@@@357@@@,pro_tipo=@@@0@@@,pro_nombre_producto=@@@MORTADELA JAMONADA PAVO@@@,pro_nombre_corto=@@@MORTADELA JAMONA@@@,med_id=@@@1@@@,emb_id=@@@1@@@,pro_unidades_embalaje=@@@1@@@,dep_id=@@@12 @@@,lin_id=@@@71@@@,mar_id=@@@2507@@@,pro_precio_compra_neto=@@@0@@@,pro_precio_compra_bruto=@@@2261@@@,pro_precio_venta=@@@3390@@@,pro_margen_actual=@@@49.93@@@,pro_oferta=@@@NO@@@,pro_fecha_inicio_oferta=@@@1900.01.01@@@,pro_fecha_termino_oferta=@@@1900.01.01@@@,pro_precio_oferta=@@@0@@@,pro_stock_minimo=@@@1@@@,pro_stock_critico=@@@1@@@,pro_activo=@@@1@@@,pro_unidad=@@@1@@@,pro_precio_compra_bruto=2261,pro_margen_actual=49.93,pro_capacidad=1,pro_funcion_plu=1,pro_flejes=0,pro_iva=1,pro_plu_asociado=0,pro_envase=@@@NO@@@,pro_duracion=0,pro_numero_etiqueta=1 WHERE pro_codigo_plu=@@@357@@@','',2,'2013-07-27'),(43774,'UPDATE mae_productos SET pro_estado=1 WHERE pro_codigo_plu=357','',2,'2013-07-27'),(43775,'DELETE FROM mae_impuestos_productos WHERE pro_codigo_plu=@@@357@@@','',2,'2013-07-27'),(43776,'UPDATE mae_productos SET pro_codigo_barra=@@@350@@@,pro_tipo=@@@0@@@,pro_nombre_producto=@@@MORTADELA LISA PAVO@@@,pro_nombre_corto=@@@MORTADELA LISA P@@@,med_id=@@@1@@@,emb_id=@@@1@@@,pro_unidades_embalaje=@@@1@@@,dep_id=@@@12 @@@,lin_id=@@@71@@@,mar_id=@@@2507@@@,pro_precio_compra_neto=@@@0@@@,pro_precio_compra_bruto=@@@0@@@,pro_precio_venta=@@@2099@@@,pro_margen_actual=@@@0@@@,pro_oferta=@@@NO@@@,pro_fecha_inicio_oferta=@@@1900.01.01@@@,pro_fecha_termino_oferta=@@@1900.01.01@@@,pro_precio_oferta=@@@0@@@,pro_stock_minimo=@@@1@@@,pro_stock_critico=@@@1@@@,pro_activo=@@@1@@@,pro_unidad=@@@1@@@,pro_precio_compra_bruto=0,pro_margen_actual=0,pro_capacidad=1,pro_funcion_plu=1,pro_flejes=0,pro_iva=1,pro_plu_asociado=0,pro_envase=@@@NO@@@,pro_duracion=0,pro_numero_etiqueta=1 WHERE pro_codigo_plu=@@@350@@@','',2,'2013-07-27'),(43777,'UPDATE mae_productos SET pro_estado=1 WHERE pro_codigo_plu=350','',2,'2013-07-27'),(43778,'DELETE FROM mae_impuestos_productos WHERE pro_codigo_plu=@@@350@@@','',2,'2013-07-27'),(43779,'INSERT INTO gne_vale_ferreteria (vfe_id,vfe_fecha,vfe_total,vfe_estado,vfe_entregado,usu_nusuario) VALUES (6329,@@@2013.07.27@@@,980,1,0,@@@m_martinez@@@)','',2,'2013-07-27'),(43780,'INSERT INTO gne_vale_ferreteria_mov (vfe_id,pro_codigo_plu,vfm_cantidad,vfm_unitario,vfm_total,vfm_entregado) VALUES (6329,764579,1,590,590,@@@NO@@@)','',2,'2013-07-27'),(43781,'INSERT INTO gne_vale_ferreteria_mov (vfe_id,pro_codigo_plu,vfm_cantidad,vfm_unitario,vfm_total,vfm_entregado) VALUES (6329,78017020,1,390,390,@@@NO@@@)','',2,'2013-07-27'),(43782,'UPDATE mae_productos SET pro_codigo_barra=@@@402@@@,pro_tipo=@@@0@@@,pro_nombre_producto=@@@QUESO TROZO SAN JORGE@@@,pro_nombre_corto=@@@QUESO TROZO SAN@@@,med_id=@@@2@@@,emb_id=@@@7@@@,pro_unidades_embalaje=@@@4@@@,dep_id=@@@13 @@@,lin_id=@@@81@@@,mar_id=@@@1810@@@,pro_precio_compra_neto=@@@0@@@,pro_precio_compra_bruto=@@@0@@@,pro_precio_venta=@@@5990@@@,pro_margen_actual=@@@0@@@,pro_oferta=@@@NO@@@,pro_fecha_inicio_oferta=@@@2013.07.17@@@,pro_fecha_termino_oferta=@@@2013.07.17@@@,pro_precio_oferta=@@@0@@@,pro_stock_minimo=@@@4@@@,pro_stock_critico=@@@1@@@,pro_activo=@@@1@@@,pro_unidad=@@@1@@@,pro_precio_compra_bruto=0,pro_margen_actual=0,pro_capacidad=2,pro_funcion_plu=1,pro_flejes=1,pro_iva=1,pro_plu_asociado=0,pro_envase=@@@NO@@@,pro_duracion=0,pro_numero_etiqueta=1 WHERE pro_codigo_plu=@@@402@@@','',2,'2013-07-27'),(43783,'UPDATE mae_productos SET pro_estado=1 WHERE pro_codigo_plu=402','',2,'2013-07-27'),(43784,'DELETE FROM mae_impuestos_productos WHERE pro_codigo_plu=@@@402@@@','',2,'2013-07-27'),(43785,'INSERT INTO gne_vale_ferreteria (vfe_id,vfe_fecha,vfe_total,vfe_estado,vfe_entregado,usu_nusuario) VALUES (6330,@@@2013.07.27@@@,1991,1,0,@@@m_martinez@@@)','',2,'2013-07-27'),(43786,'INSERT INTO gne_vale_ferreteria_mov (vfe_id,pro_codigo_plu,vfm_cantidad,vfm_unitario,vfm_total,vfm_entregado) VALUES (6330,2500,1,1,1,@@@NO@@@)','',2,'2013-07-27'),(43787,'INSERT INTO gne_vale_ferreteria_mov (vfe_id,pro_codigo_plu,vfm_cantidad,vfm_unitario,vfm_total,vfm_entregado) VALUES (6330,764916,1,1990,1990,@@@NO@@@)','',2,'2013-07-27'),(43788,'INSERT INTO gne_vale_ferreteria (vfe_id,vfe_fecha,vfe_total,vfe_estado,vfe_entregado,usu_nusuario) VALUES (6331,@@@2013.07.27@@@,250,1,0,@@@m_martinez@@@)','',2,'2013-07-27'),(43789,'INSERT INTO gne_vale_ferreteria_mov (vfe_id,pro_codigo_plu,vfm_cantidad,vfm_unitario,vfm_total,vfm_entregado) VALUES (6331,770060,1,250,250,@@@NO@@@)','',2,'2013-07-27'),(43790,'INSERT INTO mae_productos (pro_codigo_plu,pro_codigo_barra,pro_tipo,pro_nombre_producto,pro_nombre_corto,med_id,emb_id,pro_unidades_embalaje,dep_id,lin_id,mar_id,pro_precio_compra_neto,pro_precio_compra_bruto,pro_precio_venta,pro_margen_actual,pro_oferta,pro_fecha_inicio_oferta,pro_fecha_termino_oferta,pro_precio_oferta,pro_stock_minimo,pro_stock_critico,pro_entradas_bodega,pro_salidas_bodega,pro_mermas_bodega,pro_ajustes_bodega,pro_entradas_sv,pro_salidas_sv,pro_mermas_sv,pro_ajustes_sv,pro_activo,rec_numero,pro_unidad,pro_capacidad,pro_consumo_bodega,pro_consumo_sv,pro_estado,pro_funcion_plu,pro_flejes,pro_iva,pro_plu_asociado,pro_envase,pro_duracion,pro_numero_etiqueta) VALUES (780721453,@@@780721453@@@,@@@0@@@,@@@JEEP 4X4 NEGRO@@@,@@@JEEP 4X4 NEGRO@@@,@@@1 @@@,@@@6 @@@,@@@1@@@,@@@24 @@@,@@@207@@@,@@@2507@@@,@@@0@@@,@@@0@@@,@@@1@@@,@@@0@@@,@@@@@@,@@@2013.07.27@@@,@@@2013.07.27@@@,@@@0@@@,@@@1@@@,@@@1@@@,@@@0@@@,@@@0@@@,@@@0@@@,@@@0@@@,@@@0@@@,@@@0@@@,@@@0@@@,@@@0@@@,@@@1@@@,@@@0@@@,0,1,0,0,2,0,1,1,0,@@@NO@@@,0,0)','',2,'2013-07-27'),(43791,'DELETE FROM mae_impuestos_productos WHERE pro_codigo_plu=@@@780721453@@@','',2,'2013-07-27'),(43792,'INSERT INTO gne_vale_ferreteria (vfe_id,vfe_fecha,vfe_total,vfe_estado,vfe_entregado,usu_nusuario) VALUES (6332,@@@2013.07.27@@@,740,1,0,@@@m_martinez@@@)','',2,'2013-07-27'),(43793,'INSERT INTO gne_vale_ferreteria_mov (vfe_id,pro_codigo_plu,vfm_cantidad,vfm_unitario,vfm_total,vfm_entregado) VALUES (6332,101456,1,740,740,@@@NO@@@)','',2,'2013-07-27'),(43794,'INSERT INTO gne_vale_ferreteria (vfe_id,vfe_fecha,vfe_total,vfe_estado,vfe_entregado,usu_nusuario) VALUES (6333,@@@2013.07.27@@@,1990,1,0,@@@m_martinez@@@)','',2,'2013-07-27'),(43795,'INSERT INTO gne_vale_ferreteria_mov (vfe_id,pro_codigo_plu,vfm_cantidad,vfm_unitario,vfm_total,vfm_entregado) VALUES (6333,764752,1,1990,1990,@@@NO@@@)','',2,'2013-07-27'),(43796,'INSERT INTO gne_vale_ferreteria (vfe_id,vfe_fecha,vfe_total,vfe_estado,vfe_entregado,usu_nusuario) VALUES (6334,@@@2013.07.27@@@,50,1,0,@@@m_martinez@@@)','',2,'2013-07-27'),(43797,'INSERT INTO gne_vale_ferreteria_mov (vfe_id,pro_codigo_plu,vfm_cantidad,vfm_unitario,vfm_total,vfm_entregado) VALUES (6334,780220123,1,50,50,@@@NO@@@)','',2,'2013-07-27'),(43798,'INSERT INTO gne_vale_ferreteria (vfe_id,vfe_fecha,vfe_total,vfe_estado,vfe_entregado,usu_nusuario) VALUES (6335,@@@2013.07.27@@@,250,1,0,@@@m_martinez@@@)','',2,'2013-07-27'),(43799,'INSERT INTO gne_vale_ferreteria_mov (vfe_id,pro_codigo_plu,vfm_cantidad,vfm_unitario,vfm_total,vfm_entregado) VALUES (6335,78017208,1,250,250,@@@NO@@@)','',2,'2013-07-27'),(43800,'INSERT INTO gne_vale_ferreteria (vfe_id,vfe_fecha,vfe_total,vfe_estado,vfe_entregado,usu_nusuario) VALUES (6336,@@@2013.07.27@@@,520,1,0,@@@m_martinez@@@)','',2,'2013-07-27'),(43801,'INSERT INTO gne_vale_ferreteria_mov (vfe_id,pro_codigo_plu,vfm_cantidad,vfm_unitario,vfm_total,vfm_entregado) VALUES (6336,19803,1,520,520,@@@NO@@@)','',2,'2013-07-27'),(43802,'INSERT INTO mae_productos (pro_codigo_plu,pro_codigo_barra,pro_tipo,pro_nombre_producto,pro_nombre_corto,med_id,emb_id,pro_unidades_embalaje,dep_id,lin_id,mar_id,pro_precio_compra_neto,pro_precio_compra_bruto,pro_precio_venta,pro_margen_actual,pro_oferta,pro_fecha_inicio_oferta,pro_fecha_termino_oferta,pro_precio_oferta,pro_stock_minimo,pro_stock_critico,pro_entradas_bodega,pro_salidas_bodega,pro_mermas_bodega,pro_ajustes_bodega,pro_entradas_sv,pro_salidas_sv,pro_mermas_sv,pro_ajustes_sv,pro_activo,rec_numero,pro_unidad,pro_capacidad,pro_consumo_bodega,pro_consumo_sv,pro_estado,pro_funcion_plu,pro_flejes,pro_iva,pro_plu_asociado,pro_envase,pro_duracion,pro_numero_etiqueta) VALUES (780721454,@@@755695027602@@@,@@@0@@@,@@@JEEP NEGRO 4X4@@@,@@@JEEP NEGRO 4X4@@@,@@@1 @@@,@@@6 @@@,@@@1@@@,@@@24 @@@,@@@207@@@,@@@2507@@@,@@@0@@@,@@@0@@@,@@@1@@@,@@@0@@@,@@@@@@,@@@2013.07.27@@@,@@@2013.07.27@@@,@@@0@@@,@@@1@@@,@@@1@@@,@@@0@@@,@@@0@@@,@@@0@@@,@@@0@@@,@@@0@@@,@@@0@@@,@@@0@@@,@@@0@@@,@@@1@@@,@@@0@@@,0,1,0,0,2,0,1,1,0,@@@NO@@@,0,0)','',2,'2013-07-27'),(43803,'DELETE FROM mae_impuestos_productos WHERE pro_codigo_plu=@@@780721454@@@','',2,'2013-07-27'),(43804,'UPDATE mae_productos SET pro_codigo_barra=@@@755695027602@@@,pro_tipo=@@@0@@@,pro_nombre_producto=@@@JEEP NEGRO 4X4@@@,pro_nombre_corto=@@@JEEP NEGRO 4X4@@@,med_id=@@@1@@@,emb_id=@@@6@@@,pro_unidades_embalaje=@@@1@@@,dep_id=@@@24 @@@,lin_id=@@@207@@@,mar_id=@@@2507@@@,pro_precio_compra_neto=@@@0@@@,pro_precio_compra_bruto=@@@0@@@,pro_precio_venta=@@@2490@@@,pro_margen_actual=@@@0@@@,pro_oferta=@@@NO@@@,pro_fecha_inicio_oferta=@@@2013.07.27@@@,pro_fecha_termino_oferta=@@@2013.07.27@@@,pro_precio_oferta=@@@0@@@,pro_stock_minimo=@@@1@@@,pro_stock_critico=@@@1@@@,pro_activo=@@@1@@@,pro_unidad=@@@0@@@,pro_precio_compra_bruto=0,pro_margen_actual=0,pro_capacidad=1,pro_funcion_plu=0,pro_flejes=1,pro_iva=1,pro_plu_asociado=0,pro_envase=@@@NO@@@,pro_duracion=0,pro_numero_etiqueta=0 WHERE pro_codigo_plu=@@@780721454@@@','',2,'2013-07-27'),(43805,'UPDATE mae_productos SET pro_estado=1 WHERE pro_codigo_plu=780721454','',2,'2013-07-27'),(43806,'DELETE FROM mae_impuestos_productos WHERE pro_codigo_plu=@@@780721454@@@','',2,'2013-07-27'),(43807,'INSERT INTO mae_productos (pro_codigo_plu,pro_codigo_barra,pro_tipo,pro_nombre_producto,pro_nombre_corto,med_id,emb_id,pro_unidades_embalaje,dep_id,lin_id,mar_id,pro_precio_compra_neto,pro_precio_compra_bruto,pro_precio_venta,pro_margen_actual,pro_oferta,pro_fecha_inicio_oferta,pro_fecha_termino_oferta,pro_precio_oferta,pro_stock_minimo,pro_stock_critico,pro_entradas_bodega,pro_salidas_bodega,pro_mermas_bodega,pro_ajustes_bodega,pro_entradas_sv,pro_salidas_sv,pro_mermas_sv,pro_ajustes_sv,pro_activo,rec_numero,pro_unidad,pro_capacidad,pro_consumo_bodega,pro_consumo_sv,pro_estado,pro_funcion_plu,pro_flejes,pro_iva,pro_plu_asociado,pro_envase,pro_duracion,pro_numero_etiqueta) VALUES (780721455,@@@6921646725086@@@,@@@0@@@,@@@JEEP AZUL 4X4@@@,@@@JEEP AZUL 4X4@@@,@@@1 @@@,@@@6 @@@,@@@1@@@,@@@24 @@@,@@@207@@@,@@@2507@@@,@@@0@@@,@@@0@@@,@@@2490@@@,@@@0@@@,@@@@@@,@@@2013.07.27@@@,@@@2013.07.27@@@,@@@0@@@,@@@1@@@,@@@1@@@,@@@0@@@,@@@0@@@,@@@0@@@,@@@0@@@,@@@0@@@,@@@0@@@,@@@0@@@,@@@0@@@,@@@1@@@,@@@0@@@,0,1,0,0,2,0,1,1,0,@@@NO@@@,0,0)','',2,'2013-07-27'),(43808,'DELETE FROM mae_impuestos_productos WHERE pro_codigo_plu=@@@780721455@@@','',2,'2013-07-27'),(43809,'INSERT INTO mae_productos (pro_codigo_plu,pro_codigo_barra,pro_tipo,pro_nombre_producto,pro_nombre_corto,med_id,emb_id,pro_unidades_embalaje,dep_id,lin_id,mar_id,pro_precio_compra_neto,pro_precio_compra_bruto,pro_precio_venta,pro_margen_actual,pro_oferta,pro_fecha_inicio_oferta,pro_fecha_termino_oferta,pro_precio_oferta,pro_stock_minimo,pro_stock_critico,pro_entradas_bodega,pro_salidas_bodega,pro_mermas_bodega,pro_ajustes_bodega,pro_entradas_sv,pro_salidas_sv,pro_mermas_sv,pro_ajustes_sv,pro_activo,rec_numero,pro_unidad,pro_capacidad,pro_consumo_bodega,pro_consumo_sv,pro_estado,pro_funcion_plu,pro_flejes,pro_iva,pro_plu_asociado,pro_envase,pro_duracion,pro_numero_etiqueta) VALUES (780721456,@@@6921646656977@@@,@@@0@@@,@@@AUTO NARANJO 4X4@@@,@@@AUTO NARANJO 4X4@@@,@@@1 @@@,@@@6 @@@,@@@1@@@,@@@24 @@@,@@@207@@@,@@@2507@@@,@@@0@@@,@@@1@@@,@@@1@@@,@@@0@@@,@@@@@@,@@@2013.07.27@@@,@@@2013.07.27@@@,@@@0@@@,@@@1@@@,@@@1@@@,@@@0@@@,@@@0@@@,@@@0@@@,@@@0@@@,@@@0@@@,@@@0@@@,@@@0@@@,@@@0@@@,@@@1@@@,@@@0@@@,0,1,0,0,2,0,1,1,0,@@@NO@@@,0,0)','',2,'2013-07-27'),(43810,'DELETE FROM mae_impuestos_productos WHERE pro_codigo_plu=@@@780721456@@@','',2,'2013-07-27'),(43811,'INSERT INTO gne_vale_ferreteria (vfe_id,vfe_fecha,vfe_total,vfe_estado,vfe_entregado,usu_nusuario) VALUES (6337,@@@2013.07.27@@@,1680,1,0,@@@m_martinez@@@)','',2,'2013-07-27'),(43812,'INSERT INTO gne_vale_ferreteria_mov (vfe_id,pro_codigo_plu,vfm_cantidad,vfm_unitario,vfm_total,vfm_entregado) VALUES (6337,78017027,1,50,50,@@@NO@@@)','',2,'2013-07-27'),(43813,'INSERT INTO gne_vale_ferreteria_mov (vfe_id,pro_codigo_plu,vfm_cantidad,vfm_unitario,vfm_total,vfm_entregado) VALUES (6337,763624,1,660,660,@@@NO@@@)','',2,'2013-07-27'),(43814,'INSERT INTO gne_vale_ferreteria_mov (vfe_id,pro_codigo_plu,vfm_cantidad,vfm_unitario,vfm_total,vfm_entregado) VALUES (6337,764506,1,490,490,@@@NO@@@)','',2,'2013-07-27'),(43815,'INSERT INTO gne_vale_ferreteria_mov (vfe_id,pro_codigo_plu,vfm_cantidad,vfm_unitario,vfm_total,vfm_entregado) VALUES (6337,764157,1,120,120,@@@NO@@@)','',2,'2013-07-27'),(43816,'INSERT INTO gne_vale_ferreteria_mov (vfe_id,pro_codigo_plu,vfm_cantidad,vfm_unitario,vfm_total,vfm_entregado) VALUES (6337,764329,3,120,360,@@@NO@@@)','',2,'2013-07-27'),(43817,'INSERT INTO gne_vale_ferreteria (vfe_id,vfe_fecha,vfe_total,vfe_estado,vfe_entregado,usu_nusuario) VALUES (6338,@@@2013.07.27@@@,390,1,0,@@@m_martinez@@@)','',2,'2013-07-27'),(43818,'INSERT INTO gne_vale_ferreteria_mov (vfe_id,pro_codigo_plu,vfm_cantidad,vfm_unitario,vfm_total,vfm_entregado) VALUES (6338,78017020,1,390,390,@@@NO@@@)','',2,'2013-07-27'),(43819,'INSERT INTO gne_vale_ferreteria (vfe_id,vfe_fecha,vfe_total,vfe_estado,vfe_entregado,usu_nusuario) VALUES (6339,@@@2013.07.27@@@,600,1,0,@@@m_martinez@@@)','',2,'2013-07-27'),(43820,'INSERT INTO gne_vale_ferreteria_mov (vfe_id,pro_codigo_plu,vfm_cantidad,vfm_unitario,vfm_total,vfm_entregado) VALUES (6339,780721239,4,150,600,@@@NO@@@)','',2,'2013-07-27'),(43821,'UPDATE mae_productos SET pro_margen_actual=-99.99,pro_precio_venta=1 WHERE pro_codigo_plu=780721449','',2,'2013-07-27'),(43822,'UPDATE mae_productos SET pro_margen_actual=0,pro_precio_venta=1 WHERE pro_codigo_plu=780721456','',2,'2013-07-27'),(43823,'UPDATE mae_productos SET pro_margen_actual=-99.92,pro_precio_venta=1 WHERE pro_codigo_plu=780721452','',2,'2013-07-27'),(43824,'UPDATE mae_productos SET pro_margen_actual=-99.9,pro_precio_venta=1 WHERE pro_codigo_plu=780721451','',2,'2013-07-27'),(43825,'UPDATE mae_productos SET pro_margen_actual=0,pro_precio_venta=1 WHERE pro_codigo_plu=780721453','',2,'2013-07-27'),(43826,'UPDATE mae_productos SET pro_margen_actual=0,pro_precio_venta=2490 WHERE pro_codigo_plu=780721455','',2,'2013-07-27'),(43827,'UPDATE mae_productos SET pro_margen_actual=0,pro_precio_venta=2490 WHERE pro_codigo_plu=780721454','',2,'2013-07-27'),(43828,'UPDATE mae_productos SET pro_margen_actual=0,pro_precio_venta=1490 WHERE pro_codigo_plu=780721447','',2,'2013-07-27'),(43829,'UPDATE mae_productos SET pro_margen_actual=49.93,pro_precio_venta=3390 WHERE pro_codigo_plu=357','',2,'2013-07-27'),(43830,'UPDATE mae_productos SET pro_margen_actual=0,pro_precio_venta=2099 WHERE pro_codigo_plu=350','',2,'2013-07-27'),(43831,'UPDATE mae_productos SET pro_margen_actual=-99.99,pro_precio_venta=1 WHERE pro_codigo_plu=780721450','',2,'2013-07-27'),(43832,'UPDATE mae_productos SET pro_margen_actual=0,pro_precio_venta=5990 WHERE pro_codigo_plu=402','',2,'2013-07-27'),(43833,'UPDATE mae_productos SET pro_margen_actual=-99.94,pro_precio_venta=1 WHERE pro_codigo_plu=780721448','',2,'2013-07-27'),(43834,'UPDATE mae_productos SET pro_margen_actual=0,pro_precio_venta=799 WHERE pro_codigo_plu=514','',2,'2013-07-27'),(43835,'UPDATE mae_productos SET pro_margen_actual=0,pro_precio_venta=799 WHERE pro_codigo_plu=515','',2,'2013-07-27'),(43836,'UPDATE mae_productos SET pro_margen_actual=0,pro_precio_venta=1390 WHERE pro_codigo_plu=563','',2,'2013-07-27'),(43837,'UPDATE mae_productos SET pro_precio_fiscal=pro_precio_venta WHERE pro_codigo_plu=514','',2,'2013-07-27'),(43838,'UPDATE mae_productos SET pro_precio_fiscal=pro_precio_venta WHERE pro_codigo_plu=515','',2,'2013-07-27'),(43839,'UPDATE mae_productos SET pro_precio_fiscal=pro_precio_venta WHERE pro_codigo_plu=563','',2,'2013-07-27'),(43840,'INSERT INTO gne_vale_ferreteria (vfe_id,vfe_fecha,vfe_total,vfe_estado,vfe_entregado,usu_nusuario) VALUES (6340,@@@2013.07.27@@@,400,1,0,@@@m_martinez@@@)','',2,'2013-07-27'),(43841,'INSERT INTO gne_vale_ferreteria_mov (vfe_id,pro_codigo_plu,vfm_cantidad,vfm_unitario,vfm_total,vfm_entregado) VALUES (6340,78017111,4,100,400,@@@NO@@@)','',2,'2013-07-27'),(43842,'INSERT INTO gne_vale_ferreteria (vfe_id,vfe_fecha,vfe_total,vfe_estado,vfe_entregado,usu_nusuario) VALUES (6341,@@@2013.07.27@@@,290,1,0,@@@m_martinez@@@)','',2,'2013-07-27'),(43843,'INSERT INTO gne_vale_ferreteria_mov (vfe_id,pro_codigo_plu,vfm_cantidad,vfm_unitario,vfm_total,vfm_entregado) VALUES (6341,1559,1,290,290,@@@NO@@@)','',2,'2013-07-27'),(43844,'UPDATE mae_productos SET pro_codigo_barra=@@@7801620005191@@@,pro_tipo=@@@0@@@,pro_nombre_producto=@@@GATORADE 750 AZUL@@@,pro_nombre_corto=@@@GATORADE 750@@@,med_id=@@@7@@@,emb_id=@@@3@@@,pro_unidades_embalaje=@@@0@@@,dep_id=@@@4 @@@,lin_id=@@@223@@@,mar_id=@@@912@@@,pro_precio_compra_neto=@@@0@@@,pro_precio_compra_bruto=@@@866.86@@@,pro_precio_venta=@@@990@@@,pro_margen_actual=@@@14.21@@@,pro_oferta=@@@NO@@@,pro_fecha_inicio_oferta=@@@2013.06.05@@@,pro_fecha_termino_oferta=@@@2013.06.05@@@,pro_precio_oferta=@@@0@@@,pro_stock_minimo=@@@0@@@,pro_stock_critico=@@@0@@@,pro_activo=@@@1@@@,pro_unidad=@@@0@@@,pro_precio_compra_bruto=866.86,pro_margen_actual=14.21,pro_capacidad=750,pro_funcion_plu=0,pro_flejes=1,pro_iva=1,pro_plu_asociado=0,pro_envase=@@@NO@@@,pro_duracion=0,pro_numero_etiqueta=0 WHERE pro_codigo_plu=@@@780220165@@@','',2,'2013-07-27'),(43845,'UPDATE mae_productos SET pro_estado=1 WHERE pro_codigo_plu=780220165','',2,'2013-07-27'),(43846,'DELETE FROM mae_impuestos_productos WHERE pro_codigo_plu=@@@780220165@@@','',2,'2013-07-27'),(43847,'INSERT INTO gne_vale_ferreteria (vfe_id,vfe_fecha,vfe_total,vfe_estado,vfe_entregado,usu_nusuario) VALUES (6342,@@@2013.07.27@@@,290,1,0,@@@m_martinez@@@)','',2,'2013-07-27'),(43848,'INSERT INTO gne_vale_ferreteria_mov (vfe_id,pro_codigo_plu,vfm_cantidad,vfm_unitario,vfm_total,vfm_entregado) VALUES (6342,1559,1,290,290,@@@NO@@@)','',2,'2013-07-27'),(43849,'UPDATE mae_productos SET pro_precio_venta=7999,pro_margen_actual=32.42, pro_precio_compra_bruto=6040.56, pro_precio_compra_neto=5076.10084033613 WHERE pro_codigo_plu=17678','',2,'2013-07-27'),(43850,'UPDATE mae_productos SET pro_precio_venta=3799,pro_margen_actual=44.04, pro_precio_compra_bruto=2637.48, pro_precio_compra_neto=2216.36974789916 WHERE pro_codigo_plu=763536','',2,'2013-07-27'),(43851,'UPDATE mae_productos SET pro_precio_venta=950,pro_margen_actual=25, pro_precio_compra_bruto=760, pro_precio_compra_neto=638.655462184874 WHERE pro_codigo_plu=780220165','',2,'2013-07-27'),(43852,'UPDATE mae_productos SET pro_precio_compra_bruto=450.16,pro_margen_actual=(pro_precio_venta-450.16)/450.16 * 100,pro_ultima_compra=@@@2013.07.27@@@,pro_ultimo_proveedor=@@@99554560-8@@@ WHERE pro_codigo_plu=17269','',2,'2013-07-27'),(43853,'UPDATE mae_productos SET pro_precio_compra_bruto=6040.56,pro_margen_actual=(pro_precio_venta-6040.56)/6040.56 * 100,pro_ultima_compra=@@@2013.07.27@@@,pro_ultimo_proveedor=@@@99554560-8@@@ WHERE pro_codigo_plu=17678','',2,'2013-07-27'),(43854,'UPDATE mae_productos SET pro_precio_compra_bruto=2637.48,pro_margen_actual=(pro_precio_venta-2637.48)/2637.48 * 100,pro_ultima_compra=@@@2013.07.27@@@,pro_ultimo_proveedor=@@@99554560-8@@@ WHERE pro_codigo_plu=763536','',2,'2013-07-27'),(43855,'UPDATE mae_productos SET pro_precio_compra_bruto=760,pro_margen_actual=(pro_precio_venta-760)/760 * 100,pro_ultima_compra=@@@2013.07.27@@@,pro_ultimo_proveedor=@@@99554560-8@@@ WHERE pro_codigo_plu=780220165','',2,'2013-07-27'),(43856,'UPDATE mae_productos SET pro_precio_compra_bruto=2877.08,pro_margen_actual=(pro_precio_venta-2877.08)/2877.08 * 100,pro_ultima_compra=@@@2013.07.27@@@,pro_ultimo_proveedor=@@@99554560-8@@@ WHERE pro_codigo_plu=17641','',2,'2013-07-27'),(43857,'INSERT INTO gne_vale_ferreteria (vfe_id,vfe_fecha,vfe_total,vfe_estado,vfe_entregado,usu_nusuario) VALUES (6343,@@@2013.07.27@@@,1690,1,0,@@@m_martinez@@@)','',2,'2013-07-27'),(43858,'INSERT INTO gne_vale_ferreteria_mov (vfe_id,pro_codigo_plu,vfm_cantidad,vfm_unitario,vfm_total,vfm_entregado) VALUES (6343,763955,1,1690,1690,@@@NO@@@)','',2,'2013-07-27'),(43859,'UPDATE mae_productos SET pro_codigo_barra=@@@7802100001191@@@,pro_tipo=@@@0@@@,pro_nombre_producto=@@@CERVEZA BUDWEISER X 6 X 355 CC@@@,pro_nombre_corto=@@@CERVEZA BUDWEISE@@@,med_id=@@@6@@@,emb_id=@@@4@@@,pro_unidades_embalaje=@@@6@@@,dep_id=@@@7 @@@,lin_id=@@@63@@@,mar_id=@@@1781@@@,pro_precio_compra_neto=@@@0@@@,pro_precio_compra_bruto=@@@3611.85@@@,pro_precio_venta=@@@4390@@@,pro_margen_actual=@@@21.54@@@,pro_oferta=@@@NO@@@,pro_fecha_inicio_oferta=@@@2009.12.26@@@,pro_fecha_termino_oferta=@@@2009.12.26@@@,pro_precio_oferta=@@@0@@@,pro_stock_minimo=@@@6@@@,pro_stock_critico=@@@3@@@,pro_activo=@@@1@@@,pro_unidad=@@@0@@@,pro_precio_compra_bruto=3611.85,pro_margen_actual=21.54,pro_capacidad=0.355,pro_funcion_plu=0,pro_flejes=1,pro_iva=1,pro_plu_asociado=0,pro_envase=@@@NO@@@,pro_duracion=0,pro_numero_etiqueta=0 WHERE pro_codigo_plu=@@@761875@@@','',2,'2013-07-27'),(43860,'UPDATE mae_productos SET pro_estado=1 WHERE pro_codigo_plu=761875','',2,'2013-07-27'),(43861,'DELETE FROM mae_impuestos_productos WHERE pro_codigo_plu=@@@761875@@@','',2,'2013-07-27'),(43862,'INSERT INTO gne_vale_ferreteria (vfe_id,vfe_fecha,vfe_total,vfe_estado,vfe_entregado,usu_nusuario) VALUES (6344,@@@2013.07.27@@@,3520,1,0,@@@m_martinez@@@)','',2,'2013-07-27'),(43863,'INSERT INTO gne_vale_ferreteria_mov (vfe_id,pro_codigo_plu,vfm_cantidad,vfm_unitario,vfm_total,vfm_entregado) VALUES (6344,100979,1,1390,1390,@@@NO@@@)','',2,'2013-07-27'),(43864,'INSERT INTO gne_vale_ferreteria_mov (vfe_id,pro_codigo_plu,vfm_cantidad,vfm_unitario,vfm_total,vfm_entregado) VALUES (6344,763614,1,650,650,@@@NO@@@)','',2,'2013-07-27'),(43865,'INSERT INTO gne_vale_ferreteria_mov (vfe_id,pro_codigo_plu,vfm_cantidad,vfm_unitario,vfm_total,vfm_entregado) VALUES (6344,763596,1,90,90,@@@NO@@@)','',2,'2013-07-27'),(43866,'INSERT INTO gne_vale_ferreteria_mov (vfe_id,pro_codigo_plu,vfm_cantidad,vfm_unitario,vfm_total,vfm_entregado) VALUES (6344,1086,1,1390,1390,@@@NO@@@)','',2,'2013-07-27'),(43867,'UPDATE mae_productos SET pro_precio_venta=1999,pro_margen_actual=28.41, pro_precio_compra_bruto=1556.7, pro_precio_compra_neto=1308.1512605042 WHERE pro_codigo_plu=18070','',2,'2013-07-27'),(43868,'UPDATE mae_productos SET pro_precio_compra_bruto=1556.7,pro_margen_actual=(pro_precio_venta-1556.7)/1556.7 * 100,pro_ultima_compra=@@@2013.07.27@@@,pro_ultimo_proveedor=@@@99554560-8@@@ WHERE pro_codigo_plu=18076','',2,'2013-07-27'),(43869,'UPDATE mae_productos SET pro_precio_compra_bruto=1556.7,pro_margen_actual=(pro_precio_venta-1556.7)/1556.7 * 100,pro_ultima_compra=@@@2013.07.27@@@,pro_ultimo_proveedor=@@@99554560-8@@@ WHERE pro_codigo_plu=18070','',2,'2013-07-27'),(43870,'UPDATE mae_productos SET pro_codigo_barra=@@@357@@@,pro_tipo=@@@0@@@,pro_nombre_producto=@@@MORTADELA JAMONADA PAVO SJ@@@,pro_nombre_corto=@@@MORTADELA JAMONA@@@,med_id=@@@1@@@,emb_id=@@@1@@@,pro_unidades_embalaje=@@@1@@@,dep_id=@@@12 @@@,lin_id=@@@71@@@,mar_id=@@@2507@@@,pro_precio_compra_neto=@@@0@@@,pro_precio_compra_bruto=@@@2261@@@,pro_precio_venta=@@@3390@@@,pro_margen_actual=@@@49.93@@@,pro_oferta=@@@NO@@@,pro_fecha_inicio_oferta=@@@1900.01.01@@@,pro_fecha_termino_oferta=@@@1900.01.01@@@,pro_precio_oferta=@@@0@@@,pro_stock_minimo=@@@1@@@,pro_stock_critico=@@@1@@@,pro_activo=@@@1@@@,pro_unidad=@@@1@@@,pro_precio_compra_bruto=2261,pro_margen_actual=49.93,pro_capacidad=1,pro_funcion_plu=1,pro_flejes=0,pro_iva=1,pro_plu_asociado=0,pro_envase=@@@NO@@@,pro_duracion=0,pro_numero_etiqueta=1 WHERE pro_codigo_plu=@@@357@@@','',2,'2013-07-27'),(43871,'UPDATE mae_productos SET pro_estado=1 WHERE pro_codigo_plu=357','',2,'2013-07-27'),(43872,'DELETE FROM mae_impuestos_productos WHERE pro_codigo_plu=@@@357@@@','',2,'2013-07-27'),(43873,'UPDATE mae_productos SET pro_precio_fiscal=pro_precio_venta WHERE pro_codigo_plu=17678','',2,'2013-07-27'),(43874,'UPDATE mae_productos SET pro_precio_fiscal=pro_precio_venta WHERE pro_codigo_plu=780220165','',2,'2013-07-27'),(43875,'UPDATE mae_productos SET pro_precio_fiscal=pro_precio_venta WHERE pro_codigo_plu=761875','',2,'2013-07-27'),(43876,'UPDATE mae_productos SET pro_precio_fiscal=pro_precio_venta WHERE pro_codigo_plu=18070','',2,'2013-07-27'),(43877,'UPDATE mae_productos SET pro_precio_fiscal=pro_precio_venta WHERE pro_codigo_plu=763536','',2,'2013-07-27'),(43878,'UPDATE mae_productos SET pro_precio_fiscal=pro_precio_venta WHERE pro_codigo_plu=780721447','',2,'2013-07-27'),(43879,'UPDATE mae_productos SET pro_precio_compra_bruto=104.72,pro_margen_actual=(pro_precio_venta-104.72)/104.72 * 100,pro_ultima_compra=@@@2013.07.27@@@,pro_ultimo_proveedor=@@@80186300-0@@@ WHERE pro_codigo_plu=761480','',2,'2013-07-27'),(43880,'UPDATE mae_productos SET pro_precio_compra_bruto=2261,pro_margen_actual=(pro_precio_venta-2261)/2261 * 100,pro_ultima_compra=@@@2013.07.27@@@,pro_ultimo_proveedor=@@@80186300-0@@@ WHERE pro_codigo_plu=357','',2,'2013-07-27'),(43881,'UPDATE mae_productos SET pro_precio_compra_bruto=1308.9,pro_margen_actual=(pro_precio_venta-1308.9)/1308.9 * 100,pro_ultima_compra=@@@2013.07.27@@@,pro_ultimo_proveedor=@@@80186300-0@@@ WHERE pro_codigo_plu=350','',2,'2013-07-27'),(43882,'UPDATE mae_productos SET pro_precio_compra_bruto=2201.5,pro_margen_actual=(pro_precio_venta-2201.5)/2201.5 * 100,pro_ultima_compra=@@@2013.07.27@@@,pro_ultimo_proveedor=@@@80186300-0@@@ WHERE pro_codigo_plu=347','',2,'2013-07-27'),(43883,'UPDATE mae_productos SET pro_precio_compra_bruto=3332.1,pro_margen_actual=(pro_precio_venta-3332.1)/3332.1 * 100,pro_ultima_compra=@@@2013.07.27@@@,pro_ultimo_proveedor=@@@80186300-0@@@ WHERE pro_codigo_plu=313','',2,'2013-07-27'),(43884,'UPDATE mae_productos SET pro_precio_compra_bruto=284.1,pro_margen_actual=(pro_precio_venta-284.1)/284.1 * 100,pro_ultima_compra=@@@2013.07.27@@@,pro_ultimo_proveedor=@@@80186300-0@@@ WHERE pro_codigo_plu=262532','',2,'2013-07-27'),(43885,'UPDATE mae_productos SET pro_precio_compra_bruto=3568.7,pro_margen_actual=(pro_precio_venta-3568.7)/3568.7 * 100,pro_ultima_compra=@@@2013.07.27@@@,pro_ultimo_proveedor=@@@80186300-0@@@ WHERE pro_codigo_plu=402','',2,'2013-07-27'),(43886,'UPDATE mae_productos SET pro_precio_compra_bruto=2034,pro_margen_actual=(pro_precio_venta-2034)/2034 * 100,pro_ultima_compra=@@@2013.06.02@@@,pro_ultimo_proveedor=@@@96547710-1@@@ WHERE pro_codigo_plu=762807','',2,'2013-07-27'),(43887,'UPDATE mae_productos SET pro_precio_compra_bruto=1350,pro_margen_actual=(pro_precio_venta-1350)/1350 * 100,pro_ultima_compra=@@@2013.06.02@@@,pro_ultimo_proveedor=@@@96547710-1@@@ WHERE pro_codigo_plu=18101','',2,'2013-07-27'),(43888,'UPDATE mae_productos SET pro_precio_compra_bruto=415,pro_margen_actual=(pro_precio_venta-415)/415 * 100,pro_ultima_compra=@@@2013.06.02@@@,pro_ultimo_proveedor=@@@96547710-1@@@ WHERE pro_codigo_plu=18100','',2,'2013-07-27'),(43889,'UPDATE mae_productos SET pro_precio_compra_bruto=2742,pro_margen_actual=(pro_precio_venta-2742)/2742 * 100,pro_ultima_compra=@@@2013.06.02@@@,pro_ultimo_proveedor=@@@96547710-1@@@ WHERE pro_codigo_plu=18127','',2,'2013-07-27'),(43890,'UPDATE mae_productos SET pro_precio_compra_bruto=2916,pro_margen_actual=(pro_precio_venta-2916)/2916 * 100,pro_ultima_compra=@@@2013.06.02@@@,pro_ultimo_proveedor=@@@96547710-1@@@ WHERE pro_codigo_plu=761920','',2,'2013-07-27'),(43891,'INSERT INTO mae_productos (pro_codigo_plu,pro_codigo_barra,pro_tipo,pro_nombre_producto,pro_nombre_corto,med_id,emb_id,pro_unidades_embalaje,dep_id,lin_id,mar_id,pro_precio_compra_neto,pro_precio_compra_bruto,pro_precio_venta,pro_margen_actual,pro_oferta,pro_fecha_inicio_oferta,pro_fecha_termino_oferta,pro_precio_oferta,pro_stock_minimo,pro_stock_critico,pro_entradas_bodega,pro_salidas_bodega,pro_mermas_bodega,pro_ajustes_bodega,pro_entradas_sv,pro_salidas_sv,pro_mermas_sv,pro_ajustes_sv,pro_activo,rec_numero,pro_unidad,pro_capacidad,pro_consumo_bodega,pro_consumo_sv,pro_estado,pro_funcion_plu,pro_flejes,pro_iva,pro_plu_asociado,pro_envase,pro_duracion,pro_numero_etiqueta) VALUES (780721457,@@@6991203837224@@@,@@@0@@@,@@@CAMIONETA POLICIAL@@@,@@@CAMIONETA POLICI@@@,@@@1 @@@,@@@6 @@@,@@@1@@@,@@@24 @@@,@@@207@@@,@@@2507@@@,@@@0@@@,@@@700@@@,@@@1@@@,@@@-99.86@@@,@@@@@@,@@@2013.07.27@@@,@@@2013.07.27@@@,@@@0@@@,@@@6@@@,@@@2@@@,@@@0@@@,@@@0@@@,@@@0@@@,@@@0@@@,@@@0@@@,@@@0@@@,@@@0@@@,@@@0@@@,@@@1@@@,@@@0@@@,0,1,0,0,2,0,1,1,0,@@@NO@@@,0,0)','',2,'2013-07-27'),(43892,'DELETE FROM mae_impuestos_productos WHERE pro_codigo_plu=@@@780721457@@@','',2,'2013-07-27'),(43893,'INSERT INTO gne_vale_ferreteria (vfe_id,vfe_fecha,vfe_total,vfe_estado,vfe_entregado,usu_nusuario) VALUES (6345,@@@2013.07.27@@@,2380,1,0,@@@m_martinez@@@)','',2,'2013-07-27'),(43894,'INSERT INTO gne_vale_ferreteria_mov (vfe_id,pro_codigo_plu,vfm_cantidad,vfm_unitario,vfm_total,vfm_entregado) VALUES (6345,8689,2,1190,2380,@@@NO@@@)','',2,'2013-07-27'),(43895,'INSERT INTO gne_vale_ferreteria (vfe_id,vfe_fecha,vfe_total,vfe_estado,vfe_entregado,usu_nusuario) VALUES (6346,@@@2013.07.27@@@,1350,1,0,@@@m_martinez@@@)','',2,'2013-07-27'),(43896,'INSERT INTO gne_vale_ferreteria_mov (vfe_id,pro_codigo_plu,vfm_cantidad,vfm_unitario,vfm_total,vfm_entregado) VALUES (6346,763479,1,1350,1350,@@@NO@@@)','',2,'2013-07-27'),(43897,'UPDATE mae_productos SET pro_margen_actual=-99.86,pro_precio_venta=1 WHERE pro_codigo_plu=780721457','',2,'2013-07-27'),(43898,'UPDATE mae_productos SET pro_margen_actual=49.93,pro_precio_venta=3390 WHERE pro_codigo_plu=357','',2,'2013-07-27'),(43899,'UPDATE mae_productos SET pro_margen_actual=0,pro_precio_venta=600 WHERE pro_codigo_plu=18098','',2,'2013-07-27'),(43900,'UPDATE mae_productos SET pro_precio_fiscal=pro_precio_venta WHERE pro_codigo_plu=18098','',2,'2013-07-27'),(43901,'INSERT INTO gne_vale_ferreteria (vfe_id,vfe_fecha,vfe_total,vfe_estado,vfe_entregado,usu_nusuario) VALUES (6347,@@@2013.07.27@@@,40,1,0,@@@admin@@@)','',2,'2013-07-27'),(43902,'INSERT INTO gne_vale_ferreteria_mov (vfe_id,pro_codigo_plu,vfm_cantidad,vfm_unitario,vfm_total,vfm_entregado) VALUES (6347,78017191,1,40,40,@@@NO@@@)','',2,'2013-07-27'),(43903,'UPDATE mae_productos SET pro_codigo_barra=@@@6991292982782@@@,pro_tipo=@@@0@@@,pro_nombre_producto=@@@TRACTOR FRUTAS@@@,pro_nombre_corto=@@@TRACTOR FRUTAS@@@,med_id=@@@1@@@,emb_id=@@@3@@@,pro_unidades_embalaje=@@@0@@@,dep_id=@@@23 @@@,lin_id=@@@135@@@,mar_id=@@@2507@@@,pro_precio_compra_neto=@@@0@@@,pro_precio_compra_bruto=@@@0@@@,pro_precio_venta=@@@2490@@@,pro_margen_actual=@@@0@@@,pro_oferta=@@@NO@@@,pro_fecha_inicio_oferta=@@@2013.07.08@@@,pro_fecha_termino_oferta=@@@2013.07.08@@@,pro_precio_oferta=@@@0@@@,pro_stock_minimo=@@@4@@@,pro_stock_critico=@@@2@@@,pro_activo=@@@1@@@,pro_unidad=@@@0@@@,pro_precio_compra_bruto=0,pro_margen_actual=0,pro_capacidad=1,pro_funcion_plu=0,pro_flejes=1,pro_iva=1,pro_plu_asociado=0,pro_envase=@@@NO@@@,pro_duracion=0,pro_numero_etiqueta=0 WHERE pro_codigo_plu=@@@780721317@@@','',2,'2013-07-27'),(43904,'UPDATE mae_productos SET pro_estado=1 WHERE pro_codigo_plu=780721317','',2,'2013-07-27'),(43905,'DELETE FROM mae_impuestos_productos WHERE pro_codigo_plu=@@@780721317@@@','',2,'2013-07-27'),(43906,'UPDATE mae_productos SET pro_codigo_barra=@@@770081@@@,pro_tipo=@@@0@@@,pro_nombre_producto=@@@CANDADO 63MM COPPER@@@,pro_nombre_corto=@@@CANDADO 63MM COP@@@,med_id=@@@1@@@,emb_id=@@@3@@@,pro_unidades_embalaje=@@@0@@@,dep_id=@@@2 @@@,lin_id=@@@41@@@,mar_id=@@@2507@@@,pro_precio_compra_neto=@@@0@@@,pro_precio_compra_bruto=@@@0@@@,pro_precio_venta=@@@1990@@@,pro_margen_actual=@@@0@@@,pro_oferta=@@@NO@@@,pro_fecha_inicio_oferta=@@@2013.05.30@@@,pro_fecha_termino_oferta=@@@2013.05.30@@@,pro_precio_oferta=@@@0@@@,pro_stock_minimo=@@@12@@@,pro_stock_critico=@@@3@@@,pro_activo=@@@1@@@,pro_unidad=@@@0@@@,pro_precio_compra_bruto=0,pro_margen_actual=0,pro_capacidad=1,pro_funcion_plu=0,pro_flejes=1,pro_iva=1,pro_plu_asociado=0,pro_envase=@@@NO@@@,pro_duracion=0,pro_numero_etiqueta=0 WHERE pro_codigo_plu=@@@770081@@@','',2,'2013-07-27'),(43907,'UPDATE mae_productos SET pro_estado=1 WHERE pro_codigo_plu=770081','',2,'2013-07-27'),(43908,'DELETE FROM mae_impuestos_productos WHERE pro_codigo_plu=@@@770081@@@','',2,'2013-07-27'),(43909,'UPDATE mae_productos SET pro_codigo_barra=@@@770081@@@,pro_tipo=@@@0@@@,pro_nombre_producto=@@@CANDADO 63MM COPPER@@@,pro_nombre_corto=@@@CANDADO 63MM COP@@@,med_id=@@@1@@@,emb_id=@@@3@@@,pro_unidades_embalaje=@@@0@@@,dep_id=@@@2 @@@,lin_id=@@@41@@@,mar_id=@@@2507@@@,pro_precio_compra_neto=@@@0@@@,pro_precio_compra_bruto=@@@0@@@,pro_precio_venta=@@@1990@@@,pro_margen_actual=@@@0@@@,pro_oferta=@@@NO@@@,pro_fecha_inicio_oferta=@@@2013.05.30@@@,pro_fecha_termino_oferta=@@@2013.05.30@@@,pro_precio_oferta=@@@0@@@,pro_stock_minimo=@@@12@@@,pro_stock_critico=@@@3@@@,pro_activo=@@@1@@@,pro_unidad=@@@0@@@,pro_precio_compra_bruto=0,pro_margen_actual=0,pro_capacidad=1,pro_funcion_plu=0,pro_flejes=1,pro_iva=1,pro_plu_asociado=0,pro_envase=@@@NO@@@,pro_duracion=0,pro_numero_etiqueta=0 WHERE pro_codigo_plu=@@@770081@@@','',2,'2013-07-27'),(43910,'UPDATE mae_productos SET pro_estado=1 WHERE pro_codigo_plu=770081','',2,'2013-07-27'),(43911,'DELETE FROM mae_impuestos_productos WHERE pro_codigo_plu=@@@770081@@@','',2,'2013-07-27'),(43912,'INSERT INTO gne_vale_ferreteria (vfe_id,vfe_fecha,vfe_total,vfe_estado,vfe_entregado,usu_nusuario) VALUES (6348,@@@2013.07.27@@@,180,1,0,@@@admin@@@)','',2,'2013-07-27'),(43913,'INSERT INTO gne_vale_ferreteria_mov (vfe_id,pro_codigo_plu,vfm_cantidad,vfm_unitario,vfm_total,vfm_entregado) VALUES (6348,1602,1,180,180,@@@NO@@@)','',2,'2013-07-27'),(43914,'INSERT INTO gne_vale_ferreteria (vfe_id,vfe_fecha,vfe_total,vfe_estado,vfe_entregado,usu_nusuario) VALUES (6349,@@@2013.07.27@@@,300,1,0,@@@admin@@@)','',2,'2013-07-27'),(43915,'INSERT INTO gne_vale_ferreteria_mov (vfe_id,pro_codigo_plu,vfm_cantidad,vfm_unitario,vfm_total,vfm_entregado) VALUES (6349,780721221,1,300,300,@@@NO@@@)','',2,'2013-07-27'),(43916,'UPDATE mae_productos SET pro_codigo_barra=@@@770081@@@,pro_tipo=@@@0@@@,pro_nombre_producto=@@@CANDADO 63MM COPPER@@@,pro_nombre_corto=@@@CANDADO 63MM COP@@@,med_id=@@@1@@@,emb_id=@@@3@@@,pro_unidades_embalaje=@@@0@@@,dep_id=@@@2 @@@,lin_id=@@@41@@@,mar_id=@@@2507@@@,pro_precio_compra_neto=@@@0@@@,pro_precio_compra_bruto=@@@0@@@,pro_precio_venta=@@@1990@@@,pro_margen_actual=@@@0@@@,pro_oferta=@@@NO@@@,pro_fecha_inicio_oferta=@@@2013.05.30@@@,pro_fecha_termino_oferta=@@@2013.05.30@@@,pro_precio_oferta=@@@0@@@,pro_stock_minimo=@@@0@@@,pro_stock_critico=@@@0@@@,pro_activo=@@@1@@@,pro_unidad=@@@0@@@,pro_precio_compra_bruto=0,pro_margen_actual=0,pro_capacidad=1,pro_funcion_plu=0,pro_flejes=1,pro_iva=1,pro_plu_asociado=0,pro_envase=@@@NO@@@,pro_duracion=0,pro_numero_etiqueta=0 WHERE pro_codigo_plu=@@@770081@@@','',2,'2013-07-27'),(43917,'UPDATE mae_productos SET pro_estado=1 WHERE pro_codigo_plu=770081','',2,'2013-07-27'),(43918,'DELETE FROM mae_impuestos_productos WHERE pro_codigo_plu=@@@770081@@@','',2,'2013-07-27'),(43919,'INSERT INTO mae_productos (pro_codigo_plu,pro_codigo_barra,pro_tipo,pro_nombre_producto,pro_nombre_corto,med_id,emb_id,pro_unidades_embalaje,dep_id,lin_id,mar_id,pro_precio_compra_neto,pro_precio_compra_bruto,pro_precio_venta,pro_margen_actual,pro_oferta,pro_fecha_inicio_oferta,pro_fecha_termino_oferta,pro_precio_oferta,pro_stock_minimo,pro_stock_critico,pro_entradas_bodega,pro_salidas_bodega,pro_mermas_bodega,pro_ajustes_bodega,pro_entradas_sv,pro_salidas_sv,pro_mermas_sv,pro_ajustes_sv,pro_activo,rec_numero,pro_unidad,pro_capacidad,pro_consumo_bodega,pro_consumo_sv,pro_estado,pro_funcion_plu,pro_flejes,pro_iva,pro_plu_asociado,pro_envase,pro_duracion,pro_numero_etiqueta) VALUES (780721458,@@@780721458@@@,@@@0@@@,@@@RELOJ DE VELADOR VARIEDAD DE COLORES@@@,@@@RELOJ DE VELADOR@@@,@@@1 @@@,@@@6 @@@,@@@1@@@,@@@24 @@@,@@@138@@@,@@@2507@@@,@@@0@@@,@@@690@@@,@@@1@@@,@@@-99.86@@@,@@@@@@,@@@2013.07.27@@@,@@@2013.07.27@@@,@@@0@@@,@@@6@@@,@@@2@@@,@@@0@@@,@@@0@@@,@@@0@@@,@@@0@@@,@@@0@@@,@@@0@@@,@@@0@@@,@@@0@@@,@@@1@@@,@@@0@@@,0,1,0,0,2,0,1,1,0,@@@NO@@@,0,0)','',2,'2013-07-27'),(43920,'DELETE FROM mae_impuestos_productos WHERE pro_codigo_plu=@@@780721458@@@','',2,'2013-07-27'),(43921,'INSERT INTO mae_productos (pro_codigo_plu,pro_codigo_barra,pro_tipo,pro_nombre_producto,pro_nombre_corto,med_id,emb_id,pro_unidades_embalaje,dep_id,lin_id,mar_id,pro_precio_compra_neto,pro_precio_compra_bruto,pro_precio_venta,pro_margen_actual,pro_oferta,pro_fecha_inicio_oferta,pro_fecha_termino_oferta,pro_precio_oferta,pro_stock_minimo,pro_stock_critico,pro_entradas_bodega,pro_salidas_bodega,pro_mermas_bodega,pro_ajustes_bodega,pro_entradas_sv,pro_salidas_sv,pro_mermas_sv,pro_ajustes_sv,pro_activo,rec_numero,pro_unidad,pro_capacidad,pro_consumo_bodega,pro_consumo_sv,pro_estado,pro_funcion_plu,pro_flejes,pro_iva,pro_plu_asociado,pro_envase,pro_duracion,pro_numero_etiqueta) VALUES (780721459,@@@8420707007393@@@,@@@0@@@,@@@NAIPE ESPAÑOL@@@,@@@NAIPE ESPAÑOL@@@,@@@1 @@@,@@@6 @@@,@@@1@@@,@@@24 @@@,@@@207@@@,@@@2507@@@,@@@0@@@,@@@1400@@@,@@@1@@@,@@@-99.93@@@,@@@@@@,@@@2013.07.27@@@,@@@2013.07.27@@@,@@@0@@@,@@@1@@@,@@@1@@@,@@@0@@@,@@@0@@@,@@@0@@@,@@@0@@@,@@@0@@@,@@@0@@@,@@@0@@@,@@@0@@@,@@@1@@@,@@@0@@@,0,1,0,0,2,0,1,1,0,@@@NO@@@,0,0)','',2,'2013-07-27'),(43922,'DELETE FROM mae_impuestos_productos WHERE pro_codigo_plu=@@@780721459@@@','',2,'2013-07-27'),(43923,'UPDATE mae_productos SET pro_codigo_barra=@@@6921646656977@@@,pro_tipo=@@@0@@@,pro_nombre_producto=@@@AUTO NARANJO 4X4@@@,pro_nombre_corto=@@@AUTO NARANJO 4X4@@@,med_id=@@@1@@@,emb_id=@@@6@@@,pro_unidades_embalaje=@@@1@@@,dep_id=@@@24 @@@,lin_id=@@@207@@@,mar_id=@@@2507@@@,pro_precio_compra_neto=@@@0@@@,pro_precio_compra_bruto=@@@750@@@,pro_precio_venta=@@@1@@@,pro_margen_actual=@@@-99.87@@@,pro_oferta=@@@NO@@@,pro_fecha_inicio_oferta=@@@2013.07.27@@@,pro_fecha_termino_oferta=@@@2013.07.27@@@,pro_precio_oferta=@@@0@@@,pro_stock_minimo=@@@6@@@,pro_stock_critico=@@@2@@@,pro_activo=@@@1@@@,pro_unidad=@@@0@@@,pro_precio_compra_bruto=750,pro_margen_actual=-99.87,pro_capacidad=1,pro_funcion_plu=0,pro_flejes=1,pro_iva=1,pro_plu_asociado=0,pro_envase=@@@NO@@@,pro_duracion=0,pro_numero_etiqueta=0 WHERE pro_codigo_plu=@@@780721456@@@','',2,'2013-07-27'),(43924,'UPDATE mae_productos SET pro_estado=1 WHERE pro_codigo_plu=780721456','',2,'2013-07-27'),(43925,'DELETE FROM mae_impuestos_productos WHERE pro_codigo_plu=@@@780721456@@@','',2,'2013-07-27'),(43926,'INSERT INTO mae_productos (pro_codigo_plu,pro_codigo_barra,pro_tipo,pro_nombre_producto,pro_nombre_corto,med_id,emb_id,pro_unidades_embalaje,dep_id,lin_id,mar_id,pro_precio_compra_neto,pro_precio_compra_bruto,pro_precio_venta,pro_margen_actual,pro_oferta,pro_fecha_inicio_oferta,pro_fecha_termino_oferta,pro_precio_oferta,pro_stock_minimo,pro_stock_critico,pro_entradas_bodega,pro_salidas_bodega,pro_mermas_bodega,pro_ajustes_bodega,pro_entradas_sv,pro_salidas_sv,pro_mermas_sv,pro_ajustes_sv,pro_activo,rec_numero,pro_unidad,pro_capacidad,pro_consumo_bodega,pro_consumo_sv,pro_estado,pro_funcion_plu,pro_flejes,pro_iva,pro_plu_asociado,pro_envase,pro_duracion,pro_numero_etiqueta) VALUES (780721460,@@@6921646733517@@@,@@@0@@@,@@@CAMIONETA RACING VARIEDAD DE COLORES@@@,@@@CAMIONETA RACING@@@,@@@1 @@@,@@@6 @@@,@@@1@@@,@@@24 @@@,@@@207@@@,@@@2507@@@,@@@0@@@,@@@1200@@@,@@@1@@@,@@@-99.92@@@,@@@@@@,@@@2013.07.27@@@,@@@2013.07.27@@@,@@@0@@@,@@@6@@@,@@@2@@@,@@@0@@@,@@@0@@@,@@@0@@@,@@@0@@@,@@@0@@@,@@@0@@@,@@@0@@@,@@@0@@@,@@@1@@@,@@@0@@@,0,1,0,0,2,0,1,1,0,@@@NO@@@,0,0)','',2,'2013-07-27'),(43927,'DELETE FROM mae_impuestos_productos WHERE pro_codigo_plu=@@@780721460@@@','',2,'2013-07-27'),(43928,'UPDATE mae_productos SET pro_codigo_barra=@@@6921646650067@@@,pro_tipo=@@@0@@@,pro_nombre_producto=@@@CAMION CON ANIMALES SALVAJES@@@,pro_nombre_corto=@@@CAMION CON ANIMA@@@,med_id=@@@1@@@,emb_id=@@@6@@@,pro_unidades_embalaje=@@@1@@@,dep_id=@@@24 @@@,lin_id=@@@207@@@,mar_id=@@@2507@@@,pro_precio_compra_neto=@@@0@@@,pro_precio_compra_bruto=@@@1200@@@,pro_precio_venta=@@@1@@@,pro_margen_actual=@@@-99.92@@@,pro_oferta=@@@NO@@@,pro_fecha_inicio_oferta=@@@2013.07.27@@@,pro_fecha_termino_oferta=@@@2013.07.27@@@,pro_precio_oferta=@@@0@@@,pro_stock_minimo=@@@6@@@,pro_stock_critico=@@@1@@@,pro_activo=@@@1@@@,pro_unidad=@@@0@@@,pro_precio_compra_bruto=1200,pro_margen_actual=-99.92,pro_capacidad=1,pro_funcion_plu=0,pro_flejes=1,pro_iva=1,pro_plu_asociado=0,pro_envase=@@@NO@@@,pro_duracion=0,pro_numero_etiqueta=0 WHERE pro_codigo_plu=@@@780721452@@@','',2,'2013-07-27'),(43929,'UPDATE mae_productos SET pro_estado=1 WHERE pro_codigo_plu=780721452','',2,'2013-07-27'),(43930,'DELETE FROM mae_impuestos_productos WHERE pro_codigo_plu=@@@780721452@@@','',2,'2013-07-27'),(43931,'INSERT INTO mae_productos (pro_codigo_plu,pro_codigo_barra,pro_tipo,pro_nombre_producto,pro_nombre_corto,med_id,emb_id,pro_unidades_embalaje,dep_id,lin_id,mar_id,pro_precio_compra_neto,pro_precio_compra_bruto,pro_precio_venta,pro_margen_actual,pro_oferta,pro_fecha_inicio_oferta,pro_fecha_termino_oferta,pro_precio_oferta,pro_stock_minimo,pro_stock_critico,pro_entradas_bodega,pro_salidas_bodega,pro_mermas_bodega,pro_ajustes_bodega,pro_entradas_sv,pro_salidas_sv,pro_mermas_sv,pro_ajustes_sv,pro_activo,rec_numero,pro_unidad,pro_capacidad,pro_consumo_bodega,pro_consumo_sv,pro_estado,pro_funcion_plu,pro_flejes,pro_iva,pro_plu_asociado,pro_envase,pro_duracion,pro_numero_etiqueta) VALUES (780721461,@@@780721461@@@,@@@0@@@,@@@CORAZON PARA FOTO@@@,@@@CORAZON PARA FOT@@@,@@@1 @@@,@@@6 @@@,@@@1@@@,@@@24 @@@,@@@207@@@,@@@2507@@@,@@@0@@@,@@@0@@@,@@@690@@@,@@@0@@@,@@@@@@,@@@2013.07.27@@@,@@@2013.07.27@@@,@@@0@@@,@@@6@@@,@@@2@@@,@@@0@@@,@@@0@@@,@@@0@@@,@@@0@@@,@@@0@@@,@@@0@@@,@@@0@@@,@@@0@@@,@@@1@@@,@@@0@@@,0,1,0,0,2,0,1,1,0,@@@NO@@@,0,0)','',2,'2013-07-27'),(43932,'DELETE FROM mae_impuestos_productos WHERE pro_codigo_plu=@@@780721461@@@','',2,'2013-07-27'),(43933,'INSERT INTO gne_vale_ferreteria (vfe_id,vfe_fecha,vfe_total,vfe_estado,vfe_entregado,usu_nusuario) VALUES (6350,@@@2013.07.27@@@,690,1,0,@@@admin@@@)','',2,'2013-07-27'),(43934,'INSERT INTO gne_vale_ferreteria_mov (vfe_id,pro_codigo_plu,vfm_cantidad,vfm_unitario,vfm_total,vfm_entregado) VALUES (6350,780721461,1,690,690,@@@NO@@@)','',2,'2013-07-27'),(43935,'INSERT INTO gne_vale_ferreteria (vfe_id,vfe_fecha,vfe_total,vfe_estado,vfe_entregado,usu_nusuario) VALUES (6351,@@@2013.07.27@@@,1890,1,0,@@@admin@@@)','',2,'2013-07-27'),(43936,'INSERT INTO gne_vale_ferreteria_mov (vfe_id,pro_codigo_plu,vfm_cantidad,vfm_unitario,vfm_total,vfm_entregado) VALUES (6351,763607,1,1890,1890,@@@NO@@@)','',2,'2013-07-27'),(43937,'INSERT INTO gne_vale_ferreteria (vfe_id,vfe_fecha,vfe_total,vfe_estado,vfe_entregado,usu_nusuario) VALUES (6352,@@@2013.07.27@@@,1080,1,0,@@@admin@@@)','',2,'2013-07-27'),(43938,'INSERT INTO gne_vale_ferreteria_mov (vfe_id,pro_codigo_plu,vfm_cantidad,vfm_unitario,vfm_total,vfm_entregado) VALUES (6352,19916,2,540,1080,@@@NO@@@)','',2,'2013-07-27'),(43939,'INSERT INTO gne_vale_ferreteria (vfe_id,vfe_fecha,vfe_total,vfe_estado,vfe_entregado,usu_nusuario) VALUES (6353,@@@2013.07.27@@@,690,1,0,@@@admin@@@)','',2,'2013-07-27'),(43940,'INSERT INTO gne_vale_ferreteria_mov (vfe_id,pro_codigo_plu,vfm_cantidad,vfm_unitario,vfm_total,vfm_entregado) VALUES (6353,780220128,1,690,690,@@@NO@@@)','',2,'2013-07-27'),(43941,'UPDATE mae_productos SET pro_precio_compra_bruto=762.49,pro_margen_actual=(pro_precio_venta-762.49)/762.49 * 100,pro_ultima_compra=@@@2013.07.27@@@,pro_ultimo_proveedor=@@@80237600-6@@@ WHERE pro_codigo_plu=78017234','',2,'2013-07-27'),(43942,'UPDATE mae_productos SET pro_precio_compra_bruto=1354.11,pro_margen_actual=(pro_precio_venta-1354.11)/1354.11 * 100,pro_ultima_compra=@@@2013.07.27@@@,pro_ultimo_proveedor=@@@80237600-6@@@ WHERE pro_codigo_plu=780721068','',2,'2013-07-27'),(43943,'INSERT INTO gne_vale_ferreteria (vfe_id,vfe_fecha,vfe_total,vfe_estado,vfe_entregado,usu_nusuario) VALUES (6354,@@@2013.07.27@@@,290,1,0,@@@admin@@@)','',2,'2013-07-27'),(43944,'INSERT INTO gne_vale_ferreteria_mov (vfe_id,pro_codigo_plu,vfm_cantidad,vfm_unitario,vfm_total,vfm_entregado) VALUES (6354,1559,1,290,290,@@@NO@@@)','',2,'2013-07-27'),(43945,'INSERT INTO gne_vale_ferreteria (vfe_id,vfe_fecha,vfe_total,vfe_estado,vfe_entregado,usu_nusuario) VALUES (6355,@@@2013.07.27@@@,680,1,0,@@@admin@@@)','',2,'2013-07-27'),(43946,'INSERT INTO gne_vale_ferreteria_mov (vfe_id,pro_codigo_plu,vfm_cantidad,vfm_unitario,vfm_total,vfm_entregado) VALUES (6355,19866,1,680,680,@@@NO@@@)','',2,'2013-07-27'),(43947,'INSERT INTO gne_vale_ferreteria (vfe_id,vfe_fecha,vfe_total,vfe_estado,vfe_entregado,usu_nusuario) VALUES (6356,@@@2013.07.27@@@,240,1,0,@@@admin@@@)','',2,'2013-07-27'),(43948,'INSERT INTO gne_vale_ferreteria_mov (vfe_id,pro_codigo_plu,vfm_cantidad,vfm_unitario,vfm_total,vfm_entregado) VALUES (6356,8022,2,120,240,@@@NO@@@)','',2,'2013-07-27'),(43949,'INSERT INTO gne_vale_ferreteria (vfe_id,vfe_fecha,vfe_total,vfe_estado,vfe_entregado,usu_nusuario) VALUES (6357,@@@2013.07.27@@@,399,1,0,@@@admin@@@)','',2,'2013-07-27'),(43950,'INSERT INTO gne_vale_ferreteria_mov (vfe_id,pro_codigo_plu,vfm_cantidad,vfm_unitario,vfm_total,vfm_entregado) VALUES (6357,780721391,1,399,399,@@@NO@@@)','',2,'2013-07-27'),(43951,'INSERT INTO gne_vale_ferreteria (vfe_id,vfe_fecha,vfe_total,vfe_estado,vfe_entregado,usu_nusuario) VALUES (6358,@@@2013.07.27@@@,990,1,0,@@@admin@@@)','',2,'2013-07-27'),(43952,'INSERT INTO gne_vale_ferreteria_mov (vfe_id,pro_codigo_plu,vfm_cantidad,vfm_unitario,vfm_total,vfm_entregado) VALUES (6358,763963,1,990,990,@@@NO@@@)','',2,'2013-07-27'),(43953,'INSERT INTO gne_vale_ferreteria (vfe_id,vfe_fecha,vfe_total,vfe_estado,vfe_entregado,usu_nusuario) VALUES (6359,@@@2013.07.27@@@,840,1,0,@@@admin@@@)','',2,'2013-07-27'),(43954,'INSERT INTO gne_vale_ferreteria_mov (vfe_id,pro_codigo_plu,vfm_cantidad,vfm_unitario,vfm_total,vfm_entregado) VALUES (6359,11670,1,840,840,@@@NO@@@)','',2,'2013-07-27'),(43955,'INSERT INTO gne_vale_ferreteria (vfe_id,vfe_fecha,vfe_total,vfe_estado,vfe_entregado,usu_nusuario) VALUES (6360,@@@2013.07.27@@@,350,1,0,@@@admin@@@)','',2,'2013-07-27'),(43956,'INSERT INTO gne_vale_ferreteria_mov (vfe_id,pro_codigo_plu,vfm_cantidad,vfm_unitario,vfm_total,vfm_entregado) VALUES (6360,102408,1,350,350,@@@NO@@@)','',2,'2013-07-27'),(43957,'INSERT INTO gne_vale_ferreteria (vfe_id,vfe_fecha,vfe_total,vfe_estado,vfe_entregado,usu_nusuario) VALUES (6361,@@@2013.07.27@@@,1999,1,0,@@@admin@@@)','',2,'2013-07-27'),(43958,'INSERT INTO gne_vale_ferreteria_mov (vfe_id,pro_codigo_plu,vfm_cantidad,vfm_unitario,vfm_total,vfm_entregado) VALUES (6361,780721425,2,850,1700,@@@NO@@@)','',2,'2013-07-27'),(43959,'INSERT INTO gne_vale_ferreteria_mov (vfe_id,pro_codigo_plu,vfm_cantidad,vfm_unitario,vfm_total,vfm_entregado) VALUES (6361,20847,1,299,299,@@@NO@@@)','',2,'2013-07-27'),(43960,'INSERT INTO gne_vale_ferreteria (vfe_id,vfe_fecha,vfe_total,vfe_estado,vfe_entregado,usu_nusuario) VALUES (6362,@@@2013.07.27@@@,490,1,0,@@@admin@@@)','',2,'2013-07-27'),(43961,'INSERT INTO gne_vale_ferreteria_mov (vfe_id,pro_codigo_plu,vfm_cantidad,vfm_unitario,vfm_total,vfm_entregado) VALUES (6362,780721306,1,490,490,@@@NO@@@)','',2,'2013-07-27'),(43962,'INSERT INTO gne_vale_ferreteria (vfe_id,vfe_fecha,vfe_total,vfe_estado,vfe_entregado,usu_nusuario) VALUES (6363,@@@2013.07.27@@@,240,1,0,@@@admin@@@)','',2,'2013-07-27'),(43963,'INSERT INTO gne_vale_ferreteria_mov (vfe_id,pro_codigo_plu,vfm_cantidad,vfm_unitario,vfm_total,vfm_entregado) VALUES (6363,764412,2,120,240,@@@NO@@@)','',2,'2013-07-27'),(43964,'INSERT INTO gne_vale_ferreteria (vfe_id,vfe_fecha,vfe_total,vfe_estado,vfe_entregado,usu_nusuario) VALUES (6364,@@@2013.07.27@@@,300,1,0,@@@admin@@@)','',2,'2013-07-27'),(43965,'INSERT INTO gne_vale_ferreteria_mov (vfe_id,pro_codigo_plu,vfm_cantidad,vfm_unitario,vfm_total,vfm_entregado) VALUES (6364,3105,1,300,300,@@@NO@@@)','',2,'2013-07-27'),(43966,'INSERT INTO gne_vale_ferreteria (vfe_id,vfe_fecha,vfe_total,vfe_estado,vfe_entregado,usu_nusuario) VALUES (6365,@@@2013.07.27@@@,2490,1,0,@@@admin@@@)','',2,'2013-07-27'),(43967,'INSERT INTO gne_vale_ferreteria_mov (vfe_id,pro_codigo_plu,vfm_cantidad,vfm_unitario,vfm_total,vfm_entregado) VALUES (6365,780721455,1,2490,2490,@@@NO@@@)','',2,'2013-07-27'),(43968,'UPDATE mae_productos SET pro_precio_compra_bruto=98.77,pro_margen_actual=(pro_precio_venta-98.77)/98.77 * 100,pro_ultima_compra=@@@2013.07.27@@@,pro_ultimo_proveedor=@@@82623500-4@@@ WHERE pro_codigo_plu=12976','',2,'2013-07-27'),(43969,'UPDATE mae_productos SET pro_precio_compra_bruto=960.33,pro_margen_actual=(pro_precio_venta-960.33)/960.33 * 100,pro_ultima_compra=@@@2013.07.27@@@,pro_ultimo_proveedor=@@@82623500-4@@@ WHERE pro_codigo_plu=11339','',2,'2013-07-27'),(43970,'UPDATE mae_productos SET pro_precio_compra_bruto=153.51,pro_margen_actual=(pro_precio_venta-153.51)/153.51 * 100,pro_ultima_compra=@@@2013.07.27@@@,pro_ultimo_proveedor=@@@82623500-4@@@ WHERE pro_codigo_plu=12029','',2,'2013-07-27'),(43971,'UPDATE mae_productos SET pro_precio_compra_bruto=115.43,pro_margen_actual=(pro_precio_venta-115.43)/115.43 * 100,pro_ultima_compra=@@@2013.07.27@@@,pro_ultimo_proveedor=@@@82623500-4@@@ WHERE pro_codigo_plu=14222','',2,'2013-07-27'),(43972,'UPDATE mae_productos SET pro_precio_compra_bruto=115.43,pro_margen_actual=(pro_precio_venta-115.43)/115.43 * 100,pro_ultima_compra=@@@2013.07.27@@@,pro_ultimo_proveedor=@@@82623500-4@@@ WHERE pro_codigo_plu=12340','',2,'2013-07-27'),(43973,'UPDATE mae_productos SET pro_precio_compra_bruto=268.94,pro_margen_actual=(pro_precio_venta-268.94)/268.94 * 100,pro_ultima_compra=@@@2013.07.27@@@,pro_ultimo_proveedor=@@@82623500-4@@@ WHERE pro_codigo_plu=78017083','',2,'2013-07-27'),(43974,'UPDATE mae_productos SET pro_precio_compra_bruto=192,pro_margen_actual=(pro_precio_venta-192)/192 * 100,pro_ultima_compra=@@@2013.07.27@@@,pro_ultimo_proveedor=@@@82623500-4@@@ WHERE pro_codigo_plu=764142','',2,'2013-07-27'),(43975,'UPDATE mae_productos SET pro_precio_compra_bruto=192,pro_margen_actual=(pro_precio_venta-192)/192 * 100,pro_ultima_compra=@@@2013.07.27@@@,pro_ultimo_proveedor=@@@82623500-4@@@ WHERE pro_codigo_plu=763488','',2,'2013-07-27'),(43976,'UPDATE mae_productos SET pro_precio_compra_bruto=192,pro_margen_actual=(pro_precio_venta-192)/192 * 100,pro_ultima_compra=@@@2013.07.27@@@,pro_ultimo_proveedor=@@@82623500-4@@@ WHERE pro_codigo_plu=78017082','',2,'2013-07-27'),(43977,'UPDATE mae_productos SET pro_precio_compra_bruto=192.7,pro_margen_actual=(pro_precio_venta-192.7)/192.7 * 100,pro_ultima_compra=@@@2013.07.27@@@,pro_ultimo_proveedor=@@@82623500-4@@@ WHERE pro_codigo_plu=763475','',2,'2013-07-27'),(43978,'UPDATE mae_productos SET pro_precio_compra_bruto=153.51,pro_margen_actual=(pro_precio_venta-153.51)/153.51 * 100,pro_ultima_compra=@@@2013.07.27@@@,pro_ultimo_proveedor=@@@82623500-4@@@ WHERE pro_codigo_plu=780721067','',2,'2013-07-27'),(43979,'UPDATE mae_productos SET pro_precio_compra_bruto=1038.8,pro_margen_actual=(pro_precio_venta-1038.8)/1038.8 * 100,pro_ultima_compra=@@@2013.07.27@@@,pro_ultimo_proveedor=@@@82623500-4@@@ WHERE pro_codigo_plu=763530','',2,'2013-07-27'),(43980,'UPDATE mae_productos SET pro_precio_compra_bruto=922.25,pro_margen_actual=(pro_precio_venta-922.25)/922.25 * 100,pro_ultima_compra=@@@2013.07.27@@@,pro_ultimo_proveedor=@@@82623500-4@@@ WHERE pro_codigo_plu=10855','',2,'2013-07-27'),(43981,'UPDATE mae_productos SET pro_precio_compra_bruto=2462.1,pro_margen_actual=(pro_precio_venta-2462.1)/2462.1 * 100,pro_ultima_compra=@@@2013.07.27@@@,pro_ultimo_proveedor=@@@82623500-4@@@ WHERE pro_codigo_plu=780721374','',2,'2013-07-27'),(43982,'INSERT INTO gne_vale_ferreteria (vfe_id,vfe_fecha,vfe_total,vfe_estado,vfe_entregado,usu_nusuario) VALUES (6366,@@@2013.07.27@@@,720,1,0,@@@admin@@@)','',2,'2013-07-27'),(43983,'INSERT INTO gne_vale_ferreteria_mov (vfe_id,pro_codigo_plu,vfm_cantidad,vfm_unitario,vfm_total,vfm_entregado) VALUES (6366,764317,1,720,720,@@@NO@@@)','',2,'2013-07-27'),(43984,'INSERT INTO gne_vale_ferreteria (vfe_id,vfe_fecha,vfe_total,vfe_estado,vfe_entregado,usu_nusuario) VALUES (6367,@@@2013.07.27@@@,1190,1,0,@@@admin@@@)','',2,'2013-07-27'),(43985,'INSERT INTO gne_vale_ferreteria_mov (vfe_id,pro_codigo_plu,vfm_cantidad,vfm_unitario,vfm_total,vfm_entregado) VALUES (6367,764308,1,595,595,@@@NO@@@)','',2,'2013-07-27'),(43986,'INSERT INTO gne_vale_ferreteria_mov (vfe_id,pro_codigo_plu,vfm_cantidad,vfm_unitario,vfm_total,vfm_entregado) VALUES (6367,764305,1,595,595,@@@NO@@@)','',2,'2013-07-27'),(43987,'INSERT INTO gne_vale_ferreteria (vfe_id,vfe_fecha,vfe_total,vfe_estado,vfe_entregado,usu_nusuario) VALUES (6368,@@@2013.07.27@@@,720,1,0,@@@admin@@@)','',2,'2013-07-27'),(43988,'INSERT INTO gne_vale_ferreteria_mov (vfe_id,pro_codigo_plu,vfm_cantidad,vfm_unitario,vfm_total,vfm_entregado) VALUES (6368,8829,1,720,720,@@@NO@@@)','',2,'2013-07-27'),(43989,'INSERT INTO gne_vale_ferreteria (vfe_id,vfe_fecha,vfe_total,vfe_estado,vfe_entregado,usu_nusuario) VALUES (6369,@@@2013.07.27@@@,4960,1,0,@@@admin@@@)','',2,'2013-07-27'),(43990,'INSERT INTO gne_vale_ferreteria_mov (vfe_id,pro_codigo_plu,vfm_cantidad,vfm_unitario,vfm_total,vfm_entregado) VALUES (6369,764438,1,2090,2090,@@@NO@@@)','',2,'2013-07-27'),(43991,'INSERT INTO gne_vale_ferreteria_mov (vfe_id,pro_codigo_plu,vfm_cantidad,vfm_unitario,vfm_total,vfm_entregado) VALUES (6369,764437,1,2090,2090,@@@NO@@@)','',2,'2013-07-27'),(43992,'INSERT INTO gne_vale_ferreteria_mov (vfe_id,pro_codigo_plu,vfm_cantidad,vfm_unitario,vfm_total,vfm_entregado) VALUES (6369,765000,2,390,780,@@@NO@@@)','',2,'2013-07-27'),(43993,'INSERT INTO gne_vale_ferreteria (vfe_id,vfe_fecha,vfe_total,vfe_estado,vfe_entregado,usu_nusuario) VALUES (6370,@@@2013.07.27@@@,1890,1,0,@@@admin@@@)','',2,'2013-07-27'),(43994,'INSERT INTO gne_vale_ferreteria_mov (vfe_id,pro_codigo_plu,vfm_cantidad,vfm_unitario,vfm_total,vfm_entregado) VALUES (6370,763607,1,1890,1890,@@@NO@@@)','',2,'2013-07-27'),(43995,'INSERT INTO gne_vale_ferreteria (vfe_id,vfe_fecha,vfe_total,vfe_estado,vfe_entregado,usu_nusuario) VALUES (6371,@@@2013.07.27@@@,3000,1,0,@@@admin@@@)','',2,'2013-07-27'),(43996,'INSERT INTO gne_vale_ferreteria_mov (vfe_id,pro_codigo_plu,vfm_cantidad,vfm_unitario,vfm_total,vfm_entregado) VALUES (6371,763934,1,720,720,@@@NO@@@)','',2,'2013-07-27'),(43997,'INSERT INTO gne_vale_ferreteria_mov (vfe_id,pro_codigo_plu,vfm_cantidad,vfm_unitario,vfm_total,vfm_entregado) VALUES (6371,764843,1,990,990,@@@NO@@@)','',2,'2013-07-27'),(43998,'INSERT INTO gne_vale_ferreteria_mov (vfe_id,pro_codigo_plu,vfm_cantidad,vfm_unitario,vfm_total,vfm_entregado) VALUES (6371,764845,1,1290,1290,@@@NO@@@)','',2,'2013-07-27'),(43999,'INSERT INTO gne_vale_ferreteria (vfe_id,vfe_fecha,vfe_total,vfe_estado,vfe_entregado,usu_nusuario) VALUES (6372,@@@2013.07.27@@@,350,1,0,@@@admin@@@)','',2,'2013-07-27'),(44000,'INSERT INTO gne_vale_ferreteria_mov (vfe_id,pro_codigo_plu,vfm_cantidad,vfm_unitario,vfm_total,vfm_entregado) VALUES (6372,12719,1,350,350,@@@NO@@@)','',2,'2013-07-27'),(44001,'INSERT INTO gne_vale_ferreteria (vfe_id,vfe_fecha,vfe_total,vfe_estado,vfe_entregado,usu_nusuario) VALUES (6373,@@@2013.07.27@@@,500,1,0,@@@admin@@@)','',2,'2013-07-27'),(44002,'INSERT INTO gne_vale_ferreteria_mov (vfe_id,pro_codigo_plu,vfm_cantidad,vfm_unitario,vfm_total,vfm_entregado) VALUES (6373,763842,1,500,500,@@@NO@@@)','',2,'2013-07-27'),(44003,'INSERT INTO gne_vale_ferreteria (vfe_id,vfe_fecha,vfe_total,vfe_estado,vfe_entregado,usu_nusuario) VALUES (6374,@@@2013.07.27@@@,160,1,0,@@@admin@@@)','',2,'2013-07-27'),(44004,'INSERT INTO gne_vale_ferreteria_mov (vfe_id,pro_codigo_plu,vfm_cantidad,vfm_unitario,vfm_total,vfm_entregado) VALUES (6374,16430,1,160,160,@@@NO@@@)','',2,'2013-07-27'),(44005,'INSERT INTO gne_vale_ferreteria (vfe_id,vfe_fecha,vfe_total,vfe_estado,vfe_entregado,usu_nusuario) VALUES (6375,@@@2013.07.27@@@,290,1,0,@@@admin@@@)','',2,'2013-07-27'),(44006,'INSERT INTO gne_vale_ferreteria_mov (vfe_id,pro_codigo_plu,vfm_cantidad,vfm_unitario,vfm_total,vfm_entregado) VALUES (6375,764982,1,290,290,@@@NO@@@)','',2,'2013-07-27'),(44007,'INSERT INTO gne_vale_ferreteria (vfe_id,vfe_fecha,vfe_total,vfe_estado,vfe_entregado,usu_nusuario) VALUES (6376,@@@2013.07.27@@@,3780,1,0,@@@admin@@@)','',2,'2013-07-27'),(44008,'INSERT INTO gne_vale_ferreteria_mov (vfe_id,pro_codigo_plu,vfm_cantidad,vfm_unitario,vfm_total,vfm_entregado) VALUES (6376,763599,2,1890,3780,@@@NO@@@)','',2,'2013-07-27'),(44009,'INSERT INTO gne_vale_ferreteria (vfe_id,vfe_fecha,vfe_total,vfe_estado,vfe_entregado,usu_nusuario) VALUES (6377,@@@2013.07.27@@@,120,1,0,@@@admin@@@)','',2,'2013-07-27'),(44010,'INSERT INTO gne_vale_ferreteria_mov (vfe_id,pro_codigo_plu,vfm_cantidad,vfm_unitario,vfm_total,vfm_entregado) VALUES (6377,78017154,1,120,120,@@@NO@@@)','',2,'2013-07-27'),(44011,'INSERT INTO gne_vale_ferreteria (vfe_id,vfe_fecha,vfe_total,vfe_estado,vfe_entregado,usu_nusuario) VALUES (6378,@@@2013.07.27@@@,840,1,0,@@@admin@@@)','',2,'2013-07-27'),(44012,'INSERT INTO gne_vale_ferreteria_mov (vfe_id,pro_codigo_plu,vfm_cantidad,vfm_unitario,vfm_total,vfm_entregado) VALUES (6378,10178,1,590,590,@@@NO@@@)','',2,'2013-07-27'),(44013,'INSERT INTO gne_vale_ferreteria_mov (vfe_id,pro_codigo_plu,vfm_cantidad,vfm_unitario,vfm_total,vfm_entregado) VALUES (6378,78017238,1,200,200,@@@NO@@@)','',2,'2013-07-27'),(44014,'INSERT INTO gne_vale_ferreteria_mov (vfe_id,pro_codigo_plu,vfm_cantidad,vfm_unitario,vfm_total,vfm_entregado) VALUES (6378,770000,1,50,50,@@@NO@@@)','',2,'2013-07-27'),(44015,'INSERT INTO gne_vale_ferreteria (vfe_id,vfe_fecha,vfe_total,vfe_estado,vfe_entregado,usu_nusuario) VALUES (6379,@@@2013.07.27@@@,1890,1,0,@@@admin@@@)','',2,'2013-07-27'),(44016,'INSERT INTO gne_vale_ferreteria_mov (vfe_id,pro_codigo_plu,vfm_cantidad,vfm_unitario,vfm_total,vfm_entregado) VALUES (6379,78016984,1,1890,1890,@@@NO@@@)','',2,'2013-07-27'),(44017,'INSERT INTO gne_vale_ferreteria (vfe_id,vfe_fecha,vfe_total,vfe_estado,vfe_entregado,usu_nusuario) VALUES (6380,@@@2013.07.27@@@,790,1,0,@@@admin@@@)','',2,'2013-07-27'),(44018,'INSERT INTO gne_vale_ferreteria_mov (vfe_id,pro_codigo_plu,vfm_cantidad,vfm_unitario,vfm_total,vfm_entregado) VALUES (6380,764085,1,790,790,@@@NO@@@)','',2,'2013-07-27'),(44019,'INSERT INTO gne_vale_ferreteria (vfe_id,vfe_fecha,vfe_total,vfe_estado,vfe_entregado,usu_nusuario) VALUES (6381,@@@2013.07.27@@@,490,1,0,@@@admin@@@)','',2,'2013-07-27'),(44020,'INSERT INTO gne_vale_ferreteria_mov (vfe_id,pro_codigo_plu,vfm_cantidad,vfm_unitario,vfm_total,vfm_entregado) VALUES (6381,1538,1,490,490,@@@NO@@@)','',2,'2013-07-27'),(44021,'INSERT INTO mae_productos (pro_codigo_plu,pro_codigo_barra,pro_tipo,pro_nombre_producto,pro_nombre_corto,med_id,emb_id,pro_unidades_embalaje,dep_id,lin_id,mar_id,pro_precio_compra_neto,pro_precio_compra_bruto,pro_precio_venta,pro_margen_actual,pro_oferta,pro_fecha_inicio_oferta,pro_fecha_termino_oferta,pro_precio_oferta,pro_stock_minimo,pro_stock_critico,pro_entradas_bodega,pro_salidas_bodega,pro_mermas_bodega,pro_ajustes_bodega,pro_entradas_sv,pro_salidas_sv,pro_mermas_sv,pro_ajustes_sv,pro_activo,rec_numero,pro_unidad,pro_capacidad,pro_consumo_bodega,pro_consumo_sv,pro_estado,pro_funcion_plu,pro_flejes,pro_iva,pro_plu_asociado,pro_envase,pro_duracion,pro_numero_etiqueta) VALUES (780721462,@@@7501064192845@@@,@@@0@@@,@@@CORONA LIGHT 6 X 355  @@@,@@@CORONA LIGHT 6 X@@@,@@@1 @@@,@@@6 @@@,@@@36@@@,@@@7 @@@,@@@230@@@,@@@1782@@@,@@@0@@@,@@@0@@@,@@@1@@@,@@@0@@@,@@@@@@,@@@2006.09.07@@@,@@@2006.09.07@@@,@@@0@@@,@@@2@@@,@@@1@@@,@@@0@@@,@@@0@@@,@@@0@@@,@@@0@@@,@@@0@@@,@@@0@@@,@@@0@@@,@@@0@@@,@@@1@@@,@@@0@@@,0,6,0,0,2,0,1,1,0,@@@NO@@@,0,0)','',2,'2013-07-27'),(44022,'DELETE FROM mae_impuestos_productos WHERE pro_codigo_plu=@@@780721462@@@','',2,'2013-07-27'),(44023,'INSERT INTO gne_vale_ferreteria (vfe_id,vfe_fecha,vfe_total,vfe_estado,vfe_entregado,usu_nusuario) VALUES (6382,@@@2013.07.27@@@,2970,1,0,@@@admin@@@)','',2,'2013-07-27'),(44024,'INSERT INTO gne_vale_ferreteria_mov (vfe_id,pro_codigo_plu,vfm_cantidad,vfm_unitario,vfm_total,vfm_entregado) VALUES (6382,763621,1,2190,2190,@@@NO@@@)','',2,'2013-07-27'),(44025,'INSERT INTO gne_vale_ferreteria_mov (vfe_id,pro_codigo_plu,vfm_cantidad,vfm_unitario,vfm_total,vfm_entregado) VALUES (6382,763629,1,390,390,@@@NO@@@)','',2,'2013-07-27'),(44026,'INSERT INTO gne_vale_ferreteria_mov (vfe_id,pro_codigo_plu,vfm_cantidad,vfm_unitario,vfm_total,vfm_entregado) VALUES (6382,761990,1,390,390,@@@NO@@@)','',2,'2013-07-27'),(44027,'INSERT INTO mae_productos (pro_codigo_plu,pro_codigo_barra,pro_tipo,pro_nombre_producto,pro_nombre_corto,med_id,emb_id,pro_unidades_embalaje,dep_id,lin_id,mar_id,pro_precio_compra_neto,pro_precio_compra_bruto,pro_precio_venta,pro_margen_actual,pro_oferta,pro_fecha_inicio_oferta,pro_fecha_termino_oferta,pro_precio_oferta,pro_stock_minimo,pro_stock_critico,pro_entradas_bodega,pro_salidas_bodega,pro_mermas_bodega,pro_ajustes_bodega,pro_entradas_sv,pro_salidas_sv,pro_mermas_sv,pro_ajustes_sv,pro_activo,rec_numero,pro_unidad,pro_capacidad,pro_consumo_bodega,pro_consumo_sv,pro_estado,pro_funcion_plu,pro_flejes,pro_iva,pro_plu_asociado,pro_envase,pro_duracion,pro_numero_etiqueta) VALUES (780721463,@@@9002490214852@@@,@@@0@@@,@@@RED BULL LIGHT 250 ML@@@,@@@RED BULL LIGHT 2@@@,@@@7 @@@,@@@6 @@@,@@@24@@@,@@@4 @@@,@@@223@@@,@@@2676@@@,@@@0@@@,@@@1051@@@,@@@1499@@@,@@@42.63@@@,@@@@@@,@@@2006.09.07@@@,@@@2006.09.07@@@,@@@0@@@,@@@6@@@,@@@4@@@,@@@0@@@,@@@0@@@,@@@0@@@,@@@0@@@,@@@0@@@,@@@0@@@,@@@0@@@,@@@0@@@,@@@1@@@,@@@0@@@,0,250,0,0,2,0,1,1,0,@@@NO@@@,0,0)','',2,'2013-07-27'),(44028,'DELETE FROM mae_impuestos_productos WHERE pro_codigo_plu=@@@780721463@@@','',2,'2013-07-27'),(44029,'INSERT INTO gne_vale_ferreteria (vfe_id,vfe_fecha,vfe_total,vfe_estado,vfe_entregado,usu_nusuario) VALUES (6383,@@@2013.07.27@@@,7990,1,0,@@@admin@@@)','',2,'2013-07-27'),(44030,'INSERT INTO gne_vale_ferreteria_mov (vfe_id,pro_codigo_plu,vfm_cantidad,vfm_unitario,vfm_total,vfm_entregado) VALUES (6383,764638,1,7990,7990,@@@NO@@@)','',2,'2013-07-27'),(44031,'UPDATE mae_productos SET pro_precio_venta=4250,pro_margen_actual=29.81, pro_precio_compra_bruto=3274, pro_precio_compra_neto=2751.26050420168 WHERE pro_codigo_plu=780721462','',2,'2013-07-27'),(44032,'UPDATE mae_productos SET pro_precio_fiscal=pro_precio_venta WHERE pro_codigo_plu=780721462','',2,'2013-07-27'),(44033,'UPDATE mae_productos SET pro_precio_fiscal=pro_precio_venta WHERE pro_codigo_plu=780721463','',2,'2013-07-27'),(44034,'UPDATE mae_productos SET pro_precio_compra_bruto=3274,pro_margen_actual=(pro_precio_venta-3274)/3274 * 100,pro_ultima_compra=@@@2013.07.27@@@,pro_ultimo_proveedor=@@@96568970-2@@@ WHERE pro_codigo_plu=763518','',2,'2013-07-27'),(44035,'UPDATE mae_productos SET pro_precio_compra_bruto=3274,pro_margen_actual=(pro_precio_venta-3274)/3274 * 100,pro_ultima_compra=@@@2013.07.27@@@,pro_ultimo_proveedor=@@@96568970-2@@@ WHERE pro_codigo_plu=780721462','',2,'2013-07-27'),(44036,'UPDATE mae_productos SET pro_precio_compra_bruto=1012,pro_margen_actual=(pro_precio_venta-1012)/1012 * 100,pro_ultima_compra=@@@2013.07.27@@@,pro_ultimo_proveedor=@@@96568970-2@@@ WHERE pro_codigo_plu=780721463','',2,'2013-07-27'),(44037,'INSERT INTO gne_vale_ferreteria (vfe_id,vfe_fecha,vfe_total,vfe_estado,vfe_entregado,usu_nusuario) VALUES (6384,@@@2013.07.27@@@,650,1,0,@@@admin@@@)','',2,'2013-07-27'),(44038,'INSERT INTO gne_vale_ferreteria_mov (vfe_id,pro_codigo_plu,vfm_cantidad,vfm_unitario,vfm_total,vfm_entregado) VALUES (6384,78017013,1,650,650,@@@NO@@@)','',2,'2013-07-27'),(44039,'INSERT INTO gne_vale_ferreteria (vfe_id,vfe_fecha,vfe_total,vfe_estado,vfe_entregado,usu_nusuario) VALUES (6385,@@@2013.07.27@@@,990,1,0,@@@admin@@@)','',2,'2013-07-27'),(44040,'INSERT INTO gne_vale_ferreteria_mov (vfe_id,pro_codigo_plu,vfm_cantidad,vfm_unitario,vfm_total,vfm_entregado) VALUES (6385,780220163,1,990,990,@@@NO@@@)','',2,'2013-07-27'),(44041,'INSERT INTO gne_vale_ferreteria (vfe_id,vfe_fecha,vfe_total,vfe_estado,vfe_entregado,usu_nusuario) VALUES (6386,@@@2013.07.27@@@,400,1,0,@@@admin@@@)','',2,'2013-07-27'),(44042,'INSERT INTO gne_vale_ferreteria_mov (vfe_id,pro_codigo_plu,vfm_cantidad,vfm_unitario,vfm_total,vfm_entregado) VALUES (6386,78017238,2,200,400,@@@NO@@@)','',2,'2013-07-27'),(44043,'INSERT INTO gne_vale_ferreteria (vfe_id,vfe_fecha,vfe_total,vfe_estado,vfe_entregado,usu_nusuario) VALUES (6387,@@@2013.07.27@@@,320,1,0,@@@admin@@@)','',2,'2013-07-27'),(44044,'INSERT INTO gne_vale_ferreteria_mov (vfe_id,pro_codigo_plu,vfm_cantidad,vfm_unitario,vfm_total,vfm_entregado) VALUES (6387,14836,1,320,320,@@@NO@@@)','',2,'2013-07-27'),(44045,'UPDATE gpr_pack_virtual SET pav_nombre=@@@PACK YOGHURT NESTLE 10 X $ 1200@@@,pav_total_pack=1200,pav_total_descuento=300,pav_desde=@@@2013-07-08@@@,pav_hasta=@@@2013-07-15@@@,pav_tipo=@@@PR@@@,pav_precio=0,pav_lleva=0,pav_paga=0,pav_descuento=0,pav_porcentaje=0,pav_oferta_exclusiva=@@@NO@@@,pav_agotar_stock=@@@SI@@@,pav_stock=50,pav_costo=1100,pav_margen=9.09 WHERE pav_id=20','',2,'2013-07-27'),(44046,'DELETE FROM gpr_pack_virtual_mov WHERE pav_id=20','',2,'2013-07-27'),(44047,'DELETE FROM gpr_pack_virtual_horario WHERE pav_id=20','',2,'2013-07-27'),(44048,'INSERT INTO gpr_pack_virtual_mov (pav_id,pro_codigo_plu,pvm_precio,pvm_total,pvm_lleva,pvm_paga,pvm_descuento,pvm_porcentaje,pvm_total_normal,pvm_descuento_linea,pvm_costo,pvm_margen) VALUES (20,16605,150,750,6,5,1,0,900,150,110,13.64),(20,16588,150,450,4,3,1,0,600,150,110,2.27)','',2,'2013-07-27'),(44049,'INSERT INTO gpr_pack_virtual_horario (pav_id,pvh_dia,pvh_hora_desde,pvh_hora_hasta) VALUES (20,99,@@@00:00@@@,@@@23:59@@@)','',2,'2013-07-27'),(44050,'UPDATE gpr_pack_virtual SET pav_nombre=@@@PACK YOGHURT NESTLE 10 X $ 1200@@@,pav_total_pack=1200,pav_total_descuento=300,pav_desde=@@@2013-07-08@@@,pav_hasta=@@@2013-07-11@@@,pav_tipo=@@@PR@@@,pav_precio=0,pav_lleva=0,pav_paga=0,pav_descuento=0,pav_porcentaje=0,pav_oferta_exclusiva=@@@NO@@@,pav_agotar_stock=@@@SI@@@,pav_stock=200,pav_costo=1100,pav_margen=9.09 WHERE pav_id=21','',2,'2013-07-27'),(44051,'DELETE FROM gpr_pack_virtual_mov WHERE pav_id=21','',2,'2013-07-27'),(44052,'DELETE FROM gpr_pack_virtual_horario WHERE pav_id=21','',2,'2013-07-27'),(44053,'INSERT INTO gpr_pack_virtual_mov (pav_id,pro_codigo_plu,pvm_precio,pvm_total,pvm_lleva,pvm_paga,pvm_descuento,pvm_porcentaje,pvm_total_normal,pvm_descuento_linea,pvm_costo,pvm_margen) VALUES (21,16605,150,750,6,5,1,0,900,150,110,13.64),(21,16606,150,450,4,3,1,0,600,150,110,2.27)','',2,'2013-07-27'),(44054,'INSERT INTO gpr_pack_virtual_horario (pav_id,pvh_dia,pvh_hora_desde,pvh_hora_hasta) VALUES (21,99,@@@00:00@@@,@@@23:59@@@)','',2,'2013-07-27'),(44055,'UPDATE gpr_pack_virtual SET pav_nombre=@@@PACK DUETTO 3 X $890@@@,pav_total_pack=890,pav_total_descuento=160,pav_desde=@@@2013-05-23@@@,pav_hasta=@@@2013-12-31@@@,pav_tipo=@@@PA@@@,pav_precio=350,pav_lleva=3,pav_paga=2,pav_descuento=1,pav_porcentaje=190,pav_oferta_exclusiva=@@@NO@@@,pav_agotar_stock=@@@SI@@@,pav_stock=200,pav_costo=0,pav_margen=0 WHERE pav_id=11','',2,'2013-07-27'),(44056,'DELETE FROM gpr_pack_virtual_mov WHERE pav_id=11','',2,'2013-07-27'),(44057,'DELETE FROM gpr_pack_virtual_horario WHERE pav_id=11','',2,'2013-07-27'),(44058,'INSERT INTO gpr_pack_virtual_mov (pav_id,pro_codigo_plu,pvm_precio,pvm_total,pvm_lleva,pvm_paga,pvm_descuento,pvm_porcentaje,pvm_total_normal,pvm_descuento_linea,pvm_costo,pvm_margen) VALUES (11,101179,350,0,1,1,0,0,350,53.3333333333333,0,0),(11,101178,350,0,1,1,0,0,350,53.3333333333333,0,0),(11,101177,350,0,1,1,0,0,350,53.3333333333333,0,0),(11,101176,350,0,1,1,0,0,350,53.3333333333333,0,0),(11,262547,350,0,1,1,0,0,350,53.3333333333333,0,0),(11,101175,350,0,1,1,0,0,350,53.3333333333333,0,0)','',2,'2013-07-27'),(44059,'INSERT INTO gpr_pack_virtual_horario (pav_id,pvh_dia,pvh_hora_desde,pvh_hora_hasta) VALUES (11,99,@@@00:00@@@,@@@23:59@@@)','',2,'2013-07-27'),(44060,'UPDATE gpr_pack_virtual SET pav_nombre=@@@PACK RON SIERRA MORENA AÑEJO + COCA COLA 1.5@@@,pav_total_pack=4490,pav_total_descuento=500,pav_desde=@@@2013-05-28@@@,pav_hasta=@@@2013-08-31@@@,pav_tipo=@@@PR@@@,pav_precio=0,pav_lleva=0,pav_paga=0,pav_descuento=0,pav_porcentaje=0,pav_oferta_exclusiva=@@@NO@@@,pav_agotar_stock=@@@SI@@@,pav_stock=50,pav_costo=3581.37,pav_margen=25.37 WHERE pav_id=12','',2,'2013-07-27'),(44061,'DELETE FROM gpr_pack_virtual_mov WHERE pav_id=12','',2,'2013-07-27'),(44062,'DELETE FROM gpr_pack_virtual_horario WHERE pav_id=12','',2,'2013-07-27'),(44063,'INSERT INTO gpr_pack_virtual_mov (pav_id,pro_codigo_plu,pvm_precio,pvm_total,pvm_lleva,pvm_paga,pvm_descuento,pvm_porcentaje,pvm_total_normal,pvm_descuento_linea,pvm_costo,pvm_margen) VALUES (12,17167,1000,700,1,0.7,0.3,0,1000,300,737.77,-5.12),(12,780721395,3990,3790,1,0.95,0.05,0,3990,200,2843.6,33.28)','',2,'2013-07-27'),(44064,'INSERT INTO gpr_pack_virtual_horario (pav_id,pvh_dia,pvh_hora_desde,pvh_hora_hasta) VALUES (12,99,@@@00:00@@@,@@@23:59@@@)','',2,'2013-07-27'),(44065,'UPDATE gpr_pack_virtual SET pav_nombre=@@@PACK 2 REDBULL 250ML@@@,pav_total_pack=2755,pav_total_descuento=225,pav_desde=@@@2013-07-01@@@,pav_hasta=@@@2013-08-31@@@,pav_tipo=@@@PA@@@,pav_precio=1490,pav_lleva=2,pav_paga=1.8363634,pav_descuento=0.1636366,pav_porcentaje=115,pav_oferta_exclusiva=@@@NO@@@,pav_agotar_stock=@@@SI@@@,pav_stock=50,pav_costo=2000,pav_margen=37.75 WHERE pav_id=13','',2,'2013-07-27'),(44066,'DELETE FROM gpr_pack_virtual_mov WHERE pav_id=13','',2,'2013-07-27'),(44067,'DELETE FROM gpr_pack_virtual_horario WHERE pav_id=13','',2,'2013-07-27'),(44068,'INSERT INTO gpr_pack_virtual_mov (pav_id,pro_codigo_plu,pvm_precio,pvm_total,pvm_lleva,pvm_paga,pvm_descuento,pvm_porcentaje,pvm_total_normal,pvm_descuento_linea,pvm_costo,pvm_margen) VALUES (13,17146,1490,0,1,1,0,0,1490,112.5,1000,37.75)','',2,'2013-07-27'),(44069,'INSERT INTO gpr_pack_virtual_horario (pav_id,pvh_dia,pvh_hora_desde,pvh_hora_hasta) VALUES (13,99,@@@00:00@@@,@@@23:59@@@)','',2,'2013-07-27'),(44070,'UPDATE gpr_pack_virtual SET pav_nombre=@@@PACK NESTLE CHOCAPIC + ZUCOSOS 3 X $899@@@,pav_total_pack=899,pav_total_descuento=61,pav_desde=@@@2013-07-09@@@,pav_hasta=@@@2013-08-31@@@,pav_tipo=@@@PA@@@,pav_precio=320,pav_lleva=3,pav_paga=2.809,pav_descuento=0.191,pav_porcentaje=1,pav_oferta_exclusiva=@@@NO@@@,pav_agotar_stock=@@@SI@@@,pav_stock=100,pav_costo=702,pav_margen=28.06 WHERE pav_id=24','',2,'2013-07-27'),(44071,'DELETE FROM gpr_pack_virtual_mov WHERE pav_id=24','',2,'2013-07-27'),(44072,'DELETE FROM gpr_pack_virtual_horario WHERE pav_id=24','',2,'2013-07-27'),(44073,'INSERT INTO gpr_pack_virtual_mov (pav_id,pro_codigo_plu,pvm_precio,pvm_total,pvm_lleva,pvm_paga,pvm_descuento,pvm_porcentaje,pvm_total_normal,pvm_descuento_linea,pvm_costo,pvm_margen) VALUES (24,780721183,320,0,1,1,0,0,320,20.3333333333333,234,28.06),(24,763580,320,0,1,1,0,0,320,20.3333333333333,234,28.06)','',2,'2013-07-27'),(44074,'INSERT INTO gpr_pack_virtual_horario (pav_id,pvh_dia,pvh_hora_desde,pvh_hora_hasta) VALUES (24,99,@@@00:00@@@,@@@23:59@@@)','',2,'2013-07-27'),(44075,'UPDATE gpr_pack_virtual SET pav_nombre=@@@PACK NESTLE CHOCAPIC + ZUCOSOS 3 X $899@@@,pav_total_pack=899,pav_total_descuento=61,pav_desde=@@@2013-07-09@@@,pav_hasta=@@@2013-08-31@@@,pav_tipo=@@@PA@@@,pav_precio=320,pav_lleva=3,pav_paga=2.809,pav_descuento=0.191,pav_porcentaje=1,pav_oferta_exclusiva=@@@NO@@@,pav_agotar_stock=@@@SI@@@,pav_stock=100,pav_costo=702,pav_margen=28.06 WHERE pav_id=24','',2,'2013-07-27'),(44076,'DELETE FROM gpr_pack_virtual_mov WHERE pav_id=24','',2,'2013-07-27'),(44077,'DELETE FROM gpr_pack_virtual_horario WHERE pav_id=24','',2,'2013-07-27'),(44078,'INSERT INTO gpr_pack_virtual_mov (pav_id,pro_codigo_plu,pvm_precio,pvm_total,pvm_lleva,pvm_paga,pvm_descuento,pvm_porcentaje,pvm_total_normal,pvm_descuento_linea,pvm_costo,pvm_margen) VALUES (24,780721183,320,0,1,1,0,0,320,20.3333333333333,234,28.06),(24,763580,320,0,1,1,0,0,320,20.3333333333333,234,28.06)','',2,'2013-07-27'),(44079,'INSERT INTO gpr_pack_virtual_horario (pav_id,pvh_dia,pvh_hora_desde,pvh_hora_hasta) VALUES (24,99,@@@00:00@@@,@@@23:59@@@)','',2,'2013-07-27'),(44080,'UPDATE gpr_pack_virtual SET pav_nombre=@@@PACK HAMBURGUEZAS SUPER POLLO 10 X $990@@@,pav_total_pack=990,pav_total_descuento=310,pav_desde=@@@2013-07-11@@@,pav_hasta=@@@2013-08-31@@@,pav_tipo=@@@PA@@@,pav_precio=130,pav_lleva=10,pav_paga=7.6,pav_descuento=2.4,pav_porcentaje=1,pav_oferta_exclusiva=@@@NO@@@,pav_agotar_stock=@@@SI@@@,pav_stock=300,pav_costo=749.7,pav_margen=32.05 WHERE pav_id=28','',2,'2013-07-27'),(44081,'DELETE FROM gpr_pack_virtual_mov WHERE pav_id=28','',2,'2013-07-27'),(44082,'DELETE FROM gpr_pack_virtual_horario WHERE pav_id=28','',2,'2013-07-27'),(44083,'INSERT INTO gpr_pack_virtual_mov (pav_id,pro_codigo_plu,pvm_precio,pvm_total,pvm_lleva,pvm_paga,pvm_descuento,pvm_porcentaje,pvm_total_normal,pvm_descuento_linea,pvm_costo,pvm_margen) VALUES (28,19719,130,0,1,1,0,0,130,31,74.97,32.05)','',2,'2013-07-27'),(44084,'INSERT INTO gpr_pack_virtual_horario (pav_id,pvh_dia,pvh_hora_desde,pvh_hora_hasta) VALUES (28,99,@@@00:00@@@,@@@23:59@@@)','',2,'2013-07-27'),(44085,'UPDATE gpr_pack_virtual SET pav_nombre=@@@PACK HAMBURGUEZAS SUPER POLLO + SUPER CERDO 1@@@,pav_total_pack=990,pav_total_descuento=410,pav_desde=@@@2013-07-12@@@,pav_hasta=@@@2013-07-26@@@,pav_tipo=@@@PR@@@,pav_precio=0,pav_lleva=0,pav_paga=0,pav_descuento=0,pav_porcentaje=0,pav_oferta_exclusiva=@@@NO@@@,pav_agotar_stock=@@@SI@@@,pav_stock=300,pav_costo=374.85,pav_margen=164.11 WHERE pav_id=30','',2,'2013-07-27'),(44086,'DELETE FROM gpr_pack_virtual_mov WHERE pav_id=30','',2,'2013-07-27'),(44087,'DELETE FROM gpr_pack_virtual_horario WHERE pav_id=30','',2,'2013-07-27'),(44088,'INSERT INTO gpr_pack_virtual_mov (pav_id,pro_codigo_plu,pvm_precio,pvm_total,pvm_lleva,pvm_paga,pvm_descuento,pvm_porcentaje,pvm_total_normal,pvm_descuento_linea,pvm_costo,pvm_margen) VALUES (30,19748,150,496,5,3.29,1.71,1,750,254,0,0),(30,19719,130,494,5,3.79,1.21,1,650,156,74.97,31.79)','',2,'2013-07-27'),(44089,'INSERT INTO gpr_pack_virtual_horario (pav_id,pvh_dia,pvh_hora_desde,pvh_hora_hasta) VALUES (30,99,@@@00:00@@@,@@@23:59@@@)','',2,'2013-07-27'),(44090,'UPDATE gpr_pack_virtual SET pav_nombre=@@@PACK STAX LAYS ORIGINAL + QUESO+ CEBOLLA 2 X@@@,pav_total_pack=2250,pav_total_descuento=330,pav_desde=@@@2013-07-15@@@,pav_hasta=@@@2013-08-31@@@,pav_tipo=@@@PA@@@,pav_precio=1290,pav_lleva=2,pav_paga=1.7445,pav_descuento=0.2555,pav_porcentaje=1,pav_oferta_exclusiva=@@@NO@@@,pav_agotar_stock=@@@SI@@@,pav_stock=50,pav_costo=1782.62,pav_margen=26.22 WHERE pav_id=34','',2,'2013-07-27'),(44091,'DELETE FROM gpr_pack_virtual_mov WHERE pav_id=34','',2,'2013-07-27'),(44092,'DELETE FROM gpr_pack_virtual_horario WHERE pav_id=34','',2,'2013-07-27'),(44093,'INSERT INTO gpr_pack_virtual_mov (pav_id,pro_codigo_plu,pvm_precio,pvm_total,pvm_lleva,pvm_paga,pvm_descuento,pvm_porcentaje,pvm_total_normal,pvm_descuento_linea,pvm_costo,pvm_margen) VALUES (34,101335,1290,0,1,1,0,0,1290,165,891.31,26.22),(34,101349,1290,0,1,1,0,0,1290,165,891.31,26.22),(34,101166,1290,0,1,1,0,0,1290,165,891.31,26.22)','',2,'2013-07-27'),(44094,'INSERT INTO gpr_pack_virtual_horario (pav_id,pvh_dia,pvh_hora_desde,pvh_hora_hasta) VALUES (34,99,@@@00:00@@@,@@@23:59@@@)','',2,'2013-07-27'),(44095,'UPDATE gpr_pack_virtual SET pav_nombre=@@@PACK YOGHURT& CEREAL MILO + ZUCOSOS 142 G 3 X@@@,pav_total_pack=1099,pav_total_descuento=98,pav_desde=@@@2013-07-24@@@,pav_hasta=@@@2013-07-31@@@,pav_tipo=@@@PA@@@,pav_precio=399,pav_lleva=3,pav_paga=2.755,pav_descuento=0.245,pav_porcentaje=1,pav_oferta_exclusiva=@@@NO@@@,pav_agotar_stock=@@@SI@@@,pav_stock=50,pav_costo=894.9,pav_margen=22.81 WHERE pav_id=49','',2,'2013-07-27'),(44096,'DELETE FROM gpr_pack_virtual_mov WHERE pav_id=49','',2,'2013-07-27'),(44097,'DELETE FROM gpr_pack_virtual_horario WHERE pav_id=49','',2,'2013-07-27'),(44098,'INSERT INTO gpr_pack_virtual_mov (pav_id,pro_codigo_plu,pvm_precio,pvm_total,pvm_lleva,pvm_paga,pvm_descuento,pvm_porcentaje,pvm_total_normal,pvm_descuento_linea,pvm_costo,pvm_margen) VALUES (49,762719,399,0,1,1,0,0,399,32.6666666666667,298.5,22.81),(49,762721,399,0,1,1,0,0,399,32.6666666666667,298.1,22.81)','',2,'2013-07-27'),(44099,'INSERT INTO gpr_pack_virtual_horario (pav_id,pvh_dia,pvh_hora_desde,pvh_hora_hasta) VALUES (49,99,@@@00:00@@@,@@@23:59@@@)','',2,'2013-07-27'),(44100,'INSERT INTO gne_vale_ferreteria (vfe_id,vfe_fecha,vfe_total,vfe_estado,vfe_entregado,usu_nusuario) VALUES (6388,@@@2013.07.28@@@,2580,1,0,@@@m_martinez@@@)','',2,'2013-07-28'),(44101,'INSERT INTO gne_vale_ferreteria_mov (vfe_id,pro_codigo_plu,vfm_cantidad,vfm_unitario,vfm_total,vfm_entregado) VALUES (6388,101563,1,1690,1690,@@@NO@@@)','',2,'2013-07-28'),(44102,'INSERT INTO gne_vale_ferreteria_mov (vfe_id,pro_codigo_plu,vfm_cantidad,vfm_unitario,vfm_total,vfm_entregado) VALUES (6388,780721373,1,890,890,@@@NO@@@)','',2,'2013-07-28'),(44103,'INSERT INTO gne_vale_ferreteria (vfe_id,vfe_fecha,vfe_total,vfe_estado,vfe_entregado,usu_nusuario) VALUES (6389,@@@2013.07.28@@@,1840,1,0,@@@m_martinez@@@)','',2,'2013-07-28'),(44104,'INSERT INTO gne_vale_ferreteria_mov (vfe_id,pro_codigo_plu,vfm_cantidad,vfm_unitario,vfm_total,vfm_entregado) VALUES (6389,770083,1,1490,1490,@@@NO@@@)','',2,'2013-07-28'),(44105,'INSERT INTO gne_vale_ferreteria_mov (vfe_id,pro_codigo_plu,vfm_cantidad,vfm_unitario,vfm_total,vfm_entregado) VALUES (6389,763723,1,350,350,@@@NO@@@)','',2,'2013-07-28'),(44106,'INSERT INTO gne_vale_ferreteria (vfe_id,vfe_fecha,vfe_total,vfe_estado,vfe_entregado,usu_nusuario) VALUES (6390,@@@2013.07.28@@@,490,1,0,@@@m_martinez@@@)','',2,'2013-07-28'),(44107,'INSERT INTO gne_vale_ferreteria_mov (vfe_id,pro_codigo_plu,vfm_cantidad,vfm_unitario,vfm_total,vfm_entregado) VALUES (6390,78017127,1,490,490,@@@NO@@@)','',2,'2013-07-28'),(44108,'INSERT INTO gne_vale_ferreteria (vfe_id,vfe_fecha,vfe_total,vfe_estado,vfe_entregado,usu_nusuario) VALUES (6391,@@@2013.07.28@@@,850,1,0,@@@m_martinez@@@)','',2,'2013-07-28'),(44109,'INSERT INTO gne_vale_ferreteria_mov (vfe_id,pro_codigo_plu,vfm_cantidad,vfm_unitario,vfm_total,vfm_entregado) VALUES (6391,780721425,1,850,850,@@@NO@@@)','',2,'2013-07-28'),(44110,'INSERT INTO gne_vale_ferreteria (vfe_id,vfe_fecha,vfe_total,vfe_estado,vfe_entregado,usu_nusuario) VALUES (6392,@@@2013.07.28@@@,1990,1,0,@@@m_martinez@@@)','',2,'2013-07-28'),(44111,'INSERT INTO gne_vale_ferreteria_mov (vfe_id,pro_codigo_plu,vfm_cantidad,vfm_unitario,vfm_total,vfm_entregado) VALUES (6392,101856,1,1990,1990,@@@NO@@@)','',2,'2013-07-28'),(44112,'INSERT INTO gne_vale_ferreteria (vfe_id,vfe_fecha,vfe_total,vfe_estado,vfe_entregado,usu_nusuario) VALUES (6393,@@@2013.07.28@@@,200,1,0,@@@m_martinez@@@)','',2,'2013-07-28'),(44113,'INSERT INTO gne_vale_ferreteria_mov (vfe_id,pro_codigo_plu,vfm_cantidad,vfm_unitario,vfm_total,vfm_entregado) VALUES (6393,20146,2,100,200,@@@NO@@@)','',2,'2013-07-28'),(44114,'INSERT INTO gne_vale_ferreteria (vfe_id,vfe_fecha,vfe_total,vfe_estado,vfe_entregado,usu_nusuario) VALUES (6394,@@@2013.07.28@@@,200,1,0,@@@m_martinez@@@)','',2,'2013-07-28'),(44115,'INSERT INTO gne_vale_ferreteria_mov (vfe_id,pro_codigo_plu,vfm_cantidad,vfm_unitario,vfm_total,vfm_entregado) VALUES (6394,764702,1,200,200,@@@NO@@@)','',2,'2013-07-28'),(44116,'INSERT INTO gne_vale_ferreteria (vfe_id,vfe_fecha,vfe_total,vfe_estado,vfe_entregado,usu_nusuario) VALUES (6395,@@@2013.07.28@@@,1990,1,0,@@@m_martinez@@@)','',2,'2013-07-28'),(44117,'INSERT INTO gne_vale_ferreteria_mov (vfe_id,pro_codigo_plu,vfm_cantidad,vfm_unitario,vfm_total,vfm_entregado) VALUES (6395,763808,1,1990,1990,@@@NO@@@)','',2,'2013-07-28'),(44118,'INSERT INTO gne_vale_ferreteria (vfe_id,vfe_fecha,vfe_total,vfe_estado,vfe_entregado,usu_nusuario) VALUES (6396,@@@2013.07.28@@@,490,1,0,@@@m_martinez@@@)','',2,'2013-07-28'),(44119,'INSERT INTO gne_vale_ferreteria_mov (vfe_id,pro_codigo_plu,vfm_cantidad,vfm_unitario,vfm_total,vfm_entregado) VALUES (6396,2006,1,490,490,@@@NO@@@)','',2,'2013-07-28'),(44120,'INSERT INTO gne_vale_ferreteria (vfe_id,vfe_fecha,vfe_total,vfe_estado,vfe_entregado,usu_nusuario) VALUES (6397,@@@2013.07.28@@@,2380,1,0,@@@m_martinez@@@)','',2,'2013-07-28'),(44121,'INSERT INTO gne_vale_ferreteria_mov (vfe_id,pro_codigo_plu,vfm_cantidad,vfm_unitario,vfm_total,vfm_entregado) VALUES (6397,764992,2,1190,2380,@@@NO@@@)','',2,'2013-07-28'),(44122,'INSERT INTO gne_vale_ferreteria (vfe_id,vfe_fecha,vfe_total,vfe_estado,vfe_entregado,usu_nusuario) VALUES (6398,@@@2013.07.28@@@,3190,1,0,@@@m_martinez@@@)','',2,'2013-07-28'),(44123,'INSERT INTO gne_vale_ferreteria_mov (vfe_id,pro_codigo_plu,vfm_cantidad,vfm_unitario,vfm_total,vfm_entregado) VALUES (6398,262179,1,3190,3190,@@@NO@@@)','',2,'2013-07-28'),(44124,'INSERT INTO gne_vale_ferreteria (vfe_id,vfe_fecha,vfe_total,vfe_estado,vfe_entregado,usu_nusuario) VALUES (6399,@@@2013.07.28@@@,680,1,0,@@@m_martinez@@@)','',2,'2013-07-28'),(44125,'INSERT INTO gne_vale_ferreteria_mov (vfe_id,pro_codigo_plu,vfm_cantidad,vfm_unitario,vfm_total,vfm_entregado) VALUES (6399,19866,1,680,680,@@@NO@@@)','',2,'2013-07-28'),(44126,'INSERT INTO gne_vale_ferreteria (vfe_id,vfe_fecha,vfe_total,vfe_estado,vfe_entregado,usu_nusuario) VALUES (6400,@@@2013.07.28@@@,150,1,0,@@@m_martinez@@@)','',2,'2013-07-28'),(44127,'INSERT INTO gne_vale_ferreteria_mov (vfe_id,pro_codigo_plu,vfm_cantidad,vfm_unitario,vfm_total,vfm_entregado) VALUES (6400,8021,1,150,150,@@@NO@@@)','',2,'2013-07-28'),(44128,'INSERT INTO gne_vale_ferreteria (vfe_id,vfe_fecha,vfe_total,vfe_estado,vfe_entregado,usu_nusuario) VALUES (6401,@@@2013.07.28@@@,2950,1,0,@@@m_martinez@@@)','',2,'2013-07-28'),(44129,'INSERT INTO gne_vale_ferreteria_mov (vfe_id,pro_codigo_plu,vfm_cantidad,vfm_unitario,vfm_total,vfm_entregado) VALUES (6401,12083,2,260,520,@@@NO@@@)','',2,'2013-07-28'),(44130,'INSERT INTO gne_vale_ferreteria_mov (vfe_id,pro_codigo_plu,vfm_cantidad,vfm_unitario,vfm_total,vfm_entregado) VALUES (6401,763621,1,2190,2190,@@@NO@@@)','',2,'2013-07-28'),(44131,'INSERT INTO gne_vale_ferreteria_mov (vfe_id,pro_codigo_plu,vfm_cantidad,vfm_unitario,vfm_total,vfm_entregado) VALUES (6401,12085,2,120,240,@@@NO@@@)','',2,'2013-07-28'),(44132,'INSERT INTO gne_vale_ferreteria (vfe_id,vfe_fecha,vfe_total,vfe_estado,vfe_entregado,usu_nusuario) VALUES (6402,@@@2013.07.28@@@,350,1,0,@@@m_martinez@@@)','',2,'2013-07-28'),(44133,'INSERT INTO gne_vale_ferreteria_mov (vfe_id,pro_codigo_plu,vfm_cantidad,vfm_unitario,vfm_total,vfm_entregado) VALUES (6402,764333,1,350,350,@@@NO@@@)','',2,'2013-07-28'),(44134,'INSERT INTO gne_vale_ferreteria (vfe_id,vfe_fecha,vfe_total,vfe_estado,vfe_entregado,usu_nusuario) VALUES (6403,@@@2013.07.28@@@,200,1,0,@@@m_martinez@@@)','',2,'2013-07-28'),(44135,'INSERT INTO gne_vale_ferreteria_mov (vfe_id,pro_codigo_plu,vfm_cantidad,vfm_unitario,vfm_total,vfm_entregado) VALUES (6403,780721187,1,150,150,@@@NO@@@)','',2,'2013-07-28'),(44136,'INSERT INTO gne_vale_ferreteria_mov (vfe_id,pro_codigo_plu,vfm_cantidad,vfm_unitario,vfm_total,vfm_entregado) VALUES (6403,780220123,1,50,50,@@@NO@@@)','',2,'2013-07-28'),(44137,'INSERT INTO gne_vale_ferreteria (vfe_id,vfe_fecha,vfe_total,vfe_estado,vfe_entregado,usu_nusuario) VALUES (6404,@@@2013.07.28@@@,150,1,0,@@@m_martinez@@@)','',2,'2013-07-28'),(44138,'INSERT INTO gne_vale_ferreteria_mov (vfe_id,pro_codigo_plu,vfm_cantidad,vfm_unitario,vfm_total,vfm_entregado) VALUES (6404,770057,1,150,150,@@@NO@@@)','',2,'2013-07-28'),(44139,'INSERT INTO gne_vale_ferreteria (vfe_id,vfe_fecha,vfe_total,vfe_estado,vfe_entregado,usu_nusuario) VALUES (6405,@@@2013.07.28@@@,1700,1,0,@@@m_martinez@@@)','',2,'2013-07-28'),(44140,'INSERT INTO gne_vale_ferreteria_mov (vfe_id,pro_codigo_plu,vfm_cantidad,vfm_unitario,vfm_total,vfm_entregado) VALUES (6405,763794,2,850,1700,@@@NO@@@)','',2,'2013-07-28'),(44141,'INSERT INTO gne_vale_ferreteria (vfe_id,vfe_fecha,vfe_total,vfe_estado,vfe_entregado,usu_nusuario) VALUES (6406,@@@2013.07.28@@@,1579,1,0,@@@m_martinez@@@)','',2,'2013-07-28'),(44142,'INSERT INTO gne_vale_ferreteria_mov (vfe_id,pro_codigo_plu,vfm_cantidad,vfm_unitario,vfm_total,vfm_entregado) VALUES (6406,763622,1,1399,1399,@@@NO@@@)','',2,'2013-07-28'),(44143,'INSERT INTO gne_vale_ferreteria_mov (vfe_id,pro_codigo_plu,vfm_cantidad,vfm_unitario,vfm_total,vfm_entregado) VALUES (6406,764120,1,180,180,@@@NO@@@)','',2,'2013-07-28'),(44144,'INSERT INTO com_ventas_grupo (vgr_fecha,vgr_grupo,vgr_cantidad,vgr_total) VALUES (@@@2013.07.27@@@,1,152.92,116434)','',2,'2013-07-28'),(44145,'INSERT INTO com_ventas_grupo (vgr_fecha,vgr_grupo,vgr_cantidad,vgr_total) VALUES (@@@2013.07.27@@@,2,172.29,110722)','',2,'2013-07-28'),(44146,'INSERT INTO com_ventas_grupo (vgr_fecha,vgr_grupo,vgr_cantidad,vgr_total) VALUES (@@@2013.07.27@@@,3,419,86218)','',2,'2013-07-28'),(44147,'INSERT INTO com_ventas_grupo (vgr_fecha,vgr_grupo,vgr_cantidad,vgr_total) VALUES (@@@2013.07.27@@@,4,115,105366)','',2,'2013-07-28'),(44148,'INSERT INTO com_ventas_grupo (vgr_fecha,vgr_grupo,vgr_cantidad,vgr_total) VALUES (@@@2013.07.27@@@,5,12,40703)','',2,'2013-07-28'),(44149,'INSERT INTO com_ventas_grupo (vgr_fecha,vgr_grupo,vgr_cantidad,vgr_total) VALUES (@@@2013.07.27@@@,6,24,37530)','',2,'2013-07-28'),(44150,'INSERT INTO com_ventas_grupo (vgr_fecha,vgr_grupo,vgr_cantidad,vgr_total) VALUES (@@@2013.07.27@@@,7,73,122511)','',2,'2013-07-28'),(44151,'INSERT INTO com_ventas_grupo (vgr_fecha,vgr_grupo,vgr_cantidad,vgr_total) VALUES (@@@2013.07.27@@@,8,33,20690)','',2,'2013-07-28'),(44152,'INSERT INTO com_ventas_grupo (vgr_fecha,vgr_grupo,vgr_cantidad,vgr_total) VALUES (@@@2013.07.27@@@,9,96.265,166365)','',2,'2013-07-28'),(44153,'INSERT INTO com_ventas_grupo (vgr_fecha,vgr_grupo,vgr_cantidad,vgr_total) VALUES (@@@2013.07.27@@@,10,50.335,174184)','',2,'2013-07-28'),(44154,'INSERT INTO com_ventas_grupo (vgr_fecha,vgr_grupo,vgr_cantidad,vgr_total) VALUES (@@@2013.07.27@@@,11,29.79,96068)','',2,'2013-07-28'),(44155,'INSERT INTO com_ventas_grupo (vgr_fecha,vgr_grupo,vgr_cantidad,vgr_total) VALUES (@@@2013.07.27@@@,12,43.51,82358)','',2,'2013-07-28'),(44156,'INSERT INTO com_ventas_grupo (vgr_fecha,vgr_grupo,vgr_cantidad,vgr_total) VALUES (@@@2013.07.27@@@,13,18.365,51928)','',2,'2013-07-28'),(44157,'INSERT INTO com_ventas_grupo (vgr_fecha,vgr_grupo,vgr_cantidad,vgr_total) VALUES (@@@2013.07.27@@@,14,91.7250000000001,82519)','',2,'2013-07-28'),(44158,'INSERT INTO com_ventas_grupo (vgr_fecha,vgr_grupo,vgr_cantidad,vgr_total) VALUES (@@@2013.07.27@@@,18,223.72,116002)','',2,'2013-07-28'),(44159,'INSERT INTO com_ventas_grupo (vgr_fecha,vgr_grupo,vgr_cantidad,vgr_total) VALUES (@@@2013.07.27@@@,20,95,32880)','',2,'2013-07-28'),(44160,'INSERT INTO com_ventas_grupo (vgr_fecha,vgr_grupo,vgr_cantidad,vgr_total) VALUES (@@@2013.07.27@@@,21,41,39769)','',2,'2013-07-28'),(44161,'INSERT INTO com_ventas_grupo (vgr_fecha,vgr_grupo,vgr_cantidad,vgr_total) VALUES (@@@2013.07.27@@@,24,71,32894)','',2,'2013-07-28'),(44162,'INSERT INTO com_ventas_grupo (vgr_fecha,vgr_grupo,vgr_cantidad,vgr_total) VALUES (@@@2013.07.27@@@,25,95,141400)','',2,'2013-07-28'),(44163,'INSERT INTO com_ventas_grupo (vgr_fecha,vgr_grupo,vgr_cantidad,vgr_total) VALUES (@@@2013.07.27@@@,28,1,150)','',2,'2013-07-28'),(44164,'INSERT INTO com_ventas_grupo (vgr_fecha,vgr_grupo,vgr_cantidad,vgr_total) VALUES (@@@2013.07.27@@@,31,11,10190)','',2,'2013-07-28'),(44165,'INSERT INTO com_ventas_grupo (vgr_fecha,vgr_grupo,vgr_cantidad,vgr_total) VALUES (@@@2013.07.27@@@,32,309,105070)','',2,'2013-07-28'),(44166,'INSERT INTO com_ventas_grupo (vgr_fecha,vgr_grupo,vgr_cantidad,vgr_total) VALUES (@@@2013.07.27@@@,34,3,3600)','',2,'2013-07-28'),(44167,'INSERT INTO com_ventas_grupo (vgr_fecha,vgr_grupo,vgr_cantidad,vgr_total) VALUES (@@@2013.07.27@@@,35,13,14395)','',2,'2013-07-28'),(44168,'INSERT INTO com_ventas_grupo (vgr_fecha,vgr_grupo,vgr_cantidad,vgr_total) VALUES (@@@2013.07.27@@@,36,2,400)','',2,'2013-07-28'),(44169,'INSERT INTO com_ventas_grupo (vgr_fecha,vgr_grupo,vgr_cantidad,vgr_total) VALUES (@@@2013.07.27@@@,37,5,1000)','',2,'2013-07-28'),(44170,'INSERT INTO com_ventas_grupo (vgr_fecha,vgr_grupo,vgr_cantidad,vgr_total) VALUES (@@@2013.07.27@@@,38,3,1070)','',2,'2013-07-28'),(44171,'INSERT INTO com_ventas_grupo (vgr_fecha,vgr_grupo,vgr_cantidad,vgr_total) VALUES (@@@2013.07.27@@@,39,7,7290)','',2,'2013-07-28'),(44172,'INSERT INTO com_ventas_grupo (vgr_fecha,vgr_grupo,vgr_cantidad,vgr_total) VALUES (@@@2013.07.27@@@,40,8202,8202)','',2,'2013-07-28'),(44173,'INSERT INTO com_ventas_grupo (vgr_fecha,vgr_grupo,vgr_cantidad,vgr_total) VALUES (@@@2013.07.27@@@,42,20.575,16058)','',2,'2013-07-28'),(44174,'UPDATE mae_datos_empresa SET emp_oferta=@@@NO@@@','',2,'2013-07-28'),(44175,'INSERT INTO gne_vale_ferreteria (vfe_id,vfe_fecha,vfe_total,vfe_estado,vfe_entregado,usu_nusuario) VALUES (6407,@@@2013.07.28@@@,2618,1,0,@@@m_martinez@@@)','',2,'2013-07-28'),(44176,'INSERT INTO gne_vale_ferreteria_mov (vfe_id,pro_codigo_plu,vfm_cantidad,vfm_unitario,vfm_total,vfm_entregado) VALUES (6407,763622,1,1399,1399,@@@NO@@@)','',2,'2013-07-28'),(44177,'INSERT INTO gne_vale_ferreteria_mov (vfe_id,pro_codigo_plu,vfm_cantidad,vfm_unitario,vfm_total,vfm_entregado) VALUES (6407,763596,4,90,360,@@@NO@@@)','',2,'2013-07-28'),(44178,'INSERT INTO gne_vale_ferreteria_mov (vfe_id,pro_codigo_plu,vfm_cantidad,vfm_unitario,vfm_total,vfm_entregado) VALUES (6407,780721388,1,399,399,@@@NO@@@)','',2,'2013-07-28'),(44179,'INSERT INTO gne_vale_ferreteria_mov (vfe_id,pro_codigo_plu,vfm_cantidad,vfm_unitario,vfm_total,vfm_entregado) VALUES (6407,764364,1,140,140,@@@NO@@@)','',2,'2013-07-28'),(44180,'INSERT INTO gne_vale_ferreteria_mov (vfe_id,pro_codigo_plu,vfm_cantidad,vfm_unitario,vfm_total,vfm_entregado) VALUES (6407,16430,2,160,320,@@@NO@@@)','',2,'2013-07-28'),(44181,'INSERT INTO gne_vale_ferreteria (vfe_id,vfe_fecha,vfe_total,vfe_estado,vfe_entregado,usu_nusuario) VALUES (6408,@@@2013.07.28@@@,900,1,0,@@@m_martinez@@@)','',2,'2013-07-28'),(44182,'INSERT INTO gne_vale_ferreteria_mov (vfe_id,pro_codigo_plu,vfm_cantidad,vfm_unitario,vfm_total,vfm_entregado) VALUES (6408,764772,30,30,900,@@@NO@@@)','',2,'2013-07-28'),(44183,'INSERT INTO gne_vale_ferreteria (vfe_id,vfe_fecha,vfe_total,vfe_estado,vfe_entregado,usu_nusuario) VALUES (6409,@@@2013.07.28@@@,680,1,0,@@@m_martinez@@@)','',2,'2013-07-28'),(44184,'INSERT INTO gne_vale_ferreteria_mov (vfe_id,pro_codigo_plu,vfm_cantidad,vfm_unitario,vfm_total,vfm_entregado) VALUES (6409,19866,1,680,680,@@@NO@@@)','',2,'2013-07-28'),(44185,'INSERT INTO mae_productos (pro_codigo_plu,pro_codigo_barra,pro_tipo,pro_nombre_producto,pro_nombre_corto,med_id,emb_id,pro_unidades_embalaje,dep_id,lin_id,mar_id,pro_precio_compra_neto,pro_precio_compra_bruto,pro_precio_venta,pro_margen_actual,pro_oferta,pro_fecha_inicio_oferta,pro_fecha_termino_oferta,pro_precio_oferta,pro_stock_minimo,pro_stock_critico,pro_entradas_bodega,pro_salidas_bodega,pro_mermas_bodega,pro_ajustes_bodega,pro_entradas_sv,pro_salidas_sv,pro_mermas_sv,pro_ajustes_sv,pro_activo,rec_numero,pro_unidad,pro_capacidad,pro_consumo_bodega,pro_consumo_sv,pro_estado,pro_funcion_plu,pro_flejes,pro_iva,pro_plu_asociado,pro_envase,pro_duracion,pro_numero_etiqueta) VALUES (780721464,@@@780721464@@@,@@@0@@@,@@@CEPILLODENTAL NIÑO DENTA CARE@@@,@@@CEPILLODENTAL NI@@@,@@@1 @@@,@@@6 @@@,@@@1@@@,@@@24 @@@,@@@207@@@,@@@2507@@@,@@@0@@@,@@@0@@@,@@@300@@@,@@@0@@@,@@@@@@,@@@2013.07.28@@@,@@@2013.07.28@@@,@@@0@@@,@@@5@@@,@@@2@@@,@@@0@@@,@@@0@@@,@@@0@@@,@@@0@@@,@@@0@@@,@@@0@@@,@@@0@@@,@@@0@@@,@@@1@@@,@@@0@@@,0,1,0,0,2,0,1,1,0,@@@NO@@@,0,0)','',2,'2013-07-28'),(44186,'DELETE FROM mae_impuestos_productos WHERE pro_codigo_plu=@@@780721464@@@','',2,'2013-07-28'),(44187,'INSERT INTO gne_vale_ferreteria (vfe_id,vfe_fecha,vfe_total,vfe_estado,vfe_entregado,usu_nusuario) VALUES (6410,@@@2013.07.28@@@,600,1,0,@@@m_martinez@@@)','',2,'2013-07-28'),(44188,'INSERT INTO gne_vale_ferreteria_mov (vfe_id,pro_codigo_plu,vfm_cantidad,vfm_unitario,vfm_total,vfm_entregado) VALUES (6410,764282,2,300,600,@@@NO@@@)','',2,'2013-07-28'),(44189,'INSERT INTO gne_vale_ferreteria (vfe_id,vfe_fecha,vfe_total,vfe_estado,vfe_entregado,usu_nusuario) VALUES (6411,@@@2013.07.28@@@,3680,1,0,@@@m_martinez@@@)','',2,'2013-07-28'),(44190,'INSERT INTO gne_vale_ferreteria_mov (vfe_id,pro_codigo_plu,vfm_cantidad,vfm_unitario,vfm_total,vfm_entregado) VALUES (6411,770091,1,690,690,@@@NO@@@)','',2,'2013-07-28'),(44191,'INSERT INTO gne_vale_ferreteria_mov (vfe_id,pro_codigo_plu,vfm_cantidad,vfm_unitario,vfm_total,vfm_entregado) VALUES (6411,764970,1,2990,2990,@@@NO@@@)','',2,'2013-07-28'),(44192,'INSERT INTO gne_vale_ferreteria (vfe_id,vfe_fecha,vfe_total,vfe_estado,vfe_entregado,usu_nusuario) VALUES (6412,@@@2013.07.28@@@,490,1,0,@@@m_martinez@@@)','',2,'2013-07-28'),(44193,'INSERT INTO gne_vale_ferreteria_mov (vfe_id,pro_codigo_plu,vfm_cantidad,vfm_unitario,vfm_total,vfm_entregado) VALUES (6412,4127,1,490,490,@@@NO@@@)','',2,'2013-07-28'),(44194,'INSERT INTO gne_vale_ferreteria (vfe_id,vfe_fecha,vfe_total,vfe_estado,vfe_entregado,usu_nusuario) VALUES (6413,@@@2013.07.28@@@,600,1,0,@@@m_martinez@@@)','',2,'2013-07-28'),(44195,'INSERT INTO gne_vale_ferreteria_mov (vfe_id,pro_codigo_plu,vfm_cantidad,vfm_unitario,vfm_total,vfm_entregado) VALUES (6413,780220123,2,50,100,@@@NO@@@)','',2,'2013-07-28'),(44196,'INSERT INTO gne_vale_ferreteria_mov (vfe_id,pro_codigo_plu,vfm_cantidad,vfm_unitario,vfm_total,vfm_entregado) VALUES (6413,4129,2,50,100,@@@NO@@@)','',2,'2013-07-28'),(44197,'INSERT INTO gne_vale_ferreteria_mov (vfe_id,pro_codigo_plu,vfm_cantidad,vfm_unitario,vfm_total,vfm_entregado) VALUES (6413,3104,2,200,400,@@@NO@@@)','',2,'2013-07-28'),(44198,'INSERT INTO gne_vale_ferreteria (vfe_id,vfe_fecha,vfe_total,vfe_estado,vfe_entregado,usu_nusuario) VALUES (6414,@@@2013.07.28@@@,1890,1,0,@@@m_martinez@@@)','',2,'2013-07-28'),(44199,'INSERT INTO gne_vale_ferreteria_mov (vfe_id,pro_codigo_plu,vfm_cantidad,vfm_unitario,vfm_total,vfm_entregado) VALUES (6414,770082,1,1890,1890,@@@NO@@@)','',2,'2013-07-28'),(44200,'INSERT INTO gne_vale_ferreteria (vfe_id,vfe_fecha,vfe_total,vfe_estado,vfe_entregado,usu_nusuario) VALUES (6415,@@@2013.07.28@@@,900,1,0,@@@m_martinez@@@)','',2,'2013-07-28'),(44201,'INSERT INTO gne_vale_ferreteria_mov (vfe_id,pro_codigo_plu,vfm_cantidad,vfm_unitario,vfm_total,vfm_entregado) VALUES (6415,763884,1,900,900,@@@NO@@@)','',2,'2013-07-28'),(44202,'INSERT INTO gne_vale_ferreteria (vfe_id,vfe_fecha,vfe_total,vfe_estado,vfe_entregado,usu_nusuario) VALUES (6416,@@@2013.07.28@@@,3890,1,0,@@@m_martinez@@@)','',2,'2013-07-28'),(44203,'INSERT INTO gne_vale_ferreteria_mov (vfe_id,pro_codigo_plu,vfm_cantidad,vfm_unitario,vfm_total,vfm_entregado) VALUES (6416,764950,1,3890,3890,@@@NO@@@)','',2,'2013-07-28'),(44204,'INSERT INTO gne_vale_ferreteria (vfe_id,vfe_fecha,vfe_total,vfe_estado,vfe_entregado,usu_nusuario) VALUES (6417,@@@2013.07.28@@@,250,1,0,@@@m_martinez@@@)','',2,'2013-07-28'),(44205,'INSERT INTO gne_vale_ferreteria_mov (vfe_id,pro_codigo_plu,vfm_cantidad,vfm_unitario,vfm_total,vfm_entregado) VALUES (6417,8021,1,150,150,@@@NO@@@)','',2,'2013-07-28'),(44206,'INSERT INTO gne_vale_ferreteria_mov (vfe_id,pro_codigo_plu,vfm_cantidad,vfm_unitario,vfm_total,vfm_entregado) VALUES (6417,780220123,1,50,50,@@@NO@@@)','',2,'2013-07-28'),(44207,'INSERT INTO gne_vale_ferreteria_mov (vfe_id,pro_codigo_plu,vfm_cantidad,vfm_unitario,vfm_total,vfm_entregado) VALUES (6417,4129,1,50,50,@@@NO@@@)','',2,'2013-07-28'),(44208,'INSERT INTO gne_vale_ferreteria (vfe_id,vfe_fecha,vfe_total,vfe_estado,vfe_entregado,usu_nusuario) VALUES (6418,@@@2013.07.28@@@,680,1,0,@@@m_martinez@@@)','',2,'2013-07-28'),(44209,'INSERT INTO gne_vale_ferreteria_mov (vfe_id,pro_codigo_plu,vfm_cantidad,vfm_unitario,vfm_total,vfm_entregado) VALUES (6418,19866,1,680,680,@@@NO@@@)','',2,'2013-07-28'),(44210,'INSERT INTO gne_vale_ferreteria (vfe_id,vfe_fecha,vfe_total,vfe_estado,vfe_entregado,usu_nusuario) VALUES (6419,@@@2013.07.28@@@,399,1,0,@@@m_martinez@@@)','',2,'2013-07-28'),(44211,'INSERT INTO gne_vale_ferreteria_mov (vfe_id,pro_codigo_plu,vfm_cantidad,vfm_unitario,vfm_total,vfm_entregado) VALUES (6419,780721388,1,399,399,@@@NO@@@)','',2,'2013-07-28'),(44212,'INSERT INTO gne_vale_ferreteria (vfe_id,vfe_fecha,vfe_total,vfe_estado,vfe_entregado,usu_nusuario) VALUES (6420,@@@2013.07.28@@@,1680,1,0,@@@m_martinez@@@)','',2,'2013-07-28'),(44213,'INSERT INTO gne_vale_ferreteria_mov (vfe_id,pro_codigo_plu,vfm_cantidad,vfm_unitario,vfm_total,vfm_entregado) VALUES (6420,78017111,2,100,200,@@@NO@@@)','',2,'2013-07-28'),(44214,'INSERT INTO gne_vale_ferreteria_mov (vfe_id,pro_codigo_plu,vfm_cantidad,vfm_unitario,vfm_total,vfm_entregado) VALUES (6420,770005,2,490,980,@@@NO@@@)','',2,'2013-07-28'),(44215,'INSERT INTO gne_vale_ferreteria_mov (vfe_id,pro_codigo_plu,vfm_cantidad,vfm_unitario,vfm_total,vfm_entregado) VALUES (6420,770000,10,50,500,@@@NO@@@)','',2,'2013-07-28'),(44216,'INSERT INTO gne_vale_ferreteria (vfe_id,vfe_fecha,vfe_total,vfe_estado,vfe_entregado,usu_nusuario) VALUES (6421,@@@2013.07.28@@@,250,1,0,@@@m_martinez@@@)','',2,'2013-07-28'),(44217,'INSERT INTO gne_vale_ferreteria_mov (vfe_id,pro_codigo_plu,vfm_cantidad,vfm_unitario,vfm_total,vfm_entregado) VALUES (6421,4091,1,250,250,@@@NO@@@)','',2,'2013-07-28'),(44218,'INSERT INTO gne_vale_ferreteria (vfe_id,vfe_fecha,vfe_total,vfe_estado,vfe_entregado,usu_nusuario) VALUES (6422,@@@2013.07.28@@@,300,1,0,@@@m_martinez@@@)','',2,'2013-07-28'),(44219,'INSERT INTO gne_vale_ferreteria_mov (vfe_id,pro_codigo_plu,vfm_cantidad,vfm_unitario,vfm_total,vfm_entregado) VALUES (6422,780721221,1,300,300,@@@NO@@@)','',2,'2013-07-28'),(44220,'INSERT INTO gne_vale_ferreteria (vfe_id,vfe_fecha,vfe_total,vfe_estado,vfe_entregado,usu_nusuario) VALUES (6423,@@@2013.07.28@@@,80,1,0,@@@m_martinez@@@)','',2,'2013-07-28'),(44221,'INSERT INTO gne_vale_ferreteria_mov (vfe_id,pro_codigo_plu,vfm_cantidad,vfm_unitario,vfm_total,vfm_entregado) VALUES (6423,770001,1,80,80,@@@NO@@@)','',2,'2013-07-28'),(44222,'INSERT INTO gne_vale_ferreteria (vfe_id,vfe_fecha,vfe_total,vfe_estado,vfe_entregado,usu_nusuario) VALUES (6424,@@@2013.07.28@@@,1898,1,0,@@@m_martinez@@@)','',2,'2013-07-28'),(44223,'INSERT INTO gne_vale_ferreteria_mov (vfe_id,pro_codigo_plu,vfm_cantidad,vfm_unitario,vfm_total,vfm_entregado) VALUES (6424,780721388,2,399,798,@@@NO@@@)','',2,'2013-07-28'),(44224,'INSERT INTO gne_vale_ferreteria_mov (vfe_id,pro_codigo_plu,vfm_cantidad,vfm_unitario,vfm_total,vfm_entregado) VALUES (6424,78017176,3,200,600,@@@NO@@@)','',2,'2013-07-28'),(44225,'INSERT INTO gne_vale_ferreteria_mov (vfe_id,pro_codigo_plu,vfm_cantidad,vfm_unitario,vfm_total,vfm_entregado) VALUES (6424,1070,2,250,500,@@@NO@@@)','',2,'2013-07-28'),(44226,'INSERT INTO gne_vale_ferreteria (vfe_id,vfe_fecha,vfe_total,vfe_estado,vfe_entregado,usu_nusuario) VALUES (6425,@@@2013.07.28@@@,1890,1,0,@@@m_martinez@@@)','',2,'2013-07-28'),(44227,'INSERT INTO gne_vale_ferreteria_mov (vfe_id,pro_codigo_plu,vfm_cantidad,vfm_unitario,vfm_total,vfm_entregado) VALUES (6425,102075,1,1890,1890,@@@NO@@@)','',2,'2013-07-28'),(44228,'INSERT INTO gne_vale_ferreteria (vfe_id,vfe_fecha,vfe_total,vfe_estado,vfe_entregado,usu_nusuario) VALUES (6426,@@@2013.07.28@@@,100,1,0,@@@m_martinez@@@)','',2,'2013-07-28'),(44229,'INSERT INTO gne_vale_ferreteria_mov (vfe_id,pro_codigo_plu,vfm_cantidad,vfm_unitario,vfm_total,vfm_entregado) VALUES (6426,20368,1,100,100,@@@NO@@@)','',2,'2013-07-28'),(44230,'INSERT INTO gne_vale_ferreteria (vfe_id,vfe_fecha,vfe_total,vfe_estado,vfe_entregado,usu_nusuario) VALUES (6427,@@@2013.07.28@@@,1,1,0,@@@m_martinez@@@)','',2,'2013-07-28'),(44231,'INSERT INTO gne_vale_ferreteria_mov (vfe_id,pro_codigo_plu,vfm_cantidad,vfm_unitario,vfm_total,vfm_entregado) VALUES (6427,2500,1,1,1,@@@NO@@@)','',2,'2013-07-28'),(44232,'INSERT INTO gne_vale_ferreteria (vfe_id,vfe_fecha,vfe_total,vfe_estado,vfe_entregado,usu_nusuario) VALUES (6428,@@@2013.07.28@@@,200,1,0,@@@m_martinez@@@)','',2,'2013-07-28'),(44233,'INSERT INTO gne_vale_ferreteria_mov (vfe_id,pro_codigo_plu,vfm_cantidad,vfm_unitario,vfm_total,vfm_entregado) VALUES (6428,1542,2,100,200,@@@NO@@@)','',2,'2013-07-28'),(44234,'INSERT INTO gne_vale_ferreteria (vfe_id,vfe_fecha,vfe_total,vfe_estado,vfe_entregado,usu_nusuario) VALUES (6429,@@@2013.07.28@@@,2540,1,0,@@@m_martinez@@@)','',2,'2013-07-28'),(44235,'INSERT INTO gne_vale_ferreteria_mov (vfe_id,pro_codigo_plu,vfm_cantidad,vfm_unitario,vfm_total,vfm_entregado) VALUES (6429,1542,1,100,100,@@@NO@@@)','',2,'2013-07-28'),(44236,'INSERT INTO gne_vale_ferreteria_mov (vfe_id,pro_codigo_plu,vfm_cantidad,vfm_unitario,vfm_total,vfm_entregado) VALUES (6429,1546,1,200,200,@@@NO@@@)','',2,'2013-07-28'),(44237,'INSERT INTO gne_vale_ferreteria_mov (vfe_id,pro_codigo_plu,vfm_cantidad,vfm_unitario,vfm_total,vfm_entregado) VALUES (6429,78017191,56,40,2240,@@@NO@@@)','',2,'2013-07-28'),(44238,'INSERT INTO gne_vale_ferreteria (vfe_id,vfe_fecha,vfe_total,vfe_estado,vfe_entregado,usu_nusuario) VALUES (6430,@@@2013.07.28@@@,2420,1,0,@@@m_martinez@@@)','',2,'2013-07-28'),(44239,'INSERT INTO gne_vale_ferreteria_mov (vfe_id,pro_codigo_plu,vfm_cantidad,vfm_unitario,vfm_total,vfm_entregado) VALUES (6430,78017191,53,40,2120,@@@NO@@@)','',2,'2013-07-28'),(44240,'INSERT INTO gne_vale_ferreteria_mov (vfe_id,pro_codigo_plu,vfm_cantidad,vfm_unitario,vfm_total,vfm_entregado) VALUES (6430,1542,1,100,100,@@@NO@@@)','',2,'2013-07-28'),(44241,'INSERT INTO gne_vale_ferreteria_mov (vfe_id,pro_codigo_plu,vfm_cantidad,vfm_unitario,vfm_total,vfm_entregado) VALUES (6430,1546,1,200,200,@@@NO@@@)','',2,'2013-07-28'),(44242,'INSERT INTO gne_vale_ferreteria (vfe_id,vfe_fecha,vfe_total,vfe_estado,vfe_entregado,usu_nusuario) VALUES (6431,@@@2013.07.28@@@,2399,1,0,@@@m_martinez@@@)','',2,'2013-07-28'),(44243,'INSERT INTO gne_vale_ferreteria_mov (vfe_id,pro_codigo_plu,vfm_cantidad,vfm_unitario,vfm_total,vfm_entregado) VALUES (6431,780721464,1,300,300,@@@NO@@@)','',2,'2013-07-28'),(44244,'INSERT INTO gne_vale_ferreteria_mov (vfe_id,pro_codigo_plu,vfm_cantidad,vfm_unitario,vfm_total,vfm_entregado) VALUES (6431,78017204,1,120,120,@@@NO@@@)','',2,'2013-07-28'),(44245,'INSERT INTO gne_vale_ferreteria_mov (vfe_id,pro_codigo_plu,vfm_cantidad,vfm_unitario,vfm_total,vfm_entregado) VALUES (6431,780721388,1,399,399,@@@NO@@@)','',2,'2013-07-28'),(44246,'INSERT INTO gne_vale_ferreteria_mov (vfe_id,pro_codigo_plu,vfm_cantidad,vfm_unitario,vfm_total,vfm_entregado) VALUES (6431,4088,1,150,150,@@@NO@@@)','',2,'2013-07-28'),(44247,'INSERT INTO gne_vale_ferreteria_mov (vfe_id,pro_codigo_plu,vfm_cantidad,vfm_unitario,vfm_total,vfm_entregado) VALUES (6431,780721304,1,550,550,@@@NO@@@)','',2,'2013-07-28'),(44248,'INSERT INTO gne_vale_ferreteria_mov (vfe_id,pro_codigo_plu,vfm_cantidad,vfm_unitario,vfm_total,vfm_entregado) VALUES (6431,763594,1,880,880,@@@NO@@@)','',2,'2013-07-28'),(44249,'INSERT INTO gne_vale_ferreteria (vfe_id,vfe_fecha,vfe_total,vfe_estado,vfe_entregado,usu_nusuario) VALUES (6432,@@@2013.07.28@@@,1690,1,0,@@@m_martinez@@@)','',2,'2013-07-28'),(44250,'INSERT INTO gne_vale_ferreteria_mov (vfe_id,pro_codigo_plu,vfm_cantidad,vfm_unitario,vfm_total,vfm_entregado) VALUES (6432,20476,1,1690,1690,@@@NO@@@)','',2,'2013-07-28'),(44251,'INSERT INTO gne_vale_ferreteria (vfe_id,vfe_fecha,vfe_total,vfe_estado,vfe_entregado,usu_nusuario) VALUES (6433,@@@2013.07.28@@@,400,1,0,@@@m_martinez@@@)','',2,'2013-07-28'),(44252,'INSERT INTO gne_vale_ferreteria_mov (vfe_id,pro_codigo_plu,vfm_cantidad,vfm_unitario,vfm_total,vfm_entregado) VALUES (6433,770039,2,200,400,@@@NO@@@)','',2,'2013-07-28'),(44253,'INSERT INTO gne_vale_ferreteria (vfe_id,vfe_fecha,vfe_total,vfe_estado,vfe_entregado,usu_nusuario) VALUES (6434,@@@2013.07.28@@@,150,1,0,@@@m_martinez@@@)','',2,'2013-07-28'),(44254,'INSERT INTO gne_vale_ferreteria_mov (vfe_id,pro_codigo_plu,vfm_cantidad,vfm_unitario,vfm_total,vfm_entregado) VALUES (6434,21136,1,150,150,@@@NO@@@)','',2,'2013-07-28'),(44255,'INSERT INTO gne_vale_ferreteria (vfe_id,vfe_fecha,vfe_total,vfe_estado,vfe_entregado,usu_nusuario) VALUES (6435,@@@2013.07.28@@@,1490,1,0,@@@m_martinez@@@)','',2,'2013-07-28'),(44256,'INSERT INTO gne_vale_ferreteria_mov (vfe_id,pro_codigo_plu,vfm_cantidad,vfm_unitario,vfm_total,vfm_entregado) VALUES (6435,764564,1,1490,1490,@@@NO@@@)','',2,'2013-07-28'),(44257,'INSERT INTO gne_vale_ferreteria (vfe_id,vfe_fecha,vfe_total,vfe_estado,vfe_entregado,usu_nusuario) VALUES (6436,@@@2013.07.28@@@,200,1,0,@@@m_martinez@@@)','',2,'2013-07-28'),(44258,'INSERT INTO gne_vale_ferreteria_mov (vfe_id,pro_codigo_plu,vfm_cantidad,vfm_unitario,vfm_total,vfm_entregado) VALUES (6436,1040,1,200,200,@@@NO@@@)','',2,'2013-07-28'),(44259,'INSERT INTO gne_vale_ferreteria (vfe_id,vfe_fecha,vfe_total,vfe_estado,vfe_entregado,usu_nusuario) VALUES (6437,@@@2013.07.28@@@,1260,1,0,@@@m_martinez@@@)','',2,'2013-07-28'),(44260,'INSERT INTO gne_vale_ferreteria_mov (vfe_id,pro_codigo_plu,vfm_cantidad,vfm_unitario,vfm_total,vfm_entregado) VALUES (6437,1542,2,100,200,@@@NO@@@)','',2,'2013-07-28'),(44261,'INSERT INTO gne_vale_ferreteria_mov (vfe_id,pro_codigo_plu,vfm_cantidad,vfm_unitario,vfm_total,vfm_entregado) VALUES (6437,1538,2,490,980,@@@NO@@@)','',2,'2013-07-28'),(44262,'INSERT INTO gne_vale_ferreteria_mov (vfe_id,pro_codigo_plu,vfm_cantidad,vfm_unitario,vfm_total,vfm_entregado) VALUES (6437,770001,1,80,80,@@@NO@@@)','',2,'2013-07-28'),(44263,'INSERT INTO gne_vale_ferreteria (vfe_id,vfe_fecha,vfe_total,vfe_estado,vfe_entregado,usu_nusuario) VALUES (6438,@@@2013.07.28@@@,340,1,0,@@@m_martinez@@@)','',2,'2013-07-28'),(44264,'INSERT INTO gne_vale_ferreteria_mov (vfe_id,pro_codigo_plu,vfm_cantidad,vfm_unitario,vfm_total,vfm_entregado) VALUES (6438,1060,2,170,340,@@@NO@@@)','',2,'2013-07-28'),(44265,'INSERT INTO gne_vale_ferreteria (vfe_id,vfe_fecha,vfe_total,vfe_estado,vfe_entregado,usu_nusuario) VALUES (6439,@@@2013.07.28@@@,260,1,0,@@@m_martinez@@@)','',2,'2013-07-28'),(44266,'INSERT INTO gne_vale_ferreteria_mov (vfe_id,pro_codigo_plu,vfm_cantidad,vfm_unitario,vfm_total,vfm_entregado) VALUES (6439,102455,2,130,260,@@@NO@@@)','',2,'2013-07-28'),(44267,'INSERT INTO gne_vale_ferreteria (vfe_id,vfe_fecha,vfe_total,vfe_estado,vfe_entregado,usu_nusuario) VALUES (6440,@@@2013.07.28@@@,400,1,0,@@@m_martinez@@@)','',2,'2013-07-28'),(44268,'INSERT INTO gne_vale_ferreteria_mov (vfe_id,pro_codigo_plu,vfm_cantidad,vfm_unitario,vfm_total,vfm_entregado) VALUES (6440,78017049,1,300,300,@@@NO@@@)','',2,'2013-07-28'),(44269,'INSERT INTO gne_vale_ferreteria_mov (vfe_id,pro_codigo_plu,vfm_cantidad,vfm_unitario,vfm_total,vfm_entregado) VALUES (6440,20141,1,100,100,@@@NO@@@)','',2,'2013-07-28'),(44270,'INSERT INTO gne_vale_ferreteria (vfe_id,vfe_fecha,vfe_total,vfe_estado,vfe_entregado,usu_nusuario) VALUES (6441,@@@2013.07.28@@@,100,1,0,@@@m_martinez@@@)','',2,'2013-07-28'),(44271,'INSERT INTO gne_vale_ferreteria_mov (vfe_id,pro_codigo_plu,vfm_cantidad,vfm_unitario,vfm_total,vfm_entregado) VALUES (6441,20365,1,100,100,@@@NO@@@)','',2,'2013-07-28'),(44272,'INSERT INTO gne_vale_ferreteria (vfe_id,vfe_fecha,vfe_total,vfe_estado,vfe_entregado,usu_nusuario) VALUES (6442,@@@2013.07.28@@@,200,1,0,@@@m_martinez@@@)','',2,'2013-07-28'),(44273,'INSERT INTO gne_vale_ferreteria_mov (vfe_id,pro_codigo_plu,vfm_cantidad,vfm_unitario,vfm_total,vfm_entregado) VALUES (6442,764702,1,200,200,@@@NO@@@)','',2,'2013-07-28'),(44274,'INSERT INTO gne_vale_ferreteria (vfe_id,vfe_fecha,vfe_total,vfe_estado,vfe_entregado,usu_nusuario) VALUES (6443,@@@2013.07.28@@@,620,1,0,@@@m_martinez@@@)','',2,'2013-07-28'),(44275,'INSERT INTO gne_vale_ferreteria_mov (vfe_id,pro_codigo_plu,vfm_cantidad,vfm_unitario,vfm_total,vfm_entregado) VALUES (6443,11378,1,620,620,@@@NO@@@)','',2,'2013-07-28'),(44276,'INSERT INTO gne_vale_ferreteria (vfe_id,vfe_fecha,vfe_total,vfe_estado,vfe_entregado,usu_nusuario) VALUES (6444,@@@2013.07.28@@@,590,1,0,@@@m_martinez@@@)','',2,'2013-07-28'),(44277,'INSERT INTO gne_vale_ferreteria_mov (vfe_id,pro_codigo_plu,vfm_cantidad,vfm_unitario,vfm_total,vfm_entregado) VALUES (6444,19865,1,590,590,@@@NO@@@)','',2,'2013-07-28'),(44278,'INSERT INTO gne_vale_ferreteria (vfe_id,vfe_fecha,vfe_total,vfe_estado,vfe_entregado,usu_nusuario) VALUES (6445,@@@2013.07.28@@@,580,1,0,@@@m_martinez@@@)','',2,'2013-07-28'),(44279,'INSERT INTO gne_vale_ferreteria_mov (vfe_id,pro_codigo_plu,vfm_cantidad,vfm_unitario,vfm_total,vfm_entregado) VALUES (6445,1536,2,290,580,@@@NO@@@)','',2,'2013-07-28'),(44280,'INSERT INTO gne_vale_ferreteria (vfe_id,vfe_fecha,vfe_total,vfe_estado,vfe_entregado,usu_nusuario) VALUES (6446,@@@2013.07.28@@@,580,1,0,@@@m_martinez@@@)','',2,'2013-07-28'),(44281,'INSERT INTO gne_vale_ferreteria_mov (vfe_id,pro_codigo_plu,vfm_cantidad,vfm_unitario,vfm_total,vfm_entregado) VALUES (6446,1536,2,290,580,@@@NO@@@)','',2,'2013-07-28'),(44282,'INSERT INTO gne_vale_ferreteria (vfe_id,vfe_fecha,vfe_total,vfe_estado,vfe_entregado,usu_nusuario) VALUES (6447,@@@2013.07.28@@@,3090,1,0,@@@m_martinez@@@)','',2,'2013-07-28'),(44283,'INSERT INTO gne_vale_ferreteria_mov (vfe_id,pro_codigo_plu,vfm_cantidad,vfm_unitario,vfm_total,vfm_entregado) VALUES (6447,763838,2,450,900,@@@NO@@@)','',2,'2013-07-28'),(44284,'INSERT INTO gne_vale_ferreteria_mov (vfe_id,pro_codigo_plu,vfm_cantidad,vfm_unitario,vfm_total,vfm_entregado) VALUES (6447,763621,1,2190,2190,@@@NO@@@)','',2,'2013-07-28'),(44285,'INSERT INTO gne_vale_ferreteria (vfe_id,vfe_fecha,vfe_total,vfe_estado,vfe_entregado,usu_nusuario) VALUES (6448,@@@2013.07.28@@@,1140,1,0,@@@m_martinez@@@)','',2,'2013-07-28'),(44286,'INSERT INTO gne_vale_ferreteria_mov (vfe_id,pro_codigo_plu,vfm_cantidad,vfm_unitario,vfm_total,vfm_entregado) VALUES (6448,100397,1,750,750,@@@NO@@@)','',2,'2013-07-28'),(44287,'INSERT INTO gne_vale_ferreteria_mov (vfe_id,pro_codigo_plu,vfm_cantidad,vfm_unitario,vfm_total,vfm_entregado) VALUES (6448,78017018,1,150,150,@@@NO@@@)','',2,'2013-07-28'),(44288,'INSERT INTO gne_vale_ferreteria_mov (vfe_id,pro_codigo_plu,vfm_cantidad,vfm_unitario,vfm_total,vfm_entregado) VALUES (6448,78017016,2,120,240,@@@NO@@@)','',2,'2013-07-28'),(44289,'INSERT INTO gne_vale_ferreteria (vfe_id,vfe_fecha,vfe_total,vfe_estado,vfe_entregado,usu_nusuario) VALUES (6449,@@@2013.07.28@@@,7758,1,0,@@@m_martinez@@@)','',2,'2013-07-28'),(44290,'INSERT INTO gne_vale_ferreteria_mov (vfe_id,pro_codigo_plu,vfm_cantidad,vfm_unitario,vfm_total,vfm_entregado) VALUES (6449,763632,1,890,890,@@@NO@@@)','',2,'2013-07-28'),(44291,'INSERT INTO gne_vale_ferreteria_mov (vfe_id,pro_codigo_plu,vfm_cantidad,vfm_unitario,vfm_total,vfm_entregado) VALUES (6449,16430,2,160,320,@@@NO@@@)','',2,'2013-07-28'),(44292,'INSERT INTO gne_vale_ferreteria_mov (vfe_id,pro_codigo_plu,vfm_cantidad,vfm_unitario,vfm_total,vfm_entregado) VALUES (6449,78017204,1,120,120,@@@NO@@@)','',2,'2013-07-28'),(44293,'INSERT INTO gne_vale_ferreteria_mov (vfe_id,pro_codigo_plu,vfm_cantidad,vfm_unitario,vfm_total,vfm_entregado) VALUES (6449,763621,1,2190,2190,@@@NO@@@)','',2,'2013-07-28'),(44294,'INSERT INTO gne_vale_ferreteria_mov (vfe_id,pro_codigo_plu,vfm_cantidad,vfm_unitario,vfm_total,vfm_entregado) VALUES (6449,763622,2,1399,2798,@@@NO@@@)','',2,'2013-07-28'),(44295,'INSERT INTO gne_vale_ferreteria_mov (vfe_id,pro_codigo_plu,vfm_cantidad,vfm_unitario,vfm_total,vfm_entregado) VALUES (6449,21116,2,620,1240,@@@NO@@@)','',2,'2013-07-28'),(44296,'INSERT INTO gne_vale_ferreteria_mov (vfe_id,pro_codigo_plu,vfm_cantidad,vfm_unitario,vfm_total,vfm_entregado) VALUES (6449,1545,4,50,200,@@@NO@@@)','',2,'2013-07-28'),(44297,'INSERT INTO gne_vale_ferreteria (vfe_id,vfe_fecha,vfe_total,vfe_estado,vfe_entregado,usu_nusuario) VALUES (6450,@@@2013.07.28@@@,80,1,0,@@@m_martinez@@@)','',2,'2013-07-28'),(44298,'INSERT INTO gne_vale_ferreteria_mov (vfe_id,pro_codigo_plu,vfm_cantidad,vfm_unitario,vfm_total,vfm_entregado) VALUES (6450,770001,1,80,80,@@@NO@@@)','',2,'2013-07-28'),(44299,'INSERT INTO gne_vale_ferreteria (vfe_id,vfe_fecha,vfe_total,vfe_estado,vfe_entregado,usu_nusuario) VALUES (6451,@@@2013.07.28@@@,1290,1,0,@@@m_martinez@@@)','',2,'2013-07-28'),(44300,'INSERT INTO gne_vale_ferreteria_mov (vfe_id,pro_codigo_plu,vfm_cantidad,vfm_unitario,vfm_total,vfm_entregado) VALUES (6451,764570,1,1290,1290,@@@NO@@@)','',2,'2013-07-28'),(44301,'INSERT INTO gne_vale_ferreteria (vfe_id,vfe_fecha,vfe_total,vfe_estado,vfe_entregado,usu_nusuario) VALUES (6452,@@@2013.07.28@@@,780,1,0,@@@m_martinez@@@)','',2,'2013-07-28'),(44302,'INSERT INTO gne_vale_ferreteria_mov (vfe_id,pro_codigo_plu,vfm_cantidad,vfm_unitario,vfm_total,vfm_entregado) VALUES (6452,780721142,1,650,650,@@@NO@@@)','',2,'2013-07-28'),(44303,'INSERT INTO gne_vale_ferreteria_mov (vfe_id,pro_codigo_plu,vfm_cantidad,vfm_unitario,vfm_total,vfm_entregado) VALUES (6452,780721387,1,130,130,@@@NO@@@)','',2,'2013-07-28'),(44304,'INSERT INTO gne_vale_ferreteria (vfe_id,vfe_fecha,vfe_total,vfe_estado,vfe_entregado,usu_nusuario) VALUES (6453,@@@2013.07.28@@@,2310,1,0,@@@m_martinez@@@)','',2,'2013-07-28'),(44305,'INSERT INTO gne_vale_ferreteria_mov (vfe_id,pro_codigo_plu,vfm_cantidad,vfm_unitario,vfm_total,vfm_entregado) VALUES (6453,780721231,1,990,990,@@@NO@@@)','',2,'2013-07-28'),(44306,'INSERT INTO gne_vale_ferreteria_mov (vfe_id,pro_codigo_plu,vfm_cantidad,vfm_unitario,vfm_total,vfm_entregado) VALUES (6453,780721253,1,550,550,@@@NO@@@)','',2,'2013-07-28'),(44307,'INSERT INTO gne_vale_ferreteria_mov (vfe_id,pro_codigo_plu,vfm_cantidad,vfm_unitario,vfm_total,vfm_entregado) VALUES (6453,780721306,1,490,490,@@@NO@@@)','',2,'2013-07-28'),(44308,'INSERT INTO gne_vale_ferreteria_mov (vfe_id,pro_codigo_plu,vfm_cantidad,vfm_unitario,vfm_total,vfm_entregado) VALUES (6453,764364,2,140,280,@@@NO@@@)','',2,'2013-07-28'),(44309,'INSERT INTO gne_vale_ferreteria (vfe_id,vfe_fecha,vfe_total,vfe_estado,vfe_entregado,usu_nusuario) VALUES (6454,@@@2013.07.28@@@,3580,1,0,@@@m_martinez@@@)','',2,'2013-07-28'),(44310,'INSERT INTO gne_vale_ferreteria_mov (vfe_id,pro_codigo_plu,vfm_cantidad,vfm_unitario,vfm_total,vfm_entregado) VALUES (6454,101677,3,530,1590,@@@NO@@@)','',2,'2013-07-28'),(44311,'INSERT INTO gne_vale_ferreteria_mov (vfe_id,pro_codigo_plu,vfm_cantidad,vfm_unitario,vfm_total,vfm_entregado) VALUES (6454,262018,1,1990,1990,@@@NO@@@)','',2,'2013-07-28'),(44312,'INSERT INTO gne_vale_ferreteria (vfe_id,vfe_fecha,vfe_total,vfe_estado,vfe_entregado,usu_nusuario) VALUES (6455,@@@2013.07.28@@@,990,1,0,@@@m_martinez@@@)','',2,'2013-07-28'),(44313,'INSERT INTO gne_vale_ferreteria_mov (vfe_id,pro_codigo_plu,vfm_cantidad,vfm_unitario,vfm_total,vfm_entregado) VALUES (6455,780721306,1,490,490,@@@NO@@@)','',2,'2013-07-28'),(44314,'INSERT INTO gne_vale_ferreteria_mov (vfe_id,pro_codigo_plu,vfm_cantidad,vfm_unitario,vfm_total,vfm_entregado) VALUES (6455,780220137,2,250,500,@@@NO@@@)','',2,'2013-07-28'),(44315,'INSERT INTO gne_vale_ferreteria (vfe_id,vfe_fecha,vfe_total,vfe_estado,vfe_entregado,usu_nusuario) VALUES (6456,@@@2013.07.28@@@,1490,1,0,@@@m_martinez@@@)','',2,'2013-07-28'),(44316,'INSERT INTO gne_vale_ferreteria_mov (vfe_id,pro_codigo_plu,vfm_cantidad,vfm_unitario,vfm_total,vfm_entregado) VALUES (6456,764663,1,1490,1490,@@@NO@@@)','',2,'2013-07-28'),(44317,'INSERT INTO gne_vale_ferreteria (vfe_id,vfe_fecha,vfe_total,vfe_estado,vfe_entregado,usu_nusuario) VALUES (6457,@@@2013.07.28@@@,2179,1,0,@@@m_martinez@@@)','',2,'2013-07-28'),(44318,'INSERT INTO gne_vale_ferreteria_mov (vfe_id,pro_codigo_plu,vfm_cantidad,vfm_unitario,vfm_total,vfm_entregado) VALUES (6457,12083,1,260,260,@@@NO@@@)','',2,'2013-07-28'),(44319,'INSERT INTO gne_vale_ferreteria_mov (vfe_id,pro_codigo_plu,vfm_cantidad,vfm_unitario,vfm_total,vfm_entregado) VALUES (6457,78017204,1,120,120,@@@NO@@@)','',2,'2013-07-28'),(44320,'INSERT INTO gne_vale_ferreteria_mov (vfe_id,pro_codigo_plu,vfm_cantidad,vfm_unitario,vfm_total,vfm_entregado) VALUES (6457,780721304,1,550,550,@@@NO@@@)','',2,'2013-07-28'),(44321,'INSERT INTO gne_vale_ferreteria_mov (vfe_id,pro_codigo_plu,vfm_cantidad,vfm_unitario,vfm_total,vfm_entregado) VALUES (6457,780721388,1,399,399,@@@NO@@@)','',2,'2013-07-28'),(44322,'INSERT INTO gne_vale_ferreteria_mov (vfe_id,pro_codigo_plu,vfm_cantidad,vfm_unitario,vfm_total,vfm_entregado) VALUES (6457,780721439,1,350,350,@@@NO@@@)','',2,'2013-07-28'),(44323,'INSERT INTO gne_vale_ferreteria_mov (vfe_id,pro_codigo_plu,vfm_cantidad,vfm_unitario,vfm_total,vfm_entregado) VALUES (6457,1540,1,300,300,@@@NO@@@)','',2,'2013-07-28'),(44324,'INSERT INTO gne_vale_ferreteria_mov (vfe_id,pro_codigo_plu,vfm_cantidad,vfm_unitario,vfm_total,vfm_entregado) VALUES (6457,1542,2,100,200,@@@NO@@@)','',2,'2013-07-28'),(44325,'INSERT INTO gne_vale_ferreteria (vfe_id,vfe_fecha,vfe_total,vfe_estado,vfe_entregado,usu_nusuario) VALUES (6458,@@@2013.07.28@@@,2574,1,0,@@@m_martinez@@@)','',2,'2013-07-28'),(44326,'INSERT INTO gne_vale_ferreteria_mov (vfe_id,pro_codigo_plu,vfm_cantidad,vfm_unitario,vfm_total,vfm_entregado) VALUES (6458,780721387,3,130,390,@@@NO@@@)','',2,'2013-07-28'),(44327,'INSERT INTO gne_vale_ferreteria_mov (vfe_id,pro_codigo_plu,vfm_cantidad,vfm_unitario,vfm_total,vfm_entregado) VALUES (6458,780721388,1,399,399,@@@NO@@@)','',2,'2013-07-28'),(44328,'INSERT INTO gne_vale_ferreteria_mov (vfe_id,pro_codigo_plu,vfm_cantidad,vfm_unitario,vfm_total,vfm_entregado) VALUES (6458,21117,1,495,495,@@@NO@@@)','',2,'2013-07-28'),(44329,'INSERT INTO gne_vale_ferreteria_mov (vfe_id,pro_codigo_plu,vfm_cantidad,vfm_unitario,vfm_total,vfm_entregado) VALUES (6458,78017204,4,120,480,@@@NO@@@)','',2,'2013-07-28'),(44330,'INSERT INTO gne_vale_ferreteria_mov (vfe_id,pro_codigo_plu,vfm_cantidad,vfm_unitario,vfm_total,vfm_entregado) VALUES (6458,78017155,1,450,450,@@@NO@@@)','',2,'2013-07-28'),(44331,'INSERT INTO gne_vale_ferreteria_mov (vfe_id,pro_codigo_plu,vfm_cantidad,vfm_unitario,vfm_total,vfm_entregado) VALUES (6458,78017016,3,120,360,@@@NO@@@)','',2,'2013-07-28'),(44332,'INSERT INTO gne_vale_ferreteria (vfe_id,vfe_fecha,vfe_total,vfe_estado,vfe_entregado,usu_nusuario) VALUES (6459,@@@2013.07.28@@@,2599,1,0,@@@m_martinez@@@)','',2,'2013-07-28'),(44333,'INSERT INTO gne_vale_ferreteria_mov (vfe_id,pro_codigo_plu,vfm_cantidad,vfm_unitario,vfm_total,vfm_entregado) VALUES (6459,1545,2,50,100,@@@NO@@@)','',2,'2013-07-28'),(44334,'INSERT INTO gne_vale_ferreteria_mov (vfe_id,pro_codigo_plu,vfm_cantidad,vfm_unitario,vfm_total,vfm_entregado) VALUES (6459,780721316,1,1690,1690,@@@NO@@@)','',2,'2013-07-28'),(44335,'INSERT INTO gne_vale_ferreteria_mov (vfe_id,pro_codigo_plu,vfm_cantidad,vfm_unitario,vfm_total,vfm_entregado) VALUES (6459,780721388,1,399,399,@@@NO@@@)','',2,'2013-07-28'),(44336,'INSERT INTO gne_vale_ferreteria_mov (vfe_id,pro_codigo_plu,vfm_cantidad,vfm_unitario,vfm_total,vfm_entregado) VALUES (6459,12083,1,260,260,@@@NO@@@)','',2,'2013-07-28'),(44337,'INSERT INTO gne_vale_ferreteria_mov (vfe_id,pro_codigo_plu,vfm_cantidad,vfm_unitario,vfm_total,vfm_entregado) VALUES (6459,764363,1,150,150,@@@NO@@@)','',2,'2013-07-28'),(44338,'INSERT INTO gne_vale_ferreteria (vfe_id,vfe_fecha,vfe_total,vfe_estado,vfe_entregado,usu_nusuario) VALUES (6460,@@@2013.07.28@@@,500,1,0,@@@m_martinez@@@)','',2,'2013-07-28'),(44339,'INSERT INTO gne_vale_ferreteria_mov (vfe_id,pro_codigo_plu,vfm_cantidad,vfm_unitario,vfm_total,vfm_entregado) VALUES (6460,764583,2,250,500,@@@NO@@@)','',2,'2013-07-28'),(44340,'INSERT INTO gne_vale_ferreteria (vfe_id,vfe_fecha,vfe_total,vfe_estado,vfe_entregado,usu_nusuario) VALUES (6461,@@@2013.07.28@@@,680,1,0,@@@m_martinez@@@)','',2,'2013-07-28'),(44341,'INSERT INTO gne_vale_ferreteria_mov (vfe_id,pro_codigo_plu,vfm_cantidad,vfm_unitario,vfm_total,vfm_entregado) VALUES (6461,19866,1,680,680,@@@NO@@@)','',2,'2013-07-28'),(44342,'INSERT INTO gne_vale_ferreteria (vfe_id,vfe_fecha,vfe_total,vfe_estado,vfe_entregado,usu_nusuario) VALUES (6462,@@@2013.07.28@@@,250,1,0,@@@m_martinez@@@)','',2,'2013-07-28'),(44343,'INSERT INTO gne_vale_ferreteria_mov (vfe_id,pro_codigo_plu,vfm_cantidad,vfm_unitario,vfm_total,vfm_entregado) VALUES (6462,3104,1,200,200,@@@NO@@@)','',2,'2013-07-28'),(44344,'INSERT INTO gne_vale_ferreteria_mov (vfe_id,pro_codigo_plu,vfm_cantidad,vfm_unitario,vfm_total,vfm_entregado) VALUES (6462,4129,1,50,50,@@@NO@@@)','',2,'2013-07-28'),(44345,'INSERT INTO gne_vale_ferreteria (vfe_id,vfe_fecha,vfe_total,vfe_estado,vfe_entregado,usu_nusuario) VALUES (6463,@@@2013.07.28@@@,350,1,0,@@@m_martinez@@@)','',2,'2013-07-28'),(44346,'INSERT INTO gne_vale_ferreteria_mov (vfe_id,pro_codigo_plu,vfm_cantidad,vfm_unitario,vfm_total,vfm_entregado) VALUES (6463,770039,1,200,200,@@@NO@@@)','',2,'2013-07-28'),(44347,'INSERT INTO gne_vale_ferreteria_mov (vfe_id,pro_codigo_plu,vfm_cantidad,vfm_unitario,vfm_total,vfm_entregado) VALUES (6463,780220107,1,150,150,@@@NO@@@)','',2,'2013-07-28'),(44348,'INSERT INTO gne_vale_ferreteria (vfe_id,vfe_fecha,vfe_total,vfe_estado,vfe_entregado,usu_nusuario) VALUES (6464,@@@2013.07.28@@@,1690,1,0,@@@m_martinez@@@)','',2,'2013-07-28'),(44349,'INSERT INTO gne_vale_ferreteria_mov (vfe_id,pro_codigo_plu,vfm_cantidad,vfm_unitario,vfm_total,vfm_entregado) VALUES (6464,101563,1,1690,1690,@@@NO@@@)','',2,'2013-07-28'),(44350,'INSERT INTO gne_vale_ferreteria (vfe_id,vfe_fecha,vfe_total,vfe_estado,vfe_entregado,usu_nusuario) VALUES (6465,@@@2013.07.28@@@,490,1,0,@@@m_martinez@@@)','',2,'2013-07-28'),(44351,'INSERT INTO gne_vale_ferreteria_mov (vfe_id,pro_codigo_plu,vfm_cantidad,vfm_unitario,vfm_total,vfm_entregado) VALUES (6465,1538,1,490,490,@@@NO@@@)','',2,'2013-07-28'),(44352,'INSERT INTO gne_vale_ferreteria (vfe_id,vfe_fecha,vfe_total,vfe_estado,vfe_entregado,usu_nusuario) VALUES (6466,@@@2013.07.28@@@,580,1,0,@@@m_martinez@@@)','',2,'2013-07-28'),(44353,'INSERT INTO gne_vale_ferreteria_mov (vfe_id,pro_codigo_plu,vfm_cantidad,vfm_unitario,vfm_total,vfm_entregado) VALUES (6466,1536,2,290,580,@@@NO@@@)','',2,'2013-07-28'),(44354,'INSERT INTO gne_vale_ferreteria (vfe_id,vfe_fecha,vfe_total,vfe_estado,vfe_entregado,usu_nusuario) VALUES (6467,@@@2013.07.28@@@,290,1,0,@@@m_martinez@@@)','',2,'2013-07-28'),(44355,'INSERT INTO gne_vale_ferreteria_mov (vfe_id,pro_codigo_plu,vfm_cantidad,vfm_unitario,vfm_total,vfm_entregado) VALUES (6467,1536,1,290,290,@@@NO@@@)','',2,'2013-07-28'),(44356,'INSERT INTO gne_vale_ferreteria (vfe_id,vfe_fecha,vfe_total,vfe_estado,vfe_entregado,usu_nusuario) VALUES (6468,@@@2013.07.28@@@,600,1,0,@@@m_martinez@@@)','',2,'2013-07-28'),(44357,'INSERT INTO gne_vale_ferreteria_mov (vfe_id,pro_codigo_plu,vfm_cantidad,vfm_unitario,vfm_total,vfm_entregado) VALUES (6468,780721464,2,300,600,@@@NO@@@)','',2,'2013-07-28'),(44358,'INSERT INTO gne_vale_ferreteria (vfe_id,vfe_fecha,vfe_total,vfe_estado,vfe_entregado,usu_nusuario) VALUES (6469,@@@2013.07.28@@@,880,1,0,@@@m_martinez@@@)','',2,'2013-07-28'),(44359,'INSERT INTO gne_vale_ferreteria_mov (vfe_id,pro_codigo_plu,vfm_cantidad,vfm_unitario,vfm_total,vfm_entregado) VALUES (6469,16430,2,160,320,@@@NO@@@)','',2,'2013-07-28'),(44360,'INSERT INTO gne_vale_ferreteria_mov (vfe_id,pro_codigo_plu,vfm_cantidad,vfm_unitario,vfm_total,vfm_entregado) VALUES (6469,780721387,1,130,130,@@@NO@@@)','',2,'2013-07-28'),(44361,'INSERT INTO gne_vale_ferreteria_mov (vfe_id,pro_codigo_plu,vfm_cantidad,vfm_unitario,vfm_total,vfm_entregado) VALUES (6469,16664,1,430,430,@@@NO@@@)','',2,'2013-07-28'),(44362,'INSERT INTO gne_vale_ferreteria (vfe_id,vfe_fecha,vfe_total,vfe_estado,vfe_entregado,usu_nusuario) VALUES (6470,@@@2013.07.28@@@,510,1,0,@@@m_martinez@@@)','',2,'2013-07-28'),(44363,'INSERT INTO gne_vale_ferreteria_mov (vfe_id,pro_codigo_plu,vfm_cantidad,vfm_unitario,vfm_total,vfm_entregado) VALUES (6470,780721141,1,120,120,@@@NO@@@)','',2,'2013-07-28'),(44364,'INSERT INTO gne_vale_ferreteria_mov (vfe_id,pro_codigo_plu,vfm_cantidad,vfm_unitario,vfm_total,vfm_entregado) VALUES (6470,1535,1,390,390,@@@NO@@@)','',2,'2013-07-28'),(44365,'INSERT INTO gne_vale_ferreteria (vfe_id,vfe_fecha,vfe_total,vfe_estado,vfe_entregado,usu_nusuario) VALUES (6471,@@@2013.07.28@@@,120,1,0,@@@m_martinez@@@)','',2,'2013-07-28'),(44366,'INSERT INTO gne_vale_ferreteria_mov (vfe_id,pro_codigo_plu,vfm_cantidad,vfm_unitario,vfm_total,vfm_entregado) VALUES (6471,764770,4,30,120,@@@NO@@@)','',2,'2013-07-28'),(44367,'INSERT INTO gne_vale_ferreteria (vfe_id,vfe_fecha,vfe_total,vfe_estado,vfe_entregado,usu_nusuario) VALUES (6472,@@@2013.07.28@@@,420,1,0,@@@m_martinez@@@)','',2,'2013-07-28'),(44368,'INSERT INTO gne_vale_ferreteria_mov (vfe_id,pro_codigo_plu,vfm_cantidad,vfm_unitario,vfm_total,vfm_entregado) VALUES (6472,780220193,1,370,370,@@@NO@@@)','',2,'2013-07-28'),(44369,'INSERT INTO gne_vale_ferreteria_mov (vfe_id,pro_codigo_plu,vfm_cantidad,vfm_unitario,vfm_total,vfm_entregado) VALUES (6472,770032,1,50,50,@@@NO@@@)','',2,'2013-07-28'),(44370,'INSERT INTO gne_vale_ferreteria (vfe_id,vfe_fecha,vfe_total,vfe_estado,vfe_entregado,usu_nusuario) VALUES (6473,@@@2013.07.28@@@,130,1,0,@@@m_martinez@@@)','',2,'2013-07-28'),(44371,'INSERT INTO gne_vale_ferreteria_mov (vfe_id,pro_codigo_plu,vfm_cantidad,vfm_unitario,vfm_total,vfm_entregado) VALUES (6473,102455,1,130,130,@@@NO@@@)','',2,'2013-07-28'),(44372,'INSERT INTO gne_vale_ferreteria (vfe_id,vfe_fecha,vfe_total,vfe_estado,vfe_entregado,usu_nusuario) VALUES (6474,@@@2013.07.28@@@,1909,1,0,@@@m_martinez@@@)','',2,'2013-07-28'),(44373,'INSERT INTO gne_vale_ferreteria_mov (vfe_id,pro_codigo_plu,vfm_cantidad,vfm_unitario,vfm_total,vfm_entregado) VALUES (6474,780721304,1,550,550,@@@NO@@@)','',2,'2013-07-28'),(44374,'INSERT INTO gne_vale_ferreteria_mov (vfe_id,pro_codigo_plu,vfm_cantidad,vfm_unitario,vfm_total,vfm_entregado) VALUES (6474,780721388,1,399,399,@@@NO@@@)','',2,'2013-07-28'),(44375,'INSERT INTO gne_vale_ferreteria_mov (vfe_id,pro_codigo_plu,vfm_cantidad,vfm_unitario,vfm_total,vfm_entregado) VALUES (6474,763596,1,90,90,@@@NO@@@)','',2,'2013-07-28'),(44376,'INSERT INTO gne_vale_ferreteria_mov (vfe_id,pro_codigo_plu,vfm_cantidad,vfm_unitario,vfm_total,vfm_entregado) VALUES (6474,780721141,1,120,120,@@@NO@@@)','',2,'2013-07-28'),(44377,'INSERT INTO gne_vale_ferreteria_mov (vfe_id,pro_codigo_plu,vfm_cantidad,vfm_unitario,vfm_total,vfm_entregado) VALUES (6474,763890,1,550,550,@@@NO@@@)','',2,'2013-07-28'),(44378,'INSERT INTO gne_vale_ferreteria_mov (vfe_id,pro_codigo_plu,vfm_cantidad,vfm_unitario,vfm_total,vfm_entregado) VALUES (6474,4089,1,200,200,@@@NO@@@)','',2,'2013-07-28'),(44379,'INSERT INTO gne_vale_ferreteria (vfe_id,vfe_fecha,vfe_total,vfe_estado,vfe_entregado,usu_nusuario) VALUES (6475,@@@2013.07.28@@@,310,1,0,@@@m_martinez@@@)','',2,'2013-07-28'),(44380,'INSERT INTO gne_vale_ferreteria_mov (vfe_id,pro_codigo_plu,vfm_cantidad,vfm_unitario,vfm_total,vfm_entregado) VALUES (6475,18799,1,310,310,@@@NO@@@)','',2,'2013-07-28'),(44381,'INSERT INTO gne_vale_ferreteria (vfe_id,vfe_fecha,vfe_total,vfe_estado,vfe_entregado,usu_nusuario) VALUES (6476,@@@2013.07.28@@@,1929,1,0,@@@m_martinez@@@)','',2,'2013-07-28'),(44382,'INSERT INTO gne_vale_ferreteria_mov (vfe_id,pro_codigo_plu,vfm_cantidad,vfm_unitario,vfm_total,vfm_entregado) VALUES (6476,780721231,1,990,990,@@@NO@@@)','',2,'2013-07-28'),(44383,'INSERT INTO gne_vale_ferreteria_mov (vfe_id,pro_codigo_plu,vfm_cantidad,vfm_unitario,vfm_total,vfm_entregado) VALUES (6476,12083,1,260,260,@@@NO@@@)','',2,'2013-07-28'),(44384,'INSERT INTO gne_vale_ferreteria_mov (vfe_id,pro_codigo_plu,vfm_cantidad,vfm_unitario,vfm_total,vfm_entregado) VALUES (6476,764364,2,140,280,@@@NO@@@)','',2,'2013-07-28'),(44385,'INSERT INTO gne_vale_ferreteria_mov (vfe_id,pro_codigo_plu,vfm_cantidad,vfm_unitario,vfm_total,vfm_entregado) VALUES (6476,780721388,1,399,399,@@@NO@@@)','',2,'2013-07-28'),(44386,'INSERT INTO gne_vale_ferreteria (vfe_id,vfe_fecha,vfe_total,vfe_estado,vfe_entregado,usu_nusuario) VALUES (6477,@@@2013.07.28@@@,320,1,0,@@@m_martinez@@@)','',2,'2013-07-28'),(44387,'INSERT INTO gne_vale_ferreteria_mov (vfe_id,pro_codigo_plu,vfm_cantidad,vfm_unitario,vfm_total,vfm_entregado) VALUES (6477,78017154,1,120,120,@@@NO@@@)','',2,'2013-07-28'),(44388,'INSERT INTO gne_vale_ferreteria_mov (vfe_id,pro_codigo_plu,vfm_cantidad,vfm_unitario,vfm_total,vfm_entregado) VALUES (6477,1542,2,100,200,@@@NO@@@)','',2,'2013-07-28'),(44389,'INSERT INTO gne_vale_ferreteria (vfe_id,vfe_fecha,vfe_total,vfe_estado,vfe_entregado,usu_nusuario) VALUES (6478,@@@2013.07.28@@@,120,1,0,@@@m_martinez@@@)','',2,'2013-07-28'),(44390,'INSERT INTO gne_vale_ferreteria_mov (vfe_id,pro_codigo_plu,vfm_cantidad,vfm_unitario,vfm_total,vfm_entregado) VALUES (6478,78017016,1,120,120,@@@NO@@@)','',2,'2013-07-28'),(44391,'INSERT INTO gne_vale_ferreteria (vfe_id,vfe_fecha,vfe_total,vfe_estado,vfe_entregado,usu_nusuario) VALUES (6479,@@@2013.07.28@@@,890,1,0,@@@m_martinez@@@)','',2,'2013-07-28'),(44392,'INSERT INTO gne_vale_ferreteria_mov (vfe_id,pro_codigo_plu,vfm_cantidad,vfm_unitario,vfm_total,vfm_entregado) VALUES (6479,763614,1,650,650,@@@NO@@@)','',2,'2013-07-28'),(44393,'INSERT INTO gne_vale_ferreteria_mov (vfe_id,pro_codigo_plu,vfm_cantidad,vfm_unitario,vfm_total,vfm_entregado) VALUES (6479,12085,1,120,120,@@@NO@@@)','',2,'2013-07-28'),(44394,'INSERT INTO gne_vale_ferreteria_mov (vfe_id,pro_codigo_plu,vfm_cantidad,vfm_unitario,vfm_total,vfm_entregado) VALUES (6479,78017204,1,120,120,@@@NO@@@)','',2,'2013-07-28'),(44395,'INSERT INTO gne_vale_ferreteria (vfe_id,vfe_fecha,vfe_total,vfe_estado,vfe_entregado,usu_nusuario) VALUES (6480,@@@2013.07.28@@@,1440,1,0,@@@m_martinez@@@)','',2,'2013-07-28'),(44396,'INSERT INTO gne_vale_ferreteria_mov (vfe_id,pro_codigo_plu,vfm_cantidad,vfm_unitario,vfm_total,vfm_entregado) VALUES (6480,15949,3,480,1440,@@@NO@@@)','',2,'2013-07-28'),(44397,'INSERT INTO gne_vale_ferreteria (vfe_id,vfe_fecha,vfe_total,vfe_estado,vfe_entregado,usu_nusuario) VALUES (6481,@@@2013.07.28@@@,220,1,0,@@@m_martinez@@@)','',2,'2013-07-28'),(44398,'INSERT INTO gne_vale_ferreteria_mov (vfe_id,pro_codigo_plu,vfm_cantidad,vfm_unitario,vfm_total,vfm_entregado) VALUES (6481,763783,1,220,220,@@@NO@@@)','',2,'2013-07-28'),(44399,'INSERT INTO gne_vale_ferreteria (vfe_id,vfe_fecha,vfe_total,vfe_estado,vfe_entregado,usu_nusuario) VALUES (6482,@@@2013.07.28@@@,1850,1,0,@@@m_martinez@@@)','',2,'2013-07-28'),(44400,'INSERT INTO gne_vale_ferreteria_mov (vfe_id,pro_codigo_plu,vfm_cantidad,vfm_unitario,vfm_total,vfm_entregado) VALUES (6482,780721231,1,990,990,@@@NO@@@)','',2,'2013-07-28'),(44401,'INSERT INTO gne_vale_ferreteria_mov (vfe_id,pro_codigo_plu,vfm_cantidad,vfm_unitario,vfm_total,vfm_entregado) VALUES (6482,21116,1,620,620,@@@NO@@@)','',2,'2013-07-28'),(44402,'INSERT INTO gne_vale_ferreteria_mov (vfe_id,pro_codigo_plu,vfm_cantidad,vfm_unitario,vfm_total,vfm_entregado) VALUES (6482,780721141,1,120,120,@@@NO@@@)','',2,'2013-07-28'),(44403,'INSERT INTO gne_vale_ferreteria_mov (vfe_id,pro_codigo_plu,vfm_cantidad,vfm_unitario,vfm_total,vfm_entregado) VALUES (6482,78017204,1,120,120,@@@NO@@@)','',2,'2013-07-28'),(44404,'INSERT INTO gne_vale_ferreteria (vfe_id,vfe_fecha,vfe_total,vfe_estado,vfe_entregado,usu_nusuario) VALUES (6483,@@@2013.07.28@@@,360,1,0,@@@m_martinez@@@)','',2,'2013-07-28'),(44405,'INSERT INTO gne_vale_ferreteria_mov (vfe_id,pro_codigo_plu,vfm_cantidad,vfm_unitario,vfm_total,vfm_entregado) VALUES (6483,15745,2,180,360,@@@NO@@@)','',2,'2013-07-28'),(44406,'INSERT INTO gne_vale_ferreteria (vfe_id,vfe_fecha,vfe_total,vfe_estado,vfe_entregado,usu_nusuario) VALUES (6484,@@@2013.07.28@@@,790,1,0,@@@m_martinez@@@)','',2,'2013-07-28'),(44407,'INSERT INTO gne_vale_ferreteria_mov (vfe_id,pro_codigo_plu,vfm_cantidad,vfm_unitario,vfm_total,vfm_entregado) VALUES (6484,101454,1,790,790,@@@NO@@@)','',2,'2013-07-28'),(44408,'INSERT INTO gne_vale_ferreteria (vfe_id,vfe_fecha,vfe_total,vfe_estado,vfe_entregado,usu_nusuario) VALUES (6485,@@@2013.07.28@@@,290,1,0,@@@m_martinez@@@)','',2,'2013-07-28'),(44409,'INSERT INTO gne_vale_ferreteria_mov (vfe_id,pro_codigo_plu,vfm_cantidad,vfm_unitario,vfm_total,vfm_entregado) VALUES (6485,1559,1,290,290,@@@NO@@@)','',2,'2013-07-28'),(44410,'INSERT INTO gne_vale_ferreteria (vfe_id,vfe_fecha,vfe_total,vfe_estado,vfe_entregado,usu_nusuario) VALUES (6486,@@@2013.07.28@@@,2080,1,0,@@@m_martinez@@@)','',2,'2013-07-28'),(44411,'INSERT INTO gne_vale_ferreteria_mov (vfe_id,pro_codigo_plu,vfm_cantidad,vfm_unitario,vfm_total,vfm_entregado) VALUES (6486,780220154,1,1790,1790,@@@NO@@@)','',2,'2013-07-28'),(44412,'INSERT INTO gne_vale_ferreteria_mov (vfe_id,pro_codigo_plu,vfm_cantidad,vfm_unitario,vfm_total,vfm_entregado) VALUES (6486,1559,1,290,290,@@@NO@@@)','',2,'2013-07-28'),(44413,'INSERT INTO gne_vale_ferreteria (vfe_id,vfe_fecha,vfe_total,vfe_estado,vfe_entregado,usu_nusuario) VALUES (6487,@@@2013.07.28@@@,1690,1,0,@@@m_martinez@@@)','',2,'2013-07-28'),(44414,'INSERT INTO gne_vale_ferreteria_mov (vfe_id,pro_codigo_plu,vfm_cantidad,vfm_unitario,vfm_total,vfm_entregado) VALUES (6487,20476,1,1690,1690,@@@NO@@@)','',2,'2013-07-28'),(44415,'INSERT INTO gne_vale_ferreteria (vfe_id,vfe_fecha,vfe_total,vfe_estado,vfe_entregado,usu_nusuario) VALUES (6488,@@@2013.07.28@@@,2180,1,0,@@@m_martinez@@@)','',2,'2013-07-28'),(44416,'INSERT INTO gne_vale_ferreteria_mov (vfe_id,pro_codigo_plu,vfm_cantidad,vfm_unitario,vfm_total,vfm_entregado) VALUES (6488,15491,1,1100,1100,@@@NO@@@)','',2,'2013-07-28'),(44417,'INSERT INTO gne_vale_ferreteria_mov (vfe_id,pro_codigo_plu,vfm_cantidad,vfm_unitario,vfm_total,vfm_entregado) VALUES (6488,2004,1,300,300,@@@NO@@@)','',2,'2013-07-28'),(44418,'INSERT INTO gne_vale_ferreteria_mov (vfe_id,pro_codigo_plu,vfm_cantidad,vfm_unitario,vfm_total,vfm_entregado) VALUES (6488,764016,1,450,450,@@@NO@@@)','',2,'2013-07-28'),(44419,'INSERT INTO gne_vale_ferreteria_mov (vfe_id,pro_codigo_plu,vfm_cantidad,vfm_unitario,vfm_total,vfm_entregado) VALUES (6488,19918,1,330,330,@@@NO@@@)','',2,'2013-07-28'),(44420,'INSERT INTO gne_vale_ferreteria (vfe_id,vfe_fecha,vfe_total,vfe_estado,vfe_entregado,usu_nusuario) VALUES (6489,@@@2013.07.28@@@,780,1,0,@@@m_martinez@@@)','',2,'2013-07-28'),(44421,'INSERT INTO gne_vale_ferreteria_mov (vfe_id,pro_codigo_plu,vfm_cantidad,vfm_unitario,vfm_total,vfm_entregado) VALUES (6489,78017124,2,390,780,@@@NO@@@)','',2,'2013-07-28'),(44422,'INSERT INTO gne_vale_ferreteria (vfe_id,vfe_fecha,vfe_total,vfe_estado,vfe_entregado,usu_nusuario) VALUES (6490,@@@2013.07.28@@@,300,1,0,@@@m_martinez@@@)','',2,'2013-07-28'),(44423,'INSERT INTO gne_vale_ferreteria_mov (vfe_id,pro_codigo_plu,vfm_cantidad,vfm_unitario,vfm_total,vfm_entregado) VALUES (6490,102110,1,300,300,@@@NO@@@)','',2,'2013-07-28'),(44424,'INSERT INTO gne_vale_ferreteria (vfe_id,vfe_fecha,vfe_total,vfe_estado,vfe_entregado,usu_nusuario) VALUES (6491,@@@2013.07.28@@@,800,1,0,@@@m_martinez@@@)','',2,'2013-07-28'),(44425,'INSERT INTO gne_vale_ferreteria_mov (vfe_id,pro_codigo_plu,vfm_cantidad,vfm_unitario,vfm_total,vfm_entregado) VALUES (6491,20365,1,100,100,@@@NO@@@)','',2,'2013-07-28'),(44426,'INSERT INTO gne_vale_ferreteria_mov (vfe_id,pro_codigo_plu,vfm_cantidad,vfm_unitario,vfm_total,vfm_entregado) VALUES (6491,20141,1,100,100,@@@NO@@@)','',2,'2013-07-28'),(44427,'INSERT INTO gne_vale_ferreteria_mov (vfe_id,pro_codigo_plu,vfm_cantidad,vfm_unitario,vfm_total,vfm_entregado) VALUES (6491,764412,5,120,600,@@@NO@@@)','',2,'2013-07-28'),(44428,'INSERT INTO gne_vale_ferreteria (vfe_id,vfe_fecha,vfe_total,vfe_estado,vfe_entregado,usu_nusuario) VALUES (6492,@@@2013.07.28@@@,360,1,0,@@@m_martinez@@@)','',2,'2013-07-28'),(44429,'INSERT INTO gne_vale_ferreteria_mov (vfe_id,pro_codigo_plu,vfm_cantidad,vfm_unitario,vfm_total,vfm_entregado) VALUES (6492,764412,3,120,360,@@@NO@@@)','',2,'2013-07-28'),(44430,'INSERT INTO gne_vale_ferreteria (vfe_id,vfe_fecha,vfe_total,vfe_estado,vfe_entregado,usu_nusuario) VALUES (6493,@@@2013.07.28@@@,150,1,0,@@@m_martinez@@@)','',2,'2013-07-28'),(44431,'INSERT INTO gne_vale_ferreteria_mov (vfe_id,pro_codigo_plu,vfm_cantidad,vfm_unitario,vfm_total,vfm_entregado) VALUES (6493,78017017,1,150,150,@@@NO@@@)','',2,'2013-07-28'),(44432,'INSERT INTO gne_vale_ferreteria (vfe_id,vfe_fecha,vfe_total,vfe_estado,vfe_entregado,usu_nusuario) VALUES (6494,@@@2013.07.28@@@,749,1,0,@@@m_martinez@@@)','',2,'2013-07-28'),(44433,'INSERT INTO gne_vale_ferreteria_mov (vfe_id,pro_codigo_plu,vfm_cantidad,vfm_unitario,vfm_total,vfm_entregado) VALUES (6494,780721388,1,399,399,@@@NO@@@)','',2,'2013-07-28'),(44434,'INSERT INTO gne_vale_ferreteria_mov (vfe_id,pro_codigo_plu,vfm_cantidad,vfm_unitario,vfm_total,vfm_entregado) VALUES (6494,1017,1,350,350,@@@NO@@@)','',2,'2013-07-28'),(44435,'INSERT INTO gne_vale_ferreteria (vfe_id,vfe_fecha,vfe_total,vfe_estado,vfe_entregado,usu_nusuario) VALUES (6495,@@@2013.07.28@@@,520,1,0,@@@m_martinez@@@)','',2,'2013-07-28'),(44436,'INSERT INTO gne_vale_ferreteria_mov (vfe_id,pro_codigo_plu,vfm_cantidad,vfm_unitario,vfm_total,vfm_entregado) VALUES (6495,78017204,2,120,240,@@@NO@@@)','',2,'2013-07-28'),(44437,'INSERT INTO gne_vale_ferreteria_mov (vfe_id,pro_codigo_plu,vfm_cantidad,vfm_unitario,vfm_total,vfm_entregado) VALUES (6495,764364,2,140,280,@@@NO@@@)','',2,'2013-07-28'),(44438,'INSERT INTO gne_vale_ferreteria (vfe_id,vfe_fecha,vfe_total,vfe_estado,vfe_entregado,usu_nusuario) VALUES (6496,@@@2013.07.28@@@,600,1,0,@@@m_martinez@@@)','',2,'2013-07-28'),(44439,'INSERT INTO gne_vale_ferreteria_mov (vfe_id,pro_codigo_plu,vfm_cantidad,vfm_unitario,vfm_total,vfm_entregado) VALUES (6496,780721221,2,300,600,@@@NO@@@)','',2,'2013-07-28'),(44440,'INSERT INTO gne_vale_ferreteria (vfe_id,vfe_fecha,vfe_total,vfe_estado,vfe_entregado,usu_nusuario) VALUES (6497,@@@2013.07.28@@@,4980,1,0,@@@m_martinez@@@)','',2,'2013-07-28'),(44441,'INSERT INTO gne_vale_ferreteria_mov (vfe_id,pro_codigo_plu,vfm_cantidad,vfm_unitario,vfm_total,vfm_entregado) VALUES (6497,1086,1,1390,1390,@@@NO@@@)','',2,'2013-07-28'),(44442,'INSERT INTO gne_vale_ferreteria_mov (vfe_id,pro_codigo_plu,vfm_cantidad,vfm_unitario,vfm_total,vfm_entregado) VALUES (6497,12083,1,260,260,@@@NO@@@)','',2,'2013-07-28'),(44443,'INSERT INTO gne_vale_ferreteria_mov (vfe_id,pro_codigo_plu,vfm_cantidad,vfm_unitario,vfm_total,vfm_entregado) VALUES (6497,763623,1,790,790,@@@NO@@@)','',2,'2013-07-28'),(44444,'INSERT INTO gne_vale_ferreteria_mov (vfe_id,pro_codigo_plu,vfm_cantidad,vfm_unitario,vfm_total,vfm_entregado) VALUES (6497,763621,1,2190,2190,@@@NO@@@)','',2,'2013-07-28'),(44445,'INSERT INTO gne_vale_ferreteria_mov (vfe_id,pro_codigo_plu,vfm_cantidad,vfm_unitario,vfm_total,vfm_entregado) VALUES (6497,1017,1,350,350,@@@NO@@@)','',2,'2013-07-28'),(44446,'INSERT INTO gne_vale_ferreteria (vfe_id,vfe_fecha,vfe_total,vfe_estado,vfe_entregado,usu_nusuario) VALUES (6498,@@@2013.07.28@@@,1410,1,0,@@@m_martinez@@@)','',2,'2013-07-28'),(44447,'INSERT INTO gne_vale_ferreteria_mov (vfe_id,pro_codigo_plu,vfm_cantidad,vfm_unitario,vfm_total,vfm_entregado) VALUES (6498,11378,1,620,620,@@@NO@@@)','',2,'2013-07-28'),(44448,'INSERT INTO gne_vale_ferreteria_mov (vfe_id,pro_codigo_plu,vfm_cantidad,vfm_unitario,vfm_total,vfm_entregado) VALUES (6498,1069,1,200,200,@@@NO@@@)','',2,'2013-07-28'),(44449,'INSERT INTO gne_vale_ferreteria_mov (vfe_id,pro_codigo_plu,vfm_cantidad,vfm_unitario,vfm_total,vfm_entregado) VALUES (6498,1067,1,200,200,@@@NO@@@)','',2,'2013-07-28'),(44450,'INSERT INTO gne_vale_ferreteria_mov (vfe_id,pro_codigo_plu,vfm_cantidad,vfm_unitario,vfm_total,vfm_entregado) VALUES (6498,1535,1,390,390,@@@NO@@@)','',2,'2013-07-28'),(44451,'INSERT INTO gne_vale_ferreteria (vfe_id,vfe_fecha,vfe_total,vfe_estado,vfe_entregado,usu_nusuario) VALUES (6499,@@@2013.07.28@@@,400,1,0,@@@m_martinez@@@)','',2,'2013-07-28'),(44452,'INSERT INTO gne_vale_ferreteria_mov (vfe_id,pro_codigo_plu,vfm_cantidad,vfm_unitario,vfm_total,vfm_entregado) VALUES (6499,1069,1,200,200,@@@NO@@@)','',2,'2013-07-28'),(44453,'INSERT INTO gne_vale_ferreteria_mov (vfe_id,pro_codigo_plu,vfm_cantidad,vfm_unitario,vfm_total,vfm_entregado) VALUES (6499,1067,1,200,200,@@@NO@@@)','',2,'2013-07-28'),(44454,'INSERT INTO gne_vale_ferreteria (vfe_id,vfe_fecha,vfe_total,vfe_estado,vfe_entregado,usu_nusuario) VALUES (6500,@@@2013.07.28@@@,3560,1,0,@@@m_martinez@@@)','',2,'2013-07-28'),(44455,'INSERT INTO gne_vale_ferreteria_mov (vfe_id,pro_codigo_plu,vfm_cantidad,vfm_unitario,vfm_total,vfm_entregado) VALUES (6500,102455,6,130,780,@@@NO@@@)','',2,'2013-07-28'),(44456,'INSERT INTO gne_vale_ferreteria_mov (vfe_id,pro_codigo_plu,vfm_cantidad,vfm_unitario,vfm_total,vfm_entregado) VALUES (6500,19855,1,890,890,@@@NO@@@)','',2,'2013-07-28'),(44457,'INSERT INTO gne_vale_ferreteria_mov (vfe_id,pro_codigo_plu,vfm_cantidad,vfm_unitario,vfm_total,vfm_entregado) VALUES (6500,762306,1,1890,1890,@@@NO@@@)','',2,'2013-07-28'),(44458,'INSERT INTO gne_vale_ferreteria (vfe_id,vfe_fecha,vfe_total,vfe_estado,vfe_entregado,usu_nusuario) VALUES (6501,@@@2013.07.28@@@,3389,1,0,@@@m_martinez@@@)','',2,'2013-07-28'),(44459,'INSERT INTO gne_vale_ferreteria_mov (vfe_id,pro_codigo_plu,vfm_cantidad,vfm_unitario,vfm_total,vfm_entregado) VALUES (6501,763622,1,1399,1399,@@@NO@@@)','',2,'2013-07-28'),(44460,'INSERT INTO gne_vale_ferreteria_mov (vfe_id,pro_codigo_plu,vfm_cantidad,vfm_unitario,vfm_total,vfm_entregado) VALUES (6501,78017126,1,490,490,@@@NO@@@)','',2,'2013-07-28'),(44461,'INSERT INTO gne_vale_ferreteria_mov (vfe_id,pro_codigo_plu,vfm_cantidad,vfm_unitario,vfm_total,vfm_entregado) VALUES (6501,763591,1,420,420,@@@NO@@@)','',2,'2013-07-28'),(44462,'INSERT INTO gne_vale_ferreteria_mov (vfe_id,pro_codigo_plu,vfm_cantidad,vfm_unitario,vfm_total,vfm_entregado) VALUES (6501,780721387,1,130,130,@@@NO@@@)','',2,'2013-07-28'),(44463,'INSERT INTO gne_vale_ferreteria_mov (vfe_id,pro_codigo_plu,vfm_cantidad,vfm_unitario,vfm_total,vfm_entregado) VALUES (6501,764364,2,140,280,@@@NO@@@)','',2,'2013-07-28'),(44464,'INSERT INTO gne_vale_ferreteria_mov (vfe_id,pro_codigo_plu,vfm_cantidad,vfm_unitario,vfm_total,vfm_entregado) VALUES (6501,78017204,1,120,120,@@@NO@@@)','',2,'2013-07-28'),(44465,'INSERT INTO gne_vale_ferreteria_mov (vfe_id,pro_codigo_plu,vfm_cantidad,vfm_unitario,vfm_total,vfm_entregado) VALUES (6501,763890,1,550,550,@@@NO@@@)','',2,'2013-07-28'),(44466,'INSERT INTO gne_vale_ferreteria (vfe_id,vfe_fecha,vfe_total,vfe_estado,vfe_entregado,usu_nusuario) VALUES (6502,@@@2013.07.28@@@,1,1,0,@@@m_martinez@@@)','',2,'2013-07-28'),(44467,'INSERT INTO gne_vale_ferreteria_mov (vfe_id,pro_codigo_plu,vfm_cantidad,vfm_unitario,vfm_total,vfm_entregado) VALUES (6502,2500,1,1,1,@@@NO@@@)','',2,'2013-07-28'),(44468,'INSERT INTO gne_vale_ferreteria (vfe_id,vfe_fecha,vfe_total,vfe_estado,vfe_entregado,usu_nusuario) VALUES (6503,@@@2013.07.28@@@,350,1,0,@@@m_martinez@@@)','',2,'2013-07-28'),(44469,'INSERT INTO gne_vale_ferreteria_mov (vfe_id,pro_codigo_plu,vfm_cantidad,vfm_unitario,vfm_total,vfm_entregado) VALUES (6503,19150,1,350,350,@@@NO@@@)','',2,'2013-07-28'),(44470,'INSERT INTO gne_vale_ferreteria (vfe_id,vfe_fecha,vfe_total,vfe_estado,vfe_entregado,usu_nusuario) VALUES (6504,@@@2013.07.28@@@,490,1,0,@@@m_martinez@@@)','',2,'2013-07-28'),(44471,'INSERT INTO gne_vale_ferreteria_mov (vfe_id,pro_codigo_plu,vfm_cantidad,vfm_unitario,vfm_total,vfm_entregado) VALUES (6504,780220183,1,490,490,@@@NO@@@)','',2,'2013-07-28'),(44472,'INSERT INTO gne_vale_ferreteria (vfe_id,vfe_fecha,vfe_total,vfe_estado,vfe_entregado,usu_nusuario) VALUES (6505,@@@2013.07.28@@@,200,1,0,@@@m_martinez@@@)','',2,'2013-07-28'),(44473,'INSERT INTO gne_vale_ferreteria_mov (vfe_id,pro_codigo_plu,vfm_cantidad,vfm_unitario,vfm_total,vfm_entregado) VALUES (6505,1546,1,200,200,@@@NO@@@)','',2,'2013-07-28'),(44474,'INSERT INTO gne_vale_ferreteria (vfe_id,vfe_fecha,vfe_total,vfe_estado,vfe_entregado,usu_nusuario) VALUES (6506,@@@2013.07.28@@@,390,1,0,@@@m_martinez@@@)','',2,'2013-07-28'),(44475,'INSERT INTO gne_vale_ferreteria_mov (vfe_id,pro_codigo_plu,vfm_cantidad,vfm_unitario,vfm_total,vfm_entregado) VALUES (6506,1554,1,390,390,@@@NO@@@)','',2,'2013-07-28'),(44476,'INSERT INTO gne_vale_ferreteria (vfe_id,vfe_fecha,vfe_total,vfe_estado,vfe_entregado,usu_nusuario) VALUES (6507,@@@2013.07.28@@@,160,1,0,@@@m_martinez@@@)','',2,'2013-07-28'),(44477,'INSERT INTO gne_vale_ferreteria_mov (vfe_id,pro_codigo_plu,vfm_cantidad,vfm_unitario,vfm_total,vfm_entregado) VALUES (6507,16430,1,160,160,@@@NO@@@)','',2,'2013-07-28'),(44478,'INSERT INTO gne_vale_ferreteria (vfe_id,vfe_fecha,vfe_total,vfe_estado,vfe_entregado,usu_nusuario) VALUES (6508,@@@2013.07.28@@@,1590,1,0,@@@m_martinez@@@)','',2,'2013-07-28'),(44479,'INSERT INTO gne_vale_ferreteria_mov (vfe_id,pro_codigo_plu,vfm_cantidad,vfm_unitario,vfm_total,vfm_entregado) VALUES (6508,780721231,1,990,990,@@@NO@@@)','',2,'2013-07-28'),(44480,'INSERT INTO gne_vale_ferreteria_mov (vfe_id,pro_codigo_plu,vfm_cantidad,vfm_unitario,vfm_total,vfm_entregado) VALUES (6508,78017016,5,120,600,@@@NO@@@)','',2,'2013-07-28'),(44481,'INSERT INTO gne_vale_ferreteria (vfe_id,vfe_fecha,vfe_total,vfe_estado,vfe_entregado,usu_nusuario) VALUES (6509,@@@2013.07.28@@@,2490,1,0,@@@m_martinez@@@)','',2,'2013-07-28'),(44482,'INSERT INTO gne_vale_ferreteria_mov (vfe_id,pro_codigo_plu,vfm_cantidad,vfm_unitario,vfm_total,vfm_entregado) VALUES (6509,763884,1,900,900,@@@NO@@@)','',2,'2013-07-28'),(44483,'INSERT INTO gne_vale_ferreteria_mov (vfe_id,pro_codigo_plu,vfm_cantidad,vfm_unitario,vfm_total,vfm_entregado) VALUES (6509,780721231,1,990,990,@@@NO@@@)','',2,'2013-07-28'),(44484,'INSERT INTO gne_vale_ferreteria_mov (vfe_id,pro_codigo_plu,vfm_cantidad,vfm_unitario,vfm_total,vfm_entregado) VALUES (6509,78017016,5,120,600,@@@NO@@@)','',2,'2013-07-28'),(44485,'INSERT INTO gne_vale_ferreteria (vfe_id,vfe_fecha,vfe_total,vfe_estado,vfe_entregado,usu_nusuario) VALUES (6510,@@@2013.07.28@@@,160,1,0,@@@m_martinez@@@)','',2,'2013-07-28'),(44486,'INSERT INTO gne_vale_ferreteria_mov (vfe_id,pro_codigo_plu,vfm_cantidad,vfm_unitario,vfm_total,vfm_entregado) VALUES (6510,16430,1,160,160,@@@NO@@@)','',2,'2013-07-28'),(44487,'INSERT INTO gne_vale_ferreteria (vfe_id,vfe_fecha,vfe_total,vfe_estado,vfe_entregado,usu_nusuario) VALUES (6511,@@@2013.07.28@@@,890,1,0,@@@m_martinez@@@)','',2,'2013-07-28'),(44488,'INSERT INTO gne_vale_ferreteria_mov (vfe_id,pro_codigo_plu,vfm_cantidad,vfm_unitario,vfm_total,vfm_entregado) VALUES (6511,20882,1,890,890,@@@NO@@@)','',2,'2013-07-28'),(44489,'INSERT INTO gne_vale_ferreteria (vfe_id,vfe_fecha,vfe_total,vfe_estado,vfe_entregado,usu_nusuario) VALUES (6512,@@@2013.07.28@@@,4290,1,0,@@@m_martinez@@@)','',2,'2013-07-28'),(44490,'INSERT INTO gne_vale_ferreteria_mov (vfe_id,pro_codigo_plu,vfm_cantidad,vfm_unitario,vfm_total,vfm_entregado) VALUES (6512,763796,1,4290,4290,@@@NO@@@)','',2,'2013-07-28'),(44491,'INSERT INTO gne_vale_ferreteria (vfe_id,vfe_fecha,vfe_total,vfe_estado,vfe_entregado,usu_nusuario) VALUES (6513,@@@2013.07.28@@@,2490,1,0,@@@m_martinez@@@)','',2,'2013-07-28'),(44492,'INSERT INTO gne_vale_ferreteria_mov (vfe_id,pro_codigo_plu,vfm_cantidad,vfm_unitario,vfm_total,vfm_entregado) VALUES (6513,780721099,1,2490,2490,@@@NO@@@)','',2,'2013-07-28'),(44493,'INSERT INTO gne_vale_ferreteria (vfe_id,vfe_fecha,vfe_total,vfe_estado,vfe_entregado,usu_nusuario) VALUES (6514,@@@2013.07.28@@@,1810,1,0,@@@m_martinez@@@)','',2,'2013-07-28'),(44494,'INSERT INTO gne_vale_ferreteria_mov (vfe_id,pro_codigo_plu,vfm_cantidad,vfm_unitario,vfm_total,vfm_entregado) VALUES (6514,1087,1,1490,1490,@@@NO@@@)','',2,'2013-07-28'),(44495,'INSERT INTO gne_vale_ferreteria_mov (vfe_id,pro_codigo_plu,vfm_cantidad,vfm_unitario,vfm_total,vfm_entregado) VALUES (6514,78017204,1,120,120,@@@NO@@@)','',2,'2013-07-28'),(44496,'INSERT INTO gne_vale_ferreteria_mov (vfe_id,pro_codigo_plu,vfm_cantidad,vfm_unitario,vfm_total,vfm_entregado) VALUES (6514,1545,4,50,200,@@@NO@@@)','',2,'2013-07-28'),(44497,'INSERT INTO gne_vale_ferreteria (vfe_id,vfe_fecha,vfe_total,vfe_estado,vfe_entregado,usu_nusuario) VALUES (6515,@@@2013.07.28@@@,1100,1,0,@@@m_martinez@@@)','',2,'2013-07-28'),(44498,'INSERT INTO gne_vale_ferreteria_mov (vfe_id,pro_codigo_plu,vfm_cantidad,vfm_unitario,vfm_total,vfm_entregado) VALUES (6515,780721304,2,550,1100,@@@NO@@@)','',2,'2013-07-28'),(44499,'INSERT INTO gne_vale_ferreteria (vfe_id,vfe_fecha,vfe_total,vfe_estado,vfe_entregado,usu_nusuario) VALUES (6516,@@@2013.07.28@@@,100,1,0,@@@m_martinez@@@)','',2,'2013-07-28'),(44500,'INSERT INTO gne_vale_ferreteria_mov (vfe_id,pro_codigo_plu,vfm_cantidad,vfm_unitario,vfm_total,vfm_entregado) VALUES (6516,78017193,5,20,100,@@@NO@@@)','',2,'2013-07-28'),(44501,'INSERT INTO gne_vale_ferreteria (vfe_id,vfe_fecha,vfe_total,vfe_estado,vfe_entregado,usu_nusuario) VALUES (6517,@@@2013.07.28@@@,500,1,0,@@@m_martinez@@@)','',2,'2013-07-28'),(44502,'INSERT INTO gne_vale_ferreteria_mov (vfe_id,pro_codigo_plu,vfm_cantidad,vfm_unitario,vfm_total,vfm_entregado) VALUES (6517,78017204,2,120,240,@@@NO@@@)','',2,'2013-07-28'),(44503,'INSERT INTO gne_vale_ferreteria_mov (vfe_id,pro_codigo_plu,vfm_cantidad,vfm_unitario,vfm_total,vfm_entregado) VALUES (6517,780721387,2,130,260,@@@NO@@@)','',2,'2013-07-28'),(44504,'INSERT INTO gne_vale_ferreteria (vfe_id,vfe_fecha,vfe_total,vfe_estado,vfe_entregado,usu_nusuario) VALUES (6518,@@@2013.07.28@@@,630,1,0,@@@m_martinez@@@)','',2,'2013-07-28'),(44505,'INSERT INTO gne_vale_ferreteria_mov (vfe_id,pro_codigo_plu,vfm_cantidad,vfm_unitario,vfm_total,vfm_entregado) VALUES (6518,780721387,2,130,260,@@@NO@@@)','',2,'2013-07-28'),(44506,'INSERT INTO gne_vale_ferreteria_mov (vfe_id,pro_codigo_plu,vfm_cantidad,vfm_unitario,vfm_total,vfm_entregado) VALUES (6518,78017204,1,120,120,@@@NO@@@)','',2,'2013-07-28'),(44507,'INSERT INTO gne_vale_ferreteria_mov (vfe_id,pro_codigo_plu,vfm_cantidad,vfm_unitario,vfm_total,vfm_entregado) VALUES (6518,764583,1,250,250,@@@NO@@@)','',2,'2013-07-28'),(44508,'INSERT INTO gne_vale_ferreteria (vfe_id,vfe_fecha,vfe_total,vfe_estado,vfe_entregado,usu_nusuario) VALUES (6519,@@@2013.07.28@@@,650,1,0,@@@m_martinez@@@)','',2,'2013-07-28'),(44509,'INSERT INTO gne_vale_ferreteria_mov (vfe_id,pro_codigo_plu,vfm_cantidad,vfm_unitario,vfm_total,vfm_entregado) VALUES (6519,16421,1,160,160,@@@NO@@@)','',2,'2013-07-28'),(44510,'INSERT INTO gne_vale_ferreteria_mov (vfe_id,pro_codigo_plu,vfm_cantidad,vfm_unitario,vfm_total,vfm_entregado) VALUES (6519,780721387,1,130,130,@@@NO@@@)','',2,'2013-07-28'),(44511,'INSERT INTO gne_vale_ferreteria_mov (vfe_id,pro_codigo_plu,vfm_cantidad,vfm_unitario,vfm_total,vfm_entregado) VALUES (6519,12083,1,260,260,@@@NO@@@)','',2,'2013-07-28'),(44512,'INSERT INTO gne_vale_ferreteria_mov (vfe_id,pro_codigo_plu,vfm_cantidad,vfm_unitario,vfm_total,vfm_entregado) VALUES (6519,1539,10,10,100,@@@NO@@@)','',2,'2013-07-28'),(44513,'INSERT INTO gne_vale_ferreteria (vfe_id,vfe_fecha,vfe_total,vfe_estado,vfe_entregado,usu_nusuario) VALUES (6520,@@@2013.07.28@@@,1580,1,0,@@@m_martinez@@@)','',2,'2013-07-28'),(44514,'INSERT INTO gne_vale_ferreteria_mov (vfe_id,pro_codigo_plu,vfm_cantidad,vfm_unitario,vfm_total,vfm_entregado) VALUES (6520,101454,2,790,1580,@@@NO@@@)','',2,'2013-07-28'),(44515,'INSERT INTO gne_vale_ferreteria (vfe_id,vfe_fecha,vfe_total,vfe_estado,vfe_entregado,usu_nusuario) VALUES (6521,@@@2013.07.28@@@,300,1,0,@@@m_martinez@@@)','',2,'2013-07-28'),(44516,'INSERT INTO gne_vale_ferreteria_mov (vfe_id,pro_codigo_plu,vfm_cantidad,vfm_unitario,vfm_total,vfm_entregado) VALUES (6521,78017049,1,300,300,@@@NO@@@)','',2,'2013-07-28'),(44517,'INSERT INTO gne_vale_ferreteria (vfe_id,vfe_fecha,vfe_total,vfe_estado,vfe_entregado,usu_nusuario) VALUES (6522,@@@2013.07.28@@@,680,1,0,@@@m_martinez@@@)','',2,'2013-07-28'),(44518,'INSERT INTO gne_vale_ferreteria_mov (vfe_id,pro_codigo_plu,vfm_cantidad,vfm_unitario,vfm_total,vfm_entregado) VALUES (6522,19866,1,680,680,@@@NO@@@)','',2,'2013-07-28'),(44519,'INSERT INTO gne_vale_ferreteria (vfe_id,vfe_fecha,vfe_total,vfe_estado,vfe_entregado,usu_nusuario) VALUES (6523,@@@2013.07.28@@@,300,1,0,@@@m_martinez@@@)','',2,'2013-07-28'),(44520,'INSERT INTO gne_vale_ferreteria_mov (vfe_id,pro_codigo_plu,vfm_cantidad,vfm_unitario,vfm_total,vfm_entregado) VALUES (6523,780721464,1,300,300,@@@NO@@@)','',2,'2013-07-28'),(44521,'INSERT INTO gne_vale_ferreteria (vfe_id,vfe_fecha,vfe_total,vfe_estado,vfe_entregado,usu_nusuario) VALUES (6524,@@@2013.07.29@@@,660,1,0,@@@m_martinez@@@)','',2,'2013-07-29'),(44522,'INSERT INTO gne_vale_ferreteria_mov (vfe_id,pro_codigo_plu,vfm_cantidad,vfm_unitario,vfm_total,vfm_entregado) VALUES (6524,12083,1,260,260,@@@NO@@@)','',2,'2013-07-29'),(44523,'INSERT INTO gne_vale_ferreteria_mov (vfe_id,pro_codigo_plu,vfm_cantidad,vfm_unitario,vfm_total,vfm_entregado) VALUES (6524,4078,1,100,100,@@@NO@@@)','',2,'2013-07-29'),(44524,'INSERT INTO gne_vale_ferreteria_mov (vfe_id,pro_codigo_plu,vfm_cantidad,vfm_unitario,vfm_total,vfm_entregado) VALUES (6524,780721464,1,300,300,@@@NO@@@)','',2,'2013-07-29'),(44525,'INSERT INTO gne_vale_ferreteria (vfe_id,vfe_fecha,vfe_total,vfe_estado,vfe_entregado,usu_nusuario) VALUES (6525,@@@2013.07.29@@@,130,1,0,@@@m_martinez@@@)','',2,'2013-07-29'),(44526,'INSERT INTO gne_vale_ferreteria_mov (vfe_id,pro_codigo_plu,vfm_cantidad,vfm_unitario,vfm_total,vfm_entregado) VALUES (6525,780721387,1,130,130,@@@NO@@@)','',2,'2013-07-29'),(44527,'INSERT INTO gne_vale_ferreteria (vfe_id,vfe_fecha,vfe_total,vfe_estado,vfe_entregado,usu_nusuario) VALUES (6526,@@@2013.07.29@@@,649,1,0,@@@m_martinez@@@)','',2,'2013-07-29'),(44528,'INSERT INTO gne_vale_ferreteria_mov (vfe_id,pro_codigo_plu,vfm_cantidad,vfm_unitario,vfm_total,vfm_entregado) VALUES (6526,780721387,1,130,130,@@@NO@@@)','',2,'2013-07-29'),(44529,'INSERT INTO gne_vale_ferreteria_mov (vfe_id,pro_codigo_plu,vfm_cantidad,vfm_unitario,vfm_total,vfm_entregado) VALUES (6526,78017204,1,120,120,@@@NO@@@)','',2,'2013-07-29'),(44530,'INSERT INTO gne_vale_ferreteria_mov (vfe_id,pro_codigo_plu,vfm_cantidad,vfm_unitario,vfm_total,vfm_entregado) VALUES (6526,780721388,1,399,399,@@@NO@@@)','',2,'2013-07-29'),(44531,'INSERT INTO gne_vale_ferreteria (vfe_id,vfe_fecha,vfe_total,vfe_estado,vfe_entregado,usu_nusuario) VALUES (6527,@@@2013.07.29@@@,300,1,0,@@@m_martinez@@@)','',2,'2013-07-29'),(44532,'INSERT INTO gne_vale_ferreteria_mov (vfe_id,pro_codigo_plu,vfm_cantidad,vfm_unitario,vfm_total,vfm_entregado) VALUES (6527,780721464,1,300,300,@@@NO@@@)','',2,'2013-07-29'),(44533,'INSERT INTO gne_vale_ferreteria (vfe_id,vfe_fecha,vfe_total,vfe_estado,vfe_entregado,usu_nusuario) VALUES (6528,@@@2013.07.29@@@,1391,1,0,@@@m_martinez@@@)','',2,'2013-07-29'),(44534,'INSERT INTO gne_vale_ferreteria_mov (vfe_id,pro_codigo_plu,vfm_cantidad,vfm_unitario,vfm_total,vfm_entregado) VALUES (6528,1086,1,1390,1390,@@@NO@@@)','',2,'2013-07-29'),(44535,'INSERT INTO gne_vale_ferreteria_mov (vfe_id,pro_codigo_plu,vfm_cantidad,vfm_unitario,vfm_total,vfm_entregado) VALUES (6528,2500,1,1,1,@@@NO@@@)','',2,'2013-07-29'),(44536,'INSERT INTO gne_vale_ferreteria (vfe_id,vfe_fecha,vfe_total,vfe_estado,vfe_entregado,usu_nusuario) VALUES (6529,@@@2013.07.29@@@,300,1,0,@@@m_martinez@@@)','',2,'2013-07-29'),(44537,'INSERT INTO gne_vale_ferreteria_mov (vfe_id,pro_codigo_plu,vfm_cantidad,vfm_unitario,vfm_total,vfm_entregado) VALUES (6529,780220196,1,300,300,@@@NO@@@)','',2,'2013-07-29'),(44538,'INSERT INTO gne_vale_ferreteria (vfe_id,vfe_fecha,vfe_total,vfe_estado,vfe_entregado,usu_nusuario) VALUES (6530,@@@2013.07.29@@@,890,1,0,@@@m_martinez@@@)','',2,'2013-07-29'),(44539,'INSERT INTO gne_vale_ferreteria_mov (vfe_id,pro_codigo_plu,vfm_cantidad,vfm_unitario,vfm_total,vfm_entregado) VALUES (6530,763980,1,890,890,@@@NO@@@)','',2,'2013-07-29'),(44540,'INSERT INTO gne_vale_ferreteria (vfe_id,vfe_fecha,vfe_total,vfe_estado,vfe_entregado,usu_nusuario) VALUES (6531,@@@2013.07.29@@@,3698,1,0,@@@m_martinez@@@)','',2,'2013-07-29'),(44541,'INSERT INTO gne_vale_ferreteria_mov (vfe_id,pro_codigo_plu,vfm_cantidad,vfm_unitario,vfm_total,vfm_entregado) VALUES (6531,763777,1,1199,1199,@@@NO@@@)','',2,'2013-07-29'),(44542,'INSERT INTO gne_vale_ferreteria_mov (vfe_id,pro_codigo_plu,vfm_cantidad,vfm_unitario,vfm_total,vfm_entregado) VALUES (6531,12083,1,260,260,@@@NO@@@)','',2,'2013-07-29'),(44543,'INSERT INTO gne_vale_ferreteria_mov (vfe_id,pro_codigo_plu,vfm_cantidad,vfm_unitario,vfm_total,vfm_entregado) VALUES (6531,763622,1,1399,1399,@@@NO@@@)','',2,'2013-07-29'),(44544,'INSERT INTO gne_vale_ferreteria_mov (vfe_id,pro_codigo_plu,vfm_cantidad,vfm_unitario,vfm_total,vfm_entregado) VALUES (6531,761996,1,840,840,@@@NO@@@)','',2,'2013-07-29'),(44545,'INSERT INTO gne_vale_ferreteria (vfe_id,vfe_fecha,vfe_total,vfe_estado,vfe_entregado,usu_nusuario) VALUES (6532,@@@2013.07.29@@@,1110,1,0,@@@m_martinez@@@)','',2,'2013-07-29'),(44546,'INSERT INTO gne_vale_ferreteria_mov (vfe_id,pro_codigo_plu,vfm_cantidad,vfm_unitario,vfm_total,vfm_entregado) VALUES (6532,764269,1,420,420,@@@NO@@@)','',2,'2013-07-29'),(44547,'INSERT INTO gne_vale_ferreteria_mov (vfe_id,pro_codigo_plu,vfm_cantidad,vfm_unitario,vfm_total,vfm_entregado) VALUES (6532,764254,1,440,440,@@@NO@@@)','',2,'2013-07-29'),(44548,'INSERT INTO gne_vale_ferreteria_mov (vfe_id,pro_codigo_plu,vfm_cantidad,vfm_unitario,vfm_total,vfm_entregado) VALUES (6532,1070,1,250,250,@@@NO@@@)','',2,'2013-07-29'),(44549,'INSERT INTO gne_vale_ferreteria (vfe_id,vfe_fecha,vfe_total,vfe_estado,vfe_entregado,usu_nusuario) VALUES (6533,@@@2013.07.29@@@,2380,1,0,@@@m_martinez@@@)','',2,'2013-07-29'),(44550,'INSERT INTO gne_vale_ferreteria_mov (vfe_id,pro_codigo_plu,vfm_cantidad,vfm_unitario,vfm_total,vfm_entregado) VALUES (6533,8689,2,1190,2380,@@@NO@@@)','',2,'2013-07-29'),(44551,'INSERT INTO gne_vale_ferreteria (vfe_id,vfe_fecha,vfe_total,vfe_estado,vfe_entregado,usu_nusuario) VALUES (6534,@@@2013.07.29@@@,520,1,0,@@@m_martinez@@@)','',2,'2013-07-29'),(44552,'INSERT INTO gne_vale_ferreteria_mov (vfe_id,pro_codigo_plu,vfm_cantidad,vfm_unitario,vfm_total,vfm_entregado) VALUES (6534,19803,1,520,520,@@@NO@@@)','',2,'2013-07-29'),(44553,'UPDATE gpr_pack_virtual SET pav_nombre=@@@PACK PISCO CAMPANARIO SOUR + MANGO 2 X $ 4599@@@,pav_total_pack=4599,pav_total_descuento=899,pav_desde=@@@2013-05-08@@@,pav_hasta=@@@2013-09-30@@@,pav_tipo=@@@PR@@@,pav_precio=0,pav_lleva=0,pav_paga=0,pav_descuento=0,pav_porcentaje=0,pav_oferta_exclusiva=@@@NO@@@,pav_agotar_stock=@@@SI@@@,pav_stock=50,pav_costo=3620.93,pav_margen=27.01 WHERE pav_id=1','',2,'2013-07-29'),(44554,'DELETE FROM gpr_pack_virtual_mov WHERE pav_id=1','',2,'2013-07-29'),(44555,'DELETE FROM gpr_pack_virtual_horario WHERE pav_id=1','',2,'2013-07-29'),(44556,'INSERT INTO gpr_pack_virtual_mov (pav_id,pro_codigo_plu,pvm_precio,pvm_total,pvm_lleva,pvm_paga,pvm_descuento,pvm_porcentaje,pvm_total_normal,pvm_descuento_linea,pvm_costo,pvm_margen) VALUES (1,17630,2499,2499,1,1,0,0,2499,0,1733.94,44.12),(1,17659,2999,2100,1,0.7,0.3,2,2999,899,1886.99,11.29)','',2,'2013-07-29'),(44557,'INSERT INTO gpr_pack_virtual_horario (pav_id,pvh_dia,pvh_hora_desde,pvh_hora_hasta) VALUES (1,99,@@@00:00@@@,@@@23:59@@@)','',2,'2013-07-29'),(44558,'UPDATE gpr_pack_virtual SET pav_nombre=@@@PACK PISCO MISTRAL 35° + COCA COLA 1.5@@@,pav_total_pack=4799,pav_total_descuento=200,pav_desde=@@@2013-07-11@@@,pav_hasta=@@@2013-09-30@@@,pav_tipo=@@@PR@@@,pav_precio=0,pav_lleva=0,pav_paga=0,pav_descuento=0,pav_porcentaje=0,pav_oferta_exclusiva=@@@NO@@@,pav_agotar_stock=@@@SI@@@,pav_stock=30,pav_costo=3883.62,pav_margen=23.57 WHERE pav_id=27','',2,'2013-07-29'),(44559,'DELETE FROM gpr_pack_virtual_mov WHERE pav_id=27','',2,'2013-07-29'),(44560,'DELETE FROM gpr_pack_virtual_horario WHERE pav_id=27','',2,'2013-07-29'),(44561,'INSERT INTO gpr_pack_virtual_mov (pav_id,pro_codigo_plu,pvm_precio,pvm_total,pvm_lleva,pvm_paga,pvm_descuento,pvm_porcentaje,pvm_total_normal,pvm_descuento_linea,pvm_costo,pvm_margen) VALUES (27,17641,3999,3999,1,1,0,0,3999,0,3083.62,29.69),(27,17167,1000,800,1,0.8,0.2,0,1000,200,800,0)','',2,'2013-07-29'),(44562,'INSERT INTO gpr_pack_virtual_horario (pav_id,pvh_dia,pvh_hora_desde,pvh_hora_hasta) VALUES (27,99,@@@00:00@@@,@@@23:59@@@)','',2,'2013-07-29'),(44563,'UPDATE gpr_pack_virtual SET pav_nombre=@@@PACK PISCO MISTRAL 35° + COCA LIGHT 1,5 LT@@@,pav_total_pack=4799,pav_total_descuento=200,pav_desde=@@@2013-07-15@@@,pav_hasta=@@@2013-08-31@@@,pav_tipo=@@@PR@@@,pav_precio=0,pav_lleva=0,pav_paga=0,pav_descuento=0,pav_porcentaje=0,pav_oferta_exclusiva=@@@NO@@@,pav_agotar_stock=@@@SI@@@,pav_stock=50,pav_costo=3883.62,pav_margen=23.57 WHERE pav_id=36','',2,'2013-07-29'),(44564,'DELETE FROM gpr_pack_virtual_mov WHERE pav_id=36','',2,'2013-07-29'),(44565,'DELETE FROM gpr_pack_virtual_horario WHERE pav_id=36','',2,'2013-07-29'),(44566,'INSERT INTO gpr_pack_virtual_mov (pav_id,pro_codigo_plu,pvm_precio,pvm_total,pvm_lleva,pvm_paga,pvm_descuento,pvm_porcentaje,pvm_total_normal,pvm_descuento_linea,pvm_costo,pvm_margen) VALUES (36,17641,3999,3999,1,1,0,0,3999,0,3083.62,29.69),(36,17166,1000,800,1,0.7999,0.2001,1,1000,200,800,0)','',2,'2013-07-29'),(44567,'INSERT INTO gpr_pack_virtual_horario (pav_id,pvh_dia,pvh_hora_desde,pvh_hora_hasta) VALUES (36,99,@@@00:00@@@,@@@23:59@@@)','',2,'2013-07-29'),(44568,'INSERT INTO gne_vale_ferreteria (vfe_id,vfe_fecha,vfe_total,vfe_estado,vfe_entregado,usu_nusuario) VALUES (6535,@@@2013.07.29@@@,690,1,0,@@@m_martinez@@@)','',2,'2013-07-29'),(44569,'INSERT INTO gne_vale_ferreteria_mov (vfe_id,pro_codigo_plu,vfm_cantidad,vfm_unitario,vfm_total,vfm_entregado) VALUES (6535,770085,1,690,690,@@@NO@@@)','',2,'2013-07-29'),(44570,'UPDATE gpr_pack_virtual SET pav_nombre=@@@PACK PISCO MISTRAL 35° + COCA ZERO 1,5 LT@@@,pav_total_pack=4799,pav_total_descuento=200,pav_desde=@@@2013-07-15@@@,pav_hasta=@@@2013-08-31@@@,pav_tipo=@@@PR@@@,pav_precio=0,pav_lleva=0,pav_paga=0,pav_descuento=0,pav_porcentaje=0,pav_oferta_exclusiva=@@@NO@@@,pav_agotar_stock=@@@SI@@@,pav_stock=50,pav_costo=3821.34,pav_margen=25.58 WHERE pav_id=35','',2,'2013-07-29'),(44571,'DELETE FROM gpr_pack_virtual_mov WHERE pav_id=35','',2,'2013-07-29'),(44572,'DELETE FROM gpr_pack_virtual_horario WHERE pav_id=35','',2,'2013-07-29'),(44573,'INSERT INTO gpr_pack_virtual_mov (pav_id,pro_codigo_plu,pvm_precio,pvm_total,pvm_lleva,pvm_paga,pvm_descuento,pvm_porcentaje,pvm_total_normal,pvm_descuento_linea,pvm_costo,pvm_margen) VALUES (35,17641,3999,3999,1,1,0,0,3999,0,3083.62,29.69),(35,17414,1000,800,1,0.7999,0.2001,1,1000,200,737.72,8.44)','',2,'2013-07-29'),(44574,'INSERT INTO gpr_pack_virtual_horario (pav_id,pvh_dia,pvh_hora_desde,pvh_hora_hasta) VALUES (35,99,@@@00:00@@@,@@@23:59@@@)','',2,'2013-07-29'),(44575,'UPDATE gpr_pack_virtual SET pav_nombre=@@@PACK PISCO MISTRAL 35° + BEBIDA SPRITE ZERO 1@@@,pav_total_pack=4799,pav_total_descuento=200,pav_desde=@@@2013-07-15@@@,pav_hasta=@@@2013-08-31@@@,pav_tipo=@@@PR@@@,pav_precio=0,pav_lleva=0,pav_paga=0,pav_descuento=0,pav_porcentaje=0,pav_oferta_exclusiva=@@@NO@@@,pav_agotar_stock=@@@NO@@@,pav_stock=0,pav_costo=3821.34,pav_margen=25.58 WHERE pav_id=38','',2,'2013-07-29'),(44576,'DELETE FROM gpr_pack_virtual_mov WHERE pav_id=38','',2,'2013-07-29'),(44577,'DELETE FROM gpr_pack_virtual_horario WHERE pav_id=38','',2,'2013-07-29'),(44578,'INSERT INTO gpr_pack_virtual_mov (pav_id,pro_codigo_plu,pvm_precio,pvm_total,pvm_lleva,pvm_paga,pvm_descuento,pvm_porcentaje,pvm_total_normal,pvm_descuento_linea,pvm_costo,pvm_margen) VALUES (38,17641,3999,3999,1,1,0,0,3999,0,3083.62,29.69),(38,17330,1000,800,1,0.7999,0.2001,1,1000,200,737.72,8.44)','',2,'2013-07-29'),(44579,'INSERT INTO gpr_pack_virtual_horario (pav_id,pvh_dia,pvh_hora_desde,pvh_hora_hasta) VALUES (38,99,@@@00:00@@@,@@@23:59@@@)','',2,'2013-07-29'),(44580,'UPDATE gpr_pack_virtual SET pav_nombre=@@@PACK PISCO MISTRAL 35°+ BEBIDA SPRITE 1.5 LT@@@,pav_total_pack=4799,pav_total_descuento=200,pav_desde=@@@2013-07-15@@@,pav_hasta=@@@2013-08-31@@@,pav_tipo=@@@PR@@@,pav_precio=0,pav_lleva=0,pav_paga=0,pav_descuento=0,pav_porcentaje=0,pav_oferta_exclusiva=@@@NO@@@,pav_agotar_stock=@@@NO@@@,pav_stock=0,pav_costo=3821.38,pav_margen=25.58 WHERE pav_id=37','',2,'2013-07-29'),(44581,'DELETE FROM gpr_pack_virtual_mov WHERE pav_id=37','',2,'2013-07-29'),(44582,'DELETE FROM gpr_pack_virtual_horario WHERE pav_id=37','',2,'2013-07-29'),(44583,'INSERT INTO gpr_pack_virtual_mov (pav_id,pro_codigo_plu,pvm_precio,pvm_total,pvm_lleva,pvm_paga,pvm_descuento,pvm_porcentaje,pvm_total_normal,pvm_descuento_linea,pvm_costo,pvm_margen) VALUES (37,17641,3999,3999,1,1,0,0,3999,0,3083.62,29.69),(37,17319,1000,800,1,0.7999,0.2001,1,1000,200,737.76,8.44)','',2,'2013-07-29'),(44584,'INSERT INTO gpr_pack_virtual_horario (pav_id,pvh_dia,pvh_hora_desde,pvh_hora_hasta) VALUES (37,99,@@@00:00@@@,@@@23:59@@@)','',2,'2013-07-29'),(44585,'UPDATE gpr_pack_virtual SET pav_nombre=@@@PACK POWERADE VARIEDADES LIMA, FROZEN, FRUTIL@@@,pav_total_pack=1570,pav_total_descuento=210,pav_desde=@@@2013-07-18@@@,pav_hasta=@@@2013-08-31@@@,pav_tipo=@@@PA@@@,pav_precio=890,pav_lleva=2,pav_paga=1.764,pav_descuento=0.236,pav_porcentaje=1,pav_oferta_exclusiva=@@@NO@@@,pav_agotar_stock=@@@SI@@@,pav_stock=50,pav_costo=1204,pav_margen=30.4 WHERE pav_id=41','',2,'2013-07-29'),(44586,'DELETE FROM gpr_pack_virtual_mov WHERE pav_id=41','',2,'2013-07-29'),(44587,'DELETE FROM gpr_pack_virtual_horario WHERE pav_id=41','',2,'2013-07-29'),(44588,'INSERT INTO gpr_pack_virtual_mov (pav_id,pro_codigo_plu,pvm_precio,pvm_total,pvm_lleva,pvm_paga,pvm_descuento,pvm_porcentaje,pvm_total_normal,pvm_descuento_linea,pvm_costo,pvm_margen) VALUES (41,18504,890,0,1,1,0,0,890,105,602,30.4),(41,18466,890,0,1,1,0,0,890,105,602,30.4),(41,763373,890,0,1,1,0,0,890,105,602,30.4),(41,763372,890,0,1,1,0,0,890,105,602,30.4),(41,18468,890,0,1,1,0,0,890,105,602,30.4)','',2,'2013-07-29'),(44589,'INSERT INTO gpr_pack_virtual_horario (pav_id,pvh_dia,pvh_hora_desde,pvh_hora_hasta) VALUES (41,99,@@@00:00@@@,@@@23:59@@@)','',2,'2013-07-29'),(44590,'UPDATE gpr_pack_virtual SET pav_nombre=@@@PACK DETERGENTE OMO 400 GRS 3 X $2100@@@,pav_total_pack=2100,pav_total_descuento=270,pav_desde=@@@2013-07-18@@@,pav_hasta=@@@2013-08-30@@@,pav_tipo=@@@PA@@@,pav_precio=790,pav_lleva=3,pav_paga=2.658,pav_descuento=0.342,pav_porcentaje=1,pav_oferta_exclusiva=@@@NO@@@,pav_agotar_stock=@@@SI@@@,pav_stock=100,pav_costo=0,pav_margen=0 WHERE pav_id=42','',2,'2013-07-29'),(44591,'DELETE FROM gpr_pack_virtual_mov WHERE pav_id=42','',2,'2013-07-29'),(44592,'DELETE FROM gpr_pack_virtual_horario WHERE pav_id=42','',2,'2013-07-29'),(44593,'INSERT INTO gpr_pack_virtual_mov (pav_id,pro_codigo_plu,pvm_precio,pvm_total,pvm_lleva,pvm_paga,pvm_descuento,pvm_porcentaje,pvm_total_normal,pvm_descuento_linea,pvm_costo,pvm_margen) VALUES (42,78017041,790,0,1,1,0,0,790,90,0,0),(42,763540,790,0,1,1,0,0,790,90,0,0),(42,763539,790,0,1,1,0,0,790,90,0,0)','',2,'2013-07-29'),(44594,'INSERT INTO gpr_pack_virtual_horario (pav_id,pvh_dia,pvh_hora_desde,pvh_hora_hasta) VALUES (42,99,@@@00:00@@@,@@@23:59@@@)','',2,'2013-07-29'),(44595,'UPDATE mae_productos SET pro_margen_actual=-99.87,pro_precio_venta=1 WHERE pro_codigo_plu=780721456','',2,'2013-07-29'),(44596,'UPDATE mae_productos SET pro_margen_actual=-99.92,pro_precio_venta=1 WHERE pro_codigo_plu=780721452','',2,'2013-07-29'),(44597,'UPDATE mae_productos SET pro_margen_actual=-99.92,pro_precio_venta=1 WHERE pro_codigo_plu=780721460','',2,'2013-07-29'),(44598,'UPDATE mae_productos SET pro_margen_actual=0,pro_precio_venta=1990 WHERE pro_codigo_plu=770081','',2,'2013-07-29'),(44599,'UPDATE mae_productos SET pro_margen_actual=0,pro_precio_venta=300 WHERE pro_codigo_plu=780721464','',2,'2013-07-29'),(44600,'UPDATE mae_productos SET pro_margen_actual=0,pro_precio_venta=690 WHERE pro_codigo_plu=780721461','',2,'2013-07-29'),(44601,'UPDATE mae_productos SET pro_margen_actual=-99.93,pro_precio_venta=1 WHERE pro_codigo_plu=780721459','',2,'2013-07-29'),(44602,'UPDATE mae_productos SET pro_margen_actual=-99.86,pro_precio_venta=1 WHERE pro_codigo_plu=780721458','',2,'2013-07-29'),(44603,'UPDATE mae_productos SET pro_margen_actual=0,pro_precio_venta=2490 WHERE pro_codigo_plu=780721317','',2,'2013-07-29'),(44604,'UPDATE mae_productos SET pro_margen_actual=0,pro_precio_venta=399 WHERE pro_codigo_plu=532','',2,'2013-07-29'),(44605,'UPDATE mae_productos SET pro_margen_actual=0,pro_precio_venta=399 WHERE pro_codigo_plu=608','',2,'2013-07-29'),(44606,'UPDATE mae_productos SET pro_precio_fiscal=pro_precio_venta WHERE pro_codigo_plu=532','',2,'2013-07-29'),(44607,'UPDATE mae_productos SET pro_precio_fiscal=pro_precio_venta WHERE pro_codigo_plu=608','',2,'2013-07-29'),(44608,'INSERT INTO gne_vale_ferreteria (vfe_id,vfe_fecha,vfe_total,vfe_estado,vfe_entregado,usu_nusuario) VALUES (6536,@@@2013.07.29@@@,490,1,0,@@@S_BIZAMA@@@)','',2,'2013-07-29'),(44609,'INSERT INTO gne_vale_ferreteria_mov (vfe_id,pro_codigo_plu,vfm_cantidad,vfm_unitario,vfm_total,vfm_entregado) VALUES (6536,78017128,1,490,490,@@@NO@@@)','',2,'2013-07-29'),(44610,'INSERT INTO gne_vale_ferreteria (vfe_id,vfe_fecha,vfe_total,vfe_estado,vfe_entregado,usu_nusuario) VALUES (6537,@@@2013.07.29@@@,540,1,0,@@@S_BIZAMA@@@)','',2,'2013-07-29'),(44611,'INSERT INTO gne_vale_ferreteria_mov (vfe_id,pro_codigo_plu,vfm_cantidad,vfm_unitario,vfm_total,vfm_entregado) VALUES (6537,19916,1,540,540,@@@NO@@@)','',2,'2013-07-29'),(44612,'INSERT INTO gne_vale_ferreteria (vfe_id,vfe_fecha,vfe_total,vfe_estado,vfe_entregado,usu_nusuario) VALUES (6538,@@@2013.07.29@@@,495,1,0,@@@S_BIZAMA@@@)','',2,'2013-07-29'),(44613,'INSERT INTO gne_vale_ferreteria_mov (vfe_id,pro_codigo_plu,vfm_cantidad,vfm_unitario,vfm_total,vfm_entregado) VALUES (6538,11218,1,495,495,@@@NO@@@)','',2,'2013-07-29'),(44614,'INSERT INTO gne_vale_ferreteria (vfe_id,vfe_fecha,vfe_total,vfe_estado,vfe_entregado,usu_nusuario) VALUES (6539,@@@2013.07.29@@@,3120,1,0,@@@S_BIZAMA@@@)','',2,'2013-07-29'),(44615,'INSERT INTO gne_vale_ferreteria_mov (vfe_id,pro_codigo_plu,vfm_cantidad,vfm_unitario,vfm_total,vfm_entregado) VALUES (6539,763696,1,1890,1890,@@@NO@@@)','',2,'2013-07-29'),(44616,'INSERT INTO gne_vale_ferreteria_mov (vfe_id,pro_codigo_plu,vfm_cantidad,vfm_unitario,vfm_total,vfm_entregado) VALUES (6539,763767,1,690,690,@@@NO@@@)','',2,'2013-07-29'),(44617,'INSERT INTO gne_vale_ferreteria_mov (vfe_id,pro_codigo_plu,vfm_cantidad,vfm_unitario,vfm_total,vfm_entregado) VALUES (6539,19916,1,540,540,@@@NO@@@)','',2,'2013-07-29'),(44618,'INSERT INTO gne_vale_ferreteria (vfe_id,vfe_fecha,vfe_total,vfe_estado,vfe_entregado,usu_nusuario) VALUES (6540,@@@2013.07.29@@@,250,1,0,@@@S_BIZAMA@@@)','',2,'2013-07-29'),(44619,'INSERT INTO gne_vale_ferreteria_mov (vfe_id,pro_codigo_plu,vfm_cantidad,vfm_unitario,vfm_total,vfm_entregado) VALUES (6540,4091,1,250,250,@@@NO@@@)','',2,'2013-07-29'),(44620,'UPDATE mae_productos SET pro_margen_actual=56,pro_precio_venta=390 WHERE pro_codigo_plu=537','',2,'2013-07-29'),(44621,'UPDATE mae_productos SET pro_margen_actual=12.72,pro_precio_venta=390 WHERE pro_codigo_plu=538','',2,'2013-07-29'),(44622,'UPDATE mae_productos SET pro_margen_actual=0,pro_precio_venta=499 WHERE pro_codigo_plu=572','',2,'2013-07-29'),(44623,'UPDATE mae_productos SET pro_margen_actual=0,pro_precio_venta=499 WHERE pro_codigo_plu=573','',2,'2013-07-29'),(44624,'UPDATE mae_productos SET pro_margen_actual=0,pro_precio_venta=390 WHERE pro_codigo_plu=545','',2,'2013-07-29'),(44625,'UPDATE mae_productos SET pro_margen_actual=0,pro_precio_venta=330 WHERE pro_codigo_plu=597','',2,'2013-07-29'),(44626,'UPDATE mae_productos SET pro_precio_fiscal=pro_precio_venta WHERE pro_codigo_plu=537','',2,'2013-07-29'),(44627,'UPDATE mae_productos SET pro_precio_fiscal=pro_precio_venta WHERE pro_codigo_plu=538','',2,'2013-07-29'),(44628,'UPDATE mae_productos SET pro_precio_fiscal=pro_precio_venta WHERE pro_codigo_plu=545','',2,'2013-07-29'),(44629,'UPDATE mae_productos SET pro_precio_fiscal=pro_precio_venta WHERE pro_codigo_plu=572','',2,'2013-07-29'),(44630,'UPDATE mae_productos SET pro_precio_fiscal=pro_precio_venta WHERE pro_codigo_plu=573','',2,'2013-07-29'),(44631,'UPDATE mae_productos SET pro_precio_fiscal=pro_precio_venta WHERE pro_codigo_plu=597','',2,'2013-07-29'),(44632,'INSERT INTO gne_vale_ferreteria (vfe_id,vfe_fecha,vfe_total,vfe_estado,vfe_entregado,usu_nusuario) VALUES (6541,@@@2013.07.29@@@,1590,1,0,@@@S_BIZAMA@@@)','',2,'2013-07-29'),(44633,'INSERT INTO gne_vale_ferreteria_mov (vfe_id,pro_codigo_plu,vfm_cantidad,vfm_unitario,vfm_total,vfm_entregado) VALUES (6541,262011,1,1590,1590,@@@NO@@@)','',2,'2013-07-29'),(44634,'INSERT INTO mae_productos (pro_codigo_plu,pro_codigo_barra,pro_tipo,pro_nombre_producto,pro_nombre_corto,med_id,emb_id,pro_unidades_embalaje,dep_id,lin_id,mar_id,pro_precio_compra_neto,pro_precio_compra_bruto,pro_precio_venta,pro_margen_actual,pro_oferta,pro_fecha_inicio_oferta,pro_fecha_termino_oferta,pro_precio_oferta,pro_stock_minimo,pro_stock_critico,pro_entradas_bodega,pro_salidas_bodega,pro_mermas_bodega,pro_ajustes_bodega,pro_entradas_sv,pro_salidas_sv,pro_mermas_sv,pro_ajustes_sv,pro_activo,rec_numero,pro_unidad,pro_capacidad,pro_consumo_bodega,pro_consumo_sv,pro_estado,pro_funcion_plu,pro_flejes,pro_iva,pro_plu_asociado,pro_envase,pro_duracion,pro_numero_etiqueta) VALUES (780721465,@@@78016309@@@,@@@0@@@,@@@KENT SILVER 11@@@,@@@KENT SILVER 11@@@,@@@1 @@@,@@@3 @@@,@@@20@@@,@@@25 @@@,@@@141@@@,@@@976@@@,@@@0@@@,@@@1213.1@@@,@@@1300@@@,@@@7.16@@@,@@@@@@,@@@2006.09.07@@@,@@@2006.09.07@@@,@@@0@@@,@@@20@@@,@@@3@@@,@@@0@@@,@@@0@@@,@@@0@@@,@@@0@@@,@@@0@@@,@@@0@@@,@@@0@@@,@@@0@@@,@@@1@@@,@@@0@@@,0,11,0,0,2,0,1,1,0,@@@NO@@@,0,0)','',2,'2013-07-29'),(44635,'DELETE FROM mae_impuestos_productos WHERE pro_codigo_plu=@@@780721465@@@','',2,'2013-07-29'),(44636,'INSERT INTO gne_vale_ferreteria (vfe_id,vfe_fecha,vfe_total,vfe_estado,vfe_entregado,usu_nusuario) VALUES (6542,@@@2013.07.29@@@,370,1,0,@@@S_BIZAMA@@@)','',2,'2013-07-29'),(44637,'INSERT INTO gne_vale_ferreteria_mov (vfe_id,pro_codigo_plu,vfm_cantidad,vfm_unitario,vfm_total,vfm_entregado) VALUES (6542,4124,1,370,370,@@@NO@@@)','',2,'2013-07-29'),(44638,'INSERT INTO gne_vale_ferreteria (vfe_id,vfe_fecha,vfe_total,vfe_estado,vfe_entregado,usu_nusuario) VALUES (6543,@@@2013.07.29@@@,520,1,0,@@@S_BIZAMA@@@)','',2,'2013-07-29'),(44639,'INSERT INTO gne_vale_ferreteria_mov (vfe_id,pro_codigo_plu,vfm_cantidad,vfm_unitario,vfm_total,vfm_entregado) VALUES (6543,764134,2,260,520,@@@NO@@@)','',2,'2013-07-29'),(44640,'INSERT INTO gne_vale_ferreteria (vfe_id,vfe_fecha,vfe_total,vfe_estado,vfe_entregado,usu_nusuario) VALUES (6544,@@@2013.07.29@@@,40,1,0,@@@S_BIZAMA@@@)','',2,'2013-07-29'),(44641,'INSERT INTO gne_vale_ferreteria_mov (vfe_id,pro_codigo_plu,vfm_cantidad,vfm_unitario,vfm_total,vfm_entregado) VALUES (6544,78017191,1,40,40,@@@NO@@@)','',2,'2013-07-29'),(44642,'UPDATE mae_productos SET pro_codigo_barra=@@@6921646656977@@@,pro_tipo=@@@0@@@,pro_nombre_producto=@@@AUTO NARANJO 4X4 LION@@@,pro_nombre_corto=@@@AUTO NARANJO 4X4@@@,med_id=@@@1@@@,emb_id=@@@6@@@,pro_unidades_embalaje=@@@1@@@,dep_id=@@@24 @@@,lin_id=@@@207@@@,mar_id=@@@2507@@@,pro_precio_compra_neto=@@@0@@@,pro_precio_compra_bruto=@@@750@@@,pro_precio_venta=@@@1@@@,pro_margen_actual=@@@-99.87@@@,pro_oferta=@@@NO@@@,pro_fecha_inicio_oferta=@@@2013.07.27@@@,pro_fecha_termino_oferta=@@@2013.07.27@@@,pro_precio_oferta=@@@0@@@,pro_stock_minimo=@@@6@@@,pro_stock_critico=@@@2@@@,pro_activo=@@@1@@@,pro_unidad=@@@0@@@,pro_precio_compra_bruto=750,pro_margen_actual=-99.87,pro_capacidad=1,pro_funcion_plu=0,pro_flejes=1,pro_iva=1,pro_plu_asociado=0,pro_envase=@@@NO@@@,pro_duracion=0,pro_numero_etiqueta=0 WHERE pro_codigo_plu=@@@780721456@@@','',2,'2013-07-29'),(44643,'UPDATE mae_productos SET pro_estado=1 WHERE pro_codigo_plu=780721456','',2,'2013-07-29'),(44644,'DELETE FROM mae_impuestos_productos WHERE pro_codigo_plu=@@@780721456@@@','',2,'2013-07-29'),(44645,'INSERT INTO gne_vale_ferreteria (vfe_id,vfe_fecha,vfe_total,vfe_estado,vfe_entregado,usu_nusuario) VALUES (6545,@@@2013.07.29@@@,390,1,0,@@@S_BIZAMA@@@)','',2,'2013-07-29'),(44646,'INSERT INTO gne_vale_ferreteria_mov (vfe_id,pro_codigo_plu,vfm_cantidad,vfm_unitario,vfm_total,vfm_entregado) VALUES (6545,78017020,1,390,390,@@@NO@@@)','',2,'2013-07-29'),(44647,'UPDATE mae_productos SET pro_codigo_barra=@@@6921646670836@@@,pro_tipo=@@@0@@@,pro_nombre_producto=@@@CAMIONETA X 2@@@,pro_nombre_corto=@@@JEEP NEGROS@@@,med_id=@@@1@@@,emb_id=@@@6@@@,pro_unidades_embalaje=@@@2@@@,dep_id=@@@24 @@@,lin_id=@@@207@@@,mar_id=@@@2507@@@,pro_precio_compra_neto=@@@0@@@,pro_precio_compra_bruto=@@@600@@@,pro_precio_venta=@@@1390@@@,pro_margen_actual=@@@131.67@@@,pro_oferta=@@@NO@@@,pro_fecha_inicio_oferta=@@@2013.07.25@@@,pro_fecha_termino_oferta=@@@2013.07.25@@@,pro_precio_oferta=@@@0@@@,pro_stock_minimo=@@@2@@@,pro_stock_critico=@@@1@@@,pro_activo=@@@1@@@,pro_unidad=@@@0@@@,pro_precio_compra_bruto=600,pro_margen_actual=131.67,pro_capacidad=1,pro_funcion_plu=0,pro_flejes=1,pro_iva=1,pro_plu_asociado=0,pro_envase=@@@NO@@@,pro_duracion=0,pro_numero_etiqueta=0 WHERE pro_codigo_plu=@@@780721419@@@','',2,'2013-07-29'),(44648,'UPDATE mae_productos SET pro_estado=1 WHERE pro_codigo_plu=780721419','',2,'2013-07-29'),(44649,'DELETE FROM mae_impuestos_productos WHERE pro_codigo_plu=@@@780721419@@@','',2,'2013-07-29'),(44650,'INSERT INTO mae_productos (pro_codigo_plu,pro_codigo_barra,pro_tipo,pro_nombre_producto,pro_nombre_corto,med_id,emb_id,pro_unidades_embalaje,dep_id,lin_id,mar_id,pro_precio_compra_neto,pro_precio_compra_bruto,pro_precio_venta,pro_margen_actual,pro_oferta,pro_fecha_inicio_oferta,pro_fecha_termino_oferta,pro_precio_oferta,pro_stock_minimo,pro_stock_critico,pro_entradas_bodega,pro_salidas_bodega,pro_mermas_bodega,pro_ajustes_bodega,pro_entradas_sv,pro_salidas_sv,pro_mermas_sv,pro_ajustes_sv,pro_activo,rec_numero,pro_unidad,pro_capacidad,pro_consumo_bodega,pro_consumo_sv,pro_estado,pro_funcion_plu,pro_flejes,pro_iva,pro_plu_asociado,pro_envase,pro_duracion,pro_numero_etiqueta) VALUES (780721466,@@@6991200744822@@@,@@@0@@@,@@@CAMION DISCO@@@,@@@CAMION DISCO@@@,@@@1 @@@,@@@6 @@@,@@@1@@@,@@@24 @@@,@@@207@@@,@@@2507@@@,@@@0@@@,@@@400@@@,@@@1@@@,@@@-99.75@@@,@@@@@@,@@@2013.07.29@@@,@@@2013.07.29@@@,@@@0@@@,@@@12@@@,@@@4@@@,@@@0@@@,@@@0@@@,@@@0@@@,@@@0@@@,@@@0@@@,@@@0@@@,@@@0@@@,@@@0@@@,@@@1@@@,@@@0@@@,0,1,0,0,2,0,1,1,0,@@@NO@@@,0,0)','',2,'2013-07-29'),(44651,'DELETE FROM mae_impuestos_productos WHERE pro_codigo_plu=@@@780721466@@@','',2,'2013-07-29'),(44652,'INSERT INTO gne_vale_ferreteria (vfe_id,vfe_fecha,vfe_total,vfe_estado,vfe_entregado,usu_nusuario) VALUES (6546,@@@2013.07.29@@@,530,1,0,@@@S_BIZAMA@@@)','',2,'2013-07-29'),(44653,'INSERT INTO gne_vale_ferreteria_mov (vfe_id,pro_codigo_plu,vfm_cantidad,vfm_unitario,vfm_total,vfm_entregado) VALUES (6546,101677,1,530,530,@@@NO@@@)','',2,'2013-07-29'),(44654,'INSERT INTO mae_productos (pro_codigo_plu,pro_codigo_barra,pro_tipo,pro_nombre_producto,pro_nombre_corto,med_id,emb_id,pro_unidades_embalaje,dep_id,lin_id,mar_id,pro_precio_compra_neto,pro_precio_compra_bruto,pro_precio_venta,pro_margen_actual,pro_oferta,pro_fecha_inicio_oferta,pro_fecha_termino_oferta,pro_precio_oferta,pro_stock_minimo,pro_stock_critico,pro_entradas_bodega,pro_salidas_bodega,pro_mermas_bodega,pro_ajustes_bodega,pro_entradas_sv,pro_salidas_sv,pro_mermas_sv,pro_ajustes_sv,pro_activo,rec_numero,pro_unidad,pro_capacidad,pro_consumo_bodega,pro_consumo_sv,pro_estado,pro_funcion_plu,pro_flejes,pro_iva,pro_plu_asociado,pro_envase,pro_duracion,pro_numero_etiqueta) VALUES (780721467,@@@6991202105355@@@,@@@0@@@,@@@CAMINETA DOWERS, JEEP AZUL@@@,@@@CAMINETA DOWERS,@@@,@@@1 @@@,@@@6 @@@,@@@1@@@,@@@24 @@@,@@@207@@@,@@@2507@@@,@@@0@@@,@@@500@@@,@@@1@@@,@@@-99.8@@@,@@@@@@,@@@2013.07.29@@@,@@@2013.07.29@@@,@@@0@@@,@@@6@@@,@@@2@@@,@@@0@@@,@@@0@@@,@@@0@@@,@@@0@@@,@@@0@@@,@@@0@@@,@@@0@@@,@@@0@@@,@@@1@@@,@@@0@@@,0,1,0,0,2,0,1,1,0,@@@NO@@@,0,0)','',2,'2013-07-29'),(44655,'DELETE FROM mae_impuestos_productos WHERE pro_codigo_plu=@@@780721467@@@','',2,'2013-07-29'),(44656,'INSERT INTO mae_productos (pro_codigo_plu,pro_codigo_barra,pro_tipo,pro_nombre_producto,pro_nombre_corto,med_id,emb_id,pro_unidades_embalaje,dep_id,lin_id,mar_id,pro_precio_compra_neto,pro_precio_compra_bruto,pro_precio_venta,pro_margen_actual,pro_oferta,pro_fecha_inicio_oferta,pro_fecha_termino_oferta,pro_precio_oferta,pro_stock_minimo,pro_stock_critico,pro_entradas_bodega,pro_salidas_bodega,pro_mermas_bodega,pro_ajustes_bodega,pro_entradas_sv,pro_salidas_sv,pro_mermas_sv,pro_ajustes_sv,pro_activo,rec_numero,pro_unidad,pro_capacidad,pro_consumo_bodega,pro_consumo_sv,pro_estado,pro_funcion_plu,pro_flejes,pro_iva,pro_plu_asociado,pro_envase,pro_duracion,pro_numero_etiqueta) VALUES (780721468,@@@780721468@@@,@@@0@@@,@@@BURBUJAS DINOSAURIO@@@,@@@BURBUJAS DINOSAU@@@,@@@1 @@@,@@@6 @@@,@@@24@@@,@@@24 @@@,@@@207@@@,@@@2507@@@,@@@0@@@,@@@2100@@@,@@@1@@@,@@@-99.95@@@,@@@@@@,@@@2013.07.29@@@,@@@2013.07.29@@@,@@@0@@@,@@@72@@@,@@@24@@@,@@@0@@@,@@@0@@@,@@@0@@@,@@@0@@@,@@@0@@@,@@@0@@@,@@@0@@@,@@@0@@@,@@@1@@@,@@@0@@@,0,1,0,0,2,0,1,1,0,@@@NO@@@,0,0)','',2,'2013-07-29'),(44657,'DELETE FROM mae_impuestos_productos WHERE pro_codigo_plu=@@@780721468@@@','',2,'2013-07-29'),(44658,'INSERT INTO mae_productos (pro_codigo_plu,pro_codigo_barra,pro_tipo,pro_nombre_producto,pro_nombre_corto,med_id,emb_id,pro_unidades_embalaje,dep_id,lin_id,mar_id,pro_precio_compra_neto,pro_precio_compra_bruto,pro_precio_venta,pro_margen_actual,pro_oferta,pro_fecha_inicio_oferta,pro_fecha_termino_oferta,pro_precio_oferta,pro_stock_minimo,pro_stock_critico,pro_entradas_bodega,pro_salidas_bodega,pro_mermas_bodega,pro_ajustes_bodega,pro_entradas_sv,pro_salidas_sv,pro_mermas_sv,pro_ajustes_sv,pro_activo,rec_numero,pro_unidad,pro_capacidad,pro_consumo_bodega,pro_consumo_sv,pro_estado,pro_funcion_plu,pro_flejes,pro_iva,pro_plu_asociado,pro_envase,pro_duracion,pro_numero_etiqueta) VALUES (780721469,@@@6921646595856@@@,@@@0@@@,@@@LANZA BURBUJA POWER, PISTOLA BURBUJA@@@,@@@LANZA BURBUJA PO@@@,@@@1 @@@,@@@9 @@@,@@@1@@@,@@@24 @@@,@@@207@@@,@@@2507@@@,@@@0@@@,@@@550@@@,@@@1@@@,@@@-99.82@@@,@@@@@@,@@@2013.07.29@@@,@@@2013.07.29@@@,@@@0@@@,@@@6@@@,@@@2@@@,@@@0@@@,@@@0@@@,@@@0@@@,@@@0@@@,@@@0@@@,@@@0@@@,@@@0@@@,@@@0@@@,@@@1@@@,@@@0@@@,0,1,0,0,2,0,1,1,0,@@@NO@@@,0,0)','',2,'2013-07-29'),(44659,'DELETE FROM mae_impuestos_productos WHERE pro_codigo_plu=@@@780721469@@@','',2,'2013-07-29'),(44660,'INSERT INTO mae_productos (pro_codigo_plu,pro_codigo_barra,pro_tipo,pro_nombre_producto,pro_nombre_corto,med_id,emb_id,pro_unidades_embalaje,dep_id,lin_id,mar_id,pro_precio_compra_neto,pro_precio_compra_bruto,pro_precio_venta,pro_margen_actual,pro_oferta,pro_fecha_inicio_oferta,pro_fecha_termino_oferta,pro_precio_oferta,pro_stock_minimo,pro_stock_critico,pro_entradas_bodega,pro_salidas_bodega,pro_mermas_bodega,pro_ajustes_bodega,pro_entradas_sv,pro_salidas_sv,pro_mermas_sv,pro_ajustes_sv,pro_activo,rec_numero,pro_unidad,pro_capacidad,pro_consumo_bodega,pro_consumo_sv,pro_estado,pro_funcion_plu,pro_flejes,pro_iva,pro_plu_asociado,pro_envase,pro_duracion,pro_numero_etiqueta) VALUES (780721470,@@@6921646132457@@@,@@@0@@@,@@@DINOSAURIO A BATERIA@@@,@@@DINOSAURIO A BAT@@@,@@@1 @@@,@@@6 @@@,@@@1@@@,@@@24 @@@,@@@207@@@,@@@2507@@@,@@@0@@@,@@@2100@@@,@@@1@@@,@@@-99.95@@@,@@@@@@,@@@2013.07.29@@@,@@@2013.07.29@@@,@@@0@@@,@@@3@@@,@@@1@@@,@@@0@@@,@@@0@@@,@@@0@@@,@@@0@@@,@@@0@@@,@@@0@@@,@@@0@@@,@@@0@@@,@@@1@@@,@@@0@@@,0,1,0,0,2,0,1,1,0,@@@NO@@@,0,0)','',2,'2013-07-29'),(44661,'DELETE FROM mae_impuestos_productos WHERE pro_codigo_plu=@@@780721470@@@','',2,'2013-07-29'),(44662,'UPDATE mae_productos SET pro_codigo_barra=@@@780721468@@@,pro_tipo=@@@0@@@,pro_nombre_producto=@@@BURBUJAS DINOSAURIO@@@,pro_nombre_corto=@@@BURBUJAS DINOSAU@@@,med_id=@@@1@@@,emb_id=@@@6@@@,pro_unidades_embalaje=@@@24@@@,dep_id=@@@24 @@@,lin_id=@@@207@@@,mar_id=@@@2507@@@,pro_precio_compra_neto=@@@0@@@,pro_precio_compra_bruto=@@@1@@@,pro_precio_venta=@@@1@@@,pro_margen_actual=@@@0@@@,pro_oferta=@@@NO@@@,pro_fecha_inicio_oferta=@@@2013.07.29@@@,pro_fecha_termino_oferta=@@@2013.07.29@@@,pro_precio_oferta=@@@0@@@,pro_stock_minimo=@@@1@@@,pro_stock_critico=@@@1@@@,pro_activo=@@@1@@@,pro_unidad=@@@0@@@,pro_precio_compra_bruto=1,pro_margen_actual=0,pro_capacidad=1,pro_funcion_plu=0,pro_flejes=1,pro_iva=1,pro_plu_asociado=0,pro_envase=@@@NO@@@,pro_duracion=0,pro_numero_etiqueta=0 WHERE pro_codigo_plu=@@@780721468@@@','',2,'2013-07-29'),(44663,'UPDATE mae_productos SET pro_estado=1 WHERE pro_codigo_plu=780721468','',2,'2013-07-29'),(44664,'DELETE FROM mae_impuestos_productos WHERE pro_codigo_plu=@@@780721468@@@','',2,'2013-07-29'),(44665,'INSERT INTO mae_productos (pro_codigo_plu,pro_codigo_barra,pro_tipo,pro_nombre_producto,pro_nombre_corto,med_id,emb_id,pro_unidades_embalaje,dep_id,lin_id,mar_id,pro_precio_compra_neto,pro_precio_compra_bruto,pro_precio_venta,pro_margen_actual,pro_oferta,pro_fecha_inicio_oferta,pro_fecha_termino_oferta,pro_precio_oferta,pro_stock_minimo,pro_stock_critico,pro_entradas_bodega,pro_salidas_bodega,pro_mermas_bodega,pro_ajustes_bodega,pro_entradas_sv,pro_salidas_sv,pro_mermas_sv,pro_ajustes_sv,pro_activo,rec_numero,pro_unidad,pro_capacidad,pro_consumo_bodega,pro_consumo_sv,pro_estado,pro_funcion_plu,pro_flejes,pro_iva,pro_plu_asociado,pro_envase,pro_duracion,pro_numero_etiqueta) VALUES (780721471,@@@780721471@@@,@@@0@@@,@@@LIMA DE PIE@@@,@@@LIMA DE PIE@@@,@@@1 @@@,@@@9 @@@,@@@1@@@,@@@24 @@@,@@@207@@@,@@@2507@@@,@@@0@@@,@@@250@@@,@@@1@@@,@@@-99.6@@@,@@@@@@,@@@2013.07.29@@@,@@@2013.07.29@@@,@@@0@@@,@@@6@@@,@@@2@@@,@@@0@@@,@@@0@@@,@@@0@@@,@@@0@@@,@@@0@@@,@@@0@@@,@@@0@@@,@@@0@@@,@@@1@@@,@@@0@@@,0,1,0,0,2,0,1,1,0,@@@NO@@@,0,0)','',2,'2013-07-29'),(44666,'DELETE FROM mae_impuestos_productos WHERE pro_codigo_plu=@@@780721471@@@','',2,'2013-07-29'),(44667,'INSERT INTO gne_vale_ferreteria (vfe_id,vfe_fecha,vfe_total,vfe_estado,vfe_entregado,usu_nusuario) VALUES (6547,@@@2013.07.29@@@,1590,1,0,@@@S_BIZAMA@@@)','',2,'2013-07-29'),(44668,'INSERT INTO gne_vale_ferreteria_mov (vfe_id,pro_codigo_plu,vfm_cantidad,vfm_unitario,vfm_total,vfm_entregado) VALUES (6547,262011,1,1590,1590,@@@NO@@@)','',2,'2013-07-29'),(44669,'INSERT INTO mae_productos (pro_codigo_plu,pro_codigo_barra,pro_tipo,pro_nombre_producto,pro_nombre_corto,med_id,emb_id,pro_unidades_embalaje,dep_id,lin_id,mar_id,pro_precio_compra_neto,pro_precio_compra_bruto,pro_precio_venta,pro_margen_actual,pro_oferta,pro_fecha_inicio_oferta,pro_fecha_termino_oferta,pro_precio_oferta,pro_stock_minimo,pro_stock_critico,pro_entradas_bodega,pro_salidas_bodega,pro_mermas_bodega,pro_ajustes_bodega,pro_entradas_sv,pro_salidas_sv,pro_mermas_sv,pro_ajustes_sv,pro_activo,rec_numero,pro_unidad,pro_capacidad,pro_consumo_bodega,pro_consumo_sv,pro_estado,pro_funcion_plu,pro_flejes,pro_iva,pro_plu_asociado,pro_envase,pro_duracion,pro_numero_etiqueta) VALUES (780721472,@@@780421472@@@,@@@0@@@,@@@ESPEJO CON MANGO@@@,@@@ESPEJO CON MANGO@@@,@@@1 @@@,@@@6 @@@,@@@1@@@,@@@24 @@@,@@@207@@@,@@@2507@@@,@@@0@@@,@@@500@@@,@@@1@@@,@@@-99.8@@@,@@@@@@,@@@2013.07.29@@@,@@@2013.07.29@@@,@@@0@@@,@@@6@@@,@@@2@@@,@@@0@@@,@@@0@@@,@@@0@@@,@@@0@@@,@@@0@@@,@@@0@@@,@@@0@@@,@@@0@@@,@@@1@@@,@@@0@@@,0,1,0,0,2,0,1,1,0,@@@NO@@@,0,0)','',2,'2013-07-29'),(44670,'DELETE FROM mae_impuestos_productos WHERE pro_codigo_plu=@@@780721472@@@','',2,'2013-07-29'),(44671,'INSERT INTO mae_productos (pro_codigo_plu,pro_codigo_barra,pro_tipo,pro_nombre_producto,pro_nombre_corto,med_id,emb_id,pro_unidades_embalaje,dep_id,lin_id,mar_id,pro_precio_compra_neto,pro_precio_compra_bruto,pro_precio_venta,pro_margen_actual,pro_oferta,pro_fecha_inicio_oferta,pro_fecha_termino_oferta,pro_precio_oferta,pro_stock_minimo,pro_stock_critico,pro_entradas_bodega,pro_salidas_bodega,pro_mermas_bodega,pro_ajustes_bodega,pro_entradas_sv,pro_salidas_sv,pro_mermas_sv,pro_ajustes_sv,pro_activo,rec_numero,pro_unidad,pro_capacidad,pro_consumo_bodega,pro_consumo_sv,pro_estado,pro_funcion_plu,pro_flejes,pro_iva,pro_plu_asociado,pro_envase,pro_duracion,pro_numero_etiqueta) VALUES (780721473,@@@6991200558610@@@,@@@0@@@,@@@MOTOS X 4 @@@,@@@MOTOS X 4 @@@,@@@1 @@@,@@@6 @@@,@@@4@@@,@@@24 @@@,@@@207@@@,@@@2507@@@,@@@0@@@,@@@650@@@,@@@1@@@,@@@-99.85@@@,@@@@@@,@@@2013.07.29@@@,@@@2013.07.29@@@,@@@0@@@,@@@6@@@,@@@2@@@,@@@0@@@,@@@0@@@,@@@0@@@,@@@0@@@,@@@0@@@,@@@0@@@,@@@0@@@,@@@0@@@,@@@1@@@,@@@0@@@,0,1,0,0,2,0,1,1,0,@@@NO@@@,0,0)','',2,'2013-07-29'),(44672,'DELETE FROM mae_impuestos_productos WHERE pro_codigo_plu=@@@780721473@@@','',2,'2013-07-29'),(44673,'INSERT INTO mae_productos (pro_codigo_plu,pro_codigo_barra,pro_tipo,pro_nombre_producto,pro_nombre_corto,med_id,emb_id,pro_unidades_embalaje,dep_id,lin_id,mar_id,pro_precio_compra_neto,pro_precio_compra_bruto,pro_precio_venta,pro_margen_actual,pro_oferta,pro_fecha_inicio_oferta,pro_fecha_termino_oferta,pro_precio_oferta,pro_stock_minimo,pro_stock_critico,pro_entradas_bodega,pro_salidas_bodega,pro_mermas_bodega,pro_ajustes_bodega,pro_entradas_sv,pro_salidas_sv,pro_mermas_sv,pro_ajustes_sv,pro_activo,rec_numero,pro_unidad,pro_capacidad,pro_consumo_bodega,pro_consumo_sv,pro_estado,pro_funcion_plu,pro_flejes,pro_iva,pro_plu_asociado,pro_envase,pro_duracion,pro_numero_etiqueta) VALUES (780721474,@@@6991207236535@@@,@@@0@@@,@@@SET DE 6 AUTOS DIFERENTES COLORES@@@,@@@SET DE 6 AUTOS D@@@,@@@1 @@@,@@@6 @@@,@@@8@@@,@@@24 @@@,@@@207@@@,@@@2507@@@,@@@0@@@,@@@850@@@,@@@1@@@,@@@-99.88@@@,@@@@@@,@@@2013.07.29@@@,@@@2013.07.29@@@,@@@0@@@,@@@6@@@,@@@2@@@,@@@0@@@,@@@0@@@,@@@0@@@,@@@0@@@,@@@0@@@,@@@0@@@,@@@0@@@,@@@0@@@,@@@1@@@,@@@0@@@,0,1,0,0,2,0,1,1,0,@@@NO@@@,0,0)','',2,'2013-07-29'),(44674,'DELETE FROM mae_impuestos_productos WHERE pro_codigo_plu=@@@780721474@@@','',2,'2013-07-29'),(44675,'INSERT INTO mae_productos (pro_codigo_plu,pro_codigo_barra,pro_tipo,pro_nombre_producto,pro_nombre_corto,med_id,emb_id,pro_unidades_embalaje,dep_id,lin_id,mar_id,pro_precio_compra_neto,pro_precio_compra_bruto,pro_precio_venta,pro_margen_actual,pro_oferta,pro_fecha_inicio_oferta,pro_fecha_termino_oferta,pro_precio_oferta,pro_stock_minimo,pro_stock_critico,pro_entradas_bodega,pro_salidas_bodega,pro_mermas_bodega,pro_ajustes_bodega,pro_entradas_sv,pro_salidas_sv,pro_mermas_sv,pro_ajustes_sv,pro_activo,rec_numero,pro_unidad,pro_capacidad,pro_consumo_bodega,pro_consumo_sv,pro_estado,pro_funcion_plu,pro_flejes,pro_iva,pro_plu_asociado,pro_envase,pro_duracion,pro_numero_etiqueta) VALUES (780721475,@@@6991201708090@@@,@@@0@@@,@@@COCHE NIÑA MINI TOY@@@,@@@COCHE NIÑA MINI @@@,@@@1 @@@,@@@6 @@@,@@@1@@@,@@@24 @@@,@@@207@@@,@@@2507@@@,@@@0@@@,@@@1600@@@,@@@1@@@,@@@-99.94@@@,@@@@@@,@@@2013.07.29@@@,@@@2013.07.29@@@,@@@0@@@,@@@3@@@,@@@1@@@,@@@0@@@,@@@0@@@,@@@0@@@,@@@0@@@,@@@0@@@,@@@0@@@,@@@0@@@,@@@0@@@,@@@1@@@,@@@0@@@,0,1,0,0,2,0,1,1,0,@@@NO@@@,0,0)','',2,'2013-07-29'),(44676,'DELETE FROM mae_impuestos_productos WHERE pro_codigo_plu=@@@780721475@@@','',2,'2013-07-29'),(44677,'INSERT INTO mae_productos (pro_codigo_plu,pro_codigo_barra,pro_tipo,pro_nombre_producto,pro_nombre_corto,med_id,emb_id,pro_unidades_embalaje,dep_id,lin_id,mar_id,pro_precio_compra_neto,pro_precio_compra_bruto,pro_precio_venta,pro_margen_actual,pro_oferta,pro_fecha_inicio_oferta,pro_fecha_termino_oferta,pro_precio_oferta,pro_stock_minimo,pro_stock_critico,pro_entradas_bodega,pro_salidas_bodega,pro_mermas_bodega,pro_ajustes_bodega,pro_entradas_sv,pro_salidas_sv,pro_mermas_sv,pro_ajustes_sv,pro_activo,rec_numero,pro_unidad,pro_capacidad,pro_consumo_bodega,pro_consumo_sv,pro_estado,pro_funcion_plu,pro_flejes,pro_iva,pro_plu_asociado,pro_envase,pro_duracion,pro_numero_etiqueta) VALUES (780721476,@@@6991203682619@@@,@@@0@@@,@@@SET DE CAMIONETAS MINI X 4@@@,@@@SET DE CAMIONETA@@@,@@@1 @@@,@@@6 @@@,@@@4@@@,@@@24 @@@,@@@207@@@,@@@2507@@@,@@@0@@@,@@@350@@@,@@@1@@@,@@@-99.71@@@,@@@@@@,@@@2013.07.29@@@,@@@2013.07.29@@@,@@@0@@@,@@@6@@@,@@@2@@@,@@@0@@@,@@@0@@@,@@@0@@@,@@@0@@@,@@@0@@@,@@@0@@@,@@@0@@@,@@@0@@@,@@@1@@@,@@@0@@@,0,1,0,0,2,0,1,1,0,@@@NO@@@,0,0)','',2,'2013-07-29'),(44678,'DELETE FROM mae_impuestos_productos WHERE pro_codigo_plu=@@@780721476@@@','',2,'2013-07-29'),(44679,'INSERT INTO mae_productos (pro_codigo_plu,pro_codigo_barra,pro_tipo,pro_nombre_producto,pro_nombre_corto,med_id,emb_id,pro_unidades_embalaje,dep_id,lin_id,mar_id,pro_precio_compra_neto,pro_precio_compra_bruto,pro_precio_venta,pro_margen_actual,pro_oferta,pro_fecha_inicio_oferta,pro_fecha_termino_oferta,pro_precio_oferta,pro_stock_minimo,pro_stock_critico,pro_entradas_bodega,pro_salidas_bodega,pro_mermas_bodega,pro_ajustes_bodega,pro_entradas_sv,pro_salidas_sv,pro_mermas_sv,pro_ajustes_sv,pro_activo,rec_numero,pro_unidad,pro_capacidad,pro_consumo_bodega,pro_consumo_sv,pro_estado,pro_funcion_plu,pro_flejes,pro_iva,pro_plu_asociado,pro_envase,pro_duracion,pro_numero_etiqueta) VALUES (780721477,@@@6921646739380@@@,@@@0@@@,@@@AUTOS CARRERA X6@@@,@@@AUTOS CARRERA X6@@@,@@@1 @@@,@@@6 @@@,@@@6@@@,@@@24 @@@,@@@207@@@,@@@2507@@@,@@@0@@@,@@@950@@@,@@@1@@@,@@@-99.89@@@,@@@@@@,@@@2013.07.29@@@,@@@2013.07.29@@@,@@@0@@@,@@@6@@@,@@@2@@@,@@@0@@@,@@@0@@@,@@@0@@@,@@@0@@@,@@@0@@@,@@@0@@@,@@@0@@@,@@@0@@@,@@@1@@@,@@@0@@@,0,1,0,0,2,0,1,1,0,@@@NO@@@,0,0)','',2,'2013-07-29'),(44680,'DELETE FROM mae_impuestos_productos WHERE pro_codigo_plu=@@@780721477@@@','',2,'2013-07-29'),(44681,'INSERT INTO gne_vale_ferreteria (vfe_id,vfe_fecha,vfe_total,vfe_estado,vfe_entregado,usu_nusuario) VALUES (6548,@@@2013.07.29@@@,960,1,0,@@@m_martinez@@@)','',2,'2013-07-29'),(44682,'INSERT INTO gne_vale_ferreteria_mov (vfe_id,pro_codigo_plu,vfm_cantidad,vfm_unitario,vfm_total,vfm_entregado) VALUES (6548,15927,2,480,960,@@@NO@@@)','',2,'2013-07-29'),(44683,'INSERT INTO mae_productos (pro_codigo_plu,pro_codigo_barra,pro_tipo,pro_nombre_producto,pro_nombre_corto,med_id,emb_id,pro_unidades_embalaje,dep_id,lin_id,mar_id,pro_precio_compra_neto,pro_precio_compra_bruto,pro_precio_venta,pro_margen_actual,pro_oferta,pro_fecha_inicio_oferta,pro_fecha_termino_oferta,pro_precio_oferta,pro_stock_minimo,pro_stock_critico,pro_entradas_bodega,pro_salidas_bodega,pro_mermas_bodega,pro_ajustes_bodega,pro_entradas_sv,pro_salidas_sv,pro_mermas_sv,pro_ajustes_sv,pro_activo,rec_numero,pro_unidad,pro_capacidad,pro_consumo_bodega,pro_consumo_sv,pro_estado,pro_funcion_plu,pro_flejes,pro_iva,pro_plu_asociado,pro_envase,pro_duracion,pro_numero_etiqueta) VALUES (780721478,@@@6921646491882@@@,@@@0@@@,@@@GRUA NARANJA@@@,@@@GRUA NARANJA@@@,@@@1 @@@,@@@6 @@@,@@@1@@@,@@@24 @@@,@@@207@@@,@@@2507@@@,@@@0@@@,@@@690@@@,@@@1@@@,@@@-99.86@@@,@@@@@@,@@@2013.07.29@@@,@@@2013.07.29@@@,@@@0@@@,@@@6@@@,@@@2@@@,@@@0@@@,@@@0@@@,@@@0@@@,@@@0@@@,@@@0@@@,@@@0@@@,@@@0@@@,@@@0@@@,@@@1@@@,@@@0@@@,0,1,0,0,2,0,1,1,0,@@@NO@@@,0,0)','',2,'2013-07-29'),(44684,'DELETE FROM mae_impuestos_productos WHERE pro_codigo_plu=@@@780721478@@@','',2,'2013-07-29'),(44685,'INSERT INTO mae_productos (pro_codigo_plu,pro_codigo_barra,pro_tipo,pro_nombre_producto,pro_nombre_corto,med_id,emb_id,pro_unidades_embalaje,dep_id,lin_id,mar_id,pro_precio_compra_neto,pro_precio_compra_bruto,pro_precio_venta,pro_margen_actual,pro_oferta,pro_fecha_inicio_oferta,pro_fecha_termino_oferta,pro_precio_oferta,pro_stock_minimo,pro_stock_critico,pro_entradas_bodega,pro_salidas_bodega,pro_mermas_bodega,pro_ajustes_bodega,pro_entradas_sv,pro_salidas_sv,pro_mermas_sv,pro_ajustes_sv,pro_activo,rec_numero,pro_unidad,pro_capacidad,pro_consumo_bodega,pro_consumo_sv,pro_estado,pro_funcion_plu,pro_flejes,pro_iva,pro_plu_asociado,pro_envase,pro_duracion,pro_numero_etiqueta) VALUES (780721479,@@@6921646593555@@@,@@@0@@@,@@@GRUA CONSTRUCCION NARANJA@@@,@@@GRUA CONSTRUCCIO@@@,@@@1 @@@,@@@6 @@@,@@@1@@@,@@@24 @@@,@@@207@@@,@@@2507@@@,@@@0@@@,@@@690@@@,@@@1@@@,@@@-99.86@@@,@@@@@@,@@@2013.07.29@@@,@@@2013.07.29@@@,@@@0@@@,@@@6@@@,@@@2@@@,@@@0@@@,@@@0@@@,@@@0@@@,@@@0@@@,@@@0@@@,@@@0@@@,@@@0@@@,@@@0@@@,@@@1@@@,@@@0@@@,0,1,0,0,2,0,1,1,0,@@@NO@@@,0,0)','',2,'2013-07-29'),(44686,'DELETE FROM mae_impuestos_productos WHERE pro_codigo_plu=@@@780721479@@@','',2,'2013-07-29'),(44687,'UPDATE mae_productos SET pro_codigo_barra=@@@6949777600027@@@,pro_tipo=@@@0@@@,pro_nombre_producto=@@@COTONES PANDA@@@,pro_nombre_corto=@@@COTONES@@@,med_id=@@@1@@@,emb_id=@@@6@@@,pro_unidades_embalaje=@@@100@@@,dep_id=@@@24 @@@,lin_id=@@@207@@@,mar_id=@@@2507@@@,pro_precio_compra_neto=@@@0@@@,pro_precio_compra_bruto=@@@1000@@@,pro_precio_venta=@@@1@@@,pro_margen_actual=@@@-99.9@@@,pro_oferta=@@@NO@@@,pro_fecha_inicio_oferta=@@@2013.07.27@@@,pro_fecha_termino_oferta=@@@2013.07.27@@@,pro_precio_oferta=@@@0@@@,pro_stock_minimo=@@@2@@@,pro_stock_critico=@@@1@@@,pro_activo=@@@1@@@,pro_unidad=@@@0@@@,pro_precio_compra_bruto=1000,pro_margen_actual=-99.9,pro_capacidad=1,pro_funcion_plu=0,pro_flejes=1,pro_iva=1,pro_plu_asociado=0,pro_envase=@@@NO@@@,pro_duracion=0,pro_numero_etiqueta=0 WHERE pro_codigo_plu=@@@780721451@@@','',2,'2013-07-29'),(44688,'UPDATE mae_productos SET pro_estado=1 WHERE pro_codigo_plu=780721451','',2,'2013-07-29'),(44689,'DELETE FROM mae_impuestos_productos WHERE pro_codigo_plu=@@@780721451@@@','',2,'2013-07-29'),(44690,'INSERT INTO mae_productos (pro_codigo_plu,pro_codigo_barra,pro_tipo,pro_nombre_producto,pro_nombre_corto,med_id,emb_id,pro_unidades_embalaje,dep_id,lin_id,mar_id,pro_precio_compra_neto,pro_precio_compra_bruto,pro_precio_venta,pro_margen_actual,pro_oferta,pro_fecha_inicio_oferta,pro_fecha_termino_oferta,pro_precio_oferta,pro_stock_minimo,pro_stock_critico,pro_entradas_bodega,pro_salidas_bodega,pro_mermas_bodega,pro_ajustes_bodega,pro_entradas_sv,pro_salidas_sv,pro_mermas_sv,pro_ajustes_sv,pro_activo,rec_numero,pro_unidad,pro_capacidad,pro_consumo_bodega,pro_consumo_sv,pro_estado,pro_funcion_plu,pro_flejes,pro_iva,pro_plu_asociado,pro_envase,pro_duracion,pro_numero_etiqueta) VALUES (780721480,@@@6991298378282@@@,@@@0@@@,@@@GUITARRA PIANO@@@,@@@GUITARRA PIANO@@@,@@@1 @@@,@@@6 @@@,@@@1@@@,@@@24 @@@,@@@207@@@,@@@2507@@@,@@@0@@@,@@@650@@@,@@@1@@@,@@@-99.85@@@,@@@@@@,@@@2013.07.29@@@,@@@2013.07.29@@@,@@@0@@@,@@@6@@@,@@@2@@@,@@@0@@@,@@@0@@@,@@@0@@@,@@@0@@@,@@@0@@@,@@@0@@@,@@@0@@@,@@@0@@@,@@@1@@@,@@@0@@@,0,1,0,0,2,0,1,1,0,@@@NO@@@,0,0)','',2,'2013-07-29'),(44691,'DELETE FROM mae_impuestos_productos WHERE pro_codigo_plu=@@@780721480@@@','',2,'2013-07-29'),(44692,'INSERT INTO gne_vale_ferreteria (vfe_id,vfe_fecha,vfe_total,vfe_estado,vfe_entregado,usu_nusuario) VALUES (6549,@@@2013.07.29@@@,460,1,0,@@@m_martinez@@@)','',2,'2013-07-29'),(44693,'INSERT INTO gne_vale_ferreteria_mov (vfe_id,pro_codigo_plu,vfm_cantidad,vfm_unitario,vfm_total,vfm_entregado) VALUES (6549,78017193,20,20,400,@@@NO@@@)','',2,'2013-07-29'),(44694,'INSERT INTO gne_vale_ferreteria_mov (vfe_id,pro_codigo_plu,vfm_cantidad,vfm_unitario,vfm_total,vfm_entregado) VALUES (6549,780721421,2,30,60,@@@NO@@@)','',2,'2013-07-29'),(44695,'INSERT INTO mae_productos (pro_codigo_plu,pro_codigo_barra,pro_tipo,pro_nombre_producto,pro_nombre_corto,med_id,emb_id,pro_unidades_embalaje,dep_id,lin_id,mar_id,pro_precio_compra_neto,pro_precio_compra_bruto,pro_precio_venta,pro_margen_actual,pro_oferta,pro_fecha_inicio_oferta,pro_fecha_termino_oferta,pro_precio_oferta,pro_stock_minimo,pro_stock_critico,pro_entradas_bodega,pro_salidas_bodega,pro_mermas_bodega,pro_ajustes_bodega,pro_entradas_sv,pro_salidas_sv,pro_mermas_sv,pro_ajustes_sv,pro_activo,rec_numero,pro_unidad,pro_capacidad,pro_consumo_bodega,pro_consumo_sv,pro_estado,pro_funcion_plu,pro_flejes,pro_iva,pro_plu_asociado,pro_envase,pro_duracion,pro_numero_etiqueta) VALUES (780721481,@@@6921646802565@@@,@@@0@@@,@@@SET MUÑECA ESP CARTERA @@@,@@@SET MUÑECA ESP C@@@,@@@1 @@@,@@@6 @@@,@@@1@@@,@@@24 @@@,@@@207@@@,@@@2507@@@,@@@0@@@,@@@1400@@@,@@@1@@@,@@@-99.93@@@,@@@@@@,@@@2013.07.29@@@,@@@2013.07.29@@@,@@@0@@@,@@@6@@@,@@@2@@@,@@@0@@@,@@@0@@@,@@@0@@@,@@@0@@@,@@@0@@@,@@@0@@@,@@@0@@@,@@@0@@@,@@@1@@@,@@@0@@@,0,1,0,0,2,0,1,1,0,@@@NO@@@,0,0)','',2,'2013-07-29'),(44696,'DELETE FROM mae_impuestos_productos WHERE pro_codigo_plu=@@@780721481@@@','',2,'2013-07-29'),(44697,'INSERT INTO mae_productos (pro_codigo_plu,pro_codigo_barra,pro_tipo,pro_nombre_producto,pro_nombre_corto,med_id,emb_id,pro_unidades_embalaje,dep_id,lin_id,mar_id,pro_precio_compra_neto,pro_precio_compra_bruto,pro_precio_venta,pro_margen_actual,pro_oferta,pro_fecha_inicio_oferta,pro_fecha_termino_oferta,pro_precio_oferta,pro_stock_minimo,pro_stock_critico,pro_entradas_bodega,pro_salidas_bodega,pro_mermas_bodega,pro_ajustes_bodega,pro_entradas_sv,pro_salidas_sv,pro_mermas_sv,pro_ajustes_sv,pro_activo,rec_numero,pro_unidad,pro_capacidad,pro_consumo_bodega,pro_consumo_sv,pro_estado,pro_funcion_plu,pro_flejes,pro_iva,pro_plu_asociado,pro_envase,pro_duracion,pro_numero_etiqueta) VALUES (780721482,@@@6921646737744@@@,@@@0@@@,@@@SET MUÑECA ESP PEINE@@@,@@@SET MUÑECA ESP P@@@,@@@1 @@@,@@@9 @@@,@@@1@@@,@@@24 @@@,@@@207@@@,@@@2507@@@,@@@0@@@,@@@1200@@@,@@@1@@@,@@@-99.92@@@,@@@@@@,@@@2013.07.29@@@,@@@2013.07.29@@@,@@@0@@@,@@@6@@@,@@@2@@@,@@@0@@@,@@@0@@@,@@@0@@@,@@@0@@@,@@@0@@@,@@@0@@@,@@@0@@@,@@@0@@@,@@@1@@@,@@@0@@@,0,1,0,0,2,0,1,1,0,@@@NO@@@,0,0)','',2,'2013-07-29'),(44698,'DELETE FROM mae_impuestos_productos WHERE pro_codigo_plu=@@@780721482@@@','',2,'2013-07-29'),(44699,'INSERT INTO mae_productos (pro_codigo_plu,pro_codigo_barra,pro_tipo,pro_nombre_producto,pro_nombre_corto,med_id,emb_id,pro_unidades_embalaje,dep_id,lin_id,mar_id,pro_precio_compra_neto,pro_precio_compra_bruto,pro_precio_venta,pro_margen_actual,pro_oferta,pro_fecha_inicio_oferta,pro_fecha_termino_oferta,pro_precio_oferta,pro_stock_minimo,pro_stock_critico,pro_entradas_bodega,pro_salidas_bodega,pro_mermas_bodega,pro_ajustes_bodega,pro_entradas_sv,pro_salidas_sv,pro_mermas_sv,pro_ajustes_sv,pro_activo,rec_numero,pro_unidad,pro_capacidad,pro_consumo_bodega,pro_consumo_sv,pro_estado,pro_funcion_plu,pro_flejes,pro_iva,pro_plu_asociado,pro_envase,pro_duracion,pro_numero_etiqueta) VALUES (780721483,@@@7802225391337@@@,@@@0@@@,@@@CHUPETE DOS EN UNO CABEZON SURTIDO@@@,@@@CHUPETE DOS EN U@@@,@@@1 @@@,@@@4 @@@,@@@24@@@,@@@32 @@@,@@@163@@@,@@@1740@@@,@@@0@@@,@@@44.92@@@,@@@1@@@,@@@-97.77@@@,@@@@@@,@@@2006.09.07@@@,@@@2006.09.07@@@,@@@0@@@,@@@24@@@,@@@6@@@,@@@0@@@,@@@0@@@,@@@0@@@,@@@0@@@,@@@0@@@,@@@0@@@,@@@0@@@,@@@0@@@,@@@1@@@,@@@0@@@,0,24,0,0,2,0,1,1,0,@@@NO@@@,0,0)','',2,'2013-07-29'),(44700,'DELETE FROM mae_impuestos_productos WHERE pro_codigo_plu=@@@780721483@@@','',2,'2013-07-29'),(44701,'INSERT INTO gne_vale_ferreteria (vfe_id,vfe_fecha,vfe_total,vfe_estado,vfe_entregado,usu_nusuario) VALUES (6550,@@@2013.07.29@@@,120,1,0,@@@m_martinez@@@)','',2,'2013-07-29'),(44702,'INSERT INTO gne_vale_ferreteria_mov (vfe_id,pro_codigo_plu,vfm_cantidad,vfm_unitario,vfm_total,vfm_entregado) VALUES (6550,780721141,1,120,120,@@@NO@@@)','',2,'2013-07-29'),(44703,'INSERT INTO mae_productos (pro_codigo_plu,pro_codigo_barra,pro_tipo,pro_nombre_producto,pro_nombre_corto,med_id,emb_id,pro_unidades_embalaje,dep_id,lin_id,mar_id,pro_precio_compra_neto,pro_precio_compra_bruto,pro_precio_venta,pro_margen_actual,pro_oferta,pro_fecha_inicio_oferta,pro_fecha_termino_oferta,pro_precio_oferta,pro_stock_minimo,pro_stock_critico,pro_entradas_bodega,pro_salidas_bodega,pro_mermas_bodega,pro_ajustes_bodega,pro_entradas_sv,pro_salidas_sv,pro_mermas_sv,pro_ajustes_sv,pro_activo,rec_numero,pro_unidad,pro_capacidad,pro_consumo_bodega,pro_consumo_sv,pro_estado,pro_funcion_plu,pro_flejes,pro_iva,pro_plu_asociado,pro_envase,pro_duracion,pro_numero_etiqueta) VALUES (780721484,@@@7802225573481@@@,@@@0@@@,@@@TABLETA BON O BON 150G@@@,@@@TABLETA BON O BO@@@,@@@5 @@@,@@@6 @@@,@@@20@@@,@@@32 @@@,@@@161@@@,@@@2105@@@,@@@0@@@,@@@809.2@@@,@@@1@@@,@@@-99.88@@@,@@@@@@,@@@2006.09.07@@@,@@@2006.09.07@@@,@@@0@@@,@@@20@@@,@@@4@@@,@@@0@@@,@@@0@@@,@@@0@@@,@@@0@@@,@@@0@@@,@@@0@@@,@@@0@@@,@@@0@@@,@@@1@@@,@@@0@@@,0,150,0,0,2,0,1,1,0,@@@NO@@@,0,0)','',2,'2013-07-29'),(44704,'DELETE FROM mae_impuestos_productos WHERE pro_codigo_plu=@@@780721484@@@','',2,'2013-07-29'),(44705,'INSERT INTO gne_vale_ferreteria (vfe_id,vfe_fecha,vfe_total,vfe_estado,vfe_entregado,usu_nusuario) VALUES (6551,@@@2013.07.29@@@,980,1,0,@@@m_martinez@@@)','',2,'2013-07-29'),(44706,'INSERT INTO gne_vale_ferreteria_mov (vfe_id,pro_codigo_plu,vfm_cantidad,vfm_unitario,vfm_total,vfm_entregado) VALUES (6551,1538,2,490,980,@@@NO@@@)','',2,'2013-07-29'),(44707,'INSERT INTO gne_vale_ferreteria (vfe_id,vfe_fecha,vfe_total,vfe_estado,vfe_entregado,usu_nusuario) VALUES (6552,@@@2013.07.29@@@,300,1,0,@@@m_martinez@@@)','',2,'2013-07-29'),(44708,'INSERT INTO gne_vale_ferreteria_mov (vfe_id,pro_codigo_plu,vfm_cantidad,vfm_unitario,vfm_total,vfm_entregado) VALUES (6552,780721221,1,300,300,@@@NO@@@)','',2,'2013-07-29'),(44709,'INSERT INTO mae_productos (pro_codigo_plu,pro_codigo_barra,pro_tipo,pro_nombre_producto,pro_nombre_corto,med_id,emb_id,pro_unidades_embalaje,dep_id,lin_id,mar_id,pro_precio_compra_neto,pro_precio_compra_bruto,pro_precio_venta,pro_margen_actual,pro_oferta,pro_fecha_inicio_oferta,pro_fecha_termino_oferta,pro_precio_oferta,pro_stock_minimo,pro_stock_critico,pro_entradas_bodega,pro_salidas_bodega,pro_mermas_bodega,pro_ajustes_bodega,pro_entradas_sv,pro_salidas_sv,pro_mermas_sv,pro_ajustes_sv,pro_activo,rec_numero,pro_unidad,pro_capacidad,pro_consumo_bodega,pro_consumo_sv,pro_estado,pro_funcion_plu,pro_flejes,pro_iva,pro_plu_asociado,pro_envase,pro_duracion,pro_numero_etiqueta) VALUES (780721485,@@@7802225582261@@@,@@@0@@@,@@@TABLETA ROCKLETS 150G@@@,@@@TABLETA ROCKLETS@@@,@@@5 @@@,@@@6 @@@,@@@10@@@,@@@32 @@@,@@@161@@@,@@@2105@@@,@@@0@@@,@@@768.74@@@,@@@1@@@,@@@-99.87@@@,@@@@@@,@@@2006.09.07@@@,@@@2006.09.07@@@,@@@0@@@,@@@10@@@,@@@4@@@,@@@0@@@,@@@0@@@,@@@0@@@,@@@0@@@,@@@0@@@,@@@0@@@,@@@0@@@,@@@0@@@,@@@1@@@,@@@0@@@,0,150,0,0,2,0,1,1,0,@@@NO@@@,0,0)','',2,'2013-07-29'),(44710,'DELETE FROM mae_impuestos_productos WHERE pro_codigo_plu=@@@780721485@@@','',2,'2013-07-29'),(44711,'INSERT INTO gne_vale_ferreteria (vfe_id,vfe_fecha,vfe_total,vfe_estado,vfe_entregado,usu_nusuario) VALUES (6553,@@@2013.07.29@@@,200,1,0,@@@m_martinez@@@)','',2,'2013-07-29'),(44712,'INSERT INTO gne_vale_ferreteria_mov (vfe_id,pro_codigo_plu,vfm_cantidad,vfm_unitario,vfm_total,vfm_entregado) VALUES (6553,7052,1,200,200,@@@NO@@@)','',2,'2013-07-29'),(44713,'INSERT INTO gne_vale_ferreteria (vfe_id,vfe_fecha,vfe_total,vfe_estado,vfe_entregado,usu_nusuario) VALUES (6554,@@@2013.07.29@@@,290,1,0,@@@m_martinez@@@)','',2,'2013-07-29'),(44714,'INSERT INTO gne_vale_ferreteria_mov (vfe_id,pro_codigo_plu,vfm_cantidad,vfm_unitario,vfm_total,vfm_entregado) VALUES (6554,12161,1,290,290,@@@NO@@@)','',2,'2013-07-29'),(44715,'INSERT INTO gne_vale_ferreteria (vfe_id,vfe_fecha,vfe_total,vfe_estado,vfe_entregado,usu_nusuario) VALUES (6555,@@@2013.07.29@@@,300,1,0,@@@m_martinez@@@)','',2,'2013-07-29'),(44716,'INSERT INTO gne_vale_ferreteria_mov (vfe_id,pro_codigo_plu,vfm_cantidad,vfm_unitario,vfm_total,vfm_entregado) VALUES (6555,2004,1,300,300,@@@NO@@@)','',2,'2013-07-29'),(44717,'INSERT INTO gne_vale_ferreteria (vfe_id,vfe_fecha,vfe_total,vfe_estado,vfe_entregado,usu_nusuario) VALUES (6556,@@@2013.07.29@@@,180,1,0,@@@m_martinez@@@)','',2,'2013-07-29'),(44718,'INSERT INTO gne_vale_ferreteria_mov (vfe_id,pro_codigo_plu,vfm_cantidad,vfm_unitario,vfm_total,vfm_entregado) VALUES (6556,78017147,2,90,180,@@@NO@@@)','',2,'2013-07-29'),(44719,'INSERT INTO gne_vale_ferreteria (vfe_id,vfe_fecha,vfe_total,vfe_estado,vfe_entregado,usu_nusuario) VALUES (6557,@@@2013.07.29@@@,390,1,0,@@@m_martinez@@@)','',2,'2013-07-29'),(44720,'INSERT INTO gne_vale_ferreteria_mov (vfe_id,pro_codigo_plu,vfm_cantidad,vfm_unitario,vfm_total,vfm_entregado) VALUES (6557,764379,1,390,390,@@@NO@@@)','',2,'2013-07-29'),(44721,'INSERT INTO gne_vale_ferreteria (vfe_id,vfe_fecha,vfe_total,vfe_estado,vfe_entregado,usu_nusuario) VALUES (6558,@@@2013.07.29@@@,1050,1,0,@@@m_martinez@@@)','',2,'2013-07-29'),(44722,'INSERT INTO gne_vale_ferreteria_mov (vfe_id,pro_codigo_plu,vfm_cantidad,vfm_unitario,vfm_total,vfm_entregado) VALUES (6558,780721390,1,1050,1050,@@@NO@@@)','',2,'2013-07-29'),(44723,'INSERT INTO gne_vale_ferreteria (vfe_id,vfe_fecha,vfe_total,vfe_estado,vfe_entregado,usu_nusuario) VALUES (6559,@@@2013.07.29@@@,950,1,0,@@@m_martinez@@@)','',2,'2013-07-29'),(44724,'INSERT INTO gne_vale_ferreteria_mov (vfe_id,pro_codigo_plu,vfm_cantidad,vfm_unitario,vfm_total,vfm_entregado) VALUES (6559,20825,1,950,950,@@@NO@@@)','',2,'2013-07-29'),(44725,'INSERT INTO gne_vale_ferreteria (vfe_id,vfe_fecha,vfe_total,vfe_estado,vfe_entregado,usu_nusuario) VALUES (6560,@@@2013.07.29@@@,80,1,0,@@@m_martinez@@@)','',2,'2013-07-29'),(44726,'INSERT INTO gne_vale_ferreteria_mov (vfe_id,pro_codigo_plu,vfm_cantidad,vfm_unitario,vfm_total,vfm_entregado) VALUES (6560,78017191,2,40,80,@@@NO@@@)','',2,'2013-07-29'),(44727,'INSERT INTO gne_vale_ferreteria (vfe_id,vfe_fecha,vfe_total,vfe_estado,vfe_entregado,usu_nusuario) VALUES (6561,@@@2013.07.29@@@,1700,1,0,@@@m_martinez@@@)','',2,'2013-07-29'),(44728,'INSERT INTO gne_vale_ferreteria_mov (vfe_id,pro_codigo_plu,vfm_cantidad,vfm_unitario,vfm_total,vfm_entregado) VALUES (6561,780721425,2,850,1700,@@@NO@@@)','',2,'2013-07-29'),(44729,'INSERT INTO gne_vale_ferreteria (vfe_id,vfe_fecha,vfe_total,vfe_estado,vfe_entregado,usu_nusuario) VALUES (6562,@@@2013.07.29@@@,3079,1,0,@@@m_martinez@@@)','',2,'2013-07-29'),(44730,'INSERT INTO gne_vale_ferreteria_mov (vfe_id,pro_codigo_plu,vfm_cantidad,vfm_unitario,vfm_total,vfm_entregado) VALUES (6562,78017126,1,490,490,@@@NO@@@)','',2,'2013-07-29'),(44731,'INSERT INTO gne_vale_ferreteria_mov (vfe_id,pro_codigo_plu,vfm_cantidad,vfm_unitario,vfm_total,vfm_entregado) VALUES (6562,780721304,1,550,550,@@@NO@@@)','',2,'2013-07-29'),(44732,'INSERT INTO gne_vale_ferreteria_mov (vfe_id,pro_codigo_plu,vfm_cantidad,vfm_unitario,vfm_total,vfm_entregado) VALUES (6562,780721231,1,990,990,@@@NO@@@)','',2,'2013-07-29'),(44733,'INSERT INTO gne_vale_ferreteria_mov (vfe_id,pro_codigo_plu,vfm_cantidad,vfm_unitario,vfm_total,vfm_entregado) VALUES (6562,780721388,1,399,399,@@@NO@@@)','',2,'2013-07-29'),(44734,'INSERT INTO gne_vale_ferreteria_mov (vfe_id,pro_codigo_plu,vfm_cantidad,vfm_unitario,vfm_total,vfm_entregado) VALUES (6562,761990,1,390,390,@@@NO@@@)','',2,'2013-07-29'),(44735,'INSERT INTO gne_vale_ferreteria_mov (vfe_id,pro_codigo_plu,vfm_cantidad,vfm_unitario,vfm_total,vfm_entregado) VALUES (6562,78017204,1,120,120,@@@NO@@@)','',2,'2013-07-29'),(44736,'INSERT INTO gne_vale_ferreteria_mov (vfe_id,pro_codigo_plu,vfm_cantidad,vfm_unitario,vfm_total,vfm_entregado) VALUES (6562,764364,1,140,140,@@@NO@@@)','',2,'2013-07-29'),(44737,'UPDATE mae_productos SET pro_margen_actual=-99.87,pro_precio_venta=1 WHERE pro_codigo_plu=780721456','',2,'2013-07-29'),(44738,'UPDATE mae_productos SET pro_margen_actual=-99.89,pro_precio_venta=1 WHERE pro_codigo_plu=780721477','',2,'2013-07-29'),(44739,'UPDATE mae_productos SET pro_margen_actual=0,pro_precio_venta=1 WHERE pro_codigo_plu=780721468','',2,'2013-07-29'),(44740,'UPDATE mae_productos SET pro_margen_actual=-99.8,pro_precio_venta=1 WHERE pro_codigo_plu=780721467','',2,'2013-07-29'),(44741,'UPDATE mae_productos SET pro_margen_actual=-99.75,pro_precio_venta=1 WHERE pro_codigo_plu=780721466','',2,'2013-07-29'),(44742,'UPDATE mae_productos SET pro_margen_actual=131.67,pro_precio_venta=1390 WHERE pro_codigo_plu=780721419','',2,'2013-07-29'),(44743,'UPDATE mae_productos SET pro_margen_actual=-97.77,pro_precio_venta=1 WHERE pro_codigo_plu=780721483','',2,'2013-07-29'),(44744,'UPDATE mae_productos SET pro_margen_actual=-99.94,pro_precio_venta=1 WHERE pro_codigo_plu=780721475','',2,'2013-07-29'),(44745,'UPDATE mae_productos SET pro_margen_actual=-99.9,pro_precio_venta=1 WHERE pro_codigo_plu=780721451','',2,'2013-07-29'),(44746,'UPDATE mae_productos SET pro_margen_actual=-99.95,pro_precio_venta=1 WHERE pro_codigo_plu=780721470','',2,'2013-07-29'),(44747,'UPDATE mae_productos SET pro_margen_actual=-99.8,pro_precio_venta=1 WHERE pro_codigo_plu=780721472','',2,'2013-07-29'),(44748,'UPDATE mae_productos SET pro_margen_actual=-99.86,pro_precio_venta=1 WHERE pro_codigo_plu=780721479','',2,'2013-07-29'),(44749,'UPDATE mae_productos SET pro_margen_actual=-99.86,pro_precio_venta=1 WHERE pro_codigo_plu=780721478','',2,'2013-07-29'),(44750,'UPDATE mae_productos SET pro_margen_actual=-99.85,pro_precio_venta=1 WHERE pro_codigo_plu=780721480','',2,'2013-07-29'),(44751,'UPDATE mae_productos SET pro_margen_actual=7.16,pro_precio_venta=1300 WHERE pro_codigo_plu=780721465','',2,'2013-07-29'),(44752,'UPDATE mae_productos SET pro_margen_actual=-99.82,pro_precio_venta=1 WHERE pro_codigo_plu=780721469','',2,'2013-07-29'),(44753,'UPDATE mae_productos SET pro_margen_actual=-99.6,pro_precio_venta=1 WHERE pro_codigo_plu=780721471','',2,'2013-07-29'),(44754,'UPDATE mae_productos SET pro_margen_actual=-99.85,pro_precio_venta=1 WHERE pro_codigo_plu=780721473','',2,'2013-07-29'),(44755,'UPDATE mae_productos SET pro_margen_actual=-99.88,pro_precio_venta=1 WHERE pro_codigo_plu=780721474','',2,'2013-07-29'),(44756,'UPDATE mae_productos SET pro_margen_actual=-99.71,pro_precio_venta=1 WHERE pro_codigo_plu=780721476','',2,'2013-07-29'),(44757,'UPDATE mae_productos SET pro_margen_actual=-99.93,pro_precio_venta=1 WHERE pro_codigo_plu=780721481','',2,'2013-07-29'),(44758,'UPDATE mae_productos SET pro_margen_actual=-99.92,pro_precio_venta=1 WHERE pro_codigo_plu=780721482','',2,'2013-07-29'),(44759,'UPDATE mae_productos SET pro_margen_actual=-99.88,pro_precio_venta=1 WHERE pro_codigo_plu=780721484','',2,'2013-07-29'),(44760,'UPDATE mae_productos SET pro_margen_actual=-99.87,pro_precio_venta=1 WHERE pro_codigo_plu=780721485','',2,'2013-07-29'),(44761,'UPDATE mae_productos SET pro_margen_actual=0,pro_precio_venta=999 WHERE pro_codigo_plu=580','',2,'2013-07-29'),(44762,'UPDATE mae_productos SET pro_margen_actual=0,pro_precio_venta=600 WHERE pro_codigo_plu=549','',2,'2013-07-29'),(44763,'UPDATE mae_productos SET pro_margen_actual=83.95,pro_precio_venta=1490 WHERE pro_codigo_plu=562','',2,'2013-07-29'),(44764,'UPDATE mae_productos SET pro_margen_actual=0,pro_precio_venta=499 WHERE pro_codigo_plu=591','',2,'2013-07-29'),(44765,'UPDATE mae_productos SET pro_margen_actual=0,pro_precio_venta=1990 WHERE pro_codigo_plu=577','',2,'2013-07-29'),(44766,'UPDATE mae_productos SET pro_margen_actual=0,pro_precio_venta=800 WHERE pro_codigo_plu=532','',2,'2013-07-29'),(44767,'UPDATE mae_productos SET pro_precio_fiscal=pro_precio_venta WHERE pro_codigo_plu=532','',2,'2013-07-29'),(44768,'UPDATE mae_productos SET pro_precio_fiscal=pro_precio_venta WHERE pro_codigo_plu=577','',2,'2013-07-29'),(44769,'UPDATE mae_productos SET pro_precio_fiscal=pro_precio_venta WHERE pro_codigo_plu=591','',2,'2013-07-29'),(44770,'INSERT INTO gne_vale_ferreteria (vfe_id,vfe_fecha,vfe_total,vfe_estado,vfe_entregado,usu_nusuario) VALUES (6563,@@@2013.07.29@@@,2090,1,0,@@@b_SAEZ@@@)','',2,'2013-07-29'),(44771,'INSERT INTO gne_vale_ferreteria_mov (vfe_id,pro_codigo_plu,vfm_cantidad,vfm_unitario,vfm_total,vfm_entregado) VALUES (6563,101680,1,1890,1890,@@@NO@@@)','',2,'2013-07-29'),(44772,'INSERT INTO gne_vale_ferreteria_mov (vfe_id,pro_codigo_plu,vfm_cantidad,vfm_unitario,vfm_total,vfm_entregado) VALUES (6563,20365,1,100,100,@@@NO@@@)','',2,'2013-07-29'),(44773,'INSERT INTO gne_vale_ferreteria_mov (vfe_id,pro_codigo_plu,vfm_cantidad,vfm_unitario,vfm_total,vfm_entregado) VALUES (6563,20366,1,100,100,@@@NO@@@)','',2,'2013-07-29'),(44774,'INSERT INTO gne_vale_ferreteria (vfe_id,vfe_fecha,vfe_total,vfe_estado,vfe_entregado,usu_nusuario) VALUES (6564,@@@2013.07.29@@@,690,1,0,@@@b_SAEZ@@@)','',2,'2013-07-29'),(44775,'INSERT INTO gne_vale_ferreteria_mov (vfe_id,pro_codigo_plu,vfm_cantidad,vfm_unitario,vfm_total,vfm_entregado) VALUES (6564,1546,1,200,200,@@@NO@@@)','',2,'2013-07-29'),(44776,'INSERT INTO gne_vale_ferreteria_mov (vfe_id,pro_codigo_plu,vfm_cantidad,vfm_unitario,vfm_total,vfm_entregado) VALUES (6564,78017126,1,490,490,@@@NO@@@)','',2,'2013-07-29'),(44777,'INSERT INTO gne_vale_ferreteria (vfe_id,vfe_fecha,vfe_total,vfe_estado,vfe_entregado,usu_nusuario) VALUES (6565,@@@2013.07.29@@@,390,1,0,@@@b_SAEZ@@@)','',2,'2013-07-29'),(44778,'INSERT INTO gne_vale_ferreteria_mov (vfe_id,pro_codigo_plu,vfm_cantidad,vfm_unitario,vfm_total,vfm_entregado) VALUES (6565,2007,1,390,390,@@@NO@@@)','',2,'2013-07-29'),(44779,'UPDATE gpr_pack_virtual SET pav_nombre=@@@YOGURTH NESTLE FRUTILLA+ VAINILLA+DAMASCO+PIÑ@@@,pav_total_pack=999,pav_total_descuento=201,pav_desde=@@@2013-07-09@@@,pav_hasta=@@@2013-09-30@@@,pav_tipo=@@@PA@@@,pav_precio=150,pav_lleva=8,pav_paga=6.65,pav_descuento=1.35,pav_porcentaje=1,pav_oferta_exclusiva=@@@NO@@@,pav_agotar_stock=@@@SI@@@,pav_stock=100,pav_costo=795.84,pav_margen=25.53 WHERE pav_id=25','',2,'2013-07-29'),(44780,'DELETE FROM gpr_pack_virtual_mov WHERE pav_id=25','',2,'2013-07-29'),(44781,'DELETE FROM gpr_pack_virtual_horario WHERE pav_id=25','',2,'2013-07-29'),(44782,'INSERT INTO gpr_pack_virtual_mov (pav_id,pro_codigo_plu,pvm_precio,pvm_total,pvm_lleva,pvm_paga,pvm_descuento,pvm_porcentaje,pvm_total_normal,pvm_descuento_linea,pvm_costo,pvm_margen) VALUES (25,16593,150,0,1,1,0,0,150,25.125,99.48,25.53),(25,16606,150,0,1,1,0,0,150,25.125,99.48,25.53),(25,16588,150,0,1,1,0,0,150,25.125,99.48,25.53),(25,16605,150,0,1,1,0,0,150,25.125,99.48,25.53)','',2,'2013-07-29'),(44783,'INSERT INTO gpr_pack_virtual_horario (pav_id,pvh_dia,pvh_hora_desde,pvh_hora_hasta) VALUES (25,99,@@@00:00@@@,@@@23:59@@@)','',2,'2013-07-29'),(44784,'INSERT INTO gne_vale_ferreteria (vfe_id,vfe_fecha,vfe_total,vfe_estado,vfe_entregado,usu_nusuario) VALUES (6566,@@@2013.07.29@@@,280,1,0,@@@b_SAEZ@@@)','',2,'2013-07-29'),(44785,'INSERT INTO gne_vale_ferreteria_mov (vfe_id,pro_codigo_plu,vfm_cantidad,vfm_unitario,vfm_total,vfm_entregado) VALUES (6566,78017191,7,40,280,@@@NO@@@)','',2,'2013-07-29'),(44786,'INSERT INTO gne_vale_ferreteria (vfe_id,vfe_fecha,vfe_total,vfe_estado,vfe_entregado,usu_nusuario) VALUES (6567,@@@2013.07.29@@@,800,1,0,@@@b_SAEZ@@@)','',2,'2013-07-29'),(44787,'INSERT INTO gne_vale_ferreteria_mov (vfe_id,pro_codigo_plu,vfm_cantidad,vfm_unitario,vfm_total,vfm_entregado) VALUES (6567,78017191,20,40,800,@@@NO@@@)','',2,'2013-07-29'),(44788,'INSERT INTO gne_vale_ferreteria (vfe_id,vfe_fecha,vfe_total,vfe_estado,vfe_entregado,usu_nusuario) VALUES (6568,@@@2013.07.29@@@,450,1,0,@@@b_SAEZ@@@)','',2,'2013-07-29'),(44789,'INSERT INTO gne_vale_ferreteria_mov (vfe_id,pro_codigo_plu,vfm_cantidad,vfm_unitario,vfm_total,vfm_entregado) VALUES (6568,20756,1,450,450,@@@NO@@@)','',2,'2013-07-29'),(44790,'INSERT INTO gne_vale_ferreteria (vfe_id,vfe_fecha,vfe_total,vfe_estado,vfe_entregado,usu_nusuario) VALUES (6569,@@@2013.07.29@@@,420,1,0,@@@b_SAEZ@@@)','',2,'2013-07-29'),(44791,'INSERT INTO gne_vale_ferreteria_mov (vfe_id,pro_codigo_plu,vfm_cantidad,vfm_unitario,vfm_total,vfm_entregado) VALUES (6569,780220185,1,420,420,@@@NO@@@)','',2,'2013-07-29'),(44792,'INSERT INTO gne_vale_ferreteria (vfe_id,vfe_fecha,vfe_total,vfe_estado,vfe_entregado,usu_nusuario) VALUES (6570,@@@2013.07.29@@@,500,1,0,@@@b_SAEZ@@@)','',2,'2013-07-29'),(44793,'INSERT INTO gne_vale_ferreteria_mov (vfe_id,pro_codigo_plu,vfm_cantidad,vfm_unitario,vfm_total,vfm_entregado) VALUES (6570,12608,2,250,500,@@@NO@@@)','',2,'2013-07-29'),(44794,'INSERT INTO gne_vale_ferreteria (vfe_id,vfe_fecha,vfe_total,vfe_estado,vfe_entregado,usu_nusuario) VALUES (6571,@@@2013.07.29@@@,890,1,0,@@@b_SAEZ@@@)','',2,'2013-07-29'),(44795,'INSERT INTO gne_vale_ferreteria_mov (vfe_id,pro_codigo_plu,vfm_cantidad,vfm_unitario,vfm_total,vfm_entregado) VALUES (6571,763799,1,890,890,@@@NO@@@)','',2,'2013-07-29'),(44796,'INSERT INTO gne_vale_ferreteria (vfe_id,vfe_fecha,vfe_total,vfe_estado,vfe_entregado,usu_nusuario) VALUES (6572,@@@2013.07.29@@@,2190,1,0,@@@b_SAEZ@@@)','',2,'2013-07-29'),(44797,'INSERT INTO gne_vale_ferreteria_mov (vfe_id,pro_codigo_plu,vfm_cantidad,vfm_unitario,vfm_total,vfm_entregado) VALUES (6572,20521,1,2190,2190,@@@NO@@@)','',2,'2013-07-29'),(44798,'INSERT INTO gne_vale_ferreteria (vfe_id,vfe_fecha,vfe_total,vfe_estado,vfe_entregado,usu_nusuario) VALUES (6573,@@@2013.07.29@@@,100,1,0,@@@b_SAEZ@@@)','',2,'2013-07-29'),(44799,'INSERT INTO gne_vale_ferreteria_mov (vfe_id,pro_codigo_plu,vfm_cantidad,vfm_unitario,vfm_total,vfm_entregado) VALUES (6573,764833,10,10,100,@@@NO@@@)','',2,'2013-07-29'),(44800,'INSERT INTO gne_vale_ferreteria (vfe_id,vfe_fecha,vfe_total,vfe_estado,vfe_entregado,usu_nusuario) VALUES (6574,@@@2013.07.29@@@,750,1,0,@@@b_SAEZ@@@)','',2,'2013-07-29'),(44801,'INSERT INTO gne_vale_ferreteria_mov (vfe_id,pro_codigo_plu,vfm_cantidad,vfm_unitario,vfm_total,vfm_entregado) VALUES (6574,770068,1,750,750,@@@NO@@@)','',2,'2013-07-29'),(44802,'UPDATE mae_productos SET pro_precio_compra_bruto=1136.2,pro_margen_actual=(pro_precio_venta-1136.2)/1136.2 * 100,pro_ultima_compra=@@@2013.07.29@@@,pro_ultimo_proveedor=@@@88502900-0@@@ WHERE pro_codigo_plu=21194','',2,'2013-07-29'),(44803,'UPDATE mae_productos SET pro_precio_compra_bruto=2272.4,pro_margen_actual=(pro_precio_venta-2272.4)/2272.4 * 100,pro_ultima_compra=@@@2013.07.29@@@,pro_ultimo_proveedor=@@@88502900-0@@@ WHERE pro_codigo_plu=764428','',2,'2013-07-29'),(44804,'UPDATE mae_productos SET pro_precio_compra_bruto=2083,pro_margen_actual=(pro_precio_venta-2083)/2083 * 100,pro_ultima_compra=@@@2013.07.29@@@,pro_ultimo_proveedor=@@@88502900-0@@@ WHERE pro_codigo_plu=21197','',2,'2013-07-29'),(44805,'UPDATE mae_productos SET pro_precio_compra_bruto=2427.3,pro_margen_actual=(pro_precio_venta-2427.3)/2427.3 * 100,pro_ultima_compra=@@@2013.07.29@@@,pro_ultimo_proveedor=@@@88502900-0@@@ WHERE pro_codigo_plu=21198','',2,'2013-07-29'),(44806,'UPDATE mae_productos SET pro_precio_compra_bruto=1213.1,pro_margen_actual=(pro_precio_venta-1213.1)/1213.1 * 100,pro_ultima_compra=@@@2013.07.29@@@,pro_ultimo_proveedor=@@@88502900-0@@@ WHERE pro_codigo_plu=780721465','',2,'2013-07-29'),(44807,'UPDATE mae_productos SET pro_precio_compra_bruto=2427.3,pro_margen_actual=(pro_precio_venta-2427.3)/2427.3 * 100,pro_ultima_compra=@@@2013.07.29@@@,pro_ultimo_proveedor=@@@88502900-0@@@ WHERE pro_codigo_plu=21186','',2,'2013-07-29'),(44808,'UPDATE mae_productos SET pro_precio_compra_bruto=2240.6,pro_margen_actual=(pro_precio_venta-2240.6)/2240.6 * 100,pro_ultima_compra=@@@2013.07.29@@@,pro_ultimo_proveedor=@@@88502900-0@@@ WHERE pro_codigo_plu=21175','',2,'2013-07-29'),(44809,'UPDATE mae_productos SET pro_precio_compra_bruto=2053.9,pro_margen_actual=(pro_precio_venta-2053.9)/2053.9 * 100,pro_ultima_compra=@@@2013.07.29@@@,pro_ultimo_proveedor=@@@88502900-0@@@ WHERE pro_codigo_plu=764110','',2,'2013-07-29'),(44810,'UPDATE mae_productos SET pro_precio_compra_bruto=1213.6,pro_margen_actual=(pro_precio_venta-1213.6)/1213.6 * 100,pro_ultima_compra=@@@2013.07.29@@@,pro_ultimo_proveedor=@@@88502900-0@@@ WHERE pro_codigo_plu=763450','',2,'2013-07-29'),(44811,'UPDATE mae_productos SET pro_precio_compra_bruto=2333.9,pro_margen_actual=(pro_precio_venta-2333.9)/2333.9 * 100,pro_ultima_compra=@@@2013.07.29@@@,pro_ultimo_proveedor=@@@88502900-0@@@ WHERE pro_codigo_plu=764103','',2,'2013-07-29'),(44812,'UPDATE mae_productos SET pro_precio_compra_bruto=2241,pro_margen_actual=(pro_precio_venta-2241)/2241 * 100,pro_ultima_compra=@@@2013.07.29@@@,pro_ultimo_proveedor=@@@88502900-0@@@ WHERE pro_codigo_plu=21176','',2,'2013-07-29'),(44813,'UPDATE mae_productos SET pro_precio_compra_bruto=943.5,pro_margen_actual=(pro_precio_venta-943.5)/943.5 * 100,pro_ultima_compra=@@@2013.07.29@@@,pro_ultimo_proveedor=@@@88502900-0@@@ WHERE pro_codigo_plu=764116','',2,'2013-07-29'),(44814,'UPDATE mae_productos SET pro_precio_compra_bruto=1415.3,pro_margen_actual=(pro_precio_venta-1415.3)/1415.3 * 100,pro_ultima_compra=@@@2013.07.29@@@,pro_ultimo_proveedor=@@@88502900-0@@@ WHERE pro_codigo_plu=21207','',2,'2013-07-29'),(44815,'UPDATE mae_productos SET pro_precio_compra_bruto=849,pro_margen_actual=(pro_precio_venta-849)/849 * 100,pro_ultima_compra=@@@2013.07.29@@@,pro_ultimo_proveedor=@@@88502900-0@@@ WHERE pro_codigo_plu=764104','',2,'2013-07-29'),(44816,'UPDATE mae_productos SET pro_precio_compra_bruto=1414.996,pro_margen_actual=(pro_precio_venta-1414.996)/1414.996 * 100,pro_ultima_compra=@@@2013.07.29@@@,pro_ultimo_proveedor=@@@88502900-0@@@ WHERE pro_codigo_plu=780721308','',2,'2013-07-29'),(44817,'UPDATE mae_productos SET pro_precio_compra_bruto=1415.3,pro_margen_actual=(pro_precio_venta-1415.3)/1415.3 * 100,pro_ultima_compra=@@@2013.07.29@@@,pro_ultimo_proveedor=@@@88502900-0@@@ WHERE pro_codigo_plu=764106','',2,'2013-07-29'),(44818,'INSERT INTO mae_productos (pro_codigo_plu,pro_codigo_barra,pro_tipo,pro_nombre_producto,pro_nombre_corto,med_id,emb_id,pro_unidades_embalaje,dep_id,lin_id,mar_id,pro_precio_compra_neto,pro_precio_compra_bruto,pro_precio_venta,pro_margen_actual,pro_oferta,pro_fecha_inicio_oferta,pro_fecha_termino_oferta,pro_precio_oferta,pro_stock_minimo,pro_stock_critico,pro_entradas_bodega,pro_salidas_bodega,pro_mermas_bodega,pro_ajustes_bodega,pro_entradas_sv,pro_salidas_sv,pro_mermas_sv,pro_ajustes_sv,pro_activo,rec_numero,pro_unidad,pro_capacidad,pro_consumo_bodega,pro_consumo_sv,pro_estado,pro_funcion_plu,pro_flejes,pro_iva,pro_plu_asociado,pro_envase,pro_duracion,pro_numero_etiqueta) VALUES (780721486,@@@780721486@@@,@@@0@@@,@@@CANDADO 32 MM COPPER@@@,@@@CANDADO 32 MM CO@@@,@@@1 @@@,@@@6 @@@,@@@12@@@,@@@24 @@@,@@@207@@@,@@@2507@@@,@@@0@@@,@@@300@@@,@@@1@@@,@@@-99.67@@@,@@@@@@,@@@2013.07.29@@@,@@@2013.07.29@@@,@@@0@@@,@@@12@@@,@@@4@@@,@@@0@@@,@@@0@@@,@@@0@@@,@@@0@@@,@@@0@@@,@@@0@@@,@@@0@@@,@@@0@@@,@@@1@@@,@@@0@@@,0,1,0,0,2,0,1,1,0,@@@NO@@@,0,0)','',2,'2013-07-29'),(44819,'DELETE FROM mae_impuestos_productos WHERE pro_codigo_plu=@@@780721486@@@','',2,'2013-07-29'),(44820,'INSERT INTO gne_vale_ferreteria (vfe_id,vfe_fecha,vfe_total,vfe_estado,vfe_entregado,usu_nusuario) VALUES (6575,@@@2013.07.29@@@,2540,1,0,@@@b_SAEZ@@@)','',2,'2013-07-29'),(44821,'INSERT INTO gne_vale_ferreteria_mov (vfe_id,pro_codigo_plu,vfm_cantidad,vfm_unitario,vfm_total,vfm_entregado) VALUES (6575,763614,3,650,1950,@@@NO@@@)','',2,'2013-07-29'),(44822,'INSERT INTO gne_vale_ferreteria_mov (vfe_id,pro_codigo_plu,vfm_cantidad,vfm_unitario,vfm_total,vfm_entregado) VALUES (6575,78017204,2,120,240,@@@NO@@@)','',2,'2013-07-29'),(44823,'INSERT INTO gne_vale_ferreteria_mov (vfe_id,pro_codigo_plu,vfm_cantidad,vfm_unitario,vfm_total,vfm_entregado) VALUES (6575,780721387,1,130,130,@@@NO@@@)','',2,'2013-07-29'),(44824,'INSERT INTO gne_vale_ferreteria_mov (vfe_id,pro_codigo_plu,vfm_cantidad,vfm_unitario,vfm_total,vfm_entregado) VALUES (6575,763783,1,220,220,@@@NO@@@)','',2,'2013-07-29'),(44825,'INSERT INTO gne_vale_ferreteria (vfe_id,vfe_fecha,vfe_total,vfe_estado,vfe_entregado,usu_nusuario) VALUES (6576,@@@2013.07.29@@@,580,1,0,@@@b_SAEZ@@@)','',2,'2013-07-29'),(44826,'INSERT INTO gne_vale_ferreteria_mov (vfe_id,pro_codigo_plu,vfm_cantidad,vfm_unitario,vfm_total,vfm_entregado) VALUES (6576,8022,1,120,120,@@@NO@@@)','',2,'2013-07-29'),(44827,'INSERT INTO gne_vale_ferreteria_mov (vfe_id,pro_codigo_plu,vfm_cantidad,vfm_unitario,vfm_total,vfm_entregado) VALUES (6576,78017010,1,100,100,@@@NO@@@)','',2,'2013-07-29'),(44828,'INSERT INTO gne_vale_ferreteria_mov (vfe_id,pro_codigo_plu,vfm_cantidad,vfm_unitario,vfm_total,vfm_entregado) VALUES (6576,78017006,3,120,360,@@@NO@@@)','',2,'2013-07-29'),(44829,'INSERT INTO gne_vale_ferreteria (vfe_id,vfe_fecha,vfe_total,vfe_estado,vfe_entregado,usu_nusuario) VALUES (6577,@@@2013.07.29@@@,960,1,0,@@@b_SAEZ@@@)','',2,'2013-07-29'),(44830,'INSERT INTO gne_vale_ferreteria_mov (vfe_id,pro_codigo_plu,vfm_cantidad,vfm_unitario,vfm_total,vfm_entregado) VALUES (6577,15949,2,480,960,@@@NO@@@)','',2,'2013-07-29'),(44831,'INSERT INTO gne_vale_ferreteria (vfe_id,vfe_fecha,vfe_total,vfe_estado,vfe_entregado,usu_nusuario) VALUES (6578,@@@2013.07.29@@@,120,1,0,@@@b_SAEZ@@@)','',2,'2013-07-29'),(44832,'INSERT INTO gne_vale_ferreteria_mov (vfe_id,pro_codigo_plu,vfm_cantidad,vfm_unitario,vfm_total,vfm_entregado) VALUES (6578,78017191,3,40,120,@@@NO@@@)','',2,'2013-07-29'),(44833,'INSERT INTO gne_vale_ferreteria (vfe_id,vfe_fecha,vfe_total,vfe_estado,vfe_entregado,usu_nusuario) VALUES (6579,@@@2013.07.29@@@,120,1,0,@@@b_SAEZ@@@)','',2,'2013-07-29'),(44834,'INSERT INTO gne_vale_ferreteria_mov (vfe_id,pro_codigo_plu,vfm_cantidad,vfm_unitario,vfm_total,vfm_entregado) VALUES (6579,780721141,1,120,120,@@@NO@@@)','',2,'2013-07-29'),(44835,'INSERT INTO gne_vale_ferreteria (vfe_id,vfe_fecha,vfe_total,vfe_estado,vfe_entregado,usu_nusuario) VALUES (6580,@@@2013.07.29@@@,780,1,0,@@@b_SAEZ@@@)','',2,'2013-07-29'),(44836,'INSERT INTO gne_vale_ferreteria_mov (vfe_id,pro_codigo_plu,vfm_cantidad,vfm_unitario,vfm_total,vfm_entregado) VALUES (6580,1535,2,390,780,@@@NO@@@)','',2,'2013-07-29'),(44837,'INSERT INTO gne_vale_ferreteria (vfe_id,vfe_fecha,vfe_total,vfe_estado,vfe_entregado,usu_nusuario) VALUES (6581,@@@2013.07.29@@@,120,1,0,@@@b_SAEZ@@@)','',2,'2013-07-29'),(44838,'INSERT INTO gne_vale_ferreteria_mov (vfe_id,pro_codigo_plu,vfm_cantidad,vfm_unitario,vfm_total,vfm_entregado) VALUES (6581,78017204,1,120,120,@@@NO@@@)','',2,'2013-07-29'),(44839,'INSERT INTO gne_vale_ferreteria (vfe_id,vfe_fecha,vfe_total,vfe_estado,vfe_entregado,usu_nusuario) VALUES (6582,@@@2013.07.29@@@,250,1,0,@@@b_SAEZ@@@)','',2,'2013-07-29'),(44840,'INSERT INTO gne_vale_ferreteria_mov (vfe_id,pro_codigo_plu,vfm_cantidad,vfm_unitario,vfm_total,vfm_entregado) VALUES (6582,763802,1,250,250,@@@NO@@@)','',2,'2013-07-29'),(44841,'UPDATE mae_productos SET pro_margen_actual=-99.67,pro_precio_venta=1 WHERE pro_codigo_plu=780721486','',2,'2013-07-29'),(44842,'INSERT INTO gne_vale_ferreteria (vfe_id,vfe_fecha,vfe_total,vfe_estado,vfe_entregado,usu_nusuario) VALUES (6583,@@@2013.07.29@@@,1150,1,0,@@@b_SAEZ@@@)','',2,'2013-07-29'),(44843,'INSERT INTO gne_vale_ferreteria_mov (vfe_id,pro_codigo_plu,vfm_cantidad,vfm_unitario,vfm_total,vfm_entregado) VALUES (6583,763891,1,1150,1150,@@@NO@@@)','',2,'2013-07-29'),(44844,'INSERT INTO gne_vale_ferreteria (vfe_id,vfe_fecha,vfe_total,vfe_estado,vfe_entregado,usu_nusuario) VALUES (6584,@@@2013.07.29@@@,1690,1,0,@@@b_SAEZ@@@)','',2,'2013-07-29'),(44845,'INSERT INTO gne_vale_ferreteria_mov (vfe_id,pro_codigo_plu,vfm_cantidad,vfm_unitario,vfm_total,vfm_entregado) VALUES (6584,1083,1,1690,1690,@@@NO@@@)','',2,'2013-07-29'),(44846,'INSERT INTO gne_vale_ferreteria (vfe_id,vfe_fecha,vfe_total,vfe_estado,vfe_entregado,usu_nusuario) VALUES (6585,@@@2013.07.29@@@,350,1,0,@@@b_SAEZ@@@)','',2,'2013-07-29'),(44847,'INSERT INTO gne_vale_ferreteria_mov (vfe_id,pro_codigo_plu,vfm_cantidad,vfm_unitario,vfm_total,vfm_entregado) VALUES (6585,1017,1,350,350,@@@NO@@@)','',2,'2013-07-29'),(44848,'UPDATE mae_productos SET pro_margen_actual=112.86,pro_precio_venta=1490 WHERE pro_codigo_plu=780721457','',2,'2013-07-29'),(44849,'UPDATE mae_productos SET pro_margen_actual=76.35,pro_precio_venta=14990 WHERE pro_codigo_plu=780721449','',2,'2013-07-29'),(44850,'UPDATE mae_productos SET pro_margen_actual=107.5,pro_precio_venta=2490 WHERE pro_codigo_plu=780721452','',2,'2013-07-29'),(44851,'UPDATE mae_productos SET pro_margen_actual=-80.06,pro_precio_venta=3190 WHERE pro_codigo_plu=780721450','',2,'2013-07-29'),(44852,'UPDATE mae_productos SET pro_margen_actual=125.33,pro_precio_venta=1690 WHERE pro_codigo_plu=780721456','',2,'2013-07-29'),(44853,'UPDATE mae_productos SET pro_margen_actual=99.52,pro_precio_venta=4190 WHERE pro_codigo_plu=780721470','',2,'2013-07-29'),(44854,'UPDATE mae_productos SET pro_margen_actual=116.36,pro_precio_venta=1190 WHERE pro_codigo_plu=780721469','',2,'2013-07-29'),(44855,'UPDATE mae_productos SET pro_margen_actual=147.5,pro_precio_venta=990 WHERE pro_codigo_plu=780721466','',2,'2013-07-29'),(44856,'UPDATE mae_productos SET pro_margen_actual=99.38,pro_precio_venta=3190 WHERE pro_codigo_plu=780721475','',2,'2013-07-29'),(44857,'UPDATE mae_productos SET pro_margen_actual=0,pro_precio_venta=2490 WHERE pro_codigo_plu=780721317','',2,'2013-07-29'),(44858,'UPDATE mae_productos SET pro_margen_actual=131.67,pro_precio_venta=1390 WHERE pro_codigo_plu=780721419','',2,'2013-07-29'),(44859,'UPDATE mae_productos SET pro_margen_actual=110.59,pro_precio_venta=1790 WHERE pro_codigo_plu=780721474','',2,'2013-07-29'),(44860,'UPDATE mae_productos SET pro_margen_actual=129.23,pro_precio_venta=1490 WHERE pro_codigo_plu=780721480','',2,'2013-07-29'),(44861,'UPDATE mae_productos SET pro_margen_actual=115.94,pro_precio_venta=1490 WHERE pro_codigo_plu=780721478','',2,'2013-07-29'),(44862,'UPDATE mae_productos SET pro_margen_actual=115.94,pro_precio_venta=1490 WHERE pro_codigo_plu=780721479','',2,'2013-07-29'),(44863,'UPDATE mae_productos SET pro_margen_actual=109.47,pro_precio_venta=1990 WHERE pro_codigo_plu=780721477','',2,'2013-07-29'),(44864,'UPDATE mae_productos SET pro_margen_actual=107.5,pro_precio_venta=2490 WHERE pro_codigo_plu=780721482','',2,'2013-07-29'),(44865,'UPDATE mae_productos SET pro_margen_actual=106.43,pro_precio_venta=2890 WHERE pro_codigo_plu=780721481','',2,'2013-07-29'),(44866,'UPDATE mae_productos SET pro_margen_actual=138,pro_precio_venta=1190 WHERE pro_codigo_plu=780721467','',2,'2013-07-29'),(44867,'UPDATE mae_productos SET pro_margen_actual=129.23,pro_precio_venta=1490 WHERE pro_codigo_plu=780721473','',2,'2013-07-29'),(44868,'UPDATE mae_productos SET pro_margen_actual=0,pro_precio_venta=999 WHERE pro_codigo_plu=580','',2,'2013-07-29'),(44869,'UPDATE mae_productos SET pro_margen_actual=176,pro_precio_venta=690 WHERE pro_codigo_plu=780721471','',2,'2013-07-29'),(44870,'UPDATE mae_productos SET pro_margen_actual=-72.14,pro_precio_venta=390 WHERE pro_codigo_plu=780721459','',2,'2013-07-29'),(44871,'UPDATE mae_productos SET pro_margen_actual=138,pro_precio_venta=1190 WHERE pro_codigo_plu=780721472','',2,'2013-07-29'),(44872,'UPDATE mae_productos SET pro_margen_actual=105,pro_precio_venta=3690 WHERE pro_codigo_plu=780721448','',2,'2013-07-29'),(44873,'UPDATE mae_productos SET pro_margen_actual=-61,pro_precio_venta=390 WHERE pro_codigo_plu=780721451','',2,'2013-07-29'),(44874,'UPDATE mae_productos SET pro_precio_fiscal=pro_precio_venta WHERE pro_codigo_plu=780721470','',2,'2013-07-29'),(44875,'UPDATE mae_productos SET pro_precio_fiscal=pro_precio_venta WHERE pro_codigo_plu=780721478','',2,'2013-07-29'),(44876,'UPDATE mae_productos SET pro_precio_fiscal=pro_precio_venta WHERE pro_codigo_plu=780721479','',2,'2013-07-29'),(44877,'UPDATE mae_productos SET pro_precio_fiscal=pro_precio_venta WHERE pro_codigo_plu=780721469','',2,'2013-07-29'),(44878,'UPDATE mae_productos SET pro_precio_fiscal=pro_precio_venta WHERE pro_codigo_plu=780721452','',2,'2013-07-29'),(44879,'UPDATE mae_productos SET pro_precio_fiscal=pro_precio_venta WHERE pro_codigo_plu=780721456','',2,'2013-07-29'),(44880,'UPDATE mae_productos SET pro_precio_fiscal=pro_precio_venta WHERE pro_codigo_plu=780721455','',2,'2013-07-29'),(44881,'UPDATE mae_productos SET pro_precio_fiscal=pro_precio_venta WHERE pro_codigo_plu=780721482','',2,'2013-07-29'),(44882,'UPDATE mae_productos SET pro_precio_fiscal=pro_precio_venta WHERE pro_codigo_plu=780721477','',2,'2013-07-29'),(44883,'UPDATE mae_productos SET pro_precio_fiscal=pro_precio_venta WHERE pro_codigo_plu=780721450','',2,'2013-07-29'),(44884,'UPDATE mae_productos SET pro_precio_fiscal=pro_precio_venta WHERE pro_codigo_plu=780721481','',2,'2013-07-29'),(44885,'UPDATE mae_productos SET pro_precio_fiscal=pro_precio_venta WHERE pro_codigo_plu=780721451','',2,'2013-07-29'),(44886,'UPDATE mae_productos SET pro_precio_fiscal=pro_precio_venta WHERE pro_codigo_plu=780721473','',2,'2013-07-29'),(44887,'UPDATE mae_productos SET pro_precio_fiscal=pro_precio_venta WHERE pro_codigo_plu=780721466','',2,'2013-07-29'),(44888,'UPDATE mae_productos SET pro_precio_fiscal=pro_precio_venta WHERE pro_codigo_plu=780721475','',2,'2013-07-29'),(44889,'UPDATE mae_productos SET pro_precio_fiscal=pro_precio_venta WHERE pro_codigo_plu=780721467','',2,'2013-07-29'),(44890,'UPDATE mae_productos SET pro_precio_fiscal=pro_precio_venta WHERE pro_codigo_plu=780721457','',2,'2013-07-29'),(44891,'UPDATE mae_productos SET pro_precio_fiscal=pro_precio_venta WHERE pro_codigo_plu=780721474','',2,'2013-07-29'),(44892,'UPDATE mae_productos SET pro_precio_fiscal=pro_precio_venta WHERE pro_codigo_plu=780721448','',2,'2013-07-29'),(44893,'UPDATE mae_productos SET pro_precio_fiscal=pro_precio_venta WHERE pro_codigo_plu=780721480','',2,'2013-07-29'),(44894,'UPDATE mae_productos SET pro_precio_fiscal=pro_precio_venta WHERE pro_codigo_plu=780721454','',2,'2013-07-29'),(44895,'UPDATE mae_productos SET pro_precio_fiscal=pro_precio_venta WHERE pro_codigo_plu=780721465','',2,'2013-07-29'),(44896,'UPDATE mae_productos SET pro_precio_fiscal=pro_precio_venta WHERE pro_codigo_plu=780721472','',2,'2013-07-29'),(44897,'UPDATE mae_productos SET pro_precio_fiscal=pro_precio_venta WHERE pro_codigo_plu=780721449','',2,'2013-07-29'),(44898,'UPDATE mae_productos SET pro_precio_fiscal=pro_precio_venta WHERE pro_codigo_plu=780721461','',2,'2013-07-29'),(44899,'UPDATE mae_productos SET pro_precio_fiscal=pro_precio_venta WHERE pro_codigo_plu=780721464','',2,'2013-07-29'),(44900,'UPDATE mae_productos SET pro_precio_fiscal=pro_precio_venta WHERE pro_codigo_plu=780721471','',2,'2013-07-29'),(44901,'UPDATE mae_productos SET pro_precio_fiscal=pro_precio_venta WHERE pro_codigo_plu=780721459','',2,'2013-07-29'),(44902,'INSERT INTO gne_vale_ferreteria (vfe_id,vfe_fecha,vfe_total,vfe_estado,vfe_entregado,usu_nusuario) VALUES (6586,@@@2013.07.29@@@,100,1,0,@@@b_SAEZ@@@)','',2,'2013-07-29'),(44903,'INSERT INTO gne_vale_ferreteria_mov (vfe_id,pro_codigo_plu,vfm_cantidad,vfm_unitario,vfm_total,vfm_entregado) VALUES (6586,770000,2,50,100,@@@NO@@@)','',2,'2013-07-29'),(44904,'INSERT INTO gne_vale_ferreteria (vfe_id,vfe_fecha,vfe_total,vfe_estado,vfe_entregado,usu_nusuario) VALUES (6587,@@@2013.07.29@@@,2100,1,0,@@@b_SAEZ@@@)','',2,'2013-07-29'),(44905,'INSERT INTO gne_vale_ferreteria_mov (vfe_id,pro_codigo_plu,vfm_cantidad,vfm_unitario,vfm_total,vfm_entregado) VALUES (6587,763945,1,2100,2100,@@@NO@@@)','',2,'2013-07-29'),(44906,'INSERT INTO gne_vale_ferreteria (vfe_id,vfe_fecha,vfe_total,vfe_estado,vfe_entregado,usu_nusuario) VALUES (6588,@@@2013.07.29@@@,150,1,0,@@@b_SAEZ@@@)','',2,'2013-07-29'),(44907,'INSERT INTO gne_vale_ferreteria_mov (vfe_id,pro_codigo_plu,vfm_cantidad,vfm_unitario,vfm_total,vfm_entregado) VALUES (6588,764580,1,150,150,@@@NO@@@)','',2,'2013-07-29'),(44908,'INSERT INTO gne_vale_ferreteria (vfe_id,vfe_fecha,vfe_total,vfe_estado,vfe_entregado,usu_nusuario) VALUES (6589,@@@2013.07.29@@@,1290,1,0,@@@b_SAEZ@@@)','',2,'2013-07-29'),(44909,'INSERT INTO gne_vale_ferreteria_mov (vfe_id,pro_codigo_plu,vfm_cantidad,vfm_unitario,vfm_total,vfm_entregado) VALUES (6589,770065,6,100,600,@@@NO@@@)','',2,'2013-07-29'),(44910,'INSERT INTO gne_vale_ferreteria_mov (vfe_id,pro_codigo_plu,vfm_cantidad,vfm_unitario,vfm_total,vfm_entregado) VALUES (6589,764830,1,690,690,@@@NO@@@)','',2,'2013-07-29'),(44911,'UPDATE mae_productos SET pro_margen_actual=59.26,pro_precio_venta=1990 WHERE pro_codigo_plu=102','',2,'2013-07-29'),(44912,'UPDATE mae_productos SET pro_margen_actual=46.53,pro_precio_venta=2999 WHERE pro_codigo_plu=213','',2,'2013-07-29'),(44913,'UPDATE mae_productos SET pro_precio_fiscal=pro_precio_venta WHERE pro_codigo_plu=102','',2,'2013-07-29'),(44914,'UPDATE mae_productos SET pro_margen_actual=107.5,pro_precio_venta=2490 WHERE pro_codigo_plu=780721460','',2,'2013-07-29'),(44915,'INSERT INTO gne_vale_ferreteria (vfe_id,vfe_fecha,vfe_total,vfe_estado,vfe_entregado,usu_nusuario) VALUES (6590,@@@2013.07.29@@@,300,1,0,@@@b_SAEZ@@@)','',2,'2013-07-29'),(44916,'INSERT INTO gne_vale_ferreteria_mov (vfe_id,pro_codigo_plu,vfm_cantidad,vfm_unitario,vfm_total,vfm_entregado) VALUES (6590,764279,1,300,300,@@@NO@@@)','',2,'2013-07-29'),(44917,'INSERT INTO mae_productos (pro_codigo_plu,pro_codigo_barra,pro_tipo,pro_nombre_producto,pro_nombre_corto,med_id,emb_id,pro_unidades_embalaje,dep_id,lin_id,mar_id,pro_precio_compra_neto,pro_precio_compra_bruto,pro_precio_venta,pro_margen_actual,pro_oferta,pro_fecha_inicio_oferta,pro_fecha_termino_oferta,pro_precio_oferta,pro_stock_minimo,pro_stock_critico,pro_entradas_bodega,pro_salidas_bodega,pro_mermas_bodega,pro_ajustes_bodega,pro_entradas_sv,pro_salidas_sv,pro_mermas_sv,pro_ajustes_sv,pro_activo,rec_numero,pro_unidad,pro_capacidad,pro_consumo_bodega,pro_consumo_sv,pro_estado,pro_funcion_plu,pro_flejes,pro_iva,pro_plu_asociado,pro_envase,pro_duracion,pro_numero_etiqueta) VALUES (990001,@@@990001@@@,@@@0@@@,@@@ZAPATILLAS CHICLE @@@,@@@ZAPATILLAS CHICL@@@,@@@1 @@@,@@@3 @@@,@@@0@@@,@@@39 @@@,@@@198@@@,@@@2507@@@,@@@0@@@,@@@0@@@,@@@1990@@@,@@@0@@@,@@@@@@,@@@2013.07.29@@@,@@@2013.07.29@@@,@@@0@@@,@@@0@@@,@@@0@@@,@@@0@@@,@@@0@@@,@@@0@@@,@@@0@@@,@@@0@@@,@@@0@@@,@@@0@@@,@@@0@@@,@@@1@@@,@@@0@@@,0,1,0,0,2,0,1,1,0,@@@NO@@@,0,0)','',2,'2013-07-29'),(44918,'DELETE FROM mae_impuestos_productos WHERE pro_codigo_plu=@@@990001@@@','',2,'2013-07-29'),(44919,'INSERT INTO gne_vale_ferreteria (vfe_id,vfe_fecha,vfe_total,vfe_estado,vfe_entregado,usu_nusuario) VALUES (6591,@@@2013.07.29@@@,130,1,0,@@@b_SAEZ@@@)','',2,'2013-07-29'),(44920,'INSERT INTO gne_vale_ferreteria_mov (vfe_id,pro_codigo_plu,vfm_cantidad,vfm_unitario,vfm_total,vfm_entregado) VALUES (6591,780721387,1,130,130,@@@NO@@@)','',2,'2013-07-29'),(44921,'INSERT INTO mae_productos (pro_codigo_plu,pro_codigo_barra,pro_tipo,pro_nombre_producto,pro_nombre_corto,med_id,emb_id,pro_unidades_embalaje,dep_id,lin_id,mar_id,pro_precio_compra_neto,pro_precio_compra_bruto,pro_precio_venta,pro_margen_actual,pro_oferta,pro_fecha_inicio_oferta,pro_fecha_termino_oferta,pro_precio_oferta,pro_stock_minimo,pro_stock_critico,pro_entradas_bodega,pro_salidas_bodega,pro_mermas_bodega,pro_ajustes_bodega,pro_entradas_sv,pro_salidas_sv,pro_mermas_sv,pro_ajustes_sv,pro_activo,rec_numero,pro_unidad,pro_capacidad,pro_consumo_bodega,pro_consumo_sv,pro_estado,pro_funcion_plu,pro_flejes,pro_iva,pro_plu_asociado,pro_envase,pro_duracion,pro_numero_etiqueta) VALUES (990002,@@@990002@@@,@@@0@@@,@@@ALCANCIA GRANDE@@@,@@@ALCANCIA GRANDE@@@,@@@1 @@@,@@@3 @@@,@@@0@@@,@@@23 @@@,@@@135@@@,@@@2507@@@,@@@0@@@,@@@0@@@,@@@1490@@@,@@@0@@@,@@@@@@,@@@2013.07.29@@@,@@@2013.07.29@@@,@@@0@@@,@@@0@@@,@@@0@@@,@@@0@@@,@@@0@@@,@@@0@@@,@@@0@@@,@@@0@@@,@@@0@@@,@@@0@@@,@@@0@@@,@@@1@@@,@@@0@@@,0,1,0,0,2,0,1,1,0,@@@NO@@@,0,0)','',2,'2013-07-29'),(44922,'DELETE FROM mae_impuestos_productos WHERE pro_codigo_plu=@@@990002@@@','',2,'2013-07-29'),(44923,'INSERT INTO mae_productos (pro_codigo_plu,pro_codigo_barra,pro_tipo,pro_nombre_producto,pro_nombre_corto,med_id,emb_id,pro_unidades_embalaje,dep_id,lin_id,mar_id,pro_precio_compra_neto,pro_precio_compra_bruto,pro_precio_venta,pro_margen_actual,pro_oferta,pro_fecha_inicio_oferta,pro_fecha_termino_oferta,pro_precio_oferta,pro_stock_minimo,pro_stock_critico,pro_entradas_bodega,pro_salidas_bodega,pro_mermas_bodega,pro_ajustes_bodega,pro_entradas_sv,pro_salidas_sv,pro_mermas_sv,pro_ajustes_sv,pro_activo,rec_numero,pro_unidad,pro_capacidad,pro_consumo_bodega,pro_consumo_sv,pro_estado,pro_funcion_plu,pro_flejes,pro_iva,pro_plu_asociado,pro_envase,pro_duracion,pro_numero_etiqueta) VALUES (990003,@@@990003@@@,@@@0@@@,@@@ALCANCIA MEDIANA@@@,@@@ALCANCIA MEDIANA@@@,@@@1 @@@,@@@3 @@@,@@@0@@@,@@@23 @@@,@@@135@@@,@@@2507@@@,@@@0@@@,@@@0@@@,@@@990@@@,@@@0@@@,@@@@@@,@@@2013.07.29@@@,@@@2013.07.29@@@,@@@0@@@,@@@0@@@,@@@0@@@,@@@0@@@,@@@0@@@,@@@0@@@,@@@0@@@,@@@0@@@,@@@0@@@,@@@0@@@,@@@0@@@,@@@1@@@,@@@0@@@,0,1,0,0,2,0,1,1,0,@@@NO@@@,0,0)','',2,'2013-07-29'),(44924,'DELETE FROM mae_impuestos_productos WHERE pro_codigo_plu=@@@990003@@@','',2,'2013-07-29'),(44925,'INSERT INTO mae_productos (pro_codigo_plu,pro_codigo_barra,pro_tipo,pro_nombre_producto,pro_nombre_corto,med_id,emb_id,pro_unidades_embalaje,dep_id,lin_id,mar_id,pro_precio_compra_neto,pro_precio_compra_bruto,pro_precio_venta,pro_margen_actual,pro_oferta,pro_fecha_inicio_oferta,pro_fecha_termino_oferta,pro_precio_oferta,pro_stock_minimo,pro_stock_critico,pro_entradas_bodega,pro_salidas_bodega,pro_mermas_bodega,pro_ajustes_bodega,pro_entradas_sv,pro_salidas_sv,pro_mermas_sv,pro_ajustes_sv,pro_activo,rec_numero,pro_unidad,pro_capacidad,pro_consumo_bodega,pro_consumo_sv,pro_estado,pro_funcion_plu,pro_flejes,pro_iva,pro_plu_asociado,pro_envase,pro_duracion,pro_numero_etiqueta) VALUES (990004,@@@990004@@@,@@@0@@@,@@@ALCANCIA CHICA@@@,@@@ALCANCIA CHICA@@@,@@@1 @@@,@@@3 @@@,@@@0@@@,@@@23 @@@,@@@135@@@,@@@2507@@@,@@@0@@@,@@@0@@@,@@@890@@@,@@@0@@@,@@@@@@,@@@2013.07.29@@@,@@@2013.07.29@@@,@@@0@@@,@@@0@@@,@@@0@@@,@@@0@@@,@@@0@@@,@@@0@@@,@@@0@@@,@@@0@@@,@@@0@@@,@@@0@@@,@@@0@@@,@@@1@@@,@@@0@@@,0,1,0,0,2,0,1,1,0,@@@NO@@@,0,0)','',2,'2013-07-29'),(44926,'DELETE FROM mae_impuestos_productos WHERE pro_codigo_plu=@@@990004@@@','',2,'2013-07-29'),(44927,'UPDATE mae_productos SET pro_margen_actual=0,pro_precio_venta=890 WHERE pro_codigo_plu=990004','',2,'2013-07-29'),(44928,'UPDATE mae_productos SET pro_margen_actual=0,pro_precio_venta=1490 WHERE pro_codigo_plu=990002','',2,'2013-07-29'),(44929,'UPDATE mae_productos SET pro_margen_actual=0,pro_precio_venta=990 WHERE pro_codigo_plu=990003','',2,'2013-07-29'),(44930,'UPDATE mae_productos SET pro_margen_actual=0,pro_precio_venta=1990 WHERE pro_codigo_plu=990001','',2,'2013-07-29'),(44931,'UPDATE mae_productos SET pro_precio_fiscal=pro_precio_venta WHERE pro_codigo_plu=780721460','',2,'2013-07-29'),(44932,'UPDATE mae_productos SET pro_precio_fiscal=pro_precio_venta WHERE pro_codigo_plu=990001','',2,'2013-07-29'),(44933,'UPDATE mae_productos SET pro_precio_fiscal=pro_precio_venta WHERE pro_codigo_plu=990002','',2,'2013-07-29'),(44934,'UPDATE mae_productos SET pro_precio_fiscal=pro_precio_venta WHERE pro_codigo_plu=990003','',2,'2013-07-29'),(44935,'UPDATE mae_productos SET pro_precio_fiscal=pro_precio_venta WHERE pro_codigo_plu=990004','',2,'2013-07-29'),(44936,'INSERT INTO gne_vale_ferreteria (vfe_id,vfe_fecha,vfe_total,vfe_estado,vfe_entregado,usu_nusuario) VALUES (6592,@@@2013.07.29@@@,650,1,0,@@@b_SAEZ@@@)','',2,'2013-07-29'),(44937,'INSERT INTO gne_vale_ferreteria_mov (vfe_id,pro_codigo_plu,vfm_cantidad,vfm_unitario,vfm_total,vfm_entregado) VALUES (6592,780721142,1,650,650,@@@NO@@@)','',2,'2013-07-29'),(44938,'INSERT INTO gne_vale_ferreteria (vfe_id,vfe_fecha,vfe_total,vfe_estado,vfe_entregado,usu_nusuario) VALUES (6593,@@@2013.07.29@@@,2140,1,0,@@@b_SAEZ@@@)','',2,'2013-07-29'),(44939,'INSERT INTO gne_vale_ferreteria_mov (vfe_id,pro_codigo_plu,vfm_cantidad,vfm_unitario,vfm_total,vfm_entregado) VALUES (6593,764564,1,1490,1490,@@@NO@@@)','',2,'2013-07-29'),(44940,'INSERT INTO gne_vale_ferreteria_mov (vfe_id,pro_codigo_plu,vfm_cantidad,vfm_unitario,vfm_total,vfm_entregado) VALUES (6593,15967,5,130,650,@@@NO@@@)','',2,'2013-07-29'),(44941,'INSERT INTO gne_vale_ferreteria (vfe_id,vfe_fecha,vfe_total,vfe_estado,vfe_entregado,usu_nusuario) VALUES (6594,@@@2013.07.29@@@,200,1,0,@@@b_SAEZ@@@)','',2,'2013-07-29'),(44942,'INSERT INTO gne_vale_ferreteria_mov (vfe_id,pro_codigo_plu,vfm_cantidad,vfm_unitario,vfm_total,vfm_entregado) VALUES (6594,21135,1,200,200,@@@NO@@@)','',2,'2013-07-29'),(44943,'INSERT INTO gne_vale_ferreteria (vfe_id,vfe_fecha,vfe_total,vfe_estado,vfe_entregado,usu_nusuario) VALUES (6595,@@@2013.07.29@@@,120,1,0,@@@b_SAEZ@@@)','',2,'2013-07-29'),(44944,'INSERT INTO gne_vale_ferreteria_mov (vfe_id,pro_codigo_plu,vfm_cantidad,vfm_unitario,vfm_total,vfm_entregado) VALUES (6595,12085,1,120,120,@@@NO@@@)','',2,'2013-07-29'),(44945,'INSERT INTO mae_productos (pro_codigo_plu,pro_codigo_barra,pro_tipo,pro_nombre_producto,pro_nombre_corto,med_id,emb_id,pro_unidades_embalaje,dep_id,lin_id,mar_id,pro_precio_compra_neto,pro_precio_compra_bruto,pro_precio_venta,pro_margen_actual,pro_oferta,pro_fecha_inicio_oferta,pro_fecha_termino_oferta,pro_precio_oferta,pro_stock_minimo,pro_stock_critico,pro_entradas_bodega,pro_salidas_bodega,pro_mermas_bodega,pro_ajustes_bodega,pro_entradas_sv,pro_salidas_sv,pro_mermas_sv,pro_ajustes_sv,pro_activo,rec_numero,pro_unidad,pro_capacidad,pro_consumo_bodega,pro_consumo_sv,pro_estado,pro_funcion_plu,pro_flejes,pro_iva,pro_plu_asociado,pro_envase,pro_duracion,pro_numero_etiqueta) VALUES (780721487,@@@6941248509082@@@,@@@0@@@,@@@ESMALTES OPOOLA@@@,@@@ESMALTES OPOOLA@@@,@@@7 @@@,@@@3 @@@,@@@0@@@,@@@21 @@@,@@@115@@@,@@@2597@@@,@@@0@@@,@@@0@@@,@@@590@@@,@@@0@@@,@@@@@@,@@@2013.07.29@@@,@@@2013.07.29@@@,@@@0@@@,@@@0@@@,@@@0@@@,@@@0@@@,@@@0@@@,@@@0@@@,@@@0@@@,@@@0@@@,@@@0@@@,@@@0@@@,@@@0@@@,@@@1@@@,@@@0@@@,0,13,0,0,2,0,1,1,0,@@@NO@@@,0,0)','',2,'2013-07-29'),(44946,'DELETE FROM mae_impuestos_productos WHERE pro_codigo_plu=@@@780721487@@@','',2,'2013-07-29'),(44947,'INSERT INTO gne_vale_ferreteria (vfe_id,vfe_fecha,vfe_total,vfe_estado,vfe_entregado,usu_nusuario) VALUES (6596,@@@2013.07.29@@@,640,1,0,@@@b_SAEZ@@@)','',2,'2013-07-29'),(44948,'INSERT INTO gne_vale_ferreteria_mov (vfe_id,pro_codigo_plu,vfm_cantidad,vfm_unitario,vfm_total,vfm_entregado) VALUES (6596,4801,8,30,240,@@@NO@@@)','',2,'2013-07-29'),(44949,'INSERT INTO gne_vale_ferreteria_mov (vfe_id,pro_codigo_plu,vfm_cantidad,vfm_unitario,vfm_total,vfm_entregado) VALUES (6596,15819,8,50,400,@@@NO@@@)','',2,'2013-07-29'),(44950,'INSERT INTO gne_vale_ferreteria (vfe_id,vfe_fecha,vfe_total,vfe_estado,vfe_entregado,usu_nusuario) VALUES (6597,@@@2013.07.29@@@,2690,1,0,@@@b_SAEZ@@@)','',2,'2013-07-29'),(44951,'INSERT INTO gne_vale_ferreteria_mov (vfe_id,pro_codigo_plu,vfm_cantidad,vfm_unitario,vfm_total,vfm_entregado) VALUES (6597,7011,1,2690,2690,@@@NO@@@)','',2,'2013-07-29'),(44952,'INSERT INTO gne_vale_ferreteria (vfe_id,vfe_fecha,vfe_total,vfe_estado,vfe_entregado,usu_nusuario) VALUES (6598,@@@2013.07.29@@@,520,1,0,@@@b_SAEZ@@@)','',2,'2013-07-29'),(44953,'INSERT INTO gne_vale_ferreteria_mov (vfe_id,pro_codigo_plu,vfm_cantidad,vfm_unitario,vfm_total,vfm_entregado) VALUES (6598,19803,1,520,520,@@@NO@@@)','',2,'2013-07-29'),(44954,'INSERT INTO gne_vale_ferreteria (vfe_id,vfe_fecha,vfe_total,vfe_estado,vfe_entregado,usu_nusuario) VALUES (6599,@@@2013.07.29@@@,680,1,0,@@@b_SAEZ@@@)','',2,'2013-07-29'),(44955,'INSERT INTO gne_vale_ferreteria_mov (vfe_id,pro_codigo_plu,vfm_cantidad,vfm_unitario,vfm_total,vfm_entregado) VALUES (6599,19866,1,680,680,@@@NO@@@)','',2,'2013-07-29'),(44956,'INSERT INTO gne_vale_ferreteria (vfe_id,vfe_fecha,vfe_total,vfe_estado,vfe_entregado,usu_nusuario) VALUES (6600,@@@2013.07.29@@@,350,1,0,@@@b_SAEZ@@@)','',2,'2013-07-29'),(44957,'INSERT INTO gne_vale_ferreteria_mov (vfe_id,pro_codigo_plu,vfm_cantidad,vfm_unitario,vfm_total,vfm_entregado) VALUES (6600,102408,1,350,350,@@@NO@@@)','',2,'2013-07-29'),(44958,'INSERT INTO gne_vale_ferreteria (vfe_id,vfe_fecha,vfe_total,vfe_estado,vfe_entregado,usu_nusuario) VALUES (6601,@@@2013.07.30@@@,390,1,0,@@@m_martinez@@@)','',2,'2013-07-30'),(44959,'INSERT INTO gne_vale_ferreteria_mov (vfe_id,pro_codigo_plu,vfm_cantidad,vfm_unitario,vfm_total,vfm_entregado) VALUES (6601,1535,1,390,390,@@@NO@@@)','',2,'2013-07-30'),(44960,'INSERT INTO gne_vale_ferreteria (vfe_id,vfe_fecha,vfe_total,vfe_estado,vfe_entregado,usu_nusuario) VALUES (6602,@@@2013.07.30@@@,450,1,0,@@@m_martinez@@@)','',2,'2013-07-30'),(44961,'INSERT INTO gne_vale_ferreteria_mov (vfe_id,pro_codigo_plu,vfm_cantidad,vfm_unitario,vfm_total,vfm_entregado) VALUES (6602,764539,1,450,450,@@@NO@@@)','',2,'2013-07-30'),(44962,'INSERT INTO gne_vale_ferreteria (vfe_id,vfe_fecha,vfe_total,vfe_estado,vfe_entregado,usu_nusuario) VALUES (6603,@@@2013.07.30@@@,200,1,0,@@@m_martinez@@@)','',2,'2013-07-30'),(44963,'INSERT INTO gne_vale_ferreteria_mov (vfe_id,pro_codigo_plu,vfm_cantidad,vfm_unitario,vfm_total,vfm_entregado) VALUES (6603,1067,1,200,200,@@@NO@@@)','',2,'2013-07-30'),(44964,'INSERT INTO gne_vale_ferreteria (vfe_id,vfe_fecha,vfe_total,vfe_estado,vfe_entregado,usu_nusuario) VALUES (6604,@@@2013.07.30@@@,300,1,0,@@@m_martinez@@@)','',2,'2013-07-30'),(44965,'INSERT INTO gne_vale_ferreteria_mov (vfe_id,pro_codigo_plu,vfm_cantidad,vfm_unitario,vfm_total,vfm_entregado) VALUES (6604,78017090,1,300,300,@@@NO@@@)','',2,'2013-07-30'),(44966,'INSERT INTO gne_vale_ferreteria (vfe_id,vfe_fecha,vfe_total,vfe_estado,vfe_entregado,usu_nusuario) VALUES (6605,@@@2013.07.30@@@,220,1,0,@@@m_martinez@@@)','',2,'2013-07-30'),(44967,'INSERT INTO gne_vale_ferreteria_mov (vfe_id,pro_codigo_plu,vfm_cantidad,vfm_unitario,vfm_total,vfm_entregado) VALUES (6605,763783,1,220,220,@@@NO@@@)','',2,'2013-07-30'),(44968,'UPDATE gpr_pack_virtual SET pav_nombre=@@@PACK YOGHURT NESTLE 10 X $ 1200@@@,pav_total_pack=1200,pav_total_descuento=300,pav_desde=@@@2013-07-08@@@,pav_hasta=@@@2013-07-15@@@,pav_tipo=@@@PR@@@,pav_precio=0,pav_lleva=0,pav_paga=0,pav_descuento=0,pav_porcentaje=0,pav_oferta_exclusiva=@@@NO@@@,pav_agotar_stock=@@@SI@@@,pav_stock=50,pav_costo=1100,pav_margen=9.09 WHERE pav_id=20','',2,'2013-07-30'),(44969,'DELETE FROM gpr_pack_virtual_mov WHERE pav_id=20','',2,'2013-07-30'),(44970,'DELETE FROM gpr_pack_virtual_horario WHERE pav_id=20','',2,'2013-07-30'),(44971,'INSERT INTO gpr_pack_virtual_mov (pav_id,pro_codigo_plu,pvm_precio,pvm_total,pvm_lleva,pvm_paga,pvm_descuento,pvm_porcentaje,pvm_total_normal,pvm_descuento_linea,pvm_costo,pvm_margen) VALUES (20,16605,150,750,6,5,1,0,900,150,110,13.64),(20,16588,150,450,4,3,1,0,600,150,110,2.27)','',2,'2013-07-30'),(44972,'INSERT INTO gpr_pack_virtual_horario (pav_id,pvh_dia,pvh_hora_desde,pvh_hora_hasta) VALUES (20,99,@@@00:00@@@,@@@23:59@@@)','',2,'2013-07-30'),(44973,'UPDATE gpr_pack_virtual SET pav_nombre=@@@PACK YOGHURT NESTLE 10 X $ 1200@@@,pav_total_pack=1200,pav_total_descuento=300,pav_desde=@@@2013-07-08@@@,pav_hasta=@@@2013-07-11@@@,pav_tipo=@@@PR@@@,pav_precio=0,pav_lleva=0,pav_paga=0,pav_descuento=0,pav_porcentaje=0,pav_oferta_exclusiva=@@@NO@@@,pav_agotar_stock=@@@SI@@@,pav_stock=200,pav_costo=1100,pav_margen=9.09 WHERE pav_id=21','',2,'2013-07-30'),(44974,'DELETE FROM gpr_pack_virtual_mov WHERE pav_id=21','',2,'2013-07-30'),(44975,'DELETE FROM gpr_pack_virtual_horario WHERE pav_id=21','',2,'2013-07-30'),(44976,'INSERT INTO gpr_pack_virtual_mov (pav_id,pro_codigo_plu,pvm_precio,pvm_total,pvm_lleva,pvm_paga,pvm_descuento,pvm_porcentaje,pvm_total_normal,pvm_descuento_linea,pvm_costo,pvm_margen) VALUES (21,16605,150,750,6,5,1,0,900,150,110,13.64),(21,16606,150,450,4,3,1,0,600,150,110,2.27)','',2,'2013-07-30');
