(42,763539,790,0,1,1,0,0,790,90,0,0)','',2,'2013-07-18'),(40392,'INSERT INTO gpr_pack_virtual_horario (pav_id,pvh_dia,pvh_hora_desde,pvh_hora_hasta) VALUES (42,99,@@@00:00@@@,@@@23:59@@@)','',2,'2013-07-18'),(40393,'INSERT INTO gpr_pack_virtual (pav_id,pav_nombre,pav_total_pack,pav_total_descuento,pav_desde,pav_hasta,pav_tipo,pav_precio,pav_lleva,pav_paga,pav_descuento,pav_porcentaje,pav_oferta_exclusiva,pav_agotar_stock,pav_stock,pav_costo,pav_margen) VALUES (43,@@@PACK BEBIDA TAI SABORES PAPAYA, NARANJA, PIÑA 6 X $1999@@@,2000,400,@@@2013-07-18@@@,@@@2013-07-31@@@,@@@PA@@@,400,6,4.998,1.002,1,@@@NO@@@,@@@SI@@@,100,1722,16.14)','',2,'2013-07-18'),(40394,'INSERT INTO gpr_pack_virtual_mov (pav_id,pro_codigo_plu,pvm_precio,pvm_total,pvm_lleva,pvm_paga,pvm_descuento,pvm_porcentaje,pvm_total_normal,pvm_descuento_linea,pvm_costo,pvm_margen) VALUES (43,17365,400,0,1,1,0,0,400,66.6666666666667,287,16.14),(43,17189,400,0,1,1,0,0,400,66.6666666666667,287,16.14),(43,17187,400,0,1,1,0,0,400,66.6666666666667,287,16.14)','',2,'2013-07-18'),(40395,'INSERT INTO gpr_pack_virtual_horario (pav_id,pvh_dia,pvh_hora_desde,pvh_hora_hasta) VALUES (43,99,@@@00:00@@@,@@@23:59@@@)','',2,'2013-07-18'),(40396,'UPDATE gpr_pack_virtual SET pav_nombre=@@@PACK BEBIDA TAI SABORES PAPAYA, NARANJA, PIÑA@@@,pav_total_pack=1999,pav_total_descuento=401,pav_desde=@@@2013-07-18@@@,pav_hasta=@@@2013-07-31@@@,pav_tipo=@@@PA@@@,pav_precio=400,pav_lleva=6,pav_paga=4.996,pav_descuento=1.004,pav_porcentaje=1,pav_oferta_exclusiva=@@@NO@@@,pav_agotar_stock=@@@SI@@@,pav_stock=100,pav_costo=1722,pav_margen=16.09 WHERE pav_id=43','',2,'2013-07-18'),(40397,'DELETE FROM gpr_pack_virtual_mov WHERE pav_id=43','',2,'2013-07-18'),(40398,'DELETE FROM gpr_pack_virtual_horario WHERE pav_id=43','',2,'2013-07-18'),(40399,'INSERT INTO gpr_pack_virtual_mov (pav_id,pro_codigo_plu,pvm_precio,pvm_total,pvm_lleva,pvm_paga,pvm_descuento,pvm_porcentaje,pvm_total_normal,pvm_descuento_linea,pvm_costo,pvm_margen) VALUES (43,17365,400,0,1,1,0,0,400,66.8333333333333,287,16.09),(43,17189,400,0,1,1,0,0,400,66.8333333333333,287,16.09),(43,17187,400,0,1,1,0,0,400,66.8333333333333,287,16.09)','',2,'2013-07-18'),(40400,'INSERT INTO gpr_pack_virtual_horario (pav_id,pvh_dia,pvh_hora_desde,pvh_hora_hasta) VALUES (43,99,@@@00:00@@@,@@@23:59@@@)','',2,'2013-07-18'),(40401,'INSERT INTO gne_vale_ferreteria (vfe_id,vfe_fecha,vfe_total,vfe_estado,vfe_entregado,usu_nusuario) VALUES (5734,@@@2013.07.18@@@,300,1,0,@@@G_DIAZ@@@)','',2,'2013-07-18'),(40402,'INSERT INTO gne_vale_ferreteria_mov (vfe_id,pro_codigo_plu,vfm_cantidad,vfm_unitario,vfm_total,vfm_entregado) VALUES (5734,78017090,1,300,300,@@@NO@@@)','',2,'2013-07-18'),(40403,'INSERT INTO gne_vale_ferreteria (vfe_id,vfe_fecha,vfe_total,vfe_estado,vfe_entregado,usu_nusuario) VALUES (5735,@@@2013.07.18@@@,540,1,0,@@@G_DIAZ@@@)','',2,'2013-07-18'),(40404,'INSERT INTO gne_vale_ferreteria_mov (vfe_id,pro_codigo_plu,vfm_cantidad,vfm_unitario,vfm_total,vfm_entregado) VALUES (5735,19916,1,540,540,@@@NO@@@)','',2,'2013-07-18'),(40405,'INSERT INTO gne_vale_ferreteria (vfe_id,vfe_fecha,vfe_total,vfe_estado,vfe_entregado,usu_nusuario) VALUES (5736,@@@2013.07.18@@@,1080,1,0,@@@G_DIAZ@@@)','',2,'2013-07-18'),(40406,'INSERT INTO gne_vale_ferreteria_mov (vfe_id,pro_codigo_plu,vfm_cantidad,vfm_unitario,vfm_total,vfm_entregado) VALUES (5736,78016994,9,120,1080,@@@NO@@@)','',2,'2013-07-18'),(40407,'INSERT INTO gne_vale_ferreteria (vfe_id,vfe_fecha,vfe_total,vfe_estado,vfe_entregado,usu_nusuario) VALUES (5737,@@@2013.07.18@@@,300,1,0,@@@G_DIAZ@@@)','',2,'2013-07-18'),(40408,'INSERT INTO gne_vale_ferreteria_mov (vfe_id,pro_codigo_plu,vfm_cantidad,vfm_unitario,vfm_total,vfm_entregado) VALUES (5737,78017111,3,100,300,@@@NO@@@)','',2,'2013-07-18'),(40409,'INSERT INTO gne_vale_ferreteria (vfe_id,vfe_fecha,vfe_total,vfe_estado,vfe_entregado,usu_nusuario) VALUES (5738,@@@2013.07.18@@@,2690,1,0,@@@G_DIAZ@@@)','',2,'2013-07-18'),(40410,'INSERT INTO gne_vale_ferreteria_mov (vfe_id,pro_codigo_plu,vfm_cantidad,vfm_unitario,vfm_total,vfm_entregado) VALUES (5738,78017023,1,2690,2690,@@@NO@@@)','',2,'2013-07-18'),(40411,'INSERT INTO gne_vale_ferreteria (vfe_id,vfe_fecha,vfe_total,vfe_estado,vfe_entregado,usu_nusuario) VALUES (5739,@@@2013.07.18@@@,2890,1,0,@@@G_DIAZ@@@)','',2,'2013-07-18'),(40412,'INSERT INTO gne_vale_ferreteria_mov (vfe_id,pro_codigo_plu,vfm_cantidad,vfm_unitario,vfm_total,vfm_entregado) VALUES (5739,764524,1,2890,2890,@@@NO@@@)','',2,'2013-07-18'),(40413,'INSERT INTO gne_vale_ferreteria (vfe_id,vfe_fecha,vfe_total,vfe_estado,vfe_entregado,usu_nusuario) VALUES (5740,@@@2013.07.18@@@,300,1,0,@@@G_DIAZ@@@)','',2,'2013-07-18'),(40414,'INSERT INTO gne_vale_ferreteria_mov (vfe_id,pro_codigo_plu,vfm_cantidad,vfm_unitario,vfm_total,vfm_entregado) VALUES (5740,763595,2,150,300,@@@NO@@@)','',2,'2013-07-18'),(40415,'INSERT INTO gne_vale_ferreteria (vfe_id,vfe_fecha,vfe_total,vfe_estado,vfe_entregado,usu_nusuario) VALUES (5741,@@@2013.07.18@@@,550,1,0,@@@G_DIAZ@@@)','',2,'2013-07-18'),(40416,'INSERT INTO gne_vale_ferreteria_mov (vfe_id,pro_codigo_plu,vfm_cantidad,vfm_unitario,vfm_total,vfm_entregado) VALUES (5741,4128,1,550,550,@@@NO@@@)','',2,'2013-07-18'),(40417,'INSERT INTO gne_vale_ferreteria (vfe_id,vfe_fecha,vfe_total,vfe_estado,vfe_entregado,usu_nusuario) VALUES (5742,@@@2013.07.18@@@,1000,1,0,@@@G_DIAZ@@@)','',2,'2013-07-18'),(40418,'INSERT INTO gne_vale_ferreteria_mov (vfe_id,pro_codigo_plu,vfm_cantidad,vfm_unitario,vfm_total,vfm_entregado) VALUES (5742,764536,1,1000,1000,@@@NO@@@)','',2,'2013-07-18'),(40419,'INSERT INTO gne_vale_ferreteria (vfe_id,vfe_fecha,vfe_total,vfe_estado,vfe_entregado,usu_nusuario) VALUES (5743,@@@2013.07.18@@@,2690,1,0,@@@G_DIAZ@@@)','',2,'2013-07-18'),(40420,'INSERT INTO gne_vale_ferreteria_mov (vfe_id,pro_codigo_plu,vfm_cantidad,vfm_unitario,vfm_total,vfm_entregado) VALUES (5743,780721316,1,1690,1690,@@@NO@@@)','',2,'2013-07-18'),(40421,'INSERT INTO gne_vale_ferreteria_mov (vfe_id,pro_codigo_plu,vfm_cantidad,vfm_unitario,vfm_total,vfm_entregado) VALUES (5743,780721135,1,1000,1000,@@@NO@@@)','',2,'2013-07-18'),(40422,'INSERT INTO gne_vale_ferreteria (vfe_id,vfe_fecha,vfe_total,vfe_estado,vfe_entregado,usu_nusuario) VALUES (5744,@@@2013.07.18@@@,330,1,0,@@@G_DIAZ@@@)','',2,'2013-07-18'),(40423,'INSERT INTO gne_vale_ferreteria_mov (vfe_id,pro_codigo_plu,vfm_cantidad,vfm_unitario,vfm_total,vfm_entregado) VALUES (5744,763588,1,330,330,@@@NO@@@)','',2,'2013-07-18'),(40424,'INSERT INTO gne_vale_ferreteria (vfe_id,vfe_fecha,vfe_total,vfe_estado,vfe_entregado,usu_nusuario) VALUES (5745,@@@2013.07.18@@@,120,1,0,@@@G_DIAZ@@@)','',2,'2013-07-18'),(40425,'INSERT INTO gne_vale_ferreteria_mov (vfe_id,pro_codigo_plu,vfm_cantidad,vfm_unitario,vfm_total,vfm_entregado) VALUES (5745,8022,1,120,120,@@@NO@@@)','',2,'2013-07-18'),(40426,'INSERT INTO mae_productos (pro_codigo_plu,pro_codigo_barra,pro_tipo,pro_nombre_producto,pro_nombre_corto,med_id,emb_id,pro_unidades_embalaje,dep_id,lin_id,mar_id,pro_precio_compra_neto,pro_precio_compra_bruto,pro_precio_venta,pro_margen_actual,pro_oferta,pro_fecha_inicio_oferta,pro_fecha_termino_oferta,pro_precio_oferta,pro_stock_minimo,pro_stock_critico,pro_entradas_bodega,pro_salidas_bodega,pro_mermas_bodega,pro_ajustes_bodega,pro_entradas_sv,pro_salidas_sv,pro_mermas_sv,pro_ajustes_sv,pro_activo,rec_numero,pro_unidad,pro_capacidad,pro_consumo_bodega,pro_consumo_sv,pro_estado,pro_funcion_plu,pro_flejes,pro_iva,pro_plu_asociado,pro_envase,pro_duracion,pro_numero_etiqueta) VALUES (780721379,@@@77037@@@,@@@0@@@,@@@BESITOS PARA EL CABELLO RAMITO@@@,@@@BESITOS PARA EL @@@,@@@1 @@@,@@@3 @@@,@@@0@@@,@@@36 @@@,@@@206@@@,@@@2507@@@,@@@0@@@,@@@0@@@,@@@390@@@,@@@0@@@,@@@@@@,@@@2013.07.18@@@,@@@2013.07.18@@@,@@@0@@@,@@@0@@@,@@@0@@@,@@@0@@@,@@@0@@@,@@@0@@@,@@@0@@@,@@@0@@@,@@@0@@@,@@@0@@@,@@@0@@@,@@@1@@@,@@@0@@@,0,1,0,0,2,0,1,1,0,@@@NO@@@,0,0)','',2,'2013-07-18'),(40427,'DELETE FROM mae_impuestos_productos WHERE pro_codigo_plu=@@@780721379@@@','',2,'2013-07-18'),(40428,'INSERT INTO gne_vale_ferreteria (vfe_id,vfe_fecha,vfe_total,vfe_estado,vfe_entregado,usu_nusuario) VALUES (5746,@@@2013.07.18@@@,1190,1,0,@@@G_DIAZ@@@)','',2,'2013-07-18'),(40429,'INSERT INTO gne_vale_ferreteria_mov (vfe_id,pro_codigo_plu,vfm_cantidad,vfm_unitario,vfm_total,vfm_entregado) VALUES (5746,4069,1,1190,1190,@@@NO@@@)','',2,'2013-07-18'),(40430,'INSERT INTO gne_vale_ferreteria (vfe_id,vfe_fecha,vfe_total,vfe_estado,vfe_entregado,usu_nusuario) VALUES (5747,@@@2013.07.18@@@,100,1,0,@@@G_DIAZ@@@)','',2,'2013-07-18'),(40431,'INSERT INTO gne_vale_ferreteria_mov (vfe_id,pro_codigo_plu,vfm_cantidad,vfm_unitario,vfm_total,vfm_entregado) VALUES (5747,763851,1,100,100,@@@NO@@@)','',2,'2013-07-18'),(40432,'INSERT INTO gne_vale_ferreteria (vfe_id,vfe_fecha,vfe_total,vfe_estado,vfe_entregado,usu_nusuario) VALUES (5748,@@@2013.07.18@@@,390,1,0,@@@G_DIAZ@@@)','',2,'2013-07-18'),(40433,'INSERT INTO gne_vale_ferreteria_mov (vfe_id,pro_codigo_plu,vfm_cantidad,vfm_unitario,vfm_total,vfm_entregado) VALUES (5748,765000,1,390,390,@@@NO@@@)','',2,'2013-07-18'),(40434,'INSERT INTO gne_vale_ferreteria (vfe_id,vfe_fecha,vfe_total,vfe_estado,vfe_entregado,usu_nusuario) VALUES (5749,@@@2013.07.18@@@,620,1,0,@@@G_DIAZ@@@)','',2,'2013-07-18'),(40435,'INSERT INTO gne_vale_ferreteria_mov (vfe_id,pro_codigo_plu,vfm_cantidad,vfm_unitario,vfm_total,vfm_entregado) VALUES (5749,11378,1,620,620,@@@NO@@@)','',2,'2013-07-18'),(40436,'INSERT INTO gne_vale_ferreteria (vfe_id,vfe_fecha,vfe_total,vfe_estado,vfe_entregado,usu_nusuario) VALUES (5750,@@@2013.07.18@@@,4380,1,0,@@@G_DIAZ@@@)','',2,'2013-07-18'),(40437,'INSERT INTO gne_vale_ferreteria_mov (vfe_id,pro_codigo_plu,vfm_cantidad,vfm_unitario,vfm_total,vfm_entregado) VALUES (5750,763724,1,2490,2490,@@@NO@@@)','',2,'2013-07-18'),(40438,'INSERT INTO gne_vale_ferreteria_mov (vfe_id,pro_codigo_plu,vfm_cantidad,vfm_unitario,vfm_total,vfm_entregado) VALUES (5750,20482,1,1890,1890,@@@NO@@@)','',2,'2013-07-18'),(40439,'INSERT INTO gne_vale_ferreteria (vfe_id,vfe_fecha,vfe_total,vfe_estado,vfe_entregado,usu_nusuario) VALUES (5751,@@@2013.07.18@@@,300,1,0,@@@G_DIAZ@@@)','',2,'2013-07-18'),(40440,'INSERT INTO gne_vale_ferreteria_mov (vfe_id,pro_codigo_plu,vfm_cantidad,vfm_unitario,vfm_total,vfm_entregado) VALUES (5751,2004,1,300,300,@@@NO@@@)','',2,'2013-07-18'),(40441,'INSERT INTO gne_vale_ferreteria (vfe_id,vfe_fecha,vfe_total,vfe_estado,vfe_entregado,usu_nusuario) VALUES (5752,@@@2013.07.18@@@,290,1,0,@@@G_DIAZ@@@)','',2,'2013-07-18'),(40442,'INSERT INTO gne_vale_ferreteria_mov (vfe_id,pro_codigo_plu,vfm_cantidad,vfm_unitario,vfm_total,vfm_entregado) VALUES (5752,1559,1,290,290,@@@NO@@@)','',2,'2013-07-18'),(40443,'INSERT INTO gne_vale_ferreteria (vfe_id,vfe_fecha,vfe_total,vfe_estado,vfe_entregado,usu_nusuario) VALUES (5753,@@@2013.07.18@@@,720,1,0,@@@G_DIAZ@@@)','',2,'2013-07-18'),(40444,'INSERT INTO gne_vale_ferreteria_mov (vfe_id,pro_codigo_plu,vfm_cantidad,vfm_unitario,vfm_total,vfm_entregado) VALUES (5753,780721125,6,120,720,@@@NO@@@)','',2,'2013-07-18'),(40445,'INSERT INTO gne_vale_ferreteria (vfe_id,vfe_fecha,vfe_total,vfe_estado,vfe_entregado,usu_nusuario) VALUES (5754,@@@2013.07.18@@@,240,1,0,@@@G_DIAZ@@@)','',2,'2013-07-18'),(40446,'INSERT INTO gne_vale_ferreteria_mov (vfe_id,pro_codigo_plu,vfm_cantidad,vfm_unitario,vfm_total,vfm_entregado) VALUES (5754,780721125,2,120,240,@@@NO@@@)','',2,'2013-07-18'),(40447,'INSERT INTO gne_vale_ferreteria (vfe_id,vfe_fecha,vfe_total,vfe_estado,vfe_entregado,usu_nusuario) VALUES (5755,@@@2013.07.19@@@,150,1,0,@@@m_martinez@@@)','',2,'2013-07-19'),(40448,'INSERT INTO gne_vale_ferreteria_mov (vfe_id,pro_codigo_plu,vfm_cantidad,vfm_unitario,vfm_total,vfm_entregado) VALUES (5755,4092,3,50,150,@@@NO@@@)','',2,'2013-07-19'),(40449,'INSERT INTO gne_vale_ferreteria (vfe_id,vfe_fecha,vfe_total,vfe_estado,vfe_entregado,usu_nusuario) VALUES (5756,@@@2013.07.19@@@,9990,1,0,@@@m_martinez@@@)','',2,'2013-07-19'),(40450,'INSERT INTO gne_vale_ferreteria_mov (vfe_id,pro_codigo_plu,vfm_cantidad,vfm_unitario,vfm_total,vfm_entregado) VALUES (5756,780721111,1,9990,9990,@@@NO@@@)','',2,'2013-07-19'),(40451,'INSERT INTO gne_vale_ferreteria (vfe_id,vfe_fecha,vfe_total,vfe_estado,vfe_entregado,usu_nusuario) VALUES (5757,@@@2013.07.19@@@,1150,1,0,@@@m_martinez@@@)','',2,'2013-07-19'),(40452,'INSERT INTO gne_vale_ferreteria_mov (vfe_id,pro_codigo_plu,vfm_cantidad,vfm_unitario,vfm_total,vfm_entregado) VALUES (5757,764433,1,1150,1150,@@@NO@@@)','',2,'2013-07-19'),(40453,'INSERT INTO gne_vale_ferreteria (vfe_id,vfe_fecha,vfe_total,vfe_estado,vfe_entregado,usu_nusuario) VALUES (5758,@@@2013.07.19@@@,290,1,0,@@@m_martinez@@@)','',2,'2013-07-19'),(40454,'INSERT INTO gne_vale_ferreteria_mov (vfe_id,pro_codigo_plu,vfm_cantidad,vfm_unitario,vfm_total,vfm_entregado) VALUES (5758,764256,1,290,290,@@@NO@@@)','',2,'2013-07-19'),(40455,'INSERT INTO gne_vale_ferreteria (vfe_id,vfe_fecha,vfe_total,vfe_estado,vfe_entregado,usu_nusuario) VALUES (5759,@@@2013.07.19@@@,500,1,0,@@@m_martinez@@@)','',2,'2013-07-19'),(40456,'INSERT INTO gne_vale_ferreteria_mov (vfe_id,pro_codigo_plu,vfm_cantidad,vfm_unitario,vfm_total,vfm_entregado) VALUES (5759,78017105,2,250,500,@@@NO@@@)','',2,'2013-07-19'),(40457,'INSERT INTO com_ventas_grupo (vgr_fecha,vgr_grupo,vgr_cantidad,vgr_total) VALUES (@@@2013.07.18@@@,1,321.515,262075)','',2,'2013-07-19'),(40458,'INSERT INTO com_ventas_grupo (vgr_fecha,vgr_grupo,vgr_cantidad,vgr_total) VALUES (@@@2013.07.18@@@,2,169.85,103292)','',2,'2013-07-19'),(40459,'INSERT INTO com_ventas_grupo (vgr_fecha,vgr_grupo,vgr_cantidad,vgr_total) VALUES (@@@2013.07.18@@@,3,489,103181)','',2,'2013-07-19'),(40460,'INSERT INTO com_ventas_grupo (vgr_fecha,vgr_grupo,vgr_cantidad,vgr_total) VALUES (@@@2013.07.18@@@,4,81,65990)','',2,'2013-07-19'),(40461,'INSERT INTO com_ventas_grupo (vgr_fecha,vgr_grupo,vgr_cantidad,vgr_total) VALUES (@@@2013.07.18@@@,5,3,15379)','',2,'2013-07-19'),(40462,'INSERT INTO com_ventas_grupo (vgr_fecha,vgr_grupo,vgr_cantidad,vgr_total) VALUES (@@@2013.07.18@@@,6,13,27890)','',2,'2013-07-19'),(40463,'INSERT INTO com_ventas_grupo (vgr_fecha,vgr_grupo,vgr_cantidad,vgr_total) VALUES (@@@2013.07.18@@@,7,20,43787)','',2,'2013-07-19'),(40464,'INSERT INTO com_ventas_grupo (vgr_fecha,vgr_grupo,vgr_cantidad,vgr_total) VALUES (@@@2013.07.18@@@,8,24,18930)','',2,'2013-07-19'),(40465,'INSERT INTO com_ventas_grupo (vgr_fecha,vgr_grupo,vgr_cantidad,vgr_total) VALUES (@@@2013.07.18@@@,9,72.62,120300)','',2,'2013-07-19'),(40466,'INSERT INTO com_ventas_grupo (vgr_fecha,vgr_grupo,vgr_cantidad,vgr_total) VALUES (@@@2013.07.18@@@,10,51.005,153003)','',2,'2013-07-19'),(40467,'INSERT INTO com_ventas_grupo (vgr_fecha,vgr_grupo,vgr_cantidad,vgr_total) VALUES (@@@2013.07.18@@@,11,17.17,43465)','',2,'2013-07-19'),(40468,'INSERT INTO com_ventas_grupo (vgr_fecha,vgr_grupo,vgr_cantidad,vgr_total) VALUES (@@@2013.07.18@@@,12,51.965,79300)','',2,'2013-07-19'),(40469,'INSERT INTO com_ventas_grupo (vgr_fecha,vgr_grupo,vgr_cantidad,vgr_total) VALUES (@@@2013.07.18@@@,13,15.965,32851)','',2,'2013-07-19'),(40470,'INSERT INTO com_ventas_grupo (vgr_fecha,vgr_grupo,vgr_cantidad,vgr_total) VALUES (@@@2013.07.18@@@,14,95.0149999999999,85933)','',2,'2013-07-19'),(40471,'INSERT INTO com_ventas_grupo (vgr_fecha,vgr_grupo,vgr_cantidad,vgr_total) VALUES (@@@2013.07.18@@@,16,2,340)','',2,'2013-07-19'),(40472,'INSERT INTO com_ventas_grupo (vgr_fecha,vgr_grupo,vgr_cantidad,vgr_total) VALUES (@@@2013.07.18@@@,18,231.785,128870)','',2,'2013-07-19'),(40473,'INSERT INTO com_ventas_grupo (vgr_fecha,vgr_grupo,vgr_cantidad,vgr_total) VALUES (@@@2013.07.18@@@,20,55.225,26984)','',2,'2013-07-19'),(40474,'INSERT INTO com_ventas_grupo (vgr_fecha,vgr_grupo,vgr_cantidad,vgr_total) VALUES (@@@2013.07.18@@@,21,77,47839)','',2,'2013-07-19'),(40475,'INSERT INTO com_ventas_grupo (vgr_fecha,vgr_grupo,vgr_cantidad,vgr_total) VALUES (@@@2013.07.18@@@,23,2,7780)','',2,'2013-07-19'),(40476,'INSERT INTO com_ventas_grupo (vgr_fecha,vgr_grupo,vgr_cantidad,vgr_total) VALUES (@@@2013.07.18@@@,24,75,18208)','',2,'2013-07-19'),(40477,'INSERT INTO com_ventas_grupo (vgr_fecha,vgr_grupo,vgr_cantidad,vgr_total) VALUES (@@@2013.07.18@@@,25,83,117800)','',2,'2013-07-19'),(40478,'INSERT INTO com_ventas_grupo (vgr_fecha,vgr_grupo,vgr_cantidad,vgr_total) VALUES (@@@2013.07.18@@@,31,17,12340)','',2,'2013-07-19'),(40479,'INSERT INTO com_ventas_grupo (vgr_fecha,vgr_grupo,vgr_cantidad,vgr_total) VALUES (@@@2013.07.18@@@,32,323,106930)','',2,'2013-07-19'),(40480,'INSERT INTO com_ventas_grupo (vgr_fecha,vgr_grupo,vgr_cantidad,vgr_total) VALUES (@@@2013.07.18@@@,34,2,2400)','',2,'2013-07-19'),(40481,'INSERT INTO com_ventas_grupo (vgr_fecha,vgr_grupo,vgr_cantidad,vgr_total) VALUES (@@@2013.07.18@@@,35,8,16410)','',2,'2013-07-19'),(40482,'INSERT INTO com_ventas_grupo (vgr_fecha,vgr_grupo,vgr_cantidad,vgr_total) VALUES (@@@2013.07.18@@@,36,8,2530)','',2,'2013-07-19'),(40483,'INSERT INTO com_ventas_grupo (vgr_fecha,vgr_grupo,vgr_cantidad,vgr_total) VALUES (@@@2013.07.18@@@,37,14,4340)','',2,'2013-07-19'),(40484,'INSERT INTO com_ventas_grupo (vgr_fecha,vgr_grupo,vgr_cantidad,vgr_total) VALUES (@@@2013.07.18@@@,38,6,8940)','',2,'2013-07-19'),(40485,'INSERT INTO com_ventas_grupo (vgr_fecha,vgr_grupo,vgr_cantidad,vgr_total) VALUES (@@@2013.07.18@@@,39,2,1500)','',2,'2013-07-19'),(40486,'INSERT INTO com_ventas_grupo (vgr_fecha,vgr_grupo,vgr_cantidad,vgr_total) VALUES (@@@2013.07.18@@@,40,9145,9145)','',2,'2013-07-19'),(40487,'INSERT INTO com_ventas_grupo (vgr_fecha,vgr_grupo,vgr_cantidad,vgr_total) VALUES (@@@2013.07.18@@@,41,1,70)','',2,'2013-07-19'),(40488,'INSERT INTO com_ventas_grupo (vgr_fecha,vgr_grupo,vgr_cantidad,vgr_total) VALUES (@@@2013.07.18@@@,42,26.66,25504)','',2,'2013-07-19'),(40489,'UPDATE mae_datos_empresa SET emp_oferta=@@@NO@@@','',2,'2013-07-19'),(40490,'INSERT INTO gne_vale_ferreteria (vfe_id,vfe_fecha,vfe_total,vfe_estado,vfe_entregado,usu_nusuario) VALUES (5760,@@@2013.07.19@@@,900,1,0,@@@m_martinez@@@)','',2,'2013-07-19'),(40491,'INSERT INTO gne_vale_ferreteria_mov (vfe_id,pro_codigo_plu,vfm_cantidad,vfm_unitario,vfm_total,vfm_entregado) VALUES (5760,763884,1,900,900,@@@NO@@@)','',2,'2013-07-19'),(40492,'INSERT INTO gne_vale_ferreteria (vfe_id,vfe_fecha,vfe_total,vfe_estado,vfe_entregado,usu_nusuario) VALUES (5761,@@@2013.07.19@@@,999,1,0,@@@m_martinez@@@)','',2,'2013-07-19'),(40493,'INSERT INTO gne_vale_ferreteria_mov (vfe_id,pro_codigo_plu,vfm_cantidad,vfm_unitario,vfm_total,vfm_entregado) VALUES (5761,763613,1,999,999,@@@NO@@@)','',2,'2013-07-19'),(40494,'INSERT INTO gne_vale_ferreteria (vfe_id,vfe_fecha,vfe_total,vfe_estado,vfe_entregado,usu_nusuario) VALUES (5762,@@@2013.07.19@@@,990,1,0,@@@m_martinez@@@)','',2,'2013-07-19'),(40495,'INSERT INTO gne_vale_ferreteria_mov (vfe_id,pro_codigo_plu,vfm_cantidad,vfm_unitario,vfm_total,vfm_entregado) VALUES (5762,761546,1,990,990,@@@NO@@@)','',2,'2013-07-19'),(40496,'INSERT INTO gne_vale_ferreteria (vfe_id,vfe_fecha,vfe_total,vfe_estado,vfe_entregado,usu_nusuario) VALUES (5763,@@@2013.07.19@@@,240,1,0,@@@m_martinez@@@)','',2,'2013-07-19'),(40497,'INSERT INTO gne_vale_ferreteria_mov (vfe_id,pro_codigo_plu,vfm_cantidad,vfm_unitario,vfm_total,vfm_entregado) VALUES (5763,780721125,2,120,240,@@@NO@@@)','',2,'2013-07-19'),(40498,'INSERT INTO gne_vale_ferreteria (vfe_id,vfe_fecha,vfe_total,vfe_estado,vfe_entregado,usu_nusuario) VALUES (5764,@@@2013.07.19@@@,1590,1,0,@@@m_martinez@@@)','',2,'2013-07-19'),(40499,'INSERT INTO gne_vale_ferreteria_mov (vfe_id,pro_codigo_plu,vfm_cantidad,vfm_unitario,vfm_total,vfm_entregado) VALUES (5764,15394,1,1590,1590,@@@NO@@@)','',2,'2013-07-19'),(40500,'INSERT INTO gne_vale_ferreteria (vfe_id,vfe_fecha,vfe_total,vfe_estado,vfe_entregado,usu_nusuario) VALUES (5765,@@@2013.07.19@@@,1440,1,0,@@@m_martinez@@@)','',2,'2013-07-19'),(40501,'INSERT INTO gne_vale_ferreteria_mov (vfe_id,pro_codigo_plu,vfm_cantidad,vfm_unitario,vfm_total,vfm_entregado) VALUES (5765,763933,1,720,720,@@@NO@@@)','',2,'2013-07-19'),(40502,'INSERT INTO gne_vale_ferreteria_mov (vfe_id,pro_codigo_plu,vfm_cantidad,vfm_unitario,vfm_total,vfm_entregado) VALUES (5765,763934,1,720,720,@@@NO@@@)','',2,'2013-07-19'),(40503,'INSERT INTO gne_vale_ferreteria (vfe_id,vfe_fecha,vfe_total,vfe_estado,vfe_entregado,usu_nusuario) VALUES (5766,@@@2013.07.19@@@,80,1,0,@@@m_martinez@@@)','',2,'2013-07-19'),(40504,'INSERT INTO gne_vale_ferreteria_mov (vfe_id,pro_codigo_plu,vfm_cantidad,vfm_unitario,vfm_total,vfm_entregado) VALUES (5766,78017191,2,40,80,@@@NO@@@)','',2,'2013-07-19'),(40505,'INSERT INTO mae_productos (pro_codigo_plu,pro_codigo_barra,pro_tipo,pro_nombre_producto,pro_nombre_corto,med_id,emb_id,pro_unidades_embalaje,dep_id,lin_id,mar_id,pro_precio_compra_neto,pro_precio_compra_bruto,pro_precio_venta,pro_margen_actual,pro_oferta,pro_fecha_inicio_oferta,pro_fecha_termino_oferta,pro_precio_oferta,pro_stock_minimo,pro_stock_critico,pro_entradas_bodega,pro_salidas_bodega,pro_mermas_bodega,pro_ajustes_bodega,pro_entradas_sv,pro_salidas_sv,pro_mermas_sv,pro_ajustes_sv,pro_activo,rec_numero,pro_unidad,pro_capacidad,pro_consumo_bodega,pro_consumo_sv,pro_estado,pro_funcion_plu,pro_flejes,pro_iva,pro_plu_asociado,pro_envase,pro_duracion,pro_numero_etiqueta) VALUES (780721380,@@@7613033543722@@@,@@@0@@@,@@@NESTUM TROCITOS FRUTAS MIXTAS 200G@@@,@@@NESTUM TROCITOS @@@,@@@5 @@@,@@@6 @@@,@@@5@@@,@@@1 @@@,@@@154@@@,@@@9@@@,@@@0@@@,@@@996.03@@@,@@@1@@@,@@@-99.9@@@,@@@@@@,@@@2006.09.07@@@,@@@2006.09.07@@@,@@@0@@@,@@@5@@@,@@@1@@@,@@@0@@@,@@@0@@@,@@@0@@@,@@@0@@@,@@@0@@@,@@@0@@@,@@@0@@@,@@@0@@@,@@@1@@@,@@@0@@@,0,200,0,0,2,0,1,1,0,@@@NO@@@,0,0)','',2,'2013-07-19'),(40506,'DELETE FROM mae_impuestos_productos WHERE pro_codigo_plu=@@@780721380@@@','',2,'2013-07-19'),(40507,'INSERT INTO gne_vale_ferreteria (vfe_id,vfe_fecha,vfe_total,vfe_estado,vfe_entregado,usu_nusuario) VALUES (5767,@@@2013.07.19@@@,890,1,0,@@@m_martinez@@@)','',2,'2013-07-19'),(40508,'INSERT INTO gne_vale_ferreteria_mov (vfe_id,pro_codigo_plu,vfm_cantidad,vfm_unitario,vfm_total,vfm_entregado) VALUES (5767,765021,1,890,890,@@@NO@@@)','',2,'2013-07-19'),(40509,'INSERT INTO gne_vale_ferreteria (vfe_id,vfe_fecha,vfe_total,vfe_estado,vfe_entregado,usu_nusuario) VALUES (5768,@@@2013.07.19@@@,1890,1,0,@@@m_martinez@@@)','',2,'2013-07-19'),(40510,'INSERT INTO gne_vale_ferreteria_mov (vfe_id,pro_codigo_plu,vfm_cantidad,vfm_unitario,vfm_total,vfm_entregado) VALUES (5768,101843,1,1890,1890,@@@NO@@@)','',2,'2013-07-19'),(40511,'INSERT INTO gne_vale_ferreteria (vfe_id,vfe_fecha,vfe_total,vfe_estado,vfe_entregado,usu_nusuario) VALUES (5769,@@@2013.07.19@@@,550,1,0,@@@m_martinez@@@)','',2,'2013-07-19'),(40512,'INSERT INTO gne_vale_ferreteria_mov (vfe_id,pro_codigo_plu,vfm_cantidad,vfm_unitario,vfm_total,vfm_entregado) VALUES (5769,780721253,1,550,550,@@@NO@@@)','',2,'2013-07-19'),(40513,'INSERT INTO gne_vale_ferreteria (vfe_id,vfe_fecha,vfe_total,vfe_estado,vfe_entregado,usu_nusuario) VALUES (5770,@@@2013.07.19@@@,300,1,0,@@@m_martinez@@@)','',2,'2013-07-19'),(40514,'INSERT INTO gne_vale_ferreteria_mov (vfe_id,pro_codigo_plu,vfm_cantidad,vfm_unitario,vfm_total,vfm_entregado) VALUES (5770,764278,1,300,300,@@@NO@@@)','',2,'2013-07-19'),(40515,'INSERT INTO gne_vale_ferreteria (vfe_id,vfe_fecha,vfe_total,vfe_estado,vfe_entregado,usu_nusuario) VALUES (5771,@@@2013.07.19@@@,690,1,0,@@@m_martinez@@@)','',2,'2013-07-19'),(40516,'INSERT INTO gne_vale_ferreteria_mov (vfe_id,pro_codigo_plu,vfm_cantidad,vfm_unitario,vfm_total,vfm_entregado) VALUES (5771,770091,1,690,690,@@@NO@@@)','',2,'2013-07-19'),(40517,'INSERT INTO gne_vale_ferreteria (vfe_id,vfe_fecha,vfe_total,vfe_estado,vfe_entregado,usu_nusuario) VALUES (5772,@@@2013.07.19@@@,990,1,0,@@@m_martinez@@@)','',2,'2013-07-19'),(40518,'INSERT INTO gne_vale_ferreteria_mov (vfe_id,pro_codigo_plu,vfm_cantidad,vfm_unitario,vfm_total,vfm_entregado) VALUES (5772,3003,1,490,490,@@@NO@@@)','',2,'2013-07-19'),(40519,'INSERT INTO gne_vale_ferreteria_mov (vfe_id,pro_codigo_plu,vfm_cantidad,vfm_unitario,vfm_total,vfm_entregado) VALUES (5772,4091,2,250,500,@@@NO@@@)','',2,'2013-07-19'),(40520,'INSERT INTO gne_vale_ferreteria (vfe_id,vfe_fecha,vfe_total,vfe_estado,vfe_entregado,usu_nusuario) VALUES (5773,@@@2013.07.19@@@,940,1,0,@@@m_martinez@@@)','',2,'2013-07-19'),(40521,'INSERT INTO gne_vale_ferreteria_mov (vfe_id,pro_codigo_plu,vfm_cantidad,vfm_unitario,vfm_total,vfm_entregado) VALUES (5773,763361,1,690,690,@@@NO@@@)','',2,'2013-07-19'),(40522,'INSERT INTO gne_vale_ferreteria_mov (vfe_id,pro_codigo_plu,vfm_cantidad,vfm_unitario,vfm_total,vfm_entregado) VALUES (5773,763495,1,250,250,@@@NO@@@)','',2,'2013-07-19'),(40523,'INSERT INTO gne_vale_ferreteria (vfe_id,vfe_fecha,vfe_total,vfe_estado,vfe_entregado,usu_nusuario) VALUES (5774,@@@2013.07.19@@@,1080,1,0,@@@m_martinez@@@)','',2,'2013-07-19'),(40524,'INSERT INTO gne_vale_ferreteria_mov (vfe_id,pro_codigo_plu,vfm_cantidad,vfm_unitario,vfm_total,vfm_entregado) VALUES (5774,78016967,1,490,490,@@@NO@@@)','',2,'2013-07-19'),(40525,'INSERT INTO gne_vale_ferreteria_mov (vfe_id,pro_codigo_plu,vfm_cantidad,vfm_unitario,vfm_total,vfm_entregado) VALUES (5774,764287,1,590,590,@@@NO@@@)','',2,'2013-07-19'),(40526,'INSERT INTO gne_vale_ferreteria (vfe_id,vfe_fecha,vfe_total,vfe_estado,vfe_entregado,usu_nusuario) VALUES (5775,@@@2013.07.19@@@,140,1,0,@@@m_martinez@@@)','',2,'2013-07-19'),(40527,'INSERT INTO gne_vale_ferreteria_mov (vfe_id,pro_codigo_plu,vfm_cantidad,vfm_unitario,vfm_total,vfm_entregado) VALUES (5775,770088,2,70,140,@@@NO@@@)','',2,'2013-07-19'),(40528,'INSERT INTO gne_vale_ferreteria (vfe_id,vfe_fecha,vfe_total,vfe_estado,vfe_entregado,usu_nusuario) VALUES (5776,@@@2013.07.19@@@,990,1,0,@@@m_martinez@@@)','',2,'2013-07-19'),(40529,'INSERT INTO gne_vale_ferreteria_mov (vfe_id,pro_codigo_plu,vfm_cantidad,vfm_unitario,vfm_total,vfm_entregado) VALUES (5776,2008,1,990,990,@@@NO@@@)','',2,'2013-07-19'),(40530,'INSERT INTO gne_vale_ferreteria (vfe_id,vfe_fecha,vfe_total,vfe_estado,vfe_entregado,usu_nusuario) VALUES (5777,@@@2013.07.19@@@,990,1,0,@@@m_martinez@@@)','',2,'2013-07-19'),(40531,'INSERT INTO gne_vale_ferreteria_mov (vfe_id,pro_codigo_plu,vfm_cantidad,vfm_unitario,vfm_total,vfm_entregado) VALUES (5777,2008,1,990,990,@@@NO@@@)','',2,'2013-07-19'),(40532,'INSERT INTO gne_vale_ferreteria (vfe_id,vfe_fecha,vfe_total,vfe_estado,vfe_entregado,usu_nusuario) VALUES (5778,@@@2013.07.19@@@,480,1,0,@@@m_martinez@@@)','',2,'2013-07-19'),(40533,'INSERT INTO gne_vale_ferreteria_mov (vfe_id,pro_codigo_plu,vfm_cantidad,vfm_unitario,vfm_total,vfm_entregado) VALUES (5778,15950,1,480,480,@@@NO@@@)','',2,'2013-07-19'),(40534,'INSERT INTO gne_vale_ferreteria (vfe_id,vfe_fecha,vfe_total,vfe_estado,vfe_entregado,usu_nusuario) VALUES (5779,@@@2013.07.19@@@,50,1,0,@@@m_martinez@@@)','',2,'2013-07-19'),(40535,'INSERT INTO gne_vale_ferreteria_mov (vfe_id,pro_codigo_plu,vfm_cantidad,vfm_unitario,vfm_total,vfm_entregado) VALUES (5779,763496,1,50,50,@@@NO@@@)','',2,'2013-07-19'),(40536,'INSERT INTO gne_vale_ferreteria (vfe_id,vfe_fecha,vfe_total,vfe_estado,vfe_entregado,usu_nusuario) VALUES (5780,@@@2013.07.19@@@,200,1,0,@@@m_martinez@@@)','',2,'2013-07-19'),(40537,'INSERT INTO gne_vale_ferreteria_mov (vfe_id,pro_codigo_plu,vfm_cantidad,vfm_unitario,vfm_total,vfm_entregado) VALUES (5780,770000,4,50,200,@@@NO@@@)','',2,'2013-07-19'),(40538,'INSERT INTO gne_vale_ferreteria (vfe_id,vfe_fecha,vfe_total,vfe_estado,vfe_entregado,usu_nusuario) VALUES (5781,@@@2013.07.19@@@,1330,1,0,@@@m_martinez@@@)','',2,'2013-07-19'),(40539,'INSERT INTO gne_vale_ferreteria_mov (vfe_id,pro_codigo_plu,vfm_cantidad,vfm_unitario,vfm_total,vfm_entregado) VALUES (5781,20813,1,1030,1030,@@@NO@@@)','',2,'2013-07-19'),(40540,'INSERT INTO gne_vale_ferreteria_mov (vfe_id,pro_codigo_plu,vfm_cantidad,vfm_unitario,vfm_total,vfm_entregado) VALUES (5781,764280,1,300,300,@@@NO@@@)','',2,'2013-07-19'),(40541,'INSERT INTO gne_vale_ferreteria (vfe_id,vfe_fecha,vfe_total,vfe_estado,vfe_entregado,usu_nusuario) VALUES (5782,@@@2013.07.19@@@,1690,1,0,@@@m_martinez@@@)','',2,'2013-07-19'),(40542,'INSERT INTO gne_vale_ferreteria_mov (vfe_id,pro_codigo_plu,vfm_cantidad,vfm_unitario,vfm_total,vfm_entregado) VALUES (5782,764609,1,1690,1690,@@@NO@@@)','',2,'2013-07-19'),(40543,'UPDATE mae_productos SET pro_precio_venta=899,pro_margen_actual=30.94, pro_precio_compra_bruto=686.6, pro_precio_compra_neto=576.974789915966 WHERE pro_codigo_plu=102563','',2,'2013-07-19'),(40544,'UPDATE mae_productos SET pro_precio_venta=1295,pro_margen_actual=30.02, pro_precio_compra_bruto=996.03, pro_precio_compra_neto=837 WHERE pro_codigo_plu=780721380','',2,'2013-07-19'),(40545,'UPDATE mae_productos SET pro_precio_venta=360,pro_margen_actual=29.92, pro_precio_compra_bruto=277.09, pro_precio_compra_neto=232.848739495798 WHERE pro_codigo_plu=10612','',2,'2013-07-19'),(40546,'UPDATE mae_productos SET pro_precio_venta=1675,pro_margen_actual=30.33, pro_precio_compra_bruto=1285.2, pro_precio_compra_neto=1080 WHERE pro_codigo_plu=13901','',2,'2013-07-19'),(40547,'UPDATE mae_productos SET pro_precio_venta=975,pro_margen_actual=30.05, pro_precio_compra_bruto=749.7, pro_precio_compra_neto=630 WHERE pro_codigo_plu=763318','',2,'2013-07-19'),(40548,'UPDATE mae_productos SET pro_precio_venta=1950,pro_margen_actual=32.69, pro_precio_compra_bruto=1469.6, pro_precio_compra_neto=1234.95798319328 WHERE pro_codigo_plu=780220190','',2,'2013-07-19'),(40549,'UPDATE mae_productos SET pro_precio_venta=3970,pro_margen_actual=30.47, pro_precio_compra_bruto=3042.8, pro_precio_compra_neto=2556.97478991597 WHERE pro_codigo_plu=10220','',2,'2013-07-19'),(40550,'UPDATE mae_productos SET pro_precio_venta=770,pro_margen_actual=30.2, pro_precio_compra_bruto=591.4, pro_precio_compra_neto=496.974789915966 WHERE pro_codigo_plu=11992','',2,'2013-07-19'),(40551,'INSERT INTO gne_vale_ferreteria (vfe_id,vfe_fecha,vfe_total,vfe_estado,vfe_entregado,usu_nusuario) VALUES (5783,@@@2013.07.19@@@,1890,1,0,@@@m_martinez@@@)','',2,'2013-07-19'),(40552,'INSERT INTO gne_vale_ferreteria_mov (vfe_id,pro_codigo_plu,vfm_cantidad,vfm_unitario,vfm_total,vfm_entregado) VALUES (5783,763606,1,1890,1890,@@@NO@@@)','',2,'2013-07-19'),(40553,'UPDATE mae_productos SET pro_precio_compra_bruto=686.6,pro_margen_actual=(pro_precio_venta-686.6)/686.6 * 100,pro_ultima_compra=@@@2013.07.19@@@,pro_ultimo_proveedor=@@@76218060-K@@@ WHERE pro_codigo_plu=102563','',2,'2013-07-19'),(40554,'UPDATE mae_productos SET pro_precio_compra_bruto=2028.95,pro_margen_actual=(pro_precio_venta-2028.95)/2028.95 * 100,pro_ultima_compra=@@@2013.07.19@@@,pro_ultimo_proveedor=@@@76218060-K@@@ WHERE pro_codigo_plu=13884','',2,'2013-07-19'),(40555,'UPDATE mae_productos SET pro_precio_compra_bruto=1637.4,pro_margen_actual=(pro_precio_venta-1637.4)/1637.4 * 100,pro_ultima_compra=@@@2013.07.19@@@,pro_ultimo_proveedor=@@@76218060-K@@@ WHERE pro_codigo_plu=13890','',2,'2013-07-19'),(40556,'UPDATE mae_productos SET pro_precio_compra_bruto=996.03,pro_margen_actual=(pro_precio_venta-996.03)/996.03 * 100,pro_ultima_compra=@@@2013.07.19@@@,pro_ultimo_proveedor=@@@76218060-K@@@ WHERE pro_codigo_plu=780721380','',2,'2013-07-19'),(40557,'UPDATE mae_productos SET pro_precio_compra_bruto=228.62,pro_margen_actual=(pro_precio_venta-228.62)/228.62 * 100,pro_ultima_compra=@@@2013.07.19@@@,pro_ultimo_proveedor=@@@76218060-K@@@ WHERE pro_codigo_plu=763492','',2,'2013-07-19'),(40558,'UPDATE mae_productos SET pro_precio_compra_bruto=277.09,pro_margen_actual=(pro_precio_venta-277.09)/277.09 * 100,pro_ultima_compra=@@@2013.07.19@@@,pro_ultimo_proveedor=@@@76218060-K@@@ WHERE pro_codigo_plu=10612','',2,'2013-07-19'),(40559,'UPDATE mae_productos SET pro_precio_compra_bruto=1499.4,pro_margen_actual=(pro_precio_venta-1499.4)/1499.4 * 100,pro_ultima_compra=@@@2013.07.19@@@,pro_ultimo_proveedor=@@@76218060-K@@@ WHERE pro_codigo_plu=763412','',2,'2013-07-19'),(40560,'UPDATE mae_productos SET pro_precio_compra_bruto=1285.2,pro_margen_actual=(pro_precio_venta-1285.2)/1285.2 * 100,pro_ultima_compra=@@@2013.07.19@@@,pro_ultimo_proveedor=@@@76218060-K@@@ WHERE pro_codigo_plu=13901','',2,'2013-07-19'),(40561,'UPDATE mae_productos SET pro_precio_compra_bruto=749.7,pro_margen_actual=(pro_precio_venta-749.7)/749.7 * 100,pro_ultima_compra=@@@2013.07.19@@@,pro_ultimo_proveedor=@@@76218060-K@@@ WHERE pro_codigo_plu=763318','',2,'2013-07-19'),(40562,'UPDATE mae_productos SET pro_precio_compra_bruto=1469.6,pro_margen_actual=(pro_precio_venta-1469.6)/1469.6 * 100,pro_ultima_compra=@@@2013.07.19@@@,pro_ultimo_proveedor=@@@76218060-K@@@ WHERE pro_codigo_plu=78017209','',2,'2013-07-19'),(40563,'UPDATE mae_productos SET pro_precio_compra_bruto=1469.6,pro_margen_actual=(pro_precio_venta-1469.6)/1469.6 * 100,pro_ultima_compra=@@@2013.07.19@@@,pro_ultimo_proveedor=@@@76218060-K@@@ WHERE pro_codigo_plu=780220190','',2,'2013-07-19'),(40564,'UPDATE mae_productos SET pro_precio_compra_bruto=1469.6,pro_margen_actual=(pro_precio_venta-1469.6)/1469.6 * 100,pro_ultima_compra=@@@2013.07.19@@@,pro_ultimo_proveedor=@@@76218060-K@@@ WHERE pro_codigo_plu=780721284','',2,'2013-07-19'),(40565,'UPDATE mae_productos SET pro_precio_compra_bruto=969.85,pro_margen_actual=(pro_precio_venta-969.85)/969.85 * 100,pro_ultima_compra=@@@2013.07.19@@@,pro_ultimo_proveedor=@@@76218060-K@@@ WHERE pro_codigo_plu=12432','',2,'2013-07-19'),(40566,'UPDATE mae_productos SET pro_precio_compra_bruto=187.12,pro_margen_actual=(pro_precio_venta-187.12)/187.12 * 100,pro_ultima_compra=@@@2013.07.19@@@,pro_ultimo_proveedor=@@@76218060-K@@@ WHERE pro_codigo_plu=101964','',2,'2013-07-19'),(40567,'UPDATE mae_productos SET pro_precio_compra_bruto=314.38,pro_margen_actual=(pro_precio_venta-314.38)/314.38 * 100,pro_ultima_compra=@@@2013.07.19@@@,pro_ultimo_proveedor=@@@76218060-K@@@ WHERE pro_codigo_plu=11997','',2,'2013-07-19'),(40568,'UPDATE mae_productos SET pro_precio_compra_bruto=103.7,pro_margen_actual=(pro_precio_venta-103.7)/103.7 * 100,pro_ultima_compra=@@@2013.07.19@@@,pro_ultimo_proveedor=@@@76218060-K@@@ WHERE pro_codigo_plu=12616','',2,'2013-07-19'),(40569,'UPDATE mae_productos SET pro_precio_compra_bruto=83.91,pro_margen_actual=(pro_precio_venta-83.91)/83.91 * 100,pro_ultima_compra=@@@2013.07.19@@@,pro_ultimo_proveedor=@@@76218060-K@@@ WHERE pro_codigo_plu=11083','',2,'2013-07-19'),(40570,'UPDATE mae_productos SET pro_precio_compra_bruto=825.8,pro_margen_actual=(pro_precio_venta-825.8)/825.8 * 100,pro_ultima_compra=@@@2013.07.19@@@,pro_ultimo_proveedor=@@@76218060-K@@@ WHERE pro_codigo_plu=78017079','',2,'2013-07-19'),(40571,'UPDATE mae_productos SET pro_precio_compra_bruto=277.09,pro_margen_actual=(pro_precio_venta-277.09)/277.09 * 100,pro_ultima_compra=@@@2013.07.19@@@,pro_ultimo_proveedor=@@@76218060-K@@@ WHERE pro_codigo_plu=10614','',2,'2013-07-19'),(40572,'UPDATE mae_productos SET pro_precio_compra_bruto=3042.8,pro_margen_actual=(pro_precio_venta-3042.8)/3042.8 * 100,pro_ultima_compra=@@@2013.07.19@@@,pro_ultimo_proveedor=@@@76218060-K@@@ WHERE pro_codigo_plu=10220','',2,'2013-07-19'),(40573,'UPDATE mae_productos SET pro_precio_compra_bruto=354.5,pro_margen_actual=(pro_precio_venta-354.5)/354.5 * 100,pro_ultima_compra=@@@2013.07.19@@@,pro_ultimo_proveedor=@@@76218060-K@@@ WHERE pro_codigo_plu=12345','',2,'2013-07-19'),(40574,'UPDATE mae_productos SET pro_precio_compra_bruto=591.4,pro_margen_actual=(pro_precio_venta-591.4)/591.4 * 100,pro_ultima_compra=@@@2013.07.19@@@,pro_ultimo_proveedor=@@@76218060-K@@@ WHERE pro_codigo_plu=11992','',2,'2013-07-19'),(40575,'UPDATE mae_productos SET pro_precio_compra_bruto=373.6,pro_margen_actual=(pro_precio_venta-373.6)/373.6 * 100,pro_ultima_compra=@@@2013.07.19@@@,pro_ultimo_proveedor=@@@76218060-K@@@ WHERE pro_codigo_plu=11995','',2,'2013-07-19'),(40576,'UPDATE mae_productos SET pro_precio_compra_bruto=437.9,pro_margen_actual=(pro_precio_venta-437.9)/437.9 * 100,pro_ultima_compra=@@@2013.07.19@@@,pro_ultimo_proveedor=@@@76218060-K@@@ WHERE pro_codigo_plu=11944','',2,'2013-07-19'),(40577,'UPDATE mae_productos SET pro_precio_compra_bruto=529.9,pro_margen_actual=(pro_precio_venta-529.9)/529.9 * 100,pro_ultima_compra=@@@2013.07.19@@@,pro_ultimo_proveedor=@@@76218060-K@@@ WHERE pro_codigo_plu=11945','',2,'2013-07-19'),(40578,'INSERT INTO gne_vale_ferreteria (vfe_id,vfe_fecha,vfe_total,vfe_estado,vfe_entregado,usu_nusuario) VALUES (5784,@@@2013.07.19@@@,2380,1,0,@@@m_martinez@@@)','',2,'2013-07-19'),(40579,'INSERT INTO gne_vale_ferreteria_mov (vfe_id,pro_codigo_plu,vfm_cantidad,vfm_unitario,vfm_total,vfm_entregado) VALUES (5784,2006,1,490,490,@@@NO@@@)','',2,'2013-07-19'),(40580,'INSERT INTO gne_vale_ferreteria_mov (vfe_id,pro_codigo_plu,vfm_cantidad,vfm_unitario,vfm_total,vfm_entregado) VALUES (5784,763606,1,1890,1890,@@@NO@@@)','',2,'2013-07-19'),(40581,'UPDATE mae_productos SET pro_precio_fiscal=pro_precio_venta WHERE pro_codigo_plu=102563','',2,'2013-07-19'),(40582,'UPDATE mae_productos SET pro_precio_fiscal=pro_precio_venta WHERE pro_codigo_plu=763318','',2,'2013-07-19'),(40583,'UPDATE mae_productos SET pro_precio_fiscal=pro_precio_venta WHERE pro_codigo_plu=13901','',2,'2013-07-19'),(40584,'UPDATE mae_productos SET pro_precio_fiscal=pro_precio_venta WHERE pro_codigo_plu=780721380','',2,'2013-07-19'),(40585,'UPDATE mae_productos SET pro_precio_fiscal=pro_precio_venta WHERE pro_codigo_plu=780220190','',2,'2013-07-19'),(40586,'UPDATE mae_productos SET pro_precio_fiscal=pro_precio_venta WHERE pro_codigo_plu=780721379','',2,'2013-07-19'),(40587,'UPDATE mae_productos SET pro_precio_fiscal=pro_precio_venta WHERE pro_codigo_plu=11992','',2,'2013-07-19'),(40588,'UPDATE mae_productos SET pro_precio_fiscal=pro_precio_venta WHERE pro_codigo_plu=10612','',2,'2013-07-19'),(40589,'UPDATE gpr_pack_virtual SET pav_nombre=@@@NESCAFE TRADICION 170G + CAFE VIENES@@@,pav_total_pack=3,pav_total_descuento=597,pav_desde=@@@2013-05-08@@@,pav_hasta=@@@2013-08-31@@@,pav_tipo=@@@PR@@@,pav_precio=0,pav_lleva=0,pav_paga=0,pav_descuento=0,pav_porcentaje=0,pav_oferta_exclusiva=@@@NO@@@,pav_agotar_stock=@@@SI@@@,pav_stock=50,pav_costo=0,pav_margen=0 WHERE pav_id=1','',2,'2013-07-19'),(40590,'DELETE FROM gpr_pack_virtual_mov WHERE pav_id=1','',2,'2013-07-19'),(40591,'DELETE FROM gpr_pack_virtual_horario WHERE pav_id=1','',2,'2013-07-19'),(40592,'INSERT INTO gpr_pack_virtual_mov (pav_id,pro_codigo_plu,pvm_precio,pvm_total,pvm_lleva,pvm_paga,pvm_descuento,pvm_porcentaje,pvm_total_normal,pvm_descuento_linea,pvm_costo,pvm_margen) VALUES (1,763445,200,3,3,0,3,1,600,597,0,0)','',2,'2013-07-19'),(40593,'INSERT INTO gpr_pack_virtual_horario (pav_id,pvh_dia,pvh_hora_desde,pvh_hora_hasta) VALUES (1,99,@@@00:00@@@,@@@23:59@@@)','',2,'2013-07-19'),(40594,'UPDATE mae_productos SET pro_precio_fiscal=pro_precio_venta WHERE pro_codigo_plu=10220','',2,'2013-07-19'),(40595,'INSERT INTO gne_vale_ferreteria (vfe_id,vfe_fecha,vfe_total,vfe_estado,vfe_entregado,usu_nusuario) VALUES (5785,@@@2013.07.19@@@,7970,1,0,@@@m_martinez@@@)','',2,'2013-07-19'),(40596,'INSERT INTO gne_vale_ferreteria_mov (vfe_id,pro_codigo_plu,vfm_cantidad,vfm_unitario,vfm_total,vfm_entregado) VALUES (5785,764514,1,1890,1890,@@@NO@@@)','',2,'2013-07-19'),(40597,'INSERT INTO gne_vale_ferreteria_mov (vfe_id,pro_codigo_plu,vfm_cantidad,vfm_unitario,vfm_total,vfm_entregado) VALUES (5785,21108,1,3490,3490,@@@NO@@@)','',2,'2013-07-19'),(40598,'INSERT INTO gne_vale_ferreteria_mov (vfe_id,pro_codigo_plu,vfm_cantidad,vfm_unitario,vfm_total,vfm_entregado) VALUES (5785,780721363,1,2590,2590,@@@NO@@@)','',2,'2013-07-19'),(40599,'INSERT INTO gne_vale_ferreteria (vfe_id,vfe_fecha,vfe_total,vfe_estado,vfe_entregado,usu_nusuario) VALUES (5786,@@@2013.07.19@@@,520,1,0,@@@m_martinez@@@)','',2,'2013-07-19'),(40600,'INSERT INTO gne_vale_ferreteria_mov (vfe_id,pro_codigo_plu,vfm_cantidad,vfm_unitario,vfm_total,vfm_entregado) VALUES (5786,780220182,1,520,520,@@@NO@@@)','',2,'2013-07-19'),(40601,'INSERT INTO gne_vale_ferreteria (vfe_id,vfe_fecha,vfe_total,vfe_estado,vfe_entregado,usu_nusuario) VALUES (5787,@@@2013.07.19@@@,180,1,0,@@@m_martinez@@@)','',2,'2013-07-19'),(40602,'INSERT INTO gne_vale_ferreteria_mov (vfe_id,pro_codigo_plu,vfm_cantidad,vfm_unitario,vfm_total,vfm_entregado) VALUES (5787,780721143,1,180,180,@@@NO@@@)','',2,'2013-07-19'),(40603,'UPDATE mae_productos SET pro_precio_venta=650,pro_margen_actual=30.26, pro_precio_compra_bruto=499.01, pro_precio_compra_neto=419.336134453782 WHERE pro_codigo_plu=18178','',2,'2013-07-19'),(40604,'UPDATE mae_productos SET pro_precio_venta=300,pro_margen_actual=50.96, pro_precio_compra_bruto=198.73, pro_precio_compra_neto=167 WHERE pro_codigo_plu=16238','',2,'2013-07-19'),(40605,'UPDATE mae_productos SET pro_precio_venta=220,pro_margen_actual=43.79, pro_precio_compra_bruto=153, pro_precio_compra_neto=128.571428571429 WHERE pro_codigo_plu=18190','',2,'2013-07-19'),(40606,'UPDATE mae_productos SET pro_precio_venta=320,pro_margen_actual=33.78, pro_precio_compra_bruto=239.19, pro_precio_compra_neto=201 WHERE pro_codigo_plu=16442','',2,'2013-07-19'),(40607,'UPDATE mae_productos SET pro_precio_venta=300,pro_margen_actual=33.39, pro_precio_compra_bruto=224.91, pro_precio_compra_neto=189 WHERE pro_codigo_plu=761630','',2,'2013-07-19'),(40608,'UPDATE mae_productos SET pro_precio_venta=220,pro_margen_actual=43.79, pro_precio_compra_bruto=153, pro_precio_compra_neto=128.571428571429 WHERE pro_codigo_plu=18208','',2,'2013-07-19'),(40609,'UPDATE mae_productos SET pro_precio_venta=220,pro_margen_actual=43.79, pro_precio_compra_bruto=153, pro_precio_compra_neto=128.571428571429 WHERE pro_codigo_plu=18209','',2,'2013-07-19'),(40610,'UPDATE mae_productos SET pro_precio_venta=220,pro_margen_actual=43.79, pro_precio_compra_bruto=153, pro_precio_compra_neto=128.571428571429 WHERE pro_codigo_plu=18195','',2,'2013-07-19'),(40611,'UPDATE mae_productos SET pro_precio_venta=220,pro_margen_actual=43.79, pro_precio_compra_bruto=153, pro_precio_compra_neto=128.571428571429 WHERE pro_codigo_plu=18183','',2,'2013-07-19'),(40612,'UPDATE mae_productos SET pro_precio_venta=220,pro_margen_actual=43.79, pro_precio_compra_bruto=153, pro_precio_compra_neto=128.571428571429 WHERE pro_codigo_plu=18180','',2,'2013-07-19'),(40613,'UPDATE mae_productos SET pro_precio_venta=220,pro_margen_actual=43.79, pro_precio_compra_bruto=153, pro_precio_compra_neto=128.571428571429 WHERE pro_codigo_plu=18293','',2,'2013-07-19'),(40614,'UPDATE mae_productos SET pro_precio_venta=320,pro_margen_actual=33.78, pro_precio_compra_bruto=239.19, pro_precio_compra_neto=201 WHERE pro_codigo_plu=16441','',2,'2013-07-19'),(40615,'UPDATE mae_productos SET pro_precio_venta=650,pro_margen_actual=32.9, pro_precio_compra_bruto=489.1, pro_precio_compra_neto=411.008403361345 WHERE pro_codigo_plu=16275','',2,'2013-07-19'),(40616,'UPDATE mae_productos SET pro_precio_fiscal=pro_precio_venta WHERE pro_codigo_plu=18178','',2,'2013-07-19'),(40617,'UPDATE mae_productos SET pro_precio_fiscal=pro_precio_venta WHERE pro_codigo_plu=18293','',2,'2013-07-19'),(40618,'UPDATE mae_productos SET pro_precio_fiscal=pro_precio_venta WHERE pro_codigo_plu=18180','',2,'2013-07-19'),(40619,'UPDATE mae_productos SET pro_precio_fiscal=pro_precio_venta WHERE pro_codigo_plu=18195','',2,'2013-07-19'),(40620,'UPDATE mae_productos SET pro_precio_fiscal=pro_precio_venta WHERE pro_codigo_plu=18209','',2,'2013-07-19'),(40621,'UPDATE mae_productos SET pro_precio_fiscal=pro_precio_venta WHERE pro_codigo_plu=18190','',2,'2013-07-19'),(40622,'UPDATE mae_productos SET pro_precio_fiscal=pro_precio_venta WHERE pro_codigo_plu=18183','',2,'2013-07-19'),(40623,'UPDATE mae_productos SET pro_precio_fiscal=pro_precio_venta WHERE pro_codigo_plu=18208','',2,'2013-07-19'),(40624,'UPDATE mae_productos SET pro_precio_fiscal=pro_precio_venta WHERE pro_codigo_plu=761630','',2,'2013-07-19'),(40625,'UPDATE mae_productos SET pro_precio_fiscal=pro_precio_venta WHERE pro_codigo_plu=16238','',2,'2013-07-19'),(40626,'UPDATE mae_productos SET pro_precio_fiscal=pro_precio_venta WHERE pro_codigo_plu=16275','',2,'2013-07-19'),(40627,'UPDATE mae_productos SET pro_precio_fiscal=pro_precio_venta WHERE pro_codigo_plu=16442','',2,'2013-07-19'),(40628,'UPDATE mae_productos SET pro_precio_fiscal=pro_precio_venta WHERE pro_codigo_plu=16441','',2,'2013-07-19'),(40629,'INSERT INTO gne_vale_ferreteria (vfe_id,vfe_fecha,vfe_total,vfe_estado,vfe_entregado,usu_nusuario) VALUES (5788,@@@2013.07.19@@@,400,1,0,@@@m_martinez@@@)','',2,'2013-07-19'),(40630,'INSERT INTO gne_vale_ferreteria_mov (vfe_id,pro_codigo_plu,vfm_cantidad,vfm_unitario,vfm_total,vfm_entregado) VALUES (5788,880006,2,200,400,@@@NO@@@)','',2,'2013-07-19'),(40631,'UPDATE mae_productos SET pro_precio_compra_bruto=1054.32,pro_margen_actual=(pro_precio_venta-1054.32)/1054.32 * 100,pro_ultima_compra=@@@2013.07.19@@@,pro_ultimo_proveedor=@@@81788500-4@@@ WHERE pro_codigo_plu=102247','',2,'2013-07-19'),(40632,'UPDATE mae_productos SET pro_precio_compra_bruto=1180.099,pro_margen_actual=(pro_precio_venta-1180.099)/1180.099 * 100,pro_ultima_compra=@@@2013.07.19@@@,pro_ultimo_proveedor=@@@81788500-4@@@ WHERE pro_codigo_plu=16322','',2,'2013-07-19'),(40633,'UPDATE mae_productos SET pro_precio_compra_bruto=499.01,pro_margen_actual=(pro_precio_venta-499.01)/499.01 * 100,pro_ultima_compra=@@@2013.07.19@@@,pro_ultimo_proveedor=@@@81788500-4@@@ WHERE pro_codigo_plu=18178','',2,'2013-07-19'),(40634,'UPDATE mae_productos SET pro_precio_compra_bruto=499.01,pro_margen_actual=(pro_precio_venta-499.01)/499.01 * 100,pro_ultima_compra=@@@2013.07.19@@@,pro_ultimo_proveedor=@@@81788500-4@@@ WHERE pro_codigo_plu=18187','',2,'2013-07-19'),(40635,'UPDATE mae_productos SET pro_precio_compra_bruto=499.01,pro_margen_actual=(pro_precio_venta-499.01)/499.01 * 100,pro_ultima_compra=@@@2013.07.19@@@,pro_ultimo_proveedor=@@@81788500-4@@@ WHERE pro_codigo_plu=18182','',2,'2013-07-19'),(40636,'UPDATE mae_productos SET pro_precio_compra_bruto=499.01,pro_margen_actual=(pro_precio_venta-499.01)/499.01 * 100,pro_ultima_compra=@@@2013.07.19@@@,pro_ultimo_proveedor=@@@81788500-4@@@ WHERE pro_codigo_plu=18211','',2,'2013-07-19'),(40637,'UPDATE mae_productos SET pro_precio_compra_bruto=498.98,pro_margen_actual=(pro_precio_venta-498.98)/498.98 * 100,pro_ultima_compra=@@@2013.07.19@@@,pro_ultimo_proveedor=@@@81788500-4@@@ WHERE pro_codigo_plu=18196','',2,'2013-07-19'),(40638,'UPDATE mae_productos SET pro_precio_compra_bruto=499.01,pro_margen_actual=(pro_precio_venta-499.01)/499.01 * 100,pro_ultima_compra=@@@2013.07.19@@@,pro_ultimo_proveedor=@@@81788500-4@@@ WHERE pro_codigo_plu=18192','',2,'2013-07-19'),(40639,'UPDATE mae_productos SET pro_precio_compra_bruto=198.73,pro_margen_actual=(pro_precio_venta-198.73)/198.73 * 100,pro_ultima_compra=@@@2013.07.19@@@,pro_ultimo_proveedor=@@@81788500-4@@@ WHERE pro_codigo_plu=16238','',2,'2013-07-19'),(40640,'UPDATE mae_productos SET pro_precio_compra_bruto=153,pro_margen_actual=(pro_precio_venta-153)/153 * 100,pro_ultima_compra=@@@2013.07.19@@@,pro_ultimo_proveedor=@@@81788500-4@@@ WHERE pro_codigo_plu=18190','',2,'2013-07-19'),(40641,'UPDATE mae_productos SET pro_precio_compra_bruto=239.19,pro_margen_actual=(pro_precio_venta-239.19)/239.19 * 100,pro_ultima_compra=@@@2013.07.19@@@,pro_ultimo_proveedor=@@@81788500-4@@@ WHERE pro_codigo_plu=16442','',2,'2013-07-19'),(40642,'UPDATE mae_productos SET pro_precio_compra_bruto=224.91,pro_margen_actual=(pro_precio_venta-224.91)/224.91 * 100,pro_ultima_compra=@@@2013.07.19@@@,pro_ultimo_proveedor=@@@81788500-4@@@ WHERE pro_codigo_plu=761630','',2,'2013-07-19'),(40643,'UPDATE mae_productos SET pro_precio_compra_bruto=153,pro_margen_actual=(pro_precio_venta-153)/153 * 100,pro_ultima_compra=@@@2013.07.19@@@,pro_ultimo_proveedor=@@@81788500-4@@@ WHERE pro_codigo_plu=18208','',2,'2013-07-19'),(40644,'UPDATE mae_productos SET pro_precio_compra_bruto=153,pro_margen_actual=(pro_precio_venta-153)/153 * 100,pro_ultima_compra=@@@2013.07.19@@@,pro_ultimo_proveedor=@@@81788500-4@@@ WHERE pro_codigo_plu=18209','',2,'2013-07-19'),(40645,'UPDATE mae_productos SET pro_precio_compra_bruto=153,pro_margen_actual=(pro_precio_venta-153)/153 * 100,pro_ultima_compra=@@@2013.07.19@@@,pro_ultimo_proveedor=@@@81788500-4@@@ WHERE pro_codigo_plu=18195','',2,'2013-07-19'),(40646,'UPDATE mae_productos SET pro_precio_compra_bruto=153,pro_margen_actual=(pro_precio_venta-153)/153 * 100,pro_ultima_compra=@@@2013.07.19@@@,pro_ultimo_proveedor=@@@81788500-4@@@ WHERE pro_codigo_plu=18183','',2,'2013-07-19'),(40647,'UPDATE mae_productos SET pro_precio_compra_bruto=153,pro_margen_actual=(pro_precio_venta-153)/153 * 100,pro_ultima_compra=@@@2013.07.19@@@,pro_ultimo_proveedor=@@@81788500-4@@@ WHERE pro_codigo_plu=18180','',2,'2013-07-19'),(40648,'UPDATE mae_productos SET pro_precio_compra_bruto=153,pro_margen_actual=(pro_precio_venta-153)/153 * 100,pro_ultima_compra=@@@2013.07.19@@@,pro_ultimo_proveedor=@@@81788500-4@@@ WHERE pro_codigo_plu=18293','',2,'2013-07-19'),(40649,'UPDATE mae_productos SET pro_precio_compra_bruto=239.19,pro_margen_actual=(pro_precio_venta-239.19)/239.19 * 100,pro_ultima_compra=@@@2013.07.19@@@,pro_ultimo_proveedor=@@@81788500-4@@@ WHERE pro_codigo_plu=16441','',2,'2013-07-19'),(40650,'UPDATE mae_productos SET pro_precio_compra_bruto=489.1,pro_margen_actual=(pro_precio_venta-489.1)/489.1 * 100,pro_ultima_compra=@@@2013.07.19@@@,pro_ultimo_proveedor=@@@81788500-4@@@ WHERE pro_codigo_plu=16275','',2,'2013-07-19'),(40651,'INSERT INTO gne_vale_ferreteria (vfe_id,vfe_fecha,vfe_total,vfe_estado,vfe_entregado,usu_nusuario) VALUES (5789,@@@2013.07.19@@@,200,1,0,@@@m_martinez@@@)','',2,'2013-07-19'),(40652,'INSERT INTO gne_vale_ferreteria_mov (vfe_id,pro_codigo_plu,vfm_cantidad,vfm_unitario,vfm_total,vfm_entregado) VALUES (5789,764699,1,200,200,@@@NO@@@)','',2,'2013-07-19'),(40653,'INSERT INTO gne_vale_ferreteria (vfe_id,vfe_fecha,vfe_total,vfe_estado,vfe_entregado,usu_nusuario) VALUES (5790,@@@2013.07.19@@@,260,1,0,@@@m_martinez@@@)','',2,'2013-07-19'),(40654,'INSERT INTO gne_vale_ferreteria_mov (vfe_id,pro_codigo_plu,vfm_cantidad,vfm_unitario,vfm_total,vfm_entregado) VALUES (5790,15967,2,130,260,@@@NO@@@)','',2,'2013-07-19'),(40655,'INSERT INTO gne_vale_ferreteria (vfe_id,vfe_fecha,vfe_total,vfe_estado,vfe_entregado,usu_nusuario) VALUES (5791,@@@2013.07.19@@@,250,1,0,@@@m_martinez@@@)','',2,'2013-07-19'),(40656,'INSERT INTO gne_vale_ferreteria_mov (vfe_id,pro_codigo_plu,vfm_cantidad,vfm_unitario,vfm_total,vfm_entregado) VALUES (5791,12608,1,250,250,@@@NO@@@)','',2,'2013-07-19'),(40657,'INSERT INTO gne_vale_ferreteria (vfe_id,vfe_fecha,vfe_total,vfe_estado,vfe_entregado,usu_nusuario) VALUES (5792,@@@2013.07.19@@@,150,1,0,@@@m_martinez@@@)','',2,'2013-07-19'),(40658,'INSERT INTO gne_vale_ferreteria_mov (vfe_id,pro_codigo_plu,vfm_cantidad,vfm_unitario,vfm_total,vfm_entregado) VALUES (5792,78017171,1,150,150,@@@NO@@@)','',2,'2013-07-19'),(40659,'INSERT INTO gne_vale_ferreteria (vfe_id,vfe_fecha,vfe_total,vfe_estado,vfe_entregado,usu_nusuario) VALUES (5793,@@@2013.07.19@@@,7990,1,0,@@@m_martinez@@@)','',2,'2013-07-19'),(40660,'INSERT INTO gne_vale_ferreteria_mov (vfe_id,pro_codigo_plu,vfm_cantidad,vfm_unitario,vfm_total,vfm_entregado) VALUES (5793,764952,1,7990,7990,@@@NO@@@)','',2,'2013-07-19'),(40661,'INSERT INTO gne_vale_ferreteria (vfe_id,vfe_fecha,vfe_total,vfe_estado,vfe_entregado,usu_nusuario) VALUES (5794,@@@2013.07.19@@@,990,1,0,@@@m_martinez@@@)','',2,'2013-07-19'),(40662,'INSERT INTO gne_vale_ferreteria_mov (vfe_id,pro_codigo_plu,vfm_cantidad,vfm_unitario,vfm_total,vfm_entregado) VALUES (5794,11218,2,495,990,@@@NO@@@)','',2,'2013-07-19'),(40663,'INSERT INTO gne_vale_ferreteria (vfe_id,vfe_fecha,vfe_total,vfe_estado,vfe_entregado,usu_nusuario) VALUES (5795,@@@2013.07.19@@@,250,1,0,@@@m_martinez@@@)','',2,'2013-07-19'),(40664,'INSERT INTO gne_vale_ferreteria_mov (vfe_id,pro_codigo_plu,vfm_cantidad,vfm_unitario,vfm_total,vfm_entregado) VALUES (5795,764583,1,250,250,@@@NO@@@)','',2,'2013-07-19'),(40665,'INSERT INTO gne_vale_ferreteria (vfe_id,vfe_fecha,vfe_total,vfe_estado,vfe_entregado,usu_nusuario) VALUES (5796,@@@2013.07.19@@@,120,1,0,@@@m_martinez@@@)','',2,'2013-07-19'),(40666,'INSERT INTO gne_vale_ferreteria_mov (vfe_id,pro_codigo_plu,vfm_cantidad,vfm_unitario,vfm_total,vfm_entregado) VALUES (5796,78017204,1,120,120,@@@NO@@@)','',2,'2013-07-19'),(40667,'INSERT INTO gne_vale_ferreteria (vfe_id,vfe_fecha,vfe_total,vfe_estado,vfe_entregado,usu_nusuario) VALUES (5797,@@@2013.07.19@@@,390,1,0,@@@m_martinez@@@)','',2,'2013-07-19'),(40668,'INSERT INTO gne_vale_ferreteria_mov (vfe_id,pro_codigo_plu,vfm_cantidad,vfm_unitario,vfm_total,vfm_entregado) VALUES (5797,4090,1,390,390,@@@NO@@@)','',2,'2013-07-19'),(40669,'INSERT INTO gne_vale_ferreteria (vfe_id,vfe_fecha,vfe_total,vfe_estado,vfe_entregado,usu_nusuario) VALUES (5798,@@@2013.07.19@@@,500,1,0,@@@m_martinez@@@)','',2,'2013-07-19'),(40670,'INSERT INTO gne_vale_ferreteria_mov (vfe_id,pro_codigo_plu,vfm_cantidad,vfm_unitario,vfm_total,vfm_entregado) VALUES (5798,770000,10,50,500,@@@NO@@@)','',2,'2013-07-19'),(40671,'INSERT INTO mae_productos (pro_codigo_plu,pro_codigo_barra,pro_tipo,pro_nombre_producto,pro_nombre_corto,med_id,emb_id,pro_unidades_embalaje,dep_id,lin_id,mar_id,pro_precio_compra_neto,pro_precio_compra_bruto,pro_precio_venta,pro_margen_actual,pro_oferta,pro_fecha_inicio_oferta,pro_fecha_termino_oferta,pro_precio_oferta,pro_stock_minimo,pro_stock_critico,pro_entradas_bodega,pro_salidas_bodega,pro_mermas_bodega,pro_ajustes_bodega,pro_entradas_sv,pro_salidas_sv,pro_mermas_sv,pro_ajustes_sv,pro_activo,rec_numero,pro_unidad,pro_capacidad,pro_consumo_bodega,pro_consumo_sv,pro_estado,pro_funcion_plu,pro_flejes,pro_iva,pro_plu_asociado,pro_envase,pro_duracion,pro_numero_etiqueta) VALUES (780721381,@@@7802000008887@@@,@@@0@@@,@@@PAPA LAYS QUESO CREMA & SOYA 230G@@@,@@@PAPA LAYS QUESO @@@,@@@5 @@@,@@@6 @@@,@@@5@@@,@@@32 @@@,@@@160@@@,@@@1608@@@,@@@0@@@,@@@1235.2@@@,@@@1@@@,@@@-99.92@@@,@@@@@@,@@@2006.09.07@@@,@@@2006.09.07@@@,@@@0@@@,@@@5@@@,@@@1@@@,@@@0@@@,@@@0@@@,@@@0@@@,@@@0@@@,@@@0@@@,@@@0@@@,@@@0@@@,@@@0@@@,@@@1@@@,@@@0@@@,0,230,0,0,2,0,1,1,0,@@@NO@@@,0,0)','',2,'2013-07-19'),(40672,'DELETE FROM mae_impuestos_productos WHERE pro_codigo_plu=@@@780721381@@@','',2,'2013-07-19'),(40673,'INSERT INTO mae_productos (pro_codigo_plu,pro_codigo_barra,pro_tipo,pro_nombre_producto,pro_nombre_corto,med_id,emb_id,pro_unidades_embalaje,dep_id,lin_id,mar_id,pro_precio_compra_neto,pro_precio_compra_bruto,pro_precio_venta,pro_margen_actual,pro_oferta,pro_fecha_inicio_oferta,pro_fecha_termino_oferta,pro_precio_oferta,pro_stock_minimo,pro_stock_critico,pro_entradas_bodega,pro_salidas_bodega,pro_mermas_bodega,pro_ajustes_bodega,pro_entradas_sv,pro_salidas_sv,pro_mermas_sv,pro_ajustes_sv,pro_activo,rec_numero,pro_unidad,pro_capacidad,pro_consumo_bodega,pro_consumo_sv,pro_estado,pro_funcion_plu,pro_flejes,pro_iva,pro_plu_asociado,pro_envase,pro_duracion,pro_numero_etiqueta) VALUES (780721382,@@@7802000008894@@@,@@@0@@@,@@@PAPA LAYS SALSA BBQ 230G@@@,@@@PAPA LAYS SALSA @@@,@@@5 @@@,@@@6 @@@,@@@5@@@,@@@32 @@@,@@@160@@@,@@@1608@@@,@@@0@@@,@@@1235.2@@@,@@@1@@@,@@@-99.92@@@,@@@@@@,@@@2006.09.07@@@,@@@2006.09.07@@@,@@@0@@@,@@@5@@@,@@@1@@@,@@@0@@@,@@@0@@@,@@@0@@@,@@@0@@@,@@@0@@@,@@@0@@@,@@@0@@@,@@@0@@@,@@@1@@@,@@@0@@@,0,230,0,0,2,0,1,1,0,@@@NO@@@,0,0)','',2,'2013-07-19'),(40674,'DELETE FROM mae_impuestos_productos WHERE pro_codigo_plu=@@@780721382@@@','',2,'2013-07-19'),(40675,'INSERT INTO mae_productos (pro_codigo_plu,pro_codigo_barra,pro_tipo,pro_nombre_producto,pro_nombre_corto,med_id,emb_id,pro_unidades_embalaje,dep_id,lin_id,mar_id,pro_precio_compra_neto,pro_precio_compra_bruto,pro_precio_venta,pro_margen_actual,pro_oferta,pro_fecha_inicio_oferta,pro_fecha_termino_oferta,pro_precio_oferta,pro_stock_minimo,pro_stock_critico,pro_entradas_bodega,pro_salidas_bodega,pro_mermas_bodega,pro_ajustes_bodega,pro_entradas_sv,pro_salidas_sv,pro_mermas_sv,pro_ajustes_sv,pro_activo,rec_numero,pro_unidad,pro_capacidad,pro_consumo_bodega,pro_consumo_sv,pro_estado,pro_funcion_plu,pro_flejes,pro_iva,pro_plu_asociado,pro_envase,pro_duracion,pro_numero_etiqueta) VALUES (780721383,@@@7802000008870@@@,@@@0@@@,@@@PAPA LAYS CHORRILLANA 230 G@@@,@@@PAPA LAYS CHORRI@@@,@@@5 @@@,@@@6 @@@,@@@5@@@,@@@32 @@@,@@@160@@@,@@@1608@@@,@@@0@@@,@@@1235.2@@@,@@@1@@@,@@@-99.92@@@,@@@@@@,@@@2006.09.07@@@,@@@2006.09.07@@@,@@@0@@@,@@@5@@@,@@@1@@@,@@@0@@@,@@@0@@@,@@@0@@@,@@@0@@@,@@@0@@@,@@@0@@@,@@@0@@@,@@@0@@@,@@@1@@@,@@@0@@@,0,230,0,0,2,0,1,1,0,@@@NO@@@,0,0)','',2,'2013-07-19'),(40676,'DELETE FROM mae_impuestos_productos WHERE pro_codigo_plu=@@@780721383@@@','',2,'2013-07-19'),(40677,'INSERT INTO gne_vale_ferreteria (vfe_id,vfe_fecha,vfe_total,vfe_estado,vfe_entregado,usu_nusuario) VALUES (5799,@@@2013.07.19@@@,1210,1,0,@@@m_martinez@@@)','',2,'2013-07-19'),(40678,'INSERT INTO gne_vale_ferreteria_mov (vfe_id,pro_codigo_plu,vfm_cantidad,vfm_unitario,vfm_total,vfm_entregado) VALUES (5799,770096,2,480,960,@@@NO@@@)','',2,'2013-07-19'),(40679,'INSERT INTO gne_vale_ferreteria_mov (vfe_id,pro_codigo_plu,vfm_cantidad,vfm_unitario,vfm_total,vfm_entregado) VALUES (5799,764583,1,250,250,@@@NO@@@)','',2,'2013-07-19'),(40680,'UPDATE mae_productos SET pro_codigo_barra=@@@7802175000228@@@,pro_tipo=@@@0@@@,pro_nombre_producto=@@@CAMPANARIO PIÑA COLADA 12º 700 CC@@@,pro_nombre_corto=@@@CAMPANARIO PIÑA@@@,med_id=@@@6@@@,emb_id=@@@4@@@,pro_unidades_embalaje=@@@12@@@,dep_id=@@@5 @@@,lin_id=@@@57@@@,mar_id=@@@1302@@@,pro_precio_compra_neto=@@@0@@@,pro_precio_compra_bruto=@@@2393@@@,pro_precio_venta=@@@3300@@@,pro_margen_actual=@@@37.9@@@,pro_oferta=@@@NO@@@,pro_fecha_inicio_oferta=@@@1900.01.01@@@,pro_fecha_termino_oferta=@@@1900.01.01@@@,pro_precio_oferta=@@@0@@@,pro_stock_minimo=@@@12@@@,pro_stock_critico=@@@6@@@,pro_activo=@@@1@@@,pro_unidad=@@@0@@@,pro_precio_compra_bruto=2393,pro_margen_actual=37.9,pro_capacidad=0.7,pro_funcion_plu=0,pro_flejes=1,pro_iva=1,pro_plu_asociado=0,pro_envase=@@@NO@@@,pro_duracion=0,pro_numero_etiqueta=0 WHERE pro_codigo_plu=@@@11821@@@','',2,'2013-07-19'),(40681,'UPDATE mae_productos SET pro_estado=1 WHERE pro_codigo_plu=11821','',2,'2013-07-19'),(40682,'DELETE FROM mae_impuestos_productos WHERE pro_codigo_plu=@@@11821@@@','',2,'2013-07-19'),(40683,'UPDATE mae_productos SET pro_codigo_barra=@@@7802175453024@@@,pro_tipo=@@@0@@@,pro_nombre_producto=@@@PISCO CAMPANARIO PETACA@@@,pro_nombre_corto=@@@PISCO CAMPANARIO@@@,med_id=@@@6@@@,emb_id=@@@3@@@,pro_unidades_embalaje=@@@0@@@,dep_id=@@@5 @@@,lin_id=@@@58@@@,mar_id=@@@1302@@@,pro_precio_compra_neto=@@@0@@@,pro_precio_compra_bruto=@@@1008.95@@@,pro_precio_venta=@@@1350@@@,pro_margen_actual=@@@33.8@@@,pro_oferta=@@@NO@@@,pro_fecha_inicio_oferta=@@@2013.04.27@@@,pro_fecha_termino_oferta=@@@2013.04.27@@@,pro_precio_oferta=@@@0@@@,pro_stock_minimo=@@@0@@@,pro_stock_critico=@@@0@@@,pro_activo=@@@1@@@,pro_unidad=@@@0@@@,pro_precio_compra_bruto=1008.95,pro_margen_actual=33.8,pro_capacidad=350,pro_funcion_plu=0,pro_flejes=1,pro_iva=1,pro_plu_asociado=0,pro_envase=@@@NO@@@,pro_duracion=0,pro_numero_etiqueta=0 WHERE pro_codigo_plu=@@@763532@@@','',2,'2013-07-19'),(40684,'UPDATE mae_productos SET pro_estado=1 WHERE pro_codigo_plu=763532','',2,'2013-07-19'),(40685,'DELETE FROM mae_impuestos_productos WHERE pro_codigo_plu=@@@763532@@@','',2,'2013-07-19'),(40686,'INSERT INTO gne_vale_ferreteria (vfe_id,vfe_fecha,vfe_total,vfe_estado,vfe_entregado,usu_nusuario) VALUES (5800,@@@2013.07.19@@@,980,1,0,@@@m_martinez@@@)','',2,'2013-07-19'),(40687,'INSERT INTO gne_vale_ferreteria_mov (vfe_id,pro_codigo_plu,vfm_cantidad,vfm_unitario,vfm_total,vfm_entregado) VALUES (5800,15088,2,490,980,@@@NO@@@)','',2,'2013-07-19'),(40688,'INSERT INTO gne_vale_ferreteria (vfe_id,vfe_fecha,vfe_total,vfe_estado,vfe_entregado,usu_nusuario) VALUES (5801,@@@2013.07.19@@@,500,1,0,@@@m_martinez@@@)','',2,'2013-07-19'),(40689,'INSERT INTO gne_vale_ferreteria_mov (vfe_id,pro_codigo_plu,vfm_cantidad,vfm_unitario,vfm_total,vfm_entregado) VALUES (5801,764583,2,250,500,@@@NO@@@)','',2,'2013-07-19'),(40690,'INSERT INTO gne_vale_ferreteria (vfe_id,vfe_fecha,vfe_total,vfe_estado,vfe_entregado,usu_nusuario) VALUES (5802,@@@2013.07.19@@@,160,1,0,@@@m_martinez@@@)','',2,'2013-07-19'),(40691,'INSERT INTO gne_vale_ferreteria_mov (vfe_id,pro_codigo_plu,vfm_cantidad,vfm_unitario,vfm_total,vfm_entregado) VALUES (5802,78017191,4,40,160,@@@NO@@@)','',2,'2013-07-19'),(40692,'INSERT INTO gne_vale_ferreteria (vfe_id,vfe_fecha,vfe_total,vfe_estado,vfe_entregado,usu_nusuario) VALUES (5803,@@@2013.07.19@@@,200,1,0,@@@m_martinez@@@)','',2,'2013-07-19'),(40693,'INSERT INTO gne_vale_ferreteria_mov (vfe_id,pro_codigo_plu,vfm_cantidad,vfm_unitario,vfm_total,vfm_entregado) VALUES (5803,1069,1,200,200,@@@NO@@@)','',2,'2013-07-19'),(40694,'INSERT INTO gne_vale_ferreteria (vfe_id,vfe_fecha,vfe_total,vfe_estado,vfe_entregado,usu_nusuario) VALUES (5804,@@@2013.07.19@@@,990,1,0,@@@m_martinez@@@)','',2,'2013-07-19'),(40695,'INSERT INTO gne_vale_ferreteria_mov (vfe_id,pro_codigo_plu,vfm_cantidad,vfm_unitario,vfm_total,vfm_entregado) VALUES (5804,770087,1,990,990,@@@NO@@@)','',2,'2013-07-19'),(40696,'INSERT INTO gne_vale_ferreteria (vfe_id,vfe_fecha,vfe_total,vfe_estado,vfe_entregado,usu_nusuario) VALUES (5805,@@@2013.07.19@@@,590,1,0,@@@m_martinez@@@)','',2,'2013-07-19'),(40697,'INSERT INTO gne_vale_ferreteria_mov (vfe_id,pro_codigo_plu,vfm_cantidad,vfm_unitario,vfm_total,vfm_entregado) VALUES (5805,1556,1,200,200,@@@NO@@@)','',2,'2013-07-19'),(40698,'INSERT INTO gne_vale_ferreteria_mov (vfe_id,pro_codigo_plu,vfm_cantidad,vfm_unitario,vfm_total,vfm_entregado) VALUES (5805,1535,1,390,390,@@@NO@@@)','',2,'2013-07-19'),(40699,'INSERT INTO gne_vale_ferreteria (vfe_id,vfe_fecha,vfe_total,vfe_estado,vfe_entregado,usu_nusuario) VALUES (5806,@@@2013.07.19@@@,1390,1,0,@@@m_martinez@@@)','',2,'2013-07-19'),(40700,'INSERT INTO gne_vale_ferreteria_mov (vfe_id,pro_codigo_plu,vfm_cantidad,vfm_unitario,vfm_total,vfm_entregado) VALUES (5806,262366,1,1390,1390,@@@NO@@@)','',2,'2013-07-19'),(40701,'INSERT INTO gne_vale_ferreteria (vfe_id,vfe_fecha,vfe_total,vfe_estado,vfe_entregado,usu_nusuario) VALUES (5807,@@@2013.07.19@@@,250,1,0,@@@m_martinez@@@)','',2,'2013-07-19'),(40702,'INSERT INTO gne_vale_ferreteria_mov (vfe_id,pro_codigo_plu,vfm_cantidad,vfm_unitario,vfm_total,vfm_entregado) VALUES (5807,780220123,2,50,100,@@@NO@@@)','',2,'2013-07-19'),(40703,'INSERT INTO gne_vale_ferreteria_mov (vfe_id,pro_codigo_plu,vfm_cantidad,vfm_unitario,vfm_total,vfm_entregado) VALUES (5807,764832,1,150,150,@@@NO@@@)','',2,'2013-07-19'),(40704,'INSERT INTO gne_vale_ferreteria (vfe_id,vfe_fecha,vfe_total,vfe_estado,vfe_entregado,usu_nusuario) VALUES (5808,@@@2013.07.19@@@,450,1,0,@@@m_martinez@@@)','',2,'2013-07-19'),(40705,'INSERT INTO gne_vale_ferreteria_mov (vfe_id,pro_codigo_plu,vfm_cantidad,vfm_unitario,vfm_total,vfm_entregado) VALUES (5808,780721103,1,450,450,@@@NO@@@)','',2,'2013-07-19'),(40706,'INSERT INTO gne_vale_ferreteria (vfe_id,vfe_fecha,vfe_total,vfe_estado,vfe_entregado,usu_nusuario) VALUES (5809,@@@2013.07.19@@@,1290,1,0,@@@m_martinez@@@)','',2,'2013-07-19'),(40707,'INSERT INTO gne_vale_ferreteria_mov (vfe_id,pro_codigo_plu,vfm_cantidad,vfm_unitario,vfm_total,vfm_entregado) VALUES (5809,764845,1,1290,1290,@@@NO@@@)','',2,'2013-07-19'),(40708,'INSERT INTO gne_vale_ferreteria (vfe_id,vfe_fecha,vfe_total,vfe_estado,vfe_entregado,usu_nusuario) VALUES (5810,@@@2013.07.19@@@,490,1,0,@@@m_martinez@@@)','',2,'2013-07-19'),(40709,'INSERT INTO gne_vale_ferreteria_mov (vfe_id,pro_codigo_plu,vfm_cantidad,vfm_unitario,vfm_total,vfm_entregado) VALUES (5810,1547,1,390,390,@@@NO@@@)','',2,'2013-07-19'),(40710,'INSERT INTO gne_vale_ferreteria_mov (vfe_id,pro_codigo_plu,vfm_cantidad,vfm_unitario,vfm_total,vfm_entregado) VALUES (5810,1542,1,100,100,@@@NO@@@)','',2,'2013-07-19'),(40711,'INSERT INTO gne_vale_ferreteria (vfe_id,vfe_fecha,vfe_total,vfe_estado,vfe_entregado,usu_nusuario) VALUES (5811,@@@2013.07.19@@@,490,1,0,@@@m_martinez@@@)','',2,'2013-07-19'),(40712,'INSERT INTO gne_vale_ferreteria_mov (vfe_id,pro_codigo_plu,vfm_cantidad,vfm_unitario,vfm_total,vfm_entregado) VALUES (5811,78017203,1,490,490,@@@NO@@@)','',2,'2013-07-19'),(40713,'INSERT INTO gne_vale_ferreteria (vfe_id,vfe_fecha,vfe_total,vfe_estado,vfe_entregado,usu_nusuario) VALUES (5812,@@@2013.07.19@@@,1510,1,0,@@@m_martinez@@@)','',2,'2013-07-19'),(40714,'INSERT INTO gne_vale_ferreteria_mov (vfe_id,pro_codigo_plu,vfm_cantidad,vfm_unitario,vfm_total,vfm_entregado) VALUES (5812,763624,1,660,660,@@@NO@@@)','',2,'2013-07-19'),(40715,'INSERT INTO gne_vale_ferreteria_mov (vfe_id,pro_codigo_plu,vfm_cantidad,vfm_unitario,vfm_total,vfm_entregado) VALUES (5812,763794,1,850,850,@@@NO@@@)','',2,'2013-07-19'),(40716,'UPDATE gpr_pack_virtual SET pav_nombre=@@@PACK STAX LAYS ORIGINAL + QUESO+ CEBOLLA 2 X@@@,pav_total_pack=2250,pav_total_descuento=330,pav_desde=@@@2013-07-15@@@,pav_hasta=@@@2013-07-31@@@,pav_tipo=@@@PA@@@,pav_precio=1290,pav_lleva=2,pav_paga=1.7445,pav_descuento=0.2555,pav_porcentaje=1,pav_oferta_exclusiva=@@@NO@@@,pav_agotar_stock=@@@SI@@@,pav_stock=50,pav_costo=1782.62,pav_margen=26.22 WHERE pav_id=34','',2,'2013-07-19'),(40717,'DELETE FROM gpr_pack_virtual_mov WHERE pav_id=34','',2,'2013-07-19'),(40718,'DELETE FROM gpr_pack_virtual_horario WHERE pav_id=34','',2,'2013-07-19'),(40719,'INSERT INTO gpr_pack_virtual_mov (pav_id,pro_codigo_plu,pvm_precio,pvm_total,pvm_lleva,pvm_paga,pvm_descuento,pvm_porcentaje,pvm_total_normal,pvm_descuento_linea,pvm_costo,pvm_margen) VALUES (34,101335,1290,0,1,1,0,0,1290,165,891.31,26.22),(34,101349,1290,0,1,1,0,0,1290,165,891.31,26.22),(34,101166,1290,0,1,1,0,0,1290,165,891.31,26.22)','',2,'2013-07-19'),(40720,'INSERT INTO gpr_pack_virtual_horario (pav_id,pvh_dia,pvh_hora_desde,pvh_hora_hasta) VALUES (34,99,@@@00:00@@@,@@@23:59@@@)','',2,'2013-07-19'),(40721,'INSERT INTO gne_vale_ferreteria (vfe_id,vfe_fecha,vfe_total,vfe_estado,vfe_entregado,usu_nusuario) VALUES (5813,@@@2013.07.19@@@,1310,1,0,@@@m_martinez@@@)','',2,'2013-07-19'),(40722,'INSERT INTO gne_vale_ferreteria_mov (vfe_id,pro_codigo_plu,vfm_cantidad,vfm_unitario,vfm_total,vfm_entregado) VALUES (5813,761962,1,450,450,@@@NO@@@)','',2,'2013-07-19'),(40723,'INSERT INTO gne_vale_ferreteria_mov (vfe_id,pro_codigo_plu,vfm_cantidad,vfm_unitario,vfm_total,vfm_entregado) VALUES (5813,763624,1,660,660,@@@NO@@@)','',2,'2013-07-19'),(40724,'INSERT INTO gne_vale_ferreteria_mov (vfe_id,pro_codigo_plu,vfm_cantidad,vfm_unitario,vfm_total,vfm_entregado) VALUES (5813,770021,1,200,200,@@@NO@@@)','',2,'2013-07-19'),(40725,'UPDATE mae_productos SET pro_precio_compra_bruto=2979.7,pro_margen_actual=(pro_precio_venta-2979.7)/2979.7 * 100,pro_ultima_compra=@@@2013.07.19@@@,pro_ultimo_proveedor=@@@77847960-5@@@ WHERE pro_codigo_plu=203','',2,'2013-07-19'),(40726,'UPDATE mae_productos SET pro_precio_compra_bruto=1535,pro_margen_actual=(pro_precio_venta-1535)/1535 * 100,pro_ultima_compra=@@@2013.07.19@@@,pro_ultimo_proveedor=@@@77847960-5@@@ WHERE pro_codigo_plu=215','',2,'2013-07-19'),(40727,'INSERT INTO gne_vale_ferreteria (vfe_id,vfe_fecha,vfe_total,vfe_estado,vfe_entregado,usu_nusuario) VALUES (5814,@@@2013.07.19@@@,600,1,0,@@@m_martinez@@@)','',2,'2013-07-19'),(40728,'INSERT INTO gne_vale_ferreteria_mov (vfe_id,pro_codigo_plu,vfm_cantidad,vfm_unitario,vfm_total,vfm_entregado) VALUES (5814,780721221,2,300,600,@@@NO@@@)','',2,'2013-07-19'),(40729,'INSERT INTO gne_vale_ferreteria (vfe_id,vfe_fecha,vfe_total,vfe_estado,vfe_entregado,usu_nusuario) VALUES (5815,@@@2013.07.19@@@,1530,1,0,@@@m_martinez@@@)','',2,'2013-07-19'),(40730,'INSERT INTO gne_vale_ferreteria_mov (vfe_id,pro_codigo_plu,vfm_cantidad,vfm_unitario,vfm_total,vfm_entregado) VALUES (5815,11670,1,840,840,@@@NO@@@)','',2,'2013-07-19'),(40731,'INSERT INTO gne_vale_ferreteria_mov (vfe_id,pro_codigo_plu,vfm_cantidad,vfm_unitario,vfm_total,vfm_entregado) VALUES (5815,19804,1,690,690,@@@NO@@@)','',2,'2013-07-19'),(40732,'INSERT INTO gne_vale_ferreteria (vfe_id,vfe_fecha,vfe_total,vfe_estado,vfe_entregado,usu_nusuario) VALUES (5816,@@@2013.07.19@@@,180,1,0,@@@m_martinez@@@)','',2,'2013-07-19'),(40733,'INSERT INTO gne_vale_ferreteria_mov (vfe_id,pro_codigo_plu,vfm_cantidad,vfm_unitario,vfm_total,vfm_entregado) VALUES (5816,78017026,2,90,180,@@@NO@@@)','',2,'2013-07-19'),(40734,'INSERT INTO gne_vale_ferreteria (vfe_id,vfe_fecha,vfe_total,vfe_estado,vfe_entregado,usu_nusuario) VALUES (5817,@@@2013.07.19@@@,2420,1,0,@@@m_martinez@@@)','',2,'2013-07-19'),(40735,'INSERT INTO gne_vale_ferreteria_mov (vfe_id,pro_codigo_plu,vfm_cantidad,vfm_unitario,vfm_total,vfm_entregado) VALUES (5817,11670,1,840,840,@@@NO@@@)','',2,'2013-07-19'),(40736,'INSERT INTO gne_vale_ferreteria_mov (vfe_id,pro_codigo_plu,vfm_cantidad,vfm_unitario,vfm_total,vfm_entregado) VALUES (5817,19866,1,680,680,@@@NO@@@)','',2,'2013-07-19'),(40737,'INSERT INTO gne_vale_ferreteria_mov (vfe_id,pro_codigo_plu,vfm_cantidad,vfm_unitario,vfm_total,vfm_entregado) VALUES (5817,763884,1,900,900,@@@NO@@@)','',2,'2013-07-19'),(40738,'INSERT INTO gne_vale_ferreteria (vfe_id,vfe_fecha,vfe_total,vfe_estado,vfe_entregado,usu_nusuario) VALUES (5818,@@@2013.07.19@@@,490,1,0,@@@m_martinez@@@)','',2,'2013-07-19'),(40739,'INSERT INTO gne_vale_ferreteria_mov (vfe_id,pro_codigo_plu,vfm_cantidad,vfm_unitario,vfm_total,vfm_entregado) VALUES (5818,3029,1,490,490,@@@NO@@@)','',2,'2013-07-19'),(40740,'INSERT INTO gne_vale_ferreteria (vfe_id,vfe_fecha,vfe_total,vfe_estado,vfe_entregado,usu_nusuario) VALUES (5819,@@@2013.07.19@@@,1890,1,0,@@@m_martinez@@@)','',2,'2013-07-19'),(40741,'INSERT INTO gne_vale_ferreteria_mov (vfe_id,pro_codigo_plu,vfm_cantidad,vfm_unitario,vfm_total,vfm_entregado) VALUES (5819,764657,1,1890,1890,@@@NO@@@)','',2,'2013-07-19'),(40742,'INSERT INTO gne_vale_ferreteria (vfe_id,vfe_fecha,vfe_total,vfe_estado,vfe_entregado,usu_nusuario) VALUES (5820,@@@2013.07.19@@@,1890,1,0,@@@m_martinez@@@)','',2,'2013-07-19'),(40743,'INSERT INTO gne_vale_ferreteria_mov (vfe_id,pro_codigo_plu,vfm_cantidad,vfm_unitario,vfm_total,vfm_entregado) VALUES (5820,763606,1,1890,1890,@@@NO@@@)','',2,'2013-07-19'),(40744,'INSERT INTO gne_vale_ferreteria (vfe_id,vfe_fecha,vfe_total,vfe_estado,vfe_entregado,usu_nusuario) VALUES (5821,@@@2013.07.19@@@,300,1,0,@@@m_martinez@@@)','',2,'2013-07-19'),(40745,'INSERT INTO gne_vale_ferreteria_mov (vfe_id,pro_codigo_plu,vfm_cantidad,vfm_unitario,vfm_total,vfm_entregado) VALUES (5821,780721222,1,300,300,@@@NO@@@)','',2,'2013-07-19'),(40746,'UPDATE mae_productos SET pro_precio_venta=999,pro_margen_actual=30.16, pro_precio_compra_bruto=767.5, pro_precio_compra_neto=644.957983193277 WHERE pro_codigo_plu=12310','',2,'2013-07-19'),(40747,'UPDATE mae_productos SET pro_precio_venta=1599,pro_margen_actual=29.45, pro_precio_compra_bruto=1235.2, pro_precio_compra_neto=1037.98319327731 WHERE pro_codigo_plu=102655','',2,'2013-07-19'),(40748,'UPDATE mae_productos SET pro_precio_venta=1590,pro_margen_actual=32.17, pro_precio_compra_bruto=1203, pro_precio_compra_neto=1010.9243697479 WHERE pro_codigo_plu=11003','',2,'2013-07-19'),(40749,'UPDATE mae_productos SET pro_precio_venta=1599,pro_margen_actual=29.45, pro_precio_compra_bruto=1235.2, pro_precio_compra_neto=1037.98319327731 WHERE pro_codigo_plu=780721381','',2,'2013-07-19'),(40750,'UPDATE mae_productos SET pro_precio_venta=1599,pro_margen_actual=29.45, pro_precio_compra_bruto=1235.2, pro_precio_compra_neto=1037.98319327731 WHERE pro_codigo_plu=780721382','',2,'2013-07-19'),(40751,'UPDATE mae_productos SET pro_precio_venta=1599,pro_margen_actual=29.45, pro_precio_compra_bruto=1235.2, pro_precio_compra_neto=1037.98319327731 WHERE pro_codigo_plu=780721383','',2,'2013-07-19'),(40752,'UPDATE mae_productos SET pro_precio_fiscal=pro_precio_venta WHERE pro_codigo_plu=102655','',2,'2013-07-19'),(40753,'UPDATE mae_productos SET pro_precio_fiscal=pro_precio_venta WHERE pro_codigo_plu=12310','',2,'2013-07-19'),(40754,'UPDATE mae_productos SET pro_precio_fiscal=pro_precio_venta WHERE pro_codigo_plu=780721383','',2,'2013-07-19'),(40755,'UPDATE mae_productos SET pro_precio_fiscal=pro_precio_venta WHERE pro_codigo_plu=780721381','',2,'2013-07-19'),(40756,'UPDATE mae_productos SET pro_precio_fiscal=pro_precio_venta WHERE pro_codigo_plu=780721382','',2,'2013-07-19'),(40757,'UPDATE mae_productos SET pro_precio_fiscal=pro_precio_venta WHERE pro_codigo_plu=11003','',2,'2013-07-19'),(40758,'UPDATE mae_productos SET pro_precio_compra_bruto=767.5,pro_margen_actual=(pro_precio_venta-767.5)/767.5 * 100,pro_ultima_compra=@@@2013.07.19@@@,pro_ultimo_proveedor=@@@94528000-K@@@ WHERE pro_codigo_plu=12310','',2,'2013-07-19'),(40759,'UPDATE mae_productos SET pro_precio_compra_bruto=1235.2,pro_margen_actual=(pro_precio_venta-1235.2)/1235.2 * 100,pro_ultima_compra=@@@2013.07.19@@@,pro_ultimo_proveedor=@@@94528000-K@@@ WHERE pro_codigo_plu=102655','',2,'2013-07-19'),(40760,'UPDATE mae_productos SET pro_precio_compra_bruto=107.1,pro_margen_actual=(pro_precio_venta-107.1)/107.1 * 100,pro_ultima_compra=@@@2013.07.19@@@,pro_ultimo_proveedor=@@@94528000-K@@@ WHERE pro_codigo_plu=762445','',2,'2013-07-19'),(40761,'UPDATE mae_productos SET pro_precio_compra_bruto=178.5,pro_margen_actual=(pro_precio_venta-178.5)/178.5 * 100,pro_ultima_compra=@@@2013.07.19@@@,pro_ultimo_proveedor=@@@94528000-K@@@ WHERE pro_codigo_plu=763395','',2,'2013-07-19'),(40762,'UPDATE mae_productos SET pro_precio_compra_bruto=221.3,pro_margen_actual=(pro_precio_venta-221.3)/221.3 * 100,pro_ultima_compra=@@@2013.07.19@@@,pro_ultimo_proveedor=@@@94528000-K@@@ WHERE pro_codigo_plu=762304','',2,'2013-07-19'),(40763,'UPDATE mae_productos SET pro_precio_compra_bruto=221.3,pro_margen_actual=(pro_precio_venta-221.3)/221.3 * 100,pro_ultima_compra=@@@2013.07.19@@@,pro_ultimo_proveedor=@@@94528000-K@@@ WHERE pro_codigo_plu=762808','',2,'2013-07-19'),(40764,'UPDATE mae_productos SET pro_precio_compra_bruto=221.3,pro_margen_actual=(pro_precio_venta-221.3)/221.3 * 100,pro_ultima_compra=@@@2013.07.19@@@,pro_ultimo_proveedor=@@@94528000-K@@@ WHERE pro_codigo_plu=762303','',2,'2013-07-19'),(40765,'UPDATE mae_productos SET pro_precio_compra_bruto=265.3,pro_margen_actual=(pro_precio_venta-265.3)/265.3 * 100,pro_ultima_compra=@@@2013.07.19@@@,pro_ultimo_proveedor=@@@94528000-K@@@ WHERE pro_codigo_plu=763394','',2,'2013-07-19'),(40766,'UPDATE mae_productos SET pro_precio_compra_bruto=265.3,pro_margen_actual=(pro_precio_venta-265.3)/265.3 * 100,pro_ultima_compra=@@@2013.07.19@@@,pro_ultimo_proveedor=@@@94528000-K@@@ WHERE pro_codigo_plu=13593','',2,'2013-07-19'),(40767,'UPDATE mae_productos SET pro_precio_compra_bruto=265.3,pro_margen_actual=(pro_precio_venta-265.3)/265.3 * 100,pro_ultima_compra=@@@2013.07.19@@@,pro_ultimo_proveedor=@@@94528000-K@@@ WHERE pro_codigo_plu=780721230','',2,'2013-07-19'),(40768,'UPDATE mae_productos SET pro_precio_compra_bruto=265.3,pro_margen_actual=(pro_precio_venta-265.3)/265.3 * 100,pro_ultima_compra=@@@2013.07.19@@@,pro_ultimo_proveedor=@@@94528000-K@@@ WHERE pro_codigo_plu=14236','',2,'2013-07-19'),(40769,'UPDATE mae_productos SET pro_precio_compra_bruto=265.3,pro_margen_actual=(pro_precio_venta-265.3)/265.3 * 100,pro_ultima_compra=@@@2013.07.19@@@,pro_ultimo_proveedor=@@@94528000-K@@@ WHERE pro_codigo_plu=13772','',2,'2013-07-19'),(40770,'UPDATE mae_productos SET pro_precio_compra_bruto=115.4,pro_margen_actual=(pro_precio_venta-115.4)/115.4 * 100,pro_ultima_compra=@@@2013.07.19@@@,pro_ultimo_proveedor=@@@94528000-K@@@ WHERE pro_codigo_plu=763487','',2,'2013-07-19'),(40771,'UPDATE mae_productos SET pro_precio_compra_bruto=265.3,pro_margen_actual=(pro_precio_venta-265.3)/265.3 * 100,pro_ultima_compra=@@@2013.07.19@@@,pro_ultimo_proveedor=@@@94528000-K@@@ WHERE pro_codigo_plu=13642','',2,'2013-07-19'),(40772,'UPDATE mae_productos SET pro_precio_compra_bruto=1203,pro_margen_actual=(pro_precio_venta-1203)/1203 * 100,pro_ultima_compra=@@@2013.07.19@@@,pro_ultimo_proveedor=@@@94528000-K@@@ WHERE pro_codigo_plu=11003','',2,'2013-07-19'),(40773,'UPDATE mae_productos SET pro_precio_compra_bruto=1235.2,pro_margen_actual=(pro_precio_venta-1235.2)/1235.2 * 100,pro_ultima_compra=@@@2013.07.19@@@,pro_ultimo_proveedor=@@@94528000-K@@@ WHERE pro_codigo_plu=780721381','',2,'2013-07-19'),(40774,'UPDATE mae_productos SET pro_precio_compra_bruto=1235.2,pro_margen_actual=(pro_precio_venta-1235.2)/1235.2 * 100,pro_ultima_compra=@@@2013.07.19@@@,pro_ultimo_proveedor=@@@94528000-K@@@ WHERE pro_codigo_plu=780721382','',2,'2013-07-19'),(40775,'UPDATE mae_productos SET pro_precio_compra_bruto=1235.2,pro_margen_actual=(pro_precio_venta-1235.2)/1235.2 * 100,pro_ultima_compra=@@@2013.07.19@@@,pro_ultimo_proveedor=@@@94528000-K@@@ WHERE pro_codigo_plu=780721383','',2,'2013-07-19'),(40776,'UPDATE mae_productos SET pro_precio_compra_bruto=309.4,pro_margen_actual=(pro_precio_venta-309.4)/309.4 * 100,pro_ultima_compra=@@@2013.07.19@@@,pro_ultimo_proveedor=@@@94528000-K@@@ WHERE pro_codigo_plu=764430','',2,'2013-07-19'),(40777,'UPDATE mae_productos SET pro_precio_compra_bruto=265.3,pro_margen_actual=(pro_precio_venta-265.3)/265.3 * 100,pro_ultima_compra=@@@2013.07.19@@@,pro_ultimo_proveedor=@@@94528000-K@@@ WHERE pro_codigo_plu=763401','',2,'2013-07-19'),(40778,'UPDATE mae_productos SET pro_precio_compra_bruto=265.3,pro_margen_actual=(pro_precio_venta-265.3)/265.3 * 100,pro_ultima_compra=@@@2013.07.19@@@,pro_ultimo_proveedor=@@@94528000-K@@@ WHERE pro_codigo_plu=763396','',2,'2013-07-19'),(40779,'UPDATE mae_productos SET pro_precio_compra_bruto=309.4,pro_margen_actual=(pro_precio_venta-309.4)/309.4 * 100,pro_ultima_compra=@@@2013.07.19@@@,pro_ultimo_proveedor=@@@94528000-K@@@ WHERE pro_codigo_plu=780220144','',2,'2013-07-19'),(40780,'UPDATE mae_productos SET pro_precio_compra_bruto=265.3,pro_margen_actual=(pro_precio_venta-265.3)/265.3 * 100,pro_ultima_compra=@@@2013.07.19@@@,pro_ultimo_proveedor=@@@94528000-K@@@ WHERE pro_codigo_plu=763397','',2,'2013-07-19'),(40781,'INSERT INTO gne_vale_ferreteria (vfe_id,vfe_fecha,vfe_total,vfe_estado,vfe_entregado,usu_nusuario) VALUES (5822,@@@2013.07.19@@@,2990,1,0,@@@m_martinez@@@)','',2,'2013-07-19'),(40782,'INSERT INTO gne_vale_ferreteria_mov (vfe_id,pro_codigo_plu,vfm_cantidad,vfm_unitario,vfm_total,vfm_entregado) VALUES (5822,102023,1,2990,2990,@@@NO@@@)','',2,'2013-07-19'),(40783,'UPDATE mae_productos SET pro_precio_venta=499,pro_margen_actual=32.42, pro_precio_compra_bruto=376.83, pro_precio_compra_neto=316.663865546218 WHERE pro_codigo_plu=18556','',2,'2013-07-19'),(40784,'UPDATE mae_productos SET pro_precio_venta=330,pro_margen_actual=32.69, pro_precio_compra_bruto=248.7, pro_precio_compra_neto=208.991596638655 WHERE pro_codigo_plu=19755','',2,'2013-07-19'),(40785,'UPDATE mae_productos SET pro_precio_venta=330,pro_margen_actual=37.97, pro_precio_compra_bruto=239.19, pro_precio_compra_neto=201 WHERE pro_codigo_plu=19768','',2,'2013-07-19'),(40786,'UPDATE mae_productos SET pro_precio_venta=2990,pro_margen_actual=81.29, pro_precio_compra_bruto=1649.3, pro_precio_compra_neto=1385.96638655462 WHERE pro_codigo_plu=780721255','',2,'2013-07-19'),(40787,'UPDATE mae_productos SET pro_precio_venta=2990,pro_margen_actual=75.22, pro_precio_compra_bruto=1706.46, pro_precio_compra_neto=1434 WHERE pro_codigo_plu=780721256','',2,'2013-07-19'),(40788,'UPDATE mae_productos SET pro_precio_venta=2990,pro_margen_actual=46.09, pro_precio_compra_bruto=2046.7, pro_precio_compra_neto=1719.91596638655 WHERE pro_codigo_plu=213','',2,'2013-07-19'),(40789,'UPDATE mae_productos SET pro_precio_venta=3890,pro_margen_actual=45.94, pro_precio_compra_bruto=2665.5, pro_precio_compra_neto=2239.91596638655 WHERE pro_codigo_plu=216','',2,'2013-07-19'),(40790,'UPDATE mae_productos SET pro_precio_fiscal=pro_precio_venta WHERE pro_codigo_plu=213','',2,'2013-07-19'),(40791,'UPDATE mae_productos SET pro_precio_fiscal=pro_precio_venta WHERE pro_codigo_plu=216','',2,'2013-07-19'),(40792,'UPDATE mae_productos SET pro_precio_fiscal=pro_precio_venta WHERE pro_codigo_plu=19755','',2,'2013-07-19'),(40793,'UPDATE mae_productos SET pro_precio_fiscal=pro_precio_venta WHERE pro_codigo_plu=19768','',2,'2013-07-19'),(40794,'UPDATE mae_productos SET pro_precio_fiscal=pro_precio_venta WHERE pro_codigo_plu=780721256','',2,'2013-07-19'),(40795,'UPDATE mae_productos SET pro_precio_fiscal=pro_precio_venta WHERE pro_codigo_plu=780721255','',2,'2013-07-19'),(40796,'INSERT INTO gne_vale_ferreteria (vfe_id,vfe_fecha,vfe_total,vfe_estado,vfe_entregado,usu_nusuario) VALUES (5823,@@@2013.07.19@@@,1000,1,0,@@@m_martinez@@@)','',2,'2013-07-19'),(40797,'INSERT INTO gne_vale_ferreteria_mov (vfe_id,pro_codigo_plu,vfm_cantidad,vfm_unitario,vfm_total,vfm_entregado) VALUES (5823,4089,5,200,1000,@@@NO@@@)','',2,'2013-07-19'),(40798,'UPDATE mae_productos SET pro_precio_compra_bruto=2810.6,pro_margen_actual=(pro_precio_venta-2810.6)/2810.6 * 100,pro_ultima_compra=@@@2013.07.19@@@,pro_ultimo_proveedor=@@@79984240-8@@@ WHERE pro_codigo_plu=302','',2,'2013-07-19'),(40799,'UPDATE mae_productos SET pro_precio_compra_bruto=376.83,pro_margen_actual=(pro_precio_venta-376.83)/376.83 * 100,pro_ultima_compra=@@@2013.07.19@@@,pro_ultimo_proveedor=@@@79984240-8@@@ WHERE pro_codigo_plu=18556','',2,'2013-07-19'),(40800,'UPDATE mae_productos SET pro_precio_compra_bruto=2159.8,pro_margen_actual=(pro_precio_venta-2159.8)/2159.8 * 100,pro_ultima_compra=@@@2013.07.19@@@,pro_ultimo_proveedor=@@@79984240-8@@@ WHERE pro_codigo_plu=337','',2,'2013-07-19'),(40801,'UPDATE mae_productos SET pro_precio_compra_bruto=136.8,pro_margen_actual=(pro_precio_venta-136.8)/136.8 * 100,pro_ultima_compra=@@@2013.07.19@@@,pro_ultimo_proveedor=@@@79984240-8@@@ WHERE pro_codigo_plu=19717','',2,'2013-07-19'),(40802,'UPDATE mae_productos SET pro_precio_compra_bruto=248.7,pro_margen_actual=(pro_precio_venta-248.7)/248.7 * 100,pro_ultima_compra=@@@2013.07.19@@@,pro_ultimo_proveedor=@@@79984240-8@@@ WHERE pro_codigo_plu=19755','',2,'2013-07-19'),(40803,'UPDATE mae_productos SET pro_precio_compra_bruto=239.19,pro_margen_actual=(pro_precio_venta-239.19)/239.19 * 100,pro_ultima_compra=@@@2013.07.19@@@,pro_ultimo_proveedor=@@@79984240-8@@@ WHERE pro_codigo_plu=19768','',2,'2013-07-19'),(40804,'UPDATE mae_productos SET pro_precio_compra_bruto=1755.25,pro_margen_actual=(pro_precio_venta-1755.25)/1755.25 * 100,pro_ultima_compra=@@@2013.07.19@@@,pro_ultimo_proveedor=@@@79984240-8@@@ WHERE pro_codigo_plu=780721257','',2,'2013-07-19'),(40805,'UPDATE mae_productos SET pro_precio_compra_bruto=1649.3,pro_margen_actual=(pro_precio_venta-1649.3)/1649.3 * 100,pro_ultima_compra=@@@2013.07.19@@@,pro_ultimo_proveedor=@@@79984240-8@@@ WHERE pro_codigo_plu=780721255','',2,'2013-07-19'),(40806,'UPDATE mae_productos SET pro_precio_compra_bruto=1706.46,pro_margen_actual=(pro_precio_venta-1706.46)/1706.46 * 100,pro_ultima_compra=@@@2013.07.19@@@,pro_ultimo_proveedor=@@@79984240-8@@@ WHERE pro_codigo_plu=780721256','',2,'2013-07-19'),(40807,'UPDATE mae_productos SET pro_precio_compra_bruto=445.4,pro_margen_actual=(pro_precio_venta-445.4)/445.4 * 100,pro_ultima_compra=@@@2013.07.19@@@,pro_ultimo_proveedor=@@@79984240-8@@@ WHERE pro_codigo_plu=765077','',2,'2013-07-19'),(40808,'UPDATE mae_productos SET pro_precio_compra_bruto=731.8,pro_margen_actual=(pro_precio_venta-731.8)/731.8 * 100,pro_ultima_compra=@@@2013.07.19@@@,pro_ultimo_proveedor=@@@79984240-8@@@ WHERE pro_codigo_plu=19682','',2,'2013-07-19'),(40809,'UPDATE mae_productos SET pro_precio_compra_bruto=247.52,pro_margen_actual=(pro_precio_venta-247.52)/247.52 * 100,pro_ultima_compra=@@@2013.07.19@@@,pro_ultimo_proveedor=@@@79984240-8@@@ WHERE pro_codigo_plu=19695','',2,'2013-07-19'),(40810,'UPDATE mae_productos SET pro_precio_compra_bruto=247.52,pro_margen_actual=(pro_precio_venta-247.52)/247.52 * 100,pro_ultima_compra=@@@2013.07.19@@@,pro_ultimo_proveedor=@@@79984240-8@@@ WHERE pro_codigo_plu=19681','',2,'2013-07-19'),(40811,'UPDATE mae_productos SET pro_precio_compra_bruto=268.9,pro_margen_actual=(pro_precio_venta-268.9)/268.9 * 100,pro_ultima_compra=@@@2013.07.19@@@,pro_ultimo_proveedor=@@@79984240-8@@@ WHERE pro_codigo_plu=763552','',2,'2013-07-19'),(40812,'UPDATE mae_productos SET pro_precio_compra_bruto=731.85,pro_margen_actual=(pro_precio_venta-731.85)/731.85 * 100,pro_ultima_compra=@@@2013.07.19@@@,pro_ultimo_proveedor=@@@79984240-8@@@ WHERE pro_codigo_plu=19667','',2,'2013-07-19'),(40813,'UPDATE mae_productos SET pro_precio_compra_bruto=247.52,pro_margen_actual=(pro_precio_venta-247.52)/247.52 * 100,pro_ultima_compra=@@@2013.07.19@@@,pro_ultimo_proveedor=@@@79984240-8@@@ WHERE pro_codigo_plu=19677','',2,'2013-07-19'),(40814,'UPDATE mae_productos SET pro_precio_compra_bruto=259.42,pro_margen_actual=(pro_precio_venta-259.42)/259.42 * 100,pro_ultima_compra=@@@2013.07.19@@@,pro_ultimo_proveedor=@@@79984240-8@@@ WHERE pro_codigo_plu=11116','',2,'2013-07-19'),(40815,'UPDATE mae_productos SET pro_precio_compra_bruto=1094.8,pro_margen_actual=(pro_precio_venta-1094.8)/1094.8 * 100,pro_ultima_compra=@@@2013.07.19@@@,pro_ultimo_proveedor=@@@79984240-8@@@ WHERE pro_codigo_plu=128','',2,'2013-07-19'),(40816,'UPDATE mae_productos SET pro_precio_compra_bruto=1451.8,pro_margen_actual=(pro_precio_venta-1451.8)/1451.8 * 100,pro_ultima_compra=@@@2013.07.19@@@,pro_ultimo_proveedor=@@@79984240-8@@@ WHERE pro_codigo_plu=102','',2,'2013-07-19'),(40817,'UPDATE mae_productos SET pro_precio_compra_bruto=940.1,pro_margen_actual=(pro_precio_venta-940.1)/940.1 * 100,pro_ultima_compra=@@@2013.07.19@@@,pro_ultimo_proveedor=@@@79984240-8@@@ WHERE pro_codigo_plu=207','',2,'2013-07-19'),(40818,'UPDATE mae_productos SET pro_precio_compra_bruto=2046.7,pro_margen_actual=(pro_precio_venta-2046.7)/2046.7 * 100,pro_ultima_compra=@@@2013.07.19@@@,pro_ultimo_proveedor=@@@79984240-8@@@ WHERE pro_codigo_plu=213','',2,'2013-07-19'),(40819,'UPDATE mae_productos SET pro_precio_compra_bruto=880.5,pro_margen_actual=(pro_precio_venta-880.5)/880.5 * 100,pro_ultima_compra=@@@2013.07.19@@@,pro_ultimo_proveedor=@@@79984240-8@@@ WHERE pro_codigo_plu=129','',2,'2013-07-19'),(40820,'UPDATE mae_productos SET pro_precio_compra_bruto=74.97,pro_margen_actual=(pro_precio_venta-74.97)/74.97 * 100,pro_ultima_compra=@@@2013.07.19@@@,pro_ultimo_proveedor=@@@79984240-8@@@ WHERE pro_codigo_plu=19719','',2,'2013-07-19'),(40821,'UPDATE mae_productos SET pro_precio_compra_bruto=2665.5,pro_margen_actual=(pro_precio_venta-2665.5)/2665.5 * 100,pro_ultima_compra=@@@2013.07.19@@@,pro_ultimo_proveedor=@@@79984240-8@@@ WHERE pro_codigo_plu=216','',2,'2013-07-19'),(40822,'UPDATE mae_productos SET pro_codigo_barra=@@@213@@@,pro_tipo=@@@0@@@,pro_nombre_producto=@@@PALETA@@@,pro_nombre_corto=@@@PALETA@@@,med_id=@@@2@@@,emb_id=@@@1@@@,pro_unidades_embalaje=@@@1@@@,dep_id=@@@11 @@@,lin_id=@@@70@@@,mar_id=@@@2507@@@,pro_precio_compra_neto=@@@1719.92@@@,pro_precio_compra_bruto=@@@2149.14@@@,pro_precio_venta=@@@2999@@@,pro_margen_actual=@@@39.54@@@,pro_oferta=@@@NO@@@,pro_fecha_inicio_oferta=@@@1900.01.01@@@,pro_fecha_termino_oferta=@@@1900.01.01@@@,pro_precio_oferta=@@@0@@@,pro_stock_minimo=@@@20@@@,pro_stock_critico=@@@15@@@,pro_activo=@@@1@@@,pro_unidad=@@@1@@@,pro_precio_compra_bruto=2149.14,pro_margen_actual=39.54,pro_capacidad=1,pro_funcion_plu=1,pro_flejes=1,pro_iva=1,pro_plu_asociado=0,pro_envase=@@@NO@@@,pro_duracion=0,pro_numero_etiqueta=2 WHERE pro_codigo_plu=@@@213@@@','',2,'2013-07-19'),(40823,'UPDATE mae_productos SET pro_estado=1 WHERE pro_codigo_plu=213','',2,'2013-07-19'),(40824,'DELETE FROM mae_impuestos_productos WHERE pro_codigo_plu=@@@213@@@','',2,'2013-07-19'),(40825,'UPDATE mae_productos SET pro_codigo_barra=@@@216@@@,pro_tipo=@@@0@@@,pro_nombre_producto=@@@PULPA CERDO@@@,pro_nombre_corto=@@@PULPA CERDO@@@,med_id=@@@2@@@,emb_id=@@@1@@@,pro_unidades_embalaje=@@@1@@@,dep_id=@@@11 @@@,lin_id=@@@70@@@,mar_id=@@@2507@@@,pro_precio_compra_neto=@@@2239.92@@@,pro_precio_compra_bruto=@@@2798.88@@@,pro_precio_venta=@@@3950@@@,pro_margen_actual=@@@41.13@@@,pro_oferta=@@@NO@@@,pro_fecha_inicio_oferta=@@@1900.01.01@@@,pro_fecha_termino_oferta=@@@1900.01.01@@@,pro_precio_oferta=@@@0@@@,pro_stock_minimo=@@@15@@@,pro_stock_critico=@@@10@@@,pro_activo=@@@1@@@,pro_unidad=@@@0@@@,pro_precio_compra_bruto=2798.88,pro_margen_actual=41.13,pro_capacidad=1,pro_funcion_plu=0,pro_flejes=1,pro_iva=1,pro_plu_asociado=0,pro_envase=@@@NO@@@,pro_duracion=0,pro_numero_etiqueta=0 WHERE pro_codigo_plu=@@@216@@@','',2,'2013-07-19'),(40826,'UPDATE mae_productos SET pro_estado=1 WHERE pro_codigo_plu=216','',2,'2013-07-19'),(40827,'DELETE FROM mae_impuestos_productos WHERE pro_codigo_plu=@@@216@@@','',2,'2013-07-19'),(40828,'UPDATE mae_productos SET pro_precio_fiscal=pro_precio_venta WHERE pro_codigo_plu=213','',2,'2013-07-19'),(40829,'UPDATE mae_productos SET pro_precio_fiscal=pro_precio_venta WHERE pro_codigo_plu=216','',2,'2013-07-19'),(40830,'UPDATE mae_productos SET pro_margen_actual=37.9,pro_precio_venta=3300 WHERE pro_codigo_plu=11821','',2,'2013-07-19'),(40831,'UPDATE mae_productos SET pro_margen_actual=33.8,pro_precio_venta=1350 WHERE pro_codigo_plu=763532','',2,'2013-07-19'),(40832,'UPDATE mae_productos SET pro_codigo_barra=@@@579@@@,pro_tipo=@@@0@@@,pro_nombre_producto=@@@TOMATE PRIMERA@@@,pro_nombre_corto=@@@TOMATE PRIMERA@@@,med_id=@@@1@@@,emb_id=@@@1@@@,pro_unidades_embalaje=@@@1@@@,dep_id=@@@18 @@@,lin_id=@@@97@@@,mar_id=@@@2507@@@,pro_precio_compra_neto=@@@0@@@,pro_precio_compra_bruto=@@@0@@@,pro_precio_venta=@@@999@@@,pro_margen_actual=@@@0@@@,pro_oferta=@@@NO@@@,pro_fecha_inicio_oferta=@@@1900.01.01@@@,pro_fecha_termino_oferta=@@@1900.01.01@@@,pro_precio_oferta=@@@0@@@,pro_stock_minimo=@@@1@@@,pro_stock_critico=@@@1@@@,pro_activo=@@@1@@@,pro_unidad=@@@0@@@,pro_precio_compra_bruto=0,pro_margen_actual=0,pro_capacidad=1,pro_funcion_plu=0,pro_flejes=0,pro_iva=1,pro_plu_asociado=0,pro_envase=@@@NO@@@,pro_duracion=0,pro_numero_etiqueta=0 WHERE pro_codigo_plu=@@@579@@@','',2,'2013-07-19'),(40833,'UPDATE mae_productos SET pro_estado=1 WHERE pro_codigo_plu=579','',2,'2013-07-19'),(40834,'DELETE FROM mae_impuestos_productos WHERE pro_codigo_plu=@@@579@@@','',2,'2013-07-19'),(40835,'UPDATE mae_productos SET pro_margen_actual=0,pro_precio_venta=999 WHERE pro_codigo_plu=579','',2,'2013-07-19'),(40836,'UPDATE mae_productos SET pro_margen_actual=0,pro_precio_venta=999 WHERE pro_codigo_plu=580','',2,'2013-07-19'),(40837,'UPDATE mae_productos SET pro_margen_actual=0,pro_precio_venta=380 WHERE pro_codigo_plu=517','',2,'2013-07-19'),(40838,'UPDATE mae_productos SET pro_margen_actual=0,pro_precio_venta=650 WHERE pro_codigo_plu=515','',2,'2013-07-19'),(40839,'UPDATE mae_productos SET pro_margen_actual=0,pro_precio_venta=650 WHERE pro_codigo_plu=514','',2,'2013-07-19'),(40840,'UPDATE mae_productos SET pro_margen_actual=0,pro_precio_venta=799 WHERE pro_codigo_plu=550','',2,'2013-07-19'),(40841,'UPDATE mae_productos SET pro_precio_fiscal=pro_precio_venta WHERE pro_codigo_plu=514','',2,'2013-07-19'),(40842,'INSERT INTO gne_vale_ferreteria (vfe_id,vfe_fecha,vfe_total,vfe_estado,vfe_entregado,usu_nusuario) VALUES (5824,@@@2013.07.19@@@,200,1,0,@@@m_martinez@@@)','',2,'2013-07-19'),(40843,'INSERT INTO gne_vale_ferreteria_mov (vfe_id,pro_codigo_plu,vfm_cantidad,vfm_unitario,vfm_total,vfm_entregado) VALUES (5824,78017201,1,200,200,@@@NO@@@)','',2,'2013-07-19'),(40844,'UPDATE mae_productos SET pro_precio_fiscal=pro_precio_venta WHERE pro_codigo_plu=515','',2,'2013-07-19'),(40845,'UPDATE mae_productos SET pro_precio_fiscal=pro_precio_venta WHERE pro_codigo_plu=517','',2,'2013-07-19'),(40846,'UPDATE mae_productos SET pro_precio_fiscal=pro_precio_venta WHERE pro_codigo_plu=550','',2,'2013-07-19'),(40847,'UPDATE mae_productos SET pro_precio_fiscal=pro_precio_venta WHERE pro_codigo_plu=579','',2,'2013-07-19'),(40848,'UPDATE mae_productos SET pro_precio_fiscal=pro_precio_venta WHERE pro_codigo_plu=580','',2,'2013-07-19'),(40849,'INSERT INTO gne_vale_ferreteria (vfe_id,vfe_fecha,vfe_total,vfe_estado,vfe_entregado,usu_nusuario) VALUES (5825,@@@2013.07.19@@@,360,1,0,@@@m_martinez@@@)','',2,'2013-07-19'),(40850,'INSERT INTO gne_vale_ferreteria_mov (vfe_id,pro_codigo_plu,vfm_cantidad,vfm_unitario,vfm_total,vfm_entregado) VALUES (5825,764157,3,120,360,@@@NO@@@)','',2,'2013-07-19'),(40851,'INSERT INTO gne_vale_ferreteria (vfe_id,vfe_fecha,vfe_total,vfe_estado,vfe_entregado,usu_nusuario) VALUES (5826,@@@2013.07.19@@@,200,1,0,@@@m_martinez@@@)','',2,'2013-07-19'),(40852,'INSERT INTO gne_vale_ferreteria_mov (vfe_id,pro_codigo_plu,vfm_cantidad,vfm_unitario,vfm_total,vfm_entregado) VALUES (5826,78017201,1,200,200,@@@NO@@@)','',2,'2013-07-19'),(40853,'INSERT INTO gne_vale_ferreteria (vfe_id,vfe_fecha,vfe_total,vfe_estado,vfe_entregado,usu_nusuario) VALUES (5827,@@@2013.07.19@@@,300,1,0,@@@m_martinez@@@)','',2,'2013-07-19'),(40854,'INSERT INTO gne_vale_ferreteria_mov (vfe_id,pro_codigo_plu,vfm_cantidad,vfm_unitario,vfm_total,vfm_entregado) VALUES (5827,770057,2,150,300,@@@NO@@@)','',2,'2013-07-19'),(40855,'INSERT INTO gne_vale_ferreteria (vfe_id,vfe_fecha,vfe_total,vfe_estado,vfe_entregado,usu_nusuario) VALUES (5828,@@@2013.07.19@@@,5800,1,0,@@@m_martinez@@@)','',2,'2013-07-19'),(40856,'INSERT INTO gne_vale_ferreteria_mov (vfe_id,pro_codigo_plu,vfm_cantidad,vfm_unitario,vfm_total,vfm_entregado) VALUES (5828,15668,4,1450,5800,@@@NO@@@)','',2,'2013-07-19'),(40857,'INSERT INTO gne_vale_ferreteria (vfe_id,vfe_fecha,vfe_total,vfe_estado,vfe_entregado,usu_nusuario) VALUES (5829,@@@2013.07.19@@@,680,1,0,@@@m_martinez@@@)','',2,'2013-07-19'),(40858,'INSERT INTO gne_vale_ferreteria_mov (vfe_id,pro_codigo_plu,vfm_cantidad,vfm_unitario,vfm_total,vfm_entregado) VALUES (5829,763588,1,330,330,@@@NO@@@)','',2,'2013-07-19'),(40859,'INSERT INTO gne_vale_ferreteria_mov (vfe_id,pro_codigo_plu,vfm_cantidad,vfm_unitario,vfm_total,vfm_entregado) VALUES (5829,764780,1,60,60,@@@NO@@@)','',2,'2013-07-19'),(40860,'INSERT INTO gne_vale_ferreteria_mov (vfe_id,pro_codigo_plu,vfm_cantidad,vfm_unitario,vfm_total,vfm_entregado) VALUES (5829,764296,1,290,290,@@@NO@@@)','',2,'2013-07-19'),(40861,'INSERT INTO gne_vale_ferreteria (vfe_id,vfe_fecha,vfe_total,vfe_estado,vfe_entregado,usu_nusuario) VALUES (5830,@@@2013.07.19@@@,100,1,0,@@@m_martinez@@@)','',2,'2013-07-19'),(40862,'INSERT INTO gne_vale_ferreteria_mov (vfe_id,pro_codigo_plu,vfm_cantidad,vfm_unitario,vfm_total,vfm_entregado) VALUES (5830,764695,1,100,100,@@@NO@@@)','',2,'2013-07-19'),(40863,'INSERT INTO gne_vale_ferreteria (vfe_id,vfe_fecha,vfe_total,vfe_estado,vfe_entregado,usu_nusuario) VALUES (5831,@@@2013.07.19@@@,790,1,0,@@@m_martinez@@@)','',2,'2013-07-19'),(40864,'INSERT INTO gne_vale_ferreteria_mov (vfe_id,pro_codigo_plu,vfm_cantidad,vfm_unitario,vfm_total,vfm_entregado) VALUES (5831,761991,1,790,790,@@@NO@@@)','',2,'2013-07-19'),(40865,'UPDATE mae_productos SET pro_margen_actual=0,pro_precio_venta=2990 WHERE pro_codigo_plu=10313','',2,'2013-07-19'),(40866,'UPDATE mae_productos SET pro_precio_fiscal=pro_precio_venta WHERE pro_codigo_plu=10313','',2,'2013-07-19'),(40867,'INSERT INTO gne_vale_ferreteria (vfe_id,vfe_fecha,vfe_total,vfe_estado,vfe_entregado,usu_nusuario) VALUES (5832,@@@2013.07.19@@@,1000,1,0,@@@b_SAEZ@@@)','',2,'2013-07-19'),(40868,'INSERT INTO gne_vale_ferreteria_mov (vfe_id,pro_codigo_plu,vfm_cantidad,vfm_unitario,vfm_total,vfm_entregado) VALUES (5832,764125,4,250,1000,@@@NO@@@)','',2,'2013-07-19'),(40869,'INSERT INTO gne_vale_ferreteria (vfe_id,vfe_fecha,vfe_total,vfe_estado,vfe_entregado,usu_nusuario) VALUES (5833,@@@2013.07.20@@@,2840,1,0,@@@m_martinez@@@)','',2,'2013-07-20'),(40870,'INSERT INTO gne_vale_ferreteria_mov (vfe_id,pro_codigo_plu,vfm_cantidad,vfm_unitario,vfm_total,vfm_entregado) VALUES (5833,20917,1,2050,2050,@@@NO@@@)','',2,'2013-07-20'),(40871,'INSERT INTO gne_vale_ferreteria_mov (vfe_id,pro_codigo_plu,vfm_cantidad,vfm_unitario,vfm_total,vfm_entregado) VALUES (5833,101454,1,790,790,@@@NO@@@)','',2,'2013-07-20'),(40872,'INSERT INTO gne_vale_ferreteria (vfe_id,vfe_fecha,vfe_total,vfe_estado,vfe_entregado,usu_nusuario) VALUES (5834,@@@2013.07.20@@@,250,1,0,@@@m_martinez@@@)','',2,'2013-07-20'),(40873,'INSERT INTO gne_vale_ferreteria_mov (vfe_id,pro_codigo_plu,vfm_cantidad,vfm_unitario,vfm_total,vfm_entregado) VALUES (5834,1070,1,250,250,@@@NO@@@)','',2,'2013-07-20'),(40874,'INSERT INTO gne_vale_ferreteria (vfe_id,vfe_fecha,vfe_total,vfe_estado,vfe_entregado,usu_nusuario) VALUES (5835,@@@2013.07.20@@@,490,1,0,@@@m_martinez@@@)','',2,'2013-07-20'),(40875,'INSERT INTO gne_vale_ferreteria_mov (vfe_id,pro_codigo_plu,vfm_cantidad,vfm_unitario,vfm_total,vfm_entregado) VALUES (5835,764701,1,490,490,@@@NO@@@)','',2,'2013-07-20'),(40876,'INSERT INTO gne_vale_ferreteria (vfe_id,vfe_fecha,vfe_total,vfe_estado,vfe_entregado,usu_nusuario) VALUES (5836,@@@2013.07.20@@@,640,1,0,@@@m_martinez@@@)','',2,'2013-07-20'),(40877,'INSERT INTO gne_vale_ferreteria_mov (vfe_id,pro_codigo_plu,vfm_cantidad,vfm_unitario,vfm_total,vfm_entregado) VALUES (5836,780721125,1,120,120,@@@NO@@@)','',2,'2013-07-20'),(40878,'INSERT INTO gne_vale_ferreteria_mov (vfe_id,pro_codigo_plu,vfm_cantidad,vfm_unitario,vfm_total,vfm_entregado) VALUES (5836,15967,4,130,520,@@@NO@@@)','',2,'2013-07-20'),(40879,'INSERT INTO gne_vale_ferreteria (vfe_id,vfe_fecha,vfe_total,vfe_estado,vfe_entregado,usu_nusuario) VALUES (5837,@@@2013.07.20@@@,900,1,0,@@@m_martinez@@@)','',2,'2013-07-20'),(40880,'INSERT INTO gne_vale_ferreteria_mov (vfe_id,pro_codigo_plu,vfm_cantidad,vfm_unitario,vfm_total,vfm_entregado) VALUES (5837,770095,1,850,850,@@@NO@@@)','',2,'2013-07-20'),(40881,'INSERT INTO gne_vale_ferreteria_mov (vfe_id,pro_codigo_plu,vfm_cantidad,vfm_unitario,vfm_total,vfm_entregado) VALUES (5837,764383,1,50,50,@@@NO@@@)','',2,'2013-07-20'),(40882,'INSERT INTO gne_vale_ferreteria (vfe_id,vfe_fecha,vfe_total,vfe_estado,vfe_entregado,usu_nusuario) VALUES (5838,@@@2013.07.20@@@,2880,1,0,@@@m_martinez@@@)','',2,'2013-07-20'),(40883,'INSERT INTO gne_vale_ferreteria_mov (vfe_id,pro_codigo_plu,vfm_cantidad,vfm_unitario,vfm_total,vfm_entregado) VALUES (5838,20460,1,1890,1890,@@@NO@@@)','',2,'2013-07-20'),(40884,'INSERT INTO gne_vale_ferreteria_mov (vfe_id,pro_codigo_plu,vfm_cantidad,vfm_unitario,vfm_total,vfm_entregado) VALUES (5838,761546,1,990,990,@@@NO@@@)','',2,'2013-07-20'),(40885,'INSERT INTO gne_vale_ferreteria (vfe_id,vfe_fecha,vfe_total,vfe_estado,vfe_entregado,usu_nusuario) VALUES (5839,@@@2013.07.20@@@,1990,1,0,@@@m_martinez@@@)','',2,'2013-07-20'),(40886,'INSERT INTO gne_vale_ferreteria_mov (vfe_id,pro_codigo_plu,vfm_cantidad,vfm_unitario,vfm_total,vfm_entregado) VALUES (5839,101856,1,1990,1990,@@@NO@@@)','',2,'2013-07-20'),(40887,'INSERT INTO gne_vale_ferreteria (vfe_id,vfe_fecha,vfe_total,vfe_estado,vfe_entregado,usu_nusuario) VALUES (5840,@@@2013.07.20@@@,1890,1,0,@@@m_martinez@@@)','',2,'2013-07-20'),(40888,'INSERT INTO gne_vale_ferreteria_mov (vfe_id,pro_codigo_plu,vfm_cantidad,vfm_unitario,vfm_total,vfm_entregado) VALUES (5840,770000,20,50,1000,@@@NO@@@)','',2,'2013-07-20'),(40889,'INSERT INTO gne_vale_ferreteria_mov (vfe_id,pro_codigo_plu,vfm_cantidad,vfm_unitario,vfm_total,vfm_entregado) VALUES (5840,764700,1,590,590,@@@NO@@@)','',2,'2013-07-20'),(40890,'INSERT INTO gne_vale_ferreteria_mov (vfe_id,pro_codigo_plu,vfm_cantidad,vfm_unitario,vfm_total,vfm_entregado) VALUES (5840,2004,1,300,300,@@@NO@@@)','',2,'2013-07-20'),(40891,'INSERT INTO mae_productos (pro_codigo_plu,pro_codigo_barra,pro_tipo,pro_nombre_producto,pro_nombre_corto,med_id,emb_id,pro_unidades_embalaje,dep_id,lin_id,mar_id,pro_precio_compra_neto,pro_precio_compra_bruto,pro_precio_venta,pro_margen_actual,pro_oferta,pro_fecha_inicio_oferta,pro_fecha_termino_oferta,pro_precio_oferta,pro_stock_minimo,pro_stock_critico,pro_entradas_bodega,pro_salidas_bodega,pro_mermas_bodega,pro_ajustes_bodega,pro_entradas_sv,pro_salidas_sv,pro_mermas_sv,pro_ajustes_sv,pro_activo,rec_numero,pro_unidad,pro_capacidad,pro_consumo_bodega,pro_consumo_sv,pro_estado,pro_funcion_plu,pro_flejes,pro_iva,pro_plu_asociado,pro_envase,pro_duracion,pro_numero_etiqueta) VALUES (780721384,@@@7801505000464@@@,@@@0@@@,@@@AZUCAR GRANULADA LA ESTANCIA 1KG@@@,@@@AZUCAR GRANULADA@@@,@@@2 @@@,@@@4 @@@,@@@20@@@,@@@31 @@@,@@@157@@@,@@@2507@@@,@@@0@@@,@@@442.32@@@,@@@1@@@,@@@-99.77@@@,@@@@@@,@@@2006.09.07@@@,@@@2006.09.07@@@,@@@0@@@,@@@10@@@,@@@4@@@,@@@0@@@,@@@0@@@,@@@0@@@,@@@0@@@,@@@0@@@,@@@0@@@,@@@0@@@,@@@0@@@,@@@1@@@,@@@0@@@,0,1,0,0,2,0,1,1,0,@@@NO@@@,0,0)','',2,'2013-07-20'),(40892,'DELETE FROM mae_impuestos_productos WHERE pro_codigo_plu=@@@780721384@@@','',2,'2013-07-20'),(40893,'INSERT INTO gne_vale_ferreteria (vfe_id,vfe_fecha,vfe_total,vfe_estado,vfe_entregado,usu_nusuario) VALUES (5841,@@@2013.07.20@@@,360,1,0,@@@m_martinez@@@)','',2,'2013-07-20'),(40894,'INSERT INTO gne_vale_ferreteria_mov (vfe_id,pro_codigo_plu,vfm_cantidad,vfm_unitario,vfm_total,vfm_entregado) VALUES (5841,8022,3,120,360,@@@NO@@@)','',2,'2013-07-20'),(40895,'INSERT INTO gne_vale_ferreteria (vfe_id,vfe_fecha,vfe_total,vfe_estado,vfe_entregado,usu_nusuario) VALUES (5842,@@@2013.07.20@@@,3780,1,0,@@@m_martinez@@@)','',2,'2013-07-20'),(40896,'INSERT INTO gne_vale_ferreteria_mov (vfe_id,pro_codigo_plu,vfm_cantidad,vfm_unitario,vfm_total,vfm_entregado) VALUES (5842,780721301,1,1890,1890,@@@NO@@@)','',2,'2013-07-20'),(40897,'INSERT INTO gne_vale_ferreteria_mov (vfe_id,pro_codigo_plu,vfm_cantidad,vfm_unitario,vfm_total,vfm_entregado) VALUES (5842,20516,1,1890,1890,@@@NO@@@)','',2,'2013-07-20'),(40898,'INSERT INTO gne_vale_ferreteria (vfe_id,vfe_fecha,vfe_total,vfe_estado,vfe_entregado,usu_nusuario) VALUES (5843,@@@2013.07.20@@@,3330,1,0,@@@m_martinez@@@)','',2,'2013-07-20'),(40899,'INSERT INTO gne_vale_ferreteria_mov (vfe_id,pro_codigo_plu,vfm_cantidad,vfm_unitario,vfm_total,vfm_entregado) VALUES (5843,761650,1,1750,1750,@@@NO@@@)','',2,'2013-07-20'),(40900,'INSERT INTO gne_vale_ferreteria_mov (vfe_id,pro_codigo_plu,vfm_cantidad,vfm_unitario,vfm_total,vfm_entregado) VALUES (5843,101454,2,790,1580,@@@NO@@@)','',2,'2013-07-20'),(40901,'INSERT INTO gne_vale_ferreteria (vfe_id,vfe_fecha,vfe_total,vfe_estado,vfe_entregado,usu_nusuario) VALUES (5844,@@@2013.07.20@@@,150,1,0,@@@m_martinez@@@)','',2,'2013-07-20'),(40902,'INSERT INTO gne_vale_ferreteria_mov (vfe_id,pro_codigo_plu,vfm_cantidad,vfm_unitario,vfm_total,vfm_entregado) VALUES (5844,780220107,1,150,150,@@@NO@@@)','',2,'2013-07-20'),(40903,'INSERT INTO mae_productos (pro_codigo_plu,pro_codigo_barra,pro_tipo,pro_nombre_producto,pro_nombre_corto,med_id,emb_id,pro_unidades_embalaje,dep_id,lin_id,mar_id,pro_precio_compra_neto,pro_precio_compra_bruto,pro_precio_venta,pro_margen_actual,pro_oferta,pro_fecha_inicio_oferta,pro_fecha_termino_oferta,pro_precio_oferta,pro_stock_minimo,pro_stock_critico,pro_entradas_bodega,pro_salidas_bodega,pro_mermas_bodega,pro_ajustes_bodega,pro_entradas_sv,pro_salidas_sv,pro_mermas_sv,pro_ajustes_sv,pro_activo,rec_numero,pro_unidad,pro_capacidad,pro_consumo_bodega,pro_consumo_sv,pro_estado,pro_funcion_plu,pro_flejes,pro_iva,pro_plu_asociado,pro_envase,pro_duracion,pro_numero_etiqueta) VALUES (780721385,@@@7804520012849@@@,@@@0@@@,@@@SUCEDANEO JUGO DE LIMON LA HORTELANA 500ML@@@,@@@SUCEDANEO JUGO D@@@,@@@7 @@@,@@@6 @@@,@@@8@@@,@@@1 @@@,@@@16@@@,@@@1262@@@,@@@0@@@,@@@378.02@@@,@@@1@@@,@@@-99.74@@@,@@@@@@,@@@2006.09.07@@@,@@@2006.09.07@@@,@@@0@@@,@@@8@@@,@@@4@@@,@@@0@@@,@@@0@@@,@@@0@@@,@@@0@@@,@@@0@@@,@@@0@@@,@@@0@@@,@@@0@@@,@@@1@@@,@@@0@@@,0,500,0,0,2,0,1,1,0,@@@NO@@@,0,0)','',2,'2013-07-20'),(40904,'DELETE FROM mae_impuestos_productos WHERE pro_codigo_plu=@@@780721385@@@','',2,'2013-07-20'),(40905,'INSERT INTO gne_vale_ferreteria (vfe_id,vfe_fecha,vfe_total,vfe_estado,vfe_entregado,usu_nusuario) VALUES (5845,@@@2013.07.20@@@,980,1,0,@@@m_martinez@@@)','',2,'2013-07-20'),(40906,'INSERT INTO gne_vale_ferreteria_mov (vfe_id,pro_codigo_plu,vfm_cantidad,vfm_unitario,vfm_total,vfm_entregado) VALUES (5845,78017126,1,490,490,@@@NO@@@)','',2,'2013-07-20'),(40907,'INSERT INTO gne_vale_ferreteria_mov (vfe_id,pro_codigo_plu,vfm_cantidad,vfm_unitario,vfm_total,vfm_entregado) VALUES (5845,78017128,1,490,490,@@@NO@@@)','',2,'2013-07-20'),(40908,'INSERT INTO gne_vale_ferreteria (vfe_id,vfe_fecha,vfe_total,vfe_estado,vfe_entregado,usu_nusuario) VALUES (5846,@@@2013.07.20@@@,1700,1,0,@@@m_martinez@@@)','',2,'2013-07-20'),(40909,'INSERT INTO gne_vale_ferreteria_mov (vfe_id,pro_codigo_plu,vfm_cantidad,vfm_unitario,vfm_total,vfm_entregado) VALUES (5846,780721141,10,120,1200,@@@NO@@@)','',2,'2013-07-20'),(40910,'INSERT INTO gne_vale_ferreteria_mov (vfe_id,pro_codigo_plu,vfm_cantidad,vfm_unitario,vfm_total,vfm_entregado) VALUES (5846,770000,10,50,500,@@@NO@@@)','',2,'2013-07-20'),(40911,'INSERT INTO gne_vale_ferreteria (vfe_id,vfe_fecha,vfe_total,vfe_estado,vfe_entregado,usu_nusuario) VALUES (5847,@@@2013.07.20@@@,120,1,0,@@@m_martinez@@@)','',2,'2013-07-20'),(40912,'INSERT INTO gne_vale_ferreteria_mov (vfe_id,pro_codigo_plu,vfm_cantidad,vfm_unitario,vfm_total,vfm_entregado) VALUES (5847,780721277,1,120,120,@@@NO@@@)','',2,'2013-07-20'),(40913,'INSERT INTO gne_vale_ferreteria (vfe_id,vfe_fecha,vfe_total,vfe_estado,vfe_entregado,usu_nusuario) VALUES (5848,@@@2013.07.20@@@,290,1,0,@@@m_martinez@@@)','',2,'2013-07-20'),(40914,'INSERT INTO gne_vale_ferreteria_mov (vfe_id,pro_codigo_plu,vfm_cantidad,vfm_unitario,vfm_total,vfm_entregado) VALUES (5848,764256,1,290,290,@@@NO@@@)','',2,'2013-07-20'),(40915,'INSERT INTO mae_productos (pro_codigo_plu,pro_codigo_barra,pro_tipo,pro_nombre_producto,pro_nombre_corto,med_id,emb_id,pro_unidades_embalaje,dep_id,lin_id,mar_id,pro_precio_compra_neto,pro_precio_compra_bruto,pro_precio_venta,pro_margen_actual,pro_oferta,pro_fecha_inicio_oferta,pro_fecha_termino_oferta,pro_precio_oferta,pro_stock_minimo,pro_stock_critico,pro_entradas_bodega,pro_salidas_bodega,pro_mermas_bodega,pro_ajustes_bodega,pro_entradas_sv,pro_salidas_sv,pro_mermas_sv,pro_ajustes_sv,pro_activo,rec_numero,pro_unidad,pro_capacidad,pro_consumo_bodega,pro_consumo_sv,pro_estado,pro_funcion_plu,pro_flejes,pro_iva,pro_plu_asociado,pro_envase,pro_duracion,pro_numero_etiqueta) VALUES (780721386,@@@7804520012887@@@,@@@0@@@,@@@VINAGRE VINO TINTO LA HORTELANA 250ML@@@,@@@VINAGRE VINO TIN@@@,@@@7 @@@,@@@6 @@@,@@@6@@@,@@@1 @@@,@@@16@@@,@@@1262@@@,@@@0@@@,@@@333.2@@@,@@@1@@@,@@@-99.7@@@,@@@@@@,@@@2006.09.07@@@,@@@2006.09.07@@@,@@@0@@@,@@@6@@@,@@@2@@@,@@@0@@@,@@@0@@@,@@@0@@@,@@@0@@@,@@@0@@@,@@@0@@@,@@@0@@@,@@@0@@@,@@@1@@@,@@@0@@@,0,250,0,0,2,0,1,1,0,@@@NO@@@,0,0)','',2,'2013-07-20'),(40916,'DELETE FROM mae_impuestos_productos WHERE pro_codigo_plu=@@@780721386@@@','',2,'2013-07-20'),(40917,'UPDATE mae_productos SET pro_codigo_barra=@@@537@@@,pro_tipo=@@@0@@@,pro_nombre_producto=@@@MANZANA FUJI@@@,pro_nombre_corto=@@@MANZANA FUJI@@@,med_id=@@@1@@@,emb_id=@@@1@@@,pro_unidades_embalaje=@@@1@@@,dep_id=@@@18 @@@,lin_id=@@@97@@@,mar_id=@@@2507@@@,pro_precio_compra_neto=@@@0@@@,pro_precio_compra_bruto=@@@250@@@,pro_precio_venta=@@@375@@@,pro_margen_actual=@@@50@@@,pro_oferta=@@@NO@@@,pro_fecha_inicio_oferta=@@@1900.01.01@@@,pro_fecha_termino_oferta=@@@1900.01.01@@@,pro_precio_oferta=@@@0@@@,pro_stock_minimo=@@@15@@@,pro_stock_critico=@@@10@@@,pro_activo=@@@1@@@,pro_unidad=@@@0@@@,pro_precio_compra_bruto=250,pro_margen_actual=50,pro_capacidad=1,pro_funcion_plu=0,pro_flejes=1,pro_iva=1,pro_plu_asociado=0,pro_envase=@@@NO@@@,pro_duracion=0,pro_numero_etiqueta=0 WHERE pro_codigo_plu=@@@537@@@','',2,'2013-07-20'),(40918,'UPDATE mae_productos SET pro_estado=1 WHERE pro_codigo_plu=537','',2,'2013-07-20'),(40919,'DELETE FROM mae_impuestos_productos WHERE pro_codigo_plu=@@@537@@@','',2,'2013-07-20'),(40920,'UPDATE mae_productos SET pro_codigo_barra=@@@535@@@,pro_tipo=@@@0@@@,pro_nombre_producto=@@@MANDARINAS@@@,pro_nombre_corto=@@@MANDARINAS@@@,med_id=@@@1@@@,emb_id=@@@1@@@,pro_unidades_embalaje=@@@1@@@,dep_id=@@@18 @@@,lin_id=@@@97@@@,mar_id=@@@2507@@@,pro_precio_compra_neto=@@@0@@@,pro_precio_compra_bruto=@@@400@@@,pro_precio_venta=@@@590@@@,pro_margen_actual=@@@47.5@@@,pro_oferta=@@@NO@@@,pro_fecha_inicio_oferta=@@@1900.01.01@@@,pro_fecha_termino_oferta=@@@1900.01.01@@@,pro_precio_oferta=@@@0@@@,pro_stock_minimo=@@@10@@@,pro_stock_critico=@@@5@@@,pro_activo=@@@1@@@,pro_unidad=@@@0@@@,pro_precio_compra_bruto=400,pro_margen_actual=47.5,pro_capacidad=1,pro_funcion_plu=0,pro_flejes=0,pro_iva=1,pro_plu_asociado=0,pro_envase=@@@NO@@@,pro_duracion=0,pro_numero_etiqueta=0 WHERE pro_codigo_plu=@@@535@@@','',2,'2013-07-20'),(40921,'UPDATE mae_productos SET pro_estado=1 WHERE pro_codigo_plu=535','',2,'2013-07-20'),(40922,'DELETE FROM mae_impuestos_productos WHERE pro_codigo_plu=@@@535@@@','',2,'2013-07-20'),(40923,'INSERT INTO gne_vale_ferreteria (vfe_id,vfe_fecha,vfe_total,vfe_estado,vfe_entregado,usu_nusuario) VALUES (5849,@@@2013.07.20@@@,80,1,0,@@@m_martinez@@@)','',2,'2013-07-20'),(40924,'INSERT INTO gne_vale_ferreteria_mov (vfe_id,pro_codigo_plu,vfm_cantidad,vfm_unitario,vfm_total,vfm_entregado) VALUES (5849,78017191,2,40,80,@@@NO@@@)','',2,'2013-07-20'),(40925,'UPDATE mae_productos SET pro_codigo_barra=@@@562@@@,pro_tipo=@@@0@@@,pro_nombre_producto=@@@PALTA HASS@@@,pro_nombre_corto=@@@PALTA HASS@@@,med_id=@@@1@@@,emb_id=@@@1@@@,pro_unidades_embalaje=@@@1@@@,dep_id=@@@18 @@@,lin_id=@@@97@@@,mar_id=@@@2507@@@,pro_precio_compra_neto=@@@0@@@,pro_precio_compra_bruto=@@@810@@@,pro_precio_venta=@@@1490@@@,pro_margen_actual=@@@83.95@@@,pro_oferta=@@@NO@@@,pro_fecha_inicio_oferta=@@@1900.01.01@@@,pro_fecha_termino_oferta=@@@1900.01.01@@@,pro_precio_oferta=@@@0@@@,pro_stock_minimo=@@@15@@@,pro_stock_critico=@@@5@@@,pro_activo=@@@1@@@,pro_unidad=@@@0@@@,pro_precio_compra_bruto=810,pro_margen_actual=83.95,pro_capacidad=1,pro_funcion_plu=0,pro_flejes=1,pro_iva=1,pro_plu_asociado=0,pro_envase=@@@NO@@@,pro_duracion=0,pro_numero_etiqueta=0 WHERE pro_codigo_plu=@@@562@@@','',2,'2013-07-20'),(40926,'UPDATE mae_productos SET pro_estado=1 WHERE pro_codigo_plu=562','',2,'2013-07-20'),(40927,'DELETE FROM mae_impuestos_productos WHERE pro_codigo_plu=@@@562@@@','',2,'2013-07-20'),(40928,'UPDATE mae_productos SET pro_codigo_barra=@@@533@@@,pro_tipo=@@@0@@@,pro_nombre_producto=@@@LIMON IMPORTADO@@@,pro_nombre_corto=@@@LIMON IMPORTADO@@@,med_id=@@@1@@@,emb_id=@@@1@@@,pro_unidades_embalaje=@@@1@@@,dep_id=@@@18 @@@,lin_id=@@@97@@@,mar_id=@@@2507@@@,pro_precio_compra_neto=@@@0@@@,pro_precio_compra_bruto=@@@190@@@,pro_precio_venta=@@@299@@@,pro_margen_actual=@@@57.37@@@,pro_oferta=@@@NO@@@,pro_fecha_inicio_oferta=@@@1900.01.01@@@,pro_fecha_termino_oferta=@@@1900.01.01@@@,pro_precio_oferta=@@@0@@@,pro_stock_minimo=@@@1@@@,pro_stock_critico=@@@1@@@,pro_activo=@@@1@@@,pro_unidad=@@@0@@@,pro_precio_compra_bruto=190,pro_margen_actual=57.37,pro_capacidad=1,pro_funcion_plu=0,pro_flejes=1,pro_iva=1,pro_plu_asociado=0,pro_envase=@@@NO@@@,pro_duracion=0,pro_numero_etiqueta=0 WHERE pro_codigo_plu=@@@533@@@','',2,'2013-07-20'),(40929,'UPDATE mae_productos SET pro_estado=1 WHERE pro_codigo_plu=533','',2,'2013-07-20'),(40930,'DELETE FROM mae_impuestos_productos WHERE pro_codigo_plu=@@@533@@@','',2,'2013-07-20'),(40931,'UPDATE mae_productos SET pro_codigo_barra=@@@538@@@,pro_tipo=@@@0@@@,pro_nombre_producto=@@@MANZANA VERDE@@@,pro_nombre_corto=@@@MANZANA VERDE@@@,med_id=@@@1@@@,emb_id=@@@1@@@,pro_unidades_embalaje=@@@1@@@,dep_id=@@@18 @@@,lin_id=@@@97@@@,mar_id=@@@2507@@@,pro_precio_compra_neto=@@@0@@@,pro_precio_compra_bruto=@@@346@@@,pro_precio_venta=@@@499@@@,pro_margen_actual=@@@44.22@@@,pro_oferta=@@@NO@@@,pro_fecha_inicio_oferta=@@@1900.01.01@@@,pro_fecha_termino_oferta=@@@1900.01.01@@@,pro_precio_oferta=@@@0@@@,pro_stock_minimo=@@@10@@@,pro_stock_critico=@@@8@@@,pro_activo=@@@1@@@,pro_unidad=@@@0@@@,pro_precio_compra_bruto=346,pro_margen_actual=44.22,pro_capacidad=1,pro_funcion_plu=0,pro_flejes=1,pro_iva=1,pro_plu_asociado=0,pro_envase=@@@NO@@@,pro_duracion=0,pro_numero_etiqueta=0 WHERE pro_codigo_plu=@@@538@@@','',2,'2013-07-20'),(40932,'UPDATE mae_productos SET pro_estado=1 WHERE pro_codigo_plu=538','',2,'2013-07-20'),(40933,'DELETE FROM mae_impuestos_productos WHERE pro_codigo_plu=@@@538@@@','',2,'2013-07-20'),(40934,'INSERT INTO gne_vale_ferreteria (vfe_id,vfe_fecha,vfe_total,vfe_estado,vfe_entregado,usu_nusuario) VALUES (5850,@@@2013.07.20@@@,960,1,0,@@@m_martinez@@@)','',2,'2013-07-20'),(40935,'INSERT INTO gne_vale_ferreteria_mov (vfe_id,pro_codigo_plu,vfm_cantidad,vfm_unitario,vfm_total,vfm_entregado) VALUES (5850,764823,12,80,960,@@@NO@@@)','',2,'2013-07-20'),(40936,'UPDATE mae_productos SET pro_precio_fiscal=pro_precio_venta WHERE pro_codigo_plu=533','',2,'2013-07-20'),(40937,'UPDATE mae_productos SET pro_precio_fiscal=pro_precio_venta WHERE pro_codigo_plu=537','',2,'2013-07-20'),(40938,'UPDATE mae_productos SET pro_precio_fiscal=pro_precio_venta WHERE pro_codigo_plu=538','',2,'2013-07-20'),(40939,'UPDATE mae_productos SET pro_precio_fiscal=pro_precio_venta WHERE pro_codigo_plu=562','',2,'2013-07-20'),(40940,'INSERT INTO gne_vale_ferreteria (vfe_id,vfe_fecha,vfe_total,vfe_estado,vfe_entregado,usu_nusuario) VALUES (5851,@@@2013.07.20@@@,550,1,0,@@@m_martinez@@@)','',2,'2013-07-20'),(40941,'INSERT INTO gne_vale_ferreteria_mov (vfe_id,pro_codigo_plu,vfm_cantidad,vfm_unitario,vfm_total,vfm_entregado) VALUES (5851,780721267,1,550,550,@@@NO@@@)','',2,'2013-07-20'),(40942,'INSERT INTO gne_vale_ferreteria (vfe_id,vfe_fecha,vfe_total,vfe_estado,vfe_entregado,usu_nusuario) VALUES (5852,@@@2013.07.20@@@,490,1,0,@@@m_martinez@@@)','',2,'2013-07-20'),(40943,'INSERT INTO gne_vale_ferreteria_mov (vfe_id,pro_codigo_plu,vfm_cantidad,vfm_unitario,vfm_total,vfm_entregado) VALUES (5852,764506,1,490,490,@@@NO@@@)','',2,'2013-07-20'),(40944,'INSERT INTO mae_productos (pro_codigo_plu,pro_codigo_barra,pro_tipo,pro_nombre_producto,pro_nombre_corto,med_id,emb_id,pro_unidades_embalaje,dep_id,lin_id,mar_id,pro_precio_compra_neto,pro_precio_compra_bruto,pro_precio_venta,pro_margen_actual,pro_oferta,pro_fecha_inicio_oferta,pro_fecha_termino_oferta,pro_precio_oferta,pro_stock_minimo,pro_stock_critico,pro_entradas_bodega,pro_salidas_bodega,pro_mermas_bodega,pro_ajustes_bodega,pro_entradas_sv,pro_salidas_sv,pro_mermas_sv,pro_ajustes_sv,pro_activo,rec_numero,pro_unidad,pro_capacidad,pro_consumo_bodega,pro_consumo_sv,pro_estado,pro_funcion_plu,pro_flejes,pro_iva,pro_plu_asociado,pro_envase,pro_duracion,pro_numero_etiqueta) VALUES (780721387,@@@3270220004608@@@,@@@0@@@,@@@LAPIZ GRAFITO N°2 HEXAGONAL EVOLUTION@@@,@@@LAPIZ GRAFITO N°@@@,@@@1 @@@,@@@6 @@@,@@@12@@@,@@@24 @@@,@@@137@@@,@@@1619@@@,@@@0@@@,@@@78.54@@@,@@@1@@@,@@@-98.73@@@,@@@@@@,@@@2006.09.07@@@,@@@2006.09.07@@@,@@@0@@@,@@@12@@@,@@@5@@@,@@@0@@@,@@@0@@@,@@@0@@@,@@@0@@@,@@@0@@@,@@@0@@@,@@@0@@@,@@@0@@@,@@@1@@@,@@@0@@@,0,12,0,0,2,0,1,1,0,@@@NO@@@,0,0)','',2,'2013-07-20'),(40945,'DELETE FROM mae_impuestos_productos WHERE pro_codigo_plu=@@@780721387@@@','',2,'2013-07-20'),(40946,'INSERT INTO mae_productos (pro_codigo_plu,pro_codigo_barra,pro_tipo,pro_nombre_producto,pro_nombre_corto,med_id,emb_id,pro_unidades_embalaje,dep_id,lin_id,mar_id,pro_precio_compra_neto,pro_precio_compra_bruto,pro_precio_venta,pro_margen_actual,pro_oferta,pro_fecha_inicio_oferta,pro_fecha_termino_oferta,pro_precio_oferta,pro_stock_minimo,pro_stock_critico,pro_entradas_bodega,pro_salidas_bodega,pro_mermas_bodega,pro_ajustes_bodega,pro_entradas_sv,pro_salidas_sv,pro_mermas_sv,pro_ajustes_sv,pro_activo,rec_numero,pro_unidad,pro_capacidad,pro_consumo_bodega,pro_consumo_sv,pro_estado,pro_funcion_plu,pro_flejes,pro_iva,pro_plu_asociado,pro_envase,pro_duracion,pro_numero_etiqueta) VALUES (780721388,@@@3154145347562@@@,@@@0@@@,@@@SACAPUNTA PLASTICO MAPED DOBLE C/DEPOSITO@@@,@@@SACAPUNTA PLASTI@@@,@@@1 @@@,@@@6 @@@,@@@24@@@,@@@24 @@@,@@@137@@@,@@@2580@@@,@@@0@@@,@@@267.7@@@,@@@1@@@,@@@-99.63@@@,@@@@@@,@@@2006.09.07@@@,@@@2006.09.07@@@,@@@0@@@,@@@12@@@,@@@5@@@,@@@0@@@,@@@0@@@,@@@0@@@,@@@0@@@,@@@0@@@,@@@0@@@,@@@0@@@,@@@0@@@,@@@1@@@,@@@0@@@,0,24,0,0,2,0,1,1,0,@@@NO@@@,0,0)','',2,'2013-07-20'),(40947,'DELETE FROM mae_impuestos_productos WHERE pro_codigo_plu=@@@780721388@@@','',2,'2013-07-20'),(40948,'INSERT INTO gne_vale_ferreteria (vfe_id,vfe_fecha,vfe_total,vfe_estado,vfe_entregado,usu_nusuario) VALUES (5853,@@@2013.07.20@@@,3190,1,0,@@@m_martinez@@@)','',2,'2013-07-20'),(40949,'INSERT INTO gne_vale_ferreteria_mov (vfe_id,pro_codigo_plu,vfm_cantidad,vfm_unitario,vfm_total,vfm_entregado) VALUES (5853,78017203,1,490,490,@@@NO@@@)','',2,'2013-07-20'),(40950,'INSERT INTO gne_vale_ferreteria_mov (vfe_id,pro_codigo_plu,vfm_cantidad,vfm_unitario,vfm_total,vfm_entregado) VALUES (5853,78017202,6,450,2700,@@@NO@@@)','',2,'2013-07-20'),(40951,'INSERT INTO mae_productos (pro_codigo_plu,pro_codigo_barra,pro_tipo,pro_nombre_producto,pro_nombre_corto,med_id,emb_id,pro_unidades_embalaje,dep_id,lin_id,mar_id,pro_precio_compra_neto,pro_precio_compra_bruto,pro_precio_venta,pro_margen_actual,pro_oferta,pro_fecha_inicio_oferta,pro_fecha_termino_oferta,pro_precio_oferta,pro_stock_minimo,pro_stock_critico,pro_entradas_bodega,pro_salidas_bodega,pro_mermas_bodega,pro_ajustes_bodega,pro_entradas_sv,pro_salidas_sv,pro_mermas_sv,pro_ajustes_sv,pro_activo,rec_numero,pro_unidad,pro_capacidad,pro_consumo_bodega,pro_consumo_sv,pro_estado,pro_funcion_plu,pro_flejes,pro_iva,pro_plu_asociado,pro_envase,pro_duracion,pro_numero_etiqueta) VALUES (780721389,@@@7806505510340@@@,@@@0@@@,@@@BLOCK ANILLADO UNIV. 80 HJS COLON@@@,@@@BLOCK ANILLADO U@@@,@@@1 @@@,@@@6 @@@,@@@10@@@,@@@24 @@@,@@@137@@@,@@@2402@@@,@@@0@@@,@@@710.43@@@,@@@1@@@,@@@-99.86@@@,@@@@@@,@@@2006.09.07@@@,@@@2006.09.07@@@,@@@0@@@,@@@10@@@,@@@5@@@,@@@0@@@,@@@0@@@,@@@0@@@,@@@0@@@,@@@0@@@,@@@0@@@,@@@0@@@,@@@0@@@,@@@1@@@,@@@0@@@,0,80,0,0,2,0,1,1,0,@@@NO@@@,0,0)','',2,'2013-07-20'),(40952,'DELETE FROM mae_impuestos_productos WHERE pro_codigo_plu=@@@780721389@@@','',2,'2013-07-20'),(40953,'INSERT INTO gne_vale_ferreteria (vfe_id,vfe_fecha,vfe_total,vfe_estado,vfe_entregado,usu_nusuario) VALUES (5854,@@@2013.07.20@@@,2880,1,0,@@@m_martinez@@@)','',2,'2013-07-20'),(40954,'INSERT INTO gne_vale_ferreteria_mov (vfe_id,pro_codigo_plu,vfm_cantidad,vfm_unitario,vfm_total,vfm_entregado) VALUES (5854,763633,1,890,890,@@@NO@@@)','',2,'2013-07-20'),(40955,'INSERT INTO gne_vale_ferreteria_mov (vfe_id,pro_codigo_plu,vfm_cantidad,vfm_unitario,vfm_total,vfm_entregado) VALUES (5854,101855,1,1990,1990,@@@NO@@@)','',2,'2013-07-20'),(40956,'INSERT INTO gne_vale_ferreteria (vfe_id,vfe_fecha,vfe_total,vfe_estado,vfe_entregado,usu_nusuario) VALUES (5855,@@@2013.07.20@@@,590,1,0,@@@m_martinez@@@)','',2,'2013-07-20'),(40957,'INSERT INTO gne_vale_ferreteria_mov (vfe_id,pro_codigo_plu,vfm_cantidad,vfm_unitario,vfm_total,vfm_entregado) VALUES (5855,780721129,1,590,590,@@@NO@@@)','',2,'2013-07-20'),(40958,'INSERT INTO mae_productos (pro_codigo_plu,pro_codigo_barra,pro_tipo,pro_nombre_producto,pro_nombre_corto,med_id,emb_id,pro_unidades_embalaje,dep_id,lin_id,mar_id,pro_precio_compra_neto,pro_precio_compra_bruto,pro_precio_venta,pro_margen_actual,pro_oferta,pro_fecha_inicio_oferta,pro_fecha_termino_oferta,pro_precio_oferta,pro_stock_minimo,pro_stock_critico,pro_entradas_bodega,pro_salidas_bodega,pro_mermas_bodega,pro_ajustes_bodega,pro_entradas_sv,pro_salidas_sv,pro_mermas_sv,pro_ajustes_sv,pro_activo,rec_numero,pro_unidad,pro_capacidad,pro_consumo_bodega,pro_consumo_sv,pro_estado,pro_funcion_plu,pro_flejes,pro_iva,pro_plu_asociado,pro_envase,pro_duracion,pro_numero_etiqueta) VALUES (780721390,@@@7807265050879@@@,@@@0@@@,@@@TEMPERA 12 COLORES ROSS@@@,@@@TEMPERA 12 COLOR@@@,@@@1 @@@,@@@6 @@@,@@@15@@@,@@@24 @@@,@@@137@@@,@@@2542@@@,@@@0@@@,@@@675.9@@@,@@@1@@@,@@@-99.85@@@,@@@@@@,@@@2006.09.07@@@,@@@2006.09.07@@@,@@@0@@@,@@@10@@@,@@@3@@@,@@@0@@@,@@@0@@@,@@@0@@@,@@@0@@@,@@@0@@@,@@@0@@@,@@@0@@@,@@@0@@@,@@@1@@@,@@@0@@@,0,12,0,0,2,0,1,1,0,@@@NO@@@,0,0)','',2,'2013-07-20'),(40959,'DELETE FROM mae_impuestos_productos WHERE pro_codigo_plu=@@@780721390@@@','',2,'2013-07-20'),(40960,'INSERT INTO gne_vale_ferreteria (vfe_id,vfe_fecha,vfe_total,vfe_estado,vfe_entregado,usu_nusuario) VALUES (5856,@@@2013.07.20@@@,4600,1,0,@@@m_martinez@@@)','',2,'2013-07-20'),(40961,'INSERT INTO gne_vale_ferreteria_mov (vfe_id,pro_codigo_plu,vfm_cantidad,vfm_unitario,vfm_total,vfm_entregado) VALUES (5856,4080,3,40,120,@@@NO@@@)','',2,'2013-07-20'),(40962,'INSERT INTO gne_vale_ferreteria_mov (vfe_id,pro_codigo_plu,vfm_cantidad,vfm_unitario,vfm_total,vfm_entregado) VALUES (5856,764514,1,1890,1890,@@@NO@@@)','',2,'2013-07-20'),(40963,'INSERT INTO gne_vale_ferreteria_mov (vfe_id,pro_codigo_plu,vfm_cantidad,vfm_unitario,vfm_total,vfm_entregado) VALUES (5856,780721065,1,2590,2590,@@@NO@@@)','',2,'2013-07-20'),(40964,'UPDATE mae_productos SET pro_precio_compra_bruto=153.51,pro_margen_actual=(pro_precio_venta-153.51)/153.51 * 100,pro_ultima_compra=@@@2013.07.20@@@,pro_ultimo_proveedor=@@@82623500-4@@@ WHERE pro_codigo_plu=12029','',2,'2013-07-20'),(40965,'UPDATE mae_productos SET pro_precio_compra_bruto=268.94,pro_margen_actual=(pro_precio_venta-268.94)/268.94 * 100,pro_ultima_compra=@@@2013.07.20@@@,pro_ultimo_proveedor=@@@82623500-4@@@ WHERE pro_codigo_plu=78017083','',2,'2013-07-20'),(40966,'UPDATE mae_productos SET pro_precio_compra_bruto=268.94,pro_margen_actual=(pro_precio_venta-268.94)/268.94 * 100,pro_ultima_compra=@@@2013.07.20@@@,pro_ultimo_proveedor=@@@82623500-4@@@ WHERE pro_codigo_plu=13551','',2,'2013-07-20'),(40967,'UPDATE mae_productos SET pro_precio_compra_bruto=192,pro_margen_actual=(pro_precio_venta-192)/192 * 100,pro_ultima_compra=@@@2013.07.20@@@,pro_ultimo_proveedor=@@@82623500-4@@@ WHERE pro_codigo_plu=763488','',2,'2013-07-20'),(40968,'UPDATE mae_productos SET pro_precio_compra_bruto=153.51,pro_margen_actual=(pro_precio_venta-153.51)/153.51 * 100,pro_ultima_compra=@@@2013.07.20@@@,pro_ultimo_proveedor=@@@82623500-4@@@ WHERE pro_codigo_plu=780721067','',2,'2013-07-20'),(40969,'UPDATE mae_productos SET pro_precio_compra_bruto=192.7,pro_margen_actual=(pro_precio_venta-192.7)/192.7 * 100,pro_ultima_compra=@@@2013.07.20@@@,pro_ultimo_proveedor=@@@82623500-4@@@ WHERE pro_codigo_plu=763475','',2,'2013-07-20'),(40970,'UPDATE mae_productos SET pro_precio_compra_bruto=196.35,pro_margen_actual=(pro_precio_venta-196.35)/196.35 * 100,pro_ultima_compra=@@@2013.07.20@@@,pro_ultimo_proveedor=@@@82623500-4@@@ WHERE pro_codigo_plu=763493','',2,'2013-07-20'),(40971,'UPDATE mae_productos SET pro_precio_compra_bruto=191.59,pro_margen_actual=(pro_precio_venta-191.59)/191.59 * 100,pro_ultima_compra=@@@2013.07.20@@@,pro_ultimo_proveedor=@@@82623500-4@@@ WHERE pro_codigo_plu=13054','',2,'2013-07-20'),(40972,'UPDATE mae_productos SET pro_precio_compra_bruto=192,pro_margen_actual=(pro_precio_venta-192)/192 * 100,pro_ultima_compra=@@@2013.07.20@@@,pro_ultimo_proveedor=@@@82623500-4@@@ WHERE pro_codigo_plu=764142','',2,'2013-07-20'),(40973,'UPDATE mae_productos SET pro_precio_compra_bruto=192,pro_margen_actual=(pro_precio_venta-192)/192 * 100,pro_ultima_compra=@@@2013.07.20@@@,pro_ultimo_proveedor=@@@82623500-4@@@ WHERE pro_codigo_plu=78017082','',2,'2013-07-20'),(40974,'UPDATE mae_productos SET pro_precio_compra_bruto=98.77,pro_margen_actual=(pro_precio_venta-98.77)/98.77 * 100,pro_ultima_compra=@@@2013.07.20@@@,pro_ultimo_proveedor=@@@82623500-4@@@ WHERE pro_codigo_plu=12976','',2,'2013-07-20'),(40975,'INSERT INTO mae_productos (pro_codigo_plu,pro_codigo_barra,pro_tipo,pro_nombre_producto,pro_nombre_corto,med_id,emb_id,pro_unidades_embalaje,dep_id,lin_id,mar_id,pro_precio_compra_neto,pro_precio_compra_bruto,pro_precio_venta,pro_margen_actual,pro_oferta,pro_fecha_inicio_oferta,pro_fecha_termino_oferta,pro_precio_oferta,pro_stock_minimo,pro_stock_critico,pro_entradas_bodega,pro_salidas_bodega,pro_mermas_bodega,pro_ajustes_bodega,pro_entradas_sv,pro_salidas_sv,pro_mermas_sv,pro_ajustes_sv,pro_activo,rec_numero,pro_unidad,pro_capacidad,pro_consumo_bodega,pro_consumo_sv,pro_estado,pro_funcion_plu,pro_flejes,pro_iva,pro_plu_asociado,pro_envase,pro_duracion,pro_numero_etiqueta) VALUES (780721391,@@@9555022836447@@@,@@@0@@@,@@@PUCH-PIN COLOR CAJA 30UNIDS HAND@@@,@@@PUCH-PIN COLOR C@@@,@@@1 @@@,@@@6 @@@,@@@10@@@,@@@24 @@@,@@@137@@@,@@@2541@@@,@@@0@@@,@@@259.42@@@,@@@1@@@,@@@-99.61@@@,@@@@@@,@@@2006.09.07@@@,@@@2006.09.07@@@,@@@0@@@,@@@10@@@,@@@5@@@,@@@0@@@,@@@0@@@,@@@0@@@,@@@0@@@,@@@0@@@,@@@0@@@,@@@0@@@,@@@0@@@,@@@1@@@,@@@0@@@,0,30,0,0,2,0,1,1,0,@@@NO@@@,0,0)','',2,'2013-07-20'),(40976,'DELETE FROM mae_impuestos_productos WHERE pro_codigo_plu=@@@780721391@@@','',2,'2013-07-20'),(40977,'INSERT INTO mae_productos (pro_codigo_plu,pro_codigo_barra,pro_tipo,pro_nombre_producto,pro_nombre_corto,med_id,emb_id,pro_unidades_embalaje,dep_id,lin_id,mar_id,pro_precio_compra_neto,pro_precio_compra_bruto,pro_precio_venta,pro_margen_actual,pro_oferta,pro_fecha_inicio_oferta,pro_fecha_termino_oferta,pro_precio_oferta,pro_stock_minimo,pro_stock_critico,pro_entradas_bodega,pro_salidas_bodega,pro_mermas_bodega,pro_ajustes_bodega,pro_entradas_sv,pro_salidas_sv,pro_mermas_sv,pro_ajustes_sv,pro_activo,rec_numero,pro_unidad,pro_capacidad,pro_consumo_bodega,pro_consumo_sv,pro_estado,pro_funcion_plu,pro_flejes,pro_iva,pro_plu_asociado,pro_envase,pro_duracion,pro_numero_etiqueta) VALUES (780721392,@@@6921646443782@@@,@@@0@@@,@@@CAMION CON HELICOPTERO@@@,@@@CAMION CON HELIC@@@,@@@1 @@@,@@@9 @@@,@@@0@@@,@@@23 @@@,@@@135@@@,@@@2507@@@,@@@0@@@,@@@0@@@,@@@3590@@@,@@@0@@@,@@@@@@,@@@2013.07.20@@@,@@@2013.07.20@@@,@@@0@@@,@@@2@@@,@@@1@@@,@@@0@@@,@@@0@@@,@@@0@@@,@@@0@@@,@@@0@@@,@@@0@@@,@@@0@@@,@@@0@@@,@@@1@@@,@@@0@@@,0,1,0,0,2,0,1,1,0,@@@NO@@@,0,0)','',2,'2013-07-20'),(40978,'DELETE FROM mae_impuestos_productos WHERE pro_codigo_plu=@@@780721392@@@','',2,'2013-07-20'),(40979,'INSERT INTO mae_productos (pro_codigo_plu,pro_codigo_barra,pro_tipo,pro_nombre_producto,pro_nombre_corto,med_id,emb_id,pro_unidades_embalaje,dep_id,lin_id,mar_id,pro_precio_compra_neto,pro_precio_compra_bruto,pro_precio_venta,pro_margen_actual,pro_oferta,pro_fecha_inicio_oferta,pro_fecha_termino_oferta,pro_precio_oferta,pro_stock_minimo,pro_stock_critico,pro_entradas_bodega,pro_salidas_bodega,pro_mermas_bodega,pro_ajustes_bodega,pro_entradas_sv,pro_salidas_sv,pro_mermas_sv,pro_ajustes_sv,pro_activo,rec_numero,pro_unidad,pro_capacidad,pro_consumo_bodega,pro_consumo_sv,pro_estado,pro_funcion_plu,pro_flejes,pro_iva,pro_plu_asociado,pro_envase,pro_duracion,pro_numero_etiqueta) VALUES (780721393,@@@6991201866851@@@,@@@0@@@,@@@CAMION CON ANIMALES@@@,@@@CAMION CON ANIMA@@@,@@@1 @@@,@@@9 @@@,@@@0@@@,@@@23 @@@,@@@135@@@,@@@2507@@@,@@@0@@@,@@@0@@@,@@@2390@@@,@@@0@@@,@@@@@@,@@@2013.07.20@@@,@@@2013.07.20@@@,@@@0@@@,@@@1@@@,@@@1@@@,@@@0@@@,@@@0@@@,@@@0@@@,@@@0@@@,@@@0@@@,@@@0@@@,@@@0@@@,@@@0@@@,@@@1@@@,@@@0@@@,0,1,0,0,2,0,1,1,0,@@@NO@@@,0,0)','',2,'2013-07-20'),(40980,'DELETE FROM mae_impuestos_productos WHERE pro_codigo_plu=@@@780721393@@@','',2,'2013-07-20'),(40981,'INSERT INTO gne_vale_ferreteria (vfe_id,vfe_fecha,vfe_total,vfe_estado,vfe_entregado,usu_nusuario) VALUES (5857,@@@2013.07.20@@@,590,1,0,@@@admin@@@)','',2,'2013-07-20'),(40982,'INSERT INTO gne_vale_ferreteria_mov (vfe_id,pro_codigo_plu,vfm_cantidad,vfm_unitario,vfm_total,vfm_entregado) VALUES (5857,4098,1,590,590,@@@NO@@@)','',2,'2013-07-20'),(40983,'INSERT INTO mae_productos (pro_codigo_plu,pro_codigo_barra,pro_tipo,pro_nombre_producto,pro_nombre_corto,med_id,emb_id,pro_unidades_embalaje,dep_id,lin_id,mar_id,pro_precio_compra_neto,pro_precio_compra_bruto,pro_precio_venta,pro_margen_actual,pro_oferta,pro_fecha_inicio_oferta,pro_fecha_termino_oferta,pro_precio_oferta,pro_stock_minimo,pro_stock_critico,pro_entradas_bodega,pro_salidas_bodega,pro_mermas_bodega,pro_ajustes_bodega,pro_entradas_sv,pro_salidas_sv,pro_mermas_sv,pro_ajustes_sv,pro_activo,rec_numero,pro_unidad,pro_capacidad,pro_consumo_bodega,pro_consumo_sv,pro_estado,pro_funcion_plu,pro_flejes,pro_iva,pro_plu_asociado,pro_envase,pro_duracion,pro_numero_etiqueta) VALUES (780721394,@@@7807210002342@@@,@@@0@@@,@@@PINTURA GENERO 28CC ARTEL AMARILLA OSCURO@@@,@@@PINTURA GENERO 2@@@,@@@6 @@@,@@@6 @@@,@@@5@@@,@@@24 @@@,@@@137@@@,@@@2407@@@,@@@0@@@,@@@408.17@@@,@@@1@@@,@@@-99.76@@@,@@@@@@,@@@2006.09.07@@@,@@@2006.09.07@@@,@@@0@@@,@@@5@@@,@@@1@@@,@@@0@@@,@@@0@@@,@@@0@@@,@@@0@@@,@@@0@@@,@@@0@@@,@@@0@@@,@@@0@@@,@@@1@@@,@@@0@@@,0,28,0,0,2,0,1,1,0,@@@NO@@@,0,0)','',2,'2013-07-20'),(40984,'DELETE FROM mae_impuestos_productos WHERE pro_codigo_plu=@@@780721394@@@','',2,'2013-07-20'),(40985,'INSERT INTO gne_vale_ferreteria (vfe_id,vfe_fecha,vfe_total,vfe_estado,vfe_entregado,usu_nusuario) VALUES (5858,@@@2013.07.20@@@,1190,1,0,@@@admin@@@)','',2,'2013-07-20'),(40986,'INSERT INTO gne_vale_ferreteria_mov (vfe_id,pro_codigo_plu,vfm_cantidad,vfm_unitario,vfm_total,vfm_entregado) VALUES (5858,764988,1,1190,1190,@@@NO@@@)','',2,'2013-07-20'),(40987,'INSERT INTO gne_vale_ferreteria (vfe_id,vfe_fecha,vfe_total,vfe_estado,vfe_entregado,usu_nusuario) VALUES (5859,@@@2013.07.20@@@,2390,1,0,@@@admin@@@)','',2,'2013-07-20'),(40988,'INSERT INTO gne_vale_ferreteria_mov (vfe_id,pro_codigo_plu,vfm_cantidad,vfm_unitario,vfm_total,vfm_entregado) VALUES (5859,780721393,1,2390,2390,@@@NO@@@)','',2,'2013-07-20'),(40989,'INSERT INTO gne_vale_ferreteria (vfe_id,vfe_fecha,vfe_total,vfe_estado,vfe_entregado,usu_nusuario) VALUES (5860,@@@2013.07.20@@@,790,1,0,@@@admin@@@)','',2,'2013-07-20'),(40990,'INSERT INTO gne_vale_ferreteria_mov (vfe_id,pro_codigo_plu,vfm_cantidad,vfm_unitario,vfm_total,vfm_entregado) VALUES (5860,101454,1,790,790,@@@NO@@@)','',2,'2013-07-20'),(40991,'INSERT INTO gne_vale_ferreteria (vfe_id,vfe_fecha,vfe_total,vfe_estado,vfe_entregado,usu_nusuario) VALUES (5861,@@@2013.07.20@@@,2190,1,0,@@@admin@@@)','',2,'2013-07-20'),(40992,'INSERT INTO gne_vale_ferreteria_mov (vfe_id,pro_codigo_plu,vfm_cantidad,vfm_unitario,vfm_total,vfm_entregado) VALUES (5861,765049,1,2190,2190,@@@NO@@@)','',2,'2013-07-20'),(40993,'INSERT INTO gne_vale_ferreteria (vfe_id,vfe_fecha,vfe_total,vfe_estado,vfe_entregado,usu_nusuario) VALUES (5862,@@@2013.07.20@@@,1100,1,0,@@@admin@@@)','',2,'2013-07-20'),(40994,'INSERT INTO gne_vale_ferreteria_mov (vfe_id,pro_codigo_plu,vfm_cantidad,vfm_unitario,vfm_total,vfm_entregado) VALUES (5862,15491,1,1100,1100,@@@NO@@@)','',2,'2013-07-20'),(40995,'INSERT INTO gne_vale_ferreteria (vfe_id,vfe_fecha,vfe_total,vfe_estado,vfe_entregado,usu_nusuario) VALUES (5863,@@@2013.07.20@@@,100,1,0,@@@admin@@@)','',2,'2013-07-20'),(40996,'INSERT INTO gne_vale_ferreteria_mov (vfe_id,pro_codigo_plu,vfm_cantidad,vfm_unitario,vfm_total,vfm_entregado) VALUES (5863,764383,2,50,100,@@@NO@@@)','',2,'2013-07-20'),(40997,'INSERT INTO gne_vale_ferreteria (vfe_id,vfe_fecha,vfe_total,vfe_estado,vfe_entregado,usu_nusuario) VALUES (5864,@@@2013.07.20@@@,1690,1,0,@@@admin@@@)','',2,'2013-07-20'),(40998,'INSERT INTO gne_vale_ferreteria_mov (vfe_id,pro_codigo_plu,vfm_cantidad,vfm_unitario,vfm_total,vfm_entregado) VALUES (5864,780721104,1,1690,1690,@@@NO@@@)','',2,'2013-07-20'),(40999,'INSERT INTO gne_vale_ferreteria (vfe_id,vfe_fecha,vfe_total,vfe_estado,vfe_entregado,usu_nusuario) VALUES (5865,@@@2013.07.20@@@,940,1,0,@@@admin@@@)','',2,'2013-07-20'),(41000,'INSERT INTO gne_vale_ferreteria_mov (vfe_id,pro_codigo_plu,vfm_cantidad,vfm_unitario,vfm_total,vfm_entregado) VALUES (5865,780220184,1,450,450,@@@NO@@@)','',2,'2013-07-20'),(41001,'INSERT INTO gne_vale_ferreteria_mov (vfe_id,pro_codigo_plu,vfm_cantidad,vfm_unitario,vfm_total,vfm_entregado) VALUES (5865,764253,1,490,490,@@@NO@@@)','',2,'2013-07-20'),(41002,'INSERT INTO gne_vale_ferreteria (vfe_id,vfe_fecha,vfe_total,vfe_estado,vfe_entregado,usu_nusuario) VALUES (5866,@@@2013.07.20@@@,490,1,0,@@@admin@@@)','',2,'2013-07-20'),(41003,'INSERT INTO gne_vale_ferreteria_mov (vfe_id,pro_codigo_plu,vfm_cantidad,vfm_unitario,vfm_total,vfm_entregado) VALUES (5866,14970,1,490,490,@@@NO@@@)','',2,'2013-07-20'),(41004,'INSERT INTO gne_vale_ferreteria (vfe_id,vfe_fecha,vfe_total,vfe_estado,vfe_entregado,usu_nusuario) VALUES (5867,@@@2013.07.20@@@,790,1,0,@@@admin@@@)','',2,'2013-07-20'),(41005,'INSERT INTO gne_vale_ferreteria_mov (vfe_id,pro_codigo_plu,vfm_cantidad,vfm_unitario,vfm_total,vfm_entregado) VALUES (5867,101454,1,790,790,@@@NO@@@)','',2,'2013-07-20'),(41006,'INSERT INTO gne_vale_ferreteria (vfe_id,vfe_fecha,vfe_total,vfe_estado,vfe_entregado,usu_nusuario) VALUES (5868,@@@2013.07.20@@@,690,1,0,@@@admin@@@)','',2,'2013-07-20'),(41007,'INSERT INTO gne_vale_ferreteria_mov (vfe_id,pro_codigo_plu,vfm_cantidad,vfm_unitario,vfm_total,vfm_entregado) VALUES (5868,770066,1,490,490,@@@NO@@@)','',2,'2013-07-20'),(41008,'INSERT INTO gne_vale_ferreteria_mov (vfe_id,pro_codigo_plu,vfm_cantidad,vfm_unitario,vfm_total,vfm_entregado) VALUES (5868,78017238,1,200,200,@@@NO@@@)','',2,'2013-07-20'),(41009,'INSERT INTO com_ventas_grupo (vgr_fecha,vgr_grupo,vgr_cantidad,vgr_total) VALUES (@@@2013.07.19@@@,1,249.2,206010)','',2,'2013-07-20'),(41010,'INSERT INTO com_ventas_grupo (vgr_fecha,vgr_grupo,vgr_cantidad,vgr_total) VALUES (@@@2013.07.19@@@,2,194.215,131213)','',2,'2013-07-20'),(41011,'INSERT INTO com_ventas_grupo (vgr_fecha,vgr_grupo,vgr_cantidad,vgr_total) VALUES (@@@2013.07.19@@@,3,474,92948)','',2,'2013-07-20'),(41012,'INSERT INTO com_ventas_grupo (vgr_fecha,vgr_grupo,vgr_cantidad,vgr_total) VALUES (@@@2013.07.19@@@,4,99,89937)','',2,'2013-07-20'),(41013,'INSERT INTO com_ventas_grupo (vgr_fecha,vgr_grupo,vgr_cantidad,vgr_total) VALUES (@@@2013.07.19@@@,5,11,47728)','',2,'2013-07-20'),(41014,'INSERT INTO com_ventas_grupo (vgr_fecha,vgr_grupo,vgr_cantidad,vgr_total) VALUES (@@@2013.07.19@@@,6,30,64893)','',2,'2013-07-20'),(41015,'INSERT INTO com_ventas_grupo (vgr_fecha,vgr_grupo,vgr_cantidad,vgr_total) VALUES (@@@2013.07.19@@@,7,37,74440)','',2,'2013-07-20'),(41016,'INSERT INTO com_ventas_grupo (vgr_fecha,vgr_grupo,vgr_cantidad,vgr_total) VALUES (@@@2013.07.19@@@,8,146,41240)','',2,'2013-07-20'),(41017,'INSERT INTO com_ventas_grupo (vgr_fecha,vgr_grupo,vgr_cantidad,vgr_total) VALUES (@@@2013.07.19@@@,9,73.125,125572)','',2,'2013-07-20'),(41018,'INSERT INTO com_ventas_grupo (vgr_fecha,vgr_grupo,vgr_cantidad,vgr_total) VALUES (@@@2013.07.19@@@,10,56.34,160459)','',2,'2013-07-20'),(41019,'INSERT INTO com_ventas_grupo (vgr_fecha,vgr_grupo,vgr_cantidad,vgr_total) VALUES (@@@2013.07.19@@@,11,26.52,69864)','',2,'2013-07-20'),(41020,'INSERT INTO com_ventas_grupo (vgr_fecha,vgr_grupo,vgr_cantidad,vgr_total) VALUES (@@@2013.07.19@@@,12,42.15,86478)','',2,'2013-07-20'),(41021,'INSERT INTO com_ventas_grupo (vgr_fecha,vgr_grupo,vgr_cantidad,vgr_total) VALUES (@@@2013.07.19@@@,13,12.25,35902)','',2,'2013-07-20'),(41022,'INSERT INTO com_ventas_grupo (vgr_fecha,vgr_grupo,vgr_cantidad,vgr_total) VALUES (@@@2013.07.19@@@,14,88.72,81270)','',2,'2013-07-20'),(41023,'INSERT INTO com_ventas_grupo (vgr_fecha,vgr_grupo,vgr_cantidad,vgr_total) VALUES (@@@2013.07.19@@@,15,2,3980)','',2,'2013-07-20'),(41024,'INSERT INTO com_ventas_grupo (vgr_fecha,vgr_grupo,vgr_cantidad,vgr_total) VALUES (@@@2013.07.19@@@,18,204.52,117461)','',2,'2013-07-20'),(41025,'INSERT INTO com_ventas_grupo (vgr_fecha,vgr_grupo,vgr_cantidad,vgr_total) VALUES (@@@2013.07.19@@@,20,75.78,33481)','',2,'2013-07-20'),(41026,'INSERT INTO com_ventas_grupo (vgr_fecha,vgr_grupo,vgr_cantidad,vgr_total) VALUES (@@@2013.07.19@@@,21,37,33820)','',2,'2013-07-20'),(41027,'INSERT INTO com_ventas_grupo (vgr_fecha,vgr_grupo,vgr_cantidad,vgr_total) VALUES (@@@2013.07.19@@@,23,4,8360)','',2,'2013-07-20'),(41028,'INSERT INTO com_ventas_grupo (vgr_fecha,vgr_grupo,vgr_cantidad,vgr_total) VALUES (@@@2013.07.19@@@,24,65,12650)','',2,'2013-07-20'),(41029,'INSERT INTO com_ventas_grupo (vgr_fecha,vgr_grupo,vgr_cantidad,vgr_total) VALUES (@@@2013.07.19@@@,25,90,131900)','',2,'2013-07-20'),(41030,'INSERT INTO com_ventas_grupo (vgr_fecha,vgr_grupo,vgr_cantidad,vgr_total) VALUES (@@@2013.07.19@@@,28,1,150)','',2,'2013-07-20'),(41031,'INSERT INTO com_ventas_grupo (vgr_fecha,vgr_grupo,vgr_cantidad,vgr_total) VALUES (@@@2013.07.19@@@,31,15,18890)','',2,'2013-07-20'),(41032,'INSERT INTO com_ventas_grupo (vgr_fecha,vgr_grupo,vgr_cantidad,vgr_total) VALUES (@@@2013.07.19@@@,32,424,129529)','',2,'2013-07-20'),(41033,'INSERT INTO com_ventas_grupo (vgr_fecha,vgr_grupo,vgr_cantidad,vgr_total) VALUES (@@@2013.07.19@@@,33,2,6398)','',2,'2013-07-20'),(41034,'INSERT INTO com_ventas_grupo (vgr_fecha,vgr_grupo,vgr_cantidad,vgr_total) VALUES (@@@2013.07.19@@@,34,3,3600)','',2,'2013-07-20'),(41035,'INSERT INTO com_ventas_grupo (vgr_fecha,vgr_grupo,vgr_cantidad,vgr_total) VALUES (@@@2013.07.19@@@,35,22,29955)','',2,'2013-07-20'),(41036,'INSERT INTO com_ventas_grupo (vgr_fecha,vgr_grupo,vgr_cantidad,vgr_total) VALUES (@@@2013.07.19@@@,36,17,4020)','',2,'2013-07-20'),(41037,'INSERT INTO com_ventas_grupo (vgr_fecha,vgr_grupo,vgr_cantidad,vgr_total) VALUES (@@@2013.07.19@@@,37,3,10230)','',2,'2013-07-20'),(41038,'INSERT INTO com_ventas_grupo (vgr_fecha,vgr_grupo,vgr_cantidad,vgr_total) VALUES (@@@2013.07.19@@@,38,2,2780)','',2,'2013-07-20'),(41039,'INSERT INTO com_ventas_grupo (vgr_fecha,vgr_grupo,vgr_cantidad,vgr_total) VALUES (@@@2013.07.19@@@,39,4,11320)','',2,'2013-07-20'),(41040,'INSERT INTO com_ventas_grupo (vgr_fecha,vgr_grupo,vgr_cantidad,vgr_total) VALUES (@@@2013.07.19@@@,40,5589,5589)','',2,'2013-07-20'),(41041,'INSERT INTO com_ventas_grupo (vgr_fecha,vgr_grupo,vgr_cantidad,vgr_total) VALUES (@@@2013.07.19@@@,42,24.89,25190)','',2,'2013-07-20'),(41042,'UPDATE mae_datos_empresa SET emp_oferta=@@@NO@@@','',2,'2013-07-20'),(41043,'UPDATE mae_productos SET pro_precio_venta=730,pro_margen_actual=31.11, pro_precio_compra_bruto=556.8, pro_precio_compra_neto=467.899159663866 WHERE pro_codigo_plu=100393','',2,'2013-07-20'),(41044,'UPDATE mae_productos SET pro_precio_venta=475,pro_margen_actual=33.95, pro_precio_compra_bruto=354.6, pro_precio_compra_neto=297.983193277311 WHERE pro_codigo_plu=100938','',2,'2013-07-20'),(41045,'UPDATE mae_productos SET pro_precio_venta=8590,pro_margen_actual=33.8, pro_precio_compra_bruto=6420, pro_precio_compra_neto=5394.95798319328 WHERE pro_codigo_plu=13600','',2,'2013-07-20'),(41046,'UPDATE mae_productos SET pro_precio_venta=3490,pro_margen_actual=37.94, pro_precio_compra_bruto=2530, pro_precio_compra_neto=2126.05042016807 WHERE pro_codigo_plu=21429','',2,'2013-07-20'),(41047,'UPDATE mae_productos SET pro_precio_venta=599,pro_margen_actual=35.42, pro_precio_compra_bruto=442.32, pro_precio_compra_neto=371.697478991597 WHERE pro_codigo_plu=780721384','',2,'2013-07-20'),(41048,'UPDATE mae_productos SET pro_precio_venta=599,pro_margen_actual=58.46, pro_precio_compra_bruto=378.02, pro_precio_compra_neto=317.663865546218 WHERE pro_codigo_plu=780721385','',2,'2013-07-20'),(41049,'UPDATE mae_productos SET pro_precio_venta=120,pro_margen_actual=43.45, pro_precio_compra_bruto=83.65, pro_precio_compra_neto=70.2941176470588 WHERE pro_codigo_plu=14593','',2,'2013-07-20'),(41050,'UPDATE mae_productos SET pro_precio_venta=480,pro_margen_actual=36.36, pro_precio_compra_bruto=352, pro_precio_compra_neto=295.798319327731 WHERE pro_codigo_plu=101953','',2,'2013-07-20'),(41051,'UPDATE mae_productos SET pro_precio_venta=1250,pro_margen_actual=29.84, pro_precio_compra_bruto=962.7, pro_precio_compra_neto=808.991596638656 WHERE pro_codigo_plu=13706','',2,'2013-07-20'),(41052,'UPDATE mae_productos SET pro_precio_venta=1150,pro_margen_actual=35.61, pro_precio_compra_bruto=848, pro_precio_compra_neto=712.605042016807 WHERE pro_codigo_plu=10126','',2,'2013-07-20'),(41053,'UPDATE mae_productos SET pro_precio_venta=1740,pro_margen_actual=30.63, pro_precio_compra_bruto=1332, pro_precio_compra_neto=1119.32773109244 WHERE pro_codigo_plu=19177','',2,'2013-07-20'),(41054,'UPDATE mae_productos SET pro_precio_venta=499,pro_margen_actual=49.76, pro_precio_compra_bruto=333.2, pro_precio_compra_neto=280 WHERE pro_codigo_plu=780721386','',2,'2013-07-20'),(41055,'UPDATE mae_productos SET pro_precio_venta=1999,pro_margen_actual=48.65, pro_precio_compra_bruto=1344.8, pro_precio_compra_neto=1130.08403361345 WHERE pro_codigo_plu=15346','',2,'2013-07-20'),(41056,'UPDATE mae_productos SET pro_precio_fiscal=pro_precio_venta WHERE pro_codigo_plu=780721392','',2,'2013-07-20'),(41057,'UPDATE mae_productos SET pro_precio_fiscal=pro_precio_venta WHERE pro_codigo_plu=780721393','',2,'2013-07-20'),(41058,'UPDATE mae_productos SET pro_precio_fiscal=pro_precio_venta WHERE pro_codigo_plu=19177','',2,'2013-07-20'),(41059,'UPDATE mae_productos SET pro_precio_fiscal=pro_precio_venta WHERE pro_codigo_plu=15346','',2,'2013-07-20'),(41060,'UPDATE mae_productos SET pro_precio_fiscal=pro_precio_venta WHERE pro_codigo_plu=780721384','',2,'2013-07-20'),(41061,'UPDATE mae_productos SET pro_precio_fiscal=pro_precio_venta WHERE pro_codigo_plu=21429','',2,'2013-07-20'),(41062,'UPDATE mae_productos SET pro_precio_fiscal=pro_precio_venta WHERE pro_codigo_plu=10126','',2,'2013-07-20'),(41063,'UPDATE mae_productos SET pro_precio_fiscal=pro_precio_venta WHERE pro_codigo_plu=101953','',2,'2013-07-20'),(41064,'UPDATE mae_productos SET pro_precio_fiscal=pro_precio_venta WHERE pro_codigo_plu=100938','',2,'2013-07-20'),(41065,'UPDATE mae_productos SET pro_precio_fiscal=pro_precio_venta WHERE pro_codigo_plu=13600','',2,'2013-07-20'),(41066,'UPDATE mae_productos SET pro_precio_fiscal=pro_precio_venta WHERE pro_codigo_plu=780721385','',2,'2013-07-20'),(41067,'UPDATE mae_productos SET pro_precio_fiscal=pro_precio_venta WHERE pro_codigo_plu=780721386','',2,'2013-07-20'),(41068,'UPDATE mae_productos SET pro_precio_fiscal=pro_precio_venta WHERE pro_codigo_plu=13706','',2,'2013-07-20'),(41069,'UPDATE mae_productos SET pro_precio_fiscal=pro_precio_venta WHERE pro_codigo_plu=14593','',2,'2013-07-20'),(41070,'UPDATE mae_productos SET pro_precio_fiscal=pro_precio_venta WHERE pro_codigo_plu=100393','',2,'2013-07-20'),(41071,'UPDATE mae_productos SET pro_precio_compra_bruto=556.8,pro_margen_actual=(pro_precio_venta-556.8)/556.8 * 100,pro_ultima_compra=@@@2013.07.20@@@,pro_ultimo_proveedor=@@@84348700-9@@@ WHERE pro_codigo_plu=100393','',2,'2013-07-20'),(41072,'UPDATE mae_productos SET pro_precio_compra_bruto=354.6,pro_margen_actual=(pro_precio_venta-354.6)/354.6 * 100,pro_ultima_compra=@@@2013.07.20@@@,pro_ultimo_proveedor=@@@84348700-9@@@ WHERE pro_codigo_plu=100938','',2,'2013-07-20'),(41073,'UPDATE mae_productos SET pro_precio_compra_bruto=1395,pro_margen_actual=(pro_precio_venta-1395)/1395 * 100,pro_ultima_compra=@@@2013.07.20@@@,pro_ultimo_proveedor=@@@84348700-9@@@ WHERE pro_codigo_plu=102004','',2,'2013-07-20'),(41074,'UPDATE mae_productos SET pro_precio_compra_bruto=6420,pro_margen_actual=(pro_precio_venta-6420)/6420 * 100,pro_ultima_compra=@@@2013.07.20@@@,pro_ultimo_proveedor=@@@84348700-9@@@ WHERE pro_codigo_plu=13600','',2,'2013-07-20'),(41075,'UPDATE mae_productos SET pro_precio_compra_bruto=728.9,pro_margen_actual=(pro_precio_venta-728.9)/728.9 * 100,pro_ultima_compra=@@@2013.07.20@@@,pro_ultimo_proveedor=@@@84348700-9@@@ WHERE pro_codigo_plu=11129','',2,'2013-07-20'),(41076,'UPDATE mae_productos SET pro_precio_compra_bruto=2530,pro_margen_actual=(pro_precio_venta-2530)/2530 * 100,pro_ultima_compra=@@@2013.07.20@@@,pro_ultimo_proveedor=@@@84348700-9@@@ WHERE pro_codigo_plu=21429','',2,'2013-07-20'),(41077,'UPDATE mae_productos SET pro_precio_compra_bruto=442.32,pro_margen_actual=(pro_precio_venta-442.32)/442.32 * 100,pro_ultima_compra=@@@2013.07.20@@@,pro_ultimo_proveedor=@@@84348700-9@@@ WHERE pro_codigo_plu=780721384','',2,'2013-07-20'),(41078,'UPDATE mae_productos SET pro_precio_compra_bruto=378.02,pro_margen_actual=(pro_precio_venta-378.02)/378.02 * 100,pro_ultima_compra=@@@2013.07.20@@@,pro_ultimo_proveedor=@@@84348700-9@@@ WHERE pro_codigo_plu=780721385','',2,'2013-07-20'),(41079,'UPDATE mae_productos SET pro_precio_compra_bruto=275.08,pro_margen_actual=(pro_precio_venta-275.08)/275.08 * 100,pro_ultima_compra=@@@2013.07.20@@@,pro_ultimo_proveedor=@@@84348700-9@@@ WHERE pro_codigo_plu=14654','',2,'2013-07-20'),(41080,'UPDATE mae_productos SET pro_precio_compra_bruto=83.65,pro_margen_actual=(pro_precio_venta-83.65)/83.65 * 100,pro_ultima_compra=@@@2013.07.20@@@,pro_ultimo_proveedor=@@@84348700-9@@@ WHERE pro_codigo_plu=14593','',2,'2013-07-20'),(41081,'UPDATE mae_productos SET pro_precio_compra_bruto=625,pro_margen_actual=(pro_precio_venta-625)/625 * 100,pro_ultima_compra=@@@2013.07.20@@@,pro_ultimo_proveedor=@@@84348700-9@@@ WHERE pro_codigo_plu=11025','',2,'2013-07-20'),(41082,'UPDATE mae_productos SET pro_precio_compra_bruto=791.7,pro_margen_actual=(pro_precio_venta-791.7)/791.7 * 100,pro_ultima_compra=@@@2013.07.20@@@,pro_ultimo_proveedor=@@@84348700-9@@@ WHERE pro_codigo_plu=20177','',2,'2013-07-20'),(41083,'UPDATE mae_productos SET pro_precio_compra_bruto=791.7,pro_margen_actual=(pro_precio_venta-791.7)/791.7 * 100,pro_ultima_compra=@@@2013.07.20@@@,pro_ultimo_proveedor=@@@84348700-9@@@ WHERE pro_codigo_plu=20180','',2,'2013-07-20'),(41084,'UPDATE mae_productos SET pro_precio_compra_bruto=791.7,pro_margen_actual=(pro_precio_venta-791.7)/791.7 * 100,pro_ultima_compra=@@@2013.07.20@@@,pro_ultimo_proveedor=@@@84348700-9@@@ WHERE pro_codigo_plu=20181','',2,'2013-07-20'),(41085,'UPDATE mae_productos SET pro_precio_compra_bruto=791.7,pro_margen_actual=(pro_precio_venta-791.7)/791.7 * 100,pro_ultima_compra=@@@2013.07.20@@@,pro_ultimo_proveedor=@@@84348700-9@@@ WHERE pro_codigo_plu=20183','',2,'2013-07-20'),(41086,'UPDATE mae_productos SET pro_precio_compra_bruto=201.3,pro_margen_actual=(pro_precio_venta-201.3)/201.3 * 100,pro_ultima_compra=@@@2013.07.20@@@,pro_ultimo_proveedor=@@@84348700-9@@@ WHERE pro_codigo_plu=18799','',2,'2013-07-20'),(41087,'UPDATE mae_productos SET pro_precio_compra_bruto=458,pro_margen_actual=(pro_precio_venta-458)/458 * 100,pro_ultima_compra=@@@2013.07.20@@@,pro_ultimo_proveedor=@@@84348700-9@@@ WHERE pro_codigo_plu=14106','',2,'2013-07-20'),(41088,'UPDATE mae_productos SET pro_precio_compra_bruto=352,pro_margen_actual=(pro_precio_venta-352)/352 * 100,pro_ultima_compra=@@@2013.07.20@@@,pro_ultimo_proveedor=@@@84348700-9@@@ WHERE pro_codigo_plu=14851','',2,'2013-07-20'),(41089,'UPDATE mae_productos SET pro_precio_compra_bruto=352,pro_margen_actual=(pro_precio_venta-352)/352 * 100,pro_ultima_compra=@@@2013.07.20@@@,pro_ultimo_proveedor=@@@84348700-9@@@ WHERE pro_codigo_plu=101953','',2,'2013-07-20'),(41090,'UPDATE mae_productos SET pro_precio_compra_bruto=962.7,pro_margen_actual=(pro_precio_venta-962.7)/962.7 * 100,pro_ultima_compra=@@@2013.07.20@@@,pro_ultimo_proveedor=@@@84348700-9@@@ WHERE pro_codigo_plu=101864','',2,'2013-07-20'),(41091,'UPDATE mae_productos SET pro_precio_compra_bruto=962.7,pro_margen_actual=(pro_precio_venta-962.7)/962.7 * 100,pro_ultima_compra=@@@2013.07.20@@@,pro_ultimo_proveedor=@@@84348700-9@@@ WHERE pro_codigo_plu=13706','',2,'2013-07-20'),(41092,'UPDATE mae_productos SET pro_precio_compra_bruto=962.7,pro_margen_actual=(pro_precio_venta-962.7)/962.7 * 100,pro_ultima_compra=@@@2013.07.20@@@,pro_ultimo_proveedor=@@@84348700-9@@@ WHERE pro_codigo_plu=20660','',2,'2013-07-20'),(41093,'UPDATE mae_productos SET pro_precio_compra_bruto=848,pro_margen_actual=(pro_precio_venta-848)/848 * 100,pro_ultima_compra=@@@2013.07.20@@@,pro_ultimo_proveedor=@@@84348700-9@@@ WHERE pro_codigo_plu=10126','',2,'2013-07-20'),(41094,'UPDATE mae_productos SET pro_precio_compra_bruto=1332,pro_margen_actual=(pro_precio_venta-1332)/1332 * 100,pro_ultima_compra=@@@2013.07.20@@@,pro_ultimo_proveedor=@@@84348700-9@@@ WHERE pro_codigo_plu=20056','',2,'2013-07-20'),(41095,'UPDATE mae_productos SET pro_precio_compra_bruto=1332,pro_margen_actual=(pro_precio_venta-1332)/1332 * 100,pro_ultima_compra=@@@2013.07.20@@@,pro_ultimo_proveedor=@@@84348700-9@@@ WHERE pro_codigo_plu=19177','',2,'2013-07-20'),(41096,'UPDATE mae_productos SET pro_precio_compra_bruto=333.2,pro_margen_actual=(pro_precio_venta-333.2)/333.2 * 100,pro_ultima_compra=@@@2013.07.20@@@,pro_ultimo_proveedor=@@@84348700-9@@@ WHERE pro_codigo_plu=780721386','',2,'2013-07-20'),(41097,'UPDATE mae_productos SET pro_precio_compra_bruto=962.7,pro_margen_actual=(pro_precio_venta-962.7)/962.7 * 100,pro_ultima_compra=@@@2013.07.20@@@,pro_ultimo_proveedor=@@@84348700-9@@@ WHERE pro_codigo_plu=763301','',2,'2013-07-20'),(41098,'UPDATE mae_productos SET pro_precio_compra_bruto=2069,pro_margen_actual=(pro_precio_venta-2069)/2069 * 100,pro_ultima_compra=@@@2013.07.20@@@,pro_ultimo_proveedor=@@@84348700-9@@@ WHERE pro_codigo_plu=762144','',2,'2013-07-20'),(41099,'UPDATE mae_productos SET pro_precio_compra_bruto=2069,pro_margen_actual=(pro_precio_venta-2069)/2069 * 100,pro_ultima_compra=@@@2013.07.20@@@,pro_ultimo_proveedor=@@@84348700-9@@@ WHERE pro_codigo_plu=15407','',2,'2013-07-20'),(41100,'UPDATE mae_productos SET pro_precio_compra_bruto=1344.8,pro_margen_actual=(pro_precio_venta-1344.8)/1344.8 * 100,pro_ultima_compra=@@@2013.07.20@@@,pro_ultimo_proveedor=@@@84348700-9@@@ WHERE pro_codigo_plu=15346','',2,'2013-07-20'),(41101,'UPDATE mae_productos SET pro_precio_venta=13650,pro_margen_actual=30.08, pro_precio_compra_bruto=10493.42, pro_precio_compra_neto=8818 WHERE pro_codigo_plu=21345','',2,'2013-07-20'),(41102,'UPDATE mae_productos SET pro_precio_venta=130,pro_margen_actual=65.52, pro_precio_compra_bruto=78.54, pro_precio_compra_neto=66 WHERE pro_codigo_plu=780721387','',2,'2013-07-20'),(41103,'UPDATE mae_productos SET pro_precio_venta=399,pro_margen_actual=49.05, pro_precio_compra_bruto=267.7, pro_precio_compra_neto=224.957983193277 WHERE pro_codigo_plu=780721388','',2,'2013-07-20'),(41104,'UPDATE mae_productos SET pro_precio_venta=1100,pro_margen_actual=54.84, pro_precio_compra_bruto=710.43, pro_precio_compra_neto=597 WHERE pro_codigo_plu=780721389','',2,'2013-07-20'),(41105,'UPDATE mae_productos SET pro_precio_venta=1050,pro_margen_actual=55.35, pro_precio_compra_bruto=675.9, pro_precio_compra_neto=567.983193277311 WHERE pro_codigo_plu=780721390','',2,'2013-07-20'),(41106,'UPDATE mae_productos SET pro_precio_venta=650,pro_margen_actual=43.36, pro_precio_compra_bruto=453.39, pro_precio_compra_neto=381 WHERE pro_codigo_plu=764764','',2,'2013-07-20'),(41107,'UPDATE mae_productos SET pro_precio_venta=399,pro_margen_actual=53.8, pro_precio_compra_bruto=259.42, pro_precio_compra_neto=218 WHERE pro_codigo_plu=780721391','',2,'2013-07-20'),(41108,'UPDATE mae_productos SET pro_precio_venta=595,pro_margen_actual=45.77, pro_precio_compra_bruto=408.17, pro_precio_compra_neto=343 WHERE pro_codigo_plu=780721394','',2,'2013-07-20'),(41109,'UPDATE mae_productos SET pro_precio_fiscal=pro_precio_venta WHERE pro_codigo_plu=780721388','',2,'2013-07-20'),(41110,'UPDATE mae_productos SET pro_precio_fiscal=pro_precio_venta WHERE pro_codigo_plu=780721387','',2,'2013-07-20'),(41111,'UPDATE mae_productos SET pro_precio_fiscal=pro_precio_venta WHERE pro_codigo_plu=764764','',2,'2013-07-20'),(41112,'UPDATE mae_productos SET pro_precio_fiscal=pro_precio_venta WHERE pro_codigo_plu=21345','',2,'2013-07-20'),(41113,'UPDATE mae_productos SET pro_precio_fiscal=pro_precio_venta WHERE pro_codigo_plu=780721389','',2,'2013-07-20'),(41114,'UPDATE mae_productos SET pro_precio_fiscal=pro_precio_venta WHERE pro_codigo_plu=780721394','',2,'2013-07-20'),(41115,'UPDATE mae_productos SET pro_precio_fiscal=pro_precio_venta WHERE pro_codigo_plu=780721390','',2,'2013-07-20'),(41116,'UPDATE mae_productos SET pro_precio_fiscal=pro_precio_venta WHERE pro_codigo_plu=780721391','',2,'2013-07-20'),(41117,'INSERT INTO gne_vale_ferreteria (vfe_id,vfe_fecha,vfe_total,vfe_estado,vfe_entregado,usu_nusuario) VALUES (5869,@@@2013.07.20@@@,1400,1,0,@@@m_martinez@@@)','',2,'2013-07-20'),(41118,'INSERT INTO gne_vale_ferreteria_mov (vfe_id,pro_codigo_plu,vfm_cantidad,vfm_unitario,vfm_total,vfm_entregado) VALUES (5869,78017028,20,70,1400,@@@NO@@@)','',2,'2013-07-20'),(41119,'UPDATE mae_productos SET pro_precio_compra_bruto=10493.42,pro_margen_actual=(pro_precio_venta-10493.42)/10493.42 * 100,pro_ultima_compra=@@@2013.07.20@@@,pro_ultimo_proveedor=@@@76041579-0@@@ WHERE pro_codigo_plu=21345','',2,'2013-07-20'),(41120,'UPDATE mae_productos SET pro_precio_compra_bruto=911.54,pro_margen_actual=(pro_precio_venta-911.54)/911.54 * 100,pro_ultima_compra=@@@2013.07.20@@@,pro_ultimo_proveedor=@@@76041579-0@@@ WHERE pro_codigo_plu=8689','',2,'2013-07-20'),(41121,'UPDATE mae_productos SET pro_precio_compra_bruto=78.54,pro_margen_actual=(pro_precio_venta-78.54)/78.54 * 100,pro_ultima_compra=@@@2013.07.20@@@,pro_ultimo_proveedor=@@@76041579-0@@@ WHERE pro_codigo_plu=780721387','',2,'2013-07-20'),(41122,'UPDATE mae_productos SET pro_precio_compra_bruto=267.7,pro_margen_actual=(pro_precio_venta-267.7)/267.7 * 100,pro_ultima_compra=@@@2013.07.20@@@,pro_ultimo_proveedor=@@@76041579-0@@@ WHERE pro_codigo_plu=780721388','',2,'2013-07-20'),(41123,'UPDATE mae_productos SET pro_precio_compra_bruto=178,pro_margen_actual=(pro_precio_venta-178)/178 * 100,pro_ultima_compra=@@@2013.07.20@@@,pro_ultimo_proveedor=@@@76041579-0@@@ WHERE pro_codigo_plu=19918','',2,'2013-07-20'),(41124,'UPDATE mae_productos SET pro_precio_compra_bruto=454.5,pro_margen_actual=(pro_precio_venta-454.5)/454.5 * 100,pro_ultima_compra=@@@2013.07.20@@@,pro_ultimo_proveedor=@@@76041579-0@@@ WHERE pro_codigo_plu=763812','',2,'2013-07-20'),(41125,'UPDATE mae_productos SET pro_precio_compra_bruto=710.43,pro_margen_actual=(pro_precio_venta-710.43)/710.43 * 100,pro_ultima_compra=@@@2013.07.20@@@,pro_ultimo_proveedor=@@@76041579-0@@@ WHERE pro_codigo_plu=780721389','',2,'2013-07-20'),(41126,'UPDATE mae_productos SET pro_precio_compra_bruto=65.45,pro_margen_actual=(pro_precio_venta-65.45)/65.45 * 100,pro_ultima_compra=@@@2013.07.20@@@,pro_ultimo_proveedor=@@@76041579-0@@@ WHERE pro_codigo_plu=764160','',2,'2013-07-20'),(41127,'UPDATE mae_productos SET pro_precio_compra_bruto=65.45,pro_margen_actual=(pro_precio_venta-65.45)/65.45 * 100,pro_ultima_compra=@@@2013.07.20@@@,pro_ultimo_proveedor=@@@76041579-0@@@ WHERE pro_codigo_plu=78017004','',2,'2013-07-20'),(41128,'UPDATE mae_productos SET pro_precio_compra_bruto=277.27,pro_margen_actual=(pro_precio_venta-277.27)/277.27 * 100,pro_ultima_compra=@@@2013.07.20@@@,pro_ultimo_proveedor=@@@76041579-0@@@ WHERE pro_codigo_plu=770066','',2,'2013-07-20'),(41129,'UPDATE mae_productos SET pro_precio_compra_bruto=786.5,pro_margen_actual=(pro_precio_venta-786.5)/786.5 * 100,pro_ultima_compra=@@@2013.07.20@@@,pro_ultimo_proveedor=@@@76041579-0@@@ WHERE pro_codigo_plu=15490','',2,'2013-07-20'),(41130,'UPDATE mae_productos SET pro_precio_compra_bruto=675.9,pro_margen_actual=(pro_precio_venta-675.9)/675.9 * 100,pro_ultima_compra=@@@2013.07.20@@@,pro_ultimo_proveedor=@@@76041579-0@@@ WHERE pro_codigo_plu=780721390','',2,'2013-07-20'),(41131,'UPDATE mae_productos SET pro_precio_compra_bruto=73.78,pro_margen_actual=(pro_precio_venta-73.78)/73.78 * 100,pro_ultima_compra=@@@2013.07.20@@@,pro_ultimo_proveedor=@@@76041579-0@@@ WHERE pro_codigo_plu=78017043','',2,'2013-07-20'),(41132,'UPDATE mae_productos SET pro_precio_compra_bruto=12.23,pro_margen_actual=(pro_precio_venta-12.23)/12.23 * 100,pro_ultima_compra=@@@2013.07.20@@@,pro_ultimo_proveedor=@@@76041579-0@@@ WHERE pro_codigo_plu=764770','',2,'2013-07-20'),(41133,'UPDATE mae_productos SET pro_precio_compra_bruto=453.39,pro_margen_actual=(pro_precio_venta-453.39)/453.39 * 100,pro_ultima_compra=@@@2013.07.20@@@,pro_ultimo_proveedor=@@@76041579-0@@@ WHERE pro_codigo_plu=764764','',2,'2013-07-20'),(41134,'UPDATE mae_productos SET pro_precio_compra_bruto=259.42,pro_margen_actual=(pro_precio_venta-259.42)/259.42 * 100,pro_ultima_compra=@@@2013.07.20@@@,pro_ultimo_proveedor=@@@76041579-0@@@ WHERE pro_codigo_plu=780721391','',2,'2013-07-20'),(41135,'UPDATE mae_productos SET pro_precio_compra_bruto=408.17,pro_margen_actual=(pro_precio_venta-408.17)/408.17 * 100,pro_ultima_compra=@@@2013.07.20@@@,pro_ultimo_proveedor=@@@76041579-0@@@ WHERE pro_codigo_plu=764299','',2,'2013-07-20'),(41136,'UPDATE mae_productos SET pro_precio_compra_bruto=408.17,pro_margen_actual=(pro_precio_venta-408.17)/408.17 * 100,pro_ultima_compra=@@@2013.07.20@@@,pro_ultimo_proveedor=@@@76041579-0@@@ WHERE pro_codigo_plu=780721394','',2,'2013-07-20'),(41137,'UPDATE mae_productos SET pro_precio_compra_bruto=408.17,pro_margen_actual=(pro_precio_venta-408.17)/408.17 * 100,pro_ultima_compra=@@@2013.07.20@@@,pro_ultimo_proveedor=@@@76041579-0@@@ WHERE pro_codigo_plu=764308','',2,'2013-07-20'),(41138,'UPDATE mae_productos SET pro_precio_compra_bruto=173.7,pro_margen_actual=(pro_precio_venta-173.7)/173.7 * 100,pro_ultima_compra=@@@2013.07.20@@@,pro_ultimo_proveedor=@@@76041579-0@@@ WHERE pro_codigo_plu=780220197','',2,'2013-07-20'),(41139,'UPDATE mae_productos SET pro_precio_compra_bruto=178.5,pro_margen_actual=(pro_precio_venta-178.5)/178.5 * 100,pro_ultima_compra=@@@2013.07.20@@@,pro_ultimo_proveedor=@@@76041579-0@@@ WHERE pro_codigo_plu=780220196','',2,'2013-07-20'),(41140,'UPDATE mae_productos SET pro_precio_compra_bruto=133.3,pro_margen_actual=(pro_precio_venta-133.3)/133.3 * 100,pro_ultima_compra=@@@2013.07.20@@@,pro_ultimo_proveedor=@@@76041579-0@@@ WHERE pro_codigo_plu=765064','',2,'2013-07-20'),(41141,'UPDATE mae_productos SET pro_precio_compra_bruto=408.17,pro_margen_actual=(pro_precio_venta-408.17)/408.17 * 100,pro_ultima_compra=@@@2013.07.20@@@,pro_ultimo_proveedor=@@@76041579-0@@@ WHERE pro_codigo_plu=764306','',2,'2013-07-20'),(41142,'UPDATE mae_productos SET pro_precio_compra_bruto=408.17,pro_margen_actual=(pro_precio_venta-408.17)/408.17 * 100,pro_ultima_compra=@@@2013.07.20@@@,pro_ultimo_proveedor=@@@76041579-0@@@ WHERE pro_codigo_plu=764305','',2,'2013-07-20'),(41143,'INSERT INTO gne_vale_ferreteria (vfe_id,vfe_fecha,vfe_total,vfe_estado,vfe_entregado,usu_nusuario) VALUES (5870,@@@2013.07.20@@@,300,1,0,@@@m_martinez@@@)','',2,'2013-07-20'),(41144,'INSERT INTO gne_vale_ferreteria_mov (vfe_id,pro_codigo_plu,vfm_cantidad,vfm_unitario,vfm_total,vfm_entregado) VALUES (5870,2004,1,300,300,@@@NO@@@)','',2,'2013-07-20'),(41145,'INSERT INTO gne_vale_ferreteria (vfe_id,vfe_fecha,vfe_total,vfe_estado,vfe_entregado,usu_nusuario) VALUES (5871,@@@2013.07.20@@@,100,1,0,@@@m_martinez@@@)','',2,'2013-07-20'),(41146,'INSERT INTO gne_vale_ferreteria_mov (vfe_id,pro_codigo_plu,vfm_cantidad,vfm_unitario,vfm_total,vfm_entregado) VALUES (5871,20368,1,100,100,@@@NO@@@)','',2,'2013-07-20'),(41147,'INSERT INTO gne_vale_ferreteria (vfe_id,vfe_fecha,vfe_total,vfe_estado,vfe_entregado,usu_nusuario) VALUES (5872,@@@2013.07.20@@@,4780,1,0,@@@m_martinez@@@)','',2,'2013-07-20'),(41148,'INSERT INTO gne_vale_ferreteria_mov (vfe_id,pro_codigo_plu,vfm_cantidad,vfm_unitario,vfm_total,vfm_entregado) VALUES (5872,20460,1,1890,1890,@@@NO@@@)','',2,'2013-07-20'),(41149,'INSERT INTO gne_vale_ferreteria_mov (vfe_id,pro_codigo_plu,vfm_cantidad,vfm_unitario,vfm_total,vfm_entregado) VALUES (5872,764514,1,1890,1890,@@@NO@@@)','',2,'2013-07-20'),(41150,'INSERT INTO gne_vale_ferreteria_mov (vfe_id,pro_codigo_plu,vfm_cantidad,vfm_unitario,vfm_total,vfm_entregado) VALUES (5872,6005,1,1000,1000,@@@NO@@@)','',2,'2013-07-20'),(41151,'INSERT INTO gne_vale_ferreteria (vfe_id,vfe_fecha,vfe_total,vfe_estado,vfe_entregado,usu_nusuario) VALUES (5873,@@@2013.07.20@@@,6780,1,0,@@@m_martinez@@@)','',2,'2013-07-20'),(41152,'INSERT INTO gne_vale_ferreteria_mov (vfe_id,pro_codigo_plu,vfm_cantidad,vfm_unitario,vfm_total,vfm_entregado) VALUES (5873,764974,1,3990,3990,@@@NO@@@)','',2,'2013-07-20'),(41153,'INSERT INTO gne_vale_ferreteria_mov (vfe_id,pro_codigo_plu,vfm_cantidad,vfm_unitario,vfm_total,vfm_entregado) VALUES (5873,780721250,1,2790,2790,@@@NO@@@)','',2,'2013-07-20'),(41154,'INSERT INTO gne_vale_ferreteria (vfe_id,vfe_fecha,vfe_total,vfe_estado,vfe_entregado,usu_nusuario) VALUES (5874,@@@2013.07.20@@@,8270,1,0,@@@m_martinez@@@)','',2,'2013-07-20'),(41155,'INSERT INTO gne_vale_ferreteria_mov (vfe_id,pro_codigo_plu,vfm_cantidad,vfm_unitario,vfm_total,vfm_entregado) VALUES (5874,780721250,1,2790,2790,@@@NO@@@)','',2,'2013-07-20'),(41156,'INSERT INTO gne_vale_ferreteria_mov (vfe_id,pro_codigo_plu,vfm_cantidad,vfm_unitario,vfm_total,vfm_entregado) VALUES (5874,764974,1,3990,3990,@@@NO@@@)','',2,'2013-07-20'),(41157,'INSERT INTO gne_vale_ferreteria_mov (vfe_id,pro_codigo_plu,vfm_cantidad,vfm_unitario,vfm_total,vfm_entregado) VALUES (5874,780721320,1,1490,1490,@@@NO@@@)','',2,'2013-07-20'),(41158,'INSERT INTO gne_vale_ferreteria (vfe_id,vfe_fecha,vfe_total,vfe_estado,vfe_entregado,usu_nusuario) VALUES (5875,@@@2013.07.20@@@,3780,1,0,@@@m_martinez@@@)','',2,'2013-07-20'),(41159,'INSERT INTO gne_vale_ferreteria_mov (vfe_id,pro_codigo_plu,vfm_cantidad,vfm_unitario,vfm_total,vfm_entregado) VALUES (5875,764650,1,2190,2190,@@@NO@@@)','',2,'2013-07-20'),(41160,'INSERT INTO gne_vale_ferreteria_mov (vfe_id,pro_codigo_plu,vfm_cantidad,vfm_unitario,vfm_total,vfm_entregado) VALUES (5875,765031,1,1590,1590,@@@NO@@@)','',2,'2013-07-20'),(41161,'INSERT INTO gne_vale_ferreteria (vfe_id,vfe_fecha,vfe_total,vfe_estado,vfe_entregado,usu_nusuario) VALUES (5876,@@@2013.07.20@@@,1980,1,0,@@@m_martinez@@@)','',2,'2013-07-20'),(41162,'INSERT INTO gne_vale_ferreteria_mov (vfe_id,pro_codigo_plu,vfm_cantidad,vfm_unitario,vfm_total,vfm_entregado) VALUES (5876,764955,1,1490,1490,@@@NO@@@)','',2,'2013-07-20'),(41163,'INSERT INTO gne_vale_ferreteria_mov (vfe_id,pro_codigo_plu,vfm_cantidad,vfm_unitario,vfm_total,vfm_entregado) VALUES (5876,764427,1,490,490,@@@NO@@@)','',2,'2013-07-20'),(41164,'INSERT INTO gne_vale_ferreteria (vfe_id,vfe_fecha,vfe_total,vfe_estado,vfe_entregado,usu_nusuario) VALUES (5877,@@@2013.07.20@@@,6990,1,0,@@@m_martinez@@@)','',2,'2013-07-20'),(41165,'INSERT INTO gne_vale_ferreteria_mov (vfe_id,pro_codigo_plu,vfm_cantidad,vfm_unitario,vfm_total,vfm_entregado) VALUES (5877,880011,1,6990,6990,@@@NO@@@)','',2,'2013-07-20'),(41166,'INSERT INTO gne_vale_ferreteria (vfe_id,vfe_fecha,vfe_total,vfe_estado,vfe_entregado,usu_nusuario) VALUES (5878,@@@2013.07.20@@@,120,1,0,@@@m_martinez@@@)','',2,'2013-07-20'),(41167,'INSERT INTO gne_vale_ferreteria_mov (vfe_id,pro_codigo_plu,vfm_cantidad,vfm_unitario,vfm_total,vfm_entregado) VALUES (5878,780721125,1,120,120,@@@NO@@@)','',2,'2013-07-20'),(41168,'INSERT INTO gne_vale_ferreteria (vfe_id,vfe_fecha,vfe_total,vfe_estado,vfe_entregado,usu_nusuario) VALUES (5879,@@@2013.07.20@@@,1690,1,0,@@@m_martinez@@@)','',2,'2013-07-20'),(41169,'INSERT INTO gne_vale_ferreteria_mov (vfe_id,pro_codigo_plu,vfm_cantidad,vfm_unitario,vfm_total,vfm_entregado) VALUES (5879,780721316,1,1690,1690,@@@NO@@@)','',2,'2013-07-20'),(41170,'INSERT INTO gne_vale_ferreteria (vfe_id,vfe_fecha,vfe_total,vfe_estado,vfe_entregado,usu_nusuario) VALUES (5880,@@@2013.07.20@@@,950,1,0,@@@m_martinez@@@)','',2,'2013-07-20'),(41171,'INSERT INTO gne_vale_ferreteria_mov (vfe_id,pro_codigo_plu,vfm_cantidad,vfm_unitario,vfm_total,vfm_entregado) VALUES (5880,770033,20,40,800,@@@NO@@@)','',2,'2013-07-20'),(41172,'INSERT INTO gne_vale_ferreteria_mov (vfe_id,pro_codigo_plu,vfm_cantidad,vfm_unitario,vfm_total,vfm_entregado) VALUES (5880,8021,1,150,150,@@@NO@@@)','',2,'2013-07-20'),(41173,'INSERT INTO gne_vale_ferreteria (vfe_id,vfe_fecha,vfe_total,vfe_estado,vfe_entregado,usu_nusuario) VALUES (5881,@@@2013.07.20@@@,150,1,0,@@@m_martinez@@@)','',2,'2013-07-20'),(41174,'INSERT INTO gne_vale_ferreteria_mov (vfe_id,pro_codigo_plu,vfm_cantidad,vfm_unitario,vfm_total,vfm_entregado) VALUES (5881,764580,1,150,150,@@@NO@@@)','',2,'2013-07-20'),(41175,'INSERT INTO gne_vale_ferreteria (vfe_id,vfe_fecha,vfe_total,vfe_estado,vfe_entregado,usu_nusuario) VALUES (5882,@@@2013.07.20@@@,960,1,0,@@@m_martinez@@@)','',2,'2013-07-20'),(41176,'INSERT INTO gne_vale_ferreteria_mov (vfe_id,pro_codigo_plu,vfm_cantidad,vfm_unitario,vfm_total,vfm_entregado) VALUES (5882,764823,12,80,960,@@@NO@@@)','',2,'2013-07-20'),(41177,'INSERT INTO gne_vale_ferreteria (vfe_id,vfe_fecha,vfe_total,vfe_estado,vfe_entregado,usu_nusuario) VALUES (5883,@@@2013.07.20@@@,3170,1,0,@@@m_martinez@@@)','',2,'2013-07-20'),(41178,'INSERT INTO gne_vale_ferreteria_mov (vfe_id,pro_codigo_plu,vfm_cantidad,vfm_unitario,vfm_total,vfm_entregado) VALUES (5883,1538,1,490,490,@@@NO@@@)','',2,'2013-07-20'),(41179,'INSERT INTO gne_vale_ferreteria_mov (vfe_id,pro_codigo_plu,vfm_cantidad,vfm_unitario,vfm_total,vfm_entregado) VALUES (5883,764514,1,1890,1890,@@@NO@@@)','',2,'2013-07-20'),(41180,'INSERT INTO gne_vale_ferreteria_mov (vfe_id,pro_codigo_plu,vfm_cantidad,vfm_unitario,vfm_total,vfm_entregado) VALUES (5883,1540,1,300,300,@@@NO@@@)','',2,'2013-07-20'),(41181,'INSERT INTO gne_vale_ferreteria_mov (vfe_id,pro_codigo_plu,vfm_cantidad,vfm_unitario,vfm_total,vfm_entregado) VALUES (5883,1552,1,490,490,@@@NO@@@)','',2,'2013-07-20'),(41182,'INSERT INTO gne_vale_ferreteria (vfe_id,vfe_fecha,vfe_total,vfe_estado,vfe_entregado,usu_nusuario) VALUES (5884,@@@2013.07.20@@@,1490,1,0,@@@m_martinez@@@)','',2,'2013-07-20'),(41183,'INSERT INTO gne_vale_ferreteria_mov (vfe_id,pro_codigo_plu,vfm_cantidad,vfm_unitario,vfm_total,vfm_entregado) VALUES (5884,764564,1,1490,1490,@@@NO@@@)','',2,'2013-07-20'),(41184,'INSERT INTO mae_productos (pro_codigo_plu,pro_codigo_barra,pro_tipo,pro_nombre_producto,pro_nombre_corto,med_id,emb_id,pro_unidades_embalaje,dep_id,lin_id,mar_id,pro_precio_compra_neto,pro_precio_compra_bruto,pro_precio_venta,pro_margen_actual,pro_oferta,pro_fecha_inicio_oferta,pro_fecha_termino_oferta,pro_precio_oferta,pro_stock_minimo,pro_stock_critico,pro_entradas_bodega,pro_salidas_bodega,pro_mermas_bodega,pro_ajustes_bodega,pro_entradas_sv,pro_salidas_sv,pro_mermas_sv,pro_ajustes_sv,pro_activo,rec_numero,pro_unidad,pro_capacidad,pro_consumo_bodega,pro_consumo_sv,pro_estado,pro_funcion_plu,pro_flejes,pro_iva,pro_plu_asociado,pro_envase,pro_duracion,pro_numero_etiqueta) VALUES (780721395,@@@7802175455530@@@,@@@0@@@,@@@RON SIERRA MORENA AÑEJO 750 ML@@@,@@@RON SIERRA MOREN@@@,@@@7 @@@,@@@6 @@@,@@@6@@@,@@@5 @@@,@@@57@@@,@@@1267@@@,@@@0@@@,@@@2843.6@@@,@@@3990@@@,@@@40.32@@@,@@@@@@,@@@2006.09.07@@@,@@@2006.09.07@@@,@@@0@@@,@@@6@@@,@@@4@@@,@@@0@@@,@@@0@@@,@@@0@@@,@@@0@@@,@@@0@@@,@@@0@@@,@@@0@@@,@@@0@@@,@@@1@@@,@@@0@@@,0,750,0,0,2,0,1,1,0,@@@NO@@@,0,0)','',2,'2013-07-20'),(41185,'DELETE FROM mae_impuestos_productos WHERE pro_codigo_plu=@@@780721395@@@','',2,'2013-07-20'),(41186,'INSERT INTO gne_vale_ferreteria (vfe_id,vfe_fecha,vfe_total,vfe_estado,vfe_entregado,usu_nusuario) VALUES (5885,@@@2013.07.20@@@,4990,1,0,@@@m_martinez@@@)','',2,'2013-07-20'),(41187,'INSERT INTO gne_vale_ferreteria_mov (vfe_id,pro_codigo_plu,vfm_cantidad,vfm_unitario,vfm_total,vfm_entregado) VALUES (5885,764908,1,4990,4990,@@@NO@@@)','',2,'2013-07-20'),(41188,'INSERT INTO gne_vale_ferreteria (vfe_id,vfe_fecha,vfe_total,vfe_estado,vfe_entregado,usu_nusuario) VALUES (5886,@@@2013.07.20@@@,1990,1,0,@@@m_martinez@@@)','',2,'2013-07-20'),(41189,'INSERT INTO gne_vale_ferreteria_mov (vfe_id,pro_codigo_plu,vfm_cantidad,vfm_unitario,vfm_total,vfm_entregado) VALUES (5886,764935,15,100,1500,@@@NO@@@)','',2,'2013-07-20'),(41190,'INSERT INTO gne_vale_ferreteria_mov (vfe_id,pro_codigo_plu,vfm_cantidad,vfm_unitario,vfm_total,vfm_entregado) VALUES (5886,1020,1,490,490,@@@NO@@@)','',2,'2013-07-20'),(41191,'INSERT INTO gne_vale_ferreteria (vfe_id,vfe_fecha,vfe_total,vfe_estado,vfe_entregado,usu_nusuario) VALUES (5887,@@@2013.07.20@@@,200,1,0,@@@m_martinez@@@)','',2,'2013-07-20'),(41192,'INSERT INTO gne_vale_ferreteria_mov (vfe_id,pro_codigo_plu,vfm_cantidad,vfm_unitario,vfm_total,vfm_entregado) VALUES (5887,8021,1,150,150,@@@NO@@@)','',2,'2013-07-20'),(41193,'INSERT INTO gne_vale_ferreteria_mov (vfe_id,pro_codigo_plu,vfm_cantidad,vfm_unitario,vfm_total,vfm_entregado) VALUES (5887,764383,1,50,50,@@@NO@@@)','',2,'2013-07-20'),(41194,'INSERT INTO gne_vale_ferreteria (vfe_id,vfe_fecha,vfe_total,vfe_estado,vfe_entregado,usu_nusuario) VALUES (5888,@@@2013.07.20@@@,330,1,0,@@@m_martinez@@@)','',2,'2013-07-20'),(41195,'INSERT INTO gne_vale_ferreteria_mov (vfe_id,pro_codigo_plu,vfm_cantidad,vfm_unitario,vfm_total,vfm_entregado) VALUES (5888,763588,1,330,330,@@@NO@@@)','',2,'2013-07-20'),(41196,'INSERT INTO gne_vale_ferreteria (vfe_id,vfe_fecha,vfe_total,vfe_estado,vfe_entregado,usu_nusuario) VALUES (5889,@@@2013.07.20@@@,2040,1,0,@@@m_martinez@@@)','',2,'2013-07-20'),(41197,'INSERT INTO gne_vale_ferreteria_mov (vfe_id,pro_codigo_plu,vfm_cantidad,vfm_unitario,vfm_total,vfm_entregado) VALUES (5889,15668,1,1450,1450,@@@NO@@@)','',2,'2013-07-20'),(41198,'INSERT INTO gne_vale_ferreteria_mov (vfe_id,pro_codigo_plu,vfm_cantidad,vfm_unitario,vfm_total,vfm_entregado) VALUES (5889,15662,1,590,590,@@@NO@@@)','',2,'2013-07-20'),(41199,'INSERT INTO gne_vale_ferreteria (vfe_id,vfe_fecha,vfe_total,vfe_estado,vfe_entregado,usu_nusuario) VALUES (5890,@@@2013.07.20@@@,150,1,0,@@@m_martinez@@@)','',2,'2013-07-20'),(41200,'INSERT INTO gne_vale_ferreteria_mov (vfe_id,pro_codigo_plu,vfm_cantidad,vfm_unitario,vfm_total,vfm_entregado) VALUES (5890,78017110,1,150,150,@@@NO@@@)','',2,'2013-07-20'),(41201,'UPDATE gpr_pack_virtual SET pav_nombre=@@@PATE SAN JORGE@@@,pav_total_pack=500,pav_total_descuento=100,pav_desde=@@@2013-05-09@@@,pav_hasta=@@@2013-12-30@@@,pav_tipo=@@@PA@@@,pav_precio=300,pav_lleva=2,pav_paga=1.6,pav_descuento=0.4,pav_porcentaje=50,pav_oferta_exclusiva=@@@NO@@@,pav_agotar_stock=@@@SI@@@,pav_stock=500,pav_costo=0,pav_margen=0 WHERE pav_id=6','',2,'2013-07-20'),(41202,'DELETE FROM gpr_pack_virtual_mov WHERE pav_id=6','',2,'2013-07-20'),(41203,'DELETE FROM gpr_pack_virtual_horario WHERE pav_id=6','',2,'2013-07-20'),(41204,'INSERT INTO gpr_pack_virtual_mov (pav_id,pro_codigo_plu,pvm_precio,pvm_total,pvm_lleva,pvm_paga,pvm_descuento,pvm_porcentaje,pvm_total_normal,pvm_descuento_linea,pvm_costo,pvm_margen) VALUES (6,762638,300,0,1,1,0,0,300,50,0,0),(6,262530,300,0,1,1,0,0,300,50,0,0),(6,262531,300,0,1,1,0,0,300,50,0,0)','',2,'2013-07-20'),(41205,'INSERT INTO gpr_pack_virtual_horario (pav_id,pvh_dia,pvh_hora_desde,pvh_hora_hasta) VALUES (6,99,@@@00:00@@@,@@@23:59@@@)','',2,'2013-07-20'),(41206,'INSERT INTO gne_vale_ferreteria (vfe_id,vfe_fecha,vfe_total,vfe_estado,vfe_entregado,usu_nusuario) VALUES (5891,@@@2013.07.20@@@,300,1,0,@@@admin@@@)','',2,'2013-07-20'),(41207,'INSERT INTO gne_vale_ferreteria_mov (vfe_id,pro_codigo_plu,vfm_cantidad,vfm_unitario,vfm_total,vfm_entregado) VALUES (5891,3105,1,300,300,@@@NO@@@)','',2,'2013-07-20'),(41208,'INSERT INTO gne_vale_ferreteria (vfe_id,vfe_fecha,vfe_total,vfe_estado,vfe_entregado,usu_nusuario) VALUES (5892,@@@2013.07.20@@@,400,1,0,@@@admin@@@)','',2,'2013-07-20'),(41209,'INSERT INTO gne_vale_ferreteria_mov (vfe_id,pro_codigo_plu,vfm_cantidad,vfm_unitario,vfm_total,vfm_entregado) VALUES (5892,3105,1,300,300,@@@NO@@@)','',2,'2013-07-20'),(41210,'INSERT INTO gne_vale_ferreteria_mov (vfe_id,pro_codigo_plu,vfm_cantidad,vfm_unitario,vfm_total,vfm_entregado) VALUES (5892,764833,10,10,100,@@@NO@@@)','',2,'2013-07-20'),(41211,'INSERT INTO gne_vale_ferreteria (vfe_id,vfe_fecha,vfe_total,vfe_estado,vfe_entregado,usu_nusuario) VALUES (5893,@@@2013.07.20@@@,2100,1,0,@@@admin@@@)','',2,'2013-07-20'),(41212,'INSERT INTO gne_vale_ferreteria_mov (vfe_id,pro_codigo_plu,vfm_cantidad,vfm_unitario,vfm_total,vfm_entregado) VALUES (5893,763944,1,2100,2100,@@@NO@@@)','',2,'2013-07-20'),(41213,'INSERT INTO gne_vale_ferreteria (vfe_id,vfe_fecha,vfe_total,vfe_estado,vfe_entregado,usu_nusuario) VALUES (5894,@@@2013.07.20@@@,7020,1,0,@@@admin@@@)','',2,'2013-07-20'),(41214,'INSERT INTO gne_vale_ferreteria_mov (vfe_id,pro_codigo_plu,vfm_cantidad,vfm_unitario,vfm_total,vfm_entregado) VALUES (5894,761650,1,1750,1750,@@@NO@@@)','',2,'2013-07-20'),(41215,'INSERT INTO gne_vale_ferreteria_mov (vfe_id,pro_codigo_plu,vfm_cantidad,vfm_unitario,vfm_total,vfm_entregado) VALUES (5894,102628,1,1990,1990,@@@NO@@@)','',2,'2013-07-20'),(41216,'INSERT INTO gne_vale_ferreteria_mov (vfe_id,pro_codigo_plu,vfm_cantidad,vfm_unitario,vfm_total,vfm_entregado) VALUES (5894,780220154,1,1790,1790,@@@NO@@@)','',2,'2013-07-20'),(41217,'INSERT INTO gne_vale_ferreteria_mov (vfe_id,pro_codigo_plu,vfm_cantidad,vfm_unitario,vfm_total,vfm_entregado) VALUES (5894,763652,1,1490,1490,@@@NO@@@)','',2,'2013-07-20'),(41218,'INSERT INTO gne_vale_ferreteria (vfe_id,vfe_fecha,vfe_total,vfe_estado,vfe_entregado,usu_nusuario) VALUES (5895,@@@2013.07.20@@@,5080,1,0,@@@admin@@@)','',2,'2013-07-20'),(41219,'INSERT INTO gne_vale_ferreteria_mov (vfe_id,pro_codigo_plu,vfm_cantidad,vfm_unitario,vfm_total,vfm_entregado) VALUES (5895,764514,1,1890,1890,@@@NO@@@)','',2,'2013-07-20'),(41220,'INSERT INTO gne_vale_ferreteria_mov (vfe_id,pro_codigo_plu,vfm_cantidad,vfm_unitario,vfm_total,vfm_entregado) VALUES (5895,262179,1,3190,3190,@@@NO@@@)','',2,'2013-07-20'),(41221,'UPDATE mae_productos SET pro_precio_compra_bruto=386.7,pro_margen_actual=(pro_precio_venta-386.7)/386.7 * 100,pro_ultima_compra=@@@2013.07.20@@@,pro_ultimo_proveedor=@@@80186300-0@@@ WHERE pro_codigo_plu=262524','',2,'2013-07-20'),(41222,'UPDATE mae_productos SET pro_precio_compra_bruto=595,pro_margen_actual=(pro_precio_venta-595)/595 * 100,pro_ultima_compra=@@@2013.07.20@@@,pro_ultimo_proveedor=@@@80186300-0@@@ WHERE pro_codigo_plu=763456','',2,'2013-07-20'),(41223,'UPDATE mae_productos SET pro_precio_compra_bruto=2082.5,pro_margen_actual=(pro_precio_venta-2082.5)/2082.5 * 100,pro_ultima_compra=@@@2013.07.20@@@,pro_ultimo_proveedor=@@@80186300-0@@@ WHERE pro_codigo_plu=2625','',2,'2013-07-20'),(41224,'UPDATE mae_productos SET pro_precio_compra_bruto=3331.8,pro_margen_actual=(pro_precio_venta-3331.8)/3331.8 * 100,pro_ultima_compra=@@@2013.07.20@@@,pro_ultimo_proveedor=@@@80186300-0@@@ WHERE pro_codigo_plu=312','',2,'2013-07-20'),(41225,'UPDATE mae_productos SET pro_precio_compra_bruto=2142,pro_margen_actual=(pro_precio_venta-2142)/2142 * 100,pro_ultima_compra=@@@2013.07.20@@@,pro_ultimo_proveedor=@@@80186300-0@@@ WHERE pro_codigo_plu=323','',2,'2013-07-20'),(41226,'UPDATE mae_productos SET pro_precio_compra_bruto=2618,pro_margen_actual=(pro_precio_venta-2618)/2618 * 100,pro_ultima_compra=@@@2013.07.20@@@,pro_ultimo_proveedor=@@@80186300-0@@@ WHERE pro_codigo_plu=335','',2,'2013-07-20'),(41227,'UPDATE mae_productos SET pro_precio_compra_bruto=191.88,pro_margen_actual=(pro_precio_venta-191.88)/191.88 * 100,pro_ultima_compra=@@@2013.07.20@@@,pro_ultimo_proveedor=@@@80186300-0@@@ WHERE pro_codigo_plu=262531','',2,'2013-07-20'),(41228,'UPDATE mae_productos SET pro_precio_compra_bruto=2261,pro_margen_actual=(pro_precio_venta-2261)/2261 * 100,pro_ultima_compra=@@@2013.07.20@@@,pro_ultimo_proveedor=@@@80186300-0@@@ WHERE pro_codigo_plu=359','',2,'2013-07-20'),(41229,'UPDATE mae_productos SET pro_precio_compra_bruto=2308,pro_margen_actual=(pro_precio_venta-2308)/2308 * 100,pro_ultima_compra=@@@2013.07.20@@@,pro_ultimo_proveedor=@@@80186300-0@@@ WHERE pro_codigo_plu=317','',2,'2013-07-20'),(41230,'UPDATE mae_productos SET pro_precio_compra_bruto=1190,pro_margen_actual=(pro_precio_venta-1190)/1190 * 100,pro_ultima_compra=@@@2013.07.20@@@,pro_ultimo_proveedor=@@@80186300-0@@@ WHERE pro_codigo_plu=262523','',2,'2013-07-20'),(41231,'INSERT INTO gne_vale_ferreteria (vfe_id,vfe_fecha,vfe_total,vfe_estado,vfe_entregado,usu_nusuario) VALUES (5896,@@@2013.07.20@@@,430,1,0,@@@admin@@@)','',2,'2013-07-20'),(41232,'INSERT INTO gne_vale_ferreteria_mov (vfe_id,pro_codigo_plu,vfm_cantidad,vfm_unitario,vfm_total,vfm_entregado) VALUES (5896,16664,1,430,430,@@@NO@@@)','',2,'2013-07-20'),(41233,'INSERT INTO gne_vale_ferreteria (vfe_id,vfe_fecha,vfe_total,vfe_estado,vfe_entregado,usu_nusuario) VALUES (5897,@@@2013.07.20@@@,1180,1,0,@@@admin@@@)','',2,'2013-07-20'),(41234,'INSERT INTO gne_vale_ferreteria_mov (vfe_id,pro_codigo_plu,vfm_cantidad,vfm_unitario,vfm_total,vfm_entregado) VALUES (5897,20881,1,890,890,@@@NO@@@)','',2,'2013-07-20'),(41235,'INSERT INTO gne_vale_ferreteria_mov (vfe_id,pro_codigo_plu,vfm_cantidad,vfm_unitario,vfm_total,vfm_entregado) VALUES (5897,1559,1,290,290,@@@NO@@@)','',2,'2013-07-20'),(41236,'UPDATE mae_productos SET pro_precio_venta=135,pro_margen_actual=43.92, pro_precio_compra_bruto=93.8, pro_precio_compra_neto=78.8235294117647 WHERE pro_codigo_plu=16819','',2,'2013-07-20'),(41237,'UPDATE mae_productos SET pro_precio_venta=1930,pro_margen_actual=30.14, pro_precio_compra_bruto=1483, pro_precio_compra_neto=1246.21848739496 WHERE pro_codigo_plu=10423','',2,'2013-07-20'),(41238,'UPDATE mae_productos SET pro_precio_venta=300,pro_margen_actual=48.59, pro_precio_compra_bruto=201.9, pro_precio_compra_neto=169.663865546218 WHERE pro_codigo_plu=16071','',2,'2013-07-20'),(41239,'UPDATE mae_productos SET pro_precio_venta=300,pro_margen_actual=48.59, pro_precio_compra_bruto=201.9, pro_precio_compra_neto=169.663865546218 WHERE pro_codigo_plu=16062','',2,'2013-07-20'),(41240,'UPDATE mae_productos SET pro_precio_venta=300,pro_margen_actual=48.59, pro_precio_compra_bruto=201.9, pro_precio_compra_neto=169.663865546218 WHERE pro_codigo_plu=16086','',2,'2013-07-20'),(41241,'INSERT INTO gne_vale_ferreteria (vfe_id,vfe_fecha,vfe_total,vfe_estado,vfe_entregado,usu_nusuario) VALUES (5898,@@@2013.07.20@@@,4360,1,0,@@@admin@@@)','',2,'2013-07-20'),(41242,'INSERT INTO gne_vale_ferreteria_mov (vfe_id,pro_codigo_plu,vfm_cantidad,vfm_unitario,vfm_total,vfm_entregado) VALUES (5898,15949,6,480,2880,@@@NO@@@)','',2,'2013-07-20'),(41243,'INSERT INTO gne_vale_ferreteria_mov (vfe_id,pro_codigo_plu,vfm_cantidad,vfm_unitario,vfm_total,vfm_entregado) VALUES (5898,763980,1,890,890,@@@NO@@@)','',2,'2013-07-20'),(41244,'INSERT INTO gne_vale_ferreteria_mov (vfe_id,pro_codigo_plu,vfm_cantidad,vfm_unitario,vfm_total,vfm_entregado) VALUES (5898,78017043,1,590,590,@@@NO@@@)','',2,'2013-07-20'),(41245,'UPDATE mae_productos SET pro_precio_fiscal=pro_precio_venta WHERE pro_codigo_plu=780721395','',2,'2013-07-20'),(41246,'UPDATE mae_productos SET pro_precio_fiscal=pro_precio_venta WHERE pro_codigo_plu=16819','',2,'2013-07-20'),(41247,'UPDATE mae_productos SET pro_precio_fiscal=pro_precio_venta WHERE pro_codigo_plu=16086','',2,'2013-07-20'),(41248,'UPDATE mae_productos SET pro_precio_fiscal=pro_precio_venta WHERE pro_codigo_plu=10423','',2,'2013-07-20'),(41249,'UPDATE mae_productos SET pro_precio_fiscal=pro_precio_venta WHERE pro_codigo_plu=16071','',2,'2013-07-20'),(41250,'UPDATE mae_productos SET pro_precio_fiscal=pro_precio_venta WHERE pro_codigo_plu=16062','',2,'2013-07-20'),(41251,'UPDATE mae_productos SET pro_precio_compra_bruto=149.9,pro_margen_actual=(pro_precio_venta-149.9)/149.9 * 100,pro_ultima_compra=@@@2013.07.20@@@,pro_ultimo_proveedor=@@@81094100-6@@@ WHERE pro_codigo_plu=764562','',2,'2013-07-20'),(41252,'UPDATE mae_productos SET pro_precio_compra_bruto=138.04,pro_margen_actual=(pro_precio_venta-138.04)/138.04 * 100,pro_ultima_compra=@@@2013.07.20@@@,pro_ultimo_proveedor=@@@81094100-6@@@ WHERE pro_codigo_plu=102536','',2,'2013-07-20'),(41253,'UPDATE mae_productos SET pro_precio_compra_bruto=182.9,pro_margen_actual=(pro_precio_venta-182.9)/182.9 * 100,pro_ultima_compra=@@@2013.07.20@@@,pro_ultimo_proveedor=@@@81094100-6@@@ WHERE pro_codigo_plu=16815','',2,'2013-07-20'),(41254,'UPDATE mae_productos SET pro_precio_compra_bruto=182.9,pro_margen_actual=(pro_precio_venta-182.9)/182.9 * 100,pro_ultima_compra=@@@2013.07.20@@@,pro_ultimo_proveedor=@@@81094100-6@@@ WHERE pro_codigo_plu=16790','',2,'2013-07-20'),(41255,'UPDATE mae_productos SET pro_precio_compra_bruto=809.2,pro_margen_actual=(pro_precio_venta-809.2)/809.2 * 100,pro_ultima_compra=@@@2013.07.20@@@,pro_ultimo_proveedor=@@@81094100-6@@@ WHERE pro_codigo_plu=16639','',2,'2013-07-20'),(41256,'UPDATE mae_productos SET pro_precio_compra_bruto=809.2,pro_margen_actual=(pro_precio_venta-809.2)/809.2 * 100,pro_ultima_compra=@@@2013.07.20@@@,pro_ultimo_proveedor=@@@81094100-6@@@ WHERE pro_codigo_plu=16641','',2,'2013-07-20'),(41257,'UPDATE mae_productos SET pro_precio_compra_bruto=93.8,pro_margen_actual=(pro_precio_venta-93.8)/93.8 * 100,pro_ultima_compra=@@@2013.07.20@@@,pro_ultimo_proveedor=@@@81094100-6@@@ WHERE pro_codigo_plu=16816','',2,'2013-07-20'),(41258,'UPDATE mae_productos SET pro_precio_compra_bruto=93.8,pro_margen_actual=(pro_precio_venta-93.8)/93.8 * 100,pro_ultima_compra=@@@2013.07.20@@@,pro_ultimo_proveedor=@@@81094100-6@@@ WHERE pro_codigo_plu=16817','',2,'2013-07-20'),(41259,'UPDATE mae_productos SET pro_precio_compra_bruto=93.8,pro_margen_actual=(pro_precio_venta-93.8)/93.8 * 100,pro_ultima_compra=@@@2013.07.20@@@,pro_ultimo_proveedor=@@@81094100-6@@@ WHERE pro_codigo_plu=16819','',2,'2013-07-20'),(41260,'UPDATE mae_productos SET pro_precio_compra_bruto=666.4,pro_margen_actual=(pro_precio_venta-666.4)/666.4 * 100,pro_ultima_compra=@@@2013.07.20@@@,pro_ultimo_proveedor=@@@81094100-6@@@ WHERE pro_codigo_plu=16084','',2,'2013-07-20'),(41261,'UPDATE mae_productos SET pro_precio_compra_bruto=704.67,pro_margen_actual=(pro_precio_venta-704.67)/704.67 * 100,pro_ultima_compra=@@@2013.07.20@@@,pro_ultimo_proveedor=@@@81094100-6@@@ WHERE pro_codigo_plu=16080','',2,'2013-07-20'),(41262,'UPDATE mae_productos SET pro_precio_compra_bruto=704.7,pro_margen_actual=(pro_precio_venta-704.7)/704.7 * 100,pro_ultima_compra=@@@2013.07.20@@@,pro_ultimo_proveedor=@@@81094100-6@@@ WHERE pro_codigo_plu=16092','',2,'2013-07-20'),(41263,'UPDATE mae_productos SET pro_precio_compra_bruto=135,pro_margen_actual=(pro_precio_venta-135)/135 * 100,pro_ultima_compra=@@@2013.07.20@@@,pro_ultimo_proveedor=@@@81094100-6@@@ WHERE pro_codigo_plu=101341','',2,'2013-07-20'),(41264,'UPDATE mae_productos SET pro_precio_compra_bruto=135,pro_margen_actual=(pro_precio_venta-135)/135 * 100,pro_ultima_compra=@@@2013.07.20@@@,pro_ultimo_proveedor=@@@81094100-6@@@ WHERE pro_codigo_plu=101340','',2,'2013-07-20'),(41265,'UPDATE mae_productos SET pro_precio_compra_bruto=462.67,pro_margen_actual=(pro_precio_venta-462.67)/462.67 * 100,pro_ultima_compra=@@@2013.07.20@@@,pro_ultimo_proveedor=@@@81094100-6@@@ WHERE pro_codigo_plu=16272','',2,'2013-07-20'),(41266,'UPDATE mae_productos SET pro_precio_compra_bruto=902,pro_margen_actual=(pro_precio_venta-902)/902 * 100,pro_ultima_compra=@@@2013.07.20@@@,pro_ultimo_proveedor=@@@81094100-6@@@ WHERE pro_codigo_plu=16273','',2,'2013-07-20'),(41267,'UPDATE mae_productos SET pro_precio_compra_bruto=822.1,pro_margen_actual=(pro_precio_venta-822.1)/822.1 * 100,pro_ultima_compra=@@@2013.07.20@@@,pro_ultimo_proveedor=@@@81094100-6@@@ WHERE pro_codigo_plu=10421','',2,'2013-07-20'),(41268,'UPDATE mae_productos SET pro_precio_compra_bruto=1483,pro_margen_actual=(pro_precio_venta-1483)/1483 * 100,pro_ultima_compra=@@@2013.07.20@@@,pro_ultimo_proveedor=@@@81094100-6@@@ WHERE pro_codigo_plu=10423','',2,'2013-07-20'),(41269,'UPDATE mae_productos SET pro_precio_compra_bruto=722.6,pro_margen_actual=(pro_precio_venta-722.6)/722.6 * 100,pro_ultima_compra=@@@2013.07.20@@@,pro_ultimo_proveedor=@@@81094100-6@@@ WHERE pro_codigo_plu=10418','',2,'2013-07-20'),(41270,'UPDATE mae_productos SET pro_precio_compra_bruto=403.8,pro_margen_actual=(pro_precio_venta-403.8)/403.8 * 100,pro_ultima_compra=@@@2013.07.20@@@,pro_ultimo_proveedor=@@@81094100-6@@@ WHERE pro_codigo_plu=10419','',2,'2013-07-20'),(41271,'UPDATE mae_productos SET pro_precio_compra_bruto=424.8,pro_margen_actual=(pro_precio_venta-424.8)/424.8 * 100,pro_ultima_compra=@@@2013.07.20@@@,pro_ultimo_proveedor=@@@81094100-6@@@ WHERE pro_codigo_plu=16406','',2,'2013-07-20'),(41272,'UPDATE mae_productos SET pro_precio_compra_bruto=487.7,pro_margen_actual=(pro_precio_venta-487.7)/487.7 * 100,pro_ultima_compra=@@@2013.07.20@@@,pro_ultimo_proveedor=@@@81094100-6@@@ WHERE pro_codigo_plu=12493','',2,'2013-07-20'),(41273,'UPDATE mae_productos SET pro_precio_compra_bruto=201.9,pro_margen_actual=(pro_precio_venta-201.9)/201.9 * 100,pro_ultima_compra=@@@2013.07.20@@@,pro_ultimo_proveedor=@@@81094100-6@@@ WHERE pro_codigo_plu=16071','',2,'2013-07-20'),(41274,'UPDATE mae_productos SET pro_precio_compra_bruto=201.9,pro_margen_actual=(pro_precio_venta-201.9)/201.9 * 100,pro_ultima_compra=@@@2013.07.20@@@,pro_ultimo_proveedor=@@@81094100-6@@@ WHERE pro_codigo_plu=16062','',2,'2013-07-20'),(41275,'UPDATE mae_productos SET pro_precio_compra_bruto=201.9,pro_margen_actual=(pro_precio_venta-201.9)/201.9 * 100,pro_ultima_compra=@@@2013.07.20@@@,pro_ultimo_proveedor=@@@81094100-6@@@ WHERE pro_codigo_plu=16086','',2,'2013-07-20'),(41276,'UPDATE mae_productos SET pro_precio_compra_bruto=135,pro_margen_actual=(pro_precio_venta-135)/135 * 100,pro_ultima_compra=@@@2013.07.20@@@,pro_ultimo_proveedor=@@@81094100-6@@@ WHERE pro_codigo_plu=18268','',2,'2013-07-20'),(41277,'UPDATE mae_productos SET pro_precio_compra_bruto=135,pro_margen_actual=(pro_precio_venta-135)/135 * 100,pro_ultima_compra=@@@2013.07.20@@@,pro_ultimo_proveedor=@@@81094100-6@@@ WHERE pro_codigo_plu=18266','',2,'2013-07-20'),(41278,'UPDATE mae_productos SET pro_precio_compra_bruto=138.04,pro_margen_actual=(pro_precio_venta-138.04)/138.04 * 100,pro_ultima_compra=@@@2013.07.20@@@,pro_ultimo_proveedor=@@@81094100-6@@@ WHERE pro_codigo_plu=102537','',2,'2013-07-20'),(41279,'UPDATE mae_productos SET pro_precio_compra_bruto=738.2,pro_margen_actual=(pro_precio_venta-738.2)/738.2 * 100,pro_ultima_compra=@@@2013.07.20@@@,pro_ultimo_proveedor=@@@81094100-6@@@ WHERE pro_codigo_plu=16073','',2,'2013-07-20'),(41280,'UPDATE mae_productos SET pro_precio_compra_bruto=3916.63,pro_margen_actual=(pro_precio_venta-3916.63)/3916.63 * 100,pro_ultima_compra=@@@2013.07.20@@@,pro_ultimo_proveedor=@@@81094100-6@@@ WHERE pro_codigo_plu=406','',2,'2013-07-20'),(41281,'UPDATE mae_productos SET pro_precio_compra_bruto=3871.46,pro_margen_actual=(pro_precio_venta-3871.46)/3871.46 * 100,pro_ultima_compra=@@@2013.07.20@@@,pro_ultimo_proveedor=@@@81094100-6@@@ WHERE pro_codigo_plu=407','',2,'2013-07-20'),(41282,'INSERT INTO gne_vale_ferreteria (vfe_id,vfe_fecha,vfe_total,vfe_estado,vfe_entregado,usu_nusuario) VALUES (5899,@@@2013.07.20@@@,1000,1,0,@@@admin@@@)','',2,'2013-07-20'),(41283,'INSERT INTO gne_vale_ferreteria_mov (vfe_id,pro_codigo_plu,vfm_cantidad,vfm_unitario,vfm_total,vfm_entregado) VALUES (5899,780220188,10,100,1000,@@@NO@@@)','',2,'2013-07-20'),(41284,'UPDATE mae_productos SET pro_margen_actual=47.5,pro_precio_venta=590 WHERE pro_codigo_plu=535','',2,'2013-07-20'),(41285,'UPDATE mae_productos SET pro_margen_actual=46.21,pro_precio_venta=350 WHERE pro_codigo_plu=101338','',2,'2013-07-20'),(41286,'UPDATE mae_productos SET pro_precio_fiscal=pro_precio_venta WHERE pro_codigo_plu=101338','',2,'2013-07-20'),(41287,'INSERT INTO gne_vale_ferreteria (vfe_id,vfe_fecha,vfe_total,vfe_estado,vfe_entregado,usu_nusuario) VALUES (5900,@@@2013.07.20@@@,4590,1,0,@@@admin@@@)','',2,'2013-07-20'),(41288,'INSERT INTO gne_vale_ferreteria_mov (vfe_id,pro_codigo_plu,vfm_cantidad,vfm_unitario,vfm_total,vfm_entregado) VALUES (5900,780721196,3,890,2670,@@@NO@@@)','',2,'2013-07-20'),(41289,'INSERT INTO gne_vale_ferreteria_mov (vfe_id,pro_codigo_plu,vfm_cantidad,vfm_unitario,vfm_total,vfm_entregado) VALUES (5900,15949,4,480,1920,@@@NO@@@)','',2,'2013-07-20'),(41290,'INSERT INTO gne_vale_ferreteria (vfe_id,vfe_fecha,vfe_total,vfe_estado,vfe_entregado,usu_nusuario) VALUES (5901,@@@2013.07.20@@@,840,1,0,@@@admin@@@)','',2,'2013-07-20'),(41291,'INSERT INTO gne_vale_ferreteria_mov (vfe_id,pro_codigo_plu,vfm_cantidad,vfm_unitario,vfm_total,vfm_entregado) VALUES (5901,11670,1,840,840,@@@NO@@@)','',2,'2013-07-20'),(41292,'INSERT INTO gne_vale_ferreteria (vfe_id,vfe_fecha,vfe_total,vfe_estado,vfe_entregado,usu_nusuario) VALUES (5902,@@@2013.07.20@@@,2100,1,0,@@@admin@@@)','',2,'2013-07-20'),(41293,'INSERT INTO gne_vale_ferreteria_mov (vfe_id,pro_codigo_plu,vfm_cantidad,vfm_unitario,vfm_total,vfm_entregado) VALUES (5902,763985,1,2100,2100,@@@NO@@@)','',2,'2013-07-20'),(41294,'INSERT INTO gne_vale_ferreteria (vfe_id,vfe_fecha,vfe_total,vfe_estado,vfe_entregado,usu_nusuario) VALUES (5903,@@@2013.07.20@@@,1040,1,0,@@@admin@@@)','',2,'2013-07-20'),(41295,'INSERT INTO gne_vale_ferreteria_mov (vfe_id,pro_codigo_plu,vfm_cantidad,vfm_unitario,vfm_total,vfm_entregado) VALUES (5903,8021,3,150,450,@@@NO@@@)','',2,'2013-07-20'),(41296,'INSERT INTO gne_vale_ferreteria_mov (vfe_id,pro_codigo_plu,vfm_cantidad,vfm_unitario,vfm_total,vfm_entregado) VALUES (5903,78017043,1,590,590,@@@NO@@@)','',2,'2013-07-20'),(41297,'UPDATE mae_productos SET pro_codigo_barra=@@@7802000003455@@@,pro_tipo=@@@0@@@,pro_nombre_producto=@@@LAYS AMERICANA 34 GRS.@@@,pro_nombre_corto=@@@LAYS AMERICANA 3@@@,med_id=@@@5@@@,emb_id=@@@6@@@,pro_unidades_embalaje=@@@8@@@,dep_id=@@@32 @@@,lin_id=@@@160@@@,mar_id=@@@1625@@@,pro_precio_compra_neto=@@@0@@@,pro_precio_compra_bruto=@@@1100@@@,pro_precio_venta=@@@1499@@@,pro_margen_actual=@@@36.27@@@,pro_oferta=@@@NO@@@,pro_fecha_inicio_oferta=@@@1900.01.01@@@,pro_fecha_termino_oferta=@@@1900.01.01@@@,pro_precio_oferta=@@@0@@@,pro_stock_minimo=@@@110@@@,pro_stock_critico=@@@55@@@,pro_activo=@@@1@@@,pro_unidad=@@@0@@@,pro_precio_compra_bruto=1100,pro_margen_actual=36.27,pro_capacidad=0.034,pro_funcion_plu=0,pro_flejes=1,pro_iva=1,pro_plu_asociado=0,pro_envase=@@@NO@@@,pro_duracion=0,pro_numero_etiqueta=0 WHERE pro_codigo_plu=@@@14128@@@','',2,'2013-07-20'),(41298,'UPDATE mae_productos SET pro_estado=1 WHERE pro_codigo_plu=14128','',2,'2013-07-20'),(41299,'DELETE FROM mae_impuestos_productos WHERE pro_codigo_plu=@@@14128@@@','',2,'2013-07-20'),(41300,'UPDATE mae_productos SET pro_precio_fiscal=pro_precio_venta WHERE pro_codigo_plu=14128','',2,'2013-07-20'),(41301,'INSERT INTO gne_vale_ferreteria (vfe_id,vfe_fecha,vfe_total,vfe_estado,vfe_entregado,usu_nusuario) VALUES (5904,@@@2013.07.20@@@,590,1,0,@@@admin@@@)','',2,'2013-07-20'),(41302,'INSERT INTO gne_vale_ferreteria_mov (vfe_id,pro_codigo_plu,vfm_cantidad,vfm_unitario,vfm_total,vfm_entregado) VALUES (5904,19865,1,590,590,@@@NO@@@)','',2,'2013-07-20'),(41303,'INSERT INTO gne_vale_ferreteria (vfe_id,vfe_fecha,vfe_total,vfe_estado,vfe_entregado,usu_nusuario) VALUES (5905,@@@2013.07.20@@@,1890,1,0,@@@admin@@@)','',2,'2013-07-20'),(41304,'INSERT INTO gne_vale_ferreteria_mov (vfe_id,pro_codigo_plu,vfm_cantidad,vfm_unitario,vfm_total,vfm_entregado) VALUES (5905,765016,1,1890,1890,@@@NO@@@)','',2,'2013-07-20'),(41305,'INSERT INTO gne_vale_ferreteria (vfe_id,vfe_fecha,vfe_total,vfe_estado,vfe_entregado,usu_nusuario) VALUES (5906,@@@2013.07.20@@@,301,1,0,@@@admin@@@)','',2,'2013-07-20'),(41306,'INSERT INTO gne_vale_ferreteria_mov (vfe_id,pro_codigo_plu,vfm_cantidad,vfm_unitario,vfm_total,vfm_entregado) VALUES (5906,2500,1,1,1,@@@NO@@@)','',2,'2013-07-20'),(41307,'INSERT INTO gne_vale_ferreteria_mov (vfe_id,pro_codigo_plu,vfm_cantidad,vfm_unitario,vfm_total,vfm_entregado) VALUES (5906,2004,1,300,300,@@@NO@@@)','',2,'2013-07-20'),(41308,'UPDATE mae_productos SET pro_margen_actual=0,pro_precio_venta=1990 WHERE pro_codigo_plu=10896','',2,'2013-07-20'),(41309,'UPDATE mae_productos SET pro_precio_fiscal=pro_precio_venta WHERE pro_codigo_plu=10896','',2,'2013-07-20'),(41310,'INSERT INTO gne_vale_ferreteria (vfe_id,vfe_fecha,vfe_total,vfe_estado,vfe_entregado,usu_nusuario) VALUES (5907,@@@2013.07.20@@@,4090,1,0,@@@admin@@@)','',2,'2013-07-20'),(41311,'INSERT INTO gne_vale_ferreteria_mov (vfe_id,pro_codigo_plu,vfm_cantidad,vfm_unitario,vfm_total,vfm_entregado) VALUES (5907,10896,1,1990,1990,@@@NO@@@)','',2,'2013-07-20'),(41312,'INSERT INTO gne_vale_ferreteria_mov (vfe_id,pro_codigo_plu,vfm_cantidad,vfm_unitario,vfm_total,vfm_entregado) VALUES (5907,12557,1,2100,2100,@@@NO@@@)','',2,'2013-07-20'),(41313,'INSERT INTO gne_vale_ferreteria (vfe_id,vfe_fecha,vfe_total,vfe_estado,vfe_entregado,usu_nusuario) VALUES (5908,@@@2013.07.20@@@,2500,1,0,@@@admin@@@)','',2,'2013-07-20'),(41314,'INSERT INTO gne_vale_ferreteria_mov (vfe_id,pro_codigo_plu,vfm_cantidad,vfm_unitario,vfm_total,vfm_entregado) VALUES (5908,770060,2,250,500,@@@NO@@@)','',2,'2013-07-20'),(41315,'INSERT INTO gne_vale_ferreteria_mov (vfe_id,pro_codigo_plu,vfm_cantidad,vfm_unitario,vfm_total,vfm_entregado) VALUES (5908,764935,20,100,2000,@@@NO@@@)','',2,'2013-07-20'),(41316,'INSERT INTO gne_vale_ferreteria (vfe_id,vfe_fecha,vfe_total,vfe_estado,vfe_entregado,usu_nusuario) VALUES (5909,@@@2013.07.20@@@,5490,1,0,@@@admin@@@)','',2,'2013-07-20'),(41317,'INSERT INTO gne_vale_ferreteria_mov (vfe_id,pro_codigo_plu,vfm_cantidad,vfm_unitario,vfm_total,vfm_entregado) VALUES (5909,2500,500,1,500,@@@NO@@@)','',2,'2013-07-20'),(41318,'INSERT INTO gne_vale_ferreteria_mov (vfe_id,pro_codigo_plu,vfm_cantidad,vfm_unitario,vfm_total,vfm_entregado) VALUES (5909,4120,1,4990,4990,@@@NO@@@)','',2,'2013-07-20'),(41319,'INSERT INTO gne_vale_ferreteria (vfe_id,vfe_fecha,vfe_total,vfe_estado,vfe_entregado,usu_nusuario) VALUES (5910,@@@2013.07.20@@@,1890,1,0,@@@admin@@@)','',2,'2013-07-20'),(41320,'INSERT INTO gne_vale_ferreteria_mov (vfe_id,pro_codigo_plu,vfm_cantidad,vfm_unitario,vfm_total,vfm_entregado) VALUES (5910,101625,1,1890,1890,@@@NO@@@)','',2,'2013-07-20'),(41321,'INSERT INTO gne_vale_ferreteria (vfe_id,vfe_fecha,vfe_total,vfe_estado,vfe_entregado,usu_nusuario) VALUES (5911,@@@2013.07.20@@@,1390,1,0,@@@admin@@@)','',2,'2013-07-20'),(41322,'INSERT INTO gne_vale_ferreteria_mov (vfe_id,pro_codigo_plu,vfm_cantidad,vfm_unitario,vfm_total,vfm_entregado) VALUES (5911,780721295,1,1390,1390,@@@NO@@@)','',2,'2013-07-20'),(41323,'UPDATE mae_productos SET pro_precio_venta=899,pro_margen_actual=99.71, pro_precio_compra_bruto=450.16, pro_precio_compra_neto=378.285714285714 WHERE pro_codigo_plu=17269','',2,'2013-07-20'),(41324,'UPDATE mae_productos SET pro_precio_venta=799,pro_margen_actual=24.99, pro_precio_compra_bruto=639.23, pro_precio_compra_neto=537.168067226891 WHERE pro_codigo_plu=18067','',2,'2013-07-20'),(41325,'UPDATE mae_productos SET pro_precio_venta=2190,pro_margen_actual=20.38, pro_precio_compra_bruto=1819.23, pro_precio_compra_neto=1528.76470588235 WHERE pro_codigo_plu=18090','',2,'2013-07-20'),(41326,'UPDATE mae_productos SET pro_precio_venta=3690,pro_margen_actual=25.26, pro_precio_compra_bruto=2945.98, pro_precio_compra_neto=2475.61344537815 WHERE pro_codigo_plu=18039','',2,'2013-07-20'),(41327,'UPDATE mae_productos SET pro_precio_venta=4199,pro_margen_actual=22.63, pro_precio_compra_bruto=3424.01, pro_precio_compra_neto=2877.31932773109 WHERE pro_codigo_plu=10808','',2,'2013-07-20'),(41328,'UPDATE mae_productos SET pro_precio_venta=3299,pro_margen_actual=35.58, pro_precio_compra_bruto=2433.25, pro_precio_compra_neto=2044.74789915966 WHERE pro_codigo_plu=11821','',2,'2013-07-20'),(41329,'UPDATE mae_productos SET pro_precio_venta=2999,pro_margen_actual=58.93, pro_precio_compra_bruto=1886.99, pro_precio_compra_neto=1585.70588235294 WHERE pro_codigo_plu=17659','',2,'2013-07-20'),(41330,'UPDATE mae_productos SET pro_precio_venta=2290,pro_margen_actual=31.88, pro_precio_compra_bruto=1736.44, pro_precio_compra_neto=1459.19327731092 WHERE pro_codigo_plu=17631','',2,'2013-07-20'),(41331,'UPDATE mae_productos SET pro_precio_venta=2499,pro_margen_actual=44.12, pro_precio_compra_bruto=1733.94, pro_precio_compra_neto=1457.09243697479 WHERE pro_codigo_plu=17630','',2,'2013-07-20'),(41332,'UPDATE mae_productos SET pro_precio_fiscal=pro_precio_venta WHERE pro_codigo_plu=18090','',2,'2013-07-20'),(41333,'UPDATE mae_productos SET pro_precio_fiscal=pro_precio_venta WHERE pro_codigo_plu=17269','',2,'2013-07-20'),(41334,'UPDATE mae_productos SET pro_precio_fiscal=pro_precio_venta WHERE pro_codigo_plu=10808','',2,'2013-07-20'),(41335,'UPDATE mae_productos SET pro_precio_fiscal=pro_precio_venta WHERE pro_codigo_plu=18067','',2,'2013-07-20'),(41336,'UPDATE mae_productos SET pro_precio_fiscal=pro_precio_venta WHERE pro_codigo_plu=18039','',2,'2013-07-20'),(41337,'UPDATE mae_productos SET pro_precio_fiscal=pro_precio_venta WHERE pro_codigo_plu=11821','',2,'2013-07-20'),(41338,'UPDATE mae_productos SET pro_precio_fiscal=pro_precio_venta WHERE pro_codigo_plu=17631','',2,'2013-07-20'),(41339,'UPDATE mae_productos SET pro_precio_fiscal=pro_precio_venta WHERE pro_codigo_plu=17630','',2,'2013-07-20'),(41340,'UPDATE mae_productos SET pro_precio_fiscal=pro_precio_venta WHERE pro_codigo_plu=17659','',2,'2013-07-20'),(41341,'UPDATE mae_productos SET pro_precio_compra_bruto=2843.6,pro_margen_actual=(pro_precio_venta-2843.6)/2843.6 * 100,pro_ultima_compra=@@@2013.07.20@@@,pro_ultimo_proveedor=@@@99554560-8@@@ WHERE pro_codigo_plu=780721395','',2,'2013-07-20'),(41342,'UPDATE mae_productos SET pro_precio_compra_bruto=2920,pro_margen_actual=(pro_precio_venta-2920)/2920 * 100,pro_ultima_compra=@@@2013.07.20@@@,pro_ultimo_proveedor=@@@99554560-8@@@ WHERE pro_codigo_plu=17641','',2,'2013-07-20'),(41343,'UPDATE mae_productos SET pro_precio_compra_bruto=450.16,pro_margen_actual=(pro_precio_venta-450.16)/450.16 * 100,pro_ultima_compra=@@@2013.07.20@@@,pro_ultimo_proveedor=@@@99554560-8@@@ WHERE pro_codigo_plu=17269','',2,'2013-07-20'),(41344,'UPDATE mae_productos SET pro_precio_compra_bruto=1279,pro_margen_actual=(pro_precio_venta-1279)/1279 * 100,pro_ultima_compra=@@@2013.07.20@@@,pro_ultimo_proveedor=@@@99554560-8@@@ WHERE pro_codigo_plu=780220133','',2,'2013-07-20'),(41345,'UPDATE mae_productos SET pro_precio_compra_bruto=639.23,pro_margen_actual=(pro_precio_venta-639.23)/639.23 * 100,pro_ultima_compra=@@@2013.07.20@@@,pro_ultimo_proveedor=@@@99554560-8@@@ WHERE pro_codigo_plu=18067','',2,'2013-07-20'),(41346,'UPDATE mae_productos SET pro_precio_compra_bruto=1092.94,pro_margen_actual=(pro_precio_venta-1092.94)/1092.94 * 100,pro_ultima_compra=@@@2013.07.20@@@,pro_ultimo_proveedor=@@@99554560-8@@@ WHERE pro_codigo_plu=18093','',2,'2013-07-20'),(41347,'UPDATE mae_productos SET pro_precio_compra_bruto=1819.23,pro_margen_actual=(pro_precio_venta-1819.23)/1819.23 * 100,pro_ultima_compra=@@@2013.07.20@@@,pro_ultimo_proveedor=@@@99554560-8@@@ WHERE pro_codigo_plu=18090','',2,'2013-07-20'),(41348,'UPDATE mae_productos SET pro_precio_compra_bruto=2945.98,pro_margen_actual=(pro_precio_venta-2945.98)/2945.98 * 100,pro_ultima_compra=@@@2013.07.20@@@,pro_ultimo_proveedor=@@@99554560-8@@@ WHERE pro_codigo_plu=18039','',2,'2013-07-20'),(41349,'UPDATE mae_productos SET pro_precio_compra_bruto=3424.01,pro_margen_actual=(pro_precio_venta-3424.01)/3424.01 * 100,pro_ultima_compra=@@@2013.07.20@@@,pro_ultimo_proveedor=@@@99554560-8@@@ WHERE pro_codigo_plu=10808','',2,'2013-07-20'),(41350,'UPDATE mae_productos SET pro_precio_compra_bruto=2433.25,pro_margen_actual=(pro_precio_venta-2433.25)/2433.25 * 100,pro_ultima_compra=@@@2013.07.20@@@,pro_ultimo_proveedor=@@@99554560-8@@@ WHERE pro_codigo_plu=11821','',2,'2013-07-20'),(41351,'UPDATE mae_productos SET pro_precio_compra_bruto=1886.99,pro_margen_actual=(pro_precio_venta-1886.99)/1886.99 * 100,pro_ultima_compra=@@@2013.07.20@@@,pro_ultimo_proveedor=@@@99554560-8@@@ WHERE pro_codigo_plu=17659','',2,'2013-07-20'),(41352,'UPDATE mae_productos SET pro_precio_compra_bruto=1736.44,pro_margen_actual=(pro_precio_venta-1736.44)/1736.44 * 100,pro_ultima_compra=@@@2013.07.20@@@,pro_ultimo_proveedor=@@@99554560-8@@@ WHERE pro_codigo_plu=17631','',2,'2013-07-20'),(41353,'UPDATE mae_productos SET pro_precio_compra_bruto=1733.94,pro_margen_actual=(pro_precio_venta-1733.94)/1733.94 * 100,pro_ultima_compra=@@@2013.07.20@@@,pro_ultimo_proveedor=@@@99554560-8@@@ WHERE pro_codigo_plu=17630','',2,'2013-07-20'),(41354,'INSERT INTO gne_vale_ferreteria (vfe_id,vfe_fecha,vfe_total,vfe_estado,vfe_entregado,usu_nusuario) VALUES (5912,@@@2013.07.20@@@,250,1,0,@@@admin@@@)','',2,'2013-07-20'),(41355,'INSERT INTO gne_vale_ferreteria_mov (vfe_id,pro_codigo_plu,vfm_cantidad,vfm_unitario,vfm_total,vfm_entregado) VALUES (5912,78017208,1,250,250,@@@NO@@@)','',2,'2013-07-20'),(41356,'INSERT INTO gne_vale_ferreteria (vfe_id,vfe_fecha,vfe_total,vfe_estado,vfe_entregado,usu_nusuario) VALUES (5913,@@@2013.07.20@@@,2590,1,0,@@@admin@@@)','',2,'2013-07-20'),(41357,'INSERT INTO gne_vale_ferreteria_mov (vfe_id,pro_codigo_plu,vfm_cantidad,vfm_unitario,vfm_total,vfm_entregado) VALUES (5913,101119,1,2590,2590,@@@NO@@@)','',2,'2013-07-20'),(41358,'INSERT INTO gne_vale_ferreteria (vfe_id,vfe_fecha,vfe_total,vfe_estado,vfe_entregado,usu_nusuario) VALUES (5914,@@@2013.07.20@@@,150,1,0,@@@admin@@@)','',2,'2013-07-20'),(41359,'INSERT INTO gne_vale_ferreteria_mov (vfe_id,pro_codigo_plu,vfm_cantidad,vfm_unitario,vfm_total,vfm_entregado) VALUES (5914,764580,1,150,150,@@@NO@@@)','',2,'2013-07-20'),(41360,'UPDATE mae_productos SET pro_margen_actual=-63.73,pro_precio_venta=399 WHERE pro_codigo_plu=14128','',2,'2013-07-20'),(41361,'UPDATE mae_productos SET pro_precio_fiscal=pro_precio_venta WHERE pro_codigo_plu=14128','',2,'2013-07-20'),(41362,'UPDATE mae_productos SET pro_codigo_barra=@@@7802000003455@@@,pro_tipo=@@@0@@@,pro_nombre_producto=@@@LAYS AMERICANA 34 GRS.@@@,pro_nombre_corto=@@@LAYS AMERICANA 3@@@,med_id=@@@5@@@,emb_id=@@@6@@@,pro_unidades_embalaje=@@@8@@@,dep_id=@@@32 @@@,lin_id=@@@160@@@,mar_id=@@@1625@@@,pro_precio_compra_neto=@@@0@@@,pro_precio_compra_bruto=@@@307@@@,pro_precio_venta=@@@399@@@,pro_margen_actual=@@@29.97@@@,pro_oferta=@@@NO@@@,pro_fecha_inicio_oferta=@@@1900.01.01@@@,pro_fecha_termino_oferta=@@@1900.01.01@@@,pro_precio_oferta=@@@0@@@,pro_stock_minimo=@@@110@@@,pro_stock_critico=@@@55@@@,pro_activo=@@@1@@@,pro_unidad=@@@0@@@,pro_precio_compra_bruto=307,pro_margen_actual=29.97,pro_capacidad=0.034,pro_funcion_plu=0,pro_flejes=1,pro_iva=1,pro_plu_asociado=0,pro_envase=@@@NO@@@,pro_duracion=0,pro_numero_etiqueta=0 WHERE pro_codigo_plu=@@@14128@@@','',2,'2013-07-20'),(41363,'UPDATE mae_productos SET pro_estado=1 WHERE pro_codigo_plu=14128','',2,'2013-07-20'),(41364,'DELETE FROM mae_impuestos_productos WHERE pro_codigo_plu=@@@14128@@@','',2,'2013-07-20'),(41365,'INSERT INTO gne_vale_ferreteria (vfe_id,vfe_fecha,vfe_total,vfe_estado,vfe_entregado,usu_nusuario) VALUES (5915,@@@2013.07.20@@@,1680,1,0,@@@m_martinez@@@)','',2,'2013-07-20'),(41366,'INSERT INTO gne_vale_ferreteria_mov (vfe_id,pro_codigo_plu,vfm_cantidad,vfm_unitario,vfm_total,vfm_entregado) VALUES (5915,11670,2,840,1680,@@@NO@@@)','',2,'2013-07-20'),(41367,'INSERT INTO gne_vale_ferreteria (vfe_id,vfe_fecha,vfe_total,vfe_estado,vfe_entregado,usu_nusuario) VALUES (5916,@@@2013.07.20@@@,790,1,0,@@@m_martinez@@@)','',2,'2013-07-20'),(41368,'INSERT INTO gne_vale_ferreteria_mov (vfe_id,pro_codigo_plu,vfm_cantidad,vfm_unitario,vfm_total,vfm_entregado) VALUES (5916,101454,1,790,790,@@@NO@@@)','',2,'2013-07-20'),(41369,'INSERT INTO gne_vale_ferreteria (vfe_id,vfe_fecha,vfe_total,vfe_estado,vfe_entregado,usu_nusuario) VALUES (5917,@@@2013.07.20@@@,2290,1,0,@@@m_martinez@@@)','',2,'2013-07-20'),(41370,'INSERT INTO gne_vale_ferreteria_mov (vfe_id,pro_codigo_plu,vfm_cantidad,vfm_unitario,vfm_total,vfm_entregado) VALUES (5917,20595,1,2290,2290,@@@NO@@@)','',2,'2013-07-20'),(41371,'UPDATE mae_productos SET pro_margen_actual=29.97,pro_precio_venta=399 WHERE pro_codigo_plu=14128','',2,'2013-07-20'),(41372,'INSERT INTO mae_productos (pro_codigo_plu,pro_codigo_barra,pro_tipo,pro_nombre_producto,pro_nombre_corto,med_id,emb_id,pro_unidades_embalaje,dep_id,lin_id,mar_id,pro_precio_compra_neto,pro_precio_compra_bruto,pro_precio_venta,pro_margen_actual,pro_oferta,pro_fecha_inicio_oferta,pro_fecha_termino_oferta,pro_precio_oferta,pro_stock_minimo,pro_stock_critico,pro_entradas_bodega,pro_salidas_bodega,pro_mermas_bodega,pro_ajustes_bodega,pro_entradas_sv,pro_salidas_sv,pro_mermas_sv,pro_ajustes_sv,pro_activo,rec_numero,pro_unidad,pro_capacidad,pro_consumo_bodega,pro_consumo_sv,pro_estado,pro_funcion_plu,pro_flejes,pro_iva,pro_plu_asociado,pro_envase,pro_duracion,pro_numero_etiqueta) VALUES (780721396,@@@7802100420077@@@,@@@0@@@,@@@MALTA MORENITA 1 LT@@@,@@@MALTA MORENITA 1@@@,@@@3 @@@,@@@6 @@@,@@@12@@@,@@@7 @@@,@@@63@@@,@@@912@@@,@@@0@@@,@@@0@@@,@@@950@@@,@@@0@@@,@@@@@@,@@@2013.07.20@@@,@@@2013.07.20@@@,@@@0@@@,@@@10@@@,@@@5@@@,@@@0@@@,@@@0@@@,@@@0@@@,@@@0@@@,@@@0@@@,@@@0@@@,@@@0@@@,@@@0@@@,@@@1@@@,@@@0@@@,0,1,0,0,2,0,1,1,0,@@@NO@@@,0,0)','',2,'2013-07-20'),(41373,'DELETE FROM mae_impuestos_productos WHERE pro_codigo_plu=@@@780721396@@@','',2,'2013-07-20'),(41374,'UPDATE mae_productos SET pro_precio_fiscal=pro_precio_venta WHERE pro_codigo_plu=780721396','',2,'2013-07-20'),(41375,'INSERT INTO gne_vale_ferreteria (vfe_id,vfe_fecha,vfe_total,vfe_estado,vfe_entregado,usu_nusuario) VALUES (5918,@@@2013.07.20@@@,100,1,0,@@@admin@@@)','',2,'2013-07-20'),(41376,'INSERT INTO gne_vale_ferreteria_mov (vfe_id,pro_codigo_plu,vfm_cantidad,vfm_unitario,vfm_total,vfm_entregado) VALUES (5918,1545,2,50,100,@@@NO@@@)','',2,'2013-07-20'),(41377,'INSERT INTO gne_vale_ferreteria (vfe_id,vfe_fecha,vfe_total,vfe_estado,vfe_entregado,usu_nusuario) VALUES (5919,@@@2013.07.20@@@,550,1,0,@@@admin@@@)','',2,'2013-07-20'),(41378,'INSERT INTO gne_vale_ferreteria_mov (vfe_id,pro_codigo_plu,vfm_cantidad,vfm_unitario,vfm_total,vfm_entregado) VALUES (5919,20365,1,100,100,@@@NO@@@)','',2,'2013-07-20'),(41379,'INSERT INTO gne_vale_ferreteria_mov (vfe_id,pro_codigo_plu,vfm_cantidad,vfm_unitario,vfm_total,vfm_entregado) VALUES (5919,2004,1,300,300,@@@NO@@@)','',2,'2013-07-20'),(41380,'INSERT INTO gne_vale_ferreteria_mov (vfe_id,pro_codigo_plu,vfm_cantidad,vfm_unitario,vfm_total,vfm_entregado) VALUES (5919,2016,1,150,150,@@@NO@@@)','',2,'2013-07-20'),(41381,'INSERT INTO gne_vale_ferreteria (vfe_id,vfe_fecha,vfe_total,vfe_estado,vfe_entregado,usu_nusuario) VALUES (5920,@@@2013.07.20@@@,1380,1,0,@@@admin@@@)','',2,'2013-07-20'),(41382,'INSERT INTO gne_vale_ferreteria_mov (vfe_id,pro_codigo_plu,vfm_cantidad,vfm_unitario,vfm_total,vfm_entregado) VALUES (5920,101380,2,690,1380,@@@NO@@@)','',2,'2013-07-20'),(41383,'INSERT INTO gne_vale_ferreteria (vfe_id,vfe_fecha,vfe_total,vfe_estado,vfe_entregado,usu_nusuario) VALUES (5921,@@@2013.07.20@@@,2980,1,0,@@@admin@@@)','',2,'2013-07-20'),(41384,'INSERT INTO gne_vale_ferreteria_mov (vfe_id,pro_codigo_plu,vfm_cantidad,vfm_unitario,vfm_total,vfm_entregado) VALUES (5921,9018,1,2590,2590,@@@NO@@@)','',2,'2013-07-20'),(41385,'INSERT INTO gne_vale_ferreteria_mov (vfe_id,pro_codigo_plu,vfm_cantidad,vfm_unitario,vfm_total,vfm_entregado) VALUES (5921,1535,1,390,390,@@@NO@@@)','',2,'2013-07-20'),(41386,'INSERT INTO gne_vale_ferreteria (vfe_id,vfe_fecha,vfe_total,vfe_estado,vfe_entregado,usu_nusuario) VALUES (5922,@@@2013.07.20@@@,1890,1,0,@@@admin@@@)','',2,'2013-07-20'),(41387,'INSERT INTO gne_vale_ferreteria_mov (vfe_id,pro_codigo_plu,vfm_cantidad,vfm_unitario,vfm_total,vfm_entregado) VALUES (5922,764948,1,1890,1890,@@@NO@@@)','',2,'2013-07-20'),(41388,'INSERT INTO gne_vale_ferreteria (vfe_id,vfe_fecha,vfe_total,vfe_estado,vfe_entregado,usu_nusuario) VALUES (5923,@@@2013.07.20@@@,650,1,0,@@@admin@@@)','',2,'2013-07-20'),(41389,'INSERT INTO gne_vale_ferreteria_mov (vfe_id,pro_codigo_plu,vfm_cantidad,vfm_unitario,vfm_total,vfm_entregado) VALUES (5923,78017013,1,650,650,@@@NO@@@)','',2,'2013-07-20'),(41390,'INSERT INTO gne_vale_ferreteria (vfe_id,vfe_fecha,vfe_total,vfe_estado,vfe_entregado,usu_nusuario) VALUES (5924,@@@2013.07.20@@@,290,1,0,@@@admin@@@)','',2,'2013-07-20'),(41391,'INSERT INTO gne_vale_ferreteria_mov (vfe_id,pro_codigo_plu,vfm_cantidad,vfm_unitario,vfm_total,vfm_entregado) VALUES (5924,1559,1,290,290,@@@NO@@@)','',2,'2013-07-20'),(41392,'INSERT INTO gne_vale_ferreteria (vfe_id,vfe_fecha,vfe_total,vfe_estado,vfe_entregado,usu_nusuario) VALUES (5925,@@@2013.07.20@@@,400,1,0,@@@admin@@@)','',2,'2013-07-20'),(41393,'INSERT INTO gne_vale_ferreteria_mov (vfe_id,pro_codigo_plu,vfm_cantidad,vfm_unitario,vfm_total,vfm_entregado) VALUES (5925,20365,4,100,400,@@@NO@@@)','',2,'2013-07-20'),(41394,'INSERT INTO gne_vale_ferreteria (vfe_id,vfe_fecha,vfe_total,vfe_estado,vfe_entregado,usu_nusuario) VALUES (5926,@@@2013.07.20@@@,1990,1,0,@@@admin@@@)','',2,'2013-07-20'),(41395,'INSERT INTO gne_vale_ferreteria_mov (vfe_id,pro_codigo_plu,vfm_cantidad,vfm_unitario,vfm_total,vfm_entregado) VALUES (5926,764750,1,1990,1990,@@@NO@@@)','',2,'2013-07-20'),(41396,'INSERT INTO gne_vale_ferreteria (vfe_id,vfe_fecha,vfe_total,vfe_estado,vfe_entregado,usu_nusuario) VALUES (5927,@@@2013.07.20@@@,1490,1,0,@@@admin@@@)','',2,'2013-07-20'),(41397,'INSERT INTO gne_vale_ferreteria_mov (vfe_id,pro_codigo_plu,vfm_cantidad,vfm_unitario,vfm_total,vfm_entregado) VALUES (5927,4141,1,1490,1490,@@@NO@@@)','',2,'2013-07-20'),(41398,'INSERT INTO gne_vale_ferreteria (vfe_id,vfe_fecha,vfe_total,vfe_estado,vfe_entregado,usu_nusuario) VALUES (5928,@@@2013.07.20@@@,1,1,0,@@@admin@@@)','',2,'2013-07-20'),(41399,'INSERT INTO gne_vale_ferreteria_mov (vfe_id,pro_codigo_plu,vfm_cantidad,vfm_unitario,vfm_total,vfm_entregado) VALUES (5928,2500,1,1,1,@@@NO@@@)','',2,'2013-07-20'),(41400,'UPDATE gpr_pack_virtual SET pav_nombre=@@@PACK PEPSI 2 X $ 1199@@@,pav_total_pack=1199,pav_total_descuento=599,pav_desde=@@@2013-07-13@@@,pav_hasta=@@@2013-07-31@@@,pav_tipo=@@@PR@@@,pav_precio=0,pav_lleva=0,pav_paga=0,pav_descuento=0,pav_porcentaje=0,pav_oferta_exclusiva=@@@NO@@@,pav_agotar_stock=@@@SI@@@,pav_stock=36,pav_costo=900.32,pav_margen=33.17 WHERE pav_id=31','',2,'2013-07-20'),(41401,'DELETE FROM gpr_pack_virtual_mov WHERE pav_id=31','',2,'2013-07-20'),(41402,'DELETE FROM gpr_pack_virtual_horario WHERE pav_id=31','',2,'2013-07-20'),(41403,'INSERT INTO gpr_pack_virtual_mov (pav_id,pro_codigo_plu,pvm_precio,pvm_total,pvm_lleva,pvm_paga,pvm_descuento,pvm_porcentaje,pvm_total_normal,pvm_descuento_linea,pvm_costo,pvm_margen) VALUES (31,17269,899,1199,2,1.3,0.7,43,1798,599,450.16,33.17)','',2,'2013-07-20'),(41404,'INSERT INTO gpr_pack_virtual_horario (pav_id,pvh_dia,pvh_hora_desde,pvh_hora_hasta) VALUES (31,99,@@@00:00@@@,@@@23:59@@@)','',2,'2013-07-20'),(41405,'UPDATE gpr_pack_virtual SET pav_nombre=@@@PACK RON SIERRA MORENA AÑEJO + COCA COLA 1.5 X $ @@@,pav_total_pack=4192,pav_total_descuento=798,pav_desde=@@@2013-05-28@@@,pav_hasta=@@@2013-07-28@@@,pav_tipo=@@@PR@@@,pav_precio=0,pav_lleva=0,pav_paga=0,pav_descuento=0,pav_porcentaje=0,pav_oferta_exclusiva=@@@NO@@@,pav_agotar_stock=@@@SI@@@,pav_stock=50,pav_costo=3643.6,pav_margen=15.05 WHERE pav_id=12','',2,'2013-07-20'),(41406,'DELETE FROM gpr_pack_virtual_mov WHERE pav_id=12','',2,'2013-07-20'),(41407,'DELETE FROM gpr_pack_virtual_horario WHERE pav_id=12','',2,'2013-07-20'),(41408,'INSERT INTO gpr_pack_virtual_mov (pav_id,pro_codigo_plu,pvm_precio,pvm_total,pvm_lleva,pvm_paga,pvm_descuento,pvm_porcentaje,pvm_total_normal,pvm_descuento_linea,pvm_costo,pvm_margen) VALUES (12,17167,1000,1000,1,1,0,310,1000,0,800,25),(12,780721395,3990,3192,1,0.8,0.2,0,3990,798,2843.6,12.25)','',2,'2013-07-20'),(41409,'INSERT INTO gpr_pack_virtual_horario (pav_id,pvh_dia,pvh_hora_desde,pvh_hora_hasta) VALUES (12,99,@@@00:00@@@,@@@23:59@@@)','',2,'2013-07-20'),(41410,'INSERT INTO gne_vale_ferreteria (vfe_id,vfe_fecha,vfe_total,vfe_estado,vfe_entregado,usu_nusuario) VALUES (5929,@@@2013.07.20@@@,2490,1,0,@@@admin@@@)','',2,'2013-07-20'),(41411,'INSERT INTO gne_vale_ferreteria_mov (vfe_id,pro_codigo_plu,vfm_cantidad,vfm_unitario,vfm_total,vfm_entregado) VALUES (5929,1110,1,2490,2490,@@@NO@@@)','',2,'2013-07-20'),(41412,'INSERT INTO gne_vale_ferreteria (vfe_id,vfe_fecha,vfe_total,vfe_estado,vfe_entregado,usu_nusuario) VALUES (5930,@@@2013.07.20@@@,100,1,0,@@@admin@@@)','',2,'2013-07-20'),(41413,'INSERT INTO gne_vale_ferreteria_mov (vfe_id,pro_codigo_plu,vfm_cantidad,vfm_unitario,vfm_total,vfm_entregado) VALUES (5930,4092,2,50,100,@@@NO@@@)','',2,'2013-07-20'),(41414,'UPDATE gpr_pack_virtual SET pav_nombre=@@@PACK RON SIERRA MORENA AÑEJO + COCA COLA 1.5@@@,pav_total_pack=4490,pav_total_descuento=500,pav_desde=@@@2013-05-28@@@,pav_hasta=@@@2013-07-31@@@,pav_tipo=@@@PR@@@,pav_precio=0,pav_lleva=0,pav_paga=0,pav_descuento=0,pav_porcentaje=0,pav_oferta_exclusiva=@@@NO@@@,pav_agotar_stock=@@@SI@@@,pav_stock=50,pav_costo=3581.37,pav_margen=25.37 WHERE pav_id=12','',2,'2013-07-20'),(41415,'DELETE FROM gpr_pack_virtual_mov WHERE pav_id=12','',2,'2013-07-20'),(41416,'DELETE FROM gpr_pack_virtual_horario WHERE pav_id=12','',2,'2013-07-20'),(41417,'INSERT INTO gpr_pack_virtual_mov (pav_id,pro_codigo_plu,pvm_precio,pvm_total,pvm_lleva,pvm_paga,pvm_descuento,pvm_porcentaje,pvm_total_normal,pvm_descuento_linea,pvm_costo,pvm_margen) VALUES (12,17167,1000,700,1,0.7,0.3,0,1000,300,737.77,-5.12),(12,780721395,3990,3790,1,0.95,0.05,0,3990,200,2843.6,33.28)','',2,'2013-07-20'),(41418,'INSERT INTO gpr_pack_virtual_horario (pav_id,pvh_dia,pvh_hora_desde,pvh_hora_hasta) VALUES (12,99,@@@00:00@@@,@@@23:59@@@)','',2,'2013-07-20'),(41419,'INSERT INTO gne_vale_ferreteria (vfe_id,vfe_fecha,vfe_total,vfe_estado,vfe_entregado,usu_nusuario) VALUES (5931,@@@2013.07.20@@@,50,1,0,@@@admin@@@)','',2,'2013-07-20'),(41420,'INSERT INTO gne_vale_ferreteria_mov (vfe_id,pro_codigo_plu,vfm_cantidad,vfm_unitario,vfm_total,vfm_entregado) VALUES (5931,4092,1,50,50,@@@NO@@@)','',2,'2013-07-20'),(41421,'UPDATE gpr_pack_virtual SET pav_nombre=@@@PACK PISCO CAMPANARIO SOUR + MANGO 2 X $  @@@,pav_total_pack=4599,pav_total_descuento=899,pav_desde=@@@2013-05-08@@@,pav_hasta=@@@2013-08-31@@@,pav_tipo=@@@PR@@@,pav_precio=0,pav_lleva=0,pav_paga=0,pav_descuento=0,pav_porcentaje=0,pav_oferta_exclusiva=@@@NO@@@,pav_agotar_stock=@@@SI@@@,pav_stock=50,pav_costo=3620.93,pav_margen=27.01 WHERE pav_id=1','',2,'2013-07-20'),(41422,'DELETE FROM gpr_pack_virtual_mov WHERE pav_id=1','',2,'2013-07-20'),(41423,'DELETE FROM gpr_pack_virtual_horario WHERE pav_id=1','',2,'2013-07-20'),(41424,'INSERT INTO gpr_pack_virtual_mov (pav_id,pro_codigo_plu,pvm_precio,pvm_total,pvm_lleva,pvm_paga,pvm_descuento,pvm_porcentaje,pvm_total_normal,pvm_descuento_linea,pvm_costo,pvm_margen) VALUES (1,17630,2499,2499,1,1,0,0,2499,0,1733.94,44.12),(1,17659,2999,2100,1,0.7,0.3,2,2999,899,1886.99,11.29)','',2,'2013-07-20'),(41425,'INSERT INTO gpr_pack_virtual_horario (pav_id,pvh_dia,pvh_hora_desde,pvh_hora_hasta) VALUES (1,99,@@@00:00@@@,@@@23:59@@@)','',2,'2013-07-20'),(41426,'UPDATE gpr_pack_virtual SET pav_nombre=@@@PACK PISCO CAMPANARIO SOUR + MANGO 2 X $ 4599@@@,pav_total_pack=4599,pav_total_descuento=899,pav_desde=@@@2013-05-08@@@,pav_hasta=@@@2013-08-31@@@,pav_tipo=@@@PR@@@,pav_precio=0,pav_lleva=0,pav_paga=0,pav_descuento=0,pav_porcentaje=0,pav_oferta_exclusiva=@@@NO@@@,pav_agotar_stock=@@@SI@@@,pav_stock=50,pav_costo=3620.93,pav_margen=27.01 WHERE pav_id=1','',2,'2013-07-20'),(41427,'DELETE FROM gpr_pack_virtual_mov WHERE pav_id=1','',2,'2013-07-20'),(41428,'DELETE FROM gpr_pack_virtual_horario WHERE pav_id=1','',2,'2013-07-20'),(41429,'INSERT INTO gpr_pack_virtual_mov (pav_id,pro_codigo_plu,pvm_precio,pvm_total,pvm_lleva,pvm_paga,pvm_descuento,pvm_porcentaje,pvm_total_normal,pvm_descuento_linea,pvm_costo,pvm_margen) VALUES (1,17630,2499,2499,1,1,0,0,2499,0,1733.94,44.12),(1,17659,2999,2100,1,0.7,0.3,2,2999,899,1886.99,11.29)','',2,'2013-07-20'),(41430,'INSERT INTO gpr_pack_virtual_horario (pav_id,pvh_dia,pvh_hora_desde,pvh_hora_hasta) VALUES (1,99,@@@00:00@@@,@@@23:59@@@)','',2,'2013-07-20'),(41431,'INSERT INTO gne_vale_ferreteria (vfe_id,vfe_fecha,vfe_total,vfe_estado,vfe_entregado,usu_nusuario) VALUES (5932,@@@2013.07.20@@@,2000,1,0,@@@admin@@@)','',2,'2013-07-20'),(41432,'INSERT INTO gne_vale_ferreteria_mov (vfe_id,pro_codigo_plu,vfm_cantidad,vfm_unitario,vfm_total,vfm_entregado) VALUES (5932,763883,1,900,900,@@@NO@@@)','',2,'2013-07-20'),(41433,'INSERT INTO gne_vale_ferreteria_mov (vfe_id,pro_codigo_plu,vfm_cantidad,vfm_unitario,vfm_total,vfm_entregado) VALUES (5932,102593,1,1100,1100,@@@NO@@@)','',2,'2013-07-20'),(41434,'INSERT INTO gne_vale_ferreteria (vfe_id,vfe_fecha,vfe_total,vfe_estado,vfe_entregado,usu_nusuario) VALUES (5933,@@@2013.07.20@@@,960,1,0,@@@admin@@@)','',2,'2013-07-20'),(41435,'INSERT INTO gne_vale_ferreteria_mov (vfe_id,pro_codigo_plu,vfm_cantidad,vfm_unitario,vfm_total,vfm_entregado) VALUES (5933,15949,2,480,960,@@@NO@@@)','',2,'2013-07-20'),(41436,'INSERT INTO mae_productos (pro_codigo_plu,pro_codigo_barra,pro_tipo,pro_nombre_producto,pro_nombre_corto,med_id,emb_id,pro_unidades_embalaje,dep_id,lin_id,mar_id,pro_precio_compra_neto,pro_precio_compra_bruto,pro_precio_venta,pro_margen_actual,pro_oferta,pro_fecha_inicio_oferta,pro_fecha_termino_oferta,pro_precio_oferta,pro_stock_minimo,pro_stock_critico,pro_entradas_bodega,pro_salidas_bodega,pro_mermas_bodega,pro_ajustes_bodega,pro_entradas_sv,pro_salidas_sv,pro_mermas_sv,pro_ajustes_sv,pro_activo,rec_numero,pro_unidad,pro_capacidad,pro_consumo_bodega,pro_consumo_sv,pro_estado,pro_funcion_plu,pro_flejes,pro_iva,pro_plu_asociado,pro_envase,pro_duracion,pro_numero_etiqueta) VALUES (780721397,@@@7806505957800@@@,@@@0@@@,@@@CUADERNO AUCA 100HJS MATE@@@,@@@CUADERNO AUCA 10@@@,@@@1 @@@,@@@3 @@@,@@@10@@@,@@@24 @@@,@@@137@@@,@@@2401@@@,@@@0@@@,@@@0@@@,@@@490@@@,@@@0@@@,@@@@@@,@@@2013.07.20@@@,@@@2013.07.20@@@,@@@0@@@,@@@20@@@,@@@10@@@,@@@0@@@,@@@0@@@,@@@0@@@,@@@0@@@,@@@0@@@,@@@0@@@,@@@0@@@,@@@0@@@,@@@1@@@,@@@0@@@,0,1,0,0,2,0,1,1,0,@@@NO@@@,0,0)','',2,'2013-07-20'),(41437,'DELETE FROM mae_impuestos_productos WHERE pro_codigo_plu=@@@780721397@@@','',2,'2013-07-20'),(41438,'UPDATE mae_productos SET pro_precio_fiscal=pro_precio_venta WHERE pro_codigo_plu=780721397','',2,'2013-07-20'),(41439,'INSERT INTO gne_vale_ferreteria (vfe_id,vfe_fecha,vfe_total,vfe_estado,vfe_entregado,usu_nusuario) VALUES (5934,@@@2013.07.21@@@,1280,1,0,@@@b_SAEZ@@@)','',2,'2013-07-21'),(41440,'INSERT INTO gne_vale_ferreteria_mov (vfe_id,pro_codigo_plu,vfm_cantidad,vfm_unitario,vfm_total,vfm_entregado) VALUES (5934,101454,1,790,790,@@@NO@@@)','',2,'2013-07-21'),(41441,'INSERT INTO gne_vale_ferreteria_mov (vfe_id,pro_codigo_plu,vfm_cantidad,vfm_unitario,vfm_total,vfm_entregado) VALUES (5934,764701,1,490,490,@@@NO@@@)','',2,'2013-07-21'),(41442,'INSERT INTO gne_vale_ferreteria (vfe_id,vfe_fecha,vfe_total,vfe_estado,vfe_entregado,usu_nusuario) VALUES (5935,@@@2013.07.21@@@,680,1,0,@@@b_SAEZ@@@)','',2,'2013-07-21'),(41443,'INSERT INTO gne_vale_ferreteria_mov (vfe_id,pro_codigo_plu,vfm_cantidad,vfm_unitario,vfm_total,vfm_entregado) VALUES (5935,19866,1,680,680,@@@NO@@@)','',2,'2013-07-21'),(41444,'INSERT INTO gne_vale_ferreteria (vfe_id,vfe_fecha,vfe_total,vfe_estado,vfe_entregado,usu_nusuario) VALUES (5936,@@@2013.07.21@@@,540,1,0,@@@b_SAEZ@@@)','',2,'2013-07-21'),(41445,'INSERT INTO gne_vale_ferreteria_mov (vfe_id,pro_codigo_plu,vfm_cantidad,vfm_unitario,vfm_total,vfm_entregado) VALUES (5936,19916,1,540,540,@@@NO@@@)','',2,'2013-07-21'),(41446,'INSERT INTO gne_vale_ferreteria (vfe_id,vfe_fecha,vfe_total,vfe_estado,vfe_entregado,usu_nusuario) VALUES (5937,@@@2013.07.21@@@,390,1,0,@@@b_SAEZ@@@)','',2,'2013-07-21'),(41447,'INSERT INTO gne_vale_ferreteria_mov (vfe_id,pro_codigo_plu,vfm_cantidad,vfm_unitario,vfm_total,vfm_entregado) VALUES (5937,102455,3,130,390,@@@NO@@@)','',2,'2013-07-21'),(41448,'INSERT INTO gne_vale_ferreteria (vfe_id,vfe_fecha,vfe_total,vfe_estado,vfe_entregado,usu_nusuario) VALUES (5938,@@@2013.07.21@@@,530,1,0,@@@b_SAEZ@@@)','',2,'2013-07-21'),(41449,'INSERT INTO gne_vale_ferreteria_mov (vfe_id,pro_codigo_plu,vfm_cantidad,vfm_unitario,vfm_total,vfm_entregado) VALUES (5938,101677,1,530,530,@@@NO@@@)','',2,'2013-07-21'),(41450,'INSERT INTO gne_vale_ferreteria (vfe_id,vfe_fecha,vfe_total,vfe_estado,vfe_entregado,usu_nusuario) VALUES (5939,@@@2013.07.21@@@,1,1,0,@@@b_SAEZ@@@)','',2,'2013-07-21'),(41451,'INSERT INTO gne_vale_ferreteria_mov (vfe_id,pro_codigo_plu,vfm_cantidad,vfm_unitario,vfm_total,vfm_entregado) VALUES (5939,2500,1,1,1,@@@NO@@@)','',2,'2013-07-21'),(41452,'INSERT INTO gne_vale_ferreteria (vfe_id,vfe_fecha,vfe_total,vfe_estado,vfe_entregado,usu_nusuario) VALUES (5940,@@@2013.07.21@@@,1890,1,0,@@@b_SAEZ@@@)','',2,'2013-07-21'),(41453,'INSERT INTO gne_vale_ferreteria_mov (vfe_id,pro_codigo_plu,vfm_cantidad,vfm_unitario,vfm_total,vfm_entregado) VALUES (5940,762322,1,1890,1890,@@@NO@@@)','',2,'2013-07-21'),(41454,'INSERT INTO gne_vale_ferreteria (vfe_id,vfe_fecha,vfe_total,vfe_estado,vfe_entregado,usu_nusuario) VALUES (5941,@@@2013.07.21@@@,490,1,0,@@@b_SAEZ@@@)','',2,'2013-07-21'),(41455,'INSERT INTO gne_vale_ferreteria_mov (vfe_id,pro_codigo_plu,vfm_cantidad,vfm_unitario,vfm_total,vfm_entregado) VALUES (5941,764761,1,490,490,@@@NO@@@)','',2,'2013-07-21'),(41456,'INSERT INTO gne_vale_ferreteria (vfe_id,vfe_fecha,vfe_total,vfe_estado,vfe_entregado,usu_nusuario) VALUES (5942,@@@2013.07.21@@@,520,1,0,@@@b_SAEZ@@@)','',2,'2013-07-21'),(41457,'INSERT INTO gne_vale_ferreteria_mov (vfe_id,pro_codigo_plu,vfm_cantidad,vfm_unitario,vfm_total,vfm_entregado) VALUES (5942,19803,1,520,520,@@@NO@@@)','',2,'2013-07-21'),(41458,'INSERT INTO gne_vale_ferreteria (vfe_id,vfe_fecha,vfe_total,vfe_estado,vfe_entregado,usu_nusuario) VALUES (5943,@@@2013.07.21@@@,3980,1,0,@@@b_SAEZ@@@)','',2,'2013-07-21'),(41459,'INSERT INTO gne_vale_ferreteria_mov (vfe_id,pro_codigo_plu,vfm_cantidad,vfm_unitario,vfm_total,vfm_entregado) VALUES (5943,100473,2,1890,3780,@@@NO@@@)','',2,'2013-07-21'),(41460,'INSERT INTO gne_vale_ferreteria_mov (vfe_id,pro_codigo_plu,vfm_cantidad,vfm_unitario,vfm_total,vfm_entregado) VALUES (5943,770000,4,50,200,@@@NO@@@)','',2,'2013-07-21'),(41461,'INSERT INTO gne_vale_ferreteria (vfe_id,vfe_fecha,vfe_total,vfe_estado,vfe_entregado,usu_nusuario) VALUES (5944,@@@2013.07.21@@@,580,1,0,@@@b_SAEZ@@@)','',2,'2013-07-21'),(41462,'INSERT INTO gne_vale_ferreteria_mov (vfe_id,pro_codigo_plu,vfm_cantidad,vfm_unitario,vfm_total,vfm_entregado) VALUES (5944,3103,2,290,580,@@@NO@@@)','',2,'2013-07-21'),(41463,'INSERT INTO gne_vale_ferreteria (vfe_id,vfe_fecha,vfe_total,vfe_estado,vfe_entregado,usu_nusuario) VALUES (5945,@@@2013.07.21@@@,400,1,0,@@@b_SAEZ@@@)','',2,'2013-07-21'),(41464,'INSERT INTO gne_vale_ferreteria_mov (vfe_id,pro_codigo_plu,vfm_cantidad,vfm_unitario,vfm_total,vfm_entregado) VALUES (5945,770000,8,50,400,@@@NO@@@)','',2,'2013-07-21'),(41465,'INSERT INTO gne_vale_ferreteria (vfe_id,vfe_fecha,vfe_total,vfe_estado,vfe_entregado,usu_nusuario) VALUES (5946,@@@2013.07.21@@@,3290,1,0,@@@b_SAEZ@@@)','',2,'2013-07-21'),(41466,'INSERT INTO gne_vale_ferreteria_mov (vfe_id,pro_codigo_plu,vfm_cantidad,vfm_unitario,vfm_total,vfm_entregado) VALUES (5946,780721216,1,3290,3290,@@@NO@@@)','',2,'2013-07-21'),(41467,'INSERT INTO gne_vale_ferreteria (vfe_id,vfe_fecha,vfe_total,vfe_estado,vfe_entregado,usu_nusuario) VALUES (5947,@@@2013.07.21@@@,390,1,0,@@@b_SAEZ@@@)','',2,'2013-07-21'),(41468,'INSERT INTO gne_vale_ferreteria_mov (vfe_id,pro_codigo_plu,vfm_cantidad,vfm_unitario,vfm_total,vfm_entregado) VALUES (5947,78017239,1,390,390,@@@NO@@@)','',2,'2013-07-21'),(41469,'INSERT INTO gne_vale_ferreteria (vfe_id,vfe_fecha,vfe_total,vfe_estado,vfe_entregado,usu_nusuario) VALUES (5948,@@@2013.07.21@@@,200,1,0,@@@b_SAEZ@@@)','',2,'2013-07-21'),(41470,'INSERT INTO gne_vale_ferreteria_mov (vfe_id,pro_codigo_plu,vfm_cantidad,vfm_unitario,vfm_total,vfm_entregado) VALUES (5948,78017176,1,200,200,@@@NO@@@)','',2,'2013-07-21'),(41471,'INSERT INTO gne_vale_ferreteria (vfe_id,vfe_fecha,vfe_total,vfe_estado,vfe_entregado,usu_nusuario) VALUES (5949,@@@2013.07.21@@@,450,1,0,@@@b_SAEZ@@@)','',2,'2013-07-21'),(41472,'INSERT INTO gne_vale_ferreteria_mov (vfe_id,pro_codigo_plu,vfm_cantidad,vfm_unitario,vfm_total,vfm_entregado) VALUES (5949,763838,1,450,450,@@@NO@@@)','',2,'2013-07-21'),(41473,'INSERT INTO gne_vale_ferreteria (vfe_id,vfe_fecha,vfe_total,vfe_estado,vfe_entregado,usu_nusuario) VALUES (5950,@@@2013.07.21@@@,200,1,0,@@@b_SAEZ@@@)','',2,'2013-07-21'),(41474,'INSERT INTO gne_vale_ferreteria_mov (vfe_id,pro_codigo_plu,vfm_cantidad,vfm_unitario,vfm_total,vfm_entregado) VALUES (5950,78017238,1,200,200,@@@NO@@@)','',2,'2013-07-21'),(41475,'INSERT INTO gne_vale_ferreteria (vfe_id,vfe_fecha,vfe_total,vfe_estado,vfe_entregado,usu_nusuario) VALUES (5951,@@@2013.07.21@@@,2790,1,0,@@@b_SAEZ@@@)','',2,'2013-07-21'),(41476,'INSERT INTO gne_vale_ferreteria_mov (vfe_id,pro_codigo_plu,vfm_cantidad,vfm_unitario,vfm_total,vfm_entregado) VALUES (5951,780721175,1,2790,2790,@@@NO@@@)','',2,'2013-07-21'),(41477,'INSERT INTO gne_vale_ferreteria (vfe_id,vfe_fecha,vfe_total,vfe_estado,vfe_entregado,usu_nusuario) VALUES (5952,@@@2013.07.21@@@,1490,1,0,@@@b_SAEZ@@@)','',2,'2013-07-21'),(41478,'INSERT INTO gne_vale_ferreteria_mov (vfe_id,pro_codigo_plu,vfm_cantidad,vfm_unitario,vfm_total,vfm_entregado) VALUES (5952,764955,1,1490,1490,@@@NO@@@)','',2,'2013-07-21'),(41479,'INSERT INTO gne_vale_ferreteria (vfe_id,vfe_fecha,vfe_total,vfe_estado,vfe_entregado,usu_nusuario) VALUES (5953,@@@2013.07.21@@@,3980,1,0,@@@b_SAEZ@@@)','',2,'2013-07-21'),(41480,'INSERT INTO gne_vale_ferreteria_mov (vfe_id,pro_codigo_plu,vfm_cantidad,vfm_unitario,vfm_total,vfm_entregado) VALUES (5953,101856,2,1990,3980,@@@NO@@@)','',2,'2013-07-21'),(41481,'INSERT INTO gne_vale_ferreteria (vfe_id,vfe_fecha,vfe_total,vfe_estado,vfe_entregado,usu_nusuario) VALUES (5954,@@@2013.07.21@@@,990,1,0,@@@b_SAEZ@@@)','',2,'2013-07-21'),(41482,'INSERT INTO gne_vale_ferreteria_mov (vfe_id,pro_codigo_plu,vfm_cantidad,vfm_unitario,vfm_total,vfm_entregado) VALUES (5954,761546,1,990,990,@@@NO@@@)','',2,'2013-07-21'),(41483,'INSERT INTO gne_vale_ferreteria (vfe_id,vfe_fecha,vfe_total,vfe_estado,vfe_entregado,usu_nusuario) VALUES (5955,@@@2013.07.21@@@,1890,1,0,@@@b_SAEZ@@@)','',2,'2013-07-21'),(41484,'INSERT INTO gne_vale_ferreteria_mov (vfe_id,pro_codigo_plu,vfm_cantidad,vfm_unitario,vfm_total,vfm_entregado) VALUES (5955,101625,1,1890,1890,@@@NO@@@)','',2,'2013-07-21'),(41485,'UPDATE mae_productos SET pro_margen_actual=0,pro_precio_venta=500 WHERE pro_codigo_plu=607','',2,'2013-07-21'),(41486,'UPDATE mae_productos SET pro_margen_actual=0,pro_precio_venta=500 WHERE pro_codigo_plu=532','',2,'2013-07-21'),(41487,'UPDATE mae_productos SET pro_precio_fiscal=pro_precio_venta WHERE pro_codigo_plu=532','',2,'2013-07-21'),(41488,'UPDATE mae_productos SET pro_precio_fiscal=pro_precio_venta WHERE pro_codigo_plu=607','',2,'2013-07-21'),(41489,'INSERT INTO mae_cajeros (cro_nusuario,cro_nombre,cro_password,cro_activo,cro_codigo) VALUES (@@@b_saez@@@,@@@BARBARA SAEZ@@@,@@@XANXA@@@,@@@SI@@@,0)','',2,'2013-07-21'),(41490,'UPDATE mae_datos_empresa SET emp_rut=@@@10162956-2@@@,emp_razon_social=@@@SUPERMERCADO UNICO NACIMIENTO@@@,emp_sucursal=@@@MATRIZ@@@,emp_giro=@@@SUPERMERCADOS@@@,emp_direccion=@@@AV. SAN GREGORIO 15@@@,emp_ciudad=@@@NACIMIENTO@@@,emp_telefono=@@@511706@@@,emp_mail=@@@UNICONACIMIENTO@GMAIL.COM@@@,emp_mail_gerencia_comercial=@@@@@@,emp_mail_gerencia_operaciones=@@@@@@,emp_mail_gerencia_sistemas=@@@@@@,emp_nombre_administrador=@@@SUPERMERCADO UNICO@@@,emp_direccion_sala=@@@AV. SAN GREGORIO 15@@@,emp_ciudad_sala=@@@NACIMIENTO@@@,emp_utm=40005,emp_telefono_sala=@@@511706@@@,emp_fax_sala=@@@511706@@@,emp_mail_sala=@@@UNICONACIMIENTO@GMAIL.COM@@@,emp_cta_efectivo=@@@0@@@,emp_cta_cheque=@@@0@@@,emp_cta_ventas=@@@0@@@,emp_cta_t_credito=@@@0@@@,emp_cta_t_debito=@@@0@@@,emp_cta_p_acumulados=@@@0@@@,emp_cta_descuento=@@@0@@@,emp_cta_cliente=@@@0@@@,emp_cta_funcionario=@@@0@@@,emp_cta_apoyo=@@@0@@@','',2,'2013-07-21'),(41491,'UPDATE mae_datos_empresa SET emp_entradas_compras=@@@0@@@,emp_entradas_pack=@@@0@@@,emp_entradas_preparados=@@@0@@@,emp_salidas_pi_pack=@@@0@@@,emp_salidas_pi_preparados=@@@0@@@,emp_iva=19,emp_lineas_facturas=18,emp_lineas_guias=18,emp_lineas_nc=@@@12@@@,emp_minimo_nc=@@@500@@@,emp_codigo_ferreteria=0,emp_codigo_cigarrillos=25,emp_path_flejes=@@@C:/Users/Administracion/Documents/flejes@@@,emp_path_balanzas=@@@C:/@@@,emp_path_precios=@@@//secretaria/C/UX60/CORREO@@@,emp_path_ventas=@@@//secretaria/C/UX60@@@,emp_cta_mercaderias=0,emp_cta_iva=0,emp_cta_excento=0,emp_cta_harina=0,emp_cta_especifico=0,emp_cta_carne=0,emp_cta_ila=0,emp_cta_proveedor=0,emp_registradora=3,emp_funcionamiento=0,emp_codigo_queseria=0,emp_codigo_roticeria=3,emp_com=@@@COM1@@@,emp_baudios=@@@9600@@@,emp_total_cajas=3','',2,'2013-07-21'),(41492,'INSERT INTO gne_vale_ferreteria (vfe_id,vfe_fecha,vfe_total,vfe_estado,vfe_entregado,usu_nusuario) VALUES (5956,@@@2013.07.21@@@,500,1,0,@@@m_martinez@@@)','',2,'2013-07-21'),(41493,'INSERT INTO gne_vale_ferreteria_mov (vfe_id,pro_codigo_plu,vfm_cantidad,vfm_unitario,vfm_total,vfm_entregado) VALUES (5956,1040,1,200,200,@@@NO@@@)','',2,'2013-07-21'),(41494,'INSERT INTO gne_vale_ferreteria_mov (vfe_id,pro_codigo_plu,vfm_cantidad,vfm_unitario,vfm_total,vfm_entregado) VALUES (5956,763880,2,150,300,@@@NO@@@)','',2,'2013-07-21'),(41495,'INSERT INTO gne_vale_ferreteria (vfe_id,vfe_fecha,vfe_total,vfe_estado,vfe_entregado,usu_nusuario) VALUES (5957,@@@2013.07.21@@@,200,1,0,@@@m_martinez@@@)','',2,'2013-07-21'),(41496,'INSERT INTO gne_vale_ferreteria_mov (vfe_id,pro_codigo_plu,vfm_cantidad,vfm_unitario,vfm_total,vfm_entregado) VALUES (5957,18387,1,200,200,@@@NO@@@)','',2,'2013-07-21'),(41497,'INSERT INTO gne_vale_ferreteria (vfe_id,vfe_fecha,vfe_total,vfe_estado,vfe_entregado,usu_nusuario) VALUES (5958,@@@2013.07.21@@@,1080,1,0,@@@m_martinez@@@)','',2,'2013-07-21'),(41498,'INSERT INTO gne_vale_ferreteria_mov (vfe_id,pro_codigo_plu,vfm_cantidad,vfm_unitario,vfm_total,vfm_entregado) VALUES (5958,15949,2,480,960,@@@NO@@@)','',2,'2013-07-21'),(41499,'INSERT INTO gne_vale_ferreteria_mov (vfe_id,pro_codigo_plu,vfm_cantidad,vfm_unitario,vfm_total,vfm_entregado) VALUES (5958,780721125,1,120,120,@@@NO@@@)','',2,'2013-07-21'),(41500,'INSERT INTO gne_vale_ferreteria (vfe_id,vfe_fecha,vfe_total,vfe_estado,vfe_entregado,usu_nusuario) VALUES (5959,@@@2013.07.21@@@,1490,1,0,@@@m_martinez@@@)','',2,'2013-07-21'),(41501,'INSERT INTO gne_vale_ferreteria_mov (vfe_id,pro_codigo_plu,vfm_cantidad,vfm_unitario,vfm_total,vfm_entregado) VALUES (5959,763293,1,1490,1490,@@@NO@@@)','',2,'2013-07-21'),(41502,'INSERT INTO gne_vale_ferreteria (vfe_id,vfe_fecha,vfe_total,vfe_estado,vfe_entregado,usu_nusuario) VALUES (5960,@@@2013.07.21@@@,4200,1,0,@@@m_martinez@@@)','',2,'2013-07-21'),(41503,'INSERT INTO gne_vale_ferreteria_mov (vfe_id,pro_codigo_plu,vfm_cantidad,vfm_unitario,vfm_total,vfm_entregado) VALUES (5960,20476,1,1690,1690,@@@NO@@@)','',2,'2013-07-21'),(41504,'INSERT INTO gne_vale_ferreteria_mov (vfe_id,pro_codigo_plu,vfm_cantidad,vfm_unitario,vfm_total,vfm_entregado) VALUES (5960,19918,2,330,660,@@@NO@@@)','',2,'2013-07-21'),(41505,'INSERT INTO gne_vale_ferreteria_mov (vfe_id,pro_codigo_plu,vfm_cantidad,vfm_unitario,vfm_total,vfm_entregado) VALUES (5960,18537,1,1850,1850,@@@NO@@@)','',2,'2013-07-21'),(41506,'INSERT INTO gne_vale_ferreteria (vfe_id,vfe_fecha,vfe_total,vfe_estado,vfe_entregado,usu_nusuario) VALUES (5961,@@@2013.07.21@@@,2050,1,0,@@@m_martinez@@@)','',2,'2013-07-21'),(41507,'INSERT INTO gne_vale_ferreteria_mov (vfe_id,pro_codigo_plu,vfm_cantidad,vfm_unitario,vfm_total,vfm_entregado) VALUES (5961,764385,1,1690,1690,@@@NO@@@)','',2,'2013-07-21'),(41508,'INSERT INTO gne_vale_ferreteria_mov (vfe_id,pro_codigo_plu,vfm_cantidad,vfm_unitario,vfm_total,vfm_entregado) VALUES (5961,780721125,3,120,360,@@@NO@@@)','',2,'2013-07-21'),(41509,'INSERT INTO gne_vale_ferreteria (vfe_id,vfe_fecha,vfe_total,vfe_estado,vfe_entregado,usu_nusuario) VALUES (5962,@@@2013.07.21@@@,1479,1,0,@@@m_martinez@@@)','',2,'2013-07-21'),(41510,'INSERT INTO gne_vale_ferreteria_mov (vfe_id,pro_codigo_plu,vfm_cantidad,vfm_unitario,vfm_total,vfm_entregado) VALUES (5962,763722,1,399,399,@@@NO@@@)','',2,'2013-07-21'),(41511,'INSERT INTO gne_vale_ferreteria_mov (vfe_id,pro_codigo_plu,vfm_cantidad,vfm_unitario,vfm_total,vfm_entregado) VALUES (5962,19916,2,540,1080,@@@NO@@@)','',2,'2013-07-21'),(41512,'INSERT INTO gne_vale_ferreteria (vfe_id,vfe_fecha,vfe_total,vfe_estado,vfe_entregado,usu_nusuario) VALUES (5963,@@@2013.07.21@@@,2390,1,0,@@@m_martinez@@@)','',2,'2013-07-21'),(41513,'INSERT INTO gne_vale_ferreteria_mov (vfe_id,pro_codigo_plu,vfm_cantidad,vfm_unitario,vfm_total,vfm_entregado) VALUES (5963,764525,1,2390,2390,@@@NO@@@)','',2,'2013-07-21'),(41514,'INSERT INTO gne_vale_ferreteria (vfe_id,vfe_fecha,vfe_total,vfe_estado,vfe_entregado,usu_nusuario) VALUES (5964,@@@2013.07.21@@@,2100,1,0,@@@m_martinez@@@)','',2,'2013-07-21'),(41515,'INSERT INTO gne_vale_ferreteria_mov (vfe_id,pro_codigo_plu,vfm_cantidad,vfm_unitario,vfm_total,vfm_entregado) VALUES (5964,78017229,1,2100,2100,@@@NO@@@)','',2,'2013-07-21'),(41516,'INSERT INTO gne_vale_ferreteria (vfe_id,vfe_fecha,vfe_total,vfe_estado,vfe_entregado,usu_nusuario) VALUES (5965,@@@2013.07.21@@@,380,1,0,@@@m_martinez@@@)','',2,'2013-07-21'),(41517,'INSERT INTO gne_vale_ferreteria_mov (vfe_id,pro_codigo_plu,vfm_cantidad,vfm_unitario,vfm_total,vfm_entregado) VALUES (5965,1537,2,190,380,@@@NO@@@)','',2,'2013-07-21'),(41518,'INSERT INTO gne_vale_ferreteria (vfe_id,vfe_fecha,vfe_total,vfe_estado,vfe_entregado,usu_nusuario) VALUES (5966,@@@2013.07.21@@@,200,1,0,@@@m_martinez@@@)','',2,'2013-07-21'),(41519,'INSERT INTO gne_vale_ferreteria_mov (vfe_id,pro_codigo_plu,vfm_cantidad,vfm_unitario,vfm_total,vfm_entregado) VALUES (5966,3104,1,200,200,@@@NO@@@)','',2,'2013-07-21'),(41520,'INSERT INTO gne_vale_ferreteria (vfe_id,vfe_fecha,vfe_total,vfe_estado,vfe_entregado,usu_nusuario) VALUES (5967,@@@2013.07.21@@@,1385,1,0,@@@m_martinez@@@)','',2,'2013-07-21'),(41521,'INSERT INTO gne_vale_ferreteria_mov (vfe_id,pro_codigo_plu,vfm_cantidad,vfm_unitario,vfm_total,vfm_entregado) VALUES (5967,4082,1,690,690,@@@NO@@@)','',2,'2013-07-21'),(41522,'INSERT INTO gne_vale_ferreteria_mov (vfe_id,pro_codigo_plu,vfm_cantidad,vfm_unitario,vfm_total,vfm_entregado) VALUES (5967,7050,1,695,695,@@@NO@@@)','',2,'2013-07-21'),(41523,'INSERT INTO gne_vale_ferreteria (vfe_id,vfe_fecha,vfe_total,vfe_estado,vfe_entregado,usu_nusuario) VALUES (5968,@@@2013.07.21@@@,3499,1,0,@@@m_martinez@@@)','',2,'2013-07-21'),(41524,'INSERT INTO gne_vale_ferreteria_mov (vfe_id,pro_codigo_plu,vfm_cantidad,vfm_unitario,vfm_total,vfm_entregado) VALUES (5968,763622,1,1399,1399,@@@NO@@@)','',2,'2013-07-21'),(41525,'INSERT INTO gne_vale_ferreteria_mov (vfe_id,pro_codigo_plu,vfm_cantidad,vfm_unitario,vfm_total,vfm_entregado) VALUES (5968,763793,1,2100,2100,@@@NO@@@)','',2,'2013-07-21'),(41526,'INSERT INTO gne_vale_ferreteria (vfe_id,vfe_fecha,vfe_total,vfe_estado,vfe_entregado,usu_nusuario) VALUES (5969,@@@2013.07.21@@@,960,1,0,@@@m_martinez@@@)','',2,'2013-07-21'),(41527,'INSERT INTO gne_vale_ferreteria_mov (vfe_id,pro_codigo_plu,vfm_cantidad,vfm_unitario,vfm_total,vfm_entregado) VALUES (5969,15949,2,480,960,@@@NO@@@)','',2,'2013-07-21'),(41528,'INSERT INTO gne_vale_ferreteria (vfe_id,vfe_fecha,vfe_total,vfe_estado,vfe_entregado,usu_nusuario) VALUES (5970,@@@2013.07.21@@@,350,1,0,@@@m_martinez@@@)','',2,'2013-07-21'),(41529,'INSERT INTO gne_vale_ferreteria_mov (vfe_id,pro_codigo_plu,vfm_cantidad,vfm_unitario,vfm_total,vfm_entregado) VALUES (5970,102408,1,350,350,@@@NO@@@)','',2,'2013-07-21'),(41530,'INSERT INTO gne_vale_ferreteria (vfe_id,vfe_fecha,vfe_total,vfe_estado,vfe_entregado,usu_nusuario) VALUES (5971,@@@2013.07.21@@@,300,1,0,@@@m_martinez@@@)','',2,'2013-07-21'),(41531,'INSERT INTO gne_vale_ferreteria_mov (vfe_id,pro_codigo_plu,vfm_cantidad,vfm_unitario,vfm_total,vfm_entregado) VALUES (5971,764411,3,100,300,@@@NO@@@)','',2,'2013-07-21'),(41532,'INSERT INTO gne_vale_ferreteria (vfe_id,vfe_fecha,vfe_total,vfe_estado,vfe_entregado,usu_nusuario) VALUES (5972,@@@2013.07.21@@@,840,1,0,@@@m_martinez@@@)','',2,'2013-07-21'),(41533,'INSERT INTO gne_vale_ferreteria_mov (vfe_id,pro_codigo_plu,vfm_cantidad,vfm_unitario,vfm_total,vfm_entregado) VALUES (5972,11670,1,840,840,@@@NO@@@)','',2,'2013-07-21'),(41534,'INSERT INTO gne_vale_ferreteria (vfe_id,vfe_fecha,vfe_total,vfe_estado,vfe_entregado,usu_nusuario) VALUES (5973,@@@2013.07.21@@@,2240,1,0,@@@m_martinez@@@)','',2,'2013-07-21'),(41535,'INSERT INTO gne_vale_ferreteria_mov (vfe_id,pro_codigo_plu,vfm_cantidad,vfm_unitario,vfm_total,vfm_entregado) VALUES (5973,763607,1,1890,1890,@@@NO@@@)','',2,'2013-07-21'),(41536,'INSERT INTO gne_vale_ferreteria_mov (vfe_id,pro_codigo_plu,vfm_cantidad,vfm_unitario,vfm_total,vfm_entregado) VALUES (5973,102408,1,350,350,@@@NO@@@)','',2,'2013-07-21'),(41537,'INSERT INTO gne_vale_ferreteria (vfe_id,vfe_fecha,vfe_total,vfe_estado,vfe_entregado,usu_nusuario) VALUES (5974,@@@2013.07.21@@@,480,1,0,@@@m_martinez@@@)','',2,'2013-07-21'),(41538,'INSERT INTO gne_vale_ferreteria_mov (vfe_id,pro_codigo_plu,vfm_cantidad,vfm_unitario,vfm_total,vfm_entregado) VALUES (5974,78016990,4,120,480,@@@NO@@@)','',2,'2013-07-21'),(41539,'INSERT INTO gne_vale_ferreteria (vfe_id,vfe_fecha,vfe_total,vfe_estado,vfe_entregado,usu_nusuario) VALUES (5975,@@@2013.07.21@@@,2800,1,0,@@@m_martinez@@@)','',2,'2013-07-21'),(41540,'INSERT INTO gne_vale_ferreteria_mov (vfe_id,pro_codigo_plu,vfm_cantidad,vfm_unitario,vfm_total,vfm_entregado) VALUES (5975,764822,10,280,2800,@@@NO@@@)','',2,'2013-07-21'),(41541,'INSERT INTO gne_vale_ferreteria (vfe_id,vfe_fecha,vfe_total,vfe_estado,vfe_entregado,usu_nusuario) VALUES (5976,@@@2013.07.21@@@,2990,1,0,@@@m_martinez@@@)','',2,'2013-07-21'),(41542,'INSERT INTO gne_vale_ferreteria_mov (vfe_id,pro_codigo_plu,vfm_cantidad,vfm_unitario,vfm_total,vfm_entregado) VALUES (5976,101817,1,2990,2990,@@@NO@@@)','',2,'2013-07-21'),(41543,'INSERT INTO gne_vale_ferreteria (vfe_id,vfe_fecha,vfe_total,vfe_estado,vfe_entregado,usu_nusuario) VALUES (5977,@@@2013.07.21@@@,600,1,0,@@@m_martinez@@@)','',2,'2013-07-21'),(41544,'INSERT INTO gne_vale_ferreteria_mov (vfe_id,pro_codigo_plu,vfm_cantidad,vfm_unitario,vfm_total,vfm_entregado) VALUES (5977,78017201,3,200,600,@@@NO@@@)','',2,'2013-07-21'),(41545,'INSERT INTO gne_vale_ferreteria (vfe_id,vfe_fecha,vfe_total,vfe_estado,vfe_entregado,usu_nusuario) VALUES (5978,@@@2013.07.21@@@,240,1,0,@@@m_martinez@@@)','',2,'2013-07-21'),(41546,'INSERT INTO gne_vale_ferreteria_mov (vfe_id,pro_codigo_plu,vfm_cantidad,vfm_unitario,vfm_total,vfm_entregado) VALUES (5978,763778,1,240,240,@@@NO@@@)','',2,'2013-07-21'),(41547,'INSERT INTO com_ventas_grupo (vgr_fecha,vgr_grupo,vgr_cantidad,vgr_total) VALUES (@@@2013.07.20@@@,1,184.165,183126)','',2,'2013-07-21'),(41548,'INSERT INTO com_ventas_grupo (vgr_fecha,vgr_grupo,vgr_cantidad,vgr_total) VALUES (@@@2013.07.20@@@,2,233.61,100983)','',2,'2013-07-21'),(41549,'INSERT INTO com_ventas_grupo (vgr_fecha,vgr_grupo,vgr_cantidad,vgr_total) VALUES (@@@2013.07.20@@@,3,442,97483)','',2,'2013-07-21'),(41550,'INSERT INTO com_ventas_grupo (vgr_fecha,vgr_grupo,vgr_cantidad,vgr_total) VALUES (@@@2013.07.20@@@,4,145,126597)','',2,'2013-07-21'),(41551,'INSERT INTO com_ventas_grupo (vgr_fecha,vgr_grupo,vgr_cantidad,vgr_total) VALUES (@@@2013.07.20@@@,5,21,88887)','',2,'2013-07-21'),(41552,'INSERT INTO com_ventas_grupo (vgr_fecha,vgr_grupo,vgr_cantidad,vgr_total) VALUES (@@@2013.07.20@@@,6,55,108429)','',2,'2013-07-21'),(41553,'INSERT INTO com_ventas_grupo (vgr_fecha,vgr_grupo,vgr_cantidad,vgr_total) VALUES (@@@2013.07.20@@@,7,70,134083)','',2,'2013-07-21'),(41554,'INSERT INTO com_ventas_grupo (vgr_fecha,vgr_grupo,vgr_cantidad,vgr_total) VALUES (@@@2013.07.20@@@,8,25,20600)','',2,'2013-07-21'),(41555,'INSERT INTO com_ventas_grupo (vgr_fecha,vgr_grupo,vgr_cantidad,vgr_total) VALUES (@@@2013.07.20@@@,9,72.7,124978)','',2,'2013-07-21'),(41556,'INSERT INTO com_ventas_grupo (vgr_fecha,vgr_grupo,vgr_cantidad,vgr_total) VALUES (@@@2013.07.20@@@,10,51.075,110652)','',2,'2013-07-21'),(41557,'INSERT INTO com_ventas_grupo (vgr_fecha,vgr_grupo,vgr_cantidad,vgr_total) VALUES (@@@2013.07.20@@@,11,48.65,125343)','',2,'2013-07-21'),(41558,'INSERT INTO com_ventas_grupo (vgr_fecha,vgr_grupo,vgr_cantidad,vgr_total) VALUES (@@@2013.07.20@@@,12,56.62,92958)','',2,'2013-07-21'),(41559,'INSERT INTO com_ventas_grupo (vgr_fecha,vgr_grupo,vgr_cantidad,vgr_total) VALUES (@@@2013.07.20@@@,13,7.565,17553)','',2,'2013-07-21'),(41560,'INSERT INTO com_ventas_grupo (vgr_fecha,vgr_grupo,vgr_cantidad,vgr_total) VALUES (@@@2013.07.20@@@,14,99.845,91434)','',2,'2013-07-21'),(41561,'INSERT INTO com_ventas_grupo (vgr_fecha,vgr_grupo,vgr_cantidad,vgr_total) VALUES (@@@2013.07.20@@@,18,206.065,111026)','',2,'2013-07-21'),(41562,'INSERT INTO com_ventas_grupo (vgr_fecha,vgr_grupo,vgr_cantidad,vgr_total) VALUES (@@@2013.07.20@@@,20,132.75,48305)','',2,'2013-07-21'),(41563,'INSERT INTO com_ventas_grupo (vgr_fecha,vgr_grupo,vgr_cantidad,vgr_total) VALUES (@@@2013.07.20@@@,21,48,49260)','',2,'2013-07-21'),(41564,'INSERT INTO com_ventas_grupo (vgr_fecha,vgr_grupo,vgr_cantidad,vgr_total) VALUES (@@@2013.07.20@@@,22,1,1990)','',2,'2013-07-21'),(41565,'INSERT INTO com_ventas_grupo (vgr_fecha,vgr_grupo,vgr_cantidad,vgr_total) VALUES (@@@2013.07.20@@@,23,5,13250)','',2,'2013-07-21'),(41566,'INSERT INTO com_ventas_grupo (vgr_fecha,vgr_grupo,vgr_cantidad,vgr_total) VALUES (@@@2013.07.20@@@,24,171,33220)','',2,'2013-07-21'),(41567,'INSERT INTO com_ventas_grupo (vgr_fecha,vgr_grupo,vgr_cantidad,vgr_total) VALUES (@@@2013.07.20@@@,25,114,185400)','',2,'2013-07-21'),(41568,'INSERT INTO com_ventas_grupo (vgr_fecha,vgr_grupo,vgr_cantidad,vgr_total) VALUES (@@@2013.07.20@@@,31,17,14790)','',2,'2013-07-21'),(41569,'INSERT INTO com_ventas_grupo (vgr_fecha,vgr_grupo,vgr_cantidad,vgr_total) VALUES (@@@2013.07.20@@@,32,314,132402)','',2,'2013-07-21'),(41570,'INSERT INTO com_ventas_grupo (vgr_fecha,vgr_grupo,vgr_cantidad,vgr_total) VALUES (@@@2013.07.20@@@,34,1,1200)','',2,'2013-07-21'),(41571,'INSERT INTO com_ventas_grupo (vgr_fecha,vgr_grupo,vgr_cantidad,vgr_total) VALUES (@@@2013.07.20@@@,35,19,28799)','',2,'2013-07-21'),(41572,'INSERT INTO com_ventas_grupo (vgr_fecha,vgr_grupo,vgr_cantidad,vgr_total) VALUES (@@@2013.07.20@@@,36,7,960)','',2,'2013-07-21'),(41573,'INSERT INTO com_ventas_grupo (vgr_fecha,vgr_grupo,vgr_cantidad,vgr_total) VALUES (@@@2013.07.20@@@,37,8,8520)','',2,'2013-07-21'),(41574,'INSERT INTO com_ventas_grupo (vgr_fecha,vgr_grupo,vgr_cantidad,vgr_total) VALUES (@@@2013.07.20@@@,38,9,23910)','',2,'2013-07-21'),(41575,'INSERT INTO com_ventas_grupo (vgr_fecha,vgr_grupo,vgr_cantidad,vgr_total) VALUES (@@@2013.07.20@@@,39,11,18620)','',2,'2013-07-21'),(41576,'INSERT INTO com_ventas_grupo (vgr_fecha,vgr_grupo,vgr_cantidad,vgr_total) VALUES (@@@2013.07.20@@@,40,12391,12391)','',2,'2013-07-21'),(41577,'INSERT INTO com_ventas_grupo (vgr_fecha,vgr_grupo,vgr_cantidad,vgr_total) VALUES (@@@2013.07.20@@@,42,25.15,21125)','',2,'2013-07-21'),(41578,'UPDATE mae_datos_empresa SET emp_oferta=@@@NO@@@','',2,'2013-07-21'),(41579,'INSERT INTO gne_vale_ferreteria (vfe_id,vfe_fecha,vfe_total,vfe_estado,vfe_entregado,usu_nusuario) VALUES (5979,@@@2013.07.21@@@,1890,1,0,@@@m_martinez@@@)','',2,'2013-07-21'),(41580,'INSERT INTO gne_vale_ferreteria_mov (vfe_id,pro_codigo_plu,vfm_cantidad,vfm_unitario,vfm_total,vfm_entregado) VALUES (5979,101627,1,1890,1890,@@@NO@@@)','',2,'2013-07-21'),(41581,'INSERT INTO gne_vale_ferreteria (vfe_id,vfe_fecha,vfe_total,vfe_estado,vfe_entregado,usu_nusuario) VALUES (5980,@@@2013.07.21@@@,320,1,0,@@@m_martinez@@@)','',2,'2013-07-21'),(41582,'INSERT INTO gne_vale_ferreteria_mov (vfe_id,pro_codigo_plu,vfm_cantidad,vfm_unitario,vfm_total,vfm_entregado) VALUES (5980,763771,1,320,320,@@@NO@@@)','',2,'2013-07-21'),(41583,'INSERT INTO gne_vale_ferreteria (vfe_id,vfe_fecha,vfe_total,vfe_estado,vfe_entregado,usu_nusuario) VALUES (5981,@@@2013.07.21@@@,495,1,0,@@@m_martinez@@@)','',2,'2013-07-21'),(41584,'INSERT INTO gne_vale_ferreteria_mov (vfe_id,pro_codigo_plu,vfm_cantidad,vfm_unitario,vfm_total,vfm_entregado) VALUES (5981,11218,1,495,495,@@@NO@@@)','',2,'2013-07-21'),(41585,'INSERT INTO gne_vale_ferreteria (vfe_id,vfe_fecha,vfe_total,vfe_estado,vfe_entregado,usu_nusuario) VALUES (5982,@@@2013.07.21@@@,550,1,0,@@@m_martinez@@@)','',2,'2013-07-21'),(41586,'INSERT INTO gne_vale_ferreteria_mov (vfe_id,pro_codigo_plu,vfm_cantidad,vfm_unitario,vfm_total,vfm_entregado) VALUES (5982,780721304,1,550,550,@@@NO@@@)','',2,'2013-07-21'),(41587,'INSERT INTO gne_vale_ferreteria (vfe_id,vfe_fecha,vfe_total,vfe_estado,vfe_entregado,usu_nusuario) VALUES (5983,@@@2013.07.21@@@,120,1,0,@@@m_martinez@@@)','',2,'2013-07-21'),(41588,'INSERT INTO gne_vale_ferreteria_mov (vfe_id,pro_codigo_plu,vfm_cantidad,vfm_unitario,vfm_total,vfm_entregado) VALUES (5983,764412,1,120,120,@@@NO@@@)','',2,'2013-07-21'),(41589,'INSERT INTO gne_vale_ferreteria (vfe_id,vfe_fecha,vfe_total,vfe_estado,vfe_entregado,usu_nusuario) VALUES (5984,@@@2013.07.21@@@,3490,1,0,@@@m_martinez@@@)','',2,'2013-07-21'),(41590,'INSERT INTO gne_vale_ferreteria_mov (vfe_id,pro_codigo_plu,vfm_cantidad,vfm_unitario,vfm_total,vfm_entregado) VALUES (5984,21108,1,3490,3490,@@@NO@@@)','',2,'2013-07-21'),(41591,'INSERT INTO gne_vale_ferreteria (vfe_id,vfe_fecha,vfe_total,vfe_estado,vfe_entregado,usu_nusuario) VALUES (5985,@@@2013.07.21@@@,200,1,0,@@@m_martinez@@@)','',2,'2013-07-21'),(41592,'INSERT INTO gne_vale_ferreteria_mov (vfe_id,pro_codigo_plu,vfm_cantidad,vfm_unitario,vfm_total,vfm_entregado) VALUES (5985,1556,1,200,200,@@@NO@@@)','',2,'2013-07-21'),(41593,'UPDATE mae_productos SET pro_margen_actual=0,pro_precio_venta=850 WHERE pro_codigo_plu=611','',2,'2013-07-22'),(41594,'UPDATE mae_productos SET pro_margen_actual=0,pro_precio_venta=399 WHERE pro_codigo_plu=551','',2,'2013-07-22'),(41595,'UPDATE mae_productos SET pro_margen_actual=0,pro_precio_venta=399 WHERE pro_codigo_plu=552','',2,'2013-07-22'),(41596,'UPDATE mae_productos SET pro_margen_actual=0,pro_precio_venta=499 WHERE pro_codigo_plu=610','',2,'2013-07-22'),(41597,'UPDATE mae_productos SET pro_margen_actual=0,pro_precio_venta=2150 WHERE pro_codigo_plu=506','',2,'2013-07-22'),(41598,'UPDATE mae_productos SET pro_margen_actual=0,pro_precio_venta=750 WHERE pro_codigo_plu=550','',2,'2013-07-22'),(41599,'UPDATE mae_productos SET pro_margen_actual=0,pro_precio_venta=699 WHERE pro_codigo_plu=514','',2,'2013-07-22'),(41600,'UPDATE mae_productos SET pro_margen_actual=0,pro_precio_venta=699 WHERE pro_codigo_plu=515','',2,'2013-07-22'),(41601,'UPDATE mae_productos SET pro_margen_actual=0,pro_precio_venta=699 WHERE pro_codigo_plu=607','',2,'2013-07-22'),(41602,'UPDATE mae_productos SET pro_margen_actual=0,pro_precio_venta=699 WHERE pro_codigo_plu=532','',2,'2013-07-22'),(41603,'UPDATE mae_productos SET pro_margen_actual=0,pro_precio_venta=599 WHERE pro_codigo_plu=608','',2,'2013-07-22'),(41604,'UPDATE mae_productos SET pro_margen_actual=0,pro_precio_venta=599 WHERE pro_codigo_plu=609','',2,'2013-07-22'),(41605,'INSERT INTO gne_vale_ferreteria (vfe_id,vfe_fecha,vfe_total,vfe_estado,vfe_entregado,usu_nusuario) VALUES (5986,@@@2013.07.22@@@,3950,1,0,@@@b_SAEZ@@@)','',2,'2013-07-22'),(41606,'INSERT INTO gne_vale_ferreteria_mov (vfe_id,pro_codigo_plu,vfm_cantidad,vfm_unitario,vfm_total,vfm_entregado) VALUES (5986,78017191,24,40,960,@@@NO@@@)','',2,'2013-07-22'),(41607,'INSERT INTO gne_vale_ferreteria_mov (vfe_id,pro_codigo_plu,vfm_cantidad,vfm_unitario,vfm_total,vfm_entregado) VALUES (5986,1958,1,2990,2990,@@@NO@@@)','',2,'2013-07-22'),(41608,'UPDATE mae_productos SET pro_precio_fiscal=pro_precio_venta WHERE pro_codigo_plu=506','',2,'2013-07-22'),(41609,'UPDATE mae_productos SET pro_precio_fiscal=pro_precio_venta WHERE pro_codigo_plu=514','',2,'2013-07-22'),(41610,'UPDATE mae_productos SET pro_precio_fiscal=pro_precio_venta WHERE pro_codigo_plu=515','',2,'2013-07-22'),(41611,'UPDATE mae_productos SET pro_precio_fiscal=pro_precio_venta WHERE pro_codigo_plu=532','',2,'2013-07-22'),(41612,'UPDATE mae_productos SET pro_precio_fiscal=pro_precio_venta WHERE pro_codigo_plu=550','',2,'2013-07-22'),(41613,'UPDATE mae_productos SET pro_precio_fiscal=pro_precio_venta WHERE pro_codigo_plu=551','',2,'2013-07-22'),(41614,'UPDATE mae_productos SET pro_precio_fiscal=pro_precio_venta WHERE pro_codigo_plu=552','',2,'2013-07-22'),(41615,'UPDATE mae_productos SET pro_precio_fiscal=pro_precio_venta WHERE pro_codigo_plu=607','',2,'2013-07-22'),(41616,'UPDATE mae_productos SET pro_precio_fiscal=pro_precio_venta WHERE pro_codigo_plu=608','',2,'2013-07-22'),(41617,'UPDATE mae_productos SET pro_precio_fiscal=pro_precio_venta WHERE pro_codigo_plu=609','',2,'2013-07-22'),(41618,'UPDATE mae_productos SET pro_precio_fiscal=pro_precio_venta WHERE pro_codigo_plu=610','',2,'2013-07-22'),(41619,'UPDATE mae_productos SET pro_precio_fiscal=pro_precio_venta WHERE pro_codigo_plu=611','',2,'2013-07-22'),(41620,'INSERT INTO gne_vale_ferreteria (vfe_id,vfe_fecha,vfe_total,vfe_estado,vfe_entregado,usu_nusuario) VALUES (5987,@@@2013.07.22@@@,750,1,0,@@@b_SAEZ@@@)','',2,'2013-07-22'),(41621,'INSERT INTO gne_vale_ferreteria_mov (vfe_id,pro_codigo_plu,vfm_cantidad,vfm_unitario,vfm_total,vfm_entregado) VALUES (5987,15819,10,50,500,@@@NO@@@)','',2,'2013-07-22'),(41622,'INSERT INTO gne_vale_ferreteria_mov (vfe_id,pro_codigo_plu,vfm_cantidad,vfm_unitario,vfm_total,vfm_entregado) VALUES (5987,101082,1,250,250,@@@NO@@@)','',2,'2013-07-22'),(41623,'INSERT INTO com_ventas_grupo (vgr_fecha,vgr_grupo,vgr_cantidad,vgr_total) VALUES (@@@2013.07.21@@@,1,181.615,228940)','',2,'2013-07-22'),(41624,'INSERT INTO com_ventas_grupo (vgr_fecha,vgr_grupo,vgr_cantidad,vgr_total) VALUES (@@@2013.07.21@@@,2,158.565,74709)','',2,'2013-07-22'),(41625,'INSERT INTO com_ventas_grupo (vgr_fecha,vgr_grupo,vgr_cantidad,vgr_total) VALUES (@@@2013.07.21@@@,3,297,67907)','',2,'2013-07-22'),(41626,'INSERT INTO com_ventas_grupo (vgr_fecha,vgr_grupo,vgr_cantidad,vgr_total) VALUES (@@@2013.07.21@@@,4,106,93590)','',2,'2013-07-22'),(41627,'INSERT INTO com_ventas_grupo (vgr_fecha,vgr_grupo,vgr_cantidad,vgr_total) VALUES (@@@2013.07.21@@@,5,3,14293)','',2,'2013-07-22'),(41628,'INSERT INTO com_ventas_grupo (vgr_fecha,vgr_grupo,vgr_cantidad,vgr_total) VALUES (@@@2013.07.21@@@,6,40,64374)','',2,'2013-07-22'),(41629,'INSERT INTO com_ventas_grupo (vgr_fecha,vgr_grupo,vgr_cantidad,vgr_total) VALUES (@@@2013.07.21@@@,7,78,133363)','',2,'2013-07-22'),(41630,'INSERT INTO com_ventas_grupo (vgr_fecha,vgr_grupo,vgr_cantidad,vgr_total) VALUES (@@@2013.07.21@@@,8,19,16660)','',2,'2013-07-22'),(41631,'INSERT INTO com_ventas_grupo (vgr_fecha,vgr_grupo,vgr_cantidad,vgr_total) VALUES (@@@2013.07.21@@@,9,86.35,154318)','',2,'2013-07-22'),(41632,'INSERT INTO com_ventas_grupo (vgr_fecha,vgr_grupo,vgr_cantidad,vgr_total) VALUES (@@@2013.07.21@@@,10,63.595,189310)','',2,'2013-07-22'),(41633,'INSERT INTO com_ventas_grupo (vgr_fecha,vgr_grupo,vgr_cantidad,vgr_total) VALUES (@@@2013.07.21@@@,11,38.54,118651)','',2,'2013-07-22'),(41634,'INSERT INTO com_ventas_grupo (vgr_fecha,vgr_grupo,vgr_cantidad,vgr_total) VALUES (@@@2013.07.21@@@,12,49.235,77938)','',2,'2013-07-22'),(41635,'INSERT INTO com_ventas_grupo (vgr_fecha,vgr_grupo,vgr_cantidad,vgr_total) VALUES (@@@2013.07.21@@@,13,12.4,43427)','',2,'2013-07-22'),(41636,'INSERT INTO com_ventas_grupo (vgr_fecha,vgr_grupo,vgr_cantidad,vgr_total) VALUES (@@@2013.07.21@@@,14,112.75,102868)','',2,'2013-07-22'),(41637,'INSERT INTO com_ventas_grupo (vgr_fecha,vgr_grupo,vgr_cantidad,vgr_total) VALUES (@@@2013.07.21@@@,18,125.71,70011)','',2,'2013-07-22'),(41638,'INSERT INTO com_ventas_grupo (vgr_fecha,vgr_grupo,vgr_cantidad,vgr_total) VALUES (@@@2013.07.21@@@,19,1,500)','',2,'2013-07-22'),(41639,'INSERT INTO com_ventas_grupo (vgr_fecha,vgr_grupo,vgr_cantidad,vgr_total) VALUES (@@@2013.07.21@@@,20,122.225,44024)','',2,'2013-07-22'),(41640,'INSERT INTO com_ventas_grupo (vgr_fecha,vgr_grupo,vgr_cantidad,vgr_total) VALUES (@@@2013.07.21@@@,21,30,28479)','',2,'2013-07-22'),(41641,'INSERT INTO com_ventas_grupo (vgr_fecha,vgr_grupo,vgr_cantidad,vgr_total) VALUES (@@@2013.07.21@@@,23,1,3490)','',2,'2013-07-22'),(41642,'INSERT INTO com_ventas_grupo (vgr_fecha,vgr_grupo,vgr_cantidad,vgr_total) VALUES (@@@2013.07.21@@@,24,44,12059)','',2,'2013-07-22'),(41643,'INSERT INTO com_ventas_grupo (vgr_fecha,vgr_grupo,vgr_cantidad,vgr_total) VALUES (@@@2013.07.21@@@,25,66,96400)','',2,'2013-07-22'),(41644,'INSERT INTO com_ventas_grupo (vgr_fecha,vgr_grupo,vgr_cantidad,vgr_total) VALUES (@@@2013.07.21@@@,31,10,9750)','',2,'2013-07-22'),(41645,'INSERT INTO com_ventas_grupo (vgr_fecha,vgr_grupo,vgr_cantidad,vgr_total) VALUES (@@@2013.07.21@@@,32,293,94713)','',2,'2013-07-22'),(41646,'INSERT INTO com_ventas_grupo (vgr_fecha,vgr_grupo,vgr_cantidad,vgr_total) VALUES (@@@2013.07.21@@@,35,13,15129)','',2,'2013-07-22'),(41647,'INSERT INTO com_ventas_grupo (vgr_fecha,vgr_grupo,vgr_cantidad,vgr_total) VALUES (@@@2013.07.21@@@,36,1,690)','',2,'2013-07-22'),(41648,'INSERT INTO com_ventas_grupo (vgr_fecha,vgr_grupo,vgr_cantidad,vgr_total) VALUES (@@@2013.07.21@@@,37,6,880)','',2,'2013-07-22'),(41649,'INSERT INTO com_ventas_grupo (vgr_fecha,vgr_grupo,vgr_cantidad,vgr_total) VALUES (@@@2013.07.21@@@,38,3,8470)','',2,'2013-07-22'),(41650,'INSERT INTO com_ventas_grupo (vgr_fecha,vgr_grupo,vgr_cantidad,vgr_total) VALUES (@@@2013.07.21@@@,39,3,5280)','',2,'2013-07-22'),(41651,'INSERT INTO com_ventas_grupo (vgr_fecha,vgr_grupo,vgr_cantidad,vgr_total) VALUES (@@@2013.07.21@@@,40,5970,5970)','',2,'2013-07-22'),(41652,'INSERT INTO com_ventas_grupo (vgr_fecha,vgr_grupo,vgr_cantidad,vgr_total) VALUES (@@@2013.07.21@@@,42,23.93,20256)','',2,'2013-07-22'),(41653,'UPDATE mae_datos_empresa SET emp_oferta=@@@NO@@@','',2,'2013-07-22'),(41654,'INSERT INTO gne_vale_ferreteria (vfe_id,vfe_fecha,vfe_total,vfe_estado,vfe_entregado,usu_nusuario) VALUES (5988,@@@2013.07.22@@@,1200,1,0,@@@b_SAEZ@@@)','',2,'2013-07-22'),(41655,'INSERT INTO gne_vale_ferreteria_mov (vfe_id,pro_codigo_plu,vfm_cantidad,vfm_unitario,vfm_total,vfm_entregado) VALUES (5988,764330,2,120,240,@@@NO@@@)','',2,'2013-07-22'),(41656,'INSERT INTO gne_vale_ferreteria_mov (vfe_id,pro_codigo_plu,vfm_cantidad,vfm_unitario,vfm_total,vfm_entregado) VALUES (5988,764157,8,120,960,@@@NO@@@)','',2,'2013-07-22'),(41657,'INSERT INTO gne_vale_ferreteria (vfe_id,vfe_fecha,vfe_total,vfe_estado,vfe_entregado,usu_nusuario) VALUES (5989,@@@2013.07.22@@@,270,1,0,@@@b_SAEZ@@@)','',2,'2013-07-22'),(41658,'INSERT INTO gne_vale_ferreteria_mov (vfe_id,pro_codigo_plu,vfm_cantidad,vfm_unitario,vfm_total,vfm_entregado) VALUES (5989,78017018,1,150,150,@@@NO@@@)','',2,'2013-07-22'),(41659,'INSERT INTO gne_vale_ferreteria_mov (vfe_id,pro_codigo_plu,vfm_cantidad,vfm_unitario,vfm_total,vfm_entregado) VALUES (5989,78017016,1,120,120,@@@NO@@@)','',2,'2013-07-22'),(41660,'INSERT INTO gne_vale_ferreteria (vfe_id,vfe_fecha,vfe_total,vfe_estado,vfe_entregado,usu_nusuario) VALUES (5990,@@@2013.07.22@@@,3980,1,0,@@@b_SAEZ@@@)','',2,'2013-07-22'),(41661,'INSERT INTO gne_vale_ferreteria_mov (vfe_id,pro_codigo_plu,vfm_cantidad,vfm_unitario,vfm_total,vfm_entregado) VALUES (5990,101854,2,1990,3980,@@@NO@@@)','',2,'2013-07-22'),(41662,'INSERT INTO gne_vale_ferreteria (vfe_id,vfe_fecha,vfe_total,vfe_estado,vfe_entregado,usu_nusuario) VALUES (5991,@@@2013.07.22@@@,980,1,0,@@@b_SAEZ@@@)','',2,'2013-07-22'),(41663,'INSERT INTO gne_vale_ferreteria_mov (vfe_id,pro_codigo_plu,vfm_cantidad,vfm_unitario,vfm_total,vfm_entregado) VALUES (5991,1538,1,490,490,@@@NO@@@)','',2,'2013-07-22'),(41664,'INSERT INTO gne_vale_ferreteria_mov (vfe_id,pro_codigo_plu,vfm_cantidad,vfm_unitario,vfm_total,vfm_entregado) VALUES (5991,764751,1,490,490,@@@NO@@@)','',2,'2013-07-22'),(41665,'INSERT INTO mae_productos (pro_codigo_plu,pro_codigo_barra,pro_tipo,pro_nombre_producto,pro_nombre_corto,med_id,emb_id,pro_unidades_embalaje,dep_id,lin_id,mar_id,pro_precio_compra_neto,pro_precio_compra_bruto,pro_precio_venta,pro_margen_actual,pro_oferta,pro_fecha_inicio_oferta,pro_fecha_termino_oferta,pro_precio_oferta,pro_stock_minimo,pro_stock_critico,pro_entradas_bodega,pro_salidas_bodega,pro_mermas_bodega,pro_ajustes_bodega,pro_entradas_sv,pro_salidas_sv,pro_mermas_sv,pro_ajustes_sv,pro_activo,rec_numero,pro_unidad,pro_capacidad,pro_consumo_bodega,pro_consumo_sv,pro_estado,pro_funcion_plu,pro_flejes,pro_iva,pro_plu_asociado,pro_envase,pro_duracion,pro_numero_etiqueta) VALUES (780721398,@@@7802225538190@@@,@@@0@@@,@@@NUEVO NIKOLO CHOCOLATE CON MANI 32G@@@,@@@NUEVO NIKOLO CHO@@@,@@@5 @@@,@@@6 @@@,@@@12@@@,@@@32 @@@,@@@161@@@,@@@2507@@@,@@@0@@@,@@@256.4@@@,@@@1@@@,@@@-99.61@@@,@@@@@@,@@@2006.09.07@@@,@@@2006.09.07@@@,@@@0@@@,@@@10@@@,@@@4@@@,@@@0@@@,@@@0@@@,@@@0@@@,@@@0@@@,@@@0@@@,@@@0@@@,@@@0@@@,@@@0@@@,@@@1@@@,@@@0@@@,0,32,0,0,2,0,1,1,0,@@@NO@@@,0,0)','',2,'2013-07-22'),(41666,'DELETE FROM mae_impuestos_productos WHERE pro_codigo_plu=@@@780721398@@@','',2,'2013-07-22'),(41667,'INSERT INTO gne_vale_ferreteria (vfe_id,vfe_fecha,vfe_total,vfe_estado,vfe_entregado,usu_nusuario) VALUES (5992,@@@2013.07.22@@@,500,1,0,@@@b_SAEZ@@@)','',2,'2013-07-22'),(41668,'INSERT INTO gne_vale_ferreteria_mov (vfe_id,pro_codigo_plu,vfm_cantidad,vfm_unitario,vfm_total,vfm_entregado) VALUES (5992,1070,2,250,500,@@@NO@@@)','',2,'2013-07-22'),(41669,'UPDATE mae_productos SET pro_precio_compra_bruto=1136.2,pro_margen_actual=(pro_precio_venta-1136.2)/1136.2 * 100,pro_ultima_compra=@@@2013.07.22@@@,pro_ultimo_proveedor=@@@88502900-0@@@ WHERE pro_codigo_plu=21194','',2,'2013-07-22'),(41670,'UPDATE mae_productos SET pro_precio_compra_bruto=2272.4,pro_margen_actual=(pro_precio_venta-2272.4)/2272.4 * 100,pro_ultima_compra=@@@2013.07.22@@@,pro_ultimo_proveedor=@@@88502900-0@@@ WHERE pro_codigo_plu=764428','',2,'2013-07-22'),(41671,'UPDATE mae_productos SET pro_precio_compra_bruto=2083,pro_margen_actual=(pro_precio_venta-2083)/2083 * 100,pro_ultima_compra=@@@2013.07.22@@@,pro_ultimo_proveedor=@@@88502900-0@@@ WHERE pro_codigo_plu=21197','',2,'2013-07-22'),(41672,'UPDATE mae_productos SET pro_precio_compra_bruto=2272.4,pro_margen_actual=(pro_precio_venta-2272.4)/2272.4 * 100,pro_ultima_compra=@@@2013.07.22@@@,pro_ultimo_proveedor=@@@88502900-0@@@ WHERE pro_codigo_plu=21193','',2,'2013-07-22'),(41673,'UPDATE mae_productos SET pro_precio_compra_bruto=2427.3,pro_margen_actual=(pro_precio_venta-2427.3)/2427.3 * 100,pro_ultima_compra=@@@2013.07.22@@@,pro_ultimo_proveedor=@@@88502900-0@@@ WHERE pro_codigo_plu=21198','',2,'2013-07-22'),(41674,'UPDATE mae_productos SET pro_precio_compra_bruto=2427.3,pro_margen_actual=(pro_precio_venta-2427.3)/2427.3 * 100,pro_ultima_compra=@@@2013.07.22@@@,pro_ultimo_proveedor=@@@88502900-0@@@ WHERE pro_codigo_plu=763451','',2,'2013-07-22');
insert  into `sys_comunicacion_caja`(`coc_id`,`coc_sql`,`coc_cajas`,`coc_prioridad`,`coc_fecha`) values (41675,'UPDATE mae_productos SET pro_precio_compra_bruto=1237.1,pro_margen_actual=(pro_precio_venta-1237.1)/1237.1 * 100,pro_ultima_compra=@@@2013.07.22@@@,pro_ultimo_proveedor=@@@88502900-0@@@ WHERE pro_codigo_plu=78017159','',2,'2013-07-22'),(41676,'UPDATE mae_productos SET pro_precio_compra_bruto=2427.3,pro_margen_actual=(pro_precio_venta-2427.3)/2427.3 * 100,pro_ultima_compra=@@@2013.07.22@@@,pro_ultimo_proveedor=@@@88502900-0@@@ WHERE pro_codigo_plu=21186','',2,'2013-07-22'),(41677,'UPDATE mae_productos SET pro_precio_compra_bruto=2427.3,pro_margen_actual=(pro_precio_venta-2427.3)/2427.3 * 100,pro_ultima_compra=@@@2013.07.22@@@,pro_ultimo_proveedor=@@@88502900-0@@@ WHERE pro_codigo_plu=78017052','',2,'2013-07-22'),(41678,'UPDATE mae_productos SET pro_precio_compra_bruto=1213.6,pro_margen_actual=(pro_precio_venta-1213.6)/1213.6 * 100,pro_ultima_compra=@@@2013.07.22@@@,pro_ultimo_proveedor=@@@88502900-0@@@ WHERE pro_codigo_plu=764102','',2,'2013-07-22'),(41679,'UPDATE mae_productos SET pro_precio_compra_bruto=2240.6,pro_margen_actual=(pro_precio_venta-2240.6)/2240.6 * 100,pro_ultima_compra=@@@2013.07.22@@@,pro_ultimo_proveedor=@@@88502900-0@@@ WHERE pro_codigo_plu=21175','',2,'2013-07-22'),(41680,'UPDATE mae_productos SET pro_precio_compra_bruto=1213.6,pro_margen_actual=(pro_precio_venta-1213.6)/1213.6 * 100,pro_ultima_compra=@@@2013.07.22@@@,pro_ultimo_proveedor=@@@88502900-0@@@ WHERE pro_codigo_plu=763450','',2,'2013-07-22'),(41681,'UPDATE mae_productos SET pro_precio_compra_bruto=2333.9,pro_margen_actual=(pro_precio_venta-2333.9)/2333.9 * 100,pro_ultima_compra=@@@2013.07.22@@@,pro_ultimo_proveedor=@@@88502900-0@@@ WHERE pro_codigo_plu=764103','',2,'2013-07-22'),(41682,'UPDATE mae_productos SET pro_precio_compra_bruto=943.5,pro_margen_actual=(pro_precio_venta-943.5)/943.5 * 100,pro_ultima_compra=@@@2013.07.22@@@,pro_ultimo_proveedor=@@@88502900-0@@@ WHERE pro_codigo_plu=764116','',2,'2013-07-22'),(41683,'UPDATE mae_productos SET pro_precio_compra_bruto=1415.3,pro_margen_actual=(pro_precio_venta-1415.3)/1415.3 * 100,pro_ultima_compra=@@@2013.07.22@@@,pro_ultimo_proveedor=@@@88502900-0@@@ WHERE pro_codigo_plu=21207','',2,'2013-07-22'),(41684,'UPDATE mae_productos SET pro_precio_compra_bruto=943.5,pro_margen_actual=(pro_precio_venta-943.5)/943.5 * 100,pro_ultima_compra=@@@2013.07.22@@@,pro_ultimo_proveedor=@@@88502900-0@@@ WHERE pro_codigo_plu=764108','',2,'2013-07-22'),(41685,'UPDATE mae_productos SET pro_precio_compra_bruto=1415.3,pro_margen_actual=(pro_precio_venta-1415.3)/1415.3 * 100,pro_ultima_compra=@@@2013.07.22@@@,pro_ultimo_proveedor=@@@88502900-0@@@ WHERE pro_codigo_plu=764106','',2,'2013-07-22'),(41686,'INSERT INTO gne_vale_ferreteria (vfe_id,vfe_fecha,vfe_total,vfe_estado,vfe_entregado,usu_nusuario) VALUES (5993,@@@2013.07.22@@@,200,1,0,@@@b_SAEZ@@@)','',2,'2013-07-22'),(41687,'INSERT INTO gne_vale_ferreteria_mov (vfe_id,pro_codigo_plu,vfm_cantidad,vfm_unitario,vfm_total,vfm_entregado) VALUES (5993,20366,2,100,200,@@@NO@@@)','',2,'2013-07-22'),(41688,'UPDATE mae_productos SET pro_precio_venta=340,pro_margen_actual=32.61, pro_precio_compra_bruto=256.4, pro_precio_compra_neto=215.46218487395 WHERE pro_codigo_plu=780721398','',2,'2013-07-22'),(41689,'UPDATE mae_productos SET pro_precio_venta=740,pro_margen_actual=29.98, pro_precio_compra_bruto=569.3, pro_precio_compra_neto=478.403361344538 WHERE pro_codigo_plu=780721237','',2,'2013-07-22'),(41690,'UPDATE mae_productos SET pro_precio_compra_bruto=261.5,pro_margen_actual=(pro_precio_venta-261.5)/261.5 * 100,pro_ultima_compra=@@@2013.07.22@@@,pro_ultimo_proveedor=@@@76005373-2@@@ WHERE pro_codigo_plu=78017096','',2,'2013-07-22'),(41691,'UPDATE mae_productos SET pro_precio_compra_bruto=261.5,pro_margen_actual=(pro_precio_venta-261.5)/261.5 * 100,pro_ultima_compra=@@@2013.07.22@@@,pro_ultimo_proveedor=@@@76005373-2@@@ WHERE pro_codigo_plu=78017089','',2,'2013-07-22'),(41692,'UPDATE mae_productos SET pro_precio_compra_bruto=256.4,pro_margen_actual=(pro_precio_venta-256.4)/256.4 * 100,pro_ultima_compra=@@@2013.07.22@@@,pro_ultimo_proveedor=@@@76005373-2@@@ WHERE pro_codigo_plu=780721398','',2,'2013-07-22'),(41693,'UPDATE mae_productos SET pro_precio_compra_bruto=142.6,pro_margen_actual=(pro_precio_venta-142.6)/142.6 * 100,pro_ultima_compra=@@@2013.07.22@@@,pro_ultimo_proveedor=@@@76005373-2@@@ WHERE pro_codigo_plu=12995','',2,'2013-07-22'),(41694,'UPDATE mae_productos SET pro_precio_compra_bruto=142.6,pro_margen_actual=(pro_precio_venta-142.6)/142.6 * 100,pro_ultima_compra=@@@2013.07.22@@@,pro_ultimo_proveedor=@@@76005373-2@@@ WHERE pro_codigo_plu=12996','',2,'2013-07-22'),(41695,'UPDATE mae_productos SET pro_precio_compra_bruto=92,pro_margen_actual=(pro_precio_venta-92)/92 * 100,pro_ultima_compra=@@@2013.07.22@@@,pro_ultimo_proveedor=@@@76005373-2@@@ WHERE pro_codigo_plu=12089','',2,'2013-07-22'),(41696,'UPDATE mae_productos SET pro_precio_compra_bruto=569.3,pro_margen_actual=(pro_precio_venta-569.3)/569.3 * 100,pro_ultima_compra=@@@2013.07.22@@@,pro_ultimo_proveedor=@@@76005373-2@@@ WHERE pro_codigo_plu=780721237','',2,'2013-07-22'),(41697,'INSERT INTO gne_vale_ferreteria (vfe_id,vfe_fecha,vfe_total,vfe_estado,vfe_entregado,usu_nusuario) VALUES (5994,@@@2013.07.22@@@,200,1,0,@@@b_SAEZ@@@)','',2,'2013-07-22'),(41698,'INSERT INTO gne_vale_ferreteria_mov (vfe_id,pro_codigo_plu,vfm_cantidad,vfm_unitario,vfm_total,vfm_entregado) VALUES (5994,21135,1,200,200,@@@NO@@@)','',2,'2013-07-22'),(41699,'INSERT INTO gne_vale_ferreteria (vfe_id,vfe_fecha,vfe_total,vfe_estado,vfe_entregado,usu_nusuario) VALUES (5995,@@@2013.07.22@@@,180,1,0,@@@b_SAEZ@@@)','',2,'2013-07-22'),(41700,'INSERT INTO gne_vale_ferreteria_mov (vfe_id,pro_codigo_plu,vfm_cantidad,vfm_unitario,vfm_total,vfm_entregado) VALUES (5995,15745,1,180,180,@@@NO@@@)','',2,'2013-07-22'),(41701,'INSERT INTO gne_vale_ferreteria (vfe_id,vfe_fecha,vfe_total,vfe_estado,vfe_entregado,usu_nusuario) VALUES (5996,@@@2013.07.22@@@,360,1,0,@@@b_SAEZ@@@)','',2,'2013-07-22'),(41702,'INSERT INTO gne_vale_ferreteria_mov (vfe_id,pro_codigo_plu,vfm_cantidad,vfm_unitario,vfm_total,vfm_entregado) VALUES (5996,764366,1,360,360,@@@NO@@@)','',2,'2013-07-22'),(41703,'INSERT INTO gne_vale_ferreteria (vfe_id,vfe_fecha,vfe_total,vfe_estado,vfe_entregado,usu_nusuario) VALUES (5997,@@@2013.07.22@@@,100,1,0,@@@b_SAEZ@@@)','',2,'2013-07-22'),(41704,'INSERT INTO gne_vale_ferreteria_mov (vfe_id,pro_codigo_plu,vfm_cantidad,vfm_unitario,vfm_total,vfm_entregado) VALUES (5997,7051,1,100,100,@@@NO@@@)','',2,'2013-07-22'),(41705,'INSERT INTO gne_vale_ferreteria (vfe_id,vfe_fecha,vfe_total,vfe_estado,vfe_entregado,usu_nusuario) VALUES (5998,@@@2013.07.22@@@,500,1,0,@@@b_SAEZ@@@)','',2,'2013-07-22'),(41706,'INSERT INTO gne_vale_ferreteria_mov (vfe_id,pro_codigo_plu,vfm_cantidad,vfm_unitario,vfm_total,vfm_entregado) VALUES (5998,770000,10,50,500,@@@NO@@@)','',2,'2013-07-22'),(41707,'INSERT INTO gne_vale_ferreteria (vfe_id,vfe_fecha,vfe_total,vfe_estado,vfe_entregado,usu_nusuario) VALUES (5999,@@@2013.07.22@@@,9270,1,0,@@@G_DIAZ@@@)','',2,'2013-07-22'),(41708,'INSERT INTO gne_vale_ferreteria_mov (vfe_id,pro_codigo_plu,vfm_cantidad,vfm_unitario,vfm_total,vfm_entregado) VALUES (5999,764963,1,5490,5490,@@@NO@@@)','',2,'2013-07-22'),(41709,'INSERT INTO gne_vale_ferreteria_mov (vfe_id,pro_codigo_plu,vfm_cantidad,vfm_unitario,vfm_total,vfm_entregado) VALUES (5999,78016984,2,1890,3780,@@@NO@@@)','',2,'2013-07-22'),(41710,'INSERT INTO gne_vale_ferreteria (vfe_id,vfe_fecha,vfe_total,vfe_estado,vfe_entregado,usu_nusuario) VALUES (6000,@@@2013.07.22@@@,1890,1,0,@@@G_DIAZ@@@)','',2,'2013-07-22'),(41711,'INSERT INTO gne_vale_ferreteria_mov (vfe_id,pro_codigo_plu,vfm_cantidad,vfm_unitario,vfm_total,vfm_entregado) VALUES (6000,101852,1,1890,1890,@@@NO@@@)','',2,'2013-07-22'),(41712,'INSERT INTO gne_vale_ferreteria (vfe_id,vfe_fecha,vfe_total,vfe_estado,vfe_entregado,usu_nusuario) VALUES (6001,@@@2013.07.22@@@,1890,1,0,@@@G_DIAZ@@@)','',2,'2013-07-22'),(41713,'INSERT INTO gne_vale_ferreteria_mov (vfe_id,pro_codigo_plu,vfm_cantidad,vfm_unitario,vfm_total,vfm_entregado) VALUES (6001,101620,1,1890,1890,@@@NO@@@)','',2,'2013-07-22'),(41714,'INSERT INTO gne_vale_ferreteria (vfe_id,vfe_fecha,vfe_total,vfe_estado,vfe_entregado,usu_nusuario) VALUES (6002,@@@2013.07.22@@@,1190,1,0,@@@G_DIAZ@@@)','',2,'2013-07-22'),(41715,'INSERT INTO gne_vale_ferreteria_mov (vfe_id,pro_codigo_plu,vfm_cantidad,vfm_unitario,vfm_total,vfm_entregado) VALUES (6002,765027,1,1190,1190,@@@NO@@@)','',2,'2013-07-22'),(41716,'INSERT INTO gne_vale_ferreteria (vfe_id,vfe_fecha,vfe_total,vfe_estado,vfe_entregado,usu_nusuario) VALUES (6003,@@@2013.07.22@@@,1190,1,0,@@@G_DIAZ@@@)','',2,'2013-07-22'),(41717,'INSERT INTO gne_vale_ferreteria_mov (vfe_id,pro_codigo_plu,vfm_cantidad,vfm_unitario,vfm_total,vfm_entregado) VALUES (6003,765004,1,1190,1190,@@@NO@@@)','',2,'2013-07-22'),(41718,'INSERT INTO gne_vale_ferreteria (vfe_id,vfe_fecha,vfe_total,vfe_estado,vfe_entregado,usu_nusuario) VALUES (6004,@@@2013.07.22@@@,490,1,0,@@@G_DIAZ@@@)','',2,'2013-07-22'),(41719,'INSERT INTO gne_vale_ferreteria_mov (vfe_id,pro_codigo_plu,vfm_cantidad,vfm_unitario,vfm_total,vfm_entregado) VALUES (6004,1538,1,490,490,@@@NO@@@)','',2,'2013-07-22'),(41720,'INSERT INTO gne_vale_ferreteria (vfe_id,vfe_fecha,vfe_total,vfe_estado,vfe_entregado,usu_nusuario) VALUES (6005,@@@2013.07.22@@@,650,1,0,@@@G_DIAZ@@@)','',2,'2013-07-22'),(41721,'INSERT INTO gne_vale_ferreteria_mov (vfe_id,pro_codigo_plu,vfm_cantidad,vfm_unitario,vfm_total,vfm_entregado) VALUES (6005,764764,1,650,650,@@@NO@@@)','',2,'2013-07-22'),(41722,'INSERT INTO gne_vale_ferreteria (vfe_id,vfe_fecha,vfe_total,vfe_estado,vfe_entregado,usu_nusuario) VALUES (6006,@@@2013.07.22@@@,893688780,1,0,@@@G_DIAZ@@@)','',2,'2013-07-22'),(41723,'INSERT INTO gne_vale_ferreteria_mov (vfe_id,pro_codigo_plu,vfm_cantidad,vfm_unitario,vfm_total,vfm_entregado) VALUES (6006,20445,692782,1290,893688780,@@@NO@@@)','',2,'2013-07-22'),(41724,'INSERT INTO gne_vale_ferreteria (vfe_id,vfe_fecha,vfe_total,vfe_estado,vfe_entregado,usu_nusuario) VALUES (6007,@@@2013.07.22@@@,300,1,0,@@@G_DIAZ@@@)','',2,'2013-07-22'),(41725,'INSERT INTO gne_vale_ferreteria_mov (vfe_id,pro_codigo_plu,vfm_cantidad,vfm_unitario,vfm_total,vfm_entregado) VALUES (6007,764277,1,300,300,@@@NO@@@)','',2,'2013-07-22'),(41726,'UPDATE mae_productos SET pro_precio_venta=860,pro_margen_actual=29.99, pro_precio_compra_bruto=661.6, pro_precio_compra_neto=555.966386554622 WHERE pro_codigo_plu=11046','',2,'2013-07-22'),(41727,'UPDATE mae_productos SET pro_precio_venta=1270,pro_margen_actual=38.07, pro_precio_compra_bruto=919.8, pro_precio_compra_neto=772.941176470588 WHERE pro_codigo_plu=102276','',2,'2013-07-22'),(41728,'UPDATE mae_productos SET pro_precio_compra_bruto=661.6,pro_margen_actual=(pro_precio_venta-661.6)/661.6 * 100,pro_ultima_compra=@@@2013.07.22@@@,pro_ultimo_proveedor=@@@96565260-4@@@ WHERE pro_codigo_plu=11046','',2,'2013-07-22'),(41729,'UPDATE mae_productos SET pro_precio_compra_bruto=679.4,pro_margen_actual=(pro_precio_venta-679.4)/679.4 * 100,pro_ultima_compra=@@@2013.07.22@@@,pro_ultimo_proveedor=@@@96565260-4@@@ WHERE pro_codigo_plu=11042','',2,'2013-07-22'),(41730,'UPDATE mae_productos SET pro_precio_compra_bruto=1685,pro_margen_actual=(pro_precio_venta-1685)/1685 * 100,pro_ultima_compra=@@@2013.07.22@@@,pro_ultimo_proveedor=@@@96565260-4@@@ WHERE pro_codigo_plu=12286','',2,'2013-07-22'),(41731,'UPDATE mae_productos SET pro_precio_compra_bruto=919.8,pro_margen_actual=(pro_precio_venta-919.8)/919.8 * 100,pro_ultima_compra=@@@2013.07.22@@@,pro_ultimo_proveedor=@@@96565260-4@@@ WHERE pro_codigo_plu=102653','',2,'2013-07-22'),(41732,'UPDATE mae_productos SET pro_precio_compra_bruto=919.8,pro_margen_actual=(pro_precio_venta-919.8)/919.8 * 100,pro_ultima_compra=@@@2013.07.22@@@,pro_ultimo_proveedor=@@@96565260-4@@@ WHERE pro_codigo_plu=102276','',2,'2013-07-22'),(41733,'UPDATE mae_productos SET pro_precio_compra_bruto=495.04,pro_margen_actual=(pro_precio_venta-495.04)/495.04 * 100,pro_ultima_compra=@@@2013.07.22@@@,pro_ultimo_proveedor=@@@96565260-4@@@ WHERE pro_codigo_plu=13658','',2,'2013-07-22'),(41734,'INSERT INTO gne_vale_ferreteria (vfe_id,vfe_fecha,vfe_total,vfe_estado,vfe_entregado,usu_nusuario) VALUES (6008,@@@2013.07.22@@@,2990,1,0,@@@G_DIAZ@@@)','',2,'2013-07-22'),(41735,'INSERT INTO gne_vale_ferreteria_mov (vfe_id,pro_codigo_plu,vfm_cantidad,vfm_unitario,vfm_total,vfm_entregado) VALUES (6008,1585,1,2990,2990,@@@NO@@@)','',2,'2013-07-22'),(41736,'INSERT INTO gne_vale_ferreteria (vfe_id,vfe_fecha,vfe_total,vfe_estado,vfe_entregado,usu_nusuario) VALUES (6009,@@@2013.07.22@@@,2490,1,0,@@@G_DIAZ@@@)','',2,'2013-07-22'),(41737,'INSERT INTO gne_vale_ferreteria_mov (vfe_id,pro_codigo_plu,vfm_cantidad,vfm_unitario,vfm_total,vfm_entregado) VALUES (6009,7101,1,2490,2490,@@@NO@@@)','',2,'2013-07-22'),(41738,'INSERT INTO gne_vale_ferreteria (vfe_id,vfe_fecha,vfe_total,vfe_estado,vfe_entregado,usu_nusuario) VALUES (6010,@@@2013.07.22@@@,100,1,0,@@@G_DIAZ@@@)','',2,'2013-07-22'),(41739,'INSERT INTO gne_vale_ferreteria_mov (vfe_id,pro_codigo_plu,vfm_cantidad,vfm_unitario,vfm_total,vfm_entregado) VALUES (6010,20141,1,100,100,@@@NO@@@)','',2,'2013-07-22'),(41740,'INSERT INTO gne_vale_ferreteria (vfe_id,vfe_fecha,vfe_total,vfe_estado,vfe_entregado,usu_nusuario) VALUES (6011,@@@2013.07.22@@@,300,1,0,@@@G_DIAZ@@@)','',2,'2013-07-22'),(41741,'INSERT INTO gne_vale_ferreteria_mov (vfe_id,pro_codigo_plu,vfm_cantidad,vfm_unitario,vfm_total,vfm_entregado) VALUES (6011,780721221,1,300,300,@@@NO@@@)','',2,'2013-07-22'),(41742,'INSERT INTO gne_vale_ferreteria (vfe_id,vfe_fecha,vfe_total,vfe_estado,vfe_entregado,usu_nusuario) VALUES (6012,@@@2013.07.22@@@,350,1,0,@@@G_DIAZ@@@)','',2,'2013-07-22'),(41743,'INSERT INTO gne_vale_ferreteria_mov (vfe_id,pro_codigo_plu,vfm_cantidad,vfm_unitario,vfm_total,vfm_entregado) VALUES (6012,761984,1,350,350,@@@NO@@@)','',2,'2013-07-22'),(41744,'INSERT INTO gne_vale_ferreteria (vfe_id,vfe_fecha,vfe_total,vfe_estado,vfe_entregado,usu_nusuario) VALUES (6013,@@@2013.07.22@@@,1890,1,0,@@@G_DIAZ@@@)','',2,'2013-07-22'),(41745,'INSERT INTO gne_vale_ferreteria_mov (vfe_id,pro_codigo_plu,vfm_cantidad,vfm_unitario,vfm_total,vfm_entregado) VALUES (6013,101620,1,1890,1890,@@@NO@@@)','',2,'2013-07-22'),(41746,'INSERT INTO gne_vale_ferreteria (vfe_id,vfe_fecha,vfe_total,vfe_estado,vfe_entregado,usu_nusuario) VALUES (6014,@@@2013.07.22@@@,1750,1,0,@@@G_DIAZ@@@)','',2,'2013-07-22'),(41747,'INSERT INTO gne_vale_ferreteria_mov (vfe_id,pro_codigo_plu,vfm_cantidad,vfm_unitario,vfm_total,vfm_entregado) VALUES (6014,780721300,1,1490,1490,@@@NO@@@)','',2,'2013-07-22'),(41748,'INSERT INTO gne_vale_ferreteria_mov (vfe_id,pro_codigo_plu,vfm_cantidad,vfm_unitario,vfm_total,vfm_entregado) VALUES (6014,15967,2,130,260,@@@NO@@@)','',2,'2013-07-22'),(41749,'INSERT INTO gne_vale_ferreteria (vfe_id,vfe_fecha,vfe_total,vfe_estado,vfe_entregado,usu_nusuario) VALUES (6015,@@@2013.07.22@@@,1690,1,0,@@@G_DIAZ@@@)','',2,'2013-07-22'),(41750,'INSERT INTO gne_vale_ferreteria_mov (vfe_id,pro_codigo_plu,vfm_cantidad,vfm_unitario,vfm_total,vfm_entregado) VALUES (6015,78017115,1,1690,1690,@@@NO@@@)','',2,'2013-07-22'),(41751,'INSERT INTO gne_vale_ferreteria (vfe_id,vfe_fecha,vfe_total,vfe_estado,vfe_entregado,usu_nusuario) VALUES (6016,@@@2013.07.22@@@,1990,1,0,@@@G_DIAZ@@@)','',2,'2013-07-22'),(41752,'INSERT INTO gne_vale_ferreteria_mov (vfe_id,pro_codigo_plu,vfm_cantidad,vfm_unitario,vfm_total,vfm_entregado) VALUES (6016,780721203,1,1990,1990,@@@NO@@@)','',2,'2013-07-22'),(41753,'UPDATE mae_productos SET pro_precio_fiscal=pro_precio_venta WHERE pro_codigo_plu=780721398','',2,'2013-07-22'),(41754,'UPDATE mae_productos SET pro_precio_fiscal=pro_precio_venta WHERE pro_codigo_plu=780721237','',2,'2013-07-22'),(41755,'UPDATE mae_productos SET pro_precio_fiscal=pro_precio_venta WHERE pro_codigo_plu=11046','',2,'2013-07-22'),(41756,'UPDATE mae_productos SET pro_precio_fiscal=pro_precio_venta WHERE pro_codigo_plu=102276','',2,'2013-07-22'),(41757,'INSERT INTO gne_vale_ferreteria (vfe_id,vfe_fecha,vfe_total,vfe_estado,vfe_entregado,usu_nusuario) VALUES (6017,@@@2013.07.23@@@,1290,1,0,@@@m_martinez@@@)','',2,'2013-07-23'),(41758,'INSERT INTO gne_vale_ferreteria_mov (vfe_id,pro_codigo_plu,vfm_cantidad,vfm_unitario,vfm_total,vfm_entregado) VALUES (6017,764439,1,1290,1290,@@@NO@@@)','',2,'2013-07-23'),(41759,'INSERT INTO gne_vale_ferreteria (vfe_id,vfe_fecha,vfe_total,vfe_estado,vfe_entregado,usu_nusuario) VALUES (6018,@@@2013.07.23@@@,1200,1,0,@@@m_martinez@@@)','',2,'2013-07-23'),(41760,'INSERT INTO gne_vale_ferreteria_mov (vfe_id,pro_codigo_plu,vfm_cantidad,vfm_unitario,vfm_total,vfm_entregado) VALUES (6018,763417,4,300,1200,@@@NO@@@)','',2,'2013-07-23'),(41761,'INSERT INTO com_ventas_grupo (vgr_fecha,vgr_grupo,vgr_cantidad,vgr_total) VALUES (@@@2013.07.22@@@,1,204.325,145478)','',2,'2013-07-23'),(41762,'INSERT INTO com_ventas_grupo (vgr_fecha,vgr_grupo,vgr_cantidad,vgr_total) VALUES (@@@2013.07.22@@@,2,123,60055)','',2,'2013-07-23'),(41763,'INSERT INTO com_ventas_grupo (vgr_fecha,vgr_grupo,vgr_cantidad,vgr_total) VALUES (@@@2013.07.22@@@,3,336,70395)','',2,'2013-07-23'),(41764,'INSERT INTO com_ventas_grupo (vgr_fecha,vgr_grupo,vgr_cantidad,vgr_total) VALUES (@@@2013.07.22@@@,4,71,59599)','',2,'2013-07-23'),(41765,'INSERT INTO com_ventas_grupo (vgr_fecha,vgr_grupo,vgr_cantidad,vgr_total) VALUES (@@@2013.07.22@@@,5,1,7290)','',2,'2013-07-23'),(41766,'INSERT INTO com_ventas_grupo (vgr_fecha,vgr_grupo,vgr_cantidad,vgr_total) VALUES (@@@2013.07.22@@@,6,7,9190)','',2,'2013-07-23'),(41767,'INSERT INTO com_ventas_grupo (vgr_fecha,vgr_grupo,vgr_cantidad,vgr_total) VALUES (@@@2013.07.22@@@,7,24,33044)','',2,'2013-07-23'),(41768,'INSERT INTO com_ventas_grupo (vgr_fecha,vgr_grupo,vgr_cantidad,vgr_total) VALUES (@@@2013.07.22@@@,8,22,15420)','',2,'2013-07-23'),(41769,'INSERT INTO com_ventas_grupo (vgr_fecha,vgr_grupo,vgr_cantidad,vgr_total) VALUES (@@@2013.07.22@@@,9,59.405,109336)','',2,'2013-07-23'),(41770,'INSERT INTO com_ventas_grupo (vgr_fecha,vgr_grupo,vgr_cantidad,vgr_total) VALUES (@@@2013.07.22@@@,10,32.97,85057)','',2,'2013-07-23'),(41771,'INSERT INTO com_ventas_grupo (vgr_fecha,vgr_grupo,vgr_cantidad,vgr_total) VALUES (@@@2013.07.22@@@,11,30.33,69169)','',2,'2013-07-23'),(41772,'INSERT INTO com_ventas_grupo (vgr_fecha,vgr_grupo,vgr_cantidad,vgr_total) VALUES (@@@2013.07.22@@@,12,51.525,84894)','',2,'2013-07-23'),(41773,'INSERT INTO com_ventas_grupo (vgr_fecha,vgr_grupo,vgr_cantidad,vgr_total) VALUES (@@@2013.07.22@@@,13,9.785,30936)','',2,'2013-07-23'),(41774,'INSERT INTO com_ventas_grupo (vgr_fecha,vgr_grupo,vgr_cantidad,vgr_total) VALUES (@@@2013.07.22@@@,14,93.6950000000001,85626)','',2,'2013-07-23'),(41775,'INSERT INTO com_ventas_grupo (vgr_fecha,vgr_grupo,vgr_cantidad,vgr_total) VALUES (@@@2013.07.22@@@,18,202.275,112321)','',2,'2013-07-23'),(41776,'INSERT INTO com_ventas_grupo (vgr_fecha,vgr_grupo,vgr_cantidad,vgr_total) VALUES (@@@2013.07.22@@@,20,112.465,23453)','',2,'2013-07-23'),(41777,'INSERT INTO com_ventas_grupo (vgr_fecha,vgr_grupo,vgr_cantidad,vgr_total) VALUES (@@@2013.07.22@@@,21,23,27940)','',2,'2013-07-23'),(41778,'INSERT INTO com_ventas_grupo (vgr_fecha,vgr_grupo,vgr_cantidad,vgr_total) VALUES (@@@2013.07.22@@@,23,1,3990)','',2,'2013-07-23'),(41779,'INSERT INTO com_ventas_grupo (vgr_fecha,vgr_grupo,vgr_cantidad,vgr_total) VALUES (@@@2013.07.22@@@,24,69,9790)','',2,'2013-07-23'),(41780,'INSERT INTO com_ventas_grupo (vgr_fecha,vgr_grupo,vgr_cantidad,vgr_total) VALUES (@@@2013.07.22@@@,25,71,98200)','',2,'2013-07-23'),(41781,'INSERT INTO com_ventas_grupo (vgr_fecha,vgr_grupo,vgr_cantidad,vgr_total) VALUES (@@@2013.07.22@@@,31,17,17340)','',2,'2013-07-23'),(41782,'INSERT INTO com_ventas_grupo (vgr_fecha,vgr_grupo,vgr_cantidad,vgr_total) VALUES (@@@2013.07.22@@@,32,367,99876)','',2,'2013-07-23'),(41783,'INSERT INTO com_ventas_grupo (vgr_fecha,vgr_grupo,vgr_cantidad,vgr_total) VALUES (@@@2013.07.22@@@,33,1,3199)','',2,'2013-07-23'),(41784,'INSERT INTO com_ventas_grupo (vgr_fecha,vgr_grupo,vgr_cantidad,vgr_total) VALUES (@@@2013.07.22@@@,35,11,10705)','',2,'2013-07-23'),(41785,'INSERT INTO com_ventas_grupo (vgr_fecha,vgr_grupo,vgr_cantidad,vgr_total) VALUES (@@@2013.07.22@@@,36,1,50)','',2,'2013-07-23'),(41786,'INSERT INTO com_ventas_grupo (vgr_fecha,vgr_grupo,vgr_cantidad,vgr_total) VALUES (@@@2013.07.22@@@,37,12,7630)','',2,'2013-07-23'),(41787,'INSERT INTO com_ventas_grupo (vgr_fecha,vgr_grupo,vgr_cantidad,vgr_total) VALUES (@@@2013.07.22@@@,38,3,4370)','',2,'2013-07-23'),(41788,'INSERT INTO com_ventas_grupo (vgr_fecha,vgr_grupo,vgr_cantidad,vgr_total) VALUES (@@@2013.07.22@@@,40,4835,4835)','',2,'2013-07-23'),(41789,'INSERT INTO com_ventas_grupo (vgr_fecha,vgr_grupo,vgr_cantidad,vgr_total) VALUES (@@@2013.07.22@@@,42,23.325,21180)','',2,'2013-07-23'),(41790,'UPDATE mae_datos_empresa SET emp_oferta=@@@NO@@@','',2,'2013-07-23'),(41791,'INSERT INTO gne_vale_ferreteria (vfe_id,vfe_fecha,vfe_total,vfe_estado,vfe_entregado,usu_nusuario) VALUES (6019,@@@2013.07.23@@@,3490,1,0,@@@m_martinez@@@)','',2,'2013-07-23'),(41792,'INSERT INTO gne_vale_ferreteria_mov (vfe_id,pro_codigo_plu,vfm_cantidad,vfm_unitario,vfm_total,vfm_entregado) VALUES (6019,764613,1,3490,3490,@@@NO@@@)','',2,'2013-07-23'),(41793,'INSERT INTO gne_vale_ferreteria (vfe_id,vfe_fecha,vfe_total,vfe_estado,vfe_entregado,usu_nusuario) VALUES (6020,@@@2013.07.23@@@,1,1,0,@@@m_martinez@@@)','',2,'2013-07-23'),(41794,'INSERT INTO gne_vale_ferreteria_mov (vfe_id,pro_codigo_plu,vfm_cantidad,vfm_unitario,vfm_total,vfm_entregado) VALUES (6020,2500,1,1,1,@@@NO@@@)','',2,'2013-07-23'),(41795,'INSERT INTO gne_vale_ferreteria (vfe_id,vfe_fecha,vfe_total,vfe_estado,vfe_entregado,usu_nusuario) VALUES (6021,@@@2013.07.23@@@,240,1,0,@@@m_martinez@@@)','',2,'2013-07-23'),(41796,'INSERT INTO gne_vale_ferreteria_mov (vfe_id,pro_codigo_plu,vfm_cantidad,vfm_unitario,vfm_total,vfm_entregado) VALUES (6021,78017191,6,40,240,@@@NO@@@)','',2,'2013-07-23'),(41797,'INSERT INTO gne_vale_ferreteria (vfe_id,vfe_fecha,vfe_total,vfe_estado,vfe_entregado,usu_nusuario) VALUES (6022,@@@2013.07.23@@@,550,1,0,@@@m_martinez@@@)','',2,'2013-07-23'),(41798,'INSERT INTO gne_vale_ferreteria_mov (vfe_id,pro_codigo_plu,vfm_cantidad,vfm_unitario,vfm_total,vfm_entregado) VALUES (6022,780721253,1,550,550,@@@NO@@@)','',2,'2013-07-23'),(41799,'INSERT INTO gne_vale_ferreteria (vfe_id,vfe_fecha,vfe_total,vfe_estado,vfe_entregado,usu_nusuario) VALUES (6023,@@@2013.07.23@@@,790,1,0,@@@m_martinez@@@)','',2,'2013-07-23'),(41800,'INSERT INTO gne_vale_ferreteria_mov (vfe_id,pro_codigo_plu,vfm_cantidad,vfm_unitario,vfm_total,vfm_entregado) VALUES (6023,101454,1,790,790,@@@NO@@@)','',2,'2013-07-23'),(41801,'INSERT INTO gne_vale_ferreteria (vfe_id,vfe_fecha,vfe_total,vfe_estado,vfe_entregado,usu_nusuario) VALUES (6024,@@@2013.07.23@@@,420,1,0,@@@m_martinez@@@)','',2,'2013-07-23'),(41802,'INSERT INTO gne_vale_ferreteria_mov (vfe_id,pro_codigo_plu,vfm_cantidad,vfm_unitario,vfm_total,vfm_entregado) VALUES (6024,21136,1,150,150,@@@NO@@@)','',2,'2013-07-23'),(41803,'INSERT INTO gne_vale_ferreteria_mov (vfe_id,pro_codigo_plu,vfm_cantidad,vfm_unitario,vfm_total,vfm_entregado) VALUES (6024,78017026,3,90,270,@@@NO@@@)','',2,'2013-07-23'),(41804,'UPDATE mae_productos SET pro_precio_venta=110,pro_margen_actual=40.95, pro_precio_compra_bruto=78.044, pro_precio_compra_neto=65.5831932773109 WHERE pro_codigo_plu=780721069','',2,'2013-07-23'),(41805,'UPDATE mae_productos SET pro_precio_compra_bruto=236.3,pro_margen_actual=(pro_precio_venta-236.3)/236.3 * 100,pro_ultima_compra=@@@2013.07.23@@@,pro_ultimo_proveedor=@@@96591040-9@@@ WHERE pro_codigo_plu=11942','',2,'2013-07-23'),(41806,'UPDATE mae_productos SET pro_precio_compra_bruto=334.81,pro_margen_actual=(pro_precio_venta-334.81)/334.81 * 100,pro_ultima_compra=@@@2013.07.23@@@,pro_ultimo_proveedor=@@@96591040-9@@@ WHERE pro_codigo_plu=11953','',2,'2013-07-23'),(41807,'UPDATE mae_productos SET pro_precio_compra_bruto=241.93,pro_margen_actual=(pro_precio_venta-241.93)/241.93 * 100,pro_ultima_compra=@@@2013.07.23@@@,pro_ultimo_proveedor=@@@96591040-9@@@ WHERE pro_codigo_plu=11961','',2,'2013-07-23'),(41808,'UPDATE mae_productos SET pro_precio_compra_bruto=241.93,pro_margen_actual=(pro_precio_venta-241.93)/241.93 * 100,pro_ultima_compra=@@@2013.07.23@@@,pro_ultimo_proveedor=@@@96591040-9@@@ WHERE pro_codigo_plu=11962','',2,'2013-07-23'),(41809,'UPDATE mae_productos SET pro_precio_compra_bruto=241.93,pro_margen_actual=(pro_precio_venta-241.93)/241.93 * 100,pro_ultima_compra=@@@2013.07.23@@@,pro_ultimo_proveedor=@@@96591040-9@@@ WHERE pro_codigo_plu=11963','',2,'2013-07-23'),(41810,'UPDATE mae_productos SET pro_precio_compra_bruto=470.7,pro_margen_actual=(pro_precio_venta-470.7)/470.7 * 100,pro_ultima_compra=@@@2013.07.23@@@,pro_ultimo_proveedor=@@@96591040-9@@@ WHERE pro_codigo_plu=12373','',2,'2013-07-23'),(41811,'UPDATE mae_productos SET pro_precio_compra_bruto=540.02,pro_margen_actual=(pro_precio_venta-540.02)/540.02 * 100,pro_ultima_compra=@@@2013.07.23@@@,pro_ultimo_proveedor=@@@96591040-9@@@ WHERE pro_codigo_plu=770217408','',2,'2013-07-23'),(41812,'UPDATE mae_productos SET pro_precio_compra_bruto=334.7,pro_margen_actual=(pro_precio_venta-334.7)/334.7 * 100,pro_ultima_compra=@@@2013.07.23@@@,pro_ultimo_proveedor=@@@96591040-9@@@ WHERE pro_codigo_plu=12157','',2,'2013-07-23'),(41813,'UPDATE mae_productos SET pro_precio_compra_bruto=334.7,pro_margen_actual=(pro_precio_venta-334.7)/334.7 * 100,pro_ultima_compra=@@@2013.07.23@@@,pro_ultimo_proveedor=@@@96591040-9@@@ WHERE pro_codigo_plu=11955','',2,'2013-07-23'),(41814,'UPDATE mae_productos SET pro_precio_compra_bruto=788.37,pro_margen_actual=(pro_precio_venta-788.37)/788.37 * 100,pro_ultima_compra=@@@2013.07.23@@@,pro_ultimo_proveedor=@@@96591040-9@@@ WHERE pro_codigo_plu=12320','',2,'2013-07-23'),(41815,'UPDATE mae_productos SET pro_precio_compra_bruto=73.441,pro_margen_actual=(pro_precio_venta-73.441)/73.441 * 100,pro_ultima_compra=@@@2013.07.23@@@,pro_ultimo_proveedor=@@@96591040-9@@@ WHERE pro_codigo_plu=102011','',2,'2013-07-23'),(41816,'UPDATE mae_productos SET pro_precio_compra_bruto=75.6,pro_margen_actual=(pro_precio_venta-75.6)/75.6 * 100,pro_ultima_compra=@@@2013.07.23@@@,pro_ultimo_proveedor=@@@96591040-9@@@ WHERE pro_codigo_plu=100327','',2,'2013-07-23'),(41817,'UPDATE mae_productos SET pro_precio_compra_bruto=36.8,pro_margen_actual=(pro_precio_venta-36.8)/36.8 * 100,pro_ultima_compra=@@@2013.07.23@@@,pro_ultimo_proveedor=@@@96591040-9@@@ WHERE pro_codigo_plu=764478','',2,'2013-07-23'),(41818,'UPDATE mae_productos SET pro_precio_compra_bruto=990.37,pro_margen_actual=(pro_precio_venta-990.37)/990.37 * 100,pro_ultima_compra=@@@2013.07.23@@@,pro_ultimo_proveedor=@@@96591040-9@@@ WHERE pro_codigo_plu=102270','',2,'2013-07-23'),(41819,'UPDATE mae_productos SET pro_precio_compra_bruto=932.6,pro_margen_actual=(pro_precio_venta-932.6)/932.6 * 100,pro_ultima_compra=@@@2013.07.23@@@,pro_ultimo_proveedor=@@@96591040-9@@@ WHERE pro_codigo_plu=762922','',2,'2013-07-23'),(41820,'UPDATE mae_productos SET pro_precio_compra_bruto=932.58,pro_margen_actual=(pro_precio_venta-932.58)/932.58 * 100,pro_ultima_compra=@@@2013.07.23@@@,pro_ultimo_proveedor=@@@96591040-9@@@ WHERE pro_codigo_plu=13638','',2,'2013-07-23'),(41821,'UPDATE mae_productos SET pro_precio_compra_bruto=388.78,pro_margen_actual=(pro_precio_venta-388.78)/388.78 * 100,pro_ultima_compra=@@@2013.07.23@@@,pro_ultimo_proveedor=@@@96591040-9@@@ WHERE pro_codigo_plu=12300','',2,'2013-07-23'),(41822,'UPDATE mae_productos SET pro_precio_compra_bruto=388.78,pro_margen_actual=(pro_precio_venta-388.78)/388.78 * 100,pro_ultima_compra=@@@2013.07.23@@@,pro_ultimo_proveedor=@@@96591040-9@@@ WHERE pro_codigo_plu=762003','',2,'2013-07-23'),(41823,'UPDATE mae_productos SET pro_precio_compra_bruto=452.9,pro_margen_actual=(pro_precio_venta-452.9)/452.9 * 100,pro_ultima_compra=@@@2013.07.23@@@,pro_ultimo_proveedor=@@@96591040-9@@@ WHERE pro_codigo_plu=11040','',2,'2013-07-23'),(41824,'UPDATE mae_productos SET pro_precio_compra_bruto=452.9,pro_margen_actual=(pro_precio_venta-452.9)/452.9 * 100,pro_ultima_compra=@@@2013.07.23@@@,pro_ultimo_proveedor=@@@96591040-9@@@ WHERE pro_codigo_plu=11045','',2,'2013-07-23'),(41825,'UPDATE mae_productos SET pro_precio_compra_bruto=75.6,pro_margen_actual=(pro_precio_venta-75.6)/75.6 * 100,pro_ultima_compra=@@@2013.07.23@@@,pro_ultimo_proveedor=@@@96591040-9@@@ WHERE pro_codigo_plu=12869','',2,'2013-07-23'),(41826,'UPDATE mae_productos SET pro_precio_compra_bruto=78.044,pro_margen_actual=(pro_precio_venta-78.044)/78.044 * 100,pro_ultima_compra=@@@2013.07.23@@@,pro_ultimo_proveedor=@@@96591040-9@@@ WHERE pro_codigo_plu=780721069','',2,'2013-07-23'),(41827,'UPDATE mae_productos SET pro_precio_fiscal=pro_precio_venta WHERE pro_codigo_plu=780721069','',2,'2013-07-23'),(41828,'UPDATE mae_productos SET pro_precio_compra_bruto=95,pro_margen_actual=(pro_precio_venta-95)/95 * 100,pro_ultima_compra=@@@2013.07.23@@@,pro_ultimo_proveedor=@@@76027786-K@@@ WHERE pro_codigo_plu=1011','',2,'2013-07-23'),(41829,'UPDATE mae_productos SET pro_precio_compra_bruto=95,pro_margen_actual=(pro_precio_venta-95)/95 * 100,pro_ultima_compra=@@@2013.07.23@@@,pro_ultimo_proveedor=@@@76027786-K@@@ WHERE pro_codigo_plu=1012','',2,'2013-07-23'),(41830,'INSERT INTO gne_vale_ferreteria (vfe_id,vfe_fecha,vfe_total,vfe_estado,vfe_entregado,usu_nusuario) VALUES (6025,@@@2013.07.23@@@,599,1,0,@@@m_martinez@@@)','',2,'2013-07-23'),(41831,'INSERT INTO gne_vale_ferreteria_mov (vfe_id,pro_codigo_plu,vfm_cantidad,vfm_unitario,vfm_total,vfm_entregado) VALUES (6025,764275,1,300,300,@@@NO@@@)','',2,'2013-07-23'),(41832,'INSERT INTO gne_vale_ferreteria_mov (vfe_id,pro_codigo_plu,vfm_cantidad,vfm_unitario,vfm_total,vfm_entregado) VALUES (6025,20847,1,299,299,@@@NO@@@)','',2,'2013-07-23'),(41833,'INSERT INTO gne_vale_ferreteria (vfe_id,vfe_fecha,vfe_total,vfe_estado,vfe_entregado,usu_nusuario) VALUES (6026,@@@2013.07.23@@@,2990,1,0,@@@m_martinez@@@)','',2,'2013-07-23'),(41834,'INSERT INTO gne_vale_ferreteria_mov (vfe_id,pro_codigo_plu,vfm_cantidad,vfm_unitario,vfm_total,vfm_entregado) VALUES (6026,1584,1,2990,2990,@@@NO@@@)','',2,'2013-07-23'),(41835,'INSERT INTO gne_vale_ferreteria (vfe_id,vfe_fecha,vfe_total,vfe_estado,vfe_entregado,usu_nusuario) VALUES (6027,@@@2013.07.23@@@,620,1,0,@@@m_martinez@@@)','',2,'2013-07-23'),(41836,'INSERT INTO gne_vale_ferreteria_mov (vfe_id,pro_codigo_plu,vfm_cantidad,vfm_unitario,vfm_total,vfm_entregado) VALUES (6027,11378,1,620,620,@@@NO@@@)','',2,'2013-07-23'),(41837,'UPDATE gpr_pack_virtual SET pav_nombre=@@@PACK PIZZA MEDITERRANEA + BEBIDA PEPSI 1,5 X $2990@@@,pav_total_pack=2990,pav_total_descuento=899,pav_desde=@@@2013-07-13@@@,pav_hasta=@@@2013-08-31@@@,pav_tipo=@@@PR@@@,pav_precio=0,pav_lleva=0,pav_paga=0,pav_descuento=0,pav_porcentaje=0,pav_oferta_exclusiva=@@@NO@@@,pav_agotar_stock=@@@SI@@@,pav_stock=100,pav_costo=2205.41,pav_margen=35.58 WHERE pav_id=32','',2,'2013-07-23'),(41838,'DELETE FROM gpr_pack_virtual_mov WHERE pav_id=32','',2,'2013-07-23'),(41839,'DELETE FROM gpr_pack_virtual_horario WHERE pav_id=32','',2,'2013-07-23'),(41840,'INSERT INTO gpr_pack_virtual_mov (pav_id,pro_codigo_plu,pvm_precio,pvm_total,pvm_lleva,pvm_paga,pvm_descuento,pvm_porcentaje,pvm_total_normal,pvm_descuento_linea,pvm_costo,pvm_margen) VALUES (32,780721257,2990,2990,1,1,0,1,2990,0,1755.25,70.35),(32,17269,899,0,1,0,1,0,899,899,450.16,-100)','',2,'2013-07-23'),(41841,'INSERT INTO gpr_pack_virtual_horario (pav_id,pvh_dia,pvh_hora_desde,pvh_hora_hasta) VALUES (32,99,@@@00:00@@@,@@@23:59@@@)','',2,'2013-07-23'),(41842,'UPDATE gpr_pack_virtual SET pav_nombre=@@@PACK PIZZA VEGETARIANA + BEBIDA PEPSI 1500CC X $2990@@@,pav_total_pack=2990,pav_total_descuento=899,pav_desde=@@@2013-07-15@@@,pav_hasta=@@@2013-08-31@@@,pav_tipo=@@@PR@@@,pav_precio=0,pav_lleva=0,pav_paga=0,pav_descuento=0,pav_porcentaje=0,pav_oferta_exclusiva=@@@NO@@@,pav_agotar_stock=@@@SI@@@,pav_stock=100,pav_costo=2156.62,pav_margen=38.64 WHERE pav_id=33','',2,'2013-07-23'),(41843,'DELETE FROM gpr_pack_virtual_mov WHERE pav_id=33','',2,'2013-07-23'),(41844,'DELETE FROM gpr_pack_virtual_horario WHERE pav_id=33','',2,'2013-07-23'),(41845,'INSERT INTO gpr_pack_virtual_mov (pav_id,pro_codigo_plu,pvm_precio,pvm_total,pvm_lleva,pvm_paga,pvm_descuento,pvm_porcentaje,pvm_total_normal,pvm_descuento_linea,pvm_costo,pvm_margen) VALUES (33,780721256,2990,2990,1,1,0,1,2990,0,1706.46,75.22),(33,17269,899,0,1,0,1,0,899,899,450.16,-100)','',2,'2013-07-23'),(41846,'INSERT INTO gpr_pack_virtual_horario (pav_id,pvh_dia,pvh_hora_desde,pvh_hora_hasta) VALUES (33,99,@@@00:00@@@,@@@23:59@@@)','',2,'2013-07-23'),(41847,'INSERT INTO gpr_pack_virtual (pav_id,pav_nombre,pav_total_pack,pav_total_descuento,pav_desde,pav_hasta,pav_tipo,pav_precio,pav_lleva,pav_paga,pav_descuento,pav_porcentaje,pav_oferta_exclusiva,pav_agotar_stock,pav_stock,pav_costo,pav_margen) VALUES (44,@@@PACK PIZZA NAPOLITANA + BEBIDA 1500CC X $2990@@@,2990,899,@@@2013-07-23@@@,@@@2013-08-31@@@,@@@PR@@@,0,0,0,0,0,@@@NO@@@,@@@SI@@@,50,2099.46,42.42)','',2,'2013-07-23'),(41848,'INSERT INTO gpr_pack_virtual_mov (pav_id,pro_codigo_plu,pvm_precio,pvm_total,pvm_lleva,pvm_paga,pvm_descuento,pvm_porcentaje,pvm_total_normal,pvm_descuento_linea,pvm_costo,pvm_margen) VALUES (44,780721255,2990,2990,1,1,0,0,2990,0,1649.3,81.29),(44,17269,899,0,1,0,1,0,899,899,450.16,-100)','',2,'2013-07-23'),(41849,'INSERT INTO gpr_pack_virtual_horario (pav_id,pvh_dia,pvh_hora_desde,pvh_hora_hasta) VALUES (44,99,@@@00:00@@@,@@@23:59@@@)','',2,'2013-07-23'),(41850,'INSERT INTO gne_vale_ferreteria (vfe_id,vfe_fecha,vfe_total,vfe_estado,vfe_entregado,usu_nusuario) VALUES (6028,@@@2013.07.23@@@,490,1,0,@@@m_martinez@@@)','',2,'2013-07-23'),(41851,'INSERT INTO gne_vale_ferreteria_mov (vfe_id,pro_codigo_plu,vfm_cantidad,vfm_unitario,vfm_total,vfm_entregado) VALUES (6028,764751,1,490,490,@@@NO@@@)','',2,'2013-07-23'),(41852,'INSERT INTO gne_vale_ferreteria (vfe_id,vfe_fecha,vfe_total,vfe_estado,vfe_entregado,usu_nusuario) VALUES (6029,@@@2013.07.23@@@,260,1,0,@@@m_martinez@@@)','',2,'2013-07-23'),(41853,'INSERT INTO gne_vale_ferreteria_mov (vfe_id,pro_codigo_plu,vfm_cantidad,vfm_unitario,vfm_total,vfm_entregado) VALUES (6029,12083,1,260,260,@@@NO@@@)','',2,'2013-07-23'),(41854,'INSERT INTO gne_vale_ferreteria (vfe_id,vfe_fecha,vfe_total,vfe_estado,vfe_entregado,usu_nusuario) VALUES (6030,@@@2013.07.23@@@,1890,1,0,@@@m_martinez@@@)','',2,'2013-07-23'),(41855,'INSERT INTO gne_vale_ferreteria_mov (vfe_id,pro_codigo_plu,vfm_cantidad,vfm_unitario,vfm_total,vfm_entregado) VALUES (6030,780721321,1,1890,1890,@@@NO@@@)','',2,'2013-07-23'),(41856,'INSERT INTO mae_productos (pro_codigo_plu,pro_codigo_barra,pro_tipo,pro_nombre_producto,pro_nombre_corto,med_id,emb_id,pro_unidades_embalaje,dep_id,lin_id,mar_id,pro_precio_compra_neto,pro_precio_compra_bruto,pro_precio_venta,pro_margen_actual,pro_oferta,pro_fecha_inicio_oferta,pro_fecha_termino_oferta,pro_precio_oferta,pro_stock_minimo,pro_stock_critico,pro_entradas_bodega,pro_salidas_bodega,pro_mermas_bodega,pro_ajustes_bodega,pro_entradas_sv,pro_salidas_sv,pro_mermas_sv,pro_ajustes_sv,pro_activo,rec_numero,pro_unidad,pro_capacidad,pro_consumo_bodega,pro_consumo_sv,pro_estado,pro_funcion_plu,pro_flejes,pro_iva,pro_plu_asociado,pro_envase,pro_duracion,pro_numero_etiqueta) VALUES (780721399,@@@7802215514517@@@,@@@0@@@,@@@BOLSA TU YO 30 UND@@@,@@@BOLSA TU YO 30 U@@@,@@@1 @@@,@@@4 @@@,@@@30@@@,@@@32 @@@,@@@161@@@,@@@1694@@@,@@@0@@@,@@@0@@@,@@@2850@@@,@@@0@@@,@@@@@@,@@@2013.07.23@@@,@@@2013.07.23@@@,@@@0@@@,@@@4@@@,@@@2@@@,@@@0@@@,@@@0@@@,@@@0@@@,@@@0@@@,@@@0@@@,@@@0@@@,@@@0@@@,@@@0@@@,@@@1@@@,@@@0@@@,0,30,0,0,2,0,1,1,0,@@@NO@@@,0,0)','',2,'2013-07-23'),(41857,'DELETE FROM mae_impuestos_productos WHERE pro_codigo_plu=@@@780721399@@@','',2,'2013-07-23'),(41858,'INSERT INTO gne_vale_ferreteria (vfe_id,vfe_fecha,vfe_total,vfe_estado,vfe_entregado,usu_nusuario) VALUES (6031,@@@2013.07.23@@@,820,1,0,@@@m_martinez@@@)','',2,'2013-07-23'),(41859,'INSERT INTO gne_vale_ferreteria_mov (vfe_id,pro_codigo_plu,vfm_cantidad,vfm_unitario,vfm_total,vfm_entregado) VALUES (6031,19918,1,330,330,@@@NO@@@)','',2,'2013-07-23'),(41860,'INSERT INTO gne_vale_ferreteria_mov (vfe_id,pro_codigo_plu,vfm_cantidad,vfm_unitario,vfm_total,vfm_entregado) VALUES (6031,78017104,1,490,490,@@@NO@@@)','',2,'2013-07-23'),(41861,'UPDATE mae_productos SET pro_margen_actual=0,pro_precio_venta=2850 WHERE pro_codigo_plu=780721399','',2,'2013-07-23'),(41862,'UPDATE mae_productos SET pro_margen_actual=0,pro_precio_venta=1890 WHERE pro_codigo_plu=12028','',2,'2013-07-23'),(41863,'UPDATE mae_productos SET pro_precio_fiscal=pro_precio_venta WHERE pro_codigo_plu=780721399','',2,'2013-07-23'),(41864,'UPDATE mae_productos SET pro_precio_fiscal=pro_precio_venta WHERE pro_codigo_plu=12028','',2,'2013-07-23'),(41865,'INSERT INTO gne_vale_ferreteria (vfe_id,vfe_fecha,vfe_total,vfe_estado,vfe_entregado,usu_nusuario) VALUES (6032,@@@2013.07.23@@@,250,1,0,@@@m_martinez@@@)','',2,'2013-07-23'),(41866,'INSERT INTO gne_vale_ferreteria_mov (vfe_id,pro_codigo_plu,vfm_cantidad,vfm_unitario,vfm_total,vfm_entregado) VALUES (6032,1070,1,250,250,@@@NO@@@)','',2,'2013-07-23'),(41867,'INSERT INTO gne_vale_ferreteria (vfe_id,vfe_fecha,vfe_total,vfe_estado,vfe_entregado,usu_nusuario) VALUES (6033,@@@2013.07.23@@@,250,1,0,@@@m_martinez@@@)','',2,'2013-07-23'),(41868,'INSERT INTO gne_vale_ferreteria_mov (vfe_id,pro_codigo_plu,vfm_cantidad,vfm_unitario,vfm_total,vfm_entregado) VALUES (6033,1070,1,250,250,@@@NO@@@)','',2,'2013-07-23'),(41869,'INSERT INTO gne_vale_ferreteria (vfe_id,vfe_fecha,vfe_total,vfe_estado,vfe_entregado,usu_nusuario) VALUES (6034,@@@2013.07.23@@@,1890,1,0,@@@m_martinez@@@)','',2,'2013-07-23'),(41870,'INSERT INTO gne_vale_ferreteria_mov (vfe_id,pro_codigo_plu,vfm_cantidad,vfm_unitario,vfm_total,vfm_entregado) VALUES (6034,101852,1,1890,1890,@@@NO@@@)','',2,'2013-07-23'),(41871,'INSERT INTO gne_vale_ferreteria (vfe_id,vfe_fecha,vfe_total,vfe_estado,vfe_entregado,usu_nusuario) VALUES (6035,@@@2013.07.23@@@,120,1,0,@@@m_martinez@@@)','',2,'2013-07-23'),(41872,'INSERT INTO gne_vale_ferreteria_mov (vfe_id,pro_codigo_plu,vfm_cantidad,vfm_unitario,vfm_total,vfm_entregado) VALUES (6035,780721125,1,120,120,@@@NO@@@)','',2,'2013-07-23'),(41873,'INSERT INTO gne_vale_ferreteria (vfe_id,vfe_fecha,vfe_total,vfe_estado,vfe_entregado,usu_nusuario) VALUES (6036,@@@2013.07.23@@@,990,1,0,@@@m_martinez@@@)','',2,'2013-07-23'),(41874,'INSERT INTO gne_vale_ferreteria_mov (vfe_id,pro_codigo_plu,vfm_cantidad,vfm_unitario,vfm_total,vfm_entregado) VALUES (6036,2008,1,990,990,@@@NO@@@)','',2,'2013-07-23'),(41875,'INSERT INTO gne_vale_ferreteria (vfe_id,vfe_fecha,vfe_total,vfe_estado,vfe_entregado,usu_nusuario) VALUES (6037,@@@2013.07.23@@@,1890,1,0,@@@m_martinez@@@)','',2,'2013-07-23'),(41876,'INSERT INTO gne_vale_ferreteria_mov (vfe_id,pro_codigo_plu,vfm_cantidad,vfm_unitario,vfm_total,vfm_entregado) VALUES (6037,78016981,1,1890,1890,@@@NO@@@)','',2,'2013-07-23'),(41877,'INSERT INTO gne_vale_ferreteria (vfe_id,vfe_fecha,vfe_total,vfe_estado,vfe_entregado,usu_nusuario) VALUES (6038,@@@2013.07.23@@@,1890,1,0,@@@m_martinez@@@)','',2,'2013-07-23'),(41878,'INSERT INTO gne_vale_ferreteria_mov (vfe_id,pro_codigo_plu,vfm_cantidad,vfm_unitario,vfm_total,vfm_entregado) VALUES (6038,78016981,1,1890,1890,@@@NO@@@)','',2,'2013-07-23'),(41879,'INSERT INTO gne_vale_ferreteria (vfe_id,vfe_fecha,vfe_total,vfe_estado,vfe_entregado,usu_nusuario) VALUES (6039,@@@2013.07.23@@@,1570,1,0,@@@m_martinez@@@)','',2,'2013-07-23'),(41880,'INSERT INTO gne_vale_ferreteria_mov (vfe_id,pro_codigo_plu,vfm_cantidad,vfm_unitario,vfm_total,vfm_entregado) VALUES (6039,19855,1,890,890,@@@NO@@@)','',2,'2013-07-23'),(41881,'INSERT INTO gne_vale_ferreteria_mov (vfe_id,pro_codigo_plu,vfm_cantidad,vfm_unitario,vfm_total,vfm_entregado) VALUES (6039,19866,1,680,680,@@@NO@@@)','',2,'2013-07-23'),(41882,'INSERT INTO gne_vale_ferreteria (vfe_id,vfe_fecha,vfe_total,vfe_estado,vfe_entregado,usu_nusuario) VALUES (6040,@@@2013.07.23@@@,730,1,0,@@@m_martinez@@@)','',2,'2013-07-23'),(41883,'INSERT INTO gne_vale_ferreteria_mov (vfe_id,pro_codigo_plu,vfm_cantidad,vfm_unitario,vfm_total,vfm_entregado) VALUES (6040,1537,1,190,190,@@@NO@@@)','',2,'2013-07-23'),(41884,'INSERT INTO gne_vale_ferreteria_mov (vfe_id,pro_codigo_plu,vfm_cantidad,vfm_unitario,vfm_total,vfm_entregado) VALUES (6040,1541,5,30,150,@@@NO@@@)','',2,'2013-07-23'),(41885,'INSERT INTO gne_vale_ferreteria_mov (vfe_id,pro_codigo_plu,vfm_cantidad,vfm_unitario,vfm_total,vfm_entregado) VALUES (6040,1554,1,390,390,@@@NO@@@)','',2,'2013-07-23'),(41886,'INSERT INTO gne_vale_ferreteria (vfe_id,vfe_fecha,vfe_total,vfe_estado,vfe_entregado,usu_nusuario) VALUES (6041,@@@2013.07.23@@@,120,1,0,@@@m_martinez@@@)','',2,'2013-07-23'),(41887,'INSERT INTO gne_vale_ferreteria_mov (vfe_id,pro_codigo_plu,vfm_cantidad,vfm_unitario,vfm_total,vfm_entregado) VALUES (6041,8022,1,120,120,@@@NO@@@)','',2,'2013-07-23'),(41888,'INSERT INTO gne_vale_ferreteria (vfe_id,vfe_fecha,vfe_total,vfe_estado,vfe_entregado,usu_nusuario) VALUES (6042,@@@2013.07.23@@@,2130,1,0,@@@m_martinez@@@)','',2,'2013-07-23'),(41889,'INSERT INTO gne_vale_ferreteria_mov (vfe_id,pro_codigo_plu,vfm_cantidad,vfm_unitario,vfm_total,vfm_entregado) VALUES (6042,101852,1,1890,1890,@@@NO@@@)','',2,'2013-07-23'),(41890,'INSERT INTO gne_vale_ferreteria_mov (vfe_id,pro_codigo_plu,vfm_cantidad,vfm_unitario,vfm_total,vfm_entregado) VALUES (6042,780721277,2,120,240,@@@NO@@@)','',2,'2013-07-23'),(41891,'INSERT INTO gne_vale_ferreteria (vfe_id,vfe_fecha,vfe_total,vfe_estado,vfe_entregado,usu_nusuario) VALUES (6043,@@@2013.07.23@@@,700,1,0,@@@m_martinez@@@)','',2,'2013-07-23'),(41892,'INSERT INTO gne_vale_ferreteria_mov (vfe_id,pro_codigo_plu,vfm_cantidad,vfm_unitario,vfm_total,vfm_entregado) VALUES (6043,102408,2,350,700,@@@NO@@@)','',2,'2013-07-23'),(41893,'INSERT INTO gne_vale_ferreteria (vfe_id,vfe_fecha,vfe_total,vfe_estado,vfe_entregado,usu_nusuario) VALUES (6044,@@@2013.07.23@@@,80,1,0,@@@m_martinez@@@)','',2,'2013-07-23'),(41894,'INSERT INTO gne_vale_ferreteria_mov (vfe_id,pro_codigo_plu,vfm_cantidad,vfm_unitario,vfm_total,vfm_entregado) VALUES (6044,770001,1,80,80,@@@NO@@@)','',2,'2013-07-23'),(41895,'INSERT INTO gne_vale_ferreteria (vfe_id,vfe_fecha,vfe_total,vfe_estado,vfe_entregado,usu_nusuario) VALUES (6045,@@@2013.07.23@@@,500,1,0,@@@m_martinez@@@)','',2,'2013-07-23'),(41896,'INSERT INTO gne_vale_ferreteria_mov (vfe_id,pro_codigo_plu,vfm_cantidad,vfm_unitario,vfm_total,vfm_entregado) VALUES (6045,780721125,2,120,240,@@@NO@@@)','',2,'2013-07-23'),(41897,'INSERT INTO gne_vale_ferreteria_mov (vfe_id,pro_codigo_plu,vfm_cantidad,vfm_unitario,vfm_total,vfm_entregado) VALUES (6045,15967,2,130,260,@@@NO@@@)','',2,'2013-07-23'),(41898,'INSERT INTO gne_vale_ferreteria (vfe_id,vfe_fecha,vfe_total,vfe_estado,vfe_entregado,usu_nusuario) VALUES (6046,@@@2013.07.23@@@,4760,1,0,@@@m_martinez@@@)','',2,'2013-07-23'),(41899,'INSERT INTO gne_vale_ferreteria_mov (vfe_id,pro_codigo_plu,vfm_cantidad,vfm_unitario,vfm_total,vfm_entregado) VALUES (6046,8689,4,1190,4760,@@@NO@@@)','',2,'2013-07-23'),(41900,'INSERT INTO gne_vale_ferreteria (vfe_id,vfe_fecha,vfe_total,vfe_estado,vfe_entregado,usu_nusuario) VALUES (6047,@@@2013.07.23@@@,690,1,0,@@@m_martinez@@@)','',2,'2013-07-23'),(41901,'INSERT INTO gne_vale_ferreteria_mov (vfe_id,pro_codigo_plu,vfm_cantidad,vfm_unitario,vfm_total,vfm_entregado) VALUES (6047,764582,1,690,690,@@@NO@@@)','',2,'2013-07-23'),(41902,'INSERT INTO gne_vale_ferreteria (vfe_id,vfe_fecha,vfe_total,vfe_estado,vfe_entregado,usu_nusuario) VALUES (6048,@@@2013.07.23@@@,240,1,0,@@@m_martinez@@@)','',2,'2013-07-23'),(41903,'INSERT INTO gne_vale_ferreteria_mov (vfe_id,pro_codigo_plu,vfm_cantidad,vfm_unitario,vfm_total,vfm_entregado) VALUES (6048,780721265,2,120,240,@@@NO@@@)','',2,'2013-07-23'),(41904,'INSERT INTO gne_vale_ferreteria (vfe_id,vfe_fecha,vfe_total,vfe_estado,vfe_entregado,usu_nusuario) VALUES (6049,@@@2013.07.23@@@,590,1,0,@@@m_martinez@@@)','',2,'2013-07-23'),(41905,'INSERT INTO gne_vale_ferreteria_mov (vfe_id,pro_codigo_plu,vfm_cantidad,vfm_unitario,vfm_total,vfm_entregado) VALUES (6049,78017043,1,590,590,@@@NO@@@)','',2,'2013-07-23'),(41906,'INSERT INTO gne_vale_ferreteria (vfe_id,vfe_fecha,vfe_total,vfe_estado,vfe_entregado,usu_nusuario) VALUES (6050,@@@2013.07.23@@@,990,1,0,@@@m_martinez@@@)','',2,'2013-07-23'),(41907,'INSERT INTO gne_vale_ferreteria_mov (vfe_id,pro_codigo_plu,vfm_cantidad,vfm_unitario,vfm_total,vfm_entregado) VALUES (6050,2008,1,990,990,@@@NO@@@)','',2,'2013-07-23'),(41908,'INSERT INTO gne_vale_ferreteria (vfe_id,vfe_fecha,vfe_total,vfe_estado,vfe_entregado,usu_nusuario) VALUES (6051,@@@2013.07.23@@@,100,1,0,@@@m_martinez@@@)','',2,'2013-07-23'),(41909,'INSERT INTO gne_vale_ferreteria_mov (vfe_id,pro_codigo_plu,vfm_cantidad,vfm_unitario,vfm_total,vfm_entregado) VALUES (6051,770000,2,50,100,@@@NO@@@)','',2,'2013-07-23'),(41910,'INSERT INTO gne_vale_ferreteria (vfe_id,vfe_fecha,vfe_total,vfe_estado,vfe_entregado,usu_nusuario) VALUES (6052,@@@2013.07.23@@@,1890,1,0,@@@m_martinez@@@)','',2,'2013-07-23'),(41911,'INSERT INTO gne_vale_ferreteria_mov (vfe_id,pro_codigo_plu,vfm_cantidad,vfm_unitario,vfm_total,vfm_entregado) VALUES (6052,101680,1,1890,1890,@@@NO@@@)','',2,'2013-07-23'),(41912,'INSERT INTO gne_vale_ferreteria (vfe_id,vfe_fecha,vfe_total,vfe_estado,vfe_entregado,usu_nusuario) VALUES (6053,@@@2013.07.23@@@,3490,1,0,@@@m_martinez@@@)','',2,'2013-07-23'),(41913,'INSERT INTO gne_vale_ferreteria_mov (vfe_id,pro_codigo_plu,vfm_cantidad,vfm_unitario,vfm_total,vfm_entregado) VALUES (6053,764859,1,3490,3490,@@@NO@@@)','',2,'2013-07-23'),(41914,'INSERT INTO gne_vale_ferreteria (vfe_id,vfe_fecha,vfe_total,vfe_estado,vfe_entregado,usu_nusuario) VALUES (6054,@@@2013.07.23@@@,3990,1,0,@@@m_martinez@@@)','',2,'2013-07-23'),(41915,'INSERT INTO gne_vale_ferreteria_mov (vfe_id,pro_codigo_plu,vfm_cantidad,vfm_unitario,vfm_total,vfm_entregado) VALUES (6054,764032,1,3990,3990,@@@NO@@@)','',2,'2013-07-23'),(41916,'INSERT INTO gne_vale_ferreteria (vfe_id,vfe_fecha,vfe_total,vfe_estado,vfe_entregado,usu_nusuario) VALUES (6055,@@@2013.07.23@@@,490,1,0,@@@m_martinez@@@)','',2,'2013-07-23'),(41917,'INSERT INTO gne_vale_ferreteria_mov (vfe_id,pro_codigo_plu,vfm_cantidad,vfm_unitario,vfm_total,vfm_entregado) VALUES (6055,1552,1,490,490,@@@NO@@@)','',2,'2013-07-23'),(41918,'INSERT INTO gne_vale_ferreteria (vfe_id,vfe_fecha,vfe_total,vfe_estado,vfe_entregado,usu_nusuario) VALUES (6056,@@@2013.07.23@@@,150,1,0,@@@m_martinez@@@)','',2,'2013-07-23'),(41919,'INSERT INTO gne_vale_ferreteria_mov (vfe_id,pro_codigo_plu,vfm_cantidad,vfm_unitario,vfm_total,vfm_entregado) VALUES (6056,764580,1,150,150,@@@NO@@@)','',2,'2013-07-23'),(41920,'INSERT INTO gne_vale_ferreteria (vfe_id,vfe_fecha,vfe_total,vfe_estado,vfe_entregado,usu_nusuario) VALUES (6057,@@@2013.07.23@@@,750,1,0,@@@m_martinez@@@)','',2,'2013-07-23'),(41921,'INSERT INTO gne_vale_ferreteria_mov (vfe_id,pro_codigo_plu,vfm_cantidad,vfm_unitario,vfm_total,vfm_entregado) VALUES (6057,11519,1,750,750,@@@NO@@@)','',2,'2013-07-23'),(41922,'INSERT INTO gne_vale_ferreteria (vfe_id,vfe_fecha,vfe_total,vfe_estado,vfe_entregado,usu_nusuario) VALUES (6058,@@@2013.07.23@@@,750,1,0,@@@m_martinez@@@)','',2,'2013-07-23'),(41923,'INSERT INTO gne_vale_ferreteria_mov (vfe_id,pro_codigo_plu,vfm_cantidad,vfm_unitario,vfm_total,vfm_entregado) VALUES (6058,20756,1,450,450,@@@NO@@@)','',2,'2013-07-23'),(41924,'INSERT INTO gne_vale_ferreteria_mov (vfe_id,pro_codigo_plu,vfm_cantidad,vfm_unitario,vfm_total,vfm_entregado) VALUES (6058,764279,1,300,300,@@@NO@@@)','',2,'2013-07-23'),(41925,'INSERT INTO gne_vale_ferreteria (vfe_id,vfe_fecha,vfe_total,vfe_estado,vfe_entregado,usu_nusuario) VALUES (6059,@@@2013.07.23@@@,1050,1,0,@@@m_martinez@@@)','',2,'2013-07-23'),(41926,'INSERT INTO gne_vale_ferreteria_mov (vfe_id,pro_codigo_plu,vfm_cantidad,vfm_unitario,vfm_total,vfm_entregado) VALUES (6059,78017206,1,1050,1050,@@@NO@@@)','',2,'2013-07-23'),(41927,'UPDATE mae_productos SET pro_precio_compra_bruto=1000,pro_margen_actual=(pro_precio_venta-1000)/1000 * 100,pro_ultima_compra=@@@2013.07.23@@@,pro_ultimo_proveedor=@@@76717550-7@@@ WHERE pro_codigo_plu=383','',2,'2013-07-23'),(41928,'INSERT INTO gne_vale_ferreteria (vfe_id,vfe_fecha,vfe_total,vfe_estado,vfe_entregado,usu_nusuario) VALUES (6060,@@@2013.07.23@@@,1350,1,0,@@@m_martinez@@@)','',2,'2013-07-23'),(41929,'INSERT INTO gne_vale_ferreteria_mov (vfe_id,pro_codigo_plu,vfm_cantidad,vfm_unitario,vfm_total,vfm_entregado) VALUES (6060,763479,1,1350,1350,@@@NO@@@)','',2,'2013-07-23'),(41930,'INSERT INTO gne_vale_ferreteria (vfe_id,vfe_fecha,vfe_total,vfe_estado,vfe_entregado,usu_nusuario) VALUES (6061,@@@2013.07.23@@@,690,1,0,@@@m_martinez@@@)','',2,'2013-07-23'),(41931,'INSERT INTO gne_vale_ferreteria_mov (vfe_id,pro_codigo_plu,vfm_cantidad,vfm_unitario,vfm_total,vfm_entregado) VALUES (6061,1050,1,690,690,@@@NO@@@)','',2,'2013-07-23'),(41932,'INSERT INTO gpr_pack_virtual (pav_id,pav_nombre,pav_total_pack,pav_total_descuento,pav_desde,pav_hasta,pav_tipo,pav_precio,pav_lleva,pav_paga,pav_descuento,pav_porcentaje,pav_oferta_exclusiva,pav_agotar_stock,pav_stock,pav_costo,pav_margen) VALUES (45,@@@PACK 2 CEPILLOS COLGATE + PASTA COLGATE TRIPLE ACCION @@@,2340,0,@@@2013-07-23@@@,@@@2013-08-31@@@,@@@PR@@@,0,0,0,0,0,@@@NO@@@,@@@SI@@@,12,458,410.92)','',2,'2013-07-23'),(41933,'INSERT INTO gpr_pack_virtual_mov (pav_id,pro_codigo_plu,pvm_precio,pvm_total,pvm_lleva,pvm_paga,pvm_descuento,pvm_porcentaje,pvm_total_normal,pvm_descuento_linea,pvm_costo,pvm_margen) VALUES (45,100979,1390,1390,1,1,0,0,1390,0,0,0),(45,14106,950,950,1,1,0,0,950,0,458,107.42)','',2,'2013-07-23'),(41934,'INSERT INTO gpr_pack_virtual_horario (pav_id,pvh_dia,pvh_hora_desde,pvh_hora_hasta) VALUES (45,99,@@@00:00@@@,@@@23:59@@@)','',2,'2013-07-23'),(41935,'UPDATE mae_productos SET pro_codigo_barra=@@@7702010130250@@@,pro_tipo=@@@0@@@,pro_nombre_producto=@@@CEPILLO TWISTER MEDIO 2X1@@@,pro_nombre_corto=@@@CEPILLO TWISTER@@@,med_id=@@@1@@@,emb_id=@@@4@@@,pro_unidades_embalaje=@@@12@@@,dep_id=@@@21 @@@,lin_id=@@@123@@@,mar_id=@@@281@@@,pro_precio_compra_neto=@@@0@@@,pro_precio_compra_bruto=@@@992@@@,pro_precio_venta=@@@1390@@@,pro_margen_actual=@@@40.12@@@,pro_oferta=@@@NO@@@,pro_fecha_inicio_oferta=@@@2006.09.07@@@,pro_fecha_termino_oferta=@@@2006.09.07@@@,pro_precio_oferta=@@@0@@@,pro_stock_minimo=@@@12@@@,pro_stock_critico=@@@6@@@,pro_activo=@@@1@@@,pro_unidad=@@@0@@@,pro_precio_compra_bruto=992,pro_margen_actual=40.12,pro_capacidad=1,pro_funcion_plu=0,pro_flejes=1,pro_iva=1,pro_plu_asociado=0,pro_envase=@@@NO@@@,pro_duracion=0,pro_numero_etiqueta=0 WHERE pro_codigo_plu=@@@100979@@@','',2,'2013-07-23'),(41936,'UPDATE mae_productos SET pro_estado=1 WHERE pro_codigo_plu=100979','',2,'2013-07-23'),(41937,'DELETE FROM mae_impuestos_productos WHERE pro_codigo_plu=@@@100979@@@','',2,'2013-07-23'),(41938,'INSERT INTO gpr_pack_virtual (pav_id,pav_nombre,pav_total_pack,pav_total_descuento,pav_desde,pav_hasta,pav_tipo,pav_precio,pav_lleva,pav_paga,pav_descuento,pav_porcentaje,pav_oferta_exclusiva,pav_agotar_stock,pav_stock,pav_costo,pav_margen) VALUES (46,@@@PACK PISCO MISTRAL 35° + BEBIDA PEPSI 1500CC@@@,4599,299,@@@2013-07-23@@@,@@@2013-08-31@@@,@@@PR@@@,0,0,0,0,0,@@@NO@@@,@@@SI@@@,100,3370.16,36.46)','',2,'2013-07-23'),(41939,'INSERT INTO gpr_pack_virtual_mov (pav_id,pro_codigo_plu,pvm_precio,pvm_total,pvm_lleva,pvm_paga,pvm_descuento,pvm_porcentaje,pvm_total_normal,pvm_descuento_linea,pvm_costo,pvm_margen) VALUES (46,17641,3999,3999,1,1,0,0,3999,0,2920,36.95),(46,17269,899,600,1,0.667,0.333,0,899,299,450.16,33.29)','',2,'2013-07-23'),(41940,'INSERT INTO gpr_pack_virtual_horario (pav_id,pvh_dia,pvh_hora_desde,pvh_hora_hasta) VALUES (46,99,@@@00:00@@@,@@@23:59@@@)','',2,'2013-07-23'),(41941,'UPDATE gpr_pack_virtual SET pav_nombre=@@@PACK 2 CEPILLOS COLGATE + PASTA COLGATE TRIPL@@@,pav_total_pack=1895,pav_total_descuento=445,pav_desde=@@@2013-07-23@@@,pav_hasta=@@@2013-08-31@@@,pav_tipo=@@@PR@@@,pav_precio=0,pav_lleva=0,pav_paga=0,pav_descuento=0,pav_porcentaje=0,pav_oferta_exclusiva=@@@NO@@@,pav_agotar_stock=@@@SI@@@,pav_stock=14,pav_costo=1450,pav_margen=30.69 WHERE pav_id=45','',2,'2013-07-23'),(41942,'DELETE FROM gpr_pack_virtual_mov WHERE pav_id=45','',2,'2013-07-23'),(41943,'DELETE FROM gpr_pack_virtual_horario WHERE pav_id=45','',2,'2013-07-23'),(41944,'INSERT INTO gpr_pack_virtual_mov (pav_id,pro_codigo_plu,pvm_precio,pvm_total,pvm_lleva,pvm_paga,pvm_descuento,pvm_porcentaje,pvm_total_normal,pvm_descuento_linea,pvm_costo,pvm_margen) VALUES (45,100979,1390,1390,1,1,0,0,1390,0,992,40.12),(45,14106,950,505,1,0.5,0.5,60,950,445,458,10.26)','',2,'2013-07-23'),(41945,'INSERT INTO gpr_pack_virtual_horario (pav_id,pvh_dia,pvh_hora_desde,pvh_hora_hasta) VALUES (45,99,@@@00:00@@@,@@@23:59@@@)','',2,'2013-07-23'),(41946,'UPDATE gpr_pack_virtual SET pav_nombre=@@@PACK PISCO MISTRAL 35° + BEBIDA PEPSI 1500CC X $4599@@@,pav_total_pack=4599,pav_total_descuento=299,pav_desde=@@@2013-07-23@@@,pav_hasta=@@@2013-08-31@@@,pav_tipo=@@@PR@@@,pav_precio=0,pav_lleva=0,pav_paga=0,pav_descuento=0,pav_porcentaje=0,pav_oferta_exclusiva=@@@NO@@@,pav_agotar_stock=@@@SI@@@,pav_stock=100,pav_costo=3370.16,pav_margen=36.46 WHERE pav_id=46','',2,'2013-07-23'),(41947,'DELETE FROM gpr_pack_virtual_mov WHERE pav_id=46','',2,'2013-07-23'),(41948,'DELETE FROM gpr_pack_virtual_horario WHERE pav_id=46','',2,'2013-07-23'),(41949,'INSERT INTO gpr_pack_virtual_mov (pav_id,pro_codigo_plu,pvm_precio,pvm_total,pvm_lleva,pvm_paga,pvm_descuento,pvm_porcentaje,pvm_total_normal,pvm_descuento_linea,pvm_costo,pvm_margen) VALUES (46,17641,3999,3999,1,1,0,0,3999,0,2920,36.95),(46,17269,899,600,1,0.667,0.333,0,899,299,450.16,33.29)','',2,'2013-07-23'),(41950,'INSERT INTO gpr_pack_virtual_horario (pav_id,pvh_dia,pvh_hora_desde,pvh_hora_hasta) VALUES (46,99,@@@00:00@@@,@@@23:59@@@)','',2,'2013-07-23'),(41951,'INSERT INTO gpr_pack_virtual (pav_id,pav_nombre,pav_total_pack,pav_total_descuento,pav_desde,pav_hasta,pav_tipo,pav_precio,pav_lleva,pav_paga,pav_descuento,pav_porcentaje,pav_oferta_exclusiva,pav_agotar_stock,pav_stock,pav_costo,pav_margen) VALUES (47,@@@PACK SIERRA MORENA AÑEJO 750 ML + BEBIDA PEPSI 1500CC  X $4689@@@,4689,200,@@@2013-07-23@@@,@@@2013-08-31@@@,@@@PR@@@,0,0,0,0,0,@@@NO@@@,@@@NO@@@,0,3293.76,42.36)','',2,'2013-07-23'),(41952,'INSERT INTO gpr_pack_virtual_mov (pav_id,pro_codigo_plu,pvm_precio,pvm_total,pvm_lleva,pvm_paga,pvm_descuento,pvm_porcentaje,pvm_total_normal,pvm_descuento_linea,pvm_costo,pvm_margen) VALUES (47,780721395,3990,3990,1,1,0,0,3990,0,2843.6,40.32),(47,17269,899,699,1,0.777,0.223,0,899,200,450.16,55.28)','',2,'2013-07-23'),(41953,'INSERT INTO gpr_pack_virtual_horario (pav_id,pvh_dia,pvh_hora_desde,pvh_hora_hasta) VALUES (47,99,@@@00:00@@@,@@@23:59@@@)','',2,'2013-07-23'),(41954,'UPDATE gpr_pack_virtual SET pav_nombre=@@@PACK SIERRA MORENA AÑEJO 750 ML + BEBIDA PEPS@@@,pav_total_pack=4689,pav_total_descuento=200,pav_desde=@@@2013-07-23@@@,pav_hasta=@@@2013-08-31@@@,pav_tipo=@@@PR@@@,pav_precio=0,pav_lleva=0,pav_paga=0,pav_descuento=0,pav_porcentaje=0,pav_oferta_exclusiva=@@@NO@@@,pav_agotar_stock=@@@SI@@@,pav_stock=100,pav_costo=3293.76,pav_margen=42.36 WHERE pav_id=47','',2,'2013-07-23'),(41955,'DELETE FROM gpr_pack_virtual_mov WHERE pav_id=47','',2,'2013-07-23'),(41956,'DELETE FROM gpr_pack_virtual_horario WHERE pav_id=47','',2,'2013-07-23'),(41957,'INSERT INTO gpr_pack_virtual_mov (pav_id,pro_codigo_plu,pvm_precio,pvm_total,pvm_lleva,pvm_paga,pvm_descuento,pvm_porcentaje,pvm_total_normal,pvm_descuento_linea,pvm_costo,pvm_margen) VALUES (47,780721395,3990,3990,1,1,0,0,3990,0,2843.6,40.32),(47,17269,899,699,1,0.777,0.223,0,899,200,450.16,55.28)','',2,'2013-07-23'),(41958,'INSERT INTO gpr_pack_virtual_horario (pav_id,pvh_dia,pvh_hora_desde,pvh_hora_hasta) VALUES (47,99,@@@00:00@@@,@@@23:59@@@)','',2,'2013-07-23'),(41959,'INSERT INTO gne_vale_ferreteria (vfe_id,vfe_fecha,vfe_total,vfe_estado,vfe_entregado,usu_nusuario) VALUES (6062,@@@2013.07.23@@@,530,1,0,@@@m_martinez@@@)','',2,'2013-07-23'),(41960,'INSERT INTO gne_vale_ferreteria_mov (vfe_id,pro_codigo_plu,vfm_cantidad,vfm_unitario,vfm_total,vfm_entregado) VALUES (6062,1543,1,200,200,@@@NO@@@)','',2,'2013-07-23'),(41961,'INSERT INTO gne_vale_ferreteria_mov (vfe_id,pro_codigo_plu,vfm_cantidad,vfm_unitario,vfm_total,vfm_entregado) VALUES (6062,1559,1,290,290,@@@NO@@@)','',2,'2013-07-23'),(41962,'INSERT INTO gne_vale_ferreteria_mov (vfe_id,pro_codigo_plu,vfm_cantidad,vfm_unitario,vfm_total,vfm_entregado) VALUES (6062,7500,1,40,40,@@@NO@@@)','',2,'2013-07-23'),(41963,'INSERT INTO gne_vale_ferreteria (vfe_id,vfe_fecha,vfe_total,vfe_estado,vfe_entregado,usu_nusuario) VALUES (6063,@@@2013.07.23@@@,790,1,0,@@@m_martinez@@@)','',2,'2013-07-23'),(41964,'INSERT INTO gne_vale_ferreteria_mov (vfe_id,pro_codigo_plu,vfm_cantidad,vfm_unitario,vfm_total,vfm_entregado) VALUES (6063,7607,1,790,790,@@@NO@@@)','',2,'2013-07-23'),(41965,'INSERT INTO gne_vale_ferreteria (vfe_id,vfe_fecha,vfe_total,vfe_estado,vfe_entregado,usu_nusuario) VALUES (6064,@@@2013.07.23@@@,900,1,0,@@@m_martinez@@@)','',2,'2013-07-23'),(41966,'INSERT INTO gne_vale_ferreteria_mov (vfe_id,pro_codigo_plu,vfm_cantidad,vfm_unitario,vfm_total,vfm_entregado) VALUES (6064,764772,30,30,900,@@@NO@@@)','',2,'2013-07-23'),(41967,'INSERT INTO gne_vale_ferreteria (vfe_id,vfe_fecha,vfe_total,vfe_estado,vfe_entregado,usu_nusuario) VALUES (6065,@@@2013.07.23@@@,300,1,0,@@@m_martinez@@@)','',2,'2013-07-23'),(41968,'INSERT INTO gne_vale_ferreteria_mov (vfe_id,pro_codigo_plu,vfm_cantidad,vfm_unitario,vfm_total,vfm_entregado) VALUES (6065,78017090,1,300,300,@@@NO@@@)','',2,'2013-07-23'),(41969,'INSERT INTO gpr_pack_virtual (pav_id,pav_nombre,pav_total_pack,pav_total_descuento,pav_desde,pav_hasta,pav_tipo,pav_precio,pav_lleva,pav_paga,pav_descuento,pav_porcentaje,pav_oferta_exclusiva,pav_agotar_stock,pav_stock,pav_costo,pav_margen) VALUES (48,@@@PACK PASTA DIENTES 99G 2 X $ 1.390@@@,1390,510,@@@2013-07-23@@@,@@@2013-08-31@@@,@@@PA@@@,950,2,1.45,0.55,24,@@@NO@@@,@@@SI@@@,60,916,51.75)','',2,'2013-07-23'),(41970,'INSERT INTO gpr_pack_virtual_mov (pav_id,pro_codigo_plu,pvm_precio,pvm_total,pvm_lleva,pvm_paga,pvm_descuento,pvm_porcentaje,pvm_total_normal,pvm_descuento_linea,pvm_costo,pvm_margen) VALUES (48,14106,950,0,1,1,0,0,950,255,458,51.75)','',2,'2013-07-23'),(41971,'INSERT INTO gpr_pack_virtual_horario (pav_id,pvh_dia,pvh_hora_desde,pvh_hora_hasta) VALUES (48,99,@@@00:00@@@,@@@23:59@@@)','',2,'2013-07-23'),(41972,'INSERT INTO gne_vale_ferreteria (vfe_id,vfe_fecha,vfe_total,vfe_estado,vfe_entregado,usu_nusuario) VALUES (6066,@@@2013.07.23@@@,980,1,0,@@@m_martinez@@@)','',2,'2013-07-23'),(41973,'INSERT INTO gne_vale_ferreteria_mov (vfe_id,pro_codigo_plu,vfm_cantidad,vfm_unitario,vfm_total,vfm_entregado) VALUES (6066,19876,1,980,980,@@@NO@@@)','',2,'2013-07-23'),(41974,'INSERT INTO gne_vale_ferreteria (vfe_id,vfe_fecha,vfe_total,vfe_estado,vfe_entregado,usu_nusuario) VALUES (6067,@@@2013.07.23@@@,240,1,0,@@@m_martinez@@@)','',2,'2013-07-23'),(41975,'INSERT INTO gne_vale_ferreteria_mov (vfe_id,pro_codigo_plu,vfm_cantidad,vfm_unitario,vfm_total,vfm_entregado) VALUES (6067,764158,1,120,120,@@@NO@@@)','',2,'2013-07-23'),(41976,'INSERT INTO gne_vale_ferreteria_mov (vfe_id,pro_codigo_plu,vfm_cantidad,vfm_unitario,vfm_total,vfm_entregado) VALUES (6067,78017006,1,120,120,@@@NO@@@)','',2,'2013-07-23'),(41977,'INSERT INTO gne_vale_ferreteria (vfe_id,vfe_fecha,vfe_total,vfe_estado,vfe_entregado,usu_nusuario) VALUES (6068,@@@2013.07.23@@@,120,1,0,@@@m_martinez@@@)','',2,'2013-07-23'),(41978,'INSERT INTO gne_vale_ferreteria_mov (vfe_id,pro_codigo_plu,vfm_cantidad,vfm_unitario,vfm_total,vfm_entregado) VALUES (6068,78017002,1,120,120,@@@NO@@@)','',2,'2013-07-23'),(41979,'INSERT INTO gne_vale_ferreteria (vfe_id,vfe_fecha,vfe_total,vfe_estado,vfe_entregado,usu_nusuario) VALUES (6069,@@@2013.07.23@@@,1030,1,0,@@@m_martinez@@@)','',2,'2013-07-23'),(41980,'INSERT INTO gne_vale_ferreteria_mov (vfe_id,pro_codigo_plu,vfm_cantidad,vfm_unitario,vfm_total,vfm_entregado) VALUES (6069,1535,1,390,390,@@@NO@@@)','',2,'2013-07-23'),(41981,'INSERT INTO gne_vale_ferreteria_mov (vfe_id,pro_codigo_plu,vfm_cantidad,vfm_unitario,vfm_total,vfm_entregado) VALUES (6069,1542,1,100,100,@@@NO@@@)','',2,'2013-07-23'),(41982,'INSERT INTO gne_vale_ferreteria_mov (vfe_id,pro_codigo_plu,vfm_cantidad,vfm_unitario,vfm_total,vfm_entregado) VALUES (6069,1545,1,50,50,@@@NO@@@)','',2,'2013-07-23'),(41983,'INSERT INTO gne_vale_ferreteria_mov (vfe_id,pro_codigo_plu,vfm_cantidad,vfm_unitario,vfm_total,vfm_entregado) VALUES (6069,1552,1,490,490,@@@NO@@@)','',2,'2013-07-23'),(41984,'INSERT INTO gne_vale_ferreteria (vfe_id,vfe_fecha,vfe_total,vfe_estado,vfe_entregado,usu_nusuario) VALUES (6070,@@@2013.07.23@@@,3840,1,0,@@@m_martinez@@@)','',2,'2013-07-23'),(41985,'INSERT INTO gne_vale_ferreteria_mov (vfe_id,pro_codigo_plu,vfm_cantidad,vfm_unitario,vfm_total,vfm_entregado) VALUES (6070,7607,3,790,2370,@@@NO@@@)','',2,'2013-07-23'),(41986,'INSERT INTO gne_vale_ferreteria_mov (vfe_id,pro_codigo_plu,vfm_cantidad,vfm_unitario,vfm_total,vfm_entregado) VALUES (6070,7001,3,490,1470,@@@NO@@@)','',2,'2013-07-23'),(41987,'UPDATE mae_clientes SET cli_rut=@@@11573385-0@@@,cli_nombre=@@@JUANA GRACIELA PEREIRA SALAZAR@@@,cli_direccion=@@@PASAJE SAN GREGORIO 124 POBLACION ENTRE RIOS@@@,cli_sucursal=@@@@@@,cli_ciudad=@@@NACIMIENTO@@@,cli_nombre_contacto=@@@@@@,cli_cargo=@@@VENDEDORA@@@,cli_comuna=@@@NACIMIENTO@@@,cli_fpago=@@@CONTADO@@@,cli_telefono=@@@76429760@@@,cli_fax=@@@@@@,cli_celular=@@@76429760@@@,cli_mail=@@@@@@,tcp_id=@@@2@@@,cli_fecha_nacimiento=@@@1970.01.01@@@,cli_activo=@@@1@@@,cli_limite_credito=@@@60000@@@,cli_giro=@@@@@@,cli_sobrecargo=0,cli_descuento_venta=0,cli_rapel=0 ,cli_credito_ilimitado=0 WHERE cli_id=@@@11@@@','',2,'2013-07-23'),(41988,'INSERT INTO gne_vale_ferreteria (vfe_id,vfe_fecha,vfe_total,vfe_estado,vfe_entregado,usu_nusuario) VALUES (6071,@@@2013.07.24@@@,810,1,0,@@@b_SAEZ@@@)','',2,'2013-07-24'),(41989,'INSERT INTO gne_vale_ferreteria_mov (vfe_id,pro_codigo_plu,vfm_cantidad,vfm_unitario,vfm_total,vfm_entregado) VALUES (6071,780721058,1,520,520,@@@NO@@@)','',2,'2013-07-24'),(41990,'INSERT INTO gne_vale_ferreteria_mov (vfe_id,pro_codigo_plu,vfm_cantidad,vfm_unitario,vfm_total,vfm_entregado) VALUES (6071,3103,1,290,290,@@@NO@@@)','',2,'2013-07-24'),(41991,'INSERT INTO gpr_pack_virtual (pav_id,pav_nombre,pav_total_pack,pav_total_descuento,pav_desde,pav_hasta,pav_tipo,pav_precio,pav_lleva,pav_paga,pav_descuento,pav_porcentaje,pav_oferta_exclusiva,pav_agotar_stock,pav_stock,pav_costo,pav_margen) VALUES (49,@@@PACK YOGHURT& CEREAL MILO + ZUCOSOS 142 G 3 X $ 1099@@@,1099,98,@@@2013-07-24@@@,@@@2013-08-31@@@,@@@PA@@@,399,3,2.755,0.245,1,@@@NO@@@,@@@NO@@@,0,894.9,22.81)','',2,'2013-07-24'),(41992,'INSERT INTO gpr_pack_virtual_mov (pav_id,pro_codigo_plu,pvm_precio,pvm_total,pvm_lleva,pvm_paga,pvm_descuento,pvm_porcentaje,pvm_total_normal,pvm_descuento_linea,pvm_costo,pvm_margen) VALUES (49,762719,399,0,1,1,0,0,399,32.6666666666667,298.5,22.81),(49,762721,399,0,1,1,0,0,399,32.6666666666667,298.1,22.81)','',2,'2013-07-24'),(41993,'INSERT INTO gpr_pack_virtual_horario (pav_id,pvh_dia,pvh_hora_desde,pvh_hora_hasta) VALUES (49,99,@@@00:00@@@,@@@23:59@@@)','',2,'2013-07-24'),(41994,'INSERT INTO com_ventas_grupo (vgr_fecha,vgr_grupo,vgr_cantidad,vgr_total) VALUES (@@@2013.07.23@@@,1,161.87,121731)','',2,'2013-07-24'),(41995,'INSERT INTO com_ventas_grupo (vgr_fecha,vgr_grupo,vgr_cantidad,vgr_total) VALUES (@@@2013.07.23@@@,2,170,82190)','',2,'2013-07-24'),(41996,'INSERT INTO com_ventas_grupo (vgr_fecha,vgr_grupo,vgr_cantidad,vgr_total) VALUES (@@@2013.07.23@@@,3,384,77684)','',2,'2013-07-24'),(41997,'INSERT INTO com_ventas_grupo (vgr_fecha,vgr_grupo,vgr_cantidad,vgr_total) VALUES (@@@2013.07.23@@@,4,108,74828)','',2,'2013-07-24'),(41998,'INSERT INTO com_ventas_grupo (vgr_fecha,vgr_grupo,vgr_cantidad,vgr_total) VALUES (@@@2013.07.23@@@,5,5,16286)','',2,'2013-07-24'),(41999,'INSERT INTO com_ventas_grupo (vgr_fecha,vgr_grupo,vgr_cantidad,vgr_total) VALUES (@@@2013.07.23@@@,6,11,17270)','',2,'2013-07-24'),(42000,'INSERT INTO com_ventas_grupo (vgr_fecha,vgr_grupo,vgr_cantidad,vgr_total) VALUES (@@@2013.07.23@@@,7,29,37536)','',2,'2013-07-24'),(42001,'INSERT INTO com_ventas_grupo (vgr_fecha,vgr_grupo,vgr_cantidad,vgr_total) VALUES (@@@2013.07.23@@@,8,25,23070)','',2,'2013-07-24'),(42002,'INSERT INTO com_ventas_grupo (vgr_fecha,vgr_grupo,vgr_cantidad,vgr_total) VALUES (@@@2013.07.23@@@,9,44.655,82991)','',2,'2013-07-24'),(42003,'INSERT INTO com_ventas_grupo (vgr_fecha,vgr_grupo,vgr_cantidad,vgr_total) VALUES (@@@2013.07.23@@@,10,33.095,94547)','',2,'2013-07-24'),(42004,'INSERT INTO com_ventas_grupo (vgr_fecha,vgr_grupo,vgr_cantidad,vgr_total) VALUES (@@@2013.07.23@@@,11,16.775,38054)','',2,'2013-07-24'),(42005,'INSERT INTO com_ventas_grupo (vgr_fecha,vgr_grupo,vgr_cantidad,vgr_total) VALUES (@@@2013.07.23@@@,12,47.68,85110)','',2,'2013-07-24'),(42006,'INSERT INTO com_ventas_grupo (vgr_fecha,vgr_grupo,vgr_cantidad,vgr_total) VALUES (@@@2013.07.23@@@,13,11.35,25912)','',2,'2013-07-24'),(42007,'INSERT INTO com_ventas_grupo (vgr_fecha,vgr_grupo,vgr_cantidad,vgr_total) VALUES (@@@2013.07.23@@@,14,96.97,88727)','',2,'2013-07-24'),(42008,'INSERT INTO com_ventas_grupo (vgr_fecha,vgr_grupo,vgr_cantidad,vgr_total) VALUES (@@@2013.07.23@@@,16,2,300)','',2,'2013-07-24'),(42009,'INSERT INTO com_ventas_grupo (vgr_fecha,vgr_grupo,vgr_cantidad,vgr_total) VALUES (@@@2013.07.23@@@,18,209.265,112171)','',2,'2013-07-24'),(42010,'INSERT INTO com_ventas_grupo (vgr_fecha,vgr_grupo,vgr_cantidad,vgr_total) VALUES (@@@2013.07.23@@@,20,137.465,39523)','',2,'2013-07-24'),(42011,'INSERT INTO com_ventas_grupo (vgr_fecha,vgr_grupo,vgr_cantidad,vgr_total) VALUES (@@@2013.07.23@@@,21,44,32978)','',2,'2013-07-24'),(42012,'INSERT INTO com_ventas_grupo (vgr_fecha,vgr_grupo,vgr_cantidad,vgr_total) VALUES (@@@2013.07.23@@@,23,3,8870)','',2,'2013-07-24'),(42013,'INSERT INTO com_ventas_grupo (vgr_fecha,vgr_grupo,vgr_cantidad,vgr_total) VALUES (@@@2013.07.23@@@,24,67,9959)','',2,'2013-07-24'),(42014,'INSERT INTO com_ventas_grupo (vgr_fecha,vgr_grupo,vgr_cantidad,vgr_total) VALUES (@@@2013.07.23@@@,25,93,124900)','',2,'2013-07-24'),(42015,'INSERT INTO com_ventas_grupo (vgr_fecha,vgr_grupo,vgr_cantidad,vgr_total) VALUES (@@@2013.07.23@@@,31,12,8639)','',2,'2013-07-24'),(42016,'INSERT INTO com_ventas_grupo (vgr_fecha,vgr_grupo,vgr_cantidad,vgr_total) VALUES (@@@2013.07.23@@@,32,377,116637)','',2,'2013-07-24'),(42017,'INSERT INTO com_ventas_grupo (vgr_fecha,vgr_grupo,vgr_cantidad,vgr_total) VALUES (@@@2013.07.23@@@,35,25,28190)','',2,'2013-07-24'),(42018,'INSERT INTO com_ventas_grupo (vgr_fecha,vgr_grupo,vgr_cantidad,vgr_total) VALUES (@@@2013.07.23@@@,37,7,1260)','',2,'2013-07-24'),(42019,'INSERT INTO com_ventas_grupo (vgr_fecha,vgr_grupo,vgr_cantidad,vgr_total) VALUES (@@@2013.07.23@@@,38,3,1320)','',2,'2013-07-24'),(42020,'INSERT INTO com_ventas_grupo (vgr_fecha,vgr_grupo,vgr_cantidad,vgr_total) VALUES (@@@2013.07.23@@@,39,10,8910)','',2,'2013-07-24'),(42021,'INSERT INTO com_ventas_grupo (vgr_fecha,vgr_grupo,vgr_cantidad,vgr_total) VALUES (@@@2013.07.23@@@,40,5480,5480)','',2,'2013-07-24'),(42022,'INSERT INTO com_ventas_grupo (vgr_fecha,vgr_grupo,vgr_cantidad,vgr_total) VALUES (@@@2013.07.23@@@,42,37.865,37832)','',2,'2013-07-24'),(42023,'UPDATE mae_datos_empresa SET emp_oferta=@@@NO@@@','',2,'2013-07-24'),(42024,'INSERT INTO gne_vale_ferreteria (vfe_id,vfe_fecha,vfe_total,vfe_estado,vfe_entregado,usu_nusuario) VALUES (6072,@@@2013.07.24@@@,2750,1,0,@@@b_SAEZ@@@)','',2,'2013-07-24'),(42025,'INSERT INTO gne_vale_ferreteria_mov (vfe_id,pro_codigo_plu,vfm_cantidad,vfm_unitario,vfm_total,vfm_entregado) VALUES (6072,764352,1,2490,2490,@@@NO@@@)','',2,'2013-07-24'),(42026,'INSERT INTO gne_vale_ferreteria_mov (vfe_id,pro_codigo_plu,vfm_cantidad,vfm_unitario,vfm_total,vfm_entregado) VALUES (6072,102455,2,130,260,@@@NO@@@)','',2,'2013-07-24'),(42027,'INSERT INTO gne_vale_ferreteria (vfe_id,vfe_fecha,vfe_total,vfe_estado,vfe_entregado,usu_nusuario) VALUES (6073,@@@2013.07.24@@@,340,1,0,@@@b_SAEZ@@@)','',2,'2013-07-24'),(42028,'INSERT INTO gne_vale_ferreteria_mov (vfe_id,pro_codigo_plu,vfm_cantidad,vfm_unitario,vfm_total,vfm_entregado) VALUES (6073,764834,13,20,260,@@@NO@@@)','',2,'2013-07-24'),(42029,'INSERT INTO gne_vale_ferreteria_mov (vfe_id,pro_codigo_plu,vfm_cantidad,vfm_unitario,vfm_total,vfm_entregado) VALUES (6073,770033,2,40,80,@@@NO@@@)','',2,'2013-07-24'),(42030,'INSERT INTO gne_vale_ferreteria (vfe_id,vfe_fecha,vfe_total,vfe_estado,vfe_entregado,usu_nusuario) VALUES (6074,@@@2013.07.24@@@,120,1,0,@@@b_SAEZ@@@)','',2,'2013-07-24'),(42031,'INSERT INTO gne_vale_ferreteria_mov (vfe_id,pro_codigo_plu,vfm_cantidad,vfm_unitario,vfm_total,vfm_entregado) VALUES (6074,78017059,1,120,120,@@@NO@@@)','',2,'2013-07-24'),(42032,'INSERT INTO gne_vale_ferreteria (vfe_id,vfe_fecha,vfe_total,vfe_estado,vfe_entregado,usu_nusuario) VALUES (6075,@@@2013.07.24@@@,1180,1,0,@@@b_SAEZ@@@)','',2,'2013-07-24'),(42033,'INSERT INTO gne_vale_ferreteria_mov (vfe_id,pro_codigo_plu,vfm_cantidad,vfm_unitario,vfm_total,vfm_entregado) VALUES (6075,2012,2,590,1180,@@@NO@@@)','',2,'2013-07-24'),(42034,'UPDATE mae_productos SET pro_precio_compra_bruto=8687.19,pro_margen_actual=(pro_precio_venta-8687.19)/8687.19 * 100,pro_ultima_compra=@@@2013.07.24@@@,pro_ultimo_proveedor=@@@86379600-8@@@ WHERE pro_codigo_plu=764416','',2,'2013-07-24'),(42035,'UPDATE mae_productos SET pro_precio_compra_bruto=1479.41,pro_margen_actual=(pro_precio_venta-1479.41)/1479.41 * 100,pro_ultima_compra=@@@2013.07.24@@@,pro_ultimo_proveedor=@@@86379600-8@@@ WHERE pro_codigo_plu=764408','',2,'2013-07-24'),(42036,'UPDATE mae_productos SET pro_precio_compra_bruto=5890.5,pro_margen_actual=(pro_precio_venta-5890.5)/5890.5 * 100,pro_ultima_compra=@@@2013.07.24@@@,pro_ultimo_proveedor=@@@86379600-8@@@ WHERE pro_codigo_plu=10000','',2,'2013-07-24'),(42037,'UPDATE mae_productos SET pro_precio_compra_bruto=7398.23,pro_margen_actual=(pro_precio_venta-7398.23)/7398.23 * 100,pro_ultima_compra=@@@2013.07.24@@@,pro_ultimo_proveedor=@@@86379600-8@@@ WHERE pro_codigo_plu=764417','',2,'2013-07-24'),(42038,'UPDATE mae_productos SET pro_precio_compra_bruto=629.03,pro_margen_actual=(pro_precio_venta-629.03)/629.03 * 100,pro_ultima_compra=@@@2013.07.24@@@,pro_ultimo_proveedor=@@@86379600-8@@@ WHERE pro_codigo_plu=764424','',2,'2013-07-24'),(42039,'UPDATE mae_productos SET pro_precio_compra_bruto=330.9,pro_margen_actual=(pro_precio_venta-330.9)/330.9 * 100,pro_ultima_compra=@@@2013.07.24@@@,pro_ultimo_proveedor=@@@86379600-8@@@ WHERE pro_codigo_plu=764423','',2,'2013-07-24'),(42040,'UPDATE mae_productos SET pro_precio_compra_bruto=16022.92,pro_margen_actual=(pro_precio_venta-16022.92)/16022.92 * 100,pro_ultima_compra=@@@2013.07.24@@@,pro_ultimo_proveedor=@@@86379600-8@@@ WHERE pro_codigo_plu=764420','',2,'2013-07-24'),(42041,'INSERT INTO gne_vale_ferreteria (vfe_id,vfe_fecha,vfe_total,vfe_estado,vfe_entregado,usu_nusuario) VALUES (6076,@@@2013.07.24@@@,230,1,0,@@@b_SAEZ@@@)','',2,'2013-07-24'),(42042,'INSERT INTO gne_vale_ferreteria_mov (vfe_id,pro_codigo_plu,vfm_cantidad,vfm_unitario,vfm_total,vfm_entregado) VALUES (6076,78017238,1,200,200,@@@NO@@@)','',2,'2013-07-24'),(42043,'INSERT INTO gne_vale_ferreteria_mov (vfe_id,pro_codigo_plu,vfm_cantidad,vfm_unitario,vfm_total,vfm_entregado) VALUES (6076,764835,1,30,30,@@@NO@@@)','',2,'2013-07-24'),(42044,'INSERT INTO gne_vale_ferreteria (vfe_id,vfe_fecha,vfe_total,vfe_estado,vfe_entregado,usu_nusuario) VALUES (6077,@@@2013.07.24@@@,360,1,0,@@@b_SAEZ@@@)','',2,'2013-07-24'),(42045,'INSERT INTO gne_vale_ferreteria_mov (vfe_id,pro_codigo_plu,vfm_cantidad,vfm_unitario,vfm_total,vfm_entregado) VALUES (6077,780721277,3,120,360,@@@NO@@@)','',2,'2013-07-24'),(42046,'UPDATE mae_productos SET pro_codigo_barra=@@@354@@@,pro_tipo=@@@0@@@,pro_nombre_producto=@@@MORTADELA LISA CERDO@@@,pro_nombre_corto=@@@MORTADELA LISA C@@@,med_id=@@@1@@@,emb_id=@@@1@@@,pro_unidades_embalaje=@@@1@@@,dep_id=@@@12 @@@,lin_id=@@@71@@@,mar_id=@@@2507@@@,pro_precio_compra_neto=@@@0@@@,pro_precio_compra_bruto=@@@0@@@,pro_precio_venta=@@@1599@@@,pro_margen_actual=@@@0@@@,pro_oferta=@@@NO@@@,pro_fecha_inicio_oferta=@@@1900.01.01@@@,pro_fecha_termino_oferta=@@@1900.01.01@@@,pro_precio_oferta=@@@0@@@,pro_stock_minimo=@@@1@@@,pro_stock_critico=@@@1@@@,pro_activo=@@@1@@@,pro_unidad=@@@1@@@,pro_precio_compra_bruto=0,pro_margen_actual=0,pro_capacidad=1,pro_funcion_plu=1,pro_flejes=0,pro_iva=1,pro_plu_asociado=0,pro_envase=@@@NO@@@,pro_duracion=0,pro_numero_etiqueta=1 WHERE pro_codigo_plu=@@@354@@@','',2,'2013-07-24'),(42047,'UPDATE mae_productos SET pro_estado=1 WHERE pro_codigo_plu=354','',2,'2013-07-24'),(42048,'DELETE FROM mae_impuestos_productos WHERE pro_codigo_plu=@@@354@@@','',2,'2013-07-24'),(42049,'UPDATE mae_productos SET pro_codigo_barra=@@@332@@@,pro_tipo=@@@0@@@,pro_nombre_producto=@@@JAMON PAVO ACARAMELADO@@@,pro_nombre_corto=@@@JAMON PAVO ACARA@@@,med_id=@@@1@@@,emb_id=@@@1@@@,pro_unidades_embalaje=@@@1@@@,dep_id=@@@12 @@@,lin_id=@@@77@@@,mar_id=@@@2507@@@,pro_precio_compra_neto=@@@0@@@,pro_precio_compra_bruto=@@@4641@@@,pro_precio_venta=@@@7150@@@,pro_margen_actual=@@@54.06@@@,pro_oferta=@@@NO@@@,pro_fecha_inicio_oferta=@@@1900.01.01@@@,pro_fecha_termino_oferta=@@@1900.01.01@@@,pro_precio_oferta=@@@0@@@,pro_stock_minimo=@@@1@@@,pro_stock_critico=@@@1@@@,pro_activo=@@@1@@@,pro_unidad=@@@1@@@,pro_precio_compra_bruto=4641,pro_margen_actual=54.06,pro_capacidad=1,pro_funcion_plu=1,pro_flejes=0,pro_iva=1,pro_plu_asociado=0,pro_envase=@@@NO@@@,pro_duracion=0,pro_numero_etiqueta=1 WHERE pro_codigo_plu=@@@332@@@','',2,'2013-07-24'),(42050,'UPDATE mae_productos SET pro_estado=1 WHERE pro_codigo_plu=332','',2,'2013-07-24'),(42051,'DELETE FROM mae_impuestos_productos WHERE pro_codigo_plu=@@@332@@@','',2,'2013-07-24'),(42052,'UPDATE mae_productos SET pro_codigo_barra=@@@329@@@,pro_tipo=@@@0@@@,pro_nombre_producto=@@@JAMON COLONIAL@@@,pro_nombre_corto=@@@JAMON COLONIAL@@@,med_id=@@@1@@@,emb_id=@@@1@@@,pro_unidades_embalaje=@@@1@@@,dep_id=@@@12 @@@,lin_id=@@@77@@@,mar_id=@@@2507@@@,pro_precio_compra_neto=@@@0@@@,pro_precio_compra_bruto=@@@0@@@,pro_precio_venta=@@@7150@@@,pro_margen_actual=@@@0@@@,pro_oferta=@@@NO@@@,pro_fecha_inicio_oferta=@@@1900.01.01@@@,pro_fecha_termino_oferta=@@@1900.01.01@@@,pro_precio_oferta=@@@0@@@,pro_stock_minimo=@@@1@@@,pro_stock_critico=@@@1@@@,pro_activo=@@@1@@@,pro_unidad=@@@1@@@,pro_precio_compra_bruto=0,pro_margen_actual=0,pro_capacidad=1,pro_funcion_plu=1,pro_flejes=0,pro_iva=1,pro_plu_asociado=0,pro_envase=@@@NO@@@,pro_duracion=0,pro_numero_etiqueta=1 WHERE pro_codigo_plu=@@@329@@@','',2,'2013-07-24'),(42053,'UPDATE mae_productos SET pro_estado=1 WHERE pro_codigo_plu=329','',2,'2013-07-24'),(42054,'DELETE FROM mae_impuestos_productos WHERE pro_codigo_plu=@@@329@@@','',2,'2013-07-24'),(42055,'UPDATE mae_productos SET pro_codigo_barra=@@@312@@@,pro_tipo=@@@0@@@,pro_nombre_producto=@@@ARROLL.LOMO LOMO C/AJI@@@,pro_nombre_corto=@@@ARROLL.LOMO LOMO@@@,med_id=@@@1@@@,emb_id=@@@1@@@,pro_unidades_embalaje=@@@1@@@,dep_id=@@@12 @@@,lin_id=@@@225@@@,mar_id=@@@2507@@@,pro_precio_compra_neto=@@@0@@@,pro_precio_compra_bruto=@@@3331.8@@@,pro_precio_venta=@@@5590@@@,pro_margen_actual=@@@67.78@@@,pro_oferta=@@@NO@@@,pro_fecha_inicio_oferta=@@@1900.01.01@@@,pro_fecha_termino_oferta=@@@1900.01.01@@@,pro_precio_oferta=@@@0@@@,pro_stock_minimo=@@@1@@@,pro_stock_critico=@@@1@@@,pro_activo=@@@1@@@,pro_unidad=@@@1@@@,pro_precio_compra_bruto=3331.8,pro_margen_actual=67.78,pro_capacidad=1,pro_funcion_plu=1,pro_flejes=0,pro_iva=1,pro_plu_asociado=0,pro_envase=@@@NO@@@,pro_duracion=0,pro_numero_etiqueta=1 WHERE pro_codigo_plu=@@@312@@@','',2,'2013-07-24'),(42056,'UPDATE mae_productos SET pro_estado=1 WHERE pro_codigo_plu=312','',2,'2013-07-24'),(42057,'DELETE FROM mae_impuestos_productos WHERE pro_codigo_plu=@@@312@@@','',2,'2013-07-24'),(42058,'UPDATE mae_productos SET pro_codigo_barra=@@@323@@@,pro_tipo=@@@0@@@,pro_nombre_producto=@@@FIAMBRE JAMON SANDWI@@@,pro_nombre_corto=@@@FIAMBRE JAMON SA@@@,med_id=@@@1@@@,emb_id=@@@1@@@,pro_unidades_embalaje=@@@1@@@,dep_id=@@@12 @@@,lin_id=@@@71@@@,mar_id=@@@2507@@@,pro_precio_compra_neto=@@@0@@@,pro_precio_compra_bruto=@@@2142@@@,pro_precio_venta=@@@3690@@@,pro_margen_actual=@@@72.27@@@,pro_oferta=@@@NO@@@,pro_fecha_inicio_oferta=@@@1900.01.01@@@,pro_fecha_termino_oferta=@@@1900.01.01@@@,pro_precio_oferta=@@@0@@@,pro_stock_minimo=@@@1@@@,pro_stock_critico=@@@1@@@,pro_activo=@@@1@@@,pro_unidad=@@@1@@@,pro_precio_compra_bruto=2142,pro_margen_actual=72.27,pro_capacidad=1,pro_funcion_plu=1,pro_flejes=0,pro_iva=1,pro_plu_asociado=0,pro_envase=@@@NO@@@,pro_duracion=0,pro_numero_etiqueta=1 WHERE pro_codigo_plu=@@@323@@@','',2,'2013-07-24'),(42059,'UPDATE mae_productos SET pro_estado=1 WHERE pro_codigo_plu=323','',2,'2013-07-24'),(42060,'DELETE FROM mae_impuestos_productos WHERE pro_codigo_plu=@@@323@@@','',2,'2013-07-24'),(42061,'UPDATE mae_productos SET pro_codigo_barra=@@@335@@@,pro_tipo=@@@0@@@,pro_nombre_producto=@@@JAMON SANDWICH AVE@@@,pro_nombre_corto=@@@JAMON SANDWICH A@@@,med_id=@@@1@@@,emb_id=@@@1@@@,pro_unidades_embalaje=@@@1@@@,dep_id=@@@12 @@@,lin_id=@@@71@@@,mar_id=@@@2507@@@,pro_precio_compra_neto=@@@0@@@,pro_precio_compra_bruto=@@@2618@@@,pro_precio_venta=@@@3930@@@,pro_margen_actual=@@@50.11@@@,pro_oferta=@@@NO@@@,pro_fecha_inicio_oferta=@@@1900.01.01@@@,pro_fecha_termino_oferta=@@@1900.01.01@@@,pro_precio_oferta=@@@0@@@,pro_stock_minimo=@@@1@@@,pro_stock_critico=@@@1@@@,pro_activo=@@@1@@@,pro_unidad=@@@1@@@,pro_precio_compra_bruto=2618,pro_margen_actual=50.11,pro_capacidad=1,pro_funcion_plu=1,pro_flejes=0,pro_iva=1,pro_plu_asociado=0,pro_envase=@@@NO@@@,pro_duracion=0,pro_numero_etiqueta=1 WHERE pro_codigo_plu=@@@335@@@','',2,'2013-07-24'),(42062,'UPDATE mae_productos SET pro_estado=1 WHERE pro_codigo_plu=335','',2,'2013-07-24'),(42063,'DELETE FROM mae_impuestos_productos WHERE pro_codigo_plu=@@@335@@@','',2,'2013-07-24'),(42064,'UPDATE mae_productos SET pro_codigo_barra=@@@347@@@,pro_tipo=@@@0@@@,pro_nombre_producto=@@@JAMONADA CERDO@@@,pro_nombre_corto=@@@JAMONADA CERDO@@@,med_id=@@@1@@@,emb_id=@@@1@@@,pro_unidades_embalaje=@@@1@@@,dep_id=@@@12 @@@,lin_id=@@@71@@@,mar_id=@@@2507@@@,pro_precio_compra_neto=@@@0@@@,pro_precio_compra_bruto=@@@2260.9@@@,pro_precio_venta=@@@3450@@@,pro_margen_actual=@@@52.59@@@,pro_oferta=@@@NO@@@,pro_fecha_inicio_oferta=@@@1900.01.01@@@,pro_fecha_termino_oferta=@@@1900.01.01@@@,pro_precio_oferta=@@@0@@@,pro_stock_minimo=@@@1@@@,pro_stock_critico=@@@1@@@,pro_activo=@@@1@@@,pro_unidad=@@@1@@@,pro_precio_compra_bruto=2260.9,pro_margen_actual=52.59,pro_capacidad=1,pro_funcion_plu=1,pro_flejes=0,pro_iva=1,pro_plu_asociado=0,pro_envase=@@@NO@@@,pro_duracion=0,pro_numero_etiqueta=1 WHERE pro_codigo_plu=@@@347@@@','',2,'2013-07-24'),(42065,'UPDATE mae_productos SET pro_estado=1 WHERE pro_codigo_plu=347','',2,'2013-07-24'),(42066,'DELETE FROM mae_impuestos_productos WHERE pro_codigo_plu=@@@347@@@','',2,'2013-07-24'),(42067,'UPDATE mae_productos SET pro_codigo_barra=@@@313@@@,pro_tipo=@@@0@@@,pro_nombre_producto=@@@ARROLL.LOMO LOMO S/AJI@@@,pro_nombre_corto=@@@ARROLL.LOMO LOMO@@@,med_id=@@@1@@@,emb_id=@@@1@@@,pro_unidades_embalaje=@@@1@@@,dep_id=@@@12 @@@,lin_id=@@@225@@@,mar_id=@@@2507@@@,pro_precio_compra_neto=@@@0@@@,pro_precio_compra_bruto=@@@3332.1@@@,pro_precio_venta=@@@5590@@@,pro_margen_actual=@@@67.76@@@,pro_oferta=@@@NO@@@,pro_fecha_inicio_oferta=@@@1900.01.01@@@,pro_fecha_termino_oferta=@@@1900.01.01@@@,pro_precio_oferta=@@@0@@@,pro_stock_minimo=@@@1@@@,pro_stock_critico=@@@1@@@,pro_activo=@@@1@@@,pro_unidad=@@@1@@@,pro_precio_compra_bruto=3332.1,pro_margen_actual=67.76,pro_capacidad=1,pro_funcion_plu=1,pro_flejes=0,pro_iva=1,pro_plu_asociado=0,pro_envase=@@@NO@@@,pro_duracion=0,pro_numero_etiqueta=1 WHERE pro_codigo_plu=@@@313@@@','',2,'2013-07-24'),(42068,'UPDATE mae_productos SET pro_estado=1 WHERE pro_codigo_plu=313','',2,'2013-07-24'),(42069,'DELETE FROM mae_impuestos_productos WHERE pro_codigo_plu=@@@313@@@','',2,'2013-07-24'),(42070,'UPDATE mae_productos SET pro_codigo_barra=@@@304@@@,pro_tipo=@@@0@@@,pro_nombre_producto=@@@ARROLLADO HUASO@@@,pro_nombre_corto=@@@ARROLLADO HUASO@@@,med_id=@@@2@@@,emb_id=@@@1@@@,pro_unidades_embalaje=@@@1@@@,dep_id=@@@12 @@@,lin_id=@@@225@@@,mar_id=@@@1810@@@,pro_precio_compra_neto=@@@0@@@,pro_precio_compra_bruto=@@@4129.3@@@,pro_precio_venta=@@@6190@@@,pro_margen_actual=@@@49.9@@@,pro_oferta=@@@NO@@@,pro_fecha_inicio_oferta=@@@1900.01.01@@@,pro_fecha_termino_oferta=@@@1900.01.01@@@,pro_precio_oferta=@@@0@@@,pro_stock_minimo=@@@1@@@,pro_stock_critico=@@@1@@@,pro_activo=@@@1@@@,pro_unidad=@@@1@@@,pro_precio_compra_bruto=4129.3,pro_margen_actual=49.9,pro_capacidad=1,pro_funcion_plu=1,pro_flejes=0,pro_iva=1,pro_plu_asociado=0,pro_envase=@@@NO@@@,pro_duracion=0,pro_numero_etiqueta=1 WHERE pro_codigo_plu=@@@304@@@','',2,'2013-07-24'),(42071,'UPDATE mae_productos SET pro_estado=1 WHERE pro_codigo_plu=304','',2,'2013-07-24'),(42072,'DELETE FROM mae_impuestos_productos WHERE pro_codigo_plu=@@@304@@@','',2,'2013-07-24'),(42073,'UPDATE mae_productos SET pro_codigo_barra=@@@352@@@,pro_tipo=@@@0@@@,pro_nombre_producto=@@@MORTADELA LISA AVE@@@,pro_nombre_corto=@@@MORTADELA LISA A@@@,med_id=@@@1@@@,emb_id=@@@1@@@,pro_unidades_embalaje=@@@1@@@,dep_id=@@@12 @@@,lin_id=@@@71@@@,mar_id=@@@2507@@@,pro_precio_compra_neto=@@@0@@@,pro_precio_compra_bruto=@@@0@@@,pro_precio_venta=@@@1599@@@,pro_margen_actual=@@@0@@@,pro_oferta=@@@NO@@@,pro_fecha_inicio_oferta=@@@1900.01.01@@@,pro_fecha_termino_oferta=@@@1900.01.01@@@,pro_precio_oferta=@@@0@@@,pro_stock_minimo=@@@1@@@,pro_stock_critico=@@@1@@@,pro_activo=@@@1@@@,pro_unidad=@@@1@@@,pro_precio_compra_bruto=0,pro_margen_actual=0,pro_capacidad=1,pro_funcion_plu=1,pro_flejes=0,pro_iva=1,pro_plu_asociado=0,pro_envase=@@@NO@@@,pro_duracion=0,pro_numero_etiqueta=1 WHERE pro_codigo_plu=@@@352@@@','',2,'2013-07-24'),(42074,'UPDATE mae_productos SET pro_estado=1 WHERE pro_codigo_plu=352','',2,'2013-07-24'),(42075,'DELETE FROM mae_impuestos_productos WHERE pro_codigo_plu=@@@352@@@','',2,'2013-07-24'),(42076,'UPDATE mae_productos SET pro_codigo_barra=@@@359@@@,pro_tipo=@@@0@@@,pro_nombre_producto=@@@MORTADELA JAMONADA AVE@@@,pro_nombre_corto=@@@MORTADELA JAMONA@@@,med_id=@@@1@@@,emb_id=@@@1@@@,pro_unidades_embalaje=@@@1@@@,dep_id=@@@12 @@@,lin_id=@@@71@@@,mar_id=@@@2507@@@,pro_precio_compra_neto=@@@0@@@,pro_precio_compra_bruto=@@@2261@@@,pro_precio_venta=@@@3390@@@,pro_margen_actual=@@@49.93@@@,pro_oferta=@@@NO@@@,pro_fecha_inicio_oferta=@@@1900.01.01@@@,pro_fecha_termino_oferta=@@@1900.01.01@@@,pro_precio_oferta=@@@0@@@,pro_stock_minimo=@@@1@@@,pro_stock_critico=@@@1@@@,pro_activo=@@@1@@@,pro_unidad=@@@1@@@,pro_precio_compra_bruto=2261,pro_margen_actual=49.93,pro_capacidad=1,pro_funcion_plu=1,pro_flejes=0,pro_iva=1,pro_plu_asociado=0,pro_envase=@@@NO@@@,pro_duracion=0,pro_numero_etiqueta=1 WHERE pro_codigo_plu=@@@359@@@','',2,'2013-07-24'),(42077,'UPDATE mae_productos SET pro_estado=1 WHERE pro_codigo_plu=359','',2,'2013-07-24'),(42078,'DELETE FROM mae_impuestos_productos WHERE pro_codigo_plu=@@@359@@@','',2,'2013-07-24'),(42079,'INSERT INTO gne_vale_ferreteria (vfe_id,vfe_fecha,vfe_total,vfe_estado,vfe_entregado,usu_nusuario) VALUES (6078,@@@2013.07.24@@@,500,1,0,@@@b_SAEZ@@@)','',2,'2013-07-24'),(42080,'INSERT INTO gne_vale_ferreteria_mov (vfe_id,pro_codigo_plu,vfm_cantidad,vfm_unitario,vfm_total,vfm_entregado) VALUES (6078,2004,1,300,300,@@@NO@@@)','',2,'2013-07-24'),(42081,'INSERT INTO gne_vale_ferreteria_mov (vfe_id,pro_codigo_plu,vfm_cantidad,vfm_unitario,vfm_total,vfm_entregado) VALUES (6078,4089,1,200,200,@@@NO@@@)','',2,'2013-07-24'),(42082,'UPDATE mae_productos SET pro_codigo_barra=@@@389@@@,pro_tipo=@@@0@@@,pro_nombre_producto=@@@SALAME AHUMADO@@@,pro_nombre_corto=@@@SALAME AHUMADO@@@,med_id=@@@1@@@,emb_id=@@@1@@@,pro_unidades_embalaje=@@@1@@@,dep_id=@@@12 @@@,lin_id=@@@71@@@,mar_id=@@@2507@@@,pro_precio_compra_neto=@@@0@@@,pro_precio_compra_bruto=@@@0@@@,pro_precio_venta=@@@9820@@@,pro_margen_actual=@@@0@@@,pro_oferta=@@@NO@@@,pro_fecha_inicio_oferta=@@@1900.01.01@@@,pro_fecha_termino_oferta=@@@1900.01.01@@@,pro_precio_oferta=@@@0@@@,pro_stock_minimo=@@@1@@@,pro_stock_critico=@@@1@@@,pro_activo=@@@1@@@,pro_unidad=@@@1@@@,pro_precio_compra_bruto=0,pro_margen_actual=0,pro_capacidad=1,pro_funcion_plu=1,pro_flejes=0,pro_iva=1,pro_plu_asociado=0,pro_envase=@@@NO@@@,pro_duracion=0,pro_numero_etiqueta=1 WHERE pro_codigo_plu=@@@389@@@','',2,'2013-07-24'),(42083,'UPDATE mae_productos SET pro_estado=1 WHERE pro_codigo_plu=389','',2,'2013-07-24'),(42084,'DELETE FROM mae_impuestos_productos WHERE pro_codigo_plu=@@@389@@@','',2,'2013-07-24'),(42085,'UPDATE mae_productos SET pro_codigo_barra=@@@401@@@,pro_tipo=@@@0@@@,pro_nombre_producto=@@@QUESO LAMINADO SAN JORGE@@@,pro_nombre_corto=@@@QUESO LAMINADO S@@@,med_id=@@@2@@@,emb_id=@@@6@@@,pro_unidades_embalaje=@@@4@@@,dep_id=@@@13 @@@,lin_id=@@@81@@@,mar_id=@@@1810@@@,pro_precio_compra_neto=@@@0@@@,pro_precio_compra_bruto=@@@0@@@,pro_precio_venta=@@@5990@@@,pro_margen_actual=@@@0@@@,pro_oferta=@@@NO@@@,pro_fecha_inicio_oferta=@@@2013.07.17@@@,pro_fecha_termino_oferta=@@@2013.07.17@@@,pro_precio_oferta=@@@0@@@,pro_stock_minimo=@@@4@@@,pro_stock_critico=@@@1@@@,pro_activo=@@@1@@@,pro_unidad=@@@1@@@,pro_precio_compra_bruto=0,pro_margen_actual=0,pro_capacidad=2,pro_funcion_plu=1,pro_flejes=1,pro_iva=1,pro_plu_asociado=0,pro_envase=@@@NO@@@,pro_duracion=0,pro_numero_etiqueta=1 WHERE pro_codigo_plu=@@@401@@@','',2,'2013-07-24'),(42086,'UPDATE mae_productos SET pro_estado=1 WHERE pro_codigo_plu=401','',2,'2013-07-24'),(42087,'DELETE FROM mae_impuestos_productos WHERE pro_codigo_plu=@@@401@@@','',2,'2013-07-24'),(42088,'INSERT INTO gne_vale_ferreteria (vfe_id,vfe_fecha,vfe_total,vfe_estado,vfe_entregado,usu_nusuario) VALUES (6079,@@@2013.07.24@@@,2190,1,0,@@@b_SAEZ@@@)','',2,'2013-07-24'),(42089,'INSERT INTO gne_vale_ferreteria_mov (vfe_id,pro_codigo_plu,vfm_cantidad,vfm_unitario,vfm_total,vfm_entregado) VALUES (6079,763621,1,2190,2190,@@@NO@@@)','',2,'2013-07-24'),(42090,'INSERT INTO gne_vale_ferreteria (vfe_id,vfe_fecha,vfe_total,vfe_estado,vfe_entregado,usu_nusuario) VALUES (6080,@@@2013.07.24@@@,450,1,0,@@@b_SAEZ@@@)','',2,'2013-07-24'),(42091,'INSERT INTO gne_vale_ferreteria_mov (vfe_id,pro_codigo_plu,vfm_cantidad,vfm_unitario,vfm_total,vfm_entregado) VALUES (6080,4088,3,150,450,@@@NO@@@)','',2,'2013-07-24'),(42092,'UPDATE mae_productos SET pro_codigo_barra=@@@126@@@,pro_tipo=@@@0@@@,pro_nombre_producto=@@@TRUTRO ENTERO SELECCION@@@,pro_nombre_corto=@@@TRUTRO ENTERO@@@,med_id=@@@2@@@,emb_id=@@@1@@@,pro_unidades_embalaje=@@@1@@@,dep_id=@@@9 @@@,lin_id=@@@65@@@,mar_id=@@@2507@@@,pro_precio_compra_neto=@@@0@@@,pro_precio_compra_bruto=@@@1309@@@,pro_precio_venta=@@@1950@@@,pro_margen_actual=@@@48.97@@@,pro_oferta=@@@NO@@@,pro_fecha_inicio_oferta=@@@1900.01.01@@@,pro_fecha_termino_oferta=@@@1900.01.01@@@,pro_precio_oferta=@@@0@@@,pro_stock_minimo=@@@40@@@,pro_stock_critico=@@@50@@@,pro_activo=@@@1@@@,pro_unidad=@@@0@@@,pro_precio_compra_bruto=1309,pro_margen_actual=48.97,pro_capacidad=1,pro_funcion_plu=0,pro_flejes=0,pro_iva=1,pro_plu_asociado=0,pro_envase=@@@NO@@@,pro_duracion=0,pro_numero_etiqueta=0 WHERE pro_codigo_plu=@@@126@@@','',2,'2013-07-24'),(42093,'UPDATE mae_productos SET pro_estado=1 WHERE pro_codigo_plu=126','',2,'2013-07-24'),(42094,'DELETE FROM mae_impuestos_productos WHERE pro_codigo_plu=@@@126@@@','',2,'2013-07-24'),(42095,'UPDATE mae_productos SET pro_margen_actual=67.78,pro_precio_venta=5590 WHERE pro_codigo_plu=312','',2,'2013-07-24'),(42096,'UPDATE mae_productos SET pro_margen_actual=67.76,pro_precio_venta=5590 WHERE pro_codigo_plu=313','',2,'2013-07-24'),(42097,'UPDATE mae_productos SET pro_margen_actual=49.9,pro_precio_venta=6190 WHERE pro_codigo_plu=304','',2,'2013-07-24'),(42098,'UPDATE mae_productos SET pro_margen_actual=40.12,pro_precio_venta=1390 WHERE pro_codigo_plu=100979','',2,'2013-07-24'),(42099,'UPDATE mae_productos SET pro_margen_actual=72.27,pro_precio_venta=3690 WHERE pro_codigo_plu=323','',2,'2013-07-24'),(42100,'UPDATE mae_productos SET pro_margen_actual=0,pro_precio_venta=7150 WHERE pro_codigo_plu=329','',2,'2013-07-24'),(42101,'UPDATE mae_productos SET pro_margen_actual=54.06,pro_precio_venta=7150 WHERE pro_codigo_plu=332','',2,'2013-07-24'),(42102,'UPDATE mae_productos SET pro_margen_actual=50.11,pro_precio_venta=3930 WHERE pro_codigo_plu=335','',2,'2013-07-24'),(42103,'UPDATE mae_productos SET pro_margen_actual=52.59,pro_precio_venta=3450 WHERE pro_codigo_plu=347','',2,'2013-07-24'),(42104,'UPDATE mae_productos SET pro_margen_actual=49.93,pro_precio_venta=3390 WHERE pro_codigo_plu=359','',2,'2013-07-24'),(42105,'UPDATE mae_productos SET pro_margen_actual=0,pro_precio_venta=1599 WHERE pro_codigo_plu=352','',2,'2013-07-24'),(42106,'UPDATE mae_productos SET pro_margen_actual=0,pro_precio_venta=1599 WHERE pro_codigo_plu=354','',2,'2013-07-24'),(42107,'UPDATE mae_productos SET pro_margen_actual=0,pro_precio_venta=5990 WHERE pro_codigo_plu=401','',2,'2013-07-24'),(42108,'UPDATE mae_productos SET pro_margen_actual=0,pro_precio_venta=9820 WHERE pro_codigo_plu=389','',2,'2013-07-24'),(42109,'UPDATE mae_productos SET pro_margen_actual=48.97,pro_precio_venta=1950 WHERE pro_codigo_plu=126','',2,'2013-07-24'),(42110,'UPDATE mae_productos SET pro_precio_fiscal=pro_precio_venta WHERE pro_codigo_plu=126','',2,'2013-07-24'),(42111,'UPDATE gpr_pack_virtual SET pav_nombre=@@@PACK RON SIERRA MORENA AÑEJO + COCA COLA 1.5@@@,pav_total_pack=4490,pav_total_descuento=500,pav_desde=@@@2013-05-28@@@,pav_hasta=@@@2013-07-31@@@,pav_tipo=@@@PR@@@,pav_precio=0,pav_lleva=0,pav_paga=0,pav_descuento=0,pav_porcentaje=0,pav_oferta_exclusiva=@@@NO@@@,pav_agotar_stock=@@@SI@@@,pav_stock=50,pav_costo=3581.37,pav_margen=25.37 WHERE pav_id=12','',2,'2013-07-24'),(42112,'DELETE FROM gpr_pack_virtual_mov WHERE pav_id=12','',2,'2013-07-24'),(42113,'DELETE FROM gpr_pack_virtual_horario WHERE pav_id=12','',2,'2013-07-24'),(42114,'INSERT INTO gpr_pack_virtual_mov (pav_id,pro_codigo_plu,pvm_precio,pvm_total,pvm_lleva,pvm_paga,pvm_descuento,pvm_porcentaje,pvm_total_normal,pvm_descuento_linea,pvm_costo,pvm_margen) VALUES (12,17167,1000,700,1,0.7,0.3,0,1000,300,737.77,-5.12),(12,780721395,3990,3790,1,0.95,0.05,0,3990,200,2843.6,33.28)','',2,'2013-07-24'),(42115,'INSERT INTO gpr_pack_virtual_horario (pav_id,pvh_dia,pvh_hora_desde,pvh_hora_hasta) VALUES (12,99,@@@00:00@@@,@@@23:59@@@)','',2,'2013-07-24'),(42116,'UPDATE mae_productos SET pro_margen_actual=0,pro_precio_venta=2199 WHERE pro_codigo_plu=765071','',2,'2013-07-24'),(42117,'UPDATE mae_productos SET pro_precio_fiscal=pro_precio_venta WHERE pro_codigo_plu=765071','',2,'2013-07-24'),(42118,'UPDATE mae_productos SET pro_precio_compra_bruto=1028.8,pro_margen_actual=(pro_precio_venta-1028.8)/1028.8 * 100,pro_ultima_compra=@@@2013.07.24@@@,pro_ultimo_proveedor=@@@78998410-7@@@ WHERE pro_codigo_plu=764101','',2,'2013-07-24'),(42119,'UPDATE mae_productos SET pro_precio_compra_bruto=1028.8,pro_margen_actual=(pro_precio_venta-1028.8)/1028.8 * 100,pro_ultima_compra=@@@2013.07.24@@@,pro_ultimo_proveedor=@@@78998410-7@@@ WHERE pro_codigo_plu=764109','',2,'2013-07-24'),(42120,'UPDATE mae_productos SET pro_precio_compra_bruto=4641,pro_margen_actual=(pro_precio_venta-4641)/4641 * 100,pro_ultima_compra=@@@2013.07.24@@@,pro_ultimo_proveedor=@@@80186300-0@@@ WHERE pro_codigo_plu=332','',2,'2013-07-24'),(42121,'UPDATE mae_productos SET pro_precio_compra_bruto=4760,pro_margen_actual=(pro_precio_venta-4760)/4760 * 100,pro_ultima_compra=@@@2013.07.24@@@,pro_ultimo_proveedor=@@@80186300-0@@@ WHERE pro_codigo_plu=329','',2,'2013-07-24'),(42122,'UPDATE mae_productos SET pro_precio_compra_bruto=3332,pro_margen_actual=(pro_precio_venta-3332)/3332 * 100,pro_ultima_compra=@@@2013.07.24@@@,pro_ultimo_proveedor=@@@80186300-0@@@ WHERE pro_codigo_plu=312','',2,'2013-07-24'),(42123,'UPDATE mae_productos SET pro_precio_compra_bruto=2142,pro_margen_actual=(pro_precio_venta-2142)/2142 * 100,pro_ultima_compra=@@@2013.07.24@@@,pro_ultimo_proveedor=@@@80186300-0@@@ WHERE pro_codigo_plu=323','',2,'2013-07-24'),(42124,'UPDATE mae_productos SET pro_precio_compra_bruto=2618,pro_margen_actual=(pro_precio_venta-2618)/2618 * 100,pro_ultima_compra=@@@2013.07.24@@@,pro_ultimo_proveedor=@@@80186300-0@@@ WHERE pro_codigo_plu=335','',2,'2013-07-24'),(42125,'UPDATE mae_productos SET pro_precio_compra_bruto=2201.5,pro_margen_actual=(pro_precio_venta-2201.5)/2201.5 * 100,pro_ultima_compra=@@@2013.07.24@@@,pro_ultimo_proveedor=@@@80186300-0@@@ WHERE pro_codigo_plu=347','',2,'2013-07-24'),(42126,'UPDATE mae_productos SET pro_precio_compra_bruto=3332.1,pro_margen_actual=(pro_precio_venta-3332.1)/3332.1 * 100,pro_ultima_compra=@@@2013.07.24@@@,pro_ultimo_proveedor=@@@80186300-0@@@ WHERE pro_codigo_plu=313','',2,'2013-07-24'),(42127,'UPDATE mae_productos SET pro_precio_compra_bruto=4129.3,pro_margen_actual=(pro_precio_venta-4129.3)/4129.3 * 100,pro_ultima_compra=@@@2013.07.24@@@,pro_ultimo_proveedor=@@@80186300-0@@@ WHERE pro_codigo_plu=304','',2,'2013-07-24'),(42128,'UPDATE mae_productos SET pro_precio_compra_bruto=1190,pro_margen_actual=(pro_precio_venta-1190)/1190 * 100,pro_ultima_compra=@@@2013.07.24@@@,pro_ultimo_proveedor=@@@80186300-0@@@ WHERE pro_codigo_plu=354','',2,'2013-07-24'),(42129,'UPDATE mae_productos SET pro_precio_compra_bruto=1190,pro_margen_actual=(pro_precio_venta-1190)/1190 * 100,pro_ultima_compra=@@@2013.07.24@@@,pro_ultimo_proveedor=@@@80186300-0@@@ WHERE pro_codigo_plu=352','',2,'2013-07-24'),(42130,'UPDATE mae_productos SET pro_precio_compra_bruto=191.88,pro_margen_actual=(pro_precio_venta-191.88)/191.88 * 100,pro_ultima_compra=@@@2013.07.24@@@,pro_ultimo_proveedor=@@@80186300-0@@@ WHERE pro_codigo_plu=262530','',2,'2013-07-24'),(42131,'UPDATE mae_productos SET pro_precio_compra_bruto=191.88,pro_margen_actual=(pro_precio_venta-191.88)/191.88 * 100,pro_ultima_compra=@@@2013.07.24@@@,pro_ultimo_proveedor=@@@80186300-0@@@ WHERE pro_codigo_plu=262531','',2,'2013-07-24'),(42132,'UPDATE mae_productos SET pro_precio_compra_bruto=191.88,pro_margen_actual=(pro_precio_venta-191.88)/191.88 * 100,pro_ultima_compra=@@@2013.07.24@@@,pro_ultimo_proveedor=@@@80186300-0@@@ WHERE pro_codigo_plu=762638','',2,'2013-07-24'),(42133,'UPDATE mae_productos SET pro_precio_compra_bruto=2201.4,pro_margen_actual=(pro_precio_venta-2201.4)/2201.4 * 100,pro_ultima_compra=@@@2013.07.24@@@,pro_ultimo_proveedor=@@@80186300-0@@@ WHERE pro_codigo_plu=359','',2,'2013-07-24'),(42134,'UPDATE mae_productos SET pro_precio_compra_bruto=2308,pro_margen_actual=(pro_precio_venta-2308)/2308 * 100,pro_ultima_compra=@@@2013.07.24@@@,pro_ultimo_proveedor=@@@80186300-0@@@ WHERE pro_codigo_plu=317','',2,'2013-07-24'),(42135,'UPDATE mae_productos SET pro_precio_compra_bruto=386.75,pro_margen_actual=(pro_precio_venta-386.75)/386.75 * 100,pro_ultima_compra=@@@2013.07.24@@@,pro_ultimo_proveedor=@@@80186300-0@@@ WHERE pro_codigo_plu=262521','',2,'2013-07-24'),(42136,'UPDATE mae_productos SET pro_precio_compra_bruto=1190,pro_margen_actual=(pro_precio_venta-1190)/1190 * 100,pro_ultima_compra=@@@2013.07.24@@@,pro_ultimo_proveedor=@@@80186300-0@@@ WHERE pro_codigo_plu=262523','',2,'2013-07-24'),(42137,'UPDATE mae_productos SET pro_precio_compra_bruto=386.75,pro_margen_actual=(pro_precio_venta-386.75)/386.75 * 100,pro_ultima_compra=@@@2013.07.24@@@,pro_ultimo_proveedor=@@@80186300-0@@@ WHERE pro_codigo_plu=262524','',2,'2013-07-24'),(42138,'UPDATE mae_productos SET pro_precio_compra_bruto=6664.5,pro_margen_actual=(pro_precio_venta-6664.5)/6664.5 * 100,pro_ultima_compra=@@@2013.07.24@@@,pro_ultimo_proveedor=@@@80186300-0@@@ WHERE pro_codigo_plu=389','',2,'2013-07-24'),(42139,'UPDATE mae_productos SET pro_precio_compra_bruto=4034.1,pro_margen_actual=(pro_precio_venta-4034.1)/4034.1 * 100,pro_ultima_compra=@@@2013.07.24@@@,pro_ultimo_proveedor=@@@80186300-0@@@ WHERE pro_codigo_plu=401','',2,'2013-07-24'),(42140,'UPDATE mae_productos SET pro_precio_compra_bruto=295.5,pro_margen_actual=(pro_precio_venta-295.5)/295.5 * 100,pro_ultima_compra=@@@2013.07.24@@@,pro_ultimo_proveedor=@@@80186300-0@@@ WHERE pro_codigo_plu=262528','',2,'2013-07-24'),(42141,'INSERT INTO gne_vale_ferreteria (vfe_id,vfe_fecha,vfe_total,vfe_estado,vfe_entregado,usu_nusuario) VALUES (6081,@@@2013.07.24@@@,1700,1,0,@@@S_BIZAMA@@@)','',2,'2013-07-24'),(42142,'INSERT INTO gne_vale_ferreteria_mov (vfe_id,pro_codigo_plu,vfm_cantidad,vfm_unitario,vfm_total,vfm_entregado) VALUES (6081,764835,2,30,60,@@@NO@@@)','',2,'2013-07-24'),(42143,'INSERT INTO gne_vale_ferreteria_mov (vfe_id,pro_codigo_plu,vfm_cantidad,vfm_unitario,vfm_total,vfm_entregado) VALUES (6081,21135,1,200,200,@@@NO@@@)','',2,'2013-07-24'),(42144,'INSERT INTO gne_vale_ferreteria_mov (vfe_id,pro_codigo_plu,vfm_cantidad,vfm_unitario,vfm_total,vfm_entregado) VALUES (6081,78017238,1,200,200,@@@NO@@@)','',2,'2013-07-24'),(42145,'INSERT INTO gne_vale_ferreteria_mov (vfe_id,pro_codigo_plu,vfm_cantidad,vfm_unitario,vfm_total,vfm_entregado) VALUES (6081,11378,2,620,1240,@@@NO@@@)','',2,'2013-07-24'),(42146,'INSERT INTO gne_vale_ferreteria (vfe_id,vfe_fecha,vfe_total,vfe_estado,vfe_entregado,usu_nusuario) VALUES (6082,@@@2013.07.24@@@,2880,1,0,@@@S_BIZAMA@@@)','',2,'2013-07-24'),(42147,'INSERT INTO gne_vale_ferreteria_mov (vfe_id,pro_codigo_plu,vfm_cantidad,vfm_unitario,vfm_total,vfm_entregado) VALUES (6082,764948,1,1890,1890,@@@NO@@@)','',2,'2013-07-24'),(42148,'INSERT INTO gne_vale_ferreteria_mov (vfe_id,pro_codigo_plu,vfm_cantidad,vfm_unitario,vfm_total,vfm_entregado) VALUES (6082,780721147,1,990,990,@@@NO@@@)','',2,'2013-07-24'),(42149,'INSERT INTO gne_vale_ferreteria (vfe_id,vfe_fecha,vfe_total,vfe_estado,vfe_entregado,usu_nusuario) VALUES (6083,@@@2013.07.24@@@,400,1,0,@@@S_BIZAMA@@@)','',2,'2013-07-24'),(42150,'INSERT INTO gne_vale_ferreteria_mov (vfe_id,pro_codigo_plu,vfm_cantidad,vfm_unitario,vfm_total,vfm_entregado) VALUES (6083,78017238,2,200,400,@@@NO@@@)','',2,'2013-07-24'),(42151,'INSERT INTO mae_productos (pro_codigo_plu,pro_codigo_barra,pro_tipo,pro_nombre_producto,pro_nombre_corto,med_id,emb_id,pro_unidades_embalaje,dep_id,lin_id,mar_id,pro_precio_compra_neto,pro_precio_compra_bruto,pro_precio_venta,pro_margen_actual,pro_oferta,pro_fecha_inicio_oferta,pro_fecha_termino_oferta,pro_precio_oferta,pro_stock_minimo,pro_stock_critico,pro_entradas_bodega,pro_salidas_bodega,pro_mermas_bodega,pro_ajustes_bodega,pro_entradas_sv,pro_salidas_sv,pro_mermas_sv,pro_ajustes_sv,pro_activo,rec_numero,pro_unidad,pro_capacidad,pro_consumo_bodega,pro_consumo_sv,pro_estado,pro_funcion_plu,pro_flejes,pro_iva,pro_plu_asociado,pro_envase,pro_duracion,pro_numero_etiqueta) VALUES (780721400,@@@7802900444013@@@,@@@0@@@,@@@MANJARATE LIGHT 125ML@@@,@@@MANJARATE LIGHT @@@,@@@5 @@@,@@@3 @@@,@@@0@@@,@@@3 @@@,@@@50@@@,@@@1819@@@,@@@0@@@,@@@339@@@,@@@1@@@,@@@-99.71@@@,@@@@@@,@@@2006.09.07@@@,@@@2006.09.07@@@,@@@0@@@,@@@3@@@,@@@2@@@,@@@0@@@,@@@0@@@,@@@0@@@,@@@0@@@,@@@0@@@,@@@0@@@,@@@0@@@,@@@0@@@,@@@1@@@,@@@0@@@,0,125,0,0,2,0,1,1,0,@@@NO@@@,0,0)','',2,'2013-07-24'),(42152,'DELETE FROM mae_impuestos_productos WHERE pro_codigo_plu=@@@780721400@@@','',2,'2013-07-24'),(42153,'INSERT INTO gne_vale_ferreteria (vfe_id,vfe_fecha,vfe_total,vfe_estado,vfe_entregado,usu_nusuario) VALUES (6084,@@@2013.07.24@@@,3590,1,0,@@@m_martinez@@@)','',2,'2013-07-24'),(42154,'INSERT INTO gne_vale_ferreteria_mov (vfe_id,pro_codigo_plu,vfm_cantidad,vfm_unitario,vfm_total,vfm_entregado) VALUES (6084,765066,1,2990,2990,@@@NO@@@)','',2,'2013-07-24'),(42155,'INSERT INTO gne_vale_ferreteria_mov (vfe_id,pro_codigo_plu,vfm_cantidad,vfm_unitario,vfm_total,vfm_entregado) VALUES (6084,764766,5,120,600,@@@NO@@@)','',2,'2013-07-24'),(42156,'INSERT INTO gne_vale_ferreteria (vfe_id,vfe_fecha,vfe_total,vfe_estado,vfe_entregado,usu_nusuario) VALUES (6085,@@@2013.07.24@@@,990,1,0,@@@m_martinez@@@)','',2,'2013-07-24'),(42157,'INSERT INTO gne_vale_ferreteria_mov (vfe_id,pro_codigo_plu,vfm_cantidad,vfm_unitario,vfm_total,vfm_entregado) VALUES (6085,2008,1,990,990,@@@NO@@@)','',2,'2013-07-24'),(42158,'INSERT INTO mae_productos (pro_codigo_plu,pro_codigo_barra,pro_tipo,pro_nombre_producto,pro_nombre_corto,med_id,emb_id,pro_unidades_embalaje,dep_id,lin_id,mar_id,pro_precio_compra_neto,pro_precio_compra_bruto,pro_precio_venta,pro_margen_actual,pro_oferta,pro_fecha_inicio_oferta,pro_fecha_termino_oferta,pro_precio_oferta,pro_stock_minimo,pro_stock_critico,pro_entradas_bodega,pro_salidas_bodega,pro_mermas_bodega,pro_ajustes_bodega,pro_entradas_sv,pro_salidas_sv,pro_mermas_sv,pro_ajustes_sv,pro_activo,rec_numero,pro_unidad,pro_capacidad,pro_consumo_bodega,pro_consumo_sv,pro_estado,pro_funcion_plu,pro_flejes,pro_iva,pro_plu_asociado,pro_envase,pro_duracion,pro_numero_etiqueta) VALUES (780721401,@@@7802900218232@@@,@@@0@@@,@@@LECHE CULTIVADA CHIRIMOYA 190 ML@@@,@@@LECHE CULTIVADA @@@,@@@7 @@@,@@@3 @@@,@@@0@@@,@@@3 @@@,@@@50@@@,@@@1993@@@,@@@0@@@,@@@267@@@,@@@380@@@,@@@42.32@@@,@@@@@@,@@@2006.09.07@@@,@@@2006.09.07@@@,@@@0@@@,@@@3@@@,@@@2@@@,@@@0@@@,@@@0@@@,@@@0@@@,@@@0@@@,@@@0@@@,@@@0@@@,@@@0@@@,@@@0@@@,@@@1@@@,@@@0@@@,0,190,0,0,2,0,1,1,0,@@@NO@@@,0,0)','',2,'2013-07-24'),(42159,'DELETE FROM mae_impuestos_productos WHERE pro_codigo_plu=@@@780721401@@@','',2,'2013-07-24'),(42160,'INSERT INTO mae_productos (pro_codigo_plu,pro_codigo_barra,pro_tipo,pro_nombre_producto,pro_nombre_corto,med_id,emb_id,pro_unidades_embalaje,dep_id,lin_id,mar_id,pro_precio_compra_neto,pro_precio_compra_bruto,pro_precio_venta,pro_margen_actual,pro_oferta,pro_fecha_inicio_oferta,pro_fecha_termino_oferta,pro_precio_oferta,pro_stock_minimo,pro_stock_critico,pro_entradas_bodega,pro_salidas_bodega,pro_mermas_bodega,pro_ajustes_bodega,pro_entradas_sv,pro_salidas_sv,pro_mermas_sv,pro_ajustes_sv,pro_activo,rec_numero,pro_unidad,pro_capacidad,pro_consumo_bodega,pro_consumo_sv,pro_estado,pro_funcion_plu,pro_flejes,pro_iva,pro_plu_asociado,pro_envase,pro_duracion,pro_numero_etiqueta) VALUES (780721402,@@@7802900234577@@@,@@@0@@@,@@@NEXT TRANSITO LINAZA 125 ML@@@,@@@NEXT TRANSITO LI@@@,@@@7 @@@,@@@3 @@@,@@@0@@@,@@@3 @@@,@@@50@@@,@@@1993@@@,@@@0@@@,@@@211@@@,@@@290@@@,@@@37.44@@@,@@@@@@,@@@2006.09.07@@@,@@@2006.09.07@@@,@@@0@@@,@@@3@@@,@@@2@@@,@@@0@@@,@@@0@@@,@@@0@@@,@@@0@@@,@@@0@@@,@@@0@@@,@@@0@@@,@@@0@@@,@@@1@@@,@@@0@@@,0,125,0,0,2,0,1,1,0,@@@NO@@@,0,0)','',2,'2013-07-24'),(42161,'DELETE FROM mae_impuestos_productos WHERE pro_codigo_plu=@@@780721402@@@','',2,'2013-07-24'),(42162,'INSERT INTO mae_productos (pro_codigo_plu,pro_codigo_barra,pro_tipo,pro_nombre_producto,pro_nombre_corto,med_id,emb_id,pro_unidades_embalaje,dep_id,lin_id,mar_id,pro_precio_compra_neto,pro_precio_compra_bruto,pro_precio_venta,pro_margen_actual,pro_oferta,pro_fecha_inicio_oferta,pro_fecha_termino_oferta,pro_precio_oferta,pro_stock_minimo,pro_stock_critico,pro_entradas_bodega,pro_salidas_bodega,pro_mermas_bodega,pro_ajustes_bodega,pro_entradas_sv,pro_salidas_sv,pro_mermas_sv,pro_ajustes_sv,pro_activo,rec_numero,pro_unidad,pro_capacidad,pro_consumo_bodega,pro_consumo_sv,pro_estado,pro_funcion_plu,pro_flejes,pro_iva,pro_plu_asociado,pro_envase,pro_duracion,pro_numero_etiqueta) VALUES (780721403,@@@7802900026585@@@,@@@0@@@,@@@MANTEQUILLA SOPROLE CON SAL DE MAR 250 G@@@,@@@MANTEQUILLA SOPR@@@,@@@5 @@@,@@@3 @@@,@@@0@@@,@@@3 @@@,@@@47@@@,@@@1993@@@,@@@0@@@,@@@932@@@,@@@1220@@@,@@@30.9@@@,@@@@@@,@@@2006.09.07@@@,@@@2006.09.07@@@,@@@0@@@,@@@0@@@,@@@0@@@,@@@0@@@,@@@0@@@,@@@0@@@,@@@0@@@,@@@0@@@,@@@0@@@,@@@0@@@,@@@0@@@,@@@1@@@,@@@0@@@,0,250,0,0,2,0,1,1,0,@@@NO@@@,0,0)','',2,'2013-07-24'),(42163,'DELETE FROM mae_impuestos_productos WHERE pro_codigo_plu=@@@780721403@@@','',2,'2013-07-24'),(42164,'INSERT INTO gne_vale_ferreteria (vfe_id,vfe_fecha,vfe_total,vfe_estado,vfe_entregado,usu_nusuario) VALUES (6086,@@@2013.07.24@@@,1100,1,0,@@@m_martinez@@@)','',2,'2013-07-24'),(42165,'INSERT INTO gne_vale_ferreteria_mov (vfe_id,pro_codigo_plu,vfm_cantidad,vfm_unitario,vfm_total,vfm_entregado) VALUES (6086,990025,1,1100,1100,@@@NO@@@)','',2,'2013-07-24'),(42166,'UPDATE mae_productos SET pro_codigo_barra=@@@386@@@,pro_tipo=@@@0@@@,pro_nombre_producto=@@@QUESO LAMINADO@@@,pro_nombre_corto=@@@QUESO LAMINADO@@@,med_id=@@@1@@@,emb_id=@@@1@@@,pro_unidades_embalaje=@@@1@@@,dep_id=@@@13 @@@,lin_id=@@@81@@@,mar_id=@@@2507@@@,pro_precio_compra_neto=@@@0@@@,pro_precio_compra_bruto=@@@3605.5@@@,pro_precio_venta=@@@5990@@@,pro_margen_actual=@@@66.14@@@,pro_oferta=@@@NO@@@,pro_fecha_inicio_oferta=@@@1900.01.01@@@,pro_fecha_termino_oferta=@@@1900.01.01@@@,pro_precio_oferta=@@@0@@@,pro_stock_minimo=@@@10@@@,pro_stock_critico=@@@5@@@,pro_activo=@@@1@@@,pro_unidad=@@@1@@@,pro_precio_compra_bruto=3605.5,pro_margen_actual=66.14,pro_capacidad=1,pro_funcion_plu=1,pro_flejes=0,pro_iva=1,pro_plu_asociado=0,pro_envase=@@@NO@@@,pro_duracion=0,pro_numero_etiqueta=1 WHERE pro_codigo_plu=@@@386@@@','',2,'2013-07-24'),(42167,'UPDATE mae_productos SET pro_estado=1 WHERE pro_codigo_plu=386','',2,'2013-07-24'),(42168,'DELETE FROM mae_impuestos_productos WHERE pro_codigo_plu=@@@386@@@','',2,'2013-07-24'),(42169,'INSERT INTO gne_vale_ferreteria (vfe_id,vfe_fecha,vfe_total,vfe_estado,vfe_entregado,usu_nusuario) VALUES (6087,@@@2013.07.24@@@,300,1,0,@@@m_martinez@@@)','',2,'2013-07-24'),(42170,'INSERT INTO gne_vale_ferreteria_mov (vfe_id,pro_codigo_plu,vfm_cantidad,vfm_unitario,vfm_total,vfm_entregado) VALUES (6087,764832,1,150,150,@@@NO@@@)','',2,'2013-07-24'),(42171,'INSERT INTO gne_vale_ferreteria_mov (vfe_id,pro_codigo_plu,vfm_cantidad,vfm_unitario,vfm_total,vfm_entregado) VALUES (6087,21136,1,150,150,@@@NO@@@)','',2,'2013-07-24'),(42172,'INSERT INTO gne_vale_ferreteria (vfe_id,vfe_fecha,vfe_total,vfe_estado,vfe_entregado,usu_nusuario) VALUES (6088,@@@2013.07.24@@@,140,1,0,@@@m_martinez@@@)','',2,'2013-07-24'),(42173,'INSERT INTO gne_vale_ferreteria_mov (vfe_id,pro_codigo_plu,vfm_cantidad,vfm_unitario,vfm_total,vfm_entregado) VALUES (6088,770088,2,70,140,@@@NO@@@)','',2,'2013-07-24'),(42174,'UPDATE mae_productos SET pro_codigo_barra=@@@764995@@@,pro_tipo=@@@0@@@,pro_nombre_producto=@@@BOLSA DE PAPEL PARA REGALO X1 GRANDE C/DISEÑO@@@,pro_nombre_corto=@@@BOLSA DE PAPEL P@@@,med_id=@@@1@@@,emb_id=@@@3@@@,pro_unidades_embalaje=@@@0@@@,dep_id=@@@24 @@@,lin_id=@@@137@@@,mar_id=@@@2507@@@,pro_precio_compra_neto=@@@0@@@,pro_precio_compra_bruto=@@@0@@@,pro_precio_venta=@@@550@@@,pro_margen_actual=@@@0@@@,pro_oferta=@@@NO@@@,pro_fecha_inicio_oferta=@@@2013.05.07@@@,pro_fecha_termino_oferta=@@@2013.05.07@@@,pro_precio_oferta=@@@0@@@,pro_stock_minimo=@@@0@@@,pro_stock_critico=@@@0@@@,pro_activo=@@@1@@@,pro_unidad=@@@0@@@,pro_precio_compra_bruto=0,pro_margen_actual=0,pro_capacidad=1,pro_funcion_plu=0,pro_flejes=1,pro_iva=1,pro_plu_asociado=0,pro_envase=@@@NO@@@,pro_duracion=0,pro_numero_etiqueta=0 WHERE pro_codigo_plu=@@@764995@@@','',2,'2013-07-24'),(42175,'UPDATE mae_productos SET pro_estado=1 WHERE pro_codigo_plu=764995','',2,'2013-07-24'),(42176,'DELETE FROM mae_impuestos_productos WHERE pro_codigo_plu=@@@764995@@@','',2,'2013-07-24'),(42177,'INSERT INTO gne_vale_ferreteria (vfe_id,vfe_fecha,vfe_total,vfe_estado,vfe_entregado,usu_nusuario) VALUES (6089,@@@2013.07.24@@@,4330,1,0,@@@m_martinez@@@)','',2,'2013-07-24'),(42178,'INSERT INTO gne_vale_ferreteria_mov (vfe_id,pro_codigo_plu,vfm_cantidad,vfm_unitario,vfm_total,vfm_entregado) VALUES (6089,764995,1,550,550,@@@NO@@@)','',2,'2013-07-24'),(42179,'INSERT INTO gne_vale_ferreteria_mov (vfe_id,pro_codigo_plu,vfm_cantidad,vfm_unitario,vfm_total,vfm_entregado) VALUES (6089,764949,1,1890,1890,@@@NO@@@)','',2,'2013-07-24'),(42180,'INSERT INTO gne_vale_ferreteria_mov (vfe_id,pro_codigo_plu,vfm_cantidad,vfm_unitario,vfm_total,vfm_entregado) VALUES (6089,764948,1,1890,1890,@@@NO@@@)','',2,'2013-07-24'),(42181,'INSERT INTO gne_vale_ferreteria (vfe_id,vfe_fecha,vfe_total,vfe_estado,vfe_entregado,usu_nusuario) VALUES (6090,@@@2013.07.24@@@,40,1,0,@@@m_martinez@@@)','',2,'2013-07-24'),(42182,'INSERT INTO gne_vale_ferreteria_mov (vfe_id,pro_codigo_plu,vfm_cantidad,vfm_unitario,vfm_total,vfm_entregado) VALUES (6090,78017191,1,40,40,@@@NO@@@)','',2,'2013-07-24'),(42183,'INSERT INTO gne_vale_ferreteria (vfe_id,vfe_fecha,vfe_total,vfe_estado,vfe_entregado,usu_nusuario) VALUES (6091,@@@2013.07.24@@@,1890,1,0,@@@m_martinez@@@)','',2,'2013-07-24'),(42184,'INSERT INTO gne_vale_ferreteria_mov (vfe_id,pro_codigo_plu,vfm_cantidad,vfm_unitario,vfm_total,vfm_entregado) VALUES (6091,101848,1,1890,1890,@@@NO@@@)','',2,'2013-07-24'),(42185,'INSERT INTO gne_vale_ferreteria (vfe_id,vfe_fecha,vfe_total,vfe_estado,vfe_entregado,usu_nusuario) VALUES (6092,@@@2013.07.24@@@,1489,1,0,@@@m_martinez@@@)','',2,'2013-07-24'),(42186,'INSERT INTO gne_vale_ferreteria_mov (vfe_id,pro_codigo_plu,vfm_cantidad,vfm_unitario,vfm_total,vfm_entregado) VALUES (6092,780721267,1,550,550,@@@NO@@@)','',2,'2013-07-24'),(42187,'INSERT INTO gne_vale_ferreteria_mov (vfe_id,pro_codigo_plu,vfm_cantidad,vfm_unitario,vfm_total,vfm_entregado) VALUES (6092,763722,1,399,399,@@@NO@@@)','',2,'2013-07-24'),(42188,'INSERT INTO gne_vale_ferreteria_mov (vfe_id,pro_codigo_plu,vfm_cantidad,vfm_unitario,vfm_total,vfm_entregado) VALUES (6092,19916,1,540,540,@@@NO@@@)','',2,'2013-07-24'),(42189,'INSERT INTO gne_vale_ferreteria (vfe_id,vfe_fecha,vfe_total,vfe_estado,vfe_entregado,usu_nusuario) VALUES (6093,@@@2013.07.24@@@,80,1,0,@@@m_martinez@@@)','',2,'2013-07-24'),(42190,'INSERT INTO gne_vale_ferreteria_mov (vfe_id,pro_codigo_plu,vfm_cantidad,vfm_unitario,vfm_total,vfm_entregado) VALUES (6093,78017191,2,40,80,@@@NO@@@)','',2,'2013-07-24'),(42191,'INSERT INTO gne_vale_ferreteria (vfe_id,vfe_fecha,vfe_total,vfe_estado,vfe_entregado,usu_nusuario) VALUES (6094,@@@2013.07.24@@@,1690,1,0,@@@m_martinez@@@)','',2,'2013-07-24'),(42192,'INSERT INTO gne_vale_ferreteria_mov (vfe_id,pro_codigo_plu,vfm_cantidad,vfm_unitario,vfm_total,vfm_entregado) VALUES (6094,764728,1,1690,1690,@@@NO@@@)','',2,'2013-07-24'),(42193,'INSERT INTO gne_vale_ferreteria (vfe_id,vfe_fecha,vfe_total,vfe_estado,vfe_entregado,usu_nusuario) VALUES (6095,@@@2013.07.24@@@,320,1,0,@@@m_martinez@@@)','',2,'2013-07-24'),(42194,'INSERT INTO gne_vale_ferreteria_mov (vfe_id,pro_codigo_plu,vfm_cantidad,vfm_unitario,vfm_total,vfm_entregado) VALUES (6095,764823,4,80,320,@@@NO@@@)','',2,'2013-07-24'),(42195,'INSERT INTO gne_vale_ferreteria (vfe_id,vfe_fecha,vfe_total,vfe_estado,vfe_entregado,usu_nusuario) VALUES (6096,@@@2013.07.24@@@,590,1,0,@@@m_martinez@@@)','',2,'2013-07-24'),(42196,'INSERT INTO gne_vale_ferreteria_mov (vfe_id,pro_codigo_plu,vfm_cantidad,vfm_unitario,vfm_total,vfm_entregado) VALUES (6096,764590,1,590,590,@@@NO@@@)','',2,'2013-07-24'),(42197,'INSERT INTO gne_vale_ferreteria (vfe_id,vfe_fecha,vfe_total,vfe_estado,vfe_entregado,usu_nusuario) VALUES (6097,@@@2013.07.24@@@,4770,1,0,@@@m_martinez@@@)','',2,'2013-07-24'),(42198,'INSERT INTO gne_vale_ferreteria_mov (vfe_id,pro_codigo_plu,vfm_cantidad,vfm_unitario,vfm_total,vfm_entregado) VALUES (6097,20521,1,2190,2190,@@@NO@@@)','',2,'2013-07-24'),(42199,'INSERT INTO gne_vale_ferreteria_mov (vfe_id,pro_codigo_plu,vfm_cantidad,vfm_unitario,vfm_total,vfm_entregado) VALUES (6097,102715,1,2290,2290,@@@NO@@@)','',2,'2013-07-24'),(42200,'INSERT INTO gne_vale_ferreteria_mov (vfe_id,pro_codigo_plu,vfm_cantidad,vfm_unitario,vfm_total,vfm_entregado) VALUES (6097,3103,1,290,290,@@@NO@@@)','',2,'2013-07-24'),(42201,'INSERT INTO gne_vale_ferreteria (vfe_id,vfe_fecha,vfe_total,vfe_estado,vfe_entregado,usu_nusuario) VALUES (6098,@@@2013.07.24@@@,2290,1,0,@@@m_martinez@@@)','',2,'2013-07-24'),(42202,'INSERT INTO gne_vale_ferreteria_mov (vfe_id,pro_codigo_plu,vfm_cantidad,vfm_unitario,vfm_total,vfm_entregado) VALUES (6098,19916,1,540,540,@@@NO@@@)','',2,'2013-07-24'),(42203,'INSERT INTO gne_vale_ferreteria_mov (vfe_id,pro_codigo_plu,vfm_cantidad,vfm_unitario,vfm_total,vfm_entregado) VALUES (6098,761650,1,1750,1750,@@@NO@@@)','',2,'2013-07-24'),(42204,'INSERT INTO mae_productos (pro_codigo_plu,pro_codigo_barra,pro_tipo,pro_nombre_producto,pro_nombre_corto,med_id,emb_id,pro_unidades_embalaje,dep_id,lin_id,mar_id,pro_precio_compra_neto,pro_precio_compra_bruto,pro_precio_venta,pro_margen_actual,pro_oferta,pro_fecha_inicio_oferta,pro_fecha_termino_oferta,pro_precio_oferta,pro_stock_minimo,pro_stock_critico,pro_entradas_bodega,pro_salidas_bodega,pro_mermas_bodega,pro_ajustes_bodega,pro_entradas_sv,pro_salidas_sv,pro_mermas_sv,pro_ajustes_sv,pro_activo,rec_numero,pro_unidad,pro_capacidad,pro_consumo_bodega,pro_consumo_sv,pro_estado,pro_funcion_plu,pro_flejes,pro_iva,pro_plu_asociado,pro_envase,pro_duracion,pro_numero_etiqueta) VALUES (780721404,@@@9040004@@@,@@@0@@@,@@@MNATEQUILLA BIOLECHE CON SAL 125 G@@@,@@@MNATEQUILLA BIOL@@@,@@@5 @@@,@@@6 @@@,@@@24@@@,@@@1 @@@,@@@20@@@,@@@2679@@@,@@@0@@@,@@@379.61@@@,@@@1@@@,@@@-99.74@@@,@@@@@@,@@@2006.09.07@@@,@@@2006.09.07@@@,@@@0@@@,@@@12@@@,@@@4@@@,@@@0@@@,@@@0@@@,@@@0@@@,@@@0@@@,@@@0@@@,@@@0@@@,@@@0@@@,@@@0@@@,@@@1@@@,@@@0@@@,0,125,0,0,2,0,1,1,0,@@@NO@@@,0,0)','',2,'2013-07-24'),(42205,'DELETE FROM mae_impuestos_productos WHERE pro_codigo_plu=@@@780721404@@@','',2,'2013-07-24'),(42206,'INSERT INTO gne_vale_ferreteria (vfe_id,vfe_fecha,vfe_total,vfe_estado,vfe_entregado,usu_nusuario) VALUES (6099,@@@2013.07.24@@@,300,1,0,@@@m_martinez@@@)','',2,'2013-07-24'),(42207,'INSERT INTO gne_vale_ferreteria_mov (vfe_id,pro_codigo_plu,vfm_cantidad,vfm_unitario,vfm_total,vfm_entregado) VALUES (6099,780220094,1,300,300,@@@NO@@@)','',2,'2013-07-24'),(42208,'INSERT INTO gne_vale_ferreteria (vfe_id,vfe_fecha,vfe_total,vfe_estado,vfe_entregado,usu_nusuario) VALUES (6100,@@@2013.07.24@@@,80,1,0,@@@m_martinez@@@)','',2,'2013-07-24'),(42209,'INSERT INTO gne_vale_ferreteria_mov (vfe_id,pro_codigo_plu,vfm_cantidad,vfm_unitario,vfm_total,vfm_entregado) VALUES (6100,78017191,2,40,80,@@@NO@@@)','',2,'2013-07-24'),(42210,'UPDATE mae_productos SET pro_codigo_barra=@@@9040004@@@,pro_tipo=@@@0@@@,pro_nombre_producto=@@@MANTEQUILLA BIOLECHE CON SAL 125 G@@@,pro_nombre_corto=@@@MNATEQUILLA BIOL@@@,med_id=@@@5@@@,emb_id=@@@6@@@,pro_unidades_embalaje=@@@24@@@,dep_id=@@@1 @@@,lin_id=@@@20@@@,mar_id=@@@2679@@@,pro_precio_compra_neto=@@@0@@@,pro_precio_compra_bruto=@@@379.61@@@,pro_precio_venta=@@@1@@@,pro_margen_actual=@@@-99.74@@@,pro_oferta=@@@NO@@@,pro_fecha_inicio_oferta=@@@2006.09.07@@@,pro_fecha_termino_oferta=@@@2006.09.07@@@,pro_precio_oferta=@@@0@@@,pro_stock_minimo=@@@12@@@,pro_stock_critico=@@@4@@@,pro_activo=@@@1@@@,pro_unidad=@@@0@@@,pro_precio_compra_bruto=379.61,pro_margen_actual=-99.74,pro_capacidad=125,pro_funcion_plu=0,pro_flejes=1,pro_iva=1,pro_plu_asociado=0,pro_envase=@@@NO@@@,pro_duracion=0,pro_numero_etiqueta=0 WHERE pro_codigo_plu=@@@780721404@@@','',2,'2013-07-24'),(42211,'UPDATE mae_productos SET pro_estado=1 WHERE pro_codigo_plu=780721404','',2,'2013-07-24'),(42212,'DELETE FROM mae_impuestos_productos WHERE pro_codigo_plu=@@@780721404@@@','',2,'2013-07-24'),(42213,'INSERT INTO mae_productos (pro_codigo_plu,pro_codigo_barra,pro_tipo,pro_nombre_producto,pro_nombre_corto,med_id,emb_id,pro_unidades_embalaje,dep_id,lin_id,mar_id,pro_precio_compra_neto,pro_precio_compra_bruto,pro_precio_venta,pro_margen_actual,pro_oferta,pro_fecha_inicio_oferta,pro_fecha_termino_oferta,pro_precio_oferta,pro_stock_minimo,pro_stock_critico,pro_entradas_bodega,pro_salidas_bodega,pro_mermas_bodega,pro_ajustes_bodega,pro_entradas_sv,pro_salidas_sv,pro_mermas_sv,pro_ajustes_sv,pro_activo,rec_numero,pro_unidad,pro_capacidad,pro_consumo_bodega,pro_consumo_sv,pro_estado,pro_funcion_plu,pro_flejes,pro_iva,pro_plu_asociado,pro_envase,pro_duracion,pro_numero_etiqueta) VALUES (780721405,@@@7808773250010@@@,@@@0@@@,@@@QUESILLO BIOLECHE 500G@@@,@@@QUESILLO BIOLECH@@@,@@@5 @@@,@@@6 @@@,@@@20@@@,@@@13 @@@,@@@226@@@,@@@2679@@@,@@@0@@@,@@@949.9@@@,@@@1@@@,@@@-99.89@@@,@@@@@@,@@@2006.09.07@@@,@@@2006.09.07@@@,@@@0@@@,@@@12@@@,@@@4@@@,@@@0@@@,@@@0@@@,@@@0@@@,@@@0@@@,@@@0@@@,@@@0@@@,@@@0@@@,@@@0@@@,@@@1@@@,@@@0@@@,0,500,0,0,2,0,1,1,0,@@@NO@@@,0,0)','',2,'2013-07-24'),(42214,'DELETE FROM mae_impuestos_productos WHERE pro_codigo_plu=@@@780721405@@@','',2,'2013-07-24'),(42215,'INSERT INTO gne_vale_ferreteria (vfe_id,vfe_fecha,vfe_total,vfe_estado,vfe_entregado,usu_nusuario) VALUES (6101,@@@2013.07.24@@@,720,1,0,@@@m_martinez@@@)','',2,'2013-07-24'),(42216,'INSERT INTO gne_vale_ferreteria_mov (vfe_id,pro_codigo_plu,vfm_cantidad,vfm_unitario,vfm_total,vfm_entregado) VALUES (6101,763934,1,720,720,@@@NO@@@)','',2,'2013-07-24'),(42217,'INSERT INTO mae_productos (pro_codigo_plu,pro_codigo_barra,pro_tipo,pro_nombre_producto,pro_nombre_corto,med_id,emb_id,pro_unidades_embalaje,dep_id,lin_id,mar_id,pro_precio_compra_neto,pro_precio_compra_bruto,pro_precio_venta,pro_margen_actual,pro_oferta,pro_fecha_inicio_oferta,pro_fecha_termino_oferta,pro_precio_oferta,pro_stock_minimo,pro_stock_critico,pro_entradas_bodega,pro_salidas_bodega,pro_mermas_bodega,pro_ajustes_bodega,pro_entradas_sv,pro_salidas_sv,pro_mermas_sv,pro_ajustes_sv,pro_activo,rec_numero,pro_unidad,pro_capacidad,pro_consumo_bodega,pro_consumo_sv,pro_estado,pro_funcion_plu,pro_flejes,pro_iva,pro_plu_asociado,pro_envase,pro_duracion,pro_numero_etiqueta) VALUES (780721406,@@@408@@@,@@@0@@@,@@@QUESO GOUDA LAMINADO BIOLECHE KG@@@,@@@QUESO GOUDA LAMI@@@,@@@2 @@@,@@@6 @@@,@@@8@@@,@@@13 @@@,@@@81@@@,@@@2679@@@,@@@0@@@,@@@3653.3@@@,@@@1@@@,@@@-99.97@@@,@@@@@@,@@@2006.09.07@@@,@@@2006.09.07@@@,@@@0@@@,@@@4@@@,@@@1@@@,@@@0@@@,@@@0@@@,@@@0@@@,@@@0@@@,@@@0@@@,@@@0@@@,@@@0@@@,@@@0@@@,@@@1@@@,@@@0@@@,0,1,0,0,2,0,1,1,0,@@@NO@@@,0,0)','',2,'2013-07-24'),(42218,'DELETE FROM mae_impuestos_productos WHERE pro_codigo_plu=@@@780721406@@@','',2,'2013-07-24'),(42219,'INSERT INTO mae_productos (pro_codigo_plu,pro_codigo_barra,pro_tipo,pro_nombre_producto,pro_nombre_corto,med_id,emb_id,pro_unidades_embalaje,dep_id,lin_id,mar_id,pro_precio_compra_neto,pro_precio_compra_bruto,pro_precio_venta,pro_margen_actual,pro_oferta,pro_fecha_inicio_oferta,pro_fecha_termino_oferta,pro_precio_oferta,pro_stock_minimo,pro_stock_critico,pro_entradas_bodega,pro_salidas_bodega,pro_mermas_bodega,pro_ajustes_bodega,pro_entradas_sv,pro_salidas_sv,pro_mermas_sv,pro_ajustes_sv,pro_activo,rec_numero,pro_unidad,pro_capacidad,pro_consumo_bodega,pro_consumo_sv,pro_estado,pro_funcion_plu,pro_flejes,pro_iva,pro_plu_asociado,pro_envase,pro_duracion,pro_numero_etiqueta) VALUES (780721407,@@@409@@@,@@@0@@@,@@@QUESO MANTECOSO  LAMINADO BIOLECHE KG@@@,@@@QUESO MANTECOSO @@@,@@@2 @@@,@@@6 @@@,@@@8@@@,@@@13 @@@,@@@81@@@,@@@2679@@@,@@@0@@@,@@@3819.9@@@,@@@1@@@,@@@-99.97@@@,@@@@@@,@@@2006.09.07@@@,@@@2006.09.07@@@,@@@0@@@,@@@8@@@,@@@1@@@,@@@0@@@,@@@0@@@,@@@0@@@,@@@0@@@,@@@0@@@,@@@0@@@,@@@0@@@,@@@0@@@,@@@1@@@,@@@0@@@,0,1,0,0,2,0,1,1,0,@@@NO@@@,0,0)','',2,'2013-07-24'),(42220,'DELETE FROM mae_impuestos_productos WHERE pro_codigo_plu=@@@780721407@@@','',2,'2013-07-24'),(42221,'INSERT INTO gne_vale_ferreteria (vfe_id,vfe_fecha,vfe_total,vfe_estado,vfe_entregado,usu_nusuario) VALUES (6102,@@@2013.07.24@@@,650,1,0,@@@m_martinez@@@)','',2,'2013-07-24'),(42222,'INSERT INTO gne_vale_ferreteria_mov (vfe_id,pro_codigo_plu,vfm_cantidad,vfm_unitario,vfm_total,vfm_entregado) VALUES (6102,780721142,1,650,650,@@@NO@@@)','',2,'2013-07-24'),(42223,'INSERT INTO gne_vale_ferreteria (vfe_id,vfe_fecha,vfe_total,vfe_estado,vfe_entregado,usu_nusuario) VALUES (6103,@@@2013.07.24@@@,550,1,0,@@@m_martinez@@@)','',2,'2013-07-24'),(42224,'INSERT INTO gne_vale_ferreteria_mov (vfe_id,pro_codigo_plu,vfm_cantidad,vfm_unitario,vfm_total,vfm_entregado) VALUES (6103,780721253,1,550,550,@@@NO@@@)','',2,'2013-07-24'),(42225,'INSERT INTO mae_productos (pro_codigo_plu,pro_codigo_barra,pro_tipo,pro_nombre_producto,pro_nombre_corto,med_id,emb_id,pro_unidades_embalaje,dep_id,lin_id,mar_id,pro_precio_compra_neto,pro_precio_compra_bruto,pro_precio_venta,pro_margen_actual,pro_oferta,pro_fecha_inicio_oferta,pro_fecha_termino_oferta,pro_precio_oferta,pro_stock_minimo,pro_stock_critico,pro_entradas_bodega,pro_salidas_bodega,pro_mermas_bodega,pro_ajustes_bodega,pro_entradas_sv,pro_salidas_sv,pro_mermas_sv,pro_ajustes_sv,pro_activo,rec_numero,pro_unidad,pro_capacidad,pro_consumo_bodega,pro_consumo_sv,pro_estado,pro_funcion_plu,pro_flejes,pro_iva,pro_plu_asociado,pro_envase,pro_duracion,pro_numero_etiqueta) VALUES (780721408,@@@410@@@,@@@0@@@,@@@QUESO MANTECOSO TROZO BIOLECHE KG@@@,@@@QUESO MANTECOSO @@@,@@@2 @@@,@@@6 @@@,@@@2@@@,@@@13 @@@,@@@81@@@,@@@2679@@@,@@@0@@@,@@@3522.4@@@,@@@1@@@,@@@-99.97@@@,@@@@@@,@@@2006.09.07@@@,@@@2006.09.07@@@,@@@0@@@,@@@2@@@,@@@1@@@,@@@0@@@,@@@0@@@,@@@0@@@,@@@0@@@,@@@0@@@,@@@0@@@,@@@0@@@,@@@0@@@,@@@1@@@,@@@0@@@,0,3.19,0,0,2,0,1,1,0,@@@NO@@@,0,0)','',2,'2013-07-24'),(42226,'DELETE FROM mae_impuestos_productos WHERE pro_codigo_plu=@@@780721408@@@','',2,'2013-07-24'),(42227,'UPDATE mae_productos SET pro_codigo_barra=@@@410@@@,pro_tipo=@@@0@@@,pro_nombre_producto=@@@QUESO MANTECOSO TROZO BIOLECHE KG@@@,pro_nombre_corto=@@@QUESO MANTECOSO@@@,med_id=@@@2@@@,emb_id=@@@6@@@,pro_unidades_embalaje=@@@2@@@,dep_id=@@@13 @@@,lin_id=@@@81@@@,mar_id=@@@2679@@@,pro_precio_compra_neto=@@@0@@@,pro_precio_compra_bruto=@@@3522.4@@@,pro_precio_venta=@@@1@@@,pro_margen_actual=@@@-99.97@@@,pro_oferta=@@@NO@@@,pro_fecha_inicio_oferta=@@@2006.09.07@@@,pro_fecha_termino_oferta=@@@2006.09.07@@@,pro_precio_oferta=@@@0@@@,pro_stock_minimo=@@@2@@@,pro_stock_critico=@@@1@@@,pro_activo=@@@1@@@,pro_unidad=@@@1@@@,pro_precio_compra_bruto=3522.4,pro_margen_actual=-99.97,pro_capacidad=3.19,pro_funcion_plu=1,pro_flejes=1,pro_iva=1,pro_plu_asociado=0,pro_envase=@@@NO@@@,pro_duracion=0,pro_numero_etiqueta=1 WHERE pro_codigo_plu=@@@780721408@@@','',2,'2013-07-24'),(42228,'UPDATE mae_productos SET pro_estado=1 WHERE pro_codigo_plu=780721408','',2,'2013-07-24'),(42229,'DELETE FROM mae_impuestos_productos WHERE pro_codigo_plu=@@@780721408@@@','',2,'2013-07-24'),(42230,'INSERT INTO gne_vale_ferreteria (vfe_id,vfe_fecha,vfe_total,vfe_estado,vfe_entregado,usu_nusuario) VALUES (6104,@@@2013.07.24@@@,90,1,0,@@@m_martinez@@@)','',2,'2013-07-24'),(42231,'INSERT INTO gne_vale_ferreteria_mov (vfe_id,pro_codigo_plu,vfm_cantidad,vfm_unitario,vfm_total,vfm_entregado) VALUES (6104,770032,1,50,50,@@@NO@@@)','',2,'2013-07-24'),(42232,'INSERT INTO gne_vale_ferreteria_mov (vfe_id,pro_codigo_plu,vfm_cantidad,vfm_unitario,vfm_total,vfm_entregado) VALUES (6104,78017191,1,40,40,@@@NO@@@)','',2,'2013-07-24'),(42233,'UPDATE mae_productos SET pro_precio_venta=440,pro_margen_actual=36.94, pro_precio_compra_bruto=321.3, pro_precio_compra_neto=270 WHERE pro_codigo_plu=763343','',2,'2013-07-24'),(42234,'UPDATE mae_productos SET pro_precio_venta=309,pro_margen_actual=36.12, pro_precio_compra_bruto=227, pro_precio_compra_neto=190.756302521008 WHERE pro_codigo_plu=17056','',2,'2013-07-24'),(42235,'UPDATE mae_productos SET pro_precio_venta=310,pro_margen_actual=37.78, pro_precio_compra_bruto=225, pro_precio_compra_neto=189.075630252101 WHERE pro_codigo_plu=16529','',2,'2013-07-24'),(42236,'UPDATE mae_productos SET pro_precio_venta=460,pro_margen_actual=35.69, pro_precio_compra_bruto=339, pro_precio_compra_neto=284.873949579832 WHERE pro_codigo_plu=780721400','',2,'2013-07-24'),(42237,'UPDATE mae_productos SET pro_precio_venta=550,pro_margen_actual=33.5, pro_precio_compra_bruto=412, pro_precio_compra_neto=346.218487394958 WHERE pro_codigo_plu=18222','',2,'2013-07-24'),(42238,'UPDATE mae_productos SET pro_precio_venta=550,pro_margen_actual=33.5, pro_precio_compra_bruto=412, pro_precio_compra_neto=346.218487394958 WHERE pro_codigo_plu=18223','',2,'2013-07-24'),(42239,'UPDATE mae_productos SET pro_precio_venta=550,pro_margen_actual=33.5, pro_precio_compra_bruto=412, pro_precio_compra_neto=346.218487394958 WHERE pro_codigo_plu=18225','',2,'2013-07-24'),(42240,'UPDATE mae_productos SET pro_precio_venta=550,pro_margen_actual=33.5, pro_precio_compra_bruto=412, pro_precio_compra_neto=346.218487394958 WHERE pro_codigo_plu=18224','',2,'2013-07-24'),(42241,'UPDATE mae_productos SET pro_precio_venta=750,pro_margen_actual=31.35, pro_precio_compra_bruto=571, pro_precio_compra_neto=479.831932773109 WHERE pro_codigo_plu=15986','',2,'2013-07-24'),(42242,'UPDATE mae_productos SET pro_precio_venta=299,pro_margen_actual=32.89, pro_precio_compra_bruto=225, pro_precio_compra_neto=189.075630252101 WHERE pro_codigo_plu=16526','',2,'2013-07-24'),(42243,'UPDATE mae_productos SET pro_precio_venta=299,pro_margen_actual=32.89, pro_precio_compra_bruto=225, pro_precio_compra_neto=189.075630252101 WHERE pro_codigo_plu=16531','',2,'2013-07-24'),(42244,'UPDATE mae_productos SET pro_precio_venta=299,pro_margen_actual=32.89, pro_precio_compra_bruto=225, pro_precio_compra_neto=189.075630252101 WHERE pro_codigo_plu=16524','',2,'2013-07-24'),(42245,'UPDATE mae_productos SET pro_precio_venta=299,pro_margen_actual=32.89, pro_precio_compra_bruto=225, pro_precio_compra_neto=189.075630252101 WHERE pro_codigo_plu=16532','',2,'2013-07-24'),(42246,'UPDATE mae_productos SET pro_precio_venta=440,pro_margen_actual=36.94, pro_precio_compra_bruto=321.3, pro_precio_compra_neto=270 WHERE pro_codigo_plu=780721285','',2,'2013-07-24'),(42247,'UPDATE mae_productos SET pro_precio_venta=1290,pro_margen_actual=34.38, pro_precio_compra_bruto=960, pro_precio_compra_neto=806.72268907563 WHERE pro_codigo_plu=780721403','',2,'2013-07-24'),(42248,'UPDATE mae_productos SET pro_margen_actual=0,pro_precio_venta=550 WHERE pro_codigo_plu=764995','',2,'2013-07-24'),(42249,'UPDATE mae_productos SET pro_margen_actual=42.32,pro_precio_venta=380 WHERE pro_codigo_plu=780721401','',2,'2013-07-24'),(42250,'UPDATE mae_productos SET pro_margen_actual=-99.71,pro_precio_venta=1 WHERE pro_codigo_plu=780721400','',2,'2013-07-24'),(42251,'UPDATE mae_productos SET pro_margen_actual=-99.74,pro_precio_venta=1 WHERE pro_codigo_plu=780721404','',2,'2013-07-24'),(42252,'UPDATE mae_productos SET pro_margen_actual=27.08,pro_precio_venta=1220 WHERE pro_codigo_plu=780721403','',2,'2013-07-24'),(42253,'UPDATE mae_productos SET pro_margen_actual=37.44,pro_precio_venta=290 WHERE pro_codigo_plu=780721402','',2,'2013-07-24'),(42254,'UPDATE mae_productos SET pro_margen_actual=-99.89,pro_precio_venta=1 WHERE pro_codigo_plu=780721405','',2,'2013-07-24'),(42255,'UPDATE mae_productos SET pro_margen_actual=-99.97,pro_precio_venta=1 WHERE pro_codigo_plu=780721406','',2,'2013-07-24'),(42256,'UPDATE mae_productos SET pro_margen_actual=66.14,pro_precio_venta=5990 WHERE pro_codigo_plu=386','',2,'2013-07-24'),(42257,'UPDATE mae_productos SET pro_margen_actual=-99.97,pro_precio_venta=1 WHERE pro_codigo_plu=780721407','',2,'2013-07-24'),(42258,'UPDATE mae_productos SET pro_margen_actual=-99.97,pro_precio_venta=1 WHERE pro_codigo_plu=780721408','',2,'2013-07-24'),(42259,'UPDATE mae_productos SET pro_precio_fiscal=pro_precio_venta WHERE pro_codigo_plu=15986','',2,'2013-07-24'),(42260,'UPDATE mae_productos SET pro_precio_fiscal=pro_precio_venta WHERE pro_codigo_plu=16526','',2,'2013-07-24'),(42261,'UPDATE mae_productos SET pro_precio_fiscal=pro_precio_venta WHERE pro_codigo_plu=16531','',2,'2013-07-24'),(42262,'UPDATE mae_productos SET pro_precio_fiscal=pro_precio_venta WHERE pro_codigo_plu=16524','',2,'2013-07-24'),(42263,'UPDATE mae_productos SET pro_precio_fiscal=pro_precio_venta WHERE pro_codigo_plu=16532','',2,'2013-07-24'),(42264,'UPDATE mae_productos SET pro_precio_fiscal=pro_precio_venta WHERE pro_codigo_plu=18222','',2,'2013-07-24'),(42265,'UPDATE mae_productos SET pro_precio_fiscal=pro_precio_venta WHERE pro_codigo_plu=18223','',2,'2013-07-24'),(42266,'UPDATE mae_productos SET pro_precio_fiscal=pro_precio_venta WHERE pro_codigo_plu=18225','',2,'2013-07-24'),(42267,'UPDATE mae_productos SET pro_precio_fiscal=pro_precio_venta WHERE pro_codigo_plu=18224','',2,'2013-07-24'),(42268,'UPDATE mae_productos SET pro_codigo_barra=@@@368@@@,pro_tipo=@@@0@@@,pro_nombre_producto=@@@MORTADELA LISA@@@,pro_nombre_corto=@@@MORTADELA LISA@@@,med_id=@@@1@@@,emb_id=@@@1@@@,pro_unidades_embalaje=@@@1@@@,dep_id=@@@12 @@@,lin_id=@@@71@@@,mar_id=@@@2507@@@,pro_precio_compra_neto=@@@0@@@,pro_precio_compra_bruto=@@@1785@@@,pro_precio_venta=@@@2690@@@,pro_margen_actual=@@@50.7@@@,pro_oferta=@@@NO@@@,pro_fecha_inicio_oferta=@@@1900.01.01@@@,pro_fecha_termino_oferta=@@@1900.01.01@@@,pro_precio_oferta=@@@0@@@,pro_stock_minimo=@@@1@@@,pro_stock_critico=@@@1@@@,pro_activo=@@@1@@@,pro_unidad=@@@1@@@,pro_precio_compra_bruto=1785,pro_margen_actual=50.7,pro_capacidad=1,pro_funcion_plu=1,pro_flejes=0,pro_iva=1,pro_plu_asociado=0,pro_envase=@@@NO@@@,pro_duracion=0,pro_numero_etiqueta=1 WHERE pro_codigo_plu=@@@368@@@','',2,'2013-07-24'),(42269,'UPDATE mae_productos SET pro_estado=1 WHERE pro_codigo_plu=368','',2,'2013-07-24'),(42270,'DELETE FROM mae_impuestos_productos WHERE pro_codigo_plu=@@@368@@@','',2,'2013-07-24'),(42271,'INSERT INTO gne_vale_ferreteria (vfe_id,vfe_fecha,vfe_total,vfe_estado,vfe_entregado,usu_nusuario) VALUES (6105,@@@2013.07.24@@@,550,1,0,@@@m_martinez@@@)','',2,'2013-07-24'),(42272,'INSERT INTO gne_vale_ferreteria_mov (vfe_id,pro_codigo_plu,vfm_cantidad,vfm_unitario,vfm_total,vfm_entregado) VALUES (6105,770034,20,20,400,@@@NO@@@)','',2,'2013-07-24'),(42273,'INSERT INTO gne_vale_ferreteria_mov (vfe_id,pro_codigo_plu,vfm_cantidad,vfm_unitario,vfm_total,vfm_entregado) VALUES (6105,4088,1,150,150,@@@NO@@@)','',2,'2013-07-24'),(42274,'UPDATE mae_productos SET pro_codigo_barra=@@@362@@@,pro_tipo=@@@0@@@,pro_nombre_producto=@@@MORTADELA JAMONADA@@@,pro_nombre_corto=@@@MORTADELA JAMONA@@@,med_id=@@@1@@@,emb_id=@@@1@@@,pro_unidades_embalaje=@@@1@@@,dep_id=@@@12 @@@,lin_id=@@@71@@@,mar_id=@@@2507@@@,pro_precio_compra_neto=@@@0@@@,pro_precio_compra_bruto=@@@0@@@,pro_precio_venta=@@@4950@@@,pro_margen_actual=@@@0@@@,pro_oferta=@@@NO@@@,pro_fecha_inicio_oferta=@@@1900.01.01@@@,pro_fecha_termino_oferta=@@@1900.01.01@@@,pro_precio_oferta=@@@0@@@,pro_stock_minimo=@@@1@@@,pro_stock_critico=@@@1@@@,pro_activo=@@@1@@@,pro_unidad=@@@1@@@,pro_precio_compra_bruto=0,pro_margen_actual=0,pro_capacidad=1,pro_funcion_plu=1,pro_flejes=0,pro_iva=1,pro_plu_asociado=0,pro_envase=@@@NO@@@,pro_duracion=0,pro_numero_etiqueta=1 WHERE pro_codigo_plu=@@@362@@@','',2,'2013-07-24'),(42275,'UPDATE mae_productos SET pro_estado=1 WHERE pro_codigo_plu=362','',2,'2013-07-24'),(42276,'DELETE FROM mae_impuestos_productos WHERE pro_codigo_plu=@@@362@@@','',2,'2013-07-24'),(42277,'UPDATE mae_productos SET pro_codigo_barra=@@@211@@@,pro_tipo=@@@0@@@,pro_nombre_producto=@@@LONGANIZA@@@,pro_nombre_corto=@@@LONGANIZA@@@,med_id=@@@2@@@,emb_id=@@@1@@@,pro_unidades_embalaje=@@@1@@@,dep_id=@@@11 @@@,lin_id=@@@70@@@,mar_id=@@@2507@@@,pro_precio_compra_neto=@@@0@@@,pro_precio_compra_bruto=@@@2915.6@@@,pro_precio_venta=@@@4190@@@,pro_margen_actual=@@@43.71@@@,pro_oferta=@@@NO@@@,pro_fecha_inicio_oferta=@@@1900.01.01@@@,pro_fecha_termino_oferta=@@@1900.01.01@@@,pro_precio_oferta=@@@0@@@,pro_stock_minimo=@@@1@@@,pro_stock_critico=@@@1@@@,pro_activo=@@@1@@@,pro_unidad=@@@1@@@,pro_precio_compra_bruto=2915.6,pro_margen_actual=43.71,pro_capacidad=1,pro_funcion_plu=1,pro_flejes=0,pro_iva=1,pro_plu_asociado=0,pro_envase=@@@NO@@@,pro_duracion=0,pro_numero_etiqueta=1 WHERE pro_codigo_plu=@@@211@@@','',2,'2013-07-24'),(42278,'UPDATE mae_productos SET pro_estado=1 WHERE pro_codigo_plu=211','',2,'2013-07-24'),(42279,'DELETE FROM mae_impuestos_productos WHERE pro_codigo_plu=@@@211@@@','',2,'2013-07-24'),(42280,'INSERT INTO gne_vale_ferreteria (vfe_id,vfe_fecha,vfe_total,vfe_estado,vfe_entregado,usu_nusuario) VALUES (6106,@@@2013.07.24@@@,80,1,0,@@@m_martinez@@@)','',2,'2013-07-24'),(42281,'INSERT INTO gne_vale_ferreteria_mov (vfe_id,pro_codigo_plu,vfm_cantidad,vfm_unitario,vfm_total,vfm_entregado) VALUES (6106,78017191,2,40,80,@@@NO@@@)','',2,'2013-07-24'),(42282,'INSERT INTO gne_vale_ferreteria (vfe_id,vfe_fecha,vfe_total,vfe_estado,vfe_entregado,usu_nusuario) VALUES (6107,@@@2013.07.24@@@,240,1,0,@@@m_martinez@@@)','',2,'2013-07-24'),(42283,'INSERT INTO gne_vale_ferreteria_mov (vfe_id,pro_codigo_plu,vfm_cantidad,vfm_unitario,vfm_total,vfm_entregado) VALUES (6107,78017004,2,120,240,@@@NO@@@)','',2,'2013-07-24'),(42284,'UPDATE mae_productos SET pro_codigo_barra=@@@367@@@,pro_tipo=@@@0@@@,pro_nombre_producto=@@@PATE@@@,pro_nombre_corto=@@@PATE@@@,med_id=@@@1@@@,emb_id=@@@1@@@,pro_unidades_embalaje=@@@1@@@,dep_id=@@@12 @@@,lin_id=@@@74@@@,mar_id=@@@2507@@@,pro_precio_compra_neto=@@@0@@@,pro_precio_compra_bruto=@@@0@@@,pro_precio_venta=@@@4250@@@,pro_margen_actual=@@@0@@@,pro_oferta=@@@NO@@@,pro_fecha_inicio_oferta=@@@1900.01.01@@@,pro_fecha_termino_oferta=@@@1900.01.01@@@,pro_precio_oferta=@@@0@@@,pro_stock_minimo=@@@1@@@,pro_stock_critico=@@@1@@@,pro_activo=@@@1@@@,pro_unidad=@@@1@@@,pro_precio_compra_bruto=0,pro_margen_actual=0,pro_capacidad=1,pro_funcion_plu=1,pro_flejes=0,pro_iva=1,pro_plu_asociado=0,pro_envase=@@@NO@@@,pro_duracion=0,pro_numero_etiqueta=1 WHERE pro_codigo_plu=@@@367@@@','',2,'2013-07-24'),(42285,'UPDATE mae_productos SET pro_estado=1 WHERE pro_codigo_plu=367','',2,'2013-07-24'),(42286,'DELETE FROM mae_impuestos_productos WHERE pro_codigo_plu=@@@367@@@','',2,'2013-07-24'),(42287,'INSERT INTO mae_productos (pro_codigo_plu,pro_codigo_barra,pro_tipo,pro_nombre_producto,pro_nombre_corto,med_id,emb_id,pro_unidades_embalaje,dep_id,lin_id,mar_id,pro_precio_compra_neto,pro_precio_compra_bruto,pro_precio_venta,pro_margen_actual,pro_oferta,pro_fecha_inicio_oferta,pro_fecha_termino_oferta,pro_precio_oferta,pro_stock_minimo,pro_stock_critico,pro_entradas_bodega,pro_salidas_bodega,pro_mermas_bodega,pro_ajustes_bodega,pro_entradas_sv,pro_salidas_sv,pro_mermas_sv,pro_ajustes_sv,pro_activo,rec_numero,pro_unidad,pro_capacidad,pro_consumo_bodega,pro_consumo_sv,pro_estado,pro_funcion_plu,pro_flejes,pro_iva,pro_plu_asociado,pro_envase,pro_duracion,pro_numero_etiqueta) VALUES (780721409,@@@7891024316191@@@,@@@0@@@,@@@CEPILLO COLGATE 360° 2X1@@@,@@@CEPILLO COLGATE @@@,@@@1 @@@,@@@9 @@@,@@@1@@@,@@@21 @@@,@@@123@@@,@@@281@@@,@@@0@@@,@@@2037.28@@@,@@@2999@@@,@@@47.21@@@,@@@@@@,@@@2006.09.07@@@,@@@2006.09.07@@@,@@@0@@@,@@@10@@@,@@@5@@@,@@@0@@@,@@@0@@@,@@@0@@@,@@@0@@@,@@@0@@@,@@@0@@@,@@@0@@@,@@@0@@@,@@@1@@@,@@@0@@@,0,2,0,0,2,0,1,1,0,@@@NO@@@,0,0)','',2,'2013-07-24'),(42288,'DELETE FROM mae_impuestos_productos WHERE pro_codigo_plu=@@@780721409@@@','',2,'2013-07-24'),(42289,'INSERT INTO mae_productos (pro_codigo_plu,pro_codigo_barra,pro_tipo,pro_nombre_producto,pro_nombre_corto,med_id,emb_id,pro_unidades_embalaje,dep_id,lin_id,mar_id,pro_precio_compra_neto,pro_precio_compra_bruto,pro_precio_venta,pro_margen_actual,pro_oferta,pro_fecha_inicio_oferta,pro_fecha_termino_oferta,pro_precio_oferta,pro_stock_minimo,pro_stock_critico,pro_entradas_bodega,pro_salidas_bodega,pro_mermas_bodega,pro_ajustes_bodega,pro_entradas_sv,pro_salidas_sv,pro_mermas_sv,pro_ajustes_sv,pro_activo,rec_numero,pro_unidad,pro_capacidad,pro_consumo_bodega,pro_consumo_sv,pro_estado,pro_funcion_plu,pro_flejes,pro_iva,pro_plu_asociado,pro_envase,pro_duracion,pro_numero_etiqueta) VALUES (780721410,@@@7802955008529@@@,@@@0@@@,@@@YOGHURT CALAN DAMASCO 110G@@@,@@@YOGHURT CALAN DA@@@,@@@5 @@@,@@@6 @@@,@@@12@@@,@@@3 @@@,@@@50@@@,@@@1907@@@,@@@0@@@,@@@103.34@@@,@@@1@@@,@@@-99.03@@@,@@@@@@,@@@2006.09.07@@@,@@@2006.09.07@@@,@@@0@@@,@@@12@@@,@@@6@@@,@@@0@@@,@@@0@@@,@@@0@@@,@@@0@@@,@@@0@@@,@@@0@@@,@@@0@@@,@@@0@@@,@@@1@@@,@@@0@@@,0,110,0,0,2,0,1,1,0,@@@NO@@@,0,0)','',2,'2013-07-24'),(42290,'DELETE FROM mae_impuestos_productos WHERE pro_codigo_plu=@@@780721410@@@','',2,'2013-07-24'),(42291,'INSERT INTO gne_vale_ferreteria (vfe_id,vfe_fecha,vfe_total,vfe_estado,vfe_entregado,usu_nusuario) VALUES (6108,@@@2013.07.24@@@,400,1,0,@@@m_martinez@@@)','',2,'2013-07-24'),(42292,'INSERT INTO gne_vale_ferreteria_mov (vfe_id,pro_codigo_plu,vfm_cantidad,vfm_unitario,vfm_total,vfm_entregado) VALUES (6108,78017191,10,40,400,@@@NO@@@)','',2,'2013-07-24'),(42293,'INSERT INTO gne_vale_ferreteria (vfe_id,vfe_fecha,vfe_total,vfe_estado,vfe_entregado,usu_nusuario) VALUES (6109,@@@2013.07.24@@@,900,1,0,@@@m_martinez@@@)','',2,'2013-07-24'),(42294,'INSERT INTO gne_vale_ferreteria_mov (vfe_id,pro_codigo_plu,vfm_cantidad,vfm_unitario,vfm_total,vfm_entregado) VALUES (6109,78017202,2,450,900,@@@NO@@@)','',2,'2013-07-24'),(42295,'INSERT INTO mae_productos (pro_codigo_plu,pro_codigo_barra,pro_tipo,pro_nombre_producto,pro_nombre_corto,med_id,emb_id,pro_unidades_embalaje,dep_id,lin_id,mar_id,pro_precio_compra_neto,pro_precio_compra_bruto,pro_precio_venta,pro_margen_actual,pro_oferta,pro_fecha_inicio_oferta,pro_fecha_termino_oferta,pro_precio_oferta,pro_stock_minimo,pro_stock_critico,pro_entradas_bodega,pro_salidas_bodega,pro_mermas_bodega,pro_ajustes_bodega,pro_entradas_sv,pro_salidas_sv,pro_mermas_sv,pro_ajustes_sv,pro_activo,rec_numero,pro_unidad,pro_capacidad,pro_consumo_bodega,pro_consumo_sv,pro_estado,pro_funcion_plu,pro_flejes,pro_iva,pro_plu_asociado,pro_envase,pro_duracion,pro_numero_etiqueta) VALUES (780721411,@@@7802955008161@@@,@@@0@@@,@@@YOGHURT GRIEGO FRUTILLA 110G@@@,@@@YOGHURT GRIEGO F@@@,@@@5 @@@,@@@6 @@@,@@@4@@@,@@@3 @@@,@@@50@@@,@@@2286@@@,@@@0@@@,@@@261.8@@@,@@@1@@@,@@@-99.62@@@,@@@@@@,@@@2006.09.07@@@,@@@2006.09.07@@@,@@@0@@@,@@@4@@@,@@@2@@@,@@@0@@@,@@@0@@@,@@@0@@@,@@@0@@@,@@@0@@@,@@@0@@@,@@@0@@@,@@@0@@@,@@@1@@@,@@@0@@@,0,110,0,0,2,0,1,1,0,@@@NO@@@,0,0)','',2,'2013-07-24'),(42296,'DELETE FROM mae_impuestos_productos WHERE pro_codigo_plu=@@@780721411@@@','',2,'2013-07-24'),(42297,'INSERT INTO mae_productos (pro_codigo_plu,pro_codigo_barra,pro_tipo,pro_nombre_producto,pro_nombre_corto,med_id,emb_id,pro_unidades_embalaje,dep_id,lin_id,mar_id,pro_precio_compra_neto,pro_precio_compra_bruto,pro_precio_venta,pro_margen_actual,pro_oferta,pro_fecha_inicio_oferta,pro_fecha_termino_oferta,pro_precio_oferta,pro_stock_minimo,pro_stock_critico,pro_entradas_bodega,pro_salidas_bodega,pro_mermas_bodega,pro_ajustes_bodega,pro_entradas_sv,pro_salidas_sv,pro_mermas_sv,pro_ajustes_sv,pro_activo,rec_numero,pro_unidad,pro_capacidad,pro_consumo_bodega,pro_consumo_sv,pro_estado,pro_funcion_plu,pro_flejes,pro_iva,pro_plu_asociado,pro_envase,pro_duracion,pro_numero_etiqueta) VALUES (780721412,@@@7802955008192@@@,@@@0@@@,@@@YOGHURT GRIEGO TROZOS PAPAYA 110 G@@@,@@@YOGHURT GRIEGO T@@@,@@@5 @@@,@@@6 @@@,@@@4@@@,@@@3 @@@,@@@50@@@,@@@2286@@@,@@@0@@@,@@@261.8@@@,@@@1@@@,@@@-99.62@@@,@@@@@@,@@@2006.09.07@@@,@@@2006.09.07@@@,@@@0@@@,@@@4@@@,@@@2@@@,@@@0@@@,@@@0@@@,@@@0@@@,@@@0@@@,@@@0@@@,@@@0@@@,@@@0@@@,@@@0@@@,@@@1@@@,@@@0@@@,0,110,0,0,2,0,1,1,0,@@@NO@@@,0,0)','',2,'2013-07-24'),(42298,'DELETE FROM mae_impuestos_productos WHERE pro_codigo_plu=@@@780721412@@@','',2,'2013-07-24'),(42299,'UPDATE mae_productos SET pro_codigo_barra=@@@5085@@@,pro_tipo=@@@0@@@,pro_nombre_producto=@@@OSO ALCANCIA DE CORAZON@@@,pro_nombre_corto=@@@OSO ALCANCIA DE@@@,med_id=@@@1@@@,emb_id=@@@3@@@,pro_unidades_embalaje=@@@0@@@,dep_id=@@@38 @@@,lin_id=@@@179@@@,mar_id=@@@2507@@@,pro_precio_compra_neto=@@@0@@@,pro_precio_compra_bruto=@@@0@@@,pro_precio_venta=@@@2590@@@,pro_margen_actual=@@@0@@@,pro_oferta=@@@NO@@@,pro_fecha_inicio_oferta=@@@2013.05.13@@@,pro_fecha_termino_oferta=@@@2013.05.13@@@,pro_precio_oferta=@@@0@@@,pro_stock_minimo=@@@0@@@,pro_stock_critico=@@@0@@@,pro_activo=@@@1@@@,pro_unidad=@@@0@@@,pro_precio_compra_bruto=0,pro_margen_actual=0,pro_capacidad=1,pro_funcion_plu=0,pro_flejes=1,pro_iva=1,pro_plu_asociado=0,pro_envase=@@@NO@@@,pro_duracion=0,pro_numero_etiqueta=0 WHERE pro_codigo_plu=@@@78017042@@@','',2,'2013-07-24'),(42300,'UPDATE mae_productos SET pro_estado=1 WHERE pro_codigo_plu=78017042','',2,'2013-07-24'),(42301,'DELETE FROM mae_impuestos_productos WHERE pro_codigo_plu=@@@78017042@@@','',2,'2013-07-24'),(42302,'INSERT INTO gne_vale_ferreteria (vfe_id,vfe_fecha,vfe_total,vfe_estado,vfe_entregado,usu_nusuario) VALUES (6110,@@@2013.07.24@@@,2590,1,0,@@@m_martinez@@@)','',2,'2013-07-24'),(42303,'INSERT INTO gne_vale_ferreteria_mov (vfe_id,pro_codigo_plu,vfm_cantidad,vfm_unitario,vfm_total,vfm_entregado) VALUES (6110,78017042,1,2590,2590,@@@NO@@@)','',2,'2013-07-24'),(42304,'INSERT INTO mae_productos (pro_codigo_plu,pro_codigo_barra,pro_tipo,pro_nombre_producto,pro_nombre_corto,med_id,emb_id,pro_unidades_embalaje,dep_id,lin_id,mar_id,pro_precio_compra_neto,pro_precio_compra_bruto,pro_precio_venta,pro_margen_actual,pro_oferta,pro_fecha_inicio_oferta,pro_fecha_termino_oferta,pro_precio_oferta,pro_stock_minimo,pro_stock_critico,pro_entradas_bodega,pro_salidas_bodega,pro_mermas_bodega,pro_ajustes_bodega,pro_entradas_sv,pro_salidas_sv,pro_mermas_sv,pro_ajustes_sv,pro_activo,rec_numero,pro_unidad,pro_capacidad,pro_consumo_bodega,pro_consumo_sv,pro_estado,pro_funcion_plu,pro_flejes,pro_iva,pro_plu_asociado,pro_envase,pro_duracion,pro_numero_etiqueta) VALUES (780721413,@@@7802955006525@@@,@@@0@@@,@@@YOGHURT GRIEGO TROZOS DURAZNO 110@@@,@@@YOGHURT GRIEGO T@@@,@@@5 @@@,@@@6 @@@,@@@4@@@,@@@3 @@@,@@@50@@@,@@@2286@@@,@@@0@@@,@@@261.8@@@,@@@1@@@,@@@-99.62@@@,@@@@@@,@@@2006.09.07@@@,@@@2006.09.07@@@,@@@0@@@,@@@4@@@,@@@2@@@,@@@0@@@,@@@0@@@,@@@0@@@,@@@0@@@,@@@0@@@,@@@0@@@,@@@0@@@,@@@0@@@,@@@1@@@,@@@0@@@,0,110,0,0,2,0,1,1,0,@@@NO@@@,0,0)','',2,'2013-07-24'),(42305,'DELETE FROM mae_impuestos_productos WHERE pro_codigo_plu=@@@780721413@@@','',2,'2013-07-24'),(42306,'INSERT INTO gne_vale_ferreteria (vfe_id,vfe_fecha,vfe_total,vfe_estado,vfe_entregado,usu_nusuario) VALUES (6111,@@@2013.07.24@@@,80,1,0,@@@m_martinez@@@)','',2,'2013-07-24'),(42307,'INSERT INTO gne_vale_ferreteria_mov (vfe_id,pro_codigo_plu,vfm_cantidad,vfm_unitario,vfm_total,vfm_entregado) VALUES (6111,78017191,2,40,80,@@@NO@@@)','',2,'2013-07-24'),(42308,'INSERT INTO mae_productos (pro_codigo_plu,pro_codigo_barra,pro_tipo,pro_nombre_producto,pro_nombre_corto,med_id,emb_id,pro_unidades_embalaje,dep_id,lin_id,mar_id,pro_precio_compra_neto,pro_precio_compra_bruto,pro_precio_venta,pro_margen_actual,pro_oferta,pro_fecha_inicio_oferta,pro_fecha_termino_oferta,pro_precio_oferta,pro_stock_minimo,pro_stock_critico,pro_entradas_bodega,pro_salidas_bodega,pro_mermas_bodega,pro_ajustes_bodega,pro_entradas_sv,pro_salidas_sv,pro_mermas_sv,pro_ajustes_sv,pro_activo,rec_numero,pro_unidad,pro_capacidad,pro_consumo_bodega,pro_consumo_sv,pro_estado,pro_funcion_plu,pro_flejes,pro_iva,pro_plu_asociado,pro_envase,pro_duracion,pro_numero_etiqueta) VALUES (780721414,@@@7802955008338@@@,@@@0@@@,@@@YOGHURT ACTIVIA CIRUELA 120G@@@,@@@YOGHURT ACTIVIA @@@,@@@5 @@@,@@@6 @@@,@@@8@@@,@@@3 @@@,@@@50@@@,@@@2181@@@,@@@0@@@,@@@217.77@@@,@@@1@@@,@@@-99.54@@@,@@@@@@,@@@2006.09.07@@@,@@@2006.09.07@@@,@@@0@@@,@@@8@@@,@@@4@@@,@@@0@@@,@@@0@@@,@@@0@@@,@@@0@@@,@@@0@@@,@@@0@@@,@@@0@@@,@@@0@@@,@@@1@@@,@@@0@@@,0,120,0,0,2,0,1,1,0,@@@NO@@@,0,0)','',2,'2013-07-24'),(42309,'DELETE FROM mae_impuestos_productos WHERE pro_codigo_plu=@@@780721414@@@','',2,'2013-07-24'),(42310,'INSERT INTO gne_vale_ferreteria (vfe_id,vfe_fecha,vfe_total,vfe_estado,vfe_entregado,usu_nusuario) VALUES (6112,@@@2013.07.24@@@,690,1,0,@@@m_martinez@@@)','',2,'2013-07-24'),(42311,'INSERT INTO gne_vale_ferreteria_mov (vfe_id,pro_codigo_plu,vfm_cantidad,vfm_unitario,vfm_total,vfm_entregado) VALUES (6112,763812,1,690,690,@@@NO@@@)','',2,'2013-07-24'),(42312,'INSERT INTO mae_productos (pro_codigo_plu,pro_codigo_barra,pro_tipo,pro_nombre_producto,pro_nombre_corto,med_id,emb_id,pro_unidades_embalaje,dep_id,lin_id,mar_id,pro_precio_compra_neto,pro_precio_compra_bruto,pro_precio_venta,pro_margen_actual,pro_oferta,pro_fecha_inicio_oferta,pro_fecha_termino_oferta,pro_precio_oferta,pro_stock_minimo,pro_stock_critico,pro_entradas_bodega,pro_salidas_bodega,pro_mermas_bodega,pro_ajustes_bodega,pro_entradas_sv,pro_salidas_sv,pro_mermas_sv,pro_ajustes_sv,pro_activo,rec_numero,pro_unidad,pro_capacidad,pro_consumo_bodega,pro_consumo_sv,pro_estado,pro_funcion_plu,pro_flejes,pro_iva,pro_plu_asociado,pro_envase,pro_duracion,pro_numero_etiqueta) VALUES (780721415,@@@7802955008468@@@,@@@0@@@,@@@YOGHURT ACTIVIA MORA 120 G@@@,@@@YOGHURT ACTIVIA @@@,@@@5 @@@,@@@6 @@@,@@@8@@@,@@@3 @@@,@@@50@@@,@@@2181@@@,@@@0@@@,@@@217.77@@@,@@@1@@@,@@@-99.54@@@,@@@@@@,@@@2006.09.07@@@,@@@2006.09.07@@@,@@@0@@@,@@@8@@@,@@@4@@@,@@@0@@@,@@@0@@@,@@@0@@@,@@@0@@@,@@@0@@@,@@@0@@@,@@@0@@@,@@@0@@@,@@@1@@@,@@@0@@@,0,120,0,0,2,0,1,1,0,@@@NO@@@,0,0)','',2,'2013-07-24'),(42313,'DELETE FROM mae_impuestos_productos WHERE pro_codigo_plu=@@@780721415@@@','',2,'2013-07-24'),(42314,'INSERT INTO mae_productos (pro_codigo_plu,pro_codigo_barra,pro_tipo,pro_nombre_producto,pro_nombre_corto,med_id,emb_id,pro_unidades_embalaje,dep_id,lin_id,mar_id,pro_precio_compra_neto,pro_precio_compra_bruto,pro_precio_venta,pro_margen_actual,pro_oferta,pro_fecha_inicio_oferta,pro_fecha_termino_oferta,pro_precio_oferta,pro_stock_minimo,pro_stock_critico,pro_entradas_bodega,pro_salidas_bodega,pro_mermas_bodega,pro_ajustes_bodega,pro_entradas_sv,pro_salidas_sv,pro_mermas_sv,pro_ajustes_sv,pro_activo,rec_numero,pro_unidad,pro_capacidad,pro_consumo_bodega,pro_consumo_sv,pro_estado,pro_funcion_plu,pro_flejes,pro_iva,pro_plu_asociado,pro_envase,pro_duracion,pro_numero_etiqueta) VALUES (780721416,@@@7802955008765@@@,@@@0@@@,@@@PACK YOGHURT ACTIVIA CIRUELA + FRUTILLA  100G@@@,@@@PACK YOGHURT ACT@@@,@@@5 @@@,@@@6 @@@,@@@4@@@,@@@3 @@@,@@@50@@@,@@@2181@@@,@@@0@@@,@@@1070.1@@@,@@@1@@@,@@@-99.91@@@,@@@@@@,@@@2006.09.07@@@,@@@2006.09.07@@@,@@@0@@@,@@@4@@@,@@@1@@@,@@@0@@@,@@@0@@@,@@@0@@@,@@@0@@@,@@@0@@@,@@@0@@@,@@@0@@@,@@@0@@@,@@@1@@@,@@@0@@@,0,100,0,0,2,0,1,1,0,@@@NO@@@,0,0)','',2,'2013-07-24'),(42315,'DELETE FROM mae_impuestos_productos WHERE pro_codigo_plu=@@@780721416@@@','',2,'2013-07-24'),(42316,'INSERT INTO gne_vale_ferreteria (vfe_id,vfe_fecha,vfe_total,vfe_estado,vfe_entregado,usu_nusuario) VALUES (6113,@@@2013.07.24@@@,80,1,0,@@@m_martinez@@@)','',2,'2013-07-24'),(42317,'INSERT INTO gne_vale_ferreteria_mov (vfe_id,pro_codigo_plu,vfm_cantidad,vfm_unitario,vfm_total,vfm_entregado) VALUES (6113,78017191,2,40,80,@@@NO@@@)','',2,'2013-07-24'),(42318,'INSERT INTO gne_vale_ferreteria (vfe_id,vfe_fecha,vfe_total,vfe_estado,vfe_entregado,usu_nusuario) VALUES (6114,@@@2013.07.24@@@,80,1,0,@@@m_martinez@@@)','',2,'2013-07-24'),(42319,'INSERT INTO gne_vale_ferreteria_mov (vfe_id,pro_codigo_plu,vfm_cantidad,vfm_unitario,vfm_total,vfm_entregado) VALUES (6114,78017191,2,40,80,@@@NO@@@)','',2,'2013-07-24'),(42320,'UPDATE gpr_pack_virtual SET pav_nombre=@@@PACK YOGHURT& CEREAL MILO + ZUCOSOS 142 G 3 X@@@,pav_total_pack=1099,pav_total_descuento=98,pav_desde=@@@2013-07-24@@@,pav_hasta=@@@2013-08-31@@@,pav_tipo=@@@PA@@@,pav_precio=399,pav_lleva=3,pav_paga=2.755,pav_descuento=0.245,pav_porcentaje=1,pav_oferta_exclusiva=@@@NO@@@,pav_agotar_stock=@@@SI@@@,pav_stock=50,pav_costo=894.9,pav_margen=22.81 WHERE pav_id=49','',2,'2013-07-24'),(42321,'DELETE FROM gpr_pack_virtual_mov WHERE pav_id=49','',2,'2013-07-24'),(42322,'DELETE FROM gpr_pack_virtual_horario WHERE pav_id=49','',2,'2013-07-24'),(42323,'INSERT INTO gpr_pack_virtual_mov (pav_id,pro_codigo_plu,pvm_precio,pvm_total,pvm_lleva,pvm_paga,pvm_descuento,pvm_porcentaje,pvm_total_normal,pvm_descuento_linea,pvm_costo,pvm_margen) VALUES (49,762719,399,0,1,1,0,0,399,32.6666666666667,298.5,22.81),(49,762721,399,0,1,1,0,0,399,32.6666666666667,298.1,22.81)','',2,'2013-07-24'),(42324,'INSERT INTO gpr_pack_virtual_horario (pav_id,pvh_dia,pvh_hora_desde,pvh_hora_hasta) VALUES (49,99,@@@00:00@@@,@@@23:59@@@)','',2,'2013-07-24'),(42325,'UPDATE mae_productos SET pro_codigo_barra=@@@111@@@,pro_tipo=@@@0@@@,pro_nombre_producto=@@@PANITA POLLO@@@,pro_nombre_corto=@@@PANITA POLLO@@@,med_id=@@@2@@@,emb_id=@@@1@@@,pro_unidades_embalaje=@@@1@@@,dep_id=@@@9 @@@,lin_id=@@@65@@@,mar_id=@@@2507@@@,pro_precio_compra_neto=@@@0@@@,pro_precio_compra_bruto=@@@499.8@@@,pro_precio_venta=@@@990@@@,pro_margen_actual=@@@98.08@@@,pro_oferta=@@@NO@@@,pro_fecha_inicio_oferta=@@@1900.01.01@@@,pro_fecha_termino_oferta=@@@1900.01.01@@@,pro_precio_oferta=@@@0@@@,pro_stock_minimo=@@@1@@@,pro_stock_critico=@@@1@@@,pro_activo=@@@1@@@,pro_unidad=@@@1@@@,pro_precio_compra_bruto=499.8,pro_margen_actual=98.08,pro_capacidad=1,pro_funcion_plu=1,pro_flejes=1,pro_iva=1,pro_plu_asociado=0,pro_envase=@@@NO@@@,pro_duracion=0,pro_numero_etiqueta=1 WHERE pro_codigo_plu=@@@111@@@','',2,'2013-07-24'),(42326,'UPDATE mae_productos SET pro_estado=1 WHERE pro_codigo_plu=111','',2,'2013-07-24'),(42327,'DELETE FROM mae_impuestos_productos WHERE pro_codigo_plu=@@@111@@@','',2,'2013-07-24'),(42328,'UPDATE mae_productos SET pro_codigo_barra=@@@128@@@,pro_tipo=@@@0@@@,pro_nombre_producto=@@@TRUTRO PUCHERO@@@,pro_nombre_corto=@@@TRUTRO PUCHERO@@@,med_id=@@@2@@@,emb_id=@@@1@@@,pro_unidades_embalaje=@@@1@@@,dep_id=@@@9 @@@,lin_id=@@@65@@@,mar_id=@@@2507@@@,pro_precio_compra_neto=@@@0@@@,pro_precio_compra_bruto=@@@1094.8@@@,pro_precio_venta=@@@1690@@@,pro_margen_actual=@@@54.37@@@,pro_oferta=@@@NO@@@,pro_fecha_inicio_oferta=@@@1900.01.01@@@,pro_fecha_termino_oferta=@@@1900.01.01@@@,pro_precio_oferta=@@@0@@@,pro_stock_minimo=@@@1@@@,pro_stock_critico=@@@1@@@,pro_activo=@@@1@@@,pro_unidad=@@@1@@@,pro_precio_compra_bruto=1094.8,pro_margen_actual=54.37,pro_capacidad=1,pro_funcion_plu=1,pro_flejes=0,pro_iva=1,pro_plu_asociado=0,pro_envase=@@@NO@@@,pro_duracion=0,pro_numero_etiqueta=1 WHERE pro_codigo_plu=@@@128@@@','',2,'2013-07-24'),(42329,'UPDATE mae_productos SET pro_estado=1 WHERE pro_codigo_plu=128','',2,'2013-07-24'),(42330,'DELETE FROM mae_impuestos_productos WHERE pro_codigo_plu=@@@128@@@','',2,'2013-07-24'),(42331,'UPDATE mae_productos SET pro_codigo_barra=@@@126@@@,pro_tipo=@@@0@@@,pro_nombre_producto=@@@TRUTRO ENTERO SELECCION@@@,pro_nombre_corto=@@@TRUTRO ENTERO@@@,med_id=@@@2@@@,emb_id=@@@1@@@,pro_unidades_embalaje=@@@1@@@,dep_id=@@@9 @@@,lin_id=@@@65@@@,mar_id=@@@2507@@@,pro_precio_compra_neto=@@@0@@@,pro_precio_compra_bruto=@@@1309@@@,pro_precio_venta=@@@1950@@@,pro_margen_actual=@@@48.97@@@,pro_oferta=@@@NO@@@,pro_fecha_inicio_oferta=@@@1900.01.01@@@,pro_fecha_termino_oferta=@@@1900.01.01@@@,pro_precio_oferta=@@@0@@@,pro_stock_minimo=@@@40@@@,pro_stock_critico=@@@50@@@,pro_activo=@@@1@@@,pro_unidad=@@@1@@@,pro_precio_compra_bruto=1309,pro_margen_actual=48.97,pro_capacidad=1,pro_funcion_plu=1,pro_flejes=0,pro_iva=1,pro_plu_asociado=0,pro_envase=@@@NO@@@,pro_duracion=0,pro_numero_etiqueta=1 WHERE pro_codigo_plu=@@@126@@@','',2,'2013-07-24'),(42332,'UPDATE mae_productos SET pro_estado=1 WHERE pro_codigo_plu=126','',2,'2013-07-24'),(42333,'DELETE FROM mae_impuestos_productos WHERE pro_codigo_plu=@@@126@@@','',2,'2013-07-24'),(42334,'UPDATE mae_productos SET pro_codigo_barra=@@@102@@@,pro_tipo=@@@0@@@,pro_nombre_producto=@@@ALA PUCHERO@@@,pro_nombre_corto=@@@ALA PUCHERO@@@,med_id=@@@2@@@,emb_id=@@@1@@@,pro_unidades_embalaje=@@@1@@@,dep_id=@@@9 @@@,lin_id=@@@65@@@,mar_id=@@@2507@@@,pro_precio_compra_neto=@@@0@@@,pro_precio_compra_bruto=@@@1451.8@@@,pro_precio_venta=@@@1990@@@,pro_margen_actual=@@@37.07@@@,pro_oferta=@@@NO@@@,pro_fecha_inicio_oferta=@@@1900.01.01@@@,pro_fecha_termino_oferta=@@@1900.01.01@@@,pro_precio_oferta=@@@0@@@,pro_stock_minimo=@@@1@@@,pro_stock_critico=@@@1@@@,pro_activo=@@@1@@@,pro_unidad=@@@1@@@,pro_precio_compra_bruto=1451.8,pro_margen_actual=37.07,pro_capacidad=1,pro_funcion_plu=1,pro_flejes=1,pro_iva=1,pro_plu_asociado=0,pro_envase=@@@NO@@@,pro_duracion=0,pro_numero_etiqueta=1 WHERE pro_codigo_plu=@@@102@@@','',2,'2013-07-24'),(42335,'UPDATE mae_productos SET pro_estado=1 WHERE pro_codigo_plu=102','',2,'2013-07-24'),(42336,'DELETE FROM mae_impuestos_productos WHERE pro_codigo_plu=@@@102@@@','',2,'2013-07-24'),(42337,'INSERT INTO gne_vale_ferreteria (vfe_id,vfe_fecha,vfe_total,vfe_estado,vfe_entregado,usu_nusuario) VALUES (6115,@@@2013.07.24@@@,520,1,0,@@@m_martinez@@@)','',2,'2013-07-24'),(42338,'INSERT INTO gne_vale_ferreteria_mov (vfe_id,pro_codigo_plu,vfm_cantidad,vfm_unitario,vfm_total,vfm_entregado) VALUES (6115,78017016,1,120,120,@@@NO@@@)','',2,'2013-07-24'),(42339,'INSERT INTO gne_vale_ferreteria_mov (vfe_id,pro_codigo_plu,vfm_cantidad,vfm_unitario,vfm_total,vfm_entregado) VALUES (6115,764766,2,120,240,@@@NO@@@)','',2,'2013-07-24'),(42340,'INSERT INTO gne_vale_ferreteria_mov (vfe_id,pro_codigo_plu,vfm_cantidad,vfm_unitario,vfm_total,vfm_entregado) VALUES (6115,764823,2,80,160,@@@NO@@@)','',2,'2013-07-24'),(42341,'UPDATE mae_productos SET pro_codigo_barra=@@@208@@@,pro_tipo=@@@0@@@,pro_nombre_producto=@@@GORDURA@@@,pro_nombre_corto=@@@GORDURA@@@,med_id=@@@2@@@,emb_id=@@@1@@@,pro_unidades_embalaje=@@@1@@@,dep_id=@@@11 @@@,lin_id=@@@70@@@,mar_id=@@@2507@@@,pro_precio_compra_neto=@@@0@@@,pro_precio_compra_bruto=@@@987.7@@@,pro_precio_venta=@@@1390@@@,pro_margen_actual=@@@40.73@@@,pro_oferta=@@@NO@@@,pro_fecha_inicio_oferta=@@@1900.01.01@@@,pro_fecha_termino_oferta=@@@1900.01.01@@@,pro_precio_oferta=@@@0@@@,pro_stock_minimo=@@@1@@@,pro_stock_critico=@@@1@@@,pro_activo=@@@1@@@,pro_unidad=@@@1@@@,pro_precio_compra_bruto=987.7,pro_margen_actual=40.73,pro_capacidad=1,pro_funcion_plu=1,pro_flejes=0,pro_iva=1,pro_plu_asociado=0,pro_envase=@@@NO@@@,pro_duracion=0,pro_numero_etiqueta=1 WHERE pro_codigo_plu=@@@208@@@','',2,'2013-07-24'),(42342,'UPDATE mae_productos SET pro_estado=1 WHERE pro_codigo_plu=208','',2,'2013-07-24'),(42343,'DELETE FROM mae_impuestos_productos WHERE pro_codigo_plu=@@@208@@@','',2,'2013-07-24'),(42344,'INSERT INTO gne_vale_ferreteria (vfe_id,vfe_fecha,vfe_total,vfe_estado,vfe_entregado,usu_nusuario) VALUES (6116,@@@2013.07.24@@@,590,1,0,@@@m_martinez@@@)','',2,'2013-07-24'),(42345,'INSERT INTO gne_vale_ferreteria_mov (vfe_id,pro_codigo_plu,vfm_cantidad,vfm_unitario,vfm_total,vfm_entregado) VALUES (6116,780220195,1,590,590,@@@NO@@@)','',2,'2013-07-24'),(42346,'UPDATE mae_productos SET pro_codigo_barra=@@@353@@@,pro_tipo=@@@0@@@,pro_nombre_producto=@@@MORTADELA LISA CERDO@@@,pro_nombre_corto=@@@MORTADELA LISA C@@@,med_id=@@@1@@@,emb_id=@@@1@@@,pro_unidades_embalaje=@@@1@@@,dep_id=@@@12 @@@,lin_id=@@@71@@@,mar_id=@@@2507@@@,pro_precio_compra_neto=@@@0@@@,pro_precio_compra_bruto=@@@0@@@,pro_precio_venta=@@@1770@@@,pro_margen_actual=@@@0@@@,pro_oferta=@@@NO@@@,pro_fecha_inicio_oferta=@@@1900.01.01@@@,pro_fecha_termino_oferta=@@@1900.01.01@@@,pro_precio_oferta=@@@0@@@,pro_stock_minimo=@@@1@@@,pro_stock_critico=@@@1@@@,pro_activo=@@@1@@@,pro_unidad=@@@1@@@,pro_precio_compra_bruto=0,pro_margen_actual=0,pro_capacidad=1,pro_funcion_plu=1,pro_flejes=0,pro_iva=1,pro_plu_asociado=0,pro_envase=@@@NO@@@,pro_duracion=0,pro_numero_etiqueta=1 WHERE pro_codigo_plu=@@@353@@@','',2,'2013-07-24'),(42347,'UPDATE mae_productos SET pro_estado=1 WHERE pro_codigo_plu=353','',2,'2013-07-24'),(42348,'DELETE FROM mae_impuestos_productos WHERE pro_codigo_plu=@@@353@@@','',2,'2013-07-24'),(42349,'UPDATE mae_productos SET pro_codigo_barra=@@@348@@@,pro_tipo=@@@0@@@,pro_nombre_producto=@@@JAMONADA CERDO@@@,pro_nombre_corto=@@@JAMONADA CERDO@@@,med_id=@@@1@@@,emb_id=@@@1@@@,pro_unidades_embalaje=@@@1@@@,dep_id=@@@12 @@@,lin_id=@@@71@@@,mar_id=@@@2507@@@,pro_precio_compra_neto=@@@0@@@,pro_precio_compra_bruto=@@@0@@@,pro_precio_venta=@@@2890@@@,pro_margen_actual=@@@0@@@,pro_oferta=@@@NO@@@,pro_fecha_inicio_oferta=@@@1900.01.01@@@,pro_fecha_termino_oferta=@@@1900.01.01@@@,pro_precio_oferta=@@@0@@@,pro_stock_minimo=@@@1@@@,pro_stock_critico=@@@1@@@,pro_activo=@@@1@@@,pro_unidad=@@@1@@@,pro_precio_compra_bruto=0,pro_margen_actual=0,pro_capacidad=1,pro_funcion_plu=1,pro_flejes=0,pro_iva=1,pro_plu_asociado=0,pro_envase=@@@NO@@@,pro_duracion=0,pro_numero_etiqueta=1 WHERE pro_codigo_plu=@@@348@@@','',2,'2013-07-24'),(42350,'UPDATE mae_productos SET pro_estado=1 WHERE pro_codigo_plu=348','',2,'2013-07-24'),(42351,'DELETE FROM mae_impuestos_productos WHERE pro_codigo_plu=@@@348@@@','',2,'2013-07-24'),(42352,'INSERT INTO gne_vale_ferreteria (vfe_id,vfe_fecha,vfe_total,vfe_estado,vfe_entregado,usu_nusuario) VALUES (6117,@@@2013.07.24@@@,3400,1,0,@@@m_martinez@@@)','',2,'2013-07-24'),(42353,'INSERT INTO gne_vale_ferreteria_mov (vfe_id,pro_codigo_plu,vfm_cantidad,vfm_unitario,vfm_total,vfm_entregado) VALUES (6117,780721306,1,490,490,@@@NO@@@)','',2,'2013-07-24'),(42354,'INSERT INTO gne_vale_ferreteria_mov (vfe_id,pro_codigo_plu,vfm_cantidad,vfm_unitario,vfm_total,vfm_entregado) VALUES (6117,16430,2,160,320,@@@NO@@@)','',2,'2013-07-24'),(42355,'INSERT INTO gne_vale_ferreteria_mov (vfe_id,pro_codigo_plu,vfm_cantidad,vfm_unitario,vfm_total,vfm_entregado) VALUES (6117,101047,1,2590,2590,@@@NO@@@)','',2,'2013-07-24'),(42356,'UPDATE mae_productos SET pro_codigo_barra=@@@333@@@,pro_tipo=@@@0@@@,pro_nombre_producto=@@@JAMON SANDWICH CERDO@@@,pro_nombre_corto=@@@JAMON SANDWICH C@@@,med_id=@@@1@@@,emb_id=@@@1@@@,pro_unidades_embalaje=@@@1@@@,dep_id=@@@12 @@@,lin_id=@@@71@@@,mar_id=@@@2507@@@,pro_precio_compra_neto=@@@0@@@,pro_precio_compra_bruto=@@@0@@@,pro_precio_venta=@@@3300@@@,pro_margen_actual=@@@0@@@,pro_oferta=@@@NO@@@,pro_fecha_inicio_oferta=@@@1900.01.01@@@,pro_fecha_termino_oferta=@@@1900.01.01@@@,pro_precio_oferta=@@@0@@@,pro_stock_minimo=@@@1@@@,pro_stock_critico=@@@1@@@,pro_activo=@@@1@@@,pro_unidad=@@@1@@@,pro_precio_compra_bruto=0,pro_margen_actual=0,pro_capacidad=1,pro_funcion_plu=1,pro_flejes=0,pro_iva=1,pro_plu_asociado=0,pro_envase=@@@NO@@@,pro_duracion=0,pro_numero_etiqueta=1 WHERE pro_codigo_plu=@@@333@@@','',2,'2013-07-24'),(42357,'UPDATE mae_productos SET pro_estado=1 WHERE pro_codigo_plu=333','',2,'2013-07-24'),(42358,'DELETE FROM mae_impuestos_productos WHERE pro_codigo_plu=@@@333@@@','',2,'2013-07-24'),(42359,'UPDATE mae_productos SET pro_codigo_barra=@@@360@@@,pro_tipo=@@@0@@@,pro_nombre_producto=@@@MORTADELA JAMONADA AVE@@@,pro_nombre_corto=@@@MORTADELA JAMONA@@@,med_id=@@@1@@@,emb_id=@@@1@@@,pro_unidades_embalaje=@@@1@@@,dep_id=@@@12 @@@,lin_id=@@@71@@@,mar_id=@@@2507@@@,pro_precio_compra_neto=@@@0@@@,pro_precio_compra_bruto=@@@0@@@,pro_precio_venta=@@@1960@@@,pro_margen_actual=@@@0@@@,pro_oferta=@@@NO@@@,pro_fecha_inicio_oferta=@@@1900.01.01@@@,pro_fecha_termino_oferta=@@@1900.01.01@@@,pro_precio_oferta=@@@0@@@,pro_stock_minimo=@@@1@@@,pro_stock_critico=@@@1@@@,pro_activo=@@@1@@@,pro_unidad=@@@1@@@,pro_precio_compra_bruto=0,pro_margen_actual=0,pro_capacidad=1,pro_funcion_plu=1,pro_flejes=0,pro_iva=1,pro_plu_asociado=0,pro_envase=@@@NO@@@,pro_duracion=0,pro_numero_etiqueta=1 WHERE pro_codigo_plu=@@@360@@@','',2,'2013-07-24'),(42360,'UPDATE mae_productos SET pro_estado=1 WHERE pro_codigo_plu=360','',2,'2013-07-24'),(42361,'DELETE FROM mae_impuestos_productos WHERE pro_codigo_plu=@@@360@@@','',2,'2013-07-24'),(42362,'INSERT INTO gne_vale_ferreteria (vfe_id,vfe_fecha,vfe_total,vfe_estado,vfe_entregado,usu_nusuario) VALUES (6118,@@@2013.07.24@@@,600,1,0,@@@m_martinez@@@)','',2,'2013-07-24'),(42363,'INSERT INTO gne_vale_ferreteria_mov (vfe_id,pro_codigo_plu,vfm_cantidad,vfm_unitario,vfm_total,vfm_entregado) VALUES (6118,78017191,15,40,600,@@@NO@@@)','',2,'2013-07-24'),(42364,'UPDATE mae_productos SET pro_codigo_barra=@@@337@@@,pro_tipo=@@@0@@@,pro_nombre_producto=@@@JAMON SANDWICH AVE@@@,pro_nombre_corto=@@@JAMON SANDWICH A@@@,med_id=@@@1@@@,emb_id=@@@1@@@,pro_unidades_embalaje=@@@1@@@,dep_id=@@@12 @@@,lin_id=@@@71@@@,mar_id=@@@2507@@@,pro_precio_compra_neto=@@@0@@@,pro_precio_compra_bruto=@@@2159.8@@@,pro_precio_venta=@@@3490@@@,pro_margen_actual=@@@61.59@@@,pro_oferta=@@@NO@@@,pro_fecha_inicio_oferta=@@@1900.01.01@@@,pro_fecha_termino_oferta=@@@1900.01.01@@@,pro_precio_oferta=@@@0@@@,pro_stock_minimo=@@@1@@@,pro_stock_critico=@@@1@@@,pro_activo=@@@1@@@,pro_unidad=@@@1@@@,pro_precio_compra_bruto=2159.8,pro_margen_actual=61.59,pro_capacidad=1,pro_funcion_plu=1,pro_flejes=0,pro_iva=1,pro_plu_asociado=0,pro_envase=@@@NO@@@,pro_duracion=0,pro_numero_etiqueta=1 WHERE pro_codigo_plu=@@@337@@@','',2,'2013-07-24'),(42365,'UPDATE mae_productos SET pro_estado=1 WHERE pro_codigo_plu=337','',2,'2013-07-24'),(42366,'DELETE FROM mae_impuestos_productos WHERE pro_codigo_plu=@@@337@@@','',2,'2013-07-24'),(42367,'UPDATE mae_productos SET pro_codigo_barra=@@@375@@@,pro_tipo=@@@0@@@,pro_nombre_producto=@@@PECHUGA DE POLLO AHUMADA@@@,pro_nombre_corto=@@@PECHUGA DE POLLO@@@,med_id=@@@1@@@,emb_id=@@@1@@@,pro_unidades_embalaje=@@@1@@@,dep_id=@@@12 @@@,lin_id=@@@77@@@,mar_id=@@@2507@@@,pro_precio_compra_neto=@@@0@@@,pro_precio_compra_bruto=@@@0@@@,pro_precio_venta=@@@4490@@@,pro_margen_actual=@@@0@@@,pro_oferta=@@@NO@@@,pro_fecha_inicio_oferta=@@@1900.01.01@@@,pro_fecha_termino_oferta=@@@1900.01.01@@@,pro_precio_oferta=@@@0@@@,pro_stock_minimo=@@@1@@@,pro_stock_critico=@@@1@@@,pro_activo=@@@1@@@,pro_unidad=@@@1@@@,pro_precio_compra_bruto=0,pro_margen_actual=0,pro_capacidad=1,pro_funcion_plu=1,pro_flejes=0,pro_iva=1,pro_plu_asociado=0,pro_envase=@@@NO@@@,pro_duracion=0,pro_numero_etiqueta=1 WHERE pro_codigo_plu=@@@375@@@','',2,'2013-07-24'),(42368,'UPDATE mae_productos SET pro_estado=1 WHERE pro_codigo_plu=375','',2,'2013-07-24'),(42369,'DELETE FROM mae_impuestos_productos WHERE pro_codigo_plu=@@@375@@@','',2,'2013-07-24'),(42370,'INSERT INTO gne_vale_ferreteria (vfe_id,vfe_fecha,vfe_total,vfe_estado,vfe_entregado,usu_nusuario) VALUES (6119,@@@2013.07.24@@@,300,1,0,@@@m_martinez@@@)','',2,'2013-07-24'),(42371,'INSERT INTO gne_vale_ferreteria_mov (vfe_id,pro_codigo_plu,vfm_cantidad,vfm_unitario,vfm_total,vfm_entregado) VALUES (6119,78017090,1,300,300,@@@NO@@@)','',2,'2013-07-24'),(42372,'UPDATE mae_productos SET pro_codigo_barra=@@@344@@@,pro_tipo=@@@0@@@,pro_nombre_producto=@@@JAMON PIERNA@@@,pro_nombre_corto=@@@JAMON PIERNA@@@,med_id=@@@1@@@,emb_id=@@@1@@@,pro_unidades_embalaje=@@@1@@@,dep_id=@@@12 @@@,lin_id=@@@77@@@,mar_id=@@@2507@@@,pro_precio_compra_neto=@@@0@@@,pro_precio_compra_bruto=@@@0@@@,pro_precio_venta=@@@5390@@@,pro_margen_actual=@@@0@@@,pro_oferta=@@@NO@@@,pro_fecha_inicio_oferta=@@@1900.01.01@@@,pro_fecha_termino_oferta=@@@1900.01.01@@@,pro_precio_oferta=@@@0@@@,pro_stock_minimo=@@@1@@@,pro_stock_critico=@@@1@@@,pro_activo=@@@1@@@,pro_unidad=@@@1@@@,pro_precio_compra_bruto=0,pro_margen_actual=0,pro_capacidad=1,pro_funcion_plu=1,pro_flejes=0,pro_iva=1,pro_plu_asociado=0,pro_envase=@@@NO@@@,pro_duracion=0,pro_numero_etiqueta=1 WHERE pro_codigo_plu=@@@344@@@','',2,'2013-07-24'),(42373,'UPDATE mae_productos SET pro_estado=1 WHERE pro_codigo_plu=344','',2,'2013-07-24'),(42374,'DELETE FROM mae_impuestos_productos WHERE pro_codigo_plu=@@@344@@@','',2,'2013-07-24'),(42375,'INSERT INTO gne_vale_ferreteria (vfe_id,vfe_fecha,vfe_total,vfe_estado,vfe_entregado,usu_nusuario) VALUES (6120,@@@2013.07.24@@@,450,1,0,@@@m_martinez@@@)','',2,'2013-07-24'),(42376,'INSERT INTO gne_vale_ferreteria_mov (vfe_id,pro_codigo_plu,vfm_cantidad,vfm_unitario,vfm_total,vfm_entregado) VALUES (6120,4088,3,150,450,@@@NO@@@)','',2,'2013-07-24'),(42377,'UPDATE mae_productos SET pro_margen_actual=37.07,pro_precio_venta=1990 WHERE pro_codigo_plu=102','',2,'2013-07-24'),(42378,'UPDATE mae_productos SET pro_margen_actual=47.21,pro_precio_venta=2999 WHERE pro_codigo_plu=780721409','',2,'2013-07-24'),(42379,'UPDATE mae_productos SET pro_margen_actual=40.73,pro_precio_venta=1390 WHERE pro_codigo_plu=208','',2,'2013-07-24'),(42380,'UPDATE mae_productos SET pro_margen_actual=0,pro_precio_venta=5390 WHERE pro_codigo_plu=344','',2,'2013-07-24'),(42381,'UPDATE mae_productos SET pro_margen_actual=61.59,pro_precio_venta=3490 WHERE pro_codigo_plu=337','',2,'2013-07-24'),(42382,'UPDATE mae_productos SET pro_margen_actual=0,pro_precio_venta=3300 WHERE pro_codigo_plu=333','',2,'2013-07-24'),(42383,'UPDATE mae_productos SET pro_margen_actual=0,pro_precio_venta=2890 WHERE pro_codigo_plu=348','',2,'2013-07-24'),(42384,'UPDATE mae_productos SET pro_margen_actual=43.71,pro_precio_venta=4190 WHERE pro_codigo_plu=211','',2,'2013-07-24'),(42385,'UPDATE mae_productos SET pro_margen_actual=0,pro_precio_venta=4950 WHERE pro_codigo_plu=362','',2,'2013-07-24'),(42386,'UPDATE mae_productos SET pro_margen_actual=0,pro_precio_venta=1960 WHERE pro_codigo_plu=360','',2,'2013-07-24'),(42387,'UPDATE mae_productos SET pro_margen_actual=50.7,pro_precio_venta=2690 WHERE pro_codigo_plu=368','',2,'2013-07-24'),(42388,'UPDATE mae_productos SET pro_margen_actual=0,pro_precio_venta=1770 WHERE pro_codigo_plu=353','',2,'2013-07-24'),(42389,'UPDATE mae_productos SET pro_margen_actual=0,pro_precio_venta=2590 WHERE pro_codigo_plu=78017042','',2,'2013-07-24'),(42390,'UPDATE mae_productos SET pro_margen_actual=-99.91,pro_precio_venta=1 WHERE pro_codigo_plu=780721416','',2,'2013-07-24'),(42391,'UPDATE mae_productos SET pro_margen_actual=98.08,pro_precio_venta=990 WHERE pro_codigo_plu=111','',2,'2013-07-24'),(42392,'UPDATE mae_productos SET pro_margen_actual=0,pro_precio_venta=4250 WHERE pro_codigo_plu=367','',2,'2013-07-24'),(42393,'UPDATE mae_productos SET pro_margen_actual=0,pro_precio_venta=4490 WHERE pro_codigo_plu=375','',2,'2013-07-24'),(42394,'UPDATE mae_productos SET pro_margen_actual=48.97,pro_precio_venta=1950 WHERE pro_codigo_plu=126','',2,'2013-07-24'),(42395,'UPDATE mae_productos SET pro_margen_actual=54.37,pro_precio_venta=1690 WHERE pro_codigo_plu=128','',2,'2013-07-24'),(42396,'UPDATE mae_productos SET pro_margen_actual=-99.54,pro_precio_venta=1 WHERE pro_codigo_plu=780721414','',2,'2013-07-24'),(42397,'UPDATE mae_productos SET pro_margen_actual=-99.54,pro_precio_venta=1 WHERE pro_codigo_plu=780721415','',2,'2013-07-24'),(42398,'UPDATE mae_productos SET pro_margen_actual=-99.03,pro_precio_venta=1 WHERE pro_codigo_plu=780721410','',2,'2013-07-24'),(42399,'UPDATE mae_productos SET pro_margen_actual=-99.62,pro_precio_venta=1 WHERE pro_codigo_plu=780721411','',2,'2013-07-24'),(42400,'UPDATE mae_productos SET pro_margen_actual=-99.62,pro_precio_venta=1 WHERE pro_codigo_plu=780721413','',2,'2013-07-24'),(42401,'UPDATE mae_productos SET pro_margen_actual=-99.62,pro_precio_venta=1 WHERE pro_codigo_plu=780721412','',2,'2013-07-24'),(42402,'UPDATE mae_productos SET pro_margen_actual=33.83,pro_precio_venta=430 WHERE pro_codigo_plu=763343','',2,'2013-07-24'),(42403,'UPDATE mae_productos SET pro_margen_actual=33.83,pro_precio_venta=430 WHERE pro_codigo_plu=780721285','',2,'2013-07-24'),(42404,'UPDATE mae_productos SET pro_margen_actual=36.56,pro_precio_venta=310 WHERE pro_codigo_plu=17056','',2,'2013-07-24'),(42405,'UPDATE mae_productos SET pro_margen_actual=32.89,pro_precio_venta=299 WHERE pro_codigo_plu=16528','',2,'2013-07-24'),(42406,'UPDATE mae_productos SET pro_margen_actual=34.92,pro_precio_venta=340 WHERE pro_codigo_plu=16514','',2,'2013-07-24'),(42407,'UPDATE mae_productos SET pro_margen_actual=34.92,pro_precio_venta=340 WHERE pro_codigo_plu=16513','',2,'2013-07-24'),(42408,'INSERT INTO gne_vale_ferreteria (vfe_id,vfe_fecha,vfe_total,vfe_estado,vfe_entregado,usu_nusuario) VALUES (6121,@@@2013.07.24@@@,200,1,0,@@@m_martinez@@@)','',2,'2013-07-24'),(42409,'INSERT INTO gne_vale_ferreteria_mov (vfe_id,pro_codigo_plu,vfm_cantidad,vfm_unitario,vfm_total,vfm_entregado) VALUES (6121,770034,5,20,100,@@@NO@@@)','',2,'2013-07-24'),(42410,'INSERT INTO gne_vale_ferreteria_mov (vfe_id,pro_codigo_plu,vfm_cantidad,vfm_unitario,vfm_total,vfm_entregado) VALUES (6121,770032,2,50,100,@@@NO@@@)','',2,'2013-07-24'),(42411,'UPDATE mae_productos SET pro_precio_fiscal=pro_precio_venta WHERE pro_codigo_plu=780721401','',2,'2013-07-24'),(42412,'UPDATE mae_productos SET pro_precio_fiscal=pro_precio_venta WHERE pro_codigo_plu=780721402','',2,'2013-07-24'),(42413,'UPDATE mae_productos SET pro_precio_fiscal=pro_precio_venta WHERE pro_codigo_plu=16528','',2,'2013-07-24'),(42414,'UPDATE mae_productos SET pro_precio_fiscal=pro_precio_venta WHERE pro_codigo_plu=16513','',2,'2013-07-24'),(42415,'UPDATE mae_productos SET pro_precio_fiscal=pro_precio_venta WHERE pro_codigo_plu=16514','',2,'2013-07-24'),(42416,'UPDATE mae_productos SET pro_precio_fiscal=pro_precio_venta WHERE pro_codigo_plu=780721409','',2,'2013-07-24'),(42417,'INSERT INTO gne_vale_ferreteria (vfe_id,vfe_fecha,vfe_total,vfe_estado,vfe_entregado,usu_nusuario) VALUES (6122,@@@2013.07.24@@@,290,1,0,@@@m_martinez@@@)','',2,'2013-07-24'),(42418,'INSERT INTO gne_vale_ferreteria_mov (vfe_id,pro_codigo_plu,vfm_cantidad,vfm_unitario,vfm_total,vfm_entregado) VALUES (6122,1559,1,290,290,@@@NO@@@)','',2,'2013-07-24'),(42419,'INSERT INTO gne_vale_ferreteria (vfe_id,vfe_fecha,vfe_total,vfe_estado,vfe_entregado,usu_nusuario) VALUES (6123,@@@2013.07.24@@@,450,1,0,@@@m_martinez@@@)','',2,'2013-07-24'),(42420,'INSERT INTO gne_vale_ferreteria_mov (vfe_id,pro_codigo_plu,vfm_cantidad,vfm_unitario,vfm_total,vfm_entregado) VALUES (6123,78017202,1,450,450,@@@NO@@@)','',2,'2013-07-24'),(42421,'UPDATE mae_productos SET pro_precio_compra_bruto=286,pro_margen_actual=(pro_precio_venta-286)/286 * 100,pro_ultima_compra=@@@2013.07.24@@@,pro_ultimo_proveedor=@@@84472400-4@@@ WHERE pro_codigo_plu=19143','',2,'2013-07-24'),(42422,'UPDATE mae_productos SET pro_precio_compra_bruto=119,pro_margen_actual=(pro_precio_venta-119)/119 * 100,pro_ultima_compra=@@@2013.07.24@@@,pro_ultimo_proveedor=@@@84472400-4@@@ WHERE pro_codigo_plu=16672','',2,'2013-07-24'),(42423,'UPDATE mae_productos SET pro_precio_compra_bruto=119,pro_margen_actual=(pro_precio_venta-119)/119 * 100,pro_ultima_compra=@@@2013.07.24@@@,pro_ultimo_proveedor=@@@84472400-4@@@ WHERE pro_codigo_plu=16947','',2,'2013-07-24'),(42424,'UPDATE mae_productos SET pro_precio_compra_bruto=119,pro_margen_actual=(pro_precio_venta-119)/119 * 100,pro_ultima_compra=@@@2013.07.24@@@,pro_ultimo_proveedor=@@@84472400-4@@@ WHERE pro_codigo_plu=16951','',2,'2013-07-24'),(42425,'UPDATE mae_productos SET pro_precio_compra_bruto=293,pro_margen_actual=(pro_precio_venta-293)/293 * 100,pro_ultima_compra=@@@2013.07.24@@@,pro_ultimo_proveedor=@@@84472400-4@@@ WHERE pro_codigo_plu=780721211','',2,'2013-07-24'),(42426,'UPDATE mae_productos SET pro_precio_compra_bruto=321.3,pro_margen_actual=(pro_precio_venta-321.3)/321.3 * 100,pro_ultima_compra=@@@2013.07.24@@@,pro_ultimo_proveedor=@@@84472400-4@@@ WHERE pro_codigo_plu=763343','',2,'2013-07-24'),(42427,'UPDATE mae_productos SET pro_precio_compra_bruto=227,pro_margen_actual=(pro_precio_venta-227)/227 * 100,pro_ultima_compra=@@@2013.07.24@@@,pro_ultimo_proveedor=@@@84472400-4@@@ WHERE pro_codigo_plu=17056','',2,'2013-07-24'),(42428,'UPDATE mae_productos SET pro_precio_compra_bruto=95,pro_margen_actual=(pro_precio_venta-95)/95 * 100,pro_ultima_compra=@@@2013.07.24@@@,pro_ultimo_proveedor=@@@84472400-4@@@ WHERE pro_codigo_plu=17018','',2,'2013-07-24'),(42429,'UPDATE mae_productos SET pro_precio_compra_bruto=95,pro_margen_actual=(pro_precio_venta-95)/95 * 100,pro_ultima_compra=@@@2013.07.24@@@,pro_ultimo_proveedor=@@@84472400-4@@@ WHERE pro_codigo_plu=17104','',2,'2013-07-24'),(42430,'UPDATE mae_productos SET pro_precio_compra_bruto=199.92,pro_margen_actual=(pro_precio_venta-199.92)/199.92 * 100,pro_ultima_compra=@@@2013.07.24@@@,pro_ultimo_proveedor=@@@84472400-4@@@ WHERE pro_codigo_plu=19238','',2,'2013-07-24'),(42431,'UPDATE mae_productos SET pro_precio_compra_bruto=225,pro_margen_actual=(pro_precio_venta-225)/225 * 100,pro_ultima_compra=@@@2013.07.24@@@,pro_ultimo_proveedor=@@@84472400-4@@@ WHERE pro_codigo_plu=16528','',2,'2013-07-24'),(42432,'UPDATE mae_productos SET pro_precio_compra_bruto=225,pro_margen_actual=(pro_precio_venta-225)/225 * 100,pro_ultima_compra=@@@2013.07.24@@@,pro_ultimo_proveedor=@@@84472400-4@@@ WHERE pro_codigo_plu=16529','',2,'2013-07-24'),(42433,'UPDATE mae_productos SET pro_precio_compra_bruto=280,pro_margen_actual=(pro_precio_venta-280)/280 * 100,pro_ultima_compra=@@@2013.07.24@@@,pro_ultimo_proveedor=@@@84472400-4@@@ WHERE pro_codigo_plu=16820','',2,'2013-07-24'),(42434,'UPDATE mae_productos SET pro_precio_compra_bruto=280,pro_margen_actual=(pro_precio_venta-280)/280 * 100,pro_ultima_compra=@@@2013.07.24@@@,pro_ultimo_proveedor=@@@84472400-4@@@ WHERE pro_codigo_plu=16821','',2,'2013-07-24'),(42435,'UPDATE mae_productos SET pro_precio_compra_bruto=339,pro_margen_actual=(pro_precio_venta-339)/339 * 100,pro_ultima_compra=@@@2013.07.24@@@,pro_ultimo_proveedor=@@@84472400-4@@@ WHERE pro_codigo_plu=780721400','',2,'2013-07-24'),(42436,'UPDATE mae_productos SET pro_precio_compra_bruto=412,pro_margen_actual=(pro_precio_venta-412)/412 * 100,pro_ultima_compra=@@@2013.07.24@@@,pro_ultimo_proveedor=@@@84472400-4@@@ WHERE pro_codigo_plu=18222','',2,'2013-07-24'),(42437,'UPDATE mae_productos SET pro_precio_compra_bruto=412,pro_margen_actual=(pro_precio_venta-412)/412 * 100,pro_ultima_compra=@@@2013.07.24@@@,pro_ultimo_proveedor=@@@84472400-4@@@ WHERE pro_codigo_plu=18223','',2,'2013-07-24'),(42438,'UPDATE mae_productos SET pro_precio_compra_bruto=412,pro_margen_actual=(pro_precio_venta-412)/412 * 100,pro_ultima_compra=@@@2013.07.24@@@,pro_ultimo_proveedor=@@@84472400-4@@@ WHERE pro_codigo_plu=18225','',2,'2013-07-24'),(42439,'UPDATE mae_productos SET pro_precio_compra_bruto=412,pro_margen_actual=(pro_precio_venta-412)/412 * 100,pro_ultima_compra=@@@2013.07.24@@@,pro_ultimo_proveedor=@@@84472400-4@@@ WHERE pro_codigo_plu=18224','',2,'2013-07-24'),(42440,'UPDATE mae_productos SET pro_precio_compra_bruto=3830,pro_margen_actual=(pro_precio_venta-3830)/3830 * 100,pro_ultima_compra=@@@2013.07.24@@@,pro_ultimo_proveedor=@@@84472400-4@@@ WHERE pro_codigo_plu=403','',2,'2013-07-24'),(42441,'UPDATE mae_productos SET pro_precio_compra_bruto=898.45,pro_margen_actual=(pro_precio_venta-898.45)/898.45 * 100,pro_ultima_compra=@@@2013.07.24@@@,pro_ultimo_proveedor=@@@84472400-4@@@ WHERE pro_codigo_plu=16378','',2,'2013-07-24'),(42442,'UPDATE mae_productos SET pro_precio_compra_bruto=267,pro_margen_actual=(pro_precio_venta-267)/267 * 100,pro_ultima_compra=@@@2013.07.24@@@,pro_ultimo_proveedor=@@@84472400-4@@@ WHERE pro_codigo_plu=16231','',2,'2013-07-24'),(42443,'UPDATE mae_productos SET pro_precio_compra_bruto=267,pro_margen_actual=(pro_precio_venta-267)/267 * 100,pro_ultima_compra=@@@2013.07.24@@@,pro_ultimo_proveedor=@@@84472400-4@@@ WHERE pro_codigo_plu=780721401','',2,'2013-07-24'),(42444,'UPDATE mae_productos SET pro_precio_compra_bruto=119,pro_margen_actual=(pro_precio_venta-119)/119 * 100,pro_ultima_compra=@@@2013.07.24@@@,pro_ultimo_proveedor=@@@84472400-4@@@ WHERE pro_codigo_plu=16952','',2,'2013-07-24'),(42445,'UPDATE mae_productos SET pro_precio_compra_bruto=292.4,pro_margen_actual=(pro_precio_venta-292.4)/292.4 * 100,pro_ultima_compra=@@@2013.07.24@@@,pro_ultimo_proveedor=@@@84472400-4@@@ WHERE pro_codigo_plu=780721375','',2,'2013-07-24'),(42446,'UPDATE mae_productos SET pro_precio_compra_bruto=321,pro_margen_actual=(pro_precio_venta-321)/321 * 100,pro_ultima_compra=@@@2013.07.24@@@,pro_ultimo_proveedor=@@@84472400-4@@@ WHERE pro_codigo_plu=780721342','',2,'2013-07-24'),(42447,'UPDATE mae_productos SET pro_precio_compra_bruto=243,pro_margen_actual=(pro_precio_venta-243)/243 * 100,pro_ultima_compra=@@@2013.07.24@@@,pro_ultimo_proveedor=@@@84472400-4@@@ WHERE pro_codigo_plu=763339','',2,'2013-07-24'),(42448,'UPDATE mae_productos SET pro_precio_compra_bruto=243,pro_margen_actual=(pro_precio_venta-243)/243 * 100,pro_ultima_compra=@@@2013.07.24@@@,pro_ultimo_proveedor=@@@84472400-4@@@ WHERE pro_codigo_plu=763345','',2,'2013-07-24'),(42449,'UPDATE mae_productos SET pro_precio_compra_bruto=243,pro_margen_actual=(pro_precio_venta-243)/243 * 100,pro_ultima_compra=@@@2013.07.24@@@,pro_ultimo_proveedor=@@@84472400-4@@@ WHERE pro_codigo_plu=780721376','',2,'2013-07-24'),(42450,'UPDATE mae_productos SET pro_precio_compra_bruto=318,pro_margen_actual=(pro_precio_venta-318)/318 * 100,pro_ultima_compra=@@@2013.07.24@@@,pro_ultimo_proveedor=@@@84472400-4@@@ WHERE pro_codigo_plu=763334','',2,'2013-07-24'),(42451,'UPDATE mae_productos SET pro_precio_compra_bruto=286,pro_margen_actual=(pro_precio_venta-286)/286 * 100,pro_ultima_compra=@@@2013.07.24@@@,pro_ultimo_proveedor=@@@84472400-4@@@ WHERE pro_codigo_plu=16999','',2,'2013-07-24'),(42452,'UPDATE mae_productos SET pro_precio_compra_bruto=277,pro_margen_actual=(pro_precio_venta-277)/277 * 100,pro_ultima_compra=@@@2013.07.24@@@,pro_ultimo_proveedor=@@@84472400-4@@@ WHERE pro_codigo_plu=763338','',2,'2013-07-24'),(42453,'UPDATE mae_productos SET pro_precio_compra_bruto=277.27,pro_margen_actual=(pro_precio_venta-277.27)/277.27 * 100,pro_ultima_compra=@@@2013.07.24@@@,pro_ultimo_proveedor=@@@84472400-4@@@ WHERE pro_codigo_plu=763335','',2,'2013-07-24'),(42454,'UPDATE mae_productos SET pro_precio_compra_bruto=211,pro_margen_actual=(pro_precio_venta-211)/211 * 100,pro_ultima_compra=@@@2013.07.24@@@,pro_ultimo_proveedor=@@@84472400-4@@@ WHERE pro_codigo_plu=780721287','',2,'2013-07-24'),(42455,'UPDATE mae_productos SET pro_precio_compra_bruto=211,pro_margen_actual=(pro_precio_venta-211)/211 * 100,pro_ultima_compra=@@@2013.07.24@@@,pro_ultimo_proveedor=@@@84472400-4@@@ WHERE pro_codigo_plu=780721402','',2,'2013-07-24'),(42456,'UPDATE mae_productos SET pro_precio_compra_bruto=168,pro_margen_actual=(pro_precio_venta-168)/168 * 100,pro_ultima_compra=@@@2013.07.24@@@,pro_ultimo_proveedor=@@@84472400-4@@@ WHERE pro_codigo_plu=763459','',2,'2013-07-24'),(42457,'UPDATE mae_productos SET pro_precio_compra_bruto=571,pro_margen_actual=(pro_precio_venta-571)/571 * 100,pro_ultima_compra=@@@2013.07.24@@@,pro_ultimo_proveedor=@@@84472400-4@@@ WHERE pro_codigo_plu=15986','',2,'2013-07-24'),(42458,'UPDATE mae_productos SET pro_precio_compra_bruto=228,pro_margen_actual=(pro_precio_venta-228)/228 * 100,pro_ultima_compra=@@@2013.07.24@@@,pro_ultimo_proveedor=@@@84472400-4@@@ WHERE pro_codigo_plu=19111','',2,'2013-07-24'),(42459,'UPDATE mae_productos SET pro_precio_compra_bruto=95,pro_margen_actual=(pro_precio_venta-95)/95 * 100,pro_ultima_compra=@@@2013.07.24@@@,pro_ultimo_proveedor=@@@84472400-4@@@ WHERE pro_codigo_plu=17016','',2,'2013-07-24'),(42460,'UPDATE mae_productos SET pro_precio_compra_bruto=198,pro_margen_actual=(pro_precio_venta-198)/198 * 100,pro_ultima_compra=@@@2013.07.24@@@,pro_ultimo_proveedor=@@@84472400-4@@@ WHERE pro_codigo_plu=19240','',2,'2013-07-24'),(42461,'UPDATE mae_productos SET pro_precio_compra_bruto=225,pro_margen_actual=(pro_precio_venta-225)/225 * 100,pro_ultima_compra=@@@2013.07.24@@@,pro_ultimo_proveedor=@@@84472400-4@@@ WHERE pro_codigo_plu=16526','',2,'2013-07-24'),(42462,'UPDATE mae_productos SET pro_precio_compra_bruto=225,pro_margen_actual=(pro_precio_venta-225)/225 * 100,pro_ultima_compra=@@@2013.07.24@@@,pro_ultimo_proveedor=@@@84472400-4@@@ WHERE pro_codigo_plu=16531','',2,'2013-07-24'),(42463,'UPDATE mae_productos SET pro_precio_compra_bruto=225,pro_margen_actual=(pro_precio_venta-225)/225 * 100,pro_ultima_compra=@@@2013.07.24@@@,pro_ultimo_proveedor=@@@84472400-4@@@ WHERE pro_codigo_plu=16524','',2,'2013-07-24'),(42464,'UPDATE mae_productos SET pro_precio_compra_bruto=225,pro_margen_actual=(pro_precio_venta-225)/225 * 100,pro_ultima_compra=@@@2013.07.24@@@,pro_ultimo_proveedor=@@@84472400-4@@@ WHERE pro_codigo_plu=16532','',2,'2013-07-24'),(42465,'UPDATE mae_productos SET pro_precio_compra_bruto=286,pro_margen_actual=(pro_precio_venta-286)/286 * 100,pro_ultima_compra=@@@2013.07.24@@@,pro_ultimo_proveedor=@@@84472400-4@@@ WHERE pro_codigo_plu=19211','',2,'2013-07-24'),(42466,'UPDATE mae_productos SET pro_precio_compra_bruto=336,pro_margen_actual=(pro_precio_venta-336)/336 * 100,pro_ultima_compra=@@@2013.07.24@@@,pro_ultimo_proveedor=@@@84472400-4@@@ WHERE pro_codigo_plu=17023','',2,'2013-07-24'),(42467,'UPDATE mae_productos SET pro_precio_compra_bruto=364.43,pro_margen_actual=(pro_precio_venta-364.43)/364.43 * 100,pro_ultima_compra=@@@2013.07.24@@@,pro_ultimo_proveedor=@@@84472400-4@@@ WHERE pro_codigo_plu=16314','',2,'2013-07-24'),(42468,'UPDATE mae_productos SET pro_precio_compra_bruto=356,pro_margen_actual=(pro_precio_venta-356)/356 * 100,pro_ultima_compra=@@@2013.07.24@@@,pro_ultimo_proveedor=@@@84472400-4@@@ WHERE pro_codigo_plu=16372','',2,'2013-07-24'),(42469,'UPDATE mae_productos SET pro_precio_compra_bruto=267,pro_margen_actual=(pro_precio_venta-267)/267 * 100,pro_ultima_compra=@@@2013.07.24@@@,pro_ultimo_proveedor=@@@84472400-4@@@ WHERE pro_codigo_plu=16230','',2,'2013-07-24'),(42470,'UPDATE mae_productos SET pro_precio_compra_bruto=321.3,pro_margen_actual=(pro_precio_venta-321.3)/321.3 * 100,pro_ultima_compra=@@@2013.07.24@@@,pro_ultimo_proveedor=@@@84472400-4@@@ WHERE pro_codigo_plu=780721285','',2,'2013-07-24'),(42471,'UPDATE mae_productos SET pro_precio_compra_bruto=960,pro_margen_actual=(pro_precio_venta-960)/960 * 100,pro_ultima_compra=@@@2013.07.24@@@,pro_ultimo_proveedor=@@@84472400-4@@@ WHERE pro_codigo_plu=780721403','',2,'2013-07-24'),(42472,'UPDATE mae_productos SET pro_precio_compra_bruto=421,pro_margen_actual=(pro_precio_venta-421)/421 * 100,pro_ultima_compra=@@@2013.07.24@@@,pro_ultimo_proveedor=@@@84472400-4@@@ WHERE pro_codigo_plu=16410','',2,'2013-07-24'),(42473,'INSERT INTO gne_vale_ferreteria (vfe_id,vfe_fecha,vfe_total,vfe_estado,vfe_entregado,usu_nusuario) VALUES (6124,@@@2013.07.24@@@,2850,1,0,@@@m_martinez@@@)','',2,'2013-07-24'),(42474,'INSERT INTO gne_vale_ferreteria_mov (vfe_id,pro_codigo_plu,vfm_cantidad,vfm_unitario,vfm_total,vfm_entregado) VALUES (6124,763671,1,2850,2850,@@@NO@@@)','',2,'2013-07-24'),(42475,'UPDATE mae_productos SET pro_margen_actual=35.31,pro_precio_venta=1299 WHERE pro_codigo_plu=780721403','',2,'2013-07-24'),(42476,'UPDATE mae_productos SET pro_margen_actual=32.89,pro_precio_venta=299 WHERE pro_codigo_plu=16529','',2,'2013-07-24'),(42477,'UPDATE mae_productos SET pro_margen_actual=38.64,pro_precio_venta=470 WHERE pro_codigo_plu=780721400','',2,'2013-07-24'),(42478,'UPDATE mae_productos SET pro_precio_fiscal=pro_precio_venta WHERE pro_codigo_plu=780721403','',2,'2013-07-24'),(42479,'UPDATE mae_productos SET pro_precio_fiscal=pro_precio_venta WHERE pro_codigo_plu=16529','',2,'2013-07-24'),(42480,'UPDATE mae_productos SET pro_precio_fiscal=pro_precio_venta WHERE pro_codigo_plu=780721400','',2,'2013-07-24'),(42481,'UPDATE mae_productos SET pro_precio_venta=499,pro_margen_actual=31.45, pro_precio_compra_bruto=379.61, pro_precio_compra_neto=319 WHERE pro_codigo_plu=780721404','',2,'2013-07-24'),(42482,'UPDATE mae_productos SET pro_precio_venta=1250,pro_margen_actual=31.59, pro_precio_compra_bruto=949.9, pro_precio_compra_neto=798.235294117647 WHERE pro_codigo_plu=780721405','',2,'2013-07-24'),(42483,'UPDATE mae_productos SET pro_precio_venta=5499,pro_margen_actual=50.52, pro_precio_compra_bruto=3653.3, pro_precio_compra_neto=3070 WHERE pro_codigo_plu=780721406','',2,'2013-07-24'),(42484,'UPDATE mae_productos SET pro_precio_venta=5790,pro_margen_actual=51.57, pro_precio_compra_bruto=3819.9, pro_precio_compra_neto=3210 WHERE pro_codigo_plu=780721407','',2,'2013-07-24'),(42485,'UPDATE mae_productos SET pro_precio_venta=5390,pro_margen_actual=53.02, pro_precio_compra_bruto=3522.4, pro_precio_compra_neto=2960 WHERE pro_codigo_plu=780721408','',2,'2013-07-24'),(42486,'UPDATE mae_productos SET pro_precio_venta=140,pro_margen_actual=36.8, pro_precio_compra_bruto=102.34, pro_precio_compra_neto=86 WHERE pro_codigo_plu=16897','',2,'2013-07-24'),(42487,'UPDATE mae_productos SET pro_precio_venta=140,pro_margen_actual=36.8, pro_precio_compra_bruto=102.34, pro_precio_compra_neto=86 WHERE pro_codigo_plu=16901','',2,'2013-07-24'),(42488,'UPDATE mae_productos SET pro_precio_venta=140,pro_margen_actual=35.48, pro_precio_compra_bruto=103.34, pro_precio_compra_neto=86.8403361344538 WHERE pro_codigo_plu=780721410','',2,'2013-07-24'),(42489,'UPDATE mae_productos SET pro_precio_venta=350,pro_margen_actual=33.69, pro_precio_compra_bruto=261.8, pro_precio_compra_neto=220 WHERE pro_codigo_plu=780721411','',2,'2013-07-24'),(42490,'UPDATE mae_productos SET pro_precio_venta=350,pro_margen_actual=33.69, pro_precio_compra_bruto=261.8, pro_precio_compra_neto=220 WHERE pro_codigo_plu=780721412','',2,'2013-07-24'),(42491,'UPDATE mae_productos SET pro_precio_venta=350,pro_margen_actual=33.69, pro_precio_compra_bruto=261.8, pro_precio_compra_neto=220 WHERE pro_codigo_plu=780721413','',2,'2013-07-24'),(42492,'UPDATE mae_productos SET pro_precio_venta=290,pro_margen_actual=33.17, pro_precio_compra_bruto=217.77, pro_precio_compra_neto=183 WHERE pro_codigo_plu=780721414','',2,'2013-07-24'),(42493,'UPDATE mae_productos SET pro_precio_venta=290,pro_margen_actual=33.17, pro_precio_compra_bruto=217.77, pro_precio_compra_neto=183 WHERE pro_codigo_plu=780721415','',2,'2013-07-24'),(42494,'UPDATE mae_productos SET pro_precio_venta=290,pro_margen_actual=33.17, pro_precio_compra_bruto=217.77, pro_precio_compra_neto=183 WHERE pro_codigo_plu=262072','',2,'2013-07-24'),(42495,'UPDATE mae_productos SET pro_precio_venta=1390,pro_margen_actual=29.89, pro_precio_compra_bruto=1070.1, pro_precio_compra_neto=899.243697478992 WHERE pro_codigo_plu=780721416','',2,'2013-07-24'),(42496,'UPDATE mae_productos SET pro_precio_fiscal=pro_precio_venta WHERE pro_codigo_plu=780721406','',2,'2013-07-24'),(42497,'UPDATE mae_productos SET pro_precio_fiscal=pro_precio_venta WHERE pro_codigo_plu=780721407','',2,'2013-07-24'),(42498,'UPDATE mae_productos SET pro_precio_fiscal=pro_precio_venta WHERE pro_codigo_plu=780721408','',2,'2013-07-24'),(42499,'UPDATE mae_productos SET pro_precio_fiscal=pro_precio_venta WHERE pro_codigo_plu=16897','',2,'2013-07-24'),(42500,'UPDATE mae_productos SET pro_precio_fiscal=pro_precio_venta WHERE pro_codigo_plu=16901','',2,'2013-07-24'),(42501,'UPDATE mae_productos SET pro_precio_fiscal=pro_precio_venta WHERE pro_codigo_plu=262072','',2,'2013-07-24'),(42502,'UPDATE mae_productos SET pro_precio_fiscal=pro_precio_venta WHERE pro_codigo_plu=780721413','',2,'2013-07-24'),(42503,'UPDATE mae_productos SET pro_precio_fiscal=pro_precio_venta WHERE pro_codigo_plu=780721411','',2,'2013-07-24'),(42504,'UPDATE mae_productos SET pro_precio_fiscal=pro_precio_venta WHERE pro_codigo_plu=780721412','',2,'2013-07-24'),(42505,'UPDATE mae_productos SET pro_precio_fiscal=pro_precio_venta WHERE pro_codigo_plu=780721414','',2,'2013-07-24'),(42506,'UPDATE mae_productos SET pro_precio_fiscal=pro_precio_venta WHERE pro_codigo_plu=780721415','',2,'2013-07-24'),(42507,'UPDATE mae_productos SET pro_precio_fiscal=pro_precio_venta WHERE pro_codigo_plu=780721410','',2,'2013-07-24'),(42508,'UPDATE mae_productos SET pro_precio_fiscal=pro_precio_venta WHERE pro_codigo_plu=780721416','',2,'2013-07-24'),(42509,'UPDATE mae_productos SET pro_precio_fiscal=pro_precio_venta WHERE pro_codigo_plu=780721405','',2,'2013-07-24'),(42510,'UPDATE mae_productos SET pro_precio_fiscal=pro_precio_venta WHERE pro_codigo_plu=780721404','',2,'2013-07-24'),(42511,'UPDATE mae_productos SET pro_precio_compra_bruto=379.61,pro_margen_actual=(pro_precio_venta-379.61)/379.61 * 100,pro_ultima_compra=@@@2013.07.24@@@,pro_ultimo_proveedor=@@@76170432-K@@@ WHERE pro_codigo_plu=780721404','',2,'2013-07-24'),(42512,'UPDATE mae_productos SET pro_precio_compra_bruto=949.9,pro_margen_actual=(pro_precio_venta-949.9)/949.9 * 100,pro_ultima_compra=@@@2013.07.24@@@,pro_ultimo_proveedor=@@@76170432-K@@@ WHERE pro_codigo_plu=780721405','',2,'2013-07-24'),(42513,'UPDATE mae_productos SET pro_precio_compra_bruto=3653.3,pro_margen_actual=(pro_precio_venta-3653.3)/3653.3 * 100,pro_ultima_compra=@@@2013.07.24@@@,pro_ultimo_proveedor=@@@76170432-K@@@ WHERE pro_codigo_plu=780721406','',2,'2013-07-24'),(42514,'UPDATE mae_productos SET pro_precio_compra_bruto=3819.9,pro_margen_actual=(pro_precio_venta-3819.9)/3819.9 * 100,pro_ultima_compra=@@@2013.07.24@@@,pro_ultimo_proveedor=@@@76170432-K@@@ WHERE pro_codigo_plu=780721407','',2,'2013-07-24'),(42515,'UPDATE mae_productos SET pro_precio_compra_bruto=3522.4,pro_margen_actual=(pro_precio_venta-3522.4)/3522.4 * 100,pro_ultima_compra=@@@2013.07.24@@@,pro_ultimo_proveedor=@@@76170432-K@@@ WHERE pro_codigo_plu=780721408','',2,'2013-07-24'),(42516,'UPDATE mae_productos SET pro_precio_compra_bruto=102.34,pro_margen_actual=(pro_precio_venta-102.34)/102.34 * 100,pro_ultima_compra=@@@2013.07.24@@@,pro_ultimo_proveedor=@@@76170432-K@@@ WHERE pro_codigo_plu=16897','',2,'2013-07-24'),(42517,'UPDATE mae_productos SET pro_precio_compra_bruto=102.34,pro_margen_actual=(pro_precio_venta-102.34)/102.34 * 100,pro_ultima_compra=@@@2013.07.24@@@,pro_ultimo_proveedor=@@@76170432-K@@@ WHERE pro_codigo_plu=16901','',2,'2013-07-24'),(42518,'UPDATE mae_productos SET pro_precio_compra_bruto=103.34,pro_margen_actual=(pro_precio_venta-103.34)/103.34 * 100,pro_ultima_compra=@@@2013.07.24@@@,pro_ultimo_proveedor=@@@76170432-K@@@ WHERE pro_codigo_plu=780721410','',2,'2013-07-24'),(42519,'UPDATE mae_productos SET pro_precio_compra_bruto=261.8,pro_margen_actual=(pro_precio_venta-261.8)/261.8 * 100,pro_ultima_compra=@@@2013.07.24@@@,pro_ultimo_proveedor=@@@76170432-K@@@ WHERE pro_codigo_plu=780721411','',2,'2013-07-24'),(42520,'UPDATE mae_productos SET pro_precio_compra_bruto=261.8,pro_margen_actual=(pro_precio_venta-261.8)/261.8 * 100,pro_ultima_compra=@@@2013.07.24@@@,pro_ultimo_proveedor=@@@76170432-K@@@ WHERE pro_codigo_plu=780721412','',2,'2013-07-24'),(42521,'UPDATE mae_productos SET pro_precio_compra_bruto=261.8,pro_margen_actual=(pro_precio_venta-261.8)/261.8 * 100,pro_ultima_compra=@@@2013.07.24@@@,pro_ultimo_proveedor=@@@76170432-K@@@ WHERE pro_codigo_plu=780721413','',2,'2013-07-24'),(42522,'UPDATE mae_productos SET pro_precio_compra_bruto=217.77,pro_margen_actual=(pro_precio_venta-217.77)/217.77 * 100,pro_ultima_compra=@@@2013.07.24@@@,pro_ultimo_proveedor=@@@76170432-K@@@ WHERE pro_codigo_plu=780721414','',2,'2013-07-24'),(42523,'UPDATE mae_productos SET pro_precio_compra_bruto=217.77,pro_margen_actual=(pro_precio_venta-217.77)/217.77 * 100,pro_ultima_compra=@@@2013.07.24@@@,pro_ultimo_proveedor=@@@76170432-K@@@ WHERE pro_codigo_plu=780721415','',2,'2013-07-24'),(42524,'UPDATE mae_productos SET pro_precio_compra_bruto=217.77,pro_margen_actual=(pro_precio_venta-217.77)/217.77 * 100,pro_ultima_compra=@@@2013.07.24@@@,pro_ultimo_proveedor=@@@76170432-K@@@ WHERE pro_codigo_plu=262072','',2,'2013-07-24'),(42525,'UPDATE mae_productos SET pro_precio_compra_bruto=1070.1,pro_margen_actual=(pro_precio_venta-1070.1)/1070.1 * 100,pro_ultima_compra=@@@2013.07.24@@@,pro_ultimo_proveedor=@@@76170432-K@@@ WHERE pro_codigo_plu=780721416','',2,'2013-07-24'),(42526,'INSERT INTO gne_vale_ferreteria (vfe_id,vfe_fecha,vfe_total,vfe_estado,vfe_entregado,usu_nusuario) VALUES (6125,@@@2013.07.24@@@,300,1,0,@@@m_martinez@@@)','',2,'2013-07-24'),(42527,'INSERT INTO gne_vale_ferreteria_mov (vfe_id,pro_codigo_plu,vfm_cantidad,vfm_unitario,vfm_total,vfm_entregado) VALUES (6125,78017090,1,300,300,@@@NO@@@)','',2,'2013-07-24'),(42528,'UPDATE mae_productos SET pro_precio_venta=1990,pro_margen_actual=40.53, pro_precio_compra_bruto=1416.1, pro_precio_compra_neto=1190 WHERE pro_codigo_plu=126','',2,'2013-07-24'),(42529,'UPDATE mae_productos SET pro_precio_venta=1999,pro_margen_actual=37.69, pro_precio_compra_bruto=1451.8, pro_precio_compra_neto=1220 WHERE pro_codigo_plu=102','',2,'2013-07-24'),(42530,'UPDATE mae_productos SET pro_precio_venta=899,pro_margen_actual=51.09, pro_precio_compra_bruto=595, pro_precio_compra_neto=500 WHERE pro_codigo_plu=107','',2,'2013-07-24'),(42531,'INSERT INTO mae_productos (pro_codigo_plu,pro_codigo_barra,pro_tipo,pro_nombre_producto,pro_nombre_corto,med_id,emb_id,pro_unidades_embalaje,dep_id,lin_id,mar_id,pro_precio_compra_neto,pro_precio_compra_bruto,pro_precio_venta,pro_margen_actual,pro_oferta,pro_fecha_inicio_oferta,pro_fecha_termino_oferta,pro_precio_oferta,pro_stock_minimo,pro_stock_critico,pro_entradas_bodega,pro_salidas_bodega,pro_mermas_bodega,pro_ajustes_bodega,pro_entradas_sv,pro_salidas_sv,pro_mermas_sv,pro_ajustes_sv,pro_activo,rec_numero,pro_unidad,pro_capacidad,pro_consumo_bodega,pro_consumo_sv,pro_estado,pro_funcion_plu,pro_flejes,pro_iva,pro_plu_asociado,pro_envase,pro_duracion,pro_numero_etiqueta) VALUES (780721417,@@@6908795809508@@@,@@@0@@@,@@@SET DESTORNILLADORES@@@,@@@SET DESTORNILLAD@@@,@@@1 @@@,@@@6 @@@,@@@6@@@,@@@24 @@@,@@@137@@@,@@@2507@@@,@@@0@@@,@@@0@@@,@@@2890@@@,@@@0@@@,@@@@@@,@@@2013.07.24@@@,@@@2013.07.24@@@,@@@0@@@,@@@0@@@,@@@0@@@,@@@0@@@,@@@0@@@,@@@0@@@,@@@0@@@,@@@0@@@,@@@0@@@,@@@0@@@,@@@0@@@,@@@1@@@,@@@0@@@,0,6,0,0,2,0,1,1,0,@@@NO@@@,0,0)','',2,'2013-07-24'),(42532,'DELETE FROM mae_impuestos_productos WHERE pro_codigo_plu=@@@780721417@@@','',2,'2013-07-24'),(42533,'UPDATE mae_productos SET pro_precio_fiscal=pro_precio_venta WHERE pro_codigo_plu=780721417','',2,'2013-07-24'),(42534,'INSERT INTO gne_vale_ferreteria (vfe_id,vfe_fecha,vfe_total,vfe_estado,vfe_entregado,usu_nusuario) VALUES (6126,@@@2013.07.24@@@,3040,1,0,@@@m_martinez@@@)','',2,'2013-07-24'),(42535,'INSERT INTO gne_vale_ferreteria_mov (vfe_id,pro_codigo_plu,vfm_cantidad,vfm_unitario,vfm_total,vfm_entregado) VALUES (6126,78017012,1,150,150,@@@NO@@@)','',2,'2013-07-24'),(42536,'INSERT INTO gne_vale_ferreteria_mov (vfe_id,pro_codigo_plu,vfm_cantidad,vfm_unitario,vfm_total,vfm_entregado) VALUES (6126,780721417,1,2890,2890,@@@NO@@@)','',2,'2013-07-24'),(42537,'UPDATE mae_productos SET pro_precio_fiscal=pro_precio_venta WHERE pro_codigo_plu=102','',2,'2013-07-24'),(42538,'UPDATE mae_productos SET pro_precio_fiscal=pro_precio_venta WHERE pro_codigo_plu=107','',2,'2013-07-24'),(42539,'UPDATE mae_productos SET pro_precio_fiscal=pro_precio_venta WHERE pro_codigo_plu=126','',2,'2013-07-24'),(42540,'UPDATE mae_productos SET pro_precio_compra_bruto=583.1,pro_margen_actual=(pro_precio_venta-583.1)/583.1 * 100,pro_ultima_compra=@@@2013.07.24@@@,pro_ultimo_proveedor=@@@79984240-8@@@ WHERE pro_codigo_plu=111','',2,'2013-07-24'),(42541,'UPDATE mae_productos SET pro_precio_compra_bruto=1416.1,pro_margen_actual=(pro_precio_venta-1416.1)/1416.1 * 100,pro_ultima_compra=@@@2013.07.24@@@,pro_ultimo_proveedor=@@@79984240-8@@@ WHERE pro_codigo_plu=126','',2,'2013-07-24'),(42542,'UPDATE mae_productos SET pro_precio_compra_bruto=1094.8,pro_margen_actual=(pro_precio_venta-1094.8)/1094.8 * 100,pro_ultima_compra=@@@2013.07.24@@@,pro_ultimo_proveedor=@@@79984240-8@@@ WHERE pro_codigo_plu=128','',2,'2013-07-24'),(42543,'UPDATE mae_productos SET pro_precio_compra_bruto=1451.8,pro_margen_actual=(pro_precio_venta-1451.8)/1451.8 * 100,pro_ultima_compra=@@@2013.07.24@@@,pro_ultimo_proveedor=@@@79984240-8@@@ WHERE pro_codigo_plu=102','',2,'2013-07-24'),(42544,'UPDATE mae_productos SET pro_precio_compra_bruto=987.7,pro_margen_actual=(pro_precio_venta-987.7)/987.7 * 100,pro_ultima_compra=@@@2013.07.24@@@,pro_ultimo_proveedor=@@@79984240-8@@@ WHERE pro_codigo_plu=208','',2,'2013-07-24'),(42545,'UPDATE mae_productos SET pro_precio_compra_bruto=595,pro_margen_actual=(pro_precio_venta-595)/595 * 100,pro_ultima_compra=@@@2013.07.24@@@,pro_ultimo_proveedor=@@@79984240-8@@@ WHERE pro_codigo_plu=107','',2,'2013-07-24'),(42546,'UPDATE mae_productos SET pro_precio_compra_bruto=1531.5,pro_margen_actual=(pro_precio_venta-1531.5)/1531.5 * 100,pro_ultima_compra=@@@2013.07.24@@@,pro_ultimo_proveedor=@@@79984240-8@@@ WHERE pro_codigo_plu=348','',2,'2013-07-24'),(42547,'UPDATE mae_productos SET pro_precio_compra_bruto=1644.9,pro_margen_actual=(pro_precio_venta-1644.9)/1644.9 * 100,pro_ultima_compra=@@@2013.07.24@@@,pro_ultimo_proveedor=@@@79984240-8@@@ WHERE pro_codigo_plu=765071','',2,'2013-07-24'),(42548,'UPDATE mae_productos SET pro_precio_compra_bruto=1592.2,pro_margen_actual=(pro_precio_venta-1592.2)/1592.2 * 100,pro_ultima_compra=@@@2013.07.24@@@,pro_ultimo_proveedor=@@@79984240-8@@@ WHERE pro_codigo_plu=333','',2,'2013-07-24'),(42549,'UPDATE mae_productos SET pro_precio_compra_bruto=2399,pro_margen_actual=(pro_precio_venta-2399)/2399 * 100,pro_ultima_compra=@@@2013.07.24@@@,pro_ultimo_proveedor=@@@79984240-8@@@ WHERE pro_codigo_plu=302','',2,'2013-07-24'),(42550,'UPDATE mae_productos SET pro_precio_compra_bruto=1192.3,pro_margen_actual=(pro_precio_venta-1192.3)/1192.3 * 100,pro_ultima_compra=@@@2013.07.24@@@,pro_ultimo_proveedor=@@@79984240-8@@@ WHERE pro_codigo_plu=355','',2,'2013-07-24'),(42551,'UPDATE mae_productos SET pro_precio_compra_bruto=1309,pro_margen_actual=(pro_precio_venta-1309)/1309 * 100,pro_ultima_compra=@@@2013.07.24@@@,pro_ultimo_proveedor=@@@79984240-8@@@ WHERE pro_codigo_plu=360','',2,'2013-07-24'),(42552,'UPDATE mae_productos SET pro_precio_compra_bruto=2102.7,pro_margen_actual=(pro_precio_venta-2102.7)/2102.7 * 100,pro_ultima_compra=@@@2013.07.24@@@,pro_ultimo_proveedor=@@@79984240-8@@@ WHERE pro_codigo_plu=337','',2,'2013-07-24'),(42553,'UPDATE mae_productos SET pro_precio_compra_bruto=2570,pro_margen_actual=(pro_precio_venta-2570)/2570 * 100,pro_ultima_compra=@@@2013.07.24@@@,pro_ultimo_proveedor=@@@79984240-8@@@ WHERE pro_codigo_plu=375','',2,'2013-07-24'),(42554,'UPDATE mae_productos SET pro_precio_compra_bruto=2856,pro_margen_actual=(pro_precio_venta-2856)/2856 * 100,pro_ultima_compra=@@@2013.07.24@@@,pro_ultimo_proveedor=@@@79984240-8@@@ WHERE pro_codigo_plu=344','',2,'2013-07-24'),(42555,'UPDATE mae_productos SET pro_precio_compra_bruto=1183.4,pro_margen_actual=(pro_precio_venta-1183.4)/1183.4 * 100,pro_ultima_compra=@@@2013.07.24@@@,pro_ultimo_proveedor=@@@79984240-8@@@ WHERE pro_codigo_plu=18559','',2,'2013-07-24'),(42556,'UPDATE mae_productos SET pro_precio_compra_bruto=1074.5,pro_margen_actual=(pro_precio_venta-1074.5)/1074.5 * 100,pro_ultima_compra=@@@2013.07.24@@@,pro_ultimo_proveedor=@@@79984240-8@@@ WHERE pro_codigo_plu=353','',2,'2013-07-24'),(42557,'UPDATE mae_productos SET pro_precio_compra_bruto=1785,pro_margen_actual=(pro_precio_venta-1785)/1785 * 100,pro_ultima_compra=@@@2013.07.24@@@,pro_ultimo_proveedor=@@@79953750-8@@@ WHERE pro_codigo_plu=368','',2,'2013-07-24'),(42558,'UPDATE mae_productos SET pro_precio_compra_bruto=3153.7,pro_margen_actual=(pro_precio_venta-3153.7)/3153.7 * 100,pro_ultima_compra=@@@2013.07.24@@@,pro_ultimo_proveedor=@@@79953750-8@@@ WHERE pro_codigo_plu=362','',2,'2013-07-24'),(42559,'UPDATE mae_productos SET pro_precio_compra_bruto=2915.6,pro_margen_actual=(pro_precio_venta-2915.6)/2915.6 * 100,pro_ultima_compra=@@@2013.07.24@@@,pro_ultimo_proveedor=@@@79953750-8@@@ WHERE pro_codigo_plu=211','',2,'2013-07-24'),(42560,'UPDATE mae_productos SET pro_precio_compra_bruto=3034.7,pro_margen_actual=(pro_precio_venta-3034.7)/3034.7 * 100,pro_ultima_compra=@@@2013.07.24@@@,pro_ultimo_proveedor=@@@79953750-8@@@ WHERE pro_codigo_plu=367','',2,'2013-07-24'),(42561,'INSERT INTO gne_vale_ferreteria (vfe_id,vfe_fecha,vfe_total,vfe_estado,vfe_entregado,usu_nusuario) VALUES (6127,@@@2013.07.24@@@,2790,1,0,@@@m_martinez@@@)','',2,'2013-07-24'),(42562,'INSERT INTO gne_vale_ferreteria_mov (vfe_id,pro_codigo_plu,vfm_cantidad,vfm_unitario,vfm_total,vfm_entregado) VALUES (6127,764907,1,2790,2790,@@@NO@@@)','',2,'2013-07-24'),(42563,'INSERT INTO gne_vale_ferreteria (vfe_id,vfe_fecha,vfe_total,vfe_estado,vfe_entregado,usu_nusuario) VALUES (6128,@@@2013.07.24@@@,1450,1,0,@@@m_martinez@@@)','',2,'2013-07-24'),(42564,'INSERT INTO gne_vale_ferreteria_mov (vfe_id,pro_codigo_plu,vfm_cantidad,vfm_unitario,vfm_total,vfm_entregado) VALUES (6128,15668,1,1450,1450,@@@NO@@@)','',2,'2013-07-24'),(42565,'INSERT INTO gne_vale_ferreteria (vfe_id,vfe_fecha,vfe_total,vfe_estado,vfe_entregado,usu_nusuario) VALUES (6129,@@@2013.07.24@@@,960,1,0,@@@m_martinez@@@)','',2,'2013-07-24'),(42566,'INSERT INTO gne_vale_ferreteria_mov (vfe_id,pro_codigo_plu,vfm_cantidad,vfm_unitario,vfm_total,vfm_entregado) VALUES (6129,15949,2,480,960,@@@NO@@@)','',2,'2013-07-24'),(42567,'INSERT INTO gne_vale_ferreteria (vfe_id,vfe_fecha,vfe_total,vfe_estado,vfe_entregado,usu_nusuario) VALUES (6130,@@@2013.07.24@@@,2100,1,0,@@@m_martinez@@@)','',2,'2013-07-24'),(42568,'INSERT INTO gne_vale_ferreteria_mov (vfe_id,pro_codigo_plu,vfm_cantidad,vfm_unitario,vfm_total,vfm_entregado) VALUES (6130,1518,1,2100,2100,@@@NO@@@)','',2,'2013-07-24'),(42569,'INSERT INTO gne_vale_ferreteria (vfe_id,vfe_fecha,vfe_total,vfe_estado,vfe_entregado,usu_nusuario) VALUES (6131,@@@2013.07.24@@@,2990,1,0,@@@m_martinez@@@)','',2,'2013-07-24'),(42570,'INSERT INTO gne_vale_ferreteria_mov (vfe_id,pro_codigo_plu,vfm_cantidad,vfm_unitario,vfm_total,vfm_entregado) VALUES (6131,102023,1,2990,2990,@@@NO@@@)','',2,'2013-07-24'),(42571,'UPDATE mae_productos SET pro_margen_actual=0,pro_precio_venta=2190 WHERE pro_codigo_plu=19547','',2,'2013-07-24'),(42572,'UPDATE mae_productos SET pro_precio_fiscal=pro_precio_venta WHERE pro_codigo_plu=19547','',2,'2013-07-24'),(42573,'UPDATE mae_productos SET pro_activo=@@@0@@@ WHERE pro_codigo_plu=@@@780721406@@@','',2,'2013-07-24'),(42574,'UPDATE mae_productos SET pro_activo=@@@0@@@ WHERE pro_codigo_plu=@@@780721407@@@','',2,'2013-07-24'),(42575,'UPDATE mae_productos SET pro_activo=@@@0@@@ WHERE pro_codigo_plu=@@@780721408@@@','',2,'2013-07-24'),(42576,'UPDATE mae_productos SET pro_codigo_barra=@@@408@@@,pro_tipo=@@@0@@@,pro_nombre_producto=@@@QUESO GOUDA LAMINADO BIOLECHE KG@@@,pro_nombre_corto=@@@QUESO GOUDA LAMI@@@,med_id=@@@2@@@,emb_id=@@@6@@@,pro_unidades_embalaje=@@@8@@@,dep_id=@@@13 @@@,lin_id=@@@81@@@,mar_id=@@@2679@@@,pro_precio_compra_neto=@@@3070@@@,pro_precio_compra_bruto=@@@3653.3@@@,pro_precio_venta=@@@5499@@@,pro_margen_actual=@@@50.52@@@,pro_oferta=@@@NO@@@,pro_fecha_inicio_oferta=@@@2006.09.07@@@,pro_fecha_termino_oferta=@@@2006.09.07@@@,pro_precio_oferta=@@@0@@@,pro_stock_minimo=@@@4@@@,pro_stock_critico=@@@1@@@,pro_activo=@@@1@@@,pro_unidad=@@@0@@@,pro_precio_compra_bruto=3653.3,pro_margen_actual=50.52,pro_capacidad=1,pro_funcion_plu=0,pro_flejes=1,pro_iva=1,pro_plu_asociado=0,pro_envase=@@@NO@@@,pro_duracion=0,pro_numero_etiqueta=0 WHERE pro_codigo_plu=@@@780721406@@@','',2,'2013-07-24'),(42577,'UPDATE mae_productos SET pro_estado=1 WHERE pro_codigo_plu=780721406','',2,'2013-07-24'),(42578,'DELETE FROM mae_impuestos_productos WHERE pro_codigo_plu=@@@780721406@@@','',2,'2013-07-24'),(42579,'UPDATE mae_productos SET pro_codigo_barra=@@@409@@@,pro_tipo=@@@0@@@,pro_nombre_producto=@@@QUESO MANTECOSO  LAMINADO BIOLECHE KG@@@,pro_nombre_corto=@@@QUESO MANTECOSO@@@,med_id=@@@2@@@,emb_id=@@@6@@@,pro_unidades_embalaje=@@@8@@@,dep_id=@@@13 @@@,lin_id=@@@81@@@,mar_id=@@@2679@@@,pro_precio_compra_neto=@@@3210@@@,pro_precio_compra_bruto=@@@3819.9@@@,pro_precio_venta=@@@5790@@@,pro_margen_actual=@@@51.57@@@,pro_oferta=@@@NO@@@,pro_fecha_inicio_oferta=@@@2006.09.07@@@,pro_fecha_termino_oferta=@@@2006.09.07@@@,pro_precio_oferta=@@@0@@@,pro_stock_minimo=@@@8@@@,pro_stock_critico=@@@1@@@,pro_activo=@@@1@@@,pro_unidad=@@@0@@@,pro_precio_compra_bruto=3819.9,pro_margen_actual=51.57,pro_capacidad=1,pro_funcion_plu=0,pro_flejes=1,pro_iva=1,pro_plu_asociado=0,pro_envase=@@@NO@@@,pro_duracion=0,pro_numero_etiqueta=0 WHERE pro_codigo_plu=@@@780721407@@@','',2,'2013-07-24'),(42580,'UPDATE mae_productos SET pro_estado=1 WHERE pro_codigo_plu=780721407','',2,'2013-07-24'),(42581,'DELETE FROM mae_impuestos_productos WHERE pro_codigo_plu=@@@780721407@@@','',2,'2013-07-24'),(42582,'UPDATE mae_productos SET pro_codigo_barra=@@@410@@@,pro_tipo=@@@0@@@,pro_nombre_producto=@@@QUESO MANTECOSO TROZO BIOLECHE KG@@@,pro_nombre_corto=@@@QUESO MANTECOSO@@@,med_id=@@@2@@@,emb_id=@@@6@@@,pro_unidades_embalaje=@@@2@@@,dep_id=@@@13 @@@,lin_id=@@@81@@@,mar_id=@@@2679@@@,pro_precio_compra_neto=@@@2960@@@,pro_precio_compra_bruto=@@@3522.4@@@,pro_precio_venta=@@@5390@@@,pro_margen_actual=@@@53.02@@@,pro_oferta=@@@NO@@@,pro_fecha_inicio_oferta=@@@2006.09.07@@@,pro_fecha_termino_oferta=@@@2006.09.07@@@,pro_precio_oferta=@@@0@@@,pro_stock_minimo=@@@2@@@,pro_stock_critico=@@@1@@@,pro_activo=@@@1@@@,pro_unidad=@@@1@@@,pro_precio_compra_bruto=3522.4,pro_margen_actual=53.02,pro_capacidad=3.19,pro_funcion_plu=1,pro_flejes=1,pro_iva=1,pro_plu_asociado=0,pro_envase=@@@NO@@@,pro_duracion=0,pro_numero_etiqueta=1 WHERE pro_codigo_plu=@@@780721408@@@','',2,'2013-07-24'),(42583,'UPDATE mae_productos SET pro_estado=1 WHERE pro_codigo_plu=780721408','',2,'2013-07-24'),(42584,'DELETE FROM mae_impuestos_productos WHERE pro_codigo_plu=@@@780721408@@@','',2,'2013-07-24'),(42585,'UPDATE mae_productos SET pro_codigo_barra=@@@780721406@@@,pro_tipo=@@@0@@@,pro_nombre_producto=@@@1.@@@,pro_nombre_corto=@@@1.@@@,med_id=@@@2@@@,emb_id=@@@6@@@,pro_unidades_embalaje=@@@8@@@,dep_id=@@@43 @@@,lin_id=@@@218@@@,mar_id=@@@2507@@@,pro_precio_compra_neto=@@@3070@@@,pro_precio_compra_bruto=@@@0@@@,pro_precio_venta=@@@1@@@,pro_margen_actual=@@@50.52@@@,pro_oferta=@@@NO@@@,pro_fecha_inicio_oferta=@@@2006.09.07@@@,pro_fecha_termino_oferta=@@@2006.09.07@@@,pro_precio_oferta=@@@0@@@,pro_stock_minimo=@@@4@@@,pro_stock_critico=@@@1@@@,pro_activo=@@@1@@@,pro_unidad=@@@0@@@,pro_precio_compra_bruto=0,pro_margen_actual=50.52,pro_capacidad=1,pro_funcion_plu=0,pro_flejes=1,pro_iva=1,pro_plu_asociado=0,pro_envase=@@@NO@@@,pro_duracion=0,pro_numero_etiqueta=0 WHERE pro_codigo_plu=@@@780721406@@@','',2,'2013-07-24'),(42586,'UPDATE mae_productos SET pro_estado=1 WHERE pro_codigo_plu=780721406','',2,'2013-07-24'),(42587,'DELETE FROM mae_impuestos_productos WHERE pro_codigo_plu=@@@780721406@@@','',2,'2013-07-24'),(42588,'INSERT INTO gne_vale_ferreteria (vfe_id,vfe_fecha,vfe_total,vfe_estado,vfe_entregado,usu_nusuario) VALUES (6132,@@@2013.07.24@@@,4990,1,0,@@@m_martinez@@@)','',2,'2013-07-24'),(42589,'INSERT INTO gne_vale_ferreteria_mov (vfe_id,pro_codigo_plu,vfm_cantidad,vfm_unitario,vfm_total,vfm_entregado) VALUES (6132,780721149,1,4990,4990,@@@NO@@@)','',2,'2013-07-24'),(42590,'INSERT INTO gne_vale_ferreteria (vfe_id,vfe_fecha,vfe_total,vfe_estado,vfe_entregado,usu_nusuario) VALUES (6133,@@@2013.07.24@@@,170,1,0,@@@m_martinez@@@)','',2,'2013-07-24'),(42591,'INSERT INTO gne_vale_ferreteria_mov (vfe_id,pro_codigo_plu,vfm_cantidad,vfm_unitario,vfm_total,vfm_entregado) VALUES (6133,78017026,1,90,90,@@@NO@@@)','',2,'2013-07-24'),(42592,'INSERT INTO gne_vale_ferreteria_mov (vfe_id,pro_codigo_plu,vfm_cantidad,vfm_unitario,vfm_total,vfm_entregado) VALUES (6133,764823,1,80,80,@@@NO@@@)','',2,'2013-07-24'),(42593,'INSERT INTO gne_vale_ferreteria (vfe_id,vfe_fecha,vfe_total,vfe_estado,vfe_entregado,usu_nusuario) VALUES (6134,@@@2013.07.24@@@,120,1,0,@@@m_martinez@@@)','',2,'2013-07-24'),(42594,'INSERT INTO gne_vale_ferreteria_mov (vfe_id,pro_codigo_plu,vfm_cantidad,vfm_unitario,vfm_total,vfm_entregado) VALUES (6134,78017191,3,40,120,@@@NO@@@)','',2,'2013-07-24'),(42595,'INSERT INTO gne_vale_ferreteria (vfe_id,vfe_fecha,vfe_total,vfe_estado,vfe_entregado,usu_nusuario) VALUES (6135,@@@2013.07.24@@@,30,1,0,@@@m_martinez@@@)','',2,'2013-07-24'),(42596,'INSERT INTO gne_vale_ferreteria_mov (vfe_id,pro_codigo_plu,vfm_cantidad,vfm_unitario,vfm_total,vfm_entregado) VALUES (6135,764770,1,30,30,@@@NO@@@)','',2,'2013-07-24'),(42597,'INSERT INTO mae_productos (pro_codigo_plu,pro_codigo_barra,pro_tipo,pro_nombre_producto,pro_nombre_corto,med_id,emb_id,pro_unidades_embalaje,dep_id,lin_id,mar_id,pro_precio_compra_neto,pro_precio_compra_bruto,pro_precio_venta,pro_margen_actual,pro_oferta,pro_fecha_inicio_oferta,pro_fecha_termino_oferta,pro_precio_oferta,pro_stock_minimo,pro_stock_critico,pro_entradas_bodega,pro_salidas_bodega,pro_mermas_bodega,pro_ajustes_bodega,pro_entradas_sv,pro_salidas_sv,pro_mermas_sv,pro_ajustes_sv,pro_activo,rec_numero,pro_unidad,pro_capacidad,pro_consumo_bodega,pro_consumo_sv,pro_estado,pro_funcion_plu,pro_flejes,pro_iva,pro_plu_asociado,pro_envase,pro_duracion,pro_numero_etiqueta) VALUES (408,@@@408@@@,@@@0@@@,@@@QUESO GAUDA LAMINADO BIOLECHE@@@,@@@QUESO GAUDA LAMI@@@,@@@2 @@@,@@@6 @@@,@@@8@@@,@@@13 @@@,@@@81@@@,@@@2679@@@,@@@0@@@,@@@0@@@,@@@5390@@@,@@@0@@@,@@@@@@,@@@2013.07.24@@@,@@@2013.07.24@@@,@@@0@@@,@@@4@@@,@@@2@@@,@@@0@@@,@@@0@@@,@@@0@@@,@@@0@@@,@@@0@@@,@@@0@@@,@@@0@@@,@@@0@@@,@@@1@@@,@@@0@@@,1,1,0,0,2,1,1,1,0,@@@NO@@@,0,1)','',2,'2013-07-24'),(42598,'DELETE FROM mae_impuestos_productos WHERE pro_codigo_plu=@@@408@@@','',2,'2013-07-24'),(42599,'UPDATE mae_productos SET pro_codigo_barra=@@@408@@@,pro_tipo=@@@0@@@,pro_nombre_producto=@@@QUESO GAUDA LAMINADO BIOLECHE@@@,pro_nombre_corto=@@@QUESO GAUDA LAMI@@@,med_id=@@@2@@@,emb_id=@@@6@@@,pro_unidades_embalaje=@@@8@@@,dep_id=@@@13 @@@,lin_id=@@@81@@@,mar_id=@@@2679@@@,pro_precio_compra_neto=@@@0@@@,pro_precio_compra_bruto=@@@0@@@,pro_precio_venta=@@@5499@@@,pro_margen_actual=@@@0@@@,pro_oferta=@@@NO@@@,pro_fecha_inicio_oferta=@@@2013.07.24@@@,pro_fecha_termino_oferta=@@@2013.07.24@@@,pro_precio_oferta=@@@0@@@,pro_stock_minimo=@@@4@@@,pro_stock_critico=@@@2@@@,pro_activo=@@@1@@@,pro_unidad=@@@1@@@,pro_precio_compra_bruto=0,pro_margen_actual=0,pro_capacidad=1,pro_funcion_plu=1,pro_flejes=1,pro_iva=1,pro_plu_asociado=0,pro_envase=@@@NO@@@,pro_duracion=0,pro_numero_etiqueta=1 WHERE pro_codigo_plu=@@@408@@@','',2,'2013-07-24'),(42600,'UPDATE mae_productos SET pro_estado=1 WHERE pro_codigo_plu=408','',2,'2013-07-24'),(42601,'DELETE FROM mae_impuestos_productos WHERE pro_codigo_plu=@@@408@@@','',2,'2013-07-24'),(42602,'INSERT INTO gne_vale_ferreteria (vfe_id,vfe_fecha,vfe_total,vfe_estado,vfe_entregado,usu_nusuario) VALUES (6136,@@@2013.07.24@@@,290,1,0,@@@m_martinez@@@)','',2,'2013-07-24'),(42603,'INSERT INTO gne_vale_ferreteria_mov (vfe_id,pro_codigo_plu,vfm_cantidad,vfm_unitario,vfm_total,vfm_entregado) VALUES (6136,1559,1,290,290,@@@NO@@@)','',2,'2013-07-24'),(42604,'UPDATE mae_productos SET pro_codigo_barra=@@@780721407@@@,pro_tipo=@@@0@@@,pro_nombre_producto=@@@QUESO MANTECOSO  LAMINADO BIOLECHE KG@@@,pro_nombre_corto=@@@QUESO MANTECOSO@@@,med_id=@@@2@@@,emb_id=@@@6@@@,pro_unidades_embalaje=@@@8@@@,dep_id=@@@13 @@@,lin_id=@@@81@@@,mar_id=@@@2679@@@,pro_precio_compra_neto=@@@3210@@@,pro_precio_compra_bruto=@@@3819.9@@@,pro_precio_venta=@@@5790@@@,pro_margen_actual=@@@51.57@@@,pro_oferta=@@@NO@@@,pro_fecha_inicio_oferta=@@@2006.09.07@@@,pro_fecha_termino_oferta=@@@2006.09.07@@@,pro_precio_oferta=@@@0@@@,pro_stock_minimo=@@@8@@@,pro_stock_critico=@@@1@@@,pro_activo=@@@1@@@,pro_unidad=@@@0@@@,pro_precio_compra_bruto=3819.9,pro_margen_actual=51.57,pro_capacidad=1,pro_funcion_plu=0,pro_flejes=1,pro_iva=1,pro_plu_asociado=0,pro_envase=@@@NO@@@,pro_duracion=0,pro_numero_etiqueta=0 WHERE pro_codigo_plu=@@@780721407@@@','',2,'2013-07-24'),(42605,'UPDATE mae_productos SET pro_estado=1 WHERE pro_codigo_plu=780721407','',2,'2013-07-24'),(42606,'DELETE FROM mae_impuestos_productos WHERE pro_codigo_plu=@@@780721407@@@','',2,'2013-07-24'),(42607,'INSERT INTO mae_productos (pro_codigo_plu,pro_codigo_barra,pro_tipo,pro_nombre_producto,pro_nombre_corto,med_id,emb_id,pro_unidades_embalaje,dep_id,lin_id,mar_id,pro_precio_compra_neto,pro_precio_compra_bruto,pro_precio_venta,pro_margen_actual,pro_oferta,pro_fecha_inicio_oferta,pro_fecha_termino_oferta,pro_precio_oferta,pro_stock_minimo,pro_stock_critico,pro_entradas_bodega,pro_salidas_bodega,pro_mermas_bodega,pro_ajustes_bodega,pro_entradas_sv,pro_salidas_sv,pro_mermas_sv,pro_ajustes_sv,pro_activo,rec_numero,pro_unidad,pro_capacidad,pro_consumo_bodega,pro_consumo_sv,pro_estado,pro_funcion_plu,pro_flejes,pro_iva,pro_plu_asociado,pro_envase,pro_duracion,pro_numero_etiqueta) VALUES (409,@@@409@@@,@@@0@@@,@@@QUESO MANTECOSO LAM BIOLECHE@@@,@@@QUESO MANTECOSO @@@,@@@2 @@@,@@@6 @@@,@@@8@@@,@@@13 @@@,@@@81@@@,@@@2679@@@,@@@0@@@,@@@3819.9@@@,@@@5790@@@,@@@51.57@@@,@@@@@@,@@@2013.07.24@@@,@@@2013.07.24@@@,@@@0@@@,@@@5@@@,@@@2@@@,@@@0@@@,@@@0@@@,@@@0@@@,@@@0@@@,@@@0@@@,@@@0@@@,@@@0@@@,@@@0@@@,@@@1@@@,@@@0@@@,1,1,0,0,2,1,1,1,0,@@@NO@@@,0,1)','',2,'2013-07-24'),(42608,'DELETE FROM mae_impuestos_productos WHERE pro_codigo_plu=@@@409@@@','',2,'2013-07-24'),(42609,'UPDATE mae_productos SET pro_codigo_barra=@@@780721408@@@,pro_tipo=@@@0@@@,pro_nombre_producto=@@@QUESO MANTECOSO TROZO BIOLECHE KG@@@,pro_nombre_corto=@@@QUESO MANTECOSO@@@,med_id=@@@2@@@,emb_id=@@@6@@@,pro_unidades_embalaje=@@@2@@@,dep_id=@@@13 @@@,lin_id=@@@81@@@,mar_id=@@@2679@@@,pro_precio_compra_neto=@@@2960@@@,pro_precio_compra_bruto=@@@3522.4@@@,pro_precio_venta=@@@5390@@@,pro_margen_actual=@@@53.02@@@,pro_oferta=@@@NO@@@,pro_fecha_inicio_oferta=@@@2006.09.07@@@,pro_fecha_termino_oferta=@@@2006.09.07@@@,pro_precio_oferta=@@@0@@@,pro_stock_minimo=@@@2@@@,pro_stock_critico=@@@1@@@,pro_activo=@@@1@@@,pro_unidad=@@@1@@@,pro_precio_compra_bruto=3522.4,pro_margen_actual=53.02,pro_capacidad=3.19,pro_funcion_plu=1,pro_flejes=1,pro_iva=1,pro_plu_asociado=0,pro_envase=@@@NO@@@,pro_duracion=0,pro_numero_etiqueta=1 WHERE pro_codigo_plu=@@@780721408@@@','',2,'2013-07-24'),(42610,'UPDATE mae_productos SET pro_estado=1 WHERE pro_codigo_plu=780721408','',2,'2013-07-24'),(42611,'DELETE FROM mae_impuestos_productos WHERE pro_codigo_plu=@@@780721408@@@','',2,'2013-07-24'),(42612,'INSERT INTO gne_vale_ferreteria (vfe_id,vfe_fecha,vfe_total,vfe_estado,vfe_entregado,usu_nusuario) VALUES (6137,@@@2013.07.24@@@,540,1,0,@@@m_martinez@@@)','',2,'2013-07-24'),(42613,'INSERT INTO gne_vale_ferreteria_mov (vfe_id,pro_codigo_plu,vfm_cantidad,vfm_unitario,vfm_total,vfm_entregado) VALUES (6137,19916,1,540,540,@@@NO@@@)','',2,'2013-07-24'),(42614,'INSERT INTO mae_productos (pro_codigo_plu,pro_codigo_barra,pro_tipo,pro_nombre_producto,pro_nombre_corto,med_id,emb_id,pro_unidades_embalaje,dep_id,lin_id,mar_id,pro_precio_compra_neto,pro_precio_compra_bruto,pro_precio_venta,pro_margen_actual,pro_oferta,pro_fecha_inicio_oferta,pro_fecha_termino_oferta,pro_precio_oferta,pro_stock_minimo,pro_stock_critico,pro_entradas_bodega,pro_salidas_bodega,pro_mermas_bodega,pro_ajustes_bodega,pro_entradas_sv,pro_salidas_sv,pro_mermas_sv,pro_ajustes_sv,pro_activo,rec_numero,pro_unidad,pro_capacidad,pro_consumo_bodega,pro_consumo_sv,pro_estado,pro_funcion_plu,pro_flejes,pro_iva,pro_plu_asociado,pro_envase,pro_duracion,pro_numero_etiqueta) VALUES (410,@@@410@@@,@@@0@@@,@@@QUESO MANTECOSO TROZO BIOLECHE @@@,@@@QUESO MANTECOSO @@@,@@@2 @@@,@@@7 @@@,@@@3@@@,@@@13 @@@,@@@81@@@,@@@2679@@@,@@@0@@@,@@@0@@@,@@@5390@@@,@@@0@@@,@@@@@@,@@@2013.07.24@@@,@@@2013.07.24@@@,@@@0@@@,@@@2@@@,@@@1@@@,@@@0@@@,@@@0@@@,@@@0@@@,@@@0@@@,@@@0@@@,@@@0@@@,@@@0@@@,@@@0@@@,@@@1@@@,@@@0@@@,1,1,0,0,2,1,1,1,0,@@@NO@@@,0,1)','',2,'2013-07-24'),(42615,'DELETE FROM mae_impuestos_productos WHERE pro_codigo_plu=@@@410@@@','',2,'2013-07-24'),(42616,'UPDATE mae_productos SET pro_precio_fiscal=pro_precio_venta WHERE pro_codigo_plu=408','',2,'2013-07-24'),(42617,'UPDATE mae_productos SET pro_precio_fiscal=pro_precio_venta WHERE pro_codigo_plu=409','',2,'2013-07-24'),(42618,'UPDATE mae_productos SET pro_precio_fiscal=pro_precio_venta WHERE pro_codigo_plu=410','',2,'2013-07-24'),(42619,'INSERT INTO gne_vale_ferreteria (vfe_id,vfe_fecha,vfe_total,vfe_estado,vfe_entregado,usu_nusuario) VALUES (6138,@@@2013.07.25@@@,540,1,0,@@@m_martinez@@@)','',2,'2013-07-25'),(42620,'INSERT INTO gne_vale_ferreteria_mov (vfe_id,pro_codigo_plu,vfm_cantidad,vfm_unitario,vfm_total,vfm_entregado) VALUES (6138,19916,1,540,540,@@@NO@@@)','',2,'2013-07-25'),(42621,'INSERT INTO gne_vale_ferreteria (vfe_id,vfe_fecha,vfe_total,vfe_estado,vfe_entregado,usu_nusuario) VALUES (6139,@@@2013.07.25@@@,5680,1,0,@@@m_martinez@@@)','',2,'2013-07-25'),(42622,'INSERT INTO gne_vale_ferreteria_mov (vfe_id,pro_codigo_plu,vfm_cantidad,vfm_unitario,vfm_total,vfm_entregado) VALUES (6139,20476,1,1690,1690,@@@NO@@@)','',2,'2013-07-25'),(42623,'INSERT INTO gne_vale_ferreteria_mov (vfe_id,pro_codigo_plu,vfm_cantidad,vfm_unitario,vfm_total,vfm_entregado) VALUES (6139,18822,1,3990,3990,@@@NO@@@)','',2,'2013-07-25'),(42624,'INSERT INTO gne_vale_ferreteria (vfe_id,vfe_fecha,vfe_total,vfe_estado,vfe_entregado,usu_nusuario) VALUES (6140,@@@2013.07.25@@@,1050,1,0,@@@m_martinez@@@)','',2,'2013-07-25'),(42625,'INSERT INTO gne_vale_ferreteria_mov (vfe_id,pro_codigo_plu,vfm_cantidad,vfm_unitario,vfm_total,vfm_entregado) VALUES (6140,764243,1,1050,1050,@@@NO@@@)','',2,'2013-07-25'),(42626,'INSERT INTO gne_vale_ferreteria (vfe_id,vfe_fecha,vfe_total,vfe_estado,vfe_entregado,usu_nusuario) VALUES (6141,@@@2013.07.25@@@,60,1,0,@@@m_martinez@@@)','',2,'2013-07-25'),(42627,'INSERT INTO gne_vale_ferreteria_mov (vfe_id,pro_codigo_plu,vfm_cantidad,vfm_unitario,vfm_total,vfm_entregado) VALUES (6141,764770,2,30,60,@@@NO@@@)','',2,'2013-07-25'),(42628,'INSERT INTO mae_productos (pro_codigo_plu,pro_codigo_barra,pro_tipo,pro_nombre_producto,pro_nombre_corto,med_id,emb_id,pro_unidades_embalaje,dep_id,lin_id,mar_id,pro_precio_compra_neto,pro_precio_compra_bruto,pro_precio_venta,pro_margen_actual,pro_oferta,pro_fecha_inicio_oferta,pro_fecha_termino_oferta,pro_precio_oferta,pro_stock_minimo,pro_stock_critico,pro_entradas_bodega,pro_salidas_bodega,pro_mermas_bodega,pro_ajustes_bodega,pro_entradas_sv,pro_salidas_sv,pro_mermas_sv,pro_ajustes_sv,pro_activo,rec_numero,pro_unidad,pro_capacidad,pro_consumo_bodega,pro_consumo_sv,pro_estado,pro_funcion_plu,pro_flejes,pro_iva,pro_plu_asociado,pro_envase,pro_duracion,pro_numero_etiqueta) VALUES (780721418,@@@780721418@@@,@@@0@@@,@@@AUTO DEPORTIVO ROJO@@@,@@@AUTO DEPORTIVO R@@@,@@@1 @@@,@@@6 @@@,@@@1@@@,@@@24 @@@,@@@207@@@,@@@2507@@@,@@@0@@@,@@@0@@@,@@@1990@@@,@@@0@@@,@@@@@@,@@@2013.07.25@@@,@@@2013.07.25@@@,@@@0@@@,@@@2@@@,@@@1@@@,@@@0@@@,@@@0@@@,@@@0@@@,@@@0@@@,@@@0@@@,@@@0@@@,@@@0@@@,@@@0@@@,@@@1@@@,@@@0@@@,0,1,0,0,2,0,1,1,0,@@@NO@@@,0,0)','',2,'2013-07-25'),(42629,'DELETE FROM mae_impuestos_productos WHERE pro_codigo_plu=@@@780721418@@@','',2,'2013-07-25'),(42630,'INSERT INTO gne_vale_ferreteria (vfe_id,vfe_fecha,vfe_total,vfe_estado,vfe_entregado,usu_nusuario) VALUES (6142,@@@2013.07.25@@@,890,1,0,@@@m_martinez@@@)','',2,'2013-07-25'),(42631,'INSERT INTO gne_vale_ferreteria_mov (vfe_id,pro_codigo_plu,vfm_cantidad,vfm_unitario,vfm_total,vfm_entregado) VALUES (6142,762114,1,890,890,@@@NO@@@)','',2,'2013-07-25'),(42632,'INSERT INTO gne_vale_ferreteria (vfe_id,vfe_fecha,vfe_total,vfe_estado,vfe_entregado,usu_nusuario) VALUES (6143,@@@2013.07.25@@@,1990,1,0,@@@m_martinez@@@)','',2,'2013-07-25'),(42633,'INSERT INTO gne_vale_ferreteria_mov (vfe_id,pro_codigo_plu,vfm_cantidad,vfm_unitario,vfm_total,vfm_entregado) VALUES (6143,7653,1,1990,1990,@@@NO@@@)','',2,'2013-07-25'),(42634,'INSERT INTO mae_productos (pro_codigo_plu,pro_codigo_barra,pro_tipo,pro_nombre_producto,pro_nombre_corto,med_id,emb_id,pro_unidades_embalaje,dep_id,lin_id,mar_id,pro_precio_compra_neto,pro_precio_compra_bruto,pro_precio_venta,pro_margen_actual,pro_oferta,pro_fecha_inicio_oferta,pro_fecha_termino_oferta,pro_precio_oferta,pro_stock_minimo,pro_stock_critico,pro_entradas_bodega,pro_salidas_bodega,pro_mermas_bodega,pro_ajustes_bodega,pro_entradas_sv,pro_salidas_sv,pro_mermas_sv,pro_ajustes_sv,pro_activo,rec_numero,pro_unidad,pro_capacidad,pro_consumo_bodega,pro_consumo_sv,pro_estado,pro_funcion_plu,pro_flejes,pro_iva,pro_plu_asociado,pro_envase,pro_duracion,pro_numero_etiqueta) VALUES (780721419,@@@6921646670836@@@,@@@0@@@,@@@JEEP NEGROS@@@,@@@JEEP NEGROS@@@,@@@1 @@@,@@@6 @@@,@@@2@@@,@@@24 @@@,@@@207@@@,@@@2507@@@,@@@0@@@,@@@0@@@,@@@1390@@@,@@@0@@@,@@@@@@,@@@2013.07.25@@@,@@@2013.07.25@@@,@@@0@@@,@@@2@@@,@@@1@@@,@@@0@@@,@@@0@@@,@@@0@@@,@@@0@@@,@@@0@@@,@@@0@@@,@@@0@@@,@@@0@@@,@@@1@@@,@@@0@@@,0,1,0,0,2,0,1,1,0,@@@NO@@@,0,0)','',2,'2013-07-25'),(42635,'DELETE FROM mae_impuestos_productos WHERE pro_codigo_plu=@@@780721419@@@','',2,'2013-07-25'),(42636,'INSERT INTO gne_vale_ferreteria (vfe_id,vfe_fecha,vfe_total,vfe_estado,vfe_entregado,usu_nusuario) VALUES (6144,@@@2013.07.25@@@,160,1,0,@@@m_martinez@@@)','',2,'2013-07-25'),(42637,'INSERT INTO gne_vale_ferreteria_mov (vfe_id,pro_codigo_plu,vfm_cantidad,vfm_unitario,vfm_total,vfm_entregado) VALUES (6144,78017191,4,40,160,@@@NO@@@)','',2,'2013-07-25'),(42638,'INSERT INTO gne_vale_ferreteria (vfe_id,vfe_fecha,vfe_total,vfe_estado,vfe_entregado,usu_nusuario) VALUES (6145,@@@2013.07.25@@@,840,1,0,@@@m_martinez@@@)','',2,'2013-07-25'),(42639,'INSERT INTO gne_vale_ferreteria_mov (vfe_id,pro_codigo_plu,vfm_cantidad,vfm_unitario,vfm_total,vfm_entregado) VALUES (6145,11670,1,840,840,@@@NO@@@)','',2,'2013-07-25'),(42640,'INSERT INTO gne_vale_ferreteria (vfe_id,vfe_fecha,vfe_total,vfe_estado,vfe_entregado,usu_nusuario) VALUES (6146,@@@2013.07.25@@@,390,1,0,@@@m_martinez@@@)','',2,'2013-07-25'),(42641,'INSERT INTO gne_vale_ferreteria_mov (vfe_id,pro_codigo_plu,vfm_cantidad,vfm_unitario,vfm_total,vfm_entregado) VALUES (6146,78017020,1,390,390,@@@NO@@@)','',2,'2013-07-25'),(42642,'INSERT INTO gne_vale_ferreteria (vfe_id,vfe_fecha,vfe_total,vfe_estado,vfe_entregado,usu_nusuario) VALUES (6147,@@@2013.07.25@@@,1,1,0,@@@m_martinez@@@)','',2,'2013-07-25'),(42643,'INSERT INTO gne_vale_ferreteria_mov (vfe_id,pro_codigo_plu,vfm_cantidad,vfm_unitario,vfm_total,vfm_entregado) VALUES (6147,2500,1,1,1,@@@NO@@@)','',2,'2013-07-25'),(42644,'UPDATE mae_productos SET pro_margen_actual=0,pro_precio_venta=1 WHERE pro_codigo_plu=780721406','',2,'2013-07-25'),(42645,'UPDATE mae_productos SET pro_margen_actual=0,pro_precio_venta=1990 WHERE pro_codigo_plu=780721418','',2,'2013-07-25'),(42646,'UPDATE mae_productos SET pro_margen_actual=0,pro_precio_venta=1390 WHERE pro_codigo_plu=780721419','',2,'2013-07-25'),(42647,'UPDATE mae_productos SET pro_margen_actual=51.57,pro_precio_venta=5790 WHERE pro_codigo_plu=780721407','',2,'2013-07-25'),(42648,'UPDATE mae_productos SET pro_margen_actual=53.02,pro_precio_venta=5390 WHERE pro_codigo_plu=780721408','',2,'2013-07-25'),(42649,'UPDATE mae_productos SET pro_margen_actual=0,pro_precio_venta=450 WHERE pro_codigo_plu=610','',2,'2013-07-25'),(42650,'UPDATE mae_productos SET pro_precio_fiscal=pro_precio_venta WHERE pro_codigo_plu=610','',2,'2013-07-25'),(42651,'UPDATE mae_productos SET pro_margen_actual=0,pro_precio_venta=650 WHERE pro_codigo_plu=611','',2,'2013-07-25'),(42652,'UPDATE mae_productos SET pro_precio_fiscal=pro_precio_venta WHERE pro_codigo_plu=611','',2,'2013-07-25'),(42653,'INSERT INTO gne_vale_ferreteria (vfe_id,vfe_fecha,vfe_total,vfe_estado,vfe_entregado,usu_nusuario) VALUES (6148,@@@2013.07.25@@@,2380,1,0,@@@S_BIZAMA@@@)','',2,'2013-07-25'),(42654,'INSERT INTO gne_vale_ferreteria_mov (vfe_id,pro_codigo_plu,vfm_cantidad,vfm_unitario,vfm_total,vfm_entregado) VALUES (6148,763767,1,690,690,@@@NO@@@)','',2,'2013-07-25'),(42655,'INSERT INTO gne_vale_ferreteria_mov (vfe_id,pro_codigo_plu,vfm_cantidad,vfm_unitario,vfm_total,vfm_entregado) VALUES (6148,20476,1,1690,1690,@@@NO@@@)','',2,'2013-07-25'),(42656,'INSERT INTO mae_productos (pro_codigo_plu,pro_codigo_barra,pro_tipo,pro_nombre_producto,pro_nombre_corto,med_id,emb_id,pro_unidades_embalaje,dep_id,lin_id,mar_id,pro_precio_compra_neto,pro_precio_compra_bruto,pro_precio_venta,pro_margen_actual,pro_oferta,pro_fecha_inicio_oferta,pro_fecha_termino_oferta,pro_precio_oferta,pro_stock_minimo,pro_stock_critico,pro_entradas_bodega,pro_salidas_bodega,pro_mermas_bodega,pro_ajustes_bodega,pro_entradas_sv,pro_salidas_sv,pro_mermas_sv,pro_ajustes_sv,pro_activo,rec_numero,pro_unidad,pro_capacidad,pro_consumo_bodega,pro_consumo_sv,pro_estado,pro_funcion_plu,pro_flejes,pro_iva,pro_plu_asociado,pro_envase,pro_duracion,pro_numero_etiqueta) VALUES (615,@@@615@@@,@@@0@@@,@@@ALCACHOFA X 1 UND@@@,@@@ALCACHOFA X 1 UN@@@,@@@1 @@@,@@@9 @@@,@@@1@@@,@@@18 @@@,@@@98@@@,@@@2507@@@,@@@0@@@,@@@200@@@,@@@300@@@,@@@50@@@,@@@@@@,@@@2013.07.25@@@,@@@2013.07.25@@@,@@@0@@@,@@@1@@@,@@@1@@@,@@@0@@@,@@@0@@@,@@@0@@@,@@@0@@@,@@@0@@@,@@@0@@@,@@@0@@@,@@@0@@@,@@@1@@@,@@@0@@@,0,1,0,0,2,0,1,1,0,@@@NO@@@,0,0)','',2,'2013-07-25'),(42657,'DELETE FROM mae_impuestos_productos WHERE pro_codigo_plu=@@@615@@@','',2,'2013-07-25'),(42658,'UPDATE mae_productos SET pro_precio_fiscal=pro_precio_venta WHERE pro_codigo_plu=615','',2,'2013-07-25'),(42659,'UPDATE mae_productos SET pro_precio_fiscal=pro_precio_venta WHERE pro_codigo_plu=780721419','',2,'2013-07-25'),(42660,'UPDATE mae_productos SET pro_precio_fiscal=pro_precio_venta WHERE pro_codigo_plu=780721418','',2,'2013-07-25'),(42661,'INSERT INTO gne_vale_ferreteria (vfe_id,vfe_fecha,vfe_total,vfe_estado,vfe_entregado,usu_nusuario) VALUES (6149,@@@2013.07.25@@@,1,1,0,@@@S_BIZAMA@@@)','',2,'2013-07-25'),(42662,'INSERT INTO gne_vale_ferreteria_mov (vfe_id,pro_codigo_plu,vfm_cantidad,vfm_unitario,vfm_total,vfm_entregado) VALUES (6149,2500,1,1,1,@@@NO@@@)','',2,'2013-07-25'),(42663,'UPDATE mae_productos SET pro_margen_actual=0,pro_precio_venta=160 WHERE pro_codigo_plu=12807','',2,'2013-07-25'),(42664,'UPDATE mae_productos SET pro_precio_fiscal=pro_precio_venta WHERE pro_codigo_plu=12807','',2,'2013-07-25'),(42665,'INSERT INTO gne_vale_ferreteria (vfe_id,vfe_fecha,vfe_total,vfe_estado,vfe_entregado,usu_nusuario) VALUES (6150,@@@2013.07.25@@@,160,1,0,@@@S_BIZAMA@@@)','',2,'2013-07-25'),(42666,'INSERT INTO gne_vale_ferreteria_mov (vfe_id,pro_codigo_plu,vfm_cantidad,vfm_unitario,vfm_total,vfm_entregado) VALUES (6150,12807,1,160,160,@@@NO@@@)','',2,'2013-07-25'),(42667,'INSERT INTO gne_vale_ferreteria (vfe_id,vfe_fecha,vfe_total,vfe_estado,vfe_entregado,usu_nusuario) VALUES (6151,@@@2013.07.25@@@,2280,1,0,@@@S_BIZAMA@@@)','',2,'2013-07-25'),(42668,'INSERT INTO gne_vale_ferreteria_mov (vfe_id,pro_codigo_plu,vfm_cantidad,vfm_unitario,vfm_total,vfm_entregado) VALUES (6151,21116,2,620,1240,@@@NO@@@)','',2,'2013-07-25'),(42669,'INSERT INTO gne_vale_ferreteria_mov (vfe_id,pro_codigo_plu,vfm_cantidad,vfm_unitario,vfm_total,vfm_entregado) VALUES (6151,12083,4,260,1040,@@@NO@@@)','',2,'2013-07-25'),(42670,'UPDATE mae_productos SET pro_margen_actual=0,pro_precio_venta=599 WHERE pro_codigo_plu=572','',2,'2013-07-25'),(42671,'UPDATE mae_productos SET pro_margen_actual=0,pro_precio_venta=599 WHERE pro_codigo_plu=573','',2,'2013-07-25'),(42672,'UPDATE mae_productos SET pro_margen_actual=0,pro_precio_venta=299 WHERE pro_codigo_plu=530','',2,'2013-07-25'),(42673,'UPDATE mae_productos SET pro_margen_actual=0,pro_precio_venta=475 WHERE pro_codigo_plu=610','',2,'2013-07-25'),(42674,'UPDATE mae_productos SET pro_precio_fiscal=pro_precio_venta WHERE pro_codigo_plu=530','',2,'2013-07-25'),(42675,'UPDATE mae_productos SET pro_precio_fiscal=pro_precio_venta WHERE pro_codigo_plu=572','',2,'2013-07-25'),(42676,'UPDATE mae_productos SET pro_precio_fiscal=pro_precio_venta WHERE pro_codigo_plu=573','',2,'2013-07-25'),(42677,'UPDATE mae_productos SET pro_precio_fiscal=pro_precio_venta WHERE pro_codigo_plu=610','',2,'2013-07-25'),(42678,'UPDATE gpr_pack_virtual SET pav_nombre=@@@PACK NESTLE CHOCAPIC + ZUCOSOS 3 X $899@@@,pav_total_pack=899,pav_total_descuento=61,pav_desde=@@@2013-07-09@@@,pav_hasta=@@@2013-08-08@@@,pav_tipo=@@@PA@@@,pav_precio=320,pav_lleva=3,pav_paga=2.809,pav_descuento=0.191,pav_porcentaje=1,pav_oferta_exclusiva=@@@NO@@@,pav_agotar_stock=@@@SI@@@,pav_stock=100,pav_costo=702,pav_margen=28.06 WHERE pav_id=24','',2,'2013-07-25'),(42679,'DELETE FROM gpr_pack_virtual_mov WHERE pav_id=24','',2,'2013-07-25'),(42680,'DELETE FROM gpr_pack_virtual_horario WHERE pav_id=24','',2,'2013-07-25'),(42681,'INSERT INTO gpr_pack_virtual_mov (pav_id,pro_codigo_plu,pvm_precio,pvm_total,pvm_lleva,pvm_paga,pvm_descuento,pvm_porcentaje,pvm_total_normal,pvm_descuento_linea,pvm_costo,pvm_margen) VALUES (24,780721183,320,0,1,1,0,0,320,20.3333333333333,234,28.06),(24,763580,320,0,1,1,0,0,320,20.3333333333333,234,28.06)','',2,'2013-07-25'),(42682,'INSERT INTO gpr_pack_virtual_horario (pav_id,pvh_dia,pvh_hora_desde,pvh_hora_hasta) VALUES (24,99,@@@00:00@@@,@@@23:59@@@)','',2,'2013-07-25'),(42683,'UPDATE gpr_pack_virtual SET pav_nombre=@@@PACK NESTLE CHOCAPIC + ZUCOSOS 3 X $899@@@,pav_total_pack=899,pav_total_descuento=61,pav_desde=@@@2013-07-09@@@,pav_hasta=@@@2013-08-08@@@,pav_tipo=@@@PA@@@,pav_precio=320,pav_lleva=3,pav_paga=2.809,pav_descuento=0.191,pav_porcentaje=1,pav_oferta_exclusiva=@@@NO@@@,pav_agotar_stock=@@@SI@@@,pav_stock=100,pav_costo=702,pav_margen=28.06 WHERE pav_id=24','',2,'2013-07-25'),(42684,'DELETE FROM gpr_pack_virtual_mov WHERE pav_id=24','',2,'2013-07-25'),(42685,'DELETE FROM gpr_pack_virtual_horario WHERE pav_id=24','',2,'2013-07-25'),(42686,'INSERT INTO gpr_pack_virtual_mov (pav_id,pro_codigo_plu,pvm_precio,pvm_total,pvm_lleva,pvm_paga,pvm_descuento,pvm_porcentaje,pvm_total_normal,pvm_descuento_linea,pvm_costo,pvm_margen) VALUES (24,780721183,320,0,1,1,0,0,320,20.3333333333333,234,28.06),(24,763580,320,0,1,1,0,0,320,20.3333333333333,234,28.06)','',2,'2013-07-25'),(42687,'INSERT INTO gpr_pack_virtual_horario (pav_id,pvh_dia,pvh_hora_desde,pvh_hora_hasta) VALUES (24,99,@@@00:00@@@,@@@23:59@@@)','',2,'2013-07-25'),(42688,'INSERT INTO gne_vale_ferreteria (vfe_id,vfe_fecha,vfe_total,vfe_estado,vfe_entregado,usu_nusuario) VALUES (6152,@@@2013.07.25@@@,1779,1,0,@@@S_BIZAMA@@@)','',2,'2013-07-25'),(42689,'INSERT INTO gne_vale_ferreteria_mov (vfe_id,pro_codigo_plu,vfm_cantidad,vfm_unitario,vfm_total,vfm_entregado) VALUES (6152,12083,1,260,260,@@@NO@@@)','',2,'2013-07-25'),(42690,'INSERT INTO gne_vale_ferreteria_mov (vfe_id,pro_codigo_plu,vfm_cantidad,vfm_unitario,vfm_total,vfm_entregado) VALUES (6152,763622,1,1399,1399,@@@NO@@@)','',2,'2013-07-25'),(42691,'INSERT INTO gne_vale_ferreteria_mov (vfe_id,pro_codigo_plu,vfm_cantidad,vfm_unitario,vfm_total,vfm_entregado) VALUES (6152,780721141,1,120,120,@@@NO@@@)','',2,'2013-07-25'),(42692,'INSERT INTO gne_vale_ferreteria (vfe_id,vfe_fecha,vfe_total,vfe_estado,vfe_entregado,usu_nusuario) VALUES (6153,@@@2013.07.25@@@,120,1,0,@@@S_BIZAMA@@@)','',2,'2013-07-25'),(42693,'INSERT INTO gne_vale_ferreteria_mov (vfe_id,pro_codigo_plu,vfm_cantidad,vfm_unitario,vfm_total,vfm_entregado) VALUES (6153,780721141,1,120,120,@@@NO@@@)','',2,'2013-07-25'),(42694,'INSERT INTO gne_vale_ferreteria (vfe_id,vfe_fecha,vfe_total,vfe_estado,vfe_entregado,usu_nusuario) VALUES (6154,@@@2013.07.25@@@,480,1,0,@@@S_BIZAMA@@@)','',2,'2013-07-25'),(42695,'INSERT INTO gne_vale_ferreteria_mov (vfe_id,pro_codigo_plu,vfm_cantidad,vfm_unitario,vfm_total,vfm_entregado) VALUES (6154,15949,1,480,480,@@@NO@@@)','',2,'2013-07-25'),(42696,'INSERT INTO gne_vale_ferreteria (vfe_id,vfe_fecha,vfe_total,vfe_estado,vfe_entregado,usu_nusuario) VALUES (6155,@@@2013.07.25@@@,3490,1,0,@@@S_BIZAMA@@@)','',2,'2013-07-25'),(42697,'INSERT INTO gne_vale_ferreteria_mov (vfe_id,pro_codigo_plu,vfm_cantidad,vfm_unitario,vfm_total,vfm_entregado) VALUES (6155,10179,1,2590,2590,@@@NO@@@)','',2,'2013-07-25'),(42698,'INSERT INTO gne_vale_ferreteria_mov (vfe_id,pro_codigo_plu,vfm_cantidad,vfm_unitario,vfm_total,vfm_entregado) VALUES (6155,78017147,10,90,900,@@@NO@@@)','',2,'2013-07-25'),(42699,'INSERT INTO gne_vale_ferreteria (vfe_id,vfe_fecha,vfe_total,vfe_estado,vfe_entregado,usu_nusuario) VALUES (6156,@@@2013.07.25@@@,4490,1,0,@@@S_BIZAMA@@@)','',2,'2013-07-25'),(42700,'INSERT INTO gne_vale_ferreteria_mov (vfe_id,pro_codigo_plu,vfm_cantidad,vfm_unitario,vfm_total,vfm_entregado) VALUES (6156,763626,2,850,1700,@@@NO@@@)','',2,'2013-07-25'),(42701,'INSERT INTO gne_vale_ferreteria_mov (vfe_id,pro_codigo_plu,vfm_cantidad,vfm_unitario,vfm_total,vfm_entregado) VALUES (6156,763646,1,1890,1890,@@@NO@@@)','',2,'2013-07-25'),(42702,'INSERT INTO gne_vale_ferreteria_mov (vfe_id,pro_codigo_plu,vfm_cantidad,vfm_unitario,vfm_total,vfm_entregado) VALUES (6156,3100,2,450,900,@@@NO@@@)','',2,'2013-07-25'),(42703,'INSERT INTO gne_vale_ferreteria (vfe_id,vfe_fecha,vfe_total,vfe_estado,vfe_entregado,usu_nusuario) VALUES (6157,@@@2013.07.25@@@,2192,1,0,@@@S_BIZAMA@@@)','',2,'2013-07-25'),(42704,'INSERT INTO gne_vale_ferreteria_mov (vfe_id,pro_codigo_plu,vfm_cantidad,vfm_unitario,vfm_total,vfm_entregado) VALUES (6157,763621,1,2190,2190,@@@NO@@@)','',2,'2013-07-25'),(42705,'INSERT INTO gne_vale_ferreteria_mov (vfe_id,pro_codigo_plu,vfm_cantidad,vfm_unitario,vfm_total,vfm_entregado) VALUES (6157,2500,2,1,2,@@@NO@@@)','',2,'2013-07-25'),(42706,'INSERT INTO gne_vale_ferreteria (vfe_id,vfe_fecha,vfe_total,vfe_estado,vfe_entregado,usu_nusuario) VALUES (6158,@@@2013.07.25@@@,520,1,0,@@@S_BIZAMA@@@)','',2,'2013-07-25'),(42707,'INSERT INTO gne_vale_ferreteria_mov (vfe_id,pro_codigo_plu,vfm_cantidad,vfm_unitario,vfm_total,vfm_entregado) VALUES (6158,78017193,20,20,400,@@@NO@@@)','',2,'2013-07-25'),(42708,'INSERT INTO gne_vale_ferreteria_mov (vfe_id,pro_codigo_plu,vfm_cantidad,vfm_unitario,vfm_total,vfm_entregado) VALUES (6158,8022,1,120,120,@@@NO@@@)','',2,'2013-07-25'),(42709,'INSERT INTO mae_clientes (cli_id,cli_rut,cli_nombre,cli_direccion,cli_sucursal,cli_ciudad,cli_nombre_contacto,cli_cargo,cli_telefono,cli_fax,cli_celular,cli_mail,tcp_id,cli_fecha_nacimiento,cli_activo,cli_limite_credito,cli_giro,cli_sobrecargo,cli_credito_ilimitado,cli_descuento_venta,cli_comuna) VALUES (@@@16@@@,@@@10489557-3@@@,@@@MARIA DE LOURDES RUIZ VILLEGAS@@@,@@@SAN MARTIN 1525@@@,@@@UNICO@@@,@@@NACIMIENTO@@@,@@@VIVIANA GIMENEZ@@@,@@@COMERCIANTE INDEPENDIENTE@@@,@@@534279@@@,@@@@@@,@@@62146972@@@,@@@@@@,@@@3@@@,@@@1962.07.19@@@,@@@1@@@,@@@70000@@@,@@@SUPERMERCADO@@@,0,0,0,@@@NACIMIENTO@@@)','',2,'2013-07-25'),(42710,'UPDATE mae_productos SET pro_precio_venta=3999,pro_margen_actual=34.71, pro_precio_compra_bruto=2968.5, pro_precio_compra_neto=2494.53781512605 WHERE pro_codigo_plu=780721344','',2,'2013-07-25'),(42711,'UPDATE mae_productos SET pro_precio_venta=700,pro_margen_actual=27.27, pro_precio_compra_bruto=550, pro_precio_compra_neto=462.18487394958 WHERE pro_codigo_plu=17229','',2,'2013-07-25'),(42712,'UPDATE mae_productos SET pro_precio_venta=700,pro_margen_actual=27.27, pro_precio_compra_bruto=550, pro_precio_compra_neto=462.18487394958 WHERE pro_codigo_plu=17179','',2,'2013-07-25'),(42713,'UPDATE mae_productos SET pro_precio_venta=1499,pro_margen_actual=19.85, pro_precio_compra_bruto=1250.77, pro_precio_compra_neto=1051.06722689076 WHERE pro_codigo_plu=17383','',2,'2013-07-25'),(42714,'UPDATE mae_productos SET pro_precio_venta=1499,pro_margen_actual=19.85, pro_precio_compra_bruto=1250.77, pro_precio_compra_neto=1051.06722689076 WHERE pro_codigo_plu=17275','',2,'2013-07-25'),(42715,'UPDATE mae_productos SET pro_precio_venta=1399,pro_margen_actual=21.71, pro_precio_compra_bruto=1149.41, pro_precio_compra_neto=965.890756302521 WHERE pro_codigo_plu=17295','',2,'2013-07-25'),(42716,'UPDATE mae_productos SET pro_precio_venta=1499,pro_margen_actual=19.82, pro_precio_compra_bruto=1251.01, pro_precio_compra_neto=1051.26890756303 WHERE pro_codigo_plu=17382','',2,'2013-07-25'),(42717,'UPDATE mae_productos SET pro_precio_venta=1499,pro_margen_actual=19.85, pro_precio_compra_bruto=1250.77, pro_precio_compra_neto=1051.06722689076 WHERE pro_codigo_plu=17180','',2,'2013-07-25'),(42718,'UPDATE mae_productos SET pro_precio_venta=1499,pro_margen_actual=19.85, pro_precio_compra_bruto=1250.77, pro_precio_compra_neto=1051.06722689076 WHERE pro_codigo_plu=17230','',2,'2013-07-25'),(42719,'UPDATE mae_productos SET pro_precio_venta=1399,pro_margen_actual=21.69, pro_precio_compra_bruto=1149.63, pro_precio_compra_neto=966.075630252101 WHERE pro_codigo_plu=17343','',2,'2013-07-25'),(42720,'UPDATE mae_productos SET pro_precio_venta=1499,pro_margen_actual=19.82, pro_precio_compra_bruto=1251.01, pro_precio_compra_neto=1051.26890756303 WHERE pro_codigo_plu=17266','',2,'2013-07-25'),(42721,'UPDATE mae_productos SET pro_precio_compra_bruto=244.38,pro_margen_actual=(pro_precio_venta-244.38)/244.38 * 100,pro_ultima_compra=@@@2013.07.25@@@,pro_ultimo_proveedor=@@@99554560-8@@@ WHERE pro_codigo_plu=101176','',2,'2013-07-25'),(42722,'UPDATE mae_productos SET pro_precio_compra_bruto=244.38,pro_margen_actual=(pro_precio_venta-244.38)/244.38 * 100,pro_ultima_compra=@@@2013.07.25@@@,pro_ultimo_proveedor=@@@99554560-8@@@ WHERE pro_codigo_plu=101177','',2,'2013-07-25'),(42723,'UPDATE mae_productos SET pro_precio_compra_bruto=244.38,pro_margen_actual=(pro_precio_venta-244.38)/244.38 * 100,pro_ultima_compra=@@@2013.07.25@@@,pro_ultimo_proveedor=@@@99554560-8@@@ WHERE pro_codigo_plu=101178','',2,'2013-07-25'),(42724,'UPDATE mae_productos SET pro_precio_compra_bruto=244.38,pro_margen_actual=(pro_precio_venta-244.38)/244.38 * 100,pro_ultima_compra=@@@2013.07.25@@@,pro_ultimo_proveedor=@@@99554560-8@@@ WHERE pro_codigo_plu=101179','',2,'2013-07-25'),(42725,'UPDATE mae_productos SET pro_precio_compra_bruto=37.48,pro_margen_actual=(pro_precio_venta-37.48)/37.48 * 100,pro_ultima_compra=@@@2013.07.25@@@,pro_ultimo_proveedor=@@@99554560-8@@@ WHERE pro_codigo_plu=763508','',2,'2013-07-25'),(42726,'UPDATE mae_productos SET pro_precio_compra_bruto=2968.5,pro_margen_actual=(pro_precio_venta-2968.5)/2968.5 * 100,pro_ultima_compra=@@@2013.07.25@@@,pro_ultimo_proveedor=@@@99554560-8@@@ WHERE pro_codigo_plu=780721344','',2,'2013-07-25'),(42727,'UPDATE mae_productos SET pro_precio_compra_bruto=78.056,pro_margen_actual=(pro_precio_venta-78.056)/78.056 * 100,pro_ultima_compra=@@@2013.07.25@@@,pro_ultimo_proveedor=@@@99554560-8@@@ WHERE pro_codigo_plu=763506','',2,'2013-07-25'),(42728,'UPDATE mae_productos SET pro_precio_compra_bruto=2441.8,pro_margen_actual=(pro_precio_venta-2441.8)/2441.8 * 100,pro_ultima_compra=@@@2013.07.25@@@,pro_ultimo_proveedor=@@@99554560-8@@@ WHERE pro_codigo_plu=780721299','',2,'2013-07-25'),(42729,'UPDATE mae_productos SET pro_precio_compra_bruto=550,pro_margen_actual=(pro_precio_venta-550)/550 * 100,pro_ultima_compra=@@@2013.07.25@@@,pro_ultimo_proveedor=@@@99554560-8@@@ WHERE pro_codigo_plu=17229','',2,'2013-07-25'),(42730,'UPDATE mae_productos SET pro_precio_compra_bruto=550,pro_margen_actual=(pro_precio_venta-550)/550 * 100,pro_ultima_compra=@@@2013.07.25@@@,pro_ultimo_proveedor=@@@99554560-8@@@ WHERE pro_codigo_plu=17179','',2,'2013-07-25'),(42731,'UPDATE mae_productos SET pro_precio_compra_bruto=705.53,pro_margen_actual=(pro_precio_venta-705.53)/705.53 * 100,pro_ultima_compra=@@@2013.07.25@@@,pro_ultimo_proveedor=@@@99554560-8@@@ WHERE pro_codigo_plu=17174','',2,'2013-07-25'),(42732,'UPDATE mae_productos SET pro_precio_compra_bruto=705.53,pro_margen_actual=(pro_precio_venta-705.53)/705.53 * 100,pro_ultima_compra=@@@2013.07.25@@@,pro_ultimo_proveedor=@@@99554560-8@@@ WHERE pro_codigo_plu=12230','',2,'2013-07-25'),(42733,'UPDATE mae_productos SET pro_precio_compra_bruto=330.33,pro_margen_actual=(pro_precio_venta-330.33)/330.33 * 100,pro_ultima_compra=@@@2013.07.25@@@,pro_ultimo_proveedor=@@@99554560-8@@@ WHERE pro_codigo_plu=780220126','',2,'2013-07-25'),(42734,'UPDATE mae_productos SET pro_precio_compra_bruto=790.1,pro_margen_actual=(pro_precio_venta-790.1)/790.1 * 100,pro_ultima_compra=@@@2013.07.25@@@,pro_ultimo_proveedor=@@@99554560-8@@@ WHERE pro_codigo_plu=763378','',2,'2013-07-25'),(42735,'UPDATE mae_productos SET pro_precio_compra_bruto=1250.77,pro_margen_actual=(pro_precio_venta-1250.77)/1250.77 * 100,pro_ultima_compra=@@@2013.07.25@@@,pro_ultimo_proveedor=@@@99554560-8@@@ WHERE pro_codigo_plu=17383','',2,'2013-07-25'),(42736,'UPDATE mae_productos SET pro_precio_compra_bruto=790.1,pro_margen_actual=(pro_precio_venta-790.1)/790.1 * 100,pro_ultima_compra=@@@2013.07.25@@@,pro_ultimo_proveedor=@@@99554560-8@@@ WHERE pro_codigo_plu=763369','',2,'2013-07-25'),(42737,'UPDATE mae_productos SET pro_precio_compra_bruto=790.1,pro_margen_actual=(pro_precio_venta-790.1)/790.1 * 100,pro_ultima_compra=@@@2013.07.25@@@,pro_ultimo_proveedor=@@@99554560-8@@@ WHERE pro_codigo_plu=763377','',2,'2013-07-25'),(42738,'UPDATE mae_productos SET pro_precio_compra_bruto=1250.77,pro_margen_actual=(pro_precio_venta-1250.77)/1250.77 * 100,pro_ultima_compra=@@@2013.07.25@@@,pro_ultimo_proveedor=@@@99554560-8@@@ WHERE pro_codigo_plu=17275','',2,'2013-07-25'),(42739,'UPDATE mae_productos SET pro_precio_compra_bruto=1149.41,pro_margen_actual=(pro_precio_venta-1149.41)/1149.41 * 100,pro_ultima_compra=@@@2013.07.25@@@,pro_ultimo_proveedor=@@@99554560-8@@@ WHERE pro_codigo_plu=17295','',2,'2013-07-25'),(42740,'UPDATE mae_productos SET pro_precio_compra_bruto=1251.01,pro_margen_actual=(pro_precio_venta-1251.01)/1251.01 * 100,pro_ultima_compra=@@@2013.07.25@@@,pro_ultimo_proveedor=@@@99554560-8@@@ WHERE pro_codigo_plu=17382','',2,'2013-07-25'),(42741,'UPDATE mae_productos SET pro_precio_compra_bruto=653.67,pro_margen_actual=(pro_precio_venta-653.67)/653.67 * 100,pro_ultima_compra=@@@2013.07.25@@@,pro_ultimo_proveedor=@@@99554560-8@@@ WHERE pro_codigo_plu=763367','',2,'2013-07-25'),(42742,'UPDATE mae_productos SET pro_precio_compra_bruto=790.25,pro_margen_actual=(pro_precio_venta-790.25)/790.25 * 100,pro_ultima_compra=@@@2013.07.25@@@,pro_ultimo_proveedor=@@@99554560-8@@@ WHERE pro_codigo_plu=763368','',2,'2013-07-25'),(42743,'UPDATE mae_productos SET pro_precio_compra_bruto=790.25,pro_margen_actual=(pro_precio_venta-790.25)/790.25 * 100,pro_ultima_compra=@@@2013.07.25@@@,pro_ultimo_proveedor=@@@99554560-8@@@ WHERE pro_codigo_plu=763366','',2,'2013-07-25'),(42744,'UPDATE mae_productos SET pro_precio_compra_bruto=1250.77,pro_margen_actual=(pro_precio_venta-1250.77)/1250.77 * 100,pro_ultima_compra=@@@2013.07.25@@@,pro_ultimo_proveedor=@@@99554560-8@@@ WHERE pro_codigo_plu=17180','',2,'2013-07-25'),(42745,'UPDATE mae_productos SET pro_precio_compra_bruto=1250.77,pro_margen_actual=(pro_precio_venta-1250.77)/1250.77 * 100,pro_ultima_compra=@@@2013.07.25@@@,pro_ultimo_proveedor=@@@99554560-8@@@ WHERE pro_codigo_plu=17230','',2,'2013-07-25'),(42746,'UPDATE mae_productos SET pro_precio_compra_bruto=1149.63,pro_margen_actual=(pro_precio_venta-1149.63)/1149.63 * 100,pro_ultima_compra=@@@2013.07.25@@@,pro_ultimo_proveedor=@@@99554560-8@@@ WHERE pro_codigo_plu=17343','',2,'2013-07-25'),(42747,'UPDATE mae_productos SET pro_precio_compra_bruto=1251.01,pro_margen_actual=(pro_precio_venta-1251.01)/1251.01 * 100,pro_ultima_compra=@@@2013.07.25@@@,pro_ultimo_proveedor=@@@99554560-8@@@ WHERE pro_codigo_plu=17266','',2,'2013-07-25'),(42748,'INSERT INTO gne_vale_ferreteria (vfe_id,vfe_fecha,vfe_total,vfe_estado,vfe_entregado,usu_nusuario) VALUES (6159,@@@2013.07.25@@@,340,1,0,@@@admin@@@)','',2,'2013-07-25'),(42749,'INSERT INTO gne_vale_ferreteria_mov (vfe_id,pro_codigo_plu,vfm_cantidad,vfm_unitario,vfm_total,vfm_entregado) VALUES (6159,764412,2,120,240,@@@NO@@@)','',2,'2013-07-25'),(42750,'INSERT INTO gne_vale_ferreteria_mov (vfe_id,pro_codigo_plu,vfm_cantidad,vfm_unitario,vfm_total,vfm_entregado) VALUES (6159,20366,1,100,100,@@@NO@@@)','',2,'2013-07-25'),(42751,'INSERT INTO gne_vale_ferreteria (vfe_id,vfe_fecha,vfe_total,vfe_estado,vfe_entregado,usu_nusuario) VALUES (6160,@@@2013.07.25@@@,100,1,0,@@@admin@@@)','',2,'2013-07-25'),(42752,'INSERT INTO gne_vale_ferreteria_mov (vfe_id,pro_codigo_plu,vfm_cantidad,vfm_unitario,vfm_total,vfm_entregado) VALUES (6160,20368,1,100,100,@@@NO@@@)','',2,'2013-07-25'),(42753,'INSERT INTO gne_vale_ferreteria (vfe_id,vfe_fecha,vfe_total,vfe_estado,vfe_entregado,usu_nusuario) VALUES (6161,@@@2013.07.25@@@,240,1,0,@@@admin@@@)','',2,'2013-07-25'),(42754,'INSERT INTO gne_vale_ferreteria_mov (vfe_id,pro_codigo_plu,vfm_cantidad,vfm_unitario,vfm_total,vfm_entregado) VALUES (6161,764412,2,120,240,@@@NO@@@)','',2,'2013-07-25'),(42755,'INSERT INTO gne_vale_ferreteria (vfe_id,vfe_fecha,vfe_total,vfe_estado,vfe_entregado,usu_nusuario) VALUES (6162,@@@2013.07.25@@@,200,1,0,@@@admin@@@)','',2,'2013-07-25'),(42756,'INSERT INTO gne_vale_ferreteria_mov (vfe_id,pro_codigo_plu,vfm_cantidad,vfm_unitario,vfm_total,vfm_entregado) VALUES (6162,764702,1,200,200,@@@NO@@@)','',2,'2013-07-25'),(42757,'INSERT INTO gne_vale_ferreteria (vfe_id,vfe_fecha,vfe_total,vfe_estado,vfe_entregado,usu_nusuario) VALUES (6163,@@@2013.07.25@@@,5990,1,0,@@@admin@@@)','',2,'2013-07-25'),(42758,'INSERT INTO gne_vale_ferreteria_mov (vfe_id,pro_codigo_plu,vfm_cantidad,vfm_unitario,vfm_total,vfm_entregado) VALUES (6163,764897,1,5990,5990,@@@NO@@@)','',2,'2013-07-25'),(42759,'INSERT INTO mae_productos (pro_codigo_plu,pro_codigo_barra,pro_tipo,pro_nombre_producto,pro_nombre_corto,med_id,emb_id,pro_unidades_embalaje,dep_id,lin_id,mar_id,pro_precio_compra_neto,pro_precio_compra_bruto,pro_precio_venta,pro_margen_actual,pro_oferta,pro_fecha_inicio_oferta,pro_fecha_termino_oferta,pro_precio_oferta,pro_stock_minimo,pro_stock_critico,pro_entradas_bodega,pro_salidas_bodega,pro_mermas_bodega,pro_ajustes_bodega,pro_entradas_sv,pro_salidas_sv,pro_mermas_sv,pro_ajustes_sv,pro_activo,rec_numero,pro_unidad,pro_capacidad,pro_consumo_bodega,pro_consumo_sv,pro_estado,pro_funcion_plu,pro_flejes,pro_iva,pro_plu_asociado,pro_envase,pro_duracion,pro_numero_etiqueta) VALUES (780721420,@@@780721420@@@,@@@0@@@,@@@AROS PERLA GRANDE@@@,@@@AROS PERLA GRAND@@@,@@@1 @@@,@@@6 @@@,@@@20@@@,@@@24 @@@,@@@207@@@,@@@2507@@@,@@@0@@@,@@@0@@@,@@@390@@@,@@@0@@@,@@@@@@,@@@2013.07.25@@@,@@@2013.07.25@@@,@@@0@@@,@@@20@@@,@@@10@@@,@@@0@@@,@@@0@@@,@@@0@@@,@@@0@@@,@@@0@@@,@@@0@@@,@@@0@@@,@@@0@@@,@@@1@@@,@@@0@@@,0,0,0,0,2,0,1,1,0,@@@NO@@@,0,0)','',2,'2013-07-25'),(42760,'DELETE FROM mae_impuestos_productos WHERE pro_codigo_plu=@@@780721420@@@','',2,'2013-07-25'),(42761,'INSERT INTO gne_vale_ferreteria (vfe_id,vfe_fecha,vfe_total,vfe_estado,vfe_entregado,usu_nusuario) VALUES (6164,@@@2013.07.25@@@,580,1,0,@@@admin@@@)','',2,'2013-07-25'),(42762,'INSERT INTO gne_vale_ferreteria_mov (vfe_id,pro_codigo_plu,vfm_cantidad,vfm_unitario,vfm_total,vfm_entregado) VALUES (6164,780721420,1,390,390,@@@NO@@@)','',2,'2013-07-25'),(42763,'INSERT INTO gne_vale_ferreteria_mov (vfe_id,pro_codigo_plu,vfm_cantidad,vfm_unitario,vfm_total,vfm_entregado) VALUES (6164,1537,1,190,190,@@@NO@@@)','',2,'2013-07-25'),(42764,'INSERT INTO gne_vale_ferreteria (vfe_id,vfe_fecha,vfe_total,vfe_estado,vfe_entregado,usu_nusuario) VALUES (6165,@@@2013.07.25@@@,2890,1,0,@@@admin@@@)','',2,'2013-07-25'),(42765,'INSERT INTO gne_vale_ferreteria_mov (vfe_id,pro_codigo_plu,vfm_cantidad,vfm_unitario,vfm_total,vfm_entregado) VALUES (6165,15658,1,2890,2890,@@@NO@@@)','',2,'2013-07-25'),(42766,'INSERT INTO gne_vale_ferreteria (vfe_id,vfe_fecha,vfe_total,vfe_estado,vfe_entregado,usu_nusuario) VALUES (6166,@@@2013.07.25@@@,200,1,0,@@@admin@@@)','',2,'2013-07-25'),(42767,'INSERT INTO gne_vale_ferreteria_mov (vfe_id,pro_codigo_plu,vfm_cantidad,vfm_unitario,vfm_total,vfm_entregado) VALUES (6166,78017193,10,20,200,@@@NO@@@)','',2,'2013-07-25'),(42768,'INSERT INTO gne_vale_ferreteria (vfe_id,vfe_fecha,vfe_total,vfe_estado,vfe_entregado,usu_nusuario) VALUES (6167,@@@2013.07.25@@@,80,1,0,@@@admin@@@)','',2,'2013-07-25'),(42769,'INSERT INTO gne_vale_ferreteria_mov (vfe_id,pro_codigo_plu,vfm_cantidad,vfm_unitario,vfm_total,vfm_entregado) VALUES (6167,764823,1,80,80,@@@NO@@@)','',2,'2013-07-25'),(42770,'INSERT INTO mae_productos (pro_codigo_plu,pro_codigo_barra,pro_tipo,pro_nombre_producto,pro_nombre_corto,med_id,emb_id,pro_unidades_embalaje,dep_id,lin_id,mar_id,pro_precio_compra_neto,pro_precio_compra_bruto,pro_precio_venta,pro_margen_actual,pro_oferta,pro_fecha_inicio_oferta,pro_fecha_termino_oferta,pro_precio_oferta,pro_stock_minimo,pro_stock_critico,pro_entradas_bodega,pro_salidas_bodega,pro_mermas_bodega,pro_ajustes_bodega,pro_entradas_sv,pro_salidas_sv,pro_mermas_sv,pro_ajustes_sv,pro_activo,rec_numero,pro_unidad,pro_capacidad,pro_consumo_bodega,pro_consumo_sv,pro_estado,pro_funcion_plu,pro_flejes,pro_iva,pro_plu_asociado,pro_envase,pro_duracion,pro_numero_etiqueta) VALUES (780721421,@@@734484144379@@@,@@@0@@@,@@@ACOCLIP@@@,@@@ACOCLIP@@@,@@@1 @@@,@@@6 @@@,@@@50@@@,@@@24 @@@,@@@138@@@,@@@2507@@@,@@@0@@@,@@@0@@@,@@@30@@@,@@@0@@@,@@@@@@,@@@2013.07.25@@@,@@@2013.07.25@@@,@@@0@@@,@@@100@@@,@@@25@@@,@@@0@@@,@@@0@@@,@@@0@@@,@@@0@@@,@@@0@@@,@@@0@@@,@@@0@@@,@@@0@@@,@@@1@@@,@@@0@@@,0,1,0,0,2,0,1,1,0,@@@NO@@@,0,0)','',2,'2013-07-25'),(42771,'DELETE FROM mae_impuestos_productos WHERE pro_codigo_plu=@@@780721421@@@','',2,'2013-07-25'),(42772,'INSERT INTO gne_vale_ferreteria (vfe_id,vfe_fecha,vfe_total,vfe_estado,vfe_entregado,usu_nusuario) VALUES (6168,@@@2013.07.25@@@,60,1,0,@@@admin@@@)','',2,'2013-07-25'),(42773,'INSERT INTO gne_vale_ferreteria_mov (vfe_id,pro_codigo_plu,vfm_cantidad,vfm_unitario,vfm_total,vfm_entregado) VALUES (6168,780721421,2,30,60,@@@NO@@@)','',2,'2013-07-25'),(42774,'INSERT INTO gne_vale_ferreteria (vfe_id,vfe_fecha,vfe_total,vfe_estado,vfe_entregado,usu_nusuario) VALUES (6169,@@@2013.07.25@@@,1590,1,0,@@@admin@@@)','',2,'2013-07-25'),(42775,'INSERT INTO gne_vale_ferreteria_mov (vfe_id,pro_codigo_plu,vfm_cantidad,vfm_unitario,vfm_total,vfm_entregado) VALUES (6169,770000,2,50,100,@@@NO@@@)','',2,'2013-07-25'),(42776,'INSERT INTO gne_vale_ferreteria_mov (vfe_id,pro_codigo_plu,vfm_cantidad,vfm_unitario,vfm_total,vfm_entregado) VALUES (6169,764564,1,1490,1490,@@@NO@@@)','',2,'2013-07-25'),(42777,'UPDATE gpr_pack_virtual SET pav_nombre=@@@PACK YOGHURT NESTLE 10 X $ 1200@@@,pav_total_pack=1200,pav_total_descuento=300,pav_desde=@@@2013-07-08@@@,pav_hasta=@@@2013-08-31@@@,pav_tipo=@@@PR@@@,pav_precio=0,pav_lleva=0,pav_paga=0,pav_descuento=0,pav_porcentaje=0,pav_oferta_exclusiva=@@@NO@@@,pav_agotar_stock=@@@SI@@@,pav_stock=50,pav_costo=1100,pav_margen=9.09 WHERE pav_id=20','',2,'2013-07-25'),(42778,'DELETE FROM gpr_pack_virtual_mov WHERE pav_id=20','',2,'2013-07-25'),(42779,'DELETE FROM gpr_pack_virtual_horario WHERE pav_id=20','',2,'2013-07-25'),(42780,'INSERT INTO gpr_pack_virtual_mov (pav_id,pro_codigo_plu,pvm_precio,pvm_total,pvm_lleva,pvm_paga,pvm_descuento,pvm_porcentaje,pvm_total_normal,pvm_descuento_linea,pvm_costo,pvm_margen) VALUES (20,16605,150,750,6,5,1,0,900,150,110,13.64),(20,16588,150,450,4,3,1,0,600,150,110,2.27)','',2,'2013-07-25'),(42781,'INSERT INTO gpr_pack_virtual_horario (pav_id,pvh_dia,pvh_hora_desde,pvh_hora_hasta) VALUES (20,99,@@@00:00@@@,@@@23:59@@@)','',2,'2013-07-25'),(42782,'UPDATE gpr_pack_virtual SET pav_nombre=@@@PACK YOGHURT NESTLE 10 X $ 1200@@@,pav_total_pack=1200,pav_total_descuento=300,pav_desde=@@@2013-07-08@@@,pav_hasta=@@@2013-08-31@@@,pav_tipo=@@@PR@@@,pav_precio=0,pav_lleva=0,pav_paga=0,pav_descuento=0,pav_porcentaje=0,pav_oferta_exclusiva=@@@NO@@@,pav_agotar_stock=@@@SI@@@,pav_stock=200,pav_costo=1100,pav_margen=9.09 WHERE pav_id=21','',2,'2013-07-25'),(42783,'DELETE FROM gpr_pack_virtual_mov WHERE pav_id=21','',2,'2013-07-25'),(42784,'DELETE FROM gpr_pack_virtual_horario WHERE pav_id=21','',2,'2013-07-25'),(42785,'INSERT INTO gpr_pack_virtual_mov (pav_id,pro_codigo_plu,pvm_precio,pvm_total,pvm_lleva,pvm_paga,pvm_descuento,pvm_porcentaje,pvm_total_normal,pvm_descuento_linea,pvm_costo,pvm_margen) VALUES (21,16605,150,750,6,5,1,0,900,150,110,13.64),(21,16606,150,450,4,3,1,0,600,150,110,2.27)','',2,'2013-07-25'),(42786,'INSERT INTO gpr_pack_virtual_horario (pav_id,pvh_dia,pvh_hora_desde,pvh_hora_hasta) VALUES (21,99,@@@00:00@@@,@@@23:59@@@)','',2,'2013-07-25'),(42787,'UPDATE gpr_pack_virtual SET pav_nombre=@@@PACK NESTLE CHOCAPIC + ZUCOSOS 3 X $899@@@,pav_total_pack=899,pav_total_descuento=61,pav_desde=@@@2013-07-09@@@,pav_hasta=@@@2013-08-31@@@,pav_tipo=@@@PA@@@,pav_precio=320,pav_lleva=3,pav_paga=2.809,pav_descuento=0.191,pav_porcentaje=1,pav_oferta_exclusiva=@@@NO@@@,pav_agotar_stock=@@@SI@@@,pav_stock=100,pav_costo=702,pav_margen=28.06 WHERE pav_id=24','',2,'2013-07-25'),(42788,'DELETE FROM gpr_pack_virtual_mov WHERE pav_id=24','',2,'2013-07-25'),(42789,'DELETE FROM gpr_pack_virtual_horario WHERE pav_id=24','',2,'2013-07-25'),(42790,'INSERT INTO gpr_pack_virtual_mov (pav_id,pro_codigo_plu,pvm_precio,pvm_total,pvm_lleva,pvm_paga,pvm_descuento,pvm_porcentaje,pvm_total_normal,pvm_descuento_linea,pvm_costo,pvm_margen) VALUES (24,780721183,320,0,1,1,0,0,320,20.3333333333333,234,28.06),(24,763580,320,0,1,1,0,0,320,20.3333333333333,234,28.06)','',2,'2013-07-25'),(42791,'INSERT INTO gpr_pack_virtual_horario (pav_id,pvh_dia,pvh_hora_desde,pvh_hora_hasta) VALUES (24,99,@@@00:00@@@,@@@23:59@@@)','',2,'2013-07-25'),(42792,'UPDATE gpr_pack_virtual SET pav_nombre=@@@PACK GALLETAS GRILL 3 X $ 890@@@,pav_total_pack=890,pav_total_descuento=100,pav_desde=@@@2013-07-11@@@,pav_hasta=@@@2013-08-31@@@,pav_tipo=@@@PR@@@,pav_precio=0,pav_lleva=0,pav_paga=0,pav_descuento=0,pav_porcentaje=0,pav_oferta_exclusiva=@@@NO@@@,pav_agotar_stock=@@@NO@@@,pav_stock=0,pav_costo=0,pav_margen=0 WHERE pav_id=26','',2,'2013-07-25'),(42793,'DELETE FROM gpr_pack_virtual_mov WHERE pav_id=26','',2,'2013-07-25'),(42794,'DELETE FROM gpr_pack_virtual_horario WHERE pav_id=26','',2,'2013-07-25'),(42795,'INSERT INTO gpr_pack_virtual_mov (pav_id,pro_codigo_plu,pvm_precio,pvm_total,pvm_lleva,pvm_paga,pvm_descuento,pvm_porcentaje,pvm_total_normal,pvm_descuento_linea,pvm_costo,pvm_margen) VALUES (26,12023,330,890,3,2.696,0.304,0,990,100,0,0)','',2,'2013-07-25'),(42796,'INSERT INTO gpr_pack_virtual_horario (pav_id,pvh_dia,pvh_hora_desde,pvh_hora_hasta) VALUES (26,99,@@@00:00@@@,@@@23:59@@@)','',2,'2013-07-25'),(42797,'INSERT INTO gne_vale_ferreteria (vfe_id,vfe_fecha,vfe_total,vfe_estado,vfe_entregado,usu_nusuario) VALUES (6170,@@@2013.07.25@@@,890,1,0,@@@admin@@@)','',2,'2013-07-25'),(42798,'INSERT INTO gne_vale_ferreteria_mov (vfe_id,pro_codigo_plu,vfm_cantidad,vfm_unitario,vfm_total,vfm_entregado) VALUES (6170,101097,1,890,890,@@@NO@@@)','',2,'2013-07-25'),(42799,'UPDATE gpr_pack_virtual SET pav_nombre=@@@YOGURTH NESTLE FRUTILLA+ VAINILLA+DAMASCO+PIÑ@@@,pav_total_pack=999,pav_total_descuento=201,pav_desde=@@@2013-07-09@@@,pav_hasta=@@@2013-08-31@@@,pav_tipo=@@@PA@@@,pav_precio=150,pav_lleva=8,pav_paga=6.65,pav_descuento=1.35,pav_porcentaje=1,pav_oferta_exclusiva=@@@NO@@@,pav_agotar_stock=@@@SI@@@,pav_stock=100,pav_costo=858,pav_margen=16.43 WHERE pav_id=25','',2,'2013-07-25'),(42800,'DELETE FROM gpr_pack_virtual_mov WHERE pav_id=25','',2,'2013-07-25'),(42801,'DELETE FROM gpr_pack_virtual_horario WHERE pav_id=25','',2,'2013-07-25'),(42802,'INSERT INTO gpr_pack_virtual_mov (pav_id,pro_codigo_plu,pvm_precio,pvm_total,pvm_lleva,pvm_paga,pvm_descuento,pvm_porcentaje,pvm_total_normal,pvm_descuento_linea,pvm_costo,pvm_margen) VALUES (25,16593,150,0,1,1,0,0,150,25.125,99,16.43),(25,16606,150,0,1,1,0,0,150,25.125,110,16.43),(25,16588,150,0,1,1,0,0,150,25.125,110,16.43),(25,16605,150,0,1,1,0,0,150,25.125,110,16.43)','',2,'2013-07-25'),(42803,'INSERT INTO gpr_pack_virtual_horario (pav_id,pvh_dia,pvh_hora_desde,pvh_hora_hasta) VALUES (25,99,@@@00:00@@@,@@@23:59@@@)','',2,'2013-07-25'),(42804,'UPDATE mae_productos SET pro_precio_compra_bruto=202.49,pro_margen_actual=(pro_precio_venta-202.49)/202.49 * 100,pro_ultima_compra=@@@2013.07.25@@@,pro_ultimo_proveedor=@@@90703000-8@@@ WHERE pro_codigo_plu=16088','',2,'2013-07-25'),(42805,'UPDATE mae_productos SET pro_precio_compra_bruto=638,pro_margen_actual=(pro_precio_venta-638)/638 * 100,pro_ultima_compra=@@@2013.07.25@@@,pro_ultimo_proveedor=@@@90703000-8@@@ WHERE pro_codigo_plu=15990','',2,'2013-07-25'),(42806,'UPDATE mae_productos SET pro_precio_compra_bruto=209.94,pro_margen_actual=(pro_precio_venta-209.94)/209.94 * 100,pro_ultima_compra=@@@2013.07.25@@@,pro_ultimo_proveedor=@@@90703000-8@@@ WHERE pro_codigo_plu=16066','',2,'2013-07-25'),(42807,'UPDATE mae_productos SET pro_precio_compra_bruto=769.57,pro_margen_actual=(pro_precio_venta-769.57)/769.57 * 100,pro_ultima_compra=@@@2013.07.25@@@,pro_ultimo_proveedor=@@@90703000-8@@@ WHERE pro_codigo_plu=16185','',2,'2013-07-25'),(42808,'UPDATE mae_productos SET pro_precio_compra_bruto=99.48,pro_margen_actual=(pro_precio_venta-99.48)/99.48 * 100,pro_ultima_compra=@@@2013.07.25@@@,pro_ultimo_proveedor=@@@90703000-8@@@ WHERE pro_codigo_plu=16605','',2,'2013-07-25'),(42809,'UPDATE mae_productos SET pro_precio_compra_bruto=99.48,pro_margen_actual=(pro_precio_venta-99.48)/99.48 * 100,pro_ultima_compra=@@@2013.07.25@@@,pro_ultimo_proveedor=@@@90703000-8@@@ WHERE pro_codigo_plu=16606','',2,'2013-07-25'),(42810,'UPDATE mae_productos SET pro_precio_compra_bruto=99.48,pro_margen_actual=(pro_precio_venta-99.48)/99.48 * 100,pro_ultima_compra=@@@2013.07.25@@@,pro_ultimo_proveedor=@@@90703000-8@@@ WHERE pro_codigo_plu=16588','',2,'2013-07-25'),(42811,'UPDATE mae_productos SET pro_precio_compra_bruto=99.48,pro_margen_actual=(pro_precio_venta-99.48)/99.48 * 100,pro_ultima_compra=@@@2013.07.25@@@,pro_ultimo_proveedor=@@@90703000-8@@@ WHERE pro_codigo_plu=16593','',2,'2013-07-25'),(42812,'UPDATE mae_productos SET pro_precio_compra_bruto=347.36,pro_margen_actual=(pro_precio_venta-347.36)/347.36 * 100,pro_ultima_compra=@@@2013.07.25@@@,pro_ultimo_proveedor=@@@90703000-8@@@ WHERE pro_codigo_plu=16691','',2,'2013-07-25'),(42813,'UPDATE mae_productos SET pro_precio_compra_bruto=117.63,pro_margen_actual=(pro_precio_venta-117.63)/117.63 * 100,pro_ultima_compra=@@@2013.07.25@@@,pro_ultimo_proveedor=@@@90703000-8@@@ WHERE pro_codigo_plu=16697','',2,'2013-07-25'),(42814,'UPDATE mae_productos SET pro_precio_compra_bruto=376,pro_margen_actual=(pro_precio_venta-376)/376 * 100,pro_ultima_compra=@@@2013.07.25@@@,pro_ultimo_proveedor=@@@90703000-8@@@ WHERE pro_codigo_plu=17072','',2,'2013-07-25'),(42815,'UPDATE mae_productos SET pro_precio_compra_bruto=376,pro_margen_actual=(pro_precio_venta-376)/376 * 100,pro_ultima_compra=@@@2013.07.25@@@,pro_ultimo_proveedor=@@@90703000-8@@@ WHERE pro_codigo_plu=17069','',2,'2013-07-25'),(42816,'UPDATE mae_productos SET pro_precio_compra_bruto=376,pro_margen_actual=(pro_precio_venta-376)/376 * 100,pro_ultima_compra=@@@2013.07.25@@@,pro_ultimo_proveedor=@@@90703000-8@@@ WHERE pro_codigo_plu=17068','',2,'2013-07-25'),(42817,'UPDATE mae_productos SET pro_precio_compra_bruto=151.13,pro_margen_actual=(pro_precio_venta-151.13)/151.13 * 100,pro_ultima_compra=@@@2013.07.25@@@,pro_ultimo_proveedor=@@@90703000-8@@@ WHERE pro_codigo_plu=1453','',2,'2013-07-25'),(42818,'UPDATE mae_productos SET pro_precio_compra_bruto=234,pro_margen_actual=(pro_precio_venta-234)/234 * 100,pro_ultima_compra=@@@2013.07.25@@@,pro_ultimo_proveedor=@@@90703000-8@@@ WHERE pro_codigo_plu=780721183','',2,'2013-07-25'),(42819,'UPDATE mae_productos SET pro_precio_compra_bruto=247,pro_margen_actual=(pro_precio_venta-247)/247 * 100,pro_ultima_compra=@@@2013.07.25@@@,pro_ultimo_proveedor=@@@90703000-8@@@ WHERE pro_codigo_plu=780721226','',2,'2013-07-25'),(42820,'UPDATE mae_productos SET pro_precio_compra_bruto=234,pro_margen_actual=(pro_precio_venta-234)/234 * 100,pro_ultima_compra=@@@2013.07.25@@@,pro_ultimo_proveedor=@@@90703000-8@@@ WHERE pro_codigo_plu=763580','',2,'2013-07-25'),(42821,'INSERT INTO gne_vale_ferreteria (vfe_id,vfe_fecha,vfe_total,vfe_estado,vfe_entregado,usu_nusuario) VALUES (6171,@@@2013.07.25@@@,590,1,0,@@@admin@@@)','',2,'2013-07-25'),(42822,'INSERT INTO gne_vale_ferreteria_mov (vfe_id,pro_codigo_plu,vfm_cantidad,vfm_unitario,vfm_total,vfm_entregado) VALUES (6171,15662,1,590,590,@@@NO@@@)','',2,'2013-07-25'),(42823,'INSERT INTO gne_vale_ferreteria (vfe_id,vfe_fecha,vfe_total,vfe_estado,vfe_entregado,usu_nusuario) VALUES (6172,@@@2013.07.25@@@,150,1,0,@@@admin@@@)','',2,'2013-07-25'),(42824,'INSERT INTO gne_vale_ferreteria_mov (vfe_id,pro_codigo_plu,vfm_cantidad,vfm_unitario,vfm_total,vfm_entregado) VALUES (6172,78017012,1,150,150,@@@NO@@@)','',2,'2013-07-25'),(42825,'INSERT INTO gne_vale_ferreteria (vfe_id,vfe_fecha,vfe_total,vfe_estado,vfe_entregado,usu_nusuario) VALUES (6173,@@@2013.07.25@@@,330,1,0,@@@admin@@@)','',2,'2013-07-25'),(42826,'INSERT INTO gne_vale_ferreteria_mov (vfe_id,pro_codigo_plu,vfm_cantidad,vfm_unitario,vfm_total,vfm_entregado) VALUES (6173,764772,1,30,30,@@@NO@@@)','',2,'2013-07-25'),(42827,'INSERT INTO gne_vale_ferreteria_mov (vfe_id,pro_codigo_plu,vfm_cantidad,vfm_unitario,vfm_total,vfm_entregado) VALUES (6173,7051,3,100,300,@@@NO@@@)','',2,'2013-07-25'),(42828,'INSERT INTO gne_vale_ferreteria (vfe_id,vfe_fecha,vfe_total,vfe_estado,vfe_entregado,usu_nusuario) VALUES (6174,@@@2013.07.25@@@,780,1,0,@@@admin@@@)','',2,'2013-07-25'),(42829,'INSERT INTO gne_vale_ferreteria_mov (vfe_id,pro_codigo_plu,vfm_cantidad,vfm_unitario,vfm_total,vfm_entregado) VALUES (6174,2007,2,390,780,@@@NO@@@)','',2,'2013-07-25'),(42830,'INSERT INTO gne_vale_ferreteria (vfe_id,vfe_fecha,vfe_total,vfe_estado,vfe_entregado,usu_nusuario) VALUES (6175,@@@2013.07.25@@@,730,1,0,@@@b_SAEZ@@@)','',2,'2013-07-25'),(42831,'INSERT INTO gne_vale_ferreteria_mov (vfe_id,pro_codigo_plu,vfm_cantidad,vfm_unitario,vfm_total,vfm_entregado) VALUES (6175,780220102,1,250,250,@@@NO@@@)','',2,'2013-07-25'),(42832,'INSERT INTO gne_vale_ferreteria_mov (vfe_id,pro_codigo_plu,vfm_cantidad,vfm_unitario,vfm_total,vfm_entregado) VALUES (6175,770001,6,80,480,@@@NO@@@)','',2,'2013-07-25'),(42833,'INSERT INTO gne_vale_ferreteria (vfe_id,vfe_fecha,vfe_total,vfe_estado,vfe_entregado,usu_nusuario) VALUES (6176,@@@2013.07.25@@@,1090,1,0,@@@b_SAEZ@@@)','',2,'2013-07-25'),(42834,'INSERT INTO gne_vale_ferreteria_mov (vfe_id,pro_codigo_plu,vfm_cantidad,vfm_unitario,vfm_total,vfm_entregado) VALUES (6176,11670,1,840,840,@@@NO@@@)','',2,'2013-07-25'),(42835,'INSERT INTO gne_vale_ferreteria_mov (vfe_id,pro_codigo_plu,vfm_cantidad,vfm_unitario,vfm_total,vfm_entregado) VALUES (6176,764583,1,250,250,@@@NO@@@)','',2,'2013-07-25'),(42836,'INSERT INTO gne_vale_ferreteria (vfe_id,vfe_fecha,vfe_total,vfe_estado,vfe_entregado,usu_nusuario) VALUES (6177,@@@2013.07.25@@@,200,1,0,@@@b_SAEZ@@@)','',2,'2013-07-25'),(42837,'INSERT INTO gne_vale_ferreteria_mov (vfe_id,pro_codigo_plu,vfm_cantidad,vfm_unitario,vfm_total,vfm_entregado) VALUES (6177,1556,1,200,200,@@@NO@@@)','',2,'2013-07-25'),(42838,'INSERT INTO gne_vale_ferreteria (vfe_id,vfe_fecha,vfe_total,vfe_estado,vfe_entregado,usu_nusuario) VALUES (6178,@@@2013.07.25@@@,900,1,0,@@@b_SAEZ@@@)','',2,'2013-07-25'),(42839,'INSERT INTO gne_vale_ferreteria_mov (vfe_id,pro_codigo_plu,vfm_cantidad,vfm_unitario,vfm_total,vfm_entregado) VALUES (6178,761966,2,450,900,@@@NO@@@)','',2,'2013-07-25'),(42840,'INSERT INTO gne_vale_ferreteria (vfe_id,vfe_fecha,vfe_total,vfe_estado,vfe_entregado,usu_nusuario) VALUES (6179,@@@2013.07.25@@@,150,1,0,@@@b_SAEZ@@@)','',2,'2013-07-25'),(42841,'INSERT INTO gne_vale_ferreteria_mov (vfe_id,pro_codigo_plu,vfm_cantidad,vfm_unitario,vfm_total,vfm_entregado) VALUES (6179,780220199,1,150,150,@@@NO@@@)','',2,'2013-07-25'),(42842,'INSERT INTO gne_vale_ferreteria (vfe_id,vfe_fecha,vfe_total,vfe_estado,vfe_entregado,usu_nusuario) VALUES (6180,@@@2013.07.25@@@,1730,1,0,@@@b_SAEZ@@@)','',2,'2013-07-25'),(42843,'INSERT INTO gne_vale_ferreteria_mov (vfe_id,pro_codigo_plu,vfm_cantidad,vfm_unitario,vfm_total,vfm_entregado) VALUES (6180,763935,2,720,1440,@@@NO@@@)','',2,'2013-07-25'),(42844,'INSERT INTO gne_vale_ferreteria_mov (vfe_id,pro_codigo_plu,vfm_cantidad,vfm_unitario,vfm_total,vfm_entregado) VALUES (6180,1536,1,290,290,@@@NO@@@)','',2,'2013-07-25'),(42845,'INSERT INTO gne_vale_ferreteria (vfe_id,vfe_fecha,vfe_total,vfe_estado,vfe_entregado,usu_nusuario) VALUES (6181,@@@2013.07.25@@@,350,1,0,@@@b_SAEZ@@@)','',2,'2013-07-25'),(42846,'INSERT INTO gne_vale_ferreteria_mov (vfe_id,pro_codigo_plu,vfm_cantidad,vfm_unitario,vfm_total,vfm_entregado) VALUES (6181,102408,1,350,350,@@@NO@@@)','',2,'2013-07-25'),(42847,'INSERT INTO gne_vale_ferreteria (vfe_id,vfe_fecha,vfe_total,vfe_estado,vfe_entregado,usu_nusuario) VALUES (6182,@@@2013.07.25@@@,230,1,0,@@@b_SAEZ@@@)','',2,'2013-07-25'),(42848,'INSERT INTO gne_vale_ferreteria_mov (vfe_id,pro_codigo_plu,vfm_cantidad,vfm_unitario,vfm_total,vfm_entregado) VALUES (6182,78017238,1,200,200,@@@NO@@@)','',2,'2013-07-25'),(42849,'INSERT INTO gne_vale_ferreteria_mov (vfe_id,pro_codigo_plu,vfm_cantidad,vfm_unitario,vfm_total,vfm_entregado) VALUES (6182,1544,1,30,30,@@@NO@@@)','',2,'2013-07-25'),(42850,'INSERT INTO gne_vale_ferreteria (vfe_id,vfe_fecha,vfe_total,vfe_estado,vfe_entregado,usu_nusuario) VALUES (6183,@@@2013.07.25@@@,1850,1,0,@@@b_SAEZ@@@)','',2,'2013-07-25'),(42851,'INSERT INTO gne_vale_ferreteria_mov (vfe_id,pro_codigo_plu,vfm_cantidad,vfm_unitario,vfm_total,vfm_entregado) VALUES (6183,764782,1,1850,1850,@@@NO@@@)','',2,'2013-07-25'),(42852,'INSERT INTO gne_vale_ferreteria (vfe_id,vfe_fecha,vfe_total,vfe_estado,vfe_entregado,usu_nusuario) VALUES (6184,@@@2013.07.25@@@,490,1,0,@@@b_SAEZ@@@)','',2,'2013-07-25'),(42853,'INSERT INTO gne_vale_ferreteria_mov (vfe_id,pro_codigo_plu,vfm_cantidad,vfm_unitario,vfm_total,vfm_entregado) VALUES (6184,764581,1,490,490,@@@NO@@@)','',2,'2013-07-25'),(42854,'UPDATE mae_productos SET pro_codigo_barra=@@@534@@@,pro_tipo=@@@0@@@,pro_nombre_producto=@@@LIMON NACIONAL GRANEL@@@,pro_nombre_corto=@@@LIMON NACIONAL G@@@,med_id=@@@1@@@,emb_id=@@@1@@@,pro_unidades_embalaje=@@@1@@@,dep_id=@@@18 @@@,lin_id=@@@97@@@,mar_id=@@@2507@@@,pro_precio_compra_neto=@@@0@@@,pro_precio_compra_bruto=@@@0@@@,pro_precio_venta=@@@250@@@,pro_margen_actual=@@@0@@@,pro_oferta=@@@NO@@@,pro_fecha_inicio_oferta=@@@1900.01.01@@@,pro_fecha_termino_oferta=@@@1900.01.01@@@,pro_precio_oferta=@@@0@@@,pro_stock_minimo=@@@10@@@,pro_stock_critico=@@@1@@@,pro_activo=@@@1@@@,pro_unidad=@@@0@@@,pro_precio_compra_bruto=0,pro_margen_actual=0,pro_capacidad=1,pro_funcion_plu=0,pro_flejes=0,pro_iva=1,pro_plu_asociado=0,pro_envase=@@@NO@@@,pro_duracion=0,pro_numero_etiqueta=0 WHERE pro_codigo_plu=@@@534@@@','',2,'2013-07-25'),(42855,'UPDATE mae_productos SET pro_estado=1 WHERE pro_codigo_plu=534','',2,'2013-07-25'),(42856,'DELETE FROM mae_impuestos_productos WHERE pro_codigo_plu=@@@534@@@','',2,'2013-07-25'),(42857,'UPDATE mae_productos SET pro_codigo_barra=@@@533@@@,pro_tipo=@@@0@@@,pro_nombre_producto=@@@LIMON IMPORTADO@@@,pro_nombre_corto=@@@LIMON IMPORTADO@@@,med_id=@@@1@@@,emb_id=@@@1@@@,pro_unidades_embalaje=@@@1@@@,dep_id=@@@18 @@@,lin_id=@@@97@@@,mar_id=@@@2507@@@,pro_precio_compra_neto=@@@0@@@,pro_precio_compra_bruto=@@@152@@@,pro_precio_venta=@@@250@@@,pro_margen_actual=@@@64.47@@@,pro_oferta=@@@NO@@@,pro_fecha_inicio_oferta=@@@1900.01.01@@@,pro_fecha_termino_oferta=@@@1900.01.01@@@,pro_precio_oferta=@@@0@@@,pro_stock_minimo=@@@1@@@,pro_stock_critico=@@@1@@@,pro_activo=@@@1@@@,pro_unidad=@@@0@@@,pro_precio_compra_bruto=152,pro_margen_actual=64.47,pro_capacidad=1,pro_funcion_plu=0,pro_flejes=1,pro_iva=1,pro_plu_asociado=0,pro_envase=@@@NO@@@,pro_duracion=0,pro_numero_etiqueta=0 WHERE pro_codigo_plu=@@@533@@@','',2,'2013-07-25'),(42858,'UPDATE mae_productos SET pro_estado=1 WHERE pro_codigo_plu=533','',2,'2013-07-25'),(42859,'DELETE FROM mae_impuestos_productos WHERE pro_codigo_plu=@@@533@@@','',2,'2013-07-25'),(42860,'UPDATE mae_productos SET pro_codigo_barra=@@@570@@@,pro_tipo=@@@0@@@,pro_nombre_producto=@@@PERA AMARILLA@@@,pro_nombre_corto=@@@PERA AMARILLA@@@,med_id=@@@1@@@,emb_id=@@@1@@@,pro_unidades_embalaje=@@@1@@@,dep_id=@@@18 @@@,lin_id=@@@97@@@,mar_id=@@@2507@@@,pro_precio_compra_neto=@@@0@@@,pro_precio_compra_bruto=@@@0@@@,pro_precio_venta=@@@690@@@,pro_margen_actual=@@@0@@@,pro_oferta=@@@NO@@@,pro_fecha_inicio_oferta=@@@1900.01.01@@@,pro_fecha_termino_oferta=@@@1900.01.01@@@,pro_precio_oferta=@@@0@@@,pro_stock_minimo=@@@1@@@,pro_stock_critico=@@@1@@@,pro_activo=@@@1@@@,pro_unidad=@@@0@@@,pro_precio_compra_bruto=0,pro_margen_actual=0,pro_capacidad=1,pro_funcion_plu=0,pro_flejes=0,pro_iva=1,pro_plu_asociado=0,pro_envase=@@@NO@@@,pro_duracion=0,pro_numero_etiqueta=0 WHERE pro_codigo_plu=@@@570@@@','',2,'2013-07-25'),(42861,'UPDATE mae_productos SET pro_estado=1 WHERE pro_codigo_plu=570','',2,'2013-07-25'),(42862,'DELETE FROM mae_impuestos_productos WHERE pro_codigo_plu=@@@570@@@','',2,'2013-07-25'),(42863,'INSERT INTO gne_vale_ferreteria (vfe_id,vfe_fecha,vfe_total,vfe_estado,vfe_entregado,usu_nusuario) VALUES (6185,@@@2013.07.25@@@,2869,1,0,@@@b_SAEZ@@@)','',2,'2013-07-25'),(42864,'INSERT INTO gne_vale_ferreteria_mov (vfe_id,pro_codigo_plu,vfm_cantidad,vfm_unitario,vfm_total,vfm_entregado) VALUES (6185,764269,1,420,420,@@@NO@@@)','',2,'2013-07-25'),(42865,'INSERT INTO gne_vale_ferreteria_mov (vfe_id,pro_codigo_plu,vfm_cantidad,vfm_unitario,vfm_total,vfm_entregado) VALUES (6185,762002,1,490,490,@@@NO@@@)','',2,'2013-07-25'),(42866,'INSERT INTO gne_vale_ferreteria_mov (vfe_id,pro_codigo_plu,vfm_cantidad,vfm_unitario,vfm_total,vfm_entregado) VALUES (6185,1070,1,250,250,@@@NO@@@)','',2,'2013-07-25'),