(60025,'INSERT INTO com_ventas_grupo (vgr_fecha,vgr_grupo,vgr_cantidad,vgr_total) VALUES (@@@2013.09.02@@@,31,15,13580)','',2,'2013-09-03'),(60026,'INSERT INTO com_ventas_grupo (vgr_fecha,vgr_grupo,vgr_cantidad,vgr_total) VALUES (@@@2013.09.02@@@,32,346,99807)','',2,'2013-09-03'),(60027,'INSERT INTO com_ventas_grupo (vgr_fecha,vgr_grupo,vgr_cantidad,vgr_total) VALUES (@@@2013.09.02@@@,34,3,3600)','',2,'2013-09-03'),(60028,'INSERT INTO com_ventas_grupo (vgr_fecha,vgr_grupo,vgr_cantidad,vgr_total) VALUES (@@@2013.09.02@@@,35,26,37435)','',2,'2013-09-03'),(60029,'INSERT INTO com_ventas_grupo (vgr_fecha,vgr_grupo,vgr_cantidad,vgr_total) VALUES (@@@2013.09.02@@@,36,11,1790)','',2,'2013-09-03'),(60030,'INSERT INTO com_ventas_grupo (vgr_fecha,vgr_grupo,vgr_cantidad,vgr_total) VALUES (@@@2013.09.02@@@,37,1,2990)','',2,'2013-09-03'),(60031,'INSERT INTO com_ventas_grupo (vgr_fecha,vgr_grupo,vgr_cantidad,vgr_total) VALUES (@@@2013.09.02@@@,38,7,10230)','',2,'2013-09-03'),(60032,'INSERT INTO com_ventas_grupo (vgr_fecha,vgr_grupo,vgr_cantidad,vgr_total) VALUES (@@@2013.09.02@@@,39,2,1440)','',2,'2013-09-03'),(60033,'INSERT INTO com_ventas_grupo (vgr_fecha,vgr_grupo,vgr_cantidad,vgr_total) VALUES (@@@2013.09.02@@@,41,1,50)','',2,'2013-09-03'),(60034,'INSERT INTO com_ventas_grupo (vgr_fecha,vgr_grupo,vgr_cantidad,vgr_total) VALUES (@@@2013.09.02@@@,42,27.07,25796)','',2,'2013-09-03'),(60035,'UPDATE mae_datos_empresa SET emp_oferta=@@@NO@@@','',2,'2013-09-03'),(60036,'INSERT INTO mae_productos (pro_codigo_plu,pro_codigo_barra,pro_tipo,pro_nombre_producto,pro_nombre_corto,med_id,emb_id,pro_unidades_embalaje,dep_id,lin_id,mar_id,pro_precio_compra_neto,pro_precio_compra_bruto,pro_precio_venta,pro_margen_actual,pro_oferta,pro_fecha_inicio_oferta,pro_fecha_termino_oferta,pro_precio_oferta,pro_stock_minimo,pro_stock_critico,pro_entradas_bodega,pro_salidas_bodega,pro_mermas_bodega,pro_ajustes_bodega,pro_entradas_sv,pro_salidas_sv,pro_mermas_sv,pro_ajustes_sv,pro_activo,rec_numero,pro_unidad,pro_capacidad,pro_consumo_bodega,pro_consumo_sv,pro_estado,pro_funcion_plu,pro_flejes,pro_iva,pro_plu_asociado,pro_envase,pro_duracion,pro_numero_etiqueta) VALUES (780721719,@@@7792700000994@@@,@@@0@@@,@@@CORRECTOR LIQUIDO LAPIZ PELIOKAN 7ML@@@,@@@CORRECTOR LIQUID@@@,@@@7 @@@,@@@6 @@@,@@@12@@@,@@@24 @@@,@@@207@@@,@@@2405@@@,@@@0@@@,@@@267.75@@@,@@@1@@@,@@@-99.63@@@,@@@@@@,@@@2006.09.07@@@,@@@2006.09.07@@@,@@@0@@@,@@@12@@@,@@@5@@@,@@@0@@@,@@@0@@@,@@@0@@@,@@@0@@@,@@@0@@@,@@@0@@@,@@@0@@@,@@@0@@@,@@@1@@@,@@@0@@@,0,7,0,0,2,0,1,1,0,@@@NO@@@,0,0)','',2,'2013-09-03'),(60037,'DELETE FROM mae_impuestos_productos WHERE pro_codigo_plu=@@@780721719@@@','',2,'2013-09-03'),(60038,'INSERT INTO mae_productos (pro_codigo_plu,pro_codigo_barra,pro_tipo,pro_nombre_producto,pro_nombre_corto,med_id,emb_id,pro_unidades_embalaje,dep_id,lin_id,mar_id,pro_precio_compra_neto,pro_precio_compra_bruto,pro_precio_venta,pro_margen_actual,pro_oferta,pro_fecha_inicio_oferta,pro_fecha_termino_oferta,pro_precio_oferta,pro_stock_minimo,pro_stock_critico,pro_entradas_bodega,pro_salidas_bodega,pro_mermas_bodega,pro_ajustes_bodega,pro_entradas_sv,pro_salidas_sv,pro_mermas_sv,pro_ajustes_sv,pro_activo,rec_numero,pro_unidad,pro_capacidad,pro_consumo_bodega,pro_consumo_sv,pro_estado,pro_funcion_plu,pro_flejes,pro_iva,pro_plu_asociado,pro_envase,pro_duracion,pro_numero_etiqueta) VALUES (98100,@@@98100@@@,@@@0@@@,@@@PILAS RAYOVAC AAA@@@,@@@PILAS RAYOVAC AA@@@,@@@1 @@@,@@@6 @@@,@@@30@@@,@@@24 @@@,@@@207@@@,@@@1351@@@,@@@0@@@,@@@59.53@@@,@@@1@@@,@@@-98.32@@@,@@@@@@,@@@2006.09.07@@@,@@@2006.09.07@@@,@@@0@@@,@@@30@@@,@@@10@@@,@@@0@@@,@@@0@@@,@@@0@@@,@@@0@@@,@@@0@@@,@@@0@@@,@@@0@@@,@@@0@@@,@@@1@@@,@@@0@@@,0,1,0,0,2,0,1,1,0,@@@NO@@@,0,0)','',2,'2013-09-03'),(60039,'DELETE FROM mae_impuestos_productos WHERE pro_codigo_plu=@@@98100@@@','',2,'2013-09-03'),(60040,'INSERT INTO mae_productos (pro_codigo_plu,pro_codigo_barra,pro_tipo,pro_nombre_producto,pro_nombre_corto,med_id,emb_id,pro_unidades_embalaje,dep_id,lin_id,mar_id,pro_precio_compra_neto,pro_precio_compra_bruto,pro_precio_venta,pro_margen_actual,pro_oferta,pro_fecha_inicio_oferta,pro_fecha_termino_oferta,pro_precio_oferta,pro_stock_minimo,pro_stock_critico,pro_entradas_bodega,pro_salidas_bodega,pro_mermas_bodega,pro_ajustes_bodega,pro_entradas_sv,pro_salidas_sv,pro_mermas_sv,pro_ajustes_sv,pro_activo,rec_numero,pro_unidad,pro_capacidad,pro_consumo_bodega,pro_consumo_sv,pro_estado,pro_funcion_plu,pro_flejes,pro_iva,pro_plu_asociado,pro_envase,pro_duracion,pro_numero_etiqueta) VALUES (780721720,@@@7501015213568@@@,@@@0@@@,@@@DESTACADOR PELIKAN AMARILLO@@@,@@@DESTACADOR PELIK@@@,@@@1 @@@,@@@6 @@@,@@@12@@@,@@@24 @@@,@@@137@@@,@@@2405@@@,@@@0@@@,@@@145.18@@@,@@@1@@@,@@@-99.31@@@,@@@@@@,@@@2006.09.07@@@,@@@2006.09.07@@@,@@@0@@@,@@@12@@@,@@@4@@@,@@@0@@@,@@@0@@@,@@@0@@@,@@@0@@@,@@@0@@@,@@@0@@@,@@@0@@@,@@@0@@@,@@@1@@@,@@@0@@@,0,1,0,0,2,0,1,1,0,@@@NO@@@,0,0)','',2,'2013-09-03'),(60041,'DELETE FROM mae_impuestos_productos WHERE pro_codigo_plu=@@@780721720@@@','',2,'2013-09-03'),(60042,'INSERT INTO mae_productos (pro_codigo_plu,pro_codigo_barra,pro_tipo,pro_nombre_producto,pro_nombre_corto,med_id,emb_id,pro_unidades_embalaje,dep_id,lin_id,mar_id,pro_precio_compra_neto,pro_precio_compra_bruto,pro_precio_venta,pro_margen_actual,pro_oferta,pro_fecha_inicio_oferta,pro_fecha_termino_oferta,pro_precio_oferta,pro_stock_minimo,pro_stock_critico,pro_entradas_bodega,pro_salidas_bodega,pro_mermas_bodega,pro_ajustes_bodega,pro_entradas_sv,pro_salidas_sv,pro_mermas_sv,pro_ajustes_sv,pro_activo,rec_numero,pro_unidad,pro_capacidad,pro_consumo_bodega,pro_consumo_sv,pro_estado,pro_funcion_plu,pro_flejes,pro_iva,pro_plu_asociado,pro_envase,pro_duracion,pro_numero_etiqueta) VALUES (780721721,@@@7501015213544@@@,@@@0@@@,@@@DESTACADOR PELIKAN ROSADO@@@,@@@DESTACADOR PELIK@@@,@@@1 @@@,@@@6 @@@,@@@12@@@,@@@24 @@@,@@@137@@@,@@@2405@@@,@@@0@@@,@@@145.18@@@,@@@1@@@,@@@-99.31@@@,@@@@@@,@@@2006.09.07@@@,@@@2006.09.07@@@,@@@0@@@,@@@12@@@,@@@4@@@,@@@0@@@,@@@0@@@,@@@0@@@,@@@0@@@,@@@0@@@,@@@0@@@,@@@0@@@,@@@0@@@,@@@1@@@,@@@0@@@,0,1,0,0,2,0,1,1,0,@@@NO@@@,0,0)','',2,'2013-09-03'),(60043,'DELETE FROM mae_impuestos_productos WHERE pro_codigo_plu=@@@780721721@@@','',2,'2013-09-03'),(60044,'INSERT INTO mae_productos (pro_codigo_plu,pro_codigo_barra,pro_tipo,pro_nombre_producto,pro_nombre_corto,med_id,emb_id,pro_unidades_embalaje,dep_id,lin_id,mar_id,pro_precio_compra_neto,pro_precio_compra_bruto,pro_precio_venta,pro_margen_actual,pro_oferta,pro_fecha_inicio_oferta,pro_fecha_termino_oferta,pro_precio_oferta,pro_stock_minimo,pro_stock_critico,pro_entradas_bodega,pro_salidas_bodega,pro_mermas_bodega,pro_ajustes_bodega,pro_entradas_sv,pro_salidas_sv,pro_mermas_sv,pro_ajustes_sv,pro_activo,rec_numero,pro_unidad,pro_capacidad,pro_consumo_bodega,pro_consumo_sv,pro_estado,pro_funcion_plu,pro_flejes,pro_iva,pro_plu_asociado,pro_envase,pro_duracion,pro_numero_etiqueta) VALUES (780721722,@@@7501015213575@@@,@@@0@@@,@@@DESTACADOR PELIKAN VERDE@@@,@@@DESTACADOR PELIK@@@,@@@1 @@@,@@@6 @@@,@@@12@@@,@@@24 @@@,@@@137@@@,@@@2405@@@,@@@0@@@,@@@145.18@@@,@@@1@@@,@@@-99.31@@@,@@@@@@,@@@2006.09.07@@@,@@@2006.09.07@@@,@@@0@@@,@@@12@@@,@@@4@@@,@@@0@@@,@@@0@@@,@@@0@@@,@@@0@@@,@@@0@@@,@@@0@@@,@@@0@@@,@@@0@@@,@@@1@@@,@@@0@@@,0,1,0,0,2,0,1,1,0,@@@NO@@@,0,0)','',2,'2013-09-03'),(60045,'DELETE FROM mae_impuestos_productos WHERE pro_codigo_plu=@@@780721722@@@','',2,'2013-09-03'),(60046,'INSERT INTO mae_productos (pro_codigo_plu,pro_codigo_barra,pro_tipo,pro_nombre_producto,pro_nombre_corto,med_id,emb_id,pro_unidades_embalaje,dep_id,lin_id,mar_id,pro_precio_compra_neto,pro_precio_compra_bruto,pro_precio_venta,pro_margen_actual,pro_oferta,pro_fecha_inicio_oferta,pro_fecha_termino_oferta,pro_precio_oferta,pro_stock_minimo,pro_stock_critico,pro_entradas_bodega,pro_salidas_bodega,pro_mermas_bodega,pro_ajustes_bodega,pro_entradas_sv,pro_salidas_sv,pro_mermas_sv,pro_ajustes_sv,pro_activo,rec_numero,pro_unidad,pro_capacidad,pro_consumo_bodega,pro_consumo_sv,pro_estado,pro_funcion_plu,pro_flejes,pro_iva,pro_plu_asociado,pro_envase,pro_duracion,pro_numero_etiqueta) VALUES (780721723,@@@7501015213551@@@,@@@0@@@,@@@DESTACADOR PELIKAN NARANJO@@@,@@@DESTACADOR PELIK@@@,@@@1 @@@,@@@6 @@@,@@@12@@@,@@@24 @@@,@@@137@@@,@@@2405@@@,@@@0@@@,@@@145.18@@@,@@@1@@@,@@@-99.31@@@,@@@@@@,@@@2006.09.07@@@,@@@2006.09.07@@@,@@@0@@@,@@@12@@@,@@@4@@@,@@@0@@@,@@@0@@@,@@@0@@@,@@@0@@@,@@@0@@@,@@@0@@@,@@@0@@@,@@@0@@@,@@@1@@@,@@@0@@@,0,1,0,0,2,0,1,1,0,@@@NO@@@,0,0)','',2,'2013-09-03'),(60047,'DELETE FROM mae_impuestos_productos WHERE pro_codigo_plu=@@@780721723@@@','',2,'2013-09-03'),(60048,'UPDATE mae_productos SET pro_margen_actual=-99.63,pro_precio_venta=1 WHERE pro_codigo_plu=780721719','',2,'2013-09-03'),(60049,'UPDATE mae_productos SET pro_margen_actual=-99.31,pro_precio_venta=1 WHERE pro_codigo_plu=780721720','',2,'2013-09-03'),(60050,'UPDATE mae_productos SET pro_margen_actual=-99.31,pro_precio_venta=1 WHERE pro_codigo_plu=780721723','',2,'2013-09-03'),(60051,'UPDATE mae_productos SET pro_margen_actual=-99.31,pro_precio_venta=1 WHERE pro_codigo_plu=780721721','',2,'2013-09-03'),(60052,'UPDATE mae_productos SET pro_margen_actual=-99.31,pro_precio_venta=1 WHERE pro_codigo_plu=780721722','',2,'2013-09-03'),(60053,'UPDATE mae_productos SET pro_margen_actual=-98.32,pro_precio_venta=1 WHERE pro_codigo_plu=98100','',2,'2013-09-03'),(60054,'UPDATE mae_productos SET pro_margen_actual=102.17,pro_precio_venta=2790 WHERE pro_codigo_plu=562','',2,'2013-09-03'),(60055,'UPDATE mae_productos SET pro_margen_actual=113.94,pro_precio_venta=890 WHERE pro_codigo_plu=566','',2,'2013-09-03'),(60056,'UPDATE mae_productos SET pro_margen_actual=-21.6,pro_precio_venta=490 WHERE pro_codigo_plu=532','',2,'2013-09-03'),(60057,'UPDATE mae_productos SET pro_margen_actual=46.46,pro_precio_venta=290 WHERE pro_codigo_plu=534','',2,'2013-09-03'),(60058,'UPDATE mae_productos SET pro_margen_actual=29.97,pro_precio_venta=399 WHERE pro_codigo_plu=573','',2,'2013-09-03'),(60059,'UPDATE mae_productos SET pro_margen_actual=52.65,pro_precio_venta=490 WHERE pro_codigo_plu=608','',2,'2013-09-03'),(60060,'UPDATE mae_productos SET pro_precio_fiscal=pro_precio_venta WHERE pro_codigo_plu=532','',2,'2013-09-03'),(60061,'UPDATE mae_productos SET pro_precio_fiscal=pro_precio_venta WHERE pro_codigo_plu=534','',2,'2013-09-03'),(60062,'UPDATE mae_productos SET pro_precio_fiscal=pro_precio_venta WHERE pro_codigo_plu=562','',2,'2013-09-03'),(60063,'UPDATE mae_productos SET pro_precio_fiscal=pro_precio_venta WHERE pro_codigo_plu=566','',2,'2013-09-03'),(60064,'UPDATE mae_productos SET pro_precio_fiscal=pro_precio_venta WHERE pro_codigo_plu=573','',2,'2013-09-03'),(60065,'UPDATE mae_productos SET pro_precio_fiscal=pro_precio_venta WHERE pro_codigo_plu=608','',2,'2013-09-03'),(60066,'UPDATE mae_productos SET pro_margen_actual=116.42,pro_precio_venta=290 WHERE pro_codigo_plu=589','',2,'2013-09-03'),(60067,'UPDATE mae_productos SET pro_precio_fiscal=pro_precio_venta WHERE pro_codigo_plu=589','',2,'2013-09-03'),(60068,'INSERT INTO mae_productos (pro_codigo_plu,pro_codigo_barra,pro_tipo,pro_nombre_producto,pro_nombre_corto,med_id,emb_id,pro_unidades_embalaje,dep_id,lin_id,mar_id,pro_precio_compra_neto,pro_precio_compra_bruto,pro_precio_venta,pro_margen_actual,pro_oferta,pro_fecha_inicio_oferta,pro_fecha_termino_oferta,pro_precio_oferta,pro_stock_minimo,pro_stock_critico,pro_entradas_bodega,pro_salidas_bodega,pro_mermas_bodega,pro_ajustes_bodega,pro_entradas_sv,pro_salidas_sv,pro_mermas_sv,pro_ajustes_sv,pro_activo,rec_numero,pro_unidad,pro_capacidad,pro_consumo_bodega,pro_consumo_sv,pro_estado,pro_funcion_plu,pro_flejes,pro_iva,pro_plu_asociado,pro_envase,pro_duracion,pro_numero_etiqueta) VALUES (780721724,@@@7801875090041@@@,@@@0@@@,@@@BOMBILLAS LISAS SUPERIOR 40 UNID@@@,@@@BOMBILLAS LISAS @@@,@@@1 @@@,@@@4 @@@,@@@40@@@,@@@24 @@@,@@@207@@@,@@@1682@@@,@@@0@@@,@@@357@@@,@@@1@@@,@@@-99.72@@@,@@@@@@,@@@2006.09.07@@@,@@@2006.09.07@@@,@@@0@@@,@@@10@@@,@@@4@@@,@@@0@@@,@@@0@@@,@@@0@@@,@@@0@@@,@@@0@@@,@@@0@@@,@@@0@@@,@@@0@@@,@@@1@@@,@@@0@@@,0,40,0,0,2,0,1,1,0,@@@NO@@@,0,0)','',2,'2013-09-03'),(60069,'DELETE FROM mae_impuestos_productos WHERE pro_codigo_plu=@@@780721724@@@','',2,'2013-09-03'),(60070,'INSERT INTO mae_productos (pro_codigo_plu,pro_codigo_barra,pro_tipo,pro_nombre_producto,pro_nombre_corto,med_id,emb_id,pro_unidades_embalaje,dep_id,lin_id,mar_id,pro_precio_compra_neto,pro_precio_compra_bruto,pro_precio_venta,pro_margen_actual,pro_oferta,pro_fecha_inicio_oferta,pro_fecha_termino_oferta,pro_precio_oferta,pro_stock_minimo,pro_stock_critico,pro_entradas_bodega,pro_salidas_bodega,pro_mermas_bodega,pro_ajustes_bodega,pro_entradas_sv,pro_salidas_sv,pro_mermas_sv,pro_ajustes_sv,pro_activo,rec_numero,pro_unidad,pro_capacidad,pro_consumo_bodega,pro_consumo_sv,pro_estado,pro_funcion_plu,pro_flejes,pro_iva,pro_plu_asociado,pro_envase,pro_duracion,pro_numero_etiqueta) VALUES (593,@@@0593@@@,@@@0@@@,@@@COLIFLOR@@@,@@@COLIFLOR@@@,@@@1 @@@,@@@6 @@@,@@@15@@@,@@@18 @@@,@@@98@@@,@@@2507@@@,@@@0@@@,@@@590@@@,@@@590@@@,@@@0@@@,@@@@@@,@@@2013.09.03@@@,@@@2013.09.03@@@,@@@0@@@,@@@15@@@,@@@4@@@,@@@0@@@,@@@0@@@,@@@0@@@,@@@0@@@,@@@0@@@,@@@0@@@,@@@0@@@,@@@0@@@,@@@1@@@,@@@0@@@,0,1,0,0,2,0,1,1,0,@@@NO@@@,0,0)','',2,'2013-09-03'),(60071,'DELETE FROM mae_impuestos_productos WHERE pro_codigo_plu=@@@593@@@','',2,'2013-09-03'),(60072,'UPDATE mae_productos SET pro_margen_actual=-99.72,pro_precio_venta=1 WHERE pro_codigo_plu=780721724','',2,'2013-09-03'),(60073,'UPDATE mae_productos SET pro_margen_actual=0,pro_precio_venta=590 WHERE pro_codigo_plu=593','',2,'2013-09-03'),(60074,'UPDATE mae_productos SET pro_precio_fiscal=pro_precio_venta WHERE pro_codigo_plu=593','',2,'2013-09-03'),(60075,'INSERT INTO mae_productos (pro_codigo_plu,pro_codigo_barra,pro_tipo,pro_nombre_producto,pro_nombre_corto,med_id,emb_id,pro_unidades_embalaje,dep_id,lin_id,mar_id,pro_precio_compra_neto,pro_precio_compra_bruto,pro_precio_venta,pro_margen_actual,pro_oferta,pro_fecha_inicio_oferta,pro_fecha_termino_oferta,pro_precio_oferta,pro_stock_minimo,pro_stock_critico,pro_entradas_bodega,pro_salidas_bodega,pro_mermas_bodega,pro_ajustes_bodega,pro_entradas_sv,pro_salidas_sv,pro_mermas_sv,pro_ajustes_sv,pro_activo,rec_numero,pro_unidad,pro_capacidad,pro_consumo_bodega,pro_consumo_sv,pro_estado,pro_funcion_plu,pro_flejes,pro_iva,pro_plu_asociado,pro_envase,pro_duracion,pro_numero_etiqueta) VALUES (780721725,@@@7894400001131@@@,@@@0@@@,@@@AMPOLLETA PHILIPS 40 W@@@,@@@AMPOLLETA PHILIP@@@,@@@1 @@@,@@@6 @@@,@@@50@@@,@@@24 @@@,@@@207@@@,@@@997@@@,@@@0@@@,@@@151.13@@@,@@@1@@@,@@@-99.34@@@,@@@@@@,@@@2006.09.07@@@,@@@2006.09.07@@@,@@@0@@@,@@@50@@@,@@@10@@@,@@@0@@@,@@@0@@@,@@@0@@@,@@@0@@@,@@@0@@@,@@@0@@@,@@@0@@@,@@@0@@@,@@@1@@@,@@@0@@@,0,1,0,0,2,0,1,1,0,@@@NO@@@,0,0)','',2,'2013-09-03'),(60076,'DELETE FROM mae_impuestos_productos WHERE pro_codigo_plu=@@@780721725@@@','',2,'2013-09-03'),(60077,'UPDATE mae_productos SET pro_margen_actual=-99.34,pro_precio_venta=1 WHERE pro_codigo_plu=780721725','',2,'2013-09-03'),(60078,'UPDATE mae_productos SET pro_margen_actual=160,pro_precio_venta=390 WHERE pro_codigo_plu=594','',2,'2013-09-03'),(60079,'UPDATE mae_productos SET pro_precio_fiscal=pro_precio_venta WHERE pro_codigo_plu=594','',2,'2013-09-03'),(60080,'UPDATE mae_productos SET pro_codigo_barra=@@@2100015000052@@@,pro_tipo=@@@0@@@,pro_nombre_producto=@@@ARCHIVADOR PLASTICO CALEIRO COLORES@@@,pro_nombre_corto=@@@ARCHIVADOR PLAST@@@,med_id=@@@1@@@,emb_id=@@@6@@@,pro_unidades_embalaje=@@@10@@@,dep_id=@@@24 @@@,lin_id=@@@137@@@,mar_id=@@@2681@@@,pro_precio_compra_neto=@@@158@@@,pro_precio_compra_bruto=@@@188.02@@@,pro_precio_venta=@@@350@@@,pro_margen_actual=@@@86.15@@@,pro_oferta=@@@NO@@@,pro_fecha_inicio_oferta=@@@2006.09.07@@@,pro_fecha_termino_oferta=@@@2006.09.07@@@,pro_precio_oferta=@@@0@@@,pro_stock_minimo=@@@10@@@,pro_stock_critico=@@@4@@@,pro_activo=@@@1@@@,pro_unidad=@@@0@@@,pro_precio_compra_bruto=188.02,pro_margen_actual=86.15,pro_capacidad=1,pro_funcion_plu=0,pro_flejes=1,pro_iva=1,pro_plu_asociado=0,pro_envase=@@@NO@@@,pro_duracion=0,pro_numero_etiqueta=0 WHERE pro_codigo_plu=@@@780721439@@@','',2,'2013-09-03'),(60081,'UPDATE mae_productos SET pro_estado=1 WHERE pro_codigo_plu=780721439','',2,'2013-09-03'),(60082,'DELETE FROM mae_impuestos_productos WHERE pro_codigo_plu=@@@780721439@@@','',2,'2013-09-03'),(60083,'INSERT INTO mae_productos (pro_codigo_plu,pro_codigo_barra,pro_tipo,pro_nombre_producto,pro_nombre_corto,med_id,emb_id,pro_unidades_embalaje,dep_id,lin_id,mar_id,pro_precio_compra_neto,pro_precio_compra_bruto,pro_precio_venta,pro_margen_actual,pro_oferta,pro_fecha_inicio_oferta,pro_fecha_termino_oferta,pro_precio_oferta,pro_stock_minimo,pro_stock_critico,pro_entradas_bodega,pro_salidas_bodega,pro_mermas_bodega,pro_ajustes_bodega,pro_entradas_sv,pro_salidas_sv,pro_mermas_sv,pro_ajustes_sv,pro_activo,rec_numero,pro_unidad,pro_capacidad,pro_consumo_bodega,pro_consumo_sv,pro_estado,pro_funcion_plu,pro_flejes,pro_iva,pro_plu_asociado,pro_envase,pro_duracion,pro_numero_etiqueta) VALUES (780721726,@@@7807265023019@@@,@@@0@@@,@@@CINTA ADHESIVA ISOTAPE 12X 18 MT@@@,@@@CINTA ADHESIVA I@@@,@@@1 @@@,@@@6 @@@,@@@24@@@,@@@24 @@@,@@@137@@@,@@@2507@@@,@@@0@@@,@@@73.78@@@,@@@1@@@,@@@-98.64@@@,@@@@@@,@@@2006.09.07@@@,@@@2006.09.07@@@,@@@0@@@,@@@24@@@,@@@10@@@,@@@0@@@,@@@0@@@,@@@0@@@,@@@0@@@,@@@0@@@,@@@0@@@,@@@0@@@,@@@0@@@,@@@1@@@,@@@0@@@,0,1,0,0,2,0,1,1,0,@@@NO@@@,0,0)','',2,'2013-09-03'),(60084,'DELETE FROM mae_impuestos_productos WHERE pro_codigo_plu=@@@780721726@@@','',2,'2013-09-03'),(60085,'INSERT INTO mae_productos (pro_codigo_plu,pro_codigo_barra,pro_tipo,pro_nombre_producto,pro_nombre_corto,med_id,emb_id,pro_unidades_embalaje,dep_id,lin_id,mar_id,pro_precio_compra_neto,pro_precio_compra_bruto,pro_precio_venta,pro_margen_actual,pro_oferta,pro_fecha_inicio_oferta,pro_fecha_termino_oferta,pro_precio_oferta,pro_stock_minimo,pro_stock_critico,pro_entradas_bodega,pro_salidas_bodega,pro_mermas_bodega,pro_ajustes_bodega,pro_entradas_sv,pro_salidas_sv,pro_mermas_sv,pro_ajustes_sv,pro_activo,rec_numero,pro_unidad,pro_capacidad,pro_consumo_bodega,pro_consumo_sv,pro_estado,pro_funcion_plu,pro_flejes,pro_iva,pro_plu_asociado,pro_envase,pro_duracion,pro_numero_etiqueta) VALUES (780721727,@@@8414034036195@@@,@@@0@@@,@@@GOMA DE BORRAR FACTIS 36 R@@@,@@@GOMA DE BORRAR F@@@,@@@1 @@@,@@@6 @@@,@@@36@@@,@@@24 @@@,@@@137@@@,@@@2665@@@,@@@0@@@,@@@70.21@@@,@@@1@@@,@@@-98.58@@@,@@@@@@,@@@2006.09.07@@@,@@@2006.09.07@@@,@@@0@@@,@@@36@@@,@@@14@@@,@@@0@@@,@@@0@@@,@@@0@@@,@@@0@@@,@@@0@@@,@@@0@@@,@@@0@@@,@@@0@@@,@@@1@@@,@@@0@@@,0,1,0,0,2,0,1,1,0,@@@NO@@@,0,0)','',2,'2013-09-03'),(60086,'DELETE FROM mae_impuestos_productos WHERE pro_codigo_plu=@@@780721727@@@','',2,'2013-09-03'),(60087,'INSERT INTO mae_productos (pro_codigo_plu,pro_codigo_barra,pro_tipo,pro_nombre_producto,pro_nombre_corto,med_id,emb_id,pro_unidades_embalaje,dep_id,lin_id,mar_id,pro_precio_compra_neto,pro_precio_compra_bruto,pro_precio_venta,pro_margen_actual,pro_oferta,pro_fecha_inicio_oferta,pro_fecha_termino_oferta,pro_precio_oferta,pro_stock_minimo,pro_stock_critico,pro_entradas_bodega,pro_salidas_bodega,pro_mermas_bodega,pro_ajustes_bodega,pro_entradas_sv,pro_salidas_sv,pro_mermas_sv,pro_ajustes_sv,pro_activo,rec_numero,pro_unidad,pro_capacidad,pro_consumo_bodega,pro_consumo_sv,pro_estado,pro_funcion_plu,pro_flejes,pro_iva,pro_plu_asociado,pro_envase,pro_duracion,pro_numero_etiqueta) VALUES (124154,@@@124154@@@,@@@0@@@,@@@SOBRE CARTA BLANCO 12,4   50 UNID@@@,@@@SOBRE CARTA BLAN@@@,@@@1 @@@,@@@4 @@@,@@@50@@@,@@@24 @@@,@@@137@@@,@@@2507@@@,@@@0@@@,@@@11.63@@@,@@@1@@@,@@@-91.4@@@,@@@@@@,@@@2006.09.07@@@,@@@2006.09.07@@@,@@@0@@@,@@@50@@@,@@@10@@@,@@@0@@@,@@@0@@@,@@@0@@@,@@@0@@@,@@@0@@@,@@@0@@@,@@@0@@@,@@@0@@@,@@@1@@@,@@@0@@@,0,1,0,0,2,0,1,1,0,@@@NO@@@,0,0)','',2,'2013-09-03'),(60088,'DELETE FROM mae_impuestos_productos WHERE pro_codigo_plu=@@@124154@@@','',2,'2013-09-03'),(60089,'INSERT INTO gne_vale_ferreteria (vfe_id,vfe_fecha,vfe_total,vfe_estado,vfe_entregado,usu_nusuario) VALUES (9801,@@@2013.09.03@@@,1890,1,0,@@@s_diaz@@@)','',2,'2013-09-03'),(60090,'INSERT INTO gne_vale_ferreteria_mov (vfe_id,pro_codigo_plu,vfm_cantidad,vfm_unitario,vfm_total,vfm_entregado) VALUES (9801,101844,1,1890,1890,@@@NO@@@)','',2,'2013-09-03'),(60091,'INSERT INTO gne_vale_ferreteria (vfe_id,vfe_fecha,vfe_total,vfe_estado,vfe_entregado,usu_nusuario) VALUES (9802,@@@2013.09.03@@@,1210,1,0,@@@s_diaz@@@)','',2,'2013-09-03'),(60092,'INSERT INTO gne_vale_ferreteria_mov (vfe_id,pro_codigo_plu,vfm_cantidad,vfm_unitario,vfm_total,vfm_entregado) VALUES (9802,764007,1,650,650,@@@NO@@@)','',2,'2013-09-03'),(60093,'INSERT INTO gne_vale_ferreteria_mov (vfe_id,pro_codigo_plu,vfm_cantidad,vfm_unitario,vfm_total,vfm_entregado) VALUES (9802,780721273,2,280,560,@@@NO@@@)','',2,'2013-09-03'),(60094,'UPDATE mae_productos SET pro_margen_actual=86.15,pro_precio_venta=350 WHERE pro_codigo_plu=780721439','',2,'2013-09-03'),(60095,'UPDATE mae_productos SET pro_margen_actual=-98.64,pro_precio_venta=1 WHERE pro_codigo_plu=780721726','',2,'2013-09-03'),(60096,'UPDATE mae_productos SET pro_margen_actual=-98.58,pro_precio_venta=1 WHERE pro_codigo_plu=780721727','',2,'2013-09-03'),(60097,'UPDATE mae_productos SET pro_margen_actual=-91.4,pro_precio_venta=1 WHERE pro_codigo_plu=124154','',2,'2013-09-03'),(60098,'UPDATE mae_productos SET pro_margen_actual=-9.76,pro_precio_venta=490 WHERE pro_codigo_plu=579','',2,'2013-09-03'),(60099,'UPDATE mae_productos SET pro_precio_fiscal=pro_precio_venta WHERE pro_codigo_plu=579','',2,'2013-09-03'),(60100,'INSERT INTO gne_vale_ferreteria (vfe_id,vfe_fecha,vfe_total,vfe_estado,vfe_entregado,usu_nusuario) VALUES (9803,@@@2013.09.03@@@,540,1,0,@@@s_diaz@@@)','',2,'2013-09-03'),(60101,'INSERT INTO gne_vale_ferreteria_mov (vfe_id,pro_codigo_plu,vfm_cantidad,vfm_unitario,vfm_total,vfm_entregado) VALUES (9803,19916,1,540,540,@@@NO@@@)','',2,'2013-09-03'),(60102,'INSERT INTO gne_vale_ferreteria (vfe_id,vfe_fecha,vfe_total,vfe_estado,vfe_entregado,usu_nusuario) VALUES (9804,@@@2013.09.03@@@,490,1,0,@@@s_diaz@@@)','',2,'2013-09-03'),(60103,'INSERT INTO gne_vale_ferreteria_mov (vfe_id,pro_codigo_plu,vfm_cantidad,vfm_unitario,vfm_total,vfm_entregado) VALUES (9804,780721558,1,490,490,@@@NO@@@)','',2,'2013-09-03'),(60104,'INSERT INTO gne_vale_ferreteria (vfe_id,vfe_fecha,vfe_total,vfe_estado,vfe_entregado,usu_nusuario) VALUES (9805,@@@2013.09.03@@@,350,1,0,@@@s_diaz@@@)','',2,'2013-09-03'),(60105,'INSERT INTO gne_vale_ferreteria_mov (vfe_id,pro_codigo_plu,vfm_cantidad,vfm_unitario,vfm_total,vfm_entregado) VALUES (9805,763597,1,350,350,@@@NO@@@)','',2,'2013-09-03'),(60106,'INSERT INTO gne_vale_ferreteria (vfe_id,vfe_fecha,vfe_total,vfe_estado,vfe_entregado,usu_nusuario) VALUES (9806,@@@2013.09.03@@@,3210,1,0,@@@s_diaz@@@)','',2,'2013-09-03'),(60107,'INSERT INTO gne_vale_ferreteria_mov (vfe_id,pro_codigo_plu,vfm_cantidad,vfm_unitario,vfm_total,vfm_entregado) VALUES (9806,762144,1,2690,2690,@@@NO@@@)','',2,'2013-09-03'),(60108,'INSERT INTO gne_vale_ferreteria_mov (vfe_id,pro_codigo_plu,vfm_cantidad,vfm_unitario,vfm_total,vfm_entregado) VALUES (9806,78017173,1,520,520,@@@NO@@@)','',2,'2013-09-03'),(60109,'INSERT INTO gne_vale_ferreteria (vfe_id,vfe_fecha,vfe_total,vfe_estado,vfe_entregado,usu_nusuario) VALUES (9807,@@@2013.09.03@@@,600,1,0,@@@s_diaz@@@)','',2,'2013-09-03'),(60110,'INSERT INTO gne_vale_ferreteria_mov (vfe_id,pro_codigo_plu,vfm_cantidad,vfm_unitario,vfm_total,vfm_entregado) VALUES (9807,4078,6,100,600,@@@NO@@@)','',2,'2013-09-03'),(60111,'INSERT INTO gne_vale_ferreteria (vfe_id,vfe_fecha,vfe_total,vfe_estado,vfe_entregado,usu_nusuario) VALUES (9808,@@@2013.09.03@@@,270,1,0,@@@s_diaz@@@)','',2,'2013-09-03'),(60112,'INSERT INTO gne_vale_ferreteria_mov (vfe_id,pro_codigo_plu,vfm_cantidad,vfm_unitario,vfm_total,vfm_entregado) VALUES (9808,78017147,3,90,270,@@@NO@@@)','',2,'2013-09-03'),(60113,'INSERT INTO gne_vale_ferreteria (vfe_id,vfe_fecha,vfe_total,vfe_estado,vfe_entregado,usu_nusuario) VALUES (9809,@@@2013.09.03@@@,520,1,0,@@@s_diaz@@@)','',2,'2013-09-03'),(60114,'INSERT INTO gne_vale_ferreteria_mov (vfe_id,pro_codigo_plu,vfm_cantidad,vfm_unitario,vfm_total,vfm_entregado) VALUES (9809,15967,4,130,520,@@@NO@@@)','',2,'2013-09-03'),(60115,'INSERT INTO gne_vale_ferreteria (vfe_id,vfe_fecha,vfe_total,vfe_estado,vfe_entregado,usu_nusuario) VALUES (9810,@@@2013.09.03@@@,390,1,0,@@@s_diaz@@@)','',2,'2013-09-03'),(60116,'INSERT INTO gne_vale_ferreteria_mov (vfe_id,pro_codigo_plu,vfm_cantidad,vfm_unitario,vfm_total,vfm_entregado) VALUES (9810,15967,3,130,390,@@@NO@@@)','',2,'2013-09-03'),(60117,'INSERT INTO gne_vale_ferreteria (vfe_id,vfe_fecha,vfe_total,vfe_estado,vfe_entregado,usu_nusuario) VALUES (9811,@@@2013.09.03@@@,590,1,0,@@@s_diaz@@@)','',2,'2013-09-03'),(60118,'INSERT INTO gne_vale_ferreteria_mov (vfe_id,pro_codigo_plu,vfm_cantidad,vfm_unitario,vfm_total,vfm_entregado) VALUES (9811,764070,1,590,590,@@@NO@@@)','',2,'2013-09-03'),(60119,'INSERT INTO gne_vale_ferreteria (vfe_id,vfe_fecha,vfe_total,vfe_estado,vfe_entregado,usu_nusuario) VALUES (9812,@@@2013.09.03@@@,980,1,0,@@@s_diaz@@@)','',2,'2013-09-03'),(60120,'INSERT INTO gne_vale_ferreteria_mov (vfe_id,pro_codigo_plu,vfm_cantidad,vfm_unitario,vfm_total,vfm_entregado) VALUES (9812,780721519,1,590,590,@@@NO@@@)','',2,'2013-09-03'),(60121,'INSERT INTO gne_vale_ferreteria_mov (vfe_id,pro_codigo_plu,vfm_cantidad,vfm_unitario,vfm_total,vfm_entregado) VALUES (9812,780721357,1,390,390,@@@NO@@@)','',2,'2013-09-03'),(60122,'INSERT INTO gne_vale_ferreteria (vfe_id,vfe_fecha,vfe_total,vfe_estado,vfe_entregado,usu_nusuario) VALUES (9813,@@@2013.09.03@@@,130,1,0,@@@s_diaz@@@)','',2,'2013-09-03'),(60123,'INSERT INTO gne_vale_ferreteria_mov (vfe_id,pro_codigo_plu,vfm_cantidad,vfm_unitario,vfm_total,vfm_entregado) VALUES (9813,78017148,1,130,130,@@@NO@@@)','',2,'2013-09-03'),(60124,'INSERT INTO gne_vale_ferreteria (vfe_id,vfe_fecha,vfe_total,vfe_estado,vfe_entregado,usu_nusuario) VALUES (9814,@@@2013.09.03@@@,3780,1,0,@@@s_diaz@@@)','',2,'2013-09-03'),(60125,'INSERT INTO gne_vale_ferreteria_mov (vfe_id,pro_codigo_plu,vfm_cantidad,vfm_unitario,vfm_total,vfm_entregado) VALUES (9814,101623,2,1890,3780,@@@NO@@@)','',2,'2013-09-03'),(60126,'INSERT INTO gne_vale_ferreteria (vfe_id,vfe_fecha,vfe_total,vfe_estado,vfe_entregado,usu_nusuario) VALUES (9815,@@@2013.09.03@@@,1050,1,0,@@@s_diaz@@@)','',2,'2013-09-03'),(60127,'INSERT INTO gne_vale_ferreteria_mov (vfe_id,pro_codigo_plu,vfm_cantidad,vfm_unitario,vfm_total,vfm_entregado) VALUES (9815,780721061,1,1050,1050,@@@NO@@@)','',2,'2013-09-03'),(60128,'INSERT INTO gne_vale_ferreteria (vfe_id,vfe_fecha,vfe_total,vfe_estado,vfe_entregado,usu_nusuario) VALUES (9816,@@@2013.09.03@@@,2590,1,0,@@@s_diaz@@@)','',2,'2013-09-03'),(60129,'INSERT INTO gne_vale_ferreteria_mov (vfe_id,pro_codigo_plu,vfm_cantidad,vfm_unitario,vfm_total,vfm_entregado) VALUES (9816,262021,1,2590,2590,@@@NO@@@)','',2,'2013-09-03'),(60130,'INSERT INTO gne_vale_ferreteria (vfe_id,vfe_fecha,vfe_total,vfe_estado,vfe_entregado,usu_nusuario) VALUES (9817,@@@2013.09.03@@@,200,1,0,@@@s_diaz@@@)','',2,'2013-09-03'),(60131,'INSERT INTO gne_vale_ferreteria_mov (vfe_id,pro_codigo_plu,vfm_cantidad,vfm_unitario,vfm_total,vfm_entregado) VALUES (9817,1556,1,200,200,@@@NO@@@)','',2,'2013-09-03'),(60132,'INSERT INTO gne_vale_ferreteria (vfe_id,vfe_fecha,vfe_total,vfe_estado,vfe_entregado,usu_nusuario) VALUES (9818,@@@2013.09.03@@@,750,1,0,@@@s_diaz@@@)','',2,'2013-09-03'),(60133,'INSERT INTO gne_vale_ferreteria_mov (vfe_id,pro_codigo_plu,vfm_cantidad,vfm_unitario,vfm_total,vfm_entregado) VALUES (9818,780721428,1,750,750,@@@NO@@@)','',2,'2013-09-03'),(60134,'INSERT INTO gne_vale_ferreteria (vfe_id,vfe_fecha,vfe_total,vfe_estado,vfe_entregado,usu_nusuario) VALUES (9819,@@@2013.09.03@@@,450,1,0,@@@s_diaz@@@)','',2,'2013-09-03'),(60135,'INSERT INTO gne_vale_ferreteria_mov (vfe_id,pro_codigo_plu,vfm_cantidad,vfm_unitario,vfm_total,vfm_entregado) VALUES (9819,3100,1,450,450,@@@NO@@@)','',2,'2013-09-03'),(60136,'INSERT INTO gne_vale_ferreteria (vfe_id,vfe_fecha,vfe_total,vfe_estado,vfe_entregado,usu_nusuario) VALUES (9820,@@@2013.09.03@@@,1448,1,0,@@@s_diaz@@@)','',2,'2013-09-03'),(60137,'INSERT INTO gne_vale_ferreteria_mov (vfe_id,pro_codigo_plu,vfm_cantidad,vfm_unitario,vfm_total,vfm_entregado) VALUES (9820,764007,1,650,650,@@@NO@@@)','',2,'2013-09-03'),(60138,'INSERT INTO gne_vale_ferreteria_mov (vfe_id,pro_codigo_plu,vfm_cantidad,vfm_unitario,vfm_total,vfm_entregado) VALUES (9820,763721,1,399,399,@@@NO@@@)','',2,'2013-09-03'),(60139,'INSERT INTO gne_vale_ferreteria_mov (vfe_id,pro_codigo_plu,vfm_cantidad,vfm_unitario,vfm_total,vfm_entregado) VALUES (9820,763722,1,399,399,@@@NO@@@)','',2,'2013-09-03'),(60140,'INSERT INTO gne_vale_ferreteria (vfe_id,vfe_fecha,vfe_total,vfe_estado,vfe_entregado,usu_nusuario) VALUES (9821,@@@2013.09.03@@@,420,1,0,@@@s_diaz@@@)','',2,'2013-09-03'),(60141,'INSERT INTO gne_vale_ferreteria_mov (vfe_id,pro_codigo_plu,vfm_cantidad,vfm_unitario,vfm_total,vfm_entregado) VALUES (9821,12083,1,260,260,@@@NO@@@)','',2,'2013-09-03'),(60142,'INSERT INTO gne_vale_ferreteria_mov (vfe_id,pro_codigo_plu,vfm_cantidad,vfm_unitario,vfm_total,vfm_entregado) VALUES (9821,16430,1,160,160,@@@NO@@@)','',2,'2013-09-03'),(60143,'INSERT INTO gne_vale_ferreteria (vfe_id,vfe_fecha,vfe_total,vfe_estado,vfe_entregado,usu_nusuario) VALUES (9822,@@@2013.09.03@@@,900,1,0,@@@s_diaz@@@)','',2,'2013-09-03'),(60144,'INSERT INTO gne_vale_ferreteria_mov (vfe_id,pro_codigo_plu,vfm_cantidad,vfm_unitario,vfm_total,vfm_entregado) VALUES (9822,78017202,2,450,900,@@@NO@@@)','',2,'2013-09-03'),(60145,'INSERT INTO gne_vale_ferreteria (vfe_id,vfe_fecha,vfe_total,vfe_estado,vfe_entregado,usu_nusuario) VALUES (9823,@@@2013.09.03@@@,400,1,0,@@@s_diaz@@@)','',2,'2013-09-03'),(60146,'INSERT INTO gne_vale_ferreteria_mov (vfe_id,pro_codigo_plu,vfm_cantidad,vfm_unitario,vfm_total,vfm_entregado) VALUES (9823,7051,4,100,400,@@@NO@@@)','',2,'2013-09-03'),(60147,'INSERT INTO gne_vale_ferreteria (vfe_id,vfe_fecha,vfe_total,vfe_estado,vfe_entregado,usu_nusuario) VALUES (9824,@@@2013.09.03@@@,590,1,0,@@@s_diaz@@@)','',2,'2013-09-03'),(60148,'INSERT INTO gne_vale_ferreteria_mov (vfe_id,pro_codigo_plu,vfm_cantidad,vfm_unitario,vfm_total,vfm_entregado) VALUES (9824,780721688,1,590,590,@@@NO@@@)','',2,'2013-09-03'),(60149,'INSERT INTO gne_vale_ferreteria (vfe_id,vfe_fecha,vfe_total,vfe_estado,vfe_entregado,usu_nusuario) VALUES (9825,@@@2013.09.03@@@,390,1,0,@@@s_diaz@@@)','',2,'2013-09-03'),(60150,'INSERT INTO gne_vale_ferreteria_mov (vfe_id,pro_codigo_plu,vfm_cantidad,vfm_unitario,vfm_total,vfm_entregado) VALUES (9825,761990,1,390,390,@@@NO@@@)','',2,'2013-09-03'),(60151,'INSERT INTO gne_vale_ferreteria (vfe_id,vfe_fecha,vfe_total,vfe_estado,vfe_entregado,usu_nusuario) VALUES (9826,@@@2013.09.03@@@,1040,1,0,@@@s_diaz@@@)','',2,'2013-09-03'),(60152,'INSERT INTO gne_vale_ferreteria_mov (vfe_id,pro_codigo_plu,vfm_cantidad,vfm_unitario,vfm_total,vfm_entregado) VALUES (9826,780721688,1,590,590,@@@NO@@@)','',2,'2013-09-03'),(60153,'INSERT INTO gne_vale_ferreteria_mov (vfe_id,pro_codigo_plu,vfm_cantidad,vfm_unitario,vfm_total,vfm_entregado) VALUES (9826,78017027,3,70,210,@@@NO@@@)','',2,'2013-09-03'),(60154,'INSERT INTO gne_vale_ferreteria_mov (vfe_id,pro_codigo_plu,vfm_cantidad,vfm_unitario,vfm_total,vfm_entregado) VALUES (9826,763778,1,240,240,@@@NO@@@)','',2,'2013-09-03'),(60155,'INSERT INTO gne_vale_ferreteria (vfe_id,vfe_fecha,vfe_total,vfe_estado,vfe_entregado,usu_nusuario) VALUES (9827,@@@2013.09.03@@@,480,1,0,@@@s_diaz@@@)','',2,'2013-09-03'),(60156,'INSERT INTO gne_vale_ferreteria_mov (vfe_id,pro_codigo_plu,vfm_cantidad,vfm_unitario,vfm_total,vfm_entregado) VALUES (9827,8022,4,120,480,@@@NO@@@)','',2,'2013-09-03'),(60157,'INSERT INTO gne_vale_ferreteria (vfe_id,vfe_fecha,vfe_total,vfe_estado,vfe_entregado,usu_nusuario) VALUES (9828,@@@2013.09.03@@@,200,1,0,@@@s_diaz@@@)','',2,'2013-09-03'),(60158,'INSERT INTO gne_vale_ferreteria_mov (vfe_id,pro_codigo_plu,vfm_cantidad,vfm_unitario,vfm_total,vfm_entregado) VALUES (9828,20146,1,100,100,@@@NO@@@)','',2,'2013-09-03'),(60159,'INSERT INTO gne_vale_ferreteria_mov (vfe_id,pro_codigo_plu,vfm_cantidad,vfm_unitario,vfm_total,vfm_entregado) VALUES (9828,20141,1,100,100,@@@NO@@@)','',2,'2013-09-03'),(60160,'INSERT INTO gne_vale_ferreteria (vfe_id,vfe_fecha,vfe_total,vfe_estado,vfe_entregado,usu_nusuario) VALUES (9829,@@@2013.09.03@@@,620,1,0,@@@s_diaz@@@)','',2,'2013-09-03'),(60161,'INSERT INTO gne_vale_ferreteria_mov (vfe_id,pro_codigo_plu,vfm_cantidad,vfm_unitario,vfm_total,vfm_entregado) VALUES (9829,1070,1,250,250,@@@NO@@@)','',2,'2013-09-03'),(60162,'INSERT INTO gne_vale_ferreteria_mov (vfe_id,pro_codigo_plu,vfm_cantidad,vfm_unitario,vfm_total,vfm_entregado) VALUES (9829,102408,1,370,370,@@@NO@@@)','',2,'2013-09-03'),(60163,'INSERT INTO gne_vale_ferreteria (vfe_id,vfe_fecha,vfe_total,vfe_estado,vfe_entregado,usu_nusuario) VALUES (9830,@@@2013.09.03@@@,690,1,0,@@@s_diaz@@@)','',2,'2013-09-03'),(60164,'INSERT INTO gne_vale_ferreteria_mov (vfe_id,pro_codigo_plu,vfm_cantidad,vfm_unitario,vfm_total,vfm_entregado) VALUES (9830,1050,1,690,690,@@@NO@@@)','',2,'2013-09-03'),(60165,'INSERT INTO gne_vale_ferreteria (vfe_id,vfe_fecha,vfe_total,vfe_estado,vfe_entregado,usu_nusuario) VALUES (9831,@@@2013.09.03@@@,390,1,0,@@@s_diaz@@@)','',2,'2013-09-03'),(60166,'INSERT INTO gne_vale_ferreteria_mov (vfe_id,pro_codigo_plu,vfm_cantidad,vfm_unitario,vfm_total,vfm_entregado) VALUES (9831,761990,1,390,390,@@@NO@@@)','',2,'2013-09-03'),(60167,'INSERT INTO gne_vale_ferreteria (vfe_id,vfe_fecha,vfe_total,vfe_estado,vfe_entregado,usu_nusuario) VALUES (9832,@@@2013.09.03@@@,590,1,0,@@@s_diaz@@@)','',2,'2013-09-03'),(60168,'INSERT INTO gne_vale_ferreteria_mov (vfe_id,pro_codigo_plu,vfm_cantidad,vfm_unitario,vfm_total,vfm_entregado) VALUES (9832,780220195,1,590,590,@@@NO@@@)','',2,'2013-09-03'),(60169,'INSERT INTO gne_vale_ferreteria (vfe_id,vfe_fecha,vfe_total,vfe_estado,vfe_entregado,usu_nusuario) VALUES (9833,@@@2013.09.03@@@,120,1,0,@@@s_diaz@@@)','',2,'2013-09-03'),(60170,'INSERT INTO gne_vale_ferreteria_mov (vfe_id,pro_codigo_plu,vfm_cantidad,vfm_unitario,vfm_total,vfm_entregado) VALUES (9833,8022,1,120,120,@@@NO@@@)','',2,'2013-09-03'),(60171,'INSERT INTO gne_vale_ferreteria (vfe_id,vfe_fecha,vfe_total,vfe_estado,vfe_entregado,usu_nusuario) VALUES (9834,@@@2013.09.03@@@,230,1,0,@@@s_diaz@@@)','',2,'2013-09-03'),(60172,'INSERT INTO gne_vale_ferreteria_mov (vfe_id,pro_codigo_plu,vfm_cantidad,vfm_unitario,vfm_total,vfm_entregado) VALUES (9834,763811,1,230,230,@@@NO@@@)','',2,'2013-09-03'),(60173,'INSERT INTO gne_vale_ferreteria (vfe_id,vfe_fecha,vfe_total,vfe_estado,vfe_entregado,usu_nusuario) VALUES (9835,@@@2013.09.03@@@,240,1,0,@@@s_diaz@@@)','',2,'2013-09-03'),(60174,'INSERT INTO gne_vale_ferreteria_mov (vfe_id,pro_codigo_plu,vfm_cantidad,vfm_unitario,vfm_total,vfm_entregado) VALUES (9835,764766,2,120,240,@@@NO@@@)','',2,'2013-09-03'),(60175,'INSERT INTO gne_vale_ferreteria (vfe_id,vfe_fecha,vfe_total,vfe_estado,vfe_entregado,usu_nusuario) VALUES (9836,@@@2013.09.03@@@,2100,1,0,@@@s_diaz@@@)','',2,'2013-09-03'),(60176,'INSERT INTO gne_vale_ferreteria_mov (vfe_id,pro_codigo_plu,vfm_cantidad,vfm_unitario,vfm_total,vfm_entregado) VALUES (9836,18678,1,2100,2100,@@@NO@@@)','',2,'2013-09-03'),(60177,'INSERT INTO gne_vale_ferreteria (vfe_id,vfe_fecha,vfe_total,vfe_estado,vfe_entregado,usu_nusuario) VALUES (9837,@@@2013.09.04@@@,1170,1,0,@@@s_diaz@@@)','',2,'2013-09-03'),(60178,'INSERT INTO gne_vale_ferreteria_mov (vfe_id,pro_codigo_plu,vfm_cantidad,vfm_unitario,vfm_total,vfm_entregado) VALUES (9837,764209,1,390,390,@@@NO@@@)','',2,'2013-09-03'),(60179,'INSERT INTO gne_vale_ferreteria_mov (vfe_id,pro_codigo_plu,vfm_cantidad,vfm_unitario,vfm_total,vfm_entregado) VALUES (9837,780721274,1,390,390,@@@NO@@@)','',2,'2013-09-03'),(60180,'INSERT INTO gne_vale_ferreteria_mov (vfe_id,pro_codigo_plu,vfm_cantidad,vfm_unitario,vfm_total,vfm_entregado) VALUES (9837,764208,1,390,390,@@@NO@@@)','',2,'2013-09-03'),(60181,'INSERT INTO gne_vale_ferreteria (vfe_id,vfe_fecha,vfe_total,vfe_estado,vfe_entregado,usu_nusuario) VALUES (9838,@@@2013.09.04@@@,960,1,0,@@@s_diaz@@@)','',2,'2013-09-03'),(60182,'INSERT INTO gne_vale_ferreteria_mov (vfe_id,pro_codigo_plu,vfm_cantidad,vfm_unitario,vfm_total,vfm_entregado) VALUES (9838,15949,2,480,960,@@@NO@@@)','',2,'2013-09-03'),(60183,'INSERT INTO gne_vale_ferreteria (vfe_id,vfe_fecha,vfe_total,vfe_estado,vfe_entregado,usu_nusuario) VALUES (9839,@@@2013.09.04@@@,2380,1,0,@@@s_diaz@@@)','',2,'2013-09-03'),(60184,'INSERT INTO gne_vale_ferreteria_mov (vfe_id,pro_codigo_plu,vfm_cantidad,vfm_unitario,vfm_total,vfm_entregado) VALUES (9839,8689,2,1190,2380,@@@NO@@@)','',2,'2013-09-03'),(60185,'INSERT INTO gne_vale_ferreteria (vfe_id,vfe_fecha,vfe_total,vfe_estado,vfe_entregado,usu_nusuario) VALUES (9840,@@@2013.09.04@@@,2790,1,0,@@@s_diaz@@@)','',2,'2013-09-03'),(60186,'INSERT INTO gne_vale_ferreteria_mov (vfe_id,pro_codigo_plu,vfm_cantidad,vfm_unitario,vfm_total,vfm_entregado) VALUES (9840,780721175,1,2790,2790,@@@NO@@@)','',2,'2013-09-03'),(60187,'INSERT INTO gne_vale_ferreteria (vfe_id,vfe_fecha,vfe_total,vfe_estado,vfe_entregado,usu_nusuario) VALUES (9841,@@@2013.09.04@@@,1180,1,0,@@@s_diaz@@@)','',2,'2013-09-03'),(60188,'INSERT INTO gne_vale_ferreteria_mov (vfe_id,pro_codigo_plu,vfm_cantidad,vfm_unitario,vfm_total,vfm_entregado) VALUES (9841,763812,1,690,690,@@@NO@@@)','',2,'2013-09-03'),(60189,'INSERT INTO gne_vale_ferreteria_mov (vfe_id,pro_codigo_plu,vfm_cantidad,vfm_unitario,vfm_total,vfm_entregado) VALUES (9841,1566,1,490,490,@@@NO@@@)','',2,'2013-09-03'),(60190,'INSERT INTO gne_vale_ferreteria (vfe_id,vfe_fecha,vfe_total,vfe_estado,vfe_entregado,usu_nusuario) VALUES (9842,@@@2013.09.04@@@,1300,1,0,@@@s_diaz@@@)','',2,'2013-09-03'),(60191,'INSERT INTO gne_vale_ferreteria_mov (vfe_id,pro_codigo_plu,vfm_cantidad,vfm_unitario,vfm_total,vfm_entregado) VALUES (9842,78017194,1,200,200,@@@NO@@@)','',2,'2013-09-03'),(60192,'INSERT INTO gne_vale_ferreteria_mov (vfe_id,pro_codigo_plu,vfm_cantidad,vfm_unitario,vfm_total,vfm_entregado) VALUES (9842,763582,2,550,1100,@@@NO@@@)','',2,'2013-09-03'),(60193,'INSERT INTO gne_vale_ferreteria (vfe_id,vfe_fecha,vfe_total,vfe_estado,vfe_entregado,usu_nusuario) VALUES (9843,@@@2013.09.04@@@,4080,1,0,@@@s_diaz@@@)','',2,'2013-09-03'),(60194,'INSERT INTO gne_vale_ferreteria_mov (vfe_id,pro_codigo_plu,vfm_cantidad,vfm_unitario,vfm_total,vfm_entregado) VALUES (9843,101623,1,1890,1890,@@@NO@@@)','',2,'2013-09-03'),(60195,'INSERT INTO gne_vale_ferreteria_mov (vfe_id,pro_codigo_plu,vfm_cantidad,vfm_unitario,vfm_total,vfm_entregado) VALUES (9843,763621,1,2190,2190,@@@NO@@@)','',2,'2013-09-03'),(60196,'INSERT INTO gne_vale_ferreteria (vfe_id,vfe_fecha,vfe_total,vfe_estado,vfe_entregado,usu_nusuario) VALUES (9844,@@@2013.09.04@@@,460,1,0,@@@s_diaz@@@)','',2,'2013-09-03'),(60197,'INSERT INTO gne_vale_ferreteria_mov (vfe_id,pro_codigo_plu,vfm_cantidad,vfm_unitario,vfm_total,vfm_entregado) VALUES (9844,764134,1,260,260,@@@NO@@@)','',2,'2013-09-03'),(60198,'INSERT INTO gne_vale_ferreteria_mov (vfe_id,pro_codigo_plu,vfm_cantidad,vfm_unitario,vfm_total,vfm_entregado) VALUES (9844,764135,1,200,200,@@@NO@@@)','',2,'2013-09-03'),(60199,'INSERT INTO gne_vale_ferreteria (vfe_id,vfe_fecha,vfe_total,vfe_estado,vfe_entregado,usu_nusuario) VALUES (9845,@@@2013.09.04@@@,980,1,0,@@@s_diaz@@@)','',2,'2013-09-03'),(60200,'INSERT INTO gne_vale_ferreteria_mov (vfe_id,pro_codigo_plu,vfm_cantidad,vfm_unitario,vfm_total,vfm_entregado) VALUES (9845,4080,5,40,200,@@@NO@@@)','',2,'2013-09-03'),(60201,'INSERT INTO gne_vale_ferreteria_mov (vfe_id,pro_codigo_plu,vfm_cantidad,vfm_unitario,vfm_total,vfm_entregado) VALUES (9845,1535,2,390,780,@@@NO@@@)','',2,'2013-09-03'),(60202,'INSERT INTO gne_vale_ferreteria (vfe_id,vfe_fecha,vfe_total,vfe_estado,vfe_entregado,usu_nusuario) VALUES (9846,@@@2013.09.04@@@,260,1,0,@@@s_diaz@@@)','',2,'2013-09-03'),(60203,'INSERT INTO gne_vale_ferreteria_mov (vfe_id,pro_codigo_plu,vfm_cantidad,vfm_unitario,vfm_total,vfm_entregado) VALUES (9846,15929,2,130,260,@@@NO@@@)','',2,'2013-09-03'),(60204,'INSERT INTO gne_vale_ferreteria (vfe_id,vfe_fecha,vfe_total,vfe_estado,vfe_entregado,usu_nusuario) VALUES (9847,@@@2013.09.04@@@,720,1,0,@@@s_diaz@@@)','',2,'2013-09-03'),(60205,'INSERT INTO gne_vale_ferreteria_mov (vfe_id,pro_codigo_plu,vfm_cantidad,vfm_unitario,vfm_total,vfm_entregado) VALUES (9847,763935,1,720,720,@@@NO@@@)','',2,'2013-09-03'),(60206,'INSERT INTO gne_vale_ferreteria (vfe_id,vfe_fecha,vfe_total,vfe_estado,vfe_entregado,usu_nusuario) VALUES (9848,@@@2013.09.04@@@,3540,1,0,@@@s_diaz@@@)','',2,'2013-09-03'),(60207,'INSERT INTO gne_vale_ferreteria_mov (vfe_id,pro_codigo_plu,vfm_cantidad,vfm_unitario,vfm_total,vfm_entregado) VALUES (9848,101817,1,2990,2990,@@@NO@@@)','',2,'2013-09-03'),(60208,'INSERT INTO gne_vale_ferreteria_mov (vfe_id,pro_codigo_plu,vfm_cantidad,vfm_unitario,vfm_total,vfm_entregado) VALUES (9848,763890,1,550,550,@@@NO@@@)','',2,'2013-09-03'),(60209,'INSERT INTO gne_vale_ferreteria (vfe_id,vfe_fecha,vfe_total,vfe_estado,vfe_entregado,usu_nusuario) VALUES (9849,@@@2013.09.04@@@,390,1,0,@@@s_diaz@@@)','',2,'2013-09-03'),(60210,'INSERT INTO gne_vale_ferreteria_mov (vfe_id,pro_codigo_plu,vfm_cantidad,vfm_unitario,vfm_total,vfm_entregado) VALUES (9849,780721274,1,390,390,@@@NO@@@)','',2,'2013-09-03'),(60211,'INSERT INTO gne_vale_ferreteria (vfe_id,vfe_fecha,vfe_total,vfe_estado,vfe_entregado,usu_nusuario) VALUES (9850,@@@2013.09.04@@@,210,1,0,@@@s_diaz@@@)','',2,'2013-09-03'),(60212,'INSERT INTO gne_vale_ferreteria_mov (vfe_id,pro_codigo_plu,vfm_cantidad,vfm_unitario,vfm_total,vfm_entregado) VALUES (9850,764780,1,60,60,@@@NO@@@)','',2,'2013-09-03'),(60213,'INSERT INTO gne_vale_ferreteria_mov (vfe_id,pro_codigo_plu,vfm_cantidad,vfm_unitario,vfm_total,vfm_entregado) VALUES (9850,763790,5,30,150,@@@NO@@@)','',2,'2013-09-03'),(60214,'INSERT INTO gne_vale_ferreteria (vfe_id,vfe_fecha,vfe_total,vfe_estado,vfe_entregado,usu_nusuario) VALUES (9851,@@@2013.09.04@@@,360,1,0,@@@s_diaz@@@)','',2,'2013-09-03'),(60215,'INSERT INTO gne_vale_ferreteria_mov (vfe_id,pro_codigo_plu,vfm_cantidad,vfm_unitario,vfm_total,vfm_entregado) VALUES (9851,78016995,1,360,360,@@@NO@@@)','',2,'2013-09-03'),(60216,'INSERT INTO gne_vale_ferreteria (vfe_id,vfe_fecha,vfe_total,vfe_estado,vfe_entregado,usu_nusuario) VALUES (9852,@@@2013.09.04@@@,300,1,0,@@@s_diaz@@@)','',2,'2013-09-03'),(60217,'INSERT INTO gne_vale_ferreteria_mov (vfe_id,pro_codigo_plu,vfm_cantidad,vfm_unitario,vfm_total,vfm_entregado) VALUES (9852,780721222,1,300,300,@@@NO@@@)','',2,'2013-09-03'),(60218,'INSERT INTO gne_vale_ferreteria (vfe_id,vfe_fecha,vfe_total,vfe_estado,vfe_entregado,usu_nusuario) VALUES (9853,@@@2013.09.04@@@,1290,1,0,@@@s_diaz@@@)','',2,'2013-09-03'),(60219,'INSERT INTO gne_vale_ferreteria_mov (vfe_id,pro_codigo_plu,vfm_cantidad,vfm_unitario,vfm_total,vfm_entregado) VALUES (9853,780721118,1,1290,1290,@@@NO@@@)','',2,'2013-09-03'),(60220,'INSERT INTO gne_vale_ferreteria (vfe_id,vfe_fecha,vfe_total,vfe_estado,vfe_entregado,usu_nusuario) VALUES (9854,@@@2013.09.04@@@,200,1,0,@@@s_diaz@@@)','',2,'2013-09-03'),(60221,'INSERT INTO gne_vale_ferreteria_mov (vfe_id,pro_codigo_plu,vfm_cantidad,vfm_unitario,vfm_total,vfm_entregado) VALUES (9854,780721659,1,200,200,@@@NO@@@)','',2,'2013-09-03'),(60222,'INSERT INTO gne_vale_ferreteria (vfe_id,vfe_fecha,vfe_total,vfe_estado,vfe_entregado,usu_nusuario) VALUES (9855,@@@2013.09.04@@@,440,1,0,@@@s_diaz@@@)','',2,'2013-09-03'),(60223,'INSERT INTO gne_vale_ferreteria_mov (vfe_id,pro_codigo_plu,vfm_cantidad,vfm_unitario,vfm_total,vfm_entregado) VALUES (9855,764768,2,220,440,@@@NO@@@)','',2,'2013-09-03'),(60224,'INSERT INTO gne_vale_ferreteria (vfe_id,vfe_fecha,vfe_total,vfe_estado,vfe_entregado,usu_nusuario) VALUES (9856,@@@2013.09.04@@@,3780,1,0,@@@s_diaz@@@)','',2,'2013-09-03'),(60225,'INSERT INTO gne_vale_ferreteria_mov (vfe_id,pro_codigo_plu,vfm_cantidad,vfm_unitario,vfm_total,vfm_entregado) VALUES (9856,101626,2,1890,3780,@@@NO@@@)','',2,'2013-09-03'),(60226,'INSERT INTO gne_vale_ferreteria (vfe_id,vfe_fecha,vfe_total,vfe_estado,vfe_entregado,usu_nusuario) VALUES (9857,@@@2013.09.04@@@,440,1,0,@@@s_diaz@@@)','',2,'2013-09-03'),(60227,'INSERT INTO gne_vale_ferreteria_mov (vfe_id,pro_codigo_plu,vfm_cantidad,vfm_unitario,vfm_total,vfm_entregado) VALUES (9857,764768,2,220,440,@@@NO@@@)','',2,'2013-09-03'),(60228,'INSERT INTO gne_vale_ferreteria (vfe_id,vfe_fecha,vfe_total,vfe_estado,vfe_entregado,usu_nusuario) VALUES (9858,@@@2013.09.04@@@,1300,1,0,@@@s_diaz@@@)','',2,'2013-09-03'),(60229,'INSERT INTO gne_vale_ferreteria_mov (vfe_id,pro_codigo_plu,vfm_cantidad,vfm_unitario,vfm_total,vfm_entregado) VALUES (9858,763786,1,250,250,@@@NO@@@)','',2,'2013-09-03'),(60230,'INSERT INTO gne_vale_ferreteria_mov (vfe_id,pro_codigo_plu,vfm_cantidad,vfm_unitario,vfm_total,vfm_entregado) VALUES (9858,780721061,1,1050,1050,@@@NO@@@)','',2,'2013-09-03'),(60231,'INSERT INTO gne_vale_ferreteria (vfe_id,vfe_fecha,vfe_total,vfe_estado,vfe_entregado,usu_nusuario) VALUES (9859,@@@2013.09.04@@@,2430,1,0,@@@s_diaz@@@)','',2,'2013-09-03'),(60232,'INSERT INTO gne_vale_ferreteria_mov (vfe_id,pro_codigo_plu,vfm_cantidad,vfm_unitario,vfm_total,vfm_entregado) VALUES (9859,764823,3,80,240,@@@NO@@@)','',2,'2013-09-03'),(60233,'INSERT INTO gne_vale_ferreteria_mov (vfe_id,pro_codigo_plu,vfm_cantidad,vfm_unitario,vfm_total,vfm_entregado) VALUES (9859,763621,1,2190,2190,@@@NO@@@)','',2,'2013-09-03'),(60234,'INSERT INTO gne_vale_ferreteria (vfe_id,vfe_fecha,vfe_total,vfe_estado,vfe_entregado,usu_nusuario) VALUES (9860,@@@2013.09.04@@@,890,1,0,@@@s_diaz@@@)','',2,'2013-09-03'),(60235,'INSERT INTO gne_vale_ferreteria_mov (vfe_id,pro_codigo_plu,vfm_cantidad,vfm_unitario,vfm_total,vfm_entregado) VALUES (9860,11670,1,890,890,@@@NO@@@)','',2,'2013-09-03'),(60236,'INSERT INTO gne_vale_ferreteria (vfe_id,vfe_fecha,vfe_total,vfe_estado,vfe_entregado,usu_nusuario) VALUES (9861,@@@2013.09.04@@@,2480,1,0,@@@s_diaz@@@)','',2,'2013-09-03'),(60237,'INSERT INTO gne_vale_ferreteria_mov (vfe_id,pro_codigo_plu,vfm_cantidad,vfm_unitario,vfm_total,vfm_entregado) VALUES (9861,780220159,1,2480,2480,@@@NO@@@)','',2,'2013-09-03'),(60238,'INSERT INTO gne_vale_ferreteria (vfe_id,vfe_fecha,vfe_total,vfe_estado,vfe_entregado,usu_nusuario) VALUES (9862,@@@2013.09.04@@@,440,1,0,@@@s_diaz@@@)','',2,'2013-09-03'),(60239,'INSERT INTO gne_vale_ferreteria_mov (vfe_id,pro_codigo_plu,vfm_cantidad,vfm_unitario,vfm_total,vfm_entregado) VALUES (9862,764768,2,220,440,@@@NO@@@)','',2,'2013-09-03'),(60240,'INSERT INTO gne_vale_ferreteria (vfe_id,vfe_fecha,vfe_total,vfe_estado,vfe_entregado,usu_nusuario) VALUES (9863,@@@2013.09.04@@@,70,1,0,@@@s_diaz@@@)','',2,'2013-09-03'),(60241,'INSERT INTO gne_vale_ferreteria_mov (vfe_id,pro_codigo_plu,vfm_cantidad,vfm_unitario,vfm_total,vfm_entregado) VALUES (9863,764833,7,10,70,@@@NO@@@)','',2,'2013-09-03'),(60242,'INSERT INTO gne_vale_ferreteria (vfe_id,vfe_fecha,vfe_total,vfe_estado,vfe_entregado,usu_nusuario) VALUES (9864,@@@2013.09.04@@@,2200,1,0,@@@s_diaz@@@)','',2,'2013-09-03'),(60243,'INSERT INTO gne_vale_ferreteria_mov (vfe_id,pro_codigo_plu,vfm_cantidad,vfm_unitario,vfm_total,vfm_entregado) VALUES (9864,764200,1,2200,2200,@@@NO@@@)','',2,'2013-09-03'),(60244,'INSERT INTO gne_vale_ferreteria (vfe_id,vfe_fecha,vfe_total,vfe_estado,vfe_entregado,usu_nusuario) VALUES (9865,@@@2013.09.04@@@,1040,1,0,@@@s_diaz@@@)','',2,'2013-09-03'),(60245,'INSERT INTO gne_vale_ferreteria_mov (vfe_id,pro_codigo_plu,vfm_cantidad,vfm_unitario,vfm_total,vfm_entregado) VALUES (9865,20756,1,490,490,@@@NO@@@)','',2,'2013-09-03'),(60246,'INSERT INTO gne_vale_ferreteria_mov (vfe_id,pro_codigo_plu,vfm_cantidad,vfm_unitario,vfm_total,vfm_entregado) VALUES (9865,763890,1,550,550,@@@NO@@@)','',2,'2013-09-03'),(60247,'INSERT INTO gne_vale_ferreteria (vfe_id,vfe_fecha,vfe_total,vfe_estado,vfe_entregado,usu_nusuario) VALUES (9866,@@@2013.09.04@@@,1065,1,0,@@@s_diaz@@@)','',2,'2013-09-03'),(60248,'INSERT INTO gne_vale_ferreteria_mov (vfe_id,pro_codigo_plu,vfm_cantidad,vfm_unitario,vfm_total,vfm_entregado) VALUES (9866,761979,1,915,915,@@@NO@@@)','',2,'2013-09-03'),(60249,'INSERT INTO gne_vale_ferreteria_mov (vfe_id,pro_codigo_plu,vfm_cantidad,vfm_unitario,vfm_total,vfm_entregado) VALUES (9866,78017015,1,150,150,@@@NO@@@)','',2,'2013-09-03'),(60250,'INSERT INTO gne_vale_ferreteria (vfe_id,vfe_fecha,vfe_total,vfe_estado,vfe_entregado,usu_nusuario) VALUES (9867,@@@2013.09.04@@@,670,1,0,@@@s_diaz@@@)','',2,'2013-09-03'),(60251,'INSERT INTO gne_vale_ferreteria_mov (vfe_id,pro_codigo_plu,vfm_cantidad,vfm_unitario,vfm_total,vfm_entregado) VALUES (9867,11378,1,670,670,@@@NO@@@)','',2,'2013-09-03'),(60252,'INSERT INTO gne_vale_ferreteria (vfe_id,vfe_fecha,vfe_total,vfe_estado,vfe_entregado,usu_nusuario) VALUES (9868,@@@2013.09.04@@@,1550,1,0,@@@s_diaz@@@)','',2,'2013-09-03'),(60253,'INSERT INTO gne_vale_ferreteria_mov (vfe_id,pro_codigo_plu,vfm_cantidad,vfm_unitario,vfm_total,vfm_entregado) VALUES (9868,12033,1,1550,1550,@@@NO@@@)','',2,'2013-09-03'),(60254,'UPDATE mae_productos SET pro_codigo_barra=@@@7809611700278@@@,pro_tipo=@@@0@@@,pro_nombre_producto=@@@CROQUETAS DE POLLO APANADAS 320 GRS.@@@,pro_nombre_corto=@@@CROQUETAS DE POL@@@,med_id=@@@1@@@,emb_id=@@@4@@@,pro_unidades_embalaje=@@@18@@@,dep_id=@@@20 @@@,lin_id=@@@108@@@,mar_id=@@@2019@@@,pro_precio_compra_neto=@@@0@@@,pro_precio_compra_bruto=@@@0@@@,pro_precio_venta=@@@240@@@,pro_margen_actual=@@@0@@@,pro_oferta=@@@NO@@@,pro_fecha_inicio_oferta=@@@1900.01.01@@@,pro_fecha_termino_oferta=@@@1900.01.01@@@,pro_precio_oferta=@@@0@@@,pro_stock_minimo=@@@0@@@,pro_stock_critico=@@@0@@@,pro_activo=@@@1@@@,pro_unidad=@@@0@@@,pro_precio_compra_bruto=0,pro_margen_actual=0,pro_capacidad=4,pro_funcion_plu=0,pro_flejes=1,pro_iva=1,pro_plu_asociado=0,pro_envase=@@@NO@@@,pro_duracion=0,pro_numero_etiqueta=0 WHERE pro_codigo_plu=@@@19731@@@','',2,'2013-09-03'),(60255,'UPDATE mae_productos SET pro_estado=1 WHERE pro_codigo_plu=19731','',2,'2013-09-03'),(60256,'DELETE FROM mae_impuestos_productos WHERE pro_codigo_plu=@@@19731@@@','',2,'2013-09-03'),(60257,'INSERT INTO gne_vale_ferreteria (vfe_id,vfe_fecha,vfe_total,vfe_estado,vfe_entregado,usu_nusuario) VALUES (9869,@@@2013.09.04@@@,200,1,0,@@@s_diaz@@@)','',2,'2013-09-03'),(60258,'INSERT INTO gne_vale_ferreteria_mov (vfe_id,pro_codigo_plu,vfm_cantidad,vfm_unitario,vfm_total,vfm_entregado) VALUES (9869,21135,1,200,200,@@@NO@@@)','',2,'2013-09-03'),(60259,'INSERT INTO gne_vale_ferreteria (vfe_id,vfe_fecha,vfe_total,vfe_estado,vfe_entregado,usu_nusuario) VALUES (9870,@@@2013.09.04@@@,150,1,0,@@@s_diaz@@@)','',2,'2013-09-03'),(60260,'INSERT INTO gne_vale_ferreteria_mov (vfe_id,pro_codigo_plu,vfm_cantidad,vfm_unitario,vfm_total,vfm_entregado) VALUES (9870,780721387,1,150,150,@@@NO@@@)','',2,'2013-09-03'),(60261,'INSERT INTO gne_vale_ferreteria (vfe_id,vfe_fecha,vfe_total,vfe_estado,vfe_entregado,usu_nusuario) VALUES (9871,@@@2013.09.04@@@,360,1,0,@@@s_diaz@@@)','',2,'2013-09-03'),(60262,'INSERT INTO gne_vale_ferreteria_mov (vfe_id,pro_codigo_plu,vfm_cantidad,vfm_unitario,vfm_total,vfm_entregado) VALUES (9871,78016999,3,120,360,@@@NO@@@)','',2,'2013-09-03'),(60263,'INSERT INTO gne_vale_ferreteria (vfe_id,vfe_fecha,vfe_total,vfe_estado,vfe_entregado,usu_nusuario) VALUES (9872,@@@2013.09.04@@@,5590,1,0,@@@s_diaz@@@)','',2,'2013-09-03'),(60264,'INSERT INTO gne_vale_ferreteria_mov (vfe_id,pro_codigo_plu,vfm_cantidad,vfm_unitario,vfm_total,vfm_entregado) VALUES (9872,763711,1,5590,5590,@@@NO@@@)','',2,'2013-09-03'),(60265,'INSERT INTO gne_vale_ferreteria (vfe_id,vfe_fecha,vfe_total,vfe_estado,vfe_entregado,usu_nusuario) VALUES (9873,@@@2013.09.04@@@,1080,1,0,@@@s_diaz@@@)','',2,'2013-09-03'),(60266,'INSERT INTO gne_vale_ferreteria_mov (vfe_id,pro_codigo_plu,vfm_cantidad,vfm_unitario,vfm_total,vfm_entregado) VALUES (9873,2016,2,150,300,@@@NO@@@)','',2,'2013-09-03'),(60267,'INSERT INTO gne_vale_ferreteria_mov (vfe_id,pro_codigo_plu,vfm_cantidad,vfm_unitario,vfm_total,vfm_entregado) VALUES (9873,770020,2,390,780,@@@NO@@@)','',2,'2013-09-03'),(60268,'INSERT INTO gne_vale_ferreteria (vfe_id,vfe_fecha,vfe_total,vfe_estado,vfe_entregado,usu_nusuario) VALUES (9874,@@@2013.09.04@@@,150,1,0,@@@s_diaz@@@)','',2,'2013-09-03'),(60269,'INSERT INTO gne_vale_ferreteria_mov (vfe_id,pro_codigo_plu,vfm_cantidad,vfm_unitario,vfm_total,vfm_entregado) VALUES (9874,763869,1,150,150,@@@NO@@@)','',2,'2013-09-03'),(60270,'INSERT INTO gne_vale_ferreteria (vfe_id,vfe_fecha,vfe_total,vfe_estado,vfe_entregado,usu_nusuario) VALUES (9875,@@@2013.09.04@@@,15,1,0,@@@s_diaz@@@)','',2,'2013-09-03'),(60271,'INSERT INTO gne_vale_ferreteria_mov (vfe_id,pro_codigo_plu,vfm_cantidad,vfm_unitario,vfm_total,vfm_entregado) VALUES (9875,13229,1,15,15,@@@NO@@@)','',2,'2013-09-03'),(60272,'INSERT INTO mae_productos (pro_codigo_plu,pro_codigo_barra,pro_tipo,pro_nombre_producto,pro_nombre_corto,med_id,emb_id,pro_unidades_embalaje,dep_id,lin_id,mar_id,pro_precio_compra_neto,pro_precio_compra_bruto,pro_precio_venta,pro_margen_actual,pro_oferta,pro_fecha_inicio_oferta,pro_fecha_termino_oferta,pro_precio_oferta,pro_stock_minimo,pro_stock_critico,pro_entradas_bodega,pro_salidas_bodega,pro_mermas_bodega,pro_ajustes_bodega,pro_entradas_sv,pro_salidas_sv,pro_mermas_sv,pro_ajustes_sv,pro_activo,rec_numero,pro_unidad,pro_capacidad,pro_consumo_bodega,pro_consumo_sv,pro_estado,pro_funcion_plu,pro_flejes,pro_iva,pro_plu_asociado,pro_envase,pro_duracion,pro_numero_etiqueta) VALUES (4242,@@@4242@@@,@@@0@@@,@@@DEPOSITO GARRAFA@@@,@@@DEPOSITO GARRAFA@@@,@@@1 @@@,@@@3 @@@,@@@1@@@,@@@43 @@@,@@@218@@@,@@@2507@@@,@@@0@@@,@@@1@@@,@@@600@@@,@@@59900@@@,@@@@@@,@@@2013.09.04@@@,@@@2013.09.04@@@,@@@0@@@,@@@1@@@,@@@1@@@,@@@0@@@,@@@0@@@,@@@0@@@,@@@0@@@,@@@0@@@,@@@0@@@,@@@0@@@,@@@0@@@,@@@1@@@,@@@0@@@,0,1,0,0,2,0,1,1,0,@@@NO@@@,0,0)','',2,'2013-09-04'),(60273,'DELETE FROM mae_impuestos_productos WHERE pro_codigo_plu=@@@4242@@@','',2,'2013-09-04'),(60274,'INSERT INTO gne_vale_ferreteria (vfe_id,vfe_fecha,vfe_total,vfe_estado,vfe_entregado,usu_nusuario) VALUES (9876,@@@2013.09.04@@@,1990,1,0,@@@c_jara@@@)','',2,'2013-09-04'),(60275,'INSERT INTO gne_vale_ferreteria_mov (vfe_id,pro_codigo_plu,vfm_cantidad,vfm_unitario,vfm_total,vfm_entregado) VALUES (9876,764916,1,1990,1990,@@@NO@@@)','',2,'2013-09-04'),(60276,'INSERT INTO gne_vale_ferreteria (vfe_id,vfe_fecha,vfe_total,vfe_estado,vfe_entregado,usu_nusuario) VALUES (9877,@@@2013.09.04@@@,1560,1,0,@@@c_jara@@@)','',2,'2013-09-04'),(60277,'INSERT INTO gne_vale_ferreteria_mov (vfe_id,pro_codigo_plu,vfm_cantidad,vfm_unitario,vfm_total,vfm_entregado) VALUES (9877,780721291,4,390,1560,@@@NO@@@)','',2,'2013-09-04'),(60278,'INSERT INTO gne_vale_ferreteria (vfe_id,vfe_fecha,vfe_total,vfe_estado,vfe_entregado,usu_nusuario) VALUES (9878,@@@2013.09.04@@@,980,1,0,@@@c_jara@@@)','',2,'2013-09-04'),(60279,'INSERT INTO gne_vale_ferreteria_mov (vfe_id,pro_codigo_plu,vfm_cantidad,vfm_unitario,vfm_total,vfm_entregado) VALUES (9878,4071,1,490,490,@@@NO@@@)','',2,'2013-09-04'),(60280,'INSERT INTO gne_vale_ferreteria_mov (vfe_id,pro_codigo_plu,vfm_cantidad,vfm_unitario,vfm_total,vfm_entregado) VALUES (9878,764751,1,490,490,@@@NO@@@)','',2,'2013-09-04'),(60281,'INSERT INTO mae_productos (pro_codigo_plu,pro_codigo_barra,pro_tipo,pro_nombre_producto,pro_nombre_corto,med_id,emb_id,pro_unidades_embalaje,dep_id,lin_id,mar_id,pro_precio_compra_neto,pro_precio_compra_bruto,pro_precio_venta,pro_margen_actual,pro_oferta,pro_fecha_inicio_oferta,pro_fecha_termino_oferta,pro_precio_oferta,pro_stock_minimo,pro_stock_critico,pro_entradas_bodega,pro_salidas_bodega,pro_mermas_bodega,pro_ajustes_bodega,pro_entradas_sv,pro_salidas_sv,pro_mermas_sv,pro_ajustes_sv,pro_activo,rec_numero,pro_unidad,pro_capacidad,pro_consumo_bodega,pro_consumo_sv,pro_estado,pro_funcion_plu,pro_flejes,pro_iva,pro_plu_asociado,pro_envase,pro_duracion,pro_numero_etiqueta) VALUES (780721728,@@@8901728003606@@@,@@@0@@@,@@@INCIENZO@@@,@@@INCIENZO@@@,@@@1 @@@,@@@3 @@@,@@@1@@@,@@@24 @@@,@@@207@@@,@@@2507@@@,@@@0@@@,@@@1@@@,@@@500@@@,@@@49900@@@,@@@@@@,@@@2013.09.04@@@,@@@2013.09.04@@@,@@@0@@@,@@@1@@@,@@@1@@@,@@@0@@@,@@@0@@@,@@@0@@@,@@@0@@@,@@@0@@@,@@@0@@@,@@@0@@@,@@@0@@@,@@@1@@@,@@@0@@@,0,1,0,0,2,0,1,1,0,@@@NO@@@,0,0)','',2,'2013-09-04'),(60282,'DELETE FROM mae_impuestos_productos WHERE pro_codigo_plu=@@@780721728@@@','',2,'2013-09-04'),(60283,'UPDATE mae_productos SET pro_precio_fiscal=pro_precio_venta WHERE pro_codigo_plu=780721728','',2,'2013-09-04'),(60284,'UPDATE mae_productos SET pro_precio_fiscal=pro_precio_venta WHERE pro_codigo_plu=19731','',2,'2013-09-04'),(60285,'INSERT INTO gne_vale_ferreteria (vfe_id,vfe_fecha,vfe_total,vfe_estado,vfe_entregado,usu_nusuario) VALUES (9879,@@@2013.09.04@@@,240,1,0,@@@c_jara@@@)','',2,'2013-09-04'),(60286,'INSERT INTO gne_vale_ferreteria_mov (vfe_id,pro_codigo_plu,vfm_cantidad,vfm_unitario,vfm_total,vfm_entregado) VALUES (9879,78017007,2,120,240,@@@NO@@@)','',2,'2013-09-04'),(60287,'INSERT INTO gne_vale_ferreteria (vfe_id,vfe_fecha,vfe_total,vfe_estado,vfe_entregado,usu_nusuario) VALUES (9880,@@@2013.09.04@@@,17900,1,0,@@@c_jara@@@)','',2,'2013-09-04'),(60288,'INSERT INTO gne_vale_ferreteria_mov (vfe_id,pro_codigo_plu,vfm_cantidad,vfm_unitario,vfm_total,vfm_entregado) VALUES (9880,764569,10,1790,17900,@@@NO@@@)','',2,'2013-09-04'),(60289,'UPDATE mae_productos SET pro_margen_actual=59900,pro_precio_venta=600 WHERE pro_codigo_plu=4242','',2,'2013-09-04'),(60290,'UPDATE mae_productos SET pro_margen_actual=-53.6,pro_precio_venta=290 WHERE pro_codigo_plu=532','',2,'2013-09-04'),(60291,'UPDATE mae_productos SET pro_precio_fiscal=pro_precio_venta WHERE pro_codigo_plu=532','',2,'2013-09-04'),(60292,'INSERT INTO gne_vale_ferreteria (vfe_id,vfe_fecha,vfe_total,vfe_estado,vfe_entregado,usu_nusuario) VALUES (9881,@@@2013.09.04@@@,2490,1,0,@@@c_jara@@@)','',2,'2013-09-04'),(60293,'INSERT INTO gne_vale_ferreteria_mov (vfe_id,pro_codigo_plu,vfm_cantidad,vfm_unitario,vfm_total,vfm_entregado) VALUES (9881,764916,1,1990,1990,@@@NO@@@)','',2,'2013-09-04'),(60294,'INSERT INTO gne_vale_ferreteria_mov (vfe_id,pro_codigo_plu,vfm_cantidad,vfm_unitario,vfm_total,vfm_entregado) VALUES (9881,780721728,1,500,500,@@@NO@@@)','',2,'2013-09-04'),(60295,'INSERT INTO gne_vale_ferreteria (vfe_id,vfe_fecha,vfe_total,vfe_estado,vfe_entregado,usu_nusuario) VALUES (9882,@@@2013.09.04@@@,400,1,0,@@@c_jara@@@)','',2,'2013-09-04'),(60296,'INSERT INTO gne_vale_ferreteria_mov (vfe_id,pro_codigo_plu,vfm_cantidad,vfm_unitario,vfm_total,vfm_entregado) VALUES (9882,8021,2,150,300,@@@NO@@@)','',2,'2013-09-04'),(60297,'INSERT INTO gne_vale_ferreteria_mov (vfe_id,pro_codigo_plu,vfm_cantidad,vfm_unitario,vfm_total,vfm_entregado) VALUES (9882,780721717,5,20,100,@@@NO@@@)','',2,'2013-09-04'),(60298,'INSERT INTO gne_vale_ferreteria (vfe_id,vfe_fecha,vfe_total,vfe_estado,vfe_entregado,usu_nusuario) VALUES (9883,@@@2013.09.04@@@,1180,1,0,@@@c_jara@@@)','',2,'2013-09-04'),(60299,'INSERT INTO gne_vale_ferreteria_mov (vfe_id,pro_codigo_plu,vfm_cantidad,vfm_unitario,vfm_total,vfm_entregado) VALUES (9883,764389,2,590,1180,@@@NO@@@)','',2,'2013-09-04'),(60300,'INSERT INTO gne_vale_ferreteria (vfe_id,vfe_fecha,vfe_total,vfe_estado,vfe_entregado,usu_nusuario) VALUES (9884,@@@2013.09.04@@@,1000,1,0,@@@c_jara@@@)','',2,'2013-09-04'),(60301,'INSERT INTO gne_vale_ferreteria_mov (vfe_id,pro_codigo_plu,vfm_cantidad,vfm_unitario,vfm_total,vfm_entregado) VALUES (9884,780721352,1,200,200,@@@NO@@@)','',2,'2013-09-04'),(60302,'INSERT INTO gne_vale_ferreteria_mov (vfe_id,pro_codigo_plu,vfm_cantidad,vfm_unitario,vfm_total,vfm_entregado) VALUES (9884,78017142,1,200,200,@@@NO@@@)','',2,'2013-09-04'),(60303,'INSERT INTO gne_vale_ferreteria_mov (vfe_id,pro_codigo_plu,vfm_cantidad,vfm_unitario,vfm_total,vfm_entregado) VALUES (9884,78017014,1,200,200,@@@NO@@@)','',2,'2013-09-04'),(60304,'INSERT INTO gne_vale_ferreteria_mov (vfe_id,pro_codigo_plu,vfm_cantidad,vfm_unitario,vfm_total,vfm_entregado) VALUES (9884,78017135,1,200,200,@@@NO@@@)','',2,'2013-09-04'),(60305,'INSERT INTO gne_vale_ferreteria_mov (vfe_id,pro_codigo_plu,vfm_cantidad,vfm_unitario,vfm_total,vfm_entregado) VALUES (9884,78017134,1,200,200,@@@NO@@@)','',2,'2013-09-04'),(60306,'INSERT INTO mae_productos (pro_codigo_plu,pro_codigo_barra,pro_tipo,pro_nombre_producto,pro_nombre_corto,med_id,emb_id,pro_unidades_embalaje,dep_id,lin_id,mar_id,pro_precio_compra_neto,pro_precio_compra_bruto,pro_precio_venta,pro_margen_actual,pro_oferta,pro_fecha_inicio_oferta,pro_fecha_termino_oferta,pro_precio_oferta,pro_stock_minimo,pro_stock_critico,pro_entradas_bodega,pro_salidas_bodega,pro_mermas_bodega,pro_ajustes_bodega,pro_entradas_sv,pro_salidas_sv,pro_mermas_sv,pro_ajustes_sv,pro_activo,rec_numero,pro_unidad,pro_capacidad,pro_consumo_bodega,pro_consumo_sv,pro_estado,pro_funcion_plu,pro_flejes,pro_iva,pro_plu_asociado,pro_envase,pro_duracion,pro_numero_etiqueta) VALUES (780721729,@@@7805939041857@@@,@@@0@@@,@@@BALLERINA BLANCA PANTER T. 10@@@,@@@BALLERINA BLANCA@@@,@@@1 @@@,@@@6 @@@,@@@1@@@,@@@24 @@@,@@@207@@@,@@@2507@@@,@@@0@@@,@@@1500@@@,@@@1@@@,@@@-99.93@@@,@@@@@@,@@@2006.09.07@@@,@@@2006.09.07@@@,@@@0@@@,@@@10@@@,@@@3@@@,@@@0@@@,@@@0@@@,@@@0@@@,@@@0@@@,@@@0@@@,@@@0@@@,@@@0@@@,@@@0@@@,@@@1@@@,@@@0@@@,0,1,0,0,2,0,1,1,0,@@@NO@@@,0,0)','',2,'2013-09-04'),(60307,'DELETE FROM mae_impuestos_productos WHERE pro_codigo_plu=@@@780721729@@@','',2,'2013-09-04'),(60308,'INSERT INTO mae_productos (pro_codigo_plu,pro_codigo_barra,pro_tipo,pro_nombre_producto,pro_nombre_corto,med_id,emb_id,pro_unidades_embalaje,dep_id,lin_id,mar_id,pro_precio_compra_neto,pro_precio_compra_bruto,pro_precio_venta,pro_margen_actual,pro_oferta,pro_fecha_inicio_oferta,pro_fecha_termino_oferta,pro_precio_oferta,pro_stock_minimo,pro_stock_critico,pro_entradas_bodega,pro_salidas_bodega,pro_mermas_bodega,pro_ajustes_bodega,pro_entradas_sv,pro_salidas_sv,pro_mermas_sv,pro_ajustes_sv,pro_activo,rec_numero,pro_unidad,pro_capacidad,pro_consumo_bodega,pro_consumo_sv,pro_estado,pro_funcion_plu,pro_flejes,pro_iva,pro_plu_asociado,pro_envase,pro_duracion,pro_numero_etiqueta) VALUES (202020,@@@202020@@@,@@@0@@@,@@@GUANTES BLANCOS  CHINOS@@@,@@@GUANTES BLANCOS @@@,@@@1 @@@,@@@4 @@@,@@@1@@@,@@@24 @@@,@@@207@@@,@@@2507@@@,@@@0@@@,@@@500@@@,@@@1@@@,@@@-99.8@@@,@@@@@@,@@@2006.09.07@@@,@@@2006.09.07@@@,@@@0@@@,@@@12@@@,@@@4@@@,@@@0@@@,@@@0@@@,@@@0@@@,@@@0@@@,@@@0@@@,@@@0@@@,@@@0@@@,@@@0@@@,@@@1@@@,@@@0@@@,0,1,0,0,2,0,1,1,0,@@@NO@@@,0,0)','',2,'2013-09-04'),(60309,'DELETE FROM mae_impuestos_productos WHERE pro_codigo_plu=@@@202020@@@','',2,'2013-09-04'),(60310,'INSERT INTO mae_productos (pro_codigo_plu,pro_codigo_barra,pro_tipo,pro_nombre_producto,pro_nombre_corto,med_id,emb_id,pro_unidades_embalaje,dep_id,lin_id,mar_id,pro_precio_compra_neto,pro_precio_compra_bruto,pro_precio_venta,pro_margen_actual,pro_oferta,pro_fecha_inicio_oferta,pro_fecha_termino_oferta,pro_precio_oferta,pro_stock_minimo,pro_stock_critico,pro_entradas_bodega,pro_salidas_bodega,pro_mermas_bodega,pro_ajustes_bodega,pro_entradas_sv,pro_salidas_sv,pro_mermas_sv,pro_ajustes_sv,pro_activo,rec_numero,pro_unidad,pro_capacidad,pro_consumo_bodega,pro_consumo_sv,pro_estado,pro_funcion_plu,pro_flejes,pro_iva,pro_plu_asociado,pro_envase,pro_duracion,pro_numero_etiqueta) VALUES (4230,@@@4230@@@,@@@0@@@,@@@CINTA SATIN COLORES@@@,@@@CINTA SATIN COLO@@@,@@@1 @@@,@@@4 @@@,@@@1@@@,@@@24 @@@,@@@207@@@,@@@2507@@@,@@@0@@@,@@@600@@@,@@@1@@@,@@@-99.83@@@,@@@@@@,@@@2006.09.07@@@,@@@2006.09.07@@@,@@@0@@@,@@@8@@@,@@@3@@@,@@@0@@@,@@@0@@@,@@@0@@@,@@@0@@@,@@@0@@@,@@@0@@@,@@@0@@@,@@@0@@@,@@@1@@@,@@@0@@@,0,1,0,0,2,0,1,1,0,@@@NO@@@,0,0)','',2,'2013-09-04'),(60311,'DELETE FROM mae_impuestos_productos WHERE pro_codigo_plu=@@@4230@@@','',2,'2013-09-04'),(60312,'INSERT INTO mae_productos (pro_codigo_plu,pro_codigo_barra,pro_tipo,pro_nombre_producto,pro_nombre_corto,med_id,emb_id,pro_unidades_embalaje,dep_id,lin_id,mar_id,pro_precio_compra_neto,pro_precio_compra_bruto,pro_precio_venta,pro_margen_actual,pro_oferta,pro_fecha_inicio_oferta,pro_fecha_termino_oferta,pro_precio_oferta,pro_stock_minimo,pro_stock_critico,pro_entradas_bodega,pro_salidas_bodega,pro_mermas_bodega,pro_ajustes_bodega,pro_entradas_sv,pro_salidas_sv,pro_mermas_sv,pro_ajustes_sv,pro_activo,rec_numero,pro_unidad,pro_capacidad,pro_consumo_bodega,pro_consumo_sv,pro_estado,pro_funcion_plu,pro_flejes,pro_iva,pro_plu_asociado,pro_envase,pro_duracion,pro_numero_etiqueta) VALUES (780721730,@@@7805939042205@@@,@@@0@@@,@@@MEDIA PANTALON CORRIENTE PANTER@@@,@@@MEDIA PANTALON C@@@,@@@1 @@@,@@@4 @@@,@@@1@@@,@@@24 @@@,@@@207@@@,@@@2507@@@,@@@0@@@,@@@375@@@,@@@1@@@,@@@-99.73@@@,@@@@@@,@@@2006.09.07@@@,@@@2006.09.07@@@,@@@0@@@,@@@12@@@,@@@4@@@,@@@0@@@,@@@0@@@,@@@0@@@,@@@0@@@,@@@0@@@,@@@0@@@,@@@0@@@,@@@0@@@,@@@1@@@,@@@0@@@,0,1,0,0,2,0,1,1,0,@@@NO@@@,0,0)','',2,'2013-09-04'),(60313,'DELETE FROM mae_impuestos_productos WHERE pro_codigo_plu=@@@780721730@@@','',2,'2013-09-04'),(60314,'INSERT INTO gne_vale_ferreteria (vfe_id,vfe_fecha,vfe_total,vfe_estado,vfe_entregado,usu_nusuario) VALUES (9885,@@@2013.09.04@@@,490,1,0,@@@c_jara@@@)','',2,'2013-09-04'),(60315,'INSERT INTO gne_vale_ferreteria_mov (vfe_id,pro_codigo_plu,vfm_cantidad,vfm_unitario,vfm_total,vfm_entregado) VALUES (9885,764760,1,490,490,@@@NO@@@)','',2,'2013-09-04'),(60316,'INSERT INTO gne_vale_ferreteria (vfe_id,vfe_fecha,vfe_total,vfe_estado,vfe_entregado,usu_nusuario) VALUES (9886,@@@2013.09.04@@@,400,1,0,@@@c_jara@@@)','',2,'2013-09-04'),(60317,'INSERT INTO gne_vale_ferreteria_mov (vfe_id,pro_codigo_plu,vfm_cantidad,vfm_unitario,vfm_total,vfm_entregado) VALUES (9886,78017135,2,200,400,@@@NO@@@)','',2,'2013-09-04'),(60318,'INSERT INTO gne_vale_ferreteria (vfe_id,vfe_fecha,vfe_total,vfe_estado,vfe_entregado,usu_nusuario) VALUES (9887,@@@2013.09.04@@@,2100,1,0,@@@c_jara@@@)','',2,'2013-09-04'),(60319,'INSERT INTO gne_vale_ferreteria_mov (vfe_id,pro_codigo_plu,vfm_cantidad,vfm_unitario,vfm_total,vfm_entregado) VALUES (9887,764516,1,2100,2100,@@@NO@@@)','',2,'2013-09-04'),(60320,'INSERT INTO gne_vale_ferreteria (vfe_id,vfe_fecha,vfe_total,vfe_estado,vfe_entregado,usu_nusuario) VALUES (9888,@@@2013.09.04@@@,540,1,0,@@@c_jara@@@)','',2,'2013-09-04'),(60321,'INSERT INTO gne_vale_ferreteria_mov (vfe_id,pro_codigo_plu,vfm_cantidad,vfm_unitario,vfm_total,vfm_entregado) VALUES (9888,19916,1,540,540,@@@NO@@@)','',2,'2013-09-04'),(60322,'INSERT INTO gne_vale_ferreteria (vfe_id,vfe_fecha,vfe_total,vfe_estado,vfe_entregado,usu_nusuario) VALUES (9889,@@@2013.09.04@@@,250,1,0,@@@c_jara@@@)','',2,'2013-09-04'),(60323,'INSERT INTO gne_vale_ferreteria_mov (vfe_id,pro_codigo_plu,vfm_cantidad,vfm_unitario,vfm_total,vfm_entregado) VALUES (9889,2021,1,250,250,@@@NO@@@)','',2,'2013-09-04'),(60324,'INSERT INTO gne_vale_ferreteria (vfe_id,vfe_fecha,vfe_total,vfe_estado,vfe_entregado,usu_nusuario) VALUES (9890,@@@2013.09.04@@@,590,1,0,@@@c_jara@@@)','',2,'2013-09-04'),(60325,'INSERT INTO gne_vale_ferreteria_mov (vfe_id,pro_codigo_plu,vfm_cantidad,vfm_unitario,vfm_total,vfm_entregado) VALUES (9890,15662,1,590,590,@@@NO@@@)','',2,'2013-09-04'),(60326,'UPDATE mae_productos SET pro_margen_actual=-99.93,pro_precio_venta=1 WHERE pro_codigo_plu=780721729','',2,'2013-09-04'),(60327,'UPDATE mae_productos SET pro_margen_actual=-99.83,pro_precio_venta=1 WHERE pro_codigo_plu=4230','',2,'2013-09-04'),(60328,'UPDATE mae_productos SET pro_margen_actual=-99.8,pro_precio_venta=1 WHERE pro_codigo_plu=202020','',2,'2013-09-04'),(60329,'UPDATE mae_productos SET pro_margen_actual=-99.73,pro_precio_venta=1 WHERE pro_codigo_plu=780721730','',2,'2013-09-04'),(60330,'UPDATE mae_productos SET pro_margen_actual=-9.26,pro_precio_venta=490 WHERE pro_codigo_plu=607','',2,'2013-09-04'),(60331,'UPDATE mae_productos SET pro_precio_fiscal=pro_precio_venta WHERE pro_codigo_plu=607','',2,'2013-09-04'),(60332,'INSERT INTO gne_vale_ferreteria (vfe_id,vfe_fecha,vfe_total,vfe_estado,vfe_entregado,usu_nusuario) VALUES (9891,@@@2013.09.04@@@,750,1,0,@@@c_jara@@@)','',2,'2013-09-04'),(60333,'INSERT INTO gne_vale_ferreteria_mov (vfe_id,pro_codigo_plu,vfm_cantidad,vfm_unitario,vfm_total,vfm_entregado) VALUES (9891,780721428,1,750,750,@@@NO@@@)','',2,'2013-09-04'),(60334,'INSERT INTO gne_vale_ferreteria (vfe_id,vfe_fecha,vfe_total,vfe_estado,vfe_entregado,usu_nusuario) VALUES (9892,@@@2013.09.04@@@,390,1,0,@@@c_jara@@@)','',2,'2013-09-04'),(60335,'INSERT INTO gne_vale_ferreteria_mov (vfe_id,pro_codigo_plu,vfm_cantidad,vfm_unitario,vfm_total,vfm_entregado) VALUES (9892,78017020,1,390,390,@@@NO@@@)','',2,'2013-09-04'),(60336,'INSERT INTO gne_vale_ferreteria (vfe_id,vfe_fecha,vfe_total,vfe_estado,vfe_entregado,usu_nusuario) VALUES (9893,@@@2013.09.04@@@,1200,1,0,@@@c_jara@@@)','',2,'2013-09-04'),(60337,'INSERT INTO gne_vale_ferreteria_mov (vfe_id,pro_codigo_plu,vfm_cantidad,vfm_unitario,vfm_total,vfm_entregado) VALUES (9893,780721232,1,1200,1200,@@@NO@@@)','',2,'2013-09-04'),(60338,'INSERT INTO gne_vale_ferreteria (vfe_id,vfe_fecha,vfe_total,vfe_estado,vfe_entregado,usu_nusuario) VALUES (9894,@@@2013.09.04@@@,990,1,0,@@@c_jara@@@)','',2,'2013-09-04'),(60339,'INSERT INTO gne_vale_ferreteria_mov (vfe_id,pro_codigo_plu,vfm_cantidad,vfm_unitario,vfm_total,vfm_entregado) VALUES (9894,19956,1,990,990,@@@NO@@@)','',2,'2013-09-04'),(60340,'INSERT INTO gne_vale_ferreteria (vfe_id,vfe_fecha,vfe_total,vfe_estado,vfe_entregado,usu_nusuario) VALUES (9895,@@@2013.09.04@@@,450,1,0,@@@c_jara@@@)','',2,'2013-09-04'),(60341,'INSERT INTO gne_vale_ferreteria_mov (vfe_id,pro_codigo_plu,vfm_cantidad,vfm_unitario,vfm_total,vfm_entregado) VALUES (9895,764272,1,450,450,@@@NO@@@)','',2,'2013-09-04'),(60342,'INSERT INTO gne_vale_ferreteria (vfe_id,vfe_fecha,vfe_total,vfe_estado,vfe_entregado,usu_nusuario) VALUES (9896,@@@2013.09.04@@@,120,1,0,@@@c_jara@@@)','',2,'2013-09-04'),(60343,'INSERT INTO gne_vale_ferreteria_mov (vfe_id,pro_codigo_plu,vfm_cantidad,vfm_unitario,vfm_total,vfm_entregado) VALUES (9896,8022,1,120,120,@@@NO@@@)','',2,'2013-09-04'),(60344,'INSERT INTO mae_productos (pro_codigo_plu,pro_codigo_barra,pro_tipo,pro_nombre_producto,pro_nombre_corto,med_id,emb_id,pro_unidades_embalaje,dep_id,lin_id,mar_id,pro_precio_compra_neto,pro_precio_compra_bruto,pro_precio_venta,pro_margen_actual,pro_oferta,pro_fecha_inicio_oferta,pro_fecha_termino_oferta,pro_precio_oferta,pro_stock_minimo,pro_stock_critico,pro_entradas_bodega,pro_salidas_bodega,pro_mermas_bodega,pro_ajustes_bodega,pro_entradas_sv,pro_salidas_sv,pro_mermas_sv,pro_ajustes_sv,pro_activo,rec_numero,pro_unidad,pro_capacidad,pro_consumo_bodega,pro_consumo_sv,pro_estado,pro_funcion_plu,pro_flejes,pro_iva,pro_plu_asociado,pro_envase,pro_duracion,pro_numero_etiqueta) VALUES (780721731,@@@5425011425003@@@,@@@0@@@,@@@PAPAS PREFRITAS BASTON 2,5 K@@@,@@@PAPAS PREFRITAS @@@,@@@2 @@@,@@@4 @@@,@@@3@@@,@@@20 @@@,@@@108@@@,@@@2507@@@,@@@0@@@,@@@2499@@@,@@@1@@@,@@@-99.96@@@,@@@@@@,@@@2006.09.07@@@,@@@2006.09.07@@@,@@@0@@@,@@@4@@@,@@@1@@@,@@@0@@@,@@@0@@@,@@@0@@@,@@@0@@@,@@@0@@@,@@@0@@@,@@@0@@@,@@@0@@@,@@@1@@@,@@@0@@@,0,2.5,0,0,2,0,1,1,0,@@@NO@@@,0,0)','',2,'2013-09-04'),(60345,'DELETE FROM mae_impuestos_productos WHERE pro_codigo_plu=@@@780721731@@@','',2,'2013-09-04'),(60346,'INSERT INTO gne_vale_ferreteria (vfe_id,vfe_fecha,vfe_total,vfe_estado,vfe_entregado,usu_nusuario) VALUES (9897,@@@2013.09.04@@@,120,1,0,@@@c_jara@@@)','',2,'2013-09-04'),(60347,'INSERT INTO gne_vale_ferreteria_mov (vfe_id,pro_codigo_plu,vfm_cantidad,vfm_unitario,vfm_total,vfm_entregado) VALUES (9897,8022,1,120,120,@@@NO@@@)','',2,'2013-09-04'),(60348,'INSERT INTO gne_vale_ferreteria (vfe_id,vfe_fecha,vfe_total,vfe_estado,vfe_entregado,usu_nusuario) VALUES (9898,@@@2013.09.04@@@,1560,1,0,@@@c_jara@@@)','',2,'2013-09-04'),(60349,'INSERT INTO gne_vale_ferreteria_mov (vfe_id,pro_codigo_plu,vfm_cantidad,vfm_unitario,vfm_total,vfm_entregado) VALUES (9898,1535,4,390,1560,@@@NO@@@)','',2,'2013-09-04'),(60350,'INSERT INTO gne_vale_ferreteria (vfe_id,vfe_fecha,vfe_total,vfe_estado,vfe_entregado,usu_nusuario) VALUES (9899,@@@2013.09.04@@@,390,1,0,@@@c_jara@@@)','',2,'2013-09-04'),(60351,'INSERT INTO gne_vale_ferreteria_mov (vfe_id,pro_codigo_plu,vfm_cantidad,vfm_unitario,vfm_total,vfm_entregado) VALUES (9899,1535,1,390,390,@@@NO@@@)','',2,'2013-09-04'),(60352,'INSERT INTO gne_vale_ferreteria (vfe_id,vfe_fecha,vfe_total,vfe_estado,vfe_entregado,usu_nusuario) VALUES (9900,@@@2013.09.04@@@,290,1,0,@@@c_jara@@@)','',2,'2013-09-04'),(60353,'INSERT INTO gne_vale_ferreteria_mov (vfe_id,pro_codigo_plu,vfm_cantidad,vfm_unitario,vfm_total,vfm_entregado) VALUES (9900,1536,1,290,290,@@@NO@@@)','',2,'2013-09-04'),(60354,'INSERT INTO gne_vale_ferreteria (vfe_id,vfe_fecha,vfe_total,vfe_estado,vfe_entregado,usu_nusuario) VALUES (9901,@@@2013.09.04@@@,1290,1,0,@@@c_jara@@@)','',2,'2013-09-04'),(60355,'INSERT INTO gne_vale_ferreteria_mov (vfe_id,pro_codigo_plu,vfm_cantidad,vfm_unitario,vfm_total,vfm_entregado) VALUES (9901,764099,1,1290,1290,@@@NO@@@)','',2,'2013-09-04'),(60356,'INSERT INTO gne_vale_ferreteria (vfe_id,vfe_fecha,vfe_total,vfe_estado,vfe_entregado,usu_nusuario) VALUES (9902,@@@2013.09.04@@@,900,1,0,@@@c_jara@@@)','',2,'2013-09-04'),(60357,'INSERT INTO gne_vale_ferreteria_mov (vfe_id,pro_codigo_plu,vfm_cantidad,vfm_unitario,vfm_total,vfm_entregado) VALUES (9902,3100,2,450,900,@@@NO@@@)','',2,'2013-09-04'),(60358,'INSERT INTO gne_vale_ferreteria (vfe_id,vfe_fecha,vfe_total,vfe_estado,vfe_entregado,usu_nusuario) VALUES (9903,@@@2013.09.04@@@,700,1,0,@@@c_jara@@@)','',2,'2013-09-04'),(60359,'INSERT INTO gne_vale_ferreteria_mov (vfe_id,pro_codigo_plu,vfm_cantidad,vfm_unitario,vfm_total,vfm_entregado) VALUES (9903,19150,2,350,700,@@@NO@@@)','',2,'2013-09-04'),(60360,'INSERT INTO gne_vale_ferreteria (vfe_id,vfe_fecha,vfe_total,vfe_estado,vfe_entregado,usu_nusuario) VALUES (9904,@@@2013.09.04@@@,8450,1,0,@@@c_jara@@@)','',2,'2013-09-04'),(60361,'INSERT INTO gne_vale_ferreteria_mov (vfe_id,pro_codigo_plu,vfm_cantidad,vfm_unitario,vfm_total,vfm_entregado) VALUES (9904,78016988,1,8450,8450,@@@NO@@@)','',2,'2013-09-04'),(60362,'INSERT INTO gne_vale_ferreteria (vfe_id,vfe_fecha,vfe_total,vfe_estado,vfe_entregado,usu_nusuario) VALUES (9905,@@@2013.09.04@@@,400,1,0,@@@c_jara@@@)','',2,'2013-09-04'),(60363,'INSERT INTO gne_vale_ferreteria_mov (vfe_id,pro_codigo_plu,vfm_cantidad,vfm_unitario,vfm_total,vfm_entregado) VALUES (9905,1556,2,200,400,@@@NO@@@)','',2,'2013-09-04'),(60364,'INSERT INTO gne_vale_ferreteria (vfe_id,vfe_fecha,vfe_total,vfe_estado,vfe_entregado,usu_nusuario) VALUES (9906,@@@2013.09.04@@@,130,1,0,@@@c_jara@@@)','',2,'2013-09-04'),(60365,'INSERT INTO gne_vale_ferreteria_mov (vfe_id,pro_codigo_plu,vfm_cantidad,vfm_unitario,vfm_total,vfm_entregado) VALUES (9906,15948,1,130,130,@@@NO@@@)','',2,'2013-09-04'),(60366,'INSERT INTO gne_vale_ferreteria (vfe_id,vfe_fecha,vfe_total,vfe_estado,vfe_entregado,usu_nusuario) VALUES (9907,@@@2013.09.04@@@,490,1,0,@@@b_SAEZ@@@)','',2,'2013-09-04'),(60367,'INSERT INTO gne_vale_ferreteria_mov (vfe_id,pro_codigo_plu,vfm_cantidad,vfm_unitario,vfm_total,vfm_entregado) VALUES (9907,2009,1,490,490,@@@NO@@@)','',2,'2013-09-04'),(60368,'INSERT INTO gne_vale_ferreteria (vfe_id,vfe_fecha,vfe_total,vfe_estado,vfe_entregado,usu_nusuario) VALUES (9908,@@@2013.09.04@@@,120,1,0,@@@b_SAEZ@@@)','',2,'2013-09-04'),(60369,'INSERT INTO gne_vale_ferreteria_mov (vfe_id,pro_codigo_plu,vfm_cantidad,vfm_unitario,vfm_total,vfm_entregado) VALUES (9908,78017007,1,120,120,@@@NO@@@)','',2,'2013-09-04'),(60370,'INSERT INTO gne_vale_ferreteria (vfe_id,vfe_fecha,vfe_total,vfe_estado,vfe_entregado,usu_nusuario) VALUES (9909,@@@2013.09.04@@@,3240,1,0,@@@b_SAEZ@@@)','',2,'2013-09-04'),(60371,'INSERT INTO gne_vale_ferreteria_mov (vfe_id,pro_codigo_plu,vfm_cantidad,vfm_unitario,vfm_total,vfm_entregado) VALUES (9909,780721474,1,1790,1790,@@@NO@@@)','',2,'2013-09-04'),(60372,'INSERT INTO gne_vale_ferreteria_mov (vfe_id,pro_codigo_plu,vfm_cantidad,vfm_unitario,vfm_total,vfm_entregado) VALUES (9909,780721626,1,1450,1450,@@@NO@@@)','',2,'2013-09-04'),(60373,'INSERT INTO gne_vale_ferreteria (vfe_id,vfe_fecha,vfe_total,vfe_estado,vfe_entregado,usu_nusuario) VALUES (9910,@@@2013.09.04@@@,120,1,0,@@@b_SAEZ@@@)','',2,'2013-09-04'),(60374,'INSERT INTO gne_vale_ferreteria_mov (vfe_id,pro_codigo_plu,vfm_cantidad,vfm_unitario,vfm_total,vfm_entregado) VALUES (9910,8022,1,120,120,@@@NO@@@)','',2,'2013-09-04'),(60375,'INSERT INTO gne_vale_ferreteria (vfe_id,vfe_fecha,vfe_total,vfe_estado,vfe_entregado,usu_nusuario) VALUES (9911,@@@2013.09.04@@@,200,1,0,@@@b_SAEZ@@@)','',2,'2013-09-04'),(60376,'INSERT INTO gne_vale_ferreteria_mov (vfe_id,pro_codigo_plu,vfm_cantidad,vfm_unitario,vfm_total,vfm_entregado) VALUES (9911,78017190,2,100,200,@@@NO@@@)','',2,'2013-09-04'),(60377,'INSERT INTO gne_vale_ferreteria (vfe_id,vfe_fecha,vfe_total,vfe_estado,vfe_entregado,usu_nusuario) VALUES (9912,@@@2013.09.04@@@,360,1,0,@@@b_SAEZ@@@)','',2,'2013-09-04'),(60378,'INSERT INTO gne_vale_ferreteria_mov (vfe_id,pro_codigo_plu,vfm_cantidad,vfm_unitario,vfm_total,vfm_entregado) VALUES (9912,8022,3,120,360,@@@NO@@@)','',2,'2013-09-04'),(60379,'INSERT INTO gne_vale_ferreteria (vfe_id,vfe_fecha,vfe_total,vfe_estado,vfe_entregado,usu_nusuario) VALUES (9913,@@@2013.09.04@@@,540,1,0,@@@b_SAEZ@@@)','',2,'2013-09-04'),(60380,'INSERT INTO gne_vale_ferreteria_mov (vfe_id,pro_codigo_plu,vfm_cantidad,vfm_unitario,vfm_total,vfm_entregado) VALUES (9913,763596,6,90,540,@@@NO@@@)','',2,'2013-09-04'),(60381,'INSERT INTO gne_vale_ferreteria (vfe_id,vfe_fecha,vfe_total,vfe_estado,vfe_entregado,usu_nusuario) VALUES (9914,@@@2013.09.04@@@,1000,1,0,@@@b_SAEZ@@@)','',2,'2013-09-04'),(60382,'INSERT INTO gne_vale_ferreteria_mov (vfe_id,pro_codigo_plu,vfm_cantidad,vfm_unitario,vfm_total,vfm_entregado) VALUES (9914,764833,100,10,1000,@@@NO@@@)','',2,'2013-09-04'),(60383,'INSERT INTO gne_vale_ferreteria (vfe_id,vfe_fecha,vfe_total,vfe_estado,vfe_entregado,usu_nusuario) VALUES (9915,@@@2013.09.04@@@,690,1,0,@@@b_SAEZ@@@)','',2,'2013-09-04'),(60384,'INSERT INTO gne_vale_ferreteria_mov (vfe_id,pro_codigo_plu,vfm_cantidad,vfm_unitario,vfm_total,vfm_entregado) VALUES (9915,780721669,1,490,490,@@@NO@@@)','',2,'2013-09-04'),(60385,'INSERT INTO gne_vale_ferreteria_mov (vfe_id,pro_codigo_plu,vfm_cantidad,vfm_unitario,vfm_total,vfm_entregado) VALUES (9915,78017194,1,200,200,@@@NO@@@)','',2,'2013-09-04'),(60386,'INSERT INTO gne_vale_ferreteria (vfe_id,vfe_fecha,vfe_total,vfe_estado,vfe_entregado,usu_nusuario) VALUES (9916,@@@2013.09.04@@@,390,1,0,@@@b_SAEZ@@@)','',2,'2013-09-04'),(60387,'INSERT INTO gne_vale_ferreteria_mov (vfe_id,pro_codigo_plu,vfm_cantidad,vfm_unitario,vfm_total,vfm_entregado) VALUES (9916,78017020,1,390,390,@@@NO@@@)','',2,'2013-09-04'),(60388,'INSERT INTO gne_vale_ferreteria (vfe_id,vfe_fecha,vfe_total,vfe_estado,vfe_entregado,usu_nusuario) VALUES (9917,@@@2013.09.04@@@,270,1,0,@@@b_SAEZ@@@)','',2,'2013-09-04'),(60389,'INSERT INTO gne_vale_ferreteria_mov (vfe_id,pro_codigo_plu,vfm_cantidad,vfm_unitario,vfm_total,vfm_entregado) VALUES (9917,4088,1,150,150,@@@NO@@@)','',2,'2013-09-04'),(60390,'INSERT INTO gne_vale_ferreteria_mov (vfe_id,pro_codigo_plu,vfm_cantidad,vfm_unitario,vfm_total,vfm_entregado) VALUES (9917,78016966,6,20,120,@@@NO@@@)','',2,'2013-09-04'),(60391,'INSERT INTO gne_vale_ferreteria (vfe_id,vfe_fecha,vfe_total,vfe_estado,vfe_entregado,usu_nusuario) VALUES (9918,@@@2013.09.05@@@,300,1,0,@@@b_SAEZ@@@)','',2,'2013-09-04'),(60392,'INSERT INTO gne_vale_ferreteria_mov (vfe_id,pro_codigo_plu,vfm_cantidad,vfm_unitario,vfm_total,vfm_entregado) VALUES (9918,2004,1,300,300,@@@NO@@@)','',2,'2013-09-04'),(60393,'INSERT INTO gne_vale_ferreteria (vfe_id,vfe_fecha,vfe_total,vfe_estado,vfe_entregado,usu_nusuario) VALUES (9919,@@@2013.09.05@@@,300,1,0,@@@b_SAEZ@@@)','',2,'2013-09-04'),(60394,'INSERT INTO gne_vale_ferreteria_mov (vfe_id,pro_codigo_plu,vfm_cantidad,vfm_unitario,vfm_total,vfm_entregado) VALUES (9919,78017049,1,300,300,@@@NO@@@)','',2,'2013-09-04'),(60395,'INSERT INTO gne_vale_ferreteria (vfe_id,vfe_fecha,vfe_total,vfe_estado,vfe_entregado,usu_nusuario) VALUES (9920,@@@2013.09.05@@@,3980,1,0,@@@b_SAEZ@@@)','',2,'2013-09-04'),(60396,'INSERT INTO gne_vale_ferreteria_mov (vfe_id,pro_codigo_plu,vfm_cantidad,vfm_unitario,vfm_total,vfm_entregado) VALUES (9920,102628,2,1990,3980,@@@NO@@@)','',2,'2013-09-04'),(60397,'INSERT INTO gne_vale_ferreteria (vfe_id,vfe_fecha,vfe_total,vfe_estado,vfe_entregado,usu_nusuario) VALUES (9921,@@@2013.09.05@@@,150,1,0,@@@b_SAEZ@@@)','',2,'2013-09-04'),(60398,'INSERT INTO gne_vale_ferreteria_mov (vfe_id,pro_codigo_plu,vfm_cantidad,vfm_unitario,vfm_total,vfm_entregado) VALUES (9921,770062,1,150,150,@@@NO@@@)','',2,'2013-09-04'),(60399,'INSERT INTO gne_vale_ferreteria (vfe_id,vfe_fecha,vfe_total,vfe_estado,vfe_entregado,usu_nusuario) VALUES (9922,@@@2013.09.05@@@,50,1,0,@@@b_SAEZ@@@)','',2,'2013-09-04'),(60400,'INSERT INTO gne_vale_ferreteria_mov (vfe_id,pro_codigo_plu,vfm_cantidad,vfm_unitario,vfm_total,vfm_entregado) VALUES (9922,780220123,1,50,50,@@@NO@@@)','',2,'2013-09-04'),(60401,'INSERT INTO gne_vale_ferreteria (vfe_id,vfe_fecha,vfe_total,vfe_estado,vfe_entregado,usu_nusuario) VALUES (9923,@@@2013.09.05@@@,1050,1,0,@@@b_SAEZ@@@)','',2,'2013-09-04'),(60402,'INSERT INTO gne_vale_ferreteria_mov (vfe_id,pro_codigo_plu,vfm_cantidad,vfm_unitario,vfm_total,vfm_entregado) VALUES (9923,780721390,1,1050,1050,@@@NO@@@)','',2,'2013-09-04'),(60403,'INSERT INTO gne_vale_ferreteria (vfe_id,vfe_fecha,vfe_total,vfe_estado,vfe_entregado,usu_nusuario) VALUES (9924,@@@2013.09.05@@@,590,1,0,@@@b_SAEZ@@@)','',2,'2013-09-04'),(60404,'INSERT INTO gne_vale_ferreteria_mov (vfe_id,pro_codigo_plu,vfm_cantidad,vfm_unitario,vfm_total,vfm_entregado) VALUES (9924,764017,1,590,590,@@@NO@@@)','',2,'2013-09-04'),(60405,'INSERT INTO gne_vale_ferreteria (vfe_id,vfe_fecha,vfe_total,vfe_estado,vfe_entregado,usu_nusuario) VALUES (9925,@@@2013.09.05@@@,410,1,0,@@@b_SAEZ@@@)','',2,'2013-09-04'),(60406,'INSERT INTO gne_vale_ferreteria_mov (vfe_id,pro_codigo_plu,vfm_cantidad,vfm_unitario,vfm_total,vfm_entregado) VALUES (9925,764256,1,290,290,@@@NO@@@)','',2,'2013-09-04'),(60407,'INSERT INTO gne_vale_ferreteria_mov (vfe_id,pro_codigo_plu,vfm_cantidad,vfm_unitario,vfm_total,vfm_entregado) VALUES (9925,8022,1,120,120,@@@NO@@@)','',2,'2013-09-04'),(60408,'INSERT INTO gne_vale_ferreteria (vfe_id,vfe_fecha,vfe_total,vfe_estado,vfe_entregado,usu_nusuario) VALUES (9926,@@@2013.09.05@@@,120,1,0,@@@b_SAEZ@@@)','',2,'2013-09-04'),(60409,'INSERT INTO gne_vale_ferreteria_mov (vfe_id,pro_codigo_plu,vfm_cantidad,vfm_unitario,vfm_total,vfm_entregado) VALUES (9926,8022,1,120,120,@@@NO@@@)','',2,'2013-09-04'),(60410,'INSERT INTO gne_vale_ferreteria (vfe_id,vfe_fecha,vfe_total,vfe_estado,vfe_entregado,usu_nusuario) VALUES (9927,@@@2013.09.05@@@,1890,1,0,@@@b_SAEZ@@@)','',2,'2013-09-04'),(60411,'INSERT INTO gne_vale_ferreteria_mov (vfe_id,pro_codigo_plu,vfm_cantidad,vfm_unitario,vfm_total,vfm_entregado) VALUES (9927,101624,1,1890,1890,@@@NO@@@)','',2,'2013-09-04'),(60412,'INSERT INTO com_ventas_grupo (vgr_fecha,vgr_grupo,vgr_cantidad,vgr_total) VALUES (@@@2013.09.03@@@,1,281.215,218031)','',2,'2013-09-04'),(60413,'INSERT INTO com_ventas_grupo (vgr_fecha,vgr_grupo,vgr_cantidad,vgr_total) VALUES (@@@2013.09.03@@@,2,167.375,103946)','',2,'2013-09-04'),(60414,'INSERT INTO com_ventas_grupo (vgr_fecha,vgr_grupo,vgr_cantidad,vgr_total) VALUES (@@@2013.09.03@@@,3,299,70496)','',2,'2013-09-04'),(60415,'INSERT INTO com_ventas_grupo (vgr_fecha,vgr_grupo,vgr_cantidad,vgr_total) VALUES (@@@2013.09.03@@@,4,93,76888)','',2,'2013-09-04'),(60416,'INSERT INTO com_ventas_grupo (vgr_fecha,vgr_grupo,vgr_cantidad,vgr_total) VALUES (@@@2013.09.03@@@,5,2,11990)','',2,'2013-09-04'),(60417,'INSERT INTO com_ventas_grupo (vgr_fecha,vgr_grupo,vgr_cantidad,vgr_total) VALUES (@@@2013.09.03@@@,6,19,31580)','',2,'2013-09-04'),(60418,'INSERT INTO com_ventas_grupo (vgr_fecha,vgr_grupo,vgr_cantidad,vgr_total) VALUES (@@@2013.09.03@@@,7,34,50343)','',2,'2013-09-04'),(60419,'INSERT INTO com_ventas_grupo (vgr_fecha,vgr_grupo,vgr_cantidad,vgr_total) VALUES (@@@2013.09.03@@@,8,33,18910)','',2,'2013-09-04'),(60420,'INSERT INTO com_ventas_grupo (vgr_fecha,vgr_grupo,vgr_cantidad,vgr_total) VALUES (@@@2013.09.03@@@,9,82.92,139574)','',2,'2013-09-04'),(60421,'INSERT INTO com_ventas_grupo (vgr_fecha,vgr_grupo,vgr_cantidad,vgr_total) VALUES (@@@2013.09.03@@@,10,85.7,238575)','',2,'2013-09-04'),(60422,'INSERT INTO com_ventas_grupo (vgr_fecha,vgr_grupo,vgr_cantidad,vgr_total) VALUES (@@@2013.09.03@@@,11,24.73,60328)','',2,'2013-09-04'),(60423,'INSERT INTO com_ventas_grupo (vgr_fecha,vgr_grupo,vgr_cantidad,vgr_total) VALUES (@@@2013.09.03@@@,12,39.915,69570)','',2,'2013-09-04'),(60424,'INSERT INTO com_ventas_grupo (vgr_fecha,vgr_grupo,vgr_cantidad,vgr_total) VALUES (@@@2013.09.03@@@,13,10.56,28723)','',2,'2013-09-04'),(60425,'INSERT INTO com_ventas_grupo (vgr_fecha,vgr_grupo,vgr_cantidad,vgr_total) VALUES (@@@2013.09.03@@@,14,96.985,88215)','',2,'2013-09-04'),(60426,'INSERT INTO com_ventas_grupo (vgr_fecha,vgr_grupo,vgr_cantidad,vgr_total) VALUES (@@@2013.09.03@@@,16,2,340)','',2,'2013-09-04'),(60427,'INSERT INTO com_ventas_grupo (vgr_fecha,vgr_grupo,vgr_cantidad,vgr_total) VALUES (@@@2013.09.03@@@,18,217.895,123118)','',2,'2013-09-04'),(60428,'INSERT INTO com_ventas_grupo (vgr_fecha,vgr_grupo,vgr_cantidad,vgr_total) VALUES (@@@2013.09.03@@@,20,137.86,53506)','',2,'2013-09-04'),(60429,'INSERT INTO com_ventas_grupo (vgr_fecha,vgr_grupo,vgr_cantidad,vgr_total) VALUES (@@@2013.09.03@@@,21,47,53715)','',2,'2013-09-04'),(60430,'INSERT INTO com_ventas_grupo (vgr_fecha,vgr_grupo,vgr_cantidad,vgr_total) VALUES (@@@2013.09.03@@@,23,1,490)','',2,'2013-09-04'),(60431,'INSERT INTO com_ventas_grupo (vgr_fecha,vgr_grupo,vgr_cantidad,vgr_total) VALUES (@@@2013.09.03@@@,24,122,37970)','',2,'2013-09-04'),(60432,'INSERT INTO com_ventas_grupo (vgr_fecha,vgr_grupo,vgr_cantidad,vgr_total) VALUES (@@@2013.09.03@@@,25,118,161300)','',2,'2013-09-04'),(60433,'INSERT INTO com_ventas_grupo (vgr_fecha,vgr_grupo,vgr_cantidad,vgr_total) VALUES (@@@2013.09.03@@@,31,8,5770)','',2,'2013-09-04'),(60434,'INSERT INTO com_ventas_grupo (vgr_fecha,vgr_grupo,vgr_cantidad,vgr_total) VALUES (@@@2013.09.03@@@,32,333,114282)','',2,'2013-09-04'),(60435,'INSERT INTO com_ventas_grupo (vgr_fecha,vgr_grupo,vgr_cantidad,vgr_total) VALUES (@@@2013.09.03@@@,33,1,3199)','',2,'2013-09-04'),(60436,'INSERT INTO com_ventas_grupo (vgr_fecha,vgr_grupo,vgr_cantidad,vgr_total) VALUES (@@@2013.09.03@@@,34,2,2400)','',2,'2013-09-04'),(60437,'INSERT INTO com_ventas_grupo (vgr_fecha,vgr_grupo,vgr_cantidad,vgr_total) VALUES (@@@2013.09.03@@@,35,21,28010)','',2,'2013-09-04'),(60438,'INSERT INTO com_ventas_grupo (vgr_fecha,vgr_grupo,vgr_cantidad,vgr_total) VALUES (@@@2013.09.03@@@,36,14,1190)','',2,'2013-09-04'),(60439,'INSERT INTO com_ventas_grupo (vgr_fecha,vgr_grupo,vgr_cantidad,vgr_total) VALUES (@@@2013.09.03@@@,37,2,1490)','',2,'2013-09-04'),(60440,'INSERT INTO com_ventas_grupo (vgr_fecha,vgr_grupo,vgr_cantidad,vgr_total) VALUES (@@@2013.09.03@@@,38,5,5150)','',2,'2013-09-04'),(60441,'INSERT INTO com_ventas_grupo (vgr_fecha,vgr_grupo,vgr_cantidad,vgr_total) VALUES (@@@2013.09.03@@@,39,4,3620)','',2,'2013-09-04'),(60442,'INSERT INTO com_ventas_grupo (vgr_fecha,vgr_grupo,vgr_cantidad,vgr_total) VALUES (@@@2013.09.03@@@,42,22.84,22828)','',2,'2013-09-04'),(60443,'UPDATE mae_datos_empresa SET emp_oferta=@@@NO@@@','',2,'2013-09-04'),(60444,'INSERT INTO gne_vale_ferreteria (vfe_id,vfe_fecha,vfe_total,vfe_estado,vfe_entregado,usu_nusuario) VALUES (9928,@@@2013.09.05@@@,1680,1,0,@@@b_SAEZ@@@)','',2,'2013-09-04'),(60445,'INSERT INTO gne_vale_ferreteria_mov (vfe_id,pro_codigo_plu,vfm_cantidad,vfm_unitario,vfm_total,vfm_entregado) VALUES (9928,78017002,10,120,1200,@@@NO@@@)','',2,'2013-09-04'),(60446,'INSERT INTO gne_vale_ferreteria_mov (vfe_id,pro_codigo_plu,vfm_cantidad,vfm_unitario,vfm_total,vfm_entregado) VALUES (9928,764766,4,120,480,@@@NO@@@)','',2,'2013-09-04'),(60447,'INSERT INTO gne_vale_ferreteria (vfe_id,vfe_fecha,vfe_total,vfe_estado,vfe_entregado,usu_nusuario) VALUES (9929,@@@2013.09.05@@@,1780,1,0,@@@b_SAEZ@@@)','',2,'2013-09-04'),(60448,'INSERT INTO gne_vale_ferreteria_mov (vfe_id,pro_codigo_plu,vfm_cantidad,vfm_unitario,vfm_total,vfm_entregado) VALUES (9929,761974,2,890,1780,@@@NO@@@)','',2,'2013-09-04'),(60449,'INSERT INTO gne_vale_ferreteria (vfe_id,vfe_fecha,vfe_total,vfe_estado,vfe_entregado,usu_nusuario) VALUES (9930,@@@2013.09.05@@@,400,1,0,@@@b_SAEZ@@@)','',2,'2013-09-04'),(60450,'INSERT INTO gne_vale_ferreteria_mov (vfe_id,pro_codigo_plu,vfm_cantidad,vfm_unitario,vfm_total,vfm_entregado) VALUES (9930,1546,2,200,400,@@@NO@@@)','',2,'2013-09-04'),(60451,'INSERT INTO gne_vale_ferreteria (vfe_id,vfe_fecha,vfe_total,vfe_estado,vfe_entregado,usu_nusuario) VALUES (9931,@@@2013.09.05@@@,490,1,0,@@@b_SAEZ@@@)','',2,'2013-09-04'),(60452,'INSERT INTO gne_vale_ferreteria_mov (vfe_id,pro_codigo_plu,vfm_cantidad,vfm_unitario,vfm_total,vfm_entregado) VALUES (9931,764222,1,490,490,@@@NO@@@)','',2,'2013-09-04'),(60453,'INSERT INTO gne_vale_ferreteria (vfe_id,vfe_fecha,vfe_total,vfe_estado,vfe_entregado,usu_nusuario) VALUES (9932,@@@2013.09.05@@@,5970,1,0,@@@b_SAEZ@@@)','',2,'2013-09-04'),(60454,'INSERT INTO gne_vale_ferreteria_mov (vfe_id,pro_codigo_plu,vfm_cantidad,vfm_unitario,vfm_total,vfm_entregado) VALUES (9932,11367,3,1990,5970,@@@NO@@@)','',2,'2013-09-04'),(60455,'INSERT INTO gne_vale_ferreteria (vfe_id,vfe_fecha,vfe_total,vfe_estado,vfe_entregado,usu_nusuario) VALUES (9933,@@@2013.09.05@@@,480,1,0,@@@b_SAEZ@@@)','',2,'2013-09-04'),(60456,'INSERT INTO gne_vale_ferreteria_mov (vfe_id,pro_codigo_plu,vfm_cantidad,vfm_unitario,vfm_total,vfm_entregado) VALUES (9933,16430,3,160,480,@@@NO@@@)','',2,'2013-09-04'),(60457,'INSERT INTO gne_vale_ferreteria (vfe_id,vfe_fecha,vfe_total,vfe_estado,vfe_entregado,usu_nusuario) VALUES (9934,@@@2013.09.05@@@,120,1,0,@@@b_SAEZ@@@)','',2,'2013-09-04'),(60458,'INSERT INTO gne_vale_ferreteria_mov (vfe_id,pro_codigo_plu,vfm_cantidad,vfm_unitario,vfm_total,vfm_entregado) VALUES (9934,8022,1,120,120,@@@NO@@@)','',2,'2013-09-04'),(60459,'INSERT INTO gne_vale_ferreteria (vfe_id,vfe_fecha,vfe_total,vfe_estado,vfe_entregado,usu_nusuario) VALUES (9935,@@@2013.09.05@@@,3390,1,0,@@@b_SAEZ@@@)','',2,'2013-09-04'),(60460,'INSERT INTO gne_vale_ferreteria_mov (vfe_id,pro_codigo_plu,vfm_cantidad,vfm_unitario,vfm_total,vfm_entregado) VALUES (9935,763857,1,3390,3390,@@@NO@@@)','',2,'2013-09-04'),(60461,'INSERT INTO gne_vale_ferreteria (vfe_id,vfe_fecha,vfe_total,vfe_estado,vfe_entregado,usu_nusuario) VALUES (9936,@@@2013.09.05@@@,1340,1,0,@@@b_SAEZ@@@)','',2,'2013-09-04'),(60462,'INSERT INTO gne_vale_ferreteria_mov (vfe_id,pro_codigo_plu,vfm_cantidad,vfm_unitario,vfm_total,vfm_entregado) VALUES (9936,780721687,1,590,590,@@@NO@@@)','',2,'2013-09-04'),(60463,'INSERT INTO gne_vale_ferreteria_mov (vfe_id,pro_codigo_plu,vfm_cantidad,vfm_unitario,vfm_total,vfm_entregado) VALUES (9936,1535,1,390,390,@@@NO@@@)','',2,'2013-09-04'),(60464,'INSERT INTO gne_vale_ferreteria_mov (vfe_id,pro_codigo_plu,vfm_cantidad,vfm_unitario,vfm_total,vfm_entregado) VALUES (9936,8022,3,120,360,@@@NO@@@)','',2,'2013-09-04'),(60465,'INSERT INTO gne_vale_ferreteria (vfe_id,vfe_fecha,vfe_total,vfe_estado,vfe_entregado,usu_nusuario) VALUES (9937,@@@2013.09.05@@@,200,1,0,@@@b_SAEZ@@@)','',2,'2013-09-04'),(60466,'INSERT INTO gne_vale_ferreteria_mov (vfe_id,pro_codigo_plu,vfm_cantidad,vfm_unitario,vfm_total,vfm_entregado) VALUES (9937,765072,1,200,200,@@@NO@@@)','',2,'2013-09-04'),(60467,'INSERT INTO mae_productos (pro_codigo_plu,pro_codigo_barra,pro_tipo,pro_nombre_producto,pro_nombre_corto,med_id,emb_id,pro_unidades_embalaje,dep_id,lin_id,mar_id,pro_precio_compra_neto,pro_precio_compra_bruto,pro_precio_venta,pro_margen_actual,pro_oferta,pro_fecha_inicio_oferta,pro_fecha_termino_oferta,pro_precio_oferta,pro_stock_minimo,pro_stock_critico,pro_entradas_bodega,pro_salidas_bodega,pro_mermas_bodega,pro_ajustes_bodega,pro_entradas_sv,pro_salidas_sv,pro_mermas_sv,pro_ajustes_sv,pro_activo,rec_numero,pro_unidad,pro_capacidad,pro_consumo_bodega,pro_consumo_sv,pro_estado,pro_funcion_plu,pro_flejes,pro_iva,pro_plu_asociado,pro_envase,pro_duracion,pro_numero_etiqueta) VALUES (780721732,@@@7804945050051@@@,@@@0@@@,@@@PACK COLONIA AMMEN + OSITO@@@,@@@PACK COLONIA AMM@@@,@@@1 @@@,@@@4 @@@,@@@1@@@,@@@24 @@@,@@@207@@@,@@@2507@@@,@@@0@@@,@@@2150@@@,@@@1@@@,@@@-99.95@@@,@@@@@@,@@@2006.09.07@@@,@@@2006.09.07@@@,@@@0@@@,@@@4@@@,@@@1@@@,@@@0@@@,@@@0@@@,@@@0@@@,@@@0@@@,@@@0@@@,@@@0@@@,@@@0@@@,@@@0@@@,@@@1@@@,@@@0@@@,0,1,0,0,2,0,1,1,0,@@@NO@@@,0,0)','',2,'2013-09-04'),(60468,'DELETE FROM mae_impuestos_productos WHERE pro_codigo_plu=@@@780721732@@@','',2,'2013-09-04'),(60469,'INSERT INTO mae_productos (pro_codigo_plu,pro_codigo_barra,pro_tipo,pro_nombre_producto,pro_nombre_corto,med_id,emb_id,pro_unidades_embalaje,dep_id,lin_id,mar_id,pro_precio_compra_neto,pro_precio_compra_bruto,pro_precio_venta,pro_margen_actual,pro_oferta,pro_fecha_inicio_oferta,pro_fecha_termino_oferta,pro_precio_oferta,pro_stock_minimo,pro_stock_critico,pro_entradas_bodega,pro_salidas_bodega,pro_mermas_bodega,pro_ajustes_bodega,pro_entradas_sv,pro_salidas_sv,pro_mermas_sv,pro_ajustes_sv,pro_activo,rec_numero,pro_unidad,pro_capacidad,pro_consumo_bodega,pro_consumo_sv,pro_estado,pro_funcion_plu,pro_flejes,pro_iva,pro_plu_asociado,pro_envase,pro_duracion,pro_numero_etiqueta) VALUES (780721733,@@@7804945032309@@@,@@@0@@@,@@@SHAMPOO SIMONDS VIOLETA 340 ML@@@,@@@SH@@@,@@@7 @@@,@@@5 @@@,@@@1@@@,@@@24 @@@,@@@207@@@,@@@2507@@@,@@@0@@@,@@@1410@@@,@@@1@@@,@@@-99.93@@@,@@@@@@,@@@2006.09.07@@@,@@@2006.09.07@@@,@@@0@@@,@@@4@@@,@@@1@@@,@@@0@@@,@@@0@@@,@@@0@@@,@@@0@@@,@@@0@@@,@@@0@@@,@@@0@@@,@@@0@@@,@@@1@@@,@@@0@@@,0,340,0,0,2,0,1,1,0,@@@NO@@@,0,0)','',2,'2013-09-04'),(60470,'DELETE FROM mae_impuestos_productos WHERE pro_codigo_plu=@@@780721733@@@','',2,'2013-09-04'),(60471,'INSERT INTO gne_vale_ferreteria (vfe_id,vfe_fecha,vfe_total,vfe_estado,vfe_entregado,usu_nusuario) VALUES (9938,@@@2013.09.05@@@,999,1,0,@@@b_SAEZ@@@)','',2,'2013-09-04'),(60472,'INSERT INTO gne_vale_ferreteria_mov (vfe_id,pro_codigo_plu,vfm_cantidad,vfm_unitario,vfm_total,vfm_entregado) VALUES (9938,763613,1,999,999,@@@NO@@@)','',2,'2013-09-04'),(60473,'INSERT INTO gne_vale_ferreteria (vfe_id,vfe_fecha,vfe_total,vfe_estado,vfe_entregado,usu_nusuario) VALUES (9939,@@@2013.09.05@@@,1000,1,0,@@@b_SAEZ@@@)','',2,'2013-09-04'),(60474,'INSERT INTO gne_vale_ferreteria_mov (vfe_id,pro_codigo_plu,vfm_cantidad,vfm_unitario,vfm_total,vfm_entregado) VALUES (9939,4077,5,200,1000,@@@NO@@@)','',2,'2013-09-04'),(60475,'INSERT INTO gne_vale_ferreteria (vfe_id,vfe_fecha,vfe_total,vfe_estado,vfe_entregado,usu_nusuario) VALUES (9940,@@@2013.09.05@@@,2100,1,0,@@@b_SAEZ@@@)','',2,'2013-09-04'),(60476,'INSERT INTO gne_vale_ferreteria_mov (vfe_id,pro_codigo_plu,vfm_cantidad,vfm_unitario,vfm_total,vfm_entregado) VALUES (9940,763862,1,2100,2100,@@@NO@@@)','',2,'2013-09-04'),(60477,'INSERT INTO gne_vale_ferreteria (vfe_id,vfe_fecha,vfe_total,vfe_estado,vfe_entregado,usu_nusuario) VALUES (9941,@@@2013.09.05@@@,690,1,0,@@@b_SAEZ@@@)','',2,'2013-09-04'),(60478,'INSERT INTO gne_vale_ferreteria_mov (vfe_id,pro_codigo_plu,vfm_cantidad,vfm_unitario,vfm_total,vfm_entregado) VALUES (9941,780721669,1,490,490,@@@NO@@@)','',2,'2013-09-04'),(60479,'INSERT INTO gne_vale_ferreteria_mov (vfe_id,pro_codigo_plu,vfm_cantidad,vfm_unitario,vfm_total,vfm_entregado) VALUES (9941,78017194,1,200,200,@@@NO@@@)','',2,'2013-09-04'),(60480,'INSERT INTO mae_productos (pro_codigo_plu,pro_codigo_barra,pro_tipo,pro_nombre_producto,pro_nombre_corto,med_id,emb_id,pro_unidades_embalaje,dep_id,lin_id,mar_id,pro_precio_compra_neto,pro_precio_compra_bruto,pro_precio_venta,pro_margen_actual,pro_oferta,pro_fecha_inicio_oferta,pro_fecha_termino_oferta,pro_precio_oferta,pro_stock_minimo,pro_stock_critico,pro_entradas_bodega,pro_salidas_bodega,pro_mermas_bodega,pro_ajustes_bodega,pro_entradas_sv,pro_salidas_sv,pro_mermas_sv,pro_ajustes_sv,pro_activo,rec_numero,pro_unidad,pro_capacidad,pro_consumo_bodega,pro_consumo_sv,pro_estado,pro_funcion_plu,pro_flejes,pro_iva,pro_plu_asociado,pro_envase,pro_duracion,pro_numero_etiqueta) VALUES (780721734,@@@7804614181291@@@,@@@0@@@,@@@COLONIA LE JOLIE@@@,@@@COLONIA LE JOLIE@@@,@@@7 @@@,@@@6 @@@,@@@1@@@,@@@21 @@@,@@@116@@@,@@@2507@@@,@@@0@@@,@@@1190@@@,@@@1@@@,@@@-99.92@@@,@@@@@@,@@@2006.09.07@@@,@@@2006.09.07@@@,@@@0@@@,@@@4@@@,@@@1@@@,@@@0@@@,@@@0@@@,@@@0@@@,@@@0@@@,@@@0@@@,@@@0@@@,@@@0@@@,@@@0@@@,@@@1@@@,@@@0@@@,0,100,0,0,2,0,1,1,0,@@@NO@@@,0,0)','',2,'2013-09-04'),(60481,'DELETE FROM mae_impuestos_productos WHERE pro_codigo_plu=@@@780721734@@@','',2,'2013-09-04'),(60482,'INSERT INTO gne_vale_ferreteria (vfe_id,vfe_fecha,vfe_total,vfe_estado,vfe_entregado,usu_nusuario) VALUES (9942,@@@2013.09.05@@@,2280,1,0,@@@b_SAEZ@@@)','',2,'2013-09-04'),(60483,'INSERT INTO gne_vale_ferreteria_mov (vfe_id,pro_codigo_plu,vfm_cantidad,vfm_unitario,vfm_total,vfm_entregado) VALUES (9942,764049,1,590,590,@@@NO@@@)','',2,'2013-09-04'),(60484,'INSERT INTO gne_vale_ferreteria_mov (vfe_id,pro_codigo_plu,vfm_cantidad,vfm_unitario,vfm_total,vfm_entregado) VALUES (9942,761990,2,390,780,@@@NO@@@)','',2,'2013-09-04'),(60485,'INSERT INTO gne_vale_ferreteria_mov (vfe_id,pro_codigo_plu,vfm_cantidad,vfm_unitario,vfm_total,vfm_entregado) VALUES (9942,19865,1,640,640,@@@NO@@@)','',2,'2013-09-04'),(60486,'INSERT INTO gne_vale_ferreteria_mov (vfe_id,pro_codigo_plu,vfm_cantidad,vfm_unitario,vfm_total,vfm_entregado) VALUES (9942,78017016,1,120,120,@@@NO@@@)','',2,'2013-09-04'),(60487,'INSERT INTO gne_vale_ferreteria_mov (vfe_id,pro_codigo_plu,vfm_cantidad,vfm_unitario,vfm_total,vfm_entregado) VALUES (9942,78017015,1,150,150,@@@NO@@@)','',2,'2013-09-04'),(60488,'INSERT INTO mae_productos (pro_codigo_plu,pro_codigo_barra,pro_tipo,pro_nombre_producto,pro_nombre_corto,med_id,emb_id,pro_unidades_embalaje,dep_id,lin_id,mar_id,pro_precio_compra_neto,pro_precio_compra_bruto,pro_precio_venta,pro_margen_actual,pro_oferta,pro_fecha_inicio_oferta,pro_fecha_termino_oferta,pro_precio_oferta,pro_stock_minimo,pro_stock_critico,pro_entradas_bodega,pro_salidas_bodega,pro_mermas_bodega,pro_ajustes_bodega,pro_entradas_sv,pro_salidas_sv,pro_mermas_sv,pro_ajustes_sv,pro_activo,rec_numero,pro_unidad,pro_capacidad,pro_consumo_bodega,pro_consumo_sv,pro_estado,pro_funcion_plu,pro_flejes,pro_iva,pro_plu_asociado,pro_envase,pro_duracion,pro_numero_etiqueta) VALUES (780721735,@@@7804614181321@@@,@@@0@@@,@@@COLONIA LE JOLIE 100 ML@@@,@@@COLONIA LE JOLIE@@@,@@@7 @@@,@@@6 @@@,@@@1@@@,@@@21 @@@,@@@123@@@,@@@2507@@@,@@@0@@@,@@@1190@@@,@@@1@@@,@@@-99.92@@@,@@@@@@,@@@2006.09.07@@@,@@@2006.09.07@@@,@@@0@@@,@@@4@@@,@@@1@@@,@@@0@@@,@@@0@@@,@@@0@@@,@@@0@@@,@@@0@@@,@@@0@@@,@@@0@@@,@@@0@@@,@@@1@@@,@@@0@@@,0,100,0,0,2,0,1,1,0,@@@NO@@@,0,0)','',2,'2013-09-04'),(60489,'DELETE FROM mae_impuestos_productos WHERE pro_codigo_plu=@@@780721735@@@','',2,'2013-09-04'),(60490,'INSERT INTO mae_productos (pro_codigo_plu,pro_codigo_barra,pro_tipo,pro_nombre_producto,pro_nombre_corto,med_id,emb_id,pro_unidades_embalaje,dep_id,lin_id,mar_id,pro_precio_compra_neto,pro_precio_compra_bruto,pro_precio_venta,pro_margen_actual,pro_oferta,pro_fecha_inicio_oferta,pro_fecha_termino_oferta,pro_precio_oferta,pro_stock_minimo,pro_stock_critico,pro_entradas_bodega,pro_salidas_bodega,pro_mermas_bodega,pro_ajustes_bodega,pro_entradas_sv,pro_salidas_sv,pro_mermas_sv,pro_ajustes_sv,pro_activo,rec_numero,pro_unidad,pro_capacidad,pro_consumo_bodega,pro_consumo_sv,pro_estado,pro_funcion_plu,pro_flejes,pro_iva,pro_plu_asociado,pro_envase,pro_duracion,pro_numero_etiqueta) VALUES (780721736,@@@7804945032217@@@,@@@0@@@,@@@ESTUCHE SIMONDS CARS@@@,@@@ESTUCHE SIMONDS @@@,@@@1 @@@,@@@6 @@@,@@@1@@@,@@@21 @@@,@@@116@@@,@@@2096@@@,@@@0@@@,@@@2695@@@,@@@1@@@,@@@-99.96@@@,@@@@@@,@@@2006.09.07@@@,@@@2006.09.07@@@,@@@0@@@,@@@3@@@,@@@12695@@@,@@@0@@@,@@@0@@@,@@@0@@@,@@@0@@@,@@@0@@@,@@@0@@@,@@@0@@@,@@@0@@@,@@@1@@@,@@@0@@@,0,1,0,0,2,0,1,1,0,@@@NO@@@,0,0)','',2,'2013-09-04'),(60491,'DELETE FROM mae_impuestos_productos WHERE pro_codigo_plu=@@@780721736@@@','',2,'2013-09-04'),(60492,'INSERT INTO mae_productos (pro_codigo_plu,pro_codigo_barra,pro_tipo,pro_nombre_producto,pro_nombre_corto,med_id,emb_id,pro_unidades_embalaje,dep_id,lin_id,mar_id,pro_precio_compra_neto,pro_precio_compra_bruto,pro_precio_venta,pro_margen_actual,pro_oferta,pro_fecha_inicio_oferta,pro_fecha_termino_oferta,pro_precio_oferta,pro_stock_minimo,pro_stock_critico,pro_entradas_bodega,pro_salidas_bodega,pro_mermas_bodega,pro_ajustes_bodega,pro_entradas_sv,pro_salidas_sv,pro_mermas_sv,pro_ajustes_sv,pro_activo,rec_numero,pro_unidad,pro_capacidad,pro_consumo_bodega,pro_consumo_sv,pro_estado,pro_funcion_plu,pro_flejes,pro_iva,pro_plu_asociado,pro_envase,pro_duracion,pro_numero_etiqueta) VALUES (780721737,@@@7804945032460@@@,@@@0@@@,@@@ESTUCHE VIOLETTA SIMONDS COLONIA + CREMA@@@,@@@ESTUCHE VIOLETTA@@@,@@@1 @@@,@@@6 @@@,@@@1@@@,@@@21 @@@,@@@116@@@,@@@2507@@@,@@@0@@@,@@@3150@@@,@@@1@@@,@@@-99.97@@@,@@@@@@,@@@2006.09.07@@@,@@@2006.09.07@@@,@@@0@@@,@@@3@@@,@@@1@@@,@@@0@@@,@@@0@@@,@@@0@@@,@@@0@@@,@@@0@@@,@@@0@@@,@@@0@@@,@@@0@@@,@@@1@@@,@@@0@@@,0,1,0,0,2,0,1,1,0,@@@NO@@@,0,0)','',2,'2013-09-04'),(60493,'DELETE FROM mae_impuestos_productos WHERE pro_codigo_plu=@@@780721737@@@','',2,'2013-09-04'),(60494,'INSERT INTO gne_vale_ferreteria (vfe_id,vfe_fecha,vfe_total,vfe_estado,vfe_entregado,usu_nusuario) VALUES (9943,@@@2013.09.05@@@,120,1,0,@@@b_SAEZ@@@)','',2,'2013-09-04'),(60495,'INSERT INTO gne_vale_ferreteria_mov (vfe_id,pro_codigo_plu,vfm_cantidad,vfm_unitario,vfm_total,vfm_entregado) VALUES (9943,8022,1,120,120,@@@NO@@@)','',2,'2013-09-04'),(60496,'INSERT INTO gne_vale_ferreteria (vfe_id,vfe_fecha,vfe_total,vfe_estado,vfe_entregado,usu_nusuario) VALUES (9944,@@@2013.09.05@@@,300,1,0,@@@b_SAEZ@@@)','',2,'2013-09-04'),(60497,'INSERT INTO gne_vale_ferreteria_mov (vfe_id,pro_codigo_plu,vfm_cantidad,vfm_unitario,vfm_total,vfm_entregado) VALUES (9944,102261,1,300,300,@@@NO@@@)','',2,'2013-09-04'),(60498,'INSERT INTO mae_productos (pro_codigo_plu,pro_codigo_barra,pro_tipo,pro_nombre_producto,pro_nombre_corto,med_id,emb_id,pro_unidades_embalaje,dep_id,lin_id,mar_id,pro_precio_compra_neto,pro_precio_compra_bruto,pro_precio_venta,pro_margen_actual,pro_oferta,pro_fecha_inicio_oferta,pro_fecha_termino_oferta,pro_precio_oferta,pro_stock_minimo,pro_stock_critico,pro_entradas_bodega,pro_salidas_bodega,pro_mermas_bodega,pro_ajustes_bodega,pro_entradas_sv,pro_salidas_sv,pro_mermas_sv,pro_ajustes_sv,pro_activo,rec_numero,pro_unidad,pro_capacidad,pro_consumo_bodega,pro_consumo_sv,pro_estado,pro_funcion_plu,pro_flejes,pro_iva,pro_plu_asociado,pro_envase,pro_duracion,pro_numero_etiqueta) VALUES (780721738,@@@679602210331@@@,@@@0@@@,@@@PINO SILVESTRE ORIGINAL@@@,@@@PINO SILVESTRE O@@@,@@@7 @@@,@@@3 @@@,@@@0@@@,@@@21 @@@,@@@116@@@,@@@745@@@,@@@0@@@,@@@0@@@,@@@1@@@,@@@0@@@,@@@@@@,@@@2006.09.07@@@,@@@2006.09.07@@@,@@@0@@@,@@@0@@@,@@@0@@@,@@@0@@@,@@@0@@@,@@@0@@@,@@@0@@@,@@@0@@@,@@@0@@@,@@@0@@@,@@@0@@@,@@@1@@@,@@@0@@@,0,25,0,0,2,0,1,1,0,@@@NO@@@,0,0)','',2,'2013-09-04'),(60499,'DELETE FROM mae_impuestos_productos WHERE pro_codigo_plu=@@@780721738@@@','',2,'2013-09-04'),(60500,'INSERT INTO mae_productos (pro_codigo_plu,pro_codigo_barra,pro_tipo,pro_nombre_producto,pro_nombre_corto,med_id,emb_id,pro_unidades_embalaje,dep_id,lin_id,mar_id,pro_precio_compra_neto,pro_precio_compra_bruto,pro_precio_venta,pro_margen_actual,pro_oferta,pro_fecha_inicio_oferta,pro_fecha_termino_oferta,pro_precio_oferta,pro_stock_minimo,pro_stock_critico,pro_entradas_bodega,pro_salidas_bodega,pro_mermas_bodega,pro_ajustes_bodega,pro_entradas_sv,pro_salidas_sv,pro_mermas_sv,pro_ajustes_sv,pro_activo,rec_numero,pro_unidad,pro_capacidad,pro_consumo_bodega,pro_consumo_sv,pro_estado,pro_funcion_plu,pro_flejes,pro_iva,pro_plu_asociado,pro_envase,pro_duracion,pro_numero_etiqueta) VALUES (780721739,@@@037361000059@@@,@@@0@@@,@@@COLONIA LOMANI 100 ML@@@,@@@COLONIA LOMANI 1@@@,@@@7 @@@,@@@3 @@@,@@@0@@@,@@@21 @@@,@@@116@@@,@@@2507@@@,@@@0@@@,@@@0@@@,@@@1@@@,@@@0@@@,@@@@@@,@@@2006.09.07@@@,@@@2006.09.07@@@,@@@0@@@,@@@0@@@,@@@0@@@,@@@0@@@,@@@0@@@,@@@0@@@,@@@0@@@,@@@0@@@,@@@0@@@,@@@0@@@,@@@0@@@,@@@1@@@,@@@0@@@,0,100,0,0,2,0,1,1,0,@@@NO@@@,0,0)','',2,'2013-09-04'),(60501,'DELETE FROM mae_impuestos_productos WHERE pro_codigo_plu=@@@780721739@@@','',2,'2013-09-04'),(60502,'INSERT INTO mae_productos (pro_codigo_plu,pro_codigo_barra,pro_tipo,pro_nombre_producto,pro_nombre_corto,med_id,emb_id,pro_unidades_embalaje,dep_id,lin_id,mar_id,pro_precio_compra_neto,pro_precio_compra_bruto,pro_precio_venta,pro_margen_actual,pro_oferta,pro_fecha_inicio_oferta,pro_fecha_termino_oferta,pro_precio_oferta,pro_stock_minimo,pro_stock_critico,pro_entradas_bodega,pro_salidas_bodega,pro_mermas_bodega,pro_ajustes_bodega,pro_entradas_sv,pro_salidas_sv,pro_mermas_sv,pro_ajustes_sv,pro_activo,rec_numero,pro_unidad,pro_capacidad,pro_consumo_bodega,pro_consumo_sv,pro_estado,pro_funcion_plu,pro_flejes,pro_iva,pro_plu_asociado,pro_envase,pro_duracion,pro_numero_etiqueta) VALUES (780721740,@@@7804614181437@@@,@@@0@@@,@@@ESTUCHE LOVE PINCK COLONIA + DEO@@@,@@@ESTUCHE LOVE PIN@@@,@@@7 @@@,@@@3 @@@,@@@0@@@,@@@21 @@@,@@@116@@@,@@@2507@@@,@@@0@@@,@@@0@@@,@@@1@@@,@@@0@@@,@@@@@@,@@@2006.09.07@@@,@@@2006.09.07@@@,@@@0@@@,@@@0@@@,@@@0@@@,@@@0@@@,@@@0@@@,@@@0@@@,@@@0@@@,@@@0@@@,@@@0@@@,@@@0@@@,@@@0@@@,@@@1@@@,@@@0@@@,0,110,0,0,2,0,1,1,0,@@@NO@@@,0,0)','',2,'2013-09-04'),(60503,'DELETE FROM mae_impuestos_productos WHERE pro_codigo_plu=@@@780721740@@@','',2,'2013-09-04'),(60504,'INSERT INTO mae_productos (pro_codigo_plu,pro_codigo_barra,pro_tipo,pro_nombre_producto,pro_nombre_corto,med_id,emb_id,pro_unidades_embalaje,dep_id,lin_id,mar_id,pro_precio_compra_neto,pro_precio_compra_bruto,pro_precio_venta,pro_margen_actual,pro_oferta,pro_fecha_inicio_oferta,pro_fecha_termino_oferta,pro_precio_oferta,pro_stock_minimo,pro_stock_critico,pro_entradas_bodega,pro_salidas_bodega,pro_mermas_bodega,pro_ajustes_bodega,pro_entradas_sv,pro_salidas_sv,pro_mermas_sv,pro_ajustes_sv,pro_activo,rec_numero,pro_unidad,pro_capacidad,pro_consumo_bodega,pro_consumo_sv,pro_estado,pro_funcion_plu,pro_flejes,pro_iva,pro_plu_asociado,pro_envase,pro_duracion,pro_numero_etiqueta) VALUES (909190,@@@909190@@@,@@@0@@@,@@@PELOTA PIN PON @@@,@@@PELOTA PIN PON @@@,@@@1 @@@,@@@3 @@@,@@@0@@@,@@@23 @@@,@@@135@@@,@@@2507@@@,@@@0@@@,@@@0@@@,@@@1@@@,@@@0@@@,@@@@@@,@@@2006.09.07@@@,@@@2006.09.07@@@,@@@0@@@,@@@0@@@,@@@0@@@,@@@0@@@,@@@0@@@,@@@0@@@,@@@0@@@,@@@0@@@,@@@0@@@,@@@0@@@,@@@0@@@,@@@1@@@,@@@0@@@,0,1,0,0,2,0,1,1,0,@@@NO@@@,0,0)','',2,'2013-09-04'),(60505,'DELETE FROM mae_impuestos_productos WHERE pro_codigo_plu=@@@909190@@@','',2,'2013-09-04'),(60506,'INSERT INTO mae_productos (pro_codigo_plu,pro_codigo_barra,pro_tipo,pro_nombre_producto,pro_nombre_corto,med_id,emb_id,pro_unidades_embalaje,dep_id,lin_id,mar_id,pro_precio_compra_neto,pro_precio_compra_bruto,pro_precio_venta,pro_margen_actual,pro_oferta,pro_fecha_inicio_oferta,pro_fecha_termino_oferta,pro_precio_oferta,pro_stock_minimo,pro_stock_critico,pro_entradas_bodega,pro_salidas_bodega,pro_mermas_bodega,pro_ajustes_bodega,pro_entradas_sv,pro_salidas_sv,pro_mermas_sv,pro_ajustes_sv,pro_activo,rec_numero,pro_unidad,pro_capacidad,pro_consumo_bodega,pro_consumo_sv,pro_estado,pro_funcion_plu,pro_flejes,pro_iva,pro_plu_asociado,pro_envase,pro_duracion,pro_numero_etiqueta) VALUES (780721741,@@@7806130000520@@@,@@@0@@@,@@@GLOBO LISO N*9 TRICOLOR@@@,@@@GLOBO LISO N*9 T@@@,@@@1 @@@,@@@4 @@@,@@@0@@@,@@@24 @@@,@@@177@@@,@@@2690@@@,@@@0@@@,@@@0@@@,@@@1@@@,@@@0@@@,@@@@@@,@@@2006.09.07@@@,@@@2006.09.07@@@,@@@0@@@,@@@0@@@,@@@0@@@,@@@0@@@,@@@0@@@,@@@0@@@,@@@0@@@,@@@0@@@,@@@0@@@,@@@0@@@,@@@0@@@,@@@1@@@,@@@0@@@,0,50,0,0,2,0,1,1,0,@@@NO@@@,0,0)','',2,'2013-09-04'),(60507,'DELETE FROM mae_impuestos_productos WHERE pro_codigo_plu=@@@780721741@@@','',2,'2013-09-04'),(60508,'INSERT INTO gne_vale_ferreteria (vfe_id,vfe_fecha,vfe_total,vfe_estado,vfe_entregado,usu_nusuario) VALUES (9945,@@@2013.09.05@@@,280,1,0,@@@b_SAEZ@@@)','',2,'2013-09-04'),(60509,'INSERT INTO gne_vale_ferreteria_mov (vfe_id,pro_codigo_plu,vfm_cantidad,vfm_unitario,vfm_total,vfm_entregado) VALUES (9945,780220197,1,280,280,@@@NO@@@)','',2,'2013-09-04'),(60510,'INSERT INTO mae_productos (pro_codigo_plu,pro_codigo_barra,pro_tipo,pro_nombre_producto,pro_nombre_corto,med_id,emb_id,pro_unidades_embalaje,dep_id,lin_id,mar_id,pro_precio_compra_neto,pro_precio_compra_bruto,pro_precio_venta,pro_margen_actual,pro_oferta,pro_fecha_inicio_oferta,pro_fecha_termino_oferta,pro_precio_oferta,pro_stock_minimo,pro_stock_critico,pro_entradas_bodega,pro_salidas_bodega,pro_mermas_bodega,pro_ajustes_bodega,pro_entradas_sv,pro_salidas_sv,pro_mermas_sv,pro_ajustes_sv,pro_activo,rec_numero,pro_unidad,pro_capacidad,pro_consumo_bodega,pro_consumo_sv,pro_estado,pro_funcion_plu,pro_flejes,pro_iva,pro_plu_asociado,pro_envase,pro_duracion,pro_numero_etiqueta) VALUES (780721742,@@@6921199311590@@@,@@@0@@@,@@@MAMADERA 130 ML SUN DELIGHT@@@,@@@MAMADERA 130 ML @@@,@@@7 @@@,@@@3 @@@,@@@0@@@,@@@21 @@@,@@@120@@@,@@@664@@@,@@@0@@@,@@@0@@@,@@@1@@@,@@@0@@@,@@@@@@,@@@2006.09.07@@@,@@@2006.09.07@@@,@@@0@@@,@@@0@@@,@@@0@@@,@@@0@@@,@@@0@@@,@@@0@@@,@@@0@@@,@@@0@@@,@@@0@@@,@@@0@@@,@@@0@@@,@@@1@@@,@@@0@@@,0,130,0,0,2,0,1,1,0,@@@NO@@@,0,0)','',2,'2013-09-04'),(60511,'DELETE FROM mae_impuestos_productos WHERE pro_codigo_plu=@@@780721742@@@','',2,'2013-09-04'),(60512,'INSERT INTO mae_productos (pro_codigo_plu,pro_codigo_barra,pro_tipo,pro_nombre_producto,pro_nombre_corto,med_id,emb_id,pro_unidades_embalaje,dep_id,lin_id,mar_id,pro_precio_compra_neto,pro_precio_compra_bruto,pro_precio_venta,pro_margen_actual,pro_oferta,pro_fecha_inicio_oferta,pro_fecha_termino_oferta,pro_precio_oferta,pro_stock_minimo,pro_stock_critico,pro_entradas_bodega,pro_salidas_bodega,pro_mermas_bodega,pro_ajustes_bodega,pro_entradas_sv,pro_salidas_sv,pro_mermas_sv,pro_ajustes_sv,pro_activo,rec_numero,pro_unidad,pro_capacidad,pro_consumo_bodega,pro_consumo_sv,pro_estado,pro_funcion_plu,pro_flejes,pro_iva,pro_plu_asociado,pro_envase,pro_duracion,pro_numero_etiqueta) VALUES (780721743,@@@6921199313594@@@,@@@0@@@,@@@MAMADERA 330 ML SUN DELIGHT@@@,@@@MAMADERA 330 ML @@@,@@@7 @@@,@@@3 @@@,@@@0@@@,@@@21 @@@,@@@120@@@,@@@2507@@@,@@@0@@@,@@@0@@@,@@@1@@@,@@@0@@@,@@@@@@,@@@2006.09.07@@@,@@@2006.09.07@@@,@@@0@@@,@@@0@@@,@@@0@@@,@@@0@@@,@@@0@@@,@@@0@@@,@@@0@@@,@@@0@@@,@@@0@@@,@@@0@@@,@@@0@@@,@@@1@@@,@@@0@@@,0,330,0,0,2,0,1,1,0,@@@NO@@@,0,0)','',2,'2013-09-04'),(60513,'DELETE FROM mae_impuestos_productos WHERE pro_codigo_plu=@@@780721743@@@','',2,'2013-09-04'),(60514,'INSERT INTO gne_vale_ferreteria (vfe_id,vfe_fecha,vfe_total,vfe_estado,vfe_entregado,usu_nusuario) VALUES (9946,@@@2013.09.05@@@,300,1,0,@@@b_SAEZ@@@)','',2,'2013-09-04'),(60515,'INSERT INTO gne_vale_ferreteria_mov (vfe_id,pro_codigo_plu,vfm_cantidad,vfm_unitario,vfm_total,vfm_entregado) VALUES (9946,764188,1,300,300,@@@NO@@@)','',2,'2013-09-04'),(60516,'INSERT INTO gne_vale_ferreteria (vfe_id,vfe_fecha,vfe_total,vfe_estado,vfe_entregado,usu_nusuario) VALUES (9947,@@@2013.09.05@@@,1030,1,0,@@@b_SAEZ@@@)','',2,'2013-09-04'),(60517,'INSERT INTO gne_vale_ferreteria_mov (vfe_id,pro_codigo_plu,vfm_cantidad,vfm_unitario,vfm_total,vfm_entregado) VALUES (9947,780721131,1,790,790,@@@NO@@@)','',2,'2013-09-04'),(60518,'INSERT INTO gne_vale_ferreteria_mov (vfe_id,pro_codigo_plu,vfm_cantidad,vfm_unitario,vfm_total,vfm_entregado) VALUES (9947,78017007,2,120,240,@@@NO@@@)','',2,'2013-09-04'),(60519,'INSERT INTO gne_vale_ferreteria (vfe_id,vfe_fecha,vfe_total,vfe_estado,vfe_entregado,usu_nusuario) VALUES (9948,@@@2013.09.05@@@,980,1,0,@@@b_SAEZ@@@)','',2,'2013-09-04'),(60520,'INSERT INTO gne_vale_ferreteria_mov (vfe_id,pro_codigo_plu,vfm_cantidad,vfm_unitario,vfm_total,vfm_entregado) VALUES (9948,4093,2,100,200,@@@NO@@@)','',2,'2013-09-04'),(60521,'INSERT INTO gne_vale_ferreteria_mov (vfe_id,pro_codigo_plu,vfm_cantidad,vfm_unitario,vfm_total,vfm_entregado) VALUES (9948,780721379,2,390,780,@@@NO@@@)','',2,'2013-09-04'),(60522,'INSERT INTO gne_vale_ferreteria (vfe_id,vfe_fecha,vfe_total,vfe_estado,vfe_entregado,usu_nusuario) VALUES (9949,@@@2013.09.05@@@,1490,1,0,@@@b_SAEZ@@@)','',2,'2013-09-04'),(60523,'INSERT INTO gne_vale_ferreteria_mov (vfe_id,pro_codigo_plu,vfm_cantidad,vfm_unitario,vfm_total,vfm_entregado) VALUES (9949,762133,1,1490,1490,@@@NO@@@)','',2,'2013-09-04'),(60524,'INSERT INTO gne_vale_ferreteria (vfe_id,vfe_fecha,vfe_total,vfe_estado,vfe_entregado,usu_nusuario) VALUES (9950,@@@2013.09.05@@@,495,1,0,@@@b_SAEZ@@@)','',2,'2013-09-04'),(60525,'INSERT INTO gne_vale_ferreteria_mov (vfe_id,pro_codigo_plu,vfm_cantidad,vfm_unitario,vfm_total,vfm_entregado) VALUES (9950,21117,1,495,495,@@@NO@@@)','',2,'2013-09-04'),(60526,'UPDATE mae_productos SET pro_margen_actual=-99.92,pro_precio_venta=1 WHERE pro_codigo_plu=780721734','',2,'2013-09-04'),(60527,'UPDATE mae_productos SET pro_margen_actual=-99.92,pro_precio_venta=1 WHERE pro_codigo_plu=780721735','',2,'2013-09-04'),(60528,'UPDATE mae_productos SET pro_margen_actual=0,pro_precio_venta=1 WHERE pro_codigo_plu=780721739','',2,'2013-09-04'),(60529,'UPDATE mae_productos SET pro_margen_actual=0,pro_precio_venta=1 WHERE pro_codigo_plu=780721740','',2,'2013-09-04'),(60530,'UPDATE mae_productos SET pro_margen_actual=-99.96,pro_precio_venta=1 WHERE pro_codigo_plu=780721736','',2,'2013-09-04'),(60531,'UPDATE mae_productos SET pro_margen_actual=-99.97,pro_precio_venta=1 WHERE pro_codigo_plu=780721737','',2,'2013-09-04'),(60532,'UPDATE mae_productos SET pro_margen_actual=0,pro_precio_venta=1 WHERE pro_codigo_plu=780721741','',2,'2013-09-04'),(60533,'UPDATE mae_productos SET pro_margen_actual=0,pro_precio_venta=1 WHERE pro_codigo_plu=780721742','',2,'2013-09-04'),(60534,'UPDATE mae_productos SET pro_margen_actual=0,pro_precio_venta=1 WHERE pro_codigo_plu=780721743','',2,'2013-09-04'),(60535,'UPDATE mae_productos SET pro_margen_actual=-99.95,pro_precio_venta=1 WHERE pro_codigo_plu=780721732','',2,'2013-09-04'),(60536,'UPDATE mae_productos SET pro_margen_actual=-99.96,pro_precio_venta=1 WHERE pro_codigo_plu=780721731','',2,'2013-09-04'),(60537,'UPDATE mae_productos SET pro_margen_actual=0,pro_precio_venta=1 WHERE pro_codigo_plu=909190','',2,'2013-09-04'),(60538,'UPDATE mae_productos SET pro_margen_actual=0,pro_precio_venta=1 WHERE pro_codigo_plu=780721738','',2,'2013-09-04'),(60539,'UPDATE mae_productos SET pro_margen_actual=-99.93,pro_precio_venta=1 WHERE pro_codigo_plu=780721733','',2,'2013-09-04'),(60540,'UPDATE mae_productos SET pro_margen_actual=40.94,pro_precio_venta=700 WHERE pro_codigo_plu=17265','',2,'2013-09-04'),(60541,'UPDATE mae_productos SET pro_precio_fiscal=pro_precio_venta WHERE pro_codigo_plu=17265','',2,'2013-09-04'),(60542,'INSERT INTO gne_vale_ferreteria (vfe_id,vfe_fecha,vfe_total,vfe_estado,vfe_entregado,usu_nusuario) VALUES (9951,@@@2013.09.05@@@,330,1,0,@@@m_martinez@@@)','',2,'2013-09-05'),(60543,'INSERT INTO gne_vale_ferreteria_mov (vfe_id,pro_codigo_plu,vfm_cantidad,vfm_unitario,vfm_total,vfm_entregado) VALUES (9951,763588,1,330,330,@@@NO@@@)','',2,'2013-09-05'),(60544,'INSERT INTO gne_vale_ferreteria (vfe_id,vfe_fecha,vfe_total,vfe_estado,vfe_entregado,usu_nusuario) VALUES (9952,@@@2013.09.05@@@,100,1,0,@@@m_martinez@@@)','',2,'2013-09-05'),(60545,'INSERT INTO gne_vale_ferreteria_mov (vfe_id,pro_codigo_plu,vfm_cantidad,vfm_unitario,vfm_total,vfm_entregado) VALUES (9952,1545,2,50,100,@@@NO@@@)','',2,'2013-09-05'),(60546,'INSERT INTO gne_vale_ferreteria (vfe_id,vfe_fecha,vfe_total,vfe_estado,vfe_entregado,usu_nusuario) VALUES (9953,@@@2013.09.05@@@,640,1,0,@@@m_martinez@@@)','',2,'2013-09-05'),(60547,'INSERT INTO gne_vale_ferreteria_mov (vfe_id,pro_codigo_plu,vfm_cantidad,vfm_unitario,vfm_total,vfm_entregado) VALUES (9953,19865,1,640,640,@@@NO@@@)','',2,'2013-09-05'),(60548,'INSERT INTO gne_vale_ferreteria (vfe_id,vfe_fecha,vfe_total,vfe_estado,vfe_entregado,usu_nusuario) VALUES (9954,@@@2013.09.05@@@,240,1,0,@@@m_martinez@@@)','',2,'2013-09-05'),(60549,'INSERT INTO gne_vale_ferreteria_mov (vfe_id,pro_codigo_plu,vfm_cantidad,vfm_unitario,vfm_total,vfm_entregado) VALUES (9954,764329,1,120,120,@@@NO@@@)','',2,'2013-09-05'),(60550,'INSERT INTO gne_vale_ferreteria_mov (vfe_id,pro_codigo_plu,vfm_cantidad,vfm_unitario,vfm_total,vfm_entregado) VALUES (9954,764158,1,120,120,@@@NO@@@)','',2,'2013-09-05'),(60551,'INSERT INTO gne_vale_ferreteria (vfe_id,vfe_fecha,vfe_total,vfe_estado,vfe_entregado,usu_nusuario) VALUES (9955,@@@2013.09.05@@@,890,1,0,@@@m_martinez@@@)','',2,'2013-09-05'),(60552,'INSERT INTO gne_vale_ferreteria_mov (vfe_id,pro_codigo_plu,vfm_cantidad,vfm_unitario,vfm_total,vfm_entregado) VALUES (9955,11670,1,890,890,@@@NO@@@)','',2,'2013-09-05'),(60553,'INSERT INTO gne_vale_ferreteria (vfe_id,vfe_fecha,vfe_total,vfe_estado,vfe_entregado,usu_nusuario) VALUES (9956,@@@2013.09.05@@@,350,1,0,@@@m_martinez@@@)','',2,'2013-09-05'),(60554,'INSERT INTO gne_vale_ferreteria_mov (vfe_id,pro_codigo_plu,vfm_cantidad,vfm_unitario,vfm_total,vfm_entregado) VALUES (9956,4074,1,350,350,@@@NO@@@)','',2,'2013-09-05'),(60555,'INSERT INTO gne_vale_ferreteria (vfe_id,vfe_fecha,vfe_total,vfe_estado,vfe_entregado,usu_nusuario) VALUES (9957,@@@2013.09.05@@@,200,1,0,@@@m_martinez@@@)','',2,'2013-09-05'),(60556,'INSERT INTO gne_vale_ferreteria_mov (vfe_id,pro_codigo_plu,vfm_cantidad,vfm_unitario,vfm_total,vfm_entregado) VALUES (9957,764702,1,200,200,@@@NO@@@)','',2,'2013-09-05'),(60557,'INSERT INTO gne_vale_ferreteria (vfe_id,vfe_fecha,vfe_total,vfe_estado,vfe_entregado,usu_nusuario) VALUES (9958,@@@2013.09.05@@@,990,1,0,@@@m_martinez@@@)','',2,'2013-09-05'),(60558,'INSERT INTO gne_vale_ferreteria_mov (vfe_id,pro_codigo_plu,vfm_cantidad,vfm_unitario,vfm_total,vfm_entregado) VALUES (9958,2008,1,990,990,@@@NO@@@)','',2,'2013-09-05'),(60559,'INSERT INTO mae_productos (pro_codigo_plu,pro_codigo_barra,pro_tipo,pro_nombre_producto,pro_nombre_corto,med_id,emb_id,pro_unidades_embalaje,dep_id,lin_id,mar_id,pro_precio_compra_neto,pro_precio_compra_bruto,pro_precio_venta,pro_margen_actual,pro_oferta,pro_fecha_inicio_oferta,pro_fecha_termino_oferta,pro_precio_oferta,pro_stock_minimo,pro_stock_critico,pro_entradas_bodega,pro_salidas_bodega,pro_mermas_bodega,pro_ajustes_bodega,pro_entradas_sv,pro_salidas_sv,pro_mermas_sv,pro_ajustes_sv,pro_activo,rec_numero,pro_unidad,pro_capacidad,pro_consumo_bodega,pro_consumo_sv,pro_estado,pro_funcion_plu,pro_flejes,pro_iva,pro_plu_asociado,pro_envase,pro_duracion,pro_numero_etiqueta) VALUES (721744,@@@721744@@@,@@@0@@@,@@@CHOCOLATE  POLVO  NESTLE 18GRS@@@,@@@CHOCOLATE  POLVO@@@,@@@5 @@@,@@@4 @@@,@@@1@@@,@@@32 @@@,@@@161@@@,@@@9@@@,@@@0@@@,@@@1@@@,@@@200@@@,@@@19900@@@,@@@@@@,@@@2013.09.05@@@,@@@2013.09.05@@@,@@@0@@@,@@@4@@@,@@@1@@@,@@@0@@@,@@@0@@@,@@@0@@@,@@@0@@@,@@@0@@@,@@@0@@@,@@@0@@@,@@@0@@@,@@@1@@@,@@@0@@@,0,18,0,0,2,0,1,1,0,@@@NO@@@,0,0)','',2,'2013-09-05'),(60560,'DELETE FROM mae_impuestos_productos WHERE pro_codigo_plu=@@@721744@@@','',2,'2013-09-05'),(60561,'UPDATE mae_productos SET pro_margen_actual=19900,pro_precio_venta=199 WHERE pro_codigo_plu=721744','',2,'2013-09-05'),(60562,'UPDATE mae_productos SET pro_precio_fiscal=pro_precio_venta WHERE pro_codigo_plu=721744','',2,'2013-09-05'),(60563,'UPDATE mae_productos SET pro_codigo_barra=@@@7050@@@,pro_tipo=@@@0@@@,pro_nombre_producto=@@@CHUPETE SIMON`S MAMADERA REPUESTO@@@,pro_nombre_corto=@@@TE SIMON`S MAMAD@@@,med_id=@@@1@@@,emb_id=@@@3@@@,pro_unidades_embalaje=@@@0@@@,dep_id=@@@2 @@@,lin_id=@@@41@@@,mar_id=@@@2507@@@,pro_precio_compra_neto=@@@0@@@,pro_precio_compra_bruto=@@@0@@@,pro_precio_venta=@@@695@@@,pro_margen_actual=@@@0@@@,pro_oferta=@@@NO@@@,pro_fecha_inicio_oferta=@@@2013.05.08@@@,pro_fecha_termino_oferta=@@@2013.05.08@@@,pro_precio_oferta=@@@0@@@,pro_stock_minimo=@@@20@@@,pro_stock_critico=@@@1@@@,pro_activo=@@@1@@@,pro_unidad=@@@0@@@,pro_precio_compra_bruto=0,pro_margen_actual=0,pro_capacidad=1,pro_funcion_plu=0,pro_flejes=1,pro_iva=1,pro_plu_asociado=0,pro_envase=@@@NO@@@,pro_duracion=0,pro_numero_etiqueta=0 WHERE pro_codigo_plu=@@@7050@@@','',2,'2013-09-05'),(60564,'UPDATE mae_productos SET pro_estado=1 WHERE pro_codigo_plu=7050','',2,'2013-09-05'),(60565,'DELETE FROM mae_impuestos_productos WHERE pro_codigo_plu=@@@7050@@@','',2,'2013-09-05'),(60566,'INSERT INTO gne_vale_ferreteria (vfe_id,vfe_fecha,vfe_total,vfe_estado,vfe_entregado,usu_nusuario) VALUES (9959,@@@2013.09.05@@@,260,1,0,@@@m_martinez@@@)','',2,'2013-09-05'),(60567,'INSERT INTO gne_vale_ferreteria_mov (vfe_id,pro_codigo_plu,vfm_cantidad,vfm_unitario,vfm_total,vfm_entregado) VALUES (9959,15967,2,130,260,@@@NO@@@)','',2,'2013-09-05'),(60568,'UPDATE mae_productos SET pro_margen_actual=0,pro_precio_venta=695 WHERE pro_codigo_plu=7050','',2,'2013-09-05'),(60569,'UPDATE mae_productos SET pro_margen_actual=0,pro_precio_venta=2490 WHERE pro_codigo_plu=762540','',2,'2013-09-05'),(60570,'UPDATE mae_productos SET pro_margen_actual=45.3,pro_precio_venta=2390 WHERE pro_codigo_plu=765071','',2,'2013-09-05'),(60571,'UPDATE mae_productos SET pro_precio_fiscal=pro_precio_venta WHERE pro_codigo_plu=762540','',2,'2013-09-05'),(60572,'UPDATE mae_productos SET pro_precio_fiscal=pro_precio_venta WHERE pro_codigo_plu=765071','',2,'2013-09-05'),(60573,'INSERT INTO mae_productos (pro_codigo_plu,pro_codigo_barra,pro_tipo,pro_nombre_producto,pro_nombre_corto,med_id,emb_id,pro_unidades_embalaje,dep_id,lin_id,mar_id,pro_precio_compra_neto,pro_precio_compra_bruto,pro_precio_venta,pro_margen_actual,pro_oferta,pro_fecha_inicio_oferta,pro_fecha_termino_oferta,pro_precio_oferta,pro_stock_minimo,pro_stock_critico,pro_entradas_bodega,pro_salidas_bodega,pro_mermas_bodega,pro_ajustes_bodega,pro_entradas_sv,pro_salidas_sv,pro_mermas_sv,pro_ajustes_sv,pro_activo,rec_numero,pro_unidad,pro_capacidad,pro_consumo_bodega,pro_consumo_sv,pro_estado,pro_funcion_plu,pro_flejes,pro_iva,pro_plu_asociado,pro_envase,pro_duracion,pro_numero_etiqueta) VALUES (780721744,@@@6921199314584@@@,@@@0@@@,@@@MAMADERA SUN  DELIGHT 300 ML@@@,@@@MAMADERA SUN  DE@@@,@@@7 @@@,@@@4 @@@,@@@1@@@,@@@24 @@@,@@@207@@@,@@@2507@@@,@@@0@@@,@@@1090@@@,@@@1@@@,@@@-99.91@@@,@@@@@@,@@@2006.09.07@@@,@@@2006.09.07@@@,@@@0@@@,@@@3@@@,@@@1@@@,@@@0@@@,@@@0@@@,@@@0@@@,@@@0@@@,@@@0@@@,@@@0@@@,@@@0@@@,@@@0@@@,@@@1@@@,@@@0@@@,0,300,0,0,2,0,1,1,0,@@@NO@@@,0,0)','',2,'2013-09-05'),(60574,'DELETE FROM mae_impuestos_productos WHERE pro_codigo_plu=@@@780721744@@@','',2,'2013-09-05'),(60575,'INSERT INTO mae_productos (pro_codigo_plu,pro_codigo_barra,pro_tipo,pro_nombre_producto,pro_nombre_corto,med_id,emb_id,pro_unidades_embalaje,dep_id,lin_id,mar_id,pro_precio_compra_neto,pro_precio_compra_bruto,pro_precio_venta,pro_margen_actual,pro_oferta,pro_fecha_inicio_oferta,pro_fecha_termino_oferta,pro_precio_oferta,pro_stock_minimo,pro_stock_critico,pro_entradas_bodega,pro_salidas_bodega,pro_mermas_bodega,pro_ajustes_bodega,pro_entradas_sv,pro_salidas_sv,pro_mermas_sv,pro_ajustes_sv,pro_activo,rec_numero,pro_unidad,pro_capacidad,pro_consumo_bodega,pro_consumo_sv,pro_estado,pro_funcion_plu,pro_flejes,pro_iva,pro_plu_asociado,pro_envase,pro_duracion,pro_numero_etiqueta) VALUES (780721745,@@@00082712@@@,@@@0@@@,@@@CALCETIN KIKKO CELESTE 0-6 MESES@@@,@@@CALCETIN KIKKO C@@@,@@@1 @@@,@@@6 @@@,@@@1@@@,@@@24 @@@,@@@207@@@,@@@2507@@@,@@@0@@@,@@@550@@@,@@@1@@@,@@@-99.82@@@,@@@@@@,@@@2006.09.07@@@,@@@2006.09.07@@@,@@@0@@@,@@@2@@@,@@@1@@@,@@@0@@@,@@@0@@@,@@@0@@@,@@@0@@@,@@@0@@@,@@@0@@@,@@@0@@@,@@@0@@@,@@@1@@@,@@@0@@@,0,1,0,0,2,0,1,1,0,@@@NO@@@,0,0)','',2,'2013-09-05'),(60576,'DELETE FROM mae_impuestos_productos WHERE pro_codigo_plu=@@@780721745@@@','',2,'2013-09-05'),(60577,'INSERT INTO mae_productos (pro_codigo_plu,pro_codigo_barra,pro_tipo,pro_nombre_producto,pro_nombre_corto,med_id,emb_id,pro_unidades_embalaje,dep_id,lin_id,mar_id,pro_precio_compra_neto,pro_precio_compra_bruto,pro_precio_venta,pro_margen_actual,pro_oferta,pro_fecha_inicio_oferta,pro_fecha_termino_oferta,pro_precio_oferta,pro_stock_minimo,pro_stock_critico,pro_entradas_bodega,pro_salidas_bodega,pro_mermas_bodega,pro_ajustes_bodega,pro_entradas_sv,pro_salidas_sv,pro_mermas_sv,pro_ajustes_sv,pro_activo,rec_numero,pro_unidad,pro_capacidad,pro_consumo_bodega,pro_consumo_sv,pro_estado,pro_funcion_plu,pro_flejes,pro_iva,pro_plu_asociado,pro_envase,pro_duracion,pro_numero_etiqueta) VALUES (780721746,@@@00082710@@@,@@@0@@@,@@@CALCETIN KIKKO ROSADO LINEAS 0-6 MESES@@@,@@@CALCETIN KIKKO R@@@,@@@1 @@@,@@@6 @@@,@@@1@@@,@@@24 @@@,@@@207@@@,@@@2507@@@,@@@0@@@,@@@560@@@,@@@1@@@,@@@-99.82@@@,@@@@@@,@@@2006.09.07@@@,@@@2006.09.07@@@,@@@0@@@,@@@2@@@,@@@1@@@,@@@0@@@,@@@0@@@,@@@0@@@,@@@0@@@,@@@0@@@,@@@0@@@,@@@0@@@,@@@0@@@,@@@1@@@,@@@0@@@,0,1,0,0,2,0,1,1,0,@@@NO@@@,0,0)','',2,'2013-09-05'),(60578,'DELETE FROM mae_impuestos_productos WHERE pro_codigo_plu=@@@780721746@@@','',2,'2013-09-05'),(60579,'INSERT INTO mae_productos (pro_codigo_plu,pro_codigo_barra,pro_tipo,pro_nombre_producto,pro_nombre_corto,med_id,emb_id,pro_unidades_embalaje,dep_id,lin_id,mar_id,pro_precio_compra_neto,pro_precio_compra_bruto,pro_precio_venta,pro_margen_actual,pro_oferta,pro_fecha_inicio_oferta,pro_fecha_termino_oferta,pro_precio_oferta,pro_stock_minimo,pro_stock_critico,pro_entradas_bodega,pro_salidas_bodega,pro_mermas_bodega,pro_ajustes_bodega,pro_entradas_sv,pro_salidas_sv,pro_mermas_sv,pro_ajustes_sv,pro_activo,rec_numero,pro_unidad,pro_capacidad,pro_consumo_bodega,pro_consumo_sv,pro_estado,pro_funcion_plu,pro_flejes,pro_iva,pro_plu_asociado,pro_envase,pro_duracion,pro_numero_etiqueta) VALUES (780721747,@@@00024393@@@,@@@0@@@,@@@CALCETIN KIKKO AZUL LINEAS 0-6 MESES@@@,@@@CALCETIN KIKKO A@@@,@@@1 @@@,@@@6 @@@,@@@1@@@,@@@24 @@@,@@@207@@@,@@@2507@@@,@@@0@@@,@@@560@@@,@@@1@@@,@@@-99.82@@@,@@@@@@,@@@2006.09.07@@@,@@@2006.09.07@@@,@@@0@@@,@@@2@@@,@@@1@@@,@@@0@@@,@@@0@@@,@@@0@@@,@@@0@@@,@@@0@@@,@@@0@@@,@@@0@@@,@@@0@@@,@@@1@@@,@@@0@@@,0,1,0,0,2,0,1,1,0,@@@NO@@@,0,0)','',2,'2013-09-05'),(60580,'DELETE FROM mae_impuestos_productos WHERE pro_codigo_plu=@@@780721747@@@','',2,'2013-09-05'),(60581,'UPDATE mae_productos SET pro_margen_actual=-99.82,pro_precio_venta=1 WHERE pro_codigo_plu=780721747','',2,'2013-09-05'),(60582,'UPDATE mae_productos SET pro_margen_actual=-99.82,pro_precio_venta=1 WHERE pro_codigo_plu=780721745','',2,'2013-09-05'),(60583,'UPDATE mae_productos SET pro_margen_actual=-99.82,pro_precio_venta=1 WHERE pro_codigo_plu=780721746','',2,'2013-09-05'),(60584,'UPDATE mae_productos SET pro_margen_actual=-99.91,pro_precio_venta=1 WHERE pro_codigo_plu=780721744','',2,'2013-09-05'),(60585,'UPDATE mae_productos SET pro_margen_actual=0,pro_precio_venta=720 WHERE pro_codigo_plu=762252','',2,'2013-09-05'),(60586,'INSERT INTO mae_productos (pro_codigo_plu,pro_codigo_barra,pro_tipo,pro_nombre_producto,pro_nombre_corto,med_id,emb_id,pro_unidades_embalaje,dep_id,lin_id,mar_id,pro_precio_compra_neto,pro_precio_compra_bruto,pro_precio_venta,pro_margen_actual,pro_oferta,pro_fecha_inicio_oferta,pro_fecha_termino_oferta,pro_precio_oferta,pro_stock_minimo,pro_stock_critico,pro_entradas_bodega,pro_salidas_bodega,pro_mermas_bodega,pro_ajustes_bodega,pro_entradas_sv,pro_salidas_sv,pro_mermas_sv,pro_ajustes_sv,pro_activo,rec_numero,pro_unidad,pro_capacidad,pro_consumo_bodega,pro_consumo_sv,pro_estado,pro_funcion_plu,pro_flejes,pro_iva,pro_plu_asociado,pro_envase,pro_duracion,pro_numero_etiqueta) VALUES (200222,@@@200222@@@,@@@0@@@,@@@CALCETIN KIKKO GRIS LINEAS 0-6 MESES@@@,@@@CALCETIN KIKKO G@@@,@@@1 @@@,@@@6 @@@,@@@1@@@,@@@24 @@@,@@@207@@@,@@@2507@@@,@@@0@@@,@@@570@@@,@@@1@@@,@@@-99.82@@@,@@@@@@,@@@2006.09.07@@@,@@@2006.09.07@@@,@@@0@@@,@@@2@@@,@@@1@@@,@@@0@@@,@@@0@@@,@@@0@@@,@@@0@@@,@@@0@@@,@@@0@@@,@@@0@@@,@@@0@@@,@@@1@@@,@@@0@@@,0,1,0,0,2,0,1,1,0,@@@NO@@@,0,0)','',2,'2013-09-05'),(60587,'DELETE FROM mae_impuestos_productos WHERE pro_codigo_plu=@@@200222@@@','',2,'2013-09-05'),(60588,'UPDATE mae_productos SET pro_precio_fiscal=pro_precio_venta WHERE pro_codigo_plu=762252','',2,'2013-09-05'),(60589,'UPDATE mae_productos SET pro_margen_actual=-99.82,pro_precio_venta=1 WHERE pro_codigo_plu=200222','',2,'2013-09-05'),(60590,'UPDATE mae_productos SET pro_margen_actual=35.65,pro_precio_venta=3390 WHERE pro_codigo_plu=780721731','',2,'2013-09-05'),(60591,'UPDATE mae_productos SET pro_precio_fiscal=pro_precio_venta WHERE pro_codigo_plu=780721731','',2,'2013-09-05'),(60592,'INSERT INTO mae_productos (pro_codigo_plu,pro_codigo_barra,pro_tipo,pro_nombre_producto,pro_nombre_corto,med_id,emb_id,pro_unidades_embalaje,dep_id,lin_id,mar_id,pro_precio_compra_neto,pro_precio_compra_bruto,pro_precio_venta,pro_margen_actual,pro_oferta,pro_fecha_inicio_oferta,pro_fecha_termino_oferta,pro_precio_oferta,pro_stock_minimo,pro_stock_critico,pro_entradas_bodega,pro_salidas_bodega,pro_mermas_bodega,pro_ajustes_bodega,pro_entradas_sv,pro_salidas_sv,pro_mermas_sv,pro_ajustes_sv,pro_activo,rec_numero,pro_unidad,pro_capacidad,pro_consumo_bodega,pro_consumo_sv,pro_estado,pro_funcion_plu,pro_flejes,pro_iva,pro_plu_asociado,pro_envase,pro_duracion,pro_numero_etiqueta) VALUES (200372,@@@200372@@@,@@@0@@@,@@@ CALCETIN KIKKO BLANCO 2037   0-6MESES@@@,@@@CALCETIN KIKKO 2@@@,@@@1 @@@,@@@6 @@@,@@@1@@@,@@@24 @@@,@@@207@@@,@@@2507@@@,@@@0@@@,@@@695@@@,@@@1@@@,@@@-99.86@@@,@@@@@@,@@@2006.09.07@@@,@@@2006.09.07@@@,@@@0@@@,@@@2@@@,@@@1@@@,@@@0@@@,@@@0@@@,@@@0@@@,@@@0@@@,@@@0@@@,@@@0@@@,@@@0@@@,@@@0@@@,@@@1@@@,@@@0@@@,0,1,0,0,2,0,1,1,0,@@@NO@@@,0,0)','',2,'2013-09-05'),(60593,'DELETE FROM mae_impuestos_productos WHERE pro_codigo_plu=@@@200372@@@','',2,'2013-09-05'),(60594,'INSERT INTO gne_vale_ferreteria (vfe_id,vfe_fecha,vfe_total,vfe_estado,vfe_entregado,usu_nusuario) VALUES (9960,@@@2013.09.05@@@,1570,1,0,@@@s_diaz@@@)','',2,'2013-09-05'),(60595,'INSERT INTO gne_vale_ferreteria_mov (vfe_id,pro_codigo_plu,vfm_cantidad,vfm_unitario,vfm_total,vfm_entregado) VALUES (9960,1544,4,30,120,@@@NO@@@)','',2,'2013-09-05'),(60596,'INSERT INTO gne_vale_ferreteria_mov (vfe_id,pro_codigo_plu,vfm_cantidad,vfm_unitario,vfm_total,vfm_entregado) VALUES (9960,101677,2,530,1060,@@@NO@@@)','',2,'2013-09-05'),(60597,'INSERT INTO gne_vale_ferreteria_mov (vfe_id,pro_codigo_plu,vfm_cantidad,vfm_unitario,vfm_total,vfm_entregado) VALUES (9960,1535,1,390,390,@@@NO@@@)','',2,'2013-09-05'),(60598,'INSERT INTO mae_productos (pro_codigo_plu,pro_codigo_barra,pro_tipo,pro_nombre_producto,pro_nombre_corto,med_id,emb_id,pro_unidades_embalaje,dep_id,lin_id,mar_id,pro_precio_compra_neto,pro_precio_compra_bruto,pro_precio_venta,pro_margen_actual,pro_oferta,pro_fecha_inicio_oferta,pro_fecha_termino_oferta,pro_precio_oferta,pro_stock_minimo,pro_stock_critico,pro_entradas_bodega,pro_salidas_bodega,pro_mermas_bodega,pro_ajustes_bodega,pro_entradas_sv,pro_salidas_sv,pro_mermas_sv,pro_ajustes_sv,pro_activo,rec_numero,pro_unidad,pro_capacidad,pro_consumo_bodega,pro_consumo_sv,pro_estado,pro_funcion_plu,pro_flejes,pro_iva,pro_plu_asociado,pro_envase,pro_duracion,pro_numero_etiqueta) VALUES (780721748,@@@00082711@@@,@@@0@@@,@@@CALCETIN KIKKO ROSADO 82710 0-6 MESES@@@,@@@CALCETIN KIKKO R@@@,@@@1 @@@,@@@6 @@@,@@@1@@@,@@@24 @@@,@@@207@@@,@@@2507@@@,@@@0@@@,@@@740@@@,@@@1@@@,@@@-99.86@@@,@@@@@@,@@@2006.09.07@@@,@@@2006.09.07@@@,@@@0@@@,@@@2@@@,@@@1@@@,@@@0@@@,@@@0@@@,@@@0@@@,@@@0@@@,@@@0@@@,@@@0@@@,@@@0@@@,@@@0@@@,@@@1@@@,@@@0@@@,0,1,0,0,2,0,1,1,0,@@@NO@@@,0,0)','',2,'2013-09-05'),(60599,'DELETE FROM mae_impuestos_productos WHERE pro_codigo_plu=@@@780721748@@@','',2,'2013-09-05'),(60600,'INSERT INTO gne_vale_ferreteria (vfe_id,vfe_fecha,vfe_total,vfe_estado,vfe_entregado,usu_nusuario) VALUES (9961,@@@2013.09.05@@@,1970,1,0,@@@s_diaz@@@)','',2,'2013-09-05'),(60601,'INSERT INTO gne_vale_ferreteria_mov (vfe_id,pro_codigo_plu,vfm_cantidad,vfm_unitario,vfm_total,vfm_entregado) VALUES (9961,15949,3,480,1440,@@@NO@@@)','',2,'2013-09-05'),(60602,'INSERT INTO gne_vale_ferreteria_mov (vfe_id,pro_codigo_plu,vfm_cantidad,vfm_unitario,vfm_total,vfm_entregado) VALUES (9961,101677,1,530,530,@@@NO@@@)','',2,'2013-09-05'),(60603,'INSERT INTO mae_productos (pro_codigo_plu,pro_codigo_barra,pro_tipo,pro_nombre_producto,pro_nombre_corto,med_id,emb_id,pro_unidades_embalaje,dep_id,lin_id,mar_id,pro_precio_compra_neto,pro_precio_compra_bruto,pro_precio_venta,pro_margen_actual,pro_oferta,pro_fecha_inicio_oferta,pro_fecha_termino_oferta,pro_precio_oferta,pro_stock_minimo,pro_stock_critico,pro_entradas_bodega,pro_salidas_bodega,pro_mermas_bodega,pro_ajustes_bodega,pro_entradas_sv,pro_salidas_sv,pro_mermas_sv,pro_ajustes_sv,pro_activo,rec_numero,pro_unidad,pro_capacidad,pro_consumo_bodega,pro_consumo_sv,pro_estado,pro_funcion_plu,pro_flejes,pro_iva,pro_plu_asociado,pro_envase,pro_duracion,pro_numero_etiqueta) VALUES (780721749,@@@00029039@@@,@@@0@@@,@@@CALCETIN KIKKO CORAZONES 0-6 MESES@@@,@@@CALCETIN KIKKO C@@@,@@@1 @@@,@@@6 @@@,@@@1@@@,@@@24 @@@,@@@207@@@,@@@2507@@@,@@@0@@@,@@@550@@@,@@@1@@@,@@@-99.82@@@,@@@@@@,@@@2006.09.07@@@,@@@2006.09.07@@@,@@@0@@@,@@@2@@@,@@@1@@@,@@@0@@@,@@@0@@@,@@@0@@@,@@@0@@@,@@@0@@@,@@@0@@@,@@@0@@@,@@@0@@@,@@@1@@@,@@@0@@@,0,1,0,0,2,0,1,1,0,@@@NO@@@,0,0)','',2,'2013-09-05'),(60604,'DELETE FROM mae_impuestos_productos WHERE pro_codigo_plu=@@@780721749@@@','',2,'2013-09-05'),(60605,'INSERT INTO gne_vale_ferreteria (vfe_id,vfe_fecha,vfe_total,vfe_estado,vfe_entregado,usu_nusuario) VALUES (9962,@@@2013.09.05@@@,2400,1,0,@@@s_diaz@@@)','',2,'2013-09-05'),(60606,'INSERT INTO gne_vale_ferreteria_mov (vfe_id,pro_codigo_plu,vfm_cantidad,vfm_unitario,vfm_total,vfm_entregado) VALUES (9962,764329,10,120,1200,@@@NO@@@)','',2,'2013-09-05'),(60607,'INSERT INTO gne_vale_ferreteria_mov (vfe_id,pro_codigo_plu,vfm_cantidad,vfm_unitario,vfm_total,vfm_entregado) VALUES (9962,764158,5,120,600,@@@NO@@@)','',2,'2013-09-05'),(60608,'INSERT INTO gne_vale_ferreteria_mov (vfe_id,pro_codigo_plu,vfm_cantidad,vfm_unitario,vfm_total,vfm_entregado) VALUES (9962,78017005,5,120,600,@@@NO@@@)','',2,'2013-09-05'),(60609,'INSERT INTO mae_productos (pro_codigo_plu,pro_codigo_barra,pro_tipo,pro_nombre_producto,pro_nombre_corto,med_id,emb_id,pro_unidades_embalaje,dep_id,lin_id,mar_id,pro_precio_compra_neto,pro_precio_compra_bruto,pro_precio_venta,pro_margen_actual,pro_oferta,pro_fecha_inicio_oferta,pro_fecha_termino_oferta,pro_precio_oferta,pro_stock_minimo,pro_stock_critico,pro_entradas_bodega,pro_salidas_bodega,pro_mermas_bodega,pro_ajustes_bodega,pro_entradas_sv,pro_salidas_sv,pro_mermas_sv,pro_ajustes_sv,pro_activo,rec_numero,pro_unidad,pro_capacidad,pro_consumo_bodega,pro_consumo_sv,pro_estado,pro_funcion_plu,pro_flejes,pro_iva,pro_plu_asociado,pro_envase,pro_duracion,pro_numero_etiqueta) VALUES (3093,@@@003093@@@,@@@0@@@,@@@BABERO ALGODON BABY BID@@@,@@@BABERO ALGODON B@@@,@@@1 @@@,@@@4 @@@,@@@1@@@,@@@24 @@@,@@@207@@@,@@@2507@@@,@@@0@@@,@@@680@@@,@@@1@@@,@@@-99.85@@@,@@@@@@,@@@2006.09.07@@@,@@@2006.09.07@@@,@@@0@@@,@@@8@@@,@@@2@@@,@@@0@@@,@@@0@@@,@@@0@@@,@@@0@@@,@@@0@@@,@@@0@@@,@@@0@@@,@@@0@@@,@@@1@@@,@@@0@@@,0,1,0,0,2,0,1,1,0,@@@NO@@@,0,0)','',2,'2013-09-05'),(60610,'DELETE FROM mae_impuestos_productos WHERE pro_codigo_plu=@@@3093@@@','',2,'2013-09-05'),(60611,'INSERT INTO mae_productos (pro_codigo_plu,pro_codigo_barra,pro_tipo,pro_nombre_producto,pro_nombre_corto,med_id,emb_id,pro_unidades_embalaje,dep_id,lin_id,mar_id,pro_precio_compra_neto,pro_precio_compra_bruto,pro_precio_venta,pro_margen_actual,pro_oferta,pro_fecha_inicio_oferta,pro_fecha_termino_oferta,pro_precio_oferta,pro_stock_minimo,pro_stock_critico,pro_entradas_bodega,pro_salidas_bodega,pro_mermas_bodega,pro_ajustes_bodega,pro_entradas_sv,pro_salidas_sv,pro_mermas_sv,pro_ajustes_sv,pro_activo,rec_numero,pro_unidad,pro_capacidad,pro_consumo_bodega,pro_consumo_sv,pro_estado,pro_funcion_plu,pro_flejes,pro_iva,pro_plu_asociado,pro_envase,pro_duracion,pro_numero_etiqueta) VALUES (3092,@@@003092@@@,@@@0@@@,@@@BABERO PLASTICO CON VELCRO  BABY BID@@@,@@@BABERO PLASTICO @@@,@@@1 @@@,@@@6 @@@,@@@1@@@,@@@24 @@@,@@@207@@@,@@@2507@@@,@@@0@@@,@@@990@@@,@@@1@@@,@@@-99.9@@@,@@@@@@,@@@2006.09.07@@@,@@@2006.09.07@@@,@@@0@@@,@@@8@@@,@@@2@@@,@@@0@@@,@@@0@@@,@@@0@@@,@@@0@@@,@@@0@@@,@@@0@@@,@@@0@@@,@@@0@@@,@@@1@@@,@@@0@@@,0,1,0,0,2,0,1,1,0,@@@NO@@@,0,0)','',2,'2013-09-05'),(60612,'DELETE FROM mae_impuestos_productos WHERE pro_codigo_plu=@@@3092@@@','',2,'2013-09-05'),(60613,'INSERT INTO mae_productos (pro_codigo_plu,pro_codigo_barra,pro_tipo,pro_nombre_producto,pro_nombre_corto,med_id,emb_id,pro_unidades_embalaje,dep_id,lin_id,mar_id,pro_precio_compra_neto,pro_precio_compra_bruto,pro_precio_venta,pro_margen_actual,pro_oferta,pro_fecha_inicio_oferta,pro_fecha_termino_oferta,pro_precio_oferta,pro_stock_minimo,pro_stock_critico,pro_entradas_bodega,pro_salidas_bodega,pro_mermas_bodega,pro_ajustes_bodega,pro_entradas_sv,pro_salidas_sv,pro_mermas_sv,pro_ajustes_sv,pro_activo,rec_numero,pro_unidad,pro_capacidad,pro_consumo_bodega,pro_consumo_sv,pro_estado,pro_funcion_plu,pro_flejes,pro_iva,pro_plu_asociado,pro_envase,pro_duracion,pro_numero_etiqueta) VALUES (780721750,@@@00082438@@@,@@@0@@@,@@@CALCETIN KIKKO ROSADO FLORES 0-6 MESES@@@,@@@CALCETIN KIKKO R@@@,@@@1 @@@,@@@6 @@@,@@@1@@@,@@@24 @@@,@@@207@@@,@@@2507@@@,@@@0@@@,@@@550@@@,@@@1@@@,@@@-99.82@@@,@@@@@@,@@@2006.09.07@@@,@@@2006.09.07@@@,@@@0@@@,@@@2@@@,@@@1@@@,@@@0@@@,@@@0@@@,@@@0@@@,@@@0@@@,@@@0@@@,@@@0@@@,@@@0@@@,@@@0@@@,@@@1@@@,@@@0@@@,0,1,0,0,2,0,1,1,0,@@@NO@@@,0,0)','',2,'2013-09-05'),(60614,'DELETE FROM mae_impuestos_productos WHERE pro_codigo_plu=@@@780721750@@@','',2,'2013-09-05'),(60615,'UPDATE mae_productos SET pro_margen_actual=-99.86,pro_precio_venta=1 WHERE pro_codigo_plu=200372','',2,'2013-09-05'),(60616,'UPDATE mae_productos SET pro_margen_actual=-99.85,pro_precio_venta=1 WHERE pro_codigo_plu=3093','',2,'2013-09-05'),(60617,'UPDATE mae_productos SET pro_margen_actual=-99.9,pro_precio_venta=1 WHERE pro_codigo_plu=3092','',2,'2013-09-05'),(60618,'UPDATE mae_productos SET pro_margen_actual=-99.82,pro_precio_venta=1 WHERE pro_codigo_plu=780721749','',2,'2013-09-05'),(60619,'UPDATE mae_productos SET pro_margen_actual=-99.86,pro_precio_venta=1 WHERE pro_codigo_plu=780721748','',2,'2013-09-05'),(60620,'UPDATE mae_productos SET pro_margen_actual=-99.82,pro_precio_venta=1 WHERE pro_codigo_plu=780721750','',2,'2013-09-05'),(60621,'UPDATE mae_productos SET pro_margen_actual=-16.95,pro_precio_venta=490 WHERE pro_codigo_plu=593','',2,'2013-09-05'),(60622,'UPDATE mae_productos SET pro_margen_actual=73.19,pro_precio_venta=2390 WHERE pro_codigo_plu=562','',2,'2013-09-05'),(60623,'UPDATE mae_productos SET pro_margen_actual=0,pro_precio_venta=1690 WHERE pro_codigo_plu=578','',2,'2013-09-05'),(60624,'UPDATE mae_productos SET pro_margen_actual=77.68,pro_precio_venta=1990 WHERE pro_codigo_plu=560','',2,'2013-09-05'),(60625,'INSERT INTO mae_productos (pro_codigo_plu,pro_codigo_barra,pro_tipo,pro_nombre_producto,pro_nombre_corto,med_id,emb_id,pro_unidades_embalaje,dep_id,lin_id,mar_id,pro_precio_compra_neto,pro_precio_compra_bruto,pro_precio_venta,pro_margen_actual,pro_oferta,pro_fecha_inicio_oferta,pro_fecha_termino_oferta,pro_precio_oferta,pro_stock_minimo,pro_stock_critico,pro_entradas_bodega,pro_salidas_bodega,pro_mermas_bodega,pro_ajustes_bodega,pro_entradas_sv,pro_salidas_sv,pro_mermas_sv,pro_ajustes_sv,pro_activo,rec_numero,pro_unidad,pro_capacidad,pro_consumo_bodega,pro_consumo_sv,pro_estado,pro_funcion_plu,pro_flejes,pro_iva,pro_plu_asociado,pro_envase,pro_duracion,pro_numero_etiqueta) VALUES (780721751,@@@6920180310048@@@,@@@0@@@,@@@ALGODON PERSONAL MOTAS COLOR@@@,@@@ALGODON PERSONAL@@@,@@@1 @@@,@@@6 @@@,@@@1@@@,@@@24 @@@,@@@207@@@,@@@2507@@@,@@@0@@@,@@@490@@@,@@@1@@@,@@@-99.8@@@,@@@@@@,@@@2006.09.07@@@,@@@2006.09.07@@@,@@@0@@@,@@@6@@@,@@@1@@@,@@@0@@@,@@@0@@@,@@@0@@@,@@@0@@@,@@@0@@@,@@@0@@@,@@@0@@@,@@@0@@@,@@@1@@@,@@@0@@@,0,1,0,0,2,0,1,1,0,@@@NO@@@,0,0)','',2,'2013-09-05'),(60626,'DELETE FROM mae_impuestos_productos WHERE pro_codigo_plu=@@@780721751@@@','',2,'2013-09-05'),(60627,'UPDATE mae_productos SET pro_precio_fiscal=pro_precio_venta WHERE pro_codigo_plu=593','',2,'2013-09-05'),(60628,'UPDATE mae_productos SET pro_precio_fiscal=pro_precio_venta WHERE pro_codigo_plu=562','',2,'2013-09-05'),(60629,'UPDATE mae_productos SET pro_precio_fiscal=pro_precio_venta WHERE pro_codigo_plu=578','',2,'2013-09-05'),(60630,'INSERT INTO mae_productos (pro_codigo_plu,pro_codigo_barra,pro_tipo,pro_nombre_producto,pro_nombre_corto,med_id,emb_id,pro_unidades_embalaje,dep_id,lin_id,mar_id,pro_precio_compra_neto,pro_precio_compra_bruto,pro_precio_venta,pro_margen_actual,pro_oferta,pro_fecha_inicio_oferta,pro_fecha_termino_oferta,pro_precio_oferta,pro_stock_minimo,pro_stock_critico,pro_entradas_bodega,pro_salidas_bodega,pro_mermas_bodega,pro_ajustes_bodega,pro_entradas_sv,pro_salidas_sv,pro_mermas_sv,pro_ajustes_sv,pro_activo,rec_numero,pro_unidad,pro_capacidad,pro_consumo_bodega,pro_consumo_sv,pro_estado,pro_funcion_plu,pro_flejes,pro_iva,pro_plu_asociado,pro_envase,pro_duracion,pro_numero_etiqueta) VALUES (780721752,@@@6920180310314@@@,@@@0@@@,@@@ALGODON COLOR  T-DAYS CORAZON@@@,@@@ALGODON COLOR  T@@@,@@@1 @@@,@@@6 @@@,@@@1@@@,@@@24 @@@,@@@207@@@,@@@2507@@@,@@@0@@@,@@@670@@@,@@@1@@@,@@@-99.85@@@,@@@@@@,@@@2006.09.07@@@,@@@2006.09.07@@@,@@@0@@@,@@@4@@@,@@@1@@@,@@@0@@@,@@@0@@@,@@@0@@@,@@@0@@@,@@@0@@@,@@@0@@@,@@@0@@@,@@@0@@@,@@@1@@@,@@@0@@@,0,1,0,0,2,0,1,1,0,@@@NO@@@,0,0)','',2,'2013-09-05'),(60631,'DELETE FROM mae_impuestos_productos WHERE pro_codigo_plu=@@@780721752@@@','',2,'2013-09-05'),(60632,'UPDATE mae_productos SET pro_margen_actual=64.18,pro_precio_venta=1100 WHERE pro_codigo_plu=780721752','',2,'2013-09-05'),(60633,'UPDATE mae_productos SET pro_margen_actual=61.22,pro_precio_venta=790 WHERE pro_codigo_plu=780721751','',2,'2013-09-05'),(60634,'UPDATE mae_productos SET pro_margen_actual=36.69,pro_precio_venta=220 WHERE pro_codigo_plu=1453','',2,'2013-09-05'),(60635,'UPDATE mae_productos SET pro_margen_actual=45.7,pro_precio_venta=220 WHERE pro_codigo_plu=16919','',2,'2013-09-05'),(60636,'UPDATE mae_productos SET pro_margen_actual=36.69,pro_precio_venta=220 WHERE pro_codigo_plu=16923','',2,'2013-09-05'),(60637,'UPDATE mae_productos SET pro_precio_fiscal=pro_precio_venta WHERE pro_codigo_plu=780721751','',2,'2013-09-05'),(60638,'UPDATE mae_productos SET pro_precio_fiscal=pro_precio_venta WHERE pro_codigo_plu=780721752','',2,'2013-09-05'),(60639,'UPDATE mae_productos SET pro_precio_fiscal=pro_precio_venta WHERE pro_codigo_plu=16919','',2,'2013-09-05'),(60640,'UPDATE mae_productos SET pro_precio_fiscal=pro_precio_venta WHERE pro_codigo_plu=16923','',2,'2013-09-05'),(60641,'UPDATE mae_productos SET pro_codigo_barra=@@@7805286110602@@@,pro_tipo=@@@0@@@,pro_nombre_producto=@@@ALCOHOL DESNATURALIZADO  DIDIER  60 ML.@@@,pro_nombre_corto=@@@ALCOHOL DESNATUR@@@,med_id=@@@7@@@,emb_id=@@@5@@@,pro_unidades_embalaje=@@@1@@@,dep_id=@@@21 @@@,lin_id=@@@128@@@,mar_id=@@@2507@@@,pro_precio_compra_neto=@@@0@@@,pro_precio_compra_bruto=@@@145@@@,pro_precio_venta=@@@1@@@,pro_margen_actual=@@@-99.31@@@,pro_oferta=@@@NO@@@,pro_fecha_inicio_oferta=@@@2006.09.07@@@,pro_fecha_termino_oferta=@@@2006.09.07@@@,pro_precio_oferta=@@@0@@@,pro_stock_minimo=@@@12@@@,pro_stock_critico=@@@6@@@,pro_activo=@@@1@@@,pro_unidad=@@@0@@@,pro_precio_compra_bruto=145,pro_margen_actual=-99.31,pro_capacidad=0.06,pro_funcion_plu=0,pro_flejes=1,pro_iva=1,pro_plu_asociado=0,pro_envase=@@@NO@@@,pro_duracion=0,pro_numero_etiqueta=0 WHERE pro_codigo_plu=@@@101459@@@','',2,'2013-09-05'),(60642,'UPDATE mae_productos SET pro_estado=1 WHERE pro_codigo_plu=101459','',2,'2013-09-05'),(60643,'DELETE FROM mae_impuestos_productos WHERE pro_codigo_plu=@@@101459@@@','',2,'2013-09-05'),(60644,'INSERT INTO mae_productos (pro_codigo_plu,pro_codigo_barra,pro_tipo,pro_nombre_producto,pro_nombre_corto,med_id,emb_id,pro_unidades_embalaje,dep_id,lin_id,mar_id,pro_precio_compra_neto,pro_precio_compra_bruto,pro_precio_venta,pro_margen_actual,pro_oferta,pro_fecha_inicio_oferta,pro_fecha_termino_oferta,pro_precio_oferta,pro_stock_minimo,pro_stock_critico,pro_entradas_bodega,pro_salidas_bodega,pro_mermas_bodega,pro_ajustes_bodega,pro_entradas_sv,pro_salidas_sv,pro_mermas_sv,pro_ajustes_sv,pro_activo,rec_numero,pro_unidad,pro_capacidad,pro_consumo_bodega,pro_consumo_sv,pro_estado,pro_funcion_plu,pro_flejes,pro_iva,pro_plu_asociado,pro_envase,pro_duracion,pro_numero_etiqueta) VALUES (780721753,@@@7804614181369@@@,@@@0@@@,@@@ESTUCHE LE JOLIE COLINIA + DESODORANTE CIEL@@@,@@@ESTUCHE LE JOLIE@@@,@@@7 @@@,@@@6 @@@,@@@1@@@,@@@21 @@@,@@@116@@@,@@@2691@@@,@@@0@@@,@@@2740@@@,@@@1@@@,@@@-99.96@@@,@@@@@@,@@@2006.09.07@@@,@@@2006.09.07@@@,@@@0@@@,@@@1@@@,@@@1@@@,@@@0@@@,@@@0@@@,@@@0@@@,@@@0@@@,@@@0@@@,@@@0@@@,@@@0@@@,@@@0@@@,@@@1@@@,@@@0@@@,0,100,0,0,2,0,1,1,0,@@@NO@@@,0,0)','',2,'2013-09-05'),(60645,'DELETE FROM mae_impuestos_productos WHERE pro_codigo_plu=@@@780721753@@@','',2,'2013-09-05'),(60646,'INSERT INTO mae_productos (pro_codigo_plu,pro_codigo_barra,pro_tipo,pro_nombre_producto,pro_nombre_corto,med_id,emb_id,pro_unidades_embalaje,dep_id,lin_id,mar_id,pro_precio_compra_neto,pro_precio_compra_bruto,pro_precio_venta,pro_margen_actual,pro_oferta,pro_fecha_inicio_oferta,pro_fecha_termino_oferta,pro_precio_oferta,pro_stock_minimo,pro_stock_critico,pro_entradas_bodega,pro_salidas_bodega,pro_mermas_bodega,pro_ajustes_bodega,pro_entradas_sv,pro_salidas_sv,pro_mermas_sv,pro_ajustes_sv,pro_activo,rec_numero,pro_unidad,pro_capacidad,pro_consumo_bodega,pro_consumo_sv,pro_estado,pro_funcion_plu,pro_flejes,pro_iva,pro_plu_asociado,pro_envase,pro_duracion,pro_numero_etiqueta) VALUES (780721754,@@@7804614181376@@@,@@@0@@@,@@@ESTUCHE LE JOLIE SEXY PINK COLONIA + DEO@@@,@@@ESTUCHE LE JOLIE@@@,@@@1 @@@,@@@6 @@@,@@@1@@@,@@@21 @@@,@@@116@@@,@@@2691@@@,@@@0@@@,@@@2740@@@,@@@1@@@,@@@-99.96@@@,@@@@@@,@@@2006.09.07@@@,@@@2006.09.07@@@,@@@0@@@,@@@1@@@,@@@1@@@,@@@0@@@,@@@0@@@,@@@0@@@,@@@0@@@,@@@0@@@,@@@0@@@,@@@0@@@,@@@0@@@,@@@1@@@,@@@0@@@,0,1,0,0,2,0,1,1,0,@@@NO@@@,0,0)','',2,'2013-09-05'),(60647,'DELETE FROM mae_impuestos_productos WHERE pro_codigo_plu=@@@780721754@@@','',2,'2013-09-05'),(60648,'INSERT INTO mae_productos (pro_codigo_plu,pro_codigo_barra,pro_tipo,pro_nombre_producto,pro_nombre_corto,med_id,emb_id,pro_unidades_embalaje,dep_id,lin_id,mar_id,pro_precio_compra_neto,pro_precio_compra_bruto,pro_precio_venta,pro_margen_actual,pro_oferta,pro_fecha_inicio_oferta,pro_fecha_termino_oferta,pro_precio_oferta,pro_stock_minimo,pro_stock_critico,pro_entradas_bodega,pro_salidas_bodega,pro_mermas_bodega,pro_ajustes_bodega,pro_entradas_sv,pro_salidas_sv,pro_mermas_sv,pro_ajustes_sv,pro_activo,rec_numero,pro_unidad,pro_capacidad,pro_consumo_bodega,pro_consumo_sv,pro_estado,pro_funcion_plu,pro_flejes,pro_iva,pro_plu_asociado,pro_envase,pro_duracion,pro_numero_etiqueta) VALUES (780721755,@@@7804614181338@@@,@@@0@@@,@@@ESTUCHE LE JOLIE GLAMOUR COLONIA+ DEO 100ML@@@,@@@ESTUCHE LE JOLIE@@@,@@@7 @@@,@@@6 @@@,@@@1@@@,@@@21 @@@,@@@116@@@,@@@2691@@@,@@@0@@@,@@@2740@@@,@@@1@@@,@@@-99.96@@@,@@@@@@,@@@2006.09.07@@@,@@@2006.09.07@@@,@@@0@@@,@@@1@@@,@@@1@@@,@@@0@@@,@@@0@@@,@@@0@@@,@@@0@@@,@@@0@@@,@@@0@@@,@@@0@@@,@@@0@@@,@@@1@@@,@@@0@@@,0,100,0,0,2,0,1,1,0,@@@NO@@@,0,0)','',2,'2013-09-05'),(60649,'DELETE FROM mae_impuestos_productos WHERE pro_codigo_plu=@@@780721755@@@','',2,'2013-09-05'),(60650,'INSERT INTO mae_productos (pro_codigo_plu,pro_codigo_barra,pro_tipo,pro_nombre_producto,pro_nombre_corto,med_id,emb_id,pro_unidades_embalaje,dep_id,lin_id,mar_id,pro_precio_compra_neto,pro_precio_compra_bruto,pro_precio_venta,pro_margen_actual,pro_oferta,pro_fecha_inicio_oferta,pro_fecha_termino_oferta,pro_precio_oferta,pro_stock_minimo,pro_stock_critico,pro_entradas_bodega,pro_salidas_bodega,pro_mermas_bodega,pro_ajustes_bodega,pro_entradas_sv,pro_salidas_sv,pro_mermas_sv,pro_ajustes_sv,pro_activo,rec_numero,pro_unidad,pro_capacidad,pro_consumo_bodega,pro_consumo_sv,pro_estado,pro_funcion_plu,pro_flejes,pro_iva,pro_plu_asociado,pro_envase,pro_duracion,pro_numero_etiqueta) VALUES (780721756,@@@7804614181352@@@,@@@0@@@,@@@ESTUCHE LE JOLIE FLEUR COLONIA + DEO 100ML@@@,@@@ESTUCHE LE JOLIE@@@,@@@7 @@@,@@@6 @@@,@@@1@@@,@@@21 @@@,@@@116@@@,@@@2691@@@,@@@0@@@,@@@2740@@@,@@@1@@@,@@@-99.96@@@,@@@@@@,@@@2006.09.07@@@,@@@2006.09.07@@@,@@@0@@@,@@@1@@@,@@@1@@@,@@@0@@@,@@@0@@@,@@@0@@@,@@@0@@@,@@@0@@@,@@@0@@@,@@@0@@@,@@@0@@@,@@@1@@@,@@@0@@@,0,100,0,0,2,0,1,1,0,@@@NO@@@,0,0)','',2,'2013-09-05'),(60651,'DELETE FROM mae_impuestos_productos WHERE pro_codigo_plu=@@@780721756@@@','',2,'2013-09-05'),(60652,'INSERT INTO mae_productos (pro_codigo_plu,pro_codigo_barra,pro_tipo,pro_nombre_producto,pro_nombre_corto,med_id,emb_id,pro_unidades_embalaje,dep_id,lin_id,mar_id,pro_precio_compra_neto,pro_precio_compra_bruto,pro_precio_venta,pro_margen_actual,pro_oferta,pro_fecha_inicio_oferta,pro_fecha_termino_oferta,pro_precio_oferta,pro_stock_minimo,pro_stock_critico,pro_entradas_bodega,pro_salidas_bodega,pro_mermas_bodega,pro_ajustes_bodega,pro_entradas_sv,pro_salidas_sv,pro_mermas_sv,pro_ajustes_sv,pro_activo,rec_numero,pro_unidad,pro_capacidad,pro_consumo_bodega,pro_consumo_sv,pro_estado,pro_funcion_plu,pro_flejes,pro_iva,pro_plu_asociado,pro_envase,pro_duracion,pro_numero_etiqueta) VALUES (780721757,@@@7804614181345@@@,@@@0@@@,@@@ESTUCHE LE JOLIE PASSION COLINIA+ DEO  100 ML@@@,@@@ESTUCHE LE JOLIE@@@,@@@7 @@@,@@@6 @@@,@@@1@@@,@@@21 @@@,@@@116@@@,@@@2691@@@,@@@0@@@,@@@2740@@@,@@@1@@@,@@@-99.96@@@,@@@@@@,@@@2006.09.07@@@,@@@2006.09.07@@@,@@@0@@@,@@@1@@@,@@@1@@@,@@@0@@@,@@@0@@@,@@@0@@@,@@@0@@@,@@@0@@@,@@@0@@@,@@@0@@@,@@@0@@@,@@@1@@@,@@@0@@@,0,100,0,0,2,0,1,1,0,@@@NO@@@,0,0)','',2,'2013-09-05'),(60653,'DELETE FROM mae_impuestos_productos WHERE pro_codigo_plu=@@@780721757@@@','',2,'2013-09-05'),(60654,'INSERT INTO mae_productos (pro_codigo_plu,pro_codigo_barra,pro_tipo,pro_nombre_producto,pro_nombre_corto,med_id,emb_id,pro_unidades_embalaje,dep_id,lin_id,mar_id,pro_precio_compra_neto,pro_precio_compra_bruto,pro_precio_venta,pro_margen_actual,pro_oferta,pro_fecha_inicio_oferta,pro_fecha_termino_oferta,pro_precio_oferta,pro_stock_minimo,pro_stock_critico,pro_entradas_bodega,pro_salidas_bodega,pro_mermas_bodega,pro_ajustes_bodega,pro_entradas_sv,pro_salidas_sv,pro_mermas_sv,pro_ajustes_sv,pro_activo,rec_numero,pro_unidad,pro_capacidad,pro_consumo_bodega,pro_consumo_sv,pro_estado,pro_funcion_plu,pro_flejes,pro_iva,pro_plu_asociado,pro_envase,pro_duracion,pro_numero_etiqueta) VALUES (780721758,@@@7802036661117@@@,@@@0@@@,@@@COLONIA OPERA 55 ML@@@,@@@COLONIA OPERA 55@@@,@@@7 @@@,@@@6 @@@,@@@1@@@,@@@21 @@@,@@@116@@@,@@@2507@@@,@@@0@@@,@@@790@@@,@@@1@@@,@@@-99.87@@@,@@@@@@,@@@2006.09.07@@@,@@@2006.09.07@@@,@@@0@@@,@@@1@@@,@@@1@@@,@@@0@@@,@@@0@@@,@@@0@@@,@@@0@@@,@@@0@@@,@@@0@@@,@@@0@@@,@@@0@@@,@@@1@@@,@@@0@@@,0,55,0,0,2,0,1,1,0,@@@NO@@@,0,0)','',2,'2013-09-05'),(60655,'DELETE FROM mae_impuestos_productos WHERE pro_codigo_plu=@@@780721758@@@','',2,'2013-09-05'),(60656,'INSERT INTO mae_productos (pro_codigo_plu,pro_codigo_barra,pro_tipo,pro_nombre_producto,pro_nombre_corto,med_id,emb_id,pro_unidades_embalaje,dep_id,lin_id,mar_id,pro_precio_compra_neto,pro_precio_compra_bruto,pro_precio_venta,pro_margen_actual,pro_oferta,pro_fecha_inicio_oferta,pro_fecha_termino_oferta,pro_precio_oferta,pro_stock_minimo,pro_stock_critico,pro_entradas_bodega,pro_salidas_bodega,pro_mermas_bodega,pro_ajustes_bodega,pro_entradas_sv,pro_salidas_sv,pro_mermas_sv,pro_ajustes_sv,pro_activo,rec_numero,pro_unidad,pro_capacidad,pro_consumo_bodega,pro_consumo_sv,pro_estado,pro_funcion_plu,pro_flejes,pro_iva,pro_plu_asociado,pro_envase,pro_duracion,pro_numero_etiqueta) VALUES (780721759,@@@7806802589896@@@,@@@0@@@,@@@COLONIA BRAVISIMO 55ML@@@,@@@COLONIA BRAVISIM@@@,@@@7 @@@,@@@6 @@@,@@@1@@@,@@@21 @@@,@@@116@@@,@@@2507@@@,@@@0@@@,@@@790@@@,@@@1@@@,@@@-99.87@@@,@@@@@@,@@@2006.09.07@@@,@@@2006.09.07@@@,@@@0@@@,@@@1@@@,@@@1@@@,@@@0@@@,@@@0@@@,@@@0@@@,@@@0@@@,@@@0@@@,@@@0@@@,@@@0@@@,@@@0@@@,@@@1@@@,@@@0@@@,0,100,0,0,2,0,1,1,0,@@@NO@@@,0,0)','',2,'2013-09-05'),(60657,'DELETE FROM mae_impuestos_productos WHERE pro_codigo_plu=@@@780721759@@@','',2,'2013-09-05'),(60658,'INSERT INTO mae_productos (pro_codigo_plu,pro_codigo_barra,pro_tipo,pro_nombre_producto,pro_nombre_corto,med_id,emb_id,pro_unidades_embalaje,dep_id,lin_id,mar_id,pro_precio_compra_neto,pro_precio_compra_bruto,pro_precio_venta,pro_margen_actual,pro_oferta,pro_fecha_inicio_oferta,pro_fecha_termino_oferta,pro_precio_oferta,pro_stock_minimo,pro_stock_critico,pro_entradas_bodega,pro_salidas_bodega,pro_mermas_bodega,pro_ajustes_bodega,pro_entradas_sv,pro_salidas_sv,pro_mermas_sv,pro_ajustes_sv,pro_activo,rec_numero,pro_unidad,pro_capacidad,pro_consumo_bodega,pro_consumo_sv,pro_estado,pro_funcion_plu,pro_flejes,pro_iva,pro_plu_asociado,pro_envase,pro_duracion,pro_numero_etiqueta) VALUES (780721760,@@@7803564120220@@@,@@@0@@@,@@@COLONIA MUSK FEMME 55ML@@@,@@@COLONIA MUSK FEM@@@,@@@7 @@@,@@@6 @@@,@@@1@@@,@@@21 @@@,@@@116@@@,@@@2507@@@,@@@0@@@,@@@790@@@,@@@1@@@,@@@-99.87@@@,@@@@@@,@@@2006.09.07@@@,@@@2006.09.07@@@,@@@0@@@,@@@1@@@,@@@1@@@,@@@0@@@,@@@0@@@,@@@0@@@,@@@0@@@,@@@0@@@,@@@0@@@,@@@0@@@,@@@0@@@,@@@1@@@,@@@0@@@,0,55,0,0,2,0,1,1,0,@@@NO@@@,0,0)','',2,'2013-09-05'),(60659,'DELETE FROM mae_impuestos_productos WHERE pro_codigo_plu=@@@780721760@@@','',2,'2013-09-05'),(60660,'INSERT INTO mae_productos (pro_codigo_plu,pro_codigo_barra,pro_tipo,pro_nombre_producto,pro_nombre_corto,med_id,emb_id,pro_unidades_embalaje,dep_id,lin_id,mar_id,pro_precio_compra_neto,pro_precio_compra_bruto,pro_precio_venta,pro_margen_actual,pro_oferta,pro_fecha_inicio_oferta,pro_fecha_termino_oferta,pro_precio_oferta,pro_stock_minimo,pro_stock_critico,pro_entradas_bodega,pro_salidas_bodega,pro_mermas_bodega,pro_ajustes_bodega,pro_entradas_sv,pro_salidas_sv,pro_mermas_sv,pro_ajustes_sv,pro_activo,rec_numero,pro_unidad,pro_capacidad,pro_consumo_bodega,pro_consumo_sv,pro_estado,pro_funcion_plu,pro_flejes,pro_iva,pro_plu_asociado,pro_envase,pro_duracion,pro_numero_etiqueta) VALUES (78049,@@@78049@@@,@@@0@@@,@@@ESMALTE LENOX  TRIANGULAR VARIEDAD DE COLORES@@@,@@@ESMALTE LENOX  T@@@,@@@1 @@@,@@@5 @@@,@@@1@@@,@@@21 @@@,@@@125@@@,@@@2548@@@,@@@0@@@,@@@540@@@,@@@1@@@,@@@-99.81@@@,@@@@@@,@@@2006.09.07@@@,@@@2006.09.07@@@,@@@0@@@,@@@40@@@,@@@10@@@,@@@0@@@,@@@0@@@,@@@0@@@,@@@0@@@,@@@0@@@,@@@0@@@,@@@0@@@,@@@0@@@,@@@1@@@,@@@0@@@,0,1,0,0,2,0,1,1,0,@@@NO@@@,0,0)','',2,'2013-09-05'),(60661,'DELETE FROM mae_impuestos_productos WHERE pro_codigo_plu=@@@78049@@@','',2,'2013-09-05'),(60662,'UPDATE mae_productos SET pro_margen_actual=38.7,pro_precio_venta=1190 WHERE pro_codigo_plu=780721700','',2,'2013-09-05'),(60663,'UPDATE mae_productos SET pro_margen_actual=38.7,pro_precio_venta=1190 WHERE pro_codigo_plu=780721699','',2,'2013-09-05'),(60664,'UPDATE mae_productos SET pro_margen_actual=0,pro_precio_venta=2690 WHERE pro_codigo_plu=262355','',2,'2013-09-05'),(60665,'UPDATE mae_productos SET pro_margen_actual=76.79,pro_precio_venta=990 WHERE pro_codigo_plu=780721746','',2,'2013-09-05'),(60666,'UPDATE mae_productos SET pro_margen_actual=80,pro_precio_venta=990 WHERE pro_codigo_plu=780721745','',2,'2013-09-05'),(60667,'UPDATE mae_productos SET pro_margen_actual=33.78,pro_precio_venta=990 WHERE pro_codigo_plu=780721748','',2,'2013-09-05'),(60668,'UPDATE mae_productos SET pro_margen_actual=0,pro_precio_venta=990 WHERE pro_codigo_plu=20001','',2,'2013-09-05'),(60669,'UPDATE mae_productos SET pro_margen_actual=80,pro_precio_venta=990 WHERE pro_codigo_plu=780721750','',2,'2013-09-05'),(60670,'UPDATE mae_productos SET pro_margen_actual=80,pro_precio_venta=990 WHERE pro_codigo_plu=780721750','',2,'2013-09-05'),(60671,'UPDATE mae_productos SET pro_margen_actual=0,pro_precio_venta=990 WHERE pro_codigo_plu=20001','',2,'2013-09-05'),(60672,'UPDATE mae_productos SET pro_margen_actual=0,pro_precio_venta=29039 WHERE pro_codigo_plu=20372','',2,'2013-09-05'),(60673,'UPDATE mae_productos SET pro_margen_actual=80,pro_precio_venta=990 WHERE pro_codigo_plu=780721749','',2,'2013-09-05'),(60674,'UPDATE mae_productos SET pro_margen_actual=0,pro_precio_venta=20372 WHERE pro_codigo_plu=20372','',2,'2013-09-05'),(60675,'UPDATE mae_productos SET pro_margen_actual=76.79,pro_precio_venta=990 WHERE pro_codigo_plu=780721747','',2,'2013-09-05'),(60676,'UPDATE mae_productos SET pro_margen_actual=0,pro_precio_venta=20372 WHERE pro_codigo_plu=20372','',2,'2013-09-05'),(60677,'UPDATE mae_productos SET pro_margen_actual=0,pro_precio_venta=2190 WHERE pro_codigo_plu=780721743','',2,'2013-09-05'),(60678,'UPDATE mae_productos SET pro_margen_actual=0,pro_precio_venta=20310 WHERE pro_codigo_plu=20310','',2,'2013-09-05'),(60679,'UPDATE mae_productos SET pro_margen_actual=0,pro_precio_venta=20310 WHERE pro_codigo_plu=20310','',2,'2013-09-05'),(60680,'UPDATE mae_productos SET pro_margen_actual=42.45,pro_precio_venta=990 WHERE pro_codigo_plu=200372','',2,'2013-09-05'),(60681,'INSERT INTO gne_vale_ferreteria (vfe_id,vfe_fecha,vfe_total,vfe_estado,vfe_entregado,usu_nusuario) VALUES (9963,@@@2013.09.05@@@,1890,1,0,@@@s_diaz@@@)','',2,'2013-09-05'),(60682,'INSERT INTO gne_vale_ferreteria_mov (vfe_id,pro_codigo_plu,vfm_cantidad,vfm_unitario,vfm_total,vfm_entregado) VALUES (9963,7500879,1,1890,1890,@@@NO@@@)','',2,'2013-09-05'),(60683,'UPDATE mae_productos SET pro_codigo_barra=@@@7801620005184@@@,pro_tipo=@@@0@@@,pro_nombre_producto=@@@GATORADE FRUTAS TROPICALES 750@@@,pro_nombre_corto=@@@GATORADE FRUTAS@@@,med_id=@@@7@@@,emb_id=@@@3@@@,pro_unidades_embalaje=@@@0@@@,dep_id=@@@4 @@@,lin_id=@@@222@@@,mar_id=@@@912@@@,pro_precio_compra_neto=@@@0@@@,pro_precio_compra_bruto=@@@866.86@@@,pro_precio_venta=@@@990@@@,pro_margen_actual=@@@14.21@@@,pro_oferta=@@@NO@@@,pro_fecha_inicio_oferta=@@@2013.06.05@@@,pro_fecha_termino_oferta=@@@2013.06.05@@@,pro_precio_oferta=@@@0@@@,pro_stock_minimo=@@@0@@@,pro_stock_critico=@@@0@@@,pro_activo=@@@1@@@,pro_unidad=@@@0@@@,pro_precio_compra_bruto=866.86,pro_margen_actual=14.21,pro_capacidad=750,pro_funcion_plu=0,pro_flejes=1,pro_iva=1,pro_plu_asociado=0,pro_envase=@@@NO@@@,pro_duracion=0,pro_numero_etiqueta=0 WHERE pro_codigo_plu=@@@780220167@@@','',2,'2013-09-05'),(60684,'UPDATE mae_productos SET pro_estado=1 WHERE pro_codigo_plu=780220167','',2,'2013-09-05'),(60685,'DELETE FROM mae_impuestos_productos WHERE pro_codigo_plu=@@@780220167@@@','',2,'2013-09-05'),(60686,'INSERT INTO mae_productos (pro_codigo_plu,pro_codigo_barra,pro_tipo,pro_nombre_producto,pro_nombre_corto,med_id,emb_id,pro_unidades_embalaje,dep_id,lin_id,mar_id,pro_precio_compra_neto,pro_precio_compra_bruto,pro_precio_venta,pro_margen_actual,pro_oferta,pro_fecha_inicio_oferta,pro_fecha_termino_oferta,pro_precio_oferta,pro_stock_minimo,pro_stock_critico,pro_entradas_bodega,pro_salidas_bodega,pro_mermas_bodega,pro_ajustes_bodega,pro_entradas_sv,pro_salidas_sv,pro_mermas_sv,pro_ajustes_sv,pro_activo,rec_numero,pro_unidad,pro_capacidad,pro_consumo_bodega,pro_consumo_sv,pro_estado,pro_funcion_plu,pro_flejes,pro_iva,pro_plu_asociado,pro_envase,pro_duracion,pro_numero_etiqueta) VALUES (780721761,@@@4100016737009@@@,@@@0@@@,@@@BORRADOR PIZARRA FULTONS MADERA@@@,@@@BORRADOR PIZARRA@@@,@@@1 @@@,@@@4 @@@,@@@1@@@,@@@24 @@@,@@@137@@@,@@@1255@@@,@@@0@@@,@@@449.02@@@,@@@1@@@,@@@-99.78@@@,@@@@@@,@@@2006.09.07@@@,@@@2006.09.07@@@,@@@0@@@,@@@6@@@,@@@2@@@,@@@0@@@,@@@0@@@,@@@0@@@,@@@0@@@,@@@0@@@,@@@0@@@,@@@0@@@,@@@0@@@,@@@1@@@,@@@0@@@,0,1,0,0,2,0,1,1,0,@@@NO@@@,0,0)','',2,'2013-09-05'),(60687,'DELETE FROM mae_impuestos_productos WHERE pro_codigo_plu=@@@780721761@@@','',2,'2013-09-05'),(60688,'INSERT INTO mae_productos (pro_codigo_plu,pro_codigo_barra,pro_tipo,pro_nombre_producto,pro_nombre_corto,med_id,emb_id,pro_unidades_embalaje,dep_id,lin_id,mar_id,pro_precio_compra_neto,pro_precio_compra_bruto,pro_precio_venta,pro_margen_actual,pro_oferta,pro_fecha_inicio_oferta,pro_fecha_termino_oferta,pro_precio_oferta,pro_stock_minimo,pro_stock_critico,pro_entradas_bodega,pro_salidas_bodega,pro_mermas_bodega,pro_ajustes_bodega,pro_entradas_sv,pro_salidas_sv,pro_mermas_sv,pro_ajustes_sv,pro_activo,rec_numero,pro_unidad,pro_capacidad,pro_consumo_bodega,pro_consumo_sv,pro_estado,pro_funcion_plu,pro_flejes,pro_iva,pro_plu_asociado,pro_envase,pro_duracion,pro_numero_etiqueta) VALUES (780721762,@@@4711678005919@@@,@@@0@@@,@@@BORRADOR MOUSE ERASER@@@,@@@BORRADOR MOUSE E@@@,@@@1 @@@,@@@4 @@@,@@@1@@@,@@@24 @@@,@@@137@@@,@@@2507@@@,@@@0@@@,@@@1273.8@@@,@@@1@@@,@@@-99.92@@@,@@@@@@,@@@2006.09.07@@@,@@@2006.09.07@@@,@@@0@@@,@@@4@@@,@@@1@@@,@@@0@@@,@@@0@@@,@@@0@@@,@@@0@@@,@@@0@@@,@@@0@@@,@@@0@@@,@@@0@@@,@@@1@@@,@@@0@@@,0,1,0,0,2,0,1,1,0,@@@NO@@@,0,0)','',2,'2013-09-05'),(60689,'DELETE FROM mae_impuestos_productos WHERE pro_codigo_plu=@@@780721762@@@','',2,'2013-09-05'),(60690,'INSERT INTO mae_productos (pro_codigo_plu,pro_codigo_barra,pro_tipo,pro_nombre_producto,pro_nombre_corto,med_id,emb_id,pro_unidades_embalaje,dep_id,lin_id,mar_id,pro_precio_compra_neto,pro_precio_compra_bruto,pro_precio_venta,pro_margen_actual,pro_oferta,pro_fecha_inicio_oferta,pro_fecha_termino_oferta,pro_precio_oferta,pro_stock_minimo,pro_stock_critico,pro_entradas_bodega,pro_salidas_bodega,pro_mermas_bodega,pro_ajustes_bodega,pro_entradas_sv,pro_salidas_sv,pro_mermas_sv,pro_ajustes_sv,pro_activo,rec_numero,pro_unidad,pro_capacidad,pro_consumo_bodega,pro_consumo_sv,pro_estado,pro_funcion_plu,pro_flejes,pro_iva,pro_plu_asociado,pro_envase,pro_duracion,pro_numero_etiqueta) VALUES (780721763,@@@3100002747594@@@,@@@0@@@,@@@BANDERA PLASTICA GUIRNALDA 10 MTS@@@,@@@BANDERA PLASTICA@@@,@@@1 @@@,@@@4 @@@,@@@1@@@,@@@24 @@@,@@@207@@@,@@@2507@@@,@@@0@@@,@@@281@@@,@@@1@@@,@@@-99.64@@@,@@@@@@,@@@2006.09.07@@@,@@@2006.09.07@@@,@@@0@@@,@@@25@@@,@@@4@@@,@@@0@@@,@@@0@@@,@@@0@@@,@@@0@@@,@@@0@@@,@@@0@@@,@@@0@@@,@@@0@@@,@@@1@@@,@@@0@@@,0,1,0,0,2,0,1,1,0,@@@NO@@@,0,0)','',2,'2013-09-05'),(60691,'DELETE FROM mae_impuestos_productos WHERE pro_codigo_plu=@@@780721763@@@','',2,'2013-09-05'),(60692,'INSERT INTO mae_productos (pro_codigo_plu,pro_codigo_barra,pro_tipo,pro_nombre_producto,pro_nombre_corto,med_id,emb_id,pro_unidades_embalaje,dep_id,lin_id,mar_id,pro_precio_compra_neto,pro_precio_compra_bruto,pro_precio_venta,pro_margen_actual,pro_oferta,pro_fecha_inicio_oferta,pro_fecha_termino_oferta,pro_precio_oferta,pro_stock_minimo,pro_stock_critico,pro_entradas_bodega,pro_salidas_bodega,pro_mermas_bodega,pro_ajustes_bodega,pro_entradas_sv,pro_salidas_sv,pro_mermas_sv,pro_ajustes_sv,pro_activo,rec_numero,pro_unidad,pro_capacidad,pro_consumo_bodega,pro_consumo_sv,pro_estado,pro_funcion_plu,pro_flejes,pro_iva,pro_plu_asociado,pro_envase,pro_duracion,pro_numero_etiqueta) VALUES (780721764,@@@4100054041007@@@,@@@0@@@,@@@GUIRNALDA FLOR@@@,@@@GUIRNALDA FLOR@@@,@@@1 @@@,@@@4 @@@,@@@1@@@,@@@24 @@@,@@@137@@@,@@@2507@@@,@@@0@@@,@@@354.97@@@,@@@1@@@,@@@-99.72@@@,@@@@@@,@@@2006.09.07@@@,@@@2006.09.07@@@,@@@0@@@,@@@20@@@,@@@4@@@,@@@0@@@,@@@0@@@,@@@0@@@,@@@0@@@,@@@0@@@,@@@0@@@,@@@0@@@,@@@0@@@,@@@1@@@,@@@0@@@,0,1,0,0,2,0,1,1,0,@@@NO@@@,0,0)','',2,'2013-09-05'),(60693,'DELETE FROM mae_impuestos_productos WHERE pro_codigo_plu=@@@780721764@@@','',2,'2013-09-05'),(60694,'INSERT INTO mae_productos (pro_codigo_plu,pro_codigo_barra,pro_tipo,pro_nombre_producto,pro_nombre_corto,med_id,emb_id,pro_unidades_embalaje,dep_id,lin_id,mar_id,pro_precio_compra_neto,pro_precio_compra_bruto,pro_precio_venta,pro_margen_actual,pro_oferta,pro_fecha_inicio_oferta,pro_fecha_termino_oferta,pro_precio_oferta,pro_stock_minimo,pro_stock_critico,pro_entradas_bodega,pro_salidas_bodega,pro_mermas_bodega,pro_ajustes_bodega,pro_entradas_sv,pro_salidas_sv,pro_mermas_sv,pro_ajustes_sv,pro_activo,rec_numero,pro_unidad,pro_capacidad,pro_consumo_bodega,pro_consumo_sv,pro_estado,pro_funcion_plu,pro_flejes,pro_iva,pro_plu_asociado,pro_envase,pro_duracion,pro_numero_etiqueta) VALUES (780721765,@@@4100054006006@@@,@@@0@@@,@@@GUIRNALDA COPIHUE@@@,@@@GUIRNALDA COPIHU@@@,@@@1 @@@,@@@4 @@@,@@@1@@@,@@@38 @@@,@@@179@@@,@@@2507@@@,@@@0@@@,@@@276@@@,@@@1@@@,@@@-99.64@@@,@@@@@@,@@@2006.09.07@@@,@@@2006.09.07@@@,@@@0@@@,@@@30@@@,@@@5@@@,@@@0@@@,@@@0@@@,@@@0@@@,@@@0@@@,@@@0@@@,@@@0@@@,@@@0@@@,@@@0@@@,@@@1@@@,@@@0@@@,0,1,0,0,2,0,1,1,0,@@@NO@@@,0,0)','',2,'2013-09-05'),(60695,'DELETE FROM mae_impuestos_productos WHERE pro_codigo_plu=@@@780721765@@@','',2,'2013-09-05'),(60696,'UPDATE mae_productos SET pro_codigo_barra=@@@4100054041007@@@,pro_tipo=@@@0@@@,pro_nombre_producto=@@@GUIRNALDA FLOR@@@,pro_nombre_corto=@@@GUIRNALDA FLOR@@@,med_id=@@@1@@@,emb_id=@@@4@@@,pro_unidades_embalaje=@@@1@@@,dep_id=@@@38 @@@,lin_id=@@@179@@@,mar_id=@@@2507@@@,pro_precio_compra_neto=@@@0@@@,pro_precio_compra_bruto=@@@354.97@@@,pro_precio_venta=@@@1@@@,pro_margen_actual=@@@-99.72@@@,pro_oferta=@@@NO@@@,pro_fecha_inicio_oferta=@@@2006.09.07@@@,pro_fecha_termino_oferta=@@@2006.09.07@@@,pro_precio_oferta=@@@0@@@,pro_stock_minimo=@@@20@@@,pro_stock_critico=@@@4@@@,pro_activo=@@@1@@@,pro_unidad=@@@0@@@,pro_precio_compra_bruto=354.97,pro_margen_actual=-99.72,pro_capacidad=1,pro_funcion_plu=0,pro_flejes=1,pro_iva=1,pro_plu_asociado=0,pro_envase=@@@NO@@@,pro_duracion=0,pro_numero_etiqueta=0 WHERE pro_codigo_plu=@@@780721764@@@','',2,'2013-09-05'),(60697,'UPDATE mae_productos SET pro_estado=1 WHERE pro_codigo_plu=780721764','',2,'2013-09-05'),(60698,'DELETE FROM mae_impuestos_productos WHERE pro_codigo_plu=@@@780721764@@@','',2,'2013-09-05'),(60699,'INSERT INTO mae_productos (pro_codigo_plu,pro_codigo_barra,pro_tipo,pro_nombre_producto,pro_nombre_corto,med_id,emb_id,pro_unidades_embalaje,dep_id,lin_id,mar_id,pro_precio_compra_neto,pro_precio_compra_bruto,pro_precio_venta,pro_margen_actual,pro_oferta,pro_fecha_inicio_oferta,pro_fecha_termino_oferta,pro_precio_oferta,pro_stock_minimo,pro_stock_critico,pro_entradas_bodega,pro_salidas_bodega,pro_mermas_bodega,pro_ajustes_bodega,pro_entradas_sv,pro_salidas_sv,pro_mermas_sv,pro_ajustes_sv,pro_activo,rec_numero,pro_unidad,pro_capacidad,pro_consumo_bodega,pro_consumo_sv,pro_estado,pro_funcion_plu,pro_flejes,pro_iva,pro_plu_asociado,pro_envase,pro_duracion,pro_numero_etiqueta) VALUES (780721766,@@@4100054001025@@@,@@@0@@@,@@@COPIHUE CHICO@@@,@@@COPIHUE CHICO@@@,@@@1 @@@,@@@4 @@@,@@@1@@@,@@@38 @@@,@@@179@@@,@@@2507@@@,@@@0@@@,@@@256.9@@@,@@@1@@@,@@@-99.61@@@,@@@@@@,@@@2006.09.07@@@,@@@2006.09.07@@@,@@@0@@@,@@@20@@@,@@@5@@@,@@@0@@@,@@@0@@@,@@@0@@@,@@@0@@@,@@@0@@@,@@@0@@@,@@@0@@@,@@@0@@@,@@@1@@@,@@@0@@@,0,1,0,0,2,0,1,1,0,@@@NO@@@,0,0)','',2,'2013-09-05'),(60700,'DELETE FROM mae_impuestos_productos WHERE pro_codigo_plu=@@@780721766@@@','',2,'2013-09-05'),(60701,'INSERT INTO mae_productos (pro_codigo_plu,pro_codigo_barra,pro_tipo,pro_nombre_producto,pro_nombre_corto,med_id,emb_id,pro_unidades_embalaje,dep_id,lin_id,mar_id,pro_precio_compra_neto,pro_precio_compra_bruto,pro_precio_venta,pro_margen_actual,pro_oferta,pro_fecha_inicio_oferta,pro_fecha_termino_oferta,pro_precio_oferta,pro_stock_minimo,pro_stock_critico,pro_entradas_bodega,pro_salidas_bodega,pro_mermas_bodega,pro_ajustes_bodega,pro_entradas_sv,pro_salidas_sv,pro_mermas_sv,pro_ajustes_sv,pro_activo,rec_numero,pro_unidad,pro_capacidad,pro_consumo_bodega,pro_consumo_sv,pro_estado,pro_funcion_plu,pro_flejes,pro_iva,pro_plu_asociado,pro_envase,pro_duracion,pro_numero_etiqueta) VALUES (395150,@@@395150@@@,@@@0@@@,@@@ESFERA PLUMAVIT 17,5 CM ART CRAFT@@@,@@@ESFERA PLUMAVIT @@@,@@@1 @@@,@@@9 @@@,@@@1@@@,@@@24 @@@,@@@137@@@,@@@2507@@@,@@@0@@@,@@@1600.74@@@,@@@1@@@,@@@-99.94@@@,@@@@@@,@@@2006.09.07@@@,@@@2006.09.07@@@,@@@0@@@,@@@6@@@,@@@1@@@,@@@0@@@,@@@0@@@,@@@0@@@,@@@0@@@,@@@0@@@,@@@0@@@,@@@0@@@,@@@0@@@,@@@1@@@,@@@0@@@,0,1,0,0,2,0,1,1,0,@@@NO@@@,0,0)','',2,'2013-09-05'),(60702,'DELETE FROM mae_impuestos_productos WHERE pro_codigo_plu=@@@395150@@@','',2,'2013-09-05'),(60703,'INSERT INTO gne_vale_ferreteria (vfe_id,vfe_fecha,vfe_total,vfe_estado,vfe_entregado,usu_nusuario) VALUES (9964,@@@2013.09.05@@@,850,1,0,@@@s_diaz@@@)','',2,'2013-09-05'),(60704,'INSERT INTO gne_vale_ferreteria_mov (vfe_id,pro_codigo_plu,vfm_cantidad,vfm_unitario,vfm_total,vfm_entregado) VALUES (9964,763798,1,850,850,@@@NO@@@)','',2,'2013-09-05'),(60705,'INSERT INTO mae_productos (pro_codigo_plu,pro_codigo_barra,pro_tipo,pro_nombre_producto,pro_nombre_corto,med_id,emb_id,pro_unidades_embalaje,dep_id,lin_id,mar_id,pro_precio_compra_neto,pro_precio_compra_bruto,pro_precio_venta,pro_margen_actual,pro_oferta,pro_fecha_inicio_oferta,pro_fecha_termino_oferta,pro_precio_oferta,pro_stock_minimo,pro_stock_critico,pro_entradas_bodega,pro_salidas_bodega,pro_mermas_bodega,pro_ajustes_bodega,pro_entradas_sv,pro_salidas_sv,pro_mermas_sv,pro_ajustes_sv,pro_activo,rec_numero,pro_unidad,pro_capacidad,pro_consumo_bodega,pro_consumo_sv,pro_estado,pro_funcion_plu,pro_flejes,pro_iva,pro_plu_asociado,pro_envase,pro_duracion,pro_numero_etiqueta) VALUES (395151,@@@395151@@@,@@@0@@@,@@@ESFERA PLUMAVIT 20 CM ART CRAFT@@@,@@@ESFERA PLUMAVIT @@@,@@@1 @@@,@@@4 @@@,@@@1@@@,@@@24 @@@,@@@137@@@,@@@2507@@@,@@@0@@@,@@@1510.11@@@,@@@1@@@,@@@-99.93@@@,@@@@@@,@@@2006.09.07@@@,@@@2006.09.07@@@,@@@0@@@,@@@5@@@,@@@1@@@,@@@0@@@,@@@0@@@,@@@0@@@,@@@0@@@,@@@0@@@,@@@0@@@,@@@0@@@,@@@0@@@,@@@1@@@,@@@0@@@,0,1,0,0,2,0,1,1,0,@@@NO@@@,0,0)','',2,'2013-09-05'),(60706,'DELETE FROM mae_impuestos_productos WHERE pro_codigo_plu=@@@395151@@@','',2,'2013-09-05'),(60707,'INSERT INTO gne_vale_ferreteria (vfe_id,vfe_fecha,vfe_total,vfe_estado,vfe_entregado,usu_nusuario) VALUES (9965,@@@2013.09.05@@@,480,1,0,@@@s_diaz@@@)','',2,'2013-09-05'),(60708,'INSERT INTO gne_vale_ferreteria_mov (vfe_id,pro_codigo_plu,vfm_cantidad,vfm_unitario,vfm_total,vfm_entregado) VALUES (9965,78017008,1,120,120,@@@NO@@@)','',2,'2013-09-05'),(60709,'INSERT INTO gne_vale_ferreteria_mov (vfe_id,pro_codigo_plu,vfm_cantidad,vfm_unitario,vfm_total,vfm_entregado) VALUES (9965,764160,1,120,120,@@@NO@@@)','',2,'2013-09-05'),(60710,'INSERT INTO gne_vale_ferreteria_mov (vfe_id,pro_codigo_plu,vfm_cantidad,vfm_unitario,vfm_total,vfm_entregado) VALUES (9965,78017007,1,120,120,@@@NO@@@)','',2,'2013-09-05'),(60711,'INSERT INTO gne_vale_ferreteria_mov (vfe_id,pro_codigo_plu,vfm_cantidad,vfm_unitario,vfm_total,vfm_entregado) VALUES (9965,78017009,1,120,120,@@@NO@@@)','',2,'2013-09-05'),(60712,'UPDATE mae_productos SET pro_precio_compra_bruto=760,pro_margen_actual=(pro_precio_venta-760)/760 * 100,pro_ultima_compra=@@@2013.09.05@@@,pro_ultimo_proveedor=@@@80237600-6@@@ WHERE pro_codigo_plu=763546','',2,'2013-09-05'),(60713,'UPDATE mae_productos SET pro_precio_compra_bruto=762.49,pro_margen_actual=(pro_precio_venta-762.49)/762.49 * 100,pro_ultima_compra=@@@2013.09.05@@@,pro_ultimo_proveedor=@@@80237600-6@@@ WHERE pro_codigo_plu=78017234','',2,'2013-09-05'),(60714,'UPDATE mae_productos SET pro_precio_compra_bruto=2165.8,pro_margen_actual=(pro_precio_venta-2165.8)/2165.8 * 100,pro_ultima_compra=@@@2013.09.05@@@,pro_ultimo_proveedor=@@@80186300-0@@@ WHERE pro_codigo_plu=2625','',2,'2013-09-05'),(60715,'UPDATE mae_productos SET pro_precio_compra_bruto=4760,pro_margen_actual=(pro_precio_venta-4760)/4760 * 100,pro_ultima_compra=@@@2013.09.05@@@,pro_ultimo_proveedor=@@@80186300-0@@@ WHERE pro_codigo_plu=329','',2,'2013-09-05'),(60716,'UPDATE mae_productos SET pro_precio_compra_bruto=2142,pro_margen_actual=(pro_precio_venta-2142)/2142 * 100,pro_ultima_compra=@@@2013.09.05@@@,pro_ultimo_proveedor=@@@80186300-0@@@ WHERE pro_codigo_plu=323','',2,'2013-09-05'),(60717,'UPDATE mae_productos SET pro_precio_compra_bruto=4129.3,pro_margen_actual=(pro_precio_venta-4129.3)/4129.3 * 100,pro_ultima_compra=@@@2013.09.05@@@,pro_ultimo_proveedor=@@@80186300-0@@@ WHERE pro_codigo_plu=304','',2,'2013-09-05'),(60718,'UPDATE mae_productos SET pro_precio_compra_bruto=1844.59,pro_margen_actual=(pro_precio_venta-1844.59)/1844.59 * 100,pro_ultima_compra=@@@2013.09.05@@@,pro_ultimo_proveedor=@@@80186300-0@@@ WHERE pro_codigo_plu=315','',2,'2013-09-05'),(60719,'UPDATE mae_productos SET pro_precio_compra_bruto=4141.2,pro_margen_actual=(pro_precio_venta-4141.2)/4141.2 * 100,pro_ultima_compra=@@@2013.09.05@@@,pro_ultimo_proveedor=@@@80186300-0@@@ WHERE pro_codigo_plu=401','',2,'2013-09-05'),(60720,'UPDATE mae_productos SET pro_precio_compra_bruto=2308.5,pro_margen_actual=(pro_precio_venta-2308.5)/2308.5 * 100,pro_ultima_compra=@@@2013.09.05@@@,pro_ultimo_proveedor=@@@80186300-0@@@ WHERE pro_codigo_plu=317','',2,'2013-09-05'),(60721,'UPDATE mae_productos SET pro_precio_compra_bruto=1780,pro_margen_actual=(pro_precio_venta-1780)/1780 * 100,pro_ultima_compra=@@@2013.09.05@@@,pro_ultimo_proveedor=@@@6200580-7@@@ WHERE pro_codigo_plu=780220169','',2,'2013-09-05'),(60722,'UPDATE mae_productos SET pro_precio_compra_bruto=1780,pro_margen_actual=(pro_precio_venta-1780)/1780 * 100,pro_ultima_compra=@@@2013.09.05@@@,pro_ultimo_proveedor=@@@6200580-7@@@ WHERE pro_codigo_plu=18676','',2,'2013-09-05'),(60723,'UPDATE mae_productos SET pro_precio_compra_bruto=720,pro_margen_actual=(pro_precio_venta-720)/720 * 100,pro_ultima_compra=@@@2013.09.05@@@,pro_ultimo_proveedor=@@@6200580-7@@@ WHERE pro_codigo_plu=20438','',2,'2013-09-05'),(60724,'UPDATE mae_productos SET pro_precio_compra_bruto=720,pro_margen_actual=(pro_precio_venta-720)/720 * 100,pro_ultima_compra=@@@2013.09.05@@@,pro_ultimo_proveedor=@@@6200580-7@@@ WHERE pro_codigo_plu=262366','',2,'2013-09-05'),(60725,'UPDATE mae_productos SET pro_precio_compra_bruto=720,pro_margen_actual=(pro_precio_venta-720)/720 * 100,pro_ultima_compra=@@@2013.09.05@@@,pro_ultimo_proveedor=@@@6200580-7@@@ WHERE pro_codigo_plu=262365','',2,'2013-09-05'),(60726,'UPDATE mae_productos SET pro_precio_compra_bruto=720,pro_margen_actual=(pro_precio_venta-720)/720 * 100,pro_ultima_compra=@@@2013.09.05@@@,pro_ultimo_proveedor=@@@6200580-7@@@ WHERE pro_codigo_plu=20439','',2,'2013-09-05'),(60727,'UPDATE mae_productos SET pro_precio_compra_bruto=720,pro_margen_actual=(pro_precio_venta-720)/720 * 100,pro_ultima_compra=@@@2013.09.05@@@,pro_ultimo_proveedor=@@@6200580-7@@@ WHERE pro_codigo_plu=20440','',2,'2013-09-05'),(60728,'UPDATE mae_productos SET pro_precio_compra_bruto=490,pro_margen_actual=(pro_precio_venta-490)/490 * 100,pro_ultima_compra=@@@2013.09.05@@@,pro_ultimo_proveedor=@@@6200580-7@@@ WHERE pro_codigo_plu=11602','',2,'2013-09-05'),(60729,'UPDATE mae_productos SET pro_precio_compra_bruto=490,pro_margen_actual=(pro_precio_venta-490)/490 * 100,pro_ultima_compra=@@@2013.09.05@@@,pro_ultimo_proveedor=@@@6200580-7@@@ WHERE pro_codigo_plu=101099','',2,'2013-09-05'),(60730,'UPDATE mae_productos SET pro_precio_compra_bruto=490,pro_margen_actual=(pro_precio_venta-490)/490 * 100,pro_ultima_compra=@@@2013.09.05@@@,pro_ultimo_proveedor=@@@6200580-7@@@ WHERE pro_codigo_plu=11597','',2,'2013-09-05'),(60731,'UPDATE mae_productos SET pro_precio_compra_bruto=490,pro_margen_actual=(pro_precio_venta-490)/490 * 100,pro_ultima_compra=@@@2013.09.05@@@,pro_ultimo_proveedor=@@@6200580-7@@@ WHERE pro_codigo_plu=101100','',2,'2013-09-05'),(60732,'UPDATE mae_productos SET pro_precio_compra_bruto=490,pro_margen_actual=(pro_precio_venta-490)/490 * 100,pro_ultima_compra=@@@2013.09.05@@@,pro_ultimo_proveedor=@@@6200580-7@@@ WHERE pro_codigo_plu=101097','',2,'2013-09-05'),(60733,'UPDATE mae_productos SET pro_precio_compra_bruto=490,pro_margen_actual=(pro_precio_venta-490)/490 * 100,pro_ultima_compra=@@@2013.09.05@@@,pro_ultimo_proveedor=@@@6200580-7@@@ WHERE pro_codigo_plu=101098','',2,'2013-09-05'),(60734,'UPDATE mae_productos SET pro_precio_compra_bruto=2550,pro_margen_actual=(pro_precio_venta-2550)/2550 * 100,pro_ultima_compra=@@@2013.09.05@@@,pro_ultimo_proveedor=@@@6200580-7@@@ WHERE pro_codigo_plu=780721732','',2,'2013-09-05'),(60735,'UPDATE mae_productos SET pro_precio_compra_bruto=1410,pro_margen_actual=(pro_precio_venta-1410)/1410 * 100,pro_ultima_compra=@@@2013.09.05@@@,pro_ultimo_proveedor=@@@6200580-7@@@ WHERE pro_codigo_plu=780721733','',2,'2013-09-05'),(60736,'UPDATE mae_productos SET pro_precio_compra_bruto=2520,pro_margen_actual=(pro_precio_venta-2520)/2520 * 100,pro_ultima_compra=@@@2013.09.05@@@,pro_ultimo_proveedor=@@@6200580-7@@@ WHERE pro_codigo_plu=78016973','',2,'2013-09-05'),(60737,'UPDATE mae_productos SET pro_precio_compra_bruto=2520,pro_margen_actual=(pro_precio_venta-2520)/2520 * 100,pro_ultima_compra=@@@2013.09.05@@@,pro_ultimo_proveedor=@@@6200580-7@@@ WHERE pro_codigo_plu=78016979','',2,'2013-09-05'),(60738,'UPDATE mae_productos SET pro_precio_compra_bruto=2520,pro_margen_actual=(pro_precio_venta-2520)/2520 * 100,pro_ultima_compra=@@@2013.09.05@@@,pro_ultimo_proveedor=@@@6200580-7@@@ WHERE pro_codigo_plu=78016978','',2,'2013-09-05'),(60739,'UPDATE mae_productos SET pro_precio_compra_bruto=1190,pro_margen_actual=(pro_precio_venta-1190)/1190 * 100,pro_ultima_compra=@@@2013.09.05@@@,pro_ultimo_proveedor=@@@6200580-7@@@ WHERE pro_codigo_plu=764729','',2,'2013-09-05'),(60740,'UPDATE mae_productos SET pro_precio_compra_bruto=1190,pro_margen_actual=(pro_precio_venta-1190)/1190 * 100,pro_ultima_compra=@@@2013.09.05@@@,pro_ultimo_proveedor=@@@6200580-7@@@ WHERE pro_codigo_plu=780721734','',2,'2013-09-05'),(60741,'UPDATE mae_productos SET pro_precio_compra_bruto=1190,pro_margen_actual=(pro_precio_venta-1190)/1190 * 100,pro_ultima_compra=@@@2013.09.05@@@,pro_ultimo_proveedor=@@@6200580-7@@@ WHERE pro_codigo_plu=764726','',2,'2013-09-05'),(60742,'UPDATE mae_productos SET pro_precio_compra_bruto=1190,pro_margen_actual=(pro_precio_venta-1190)/1190 * 100,pro_ultima_compra=@@@2013.09.05@@@,pro_ultimo_proveedor=@@@6200580-7@@@ WHERE pro_codigo_plu=764728','',2,'2013-09-05'),(60743,'UPDATE mae_productos SET pro_precio_compra_bruto=1190,pro_margen_actual=(pro_precio_venta-1190)/1190 * 100,pro_ultima_compra=@@@2013.09.05@@@,pro_ultimo_proveedor=@@@6200580-7@@@ WHERE pro_codigo_plu=780721735','',2,'2013-09-05'),(60744,'UPDATE mae_productos SET pro_precio_compra_bruto=2695,pro_margen_actual=(pro_precio_venta-2695)/2695 * 100,pro_ultima_compra=@@@2013.09.05@@@,pro_ultimo_proveedor=@@@6200580-7@@@ WHERE pro_codigo_plu=780721736','',2,'2013-09-05'),(60745,'UPDATE mae_productos SET pro_precio_compra_bruto=3150,pro_margen_actual=(pro_precio_venta-3150)/3150 * 100,pro_ultima_compra=@@@2013.09.05@@@,pro_ultimo_proveedor=@@@6200580-7@@@ WHERE pro_codigo_plu=780721737','',2,'2013-09-05'),(60746,'UPDATE mae_productos SET pro_precio_compra_bruto=3550,pro_margen_actual=(pro_precio_venta-3550)/3550 * 100,pro_ultima_compra=@@@2013.09.05@@@,pro_ultimo_proveedor=@@@6200580-7@@@ WHERE pro_codigo_plu=780721738','',2,'2013-09-05'),(60747,'UPDATE mae_productos SET pro_precio_compra_bruto=3340,pro_margen_actual=(pro_precio_venta-3340)/3340 * 100,pro_ultima_compra=@@@2013.09.05@@@,pro_ultimo_proveedor=@@@6200580-7@@@ WHERE pro_codigo_plu=20447','',2,'2013-09-05'),(60748,'UPDATE mae_productos SET pro_precio_compra_bruto=4150,pro_margen_actual=(pro_precio_venta-4150)/4150 * 100,pro_ultima_compra=@@@2013.09.05@@@,pro_ultimo_proveedor=@@@6200580-7@@@ WHERE pro_codigo_plu=780721739','',2,'2013-09-05'),(60749,'UPDATE mae_productos SET pro_precio_compra_bruto=2730,pro_margen_actual=(pro_precio_venta-2730)/2730 * 100,pro_ultima_compra=@@@2013.09.05@@@,pro_ultimo_proveedor=@@@6200580-7@@@ WHERE pro_codigo_plu=780721740','',2,'2013-09-05'),(60750,'UPDATE mae_productos SET pro_precio_compra_bruto=720,pro_margen_actual=(pro_precio_venta-720)/720 * 100,pro_ultima_compra=@@@2013.09.05@@@,pro_ultimo_proveedor=@@@6200580-7@@@ WHERE pro_codigo_plu=909190','',2,'2013-09-05'),(60751,'UPDATE mae_productos SET pro_precio_compra_bruto=465,pro_margen_actual=(pro_precio_venta-465)/465 * 100,pro_ultima_compra=@@@2013.09.05@@@,pro_ultimo_proveedor=@@@6200580-7@@@ WHERE pro_codigo_plu=7050','',2,'2013-09-05'),(60752,'UPDATE mae_productos SET pro_precio_compra_bruto=890,pro_margen_actual=(pro_precio_venta-890)/890 * 100,pro_ultima_compra=@@@2013.09.05@@@,pro_ultimo_proveedor=@@@6200580-7@@@ WHERE pro_codigo_plu=780721104','',2,'2013-09-05'),(60753,'UPDATE mae_productos SET pro_precio_compra_bruto=890,pro_margen_actual=(pro_precio_venta-890)/890 * 100,pro_ultima_compra=@@@2013.09.05@@@,pro_ultimo_proveedor=@@@6200580-7@@@ WHERE pro_codigo_plu=780721741','',2,'2013-09-05'),(60754,'UPDATE mae_productos SET pro_precio_compra_bruto=1460,pro_margen_actual=(pro_precio_venta-1460)/1460 * 100,pro_ultima_compra=@@@2013.09.05@@@,pro_ultimo_proveedor=@@@6200580-7@@@ WHERE pro_codigo_plu=20595','',2,'2013-09-05'),(60755,'UPDATE mae_productos SET pro_precio_compra_bruto=1550,pro_margen_actual=(pro_precio_venta-1550)/1550 * 100,pro_ultima_compra=@@@2013.09.05@@@,pro_ultimo_proveedor=@@@6200580-7@@@ WHERE pro_codigo_plu=764566','',2,'2013-09-05'),(60756,'UPDATE mae_productos SET pro_precio_compra_bruto=1020,pro_margen_actual=(pro_precio_venta-1020)/1020 * 100,pro_ultima_compra=@@@2013.09.05@@@,pro_ultimo_proveedor=@@@6200580-7@@@ WHERE pro_codigo_plu=780721742','',2,'2013-09-05'),(60757,'UPDATE mae_productos SET pro_precio_compra_bruto=1440,pro_margen_actual=(pro_precio_venta-1440)/1440 * 100,pro_ultima_compra=@@@2013.09.05@@@,pro_ultimo_proveedor=@@@6200580-7@@@ WHERE pro_codigo_plu=780721743','',2,'2013-09-05'),(60758,'UPDATE mae_productos SET pro_precio_compra_bruto=1090,pro_margen_actual=(pro_precio_venta-1090)/1090 * 100,pro_ultima_compra=@@@2013.09.05@@@,pro_ultimo_proveedor=@@@6200580-7@@@ WHERE pro_codigo_plu=78017119','',2,'2013-09-05'),(60759,'UPDATE mae_productos SET pro_precio_compra_bruto=1290,pro_margen_actual=(pro_precio_venta-1290)/1290 * 100,pro_ultima_compra=@@@2013.09.05@@@,pro_ultimo_proveedor=@@@6200580-7@@@ WHERE pro_codigo_plu=78017114','',2,'2013-09-05'),(60760,'UPDATE mae_productos SET pro_precio_compra_bruto=1090,pro_margen_actual=(pro_precio_venta-1090)/1090 * 100,pro_ultima_compra=@@@2013.09.05@@@,pro_ultimo_proveedor=@@@6200580-7@@@ WHERE pro_codigo_plu=780721744','',2,'2013-09-05'),(60761,'UPDATE mae_productos SET pro_precio_compra_bruto=550,pro_margen_actual=(pro_precio_venta-550)/550 * 100,pro_ultima_compra=@@@2013.09.05@@@,pro_ultimo_proveedor=@@@6200580-7@@@ WHERE pro_codigo_plu=780721745','',2,'2013-09-05'),(60762,'UPDATE mae_productos SET pro_precio_compra_bruto=560,pro_margen_actual=(pro_precio_venta-560)/560 * 100,pro_ultima_compra=@@@2013.09.05@@@,pro_ultimo_proveedor=@@@6200580-7@@@ WHERE pro_codigo_plu=780721746','',2,'2013-09-05'),(60763,'UPDATE mae_productos SET pro_precio_compra_bruto=560,pro_margen_actual=(pro_precio_venta-560)/560 * 100,pro_ultima_compra=@@@2013.09.05@@@,pro_ultimo_proveedor=@@@6200580-7@@@ WHERE pro_codigo_plu=780721747','',2,'2013-09-05'),(60764,'UPDATE mae_productos SET pro_precio_compra_bruto=570,pro_margen_actual=(pro_precio_venta-570)/570 * 100,pro_ultima_compra=@@@2013.09.05@@@,pro_ultimo_proveedor=@@@6200580-7@@@ WHERE pro_codigo_plu=200222','',2,'2013-09-05'),(60765,'UPDATE mae_productos SET pro_precio_compra_bruto=695,pro_margen_actual=(pro_precio_venta-695)/695 * 100,pro_ultima_compra=@@@2013.09.05@@@,pro_ultimo_proveedor=@@@6200580-7@@@ WHERE pro_codigo_plu=200372','',2,'2013-09-05'),(60766,'UPDATE mae_productos SET pro_precio_compra_bruto=550,pro_margen_actual=(pro_precio_venta-550)/550 * 100,pro_ultima_compra=@@@2013.09.05@@@,pro_ultimo_proveedor=@@@6200580-7@@@ WHERE pro_codigo_plu=780721749','',2,'2013-09-05'),(60767,'UPDATE mae_productos SET pro_precio_compra_bruto=680,pro_margen_actual=(pro_precio_venta-680)/680 * 100,pro_ultima_compra=@@@2013.09.05@@@,pro_ultimo_proveedor=@@@6200580-7@@@ WHERE pro_codigo_plu=3093','',2,'2013-09-05'),(60768,'UPDATE mae_productos SET pro_precio_compra_bruto=990,pro_margen_actual=(pro_precio_venta-990)/990 * 100,pro_ultima_compra=@@@2013.09.05@@@,pro_ultimo_proveedor=@@@6200580-7@@@ WHERE pro_codigo_plu=3092','',2,'2013-09-05'),(60769,'UPDATE mae_productos SET pro_precio_compra_bruto=550,pro_margen_actual=(pro_precio_venta-550)/550 * 100,pro_ultima_compra=@@@2013.09.05@@@,pro_ultimo_proveedor=@@@6200580-7@@@ WHERE pro_codigo_plu=780721750','',2,'2013-09-05'),(60770,'UPDATE mae_productos SET pro_precio_compra_bruto=740,pro_margen_actual=(pro_precio_venta-740)/740 * 100,pro_ultima_compra=@@@2013.09.05@@@,pro_ultimo_proveedor=@@@6200580-7@@@ WHERE pro_codigo_plu=780721748','',2,'2013-09-05'),(60771,'UPDATE mae_productos SET pro_precio_compra_bruto=490,pro_margen_actual=(pro_precio_venta-490)/490 * 100,pro_ultima_compra=@@@2013.09.05@@@,pro_ultimo_proveedor=@@@6200580-7@@@ WHERE pro_codigo_plu=780721751','',2,'2013-09-05'),(60772,'UPDATE mae_productos SET pro_precio_compra_bruto=670,pro_margen_actual=(pro_precio_venta-670)/670 * 100,pro_ultima_compra=@@@2013.09.05@@@,pro_ultimo_proveedor=@@@6200580-7@@@ WHERE pro_codigo_plu=780721752','',2,'2013-09-05'),(60773,'UPDATE mae_productos SET pro_precio_compra_bruto=450,pro_margen_actual=(pro_precio_venta-450)/450 * 100,pro_ultima_compra=@@@2013.09.05@@@,pro_ultimo_proveedor=@@@6200580-7@@@ WHERE pro_codigo_plu=20881','',2,'2013-09-05'),(60774,'UPDATE mae_productos SET pro_precio_compra_bruto=450,pro_margen_actual=(pro_precio_venta-450)/450 * 100,pro_ultima_compra=@@@2013.09.05@@@,pro_ultimo_proveedor=@@@6200580-7@@@ WHERE pro_codigo_plu=20882','',2,'2013-09-05'),(60775,'UPDATE mae_productos SET pro_precio_compra_bruto=450,pro_margen_actual=(pro_precio_venta-450)/450 * 100,pro_ultima_compra=@@@2013.09.05@@@,pro_ultimo_proveedor=@@@6200580-7@@@ WHERE pro_codigo_plu=20883','',2,'2013-09-05'),(60776,'UPDATE mae_productos SET pro_precio_compra_bruto=715,pro_margen_actual=(pro_precio_venta-715)/715 * 100,pro_ultima_compra=@@@2013.09.05@@@,pro_ultimo_proveedor=@@@6200580-7@@@ WHERE pro_codigo_plu=101434','',2,'2013-09-05'),(60777,'UPDATE mae_productos SET pro_precio_compra_bruto=280,pro_margen_actual=(pro_precio_venta-280)/280 * 100,pro_ultima_compra=@@@2013.09.05@@@,pro_ultimo_proveedor=@@@6200580-7@@@ WHERE pro_codigo_plu=761890','',2,'2013-09-05'),(60778,'UPDATE mae_productos SET pro_precio_compra_bruto=145,pro_margen_actual=(pro_precio_venta-145)/145 * 100,pro_ultima_compra=@@@2013.09.05@@@,pro_ultimo_proveedor=@@@6200580-7@@@ WHERE pro_codigo_plu=101459','',2,'2013-09-05'),(60779,'UPDATE mae_productos SET pro_precio_compra_bruto=2740,pro_margen_actual=(pro_precio_venta-2740)/2740 * 100,pro_ultima_compra=@@@2013.09.05@@@,pro_ultimo_proveedor=@@@6200580-7@@@ WHERE pro_codigo_plu=764044','',2,'2013-09-05'),(60780,'UPDATE mae_productos SET pro_precio_compra_bruto=2530,pro_margen_actual=(pro_precio_venta-2530)/2530 * 100,pro_ultima_compra=@@@2013.09.05@@@,pro_ultimo_proveedor=@@@6200580-7@@@ WHERE pro_codigo_plu=780721086','',2,'2013-09-05'),(60781,'UPDATE mae_productos SET pro_precio_compra_bruto=2530,pro_margen_actual=(pro_precio_venta-2530)/2530 * 100,pro_ultima_compra=@@@2013.09.05@@@,pro_ultimo_proveedor=@@@6200580-7@@@ WHERE pro_codigo_plu=764030','',2,'2013-09-05'),(60782,'UPDATE mae_productos SET pro_precio_compra_bruto=2530,pro_margen_actual=(pro_precio_venta-2530)/2530 * 100,pro_ultima_compra=@@@2013.09.05@@@,pro_ultimo_proveedor=@@@6200580-7@@@ WHERE pro_codigo_plu=764038','',2,'2013-09-05'),(60783,'UPDATE mae_productos SET pro_precio_compra_bruto=2740,pro_margen_actual=(pro_precio_venta-2740)/2740 * 100,pro_ultima_compra=@@@2013.09.05@@@,pro_ultimo_proveedor=@@@6200580-7@@@ WHERE pro_codigo_plu=780721753','',2,'2013-09-05'),(60784,'UPDATE mae_productos SET pro_precio_compra_bruto=2740,pro_margen_actual=(pro_precio_venta-2740)/2740 * 100,pro_ultima_compra=@@@2013.09.05@@@,pro_ultimo_proveedor=@@@6200580-7@@@ WHERE pro_codigo_plu=780721754','',2,'2013-09-05'),(60785,'UPDATE mae_productos SET pro_precio_compra_bruto=2740,pro_margen_actual=(pro_precio_venta-2740)/2740 * 100,pro_ultima_compra=@@@2013.09.05@@@,pro_ultimo_proveedor=@@@6200580-7@@@ WHERE pro_codigo_plu=780721755','',2,'2013-09-05'),(60786,'UPDATE mae_productos SET pro_precio_compra_bruto=2740,pro_margen_actual=(pro_precio_venta-2740)/2740 * 100,pro_ultima_compra=@@@2013.09.05@@@,pro_ultimo_proveedor=@@@6200580-7@@@ WHERE pro_codigo_plu=780721756','',2,'2013-09-05'),(60787,'UPDATE mae_productos SET pro_precio_compra_bruto=2740,pro_margen_actual=(pro_precio_venta-2740)/2740 * 100,pro_ultima_compra=@@@2013.09.05@@@,pro_ultimo_proveedor=@@@6200580-7@@@ WHERE pro_codigo_plu=780721757','',2,'2013-09-05'),(60788,'UPDATE mae_productos SET pro_precio_compra_bruto=790,pro_margen_actual=(pro_precio_venta-790)/790 * 100,pro_ultima_compra=@@@2013.09.05@@@,pro_ultimo_proveedor=@@@6200580-7@@@ WHERE pro_codigo_plu=780721079','',2,'2013-09-05'),(60789,'UPDATE mae_productos SET pro_precio_compra_bruto=790,pro_margen_actual=(pro_precio_venta-790)/790 * 100,pro_ultima_compra=@@@2013.09.05@@@,pro_ultimo_proveedor=@@@6200580-7@@@ WHERE pro_codigo_plu=780721080','',2,'2013-09-05'),(60790,'UPDATE mae_productos SET pro_precio_compra_bruto=790,pro_margen_actual=(pro_precio_venta-790)/790 * 100,pro_ultima_compra=@@@2013.09.05@@@,pro_ultimo_proveedor=@@@6200580-7@@@ WHERE pro_codigo_plu=763753','',2,'2013-09-05'),(60791,'UPDATE mae_productos SET pro_precio_compra_bruto=790,pro_margen_actual=(pro_precio_venta-790)/790 * 100,pro_ultima_compra=@@@2013.09.05@@@,pro_ultimo_proveedor=@@@6200580-7@@@ WHERE pro_codigo_plu=763754','',2,'2013-09-05'),(60792,'UPDATE mae_productos SET pro_precio_compra_bruto=790,pro_margen_actual=(pro_precio_venta-790)/790 * 100,pro_ultima_compra=@@@2013.09.05@@@,pro_ultimo_proveedor=@@@6200580-7@@@ WHERE pro_codigo_plu=14407','',2,'2013-09-05'),(60793,'UPDATE mae_productos SET pro_precio_compra_bruto=790,pro_margen_actual=(pro_precio_venta-790)/790 * 100,pro_ultima_compra=@@@2013.09.05@@@,pro_ultimo_proveedor=@@@6200580-7@@@ WHERE pro_codigo_plu=780721759','',2,'2013-09-05'),(60794,'UPDATE mae_productos SET pro_precio_compra_bruto=790,pro_margen_actual=(pro_precio_venta-790)/790 * 100,pro_ultima_compra=@@@2013.09.05@@@,pro_ultimo_proveedor=@@@6200580-7@@@ WHERE pro_codigo_plu=780721760','',2,'2013-09-05'),(60795,'UPDATE mae_productos SET pro_precio_compra_bruto=790,pro_margen_actual=(pro_precio_venta-790)/790 * 100,pro_ultima_compra=@@@2013.09.05@@@,pro_ultimo_proveedor=@@@6200580-7@@@ WHERE pro_codigo_plu=780721758','',2,'2013-09-05'),(60796,'UPDATE mae_productos SET pro_precio_compra_bruto=790,pro_margen_actual=(pro_precio_venta-790)/790 * 100,pro_ultima_compra=@@@2013.09.05@@@,pro_ultimo_proveedor=@@@6200580-7@@@ WHERE pro_codigo_plu=780721077','',2,'2013-09-05'),(60797,'UPDATE mae_productos SET pro_precio_compra_bruto=790,pro_margen_actual=(pro_precio_venta-790)/790 * 100,pro_ultima_compra=@@@2013.09.05@@@,pro_ultimo_proveedor=@@@6200580-7@@@ WHERE pro_codigo_plu=763751','',2,'2013-09-05'),(60798,'UPDATE mae_productos SET pro_precio_compra_bruto=540,pro_margen_actual=(pro_precio_venta-540)/540 * 100,pro_ultima_compra=@@@2013.09.05@@@,pro_ultimo_proveedor=@@@6200580-7@@@ WHERE pro_codigo_plu=78049','',2,'2013-09-05'),(60799,'UPDATE mae_productos SET pro_precio_compra_bruto=449.02,pro_margen_actual=(pro_precio_venta-449.02)/449.02 * 100,pro_ultima_compra=@@@2013.09.05@@@,pro_ultimo_proveedor=@@@88755700-4@@@ WHERE pro_codigo_plu=780721761','',2,'2013-09-05'),(60800,'UPDATE mae_productos SET pro_precio_compra_bruto=1273.8,pro_margen_actual=(pro_precio_venta-1273.8)/1273.8 * 100,pro_ultima_compra=@@@2013.09.05@@@,pro_ultimo_proveedor=@@@88755700-4@@@ WHERE pro_codigo_plu=780721762','',2,'2013-09-05'),(60801,'UPDATE mae_productos SET pro_precio_compra_bruto=281,pro_margen_actual=(pro_precio_venta-281)/281 * 100,pro_ultima_compra=@@@2013.09.05@@@,pro_ultimo_proveedor=@@@88755700-4@@@ WHERE pro_codigo_plu=780721763','',2,'2013-09-05'),(60802,'UPDATE mae_productos SET pro_precio_compra_bruto=354.97,pro_margen_actual=(pro_precio_venta-354.97)/354.97 * 100,pro_ultima_compra=@@@2013.09.05@@@,pro_ultimo_proveedor=@@@88755700-4@@@ WHERE pro_codigo_plu=780721764','',2,'2013-09-05'),(60803,'UPDATE mae_productos SET pro_precio_compra_bruto=276,pro_margen_actual=(pro_precio_venta-276)/276 * 100,pro_ultima_compra=@@@2013.09.05@@@,pro_ultimo_proveedor=@@@88755700-4@@@ WHERE pro_codigo_plu=780721765','',2,'2013-09-05'),(60804,'UPDATE mae_productos SET pro_precio_compra_bruto=256.9,pro_margen_actual=(pro_precio_venta-256.9)/256.9 * 100,pro_ultima_compra=@@@2013.09.05@@@,pro_ultimo_proveedor=@@@88755700-4@@@ WHERE pro_codigo_plu=780721766','',2,'2013-09-05'),(60805,'UPDATE mae_productos SET pro_precio_compra_bruto=409,pro_margen_actual=(pro_precio_venta-409)/409 * 100,pro_ultima_compra=@@@2013.09.05@@@,pro_ultimo_proveedor=@@@88755700-4@@@ WHERE pro_codigo_plu=780721688','',2,'2013-09-05'),(60806,'UPDATE mae_productos SET pro_precio_compra_bruto=1600.74,pro_margen_actual=(pro_precio_venta-1600.74)/1600.74 * 100,pro_ultima_compra=@@@2013.09.05@@@,pro_ultimo_proveedor=@@@88755700-4@@@ WHERE pro_codigo_plu=395150','',2,'2013-09-05'),(60807,'UPDATE mae_productos SET pro_precio_compra_bruto=1510.11,pro_margen_actual=(pro_precio_venta-1510.11)/1510.11 * 100,pro_ultima_compra=@@@2013.09.05@@@,pro_ultimo_proveedor=@@@88755700-4@@@ WHERE pro_codigo_plu=395151','',2,'2013-09-05'),(60808,'INSERT INTO gne_vale_ferreteria (vfe_id,vfe_fecha,vfe_total,vfe_estado,vfe_entregado,usu_nusuario) VALUES (9966,@@@2013.09.05@@@,2220,1,0,@@@s_diaz@@@)','',2,'2013-09-05'),(60809,'INSERT INTO gne_vale_ferreteria_mov (vfe_id,pro_codigo_plu,vfm_cantidad,vfm_unitario,vfm_total,vfm_entregado) VALUES (9966,763807,1,750,750,@@@NO@@@)','',2,'2013-09-05'),(60810,'INSERT INTO gne_vale_ferreteria_mov (vfe_id,pro_codigo_plu,vfm_cantidad,vfm_unitario,vfm_total,vfm_entregado) VALUES (9966,763800,2,470,940,@@@NO@@@)','',2,'2013-09-05'),(60811,'INSERT INTO gne_vale_ferreteria_mov (vfe_id,pro_codigo_plu,vfm_cantidad,vfm_unitario,vfm_total,vfm_entregado) VALUES (9966,764296,1,290,290,@@@NO@@@)','',2,'2013-09-05'),(60812,'INSERT INTO gne_vale_ferreteria_mov (vfe_id,pro_codigo_plu,vfm_cantidad,vfm_unitario,vfm_total,vfm_entregado) VALUES (9966,8022,2,120,240,@@@NO@@@)','',2,'2013-09-05'),(60813,'UPDATE mae_productos SET pro_precio_compra_bruto=246.44,pro_margen_actual=(pro_precio_venta-246.44)/246.44 * 100,pro_ultima_compra=@@@2013.09.05@@@,pro_ultimo_proveedor=@@@90703000-8@@@ WHERE pro_codigo_plu=78017065','',2,'2013-09-05'),(60814,'UPDATE mae_productos SET pro_precio_compra_bruto=246.44,pro_margen_actual=(pro_precio_venta-246.44)/246.44 * 100,pro_ultima_compra=@@@2013.09.05@@@,pro_ultimo_proveedor=@@@90703000-8@@@ WHERE pro_codigo_plu=780721226','',2,'2013-09-05'),(60815,'UPDATE mae_productos SET pro_precio_compra_bruto=246.13,pro_margen_actual=(pro_precio_venta-246.13)/246.13 * 100,pro_ultima_compra=@@@2013.09.05@@@,pro_ultimo_proveedor=@@@90703000-8@@@ WHERE pro_codigo_plu=780721183','',2,'2013-09-05'),(60816,'UPDATE mae_productos SET pro_precio_compra_bruto=229.19,pro_margen_actual=(pro_precio_venta-229.19)/229.19 * 100,pro_ultima_compra=@@@2013.09.05@@@,pro_ultimo_proveedor=@@@90703000-8@@@ WHERE pro_codigo_plu=17040','',2,'2013-09-05'),(60817,'UPDATE mae_productos SET pro_precio_compra_bruto=160.41,pro_margen_actual=(pro_precio_venta-160.41)/160.41 * 100,pro_ultima_compra=@@@2013.09.05@@@,pro_ultimo_proveedor=@@@90703000-8@@@ WHERE pro_codigo_plu=1453','',2,'2013-09-05'),(60818,'UPDATE mae_productos SET pro_precio_compra_bruto=160.41,pro_margen_actual=(pro_precio_venta-160.41)/160.41 * 100,pro_ultima_compra=@@@2013.09.05@@@,pro_ultimo_proveedor=@@@90703000-8@@@ WHERE pro_codigo_plu=16923','',2,'2013-09-05'),(60819,'UPDATE mae_productos SET pro_precio_compra_bruto=246.03,pro_margen_actual=(pro_precio_venta-246.03)/246.03 * 100,pro_ultima_compra=@@@2013.09.05@@@,pro_ultimo_proveedor=@@@90703000-8@@@ WHERE pro_codigo_plu=763580','',2,'2013-09-05'),(60820,'UPDATE mae_productos SET pro_precio_compra_bruto=151.13,pro_margen_actual=(pro_precio_venta-151.13)/151.13 * 100,pro_ultima_compra=@@@2013.09.05@@@,pro_ultimo_proveedor=@@@90703000-8@@@ WHERE pro_codigo_plu=12141','',2,'2013-09-05'),(60821,'UPDATE mae_productos SET pro_precio_compra_bruto=293.63,pro_margen_actual=(pro_precio_venta-293.63)/293.63 * 100,pro_ultima_compra=@@@2013.09.05@@@,pro_ultimo_proveedor=@@@90703000-8@@@ WHERE pro_codigo_plu=764337','',2,'2013-09-05'),(60822,'UPDATE mae_productos SET pro_precio_compra_bruto=377.42,pro_margen_actual=(pro_precio_venta-377.42)/377.42 * 100,pro_ultima_compra=@@@2013.09.05@@@,pro_ultimo_proveedor=@@@90703000-8@@@ WHERE pro_codigo_plu=10413','',2,'2013-09-05'),(60823,'UPDATE mae_productos SET pro_precio_compra_bruto=90,pro_margen_actual=(pro_precio_venta-90)/90 * 100,pro_ultima_compra=@@@2013.09.05@@@,pro_ultimo_proveedor=@@@76027786-k@@@ WHERE pro_codigo_plu=1011','',2,'2013-09-05'),(60824,'UPDATE mae_productos SET pro_precio_compra_bruto=90,pro_margen_actual=(pro_precio_venta-90)/90 * 100,pro_ultima_compra=@@@2013.09.05@@@,pro_ultimo_proveedor=@@@76027786-k@@@ WHERE pro_codigo_plu=1012','',2,'2013-09-05'),(60825,'INSERT INTO gne_vale_ferreteria (vfe_id,vfe_fecha,vfe_total,vfe_estado,vfe_entregado,usu_nusuario) VALUES (9967,@@@2013.09.05@@@,750,1,0,@@@s_diaz@@@)','',2,'2013-09-05'),(60826,'INSERT INTO gne_vale_ferreteria_mov (vfe_id,pro_codigo_plu,vfm_cantidad,vfm_unitario,vfm_total,vfm_entregado) VALUES (9967,1079,1,750,750,@@@NO@@@)','',2,'2013-09-05'),(60827,'INSERT INTO gne_vale_ferreteria (vfe_id,vfe_fecha,vfe_total,vfe_estado,vfe_entregado,usu_nusuario) VALUES (9968,@@@2013.09.05@@@,1100,1,0,@@@m_martinez@@@)','',2,'2013-09-05'),(60828,'INSERT INTO gne_vale_ferreteria_mov (vfe_id,pro_codigo_plu,vfm_cantidad,vfm_unitario,vfm_total,vfm_entregado) VALUES (9968,780721583,1,1100,1100,@@@NO@@@)','',2,'2013-09-05'),(60829,'UPDATE mae_productos SET pro_codigo_barra=@@@365@@@,pro_tipo=@@@0@@@,pro_nombre_producto=@@@ARROLL.LOMO ESPECIAL FANDA@@@,pro_nombre_corto=@@@ARROLL.LOMO ESPE@@@,med_id=@@@1@@@,emb_id=@@@1@@@,pro_unidades_embalaje=@@@1@@@,dep_id=@@@12 @@@,lin_id=@@@225@@@,mar_id=@@@2507@@@,pro_precio_compra_neto=@@@0@@@,pro_precio_compra_bruto=@@@4581.5@@@,pro_precio_venta=@@@6870@@@,pro_margen_actual=@@@49.95@@@,pro_oferta=@@@NO@@@,pro_fecha_inicio_oferta=@@@1900.01.01@@@,pro_fecha_termino_oferta=@@@1900.01.01@@@,pro_precio_oferta=@@@0@@@,pro_stock_minimo=@@@1@@@,pro_stock_critico=@@@1@@@,pro_activo=@@@1@@@,pro_unidad=@@@1@@@,pro_precio_compra_bruto=4581.5,pro_margen_actual=49.95,pro_capacidad=1,pro_funcion_plu=1,pro_flejes=0,pro_iva=1,pro_plu_asociado=0,pro_envase=@@@NO@@@,pro_duracion=0,pro_numero_etiqueta=1 WHERE pro_codigo_plu=@@@365@@@','',2,'2013-09-05'),(60830,'UPDATE mae_productos SET pro_estado=1 WHERE pro_codigo_plu=365','',2,'2013-09-05'),(60831,'DELETE FROM mae_impuestos_productos WHERE pro_codigo_plu=@@@365@@@','',2,'2013-09-05'),(60832,'UPDATE mae_productos SET pro_precio_compra_bruto=3689,pro_margen_actual=(pro_precio_venta-3689)/3689 * 100,pro_ultima_compra=@@@2013.09.05@@@,pro_ultimo_proveedor=@@@79953750-8@@@ WHERE pro_codigo_plu=211','',2,'2013-09-05'),(60833,'UPDATE mae_productos SET pro_precio_compra_bruto=3629.5,pro_margen_actual=(pro_precio_venta-3629.5)/3629.5 * 100,pro_ultima_compra=@@@2013.09.05@@@,pro_ultimo_proveedor=@@@79953750-8@@@ WHERE pro_codigo_plu=367','',2,'2013-09-05'),(60834,'UPDATE mae_productos SET pro_precio_compra_bruto=4581.5,pro_margen_actual=(pro_precio_venta-4581.5)/4581.5 * 100,pro_ultima_compra=@@@2013.09.05@@@,pro_ultimo_proveedor=@@@79953750-8@@@ WHERE pro_codigo_plu=365','',2,'2013-09-05'),(60835,'UPDATE mae_productos SET pro_precio_compra_bruto=18701,pro_margen_actual=(pro_precio_venta-18701)/18701 * 100,pro_ultima_compra=@@@2013.09.05@@@,pro_ultimo_proveedor=@@@86379600-8@@@ WHERE pro_codigo_plu=764421','',2,'2013-09-05'),(60836,'UPDATE mae_productos SET pro_precio_compra_bruto=15748,pro_margen_actual=(pro_precio_venta-15748)/15748 * 100,pro_ultima_compra=@@@2013.09.05@@@,pro_ultimo_proveedor=@@@86379600-8@@@ WHERE pro_codigo_plu=764420','',2,'2013-09-05'),(60837,'UPDATE mae_productos SET pro_precio_compra_bruto=8538,pro_margen_actual=(pro_precio_venta-8538)/8538 * 100,pro_ultima_compra=@@@2013.09.05@@@,pro_ultimo_proveedor=@@@86379600-8@@@ WHERE pro_codigo_plu=764416','',2,'2013-09-05'),(60838,'UPDATE mae_productos SET pro_precio_compra_bruto=1454.1,pro_margen_actual=(pro_precio_venta-1454.1)/1454.1 * 100,pro_ultima_compra=@@@2013.09.05@@@,pro_ultimo_proveedor=@@@86379600-8@@@ WHERE pro_codigo_plu=764408','',2,'2013-09-05'),(60839,'UPDATE mae_productos SET pro_precio_compra_bruto=571.2,pro_margen_actual=(pro_precio_venta-571.2)/571.2 * 100,pro_ultima_compra=@@@2013.09.05@@@,pro_ultimo_proveedor=@@@84472400-4@@@ WHERE pro_codigo_plu=16004','',2,'2013-09-05'),(60840,'UPDATE mae_productos SET pro_precio_compra_bruto=571.2,pro_margen_actual=(pro_precio_venta-571.2)/571.2 * 100,pro_ultima_compra=@@@2013.09.05@@@,pro_ultimo_proveedor=@@@84472400-4@@@ WHERE pro_codigo_plu=15992','',2,'2013-09-05'),(60841,'UPDATE mae_productos SET pro_precio_compra_bruto=96.39,pro_margen_actual=(pro_precio_venta-96.39)/96.39 * 100,pro_ultima_compra=@@@2013.09.05@@@,pro_ultimo_proveedor=@@@84472400-4@@@ WHERE pro_codigo_plu=17016','',2,'2013-09-05'),(60842,'UPDATE mae_productos SET pro_precio_compra_bruto=96.39,pro_margen_actual=(pro_precio_venta-96.39)/96.39 * 100,pro_ultima_compra=@@@2013.09.05@@@,pro_ultimo_proveedor=@@@84472400-4@@@ WHERE pro_codigo_plu=17018','',2,'2013-09-05'),(60843,'UPDATE mae_productos SET pro_precio_compra_bruto=96.39,pro_margen_actual=(pro_precio_venta-96.39)/96.39 * 100,pro_ultima_compra=@@@2013.09.05@@@,pro_ultimo_proveedor=@@@84472400-4@@@ WHERE pro_codigo_plu=17014','',2,'2013-09-05'),(60844,'UPDATE mae_productos SET pro_precio_compra_bruto=96.39,pro_margen_actual=(pro_precio_venta-96.39)/96.39 * 100,pro_ultima_compra=@@@2013.09.05@@@,pro_ultimo_proveedor=@@@84472400-4@@@ WHERE pro_codigo_plu=17097','',2,'2013-09-05'),(60845,'UPDATE mae_productos SET pro_precio_compra_bruto=96.39,pro_margen_actual=(pro_precio_venta-96.39)/96.39 * 100,pro_ultima_compra=@@@2013.09.05@@@,pro_ultimo_proveedor=@@@84472400-4@@@ WHERE pro_codigo_plu=17104','',2,'2013-09-05'),(60846,'UPDATE mae_productos SET pro_precio_compra_bruto=199.92,pro_margen_actual=(pro_precio_venta-199.92)/199.92 * 100,pro_ultima_compra=@@@2013.09.05@@@,pro_ultimo_proveedor=@@@84472400-4@@@ WHERE pro_codigo_plu=18877','',2,'2013-09-05'),(60847,'UPDATE mae_productos SET pro_precio_compra_bruto=199.92,pro_margen_actual=(pro_precio_venta-199.92)/199.92 * 100,pro_ultima_compra=@@@2013.09.05@@@,pro_ultimo_proveedor=@@@84472400-4@@@ WHERE pro_codigo_plu=17030','',2,'2013-09-05'),(60848,'UPDATE mae_productos SET pro_precio_compra_bruto=199.92,pro_margen_actual=(pro_precio_venta-199.92)/199.92 * 100,pro_ultima_compra=@@@2013.09.05@@@,pro_ultimo_proveedor=@@@84472400-4@@@ WHERE pro_codigo_plu=19238','',2,'2013-09-05'),(60849,'UPDATE mae_productos SET pro_precio_compra_bruto=199.92,pro_margen_actual=(pro_precio_venta-199.92)/199.92 * 100,pro_ultima_compra=@@@2013.09.05@@@,pro_ultimo_proveedor=@@@84472400-4@@@ WHERE pro_codigo_plu=19240','',2,'2013-09-05'),(60850,'UPDATE mae_productos SET pro_precio_compra_bruto=283.22,pro_margen_actual=(pro_precio_venta-283.22)/283.22 * 100,pro_ultima_compra=@@@2013.09.05@@@,pro_ultimo_proveedor=@@@84472400-4@@@ WHERE pro_codigo_plu=16820','',2,'2013-09-05'),(60851,'UPDATE mae_productos SET pro_precio_compra_bruto=283.22,pro_margen_actual=(pro_precio_venta-283.22)/283.22 * 100,pro_ultima_compra=@@@2013.09.05@@@,pro_ultimo_proveedor=@@@84472400-4@@@ WHERE pro_codigo_plu=16821','',2,'2013-09-05'),(60852,'UPDATE mae_productos SET pro_precio_compra_bruto=339.15,pro_margen_actual=(pro_precio_venta-339.15)/339.15 * 100,pro_ultima_compra=@@@2013.09.05@@@,pro_ultimo_proveedor=@@@84472400-4@@@ WHERE pro_codigo_plu=17023','',2,'2013-09-05'),(60853,'UPDATE mae_productos SET pro_precio_compra_bruto=339.15,pro_margen_actual=(pro_precio_venta-339.15)/339.15 * 100,pro_ultima_compra=@@@2013.09.05@@@,pro_ultimo_proveedor=@@@84472400-4@@@ WHERE pro_codigo_plu=780721671','',2,'2013-09-05'),(60854,'UPDATE mae_productos SET pro_precio_compra_bruto=148.75,pro_margen_actual=(pro_precio_venta-148.75)/148.75 * 100,pro_ultima_compra=@@@2013.09.05@@@,pro_ultimo_proveedor=@@@84472400-4@@@ WHERE pro_codigo_plu=18220','',2,'2013-09-05'),(60855,'UPDATE mae_productos SET pro_precio_compra_bruto=4277.7,pro_margen_actual=(pro_precio_venta-4277.7)/4277.7 * 100,pro_ultima_compra=@@@2013.09.05@@@,pro_ultimo_proveedor=@@@84472400-4@@@ WHERE pro_codigo_plu=413','',2,'2013-09-05'),(60856,'UPDATE mae_productos SET pro_precio_compra_bruto=364.43,pro_margen_actual=(pro_precio_venta-364.43)/364.43 * 100,pro_ultima_compra=@@@2013.09.05@@@,pro_ultimo_proveedor=@@@84472400-4@@@ WHERE pro_codigo_plu=16314','',2,'2013-09-05'),(60857,'UPDATE mae_productos SET pro_precio_compra_bruto=289.17,pro_margen_actual=(pro_precio_venta-289.17)/289.17 * 100,pro_ultima_compra=@@@2013.09.05@@@,pro_ultimo_proveedor=@@@84472400-4@@@ WHERE pro_codigo_plu=16999','',2,'2013-09-05'),(60858,'UPDATE mae_productos SET pro_precio_compra_bruto=289.17,pro_margen_actual=(pro_precio_venta-289.17)/289.17 * 100,pro_ultima_compra=@@@2013.09.05@@@,pro_ultimo_proveedor=@@@84472400-4@@@ WHERE pro_codigo_plu=19143','',2,'2013-09-05'),(60859,'UPDATE mae_productos SET pro_precio_compra_bruto=289.17,pro_margen_actual=(pro_precio_venta-289.17)/289.17 * 100,pro_ultima_compra=@@@2013.09.05@@@,pro_ultimo_proveedor=@@@84472400-4@@@ WHERE pro_codigo_plu=19211','',2,'2013-09-05'),(60860,'UPDATE mae_productos SET pro_precio_compra_bruto=119,pro_margen_actual=(pro_precio_venta-119)/119 * 100,pro_ultima_compra=@@@2013.09.05@@@,pro_ultimo_proveedor=@@@84472400-4@@@ WHERE pro_codigo_plu=16672','',2,'2013-09-05'),(60861,'UPDATE mae_productos SET pro_precio_compra_bruto=119,pro_margen_actual=(pro_precio_venta-119)/119 * 100,pro_ultima_compra=@@@2013.09.05@@@,pro_ultimo_proveedor=@@@84472400-4@@@ WHERE pro_codigo_plu=16947','',2,'2013-09-05'),(60862,'UPDATE mae_productos SET pro_precio_compra_bruto=119,pro_margen_actual=(pro_precio_venta-119)/119 * 100,pro_ultima_compra=@@@2013.09.05@@@,pro_ultimo_proveedor=@@@84472400-4@@@ WHERE pro_codigo_plu=16952','',2,'2013-09-05'),(60863,'UPDATE mae_productos SET pro_precio_compra_bruto=362.95,pro_margen_actual=(pro_precio_venta-362.95)/362.95 * 100,pro_ultima_compra=@@@2013.09.05@@@,pro_ultimo_proveedor=@@@84472400-4@@@ WHERE pro_codigo_plu=761918','',2,'2013-09-05'),(60864,'UPDATE mae_productos SET pro_precio_compra_bruto=362.95,pro_margen_actual=(pro_precio_venta-362.95)/362.95 * 100,pro_ultima_compra=@@@2013.09.05@@@,pro_ultimo_proveedor=@@@84472400-4@@@ WHERE pro_codigo_plu=761919','',2,'2013-09-05'),(60865,'UPDATE mae_productos SET pro_precio_compra_bruto=242.76,pro_margen_actual=(pro_precio_venta-242.76)/242.76 * 100,pro_ultima_compra=@@@2013.09.05@@@,pro_ultimo_proveedor=@@@84472400-4@@@ WHERE pro_codigo_plu=763339','',2,'2013-09-05'),(60866,'UPDATE mae_productos SET pro_precio_compra_bruto=168.18,pro_margen_actual=(pro_precio_venta-168.18)/168.18 * 100,pro_ultima_compra=@@@2013.09.05@@@,pro_ultimo_proveedor=@@@84472400-4@@@ WHERE pro_codigo_plu=78016965','',2,'2013-09-05'),(60867,'UPDATE mae_productos SET pro_precio_compra_bruto=168.18,pro_margen_actual=(pro_precio_venta-168.18)/168.18 * 100,pro_ultima_compra=@@@2013.09.05@@@,pro_ultimo_proveedor=@@@84472400-4@@@ WHERE pro_codigo_plu=780721609','',2,'2013-09-05'),(60868,'UPDATE mae_productos SET pro_precio_compra_bruto=168.18,pro_margen_actual=(pro_precio_venta-168.18)/168.18 * 100,pro_ultima_compra=@@@2013.09.05@@@,pro_ultimo_proveedor=@@@84472400-4@@@ WHERE pro_codigo_plu=78016958','',2,'2013-09-05'),(60869,'UPDATE mae_productos SET pro_precio_compra_bruto=255.85,pro_margen_actual=(pro_precio_venta-255.85)/255.85 * 100,pro_ultima_compra=@@@2013.09.05@@@,pro_ultimo_proveedor=@@@84472400-4@@@ WHERE pro_codigo_plu=16994','',2,'2013-09-05'),(60870,'UPDATE mae_productos SET pro_precio_compra_bruto=490.23,pro_margen_actual=(pro_precio_venta-490.23)/490.23 * 100,pro_ultima_compra=@@@2013.09.05@@@,pro_ultimo_proveedor=@@@84472400-4@@@ WHERE pro_codigo_plu=761596','',2,'2013-09-05'),(60871,'UPDATE mae_productos SET pro_precio_compra_bruto=455.77,pro_margen_actual=(pro_precio_venta-455.77)/455.77 * 100,pro_ultima_compra=@@@2013.09.05@@@,pro_ultimo_proveedor=@@@84472400-4@@@ WHERE pro_codigo_plu=16410','',2,'2013-09-05'),(60872,'UPDATE mae_productos SET pro_precio_compra_bruto=447.44,pro_margen_actual=(pro_precio_venta-447.44)/447.44 * 100,pro_ultima_compra=@@@2013.09.05@@@,pro_ultimo_proveedor=@@@84472400-4@@@ WHERE pro_codigo_plu=18222','',2,'2013-09-05'),(60873,'UPDATE mae_productos SET pro_precio_compra_bruto=317.73,pro_margen_actual=(pro_precio_venta-317.73)/317.73 * 100,pro_ultima_compra=@@@2013.09.05@@@,pro_ultimo_proveedor=@@@84472400-4@@@ WHERE pro_codigo_plu=763334','',2,'2013-09-05'),(60874,'UPDATE mae_productos SET pro_precio_compra_bruto=283.22,pro_margen_actual=(pro_precio_venta-283.22)/283.22 * 100,pro_ultima_compra=@@@2013.09.05@@@,pro_ultimo_proveedor=@@@84472400-4@@@ WHERE pro_codigo_plu=763335','',2,'2013-09-05'),(60875,'UPDATE mae_productos SET pro_precio_compra_bruto=168.18,pro_margen_actual=(pro_precio_venta-168.18)/168.18 * 100,pro_ultima_compra=@@@2013.09.05@@@,pro_ultimo_proveedor=@@@84472400-4@@@ WHERE pro_codigo_plu=763459','',2,'2013-09-05'),(60876,'UPDATE mae_productos SET pro_precio_compra_bruto=168.18,pro_margen_actual=(pro_precio_venta-168.18)/168.18 * 100,pro_ultima_compra=@@@2013.09.05@@@,pro_ultimo_proveedor=@@@84472400-4@@@ WHERE pro_codigo_plu=78016941','',2,'2013-09-05'),(60877,'UPDATE mae_productos SET pro_precio_compra_bruto=317.73,pro_margen_actual=(pro_precio_venta-317.73)/317.73 * 100,pro_ultima_compra=@@@2013.09.05@@@,pro_ultimo_proveedor=@@@84472400-4@@@ WHERE pro_codigo_plu=780721634','',2,'2013-09-05'),(60878,'UPDATE mae_productos SET pro_precio_compra_bruto=242.76,pro_margen_actual=(pro_precio_venta-242.76)/242.76 * 100,pro_ultima_compra=@@@2013.09.05@@@,pro_ultimo_proveedor=@@@84472400-4@@@ WHERE pro_codigo_plu=780721376','',2,'2013-09-05'),(60879,'INSERT INTO gne_vale_ferreteria (vfe_id,vfe_fecha,vfe_total,vfe_estado,vfe_entregado,usu_nusuario) VALUES (9969,@@@2013.09.05@@@,150,1,0,@@@m_martinez@@@)','',2,'2013-09-05'),(60880,'INSERT INTO gne_vale_ferreteria_mov (vfe_id,pro_codigo_plu,vfm_cantidad,vfm_unitario,vfm_total,vfm_entregado) VALUES (9969,780721187,1,150,150,@@@NO@@@)','',2,'2013-09-05'),(60881,'UPDATE mae_productos SET pro_precio_compra_bruto=93.75,pro_margen_actual=(pro_precio_venta-93.75)/93.75 * 100,pro_ultima_compra=@@@2013.09.05@@@,pro_ultimo_proveedor=@@@12982043-8@@@ WHERE pro_codigo_plu=1556','',2,'2013-09-05'),(60882,'UPDATE mae_productos SET pro_precio_compra_bruto=1500,pro_margen_actual=(pro_precio_venta-1500)/1500 * 100,pro_ultima_compra=@@@2013.09.05@@@,pro_ultimo_proveedor=@@@12982043-8@@@ WHERE pro_codigo_plu=780721729','',2,'2013-09-05'),(60883,'UPDATE mae_productos SET pro_precio_compra_bruto=500,pro_margen_actual=(pro_precio_venta-500)/500 * 100,pro_ultima_compra=@@@2013.09.05@@@,pro_ultimo_proveedor=@@@12982043-8@@@ WHERE pro_codigo_plu=202020','',2,'2013-09-05'),(60884,'UPDATE mae_productos SET pro_precio_compra_bruto=40,pro_margen_actual=(pro_precio_venta-40)/40 * 100,pro_ultima_compra=@@@2013.09.05@@@,pro_ultimo_proveedor=@@@12982043-8@@@ WHERE pro_codigo_plu=770024','',2,'2013-09-05'),(60885,'UPDATE mae_productos SET pro_precio_compra_bruto=600,pro_margen_actual=(pro_precio_venta-600)/600 * 100,pro_ultima_compra=@@@2013.09.05@@@,pro_ultimo_proveedor=@@@12982043-8@@@ WHERE pro_codigo_plu=4230','',2,'2013-09-05'),(60886,'UPDATE mae_productos SET pro_precio_compra_bruto=375,pro_margen_actual=(pro_precio_venta-375)/375 * 100,pro_ultima_compra=@@@2013.09.05@@@,pro_ultimo_proveedor=@@@12982043-8@@@ WHERE pro_codigo_plu=780721730','',2,'2013-09-05'),(60887,'UPDATE mae_productos SET pro_precio_compra_bruto=3819.9,pro_margen_actual=(pro_precio_venta-3819.9)/3819.9 * 100,pro_ultima_compra=@@@2013.09.05@@@,pro_ultimo_proveedor=@@@76170432-k@@@ WHERE pro_codigo_plu=409','',2,'2013-09-05'),(60888,'UPDATE mae_productos SET pro_precio_compra_bruto=3653.3,pro_margen_actual=(pro_precio_venta-3653.3)/3653.3 * 100,pro_ultima_compra=@@@2013.09.05@@@,pro_ultimo_proveedor=@@@76170432-k@@@ WHERE pro_codigo_plu=408','',2,'2013-09-05'),(60889,'UPDATE mae_productos SET pro_precio_compra_bruto=2750,pro_margen_actual=(pro_precio_venta-2750)/2750 * 100,pro_ultima_compra=@@@2013.09.05@@@,pro_ultimo_proveedor=@@@76170432-k@@@ WHERE pro_codigo_plu=411','',2,'2013-09-05'),(60890,'UPDATE mae_productos SET pro_precio_compra_bruto=99.99,pro_margen_actual=(pro_precio_venta-99.99)/99.99 * 100,pro_ultima_compra=@@@2013.09.05@@@,pro_ultimo_proveedor=@@@76170432-k@@@ WHERE pro_codigo_plu=16900','',2,'2013-09-05'),(60891,'UPDATE mae_productos SET pro_precio_compra_bruto=99.99,pro_margen_actual=(pro_precio_venta-99.99)/99.99 * 100,pro_ultima_compra=@@@2013.09.05@@@,pro_ultimo_proveedor=@@@76170432-k@@@ WHERE pro_codigo_plu=16901','',2,'2013-09-05'),(60892,'UPDATE mae_productos SET pro_precio_compra_bruto=99.99,pro_margen_actual=(pro_precio_venta-99.99)/99.99 * 100,pro_ultima_compra=@@@2013.09.05@@@,pro_ultimo_proveedor=@@@76170432-k@@@ WHERE pro_codigo_plu=16897','',2,'2013-09-05'),(60893,'INSERT INTO gne_vale_ferreteria (vfe_id,vfe_fecha,vfe_total,vfe_estado,vfe_entregado,usu_nusuario) VALUES (9970,@@@2013.09.05@@@,100,1,0,@@@m_martinez@@@)','',2,'2013-09-05'),(60894,'INSERT INTO gne_vale_ferreteria_mov (vfe_id,pro_codigo_plu,vfm_cantidad,vfm_unitario,vfm_total,vfm_entregado) VALUES (9970,1542,1,100,100,@@@NO@@@)','',2,'2013-09-05'),(60895,'UPDATE mae_productos SET pro_precio_venta=6200,pro_margen_actual= 49.72 WHERE pro_codigo_plu=401','',2,'2013-09-05'),(60896,'UPDATE mae_productos SET pro_precio_venta=2990,pro_margen_actual= 38.06 WHERE pro_codigo_plu=2625','',2,'2013-09-05'),(60897,'UPDATE mae_productos SET pro_precio_venta=599,pro_margen_actual= 31.43 WHERE pro_codigo_plu=16410','',2,'2013-09-05'),(60898,'UPDATE mae_productos SET pro_precio_venta=499,pro_margen_actual= 37.48 WHERE pro_codigo_plu=761918','',2,'2013-09-05'),(60899,'UPDATE mae_productos SET pro_precio_venta=460,pro_margen_actual= 35.63 WHERE pro_codigo_plu=780721671','',2,'2013-09-05'),(60900,'UPDATE mae_productos SET pro_precio_venta=590,pro_margen_actual= 31.86 WHERE pro_codigo_plu=18222','',2,'2013-09-05'),(60901,'UPDATE mae_productos SET pro_precio_venta=5190,pro_margen_actual= 40.69 WHERE pro_codigo_plu=211','',2,'2013-09-05'),(60902,'UPDATE mae_productos SET pro_precio_venta=4900,pro_margen_actual= 35 WHERE pro_codigo_plu=367','',2,'2013-09-05'),(60903,'UPDATE mae_productos SET pro_precio_venta=399,pro_margen_actual= 35.89 WHERE pro_codigo_plu=764337','',2,'2013-09-05'),(60904,'UPDATE mae_productos SET pro_precio_venta=330,pro_margen_actual= 34.13 WHERE pro_codigo_plu=763580','',2,'2013-09-05'),(60905,'UPDATE mae_productos SET pro_precio_venta=499,pro_margen_actual= 32.21 WHERE pro_codigo_plu=10413','',2,'2013-09-05'),(60906,'UPDATE mae_productos SET pro_precio_venta=330,pro_margen_actual= 43.99 WHERE pro_codigo_plu=17040','',2,'2013-09-05'),(60907,'UPDATE mae_productos SET pro_precio_venta=335,pro_margen_actual= 35.67 WHERE pro_codigo_plu=17056','',2,'2013-09-05'),(60908,'UPDATE mae_productos SET pro_precio_venta=1950,pro_margen_actual= 30.67 WHERE pro_codigo_plu=19383','',2,'2013-09-05'),(60909,'UPDATE mae_productos SET pro_precio_venta=260,pro_margen_actual= 36.13 WHERE pro_codigo_plu=763578','',2,'2013-09-05'),(60910,'INSERT INTO gne_vale_ferreteria (vfe_id,vfe_fecha,vfe_total,vfe_estado,vfe_entregado,usu_nusuario) VALUES (9971,@@@2013.09.05@@@,150,1,0,@@@b_SAEZ@@@)','',2,'2013-09-05'),(60911,'INSERT INTO gne_vale_ferreteria_mov (vfe_id,pro_codigo_plu,vfm_cantidad,vfm_unitario,vfm_total,vfm_entregado) VALUES (9971,7500886,1,150,150,@@@NO@@@)','',2,'2013-09-05'),(60912,'UPDATE mae_productos SET pro_codigo_barra=@@@4230@@@,pro_tipo=@@@0@@@,pro_nombre_producto=@@@CINTA SATIN COLORES X 1 METRO@@@,pro_nombre_corto=@@@CINTA SATIN COLO@@@,med_id=@@@1@@@,emb_id=@@@4@@@,pro_unidades_embalaje=@@@1@@@,dep_id=@@@24 @@@,lin_id=@@@207@@@,mar_id=@@@2507@@@,pro_precio_compra_neto=@@@0@@@,pro_precio_compra_bruto=@@@60@@@,pro_precio_venta=@@@200@@@,pro_margen_actual=@@@233.33@@@,pro_oferta=@@@NO@@@,pro_fecha_inicio_oferta=@@@2006.09.07@@@,pro_fecha_termino_oferta=@@@2006.09.07@@@,pro_precio_oferta=@@@0@@@,pro_stock_minimo=@@@8@@@,pro_stock_critico=@@@3@@@,pro_activo=@@@1@@@,pro_unidad=@@@0@@@,pro_precio_compra_bruto=60,pro_margen_actual=233.33,pro_capacidad=1,pro_funcion_plu=0,pro_flejes=1,pro_iva=1,pro_plu_asociado=0,pro_envase=@@@NO@@@,pro_duracion=0,pro_numero_etiqueta=0 WHERE pro_codigo_plu=@@@4230@@@','',2,'2013-09-05'),(60913,'UPDATE mae_productos SET pro_estado=1 WHERE pro_codigo_plu=4230','',2,'2013-09-05'),(60914,'DELETE FROM mae_impuestos_productos WHERE pro_codigo_plu=@@@4230@@@','',2,'2013-09-05'),(60915,'UPDATE mae_productos SET pro_margen_actual=49.95,pro_precio_venta=6870 WHERE pro_codigo_plu=365','',2,'2013-09-05'),(60916,'UPDATE mae_productos SET pro_margen_actual=-99.64,pro_precio_venta=1 WHERE pro_codigo_plu=780721763','',2,'2013-09-05'),(60917,'UPDATE mae_productos SET pro_margen_actual=-99.92,pro_precio_venta=1 WHERE pro_codigo_plu=780721762','',2,'2013-09-05'),(60918,'UPDATE mae_productos SET pro_margen_actual=-99.78,pro_precio_venta=1 WHERE pro_codigo_plu=780721761','',2,'2013-09-05'),(60919,'UPDATE mae_productos SET pro_margen_actual=38.06,pro_precio_venta=2990 WHERE pro_codigo_plu=2625','',2,'2013-09-05'),(60920,'UPDATE mae_productos SET pro_margen_actual=233.33,pro_precio_venta=200 WHERE pro_codigo_plu=4230','',2,'2013-09-05'),(60921,'UPDATE mae_productos SET pro_margen_actual=-99.61,pro_precio_venta=1 WHERE pro_codigo_plu=780721766','',2,'2013-09-05'),(60922,'UPDATE mae_productos SET pro_margen_actual=31.43,pro_precio_venta=599 WHERE pro_codigo_plu=16410','',2,'2013-09-05'),(60923,'UPDATE mae_productos SET pro_margen_actual=-99.94,pro_precio_venta=1 WHERE pro_codigo_plu=395150','',2,'2013-09-05'),(60924,'UPDATE mae_productos SET pro_margen_actual=-99.93,pro_precio_venta=1 WHERE pro_codigo_plu=395151','',2,'2013-09-05'),(60925,'UPDATE mae_productos SET pro_margen_actual=35.67,pro_precio_venta=335 WHERE pro_codigo_plu=17056','',2,'2013-09-05'),(60926,'UPDATE mae_productos SET pro_margen_actual=14.21,pro_precio_venta=990 WHERE pro_codigo_plu=780220167','',2,'2013-09-05'),(60927,'UPDATE mae_productos SET pro_margen_actual=-99.64,pro_precio_venta=1 WHERE pro_codigo_plu=780721765','',2,'2013-09-05'),(60928,'UPDATE mae_productos SET pro_margen_actual=-99.72,pro_precio_venta=1 WHERE pro_codigo_plu=780721764','',2,'2013-09-05'),(60929,'UPDATE mae_productos SET pro_margen_actual=43.99,pro_precio_venta=330 WHERE pro_codigo_plu=17040','',2,'2013-09-05'),(60930,'UPDATE mae_productos SET pro_margen_actual=40.69,pro_precio_venta=5190 WHERE pro_codigo_plu=211','',2,'2013-09-05'),(60931,'UPDATE mae_productos SET pro_margen_actual=32.21,pro_precio_venta=499 WHERE pro_codigo_plu=10413','',2,'2013-09-05'),(60932,'UPDATE mae_productos SET pro_margen_actual=35.63,pro_precio_venta=460 WHERE pro_codigo_plu=780721671','',2,'2013-09-05'),(60933,'UPDATE mae_productos SET pro_margen_actual=31.86,pro_precio_venta=590 WHERE pro_codigo_plu=18222','',2,'2013-09-05'),(60934,'UPDATE mae_productos SET pro_margen_actual=35,pro_precio_venta=4900 WHERE pro_codigo_plu=367','',2,'2013-09-05'),(60935,'UPDATE mae_productos SET pro_margen_actual=49.72,pro_precio_venta=6200 WHERE pro_codigo_plu=401','',2,'2013-09-05'),(60936,'UPDATE mae_productos SET pro_margen_actual=30.67,pro_precio_venta=1950 WHERE pro_codigo_plu=19383','',2,'2013-09-05'),(60937,'UPDATE mae_productos SET pro_margen_actual=35.89,pro_precio_venta=399 WHERE pro_codigo_plu=764337','',2,'2013-09-05'),(60938,'UPDATE mae_productos SET pro_margen_actual=34.13,pro_precio_venta=330 WHERE pro_codigo_plu=763580','',2,'2013-09-05'),(60939,'UPDATE mae_productos SET pro_margen_actual=37.48,pro_precio_venta=499 WHERE pro_codigo_plu=761918','',2,'2013-09-05'),(60940,'UPDATE mae_productos SET pro_margen_actual=36.13,pro_precio_venta=260 WHERE pro_codigo_plu=763578','',2,'2013-09-05'),(60941,'UPDATE mae_productos SET pro_margen_actual=49.95,pro_precio_venta=6870 WHERE pro_codigo_plu=365','',2,'2013-09-05'),(60942,'UPDATE mae_productos SET pro_margen_actual=-99.64,pro_precio_venta=1 WHERE pro_codigo_plu=780721763','',2,'2013-09-05'),(60943,'UPDATE mae_productos SET pro_margen_actual=-99.92,pro_precio_venta=1 WHERE pro_codigo_plu=780721762','',2,'2013-09-05'),(60944,'UPDATE mae_productos SET pro_margen_actual=-99.78,pro_precio_venta=1 WHERE pro_codigo_plu=780721761','',2,'2013-09-05'),(60945,'UPDATE mae_productos SET pro_margen_actual=38.06,pro_precio_venta=2990 WHERE pro_codigo_plu=2625','',2,'2013-09-05'),(60946,'UPDATE mae_productos SET pro_margen_actual=233.33,pro_precio_venta=200 WHERE pro_codigo_plu=4230','',2,'2013-09-05'),(60947,'UPDATE mae_productos SET pro_margen_actual=-99.61,pro_precio_venta=1 WHERE pro_codigo_plu=780721766','',2,'2013-09-05'),(60948,'UPDATE mae_productos SET pro_margen_actual=31.43,pro_precio_venta=599 WHERE pro_codigo_plu=16410','',2,'2013-09-05'),(60949,'UPDATE mae_productos SET pro_margen_actual=-99.94,pro_precio_venta=1 WHERE pro_codigo_plu=395150','',2,'2013-09-05'),(60950,'UPDATE mae_productos SET pro_margen_actual=-99.93,pro_precio_venta=1 WHERE pro_codigo_plu=395151','',2,'2013-09-05'),(60951,'UPDATE mae_productos SET pro_margen_actual=35.67,pro_precio_venta=335 WHERE pro_codigo_plu=17056','',2,'2013-09-05'),(60952,'UPDATE mae_productos SET pro_margen_actual=14.21,pro_precio_venta=990 WHERE pro_codigo_plu=780220167','',2,'2013-09-05'),(60953,'UPDATE mae_productos SET pro_margen_actual=-99.64,pro_precio_venta=1 WHERE pro_codigo_plu=780721765','',2,'2013-09-05'),(60954,'UPDATE mae_productos SET pro_margen_actual=-99.72,pro_precio_venta=1 WHERE pro_codigo_plu=780721764','',2,'2013-09-05'),(60955,'UPDATE mae_productos SET pro_margen_actual=43.99,pro_precio_venta=330 WHERE pro_codigo_plu=17040','',2,'2013-09-05'),(60956,'UPDATE mae_productos SET pro_margen_actual=40.69,pro_precio_venta=5190 WHERE pro_codigo_plu=211','',2,'2013-09-05'),(60957,'UPDATE mae_productos SET pro_margen_actual=32.21,pro_precio_venta=499 WHERE pro_codigo_plu=10413','',2,'2013-09-05'),(60958,'UPDATE mae_productos SET pro_margen_actual=35.63,pro_precio_venta=460 WHERE pro_codigo_plu=780721671','',2,'2013-09-05'),(60959,'UPDATE mae_productos SET pro_margen_actual=31.86,pro_precio_venta=590 WHERE pro_codigo_plu=18222','',2,'2013-09-05'),(60960,'UPDATE mae_productos SET pro_margen_actual=35,pro_precio_venta=4900 WHERE pro_codigo_plu=367','',2,'2013-09-05'),(60961,'UPDATE mae_productos SET pro_margen_actual=49.72,pro_precio_venta=6200 WHERE pro_codigo_plu=401','',2,'2013-09-05'),(60962,'UPDATE mae_productos SET pro_margen_actual=30.67,pro_precio_venta=1950 WHERE pro_codigo_plu=19383','',2,'2013-09-05'),(60963,'UPDATE mae_productos SET pro_margen_actual=35.89,pro_precio_venta=399 WHERE pro_codigo_plu=764337','',2,'2013-09-05'),(60964,'UPDATE mae_productos SET pro_margen_actual=34.13,pro_precio_venta=330 WHERE pro_codigo_plu=763580','',2,'2013-09-05'),(60965,'UPDATE mae_productos SET pro_margen_actual=37.48,pro_precio_venta=499 WHERE pro_codigo_plu=761918','',2,'2013-09-05'),(60966,'UPDATE mae_productos SET pro_margen_actual=36.13,pro_precio_venta=260 WHERE pro_codigo_plu=763578','',2,'2013-09-05'),(60967,'UPDATE mae_productos SET pro_codigo_barra=@@@909190@@@,pro_tipo=@@@0@@@,pro_nombre_producto=@@@PELOTA PIN PON X 1 UND@@@,pro_nombre_corto=@@@PELOTA PIN PON X@@@,med_id=@@@1@@@,emb_id=@@@3@@@,pro_unidades_embalaje=@@@0@@@,dep_id=@@@23 @@@,lin_id=@@@135@@@,mar_id=@@@2507@@@,pro_precio_compra_neto=@@@0@@@,pro_precio_compra_bruto=@@@60@@@,pro_precio_venta=@@@150@@@,pro_margen_actual=@@@150@@@,pro_oferta=@@@NO@@@,pro_fecha_inicio_oferta=@@@2006.09.07@@@,pro_fecha_termino_oferta=@@@2006.09.07@@@,pro_precio_oferta=@@@0@@@,pro_stock_minimo=@@@0@@@,pro_stock_critico=@@@0@@@,pro_activo=@@@1@@@,pro_unidad=@@@0@@@,pro_precio_compra_bruto=60,pro_margen_actual=150,pro_capacidad=1,pro_funcion_plu=0,pro_flejes=1,pro_iva=1,pro_plu_asociado=0,pro_envase=@@@NO@@@,pro_duracion=0,pro_numero_etiqueta=0 WHERE pro_codigo_plu=@@@909190@@@','',2,'2013-09-05'),(60968,'UPDATE mae_productos SET pro_estado=1 WHERE pro_codigo_plu=909190','',2,'2013-09-05'),(60969,'DELETE FROM mae_impuestos_productos WHERE pro_codigo_plu=@@@909190@@@','',2,'2013-09-05'),(60970,'UPDATE mae_productos SET pro_precio_venta=1590,pro_margen_actual= 60.61 WHERE pro_codigo_plu=3092','',2,'2013-09-05'),(60971,'UPDATE mae_productos SET pro_precio_venta=1100,pro_margen_actual= 61.76 WHERE pro_codigo_plu=3093','',2,'2013-09-05'),(60972,'UPDATE mae_productos SET pro_precio_venta=5990,pro_margen_actual= 44.34 WHERE pro_codigo_plu=780721739','',2,'2013-09-05'),(60973,'UPDATE mae_productos SET pro_precio_venta=990,pro_margen_actual= 73.68 WHERE pro_codigo_plu=200222','',2,'2013-09-05'),(60974,'UPDATE mae_productos SET pro_precio_venta=1190,pro_margen_actual= 71.22 WHERE pro_codigo_plu=200372','',2,'2013-09-05'),(60975,'UPDATE mae_productos SET pro_precio_venta=5100,pro_margen_actual= 43.66 WHERE pro_codigo_plu=780721738','',2,'2013-09-05'),(60976,'UPDATE mae_productos SET pro_precio_venta=1550,pro_margen_actual= 51.96 WHERE pro_codigo_plu=780721742','',2,'2013-09-05'),(60977,'UPDATE mae_productos SET pro_precio_venta=1650,pro_margen_actual= 51.38 WHERE pro_codigo_plu=780721744','',2,'2013-09-05'),(60978,'UPDATE mae_productos SET pro_precio_venta=1890,pro_margen_actual= 139.24 WHERE pro_codigo_plu=780721758','',2,'2013-09-05'),(60979,'UPDATE mae_productos SET pro_precio_venta=1890,pro_margen_actual= 139.24 WHERE pro_codigo_plu=780721760','',2,'2013-09-05'),(60980,'UPDATE mae_productos SET pro_precio_venta=3795,pro_margen_actual= 50 WHERE pro_codigo_plu=764030','',2,'2013-09-05'),(60981,'UPDATE mae_productos SET pro_precio_venta=1790,pro_margen_actual= 50.42 WHERE pro_codigo_plu=764729','',2,'2013-09-05'),(60982,'UPDATE mae_productos SET pro_precio_venta=1790,pro_margen_actual= 50.42 WHERE pro_codigo_plu=780721734','',2,'2013-09-05'),(60983,'UPDATE mae_productos SET pro_precio_venta=1790,pro_margen_actual= 50.42 WHERE pro_codigo_plu=764726','',2,'2013-09-05'),(60984,'UPDATE mae_productos SET pro_precio_venta=1790,pro_margen_actual= 50.42 WHERE pro_codigo_plu=764728','',2,'2013-09-05'),(60985,'UPDATE mae_productos SET pro_precio_venta=1790,pro_margen_actual= 50.42 WHERE pro_codigo_plu=780721735','',2,'2013-09-05'),(60986,'UPDATE mae_productos SET pro_precio_venta=3990,pro_margen_actual= 45.62 WHERE pro_codigo_plu=780721755','',2,'2013-09-05'),(60987,'UPDATE mae_productos SET pro_precio_venta=3990,pro_margen_actual= 45.62 WHERE pro_codigo_plu=780721757','',2,'2013-09-05'),(60988,'UPDATE mae_productos SET pro_precio_venta=3990,pro_margen_actual= 45.62 WHERE pro_codigo_plu=780721756','',2,'2013-09-05'),(60989,'UPDATE mae_productos SET pro_precio_venta=3990,pro_margen_actual= 45.62 WHERE pro_codigo_plu=780721753','',2,'2013-09-05'),(60990,'UPDATE mae_productos SET pro_precio_venta=3990,pro_margen_actual= 45.62 WHERE pro_codigo_plu=780721754','',2,'2013-09-05'),(60991,'UPDATE mae_productos SET pro_precio_venta=3990,pro_margen_actual= 46.15 WHERE pro_codigo_plu=780721740','',2,'2013-09-05'),(60992,'UPDATE mae_productos SET pro_precio_venta=850,pro_margen_actual= 57.41 WHERE pro_codigo_plu=78049','',2,'2013-09-05'),(60993,'UPDATE mae_productos SET pro_precio_venta=3650,pro_margen_actual= 44.84 WHERE pro_codigo_plu=78016979','',2,'2013-09-05'),(60994,'UPDATE mae_productos SET pro_precio_venta=3650,pro_margen_actual= 44.84 WHERE pro_codigo_plu=78016973','',2,'2013-09-05'),(60995,'UPDATE mae_productos SET pro_precio_venta=3650,pro_margen_actual= 44.84 WHERE pro_codigo_plu=78016978','',2,'2013-09-05'),(60996,'UPDATE mae_productos SET pro_precio_venta=890,pro_margen_actual= 81.63 WHERE pro_codigo_plu=101099','',2,'2013-09-05'),(60997,'UPDATE mae_productos SET pro_precio_venta=3990,pro_margen_actual= 48.05 WHERE pro_codigo_plu=780721736','',2,'2013-09-05'),(60998,'UPDATE mae_productos SET pro_precio_venta=2150,pro_margen_actual= 52.48 WHERE pro_codigo_plu=780721733','',2,'2013-09-05'),(60999,'UPDATE mae_productos SET pro_precio_venta=4750,pro_margen_actual= 50.79 WHERE pro_codigo_plu=780721737','',2,'2013-09-05'),(61000,'UPDATE mae_productos SET pro_precio_venta=3890,pro_margen_actual= 52.55 WHERE pro_codigo_plu=780721732','',2,'2013-09-05'),(61001,'UPDATE mae_productos SET pro_precio_venta=890,pro_margen_actual= 81.63 WHERE pro_codigo_plu=11602','',2,'2013-09-05'),(61002,'UPDATE mae_productos SET pro_precio_venta=300,pro_margen_actual= 106.9 WHERE pro_codigo_plu=101459','',2,'2013-09-05'),(61003,'UPDATE mae_productos SET pro_precio_venta=1390,pro_margen_actual= 56.18 WHERE pro_codigo_plu=780721741','',2,'2013-09-05'),(61004,'UPDATE mae_productos SET pro_precio_venta=1890,pro_margen_actual= 139.24 WHERE pro_codigo_plu=780721759','',2,'2013-09-05'),(61005,'UPDATE mae_productos SET pro_precio_venta=1890,pro_margen_actual= 139.24 WHERE pro_codigo_plu=14407','',2,'2013-09-05'),(61006,'UPDATE mae_productos SET pro_precio_venta=4990,pro_margen_actual= 49.4 WHERE pro_codigo_plu=20447','',2,'2013-09-05'),(61007,'UPDATE mae_productos SET pro_precio_venta=721,pro_margen_actual= 0.14 WHERE pro_codigo_plu=909190','',2,'2013-09-05'),(61008,'UPDATE mae_productos SET pro_precio_fiscal=pro_precio_venta WHERE pro_codigo_plu=780721747','',2,'2013-09-05'),(61009,'UPDATE mae_productos SET pro_precio_fiscal=pro_precio_venta WHERE pro_codigo_plu=780721749','',2,'2013-09-05'),(61010,'UPDATE mae_productos SET pro_precio_fiscal=pro_precio_venta WHERE pro_codigo_plu=780721750','',2,'2013-09-05'),(61011,'UPDATE mae_productos SET pro_precio_fiscal=pro_precio_venta WHERE pro_codigo_plu=780721746','',2,'2013-09-05'),(61012,'UPDATE mae_productos SET pro_precio_fiscal=pro_precio_venta WHERE pro_codigo_plu=780721748','',2,'2013-09-05'),(61013,'UPDATE mae_productos SET pro_precio_fiscal=pro_precio_venta WHERE pro_codigo_plu=780721745','',2,'2013-09-05'),(61014,'UPDATE mae_productos SET pro_precio_fiscal=pro_precio_venta WHERE pro_codigo_plu=3092','',2,'2013-09-05'),(61015,'UPDATE mae_productos SET pro_precio_fiscal=pro_precio_venta WHERE pro_codigo_plu=3093','',2,'2013-09-05'),(61016,'UPDATE mae_productos SET pro_precio_fiscal=pro_precio_venta WHERE pro_codigo_plu=780721739','',2,'2013-09-05'),(61017,'UPDATE mae_productos SET pro_precio_fiscal=pro_precio_venta WHERE pro_codigo_plu=200222','',2,'2013-09-05'),(61018,'UPDATE mae_productos SET pro_precio_fiscal=pro_precio_venta WHERE pro_codigo_plu=200372','',2,'2013-09-05'),(61019,'UPDATE mae_productos SET pro_precio_fiscal=pro_precio_venta WHERE pro_codigo_plu=4230','',2,'2013-09-05'),(61020,'UPDATE mae_productos SET pro_precio_fiscal=pro_precio_venta WHERE pro_codigo_plu=4242','',2,'2013-09-05'),(61021,'UPDATE mae_productos SET pro_precio_fiscal=pro_precio_venta WHERE pro_codigo_plu=780721738','',2,'2013-09-05'),(61022,'UPDATE mae_productos SET pro_precio_fiscal=pro_precio_venta WHERE pro_codigo_plu=780721742','',2,'2013-09-05'),(61023,'UPDATE mae_productos SET pro_precio_fiscal=pro_precio_venta WHERE pro_codigo_plu=780721743','',2,'2013-09-05'),(61024,'UPDATE mae_productos SET pro_precio_fiscal=pro_precio_venta WHERE pro_codigo_plu=780721744','',2,'2013-09-05'),(61025,'UPDATE mae_productos SET pro_precio_fiscal=pro_precio_venta WHERE pro_codigo_plu=764337','',2,'2013-09-05'),(61026,'UPDATE mae_productos SET pro_precio_fiscal=pro_precio_venta WHERE pro_codigo_plu=763578','',2,'2013-09-05'),(61027,'UPDATE mae_productos SET pro_precio_fiscal=pro_precio_venta WHERE pro_codigo_plu=763580','',2,'2013-09-05'),(61028,'UPDATE mae_productos SET pro_precio_fiscal=pro_precio_venta WHERE pro_codigo_plu=20001','',2,'2013-09-05'),(61029,'UPDATE mae_productos SET pro_precio_fiscal=pro_precio_venta WHERE pro_codigo_plu=2625','',2,'2013-09-05'),(61030,'UPDATE mae_productos SET pro_precio_fiscal=pro_precio_venta WHERE pro_codigo_plu=780721758','',2,'2013-09-05'),(61031,'UPDATE mae_productos SET pro_precio_fiscal=pro_precio_venta WHERE pro_codigo_plu=19383','',2,'2013-09-05'),(61032,'UPDATE mae_productos SET pro_precio_fiscal=pro_precio_venta WHERE pro_codigo_plu=16410','',2,'2013-09-05'),(61033,'UPDATE mae_productos SET pro_precio_fiscal=pro_precio_venta WHERE pro_codigo_plu=761918','',2,'2013-09-05'),(61034,'UPDATE mae_productos SET pro_precio_fiscal=pro_precio_venta WHERE pro_codigo_plu=17056','',2,'2013-09-05'),(61035,'UPDATE mae_productos SET pro_precio_fiscal=pro_precio_venta WHERE pro_codigo_plu=780721671','',2,'2013-09-05'),(61036,'UPDATE mae_productos SET pro_precio_fiscal=pro_precio_venta WHERE pro_codigo_plu=18222','',2,'2013-09-05'),(61037,'UPDATE mae_productos SET pro_precio_fiscal=pro_precio_venta WHERE pro_codigo_plu=10413','',2,'2013-09-05'),(61038,'UPDATE mae_productos SET pro_precio_fiscal=pro_precio_venta WHERE pro_codigo_plu=780721760','',2,'2013-09-05'),(61039,'UPDATE mae_productos SET pro_precio_fiscal=pro_precio_venta WHERE pro_codigo_plu=764030','',2,'2013-09-05'),(61040,'UPDATE mae_productos SET pro_precio_fiscal=pro_precio_venta WHERE pro_codigo_plu=764729','',2,'2013-09-05'),(61041,'UPDATE mae_productos SET pro_precio_fiscal=pro_precio_venta WHERE pro_codigo_plu=780721734','',2,'2013-09-05'),(61042,'UPDATE mae_productos SET pro_precio_fiscal=pro_precio_venta WHERE pro_codigo_plu=764726','',2,'2013-09-05'),(61043,'UPDATE mae_productos SET pro_precio_fiscal=pro_precio_venta WHERE pro_codigo_plu=764728','',2,'2013-09-05'),(61044,'UPDATE mae_productos SET pro_precio_fiscal=pro_precio_venta WHERE pro_codigo_plu=780721735','',2,'2013-09-05'),(61045,'UPDATE mae_productos SET pro_precio_fiscal=pro_precio_venta WHERE pro_codigo_plu=780721755','',2,'2013-09-05'),(61046,'UPDATE mae_productos SET pro_precio_fiscal=pro_precio_venta WHERE pro_codigo_plu=780721757','',2,'2013-09-05'),(61047,'UPDATE mae_productos SET pro_precio_fiscal=pro_precio_venta WHERE pro_codigo_plu=780721756','',2,'2013-09-05'),(61048,'UPDATE mae_productos SET pro_precio_fiscal=pro_precio_venta WHERE pro_codigo_plu=780721753','',2,'2013-09-05'),(61049,'UPDATE mae_productos SET pro_precio_fiscal=pro_precio_venta WHERE pro_codigo_plu=780721754','',2,'2013-09-05'),(61050,'UPDATE mae_productos SET pro_precio_fiscal=pro_precio_venta WHERE pro_codigo_plu=780721740','',2,'2013-09-05'),(61051,'UPDATE mae_productos SET pro_precio_fiscal=pro_precio_venta WHERE pro_codigo_plu=78049','',2,'2013-09-05'),(61052,'UPDATE mae_productos SET pro_precio_fiscal=pro_precio_venta WHERE pro_codigo_plu=78016979','',2,'2013-09-05'),(61053,'UPDATE mae_productos SET pro_precio_fiscal=pro_precio_venta WHERE pro_codigo_plu=78016973','',2,'2013-09-05'),(61054,'UPDATE mae_productos SET pro_precio_fiscal=pro_precio_venta WHERE pro_codigo_plu=78016978','',2,'2013-09-05'),(61055,'UPDATE mae_productos SET pro_precio_fiscal=pro_precio_venta WHERE pro_codigo_plu=262355','',2,'2013-09-05'),(61056,'UPDATE mae_productos SET pro_precio_fiscal=pro_precio_venta WHERE pro_codigo_plu=101099','',2,'2013-09-05'),(61057,'UPDATE mae_productos SET pro_precio_fiscal=pro_precio_venta WHERE pro_codigo_plu=780721736','',2,'2013-09-05'),(61058,'UPDATE mae_productos SET pro_precio_fiscal=pro_precio_venta WHERE pro_codigo_plu=780721733','',2,'2013-09-05'),(61059,'UPDATE mae_productos SET pro_precio_fiscal=pro_precio_venta WHERE pro_codigo_plu=780721737','',2,'2013-09-05'),(61060,'UPDATE mae_productos SET pro_precio_fiscal=pro_precio_venta WHERE pro_codigo_plu=780721732','',2,'2013-09-05'),(61061,'UPDATE mae_productos SET pro_precio_fiscal=pro_precio_venta WHERE pro_codigo_plu=11602','',2,'2013-09-05'),(61062,'UPDATE mae_productos SET pro_precio_fiscal=pro_precio_venta WHERE pro_codigo_plu=780721699','',2,'2013-09-05'),(61063,'UPDATE mae_productos SET pro_precio_fiscal=pro_precio_venta WHERE pro_codigo_plu=780721700','',2,'2013-09-05'),(61064,'UPDATE mae_productos SET pro_precio_fiscal=pro_precio_venta WHERE pro_codigo_plu=101459','',2,'2013-09-05'),(61065,'UPDATE mae_productos SET pro_precio_fiscal=pro_precio_venta WHERE pro_codigo_plu=780721741','',2,'2013-09-05'),(61066,'UPDATE mae_productos SET pro_precio_fiscal=pro_precio_venta WHERE pro_codigo_plu=780721759','',2,'2013-09-05'),(61067,'UPDATE mae_productos SET pro_precio_fiscal=pro_precio_venta WHERE pro_codigo_plu=14407','',2,'2013-09-05'),(61068,'UPDATE mae_productos SET pro_precio_fiscal=pro_precio_venta WHERE pro_codigo_plu=17040','',2,'2013-09-05'),(61069,'UPDATE mae_productos SET pro_precio_fiscal=pro_precio_venta WHERE pro_codigo_plu=20447','',2,'2013-09-05'),(61070,'UPDATE mae_productos SET pro_margen_actual=150,pro_precio_venta=150 WHERE pro_codigo_plu=909190','',2,'2013-09-05'),(61071,'UPDATE mae_productos SET pro_precio_fiscal=pro_precio_venta WHERE pro_codigo_plu=909190','',2,'2013-09-05'),(61072,'INSERT INTO gne_vale_ferreteria (vfe_id,vfe_fecha,vfe_total,vfe_estado,vfe_entregado,usu_nusuario) VALUES (9972,@@@2013.09.05@@@,640,1,0,@@@b_SAEZ@@@)','',2,'2013-09-05'),(61073,'INSERT INTO gne_vale_ferreteria_mov (vfe_id,pro_codigo_plu,vfm_cantidad,vfm_unitario,vfm_total,vfm_entregado) VALUES (9972,19865,1,640,640,@@@NO@@@)','',2,'2013-09-05'),(61074,'INSERT INTO gne_vale_ferreteria (vfe_id,vfe_fecha,vfe_total,vfe_estado,vfe_entregado,usu_nusuario) VALUES (9973,@@@2013.09.05@@@,2490,1,0,@@@b_SAEZ@@@)','',2,'2013-09-05'),(61075,'INSERT INTO gne_vale_ferreteria_mov (vfe_id,pro_codigo_plu,vfm_cantidad,vfm_unitario,vfm_total,vfm_entregado) VALUES (9973,9017,1,2490,2490,@@@NO@@@)','',2,'2013-09-05'),(61076,'UPDATE mae_productos SET pro_precio_compra_bruto=1762.19,pro_margen_actual=(pro_precio_venta-1762.19)/1762.19 * 100,pro_ultima_compra=@@@2013.09.05@@@,pro_ultimo_proveedor=@@@79984240-8@@@ WHERE pro_codigo_plu=762540','',2,'2013-09-05'),(61077,'UPDATE mae_productos SET pro_precio_compra_bruto=1762.19,pro_margen_actual=(pro_precio_venta-1762.19)/1762.19 * 100,pro_ultima_compra=@@@2013.09.05@@@,pro_ultimo_proveedor=@@@79984240-8@@@ WHERE pro_codigo_plu=765071','',2,'2013-09-05'),(61078,'UPDATE mae_productos SET pro_precio_compra_bruto=75,pro_margen_actual=(pro_precio_venta-75)/75 * 100,pro_ultima_compra=@@@2013.09.05@@@,pro_ultimo_proveedor=@@@79984240-8@@@ WHERE pro_codigo_plu=19719','',2,'2013-09-05'),(61079,'UPDATE mae_productos SET pro_precio_compra_bruto=700.91,pro_margen_actual=(pro_precio_venta-700.91)/700.91 * 100,pro_ultima_compra=@@@2013.09.05@@@,pro_ultimo_proveedor=@@@79984240-8@@@ WHERE pro_codigo_plu=19682','',2,'2013-09-05'),(61080,'UPDATE mae_productos SET pro_precio_compra_bruto=247.52,pro_margen_actual=(pro_precio_venta-247.52)/247.52 * 100,pro_ultima_compra=@@@2013.09.05@@@,pro_ultimo_proveedor=@@@79984240-8@@@ WHERE pro_codigo_plu=19695','',2,'2013-09-05'),(61081,'UPDATE mae_productos SET pro_precio_compra_bruto=247.52,pro_margen_actual=(pro_precio_venta-247.52)/247.52 * 100,pro_ultima_compra=@@@2013.09.05@@@,pro_ultimo_proveedor=@@@79984240-8@@@ WHERE pro_codigo_plu=19681','',2,'2013-09-05'),(61082,'UPDATE mae_productos SET pro_precio_compra_bruto=247.52,pro_margen_actual=(pro_precio_venta-247.52)/247.52 * 100,pro_ultima_compra=@@@2013.09.05@@@,pro_ultimo_proveedor=@@@79984240-8@@@ WHERE pro_codigo_plu=19677','',2,'2013-09-05'),(61083,'UPDATE mae_productos SET pro_precio_compra_bruto=291.55,pro_margen_actual=(pro_precio_venta-291.55)/291.55 * 100,pro_ultima_compra=@@@2013.09.05@@@,pro_ultimo_proveedor=@@@79984240-8@@@ WHERE pro_codigo_plu=11116','',2,'2013-09-05'),(61084,'UPDATE mae_productos SET pro_precio_compra_bruto=2499,pro_margen_actual=(pro_precio_venta-2499)/2499 * 100,pro_ultima_compra=@@@2013.09.05@@@,pro_ultimo_proveedor=@@@79984240-8@@@ WHERE pro_codigo_plu=780721731','',2,'2013-09-05'),(61085,'UPDATE mae_productos SET pro_precio_compra_bruto=702.1,pro_margen_actual=(pro_precio_venta-702.1)/702.1 * 100,pro_ultima_compra=@@@2013.09.05@@@,pro_ultimo_proveedor=@@@79984240-8@@@ WHERE pro_codigo_plu=11573','',2,'2013-09-05'),(61086,'UPDATE mae_productos SET pro_precio_compra_bruto=1344.7,pro_margen_actual=(pro_precio_venta-1344.7)/1344.7 * 100,pro_ultima_compra=@@@2013.09.05@@@,pro_ultimo_proveedor=@@@79984240-8@@@ WHERE pro_codigo_plu=763554','',2,'2013-09-05'),(61087,'UPDATE mae_productos SET pro_precio_compra_bruto=702.1,pro_margen_actual=(pro_precio_venta-702.1)/702.1 * 100,pro_ultima_compra=@@@2013.09.05@@@,pro_ultimo_proveedor=@@@79984240-8@@@ WHERE pro_codigo_plu=19680','',2,'2013-09-05'),(61088,'INSERT INTO gne_vale_ferreteria (vfe_id,vfe_fecha,vfe_total,vfe_estado,vfe_entregado,usu_nusuario) VALUES (9974,@@@2013.09.05@@@,1190,1,0,@@@b_SAEZ@@@)','',2,'2013-09-05'),(61089,'INSERT INTO gne_vale_ferreteria_mov (vfe_id,pro_codigo_plu,vfm_cantidad,vfm_unitario,vfm_total,vfm_entregado) VALUES (9974,765043,1,1190,1190,@@@NO@@@)','',2,'2013-09-05'),(61090,'UPDATE mae_productos SET pro_precio_venta=500,pro_margen_actual= 77.94 WHERE pro_codigo_plu=780721763','',2,'2013-09-05'),(61091,'UPDATE mae_productos SET pro_precio_venta=2390,pro_margen_actual= 49.31 WHERE pro_codigo_plu=395150','',2,'2013-09-05'),(61092,'UPDATE mae_productos SET pro_precio_venta=2290,pro_margen_actual= 51.64 WHERE pro_codigo_plu=395151','',2,'2013-09-05'),(61093,'UPDATE mae_productos SET pro_precio_venta=670,pro_margen_actual= 49.21 WHERE pro_codigo_plu=780721761','',2,'2013-09-05'),(61094,'UPDATE mae_productos SET pro_precio_venta=610,pro_margen_actual= 49.14 WHERE pro_codigo_plu=780721688','',2,'2013-09-05'),(61095,'UPDATE mae_productos SET pro_precio_venta=390,pro_margen_actual= 51.81 WHERE pro_codigo_plu=780721766','',2,'2013-09-05'),(61096,'UPDATE mae_productos SET pro_precio_venta=410,pro_margen_actual= 48.55 WHERE pro_codigo_plu=780721765','',2,'2013-09-05'),(61097,'UPDATE mae_productos SET pro_precio_venta=530,pro_margen_actual= 49.31 WHERE pro_codigo_plu=780721764','',2,'2013-09-05'),(61098,'UPDATE mae_productos SET pro_precio_venta=1890,pro_margen_actual= 48.37 WHERE pro_codigo_plu=780721762','',2,'2013-09-05'),(61099,'UPDATE mae_productos SET pro_precio_venta=990,pro_margen_actual= 98 WHERE pro_codigo_plu=202020','',2,'2013-09-05'),(61100,'UPDATE mae_productos SET pro_precio_venta=601,pro_margen_actual= 0.17 WHERE pro_codigo_plu=4230','',2,'2013-09-05'),(61101,'UPDATE mae_productos SET pro_precio_venta=2250,pro_margen_actual= 50 WHERE pro_codigo_plu=780721729','',2,'2013-09-05'),(61102,'UPDATE mae_productos SET pro_precio_venta=590,pro_margen_actual= 57.33 WHERE pro_codigo_plu=780721730','',2,'2013-09-05'),(61103,'UPDATE mae_productos SET pro_margen_actual=50,pro_precio_venta=2250 WHERE pro_codigo_plu=780721729','',2,'2013-09-05'),(61104,'UPDATE mae_productos SET pro_margen_actual=77.94,pro_precio_venta=500 WHERE pro_codigo_plu=780721763','',2,'2013-09-05'),(61105,'UPDATE mae_productos SET pro_margen_actual=48.37,pro_precio_venta=1890 WHERE pro_codigo_plu=780721762','',2,'2013-09-05'),(61106,'UPDATE mae_productos SET pro_margen_actual=49.21,pro_precio_venta=670 WHERE pro_codigo_plu=780721761','',2,'2013-09-05'),(61107,'UPDATE mae_productos SET pro_margen_actual=901.67,pro_precio_venta=601 WHERE pro_codigo_plu=4230','',2,'2013-09-05'),(61108,'UPDATE mae_productos SET pro_margen_actual=51.81,pro_precio_venta=390 WHERE pro_codigo_plu=780721766','',2,'2013-09-05'),(61109,'UPDATE mae_productos SET pro_margen_actual=49.31,pro_precio_venta=2390 WHERE pro_codigo_plu=395150','',2,'2013-09-05'),(61110,'UPDATE mae_productos SET pro_margen_actual=51.64,pro_precio_venta=2290 WHERE pro_codigo_plu=395151','',2,'2013-09-05'),(61111,'UPDATE mae_productos SET pro_margen_actual=98,pro_precio_venta=990 WHERE pro_codigo_plu=202020','',2,'2013-09-05'),(61112,'UPDATE mae_productos SET pro_margen_actual=49.14,pro_precio_venta=610 WHERE pro_codigo_plu=780721688','',2,'2013-09-05'),(61113,'UPDATE mae_productos SET pro_margen_actual=48.55,pro_precio_venta=410 WHERE pro_codigo_plu=780721765','',2,'2013-09-05'),(61114,'UPDATE mae_productos SET pro_margen_actual=49.31,pro_precio_venta=530 WHERE pro_codigo_plu=780721764','',2,'2013-09-05'),(61115,'UPDATE mae_productos SET pro_margen_actual=57.33,pro_precio_venta=590 WHERE pro_codigo_plu=780721730','',2,'2013-09-05'),(61116,'UPDATE mae_productos SET pro_margen_actual=18.75,pro_precio_venta=250 WHERE pro_codigo_plu=610','',2,'2013-09-05'),(61117,'UPDATE mae_productos SET pro_precio_fiscal=pro_precio_venta WHERE pro_codigo_plu=610','',2,'2013-09-05'),(61118,'UPDATE mae_productos SET pro_precio_fiscal=pro_precio_venta WHERE pro_codigo_plu=202020','',2,'2013-09-05'),(61119,'UPDATE mae_productos SET pro_precio_fiscal=pro_precio_venta WHERE pro_codigo_plu=211','',2,'2013-09-05'),(61120,'UPDATE mae_productos SET pro_precio_fiscal=pro_precio_venta WHERE pro_codigo_plu=780721763','',2,'2013-09-05'),(61121,'UPDATE mae_productos SET pro_precio_fiscal=pro_precio_venta WHERE pro_codigo_plu=367','',2,'2013-09-05'),(61122,'UPDATE mae_productos SET pro_precio_fiscal=pro_precio_venta WHERE pro_codigo_plu=395150','',2,'2013-09-05'),(61123,'UPDATE mae_productos SET pro_precio_fiscal=pro_precio_venta WHERE pro_codigo_plu=395151','',2,'2013-09-05'),(61124,'UPDATE mae_productos SET pro_precio_fiscal=pro_precio_venta WHERE pro_codigo_plu=401','',2,'2013-09-05'),(61125,'UPDATE mae_productos SET pro_precio_fiscal=pro_precio_venta WHERE pro_codigo_plu=780721761','',2,'2013-09-05'),(61126,'UPDATE mae_productos SET pro_precio_fiscal=pro_precio_venta WHERE pro_codigo_plu=780721688','',2,'2013-09-05'),(61127,'UPDATE mae_productos SET pro_precio_fiscal=pro_precio_venta WHERE pro_codigo_plu=780721766','',2,'2013-09-05'),(61128,'UPDATE mae_productos SET pro_precio_fiscal=pro_precio_venta WHERE pro_codigo_plu=780721765','',2,'2013-09-05'),(61129,'UPDATE mae_productos SET pro_precio_fiscal=pro_precio_venta WHERE pro_codigo_plu=780721764','',2,'2013-09-05'),(61130,'INSERT INTO gne_vale_ferreteria (vfe_id,vfe_fecha,vfe_total,vfe_estado,vfe_entregado,usu_nusuario) VALUES (9975,@@@2013.09.05@@@,300,1,0,@@@b_SAEZ@@@)','',2,'2013-09-05'),(61131,'INSERT INTO gne_vale_ferreteria_mov (vfe_id,pro_codigo_plu,vfm_cantidad,vfm_unitario,vfm_total,vfm_entregado) VALUES (9975,780721222,1,300,300,@@@NO@@@)','',2,'2013-09-05'),(61132,'UPDATE mae_productos SET pro_precio_fiscal=pro_precio_venta WHERE pro_codigo_plu=780721762','',2,'2013-09-05'),(61133,'UPDATE mae_productos SET pro_precio_fiscal=pro_precio_venta WHERE pro_codigo_plu=780721729','',2,'2013-09-05'),(61134,'UPDATE mae_productos SET pro_precio_fiscal=pro_precio_venta WHERE pro_codigo_plu=780721730','',2,'2013-09-05'),(61135,'INSERT INTO gne_vale_ferreteria (vfe_id,vfe_fecha,vfe_total,vfe_estado,vfe_entregado,usu_nusuario) VALUES (9976,@@@2013.09.05@@@,920,1,0,@@@b_SAEZ@@@)','',2,'2013-09-05'),(61136,'INSERT INTO gne_vale_ferreteria_mov (vfe_id,pro_codigo_plu,vfm_cantidad,vfm_unitario,vfm_total,vfm_entregado) VALUES (9976,764507,1,330,330,@@@NO@@@)','',2,'2013-09-05'),(61137,'INSERT INTO gne_vale_ferreteria_mov (vfe_id,pro_codigo_plu,vfm_cantidad,vfm_unitario,vfm_total,vfm_entregado) VALUES (9976,780721180,1,590,590,@@@NO@@@)','',2,'2013-09-05'),(61138,'INSERT INTO gne_vale_ferreteria (vfe_id,vfe_fecha,vfe_total,vfe_estado,vfe_entregado,usu_nusuario) VALUES (9977,@@@2013.09.05@@@,450,1,0,@@@b_SAEZ@@@)','',2,'2013-09-05'),(61139,'INSERT INTO gne_vale_ferreteria_mov (vfe_id,pro_codigo_plu,vfm_cantidad,vfm_unitario,vfm_total,vfm_entregado) VALUES (9977,764580,3,150,450,@@@NO@@@)','',2,'2013-09-05'),(61140,'INSERT INTO gne_vale_ferreteria (vfe_id,vfe_fecha,vfe_total,vfe_estado,vfe_entregado,usu_nusuario) VALUES (9978,@@@2013.09.05@@@,210,1,0,@@@b_SAEZ@@@)','',2,'2013-09-05'),(61141,'INSERT INTO gne_vale_ferreteria_mov (vfe_id,pro_codigo_plu,vfm_cantidad,vfm_unitario,vfm_total,vfm_entregado) VALUES (9978,78017027,3,70,210,@@@NO@@@)','',2,'2013-09-05'),(61142,'UPDATE mae_productos SET pro_margen_actual=137.03,pro_precio_venta=499 WHERE pro_codigo_plu=610','',2,'2013-09-05'),(61143,'UPDATE mae_productos SET pro_precio_fiscal=pro_precio_venta WHERE pro_codigo_plu=610','',2,'2013-09-05'),(61144,'UPDATE mae_productos SET pro_precio_fiscal=pro_precio_venta WHERE pro_codigo_plu=202020','',2,'2013-09-05'),(61145,'UPDATE mae_productos SET pro_precio_fiscal=pro_precio_venta WHERE pro_codigo_plu=780721763','',2,'2013-09-05'),(61146,'UPDATE mae_productos SET pro_precio_fiscal=pro_precio_venta WHERE pro_codigo_plu=395150','',2,'2013-09-05'),(61147,'UPDATE mae_productos SET pro_precio_fiscal=pro_precio_venta WHERE pro_codigo_plu=395151','',2,'2013-09-05'),(61148,'UPDATE mae_productos SET pro_precio_fiscal=pro_precio_venta WHERE pro_codigo_plu=780721761','',2,'2013-09-05'),(61149,'UPDATE mae_productos SET pro_precio_fiscal=pro_precio_venta WHERE pro_codigo_plu=780721688','',2,'2013-09-05'),(61150,'UPDATE mae_productos SET pro_precio_fiscal=pro_precio_venta WHERE pro_codigo_plu=780721766','',2,'2013-09-05'),(61151,'UPDATE mae_productos SET pro_precio_fiscal=pro_precio_venta WHERE pro_codigo_plu=780721765','',2,'2013-09-05'),(61152,'UPDATE mae_productos SET pro_precio_fiscal=pro_precio_venta WHERE pro_codigo_plu=780721764','',2,'2013-09-05'),(61153,'UPDATE mae_productos SET pro_precio_fiscal=pro_precio_venta WHERE pro_codigo_plu=4230','',2,'2013-09-05'),(61154,'UPDATE mae_productos SET pro_precio_fiscal=pro_precio_venta WHERE pro_codigo_plu=780721762','',2,'2013-09-05'),(61155,'INSERT INTO gne_vale_ferreteria (vfe_id,vfe_fecha,vfe_total,vfe_estado,vfe_entregado,usu_nusuario) VALUES (9979,@@@2013.09.05@@@,3690,1,0,@@@b_SAEZ@@@)','',2,'2013-09-05'),(61156,'INSERT INTO gne_vale_ferreteria_mov (vfe_id,pro_codigo_plu,vfm_cantidad,vfm_unitario,vfm_total,vfm_entregado) VALUES (9979,780721448,1,3690,3690,@@@NO@@@)','',2,'2013-09-05'),(61157,'INSERT INTO gne_vale_ferreteria (vfe_id,vfe_fecha,vfe_total,vfe_estado,vfe_entregado,usu_nusuario) VALUES (9980,@@@2013.09.05@@@,590,1,0,@@@b_SAEZ@@@)','',2,'2013-09-05'),(61158,'INSERT INTO gne_vale_ferreteria_mov (vfe_id,pro_codigo_plu,vfm_cantidad,vfm_unitario,vfm_total,vfm_entregado) VALUES (9980,780721716,1,590,590,@@@NO@@@)','',2,'2013-09-05'),(61159,'INSERT INTO gne_vale_ferreteria (vfe_id,vfe_fecha,vfe_total,vfe_estado,vfe_entregado,usu_nusuario) VALUES (9981,@@@2013.09.05@@@,420,1,0,@@@b_SAEZ@@@)','',2,'2013-09-05'),(61160,'INSERT INTO gne_vale_ferreteria_mov (vfe_id,pro_codigo_plu,vfm_cantidad,vfm_unitario,vfm_total,vfm_entregado) VALUES (9981,78017027,6,70,420,@@@NO@@@)','',2,'2013-09-05'),(61161,'INSERT INTO mae_productos (pro_codigo_plu,pro_codigo_barra,pro_tipo,pro_nombre_producto,pro_nombre_corto,med_id,emb_id,pro_unidades_embalaje,dep_id,lin_id,mar_id,pro_precio_compra_neto,pro_precio_compra_bruto,pro_precio_venta,pro_margen_actual,pro_oferta,pro_fecha_inicio_oferta,pro_fecha_termino_oferta,pro_precio_oferta,pro_stock_minimo,pro_stock_critico,pro_entradas_bodega,pro_salidas_bodega,pro_mermas_bodega,pro_ajustes_bodega,pro_entradas_sv,pro_salidas_sv,pro_mermas_sv,pro_ajustes_sv,pro_activo,rec_numero,pro_unidad,pro_capacidad,pro_consumo_bodega,pro_consumo_sv,pro_estado,pro_funcion_plu,pro_flejes,pro_iva,pro_plu_asociado,pro_envase,pro_duracion,pro_numero_etiqueta) VALUES (780721767,@@@78015203@@@,@@@0@@@,@@@DANKY 21 HELADO 145 ML@@@,@@@DANKY 21 HELADO @@@,@@@7 @@@,@@@6 @@@,@@@18@@@,@@@20 @@@,@@@109@@@,@@@22@@@,@@@0@@@,@@@1@@@,@@@1@@@,@@@0@@@,@@@@@@,@@@2006.09.07@@@,@@@2006.09.07@@@,@@@0@@@,@@@10@@@,@@@2@@@,@@@0@@@,@@@0@@@,@@@0@@@,@@@0@@@,@@@0@@@,@@@0@@@,@@@0@@@,@@@0@@@,@@@1@@@,@@@0@@@,0,145,0,0,2,0,1,1,0,@@@NO@@@,0,0)','',2,'2013-09-05'),(61162,'DELETE FROM mae_impuestos_productos WHERE pro_codigo_plu=@@@780721767@@@','',2,'2013-09-05'),(61163,'INSERT INTO gne_vale_ferreteria (vfe_id,vfe_fecha,vfe_total,vfe_estado,vfe_entregado,usu_nusuario) VALUES (9982,@@@2013.09.05@@@,480,1,0,@@@b_SAEZ@@@)','',2,'2013-09-05'),(61164,'INSERT INTO gne_vale_ferreteria_mov (vfe_id,pro_codigo_plu,vfm_cantidad,vfm_unitario,vfm_total,vfm_entregado) VALUES (9982,764766,4,120,480,@@@NO@@@)','',2,'2013-09-05'),(61165,'INSERT INTO gne_vale_ferreteria (vfe_id,vfe_fecha,vfe_total,vfe_estado,vfe_entregado,usu_nusuario) VALUES (9983,@@@2013.09.05@@@,210,1,0,@@@b_SAEZ@@@)','',2,'2013-09-05'),(61166,'INSERT INTO gne_vale_ferreteria_mov (vfe_id,pro_codigo_plu,vfm_cantidad,vfm_unitario,vfm_total,vfm_entregado) VALUES (9983,78017027,3,70,210,@@@NO@@@)','',2,'2013-09-05'),(61167,'INSERT INTO gne_vale_ferreteria (vfe_id,vfe_fecha,vfe_total,vfe_estado,vfe_entregado,usu_nusuario) VALUES (9984,@@@2013.09.05@@@,120,1,0,@@@b_SAEZ@@@)','',2,'2013-09-05'),(61168,'INSERT INTO gne_vale_ferreteria_mov (vfe_id,pro_codigo_plu,vfm_cantidad,vfm_unitario,vfm_total,vfm_entregado) VALUES (9984,12085,1,120,120,@@@NO@@@)','',2,'2013-09-05'),(61169,'INSERT INTO gne_vale_ferreteria (vfe_id,vfe_fecha,vfe_total,vfe_estado,vfe_entregado,usu_nusuario) VALUES (9985,@@@2013.09.05@@@,390,1,0,@@@b_SAEZ@@@)','',2,'2013-09-05'),(61170,'INSERT INTO gne_vale_ferreteria_mov (vfe_id,pro_codigo_plu,vfm_cantidad,vfm_unitario,vfm_total,vfm_entregado) VALUES (9985,78017027,3,70,210,@@@NO@@@)','',2,'2013-09-05'),(61171,'INSERT INTO gne_vale_ferreteria_mov (vfe_id,pro_codigo_plu,vfm_cantidad,vfm_unitario,vfm_total,vfm_entregado) VALUES (9985,15745,1,180,180,@@@NO@@@)','',2,'2013-09-05'),(61172,'INSERT INTO gne_vale_ferreteria (vfe_id,vfe_fecha,vfe_total,vfe_estado,vfe_entregado,usu_nusuario) VALUES (9986,@@@2013.09.05@@@,4790,1,0,@@@b_SAEZ@@@)','',2,'2013-09-05'),(61173,'INSERT INTO gne_vale_ferreteria_mov (vfe_id,pro_codigo_plu,vfm_cantidad,vfm_unitario,vfm_total,vfm_entregado) VALUES (9986,101624,1,1890,1890,@@@NO@@@)','',2,'2013-09-05'),(61174,'INSERT INTO gne_vale_ferreteria_mov (vfe_id,pro_codigo_plu,vfm_cantidad,vfm_unitario,vfm_total,vfm_entregado) VALUES (9986,12608,10,290,2900,@@@NO@@@)','',2,'2013-09-05'),(61175,'INSERT INTO mae_productos (pro_codigo_plu,pro_codigo_barra,pro_tipo,pro_nombre_producto,pro_nombre_corto,med_id,emb_id,pro_unidades_embalaje,dep_id,lin_id,mar_id,pro_precio_compra_neto,pro_precio_compra_bruto,pro_precio_venta,pro_margen_actual,pro_oferta,pro_fecha_inicio_oferta,pro_fecha_termino_oferta,pro_precio_oferta,pro_stock_minimo,pro_stock_critico,pro_entradas_bodega,pro_salidas_bodega,pro_mermas_bodega,pro_ajustes_bodega,pro_entradas_sv,pro_salidas_sv,pro_mermas_sv,pro_ajustes_sv,pro_activo,rec_numero,pro_unidad,pro_capacidad,pro_consumo_bodega,pro_consumo_sv,pro_estado,pro_funcion_plu,pro_flejes,pro_iva,pro_plu_asociado,pro_envase,pro_duracion,pro_numero_etiqueta) VALUES (780721768,@@@7613034450241@@@,@@@0@@@,@@@CONGHELADO HELADO SAVORY 60 ML@@@,@@@CONGHELADO HELAD@@@,@@@7 @@@,@@@6 @@@,@@@26@@@,@@@20 @@@,@@@109@@@,@@@22@@@,@@@0@@@,@@@274.89@@@,@@@350@@@,@@@27.32@@@,@@@@@@,@@@2006.09.07@@@,@@@2006.09.07@@@,@@@0@@@,@@@15@@@,@@@12@@@,@@@0@@@,@@@0@@@,@@@0@@@,@@@0@@@,@@@0@@@,@@@0@@@,@@@0@@@,@@@0@@@,@@@1@@@,@@@0@@@,0,60,0,0,2,0,1,1,0,@@@NO@@@,0,0)','',2,'2013-09-05'),(61176,'DELETE FROM mae_impuestos_productos WHERE pro_codigo_plu=@@@780721768@@@','',2,'2013-09-05'),(61177,'INSERT INTO gne_vale_ferreteria (vfe_id,vfe_fecha,vfe_total,vfe_estado,vfe_entregado,usu_nusuario) VALUES (9987,@@@2013.09.05@@@,90,1,0,@@@b_SAEZ@@@)','',2,'2013-09-05'),(61178,'INSERT INTO gne_vale_ferreteria_mov (vfe_id,pro_codigo_plu,vfm_cantidad,vfm_unitario,vfm_total,vfm_entregado) VALUES (9987,763596,1,90,90,@@@NO@@@)','',2,'2013-09-05'),(61179,'INSERT INTO gne_vale_ferreteria (vfe_id,vfe_fecha,vfe_total,vfe_estado,vfe_entregado,usu_nusuario) VALUES (9988,@@@2013.09.05@@@,210,1,0,@@@b_SAEZ@@@)','',2,'2013-09-05'),(61180,'INSERT INTO gne_vale_ferreteria_mov (vfe_id,pro_codigo_plu,vfm_cantidad,vfm_unitario,vfm_total,vfm_entregado) VALUES (9988,78017027,3,70,210,@@@NO@@@)','',2,'2013-09-05'),(61181,'INSERT INTO gne_vale_ferreteria (vfe_id,vfe_fecha,vfe_total,vfe_estado,vfe_entregado,usu_nusuario) VALUES (9989,@@@2013.09.05@@@,60,1,0,@@@b_SAEZ@@@)','',2,'2013-09-05'),(61182,'INSERT INTO gne_vale_ferreteria_mov (vfe_id,pro_codigo_plu,vfm_cantidad,vfm_unitario,vfm_total,vfm_entregado) VALUES (9989,764780,1,60,60,@@@NO@@@)','',2,'2013-09-05'),(61183,'UPDATE mae_productos SET pro_precio_compra_bruto=1274.49,pro_margen_actual=(pro_precio_venta-1274.49)/1274.49 * 100,pro_ultima_compra=@@@2013.09.05@@@,pro_ultimo_proveedor=@@@90703000-8@@@ WHERE pro_codigo_plu=15065','',2,'2013-09-05'),(61184,'UPDATE mae_productos SET pro_precio_compra_bruto=542.64,pro_margen_actual=(pro_precio_venta-542.64)/542.64 * 100,pro_ultima_compra=@@@2013.09.05@@@,pro_ultimo_proveedor=@@@90703000-8@@@ WHERE pro_codigo_plu=763939','',2,'2013-09-05'),(61185,'UPDATE mae_productos SET pro_precio_compra_bruto=542.64,pro_margen_actual=(pro_precio_venta-542.64)/542.64 * 100,pro_ultima_compra=@@@2013.09.05@@@,pro_ultimo_proveedor=@@@90703000-8@@@ WHERE pro_codigo_plu=763941','',2,'2013-09-05'),(61186,'UPDATE mae_productos SET pro_precio_compra_bruto=779.45,pro_margen_actual=(pro_precio_venta-779.45)/779.45 * 100,pro_ultima_compra=@@@2013.09.05@@@,pro_ultimo_proveedor=@@@90703000-8@@@ WHERE pro_codigo_plu=762948','',2,'2013-09-05'),(61187,'UPDATE mae_productos SET pro_precio_compra_bruto=274.89,pro_margen_actual=(pro_precio_venta-274.89)/274.89 * 100,pro_ultima_compra=@@@2013.09.05@@@,pro_ultimo_proveedor=@@@90703000-8@@@ WHERE pro_codigo_plu=780721768','',2,'2013-09-05'),(61188,'UPDATE mae_productos SET pro_precio_compra_bruto=779.45,pro_margen_actual=(pro_precio_venta-779.45)/779.45 * 100,pro_ultima_compra=@@@2013.09.05@@@,pro_ultimo_proveedor=@@@90703000-8@@@ WHERE pro_codigo_plu=780721767','',2,'2013-09-05'),(61189,'UPDATE mae_productos SET pro_precio_compra_bruto=77.35,pro_margen_actual=(pro_precio_venta-77.35)/77.35 * 100,pro_ultima_compra=@@@2013.09.05@@@,pro_ultimo_proveedor=@@@90703000-8@@@ WHERE pro_codigo_plu=763931','',2,'2013-09-05'),(61190,'UPDATE mae_productos SET pro_precio_compra_bruto=192.78,pro_margen_actual=(pro_precio_venta-192.78)/192.78 * 100,pro_ultima_compra=@@@2013.09.05@@@,pro_ultimo_proveedor=@@@90703000-8@@@ WHERE pro_codigo_plu=763929','',2,'2013-09-05'),(61191,'UPDATE mae_productos SET pro_precio_compra_bruto=276.08,pro_margen_actual=(pro_precio_venta-276.08)/276.08 * 100,pro_ultima_compra=@@@2013.09.05@@@,pro_ultimo_proveedor=@@@90703000-8@@@ WHERE pro_codigo_plu=780721638','',2,'2013-09-05'),(61192,'UPDATE mae_productos SET pro_precio_compra_bruto=196.35,pro_margen_actual=(pro_precio_venta-196.35)/196.35 * 100,pro_ultima_compra=@@@2013.09.05@@@,pro_ultimo_proveedor=@@@90703000-8@@@ WHERE pro_codigo_plu=763932','',2,'2013-09-05'),(61193,'UPDATE mae_productos SET pro_precio_venta=370,pro_margen_actual= 34.02 WHERE pro_codigo_plu=780721638','',2,'2013-09-05'),(61194,'UPDATE mae_productos SET pro_precio_venta=260,pro_margen_actual= 34.87 WHERE pro_codigo_plu=763929','',2,'2013-09-05'),(61195,'UPDATE mae_productos SET pro_precio_venta=1700,pro_margen_actual= 33.39 WHERE pro_codigo_plu=15065','',2,'2013-09-05'),(61196,'UPDATE mae_productos SET pro_precio_venta=1030,pro_margen_actual= 32.14 WHERE pro_codigo_plu=762948','',2,'2013-09-05'),(61197,'UPDATE mae_productos SET pro_precio_venta=260,pro_margen_actual= 32.42 WHERE pro_codigo_plu=763932','',2,'2013-09-05'),(61198,'UPDATE mae_productos SET pro_precio_venta=360,pro_margen_actual= 30.96 WHERE pro_codigo_plu=780721768','',2,'2013-09-05'),(61199,'UPDATE mae_productos SET pro_precio_venta=1000,pro_margen_actual= 28.3 WHERE pro_codigo_plu=780721767','',2,'2013-09-05'),(61200,'INSERT INTO gne_vale_ferreteria (vfe_id,vfe_fecha,vfe_total,vfe_estado,vfe_entregado,usu_nusuario) VALUES (9990,@@@2013.09.05@@@,600,1,0,@@@b_SAEZ@@@)','',2,'2013-09-05'),(61201,'INSERT INTO gne_vale_ferreteria_mov (vfe_id,pro_codigo_plu,vfm_cantidad,vfm_unitario,vfm_total,vfm_entregado) VALUES (9990,780721126,2,300,600,@@@NO@@@)','',2,'2013-09-05'),(61202,'UPDATE mae_productos SET pro_precio_venta=399,pro_margen_actual= 36.85 WHERE pro_codigo_plu=11116','',2,'2013-09-05'),(61203,'UPDATE mae_productos SET pro_precio_fiscal=pro_precio_venta WHERE pro_codigo_plu=780721638','',2,'2013-09-05'),(61204,'UPDATE mae_productos SET pro_precio_fiscal=pro_precio_venta WHERE pro_codigo_plu=763929','',2,'2013-09-05'),(61205,'UPDATE mae_productos SET pro_precio_fiscal=pro_precio_venta WHERE pro_codigo_plu=15065','',2,'2013-09-05'),(61206,'UPDATE mae_productos SET pro_precio_fiscal=pro_precio_venta WHERE pro_codigo_plu=762948','',2,'2013-09-05'),(61207,'UPDATE mae_productos SET pro_precio_fiscal=pro_precio_venta WHERE pro_codigo_plu=763932','',2,'2013-09-05'),(61208,'UPDATE mae_productos SET pro_precio_fiscal=pro_precio_venta WHERE pro_codigo_plu=780721768','',2,'2013-09-05'),(61209,'UPDATE mae_productos SET pro_precio_fiscal=pro_precio_venta WHERE pro_codigo_plu=780721767','',2,'2013-09-05'),(61210,'UPDATE mae_productos SET pro_precio_fiscal=pro_precio_venta WHERE pro_codigo_plu=11116','',2,'2013-09-05'),(61211,'INSERT INTO gne_vale_ferreteria (vfe_id,vfe_fecha,vfe_total,vfe_estado,vfe_entregado,usu_nusuario) VALUES (9991,@@@2013.09.05@@@,200,1,0,@@@b_SAEZ@@@)','',2,'2013-09-05'),(61212,'INSERT INTO gne_vale_ferreteria_mov (vfe_id,pro_codigo_plu,vfm_cantidad,vfm_unitario,vfm_total,vfm_entregado) VALUES (9991,3104,1,200,200,@@@NO@@@)','',2,'2013-09-05'),(61213,'INSERT INTO gne_vale_ferreteria (vfe_id,vfe_fecha,vfe_total,vfe_estado,vfe_entregado,usu_nusuario) VALUES (9992,@@@2013.09.05@@@,1780,1,0,@@@b_SAEZ@@@)','',2,'2013-09-05'),(61214,'INSERT INTO gne_vale_ferreteria_mov (vfe_id,pro_codigo_plu,vfm_cantidad,vfm_unitario,vfm_total,vfm_entregado) VALUES (9992,761974,2,890,1780,@@@NO@@@)','',2,'2013-09-05'),(61215,'INSERT INTO gne_vale_ferreteria (vfe_id,vfe_fecha,vfe_total,vfe_estado,vfe_entregado,usu_nusuario) VALUES (9993,@@@2013.09.05@@@,2480,1,0,@@@b_SAEZ@@@)','',2,'2013-09-05'),(61216,'INSERT INTO gne_vale_ferreteria_mov (vfe_id,pro_codigo_plu,vfm_cantidad,vfm_unitario,vfm_total,vfm_entregado) VALUES (9993,780721583,1,1100,1100,@@@NO@@@)','',2,'2013-09-05'),(61217,'INSERT INTO gne_vale_ferreteria_mov (vfe_id,pro_codigo_plu,vfm_cantidad,vfm_unitario,vfm_total,vfm_entregado) VALUES (9993,1050,2,690,1380,@@@NO@@@)','',2,'2013-09-05'),(61218,'INSERT INTO mae_productos (pro_codigo_plu,pro_codigo_barra,pro_tipo,pro_nombre_producto,pro_nombre_corto,med_id,emb_id,pro_unidades_embalaje,dep_id,lin_id,mar_id,pro_precio_compra_neto,pro_precio_compra_bruto,pro_precio_venta,pro_margen_actual,pro_oferta,pro_fecha_inicio_oferta,pro_fecha_termino_oferta,pro_precio_oferta,pro_stock_minimo,pro_stock_critico,pro_entradas_bodega,pro_salidas_bodega,pro_mermas_bodega,pro_ajustes_bodega,pro_entradas_sv,pro_salidas_sv,pro_mermas_sv,pro_ajustes_sv,pro_activo,rec_numero,pro_unidad,pro_capacidad,pro_consumo_bodega,pro_consumo_sv,pro_estado,pro_funcion_plu,pro_flejes,pro_iva,pro_plu_asociado,pro_envase,pro_duracion,pro_numero_etiqueta) VALUES (780721769,@@@7801610884416@@@,@@@0@@@,@@@AQUARIUS LIMON S/GAS 500ML@@@,@@@AQUARIUS LIMON S@@@,@@@7 @@@,@@@5 @@@,@@@1@@@,@@@4 @@@,@@@224@@@,@@@2399@@@,@@@0@@@,@@@508.41@@@,@@@1@@@,@@@-99.8@@@,@@@@@@,@@@2006.09.07@@@,@@@2006.09.07@@@,@@@0@@@,@@@12@@@,@@@4@@@,@@@0@@@,@@@0@@@,@@@0@@@,@@@0@@@,@@@0@@@,@@@0@@@,@@@0@@@,@@@0@@@,@@@1@@@,@@@0@@@,0,500,0,0,2,0,1,1,0,@@@NO@@@,0,0)','',2,'2013-09-05'),(61219,'DELETE FROM mae_impuestos_productos WHERE pro_codigo_plu=@@@780721769@@@','',2,'2013-09-05'),(61220,'UPDATE mae_productos SET pro_precio_compra_bruto=604.9,pro_margen_actual=(pro_precio_venta-604.9)/604.9 * 100,pro_ultima_compra=@@@2013.09.05@@@,pro_ultimo_proveedor=@@@78809560-0@@@ WHERE pro_codigo_plu=761872','',2,'2013-09-05'),(61221,'INSERT INTO gne_vale_ferreteria (vfe_id,vfe_fecha,vfe_total,vfe_estado,vfe_entregado,usu_nusuario) VALUES (9994,@@@2013.09.05@@@,260,1,0,@@@b_SAEZ@@@)','',2,'2013-09-05'),(61222,'INSERT INTO gne_vale_ferreteria_mov (vfe_id,pro_codigo_plu,vfm_cantidad,vfm_unitario,vfm_total,vfm_entregado) VALUES (9994,15929,2,130,260,@@@NO@@@)','',2,'2013-09-05'),(61223,'INSERT INTO gne_vale_ferreteria (vfe_id,vfe_fecha,vfe_total,vfe_estado,vfe_entregado,usu_nusuario) VALUES (9995,@@@2013.09.05@@@,3180,1,0,@@@b_SAEZ@@@)','',2,'2013-09-05'),(61224,'INSERT INTO gne_vale_ferreteria_mov (vfe_id,pro_codigo_plu,vfm_cantidad,vfm_unitario,vfm_total,vfm_entregado) VALUES (9995,780721598,1,1590,1590,@@@NO@@@)','',2,'2013-09-05'),(61225,'INSERT INTO gne_vale_ferreteria_mov (vfe_id,pro_codigo_plu,vfm_cantidad,vfm_unitario,vfm_total,vfm_entregado) VALUES (9995,12496,1,1590,1590,@@@NO@@@)','',2,'2013-09-05'),(61226,'INSERT INTO gne_vale_ferreteria (vfe_id,vfe_fecha,vfe_total,vfe_estado,vfe_entregado,usu_nusuario) VALUES (9996,@@@2013.09.05@@@,210,1,0,@@@b_SAEZ@@@)','',2,'2013-09-05'),(61227,'INSERT INTO gne_vale_ferreteria_mov (vfe_id,pro_codigo_plu,vfm_cantidad,vfm_unitario,vfm_total,vfm_entregado) VALUES (9996,78017027,3,70,210,@@@NO@@@)','',2,'2013-09-05'),(61228,'INSERT INTO gne_vale_ferreteria (vfe_id,vfe_fecha,vfe_total,vfe_estado,vfe_entregado,usu_nusuario) VALUES (9997,@@@2013.09.05@@@,270,1,0,@@@b_SAEZ@@@)','',2,'2013-09-05'),(61229,'INSERT INTO gne_vale_ferreteria_mov (vfe_id,pro_codigo_plu,vfm_cantidad,vfm_unitario,vfm_total,vfm_entregado) VALUES (9997,12085,1,120,120,@@@NO@@@)','',2,'2013-09-05'),(61230,'INSERT INTO gne_vale_ferreteria_mov (vfe_id,pro_codigo_plu,vfm_cantidad,vfm_unitario,vfm_total,vfm_entregado) VALUES (9997,9900006,1,150,150,@@@NO@@@)','',2,'2013-09-05'),(61231,'INSERT INTO gne_vale_ferreteria (vfe_id,vfe_fecha,vfe_total,vfe_estado,vfe_entregado,usu_nusuario) VALUES (9998,@@@2013.09.05@@@,1290,1,0,@@@b_SAEZ@@@)','',2,'2013-09-05'),(61232,'INSERT INTO gne_vale_ferreteria_mov (vfe_id,pro_codigo_plu,vfm_cantidad,vfm_unitario,vfm_total,vfm_entregado) VALUES (9998,764749,1,1290,1290,@@@NO@@@)','',2,'2013-09-05'),(61233,'INSERT INTO gne_vale_ferreteria (vfe_id,vfe_fecha,vfe_total,vfe_estado,vfe_entregado,usu_nusuario) VALUES (9999,@@@2013.09.05@@@,350,1,0,@@@b_SAEZ@@@)','',2,'2013-09-05'),(61234,'INSERT INTO gne_vale_ferreteria_mov (vfe_id,pro_codigo_plu,vfm_cantidad,vfm_unitario,vfm_total,vfm_entregado) VALUES (9999,4074,1,350,350,@@@NO@@@)','',2,'2013-09-05'),(61235,'INSERT INTO gne_vale_ferreteria (vfe_id,vfe_fecha,vfe_total,vfe_estado,vfe_entregado,usu_nusuario) VALUES (10000,@@@2013.09.05@@@,510,1,0,@@@b_SAEZ@@@)','',2,'2013-09-05'),(61236,'INSERT INTO gne_vale_ferreteria_mov (vfe_id,pro_codigo_plu,vfm_cantidad,vfm_unitario,vfm_total,vfm_entregado) VALUES (10000,78017027,3,70,210,@@@NO@@@)','',2,'2013-09-05'),(61237,'INSERT INTO gne_vale_ferreteria_mov (vfe_id,pro_codigo_plu,vfm_cantidad,vfm_unitario,vfm_total,vfm_entregado) VALUES (10000,1545,2,50,100,@@@NO@@@)','',2,'2013-09-05'),(61238,'INSERT INTO gne_vale_ferreteria_mov (vfe_id,pro_codigo_plu,vfm_cantidad,vfm_unitario,vfm_total,vfm_entregado) VALUES (10000,4130,2,100,200,@@@NO@@@)','',2,'2013-09-05'),(61239,'UPDATE mae_productos SET pro_precio_compra_bruto=677.9,pro_margen_actual=(pro_precio_venta-677.9)/677.9 * 100,pro_ultima_compra=@@@2013.09.05@@@,pro_ultimo_proveedor=@@@93281000-k@@@ WHERE pro_codigo_plu=18466','',2,'2013-09-05'),(61240,'UPDATE mae_productos SET pro_precio_compra_bruto=677.9,pro_margen_actual=(pro_precio_venta-677.9)/677.9 * 100,pro_ultima_compra=@@@2013.09.05@@@,pro_ultimo_proveedor=@@@93281000-k@@@ WHERE pro_codigo_plu=18504','',2,'2013-09-05'),(61241,'UPDATE mae_productos SET pro_precio_compra_bruto=677.9,pro_margen_actual=(pro_precio_venta-677.9)/677.9 * 100,pro_ultima_compra=@@@2013.09.05@@@,pro_ultimo_proveedor=@@@93281000-k@@@ WHERE pro_codigo_plu=763373','',2,'2013-09-05'),(61242,'UPDATE mae_productos SET pro_precio_compra_bruto=677.9,pro_margen_actual=(pro_precio_venta-677.9)/677.9 * 100,pro_ultima_compra=@@@2013.09.05@@@,pro_ultimo_proveedor=@@@93281000-k@@@ WHERE pro_codigo_plu=763372','',2,'2013-09-05'),(61243,'UPDATE mae_productos SET pro_precio_compra_bruto=1316.96,pro_margen_actual=(pro_precio_venta-1316.96)/1316.96 * 100,pro_ultima_compra=@@@2013.09.05@@@,pro_ultimo_proveedor=@@@93281000-k@@@ WHERE pro_codigo_plu=17162','',2,'2013-09-05'),(61244,'UPDATE mae_productos SET pro_precio_compra_bruto=1316.96,pro_margen_actual=(pro_precio_venta-1316.96)/1316.96 * 100,pro_ultima_compra=@@@2013.09.05@@@,pro_ultimo_proveedor=@@@93281000-k@@@ WHERE pro_codigo_plu=17219','',2,'2013-09-05'),(61245,'UPDATE mae_productos SET pro_precio_compra_bruto=1316.96,pro_margen_actual=(pro_precio_venta-1316.96)/1316.96 * 100,pro_ultima_compra=@@@2013.09.05@@@,pro_ultimo_proveedor=@@@93281000-k@@@ WHERE pro_codigo_plu=17334','',2,'2013-09-05'),(61246,'UPDATE mae_productos SET pro_precio_compra_bruto=388.98,pro_margen_actual=(pro_precio_venta-388.98)/388.98 * 100,pro_ultima_compra=@@@2013.09.05@@@,pro_ultimo_proveedor=@@@93281000-k@@@ WHERE pro_codigo_plu=17346','',2,'2013-09-05'),(61247,'UPDATE mae_productos SET pro_precio_compra_bruto=550.95,pro_margen_actual=(pro_precio_venta-550.95)/550.95 * 100,pro_ultima_compra=@@@2013.09.05@@@,pro_ultimo_proveedor=@@@93281000-k@@@ WHERE pro_codigo_plu=17204','',2,'2013-09-05'),(61248,'UPDATE mae_productos SET pro_precio_compra_bruto=296.6,pro_margen_actual=(pro_precio_venta-296.6)/296.6 * 100,pro_ultima_compra=@@@2013.09.05@@@,pro_ultimo_proveedor=@@@93281000-k@@@ WHERE pro_codigo_plu=17163','',2,'2013-09-05'),(61249,'UPDATE mae_productos SET pro_precio_compra_bruto=508.41,pro_margen_actual=(pro_precio_venta-508.41)/508.41 * 100,pro_ultima_compra=@@@2013.09.05@@@,pro_ultimo_proveedor=@@@93281000-k@@@ WHERE pro_codigo_plu=12597','',2,'2013-09-05'),(61250,'UPDATE mae_productos SET pro_precio_compra_bruto=508.41,pro_margen_actual=(pro_precio_venta-508.41)/508.41 * 100,pro_ultima_compra=@@@2013.09.05@@@,pro_ultimo_proveedor=@@@93281000-k@@@ WHERE pro_codigo_plu=12880','',2,'2013-09-05'),(61251,'UPDATE mae_productos SET pro_precio_compra_bruto=508.41,pro_margen_actual=(pro_precio_venta-508.41)/508.41 * 100,pro_ultima_compra=@@@2013.09.05@@@,pro_ultimo_proveedor=@@@93281000-k@@@ WHERE pro_codigo_plu=780721769','',2,'2013-09-05'),(61252,'UPDATE mae_productos SET pro_precio_compra_bruto=677.91,pro_margen_actual=(pro_precio_venta-677.91)/677.91 * 100,pro_ultima_compra=@@@2013.09.05@@@,pro_ultimo_proveedor=@@@93281000-k@@@ WHERE pro_codigo_plu=18468','',2,'2013-09-05'),(61253,'UPDATE mae_productos SET pro_precio_compra_bruto=720.33,pro_margen_actual=(pro_precio_venta-720.33)/720.33 * 100,pro_ultima_compra=@@@2013.09.05@@@,pro_ultimo_proveedor=@@@93281000-k@@@ WHERE pro_codigo_plu=763361','',2,'2013-09-05'),(61254,'UPDATE mae_productos SET pro_precio_compra_bruto=720.33,pro_margen_actual=(pro_precio_venta-720.33)/720.33 * 100,pro_ultima_compra=@@@2013.09.05@@@,pro_ultimo_proveedor=@@@93281000-k@@@ WHERE pro_codigo_plu=12601','',2,'2013-09-05'),(61255,'UPDATE mae_productos SET pro_precio_compra_bruto=720.33,pro_margen_actual=(pro_precio_venta-720.33)/720.33 * 100,pro_ultima_compra=@@@2013.09.05@@@,pro_ultimo_proveedor=@@@93281000-k@@@ WHERE pro_codigo_plu=12610','',2,'2013-09-05'),(61256,'UPDATE mae_productos SET pro_precio_compra_bruto=720.33,pro_margen_actual=(pro_precio_venta-720.33)/720.33 * 100,pro_ultima_compra=@@@2013.09.05@@@,pro_ultimo_proveedor=@@@93281000-k@@@ WHERE pro_codigo_plu=12600','',2,'2013-09-05'),(61257,'UPDATE mae_productos SET pro_precio_compra_bruto=508.41,pro_margen_actual=(pro_precio_venta-508.41)/508.41 * 100,pro_ultima_compra=@@@2013.09.05@@@,pro_ultimo_proveedor=@@@93281000-k@@@ WHERE pro_codigo_plu=12596','',2,'2013-09-05'),(61258,'UPDATE mae_productos SET pro_precio_venta=370,pro_margen_actual= 24.75 WHERE pro_codigo_plu=17163','',2,'2013-09-05'),(61259,'UPDATE mae_productos SET pro_precio_venta=600,pro_margen_actual= 18.01 WHERE pro_codigo_plu=12596','',2,'2013-09-05'),(61260,'UPDATE mae_productos SET pro_precio_venta=600,pro_margen_actual= 18.01 WHERE pro_codigo_plu=12597','',2,'2013-09-05'),(61261,'UPDATE mae_productos SET pro_precio_venta=900,pro_margen_actual= 24.94 WHERE pro_codigo_plu=12601','',2,'2013-09-05'),(61262,'UPDATE mae_productos SET pro_precio_venta=900,pro_margen_actual= 24.94 WHERE pro_codigo_plu=12600','',2,'2013-09-05'),(61263,'UPDATE mae_productos SET pro_precio_venta=600,pro_margen_actual= 18.01 WHERE pro_codigo_plu=12880','',2,'2013-09-05'),(61264,'UPDATE mae_productos SET pro_precio_venta=900,pro_margen_actual= 24.94 WHERE pro_codigo_plu=12610','',2,'2013-09-05'),(61265,'UPDATE mae_productos SET pro_precio_venta=600,pro_margen_actual= 18.01 WHERE pro_codigo_plu=780721769','',2,'2013-09-05'),(61266,'UPDATE mae_productos SET pro_precio_venta=900,pro_margen_actual= 24.94 WHERE pro_codigo_plu=763361','',2,'2013-09-05'),(61267,'INSERT INTO gne_vale_ferreteria (vfe_id,vfe_fecha,vfe_total,vfe_estado,vfe_entregado,usu_nusuario) VALUES (10001,@@@2013.09.05@@@,390,1,0,@@@b_SAEZ@@@)','',2,'2013-09-05'),(61268,'INSERT INTO gne_vale_ferreteria_mov (vfe_id,pro_codigo_plu,vfm_cantidad,vfm_unitario,vfm_total,vfm_entregado) VALUES (10001,1535,1,390,390,@@@NO@@@)','',2,'2013-09-05'),(61269,'INSERT INTO gne_vale_ferreteria (vfe_id,vfe_fecha,vfe_total,vfe_estado,vfe_entregado,usu_nusuario) VALUES (10002,@@@2013.09.05@@@,3990,1,0,@@@b_SAEZ@@@)','',2,'2013-09-05'),(61270,'INSERT INTO gne_vale_ferreteria_mov (vfe_id,pro_codigo_plu,vfm_cantidad,vfm_unitario,vfm_total,vfm_entregado) VALUES (10002,764850,1,3990,3990,@@@NO@@@)','',2,'2013-09-05'),(61271,'INSERT INTO gne_vale_ferreteria (vfe_id,vfe_fecha,vfe_total,vfe_estado,vfe_entregado,usu_nusuario) VALUES (10003,@@@2013.09.05@@@,690,1,0,@@@b_SAEZ@@@)','',2,'2013-09-05'),(61272,'INSERT INTO gne_vale_ferreteria_mov (vfe_id,pro_codigo_plu,vfm_cantidad,vfm_unitario,vfm_total,vfm_entregado) VALUES (10003,762000,1,690,690,@@@NO@@@)','',2,'2013-09-05'),(61273,'INSERT INTO gne_vale_ferreteria (vfe_id,vfe_fecha,vfe_total,vfe_estado,vfe_entregado,usu_nusuario) VALUES (10004,@@@2013.09.05@@@,100,1,0,@@@b_SAEZ@@@)','',2,'2013-09-05'),(61274,'INSERT INTO gne_vale_ferreteria_mov (vfe_id,pro_codigo_plu,vfm_cantidad,vfm_unitario,vfm_total,vfm_entregado) VALUES (10004,764833,10,10,100,@@@NO@@@)','',2,'2013-09-05'),(61275,'INSERT INTO gne_vale_ferreteria (vfe_id,vfe_fecha,vfe_total,vfe_estado,vfe_entregado,usu_nusuario) VALUES (10005,@@@2013.09.05@@@,690,1,0,@@@b_SAEZ@@@)','',2,'2013-09-05'),(61276,'INSERT INTO gne_vale_ferreteria_mov (vfe_id,pro_codigo_plu,vfm_cantidad,vfm_unitario,vfm_total,vfm_entregado) VALUES (10005,19804,1,690,690,@@@NO@@@)','',2,'2013-09-05'),(61277,'UPDATE mae_productos SET pro_precio_compra_bruto=1800,pro_margen_actual=(pro_precio_venta-1800)/1800 * 100,pro_ultima_compra=@@@2013.09.05@@@,pro_ultimo_proveedor=@@@14094193-K@@@ WHERE pro_codigo_plu=209','',2,'2013-09-05'),(61278,'INSERT INTO gne_vale_ferreteria (vfe_id,vfe_fecha,vfe_total,vfe_estado,vfe_entregado,usu_nusuario) VALUES (10006,@@@2013.09.06@@@,330,1,0,@@@b_SAEZ@@@)','',2,'2013-09-05'),(61279,'INSERT INTO gne_vale_ferreteria_mov (vfe_id,pro_codigo_plu,vfm_cantidad,vfm_unitario,vfm_total,vfm_entregado) VALUES (10006,78017027,3,70,210,@@@NO@@@)','',2,'2013-09-05'),(61280,'INSERT INTO gne_vale_ferreteria_mov (vfe_id,pro_codigo_plu,vfm_cantidad,vfm_unitario,vfm_total,vfm_entregado) VALUES (10006,12085,1,120,120,@@@NO@@@)','',2,'2013-09-05'),(61281,'UPDATE mae_productos SET pro_precio_compra_bruto=540,pro_margen_actual=(pro_precio_venta-540)/540 * 100,pro_ultima_compra=@@@2013.09.05@@@,pro_ultimo_proveedor=@@@77457730-0@@@ WHERE pro_codigo_plu=102649','',2,'2013-09-05'),(61282,'UPDATE mae_productos SET pro_precio_compra_bruto=319,pro_margen_actual=(pro_precio_venta-319)/319 * 100,pro_ultima_compra=@@@2013.09.05@@@,pro_ultimo_proveedor=@@@77457730-0@@@ WHERE pro_codigo_plu=15848','',2,'2013-09-05'),(61283,'UPDATE mae_productos SET pro_precio_compra_bruto=999,pro_margen_actual=(pro_precio_venta-999)/999 * 100,pro_ultima_compra=@@@2013.09.05@@@,pro_ultimo_proveedor=@@@77457730-0@@@ WHERE pro_codigo_plu=101727','',2,'2013-09-05'),(61284,'UPDATE mae_productos SET pro_precio_compra_bruto=1399,pro_margen_actual=(pro_precio_venta-1399)/1399 * 100,pro_ultima_compra=@@@2013.09.05@@@,pro_ultimo_proveedor=@@@77457730-0@@@ WHERE pro_codigo_plu=10021','',2,'2013-09-05'),(61285,'UPDATE mae_productos SET pro_precio_compra_bruto=1499,pro_margen_actual=(pro_precio_venta-1499)/1499 * 100,pro_ultima_compra=@@@2013.09.05@@@,pro_ultimo_proveedor=@@@77457730-0@@@ WHERE pro_codigo_plu=10012','',2,'2013-09-05'),(61286,'UPDATE mae_productos SET pro_precio_compra_bruto=1259,pro_margen_actual=(pro_precio_venta-1259)/1259 * 100,pro_ultima_compra=@@@2013.09.05@@@,pro_ultimo_proveedor=@@@77457730-0@@@ WHERE pro_codigo_plu=10047','',2,'2013-09-05'),(61287,'INSERT INTO gne_vale_ferreteria (vfe_id,vfe_fecha,vfe_total,vfe_estado,vfe_entregado,usu_nusuario) VALUES (10007,@@@2013.09.06@@@,750,1,0,@@@b_SAEZ@@@)','',2,'2013-09-05'),(61288,'INSERT INTO gne_vale_ferreteria_mov (vfe_id,pro_codigo_plu,vfm_cantidad,vfm_unitario,vfm_total,vfm_entregado) VALUES (10007,100365,1,750,750,@@@NO@@@)','',2,'2013-09-05'),(61289,'INSERT INTO gne_vale_ferreteria (vfe_id,vfe_fecha,vfe_total,vfe_estado,vfe_entregado,usu_nusuario) VALUES (10008,@@@2013.09.06@@@,70,1,0,@@@b_SAEZ@@@)','',2,'2013-09-05'),(61290,'INSERT INTO gne_vale_ferreteria_mov (vfe_id,pro_codigo_plu,vfm_cantidad,vfm_unitario,vfm_total,vfm_entregado) VALUES (10008,78017027,1,70,70,@@@NO@@@)','',2,'2013-09-05'),(61291,'UPDATE mae_productos SET pro_precio_venta=730,pro_margen_actual= 35.19 WHERE pro_codigo_plu=102649','',2,'2013-09-05'),(61292,'UPDATE mae_productos SET pro_precio_venta=450,pro_margen_actual= 41.07 WHERE pro_codigo_plu=15848','',2,'2013-09-05'),(61293,'UPDATE mae_productos SET pro_precio_venta=1990,pro_margen_actual= 32.76 WHERE pro_codigo_plu=10012','',2,'2013-09-05'),(61294,'UPDATE mae_productos SET pro_precio_venta=1650,pro_margen_actual= 31.06 WHERE pro_codigo_plu=10047','',2,'2013-09-05'),(61295,'UPDATE mae_productos SET pro_precio_fiscal=pro_precio_venta WHERE pro_codigo_plu=17163','',2,'2013-09-05'),(61296,'UPDATE mae_productos SET pro_precio_fiscal=pro_precio_venta WHERE pro_codigo_plu=12596','',2,'2013-09-05'),(61297,'UPDATE mae_productos SET pro_precio_fiscal=pro_precio_venta WHERE pro_codigo_plu=12597','',2,'2013-09-05'),(61298,'UPDATE mae_productos SET pro_precio_fiscal=pro_precio_venta WHERE pro_codigo_plu=12601','',2,'2013-09-05'),(61299,'UPDATE mae_productos SET pro_precio_fiscal=pro_precio_venta WHERE pro_codigo_plu=12600','',2,'2013-09-05'),(61300,'UPDATE mae_productos SET pro_precio_fiscal=pro_precio_venta WHERE pro_codigo_plu=12880','',2,'2013-09-05'),(61301,'UPDATE mae_productos SET pro_precio_fiscal=pro_precio_venta WHERE pro_codigo_plu=12610','',2,'2013-09-05'),(61302,'UPDATE mae_productos SET pro_precio_fiscal=pro_precio_venta WHERE pro_codigo_plu=780721769','',2,'2013-09-05'),(61303,'UPDATE mae_productos SET pro_precio_fiscal=pro_precio_venta WHERE pro_codigo_plu=763361','',2,'2013-09-05'),(61304,'UPDATE mae_productos SET pro_precio_fiscal=pro_precio_venta WHERE pro_codigo_plu=102649','',2,'2013-09-05'),(61305,'UPDATE mae_productos SET pro_precio_fiscal=pro_precio_venta WHERE pro_codigo_plu=15848','',2,'2013-09-05'),(61306,'UPDATE mae_productos SET pro_precio_fiscal=pro_precio_venta WHERE pro_codigo_plu=10012','',2,'2013-09-05'),(61307,'UPDATE mae_productos SET pro_precio_fiscal=pro_precio_venta WHERE pro_codigo_plu=10047','',2,'2013-09-05'),(61308,'INSERT INTO gne_vale_ferreteria (vfe_id,vfe_fecha,vfe_total,vfe_estado,vfe_entregado,usu_nusuario) VALUES (10009,@@@2013.09.06@@@,499,1,0,@@@b_SAEZ@@@)','',2,'2013-09-05'),(61309,'INSERT INTO gne_vale_ferreteria_mov (vfe_id,pro_codigo_plu,vfm_cantidad,vfm_unitario,vfm_total,vfm_entregado) VALUES (10009,780721670,1,499,499,@@@NO@@@)','',2,'2013-09-05'),(61310,'INSERT INTO gne_vale_ferreteria (vfe_id,vfe_fecha,vfe_total,vfe_estado,vfe_entregado,usu_nusuario) VALUES (10010,@@@2013.09.06@@@,40,1,0,@@@b_SAEZ@@@)','',2,'2013-09-05'),(61311,'INSERT INTO gne_vale_ferreteria_mov (vfe_id,pro_codigo_plu,vfm_cantidad,vfm_unitario,vfm_total,vfm_entregado) VALUES (10010,78016966,2,20,40,@@@NO@@@)','',2,'2013-09-05'),(61312,'UPDATE mae_productos SET pro_precio_compra_bruto=1000,pro_margen_actual=(pro_precio_venta-1000)/1000 * 100,pro_ultima_compra=@@@2013.09.05@@@,pro_ultimo_proveedor=@@@76717550-7@@@ WHERE pro_codigo_plu=383','',2,'2013-09-05'),(61313,'UPDATE mae_productos SET pro_precio_compra_bruto=85.21,pro_margen_actual=(pro_precio_venta-85.21)/85.21 * 100,pro_ultima_compra=@@@2013.09.05@@@,pro_ultimo_proveedor=@@@76041579-0@@@ WHERE pro_codigo_plu=8022','',2,'2013-09-05'),(61314,'UPDATE mae_productos SET pro_precio_compra_bruto=267.75,pro_margen_actual=(pro_precio_venta-267.75)/267.75 * 100,pro_ultima_compra=@@@2013.09.05@@@,pro_ultimo_proveedor=@@@76041579-0@@@ WHERE pro_codigo_plu=780721719','',2,'2013-09-05'),(61315,'UPDATE mae_productos SET pro_precio_compra_bruto=59.53,pro_margen_actual=(pro_precio_venta-59.53)/59.53 * 100,pro_ultima_compra=@@@2013.09.05@@@,pro_ultimo_proveedor=@@@76041579-0@@@ WHERE pro_codigo_plu=98100','',2,'2013-09-05'),(61316,'UPDATE mae_productos SET pro_precio_compra_bruto=58.55,pro_margen_actual=(pro_precio_venta-58.55)/58.55 * 100,pro_ultima_compra=@@@2013.09.05@@@,pro_ultimo_proveedor=@@@76041579-0@@@ WHERE pro_codigo_plu=770065','',2,'2013-09-05'),(61317,'UPDATE mae_productos SET pro_precio_compra_bruto=145.18,pro_margen_actual=(pro_precio_venta-145.18)/145.18 * 100,pro_ultima_compra=@@@2013.09.05@@@,pro_ultimo_proveedor=@@@76041579-0@@@ WHERE pro_codigo_plu=780721720','',2,'2013-09-05'),(61318,'UPDATE mae_productos SET pro_precio_compra_bruto=145.18,pro_margen_actual=(pro_precio_venta-145.18)/145.18 * 100,pro_ultima_compra=@@@2013.09.05@@@,pro_ultimo_proveedor=@@@76041579-0@@@ WHERE pro_codigo_plu=780721721','',2,'2013-09-05'),(61319,'UPDATE mae_productos SET pro_precio_compra_bruto=145.18,pro_margen_actual=(pro_precio_venta-145.18)/145.18 * 100,pro_ultima_compra=@@@2013.09.05@@@,pro_ultimo_proveedor=@@@76041579-0@@@ WHERE pro_codigo_plu=780721722','',2,'2013-09-05'),(61320,'UPDATE mae_productos SET pro_precio_compra_bruto=145.18,pro_margen_actual=(pro_precio_venta-145.18)/145.18 * 100,pro_ultima_compra=@@@2013.09.05@@@,pro_ultimo_proveedor=@@@76041579-0@@@ WHERE pro_codigo_plu=780721723','',2,'2013-09-05'),(61321,'UPDATE mae_productos SET pro_precio_compra_bruto=357,pro_margen_actual=(pro_precio_venta-357)/357 * 100,pro_ultima_compra=@@@2013.09.05@@@,pro_ultimo_proveedor=@@@76041579-0@@@ WHERE pro_codigo_plu=780721724','',2,'2013-09-05'),(61322,'UPDATE mae_productos SET pro_precio_compra_bruto=151.13,pro_margen_actual=(pro_precio_venta-151.13)/151.13 * 100,pro_ultima_compra=@@@2013.09.05@@@,pro_ultimo_proveedor=@@@76041579-0@@@ WHERE pro_codigo_plu=12000','',2,'2013-09-05'),(61323,'UPDATE mae_productos SET pro_precio_compra_bruto=151.13,pro_margen_actual=(pro_precio_venta-151.13)/151.13 * 100,pro_ultima_compra=@@@2013.09.05@@@,pro_ultimo_proveedor=@@@76041579-0@@@ WHERE pro_codigo_plu=780721725','',2,'2013-09-05'),(61324,'UPDATE mae_productos SET pro_precio_compra_bruto=1902.8,pro_margen_actual=(pro_precio_venta-1902.8)/1902.8 * 100,pro_ultima_compra=@@@2013.09.05@@@,pro_ultimo_proveedor=@@@76041579-0@@@ WHERE pro_codigo_plu=15921','',2,'2013-09-05'),(61325,'UPDATE mae_productos SET pro_precio_compra_bruto=188.02,pro_margen_actual=(pro_precio_venta-188.02)/188.02 * 100,pro_ultima_compra=@@@2013.09.05@@@,pro_ultimo_proveedor=@@@76041579-0@@@ WHERE pro_codigo_plu=780721439','',2,'2013-09-05'),(61326,'UPDATE mae_productos SET pro_precio_compra_bruto=209.202,pro_margen_actual=(pro_precio_venta-209.202)/209.202 * 100,pro_ultima_compra=@@@2013.09.05@@@,pro_ultimo_proveedor=@@@76041579-0@@@ WHERE pro_codigo_plu=764507','',2,'2013-09-05'),(61327,'UPDATE mae_productos SET pro_precio_compra_bruto=73.78,pro_margen_actual=(pro_precio_venta-73.78)/73.78 * 100,pro_ultima_compra=@@@2013.09.05@@@,pro_ultimo_proveedor=@@@76041579-0@@@ WHERE pro_codigo_plu=780721726','',2,'2013-09-05'),(61328,'UPDATE mae_productos SET pro_precio_compra_bruto=70.21,pro_margen_actual=(pro_precio_venta-70.21)/70.21 * 100,pro_ultima_compra=@@@2013.09.05@@@,pro_ultimo_proveedor=@@@76041579-0@@@ WHERE pro_codigo_plu=780721727','',2,'2013-09-05'),(61329,'UPDATE mae_productos SET pro_precio_compra_bruto=433.16,pro_margen_actual=(pro_precio_venta-433.16)/433.16 * 100,pro_ultima_compra=@@@2013.09.05@@@,pro_ultimo_proveedor=@@@76041579-0@@@ WHERE pro_codigo_plu=78017198','',2,'2013-09-05'),(61330,'UPDATE mae_productos SET pro_precio_compra_bruto=660.45,pro_margen_actual=(pro_precio_venta-660.45)/660.45 * 100,pro_ultima_compra=@@@2013.09.05@@@,pro_ultimo_proveedor=@@@76041579-0@@@ WHERE pro_codigo_plu=780721231','',2,'2013-09-05'),(61331,'UPDATE mae_productos SET pro_precio_compra_bruto=11.63,pro_margen_actual=(pro_precio_venta-11.63)/11.63 * 100,pro_ultima_compra=@@@2013.09.05@@@,pro_ultimo_proveedor=@@@76041579-0@@@ WHERE pro_codigo_plu=124154','',2,'2013-09-05'),(61332,'UPDATE mae_productos SET pro_precio_compra_bruto=143.99,pro_margen_actual=(pro_precio_venta-143.99)/143.99 * 100,pro_ultima_compra=@@@2013.09.05@@@,pro_ultimo_proveedor=@@@76041579-0@@@ WHERE pro_codigo_plu=763783','',2,'2013-09-05'),(61333,'UPDATE mae_productos SET pro_precio_compra_bruto=335.58,pro_margen_actual=(pro_precio_venta-335.58)/335.58 * 100,pro_ultima_compra=@@@2013.09.05@@@,pro_ultimo_proveedor=@@@76041579-0@@@ WHERE pro_codigo_plu=780721304','',2,'2013-09-05'),(61334,'UPDATE mae_productos SET pro_precio_venta=30,pro_margen_actual= 157.95 WHERE pro_codigo_plu=124154','',2,'2013-09-05'),(61335,'UPDATE mae_productos SET pro_precio_venta=300,pro_margen_actual= 59.56 WHERE pro_codigo_plu=780721439','',2,'2013-09-05'),(61336,'UPDATE mae_productos SET pro_precio_venta=2480,pro_margen_actual= 30.33 WHERE pro_codigo_plu=15921','',2,'2013-09-05'),(61337,'UPDATE mae_productos SET pro_precio_venta=230,pro_margen_actual= 58.42 WHERE pro_codigo_plu=780721721','',2,'2013-09-05'),(61338,'UPDATE mae_productos SET pro_precio_venta=230,pro_margen_actual= 58.42 WHERE pro_codigo_plu=780721723','',2,'2013-09-05'),(61339,'UPDATE mae_productos SET pro_precio_venta=230,pro_margen_actual= 58.42 WHERE pro_codigo_plu=780721720','',2,'2013-09-05'),(61340,'UPDATE mae_productos SET pro_precio_venta=230,pro_margen_actual= 58.42 WHERE pro_codigo_plu=780721722','',2,'2013-09-05'),(61341,'UPDATE mae_productos SET pro_precio_venta=430,pro_margen_actual= 60.6 WHERE pro_codigo_plu=780721719','',2,'2013-09-05'),(61342,'UPDATE mae_productos SET pro_precio_venta=550,pro_margen_actual= 54.06 WHERE pro_codigo_plu=780721724','',2,'2013-09-05'),(61343,'UPDATE mae_productos SET pro_precio_venta=150,pro_margen_actual= 103.31 WHERE pro_codigo_plu=780721726','',2,'2013-09-05'),(61344,'UPDATE mae_productos SET pro_precio_venta=300,pro_margen_actual= 98.5 WHERE pro_codigo_plu=780721725','',2,'2013-09-05'),(61345,'UPDATE mae_productos SET pro_precio_venta=300,pro_margen_actual= 98.5 WHERE pro_codigo_plu=12000','',2,'2013-09-05'),(61346,'UPDATE mae_productos SET pro_precio_venta=120,pro_margen_actual= 70.92 WHERE pro_codigo_plu=780721727','',2,'2013-09-05'),(61347,'UPDATE mae_productos SET pro_precio_venta=100,pro_margen_actual= 67.98 WHERE pro_codigo_plu=98100','',2,'2013-09-05'),(61348,'UPDATE mae_productos SET pro_precio_fiscal=pro_precio_venta WHERE pro_codigo_plu=124154','',2,'2013-09-05'),(61349,'UPDATE mae_productos SET pro_precio_fiscal=pro_precio_venta WHERE pro_codigo_plu=780721439','',2,'2013-09-05'),(61350,'UPDATE mae_productos SET pro_precio_fiscal=pro_precio_venta WHERE pro_codigo_plu=15921','',2,'2013-09-05'),(61351,'UPDATE mae_productos SET pro_precio_fiscal=pro_precio_venta WHERE pro_codigo_plu=780721721','',2,'2013-09-05'),(61352,'UPDATE mae_productos SET pro_precio_fiscal=pro_precio_venta WHERE pro_codigo_plu=780721723','',2,'2013-09-05'),(61353,'UPDATE mae_productos SET pro_precio_fiscal=pro_precio_venta WHERE pro_codigo_plu=780721720','',2,'2013-09-05'),(61354,'UPDATE mae_productos SET pro_precio_fiscal=pro_precio_venta WHERE pro_codigo_plu=780721722','',2,'2013-09-05'),(61355,'UPDATE mae_productos SET pro_precio_fiscal=pro_precio_venta WHERE pro_codigo_plu=780721719','',2,'2013-09-05'),(61356,'UPDATE mae_productos SET pro_precio_fiscal=pro_precio_venta WHERE pro_codigo_plu=780721724','',2,'2013-09-05'),(61357,'UPDATE mae_productos SET pro_precio_fiscal=pro_precio_venta WHERE pro_codigo_plu=780721726','',2,'2013-09-05'),(61358,'UPDATE mae_productos SET pro_precio_fiscal=pro_precio_venta WHERE pro_codigo_plu=780721725','',2,'2013-09-05'),(61359,'UPDATE mae_productos SET pro_precio_fiscal=pro_precio_venta WHERE pro_codigo_plu=12000','',2,'2013-09-05'),(61360,'UPDATE mae_productos SET pro_precio_fiscal=pro_precio_venta WHERE pro_codigo_plu=780721727','',2,'2013-09-05'),(61361,'UPDATE mae_productos SET pro_precio_fiscal=pro_precio_venta WHERE pro_codigo_plu=98100','',2,'2013-09-05'),(61362,'INSERT INTO gne_vale_ferreteria (vfe_id,vfe_fecha,vfe_total,vfe_estado,vfe_entregado,usu_nusuario) VALUES (10011,@@@2013.09.06@@@,1150,1,0,@@@b_SAEZ@@@)','',2,'2013-09-05'),(61363,'INSERT INTO gne_vale_ferreteria_mov (vfe_id,pro_codigo_plu,vfm_cantidad,vfm_unitario,vfm_total,vfm_entregado) VALUES (10011,4089,1,200,200,@@@NO@@@)','',2,'2013-09-05'),(61364,'INSERT INTO gne_vale_ferreteria_mov (vfe_id,pro_codigo_plu,vfm_cantidad,vfm_unitario,vfm_total,vfm_entregado) VALUES (10011,780721659,4,200,800,@@@NO@@@)','',2,'2013-09-05'),(61365,'INSERT INTO gne_vale_ferreteria_mov (vfe_id,pro_codigo_plu,vfm_cantidad,vfm_unitario,vfm_total,vfm_entregado) VALUES (10011,78017019,1,150,150,@@@NO@@@)','',2,'2013-09-05'),(61366,'INSERT INTO gne_vale_ferreteria (vfe_id,vfe_fecha,vfe_total,vfe_estado,vfe_entregado,usu_nusuario) VALUES (10012,@@@2013.09.06@@@,330,1,0,@@@b_SAEZ@@@)','',2,'2013-09-05'),(61367,'INSERT INTO gne_vale_ferreteria_mov (vfe_id,pro_codigo_plu,vfm_cantidad,vfm_unitario,vfm_total,vfm_entregado) VALUES (10012,78017027,3,70,210,@@@NO@@@)','',2,'2013-09-05'),(61368,'INSERT INTO gne_vale_ferreteria_mov (vfe_id,pro_codigo_plu,vfm_cantidad,vfm_unitario,vfm_total,vfm_entregado) VALUES (10012,12085,1,120,120,@@@NO@@@)','',2,'2013-09-05'),(61369,'INSERT INTO gne_vale_ferreteria (vfe_id,vfe_fecha,vfe_total,vfe_estado,vfe_entregado,usu_nusuario) VALUES (10013,@@@2013.09.06@@@,40,1,0,@@@b_SAEZ@@@)','',2,'2013-09-05'),(61370,'INSERT INTO gne_vale_ferreteria_mov (vfe_id,pro_codigo_plu,vfm_cantidad,vfm_unitario,vfm_total,vfm_entregado) VALUES (10013,78016966,2,20,40,@@@NO@@@)','',2,'2013-09-05'),(61371,'INSERT INTO gne_vale_ferreteria (vfe_id,vfe_fecha,vfe_total,vfe_estado,vfe_entregado,usu_nusuario) VALUES (10014,@@@2013.09.06@@@,2100,1,0,@@@b_SAEZ@@@)','',2,'2013-09-05'),(61372,'INSERT INTO gne_vale_ferreteria_mov (vfe_id,pro_codigo_plu,vfm_cantidad,vfm_unitario,vfm_total,vfm_entregado) VALUES (10014,78017228,1,2100,2100,@@@NO@@@)','',2,'2013-09-05'),(61373,'INSERT INTO gne_vale_ferreteria (vfe_id,vfe_fecha,vfe_total,vfe_estado,vfe_entregado,usu_nusuario) VALUES (10015,@@@2013.09.06@@@,1250,1,0,@@@b_SAEZ@@@)','',2,'2013-09-05'),(61374,'INSERT INTO gne_vale_ferreteria_mov (vfe_id,pro_codigo_plu,vfm_cantidad,vfm_unitario,vfm_total,vfm_entregado) VALUES (10015,763584,1,1250,1250,@@@NO@@@)','',2,'2013-09-05'),(61375,'INSERT INTO gne_vale_ferreteria (vfe_id,vfe_fecha,vfe_total,vfe_estado,vfe_entregado,usu_nusuario) VALUES (10016,@@@2013.09.06@@@,850,1,0,@@@b_SAEZ@@@)','',2,'2013-09-05'),(61376,'INSERT INTO gne_vale_ferreteria_mov (vfe_id,pro_codigo_plu,vfm_cantidad,vfm_unitario,vfm_total,vfm_entregado) VALUES (10016,780721714,1,850,850,@@@NO@@@)','',2,'2013-09-05'),(61377,'INSERT INTO gne_vale_ferreteria (vfe_id,vfe_fecha,vfe_total,vfe_estado,vfe_entregado,usu_nusuario) VALUES (10017,@@@2013.09.06@@@,900,1,0,@@@b_SAEZ@@@)','',2,'2013-09-05'),(61378,'INSERT INTO gne_vale_ferreteria_mov (vfe_id,pro_codigo_plu,vfm_cantidad,vfm_unitario,vfm_total,vfm_entregado) VALUES (10017,78017147,10,90,900,@@@NO@@@)','',2,'2013-09-05'),(61379,'INSERT INTO gne_vale_ferreteria (vfe_id,vfe_fecha,vfe_total,vfe_estado,vfe_entregado,usu_nusuario) VALUES (10018,@@@2013.09.06@@@,1790,1,0,@@@b_SAEZ@@@)','',2,'2013-09-05'),(61380,'INSERT INTO gne_vale_ferreteria_mov (vfe_id,pro_codigo_plu,vfm_cantidad,vfm_unitario,vfm_total,vfm_entregado) VALUES (10018,101563,1,1790,1790,@@@NO@@@)','',2,'2013-09-05'),(61381,'INSERT INTO gne_vale_ferreteria (vfe_id,vfe_fecha,vfe_total,vfe_estado,vfe_entregado,usu_nusuario) VALUES (10019,@@@2013.09.06@@@,740,1,0,@@@b_SAEZ@@@)','',2,'2013-09-05'),(61382,'INSERT INTO gne_vale_ferreteria_mov (vfe_id,pro_codigo_plu,vfm_cantidad,vfm_unitario,vfm_total,vfm_entregado) VALUES (10019,780220193,2,370,740,@@@NO@@@)','',2,'2013-09-05'),(61383,'INSERT INTO gne_vale_ferreteria (vfe_id,vfe_fecha,vfe_total,vfe_estado,vfe_entregado,usu_nusuario) VALUES (10020,@@@2013.09.06@@@,120,1,0,@@@b_SAEZ@@@)','',2,'2013-09-05'),(61384,'INSERT INTO gne_vale_ferreteria_mov (vfe_id,pro_codigo_plu,vfm_cantidad,vfm_unitario,vfm_total,vfm_entregado) VALUES (10020,8022,1,120,120,@@@NO@@@)','',2,'2013-09-05'),(61385,'UPDATE mae_productos SET pro_margen_actual=113.39,pro_precio_venta=2390 WHERE pro_codigo_plu=560','',2,'2013-09-05'),(61386,'UPDATE mae_productos SET pro_precio_fiscal=pro_precio_venta WHERE pro_codigo_plu=560','',2,'2013-09-05'),(61387,'UPDATE mae_productos SET pro_margen_actual=46.94,pro_precio_venta=720 WHERE pro_codigo_plu=762251','',2,'2013-09-05'),(61388,'UPDATE mae_productos SET pro_margen_actual=46.94,pro_precio_venta=720 WHERE pro_codigo_plu=1079','',2,'2013-09-05'),(61389,'UPDATE mae_productos SET pro_margen_actual=0,pro_precio_venta=720 WHERE pro_codigo_plu=10159','',2,'2013-09-05'),(61390,'UPDATE mae_productos SET pro_precio_fiscal=pro_precio_venta WHERE pro_codigo_plu=1079','',2,'2013-09-05'),(61391,'UPDATE mae_productos SET pro_precio_fiscal=pro_precio_venta WHERE pro_codigo_plu=762251','',2,'2013-09-05'),(61392,'INSERT INTO mae_productos (pro_codigo_plu,pro_codigo_barra,pro_tipo,pro_nombre_producto,pro_nombre_corto,med_id,emb_id,pro_unidades_embalaje,dep_id,lin_id,mar_id,pro_precio_compra_neto,pro_precio_compra_bruto,pro_precio_venta,pro_margen_actual,pro_oferta,pro_fecha_inicio_oferta,pro_fecha_termino_oferta,pro_precio_oferta,pro_stock_minimo,pro_stock_critico,pro_entradas_bodega,pro_salidas_bodega,pro_mermas_bodega,pro_ajustes_bodega,pro_entradas_sv,pro_salidas_sv,pro_mermas_sv,pro_ajustes_sv,pro_activo,rec_numero,pro_unidad,pro_capacidad,pro_consumo_bodega,pro_consumo_sv,pro_estado,pro_funcion_plu,pro_flejes,pro_iva,pro_plu_asociado,pro_envase,pro_duracion,pro_numero_etiqueta) VALUES (780721770,@@@09005822@@@,@@@0@@@,@@@BANDERA CHILENA 90*150@@@,@@@BANDERA CHILENA @@@,@@@1 @@@,@@@3 @@@,@@@0@@@,@@@38 @@@,@@@179@@@,@@@2507@@@,@@@0@@@,@@@0@@@,@@@1490@@@,@@@0@@@,@@@@@@,@@@2013.09.06@@@,@@@2013.09.06@@@,@@@0@@@,@@@0@@@,@@@0@@@,@@@0@@@,@@@0@@@,@@@0@@@,@@@0@@@,@@@0@@@,@@@0@@@,@@@0@@@,@@@0@@@,@@@1@@@,@@@0@@@,0,1,0,0,2,0,1,1,0,@@@NO@@@,0,0)','',2,'2013-09-05'),(61393,'DELETE FROM mae_impuestos_productos WHERE pro_codigo_plu=@@@780721770@@@','',2,'2013-09-05'),(61394,'INSERT INTO mae_productos (pro_codigo_plu,pro_codigo_barra,pro_tipo,pro_nombre_producto,pro_nombre_corto,med_id,emb_id,pro_unidades_embalaje,dep_id,lin_id,mar_id,pro_precio_compra_neto,pro_precio_compra_bruto,pro_precio_venta,pro_margen_actual,pro_oferta,pro_fecha_inicio_oferta,pro_fecha_termino_oferta,pro_precio_oferta,pro_stock_minimo,pro_stock_critico,pro_entradas_bodega,pro_salidas_bodega,pro_mermas_bodega,pro_ajustes_bodega,pro_entradas_sv,pro_salidas_sv,pro_mermas_sv,pro_ajustes_sv,pro_activo,rec_numero,pro_unidad,pro_capacidad,pro_consumo_bodega,pro_consumo_sv,pro_estado,pro_funcion_plu,pro_flejes,pro_iva,pro_plu_asociado,pro_envase,pro_duracion,pro_numero_etiqueta) VALUES (780721771,@@@780721771@@@,@@@0@@@,@@@BANDERA CHILENA 120*180@@@,@@@BANDERA CHILENA @@@,@@@1 @@@,@@@3 @@@,@@@0@@@,@@@38 @@@,@@@179@@@,@@@2507@@@,@@@0@@@,@@@0@@@,@@@2490@@@,@@@0@@@,@@@@@@,@@@2013.09.06@@@,@@@2013.09.06@@@,@@@0@@@,@@@0@@@,@@@0@@@,@@@0@@@,@@@0@@@,@@@0@@@,@@@0@@@,@@@0@@@,@@@0@@@,@@@0@@@,@@@0@@@,@@@1@@@,@@@0@@@,0,1,0,0,2,0,1,1,0,@@@NO@@@,0,0)','',2,'2013-09-05'),(61395,'DELETE FROM mae_impuestos_productos WHERE pro_codigo_plu=@@@780721771@@@','',2,'2013-09-05'),(61396,'UPDATE mae_productos SET pro_margen_actual=0,pro_precio_venta=2490 WHERE pro_codigo_plu=780721771','',2,'2013-09-05'),(61397,'UPDATE mae_productos SET pro_margen_actual=0,pro_precio_venta=1490 WHERE pro_codigo_plu=780721770','',2,'2013-09-05'),(61398,'UPDATE mae_productos SET pro_precio_fiscal=pro_precio_venta WHERE pro_codigo_plu=780721770','',2,'2013-09-05'),(61399,'UPDATE mae_productos SET pro_precio_fiscal=pro_precio_venta WHERE pro_codigo_plu=780721771','',2,'2013-09-05'),(61400,'INSERT INTO gne_vale_ferreteria (vfe_id,vfe_fecha,vfe_total,vfe_estado,vfe_entregado,usu_nusuario) VALUES (10021,@@@2013.09.06@@@,200,1,0,@@@b_SAEZ@@@)','',2,'2013-09-05'),(61401,'INSERT INTO gne_vale_ferreteria_mov (vfe_id,pro_codigo_plu,vfm_cantidad,vfm_unitario,vfm_total,vfm_entregado) VALUES (10021,101101,1,200,200,@@@NO@@@)','',2,'2013-09-05'),(61402,'INSERT INTO gne_vale_ferreteria (vfe_id,vfe_fecha,vfe_total,vfe_estado,vfe_entregado,usu_nusuario) VALUES (10022,@@@2013.09.06@@@,300,1,0,@@@b_SAEZ@@@)','',2,'2013-09-05'),(61403,'INSERT INTO gne_vale_ferreteria_mov (vfe_id,pro_codigo_plu,vfm_cantidad,vfm_unitario,vfm_total,vfm_entregado) VALUES (10022,2004,1,300,300,@@@NO@@@)','',2,'2013-09-05'),(61404,'INSERT INTO gne_vale_ferreteria (vfe_id,vfe_fecha,vfe_total,vfe_estado,vfe_entregado,usu_nusuario) VALUES (10023,@@@2013.09.06@@@,3470,1,0,@@@b_SAEZ@@@)','',2,'2013-09-05'),(61405,'INSERT INTO gne_vale_ferreteria_mov (vfe_id,pro_codigo_plu,vfm_cantidad,vfm_unitario,vfm_total,vfm_entregado) VALUES (10023,780721765,4,410,1640,@@@NO@@@)','',2,'2013-09-05'),(61406,'INSERT INTO gne_vale_ferreteria_mov (vfe_id,pro_codigo_plu,vfm_cantidad,vfm_unitario,vfm_total,vfm_entregado) VALUES (10023,780721688,3,610,1830,@@@NO@@@)','',2,'2013-09-05'),(61407,'INSERT INTO gne_vale_ferreteria (vfe_id,vfe_fecha,vfe_total,vfe_estado,vfe_entregado,usu_nusuario) VALUES (10024,@@@2013.09.06@@@,270,1,0,@@@b_SAEZ@@@)','',2,'2013-09-05'),(61408,'INSERT INTO gne_vale_ferreteria_mov (vfe_id,pro_codigo_plu,vfm_cantidad,vfm_unitario,vfm_total,vfm_entregado) VALUES (10024,9393,1,270,270,@@@NO@@@)','',2,'2013-09-05'),(61409,'INSERT INTO gne_vale_ferreteria (vfe_id,vfe_fecha,vfe_total,vfe_estado,vfe_entregado,usu_nusuario) VALUES (10025,@@@2013.09.06@@@,160,1,0,@@@b_SAEZ@@@)','',2,'2013-09-05'),(61410,'INSERT INTO gne_vale_ferreteria_mov (vfe_id,pro_codigo_plu,vfm_cantidad,vfm_unitario,vfm_total,vfm_entregado) VALUES (10025,78017027,1,70,70,@@@NO@@@)','',2,'2013-09-05'),(61411,'INSERT INTO gne_vale_ferreteria_mov (vfe_id,pro_codigo_plu,vfm_cantidad,vfm_unitario,vfm_total,vfm_entregado) VALUES (10025,78017026,1,90,90,@@@NO@@@)','',2,'2013-09-05'),(61412,'INSERT INTO gne_vale_ferreteria (vfe_id,vfe_fecha,vfe_total,vfe_estado,vfe_entregado,usu_nusuario) VALUES (10026,@@@2013.09.06@@@,240,1,0,@@@b_SAEZ@@@)','',2,'2013-09-05'),(61413,'INSERT INTO gne_vale_ferreteria_mov (vfe_id,pro_codigo_plu,vfm_cantidad,vfm_unitario,vfm_total,vfm_entregado) VALUES (10026,4080,6,40,240,@@@NO@@@)','',2,'2013-09-05'),(61414,'INSERT INTO gne_vale_ferreteria (vfe_id,vfe_fecha,vfe_total,vfe_estado,vfe_entregado,usu_nusuario) VALUES (10027,@@@2013.09.06@@@,550,1,0,@@@b_SAEZ@@@)','',2,'2013-09-05'),(61415,'INSERT INTO gne_vale_ferreteria_mov (vfe_id,pro_codigo_plu,vfm_cantidad,vfm_unitario,vfm_total,vfm_entregado) VALUES (10027,780721253,1,550,550,@@@NO@@@)','',2,'2013-09-05'),(61416,'INSERT INTO gne_vale_ferreteria (vfe_id,vfe_fecha,vfe_total,vfe_estado,vfe_entregado,usu_nusuario) VALUES (10028,@@@2013.09.06@@@,240,1,0,@@@b_SAEZ@@@)','',2,'2013-09-05'),(61417,'INSERT INTO gne_vale_ferreteria_mov (vfe_id,pro_codigo_plu,vfm_cantidad,vfm_unitario,vfm_total,vfm_entregado) VALUES (10028,78017016,1,120,120,@@@NO@@@)','',2,'2013-09-05'),(61418,'INSERT INTO gne_vale_ferreteria_mov (vfe_id,pro_codigo_plu,vfm_cantidad,vfm_unitario,vfm_total,vfm_entregado) VALUES (10028,78017204,1,120,120,@@@NO@@@)','',2,'2013-09-05'),(61419,'INSERT INTO gne_vale_ferreteria (vfe_id,vfe_fecha,vfe_total,vfe_estado,vfe_entregado,usu_nusuario) VALUES (10029,@@@2013.09.06@@@,3900,1,0,@@@b_SAEZ@@@)','',2,'2013-09-05'),(61420,'INSERT INTO gne_vale_ferreteria_mov (vfe_id,pro_codigo_plu,vfm_cantidad,vfm_unitario,vfm_total,vfm_entregado) VALUES (10029,5501,1,3900,3900,@@@NO@@@)','',2,'2013-09-05'),(61421,'INSERT INTO gne_vale_ferreteria (vfe_id,vfe_fecha,vfe_total,vfe_estado,vfe_entregado,usu_nusuario) VALUES (10030,@@@2013.09.06@@@,1790,1,0,@@@b_SAEZ@@@)','',2,'2013-09-05'),(61422,'INSERT INTO gne_vale_ferreteria_mov (vfe_id,pro_codigo_plu,vfm_cantidad,vfm_unitario,vfm_total,vfm_entregado) VALUES (10030,780721735,1,1790,1790,@@@NO@@@)','',2,'2013-09-05'),(61423,'INSERT INTO gne_vale_ferreteria (vfe_id,vfe_fecha,vfe_total,vfe_estado,vfe_entregado,usu_nusuario) VALUES (10031,@@@2013.09.06@@@,1390,1,0,@@@b_SAEZ@@@)','',2,'2013-09-05'),(61424,'INSERT INTO gne_vale_ferreteria_mov (vfe_id,pro_codigo_plu,vfm_cantidad,vfm_unitario,vfm_total,vfm_entregado) VALUES (10031,20440,1,1390,1390,@@@NO@@@)','',2,'2013-09-05'),(61425,'INSERT INTO gne_vale_ferreteria (vfe_id,vfe_fecha,vfe_total,vfe_estado,vfe_entregado,usu_nusuario) VALUES (10032,@@@2013.09.06@@@,330,1,0,@@@b_SAEZ@@@)','',2,'2013-09-05'),(61426,'INSERT INTO gne_vale_ferreteria_mov (vfe_id,pro_codigo_plu,vfm_cantidad,vfm_unitario,vfm_total,vfm_entregado) VALUES (10032,78017027,3,70,210,@@@NO@@@)','',2,'2013-09-05'),(61427,'INSERT INTO gne_vale_ferreteria_mov (vfe_id,pro_codigo_plu,vfm_cantidad,vfm_unitario,vfm_total,vfm_entregado) VALUES (10032,12085,1,120,120,@@@NO@@@)','',2,'2013-09-05'),(61428,'INSERT INTO gne_vale_ferreteria (vfe_id,vfe_fecha,vfe_total,vfe_estado,vfe_entregado,usu_nusuario) VALUES (10033,@@@2013.09.06@@@,210,1,0,@@@b_SAEZ@@@)','',2,'2013-09-05'),(61429,'INSERT INTO gne_vale_ferreteria_mov (vfe_id,pro_codigo_plu,vfm_cantidad,vfm_unitario,vfm_total,vfm_entregado) VALUES (10033,78017027,3,70,210,@@@NO@@@)','',2,'2013-09-05'),(61430,'INSERT INTO gne_vale_ferreteria (vfe_id,vfe_fecha,vfe_total,vfe_estado,vfe_entregado,usu_nusuario) VALUES (10034,@@@2013.09.06@@@,630,1,0,@@@b_SAEZ@@@)','',2,'2013-09-05'),(61431,'INSERT INTO gne_vale_ferreteria_mov (vfe_id,pro_codigo_plu,vfm_cantidad,vfm_unitario,vfm_total,vfm_entregado) VALUES (10034,800001,1,300,300,@@@NO@@@)','',2,'2013-09-05'),(61432,'INSERT INTO gne_vale_ferreteria_mov (vfe_id,pro_codigo_plu,vfm_cantidad,vfm_unitario,vfm_total,vfm_entregado) VALUES (10034,763588,1,330,330,@@@NO@@@)','',2,'2013-09-05'),(61433,'INSERT INTO gne_vale_ferreteria (vfe_id,vfe_fecha,vfe_total,vfe_estado,vfe_entregado,usu_nusuario) VALUES (10035,@@@2013.09.06@@@,90,1,0,@@@b_SAEZ@@@)','',2,'2013-09-05'),(61434,'INSERT INTO gne_vale_ferreteria_mov (vfe_id,pro_codigo_plu,vfm_cantidad,vfm_unitario,vfm_total,vfm_entregado) VALUES (10035,78017026,1,90,90,@@@NO@@@)','',2,'2013-09-05'),(61435,'INSERT INTO gne_vale_ferreteria (vfe_id,vfe_fecha,vfe_total,vfe_estado,vfe_entregado,usu_nusuario) VALUES (10036,@@@2013.09.06@@@,990,1,0,@@@b_SAEZ@@@)','',2,'2013-09-05'),(61436,'INSERT INTO gne_vale_ferreteria_mov (vfe_id,pro_codigo_plu,vfm_cantidad,vfm_unitario,vfm_total,vfm_entregado) VALUES (10036,2008,1,990,990,@@@NO@@@)','',2,'2013-09-05'),(61437,'INSERT INTO gne_vale_ferreteria (vfe_id,vfe_fecha,vfe_total,vfe_estado,vfe_entregado,usu_nusuario) VALUES (10037,@@@2013.09.06@@@,3580,1,0,@@@b_SAEZ@@@)','',2,'2013-09-05'),(61438,'INSERT INTO gne_vale_ferreteria_mov (vfe_id,pro_codigo_plu,vfm_cantidad,vfm_unitario,vfm_total,vfm_entregado) VALUES (10037,770086,1,2290,2290,@@@NO@@@)','',2,'2013-09-05'),(61439,'INSERT INTO gne_vale_ferreteria_mov (vfe_id,pro_codigo_plu,vfm_cantidad,vfm_unitario,vfm_total,vfm_entregado) VALUES (10037,780721627,1,1290,1290,@@@NO@@@)','',2,'2013-09-05'),(61440,'INSERT INTO gne_vale_ferreteria (vfe_id,vfe_fecha,vfe_total,vfe_estado,vfe_entregado,usu_nusuario) VALUES (10038,@@@2013.09.06@@@,350,1,0,@@@b_SAEZ@@@)','',2,'2013-09-05'),(61441,'INSERT INTO gne_vale_ferreteria_mov (vfe_id,pro_codigo_plu,vfm_cantidad,vfm_unitario,vfm_total,vfm_entregado) VALUES (10038,9292,1,350,350,@@@NO@@@)','',2,'2013-09-05'),(61442,'INSERT INTO gne_vale_ferreteria (vfe_id,vfe_fecha,vfe_total,vfe_estado,vfe_entregado,usu_nusuario) VALUES (10039,@@@2013.09.06@@@,820,1,0,@@@b_SAEZ@@@)','',2,'2013-09-05'),(61443,'INSERT INTO gne_vale_ferreteria_mov (vfe_id,pro_codigo_plu,vfm_cantidad,vfm_unitario,vfm_total,vfm_entregado) VALUES (10039,780721765,2,410,820,@@@NO@@@)','',2,'2013-09-05'),(61444,'INSERT INTO com_ventas_grupo (vgr_fecha,vgr_grupo,vgr_cantidad,vgr_total) VALUES (@@@2013.09.04@@@,1,182.56,105643)','',2,'2013-09-05'),(61445,'INSERT INTO com_ventas_grupo (vgr_fecha,vgr_grupo,vgr_cantidad,vgr_total) VALUES (@@@2013.09.04@@@,2,161.295,131080)','',2,'2013-09-05'),(61446,'INSERT INTO com_ventas_grupo (vgr_fecha,vgr_grupo,vgr_cantidad,vgr_total) VALUES (@@@2013.09.04@@@,3,261,63281)','',2,'2013-09-05'),(61447,'INSERT INTO com_ventas_grupo (vgr_fecha,vgr_grupo,vgr_cantidad,vgr_total) VALUES (@@@2013.09.04@@@,4,74,57146)','',2,'2013-09-05'),(61448,'INSERT INTO com_ventas_grupo (vgr_fecha,vgr_grupo,vgr_cantidad,vgr_total) VALUES (@@@2013.09.04@@@,5,2,7780)','',2,'2013-09-05'),(61449,'INSERT INTO com_ventas_grupo (vgr_fecha,vgr_grupo,vgr_cantidad,vgr_total) VALUES (@@@2013.09.04@@@,6,19,30524)','',2,'2013-09-05'),(61450,'INSERT INTO com_ventas_grupo (vgr_fecha,vgr_grupo,vgr_cantidad,vgr_total) VALUES (@@@2013.09.04@@@,7,12,18742)','',2,'2013-09-05'),(61451,'INSERT INTO com_ventas_grupo (vgr_fecha,vgr_grupo,vgr_cantidad,vgr_total) VALUES (@@@2013.09.04@@@,8,25,13590)','',2,'2013-09-05'),(61452,'INSERT INTO com_ventas_grupo (vgr_fecha,vgr_grupo,vgr_cantidad,vgr_total) VALUES (@@@2013.09.04@@@,9,84.315,138250)','',2,'2013-09-05'),(61453,'INSERT INTO com_ventas_grupo (vgr_fecha,vgr_grupo,vgr_cantidad,vgr_total) VALUES (@@@2013.09.04@@@,10,49.59,121320)','',2,'2013-09-05'),(61454,'INSERT INTO com_ventas_grupo (vgr_fecha,vgr_grupo,vgr_cantidad,vgr_total) VALUES (@@@2013.09.04@@@,11,22.845,49082)','',2,'2013-09-05'),(61455,'INSERT INTO com_ventas_grupo (vgr_fecha,vgr_grupo,vgr_cantidad,vgr_total) VALUES (@@@2013.09.04@@@,12,45.255,64653)','',2,'2013-09-05'),(61456,'INSERT INTO com_ventas_grupo (vgr_fecha,vgr_grupo,vgr_cantidad,vgr_total) VALUES (@@@2013.09.04@@@,13,13.315,32483)','',2,'2013-09-05'),(61457,'INSERT INTO com_ventas_grupo (vgr_fecha,vgr_grupo,vgr_cantidad,vgr_total) VALUES (@@@2013.09.04@@@,14,90.085,81991)','',2,'2013-09-05'),(61458,'INSERT INTO com_ventas_grupo (vgr_fecha,vgr_grupo,vgr_cantidad,vgr_total) VALUES (@@@2013.09.04@@@,16,7,1110)','',2,'2013-09-05'),(61459,'INSERT INTO com_ventas_grupo (vgr_fecha,vgr_grupo,vgr_cantidad,vgr_total) VALUES (@@@2013.09.04@@@,18,225.385,116756)','',2,'2013-09-05'),(61460,'INSERT INTO com_ventas_grupo (vgr_fecha,vgr_grupo,vgr_cantidad,vgr_total) VALUES (@@@2013.09.04@@@,20,125.305,33889)','',2,'2013-09-05'),(61461,'INSERT INTO com_ventas_grupo (vgr_fecha,vgr_grupo,vgr_cantidad,vgr_total) VALUES (@@@2013.09.04@@@,21,42,49810)','',2,'2013-09-05'),(61462,'INSERT INTO com_ventas_grupo (vgr_fecha,vgr_grupo,vgr_cantidad,vgr_total) VALUES (@@@2013.09.04@@@,23,3,3390)','',2,'2013-09-05'),(61463,'INSERT INTO com_ventas_grupo (vgr_fecha,vgr_grupo,vgr_cantidad,vgr_total) VALUES (@@@2013.09.04@@@,24,201,27774)','',2,'2013-09-05'),(61464,'INSERT INTO com_ventas_grupo (vgr_fecha,vgr_grupo,vgr_cantidad,vgr_total) VALUES (@@@2013.09.04@@@,25,87,126100)','',2,'2013-09-05'),(61465,'INSERT INTO com_ventas_grupo (vgr_fecha,vgr_grupo,vgr_cantidad,vgr_total) VALUES (@@@2013.09.04@@@,31,6,9680)','',2,'2013-09-05'),(61466,'INSERT INTO com_ventas_grupo (vgr_fecha,vgr_grupo,vgr_cantidad,vgr_total) VALUES (@@@2013.09.04@@@,32,311,103749)','',2,'2013-09-05'),(61467,'INSERT INTO com_ventas_grupo (vgr_fecha,vgr_grupo,vgr_cantidad,vgr_total) VALUES (@@@2013.09.04@@@,34,3,3600)','',2,'2013-09-05'),(61468,'INSERT INTO com_ventas_grupo (vgr_fecha,vgr_grupo,vgr_cantidad,vgr_total) VALUES (@@@2013.09.04@@@,35,15,26810)','',2,'2013-09-05'),(61469,'INSERT INTO com_ventas_grupo (vgr_fecha,vgr_grupo,vgr_cantidad,vgr_total) VALUES (@@@2013.09.04@@@,36,20,3810)','',2,'2013-09-05'),(61470,'INSERT INTO com_ventas_grupo (vgr_fecha,vgr_grupo,vgr_cantidad,vgr_total) VALUES (@@@2013.09.04@@@,37,4,1200)','',2,'2013-09-05'),(61471,'INSERT INTO com_ventas_grupo (vgr_fecha,vgr_grupo,vgr_cantidad,vgr_total) VALUES (@@@2013.09.04@@@,38,3,2070)','',2,'2013-09-05'),(61472,'INSERT INTO com_ventas_grupo (vgr_fecha,vgr_grupo,vgr_cantidad,vgr_total) VALUES (@@@2013.09.04@@@,39,3,4570)','',2,'2013-09-05'),(61473,'INSERT INTO com_ventas_grupo (vgr_fecha,vgr_grupo,vgr_cantidad,vgr_total) VALUES (@@@2013.09.04@@@,41,2,100)','',2,'2013-09-05'),(61474,'INSERT INTO com_ventas_grupo (vgr_fecha,vgr_grupo,vgr_cantidad,vgr_total) VALUES (@@@2013.09.04@@@,42,21.555,17899)','',2,'2013-09-05'),(61475,'UPDATE mae_datos_empresa SET emp_oferta=@@@NO@@@','',2,'2013-09-05'),(61476,'INSERT INTO gne_vale_ferreteria (vfe_id,vfe_fecha,vfe_total,vfe_estado,vfe_entregado,usu_nusuario) VALUES (10040,@@@2013.09.06@@@,300,1,0,@@@b_SAEZ@@@)','',2,'2013-09-05'),(61477,'INSERT INTO gne_vale_ferreteria_mov (vfe_id,pro_codigo_plu,vfm_cantidad,vfm_unitario,vfm_total,vfm_entregado) VALUES (10040,4130,3,100,300,@@@NO@@@)','',2,'2013-09-05'),(61478,'INSERT INTO gne_vale_ferreteria (vfe_id,vfe_fecha,vfe_total,vfe_estado,vfe_entregado,usu_nusuario) VALUES (10041,@@@2013.09.06@@@,480,1,0,@@@b_SAEZ@@@)','',2,'2013-09-05'),(61479,'INSERT INTO gne_vale_ferreteria_mov (vfe_id,pro_codigo_plu,vfm_cantidad,vfm_unitario,vfm_total,vfm_entregado) VALUES (10041,770001,6,80,480,@@@NO@@@)','',2,'2013-09-05'),(61480,'INSERT INTO gne_vale_ferreteria (vfe_id,vfe_fecha,vfe_total,vfe_estado,vfe_entregado,usu_nusuario) VALUES (10042,@@@2013.09.06@@@,1300,1,0,@@@b_SAEZ@@@)','',2,'2013-09-05'),(61481,'INSERT INTO gne_vale_ferreteria_mov (vfe_id,pro_codigo_plu,vfm_cantidad,vfm_unitario,vfm_total,vfm_entregado) VALUES (10042,763878,2,650,1300,@@@NO@@@)','',2,'2013-09-05'),(61482,'INSERT INTO gne_vale_ferreteria (vfe_id,vfe_fecha,vfe_total,vfe_estado,vfe_entregado,usu_nusuario) VALUES (10043,@@@2013.09.06@@@,1990,1,0,@@@m_martinez@@@)','',2,'2013-09-06'),(61483,'INSERT INTO gne_vale_ferreteria_mov (vfe_id,pro_codigo_plu,vfm_cantidad,vfm_unitario,vfm_total,vfm_entregado) VALUES (10043,764652,1,1990,1990,@@@NO@@@)','',2,'2013-09-06'),(61484,'INSERT INTO gne_vale_ferreteria (vfe_id,vfe_fecha,vfe_total,vfe_estado,vfe_entregado,usu_nusuario) VALUES (10044,@@@2013.09.06@@@,2330,1,0,@@@m_martinez@@@)','',2,'2013-09-06'),(61485,'INSERT INTO gne_vale_ferreteria_mov (vfe_id,pro_codigo_plu,vfm_cantidad,vfm_unitario,vfm_total,vfm_entregado) VALUES (10044,763624,1,750,750,@@@NO@@@)','',2,'2013-09-06'),(61486,'INSERT INTO gne_vale_ferreteria_mov (vfe_id,pro_codigo_plu,vfm_cantidad,vfm_unitario,vfm_total,vfm_entregado) VALUES (10044,1554,1,390,390,@@@NO@@@)','',2,'2013-09-06'),(61487,'INSERT INTO gne_vale_ferreteria_mov (vfe_id,pro_codigo_plu,vfm_cantidad,vfm_unitario,vfm_total,vfm_entregado) VALUES (10044,1540,1,300,300,@@@NO@@@)','',2,'2013-09-06'),(61488,'INSERT INTO gne_vale_ferreteria_mov (vfe_id,pro_codigo_plu,vfm_cantidad,vfm_unitario,vfm_total,vfm_entregado) VALUES (10044,990004,1,890,890,@@@NO@@@)','',2,'2013-09-06'),(61489,'INSERT INTO gne_vale_ferreteria (vfe_id,vfe_fecha,vfe_total,vfe_estado,vfe_entregado,usu_nusuario) VALUES (10045,@@@2013.09.06@@@,1890,1,0,@@@m_martinez@@@)','',2,'2013-09-06'),(61490,'INSERT INTO gne_vale_ferreteria_mov (vfe_id,pro_codigo_plu,vfm_cantidad,vfm_unitario,vfm_total,vfm_entregado) VALUES (10045,101620,1,1890,1890,@@@NO@@@)','',2,'2013-09-06'),(61491,'INSERT INTO gne_vale_ferreteria (vfe_id,vfe_fecha,vfe_total,vfe_estado,vfe_entregado,usu_nusuario) VALUES (10046,@@@2013.09.06@@@,690,1,0,@@@m_martinez@@@)','',2,'2013-09-06'),(61492,'INSERT INTO gne_vale_ferreteria_mov (vfe_id,pro_codigo_plu,vfm_cantidad,vfm_unitario,vfm_total,vfm_entregado) VALUES (10046,762000,1,690,690,@@@NO@@@)','',2,'2013-09-06'),(61493,'INSERT INTO gne_vale_ferreteria (vfe_id,vfe_fecha,vfe_total,vfe_estado,vfe_entregado,usu_nusuario) VALUES (10047,@@@2013.09.06@@@,240,1,0,@@@m_martinez@@@)','',2,'2013-09-06'),(61494,'INSERT INTO gne_vale_ferreteria_mov (vfe_id,pro_codigo_plu,vfm_cantidad,vfm_unitario,vfm_total,vfm_entregado) VALUES (10047,78017008,1,120,120,@@@NO@@@)','',2,'2013-09-06'),(61495,'INSERT INTO gne_vale_ferreteria_mov (vfe_id,pro_codigo_plu,vfm_cantidad,vfm_unitario,vfm_total,vfm_entregado) VALUES (10047,78017002,1,120,120,@@@NO@@@)','',2,'2013-09-06'),(61496,'INSERT INTO gne_vale_ferreteria (vfe_id,vfe_fecha,vfe_total,vfe_estado,vfe_entregado,usu_nusuario) VALUES (10048,@@@2013.09.06@@@,240,1,0,@@@m_martinez@@@)','',2,'2013-09-06'),(61497,'INSERT INTO gne_vale_ferreteria_mov (vfe_id,pro_codigo_plu,vfm_cantidad,vfm_unitario,vfm_total,vfm_entregado) VALUES (10048,763778,1,240,240,@@@NO@@@)','',2,'2013-09-06'),(61498,'INSERT INTO com_ventas_grupo (vgr_fecha,vgr_grupo,vgr_cantidad,vgr_total) VALUES (@@@2013.09.05@@@,1,223.665,171373)','',2,'2013-09-06'),(61499,'INSERT INTO com_ventas_grupo (vgr_fecha,vgr_grupo,vgr_cantidad,vgr_total) VALUES (@@@2013.09.05@@@,2,146.06,96460)','',2,'2013-09-06'),(61500,'INSERT INTO com_ventas_grupo (vgr_fecha,vgr_grupo,vgr_cantidad,vgr_total) VALUES (@@@2013.09.05@@@,3,354,68072)','',2,'2013-09-06'),(61501,'INSERT INTO com_ventas_grupo (vgr_fecha,vgr_grupo,vgr_cantidad,vgr_total) VALUES (@@@2013.09.05@@@,4,62,53531)','',2,'2013-09-06'),(61502,'INSERT INTO com_ventas_grupo (vgr_fecha,vgr_grupo,vgr_cantidad,vgr_total) VALUES (@@@2013.09.05@@@,5,3,9179)','',2,'2013-09-06'),(61503,'INSERT INTO com_ventas_grupo (vgr_fecha,vgr_grupo,vgr_cantidad,vgr_total) VALUES (@@@2013.09.05@@@,6,19,31113)','',2,'2013-09-06'),(61504,'INSERT INTO com_ventas_grupo (vgr_fecha,vgr_grupo,vgr_cantidad,vgr_total) VALUES (@@@2013.09.05@@@,7,45,83220)','',2,'2013-09-06'),(61505,'INSERT INTO com_ventas_grupo (vgr_fecha,vgr_grupo,vgr_cantidad,vgr_total) VALUES (@@@2013.09.05@@@,8,37,20830)','',2,'2013-09-06'),(61506,'INSERT INTO com_ventas_grupo (vgr_fecha,vgr_grupo,vgr_cantidad,vgr_total) VALUES (@@@2013.09.05@@@,9,80.43,143608)','',2,'2013-09-06'),(61507,'INSERT INTO com_ventas_grupo (vgr_fecha,vgr_grupo,vgr_cantidad,vgr_total) VALUES (@@@2013.09.05@@@,10,50.475,130779)','',2,'2013-09-06'),(61508,'INSERT INTO com_ventas_grupo (vgr_fecha,vgr_grupo,vgr_cantidad,vgr_total) VALUES (@@@2013.09.05@@@,11,26.935,58145)','',2,'2013-09-06'),(61509,'INSERT INTO com_ventas_grupo (vgr_fecha,vgr_grupo,vgr_cantidad,vgr_total) VALUES (@@@2013.09.05@@@,12,55.835,82569)','',2,'2013-09-06'),(61510,'INSERT INTO com_ventas_grupo (vgr_fecha,vgr_grupo,vgr_cantidad,vgr_total) VALUES (@@@2013.09.05@@@,13,9.265,30745)','',2,'2013-09-06'),(61511,'INSERT INTO com_ventas_grupo (vgr_fecha,vgr_grupo,vgr_cantidad,vgr_total) VALUES (@@@2013.09.05@@@,14,94.67,86123)','',2,'2013-09-06'),(61512,'INSERT INTO com_ventas_grupo (vgr_fecha,vgr_grupo,vgr_cantidad,vgr_total) VALUES (@@@2013.09.05@@@,16,4,620)','',2,'2013-09-06'),(61513,'INSERT INTO com_ventas_grupo (vgr_fecha,vgr_grupo,vgr_cantidad,vgr_total) VALUES (@@@2013.09.05@@@,18,195.81,111909)','',2,'2013-09-06'),(61514,'INSERT INTO com_ventas_grupo (vgr_fecha,vgr_grupo,vgr_cantidad,vgr_total) VALUES (@@@2013.09.05@@@,20,110.925,36710)','',2,'2013-09-06'),(61515,'INSERT INTO com_ventas_grupo (vgr_fecha,vgr_grupo,vgr_cantidad,vgr_total) VALUES (@@@2013.09.05@@@,21,51,30587)','',2,'2013-09-06'),(61516,'INSERT INTO com_ventas_grupo (vgr_fecha,vgr_grupo,vgr_cantidad,vgr_total) VALUES (@@@2013.09.05@@@,23,6,7480)','',2,'2013-09-06'),(61517,'INSERT INTO com_ventas_grupo (vgr_fecha,vgr_grupo,vgr_cantidad,vgr_total) VALUES (@@@2013.09.05@@@,24,153,34989)','',2,'2013-09-06'),(61518,'INSERT INTO com_ventas_grupo (vgr_fecha,vgr_grupo,vgr_cantidad,vgr_total) VALUES (@@@2013.09.05@@@,25,83,124300)','',2,'2013-09-06'),(61519,'INSERT INTO com_ventas_grupo (vgr_fecha,vgr_grupo,vgr_cantidad,vgr_total) VALUES (@@@2013.09.05@@@,27,1,890)','',2,'2013-09-06'),(61520,'INSERT INTO com_ventas_grupo (vgr_fecha,vgr_grupo,vgr_cantidad,vgr_total) VALUES (@@@2013.09.05@@@,31,16,17089)','',2,'2013-09-06'),(61521,'INSERT INTO com_ventas_grupo (vgr_fecha,vgr_grupo,vgr_cantidad,vgr_total) VALUES (@@@2013.09.05@@@,32,383,107556)','',2,'2013-09-06'),(61522,'INSERT INTO com_ventas_grupo (vgr_fecha,vgr_grupo,vgr_cantidad,vgr_total) VALUES (@@@2013.09.05@@@,35,27,23449)','',2,'2013-09-06'),(61523,'INSERT INTO com_ventas_grupo (vgr_fecha,vgr_grupo,vgr_cantidad,vgr_total) VALUES (@@@2013.09.05@@@,36,18,1720)','',2,'2013-09-06'),(61524,'INSERT INTO com_ventas_grupo (vgr_fecha,vgr_grupo,vgr_cantidad,vgr_total) VALUES (@@@2013.09.05@@@,37,3,800)','',2,'2013-09-06'),(61525,'INSERT INTO com_ventas_grupo (vgr_fecha,vgr_grupo,vgr_cantidad,vgr_total) VALUES (@@@2013.09.05@@@,38,7,3650)','',2,'2013-09-06'),(61526,'INSERT INTO com_ventas_grupo (vgr_fecha,vgr_grupo,vgr_cantidad,vgr_total) VALUES (@@@2013.09.05@@@,39,3,6750)','',2,'2013-09-06'),(61527,'INSERT INTO com_ventas_grupo (vgr_fecha,vgr_grupo,vgr_cantidad,vgr_total) VALUES (@@@2013.09.05@@@,41,3,150)','',2,'2013-09-06'),(61528,'INSERT INTO com_ventas_grupo (vgr_fecha,vgr_grupo,vgr_cantidad,vgr_total) VALUES (@@@2013.09.05@@@,42,18.325,17890)','',2,'2013-09-06'),(61529,'UPDATE mae_datos_empresa SET emp_oferta=@@@NO@@@','',2,'2013-09-06'),(61530,'INSERT INTO gne_vale_ferreteria (vfe_id,vfe_fecha,vfe_total,vfe_estado,vfe_entregado,usu_nusuario) VALUES (10049,@@@2013.09.06@@@,600,1,0,@@@m_martinez@@@)','',2,'2013-09-06'),(61531,'INSERT INTO gne_vale_ferreteria_mov (vfe_id,pro_codigo_plu,vfm_cantidad,vfm_unitario,vfm_total,vfm_entregado) VALUES (10049,780721222,2,300,600,@@@NO@@@)','',2,'2013-09-06'),(61532,'INSERT INTO gne_vale_ferreteria (vfe_id,vfe_fecha,vfe_total,vfe_estado,vfe_entregado,usu_nusuario) VALUES (10050,@@@2013.09.06@@@,350,1,0,@@@m_martinez@@@)','',2,'2013-09-06'),(61533,'INSERT INTO gne_vale_ferreteria_mov (vfe_id,pro_codigo_plu,vfm_cantidad,vfm_unitario,vfm_total,vfm_entregado) VALUES (10050,763723,1,350,350,@@@NO@@@)','',2,'2013-09-06'),(61534,'INSERT INTO gne_vale_ferreteria (vfe_id,vfe_fecha,vfe_total,vfe_estado,vfe_entregado,usu_nusuario) VALUES (10051,@@@2013.09.06@@@,550,1,0,@@@m_martinez@@@)','',2,'2013-09-06'),(61535,'INSERT INTO gne_vale_ferreteria_mov (vfe_id,pro_codigo_plu,vfm_cantidad,vfm_unitario,vfm_total,vfm_entregado) VALUES (10051,780721140,1,550,550,@@@NO@@@)','',2,'2013-09-06'),(61536,'INSERT INTO gne_vale_ferreteria (vfe_id,vfe_fecha,vfe_total,vfe_estado,vfe_entregado,usu_nusuario) VALUES (10052,@@@2013.09.06@@@,670,1,0,@@@m_martinez@@@)','',2,'2013-09-06'),(61537,'INSERT INTO gne_vale_ferreteria_mov (vfe_id,pro_codigo_plu,vfm_cantidad,vfm_unitario,vfm_total,vfm_entregado) VALUES (10052,11378,1,670,670,@@@NO@@@)','',2,'2013-09-06'),(61538,'INSERT INTO gne_vale_ferreteria (vfe_id,vfe_fecha,vfe_total,vfe_estado,vfe_entregado,usu_nusuario) VALUES (10053,@@@2013.09.06@@@,15570,1,0,@@@m_martinez@@@)','',2,'2013-09-06'),(61539,'INSERT INTO gne_vale_ferreteria_mov (vfe_id,pro_codigo_plu,vfm_cantidad,vfm_unitario,vfm_total,vfm_entregado) VALUES (10053,765024,1,3990,3990,@@@NO@@@)','',2,'2013-09-06'),(61540,'INSERT INTO gne_vale_ferreteria_mov (vfe_id,pro_codigo_plu,vfm_cantidad,vfm_unitario,vfm_total,vfm_entregado) VALUES (10053,780721088,1,5890,5890,@@@NO@@@)','',2,'2013-09-06'),(61541,'INSERT INTO gne_vale_ferreteria_mov (vfe_id,pro_codigo_plu,vfm_cantidad,vfm_unitario,vfm_total,vfm_entregado) VALUES (10053,780721755,1,3990,3990,@@@NO@@@)','',2,'2013-09-06'),(61542,'INSERT INTO gne_vale_ferreteria_mov (vfe_id,pro_codigo_plu,vfm_cantidad,vfm_unitario,vfm_total,vfm_entregado) VALUES (10053,770095,2,850,1700,@@@NO@@@)','',2,'2013-09-06'),(61543,'INSERT INTO gne_vale_ferreteria (vfe_id,vfe_fecha,vfe_total,vfe_estado,vfe_entregado,usu_nusuario) VALUES (10054,@@@2013.09.06@@@,920,1,0,@@@m_martinez@@@)','',2,'2013-09-06'),(61544,'INSERT INTO gne_vale_ferreteria_mov (vfe_id,pro_codigo_plu,vfm_cantidad,vfm_unitario,vfm_total,vfm_entregado) VALUES (10054,19856,1,920,920,@@@NO@@@)','',2,'2013-09-06'),(61545,'INSERT INTO gne_vale_ferreteria (vfe_id,vfe_fecha,vfe_total,vfe_estado,vfe_entregado,usu_nusuario) VALUES (10055,@@@2013.09.06@@@,1890,1,0,@@@m_martinez@@@)','',2,'2013-09-06'),(61546,'INSERT INTO gne_vale_ferreteria_mov (vfe_id,pro_codigo_plu,vfm_cantidad,vfm_unitario,vfm_total,vfm_entregado) VALUES (10055,101624,1,1890,1890,@@@NO@@@)','',2,'2013-09-06'),(61547,'INSERT INTO gne_vale_ferreteria (vfe_id,vfe_fecha,vfe_total,vfe_estado,vfe_entregado,usu_nusuario) VALUES (10056,@@@2013.09.06@@@,490,1,0,@@@m_martinez@@@)','',2,'2013-09-06'),(61548,'INSERT INTO gne_vale_ferreteria_mov (vfe_id,pro_codigo_plu,vfm_cantidad,vfm_unitario,vfm_total,vfm_entregado) VALUES (10056,78017152,1,490,490,@@@NO@@@)','',2,'2013-09-06'),(61549,'INSERT INTO gne_vale_ferreteria (vfe_id,vfe_fecha,vfe_total,vfe_estado,vfe_entregado,usu_nusuario) VALUES (10057,@@@2013.09.06@@@,5850,1,0,@@@m_martinez@@@)','',2,'2013-09-06'),(61550,'INSERT INTO gne_vale_ferreteria_mov (vfe_id,pro_codigo_plu,vfm_cantidad,vfm_unitario,vfm_total,vfm_entregado) VALUES (10057,764921,5,590,2950,@@@NO@@@)','',2,'2013-09-06'),(61551,'INSERT INTO gne_vale_ferreteria_mov (vfe_id,pro_codigo_plu,vfm_cantidad,vfm_unitario,vfm_total,vfm_entregado) VALUES (10057,764930,1,2900,2900,@@@NO@@@)','',2,'2013-09-06'),(61552,'INSERT INTO gne_vale_ferreteria (vfe_id,vfe_fecha,vfe_total,vfe_estado,vfe_entregado,usu_nusuario) VALUES (10058,@@@2013.09.06@@@,1350,1,0,@@@m_martinez@@@)','',2,'2013-09-06'),(61553,'INSERT INTO gne_vale_ferreteria_mov (vfe_id,pro_codigo_plu,vfm_cantidad,vfm_unitario,vfm_total,vfm_entregado) VALUES (10058,780721765,2,410,820,@@@NO@@@)','',2,'2013-09-06'),(61554,'INSERT INTO gne_vale_ferreteria_mov (vfe_id,pro_codigo_plu,vfm_cantidad,vfm_unitario,vfm_total,vfm_entregado) VALUES (10058,780721764,1,530,530,@@@NO@@@)','',2,'2013-09-06'),(61555,'INSERT INTO gne_vale_ferreteria (vfe_id,vfe_fecha,vfe_total,vfe_estado,vfe_entregado,usu_nusuario) VALUES (10059,@@@2013.09.06@@@,1000,1,0,@@@m_martinez@@@)','',2,'2013-09-06'),(61556,'INSERT INTO gne_vale_ferreteria_mov (vfe_id,pro_codigo_plu,vfm_cantidad,vfm_unitario,vfm_total,vfm_entregado) VALUES (10059,763851,10,100,1000,@@@NO@@@)','',2,'2013-09-06'),(61557,'INSERT INTO gne_vale_ferreteria (vfe_id,vfe_fecha,vfe_total,vfe_estado,vfe_entregado,usu_nusuario) VALUES (10060,@@@2013.09.06@@@,1750,1,0,@@@m_martinez@@@)','',2,'2013-09-06'),(61558,'INSERT INTO gne_vale_ferreteria_mov (vfe_id,pro_codigo_plu,vfm_cantidad,vfm_unitario,vfm_total,vfm_entregado) VALUES (10060,780721752,1,1100,1100,@@@NO@@@)','',2,'2013-09-06'),(61559,'INSERT INTO gne_vale_ferreteria_mov (vfe_id,pro_codigo_plu,vfm_cantidad,vfm_unitario,vfm_total,vfm_entregado) VALUES (10060,764007,1,650,650,@@@NO@@@)','',2,'2013-09-06'),(61560,'UPDATE mae_clientes SET cli_rut=@@@96532330-9@@@,cli_nombre=@@@CMPC CELULOSA S.A.@@@,cli_direccion=@@@AV JULIO HEMMELMAN 670@@@,cli_sucursal=@@@NACIMIENTO@@@,cli_ciudad=@@@NACIMIENTO@@@,cli_nombre_contacto=@@@FLOR CENTENO@@@,cli_cargo=@@@@@@,cli_comuna=@@@NACIMIENTO@@@,cli_fpago=@@@CONTADO@@@,cli_telefono=@@@@@@,cli_fax=@@@@@@,cli_celular=@@@511706@@@,cli_mail=@@@@@@,tcp_id=@@@2@@@,cli_fecha_nacimiento=@@@2013.07.01@@@,cli_activo=@@@1@@@,cli_limite_credito=@@@3000000@@@,cli_giro=@@@FABRICACION Y VENTA DE CELULOSA Y PAPEL@@@,cli_sobrecargo=0,cli_descuento_venta=0,cli_rapel=0 ,cli_credito_ilimitado=0 WHERE cli_id=@@@8@@@','',2,'2013-09-06'),(61561,'INSERT INTO gne_vale_ferreteria (vfe_id,vfe_fecha,vfe_total,vfe_estado,vfe_entregado,usu_nusuario) VALUES (10061,@@@2013.09.06@@@,240,1,0,@@@m_martinez@@@)','',2,'2013-09-06'),(61562,'INSERT INTO gne_vale_ferreteria_mov (vfe_id,pro_codigo_plu,vfm_cantidad,vfm_unitario,vfm_total,vfm_entregado) VALUES (10061,78016999,2,120,240,@@@NO@@@)','',2,'2013-09-06'),(61563,'INSERT INTO gne_vale_ferreteria (vfe_id,vfe_fecha,vfe_total,vfe_estado,vfe_entregado,usu_nusuario) VALUES (10062,@@@2013.09.06@@@,1390,1,0,@@@m_martinez@@@)','',2,'2013-09-06'),(61564,'INSERT INTO gne_vale_ferreteria_mov (vfe_id,pro_codigo_plu,vfm_cantidad,vfm_unitario,vfm_total,vfm_entregado) VALUES (10062,20440,1,1390,1390,@@@NO@@@)','',2,'2013-09-06'),(61565,'INSERT INTO mae_productos (pro_codigo_plu,pro_codigo_barra,pro_tipo,pro_nombre_producto,pro_nombre_corto,med_id,emb_id,pro_unidades_embalaje,dep_id,lin_id,mar_id,pro_precio_compra_neto,pro_precio_compra_bruto,pro_precio_venta,pro_margen_actual,pro_oferta,pro_fecha_inicio_oferta,pro_fecha_termino_oferta,pro_precio_oferta,pro_stock_minimo,pro_stock_critico,pro_entradas_bodega,pro_salidas_bodega,pro_mermas_bodega,pro_ajustes_bodega,pro_entradas_sv,pro_salidas_sv,pro_mermas_sv,pro_ajustes_sv,pro_activo,rec_numero,pro_unidad,pro_capacidad,pro_consumo_bodega,pro_consumo_sv,pro_estado,pro_funcion_plu,pro_flejes,pro_iva,pro_plu_asociado,pro_envase,pro_duracion,pro_numero_etiqueta) VALUES (780721772,@@@7802000009419@@@,@@@0@@@,@@@DORITOS QUESO 80 GRS@@@,@@@7802000009419@@@,@@@5 @@@,@@@6 @@@,@@@36@@@,@@@32 @@@,@@@160@@@,@@@1608@@@,@@@0@@@,@@@412.93@@@,@@@1@@@,@@@-99.76@@@,@@@@@@,@@@2006.09.07@@@,@@@2006.09.07@@@,@@@0@@@,@@@36@@@,@@@10@@@,@@@0@@@,@@@0@@@,@@@0@@@,@@@0@@@,@@@0@@@,@@@0@@@,@@@0@@@,@@@0@@@,@@@1@@@,@@@0@@@,0,80,0,0,2,0,1,1,0,@@@NO@@@,0,0)','',2,'2013-09-06'),(61566,'DELETE FROM mae_impuestos_productos WHERE pro_codigo_plu=@@@780721772@@@','',2,'2013-09-06'),(61567,'INSERT INTO mae_productos (pro_codigo_plu,pro_codigo_barra,pro_tipo,pro_nombre_producto,pro_nombre_corto,med_id,emb_id,pro_unidades_embalaje,dep_id,lin_id,mar_id,pro_precio_compra_neto,pro_precio_compra_bruto,pro_precio_venta,pro_margen_actual,pro_oferta,pro_fecha_inicio_oferta,pro_fecha_termino_oferta,pro_precio_oferta,pro_stock_minimo,pro_stock_critico,pro_entradas_bodega,pro_salidas_bodega,pro_mermas_bodega,pro_ajustes_bodega,pro_entradas_sv,pro_salidas_sv,pro_mermas_sv,pro_ajustes_sv,pro_activo,rec_numero,pro_unidad,pro_capacidad,pro_consumo_bodega,pro_consumo_sv,pro_estado,pro_funcion_plu,pro_flejes,pro_iva,pro_plu_asociado,pro_envase,pro_duracion,pro_numero_etiqueta) VALUES (780721773,@@@780961170772@@@,@@@0@@@,@@@FILETITOS ENT POLLO LA CRIANZA 400 GR@@@,@@@FILETITOS ENT PO@@@,@@@5 @@@,@@@6 @@@,@@@12@@@,@@@20 @@@,@@@108@@@,@@@152@@@,@@@0@@@,@@@1170.96@@@,@@@1690@@@,@@@44.33@@@,@@@@@@,@@@2006.09.07@@@,@@@2006.09.07@@@,@@@0@@@,@@@6@@@,@@@4@@@,@@@0@@@,@@@0@@@,@@@0@@@,@@@0@@@,@@@0@@@,@@@0@@@,@@@0@@@,@@@0@@@,@@@1@@@,@@@0@@@,0,400,0,0,2,0,1,1,0,@@@NO@@@,0,0)','',2,'2013-09-06'),(61568,'DELETE FROM mae_impuestos_productos WHERE pro_codigo_plu=@@@780721773@@@','',2,'2013-09-06'),(61569,'INSERT INTO gne_vale_ferreteria (vfe_id,vfe_fecha,vfe_total,vfe_estado,vfe_entregado,usu_nusuario) VALUES (10063,@@@2013.09.06@@@,1910,1,0,@@@m_martinez@@@)','',2,'2013-09-06'),(61570,'INSERT INTO gne_vale_ferreteria_mov (vfe_id,pro_codigo_plu,vfm_cantidad,vfm_unitario,vfm_total,vfm_entregado) VALUES (10063,19856,1,920,920,@@@NO@@@)','',2,'2013-09-06'),(61571,'INSERT INTO gne_vale_ferreteria_mov (vfe_id,pro_codigo_plu,vfm_cantidad,vfm_unitario,vfm_total,vfm_entregado) VALUES (10063,780721686,1,990,990,@@@NO@@@)','',2,'2013-09-06'),(61572,'INSERT INTO gne_vale_ferreteria (vfe_id,vfe_fecha,vfe_total,vfe_estado,vfe_entregado,usu_nusuario) VALUES (10064,@@@2013.09.06@@@,1100,1,0,@@@m_martinez@@@)','',2,'2013-09-06'),(61573,'INSERT INTO gne_vale_ferreteria_mov (vfe_id,pro_codigo_plu,vfm_cantidad,vfm_unitario,vfm_total,vfm_entregado) VALUES (10064,262490,1,1100,1100,@@@NO@@@)','',2,'2013-09-06'),(61574,'UPDATE mae_productos SET pro_precio_compra_bruto=376.83,pro_margen_actual=(pro_precio_venta-376.83)/376.83 * 100,pro_ultima_compra=@@@2013.09.06@@@,pro_ultimo_proveedor=@@@79984240-8@@@ WHERE pro_codigo_plu=18556','',2,'2013-09-06'),(61575,'UPDATE mae_productos SET pro_precio_compra_bruto=376.83,pro_margen_actual=(pro_precio_venta-376.83)/376.83 * 100,pro_ultima_compra=@@@2013.09.06@@@,pro_ultimo_proveedor=@@@79984240-8@@@ WHERE pro_codigo_plu=18588','',2,'2013-09-06'),(61576,'UPDATE mae_productos SET pro_precio_compra_bruto=1170.96,pro_margen_actual=(pro_precio_venta-1170.96)/1170.96 * 100,pro_ultima_compra=@@@2013.09.06@@@,pro_ultimo_proveedor=@@@79984240-8@@@ WHERE pro_codigo_plu=780721773','',2,'2013-09-06'),(61577,'UPDATE mae_productos SET pro_precio_compra_bruto=3034.5,pro_margen_actual=(pro_precio_venta-3034.5)/3034.5 * 100,pro_ultima_compra=@@@2013.09.06@@@,pro_ultimo_proveedor=@@@79984240-8@@@ WHERE pro_codigo_plu=344','',2,'2013-09-06'),(61578,'UPDATE mae_productos SET pro_precio_compra_bruto=277.27,pro_margen_actual=(pro_precio_venta-277.27)/277.27 * 100,pro_ultima_compra=@@@2013.09.06@@@,pro_ultimo_proveedor=@@@79984240-8@@@ WHERE pro_codigo_plu=763552','',2,'2013-09-06'),(61579,'UPDATE mae_productos SET pro_precio_compra_bruto=247.52,pro_margen_actual=(pro_precio_venta-247.52)/247.52 * 100,pro_ultima_compra=@@@2013.09.06@@@,pro_ultimo_proveedor=@@@79984240-8@@@ WHERE pro_codigo_plu=19681','',2,'2013-09-06'),(61580,'UPDATE mae_productos SET pro_precio_compra_bruto=76.16,pro_margen_actual=(pro_precio_venta-76.16)/76.16 * 100,pro_ultima_compra=@@@2013.09.06@@@,pro_ultimo_proveedor=@@@79984240-8@@@ WHERE pro_codigo_plu=19748','',2,'2013-09-06'),(61581,'UPDATE mae_productos SET pro_precio_compra_bruto=247.52,pro_margen_actual=(pro_precio_venta-247.52)/247.52 * 100,pro_ultima_compra=@@@2013.09.06@@@,pro_ultimo_proveedor=@@@79984240-8@@@ WHERE pro_codigo_plu=19674','',2,'2013-09-06'),(61582,'UPDATE mae_productos SET pro_precio_compra_bruto=1762.19,pro_margen_actual=(pro_precio_venta-1762.19)/1762.19 * 100,pro_ultima_compra=@@@2013.09.06@@@,pro_ultimo_proveedor=@@@79984240-8@@@ WHERE pro_codigo_plu=762540','',2,'2013-09-06'),(61583,'INSERT INTO gne_vale_ferreteria (vfe_id,vfe_fecha,vfe_total,vfe_estado,vfe_entregado,usu_nusuario) VALUES (10065,@@@2013.09.06@@@,1890,1,0,@@@m_martinez@@@)','',2,'2013-09-06'),(61584,'INSERT INTO gne_vale_ferreteria_mov (vfe_id,pro_codigo_plu,vfm_cantidad,vfm_unitario,vfm_total,vfm_entregado) VALUES (10065,763606,1,1890,1890,@@@NO@@@)','',2,'2013-09-06'),(61585,'INSERT INTO gne_vale_ferreteria (vfe_id,vfe_fecha,vfe_total,vfe_estado,vfe_entregado,usu_nusuario) VALUES (10066,@@@2013.09.06@@@,1890,1,0,@@@m_martinez@@@)','',2,'2013-09-06'),(61586,'INSERT INTO gne_vale_ferreteria_mov (vfe_id,pro_codigo_plu,vfm_cantidad,vfm_unitario,vfm_total,vfm_entregado) VALUES (10066,763606,1,1890,1890,@@@NO@@@)','',2,'2013-09-06'),(61587,'UPDATE mae_productos SET pro_codigo_barra=@@@213@@@,pro_tipo=@@@0@@@,pro_nombre_producto=@@@PALETA SIN PLATEADA@@@,pro_nombre_corto=@@@PALETA SIN PLATE@@@,med_id=@@@2@@@,emb_id=@@@1@@@,pro_unidades_embalaje=@@@1@@@,dep_id=@@@11 @@@,lin_id=@@@70@@@,mar_id=@@@2507@@@,pro_precio_compra_neto=@@@1601.41@@@,pro_precio_compra_bruto=@@@2380.8@@@,pro_precio_venta=@@@3390@@@,pro_margen_actual=@@@42.39@@@,pro_oferta=@@@NO@@@,pro_fecha_inicio_oferta=@@@1900.01.01@@@,pro_fecha_termino_oferta=@@@1900.01.01@@@,pro_precio_oferta=@@@0@@@,pro_stock_minimo=@@@20@@@,pro_stock_critico=@@@15@@@,pro_activo=@@@1@@@,pro_unidad=@@@1@@@,pro_precio_compra_bruto=2380.8,pro_margen_actual=42.39,pro_capacidad=1,pro_funcion_plu=1,pro_flejes=1,pro_iva=1,pro_plu_asociado=0,pro_envase=@@@NO@@@,pro_duracion=0,pro_numero_etiqueta=2 WHERE pro_codigo_plu=@@@213@@@','',2,'2013-09-06'),(61588,'UPDATE mae_productos SET pro_estado=1 WHERE pro_codigo_plu=213','',2,'2013-09-06'),(61589,'DELETE FROM mae_impuestos_productos WHERE pro_codigo_plu=@@@213@@@','',2,'2013-09-06'),(61590,'UPDATE mae_productos SET pro_precio_compra_bruto=1605.31,pro_margen_actual=(pro_precio_venta-1605.31)/1605.31 * 100,pro_ultima_compra=@@@2013.09.06@@@,pro_ultimo_proveedor=@@@79984240-8@@@ WHERE pro_codigo_plu=126','',2,'2013-09-06'),(61591,'UPDATE mae_productos SET pro_precio_compra_bruto=1380.4,pro_margen_actual=(pro_precio_venta-1380.4)/1380.4 * 100,pro_ultima_compra=@@@2013.09.06@@@,pro_ultimo_proveedor=@@@79984240-8@@@ WHERE pro_codigo_plu=128','',2,'2013-09-06'),(61592,'UPDATE mae_productos SET pro_precio_compra_bruto=487.9,pro_margen_actual=(pro_precio_venta-487.9)/487.9 * 100,pro_ultima_compra=@@@2013.09.06@@@,pro_ultimo_proveedor=@@@79984240-8@@@ WHERE pro_codigo_plu=111','',2,'2013-09-06'),(61593,'UPDATE mae_productos SET pro_precio_compra_bruto=3038,pro_margen_actual=(pro_precio_venta-3038)/3038 * 100,pro_ultima_compra=@@@2013.09.06@@@,pro_ultimo_proveedor=@@@79984240-8@@@ WHERE pro_codigo_plu=205','',2,'2013-09-06'),(61594,'UPDATE mae_productos SET pro_precio_compra_bruto=2353.52,pro_margen_actual=(pro_precio_venta-2353.52)/2353.52 * 100,pro_ultima_compra=@@@2013.09.06@@@,pro_ultimo_proveedor=@@@79984240-8@@@ WHERE pro_codigo_plu=213','',2,'2013-09-06'),(61595,'UPDATE mae_productos SET pro_precio_venta=2590,pro_margen_actual= 43.89 WHERE pro_codigo_plu=209','',2,'2013-09-06'),(61596,'UPDATE mae_productos SET pro_precio_fiscal=pro_precio_venta WHERE pro_codigo_plu=209','',2,'2013-09-06'),(61597,'INSERT INTO gne_vale_ferreteria (vfe_id,vfe_fecha,vfe_total,vfe_estado,vfe_entregado,usu_nusuario) VALUES (10067,@@@2013.09.06@@@,490,1,0,@@@m_martinez@@@)','',2,'2013-09-06'),(61598,'INSERT INTO gne_vale_ferreteria_mov (vfe_id,pro_codigo_plu,vfm_cantidad,vfm_unitario,vfm_total,vfm_entregado) VALUES (10067,78017203,1,490,490,@@@NO@@@)','',2,'2013-09-06'),(61599,'UPDATE mae_productos SET pro_precio_compra_bruto=736.61,pro_margen_actual=(pro_precio_venta-736.61)/736.61 * 100,pro_ultima_compra=@@@2013.09.06@@@,pro_ultimo_proveedor=@@@94528000-K@@@ WHERE pro_codigo_plu=12310','',2,'2013-09-06'),(61600,'UPDATE mae_productos SET pro_precio_compra_bruto=304.64,pro_margen_actual=(pro_precio_venta-304.64)/304.64 * 100,pro_ultima_compra=@@@2013.09.06@@@,pro_ultimo_proveedor=@@@94528000-K@@@ WHERE pro_codigo_plu=763402','',2,'2013-09-06'),(61601,'UPDATE mae_productos SET pro_precio_compra_bruto=304.64,pro_margen_actual=(pro_precio_venta-304.64)/304.64 * 100,pro_ultima_compra=@@@2013.09.06@@@,pro_ultimo_proveedor=@@@94528000-K@@@ WHERE pro_codigo_plu=763393','',2,'2013-09-06'),(61602,'UPDATE mae_productos SET pro_precio_compra_bruto=304.64,pro_margen_actual=(pro_precio_venta-304.64)/304.64 * 100,pro_ultima_compra=@@@2013.09.06@@@,pro_ultimo_proveedor=@@@94528000-K@@@ WHERE pro_codigo_plu=763399','',2,'2013-09-06'),(61603,'UPDATE mae_productos SET pro_precio_compra_bruto=304.64,pro_margen_actual=(pro_precio_venta-304.64)/304.64 * 100,pro_ultima_compra=@@@2013.09.06@@@,pro_ultimo_proveedor=@@@94528000-K@@@ WHERE pro_codigo_plu=763414','',2,'2013-09-06'),(61604,'UPDATE mae_productos SET pro_precio_compra_bruto=385.56,pro_margen_actual=(pro_precio_venta-385.56)/385.56 * 100,pro_ultima_compra=@@@2013.09.06@@@,pro_ultimo_proveedor=@@@94528000-K@@@ WHERE pro_codigo_plu=764356','',2,'2013-09-06'),(61605,'UPDATE mae_productos SET pro_precio_compra_bruto=304.64,pro_margen_actual=(pro_precio_venta-304.64)/304.64 * 100,pro_ultima_compra=@@@2013.09.06@@@,pro_ultimo_proveedor=@@@94528000-K@@@ WHERE pro_codigo_plu=765086','',2,'2013-09-06'),(61606,'UPDATE mae_productos SET pro_precio_compra_bruto=304.64,pro_margen_actual=(pro_precio_venta-304.64)/304.64 * 100,pro_ultima_compra=@@@2013.09.06@@@,pro_ultimo_proveedor=@@@94528000-K@@@ WHERE pro_codigo_plu=763408','',2,'2013-09-06'),(61607,'UPDATE mae_productos SET pro_precio_compra_bruto=102.34,pro_margen_actual=(pro_precio_venta-102.34)/102.34 * 100,pro_ultima_compra=@@@2013.09.06@@@,pro_ultimo_proveedor=@@@94528000-K@@@ WHERE pro_codigo_plu=762446','',2,'2013-09-06'),(61608,'UPDATE mae_productos SET pro_precio_compra_bruto=102.34,pro_margen_actual=(pro_precio_venta-102.34)/102.34 * 100,pro_ultima_compra=@@@2013.09.06@@@,pro_ultimo_proveedor=@@@94528000-K@@@ WHERE pro_codigo_plu=762447','',2,'2013-09-06'),(61609,'UPDATE mae_productos SET pro_precio_compra_bruto=304.64,pro_margen_actual=(pro_precio_venta-304.64)/304.64 * 100,pro_ultima_compra=@@@2013.09.06@@@,pro_ultimo_proveedor=@@@94528000-K@@@ WHERE pro_codigo_plu=764430','',2,'2013-09-06'),(61610,'UPDATE mae_productos SET pro_precio_compra_bruto=213.01,pro_margen_actual=(pro_precio_venta-213.01)/213.01 * 100,pro_ultima_compra=@@@2013.09.06@@@,pro_ultimo_proveedor=@@@94528000-K@@@ WHERE pro_codigo_plu=762304','',2,'2013-09-06'),(61611,'UPDATE mae_productos SET pro_precio_compra_bruto=268.94,pro_margen_actual=(pro_precio_venta-268.94)/268.94 * 100,pro_ultima_compra=@@@2013.09.06@@@,pro_ultimo_proveedor=@@@94528000-K@@@ WHERE pro_codigo_plu=763394','',2,'2013-09-06'),(61612,'UPDATE mae_productos SET pro_precio_compra_bruto=268.94,pro_margen_actual=(pro_precio_venta-268.94)/268.94 * 100,pro_ultima_compra=@@@2013.09.06@@@,pro_ultimo_proveedor=@@@94528000-K@@@ WHERE pro_codigo_plu=13593','',2,'2013-09-06'),(61613,'UPDATE mae_productos SET pro_precio_compra_bruto=268.94,pro_margen_actual=(pro_precio_venta-268.94)/268.94 * 100,pro_ultima_compra=@@@2013.09.06@@@,pro_ultimo_proveedor=@@@94528000-K@@@ WHERE pro_codigo_plu=780721230','',2,'2013-09-06'),(61614,'UPDATE mae_productos SET pro_precio_compra_bruto=268.94,pro_margen_actual=(pro_precio_venta-268.94)/268.94 * 100,pro_ultima_compra=@@@2013.09.06@@@,pro_ultimo_proveedor=@@@94528000-K@@@ WHERE pro_codigo_plu=763396','',2,'2013-09-06'),(61615,'UPDATE mae_productos SET pro_precio_compra_bruto=412.93,pro_margen_actual=(pro_precio_venta-412.93)/412.93 * 100,pro_ultima_compra=@@@2013.09.06@@@,pro_ultimo_proveedor=@@@94528000-K@@@ WHERE pro_codigo_plu=780721772','',2,'2013-09-06'),(61616,'UPDATE mae_productos SET pro_precio_compra_bruto=268.94,pro_margen_actual=(pro_precio_venta-268.94)/268.94 * 100,pro_ultima_compra=@@@2013.09.06@@@,pro_ultimo_proveedor=@@@94528000-K@@@ WHERE pro_codigo_plu=14236','',2,'2013-09-06'),(61617,'UPDATE mae_productos SET pro_precio_compra_bruto=412.93,pro_margen_actual=(pro_precio_venta-412.93)/412.93 * 100,pro_ultima_compra=@@@2013.09.06@@@,pro_ultimo_proveedor=@@@94528000-K@@@ WHERE pro_codigo_plu=780200000','',2,'2013-09-06'),(61618,'UPDATE mae_productos SET pro_precio_compra_bruto=385.56,pro_margen_actual=(pro_precio_venta-385.56)/385.56 * 100,pro_ultima_compra=@@@2013.09.06@@@,pro_ultimo_proveedor=@@@94528000-K@@@ WHERE pro_codigo_plu=763398','',2,'2013-09-06'),(61619,'UPDATE mae_productos SET pro_precio_compra_bruto=110.67,pro_margen_actual=(pro_precio_venta-110.67)/110.67 * 100,pro_ultima_compra=@@@2013.09.06@@@,pro_ultimo_proveedor=@@@94528000-K@@@ WHERE pro_codigo_plu=763487','',2,'2013-09-06'),(61620,'UPDATE mae_productos SET pro_precio_venta=370,pro_margen_actual= 33.44 WHERE pro_codigo_plu=763552','',2,'2013-09-06'),(61621,'UPDATE mae_productos SET pro_precio_fiscal=pro_precio_venta WHERE pro_codigo_plu=763552','',2,'2013-09-06'),(61622,'UPDATE mae_productos SET pro_precio_fiscal=pro_precio_venta WHERE pro_codigo_plu=780721773','',2,'2013-09-06'),(61623,'INSERT INTO mae_productos (pro_codigo_plu,pro_codigo_barra,pro_tipo,pro_nombre_producto,pro_nombre_corto,med_id,emb_id,pro_unidades_embalaje,dep_id,lin_id,mar_id,pro_precio_compra_neto,pro_precio_compra_bruto,pro_precio_venta,pro_margen_actual,pro_oferta,pro_fecha_inicio_oferta,pro_fecha_termino_oferta,pro_precio_oferta,pro_stock_minimo,pro_stock_critico,pro_entradas_bodega,pro_salidas_bodega,pro_mermas_bodega,pro_ajustes_bodega,pro_entradas_sv,pro_salidas_sv,pro_mermas_sv,pro_ajustes_sv,pro_activo,rec_numero,pro_unidad,pro_capacidad,pro_consumo_bodega,pro_consumo_sv,pro_estado,pro_funcion_plu,pro_flejes,pro_iva,pro_plu_asociado,pro_envase,pro_duracion,pro_numero_etiqueta) VALUES (230340,@@@230340@@@,@@@0@@@,@@@COMPAS PROARTE PLASTICO PUNTA SEGURIDAD@@@,@@@COMPAS PROARTE P@@@,@@@1 @@@,@@@4 @@@,@@@1@@@,@@@24 @@@,@@@137@@@,@@@1254@@@,@@@0@@@,@@@360@@@,@@@1@@@,@@@-99.72@@@,@@@@@@,@@@2006.09.07@@@,@@@2006.09.07@@@,@@@0@@@,@@@6@@@,@@@2@@@,@@@0@@@,@@@0@@@,@@@0@@@,@@@0@@@,@@@0@@@,@@@0@@@,@@@0@@@,@@@0@@@,@@@1@@@,@@@0@@@,0,1,0,0,2,0,1,1,0,@@@NO@@@,0,0)','',2,'2013-09-06'),(61624,'DELETE FROM mae_impuestos_productos WHERE pro_codigo_plu=@@@230340@@@','',2,'2013-09-06'),(61625,'INSERT INTO gne_vale_ferreteria (vfe_id,vfe_fecha,vfe_total,vfe_estado,vfe_entregado,usu_nusuario) VALUES (10068,@@@2013.09.06@@@,200,1,0,@@@m_martinez@@@)','',2,'2013-09-06'),(61626,'INSERT INTO gne_vale_ferreteria_mov (vfe_id,pro_codigo_plu,vfm_cantidad,vfm_unitario,vfm_total,vfm_entregado) VALUES (10068,7051,2,100,200,@@@NO@@@)','',2,'2013-09-06'),(61627,'INSERT INTO mae_productos (pro_codigo_plu,pro_codigo_barra,pro_tipo,pro_nombre_producto,pro_nombre_corto,med_id,emb_id,pro_unidades_embalaje,dep_id,lin_id,mar_id,pro_precio_compra_neto,pro_precio_compra_bruto,pro_precio_venta,pro_margen_actual,pro_oferta,pro_fecha_inicio_oferta,pro_fecha_termino_oferta,pro_precio_oferta,pro_stock_minimo,pro_stock_critico,pro_entradas_bodega,pro_salidas_bodega,pro_mermas_bodega,pro_ajustes_bodega,pro_entradas_sv,pro_salidas_sv,pro_mermas_sv,pro_ajustes_sv,pro_activo,rec_numero,pro_unidad,pro_capacidad,pro_consumo_bodega,pro_consumo_sv,pro_estado,pro_funcion_plu,pro_flejes,pro_iva,pro_plu_asociado,pro_envase,pro_duracion,pro_numero_etiqueta) VALUES (100100,@@@100100@@@,@@@0@@@,@@@LAPIZ GEL BRILLANTE GABBA VARIEDAD COLORES@@@,@@@LAPIZ GEL BRILLA@@@,@@@1 @@@,@@@6 @@@,@@@60@@@,@@@24 @@@,@@@137@@@,@@@2507@@@,@@@0@@@,@@@239@@@,@@@1@@@,@@@-99.58@@@,@@@@@@,@@@2006.09.07@@@,@@@2006.09.07@@@,@@@0@@@,@@@60@@@,@@@20@@@,@@@0@@@,@@@0@@@,@@@0@@@,@@@0@@@,@@@0@@@,@@@0@@@,@@@0@@@,@@@0@@@,@@@1@@@,@@@0@@@,0,1,0,0,2,0,1,1,0,@@@NO@@@,0,0)','',2,'2013-09-06'),(61628,'DELETE FROM mae_impuestos_productos WHERE pro_codigo_plu=@@@100100@@@','',2,'2013-09-06'),(61629,'UPDATE mae_productos SET pro_precio_compra_bruto=568.47,pro_margen_actual=(pro_precio_venta-568.47)/568.47 * 100,pro_ultima_compra=@@@2013.09.06@@@,pro_ultimo_proveedor=@@@76218060-K@@@ WHERE pro_codigo_plu=11939','',2,'2013-09-06'),(61630,'UPDATE mae_productos SET pro_precio_compra_bruto=388.18,pro_margen_actual=(pro_precio_venta-388.18)/388.18 * 100,pro_ultima_compra=@@@2013.09.06@@@,pro_ultimo_proveedor=@@@76218060-K@@@ WHERE pro_codigo_plu=11995','',2,'2013-09-06'),(61631,'UPDATE mae_productos SET pro_precio_compra_bruto=142.998,pro_margen_actual=(pro_precio_venta-142.998)/142.998 * 100,pro_ultima_compra=@@@2013.09.06@@@,pro_ultimo_proveedor=@@@76218060-K@@@ WHERE pro_codigo_plu=780721259','',2,'2013-09-06'),(61632,'UPDATE mae_productos SET pro_precio_compra_bruto=407.41,pro_margen_actual=(pro_precio_venta-407.41)/407.41 * 100,pro_ultima_compra=@@@2013.09.06@@@,pro_ultimo_proveedor=@@@76218060-K@@@ WHERE pro_codigo_plu=12257','',2,'2013-09-06'),(61633,'UPDATE mae_productos SET pro_precio_compra_bruto=273.6,pro_margen_actual=(pro_precio_venta-273.6)/273.6 * 100,pro_ultima_compra=@@@2013.09.06@@@,pro_ultimo_proveedor=@@@76218060-K@@@ WHERE pro_codigo_plu=11074','',2,'2013-09-06'),(61634,'UPDATE mae_productos SET pro_precio_compra_bruto=686.63,pro_margen_actual=(pro_precio_venta-686.63)/686.63 * 100,pro_ultima_compra=@@@2013.09.06@@@,pro_ultimo_proveedor=@@@76218060-K@@@ WHERE pro_codigo_plu=102563','',2,'2013-09-06'),(61635,'UPDATE mae_productos SET pro_precio_compra_bruto=2028.95,pro_margen_actual=(pro_precio_venta-2028.95)/2028.95 * 100,pro_ultima_compra=@@@2013.09.06@@@,pro_ultimo_proveedor=@@@76218060-K@@@ WHERE pro_codigo_plu=13884','',2,'2013-09-06'),(61636,'UPDATE mae_productos SET pro_precio_compra_bruto=3066.6,pro_margen_actual=(pro_precio_venta-3066.6)/3066.6 * 100,pro_ultima_compra=@@@2013.09.06@@@,pro_ultimo_proveedor=@@@76218060-K@@@ WHERE pro_codigo_plu=761307','',2,'2013-09-06'),(61637,'UPDATE mae_productos SET pro_precio_compra_bruto=277.09,pro_margen_actual=(pro_precio_venta-277.09)/277.09 * 100,pro_ultima_compra=@@@2013.09.06@@@,pro_ultimo_proveedor=@@@76218060-K@@@ WHERE pro_codigo_plu=10614','',2,'2013-09-06'),(61638,'UPDATE mae_productos SET pro_precio_compra_bruto=277.09,pro_margen_actual=(pro_precio_venta-277.09)/277.09 * 100,pro_ultima_compra=@@@2013.09.06@@@,pro_ultimo_proveedor=@@@76218060-K@@@ WHERE pro_codigo_plu=10613','',2,'2013-09-06'),(61639,'UPDATE mae_productos SET pro_precio_compra_bruto=277.09,pro_margen_actual=(pro_precio_venta-277.09)/277.09 * 100,pro_ultima_compra=@@@2013.09.06@@@,pro_ultimo_proveedor=@@@76218060-K@@@ WHERE pro_codigo_plu=12409','',2,'2013-09-06'),(61640,'UPDATE mae_productos SET pro_precio_compra_bruto=1499.4,pro_margen_actual=(pro_precio_venta-1499.4)/1499.4 * 100,pro_ultima_compra=@@@2013.09.06@@@,pro_ultimo_proveedor=@@@76218060-K@@@ WHERE pro_codigo_plu=763412','',2,'2013-09-06'),(61641,'UPDATE mae_productos SET pro_precio_compra_bruto=1285.2,pro_margen_actual=(pro_precio_venta-1285.2)/1285.2 * 100,pro_ultima_compra=@@@2013.09.06@@@,pro_ultimo_proveedor=@@@76218060-K@@@ WHERE pro_codigo_plu=13901','',2,'2013-09-06'),(61642,'UPDATE mae_productos SET pro_precio_compra_bruto=749.7,pro_margen_actual=(pro_precio_venta-749.7)/749.7 * 100,pro_ultima_compra=@@@2013.09.06@@@,pro_ultimo_proveedor=@@@76218060-K@@@ WHERE pro_codigo_plu=763318','',2,'2013-09-06'),(61643,'UPDATE mae_productos SET pro_precio_compra_bruto=502.53,pro_margen_actual=(pro_precio_venta-502.53)/502.53 * 100,pro_ultima_compra=@@@2013.09.06@@@,pro_ultimo_proveedor=@@@76218060-K@@@ WHERE pro_codigo_plu=78017073','',2,'2013-09-06'),(61644,'UPDATE mae_productos SET pro_precio_compra_bruto=502.53,pro_margen_actual=(pro_precio_venta-502.53)/502.53 * 100,pro_ultima_compra=@@@2013.09.06@@@,pro_ultimo_proveedor=@@@76218060-K@@@ WHERE pro_codigo_plu=78017072','',2,'2013-09-06'),(61645,'UPDATE mae_productos SET pro_precio_compra_bruto=115.25,pro_margen_actual=(pro_precio_venta-115.25)/115.25 * 100,pro_ultima_compra=@@@2013.09.06@@@,pro_ultimo_proveedor=@@@76218060-K@@@ WHERE pro_codigo_plu=12237','',2,'2013-09-06'),(61646,'UPDATE mae_productos SET pro_precio_compra_bruto=407.47,pro_margen_actual=(pro_precio_venta-407.47)/407.47 * 100,pro_ultima_compra=@@@2013.09.06@@@,pro_ultimo_proveedor=@@@76218060-K@@@ WHERE pro_codigo_plu=12061','',2,'2013-09-06'),(61647,'INSERT INTO mae_productos (pro_codigo_plu,pro_codigo_barra,pro_tipo,pro_nombre_producto,pro_nombre_corto,med_id,emb_id,pro_unidades_embalaje,dep_id,lin_id,mar_id,pro_precio_compra_neto,pro_precio_compra_bruto,pro_precio_venta,pro_margen_actual,pro_oferta,pro_fecha_inicio_oferta,pro_fecha_termino_oferta,pro_precio_oferta,pro_stock_minimo,pro_stock_critico,pro_entradas_bodega,pro_salidas_bodega,pro_mermas_bodega,pro_ajustes_bodega,pro_entradas_sv,pro_salidas_sv,pro_mermas_sv,pro_ajustes_sv,pro_activo,rec_numero,pro_unidad,pro_capacidad,pro_consumo_bodega,pro_consumo_sv,pro_estado,pro_funcion_plu,pro_flejes,pro_iva,pro_plu_asociado,pro_envase,pro_duracion,pro_numero_etiqueta) VALUES (780721774,@@@4718295213536@@@,@@@0@@@,@@@PISTOLA SILICONA UTI GUTI@@@,@@@PISTOLA SILICONA@@@,@@@1 @@@,@@@6 @@@,@@@1@@@,@@@24 @@@,@@@137@@@,@@@2507@@@,@@@0@@@,@@@1799@@@,@@@1@@@,@@@-99.94@@@,@@@@@@,@@@2006.09.07@@@,@@@2006.09.07@@@,@@@0@@@,@@@4@@@,@@@1@@@,@@@0@@@,@@@0@@@,@@@0@@@,@@@0@@@,@@@0@@@,@@@0@@@,@@@0@@@,@@@0@@@,@@@1@@@,@@@0@@@,0,1,0,0,2,0,1,1,0,@@@NO@@@,0,0)','',2,'2013-09-06'),(61648,'DELETE FROM mae_impuestos_productos WHERE pro_codigo_plu=@@@780721774@@@','',2,'2013-09-06'),(61649,'INSERT INTO mae_productos (pro_codigo_plu,pro_codigo_barra,pro_tipo,pro_nombre_producto,pro_nombre_corto,med_id,emb_id,pro_unidades_embalaje,dep_id,lin_id,mar_id,pro_precio_compra_neto,pro_precio_compra_bruto,pro_precio_venta,pro_margen_actual,pro_oferta,pro_fecha_inicio_oferta,pro_fecha_termino_oferta,pro_precio_oferta,pro_stock_minimo,pro_stock_critico,pro_entradas_bodega,pro_salidas_bodega,pro_mermas_bodega,pro_ajustes_bodega,pro_entradas_sv,pro_salidas_sv,pro_mermas_sv,pro_ajustes_sv,pro_activo,rec_numero,pro_unidad,pro_capacidad,pro_consumo_bodega,pro_consumo_sv,pro_estado,pro_funcion_plu,pro_flejes,pro_iva,pro_plu_asociado,pro_envase,pro_duracion,pro_numero_etiqueta) VALUES (780721775,@@@7807265052514@@@,@@@0@@@,@@@LAPICES DE CERA ROSSN 12 COLORES@@@,@@@LAPICES DE CERA @@@,@@@1 @@@,@@@6 @@@,@@@12@@@,@@@24 @@@,@@@137@@@,@@@2542@@@,@@@0@@@,@@@589@@@,@@@1@@@,@@@-99.83@@@,@@@@@@,@@@2006.09.07@@@,@@@2006.09.07@@@,@@@0@@@,@@@12@@@,@@@4@@@,@@@0@@@,@@@0@@@,@@@0@@@,@@@0@@@,@@@0@@@,@@@0@@@,@@@0@@@,@@@0@@@,@@@1@@@,@@@0@@@,0,1,0,0,2,0,1,1,0,@@@NO@@@,0,0)','',2,'2013-09-06'),(61650,'DELETE FROM mae_impuestos_productos WHERE pro_codigo_plu=@@@780721775@@@','',2,'2013-09-06'),(61651,'INSERT INTO gne_vale_ferreteria (vfe_id,vfe_fecha,vfe_total,vfe_estado,vfe_entregado,usu_nusuario) VALUES (10069,@@@2013.09.06@@@,1990,1,0,@@@m_martinez@@@)','',2,'2013-09-06'),(61652,'INSERT INTO gne_vale_ferreteria_mov (vfe_id,pro_codigo_plu,vfm_cantidad,vfm_unitario,vfm_total,vfm_entregado) VALUES (10069,20976,1,1990,1990,@@@NO@@@)','',2,'2013-09-06'),(61653,'INSERT INTO mae_productos (pro_codigo_plu,pro_codigo_barra,pro_tipo,pro_nombre_producto,pro_nombre_corto,med_id,emb_id,pro_unidades_embalaje,dep_id,lin_id,mar_id,pro_precio_compra_neto,pro_precio_compra_bruto,pro_precio_venta,pro_margen_actual,pro_oferta,pro_fecha_inicio_oferta,pro_fecha_termino_oferta,pro_precio_oferta,pro_stock_minimo,pro_stock_critico,pro_entradas_bodega,pro_salidas_bodega,pro_mermas_bodega,pro_ajustes_bodega,pro_entradas_sv,pro_salidas_sv,pro_mermas_sv,pro_ajustes_sv,pro_activo,rec_numero,pro_unidad,pro_capacidad,pro_consumo_bodega,pro_consumo_sv,pro_estado,pro_funcion_plu,pro_flejes,pro_iva,pro_plu_asociado,pro_envase,pro_duracion,pro_numero_etiqueta) VALUES (505050,@@@505050@@@,@@@0@@@,@@@BOLSA DE GLOBOS TRICOLOR BALLONS@@@,@@@BOLSA DE GLOBOS @@@,@@@1 @@@,@@@4 @@@,@@@1@@@,@@@24 @@@,@@@207@@@,@@@2690@@@,@@@0@@@,@@@1150@@@,@@@1@@@,@@@-99.91@@@,@@@@@@,@@@2006.09.07@@@,@@@2006.09.07@@@,@@@0@@@,@@@10@@@,@@@3@@@,@@@0@@@,@@@0@@@,@@@0@@@,@@@0@@@,@@@0@@@,@@@0@@@,@@@0@@@,@@@0@@@,@@@1@@@,@@@0@@@,0,50,0,0,2,0,1,1,0,@@@NO@@@,0,0)','',2,'2013-09-06'),(61654,'DELETE FROM mae_impuestos_productos WHERE pro_codigo_plu=@@@505050@@@','',2,'2013-09-06'),(61655,'UPDATE mae_productos SET pro_margen_actual=-99.91,pro_precio_venta=1 WHERE pro_codigo_plu=505050','',2,'2013-09-06'),(61656,'UPDATE mae_productos SET pro_margen_actual=-99.72,pro_precio_venta=1 WHERE pro_codigo_plu=230340','',2,'2013-09-06'),(61657,'UPDATE mae_productos SET pro_margen_actual=-99.83,pro_precio_venta=1 WHERE pro_codigo_plu=780721775','',2,'2013-09-06'),(61658,'UPDATE mae_productos SET pro_margen_actual=-99.58,pro_precio_venta=1 WHERE pro_codigo_plu=100100','',2,'2013-09-06'),(61659,'UPDATE mae_productos SET pro_margen_actual=44.04,pro_precio_venta=3390 WHERE pro_codigo_plu=213','',2,'2013-09-06'),(61660,'UPDATE mae_productos SET pro_margen_actual=-99.94,pro_precio_venta=1 WHERE pro_codigo_plu=780721774','',2,'2013-09-06'),(61661,'UPDATE mae_productos SET pro_margen_actual=-15.24,pro_precio_venta=350 WHERE pro_codigo_plu=780721772','',2,'2013-09-06'),(61662,'UPDATE mae_productos SET pro_precio_fiscal=pro_precio_venta WHERE pro_codigo_plu=780721772','',2,'2013-09-06'),(61663,'UPDATE mae_productos SET pro_margen_actual=21.09,pro_precio_venta=500 WHERE pro_codigo_plu=780721772','',2,'2013-09-06'),(61664,'UPDATE mae_productos SET pro_precio_fiscal=pro_precio_venta WHERE pro_codigo_plu=780721772','',2,'2013-09-06'),(61665,'UPDATE mae_productos SET pro_margen_actual=82.61,pro_precio_venta=2100 WHERE pro_codigo_plu=505050','',2,'2013-09-06'),(61666,'UPDATE mae_productos SET pro_precio_fiscal=pro_precio_venta WHERE pro_codigo_plu=505050','',2,'2013-09-06'),(61667,'INSERT INTO gne_vale_ferreteria (vfe_id,vfe_fecha,vfe_total,vfe_estado,vfe_entregado,usu_nusuario) VALUES (10070,@@@2013.09.06@@@,3480,1,0,@@@m_martinez@@@)','',2,'2013-09-06'),(61668,'INSERT INTO gne_vale_ferreteria_mov (vfe_id,pro_codigo_plu,vfm_cantidad,vfm_unitario,vfm_total,vfm_entregado) VALUES (10070,780721741,1,1390,1390,@@@NO@@@)','',2,'2013-09-06'),(61669,'INSERT INTO gne_vale_ferreteria_mov (vfe_id,pro_codigo_plu,vfm_cantidad,vfm_unitario,vfm_total,vfm_entregado) VALUES (10070,770003,10,10,100,@@@NO@@@)','',2,'2013-09-06'),(61670,'INSERT INTO gne_vale_ferreteria_mov (vfe_id,pro_codigo_plu,vfm_cantidad,vfm_unitario,vfm_total,vfm_entregado) VALUES (10070,101625,1,1890,1890,@@@NO@@@)','',2,'2013-09-06'),(61671,'INSERT INTO gne_vale_ferreteria_mov (vfe_id,pro_codigo_plu,vfm_cantidad,vfm_unitario,vfm_total,vfm_entregado) VALUES (10070,770000,2,50,100,@@@NO@@@)','',2,'2013-09-06'),(61672,'INSERT INTO gne_vale_ferreteria (vfe_id,vfe_fecha,vfe_total,vfe_estado,vfe_entregado,usu_nusuario) VALUES (10071,@@@2013.09.06@@@,550,1,0,@@@m_martinez@@@)','',2,'2013-09-06'),(61673,'INSERT INTO gne_vale_ferreteria_mov (vfe_id,pro_codigo_plu,vfm_cantidad,vfm_unitario,vfm_total,vfm_entregado) VALUES (10071,780721253,1,550,550,@@@NO@@@)','',2,'2013-09-06'),(61674,'INSERT INTO mae_productos (pro_codigo_plu,pro_codigo_barra,pro_tipo,pro_nombre_producto,pro_nombre_corto,med_id,emb_id,pro_unidades_embalaje,dep_id,lin_id,mar_id,pro_precio_compra_neto,pro_precio_compra_bruto,pro_precio_venta,pro_margen_actual,pro_oferta,pro_fecha_inicio_oferta,pro_fecha_termino_oferta,pro_precio_oferta,pro_stock_minimo,pro_stock_critico,pro_entradas_bodega,pro_salidas_bodega,pro_mermas_bodega,pro_ajustes_bodega,pro_entradas_sv,pro_salidas_sv,pro_mermas_sv,pro_ajustes_sv,pro_activo,rec_numero,pro_unidad,pro_capacidad,pro_consumo_bodega,pro_consumo_sv,pro_estado,pro_funcion_plu,pro_flejes,pro_iva,pro_plu_asociado,pro_envase,pro_duracion,pro_numero_etiqueta) VALUES (780721776,@@@7501839105162@@@,@@@0@@@,@@@SHAMPOO FRUCTIS LISO ABSOLUTO@@@,@@@SHAMPOO FRUCTIS @@@,@@@7 @@@,@@@6 @@@,@@@8@@@,@@@21 @@@,@@@125@@@,@@@1172@@@,@@@0@@@,@@@1490@@@,@@@1@@@,@@@-99.93@@@,@@@@@@,@@@2006.09.07@@@,@@@2006.09.07@@@,@@@0@@@,@@@8@@@,@@@2@@@,@@@0@@@,@@@0@@@,@@@0@@@,@@@0@@@,@@@0@@@,@@@0@@@,@@@0@@@,@@@0@@@,@@@1@@@,@@@0@@@,0,350,0,0,2,0,1,1,0,@@@NO@@@,0,0)','',2,'2013-09-06'),(61675,'DELETE FROM mae_impuestos_productos WHERE pro_codigo_plu=@@@780721776@@@','',2,'2013-09-06'),(61676,'INSERT INTO gne_vale_ferreteria (vfe_id,vfe_fecha,vfe_total,vfe_estado,vfe_entregado,usu_nusuario) VALUES (10072,@@@2013.09.06@@@,1990,1,0,@@@m_martinez@@@)','',2,'2013-09-06'),(61677,'INSERT INTO gne_vale_ferreteria_mov (vfe_id,pro_codigo_plu,vfm_cantidad,vfm_unitario,vfm_total,vfm_entregado) VALUES (10072,20998,1,1990,1990,@@@NO@@@)','',2,'2013-09-06'),(61678,'INSERT INTO mae_productos (pro_codigo_plu,pro_codigo_barra,pro_tipo,pro_nombre_producto,pro_nombre_corto,med_id,emb_id,pro_unidades_embalaje,dep_id,lin_id,mar_id,pro_precio_compra_neto,pro_precio_compra_bruto,pro_precio_venta,pro_margen_actual,pro_oferta,pro_fecha_inicio_oferta,pro_fecha_termino_oferta,pro_precio_oferta,pro_stock_minimo,pro_stock_critico,pro_entradas_bodega,pro_salidas_bodega,pro_mermas_bodega,pro_ajustes_bodega,pro_entradas_sv,pro_salidas_sv,pro_mermas_sv,pro_ajustes_sv,pro_activo,rec_numero,pro_unidad,pro_capacidad,pro_consumo_bodega,pro_consumo_sv,pro_estado,pro_funcion_plu,pro_flejes,pro_iva,pro_plu_asociado,pro_envase,pro_duracion,pro_numero_etiqueta) VALUES (780721777,@@@7807265015144@@@,@@@0@@@,@@@TEMPERA ´PROARTE 12 UNID@@@,@@@TEMPERA ´PROARTE@@@,@@@1 @@@,@@@6 @@@,@@@1@@@,@@@24 @@@,@@@137@@@,@@@1254@@@,@@@0@@@,@@@940@@@,@@@1@@@,@@@-99.89@@@,@@@@@@,@@@2006.09.07@@@,@@@2006.09.07@@@,@@@0@@@,@@@12@@@,@@@4@@@,@@@0@@@,@@@0@@@,@@@0@@@,@@@0@@@,@@@0@@@,@@@0@@@,@@@0@@@,@@@0@@@,@@@1@@@,@@@0@@@,0,12,0,0,2,0,1,1,0,@@@NO@@@,0,0)','',2,'2013-09-06'),(61679,'DELETE FROM mae_impuestos_productos WHERE pro_codigo_plu=@@@780721777@@@','',2,'2013-09-06'),(61680,'INSERT INTO gne_vale_ferreteria (vfe_id,vfe_fecha,vfe_total,vfe_estado,vfe_entregado,usu_nusuario) VALUES (10073,@@@2013.09.06@@@,320,1,0,@@@m_martinez@@@)','',2,'2013-09-06'),(61681,'INSERT INTO gne_vale_ferreteria_mov (vfe_id,pro_codigo_plu,vfm_cantidad,vfm_unitario,vfm_total,vfm_entregado) VALUES (10073,770001,4,80,320,@@@NO@@@)','',2,'2013-09-06'),(61682,'INSERT INTO mae_productos (pro_codigo_plu,pro_codigo_barra,pro_tipo,pro_nombre_producto,pro_nombre_corto,med_id,emb_id,pro_unidades_embalaje,dep_id,lin_id,mar_id,pro_precio_compra_neto,pro_precio_compra_bruto,pro_precio_venta,pro_margen_actual,pro_oferta,pro_fecha_inicio_oferta,pro_fecha_termino_oferta,pro_precio_oferta,pro_stock_minimo,pro_stock_critico,pro_entradas_bodega,pro_salidas_bodega,pro_mermas_bodega,pro_ajustes_bodega,pro_entradas_sv,pro_salidas_sv,pro_mermas_sv,pro_ajustes_sv,pro_activo,rec_numero,pro_unidad,pro_capacidad,pro_consumo_bodega,pro_consumo_sv,pro_estado,pro_funcion_plu,pro_flejes,pro_iva,pro_plu_asociado,pro_envase,pro_duracion,pro_numero_etiqueta) VALUES (404023,@@@404023@@@,@@@0@@@,@@@PAPEL SEDA  PLIEGO VARIEDAD DE COLORES@@@,@@@PAPEL SEDA  PLIE@@@,@@@1 @@@,@@@3 @@@,@@@400@@@,@@@24 @@@,@@@137@@@,@@@2507@@@,@@@0@@@,@@@29@@@,@@@1@@@,@@@-96.55@@@,@@@@@@,@@@2006.09.07@@@,@@@2006.09.07@@@,@@@0@@@,@@@400@@@,@@@50@@@,@@@0@@@,@@@0@@@,@@@0@@@,@@@0@@@,@@@0@@@,@@@0@@@,@@@0@@@,@@@0@@@,@@@1@@@,@@@0@@@,0,1,0,0,2,0,1,1,0,@@@NO@@@,0,0)','',2,'2013-09-06'),(61683,'DELETE FROM mae_impuestos_productos WHERE pro_codigo_plu=@@@404023@@@','',2,'2013-09-06'),(61684,'INSERT INTO mae_productos (pro_codigo_plu,pro_codigo_barra,pro_tipo,pro_nombre_producto,pro_nombre_corto,med_id,emb_id,pro_unidades_embalaje,dep_id,lin_id,mar_id,pro_precio_compra_neto,pro_precio_compra_bruto,pro_precio_venta,pro_margen_actual,pro_oferta,pro_fecha_inicio_oferta,pro_fecha_termino_oferta,pro_precio_oferta,pro_stock_minimo,pro_stock_critico,pro_entradas_bodega,pro_salidas_bodega,pro_mermas_bodega,pro_ajustes_bodega,pro_entradas_sv,pro_salidas_sv,pro_mermas_sv,pro_ajustes_sv,pro_activo,rec_numero,pro_unidad,pro_capacidad,pro_consumo_bodega,pro_consumo_sv,pro_estado,pro_funcion_plu,pro_flejes,pro_iva,pro_plu_asociado,pro_envase,pro_duracion,pro_numero_etiqueta) VALUES (780721778,@@@7807265981449@@@,@@@0@@@,@@@PAPEL CREPE ROSADO@@@,@@@PAPEL CREPE ROSA@@@,@@@1 @@@,@@@4 @@@,@@@10@@@,@@@24 @@@,@@@137@@@,@@@2507@@@,@@@0@@@,@@@126@@@,@@@1@@@,@@@-99.21@@@,@@@@@@,@@@2006.09.07@@@,@@@2006.09.07@@@,@@@0@@@,@@@10@@@,@@@2@@@,@@@0@@@,@@@0@@@,@@@0@@@,@@@0@@@,@@@0@@@,@@@0@@@,@@@0@@@,@@@0@@@,@@@1@@@,@@@0@@@,0,1,0,0,2,0,1,1,0,@@@NO@@@,0,0)','',2,'2013-09-06'),(61685,'DELETE FROM mae_impuestos_productos WHERE pro_codigo_plu=@@@780721778@@@','',2,'2013-09-06'),(61686,'INSERT INTO gne_vale_ferreteria (vfe_id,vfe_fecha,vfe_total,vfe_estado,vfe_entregado,usu_nusuario) VALUES (10074,@@@2013.09.06@@@,1790,1,0,@@@m_martinez@@@)','',2,'2013-09-06'),(61687,'INSERT INTO gne_vale_ferreteria_mov (vfe_id,pro_codigo_plu,vfm_cantidad,vfm_unitario,vfm_total,vfm_entregado) VALUES (10074,763718,1,1790,1790,@@@NO@@@)','',2,'2013-09-06'),(61688,'UPDATE mae_productos SET med_id=5,pro_capacidad=400 WHERE pro_codigo_plu=780721773','',2,'2013-09-06'),(61689,'INSERT INTO mae_productos (pro_codigo_plu,pro_codigo_barra,pro_tipo,pro_nombre_producto,pro_nombre_corto,med_id,emb_id,pro_unidades_embalaje,dep_id,lin_id,mar_id,pro_precio_compra_neto,pro_precio_compra_bruto,pro_precio_venta,pro_margen_actual,pro_oferta,pro_fecha_inicio_oferta,pro_fecha_termino_oferta,pro_precio_oferta,pro_stock_minimo,pro_stock_critico,pro_entradas_bodega,pro_salidas_bodega,pro_mermas_bodega,pro_ajustes_bodega,pro_entradas_sv,pro_salidas_sv,pro_mermas_sv,pro_ajustes_sv,pro_activo,rec_numero,pro_unidad,pro_capacidad,pro_consumo_bodega,pro_consumo_sv,pro_estado,pro_funcion_plu,pro_flejes,pro_iva,pro_plu_asociado,pro_envase,pro_duracion,pro_numero_etiqueta) VALUES (780721779,@@@7891360617297@@@,@@@0@@@,@@@GRAFITO FABER CASTELL 12 UNID@@@,@@@GRAFITO FABER CA@@@,@@@1 @@@,@@@6 @@@,@@@12@@@,@@@24 @@@,@@@137@@@,@@@2001@@@,@@@0@@@,@@@96@@@,@@@1@@@,@@@-98.96@@@,@@@@@@,@@@2006.09.07@@@,@@@2006.09.07@@@,@@@0@@@,@@@144@@@,@@@50@@@,@@@0@@@,@@@0@@@,@@@0@@@,@@@0@@@,@@@0@@@,@@@0@@@,@@@0@@@,@@@0@@@,@@@1@@@,@@@0@@@,0,12,0,0,2,0,1,1,0,@@@NO@@@,0,0)','',2,'2013-09-06'),(61690,'DELETE FROM mae_impuestos_productos WHERE pro_codigo_plu=@@@780721779@@@','',2,'2013-09-06'),(61691,'INSERT INTO gne_vale_ferreteria (vfe_id,vfe_fecha,vfe_total,vfe_estado,vfe_entregado,usu_nusuario) VALUES (10075,@@@2013.09.06@@@,900,1,0,@@@m_martinez@@@)','',2,'2013-09-06'),(61692,'INSERT INTO gne_vale_ferreteria_mov (vfe_id,pro_codigo_plu,vfm_cantidad,vfm_unitario,vfm_total,vfm_entregado) VALUES (10075,780721713,2,450,900,@@@NO@@@)','',2,'2013-09-06'),(61693,'INSERT INTO mae_productos (pro_codigo_plu,pro_codigo_barra,pro_tipo,pro_nombre_producto,pro_nombre_corto,med_id,emb_id,pro_unidades_embalaje,dep_id,lin_id,mar_id,pro_precio_compra_neto,pro_precio_compra_bruto,pro_precio_venta,pro_margen_actual,pro_oferta,pro_fecha_inicio_oferta,pro_fecha_termino_oferta,pro_precio_oferta,pro_stock_minimo,pro_stock_critico,pro_entradas_bodega,pro_salidas_bodega,pro_mermas_bodega,pro_ajustes_bodega,pro_entradas_sv,pro_salidas_sv,pro_mermas_sv,pro_ajustes_sv,pro_activo,rec_numero,pro_unidad,pro_capacidad,pro_consumo_bodega,pro_consumo_sv,pro_estado,pro_funcion_plu,pro_flejes,pro_iva,pro_plu_asociado,pro_envase,pro_duracion,pro_numero_etiqueta) VALUES (780721780,@@@7807265051050@@@,@@@0@@@,@@@CUADERNO COCA COLA 150HJS@@@,@@@CUADERNO COCA CO@@@,@@@1 @@@,@@@6 @@@,@@@6@@@,@@@24 @@@,@@@137@@@,@@@1254@@@,@@@0@@@,@@@1790@@@,@@@1@@@,@@@-99.94@@@,@@@@@@,@@@2006.09.07@@@,@@@2006.09.07@@@,@@@0@@@,@@@6@@@,@@@2@@@,@@@0@@@,@@@0@@@,@@@0@@@,@@@0@@@,@@@0@@@,@@@0@@@,@@@0@@@,@@@0@@@,@@@1@@@,@@@0@@@,0,150,0,0,2,0,1,1,0,@@@NO@@@,0,0)','',2,'2013-09-06'),(61694,'DELETE FROM mae_impuestos_productos WHERE pro_codigo_plu=@@@780721780@@@','',2,'2013-09-06'),(61695,'INSERT INTO gne_vale_ferreteria (vfe_id,vfe_fecha,vfe_total,vfe_estado,vfe_entregado,usu_nusuario) VALUES (10076,@@@2013.09.06@@@,220,1,0,@@@m_martinez@@@)','',2,'2013-09-06'),(61696,'INSERT INTO gne_vale_ferreteria_mov (vfe_id,pro_codigo_plu,vfm_cantidad,vfm_unitario,vfm_total,vfm_entregado) VALUES (10076,764768,1,220,220,@@@NO@@@)','',2,'2013-09-06'),(61697,'INSERT INTO mae_productos (pro_codigo_plu,pro_codigo_barra,pro_tipo,pro_nombre_producto,pro_nombre_corto,med_id,emb_id,pro_unidades_embalaje,dep_id,lin_id,mar_id,pro_precio_compra_neto,pro_precio_compra_bruto,pro_precio_venta,pro_margen_actual,pro_oferta,pro_fecha_inicio_oferta,pro_fecha_termino_oferta,pro_precio_oferta,pro_stock_minimo,pro_stock_critico,pro_entradas_bodega,pro_salidas_bodega,pro_mermas_bodega,pro_ajustes_bodega,pro_entradas_sv,pro_salidas_sv,pro_mermas_sv,pro_ajustes_sv,pro_activo,rec_numero,pro_unidad,pro_capacidad,pro_consumo_bodega,pro_consumo_sv,pro_estado,pro_funcion_plu,pro_flejes,pro_iva,pro_plu_asociado,pro_envase,pro_duracion,pro_numero_etiqueta) VALUES (780721781,@@@7807265046780@@@,@@@0@@@,@@@CUADERNO ISOFIT MUJER CHIC 120HJS@@@,@@@CUADERNO ISOFIT @@@,@@@1 @@@,@@@6 @@@,@@@6@@@,@@@24 @@@,@@@137@@@,@@@1253@@@,@@@0@@@,@@@1790@@@,@@@1@@@,@@@-99.94@@@,@@@@@@,@@@2006.09.07@@@,@@@2006.09.07@@@,@@@0@@@,@@@6@@@,@@@2@@@,@@@0@@@,@@@0@@@,@@@0@@@,@@@0@@@,@@@0@@@,@@@0@@@,@@@0@@@,@@@0@@@,@@@1@@@,@@@0@@@,0,120,0,0,2,0,1,1,0,@@@NO@@@,0,0)','',2,'2013-09-06'),(61698,'DELETE FROM mae_impuestos_productos WHERE pro_codigo_plu=@@@780721781@@@','',2,'2013-09-06'),(61699,'INSERT INTO gne_vale_ferreteria (vfe_id,vfe_fecha,vfe_total,vfe_estado,vfe_entregado,usu_nusuario) VALUES (10077,@@@2013.09.06@@@,550,1,0,@@@m_martinez@@@)','',2,'2013-09-06'),(61700,'INSERT INTO gne_vale_ferreteria_mov (vfe_id,pro_codigo_plu,vfm_cantidad,vfm_unitario,vfm_total,vfm_entregado) VALUES (10077,763910,1,550,550,@@@NO@@@)','',2,'2013-09-06'),(61701,'INSERT INTO gne_vale_ferreteria (vfe_id,vfe_fecha,vfe_total,vfe_estado,vfe_entregado,usu_nusuario) VALUES (10078,@@@2013.09.06@@@,3780,1,0,@@@m_martinez@@@)','',2,'2013-09-06'),(61702,'INSERT INTO gne_vale_ferreteria_mov (vfe_id,pro_codigo_plu,vfm_cantidad,vfm_unitario,vfm_total,vfm_entregado) VALUES (10078,763960,1,1890,1890,@@@NO@@@)','',2,'2013-09-06'),(61703,'INSERT INTO gne_vale_ferreteria_mov (vfe_id,pro_codigo_plu,vfm_cantidad,vfm_unitario,vfm_total,vfm_entregado) VALUES (10078,101852,1,1890,1890,@@@NO@@@)','',2,'2013-09-06'),(61704,'INSERT INTO gne_vale_ferreteria (vfe_id,vfe_fecha,vfe_total,vfe_estado,vfe_entregado,usu_nusuario) VALUES (10079,@@@2013.09.06@@@,50,1,0,@@@m_martinez@@@)','',2,'2013-09-06'),(61705,'INSERT INTO gne_vale_ferreteria_mov (vfe_id,pro_codigo_plu,vfm_cantidad,vfm_unitario,vfm_total,vfm_entregado) VALUES (10079,4129,1,50,50,@@@NO@@@)','',2,'2013-09-06'),(61706,'INSERT INTO gne_vale_ferreteria (vfe_id,vfe_fecha,vfe_total,vfe_estado,vfe_entregado,usu_nusuario) VALUES (10080,@@@2013.09.06@@@,190,1,0,@@@m_martinez@@@)','',2,'2013-09-06'),(61707,'INSERT INTO gne_vale_ferreteria_mov (vfe_id,pro_codigo_plu,vfm_cantidad,vfm_unitario,vfm_total,vfm_entregado) VALUES (10080,78017027,1,70,70,@@@NO@@@)','',2,'2013-09-06'),(61708,'INSERT INTO gne_vale_ferreteria_mov (vfe_id,pro_codigo_plu,vfm_cantidad,vfm_unitario,vfm_total,vfm_entregado) VALUES (10080,8022,1,120,120,@@@NO@@@)','',2,'2013-09-06'),(61709,'INSERT INTO gne_vale_ferreteria (vfe_id,vfe_fecha,vfe_total,vfe_estado,vfe_entregado,usu_nusuario) VALUES (10081,@@@2013.09.06@@@,3780,1,0,@@@m_martinez@@@)','',2,'2013-09-06'),(61710,'INSERT INTO gne_vale_ferreteria_mov (vfe_id,pro_codigo_plu,vfm_cantidad,vfm_unitario,vfm_total,vfm_entregado) VALUES (10081,101620,2,1890,3780,@@@NO@@@)','',2,'2013-09-06'),(61711,'INSERT INTO gne_vale_ferreteria (vfe_id,vfe_fecha,vfe_total,vfe_estado,vfe_entregado,usu_nusuario) VALUES (10082,@@@2013.09.06@@@,1890,1,0,@@@m_martinez@@@)','',2,'2013-09-06'),(61712,'INSERT INTO gne_vale_ferreteria_mov (vfe_id,pro_codigo_plu,vfm_cantidad,vfm_unitario,vfm_total,vfm_entregado) VALUES (10082,101620,1,1890,1890,@@@NO@@@)','',2,'2013-09-06'),(61713,'INSERT INTO gne_vale_ferreteria (vfe_id,vfe_fecha,vfe_total,vfe_estado,vfe_entregado,usu_nusuario) VALUES (10083,@@@2013.09.06@@@,1890,1,0,@@@m_martinez@@@)','',2,'2013-09-06'),(61714,'INSERT INTO gne_vale_ferreteria_mov (vfe_id,pro_codigo_plu,vfm_cantidad,vfm_unitario,vfm_total,vfm_entregado) VALUES (10083,101620,1,1890,1890,@@@NO@@@)','',2,'2013-09-06'),(61715,'INSERT INTO gne_vale_ferreteria (vfe_id,vfe_fecha,vfe_total,vfe_estado,vfe_entregado,usu_nusuario) VALUES (10084,@@@2013.09.06@@@,1000,1,0,@@@m_martinez@@@)','',2,'2013-09-06'),(61716,'INSERT INTO gne_vale_ferreteria_mov (vfe_id,pro_codigo_plu,vfm_cantidad,vfm_unitario,vfm_total,vfm_entregado) VALUES (10084,780721659,5,200,1000,@@@NO@@@)','',2,'2013-09-06'),(61717,'INSERT INTO gne_vale_ferreteria (vfe_id,vfe_fecha,vfe_total,vfe_estado,vfe_entregado,usu_nusuario) VALUES (10085,@@@2013.09.06@@@,1890,1,0,@@@m_martinez@@@)','',2,'2013-09-06'),(61718,'INSERT INTO gne_vale_ferreteria_mov (vfe_id,pro_codigo_plu,vfm_cantidad,vfm_unitario,vfm_total,vfm_entregado) VALUES (10085,101620,1,1890,1890,@@@NO@@@)','',2,'2013-09-06'),(61719,'INSERT INTO gne_vale_ferreteria (vfe_id,vfe_fecha,vfe_total,vfe_estado,vfe_entregado,usu_nusuario) VALUES (10086,@@@2013.09.06@@@,1100,1,0,@@@m_martinez@@@)','',2,'2013-09-06'),(61720,'INSERT INTO gne_vale_ferreteria_mov (vfe_id,pro_codigo_plu,vfm_cantidad,vfm_unitario,vfm_total,vfm_entregado) VALUES (10086,101434,1,1100,1100,@@@NO@@@)','',2,'2013-09-06'),(61721,'INSERT INTO gne_vale_ferreteria (vfe_id,vfe_fecha,vfe_total,vfe_estado,vfe_entregado,usu_nusuario) VALUES (10087,@@@2013.09.06@@@,1890,1,0,@@@m_martinez@@@)','',2,'2013-09-06'),(61722,'INSERT INTO gne_vale_ferreteria_mov (vfe_id,pro_codigo_plu,vfm_cantidad,vfm_unitario,vfm_total,vfm_entregado) VALUES (10087,101678,1,1890,1890,@@@NO@@@)','',2,'2013-09-06'),(61723,'UPDATE mae_productos SET pro_margen_actual=-99.94,pro_precio_venta=1 WHERE pro_codigo_plu=780721780','',2,'2013-09-06'),(61724,'UPDATE mae_productos SET pro_margen_actual=-99.94,pro_precio_venta=1 WHERE pro_codigo_plu=780721781','',2,'2013-09-06'),(61725,'UPDATE mae_productos SET pro_margen_actual=-98.96,pro_precio_venta=1 WHERE pro_codigo_plu=780721779','',2,'2013-09-06'),(61726,'UPDATE mae_productos SET pro_margen_actual=-99.21,pro_precio_venta=1 WHERE pro_codigo_plu=780721778','',2,'2013-09-06'),(61727,'UPDATE mae_productos SET pro_margen_actual=-96.55,pro_precio_venta=1 WHERE pro_codigo_plu=404023','',2,'2013-09-06'),(61728,'UPDATE mae_productos SET pro_margen_actual=-99.93,pro_precio_venta=1 WHERE pro_codigo_plu=780721776','',2,'2013-09-06'),(61729,'UPDATE mae_productos SET pro_margen_actual=-99.89,pro_precio_venta=1 WHERE pro_codigo_plu=780721777','',2,'2013-09-06'),(61730,'UPDATE mae_productos SET pro_margen_actual=13.58,pro_precio_venta=4190 WHERE pro_codigo_plu=211','',2,'2013-09-06'),(61731,'UPDATE mae_productos SET pro_precio_fiscal=pro_precio_venta WHERE pro_codigo_plu=211','',2,'2013-09-06'),(61732,'INSERT INTO gne_vale_ferreteria (vfe_id,vfe_fecha,vfe_total,vfe_estado,vfe_entregado,usu_nusuario) VALUES (10088,@@@2013.09.06@@@,990,1,0,@@@m_martinez@@@)','',2,'2013-09-06'),(61733,'INSERT INTO gne_vale_ferreteria_mov (vfe_id,pro_codigo_plu,vfm_cantidad,vfm_unitario,vfm_total,vfm_entregado) VALUES (10088,2008,1,990,990,@@@NO@@@)','',2,'2013-09-06'),(61734,'INSERT INTO gne_vale_ferreteria (vfe_id,vfe_fecha,vfe_total,vfe_estado,vfe_entregado,usu_nusuario) VALUES (10089,@@@2013.09.06@@@,990,1,0,@@@m_martinez@@@)','',2,'2013-09-06'),(61735,'INSERT INTO gne_vale_ferreteria_mov (vfe_id,pro_codigo_plu,vfm_cantidad,vfm_unitario,vfm_total,vfm_entregado) VALUES (10089,780721748,1,990,990,@@@NO@@@)','',2,'2013-09-06'),(61736,'UPDATE mae_productos SET pro_margen_actual=40.69,pro_precio_venta=5190 WHERE pro_codigo_plu=211','',2,'2013-09-06'),(61737,'UPDATE mae_productos SET pro_precio_fiscal=pro_precio_venta WHERE pro_codigo_plu=211','',2,'2013-09-06'),(61738,'INSERT INTO gne_vale_ferreteria (vfe_id,vfe_fecha,vfe_total,vfe_estado,vfe_entregado,usu_nusuario) VALUES (10090,@@@2013.09.06@@@,460,1,0,@@@b_SAEZ@@@)','',2,'2013-09-06'),(61739,'INSERT INTO gne_vale_ferreteria_mov (vfe_id,pro_codigo_plu,vfm_cantidad,vfm_unitario,vfm_total,vfm_entregado) VALUES (10090,102408,1,370,370,@@@NO@@@)','',2,'2013-09-06'),(61740,'INSERT INTO gne_vale_ferreteria_mov (vfe_id,pro_codigo_plu,vfm_cantidad,vfm_unitario,vfm_total,vfm_entregado) VALUES (10090,13229,6,15,90,@@@NO@@@)','',2,'2013-09-06'),(61741,'INSERT INTO gne_vale_ferreteria (vfe_id,vfe_fecha,vfe_total,vfe_estado,vfe_entregado,usu_nusuario) VALUES (10091,@@@2013.09.06@@@,720,1,0,@@@b_SAEZ@@@)','',2,'2013-09-06'),(61742,'INSERT INTO gne_vale_ferreteria_mov (vfe_id,pro_codigo_plu,vfm_cantidad,vfm_unitario,vfm_total,vfm_entregado) VALUES (10091,764766,6,120,720,@@@NO@@@)','',2,'2013-09-06'),(61743,'INSERT INTO gne_vale_ferreteria (vfe_id,vfe_fecha,vfe_total,vfe_estado,vfe_entregado,usu_nusuario) VALUES (10092,@@@2013.09.06@@@,680,1,0,@@@b_SAEZ@@@)','',2,'2013-09-06'),(61744,'INSERT INTO gne_vale_ferreteria_mov (vfe_id,pro_codigo_plu,vfm_cantidad,vfm_unitario,vfm_total,vfm_entregado) VALUES (10092,19866,1,680,680,@@@NO@@@)','',2,'2013-09-06'),(61745,'INSERT INTO gne_vale_ferreteria (vfe_id,vfe_fecha,vfe_total,vfe_estado,vfe_entregado,usu_nusuario) VALUES (10093,@@@2013.09.06@@@,2990,1,0,@@@b_SAEZ@@@)','',2,'2013-09-06'),(61746,'INSERT INTO gne_vale_ferreteria_mov (vfe_id,pro_codigo_plu,vfm_cantidad,vfm_unitario,vfm_total,vfm_entregado) VALUES (10093,780721165,1,2990,2990,@@@NO@@@)','',2,'2013-09-06'),(61747,'INSERT INTO gne_vale_ferreteria (vfe_id,vfe_fecha,vfe_total,vfe_estado,vfe_entregado,usu_nusuario) VALUES (10094,@@@2013.09.06@@@,1890,1,0,@@@b_SAEZ@@@)','',2,'2013-09-06'),(61748,'INSERT INTO gne_vale_ferreteria_mov (vfe_id,pro_codigo_plu,vfm_cantidad,vfm_unitario,vfm_total,vfm_entregado) VALUES (10094,101623,1,1890,1890,@@@NO@@@)','',2,'2013-09-06'),(61749,'INSERT INTO gne_vale_ferreteria (vfe_id,vfe_fecha,vfe_total,vfe_estado,vfe_entregado,usu_nusuario) VALUES (10095,@@@2013.09.06@@@,150,1,0,@@@b_SAEZ@@@)','',2,'2013-09-06'),(61750,'INSERT INTO gne_vale_ferreteria_mov (vfe_id,pro_codigo_plu,vfm_cantidad,vfm_unitario,vfm_total,vfm_entregado) VALUES (10095,2016,1,150,150,@@@NO@@@)','',2,'2013-09-06'),(61751,'INSERT INTO gne_vale_ferreteria (vfe_id,vfe_fecha,vfe_total,vfe_estado,vfe_entregado,usu_nusuario) VALUES (10096,@@@2013.09.06@@@,6150,1,0,@@@b_SAEZ@@@)','',2,'2013-09-06'),(61752,'INSERT INTO gne_vale_ferreteria_mov (vfe_id,pro_codigo_plu,vfm_cantidad,vfm_unitario,vfm_total,vfm_entregado) VALUES (10096,761657,3,2050,6150,@@@NO@@@)','',2,'2013-09-06'),(61753,'INSERT INTO gne_vale_ferreteria (vfe_id,vfe_fecha,vfe_total,vfe_estado,vfe_entregado,usu_nusuario) VALUES (10097,@@@2013.09.06@@@,780,1,0,@@@b_SAEZ@@@)','',2,'2013-09-06'),(61754,'INSERT INTO gne_vale_ferreteria_mov (vfe_id,pro_codigo_plu,vfm_cantidad,vfm_unitario,vfm_total,vfm_entregado) VALUES (10097,880010,2,390,780,@@@NO@@@)','',2,'2013-09-06'),(61755,'INSERT INTO gne_vale_ferreteria (vfe_id,vfe_fecha,vfe_total,vfe_estado,vfe_entregado,usu_nusuario) VALUES (10098,@@@2013.09.06@@@,550,1,0,@@@b_SAEZ@@@)','',2,'2013-09-06'),(61756,'INSERT INTO gne_vale_ferreteria_mov (vfe_id,pro_codigo_plu,vfm_cantidad,vfm_unitario,vfm_total,vfm_entregado) VALUES (10098,780721253,1,550,550,@@@NO@@@)','',2,'2013-09-06'),(61757,'INSERT INTO gne_vale_ferreteria (vfe_id,vfe_fecha,vfe_total,vfe_estado,vfe_entregado,usu_nusuario) VALUES (10099,@@@2013.09.06@@@,490,1,0,@@@b_SAEZ@@@)','',2,'2013-09-06'),(61758,'INSERT INTO gne_vale_ferreteria_mov (vfe_id,pro_codigo_plu,vfm_cantidad,vfm_unitario,vfm_total,vfm_entregado) VALUES (10099,1552,1,490,490,@@@NO@@@)','',2,'2013-09-06'),(61759,'INSERT INTO gne_vale_ferreteria (vfe_id,vfe_fecha,vfe_total,vfe_estado,vfe_entregado,usu_nusuario) VALUES (10100,@@@2013.09.06@@@,190,1,0,@@@b_SAEZ@@@)','',2,'2013-09-06'),(61760,'INSERT INTO gne_vale_ferreteria_mov (vfe_id,pro_codigo_plu,vfm_cantidad,vfm_unitario,vfm_total,vfm_entregado) VALUES (10100,1537,1,190,190,@@@NO@@@)','',2,'2013-09-06'),(61761,'UPDATE mae_productos SET pro_margen_actual=30.09,pro_precio_venta=530 WHERE pro_codigo_plu=12257','',2,'2013-09-06'),(61762,'UPDATE mae_productos SET pro_margen_actual=29.92,pro_precio_venta=360 WHERE pro_codigo_plu=12409','',2,'2013-09-06'),(61763,'UPDATE mae_productos SET pro_margen_actual=30.12,pro_precio_venta=2640 WHERE pro_codigo_plu=13884','',2,'2013-09-06'),(61764,'UPDATE mae_productos SET pro_margen_actual=30.93,pro_precio_venta=899 WHERE pro_codigo_plu=102563','',2,'2013-09-06'),(61765,'UPDATE mae_productos SET pro_margen_actual=30.05,pro_precio_venta=975 WHERE pro_codigo_plu=763318','',2,'2013-09-06'),(61766,'UPDATE mae_productos SET pro_margen_actual=30.33,pro_precio_venta=1675 WHERE pro_codigo_plu=13901','',2,'2013-09-06'),(61767,'UPDATE mae_productos SET pro_margen_actual=30.11,pro_precio_venta=3990 WHERE pro_codigo_plu=761307','',2,'2013-09-06'),(61768,'UPDATE mae_productos SET pro_margen_actual=39.86,pro_precio_venta=200 WHERE pro_codigo_plu=780721259','',2,'2013-09-06'),(61769,'UPDATE mae_productos SET pro_margen_actual=30.07,pro_precio_venta=530 WHERE pro_codigo_plu=12061','',2,'2013-09-06'),(61770,'UPDATE mae_productos SET pro_margen_actual=30.05,pro_precio_venta=1950 WHERE pro_codigo_plu=763412','',2,'2013-09-06'),(61771,'UPDATE mae_productos SET pro_margen_actual=37.31,pro_precio_venta=690 WHERE pro_codigo_plu=78017072','',2,'2013-09-06'),(61772,'UPDATE mae_productos SET pro_margen_actual=37.31,pro_precio_venta=690 WHERE pro_codigo_plu=78017073','',2,'2013-09-06'),(61773,'UPDATE mae_productos SET pro_margen_actual=30.15,pro_precio_venta=150 WHERE pro_codigo_plu=12237','',2,'2013-09-06'),(61774,'UPDATE mae_productos SET pro_margen_actual=30.17,pro_precio_venta=740 WHERE pro_codigo_plu=11939','',2,'2013-09-06'),(61775,'UPDATE mae_productos SET pro_margen_actual=33.96,pro_precio_venta=520 WHERE pro_codigo_plu=11995','',2,'2013-09-06'),(61776,'UPDATE mae_productos SET pro_margen_actual=29.92,pro_precio_venta=360 WHERE pro_codigo_plu=10614','',2,'2013-09-06'),(61777,'UPDATE mae_productos SET pro_margen_actual=29.92,pro_precio_venta=360 WHERE pro_codigo_plu=10613','',2,'2013-09-06'),(61778,'UPDATE mae_productos SET pro_precio_fiscal=pro_precio_venta WHERE pro_codigo_plu=12257','',2,'2013-09-06'),(61779,'UPDATE mae_productos SET pro_precio_fiscal=pro_precio_venta WHERE pro_codigo_plu=12061','',2,'2013-09-06'),(61780,'UPDATE mae_productos SET pro_precio_fiscal=pro_precio_venta WHERE pro_codigo_plu=78017073','',2,'2013-09-06'),(61781,'UPDATE mae_productos SET pro_precio_fiscal=pro_precio_venta WHERE pro_codigo_plu=78017072','',2,'2013-09-06'),(61782,'UPDATE mae_productos SET pro_precio_fiscal=pro_precio_venta WHERE pro_codigo_plu=11939','',2,'2013-09-06'),(61783,'UPDATE mae_productos SET pro_precio_fiscal=pro_precio_venta WHERE pro_codigo_plu=11995','',2,'2013-09-06'),(61784,'INSERT INTO gne_vale_ferreteria (vfe_id,vfe_fecha,vfe_total,vfe_estado,vfe_entregado,usu_nusuario) VALUES (10101,@@@2013.09.06@@@,2190,1,0,@@@b_SAEZ@@@)','',2,'2013-09-06'),(61785,'INSERT INTO gne_vale_ferreteria_mov (vfe_id,pro_codigo_plu,vfm_cantidad,vfm_unitario,vfm_total,vfm_entregado) VALUES (10101,101714,1,2190,2190,@@@NO@@@)','',2,'2013-09-06'),(61786,'INSERT INTO gne_vale_ferreteria (vfe_id,vfe_fecha,vfe_total,vfe_estado,vfe_entregado,usu_nusuario) VALUES (10102,@@@2013.09.06@@@,990,1,0,@@@b_SAEZ@@@)','',2,'2013-09-06'),(61787,'INSERT INTO gne_vale_ferreteria_mov (vfe_id,pro_codigo_plu,vfm_cantidad,vfm_unitario,vfm_total,vfm_entregado) VALUES (10102,780721494,1,990,990,@@@NO@@@)','',2,'2013-09-06'),(61788,'INSERT INTO gne_vale_ferreteria (vfe_id,vfe_fecha,vfe_total,vfe_estado,vfe_entregado,usu_nusuario) VALUES (10103,@@@2013.09.06@@@,790,1,0,@@@b_SAEZ@@@)','',2,'2013-09-06'),(61789,'INSERT INTO gne_vale_ferreteria_mov (vfe_id,pro_codigo_plu,vfm_cantidad,vfm_unitario,vfm_total,vfm_entregado) VALUES (10103,780721486,1,790,790,@@@NO@@@)','',2,'2013-09-06'),(61790,'INSERT INTO gne_vale_ferreteria (vfe_id,vfe_fecha,vfe_total,vfe_estado,vfe_entregado,usu_nusuario) VALUES (10104,@@@2013.09.06@@@,120,1,0,@@@b_SAEZ@@@)','',2,'2013-09-06'),(61791,'INSERT INTO gne_vale_ferreteria_mov (vfe_id,pro_codigo_plu,vfm_cantidad,vfm_unitario,vfm_total,vfm_entregado) VALUES (10104,8022,1,120,120,@@@NO@@@)','',2,'2013-09-06'),(61792,'INSERT INTO gne_vale_ferreteria (vfe_id,vfe_fecha,vfe_total,vfe_estado,vfe_entregado,usu_nusuario) VALUES (10105,@@@2013.09.06@@@,300,1,0,@@@b_SAEZ@@@)','',2,'2013-09-06'),(61793,'INSERT INTO gne_vale_ferreteria_mov (vfe_id,pro_codigo_plu,vfm_cantidad,vfm_unitario,vfm_total,vfm_entregado) VALUES (10105,2004,1,300,300,@@@NO@@@)','',2,'2013-09-06'),(61794,'INSERT INTO gne_vale_ferreteria (vfe_id,vfe_fecha,vfe_total,vfe_estado,vfe_entregado,usu_nusuario) VALUES (10106,@@@2013.09.06@@@,390,1,0,@@@b_SAEZ@@@)','',2,'2013-09-06'),(61795,'INSERT INTO gne_vale_ferreteria_mov (vfe_id,pro_codigo_plu,vfm_cantidad,vfm_unitario,vfm_total,vfm_entregado) VALUES (10106,764209,1,390,390,@@@NO@@@)','',2,'2013-09-06'),(61796,'UPDATE mae_productos SET pro_precio_venta=2650,pro_margen_actual= 30.61 WHERE pro_codigo_plu=13884','',2,'2013-09-06'),(61797,'UPDATE mae_productos SET pro_precio_venta=990,pro_margen_actual= 32.05 WHERE pro_codigo_plu=763318','',2,'2013-09-06'),(61798,'UPDATE mae_productos SET pro_precio_venta=370,pro_margen_actual= 33.53 WHERE pro_codigo_plu=10614','',2,'2013-09-06'),(61799,'UPDATE mae_productos SET pro_precio_venta=370,pro_margen_actual= 33.53 WHERE pro_codigo_plu=10613','',2,'2013-09-06'),(61800,'UPDATE mae_productos SET pro_precio_venta=360,pro_margen_actual= 31.58 WHERE pro_codigo_plu=11074','',2,'2013-09-06'),(61801,'UPDATE mae_productos SET pro_margen_actual=30.61,pro_precio_venta=2650 WHERE pro_codigo_plu=13884','',2,'2013-09-06'),(61802,'UPDATE mae_productos SET pro_margen_actual=32.05,pro_precio_venta=990 WHERE pro_codigo_plu=763318','',2,'2013-09-06'),(61803,'UPDATE mae_productos SET pro_margen_actual=31.58,pro_precio_venta=360 WHERE pro_codigo_plu=11074','',2,'2013-09-06'),(61804,'UPDATE mae_productos SET pro_margen_actual=33.53,pro_precio_venta=370 WHERE pro_codigo_plu=10613','',2,'2013-09-06'),(61805,'UPDATE mae_productos SET pro_margen_actual=33.53,pro_precio_venta=370 WHERE pro_codigo_plu=10614','',2,'2013-09-06'),(61806,'UPDATE mae_productos SET pro_margen_actual=29.97,pro_precio_venta=399 WHERE pro_codigo_plu=573','',2,'2013-09-06'),(61807,'UPDATE mae_productos SET pro_margen_actual=44.47,pro_precio_venta=549 WHERE pro_codigo_plu=572','',2,'2013-09-06'),(61808,'UPDATE mae_productos SET pro_precio_fiscal=pro_precio_venta WHERE pro_codigo_plu=572','',2,'2013-09-06'),(61809,'UPDATE mae_productos SET pro_precio_fiscal=pro_precio_venta WHERE pro_codigo_plu=13884','',2,'2013-09-06'),(61810,'UPDATE mae_productos SET pro_precio_fiscal=pro_precio_venta WHERE pro_codigo_plu=763318','',2,'2013-09-06'),(61811,'UPDATE mae_productos SET pro_precio_fiscal=pro_precio_venta WHERE pro_codigo_plu=10614','',2,'2013-09-06'),(61812,'UPDATE mae_productos SET pro_precio_fiscal=pro_precio_venta WHERE pro_codigo_plu=10613','',2,'2013-09-06'),(61813,'UPDATE mae_productos SET pro_precio_fiscal=pro_precio_venta WHERE pro_codigo_plu=11074','',2,'2013-09-06'),(61814,'INSERT INTO gne_vale_ferreteria (vfe_id,vfe_fecha,vfe_total,vfe_estado,vfe_entregado,usu_nusuario) VALUES (10107,@@@2013.09.06@@@,2100,1,0,@@@b_SAEZ@@@)','',2,'2013-09-06'),(61815,'INSERT INTO gne_vale_ferreteria_mov (vfe_id,pro_codigo_plu,vfm_cantidad,vfm_unitario,vfm_total,vfm_entregado) VALUES (10107,763944,1,2100,2100,@@@NO@@@)','',2,'2013-09-06'),(61816,'INSERT INTO gne_vale_ferreteria (vfe_id,vfe_fecha,vfe_total,vfe_estado,vfe_entregado,usu_nusuario) VALUES (10108,@@@2013.09.06@@@,200,1,0,@@@b_SAEZ@@@)','',2,'2013-09-06'),(61817,'INSERT INTO gne_vale_ferreteria_mov (vfe_id,pro_codigo_plu,vfm_cantidad,vfm_unitario,vfm_total,vfm_entregado) VALUES (10108,764834,10,20,200,@@@NO@@@)','',2,'2013-09-06'),(61818,'INSERT INTO gne_vale_ferreteria (vfe_id,vfe_fecha,vfe_total,vfe_estado,vfe_entregado,usu_nusuario) VALUES (10109,@@@2013.09.06@@@,1890,1,0,@@@b_SAEZ@@@)','',2,'2013-09-06'),(61819,'INSERT INTO gne_vale_ferreteria_mov (vfe_id,pro_codigo_plu,vfm_cantidad,vfm_unitario,vfm_total,vfm_entregado) VALUES (10109,101624,1,1890,1890,@@@NO@@@)','',2,'2013-09-06'),(61820,'INSERT INTO gne_vale_ferreteria (vfe_id,vfe_fecha,vfe_total,vfe_estado,vfe_entregado,usu_nusuario) VALUES (10110,@@@2013.09.06@@@,200,1,0,@@@b_SAEZ@@@)','',2,'2013-09-06'),(61821,'INSERT INTO gne_vale_ferreteria_mov (vfe_id,pro_codigo_plu,vfm_cantidad,vfm_unitario,vfm_total,vfm_entregado) VALUES (10110,1556,1,200,200,@@@NO@@@)','',2,'2013-09-06'),(61822,'UPDATE mae_productos SET pro_precio_compra_bruto=2338.82,pro_margen_actual=(pro_precio_venta-2338.82)/2338.82 * 100,pro_ultima_compra=@@@2013.09.06@@@,pro_ultimo_proveedor=@@@96591040-9@@@ WHERE pro_codigo_plu=762783','',2,'2013-09-06'),(61823,'UPDATE mae_productos SET pro_precio_compra_bruto=939.6,pro_margen_actual=(pro_precio_venta-939.6)/939.6 * 100,pro_ultima_compra=@@@2013.09.06@@@,pro_ultimo_proveedor=@@@96591040-9@@@ WHERE pro_codigo_plu=12652','',2,'2013-09-06'),(61824,'UPDATE mae_productos SET pro_precio_compra_bruto=86.81,pro_margen_actual=(pro_precio_venta-86.81)/86.81 * 100,pro_ultima_compra=@@@2013.09.06@@@,pro_ultimo_proveedor=@@@96591040-9@@@ WHERE pro_codigo_plu=3504','',2,'2013-09-06'),(61825,'UPDATE mae_productos SET pro_precio_compra_bruto=970.44,pro_margen_actual=(pro_precio_venta-970.44)/970.44 * 100,pro_ultima_compra=@@@2013.09.06@@@,pro_ultimo_proveedor=@@@96591040-9@@@ WHERE pro_codigo_plu=780721605','',2,'2013-09-06'),(61826,'UPDATE mae_productos SET pro_precio_compra_bruto=73.44,pro_margen_actual=(pro_precio_venta-73.44)/73.44 * 100,pro_ultima_compra=@@@2013.09.06@@@,pro_ultimo_proveedor=@@@96591040-9@@@ WHERE pro_codigo_plu=102011','',2,'2013-09-06'),(61827,'UPDATE mae_productos SET pro_precio_compra_bruto=41.035,pro_margen_actual=(pro_precio_venta-41.035)/41.035 * 100,pro_ultima_compra=@@@2013.09.06@@@,pro_ultimo_proveedor=@@@96591040-9@@@ WHERE pro_codigo_plu=4072','',2,'2013-09-06'),(61828,'UPDATE mae_productos SET pro_precio_compra_bruto=151.04,pro_margen_actual=(pro_precio_venta-151.04)/151.04 * 100,pro_ultima_compra=@@@2013.09.06@@@,pro_ultimo_proveedor=@@@96591040-9@@@ WHERE pro_codigo_plu=761497','',2,'2013-09-06'),(61829,'UPDATE mae_productos SET pro_precio_compra_bruto=388.78,pro_margen_actual=(pro_precio_venta-388.78)/388.78 * 100,pro_ultima_compra=@@@2013.09.06@@@,pro_ultimo_proveedor=@@@96591040-9@@@ WHERE pro_codigo_plu=762004','',2,'2013-09-06'),(61830,'UPDATE mae_productos SET pro_precio_compra_bruto=280.906,pro_margen_actual=(pro_precio_venta-280.906)/280.906 * 100,pro_ultima_compra=@@@2013.09.06@@@,pro_ultimo_proveedor=@@@96591040-9@@@ WHERE pro_codigo_plu=763290','',2,'2013-09-06'),(61831,'UPDATE mae_productos SET pro_precio_compra_bruto=83.35,pro_margen_actual=(pro_precio_venta-83.35)/83.35 * 100,pro_ultima_compra=@@@2013.09.06@@@,pro_ultimo_proveedor=@@@96591040-9@@@ WHERE pro_codigo_plu=762877','',2,'2013-09-06'),(61832,'UPDATE mae_productos SET pro_precio_compra_bruto=75.6,pro_margen_actual=(pro_precio_venta-75.6)/75.6 * 100,pro_ultima_compra=@@@2013.09.06@@@,pro_ultimo_proveedor=@@@96591040-9@@@ WHERE pro_codigo_plu=12869','',2,'2013-09-06'),(61833,'UPDATE mae_productos SET pro_precio_compra_bruto=92.89,pro_margen_actual=(pro_precio_venta-92.89)/92.89 * 100,pro_ultima_compra=@@@2013.09.06@@@,pro_ultimo_proveedor=@@@96591040-9@@@ WHERE pro_codigo_plu=780721336','',2,'2013-09-06'),(61834,'UPDATE mae_productos SET pro_precio_compra_bruto=788.37,pro_margen_actual=(pro_precio_venta-788.37)/788.37 * 100,pro_ultima_compra=@@@2013.09.06@@@,pro_ultimo_proveedor=@@@96591040-9@@@ WHERE pro_codigo_plu=12320','',2,'2013-09-06'),(61835,'UPDATE mae_productos SET pro_precio_compra_bruto=507.6,pro_margen_actual=(pro_precio_venta-507.6)/507.6 * 100,pro_ultima_compra=@@@2013.09.06@@@,pro_ultimo_proveedor=@@@96591040-9@@@ WHERE pro_codigo_plu=12373','',2,'2013-09-06'),(61836,'UPDATE mae_productos SET pro_precio_compra_bruto=241.91,pro_margen_actual=(pro_precio_venta-241.91)/241.91 * 100,pro_ultima_compra=@@@2013.09.06@@@,pro_ultimo_proveedor=@@@96591040-9@@@ WHERE pro_codigo_plu=11961','',2,'2013-09-06'),(61837,'UPDATE mae_productos SET pro_precio_compra_bruto=442.77,pro_margen_actual=(pro_precio_venta-442.77)/442.77 * 100,pro_ultima_compra=@@@2013.09.06@@@,pro_ultimo_proveedor=@@@96591040-9@@@ WHERE pro_codigo_plu=11999','',2,'2013-09-06'),(61838,'UPDATE mae_productos SET pro_precio_compra_bruto=92.82,pro_margen_actual=(pro_precio_venta-92.82)/92.82 * 100,pro_ultima_compra=@@@2013.09.06@@@,pro_ultimo_proveedor=@@@96591040-9@@@ WHERE pro_codigo_plu=780721335','',2,'2013-09-06'),(61839,'UPDATE mae_productos SET pro_precio_compra_bruto=83.12,pro_margen_actual=(pro_precio_venta-83.12)/83.12 * 100,pro_ultima_compra=@@@2013.09.06@@@,pro_ultimo_proveedor=@@@96591040-9@@@ WHERE pro_codigo_plu=762875','',2,'2013-09-06'),(61840,'UPDATE mae_productos SET pro_precio_compra_bruto=83.12,pro_margen_actual=(pro_precio_venta-83.12)/83.12 * 100,pro_ultima_compra=@@@2013.09.06@@@,pro_ultimo_proveedor=@@@96591040-9@@@ WHERE pro_codigo_plu=762873','',2,'2013-09-06'),(61841,'UPDATE mae_productos SET pro_precio_compra_bruto=83.12,pro_margen_actual=(pro_precio_venta-83.12)/83.12 * 100,pro_ultima_compra=@@@2013.09.06@@@,pro_ultimo_proveedor=@@@96591040-9@@@ WHERE pro_codigo_plu=762918','',2,'2013-09-06'),(61842,'UPDATE mae_productos SET pro_precio_compra_bruto=83.12,pro_margen_actual=(pro_precio_venta-83.12)/83.12 * 100,pro_ultima_compra=@@@2013.09.06@@@,pro_ultimo_proveedor=@@@96591040-9@@@ WHERE pro_codigo_plu=764876','',2,'2013-09-06'),(61843,'UPDATE mae_productos SET pro_precio_compra_bruto=75.6,pro_margen_actual=(pro_precio_venta-75.6)/75.6 * 100,pro_ultima_compra=@@@2013.09.06@@@,pro_ultimo_proveedor=@@@96591040-9@@@ WHERE pro_codigo_plu=100327','',2,'2013-09-06'),(61844,'UPDATE mae_productos SET pro_precio_compra_bruto=467.43,pro_margen_actual=(pro_precio_venta-467.43)/467.43 * 100,pro_ultima_compra=@@@2013.09.06@@@,pro_ultimo_proveedor=@@@96591040-9@@@ WHERE pro_codigo_plu=780721656','',2,'2013-09-06'),(61845,'UPDATE mae_productos SET pro_precio_compra_bruto=453.86,pro_margen_actual=(pro_precio_venta-453.86)/453.86 * 100,pro_ultima_compra=@@@2013.09.06@@@,pro_ultimo_proveedor=@@@96591040-9@@@ WHERE pro_codigo_plu=770217409','',2,'2013-09-06'),(61846,'UPDATE mae_productos SET pro_precio_compra_bruto=453.86,pro_margen_actual=(pro_precio_venta-453.86)/453.86 * 100,pro_ultima_compra=@@@2013.09.06@@@,pro_ultimo_proveedor=@@@96591040-9@@@ WHERE pro_codigo_plu=763424','',2,'2013-09-06'),(61847,'UPDATE mae_productos SET pro_precio_compra_bruto=453.86,pro_margen_actual=(pro_precio_venta-453.86)/453.86 * 100,pro_ultima_compra=@@@2013.09.06@@@,pro_ultimo_proveedor=@@@96591040-9@@@ WHERE pro_codigo_plu=763426','',2,'2013-09-06'),(61848,'UPDATE mae_productos SET pro_precio_compra_bruto=388.78,pro_margen_actual=(pro_precio_venta-388.78)/388.78 * 100,pro_ultima_compra=@@@2013.09.06@@@,pro_ultimo_proveedor=@@@96591040-9@@@ WHERE pro_codigo_plu=12300','',2,'2013-09-06'),(61849,'UPDATE mae_productos SET pro_precio_compra_bruto=77.77,pro_margen_actual=(pro_precio_venta-77.77)/77.77 * 100,pro_ultima_compra=@@@2013.09.06@@@,pro_ultimo_proveedor=@@@96591040-9@@@ WHERE pro_codigo_plu=780721069','',2,'2013-09-06'),(61850,'UPDATE mae_productos SET pro_precio_compra_bruto=811.28,pro_margen_actual=(pro_precio_venta-811.28)/811.28 * 100,pro_ultima_compra=@@@2013.09.06@@@,pro_ultimo_proveedor=@@@96591040-9@@@ WHERE pro_codigo_plu=763128','',2,'2013-09-06'),(61851,'UPDATE mae_productos SET pro_precio_compra_bruto=811.28,pro_margen_actual=(pro_precio_venta-811.28)/811.28 * 100,pro_ultima_compra=@@@2013.09.06@@@,pro_ultimo_proveedor=@@@96591040-9@@@ WHERE pro_codigo_plu=780721657','',2,'2013-09-06'),(61852,'UPDATE mae_productos SET pro_precio_compra_bruto=388.78,pro_margen_actual=(pro_precio_venta-388.78)/388.78 * 100,pro_ultima_compra=@@@2013.09.06@@@,pro_ultimo_proveedor=@@@96591040-9@@@ WHERE pro_codigo_plu=762005','',2,'2013-09-06'),(61853,'UPDATE mae_productos SET pro_precio_compra_bruto=388.78,pro_margen_actual=(pro_precio_venta-388.78)/388.78 * 100,pro_ultima_compra=@@@2013.09.06@@@,pro_ultimo_proveedor=@@@96591040-9@@@ WHERE pro_codigo_plu=12319','',2,'2013-09-06'),(61854,'UPDATE mae_productos SET pro_precio_compra_bruto=2338.826,pro_margen_actual=(pro_precio_venta-2338.826)/2338.826 * 100,pro_ultima_compra=@@@2013.09.06@@@,pro_ultimo_proveedor=@@@96591040-9@@@ WHERE pro_codigo_plu=762811','',2,'2013-09-06'),(61855,'UPDATE mae_productos SET pro_precio_venta=1950,pro_margen_actual= 41.26 WHERE pro_codigo_plu=128','',2,'2013-09-06'),(61856,'UPDATE mae_productos SET pro_precio_venta=4250,pro_margen_actual= 39.89 WHERE pro_codigo_plu=205','',2,'2013-09-06'),(61857,'INSERT INTO gne_vale_ferreteria (vfe_id,vfe_fecha,vfe_total,vfe_estado,vfe_entregado,usu_nusuario) VALUES (10111,@@@2013.09.06@@@,1090,1,0,@@@b_SAEZ@@@)','',2,'2013-09-06'),(61858,'INSERT INTO gne_vale_ferreteria_mov (vfe_id,pro_codigo_plu,vfm_cantidad,vfm_unitario,vfm_total,vfm_entregado) VALUES (10111,8023,1,390,390,@@@NO@@@)','',2,'2013-09-06'),(61859,'INSERT INTO gne_vale_ferreteria_mov (vfe_id,pro_codigo_plu,vfm_cantidad,vfm_unitario,vfm_total,vfm_entregado) VALUES (10111,763588,1,330,330,@@@NO@@@)','',2,'2013-09-06'),(61860,'INSERT INTO gne_vale_ferreteria_mov (vfe_id,pro_codigo_plu,vfm_cantidad,vfm_unitario,vfm_total,vfm_entregado) VALUES (10111,780220193,1,370,370,@@@NO@@@)','',2,'2013-09-06'),(61861,'UPDATE mae_productos SET pro_margen_actual=39.89,pro_precio_venta=4250 WHERE pro_codigo_plu=205','',2,'2013-09-06'),(61862,'UPDATE mae_productos SET pro_margen_actual=41.26,pro_precio_venta=1950 WHERE pro_codigo_plu=128','',2,'2013-09-06'),(61863,'UPDATE mae_productos SET pro_margen_actual=0,pro_precio_venta=780 WHERE pro_codigo_plu=12119','',2,'2013-09-06'),(61864,'UPDATE mae_productos SET pro_precio_fiscal=pro_precio_venta WHERE pro_codigo_plu=12119','',2,'2013-09-06'),(61865,'UPDATE mae_productos SET pro_precio_venta=3050,pro_margen_actual= 30.41 WHERE pro_codigo_plu=762783','',2,'2013-09-06'),(61866,'UPDATE mae_productos SET pro_precio_venta=660,pro_margen_actual= 30.02 WHERE pro_codigo_plu=12373','',2,'2013-09-06'),(61867,'UPDATE mae_productos SET pro_precio_fiscal=pro_precio_venta WHERE pro_codigo_plu=128','',2,'2013-09-06'),(61868,'UPDATE mae_productos SET pro_precio_fiscal=pro_precio_venta WHERE pro_codigo_plu=205','',2,'2013-09-06'),(61869,'UPDATE mae_productos SET pro_precio_fiscal=pro_precio_venta WHERE pro_codigo_plu=762783','',2,'2013-09-06'),(61870,'UPDATE mae_productos SET pro_precio_fiscal=pro_precio_venta WHERE pro_codigo_plu=12373','',2,'2013-09-06'),(61871,'INSERT INTO gne_vale_ferreteria (vfe_id,vfe_fecha,vfe_total,vfe_estado,vfe_entregado,usu_nusuario) VALUES (10112,@@@2013.09.06@@@,1490,1,0,@@@b_SAEZ@@@)','',2,'2013-09-06'),(61872,'INSERT INTO gne_vale_ferreteria_mov (vfe_id,pro_codigo_plu,vfm_cantidad,vfm_unitario,vfm_total,vfm_entregado) VALUES (10112,764564,1,1490,1490,@@@NO@@@)','',2,'2013-09-06'),(61873,'UPDATE mae_productos SET pro_precio_compra_bruto=360,pro_margen_actual=(pro_precio_venta-360)/360 * 100,pro_ultima_compra=@@@2013.09.06@@@,pro_ultimo_proveedor=@@@76193222-5@@@ WHERE pro_codigo_plu=230340','',2,'2013-09-06'),(61874,'UPDATE mae_productos SET pro_precio_compra_bruto=124,pro_margen_actual=(pro_precio_venta-124)/124 * 100,pro_ultima_compra=@@@2013.09.06@@@,pro_ultimo_proveedor=@@@76193222-5@@@ WHERE pro_codigo_plu=764135','',2,'2013-09-06'),(61875,'UPDATE mae_productos SET pro_precio_compra_bruto=239,pro_margen_actual=(pro_precio_venta-239)/239 * 100,pro_ultima_compra=@@@2013.09.06@@@,pro_ultimo_proveedor=@@@76193222-5@@@ WHERE pro_codigo_plu=100100','',2,'2013-09-06'),(61876,'UPDATE mae_productos SET pro_precio_compra_bruto=1799,pro_margen_actual=(pro_precio_venta-1799)/1799 * 100,pro_ultima_compra=@@@2013.09.06@@@,pro_ultimo_proveedor=@@@76193222-5@@@ WHERE pro_codigo_plu=780721774','',2,'2013-09-06'),(61877,'UPDATE mae_productos SET pro_precio_compra_bruto=589,pro_margen_actual=(pro_precio_venta-589)/589 * 100,pro_ultima_compra=@@@2013.09.06@@@,pro_ultimo_proveedor=@@@76193222-5@@@ WHERE pro_codigo_plu=780721775','',2,'2013-09-06'),(61878,'UPDATE mae_productos SET pro_precio_compra_bruto=1150,pro_margen_actual=(pro_precio_venta-1150)/1150 * 100,pro_ultima_compra=@@@2013.09.06@@@,pro_ultimo_proveedor=@@@76193222-5@@@ WHERE pro_codigo_plu=505050','',2,'2013-09-06'),(61879,'UPDATE mae_productos SET pro_precio_compra_bruto=1390,pro_margen_actual=(pro_precio_venta-1390)/1390 * 100,pro_ultima_compra=@@@2013.09.06@@@,pro_ultimo_proveedor=@@@76193222-5@@@ WHERE pro_codigo_plu=78017188','',2,'2013-09-06'),(61880,'UPDATE mae_productos SET pro_precio_compra_bruto=1390,pro_margen_actual=(pro_precio_venta-1390)/1390 * 100,pro_ultima_compra=@@@2013.09.06@@@,pro_ultimo_proveedor=@@@76193222-5@@@ WHERE pro_codigo_plu=78016984','',2,'2013-09-06'),(61881,'UPDATE mae_productos SET pro_precio_compra_bruto=1490,pro_margen_actual=(pro_precio_venta-1490)/1490 * 100,pro_ultima_compra=@@@2013.09.06@@@,pro_ultimo_proveedor=@@@76193222-5@@@ WHERE pro_codigo_plu=763004','',2,'2013-09-06'),(61882,'UPDATE mae_productos SET pro_precio_compra_bruto=1490,pro_margen_actual=(pro_precio_venta-1490)/1490 * 100,pro_ultima_compra=@@@2013.09.06@@@,pro_ultimo_proveedor=@@@76193222-5@@@ WHERE pro_codigo_plu=780721776','',2,'2013-09-06'),(61883,'UPDATE mae_productos SET pro_precio_compra_bruto=1490,pro_margen_actual=(pro_precio_venta-1490)/1490 * 100,pro_ultima_compra=@@@2013.09.06@@@,pro_ultimo_proveedor=@@@76193222-5@@@ WHERE pro_codigo_plu=763901','',2,'2013-09-06'),(61884,'UPDATE mae_productos SET pro_precio_compra_bruto=1699,pro_margen_actual=(pro_precio_venta-1699)/1699 * 100,pro_ultima_compra=@@@2013.09.06@@@,pro_ultimo_proveedor=@@@76193222-5@@@ WHERE pro_codigo_plu=10179','',2,'2013-09-06'),(61885,'UPDATE mae_productos SET pro_precio_compra_bruto=1699,pro_margen_actual=(pro_precio_venta-1699)/1699 * 100,pro_ultima_compra=@@@2013.09.06@@@,pro_ultimo_proveedor=@@@76193222-5@@@ WHERE pro_codigo_plu=78017023','',2,'2013-09-06'),(61886,'UPDATE mae_productos SET pro_precio_compra_bruto=1699,pro_margen_actual=(pro_precio_venta-1699)/1699 * 100,pro_ultima_compra=@@@2013.09.06@@@,pro_ultimo_proveedor=@@@76193222-5@@@ WHERE pro_codigo_plu=101047','',2,'2013-09-06'),(61887,'UPDATE mae_productos SET pro_precio_compra_bruto=759,pro_margen_actual=(pro_precio_venta-759)/759 * 100,pro_ultima_compra=@@@2013.09.06@@@,pro_ultimo_proveedor=@@@76193222-5@@@ WHERE pro_codigo_plu=13498','',2,'2013-09-06'),(61888,'UPDATE mae_productos SET pro_precio_compra_bruto=2790,pro_margen_actual=(pro_precio_venta-2790)/2790 * 100,pro_ultima_compra=@@@2013.09.06@@@,pro_ultimo_proveedor=@@@76193222-5@@@ WHERE pro_codigo_plu=780721347','',2,'2013-09-06'),(61889,'UPDATE mae_productos SET pro_precio_compra_bruto=940,pro_margen_actual=(pro_precio_venta-940)/940 * 100,pro_ultima_compra=@@@2013.09.06@@@,pro_ultimo_proveedor=@@@76193222-5@@@ WHERE pro_codigo_plu=780721777','',2,'2013-09-06'),(61890,'UPDATE mae_productos SET pro_precio_compra_bruto=29,pro_margen_actual=(pro_precio_venta-29)/29 * 100,pro_ultima_compra=@@@2013.09.06@@@,pro_ultimo_proveedor=@@@76193222-5@@@ WHERE pro_codigo_plu=404023','',2,'2013-09-06'),(61891,'UPDATE mae_productos SET pro_precio_compra_bruto=126,pro_margen_actual=(pro_precio_venta-126)/126 * 100,pro_ultima_compra=@@@2013.09.06@@@,pro_ultimo_proveedor=@@@76193222-5@@@ WHERE pro_codigo_plu=78017141','',2,'2013-09-06'),(61892,'UPDATE mae_productos SET pro_precio_compra_bruto=126,pro_margen_actual=(pro_precio_venta-126)/126 * 100,pro_ultima_compra=@@@2013.09.06@@@,pro_ultimo_proveedor=@@@76193222-5@@@ WHERE pro_codigo_plu=780220109','',2,'2013-09-06'),(61893,'UPDATE mae_productos SET pro_precio_compra_bruto=126,pro_margen_actual=(pro_precio_venta-126)/126 * 100,pro_ultima_compra=@@@2013.09.06@@@,pro_ultimo_proveedor=@@@76193222-5@@@ WHERE pro_codigo_plu=780721351','',2,'2013-09-06'),(61894,'UPDATE mae_productos SET pro_precio_compra_bruto=126,pro_margen_actual=(pro_precio_venta-126)/126 * 100,pro_ultima_compra=@@@2013.09.06@@@,pro_ultimo_proveedor=@@@76193222-5@@@ WHERE pro_codigo_plu=78017131','',2,'2013-09-06'),(61895,'UPDATE mae_productos SET pro_precio_compra_bruto=126,pro_margen_actual=(pro_precio_venta-126)/126 * 100,pro_ultima_compra=@@@2013.09.06@@@,pro_ultimo_proveedor=@@@76193222-5@@@ WHERE pro_codigo_plu=78017139','',2,'2013-09-06'),(61896,'UPDATE mae_productos SET pro_precio_compra_bruto=126,pro_margen_actual=(pro_precio_venta-126)/126 * 100,pro_ultima_compra=@@@2013.09.06@@@,pro_ultimo_proveedor=@@@76193222-5@@@ WHERE pro_codigo_plu=78017142','',2,'2013-09-06'),(61897,'UPDATE mae_productos SET pro_precio_compra_bruto=126,pro_margen_actual=(pro_precio_venta-126)/126 * 100,pro_ultima_compra=@@@2013.09.06@@@,pro_ultimo_proveedor=@@@76193222-5@@@ WHERE pro_codigo_plu=780721778','',2,'2013-09-06'),(61898,'UPDATE mae_productos SET pro_precio_compra_bruto=126,pro_margen_actual=(pro_precio_venta-126)/126 * 100,pro_ultima_compra=@@@2013.09.06@@@,pro_ultimo_proveedor=@@@76193222-5@@@ WHERE pro_codigo_plu=78017014','',2,'2013-09-06'),(61899,'UPDATE mae_productos SET pro_precio_compra_bruto=1790,pro_margen_actual=(pro_precio_venta-1790)/1790 * 100,pro_ultima_compra=@@@2013.09.06@@@,pro_ultimo_proveedor=@@@76193222-5@@@ WHERE pro_codigo_plu=763668','',2,'2013-09-06'),(61900,'UPDATE mae_productos SET pro_precio_compra_bruto=3190,pro_margen_actual=(pro_precio_venta-3190)/3190 * 100,pro_ultima_compra=@@@2013.09.06@@@,pro_ultimo_proveedor=@@@76193222-5@@@ WHERE pro_codigo_plu=780220161','',2,'2013-09-06'),(61901,'UPDATE mae_productos SET pro_precio_compra_bruto=3190,pro_margen_actual=(pro_precio_venta-3190)/3190 * 100,pro_ultima_compra=@@@2013.09.06@@@,pro_ultimo_proveedor=@@@76193222-5@@@ WHERE pro_codigo_plu=763691','',2,'2013-09-06'),(61902,'UPDATE mae_productos SET pro_precio_compra_bruto=359,pro_margen_actual=(pro_precio_venta-359)/359 * 100,pro_ultima_compra=@@@2013.09.06@@@,pro_ultimo_proveedor=@@@76193222-5@@@ WHERE pro_codigo_plu=11218','',2,'2013-09-06'),(61903,'UPDATE mae_productos SET pro_precio_compra_bruto=2990,pro_margen_actual=(pro_precio_venta-2990)/2990 * 100,pro_ultima_compra=@@@2013.09.06@@@,pro_ultimo_proveedor=@@@76193222-5@@@ WHERE pro_codigo_plu=78016989','',2,'2013-09-06'),(61904,'UPDATE mae_productos SET pro_precio_compra_bruto=1290,pro_margen_actual=(pro_precio_venta-1290)/1290 * 100,pro_ultima_compra=@@@2013.09.06@@@,pro_ultimo_proveedor=@@@76193222-5@@@ WHERE pro_codigo_plu=18678','',2,'2013-09-06'),(61905,'UPDATE mae_productos SET pro_precio_compra_bruto=550,pro_margen_actual=(pro_precio_venta-550)/550 * 100,pro_ultima_compra=@@@2013.09.06@@@,pro_ultimo_proveedor=@@@76193222-5@@@ WHERE pro_codigo_plu=101104','',2,'2013-09-06'),(61906,'UPDATE mae_productos SET pro_precio_compra_bruto=1390,pro_margen_actual=(pro_precio_venta-1390)/1390 * 100,pro_ultima_compra=@@@2013.09.06@@@,pro_ultimo_proveedor=@@@76193222-5@@@ WHERE pro_codigo_plu=763606','',2,'2013-09-06'),(61907,'UPDATE mae_productos SET pro_precio_compra_bruto=1290,pro_margen_actual=(pro_precio_venta-1290)/1290 * 100,pro_ultima_compra=@@@2013.09.06@@@,pro_ultimo_proveedor=@@@76193222-5@@@ WHERE pro_codigo_plu=20516','',2,'2013-09-06'),(61908,'UPDATE mae_productos SET pro_precio_compra_bruto=1690,pro_margen_actual=(pro_precio_venta-1690)/1690 * 100,pro_ultima_compra=@@@2013.09.06@@@,pro_ultimo_proveedor=@@@76193222-5@@@ WHERE pro_codigo_plu=763765','',2,'2013-09-06'),(61909,'UPDATE mae_productos SET pro_precio_compra_bruto=135,pro_margen_actual=(pro_precio_venta-135)/135 * 100,pro_ultima_compra=@@@2013.09.06@@@,pro_ultimo_proveedor=@@@76193222-5@@@ WHERE pro_codigo_plu=12819','',2,'2013-09-06'),(61910,'UPDATE mae_productos SET pro_precio_compra_bruto=96,pro_margen_actual=(pro_precio_venta-96)/96 * 100,pro_ultima_compra=@@@2013.09.06@@@,pro_ultimo_proveedor=@@@76193222-5@@@ WHERE pro_codigo_plu=780721779','',2,'2013-09-06'),(61911,'UPDATE mae_productos SET pro_precio_compra_bruto=389,pro_margen_actual=(pro_precio_venta-389)/389 * 100,pro_ultima_compra=@@@2013.09.06@@@,pro_ultimo_proveedor=@@@76193222-5@@@ WHERE pro_codigo_plu=78017055','',2,'2013-09-06'),(61912,'UPDATE mae_productos SET pro_precio_compra_bruto=489,pro_margen_actual=(pro_precio_venta-489)/489 * 100,pro_ultima_compra=@@@2013.09.06@@@,pro_ultimo_proveedor=@@@76193222-5@@@ WHERE pro_codigo_plu=101380','',2,'2013-09-06'),(61913,'UPDATE mae_productos SET pro_precio_compra_bruto=1790,pro_margen_actual=(pro_precio_venta-1790)/1790 * 100,pro_ultima_compra=@@@2013.09.06@@@,pro_ultimo_proveedor=@@@76193222-5@@@ WHERE pro_codigo_plu=780721780','',2,'2013-09-06'),(61914,'UPDATE mae_productos SET pro_precio_compra_bruto=1790,pro_margen_actual=(pro_precio_venta-1790)/1790 * 100,pro_ultima_compra=@@@2013.09.06@@@,pro_ultimo_proveedor=@@@76193222-5@@@ WHERE pro_codigo_plu=780721781','',2,'2013-09-06'),(61915,'UPDATE mae_productos SET pro_precio_compra_bruto=219,pro_margen_actual=(pro_precio_venta-219)/219 * 100,pro_ultima_compra=@@@2013.09.06@@@,pro_ultimo_proveedor=@@@76193222-5@@@ WHERE pro_codigo_plu=763585','',2,'2013-09-06'),(61916,'INSERT INTO gne_vale_ferreteria (vfe_id,vfe_fecha,vfe_total,vfe_estado,vfe_entregado,usu_nusuario) VALUES (10113,@@@2013.09.06@@@,4420,1,0,@@@b_SAEZ@@@)','',2,'2013-09-06'),(61917,'INSERT INTO gne_vale_ferreteria_mov (vfe_id,pro_codigo_plu,vfm_cantidad,vfm_unitario,vfm_total,vfm_entregado) VALUES (10113,4067,1,3290,3290,@@@NO@@@)','',2,'2013-09-06'),(61918,'INSERT INTO gne_vale_ferreteria_mov (vfe_id,pro_codigo_plu,vfm_cantidad,vfm_unitario,vfm_total,vfm_entregado) VALUES (10113,770036,1,170,170,@@@NO@@@)','',2,'2013-09-06'),(61919,'INSERT INTO gne_vale_ferreteria_mov (vfe_id,pro_codigo_plu,vfm_cantidad,vfm_unitario,vfm_total,vfm_entregado) VALUES (10113,764264,1,960,960,@@@NO@@@)','',2,'2013-09-06'),(61920,'INSERT INTO gne_vale_ferreteria (vfe_id,vfe_fecha,vfe_total,vfe_estado,vfe_entregado,usu_nusuario) VALUES (10114,@@@2013.09.06@@@,210,1,0,@@@b_SAEZ@@@)','',2,'2013-09-06'),(61921,'INSERT INTO gne_vale_ferreteria_mov (vfe_id,pro_codigo_plu,vfm_cantidad,vfm_unitario,vfm_total,vfm_entregado) VALUES (10114,78017027,3,70,210,@@@NO@@@)','',2,'2013-09-06'),(61922,'UPDATE mae_productos SET pro_precio_venta=390,pro_margen_actual= 63.18 WHERE pro_codigo_plu=100100','',2,'2013-09-06'),(61923,'UPDATE mae_productos SET pro_precio_venta=200,pro_margen_actual= 48.15 WHERE pro_codigo_plu=12819','',2,'2013-09-06'),(61924,'UPDATE mae_productos SET pro_precio_venta=540,pro_margen_actual= 50 WHERE pro_codigo_plu=230340','',2,'2013-09-06'),(61925,'UPDATE mae_productos SET pro_precio_venta=4990,pro_margen_actual= 66.89 WHERE pro_codigo_plu=78016989','',2,'2013-09-06'),(61926,'UPDATE mae_productos SET pro_precio_venta=60,pro_margen_actual= 106.9 WHERE pro_codigo_plu=404023','',2,'2013-09-06'),(61927,'UPDATE mae_productos SET pro_precio_venta=2699,pro_margen_actual= 50.03 WHERE pro_codigo_plu=780721774','',2,'2013-09-06'),(61928,'UPDATE mae_productos SET pro_precio_venta=1790,pro_margen_actual= 55.65 WHERE pro_codigo_plu=505050','',2,'2013-09-06'),(61929,'UPDATE mae_productos SET pro_precio_venta=2250,pro_margen_actual= 51.01 WHERE pro_codigo_plu=780721776','',2,'2013-09-06'),(61930,'UPDATE mae_productos SET pro_precio_venta=2250,pro_margen_actual= 51.01 WHERE pro_codigo_plu=763901','',2,'2013-09-06'),(61931,'UPDATE mae_productos SET pro_precio_venta=2250,pro_margen_actual= 51.01 WHERE pro_codigo_plu=763004','',2,'2013-09-06'),(61932,'UPDATE mae_productos SET pro_precio_venta=530,pro_margen_actual= 47.63 WHERE pro_codigo_plu=11218','',2,'2013-09-06'),(61933,'UPDATE mae_productos SET pro_precio_venta=2690,pro_margen_actual= 50.28 WHERE pro_codigo_plu=763668','',2,'2013-09-06'),(61934,'UPDATE mae_productos SET pro_precio_venta=2550,pro_margen_actual= 50.89 WHERE pro_codigo_plu=763765','',2,'2013-09-06'),(61935,'UPDATE mae_productos SET pro_precio_venta=790,pro_margen_actual= 43.64 WHERE pro_codigo_plu=101104','',2,'2013-09-06'),(61936,'UPDATE mae_productos SET pro_precio_venta=4790,pro_margen_actual= 50.16 WHERE pro_codigo_plu=763691','',2,'2013-09-06'),(61937,'UPDATE mae_productos SET pro_precio_venta=1100,pro_margen_actual= 44.93 WHERE pro_codigo_plu=13498','',2,'2013-09-06'),(61938,'UPDATE mae_productos SET pro_precio_venta=690,pro_margen_actual= 77.38 WHERE pro_codigo_plu=78017055','',2,'2013-09-06'),(61939,'UPDATE mae_productos SET pro_precio_venta=1450,pro_margen_actual= 54.26 WHERE pro_codigo_plu=780721777','',2,'2013-09-06'),(61940,'UPDATE mae_productos SET pro_precio_venta=2690,pro_margen_actual= 50.28 WHERE pro_codigo_plu=780721781','',2,'2013-09-06'),(61941,'UPDATE mae_productos SET pro_precio_venta=2690,pro_margen_actual= 50.28 WHERE pro_codigo_plu=780721780','',2,'2013-09-06'),(61942,'UPDATE mae_productos SET pro_precio_venta=890,pro_margen_actual= 51.1 WHERE pro_codigo_plu=780721775','',2,'2013-09-06'),(61943,'UPDATE mae_productos SET pro_precio_venta=200,pro_margen_actual= 58.73 WHERE pro_codigo_plu=780721778','',2,'2013-09-06'),(61944,'UPDATE mae_productos SET pro_precio_venta=150,pro_margen_actual= 56.25 WHERE pro_codigo_plu=780721779','',2,'2013-09-06'),(61945,'UPDATE mae_productos SET pro_precio_fiscal=pro_precio_venta WHERE pro_codigo_plu=100100','',2,'2013-09-06'),(61946,'UPDATE mae_productos SET pro_precio_fiscal=pro_precio_venta WHERE pro_codigo_plu=12819','',2,'2013-09-06'),(61947,'UPDATE mae_productos SET pro_precio_fiscal=pro_precio_venta WHERE pro_codigo_plu=230340','',2,'2013-09-06'),(61948,'UPDATE mae_productos SET pro_precio_fiscal=pro_precio_venta WHERE pro_codigo_plu=78016989','',2,'2013-09-06'),(61949,'UPDATE mae_productos SET pro_precio_fiscal=pro_precio_venta WHERE pro_codigo_plu=404023','',2,'2013-09-06'),(61950,'UPDATE mae_productos SET pro_precio_fiscal=pro_precio_venta WHERE pro_codigo_plu=780721774','',2,'2013-09-06'),(61951,'UPDATE mae_productos SET pro_precio_fiscal=pro_precio_venta WHERE pro_codigo_plu=505050','',2,'2013-09-06'),(61952,'UPDATE mae_productos SET pro_precio_fiscal=pro_precio_venta WHERE pro_codigo_plu=780721776','',2,'2013-09-06'),(61953,'UPDATE mae_productos SET pro_precio_fiscal=pro_precio_venta WHERE pro_codigo_plu=763901','',2,'2013-09-06'),(61954,'UPDATE mae_productos SET pro_precio_fiscal=pro_precio_venta WHERE pro_codigo_plu=763004','',2,'2013-09-06'),(61955,'UPDATE mae_productos SET pro_precio_fiscal=pro_precio_venta WHERE pro_codigo_plu=11218','',2,'2013-09-06'),(61956,'UPDATE mae_productos SET pro_precio_fiscal=pro_precio_venta WHERE pro_codigo_plu=763668','',2,'2013-09-06'),(61957,'UPDATE mae_productos SET pro_precio_fiscal=pro_precio_venta WHERE pro_codigo_plu=763765','',2,'2013-09-06'),(61958,'UPDATE mae_productos SET pro_precio_fiscal=pro_precio_venta WHERE pro_codigo_plu=101104','',2,'2013-09-06'),(61959,'UPDATE mae_productos SET pro_precio_fiscal=pro_precio_venta WHERE pro_codigo_plu=763691','',2,'2013-09-06'),(61960,'UPDATE mae_productos SET pro_precio_fiscal=pro_precio_venta WHERE pro_codigo_plu=13498','',2,'2013-09-06'),(61961,'UPDATE mae_productos SET pro_precio_fiscal=pro_precio_venta WHERE pro_codigo_plu=78017055','',2,'2013-09-06'),(61962,'UPDATE mae_productos SET pro_precio_fiscal=pro_precio_venta WHERE pro_codigo_plu=780721777','',2,'2013-09-06'),(61963,'UPDATE mae_productos SET pro_precio_fiscal=pro_precio_venta WHERE pro_codigo_plu=780721781','',2,'2013-09-06'),(61964,'UPDATE mae_productos SET pro_precio_fiscal=pro_precio_venta WHERE pro_codigo_plu=780721780','',2,'2013-09-06'),(61965,'UPDATE mae_productos SET pro_precio_fiscal=pro_precio_venta WHERE pro_codigo_plu=780721775','',2,'2013-09-06'),(61966,'UPDATE mae_productos SET pro_precio_fiscal=pro_precio_venta WHERE pro_codigo_plu=780721778','',2,'2013-09-06'),(61967,'UPDATE mae_productos SET pro_precio_fiscal=pro_precio_venta WHERE pro_codigo_plu=780721779','',2,'2013-09-06'),(61968,'UPDATE mae_productos SET pro_precio_compra_bruto=250,pro_margen_actual=(pro_precio_venta-250)/250 * 100,pro_ultima_compra=@@@2013.09.06@@@,pro_ultimo_proveedor=@@@11578044-1@@@ WHERE pro_codigo_plu=763553','',2,'2013-09-06'),(61969,'UPDATE mae_productos SET pro_precio_compra_bruto=1595,pro_margen_actual=(pro_precio_venta-1595)/1595 * 100,pro_ultima_compra=@@@2013.09.06@@@,pro_ultimo_proveedor=@@@78752470-2@@@ WHERE pro_codigo_plu=17703','',2,'2013-09-06'),(61970,'UPDATE mae_productos SET pro_precio_compra_bruto=1595,pro_margen_actual=(pro_precio_venta-1595)/1595 * 100,pro_ultima_compra=@@@2013.09.06@@@,pro_ultimo_proveedor=@@@78752470-2@@@ WHERE pro_codigo_plu=17905','',2,'2013-09-06'),(61971,'INSERT INTO gne_vale_ferreteria (vfe_id,vfe_fecha,vfe_total,vfe_estado,vfe_entregado,usu_nusuario) VALUES (10115,@@@2013.09.06@@@,1620,1,0,@@@b_SAEZ@@@)','',2,'2013-09-06'),(61972,'INSERT INTO gne_vale_ferreteria_mov (vfe_id,pro_codigo_plu,vfm_cantidad,vfm_unitario,vfm_total,vfm_entregado) VALUES (10115,19916,3,540,1620,@@@NO@@@)','',2,'2013-09-06'),(61973,'INSERT INTO gne_vale_ferreteria (vfe_id,vfe_fecha,vfe_total,vfe_estado,vfe_entregado,usu_nusuario) VALUES (10116,@@@2013.09.06@@@,300,1,0,@@@b_SAEZ@@@)','',2,'2013-09-06'),(61974,'INSERT INTO gne_vale_ferreteria_mov (vfe_id,pro_codigo_plu,vfm_cantidad,vfm_unitario,vfm_total,vfm_entregado) VALUES (10116,77009,1,300,300,@@@NO@@@)','',2,'2013-09-06'),(61975,'INSERT INTO gne_vale_ferreteria (vfe_id,vfe_fecha,vfe_total,vfe_estado,vfe_entregado,usu_nusuario) VALUES (10117,@@@2013.09.06@@@,200,1,0,@@@b_SAEZ@@@)','',2,'2013-09-06'),(61976,'INSERT INTO gne_vale_ferreteria_mov (vfe_id,pro_codigo_plu,vfm_cantidad,vfm_unitario,vfm_total,vfm_entregado) VALUES (10117,101101,1,200,200,@@@NO@@@)','',2,'2013-09-06'),(61977,'INSERT INTO gne_vale_ferreteria (vfe_id,vfe_fecha,vfe_total,vfe_estado,vfe_entregado,usu_nusuario) VALUES (10118,@@@2013.09.06@@@,540,1,0,@@@b_SAEZ@@@)','',2,'2013-09-06'),(61978,'INSERT INTO gne_vale_ferreteria_mov (vfe_id,pro_codigo_plu,vfm_cantidad,vfm_unitario,vfm_total,vfm_entregado) VALUES (10118,19916,1,540,540,@@@NO@@@)','',2,'2013-09-06'),(61979,'INSERT INTO gne_vale_ferreteria (vfe_id,vfe_fecha,vfe_total,vfe_estado,vfe_entregado,usu_nusuario) VALUES (10119,@@@2013.09.07@@@,540,1,0,@@@b_SAEZ@@@)','',2,'2013-09-06'),(61980,'INSERT INTO gne_vale_ferreteria_mov (vfe_id,pro_codigo_plu,vfm_cantidad,vfm_unitario,vfm_total,vfm_entregado) VALUES (10119,19916,1,540,540,@@@NO@@@)','',2,'2013-09-06'),(61981,'INSERT INTO gne_vale_ferreteria (vfe_id,vfe_fecha,vfe_total,vfe_estado,vfe_entregado,usu_nusuario) VALUES (10120,@@@2013.09.07@@@,460,1,0,@@@b_SAEZ@@@)','',2,'2013-09-06'),(61982,'INSERT INTO gne_vale_ferreteria_mov (vfe_id,pro_codigo_plu,vfm_cantidad,vfm_unitario,vfm_total,vfm_entregado) VALUES (10120,18799,1,310,310,@@@NO@@@)','',2,'2013-09-06'),(61983,'INSERT INTO gne_vale_ferreteria_mov (vfe_id,pro_codigo_plu,vfm_cantidad,vfm_unitario,vfm_total,vfm_entregado) VALUES (10120,4088,1,150,150,@@@NO@@@)','',2,'2013-09-06'),(61984,'INSERT INTO gne_vale_ferreteria (vfe_id,vfe_fecha,vfe_total,vfe_estado,vfe_entregado,usu_nusuario) VALUES (10121,@@@2013.09.07@@@,590,1,0,@@@b_SAEZ@@@)','',2,'2013-09-06'),(61985,'INSERT INTO gne_vale_ferreteria_mov (vfe_id,pro_codigo_plu,vfm_cantidad,vfm_unitario,vfm_total,vfm_entregado) VALUES (10121,780721716,1,590,590,@@@NO@@@)','',2,'2013-09-06'),(61986,'UPDATE mae_productos SET pro_margen_actual=35.2,pro_precio_venta=530 WHERE pro_codigo_plu=12003','',2,'2013-09-06'),(61987,'UPDATE mae_productos SET pro_margen_actual=30.07,pro_precio_venta=530 WHERE pro_codigo_plu=12061','',2,'2013-09-06'),(61988,'UPDATE mae_productos SET pro_margen_actual=30.17,pro_precio_venta=740 WHERE pro_codigo_plu=11939','',2,'2013-09-06'),(61989,'UPDATE mae_productos SET pro_margen_actual=35.34,pro_precio_venta=740 WHERE pro_codigo_plu=11932','',2,'2013-09-06'),(61990,'UPDATE mae_productos SET pro_margen_actual=35.48,pro_precio_venta=740 WHERE pro_codigo_plu=11938','',2,'2013-09-06'),(61991,'UPDATE mae_productos SET pro_margen_actual=35.34,pro_precio_venta=740 WHERE pro_codigo_plu=11937','',2,'2013-09-06'),(61992,'UPDATE mae_productos SET pro_margen_actual=0,pro_precio_venta=740 WHERE pro_codigo_plu=12408','',2,'2013-09-06'),(61993,'UPDATE mae_productos SET pro_margen_actual=35.27,pro_precio_venta=530 WHERE pro_codigo_plu=10955','',2,'2013-09-06'),(61994,'UPDATE mae_productos SET pro_margen_actual=35.2,pro_precio_venta=530 WHERE pro_codigo_plu=11964','',2,'2013-09-06'),(61995,'UPDATE mae_productos SET pro_margen_actual=35.2,pro_precio_venta=530 WHERE pro_codigo_plu=1449','',2,'2013-09-06'),(61996,'UPDATE mae_productos SET pro_precio_fiscal=pro_precio_venta WHERE pro_codigo_plu=12408','',2,'2013-09-06'),(61997,'UPDATE mae_productos SET pro_precio_fiscal=pro_precio_venta WHERE pro_codigo_plu=10955','',2,'2013-09-06'),(61998,'UPDATE mae_productos SET pro_precio_fiscal=pro_precio_venta WHERE pro_codigo_plu=1449','',2,'2013-09-06'),(61999,'UPDATE mae_productos SET pro_precio_fiscal=pro_precio_venta WHERE pro_codigo_plu=12003','',2,'2013-09-06'),(62000,'UPDATE mae_productos SET pro_precio_fiscal=pro_precio_venta WHERE pro_codigo_plu=11937','',2,'2013-09-06'),(62001,'UPDATE mae_productos SET pro_precio_fiscal=pro_precio_venta WHERE pro_codigo_plu=11938','',2,'2013-09-06'),(62002,'UPDATE mae_productos SET pro_precio_fiscal=pro_precio_venta WHERE pro_codigo_plu=11932','',2,'2013-09-06'),(62003,'UPDATE mae_productos SET pro_precio_fiscal=pro_precio_venta WHERE pro_codigo_plu=11964','',2,'2013-09-06'),(62004,'INSERT INTO gne_vale_ferreteria (vfe_id,vfe_fecha,vfe_total,vfe_estado,vfe_entregado,usu_nusuario) VALUES (10122,@@@2013.09.07@@@,6630,1,0,@@@b_SAEZ@@@)','',2,'2013-09-06'),(62005,'INSERT INTO gne_vale_ferreteria_mov (vfe_id,pro_codigo_plu,vfm_cantidad,vfm_unitario,vfm_total,vfm_entregado) VALUES (10122,780220180,2,620,1240,@@@NO@@@)','',2,'2013-09-06'),(62006,'INSERT INTO gne_vale_ferreteria_mov (vfe_id,pro_codigo_plu,vfm_cantidad,vfm_unitario,vfm_total,vfm_entregado) VALUES (10122,780721232,1,1200,1200,@@@NO@@@)','',2,'2013-09-06'),(62007,'INSERT INTO gne_vale_ferreteria_mov (vfe_id,pro_codigo_plu,vfm_cantidad,vfm_unitario,vfm_total,vfm_entregado) VALUES (10122,78017141,4,200,800,@@@NO@@@)','',2,'2013-09-06'),(62008,'INSERT INTO gne_vale_ferreteria_mov (vfe_id,pro_codigo_plu,vfm_cantidad,vfm_unitario,vfm_total,vfm_entregado) VALUES (10122,780220109,4,200,800,@@@NO@@@)','',2,'2013-09-06'),(62009,'INSERT INTO gne_vale_ferreteria_mov (vfe_id,pro_codigo_plu,vfm_cantidad,vfm_unitario,vfm_total,vfm_entregado) VALUES (10122,78017139,4,200,800,@@@NO@@@)','',2,'2013-09-06'),(62010,'INSERT INTO gne_vale_ferreteria_mov (vfe_id,pro_codigo_plu,vfm_cantidad,vfm_unitario,vfm_total,vfm_entregado) VALUES (10122,505050,1,1790,1790,@@@NO@@@)','',2,'2013-09-06'),(62011,'INSERT INTO gne_vale_ferreteria (vfe_id,vfe_fecha,vfe_total,vfe_estado,vfe_entregado,usu_nusuario) VALUES (10123,@@@2013.09.07@@@,890,1,0,@@@b_SAEZ@@@)','',2,'2013-09-06'),(62012,'INSERT INTO gne_vale_ferreteria_mov (vfe_id,pro_codigo_plu,vfm_cantidad,vfm_unitario,vfm_total,vfm_entregado) VALUES (10123,764761,1,490,490,@@@NO@@@)','',2,'2013-09-06'),(62013,'INSERT INTO gne_vale_ferreteria_mov (vfe_id,pro_codigo_plu,vfm_cantidad,vfm_unitario,vfm_total,vfm_entregado) VALUES (10123,1542,4,100,400,@@@NO@@@)','',2,'2013-09-06'),(62014,'UPDATE mae_productos SET pro_margen_actual=9.26,pro_precio_venta=590 WHERE pro_codigo_plu=607','',2,'2013-09-06'),(62015,'UPDATE mae_productos SET pro_precio_fiscal=pro_precio_venta WHERE pro_codigo_plu=607','',2,'2013-09-06'),(62016,'UPDATE gpr_pack_virtual SET pav_nombre=@@@PACK PIZZA NAPOLITANA + BEBIDA 1500CC X $2990@@@,pav_total_pack=2990,pav_total_descuento=899,pav_desde=@@@2013-07-23@@@,pav_hasta=@@@2013-08-31@@@,pav_tipo=@@@PR@@@,pav_precio=0,pav_lleva=0,pav_paga=0,pav_descuento=0,pav_porcentaje=0,pav_oferta_exclusiva=@@@NO@@@,pav_agotar_stock=@@@SI@@@,pav_stock=50,pav_costo=2145.91,pav_margen=39.33 WHERE pav_id=44','',2,'2013-09-06'),(62017,'DELETE FROM gpr_pack_virtual_mov WHERE pav_id=44','',2,'2013-09-06'),(62018,'DELETE FROM gpr_pack_virtual_horario WHERE pav_id=44','',2,'2013-09-06'),(62019,'INSERT INTO gpr_pack_virtual_mov (pav_id,pro_codigo_plu,pvm_precio,pvm_total,pvm_lleva,pvm_paga,pvm_descuento,pvm_porcentaje,pvm_total_normal,pvm_descuento_linea,pvm_costo,pvm_margen) VALUES (44,17269,899,0,1,0,1,0,899,899,450.16,-100),(44,780721255,2990,2990,1,1,0,0,2990,0,1695.75,76.32)','',2,'2013-09-06'),(62020,'INSERT INTO gpr_pack_virtual_horario (pav_id,pvh_dia,pvh_hora_desde,pvh_hora_hasta) VALUES (44,99,@@@00:00@@@,@@@23:59@@@)','',2,'2013-09-06'),(62021,'INSERT INTO gne_vale_ferreteria (vfe_id,vfe_fecha,vfe_total,vfe_estado,vfe_entregado,usu_nusuario) VALUES (10124,@@@2013.09.07@@@,520,1,0,@@@b_SAEZ@@@)','',2,'2013-09-06'),(62022,'INSERT INTO gne_vale_ferreteria_mov (vfe_id,pro_codigo_plu,vfm_cantidad,vfm_unitario,vfm_total,vfm_entregado) VALUES (10124,15929,4,130,520,@@@NO@@@)','',2,'2013-09-06'),(62023,'INSERT INTO gne_vale_ferreteria (vfe_id,vfe_fecha,vfe_total,vfe_estado,vfe_entregado,usu_nusuario) VALUES (10125,@@@2013.09.07@@@,3290,1,0,@@@b_SAEZ@@@)','',2,'2013-09-06'),(62024,'INSERT INTO gne_vale_ferreteria_mov (vfe_id,pro_codigo_plu,vfm_cantidad,vfm_unitario,vfm_total,vfm_entregado) VALUES (10125,780721216,1,3290,3290,@@@NO@@@)','',2,'2013-09-06'),(62025,'INSERT INTO gne_vale_ferreteria (vfe_id,vfe_fecha,vfe_total,vfe_estado,vfe_entregado,usu_nusuario) VALUES (10126,@@@2013.09.07@@@,8510,1,0,@@@b_SAEZ@@@)','',2,'2013-09-06'),(62026,'INSERT INTO gne_vale_ferreteria_mov (vfe_id,pro_codigo_plu,vfm_cantidad,vfm_unitario,vfm_total,vfm_entregado) VALUES (10126,780721253,1,550,550,@@@NO@@@)','',2,'2013-09-06'),(62027,'INSERT INTO gne_vale_ferreteria_mov (vfe_id,pro_codigo_plu,vfm_cantidad,vfm_unitario,vfm_total,vfm_entregado) VALUES (10126,1505,4,1990,7960,@@@NO@@@)','',2,'2013-09-06'),(62028,'INSERT INTO gne_vale_ferreteria (vfe_id,vfe_fecha,vfe_total,vfe_estado,vfe_entregado,usu_nusuario) VALUES (10127,@@@2013.09.07@@@,530,1,0,@@@b_SAEZ@@@)','',2,'2013-09-06'),(62029,'INSERT INTO gne_vale_ferreteria_mov (vfe_id,pro_codigo_plu,vfm_cantidad,vfm_unitario,vfm_total,vfm_entregado) VALUES (10127,12083,1,260,260,@@@NO@@@)','',2,'2013-09-06'),(62030,'INSERT INTO gne_vale_ferreteria_mov (vfe_id,pro_codigo_plu,vfm_cantidad,vfm_unitario,vfm_total,vfm_entregado) VALUES (10127,12085,1,120,120,@@@NO@@@)','',2,'2013-09-06'),(62031,'INSERT INTO gne_vale_ferreteria_mov (vfe_id,pro_codigo_plu,vfm_cantidad,vfm_unitario,vfm_total,vfm_entregado) VALUES (10127,780721387,1,150,150,@@@NO@@@)','',2,'2013-09-06'),(62032,'INSERT INTO gne_vale_ferreteria (vfe_id,vfe_fecha,vfe_total,vfe_estado,vfe_entregado,usu_nusuario) VALUES (10128,@@@2013.09.07@@@,2499,1,0,@@@b_SAEZ@@@)','',2,'2013-09-06'),(62033,'INSERT INTO gne_vale_ferreteria_mov (vfe_id,pro_codigo_plu,vfm_cantidad,vfm_unitario,vfm_total,vfm_entregado) VALUES (10128,780220160,1,2499,2499,@@@NO@@@)','',2,'2013-09-06'),(62034,'INSERT INTO gne_vale_ferreteria (vfe_id,vfe_fecha,vfe_total,vfe_estado,vfe_entregado,usu_nusuario) VALUES (10129,@@@2013.09.07@@@,2290,1,0,@@@b_SAEZ@@@)','',2,'2013-09-06'),(62035,'INSERT INTO gne_vale_ferreteria_mov (vfe_id,pro_codigo_plu,vfm_cantidad,vfm_unitario,vfm_total,vfm_entregado) VALUES (10129,20595,1,2290,2290,@@@NO@@@)','',2,'2013-09-06'),(62036,'INSERT INTO gne_vale_ferreteria (vfe_id,vfe_fecha,vfe_total,vfe_estado,vfe_entregado,usu_nusuario) VALUES (10130,@@@2013.09.07@@@,150,1,0,@@@b_SAEZ@@@)','',2,'2013-09-06'),(62037,'INSERT INTO gne_vale_ferreteria_mov (vfe_id,pro_codigo_plu,vfm_cantidad,vfm_unitario,vfm_total,vfm_entregado) VALUES (10130,770057,1,150,150,@@@NO@@@)','',2,'2013-09-06'),(62038,'INSERT INTO gne_vale_ferreteria (vfe_id,vfe_fecha,vfe_total,vfe_estado,vfe_entregado,usu_nusuario) VALUES (10131,@@@2013.09.07@@@,1350,1,0,@@@b_SAEZ@@@)','',2,'2013-09-06'),(62039,'INSERT INTO gne_vale_ferreteria_mov (vfe_id,pro_codigo_plu,vfm_cantidad,vfm_unitario,vfm_total,vfm_entregado) VALUES (10131,780220181,1,1350,1350,@@@NO@@@)','',2,'2013-09-06'),(62040,'INSERT INTO gne_vale_ferreteria (vfe_id,vfe_fecha,vfe_total,vfe_estado,vfe_entregado,usu_nusuario) VALUES (10132,@@@2013.09.07@@@,450,1,0,@@@b_SAEZ@@@)','',2,'2013-09-06'),(62041,'INSERT INTO gne_vale_ferreteria_mov (vfe_id,pro_codigo_plu,vfm_cantidad,vfm_unitario,vfm_total,vfm_entregado) VALUES (10132,764500,1,450,450,@@@NO@@@)','',2,'2013-09-06'),(62042,'INSERT INTO gne_vale_ferreteria (vfe_id,vfe_fecha,vfe_total,vfe_estado,vfe_entregado,usu_nusuario) VALUES (10133,@@@2013.09.07@@@,2280,1,0,@@@b_SAEZ@@@)','',2,'2013-09-06'),(62043,'INSERT INTO gne_vale_ferreteria_mov (vfe_id,pro_codigo_plu,vfm_cantidad,vfm_unitario,vfm_total,vfm_entregado) VALUES (10133,880096,1,1290,1290,@@@NO@@@)','',2,'2013-09-06'),(62044,'INSERT INTO gne_vale_ferreteria_mov (vfe_id,pro_codigo_plu,vfm_cantidad,vfm_unitario,vfm_total,vfm_entregado) VALUES (10133,763963,1,990,990,@@@NO@@@)','',2,'2013-09-06'),(62045,'INSERT INTO gne_vale_ferreteria (vfe_id,vfe_fecha,vfe_total,vfe_estado,vfe_entregado,usu_nusuario) VALUES (10134,@@@2013.09.07@@@,1500,1,0,@@@b_SAEZ@@@)','',2,'2013-09-06'),(62046,'INSERT INTO gne_vale_ferreteria_mov (vfe_id,pro_codigo_plu,vfm_cantidad,vfm_unitario,vfm_total,vfm_entregado) VALUES (10134,78017049,5,300,1500,@@@NO@@@)','',2,'2013-09-06'),(62047,'INSERT INTO gne_vale_ferreteria (vfe_id,vfe_fecha,vfe_total,vfe_estado,vfe_entregado,usu_nusuario) VALUES (10135,@@@2013.09.07@@@,1710,1,0,@@@b_SAEZ@@@)','',2,'2013-09-06'),(62048,'INSERT INTO gne_vale_ferreteria_mov (vfe_id,pro_codigo_plu,vfm_cantidad,vfm_unitario,vfm_total,vfm_entregado) VALUES (10135,10159,1,720,720,@@@NO@@@)','',2,'2013-09-06'),(62049,'INSERT INTO gne_vale_ferreteria_mov (vfe_id,pro_codigo_plu,vfm_cantidad,vfm_unitario,vfm_total,vfm_entregado) VALUES (10135,202020,1,990,990,@@@NO@@@)','',2,'2013-09-06'),(62050,'INSERT INTO gne_vale_ferreteria (vfe_id,vfe_fecha,vfe_total,vfe_estado,vfe_entregado,usu_nusuario) VALUES (10136,@@@2013.09.07@@@,1270,1,0,@@@b_SAEZ@@@)','',2,'2013-09-06'),(62051,'INSERT INTO gne_vale_ferreteria_mov (vfe_id,pro_codigo_plu,vfm_cantidad,vfm_unitario,vfm_total,vfm_entregado) VALUES (10136,780721542,1,1270,1270,@@@NO@@@)','',2,'2013-09-06'),(62052,'INSERT INTO gne_vale_ferreteria (vfe_id,vfe_fecha,vfe_total,vfe_estado,vfe_entregado,usu_nusuario) VALUES (10137,@@@2013.09.07@@@,1350,1,0,@@@b_SAEZ@@@)','',2,'2013-09-06'),(62053,'INSERT INTO gne_vale_ferreteria_mov (vfe_id,pro_codigo_plu,vfm_cantidad,vfm_unitario,vfm_total,vfm_entregado) VALUES (10137,780220181,1,1350,1350,@@@NO@@@)','',2,'2013-09-06'),(62054,'INSERT INTO gne_vale_ferreteria (vfe_id,vfe_fecha,vfe_total,vfe_estado,vfe_entregado,usu_nusuario) VALUES (10138,@@@2013.09.07@@@,390,1,0,@@@b_SAEZ@@@)','',2,'2013-09-06'),(62055,'INSERT INTO gne_vale_ferreteria_mov (vfe_id,pro_codigo_plu,vfm_cantidad,vfm_unitario,vfm_total,vfm_entregado) VALUES (10138,1535,1,390,390,@@@NO@@@)','',2,'2013-09-06'),(62056,'INSERT INTO gne_vale_ferreteria (vfe_id,vfe_fecha,vfe_total,vfe_estado,vfe_entregado,usu_nusuario) VALUES (10139,@@@2013.09.07@@@,300,1,0,@@@b_SAEZ@@@)','',2,'2013-09-06'),(62057,'INSERT INTO gne_vale_ferreteria_mov (vfe_id,pro_codigo_plu,vfm_cantidad,vfm_unitario,vfm_total,vfm_entregado) VALUES (10139,78017049,1,300,300,@@@NO@@@)','',2,'2013-09-06'),(62058,'INSERT INTO gne_vale_ferreteria (vfe_id,vfe_fecha,vfe_total,vfe_estado,vfe_entregado,usu_nusuario) VALUES (10140,@@@2013.09.07@@@,695,1,0,@@@b_SAEZ@@@)','',2,'2013-09-06'),(62059,'INSERT INTO gne_vale_ferreteria_mov (vfe_id,pro_codigo_plu,vfm_cantidad,vfm_unitario,vfm_total,vfm_entregado) VALUES (10140,7050,1,695,695,@@@NO@@@)','',2,'2013-09-06'),(62060,'INSERT INTO gne_vale_ferreteria (vfe_id,vfe_fecha,vfe_total,vfe_estado,vfe_entregado,usu_nusuario) VALUES (10141,@@@2013.09.07@@@,540,1,0,@@@b_SAEZ@@@)','',2,'2013-09-06'),(62061,'INSERT INTO gne_vale_ferreteria_mov (vfe_id,pro_codigo_plu,vfm_cantidad,vfm_unitario,vfm_total,vfm_entregado) VALUES (10141,19916,1,540,540,@@@NO@@@)','',2,'2013-09-06'),(62062,'INSERT INTO gne_vale_ferreteria (vfe_id,vfe_fecha,vfe_total,vfe_estado,vfe_entregado,usu_nusuario) VALUES (10142,@@@2013.09.07@@@,540,1,0,@@@b_SAEZ@@@)','',2,'2013-09-06'),(62063,'INSERT INTO gne_vale_ferreteria_mov (vfe_id,pro_codigo_plu,vfm_cantidad,vfm_unitario,vfm_total,vfm_entregado) VALUES (10142,19916,1,540,540,@@@NO@@@)','',2,'2013-09-06'),(62064,'INSERT INTO gne_vale_ferreteria (vfe_id,vfe_fecha,vfe_total,vfe_estado,vfe_entregado,usu_nusuario) VALUES (10143,@@@2013.09.07@@@,1990,1,0,@@@b_SAEZ@@@)','',2,'2013-09-06'),(62065,'INSERT INTO gne_vale_ferreteria_mov (vfe_id,pro_codigo_plu,vfm_cantidad,vfm_unitario,vfm_total,vfm_entregado) VALUES (10143,764482,1,1990,1990,@@@NO@@@)','',2,'2013-09-06'),(62066,'INSERT INTO gne_vale_ferreteria (vfe_id,vfe_fecha,vfe_total,vfe_estado,vfe_entregado,usu_nusuario) VALUES (10144,@@@2013.09.07@@@,2390,1,0,@@@b_SAEZ@@@)','',2,'2013-09-06'),(62067,'INSERT INTO gne_vale_ferreteria_mov (vfe_id,pro_codigo_plu,vfm_cantidad,vfm_unitario,vfm_total,vfm_entregado) VALUES (10144,780721489,1,2390,2390,@@@NO@@@)','',2,'2013-09-06'),(62068,'INSERT INTO gne_vale_ferreteria (vfe_id,vfe_fecha,vfe_total,vfe_estado,vfe_entregado,usu_nusuario) VALUES (10145,@@@2013.09.07@@@,100,1,0,@@@b_SAEZ@@@)','',2,'2013-09-06'),(62069,'INSERT INTO gne_vale_ferreteria_mov (vfe_id,pro_codigo_plu,vfm_cantidad,vfm_unitario,vfm_total,vfm_entregado) VALUES (10145,78017190,1,100,100,@@@NO@@@)','',2,'2013-09-06'),(62070,'INSERT INTO gne_vale_ferreteria (vfe_id,vfe_fecha,vfe_total,vfe_estado,vfe_entregado,usu_nusuario) VALUES (10146,@@@2013.09.07@@@,520,1,0,@@@b_SAEZ@@@)','',2,'2013-09-06'),(62071,'INSERT INTO gne_vale_ferreteria_mov (vfe_id,pro_codigo_plu,vfm_cantidad,vfm_unitario,vfm_total,vfm_entregado) VALUES (10146,15967,2,130,260,@@@NO@@@)','',2,'2013-09-06'),(62072,'INSERT INTO gne_vale_ferreteria_mov (vfe_id,pro_codigo_plu,vfm_cantidad,vfm_unitario,vfm_total,vfm_entregado) VALUES (10146,15929,2,130,260,@@@NO@@@)','',2,'2013-09-06'),(62073,'INSERT INTO gne_vale_ferreteria (vfe_id,vfe_fecha,vfe_total,vfe_estado,vfe_entregado,usu_nusuario) VALUES (10147,@@@2013.09.07@@@,2790,1,0,@@@b_SAEZ@@@)','',2,'2013-09-06'),(62074,'INSERT INTO gne_vale_ferreteria_mov (vfe_id,pro_codigo_plu,vfm_cantidad,vfm_unitario,vfm_total,vfm_entregado) VALUES (10147,764907,1,2790,2790,@@@NO@@@)','',2,'2013-09-06'),(62075,'INSERT INTO gne_vale_ferreteria (vfe_id,vfe_fecha,vfe_total,vfe_estado,vfe_entregado,usu_nusuario) VALUES (10148,@@@2013.09.07@@@,1090,1,0,@@@b_SAEZ@@@)','',2,'2013-09-06'),(62076,'INSERT INTO gne_vale_ferreteria_mov (vfe_id,pro_codigo_plu,vfm_cantidad,vfm_unitario,vfm_total,vfm_entregado) VALUES (10148,764059,1,790,790,@@@NO@@@)','',2,'2013-09-06'),(62077,'INSERT INTO gne_vale_ferreteria_mov (vfe_id,pro_codigo_plu,vfm_cantidad,vfm_unitario,vfm_total,vfm_entregado) VALUES (10148,2004,1,300,300,@@@NO@@@)','',2,'2013-09-06'),(62078,'INSERT INTO gne_vale_ferreteria (vfe_id,vfe_fecha,vfe_total,vfe_estado,vfe_entregado,usu_nusuario) VALUES (10149,@@@2013.09.07@@@,3380,1,0,@@@b_SAEZ@@@)','',2,'2013-09-06'),(62079,'INSERT INTO gne_vale_ferreteria_mov (vfe_id,pro_codigo_plu,vfm_cantidad,vfm_unitario,vfm_total,vfm_entregado) VALUES (10149,770091,1,690,690,@@@NO@@@)','',2,'2013-09-06'),(62080,'INSERT INTO gne_vale_ferreteria_mov (vfe_id,pro_codigo_plu,vfm_cantidad,vfm_unitario,vfm_total,vfm_entregado) VALUES (10149,764732,1,2690,2690,@@@NO@@@)','',2,'2013-09-06'),(62081,'INSERT INTO gne_vale_ferreteria (vfe_id,vfe_fecha,vfe_total,vfe_estado,vfe_entregado,usu_nusuario) VALUES (10150,@@@2013.09.07@@@,1580,1,0,@@@b_SAEZ@@@)','',2,'2013-09-06'),(62082,'INSERT INTO gne_vale_ferreteria_mov (vfe_id,pro_codigo_plu,vfm_cantidad,vfm_unitario,vfm_total,vfm_entregado) VALUES (10150,770091,2,690,1380,@@@NO@@@)','',2,'2013-09-06'),(62083,'INSERT INTO gne_vale_ferreteria_mov (vfe_id,pro_codigo_plu,vfm_cantidad,vfm_unitario,vfm_total,vfm_entregado) VALUES (10150,21135,1,200,200,@@@NO@@@)','',2,'2013-09-06'),(62084,'INSERT INTO gne_vale_ferreteria (vfe_id,vfe_fecha,vfe_total,vfe_estado,vfe_entregado,usu_nusuario) VALUES (10151,@@@2013.09.07@@@,250,1,0,@@@b_SAEZ@@@)','',2,'2013-09-06'),(62085,'INSERT INTO gne_vale_ferreteria_mov (vfe_id,pro_codigo_plu,vfm_cantidad,vfm_unitario,vfm_total,vfm_entregado) VALUES (10151,780721493,1,250,250,@@@NO@@@)','',2,'2013-09-06'),(62086,'INSERT INTO gne_vale_ferreteria (vfe_id,vfe_fecha,vfe_total,vfe_estado,vfe_entregado,usu_nusuario) VALUES (10152,@@@2013.09.07@@@,320,1,0,@@@b_SAEZ@@@)','',2,'2013-09-06'),(62087,'INSERT INTO gne_vale_ferreteria_mov (vfe_id,pro_codigo_plu,vfm_cantidad,vfm_unitario,vfm_total,vfm_entregado) VALUES (10152,124154,4,30,120,@@@NO@@@)','',2,'2013-09-06'),(62088,'INSERT INTO gne_vale_ferreteria_mov (vfe_id,pro_codigo_plu,vfm_cantidad,vfm_unitario,vfm_total,vfm_entregado) VALUES (10152,770063,2,100,200,@@@NO@@@)','',2,'2013-09-06'),(62089,'UPDATE mae_productos SET pro_margen_actual=50.06,pro_precio_venta=3990 WHERE pro_codigo_plu=216','',2,'2013-09-06'),(62090,'UPDATE mae_productos SET pro_margen_actual=0,pro_precio_venta=3990 WHERE pro_codigo_plu=217','',2,'2013-09-06'),(62091,'UPDATE mae_productos SET pro_precio_fiscal=pro_precio_venta WHERE pro_codigo_plu=216','',2,'2013-09-06'),(62092,'UPDATE gpr_pack_virtual SET pav_nombre=@@@PACK PIZZA MEDITERRANEA + BEBIDA PEPSI 1,5 X@@@,pav_total_pack=2990,pav_total_descuento=899,pav_desde=@@@2013-07-13@@@,pav_hasta=@@@2013-09-30@@@,pav_tipo=@@@PR@@@,pav_precio=0,pav_lleva=0,pav_paga=0,pav_descuento=0,pav_porcentaje=0,pav_oferta_exclusiva=@@@NO@@@,pav_agotar_stock=@@@SI@@@,pav_stock=100,pav_costo=2354.16,pav_margen=27.01 WHERE pav_id=32','',2,'2013-09-06'),(62093,'DELETE FROM gpr_pack_virtual_mov WHERE pav_id=32','',2,'2013-09-06'),(62094,'DELETE FROM gpr_pack_virtual_horario WHERE pav_id=32','',2,'2013-09-06'),(62095,'INSERT INTO gpr_pack_virtual_mov (pav_id,pro_codigo_plu,pvm_precio,pvm_total,pvm_lleva,pvm_paga,pvm_descuento,pvm_porcentaje,pvm_total_normal,pvm_descuento_linea,pvm_costo,pvm_margen) VALUES (32,17269,899,0,1,0,1,0,899,899,450.16,-100),(32,780721257,2990,2990,1,1,0,1,2990,0,1904,57.04)','',2,'2013-09-06'),(62096,'INSERT INTO gpr_pack_virtual_horario (pav_id,pvh_dia,pvh_hora_desde,pvh_hora_hasta) VALUES (32,99,@@@00:00@@@,@@@23:59@@@)','',2,'2013-09-06'),(62097,'UPDATE gpr_pack_virtual SET pav_nombre=@@@PACK PIZZA VEGETARIANA + BEBIDA PEPSI 1500CC@@@,pav_total_pack=2990,pav_total_descuento=899,pav_desde=@@@2013-07-15@@@,pav_hasta=@@@2013-09-30@@@,pav_tipo=@@@PR@@@,pav_precio=0,pav_lleva=0,pav_paga=0,pav_descuento=0,pav_porcentaje=0,pav_oferta_exclusiva=@@@NO@@@,pav_agotar_stock=@@@SI@@@,pav_stock=100,pav_costo=2270.86,pav_margen=31.67 WHERE pav_id=33','',2,'2013-09-06'),(62098,'DELETE FROM gpr_pack_virtual_mov WHERE pav_id=33','',2,'2013-09-06'),(62099,'DELETE FROM gpr_pack_virtual_horario WHERE pav_id=33','',2,'2013-09-06'),(62100,'INSERT INTO gpr_pack_virtual_mov (pav_id,pro_codigo_plu,pvm_precio,pvm_total,pvm_lleva,pvm_paga,pvm_descuento,pvm_porcentaje,pvm_total_normal,pvm_descuento_linea,pvm_costo,pvm_margen) VALUES (33,17269,899,0,1,0,1,0,899,899,450.16,-100),(33,780721256,2990,2990,1,1,0,1,2990,0,1820.7,64.22)','',2,'2013-09-06'),(62101,'INSERT INTO gpr_pack_virtual_horario (pav_id,pvh_dia,pvh_hora_desde,pvh_hora_hasta) VALUES (33,99,@@@00:00@@@,@@@23:59@@@)','',2,'2013-09-06'),(62102,'UPDATE mae_productos SET pro_margen_actual=67.59,pro_precio_venta=3990 WHERE pro_codigo_plu=132','',2,'2013-09-06'),(62103,'UPDATE mae_productos SET pro_precio_fiscal=pro_precio_venta WHERE pro_codigo_plu=132','',2,'2013-09-06'),(62104,'INSERT INTO gne_vale_ferreteria (vfe_id,vfe_fecha,vfe_total,vfe_estado,vfe_entregado,usu_nusuario) VALUES (10153,@@@2013.09.07@@@,250,1,0,@@@b_SAEZ@@@)','',2,'2013-09-06'),(62105,'INSERT INTO gne_vale_ferreteria_mov (vfe_id,pro_codigo_plu,vfm_cantidad,vfm_unitario,vfm_total,vfm_entregado) VALUES (10153,80091,1,250,250,@@@NO@@@)','',2,'2013-09-06'),(62106,'INSERT INTO gne_vale_ferreteria (vfe_id,vfe_fecha,vfe_total,vfe_estado,vfe_entregado,usu_nusuario) VALUES (10154,@@@2013.09.07@@@,940,1,0,@@@b_SAEZ@@@)','',2,'2013-09-06'),(62107,'INSERT INTO gne_vale_ferreteria_mov (vfe_id,pro_codigo_plu,vfm_cantidad,vfm_unitario,vfm_total,vfm_entregado) VALUES (10154,13978,1,400,400,@@@NO@@@)','',2,'2013-09-06'),(62108,'INSERT INTO gne_vale_ferreteria_mov (vfe_id,pro_codigo_plu,vfm_cantidad,vfm_unitario,vfm_total,vfm_entregado) VALUES (10154,19916,1,540,540,@@@NO@@@)','',2,'2013-09-06'),(62109,'INSERT INTO gne_vale_ferreteria (vfe_id,vfe_fecha,vfe_total,vfe_estado,vfe_entregado,usu_nusuario) VALUES (10155,@@@2013.09.07@@@,490,1,0,@@@b_SAEZ@@@)','',2,'2013-09-06'),(62110,'INSERT INTO gne_vale_ferreteria_mov (vfe_id,pro_codigo_plu,vfm_cantidad,vfm_unitario,vfm_total,vfm_entregado) VALUES (10155,764223,1,490,490,@@@NO@@@)','',2,'2013-09-06'),(62111,'INSERT INTO gne_vale_ferreteria (vfe_id,vfe_fecha,vfe_total,vfe_estado,vfe_entregado,usu_nusuario) VALUES (10156,@@@2013.09.07@@@,4890,1,0,@@@b_SAEZ@@@)','',2,'2013-09-06'),(62112,'INSERT INTO gne_vale_ferreteria_mov (vfe_id,pro_codigo_plu,vfm_cantidad,vfm_unitario,vfm_total,vfm_entregado) VALUES (10156,763770,1,4890,4890,@@@NO@@@)','',2,'2013-09-06'),(62113,'INSERT INTO gne_vale_ferreteria (vfe_id,vfe_fecha,vfe_total,vfe_estado,vfe_entregado,usu_nusuario) VALUES (10157,@@@2013.09.07@@@,7180,1,0,@@@b_SAEZ@@@)','',2,'2013-09-07'),(62114,'INSERT INTO gne_vale_ferreteria_mov (vfe_id,pro_codigo_plu,vfm_cantidad,vfm_unitario,vfm_total,vfm_entregado) VALUES (10157,20447,1,4990,4990,@@@NO@@@)','',2,'2013-09-07'),(62115,'INSERT INTO gne_vale_ferreteria_mov (vfe_id,pro_codigo_plu,vfm_cantidad,vfm_unitario,vfm_total,vfm_entregado) VALUES (10157,765049,1,2190,2190,@@@NO@@@)','',2,'2013-09-07'),(62116,'INSERT INTO gne_vale_ferreteria (vfe_id,vfe_fecha,vfe_total,vfe_estado,vfe_entregado,usu_nusuario) VALUES (10158,@@@2013.09.07@@@,250,1,0,@@@b_SAEZ@@@)','',2,'2013-09-07'),(62117,'INSERT INTO gne_vale_ferreteria_mov (vfe_id,pro_codigo_plu,vfm_cantidad,vfm_unitario,vfm_total,vfm_entregado) VALUES (10158,78017146,5,50,250,@@@NO@@@)','',2,'2013-09-07'),(62118,'INSERT INTO gne_vale_ferreteria (vfe_id,vfe_fecha,vfe_total,vfe_estado,vfe_entregado,usu_nusuario) VALUES (10159,@@@2013.09.07@@@,240,1,0,@@@b_SAEZ@@@)','',2,'2013-09-07'),(62119,'INSERT INTO gne_vale_ferreteria_mov (vfe_id,pro_codigo_plu,vfm_cantidad,vfm_unitario,vfm_total,vfm_entregado) VALUES (10159,780721265,2,120,240,@@@NO@@@)','',2,'2013-09-07'),(62120,'INSERT INTO gne_vale_ferreteria (vfe_id,vfe_fecha,vfe_total,vfe_estado,vfe_entregado,usu_nusuario) VALUES (10160,@@@2013.09.07@@@,400,1,0,@@@b_SAEZ@@@)','',2,'2013-09-07'),(62121,'INSERT INTO gne_vale_ferreteria_mov (vfe_id,pro_codigo_plu,vfm_cantidad,vfm_unitario,vfm_total,vfm_entregado) VALUES (10160,1546,2,200,400,@@@NO@@@)','',2,'2013-09-07'),(62122,'INSERT INTO gne_vale_ferreteria (vfe_id,vfe_fecha,vfe_total,vfe_estado,vfe_entregado,usu_nusuario) VALUES (10161,@@@2013.09.07@@@,300,1,0,@@@b_SAEZ@@@)','',2,'2013-09-07'),(62123,'INSERT INTO gne_vale_ferreteria_mov (vfe_id,pro_codigo_plu,vfm_cantidad,vfm_unitario,vfm_total,vfm_entregado) VALUES (10161,9900006,2,150,300,@@@NO@@@)','',2,'2013-09-07'),(62124,'INSERT INTO gne_vale_ferreteria (vfe_id,vfe_fecha,vfe_total,vfe_estado,vfe_entregado,usu_nusuario) VALUES (10162,@@@2013.09.07@@@,200,1,0,@@@b_SAEZ@@@)','',2,'2013-09-07'),(62125,'INSERT INTO gne_vale_ferreteria_mov (vfe_id,pro_codigo_plu,vfm_cantidad,vfm_unitario,vfm_total,vfm_entregado) VALUES (10162,2011,1,200,200,@@@NO@@@)','',2,'2013-09-07'),(62126,'INSERT INTO gne_vale_ferreteria (vfe_id,vfe_fecha,vfe_total,vfe_estado,vfe_entregado,usu_nusuario) VALUES (10163,@@@2013.09.07@@@,1090,1,0,@@@b_SAEZ@@@)','',2,'2013-09-07'),(62127,'INSERT INTO gne_vale_ferreteria_mov (vfe_id,pro_codigo_plu,vfm_cantidad,vfm_unitario,vfm_total,vfm_entregado) VALUES (10163,764581,1,490,490,@@@NO@@@)','',2,'2013-09-07'),(62128,'INSERT INTO gne_vale_ferreteria_mov (vfe_id,pro_codigo_plu,vfm_cantidad,vfm_unitario,vfm_total,vfm_entregado) VALUES (10163,770000,12,50,600,@@@NO@@@)','',2,'2013-09-07'),(62129,'INSERT INTO gne_vale_ferreteria (vfe_id,vfe_fecha,vfe_total,vfe_estado,vfe_entregado,usu_nusuario) VALUES (10164,@@@2013.09.07@@@,290,1,0,@@@b_SAEZ@@@)','',2,'2013-09-07'),(62130,'INSERT INTO gne_vale_ferreteria_mov (vfe_id,pro_codigo_plu,vfm_cantidad,vfm_unitario,vfm_total,vfm_entregado) VALUES (10164,763772,1,290,290,@@@NO@@@)','',2,'2013-09-07'),(62131,'INSERT INTO gne_vale_ferreteria (vfe_id,vfe_fecha,vfe_total,vfe_estado,vfe_entregado,usu_nusuario) VALUES (10165,@@@2013.09.07@@@,1100,1,0,@@@b_SAEZ@@@)','',2,'2013-09-07'),(62132,'INSERT INTO gne_vale_ferreteria_mov (vfe_id,pro_codigo_plu,vfm_cantidad,vfm_unitario,vfm_total,vfm_entregado) VALUES (10165,78017201,1,200,200,@@@NO@@@)','',2,'2013-09-07'),(62133,'INSERT INTO gne_vale_ferreteria_mov (vfe_id,pro_codigo_plu,vfm_cantidad,vfm_unitario,vfm_total,vfm_entregado) VALUES (10165,780721221,3,300,900,@@@NO@@@)','',2,'2013-09-07'),(62134,'INSERT INTO gne_vale_ferreteria (vfe_id,vfe_fecha,vfe_total,vfe_estado,vfe_entregado,usu_nusuario) VALUES (10166,@@@2013.09.07@@@,2990,1,0,@@@b_SAEZ@@@)','',2,'2013-09-07'),(62135,'INSERT INTO gne_vale_ferreteria_mov (vfe_id,pro_codigo_plu,vfm_cantidad,vfm_unitario,vfm_total,vfm_entregado) VALUES (10166,78016970,1,2990,2990,@@@NO@@@)','',2,'2013-09-07'),(62136,'INSERT INTO gne_vale_ferreteria (vfe_id,vfe_fecha,vfe_total,vfe_estado,vfe_entregado,usu_nusuario) VALUES (10167,@@@2013.09.07@@@,2650,1,0,@@@b_SAEZ@@@)','',2,'2013-09-07'),(62137,'INSERT INTO gne_vale_ferreteria_mov (vfe_id,pro_codigo_plu,vfm_cantidad,vfm_unitario,vfm_total,vfm_entregado) VALUES (10167,15489,1,1100,1100,@@@NO@@@)','',2,'2013-09-07'),(62138,'INSERT INTO gne_vale_ferreteria_mov (vfe_id,pro_codigo_plu,vfm_cantidad,vfm_unitario,vfm_total,vfm_entregado) VALUES (10167,12033,1,1550,1550,@@@NO@@@)','',2,'2013-09-07'),(62139,'INSERT INTO gne_vale_ferreteria (vfe_id,vfe_fecha,vfe_total,vfe_estado,vfe_entregado,usu_nusuario) VALUES (10168,@@@2013.09.07@@@,250,1,0,@@@b_SAEZ@@@)','',2,'2013-09-07'),(62140,'INSERT INTO gne_vale_ferreteria_mov (vfe_id,pro_codigo_plu,vfm_cantidad,vfm_unitario,vfm_total,vfm_entregado) VALUES (10168,780220102,1,250,250,@@@NO@@@)','',2,'2013-09-07'),(62141,'INSERT INTO gne_vale_ferreteria (vfe_id,vfe_fecha,vfe_total,vfe_estado,vfe_entregado,usu_nusuario) VALUES (10169,@@@2013.09.07@@@,120,1,0,@@@b_SAEZ@@@)','',2,'2013-09-07'),(62142,'INSERT INTO gne_vale_ferreteria_mov (vfe_id,pro_codigo_plu,vfm_cantidad,vfm_unitario,vfm_total,vfm_entregado) VALUES (10169,78017193,6,20,120,@@@NO@@@)','',2,'2013-09-07'),(62143,'INSERT INTO gne_vale_ferreteria (vfe_id,vfe_fecha,vfe_total,vfe_estado,vfe_entregado,usu_nusuario) VALUES (10170,@@@2013.09.07@@@,1980,1,0,@@@b_SAEZ@@@)','',2,'2013-09-07'),(62144,'INSERT INTO gne_vale_ferreteria_mov (vfe_id,pro_codigo_plu,vfm_cantidad,vfm_unitario,vfm_total,vfm_entregado) VALUES (10170,780721136,2,990,1980,@@@NO@@@)','',2,'2013-09-07'),(62145,'INSERT INTO gne_vale_ferreteria (vfe_id,vfe_fecha,vfe_total,vfe_estado,vfe_entregado,usu_nusuario) VALUES (10171,@@@2013.09.07@@@,1590,1,0,@@@b_SAEZ@@@)','',2,'2013-09-07'),(62146,'INSERT INTO gne_vale_ferreteria_mov (vfe_id,pro_codigo_plu,vfm_cantidad,vfm_unitario,vfm_total,vfm_entregado) VALUES (10171,780721639,1,1590,1590,@@@NO@@@)','',2,'2013-09-07'),(62147,'INSERT INTO gne_vale_ferreteria (vfe_id,vfe_fecha,vfe_total,vfe_estado,vfe_entregado,usu_nusuario) VALUES (10172,@@@2013.09.07@@@,490,1,0,@@@b_SAEZ@@@)','',2,'2013-09-07'),(62148,'INSERT INTO gne_vale_ferreteria_mov (vfe_id,pro_codigo_plu,vfm_cantidad,vfm_unitario,vfm_total,vfm_entregado) VALUES (10172,764581,1,490,490,@@@NO@@@)','',2,'2013-09-07'),(62149,'INSERT INTO gne_vale_ferreteria (vfe_id,vfe_fecha,vfe_total,vfe_estado,vfe_entregado,usu_nusuario) VALUES (10173,@@@2013.09.07@@@,850,1,0,@@@b_SAEZ@@@)','',2,'2013-09-07'),(62150,'INSERT INTO gne_vale_ferreteria_mov (vfe_id,pro_codigo_plu,vfm_cantidad,vfm_unitario,vfm_total,vfm_entregado) VALUES (10173,780721425,1,850,850,@@@NO@@@)','',2,'2013-09-07'),(62151,'INSERT INTO gne_vale_ferreteria (vfe_id,vfe_fecha,vfe_total,vfe_estado,vfe_entregado,usu_nusuario) VALUES (10174,@@@2013.09.07@@@,1890,1,0,@@@b_SAEZ@@@)','',2,'2013-09-07'),(62152,'INSERT INTO gne_vale_ferreteria_mov (vfe_id,pro_codigo_plu,vfm_cantidad,vfm_unitario,vfm_total,vfm_entregado) VALUES (10174,763295,1,1890,1890,@@@NO@@@)','',2,'2013-09-07'),(62153,'INSERT INTO gne_vale_ferreteria (vfe_id,vfe_fecha,vfe_total,vfe_estado,vfe_entregado,usu_nusuario) VALUES (10175,@@@2013.09.07@@@,4490,1,0,@@@b_SAEZ@@@)','',2,'2013-09-07'),(62154,'INSERT INTO gne_vale_ferreteria_mov (vfe_id,pro_codigo_plu,vfm_cantidad,vfm_unitario,vfm_total,vfm_entregado) VALUES (10175,764896,1,4490,4490,@@@NO@@@)','',2,'2013-09-07'),(62155,'INSERT INTO gne_vale_ferreteria (vfe_id,vfe_fecha,vfe_total,vfe_estado,vfe_entregado,usu_nusuario) VALUES (10176,@@@2013.09.07@@@,2890,1,0,@@@b_SAEZ@@@)','',2,'2013-09-07'),(62156,'INSERT INTO gne_vale_ferreteria_mov (vfe_id,pro_codigo_plu,vfm_cantidad,vfm_unitario,vfm_total,vfm_entregado) VALUES (10176,15641,1,2890,2890,@@@NO@@@)','',2,'2013-09-07'),(62157,'INSERT INTO gne_vale_ferreteria (vfe_id,vfe_fecha,vfe_total,vfe_estado,vfe_entregado,usu_nusuario) VALUES (10177,@@@2013.09.07@@@,50,1,0,@@@b_SAEZ@@@)','',2,'2013-09-07'),(62158,'INSERT INTO gne_vale_ferreteria_mov (vfe_id,pro_codigo_plu,vfm_cantidad,vfm_unitario,vfm_total,vfm_entregado) VALUES (10177,780220123,1,50,50,@@@NO@@@)','',2,'2013-09-07'),(62159,'INSERT INTO gne_vale_ferreteria (vfe_id,vfe_fecha,vfe_total,vfe_estado,vfe_entregado,usu_nusuario) VALUES (10178,@@@2013.09.07@@@,300,1,0,@@@b_SAEZ@@@)','',2,'2013-09-07'),(62160,'INSERT INTO gne_vale_ferreteria_mov (vfe_id,pro_codigo_plu,vfm_cantidad,vfm_unitario,vfm_total,vfm_entregado) VALUES (10178,1042,1,300,300,@@@NO@@@)','',2,'2013-09-07'),(62161,'UPDATE mae_productos SET pro_margen_actual=43.48,pro_precio_venta=330 WHERE pro_codigo_plu=597','',2,'2013-09-07'),(62162,'UPDATE mae_productos SET pro_precio_fiscal=pro_precio_venta WHERE pro_codigo_plu=597','',2,'2013-09-07'),(62163,'INSERT INTO gne_vale_ferreteria (vfe_id,vfe_fecha,vfe_total,vfe_estado,vfe_entregado,usu_nusuario) VALUES (10179,@@@2013.09.07@@@,1199,1,0,@@@b_SAEZ@@@)','',2,'2013-09-07'),(62164,'INSERT INTO gne_vale_ferreteria_mov (vfe_id,pro_codigo_plu,vfm_cantidad,vfm_unitario,vfm_total,vfm_entregado) VALUES (10179,763777,1,1199,1199,@@@NO@@@)','',2,'2013-09-07'),(62165,'INSERT INTO gne_vale_ferreteria (vfe_id,vfe_fecha,vfe_total,vfe_estado,vfe_entregado,usu_nusuario) VALUES (10180,@@@2013.09.07@@@,1990,1,0,@@@b_SAEZ@@@)','',2,'2013-09-07'),(62166,'INSERT INTO gne_vale_ferreteria_mov (vfe_id,pro_codigo_plu,vfm_cantidad,vfm_unitario,vfm_total,vfm_entregado) VALUES (10180,101856,1,1990,1990,@@@NO@@@)','',2,'2013-09-07'),(62167,'INSERT INTO gne_vale_ferreteria (vfe_id,vfe_fecha,vfe_total,vfe_estado,vfe_entregado,usu_nusuario) VALUES (10181,@@@2013.09.07@@@,1890,1,0,@@@b_SAEZ@@@)','',2,'2013-09-07'),(62168,'INSERT INTO gne_vale_ferreteria_mov (vfe_id,pro_codigo_plu,vfm_cantidad,vfm_unitario,vfm_total,vfm_entregado) VALUES (10181,763606,1,1890,1890,@@@NO@@@)','',2,'2013-09-07'),(62169,'INSERT INTO gne_vale_ferreteria (vfe_id,vfe_fecha,vfe_total,vfe_estado,vfe_entregado,usu_nusuario) VALUES (10182,@@@2013.09.07@@@,100,1,0,@@@b_SAEZ@@@)','',2,'2013-09-07'),(62170,'INSERT INTO gne_vale_ferreteria_mov (vfe_id,pro_codigo_plu,vfm_cantidad,vfm_unitario,vfm_total,vfm_entregado) VALUES (10182,4130,1,100,100,@@@NO@@@)','',2,'2013-09-07'),(62171,'INSERT INTO gne_vale_ferreteria (vfe_id,vfe_fecha,vfe_total,vfe_estado,vfe_entregado,usu_nusuario) VALUES (10183,@@@2013.09.07@@@,310,1,0,@@@b_SAEZ@@@)','',2,'2013-09-07'),(62172,'INSERT INTO gne_vale_ferreteria_mov (vfe_id,pro_codigo_plu,vfm_cantidad,vfm_unitario,vfm_total,vfm_entregado) VALUES (10183,764134,1,260,260,@@@NO@@@)','',2,'2013-09-07'),(62173,'INSERT INTO gne_vale_ferreteria_mov (vfe_id,pro_codigo_plu,vfm_cantidad,vfm_unitario,vfm_total,vfm_entregado) VALUES (10183,770000,1,50,50,@@@NO@@@)','',2,'2013-09-07'),(62174,'INSERT INTO gne_vale_ferreteria (vfe_id,vfe_fecha,vfe_total,vfe_estado,vfe_entregado,usu_nusuario) VALUES (10184,@@@2013.09.07@@@,8580,1,0,@@@b_SAEZ@@@)','',2,'2013-09-07'),(62175,'INSERT INTO gne_vale_ferreteria_mov (vfe_id,pro_codigo_plu,vfm_cantidad,vfm_unitario,vfm_total,vfm_entregado) VALUES (10184,780721441,1,5990,5990,@@@NO@@@)','',2,'2013-09-07'),(62176,'INSERT INTO gne_vale_ferreteria_mov (vfe_id,pro_codigo_plu,vfm_cantidad,vfm_unitario,vfm_total,vfm_entregado) VALUES (10184,101119,1,2590,2590,@@@NO@@@)','',2,'2013-09-07'),(62177,'INSERT INTO gne_vale_ferreteria (vfe_id,vfe_fecha,vfe_total,vfe_estado,vfe_entregado,usu_nusuario) VALUES (10185,@@@2013.09.07@@@,300,1,0,@@@b_SAEZ@@@)','',2,'2013-09-07'),(62178,'INSERT INTO gne_vale_ferreteria_mov (vfe_id,pro_codigo_plu,vfm_cantidad,vfm_unitario,vfm_total,vfm_entregado) VALUES (10185,8021,2,150,300,@@@NO@@@)','',2,'2013-09-07'),(62179,'INSERT INTO gne_vale_ferreteria (vfe_id,vfe_fecha,vfe_total,vfe_estado,vfe_entregado,usu_nusuario) VALUES (10186,@@@2013.09.07@@@,2130,1,0,@@@b_SAEZ@@@)','',2,'2013-09-07'),(62180,'INSERT INTO gne_vale_ferreteria_mov (vfe_id,pro_codigo_plu,vfm_cantidad,vfm_unitario,vfm_total,vfm_entregado) VALUES (10186,11703,1,2130,2130,@@@NO@@@)','',2,'2013-09-07'),(62181,'INSERT INTO gne_vale_ferreteria (vfe_id,vfe_fecha,vfe_total,vfe_estado,vfe_entregado,usu_nusuario) VALUES (10187,@@@2013.09.07@@@,50,1,0,@@@b_SAEZ@@@)','',2,'2013-09-07'),(62182,'INSERT INTO gne_vale_ferreteria_mov (vfe_id,pro_codigo_plu,vfm_cantidad,vfm_unitario,vfm_total,vfm_entregado) VALUES (10187,780220123,1,50,50,@@@NO@@@)','',2,'2013-09-07'),(62183,'INSERT INTO gne_vale_ferreteria (vfe_id,vfe_fecha,vfe_total,vfe_estado,vfe_entregado,usu_nusuario) VALUES (10188,@@@2013.09.07@@@,490,1,0,@@@b_SAEZ@@@)','',2,'2013-09-07'),(62184,'INSERT INTO gne_vale_ferreteria_mov (vfe_id,pro_codigo_plu,vfm_cantidad,vfm_unitario,vfm_total,vfm_entregado) VALUES (10188,1552,1,490,490,@@@NO@@@)','',2,'2013-09-07'),(62185,'INSERT INTO gne_vale_ferreteria (vfe_id,vfe_fecha,vfe_total,vfe_estado,vfe_entregado,usu_nusuario) VALUES (10189,@@@2013.09.07@@@,2440,1,0,@@@b_SAEZ@@@)','',2,'2013-09-07'),(62186,'INSERT INTO gne_vale_ferreteria_mov (vfe_id,pro_codigo_plu,vfm_cantidad,vfm_unitario,vfm_total,vfm_entregado) VALUES (10189,780721688,4,610,2440,@@@NO@@@)','',2,'2013-09-07'),(62187,'INSERT INTO gne_vale_ferreteria (vfe_id,vfe_fecha,vfe_total,vfe_estado,vfe_entregado,usu_nusuario) VALUES (10190,@@@2013.09.07@@@,820,1,0,@@@b_SAEZ@@@)','',2,'2013-09-07'),(62188,'INSERT INTO gne_vale_ferreteria_mov (vfe_id,pro_codigo_plu,vfm_cantidad,vfm_unitario,vfm_total,vfm_entregado) VALUES (10190,780721765,2,410,820,@@@NO@@@)','',2,'2013-09-07'),(62189,'INSERT INTO gne_vale_ferreteria (vfe_id,vfe_fecha,vfe_total,vfe_estado,vfe_entregado,usu_nusuario) VALUES (10191,@@@2013.09.07@@@,1490,1,0,@@@b_SAEZ@@@)','',2,'2013-09-07'),(62190,'INSERT INTO gne_vale_ferreteria_mov (vfe_id,pro_codigo_plu,vfm_cantidad,vfm_unitario,vfm_total,vfm_entregado) VALUES (10191,11161,1,1490,1490,@@@NO@@@)','',2,'2013-09-07'),(62191,'INSERT INTO gne_vale_ferreteria (vfe_id,vfe_fecha,vfe_total,vfe_estado,vfe_entregado,usu_nusuario) VALUES (10192,@@@2013.09.07@@@,2390,1,0,@@@b_SAEZ@@@)','',2,'2013-09-07'),(62192,'INSERT INTO gne_vale_ferreteria_mov (vfe_id,pro_codigo_plu,vfm_cantidad,vfm_unitario,vfm_total,vfm_entregado) VALUES (10192,780721177,1,2390,2390,@@@NO@@@)','',2,'2013-09-07'),(62193,'INSERT INTO gne_vale_ferreteria (vfe_id,vfe_fecha,vfe_total,vfe_estado,vfe_entregado,usu_nusuario) VALUES (10193,@@@2013.09.07@@@,1590,1,0,@@@b_SAEZ@@@)','',2,'2013-09-07'),(62194,'INSERT INTO gne_vale_ferreteria_mov (vfe_id,pro_codigo_plu,vfm_cantidad,vfm_unitario,vfm_total,vfm_entregado) VALUES (10193,780721697,1,1590,1590,@@@NO@@@)','',2,'2013-09-07'),(62195,'INSERT INTO gne_vale_ferreteria (vfe_id,vfe_fecha,vfe_total,vfe_estado,vfe_entregado,usu_nusuario) VALUES (10194,@@@2013.09.07@@@,300,1,0,@@@b_SAEZ@@@)','',2,'2013-09-07'),(62196,'INSERT INTO gne_vale_ferreteria_mov (vfe_id,pro_codigo_plu,vfm_cantidad,vfm_unitario,vfm_total,vfm_entregado) VALUES (10194,764188,1,300,300,@@@NO@@@)','',2,'2013-09-07'),(62197,'UPDATE mae_productos SET pro_precio_compra_bruto=420,pro_margen_actual=(pro_precio_venta-420)/420 * 100,pro_ultima_compra=@@@2013.09.07@@@,pro_ultimo_proveedor=@@@76107249-8@@@ WHERE pro_codigo_plu=780721229','',2,'2013-09-07'),(62198,'UPDATE mae_productos SET pro_precio_compra_bruto=680,pro_margen_actual=(pro_precio_venta-680)/680 * 100,pro_ultima_compra=@@@2013.09.07@@@,pro_ultimo_proveedor=@@@76107249-8@@@ WHERE pro_codigo_plu=763389','',2,'2013-09-07'),(62199,'UPDATE mae_productos SET pro_precio_compra_bruto=530,pro_margen_actual=(pro_precio_venta-530)/530 * 100,pro_ultima_compra=@@@2013.09.07@@@,pro_ultimo_proveedor=@@@76107249-8@@@ WHERE pro_codigo_plu=763385','',2,'2013-09-07'),(62200,'UPDATE mae_productos SET pro_precio_compra_bruto=530,pro_margen_actual=(pro_precio_venta-530)/530 * 100,pro_ultima_compra=@@@2013.09.07@@@,pro_ultimo_proveedor=@@@76107249-8@@@ WHERE pro_codigo_plu=763352','',2,'2013-09-07'),(62201,'UPDATE mae_productos SET pro_precio_compra_bruto=730,pro_margen_actual=(pro_precio_venta-730)/730 * 100,pro_ultima_compra=@@@2013.09.07@@@,pro_ultimo_proveedor=@@@76107249-8@@@ WHERE pro_codigo_plu=763355','',2,'2013-09-07'),(62202,'UPDATE mae_productos SET pro_precio_compra_bruto=420,pro_margen_actual=(pro_precio_venta-420)/420 * 100,pro_ultima_compra=@@@2013.09.07@@@,pro_ultimo_proveedor=@@@76107249-8@@@ WHERE pro_codigo_plu=763357','',2,'2013-09-07'),(62203,'UPDATE mae_productos SET pro_precio_compra_bruto=420,pro_margen_actual=(pro_precio_venta-420)/420 * 100,pro_ultima_compra=@@@2013.09.07@@@,pro_ultimo_proveedor=@@@76107249-8@@@ WHERE pro_codigo_plu=763304','',2,'2013-09-07'),(62204,'UPDATE mae_productos SET pro_precio_compra_bruto=420,pro_margen_actual=(pro_precio_venta-420)/420 * 100,pro_ultima_compra=@@@2013.09.07@@@,pro_ultimo_proveedor=@@@76107249-8@@@ WHERE pro_codigo_plu=763341','',2,'2013-09-07'),(62205,'UPDATE mae_productos SET pro_precio_compra_bruto=1059.1,pro_margen_actual=(pro_precio_venta-1059.1)/1059.1 * 100,pro_ultima_compra=@@@2013.09.07@@@,pro_ultimo_proveedor=@@@76062693-7@@@ WHERE pro_codigo_plu=130','',2,'2013-09-07'),(62206,'UPDATE mae_productos SET pro_precio_compra_bruto=2480,pro_margen_actual=(pro_precio_venta-2480)/2480 * 100,pro_ultima_compra=@@@2013.09.07@@@,pro_ultimo_proveedor=@@@76062693-7@@@ WHERE pro_codigo_plu=132','',2,'2013-09-07'),(62207,'UPDATE mae_productos SET pro_margen_actual=136,pro_precio_venta=590 WHERE pro_codigo_plu=535','',2,'2013-09-07'),(62208,'UPDATE mae_productos SET pro_precio_fiscal=pro_precio_venta WHERE pro_codigo_plu=535','',2,'2013-09-07'),(62209,'UPDATE mae_productos SET pro_precio_compra_bruto=3071.38,pro_margen_actual=(pro_precio_venta-3071.38)/3071.38 * 100,pro_ultima_compra=@@@2013.09.07@@@,pro_ultimo_proveedor=@@@99554560-8@@@ WHERE pro_codigo_plu=780721600','',2,'2013-09-07'),(62210,'UPDATE mae_productos SET pro_precio_compra_bruto=2230.15,pro_margen_actual=(pro_precio_venta-2230.15)/2230.15 * 100,pro_ultima_compra=@@@2013.09.07@@@,pro_ultimo_proveedor=@@@99554560-8@@@ WHERE pro_codigo_plu=18048','',2,'2013-09-07'),(62211,'UPDATE mae_productos SET pro_precio_compra_bruto=2787.7,pro_margen_actual=(pro_precio_venta-2787.7)/2787.7 * 100,pro_ultima_compra=@@@2013.09.07@@@,pro_ultimo_proveedor=@@@99554560-8@@@ WHERE pro_codigo_plu=18039','',2,'2013-09-07'),(62212,'UPDATE mae_productos SET pro_precio_compra_bruto=2777.5,pro_margen_actual=(pro_precio_venta-2777.5)/2777.5 * 100,pro_ultima_compra=@@@2013.09.07@@@,pro_ultimo_proveedor=@@@99554560-8@@@ WHERE pro_codigo_plu=780721395','',2,'2013-09-07'),(62213,'UPDATE mae_productos SET pro_precio_compra_bruto=1019.12,pro_margen_actual=(pro_precio_venta-1019.12)/1019.12 * 100,pro_ultima_compra=@@@2013.09.07@@@,pro_ultimo_proveedor=@@@99554560-8@@@ WHERE pro_codigo_plu=17812','',2,'2013-09-07'),(62214,'UPDATE mae_productos SET pro_precio_compra_bruto=2960.3,pro_margen_actual=(pro_precio_venta-2960.3)/2960.3 * 100,pro_ultima_compra=@@@2013.09.07@@@,pro_ultimo_proveedor=@@@99554560-8@@@ WHERE pro_codigo_plu=17641','',2,'2013-09-07'),(62215,'UPDATE mae_productos SET pro_precio_compra_bruto=1693.37,pro_margen_actual=(pro_precio_venta-1693.37)/1693.37 * 100,pro_ultima_compra=@@@2013.09.07@@@,pro_ultimo_proveedor=@@@99554560-8@@@ WHERE pro_codigo_plu=17809','',2,'2013-09-07'),(62216,'UPDATE mae_productos SET pro_precio_compra_bruto=759.83,pro_margen_actual=(pro_precio_venta-759.83)/759.83 * 100,pro_ultima_compra=@@@2013.09.07@@@,pro_ultimo_proveedor=@@@99554560-8@@@ WHERE pro_codigo_plu=780220167','',2,'2013-09-07'),(62217,'UPDATE mae_productos SET pro_precio_compra_bruto=759.83,pro_margen_actual=(pro_precio_venta-759.83)/759.83 * 100,pro_ultima_compra=@@@2013.09.07@@@,pro_ultimo_proveedor=@@@99554560-8@@@ WHERE pro_codigo_plu=780220165','',2,'2013-09-07'),(62218,'UPDATE mae_productos SET pro_precio_compra_bruto=412.5,pro_margen_actual=(pro_precio_venta-412.5)/412.5 * 100,pro_ultima_compra=@@@2013.09.07@@@,pro_ultimo_proveedor=@@@99554560-8@@@ WHERE pro_codigo_plu=17444','',2,'2013-09-07'),(62219,'UPDATE mae_productos SET pro_precio_compra_bruto=412.5,pro_margen_actual=(pro_precio_venta-412.5)/412.5 * 100,pro_ultima_compra=@@@2013.09.07@@@,pro_ultimo_proveedor=@@@99554560-8@@@ WHERE pro_codigo_plu=17437','',2,'2013-09-07'),(62220,'INSERT INTO gne_vale_ferreteria (vfe_id,vfe_fecha,vfe_total,vfe_estado,vfe_entregado,usu_nusuario) VALUES (10195,@@@2013.09.07@@@,70,1,0,@@@b_SAEZ@@@)','',2,'2013-09-07'),(62221,'INSERT INTO gne_vale_ferreteria_mov (vfe_id,pro_codigo_plu,vfm_cantidad,vfm_unitario,vfm_total,vfm_entregado) VALUES (10195,78017027,1,70,70,@@@NO@@@)','',2,'2013-09-07'),(62222,'UPDATE mae_productos SET pro_codigo_barra=@@@7702094820030@@@,pro_tipo=@@@0@@@,pro_nombre_producto=@@@PILAS RAYOVAC CTE. AAAX1@@@,pro_nombre_corto=@@@PILAS RAYOVAC  A@@@,med_id=@@@1@@@,emb_id=@@@4@@@,pro_unidades_embalaje=@@@12@@@,dep_id=@@@24 @@@,lin_id=@@@45@@@,mar_id=@@@1351@@@,pro_precio_compra_neto=@@@0@@@,pro_precio_compra_bruto=@@@59.539@@@,pro_precio_venta=@@@1@@@,pro_margen_actual=@@@-98.32@@@,pro_oferta=@@@NO@@@,pro_fecha_inicio_oferta=@@@1900.01.01@@@,pro_fecha_termino_oferta=@@@1900.01.01@@@,pro_precio_oferta=@@@0@@@,pro_stock_minimo=@@@50@@@,pro_stock_critico=@@@30@@@,pro_activo=@@@1@@@,pro_unidad=@@@0@@@,pro_precio_compra_bruto=59.539,pro_margen_actual=-98.32,pro_capacidad=1,pro_funcion_plu=0,pro_flejes=0,pro_iva=1,pro_plu_asociado=0,pro_envase=@@@NO@@@,pro_duracion=0,pro_numero_etiqueta=0 WHERE pro_codigo_plu=@@@12351@@@','',2,'2013-09-07'),(62223,'UPDATE mae_productos SET pro_estado=1 WHERE pro_codigo_plu=12351','',2,'2013-09-07'),(62224,'DELETE FROM mae_impuestos_productos WHERE pro_codigo_plu=@@@12351@@@','',2,'2013-09-07'),(62225,'INSERT INTO gne_vale_ferreteria (vfe_id,vfe_fecha,vfe_total,vfe_estado,vfe_entregado,usu_nusuario) VALUES (10196,@@@2013.09.07@@@,1590,1,0,@@@b_SAEZ@@@)','',2,'2013-09-07'),(62226,'INSERT INTO gne_vale_ferreteria_mov (vfe_id,pro_codigo_plu,vfm_cantidad,vfm_unitario,vfm_total,vfm_entregado) VALUES (10196,780721639,1,1590,1590,@@@NO@@@)','',2,'2013-09-07'),(62227,'INSERT INTO gne_vale_ferreteria (vfe_id,vfe_fecha,vfe_total,vfe_estado,vfe_entregado,usu_nusuario) VALUES (10197,@@@2013.09.07@@@,990,1,0,@@@b_SAEZ@@@)','',2,'2013-09-07'),(62228,'INSERT INTO gne_vale_ferreteria_mov (vfe_id,pro_codigo_plu,vfm_cantidad,vfm_unitario,vfm_total,vfm_entregado) VALUES (10197,780721629,1,990,990,@@@NO@@@)','',2,'2013-09-07'),(62229,'INSERT INTO gne_vale_ferreteria (vfe_id,vfe_fecha,vfe_total,vfe_estado,vfe_entregado,usu_nusuario) VALUES (10198,@@@2013.09.07@@@,750,1,0,@@@b_SAEZ@@@)','',2,'2013-09-07'),(62230,'INSERT INTO gne_vale_ferreteria_mov (vfe_id,pro_codigo_plu,vfm_cantidad,vfm_unitario,vfm_total,vfm_entregado) VALUES (10198,100365,1,750,750,@@@NO@@@)','',2,'2013-09-07'),(62231,'INSERT INTO gne_vale_ferreteria (vfe_id,vfe_fecha,vfe_total,vfe_estado,vfe_entregado,usu_nusuario) VALUES (10199,@@@2013.09.07@@@,390,1,0,@@@b_SAEZ@@@)','',2,'2013-09-07'),(62232,'INSERT INTO gne_vale_ferreteria_mov (vfe_id,pro_codigo_plu,vfm_cantidad,vfm_unitario,vfm_total,vfm_entregado) VALUES (10199,78017239,1,390,390,@@@NO@@@)','',2,'2013-09-07'),(62233,'INSERT INTO gne_vale_ferreteria (vfe_id,vfe_fecha,vfe_total,vfe_estado,vfe_entregado,usu_nusuario) VALUES (10200,@@@2013.09.07@@@,1330,1,0,@@@b_SAEZ@@@)','',2,'2013-09-07'),(62234,'INSERT INTO gne_vale_ferreteria_mov (vfe_id,pro_codigo_plu,vfm_cantidad,vfm_unitario,vfm_total,vfm_entregado) VALUES (10200,78017239,1,390,390,@@@NO@@@)','',2,'2013-09-07'),(62235,'INSERT INTO gne_vale_ferreteria_mov (vfe_id,pro_codigo_plu,vfm_cantidad,vfm_unitario,vfm_total,vfm_entregado) VALUES (10200,764580,1,150,150,@@@NO@@@)','',2,'2013-09-07'),(62236,'INSERT INTO gne_vale_ferreteria_mov (vfe_id,pro_codigo_plu,vfm_cantidad,vfm_unitario,vfm_total,vfm_entregado) VALUES (10200,764188,1,300,300,@@@NO@@@)','',2,'2013-09-07'),(62237,'INSERT INTO gne_vale_ferreteria_mov (vfe_id,pro_codigo_plu,vfm_cantidad,vfm_unitario,vfm_total,vfm_entregado) VALUES (10200,2006,1,490,490,@@@NO@@@)','',2,'2013-09-07'),(62238,'INSERT INTO mae_productos (pro_codigo_plu,pro_codigo_barra,pro_tipo,pro_nombre_producto,pro_nombre_corto,med_id,emb_id,pro_unidades_embalaje,dep_id,lin_id,mar_id,pro_precio_compra_neto,pro_precio_compra_bruto,pro_precio_venta,pro_margen_actual,pro_oferta,pro_fecha_inicio_oferta,pro_fecha_termino_oferta,pro_precio_oferta,pro_stock_minimo,pro_stock_critico,pro_entradas_bodega,pro_salidas_bodega,pro_mermas_bodega,pro_ajustes_bodega,pro_entradas_sv,pro_salidas_sv,pro_mermas_sv,pro_ajustes_sv,pro_activo,rec_numero,pro_unidad,pro_capacidad,pro_consumo_bodega,pro_consumo_sv,pro_estado,pro_funcion_plu,pro_flejes,pro_iva,pro_plu_asociado,pro_envase,pro_duracion,pro_numero_etiqueta) VALUES (780721782,@@@780721782@@@,@@@0@@@,@@@NUGGET PASTA ZAPATOS NEGRO@@@,@@@NUGGET PASTA ZAP@@@,@@@1 @@@,@@@6 @@@,@@@12@@@,@@@2 @@@,@@@38@@@,@@@1477@@@,@@@0@@@,@@@0@@@,@@@1@@@,@@@0@@@,@@@@@@,@@@2006.09.07@@@,@@@2006.09.07@@@,@@@0@@@,@@@0@@@,@@@0@@@,@@@0@@@,@@@0@@@,@@@0@@@,@@@0@@@,@@@0@@@,@@@0@@@,@@@0@@@,@@@0@@@,@@@1@@@,@@@0@@@,0,12,0,0,2,0,1,1,0,@@@NO@@@,0,0)','',2,'2013-09-07'),(62239,'DELETE FROM mae_impuestos_productos WHERE pro_codigo_plu=@@@780721782@@@','',2,'2013-09-07'),(62240,'INSERT INTO gne_vale_ferreteria (vfe_id,vfe_fecha,vfe_total,vfe_estado,vfe_entregado,usu_nusuario) VALUES (10201,@@@2013.09.07@@@,90,1,0,@@@b_SAEZ@@@)','',2,'2013-09-07'),(62241,'INSERT INTO gne_vale_ferreteria_mov (vfe_id,pro_codigo_plu,vfm_cantidad,vfm_unitario,vfm_total,vfm_entregado) VALUES (10201,78017026,1,90,90,@@@NO@@@)','',2,'2013-09-07'),(62242,'INSERT INTO mae_productos (pro_codigo_plu,pro_codigo_barra,pro_tipo,pro_nombre_producto,pro_nombre_corto,med_id,emb_id,pro_unidades_embalaje,dep_id,lin_id,mar_id,pro_precio_compra_neto,pro_precio_compra_bruto,pro_precio_venta,pro_margen_actual,pro_oferta,pro_fecha_inicio_oferta,pro_fecha_termino_oferta,pro_precio_oferta,pro_stock_minimo,pro_stock_critico,pro_entradas_bodega,pro_salidas_bodega,pro_mermas_bodega,pro_ajustes_bodega,pro_entradas_sv,pro_salidas_sv,pro_mermas_sv,pro_ajustes_sv,pro_activo,rec_numero,pro_unidad,pro_capacidad,pro_consumo_bodega,pro_consumo_sv,pro_estado,pro_funcion_plu,pro_flejes,pro_iva,pro_plu_asociado,pro_envase,pro_duracion,pro_numero_etiqueta) VALUES (780721783,@@@034707984196@@@,@@@0@@@,@@@PENDRIVE 4 GB MEMOREX C/AZUL@@@,@@@PENDRIVE 4 GB ME@@@,@@@1 @@@,@@@6 @@@,@@@4@@@,@@@2 @@@,@@@41@@@,@@@2692@@@,@@@0@@@,@@@0@@@,@@@1@@@,@@@0@@@,@@@@@@,@@@2006.09.07@@@,@@@2006.09.07@@@,@@@0@@@,@@@0@@@,@@@0@@@,@@@0@@@,@@@0@@@,@@@0@@@,@@@0@@@,@@@0@@@,@@@0@@@,@@@0@@@,@@@0@@@,@@@1@@@,@@@0@@@,0,0,0,0,2,0,1,1,0,@@@NO@@@,0,0)','',2,'2013-09-07'),(62243,'DELETE FROM mae_impuestos_productos WHERE pro_codigo_plu=@@@780721783@@@','',2,'2013-09-07'),(62244,'INSERT INTO gne_vale_ferreteria (vfe_id,vfe_fecha,vfe_total,vfe_estado,vfe_entregado,usu_nusuario) VALUES (10202,@@@2013.09.07@@@,390,1,0,@@@b_SAEZ@@@)','',2,'2013-09-07'),(62245,'INSERT INTO gne_vale_ferreteria_mov (vfe_id,pro_codigo_plu,vfm_cantidad,vfm_unitario,vfm_total,vfm_entregado) VALUES (10202,101102,1,390,390,@@@NO@@@)','',2,'2013-09-07'),(62246,'INSERT INTO gne_vale_ferreteria (vfe_id,vfe_fecha,vfe_total,vfe_estado,vfe_entregado,usu_nusuario) VALUES (10203,@@@2013.09.07@@@,4190,1,0,@@@b_SAEZ@@@)','',2,'2013-09-07'),(62247,'INSERT INTO gne_vale_ferreteria_mov (vfe_id,pro_codigo_plu,vfm_cantidad,vfm_unitario,vfm_total,vfm_entregado) VALUES (10203,764710,1,4190,4190,@@@NO@@@)','',2,'2013-09-07'),(62248,'INSERT INTO mae_productos (pro_codigo_plu,pro_codigo_barra,pro_tipo,pro_nombre_producto,pro_nombre_corto,med_id,emb_id,pro_unidades_embalaje,dep_id,lin_id,mar_id,pro_precio_compra_neto,pro_precio_compra_bruto,pro_precio_venta,pro_margen_actual,pro_oferta,pro_fecha_inicio_oferta,pro_fecha_termino_oferta,pro_precio_oferta,pro_stock_minimo,pro_stock_critico,pro_entradas_bodega,pro_salidas_bodega,pro_mermas_bodega,pro_ajustes_bodega,pro_entradas_sv,pro_salidas_sv,pro_mermas_sv,pro_ajustes_sv,pro_activo,rec_numero,pro_unidad,pro_capacidad,pro_consumo_bodega,pro_consumo_sv,pro_estado,pro_funcion_plu,pro_flejes,pro_iva,pro_plu_asociado,pro_envase,pro_duracion,pro_numero_etiqueta) VALUES (780721784,@@@7806505975637@@@,@@@0@@@,@@@COECHETES TORRE 10/1000@@@,@@@COECHETES TORRE @@@,@@@1 @@@,@@@6 @@@,@@@20@@@,@@@2 @@@,@@@41@@@,@@@2403@@@,@@@0@@@,@@@0@@@,@@@1@@@,@@@0@@@,@@@@@@,@@@2006.09.07@@@,@@@2006.09.07@@@,@@@0@@@,@@@0@@@,@@@0@@@,@@@0@@@,@@@0@@@,@@@0@@@,@@@0@@@,@@@0@@@,@@@0@@@,@@@0@@@,@@@0@@@,@@@1@@@,@@@0@@@,0,0,0,0,2,0,1,1,0,@@@NO@@@,0,0)','',2,'2013-09-07'),(62249,'DELETE FROM mae_impuestos_productos WHERE pro_codigo_plu=@@@780721784@@@','',2,'2013-09-07'),(62250,'INSERT INTO mae_productos (pro_codigo_plu,pro_codigo_barra,pro_tipo,pro_nombre_producto,pro_nombre_corto,med_id,emb_id,pro_unidades_embalaje,dep_id,lin_id,mar_id,pro_precio_compra_neto,pro_precio_compra_bruto,pro_precio_venta,pro_margen_actual,pro_oferta,pro_fecha_inicio_oferta,pro_fecha_termino_oferta,pro_precio_oferta,pro_stock_minimo,pro_stock_critico,pro_entradas_bodega,pro_salidas_bodega,pro_mermas_bodega,pro_ajustes_bodega,pro_entradas_sv,pro_salidas_sv,pro_mermas_sv,pro_ajustes_sv,pro_activo,rec_numero,pro_unidad,pro_capacidad,pro_consumo_bodega,pro_consumo_sv,pro_estado,pro_funcion_plu,pro_flejes,pro_iva,pro_plu_asociado,pro_envase,pro_duracion,pro_numero_etiqueta) VALUES (780721785,@@@6925722100286@@@,@@@0@@@,@@@CLIPS METALICO 28MM SELLOFFICE 100 UND@@@,@@@CLIPS METALICO 2@@@,@@@1 @@@,@@@6 @@@,@@@20@@@,@@@24 @@@,@@@138@@@,@@@2675@@@,@@@0@@@,@@@1@@@,@@@1@@@,@@@0@@@,@@@@@@,@@@2006.09.07@@@,@@@2006.09.07@@@,@@@0@@@,@@@10@@@,@@@5@@@,@@@0@@@,@@@0@@@,@@@0@@@,@@@0@@@,@@@0@@@,@@@0@@@,@@@0@@@,@@@0@@@,@@@1@@@,@@@0@@@,0,1,0,0,2,0,1,1,0,@@@NO@@@,0,0)','',2,'2013-09-07'),(62251,'DELETE FROM mae_impuestos_productos WHERE pro_codigo_plu=@@@780721785@@@','',2,'2013-09-07'),(62252,'INSERT INTO mae_productos (pro_codigo_plu,pro_codigo_barra,pro_tipo,pro_nombre_producto,pro_nombre_corto,med_id,emb_id,pro_unidades_embalaje,dep_id,lin_id,mar_id,pro_precio_compra_neto,pro_precio_compra_bruto,pro_precio_venta,pro_margen_actual,pro_oferta,pro_fecha_inicio_oferta,pro_fecha_termino_oferta,pro_precio_oferta,pro_stock_minimo,pro_stock_critico,pro_entradas_bodega,pro_salidas_bodega,pro_mermas_bodega,pro_ajustes_bodega,pro_entradas_sv,pro_salidas_sv,pro_mermas_sv,pro_ajustes_sv,pro_activo,rec_numero,pro_unidad,pro_capacidad,pro_consumo_bodega,pro_consumo_sv,pro_estado,pro_funcion_plu,pro_flejes,pro_iva,pro_plu_asociado,pro_envase,pro_duracion,pro_numero_etiqueta) VALUES (780721786,@@@7807219011383@@@,@@@0@@@,@@@CHINCHES DORADOS 50 UND. ADIX@@@,@@@CHINCHES DORADOS@@@,@@@1 @@@,@@@6 @@@,@@@20@@@,@@@24 @@@,@@@138@@@,@@@2646@@@,@@@0@@@,@@@1@@@,@@@1@@@,@@@0@@@,@@@@@@,@@@2006.09.07@@@,@@@2006.09.07@@@,@@@0@@@,@@@10@@@,@@@5@@@,@@@0@@@,@@@0@@@,@@@0@@@,@@@0@@@,@@@0@@@,@@@0@@@,@@@0@@@,@@@0@@@,@@@1@@@,@@@0@@@,0,1,0,0,2,0,1,1,0,@@@NO@@@,0,0)','',2,'2013-09-07'),(62253,'DELETE FROM mae_impuestos_productos WHERE pro_codigo_plu=@@@780721786@@@','',2,'2013-09-07'),(62254,'UPDATE mae_productos SET pro_codigo_barra=@@@7805500090376@@@,pro_tipo=@@@0@@@,pro_nombre_producto=@@@PEGAFIX MADERAS 100 GR@@@,pro_nombre_corto=@@@PEGAFIX MADERAS@@@,med_id=@@@5@@@,emb_id=@@@3@@@,pro_unidades_embalaje=@@@0@@@,dep_id=@@@24 @@@,lin_id=@@@137@@@,mar_id=@@@2540@@@,pro_precio_compra_neto=@@@0@@@,pro_precio_compra_bruto=@@@1@@@,pro_precio_venta=@@@850@@@,pro_margen_actual=@@@84900@@@,pro_oferta=@@@NO@@@,pro_fecha_inicio_oferta=@@@2013.08.31@@@,pro_fecha_termino_oferta=@@@2013.08.31@@@,pro_precio_oferta=@@@0@@@,pro_stock_minimo=@@@6@@@,pro_stock_critico=@@@4@@@,pro_activo=@@@1@@@,pro_unidad=@@@0@@@,pro_precio_compra_bruto=1,pro_margen_actual=84900,pro_capacidad=110,pro_funcion_plu=0,pro_flejes=1,pro_iva=1,pro_plu_asociado=0,pro_envase=@@@NO@@@,pro_duracion=0,pro_numero_etiqueta=0 WHERE pro_codigo_plu=@@@780721714@@@','',2,'2013-09-07'),(62255,'UPDATE mae_productos SET pro_estado=1 WHERE pro_codigo_plu=780721714','',2,'2013-09-07'),(62256,'DELETE FROM mae_impuestos_productos WHERE pro_codigo_plu=@@@780721714@@@','',2,'2013-09-07'),(62257,'UPDATE mae_productos SET pro_codigo_barra=@@@7803473711267@@@,pro_tipo=@@@0@@@,pro_nombre_producto=@@@MANKEKE 3P 75G@@@,pro_nombre_corto=@@@MANKEKE 75G@@@,med_id=@@@5@@@,emb_id=@@@3@@@,pro_unidades_embalaje=@@@1@@@,dep_id=@@@32 @@@,lin_id=@@@215@@@,mar_id=@@@552@@@,pro_precio_compra_neto=@@@0@@@,pro_precio_compra_bruto=@@@268.94@@@,pro_precio_venta=@@@350@@@,pro_margen_actual=@@@30.14@@@,pro_oferta=@@@NO@@@,pro_fecha_inicio_oferta=@@@2013.05.18@@@,pro_fecha_termino_oferta=@@@2013.05.18@@@,pro_precio_oferta=@@@0@@@,pro_stock_minimo=@@@10@@@,pro_stock_critico=@@@5@@@,pro_activo=@@@1@@@,pro_unidad=@@@0@@@,pro_precio_compra_bruto=268.94,pro_margen_actual=30.14,pro_capacidad=75,pro_funcion_plu=0,pro_flejes=1,pro_iva=1,pro_plu_asociado=0,pro_envase=@@@NO@@@,pro_duracion=0,pro_numero_etiqueta=0 WHERE pro_codigo_plu=@@@78017083@@@','',2,'2013-09-07'),(62258,'UPDATE mae_productos SET pro_estado=1 WHERE pro_codigo_plu=78017083','',2,'2013-09-07'),(62259,'DELETE FROM mae_impuestos_productos WHERE pro_codigo_plu=@@@78017083@@@','',2,'2013-09-07'),(62260,'UPDATE mae_productos SET pro_codigo_barra=@@@7803473543189@@@,pro_tipo=@@@0@@@,pro_nombre_producto=@@@GANSITO IDEAL 50G@@@,pro_nombre_corto=@@@GANSITO IDEAL@@@,med_id=@@@1@@@,emb_id=@@@3@@@,pro_unidades_embalaje=@@@1@@@,dep_id=@@@32 @@@,lin_id=@@@215@@@,mar_id=@@@552@@@,pro_precio_compra_neto=@@@0@@@,pro_precio_compra_bruto=@@@191.59@@@,pro_precio_venta=@@@250@@@,pro_margen_actual=@@@30.49@@@,pro_oferta=@@@NO@@@,pro_fecha_inicio_oferta=@@@1900.01.01@@@,pro_fecha_termino_oferta=@@@1900.01.01@@@,pro_precio_oferta=@@@0@@@,pro_stock_minimo=@@@20@@@,pro_stock_critico=@@@10@@@,pro_activo=@@@1@@@,pro_unidad=@@@0@@@,pro_precio_compra_bruto=191.59,pro_margen_actual=30.49,pro_capacidad=1,pro_funcion_plu=0,pro_flejes=1,pro_iva=1,pro_plu_asociado=0,pro_envase=@@@NO@@@,pro_duracion=0,pro_numero_etiqueta=0 WHERE pro_codigo_plu=@@@13054@@@','',2,'2013-09-07'),(62261,'UPDATE mae_productos SET pro_estado=1 WHERE pro_codigo_plu=13054','',2,'2013-09-07'),(62262,'DELETE FROM mae_impuestos_productos WHERE pro_codigo_plu=@@@13054@@@','',2,'2013-09-07'),(62263,'INSERT INTO mae_productos (pro_codigo_plu,pro_codigo_barra,pro_tipo,pro_nombre_producto,pro_nombre_corto,med_id,emb_id,pro_unidades_embalaje,dep_id,lin_id,mar_id,pro_precio_compra_neto,pro_precio_compra_bruto,pro_precio_venta,pro_margen_actual,pro_oferta,pro_fecha_inicio_oferta,pro_fecha_termino_oferta,pro_precio_oferta,pro_stock_minimo,pro_stock_critico,pro_entradas_bodega,pro_salidas_bodega,pro_mermas_bodega,pro_ajustes_bodega,pro_entradas_sv,pro_salidas_sv,pro_mermas_sv,pro_ajustes_sv,pro_activo,rec_numero,pro_unidad,pro_capacidad,pro_consumo_bodega,pro_consumo_sv,pro_estado,pro_funcion_plu,pro_flejes,pro_iva,pro_plu_asociado,pro_envase,pro_duracion,pro_numero_etiqueta) VALUES (780721787,@@@7803403000973@@@,@@@0@@@,@@@PRE PIZZA ARTESANAL IDEAL 600G@@@,@@@PRE PIZZA ARTESA@@@,@@@5 @@@,@@@9 @@@,@@@1@@@,@@@44 @@@,@@@229@@@,@@@552@@@,@@@0@@@,@@@1@@@,@@@1@@@,@@@0@@@,@@@@@@,@@@2006.09.07@@@,@@@2006.09.07@@@,@@@0@@@,@@@3@@@,@@@2@@@,@@@0@@@,@@@0@@@,@@@0@@@,@@@0@@@,@@@0@@@,@@@0@@@,@@@0@@@,@@@0@@@,@@@1@@@,@@@0@@@,0,600,0,0,2,0,1,1,0,@@@NO@@@,0,0)','',2,'2013-09-07'),(62264,'DELETE FROM mae_impuestos_productos WHERE pro_codigo_plu=@@@780721787@@@','',2,'2013-09-07'),(62265,'UPDATE mae_productos SET pro_precio_compra_bruto=153.51,pro_margen_actual=(pro_precio_venta-153.51)/153.51 * 100,pro_ultima_compra=@@@2013.09.07@@@,pro_ultimo_proveedor=@@@82623500-4@@@ WHERE pro_codigo_plu=12029','',2,'2013-09-07'),(62266,'UPDATE mae_productos SET pro_precio_compra_bruto=268.94,pro_margen_actual=(pro_precio_venta-268.94)/268.94 * 100,pro_ultima_compra=@@@2013.09.07@@@,pro_ultimo_proveedor=@@@82623500-4@@@ WHERE pro_codigo_plu=78017083','',2,'2013-09-07'),(62267,'UPDATE mae_productos SET pro_precio_compra_bruto=268.94,pro_margen_actual=(pro_precio_venta-268.94)/268.94 * 100,pro_ultima_compra=@@@2013.09.07@@@,pro_ultimo_proveedor=@@@82623500-4@@@ WHERE pro_codigo_plu=13551','',2,'2013-09-07'),(62268,'UPDATE mae_productos SET pro_precio_compra_bruto=191.59,pro_margen_actual=(pro_precio_venta-191.59)/191.59 * 100,pro_ultima_compra=@@@2013.09.07@@@,pro_ultimo_proveedor=@@@82623500-4@@@ WHERE pro_codigo_plu=13054','',2,'2013-09-07'),(62269,'UPDATE mae_productos SET pro_precio_compra_bruto=192.78,pro_margen_actual=(pro_precio_venta-192.78)/192.78 * 100,pro_ultima_compra=@@@2013.09.07@@@,pro_ultimo_proveedor=@@@82623500-4@@@ WHERE pro_codigo_plu=78017082','',2,'2013-09-07'),(62270,'UPDATE mae_productos SET pro_precio_compra_bruto=192.78,pro_margen_actual=(pro_precio_venta-192.78)/192.78 * 100,pro_ultima_compra=@@@2013.09.07@@@,pro_ultimo_proveedor=@@@82623500-4@@@ WHERE pro_codigo_plu=763475','',2,'2013-09-07'),(62271,'UPDATE mae_productos SET pro_precio_compra_bruto=1154.3,pro_margen_actual=(pro_precio_venta-1154.3)/1154.3 * 100,pro_ultima_compra=@@@2013.09.07@@@,pro_ultimo_proveedor=@@@82623500-4@@@ WHERE pro_codigo_plu=780721787','',2,'2013-09-07'),(62272,'UPDATE mae_productos SET pro_precio_compra_bruto=2697.78,pro_margen_actual=(pro_precio_venta-2697.78)/2697.78 * 100,pro_ultima_compra=@@@2013.09.07@@@,pro_ultimo_proveedor=@@@82623500-4@@@ WHERE pro_codigo_plu=780721374','',2,'2013-09-07'),(62273,'INSERT INTO mae_productos (pro_codigo_plu,pro_codigo_barra,pro_tipo,pro_nombre_producto,pro_nombre_corto,med_id,emb_id,pro_unidades_embalaje,dep_id,lin_id,mar_id,pro_precio_compra_neto,pro_precio_compra_bruto,pro_precio_venta,pro_margen_actual,pro_oferta,pro_fecha_inicio_oferta,pro_fecha_termino_oferta,pro_precio_oferta,pro_stock_minimo,pro_stock_critico,pro_entradas_bodega,pro_salidas_bodega,pro_mermas_bodega,pro_ajustes_bodega,pro_entradas_sv,pro_salidas_sv,pro_mermas_sv,pro_ajustes_sv,pro_activo,rec_numero,pro_unidad,pro_capacidad,pro_consumo_bodega,pro_consumo_sv,pro_estado,pro_funcion_plu,pro_flejes,pro_iva,pro_plu_asociado,pro_envase,pro_duracion,pro_numero_etiqueta) VALUES (780721788,@@@7891360548263@@@,@@@0@@@,@@@LAPIZ GRAFITO HEXAGONAL FABER CASTELL 1205@@@,@@@LAPIZ GRAFITO HE@@@,@@@1 @@@,@@@9 @@@,@@@1@@@,@@@24 @@@,@@@137@@@,@@@2001@@@,@@@0@@@,@@@101.15@@@,@@@1@@@,@@@-99.01@@@,@@@@@@,@@@2006.09.07@@@,@@@2006.09.07@@@,@@@0@@@,@@@50@@@,@@@20@@@,@@@0@@@,@@@0@@@,@@@0@@@,@@@0@@@,@@@0@@@,@@@0@@@,@@@0@@@,@@@0@@@,@@@1@@@,@@@0@@@,0,1,0,0,2,0,1,1,0,@@@NO@@@,0,0)','',2,'2013-09-07'),(62274,'DELETE FROM mae_impuestos_productos WHERE pro_codigo_plu=@@@780721788@@@','',2,'2013-09-07'),(62275,'UPDATE mae_productos SET pro_precio_compra_bruto=59.539,pro_margen_actual=(pro_precio_venta-59.539)/59.539 * 100,pro_ultima_compra=@@@2013.09.07@@@,pro_ultimo_proveedor=@@@76041579-0@@@ WHERE pro_codigo_plu=12351','',2,'2013-09-07'),(62276,'UPDATE mae_productos SET pro_precio_compra_bruto=1092.42,pro_margen_actual=(pro_precio_venta-1092.42)/1092.42 * 100,pro_ultima_compra=@@@2013.09.07@@@,pro_ultimo_proveedor=@@@76041579-0@@@ WHERE pro_codigo_plu=763672','',2,'2013-09-07'),(62277,'UPDATE mae_productos SET pro_precio_compra_bruto=543.83,pro_margen_actual=(pro_precio_venta-543.83)/543.83 * 100,pro_ultima_compra=@@@2013.09.07@@@,pro_ultimo_proveedor=@@@76041579-0@@@ WHERE pro_codigo_plu=780721782','',2,'2013-09-07'),(62278,'UPDATE mae_productos SET pro_precio_compra_bruto=502.18,pro_margen_actual=(pro_precio_venta-502.18)/502.18 * 100,pro_ultima_compra=@@@2013.09.07@@@,pro_ultimo_proveedor=@@@76041579-0@@@ WHERE pro_codigo_plu=15480','',2,'2013-09-07'),(62279,'UPDATE mae_productos SET pro_precio_compra_bruto=3291.54,pro_margen_actual=(pro_precio_venta-3291.54)/3291.54 * 100,pro_ultima_compra=@@@2013.09.07@@@,pro_ultimo_proveedor=@@@76041579-0@@@ WHERE pro_codigo_plu=780721783','',2,'2013-09-07'),(62280,'UPDATE mae_productos SET pro_precio_compra_bruto=209.202,pro_margen_actual=(pro_precio_venta-209.202)/209.202 * 100,pro_ultima_compra=@@@2013.09.07@@@,pro_ultimo_proveedor=@@@76041579-0@@@ WHERE pro_codigo_plu=764507','',2,'2013-09-07'),(62281,'UPDATE mae_productos SET pro_precio_compra_bruto=433.16,pro_margen_actual=(pro_precio_venta-433.16)/433.16 * 100,pro_ultima_compra=@@@2013.09.07@@@,pro_ultimo_proveedor=@@@76041579-0@@@ WHERE pro_codigo_plu=78017198','',2,'2013-09-07'),(62282,'UPDATE mae_productos SET pro_precio_compra_bruto=660.45,pro_margen_actual=(pro_precio_venta-660.45)/660.45 * 100,pro_ultima_compra=@@@2013.09.07@@@,pro_ultimo_proveedor=@@@76041579-0@@@ WHERE pro_codigo_plu=780721231','',2,'2013-09-07'),(62283,'UPDATE mae_productos SET pro_precio_compra_bruto=101.15,pro_margen_actual=(pro_precio_venta-101.15)/101.15 * 100,pro_ultima_compra=@@@2013.09.07@@@,pro_ultimo_proveedor=@@@76041579-0@@@ WHERE pro_codigo_plu=780721788','',2,'2013-09-07'),(62284,'UPDATE mae_productos SET pro_precio_compra_bruto=259.42,pro_margen_actual=(pro_precio_venta-259.42)/259.42 * 100,pro_ultima_compra=@@@2013.09.07@@@,pro_ultimo_proveedor=@@@76041579-0@@@ WHERE pro_codigo_plu=764204','',2,'2013-09-07'),(62285,'UPDATE mae_productos SET pro_precio_compra_bruto=111.86,pro_margen_actual=(pro_precio_venta-111.86)/111.86 * 100,pro_ultima_compra=@@@2013.09.07@@@,pro_ultimo_proveedor=@@@76041579-0@@@ WHERE pro_codigo_plu=780721784','',2,'2013-09-07'),(62286,'UPDATE mae_productos SET pro_precio_compra_bruto=146.37,pro_margen_actual=(pro_precio_venta-146.37)/146.37 * 100,pro_ultima_compra=@@@2013.09.07@@@,pro_ultimo_proveedor=@@@76041579-0@@@ WHERE pro_codigo_plu=780721785','',2,'2013-09-07'),(62287,'UPDATE mae_productos SET pro_precio_compra_bruto=123.76,pro_margen_actual=(pro_precio_venta-123.76)/123.76 * 100,pro_ultima_compra=@@@2013.09.07@@@,pro_ultimo_proveedor=@@@76041579-0@@@ WHERE pro_codigo_plu=780721786','',2,'2013-09-07'),(62288,'UPDATE mae_productos SET pro_precio_compra_bruto=143.99,pro_margen_actual=(pro_precio_venta-143.99)/143.99 * 100,pro_ultima_compra=@@@2013.09.07@@@,pro_ultimo_proveedor=@@@76041579-0@@@ WHERE pro_codigo_plu=763783','',2,'2013-09-07'),(62289,'UPDATE mae_productos SET pro_precio_compra_bruto=140.42,pro_margen_actual=(pro_precio_venta-140.42)/140.42 * 100,pro_ultima_compra=@@@2013.09.07@@@,pro_ultimo_proveedor=@@@76041579-0@@@ WHERE pro_codigo_plu=780721667','',2,'2013-09-07'),(62290,'UPDATE mae_productos SET pro_precio_compra_bruto=537.88,pro_margen_actual=(pro_precio_venta-537.88)/537.88 * 100,pro_ultima_compra=@@@2013.09.07@@@,pro_ultimo_proveedor=@@@76041579-0@@@ WHERE pro_codigo_plu=780721714','',2,'2013-09-07'),(62291,'UPDATE mae_productos SET pro_precio_compra_bruto=248.71,pro_margen_actual=(pro_precio_venta-248.71)/248.71 * 100,pro_ultima_compra=@@@2013.09.07@@@,pro_ultimo_proveedor=@@@76041579-0@@@ WHERE pro_codigo_plu=763825','',2,'2013-09-07'),(62292,'UPDATE mae_productos SET pro_precio_compra_bruto=743.75,pro_margen_actual=(pro_precio_venta-743.75)/743.75 * 100,pro_ultima_compra=@@@2013.09.07@@@,pro_ultimo_proveedor=@@@76041579-0@@@ WHERE pro_codigo_plu=15491','',2,'2013-09-07'),(62293,'UPDATE mae_productos SET pro_precio_compra_bruto=484.33,pro_margen_actual=(pro_precio_venta-484.33)/484.33 * 100,pro_ultima_compra=@@@2013.09.07@@@,pro_ultimo_proveedor=@@@76041579-0@@@ WHERE pro_codigo_plu=15485','',2,'2013-09-07'),(62294,'UPDATE mae_productos SET pro_precio_compra_bruto=877.03,pro_margen_actual=(pro_precio_venta-877.03)/877.03 * 100,pro_ultima_compra=@@@2013.09.07@@@,pro_ultimo_proveedor=@@@76041579-0@@@ WHERE pro_codigo_plu=763740','',2,'2013-09-07'),(62295,'UPDATE mae_productos SET pro_precio_compra_bruto=115.43,pro_margen_actual=(pro_precio_venta-115.43)/115.43 * 100,pro_ultima_compra=@@@2013.09.07@@@,pro_ultimo_proveedor=@@@76041579-0@@@ WHERE pro_codigo_plu=763831','',2,'2013-09-07'),(62296,'UPDATE mae_productos SET pro_precio_compra_bruto=140.42,pro_margen_actual=(pro_precio_venta-140.42)/140.42 * 100,pro_ultima_compra=@@@2013.09.07@@@,pro_ultimo_proveedor=@@@76041579-0@@@ WHERE pro_codigo_plu=763802','',2,'2013-09-07'),(62297,'UPDATE mae_productos SET pro_precio_compra_bruto=71.4,pro_margen_actual=(pro_precio_venta-71.4)/71.4 * 100,pro_ultima_compra=@@@2013.09.07@@@,pro_ultimo_proveedor=@@@76041579-0@@@ WHERE pro_codigo_plu=763786','',2,'2013-09-07'),(62298,'UPDATE mae_productos SET pro_precio_compra_bruto=182.07,pro_margen_actual=(pro_precio_venta-182.07)/182.07 * 100,pro_ultima_compra=@@@2013.09.07@@@,pro_ultimo_proveedor=@@@76041579-0@@@ WHERE pro_codigo_plu=763789','',2,'2013-09-07'),(62299,'UPDATE mae_productos SET pro_precio_compra_bruto=504.56,pro_margen_actual=(pro_precio_venta-504.56)/504.56 * 100,pro_ultima_compra=@@@2013.09.07@@@,pro_ultimo_proveedor=@@@76041579-0@@@ WHERE pro_codigo_plu=21116','',2,'2013-09-07'),(62300,'UPDATE mae_productos SET pro_precio_compra_bruto=261.8,pro_margen_actual=(pro_precio_venta-261.8)/261.8 * 100,pro_ultima_compra=@@@2013.09.07@@@,pro_ultimo_proveedor=@@@76041579-0@@@ WHERE pro_codigo_plu=761990','',2,'2013-09-07'),(62301,'UPDATE mae_productos SET pro_precio_compra_bruto=454.58,pro_margen_actual=(pro_precio_venta-454.58)/454.58 * 100,pro_ultima_compra=@@@2013.09.07@@@,pro_ultimo_proveedor=@@@76041579-0@@@ WHERE pro_codigo_plu=763775','',2,'2013-09-07'),(62302,'UPDATE mae_productos SET pro_precio_compra_bruto=98.77,pro_margen_actual=(pro_precio_venta-98.77)/98.77 * 100,pro_ultima_compra=@@@2013.09.07@@@,pro_ultimo_proveedor=@@@76041579-0@@@ WHERE pro_codigo_plu=765072','',2,'2013-09-07'),(62303,'UPDATE mae_productos SET pro_precio_compra_bruto=329.63,pro_margen_actual=(pro_precio_venta-329.63)/329.63 * 100,pro_ultima_compra=@@@2013.09.07@@@,pro_ultimo_proveedor=@@@76041579-0@@@ WHERE pro_codigo_plu=78017173','',2,'2013-09-07'),(62304,'UPDATE mae_productos SET pro_margen_actual=-99.19,pro_precio_venta=1 WHERE pro_codigo_plu=780721786','',2,'2013-09-07'),(62305,'UPDATE mae_productos SET pro_margen_actual=-99.32,pro_precio_venta=1 WHERE pro_codigo_plu=780721785','',2,'2013-09-07'),(62306,'UPDATE mae_productos SET pro_margen_actual=-99.11,pro_precio_venta=1 WHERE pro_codigo_plu=780721784','',2,'2013-09-07'),(62307,'UPDATE mae_productos SET pro_margen_actual=30.49,pro_precio_venta=250 WHERE pro_codigo_plu=13054','',2,'2013-09-07'),(62308,'UPDATE mae_productos SET pro_margen_actual=-99.01,pro_precio_venta=1 WHERE pro_codigo_plu=780721788','',2,'2013-09-07'),(62309,'UPDATE mae_productos SET pro_margen_actual=30.14,pro_precio_venta=350 WHERE pro_codigo_plu=78017083','',2,'2013-09-07'),(62310,'UPDATE mae_productos SET pro_margen_actual=-99.82,pro_precio_venta=1 WHERE pro_codigo_plu=780721782','',2,'2013-09-07'),(62311,'UPDATE mae_productos SET pro_margen_actual=58.03,pro_precio_venta=850 WHERE pro_codigo_plu=780721714','',2,'2013-09-07'),(62312,'UPDATE mae_productos SET pro_margen_actual=-99.97,pro_precio_venta=1 WHERE pro_codigo_plu=780721783','',2,'2013-09-07'),(62313,'UPDATE mae_productos SET pro_margen_actual=-98.32,pro_precio_venta=1 WHERE pro_codigo_plu=12351','',2,'2013-09-07'),(62314,'UPDATE mae_productos SET pro_margen_actual=-99.91,pro_precio_venta=1 WHERE pro_codigo_plu=780721787','',2,'2013-09-07'),(62315,'UPDATE mae_productos SET pro_margen_actual=0,pro_precio_venta=1190 WHERE pro_codigo_plu=20372','',2,'2013-09-07'),(62316,'UPDATE mae_productos SET pro_margen_actual=0,pro_precio_venta=1190 WHERE pro_codigo_plu=20310','',2,'2013-09-07'),(62317,'UPDATE mae_productos SET pro_precio_compra_bruto=2750,pro_margen_actual=(pro_precio_venta-2750)/2750 * 100,pro_ultima_compra=@@@2013.09.07@@@,pro_ultimo_proveedor=@@@96547710-1@@@ WHERE pro_codigo_plu=78017226','',2,'2013-09-07'),(62318,'UPDATE mae_productos SET pro_precio_compra_bruto=2980,pro_margen_actual=(pro_precio_venta-2980)/2980 * 100,pro_ultima_compra=@@@2013.09.07@@@,pro_ultimo_proveedor=@@@96547710-1@@@ WHERE pro_codigo_plu=78017225','',2,'2013-09-07'),(62319,'UPDATE mae_productos SET pro_precio_compra_bruto=620,pro_margen_actual=(pro_precio_venta-620)/620 * 100,pro_ultima_compra=@@@2013.09.07@@@,pro_ultimo_proveedor=@@@96547710-1@@@ WHERE pro_codigo_plu=761921','',2,'2013-09-07'),(62320,'UPDATE mae_productos SET pro_precio_compra_bruto=2515,pro_margen_actual=(pro_precio_venta-2515)/2515 * 100,pro_ultima_compra=@@@2013.09.07@@@,pro_ultimo_proveedor=@@@96547710-1@@@ WHERE pro_codigo_plu=18129','',2,'2013-09-07'),(62321,'UPDATE mae_productos SET pro_codigo_barra=@@@780172212@@@,pro_tipo=@@@0@@@,pro_nombre_producto=@@@BIGTIME MAGNETIX RED CITRUS@@@,pro_nombre_corto=@@@BIGTIME MAGNETIX@@@,med_id=@@@5@@@,emb_id=@@@3@@@,pro_unidades_embalaje=@@@0@@@,dep_id=@@@32 @@@,lin_id=@@@162@@@,mar_id=@@@2523@@@,pro_precio_compra_neto=@@@0@@@,pro_precio_compra_bruto=@@@0@@@,pro_precio_venta=@@@200@@@,pro_margen_actual=@@@0@@@,pro_oferta=@@@NO@@@,pro_fecha_inicio_oferta=@@@2013.04.27@@@,pro_fecha_termino_oferta=@@@2013.04.27@@@,pro_precio_oferta=@@@0@@@,pro_stock_minimo=@@@0@@@,pro_stock_critico=@@@0@@@,pro_activo=@@@1@@@,pro_unidad=@@@0@@@,pro_precio_compra_bruto=0,pro_margen_actual=0,pro_capacidad=11,pro_funcion_plu=0,pro_flejes=1,pro_iva=1,pro_plu_asociado=0,pro_envase=@@@NO@@@,pro_duracion=0,pro_numero_etiqueta=0 WHERE pro_codigo_plu=@@@763484@@@','',2,'2013-09-07'),(62322,'UPDATE mae_productos SET pro_estado=1 WHERE pro_codigo_plu=763484','',2,'2013-09-07'),(62323,'DELETE FROM mae_impuestos_productos WHERE pro_codigo_plu=@@@763484@@@','',2,'2013-09-07'),(62324,'UPDATE mae_productos SET pro_codigo_barra=@@@78017221@@@,pro_tipo=@@@0@@@,pro_nombre_producto=@@@BIGTIME MAGNETIX RED CITRUS 11G@@@,pro_nombre_corto=@@@BIGTIME MAGNETIX@@@,med_id=@@@5@@@,emb_id=@@@6@@@,pro_unidades_embalaje=@@@20@@@,dep_id=@@@32 @@@,lin_id=@@@162@@@,mar_id=@@@2523@@@,pro_precio_compra_neto=@@@0@@@,pro_precio_compra_bruto=@@@1@@@,pro_precio_venta=@@@1@@@,pro_margen_actual=@@@0@@@,pro_oferta=@@@NO@@@,pro_fecha_inicio_oferta=@@@2013.05.24@@@,pro_fecha_termino_oferta=@@@2013.05.24@@@,pro_precio_oferta=@@@0@@@,pro_stock_minimo=@@@40@@@,pro_stock_critico=@@@20@@@,pro_activo=@@@1@@@,pro_unidad=@@@0@@@,pro_precio_compra_bruto=1,pro_margen_actual=0,pro_capacidad=11,pro_funcion_plu=0,pro_flejes=1,pro_iva=1,pro_plu_asociado=0,pro_envase=@@@NO@@@,pro_duracion=0,pro_numero_etiqueta=0 WHERE pro_codigo_plu=@@@78017221@@@','',2,'2013-09-07'),(62325,'UPDATE mae_productos SET pro_estado=1 WHERE pro_codigo_plu=78017221','',2,'2013-09-07'),(62326,'DELETE FROM mae_impuestos_productos WHERE pro_codigo_plu=@@@78017221@@@','',2,'2013-09-07'),(62327,'UPDATE mae_productos SET pro_codigo_barra=@@@77939739@@@,pro_tipo=@@@0@@@,pro_nombre_producto=@@@BIGTIME 7 MENTA 14,7G@@@,pro_nombre_corto=@@@BIGTIME 7 MENTA @@@,med_id=@@@5@@@,emb_id=@@@6@@@,pro_unidades_embalaje=@@@20@@@,dep_id=@@@32 @@@,lin_id=@@@162@@@,mar_id=@@@2523@@@,pro_precio_compra_neto=@@@0@@@,pro_precio_compra_bruto=@@@175.85@@@,pro_precio_venta=@@@350@@@,pro_margen_actual=@@@99.03@@@,pro_oferta=@@@NO@@@,pro_fecha_inicio_oferta=@@@2013.05.18@@@,pro_fecha_termino_oferta=@@@2013.05.18@@@,pro_precio_oferta=@@@0@@@,pro_stock_minimo=@@@40@@@,pro_stock_critico=@@@20@@@,pro_activo=@@@1@@@,pro_unidad=@@@0@@@,pro_precio_compra_bruto=175.85,pro_margen_actual=99.03,pro_capacidad=14.7,pro_funcion_plu=0,pro_flejes=1,pro_iva=1,pro_plu_asociado=0,pro_envase=@@@NO@@@,pro_duracion=0,pro_numero_etiqueta=0 WHERE pro_codigo_plu=@@@78017089@@@','',2,'2013-09-07'),(62328,'UPDATE mae_productos SET pro_estado=1 WHERE pro_codigo_plu=78017089','',2,'2013-09-07'),(62329,'DELETE FROM mae_impuestos_productos WHERE pro_codigo_plu=@@@78017089@@@','',2,'2013-09-07'),(62330,'UPDATE mae_productos SET pro_precio_venta=270,pro_margen_actual= 40.06 WHERE pro_codigo_plu=78017082','',2,'2013-09-07'),(62331,'UPDATE mae_productos SET pro_precio_venta=1550,pro_margen_actual= 34.28 WHERE pro_codigo_plu=780721787','',2,'2013-09-07'),(62332,'UPDATE mae_productos SET pro_precio_venta=3499,pro_margen_actual= 29.7 WHERE pro_codigo_plu=780721374','',2,'2013-09-07'),(62333,'UPDATE mae_productos SET pro_precio_venta=270,pro_margen_actual= 40.06 WHERE pro_codigo_plu=763475','',2,'2013-09-07'),(62334,'UPDATE mae_productos SET pro_precio_venta=370,pro_margen_actual= 37.58 WHERE pro_codigo_plu=13551','',2,'2013-09-07'),(62335,'UPDATE mae_productos SET pro_precio_venta=270,pro_margen_actual= 40.93 WHERE pro_codigo_plu=13054','',2,'2013-09-07'),(62336,'UPDATE mae_productos SET pro_precio_fiscal=pro_precio_venta WHERE pro_codigo_plu=20372','',2,'2013-09-07'),(62337,'UPDATE mae_productos SET pro_precio_fiscal=pro_precio_venta WHERE pro_codigo_plu=78017082','',2,'2013-09-07'),(62338,'UPDATE mae_productos SET pro_precio_fiscal=pro_precio_venta WHERE pro_codigo_plu=780721787','',2,'2013-09-07'),(62339,'UPDATE mae_productos SET pro_precio_fiscal=pro_precio_venta WHERE pro_codigo_plu=780721374','',2,'2013-09-07'),(62340,'UPDATE mae_productos SET pro_precio_fiscal=pro_precio_venta WHERE pro_codigo_plu=763475','',2,'2013-09-07'),(62341,'UPDATE mae_productos SET pro_precio_fiscal=pro_precio_venta WHERE pro_codigo_plu=13551','',2,'2013-09-07'),(62342,'UPDATE mae_productos SET pro_precio_fiscal=pro_precio_venta WHERE pro_codigo_plu=13054','',2,'2013-09-07'),(62343,'UPDATE mae_productos SET pro_precio_fiscal=pro_precio_venta WHERE pro_codigo_plu=20310','',2,'2013-09-07'),(62344,'INSERT INTO mae_productos (pro_codigo_plu,pro_codigo_barra,pro_tipo,pro_nombre_producto,pro_nombre_corto,med_id,emb_id,pro_unidades_embalaje,dep_id,lin_id,mar_id,pro_precio_compra_neto,pro_precio_compra_bruto,pro_precio_venta,pro_margen_actual,pro_oferta,pro_fecha_inicio_oferta,pro_fecha_termino_oferta,pro_precio_oferta,pro_stock_minimo,pro_stock_critico,pro_entradas_bodega,pro_salidas_bodega,pro_mermas_bodega,pro_ajustes_bodega,pro_entradas_sv,pro_salidas_sv,pro_mermas_sv,pro_ajustes_sv,pro_activo,rec_numero,pro_unidad,pro_capacidad,pro_consumo_bodega,pro_consumo_sv,pro_estado,pro_funcion_plu,pro_flejes,pro_iva,pro_plu_asociado,pro_envase,pro_duracion,pro_numero_etiqueta) VALUES (665540,@@@7804614281342@@@,@@@0@@@,@@@CERA LIQUIDA NATIVA CEMENTO-MADERO CAOBA 900 C.C.@@@,@@@CERA LIQUIDA NAT@@@,@@@6 @@@,@@@6 @@@,@@@24@@@,@@@2 @@@,@@@39@@@,@@@2510@@@,@@@0@@@,@@@730@@@,@@@1050@@@,@@@43.84@@@,@@@@@@,@@@2013.09.07@@@,@@@2013.09.07@@@,@@@0@@@,@@@15@@@,@@@10@@@,@@@0@@@,@@@0@@@,@@@0@@@,@@@0@@@,@@@0@@@,@@@0@@@,@@@0@@@,@@@0@@@,@@@1@@@,@@@0@@@,0,900,0,0,2,0,1,1,0,@@@NO@@@,0,0)','',2,'2013-09-07'),(62345,'DELETE FROM mae_impuestos_productos WHERE pro_codigo_plu=@@@665540@@@','',2,'2013-09-07'),(62346,'UPDATE mae_productos SET pro_margen_actual=99.03,pro_precio_venta=350 WHERE pro_codigo_plu=78017089','',2,'2013-09-07'),(62347,'UPDATE mae_productos SET pro_margen_actual=0,pro_precio_venta=200 WHERE pro_codigo_plu=763484','',2,'2013-09-07'),(62348,'UPDATE mae_productos SET pro_margen_actual=0,pro_precio_venta=1 WHERE pro_codigo_plu=78017221','',2,'2013-09-07'),(62349,'UPDATE mae_productos SET pro_margen_actual=50.68,pro_precio_venta=1100 WHERE pro_codigo_plu=665540','',2,'2013-09-07'),(62350,'INSERT INTO gne_vale_ferreteria (vfe_id,vfe_fecha,vfe_total,vfe_estado,vfe_entregado,usu_nusuario) VALUES (10204,@@@2013.09.07@@@,2900,1,0,@@@b_SAEZ@@@)','',2,'2013-09-07'),(62351,'INSERT INTO gne_vale_ferreteria_mov (vfe_id,pro_codigo_plu,vfm_cantidad,vfm_unitario,vfm_total,vfm_entregado) VALUES (10204,764766,2,120,240,@@@NO@@@)','',2,'2013-09-07'),(62352,'INSERT INTO gne_vale_ferreteria_mov (vfe_id,pro_codigo_plu,vfm_cantidad,vfm_unitario,vfm_total,vfm_entregado) VALUES (10204,780721180,1,590,590,@@@NO@@@)','',2,'2013-09-07'),(62353,'INSERT INTO gne_vale_ferreteria_mov (vfe_id,pro_codigo_plu,vfm_cantidad,vfm_unitario,vfm_total,vfm_entregado) VALUES (10204,780721279,1,1890,1890,@@@NO@@@)','',2,'2013-09-07'),(62354,'INSERT INTO gne_vale_ferreteria_mov (vfe_id,pro_codigo_plu,vfm_cantidad,vfm_unitario,vfm_total,vfm_entregado) VALUES (10204,780721281,1,180,180,@@@NO@@@)','',2,'2013-09-07'),(62355,'UPDATE mae_productos SET pro_precio_fiscal=pro_precio_venta WHERE pro_codigo_plu=665540','',2,'2013-09-07'),(62356,'INSERT INTO gne_vale_ferreteria (vfe_id,vfe_fecha,vfe_total,vfe_estado,vfe_entregado,usu_nusuario) VALUES (10205,@@@2013.09.07@@@,3190,1,0,@@@b_SAEZ@@@)','',2,'2013-09-07'),(62357,'INSERT INTO gne_vale_ferreteria_mov (vfe_id,pro_codigo_plu,vfm_cantidad,vfm_unitario,vfm_total,vfm_entregado) VALUES (10205,780721150,1,3190,3190,@@@NO@@@)','',2,'2013-09-07'),(62358,'INSERT INTO gne_vale_ferreteria (vfe_id,vfe_fecha,vfe_total,vfe_estado,vfe_entregado,usu_nusuario) VALUES (10206,@@@2013.09.07@@@,390,1,0,@@@b_SAEZ@@@)','',2,'2013-09-07'),(62359,'INSERT INTO gne_vale_ferreteria_mov (vfe_id,pro_codigo_plu,vfm_cantidad,vfm_unitario,vfm_total,vfm_entregado) VALUES (10206,1535,1,390,390,@@@NO@@@)','',2,'2013-09-07'),(62360,'INSERT INTO gne_vale_ferreteria (vfe_id,vfe_fecha,vfe_total,vfe_estado,vfe_entregado,usu_nusuario) VALUES (10207,@@@2013.09.07@@@,1940,1,0,@@@b_SAEZ@@@)','',2,'2013-09-07'),(62361,'INSERT INTO gne_vale_ferreteria_mov (vfe_id,pro_codigo_plu,vfm_cantidad,vfm_unitario,vfm_total,vfm_entregado) VALUES (10207,763697,1,1790,1790,@@@NO@@@)','',2,'2013-09-07'),(62362,'INSERT INTO gne_vale_ferreteria_mov (vfe_id,pro_codigo_plu,vfm_cantidad,vfm_unitario,vfm_total,vfm_entregado) VALUES (10207,780220123,3,50,150,@@@NO@@@)','',2,'2013-09-07'),(62363,'INSERT INTO gne_vale_ferreteria (vfe_id,vfe_fecha,vfe_total,vfe_estado,vfe_entregado,usu_nusuario) VALUES (10208,@@@2013.09.07@@@,1000,1,0,@@@b_SAEZ@@@)','',2,'2013-09-07'),(62364,'INSERT INTO gne_vale_ferreteria_mov (vfe_id,pro_codigo_plu,vfm_cantidad,vfm_unitario,vfm_total,vfm_entregado) VALUES (10208,780721351,4,200,800,@@@NO@@@)','',2,'2013-09-07'),(62365,'INSERT INTO gne_vale_ferreteria_mov (vfe_id,pro_codigo_plu,vfm_cantidad,vfm_unitario,vfm_total,vfm_entregado) VALUES (10208,21135,1,200,200,@@@NO@@@)','',2,'2013-09-07'),(62366,'UPDATE mae_productos SET pro_codigo_barra=@@@406@@@,pro_tipo=@@@0@@@,pro_nombre_producto=@@@QUESO TROZO ALERCE COLUN@@@,pro_nombre_corto=@@@QUESO TROZO ALER@@@,med_id=@@@2@@@,emb_id=@@@7@@@,pro_unidades_embalaje=@@@2@@@,dep_id=@@@13 @@@,lin_id=@@@81@@@,mar_id=@@@1993@@@,pro_precio_compra_neto=@@@0@@@,pro_precio_compra_bruto=@@@3916.63@@@,pro_precio_venta=@@@5490@@@,pro_margen_actual=@@@40.17@@@,pro_oferta=@@@NO@@@,pro_fecha_inicio_oferta=@@@2013.07.17@@@,pro_fecha_termino_oferta=@@@2013.07.17@@@,pro_precio_oferta=@@@0@@@,pro_stock_minimo=@@@2@@@,pro_stock_critico=@@@1@@@,pro_activo=@@@1@@@,pro_unidad=@@@1@@@,pro_precio_compra_bruto=3916.63,pro_margen_actual=40.17,pro_capacidad=2,pro_funcion_plu=1,pro_flejes=1,pro_iva=1,pro_plu_asociado=0,pro_envase=@@@NO@@@,pro_duracion=0,pro_numero_etiqueta=1 WHERE pro_codigo_plu=@@@406@@@','',2,'2013-09-07'),(62367,'UPDATE mae_productos SET pro_estado=1 WHERE pro_codigo_plu=406','',2,'2013-09-07'),(62368,'DELETE FROM mae_impuestos_productos WHERE pro_codigo_plu=@@@406@@@','',2,'2013-09-07'),(62369,'INSERT INTO gne_vale_ferreteria (vfe_id,vfe_fecha,vfe_total,vfe_estado,vfe_entregado,usu_nusuario) VALUES (10209,@@@2013.09.07@@@,3450,1,0,@@@b_SAEZ@@@)','',2,'2013-09-07'),(62370,'INSERT INTO gne_vale_ferreteria_mov (vfe_id,pro_codigo_plu,vfm_cantidad,vfm_unitario,vfm_total,vfm_entregado) VALUES (10209,764830,5,690,3450,@@@NO@@@)','',2,'2013-09-07'),(62371,'INSERT INTO gne_vale_ferreteria (vfe_id,vfe_fecha,vfe_total,vfe_estado,vfe_entregado,usu_nusuario) VALUES (10210,@@@2013.09.07@@@,250,1,0,@@@b_SAEZ@@@)','',2,'2013-09-07'),(62372,'INSERT INTO gne_vale_ferreteria_mov (vfe_id,pro_codigo_plu,vfm_cantidad,vfm_unitario,vfm_total,vfm_entregado) VALUES (10210,78017105,1,250,250,@@@NO@@@)','',2,'2013-09-07'),(62373,'INSERT INTO gne_vale_ferreteria (vfe_id,vfe_fecha,vfe_total,vfe_estado,vfe_entregado,usu_nusuario) VALUES (10211,@@@2013.09.07@@@,1890,1,0,@@@b_SAEZ@@@)','',2,'2013-09-07'),(62374,'INSERT INTO gne_vale_ferreteria_mov (vfe_id,pro_codigo_plu,vfm_cantidad,vfm_unitario,vfm_total,vfm_entregado) VALUES (10211,780721279,1,1890,1890,@@@NO@@@)','',2,'2013-09-07'),(62375,'UPDATE mae_productos SET pro_precio_compra_bruto=138.04,pro_margen_actual=(pro_precio_venta-138.04)/138.04 * 100,pro_ultima_compra=@@@2013.09.07@@@,pro_ultimo_proveedor=@@@81094100-6@@@ WHERE pro_codigo_plu=102537','',2,'2013-09-07'),(62376,'UPDATE mae_productos SET pro_precio_compra_bruto=138.04,pro_margen_actual=(pro_precio_venta-138.04)/138.04 * 100,pro_ultima_compra=@@@2013.09.07@@@,pro_ultimo_proveedor=@@@81094100-6@@@ WHERE pro_codigo_plu=102536','',2,'2013-09-07'),(62377,'UPDATE mae_productos SET pro_precio_compra_bruto=171.063,pro_margen_actual=(pro_precio_venta-171.063)/171.063 * 100,pro_ultima_compra=@@@2013.09.07@@@,pro_ultimo_proveedor=@@@81094100-6@@@ WHERE pro_codigo_plu=764563','',2,'2013-09-07'),(62378,'UPDATE mae_productos SET pro_precio_compra_bruto=220.943,pro_margen_actual=(pro_precio_venta-220.943)/220.943 * 100,pro_ultima_compra=@@@2013.09.07@@@,pro_ultimo_proveedor=@@@81094100-6@@@ WHERE pro_codigo_plu=16815','',2,'2013-09-07'),(62379,'UPDATE mae_productos SET pro_precio_compra_bruto=154,pro_margen_actual=(pro_precio_venta-154)/154 * 100,pro_ultima_compra=@@@2013.09.07@@@,pro_ultimo_proveedor=@@@81094100-6@@@ WHERE pro_codigo_plu=16632','',2,'2013-09-07'),(62380,'UPDATE mae_productos SET pro_precio_compra_bruto=809.2,pro_margen_actual=(pro_precio_venta-809.2)/809.2 * 100,pro_ultima_compra=@@@2013.09.07@@@,pro_ultimo_proveedor=@@@81094100-6@@@ WHERE pro_codigo_plu=16640','',2,'2013-09-07'),(62381,'UPDATE mae_productos SET pro_precio_compra_bruto=1311.908,pro_margen_actual=(pro_precio_venta-1311.908)/1311.908 * 100,pro_ultima_compra=@@@2013.09.07@@@,pro_ultimo_proveedor=@@@81094100-6@@@ WHERE pro_codigo_plu=10434','',2,'2013-09-07'),(62382,'UPDATE mae_productos SET pro_precio_compra_bruto=1480.36,pro_margen_actual=(pro_precio_venta-1480.36)/1480.36 * 100,pro_ultima_compra=@@@2013.09.07@@@,pro_ultimo_proveedor=@@@81094100-6@@@ WHERE pro_codigo_plu=101702','',2,'2013-09-07'),(62383,'UPDATE mae_productos SET pro_precio_compra_bruto=429.59,pro_margen_actual=(pro_precio_venta-429.59)/429.59 * 100,pro_ultima_compra=@@@2013.09.07@@@,pro_ultimo_proveedor=@@@81094100-6@@@ WHERE pro_codigo_plu=10419','',2,'2013-09-07'),(62384,'UPDATE mae_productos SET pro_precio_compra_bruto=3568.48,pro_margen_actual=(pro_precio_venta-3568.48)/3568.48 * 100,pro_ultima_compra=@@@2013.09.07@@@,pro_ultimo_proveedor=@@@81094100-6@@@ WHERE pro_codigo_plu=406','',2,'2013-09-07'),(62385,'UPDATE mae_productos SET pro_precio_compra_bruto=127.429,pro_margen_actual=(pro_precio_venta-127.429)/127.429 * 100,pro_ultima_compra=@@@2013.09.07@@@,pro_ultimo_proveedor=@@@81094100-6@@@ WHERE pro_codigo_plu=18266','',2,'2013-09-07'),(62386,'UPDATE mae_productos SET pro_precio_compra_bruto=1464.097,pro_margen_actual=(pro_precio_venta-1464.097)/1464.097 * 100,pro_ultima_compra=@@@2013.09.07@@@,pro_ultimo_proveedor=@@@81094100-6@@@ WHERE pro_codigo_plu=16405','',2,'2013-09-07'),(62387,'UPDATE mae_productos SET pro_precio_compra_bruto=932.365,pro_margen_actual=(pro_precio_venta-932.365)/932.365 * 100,pro_ultima_compra=@@@2013.09.07@@@,pro_ultimo_proveedor=@@@81094100-6@@@ WHERE pro_codigo_plu=764561','',2,'2013-09-07'),(62388,'UPDATE mae_productos SET pro_precio_compra_bruto=204.33,pro_margen_actual=(pro_precio_venta-204.33)/204.33 * 100,pro_ultima_compra=@@@2013.09.07@@@,pro_ultimo_proveedor=@@@81094100-6@@@ WHERE pro_codigo_plu=16062','',2,'2013-09-07'),(62389,'UPDATE mae_productos SET pro_precio_compra_bruto=166.6,pro_margen_actual=(pro_precio_venta-166.6)/166.6 * 100,pro_ultima_compra=@@@2013.09.07@@@,pro_ultimo_proveedor=@@@81094100-6@@@ WHERE pro_codigo_plu=780721269','',2,'2013-09-07'),(62390,'UPDATE mae_productos SET pro_precio_compra_bruto=166.6,pro_margen_actual=(pro_precio_venta-166.6)/166.6 * 100,pro_ultima_compra=@@@2013.09.07@@@,pro_ultimo_proveedor=@@@81094100-6@@@ WHERE pro_codigo_plu=780721602','',2,'2013-09-07'),(62391,'UPDATE mae_productos SET pro_precio_compra_bruto=154.006,pro_margen_actual=(pro_precio_venta-154.006)/154.006 * 100,pro_ultima_compra=@@@2013.09.07@@@,pro_ultimo_proveedor=@@@81094100-6@@@ WHERE pro_codigo_plu=16806','',2,'2013-09-07'),(62392,'UPDATE mae_productos SET pro_precio_compra_bruto=809.2,pro_margen_actual=(pro_precio_venta-809.2)/809.2 * 100,pro_ultima_compra=@@@2013.09.07@@@,pro_ultimo_proveedor=@@@81094100-6@@@ WHERE pro_codigo_plu=16636','',2,'2013-09-07'),(62393,'UPDATE mae_productos SET pro_precio_compra_bruto=273.105,pro_margen_actual=(pro_precio_venta-273.105)/273.105 * 100,pro_ultima_compra=@@@2013.09.07@@@,pro_ultimo_proveedor=@@@81094100-6@@@ WHERE pro_codigo_plu=18669','',2,'2013-09-07'),(62394,'UPDATE mae_productos SET pro_precio_venta=4590,pro_margen_actual= 39.45 WHERE pro_codigo_plu=780721783','',2,'2013-09-07'),(62395,'UPDATE mae_productos SET pro_precio_venta=270,pro_margen_actual= 84.46 WHERE pro_codigo_plu=780721785','',2,'2013-09-07'),(62396,'UPDATE mae_productos SET pro_precio_venta=999,pro_margen_actual= 34.32 WHERE pro_codigo_plu=15491','',2,'2013-09-07'),(62397,'UPDATE mae_productos SET pro_precio_venta=120,pro_margen_actual= 101.55 WHERE pro_codigo_plu=12351','',2,'2013-09-07'),(62398,'UPDATE mae_productos SET pro_precio_venta=690,pro_margen_actual= 42.46 WHERE pro_codigo_plu=15485','',2,'2013-09-07'),(62399,'UPDATE mae_productos SET pro_precio_venta=770,pro_margen_actual= 52.61 WHERE pro_codigo_plu=21116','',2,'2013-09-07'),(62400,'UPDATE mae_productos SET pro_precio_venta=730,pro_margen_actual= 45.37 WHERE pro_codigo_plu=15480','',2,'2013-09-07'),(62401,'UPDATE mae_productos SET pro_precio_venta=390,pro_margen_actual= 56.81 WHERE pro_codigo_plu=763825','',2,'2013-09-07'),(62402,'UPDATE mae_productos SET pro_precio_venta=690,pro_margen_actual= 51.79 WHERE pro_codigo_plu=763775','',2,'2013-09-07'),(62403,'UPDATE mae_productos SET pro_precio_venta=230,pro_margen_actual= 59.73 WHERE pro_codigo_plu=763783','',2,'2013-09-07'),(62404,'UPDATE mae_productos SET pro_precio_venta=399,pro_margen_actual= 52.41 WHERE pro_codigo_plu=761990','',2,'2013-09-07'),(62405,'UPDATE mae_productos SET pro_precio_venta=200,pro_margen_actual= 78.79 WHERE pro_codigo_plu=780721784','',2,'2013-09-07'),(62406,'UPDATE mae_productos SET pro_precio_venta=999,pro_margen_actual= 51.26 WHERE pro_codigo_plu=780721231','',2,'2013-09-07'),(62407,'UPDATE mae_productos SET pro_precio_venta=790,pro_margen_actual= 45.27 WHERE pro_codigo_plu=780721782','',2,'2013-09-07'),(62408,'UPDATE mae_productos SET pro_precio_venta=230,pro_margen_actual= 85.84 WHERE pro_codigo_plu=780721786','',2,'2013-09-07'),(62409,'UPDATE mae_productos SET pro_precio_venta=170,pro_margen_actual= 68.07 WHERE pro_codigo_plu=780721788','',2,'2013-09-07'),(62410,'UPDATE mae_productos SET pro_precio_venta=299,pro_margen_actual= 35.33 WHERE pro_codigo_plu=16815','',2,'2013-09-07'),(62411,'UPDATE mae_productos SET pro_precio_venta=210,pro_margen_actual= 36.36 WHERE pro_codigo_plu=16806','',2,'2013-09-07'),(62412,'UPDATE mae_productos SET pro_precio_venta=210,pro_margen_actual= 36.36 WHERE pro_codigo_plu=16632','',2,'2013-09-07'),(62413,'UPDATE mae_productos SET pro_precio_venta=230,pro_margen_actual= 38.06 WHERE pro_codigo_plu=780721269','',2,'2013-09-07'),(62414,'UPDATE mae_productos SET pro_precio_venta=570,pro_margen_actual= 32.68 WHERE pro_codigo_plu=10419','',2,'2013-09-07'),(62415,'INSERT INTO gne_vale_ferreteria (vfe_id,vfe_fecha,vfe_total,vfe_estado,vfe_entregado,usu_nusuario) VALUES (10212,@@@2013.09.07@@@,3840,1,0,@@@b_SAEZ@@@)','',2,'2013-09-07'),(62416,'INSERT INTO gne_vale_ferreteria_mov (vfe_id,pro_codigo_plu,vfm_cantidad,vfm_unitario,vfm_total,vfm_entregado) VALUES (10212,763748,1,2850,2850,@@@NO@@@)','',2,'2013-09-07'),(62417,'INSERT INTO gne_vale_ferreteria_mov (vfe_id,pro_codigo_plu,vfm_cantidad,vfm_unitario,vfm_total,vfm_entregado) VALUES (10212,2013,1,990,990,@@@NO@@@)','',2,'2013-09-07'),(62418,'INSERT INTO gne_vale_ferreteria (vfe_id,vfe_fecha,vfe_total,vfe_estado,vfe_entregado,usu_nusuario) VALUES (10213,@@@2013.09.07@@@,1890,1,0,@@@b_SAEZ@@@)','',2,'2013-09-07'),(62419,'INSERT INTO gne_vale_ferreteria_mov (vfe_id,pro_codigo_plu,vfm_cantidad,vfm_unitario,vfm_total,vfm_entregado) VALUES (10213,101623,1,1890,1890,@@@NO@@@)','',2,'2013-09-07'),(62420,'UPDATE mae_productos SET pro_precio_compra_bruto=2750,pro_margen_actual=(pro_precio_venta-2750)/2750 * 100,pro_ultima_compra=@@@2013.09.07@@@,pro_ultimo_proveedor=@@@96547710-1@@@ WHERE pro_codigo_plu=78017226','',2,'2013-09-07'),(62421,'UPDATE mae_productos SET pro_precio_compra_bruto=2980,pro_margen_actual=(pro_precio_venta-2980)/2980 * 100,pro_ultima_compra=@@@2013.09.07@@@,pro_ultimo_proveedor=@@@96547710-1@@@ WHERE pro_codigo_plu=78017225','',2,'2013-09-07'),(62422,'UPDATE mae_productos SET pro_precio_compra_bruto=620,pro_margen_actual=(pro_precio_venta-620)/620 * 100,pro_ultima_compra=@@@2013.09.07@@@,pro_ultimo_proveedor=@@@96547710-1@@@ WHERE pro_codigo_plu=761921','',2,'2013-09-07'),(62423,'UPDATE mae_productos SET pro_precio_compra_bruto=2515,pro_margen_actual=(pro_precio_venta-2515)/2515 * 100,pro_ultima_compra=@@@2013.09.07@@@,pro_ultimo_proveedor=@@@96547710-1@@@ WHERE pro_codigo_plu=18129','',2,'2013-09-07'),(62424,'UPDATE mae_productos SET pro_precio_venta=3150,pro_margen_actual= 25.25 WHERE pro_codigo_plu=18129','',2,'2013-09-07'),(62425,'INSERT INTO gne_vale_ferreteria (vfe_id,vfe_fecha,vfe_total,vfe_estado,vfe_entregado,usu_nusuario) VALUES (10214,@@@2013.09.07@@@,3090,1,0,@@@b_SAEZ@@@)','',2,'2013-09-07'),(62426,'INSERT INTO gne_vale_ferreteria_mov (vfe_id,pro_codigo_plu,vfm_cantidad,vfm_unitario,vfm_total,vfm_entregado) VALUES (10214,763744,1,1500,1500,@@@NO@@@)','',2,'2013-09-07'),(62427,'INSERT INTO gne_vale_ferreteria_mov (vfe_id,pro_codigo_plu,vfm_cantidad,vfm_unitario,vfm_total,vfm_entregado) VALUES (10214,780721580,1,1590,1590,@@@NO@@@)','',2,'2013-09-07'),(62428,'UPDATE mae_productos SET pro_margen_actual=40.17,pro_precio_venta=5490 WHERE pro_codigo_plu=406','',2,'2013-09-07'),(62429,'UPDATE mae_productos SET pro_precio_fiscal=pro_precio_venta WHERE pro_codigo_plu=780721783','',2,'2013-09-07'),(62430,'UPDATE mae_productos SET pro_precio_fiscal=pro_precio_venta WHERE pro_codigo_plu=780721785','',2,'2013-09-07'),(62431,'UPDATE mae_productos SET pro_precio_fiscal=pro_precio_venta WHERE pro_codigo_plu=15491','',2,'2013-09-07'),(62432,'UPDATE mae_productos SET pro_precio_fiscal=pro_precio_venta WHERE pro_codigo_plu=12351','',2,'2013-09-07'),(62433,'UPDATE mae_productos SET pro_precio_fiscal=pro_precio_venta WHERE pro_codigo_plu=15485','',2,'2013-09-07'),(62434,'UPDATE mae_productos SET pro_precio_fiscal=pro_precio_venta WHERE pro_codigo_plu=21116','',2,'2013-09-07'),(62435,'UPDATE mae_productos SET pro_precio_fiscal=pro_precio_venta WHERE pro_codigo_plu=18129','',2,'2013-09-07'),(62436,'UPDATE mae_productos SET pro_precio_fiscal=pro_precio_venta WHERE pro_codigo_plu=16815','',2,'2013-09-07'),(62437,'UPDATE mae_productos SET pro_precio_fiscal=pro_precio_venta WHERE pro_codigo_plu=16806','',2,'2013-09-07'),(62438,'UPDATE mae_productos SET pro_precio_fiscal=pro_precio_venta WHERE pro_codigo_plu=16632','',2,'2013-09-07'),(62439,'UPDATE mae_productos SET pro_precio_fiscal=pro_precio_venta WHERE pro_codigo_plu=780721269','',2,'2013-09-07'),(62440,'UPDATE mae_productos SET pro_precio_fiscal=pro_precio_venta WHERE pro_codigo_plu=10419','',2,'2013-09-07'),(62441,'UPDATE mae_productos SET pro_precio_fiscal=pro_precio_venta WHERE pro_codigo_plu=15480','',2,'2013-09-07'),(62442,'UPDATE mae_productos SET pro_precio_fiscal=pro_precio_venta WHERE pro_codigo_plu=763825','',2,'2013-09-07'),(62443,'UPDATE mae_productos SET pro_precio_fiscal=pro_precio_venta WHERE pro_codigo_plu=763775','',2,'2013-09-07'),(62444,'UPDATE mae_productos SET pro_precio_fiscal=pro_precio_venta WHERE pro_codigo_plu=763783','',2,'2013-09-07'),(62445,'UPDATE mae_productos SET pro_precio_fiscal=pro_precio_venta WHERE pro_codigo_plu=761990','',2,'2013-09-07'),(62446,'UPDATE mae_productos SET pro_precio_fiscal=pro_precio_venta WHERE pro_codigo_plu=780721784','',2,'2013-09-07'),(62447,'UPDATE mae_productos SET pro_precio_fiscal=pro_precio_venta WHERE pro_codigo_plu=780721231','',2,'2013-09-07'),(62448,'UPDATE mae_productos SET pro_precio_fiscal=pro_precio_venta WHERE pro_codigo_plu=780721782','',2,'2013-09-07'),(62449,'UPDATE mae_productos SET pro_precio_fiscal=pro_precio_venta WHERE pro_codigo_plu=780721786','',2,'2013-09-07'),(62450,'UPDATE mae_productos SET pro_precio_fiscal=pro_precio_venta WHERE pro_codigo_plu=780721788','',2,'2013-09-07'),(62451,'INSERT INTO gne_vale_ferreteria (vfe_id,vfe_fecha,vfe_total,vfe_estado,vfe_entregado,usu_nusuario) VALUES (10215,@@@2013.09.07@@@,2990,1,0,@@@b_SAEZ@@@)','',2,'2013-09-07'),(62452,'INSERT INTO gne_vale_ferreteria_mov (vfe_id,pro_codigo_plu,vfm_cantidad,vfm_unitario,vfm_total,vfm_entregado) VALUES (10215,764901,1,2990,2990,@@@NO@@@)','',2,'2013-09-07'),(62453,'INSERT INTO gne_vale_ferreteria (vfe_id,vfe_fecha,vfe_total,vfe_estado,vfe_entregado,usu_nusuario) VALUES (10216,@@@2013.09.07@@@,1390,1,0,@@@b_SAEZ@@@)','',2,'2013-09-07'),(62454,'INSERT INTO gne_vale_ferreteria_mov (vfe_id,pro_codigo_plu,vfm_cantidad,vfm_unitario,vfm_total,vfm_entregado) VALUES (10216,780721419,1,1390,1390,@@@NO@@@)','',2,'2013-09-07'),(62455,'INSERT INTO gne_vale_ferreteria (vfe_id,vfe_fecha,vfe_total,vfe_estado,vfe_entregado,usu_nusuario) VALUES (10217,@@@2013.09.07@@@,1390,1,0,@@@b_SAEZ@@@)','',2,'2013-09-07'),(62456,'INSERT INTO gne_vale_ferreteria_mov (vfe_id,pro_codigo_plu,vfm_cantidad,vfm_unitario,vfm_total,vfm_entregado) VALUES (10217,780721419,1,1390,1390,@@@NO@@@)','',2,'2013-09-07'),(62457,'INSERT INTO gne_vale_ferreteria (vfe_id,vfe_fecha,vfe_total,vfe_estado,vfe_entregado,usu_nusuario) VALUES (10218,@@@2013.09.07@@@,150,1,0,@@@b_SAEZ@@@)','',2,'2013-09-07'),(62458,'INSERT INTO gne_vale_ferreteria_mov (vfe_id,pro_codigo_plu,vfm_cantidad,vfm_unitario,vfm_total,vfm_entregado) VALUES (10218,780220199,1,150,150,@@@NO@@@)','',2,'2013-09-07'),(62459,'INSERT INTO gne_vale_ferreteria (vfe_id,vfe_fecha,vfe_total,vfe_estado,vfe_entregado,usu_nusuario) VALUES (10219,@@@2013.09.07@@@,4378,1,0,@@@b_SAEZ@@@)','',2,'2013-09-07'),(62460,'INSERT INTO gne_vale_ferreteria_mov (vfe_id,pro_codigo_plu,vfm_cantidad,vfm_unitario,vfm_total,vfm_entregado) VALUES (10219,15491,1,999,999,@@@NO@@@)','',2,'2013-09-07'),(62461,'INSERT INTO gne_vale_ferreteria_mov (vfe_id,pro_codigo_plu,vfm_cantidad,vfm_unitario,vfm_total,vfm_entregado) VALUES (10219,101881,1,590,590,@@@NO@@@)','',2,'2013-09-07'),(62462,'INSERT INTO gne_vale_ferreteria_mov (vfe_id,pro_codigo_plu,vfm_cantidad,vfm_unitario,vfm_total,vfm_entregado) VALUES (10219,15490,1,999,999,@@@NO@@@)','',2,'2013-09-07'),(62463,'INSERT INTO gne_vale_ferreteria_mov (vfe_id,pro_codigo_plu,vfm_cantidad,vfm_unitario,vfm_total,vfm_entregado) VALUES (10219,15485,1,690,690,@@@NO@@@)','',2,'2013-09-07'),(62464,'INSERT INTO gne_vale_ferreteria_mov (vfe_id,pro_codigo_plu,vfm_cantidad,vfm_unitario,vfm_total,vfm_entregado) VALUES (10219,15489,1,1100,1100,@@@NO@@@)','',2,'2013-09-07'),(62465,'INSERT INTO gne_vale_ferreteria (vfe_id,vfe_fecha,vfe_total,vfe_estado,vfe_entregado,usu_nusuario) VALUES (10220,@@@2013.09.07@@@,490,1,0,@@@b_SAEZ@@@)','',2,'2013-09-07'),(62466,'INSERT INTO gne_vale_ferreteria_mov (vfe_id,pro_codigo_plu,vfm_cantidad,vfm_unitario,vfm_total,vfm_entregado) VALUES (10220,780721562,1,490,490,@@@NO@@@)','',2,'2013-09-07'),(62467,'INSERT INTO gne_vale_ferreteria (vfe_id,vfe_fecha,vfe_total,vfe_estado,vfe_entregado,usu_nusuario) VALUES (10221,@@@2013.09.07@@@,360,1,0,@@@b_SAEZ@@@)','',2,'2013-09-07'),(62468,'INSERT INTO gne_vale_ferreteria_mov (vfe_id,pro_codigo_plu,vfm_cantidad,vfm_unitario,vfm_total,vfm_entregado) VALUES (10221,15745,2,180,360,@@@NO@@@)','',2,'2013-09-07'),(62469,'INSERT INTO gne_vale_ferreteria (vfe_id,vfe_fecha,vfe_total,vfe_estado,vfe_entregado,usu_nusuario) VALUES (10222,@@@2013.09.07@@@,1990,1,0,@@@b_SAEZ@@@)','',2,'2013-09-07'),(62470,'INSERT INTO gne_vale_ferreteria_mov (vfe_id,pro_codigo_plu,vfm_cantidad,vfm_unitario,vfm_total,vfm_entregado) VALUES (10222,20960,1,1990,1990,@@@NO@@@)','',2,'2013-09-07'),(62471,'INSERT INTO mae_productos (pro_codigo_plu,pro_codigo_barra,pro_tipo,pro_nombre_producto,pro_nombre_corto,med_id,emb_id,pro_unidades_embalaje,dep_id,lin_id,mar_id,pro_precio_compra_neto,pro_precio_compra_bruto,pro_precio_venta,pro_margen_actual,pro_oferta,pro_fecha_inicio_oferta,pro_fecha_termino_oferta,pro_precio_oferta,pro_stock_minimo,pro_stock_critico,pro_entradas_bodega,pro_salidas_bodega,pro_mermas_bodega,pro_ajustes_bodega,pro_entradas_sv,pro_salidas_sv,pro_mermas_sv,pro_ajustes_sv,pro_activo,rec_numero,pro_unidad,pro_capacidad,pro_consumo_bodega,pro_consumo_sv,pro_estado,pro_funcion_plu,pro_flejes,pro_iva,pro_plu_asociado,pro_envase,pro_duracion,pro_numero_etiqueta) VALUES (780721789,@@@6921199330348@@@,@@@0@@@,@@@NON SPILL CUP SUN DELINGHT@@@,@@@NON SPILL CUP SU@@@,@@@1 @@@,@@@3 @@@,@@@0@@@,@@@21 @@@,@@@120@@@,@@@664@@@,@@@0@@@,@@@0@@@,@@@1@@@,@@@0@@@,@@@@@@,@@@2013.09.07@@@,@@@2013.09.07@@@,@@@0@@@,@@@0@@@,@@@0@@@,@@@0@@@,@@@0@@@,@@@0@@@,@@@0@@@,@@@0@@@,@@@0@@@,@@@0@@@,@@@0@@@,@@@1@@@,@@@0@@@,0,1,0,0,2,0,1,1,0,@@@NO@@@,0,0)','',2,'2013-09-07'),(62472,'DELETE FROM mae_impuestos_productos WHERE pro_codigo_plu=@@@780721789@@@','',2,'2013-09-07'),(62473,'INSERT INTO gne_vale_ferreteria (vfe_id,vfe_fecha,vfe_total,vfe_estado,vfe_entregado,usu_nusuario) VALUES (10223,@@@2013.09.07@@@,250,1,0,@@@b_SAEZ@@@)','',2,'2013-09-07'),(62474,'INSERT INTO gne_vale_ferreteria_mov (vfe_id,pro_codigo_plu,vfm_cantidad,vfm_unitario,vfm_total,vfm_entregado) VALUES (10223,780721493,1,250,250,@@@NO@@@)','',2,'2013-09-07'),(62475,'UPDATE mae_productos SET pro_margen_actual=0,pro_precio_venta=2690 WHERE pro_codigo_plu=780721789','',2,'2013-09-07'),(62476,'UPDATE mae_productos SET pro_precio_fiscal=pro_precio_venta WHERE pro_codigo_plu=780721789','',2,'2013-09-07'),(62477,'INSERT INTO gne_vale_ferreteria (vfe_id,vfe_fecha,vfe_total,vfe_estado,vfe_entregado,usu_nusuario) VALUES (10224,@@@2013.09.07@@@,780,1,0,@@@b_SAEZ@@@)','',2,'2013-09-07'),(62478,'INSERT INTO gne_vale_ferreteria_mov (vfe_id,pro_codigo_plu,vfm_cantidad,vfm_unitario,vfm_total,vfm_entregado) VALUES (10224,764994,2,390,780,@@@NO@@@)','',2,'2013-09-07'),(62479,'INSERT INTO gne_vale_ferreteria (vfe_id,vfe_fecha,vfe_total,vfe_estado,vfe_entregado,usu_nusuario) VALUES (10225,@@@2013.09.07@@@,1840,1,0,@@@b_SAEZ@@@)','',2,'2013-09-07'),(62480,'INSERT INTO gne_vale_ferreteria_mov (vfe_id,pro_codigo_plu,vfm_cantidad,vfm_unitario,vfm_total,vfm_entregado) VALUES (10225,12083,1,260,260,@@@NO@@@)','',2,'2013-09-07'),(62481,'INSERT INTO gne_vale_ferreteria_mov (vfe_id,pro_codigo_plu,vfm_cantidad,vfm_unitario,vfm_total,vfm_entregado) VALUES (10225,764269,1,420,420,@@@NO@@@)','',2,'2013-09-07'),(62482,'INSERT INTO gne_vale_ferreteria_mov (vfe_id,pro_codigo_plu,vfm_cantidad,vfm_unitario,vfm_total,vfm_entregado) VALUES (10225,1068,1,200,200,@@@NO@@@)','',2,'2013-09-07'),(62483,'INSERT INTO gne_vale_ferreteria_mov (vfe_id,pro_codigo_plu,vfm_cantidad,vfm_unitario,vfm_total,vfm_entregado) VALUES (10225,16430,1,160,160,@@@NO@@@)','',2,'2013-09-07'),(62484,'INSERT INTO gne_vale_ferreteria_mov (vfe_id,pro_codigo_plu,vfm_cantidad,vfm_unitario,vfm_total,vfm_entregado) VALUES (10225,1067,1,200,200,@@@NO@@@)','',2,'2013-09-07'),(62485,'INSERT INTO gne_vale_ferreteria_mov (vfe_id,pro_codigo_plu,vfm_cantidad,vfm_unitario,vfm_total,vfm_entregado) VALUES (10225,763880,2,150,300,@@@NO@@@)','',2,'2013-09-07'),(62486,'INSERT INTO gne_vale_ferreteria_mov (vfe_id,pro_codigo_plu,vfm_cantidad,vfm_unitario,vfm_total,vfm_entregado) VALUES (10225,1042,1,300,300,@@@NO@@@)','',2,'2013-09-07'),(62487,'INSERT INTO gne_vale_ferreteria (vfe_id,vfe_fecha,vfe_total,vfe_estado,vfe_entregado,usu_nusuario) VALUES (10226,@@@2013.09.07@@@,2070,1,0,@@@b_SAEZ@@@)','',2,'2013-09-07'),(62488,'INSERT INTO gne_vale_ferreteria_mov (vfe_id,pro_codigo_plu,vfm_cantidad,vfm_unitario,vfm_total,vfm_entregado) VALUES (10226,764830,3,690,2070,@@@NO@@@)','',2,'2013-09-07'),(62489,'INSERT INTO gne_vale_ferreteria (vfe_id,vfe_fecha,vfe_total,vfe_estado,vfe_entregado,usu_nusuario) VALUES (10227,@@@2013.09.07@@@,1490,1,0,@@@b_SAEZ@@@)','',2,'2013-09-07'),(62490,'INSERT INTO gne_vale_ferreteria_mov (vfe_id,pro_codigo_plu,vfm_cantidad,vfm_unitario,vfm_total,vfm_entregado) VALUES (10227,764564,1,1490,1490,@@@NO@@@)','',2,'2013-09-07'),(62491,'INSERT INTO gne_vale_ferreteria (vfe_id,vfe_fecha,vfe_total,vfe_estado,vfe_entregado,usu_nusuario) VALUES (10228,@@@2013.09.07@@@,630,1,0,@@@b_SAEZ@@@)','',2,'2013-09-07'),(62492,'INSERT INTO gne_vale_ferreteria_mov (vfe_id,pro_codigo_plu,vfm_cantidad,vfm_unitario,vfm_total,vfm_entregado) VALUES (10228,78017026,7,90,630,@@@NO@@@)','',2,'2013-09-07'),(62493,'INSERT INTO mae_productos (pro_codigo_plu,pro_codigo_barra,pro_tipo,pro_nombre_producto,pro_nombre_corto,med_id,emb_id,pro_unidades_embalaje,dep_id,lin_id,mar_id,pro_precio_compra_neto,pro_precio_compra_bruto,pro_precio_venta,pro_margen_actual,pro_oferta,pro_fecha_inicio_oferta,pro_fecha_termino_oferta,pro_precio_oferta,pro_stock_minimo,pro_stock_critico,pro_entradas_bodega,pro_salidas_bodega,pro_mermas_bodega,pro_ajustes_bodega,pro_entradas_sv,pro_salidas_sv,pro_mermas_sv,pro_ajustes_sv,pro_activo,rec_numero,pro_unidad,pro_capacidad,pro_consumo_bodega,pro_consumo_sv,pro_estado,pro_funcion_plu,pro_flejes,pro_iva,pro_plu_asociado,pro_envase,pro_duracion,pro_numero_etiqueta) VALUES (780721790,@@@780721790@@@,@@@0@@@,@@@COMETAS GRANDES CON COLA@@@,@@@COMETAS GRANDES @@@,@@@1 @@@,@@@3 @@@,@@@0@@@,@@@23 @@@,@@@135@@@,@@@2507@@@,@@@0@@@,@@@0@@@,@@@1@@@,@@@0@@@,@@@@@@,@@@2013.09.07@@@,@@@2013.09.07@@@,@@@0@@@,@@@0@@@,@@@0@@@,@@@0@@@,@@@0@@@,@@@0@@@,@@@0@@@,@@@0@@@,@@@0@@@,@@@0@@@,@@@0@@@,@@@1@@@,@@@0@@@,0,1,0,0,2,0,1,1,0,@@@NO@@@,0,0)','',2,'2013-09-07'),(62494,'DELETE FROM mae_impuestos_productos WHERE pro_codigo_plu=@@@780721790@@@','',2,'2013-09-07'),(62495,'INSERT INTO mae_productos (pro_codigo_plu,pro_codigo_barra,pro_tipo,pro_nombre_producto,pro_nombre_corto,med_id,emb_id,pro_unidades_embalaje,dep_id,lin_id,mar_id,pro_precio_compra_neto,pro_precio_compra_bruto,pro_precio_venta,pro_margen_actual,pro_oferta,pro_fecha_inicio_oferta,pro_fecha_termino_oferta,pro_precio_oferta,pro_stock_minimo,pro_stock_critico,pro_entradas_bodega,pro_salidas_bodega,pro_mermas_bodega,pro_ajustes_bodega,pro_entradas_sv,pro_salidas_sv,pro_mermas_sv,pro_ajustes_sv,pro_activo,rec_numero,pro_unidad,pro_capacidad,pro_consumo_bodega,pro_consumo_sv,pro_estado,pro_funcion_plu,pro_flejes,pro_iva,pro_plu_asociado,pro_envase,pro_duracion,pro_numero_etiqueta) VALUES (780721791,@@@780721791@@@,@@@0@@@,@@@COMETAS MEDIANOS @@@,@@@COMETAS MEDIANOS@@@,@@@1 @@@,@@@3 @@@,@@@0@@@,@@@23 @@@,@@@135@@@,@@@2507@@@,@@@0@@@,@@@0@@@,@@@1@@@,@@@0@@@,@@@@@@,@@@2013.09.07@@@,@@@2013.09.07@@@,@@@0@@@,@@@0@@@,@@@0@@@,@@@0@@@,@@@0@@@,@@@0@@@,@@@0@@@,@@@0@@@,@@@0@@@,@@@0@@@,@@@0@@@,@@@1@@@,@@@0@@@,0,1,0,0,2,0,1,1,0,@@@NO@@@,0,0)','',2,'2013-09-07'),(62496,'DELETE FROM mae_impuestos_productos WHERE pro_codigo_plu=@@@780721791@@@','',2,'2013-09-07'),(62497,'INSERT INTO gne_vale_ferreteria (vfe_id,vfe_fecha,vfe_total,vfe_estado,vfe_entregado,usu_nusuario) VALUES (10229,@@@2013.09.07@@@,100,1,0,@@@b_SAEZ@@@)','',2,'2013-09-07'),(62498,'INSERT INTO gne_vale_ferreteria_mov (vfe_id,pro_codigo_plu,vfm_cantidad,vfm_unitario,vfm_total,vfm_entregado) VALUES (10229,1542,1,100,100,@@@NO@@@)','',2,'2013-09-07'),(62499,'INSERT INTO gne_vale_ferreteria (vfe_id,vfe_fecha,vfe_total,vfe_estado,vfe_entregado,usu_nusuario) VALUES (10230,@@@2013.09.07@@@,540,1,0,@@@b_SAEZ@@@)','',2,'2013-09-07'),(62500,'INSERT INTO gne_vale_ferreteria_mov (vfe_id,pro_codigo_plu,vfm_cantidad,vfm_unitario,vfm_total,vfm_entregado) VALUES (10230,19916,1,540,540,@@@NO@@@)','',2,'2013-09-07'),(62501,'INSERT INTO gne_vale_ferreteria (vfe_id,vfe_fecha,vfe_total,vfe_estado,vfe_entregado,usu_nusuario) VALUES (10231,@@@2013.09.07@@@,120,1,0,@@@b_SAEZ@@@)','',2,'2013-09-07'),(62502,'INSERT INTO gne_vale_ferreteria_mov (vfe_id,pro_codigo_plu,vfm_cantidad,vfm_unitario,vfm_total,vfm_entregado) VALUES (10231,8022,1,120,120,@@@NO@@@)','',2,'2013-09-07'),(62503,'INSERT INTO gne_vale_ferreteria (vfe_id,vfe_fecha,vfe_total,vfe_estado,vfe_entregado,usu_nusuario) VALUES (10232,@@@2013.09.07@@@,300,1,0,@@@b_SAEZ@@@)','',2,'2013-09-07'),(62504,'INSERT INTO gne_vale_ferreteria_mov (vfe_id,pro_codigo_plu,vfm_cantidad,vfm_unitario,vfm_total,vfm_entregado) VALUES (10232,78017049,1,300,300,@@@NO@@@)','',2,'2013-09-07'),(62505,'INSERT INTO gne_vale_ferreteria (vfe_id,vfe_fecha,vfe_total,vfe_estado,vfe_entregado,usu_nusuario) VALUES (10233,@@@2013.09.07@@@,980,1,0,@@@b_SAEZ@@@)','',2,'2013-09-07'),(62506,'INSERT INTO gne_vale_ferreteria_mov (vfe_id,pro_codigo_plu,vfm_cantidad,vfm_unitario,vfm_total,vfm_entregado) VALUES (10233,764242,1,490,490,@@@NO@@@)','',2,'2013-09-07'),(62507,'INSERT INTO gne_vale_ferreteria_mov (vfe_id,pro_codigo_plu,vfm_cantidad,vfm_unitario,vfm_total,vfm_entregado) VALUES (10233,764224,1,490,490,@@@NO@@@)','',2,'2013-09-07'),(62508,'INSERT INTO gne_vale_ferreteria (vfe_id,vfe_fecha,vfe_total,vfe_estado,vfe_entregado,usu_nusuario) VALUES (10234,@@@2013.09.07@@@,1590,1,0,@@@b_SAEZ@@@)','',2,'2013-09-07'),(62509,'INSERT INTO gne_vale_ferreteria_mov (vfe_id,pro_codigo_plu,vfm_cantidad,vfm_unitario,vfm_total,vfm_entregado) VALUES (10234,780721639,1,1590,1590,@@@NO@@@)','',2,'2013-09-07'),(62510,'INSERT INTO gne_vale_ferreteria (vfe_id,vfe_fecha,vfe_total,vfe_estado,vfe_entregado,usu_nusuario) VALUES (10235,@@@2013.09.07@@@,4240,1,0,@@@b_SAEZ@@@)','',2,'2013-09-07'),(62511,'INSERT INTO gne_vale_ferreteria_mov (vfe_id,pro_codigo_plu,vfm_cantidad,vfm_unitario,vfm_total,vfm_entregado) VALUES (10235,763760,1,2590,2590,@@@NO@@@)','',2,'2013-09-07'),(62512,'INSERT INTO gne_vale_ferreteria_mov (vfe_id,pro_codigo_plu,vfm_cantidad,vfm_unitario,vfm_total,vfm_entregado) VALUES (10235,78017130,1,390,390,@@@NO@@@)','',2,'2013-09-07'),(62513,'INSERT INTO gne_vale_ferreteria_mov (vfe_id,pro_codigo_plu,vfm_cantidad,vfm_unitario,vfm_total,vfm_entregado) VALUES (10235,78017179,1,960,960,@@@NO@@@)','',2,'2013-09-07'),(62514,'INSERT INTO gne_vale_ferreteria_mov (vfe_id,pro_codigo_plu,vfm_cantidad,vfm_unitario,vfm_total,vfm_entregado) VALUES (10235,764297,1,300,300,@@@NO@@@)','',2,'2013-09-07'),(62515,'INSERT INTO gne_vale_ferreteria (vfe_id,vfe_fecha,vfe_total,vfe_estado,vfe_entregado,usu_nusuario) VALUES (10236,@@@2013.09.08@@@,1280,1,0,@@@b_SAEZ@@@)','',2,'2013-09-07'),(62516,'INSERT INTO gne_vale_ferreteria_mov (vfe_id,pro_codigo_plu,vfm_cantidad,vfm_unitario,vfm_total,vfm_entregado) VALUES (10236,2008,1,990,990,@@@NO@@@)','',2,'2013-09-07'),(62517,'INSERT INTO gne_vale_ferreteria_mov (vfe_id,pro_codigo_plu,vfm_cantidad,vfm_unitario,vfm_total,vfm_entregado) VALUES (10236,1559,1,290,290,@@@NO@@@)','',2,'2013-09-07'),(62518,'INSERT INTO gne_vale_ferreteria (vfe_id,vfe_fecha,vfe_total,vfe_estado,vfe_entregado,usu_nusuario) VALUES (10237,@@@2013.09.08@@@,1180,1,0,@@@b_SAEZ@@@)','',2,'2013-09-07'),(62519,'INSERT INTO gne_vale_ferreteria_mov (vfe_id,pro_codigo_plu,vfm_cantidad,vfm_unitario,vfm_total,vfm_entregado) VALUES (10237,262241,2,590,1180,@@@NO@@@)','',2,'2013-09-07'),(62520,'INSERT INTO gne_vale_ferreteria (vfe_id,vfe_fecha,vfe_total,vfe_estado,vfe_entregado,usu_nusuario) VALUES (10238,@@@2013.09.08@@@,2400,1,0,@@@b_SAEZ@@@)','',2,'2013-09-07'),(62521,'INSERT INTO gne_vale_ferreteria_mov (vfe_id,pro_codigo_plu,vfm_cantidad,vfm_unitario,vfm_total,vfm_entregado) VALUES (10238,764766,20,120,2400,@@@NO@@@)','',2,'2013-09-07'),(62522,'INSERT INTO gne_vale_ferreteria (vfe_id,vfe_fecha,vfe_total,vfe_estado,vfe_entregado,usu_nusuario) VALUES (10239,@@@2013.09.08@@@,390,1,0,@@@b_SAEZ@@@)','',2,'2013-09-07'),(62523,'INSERT INTO gne_vale_ferreteria_mov (vfe_id,pro_codigo_plu,vfm_cantidad,vfm_unitario,vfm_total,vfm_entregado) VALUES (10239,2025,1,390,390,@@@NO@@@)','',2,'2013-09-07'),(62524,'INSERT INTO gne_vale_ferreteria (vfe_id,vfe_fecha,vfe_total,vfe_estado,vfe_entregado,usu_nusuario) VALUES (10240,@@@2013.09.08@@@,3350,1,0,@@@b_SAEZ@@@)','',2,'2013-09-07'),(62525,'INSERT INTO gne_vale_ferreteria_mov (vfe_id,pro_codigo_plu,vfm_cantidad,vfm_unitario,vfm_total,vfm_entregado) VALUES (10240,4131,9,150,1350,@@@NO@@@)','',2,'2013-09-07'),(62526,'INSERT INTO gne_vale_ferreteria_mov (vfe_id,pro_codigo_plu,vfm_cantidad,vfm_unitario,vfm_total,vfm_entregado) VALUES (10240,4096,8,250,2000,@@@NO@@@)','',2,'2013-09-07'),(62527,'INSERT INTO gne_vale_ferreteria (vfe_id,vfe_fecha,vfe_total,vfe_estado,vfe_entregado,usu_nusuario) VALUES (10241,@@@2013.09.08@@@,4990,1,0,@@@b_SAEZ@@@)','',2,'2013-09-07'),(62528,'INSERT INTO gne_vale_ferreteria_mov (vfe_id,pro_codigo_plu,vfm_cantidad,vfm_unitario,vfm_total,vfm_entregado) VALUES (10241,780721435,1,4990,4990,@@@NO@@@)','',2,'2013-09-07'),(62529,'INSERT INTO com_ventas_grupo (vgr_fecha,vgr_grupo,vgr_cantidad,vgr_total) VALUES (@@@2013.09.06@@@,1,277.965,211620)','',2,'2013-09-07'),(62530,'INSERT INTO com_ventas_grupo (vgr_fecha,vgr_grupo,vgr_cantidad,vgr_total) VALUES (@@@2013.09.06@@@,2,204,131095)','',2,'2013-09-07'),(62531,'INSERT INTO com_ventas_grupo (vgr_fecha,vgr_grupo,vgr_cantidad,vgr_total) VALUES (@@@2013.09.06@@@,3,277,59352)','',2,'2013-09-07'),(62532,'INSERT INTO com_ventas_grupo (vgr_fecha,vgr_grupo,vgr_cantidad,vgr_total) VALUES (@@@2013.09.06@@@,4,133,117000)','',2,'2013-09-07'),(62533,'INSERT INTO com_ventas_grupo (vgr_fecha,vgr_grupo,vgr_cantidad,vgr_total) VALUES (@@@2013.09.06@@@,5,5,21686)','',2,'2013-09-07'),(62534,'INSERT INTO com_ventas_grupo (vgr_fecha,vgr_grupo,vgr_cantidad,vgr_total) VALUES (@@@2013.09.06@@@,6,43,85878)','',2,'2013-09-07'),(62535,'INSERT INTO com_ventas_grupo (vgr_fecha,vgr_grupo,vgr_cantidad,vgr_total) VALUES (@@@2013.09.06@@@,7,137,265627)','',2,'2013-09-07'),(62536,'INSERT INTO com_ventas_grupo (vgr_fecha,vgr_grupo,vgr_cantidad,vgr_total) VALUES (@@@2013.09.06@@@,8,30,18740)','',2,'2013-09-07'),(62537,'INSERT INTO com_ventas_grupo (vgr_fecha,vgr_grupo,vgr_cantidad,vgr_total) VALUES (@@@2013.09.06@@@,9,99.575,180459)','',2,'2013-09-07'),(62538,'INSERT INTO com_ventas_grupo (vgr_fecha,vgr_grupo,vgr_cantidad,vgr_total) VALUES (@@@2013.09.06@@@,10,66.105,216403)','',2,'2013-09-07'),(62539,'INSERT INTO com_ventas_grupo (vgr_fecha,vgr_grupo,vgr_cantidad,vgr_total) VALUES (@@@2013.09.06@@@,11,50,150566)','',2,'2013-09-07'),(62540,'INSERT INTO com_ventas_grupo (vgr_fecha,vgr_grupo,vgr_cantidad,vgr_total) VALUES (@@@2013.09.06@@@,12,40.385,71652)','',2,'2013-09-07'),(62541,'INSERT INTO com_ventas_grupo (vgr_fecha,vgr_grupo,vgr_cantidad,vgr_total) VALUES (@@@2013.09.06@@@,13,19.305,36141)','',2,'2013-09-07'),(62542,'INSERT INTO com_ventas_grupo (vgr_fecha,vgr_grupo,vgr_cantidad,vgr_total) VALUES (@@@2013.09.06@@@,14,93.73,86426)','',2,'2013-09-07'),